76.182.64.28 - - [05/Aug/2009:07:07:45 -0400] "GET /images/head_btn-space1.gif HTTP/1.1" 200 5036 "https://www.aceonlinestore.com/cgi-bin/lansaweb?procfun+wordpr01+webfunc+M37+funcparms+WEBKEY(A0100):CSTSIGN+WEBCSTWRK(A0070):0098861" "Mozilla/4.0 (compatible; MSIE 7.0; Windows NT 6.0; SLCC1; .NET CLR 2.0.50727; Media Center PC 5.0; .NET CLR 3.5.30729; .NET CLR 3.0.30618)"
76.182.64.28 - - [05/Aug/2009:07:07:46 -0400] "GET /images/head_surgical-supply.gif HTTP/1.1" 200 764 "https://www.aceonlinestore.com/cgi-bin/lansaweb?procfun+wordpr01+webfunc+M37+funcparms+WEBKEY(A0100):CSTSIGN+WEBCSTWRK(A0070):0098861" "Mozilla/4.0 (compatible; MSIE 7.0; Windows NT 6.0; SLCC1; .NET CLR 2.0.50727; Media Center PC 5.0; .NET CLR 3.5.30729; .NET CLR 3.0.30618)"
76.182.64.28 - - [05/Aug/2009:07:07:46 -0400] "GET /images/head_btn-aboutUs.gif HTTP/1.1" 200 1459 "https://www.aceonlinestore.com/cgi-bin/lansaweb?procfun+wordpr01+webfunc+M37+funcparms+WEBKEY(A0100):CSTSIGN+WEBCSTWRK(A0070):0098861" "Mozilla/4.0 (compatible; MSIE 7.0; Windows NT 6.0; SLCC1; .NET CLR 2.0.50727; Media Center PC 5.0; .NET CLR 3.5.30729; .NET CLR 3.0.30618)"
76.182.64.28 - - [05/Aug/2009:07:07:46 -0400] "GET /images/head_btn-tutorials.gif HTTP/1.1" 200 1160 "https://www.aceonlinestore.com/cgi-bin/lansaweb?procfun+wordpr01+webfunc+M37+funcparms+WEBKEY(A0100):CSTSIGN+WEBCSTWRK(A0070):0098861" "Mozilla/4.0 (compatible; MSIE 7.0; Windows NT 6.0; SLCC1; .NET CLR 2.0.50727; Media Center PC 5.0; .NET CLR 3.5.30729; .NET CLR 3.0.30618)"
76.182.64.28 - - [05/Aug/2009:07:07:46 -0400] "GET /images/head_btn-seminars.gif HTTP/1.1" 200 1250 "https://www.aceonlinestore.com/cgi-bin/lansaweb?procfun+wordpr01+webfunc+M37+funcparms+WEBKEY(A0100):CSTSIGN+WEBCSTWRK(A0070):0098861" "Mozilla/4.0 (compatible; MSIE 7.0; Windows NT 6.0; SLCC1; .NET CLR 2.0.50727; Media Center PC 5.0; .NET CLR 3.5.30729; .NET CLR 3.0.30618)"
76.182.64.28 - - [05/Aug/2009:07:07:46 -0400] "GET /images/head_btn-conventions.gif HTTP/1.1" 200 1367 "https://www.aceonlinestore.com/cgi-bin/lansaweb?procfun+wordpr01+webfunc+M37+funcparms+WEBKEY(A0100):CSTSIGN+WEBCSTWRK(A0070):0098861" "Mozilla/4.0 (compatible; MSIE 7.0; Windows NT 6.0; SLCC1; .NET CLR 2.0.50727; Media Center PC 5.0; .NET CLR 3.5.30729; .NET CLR 3.0.30618)"
76.182.64.28 - - [05/Aug/2009:07:07:46 -0400] "GET /images/head_btn-contactUs.gif HTTP/1.1" 200 1235 "https://www.aceonlinestore.com/cgi-bin/lansaweb?procfun+wordpr01+webfunc+M37+funcparms+WEBKEY(A0100):CSTSIGN+WEBCSTWRK(A0070):0098861" "Mozilla/4.0 (compatible; MSIE 7.0; Windows NT 6.0; SLCC1; .NET CLR 2.0.50727; Media Center PC 5.0; .NET CLR 3.5.30729; .NET CLR 3.0.30618)"
76.182.64.28 - - [05/Aug/2009:07:07:46 -0400] "GET /images/head_btn-spacer2.gif HTTP/1.1" 200 2237 "https://www.aceonlinestore.com/cgi-bin/lansaweb?procfun+wordpr01+webfunc+M37+funcparms+WEBKEY(A0100):CSTSIGN+WEBCSTWRK(A0070):0098861" "Mozilla/4.0 (compatible; MSIE 7.0; Windows NT 6.0; SLCC1; .NET CLR 2.0.50727; Media Center PC 5.0; .NET CLR 3.5.30729; .NET CLR 3.0.30618)"
76.182.64.28 - - [05/Aug/2009:07:07:46 -0400] "GET /images/blend.jpg HTTP/1.1" 200 405 "https://www.aceonlinestore.com/cgi-bin/lansaweb?procfun+wordpr01+webfunc+M37+funcparms+WEBKEY(A0100):CSTSIGN+WEBCSTWRK(A0070):0098861" "Mozilla/4.0 (compatible; MSIE 7.0; Windows NT 6.0; SLCC1; .NET CLR 2.0.50727; Media Center PC 5.0; .NET CLR 3.5.30729; .NET CLR 3.0.30618)"
76.182.64.28 - - [05/Aug/2009:07:07:46 -0400] "GET /images/psearch_go.gif HTTP/1.1" 200 296 "https://www.aceonlinestore.com/cgi-bin/lansaweb?procfun+wordpr01+webfunc+M37+funcparms+WEBKEY(A0100):CSTSIGN+WEBCSTWRK(A0070):0098861" "Mozilla/4.0 (compatible; MSIE 7.0; Windows NT 6.0; SLCC1; .NET CLR 2.0.50727; Media Center PC 5.0; .NET CLR 3.5.30729; .NET CLR 3.0.30618)"
76.182.64.28 - - [05/Aug/2009:07:07:47 -0400] "GET /favicon.ico HTTP/1.1" 404 209 "-" "Mozilla/4.0 (compatible; MSIE 7.0; Windows NT 6.0; SLCC1; .NET CLR 2.0.50727; Media Center PC 5.0; .NET CLR 3.5.30729; .NET CLR 3.0.30618)"
76.182.64.28 - - [05/Aug/2009:07:07:47 -0400] "GET /images/head_aceLogo-over.gif HTTP/1.1" 200 1296 "https://www.aceonlinestore.com/cgi-bin/lansaweb?procfun+wordpr01+webfunc+M37+funcparms+WEBKEY(A0100):CSTSIGN+WEBCSTWRK(A0070):0098861" "Mozilla/4.0 (compatible; MSIE 7.0; Windows NT 6.0; SLCC1; .NET CLR 2.0.50727; Media Center PC 5.0; .NET CLR 3.5.30729; .NET CLR 3.0.30618)"
76.182.64.28 - - [05/Aug/2009:07:07:47 -0400] "GET /images/head_btn-shop-over.gif HTTP/1.1" 200 1473 "https://www.aceonlinestore.com/cgi-bin/lansaweb?procfun+wordpr01+webfunc+M37+funcparms+WEBKEY(A0100):CSTSIGN+WEBCSTWRK(A0070):0098861" "Mozilla/4.0 (compatible; MSIE 7.0; Windows NT 6.0; SLCC1; .NET CLR 2.0.50727; Media Center PC 5.0; .NET CLR 3.5.30729; .NET CLR 3.0.30618)"
76.182.64.28 - - [05/Aug/2009:07:07:47 -0400] "GET /images/head_btn-products-over.gif HTTP/1.1" 200 1396 "https://www.aceonlinestore.com/cgi-bin/lansaweb?procfun+wordpr01+webfunc+M37+funcparms+WEBKEY(A0100):CSTSIGN+WEBCSTWRK(A0070):0098861" "Mozilla/4.0 (compatible; MSIE 7.0; Windows NT 6.0; SLCC1; .NET CLR 2.0.50727; Media Center PC 5.0; .NET CLR 3.5.30729; .NET CLR 3.0.30618)"
76.182.64.28 - - [05/Aug/2009:07:07:47 -0400] "GET /images/head_btn-catalog-over.gif HTTP/1.1" 200 1354 "https://www.aceonlinestore.com/cgi-bin/lansaweb?procfun+wordpr01+webfunc+M37+funcparms+WEBKEY(A0100):CSTSIGN+WEBCSTWRK(A0070):0098861" "Mozilla/4.0 (compatible; MSIE 7.0; Windows NT 6.0; SLCC1; .NET CLR 2.0.50727; Media Center PC 5.0; .NET CLR 3.5.30729; .NET CLR 3.0.30618)"
76.182.64.28 - - [05/Aug/2009:07:07:47 -0400] "GET /images/head_btn-brochures-over.gif HTTP/1.1" 200 1392 "https://www.aceonlinestore.com/cgi-bin/lansaweb?procfun+wordpr01+webfunc+M37+funcparms+WEBKEY(A0100):CSTSIGN+WEBCSTWRK(A0070):0098861" "Mozilla/4.0 (compatible; MSIE 7.0; Windows NT 6.0; SLCC1; .NET CLR 2.0.50727; Media Center PC 5.0; .NET CLR 3.5.30729; .NET CLR 3.0.30618)"
76.182.64.28 - - [05/Aug/2009:07:07:47 -0400] "GET /images/head_btn-aboutUs-over.gif HTTP/1.1" 200 1156 "https://www.aceonlinestore.com/cgi-bin/lansaweb?procfun+wordpr01+webfunc+M37+funcparms+WEBKEY(A0100):CSTSIGN+WEBCSTWRK(A0070):0098861" "Mozilla/4.0 (compatible; MSIE 7.0; Windows NT 6.0; SLCC1; .NET CLR 2.0.50727; Media Center PC 5.0; .NET CLR 3.5.30729; .NET CLR 3.0.30618)"
76.182.64.28 - - [05/Aug/2009:07:07:47 -0400] "GET /images/head_btn-tutorials-over.gif HTTP/1.1" 200 1097 "https://www.aceonlinestore.com/cgi-bin/lansaweb?procfun+wordpr01+webfunc+M37+funcparms+WEBKEY(A0100):CSTSIGN+WEBCSTWRK(A0070):0098861" "Mozilla/4.0 (compatible; MSIE 7.0; Windows NT 6.0; SLCC1; .NET CLR 2.0.50727; Media Center PC 5.0; .NET CLR 3.5.30729; .NET CLR 3.0.30618)"
218.55.227.145 - - [05/Aug/2009:07:07:47 -0400] "GET //modules/newbb_plus/class/forumpollrenderer.php?bbPath[path]=http://www.karjatie.fi/readme.txt?? HTTP/1.1" 404 245 "-" "libwww-perl/5.79"
76.182.64.28 - - [05/Aug/2009:07:07:47 -0400] "GET /images/head_btn-seminars-over.gif HTTP/1.1" 200 1089 "https://www.aceonlinestore.com/cgi-bin/lansaweb?procfun+wordpr01+webfunc+M37+funcparms+WEBKEY(A0100):CSTSIGN+WEBCSTWRK(A0070):0098861" "Mozilla/4.0 (compatible; MSIE 7.0; Windows NT 6.0; SLCC1; .NET CLR 2.0.50727; Media Center PC 5.0; .NET CLR 3.5.30729; .NET CLR 3.0.30618)"
76.182.64.28 - - [05/Aug/2009:07:07:47 -0400] "GET /images/head_btn-conventions-over.gif HTTP/1.1" 200 1195 "https://www.aceonlinestore.com/cgi-bin/lansaweb?procfun+wordpr01+webfunc+M37+funcparms+WEBKEY(A0100):CSTSIGN+WEBCSTWRK(A0070):0098861" "Mozilla/4.0 (compatible; MSIE 7.0; Windows NT 6.0; SLCC1; .NET CLR 2.0.50727; Media Center PC 5.0; .NET CLR 3.5.30729; .NET CLR 3.0.30618)"
76.182.64.28 - - [05/Aug/2009:07:07:48 -0400] "GET /images/head_btn-contactUs-over.gif HTTP/1.1" 200 1110 "https://www.aceonlinestore.com/cgi-bin/lansaweb?procfun+wordpr01+webfunc+M37+funcparms+WEBKEY(A0100):CSTSIGN+WEBCSTWRK(A0070):0098861" "Mozilla/4.0 (compatible; MSIE 7.0; Windows NT 6.0; SLCC1; .NET CLR 2.0.50727; Media Center PC 5.0; .NET CLR 3.5.30729; .NET CLR 3.0.30618)"
76.182.64.28 - - [05/Aug/2009:07:07:51 -0400] "POST /CGI-BIN/LANSAWEB?WEBEVENT+L0195E64B43050600D333063+M37+ENG HTTP/1.1" 200 76686 "https://www.aceonlinestore.com/cgi-bin/lansaweb?procfun+wordpr01+webfunc+M37+funcparms+WEBKEY(A0100):CSTSIGN+WEBCSTWRK(A0070):0098861" "Mozilla/4.0 (compatible; MSIE 7.0; Windows NT 6.0; SLCC1; .NET CLR 2.0.50727; Media Center PC 5.0; .NET CLR 3.5.30729; .NET CLR 3.0.30618)"
76.182.64.28 - - [05/Aug/2009:07:07:54 -0400] "GET /images/cat_link.gif HTTP/1.1" 200 46 "https://www.aceonlinestore.com/CGI-BIN/LANSAWEB?WEBEVENT+L0195E64B43050600D333063+M37+ENG" "Mozilla/4.0 (compatible; MSIE 7.0; Windows NT 6.0; SLCC1; .NET CLR 2.0.50727; Media Center PC 5.0; .NET CLR 3.5.30729; .NET CLR 3.0.30618)"
76.182.64.28 - - [05/Aug/2009:07:07:54 -0400] "GET /images/cat_dot.gif HTTP/1.1" 200 45 "https://www.aceonlinestore.com/CGI-BIN/LANSAWEB?WEBEVENT+L0195E64B43050600D333063+M37+ENG" "Mozilla/4.0 (compatible; MSIE 7.0; Windows NT 6.0; SLCC1; .NET CLR 2.0.50727; Media Center PC 5.0; .NET CLR 3.5.30729; .NET CLR 3.0.30618)"
76.182.64.28 - - [05/Aug/2009:07:07:54 -0400] "GET /images/cat_expand.gif HTTP/1.1" 200 79 "https://www.aceonlinestore.com/CGI-BIN/LANSAWEB?WEBEVENT+L0195E64B43050600D333063+M37+ENG" "Mozilla/4.0 (compatible; MSIE 7.0; Windows NT 6.0; SLCC1; .NET CLR 2.0.50727; Media Center PC 5.0; .NET CLR 3.5.30729; .NET CLR 3.0.30618)"
76.182.64.28 - - [05/Aug/2009:07:08:00 -0400] "GET /images/cat_collapse.gif HTTP/1.1" 200 76 "https://www.aceonlinestore.com/CGI-BIN/LANSAWEB?WEBEVENT+L0195E64B43050600D333063+M37+ENG" "Mozilla/4.0 (compatible; MSIE 7.0; Windows NT 6.0; SLCC1; .NET CLR 2.0.50727; Media Center PC 5.0; .NET CLR 3.5.30729; .NET CLR 3.0.30618)"
76.182.64.28 - - [05/Aug/2009:07:08:04 -0400] "POST /CGI-BIN/LANSAWEB?WEBEVENT+L0195E6434A955600E513063+M37+ENG HTTP/1.1" 200 67776 "-" "Mozilla/4.0 (compatible; MSIE 7.0; Windows NT 6.0; SLCC1; .NET CLR 2.0.50727; Media Center PC 5.0; .NET CLR 3.5.30729; .NET CLR 3.0.30618)"
76.182.64.28 - - [05/Aug/2009:07:08:06 -0400] "GET /images/head_aceLogo.gif HTTP/1.1" 200 984 "http://www.aceonlinestore.com/CGI-BIN/LANSAWEB?WEBEVENT+L0195E6434A955600E513063+M37+ENG" "Mozilla/4.0 (compatible; MSIE 7.0; Windows NT 6.0; SLCC1; .NET CLR 2.0.50727; Media Center PC 5.0; .NET CLR 3.5.30729; .NET CLR 3.0.30618)"
76.182.64.28 - - [05/Aug/2009:07:08:06 -0400] "GET /images/head_btn-shop.gif HTTP/1.1" 200 1970 "http://www.aceonlinestore.com/CGI-BIN/LANSAWEB?WEBEVENT+L0195E6434A955600E513063+M37+ENG" "Mozilla/4.0 (compatible; MSIE 7.0; Windows NT 6.0; SLCC1; .NET CLR 2.0.50727; Media Center PC 5.0; .NET CLR 3.5.30729; .NET CLR 3.0.30618)"
76.182.64.28 - - [05/Aug/2009:07:08:06 -0400] "GET /images/head_btn-products.gif HTTP/1.1" 200 1531 "http://www.aceonlinestore.com/CGI-BIN/LANSAWEB?WEBEVENT+L0195E6434A955600E513063+M37+ENG" "Mozilla/4.0 (compatible; MSIE 7.0; Windows NT 6.0; SLCC1; .NET CLR 2.0.50727; Media Center PC 5.0; .NET CLR 3.5.30729; .NET CLR 3.0.30618)"
76.182.64.28 - - [05/Aug/2009:07:08:06 -0400] "GET /images/head_btn-catalogs.gif HTTP/1.1" 200 1729 "http://www.aceonlinestore.com/CGI-BIN/LANSAWEB?WEBEVENT+L0195E6434A955600E513063+M37+ENG" "Mozilla/4.0 (compatible; MSIE 7.0; Windows NT 6.0; SLCC1; .NET CLR 2.0.50727; Media Center PC 5.0; .NET CLR 3.5.30729; .NET CLR 3.0.30618)"
76.182.64.28 - - [05/Aug/2009:07:08:06 -0400] "GET /images/head_btn-brochures.gif HTTP/1.1" 200 1768 "http://www.aceonlinestore.com/CGI-BIN/LANSAWEB?WEBEVENT+L0195E6434A955600E513063+M37+ENG" "Mozilla/4.0 (compatible; MSIE 7.0; Windows NT 6.0; SLCC1; .NET CLR 2.0.50727; Media Center PC 5.0; .NET CLR 3.5.30729; .NET CLR 3.0.30618)"
76.182.64.28 - - [05/Aug/2009:07:08:06 -0400] "GET /images/head_btn-space1.gif HTTP/1.1" 200 5036 "http://www.aceonlinestore.com/CGI-BIN/LANSAWEB?WEBEVENT+L0195E6434A955600E513063+M37+ENG" "Mozilla/4.0 (compatible; MSIE 7.0; Windows NT 6.0; SLCC1; .NET CLR 2.0.50727; Media Center PC 5.0; .NET CLR 3.5.30729; .NET CLR 3.0.30618)"
76.182.64.28 - - [05/Aug/2009:07:08:06 -0400] "GET /images/head_surgical-supply.gif HTTP/1.1" 200 764 "http://www.aceonlinestore.com/CGI-BIN/LANSAWEB?WEBEVENT+L0195E6434A955600E513063+M37+ENG" "Mozilla/4.0 (compatible; MSIE 7.0; Windows NT 6.0; SLCC1; .NET CLR 2.0.50727; Media Center PC 5.0; .NET CLR 3.5.30729; .NET CLR 3.0.30618)"
76.182.64.28 - - [05/Aug/2009:07:08:06 -0400] "GET /images/head_btn-aboutUs.gif HTTP/1.1" 200 1459 "http://www.aceonlinestore.com/CGI-BIN/LANSAWEB?WEBEVENT+L0195E6434A955600E513063+M37+ENG" "Mozilla/4.0 (compatible; MSIE 7.0; Windows NT 6.0; SLCC1; .NET CLR 2.0.50727; Media Center PC 5.0; .NET CLR 3.5.30729; .NET CLR 3.0.30618)"
76.182.64.28 - - [05/Aug/2009:07:08:06 -0400] "GET /images/head_btn-tutorials.gif HTTP/1.1" 200 1160 "http://www.aceonlinestore.com/CGI-BIN/LANSAWEB?WEBEVENT+L0195E6434A955600E513063+M37+ENG" "Mozilla/4.0 (compatible; MSIE 7.0; Windows NT 6.0; SLCC1; .NET CLR 2.0.50727; Media Center PC 5.0; .NET CLR 3.5.30729; .NET CLR 3.0.30618)"
76.182.64.28 - - [05/Aug/2009:07:08:06 -0400] "GET /images/head_btn-conventions.gif HTTP/1.1" 200 1367 "http://www.aceonlinestore.com/CGI-BIN/LANSAWEB?WEBEVENT+L0195E6434A955600E513063+M37+ENG" "Mozilla/4.0 (compatible; MSIE 7.0; Windows NT 6.0; SLCC1; .NET CLR 2.0.50727; Media Center PC 5.0; .NET CLR 3.5.30729; .NET CLR 3.0.30618)"
76.182.64.28 - - [05/Aug/2009:07:08:06 -0400] "GET /images/head_btn-seminars.gif HTTP/1.1" 200 1250 "http://www.aceonlinestore.com/CGI-BIN/LANSAWEB?WEBEVENT+L0195E6434A955600E513063+M37+ENG" "Mozilla/4.0 (compatible; MSIE 7.0; Windows NT 6.0; SLCC1; .NET CLR 2.0.50727; Media Center PC 5.0; .NET CLR 3.5.30729; .NET CLR 3.0.30618)"
76.182.64.28 - - [05/Aug/2009:07:08:07 -0400] "GET /images/head_btn-contactUs.gif HTTP/1.1" 200 1235 "http://www.aceonlinestore.com/CGI-BIN/LANSAWEB?WEBEVENT+L0195E6434A955600E513063+M37+ENG" "Mozilla/4.0 (compatible; MSIE 7.0; Windows NT 6.0; SLCC1; .NET CLR 2.0.50727; Media Center PC 5.0; .NET CLR 3.5.30729; .NET CLR 3.0.30618)"
76.182.64.28 - - [05/Aug/2009:07:08:07 -0400] "GET /images/head_btn-spacer2.gif HTTP/1.1" 200 2237 "http://www.aceonlinestore.com/CGI-BIN/LANSAWEB?WEBEVENT+L0195E6434A955600E513063+M37+ENG" "Mozilla/4.0 (compatible; MSIE 7.0; Windows NT 6.0; SLCC1; .NET CLR 2.0.50727; Media Center PC 5.0; .NET CLR 3.5.30729; .NET CLR 3.0.30618)"
76.182.64.28 - - [05/Aug/2009:07:08:07 -0400] "GET /images/blend.jpg HTTP/1.1" 200 405 "http://www.aceonlinestore.com/CGI-BIN/LANSAWEB?WEBEVENT+L0195E6434A955600E513063+M37+ENG" "Mozilla/4.0 (compatible; MSIE 7.0; Windows NT 6.0; SLCC1; .NET CLR 2.0.50727; Media Center PC 5.0; .NET CLR 3.5.30729; .NET CLR 3.0.30618)"
76.182.64.28 - - [05/Aug/2009:07:08:07 -0400] "GET /images/pf-a.gif HTTP/1.1" 200 798 "http://www.aceonlinestore.com/CGI-BIN/LANSAWEB?WEBEVENT+L0195E6434A955600E513063+M37+ENG" "Mozilla/4.0 (compatible; MSIE 7.0; Windows NT 6.0; SLCC1; .NET CLR 2.0.50727; Media Center PC 5.0; .NET CLR 3.5.30729; .NET CLR 3.0.30618)"
76.182.64.28 - - [05/Aug/2009:07:08:07 -0400] "GET /images/addtocart.gif HTTP/1.1" 200 591 "http://www.aceonlinestore.com/CGI-BIN/LANSAWEB?WEBEVENT+L0195E6434A955600E513063+M37+ENG" "Mozilla/4.0 (compatible; MSIE 7.0; Windows NT 6.0; SLCC1; .NET CLR 2.0.50727; Media Center PC 5.0; .NET CLR 3.5.30729; .NET CLR 3.0.30618)"
76.182.64.28 - - [05/Aug/2009:07:08:07 -0400] "GET /images/fav_a-a.gif HTTP/1.1" 200 281 "http://www.aceonlinestore.com/CGI-BIN/LANSAWEB?WEBEVENT+L0195E6434A955600E513063+M37+ENG" "Mozilla/4.0 (compatible; MSIE 7.0; Windows NT 6.0; SLCC1; .NET CLR 2.0.50727; Media Center PC 5.0; .NET CLR 3.5.30729; .NET CLR 3.0.30618)"
76.182.64.28 - - [05/Aug/2009:07:08:07 -0400] "GET /images/space.gif HTTP/1.1" 200 43 "http://www.aceonlinestore.com/CGI-BIN/LANSAWEB?WEBEVENT+L0195E6434A955600E513063+M37+ENG" "Mozilla/4.0 (compatible; MSIE 7.0; Windows NT 6.0; SLCC1; .NET CLR 2.0.50727; Media Center PC 5.0; .NET CLR 3.5.30729; .NET CLR 3.0.30618)"
76.182.64.28 - - [05/Aug/2009:07:08:07 -0400] "GET /images/next.gif HTTP/1.1" 200 249 "http://www.aceonlinestore.com/CGI-BIN/LANSAWEB?WEBEVENT+L0195E6434A955600E513063+M37+ENG" "Mozilla/4.0 (compatible; MSIE 7.0; Windows NT 6.0; SLCC1; .NET CLR 2.0.50727; Media Center PC 5.0; .NET CLR 3.5.30729; .NET CLR 3.0.30618)"
76.182.64.28 - - [05/Aug/2009:07:08:07 -0400] "GET /favicon.ico HTTP/1.1" 404 209 "-" "Mozilla/4.0 (compatible; MSIE 7.0; Windows NT 6.0; SLCC1; .NET CLR 2.0.50727; Media Center PC 5.0; .NET CLR 3.5.30729; .NET CLR 3.0.30618)"
76.182.64.28 - - [05/Aug/2009:07:08:07 -0400] "GET /images/head_aceLogo-over.gif HTTP/1.1" 200 1296 "http://www.aceonlinestore.com/CGI-BIN/LANSAWEB?WEBEVENT+L0195E6434A955600E513063+M37+ENG" "Mozilla/4.0 (compatible; MSIE 7.0; Windows NT 6.0; SLCC1; .NET CLR 2.0.50727; Media Center PC 5.0; .NET CLR 3.5.30729; .NET CLR 3.0.30618)"
76.182.64.28 - - [05/Aug/2009:07:08:07 -0400] "GET /images/head_btn-shop-over.gif HTTP/1.1" 200 1473 "http://www.aceonlinestore.com/CGI-BIN/LANSAWEB?WEBEVENT+L0195E6434A955600E513063+M37+ENG" "Mozilla/4.0 (compatible; MSIE 7.0; Windows NT 6.0; SLCC1; .NET CLR 2.0.50727; Media Center PC 5.0; .NET CLR 3.5.30729; .NET CLR 3.0.30618)"
76.182.64.28 - - [05/Aug/2009:07:08:07 -0400] "GET /images/head_btn-products-over.gif HTTP/1.1" 200 1396 "http://www.aceonlinestore.com/CGI-BIN/LANSAWEB?WEBEVENT+L0195E6434A955600E513063+M37+ENG" "Mozilla/4.0 (compatible; MSIE 7.0; Windows NT 6.0; SLCC1; .NET CLR 2.0.50727; Media Center PC 5.0; .NET CLR 3.5.30729; .NET CLR 3.0.30618)"
76.182.64.28 - - [05/Aug/2009:07:08:07 -0400] "GET /images/head_btn-brochures-over.gif HTTP/1.1" 200 1392 "http://www.aceonlinestore.com/CGI-BIN/LANSAWEB?WEBEVENT+L0195E6434A955600E513063+M37+ENG" "Mozilla/4.0 (compatible; MSIE 7.0; Windows NT 6.0; SLCC1; .NET CLR 2.0.50727; Media Center PC 5.0; .NET CLR 3.5.30729; .NET CLR 3.0.30618)"
76.182.64.28 - - [05/Aug/2009:07:08:07 -0400] "GET /images/head_btn-catalog-over.gif HTTP/1.1" 200 1354 "http://www.aceonlinestore.com/CGI-BIN/LANSAWEB?WEBEVENT+L0195E6434A955600E513063+M37+ENG" "Mozilla/4.0 (compatible; MSIE 7.0; Windows NT 6.0; SLCC1; .NET CLR 2.0.50727; Media Center PC 5.0; .NET CLR 3.5.30729; .NET CLR 3.0.30618)"
76.182.64.28 - - [05/Aug/2009:07:08:07 -0400] "GET /images/head_btn-aboutUs-over.gif HTTP/1.1" 200 1156 "http://www.aceonlinestore.com/CGI-BIN/LANSAWEB?WEBEVENT+L0195E6434A955600E513063+M37+ENG" "Mozilla/4.0 (compatible; MSIE 7.0; Windows NT 6.0; SLCC1; .NET CLR 2.0.50727; Media Center PC 5.0; .NET CLR 3.5.30729; .NET CLR 3.0.30618)"
76.182.64.28 - - [05/Aug/2009:07:08:08 -0400] "GET /images/head_btn-tutorials-over.gif HTTP/1.1" 200 1097 "http://www.aceonlinestore.com/CGI-BIN/LANSAWEB?WEBEVENT+L0195E6434A955600E513063+M37+ENG" "Mozilla/4.0 (compatible; MSIE 7.0; Windows NT 6.0; SLCC1; .NET CLR 2.0.50727; Media Center PC 5.0; .NET CLR 3.5.30729; .NET CLR 3.0.30618)"
76.182.64.28 - - [05/Aug/2009:07:08:08 -0400] "GET /images/head_btn-seminars-over.gif HTTP/1.1" 200 1089 "http://www.aceonlinestore.com/CGI-BIN/LANSAWEB?WEBEVENT+L0195E6434A955600E513063+M37+ENG" "Mozilla/4.0 (compatible; MSIE 7.0; Windows NT 6.0; SLCC1; .NET CLR 2.0.50727; Media Center PC 5.0; .NET CLR 3.5.30729; .NET CLR 3.0.30618)"
76.182.64.28 - - [05/Aug/2009:07:08:08 -0400] "GET /images/head_btn-conventions-over.gif HTTP/1.1" 200 1195 "http://www.aceonlinestore.com/CGI-BIN/LANSAWEB?WEBEVENT+L0195E6434A955600E513063+M37+ENG" "Mozilla/4.0 (compatible; MSIE 7.0; Windows NT 6.0; SLCC1; .NET CLR 2.0.50727; Media Center PC 5.0; .NET CLR 3.5.30729; .NET CLR 3.0.30618)"
76.182.64.28 - - [05/Aug/2009:07:08:08 -0400] "GET /images/head_btn-contactUs-over.gif HTTP/1.1" 200 1110 "http://www.aceonlinestore.com/CGI-BIN/LANSAWEB?WEBEVENT+L0195E6434A955600E513063+M37+ENG" "Mozilla/4.0 (compatible; MSIE 7.0; Windows NT 6.0; SLCC1; .NET CLR 2.0.50727; Media Center PC 5.0; .NET CLR 3.5.30729; .NET CLR 3.0.30618)"
217.67.239.230 - - [05/Aug/2009:07:08:23 -0400] "GET /logs/access_log.Q109062800//mambots/content/multithumb/multithumb.php?mosConfig_absolute_path=http://www.karjatie.fi/readme.txt?? HTTP/1.1" 404 267 "-" "libwww-perl/5.813"
217.67.239.230 - - [05/Aug/2009:07:08:24 -0400] "GET //mambots/content/multithumb/multithumb.php?mosConfig_absolute_path=http://www.karjatie.fi/readme.txt?? HTTP/1.1" 404 240 "-" "libwww-perl/5.813"
217.67.239.230 - - [05/Aug/2009:07:08:24 -0400] "GET /logs//mambots/content/multithumb/multithumb.php?mosConfig_absolute_path=http://www.karjatie.fi/readme.txt?? HTTP/1.1" 404 245 "-" "libwww-perl/5.813"
76.182.64.28 - - [05/Aug/2009:07:08:33 -0400] "POST /CGI-BIN/LANSAWEB?WEBEVENT+L0195E64F43C51600E383063+M37+ENG HTTP/1.1" 200 51310 "http://www.aceonlinestore.com/CGI-BIN/LANSAWEB?WEBEVENT+L0195E6434A955600E513063+M37+ENG" "Mozilla/4.0 (compatible; MSIE 7.0; Windows NT 6.0; SLCC1; .NET CLR 2.0.50727; Media Center PC 5.0; .NET CLR 3.5.30729; .NET CLR 3.0.30618)"
76.182.64.28 - - [05/Aug/2009:07:08:35 -0400] "GET /images/prev.gif HTTP/1.1" 200 253 "http://www.aceonlinestore.com/CGI-BIN/LANSAWEB?WEBEVENT+L0195E64F43C51600E383063+M37+ENG" "Mozilla/4.0 (compatible; MSIE 7.0; Windows NT 6.0; SLCC1; .NET CLR 2.0.50727; Media Center PC 5.0; .NET CLR 3.5.30729; .NET CLR 3.0.30618)"
76.182.64.28 - - [05/Aug/2009:07:08:38 -0400] "POST /CGI-BIN/LANSAWEB?WEBEVENT+L0195E74B4985C6000913063+M37+ENG HTTP/1.1" 200 67776 "http://www.aceonlinestore.com/CGI-BIN/LANSAWEB?WEBEVENT+L0195E64F43C51600E383063+M37+ENG" "Mozilla/4.0 (compatible; MSIE 7.0; Windows NT 6.0; SLCC1; .NET CLR 2.0.50727; Media Center PC 5.0; .NET CLR 3.5.30729; .NET CLR 3.0.30618)"
200.93.147.154 - - [05/Aug/2009:07:08:54 -0400] "GET /logs/access_log.Q109063000//skin/zero_vote/ask_password.php?dir=http://h1.ripway.com/rebon121/new.txt??? HTTP/1.1" 404 257 "-" "libwww-perl/5.805"
200.93.147.154 - - [05/Aug/2009:07:08:54 -0400] "GET /logs//skin/zero_vote/ask_password.php?dir=http://h1.ripway.com/rebon121/new.txt??? HTTP/1.1" 404 235 "-" "libwww-perl/5.805"
209.59.12.99 - - [05/Aug/2009:07:08:55 -0400] "GET / HTTP/1.0" 200 409 "-" "check_http/1.81 (nagios-plugins 1.4)"
76.182.64.28 - - [05/Aug/2009:07:08:55 -0400] "POST /CGI-BIN/LANSAWEB?WEBEVENT+L0195E74F46D5A6000163063+M37+ENG HTTP/1.1" 200 72187 "http://www.aceonlinestore.com/CGI-BIN/LANSAWEB?WEBEVENT+L0195E74B4985C6000913063+M37+ENG" "Mozilla/4.0 (compatible; MSIE 7.0; Windows NT 6.0; SLCC1; .NET CLR 2.0.50727; Media Center PC 5.0; .NET CLR 3.5.30729; .NET CLR 3.0.30618)"
76.182.64.28 - - [05/Aug/2009:07:08:57 -0400] "GET /images/next_white.gif HTTP/1.1" 200 249 "http://www.aceonlinestore.com/CGI-BIN/LANSAWEB?WEBEVENT+L0195E74F46D5A6000163063+M37+ENG" "Mozilla/4.0 (compatible; MSIE 7.0; Windows NT 6.0; SLCC1; .NET CLR 2.0.50727; Media Center PC 5.0; .NET CLR 3.5.30729; .NET CLR 3.0.30618)"
76.182.64.28 - - [05/Aug/2009:07:08:57 -0400] "GET /images/items/CALCIUMSULFATE_THUMB.JPG HTTP/1.1" 200 2715 "http://www.aceonlinestore.com/CGI-BIN/LANSAWEB?WEBEVENT+L0195E74F46D5A6000163063+M37+ENG" "Mozilla/4.0 (compatible; MSIE 7.0; Windows NT 6.0; SLCC1; .NET CLR 2.0.50727; Media Center PC 5.0; .NET CLR 3.5.30729; .NET CLR 3.0.30618)"
76.182.64.28 - - [05/Aug/2009:07:08:57 -0400] "GET /images/items/5092000_THUMB.JPG HTTP/1.1" 200 2357 "http://www.aceonlinestore.com/CGI-BIN/LANSAWEB?WEBEVENT+L0195E74F46D5A6000163063+M37+ENG" "Mozilla/4.0 (compatible; MSIE 7.0; Windows NT 6.0; SLCC1; .NET CLR 2.0.50727; Media Center PC 5.0; .NET CLR 3.5.30729; .NET CLR 3.0.30618)"
76.182.64.28 - - [05/Aug/2009:07:08:57 -0400] "GET /images/items/5096000_THUMB.JPG HTTP/1.1" 200 2069 "http://www.aceonlinestore.com/CGI-BIN/LANSAWEB?WEBEVENT+L0195E74F46D5A6000163063+M37+ENG" "Mozilla/4.0 (compatible; MSIE 7.0; Windows NT 6.0; SLCC1; .NET CLR 2.0.50727; Media Center PC 5.0; .NET CLR 3.5.30729; .NET CLR 3.0.30618)"
76.182.64.28 - - [05/Aug/2009:07:09:10 -0400] "GET /images/next_white-over.gif HTTP/1.1" 200 249 "http://www.aceonlinestore.com/CGI-BIN/LANSAWEB?WEBEVENT+L0195E74F46D5A6000163063+M37+ENG" "Mozilla/4.0 (compatible; MSIE 7.0; Windows NT 6.0; SLCC1; .NET CLR 2.0.50727; Media Center PC 5.0; .NET CLR 3.5.30729; .NET CLR 3.0.30618)"
76.182.64.28 - - [05/Aug/2009:07:09:10 -0400] "POST /CGI-BIN/LANSAWEB?WEBEVENT+L0195E7404D85F6002503063+M37+ENG HTTP/1.1" 200 58524 "http://www.aceonlinestore.com/CGI-BIN/LANSAWEB?WEBEVENT+L0195E74F46D5A6000163063+M37+ENG" "Mozilla/4.0 (compatible; MSIE 7.0; Windows NT 6.0; SLCC1; .NET CLR 2.0.50727; Media Center PC 5.0; .NET CLR 3.5.30729; .NET CLR 3.0.30618)"
76.182.64.28 - - [05/Aug/2009:07:09:12 -0400] "GET /images/previous_white.gif HTTP/1.1" 200 253 "http://www.aceonlinestore.com/CGI-BIN/LANSAWEB?WEBEVENT+L0195E7404D85F6002503063+M37+ENG" "Mozilla/4.0 (compatible; MSIE 7.0; Windows NT 6.0; SLCC1; .NET CLR 2.0.50727; Media Center PC 5.0; .NET CLR 3.5.30729; .NET CLR 3.0.30618)"
76.182.64.28 - - [05/Aug/2009:07:09:17 -0400] "GET /images/previous_white-over.gif HTTP/1.1" 200 253 "http://www.aceonlinestore.com/CGI-BIN/LANSAWEB?WEBEVENT+L0195E7404D85F6002503063+M37+ENG" "Mozilla/4.0 (compatible; MSIE 7.0; Windows NT 6.0; SLCC1; .NET CLR 2.0.50727; Media Center PC 5.0; .NET CLR 3.5.30729; .NET CLR 3.0.30618)"
76.182.64.28 - - [05/Aug/2009:07:09:17 -0400] "GET /images/previous_white-over.gif HTTP/1.1" 200 253 "http://www.aceonlinestore.com/CGI-BIN/LANSAWEB?WEBEVENT+L0195E7404D85F6002503063+M37+ENG" "Mozilla/4.0 (compatible; MSIE 7.0; Windows NT 6.0; SLCC1; .NET CLR 2.0.50727; Media Center PC 5.0; .NET CLR 3.5.30729; .NET CLR 3.0.30618)"
76.182.64.28 - - [05/Aug/2009:07:09:19 -0400] "POST /CGI-BIN/LANSAWEB?WEBEVENT+L0195E74E4EF5D6002333063+M37+ENG HTTP/1.1" 200 72187 "http://www.aceonlinestore.com/CGI-BIN/LANSAWEB?WEBEVENT+L0195E7404D85F6002503063+M37+ENG" "Mozilla/4.0 (compatible; MSIE 7.0; Windows NT 6.0; SLCC1; .NET CLR 2.0.50727; Media Center PC 5.0; .NET CLR 3.5.30729; .NET CLR 3.0.30618)"
218.55.227.145 - - [05/Aug/2009:07:09:26 -0400] "GET /logs/access_log.Q109062900//modules/newbb_plus/class/forumpollrenderer.php?bbPath[path]=http://www.karjatie.fi/readme.txt?? HTTP/1.1" 404 272 "-" "libwww-perl/5.79"
218.55.227.145 - - [05/Aug/2009:07:09:27 -0400] "GET //modules/newbb_plus/class/forumpollrenderer.php?bbPath[path]=http://www.karjatie.fi/readme.txt?? HTTP/1.1" 404 245 "-" "libwww-perl/5.79"
218.55.227.145 - - [05/Aug/2009:07:09:27 -0400] "GET /logs//modules/newbb_plus/class/forumpollrenderer.php?bbPath[path]=http://www.karjatie.fi/readme.txt?? HTTP/1.1" 404 250 "-" "libwww-perl/5.79"
76.182.64.28 - - [05/Aug/2009:07:09:36 -0400] "POST /CGI-BIN/LANSAWEB?WEBEVENT+L0195E6434A955600E513063+M37+ENG HTTP/1.1" 200 78101 "-" "Mozilla/4.0 (compatible; MSIE 7.0; Windows NT 6.0; SLCC1; .NET CLR 2.0.50727; Media Center PC 5.0; .NET CLR 3.5.30729; .NET CLR 3.0.30618)"
76.182.64.28 - - [05/Aug/2009:07:09:38 -0400] "GET /images/items/ALLOOSS2_THUMB.JPG HTTP/1.1" 200 2001 "http://www.aceonlinestore.com/CGI-BIN/LANSAWEB?WEBEVENT+L0195E6434A955600E513063+M37+ENG" "Mozilla/4.0 (compatible; MSIE 7.0; Windows NT 6.0; SLCC1; .NET CLR 2.0.50727; Media Center PC 5.0; .NET CLR 3.5.30729; .NET CLR 3.0.30618)"
76.182.64.28 - - [05/Aug/2009:07:09:38 -0400] "GET /images/items/ALLOOSS1_THUMB.JPG HTTP/1.1" 200 30054 "http://www.aceonlinestore.com/CGI-BIN/LANSAWEB?WEBEVENT+L0195E6434A955600E513063+M37+ENG" "Mozilla/4.0 (compatible; MSIE 7.0; Windows NT 6.0; SLCC1; .NET CLR 2.0.50727; Media Center PC 5.0; .NET CLR 3.5.30729; .NET CLR 3.0.30618)"
76.182.64.28 - - [05/Aug/2009:07:10:05 -0400] "POST /CGI-BIN/LANSAWEB?WEBEVENT+L0195E7464665F60045A3063+M37+ENG HTTP/1.1" 200 85506 "http://www.aceonlinestore.com/CGI-BIN/LANSAWEB?WEBEVENT+L0195E6434A955600E513063+M37+ENG" "Mozilla/4.0 (compatible; MSIE 7.0; Windows NT 6.0; SLCC1; .NET CLR 2.0.50727; Media Center PC 5.0; .NET CLR 3.5.30729; .NET CLR 3.0.30618)"
76.182.64.28 - - [05/Aug/2009:07:10:21 -0400] "POST /CGI-BIN/LANSAWEB?WEBEVENT+L0195E742424506006923063+M37+ENG HTTP/1.1" 200 64733 "http://www.aceonlinestore.com/CGI-BIN/LANSAWEB?WEBEVENT+L0195E7464665F60045A3063+M37+ENG" "Mozilla/4.0 (compatible; MSIE 7.0; Windows NT 6.0; SLCC1; .NET CLR 2.0.50727; Media Center PC 5.0; .NET CLR 3.5.30729; .NET CLR 3.0.30618)"
218.55.227.145 - - [05/Aug/2009:07:10:50 -0400] "GET /logs/access_log.Q109061100//modules/newbb_plus/class/forumpollrenderer.php?bbPath[path]=http://www.karjatie.fi/readme.txt?? HTTP/1.1" 404 272 "-" "libwww-perl/5.79"
217.67.239.230 - - [05/Aug/2009:07:11:42 -0400] "GET /logs/access_log.Q109071600//mambots/content/multithumb/multithumb.php?mosConfig_absolute_path=http://www.karjatie.fi/readme.txt?? HTTP/1.1" 404 267 "-" "libwww-perl/5.813"
192.138.79.35 - - [05/Aug/2009:07:11:59 -0400] "GET /images/next.gif HTTP/1.1" 304 - "-" "Mozilla/4.0 (compatible;)"
222.73.17.7 - - [05/Aug/2009:07:12:17 -0400] "GET //skin/zero_vote/error.php?dir=http://emtk.us/web/copyright.txt?? HTTP/1.1" 404 223 "-" "Mozilla/5.0"
222.73.17.7 - - [05/Aug/2009:07:12:17 -0400] "GET /logs/access_log.Q109063000%20%20//skin/zero_vote/error.php?dir=http://emtk.us/web/copyright.txt?? HTTP/1.1" 404 252 "-" "Mozilla/5.0"
222.73.17.7 - - [05/Aug/2009:07:12:17 -0400] "GET /logs//skin/zero_vote/error.php?dir=http://emtk.us/web/copyright.txt?? HTTP/1.1" 404 228 "-" "Mozilla/5.0"
222.73.17.7 - - [05/Aug/2009:07:12:27 -0400] "GET /logs//skin/zero_vote/error.php?dir=http://emtk.us/web/copyright.txt?? HTTP/1.1" 404 228 "-" "Mozilla/5.0"
222.73.17.7 - - [05/Aug/2009:07:12:27 -0400] "GET /logs/access_log.Q109063000%20%20//skin/zero_vote/error.php?dir=http://emtk.us/web/copyright.txt?? HTTP/1.1" 404 252 "-" "Mozilla/5.0"
222.73.17.7 - - [05/Aug/2009:07:12:27 -0400] "GET //skin/zero_vote/error.php?dir=http://emtk.us/web/copyright.txt?? HTTP/1.1" 404 223 "-" "Mozilla/5.0"
222.73.17.7 - - [05/Aug/2009:07:12:28 -0400] "GET /logs/access_log.Q109070200%20%20//skin/zero_vote/error.php?dir=http://emtk.us/web/copyright.txt?? HTTP/1.1" 404 252 "-" "Mozilla/5.0"
222.73.17.7 - - [05/Aug/2009:07:12:31 -0400] "GET /logs/access_log.Q109063000%20%20//skin/zero_vote/error.php?dir=http://emtk.us/web/copyright.txt?? HTTP/1.1" 404 252 "-" "Mozilla/5.0"
222.73.17.7 - - [05/Aug/2009:07:12:31 -0400] "GET /logs//skin/zero_vote/error.php?dir=http://emtk.us/web/copyright.txt?? HTTP/1.1" 404 228 "-" "Mozilla/5.0"
222.73.17.7 - - [05/Aug/2009:07:12:31 -0400] "GET //skin/zero_vote/error.php?dir=http://emtk.us/web/copyright.txt?? HTTP/1.1" 404 223 "-" "Mozilla/5.0"
200.93.147.154 - - [05/Aug/2009:07:12:32 -0400] "GET /logs/access_log.Q109071900/addons/guildbank/searcharrays.php?addonDir=http://h1.ripway.com/lena121/cinta.txt??? HTTP/1.1" 404 258 "-" "libwww-perl/5.805"
200.93.147.154 - - [05/Aug/2009:07:12:32 -0400] "GET /addons/guildbank/searcharrays.php?addonDir=http://h1.ripway.com/lena121/cinta.txt??? HTTP/1.1" 404 231 "-" "libwww-perl/5.805"
200.93.147.154 - - [05/Aug/2009:07:12:33 -0400] "GET /logs/addons/guildbank/searcharrays.php?addonDir=http://h1.ripway.com/lena121/cinta.txt??? HTTP/1.1" 404 236 "-" "libwww-perl/5.805"
222.73.17.7 - - [05/Aug/2009:07:12:34 -0400] "GET /logs/access_log.Q109063000%20%20//skin/zero_vote/error.php?dir=http://emtk.us/web/copyright.txt?? HTTP/1.1" 404 252 "-" "Mozilla/5.0"
222.73.17.7 - - [05/Aug/2009:07:12:34 -0400] "GET /logs//skin/zero_vote/error.php?dir=http://emtk.us/web/copyright.txt?? HTTP/1.1" 404 228 "-" "Mozilla/5.0"
222.73.17.7 - - [05/Aug/2009:07:12:34 -0400] "GET //skin/zero_vote/error.php?dir=http://emtk.us/web/copyright.txt?? HTTP/1.1" 404 223 "-" "Mozilla/5.0"
222.73.17.7 - - [05/Aug/2009:07:12:36 -0400] "GET /logs/access_log.Q109070200%20%20//skin/zero_vote/error.php?dir=http://emtk.us/web/copyright.txt?? HTTP/1.1" 404 252 "-" "Mozilla/5.0"
222.73.17.7 - - [05/Aug/2009:07:12:42 -0400] "GET /logs/access_log.Q109070200%20%20//skin/zero_vote/error.php?dir=http://emtk.us/web/copyright.txt?? HTTP/1.1" 404 252 "-" "Mozilla/5.0"
222.73.17.7 - - [05/Aug/2009:07:12:45 -0400] "GET /logs/access_log.Q109070200%20%20//skin/zero_vote/error.php?dir=http://emtk.us/web/copyright.txt?? HTTP/1.1" 404 252 "-" "Mozilla/5.0"
67.15.48.60 - - [05/Aug/2009:07:13:11 -0400] "GET /logs/access_log.Q109050800//?DOCUMENT_ROOT=http://www.solimantravel.com//micro_cms_files/images/.../id.txt??? HTTP/1.1" 404 226 "-" "libwww-perl/5.810"
67.15.48.60 - - [05/Aug/2009:07:13:11 -0400] "GET //?DOCUMENT_ROOT=http://www.solimantravel.com//micro_cms_files/images/.../id.txt??? HTTP/1.1" 200 452 "-" "libwww-perl/5.810"
67.15.48.60 - - [05/Aug/2009:07:13:11 -0400] "GET /logs//?DOCUMENT_ROOT=http://www.solimantravel.com//micro_cms_files/images/.../id.txt??? HTTP/1.1" 200 12411 "-" "libwww-perl/5.810"
67.15.48.60 - - [05/Aug/2009:07:13:12 -0400] "GET /logs/access_log.Q109071200//?DOCUMENT_ROOT=http://www.solimantravel.com//micro_cms_files/images/.../id.txt??? HTTP/1.1" 404 226 "-" "libwww-perl/5.810"
200.93.147.154 - - [05/Aug/2009:07:13:30 -0400] "GET /logs/error_log.Q109071900/addons/guildbank/searcharrays.php?addonDir=http://h1.ripway.com/lena121/cinta.txt??? HTTP/1.1" 404 257 "-" "libwww-perl/5.805"
209.59.12.99 - - [05/Aug/2009:07:13:54 -0400] "GET / HTTP/1.0" 200 409 "-" "check_http/1.81 (nagios-plugins 1.4)"
190.54.28.163 - - [05/Aug/2009:07:16:10 -0400] "GET /logs/access_log.Q109070700//components/com_moofaq/includes/file_includer.php?gzip=0&file=http://www.geosicilia.it/web13///idsnews.txt??? HTTP/1.1" 404 274 "-" "libwww-perl/5.805"
123.125.66.128 - - [05/Aug/2009:07:16:14 -0400] "GET / HTTP/1.1" 200 409 "-" "Baiduspider+(+http://www.baidu.com/search/spider.htm)"
190.54.28.163 - - [05/Aug/2009:07:16:15 -0400] "GET //components/com_moofaq/includes/file_includer.php?gzip=0&file=http://www.geosicilia.it/web13///idsnews.txt??? HTTP/1.1" 404 247 "-" "libwww-perl/5.805"
190.54.28.163 - - [05/Aug/2009:07:16:21 -0400] "GET /logs//components/com_moofaq/includes/file_includer.php?gzip=0&file=http://www.geosicilia.it/web13///idsnews.txt??? HTTP/1.1" 404 252 "-" "libwww-perl/5.805"
190.54.28.163 - - [05/Aug/2009:07:16:24 -0400] "GET /logs/access_log.Q109070700//components/com_moofaq/includes/file_includer.php?gzip=0&file=http://www.geosicilia.it/web13///idsnews.txt??? HTTP/1.1" 404 274 "-" "Mozilla/4.8 [en] (Windows NT 5.0; U)"
190.54.28.163 - - [05/Aug/2009:07:16:29 -0400] "GET //components/com_moofaq/includes/file_includer.php?gzip=0&file=http://www.geosicilia.it/web13///idsnews.txt??? HTTP/1.1" 404 247 "-" "Mozilla/4.8 [en] (Windows NT 5.0; U)"
210.218.5.234 - - [05/Aug/2009:07:16:47 -0400] "GET /logs///bbs//skin/ggambo7002_board/export.php?dir=http://www.skyhd.or.kr/Lboard/fx29id.txt? HTTP/1.1" 404 242 "-" "Mozilla/5.0"
210.218.5.234 - - [05/Aug/2009:07:16:48 -0400] "GET ///bbs//skin/ggambo7002_board/export.php?dir=http://www.skyhd.or.kr/Lboard/fx29id.txt? HTTP/1.1" 404 237 "-" "Mozilla/5.0"
210.218.5.234 - - [05/Aug/2009:07:16:48 -0400] "GET /logs/access_log.Q109072200///bbs//skin/ggambo7002_board/export.php?dir=http://www.skyhd.or.kr/Lboard/fx29id.txt? HTTP/1.1" 404 264 "-" "Mozilla/5.0"
210.218.5.234 - - [05/Aug/2009:07:16:49 -0400] "GET /logs/access_log.Q109072500///bbs//skin/ggambo7002_board/export.php?dir=http://www.skyhd.or.kr/Lboard/fx29id.txt? HTTP/1.1" 404 264 "-" "Mozilla/5.0"
220.181.7.120 - - [05/Aug/2009:07:17:38 -0400] "GET / HTTP/1.1" 200 409 "-" "Baiduspider+(+http://www.baidu.com/search/spider.htm)"
217.67.239.230 - - [05/Aug/2009:07:18:28 -0400] "GET /logs/access_log.Q109061100//modules/newbb_plus/class/forumpollrenderer.php?bbPath[path]=http://www.karjatie.fi/readme.txt?? HTTP/1.1" 404 272 "-" "libwww-perl/5.813"
217.67.239.230 - - [05/Aug/2009:07:18:29 -0400] "GET //modules/newbb_plus/class/forumpollrenderer.php?bbPath[path]=http://www.karjatie.fi/readme.txt?? HTTP/1.1" 404 245 "-" "libwww-perl/5.813"
217.67.239.230 - - [05/Aug/2009:07:18:29 -0400] "GET /logs//modules/newbb_plus/class/forumpollrenderer.php?bbPath[path]=http://www.karjatie.fi/readme.txt?? HTTP/1.1" 404 250 "-" "libwww-perl/5.813"
217.67.239.230 - - [05/Aug/2009:07:18:31 -0400] "GET /logs/access_log.Q109062900//modules/newbb_plus/class/forumpollrenderer.php?bbPath[path]=http://www.karjatie.fi/readme.txt?? HTTP/1.1" 404 272 "-" "libwww-perl/5.813"
209.59.12.99 - - [05/Aug/2009:07:18:55 -0400] "GET / HTTP/1.0" 200 409 "-" "check_http/1.81 (nagios-plugins 1.4)"
190.54.28.163 - - [05/Aug/2009:07:18:58 -0400] "GET /logs/access_log.Q109062200//components/com_moofaq/includes/file_includer.php?gzip=0&file=http://www.geosicilia.it/web13///idsnews.txt??? HTTP/1.1" 404 274 "-" "Mozilla/4.8 [en] (Windows NT 5.0; U)"
190.54.28.163 - - [05/Aug/2009:07:19:35 -0400] "GET /logs/access_log.Q109062200//components/com_moofaq/includes/file_includer.php?gzip=0&file=http://www.geosicilia.it/web13///idsnews.txt??? HTTP/1.1" 404 274 "-" "libwww-perl/5.805"
67.15.48.60 - - [05/Aug/2009:07:20:47 -0400] "GET /logs//?DOCUMENT_ROOT=http://www.solimantravel.com//micro_cms_files/images/.../id.txt??? HTTP/1.1" 200 12411 "-" "libwww-perl/5.810"
67.15.48.60 - - [05/Aug/2009:07:20:48 -0400] "GET /logs/access_log.Q109061000//?DOCUMENT_ROOT=http://www.solimantravel.com//micro_cms_files/images/.../id.txt??? HTTP/1.1" 404 226 "-" "libwww-perl/5.810"
67.15.48.60 - - [05/Aug/2009:07:20:48 -0400] "GET //?DOCUMENT_ROOT=http://www.solimantravel.com//micro_cms_files/images/.../id.txt??? HTTP/1.1" 200 452 "-" "libwww-perl/5.810"
172.16.1.180 - - [05/Aug/2009:07:20:53 -0400] "OPTIONS / HTTP/1.1" 200 - "-" "Microsoft-WebDAV-MiniRedir/5.1.2600"
172.16.1.180 - - [05/Aug/2009:07:20:53 -0400] "PROPFIND /itemimages HTTP/1.1" 405 236 "-" "Microsoft-WebDAV-MiniRedir/5.1.2600"
172.16.1.180 - - [05/Aug/2009:07:20:53 -0400] "PROPFIND /itemimages HTTP/1.1" 405 236 "-" "Microsoft-WebDAV-MiniRedir/5.1.2600"
79.23.191.23 - - [05/Aug/2009:07:20:53 -0400] "GET /errors.php?error=http://roxxxx.altervista.org/id1.txt??? HTTP/1.1" 404 208 "-" "Mozilla/5.0"
79.23.191.23 - - [05/Aug/2009:07:20:53 -0400] "GET /logs/errors.php?error=http://roxxxx.altervista.org/id1.txt??? HTTP/1.1" 404 213 "-" "Mozilla/5.0"
79.23.191.23 - - [05/Aug/2009:07:20:53 -0400] "GET /logs/access_log.Q109061700/errors.php?error=http://roxxxx.altervista.org/id1.txt??? HTTP/1.1" 404 235 "-" "Mozilla/5.0"
79.23.191.23 - - [05/Aug/2009:07:21:01 -0400] "GET /logs/access_log.Q109060400/errors.php?error=http://roxxxx.altervista.org/id1.txt??? HTTP/1.1" 404 235 "-" "Mozilla/5.0"
217.67.239.230 - - [05/Aug/2009:07:21:53 -0400] "GET /viewbody.html?code=http://www.karjatie.fi/readme.txt?? HTTP/1.1" 404 211 "-" "libwww-perl/5.813"
200.93.147.154 - - [05/Aug/2009:07:23:02 -0400] "GET //index.php?option=com_jreactions&Itemid=&mosConfig_absolute_path=http://h1.ripway.com/rebon121/new.txt??? HTTP/1.1" 404 208 "-" "libwww-perl/5.805"
217.67.239.230 - - [05/Aug/2009:07:23:10 -0400] "GET /viewbody.html?code=http://www.karjatie.fi/readme.txt?? HTTP/1.1" 404 211 "-" "libwww-perl/5.813"
87.118.117.124 - - [05/Aug/2009:07:23:34 -0400] "GET /administrator/components/com_joom12pic/admin.joom12pic.php?mosConfig_live_site=http://roxxxx.altervista.org/id1.txt??? HTTP/1.1" 404 256 "-" "Mozilla/5.0"
87.118.117.124 - - [05/Aug/2009:07:23:34 -0400] "GET /logs/access_log.Q109053000/administrator/components/com_joom12pic/admin.joom12pic.php?mosConfig_live_site=http://roxxxx.altervista.org/id1.txt??? HTTP/1.1" 404 283 "-" "Mozilla/5.0"
87.118.117.124 - - [05/Aug/2009:07:23:34 -0400] "GET /logs/administrator/components/com_joom12pic/admin.joom12pic.php?mosConfig_live_site=http://roxxxx.altervista.org/id1.txt??? HTTP/1.1" 404 261 "-" "Mozilla/5.0"
200.93.147.154 - - [05/Aug/2009:07:23:37 -0400] "GET /logs/access_log.Q109071900/addons/guildbank/searcharrays.php?addonDir=http://h1.ripway.com/rebon121/new.txt??? HTTP/1.1" 404 258 "-" "libwww-perl/5.805"
200.93.147.154 - - [05/Aug/2009:07:23:37 -0400] "GET /logs/addons/guildbank/searcharrays.php?addonDir=http://h1.ripway.com/rebon121/new.txt??? HTTP/1.1" 404 236 "-" "libwww-perl/5.805"
87.118.117.124 - - [05/Aug/2009:07:23:44 -0400] "GET /logs/access_log.Q109061700/administrator/components/com_joom12pic/admin.joom12pic.php?mosConfig_live_site=http://roxxxx.altervista.org/id1.txt??? HTTP/1.1" 404 283 "-" "Mozilla/5.0"
87.118.117.124 - - [05/Aug/2009:07:23:49 -0400] "GET /administrator/components/com_joomlaradiov5/admin.joomlaradiov5.php?mosConfig_live_site=http://roxxxx.altervista.org/id1.txt??? HTTP/1.1" 404 264 "-" "Mozilla/5.0"
87.118.117.124 - - [05/Aug/2009:07:23:49 -0400] "GET /logs/administrator/components/com_joomlaradiov5/admin.joomlaradiov5.php?mosConfig_live_site=http://roxxxx.altervista.org/id1.txt??? HTTP/1.1" 404 269 "-" "Mozilla/5.0"
87.118.117.124 - - [05/Aug/2009:07:23:49 -0400] "GET /logs/access_log.Q109071700%20%20/administrator/components/com_joomlaradiov5/admin.joomlaradiov5.php?mosConfig_live_site=http://roxxxx.altervista.org/id1.txt??? HTTP/1.1" 404 293 "-" "Mozilla/5.0"
87.118.117.124 - - [05/Aug/2009:07:23:52 -0400] "GET /logs/access_log.Q109062100%20%20/administrator/components/com_joomlaradiov5/admin.joomlaradiov5.php?mosConfig_live_site=http://roxxxx.altervista.org/id1.txt??? HTTP/1.1" 404 293 "-" "Mozilla/5.0"
209.59.12.99 - - [05/Aug/2009:07:23:55 -0400] "GET / HTTP/1.0" 200 409 "-" "check_http/1.81 (nagios-plugins 1.4)"
200.93.147.154 - - [05/Aug/2009:07:24:08 -0400] "GET /logs/error_log.Q109071900/addons/guildbank/searcharrays.php?addonDir=http://h1.ripway.com/rebon121/new.txt??? HTTP/1.1" 404 257 "-" "libwww-perl/5.805"
190.54.28.163 - - [05/Aug/2009:07:24:28 -0400] "GET //components/com_moofaq/includes/file_includer.php?gzip=0&file=http://www.geosicilia.it/web13///idsnews.txt??? HTTP/1.1" 404 247 "-" "libwww-perl/5.805"
218.55.227.145 - - [05/Aug/2009:07:24:44 -0400] "GET /viewbody.html?code=http://www.karjatie.fi/readme.txt?? HTTP/1.1" 404 211 "-" "libwww-perl/5.79"
87.118.117.124 - - [05/Aug/2009:07:25:19 -0400] "GET /phpffl/phpffl_webfiles/program_files/livedraft/admin.php?PHPFFL_FILE_ROOT=http://roxxxx.altervista.org/id1.txt??? HTTP/1.1" 404 254 "-" "Mozilla/5.0"
87.118.117.124 - - [05/Aug/2009:07:25:19 -0400] "GET /logs/phpffl/phpffl_webfiles/program_files/livedraft/admin.php?PHPFFL_FILE_ROOT=http://roxxxx.altervista.org/id1.txt??? HTTP/1.1" 404 259 "-" "Mozilla/5.0"
87.118.117.124 - - [05/Aug/2009:07:25:19 -0400] "GET /logs/access_log.Q109070500/phpffl/phpffl_webfiles/program_files/livedraft/admin.php?PHPFFL_FILE_ROOT=http://roxxxx.altervista.org/id1.txt??? HTTP/1.1" 404 281 "-" "Mozilla/5.0"
87.118.117.124 - - [05/Aug/2009:07:25:22 -0400] "GET /logs/access_log.Q109071700/phpffl/phpffl_webfiles/program_files/livedraft/admin.php?PHPFFL_FILE_ROOT=http://roxxxx.altervista.org/id1.txt??? HTTP/1.1" 404 281 "-" "Mozilla/5.0"
87.118.117.124 - - [05/Aug/2009:07:25:23 -0400] "GET /phpffl/phpffl_webfiles/program_files/livedraft/livedraft.php?PHPFFL_FILE_ROOT=http://roxxxx.altervista.org/id1.txt??? HTTP/1.1" 404 258 "-" "Mozilla/5.0"
87.118.117.124 - - [05/Aug/2009:07:25:23 -0400] "GET /logs/phpffl/phpffl_webfiles/program_files/livedraft/livedraft.php?PHPFFL_FILE_ROOT=http://roxxxx.altervista.org/id1.txt??? HTTP/1.1" 404 263 "-" "Mozilla/5.0"
87.118.117.124 - - [05/Aug/2009:07:25:23 -0400] "GET /logs/access_log.Q109070500/phpffl/phpffl_webfiles/program_files/livedraft/livedraft.php?PHPFFL_FILE_ROOT=http://roxxxx.altervista.org/id1.txt??? HTTP/1.1" 404 285 "-" "Mozilla/5.0"
87.118.117.124 - - [05/Aug/2009:07:25:25 -0400] "GET /logs/access_log.Q109071700/phpffl/phpffl_webfiles/program_files/livedraft/livedraft.php?PHPFFL_FILE_ROOT=http://roxxxx.altervista.org/id1.txt??? HTTP/1.1" 404 285 "-" "Mozilla/5.0"
210.218.5.234 - - [05/Aug/2009:07:26:27 -0400] "GET /logs///bbs//skin/ggambo7002_board/write.php?dir=http://es.bnue.ac.kr/upload/popup/id1?? HTTP/1.1" 404 241 "-" "Mozilla/5.0"
210.218.5.234 - - [05/Aug/2009:07:26:27 -0400] "GET /logs/access_log.Q109071500///bbs//skin/ggambo7002_board/write.php?dir=http://es.bnue.ac.kr/upload/popup/id1?? HTTP/1.1" 404 263 "-" "Mozilla/5.0"
210.218.5.234 - - [05/Aug/2009:07:26:27 -0400] "GET ///bbs//skin/ggambo7002_board/write.php?dir=http://es.bnue.ac.kr/upload/popup/id1?? HTTP/1.1" 404 236 "-" "Mozilla/5.0"
172.16.1.180 - - [05/Aug/2009:07:26:31 -0400] "OPTIONS / HTTP/1.1" 200 - "-" "Microsoft-WebDAV-MiniRedir/5.1.2600"
172.16.1.180 - - [05/Aug/2009:07:26:31 -0400] "PROPFIND /itemimages HTTP/1.1" 405 236 "-" "Microsoft-WebDAV-MiniRedir/5.1.2600"
172.16.1.180 - - [05/Aug/2009:07:26:31 -0400] "PROPFIND /itemimages HTTP/1.1" 405 236 "-" "Microsoft-WebDAV-MiniRedir/5.1.2600"
87.118.117.124 - - [05/Aug/2009:07:26:33 -0400] "GET /logs/access_log.Q109053000%20%20/administrator/components/com_joom12pic/admin.joom12pic.php?mosConfig_live_site=http://roxxxx.altervista.org/id1.txt??? HTTP/1.1" 404 285 "-" "Mozilla/5.0"
87.118.117.124 - - [05/Aug/2009:07:26:35 -0400] "GET /logs/access_log.Q109061700%20%20/administrator/components/com_joom12pic/admin.joom12pic.php?mosConfig_live_site=http://roxxxx.altervista.org/id1.txt??? HTTP/1.1" 404 285 "-" "Mozilla/5.0"
87.118.117.124 - - [05/Aug/2009:07:26:55 -0400] "GET /logs/access_log.Q109070500%20%20/phpffl/phpffl_webfiles/program_files/livedraft/admin.php?PHPFFL_FILE_ROOT=http://roxxxx.altervista.org/id1.txt??? HTTP/1.1" 404 283 "-" "Mozilla/5.0"
87.118.117.124 - - [05/Aug/2009:07:26:56 -0400] "GET /logs/access_log.Q109071700%20%20/phpffl/phpffl_webfiles/program_files/livedraft/admin.php?PHPFFL_FILE_ROOT=http://roxxxx.altervista.org/id1.txt??? HTTP/1.1" 404 283 "-" "Mozilla/5.0"
87.118.117.124 - - [05/Aug/2009:07:27:04 -0400] "GET /logs/access_log.Q109070500%20%20/phpffl/phpffl_webfiles/program_files/livedraft/livedraft.php?PHPFFL_FILE_ROOT=http://roxxxx.altervista.org/id1.txt??? HTTP/1.1" 404 287 "-" "Mozilla/5.0"
87.118.117.124 - - [05/Aug/2009:07:27:05 -0400] "GET /logs/access_log.Q109071700%20%20/phpffl/phpffl_webfiles/program_files/livedraft/livedraft.php?PHPFFL_FILE_ROOT=http://roxxxx.altervista.org/id1.txt??? HTTP/1.1" 404 287 "-" "Mozilla/5.0"
87.118.117.124 - - [05/Aug/2009:07:27:12 -0400] "GET /logs/access_log.Q109071700/administrator/components/com_joomlaradiov5/admin.joomlaradiov5.php?mosConfig_live_site=http://roxxxx.altervista.org/id1.txt??? HTTP/1.1" 404 291 "-" "Mozilla/5.0"
87.118.117.124 - - [05/Aug/2009:07:27:12 -0400] "GET /logs/access_log.Q109062100/administrator/components/com_joomlaradiov5/admin.joomlaradiov5.php?mosConfig_live_site=http://roxxxx.altervista.org/id1.txt??? HTTP/1.1" 404 291 "-" "Mozilla/5.0"
219.85.63.226 - - [05/Aug/2009:07:27:15 -0400] "GET /logs/access_log.Q109062400///snippetmaster/includes/tar_lib/pcltar.lib.php?g_pcltar_lib_dir=http://www.2u264.com/bbs//include/idi.txt??? HTTP/1.1" 404 272 "-" "libwww-perl/5.805"
172.16.1.180 - - [05/Aug/2009:07:27:41 -0400] "OPTIONS / HTTP/1.1" 200 - "-" "Microsoft-WebDAV-MiniRedir/5.1.2600"
172.16.1.180 - - [05/Aug/2009:07:27:41 -0400] "PROPFIND /itemimages HTTP/1.1" 405 236 "-" "Microsoft-WebDAV-MiniRedir/5.1.2600"
172.16.1.180 - - [05/Aug/2009:07:27:41 -0400] "PROPFIND /itemimages HTTP/1.1" 405 236 "-" "Microsoft-WebDAV-MiniRedir/5.1.2600"
66.249.71.16 - - [05/Aug/2009:07:28:00 -0400] "GET /robots.txt HTTP/1.1" 404 208 "-" "Mozilla/5.0 (compatible; Googlebot/2.1; +http://www.google.com/bot.html)"
66.249.71.16 - - [05/Aug/2009:07:28:00 -0400] "GET /CGI-BIN/LANSAWEB?WEBEVENT+L011B1F4C081569006612069+M37+ENG HTTP/1.1" 500 197 "-" "Mozilla/5.0 (compatible; Googlebot/2.1; +http://www.google.com/bot.html)"
210.218.5.234 - - [05/Aug/2009:07:28:31 -0400] "GET /logs/access_log.Q109072500///bbs//skin/ggambo7002_board/write.php?dir=http://es.bnue.ac.kr/upload/popup/id1?? HTTP/1.1" 404 263 "-" "Mozilla/5.0"
219.85.63.226 - - [05/Aug/2009:07:28:31 -0400] "GET ///poll/png.php?include_path=http://www.2u264.com/bbs//include/idi.txt??? HTTP/1.1" 404 212 "-" "libwww-perl/5.805"
219.85.63.226 - - [05/Aug/2009:07:28:31 -0400] "GET /logs/error_log.Q109050700///poll/png.php?include_path=http://www.2u264.com/bbs//include/idi.txt??? HTTP/1.1" 404 238 "-" "libwww-perl/5.805"
219.85.63.226 - - [05/Aug/2009:07:28:31 -0400] "GET /logs///poll/png.php?include_path=http://www.2u264.com/bbs//include/idi.txt??? HTTP/1.1" 404 217 "-" "libwww-perl/5.805"
72.30.81.182 - - [05/Aug/2009:07:28:21 -0400] "GET /images/ACE_tissue_graft.pdf HTTP/1.0" 200 1518941 "-" "Mozilla/5.0 (compatible; Yahoo! Slurp/3.0; http://help.yahoo.com/help/us/ysearch/slurp)"
172.16.1.180 - - [05/Aug/2009:07:28:43 -0400] "OPTIONS / HTTP/1.1" 200 - "-" "Microsoft-WebDAV-MiniRedir/5.1.2600"
172.16.1.180 - - [05/Aug/2009:07:28:43 -0400] "PROPFIND /itemimages HTTP/1.1" 405 236 "-" "Microsoft-WebDAV-MiniRedir/5.1.2600"
172.16.1.180 - - [05/Aug/2009:07:28:43 -0400] "PROPFIND /itemimages HTTP/1.1" 405 236 "-" "Microsoft-WebDAV-MiniRedir/5.1.2600"
203.91.193.7 - - [05/Aug/2009:07:28:47 -0400] "GET /images/login_go.gif HTTP/1.1" 200 296 "http://www.acesurgical.com/about.html" "Mozilla/4.0 (compatible; MSIE 6.0; Windows NT 5.1; SV1; .NET CLR 2.0.50727; MS-RTC LM 8)"
203.91.193.7 - - [05/Aug/2009:07:28:47 -0400] "GET /images/psearch_go.gif HTTP/1.1" 200 296 "http://www.acesurgical.com/about.html" "Mozilla/4.0 (compatible; MSIE 6.0; Windows NT 5.1; SV1; .NET CLR 2.0.50727; MS-RTC LM 8)"
203.91.193.7 - - [05/Aug/2009:07:28:50 -0400] "GET /images/login_go-over.gif HTTP/1.1" 200 302 "http://www.acesurgical.com/about.html" "Mozilla/4.0 (compatible; MSIE 6.0; Windows NT 5.1; SV1; .NET CLR 2.0.50727; MS-RTC LM 8)"
203.91.193.7 - - [05/Aug/2009:07:28:51 -0400] "GET /images/psearch_go-over.gif HTTP/1.1" 200 302 "http://www.acesurgical.com/about.html" "Mozilla/4.0 (compatible; MSIE 6.0; Windows NT 5.1; SV1; .NET CLR 2.0.50727; MS-RTC LM 8)"
209.59.12.99 - - [05/Aug/2009:07:28:55 -0400] "GET / HTTP/1.0" 200 409 "-" "check_http/1.81 (nagios-plugins 1.4)"
218.55.227.145 - - [05/Aug/2009:07:29:00 -0400] "GET /viewbody.html?code=http://www.karjatie.fi/readme.txt?? HTTP/1.1" 404 211 "-" "libwww-perl/5.79"
172.16.1.180 - - [05/Aug/2009:07:29:49 -0400] "OPTIONS / HTTP/1.1" 200 - "-" "Microsoft-WebDAV-MiniRedir/5.1.2600"
172.16.1.180 - - [05/Aug/2009:07:29:49 -0400] "PROPFIND /itemimages HTTP/1.1" 405 236 "-" "Microsoft-WebDAV-MiniRedir/5.1.2600"
172.16.1.180 - - [05/Aug/2009:07:29:49 -0400] "PROPFIND /itemimages HTTP/1.1" 405 236 "-" "Microsoft-WebDAV-MiniRedir/5.1.2600"
