121.169.189.169 - - [12/Aug/2009:05:35:26 -0400] "POST /CGI-BIN/LANSAWEB?WEBEVENT+L010E9F47998576002F13092+M37+ENG HTTP/1.1" 200 40370 "https://www.aceonlinestore.com/CGI-BIN/LANSAWEB?WEBEVENT+L010E9F4C9AB596001453092+M37+ENG" "Mozilla/5.0 (Windows; U; Windows NT 5.1; en-US) AppleWebKit/530.5 (KHTML, like Gecko) Chrome/2.0.172.39 Safari/530.5"
121.169.189.169 - - [12/Aug/2009:05:35:30 -0400] "GET /images/sd_left-top.gif HTTP/1.1" 200 95 "https://www.aceonlinestore.com/CGI-BIN/LANSAWEB?WEBEVENT+L010E9F47998576002F13092+M37+ENG" "Mozilla/5.0 (Windows; U; Windows NT 5.1; en-US) AppleWebKit/530.5 (KHTML, like Gecko) Chrome/2.0.172.39 Safari/530.5"
121.169.189.169 - - [12/Aug/2009:05:35:30 -0400] "GET /images/sd_left-bottom.gif HTTP/1.1" 200 95 "https://www.aceonlinestore.com/CGI-BIN/LANSAWEB?WEBEVENT+L010E9F47998576002F13092+M37+ENG" "Mozilla/5.0 (Windows; U; Windows NT 5.1; en-US) AppleWebKit/530.5 (KHTML, like Gecko) Chrome/2.0.172.39 Safari/530.5"
121.169.189.169 - - [12/Aug/2009:05:35:30 -0400] "GET /images/sd_bottom-right.gif HTTP/1.1" 200 101 "https://www.aceonlinestore.com/CGI-BIN/LANSAWEB?WEBEVENT+L010E9F47998576002F13092+M37+ENG" "Mozilla/5.0 (Windows; U; Windows NT 5.1; en-US) AppleWebKit/530.5 (KHTML, like Gecko) Chrome/2.0.172.39 Safari/530.5"
121.169.189.169 - - [12/Aug/2009:05:35:30 -0400] "GET /images/sd_bottom-space.gif HTTP/1.1" 200 50 "https://www.aceonlinestore.com/CGI-BIN/LANSAWEB?WEBEVENT+L010E9F47998576002F13092+M37+ENG" "Mozilla/5.0 (Windows; U; Windows NT 5.1; en-US) AppleWebKit/530.5 (KHTML, like Gecko) Chrome/2.0.172.39 Safari/530.5"
121.169.189.169 - - [12/Aug/2009:05:35:30 -0400] "GET /images/sd_inside-corner.gif HTTP/1.1" 200 95 "https://www.aceonlinestore.com/CGI-BIN/LANSAWEB?WEBEVENT+L010E9F47998576002F13092+M37+ENG" "Mozilla/5.0 (Windows; U; Windows NT 5.1; en-US) AppleWebKit/530.5 (KHTML, like Gecko) Chrome/2.0.172.39 Safari/530.5"
121.169.189.169 - - [12/Aug/2009:05:35:30 -0400] "GET /images/sd_left-space.gif HTTP/1.1" 200 50 "https://www.aceonlinestore.com/CGI-BIN/LANSAWEB?WEBEVENT+L010E9F47998576002F13092+M37+ENG" "Mozilla/5.0 (Windows; U; Windows NT 5.1; en-US) AppleWebKit/530.5 (KHTML, like Gecko) Chrome/2.0.172.39 Safari/530.5"
121.169.189.169 - - [12/Aug/2009:05:35:32 -0400] "POST /CGI-BIN/LANSAWEB?WEBEVENT+L010E9F4A9E3566004023092+M37+ENG HTTP/1.1" 200 46051 "-" "Mozilla/5.0 (Windows; U; Windows NT 5.1; en-US) AppleWebKit/530.5 (KHTML, like Gecko) Chrome/2.0.172.39 Safari/530.5"
219.85.63.226 - - [12/Aug/2009:05:35:40 -0400] "GET /logs/access_log.Q109070100//index.php?_REQUEST=&_REQUEST[option]=option,com_comprofiler&_REQUEST[Itemid]=1&GLOBALS=&mosConfig_absolute_path=http://www.taraxacum.nl/htdocs//cache/z1?? HTTP/1.1" 404 235 "-" "Mozilla/5.0"
219.85.63.226 - - [12/Aug/2009:05:35:40 -0400] "GET /logs//index.php?_REQUEST=&_REQUEST[option]=option,com_comprofiler&_REQUEST[Itemid]=1&GLOBALS=&mosConfig_absolute_path=http://www.taraxacum.nl/htdocs//cache/z1?? HTTP/1.1" 404 213 "-" "Mozilla/5.0"
219.85.63.226 - - [12/Aug/2009:05:35:40 -0400] "GET //index.php?_REQUEST=&_REQUEST[option]=option,com_comprofiler&_REQUEST[Itemid]=1&GLOBALS=&mosConfig_absolute_path=http://www.taraxacum.nl/htdocs//cache/z1?? HTTP/1.1" 404 208 "-" "Mozilla/5.0"
91.121.89.135 - - [12/Aug/2009:05:36:04 -0400] "GET /logs/access_log.Q109050700//appserv/main.php?appserv_root=http://mayainfo.co.cc/cmd.txt? HTTP/1.1" 404 242 "-" "libwww-perl/5.805"
91.121.89.135 - - [12/Aug/2009:05:36:04 -0400] "GET /logs//appserv/main.php?appserv_root=http://mayainfo.co.cc/cmd.txt? HTTP/1.1" 404 220 "-" "libwww-perl/5.805"
62.128.135.52 - - [12/Aug/2009:05:36:08 -0400] "GET /logs//skin/zero_vote/ask_password.php?dir=http://www.oiluk.net/cache/cache_94afbfb2f291e0bf253fcf222e9d238e_180836f9b956ab9d91a50f9add968699?? HTTP/1.1" 404 235 "-" "libwww-perl/5.805"
62.128.135.52 - - [12/Aug/2009:05:36:09 -0400] "GET //skin/zero_vote/ask_password.php?dir=http://www.oiluk.net/cache/cache_94afbfb2f291e0bf253fcf222e9d238e_180836f9b956ab9d91a50f9add968699?? HTTP/1.1" 404 230 "-" "libwww-perl/5.805"
62.128.135.52 - - [12/Aug/2009:05:36:09 -0400] "GET /logs/access_log.Q109060400//skin/zero_vote/ask_password.php?dir=http://www.oiluk.net/cache/cache_94afbfb2f291e0bf253fcf222e9d238e_180836f9b956ab9d91a50f9add968699?? HTTP/1.1" 404 257 "-" "libwww-perl/5.805"
219.85.63.226 - - [12/Aug/2009:05:36:14 -0400] "GET /logs//index.php?_REQUEST=&_REQUEST[option]=option,com_comprofiler&_REQUEST[Itemid]=1&GLOBALS=&mosConfig_absolute_path=http://www.taraxacum.nl/htdocs//cache/z1?? HTTP/1.1" 404 213 "-" "Mozilla/5.0"
219.85.63.226 - - [12/Aug/2009:05:36:14 -0400] "GET /logs/access_log.Q109070100%20%20//index.php?_REQUEST=&_REQUEST[option]=option,com_comprofiler&_REQUEST[Itemid]=1&GLOBALS=&mosConfig_absolute_path=http://www.taraxacum.nl/htdocs//cache/z1?? HTTP/1.1" 404 237 "-" "Mozilla/5.0"
219.85.63.226 - - [12/Aug/2009:05:36:14 -0400] "GET //index.php?_REQUEST=&_REQUEST[option]=option,com_comprofiler&_REQUEST[Itemid]=1&GLOBALS=&mosConfig_absolute_path=http://www.taraxacum.nl/htdocs//cache/z1?? HTTP/1.1" 404 208 "-" "Mozilla/5.0"
219.85.63.226 - - [12/Aug/2009:05:36:23 -0400] "GET //index.php?_REQUEST=&_REQUEST[option]=option,com_comprofiler&_REQUEST[Itemid]=1&GLOBALS=&mosConfig_absolute_path=http://www.taraxacum.nl/htdocs//cache/z1?? HTTP/1.1" 404 208 "-" "Mozilla/5.0"
219.85.63.226 - - [12/Aug/2009:05:36:23 -0400] "GET /logs//index.php?_REQUEST=&_REQUEST[option]=option,com_comprofiler&_REQUEST[Itemid]=1&GLOBALS=&mosConfig_absolute_path=http://www.taraxacum.nl/htdocs//cache/z1?? HTTP/1.1" 404 213 "-" "Mozilla/5.0"
219.85.63.226 - - [12/Aug/2009:05:36:23 -0400] "GET /logs/access_log.Q109070100%20%20//index.php?_REQUEST=&_REQUEST[option]=option,com_comprofiler&_REQUEST[Itemid]=1&GLOBALS=&mosConfig_absolute_path=http://www.taraxacum.nl/htdocs//cache/z1?? HTTP/1.1" 404 237 "-" "Mozilla/5.0"
91.121.89.135 - - [12/Aug/2009:05:36:25 -0400] "GET /logs/access_log.Q109060300//appserv/main.php?appserv_root=http://mayainfo.co.cc/cmd.txt? HTTP/1.1" 404 242 "-" "libwww-perl/5.805"
110.45.138.141 - - [12/Aug/2009:05:36:42 -0400] "GET /administrator/components/com_extcalendar/admin_events.php?CONFIG_EXT[ADMIN_DIR]=http://www.eusun.net/zboard//skin/ggambo7002_board/config/test.txt?? HTTP/1.1" 404 255 "-" "Mozilla/5.0 (X11; U; Linux i686; cs-CZ; rv:1.7.12) Gecko/20050929"
110.45.138.141 - - [12/Aug/2009:05:36:43 -0400] "GET /logs/administrator/components/com_extcalendar/admin_events.php?CONFIG_EXT[ADMIN_DIR]=http://www.eusun.net/zboard//skin/ggambo7002_board/config/test.txt?? HTTP/1.1" 404 260 "-" "Mozilla/5.0 (X11; U; Linux i686; cs-CZ; rv:1.7.12) Gecko/20050929"
62.128.135.52 - - [12/Aug/2009:05:36:49 -0400] "GET /logs/access_log.Q109080400//skin/zero_vote/ask_password.php?dir=http://www.oiluk.net/cache/cache_94afbfb2f291e0bf253fcf222e9d238e_180836f9b956ab9d91a50f9add968699?? HTTP/1.1" 404 257 "-" "libwww-perl/5.805"
219.85.63.226 - - [12/Aug/2009:05:36:56 -0400] "GET //index.php?_REQUEST=&_REQUEST[option]=option,com_comprofiler&_REQUEST[Itemid]=1&GLOBALS=&mosConfig_absolute_path=http://www.taraxacum.nl/htdocs//cache/z1?? HTTP/1.1" 404 208 "-" "Mozilla/5.0"
219.85.63.226 - - [12/Aug/2009:05:36:56 -0400] "GET /logs//index.php?_REQUEST=&_REQUEST[option]=option,com_comprofiler&_REQUEST[Itemid]=1&GLOBALS=&mosConfig_absolute_path=http://www.taraxacum.nl/htdocs//cache/z1?? HTTP/1.1" 404 213 "-" "Mozilla/5.0"
219.85.63.226 - - [12/Aug/2009:05:36:56 -0400] "GET /logs/access_log.Q109070100//index.php?_REQUEST=&_REQUEST[option]=option,com_comprofiler&_REQUEST[Itemid]=1&GLOBALS=&mosConfig_absolute_path=http://www.taraxacum.nl/htdocs//cache/z1?? HTTP/1.1" 404 235 "-" "Mozilla/5.0"
219.85.63.226 - - [12/Aug/2009:05:37:10 -0400] "GET /logs/access_log.Q109071300//index.php?_REQUEST=&_REQUEST[option]=option,com_comprofiler&_REQUEST[Itemid]=1&GLOBALS=&mosConfig_absolute_path=http://www.taraxacum.nl/htdocs//cache/z1?? HTTP/1.1" 404 235 "-" "Mozilla/5.0"
93.187.200.218 - - [12/Aug/2009:05:37:41 -0400] "GET /logs/components/com_rsgallery/rsgallery.html.php?mosConfig_absolute_path=http://zetan.fileave.com/zx.txt?? HTTP/1.1" 404 246 "-" "Mozilla/5.0"
93.187.200.218 - - [12/Aug/2009:05:37:41 -0400] "GET /logs/access_log.Q109061900/components/com_rsgallery/rsgallery.html.php?mosConfig_absolute_path=http://zetan.fileave.com/zx.txt?? HTTP/1.1" 404 268 "-" "Mozilla/5.0"
93.187.200.218 - - [12/Aug/2009:05:37:42 -0400] "GET /components/com_rsgallery/rsgallery.html.php?mosConfig_absolute_path=http://zetan.fileave.com/zx.txt?? HTTP/1.1" 404 241 "-" "Mozilla/5.0"
93.187.200.218 - - [12/Aug/2009:05:37:47 -0400] "GET /logs/access_log.Q109051600/components/com_rsgallery/rsgallery.html.php?mosConfig_absolute_path=http://zetan.fileave.com/zx.txt?? HTTP/1.1" 404 268 "-" "Mozilla/5.0"
195.155.232.36 - - [12/Aug/2009:05:38:14 -0400] "GET /logs/access_log.Q109051000//main.php?sayfa=http://hamid-rahimi.com//cmss/baner.txt??? HTTP/1.1" 404 234 "-" "Mozilla/5.0"
117.110.74.195 - - [12/Aug/2009:05:38:29 -0400] "GET /webanalyse/words.php?action=delNoise&word=to//faqsupport/samplefaqsupport.php?path[docroot]=http://www.kwangsung.es.kr//UserFiles/shirohige/zfxid.txt?? HTTP/1.1" 404 218 "-" "Mozilla/5.0"
117.110.74.195 - - [12/Aug/2009:05:38:29 -0400] "GET /logs/webanalyse/words.php?action=delNoise&word=to//faqsupport/samplefaqsupport.php?path[docroot]=http://www.kwangsung.es.kr//UserFiles/shirohige/zfxid.txt?? HTTP/1.1" 404 223 "-" "Mozilla/5.0"
117.110.74.195 - - [12/Aug/2009:05:38:29 -0400] "GET /logs/access_log.Q109072500%20%20/webanalyse/words.php?action=delNoise&word=to//faqsupport/samplefaqsupport.php?path[docroot]=http://www.kwangsung.es.kr//UserFiles/shirohige/zfxid.txt?? HTTP/1.1" 404 247 "-" "Mozilla/5.0"
65.98.27.138 - - [12/Aug/2009:05:38:38 -0400] "GET /logs/error_log.Q109072300//modules/postguestbook/styles/internal/header.php?tpl_pgb_moddir=http://www.tabakoff.ru//dimti/AinuLid1.txt?? HTTP/1.1" 404 273 "-" "Mozilla/5.0"
117.110.74.195 - - [12/Aug/2009:05:38:46 -0400] "GET /logs/access_log.Q109061500%20%20/webanalyse/words.php?action=delNoise&word=to//faqsupport/samplefaqsupport.php?path[docroot]=http://www.kwangsung.es.kr//UserFiles/shirohige/zfxid.txt?? HTTP/1.1" 404 247 "-" "Mozilla/5.0"
82.215.25.104 - - [12/Aug/2009:05:38:52 -0400] "GET /images/login_go.gif HTTP/1.1" 200 296 "http://www.acesurgical.com/catalogs.html" "Mozilla/4.0 (compatible; MSIE 8.0; Windows NT 5.1; Trident/4.0; .NET CLR 1.1.4322)"
82.215.25.104 - - [12/Aug/2009:05:38:52 -0400] "GET /images/psearch_go.gif HTTP/1.1" 200 296 "http://www.acesurgical.com/catalogs.html" "Mozilla/4.0 (compatible; MSIE 8.0; Windows NT 5.1; Trident/4.0; .NET CLR 1.1.4322)"
82.215.25.104 - - [12/Aug/2009:05:38:55 -0400] "GET /images/login_go-over.gif HTTP/1.1" 200 302 "http://www.acesurgical.com/catalogs.html" "Mozilla/4.0 (compatible; MSIE 8.0; Windows NT 5.1; Trident/4.0; .NET CLR 1.1.4322)"
82.215.25.104 - - [12/Aug/2009:05:38:55 -0400] "GET /images/psearch_go-over.gif HTTP/1.1" 200 302 "http://www.acesurgical.com/catalogs.html" "Mozilla/4.0 (compatible; MSIE 8.0; Windows NT 5.1; Trident/4.0; .NET CLR 1.1.4322)"
121.169.189.169 - - [12/Aug/2009:05:39:02 -0400] "POST /CGI-BIN/LANSAWEB?WEBEVENT+L010E9F4E91C576004443092+M37+ENG HTTP/1.1" 200 40025 "http://www.aceonlinestore.com/CGI-BIN/LANSAWEB?WEBEVENT+L010E9F4A9E3566004023092+M37+ENG" "Mozilla/5.0 (Windows; U; Windows NT 5.1; en-US) AppleWebKit/530.5 (KHTML, like Gecko) Chrome/2.0.172.39 Safari/530.5"
218.55.227.145 - - [12/Aug/2009:05:39:20 -0400] "GET /logs/access_log.Q109051700/main.php?dir=http://www.wdiet.co.kr/img/file/dot.gif?? HTTP/1.1" 404 233 "-" "Mozilla/5.0 (compatible; Konqueror/3.1-rc3; i686 Linux; 20020515)"
218.55.227.145 - - [12/Aug/2009:05:39:20 -0400] "GET /main.php?dir=http://www.wdiet.co.kr/img/file/dot.gif?? HTTP/1.1" 404 206 "-" "Mozilla/5.0 (compatible; Konqueror/3.1-rc3; i686 Linux; 20020515)"
218.55.227.145 - - [12/Aug/2009:05:39:20 -0400] "GET /logs/main.php?dir=http://www.wdiet.co.kr/img/file/dot.gif?? HTTP/1.1" 404 211 "-" "Mozilla/5.0 (compatible; Konqueror/3.1-rc3; i686 Linux; 20020515)"
209.59.12.99 - - [12/Aug/2009:05:39:42 -0400] "GET / HTTP/1.0" 200 409 "-" "check_http/1.81 (nagios-plugins 1.4)"
218.27.203.107 - - [12/Aug/2009:05:39:48 -0400] "GET /logs/access_log.Q109062400///main.php?page=http://www.sanagustin.edu.bo/modules/copyright.txt? HTTP/1.1" 404 235 "-" "Mozilla/5.0"
218.27.203.107 - - [12/Aug/2009:05:39:48 -0400] "GET /logs/access_log.Q109051300///main.php?page=http://www.sanagustin.edu.bo/modules/copyright.txt? HTTP/1.1" 404 235 "-" "Mozilla/5.0"
117.110.74.195 - - [12/Aug/2009:05:40:02 -0400] "GET /logs/access_log.Q109072500/webanalyse/words.php?action=delNoise&word=to//faqsupport/samplefaqsupport.php?path[docroot]=http://www.kwangsung.es.kr//UserFiles/shirohige/zfxid.txt?? HTTP/1.1" 404 245 "-" "Mozilla/5.0"
64.27.6.186 - - [12/Aug/2009:05:40:12 -0400] "GET /logs/access_log.Q109070900//component/option,com_weblinks/Itemid,23//index2?mosConfig_absolute_path=http://tikihub.com/media/video/log/copyright.txt???? HTTP/1.1" 404 273 "-" "Mozilla/5.0"
117.110.74.195 - - [12/Aug/2009:05:40:21 -0400] "GET /logs/access_log.Q109061500/webanalyse/words.php?action=delNoise&word=to//faqsupport/samplefaqsupport.php?path[docroot]=http://www.kwangsung.es.kr//UserFiles/shirohige/zfxid.txt?? HTTP/1.1" 404 245 "-" "Mozilla/5.0"
216.120.237.150 - - [12/Aug/2009:05:40:24 -0400] "GET /logs/access_log.Q109063000//skin/zero_vote/ask_password.php?dir=http://www.oiluk.net/cache/cache_94afbfb2f291e0bf253fcf222e9d238e_180836f9b956ab9d91a50f9add968699?? HTTP/1.1" 404 257 "-" "libwww-perl/5.811"
216.120.237.150 - - [12/Aug/2009:05:40:24 -0400] "GET //skin/zero_vote/ask_password.php?dir=http://www.oiluk.net/cache/cache_94afbfb2f291e0bf253fcf222e9d238e_180836f9b956ab9d91a50f9add968699?? HTTP/1.1" 404 230 "-" "libwww-perl/5.811"
216.120.237.150 - - [12/Aug/2009:05:40:25 -0400] "GET /logs//skin/zero_vote/ask_password.php?dir=http://www.oiluk.net/cache/cache_94afbfb2f291e0bf253fcf222e9d238e_180836f9b956ab9d91a50f9add968699?? HTTP/1.1" 404 235 "-" "libwww-perl/5.811"
64.27.6.186 - - [12/Aug/2009:05:40:50 -0400] "GET /logs/access_log.Q109051200//component/option,com_weblinks/Itemid,23//index2?mosConfig_absolute_path=http://tikihub.com/media/video/log/copyright.txt???? HTTP/1.1" 404 273 "-" "Mozilla/5.0"
211.202.2.220 - - [12/Aug/2009:05:41:08 -0400] "GET /logs//index-path.txt/index1.php//doceboCms/class/class.dashboard_cms.php?where_framework=http://assess.vet.cmu.ac.th//m1.gif?? HTTP/1.1" 404 270 "-" "Mozilla/5.0"
211.202.2.220 - - [12/Aug/2009:05:41:08 -0400] "GET //index-path.txt/index1.php//doceboCms/class/class.dashboard_cms.php?where_framework=http://assess.vet.cmu.ac.th//m1.gif?? HTTP/1.1" 404 265 "-" "Mozilla/5.0"
211.202.2.220 - - [12/Aug/2009:05:41:08 -0400] "GET /logs/access_log.Q109061800//index-path.txt/index1.php//doceboCms/class/class.dashboard_cms.php?where_framework=http://assess.vet.cmu.ac.th//m1.gif?? HTTP/1.1" 404 292 "-" "Mozilla/5.0"
211.202.2.220 - - [12/Aug/2009:05:41:08 -0400] "GET /logs/access_log.Q109051600//index-path.txt/index1.php//doceboCms/class/class.dashboard_cms.php?where_framework=http://assess.vet.cmu.ac.th//m1.gif?? HTTP/1.1" 404 292 "-" "Mozilla/5.0"
211.202.2.220 - - [12/Aug/2009:05:41:08 -0400] "GET /logs//index-path.txt/index1.php//doceboCms/class/class.dashboard_cms.php?where_framework=http://assess.vet.cmu.ac.th//m1.gif?? HTTP/1.1" 404 270 "-" "Mozilla/5.0"
211.202.2.220 - - [12/Aug/2009:05:41:08 -0400] "GET //index-path.txt/index1.php//doceboCms/class/class.dashboard_cms.php?where_framework=http://assess.vet.cmu.ac.th//m1.gif?? HTTP/1.1" 404 265 "-" "Mozilla/5.0"
211.202.2.220 - - [12/Aug/2009:05:41:08 -0400] "GET /logs/access_log.Q109061800//index-path.txt/index1.php//doceboCms/class/class.dashboard_cms.php?where_framework=http://assess.vet.cmu.ac.th//m1.gif?? HTTP/1.1" 404 292 "-" "Mozilla/5.0"
211.202.2.220 - - [12/Aug/2009:05:41:08 -0400] "GET /logs/access_log.Q109051600//index-path.txt/index1.php//doceboCms/class/class.dashboard_cms.php?where_framework=http://assess.vet.cmu.ac.th//m1.gif?? HTTP/1.1" 404 292 "-" "Mozilla/5.0"
218.55.227.145 - - [12/Aug/2009:05:41:38 -0400] "GET /logs/access_log.Q109051800/main.php?dir=http://www.wdiet.co.kr/img/file/dot.gif?? HTTP/1.1" 404 233 "-" "Mozilla/5.0 (compatible; Konqueror/3.1-rc3; i686 Linux; 20020515)"
82.215.25.104 - - [12/Aug/2009:05:41:39 -0400] "POST /cgi-bin/lansaweb?procfun+wordpr01+webfunc+M37+funcparms+WEBKEY(A0100):QSEARCH+IRADIO(A0010):D+QSRKEY(A0300):intra%20lock HTTP/1.1" 200 38020 "http://www.acesurgical.com/products.html" "Mozilla/4.0 (compatible; MSIE 8.0; Windows NT 5.1; Trident/4.0; .NET CLR 1.1.4322)"
82.215.25.104 - - [12/Aug/2009:05:41:44 -0400] "GET /images/head_aceLogo.gif HTTP/1.1" 200 984 "http://www.aceonlinestore.com/cgi-bin/lansaweb?procfun+wordpr01+webfunc+M37+funcparms+WEBKEY(A0100):QSEARCH+IRADIO(A0010):D+QSRKEY(A0300):intra lock" "Mozilla/4.0 (compatible; MSIE 8.0; Windows NT 5.1; Trident/4.0; .NET CLR 1.1.4322)"
82.215.25.104 - - [12/Aug/2009:05:41:44 -0400] "GET /images/head_btn-products.gif HTTP/1.1" 200 1531 "http://www.aceonlinestore.com/cgi-bin/lansaweb?procfun+wordpr01+webfunc+M37+funcparms+WEBKEY(A0100):QSEARCH+IRADIO(A0010):D+QSRKEY(A0300):intra lock" "Mozilla/4.0 (compatible; MSIE 8.0; Windows NT 5.1; Trident/4.0; .NET CLR 1.1.4322)"
82.215.25.104 - - [12/Aug/2009:05:41:44 -0400] "GET /images/head_btn-brochures.gif HTTP/1.1" 200 1768 "http://www.aceonlinestore.com/cgi-bin/lansaweb?procfun+wordpr01+webfunc+M37+funcparms+WEBKEY(A0100):QSEARCH+IRADIO(A0010):D+QSRKEY(A0300):intra lock" "Mozilla/4.0 (compatible; MSIE 8.0; Windows NT 5.1; Trident/4.0; .NET CLR 1.1.4322)"
82.215.25.104 - - [12/Aug/2009:05:41:44 -0400] "GET /images/head_btn-catalogs.gif HTTP/1.1" 200 1729 "http://www.aceonlinestore.com/cgi-bin/lansaweb?procfun+wordpr01+webfunc+M37+funcparms+WEBKEY(A0100):QSEARCH+IRADIO(A0010):D+QSRKEY(A0300):intra lock" "Mozilla/4.0 (compatible; MSIE 8.0; Windows NT 5.1; Trident/4.0; .NET CLR 1.1.4322)"
82.215.25.104 - - [12/Aug/2009:05:41:44 -0400] "GET /images/head_btn-space1.gif HTTP/1.1" 200 5036 "http://www.aceonlinestore.com/cgi-bin/lansaweb?procfun+wordpr01+webfunc+M37+funcparms+WEBKEY(A0100):QSEARCH+IRADIO(A0010):D+QSRKEY(A0300):intra lock" "Mozilla/4.0 (compatible; MSIE 8.0; Windows NT 5.1; Trident/4.0; .NET CLR 1.1.4322)"
82.215.25.104 - - [12/Aug/2009:05:41:44 -0400] "GET /images/head_btn-shop.gif HTTP/1.1" 200 1970 "http://www.aceonlinestore.com/cgi-bin/lansaweb?procfun+wordpr01+webfunc+M37+funcparms+WEBKEY(A0100):QSEARCH+IRADIO(A0010):D+QSRKEY(A0300):intra lock" "Mozilla/4.0 (compatible; MSIE 8.0; Windows NT 5.1; Trident/4.0; .NET CLR 1.1.4322)"
82.215.25.104 - - [12/Aug/2009:05:41:44 -0400] "GET /images/head_surgical-supply.gif HTTP/1.1" 200 764 "http://www.aceonlinestore.com/cgi-bin/lansaweb?procfun+wordpr01+webfunc+M37+funcparms+WEBKEY(A0100):QSEARCH+IRADIO(A0010):D+QSRKEY(A0300):intra lock" "Mozilla/4.0 (compatible; MSIE 8.0; Windows NT 5.1; Trident/4.0; .NET CLR 1.1.4322)"
82.215.25.104 - - [12/Aug/2009:05:41:44 -0400] "GET /images/head_btn-tutorials.gif HTTP/1.1" 200 1160 "http://www.aceonlinestore.com/cgi-bin/lansaweb?procfun+wordpr01+webfunc+M37+funcparms+WEBKEY(A0100):QSEARCH+IRADIO(A0010):D+QSRKEY(A0300):intra lock" "Mozilla/4.0 (compatible; MSIE 8.0; Windows NT 5.1; Trident/4.0; .NET CLR 1.1.4322)"
82.215.25.104 - - [12/Aug/2009:05:41:44 -0400] "GET /images/head_btn-aboutUs.gif HTTP/1.1" 200 1459 "http://www.aceonlinestore.com/cgi-bin/lansaweb?procfun+wordpr01+webfunc+M37+funcparms+WEBKEY(A0100):QSEARCH+IRADIO(A0010):D+QSRKEY(A0300):intra lock" "Mozilla/4.0 (compatible; MSIE 8.0; Windows NT 5.1; Trident/4.0; .NET CLR 1.1.4322)"
82.215.25.104 - - [12/Aug/2009:05:41:44 -0400] "GET /images/head_btn-seminars.gif HTTP/1.1" 200 1250 "http://www.aceonlinestore.com/cgi-bin/lansaweb?procfun+wordpr01+webfunc+M37+funcparms+WEBKEY(A0100):QSEARCH+IRADIO(A0010):D+QSRKEY(A0300):intra lock" "Mozilla/4.0 (compatible; MSIE 8.0; Windows NT 5.1; Trident/4.0; .NET CLR 1.1.4322)"
82.215.25.104 - - [12/Aug/2009:05:41:44 -0400] "GET /images/head_btn-conventions.gif HTTP/1.1" 200 1367 "http://www.aceonlinestore.com/cgi-bin/lansaweb?procfun+wordpr01+webfunc+M37+funcparms+WEBKEY(A0100):QSEARCH+IRADIO(A0010):D+QSRKEY(A0300):intra lock" "Mozilla/4.0 (compatible; MSIE 8.0; Windows NT 5.1; Trident/4.0; .NET CLR 1.1.4322)"
82.215.25.104 - - [12/Aug/2009:05:41:44 -0400] "GET /images/head_btn-contactUs.gif HTTP/1.1" 200 1235 "http://www.aceonlinestore.com/cgi-bin/lansaweb?procfun+wordpr01+webfunc+M37+funcparms+WEBKEY(A0100):QSEARCH+IRADIO(A0010):D+QSRKEY(A0300):intra lock" "Mozilla/4.0 (compatible; MSIE 8.0; Windows NT 5.1; Trident/4.0; .NET CLR 1.1.4322)"
82.215.25.104 - - [12/Aug/2009:05:41:44 -0400] "GET /images/head_btn-spacer2.gif HTTP/1.1" 200 2237 "http://www.aceonlinestore.com/cgi-bin/lansaweb?procfun+wordpr01+webfunc+M37+funcparms+WEBKEY(A0100):QSEARCH+IRADIO(A0010):D+QSRKEY(A0300):intra lock" "Mozilla/4.0 (compatible; MSIE 8.0; Windows NT 5.1; Trident/4.0; .NET CLR 1.1.4322)"
82.215.25.104 - - [12/Aug/2009:05:41:45 -0400] "GET /images/blend.jpg HTTP/1.1" 200 405 "http://www.aceonlinestore.com/cgi-bin/lansaweb?procfun+wordpr01+webfunc+M37+funcparms+WEBKEY(A0100):QSEARCH+IRADIO(A0010):D+QSRKEY(A0300):intra lock" "Mozilla/4.0 (compatible; MSIE 8.0; Windows NT 5.1; Trident/4.0; .NET CLR 1.1.4322)"
82.215.25.104 - - [12/Aug/2009:05:41:46 -0400] "GET /images/head_aceLogo-over.gif HTTP/1.1" 200 1296 "http://www.aceonlinestore.com/cgi-bin/lansaweb?procfun+wordpr01+webfunc+M37+funcparms+WEBKEY(A0100):QSEARCH+IRADIO(A0010):D+QSRKEY(A0300):intra lock" "Mozilla/4.0 (compatible; MSIE 8.0; Windows NT 5.1; Trident/4.0; .NET CLR 1.1.4322)"
82.215.25.104 - - [12/Aug/2009:05:41:46 -0400] "GET /images/head_btn-shop-over.gif HTTP/1.1" 200 1473 "http://www.aceonlinestore.com/cgi-bin/lansaweb?procfun+wordpr01+webfunc+M37+funcparms+WEBKEY(A0100):QSEARCH+IRADIO(A0010):D+QSRKEY(A0300):intra lock" "Mozilla/4.0 (compatible; MSIE 8.0; Windows NT 5.1; Trident/4.0; .NET CLR 1.1.4322)"
82.215.25.104 - - [12/Aug/2009:05:41:46 -0400] "GET /favicon.ico HTTP/1.1" 404 209 "-" "Mozilla/4.0 (compatible; MSIE 8.0; Windows NT 5.1; Trident/4.0; .NET CLR 1.1.4322)"
82.215.25.104 - - [12/Aug/2009:05:41:46 -0400] "GET /images/head_btn-products-over.gif HTTP/1.1" 200 1396 "http://www.aceonlinestore.com/cgi-bin/lansaweb?procfun+wordpr01+webfunc+M37+funcparms+WEBKEY(A0100):QSEARCH+IRADIO(A0010):D+QSRKEY(A0300):intra lock" "Mozilla/4.0 (compatible; MSIE 8.0; Windows NT 5.1; Trident/4.0; .NET CLR 1.1.4322)"
82.215.25.104 - - [12/Aug/2009:05:41:46 -0400] "GET /images/head_btn-catalog-over.gif HTTP/1.1" 200 1354 "http://www.aceonlinestore.com/cgi-bin/lansaweb?procfun+wordpr01+webfunc+M37+funcparms+WEBKEY(A0100):QSEARCH+IRADIO(A0010):D+QSRKEY(A0300):intra lock" "Mozilla/4.0 (compatible; MSIE 8.0; Windows NT 5.1; Trident/4.0; .NET CLR 1.1.4322)"
82.215.25.104 - - [12/Aug/2009:05:41:46 -0400] "GET /images/head_btn-brochures-over.gif HTTP/1.1" 200 1392 "http://www.aceonlinestore.com/cgi-bin/lansaweb?procfun+wordpr01+webfunc+M37+funcparms+WEBKEY(A0100):QSEARCH+IRADIO(A0010):D+QSRKEY(A0300):intra lock" "Mozilla/4.0 (compatible; MSIE 8.0; Windows NT 5.1; Trident/4.0; .NET CLR 1.1.4322)"
82.215.25.104 - - [12/Aug/2009:05:41:46 -0400] "GET /images/head_btn-aboutUs-over.gif HTTP/1.1" 200 1156 "http://www.aceonlinestore.com/cgi-bin/lansaweb?procfun+wordpr01+webfunc+M37+funcparms+WEBKEY(A0100):QSEARCH+IRADIO(A0010):D+QSRKEY(A0300):intra lock" "Mozilla/4.0 (compatible; MSIE 8.0; Windows NT 5.1; Trident/4.0; .NET CLR 1.1.4322)"
82.215.25.104 - - [12/Aug/2009:05:41:46 -0400] "GET /images/head_btn-tutorials-over.gif HTTP/1.1" 200 1097 "http://www.aceonlinestore.com/cgi-bin/lansaweb?procfun+wordpr01+webfunc+M37+funcparms+WEBKEY(A0100):QSEARCH+IRADIO(A0010):D+QSRKEY(A0300):intra lock" "Mozilla/4.0 (compatible; MSIE 8.0; Windows NT 5.1; Trident/4.0; .NET CLR 1.1.4322)"
219.85.63.226 - - [12/Aug/2009:05:41:46 -0400] "GET //newspublish/include.php?path%5Bdocroot%5D=http://www.taraxacum.nl/htdocs//cache/z1?? HTTP/1.1" 404 222 "-" "Mozilla/5.0"
82.215.25.104 - - [12/Aug/2009:05:41:47 -0400] "GET /images/head_btn-seminars-over.gif HTTP/1.1" 200 1089 "http://www.aceonlinestore.com/cgi-bin/lansaweb?procfun+wordpr01+webfunc+M37+funcparms+WEBKEY(A0100):QSEARCH+IRADIO(A0010):D+QSRKEY(A0300):intra lock" "Mozilla/4.0 (compatible; MSIE 8.0; Windows NT 5.1; Trident/4.0; .NET CLR 1.1.4322)"
219.85.63.226 - - [12/Aug/2009:05:41:47 -0400] "GET /logs/access_log.Q109071300%20%20//newspublish/include.php?path%5Bdocroot%5D=http://www.taraxacum.nl/htdocs//cache/z1?? HTTP/1.1" 404 251 "-" "Mozilla/5.0"
219.85.63.226 - - [12/Aug/2009:05:41:47 -0400] "GET /logs//newspublish/include.php?path%5Bdocroot%5D=http://www.taraxacum.nl/htdocs//cache/z1?? HTTP/1.1" 404 227 "-" "Mozilla/5.0"
82.215.25.104 - - [12/Aug/2009:05:41:47 -0400] "GET /images/head_btn-conventions-over.gif HTTP/1.1" 200 1195 "http://www.aceonlinestore.com/cgi-bin/lansaweb?procfun+wordpr01+webfunc+M37+funcparms+WEBKEY(A0100):QSEARCH+IRADIO(A0010):D+QSRKEY(A0300):intra lock" "Mozilla/4.0 (compatible; MSIE 8.0; Windows NT 5.1; Trident/4.0; .NET CLR 1.1.4322)"
82.215.25.104 - - [12/Aug/2009:05:41:47 -0400] "GET /images/head_btn-contactUs-over.gif HTTP/1.1" 200 1110 "http://www.aceonlinestore.com/cgi-bin/lansaweb?procfun+wordpr01+webfunc+M37+funcparms+WEBKEY(A0100):QSEARCH+IRADIO(A0010):D+QSRKEY(A0300):intra lock" "Mozilla/4.0 (compatible; MSIE 8.0; Windows NT 5.1; Trident/4.0; .NET CLR 1.1.4322)"
219.85.63.226 - - [12/Aug/2009:05:41:47 -0400] "GET /logs/access_log.Q109051800%20%20//newspublish/include.php?path%5Bdocroot%5D=http://www.taraxacum.nl/htdocs//cache/z1?? HTTP/1.1" 404 251 "-" "Mozilla/5.0"
62.128.135.52 - - [12/Aug/2009:05:41:49 -0400] "GET /logs/access_log.Q109063000//skin/zero_vote/ask_password.php?dir=http://www.oiluk.net/cache/cache_94afbfb2f291e0bf253fcf222e9d238e_180836f9b956ab9d91a50f9add968699?? HTTP/1.1" 404 257 "-" "libwww-perl/5.805"
62.128.135.52 - - [12/Aug/2009:05:41:49 -0400] "GET //skin/zero_vote/ask_password.php?dir=http://www.oiluk.net/cache/cache_94afbfb2f291e0bf253fcf222e9d238e_180836f9b956ab9d91a50f9add968699?? HTTP/1.1" 404 230 "-" "libwww-perl/5.805"
62.128.135.52 - - [12/Aug/2009:05:41:49 -0400] "GET /logs//skin/zero_vote/ask_password.php?dir=http://www.oiluk.net/cache/cache_94afbfb2f291e0bf253fcf222e9d238e_180836f9b956ab9d91a50f9add968699?? HTTP/1.1" 404 235 "-" "libwww-perl/5.805"
219.85.63.226 - - [12/Aug/2009:05:41:56 -0400] "GET /logs/access_log.Q109051800%20%20//newspublish/include.php?path%5Bdocroot%5D=http://www.taraxacum.nl/htdocs//cache/z1?? HTTP/1.1" 404 251 "-" "Mozilla/5.0"
219.85.63.226 - - [12/Aug/2009:05:41:59 -0400] "GET /logs/access_log.Q109071300%20%20//newspublish/include.php?path%5Bdocroot%5D=http://www.taraxacum.nl/htdocs//cache/z1?? HTTP/1.1" 404 251 "-" "Mozilla/5.0"
219.85.63.226 - - [12/Aug/2009:05:41:59 -0400] "GET //newspublish/include.php?path%5Bdocroot%5D=http://www.taraxacum.nl/htdocs//cache/z1?? HTTP/1.1" 404 222 "-" "Mozilla/5.0"
219.85.63.226 - - [12/Aug/2009:05:41:59 -0400] "GET /logs//newspublish/include.php?path%5Bdocroot%5D=http://www.taraxacum.nl/htdocs//cache/z1?? HTTP/1.1" 404 227 "-" "Mozilla/5.0"
62.128.135.52 - - [12/Aug/2009:05:42:41 -0400] "GET /logs/error_log.Q109063000//skin/zero_vote/ask_password.php?dir=http://www.oiluk.net/cache/cache_94afbfb2f291e0bf253fcf222e9d238e_180836f9b956ab9d91a50f9add968699?? HTTP/1.1" 404 256 "-" "libwww-perl/5.805"
219.85.63.226 - - [12/Aug/2009:05:42:46 -0400] "GET /logs/access_log.Q109051800//newspublish/include.php?path%5Bdocroot%5D=http://www.taraxacum.nl/htdocs//cache/z1?? HTTP/1.1" 404 249 "-" "Mozilla/5.0"
219.85.63.226 - - [12/Aug/2009:05:42:49 -0400] "GET /logs/access_log.Q109071300//newspublish/include.php?path%5Bdocroot%5D=http://www.taraxacum.nl/htdocs//cache/z1?? HTTP/1.1" 404 249 "-" "Mozilla/5.0"
219.85.63.226 - - [12/Aug/2009:05:42:49 -0400] "GET /logs//newspublish/include.php?path%5Bdocroot%5D=http://www.taraxacum.nl/htdocs//cache/z1?? HTTP/1.1" 404 227 "-" "Mozilla/5.0"
219.85.63.226 - - [12/Aug/2009:05:42:49 -0400] "GET //newspublish/include.php?path%5Bdocroot%5D=http://www.taraxacum.nl/htdocs//cache/z1?? HTTP/1.1" 404 222 "-" "Mozilla/5.0"
67.15.177.55 - - [12/Aug/2009:05:42:50 -0400] "GET /logs/main.php?pagina=http://www.photopark.com/nalog/id1.txt?? HTTP/1.1" 404 211 "-" "Mozilla/5.0"
67.15.177.55 - - [12/Aug/2009:05:42:51 -0400] "GET /logs/access_log.Q109072900/main.php?pagina=http://www.photopark.com/nalog/id1.txt?? HTTP/1.1" 404 233 "-" "Mozilla/5.0"
67.15.177.55 - - [12/Aug/2009:05:42:54 -0400] "GET /main.php?pagina=http://www.photopark.com/nalog/id1.txt?? HTTP/1.1" 404 206 "-" "Mozilla/5.0"
67.15.177.55 - - [12/Aug/2009:05:42:54 -0400] "GET /logs/access_log.Q109072900%20%20/main.php?pagina=http://www.photopark.com/nalog/id1.txt?? HTTP/1.1" 404 235 "-" "Mozilla/5.0"
67.15.177.55 - - [12/Aug/2009:05:42:55 -0400] "GET /main.php?pagina=http://www.photopark.com/nalog/id1.txt?? HTTP/1.1" 404 206 "-" "Mozilla/5.0"
67.15.177.55 - - [12/Aug/2009:05:43:00 -0400] "GET /logs/access_log.Q109072900/main.php?pagina=http://www.photopark.com/nalog/id1.txt?? HTTP/1.1" 404 233 "-" "Mozilla/5.0"
67.15.177.55 - - [12/Aug/2009:05:43:00 -0400] "GET /main.php?pagina=http://www.photopark.com/nalog/id1.txt?? HTTP/1.1" 404 206 "-" "Mozilla/5.0"
67.15.177.55 - - [12/Aug/2009:05:43:00 -0400] "GET /logs/main.php?pagina=http://www.photopark.com/nalog/id1.txt?? HTTP/1.1" 404 211 "-" "Mozilla/5.0"
121.169.189.169 - - [12/Aug/2009:05:43:02 -0400] "POST /CGI-BIN/LANSAWEB?WEBEVENT+L010EA0459405D60013B3092+M37+ENG HTTP/1.1" 200 46051 "http://www.aceonlinestore.com/CGI-BIN/LANSAWEB?WEBEVENT+L010E9F4E91C576004443092+M37+ENG" "Mozilla/5.0 (Windows; U; Windows NT 5.1; en-US) AppleWebKit/530.5 (KHTML, like Gecko) Chrome/2.0.172.39 Safari/530.5"
219.85.63.226 - - [12/Aug/2009:05:43:08 -0400] "GET /logs//newspublish/include.php?path%5Bdocroot%5D=http://www.taraxacum.nl/htdocs//cache/z1?? HTTP/1.1" 404 227 "-" "Mozilla/5.0"
219.85.63.226 - - [12/Aug/2009:05:43:08 -0400] "GET /logs/access_log.Q109071300//newspublish/include.php?path%5Bdocroot%5D=http://www.taraxacum.nl/htdocs//cache/z1?? HTTP/1.1" 404 249 "-" "Mozilla/5.0"
219.85.63.226 - - [12/Aug/2009:05:43:08 -0400] "GET //newspublish/include.php?path%5Bdocroot%5D=http://www.taraxacum.nl/htdocs//cache/z1?? HTTP/1.1" 404 222 "-" "Mozilla/5.0"
219.85.63.226 - - [12/Aug/2009:05:43:08 -0400] "GET /logs/access_log.Q109051800//newspublish/include.php?path%5Bdocroot%5D=http://www.taraxacum.nl/htdocs//cache/z1?? HTTP/1.1" 404 249 "-" "Mozilla/5.0"
67.15.177.55 - - [12/Aug/2009:05:43:09 -0400] "GET /logs/main.php?pagina=http://www.photopark.com/nalog/id1.txt?? HTTP/1.1" 404 211 "-" "Mozilla/5.0"
117.110.74.195 - - [12/Aug/2009:05:44:30 -0400] "GET /logs/access_log.Q109072500/webanalyse/words.php?action=delNoise&word=to//faqsupport/samplefaqsupport.php?path[docroot]=http://www.kwangsung.es.kr//UserFiles/shirohige/zfxid.txt?? HTTP/1.1" 404 245 "-" "Mozilla/5.0"
117.110.74.195 - - [12/Aug/2009:05:44:42 -0400] "GET /logs/access_log.Q109061500/webanalyse/words.php?action=delNoise&word=to//faqsupport/samplefaqsupport.php?path[docroot]=http://www.kwangsung.es.kr//UserFiles/shirohige/zfxid.txt?? HTTP/1.1" 404 245 "-" "Mozilla/5.0"
209.59.12.99 - - [12/Aug/2009:05:44:42 -0400] "GET / HTTP/1.0" 200 409 "-" "check_http/1.81 (nagios-plugins 1.4)"
117.110.74.195 - - [12/Aug/2009:05:44:58 -0400] "GET /logs/access_log.Q109072400//bookmark4u/lostpasswd.php?env%5Binclude_prefix%5D=http://www.kwangsung.es.kr//UserFiles/shirohige/zfxid.txt?? HTTP/1.1" 404 251 "-" "Mozilla/5.0"
117.110.74.195 - - [12/Aug/2009:05:45:41 -0400] "GET /logs/error_log.Q109062300//bookmark4u/lostpasswd.php?env%5Binclude_prefix%5D=http://www.kwangsung.es.kr//UserFiles/shirohige/zfxid.txt?? HTTP/1.1" 404 250 "-" "Mozilla/5.0"
67.15.177.55 - - [12/Aug/2009:05:45:41 -0400] "GET /main.php?pagina=http://www.photopark.com/nalog/id1.txt?? HTTP/1.1" 404 206 "-" "Mozilla/5.0"
67.15.177.55 - - [12/Aug/2009:05:45:41 -0400] "GET /logs/access_log.Q109072900/main.php?pagina=http://www.photopark.com/nalog/id1.txt?? HTTP/1.1" 404 233 "-" "Mozilla/5.0"
67.15.177.55 - - [12/Aug/2009:05:45:41 -0400] "GET /logs/main.php?pagina=http://www.photopark.com/nalog/id1.txt?? HTTP/1.1" 404 211 "-" "Mozilla/5.0"
211.202.2.220 - - [12/Aug/2009:05:45:56 -0400] "GET /logs/access_log.Q109061800%20%20//index-path.txt/index1.php//doceboCms/class/class.dashboard_cms.php?where_framework=http://assess.vet.cmu.ac.th//m1.gif?? HTTP/1.1" 404 294 "-" "Mozilla/5.0"
211.202.2.220 - - [12/Aug/2009:05:46:43 -0400] "GET /logs/access_log.Q109061800%20%20//index-path.txt/index1.php//doceboCms/class/class.dashboard_cms.php?where_framework=http://assess.vet.cmu.ac.th//m1.gif?? HTTP/1.1" 404 294 "-" "Mozilla/5.0"
211.202.2.220 - - [12/Aug/2009:05:46:48 -0400] "GET /logs/access_log.Q109062100%20%20//index-path.txt/index1.php//doceboCms/class/class.dashboard_cms.php?where_framework=http://assess.vet.cmu.ac.th//m1.gif?? HTTP/1.1" 404 294 "-" "Mozilla/5.0"
211.202.2.220 - - [12/Aug/2009:05:46:52 -0400] "GET /logs/access_log.Q109062100%20%20//index-path.txt/index1.php//doceboCms/class/class.dashboard_cms.php?where_framework=http://assess.vet.cmu.ac.th//m1.gif?? HTTP/1.1" 404 294 "-" "Mozilla/5.0"
128.241.53.238 - - [12/Aug/2009:05:47:18 -0400] "GET /logs/access_log.Q109070900//component/option,com_weblinks/Itemid,23//index2?mosConfig_absolute_path=http://tikihub.com/media/video/log/copyright.txt???? HTTP/1.1" 404 273 "-" "Mozilla/5.0"
62.128.135.52 - - [12/Aug/2009:05:47:28 -0400] "GET /logs/error_log.Q109061400//components/com_comprofiler/plugin.class.php?mosConfig_absolute_path=http://www.oiluk.net/cache/cache_94afbfb2f291e0bf253fcf222e9d238e_180836f9b956ab9d91a50f9add968699?? HTTP/1.1" 404 268 "-" "libwww-perl/5.805"
62.128.135.52 - - [12/Aug/2009:05:47:28 -0400] "GET //components/com_comprofiler/plugin.class.php?mosConfig_absolute_path=http://www.oiluk.net/cache/cache_94afbfb2f291e0bf253fcf222e9d238e_180836f9b956ab9d91a50f9add968699?? HTTP/1.1" 404 242 "-" "libwww-perl/5.805"
62.128.135.52 - - [12/Aug/2009:05:47:28 -0400] "GET /logs//components/com_comprofiler/plugin.class.php?mosConfig_absolute_path=http://www.oiluk.net/cache/cache_94afbfb2f291e0bf253fcf222e9d238e_180836f9b956ab9d91a50f9add968699?? HTTP/1.1" 404 247 "-" "libwww-perl/5.805"
67.218.116.132 - - [12/Aug/2009:05:47:59 -0400] "GET /logs/error_log.Q108091800 HTTP/1.0" 404 223 "-" "Mozilla/5.0 (Twiceler-0.9 http://www.cuil.com/twiceler/robot.html)"
117.110.74.195 - - [12/Aug/2009:05:48:10 -0400] "GET /logs/access_log.Q109072400//bookmark4u/lostpasswd.php?env%5Binclude_prefix%5D=http://www.kwangsung.es.kr//UserFiles/shirohige/zfxid.txt?? HTTP/1.1" 404 251 "-" "Mozilla/5.0"
128.241.53.238 - - [12/Aug/2009:05:48:57 -0400] "GET /logs/access_log.Q109051200//component/option,com_weblinks/Itemid,23//index2?mosConfig_absolute_path=http://tikihub.com/media/video/log/copyright.txt???? HTTP/1.1" 404 273 "-" "Mozilla/5.0"
117.110.74.195 - - [12/Aug/2009:05:49:15 -0400] "GET /logs/error_log.Q109062300//bookmark4u/lostpasswd.php?env%5Binclude_prefix%5D=http://www.kwangsung.es.kr//UserFiles/shirohige/zfxid.txt?? HTTP/1.1" 404 250 "-" "Mozilla/5.0"
209.59.12.99 - - [12/Aug/2009:05:49:42 -0400] "GET / HTTP/1.0" 200 409 "-" "check_http/1.81 (nagios-plugins 1.4)"
216.120.237.150 - - [12/Aug/2009:05:51:03 -0400] "GET //components/com_comprofiler/plugin.class.php?mosConfig_absolute_path=http://www.oiluk.net/cache/cache_94afbfb2f291e0bf253fcf222e9d238e_180836f9b956ab9d91a50f9add968699?? HTTP/1.1" 404 242 "-" "libwww-perl/5.811"
216.120.237.150 - - [12/Aug/2009:05:51:04 -0400] "GET /logs//components/com_comprofiler/plugin.class.php?mosConfig_absolute_path=http://www.oiluk.net/cache/cache_94afbfb2f291e0bf253fcf222e9d238e_180836f9b956ab9d91a50f9add968699?? HTTP/1.1" 404 247 "-" "libwww-perl/5.811"
216.120.237.150 - - [12/Aug/2009:05:51:04 -0400] "GET /logs/error_log.Q109061400//components/com_comprofiler/plugin.class.php?mosConfig_absolute_path=http://www.oiluk.net/cache/cache_94afbfb2f291e0bf253fcf222e9d238e_180836f9b956ab9d91a50f9add968699?? HTTP/1.1" 404 268 "-" "libwww-perl/5.811"
117.110.74.195 - - [12/Aug/2009:05:51:29 -0400] "GET /logs///administrator/components/com_virtuemart/export.php?mosConfig_absolute_path=http://www.sanagustin.edu.bo/modules/copyright.txt? HTTP/1.1" 404 255 "-" "Mozilla/5.0"
117.110.74.195 - - [12/Aug/2009:05:51:29 -0400] "GET /logs/error_log.Q109061000///administrator/components/com_virtuemart/export.php?mosConfig_absolute_path=http://www.sanagustin.edu.bo/modules/copyright.txt? HTTP/1.1" 404 276 "-" "Mozilla/5.0"
117.110.74.195 - - [12/Aug/2009:05:51:29 -0400] "GET /logs/access_log.Q109062400///administrator/components/com_virtuemart/export.php?mosConfig_absolute_path=http://www.sanagustin.edu.bo/modules/copyright.txt? HTTP/1.1" 404 277 "-" "Mozilla/5.0"
67.218.116.132 - - [12/Aug/2009:05:51:55 -0400] "GET /logs/error_log.Q108102400 HTTP/1.0" 404 223 "-" "Mozilla/5.0 (Twiceler-0.9 http://www.cuil.com/twiceler/robot.html)"
67.218.116.164 - - [12/Aug/2009:05:52:38 -0400] "GET /logs/error_log.Q107071800 HTTP/1.0" 404 223 "-" "Mozilla/5.0 (Twiceler-0.9 http://www.cuil.com/twiceler/robot.html)"
117.110.74.195 - - [12/Aug/2009:05:54:12 -0400] "GET /logs/access_log.Q109062400%20%20///administrator/components/com_virtuemart/export.php?mosConfig_absolute_path=http://www.sanagustin.edu.bo/modules/copyright.txt? HTTP/1.1" 404 279 "-" "Mozilla/5.0"
117.110.74.195 - - [12/Aug/2009:05:54:12 -0400] "GET /logs/error_log.Q109061000%20%20///administrator/components/com_virtuemart/export.php?mosConfig_absolute_path=http://www.sanagustin.edu.bo/modules/copyright.txt? HTTP/1.1" 404 278 "-" "Mozilla/5.0"
61.100.186.87 - - [12/Aug/2009:05:54:43 -0400] "GET /logs/access_log.Q109070300//?sIncPath=http://www.bernardyni.ofm.pl/bernardyni/cgi-bin/das/fxid.txt? HTTP/1.1" 404 226 "-" "Mozilla/5.0"
61.100.186.87 - - [12/Aug/2009:05:54:43 -0400] "GET //?sIncPath=http://www.bernardyni.ofm.pl/bernardyni/cgi-bin/das/fxid.txt? HTTP/1.1" 200 452 "-" "Mozilla/5.0"
61.100.186.87 - - [12/Aug/2009:05:54:43 -0400] "GET /logs//?sIncPath=http://www.bernardyni.ofm.pl/bernardyni/cgi-bin/das/fxid.txt? HTTP/1.1" 200 13349 "-" "Mozilla/5.0"
209.59.12.99 - - [12/Aug/2009:05:55:22 -0400] "GET / HTTP/1.0" 200 409 "-" "check_http/1.81 (nagios-plugins 1.4)"
218.27.203.107 - - [12/Aug/2009:05:55:26 -0400] "GET /logs///administrator/components/com_virtuemart/export.php?mosConfig_absolute_path=http://www.sanagustin.edu.bo/modules/copyright.txt? HTTP/1.1" 404 255 "-" "Mozilla/5.0"
218.27.203.107 - - [12/Aug/2009:05:55:26 -0400] "GET /logs/access_log.Q109062400///administrator/components/com_virtuemart/export.php?mosConfig_absolute_path=http://www.sanagustin.edu.bo/modules/copyright.txt? HTTP/1.1" 404 277 "-" "Mozilla/5.0"
218.27.203.107 - - [12/Aug/2009:05:55:26 -0400] "GET /logs/error_log.Q109061000///administrator/components/com_virtuemart/export.php?mosConfig_absolute_path=http://www.sanagustin.edu.bo/modules/copyright.txt? HTTP/1.1" 404 276 "-" "Mozilla/5.0"
119.245.138.143 - - [12/Aug/2009:05:56:22 -0400] "GET /logs/access_log.Q109062900////?_SERVER[DOCUMENT_ROOT]=http://www.holytrinityparish.org/calndr_set/id1.txt? HTTP/1.1" 404 228 "-" "Mozilla/5.0"
119.245.138.143 - - [12/Aug/2009:05:56:22 -0400] "GET ////?_SERVER[DOCUMENT_ROOT]=http://www.holytrinityparish.org/calndr_set/id1.txt? HTTP/1.1" 200 454 "-" "Mozilla/5.0"
119.245.138.143 - - [12/Aug/2009:05:56:22 -0400] "GET /logs////?_SERVER[DOCUMENT_ROOT]=http://www.holytrinityparish.org/calndr_set/id1.txt? HTTP/1.1" 200 13351 "-" "Mozilla/5.0"
119.245.138.143 - - [12/Aug/2009:05:56:22 -0400] "GET /logs/access_log.Q109071400////?_SERVER[DOCUMENT_ROOT]=http://www.holytrinityparish.org/calndr_set/id1.txt? HTTP/1.1" 404 228 "-" "Mozilla/5.0"
67.218.116.164 - - [12/Aug/2009:05:56:25 -0400] "GET /logs/error_log.Q107090300 HTTP/1.0" 404 223 "-" "Mozilla/5.0 (Twiceler-0.9 http://www.cuil.com/twiceler/robot.html)"
218.27.203.107 - - [12/Aug/2009:05:57:55 -0400] "GET /logs/access_log.Q109062400%20%20///administrator/components/com_virtuemart/export.php?mosConfig_absolute_path=http://www.sanagustin.edu.bo/modules/copyright.txt? HTTP/1.1" 404 279 "-" "Mozilla/5.0"
218.27.203.107 - - [12/Aug/2009:05:57:55 -0400] "GET /logs/error_log.Q109061000%20%20///administrator/components/com_virtuemart/export.php?mosConfig_absolute_path=http://www.sanagustin.edu.bo/modules/copyright.txt? HTTP/1.1" 404 278 "-" "Mozilla/5.0"
119.245.138.143 - - [12/Aug/2009:05:58:06 -0400] "GET /logs/access_log.Q109062900%20%20////?_SERVER[DOCUMENT_ROOT]=http://www.holytrinityparish.org/calndr_set/id1.txt? HTTP/1.1" 404 230 "-" "Mozilla/5.0"
119.245.138.143 - - [12/Aug/2009:05:58:13 -0400] "GET /logs/access_log.Q109071400%20%20////?_SERVER[DOCUMENT_ROOT]=http://www.holytrinityparish.org/calndr_set/id1.txt? HTTP/1.1" 404 230 "-" "Mozilla/5.0"
67.218.116.164 - - [12/Aug/2009:05:59:46 -0400] "GET /logs/error_log.Q108061700 HTTP/1.0" 404 223 "-" "Mozilla/5.0 (Twiceler-0.9 http://www.cuil.com/twiceler/robot.html)"
61.100.186.87 - - [12/Aug/2009:06:00:06 -0400] "GET /logs/access_log.Q109070300%20%20//?sIncPath=http://www.bernardyni.ofm.pl/bernardyni/cgi-bin/das/fxid.txt? HTTP/1.1" 404 228 "-" "Mozilla/5.0"
209.59.12.99 - - [12/Aug/2009:06:00:45 -0400] "GET / HTTP/1.0" 200 409 "-" "check_http/1.81 (nagios-plugins 1.4)"
67.218.116.164 - - [12/Aug/2009:06:02:36 -0400] "GET /logs/access_log.Q108042000 HTTP/1.0" 404 224 "-" "Mozilla/5.0 (Twiceler-0.9 http://www.cuil.com/twiceler/robot.html)"
211.202.2.220 - - [12/Aug/2009:06:03:06 -0400] "GET /logs//PNphpBB2/includes/functions_admin.php?phpbb_root_path=http://assess.vet.cmu.ac.th//m1.gif?? HTTP/1.1" 404 241 "-" "Mozilla/5.0"
211.202.2.220 - - [12/Aug/2009:06:03:06 -0400] "GET //PNphpBB2/includes/functions_admin.php?phpbb_root_path=http://assess.vet.cmu.ac.th//m1.gif?? HTTP/1.1" 404 236 "-" "Mozilla/5.0"
211.202.2.220 - - [12/Aug/2009:06:03:06 -0400] "GET /logs/access_log.Q109061900//PNphpBB2/includes/functions_admin.php?phpbb_root_path=http://assess.vet.cmu.ac.th//m1.gif?? HTTP/1.1" 404 263 "-" "Mozilla/5.0"
211.202.2.220 - - [12/Aug/2009:06:03:10 -0400] "GET /logs//PNphpBB2/includes/functions_admin.php?phpbb_root_path=http://assess.vet.cmu.ac.th//m1.gif?? HTTP/1.1" 404 241 "-" "Mozilla/5.0"
211.202.2.220 - - [12/Aug/2009:06:03:10 -0400] "GET //PNphpBB2/includes/functions_admin.php?phpbb_root_path=http://assess.vet.cmu.ac.th//m1.gif?? HTTP/1.1" 404 236 "-" "Mozilla/5.0"
211.202.2.220 - - [12/Aug/2009:06:03:10 -0400] "GET /logs/access_log.Q109061900//PNphpBB2/includes/functions_admin.php?phpbb_root_path=http://assess.vet.cmu.ac.th//m1.gif?? HTTP/1.1" 404 263 "-" "Mozilla/5.0"
211.202.2.220 - - [12/Aug/2009:06:03:12 -0400] "GET /logs/access_log.Q109062900//PNphpBB2/includes/functions_admin.php?phpbb_root_path=http://assess.vet.cmu.ac.th//m1.gif?? HTTP/1.1" 404 263 "-" "Mozilla/5.0"
211.202.2.220 - - [12/Aug/2009:06:03:14 -0400] "GET /logs/access_log.Q109062900//PNphpBB2/includes/functions_admin.php?phpbb_root_path=http://assess.vet.cmu.ac.th//m1.gif?? HTTP/1.1" 404 263 "-" "Mozilla/5.0"
211.202.2.220 - - [12/Aug/2009:06:04:36 -0400] "GET /logs/access_log.Q109062800//PNphpBB2/includes/functions_admin.php?phpbb_root_path=http://assess.vet.cmu.ac.th//m1.gif?? HTTP/1.1" 404 263 "-" "Mozilla/5.0"
211.202.2.220 - - [12/Aug/2009:06:04:36 -0400] "GET /logs/access_log.Q109062800//PNphpBB2/includes/functions_admin.php?phpbb_root_path=http://assess.vet.cmu.ac.th//m1.gif?? HTTP/1.1" 404 263 "-" "Mozilla/5.0"
67.218.116.164 - - [12/Aug/2009:06:04:52 -0400] "GET /logs/access_log.Q107070100 HTTP/1.0" 404 224 "-" "Mozilla/5.0 (Twiceler-0.9 http://www.cuil.com/twiceler/robot.html)"
119.63.193.55 - - [12/Aug/2009:06:05:08 -0400] "GET / HTTP/1.1" 200 409 "-" "Baiduspider+(+http://www.baidu.jp/spider/)"
121.78.116.209 - - [12/Aug/2009:06:05:38 -0400] "GET //components/com_pccookbook/pccookbook.php?mosConfig_absolute_path=http://www.cccsm.org/files/1.txt? HTTP/1.1" 404 239 "-" "Mozilla/5.0"
121.78.116.209 - - [12/Aug/2009:06:05:38 -0400] "GET /logs/access_log.Q109072200//components/com_pccookbook/pccookbook.php?mosConfig_absolute_path=http://www.cccsm.org/files/1.txt? HTTP/1.1" 404 266 "-" "Mozilla/5.0"
121.78.116.209 - - [12/Aug/2009:06:05:38 -0400] "GET /logs//components/com_pccookbook/pccookbook.php?mosConfig_absolute_path=http://www.cccsm.org/files/1.txt? HTTP/1.1" 404 244 "-" "Mozilla/5.0"
209.59.12.99 - - [12/Aug/2009:06:05:47 -0400] "GET / HTTP/1.0" 200 409 "-" "check_http/1.81 (nagios-plugins 1.4)"
121.78.116.209 - - [12/Aug/2009:06:06:05 -0400] "GET /logs/access_log.Q109052200//components/com_pccookbook/pccookbook.php?mosConfig_absolute_path=http://www.cccsm.org/files/1.txt? HTTP/1.1" 404 266 "-" "Mozilla/5.0"
211.234.100.46 - - [12/Aug/2009:06:06:16 -0400] "GET /logs/access_log.Q109060400/index.php?page=http://www.geocities.com/ichaon7_oi/cmd2.txt? HTTP/1.1" 404 234 "-" "libwww-perl/5.63"
211.234.100.46 - - [12/Aug/2009:06:06:16 -0400] "GET /index.php?page=http://www.geocities.com/ichaon7_oi/cmd2.txt? HTTP/1.1" 404 207 "-" "libwww-perl/5.63"
211.234.100.46 - - [12/Aug/2009:06:06:17 -0400] "GET /logs/index.php?page=http://www.geocities.com/ichaon7_oi/cmd2.txt? HTTP/1.1" 404 212 "-" "libwww-perl/5.63"
211.234.100.46 - - [12/Aug/2009:06:06:27 -0400] "GET /logs/access_log.Q109060600/index.php?page=http://www.geocities.com/ichaon7_oi/cmd2.txt? HTTP/1.1" 404 234 "-" "libwww-perl/5.63"
67.218.116.164 - - [12/Aug/2009:06:06:52 -0400] "GET /logs/error_log.Q109020900 HTTP/1.0" 404 223 "-" "Mozilla/5.0 (Twiceler-0.9 http://www.cuil.com/twiceler/robot.html)"
121.78.116.209 - - [12/Aug/2009:06:07:10 -0400] "GET //index.php?option=com_mambatstaff&Itemid=&mosConfig_absolute_path=http://www.cccsm.org/files/1.txt? HTTP/1.1" 404 208 "-" "Mozilla/5.0"
121.78.116.209 - - [12/Aug/2009:06:07:10 -0400] "GET /logs/access_log.Q109070300//index.php?option=com_mambatstaff&Itemid=&mosConfig_absolute_path=http://www.cccsm.org/files/1.txt? HTTP/1.1" 404 235 "-" "Mozilla/5.0"
121.78.116.209 - - [12/Aug/2009:06:07:10 -0400] "GET /logs//index.php?option=com_mambatstaff&Itemid=&mosConfig_absolute_path=http://www.cccsm.org/files/1.txt? HTTP/1.1" 404 213 "-" "Mozilla/5.0"
121.78.116.209 - - [12/Aug/2009:06:07:11 -0400] "GET /logs/access_log.Q109071200//index.php?option=com_mambatstaff&Itemid=&mosConfig_absolute_path=http://www.cccsm.org/files/1.txt? HTTP/1.1" 404 235 "-" "Mozilla/5.0"
195.155.232.36 - - [12/Aug/2009:06:07:43 -0400] "GET /logs//bbs//skin/ggambo7002_board/ask_password.php?dir=http://www.fepro-technik.de/redaxo/include/uiu.txt?? HTTP/1.1" 404 247 "-" "Mozilla/5.0"
195.155.232.36 - - [12/Aug/2009:06:07:43 -0400] "GET /logs/access_log.Q109072200//bbs//skin/ggambo7002_board/ask_password.php?dir=http://www.fepro-technik.de/redaxo/include/uiu.txt?? HTTP/1.1" 404 269 "-" "Mozilla/5.0"
195.155.232.36 - - [12/Aug/2009:06:07:43 -0400] "GET //bbs//skin/ggambo7002_board/ask_password.php?dir=http://www.fepro-technik.de/redaxo/include/uiu.txt?? HTTP/1.1" 404 242 "-" "Mozilla/5.0"
195.155.232.36 - - [12/Aug/2009:06:07:44 -0400] "GET /logs/access_log.Q109072500//bbs//skin/ggambo7002_board/ask_password.php?dir=http://www.fepro-technik.de/redaxo/include/uiu.txt?? HTTP/1.1" 404 269 "-" "Mozilla/5.0"
195.155.232.36 - - [12/Aug/2009:06:08:18 -0400] "GET //bbs//skin/ggambo7002_board/ask_password.php?dir=http://www.fepro-technik.de/redaxo/include/uiu.txt?? HTTP/1.1" 404 242 "-" "Mozilla/5.0"
195.155.232.36 - - [12/Aug/2009:06:08:19 -0400] "GET /logs//bbs//skin/ggambo7002_board/ask_password.php?dir=http://www.fepro-technik.de/redaxo/include/uiu.txt?? HTTP/1.1" 404 247 "-" "Mozilla/5.0"
195.155.232.36 - - [12/Aug/2009:06:08:19 -0400] "GET /logs/access_log.Q109080100//bbs//skin/ggambo7002_board/ask_password.php?dir=http://www.fepro-technik.de/redaxo/include/uiu.txt?? HTTP/1.1" 404 269 "-" "Mozilla/5.0"
195.155.232.36 - - [12/Aug/2009:06:08:33 -0400] "GET /logs/access_log.Q109072200//bbs//skin/ggambo7002_board/ask_password.php?dir=http://www.fepro-technik.de/redaxo/include/uiu.txt?? HTTP/1.1" 404 269 "-" "Mozilla/5.0"
74.70.240.188 - - [12/Aug/2009:06:09:04 -0400] "GET /favicon.ico HTTP/1.1" 404 209 "-" "Mozilla/4.0 (compatible; MSIE 7.0; Windows NT 6.0; SLCC1; .NET CLR 2.0.50727; .NET CLR 3.5.30729; .NET CLR 3.0.30618)"
219.85.63.226 - - [12/Aug/2009:06:10:12 -0400] "GET /logs/modules/PNphpBB2/includes/functions_admin.php?phpbb_root_path=http://www.taraxacum.nl/htdocs//cache/z1?? HTTP/1.1" 404 248 "-" "Mozilla/5.0"
219.85.63.226 - - [12/Aug/2009:06:10:12 -0400] "GET /modules/PNphpBB2/includes/functions_admin.php?phpbb_root_path=http://www.taraxacum.nl/htdocs//cache/z1?? HTTP/1.1" 404 243 "-" "Mozilla/5.0"
219.85.63.226 - - [12/Aug/2009:06:10:12 -0400] "GET /logs/access_log.Q109061900/modules/PNphpBB2/includes/functions_admin.php?phpbb_root_path=http://www.taraxacum.nl/htdocs//cache/z1?? HTTP/1.1" 404 270 "-" "Mozilla/5.0"
219.85.63.226 - - [12/Aug/2009:06:10:12 -0400] "GET /logs/access_log.Q109062900/modules/PNphpBB2/includes/functions_admin.php?phpbb_root_path=http://www.taraxacum.nl/htdocs//cache/z1?? HTTP/1.1" 404 270 "-" "Mozilla/5.0"
219.85.63.226 - - [12/Aug/2009:06:10:15 -0400] "GET /modules/PNphpBB2/includes/functions_admin.php?phpbb_root_path=http://www.taraxacum.nl/htdocs//cache/z1?? HTTP/1.1" 404 243 "-" "Mozilla/5.0"
219.85.63.226 - - [12/Aug/2009:06:10:15 -0400] "GET /logs/access_log.Q109061900/modules/PNphpBB2/includes/functions_admin.php?phpbb_root_path=http://www.taraxacum.nl/htdocs//cache/z1?? HTTP/1.1" 404 270 "-" "Mozilla/5.0"
219.85.63.226 - - [12/Aug/2009:06:10:15 -0400] "GET /logs/modules/PNphpBB2/includes/functions_admin.php?phpbb_root_path=http://www.taraxacum.nl/htdocs//cache/z1?? HTTP/1.1" 404 248 "-" "Mozilla/5.0"
219.85.63.226 - - [12/Aug/2009:06:10:15 -0400] "GET /logs/access_log.Q109062900/modules/PNphpBB2/includes/functions_admin.php?phpbb_root_path=http://www.taraxacum.nl/htdocs//cache/z1?? HTTP/1.1" 404 270 "-" "Mozilla/5.0"
