195.209.236.77 - - [12/Aug/2009:00:24:44 -0400] "GET //include/admin.lib.inc.php?site_path=http://www.edu-math.com/upload_question_images/fx29id1.txt? HTTP/1.1" 404 224 "-" "Mozilla/5.0"
195.209.236.77 - - [12/Aug/2009:00:24:44 -0400] "GET /logs/access_log.Q109051100%20%20//include/admin.lib.inc.php?site_path=http://www.edu-math.com/upload_question_images/fx29id1.txt? HTTP/1.1" 404 253 "-" "Mozilla/5.0"
204.30.3.225 - - [12/Aug/2009:00:25:01 -0400] "GET /logs/access_log.Q109072900%20%20//?path%5Bdocroot%5D=http://mmf.mb.ca/images/stories/folder/pid.txt??? HTTP/1.1" 404 228 "-" "Mozilla/5.0"
94.23.202.64 - - [12/Aug/2009:00:25:03 -0400] "GET /logs/access_log.Q109070800%20%20//kboard/kboard.php?board=notice&act=write&no=3&page=&cid=&mode=reply&act=http://gladvertise.com/advertise//includes/idade1.txt???? HTTP/1.1" 404 245 "-" "Mozilla/5.0"
94.23.202.64 - - [12/Aug/2009:00:25:06 -0400] "GET /logs/access_log.Q109070500%20%20//kboard/kboard.php?board=notice&act=write&no=3&page=&cid=&mode=reply&act=http://gladvertise.com/advertise//includes/idade1.txt???? HTTP/1.1" 404 245 "-" "Mozilla/5.0"
70.85.146.66 - - [12/Aug/2009:00:25:11 -0400] "GET /logs/access_log.Q109070800%20%20//kboard/kboard.php?board=notice&act=write&no=3&page=&cid=&mode=reply&act=http://www.hsm.or.kr/rgboard/data/rhs/idade1.txt??? HTTP/1.1" 404 245 "-" "Mozilla/5.0"
70.85.146.66 - - [12/Aug/2009:00:25:19 -0400] "GET /logs/access_log.Q109070500%20%20//kboard/kboard.php?board=notice&act=write&no=3&page=&cid=&mode=reply&act=http://www.hsm.or.kr/rgboard/data/rhs/idade1.txt??? HTTP/1.1" 404 245 "-" "Mozilla/5.0"
77.221.130.22 - - [12/Aug/2009:00:25:31 -0400] "GET //include/admin.lib.inc.php?site_path=http://www.edu-math.com/upload_question_images/fx29id1.txt? HTTP/1.1" 404 224 "-" "Mozilla/5.0"
77.221.130.22 - - [12/Aug/2009:00:25:31 -0400] "GET /logs//include/admin.lib.inc.php?site_path=http://www.edu-math.com/upload_question_images/fx29id1.txt? HTTP/1.1" 404 229 "-" "Mozilla/5.0"
77.221.130.22 - - [12/Aug/2009:00:25:31 -0400] "GET /logs/access_log.Q109051100%20%20//include/admin.lib.inc.php?site_path=http://www.edu-math.com/upload_question_images/fx29id1.txt? HTTP/1.1" 404 253 "-" "Mozilla/5.0"
200.93.147.154 - - [12/Aug/2009:00:25:42 -0400] "GET /logs/access_log.Q109071300/components/com_colorlab/admin.color.php?mosConfig_live_site=http://h1.ripway.com/arif121/boss.txt??? HTTP/1.1" 404 264 "-" "Mozilla/5.0 (Windows; U; Windows NT 5.1; en-US; rv:1.8) Gecko/20060321 Firefox/2.0a1"
117.110.74.195 - - [12/Aug/2009:00:26:00 -0400] "GET /logs//index.php?autoLoadConfig[999][0][autoType]=include&autoLoadConfig[999][0][loadFile]=http://www.kwangsung.es.kr//UserFiles/shirohige/zfxid.txt?? HTTP/1.1" 404 213 "-" "Mozilla/5.0"
117.110.74.195 - - [12/Aug/2009:00:26:00 -0400] "GET /logs/error_log.Q109050700//index.php?autoLoadConfig[999][0][autoType]=include&autoLoadConfig[999][0][loadFile]=http://www.kwangsung.es.kr//UserFiles/shirohige/zfxid.txt?? HTTP/1.1" 404 234 "-" "Mozilla/5.0"
117.110.74.195 - - [12/Aug/2009:00:26:00 -0400] "GET //index.php?autoLoadConfig[999][0][autoType]=include&autoLoadConfig[999][0][loadFile]=http://www.kwangsung.es.kr//UserFiles/shirohige/zfxid.txt?? HTTP/1.1" 404 208 "-" "Mozilla/5.0"
77.221.130.22 - - [12/Aug/2009:00:26:03 -0400] "GET /logs/access_log.Q109053000%20%20//include/admin.lib.inc.php?site_path=http://www.edu-math.com/upload_question_images/fx29id1.txt? HTTP/1.1" 404 253 "-" "Mozilla/5.0"
93.187.200.218 - - [12/Aug/2009:00:26:41 -0400] "GET /logs//administrator/components/com_joomlaradiov5/admin.joomlaradiov5.php?mosConfig_live_site=http://zetan.fileave.com/zx.txt?? HTTP/1.1" 404 270 "-" "Mozilla/5.0"
93.187.200.218 - - [12/Aug/2009:00:26:41 -0400] "GET //administrator/components/com_joomlaradiov5/admin.joomlaradiov5.php?mosConfig_live_site=http://zetan.fileave.com/zx.txt?? HTTP/1.1" 404 265 "-" "Mozilla/5.0"
93.187.200.218 - - [12/Aug/2009:00:26:41 -0400] "GET /logs/access_log.Q109062100//administrator/components/com_joomlaradiov5/admin.joomlaradiov5.php?mosConfig_live_site=http://zetan.fileave.com/zx.txt?? HTTP/1.1" 404 292 "-" "Mozilla/5.0"
93.187.200.218 - - [12/Aug/2009:00:26:43 -0400] "GET /logs/access_log.Q109062100%20%20//administrator/components/com_joomlaradiov5/admin.joomlaradiov5.php?mosConfig_live_site=http://zetan.fileave.com/zx.txt?? HTTP/1.1" 404 294 "-" "Mozilla/5.0"
93.187.200.218 - - [12/Aug/2009:00:26:43 -0400] "GET /logs//administrator/components/com_joomlaradiov5/admin.joomlaradiov5.php?mosConfig_live_site=http://zetan.fileave.com/zx.txt?? HTTP/1.1" 404 270 "-" "Mozilla/5.0"
93.187.200.218 - - [12/Aug/2009:00:26:43 -0400] "GET //administrator/components/com_joomlaradiov5/admin.joomlaradiov5.php?mosConfig_live_site=http://zetan.fileave.com/zx.txt?? HTTP/1.1" 404 265 "-" "Mozilla/5.0"
93.187.200.218 - - [12/Aug/2009:00:26:44 -0400] "GET /logs/access_log.Q109062100//administrator/components/com_joomlaradiov5/admin.joomlaradiov5.php?mosConfig_live_site=http://zetan.fileave.com/zx.txt?? HTTP/1.1" 404 292 "-" "Mozilla/5.0"
93.187.200.218 - - [12/Aug/2009:00:26:50 -0400] "GET /logs/access_log.Q109062100%20%20//administrator/components/com_joomlaradiov5/admin.joomlaradiov5.php?mosConfig_live_site=http://zetan.fileave.com/zx.txt?? HTTP/1.1" 404 294 "-" "Mozilla/5.0"
93.187.200.218 - - [12/Aug/2009:00:26:51 -0400] "GET /logs/access_log.Q109071700%20%20//administrator/components/com_joomlaradiov5/admin.joomlaradiov5.php?mosConfig_live_site=http://zetan.fileave.com/zx.txt?? HTTP/1.1" 404 294 "-" "Mozilla/5.0"
209.59.12.99 - - [12/Aug/2009:00:27:01 -0400] "GET / HTTP/1.0" 200 409 "-" "check_http/1.81 (nagios-plugins 1.4)"
200.93.147.154 - - [12/Aug/2009:00:27:03 -0400] "GET /logs/access_log.Q109052100/components/com_colorlab/admin.color.php?mosConfig_live_site=http://h1.ripway.com/lena121/cinta.txt??? HTTP/1.1" 404 264 "-" "libwww-perl/5.805"
200.93.147.154 - - [12/Aug/2009:00:27:04 -0400] "GET /components/com_colorlab/admin.color.php?mosConfig_live_site=http://h1.ripway.com/lena121/cinta.txt??? HTTP/1.1" 404 237 "-" "libwww-perl/5.805"
200.93.147.154 - - [12/Aug/2009:00:27:04 -0400] "GET /logs/components/com_colorlab/admin.color.php?mosConfig_live_site=http://h1.ripway.com/lena121/cinta.txt??? HTTP/1.1" 404 242 "-" "libwww-perl/5.805"
211.15.55.45 - - [12/Aug/2009:00:27:11 -0400] "GET /logs/access_log.Q109052200/?_SERVER[DOCUMENT_ROOT]=http://www.spse.com.ar/conexion_db/ec.txt? HTTP/1.1" 404 225 "-" "libwww-perl/5.803"
211.15.55.45 - - [12/Aug/2009:00:27:13 -0400] "GET /?_SERVER[DOCUMENT_ROOT]=http://www.spse.com.ar/conexion_db/ec.txt? HTTP/1.1" 200 409 "-" "libwww-perl/5.803"
195.209.236.77 - - [12/Aug/2009:00:27:14 -0400] "GET /logs/access_log.Q109053000%20%20//include/admin.lib.inc.php?site_path=http://www.edu-math.com/upload_question_images/fx29id1.txt? HTTP/1.1" 404 253 "-" "Mozilla/5.0"
211.15.55.45 - - [12/Aug/2009:00:27:14 -0400] "GET /logs/?_SERVER[DOCUMENT_ROOT]=http://www.spse.com.ar/conexion_db/ec.txt? HTTP/1.1" 200 13344 "-" "libwww-perl/5.803"
72.30.81.182 - - [12/Aug/2009:00:27:38 -0400] "GET /logs/error_log.Q107080900 HTTP/1.0" 404 223 "-" "Mozilla/5.0 (compatible; Yahoo! Slurp/3.0; http://help.yahoo.com/help/us/ysearch/slurp)"
67.15.225.39 - - [12/Aug/2009:00:27:43 -0400] "GET /logs/admin.lib.inc.php?site_path=http://www.geejohn.com/id.txt%0D?? HTTP/1.1" 404 220 "-" "libwww-perl/5.79"
67.15.225.39 - - [12/Aug/2009:00:27:43 -0400] "GET /admin.lib.inc.php?site_path=http://www.geejohn.com/id.txt%0D?? HTTP/1.1" 404 215 "-" "libwww-perl/5.79"
67.15.225.39 - - [12/Aug/2009:00:27:43 -0400] "GET /logs/access_log.Q109061700/admin.lib.inc.php?site_path=http://www.geejohn.com/id.txt%0D?? HTTP/1.1" 404 242 "-" "libwww-perl/5.79"
67.15.225.39 - - [12/Aug/2009:00:27:44 -0400] "GET /logs/access_log.Q109052200/admin.lib.inc.php?site_path=http://www.geejohn.com/id.txt%0D?? HTTP/1.1" 404 242 "-" "libwww-perl/5.79"
77.221.130.22 - - [12/Aug/2009:00:28:02 -0400] "GET /logs/access_log.Q109053000%20%20//include/admin.lib.inc.php?site_path=http://www.edu-math.com/upload_question_images/fx29id1.txt? HTTP/1.1" 404 253 "-" "Mozilla/5.0"
59.127.149.114 - - [12/Aug/2009:00:28:05 -0400] "GET /logs/access_log.Q109070800//kboard/kboard.php?board=notice&act=write&no=3&page=&cid=&mode=reply&act=http://gladvertise.com/advertise//includes/idade1.txt???? HTTP/1.1" 404 243 "-" "Mozilla/5.0"
59.127.149.114 - - [12/Aug/2009:00:28:05 -0400] "GET //kboard/kboard.php?board=notice&act=write&no=3&page=&cid=&mode=reply&act=http://gladvertise.com/advertise//includes/idade1.txt???? HTTP/1.1" 404 216 "-" "Mozilla/5.0"
59.127.149.114 - - [12/Aug/2009:00:28:05 -0400] "GET /logs//kboard/kboard.php?board=notice&act=write&no=3&page=&cid=&mode=reply&act=http://gladvertise.com/advertise//includes/idade1.txt???? HTTP/1.1" 404 221 "-" "Mozilla/5.0"
67.169.0.229 - - [12/Aug/2009:00:28:22 -0400] "GET /images/psearch_go.gif HTTP/1.1" 200 296 "http://acesurgical.com/home.html" "Mozilla/4.0 (compatible; MSIE 8.0; Windows NT 5.1; Trident/4.0; GTB6; Mozilla/4.0 (compatible; MSIE 6.0; Windows NT 5.1; SV1) ; .NET CLR 1.1.4322; .NET CLR 2.0.50727; .NET CLR 3.0.04506.30; .NET CLR 3.0.04506.648; .NET CLR 3.0.4506.2152; .NET CLR 3.5.30729; InfoPath.2)"
67.169.0.229 - - [12/Aug/2009:00:28:22 -0400] "GET /images/login_go.gif HTTP/1.1" 200 296 "http://acesurgical.com/home.html" "Mozilla/4.0 (compatible; MSIE 8.0; Windows NT 5.1; Trident/4.0; GTB6; Mozilla/4.0 (compatible; MSIE 6.0; Windows NT 5.1; SV1) ; .NET CLR 1.1.4322; .NET CLR 2.0.50727; .NET CLR 3.0.04506.30; .NET CLR 3.0.04506.648; .NET CLR 3.0.4506.2152; .NET CLR 3.5.30729; InfoPath.2)"
67.169.0.229 - - [12/Aug/2009:00:28:24 -0400] "GET /images/psearch_go-over.gif HTTP/1.1" 200 302 "http://acesurgical.com/home.html" "Mozilla/4.0 (compatible; MSIE 8.0; Windows NT 5.1; Trident/4.0; GTB6; Mozilla/4.0 (compatible; MSIE 6.0; Windows NT 5.1; SV1) ; .NET CLR 1.1.4322; .NET CLR 2.0.50727; .NET CLR 3.0.04506.30; .NET CLR 3.0.04506.648; .NET CLR 3.0.4506.2152; .NET CLR 3.5.30729; InfoPath.2)"
67.169.0.229 - - [12/Aug/2009:00:28:24 -0400] "GET /images/login_go-over.gif HTTP/1.1" 200 302 "http://acesurgical.com/home.html" "Mozilla/4.0 (compatible; MSIE 8.0; Windows NT 5.1; Trident/4.0; GTB6; Mozilla/4.0 (compatible; MSIE 6.0; Windows NT 5.1; SV1) ; .NET CLR 1.1.4322; .NET CLR 2.0.50727; .NET CLR 3.0.04506.30; .NET CLR 3.0.04506.648; .NET CLR 3.0.4506.2152; .NET CLR 3.5.30729; InfoPath.2)"
114.32.40.221 - - [12/Aug/2009:00:28:41 -0400] "GET /logs//kboard/kboard.php?board=notice&act=write&no=3&page=&cid=&mode=reply&act=http://gladvertise.com/advertise//includes/idade1.txt???? HTTP/1.1" 404 221 "-" "Mozilla/5.0"
114.32.40.221 - - [12/Aug/2009:00:28:41 -0400] "GET //kboard/kboard.php?board=notice&act=write&no=3&page=&cid=&mode=reply&act=http://gladvertise.com/advertise//includes/idade1.txt???? HTTP/1.1" 404 216 "-" "Mozilla/5.0"
114.32.40.221 - - [12/Aug/2009:00:28:41 -0400] "GET /logs/access_log.Q109070800//kboard/kboard.php?board=notice&act=write&no=3&page=&cid=&mode=reply&act=http://gladvertise.com/advertise//includes/idade1.txt???? HTTP/1.1" 404 243 "-" "Mozilla/5.0"
206.225.23.4 - - [12/Aug/2009:00:28:45 -0400] "GET /logs/access_log.Q109051100//modules/My_eGallery/public/displayCategory.php?basepath=http://hannegirls.ms.kr/board/skin/uks_gallery_v2010//id1.txt?? HTTP/1.1" 404 272 "-" "Mozilla/5.0"
64.27.6.186 - - [12/Aug/2009:00:28:48 -0400] "GET /logs/access_log.Q109051100%20%20//?_zb_path=http://tikihub.com/media/video/log/copyright.txt???? HTTP/1.1" 404 228 "-" "Mozilla/5.0"
64.27.6.186 - - [12/Aug/2009:00:28:48 -0400] "GET //?_zb_path=http://tikihub.com/media/video/log/copyright.txt???? HTTP/1.1" 200 452 "-" "Mozilla/5.0"
64.27.6.186 - - [12/Aug/2009:00:28:48 -0400] "GET /logs//?_zb_path=http://tikihub.com/media/video/log/copyright.txt???? HTTP/1.1" 200 13349 "-" "Mozilla/5.0"
70.85.146.66 - - [12/Aug/2009:00:29:04 -0400] "GET /logs/access_log.Q109051600//kboard/kboard.php?board=notice&act=write&no=3&page=&cid=&mode=reply&act=http://www.hsm.or.kr/rgboard/data/rhs/idade1.txt??? HTTP/1.1" 404 243 "-" "Mozilla/5.0"
67.169.0.229 - - [12/Aug/2009:00:29:07 -0400] "POST /cgi-bin/lansaweb?procfun+wordpr01+webfunc+M37+funcparms+WEBKEY(A0100):QSEARCH+IRADIO(A0010):D+QSRKEY(A0300):dental%20film HTTP/1.1" 200 45258 "http://acesurgical.com/products.html" "Mozilla/4.0 (compatible; MSIE 8.0; Windows NT 5.1; Trident/4.0; GTB6; Mozilla/4.0 (compatible; MSIE 6.0; Windows NT 5.1; SV1) ; .NET CLR 1.1.4322; .NET CLR 2.0.50727; .NET CLR 3.0.04506.30; .NET CLR 3.0.04506.648; .NET CLR 3.0.4506.2152; .NET CLR 3.5.30729; InfoPath.2)"
67.169.0.229 - - [12/Aug/2009:00:29:10 -0400] "GET /images/head_aceLogo.gif HTTP/1.1" 200 984 "http://www.aceonlinestore.com/cgi-bin/lansaweb?procfun+wordpr01+webfunc+M37+funcparms+WEBKEY(A0100):QSEARCH+IRADIO(A0010):D+QSRKEY(A0300):dental film" "Mozilla/4.0 (compatible; MSIE 8.0; Windows NT 5.1; Trident/4.0; GTB6; Mozilla/4.0 (compatible; MSIE 6.0; Windows NT 5.1; SV1) ; .NET CLR 1.1.4322; .NET CLR 2.0.50727; .NET CLR 3.0.04506.30; .NET CLR 3.0.04506.648; .NET CLR 3.0.4506.2152; .NET CLR 3.5.30729; InfoPath.2)"
67.169.0.229 - - [12/Aug/2009:00:29:10 -0400] "GET /images/head_btn-products.gif HTTP/1.1" 200 1531 "http://www.aceonlinestore.com/cgi-bin/lansaweb?procfun+wordpr01+webfunc+M37+funcparms+WEBKEY(A0100):QSEARCH+IRADIO(A0010):D+QSRKEY(A0300):dental film" "Mozilla/4.0 (compatible; MSIE 8.0; Windows NT 5.1; Trident/4.0; GTB6; Mozilla/4.0 (compatible; MSIE 6.0; Windows NT 5.1; SV1) ; .NET CLR 1.1.4322; .NET CLR 2.0.50727; .NET CLR 3.0.04506.30; .NET CLR 3.0.04506.648; .NET CLR 3.0.4506.2152; .NET CLR 3.5.30729; InfoPath.2)"
67.169.0.229 - - [12/Aug/2009:00:29:10 -0400] "GET /images/head_btn-shop.gif HTTP/1.1" 200 1970 "http://www.aceonlinestore.com/cgi-bin/lansaweb?procfun+wordpr01+webfunc+M37+funcparms+WEBKEY(A0100):QSEARCH+IRADIO(A0010):D+QSRKEY(A0300):dental film" "Mozilla/4.0 (compatible; MSIE 8.0; Windows NT 5.1; Trident/4.0; GTB6; Mozilla/4.0 (compatible; MSIE 6.0; Windows NT 5.1; SV1) ; .NET CLR 1.1.4322; .NET CLR 2.0.50727; .NET CLR 3.0.04506.30; .NET CLR 3.0.04506.648; .NET CLR 3.0.4506.2152; .NET CLR 3.5.30729; InfoPath.2)"
67.169.0.229 - - [12/Aug/2009:00:29:10 -0400] "GET /images/head_btn-space1.gif HTTP/1.1" 200 5036 "http://www.aceonlinestore.com/cgi-bin/lansaweb?procfun+wordpr01+webfunc+M37+funcparms+WEBKEY(A0100):QSEARCH+IRADIO(A0010):D+QSRKEY(A0300):dental film" "Mozilla/4.0 (compatible; MSIE 8.0; Windows NT 5.1; Trident/4.0; GTB6; Mozilla/4.0 (compatible; MSIE 6.0; Windows NT 5.1; SV1) ; .NET CLR 1.1.4322; .NET CLR 2.0.50727; .NET CLR 3.0.04506.30; .NET CLR 3.0.04506.648; .NET CLR 3.0.4506.2152; .NET CLR 3.5.30729; InfoPath.2)"
67.169.0.229 - - [12/Aug/2009:00:29:10 -0400] "GET /images/head_surgical-supply.gif HTTP/1.1" 200 764 "http://www.aceonlinestore.com/cgi-bin/lansaweb?procfun+wordpr01+webfunc+M37+funcparms+WEBKEY(A0100):QSEARCH+IRADIO(A0010):D+QSRKEY(A0300):dental film" "Mozilla/4.0 (compatible; MSIE 8.0; Windows NT 5.1; Trident/4.0; GTB6; Mozilla/4.0 (compatible; MSIE 6.0; Windows NT 5.1; SV1) ; .NET CLR 1.1.4322; .NET CLR 2.0.50727; .NET CLR 3.0.04506.30; .NET CLR 3.0.04506.648; .NET CLR 3.0.4506.2152; .NET CLR 3.5.30729; InfoPath.2)"
67.169.0.229 - - [12/Aug/2009:00:29:10 -0400] "GET /images/head_btn-aboutUs.gif HTTP/1.1" 200 1459 "http://www.aceonlinestore.com/cgi-bin/lansaweb?procfun+wordpr01+webfunc+M37+funcparms+WEBKEY(A0100):QSEARCH+IRADIO(A0010):D+QSRKEY(A0300):dental film" "Mozilla/4.0 (compatible; MSIE 8.0; Windows NT 5.1; Trident/4.0; GTB6; Mozilla/4.0 (compatible; MSIE 6.0; Windows NT 5.1; SV1) ; .NET CLR 1.1.4322; .NET CLR 2.0.50727; .NET CLR 3.0.04506.30; .NET CLR 3.0.04506.648; .NET CLR 3.0.4506.2152; .NET CLR 3.5.30729; InfoPath.2)"
67.169.0.229 - - [12/Aug/2009:00:29:10 -0400] "GET /images/head_btn-tutorials.gif HTTP/1.1" 200 1160 "http://www.aceonlinestore.com/cgi-bin/lansaweb?procfun+wordpr01+webfunc+M37+funcparms+WEBKEY(A0100):QSEARCH+IRADIO(A0010):D+QSRKEY(A0300):dental film" "Mozilla/4.0 (compatible; MSIE 8.0; Windows NT 5.1; Trident/4.0; GTB6; Mozilla/4.0 (compatible; MSIE 6.0; Windows NT 5.1; SV1) ; .NET CLR 1.1.4322; .NET CLR 2.0.50727; .NET CLR 3.0.04506.30; .NET CLR 3.0.04506.648; .NET CLR 3.0.4506.2152; .NET CLR 3.5.30729; InfoPath.2)"
67.169.0.229 - - [12/Aug/2009:00:29:11 -0400] "GET /images/head_btn-brochures.gif HTTP/1.1" 200 1768 "http://www.aceonlinestore.com/cgi-bin/lansaweb?procfun+wordpr01+webfunc+M37+funcparms+WEBKEY(A0100):QSEARCH+IRADIO(A0010):D+QSRKEY(A0300):dental film" "Mozilla/4.0 (compatible; MSIE 8.0; Windows NT 5.1; Trident/4.0; GTB6; Mozilla/4.0 (compatible; MSIE 6.0; Windows NT 5.1; SV1) ; .NET CLR 1.1.4322; .NET CLR 2.0.50727; .NET CLR 3.0.04506.30; .NET CLR 3.0.04506.648; .NET CLR 3.0.4506.2152; .NET CLR 3.5.30729; InfoPath.2)"
67.169.0.229 - - [12/Aug/2009:00:29:11 -0400] "GET /images/head_btn-seminars.gif HTTP/1.1" 200 1250 "http://www.aceonlinestore.com/cgi-bin/lansaweb?procfun+wordpr01+webfunc+M37+funcparms+WEBKEY(A0100):QSEARCH+IRADIO(A0010):D+QSRKEY(A0300):dental film" "Mozilla/4.0 (compatible; MSIE 8.0; Windows NT 5.1; Trident/4.0; GTB6; Mozilla/4.0 (compatible; MSIE 6.0; Windows NT 5.1; SV1) ; .NET CLR 1.1.4322; .NET CLR 2.0.50727; .NET CLR 3.0.04506.30; .NET CLR 3.0.04506.648; .NET CLR 3.0.4506.2152; .NET CLR 3.5.30729; InfoPath.2)"
67.169.0.229 - - [12/Aug/2009:00:29:11 -0400] "GET /images/head_btn-contactUs.gif HTTP/1.1" 200 1235 "http://www.aceonlinestore.com/cgi-bin/lansaweb?procfun+wordpr01+webfunc+M37+funcparms+WEBKEY(A0100):QSEARCH+IRADIO(A0010):D+QSRKEY(A0300):dental film" "Mozilla/4.0 (compatible; MSIE 8.0; Windows NT 5.1; Trident/4.0; GTB6; Mozilla/4.0 (compatible; MSIE 6.0; Windows NT 5.1; SV1) ; .NET CLR 1.1.4322; .NET CLR 2.0.50727; .NET CLR 3.0.04506.30; .NET CLR 3.0.04506.648; .NET CLR 3.0.4506.2152; .NET CLR 3.5.30729; InfoPath.2)"
67.169.0.229 - - [12/Aug/2009:00:29:11 -0400] "GET /images/head_btn-spacer2.gif HTTP/1.1" 200 2237 "http://www.aceonlinestore.com/cgi-bin/lansaweb?procfun+wordpr01+webfunc+M37+funcparms+WEBKEY(A0100):QSEARCH+IRADIO(A0010):D+QSRKEY(A0300):dental film" "Mozilla/4.0 (compatible; MSIE 8.0; Windows NT 5.1; Trident/4.0; GTB6; Mozilla/4.0 (compatible; MSIE 6.0; Windows NT 5.1; SV1) ; .NET CLR 1.1.4322; .NET CLR 2.0.50727; .NET CLR 3.0.04506.30; .NET CLR 3.0.04506.648; .NET CLR 3.0.4506.2152; .NET CLR 3.5.30729; InfoPath.2)"
67.169.0.229 - - [12/Aug/2009:00:29:11 -0400] "GET /images/head_btn-catalogs.gif HTTP/1.1" 200 1729 "http://www.aceonlinestore.com/cgi-bin/lansaweb?procfun+wordpr01+webfunc+M37+funcparms+WEBKEY(A0100):QSEARCH+IRADIO(A0010):D+QSRKEY(A0300):dental film" "Mozilla/4.0 (compatible; MSIE 8.0; Windows NT 5.1; Trident/4.0; GTB6; Mozilla/4.0 (compatible; MSIE 6.0; Windows NT 5.1; SV1) ; .NET CLR 1.1.4322; .NET CLR 2.0.50727; .NET CLR 3.0.04506.30; .NET CLR 3.0.04506.648; .NET CLR 3.0.4506.2152; .NET CLR 3.5.30729; InfoPath.2)"
67.169.0.229 - - [12/Aug/2009:00:29:11 -0400] "GET /images/head_btn-conventions.gif HTTP/1.1" 200 1367 "http://www.aceonlinestore.com/cgi-bin/lansaweb?procfun+wordpr01+webfunc+M37+funcparms+WEBKEY(A0100):QSEARCH+IRADIO(A0010):D+QSRKEY(A0300):dental film" "Mozilla/4.0 (compatible; MSIE 8.0; Windows NT 5.1; Trident/4.0; GTB6; Mozilla/4.0 (compatible; MSIE 6.0; Windows NT 5.1; SV1) ; .NET CLR 1.1.4322; .NET CLR 2.0.50727; .NET CLR 3.0.04506.30; .NET CLR 3.0.04506.648; .NET CLR 3.0.4506.2152; .NET CLR 3.5.30729; InfoPath.2)"
67.169.0.229 - - [12/Aug/2009:00:29:11 -0400] "GET /images/pf-a.gif HTTP/1.1" 200 798 "http://www.aceonlinestore.com/cgi-bin/lansaweb?procfun+wordpr01+webfunc+M37+funcparms+WEBKEY(A0100):QSEARCH+IRADIO(A0010):D+QSRKEY(A0300):dental film" "Mozilla/4.0 (compatible; MSIE 8.0; Windows NT 5.1; Trident/4.0; GTB6; Mozilla/4.0 (compatible; MSIE 6.0; Windows NT 5.1; SV1) ; .NET CLR 1.1.4322; .NET CLR 2.0.50727; .NET CLR 3.0.04506.30; .NET CLR 3.0.04506.648; .NET CLR 3.0.4506.2152; .NET CLR 3.5.30729; InfoPath.2)"
67.169.0.229 - - [12/Aug/2009:00:29:11 -0400] "GET /images/blend.jpg HTTP/1.1" 200 405 "http://www.aceonlinestore.com/cgi-bin/lansaweb?procfun+wordpr01+webfunc+M37+funcparms+WEBKEY(A0100):QSEARCH+IRADIO(A0010):D+QSRKEY(A0300):dental film" "Mozilla/4.0 (compatible; MSIE 8.0; Windows NT 5.1; Trident/4.0; GTB6; Mozilla/4.0 (compatible; MSIE 6.0; Windows NT 5.1; SV1) ; .NET CLR 1.1.4322; .NET CLR 2.0.50727; .NET CLR 3.0.04506.30; .NET CLR 3.0.04506.648; .NET CLR 3.0.4506.2152; .NET CLR 3.5.30729; InfoPath.2)"
67.169.0.229 - - [12/Aug/2009:00:29:11 -0400] "GET /images/space.gif HTTP/1.1" 200 43 "http://www.aceonlinestore.com/cgi-bin/lansaweb?procfun+wordpr01+webfunc+M37+funcparms+WEBKEY(A0100):QSEARCH+IRADIO(A0010):D+QSRKEY(A0300):dental film" "Mozilla/4.0 (compatible; MSIE 8.0; Windows NT 5.1; Trident/4.0; GTB6; Mozilla/4.0 (compatible; MSIE 6.0; Windows NT 5.1; SV1) ; .NET CLR 1.1.4322; .NET CLR 2.0.50727; .NET CLR 3.0.04506.30; .NET CLR 3.0.04506.648; .NET CLR 3.0.4506.2152; .NET CLR 3.5.30729; InfoPath.2)"
67.169.0.229 - - [12/Aug/2009:00:29:11 -0400] "GET /images/head_btn-catalog-over.gif HTTP/1.1" 200 1354 "http://www.aceonlinestore.com/cgi-bin/lansaweb?procfun+wordpr01+webfunc+M37+funcparms+WEBKEY(A0100):QSEARCH+IRADIO(A0010):D+QSRKEY(A0300):dental film" "Mozilla/4.0 (compatible; MSIE 8.0; Windows NT 5.1; Trident/4.0; GTB6; Mozilla/4.0 (compatible; MSIE 6.0; Windows NT 5.1; SV1) ; .NET CLR 1.1.4322; .NET CLR 2.0.50727; .NET CLR 3.0.04506.30; .NET CLR 3.0.04506.648; .NET CLR 3.0.4506.2152; .NET CLR 3.5.30729; InfoPath.2)"
67.169.0.229 - - [12/Aug/2009:00:29:11 -0400] "GET /images/head_btn-products-over.gif HTTP/1.1" 200 1396 "http://www.aceonlinestore.com/cgi-bin/lansaweb?procfun+wordpr01+webfunc+M37+funcparms+WEBKEY(A0100):QSEARCH+IRADIO(A0010):D+QSRKEY(A0300):dental film" "Mozilla/4.0 (compatible; MSIE 8.0; Windows NT 5.1; Trident/4.0; GTB6; Mozilla/4.0 (compatible; MSIE 6.0; Windows NT 5.1; SV1) ; .NET CLR 1.1.4322; .NET CLR 2.0.50727; .NET CLR 3.0.04506.30; .NET CLR 3.0.04506.648; .NET CLR 3.0.4506.2152; .NET CLR 3.5.30729; InfoPath.2)"
67.169.0.229 - - [12/Aug/2009:00:29:11 -0400] "GET /images/head_aceLogo-over.gif HTTP/1.1" 200 1296 "http://www.aceonlinestore.com/cgi-bin/lansaweb?procfun+wordpr01+webfunc+M37+funcparms+WEBKEY(A0100):QSEARCH+IRADIO(A0010):D+QSRKEY(A0300):dental film" "Mozilla/4.0 (compatible; MSIE 8.0; Windows NT 5.1; Trident/4.0; GTB6; Mozilla/4.0 (compatible; MSIE 6.0; Windows NT 5.1; SV1) ; .NET CLR 1.1.4322; .NET CLR 2.0.50727; .NET CLR 3.0.04506.30; .NET CLR 3.0.04506.648; .NET CLR 3.0.4506.2152; .NET CLR 3.5.30729; InfoPath.2)"
67.169.0.229 - - [12/Aug/2009:00:29:11 -0400] "GET /images/head_btn-brochures-over.gif HTTP/1.1" 200 1392 "http://www.aceonlinestore.com/cgi-bin/lansaweb?procfun+wordpr01+webfunc+M37+funcparms+WEBKEY(A0100):QSEARCH+IRADIO(A0010):D+QSRKEY(A0300):dental film" "Mozilla/4.0 (compatible; MSIE 8.0; Windows NT 5.1; Trident/4.0; GTB6; Mozilla/4.0 (compatible; MSIE 6.0; Windows NT 5.1; SV1) ; .NET CLR 1.1.4322; .NET CLR 2.0.50727; .NET CLR 3.0.04506.30; .NET CLR 3.0.04506.648; .NET CLR 3.0.4506.2152; .NET CLR 3.5.30729; InfoPath.2)"
67.169.0.229 - - [12/Aug/2009:00:29:11 -0400] "GET /favicon.ico HTTP/1.1" 404 209 "-" "Mozilla/4.0 (compatible; MSIE 8.0; Windows NT 5.1; Trident/4.0; GTB6; Mozilla/4.0 (compatible; MSIE 6.0; Windows NT 5.1; SV1) ; .NET CLR 1.1.4322; .NET CLR 2.0.50727; .NET CLR 3.0.04506.30; .NET CLR 3.0.04506.648; .NET CLR 3.0.4506.2152; .NET CLR 3.5.30729; InfoPath.2)"
67.169.0.229 - - [12/Aug/2009:00:29:11 -0400] "GET /images/head_btn-shop-over.gif HTTP/1.1" 200 1473 "http://www.aceonlinestore.com/cgi-bin/lansaweb?procfun+wordpr01+webfunc+M37+funcparms+WEBKEY(A0100):QSEARCH+IRADIO(A0010):D+QSRKEY(A0300):dental film" "Mozilla/4.0 (compatible; MSIE 8.0; Windows NT 5.1; Trident/4.0; GTB6; Mozilla/4.0 (compatible; MSIE 6.0; Windows NT 5.1; SV1) ; .NET CLR 1.1.4322; .NET CLR 2.0.50727; .NET CLR 3.0.04506.30; .NET CLR 3.0.04506.648; .NET CLR 3.0.4506.2152; .NET CLR 3.5.30729; InfoPath.2)"
67.169.0.229 - - [12/Aug/2009:00:29:12 -0400] "GET /images/head_btn-tutorials-over.gif HTTP/1.1" 200 1097 "http://www.aceonlinestore.com/cgi-bin/lansaweb?procfun+wordpr01+webfunc+M37+funcparms+WEBKEY(A0100):QSEARCH+IRADIO(A0010):D+QSRKEY(A0300):dental film" "Mozilla/4.0 (compatible; MSIE 8.0; Windows NT 5.1; Trident/4.0; GTB6; Mozilla/4.0 (compatible; MSIE 6.0; Windows NT 5.1; SV1) ; .NET CLR 1.1.4322; .NET CLR 2.0.50727; .NET CLR 3.0.04506.30; .NET CLR 3.0.04506.648; .NET CLR 3.0.4506.2152; .NET CLR 3.5.30729; InfoPath.2)"
67.169.0.229 - - [12/Aug/2009:00:29:12 -0400] "GET /images/head_btn-aboutUs-over.gif HTTP/1.1" 200 1156 "http://www.aceonlinestore.com/cgi-bin/lansaweb?procfun+wordpr01+webfunc+M37+funcparms+WEBKEY(A0100):QSEARCH+IRADIO(A0010):D+QSRKEY(A0300):dental film" "Mozilla/4.0 (compatible; MSIE 8.0; Windows NT 5.1; Trident/4.0; GTB6; Mozilla/4.0 (compatible; MSIE 6.0; Windows NT 5.1; SV1) ; .NET CLR 1.1.4322; .NET CLR 2.0.50727; .NET CLR 3.0.04506.30; .NET CLR 3.0.04506.648; .NET CLR 3.0.4506.2152; .NET CLR 3.5.30729; InfoPath.2)"
67.169.0.229 - - [12/Aug/2009:00:29:12 -0400] "GET /images/head_btn-seminars-over.gif HTTP/1.1" 200 1089 "http://www.aceonlinestore.com/cgi-bin/lansaweb?procfun+wordpr01+webfunc+M37+funcparms+WEBKEY(A0100):QSEARCH+IRADIO(A0010):D+QSRKEY(A0300):dental film" "Mozilla/4.0 (compatible; MSIE 8.0; Windows NT 5.1; Trident/4.0; GTB6; Mozilla/4.0 (compatible; MSIE 6.0; Windows NT 5.1; SV1) ; .NET CLR 1.1.4322; .NET CLR 2.0.50727; .NET CLR 3.0.04506.30; .NET CLR 3.0.04506.648; .NET CLR 3.0.4506.2152; .NET CLR 3.5.30729; InfoPath.2)"
67.169.0.229 - - [12/Aug/2009:00:29:12 -0400] "GET /images/head_btn-conventions-over.gif HTTP/1.1" 200 1195 "http://www.aceonlinestore.com/cgi-bin/lansaweb?procfun+wordpr01+webfunc+M37+funcparms+WEBKEY(A0100):QSEARCH+IRADIO(A0010):D+QSRKEY(A0300):dental film" "Mozilla/4.0 (compatible; MSIE 8.0; Windows NT 5.1; Trident/4.0; GTB6; Mozilla/4.0 (compatible; MSIE 6.0; Windows NT 5.1; SV1) ; .NET CLR 1.1.4322; .NET CLR 2.0.50727; .NET CLR 3.0.04506.30; .NET CLR 3.0.04506.648; .NET CLR 3.0.4506.2152; .NET CLR 3.5.30729; InfoPath.2)"
67.169.0.229 - - [12/Aug/2009:00:29:12 -0400] "GET /images/head_btn-contactUs-over.gif HTTP/1.1" 200 1110 "http://www.aceonlinestore.com/cgi-bin/lansaweb?procfun+wordpr01+webfunc+M37+funcparms+WEBKEY(A0100):QSEARCH+IRADIO(A0010):D+QSRKEY(A0300):dental film" "Mozilla/4.0 (compatible; MSIE 8.0; Windows NT 5.1; Trident/4.0; GTB6; Mozilla/4.0 (compatible; MSIE 6.0; Windows NT 5.1; SV1) ; .NET CLR 1.1.4322; .NET CLR 2.0.50727; .NET CLR 3.0.04506.30; .NET CLR 3.0.04506.648; .NET CLR 3.0.4506.2152; .NET CLR 3.5.30729; InfoPath.2)"
114.32.40.221 - - [12/Aug/2009:00:29:16 -0400] "GET /logs/access_log.Q109070500//kboard/kboard.php?board=notice&act=write&no=3&page=&cid=&mode=reply&act=http://gladvertise.com/advertise//includes/idade1.txt???? HTTP/1.1" 404 243 "-" "Mozilla/5.0"
59.127.149.116 - - [12/Aug/2009:00:29:31 -0400] "GET /logs/access_log.Q109070500//kboard/kboard.php?board=notice&act=write&no=3&page=&cid=&mode=reply&act=http://gladvertise.com/advertise//includes/idade1.txt???? HTTP/1.1" 404 243 "-" "Mozilla/5.0"
200.93.147.154 - - [12/Aug/2009:00:30:01 -0400] "GET /logs/access_log.Q109071300/components/com_colorlab/admin.color.php?mosConfig_live_site=http://h1.ripway.com/lena121/cinta.txt??? HTTP/1.1" 404 264 "-" "libwww-perl/5.805"
211.192.139.106 - - [12/Aug/2009:00:30:23 -0400] "GET /logs/access_log.Q109070400//trans/trans.php?trans=eng&page=http://hannegirls.ms.kr/board/skin/uks_gallery_v2010//id1.txt?? HTTP/1.1" 404 241 "-" "Mozilla/5.0"
211.192.139.106 - - [12/Aug/2009:00:30:23 -0400] "GET //trans/trans.php?trans=eng&page=http://hannegirls.ms.kr/board/skin/uks_gallery_v2010//id1.txt?? HTTP/1.1" 404 214 "-" "Mozilla/5.0"
211.192.139.106 - - [12/Aug/2009:00:30:23 -0400] "GET /logs//trans/trans.php?trans=eng&page=http://hannegirls.ms.kr/board/skin/uks_gallery_v2010//id1.txt?? HTTP/1.1" 404 219 "-" "Mozilla/5.0"
220.123.239.163 - - [12/Aug/2009:00:31:06 -0400] "GET //kboard/kboard.php?board=notice&act=write&no=3&page=&cid=&mode=reply&act=http://gladvertise.com/advertise//includes/idade1.txt???? HTTP/1.1" 404 216 "-" "Mozilla/5.0"
220.123.239.163 - - [12/Aug/2009:00:31:06 -0400] "GET /logs//kboard/kboard.php?board=notice&act=write&no=3&page=&cid=&mode=reply&act=http://gladvertise.com/advertise//includes/idade1.txt???? HTTP/1.1" 404 221 "-" "Mozilla/5.0"
220.123.239.163 - - [12/Aug/2009:00:31:06 -0400] "GET /logs/access_log.Q109070800//kboard/kboard.php?board=notice&act=write&no=3&page=&cid=&mode=reply&act=http://gladvertise.com/advertise//includes/idade1.txt???? HTTP/1.1" 404 243 "-" "Mozilla/5.0"
195.209.236.77 - - [12/Aug/2009:00:31:16 -0400] "GET //index.php?DOCUMENT_ROOT=http://www.edu-math.com/upload_question_images/fx29id1.txt? HTTP/1.1" 404 208 "-" "Mozilla/5.0"
220.123.239.163 - - [12/Aug/2009:00:31:21 -0400] "GET /logs/access_log.Q109070500//kboard/kboard.php?board=notice&act=write&no=3&page=&cid=&mode=reply&act=http://gladvertise.com/advertise//includes/idade1.txt???? HTTP/1.1" 404 243 "-" "Mozilla/5.0"
195.209.236.77 - - [12/Aug/2009:00:31:27 -0400] "GET /logs//index.php?DOCUMENT_ROOT=http://www.edu-math.com/upload_question_images/fx29id1.txt? HTTP/1.1" 404 213 "-" "Mozilla/5.0"
195.209.236.77 - - [12/Aug/2009:00:31:27 -0400] "GET /logs/access_log.Q109060400//index.php?DOCUMENT_ROOT=http://www.edu-math.com/upload_question_images/fx29id1.txt? HTTP/1.1" 404 235 "-" "Mozilla/5.0"
195.209.236.77 - - [12/Aug/2009:00:31:27 -0400] "GET /logs/error_log.Q109061700//index.php?DOCUMENT_ROOT=http://www.edu-math.com/upload_question_images/fx29id1.txt? HTTP/1.1" 404 234 "-" "Mozilla/5.0"
77.221.130.22 - - [12/Aug/2009:00:31:43 -0400] "GET //index.php?DOCUMENT_ROOT=http://www.edu-math.com/upload_question_images/fx29id1.txt? HTTP/1.1" 404 208 "-" "Mozilla/5.0"
77.221.130.22 - - [12/Aug/2009:00:31:47 -0400] "GET /logs/access_log.Q109060400//index.php?DOCUMENT_ROOT=http://www.edu-math.com/upload_question_images/fx29id1.txt? HTTP/1.1" 404 235 "-" "Mozilla/5.0"
77.221.130.22 - - [12/Aug/2009:00:31:47 -0400] "GET /logs//index.php?DOCUMENT_ROOT=http://www.edu-math.com/upload_question_images/fx29id1.txt? HTTP/1.1" 404 213 "-" "Mozilla/5.0"
77.221.130.22 - - [12/Aug/2009:00:31:47 -0400] "GET /logs/error_log.Q109061700//index.php?DOCUMENT_ROOT=http://www.edu-math.com/upload_question_images/fx29id1.txt? HTTP/1.1" 404 234 "-" "Mozilla/5.0"
209.59.12.99 - - [12/Aug/2009:00:32:23 -0400] "GET / HTTP/1.0" 200 409 "-" "check_http/1.81 (nagios-plugins 1.4)"
114.32.40.221 - - [12/Aug/2009:00:32:45 -0400] "GET /logs/access_log.Q109070800%20%20//kboard/kboard.php?board=notice&act=write&no=3&page=&cid=&mode=reply&act=http://gladvertise.com/advertise//includes/idade1.txt???? HTTP/1.1" 404 245 "-" "Mozilla/5.0"
67.15.225.39 - - [12/Aug/2009:00:33:00 -0400] "GET /logs/access_log.Q109061700%20/admin.lib.inc.php?site_path=http://www.geejohn.com/id.txt%0D?? HTTP/1.1" 404 243 "-" "libwww-perl/5.79"
67.15.225.39 - - [12/Aug/2009:00:33:00 -0400] "GET /logs/access_log.Q109052200%20/admin.lib.inc.php?site_path=http://www.geejohn.com/id.txt%0D?? HTTP/1.1" 404 243 "-" "libwww-perl/5.79"
114.32.40.221 - - [12/Aug/2009:00:33:02 -0400] "GET /logs/access_log.Q109070500%20%20//kboard/kboard.php?board=notice&act=write&no=3&page=&cid=&mode=reply&act=http://gladvertise.com/advertise//includes/idade1.txt???? HTTP/1.1" 404 245 "-" "Mozilla/5.0"
195.209.236.77 - - [12/Aug/2009:00:33:06 -0400] "GET /logs/access_log.Q109060400%20%20//index.php?DOCUMENT_ROOT=http://www.edu-math.com/upload_question_images/fx29id1.txt? HTTP/1.1" 404 237 "-" "Mozilla/5.0"
195.209.236.77 - - [12/Aug/2009:00:33:06 -0400] "GET /logs/error_log.Q109061700%20%20//index.php?DOCUMENT_ROOT=http://www.edu-math.com/upload_question_images/fx29id1.txt? HTTP/1.1" 404 236 "-" "Mozilla/5.0"
220.123.239.163 - - [12/Aug/2009:00:33:17 -0400] "GET /logs//trans/trans.php?trans=eng&page=http://happygage.com//bbs/skin/ggambo7002_gallery/id1.txt?? HTTP/1.1" 404 219 "-" "Mozilla/5.0"
220.123.239.163 - - [12/Aug/2009:00:33:18 -0400] "GET /logs/access_log.Q109070400//trans/trans.php?trans=eng&page=http://happygage.com//bbs/skin/ggambo7002_gallery/id1.txt?? HTTP/1.1" 404 241 "-" "Mozilla/5.0"
220.123.239.163 - - [12/Aug/2009:00:33:18 -0400] "GET //trans/trans.php?trans=eng&page=http://happygage.com//bbs/skin/ggambo7002_gallery/id1.txt?? HTTP/1.1" 404 214 "-" "Mozilla/5.0"
211.192.139.106 - - [12/Aug/2009:00:33:36 -0400] "GET /logs//trans/trans.php?trans=en&page=http://hannegirls.ms.kr/board/skin/uks_gallery_v2010//id1.txt?? HTTP/1.1" 404 219 "-" "Mozilla/5.0"
211.192.139.106 - - [12/Aug/2009:00:33:36 -0400] "GET /logs/access_log.Q109070400//trans/trans.php?trans=en&page=http://hannegirls.ms.kr/board/skin/uks_gallery_v2010//id1.txt?? HTTP/1.1" 404 241 "-" "Mozilla/5.0"
211.192.139.106 - - [12/Aug/2009:00:33:36 -0400] "GET //trans/trans.php?trans=en&page=http://hannegirls.ms.kr/board/skin/uks_gallery_v2010//id1.txt?? HTTP/1.1" 404 214 "-" "Mozilla/5.0"
77.221.130.22 - - [12/Aug/2009:00:33:45 -0400] "GET /logs/access_log.Q109060400%20%20//index.php?DOCUMENT_ROOT=http://www.edu-math.com/upload_question_images/fx29id1.txt? HTTP/1.1" 404 237 "-" "Mozilla/5.0"
77.221.130.22 - - [12/Aug/2009:00:33:45 -0400] "GET /logs/error_log.Q109061700%20%20//index.php?DOCUMENT_ROOT=http://www.edu-math.com/upload_question_images/fx29id1.txt? HTTP/1.1" 404 236 "-" "Mozilla/5.0"
67.15.225.39 - - [12/Aug/2009:00:33:45 -0400] "GET //appserv/main.php?appserv_root=http://www.geejohn.com/id.txt%0D?? HTTP/1.1" 404 215 "-" "libwww-perl/5.79"
67.15.225.39 - - [12/Aug/2009:00:33:45 -0400] "GET /logs/access_log.Q109050700//appserv/main.php?appserv_root=http://www.geejohn.com/id.txt%0D?? HTTP/1.1" 404 242 "-" "libwww-perl/5.79"
67.15.225.39 - - [12/Aug/2009:00:33:46 -0400] "GET /logs//appserv/main.php?appserv_root=http://www.geejohn.com/id.txt%0D?? HTTP/1.1" 404 220 "-" "libwww-perl/5.79"
67.15.225.39 - - [12/Aug/2009:00:33:52 -0400] "GET /logs/error_log.Q109050700//appserv/main.php?appserv_root=http://www.geejohn.com/id.txt%0D?? HTTP/1.1" 404 241 "-" "libwww-perl/5.79"
64.27.6.186 - - [12/Aug/2009:00:33:56 -0400] "GET /logs/access_log.Q109053000%20%20//?_zb_path=http://tikihub.com/media/video/log/copyright.txt???? HTTP/1.1" 404 228 "-" "Mozilla/5.0"
64.27.6.186 - - [12/Aug/2009:00:34:00 -0400] "GET /?_SERVER[DOCUMENT_ROOT]=http://tikihub.com/media/video/log/copyright.txt???? HTTP/1.1" 200 409 "-" "Mozilla/5.0"
64.27.6.186 - - [12/Aug/2009:00:34:00 -0400] "GET /logs/access_log.Q109071100%20%20/?_SERVER[DOCUMENT_ROOT]=http://tikihub.com/media/video/log/copyright.txt???? HTTP/1.1" 404 227 "-" "Mozilla/5.0"
64.27.6.186 - - [12/Aug/2009:00:34:00 -0400] "GET /logs/?_SERVER[DOCUMENT_ROOT]=http://tikihub.com/media/video/log/copyright.txt???? HTTP/1.1" 200 13344 "-" "Mozilla/5.0"
213.149.105.8 - - [12/Aug/2009:00:34:13 -0400] "GET /logs/access_log.Q109051900/?sourcedir=http://www.cupcakevendor.com/phpRaid/docs/id.txt?? HTTP/1.1" 404 225 "-" "libwww-perl/5.805"
213.149.105.8 - - [12/Aug/2009:00:34:13 -0400] "GET /?sourcedir=http://www.cupcakevendor.com/phpRaid/docs/id.txt?? HTTP/1.1" 200 409 "-" "libwww-perl/5.805"
213.149.105.8 - - [12/Aug/2009:00:34:13 -0400] "GET /logs/?sourcedir=http://www.cupcakevendor.com/phpRaid/docs/id.txt?? HTTP/1.1" 200 13344 "-" "libwww-perl/5.805"
69.175.22.106 - - [12/Aug/2009:00:34:25 -0400] "GET /logs/access_log.Q109051600//kboard/kboard.php?board=notice&act=write&no=3&page=&cid=&mode=reply&act=http://gladvertise.com/advertise//includes/idade1.txt???? HTTP/1.1" 404 243 "-" "Mozilla/5.0"
211.192.139.106 - - [12/Aug/2009:00:34:27 -0400] "GET /logs/access_log.Q109070400%20%20//trans/trans.php?trans=eng&page=http://hannegirls.ms.kr/board/skin/uks_gallery_v2010//id1.txt?? HTTP/1.1" 404 243 "-" "Mozilla/5.0"
213.149.105.8 - - [12/Aug/2009:00:34:29 -0400] "GET /logs/access_log.Q109052300/?sourcedir=http://www.cupcakevendor.com/phpRaid/docs/id.txt?? HTTP/1.1" 404 225 "-" "libwww-perl/5.805"
211.15.55.45 - - [12/Aug/2009:00:34:40 -0400] "GET /logs/access_log.Q109053100/?_SERVER[DOCUMENT_ROOT]=http://www.spse.com.ar/conexion_db/ec.txt? HTTP/1.1" 404 225 "-" "libwww-perl/5.803"
200.93.147.154 - - [12/Aug/2009:00:34:55 -0400] "GET /logs/access_log.Q109051500//index.php?option=com_flyspray&Itemid=&mosConfig_absolute_path=http://h1.ripway.com/planet121/new.txt??? HTTP/1.1" 404 235 "-" "libwww-perl/5.805"
200.93.147.154 - - [12/Aug/2009:00:34:56 -0400] "GET /logs//index.php?option=com_flyspray&Itemid=&mosConfig_absolute_path=http://h1.ripway.com/planet121/new.txt??? HTTP/1.1" 404 213 "-" "libwww-perl/5.805"
67.15.225.39 - - [12/Aug/2009:00:35:05 -0400] "GET /admin.lib.inc.php?site_path=http://www.geejohn.com/id.txt%0D?? HTTP/1.1" 404 215 "-" "libwww-perl/5.79"
67.15.225.39 - - [12/Aug/2009:00:35:05 -0400] "GET /logs/admin.lib.inc.php?site_path=http://www.geejohn.com/id.txt%0D?? HTTP/1.1" 404 220 "-" "libwww-perl/5.79"
211.192.139.106 - - [12/Aug/2009:00:35:19 -0400] "GET /logs/access_log.Q109060800%20%20//trans/trans.php?trans=eng&page=http://hannegirls.ms.kr/board/skin/uks_gallery_v2010//id1.txt?? HTTP/1.1" 404 243 "-" "Mozilla/5.0"
220.123.239.163 - - [12/Aug/2009:00:35:20 -0400] "GET /logs/access_log.Q109070400%20%20//trans/trans.php?trans=eng&page=http://happygage.com//bbs/skin/ggambo7002_gallery/id1.txt?? HTTP/1.1" 404 243 "-" "Mozilla/5.0"
64.27.6.186 - - [12/Aug/2009:00:35:30 -0400] "GET /logs/access_log.Q109053100%20%20/?_SERVER[DOCUMENT_ROOT]=http://tikihub.com/media/video/log/copyright.txt???? HTTP/1.1" 404 227 "-" "Mozilla/5.0"
211.192.139.106 - - [12/Aug/2009:00:35:39 -0400] "GET /logs/access_log.Q109070400%20%20//trans/trans.php?trans=en&page=http://hannegirls.ms.kr/board/skin/uks_gallery_v2010//id1.txt?? HTTP/1.1" 404 243 "-" "Mozilla/5.0"
220.123.239.163 - - [12/Aug/2009:00:35:48 -0400] "GET /logs/access_log.Q109060800%20%20//trans/trans.php?trans=eng&page=http://happygage.com//bbs/skin/ggambo7002_gallery/id1.txt?? HTTP/1.1" 404 243 "-" "Mozilla/5.0"
200.93.147.154 - - [12/Aug/2009:00:35:50 -0400] "GET /logs/access_log.Q109052100/components/com_colorlab/admin.color.php?mosConfig_live_site=http://h1.ripway.com/planet121/new.txt??? HTTP/1.1" 404 264 "-" "libwww-perl/5.805"
200.93.147.154 - - [12/Aug/2009:00:35:50 -0400] "GET /logs/components/com_colorlab/admin.color.php?mosConfig_live_site=http://h1.ripway.com/planet121/new.txt??? HTTP/1.1" 404 242 "-" "libwww-perl/5.805"
66.244.236.248 - - [12/Aug/2009:00:35:51 -0400] "GET /logs/access_log.Q109051600//kboard/kboard.php?board=notice&act=write&no=3&page=&cid=&mode=reply&act=http://gladvertise.com/advertise//includes/idade1.txt???? HTTP/1.1" 404 243 "-" "Mozilla/5.0"
220.123.239.163 - - [12/Aug/2009:00:36:01 -0400] "GET /logs/access_log.Q109051600//kboard/kboard.php?board=notice&act=write&no=3&page=&cid=&mode=reply&act=http://gladvertise.com/advertise//includes/idade1.txt???? HTTP/1.1" 404 243 "-" "Mozilla/5.0"
211.192.139.106 - - [12/Aug/2009:00:36:02 -0400] "GET /logs/access_log.Q109060800%20%20//trans/trans.php?trans=en&page=http://hannegirls.ms.kr/board/skin/uks_gallery_v2010//id1.txt?? HTTP/1.1" 404 243 "-" "Mozilla/5.0"
70.85.146.66 - - [12/Aug/2009:00:36:13 -0400] "GET /logs//redaxo/include//functions.inc.php?REX[INCLUDE_PATH]=http://www.hsm.or.kr/rgboard/data/rhs/idade1.txt??? HTTP/1.1" 404 237 "-" "Mozilla/5.0"
70.85.146.66 - - [12/Aug/2009:00:36:14 -0400] "GET //redaxo/include//functions.inc.php?REX[INCLUDE_PATH]=http://www.hsm.or.kr/rgboard/data/rhs/idade1.txt??? HTTP/1.1" 404 232 "-" "Mozilla/5.0"
70.85.146.66 - - [12/Aug/2009:00:36:14 -0400] "GET /logs/access_log.Q109052600//redaxo/include//functions.inc.php?REX[INCLUDE_PATH]=http://www.hsm.or.kr/rgboard/data/rhs/idade1.txt??? HTTP/1.1" 404 259 "-" "Mozilla/5.0"
70.85.146.66 - - [12/Aug/2009:00:36:18 -0400] "GET /logs/access_log.Q109053100//redaxo/include//functions.inc.php?REX[INCLUDE_PATH]=http://www.hsm.or.kr/rgboard/data/rhs/idade1.txt??? HTTP/1.1" 404 259 "-" "Mozilla/5.0"
69.175.22.106 - - [12/Aug/2009:00:36:56 -0400] "GET //redaxo/include//functions.inc.php?REX[INCLUDE_PATH]=http://gladvertise.com/advertise//includes/idade1.txt???? HTTP/1.1" 404 232 "-" "Mozilla/5.0"
69.175.22.106 - - [12/Aug/2009:00:36:56 -0400] "GET /logs//redaxo/include//functions.inc.php?REX[INCLUDE_PATH]=http://gladvertise.com/advertise//includes/idade1.txt???? HTTP/1.1" 404 237 "-" "Mozilla/5.0"
69.175.22.106 - - [12/Aug/2009:00:36:56 -0400] "GET /logs/access_log.Q109052600//redaxo/include//functions.inc.php?REX[INCLUDE_PATH]=http://gladvertise.com/advertise//includes/idade1.txt???? HTTP/1.1" 404 259 "-" "Mozilla/5.0"
91.121.83.177 - - [12/Aug/2009:00:36:58 -0400] "GET //redaxo/include//functions.inc.php?REX[INCLUDE_PATH]=http://www.pdtmg.org.br/images/stories/MS/idade1.txt??? HTTP/1.1" 404 232 "-" "Mozilla/5.0"
91.121.83.177 - - [12/Aug/2009:00:36:58 -0400] "GET /logs//redaxo/include//functions.inc.php?REX[INCLUDE_PATH]=http://www.pdtmg.org.br/images/stories/MS/idade1.txt??? HTTP/1.1" 404 237 "-" "Mozilla/5.0"
91.121.83.177 - - [12/Aug/2009:00:36:58 -0400] "GET /logs/access_log.Q109052600//redaxo/include//functions.inc.php?REX[INCLUDE_PATH]=http://www.pdtmg.org.br/images/stories/MS/idade1.txt??? HTTP/1.1" 404 259 "-" "Mozilla/5.0"
69.175.22.106 - - [12/Aug/2009:00:37:00 -0400] "GET /logs/access_log.Q109053100//redaxo/include//functions.inc.php?REX[INCLUDE_PATH]=http://gladvertise.com/advertise//includes/idade1.txt???? HTTP/1.1" 404 259 "-" "Mozilla/5.0"
91.121.83.177 - - [12/Aug/2009:00:37:02 -0400] "GET /logs/access_log.Q109053100//redaxo/include//functions.inc.php?REX[INCLUDE_PATH]=http://www.pdtmg.org.br/images/stories/MS/idade1.txt??? HTTP/1.1" 404 259 "-" "Mozilla/5.0"
94.23.202.64 - - [12/Aug/2009:00:37:03 -0400] "GET /logs/access_log.Q109052600//redaxo/include//functions.inc.php?REX[INCLUDE_PATH]=http://gladvertise.com/advertise//includes/idade1.txt???? HTTP/1.1" 404 259 "-" "Mozilla/5.0"
94.23.202.64 - - [12/Aug/2009:00:37:03 -0400] "GET /logs//redaxo/include//functions.inc.php?REX[INCLUDE_PATH]=http://gladvertise.com/advertise//includes/idade1.txt???? HTTP/1.1" 404 237 "-" "Mozilla/5.0"
94.23.202.64 - - [12/Aug/2009:00:37:03 -0400] "GET //redaxo/include//functions.inc.php?REX[INCLUDE_PATH]=http://gladvertise.com/advertise//includes/idade1.txt???? HTTP/1.1" 404 232 "-" "Mozilla/5.0"
94.23.202.64 - - [12/Aug/2009:00:37:03 -0400] "GET /logs/access_log.Q109053100//redaxo/include//functions.inc.php?REX[INCLUDE_PATH]=http://gladvertise.com/advertise//includes/idade1.txt???? HTTP/1.1" 404 259 "-" "Mozilla/5.0"
66.244.236.248 - - [12/Aug/2009:00:37:04 -0400] "GET //redaxo/include//functions.inc.php?REX[INCLUDE_PATH]=http://gladvertise.com/advertise//includes/idade1.txt???? HTTP/1.1" 404 232 "-" "Mozilla/5.0"
66.244.236.248 - - [12/Aug/2009:00:37:04 -0400] "GET /logs//redaxo/include//functions.inc.php?REX[INCLUDE_PATH]=http://gladvertise.com/advertise//includes/idade1.txt???? HTTP/1.1" 404 237 "-" "Mozilla/5.0"
66.244.236.248 - - [12/Aug/2009:00:37:04 -0400] "GET /logs/access_log.Q109052600//redaxo/include//functions.inc.php?REX[INCLUDE_PATH]=http://gladvertise.com/advertise//includes/idade1.txt???? HTTP/1.1" 404 259 "-" "Mozilla/5.0"
66.244.236.248 - - [12/Aug/2009:00:37:07 -0400] "GET /logs/access_log.Q109053100//redaxo/include//functions.inc.php?REX[INCLUDE_PATH]=http://gladvertise.com/advertise//includes/idade1.txt???? HTTP/1.1" 404 259 "-" "Mozilla/5.0"
220.123.239.163 - - [12/Aug/2009:00:37:15 -0400] "GET /logs//trans/trans.php?trans=en&page=http://happygage.com//bbs/skin/ggambo7002_gallery/id1.txt?? HTTP/1.1" 404 219 "-" "Mozilla/5.0"
220.123.239.163 - - [12/Aug/2009:00:37:15 -0400] "GET //trans/trans.php?trans=en&page=http://happygage.com//bbs/skin/ggambo7002_gallery/id1.txt?? HTTP/1.1" 404 214 "-" "Mozilla/5.0"
220.123.239.163 - - [12/Aug/2009:00:37:15 -0400] "GET /logs/access_log.Q109070400//trans/trans.php?trans=en&page=http://happygage.com//bbs/skin/ggambo7002_gallery/id1.txt?? HTTP/1.1" 404 241 "-" "Mozilla/5.0"
200.93.147.154 - - [12/Aug/2009:00:37:19 -0400] "GET /logs/access_log.Q109071200//index.php?option=com_flyspray&Itemid=&mosConfig_absolute_path=http://h1.ripway.com/planet121/new.txt??? HTTP/1.1" 404 235 "-" "libwww-perl/5.805"
209.59.12.99 - - [12/Aug/2009:00:37:23 -0400] "GET / HTTP/1.0" 200 409 "-" "check_http/1.81 (nagios-plugins 1.4)"
202.191.43.177 - - [12/Aug/2009:00:37:23 -0400] "GET /logs/access_log.Q109052700/modules/MambWeather/Savant2/Savant2_Plugin_options.php?mosConfig_absolute_path=http://www.spse.com.ar/conexion_db/ec.txt? HTTP/1.1" 404 279 "-" "libwww-perl/5.805"
202.191.43.177 - - [12/Aug/2009:00:37:24 -0400] "GET /modules/MambWeather/Savant2/Savant2_Plugin_options.php?mosConfig_absolute_path=http://www.spse.com.ar/conexion_db/ec.txt? HTTP/1.1" 404 252 "-" "libwww-perl/5.805"
202.191.43.177 - - [12/Aug/2009:00:37:24 -0400] "GET /logs/modules/MambWeather/Savant2/Savant2_Plugin_options.php?mosConfig_absolute_path=http://www.spse.com.ar/conexion_db/ec.txt? HTTP/1.1" 404 257 "-" "libwww-perl/5.805"
94.23.202.64 - - [12/Aug/2009:00:37:45 -0400] "GET /logs/access_log.Q109051600//kboard/kboard.php?board=notice&act=write&no=3&page=&cid=&mode=reply&act=http://gladvertise.com/advertise//includes/idade1.txt???? HTTP/1.1" 404 243 "-" "Mozilla/5.0"
195.209.236.77 - - [12/Aug/2009:00:37:52 -0400] "GET /administrator/components/com_colophon/admin.colophon.php?mosConfig_absolute_path=http://www.edu-math.com/upload_question_images/fx29id1.txt? HTTP/1.1" 404 254 "-" "Mozilla/5.0"
195.209.236.77 - - [12/Aug/2009:00:37:52 -0400] "GET /logs/administrator/components/com_colophon/admin.colophon.php?mosConfig_absolute_path=http://www.edu-math.com/upload_question_images/fx29id1.txt? HTTP/1.1" 404 259 "-" "Mozilla/5.0"
195.209.236.77 - - [12/Aug/2009:00:37:52 -0400] "GET /logs/access_log.Q109070200/administrator/components/com_colophon/admin.colophon.php?mosConfig_absolute_path=http://www.edu-math.com/upload_question_images/fx29id1.txt? HTTP/1.1" 404 281 "-" "Mozilla/5.0"
195.209.236.77 - - [12/Aug/2009:00:37:52 -0400] "GET /logs/access_log.Q109051400/administrator/components/com_colophon/admin.colophon.php?mosConfig_absolute_path=http://www.edu-math.com/upload_question_images/fx29id1.txt? HTTP/1.1" 404 281 "-" "Mozilla/5.0"
70.85.146.66 - - [12/Aug/2009:00:38:04 -0400] "GET /logs/access_log.Q109052600%20%20//redaxo/include//functions.inc.php?REX[INCLUDE_PATH]=http://www.hsm.or.kr/rgboard/data/rhs/idade1.txt??? HTTP/1.1" 404 261 "-" "Mozilla/5.0"
70.85.146.66 - - [12/Aug/2009:00:38:09 -0400] "GET /logs/access_log.Q109053100%20%20//redaxo/include//functions.inc.php?REX[INCLUDE_PATH]=http://www.hsm.or.kr/rgboard/data/rhs/idade1.txt??? HTTP/1.1" 404 261 "-" "Mozilla/5.0"
200.93.147.154 - - [12/Aug/2009:00:38:11 -0400] "GET /logs/access_log.Q109071300/components/com_colorlab/admin.color.php?mosConfig_live_site=http://h1.ripway.com/planet121/new.txt??? HTTP/1.1" 404 264 "-" "libwww-perl/5.805"
77.221.130.22 - - [12/Aug/2009:00:38:13 -0400] "GET /logs/administrator/components/com_colophon/admin.colophon.php?mosConfig_absolute_path=http://www.edu-math.com/upload_question_images/fx29id1.txt? HTTP/1.1" 404 259 "-" "Mozilla/5.0"
77.221.130.22 - - [12/Aug/2009:00:38:13 -0400] "GET /administrator/components/com_colophon/admin.colophon.php?mosConfig_absolute_path=http://www.edu-math.com/upload_question_images/fx29id1.txt? HTTP/1.1" 404 254 "-" "Mozilla/5.0"
77.221.130.22 - - [12/Aug/2009:00:38:13 -0400] "GET /logs/access_log.Q109070200/administrator/components/com_colophon/admin.colophon.php?mosConfig_absolute_path=http://www.edu-math.com/upload_question_images/fx29id1.txt? HTTP/1.1" 404 281 "-" "Mozilla/5.0"
77.221.130.22 - - [12/Aug/2009:00:38:13 -0400] "GET /logs/access_log.Q109051400/administrator/components/com_colophon/admin.colophon.php?mosConfig_absolute_path=http://www.edu-math.com/upload_question_images/fx29id1.txt? HTTP/1.1" 404 281 "-" "Mozilla/5.0"
91.121.83.177 - - [12/Aug/2009:00:38:14 -0400] "GET /logs/access_log.Q109052600%20%20//redaxo/include//functions.inc.php?REX[INCLUDE_PATH]=http://www.pdtmg.org.br/images/stories/MS/idade1.txt??? HTTP/1.1" 404 261 "-" "Mozilla/5.0"
91.121.83.177 - - [12/Aug/2009:00:38:18 -0400] "GET /logs/access_log.Q109053100%20%20//redaxo/include//functions.inc.php?REX[INCLUDE_PATH]=http://www.pdtmg.org.br/images/stories/MS/idade1.txt??? HTTP/1.1" 404 261 "-" "Mozilla/5.0"
94.23.202.64 - - [12/Aug/2009:00:38:29 -0400] "GET /logs/access_log.Q109052600%20%20//redaxo/include//functions.inc.php?REX[INCLUDE_PATH]=http://gladvertise.com/advertise//includes/idade1.txt???? HTTP/1.1" 404 261 "-" "Mozilla/5.0"
94.23.202.64 - - [12/Aug/2009:00:38:29 -0400] "GET /logs/access_log.Q109053100%20%20//redaxo/include//functions.inc.php?REX[INCLUDE_PATH]=http://gladvertise.com/advertise//includes/idade1.txt???? HTTP/1.1" 404 261 "-" "Mozilla/5.0"
69.175.22.106 - - [12/Aug/2009:00:38:31 -0400] "GET /logs/access_log.Q109052600%20%20//redaxo/include//functions.inc.php?REX[INCLUDE_PATH]=http://gladvertise.com/advertise//includes/idade1.txt???? HTTP/1.1" 404 261 "-" "Mozilla/5.0"
69.175.22.106 - - [12/Aug/2009:00:38:31 -0400] "GET /logs/access_log.Q109053100%20%20//redaxo/include//functions.inc.php?REX[INCLUDE_PATH]=http://gladvertise.com/advertise//includes/idade1.txt???? HTTP/1.1" 404 261 "-" "Mozilla/5.0"
220.123.239.163 - - [12/Aug/2009:00:38:32 -0400] "GET /logs/access_log.Q109051200//trans/trans.php?trans=eng&page=http://happygage.com//bbs/skin/ggambo7002_gallery/id1.txt?? HTTP/1.1" 404 241 "-" "Mozilla/5.0"
66.244.236.248 - - [12/Aug/2009:00:38:45 -0400] "GET /logs/access_log.Q109053100%20%20//redaxo/include//functions.inc.php?REX[INCLUDE_PATH]=http://gladvertise.com/advertise//includes/idade1.txt???? HTTP/1.1" 404 261 "-" "Mozilla/5.0"
66.244.236.248 - - [12/Aug/2009:00:38:45 -0400] "GET /logs/access_log.Q109052600%20%20//redaxo/include//functions.inc.php?REX[INCLUDE_PATH]=http://gladvertise.com/advertise//includes/idade1.txt???? HTTP/1.1" 404 261 "-" "Mozilla/5.0"
