209.59.12.99 - - [12/Sep/2009:04:16:40 -0400] "GET / HTTP/1.0" 200 409 "-" "check_http/1.81 (nagios-plugins 1.4)"
64.92.112.118 - - [12/Sep/2009:04:17:01 -0400] "GET /logs/access_log.Q109052200%20%20/php?bodyfile=http://www.rucoc.com/rucoc1.jpg??? HTTP/1.1" 404 230 "-" "Mozilla/5.0"
64.92.112.118 - - [12/Sep/2009:04:17:01 -0400] "GET /logs/access_log.Q109072300%20%20/php?bodyfile=http://www.rucoc.com/rucoc1.jpg??? HTTP/1.1" 404 230 "-" "Mozilla/5.0"
220.181.7.55 - - [12/Sep/2009:04:17:52 -0400] "GET / HTTP/1.1" 200 409 "-" "Baiduspider+(+http://www.baidu.com/search/spider.htm)"
74.100.104.248 - - [12/Sep/2009:04:18:09 -0400] "GET /images/login_go.gif HTTP/1.1" 200 296 "http://www.acesurgical.com/tutorials.html" "Mozilla/4.0 (compatible; MSIE 8.0; Windows NT 6.0; Trident/4.0; SLCC1; .NET CLR 2.0.50727; Media Center PC 5.0; .NET CLR 3.5.30729; .NET CLR 3.0.30729)"
74.100.104.248 - - [12/Sep/2009:04:18:09 -0400] "GET /images/psearch_go.gif HTTP/1.1" 200 296 "http://www.acesurgical.com/tutorials.html" "Mozilla/4.0 (compatible; MSIE 8.0; Windows NT 6.0; Trident/4.0; SLCC1; .NET CLR 2.0.50727; Media Center PC 5.0; .NET CLR 3.5.30729; .NET CLR 3.0.30729)"
74.100.104.248 - - [12/Sep/2009:04:18:09 -0400] "GET /images/login_go-over.gif HTTP/1.1" 200 302 "http://www.acesurgical.com/tutorials.html" "Mozilla/4.0 (compatible; MSIE 8.0; Windows NT 6.0; Trident/4.0; SLCC1; .NET CLR 2.0.50727; Media Center PC 5.0; .NET CLR 3.5.30729; .NET CLR 3.0.30729)"
74.100.104.248 - - [12/Sep/2009:04:18:09 -0400] "GET /images/psearch_go-over.gif HTTP/1.1" 200 302 "http://www.acesurgical.com/tutorials.html" "Mozilla/4.0 (compatible; MSIE 8.0; Windows NT 6.0; Trident/4.0; SLCC1; .NET CLR 2.0.50727; Media Center PC 5.0; .NET CLR 3.5.30729; .NET CLR 3.0.30729)"
58.120.226.113 - - [12/Sep/2009:04:18:14 -0400] "GET /logs/SSI.php?sourcedir=http://www.bellasbar.co.za//templates_c/5.gif?? HTTP/1.1" 404 210 "-" "Mozilla/5.0"
58.120.226.113 - - [12/Sep/2009:04:18:14 -0400] "GET /logs/access_log.Q109052100/SSI.php?sourcedir=http://www.bellasbar.co.za//templates_c/5.gif?? HTTP/1.1" 404 232 "-" "Mozilla/5.0"
58.120.226.113 - - [12/Sep/2009:04:18:15 -0400] "GET /logs/SSI.php?sourcedir=http://www.bellasbar.co.za//templates_c/5.gif?? HTTP/1.1" 404 210 "-" "Mozilla/5.0"
58.120.226.113 - - [12/Sep/2009:04:18:15 -0400] "GET /logs/access_log.Q109052100/SSI.php?sourcedir=http://www.bellasbar.co.za//templates_c/5.gif?? HTTP/1.1" 404 232 "-" "Mozilla/5.0"
58.120.226.113 - - [12/Sep/2009:04:18:15 -0400] "GET /SSI.php?sourcedir=http://www.bellasbar.co.za//templates_c/5.gif?? HTTP/1.1" 404 205 "-" "Mozilla/5.0"
58.120.226.113 - - [12/Sep/2009:04:18:15 -0400] "GET /SSI.php?sourcedir=http://www.bellasbar.co.za//templates_c/5.gif?? HTTP/1.1" 404 205 "-" "Mozilla/5.0"
58.120.226.113 - - [12/Sep/2009:04:18:15 -0400] "GET /logs/access_log.Q109081800/SSI.php?sourcedir=http://www.bellasbar.co.za//templates_c/5.gif?? HTTP/1.1" 404 232 "-" "Mozilla/5.0"
58.120.226.113 - - [12/Sep/2009:04:18:15 -0400] "GET /SSI.php?sourcedir=http://www.bellasbar.co.za//templates_c/5.gif?? HTTP/1.1" 404 205 "-" "Mozilla/5.0"
58.120.226.113 - - [12/Sep/2009:04:18:15 -0400] "GET /logs/SSI.php?sourcedir=http://www.bellasbar.co.za//templates_c/5.gif?? HTTP/1.1" 404 210 "-" "Mozilla/5.0"
58.120.226.113 - - [12/Sep/2009:04:18:15 -0400] "GET /logs/access_log.Q109052100%20%20/SSI.php?sourcedir=http://www.bellasbar.co.za//templates_c/5.gif?? HTTP/1.1" 404 234 "-" "Mozilla/5.0"
118.129.166.203 - - [12/Sep/2009:04:18:22 -0400] "GET /logs/access_log.Q109071600///?_SERVER[DOCUMENT_ROOT]=http://www.hotlinkfiles.com/files/2821123_nrpeo/src.txt??? HTTP/1.1" 404 227 "-" "Mozilla/5.0"
118.129.166.203 - - [12/Sep/2009:04:18:22 -0400] "GET ///?_SERVER[DOCUMENT_ROOT]=http://www.hotlinkfiles.com/files/2821123_nrpeo/src.txt??? HTTP/1.1" 200 453 "-" "Mozilla/5.0"
118.129.166.203 - - [12/Sep/2009:04:18:22 -0400] "GET /logs///?_SERVER[DOCUMENT_ROOT]=http://www.hotlinkfiles.com/files/2821123_nrpeo/src.txt??? HTTP/1.1" 200 17504 "-" "Mozilla/5.0"
87.139.66.104 - - [12/Sep/2009:04:18:35 -0400] "GET /logs//doceboLms//class/class.admin_menu_lms.php?where_framework=http://seoul.nodong.org/bbs/skin/ggambo7002_gallery/mambo?? HTTP/1.1" 404 245 "-" "Mozilla/4.0 (compatible; MSIE 6.0; Windows NT 5.1; SV1)"
87.139.66.104 - - [12/Sep/2009:04:18:36 -0400] "GET //doceboLms//class/class.admin_menu_lms.php?where_framework=http://seoul.nodong.org/bbs/skin/ggambo7002_gallery/mambo?? HTTP/1.1" 404 240 "-" "Mozilla/4.0 (compatible; MSIE 6.0; Windows NT 5.1; SV1)"
213.186.117.226 - - [12/Sep/2009:04:18:36 -0400] "GET /logs/error_log.Q109072300///modules/My_eGallery/public/displayCategory.php?basepath=http://akbotong.com/akboshop/UserFiles/explorecrew/zfxid.txt? HTTP/1.1" 404 272 "-" "Mozilla/5.0"
213.186.117.226 - - [12/Sep/2009:04:18:37 -0400] "GET /logs/access_log.Q109072300///modules/My_eGallery/public/displayCategory.php?basepath=http://akbotong.com/akboshop/UserFiles/explorecrew/zfxid.txt? HTTP/1.1" 404 273 "-" "Mozilla/5.0"
213.186.117.226 - - [12/Sep/2009:04:18:48 -0400] "GET /logs/error_log.Q109072300///modules/My_eGallery/public/displayCategory.php?basepath=http://akbotong.com/akboshop/UserFiles/explorecrew/zfxid.txt? HTTP/1.1" 404 272 "-" "Mozilla/5.0"
213.186.117.226 - - [12/Sep/2009:04:18:48 -0400] "GET /logs/access_log.Q109072300///modules/My_eGallery/public/displayCategory.php?basepath=http://akbotong.com/akboshop/UserFiles/explorecrew/zfxid.txt? HTTP/1.1" 404 273 "-" "Mozilla/5.0"
61.100.186.87 - - [12/Sep/2009:04:19:16 -0400] "GET /logs/access_log.Q109052200/php?bodyfile=http://www.rucoc.com/rucoc1.jpg??? HTTP/1.1" 404 228 "-" "Mozilla/5.0"
61.100.186.87 - - [12/Sep/2009:04:19:16 -0400] "GET /logs/php?bodyfile=http://www.rucoc.com/rucoc1.jpg??? HTTP/1.1" 404 206 "-" "Mozilla/5.0"
61.100.186.87 - - [12/Sep/2009:04:19:16 -0400] "GET /php?bodyfile=http://www.rucoc.com/rucoc1.jpg??? HTTP/1.1" 404 201 "-" "Mozilla/5.0"
61.100.186.87 - - [12/Sep/2009:04:19:16 -0400] "GET /logs/access_log.Q109072300/php?bodyfile=http://www.rucoc.com/rucoc1.jpg??? HTTP/1.1" 404 228 "-" "Mozilla/5.0"
66.148.68.101 - - [12/Sep/2009:04:20:52 -0400] "GET /logs/access_log.Q109052300//classes/adodbt/sql.php?classes_dir=http://www.goldenpost.co.kr/bbs/script/fx29id1.txt?? HTTP/1.1" 404 248 "-" "Mozilla/5.0"
123.125.66.125 - - [12/Sep/2009:04:21:04 -0400] "GET / HTTP/1.1" 200 409 "-" "Baiduspider+(+http://www.baidu.com/search/spider.htm)"
61.100.186.87 - - [12/Sep/2009:04:21:15 -0400] "GET /logs/access_log.Q109052200%20%20/php?bodyfile=http://www.rucoc.com/rucoc1.jpg??? HTTP/1.1" 404 230 "-" "Mozilla/5.0"
61.100.186.87 - - [12/Sep/2009:04:21:24 -0400] "GET /logs/access_log.Q109072300%20%20/php?bodyfile=http://www.rucoc.com/rucoc1.jpg??? HTTP/1.1" 404 230 "-" "Mozilla/5.0"
209.59.12.99 - - [12/Sep/2009:04:21:39 -0400] "GET / HTTP/1.0" 200 409 "-" "check_http/1.81 (nagios-plugins 1.4)"
87.139.66.104 - - [12/Sep/2009:04:22:03 -0400] "GET //doceboLms//class/class.admin_menu_lms.php?where_framework=http://seoul.nodong.org/bbs/skin/ggambo7002_gallery/mambo?? HTTP/1.1" 404 240 "-" "Mozilla/4.0 (compatible; MSIE 6.0; Windows NT 5.1; SV1)"
87.139.66.104 - - [12/Sep/2009:04:22:03 -0400] "GET /logs//doceboLms//class/class.admin_menu_lms.php?where_framework=http://seoul.nodong.org/bbs/skin/ggambo7002_gallery/mambo?? HTTP/1.1" 404 245 "-" "Mozilla/4.0 (compatible; MSIE 6.0; Windows NT 5.1; SV1)"
58.120.226.113 - - [12/Sep/2009:04:22:20 -0400] "GET /logs/SSI.php?sourcedir=http://seoul.nodong.org/bbs/skin/ggambo7002_gallery/mambo?? HTTP/1.1" 404 210 "-" "Mozilla/5.0 (Windows; U; Windows NT 5.1; en-US; rv:1.8) Gecko/20051219 SeaMonkey/1.0b"
58.120.226.113 - - [12/Sep/2009:04:22:20 -0400] "GET /SSI.php?sourcedir=http://seoul.nodong.org/bbs/skin/ggambo7002_gallery/mambo?? HTTP/1.1" 404 205 "-" "Mozilla/5.0 (Windows; U; Windows NT 5.1; en-US; rv:1.8) Gecko/20051219 SeaMonkey/1.0b"
74.6.22.167 - - [12/Sep/2009:04:22:35 -0400] "GET /logs/access_log.Q109061400 HTTP/1.0" 200 2160115 "-" "Mozilla/5.0 (compatible; Yahoo! Slurp/3.0; http://help.yahoo.com/help/us/ysearch/slurp)"
58.120.226.113 - - [12/Sep/2009:04:23:14 -0400] "GET /logs//admin/common.inc.php?base_path=http://www.bellasbar.co.za//templates_c/5.gif?? HTTP/1.1" 404 224 "-" "Mozilla/5.0"
58.120.226.113 - - [12/Sep/2009:04:23:14 -0400] "GET /logs/access_log.Q109051800//admin/common.inc.php?base_path=http://www.bellasbar.co.za//templates_c/5.gif?? HTTP/1.1" 404 246 "-" "Mozilla/5.0"
58.120.226.113 - - [12/Sep/2009:04:23:15 -0400] "GET //admin/common.inc.php?base_path=http://www.bellasbar.co.za//templates_c/5.gif?? HTTP/1.1" 404 219 "-" "Mozilla/5.0"
58.120.226.113 - - [12/Sep/2009:04:23:28 -0400] "GET /logs/access_log.Q109051800//admin/common.inc.php?base_path=http://www.bellasbar.co.za//templates_c/5.gif?? HTTP/1.1" 404 246 "-" "Mozilla/5.0"
58.120.226.113 - - [12/Sep/2009:04:23:28 -0400] "GET /logs//admin/common.inc.php?base_path=http://www.bellasbar.co.za//templates_c/5.gif?? HTTP/1.1" 404 224 "-" "Mozilla/5.0"
58.120.226.113 - - [12/Sep/2009:04:23:29 -0400] "GET //admin/common.inc.php?base_path=http://www.bellasbar.co.za//templates_c/5.gif?? HTTP/1.1" 404 219 "-" "Mozilla/5.0"
58.120.226.113 - - [12/Sep/2009:04:23:54 -0400] "GET /logs/access_log.Q109051800%20%20//admin/common.inc.php?base_path=http://www.bellasbar.co.za//templates_c/5.gif?? HTTP/1.1" 404 248 "-" "Mozilla/5.0"
58.120.226.113 - - [12/Sep/2009:04:23:54 -0400] "GET /logs//admin/common.inc.php?base_path=http://www.bellasbar.co.za//templates_c/5.gif?? HTTP/1.1" 404 224 "-" "Mozilla/5.0"
58.120.226.113 - - [12/Sep/2009:04:23:54 -0400] "GET //admin/common.inc.php?base_path=http://www.bellasbar.co.za//templates_c/5.gif?? HTTP/1.1" 404 219 "-" "Mozilla/5.0"
174.34.163.101 - - [12/Sep/2009:04:24:44 -0400] "GET ////?_SERVER[DOCUMENT_ROOT]=http://www.artvariety.co.za/scan/zfxid1.txt?? HTTP/1.1" 200 454 "-" "Mozilla/5.0"
174.34.163.101 - - [12/Sep/2009:04:24:44 -0400] "GET /logs/access_log.Q109080200%20%20////?_SERVER[DOCUMENT_ROOT]=http://www.artvariety.co.za/scan/zfxid1.txt?? HTTP/1.1" 404 230 "-" "Mozilla/5.0"
174.34.163.101 - - [12/Sep/2009:04:24:44 -0400] "GET /logs////?_SERVER[DOCUMENT_ROOT]=http://www.artvariety.co.za/scan/zfxid1.txt?? HTTP/1.1" 200 17505 "-" "Mozilla/5.0"
174.34.163.101 - - [12/Sep/2009:04:24:44 -0400] "GET ////?_SERVER[DOCUMENT_ROOT]=http://www.artvariety.co.za/scan/zfxid1.txt?? HTTP/1.1" 200 454 "-" "Mozilla/5.0"
174.34.163.101 - - [12/Sep/2009:04:24:44 -0400] "GET /logs////?_SERVER[DOCUMENT_ROOT]=http://www.artvariety.co.za/scan/zfxid1.txt?? HTTP/1.1" 200 17505 "-" "Mozilla/5.0"
174.34.163.101 - - [12/Sep/2009:04:24:44 -0400] "GET /logs/access_log.Q109080200%20%20////?_SERVER[DOCUMENT_ROOT]=http://www.artvariety.co.za/scan/zfxid1.txt?? HTTP/1.1" 404 230 "-" "Mozilla/5.0"
174.34.163.101 - - [12/Sep/2009:04:24:45 -0400] "GET /logs/access_log.Q109071000%20%20////?_SERVER[DOCUMENT_ROOT]=http://www.artvariety.co.za/scan/zfxid1.txt?? HTTP/1.1" 404 230 "-" "Mozilla/5.0"
174.34.163.101 - - [12/Sep/2009:04:24:45 -0400] "GET /logs/access_log.Q109071000%20%20////?_SERVER[DOCUMENT_ROOT]=http://www.artvariety.co.za/scan/zfxid1.txt?? HTTP/1.1" 404 230 "-" "Mozilla/5.0"
70.90.108.169 - - [12/Sep/2009:04:25:58 -0400] "GET /include/plugins/jrBrowser/purchase.php?jamroom[jm_dir]=http://www.frostbytes.com/regina/copyright.txt?? HTTP/1.1" 404 236 "-" "Mozilla/5.0"
70.90.108.169 - - [12/Sep/2009:04:25:58 -0400] "GET /logs/include/plugins/jrBrowser/purchase.php?jamroom[jm_dir]=http://www.frostbytes.com/regina/copyright.txt?? HTTP/1.1" 404 241 "-" "Mozilla/5.0"
70.90.108.169 - - [12/Sep/2009:04:25:58 -0400] "GET /logs/access_log.Q109051600%20%20/include/plugins/jrBrowser/purchase.php?jamroom[jm_dir]=http://www.frostbytes.com/regina/copyright.txt?? HTTP/1.1" 404 265 "-" "Mozilla/5.0"
70.90.108.169 - - [12/Sep/2009:04:26:11 -0400] "GET /include/plugins/jrBrowser/purchase.php?jamroom[jm_dir]=http://www.frostbytes.com/regina/copyright.txt?? HTTP/1.1" 404 236 "-" "Mozilla/5.0"
70.90.108.169 - - [12/Sep/2009:04:26:11 -0400] "GET /logs/include/plugins/jrBrowser/purchase.php?jamroom[jm_dir]=http://www.frostbytes.com/regina/copyright.txt?? HTTP/1.1" 404 241 "-" "Mozilla/5.0"
70.90.108.169 - - [12/Sep/2009:04:26:14 -0400] "GET /logs/access_log.Q109051600/include/plugins/jrBrowser/purchase.php?jamroom[jm_dir]=http://www.frostbytes.com/regina/copyright.txt?? HTTP/1.1" 404 263 "-" "Mozilla/5.0"
190.144.44.36 - - [12/Sep/2009:04:26:20 -0400] "GET /logs/access_log.Q109080400///administrator/components/com_pollxt/conf.pollxt.php?mosConfig_absolute_path=http://www.kim-key.cn/bbs/data/id1.txt???? HTTP/1.1" 404 278 "-" "Mozilla/5.0"
190.144.44.36 - - [12/Sep/2009:04:26:20 -0400] "GET /logs///administrator/components/com_pollxt/conf.pollxt.php?mosConfig_absolute_path=http://www.kim-key.cn/bbs/data/id1.txt???? HTTP/1.1" 404 256 "-" "Mozilla/5.0"
190.144.44.36 - - [12/Sep/2009:04:26:20 -0400] "GET /logs///administrator/components/com_pollxt/conf.pollxt.php?mosConfig_absolute_path=http://www.kim-key.cn/bbs/data/id1.txt???? HTTP/1.1" 404 256 "-" "Mozilla/5.0"
190.144.44.36 - - [12/Sep/2009:04:26:20 -0400] "GET /logs/access_log.Q109080400///administrator/components/com_pollxt/conf.pollxt.php?mosConfig_absolute_path=http://www.kim-key.cn/bbs/data/id1.txt???? HTTP/1.1" 404 278 "-" "Mozilla/5.0"
190.144.44.36 - - [12/Sep/2009:04:26:20 -0400] "GET ///administrator/components/com_pollxt/conf.pollxt.php?mosConfig_absolute_path=http://www.kim-key.cn/bbs/data/id1.txt???? HTTP/1.1" 404 251 "-" "Mozilla/5.0"
87.139.66.104 - - [12/Sep/2009:04:26:21 -0400] "GET //admin/common.inc.php?base_path=http://seoul.nodong.org/bbs/skin/ggambo7002_gallery/mambo?? HTTP/1.1" 404 219 "-" "Mozilla/4.0 (compatible; MSIE 6.0; Windows NT 5.1; SV1)"
190.144.44.36 - - [12/Sep/2009:04:26:21 -0400] "GET /logs///administrator/components/com_pollxt/conf.pollxt.php?mosConfig_absolute_path=http://www.kim-key.cn/bbs/data/id1.txt???? HTTP/1.1" 404 256 "-" "Mozilla/5.0"
190.144.44.36 - - [12/Sep/2009:04:26:21 -0400] "GET /logs/access_log.Q109080400///administrator/components/com_pollxt/conf.pollxt.php?mosConfig_absolute_path=http://www.kim-key.cn/bbs/data/id1.txt???? HTTP/1.1" 404 278 "-" "Mozilla/5.0"
190.144.44.36 - - [12/Sep/2009:04:26:21 -0400] "GET ///administrator/components/com_pollxt/conf.pollxt.php?mosConfig_absolute_path=http://www.kim-key.cn/bbs/data/id1.txt???? HTTP/1.1" 404 251 "-" "Mozilla/5.0"
87.139.66.104 - - [12/Sep/2009:04:26:21 -0400] "GET /logs//admin/common.inc.php?base_path=http://seoul.nodong.org/bbs/skin/ggambo7002_gallery/mambo?? HTTP/1.1" 404 224 "-" "Mozilla/4.0 (compatible; MSIE 6.0; Windows NT 5.1; SV1)"
190.144.44.36 - - [12/Sep/2009:04:26:28 -0400] "GET ///administrator/components/com_pollxt/conf.pollxt.php?mosConfig_absolute_path=http://www.kim-key.cn/bbs/data/id1.txt???? HTTP/1.1" 404 251 "-" "Mozilla/5.0"
70.90.108.169 - - [12/Sep/2009:04:26:34 -0400] "GET /logs/access_log.Q109051700%20%20/include/plugins/jrBrowser/purchase.php?jamroom[jm_dir]=http://www.frostbytes.com/regina/copyright.txt?? HTTP/1.1" 404 265 "-" "Mozilla/5.0"
190.144.44.36 - - [12/Sep/2009:04:26:38 -0400] "GET ///administrator/components/com_pollxt/conf.pollxt.php?mosConfig_absolute_path=http://www.kim-key.cn/bbs/data/id1.txt???? HTTP/1.1" 404 251 "-" "Mozilla/5.0"
190.144.44.36 - - [12/Sep/2009:04:26:38 -0400] "GET /logs///administrator/components/com_pollxt/conf.pollxt.php?mosConfig_absolute_path=http://www.kim-key.cn/bbs/data/id1.txt???? HTTP/1.1" 404 256 "-" "Mozilla/5.0"
190.144.44.36 - - [12/Sep/2009:04:26:38 -0400] "GET /logs/access_log.Q109080400///administrator/components/com_pollxt/conf.pollxt.php?mosConfig_absolute_path=http://www.kim-key.cn/bbs/data/id1.txt???? HTTP/1.1" 404 278 "-" "Mozilla/5.0"
190.144.44.36 - - [12/Sep/2009:04:26:40 -0400] "GET ///administrator/components/com_pollxt/conf.pollxt.php?mosConfig_absolute_path=http://www.kim-key.cn/bbs/data/id1.txt???? HTTP/1.1" 404 251 "-" "Mozilla/5.0"
190.144.44.36 - - [12/Sep/2009:04:26:40 -0400] "GET /logs///administrator/components/com_pollxt/conf.pollxt.php?mosConfig_absolute_path=http://www.kim-key.cn/bbs/data/id1.txt???? HTTP/1.1" 404 256 "-" "Mozilla/5.0"
190.144.44.36 - - [12/Sep/2009:04:26:40 -0400] "GET /logs/access_log.Q109080400///administrator/components/com_pollxt/conf.pollxt.php?mosConfig_absolute_path=http://www.kim-key.cn/bbs/data/id1.txt???? HTTP/1.1" 404 278 "-" "Mozilla/5.0"
209.59.12.99 - - [12/Sep/2009:04:26:40 -0400] "GET / HTTP/1.0" 200 409 "-" "check_http/1.81 (nagios-plugins 1.4)"
70.90.108.169 - - [12/Sep/2009:04:26:41 -0400] "GET /logs/access_log.Q109051700/include/plugins/jrBrowser/purchase.php?jamroom[jm_dir]=http://www.frostbytes.com/regina/copyright.txt?? HTTP/1.1" 404 263 "-" "Mozilla/5.0"
190.144.44.36 - - [12/Sep/2009:04:26:43 -0400] "GET /logs/access_log.Q109080400///administrator/components/com_pollxt/conf.pollxt.php?mosConfig_absolute_path=http://www.kim-key.cn/bbs/data/id1.txt???? HTTP/1.1" 404 278 "-" "Mozilla/5.0"
190.144.44.36 - - [12/Sep/2009:04:26:43 -0400] "GET /logs///administrator/components/com_pollxt/conf.pollxt.php?mosConfig_absolute_path=http://www.kim-key.cn/bbs/data/id1.txt???? HTTP/1.1" 404 256 "-" "Mozilla/5.0"
190.144.44.36 - - [12/Sep/2009:04:26:43 -0400] "GET ///administrator/components/com_pollxt/conf.pollxt.php?mosConfig_absolute_path=http://www.kim-key.cn/bbs/data/id1.txt???? HTTP/1.1" 404 251 "-" "Mozilla/5.0"
190.144.44.36 - - [12/Sep/2009:04:26:46 -0400] "GET ///administrator/components/com_pollxt/conf.pollxt.php?mosConfig_absolute_path=http://www.kim-key.cn/bbs/data/id1.txt???? HTTP/1.1" 404 251 "-" "Mozilla/5.0"
190.144.44.36 - - [12/Sep/2009:04:26:46 -0400] "GET /logs/access_log.Q109080400%20%20///administrator/components/com_pollxt/conf.pollxt.php?mosConfig_absolute_path=http://www.kim-key.cn/bbs/data/id1.txt???? HTTP/1.1" 404 280 "-" "Mozilla/5.0"
190.144.44.36 - - [12/Sep/2009:04:26:46 -0400] "GET /logs///administrator/components/com_pollxt/conf.pollxt.php?mosConfig_absolute_path=http://www.kim-key.cn/bbs/data/id1.txt???? HTTP/1.1" 404 256 "-" "Mozilla/5.0"
190.144.44.36 - - [12/Sep/2009:04:26:47 -0400] "GET /logs/access_log.Q109083000///administrator/components/com_pollxt/conf.pollxt.php?mosConfig_absolute_path=http://www.kim-key.cn/bbs/data/id1.txt???? HTTP/1.1" 404 278 "-" "Mozilla/5.0"
190.144.44.36 - - [12/Sep/2009:04:26:48 -0400] "GET /logs/access_log.Q109083000///administrator/components/com_pollxt/conf.pollxt.php?mosConfig_absolute_path=http://www.kim-key.cn/bbs/data/id1.txt???? HTTP/1.1" 404 278 "-" "Mozilla/5.0"
190.144.44.36 - - [12/Sep/2009:04:26:49 -0400] "GET /logs/access_log.Q109083000///administrator/components/com_pollxt/conf.pollxt.php?mosConfig_absolute_path=http://www.kim-key.cn/bbs/data/id1.txt???? HTTP/1.1" 404 278 "-" "Mozilla/5.0"
190.144.44.36 - - [12/Sep/2009:04:26:51 -0400] "GET /logs/access_log.Q109083000%20%20///administrator/components/com_pollxt/conf.pollxt.php?mosConfig_absolute_path=http://www.kim-key.cn/bbs/data/id1.txt???? HTTP/1.1" 404 280 "-" "Mozilla/5.0"
58.120.226.113 - - [12/Sep/2009:04:27:28 -0400] "GET //admin/common.inc.php?base_path=http://seoul.nodong.org/bbs/skin/ggambo7002_gallery/mambo?? HTTP/1.1" 404 219 "-" "Mozilla/5.0 (Windows; U; Windows NT 5.1; en-US; rv:1.8) Gecko/20051219 SeaMonkey/1.0b"
58.120.226.113 - - [12/Sep/2009:04:27:29 -0400] "GET /logs//admin/common.inc.php?base_path=http://seoul.nodong.org/bbs/skin/ggambo7002_gallery/mambo?? HTTP/1.1" 404 224 "-" "Mozilla/5.0 (Windows; U; Windows NT 5.1; en-US; rv:1.8) Gecko/20051219 SeaMonkey/1.0b"
66.148.68.101 - - [12/Sep/2009:04:27:58 -0400] "GET /logs/access_log.Q109072200////skin/ggambo7002_board/comment_modify.php?dir=http://www.goldenpost.co.kr/bbs/script/fx29id1.txt?? HTTP/1.1" 404 268 "-" "Mozilla/5.0"
66.148.68.101 - - [12/Sep/2009:04:27:58 -0400] "GET /logs////skin/ggambo7002_board/comment_modify.php?dir=http://www.goldenpost.co.kr/bbs/script/fx29id1.txt?? HTTP/1.1" 404 246 "-" "Mozilla/5.0"
70.90.108.169 - - [12/Sep/2009:04:27:59 -0400] "GET /logs//ktmllite/includes/ktedit/toolbar.php?dirDepth=http://www.frostbytes.com/regina/copyright.txt?? HTTP/1.1" 404 240 "-" "Mozilla/5.0"
70.90.108.169 - - [12/Sep/2009:04:27:59 -0400] "GET //ktmllite/includes/ktedit/toolbar.php?dirDepth=http://www.frostbytes.com/regina/copyright.txt?? HTTP/1.1" 404 235 "-" "Mozilla/5.0"
66.148.68.101 - - [12/Sep/2009:04:27:59 -0400] "GET ////skin/ggambo7002_board/comment_modify.php?dir=http://www.goldenpost.co.kr/bbs/script/fx29id1.txt?? HTTP/1.1" 404 241 "-" "Mozilla/5.0"
70.90.108.169 - - [12/Sep/2009:04:28:02 -0400] "GET /logs/access_log.Q109061200%20%20//ktmllite/includes/ktedit/toolbar.php?dirDepth=http://www.frostbytes.com/regina/copyright.txt?? HTTP/1.1" 404 264 "-" "Mozilla/5.0"
66.148.68.101 - - [12/Sep/2009:04:28:03 -0400] "GET /logs/access_log.Q109072500////skin/ggambo7002_board/comment_modify.php?dir=http://www.goldenpost.co.kr/bbs/script/fx29id1.txt?? HTTP/1.1" 404 268 "-" "Mozilla/5.0"
70.90.108.169 - - [12/Sep/2009:04:28:04 -0400] "GET /logs/access_log.Q109062400%20%20//ktmllite/includes/ktedit/toolbar.php?dirDepth=http://www.frostbytes.com/regina/copyright.txt?? HTTP/1.1" 404 264 "-" "Mozilla/5.0"
69.175.44.226 - - [12/Sep/2009:04:28:22 -0400] "GET //skin/ggambo7002_gallery/setup.php?dir=http://www.frostbytes.com/copyright.txt???? HTTP/1.1" 404 232 "-" "Mozilla/5.0"
69.175.44.226 - - [12/Sep/2009:04:28:22 -0400] "GET /logs//skin/ggambo7002_gallery/setup.php?dir=http://www.frostbytes.com/copyright.txt???? HTTP/1.1" 404 237 "-" "Mozilla/5.0"
69.175.44.226 - - [12/Sep/2009:04:28:22 -0400] "GET /logs/access_log.Q109081700%20%20//skin/ggambo7002_gallery/setup.php?dir=http://www.frostbytes.com/copyright.txt???? HTTP/1.1" 404 261 "-" "Mozilla/5.0"
69.175.44.226 - - [12/Sep/2009:04:28:23 -0400] "GET /logs/error_log.Q109090500%20%20//skin/ggambo7002_gallery/setup.php?dir=http://www.frostbytes.com/copyright.txt???? HTTP/1.1" 404 260 "-" "Mozilla/5.0"
69.175.44.226 - - [12/Sep/2009:04:28:26 -0400] "GET /logs//skin/ggambo7002_gallery/setup.php?dir=http://www.frostbytes.com/copyright.txt???? HTTP/1.1" 404 237 "-" "Mozilla/5.0"
69.175.44.226 - - [12/Sep/2009:04:28:27 -0400] "GET //skin/ggambo7002_gallery/setup.php?dir=http://www.frostbytes.com/copyright.txt???? HTTP/1.1" 404 232 "-" "Mozilla/5.0"
69.175.44.226 - - [12/Sep/2009:04:28:27 -0400] "GET /logs/access_log.Q109081700%20%20//skin/ggambo7002_gallery/setup.php?dir=http://www.frostbytes.com/copyright.txt???? HTTP/1.1" 404 261 "-" "Mozilla/5.0"
69.175.44.226 - - [12/Sep/2009:04:28:27 -0400] "GET /logs/error_log.Q109090500%20%20//skin/ggambo7002_gallery/setup.php?dir=http://www.frostbytes.com/copyright.txt???? HTTP/1.1" 404 260 "-" "Mozilla/5.0"
58.184.252.3 - - [12/Sep/2009:04:28:34 -0400] "GET ///?_SERVER[DOCUMENT_ROOT]=http://web.hocome.com//modules/Forums/admin/zfxid1.txt? HTTP/1.1" 200 453 "-" "Mozilla/5.0"
58.184.252.3 - - [12/Sep/2009:04:28:35 -0400] "GET /logs/access_log.Q109051100%20%20///?_SERVER[DOCUMENT_ROOT]=http://web.hocome.com//modules/Forums/admin/zfxid1.txt? HTTP/1.1" 404 229 "-" "Mozilla/5.0"
58.184.252.3 - - [12/Sep/2009:04:28:38 -0400] "GET /logs/access_log.Q109051100%20%20///?_SERVER[DOCUMENT_ROOT]=http://web.hocome.com//modules/Forums/admin/zfxid1.txt? HTTP/1.1" 404 229 "-" "Mozilla/5.0"
58.184.252.3 - - [12/Sep/2009:04:28:41 -0400] "GET ///?_SERVER[DOCUMENT_ROOT]=http://web.hocome.com//modules/Forums/admin/zfxid1.txt? HTTP/1.1" 200 453 "-" "Mozilla/5.0"
58.184.252.3 - - [12/Sep/2009:04:28:41 -0400] "GET /logs///?_SERVER[DOCUMENT_ROOT]=http://web.hocome.com//modules/Forums/admin/zfxid1.txt? HTTP/1.1" 200 17504 "-" "Mozilla/5.0"
58.184.252.3 - - [12/Sep/2009:04:28:43 -0400] "GET /logs///?_SERVER[DOCUMENT_ROOT]=http://web.hocome.com//modules/Forums/admin/zfxid1.txt? HTTP/1.1" 200 17504 "-" "Mozilla/5.0"
174.34.163.101 - - [12/Sep/2009:04:28:55 -0400] "GET /logs/access_log.Q109082800%20%20//index.php?option=com_lurm_constructor&Itemid=&mosConfig_absolute_path=http://www.artvariety.co.za/scan/zfxid1.txt?? HTTP/1.1" 404 237 "-" "Mozilla/5.0"
174.34.163.101 - - [12/Sep/2009:04:28:56 -0400] "GET //index.php?option=com_lurm_constructor&Itemid=&mosConfig_absolute_path=http://www.artvariety.co.za/scan/zfxid1.txt?? HTTP/1.1" 404 208 "-" "Mozilla/5.0"
174.34.163.101 - - [12/Sep/2009:04:28:56 -0400] "GET /logs//index.php?option=com_lurm_constructor&Itemid=&mosConfig_absolute_path=http://www.artvariety.co.za/scan/zfxid1.txt?? HTTP/1.1" 404 213 "-" "Mozilla/5.0"
174.34.163.101 - - [12/Sep/2009:04:28:56 -0400] "GET /logs/access_log.Q109081000%20%20//index.php?option=com_lurm_constructor&Itemid=&mosConfig_absolute_path=http://www.artvariety.co.za/scan/zfxid1.txt?? HTTP/1.1" 404 237 "-" "Mozilla/5.0"
174.34.163.101 - - [12/Sep/2009:04:28:58 -0400] "GET //index.php?option=com_lurm_constructor&Itemid=&mosConfig_absolute_path=http://www.artvariety.co.za/scan/zfxid1.txt?? HTTP/1.1" 404 208 "-" "Mozilla/5.0"
174.34.163.101 - - [12/Sep/2009:04:28:58 -0400] "GET /logs/access_log.Q109082800%20%20//index.php?option=com_lurm_constructor&Itemid=&mosConfig_absolute_path=http://www.artvariety.co.za/scan/zfxid1.txt?? HTTP/1.1" 404 237 "-" "Mozilla/5.0"
174.34.163.101 - - [12/Sep/2009:04:28:58 -0400] "GET /logs//index.php?option=com_lurm_constructor&Itemid=&mosConfig_absolute_path=http://www.artvariety.co.za/scan/zfxid1.txt?? HTTP/1.1" 404 213 "-" "Mozilla/5.0"
174.34.163.101 - - [12/Sep/2009:04:28:58 -0400] "GET /logs/access_log.Q109081000%20%20//index.php?option=com_lurm_constructor&Itemid=&mosConfig_absolute_path=http://www.artvariety.co.za/scan/zfxid1.txt?? HTTP/1.1" 404 237 "-" "Mozilla/5.0"
58.184.252.3 - - [12/Sep/2009:04:29:00 -0400] "GET /logs/error_log.Q109051100%20%20///?_SERVER[DOCUMENT_ROOT]=http://web.hocome.com//modules/Forums/admin/zfxid1.txt? HTTP/1.1" 404 228 "-" "Mozilla/5.0"
66.148.68.101 - - [12/Sep/2009:04:29:34 -0400] "GET /logs/access_log.Q109072200%20%20////skin/ggambo7002_board/comment_modify.php?dir=http://www.goldenpost.co.kr/bbs/script/fx29id1.txt?? HTTP/1.1" 404 270 "-" "Mozilla/5.0"
66.148.68.101 - - [12/Sep/2009:04:29:35 -0400] "GET /logs/access_log.Q109072500%20%20////skin/ggambo7002_board/comment_modify.php?dir=http://www.goldenpost.co.kr/bbs/script/fx29id1.txt?? HTTP/1.1" 404 270 "-" "Mozilla/5.0"
62.75.202.55 - - [12/Sep/2009:04:29:48 -0400] "GET //index.php?option=com_xfaq&task=answer&Itemid=S@BUN&catid=97&aid=http://www.lumosalliance.com//forums/rindu.txt?? HTTP/1.1" 404 208 "-" "Mozilla/5.0"
62.75.202.55 - - [12/Sep/2009:04:29:48 -0400] "GET /logs/access_log.Q109050800%20%20//index.php?option=com_xfaq&task=answer&Itemid=S@BUN&catid=97&aid=http://www.lumosalliance.com//forums/rindu.txt?? HTTP/1.1" 404 237 "-" "Mozilla/5.0"
62.75.202.55 - - [12/Sep/2009:04:29:48 -0400] "GET /logs//index.php?option=com_xfaq&task=answer&Itemid=S@BUN&catid=97&aid=http://www.lumosalliance.com//forums/rindu.txt?? HTTP/1.1" 404 213 "-" "Mozilla/5.0"
62.75.202.55 - - [12/Sep/2009:04:29:49 -0400] "GET //index.php?option=com_xfaq&task=answer&Itemid=S@BUN&catid=97&aid=http://www.lumosalliance.com//forums/rindu.txt?? HTTP/1.1" 404 208 "-" "Mozilla/5.0"
62.75.202.55 - - [12/Sep/2009:04:29:49 -0400] "GET /logs//index.php?option=com_xfaq&task=answer&Itemid=S@BUN&catid=97&aid=http://www.lumosalliance.com//forums/rindu.txt?? HTTP/1.1" 404 213 "-" "Mozilla/5.0"
62.75.202.55 - - [12/Sep/2009:04:29:49 -0400] "GET /logs/access_log.Q109050800%20%20//index.php?option=com_xfaq&task=answer&Itemid=S@BUN&catid=97&aid=http://www.lumosalliance.com//forums/rindu.txt?? HTTP/1.1" 404 237 "-" "Mozilla/5.0"
70.90.108.169 - - [12/Sep/2009:04:29:52 -0400] "GET //skin/ggambo7002_gallery/setup.php?dir=http://www.frostbytes.com/copyright.txt???? HTTP/1.1" 404 232 "-" "Mozilla/5.0"
70.90.108.169 - - [12/Sep/2009:04:29:52 -0400] "GET /logs//skin/ggambo7002_gallery/setup.php?dir=http://www.frostbytes.com/copyright.txt???? HTTP/1.1" 404 237 "-" "Mozilla/5.0"
70.90.108.169 - - [12/Sep/2009:04:29:52 -0400] "GET /logs/access_log.Q109081700%20%20//skin/ggambo7002_gallery/setup.php?dir=http://www.frostbytes.com/copyright.txt???? HTTP/1.1" 404 261 "-" "Mozilla/5.0"
70.90.108.169 - - [12/Sep/2009:04:29:53 -0400] "GET /logs/error_log.Q109090500%20%20//skin/ggambo7002_gallery/setup.php?dir=http://www.frostbytes.com/copyright.txt???? HTTP/1.1" 404 260 "-" "Mozilla/5.0"
174.36.2.15 - - [12/Sep/2009:04:30:07 -0400] "GET //index.php?option=com_xfaq&task=answer&Itemid=S@BUN&catid=97&aid=http://www.lumosalliance.com//forums/rindu.txt?? HTTP/1.1" 404 208 "-" "Mozilla/5.0"
174.36.2.15 - - [12/Sep/2009:04:30:07 -0400] "GET /logs//index.php?option=com_xfaq&task=answer&Itemid=S@BUN&catid=97&aid=http://www.lumosalliance.com//forums/rindu.txt?? HTTP/1.1" 404 213 "-" "Mozilla/5.0"
174.36.2.15 - - [12/Sep/2009:04:30:07 -0400] "GET /logs/access_log.Q109062200%20%20//index.php?option=com_xfaq&task=answer&Itemid=S@BUN&catid=97&aid=http://www.lumosalliance.com//forums/rindu.txt?? HTTP/1.1" 404 237 "-" "Mozilla/5.0"
174.36.2.15 - - [12/Sep/2009:04:30:07 -0400] "GET /logs/access_log.Q109050800%20%20//index.php?option=com_xfaq&task=answer&Itemid=S@BUN&catid=97&aid=http://www.lumosalliance.com//forums/rindu.txt?? HTTP/1.1" 404 237 "-" "Mozilla/5.0"
62.75.202.55 - - [12/Sep/2009:04:30:08 -0400] "GET /logs/access_log.Q109062200%20%20//index.php?option=com_xfaq&task=answer&Itemid=S@BUN&catid=97&aid=http://www.lumosalliance.com//forums/rindu.txt?? HTTP/1.1" 404 237 "-" "Mozilla/5.0"
62.75.202.55 - - [12/Sep/2009:04:30:09 -0400] "GET /logs/access_log.Q109062200%20%20//index.php?option=com_xfaq&task=answer&Itemid=S@BUN&catid=97&aid=http://www.lumosalliance.com//forums/rindu.txt?? HTTP/1.1" 404 237 "-" "Mozilla/5.0"
92.52.216.123 - - [12/Sep/2009:04:30:18 -0400] "GET /logs///administrator/components/com_pollxt/conf.pollxt.php?mosConfig_absolute_path=http://www.festivalamazonasjazz.com.br/admin/fotos/fotos/grandes/id1.txt??? HTTP/1.1" 404 256 "-" "Mozilla/5.0"
92.52.216.123 - - [12/Sep/2009:04:30:18 -0400] "GET /logs/access_log.Q109080400///administrator/components/com_pollxt/conf.pollxt.php?mosConfig_absolute_path=http://www.festivalamazonasjazz.com.br/admin/fotos/fotos/grandes/id1.txt??? HTTP/1.1" 404 278 "-" "Mozilla/5.0"
92.52.216.123 - - [12/Sep/2009:04:30:18 -0400] "GET /logs///administrator/components/com_pollxt/conf.pollxt.php?mosConfig_absolute_path=http://www.festivalamazonasjazz.com.br/admin/fotos/fotos/grandes/id1.txt??? HTTP/1.1" 404 256 "-" "Mozilla/5.0"
92.52.216.123 - - [12/Sep/2009:04:30:18 -0400] "GET ///administrator/components/com_pollxt/conf.pollxt.php?mosConfig_absolute_path=http://www.festivalamazonasjazz.com.br/admin/fotos/fotos/grandes/id1.txt??? HTTP/1.1" 404 251 "-" "Mozilla/5.0"
92.52.216.123 - - [12/Sep/2009:04:30:19 -0400] "GET ///administrator/components/com_pollxt/conf.pollxt.php?mosConfig_absolute_path=http://www.festivalamazonasjazz.com.br/admin/fotos/fotos/grandes/id1.txt??? HTTP/1.1" 404 251 "-" "Mozilla/5.0"
92.52.216.123 - - [12/Sep/2009:04:30:19 -0400] "GET /logs/access_log.Q109080400///administrator/components/com_pollxt/conf.pollxt.php?mosConfig_absolute_path=http://www.festivalamazonasjazz.com.br/admin/fotos/fotos/grandes/id1.txt??? HTTP/1.1" 404 278 "-" "Mozilla/5.0"
92.52.216.123 - - [12/Sep/2009:04:30:20 -0400] "GET /logs///administrator/components/com_pollxt/conf.pollxt.php?mosConfig_absolute_path=http://www.festivalamazonasjazz.com.br/admin/fotos/fotos/grandes/id1.txt??? HTTP/1.1" 404 256 "-" "Mozilla/5.0"
92.52.216.123 - - [12/Sep/2009:04:30:21 -0400] "GET ///administrator/components/com_pollxt/conf.pollxt.php?mosConfig_absolute_path=http://www.festivalamazonasjazz.com.br/admin/fotos/fotos/grandes/id1.txt??? HTTP/1.1" 404 251 "-" "Mozilla/5.0"
92.52.216.123 - - [12/Sep/2009:04:30:23 -0400] "GET /logs/access_log.Q109080400///administrator/components/com_pollxt/conf.pollxt.php?mosConfig_absolute_path=http://www.festivalamazonasjazz.com.br/admin/fotos/fotos/grandes/id1.txt??? HTTP/1.1" 404 278 "-" "Mozilla/5.0"
92.52.216.123 - - [12/Sep/2009:04:30:34 -0400] "GET ///administrator/components/com_pollxt/conf.pollxt.php?mosConfig_absolute_path=http://www.festivalamazonasjazz.com.br/admin/fotos/fotos/grandes/id1.txt??? HTTP/1.1" 404 251 "-" "Mozilla/5.0"
92.52.216.123 - - [12/Sep/2009:04:30:34 -0400] "GET /logs///administrator/components/com_pollxt/conf.pollxt.php?mosConfig_absolute_path=http://www.festivalamazonasjazz.com.br/admin/fotos/fotos/grandes/id1.txt??? HTTP/1.1" 404 256 "-" "Mozilla/5.0"
92.52.216.123 - - [12/Sep/2009:04:30:34 -0400] "GET /logs/access_log.Q109080400///administrator/components/com_pollxt/conf.pollxt.php?mosConfig_absolute_path=http://www.festivalamazonasjazz.com.br/admin/fotos/fotos/grandes/id1.txt??? HTTP/1.1" 404 278 "-" "Mozilla/5.0"
205.134.252.26 - - [12/Sep/2009:04:30:49 -0400] "GET //index.php?option=com_comprofiler&Itemid=&mosConfig_absolute_path=http://www.koreadefence.net/data/shirohige/zfxid.txt?? HTTP/1.1" 404 208 "-" "Mozilla/5.0"
205.134.252.26 - - [12/Sep/2009:04:30:49 -0400] "GET /logs//index.php?option=com_comprofiler&Itemid=&mosConfig_absolute_path=http://www.koreadefence.net/data/shirohige/zfxid.txt?? HTTP/1.1" 404 213 "-" "Mozilla/5.0"
205.134.252.26 - - [12/Sep/2009:04:30:49 -0400] "GET /logs/access_log.Q109061400%20%20//index.php?option=com_comprofiler&Itemid=&mosConfig_absolute_path=http://www.koreadefence.net/data/shirohige/zfxid.txt?? HTTP/1.1" 404 237 "-" "Mozilla/5.0"
92.52.216.123 - - [12/Sep/2009:04:31:02 -0400] "GET ///administrator/components/com_pollxt/conf.pollxt.php?mosConfig_absolute_path=http://www.festivalamazonasjazz.com.br/admin/fotos/fotos/grandes/id1.txt??? HTTP/1.1" 404 251 "-" "Mozilla/5.0"
92.52.216.123 - - [12/Sep/2009:04:31:02 -0400] "GET /logs/access_log.Q109080400///administrator/components/com_pollxt/conf.pollxt.php?mosConfig_absolute_path=http://www.festivalamazonasjazz.com.br/admin/fotos/fotos/grandes/id1.txt??? HTTP/1.1" 404 278 "-" "Mozilla/5.0"
174.36.2.15 - - [12/Sep/2009:04:31:04 -0400] "GET /logs/access_log.Q109062200//index.php?option=com_xfaq&task=answer&Itemid=S@BUN&catid=97&aid=http://www.lumosalliance.com//forums/rindu.txt?? HTTP/1.1" 404 235 "-" "Mozilla/5.0"
174.36.2.15 - - [12/Sep/2009:04:31:04 -0400] "GET /logs/access_log.Q109050800//index.php?option=com_xfaq&task=answer&Itemid=S@BUN&catid=97&aid=http://www.lumosalliance.com//forums/rindu.txt?? HTTP/1.1" 404 235 "-" "Mozilla/5.0"
92.52.216.123 - - [12/Sep/2009:04:31:04 -0400] "GET ///administrator/components/com_pollxt/conf.pollxt.php?mosConfig_absolute_path=http://www.festivalamazonasjazz.com.br/admin/fotos/fotos/grandes/id1.txt??? HTTP/1.1" 404 251 "-" "Mozilla/5.0"
92.52.216.123 - - [12/Sep/2009:04:31:04 -0400] "GET /logs///administrator/components/com_pollxt/conf.pollxt.php?mosConfig_absolute_path=http://www.festivalamazonasjazz.com.br/admin/fotos/fotos/grandes/id1.txt??? HTTP/1.1" 404 256 "-" "Mozilla/5.0"
92.52.216.123 - - [12/Sep/2009:04:31:05 -0400] "GET /logs/access_log.Q109080400%20%20///administrator/components/com_pollxt/conf.pollxt.php?mosConfig_absolute_path=http://www.festivalamazonasjazz.com.br/admin/fotos/fotos/grandes/id1.txt??? HTTP/1.1" 404 280 "-" "Mozilla/5.0"
92.52.216.123 - - [12/Sep/2009:04:31:05 -0400] "GET ///administrator/components/com_pollxt/conf.pollxt.php?mosConfig_absolute_path=http://www.festivalamazonasjazz.com.br/admin/fotos/fotos/grandes/id1.txt??? HTTP/1.1" 404 251 "-" "Mozilla/5.0"
92.52.216.123 - - [12/Sep/2009:04:31:05 -0400] "GET /logs///administrator/components/com_pollxt/conf.pollxt.php?mosConfig_absolute_path=http://www.festivalamazonasjazz.com.br/admin/fotos/fotos/grandes/id1.txt??? HTTP/1.1" 404 256 "-" "Mozilla/5.0"
92.52.216.123 - - [12/Sep/2009:04:31:06 -0400] "GET /logs/access_log.Q109080400///administrator/components/com_pollxt/conf.pollxt.php?mosConfig_absolute_path=http://www.festivalamazonasjazz.com.br/admin/fotos/fotos/grandes/id1.txt??? HTTP/1.1" 404 278 "-" "Mozilla/5.0"
92.52.216.123 - - [12/Sep/2009:04:31:07 -0400] "GET /logs///administrator/components/com_pollxt/conf.pollxt.php?mosConfig_absolute_path=http://www.festivalamazonasjazz.com.br/admin/fotos/fotos/grandes/id1.txt??? HTTP/1.1" 404 256 "-" "Mozilla/5.0"
92.52.216.123 - - [12/Sep/2009:04:31:10 -0400] "GET /logs/access_log.Q109083000///administrator/components/com_pollxt/conf.pollxt.php?mosConfig_absolute_path=http://www.festivalamazonasjazz.com.br/admin/fotos/fotos/grandes/id1.txt??? HTTP/1.1" 404 278 "-" "Mozilla/5.0"
92.52.216.123 - - [12/Sep/2009:04:31:10 -0400] "GET ///administrator/components/com_pollxt/conf.pollxt.php?mosConfig_absolute_path=http://www.festivalamazonasjazz.com.br/admin/fotos/fotos/grandes/id1.txt??? HTTP/1.1" 404 251 "-" "Mozilla/5.0"
92.52.216.123 - - [12/Sep/2009:04:31:10 -0400] "GET /logs///administrator/components/com_pollxt/conf.pollxt.php?mosConfig_absolute_path=http://www.festivalamazonasjazz.com.br/admin/fotos/fotos/grandes/id1.txt??? HTTP/1.1" 404 256 "-" "Mozilla/5.0"
92.52.216.123 - - [12/Sep/2009:04:31:11 -0400] "GET /logs/access_log.Q109080400///administrator/components/com_pollxt/conf.pollxt.php?mosConfig_absolute_path=http://www.festivalamazonasjazz.com.br/admin/fotos/fotos/grandes/id1.txt??? HTTP/1.1" 404 278 "-" "Mozilla/5.0"
92.52.216.123 - - [12/Sep/2009:04:31:15 -0400] "GET /logs/access_log.Q109083000%20%20///administrator/components/com_pollxt/conf.pollxt.php?mosConfig_absolute_path=http://www.festivalamazonasjazz.com.br/admin/fotos/fotos/grandes/id1.txt??? HTTP/1.1" 404 280 "-" "Mozilla/5.0"
92.52.216.123 - - [12/Sep/2009:04:31:24 -0400] "GET /logs/access_log.Q109083000///administrator/components/com_pollxt/conf.pollxt.php?mosConfig_absolute_path=http://www.festivalamazonasjazz.com.br/admin/fotos/fotos/grandes/id1.txt??? HTTP/1.1" 404 278 "-" "Mozilla/5.0"
92.52.216.123 - - [12/Sep/2009:04:31:25 -0400] "GET ///administrator/components/com_pollxt/conf.pollxt.php?mosConfig_absolute_path=http://www.festivalamazonasjazz.com.br/admin/fotos/fotos/grandes/id1.txt??? HTTP/1.1" 404 251 "-" "Mozilla/5.0"
92.52.216.123 - - [12/Sep/2009:04:31:25 -0400] "GET /logs///administrator/components/com_pollxt/conf.pollxt.php?mosConfig_absolute_path=http://www.festivalamazonasjazz.com.br/admin/fotos/fotos/grandes/id1.txt??? HTTP/1.1" 404 256 "-" "Mozilla/5.0"
92.52.216.123 - - [12/Sep/2009:04:31:25 -0400] "GET /logs/access_log.Q109080400%20%20///administrator/components/com_pollxt/conf.pollxt.php?mosConfig_absolute_path=http://www.festivalamazonasjazz.com.br/admin/fotos/fotos/grandes/id1.txt??? HTTP/1.1" 404 280 "-" "Mozilla/5.0"
92.52.216.123 - - [12/Sep/2009:04:31:28 -0400] "GET /logs/access_log.Q109083000///administrator/components/com_pollxt/conf.pollxt.php?mosConfig_absolute_path=http://www.festivalamazonasjazz.com.br/admin/fotos/fotos/grandes/id1.txt??? HTTP/1.1" 404 278 "-" "Mozilla/5.0"
92.52.216.123 - - [12/Sep/2009:04:31:34 -0400] "GET ///administrator/components/com_pollxt/conf.pollxt.php?mosConfig_absolute_path=http://www.festivalamazonasjazz.com.br/admin/fotos/fotos/grandes/id1.txt??? HTTP/1.1" 404 251 "-" "Mozilla/5.0"
92.52.216.123 - - [12/Sep/2009:04:31:34 -0400] "GET /logs///administrator/components/com_pollxt/conf.pollxt.php?mosConfig_absolute_path=http://www.festivalamazonasjazz.com.br/admin/fotos/fotos/grandes/id1.txt??? HTTP/1.1" 404 256 "-" "Mozilla/5.0"
92.52.216.123 - - [12/Sep/2009:04:31:35 -0400] "GET /logs/access_log.Q109080400%20%20///administrator/components/com_pollxt/conf.pollxt.php?mosConfig_absolute_path=http://www.festivalamazonasjazz.com.br/admin/fotos/fotos/grandes/id1.txt??? HTTP/1.1" 404 280 "-" "Mozilla/5.0"
92.52.216.123 - - [12/Sep/2009:04:31:36 -0400] "GET /logs/access_log.Q109083000%20%20///administrator/components/com_pollxt/conf.pollxt.php?mosConfig_absolute_path=http://www.festivalamazonasjazz.com.br/admin/fotos/fotos/grandes/id1.txt??? HTTP/1.1" 404 280 "-" "Mozilla/5.0"
209.59.12.99 - - [12/Sep/2009:04:31:40 -0400] "GET / HTTP/1.0" 200 409 "-" "check_http/1.81 (nagios-plugins 1.4)"
174.37.136.126 - - [12/Sep/2009:04:31:42 -0400] "GET //skin/ggambo7002_gallery/setup.php?dir=http://www.frostbytes.com/copyright.txt???? HTTP/1.1" 404 232 "-" "Mozilla/5.0"
174.37.136.126 - - [12/Sep/2009:04:31:42 -0400] "GET /logs/access_log.Q109051300//skin/ggambo7002_gallery/setup.php?dir=http://www.frostbytes.com/copyright.txt???? HTTP/1.1" 404 259 "-" "Mozilla/5.0"
174.37.136.126 - - [12/Sep/2009:04:31:42 -0400] "GET /logs//skin/ggambo7002_gallery/setup.php?dir=http://www.frostbytes.com/copyright.txt???? HTTP/1.1" 404 237 "-" "Mozilla/5.0"
92.52.216.123 - - [12/Sep/2009:04:31:49 -0400] "GET /logs/access_log.Q109083000%20%20///administrator/components/com_pollxt/conf.pollxt.php?mosConfig_absolute_path=http://www.festivalamazonasjazz.com.br/admin/fotos/fotos/grandes/id1.txt??? HTTP/1.1" 404 280 "-" "Mozilla/5.0"
62.75.202.55 - - [12/Sep/2009:04:32:09 -0400] "GET /logs/access_log.Q109062200//index.php?option=com_xfaq&task=answer&Itemid=S@BUN&catid=97&aid=http://www.lumosalliance.com//forums/rindu.txt?? HTTP/1.1" 404 235 "-" "Mozilla/5.0"
62.75.202.55 - - [12/Sep/2009:04:32:09 -0400] "GET /logs/access_log.Q109050800//index.php?option=com_xfaq&task=answer&Itemid=S@BUN&catid=97&aid=http://www.lumosalliance.com//forums/rindu.txt?? HTTP/1.1" 404 235 "-" "Mozilla/5.0"
62.75.202.55 - - [12/Sep/2009:04:32:14 -0400] "GET /logs/access_log.Q109050800//index.php?option=com_xfaq&task=answer&Itemid=S@BUN&catid=97&aid=http://www.lumosalliance.com//forums/rindu.txt?? HTTP/1.1" 404 235 "-" "Mozilla/5.0"
62.75.202.55 - - [12/Sep/2009:04:32:14 -0400] "GET /logs/access_log.Q109062200//index.php?option=com_xfaq&task=answer&Itemid=S@BUN&catid=97&aid=http://www.lumosalliance.com//forums/rindu.txt?? HTTP/1.1" 404 235 "-" "Mozilla/5.0"
69.175.44.226 - - [12/Sep/2009:04:32:24 -0400] "GET /logs/access_log.Q109081700//skin/ggambo7002_gallery/setup.php?dir=http://www.frostbytes.com/copyright.txt???? HTTP/1.1" 404 259 "-" "Mozilla/5.0"
69.175.44.226 - - [12/Sep/2009:04:32:24 -0400] "GET /logs/error_log.Q109090500//skin/ggambo7002_gallery/setup.php?dir=http://www.frostbytes.com/copyright.txt???? HTTP/1.1" 404 258 "-" "Mozilla/5.0"
92.52.216.123 - - [12/Sep/2009:04:32:25 -0400] "GET /logs///administrator/components/com_pollxt/conf.pollxt.php?mosConfig_absolute_path=http://www.festivalamazonasjazz.com.br/admin/fotos/fotos/grandes/id1.txt??? HTTP/1.1" 404 256 "-" "Mozilla/5.0"
92.52.216.123 - - [12/Sep/2009:04:32:28 -0400] "GET /logs/access_log.Q109080400///administrator/components/com_pollxt/conf.pollxt.php?mosConfig_absolute_path=http://www.festivalamazonasjazz.com.br/admin/fotos/fotos/grandes/id1.txt??? HTTP/1.1" 404 278 "-" "Mozilla/5.0"
92.52.216.123 - - [12/Sep/2009:04:32:33 -0400] "GET ///administrator/components/com_pollxt/conf.pollxt.php?mosConfig_absolute_path=http://www.festivalamazonasjazz.com.br/admin/fotos/fotos/grandes/id1.txt??? HTTP/1.1" 404 251 "-" "Mozilla/5.0"
70.90.108.169 - - [12/Sep/2009:04:32:49 -0400] "GET /logs/access_log.Q109081700//skin/ggambo7002_gallery/setup.php?dir=http://www.frostbytes.com/copyright.txt???? HTTP/1.1" 404 259 "-" "Mozilla/5.0"
70.90.108.169 - - [12/Sep/2009:04:32:50 -0400] "GET /logs/error_log.Q109090500//skin/ggambo7002_gallery/setup.php?dir=http://www.frostbytes.com/copyright.txt???? HTTP/1.1" 404 258 "-" "Mozilla/5.0"
76.246.50.26 - - [12/Sep/2009:04:33:13 -0400] "GET /images/login_go.gif HTTP/1.1" 200 296 "http://www.acesurgical.com/home.html" "Mozilla/4.0 (compatible; MSIE 7.0; Windows NT 5.1; Trident/4.0; .NET CLR 1.1.4322; .NET CLR 2.0.50727)"
76.246.50.26 - - [12/Sep/2009:04:33:13 -0400] "GET /images/psearch_go.gif HTTP/1.1" 200 296 "http://www.acesurgical.com/home.html" "Mozilla/4.0 (compatible; MSIE 7.0; Windows NT 5.1; Trident/4.0; .NET CLR 1.1.4322; .NET CLR 2.0.50727)"
69.175.44.226 - - [12/Sep/2009:04:33:13 -0400] "GET /logs/access_log.Q109081700//skin/ggambo7002_gallery/setup.php?dir=http://www.frostbytes.com/copyright.txt???? HTTP/1.1" 404 259 "-" "Mozilla/5.0"
69.175.44.226 - - [12/Sep/2009:04:33:14 -0400] "GET /logs/error_log.Q109090500//skin/ggambo7002_gallery/setup.php?dir=http://www.frostbytes.com/copyright.txt???? HTTP/1.1" 404 258 "-" "Mozilla/5.0"
76.246.50.26 - - [12/Sep/2009:04:33:16 -0400] "GET /images/login_go-over.gif HTTP/1.1" 200 302 "http://www.acesurgical.com/home.html" "Mozilla/4.0 (compatible; MSIE 7.0; Windows NT 5.1; Trident/4.0; .NET CLR 1.1.4322; .NET CLR 2.0.50727)"
76.246.50.26 - - [12/Sep/2009:04:33:16 -0400] "GET /images/psearch_go-over.gif HTTP/1.1" 200 302 "http://www.acesurgical.com/home.html" "Mozilla/4.0 (compatible; MSIE 7.0; Windows NT 5.1; Trident/4.0; .NET CLR 1.1.4322; .NET CLR 2.0.50727)"
76.246.50.26 - - [12/Sep/2009:04:33:35 -0400] "POST /cgi-bin/lansaweb?procfun+wordpr01+webfunc+M37+funcparms+WEBKEY(A0100):QSEARCH+IRADIO(A0010):D+QSRKEY(A0300):novocaine%201% HTTP/1.1" 500 197 "http://www.acesurgical.com/products.html" "Mozilla/4.0 (compatible; MSIE 7.0; Windows NT 5.1; Trident/4.0; .NET CLR 1.1.4322; .NET CLR 2.0.50727)"
76.246.50.26 - - [12/Sep/2009:04:33:46 -0400] "POST /cgi-bin/lansaweb?procfun+wordpr01+webfunc+M37+funcparms+WEBKEY(A0100):QSEARCH+IRADIO(A0010):D+QSRKEY(A0300):novocaine HTTP/1.1" 200 38019 "http://www.acesurgical.com/products.html" "Mozilla/4.0 (compatible; MSIE 7.0; Windows NT 5.1; Trident/4.0; .NET CLR 1.1.4322; .NET CLR 2.0.50727)"
76.246.50.26 - - [12/Sep/2009:04:33:47 -0400] "GET /images/head_aceLogo.gif HTTP/1.1" 200 984 "http://www.aceonlinestore.com/cgi-bin/lansaweb?procfun+wordpr01+webfunc+M37+funcparms+WEBKEY(A0100):QSEARCH+IRADIO(A0010):D+QSRKEY(A0300):novocaine" "Mozilla/4.0 (compatible; MSIE 7.0; Windows NT 5.1; Trident/4.0; .NET CLR 1.1.4322; .NET CLR 2.0.50727)"
76.246.50.26 - - [12/Sep/2009:04:33:47 -0400] "GET /images/head_btn-products.gif HTTP/1.1" 200 1531 "http://www.aceonlinestore.com/cgi-bin/lansaweb?procfun+wordpr01+webfunc+M37+funcparms+WEBKEY(A0100):QSEARCH+IRADIO(A0010):D+QSRKEY(A0300):novocaine" "Mozilla/4.0 (compatible; MSIE 7.0; Windows NT 5.1; Trident/4.0; .NET CLR 1.1.4322; .NET CLR 2.0.50727)"
76.246.50.26 - - [12/Sep/2009:04:33:47 -0400] "GET /images/head_btn-brochures.gif HTTP/1.1" 200 1768 "http://www.aceonlinestore.com/cgi-bin/lansaweb?procfun+wordpr01+webfunc+M37+funcparms+WEBKEY(A0100):QSEARCH+IRADIO(A0010):D+QSRKEY(A0300):novocaine" "Mozilla/4.0 (compatible; MSIE 7.0; Windows NT 5.1; Trident/4.0; .NET CLR 1.1.4322; .NET CLR 2.0.50727)"
76.246.50.26 - - [12/Sep/2009:04:33:47 -0400] "GET /images/head_btn-catalogs.gif HTTP/1.1" 200 1729 "http://www.aceonlinestore.com/cgi-bin/lansaweb?procfun+wordpr01+webfunc+M37+funcparms+WEBKEY(A0100):QSEARCH+IRADIO(A0010):D+QSRKEY(A0300):novocaine" "Mozilla/4.0 (compatible; MSIE 7.0; Windows NT 5.1; Trident/4.0; .NET CLR 1.1.4322; .NET CLR 2.0.50727)"
76.246.50.26 - - [12/Sep/2009:04:33:47 -0400] "GET /images/head_btn-space1.gif HTTP/1.1" 200 5036 "http://www.aceonlinestore.com/cgi-bin/lansaweb?procfun+wordpr01+webfunc+M37+funcparms+WEBKEY(A0100):QSEARCH+IRADIO(A0010):D+QSRKEY(A0300):novocaine" "Mozilla/4.0 (compatible; MSIE 7.0; Windows NT 5.1; Trident/4.0; .NET CLR 1.1.4322; .NET CLR 2.0.50727)"
76.246.50.26 - - [12/Sep/2009:04:33:47 -0400] "GET /images/head_surgical-supply.gif HTTP/1.1" 200 764 "http://www.aceonlinestore.com/cgi-bin/lansaweb?procfun+wordpr01+webfunc+M37+funcparms+WEBKEY(A0100):QSEARCH+IRADIO(A0010):D+QSRKEY(A0300):novocaine" "Mozilla/4.0 (compatible; MSIE 7.0; Windows NT 5.1; Trident/4.0; .NET CLR 1.1.4322; .NET CLR 2.0.50727)"
76.246.50.26 - - [12/Sep/2009:04:33:47 -0400] "GET /images/head_btn-tutorials.gif HTTP/1.1" 200 1160 "http://www.aceonlinestore.com/cgi-bin/lansaweb?procfun+wordpr01+webfunc+M37+funcparms+WEBKEY(A0100):QSEARCH+IRADIO(A0010):D+QSRKEY(A0300):novocaine" "Mozilla/4.0 (compatible; MSIE 7.0; Windows NT 5.1; Trident/4.0; .NET CLR 1.1.4322; .NET CLR 2.0.50727)"
76.246.50.26 - - [12/Sep/2009:04:33:47 -0400] "GET /images/head_btn-seminars.gif HTTP/1.1" 200 1250 "http://www.aceonlinestore.com/cgi-bin/lansaweb?procfun+wordpr01+webfunc+M37+funcparms+WEBKEY(A0100):QSEARCH+IRADIO(A0010):D+QSRKEY(A0300):novocaine" "Mozilla/4.0 (compatible; MSIE 7.0; Windows NT 5.1; Trident/4.0; .NET CLR 1.1.4322; .NET CLR 2.0.50727)"
76.246.50.26 - - [12/Sep/2009:04:33:47 -0400] "GET /images/head_btn-conventions.gif HTTP/1.1" 200 1367 "http://www.aceonlinestore.com/cgi-bin/lansaweb?procfun+wordpr01+webfunc+M37+funcparms+WEBKEY(A0100):QSEARCH+IRADIO(A0010):D+QSRKEY(A0300):novocaine" "Mozilla/4.0 (compatible; MSIE 7.0; Windows NT 5.1; Trident/4.0; .NET CLR 1.1.4322; .NET CLR 2.0.50727)"
76.246.50.26 - - [12/Sep/2009:04:33:47 -0400] "GET /images/head_btn-contactUs.gif HTTP/1.1" 200 1235 "http://www.aceonlinestore.com/cgi-bin/lansaweb?procfun+wordpr01+webfunc+M37+funcparms+WEBKEY(A0100):QSEARCH+IRADIO(A0010):D+QSRKEY(A0300):novocaine" "Mozilla/4.0 (compatible; MSIE 7.0; Windows NT 5.1; Trident/4.0; .NET CLR 1.1.4322; .NET CLR 2.0.50727)"
76.246.50.26 - - [12/Sep/2009:04:33:47 -0400] "GET /images/head_btn-shop.gif HTTP/1.1" 200 1970 "http://www.aceonlinestore.com/cgi-bin/lansaweb?procfun+wordpr01+webfunc+M37+funcparms+WEBKEY(A0100):QSEARCH+IRADIO(A0010):D+QSRKEY(A0300):novocaine" "Mozilla/4.0 (compatible; MSIE 7.0; Windows NT 5.1; Trident/4.0; .NET CLR 1.1.4322; .NET CLR 2.0.50727)"
76.246.50.26 - - [12/Sep/2009:04:33:47 -0400] "GET /images/head_btn-aboutUs.gif HTTP/1.1" 200 1459 "http://www.aceonlinestore.com/cgi-bin/lansaweb?procfun+wordpr01+webfunc+M37+funcparms+WEBKEY(A0100):QSEARCH+IRADIO(A0010):D+QSRKEY(A0300):novocaine" "Mozilla/4.0 (compatible; MSIE 7.0; Windows NT 5.1; Trident/4.0; .NET CLR 1.1.4322; .NET CLR 2.0.50727)"
76.246.50.26 - - [12/Sep/2009:04:33:47 -0400] "GET /images/head_btn-spacer2.gif HTTP/1.1" 200 2237 "http://www.aceonlinestore.com/cgi-bin/lansaweb?procfun+wordpr01+webfunc+M37+funcparms+WEBKEY(A0100):QSEARCH+IRADIO(A0010):D+QSRKEY(A0300):novocaine" "Mozilla/4.0 (compatible; MSIE 7.0; Windows NT 5.1; Trident/4.0; .NET CLR 1.1.4322; .NET CLR 2.0.50727)"
