210.205.6.233 - - [23/Sep/2009:00:31:33 -0400] "GET /components/com_performs/performs.php?mosConfig_absolute_path=http://www.rucoc.com/rucoc1.jpg??? HTTP/1.1" 404 234 "-" "Mozilla/5.0"
210.205.6.233 - - [23/Sep/2009:00:31:33 -0400] "GET /logs/access_log.Q109070700%20%20/components/com_performs/performs.php?mosConfig_absolute_path=http://www.rucoc.com/rucoc1.jpg??? HTTP/1.1" 404 263 "-" "Mozilla/5.0"
98.195.56.213 - - [23/Sep/2009:00:31:38 -0400] "POST /CGI-BIN/LANSAWEB?WEBEVENT+L2113294E0C6860009757019+M37+ENG HTTP/1.1" 200 59852 "https://www.aceonlinestore.com/CGI-BIN/LANSAWEB?WEBEVENT+L2113294401B8500099E7019+M37+ENG" "Mozilla/4.0 (compatible; MSIE 8.0; Windows NT 6.0; Trident/4.0; GTB6; SLCC1; .NET CLR 2.0.50727; Media Center PC 5.0; .NET CLR 3.5.30729; .NET CLR 3.0.30618)"
66.249.68.151 - - [23/Sep/2009:00:31:27 -0400] "GET /logs/error_log.Q109062300 HTTP/1.1" 200 2793028 "-" "Mozilla/5.0 (compatible; Googlebot/2.1; +http://www.google.com/bot.html)"
98.195.56.213 - - [23/Sep/2009:00:31:49 -0400] "GET /images/bt_cal-b.gif HTTP/1.1" 200 506 "https://www.aceonlinestore.com/CGI-BIN/LANSAWEB?WEBEVENT+L2113294E0C6860009757019+M37+ENG" "Mozilla/4.0 (compatible; MSIE 8.0; Windows NT 6.0; Trident/4.0; GTB6; SLCC1; .NET CLR 2.0.50727; Media Center PC 5.0; .NET CLR 3.5.30729; .NET CLR 3.0.30618)"
113.22.190.146 - - [23/Sep/2009:00:32:41 -0400] "GET /images/psearch_go.gif HTTP/1.1" 200 296 "http://acesurgical.com/home.html" "Mozilla/5.0 (Windows; U; Windows NT 5.1; en-US; rv:1.9.1.3) Gecko/20090824 Firefox/3.5.3"
113.22.190.146 - - [23/Sep/2009:00:32:41 -0400] "GET /images/login_go.gif HTTP/1.1" 200 296 "http://acesurgical.com/home.html" "Mozilla/5.0 (Windows; U; Windows NT 5.1; en-US; rv:1.9.1.3) Gecko/20090824 Firefox/3.5.3"
113.22.190.146 - - [23/Sep/2009:00:32:43 -0400] "GET /images/login_go-over.gif HTTP/1.1" 200 302 "http://acesurgical.com/home.html" "Mozilla/5.0 (Windows; U; Windows NT 5.1; en-US; rv:1.9.1.3) Gecko/20090824 Firefox/3.5.3"
113.22.190.146 - - [23/Sep/2009:00:32:43 -0400] "GET /images/psearch_go-over.gif HTTP/1.1" 200 302 "http://acesurgical.com/home.html" "Mozilla/5.0 (Windows; U; Windows NT 5.1; en-US; rv:1.9.1.3) Gecko/20090824 Firefox/3.5.3"
98.195.56.213 - - [23/Sep/2009:00:33:00 -0400] "POST /CGI-BIN/LANSAWEB?WEBEVENT+L211329460A88B000B3F7019+M37+ENG HTTP/1.1" 200 45225 "-" "Mozilla/4.0 (compatible; MSIE 8.0; Windows NT 6.0; Trident/4.0; GTB6; SLCC1; .NET CLR 2.0.50727; Media Center PC 5.0; .NET CLR 3.5.30729; .NET CLR 3.0.30618)"
113.22.190.146 - - [23/Sep/2009:00:33:06 -0400] "POST /cgi-bin/lansaweb?procfun+wordpr01+webfunc+M37+funcparms+WEBKEY(A0100):QSEARCH+IRADIO(A0010):S+QSRKEY(A0300):454-2001%201.6mm/2.0mm%20Step HTTP/1.1" 200 38053 "http://acesurgical.com/home.html" "Mozilla/5.0 (Windows; U; Windows NT 5.1; en-US; rv:1.9.1.3) Gecko/20090824 Firefox/3.5.3"
113.22.190.146 - - [23/Sep/2009:00:33:09 -0400] "GET /images/head_aceLogo.gif HTTP/1.1" 200 984 "http://www.aceonlinestore.com/cgi-bin/lansaweb?procfun+wordpr01+webfunc+M37+funcparms+WEBKEY(A0100):QSEARCH+IRADIO(A0010):S+QSRKEY(A0300):454-2001%201.6mm/2.0mm%20Step" "Mozilla/5.0 (Windows; U; Windows NT 5.1; en-US; rv:1.9.1.3) Gecko/20090824 Firefox/3.5.3"
113.22.190.146 - - [23/Sep/2009:00:33:09 -0400] "GET /images/head_btn-space1.gif HTTP/1.1" 200 5036 "http://www.aceonlinestore.com/cgi-bin/lansaweb?procfun+wordpr01+webfunc+M37+funcparms+WEBKEY(A0100):QSEARCH+IRADIO(A0010):S+QSRKEY(A0300):454-2001%201.6mm/2.0mm%20Step" "Mozilla/5.0 (Windows; U; Windows NT 5.1; en-US; rv:1.9.1.3) Gecko/20090824 Firefox/3.5.3"
113.22.190.146 - - [23/Sep/2009:00:33:09 -0400] "GET /images/head_btn-shop.gif HTTP/1.1" 200 1970 "http://www.aceonlinestore.com/cgi-bin/lansaweb?procfun+wordpr01+webfunc+M37+funcparms+WEBKEY(A0100):QSEARCH+IRADIO(A0010):S+QSRKEY(A0300):454-2001%201.6mm/2.0mm%20Step" "Mozilla/5.0 (Windows; U; Windows NT 5.1; en-US; rv:1.9.1.3) Gecko/20090824 Firefox/3.5.3"
113.22.190.146 - - [23/Sep/2009:00:33:09 -0400] "GET /images/head_btn-products.gif HTTP/1.1" 200 1531 "http://www.aceonlinestore.com/cgi-bin/lansaweb?procfun+wordpr01+webfunc+M37+funcparms+WEBKEY(A0100):QSEARCH+IRADIO(A0010):S+QSRKEY(A0300):454-2001%201.6mm/2.0mm%20Step" "Mozilla/5.0 (Windows; U; Windows NT 5.1; en-US; rv:1.9.1.3) Gecko/20090824 Firefox/3.5.3"
113.22.190.146 - - [23/Sep/2009:00:33:09 -0400] "GET /images/head_btn-catalogs.gif HTTP/1.1" 200 1729 "http://www.aceonlinestore.com/cgi-bin/lansaweb?procfun+wordpr01+webfunc+M37+funcparms+WEBKEY(A0100):QSEARCH+IRADIO(A0010):S+QSRKEY(A0300):454-2001%201.6mm/2.0mm%20Step" "Mozilla/5.0 (Windows; U; Windows NT 5.1; en-US; rv:1.9.1.3) Gecko/20090824 Firefox/3.5.3"
113.22.190.146 - - [23/Sep/2009:00:33:09 -0400] "GET /images/head_btn-brochures.gif HTTP/1.1" 200 1768 "http://www.aceonlinestore.com/cgi-bin/lansaweb?procfun+wordpr01+webfunc+M37+funcparms+WEBKEY(A0100):QSEARCH+IRADIO(A0010):S+QSRKEY(A0300):454-2001%201.6mm/2.0mm%20Step" "Mozilla/5.0 (Windows; U; Windows NT 5.1; en-US; rv:1.9.1.3) Gecko/20090824 Firefox/3.5.3"
113.22.190.146 - - [23/Sep/2009:00:33:09 -0400] "GET /images/head_surgical-supply.gif HTTP/1.1" 200 764 "http://www.aceonlinestore.com/cgi-bin/lansaweb?procfun+wordpr01+webfunc+M37+funcparms+WEBKEY(A0100):QSEARCH+IRADIO(A0010):S+QSRKEY(A0300):454-2001%201.6mm/2.0mm%20Step" "Mozilla/5.0 (Windows; U; Windows NT 5.1; en-US; rv:1.9.1.3) Gecko/20090824 Firefox/3.5.3"
113.22.190.146 - - [23/Sep/2009:00:33:09 -0400] "GET /images/head_btn-aboutUs.gif HTTP/1.1" 200 1459 "http://www.aceonlinestore.com/cgi-bin/lansaweb?procfun+wordpr01+webfunc+M37+funcparms+WEBKEY(A0100):QSEARCH+IRADIO(A0010):S+QSRKEY(A0300):454-2001%201.6mm/2.0mm%20Step" "Mozilla/5.0 (Windows; U; Windows NT 5.1; en-US; rv:1.9.1.3) Gecko/20090824 Firefox/3.5.3"
113.22.190.146 - - [23/Sep/2009:00:33:10 -0400] "GET /images/head_btn-tutorials.gif HTTP/1.1" 200 1160 "http://www.aceonlinestore.com/cgi-bin/lansaweb?procfun+wordpr01+webfunc+M37+funcparms+WEBKEY(A0100):QSEARCH+IRADIO(A0010):S+QSRKEY(A0300):454-2001%201.6mm/2.0mm%20Step" "Mozilla/5.0 (Windows; U; Windows NT 5.1; en-US; rv:1.9.1.3) Gecko/20090824 Firefox/3.5.3"
113.22.190.146 - - [23/Sep/2009:00:33:10 -0400] "GET /images/head_btn-seminars.gif HTTP/1.1" 200 1250 "http://www.aceonlinestore.com/cgi-bin/lansaweb?procfun+wordpr01+webfunc+M37+funcparms+WEBKEY(A0100):QSEARCH+IRADIO(A0010):S+QSRKEY(A0300):454-2001%201.6mm/2.0mm%20Step" "Mozilla/5.0 (Windows; U; Windows NT 5.1; en-US; rv:1.9.1.3) Gecko/20090824 Firefox/3.5.3"
113.22.190.146 - - [23/Sep/2009:00:33:10 -0400] "GET /images/head_btn-conventions.gif HTTP/1.1" 200 1367 "http://www.aceonlinestore.com/cgi-bin/lansaweb?procfun+wordpr01+webfunc+M37+funcparms+WEBKEY(A0100):QSEARCH+IRADIO(A0010):S+QSRKEY(A0300):454-2001%201.6mm/2.0mm%20Step" "Mozilla/5.0 (Windows; U; Windows NT 5.1; en-US; rv:1.9.1.3) Gecko/20090824 Firefox/3.5.3"
113.22.190.146 - - [23/Sep/2009:00:33:10 -0400] "GET /images/head_btn-contactUs.gif HTTP/1.1" 200 1235 "http://www.aceonlinestore.com/cgi-bin/lansaweb?procfun+wordpr01+webfunc+M37+funcparms+WEBKEY(A0100):QSEARCH+IRADIO(A0010):S+QSRKEY(A0300):454-2001%201.6mm/2.0mm%20Step" "Mozilla/5.0 (Windows; U; Windows NT 5.1; en-US; rv:1.9.1.3) Gecko/20090824 Firefox/3.5.3"
113.22.190.146 - - [23/Sep/2009:00:33:10 -0400] "GET /images/head_btn-spacer2.gif HTTP/1.1" 200 2237 "http://www.aceonlinestore.com/cgi-bin/lansaweb?procfun+wordpr01+webfunc+M37+funcparms+WEBKEY(A0100):QSEARCH+IRADIO(A0010):S+QSRKEY(A0300):454-2001%201.6mm/2.0mm%20Step" "Mozilla/5.0 (Windows; U; Windows NT 5.1; en-US; rv:1.9.1.3) Gecko/20090824 Firefox/3.5.3"
98.195.56.213 - - [23/Sep/2009:00:33:11 -0400] "POST /CGI-BIN/LANSAWEB?WEBEVENT+L21132A440FA810000527019+M37+ENG HTTP/1.1" 200 59852 "http://www.aceonlinestore.com/CGI-BIN/LANSAWEB?WEBEVENT+L211329460A88B000B3F7019+M37+ENG" "Mozilla/4.0 (compatible; MSIE 8.0; Windows NT 6.0; Trident/4.0; GTB6; SLCC1; .NET CLR 2.0.50727; Media Center PC 5.0; .NET CLR 3.5.30729; .NET CLR 3.0.30618)"
113.22.190.146 - - [23/Sep/2009:00:33:12 -0400] "GET /images/blend.jpg HTTP/1.1" 200 405 "http://www.aceonlinestore.com/cgi-bin/lansaweb?procfun+wordpr01+webfunc+M37+funcparms+WEBKEY(A0100):QSEARCH+IRADIO(A0010):S+QSRKEY(A0300):454-2001%201.6mm/2.0mm%20Step" "Mozilla/5.0 (Windows; U; Windows NT 5.1; en-US; rv:1.9.1.3) Gecko/20090824 Firefox/3.5.3"
113.22.190.146 - - [23/Sep/2009:00:33:13 -0400] "GET /images/head_aceLogo-over.gif HTTP/1.1" 200 1296 "http://www.aceonlinestore.com/cgi-bin/lansaweb?procfun+wordpr01+webfunc+M37+funcparms+WEBKEY(A0100):QSEARCH+IRADIO(A0010):S+QSRKEY(A0300):454-2001%201.6mm/2.0mm%20Step" "Mozilla/5.0 (Windows; U; Windows NT 5.1; en-US; rv:1.9.1.3) Gecko/20090824 Firefox/3.5.3"
113.22.190.146 - - [23/Sep/2009:00:33:13 -0400] "GET /images/head_btn-shop-over.gif HTTP/1.1" 200 1473 "http://www.aceonlinestore.com/cgi-bin/lansaweb?procfun+wordpr01+webfunc+M37+funcparms+WEBKEY(A0100):QSEARCH+IRADIO(A0010):S+QSRKEY(A0300):454-2001%201.6mm/2.0mm%20Step" "Mozilla/5.0 (Windows; U; Windows NT 5.1; en-US; rv:1.9.1.3) Gecko/20090824 Firefox/3.5.3"
113.22.190.146 - - [23/Sep/2009:00:33:13 -0400] "GET /images/head_btn-products-over.gif HTTP/1.1" 200 1396 "http://www.aceonlinestore.com/cgi-bin/lansaweb?procfun+wordpr01+webfunc+M37+funcparms+WEBKEY(A0100):QSEARCH+IRADIO(A0010):S+QSRKEY(A0300):454-2001%201.6mm/2.0mm%20Step" "Mozilla/5.0 (Windows; U; Windows NT 5.1; en-US; rv:1.9.1.3) Gecko/20090824 Firefox/3.5.3"
113.22.190.146 - - [23/Sep/2009:00:33:13 -0400] "GET /images/head_btn-catalog-over.gif HTTP/1.1" 200 1354 "http://www.aceonlinestore.com/cgi-bin/lansaweb?procfun+wordpr01+webfunc+M37+funcparms+WEBKEY(A0100):QSEARCH+IRADIO(A0010):S+QSRKEY(A0300):454-2001%201.6mm/2.0mm%20Step" "Mozilla/5.0 (Windows; U; Windows NT 5.1; en-US; rv:1.9.1.3) Gecko/20090824 Firefox/3.5.3"
113.22.190.146 - - [23/Sep/2009:00:33:13 -0400] "GET /images/head_btn-brochures-over.gif HTTP/1.1" 200 1392 "http://www.aceonlinestore.com/cgi-bin/lansaweb?procfun+wordpr01+webfunc+M37+funcparms+WEBKEY(A0100):QSEARCH+IRADIO(A0010):S+QSRKEY(A0300):454-2001%201.6mm/2.0mm%20Step" "Mozilla/5.0 (Windows; U; Windows NT 5.1; en-US; rv:1.9.1.3) Gecko/20090824 Firefox/3.5.3"
113.22.190.146 - - [23/Sep/2009:00:33:13 -0400] "GET /images/head_btn-aboutUs-over.gif HTTP/1.1" 200 1156 "http://www.aceonlinestore.com/cgi-bin/lansaweb?procfun+wordpr01+webfunc+M37+funcparms+WEBKEY(A0100):QSEARCH+IRADIO(A0010):S+QSRKEY(A0300):454-2001%201.6mm/2.0mm%20Step" "Mozilla/5.0 (Windows; U; Windows NT 5.1; en-US; rv:1.9.1.3) Gecko/20090824 Firefox/3.5.3"
113.22.190.146 - - [23/Sep/2009:00:33:13 -0400] "GET /images/head_btn-tutorials-over.gif HTTP/1.1" 200 1097 "http://www.aceonlinestore.com/cgi-bin/lansaweb?procfun+wordpr01+webfunc+M37+funcparms+WEBKEY(A0100):QSEARCH+IRADIO(A0010):S+QSRKEY(A0300):454-2001%201.6mm/2.0mm%20Step" "Mozilla/5.0 (Windows; U; Windows NT 5.1; en-US; rv:1.9.1.3) Gecko/20090824 Firefox/3.5.3"
113.22.190.146 - - [23/Sep/2009:00:33:13 -0400] "GET /images/head_btn-seminars-over.gif HTTP/1.1" 200 1089 "http://www.aceonlinestore.com/cgi-bin/lansaweb?procfun+wordpr01+webfunc+M37+funcparms+WEBKEY(A0100):QSEARCH+IRADIO(A0010):S+QSRKEY(A0300):454-2001%201.6mm/2.0mm%20Step" "Mozilla/5.0 (Windows; U; Windows NT 5.1; en-US; rv:1.9.1.3) Gecko/20090824 Firefox/3.5.3"
113.22.190.146 - - [23/Sep/2009:00:33:13 -0400] "GET /images/head_btn-conventions-over.gif HTTP/1.1" 200 1195 "http://www.aceonlinestore.com/cgi-bin/lansaweb?procfun+wordpr01+webfunc+M37+funcparms+WEBKEY(A0100):QSEARCH+IRADIO(A0010):S+QSRKEY(A0300):454-2001%201.6mm/2.0mm%20Step" "Mozilla/5.0 (Windows; U; Windows NT 5.1; en-US; rv:1.9.1.3) Gecko/20090824 Firefox/3.5.3"
113.22.190.146 - - [23/Sep/2009:00:33:13 -0400] "GET /images/head_btn-contactUs-over.gif HTTP/1.1" 200 1110 "http://www.aceonlinestore.com/cgi-bin/lansaweb?procfun+wordpr01+webfunc+M37+funcparms+WEBKEY(A0100):QSEARCH+IRADIO(A0010):S+QSRKEY(A0300):454-2001%201.6mm/2.0mm%20Step" "Mozilla/5.0 (Windows; U; Windows NT 5.1; en-US; rv:1.9.1.3) Gecko/20090824 Firefox/3.5.3"
113.22.190.146 - - [23/Sep/2009:00:33:13 -0400] "GET /favicon.ico HTTP/1.1" 404 209 "-" "Mozilla/5.0 (Windows; U; Windows NT 5.1; en-US; rv:1.9.1.3) Gecko/20090824 Firefox/3.5.3"
113.22.190.146 - - [23/Sep/2009:00:33:16 -0400] "GET /favicon.ico HTTP/1.1" 404 209 "-" "Mozilla/5.0 (Windows; U; Windows NT 5.1; en-US; rv:1.9.1.3) Gecko/20090824 Firefox/3.5.3"
113.22.190.146 - - [23/Sep/2009:00:33:17 -0400] "POST /CGI-BIN/LANSAWEB?WEBEVENT+L01532A4B01D892000A8705Y+M37+ENG HTTP/1.1" 200 76410 "http://www.aceonlinestore.com/cgi-bin/lansaweb?procfun+wordpr01+webfunc+M37+funcparms+WEBKEY(A0100):QSEARCH+IRADIO(A0010):S+QSRKEY(A0300):454-2001%201.6mm/2.0mm%20Step" "Mozilla/5.0 (Windows; U; Windows NT 5.1; en-US; rv:1.9.1.3) Gecko/20090824 Firefox/3.5.3"
113.22.190.146 - - [23/Sep/2009:00:33:21 -0400] "GET /images/cat_dot.gif HTTP/1.1" 200 45 "http://www.aceonlinestore.com/CGI-BIN/LANSAWEB?WEBEVENT+L01532A4B01D892000A8705Y+M37+ENG" "Mozilla/5.0 (Windows; U; Windows NT 5.1; en-US; rv:1.9.1.3) Gecko/20090824 Firefox/3.5.3"
113.22.190.146 - - [23/Sep/2009:00:33:21 -0400] "GET /images/cat_link.gif HTTP/1.1" 200 46 "http://www.aceonlinestore.com/CGI-BIN/LANSAWEB?WEBEVENT+L01532A4B01D892000A8705Y+M37+ENG" "Mozilla/5.0 (Windows; U; Windows NT 5.1; en-US; rv:1.9.1.3) Gecko/20090824 Firefox/3.5.3"
113.22.190.146 - - [23/Sep/2009:00:33:21 -0400] "GET /images/cat_expand.gif HTTP/1.1" 200 79 "http://www.aceonlinestore.com/CGI-BIN/LANSAWEB?WEBEVENT+L01532A4B01D892000A8705Y+M37+ENG" "Mozilla/5.0 (Windows; U; Windows NT 5.1; en-US; rv:1.9.1.3) Gecko/20090824 Firefox/3.5.3"
98.195.56.213 - - [23/Sep/2009:00:33:32 -0400] "POST /CGI-BIN/LANSAWEB?WEBEVENT+L21132A4E00E8800005B7019+M37+ENG HTTP/1.1" 200 45225 "-" "Mozilla/4.0 (compatible; MSIE 8.0; Windows NT 6.0; Trident/4.0; GTB6; SLCC1; .NET CLR 2.0.50727; Media Center PC 5.0; .NET CLR 3.5.30729; .NET CLR 3.0.30618)"
210.205.6.233 - - [23/Sep/2009:00:33:34 -0400] "GET /logs/access_log.Q109062700/components/com_performs/performs.php?mosConfig_absolute_path=http://www.rucoc.com/rucoc1.jpg??? HTTP/1.1" 404 261 "-" "Mozilla/5.0"
113.22.190.146 - - [23/Sep/2009:00:33:40 -0400] "POST /CGI-BIN/LANSAWEB?WEBEVENT+L01532A440178020013D705Y+M37+ENG HTTP/1.1" 200 38041 "http://www.aceonlinestore.com/CGI-BIN/LANSAWEB?WEBEVENT+L01532A4B01D892000A8705Y+M37+ENG" "Mozilla/5.0 (Windows; U; Windows NT 5.1; en-US; rv:1.9.1.3) Gecko/20090824 Firefox/3.5.3"
210.205.6.233 - - [23/Sep/2009:00:33:43 -0400] "GET /logs/access_log.Q109070700/components/com_performs/performs.php?mosConfig_absolute_path=http://www.rucoc.com/rucoc1.jpg??? HTTP/1.1" 404 261 "-" "Mozilla/5.0"
113.22.190.146 - - [23/Sep/2009:00:33:55 -0400] "POST /CGI-BIN/LANSAWEB?WEBEVENT+L01532A4A04F8320020F705Y+M37+ENG HTTP/1.1" 200 76408 "http://www.aceonlinestore.com/CGI-BIN/LANSAWEB?WEBEVENT+L01532A440178020013D705Y+M37+ENG" "Mozilla/5.0 (Windows; U; Windows NT 5.1; en-US; rv:1.9.1.3) Gecko/20090824 Firefox/3.5.3"
98.195.56.213 - - [23/Sep/2009:00:34:12 -0400] "POST /CGI-BIN/LANSAWEB?WEBEVENT+L21132A430A9830002417019+M37+ENG HTTP/1.1" 200 59852 "http://www.aceonlinestore.com/CGI-BIN/LANSAWEB?WEBEVENT+L21132A4E00E8800005B7019+M37+ENG" "Mozilla/4.0 (compatible; MSIE 8.0; Windows NT 6.0; Trident/4.0; GTB6; SLCC1; .NET CLR 2.0.50727; Media Center PC 5.0; .NET CLR 3.5.30729; .NET CLR 3.0.30618)"
98.195.56.213 - - [23/Sep/2009:00:34:36 -0400] "POST /CGI-BIN/LANSAWEB?WEBEVENT+L21132A4906F860004B77019+M37+ENG HTTP/1.1" 200 60452 "https://www.aceonlinestore.com/CGI-BIN/LANSAWEB?WEBEVENT+L21132A430A9830002417019+M37+ENG" "Mozilla/4.0 (compatible; MSIE 8.0; Windows NT 6.0; Trident/4.0; GTB6; SLCC1; .NET CLR 2.0.50727; Media Center PC 5.0; .NET CLR 3.5.30729; .NET CLR 3.0.30618)"
98.195.56.213 - - [23/Sep/2009:00:35:08 -0400] "POST /CGI-BIN/LANSAWEB?WEBEVENT+L21132A4906F860004B77019+M37+ENG HTTP/1.1" 200 60370 "https://www.aceonlinestore.com/CGI-BIN/LANSAWEB?WEBEVENT+L21132A430A9830002417019+M37+ENG" "Mozilla/4.0 (compatible; MSIE 8.0; Windows NT 6.0; Trident/4.0; GTB6; SLCC1; .NET CLR 2.0.50727; Media Center PC 5.0; .NET CLR 3.5.30729; .NET CLR 3.0.30618)"
113.22.190.146 - - [23/Sep/2009:00:35:25 -0400] "POST /CGI-BIN/LANSAWEB?WEBEVENT+L01532A480258A200339705Y+M37+ENG HTTP/1.1" 200 38027 "http://www.aceonlinestore.com/CGI-BIN/LANSAWEB?WEBEVENT+L01532A4A04F8320020F705Y+M37+ENG" "Mozilla/5.0 (Windows; U; Windows NT 5.1; en-US; rv:1.9.1.3) Gecko/20090824 Firefox/3.5.3"
113.22.190.146 - - [23/Sep/2009:00:35:30 -0400] "POST /CGI-BIN/LANSAWEB?WEBEVENT+L01532A4E0B28620086B705Y+M37+ENG HTTP/1.1" 200 76394 "http://www.aceonlinestore.com/CGI-BIN/LANSAWEB?WEBEVENT+L01532A480258A200339705Y+M37+ENG" "Mozilla/5.0 (Windows; U; Windows NT 5.1; en-US; rv:1.9.1.3) Gecko/20090824 Firefox/3.5.3"
66.249.68.151 - - [23/Sep/2009:00:35:38 -0400] "GET /logs/error_log.Q109062900 HTTP/1.1" 200 3131493 "-" "Mozilla/5.0 (compatible; Googlebot/2.1; +http://www.google.com/bot.html)"
98.195.56.213 - - [23/Sep/2009:00:36:05 -0400] "POST /CGI-BIN/LANSAWEB?WEBEVENT+L21132A4E0D68B0007117019+M37+ENG HTTP/1.1" 200 60452 "https://www.aceonlinestore.com/CGI-BIN/LANSAWEB?WEBEVENT+L21132A4906F860004B77019+M37+ENG" "Mozilla/4.0 (compatible; MSIE 8.0; Windows NT 6.0; Trident/4.0; GTB6; SLCC1; .NET CLR 2.0.50727; Media Center PC 5.0; .NET CLR 3.5.30729; .NET CLR 3.0.30618)"
113.22.190.146 - - [23/Sep/2009:00:36:11 -0400] "POST /CGI-BIN/LANSAWEB?WEBEVENT+L01532A43091872009B6705Y+M37+ENG HTTP/1.1" 200 38026 "http://www.aceonlinestore.com/CGI-BIN/LANSAWEB?WEBEVENT+L01532A4E0B28620086B705Y+M37+ENG" "Mozilla/5.0 (Windows; U; Windows NT 5.1; en-US; rv:1.9.1.3) Gecko/20090824 Firefox/3.5.3"
113.22.190.146 - - [23/Sep/2009:00:36:13 -0400] "POST /CGI-BIN/LANSAWEB?WEBEVENT+L01532A4A0DC87200BE2705Y+M37+ENG HTTP/1.1" 200 76393 "http://www.aceonlinestore.com/CGI-BIN/LANSAWEB?WEBEVENT+L01532A43091872009B6705Y+M37+ENG" "Mozilla/5.0 (Windows; U; Windows NT 5.1; en-US; rv:1.9.1.3) Gecko/20090824 Firefox/3.5.3"
209.59.12.99 - - [23/Sep/2009:00:36:29 -0400] "GET / HTTP/1.0" 200 409 "-" "check_http/1.81 (nagios-plugins 1.4)"
70.87.64.234 - - [23/Sep/2009:00:36:34 -0400] "GET /logs//mygallerybrowser.php?myPath=http://montaguekorea.com/upload/bbs/idxx.txt? HTTP/1.1" 404 224 "-" "Mozilla/5.0"
70.87.64.234 - - [23/Sep/2009:00:36:34 -0400] "GET //mygallerybrowser.php?myPath=http://montaguekorea.com/upload/bbs/idxx.txt? HTTP/1.1" 404 219 "-" "Mozilla/5.0"
70.87.64.234 - - [23/Sep/2009:00:36:34 -0400] "GET /logs/access_log.Q109052000//mygallerybrowser.php?myPath=http://montaguekorea.com/upload/bbs/idxx.txt? HTTP/1.1" 404 246 "-" "Mozilla/5.0"
70.87.64.234 - - [23/Sep/2009:00:36:38 -0400] "GET /logs/access_log.Q109063000//mygallerybrowser.php?myPath=http://montaguekorea.com/upload/bbs/idxx.txt? HTTP/1.1" 404 246 "-" "Mozilla/5.0"
113.22.190.146 - - [23/Sep/2009:00:36:42 -0400] "POST /CGI-BIN/LANSAWEB?WEBEVENT+L01532A4C0B38E200B63705Y+M37+ENG HTTP/1.1" 200 76388 "http://www.aceonlinestore.com/CGI-BIN/LANSAWEB?WEBEVENT+L01532A4A0DC87200BE2705Y+M37+ENG" "Mozilla/5.0 (Windows; U; Windows NT 5.1; en-US; rv:1.9.1.3) Gecko/20090824 Firefox/3.5.3"
70.87.64.234 - - [23/Sep/2009:00:38:16 -0400] "GET /logs/access_log.Q109052000%20%20//mygallerybrowser.php?myPath=http://montaguekorea.com/upload/bbs/idxx.txt? HTTP/1.1" 404 248 "-" "Mozilla/5.0"
98.195.56.213 - - [23/Sep/2009:00:38:02 -0400] "POST /CGI-BIN/LANSAWEB?WEBEVENT+L21132A4507884000B6B7019+M37+ENG HTTP/1.1" 200 40220 "https://www.aceonlinestore.com/CGI-BIN/LANSAWEB?WEBEVENT+L21132A4E0D68B0007117019+M37+ENG" "Mozilla/4.0 (compatible; MSIE 8.0; Windows NT 6.0; Trident/4.0; GTB6; SLCC1; .NET CLR 2.0.50727; Media Center PC 5.0; .NET CLR 3.5.30729; .NET CLR 3.0.30618)"
70.87.64.234 - - [23/Sep/2009:00:38:16 -0400] "GET /logs/access_log.Q109063000%20%20//mygallerybrowser.php?myPath=http://montaguekorea.com/upload/bbs/idxx.txt? HTTP/1.1" 404 248 "-" "Mozilla/5.0"
98.195.56.213 - - [23/Sep/2009:00:38:18 -0400] "GET /images/psearch_go.gif HTTP/1.1" 200 296 "https://www.aceonlinestore.com/CGI-BIN/LANSAWEB?WEBEVENT+L21132A4507884000B6B7019+M37+ENG" "Mozilla/4.0 (compatible; MSIE 8.0; Windows NT 6.0; Trident/4.0; GTB6; SLCC1; .NET CLR 2.0.50727; Media Center PC 5.0; .NET CLR 3.5.30729; .NET CLR 3.0.30618)"
98.195.56.213 - - [23/Sep/2009:00:38:18 -0400] "GET /images/sd_left-top.gif HTTP/1.1" 200 95 "https://www.aceonlinestore.com/CGI-BIN/LANSAWEB?WEBEVENT+L21132A4507884000B6B7019+M37+ENG" "Mozilla/4.0 (compatible; MSIE 8.0; Windows NT 6.0; Trident/4.0; GTB6; SLCC1; .NET CLR 2.0.50727; Media Center PC 5.0; .NET CLR 3.5.30729; .NET CLR 3.0.30618)"
98.195.56.213 - - [23/Sep/2009:00:38:18 -0400] "GET /images/sd_bottom-space.gif HTTP/1.1" 200 50 "https://www.aceonlinestore.com/CGI-BIN/LANSAWEB?WEBEVENT+L21132A4507884000B6B7019+M37+ENG" "Mozilla/4.0 (compatible; MSIE 8.0; Windows NT 6.0; Trident/4.0; GTB6; SLCC1; .NET CLR 2.0.50727; Media Center PC 5.0; .NET CLR 3.5.30729; .NET CLR 3.0.30618)"
98.195.56.213 - - [23/Sep/2009:00:38:18 -0400] "GET /images/sd_left-bottom.gif HTTP/1.1" 200 95 "https://www.aceonlinestore.com/CGI-BIN/LANSAWEB?WEBEVENT+L21132A4507884000B6B7019+M37+ENG" "Mozilla/4.0 (compatible; MSIE 8.0; Windows NT 6.0; Trident/4.0; GTB6; SLCC1; .NET CLR 2.0.50727; Media Center PC 5.0; .NET CLR 3.5.30729; .NET CLR 3.0.30618)"
98.195.56.213 - - [23/Sep/2009:00:38:18 -0400] "GET /images/sd_bottom-right.gif HTTP/1.1" 200 101 "https://www.aceonlinestore.com/CGI-BIN/LANSAWEB?WEBEVENT+L21132A4507884000B6B7019+M37+ENG" "Mozilla/4.0 (compatible; MSIE 8.0; Windows NT 6.0; Trident/4.0; GTB6; SLCC1; .NET CLR 2.0.50727; Media Center PC 5.0; .NET CLR 3.5.30729; .NET CLR 3.0.30618)"
98.195.56.213 - - [23/Sep/2009:00:38:18 -0400] "GET /images/sd_left-space.gif HTTP/1.1" 200 50 "https://www.aceonlinestore.com/CGI-BIN/LANSAWEB?WEBEVENT+L21132A4507884000B6B7019+M37+ENG" "Mozilla/4.0 (compatible; MSIE 8.0; Windows NT 6.0; Trident/4.0; GTB6; SLCC1; .NET CLR 2.0.50727; Media Center PC 5.0; .NET CLR 3.5.30729; .NET CLR 3.0.30618)"
98.195.56.213 - - [23/Sep/2009:00:38:18 -0400] "GET /images/sd_inside-corner.gif HTTP/1.1" 200 95 "https://www.aceonlinestore.com/CGI-BIN/LANSAWEB?WEBEVENT+L21132A4507884000B6B7019+M37+ENG" "Mozilla/4.0 (compatible; MSIE 8.0; Windows NT 6.0; Trident/4.0; GTB6; SLCC1; .NET CLR 2.0.50727; Media Center PC 5.0; .NET CLR 3.5.30729; .NET CLR 3.0.30618)"
113.22.190.146 - - [23/Sep/2009:00:38:36 -0400] "GET /images/cat_collapse.gif HTTP/1.1" 200 76 "http://www.aceonlinestore.com/CGI-BIN/LANSAWEB?WEBEVENT+L01532A4C0B38E200B63705Y+M37+ENG" "Mozilla/5.0 (Windows; U; Windows NT 5.1; en-US; rv:1.9.1.3) Gecko/20090824 Firefox/3.5.3"
98.195.56.213 - - [23/Sep/2009:00:38:39 -0400] "GET /CGI-BIN/LANSAWEB?PROCFUN+WORDPR01+ORDCONF+M37+FUNCPARMS+WEBCMP(S0020):1+WEBSSN(A0240):L211319430D78A000FDF7018+LSTWSEQ(S0060):1 HTTP/1.1" 200 520 "-" "Mozilla/4.0 (compatible; MSIE 8.0; Windows NT 6.0; Trident/4.0; GTB6; SLCC1; .NET CLR 2.0.50727; Media Center PC 5.0; .NET CLR 3.5.30729; .NET CLR 3.0.30618)"
113.22.190.146 - - [23/Sep/2009:00:38:55 -0400] "POST /CGI-BIN/LANSAWEB?WEBEVENT+L01532A4709C8A200D9E705Y+M37+ENG HTTP/1.1" 200 45265 "http://www.aceonlinestore.com/CGI-BIN/LANSAWEB?WEBEVENT+L01532A4C0B38E200B63705Y+M37+ENG" "Mozilla/5.0 (Windows; U; Windows NT 5.1; en-US; rv:1.9.1.3) Gecko/20090824 Firefox/3.5.3"
113.22.190.146 - - [23/Sep/2009:00:38:57 -0400] "GET /images/pf-a.gif HTTP/1.1" 200 798 "http://www.aceonlinestore.com/CGI-BIN/LANSAWEB?WEBEVENT+L01532A4709C8A200D9E705Y+M37+ENG" "Mozilla/5.0 (Windows; U; Windows NT 5.1; en-US; rv:1.9.1.3) Gecko/20090824 Firefox/3.5.3"
113.22.190.146 - - [23/Sep/2009:00:38:57 -0400] "GET /images/space.gif HTTP/1.1" 200 43 "http://www.aceonlinestore.com/CGI-BIN/LANSAWEB?WEBEVENT+L01532A4709C8A200D9E705Y+M37+ENG" "Mozilla/5.0 (Windows; U; Windows NT 5.1; en-US; rv:1.9.1.3) Gecko/20090824 Firefox/3.5.3"
113.22.190.146 - - [23/Sep/2009:00:39:03 -0400] "GET /images/pf-b.gif HTTP/1.1" 200 813 "http://www.aceonlinestore.com/CGI-BIN/LANSAWEB?WEBEVENT+L01532A4709C8A200D9E705Y+M37+ENG" "Mozilla/5.0 (Windows; U; Windows NT 5.1; en-US; rv:1.9.1.3) Gecko/20090824 Firefox/3.5.3"
113.22.190.146 - - [23/Sep/2009:00:39:05 -0400] "GET /CGI-BIN/LANSAWEB?PROCFUN+WORDPR01+PRTSRCH+M37+FUNCPARMS+WEBCMP(S0020):1+WEBSSN(A0240):L01532A4A08D8620004F705Y+WEBSEQ(S0020):1+WEBPGN(S0070):193232+WEBID(S0020):1+WEBKEY(A0100):PRTITEMS HTTP/1.1" 200 31040 "http://www.aceonlinestore.com/CGI-BIN/LANSAWEB?WEBEVENT+L01532A4709C8A200D9E705Y+M37+ENG" "Mozilla/5.0 (Windows; U; Windows NT 5.1; en-US; rv:1.9.1.3) Gecko/20090824 Firefox/3.5.3"
113.22.190.146 - - [23/Sep/2009:00:39:06 -0400] "GET /images/printheader.jpg HTTP/1.1" 200 11345 "http://www.aceonlinestore.com/CGI-BIN/LANSAWEB?PROCFUN+WORDPR01+PRTSRCH+M37+FUNCPARMS+WEBCMP(S0020):1+WEBSSN(A0240):L01532A4A08D8620004F705Y+WEBSEQ(S0020):1+WEBPGN(S0070):193232+WEBID(S0020):1+WEBKEY(A0100):PRTITEMS" "Mozilla/5.0 (Windows; U; Windows NT 5.1; en-US; rv:1.9.1.3) Gecko/20090824 Firefox/3.5.3"
113.22.190.146 - - [23/Sep/2009:00:39:06 -0400] "GET /images/items/6400312S_THUMB.JPG HTTP/1.1" 404 229 "http://www.aceonlinestore.com/CGI-BIN/LANSAWEB?PROCFUN+WORDPR01+PRTSRCH+M37+FUNCPARMS+WEBCMP(S0020):1+WEBSSN(A0240):L01532A4A08D8620004F705Y+WEBSEQ(S0020):1+WEBPGN(S0070):193232+WEBID(S0020):1+WEBKEY(A0100):PRTITEMS" "Mozilla/5.0 (Windows; U; Windows NT 5.1; en-US; rv:1.9.1.3) Gecko/20090824 Firefox/3.5.3"
98.195.56.213 - - [23/Sep/2009:00:39:16 -0400] "GET /CGI-BIN/LANSAWEB?PROCFUN+WORDPR01+ORDCONF+M37+FUNCPARMS+WEBCMP(S0020):1+WEBSSN(A0240):L211319430D78A000FDF7018+LSTWSEQ(S0060):1 HTTP/1.1" 200 520 "-" "Mozilla/4.0 (compatible; MSIE 8.0; Windows NT 6.0; Trident/4.0; GTB6; SLCC1; .NET CLR 2.0.50727; Media Center PC 5.0; .NET CLR 3.5.30729; .NET CLR 3.0.30618)"
113.22.190.146 - - [23/Sep/2009:00:39:24 -0400] "POST /CGI-BIN/LANSAWEB?WEBEVENT+L01532B460DF80200536705Y+M37+ENG HTTP/1.1" 200 45255 "http://www.aceonlinestore.com/CGI-BIN/LANSAWEB?WEBEVENT+L01532A4709C8A200D9E705Y+M37+ENG" "Mozilla/5.0 (Windows; U; Windows NT 5.1; en-US; rv:1.9.1.3) Gecko/20090824 Firefox/3.5.3"
113.22.190.146 - - [23/Sep/2009:00:39:32 -0400] "POST /CGI-BIN/LANSAWEB?WEBEVENT+L01532B420DB832007D4705Y+M37+ENG HTTP/1.1" 200 76393 "http://www.aceonlinestore.com/CGI-BIN/LANSAWEB?WEBEVENT+L01532B460DF80200536705Y+M37+ENG" "Mozilla/5.0 (Windows; U; Windows NT 5.1; en-US; rv:1.9.1.3) Gecko/20090824 Firefox/3.5.3"
98.195.56.213 - - [23/Sep/2009:00:39:36 -0400] "GET /CGI-BIN/LANSAWEB?PROCFUN+WORDPR01+ORDCONF+M37+FUNCPARMS+WEBCMP(S0020):1+WEBSSN(A0240):L211319430D78A000FDF7018+LSTWSEQ(S0060):1 HTTP/1.1" 200 520 "-" "Mozilla/4.0 (compatible; MSIE 8.0; Windows NT 6.0; Trident/4.0; GTB6; SLCC1; .NET CLR 2.0.50727; Media Center PC 5.0; .NET CLR 3.5.30729; .NET CLR 3.0.30618)"
113.22.190.146 - - [23/Sep/2009:00:39:42 -0400] "POST /CGI-BIN/LANSAWEB?WEBEVENT+L01532B4A02682200703705Y+M37+ENG HTTP/1.1" 200 76392 "http://www.aceonlinestore.com/CGI-BIN/LANSAWEB?WEBEVENT+L01532B420DB832007D4705Y+M37+ENG" "Mozilla/5.0 (Windows; U; Windows NT 5.1; en-US; rv:1.9.1.3) Gecko/20090824 Firefox/3.5.3"
98.195.56.213 - - [23/Sep/2009:00:39:49 -0400] "GET /CGI-BIN/LANSAWEB?PROCFUN+WORDPR01+ORDCONF+M37+FUNCPARMS+WEBCMP(S0020):1+WEBSSN(A0240):L211319430D78A000FDF7018+LSTWSEQ(S0060):1 HTTP/1.1" 200 520 "-" "Mozilla/4.0 (compatible; MSIE 8.0; Windows NT 6.0; Trident/4.0; GTB6; SLCC1; .NET CLR 2.0.50727; Media Center PC 5.0; .NET CLR 3.5.30729; .NET CLR 3.0.30618)"
66.249.68.151 - - [23/Sep/2009:00:39:33 -0400] "GET /logs/access_log.Q109081300 HTTP/1.1" 200 5011500 "-" "Mozilla/5.0 (compatible; Googlebot/2.1; +http://www.google.com/bot.html)"
98.195.56.213 - - [23/Sep/2009:00:40:15 -0400] "GET /images/head_aceLogo.gif HTTP/1.1" 304 - "https://www.aceonlinestore.com/CGI-BIN/LANSAWEB?WEBEVENT+L21132A4E0D68B0007117019+M37+ENG" "Mozilla/4.0 (compatible; MSIE 8.0; Windows NT 6.0; Trident/4.0; GTB6; SLCC1; .NET CLR 2.0.50727; Media Center PC 5.0; .NET CLR 3.5.30729; .NET CLR 3.0.30618)"
98.195.56.213 - - [23/Sep/2009:00:40:15 -0400] "GET /images/head_btn-products.gif HTTP/1.1" 304 - "https://www.aceonlinestore.com/CGI-BIN/LANSAWEB?WEBEVENT+L21132A4E0D68B0007117019+M37+ENG" "Mozilla/4.0 (compatible; MSIE 8.0; Windows NT 6.0; Trident/4.0; GTB6; SLCC1; .NET CLR 2.0.50727; Media Center PC 5.0; .NET CLR 3.5.30729; .NET CLR 3.0.30618)"
98.195.56.213 - - [23/Sep/2009:00:40:15 -0400] "GET /images/head_btn-catalogs.gif HTTP/1.1" 304 - "https://www.aceonlinestore.com/CGI-BIN/LANSAWEB?WEBEVENT+L21132A4E0D68B0007117019+M37+ENG" "Mozilla/4.0 (compatible; MSIE 8.0; Windows NT 6.0; Trident/4.0; GTB6; SLCC1; .NET CLR 2.0.50727; Media Center PC 5.0; .NET CLR 3.5.30729; .NET CLR 3.0.30618)"
98.195.56.213 - - [23/Sep/2009:00:40:15 -0400] "GET /images/head_btn-shop.gif HTTP/1.1" 304 - "https://www.aceonlinestore.com/CGI-BIN/LANSAWEB?WEBEVENT+L21132A4E0D68B0007117019+M37+ENG" "Mozilla/4.0 (compatible; MSIE 8.0; Windows NT 6.0; Trident/4.0; GTB6; SLCC1; .NET CLR 2.0.50727; Media Center PC 5.0; .NET CLR 3.5.30729; .NET CLR 3.0.30618)"
98.195.56.213 - - [23/Sep/2009:00:40:15 -0400] "GET /images/head_btn-brochures.gif HTTP/1.1" 304 - "https://www.aceonlinestore.com/CGI-BIN/LANSAWEB?WEBEVENT+L21132A4E0D68B0007117019+M37+ENG" "Mozilla/4.0 (compatible; MSIE 8.0; Windows NT 6.0; Trident/4.0; GTB6; SLCC1; .NET CLR 2.0.50727; Media Center PC 5.0; .NET CLR 3.5.30729; .NET CLR 3.0.30618)"
98.195.56.213 - - [23/Sep/2009:00:40:15 -0400] "GET /images/head_surgical-supply.gif HTTP/1.1" 304 - "https://www.aceonlinestore.com/CGI-BIN/LANSAWEB?WEBEVENT+L21132A4E0D68B0007117019+M37+ENG" "Mozilla/4.0 (compatible; MSIE 8.0; Windows NT 6.0; Trident/4.0; GTB6; SLCC1; .NET CLR 2.0.50727; Media Center PC 5.0; .NET CLR 3.5.30729; .NET CLR 3.0.30618)"
98.195.56.213 - - [23/Sep/2009:00:40:15 -0400] "GET /images/head_btn-aboutUs.gif HTTP/1.1" 304 - "https://www.aceonlinestore.com/CGI-BIN/LANSAWEB?WEBEVENT+L21132A4E0D68B0007117019+M37+ENG" "Mozilla/4.0 (compatible; MSIE 8.0; Windows NT 6.0; Trident/4.0; GTB6; SLCC1; .NET CLR 2.0.50727; Media Center PC 5.0; .NET CLR 3.5.30729; .NET CLR 3.0.30618)"
98.195.56.213 - - [23/Sep/2009:00:40:15 -0400] "GET /images/head_btn-tutorials.gif HTTP/1.1" 304 - "https://www.aceonlinestore.com/CGI-BIN/LANSAWEB?WEBEVENT+L21132A4E0D68B0007117019+M37+ENG" "Mozilla/4.0 (compatible; MSIE 8.0; Windows NT 6.0; Trident/4.0; GTB6; SLCC1; .NET CLR 2.0.50727; Media Center PC 5.0; .NET CLR 3.5.30729; .NET CLR 3.0.30618)"
98.195.56.213 - - [23/Sep/2009:00:40:15 -0400] "GET /images/head_btn-seminars.gif HTTP/1.1" 304 - "https://www.aceonlinestore.com/CGI-BIN/LANSAWEB?WEBEVENT+L21132A4E0D68B0007117019+M37+ENG" "Mozilla/4.0 (compatible; MSIE 8.0; Windows NT 6.0; Trident/4.0; GTB6; SLCC1; .NET CLR 2.0.50727; Media Center PC 5.0; .NET CLR 3.5.30729; .NET CLR 3.0.30618)"
98.195.56.213 - - [23/Sep/2009:00:40:15 -0400] "GET /images/head_btn-space1.gif HTTP/1.1" 304 - "https://www.aceonlinestore.com/CGI-BIN/LANSAWEB?WEBEVENT+L21132A4E0D68B0007117019+M37+ENG" "Mozilla/4.0 (compatible; MSIE 8.0; Windows NT 6.0; Trident/4.0; GTB6; SLCC1; .NET CLR 2.0.50727; Media Center PC 5.0; .NET CLR 3.5.30729; .NET CLR 3.0.30618)"
98.195.56.213 - - [23/Sep/2009:00:40:15 -0400] "GET /images/head_btn-conventions.gif HTTP/1.1" 304 - "https://www.aceonlinestore.com/CGI-BIN/LANSAWEB?WEBEVENT+L21132A4E0D68B0007117019+M37+ENG" "Mozilla/4.0 (compatible; MSIE 8.0; Windows NT 6.0; Trident/4.0; GTB6; SLCC1; .NET CLR 2.0.50727; Media Center PC 5.0; .NET CLR 3.5.30729; .NET CLR 3.0.30618)"
98.195.56.213 - - [23/Sep/2009:00:40:15 -0400] "GET /images/head_btn-contactUs.gif HTTP/1.1" 304 - "https://www.aceonlinestore.com/CGI-BIN/LANSAWEB?WEBEVENT+L21132A4E0D68B0007117019+M37+ENG" "Mozilla/4.0 (compatible; MSIE 8.0; Windows NT 6.0; Trident/4.0; GTB6; SLCC1; .NET CLR 2.0.50727; Media Center PC 5.0; .NET CLR 3.5.30729; .NET CLR 3.0.30618)"
98.195.56.213 - - [23/Sep/2009:00:40:15 -0400] "GET /images/head_btn-spacer2.gif HTTP/1.1" 304 - "https://www.aceonlinestore.com/CGI-BIN/LANSAWEB?WEBEVENT+L21132A4E0D68B0007117019+M37+ENG" "Mozilla/4.0 (compatible; MSIE 8.0; Windows NT 6.0; Trident/4.0; GTB6; SLCC1; .NET CLR 2.0.50727; Media Center PC 5.0; .NET CLR 3.5.30729; .NET CLR 3.0.30618)"
98.195.56.213 - - [23/Sep/2009:00:40:15 -0400] "GET /images/bt_cal-a.gif HTTP/1.1" 304 - "https://www.aceonlinestore.com/CGI-BIN/LANSAWEB?WEBEVENT+L21132A4E0D68B0007117019+M37+ENG" "Mozilla/4.0 (compatible; MSIE 8.0; Windows NT 6.0; Trident/4.0; GTB6; SLCC1; .NET CLR 2.0.50727; Media Center PC 5.0; .NET CLR 3.5.30729; .NET CLR 3.0.30618)"
98.195.56.213 - - [23/Sep/2009:00:40:15 -0400] "GET /images/blend.jpg HTTP/1.1" 304 - "https://www.aceonlinestore.com/CGI-BIN/LANSAWEB?WEBEVENT+L21132A4E0D68B0007117019+M37+ENG" "Mozilla/4.0 (compatible; MSIE 8.0; Windows NT 6.0; Trident/4.0; GTB6; SLCC1; .NET CLR 2.0.50727; Media Center PC 5.0; .NET CLR 3.5.30729; .NET CLR 3.0.30618)"
98.195.56.213 - - [23/Sep/2009:00:40:15 -0400] "GET /images/AMEX.GIF HTTP/1.1" 304 - "https://www.aceonlinestore.com/CGI-BIN/LANSAWEB?WEBEVENT+L21132A4E0D68B0007117019+M37+ENG" "Mozilla/4.0 (compatible; MSIE 8.0; Windows NT 6.0; Trident/4.0; GTB6; SLCC1; .NET CLR 2.0.50727; Media Center PC 5.0; .NET CLR 3.5.30729; .NET CLR 3.0.30618)"
98.195.56.213 - - [23/Sep/2009:00:40:15 -0400] "GET /images/DISCOVER.GIF HTTP/1.1" 304 - "https://www.aceonlinestore.com/CGI-BIN/LANSAWEB?WEBEVENT+L21132A4E0D68B0007117019+M37+ENG" "Mozilla/4.0 (compatible; MSIE 8.0; Windows NT 6.0; Trident/4.0; GTB6; SLCC1; .NET CLR 2.0.50727; Media Center PC 5.0; .NET CLR 3.5.30729; .NET CLR 3.0.30618)"
98.195.56.213 - - [23/Sep/2009:00:40:15 -0400] "GET /images/MCARD.GIF HTTP/1.1" 304 - "https://www.aceonlinestore.com/CGI-BIN/LANSAWEB?WEBEVENT+L21132A4E0D68B0007117019+M37+ENG" "Mozilla/4.0 (compatible; MSIE 8.0; Windows NT 6.0; Trident/4.0; GTB6; SLCC1; .NET CLR 2.0.50727; Media Center PC 5.0; .NET CLR 3.5.30729; .NET CLR 3.0.30618)"
98.195.56.213 - - [23/Sep/2009:00:40:15 -0400] "GET /images/VISA.GIF HTTP/1.1" 304 - "https://www.aceonlinestore.com/CGI-BIN/LANSAWEB?WEBEVENT+L21132A4E0D68B0007117019+M37+ENG" "Mozilla/4.0 (compatible; MSIE 8.0; Windows NT 6.0; Trident/4.0; GTB6; SLCC1; .NET CLR 2.0.50727; Media Center PC 5.0; .NET CLR 3.5.30729; .NET CLR 3.0.30618)"
98.195.56.213 - - [23/Sep/2009:00:40:15 -0400] "GET /images/space.gif HTTP/1.1" 304 - "https://www.aceonlinestore.com/CGI-BIN/LANSAWEB?WEBEVENT+L21132A4E0D68B0007117019+M37+ENG" "Mozilla/4.0 (compatible; MSIE 8.0; Windows NT 6.0; Trident/4.0; GTB6; SLCC1; .NET CLR 2.0.50727; Media Center PC 5.0; .NET CLR 3.5.30729; .NET CLR 3.0.30618)"
98.195.56.213 - - [23/Sep/2009:00:40:16 -0400] "GET /images/head_aceLogo-over.gif HTTP/1.1" 304 - "https://www.aceonlinestore.com/CGI-BIN/LANSAWEB?WEBEVENT+L21132A4E0D68B0007117019+M37+ENG" "Mozilla/4.0 (compatible; MSIE 8.0; Windows NT 6.0; Trident/4.0; GTB6; SLCC1; .NET CLR 2.0.50727; Media Center PC 5.0; .NET CLR 3.5.30729; .NET CLR 3.0.30618)"
98.195.56.213 - - [23/Sep/2009:00:40:16 -0400] "GET /images/head_btn-shop-over.gif HTTP/1.1" 304 - "https://www.aceonlinestore.com/CGI-BIN/LANSAWEB?WEBEVENT+L21132A4E0D68B0007117019+M37+ENG" "Mozilla/4.0 (compatible; MSIE 8.0; Windows NT 6.0; Trident/4.0; GTB6; SLCC1; .NET CLR 2.0.50727; Media Center PC 5.0; .NET CLR 3.5.30729; .NET CLR 3.0.30618)"
98.195.56.213 - - [23/Sep/2009:00:40:16 -0400] "GET /images/head_btn-brochures-over.gif HTTP/1.1" 304 - "https://www.aceonlinestore.com/CGI-BIN/LANSAWEB?WEBEVENT+L21132A4E0D68B0007117019+M37+ENG" "Mozilla/4.0 (compatible; MSIE 8.0; Windows NT 6.0; Trident/4.0; GTB6; SLCC1; .NET CLR 2.0.50727; Media Center PC 5.0; .NET CLR 3.5.30729; .NET CLR 3.0.30618)"
98.195.56.213 - - [23/Sep/2009:00:40:16 -0400] "GET /images/head_btn-catalog-over.gif HTTP/1.1" 304 - "https://www.aceonlinestore.com/CGI-BIN/LANSAWEB?WEBEVENT+L21132A4E0D68B0007117019+M37+ENG" "Mozilla/4.0 (compatible; MSIE 8.0; Windows NT 6.0; Trident/4.0; GTB6; SLCC1; .NET CLR 2.0.50727; Media Center PC 5.0; .NET CLR 3.5.30729; .NET CLR 3.0.30618)"
98.195.56.213 - - [23/Sep/2009:00:40:16 -0400] "GET /images/head_btn-products-over.gif HTTP/1.1" 304 - "https://www.aceonlinestore.com/CGI-BIN/LANSAWEB?WEBEVENT+L21132A4E0D68B0007117019+M37+ENG" "Mozilla/4.0 (compatible; MSIE 8.0; Windows NT 6.0; Trident/4.0; GTB6; SLCC1; .NET CLR 2.0.50727; Media Center PC 5.0; .NET CLR 3.5.30729; .NET CLR 3.0.30618)"
98.195.56.213 - - [23/Sep/2009:00:40:16 -0400] "GET /images/head_btn-aboutUs-over.gif HTTP/1.1" 304 - "https://www.aceonlinestore.com/CGI-BIN/LANSAWEB?WEBEVENT+L21132A4E0D68B0007117019+M37+ENG" "Mozilla/4.0 (compatible; MSIE 8.0; Windows NT 6.0; Trident/4.0; GTB6; SLCC1; .NET CLR 2.0.50727; Media Center PC 5.0; .NET CLR 3.5.30729; .NET CLR 3.0.30618)"
98.195.56.213 - - [23/Sep/2009:00:40:16 -0400] "GET /images/head_btn-tutorials-over.gif HTTP/1.1" 304 - "https://www.aceonlinestore.com/CGI-BIN/LANSAWEB?WEBEVENT+L21132A4E0D68B0007117019+M37+ENG" "Mozilla/4.0 (compatible; MSIE 8.0; Windows NT 6.0; Trident/4.0; GTB6; SLCC1; .NET CLR 2.0.50727; Media Center PC 5.0; .NET CLR 3.5.30729; .NET CLR 3.0.30618)"
98.195.56.213 - - [23/Sep/2009:00:40:16 -0400] "GET /images/head_btn-conventions-over.gif HTTP/1.1" 304 - "https://www.aceonlinestore.com/CGI-BIN/LANSAWEB?WEBEVENT+L21132A4E0D68B0007117019+M37+ENG" "Mozilla/4.0 (compatible; MSIE 8.0; Windows NT 6.0; Trident/4.0; GTB6; SLCC1; .NET CLR 2.0.50727; Media Center PC 5.0; .NET CLR 3.5.30729; .NET CLR 3.0.30618)"
98.195.56.213 - - [23/Sep/2009:00:40:16 -0400] "GET /images/head_btn-seminars-over.gif HTTP/1.1" 304 - "https://www.aceonlinestore.com/CGI-BIN/LANSAWEB?WEBEVENT+L21132A4E0D68B0007117019+M37+ENG" "Mozilla/4.0 (compatible; MSIE 8.0; Windows NT 6.0; Trident/4.0; GTB6; SLCC1; .NET CLR 2.0.50727; Media Center PC 5.0; .NET CLR 3.5.30729; .NET CLR 3.0.30618)"
98.195.56.213 - - [23/Sep/2009:00:40:16 -0400] "GET /images/head_btn-contactUs-over.gif HTTP/1.1" 304 - "https://www.aceonlinestore.com/CGI-BIN/LANSAWEB?WEBEVENT+L21132A4E0D68B0007117019+M37+ENG" "Mozilla/4.0 (compatible; MSIE 8.0; Windows NT 6.0; Trident/4.0; GTB6; SLCC1; .NET CLR 2.0.50727; Media Center PC 5.0; .NET CLR 3.5.30729; .NET CLR 3.0.30618)"
204.152.199.34 - - [23/Sep/2009:00:40:24 -0400] "GET /logs/access_log.Q109060300/components/com_performs/performs.php?mosConfig_absolute_path=http://www.rucoc.com/rucoc1.jpg??? HTTP/1.1" 404 261 "-" "Mozilla/5.0"
98.195.56.213 - - [23/Sep/2009:00:40:51 -0400] "GET /images/psearch_go.gif HTTP/1.1" 304 - "https://www.aceonlinestore.com/CGI-BIN/LANSAWEB?WEBEVENT+L21132A4507884000B6B7019+M37+ENG" "Mozilla/4.0 (compatible; MSIE 8.0; Windows NT 6.0; Trident/4.0; GTB6; SLCC1; .NET CLR 2.0.50727; Media Center PC 5.0; .NET CLR 3.5.30729; .NET CLR 3.0.30618)"
98.195.56.213 - - [23/Sep/2009:00:40:51 -0400] "GET /images/sd_left-bottom.gif HTTP/1.1" 304 - "https://www.aceonlinestore.com/CGI-BIN/LANSAWEB?WEBEVENT+L21132A4507884000B6B7019+M37+ENG" "Mozilla/4.0 (compatible; MSIE 8.0; Windows NT 6.0; Trident/4.0; GTB6; SLCC1; .NET CLR 2.0.50727; Media Center PC 5.0; .NET CLR 3.5.30729; .NET CLR 3.0.30618)"
98.195.56.213 - - [23/Sep/2009:00:40:51 -0400] "GET /images/sd_left-top.gif HTTP/1.1" 304 - "https://www.aceonlinestore.com/CGI-BIN/LANSAWEB?WEBEVENT+L21132A4507884000B6B7019+M37+ENG" "Mozilla/4.0 (compatible; MSIE 8.0; Windows NT 6.0; Trident/4.0; GTB6; SLCC1; .NET CLR 2.0.50727; Media Center PC 5.0; .NET CLR 3.5.30729; .NET CLR 3.0.30618)"
98.195.56.213 - - [23/Sep/2009:00:40:51 -0400] "GET /images/sd_bottom-right.gif HTTP/1.1" 304 - "https://www.aceonlinestore.com/CGI-BIN/LANSAWEB?WEBEVENT+L21132A4507884000B6B7019+M37+ENG" "Mozilla/4.0 (compatible; MSIE 8.0; Windows NT 6.0; Trident/4.0; GTB6; SLCC1; .NET CLR 2.0.50727; Media Center PC 5.0; .NET CLR 3.5.30729; .NET CLR 3.0.30618)"
98.195.56.213 - - [23/Sep/2009:00:40:51 -0400] "GET /images/sd_bottom-space.gif HTTP/1.1" 304 - "https://www.aceonlinestore.com/CGI-BIN/LANSAWEB?WEBEVENT+L21132A4507884000B6B7019+M37+ENG" "Mozilla/4.0 (compatible; MSIE 8.0; Windows NT 6.0; Trident/4.0; GTB6; SLCC1; .NET CLR 2.0.50727; Media Center PC 5.0; .NET CLR 3.5.30729; .NET CLR 3.0.30618)"
98.195.56.213 - - [23/Sep/2009:00:40:51 -0400] "GET /images/sd_inside-corner.gif HTTP/1.1" 304 - "https://www.aceonlinestore.com/CGI-BIN/LANSAWEB?WEBEVENT+L21132A4507884000B6B7019+M37+ENG" "Mozilla/4.0 (compatible; MSIE 8.0; Windows NT 6.0; Trident/4.0; GTB6; SLCC1; .NET CLR 2.0.50727; Media Center PC 5.0; .NET CLR 3.5.30729; .NET CLR 3.0.30618)"
98.195.56.213 - - [23/Sep/2009:00:40:51 -0400] "GET /images/sd_left-space.gif HTTP/1.1" 304 - "https://www.aceonlinestore.com/CGI-BIN/LANSAWEB?WEBEVENT+L21132A4507884000B6B7019+M37+ENG" "Mozilla/4.0 (compatible; MSIE 8.0; Windows NT 6.0; Trident/4.0; GTB6; SLCC1; .NET CLR 2.0.50727; Media Center PC 5.0; .NET CLR 3.5.30729; .NET CLR 3.0.30618)"
61.100.5.136 - - [23/Sep/2009:00:40:55 -0400] "GET /?_SERVER[DOCUMENT_ROOT]=http://dogstudio.net/ampoll/idxx.txt?? HTTP/1.1" 200 409 "-" "Mozilla/5.0"
98.195.56.213 - - [23/Sep/2009:00:40:59 -0400] "GET /CGI-BIN/LANSAWEB?PROCFUN+WORDPR01+ORDCONF+M37+FUNCPARMS+WEBCMP(S0020):1+WEBSSN(A0240):L211319430D78A000FDF7018+LSTWSEQ(S0060):1 HTTP/1.1" 200 520 "-" "Mozilla/4.0 (compatible; MSIE 8.0; Windows NT 6.0; Trident/4.0; GTB6; SLCC1; .NET CLR 2.0.50727; Media Center PC 5.0; .NET CLR 3.5.30729; .NET CLR 3.0.30618)"
61.100.5.136 - - [23/Sep/2009:00:41:01 -0400] "GET /logs/?_SERVER[DOCUMENT_ROOT]=http://dogstudio.net/ampoll/idxx.txt?? HTTP/1.1" 200 18972 "-" "Mozilla/5.0"
61.100.5.136 - - [23/Sep/2009:00:41:03 -0400] "GET /?_SERVER[DOCUMENT_ROOT]=http://www.diakonia-jkt.sch.id/upload/id1?? HTTP/1.1" 200 409 "-" "Mozilla/5.0"
61.100.5.136 - - [23/Sep/2009:00:41:03 -0400] "GET /logs/error_log.Q109072500/?_SERVER[DOCUMENT_ROOT]=http://www.diakonia-jkt.sch.id/upload/id1?? HTTP/1.1" 404 224 "-" "Mozilla/5.0"
61.100.5.136 - - [23/Sep/2009:00:41:03 -0400] "GET /logs/?_SERVER[DOCUMENT_ROOT]=http://www.diakonia-jkt.sch.id/upload/id1?? HTTP/1.1" 200 18972 "-" "Mozilla/5.0"
61.100.5.136 - - [23/Sep/2009:00:41:07 -0400] "GET /logs/access_log.Q109091200/?_SERVER[DOCUMENT_ROOT]=http://dogstudio.net/ampoll/idxx.txt?? HTTP/1.1" 404 225 "-" "Mozilla/5.0"
61.100.5.136 - - [23/Sep/2009:00:41:12 -0400] "GET /logs/access_log.Q109091200/?_SERVER[DOCUMENT_ROOT]=http://www.diakonia-jkt.sch.id/upload/id1?? HTTP/1.1" 404 225 "-" "Mozilla/5.0"
209.59.12.99 - - [23/Sep/2009:00:41:30 -0400] "GET / HTTP/1.0" 200 409 "-" "check_http/1.81 (nagios-plugins 1.4)"
98.195.56.213 - - [23/Sep/2009:00:42:15 -0400] "GET /CGI-BIN/LANSAWEB?WEBEVENT+L21132A4507884000B6B7019+M37+ENG HTTP/1.1" 500 197 "-" "Mozilla/4.0 (compatible; MSIE 8.0; Windows NT 6.0; Trident/4.0; GTB6; SLCC1; .NET CLR 2.0.50727; Media Center PC 5.0; .NET CLR 3.5.30729; .NET CLR 3.0.30618)"
98.195.56.213 - - [23/Sep/2009:00:42:21 -0400] "GET /images/head_btn-products.gif HTTP/1.1" 304 - "https://www.aceonlinestore.com/CGI-BIN/LANSAWEB?WEBEVENT+L21132A4507884000B6B7019+M37+ENG" "Mozilla/4.0 (compatible; MSIE 8.0; Windows NT 6.0; Trident/4.0; GTB6; SLCC1; .NET CLR 2.0.50727; Media Center PC 5.0; .NET CLR 3.5.30729; .NET CLR 3.0.30618)"
98.195.56.213 - - [23/Sep/2009:00:42:21 -0400] "GET /images/head_btn-tutorials.gif HTTP/1.1" 304 - "https://www.aceonlinestore.com/CGI-BIN/LANSAWEB?WEBEVENT+L21132A4507884000B6B7019+M37+ENG" "Mozilla/4.0 (compatible; MSIE 8.0; Windows NT 6.0; Trident/4.0; GTB6; SLCC1; .NET CLR 2.0.50727; Media Center PC 5.0; .NET CLR 3.5.30729; .NET CLR 3.0.30618)"
98.195.56.213 - - [23/Sep/2009:00:42:28 -0400] "GET /CGI-BIN/LANSAWEB?PROCFUN+WORDPR01+ORDCONF+M37+FUNCPARMS+WEBCMP(S0020):1+WEBSSN(A0240):L211319430D78A000FDF7018+LSTWSEQ(S0060):1 HTTP/1.1" 200 520 "-" "Mozilla/4.0 (compatible; MSIE 8.0; Windows NT 6.0; Trident/4.0; GTB6; SLCC1; .NET CLR 2.0.50727; Media Center PC 5.0; .NET CLR 3.5.30729; .NET CLR 3.0.30618)"
210.205.6.233 - - [23/Sep/2009:00:43:00 -0400] "GET /logs/access_log.Q109060300/components/com_performs/performs.php?mosConfig_absolute_path=http://www.rucoc.com/rucoc1.jpg??? HTTP/1.1" 404 261 "-" "Mozilla/5.0"
98.195.56.213 - - [23/Sep/2009:00:43:52 -0400] "GET /CGI-BIN/LANSAWEB?PROCFUN+WORDPR01+ORDCONF+M37+FUNCPARMS+WEBCMP(S0020):1+WEBSSN(A0240):L211319430D78A000FDF7018+LSTWSEQ(S0060):1 HTTP/1.1" 200 520 "-" "Mozilla/4.0 (compatible; MSIE 8.0; Windows NT 6.0; Trident/4.0; GTB6; SLCC1; .NET CLR 2.0.50727; Media Center PC 5.0; .NET CLR 3.5.30729; .NET CLR 3.0.30618)"
61.100.5.136 - - [23/Sep/2009:00:44:07 -0400] "GET /logs/error_log.Q109072500/?_SERVER[DOCUMENT_ROOT]=http://www.diakonia-jkt.sch.id/upload/id1?? HTTP/1.1" 404 224 "-" "Mozilla/5.0"
61.100.5.136 - - [23/Sep/2009:00:44:07 -0400] "GET /?_SERVER[DOCUMENT_ROOT]=http://www.diakonia-jkt.sch.id/upload/id1?? HTTP/1.1" 200 409 "-" "Mozilla/5.0"
61.100.5.136 - - [23/Sep/2009:00:44:07 -0400] "GET /logs/?_SERVER[DOCUMENT_ROOT]=http://www.diakonia-jkt.sch.id/upload/id1?? HTTP/1.1" 200 18972 "-" "Mozilla/5.0"
61.100.5.136 - - [23/Sep/2009:00:44:19 -0400] "GET /logs/access_log.Q109091200/?_SERVER[DOCUMENT_ROOT]=http://www.diakonia-jkt.sch.id/upload/id1?? HTTP/1.1" 404 225 "-" "Mozilla/5.0"
98.195.56.213 - - [23/Sep/2009:00:44:46 -0400] "GET /CGI-BIN/LANSAWEB?PROCFUN+WORDPR01+ORDCONF+M37+FUNCPARMS+WEBCMP(S0020):1+WEBSSN(A0240):L211319430D78A000FDF7018+LSTWSEQ(S0060):1 HTTP/1.1" 200 520 "-" "Mozilla/4.0 (compatible; MSIE 8.0; Windows NT 6.0; Trident/4.0; GTB6; SLCC1; .NET CLR 2.0.50727; Media Center PC 5.0; .NET CLR 3.5.30729; .NET CLR 3.0.30618)"
98.195.56.213 - - [23/Sep/2009:00:44:46 -0400] "GET /CGI-BIN/LANSAWEB?WEBEVENT+L21132A4507884000B6B7019+M37+ENG HTTP/1.1" 500 197 "https://www.aceonlinestore.com/CGI-BIN/LANSAWEB?WEBEVENT+L21132A4507884000B6B7019+M37+ENG" "Mozilla/4.0 (compatible; MSIE 8.0; Windows NT 6.0; Trident/4.0; GTB6; SLCC1; .NET CLR 2.0.50727; Media Center PC 5.0; .NET CLR 3.5.30729; .NET CLR 3.0.30618)"
98.195.56.213 - - [23/Sep/2009:00:44:47 -0400] "GET /CGI-BIN/LANSAWEB?WEBEVENT+L21132A4507884000B6B7019+M37+ENG HTTP/1.1" 500 197 "-" "Mozilla/4.0 (compatible; MSIE 8.0; Windows NT 6.0; Trident/4.0; GTB6; SLCC1; .NET CLR 2.0.50727; Media Center PC 5.0; .NET CLR 3.5.30729; .NET CLR 3.0.30618)"
98.195.56.213 - - [23/Sep/2009:00:45:58 -0400] "GET /images/login_go.gif HTTP/1.1" 200 296 "http://www.acesurgical.com/home.html" "Mozilla/4.0 (compatible; MSIE 8.0; Windows NT 6.0; Trident/4.0; GTB6; SLCC1; .NET CLR 2.0.50727; Media Center PC 5.0; .NET CLR 3.5.30729; .NET CLR 3.0.30618)"
98.195.56.213 - - [23/Sep/2009:00:45:58 -0400] "GET /images/psearch_go.gif HTTP/1.1" 200 296 "http://www.acesurgical.com/home.html" "Mozilla/4.0 (compatible; MSIE 8.0; Windows NT 6.0; Trident/4.0; GTB6; SLCC1; .NET CLR 2.0.50727; Media Center PC 5.0; .NET CLR 3.5.30729; .NET CLR 3.0.30618)"
98.195.56.213 - - [23/Sep/2009:00:45:59 -0400] "GET /images/login_go-over.gif HTTP/1.1" 200 302 "http://www.acesurgical.com/home.html" "Mozilla/4.0 (compatible; MSIE 8.0; Windows NT 6.0; Trident/4.0; GTB6; SLCC1; .NET CLR 2.0.50727; Media Center PC 5.0; .NET CLR 3.5.30729; .NET CLR 3.0.30618)"
98.195.56.213 - - [23/Sep/2009:00:45:59 -0400] "GET /images/psearch_go-over.gif HTTP/1.1" 200 302 "http://www.acesurgical.com/home.html" "Mozilla/4.0 (compatible; MSIE 8.0; Windows NT 6.0; Trident/4.0; GTB6; SLCC1; .NET CLR 2.0.50727; Media Center PC 5.0; .NET CLR 3.5.30729; .NET CLR 3.0.30618)"
98.195.56.213 - - [23/Sep/2009:00:46:24 -0400] "POST /cgi-bin/lansaweb?procfun+wordpr01+webfunc+M37+funcparms+WEBKEY(A0100):CSTSIGN+WEBCSTWRK(A0070):0060174 HTTP/1.1" 200 37482 "http://www.acesurgical.com/home.html" "Mozilla/4.0 (compatible; MSIE 8.0; Windows NT 6.0; Trident/4.0; GTB6; SLCC1; .NET CLR 2.0.50727; Media Center PC 5.0; .NET CLR 3.5.30729; .NET CLR 3.0.30618)"
98.195.56.213 - - [23/Sep/2009:00:46:25 -0400] "GET /images/head_aceLogo.gif HTTP/1.1" 200 984 "https://www.aceonlinestore.com/cgi-bin/lansaweb?procfun+wordpr01+webfunc+M37+funcparms+WEBKEY(A0100):CSTSIGN+WEBCSTWRK(A0070):0060174" "Mozilla/4.0 (compatible; MSIE 8.0; Windows NT 6.0; Trident/4.0; GTB6; SLCC1; .NET CLR 2.0.50727; Media Center PC 5.0; .NET CLR 3.5.30729; .NET CLR 3.0.30618)"
98.195.56.213 - - [23/Sep/2009:00:46:25 -0400] "GET /images/head_btn-shop.gif HTTP/1.1" 200 1970 "https://www.aceonlinestore.com/cgi-bin/lansaweb?procfun+wordpr01+webfunc+M37+funcparms+WEBKEY(A0100):CSTSIGN+WEBCSTWRK(A0070):0060174" "Mozilla/4.0 (compatible; MSIE 8.0; Windows NT 6.0; Trident/4.0; GTB6; SLCC1; .NET CLR 2.0.50727; Media Center PC 5.0; .NET CLR 3.5.30729; .NET CLR 3.0.30618)"
98.195.56.213 - - [23/Sep/2009:00:46:25 -0400] "GET /images/head_btn-products.gif HTTP/1.1" 200 1531 "https://www.aceonlinestore.com/cgi-bin/lansaweb?procfun+wordpr01+webfunc+M37+funcparms+WEBKEY(A0100):CSTSIGN+WEBCSTWRK(A0070):0060174" "Mozilla/4.0 (compatible; MSIE 8.0; Windows NT 6.0; Trident/4.0; GTB6; SLCC1; .NET CLR 2.0.50727; Media Center PC 5.0; .NET CLR 3.5.30729; .NET CLR 3.0.30618)"
98.195.56.213 - - [23/Sep/2009:00:46:25 -0400] "GET /images/head_btn-catalogs.gif HTTP/1.1" 200 1729 "https://www.aceonlinestore.com/cgi-bin/lansaweb?procfun+wordpr01+webfunc+M37+funcparms+WEBKEY(A0100):CSTSIGN+WEBCSTWRK(A0070):0060174" "Mozilla/4.0 (compatible; MSIE 8.0; Windows NT 6.0; Trident/4.0; GTB6; SLCC1; .NET CLR 2.0.50727; Media Center PC 5.0; .NET CLR 3.5.30729; .NET CLR 3.0.30618)"
98.195.56.213 - - [23/Sep/2009:00:46:25 -0400] "GET /images/head_btn-brochures.gif HTTP/1.1" 200 1768 "https://www.aceonlinestore.com/cgi-bin/lansaweb?procfun+wordpr01+webfunc+M37+funcparms+WEBKEY(A0100):CSTSIGN+WEBCSTWRK(A0070):0060174" "Mozilla/4.0 (compatible; MSIE 8.0; Windows NT 6.0; Trident/4.0; GTB6; SLCC1; .NET CLR 2.0.50727; Media Center PC 5.0; .NET CLR 3.5.30729; .NET CLR 3.0.30618)"
98.195.56.213 - - [23/Sep/2009:00:46:25 -0400] "GET /images/head_surgical-supply.gif HTTP/1.1" 200 764 "https://www.aceonlinestore.com/cgi-bin/lansaweb?procfun+wordpr01+webfunc+M37+funcparms+WEBKEY(A0100):CSTSIGN+WEBCSTWRK(A0070):0060174" "Mozilla/4.0 (compatible; MSIE 8.0; Windows NT 6.0; Trident/4.0; GTB6; SLCC1; .NET CLR 2.0.50727; Media Center PC 5.0; .NET CLR 3.5.30729; .NET CLR 3.0.30618)"
