61.199.232.195 - - [12/Oct/2009:04:04:18 -0400] "GET //modules/vwar/admin/admin.php?vwar_root=http://www.wdiet.co.kr/img/file/dot.gif?? HTTP/1.1" 404 227 "-" "libwww-perl/5.803"
61.199.232.195 - - [12/Oct/2009:04:04:19 -0400] "GET /logs//modules/vwar/admin/admin.php?vwar_root=http://www.wdiet.co.kr/img/file/dot.gif?? HTTP/1.1" 404 232 "-" "libwww-perl/5.803"
200.241.32.194 - - [12/Oct/2009:04:04:22 -0400] "GET /logs/error_log.Q109072100%20%20//modules/4nAlbum/public/displayCategory.php?basepath=http://www.diakonia-jkt.sch.id/upload/id1??? HTTP/1.1" 404 269 "-" "Mozilla/5.0"
61.199.232.195 - - [12/Oct/2009:04:04:31 -0400] "GET //skin/uks_gallery_v3020/setup.php?dir=http://www.wdiet.co.kr/img/file/dot.gif?? HTTP/1.1" 404 231 "-" "libwww-perl/5.803"
200.241.32.194 - - [12/Oct/2009:04:04:42 -0400] "GET /logs/access_log.Q109081600%20%20//modules/4nAlbum/public/displayCategory.php?basepath=http://www.diakonia-jkt.sch.id/upload/id1??? HTTP/1.1" 404 270 "-" "Mozilla/5.0"
200.241.32.194 - - [12/Oct/2009:04:04:42 -0400] "GET /logs/error_log.Q109092700%20%20//modules/4nAlbum/public/displayCategory.php?basepath=http://www.diakonia-jkt.sch.id/upload/id1??? HTTP/1.1" 404 269 "-" "Mozilla/5.0"
200.241.32.194 - - [12/Oct/2009:04:04:47 -0400] "GET /logs/error_log.Q109080800%20%20//modules/4nAlbum/public/displayCategory.php?basepath=http://www.diakonia-jkt.sch.id/upload/id1??? HTTP/1.1" 404 269 "-" "Mozilla/5.0"
200.241.32.194 - - [12/Oct/2009:04:04:54 -0400] "GET /logs/error_log.Q109100200%20%20//modules/4nAlbum/public/displayCategory.php?basepath=http://www.diakonia-jkt.sch.id/upload/id1??? HTTP/1.1" 404 269 "-" "Mozilla/5.0"
200.241.32.194 - - [12/Oct/2009:04:04:54 -0400] "GET /logs/error_log.Q109070800%20%20//modules/4nAlbum/public/displayCategory.php?basepath=http://www.diakonia-jkt.sch.id/upload/id1??? HTTP/1.1" 404 269 "-" "Mozilla/5.0"
200.241.32.194 - - [12/Oct/2009:04:05:01 -0400] "GET /logs/error_log.Q109072300//modules/4nAlbum/public/displayCategory.php?basepath=http://www.diakonia-jkt.sch.id/upload/id1??? HTTP/1.1" 404 267 "-" "Mozilla/5.0"
200.241.32.194 - - [12/Oct/2009:04:05:08 -0400] "GET /logs/access_log.Q109072300//modules/4nAlbum/public/displayCategory.php?basepath=http://www.diakonia-jkt.sch.id/upload/id1??? HTTP/1.1" 404 268 "-" "Mozilla/5.0"
203.229.58.122 - - [12/Oct/2009:04:05:12 -0400] "GET /e404.php?DOCUMENT_ROOT=http://koreaadsl.co.kr/.../id1.txt??? HTTP/1.1" 404 206 "-" "Mozilla/5.0"
203.229.58.122 - - [12/Oct/2009:04:05:12 -0400] "GET /logs/e404.php?DOCUMENT_ROOT=http://koreaadsl.co.kr/.../id1.txt??? HTTP/1.1" 404 211 "-" "Mozilla/5.0"
203.229.58.122 - - [12/Oct/2009:04:05:12 -0400] "GET /logs/access_log.Q109072900/e404.php?DOCUMENT_ROOT=http://koreaadsl.co.kr/.../id1.txt??? HTTP/1.1" 404 233 "-" "Mozilla/5.0"
203.229.58.122 - - [12/Oct/2009:04:05:12 -0400] "GET /logs/e404.php?DOCUMENT_ROOT=http://koreaadsl.co.kr/.../id1.txt??? HTTP/1.1" 404 211 "-" "Mozilla/5.0"
203.229.58.122 - - [12/Oct/2009:04:05:12 -0400] "GET /logs/access_log.Q109072900/e404.php?DOCUMENT_ROOT=http://koreaadsl.co.kr/.../id1.txt??? HTTP/1.1" 404 233 "-" "Mozilla/5.0"
203.229.58.122 - - [12/Oct/2009:04:05:12 -0400] "GET /e404.php?DOCUMENT_ROOT=http://koreaadsl.co.kr/.../id1.txt??? HTTP/1.1" 404 206 "-" "Mozilla/5.0"
203.229.58.122 - - [12/Oct/2009:04:05:12 -0400] "GET /logs/access_log.Q109090900/e404.php?DOCUMENT_ROOT=http://koreaadsl.co.kr/.../id1.txt??? HTTP/1.1" 404 233 "-" "Mozilla/5.0"
203.229.58.122 - - [12/Oct/2009:04:05:12 -0400] "GET /logs/access_log.Q109090900/e404.php?DOCUMENT_ROOT=http://koreaadsl.co.kr/.../id1.txt??? HTTP/1.1" 404 233 "-" "Mozilla/5.0"
203.229.58.122 - - [12/Oct/2009:04:06:45 -0400] "GET /e404.php?DOCUMENT_ROOT=http://koreaadsl.co.kr/.../id1.txt??? HTTP/1.1" 404 206 "-" "Mozilla/5.0"
203.229.58.122 - - [12/Oct/2009:04:06:45 -0400] "GET /logs/e404.php?DOCUMENT_ROOT=http://koreaadsl.co.kr/.../id1.txt??? HTTP/1.1" 404 211 "-" "Mozilla/5.0"
203.229.58.122 - - [12/Oct/2009:04:06:46 -0400] "GET /logs/access_log.Q109072900/e404.php?DOCUMENT_ROOT=http://koreaadsl.co.kr/.../id1.txt??? HTTP/1.1" 404 233 "-" "Mozilla/5.0"
203.229.58.122 - - [12/Oct/2009:04:06:51 -0400] "GET /logs/access_log.Q109090900/e404.php?DOCUMENT_ROOT=http://koreaadsl.co.kr/.../id1.txt??? HTTP/1.1" 404 233 "-" "Mozilla/5.0"
209.59.12.99 - - [12/Oct/2009:04:08:57 -0400] "GET / HTTP/1.0" 200 409 "-" "check_http/1.81 (nagios-plugins 1.4)"
61.199.232.195 - - [12/Oct/2009:04:09:27 -0400] "GET /logs/access_log.Q109060200//modules/vwar/admin/admin.php?vwar_root=http://www.wdiet.co.kr/img/file/dot.gif?? HTTP/1.1" 404 254 "-" "libwww-perl/5.803"
203.229.58.122 - - [12/Oct/2009:04:09:36 -0400] "GET /e404.php?DOCUMENT_ROOT=http://koreaadsl.co.kr/.../id1.txt??? HTTP/1.1" 404 206 "-" "Mozilla/5.0"
203.229.58.122 - - [12/Oct/2009:04:09:37 -0400] "GET /logs/e404.php?DOCUMENT_ROOT=http://koreaadsl.co.kr/.../id1.txt??? HTTP/1.1" 404 211 "-" "Mozilla/5.0"
203.229.58.122 - - [12/Oct/2009:04:09:37 -0400] "GET /logs/access_log.Q109072900/e404.php?DOCUMENT_ROOT=http://koreaadsl.co.kr/.../id1.txt??? HTTP/1.1" 404 233 "-" "Mozilla/5.0"
203.229.58.122 - - [12/Oct/2009:04:09:43 -0400] "GET /logs/access_log.Q109090900/e404.php?DOCUMENT_ROOT=http://koreaadsl.co.kr/.../id1.txt??? HTTP/1.1" 404 233 "-" "Mozilla/5.0"
119.63.199.8 - - [12/Oct/2009:04:11:32 -0400] "GET / HTTP/1.1" 200 409 "-" "Baiduspider+(+http://www.baidu.jp/spider/)"
89.152.176.230 - - [12/Oct/2009:04:13:54 -0400] "GET /cgi-bin/lansaweb?procfun+wordpr01+webfunc+M37+funcparms+WEBKEY(A0100):CSTSIGN+WEBCSTWRK(A0070):0000002 HTTP/1.1" 200 37470 "-" "Mozilla/5.0 (Windows; U; Windows NT 6.1; pt-PT; rv:1.9.1.3) Gecko/20090824 Firefox/3.5.3 (.NET CLR 4.0.20506)"
89.152.176.230 - - [12/Oct/2009:04:13:54 -0400] "GET /images/head_btn-space1.gif HTTP/1.1" 200 5036 "https://www.aceonlinestore.com/cgi-bin/lansaweb?procfun+wordpr01+webfunc+M37+funcparms+WEBKEY(A0100):CSTSIGN+WEBCSTWRK(A0070):0000002" "Mozilla/5.0 (Windows; U; Windows NT 6.1; pt-PT; rv:1.9.1.3) Gecko/20090824 Firefox/3.5.3 (.NET CLR 4.0.20506)"
89.152.176.230 - - [12/Oct/2009:04:13:55 -0400] "GET /images/head_aceLogo.gif HTTP/1.1" 200 984 "https://www.aceonlinestore.com/cgi-bin/lansaweb?procfun+wordpr01+webfunc+M37+funcparms+WEBKEY(A0100):CSTSIGN+WEBCSTWRK(A0070):0000002" "Mozilla/5.0 (Windows; U; Windows NT 6.1; pt-PT; rv:1.9.1.3) Gecko/20090824 Firefox/3.5.3 (.NET CLR 4.0.20506)"
89.152.176.230 - - [12/Oct/2009:04:13:55 -0400] "GET /images/head_btn-shop.gif HTTP/1.1" 200 1970 "https://www.aceonlinestore.com/cgi-bin/lansaweb?procfun+wordpr01+webfunc+M37+funcparms+WEBKEY(A0100):CSTSIGN+WEBCSTWRK(A0070):0000002" "Mozilla/5.0 (Windows; U; Windows NT 6.1; pt-PT; rv:1.9.1.3) Gecko/20090824 Firefox/3.5.3 (.NET CLR 4.0.20506)"
89.152.176.230 - - [12/Oct/2009:04:13:55 -0400] "GET /images/head_btn-products.gif HTTP/1.1" 200 1531 "https://www.aceonlinestore.com/cgi-bin/lansaweb?procfun+wordpr01+webfunc+M37+funcparms+WEBKEY(A0100):CSTSIGN+WEBCSTWRK(A0070):0000002" "Mozilla/5.0 (Windows; U; Windows NT 6.1; pt-PT; rv:1.9.1.3) Gecko/20090824 Firefox/3.5.3 (.NET CLR 4.0.20506)"
89.152.176.230 - - [12/Oct/2009:04:13:55 -0400] "GET /images/head_btn-brochures.gif HTTP/1.1" 200 1768 "https://www.aceonlinestore.com/cgi-bin/lansaweb?procfun+wordpr01+webfunc+M37+funcparms+WEBKEY(A0100):CSTSIGN+WEBCSTWRK(A0070):0000002" "Mozilla/5.0 (Windows; U; Windows NT 6.1; pt-PT; rv:1.9.1.3) Gecko/20090824 Firefox/3.5.3 (.NET CLR 4.0.20506)"
89.152.176.230 - - [12/Oct/2009:04:13:55 -0400] "GET /images/head_btn-catalogs.gif HTTP/1.1" 200 1729 "https://www.aceonlinestore.com/cgi-bin/lansaweb?procfun+wordpr01+webfunc+M37+funcparms+WEBKEY(A0100):CSTSIGN+WEBCSTWRK(A0070):0000002" "Mozilla/5.0 (Windows; U; Windows NT 6.1; pt-PT; rv:1.9.1.3) Gecko/20090824 Firefox/3.5.3 (.NET CLR 4.0.20506)"
89.152.176.230 - - [12/Oct/2009:04:13:55 -0400] "GET /images/head_surgical-supply.gif HTTP/1.1" 200 764 "https://www.aceonlinestore.com/cgi-bin/lansaweb?procfun+wordpr01+webfunc+M37+funcparms+WEBKEY(A0100):CSTSIGN+WEBCSTWRK(A0070):0000002" "Mozilla/5.0 (Windows; U; Windows NT 6.1; pt-PT; rv:1.9.1.3) Gecko/20090824 Firefox/3.5.3 (.NET CLR 4.0.20506)"
89.152.176.230 - - [12/Oct/2009:04:13:55 -0400] "GET /images/head_btn-aboutUs.gif HTTP/1.1" 200 1459 "https://www.aceonlinestore.com/cgi-bin/lansaweb?procfun+wordpr01+webfunc+M37+funcparms+WEBKEY(A0100):CSTSIGN+WEBCSTWRK(A0070):0000002" "Mozilla/5.0 (Windows; U; Windows NT 6.1; pt-PT; rv:1.9.1.3) Gecko/20090824 Firefox/3.5.3 (.NET CLR 4.0.20506)"
89.152.176.230 - - [12/Oct/2009:04:13:55 -0400] "GET /images/head_btn-tutorials.gif HTTP/1.1" 200 1160 "https://www.aceonlinestore.com/cgi-bin/lansaweb?procfun+wordpr01+webfunc+M37+funcparms+WEBKEY(A0100):CSTSIGN+WEBCSTWRK(A0070):0000002" "Mozilla/5.0 (Windows; U; Windows NT 6.1; pt-PT; rv:1.9.1.3) Gecko/20090824 Firefox/3.5.3 (.NET CLR 4.0.20506)"
89.152.176.230 - - [12/Oct/2009:04:13:55 -0400] "GET /images/head_btn-seminars.gif HTTP/1.1" 200 1250 "https://www.aceonlinestore.com/cgi-bin/lansaweb?procfun+wordpr01+webfunc+M37+funcparms+WEBKEY(A0100):CSTSIGN+WEBCSTWRK(A0070):0000002" "Mozilla/5.0 (Windows; U; Windows NT 6.1; pt-PT; rv:1.9.1.3) Gecko/20090824 Firefox/3.5.3 (.NET CLR 4.0.20506)"
89.152.176.230 - - [12/Oct/2009:04:13:55 -0400] "GET /images/head_btn-conventions.gif HTTP/1.1" 200 1367 "https://www.aceonlinestore.com/cgi-bin/lansaweb?procfun+wordpr01+webfunc+M37+funcparms+WEBKEY(A0100):CSTSIGN+WEBCSTWRK(A0070):0000002" "Mozilla/5.0 (Windows; U; Windows NT 6.1; pt-PT; rv:1.9.1.3) Gecko/20090824 Firefox/3.5.3 (.NET CLR 4.0.20506)"
89.152.176.230 - - [12/Oct/2009:04:13:55 -0400] "GET /images/head_btn-contactUs.gif HTTP/1.1" 200 1235 "https://www.aceonlinestore.com/cgi-bin/lansaweb?procfun+wordpr01+webfunc+M37+funcparms+WEBKEY(A0100):CSTSIGN+WEBCSTWRK(A0070):0000002" "Mozilla/5.0 (Windows; U; Windows NT 6.1; pt-PT; rv:1.9.1.3) Gecko/20090824 Firefox/3.5.3 (.NET CLR 4.0.20506)"
89.152.176.230 - - [12/Oct/2009:04:13:55 -0400] "GET /images/head_btn-spacer2.gif HTTP/1.1" 200 2237 "https://www.aceonlinestore.com/cgi-bin/lansaweb?procfun+wordpr01+webfunc+M37+funcparms+WEBKEY(A0100):CSTSIGN+WEBCSTWRK(A0070):0000002" "Mozilla/5.0 (Windows; U; Windows NT 6.1; pt-PT; rv:1.9.1.3) Gecko/20090824 Firefox/3.5.3 (.NET CLR 4.0.20506)"
89.152.176.230 - - [12/Oct/2009:04:13:56 -0400] "GET /images/blend.jpg HTTP/1.1" 200 405 "https://www.aceonlinestore.com/cgi-bin/lansaweb?procfun+wordpr01+webfunc+M37+funcparms+WEBKEY(A0100):CSTSIGN+WEBCSTWRK(A0070):0000002" "Mozilla/5.0 (Windows; U; Windows NT 6.1; pt-PT; rv:1.9.1.3) Gecko/20090824 Firefox/3.5.3 (.NET CLR 4.0.20506)"
89.152.176.230 - - [12/Oct/2009:04:13:56 -0400] "GET /images/psearch_go.gif HTTP/1.1" 200 296 "https://www.aceonlinestore.com/cgi-bin/lansaweb?procfun+wordpr01+webfunc+M37+funcparms+WEBKEY(A0100):CSTSIGN+WEBCSTWRK(A0070):0000002" "Mozilla/5.0 (Windows; U; Windows NT 6.1; pt-PT; rv:1.9.1.3) Gecko/20090824 Firefox/3.5.3 (.NET CLR 4.0.20506)"
209.59.12.99 - - [12/Oct/2009:04:13:58 -0400] "GET / HTTP/1.0" 200 409 "-" "check_http/1.81 (nagios-plugins 1.4)"
89.152.176.230 - - [12/Oct/2009:04:13:59 -0400] "GET /images/head_btn-shop-over.gif HTTP/1.1" 200 1473 "https://www.aceonlinestore.com/cgi-bin/lansaweb?procfun+wordpr01+webfunc+M37+funcparms+WEBKEY(A0100):CSTSIGN+WEBCSTWRK(A0070):0000002" "Mozilla/5.0 (Windows; U; Windows NT 6.1; pt-PT; rv:1.9.1.3) Gecko/20090824 Firefox/3.5.3 (.NET CLR 4.0.20506)"
89.152.176.230 - - [12/Oct/2009:04:13:59 -0400] "GET /images/head_aceLogo-over.gif HTTP/1.1" 200 1296 "https://www.aceonlinestore.com/cgi-bin/lansaweb?procfun+wordpr01+webfunc+M37+funcparms+WEBKEY(A0100):CSTSIGN+WEBCSTWRK(A0070):0000002" "Mozilla/5.0 (Windows; U; Windows NT 6.1; pt-PT; rv:1.9.1.3) Gecko/20090824 Firefox/3.5.3 (.NET CLR 4.0.20506)"
89.152.176.230 - - [12/Oct/2009:04:13:59 -0400] "GET /images/head_btn-products-over.gif HTTP/1.1" 200 1396 "https://www.aceonlinestore.com/cgi-bin/lansaweb?procfun+wordpr01+webfunc+M37+funcparms+WEBKEY(A0100):CSTSIGN+WEBCSTWRK(A0070):0000002" "Mozilla/5.0 (Windows; U; Windows NT 6.1; pt-PT; rv:1.9.1.3) Gecko/20090824 Firefox/3.5.3 (.NET CLR 4.0.20506)"
89.152.176.230 - - [12/Oct/2009:04:13:59 -0400] "GET /images/head_btn-catalog-over.gif HTTP/1.1" 200 1354 "https://www.aceonlinestore.com/cgi-bin/lansaweb?procfun+wordpr01+webfunc+M37+funcparms+WEBKEY(A0100):CSTSIGN+WEBCSTWRK(A0070):0000002" "Mozilla/5.0 (Windows; U; Windows NT 6.1; pt-PT; rv:1.9.1.3) Gecko/20090824 Firefox/3.5.3 (.NET CLR 4.0.20506)"
89.152.176.230 - - [12/Oct/2009:04:13:59 -0400] "GET /images/head_btn-brochures-over.gif HTTP/1.1" 200 1392 "https://www.aceonlinestore.com/cgi-bin/lansaweb?procfun+wordpr01+webfunc+M37+funcparms+WEBKEY(A0100):CSTSIGN+WEBCSTWRK(A0070):0000002" "Mozilla/5.0 (Windows; U; Windows NT 6.1; pt-PT; rv:1.9.1.3) Gecko/20090824 Firefox/3.5.3 (.NET CLR 4.0.20506)"
89.152.176.230 - - [12/Oct/2009:04:13:59 -0400] "GET /images/head_btn-aboutUs-over.gif HTTP/1.1" 200 1156 "https://www.aceonlinestore.com/cgi-bin/lansaweb?procfun+wordpr01+webfunc+M37+funcparms+WEBKEY(A0100):CSTSIGN+WEBCSTWRK(A0070):0000002" "Mozilla/5.0 (Windows; U; Windows NT 6.1; pt-PT; rv:1.9.1.3) Gecko/20090824 Firefox/3.5.3 (.NET CLR 4.0.20506)"
89.152.176.230 - - [12/Oct/2009:04:13:59 -0400] "GET /images/head_btn-tutorials-over.gif HTTP/1.1" 200 1097 "https://www.aceonlinestore.com/cgi-bin/lansaweb?procfun+wordpr01+webfunc+M37+funcparms+WEBKEY(A0100):CSTSIGN+WEBCSTWRK(A0070):0000002" "Mozilla/5.0 (Windows; U; Windows NT 6.1; pt-PT; rv:1.9.1.3) Gecko/20090824 Firefox/3.5.3 (.NET CLR 4.0.20506)"
89.152.176.230 - - [12/Oct/2009:04:13:59 -0400] "GET /images/head_btn-seminars-over.gif HTTP/1.1" 200 1089 "https://www.aceonlinestore.com/cgi-bin/lansaweb?procfun+wordpr01+webfunc+M37+funcparms+WEBKEY(A0100):CSTSIGN+WEBCSTWRK(A0070):0000002" "Mozilla/5.0 (Windows; U; Windows NT 6.1; pt-PT; rv:1.9.1.3) Gecko/20090824 Firefox/3.5.3 (.NET CLR 4.0.20506)"
89.152.176.230 - - [12/Oct/2009:04:13:59 -0400] "GET /images/head_btn-conventions-over.gif HTTP/1.1" 200 1195 "https://www.aceonlinestore.com/cgi-bin/lansaweb?procfun+wordpr01+webfunc+M37+funcparms+WEBKEY(A0100):CSTSIGN+WEBCSTWRK(A0070):0000002" "Mozilla/5.0 (Windows; U; Windows NT 6.1; pt-PT; rv:1.9.1.3) Gecko/20090824 Firefox/3.5.3 (.NET CLR 4.0.20506)"
89.152.176.230 - - [12/Oct/2009:04:13:59 -0400] "GET /images/head_btn-contactUs-over.gif HTTP/1.1" 200 1110 "https://www.aceonlinestore.com/cgi-bin/lansaweb?procfun+wordpr01+webfunc+M37+funcparms+WEBKEY(A0100):CSTSIGN+WEBCSTWRK(A0070):0000002" "Mozilla/5.0 (Windows; U; Windows NT 6.1; pt-PT; rv:1.9.1.3) Gecko/20090824 Firefox/3.5.3 (.NET CLR 4.0.20506)"
89.152.176.230 - - [12/Oct/2009:04:13:59 -0400] "GET /favicon.ico HTTP/1.1" 404 209 "-" "Mozilla/5.0 (Windows; U; Windows NT 6.1; pt-PT; rv:1.9.1.3) Gecko/20090824 Firefox/3.5.3 (.NET CLR 4.0.20506)"
89.152.176.230 - - [12/Oct/2009:04:14:01 -0400] "GET /images/psearch_go-over.gif HTTP/1.1" 200 302 "https://www.aceonlinestore.com/cgi-bin/lansaweb?procfun+wordpr01+webfunc+M37+funcparms+WEBKEY(A0100):CSTSIGN+WEBCSTWRK(A0070):0000002" "Mozilla/5.0 (Windows; U; Windows NT 6.1; pt-PT; rv:1.9.1.3) Gecko/20090824 Firefox/3.5.3 (.NET CLR 4.0.20506)"
89.152.176.230 - - [12/Oct/2009:04:14:02 -0400] "GET /favicon.ico HTTP/1.1" 404 209 "-" "Mozilla/5.0 (Windows; U; Windows NT 6.1; pt-PT; rv:1.9.1.3) Gecko/20090824 Firefox/3.5.3 (.NET CLR 4.0.20506)"
89.152.176.230 - - [12/Oct/2009:04:14:02 -0400] "POST /CGI-BIN/LANSAWEB?WEBEVENT+L317B3E430C89D900D9E800I+M37+ENG HTTP/1.1" 200 77339 "https://www.aceonlinestore.com/cgi-bin/lansaweb?procfun+wordpr01+webfunc+M37+funcparms+WEBKEY(A0100):CSTSIGN+WEBCSTWRK(A0070):0000002" "Mozilla/5.0 (Windows; U; Windows NT 6.1; pt-PT; rv:1.9.1.3) Gecko/20090824 Firefox/3.5.3 (.NET CLR 4.0.20506)"
89.152.176.230 - - [12/Oct/2009:04:14:04 -0400] "GET /images/cat_dot.gif HTTP/1.1" 200 45 "https://www.aceonlinestore.com/CGI-BIN/LANSAWEB?WEBEVENT+L317B3E430C89D900D9E800I+M37+ENG" "Mozilla/5.0 (Windows; U; Windows NT 6.1; pt-PT; rv:1.9.1.3) Gecko/20090824 Firefox/3.5.3 (.NET CLR 4.0.20506)"
89.152.176.230 - - [12/Oct/2009:04:14:04 -0400] "GET /images/cat_link.gif HTTP/1.1" 200 46 "https://www.aceonlinestore.com/CGI-BIN/LANSAWEB?WEBEVENT+L317B3E430C89D900D9E800I+M37+ENG" "Mozilla/5.0 (Windows; U; Windows NT 6.1; pt-PT; rv:1.9.1.3) Gecko/20090824 Firefox/3.5.3 (.NET CLR 4.0.20506)"
89.152.176.230 - - [12/Oct/2009:04:14:04 -0400] "GET /images/cat_expand.gif HTTP/1.1" 200 79 "https://www.aceonlinestore.com/CGI-BIN/LANSAWEB?WEBEVENT+L317B3E430C89D900D9E800I+M37+ENG" "Mozilla/5.0 (Windows; U; Windows NT 6.1; pt-PT; rv:1.9.1.3) Gecko/20090824 Firefox/3.5.3 (.NET CLR 4.0.20506)"
89.152.176.230 - - [12/Oct/2009:04:14:38 -0400] "POST /CGI-BIN/LANSAWEB?WEBEVENT+L317B3E4B0A391900DC2800I+M37+ENG HTTP/1.1" 200 38436 "-" "Mozilla/5.0 (Windows; U; Windows NT 6.1; pt-PT; rv:1.9.1.3) Gecko/20090824 Firefox/3.5.3 (.NET CLR 4.0.20506)"
89.152.176.230 - - [12/Oct/2009:04:14:39 -0400] "GET /images/head_btn-space1.gif HTTP/1.1" 200 5036 "http://www.aceonlinestore.com/CGI-BIN/LANSAWEB?WEBEVENT+L317B3E4B0A391900DC2800I+M37+ENG" "Mozilla/5.0 (Windows; U; Windows NT 6.1; pt-PT; rv:1.9.1.3) Gecko/20090824 Firefox/3.5.3 (.NET CLR 4.0.20506)"
89.152.176.230 - - [12/Oct/2009:04:14:39 -0400] "GET /images/head_aceLogo.gif HTTP/1.1" 200 984 "http://www.aceonlinestore.com/CGI-BIN/LANSAWEB?WEBEVENT+L317B3E4B0A391900DC2800I+M37+ENG" "Mozilla/5.0 (Windows; U; Windows NT 6.1; pt-PT; rv:1.9.1.3) Gecko/20090824 Firefox/3.5.3 (.NET CLR 4.0.20506)"
89.152.176.230 - - [12/Oct/2009:04:14:39 -0400] "GET /images/head_btn-products.gif HTTP/1.1" 200 1531 "http://www.aceonlinestore.com/CGI-BIN/LANSAWEB?WEBEVENT+L317B3E4B0A391900DC2800I+M37+ENG" "Mozilla/5.0 (Windows; U; Windows NT 6.1; pt-PT; rv:1.9.1.3) Gecko/20090824 Firefox/3.5.3 (.NET CLR 4.0.20506)"
89.152.176.230 - - [12/Oct/2009:04:14:39 -0400] "GET /images/head_btn-shop.gif HTTP/1.1" 200 1970 "http://www.aceonlinestore.com/CGI-BIN/LANSAWEB?WEBEVENT+L317B3E4B0A391900DC2800I+M37+ENG" "Mozilla/5.0 (Windows; U; Windows NT 6.1; pt-PT; rv:1.9.1.3) Gecko/20090824 Firefox/3.5.3 (.NET CLR 4.0.20506)"
89.152.176.230 - - [12/Oct/2009:04:14:39 -0400] "GET /images/head_btn-catalogs.gif HTTP/1.1" 200 1729 "http://www.aceonlinestore.com/CGI-BIN/LANSAWEB?WEBEVENT+L317B3E4B0A391900DC2800I+M37+ENG" "Mozilla/5.0 (Windows; U; Windows NT 6.1; pt-PT; rv:1.9.1.3) Gecko/20090824 Firefox/3.5.3 (.NET CLR 4.0.20506)"
89.152.176.230 - - [12/Oct/2009:04:14:39 -0400] "GET /images/head_btn-brochures.gif HTTP/1.1" 200 1768 "http://www.aceonlinestore.com/CGI-BIN/LANSAWEB?WEBEVENT+L317B3E4B0A391900DC2800I+M37+ENG" "Mozilla/5.0 (Windows; U; Windows NT 6.1; pt-PT; rv:1.9.1.3) Gecko/20090824 Firefox/3.5.3 (.NET CLR 4.0.20506)"
89.152.176.230 - - [12/Oct/2009:04:14:39 -0400] "GET /images/head_surgical-supply.gif HTTP/1.1" 200 764 "http://www.aceonlinestore.com/CGI-BIN/LANSAWEB?WEBEVENT+L317B3E4B0A391900DC2800I+M37+ENG" "Mozilla/5.0 (Windows; U; Windows NT 6.1; pt-PT; rv:1.9.1.3) Gecko/20090824 Firefox/3.5.3 (.NET CLR 4.0.20506)"
89.152.176.230 - - [12/Oct/2009:04:14:39 -0400] "GET /images/head_btn-aboutUs.gif HTTP/1.1" 200 1459 "http://www.aceonlinestore.com/CGI-BIN/LANSAWEB?WEBEVENT+L317B3E4B0A391900DC2800I+M37+ENG" "Mozilla/5.0 (Windows; U; Windows NT 6.1; pt-PT; rv:1.9.1.3) Gecko/20090824 Firefox/3.5.3 (.NET CLR 4.0.20506)"
89.152.176.230 - - [12/Oct/2009:04:14:39 -0400] "GET /images/head_btn-tutorials.gif HTTP/1.1" 200 1160 "http://www.aceonlinestore.com/CGI-BIN/LANSAWEB?WEBEVENT+L317B3E4B0A391900DC2800I+M37+ENG" "Mozilla/5.0 (Windows; U; Windows NT 6.1; pt-PT; rv:1.9.1.3) Gecko/20090824 Firefox/3.5.3 (.NET CLR 4.0.20506)"
89.152.176.230 - - [12/Oct/2009:04:14:39 -0400] "GET /images/head_btn-seminars.gif HTTP/1.1" 200 1250 "http://www.aceonlinestore.com/CGI-BIN/LANSAWEB?WEBEVENT+L317B3E4B0A391900DC2800I+M37+ENG" "Mozilla/5.0 (Windows; U; Windows NT 6.1; pt-PT; rv:1.9.1.3) Gecko/20090824 Firefox/3.5.3 (.NET CLR 4.0.20506)"
89.152.176.230 - - [12/Oct/2009:04:14:39 -0400] "GET /images/head_btn-conventions.gif HTTP/1.1" 200 1367 "http://www.aceonlinestore.com/CGI-BIN/LANSAWEB?WEBEVENT+L317B3E4B0A391900DC2800I+M37+ENG" "Mozilla/5.0 (Windows; U; Windows NT 6.1; pt-PT; rv:1.9.1.3) Gecko/20090824 Firefox/3.5.3 (.NET CLR 4.0.20506)"
89.152.176.230 - - [12/Oct/2009:04:14:39 -0400] "GET /images/head_btn-contactUs.gif HTTP/1.1" 200 1235 "http://www.aceonlinestore.com/CGI-BIN/LANSAWEB?WEBEVENT+L317B3E4B0A391900DC2800I+M37+ENG" "Mozilla/5.0 (Windows; U; Windows NT 6.1; pt-PT; rv:1.9.1.3) Gecko/20090824 Firefox/3.5.3 (.NET CLR 4.0.20506)"
89.152.176.230 - - [12/Oct/2009:04:14:39 -0400] "GET /images/head_btn-spacer2.gif HTTP/1.1" 200 2237 "http://www.aceonlinestore.com/CGI-BIN/LANSAWEB?WEBEVENT+L317B3E4B0A391900DC2800I+M37+ENG" "Mozilla/5.0 (Windows; U; Windows NT 6.1; pt-PT; rv:1.9.1.3) Gecko/20090824 Firefox/3.5.3 (.NET CLR 4.0.20506)"
89.152.176.230 - - [12/Oct/2009:04:14:39 -0400] "GET /images/blend.jpg HTTP/1.1" 200 405 "http://www.aceonlinestore.com/CGI-BIN/LANSAWEB?WEBEVENT+L317B3E4B0A391900DC2800I+M37+ENG" "Mozilla/5.0 (Windows; U; Windows NT 6.1; pt-PT; rv:1.9.1.3) Gecko/20090824 Firefox/3.5.3 (.NET CLR 4.0.20506)"
89.152.176.230 - - [12/Oct/2009:04:14:39 -0400] "GET /images/psearch_go.gif HTTP/1.1" 200 296 "http://www.aceonlinestore.com/CGI-BIN/LANSAWEB?WEBEVENT+L317B3E4B0A391900DC2800I+M37+ENG" "Mozilla/5.0 (Windows; U; Windows NT 6.1; pt-PT; rv:1.9.1.3) Gecko/20090824 Firefox/3.5.3 (.NET CLR 4.0.20506)"
89.152.176.230 - - [12/Oct/2009:04:14:39 -0400] "GET /images/head_aceLogo-over.gif HTTP/1.1" 200 1296 "http://www.aceonlinestore.com/CGI-BIN/LANSAWEB?WEBEVENT+L317B3E4B0A391900DC2800I+M37+ENG" "Mozilla/5.0 (Windows; U; Windows NT 6.1; pt-PT; rv:1.9.1.3) Gecko/20090824 Firefox/3.5.3 (.NET CLR 4.0.20506)"
89.152.176.230 - - [12/Oct/2009:04:14:39 -0400] "GET /images/head_btn-shop-over.gif HTTP/1.1" 200 1473 "http://www.aceonlinestore.com/CGI-BIN/LANSAWEB?WEBEVENT+L317B3E4B0A391900DC2800I+M37+ENG" "Mozilla/5.0 (Windows; U; Windows NT 6.1; pt-PT; rv:1.9.1.3) Gecko/20090824 Firefox/3.5.3 (.NET CLR 4.0.20506)"
89.152.176.230 - - [12/Oct/2009:04:14:39 -0400] "GET /images/head_btn-products-over.gif HTTP/1.1" 200 1396 "http://www.aceonlinestore.com/CGI-BIN/LANSAWEB?WEBEVENT+L317B3E4B0A391900DC2800I+M37+ENG" "Mozilla/5.0 (Windows; U; Windows NT 6.1; pt-PT; rv:1.9.1.3) Gecko/20090824 Firefox/3.5.3 (.NET CLR 4.0.20506)"
89.152.176.230 - - [12/Oct/2009:04:14:39 -0400] "GET /images/head_btn-brochures-over.gif HTTP/1.1" 200 1392 "http://www.aceonlinestore.com/CGI-BIN/LANSAWEB?WEBEVENT+L317B3E4B0A391900DC2800I+M37+ENG" "Mozilla/5.0 (Windows; U; Windows NT 6.1; pt-PT; rv:1.9.1.3) Gecko/20090824 Firefox/3.5.3 (.NET CLR 4.0.20506)"
89.152.176.230 - - [12/Oct/2009:04:14:39 -0400] "GET /images/head_btn-aboutUs-over.gif HTTP/1.1" 200 1156 "http://www.aceonlinestore.com/CGI-BIN/LANSAWEB?WEBEVENT+L317B3E4B0A391900DC2800I+M37+ENG" "Mozilla/5.0 (Windows; U; Windows NT 6.1; pt-PT; rv:1.9.1.3) Gecko/20090824 Firefox/3.5.3 (.NET CLR 4.0.20506)"
89.152.176.230 - - [12/Oct/2009:04:14:39 -0400] "GET /images/head_btn-catalog-over.gif HTTP/1.1" 200 1354 "http://www.aceonlinestore.com/CGI-BIN/LANSAWEB?WEBEVENT+L317B3E4B0A391900DC2800I+M37+ENG" "Mozilla/5.0 (Windows; U; Windows NT 6.1; pt-PT; rv:1.9.1.3) Gecko/20090824 Firefox/3.5.3 (.NET CLR 4.0.20506)"
89.152.176.230 - - [12/Oct/2009:04:14:40 -0400] "GET /images/head_btn-tutorials-over.gif HTTP/1.1" 200 1097 "http://www.aceonlinestore.com/CGI-BIN/LANSAWEB?WEBEVENT+L317B3E4B0A391900DC2800I+M37+ENG" "Mozilla/5.0 (Windows; U; Windows NT 6.1; pt-PT; rv:1.9.1.3) Gecko/20090824 Firefox/3.5.3 (.NET CLR 4.0.20506)"
89.152.176.230 - - [12/Oct/2009:04:14:40 -0400] "GET /images/head_btn-seminars-over.gif HTTP/1.1" 200 1089 "http://www.aceonlinestore.com/CGI-BIN/LANSAWEB?WEBEVENT+L317B3E4B0A391900DC2800I+M37+ENG" "Mozilla/5.0 (Windows; U; Windows NT 6.1; pt-PT; rv:1.9.1.3) Gecko/20090824 Firefox/3.5.3 (.NET CLR 4.0.20506)"
89.152.176.230 - - [12/Oct/2009:04:14:40 -0400] "GET /images/head_btn-conventions-over.gif HTTP/1.1" 200 1195 "http://www.aceonlinestore.com/CGI-BIN/LANSAWEB?WEBEVENT+L317B3E4B0A391900DC2800I+M37+ENG" "Mozilla/5.0 (Windows; U; Windows NT 6.1; pt-PT; rv:1.9.1.3) Gecko/20090824 Firefox/3.5.3 (.NET CLR 4.0.20506)"
89.152.176.230 - - [12/Oct/2009:04:14:40 -0400] "GET /images/head_btn-contactUs-over.gif HTTP/1.1" 200 1110 "http://www.aceonlinestore.com/CGI-BIN/LANSAWEB?WEBEVENT+L317B3E4B0A391900DC2800I+M37+ENG" "Mozilla/5.0 (Windows; U; Windows NT 6.1; pt-PT; rv:1.9.1.3) Gecko/20090824 Firefox/3.5.3 (.NET CLR 4.0.20506)"
89.152.176.230 - - [12/Oct/2009:04:14:40 -0400] "GET /favicon.ico HTTP/1.1" 404 209 "-" "Mozilla/5.0 (Windows; U; Windows NT 6.1; pt-PT; rv:1.9.1.3) Gecko/20090824 Firefox/3.5.3 (.NET CLR 4.0.20506)"
89.152.176.230 - - [12/Oct/2009:04:14:42 -0400] "GET /favicon.ico HTTP/1.1" 404 209 "-" "Mozilla/5.0 (Windows; U; Windows NT 6.1; pt-PT; rv:1.9.1.3) Gecko/20090824 Firefox/3.5.3 (.NET CLR 4.0.20506)"
89.152.176.230 - - [12/Oct/2009:04:14:45 -0400] "GET /images/psearch_go-over.gif HTTP/1.1" 200 302 "http://www.aceonlinestore.com/CGI-BIN/LANSAWEB?WEBEVENT+L317B3E4B0A391900DC2800I+M37+ENG" "Mozilla/5.0 (Windows; U; Windows NT 6.1; pt-PT; rv:1.9.1.3) Gecko/20090824 Firefox/3.5.3 (.NET CLR 4.0.20506)"
89.152.176.230 - - [12/Oct/2009:04:14:45 -0400] "POST /CGI-BIN/LANSAWEB?WEBEVENT+L317B3E4D0E09C900FC7800I+M37+ENG HTTP/1.1" 200 38436 "http://www.aceonlinestore.com/CGI-BIN/LANSAWEB?WEBEVENT+L317B3E4B0A391900DC2800I+M37+ENG" "Mozilla/5.0 (Windows; U; Windows NT 6.1; pt-PT; rv:1.9.1.3) Gecko/20090824 Firefox/3.5.3 (.NET CLR 4.0.20506)"
209.59.12.99 - - [12/Oct/2009:04:18:57 -0400] "GET / HTTP/1.0" 200 409 "-" "check_http/1.81 (nagios-plugins 1.4)"
77.222.131.59 - - [12/Oct/2009:04:19:11 -0400] "GET /include/addons/import_export/pages/index.inc.php?REX[INCLUDE_PATH]=http://www.pmibangalorechapter.org/pmpc2009/x? HTTP/1.1" 404 246 "-" "Mozilla/5.0"
77.222.131.59 - - [12/Oct/2009:04:19:11 -0400] "GET /logs/include/addons/import_export/pages/index.inc.php?REX[INCLUDE_PATH]=http://www.pmibangalorechapter.org/pmpc2009/x? HTTP/1.1" 404 251 "-" "Mozilla/5.0"
77.222.131.59 - - [12/Oct/2009:04:19:12 -0400] "GET /include/addons/import_export/pages/index.inc.php?REX[INCLUDE_PATH]=http://www.pmibangalorechapter.org/pmpc2009/x? HTTP/1.1" 404 246 "-" "Mozilla/5.0"
77.222.131.59 - - [12/Oct/2009:04:19:12 -0400] "GET /logs/include/addons/import_export/pages/index.inc.php?REX[INCLUDE_PATH]=http://www.pmibangalorechapter.org/pmpc2009/x? HTTP/1.1" 404 251 "-" "Mozilla/5.0"
77.222.131.59 - - [12/Oct/2009:04:19:12 -0400] "GET /logs/access_log.Q109082500/include/addons/import_export/pages/index.inc.php?REX[INCLUDE_PATH]=http://www.pmibangalorechapter.org/pmpc2009/x? HTTP/1.1" 404 273 "-" "Mozilla/5.0"
77.222.131.59 - - [12/Oct/2009:04:19:12 -0400] "GET /logs/access_log.Q109082500/include/addons/import_export/pages/index.inc.php?REX[INCLUDE_PATH]=http://www.pmibangalorechapter.org/pmpc2009/x? HTTP/1.1" 404 273 "-" "Mozilla/5.0"
218.234.21.178 - - [12/Oct/2009:04:19:12 -0400] "GET /logs/access_log.Q109082800///administrator/components/com_virtuemart/export.php?mosConfig_absolute_path=http://kb27.co.kr/pinkid1.txt??? HTTP/1.1" 404 277 "-" "Mozilla/5.0"
218.234.21.178 - - [12/Oct/2009:04:19:12 -0400] "GET ///administrator/components/com_virtuemart/export.php?mosConfig_absolute_path=http://kb27.co.kr/pinkid1.txt??? HTTP/1.1" 404 250 "-" "Mozilla/5.0"
218.234.21.178 - - [12/Oct/2009:04:19:12 -0400] "GET /logs///administrator/components/com_virtuemart/export.php?mosConfig_absolute_path=http://kb27.co.kr/pinkid1.txt??? HTTP/1.1" 404 255 "-" "Mozilla/5.0"
77.222.131.59 - - [12/Oct/2009:04:19:14 -0400] "GET /logs/access_log.Q109052600/include/addons/import_export/pages/index.inc.php?REX[INCLUDE_PATH]=http://www.pmibangalorechapter.org/pmpc2009/x? HTTP/1.1" 404 273 "-" "Mozilla/5.0"
218.234.21.178 - - [12/Oct/2009:04:19:14 -0400] "GET ///administrator/components/com_virtuemart/export.php?mosConfig_absolute_path=http://kb27.co.kr/pinkid1.txt??? HTTP/1.1" 404 250 "-" "Mozilla/5.0"
218.234.21.178 - - [12/Oct/2009:04:19:14 -0400] "GET /logs///administrator/components/com_virtuemart/export.php?mosConfig_absolute_path=http://kb27.co.kr/pinkid1.txt??? HTTP/1.1" 404 255 "-" "Mozilla/5.0"
77.222.131.59 - - [12/Oct/2009:04:19:15 -0400] "GET /logs/access_log.Q109052600/include/addons/import_export/pages/index.inc.php?REX[INCLUDE_PATH]=http://www.pmibangalorechapter.org/pmpc2009/x? HTTP/1.1" 404 273 "-" "Mozilla/5.0"
218.234.21.178 - - [12/Oct/2009:04:19:20 -0400] "GET /logs/access_log.Q109082500///administrator/components/com_virtuemart/export.php?mosConfig_absolute_path=http://kb27.co.kr/pinkid1.txt??? HTTP/1.1" 404 277 "-" "Mozilla/5.0"
218.234.21.178 - - [12/Oct/2009:04:19:22 -0400] "GET /logs/access_log.Q109082800///administrator/components/com_virtuemart/export.php?mosConfig_absolute_path=http://kb27.co.kr/pinkid1.txt??? HTTP/1.1" 404 277 "-" "Mozilla/5.0"
218.234.21.178 - - [12/Oct/2009:04:19:22 -0400] "GET /logs/access_log.Q109082500///administrator/components/com_virtuemart/export.php?mosConfig_absolute_path=http://kb27.co.kr/pinkid1.txt??? HTTP/1.1" 404 277 "-" "Mozilla/5.0"
77.222.131.59 - - [12/Oct/2009:04:19:37 -0400] "GET /logs/access_log.Q109082500/include/addons/import_export/pages/index.inc.php?REX[INCLUDE_PATH]=http://www.pmibangalorechapter.org/pmpc2009/sape?%0D? HTTP/1.1" 404 273 "-" "Mozilla/5.0 (Windows; U; Windows NT 5.1; it; rv:1.8.1b2) Gecko/20060710 Firefox/2.0b2"
77.222.131.59 - - [12/Oct/2009:04:19:39 -0400] "GET /logs/include/addons/import_export/pages/index.inc.php?REX[INCLUDE_PATH]=http://www.pmibangalorechapter.org/pmpc2009/sape?%0D? HTTP/1.1" 404 251 "-" "Mozilla/5.0 (Windows; U; Windows NT 5.1; it; rv:1.8.1b2) Gecko/20060710 Firefox/2.0b2"
77.222.131.59 - - [12/Oct/2009:04:19:39 -0400] "GET /include/addons/import_export/pages/index.inc.php?REX[INCLUDE_PATH]=http://www.pmibangalorechapter.org/pmpc2009/sape?%0D? HTTP/1.1" 404 246 "-" "Mozilla/5.0 (Windows; U; Windows NT 5.1; it; rv:1.8.1b2) Gecko/20060710 Firefox/2.0b2"
77.222.131.59 - - [12/Oct/2009:04:19:41 -0400] "GET /logs/access_log.Q109052600/include/addons/import_export/pages/index.inc.php?REX[INCLUDE_PATH]=http://www.pmibangalorechapter.org/pmpc2009/sape?%0D? HTTP/1.1" 404 273 "-" "Mozilla/5.0 (Windows; U; Windows NT 5.1; it; rv:1.8.1b2) Gecko/20060710 Firefox/2.0b2"
77.222.131.59 - - [12/Oct/2009:04:19:47 -0400] "GET /logs/access_log.Q109082500/include/addons/import_export/pages/index.inc.php?REX[INCLUDE_PATH]=http://www.pmibangalorechapter.org/pmpc2009/sape?%0D? HTTP/1.1" 404 273 "-" "Mozilla/5.0 (X11; U; Linux i686; en-US; rv:1.7.9) Gecko/20050711 Firefox/1.0.5"
77.222.131.59 - - [12/Oct/2009:04:19:47 -0400] "GET /include/addons/import_export/pages/index.inc.php?REX[INCLUDE_PATH]=http://www.pmibangalorechapter.org/pmpc2009/sape?%0D? HTTP/1.1" 404 246 "-" "Mozilla/5.0 (X11; U; Linux i686; en-US; rv:1.7.9) Gecko/20050711 Firefox/1.0.5"
77.222.131.59 - - [12/Oct/2009:04:19:47 -0400] "GET /logs/include/addons/import_export/pages/index.inc.php?REX[INCLUDE_PATH]=http://www.pmibangalorechapter.org/pmpc2009/sape?%0D? HTTP/1.1" 404 251 "-" "Mozilla/5.0 (X11; U; Linux i686; en-US; rv:1.7.9) Gecko/20050711 Firefox/1.0.5"
77.222.131.59 - - [12/Oct/2009:04:19:50 -0400] "GET /logs/access_log.Q109052600/include/addons/import_export/pages/index.inc.php?REX[INCLUDE_PATH]=http://www.pmibangalorechapter.org/pmpc2009/sape?%0D? HTTP/1.1" 404 273 "-" "Mozilla/5.0 (X11; U; Linux i686; en-US; rv:1.7.9) Gecko/20050711 Firefox/1.0.5"
123.125.66.76 - - [12/Oct/2009:04:20:07 -0400] "GET / HTTP/1.1" 200 409 "-" "Baiduspider+(+http://www.baidu.com/search/spider.htm)"
77.222.131.59 - - [12/Oct/2009:04:20:38 -0400] "GET /logs/access_log.Q109082500%20%20/include/addons/import_export/pages/index.inc.php?REX[INCLUDE_PATH]=http://www.pmibangalorechapter.org/pmpc2009/x? HTTP/1.1" 404 275 "-" "Mozilla/5.0"
77.222.131.59 - - [12/Oct/2009:04:20:39 -0400] "GET /logs/access_log.Q109082500%20%20/include/addons/import_export/pages/index.inc.php?REX[INCLUDE_PATH]=http://www.pmibangalorechapter.org/pmpc2009/x? HTTP/1.1" 404 275 "-" "Mozilla/5.0"
77.222.131.59 - - [12/Oct/2009:04:20:39 -0400] "GET /logs/access_log.Q109052600%20%20/include/addons/import_export/pages/index.inc.php?REX[INCLUDE_PATH]=http://www.pmibangalorechapter.org/pmpc2009/x? HTTP/1.1" 404 275 "-" "Mozilla/5.0"
77.222.131.59 - - [12/Oct/2009:04:20:43 -0400] "GET /logs/access_log.Q109052600%20%20/include/addons/import_export/pages/index.inc.php?REX[INCLUDE_PATH]=http://www.pmibangalorechapter.org/pmpc2009/x? HTTP/1.1" 404 275 "-" "Mozilla/5.0"
220.181.7.75 - - [12/Oct/2009:04:21:59 -0400] "GET / HTTP/1.1" 200 409 "-" "Baiduspider+(+http://www.baidu.com/search/spider.htm)"
218.234.21.178 - - [12/Oct/2009:04:22:12 -0400] "GET /logs/access_log.Q109082800%20%20///administrator/components/com_virtuemart/export.php?mosConfig_absolute_path=http://kb27.co.kr/pinkid1.txt??? HTTP/1.1" 404 279 "-" "Mozilla/5.0"
218.234.21.178 - - [12/Oct/2009:04:22:14 -0400] "GET /logs/access_log.Q109082800%20%20///administrator/components/com_virtuemart/export.php?mosConfig_absolute_path=http://kb27.co.kr/pinkid1.txt??? HTTP/1.1" 404 279 "-" "Mozilla/5.0"
218.234.21.178 - - [12/Oct/2009:04:22:47 -0400] "GET /logs/access_log.Q109081900%20%20///administrator/components/com_virtuemart/export.php?mosConfig_absolute_path=http://kb27.co.kr/pinkid1.txt??? HTTP/1.1" 404 279 "-" "Mozilla/5.0"
218.234.21.178 - - [12/Oct/2009:04:22:57 -0400] "GET /logs/access_log.Q109081900%20%20///administrator/components/com_virtuemart/export.php?mosConfig_absolute_path=http://kb27.co.kr/pinkid1.txt??? HTTP/1.1" 404 279 "-" "Mozilla/5.0"
209.59.12.99 - - [12/Oct/2009:04:23:57 -0400] "GET / HTTP/1.0" 200 409 "-" "check_http/1.81 (nagios-plugins 1.4)"
219.95.191.209 - - [12/Oct/2009:04:27:03 -0400] "GET /cgi-bin/lansaweb?procfun+wordpr01+webfunc+%20M37+funcparms+WEBKEY(A0100):DDCSRCH+RNDIV(S004):01+RNCLAS(S0040):16+RNSUBS%20(S0040):0 HTTP/1.1" 200 56559 "http://www.acesurgical.com/ubs.html" "Mozilla/4.0 (compatible; MSIE 7.0; Windows NT 5.1; GTB5)"
219.95.191.209 - - [12/Oct/2009:04:27:14 -0400] "GET /images/head_aceLogo.gif HTTP/1.1" 200 984 "http://www.aceonlinestore.com/cgi-bin/lansaweb?procfun+wordpr01+webfunc+ M37+funcparms+WEBKEY(A0100):DDCSRCH+RNDIV(S004):01+RNCLAS(S0040):16+RNSUBS (S0040):0" "Mozilla/4.0 (compatible; MSIE 7.0; Windows NT 5.1; GTB5)"
219.95.191.209 - - [12/Oct/2009:04:27:15 -0400] "GET /images/head_btn-shop.gif HTTP/1.1" 200 1970 "http://www.aceonlinestore.com/cgi-bin/lansaweb?procfun+wordpr01+webfunc+ M37+funcparms+WEBKEY(A0100):DDCSRCH+RNDIV(S004):01+RNCLAS(S0040):16+RNSUBS (S0040):0" "Mozilla/4.0 (compatible; MSIE 7.0; Windows NT 5.1; GTB5)"
219.95.191.209 - - [12/Oct/2009:04:27:15 -0400] "GET /images/head_btn-products.gif HTTP/1.1" 200 1531 "http://www.aceonlinestore.com/cgi-bin/lansaweb?procfun+wordpr01+webfunc+ M37+funcparms+WEBKEY(A0100):DDCSRCH+RNDIV(S004):01+RNCLAS(S0040):16+RNSUBS (S0040):0" "Mozilla/4.0 (compatible; MSIE 7.0; Windows NT 5.1; GTB5)"
219.95.191.209 - - [12/Oct/2009:04:27:16 -0400] "GET /images/head_btn-catalogs.gif HTTP/1.1" 200 1729 "http://www.aceonlinestore.com/cgi-bin/lansaweb?procfun+wordpr01+webfunc+ M37+funcparms+WEBKEY(A0100):DDCSRCH+RNDIV(S004):01+RNCLAS(S0040):16+RNSUBS (S0040):0" "Mozilla/4.0 (compatible; MSIE 7.0; Windows NT 5.1; GTB5)"
219.95.191.209 - - [12/Oct/2009:04:27:17 -0400] "GET /images/head_btn-brochures.gif HTTP/1.1" 200 1768 "http://www.aceonlinestore.com/cgi-bin/lansaweb?procfun+wordpr01+webfunc+ M37+funcparms+WEBKEY(A0100):DDCSRCH+RNDIV(S004):01+RNCLAS(S0040):16+RNSUBS (S0040):0" "Mozilla/4.0 (compatible; MSIE 7.0; Windows NT 5.1; GTB5)"
219.95.191.209 - - [12/Oct/2009:04:27:18 -0400] "GET /images/head_btn-space1.gif HTTP/1.1" 200 5036 "http://www.aceonlinestore.com/cgi-bin/lansaweb?procfun+wordpr01+webfunc+ M37+funcparms+WEBKEY(A0100):DDCSRCH+RNDIV(S004):01+RNCLAS(S0040):16+RNSUBS (S0040):0" "Mozilla/4.0 (compatible; MSIE 7.0; Windows NT 5.1; GTB5)"
219.95.191.209 - - [12/Oct/2009:04:27:18 -0400] "GET /images/head_surgical-supply.gif HTTP/1.1" 200 764 "http://www.aceonlinestore.com/cgi-bin/lansaweb?procfun+wordpr01+webfunc+ M37+funcparms+WEBKEY(A0100):DDCSRCH+RNDIV(S004):01+RNCLAS(S0040):16+RNSUBS (S0040):0" "Mozilla/4.0 (compatible; MSIE 7.0; Windows NT 5.1; GTB5)"
219.95.191.209 - - [12/Oct/2009:04:27:19 -0400] "GET /images/head_btn-aboutUs.gif HTTP/1.1" 200 1459 "http://www.aceonlinestore.com/cgi-bin/lansaweb?procfun+wordpr01+webfunc+ M37+funcparms+WEBKEY(A0100):DDCSRCH+RNDIV(S004):01+RNCLAS(S0040):16+RNSUBS (S0040):0" "Mozilla/4.0 (compatible; MSIE 7.0; Windows NT 5.1; GTB5)"
219.95.191.209 - - [12/Oct/2009:04:27:19 -0400] "GET /images/head_btn-tutorials.gif HTTP/1.1" 200 1160 "http://www.aceonlinestore.com/cgi-bin/lansaweb?procfun+wordpr01+webfunc+ M37+funcparms+WEBKEY(A0100):DDCSRCH+RNDIV(S004):01+RNCLAS(S0040):16+RNSUBS (S0040):0" "Mozilla/4.0 (compatible; MSIE 7.0; Windows NT 5.1; GTB5)"
219.95.191.209 - - [12/Oct/2009:04:27:20 -0400] "GET /images/head_btn-seminars.gif HTTP/1.1" 200 1250 "http://www.aceonlinestore.com/cgi-bin/lansaweb?procfun+wordpr01+webfunc+ M37+funcparms+WEBKEY(A0100):DDCSRCH+RNDIV(S004):01+RNCLAS(S0040):16+RNSUBS (S0040):0" "Mozilla/4.0 (compatible; MSIE 7.0; Windows NT 5.1; GTB5)"
219.95.191.209 - - [12/Oct/2009:04:27:21 -0400] "GET /images/head_btn-conventions.gif HTTP/1.1" 200 1367 "http://www.aceonlinestore.com/cgi-bin/lansaweb?procfun+wordpr01+webfunc+ M37+funcparms+WEBKEY(A0100):DDCSRCH+RNDIV(S004):01+RNCLAS(S0040):16+RNSUBS (S0040):0" "Mozilla/4.0 (compatible; MSIE 7.0; Windows NT 5.1; GTB5)"
219.95.191.209 - - [12/Oct/2009:04:27:22 -0400] "GET /images/head_btn-contactUs.gif HTTP/1.1" 200 1235 "http://www.aceonlinestore.com/cgi-bin/lansaweb?procfun+wordpr01+webfunc+ M37+funcparms+WEBKEY(A0100):DDCSRCH+RNDIV(S004):01+RNCLAS(S0040):16+RNSUBS (S0040):0" "Mozilla/4.0 (compatible; MSIE 7.0; Windows NT 5.1; GTB5)"
219.95.191.209 - - [12/Oct/2009:04:27:22 -0400] "GET /images/head_btn-spacer2.gif HTTP/1.1" 200 2237 "http://www.aceonlinestore.com/cgi-bin/lansaweb?procfun+wordpr01+webfunc+ M37+funcparms+WEBKEY(A0100):DDCSRCH+RNDIV(S004):01+RNCLAS(S0040):16+RNSUBS (S0040):0" "Mozilla/4.0 (compatible; MSIE 7.0; Windows NT 5.1; GTB5)"
219.95.191.209 - - [12/Oct/2009:04:27:23 -0400] "GET /images/login_go.gif HTTP/1.1" 200 296 "http://www.aceonlinestore.com/cgi-bin/lansaweb?procfun+wordpr01+webfunc+ M37+funcparms+WEBKEY(A0100):DDCSRCH+RNDIV(S004):01+RNCLAS(S0040):16+RNSUBS (S0040):0" "Mozilla/4.0 (compatible; MSIE 7.0; Windows NT 5.1; GTB5)"
219.95.191.209 - - [12/Oct/2009:04:27:23 -0400] "GET /images/psearch_go.gif HTTP/1.1" 200 296 "http://www.aceonlinestore.com/cgi-bin/lansaweb?procfun+wordpr01+webfunc+ M37+funcparms+WEBKEY(A0100):DDCSRCH+RNDIV(S004):01+RNCLAS(S0040):16+RNSUBS (S0040):0" "Mozilla/4.0 (compatible; MSIE 7.0; Windows NT 5.1; GTB5)"
219.95.191.209 - - [12/Oct/2009:04:27:24 -0400] "GET /images/blend.jpg HTTP/1.1" 200 405 "http://www.aceonlinestore.com/cgi-bin/lansaweb?procfun+wordpr01+webfunc+ M37+funcparms+WEBKEY(A0100):DDCSRCH+RNDIV(S004):01+RNCLAS(S0040):16+RNSUBS (S0040):0" "Mozilla/4.0 (compatible; MSIE 7.0; Windows NT 5.1; GTB5)"
219.95.191.209 - - [12/Oct/2009:04:27:24 -0400] "GET /images/pf-a.gif HTTP/1.1" 200 798 "http://www.aceonlinestore.com/cgi-bin/lansaweb?procfun+wordpr01+webfunc+ M37+funcparms+WEBKEY(A0100):DDCSRCH+RNDIV(S004):01+RNCLAS(S0040):16+RNSUBS (S0040):0" "Mozilla/4.0 (compatible; MSIE 7.0; Windows NT 5.1; GTB5)"
219.95.191.209 - - [12/Oct/2009:04:27:25 -0400] "GET /images/items/2881000_THUMB.JPG HTTP/1.1" 200 3673 "http://www.aceonlinestore.com/cgi-bin/lansaweb?procfun+wordpr01+webfunc+ M37+funcparms+WEBKEY(A0100):DDCSRCH+RNDIV(S004):01+RNCLAS(S0040):16+RNSUBS (S0040):0" "Mozilla/4.0 (compatible; MSIE 7.0; Windows NT 5.1; GTB5)"
219.95.191.209 - - [12/Oct/2009:04:27:25 -0400] "GET /images/space.gif HTTP/1.1" 200 43 "http://www.aceonlinestore.com/cgi-bin/lansaweb?procfun+wordpr01+webfunc+ M37+funcparms+WEBKEY(A0100):DDCSRCH+RNDIV(S004):01+RNCLAS(S0040):16+RNSUBS (S0040):0" "Mozilla/4.0 (compatible; MSIE 7.0; Windows NT 5.1; GTB5)"
219.95.191.209 - - [12/Oct/2009:04:27:27 -0400] "GET /favicon.ico HTTP/1.1" 404 209 "-" "Mozilla/4.0 (compatible; MSIE 7.0; Windows NT 5.1; GTB5)"
219.95.191.209 - - [12/Oct/2009:04:27:27 -0400] "GET /images/head_aceLogo-over.gif HTTP/1.1" 200 1296 "http://www.aceonlinestore.com/cgi-bin/lansaweb?procfun+wordpr01+webfunc+ M37+funcparms+WEBKEY(A0100):DDCSRCH+RNDIV(S004):01+RNCLAS(S0040):16+RNSUBS (S0040):0" "Mozilla/4.0 (compatible; MSIE 7.0; Windows NT 5.1; GTB5)"
219.95.191.209 - - [12/Oct/2009:04:27:28 -0400] "GET /images/head_btn-shop-over.gif HTTP/1.1" 200 1473 "http://www.aceonlinestore.com/cgi-bin/lansaweb?procfun+wordpr01+webfunc+ M37+funcparms+WEBKEY(A0100):DDCSRCH+RNDIV(S004):01+RNCLAS(S0040):16+RNSUBS (S0040):0" "Mozilla/4.0 (compatible; MSIE 7.0; Windows NT 5.1; GTB5)"
219.95.191.209 - - [12/Oct/2009:04:27:28 -0400] "GET /images/head_btn-products-over.gif HTTP/1.1" 200 1396 "http://www.aceonlinestore.com/cgi-bin/lansaweb?procfun+wordpr01+webfunc+ M37+funcparms+WEBKEY(A0100):DDCSRCH+RNDIV(S004):01+RNCLAS(S0040):16+RNSUBS (S0040):0" "Mozilla/4.0 (compatible; MSIE 7.0; Windows NT 5.1; GTB5)"
219.95.191.209 - - [12/Oct/2009:04:27:29 -0400] "GET /images/head_btn-catalog-over.gif HTTP/1.1" 200 1354 "http://www.aceonlinestore.com/cgi-bin/lansaweb?procfun+wordpr01+webfunc+ M37+funcparms+WEBKEY(A0100):DDCSRCH+RNDIV(S004):01+RNCLAS(S0040):16+RNSUBS (S0040):0" "Mozilla/4.0 (compatible; MSIE 7.0; Windows NT 5.1; GTB5)"
219.95.191.209 - - [12/Oct/2009:04:27:29 -0400] "GET /images/head_btn-brochures-over.gif HTTP/1.1" 200 1392 "http://www.aceonlinestore.com/cgi-bin/lansaweb?procfun+wordpr01+webfunc+ M37+funcparms+WEBKEY(A0100):DDCSRCH+RNDIV(S004):01+RNCLAS(S0040):16+RNSUBS (S0040):0" "Mozilla/4.0 (compatible; MSIE 7.0; Windows NT 5.1; GTB5)"
219.95.191.209 - - [12/Oct/2009:04:27:31 -0400] "GET /images/head_btn-aboutUs-over.gif HTTP/1.1" 200 1156 "http://www.aceonlinestore.com/cgi-bin/lansaweb?procfun+wordpr01+webfunc+ M37+funcparms+WEBKEY(A0100):DDCSRCH+RNDIV(S004):01+RNCLAS(S0040):16+RNSUBS (S0040):0" "Mozilla/4.0 (compatible; MSIE 7.0; Windows NT 5.1; GTB5)"
219.95.191.209 - - [12/Oct/2009:04:27:31 -0400] "GET /images/head_btn-tutorials-over.gif HTTP/1.1" 200 1097 "http://www.aceonlinestore.com/cgi-bin/lansaweb?procfun+wordpr01+webfunc+ M37+funcparms+WEBKEY(A0100):DDCSRCH+RNDIV(S004):01+RNCLAS(S0040):16+RNSUBS (S0040):0" "Mozilla/4.0 (compatible; MSIE 7.0; Windows NT 5.1; GTB5)"
219.95.191.209 - - [12/Oct/2009:04:27:32 -0400] "GET /images/head_btn-seminars-over.gif HTTP/1.1" 200 1089 "http://www.aceonlinestore.com/cgi-bin/lansaweb?procfun+wordpr01+webfunc+ M37+funcparms+WEBKEY(A0100):DDCSRCH+RNDIV(S004):01+RNCLAS(S0040):16+RNSUBS (S0040):0" "Mozilla/4.0 (compatible; MSIE 7.0; Windows NT 5.1; GTB5)"
219.95.191.209 - - [12/Oct/2009:04:27:32 -0400] "GET /images/head_btn-conventions-over.gif HTTP/1.1" 200 1195 "http://www.aceonlinestore.com/cgi-bin/lansaweb?procfun+wordpr01+webfunc+ M37+funcparms+WEBKEY(A0100):DDCSRCH+RNDIV(S004):01+RNCLAS(S0040):16+RNSUBS (S0040):0" "Mozilla/4.0 (compatible; MSIE 7.0; Windows NT 5.1; GTB5)"
219.95.191.209 - - [12/Oct/2009:04:27:33 -0400] "GET /images/head_btn-contactUs-over.gif HTTP/1.1" 200 1110 "http://www.aceonlinestore.com/cgi-bin/lansaweb?procfun+wordpr01+webfunc+ M37+funcparms+WEBKEY(A0100):DDCSRCH+RNDIV(S004):01+RNCLAS(S0040):16+RNSUBS (S0040):0" "Mozilla/4.0 (compatible; MSIE 7.0; Windows NT 5.1; GTB5)"
114.4.8.14 - - [12/Oct/2009:04:28:15 -0400] "GET /logs/access_log.Q109071000///modules/4nAlbum/public/displayCategory.php?basepath=http://www.sanagustin.edu.bo/modules/copyright.txt??? HTTP/1.1" 404 269 "-" "Mozilla/5.0"
114.4.8.14 - - [12/Oct/2009:04:28:15 -0400] "GET /logs///modules/4nAlbum/public/displayCategory.php?basepath=http://www.sanagustin.edu.bo/modules/copyright.txt??? HTTP/1.1" 404 247 "-" "Mozilla/5.0"
114.4.8.14 - - [12/Oct/2009:04:28:15 -0400] "GET ///modules/4nAlbum/public/displayCategory.php?basepath=http://www.sanagustin.edu.bo/modules/copyright.txt??? HTTP/1.1" 404 242 "-" "Mozilla/5.0"
114.4.8.14 - - [12/Oct/2009:04:28:17 -0400] "GET /logs/access_log.Q109071000///modules/4nAlbum/public/displayCategory.php?basepath=http://www.sanagustin.edu.bo/modules/copyright.txt??? HTTP/1.1" 404 269 "-" "Mozilla/5.0"
114.4.8.14 - - [12/Oct/2009:04:28:17 -0400] "GET ///modules/4nAlbum/public/displayCategory.php?basepath=http://www.sanagustin.edu.bo/modules/copyright.txt??? HTTP/1.1" 404 242 "-" "Mozilla/5.0"
114.4.8.14 - - [12/Oct/2009:04:28:17 -0400] "GET /logs///modules/4nAlbum/public/displayCategory.php?basepath=http://www.sanagustin.edu.bo/modules/copyright.txt??? HTTP/1.1" 404 247 "-" "Mozilla/5.0"
222.122.72.216 - - [12/Oct/2009:04:28:55 -0400] "GET ////?_SERVER[DOCUMENT_ROOT]=http://www.diakonia-jkt.sch.id/upload/id1?? HTTP/1.1" 200 454 "-" "Mozilla/5.0"
222.122.72.216 - - [12/Oct/2009:04:28:55 -0400] "GET /logs/access_log.Q109090400////?_SERVER[DOCUMENT_ROOT]=http://www.diakonia-jkt.sch.id/upload/id1?? HTTP/1.1" 404 228 "-" "Mozilla/5.0"
222.122.72.216 - - [12/Oct/2009:04:28:55 -0400] "GET /logs/error_log.Q109090400////?_SERVER[DOCUMENT_ROOT]=http://www.diakonia-jkt.sch.id/upload/id1?? HTTP/1.1" 404 227 "-" "Mozilla/5.0"
222.122.72.216 - - [12/Oct/2009:04:28:55 -0400] "GET /logs////?_SERVER[DOCUMENT_ROOT]=http://www.diakonia-jkt.sch.id/upload/id1?? HTTP/1.1" 200 21525 "-" "Mozilla/5.0"
209.59.12.99 - - [12/Oct/2009:04:28:57 -0400] "GET / HTTP/1.0" 200 409 "-" "check_http/1.81 (nagios-plugins 1.4)"
218.234.21.178 - - [12/Oct/2009:04:30:27 -0400] "GET /logs///e404.php?DOCUMENT_ROOT=http://kb27.co.kr/pinkid1.txt??? HTTP/1.1" 404 213 "-" "Mozilla/5.0"
218.234.21.178 - - [12/Oct/2009:04:30:27 -0400] "GET /logs/access_log.Q109072900///e404.php?DOCUMENT_ROOT=http://kb27.co.kr/pinkid1.txt??? HTTP/1.1" 404 235 "-" "Mozilla/5.0"
218.234.21.178 - - [12/Oct/2009:04:30:27 -0400] "GET ///e404.php?DOCUMENT_ROOT=http://kb27.co.kr/pinkid1.txt??? HTTP/1.1" 404 208 "-" "Mozilla/5.0"
218.234.21.178 - - [12/Oct/2009:04:30:27 -0400] "GET /logs/access_log.Q109090900///e404.php?DOCUMENT_ROOT=http://kb27.co.kr/pinkid1.txt??? HTTP/1.1" 404 235 "-" "Mozilla/5.0"
72.30.81.156 - - [12/Oct/2009:04:31:15 -0400] "GET /logs/error_log.Q109080600 HTTP/1.0" 200 2669398 "-" "Mozilla/5.0 (compatible; Yahoo! Slurp/3.0; http://help.yahoo.com/help/us/ysearch/slurp)"
218.234.21.178 - - [12/Oct/2009:04:31:31 -0400] "GET /logs/access_log.Q109072900///e404.php?DOCUMENT_ROOT=http://kb27.co.kr/pinkid1.txt??? HTTP/1.1" 404 235 "-" "Mozilla/5.0"
218.234.21.178 - - [12/Oct/2009:04:31:31 -0400] "GET /logs///e404.php?DOCUMENT_ROOT=http://kb27.co.kr/pinkid1.txt??? HTTP/1.1" 404 213 "-" "Mozilla/5.0"
218.234.21.178 - - [12/Oct/2009:04:31:31 -0400] "GET ///e404.php?DOCUMENT_ROOT=http://kb27.co.kr/pinkid1.txt??? HTTP/1.1" 404 208 "-" "Mozilla/5.0"
218.234.21.178 - - [12/Oct/2009:04:31:31 -0400] "GET /logs/access_log.Q109090900///e404.php?DOCUMENT_ROOT=http://kb27.co.kr/pinkid1.txt??? HTTP/1.1" 404 235 "-" "Mozilla/5.0"
193.47.80.82 - - [12/Oct/2009:04:32:20 -0400] "GET /images/psearch_go.gif HTTP/1.0" 200 296 "http://www.acesurgical.com/home.html" "Mozilla/5.0 (compatible; Konqueror/3.5; Linux) KHTML/3.5.5 (like Gecko) (Exabot-Thumbnails)"
193.47.80.82 - - [12/Oct/2009:04:32:20 -0400] "GET /images/login_go.gif HTTP/1.0" 200 296 "http://www.acesurgical.com/home.html" "Mozilla/5.0 (compatible; Konqueror/3.5; Linux) KHTML/3.5.5 (like Gecko) (Exabot-Thumbnails)"
193.47.80.82 - - [12/Oct/2009:04:32:20 -0400] "GET /images/psearch_go-over.gif HTTP/1.0" 200 302 "http://www.acesurgical.com/home.html" "Mozilla/5.0 (compatible; Konqueror/3.5; Linux) KHTML/3.5.5 (like Gecko) (Exabot-Thumbnails)"
193.47.80.82 - - [12/Oct/2009:04:32:20 -0400] "GET /images/login_go-over.gif HTTP/1.0" 200 302 "http://www.acesurgical.com/home.html" "Mozilla/5.0 (compatible; Konqueror/3.5; Linux) KHTML/3.5.5 (like Gecko) (Exabot-Thumbnails)"
72.30.81.156 - - [12/Oct/2009:04:32:15 -0400] "GET /logs/access_log.Q109092900 HTTP/1.0" 200 5348842 "-" "Mozilla/5.0 (compatible; Yahoo! Slurp/3.0; http://help.yahoo.com/help/us/ysearch/slurp)"
114.4.8.14 - - [12/Oct/2009:04:33:18 -0400] "GET /logs/access_log.Q109071000%20%20///modules/4nAlbum/public/displayCategory.php?basepath=http://www.sanagustin.edu.bo/modules/copyright.txt??? HTTP/1.1" 404 271 "-" "Mozilla/5.0"
209.59.12.99 - - [12/Oct/2009:04:33:57 -0400] "GET / HTTP/1.0" 200 409 "-" "check_http/1.81 (nagios-plugins 1.4)"
114.4.8.14 - - [12/Oct/2009:04:34:08 -0400] "GET /logs/access_log.Q109071000%20%20///modules/4nAlbum/public/displayCategory.php?basepath=http://www.sanagustin.edu.bo/modules/copyright.txt??? HTTP/1.1" 404 271 "-" "Mozilla/5.0"
209.59.12.99 - - [12/Oct/2009:04:38:57 -0400] "GET / HTTP/1.0" 200 409 "-" "check_http/1.81 (nagios-plugins 1.4)"
69.13.180.28 - - [12/Oct/2009:04:40:18 -0400] "GET /logs/access_log.Q109061200%20%20//components/com_securityimages/lang.php?mosConfig_absolute_path=http://www.festivalamazonasjazz.com.br/admin/fotos/fotos/grandes/id1.txt??? HTTP/1.0" 404 266 "-" "Mozilla/5.0"
69.13.180.28 - - [12/Oct/2009:04:40:18 -0400] "GET /logs//components/com_securityimages/lang.php?mosConfig_absolute_path=http://www.festivalamazonasjazz.com.br/admin/fotos/fotos/grandes/id1.txt??? HTTP/1.0" 404 242 "-" "Mozilla/5.0"
69.13.180.28 - - [12/Oct/2009:04:40:18 -0400] "GET //components/com_securityimages/lang.php?mosConfig_absolute_path=http://www.festivalamazonasjazz.com.br/admin/fotos/fotos/grandes/id1.txt??? HTTP/1.0" 404 237 "-" "Mozilla/5.0"
125.251.147.194 - - [12/Oct/2009:04:40:23 -0400] "GET /logs/access_log.Q109061200//components/com_securityimages/lang.php?mosConfig_absolute_path=http://www.festivalamazonasjazz.com.br/admin/fotos/fotos/grandes/id1.txt??? HTTP/1.1" 404 264 "-" "Mozilla/5.0"
125.251.147.194 - - [12/Oct/2009:04:40:23 -0400] "GET //components/com_securityimages/lang.php?mosConfig_absolute_path=http://www.festivalamazonasjazz.com.br/admin/fotos/fotos/grandes/id1.txt??? HTTP/1.1" 404 237 "-" "Mozilla/5.0"
