125.251.147.194 - - [12/Oct/2009:04:40:23 -0400] "GET /logs//components/com_securityimages/lang.php?mosConfig_absolute_path=http://www.festivalamazonasjazz.com.br/admin/fotos/fotos/grandes/id1.txt??? HTTP/1.1" 404 242 "-" "Mozilla/5.0"
125.251.147.194 - - [12/Oct/2009:04:40:28 -0400] "GET /logs/access_log.Q109070300//components/com_securityimages/lang.php?mosConfig_absolute_path=http://www.festivalamazonasjazz.com.br/admin/fotos/fotos/grandes/id1.txt??? HTTP/1.1" 404 264 "-" "Mozilla/5.0"
69.13.180.28 - - [12/Oct/2009:04:40:28 -0400] "GET /logs//components/com_securityimages/lang.php?mosConfig_absolute_path=http://www.festivalamazonasjazz.com.br/admin/fotos/fotos/grandes/id1.txt??? HTTP/1.0" 404 242 "-" "Mozilla/5.0"
69.13.180.28 - - [12/Oct/2009:04:40:28 -0400] "GET //components/com_securityimages/lang.php?mosConfig_absolute_path=http://www.festivalamazonasjazz.com.br/admin/fotos/fotos/grandes/id1.txt??? HTTP/1.0" 404 237 "-" "Mozilla/5.0"
69.13.180.28 - - [12/Oct/2009:04:40:28 -0400] "GET /logs/access_log.Q109061200//components/com_securityimages/lang.php?mosConfig_absolute_path=http://www.festivalamazonasjazz.com.br/admin/fotos/fotos/grandes/id1.txt??? HTTP/1.0" 404 264 "-" "Mozilla/5.0"
125.251.147.194 - - [12/Oct/2009:04:40:29 -0400] "GET /logs/access_log.Q109061200%20%20//components/com_securityimages/lang.php?mosConfig_absolute_path=http://www.festivalamazonasjazz.com.br/admin/fotos/fotos/grandes/id1.txt??? HTTP/1.1" 404 266 "-" "Mozilla/5.0"
125.251.147.194 - - [12/Oct/2009:04:40:29 -0400] "GET //components/com_securityimages/lang.php?mosConfig_absolute_path=http://www.festivalamazonasjazz.com.br/admin/fotos/fotos/grandes/id1.txt??? HTTP/1.1" 404 237 "-" "Mozilla/5.0"
125.251.147.194 - - [12/Oct/2009:04:40:29 -0400] "GET /logs//components/com_securityimages/lang.php?mosConfig_absolute_path=http://www.festivalamazonasjazz.com.br/admin/fotos/fotos/grandes/id1.txt??? HTTP/1.1" 404 242 "-" "Mozilla/5.0"
69.13.180.28 - - [12/Oct/2009:04:40:32 -0400] "GET /logs/access_log.Q109070300//components/com_securityimages/lang.php?mosConfig_absolute_path=http://www.festivalamazonasjazz.com.br/admin/fotos/fotos/grandes/id1.txt??? HTTP/1.0" 404 264 "-" "Mozilla/5.0"
125.251.147.194 - - [12/Oct/2009:04:40:33 -0400] "GET /logs/access_log.Q109070300%20%20//components/com_securityimages/lang.php?mosConfig_absolute_path=http://www.festivalamazonasjazz.com.br/admin/fotos/fotos/grandes/id1.txt??? HTTP/1.1" 404 266 "-" "Mozilla/5.0"
69.13.180.28 - - [12/Oct/2009:04:40:38 -0400] "GET /logs/access_log.Q109070300%20%20//components/com_securityimages/lang.php?mosConfig_absolute_path=http://www.festivalamazonasjazz.com.br/admin/fotos/fotos/grandes/id1.txt??? HTTP/1.0" 404 266 "-" "Mozilla/5.0"
69.13.180.28 - - [12/Oct/2009:04:40:39 -0400] "GET //components/com_securityimages/lang.php?mosConfig_absolute_path=http://www.festivalamazonasjazz.com.br/admin/fotos/fotos/grandes/id1.txt??? HTTP/1.0" 404 237 "-" "Mozilla/5.0"
69.13.180.28 - - [12/Oct/2009:04:40:39 -0400] "GET /logs//components/com_securityimages/lang.php?mosConfig_absolute_path=http://www.festivalamazonasjazz.com.br/admin/fotos/fotos/grandes/id1.txt??? HTTP/1.0" 404 242 "-" "Mozilla/5.0"
69.13.180.28 - - [12/Oct/2009:04:40:39 -0400] "GET /logs/access_log.Q109061200//components/com_securityimages/lang.php?mosConfig_absolute_path=http://www.festivalamazonasjazz.com.br/admin/fotos/fotos/grandes/id1.txt??? HTTP/1.0" 404 264 "-" "Mozilla/5.0"
206.225.23.4 - - [12/Oct/2009:04:41:18 -0400] "GET /logs//skin/ggambo7002_board/write.php?dir=http://lighttown.net//copyright.txt? HTTP/1.1" 404 235 "-" "Mozilla/5.0"
206.225.23.4 - - [12/Oct/2009:04:41:18 -0400] "GET /logs/error_log.Q109100400//skin/ggambo7002_board/write.php?dir=http://lighttown.net//copyright.txt? HTTP/1.1" 404 256 "-" "Mozilla/5.0"
206.225.23.4 - - [12/Oct/2009:04:41:18 -0400] "GET /logs/access_log.Q109080100//skin/ggambo7002_board/write.php?dir=http://lighttown.net//copyright.txt? HTTP/1.1" 404 257 "-" "Mozilla/5.0"
206.225.23.4 - - [12/Oct/2009:04:41:18 -0400] "GET /logs/access_log.Q109072200//skin/ggambo7002_board/write.php?dir=http://lighttown.net//copyright.txt? HTTP/1.1" 404 257 "-" "Mozilla/5.0"
206.225.23.4 - - [12/Oct/2009:04:41:18 -0400] "GET /logs/error_log.Q109080100//skin/ggambo7002_board/write.php?dir=http://lighttown.net//copyright.txt? HTTP/1.1" 404 256 "-" "Mozilla/5.0"
206.225.23.4 - - [12/Oct/2009:04:41:24 -0400] "GET /logs/error_log.Q109072500//skin/ggambo7002_board/write.php?dir=http://lighttown.net//copyright.txt? HTTP/1.1" 404 256 "-" "Mozilla/5.0"
206.225.23.4 - - [12/Oct/2009:04:41:24 -0400] "GET /logs/access_log.Q109072000//skin/ggambo7002_board/write.php?dir=http://lighttown.net//copyright.txt? HTTP/1.1" 404 257 "-" "Mozilla/5.0"
206.225.23.4 - - [12/Oct/2009:04:41:24 -0400] "GET /logs/error_log.Q109072200//skin/ggambo7002_board/write.php?dir=http://lighttown.net//copyright.txt? HTTP/1.1" 404 256 "-" "Mozilla/5.0"
125.251.147.194 - - [12/Oct/2009:04:41:33 -0400] "GET //components/com_securityimages/lang.php?mosConfig_absolute_path=http://www.festivalamazonasjazz.com.br/admin/fotos/fotos/grandes/id1.txt??? HTTP/1.1" 404 237 "-" "Mozilla/5.0"
125.251.147.194 - - [12/Oct/2009:04:41:33 -0400] "GET /logs//components/com_securityimages/lang.php?mosConfig_absolute_path=http://www.festivalamazonasjazz.com.br/admin/fotos/fotos/grandes/id1.txt??? HTTP/1.1" 404 242 "-" "Mozilla/5.0"
125.251.147.194 - - [12/Oct/2009:04:41:33 -0400] "GET /logs/access_log.Q109061200//components/com_securityimages/lang.php?mosConfig_absolute_path=http://www.festivalamazonasjazz.com.br/admin/fotos/fotos/grandes/id1.txt??? HTTP/1.1" 404 264 "-" "Mozilla/5.0"
206.225.23.4 - - [12/Oct/2009:04:42:01 -0400] "GET /logs/error_log.Q109100400%20%20//skin/ggambo7002_board/write.php?dir=http://lighttown.net//copyright.txt? HTTP/1.1" 404 258 "-" "Mozilla/5.0"
206.225.23.4 - - [12/Oct/2009:04:42:01 -0400] "GET /logs/access_log.Q109080100%20%20//skin/ggambo7002_board/write.php?dir=http://lighttown.net//copyright.txt? HTTP/1.1" 404 259 "-" "Mozilla/5.0"
206.225.23.4 - - [12/Oct/2009:04:42:02 -0400] "GET /logs/access_log.Q109072200%20%20//skin/ggambo7002_board/write.php?dir=http://lighttown.net//copyright.txt? HTTP/1.1" 404 259 "-" "Mozilla/5.0"
206.225.23.4 - - [12/Oct/2009:04:42:02 -0400] "GET /logs/error_log.Q109080100%20%20//skin/ggambo7002_board/write.php?dir=http://lighttown.net//copyright.txt? HTTP/1.1" 404 258 "-" "Mozilla/5.0"
206.225.23.4 - - [12/Oct/2009:04:42:02 -0400] "GET /logs/error_log.Q109072200%20%20//skin/ggambo7002_board/write.php?dir=http://lighttown.net//copyright.txt? HTTP/1.1" 404 258 "-" "Mozilla/5.0"
206.225.23.4 - - [12/Oct/2009:04:42:07 -0400] "GET /logs/error_log.Q109072500%20%20//skin/ggambo7002_board/write.php?dir=http://lighttown.net//copyright.txt? HTTP/1.1" 404 258 "-" "Mozilla/5.0"
206.225.23.4 - - [12/Oct/2009:04:42:07 -0400] "GET /logs/access_log.Q109072000%20%20//skin/ggambo7002_board/write.php?dir=http://lighttown.net//copyright.txt? HTTP/1.1" 404 259 "-" "Mozilla/5.0"
206.225.23.4 - - [12/Oct/2009:04:42:12 -0400] "GET /logs/access_log.Q109080800%20%20//skin/ggambo7002_board/write.php?dir=http://lighttown.net//copyright.txt? HTTP/1.1" 404 259 "-" "Mozilla/5.0"
206.225.23.4 - - [12/Oct/2009:04:42:12 -0400] "GET /logs/error_log.Q109072000%20%20//skin/ggambo7002_board/write.php?dir=http://lighttown.net//copyright.txt? HTTP/1.1" 404 258 "-" "Mozilla/5.0"
206.225.23.4 - - [12/Oct/2009:04:42:12 -0400] "GET /logs/error_log.Q109082400%20%20//skin/ggambo7002_board/write.php?dir=http://lighttown.net//copyright.txt? HTTP/1.1" 404 258 "-" "Mozilla/5.0"
206.225.23.4 - - [12/Oct/2009:04:42:12 -0400] "GET /logs/error_log.Q109092000%20%20//skin/ggambo7002_board/write.php?dir=http://lighttown.net//copyright.txt? HTTP/1.1" 404 258 "-" "Mozilla/5.0"
206.225.23.4 - - [12/Oct/2009:04:42:12 -0400] "GET /logs/access_log.Q109081400%20%20//skin/ggambo7002_board/write.php?dir=http://lighttown.net//copyright.txt? HTTP/1.1" 404 259 "-" "Mozilla/5.0"
206.225.23.4 - - [12/Oct/2009:04:42:12 -0400] "GET /logs/error_log.Q109081400%20%20//skin/ggambo7002_board/write.php?dir=http://lighttown.net//copyright.txt? HTTP/1.1" 404 258 "-" "Mozilla/5.0"
206.225.23.4 - - [12/Oct/2009:04:42:12 -0400] "GET /logs/error_log.Q109080800%20%20//skin/ggambo7002_board/write.php?dir=http://lighttown.net//copyright.txt? HTTP/1.1" 404 258 "-" "Mozilla/5.0"
206.225.23.4 - - [12/Oct/2009:04:42:12 -0400] "GET /logs/access_log.Q109091600%20%20//skin/ggambo7002_board/write.php?dir=http://lighttown.net//copyright.txt? HTTP/1.1" 404 259 "-" "Mozilla/5.0"
206.225.23.4 - - [12/Oct/2009:04:42:12 -0400] "GET /logs/access_log.Q109092200%20%20//skin/ggambo7002_board/write.php?dir=http://lighttown.net//copyright.txt? HTTP/1.1" 404 259 "-" "Mozilla/5.0"
206.225.23.4 - - [12/Oct/2009:04:42:23 -0400] "GET /logs/error_log.Q109092200%20%20//skin/ggambo7002_board/write.php?dir=http://lighttown.net//copyright.txt? HTTP/1.1" 404 258 "-" "Mozilla/5.0"
206.225.23.4 - - [12/Oct/2009:04:42:23 -0400] "GET /logs/access_log.Q109092000%20%20//skin/ggambo7002_board/write.php?dir=http://lighttown.net//copyright.txt? HTTP/1.1" 404 259 "-" "Mozilla/5.0"
206.225.23.4 - - [12/Oct/2009:04:42:44 -0400] "GET /logs/access_log.Q109091900%20%20//skin/ggambo7002_board/write.php?dir=http://lighttown.net//copyright.txt? HTTP/1.1" 404 259 "-" "Mozilla/5.0"
69.13.180.28 - - [12/Oct/2009:04:43:03 -0400] "GET //components/com_securityimages/lang.php?mosConfig_absolute_path=http://www.festivalamazonasjazz.com.br/admin/fotos/fotos/grandes/id1.txt??? HTTP/1.0" 404 237 "-" "Mozilla/5.0"
69.13.180.28 - - [12/Oct/2009:04:43:03 -0400] "GET /logs//components/com_securityimages/lang.php?mosConfig_absolute_path=http://www.festivalamazonasjazz.com.br/admin/fotos/fotos/grandes/id1.txt??? HTTP/1.0" 404 242 "-" "Mozilla/5.0"
69.13.180.28 - - [12/Oct/2009:04:43:06 -0400] "GET /logs/access_log.Q109061200//components/com_securityimages/lang.php?mosConfig_absolute_path=http://www.festivalamazonasjazz.com.br/admin/fotos/fotos/grandes/id1.txt??? HTTP/1.0" 404 264 "-" "Mozilla/5.0"
206.225.23.4 - - [12/Oct/2009:04:43:11 -0400] "GET /logs/error_log.Q109091900%20%20//skin/ggambo7002_board/write.php?dir=http://lighttown.net//copyright.txt? HTTP/1.1" 404 258 "-" "Mozilla/5.0"
78.24.41.238 - - [12/Oct/2009:04:43:27 -0400] "GET /logs/access_log.Q109061200//components/com_securityimages/lang.php?mosConfig_absolute_path=http://www.festivalamazonasjazz.com.br/admin/fotos/fotos/grandes/id1.txt??? HTTP/1.1" 404 264 "-" "Mozilla/5.0"
78.24.41.238 - - [12/Oct/2009:04:43:32 -0400] "GET //components/com_securityimages/lang.php?mosConfig_absolute_path=http://www.festivalamazonasjazz.com.br/admin/fotos/fotos/grandes/id1.txt??? HTTP/1.1" 404 237 "-" "Mozilla/5.0"
78.24.41.238 - - [12/Oct/2009:04:43:44 -0400] "GET /logs//components/com_securityimages/lang.php?mosConfig_absolute_path=http://www.festivalamazonasjazz.com.br/admin/fotos/fotos/grandes/id1.txt??? HTTP/1.1" 404 242 "-" "Mozilla/5.0"
78.24.41.238 - - [12/Oct/2009:04:43:44 -0400] "GET /logs/access_log.Q109061200//components/com_securityimages/lang.php?mosConfig_absolute_path=http://www.festivalamazonasjazz.com.br/admin/fotos/fotos/grandes/id1.txt??? HTTP/1.1" 404 264 "-" "Mozilla/5.0"
78.24.41.238 - - [12/Oct/2009:04:43:47 -0400] "GET //components/com_securityimages/lang.php?mosConfig_absolute_path=http://www.festivalamazonasjazz.com.br/admin/fotos/fotos/grandes/id1.txt??? HTTP/1.1" 404 237 "-" "Mozilla/5.0"
209.59.12.99 - - [12/Oct/2009:04:43:57 -0400] "GET / HTTP/1.0" 200 409 "-" "check_http/1.81 (nagios-plugins 1.4)"
78.24.41.238 - - [12/Oct/2009:04:43:58 -0400] "GET /logs/access_log.Q109070300//components/com_securityimages/lang.php?mosConfig_absolute_path=http://www.festivalamazonasjazz.com.br/admin/fotos/fotos/grandes/id1.txt??? HTTP/1.1" 404 264 "-" "Mozilla/5.0"
72.30.81.156 - - [12/Oct/2009:04:45:44 -0400] "GET /images/ACE_BoneGraft_04.pdf HTTP/1.0" 304 - "-" "Mozilla/5.0 (compatible; Yahoo! Slurp/3.0; http://help.yahoo.com/help/us/ysearch/slurp)"
78.24.41.238 - - [12/Oct/2009:04:46:54 -0400] "GET /logs/access_log.Q109061200//components/com_securityimages/lang.php?mosConfig_absolute_path=http://www.festivalamazonasjazz.com.br/admin/fotos/fotos/grandes/id1.txt??? HTTP/1.1" 404 264 "-" "Mozilla/5.0"
78.24.41.238 - - [12/Oct/2009:04:46:54 -0400] "GET /logs//components/com_securityimages/lang.php?mosConfig_absolute_path=http://www.festivalamazonasjazz.com.br/admin/fotos/fotos/grandes/id1.txt??? HTTP/1.1" 404 242 "-" "Mozilla/5.0"
125.251.147.194 - - [12/Oct/2009:04:47:03 -0400] "GET /logs//components/com_securityimages/lang.php?mosConfig_absolute_path=http://www.festivalamazonasjazz.com.br/admin/fotos/fotos/grandes/id1.txt??? HTTP/1.1" 404 242 "-" "Mozilla/5.0"
125.251.147.194 - - [12/Oct/2009:04:47:03 -0400] "GET //components/com_securityimages/lang.php?mosConfig_absolute_path=http://www.festivalamazonasjazz.com.br/admin/fotos/fotos/grandes/id1.txt??? HTTP/1.1" 404 237 "-" "Mozilla/5.0"
125.251.147.194 - - [12/Oct/2009:04:47:08 -0400] "GET /logs/access_log.Q109061200//components/com_securityimages/lang.php?mosConfig_absolute_path=http://www.festivalamazonasjazz.com.br/admin/fotos/fotos/grandes/id1.txt??? HTTP/1.1" 404 264 "-" "Mozilla/5.0"
78.24.41.238 - - [12/Oct/2009:04:47:31 -0400] "GET /logs/access_log.Q109070300//components/com_securityimages/lang.php?mosConfig_absolute_path=http://www.festivalamazonasjazz.com.br/admin/fotos/fotos/grandes/id1.txt??? HTTP/1.1" 404 264 "-" "Mozilla/5.0"
209.59.12.99 - - [12/Oct/2009:04:50:02 -0400] "GET / HTTP/1.0" 200 409 "-" "check_http/1.81 (nagios-plugins 1.4)"
67.205.103.171 - - [12/Oct/2009:04:51:05 -0400] "GET //modules/vwar/admin/admin.php?vwar_root=http://www.pinkelephantclub.com/eventphotos//oneadmin/photogallery/list/heheh.txt?? HTTP/1.1" 404 227 "-" "Mozilla/5.0"
67.205.103.171 - - [12/Oct/2009:04:51:05 -0400] "GET /logs//modules/vwar/admin/admin.php?vwar_root=http://www.pinkelephantclub.com/eventphotos//oneadmin/photogallery/list/heheh.txt?? HTTP/1.1" 404 232 "-" "Mozilla/5.0"
67.205.103.171 - - [12/Oct/2009:04:51:05 -0400] "GET /logs/access_log.Q109070300%20%20//modules/vwar/admin/admin.php?vwar_root=http://www.pinkelephantclub.com/eventphotos//oneadmin/photogallery/list/heheh.txt?? HTTP/1.1" 404 256 "-" "Mozilla/5.0"
67.205.103.171 - - [12/Oct/2009:04:51:24 -0400] "GET //modules/vwar/admin/admin.php?vwar_root=http://www.pinkelephantclub.com/eventphotos//oneadmin/photogallery/list/heheh.txt?? HTTP/1.1" 404 227 "-" "Mozilla/5.0"
67.205.103.171 - - [12/Oct/2009:04:51:24 -0400] "GET /logs//modules/vwar/admin/admin.php?vwar_root=http://www.pinkelephantclub.com/eventphotos//oneadmin/photogallery/list/heheh.txt?? HTTP/1.1" 404 232 "-" "Mozilla/5.0"
67.205.103.171 - - [12/Oct/2009:04:51:24 -0400] "GET /logs/access_log.Q109070300%20%20//modules/vwar/admin/admin.php?vwar_root=http://www.pinkelephantclub.com/eventphotos//oneadmin/photogallery/list/heheh.txt?? HTTP/1.1" 404 256 "-" "Mozilla/5.0"
67.205.103.171 - - [12/Oct/2009:04:52:16 -0400] "GET /logs/access_log.Q109060200%20%20//modules/vwar/admin/admin.php?vwar_root=http://www.pinkelephantclub.com/eventphotos//oneadmin/photogallery/list/heheh.txt?? HTTP/1.1" 404 256 "-" "Mozilla/5.0"
67.205.103.171 - - [12/Oct/2009:04:52:26 -0400] "GET /logs/access_log.Q109060200%20%20//modules/vwar/admin/admin.php?vwar_root=http://www.pinkelephantclub.com/eventphotos//oneadmin/photogallery/list/heheh.txt?? HTTP/1.1" 404 256 "-" "Mozilla/5.0"
69.64.75.54 - - [12/Oct/2009:04:53:20 -0400] "GET /logs/access_log.Q109051800/http://www.ferazzolispa.com/idr? HTTP/1.1" 404 256 "-" "libwww-perl/5.803"
69.64.75.54 - - [12/Oct/2009:04:53:20 -0400] "GET /http://www.ferazzolispa.com/idr? HTTP/1.1" 404 229 "-" "libwww-perl/5.803"
69.64.75.54 - - [12/Oct/2009:04:53:20 -0400] "GET /logs/http://www.ferazzolispa.com/idr? HTTP/1.1" 404 234 "-" "libwww-perl/5.803"
69.64.75.54 - - [12/Oct/2009:04:53:36 -0400] "GET /http://www.ferazzolispa.com/idr? HTTP/1.1" 404 229 "-" "libwww-perl/5.803"
69.64.75.54 - - [12/Oct/2009:04:53:38 -0400] "GET /logs/error_log.Q109071800/http://www.ferazzolispa.com/idr? HTTP/1.1" 404 255 "-" "libwww-perl/5.803"
87.236.232.130 - - [12/Oct/2009:04:53:42 -0400] "GET /images/psearch_go.gif HTTP/1.1" 200 296 "http://www.acesurgical.com/home.html" "Mozilla/4.0 (compatible; MSIE 7.0; Windows NT 5.1; InfoPath.1; .NET CLR 2.0.50727; .NET CLR 3.0.04506.30; .NET CLR 3.0.04506.648)"
87.236.232.130 - - [12/Oct/2009:04:53:42 -0400] "GET /images/login_go.gif HTTP/1.1" 200 296 "http://www.acesurgical.com/home.html" "Mozilla/4.0 (compatible; MSIE 7.0; Windows NT 5.1; InfoPath.1; .NET CLR 2.0.50727; .NET CLR 3.0.04506.30; .NET CLR 3.0.04506.648)"
87.236.232.130 - - [12/Oct/2009:04:53:43 -0400] "GET /images/login_go-over.gif HTTP/1.1" 200 302 "http://www.acesurgical.com/home.html" "Mozilla/4.0 (compatible; MSIE 7.0; Windows NT 5.1; InfoPath.1; .NET CLR 2.0.50727; .NET CLR 3.0.04506.30; .NET CLR 3.0.04506.648)"
87.236.232.130 - - [12/Oct/2009:04:53:43 -0400] "GET /images/psearch_go-over.gif HTTP/1.1" 200 302 "http://www.acesurgical.com/home.html" "Mozilla/4.0 (compatible; MSIE 7.0; Windows NT 5.1; InfoPath.1; .NET CLR 2.0.50727; .NET CLR 3.0.04506.30; .NET CLR 3.0.04506.648)"
87.236.232.130 - - [12/Oct/2009:04:54:37 -0400] "GET /cgi-bin/lansaweb?procfun+wordpr01+webfunc+M37 HTTP/1.1" 200 76790 "http://www.acesurgical.com/catalogs.html" "Mozilla/4.0 (compatible; MSIE 7.0; Windows NT 5.1; InfoPath.1; .NET CLR 2.0.50727; .NET CLR 3.0.04506.30; .NET CLR 3.0.04506.648)"
87.236.232.130 - - [12/Oct/2009:04:54:39 -0400] "GET /images/head_aceLogo.gif HTTP/1.1" 200 984 "http://www.aceonlinestore.com/cgi-bin/lansaweb?procfun+wordpr01+webfunc+M37" "Mozilla/4.0 (compatible; MSIE 7.0; Windows NT 5.1; InfoPath.1; .NET CLR 2.0.50727; .NET CLR 3.0.04506.30; .NET CLR 3.0.04506.648)"
87.236.232.130 - - [12/Oct/2009:04:54:39 -0400] "GET /images/head_btn-shop.gif HTTP/1.1" 200 1970 "http://www.aceonlinestore.com/cgi-bin/lansaweb?procfun+wordpr01+webfunc+M37" "Mozilla/4.0 (compatible; MSIE 7.0; Windows NT 5.1; InfoPath.1; .NET CLR 2.0.50727; .NET CLR 3.0.04506.30; .NET CLR 3.0.04506.648)"
87.236.232.130 - - [12/Oct/2009:04:54:39 -0400] "GET /images/head_btn-products.gif HTTP/1.1" 200 1531 "http://www.aceonlinestore.com/cgi-bin/lansaweb?procfun+wordpr01+webfunc+M37" "Mozilla/4.0 (compatible; MSIE 7.0; Windows NT 5.1; InfoPath.1; .NET CLR 2.0.50727; .NET CLR 3.0.04506.30; .NET CLR 3.0.04506.648)"
87.236.232.130 - - [12/Oct/2009:04:54:39 -0400] "GET /images/head_btn-catalogs.gif HTTP/1.1" 200 1729 "http://www.aceonlinestore.com/cgi-bin/lansaweb?procfun+wordpr01+webfunc+M37" "Mozilla/4.0 (compatible; MSIE 7.0; Windows NT 5.1; InfoPath.1; .NET CLR 2.0.50727; .NET CLR 3.0.04506.30; .NET CLR 3.0.04506.648)"
87.236.232.130 - - [12/Oct/2009:04:54:40 -0400] "GET /images/head_btn-brochures.gif HTTP/1.1" 200 1768 "http://www.aceonlinestore.com/cgi-bin/lansaweb?procfun+wordpr01+webfunc+M37" "Mozilla/4.0 (compatible; MSIE 7.0; Windows NT 5.1; InfoPath.1; .NET CLR 2.0.50727; .NET CLR 3.0.04506.30; .NET CLR 3.0.04506.648)"
87.236.232.130 - - [12/Oct/2009:04:54:40 -0400] "GET /images/head_btn-space1.gif HTTP/1.1" 200 5036 "http://www.aceonlinestore.com/cgi-bin/lansaweb?procfun+wordpr01+webfunc+M37" "Mozilla/4.0 (compatible; MSIE 7.0; Windows NT 5.1; InfoPath.1; .NET CLR 2.0.50727; .NET CLR 3.0.04506.30; .NET CLR 3.0.04506.648)"
87.236.232.130 - - [12/Oct/2009:04:54:40 -0400] "GET /images/head_surgical-supply.gif HTTP/1.1" 200 764 "http://www.aceonlinestore.com/cgi-bin/lansaweb?procfun+wordpr01+webfunc+M37" "Mozilla/4.0 (compatible; MSIE 7.0; Windows NT 5.1; InfoPath.1; .NET CLR 2.0.50727; .NET CLR 3.0.04506.30; .NET CLR 3.0.04506.648)"
87.236.232.130 - - [12/Oct/2009:04:54:40 -0400] "GET /images/head_btn-aboutUs.gif HTTP/1.1" 200 1459 "http://www.aceonlinestore.com/cgi-bin/lansaweb?procfun+wordpr01+webfunc+M37" "Mozilla/4.0 (compatible; MSIE 7.0; Windows NT 5.1; InfoPath.1; .NET CLR 2.0.50727; .NET CLR 3.0.04506.30; .NET CLR 3.0.04506.648)"
87.236.232.130 - - [12/Oct/2009:04:54:40 -0400] "GET /images/head_btn-tutorials.gif HTTP/1.1" 200 1160 "http://www.aceonlinestore.com/cgi-bin/lansaweb?procfun+wordpr01+webfunc+M37" "Mozilla/4.0 (compatible; MSIE 7.0; Windows NT 5.1; InfoPath.1; .NET CLR 2.0.50727; .NET CLR 3.0.04506.30; .NET CLR 3.0.04506.648)"
87.236.232.130 - - [12/Oct/2009:04:54:40 -0400] "GET /images/head_btn-seminars.gif HTTP/1.1" 200 1250 "http://www.aceonlinestore.com/cgi-bin/lansaweb?procfun+wordpr01+webfunc+M37" "Mozilla/4.0 (compatible; MSIE 7.0; Windows NT 5.1; InfoPath.1; .NET CLR 2.0.50727; .NET CLR 3.0.04506.30; .NET CLR 3.0.04506.648)"
87.236.232.130 - - [12/Oct/2009:04:54:40 -0400] "GET /images/head_btn-contactUs.gif HTTP/1.1" 200 1235 "http://www.aceonlinestore.com/cgi-bin/lansaweb?procfun+wordpr01+webfunc+M37" "Mozilla/4.0 (compatible; MSIE 7.0; Windows NT 5.1; InfoPath.1; .NET CLR 2.0.50727; .NET CLR 3.0.04506.30; .NET CLR 3.0.04506.648)"
87.236.232.130 - - [12/Oct/2009:04:54:40 -0400] "GET /images/head_btn-conventions.gif HTTP/1.1" 200 1367 "http://www.aceonlinestore.com/cgi-bin/lansaweb?procfun+wordpr01+webfunc+M37" "Mozilla/4.0 (compatible; MSIE 7.0; Windows NT 5.1; InfoPath.1; .NET CLR 2.0.50727; .NET CLR 3.0.04506.30; .NET CLR 3.0.04506.648)"
87.236.232.130 - - [12/Oct/2009:04:54:40 -0400] "GET /images/head_btn-spacer2.gif HTTP/1.1" 200 2237 "http://www.aceonlinestore.com/cgi-bin/lansaweb?procfun+wordpr01+webfunc+M37" "Mozilla/4.0 (compatible; MSIE 7.0; Windows NT 5.1; InfoPath.1; .NET CLR 2.0.50727; .NET CLR 3.0.04506.30; .NET CLR 3.0.04506.648)"
87.236.232.130 - - [12/Oct/2009:04:54:42 -0400] "GET /images/blend.jpg HTTP/1.1" 200 405 "http://www.aceonlinestore.com/cgi-bin/lansaweb?procfun+wordpr01+webfunc+M37" "Mozilla/4.0 (compatible; MSIE 7.0; Windows NT 5.1; InfoPath.1; .NET CLR 2.0.50727; .NET CLR 3.0.04506.30; .NET CLR 3.0.04506.648)"
87.236.232.130 - - [12/Oct/2009:04:54:42 -0400] "GET /images/cat_dot.gif HTTP/1.1" 200 45 "http://www.aceonlinestore.com/cgi-bin/lansaweb?procfun+wordpr01+webfunc+M37" "Mozilla/4.0 (compatible; MSIE 7.0; Windows NT 5.1; InfoPath.1; .NET CLR 2.0.50727; .NET CLR 3.0.04506.30; .NET CLR 3.0.04506.648)"
87.236.232.130 - - [12/Oct/2009:04:54:43 -0400] "GET /images/cat_link.gif HTTP/1.1" 200 46 "http://www.aceonlinestore.com/cgi-bin/lansaweb?procfun+wordpr01+webfunc+M37" "Mozilla/4.0 (compatible; MSIE 7.0; Windows NT 5.1; InfoPath.1; .NET CLR 2.0.50727; .NET CLR 3.0.04506.30; .NET CLR 3.0.04506.648)"
87.236.232.130 - - [12/Oct/2009:04:54:43 -0400] "GET /images/cat_expand.gif HTTP/1.1" 200 79 "http://www.aceonlinestore.com/cgi-bin/lansaweb?procfun+wordpr01+webfunc+M37" "Mozilla/4.0 (compatible; MSIE 7.0; Windows NT 5.1; InfoPath.1; .NET CLR 2.0.50727; .NET CLR 3.0.04506.30; .NET CLR 3.0.04506.648)"
87.236.232.130 - - [12/Oct/2009:04:54:44 -0400] "GET /favicon.ico HTTP/1.1" 404 209 "-" "Mozilla/4.0 (compatible; MSIE 7.0; Windows NT 5.1; InfoPath.1; .NET CLR 2.0.50727; .NET CLR 3.0.04506.30; .NET CLR 3.0.04506.648)"
87.236.232.130 - - [12/Oct/2009:04:54:44 -0400] "GET /images/head_aceLogo-over.gif HTTP/1.1" 200 1296 "http://www.aceonlinestore.com/cgi-bin/lansaweb?procfun+wordpr01+webfunc+M37" "Mozilla/4.0 (compatible; MSIE 7.0; Windows NT 5.1; InfoPath.1; .NET CLR 2.0.50727; .NET CLR 3.0.04506.30; .NET CLR 3.0.04506.648)"
87.236.232.130 - - [12/Oct/2009:04:54:44 -0400] "GET /images/head_btn-shop-over.gif HTTP/1.1" 200 1473 "http://www.aceonlinestore.com/cgi-bin/lansaweb?procfun+wordpr01+webfunc+M37" "Mozilla/4.0 (compatible; MSIE 7.0; Windows NT 5.1; InfoPath.1; .NET CLR 2.0.50727; .NET CLR 3.0.04506.30; .NET CLR 3.0.04506.648)"
87.236.232.130 - - [12/Oct/2009:04:54:44 -0400] "GET /images/head_btn-products-over.gif HTTP/1.1" 200 1396 "http://www.aceonlinestore.com/cgi-bin/lansaweb?procfun+wordpr01+webfunc+M37" "Mozilla/4.0 (compatible; MSIE 7.0; Windows NT 5.1; InfoPath.1; .NET CLR 2.0.50727; .NET CLR 3.0.04506.30; .NET CLR 3.0.04506.648)"
87.236.232.130 - - [12/Oct/2009:04:54:44 -0400] "GET /images/head_btn-catalog-over.gif HTTP/1.1" 200 1354 "http://www.aceonlinestore.com/cgi-bin/lansaweb?procfun+wordpr01+webfunc+M37" "Mozilla/4.0 (compatible; MSIE 7.0; Windows NT 5.1; InfoPath.1; .NET CLR 2.0.50727; .NET CLR 3.0.04506.30; .NET CLR 3.0.04506.648)"
87.236.232.130 - - [12/Oct/2009:04:54:44 -0400] "GET /images/head_btn-brochures-over.gif HTTP/1.1" 200 1392 "http://www.aceonlinestore.com/cgi-bin/lansaweb?procfun+wordpr01+webfunc+M37" "Mozilla/4.0 (compatible; MSIE 7.0; Windows NT 5.1; InfoPath.1; .NET CLR 2.0.50727; .NET CLR 3.0.04506.30; .NET CLR 3.0.04506.648)"
87.236.232.130 - - [12/Oct/2009:04:54:44 -0400] "GET /images/head_btn-aboutUs-over.gif HTTP/1.1" 200 1156 "http://www.aceonlinestore.com/cgi-bin/lansaweb?procfun+wordpr01+webfunc+M37" "Mozilla/4.0 (compatible; MSIE 7.0; Windows NT 5.1; InfoPath.1; .NET CLR 2.0.50727; .NET CLR 3.0.04506.30; .NET CLR 3.0.04506.648)"
87.236.232.130 - - [12/Oct/2009:04:54:44 -0400] "GET /images/head_btn-tutorials-over.gif HTTP/1.1" 200 1097 "http://www.aceonlinestore.com/cgi-bin/lansaweb?procfun+wordpr01+webfunc+M37" "Mozilla/4.0 (compatible; MSIE 7.0; Windows NT 5.1; InfoPath.1; .NET CLR 2.0.50727; .NET CLR 3.0.04506.30; .NET CLR 3.0.04506.648)"
87.236.232.130 - - [12/Oct/2009:04:54:45 -0400] "GET /images/head_btn-seminars-over.gif HTTP/1.1" 200 1089 "http://www.aceonlinestore.com/cgi-bin/lansaweb?procfun+wordpr01+webfunc+M37" "Mozilla/4.0 (compatible; MSIE 7.0; Windows NT 5.1; InfoPath.1; .NET CLR 2.0.50727; .NET CLR 3.0.04506.30; .NET CLR 3.0.04506.648)"
87.236.232.130 - - [12/Oct/2009:04:54:45 -0400] "GET /images/head_btn-conventions-over.gif HTTP/1.1" 200 1195 "http://www.aceonlinestore.com/cgi-bin/lansaweb?procfun+wordpr01+webfunc+M37" "Mozilla/4.0 (compatible; MSIE 7.0; Windows NT 5.1; InfoPath.1; .NET CLR 2.0.50727; .NET CLR 3.0.04506.30; .NET CLR 3.0.04506.648)"
87.236.232.130 - - [12/Oct/2009:04:54:45 -0400] "GET /images/head_btn-contactUs-over.gif HTTP/1.1" 200 1110 "http://www.aceonlinestore.com/cgi-bin/lansaweb?procfun+wordpr01+webfunc+M37" "Mozilla/4.0 (compatible; MSIE 7.0; Windows NT 5.1; InfoPath.1; .NET CLR 2.0.50727; .NET CLR 3.0.04506.30; .NET CLR 3.0.04506.648)"
87.236.232.130 - - [12/Oct/2009:04:54:47 -0400] "GET /images/cat_collapse.gif HTTP/1.1" 200 76 "http://www.aceonlinestore.com/cgi-bin/lansaweb?procfun+wordpr01+webfunc+M37" "Mozilla/4.0 (compatible; MSIE 7.0; Windows NT 5.1; InfoPath.1; .NET CLR 2.0.50727; .NET CLR 3.0.04506.30; .NET CLR 3.0.04506.648)"
209.59.12.99 - - [12/Oct/2009:04:55:03 -0400] "GET / HTTP/1.0" 200 409 "-" "check_http/1.81 (nagios-plugins 1.4)"
72.30.81.156 - - [12/Oct/2009:04:57:10 -0400] "GET /ACE.html HTTP/1.0" 200 5877 "-" "Mozilla/5.0 (compatible; Yahoo! Slurp/3.0; http://help.yahoo.com/help/us/ysearch/slurp)"
87.236.232.130 - - [12/Oct/2009:04:57:40 -0400] "GET /cgi-bin/lansaweb?procfun+wordpr01+webfunc+M37 HTTP/1.1" 200 76790 "http://www.acesurgical.com/product_info.html" "Mozilla/4.0 (compatible; MSIE 7.0; Windows NT 5.1; InfoPath.1; .NET CLR 2.0.50727; .NET CLR 3.0.04506.30; .NET CLR 3.0.04506.648)"
87.236.232.130 - - [12/Oct/2009:04:57:47 -0400] "POST /CGI-BIN/LANSAWEB?WEBEVENT+L317B474D06395900E4C800K+M37+ENG HTTP/1.1" 200 45747 "http://www.aceonlinestore.com/cgi-bin/lansaweb?procfun+wordpr01+webfunc+M37" "Mozilla/4.0 (compatible; MSIE 7.0; Windows NT 5.1; InfoPath.1; .NET CLR 2.0.50727; .NET CLR 3.0.04506.30; .NET CLR 3.0.04506.648)"
87.236.232.130 - - [12/Oct/2009:04:57:51 -0400] "GET /images/pf-a.gif HTTP/1.1" 200 798 "http://www.aceonlinestore.com/CGI-BIN/LANSAWEB?WEBEVENT+L317B474D06395900E4C800K+M37+ENG" "Mozilla/4.0 (compatible; MSIE 7.0; Windows NT 5.1; InfoPath.1; .NET CLR 2.0.50727; .NET CLR 3.0.04506.30; .NET CLR 3.0.04506.648)"
87.236.232.130 - - [12/Oct/2009:04:57:51 -0400] "GET /images/space.gif HTTP/1.1" 200 43 "http://www.aceonlinestore.com/CGI-BIN/LANSAWEB?WEBEVENT+L317B474D06395900E4C800K+M37+ENG" "Mozilla/4.0 (compatible; MSIE 7.0; Windows NT 5.1; InfoPath.1; .NET CLR 2.0.50727; .NET CLR 3.0.04506.30; .NET CLR 3.0.04506.648)"
87.236.232.130 - - [12/Oct/2009:04:57:54 -0400] "GET /images/pf-b.gif HTTP/1.1" 200 813 "http://www.aceonlinestore.com/CGI-BIN/LANSAWEB?WEBEVENT+L317B474D06395900E4C800K+M37+ENG" "Mozilla/4.0 (compatible; MSIE 7.0; Windows NT 5.1; InfoPath.1; .NET CLR 2.0.50727; .NET CLR 3.0.04506.30; .NET CLR 3.0.04506.648)"
69.13.180.28 - - [12/Oct/2009:04:57:56 -0400] "GET //components/com_zoom/classes/fs_unix.php?mosConfig_absolute_path=http://www.festivalamazonasjazz.com.br/admin/fotos/fotos/grandes/id1.txt??? HTTP/1.0" 404 238 "-" "Mozilla/5.0"
69.13.180.28 - - [12/Oct/2009:04:57:56 -0400] "GET /logs//components/com_zoom/classes/fs_unix.php?mosConfig_absolute_path=http://www.festivalamazonasjazz.com.br/admin/fotos/fotos/grandes/id1.txt??? HTTP/1.0" 404 243 "-" "Mozilla/5.0"
69.13.180.28 - - [12/Oct/2009:04:57:56 -0400] "GET /logs/access_log.Q109051000//components/com_zoom/classes/fs_unix.php?mosConfig_absolute_path=http://www.festivalamazonasjazz.com.br/admin/fotos/fotos/grandes/id1.txt??? HTTP/1.0" 404 265 "-" "Mozilla/5.0"
87.236.232.130 - - [12/Oct/2009:04:58:02 -0400] "POST /CGI-BIN/LANSAWEB?WEBEVENT+L110B484C14C949009738067+M37+ENG HTTP/1.1" 200 59303 "http://www.aceonlinestore.com/cgi-bin/lansaweb?procfun+wordpr01+webfunc+M37" "Mozilla/4.0 (compatible; MSIE 7.0; Windows NT 5.1; InfoPath.1; .NET CLR 2.0.50727; .NET CLR 3.0.04506.30; .NET CLR 3.0.04506.648)"
87.236.232.130 - - [12/Oct/2009:04:58:04 -0400] "GET /images/next.gif HTTP/1.1" 200 249 "http://www.aceonlinestore.com/CGI-BIN/LANSAWEB?WEBEVENT+L110B484C14C949009738067+M37+ENG" "Mozilla/4.0 (compatible; MSIE 7.0; Windows NT 5.1; InfoPath.1; .NET CLR 2.0.50727; .NET CLR 3.0.04506.30; .NET CLR 3.0.04506.648)"
87.236.232.130 - - [12/Oct/2009:04:58:22 -0400] "GET /cgi-bin/lansaweb?procfun+wordpr01+webfunc+M37 HTTP/1.1" 200 76790 "http://www.acesurgical.com/products.html" "Mozilla/4.0 (compatible; MSIE 7.0; Windows NT 5.1; InfoPath.1; .NET CLR 2.0.50727; .NET CLR 3.0.04506.30; .NET CLR 3.0.04506.648)"
67.205.103.171 - - [12/Oct/2009:04:58:55 -0400] "GET //pccookbook.php?mosConfig_absolute_path=http://ulsanmis.pe.kr/bbs/admin/fx29id1.txt? HTTP/1.1" 404 213 "-" "Mozilla/5.0"
67.205.103.171 - - [12/Oct/2009:04:58:55 -0400] "GET /logs//pccookbook.php?mosConfig_absolute_path=http://ulsanmis.pe.kr/bbs/admin/fx29id1.txt? HTTP/1.1" 404 218 "-" "Mozilla/5.0"
67.205.103.171 - - [12/Oct/2009:04:58:58 -0400] "GET //pccookbook.php?mosConfig_absolute_path=http://ulsanmis.pe.kr/bbs/admin/fx29id1.txt? HTTP/1.1" 404 213 "-" "Mozilla/5.0"
67.205.103.171 - - [12/Oct/2009:04:58:58 -0400] "GET /logs//pccookbook.php?mosConfig_absolute_path=http://ulsanmis.pe.kr/bbs/admin/fx29id1.txt? HTTP/1.1" 404 218 "-" "Mozilla/5.0"
67.205.103.171 - - [12/Oct/2009:04:58:58 -0400] "GET /logs/access_log.Q109091700//pccookbook.php?mosConfig_absolute_path=http://ulsanmis.pe.kr/bbs/admin/fx29id1.txt? HTTP/1.1" 404 240 "-" "Mozilla/5.0"
67.205.103.171 - - [12/Oct/2009:04:59:02 -0400] "GET /logs/access_log.Q109091700//pccookbook.php?mosConfig_absolute_path=http://ulsanmis.pe.kr/bbs/admin/fx29id1.txt? HTTP/1.1" 404 240 "-" "Mozilla/5.0"
67.205.103.171 - - [12/Oct/2009:04:59:14 -0400] "GET /logs/access_log.Q109072200//pccookbook.php?mosConfig_absolute_path=http://ulsanmis.pe.kr/bbs/admin/fx29id1.txt? HTTP/1.1" 404 240 "-" "Mozilla/5.0"
67.205.103.171 - - [12/Oct/2009:04:59:20 -0400] "GET /logs/access_log.Q109072200//pccookbook.php?mosConfig_absolute_path=http://ulsanmis.pe.kr/bbs/admin/fx29id1.txt? HTTP/1.1" 404 240 "-" "Mozilla/5.0"
84.53.83.238 - - [12/Oct/2009:04:59:49 -0400] "GET /images/login_go.gif HTTP/1.1" 200 296 "http://www.acesurgical.com/marketingmaterials/marketingmaterials.html" "Mozilla/4.0 (compatible; MSIE 6.0; Windows NT 5.2; SV1; .NET CLR 1.1.4322; .NET CLR 2.0.50727; .NET CLR 3.0.04506.30; .NET CLR 3.0.04506.648; .NET CLR 3.0.4506.2152; .NET CLR 3.5.30729)"
84.53.83.238 - - [12/Oct/2009:04:59:49 -0400] "GET /images/psearch_go.gif HTTP/1.1" 200 296 "http://www.acesurgical.com/marketingmaterials/marketingmaterials.html" "Mozilla/4.0 (compatible; MSIE 6.0; Windows NT 5.2; SV1; .NET CLR 1.1.4322; .NET CLR 2.0.50727; .NET CLR 3.0.04506.30; .NET CLR 3.0.04506.648; .NET CLR 3.0.4506.2152; .NET CLR 3.5.30729)"
84.53.83.238 - - [12/Oct/2009:04:59:52 -0400] "GET /images/psearch_go-over.gif HTTP/1.1" 200 302 "http://www.acesurgical.com/marketingmaterials/marketingmaterials.html" "Mozilla/4.0 (compatible; MSIE 6.0; Windows NT 5.2; SV1; .NET CLR 1.1.4322; .NET CLR 2.0.50727; .NET CLR 3.0.04506.30; .NET CLR 3.0.04506.648; .NET CLR 3.0.4506.2152; .NET CLR 3.5.30729)"
84.53.83.238 - - [12/Oct/2009:04:59:52 -0400] "GET /images/login_go-over.gif HTTP/1.1" 200 302 "http://www.acesurgical.com/marketingmaterials/marketingmaterials.html" "Mozilla/4.0 (compatible; MSIE 6.0; Windows NT 5.2; SV1; .NET CLR 1.1.4322; .NET CLR 2.0.50727; .NET CLR 3.0.04506.30; .NET CLR 3.0.04506.648; .NET CLR 3.0.4506.2152; .NET CLR 3.5.30729)"
209.59.12.99 - - [12/Oct/2009:05:00:03 -0400] "GET / HTTP/1.0" 200 409 "-" "check_http/1.81 (nagios-plugins 1.4)"
91.192.20.164 - - [12/Oct/2009:05:00:07 -0400] "GET //components/com_zoom/classes/fs_unix.php?mosConfig_absolute_path=http://www.festivalamazonasjazz.com.br/admin/fotos/fotos/grandes/id1.txt??? HTTP/1.1" 404 238 "-" "Mozilla/5.0"
91.192.20.164 - - [12/Oct/2009:05:00:07 -0400] "GET /logs//components/com_zoom/classes/fs_unix.php?mosConfig_absolute_path=http://www.festivalamazonasjazz.com.br/admin/fotos/fotos/grandes/id1.txt??? HTTP/1.1" 404 243 "-" "Mozilla/5.0"
91.192.20.164 - - [12/Oct/2009:05:00:07 -0400] "GET /logs/access_log.Q109051000//components/com_zoom/classes/fs_unix.php?mosConfig_absolute_path=http://www.festivalamazonasjazz.com.br/admin/fotos/fotos/grandes/id1.txt??? HTTP/1.1" 404 265 "-" "Mozilla/5.0"
91.192.20.164 - - [12/Oct/2009:05:00:07 -0400] "GET /logs//components/com_zoom/classes/fs_unix.php?mosConfig_absolute_path=http://www.festivalamazonasjazz.com.br/admin/fotos/fotos/grandes/id1.txt??? HTTP/1.1" 404 243 "-" "Mozilla/5.0"
91.192.20.164 - - [12/Oct/2009:05:00:07 -0400] "GET //components/com_zoom/classes/fs_unix.php?mosConfig_absolute_path=http://www.festivalamazonasjazz.com.br/admin/fotos/fotos/grandes/id1.txt??? HTTP/1.1" 404 238 "-" "Mozilla/5.0"
91.192.20.164 - - [12/Oct/2009:05:00:07 -0400] "GET /logs/access_log.Q109051000//components/com_zoom/classes/fs_unix.php?mosConfig_absolute_path=http://www.festivalamazonasjazz.com.br/admin/fotos/fotos/grandes/id1.txt??? HTTP/1.1" 404 265 "-" "Mozilla/5.0"
67.205.103.171 - - [12/Oct/2009:05:00:08 -0400] "GET /logs//config.inc.php?mosConfig_absolute_path=http://ulsanmis.pe.kr/bbs/admin/fx29id1.txt? HTTP/1.1" 404 218 "-" "Mozilla/5.0"
67.205.103.171 - - [12/Oct/2009:05:00:08 -0400] "GET /logs/access_log.Q109051500//config.inc.php?mosConfig_absolute_path=http://ulsanmis.pe.kr/bbs/admin/fx29id1.txt? HTTP/1.1" 404 240 "-" "Mozilla/5.0"
67.205.103.171 - - [12/Oct/2009:05:00:08 -0400] "GET //config.inc.php?mosConfig_absolute_path=http://ulsanmis.pe.kr/bbs/admin/fx29id1.txt? HTTP/1.1" 404 213 "-" "Mozilla/5.0"
67.205.103.171 - - [12/Oct/2009:05:00:13 -0400] "GET /logs//config.inc.php?mosConfig_absolute_path=http://ulsanmis.pe.kr/bbs/admin/fx29id1.txt? HTTP/1.1" 404 218 "-" "Mozilla/5.0"
67.205.103.171 - - [12/Oct/2009:05:00:13 -0400] "GET /logs/access_log.Q109051500%20%20//config.inc.php?mosConfig_absolute_path=http://ulsanmis.pe.kr/bbs/admin/fx29id1.txt? HTTP/1.1" 404 242 "-" "Mozilla/5.0"
67.205.103.171 - - [12/Oct/2009:05:00:18 -0400] "GET //config.inc.php?mosConfig_absolute_path=http://ulsanmis.pe.kr/bbs/admin/fx29id1.txt? HTTP/1.1" 404 213 "-" "Mozilla/5.0"
67.205.103.171 - - [12/Oct/2009:05:00:18 -0400] "GET /logs//config.inc.php?mosConfig_absolute_path=http://ulsanmis.pe.kr/bbs/admin/fx29id1.txt? HTTP/1.1" 404 218 "-" "Mozilla/5.0"
67.205.103.171 - - [12/Oct/2009:05:00:18 -0400] "GET /logs/access_log.Q109051500//config.inc.php?mosConfig_absolute_path=http://ulsanmis.pe.kr/bbs/admin/fx29id1.txt? HTTP/1.1" 404 240 "-" "Mozilla/5.0"
67.205.103.171 - - [12/Oct/2009:05:00:18 -0400] "GET //config.inc.php?mosConfig_absolute_path=http://ulsanmis.pe.kr/bbs/admin/fx29id1.txt? HTTP/1.1" 404 213 "-" "Mozilla/5.0"
67.205.103.171 - - [12/Oct/2009:05:00:23 -0400] "GET /logs//config.inc.php?mosConfig_absolute_path=http://ulsanmis.pe.kr/bbs/admin/fx29id1.txt? HTTP/1.1" 404 218 "-" "Mozilla/5.0"
67.205.103.171 - - [12/Oct/2009:05:00:23 -0400] "GET /logs/access_log.Q109051500%20%20//config.inc.php?mosConfig_absolute_path=http://ulsanmis.pe.kr/bbs/admin/fx29id1.txt? HTTP/1.1" 404 242 "-" "Mozilla/5.0"
67.205.103.171 - - [12/Oct/2009:05:00:27 -0400] "GET //config.inc.php?mosConfig_absolute_path=http://ulsanmis.pe.kr/bbs/admin/fx29id1.txt? HTTP/1.1" 404 213 "-" "Mozilla/5.0"
91.192.20.164 - - [12/Oct/2009:05:01:31 -0400] "GET /logs/access_log.Q109051000%20%20//components/com_zoom/classes/fs_unix.php?mosConfig_absolute_path=http://www.festivalamazonasjazz.com.br/admin/fotos/fotos/grandes/id1.txt??? HTTP/1.1" 404 267 "-" "Mozilla/5.0"
91.192.20.164 - - [12/Oct/2009:05:01:48 -0400] "GET /logs/access_log.Q109051000%20%20//components/com_zoom/classes/fs_unix.php?mosConfig_absolute_path=http://www.festivalamazonasjazz.com.br/admin/fotos/fotos/grandes/id1.txt??? HTTP/1.1" 404 267 "-" "Mozilla/5.0"
91.192.20.164 - - [12/Oct/2009:05:01:55 -0400] "GET /logs/access_log.Q109052700%20%20//components/com_zoom/classes/fs_unix.php?mosConfig_absolute_path=http://www.festivalamazonasjazz.com.br/admin/fotos/fotos/grandes/id1.txt??? HTTP/1.1" 404 267 "-" "Mozilla/5.0"
67.205.103.171 - - [12/Oct/2009:05:02:01 -0400] "GET //config.inc.php?mosConfig_absolute_path=http://ulsanmis.pe.kr/bbs/admin/fx29id1.txt? HTTP/1.1" 404 213 "-" "Mozilla/5.0"
67.205.103.171 - - [12/Oct/2009:05:02:02 -0400] "GET /logs//config.inc.php?mosConfig_absolute_path=http://ulsanmis.pe.kr/bbs/admin/fx29id1.txt? HTTP/1.1" 404 218 "-" "Mozilla/5.0"
67.205.103.171 - - [12/Oct/2009:05:02:06 -0400] "GET //config.inc.php?mosConfig_absolute_path=http://ulsanmis.pe.kr/bbs/admin/fx29id1.txt? HTTP/1.1" 404 213 "-" "Mozilla/5.0"
67.205.103.171 - - [12/Oct/2009:05:02:06 -0400] "GET /logs/access_log.Q109051500//config.inc.php?mosConfig_absolute_path=http://ulsanmis.pe.kr/bbs/admin/fx29id1.txt? HTTP/1.1" 404 240 "-" "Mozilla/5.0"
67.205.103.171 - - [12/Oct/2009:05:02:12 -0400] "GET /logs//config.inc.php?mosConfig_absolute_path=http://ulsanmis.pe.kr/bbs/admin/fx29id1.txt? HTTP/1.1" 404 218 "-" "Mozilla/5.0"
67.205.103.171 - - [12/Oct/2009:05:02:12 -0400] "GET /logs/access_log.Q109051500//config.inc.php?mosConfig_absolute_path=http://ulsanmis.pe.kr/bbs/admin/fx29id1.txt? HTTP/1.1" 404 240 "-" "Mozilla/5.0"
125.251.147.194 - - [12/Oct/2009:05:02:13 -0400] "GET //components/com_zoom/classes/fs_unix.php?mosConfig_absolute_path=http://www.festivalamazonasjazz.com.br/admin/fotos/fotos/grandes/id1.txt??? HTTP/1.1" 404 238 "-" "Mozilla/5.0"
125.251.147.194 - - [12/Oct/2009:05:02:13 -0400] "GET /logs//components/com_zoom/classes/fs_unix.php?mosConfig_absolute_path=http://www.festivalamazonasjazz.com.br/admin/fotos/fotos/grandes/id1.txt??? HTTP/1.1" 404 243 "-" "Mozilla/5.0"
125.251.147.194 - - [12/Oct/2009:05:02:13 -0400] "GET /logs/access_log.Q109051000//components/com_zoom/classes/fs_unix.php?mosConfig_absolute_path=http://www.festivalamazonasjazz.com.br/admin/fotos/fotos/grandes/id1.txt??? HTTP/1.1" 404 265 "-" "Mozilla/5.0"
91.192.20.164 - - [12/Oct/2009:05:02:13 -0400] "GET /logs/access_log.Q109052700%20%20//components/com_zoom/classes/fs_unix.php?mosConfig_absolute_path=http://www.festivalamazonasjazz.com.br/admin/fotos/fotos/grandes/id1.txt??? HTTP/1.1" 404 267 "-" "Mozilla/5.0"
114.4.8.14 - - [12/Oct/2009:05:03:33 -0400] "GET ///components/com_virtuemart/show_image_in_imgtag.php?mosConfig_absolute_path=http://www.sanagustin.edu.bo/modules/copyright.txt??? HTTP/1.1" 404 250 "-" "Mozilla/5.0"
114.4.8.14 - - [12/Oct/2009:05:03:33 -0400] "GET /logs/access_log.Q109080800///components/com_virtuemart/show_image_in_imgtag.php?mosConfig_absolute_path=http://www.sanagustin.edu.bo/modules/copyright.txt??? HTTP/1.1" 404 277 "-" "Mozilla/5.0"
114.4.8.14 - - [12/Oct/2009:05:03:33 -0400] "GET /logs///components/com_virtuemart/show_image_in_imgtag.php?mosConfig_absolute_path=http://www.sanagustin.edu.bo/modules/copyright.txt??? HTTP/1.1" 404 255 "-" "Mozilla/5.0"
114.4.8.14 - - [12/Oct/2009:05:03:33 -0400] "GET /logs/access_log.Q109051600///components/com_virtuemart/show_image_in_imgtag.php?mosConfig_absolute_path=http://www.sanagustin.edu.bo/modules/copyright.txt??? HTTP/1.1" 404 277 "-" "Mozilla/5.0"
125.251.147.194 - - [12/Oct/2009:05:04:00 -0400] "GET /logs/access_log.Q109051000%20%20//components/com_zoom/classes/fs_unix.php?mosConfig_absolute_path=http://www.festivalamazonasjazz.com.br/admin/fotos/fotos/grandes/id1.txt??? HTTP/1.1" 404 267 "-" "Mozilla/5.0"
125.251.147.194 - - [12/Oct/2009:05:04:26 -0400] "GET /logs/access_log.Q109052700%20%20//components/com_zoom/classes/fs_unix.php?mosConfig_absolute_path=http://www.festivalamazonasjazz.com.br/admin/fotos/fotos/grandes/id1.txt??? HTTP/1.1" 404 267 "-" "Mozilla/5.0"
114.4.8.14 - - [12/Oct/2009:05:04:51 -0400] "GET /logs/access_log.Q109080800///components/com_virtuemart/show_image_in_imgtag.php?mosConfig_absolute_path=http://www.sanagustin.edu.bo/modules/copyright.txt??? HTTP/1.1" 404 277 "-" "Mozilla/5.0"
114.4.8.14 - - [12/Oct/2009:05:04:51 -0400] "GET ///components/com_virtuemart/show_image_in_imgtag.php?mosConfig_absolute_path=http://www.sanagustin.edu.bo/modules/copyright.txt??? HTTP/1.1" 404 250 "-" "Mozilla/5.0"
114.4.8.14 - - [12/Oct/2009:05:04:51 -0400] "GET /logs///components/com_virtuemart/show_image_in_imgtag.php?mosConfig_absolute_path=http://www.sanagustin.edu.bo/modules/copyright.txt??? HTTP/1.1" 404 255 "-" "Mozilla/5.0"
114.4.8.14 - - [12/Oct/2009:05:04:51 -0400] "GET /logs/access_log.Q109051600///components/com_virtuemart/show_image_in_imgtag.php?mosConfig_absolute_path=http://www.sanagustin.edu.bo/modules/copyright.txt??? HTTP/1.1" 404 277 "-" "Mozilla/5.0"
114.4.8.14 - - [12/Oct/2009:05:05:30 -0400] "GET /logs/access_log.Q109080800%20%20///components/com_virtuemart/show_image_in_imgtag.php?mosConfig_absolute_path=http://www.sanagustin.edu.bo/modules/copyright.txt??? HTTP/1.1" 404 279 "-" "Mozilla/5.0"
114.4.8.14 - - [12/Oct/2009:05:05:30 -0400] "GET /logs/access_log.Q109051600%20%20///components/com_virtuemart/show_image_in_imgtag.php?mosConfig_absolute_path=http://www.sanagustin.edu.bo/modules/copyright.txt??? HTTP/1.1" 404 279 "-" "Mozilla/5.0"
114.4.8.14 - - [12/Oct/2009:05:05:55 -0400] "GET /logs/access_log.Q109051600%20%20///components/com_virtuemart/show_image_in_imgtag.php?mosConfig_absolute_path=http://www.sanagustin.edu.bo/modules/copyright.txt??? HTTP/1.1" 404 279 "-" "Mozilla/5.0"
114.4.8.14 - - [12/Oct/2009:05:05:55 -0400] "GET /logs/access_log.Q109080800%20%20///components/com_virtuemart/show_image_in_imgtag.php?mosConfig_absolute_path=http://www.sanagustin.edu.bo/modules/copyright.txt??? HTTP/1.1" 404 279 "-" "Mozilla/5.0"
209.59.12.99 - - [12/Oct/2009:05:06:00 -0400] "GET / HTTP/1.0" 200 409 "-" "check_http/1.81 (nagios-plugins 1.4)"
67.205.103.171 - - [12/Oct/2009:05:06:59 -0400] "GET /logs/access_log.Q109091700%20%20//pccookbook.php?mosConfig_absolute_path=http://ulsanmis.pe.kr/bbs/admin/fx29id1.txt? HTTP/1.1" 404 242 "-" "Mozilla/5.0"
67.205.103.171 - - [12/Oct/2009:05:07:11 -0400] "GET /logs/access_log.Q109072200%20%20//pccookbook.php?mosConfig_absolute_path=http://ulsanmis.pe.kr/bbs/admin/fx29id1.txt? HTTP/1.1" 404 242 "-" "Mozilla/5.0"
67.205.103.171 - - [12/Oct/2009:05:07:22 -0400] "GET /logs/access_log.Q109091700%20%20//pccookbook.php?mosConfig_absolute_path=http://ulsanmis.pe.kr/bbs/admin/fx29id1.txt? HTTP/1.1" 404 242 "-" "Mozilla/5.0"
67.205.103.171 - - [12/Oct/2009:05:07:31 -0400] "GET /logs/access_log.Q109072200%20%20//pccookbook.php?mosConfig_absolute_path=http://ulsanmis.pe.kr/bbs/admin/fx29id1.txt? HTTP/1.1" 404 242 "-" "Mozilla/5.0"
209.59.12.99 - - [12/Oct/2009:05:11:01 -0400] "GET / HTTP/1.0" 200 409 "-" "check_http/1.81 (nagios-plugins 1.4)"
125.251.147.194 - - [12/Oct/2009:05:14:01 -0400] "GET /logs/access_log.Q109052700//components/com_zoom/classes/fs_unix.php?mosConfig_absolute_path=http://www.festivalamazonasjazz.com.br/admin/fotos/fotos/grandes/id1.txt??? HTTP/1.1" 404 265 "-" "Mozilla/5.0"
91.192.20.164 - - [12/Oct/2009:05:15:09 -0400] "GET /logs/access_log.Q109052700//components/com_zoom/classes/fs_unix.php?mosConfig_absolute_path=http://www.festivalamazonasjazz.com.br/admin/fotos/fotos/grandes/id1.txt??? HTTP/1.1" 404 265 "-" "Mozilla/5.0"
91.192.20.164 - - [12/Oct/2009:05:15:12 -0400] "GET /logs/access_log.Q109052700//components/com_zoom/classes/fs_unix.php?mosConfig_absolute_path=http://www.festivalamazonasjazz.com.br/admin/fotos/fotos/grandes/id1.txt??? HTTP/1.1" 404 265 "-" "Mozilla/5.0"
209.59.12.99 - - [12/Oct/2009:05:16:01 -0400] "GET / HTTP/1.0" 200 409 "-" "check_http/1.81 (nagios-plugins 1.4)"
123.125.66.128 - - [12/Oct/2009:05:18:05 -0400] "GET / HTTP/1.1" 200 409 "-" "Baiduspider+(+http://www.baidu.com/search/spider.htm)"
41.145.46.6 - - [12/Oct/2009:05:20:43 -0400] "GET /cgi-bin/lansaweb?procfun+wordpr01+webfunc+%20M37+funcparms+WEBKEY(A0100):DDCSRCH+RNDIV(S004):01+RNCLAS(S0040):03+RNSUBS(S0040):0 HTTP/1.1" 200 51662 "http://www.google.co.za/search?hl=en&source=hp&q=QUETIN+BONE+MILL&meta=&aq=f&oq=" "Mozilla/4.0 (compatible; MSIE 8.0; Windows NT 5.1; Trident/4.0; .NET CLR 2.0.50727; .NET CLR 3.0.4506.2152; .NET CLR 3.5.30729)"
41.145.46.6 - - [12/Oct/2009:05:20:45 -0400] "GET /images/head_aceLogo.gif HTTP/1.1" 200 984 "http://www.aceonlinestore.com/cgi-bin/lansaweb?procfun+wordpr01+webfunc+%20M37+funcparms+WEBKEY(A0100):DDCSRCH+RNDIV(S004):01+RNCLAS(S0040):03+RNSUBS(S0040):0" "Mozilla/4.0 (compatible; MSIE 8.0; Windows NT 5.1; Trident/4.0; .NET CLR 2.0.50727; .NET CLR 3.0.4506.2152; .NET CLR 3.5.30729)"
41.145.46.6 - - [12/Oct/2009:05:20:45 -0400] "GET /images/head_btn-catalogs.gif HTTP/1.1" 200 1729 "http://www.aceonlinestore.com/cgi-bin/lansaweb?procfun+wordpr01+webfunc+%20M37+funcparms+WEBKEY(A0100):DDCSRCH+RNDIV(S004):01+RNCLAS(S0040):03+RNSUBS(S0040):0" "Mozilla/4.0 (compatible; MSIE 8.0; Windows NT 5.1; Trident/4.0; .NET CLR 2.0.50727; .NET CLR 3.0.4506.2152; .NET CLR 3.5.30729)"
41.145.46.6 - - [12/Oct/2009:05:20:45 -0400] "GET /images/head_btn-products.gif HTTP/1.1" 200 1531 "http://www.aceonlinestore.com/cgi-bin/lansaweb?procfun+wordpr01+webfunc+%20M37+funcparms+WEBKEY(A0100):DDCSRCH+RNDIV(S004):01+RNCLAS(S0040):03+RNSUBS(S0040):0" "Mozilla/4.0 (compatible; MSIE 8.0; Windows NT 5.1; Trident/4.0; .NET CLR 2.0.50727; .NET CLR 3.0.4506.2152; .NET CLR 3.5.30729)"
41.145.46.6 - - [12/Oct/2009:05:20:45 -0400] "GET /images/head_btn-brochures.gif HTTP/1.1" 200 1768 "http://www.aceonlinestore.com/cgi-bin/lansaweb?procfun+wordpr01+webfunc+%20M37+funcparms+WEBKEY(A0100):DDCSRCH+RNDIV(S004):01+RNCLAS(S0040):03+RNSUBS(S0040):0" "Mozilla/4.0 (compatible; MSIE 8.0; Windows NT 5.1; Trident/4.0; .NET CLR 2.0.50727; .NET CLR 3.0.4506.2152; .NET CLR 3.5.30729)"
41.145.46.6 - - [12/Oct/2009:05:20:45 -0400] "GET /images/head_surgical-supply.gif HTTP/1.1" 200 764 "http://www.aceonlinestore.com/cgi-bin/lansaweb?procfun+wordpr01+webfunc+%20M37+funcparms+WEBKEY(A0100):DDCSRCH+RNDIV(S004):01+RNCLAS(S0040):03+RNSUBS(S0040):0" "Mozilla/4.0 (compatible; MSIE 8.0; Windows NT 5.1; Trident/4.0; .NET CLR 2.0.50727; .NET CLR 3.0.4506.2152; .NET CLR 3.5.30729)"
41.145.46.6 - - [12/Oct/2009:05:20:45 -0400] "GET /images/head_btn-space1.gif HTTP/1.1" 200 5036 "http://www.aceonlinestore.com/cgi-bin/lansaweb?procfun+wordpr01+webfunc+%20M37+funcparms+WEBKEY(A0100):DDCSRCH+RNDIV(S004):01+RNCLAS(S0040):03+RNSUBS(S0040):0" "Mozilla/4.0 (compatible; MSIE 8.0; Windows NT 5.1; Trident/4.0; .NET CLR 2.0.50727; .NET CLR 3.0.4506.2152; .NET CLR 3.5.30729)"
41.145.46.6 - - [12/Oct/2009:05:20:45 -0400] "GET /images/head_btn-aboutUs.gif HTTP/1.1" 200 1459 "http://www.aceonlinestore.com/cgi-bin/lansaweb?procfun+wordpr01+webfunc+%20M37+funcparms+WEBKEY(A0100):DDCSRCH+RNDIV(S004):01+RNCLAS(S0040):03+RNSUBS(S0040):0" "Mozilla/4.0 (compatible; MSIE 8.0; Windows NT 5.1; Trident/4.0; .NET CLR 2.0.50727; .NET CLR 3.0.4506.2152; .NET CLR 3.5.30729)"
41.145.46.6 - - [12/Oct/2009:05:20:45 -0400] "GET /images/head_btn-tutorials.gif HTTP/1.1" 200 1160 "http://www.aceonlinestore.com/cgi-bin/lansaweb?procfun+wordpr01+webfunc+%20M37+funcparms+WEBKEY(A0100):DDCSRCH+RNDIV(S004):01+RNCLAS(S0040):03+RNSUBS(S0040):0" "Mozilla/4.0 (compatible; MSIE 8.0; Windows NT 5.1; Trident/4.0; .NET CLR 2.0.50727; .NET CLR 3.0.4506.2152; .NET CLR 3.5.30729)"
41.145.46.6 - - [12/Oct/2009:05:20:46 -0400] "GET /images/head_btn-seminars.gif HTTP/1.1" 200 1250 "http://www.aceonlinestore.com/cgi-bin/lansaweb?procfun+wordpr01+webfunc+%20M37+funcparms+WEBKEY(A0100):DDCSRCH+RNDIV(S004):01+RNCLAS(S0040):03+RNSUBS(S0040):0" "Mozilla/4.0 (compatible; MSIE 8.0; Windows NT 5.1; Trident/4.0; .NET CLR 2.0.50727; .NET CLR 3.0.4506.2152; .NET CLR 3.5.30729)"
41.145.46.6 - - [12/Oct/2009:05:20:46 -0400] "GET /images/head_btn-conventions.gif HTTP/1.1" 200 1367 "http://www.aceonlinestore.com/cgi-bin/lansaweb?procfun+wordpr01+webfunc+%20M37+funcparms+WEBKEY(A0100):DDCSRCH+RNDIV(S004):01+RNCLAS(S0040):03+RNSUBS(S0040):0" "Mozilla/4.0 (compatible; MSIE 8.0; Windows NT 5.1; Trident/4.0; .NET CLR 2.0.50727; .NET CLR 3.0.4506.2152; .NET CLR 3.5.30729)"
41.145.46.6 - - [12/Oct/2009:05:20:46 -0400] "GET /images/head_btn-contactUs.gif HTTP/1.1" 200 1235 "http://www.aceonlinestore.com/cgi-bin/lansaweb?procfun+wordpr01+webfunc+%20M37+funcparms+WEBKEY(A0100):DDCSRCH+RNDIV(S004):01+RNCLAS(S0040):03+RNSUBS(S0040):0" "Mozilla/4.0 (compatible; MSIE 8.0; Windows NT 5.1; Trident/4.0; .NET CLR 2.0.50727; .NET CLR 3.0.4506.2152; .NET CLR 3.5.30729)"
