151.8.79.19 - - [18/Oct/2009:00:00:09 -0400] "GET /logs/access_log.Q109062300/bookmark4u/lostpasswd.php?env%5Binclude_prefix%5D=http://www.sanagustin.edu.bo/modules/copyright.txt? HTTP/1.1" 404 250 "-" "Mozilla/5.0"
151.8.79.19 - - [18/Oct/2009:00:00:14 -0400] "GET /logs/access_log.Q109100600/bookmark4u/lostpasswd.php?env%5Binclude_prefix%5D=http://www.sanagustin.edu.bo/modules/copyright.txt? HTTP/1.1" 404 250 "-" "Mozilla/5.0"
209.59.12.99 - - [18/Oct/2009:00:00:51 -0400] "GET / HTTP/1.0" 200 409 "-" "check_http/1.81 (nagios-plugins 1.4)"
71.6.151.148 - - [18/Oct/2009:00:01:15 -0400] "GET /logs/error_log.Q109092500/admin_modules/admin_module_captions.inc.php?config[path_src_include]=http://www.mebel12.ru/admin//fx29id.txt??? HTTP/1.1" 404 267 "-" "Mozilla/5.0"
89.96.242.204 - - [18/Oct/2009:00:03:52 -0400] "GET /logs/access_log.Q109051700//index.php?_REQUEST=&_REQUEST[option]=option,com_comprofiler&_REQUEST[Itemid]=1&GLOBALS=&mosConfig_absolute_path=http://www.medisite.fr/id?? HTTP/1.1" 404 235 "-" "libwww-perl/5.822"
209.59.12.99 - - [18/Oct/2009:00:05:56 -0400] "GET / HTTP/1.0" 200 409 "-" "check_http/1.81 (nagios-plugins 1.4)"
174.143.3.188 - - [18/Oct/2009:00:08:24 -0400] "GET /logs/index.php?_REQUEST=&_REQUEST[option]=com_content&_REQUEST[Itemid=1&GLOBALS=&mosConfig_absolute_path=? HTTP/1.1" 404 212 "-" "Microsoft Internet Explorer/4.0b1 (Windows 95)"
174.143.3.188 - - [18/Oct/2009:00:08:24 -0400] "GET /index.php?_REQUEST=&_REQUEST[option]=com_content&_REQUEST[Itemid=1&GLOBALS=&mosConfig_absolute_path=? HTTP/1.1" 404 207 "-" "Mozilla/5.0 (Macintosh; U; PPC Mac OS X Mach-O; en-GB; rv:1.7.10) Gecko/20050717 Firefox/1.0.6"
174.143.3.188 - - [18/Oct/2009:00:08:25 -0400] "GET /index.php?_REQUEST=&_REQUEST[option]=com_content&_REQUEST[Itemid=1&GLOBALS=&mosConfig_absolute_path=http://62.204.110.243/newscans.txt?? HTTP/1.1" 404 207 "-" "Mozilla/4.0 (compatible; MSIE 5.5; Windows NT 5.0)"
174.143.3.188 - - [18/Oct/2009:00:08:25 -0400] "GET /logs/index.php?_REQUEST=&_REQUEST[option]=com_content&_REQUEST[Itemid=1&GLOBALS=&mosConfig_absolute_path=http://62.204.110.243/newscans.txt?? HTTP/1.1" 404 212 "-" "MOT-MPx220/1.400 Mozilla/4.0 (compatible; MSIE 4.01; Windows CE; Smartphone;"
66.249.71.152 - - [18/Oct/2009:00:09:51 -0400] "GET /CGI-BIN/LANSAWEB?WEBEVENT+L0135794C9678C900D9E806W+M37+ENG HTTP/1.1" 500 197 "-" "Mozilla/5.0 (compatible; Googlebot/2.1; +http://www.google.com/bot.html)"
76.218.105.71 - - [18/Oct/2009:00:10:08 -0400] "GET /images/monthly_specials.jpg HTTP/1.1" 200 73909 "http://us.mc837.mail.yahoo.com/mc/welcome?.partner=sbc&.gx=0&.tm=1255839089&.rand=5dalvjr6hdb7j" "Mozilla/4.0 (compatible; MSIE 7.0; Windows NT 6.0; GTB6; SLCC1; .NET CLR 2.0.50727; Media Center PC 5.0; .NET CLR 3.5.30729; .NET CLR 3.0.30618)"
151.8.79.19 - - [18/Oct/2009:00:10:10 -0400] "GET /logs/bookmark4u/lostpasswd.php?env%5Binclude_prefix%5D=http://www.sanagustin.edu.bo/modules/copyright.txt? HTTP/1.1" 404 228 "-" "Mozilla/5.0"
151.8.79.19 - - [18/Oct/2009:00:10:10 -0400] "GET /logs/error_log.Q109062300/bookmark4u/lostpasswd.php?env%5Binclude_prefix%5D=http://www.sanagustin.edu.bo/modules/copyright.txt? HTTP/1.1" 404 249 "-" "Mozilla/5.0"
95.211.6.161 - - [18/Oct/2009:00:10:22 -0400] "GET /logs/access_log.Q109051900/?sourcedir=http://banlat.ac.th/images/banner1.jpg?? HTTP/1.1" 404 225 "-" "Mozilla/5.0"
95.211.6.161 - - [18/Oct/2009:00:10:22 -0400] "GET /?sourcedir=http://banlat.ac.th/images/banner1.jpg?? HTTP/1.1" 200 409 "-" "Mozilla/5.0"
95.211.6.161 - - [18/Oct/2009:00:10:22 -0400] "GET /logs/?sourcedir=http://banlat.ac.th/images/banner1.jpg?? HTTP/1.1" 200 22322 "-" "Mozilla/5.0"
72.30.78.230 - - [18/Oct/2009:00:09:28 -0400] "GET /logs/access_log.Q109082500 HTTP/1.0" 200 6226032 "-" "Mozilla/5.0 (compatible; Yahoo! Slurp/3.0; http://help.yahoo.com/help/us/ysearch/slurp)"
218.38.243.71 - - [18/Oct/2009:00:10:26 -0400] "GET /administrator/components/com_virtuemart/export.php?mosConfig_absolute_path=http://www.sangrokwon.or.kr/bbs/icon/private_icon/1.txt???? HTTP/1.1" 404 248 "-" "Mozilla/5.0"
218.38.243.71 - - [18/Oct/2009:00:10:26 -0400] "GET /logs/administrator/components/com_virtuemart/export.php?mosConfig_absolute_path=http://www.sangrokwon.or.kr/bbs/icon/private_icon/1.txt???? HTTP/1.1" 404 253 "-" "Mozilla/5.0"
218.38.243.71 - - [18/Oct/2009:00:10:26 -0400] "GET /logs/access_log.Q109051900/administrator/components/com_virtuemart/export.php?mosConfig_absolute_path=http://www.sangrokwon.or.kr/bbs/icon/private_icon/1.txt???? HTTP/1.1" 404 275 "-" "Mozilla/5.0"
218.38.243.71 - - [18/Oct/2009:00:10:27 -0400] "GET /logs/administrator/components/com_virtuemart/export.php?mosConfig_absolute_path=http://www.sangrokwon.or.kr/bbs/icon/private_icon/1.txt???? HTTP/1.1" 404 253 "-" "Mozilla/5.0"
151.8.79.19 - - [18/Oct/2009:00:10:28 -0400] "GET /logs/access_log.Q109062300/bookmark4u/lostpasswd.php?env%5Binclude_prefix%5D=http://www.sanagustin.edu.bo/modules/copyright.txt? HTTP/1.1" 404 250 "-" "Mozilla/5.0"
218.38.243.71 - - [18/Oct/2009:00:10:29 -0400] "GET /administrator/components/com_virtuemart/export.php?mosConfig_absolute_path=http://www.sangrokwon.or.kr/bbs/icon/private_icon/1.txt???? HTTP/1.1" 404 248 "-" "Mozilla/5.0"
218.38.243.71 - - [18/Oct/2009:00:10:29 -0400] "GET /logs/access_log.Q109051900/administrator/components/com_virtuemart/export.php?mosConfig_absolute_path=http://www.sangrokwon.or.kr/bbs/icon/private_icon/1.txt???? HTTP/1.1" 404 275 "-" "Mozilla/5.0"
151.8.79.19 - - [18/Oct/2009:00:10:32 -0400] "GET /logs/access_log.Q109100600/bookmark4u/lostpasswd.php?env%5Binclude_prefix%5D=http://www.sanagustin.edu.bo/modules/copyright.txt? HTTP/1.1" 404 250 "-" "Mozilla/5.0"
218.38.243.71 - - [18/Oct/2009:00:10:35 -0400] "GET /logs/access_log.Q109082900/administrator/components/com_virtuemart/export.php?mosConfig_absolute_path=http://www.sangrokwon.or.kr/bbs/icon/private_icon/1.txt???? HTTP/1.1" 404 275 "-" "Mozilla/5.0"
218.38.243.71 - - [18/Oct/2009:00:10:39 -0400] "GET /logs/administrator/components/com_virtuemart/export.php?mosConfig_absolute_path=http://www.sangrokwon.or.kr/bbs/icon/private_icon/1.txt???? HTTP/1.1" 404 253 "-" "Mozilla/5.0"
218.38.243.71 - - [18/Oct/2009:00:10:39 -0400] "GET /logs/access_log.Q109082900/administrator/components/com_virtuemart/export.php?mosConfig_absolute_path=http://www.sangrokwon.or.kr/bbs/icon/private_icon/1.txt???? HTTP/1.1" 404 275 "-" "Mozilla/5.0"
218.38.243.71 - - [18/Oct/2009:00:10:39 -0400] "GET /administrator/components/com_virtuemart/export.php?mosConfig_absolute_path=http://www.sangrokwon.or.kr/bbs/icon/private_icon/1.txt???? HTTP/1.1" 404 248 "-" "Mozilla/5.0"
218.38.243.71 - - [18/Oct/2009:00:10:46 -0400] "GET /logs/administrator/components/com_virtuemart/export.php?mosConfig_absolute_path=http://www.sangrokwon.or.kr/bbs/icon/private_icon/1.txt???? HTTP/1.1" 404 253 "-" "Mozilla/5.0"
218.38.243.71 - - [18/Oct/2009:00:10:46 -0400] "GET /administrator/components/com_virtuemart/export.php?mosConfig_absolute_path=http://www.sangrokwon.or.kr/bbs/icon/private_icon/1.txt???? HTTP/1.1" 404 248 "-" "Mozilla/5.0"
209.59.12.99 - - [18/Oct/2009:00:10:57 -0400] "GET / HTTP/1.0" 200 409 "-" "check_http/1.81 (nagios-plugins 1.4)"
218.38.243.71 - - [18/Oct/2009:00:11:42 -0400] "GET /logs/administrator/components/com_virtuemart/export.php?mosConfig_absolute_path=http://www.sangrokwon.or.kr/bbs/icon/private_icon/1.txt???? HTTP/1.1" 404 253 "-" "Mozilla/5.0"
218.38.243.71 - - [18/Oct/2009:00:11:42 -0400] "GET /logs/access_log.Q109051900/administrator/components/com_virtuemart/export.php?mosConfig_absolute_path=http://www.sangrokwon.or.kr/bbs/icon/private_icon/1.txt???? HTTP/1.1" 404 275 "-" "Mozilla/5.0"
95.211.6.161 - - [18/Oct/2009:00:11:47 -0400] "GET /logs/access_log.Q109051900%20%20/?sourcedir=http://banlat.ac.th/images/banner1.jpg?? HTTP/1.1" 404 227 "-" "Mozilla/5.0"
218.38.243.71 - - [18/Oct/2009:00:11:47 -0400] "GET /administrator/components/com_virtuemart/export.php?mosConfig_absolute_path=http://www.sangrokwon.or.kr/bbs/icon/private_icon/1.txt???? HTTP/1.1" 404 248 "-" "Mozilla/5.0"
218.38.243.71 - - [18/Oct/2009:00:11:50 -0400] "GET /logs/administrator/components/com_virtuemart/export.php?mosConfig_absolute_path=http://www.sangrokwon.or.kr/bbs/icon/private_icon/1.txt???? HTTP/1.1" 404 253 "-" "Mozilla/5.0"
119.63.199.21 - - [18/Oct/2009:00:11:58 -0400] "GET / HTTP/1.1" 200 409 "-" "Baiduspider+(+http://www.baidu.jp/spider/)"
218.38.243.71 - - [18/Oct/2009:00:11:59 -0400] "GET /logs/access_log.Q109051900/administrator/components/com_virtuemart/export.php?mosConfig_absolute_path=http://www.sangrokwon.or.kr/bbs/icon/private_icon/1.txt???? HTTP/1.1" 404 275 "-" "Mozilla/5.0"
218.38.243.71 - - [18/Oct/2009:00:12:00 -0400] "GET /administrator/components/com_virtuemart/export.php?mosConfig_absolute_path=http://www.sangrokwon.or.kr/bbs/icon/private_icon/1.txt???? HTTP/1.1" 404 248 "-" "Mozilla/5.0"
218.38.243.71 - - [18/Oct/2009:00:12:31 -0400] "GET /logs/administrator/components/com_virtuemart/export.php?mosConfig_absolute_path=http://www.sangrokwon.or.kr/bbs/icon/private_icon/1.txt???? HTTP/1.1" 404 253 "-" "Mozilla/5.0"
218.38.243.71 - - [18/Oct/2009:00:12:31 -0400] "GET /administrator/components/com_virtuemart/export.php?mosConfig_absolute_path=http://www.sangrokwon.or.kr/bbs/icon/private_icon/1.txt???? HTTP/1.1" 404 248 "-" "Mozilla/5.0"
218.38.243.71 - - [18/Oct/2009:00:12:40 -0400] "GET /logs/access_log.Q109082900/administrator/components/com_virtuemart/export.php?mosConfig_absolute_path=http://www.sangrokwon.or.kr/bbs/icon/private_icon/1.txt???? HTTP/1.1" 404 275 "-" "Mozilla/5.0"
218.38.243.71 - - [18/Oct/2009:00:12:42 -0400] "GET /logs/administrator/components/com_virtuemart/export.php?mosConfig_absolute_path=http://www.sangrokwon.or.kr/bbs/icon/private_icon/1.txt???? HTTP/1.1" 404 253 "-" "Mozilla/5.0"
218.38.243.71 - - [18/Oct/2009:00:12:42 -0400] "GET /logs/access_log.Q109051900/administrator/components/com_virtuemart/export.php?mosConfig_absolute_path=http://www.sangrokwon.or.kr/bbs/icon/private_icon/1.txt???? HTTP/1.1" 404 275 "-" "Mozilla/5.0"
218.38.243.71 - - [18/Oct/2009:00:12:42 -0400] "GET /administrator/components/com_virtuemart/export.php?mosConfig_absolute_path=http://www.sangrokwon.or.kr/bbs/icon/private_icon/1.txt???? HTTP/1.1" 404 248 "-" "Mozilla/5.0"
218.38.243.71 - - [18/Oct/2009:00:12:57 -0400] "GET /administrator/components/com_virtuemart/export.php?mosConfig_absolute_path=http://www.sangrokwon.or.kr/bbs/icon/private_icon/1.txt???? HTTP/1.1" 404 248 "-" "Mozilla/5.0"
218.38.243.71 - - [18/Oct/2009:00:12:57 -0400] "GET /logs/administrator/components/com_virtuemart/export.php?mosConfig_absolute_path=http://www.sangrokwon.or.kr/bbs/icon/private_icon/1.txt???? HTTP/1.1" 404 253 "-" "Mozilla/5.0"
218.38.243.71 - - [18/Oct/2009:00:12:57 -0400] "GET /logs/access_log.Q109082900/administrator/components/com_virtuemart/export.php?mosConfig_absolute_path=http://www.sangrokwon.or.kr/bbs/icon/private_icon/1.txt???? HTTP/1.1" 404 275 "-" "Mozilla/5.0"
218.38.243.71 - - [18/Oct/2009:00:13:35 -0400] "GET /logs/administrator/components/com_virtuemart/export.php?mosConfig_absolute_path=http://www.sangrokwon.or.kr/bbs/icon/private_icon/1.txt???? HTTP/1.1" 404 253 "-" "Mozilla/5.0"
218.38.243.71 - - [18/Oct/2009:00:13:35 -0400] "GET /administrator/components/com_virtuemart/export.php?mosConfig_absolute_path=http://www.sangrokwon.or.kr/bbs/icon/private_icon/1.txt???? HTTP/1.1" 404 248 "-" "Mozilla/5.0"
218.38.243.71 - - [18/Oct/2009:00:13:35 -0400] "GET /logs/access_log.Q109082900%20%20/administrator/components/com_virtuemart/export.php?mosConfig_absolute_path=http://www.sangrokwon.or.kr/bbs/icon/private_icon/1.txt???? HTTP/1.1" 404 277 "-" "Mozilla/5.0"
218.38.243.71 - - [18/Oct/2009:00:13:42 -0400] "GET /logs/access_log.Q109082900/administrator/components/com_virtuemart/export.php?mosConfig_absolute_path=http://www.sangrokwon.or.kr/bbs/icon/private_icon/1.txt???? HTTP/1.1" 404 275 "-" "Mozilla/5.0"
218.38.243.71 - - [18/Oct/2009:00:13:45 -0400] "GET /logs/administrator/components/com_virtuemart/export.php?mosConfig_absolute_path=http://www.sangrokwon.or.kr/bbs/icon/private_icon/1.txt???? HTTP/1.1" 404 253 "-" "Mozilla/5.0"
218.38.243.71 - - [18/Oct/2009:00:13:45 -0400] "GET /administrator/components/com_virtuemart/export.php?mosConfig_absolute_path=http://www.sangrokwon.or.kr/bbs/icon/private_icon/1.txt???? HTTP/1.1" 404 248 "-" "Mozilla/5.0"
218.38.243.71 - - [18/Oct/2009:00:13:51 -0400] "GET /administrator/components/com_virtuemart/export.php?mosConfig_absolute_path=http://www.sangrokwon.or.kr/bbs/icon/private_icon/1.txt???? HTTP/1.1" 404 248 "-" "Mozilla/5.0"
218.38.243.71 - - [18/Oct/2009:00:13:52 -0400] "GET /logs/administrator/components/com_virtuemart/export.php?mosConfig_absolute_path=http://www.sangrokwon.or.kr/bbs/icon/private_icon/1.txt???? HTTP/1.1" 404 253 "-" "Mozilla/5.0"
218.38.243.71 - - [18/Oct/2009:00:13:54 -0400] "GET /logs/administrator/components/com_virtuemart/export.php?mosConfig_absolute_path=http://www.sangrokwon.or.kr/bbs/icon/private_icon/1.txt???? HTTP/1.1" 404 253 "-" "Mozilla/5.0"
218.38.243.71 - - [18/Oct/2009:00:13:55 -0400] "GET /logs/access_log.Q109051900%20%20/administrator/components/com_virtuemart/export.php?mosConfig_absolute_path=http://www.sangrokwon.or.kr/bbs/icon/private_icon/1.txt???? HTTP/1.1" 404 277 "-" "Mozilla/5.0"
218.38.243.71 - - [18/Oct/2009:00:13:56 -0400] "GET /administrator/components/com_virtuemart/export.php?mosConfig_absolute_path=http://www.sangrokwon.or.kr/bbs/icon/private_icon/1.txt???? HTTP/1.1" 404 248 "-" "Mozilla/5.0"
119.63.193.55 - - [18/Oct/2009:00:14:00 -0400] "GET / HTTP/1.1" 200 409 "-" "Baiduspider+(+http://www.baidu.jp/spider/)"
218.38.243.71 - - [18/Oct/2009:00:14:29 -0400] "GET /logs/access_log.Q109051900%20%20/administrator/components/com_virtuemart/export.php?mosConfig_absolute_path=http://www.sangrokwon.or.kr/bbs/icon/private_icon/1.txt???? HTTP/1.1" 404 277 "-" "Mozilla/5.0"
218.38.243.71 - - [18/Oct/2009:00:14:32 -0400] "GET /administrator/components/com_virtuemart/export.php?mosConfig_absolute_path=http://www.sangrokwon.or.kr/bbs/icon/private_icon/1.txt???? HTTP/1.1" 404 248 "-" "Mozilla/5.0"
218.38.243.71 - - [18/Oct/2009:00:14:32 -0400] "GET /logs/administrator/components/com_virtuemart/export.php?mosConfig_absolute_path=http://www.sangrokwon.or.kr/bbs/icon/private_icon/1.txt???? HTTP/1.1" 404 253 "-" "Mozilla/5.0"
209.59.12.99 - - [18/Oct/2009:00:15:57 -0400] "GET / HTTP/1.0" 200 409 "-" "check_http/1.81 (nagios-plugins 1.4)"
200.35.150.139 - - [18/Oct/2009:00:17:23 -0400] "GET /logs/access_log.Q109070700/components/com_performs/performs.php?mosConfig_absolute_path=http://naturalmebel.com/bot/id1.txt?? HTTP/1.1" 404 261 "-" "Mozilla/5.0"
200.35.150.139 - - [18/Oct/2009:00:17:23 -0400] "GET /logs/components/com_performs/performs.php?mosConfig_absolute_path=http://naturalmebel.com/bot/id1.txt?? HTTP/1.1" 404 239 "-" "Mozilla/5.0"
200.35.150.139 - - [18/Oct/2009:00:17:23 -0400] "GET /components/com_performs/performs.php?mosConfig_absolute_path=http://naturalmebel.com/bot/id1.txt?? HTTP/1.1" 404 234 "-" "Mozilla/5.0"
200.35.150.139 - - [18/Oct/2009:00:17:29 -0400] "GET /logs/access_log.Q109060300/components/com_performs/performs.php?mosConfig_absolute_path=http://naturalmebel.com/bot/id1.txt?? HTTP/1.1" 404 261 "-" "Mozilla/5.0"
174.143.3.188 - - [18/Oct/2009:00:17:56 -0400] "GET /index.php?_REQUEST=&_REQUEST[option]=com_content&_REQUEST[Itemid=1&GLOBALS=&mosConfig_absolute_path=? HTTP/1.1" 404 207 "-" "Mozilla/4.0 (compatible; MSIE 6.0; MSN 2.5; Windows 98)"
174.143.3.188 - - [18/Oct/2009:00:17:56 -0400] "GET /logs/index.php?_REQUEST=&_REQUEST[option]=com_content&_REQUEST[Itemid=1&GLOBALS=&mosConfig_absolute_path=? HTTP/1.1" 404 212 "-" "Avant Browser (http://www.avantbrowser.com)"
174.143.3.188 - - [18/Oct/2009:00:17:56 -0400] "GET /index.php?_REQUEST=&_REQUEST[option]=com_content&_REQUEST[Itemid=1&GLOBALS=&mosConfig_absolute_path=http://62.204.110.243/newscans.txt?? HTTP/1.1" 404 207 "-" "Mozilla/3.0 (OS/2; U)"
174.143.3.188 - - [18/Oct/2009:00:17:56 -0400] "GET /logs/index.php?_REQUEST=&_REQUEST[option]=com_content&_REQUEST[Itemid=1&GLOBALS=&mosConfig_absolute_path=http://62.204.110.243/newscans.txt?? HTTP/1.1" 404 212 "-" "Mozilla/5.0 (Windows; U; Windows NT 5.1; en-US; rv:1.8) Gecko/20060321 Firefox/2.0a1"
93.90.176.25 - - [18/Oct/2009:00:18:38 -0400] "GET /logs/s_loadenv.inc.php?DOCUMENT_ROOT=http://www.babyu.co.kr/babyubbs/id1.txt?? HTTP/1.1" 404 220 "-" "Mozilla/5.0"
93.90.176.25 - - [18/Oct/2009:00:18:38 -0400] "GET /s_loadenv.inc.php?DOCUMENT_ROOT=http://www.babyu.co.kr/babyubbs/id1.txt?? HTTP/1.1" 404 215 "-" "Mozilla/5.0"
93.90.176.25 - - [18/Oct/2009:00:18:38 -0400] "GET /logs/access_log.Q109051400%20%20/s_loadenv.inc.php?DOCUMENT_ROOT=http://www.babyu.co.kr/babyubbs/id1.txt?? HTTP/1.1" 404 244 "-" "Mozilla/5.0"
93.90.176.25 - - [18/Oct/2009:00:19:04 -0400] "GET /logs/access_log.Q109051800%20%20/s_loadenv.inc.php?DOCUMENT_ROOT=http://www.babyu.co.kr/babyubbs/id1.txt?? HTTP/1.1" 404 244 "-" "Mozilla/5.0"
218.38.243.71 - - [18/Oct/2009:00:19:10 -0400] "GET /logs/access_log.Q109082900/administrator/components/com_virtuemart/export.php?mosConfig_absolute_path=http://www.sangrokwon.or.kr/bbs/icon/private_icon/1.txt???? HTTP/1.1" 404 275 "-" "Mozilla/5.0"
218.38.243.71 - - [18/Oct/2009:00:19:12 -0400] "GET /administrator/components/com_virtuemart/export.php?mosConfig_absolute_path=http://www.sangrokwon.or.kr/bbs/icon/private_icon/1.txt???? HTTP/1.1" 404 248 "-" "Mozilla/5.0"
218.38.243.71 - - [18/Oct/2009:00:19:13 -0400] "GET /logs/administrator/components/com_virtuemart/export.php?mosConfig_absolute_path=http://www.sangrokwon.or.kr/bbs/icon/private_icon/1.txt???? HTTP/1.1" 404 253 "-" "Mozilla/5.0"
200.35.150.139 - - [18/Oct/2009:00:20:28 -0400] "GET /logs/access_log.Q109070700%20%20/components/com_performs/performs.php?mosConfig_absolute_path=http://naturalmebel.com/bot/id1.txt?? HTTP/1.1" 404 263 "-" "Mozilla/5.0"
200.35.150.139 - - [18/Oct/2009:00:20:29 -0400] "GET /logs/access_log.Q109060300%20%20/components/com_performs/performs.php?mosConfig_absolute_path=http://naturalmebel.com/bot/id1.txt?? HTTP/1.1" 404 263 "-" "Mozilla/5.0"
218.38.243.71 - - [18/Oct/2009:00:20:34 -0400] "GET /administrator/components/com_virtuemart/export.php?mosConfig_absolute_path=http://www.sangrokwon.or.kr/bbs/icon/private_icon/1.txt???? HTTP/1.1" 404 248 "-" "Mozilla/5.0"
218.38.243.71 - - [18/Oct/2009:00:20:36 -0400] "GET /logs/administrator/components/com_virtuemart/export.php?mosConfig_absolute_path=http://www.sangrokwon.or.kr/bbs/icon/private_icon/1.txt???? HTTP/1.1" 404 253 "-" "Mozilla/5.0"
218.38.243.71 - - [18/Oct/2009:00:20:38 -0400] "GET /logs/access_log.Q109051900/administrator/components/com_virtuemart/export.php?mosConfig_absolute_path=http://www.sangrokwon.or.kr/bbs/icon/private_icon/1.txt???? HTTP/1.1" 404 275 "-" "Mozilla/5.0"
209.59.12.99 - - [18/Oct/2009:00:20:58 -0400] "GET / HTTP/1.0" 200 409 "-" "check_http/1.81 (nagios-plugins 1.4)"
123.125.66.95 - - [18/Oct/2009:00:21:46 -0400] "GET / HTTP/1.1" 200 409 "-" "Baiduspider+(+http://www.baidu.com/search/spider.htm)"
220.181.7.63 - - [18/Oct/2009:00:22:03 -0400] "GET / HTTP/1.1" 200 409 "-" "Baiduspider+(+http://www.baidu.com/search/spider.htm)"
72.30.78.230 - - [18/Oct/2009:00:21:29 -0400] "GET /logs/access_log.Q109062400 HTTP/1.0" 200 4898892 "-" "Mozilla/5.0 (compatible; Yahoo! Slurp/3.0; http://help.yahoo.com/help/us/ysearch/slurp)"
93.90.176.25 - - [18/Oct/2009:00:22:57 -0400] "GET /logs/access_log.Q109051400/s_loadenv.inc.php?DOCUMENT_ROOT=http://www.babyu.co.kr/babyubbs/id1.txt?? HTTP/1.1" 404 242 "-" "Mozilla/5.0"
93.90.176.25 - - [18/Oct/2009:00:22:57 -0400] "GET /logs/access_log.Q109092600/s_loadenv.inc.php?DOCUMENT_ROOT=http://www.babyu.co.kr/babyubbs/id1.txt?? HTTP/1.1" 404 242 "-" "Mozilla/5.0"
72.30.78.230 - - [18/Oct/2009:00:23:50 -0400] "GET /logs/access_log.Q109070400 HTTP/1.0" 200 1764892 "-" "Mozilla/5.0 (compatible; Yahoo! Slurp/3.0; http://help.yahoo.com/help/us/ysearch/slurp)"
151.8.79.19 - - [18/Oct/2009:00:24:20 -0400] "GET /logs/bookmark4u/lostpasswd.php?env%5Binclude_prefix%5D=http://www.sanagustin.edu.bo/modules/copyright.txt? HTTP/1.1" 404 228 "-" "Mozilla/5.0"
151.8.79.19 - - [18/Oct/2009:00:24:20 -0400] "GET /logs/error_log.Q109062300/bookmark4u/lostpasswd.php?env%5Binclude_prefix%5D=http://www.sanagustin.edu.bo/modules/copyright.txt? HTTP/1.1" 404 249 "-" "Mozilla/5.0"
89.96.242.204 - - [18/Oct/2009:00:24:28 -0400] "GET //modules/My_eGallery/public/displayCategory.php?basepath=http://www.medisite.fr/id?? HTTP/1.1" 404 245 "-" "libwww-perl/5.822"
151.8.79.19 - - [18/Oct/2009:00:24:50 -0400] "GET /logs/access_log.Q109062300/bookmark4u/lostpasswd.php?env%5Binclude_prefix%5D=http://www.sanagustin.edu.bo/modules/copyright.txt? HTTP/1.1" 404 250 "-" "Mozilla/5.0"
151.8.79.19 - - [18/Oct/2009:00:24:56 -0400] "GET /logs/access_log.Q109100600/bookmark4u/lostpasswd.php?env%5Binclude_prefix%5D=http://www.sanagustin.edu.bo/modules/copyright.txt? HTTP/1.1" 404 250 "-" "Mozilla/5.0"
66.249.71.152 - - [18/Oct/2009:00:24:49 -0400] "GET /logs/error_log.Q109060800 HTTP/1.1" 200 2993021 "-" "Mozilla/5.0 (compatible; Googlebot/2.1; +http://www.google.com/bot.html)"
89.96.242.204 - - [18/Oct/2009:00:25:30 -0400] "GET //index/modules/My_eGallery/public/displayCategory.php?basepath=http://www.medisite.fr/id?? HTTP/1.1" 404 251 "-" "libwww-perl/5.822"
151.8.79.19 - - [18/Oct/2009:00:25:58 -0400] "GET /logs/access_log.Q109091200///include/write.php?dir=http://www.sanagustin.edu.bo/modules/copyright.txt??? HTTP/1.1" 404 244 "-" "Mozilla/5.0"
209.59.12.99 - - [18/Oct/2009:00:25:58 -0400] "GET / HTTP/1.0" 200 409 "-" "check_http/1.81 (nagios-plugins 1.4)"
75.32.38.202 - - [18/Oct/2009:00:29:45 -0400] "POST /CGI-BIN/LANSAWEB?WEBEVENT+L014289475F592500046909N+M37+ENG HTTP/1.1" 200 37983 "http://www.aceonlinestore.com/CGI-BIN/LANSAWEB?WEBEVENT+L01627B4D5EF9570060F9041+M37+ENG" "Mozilla/5.0 (Macintosh; U; Intel Mac OS X 10_6_1; en-us) AppleWebKit/531.9 (KHTML, like Gecko) Version/4.0.3 Safari/531.9"
218.38.243.71 - - [18/Oct/2009:00:29:51 -0400] "GET /administrator/components/com_virtuemart/export.php?mosConfig_absolute_path=http://www.sangrokwon.or.kr/bbs/icon/private_icon/1.txt???? HTTP/1.1" 404 248 "-" "Mozilla/5.0"
218.38.243.71 - - [18/Oct/2009:00:29:52 -0400] "GET /logs/administrator/components/com_virtuemart/export.php?mosConfig_absolute_path=http://www.sangrokwon.or.kr/bbs/icon/private_icon/1.txt???? HTTP/1.1" 404 253 "-" "Mozilla/5.0"
218.38.243.71 - - [18/Oct/2009:00:29:52 -0400] "GET /logs/access_log.Q109051200/administrator/components/com_virtuemart/export.php?mosConfig_absolute_path=http://www.sangrokwon.or.kr/bbs/icon/private_icon/1.txt???? HTTP/1.1" 404 275 "-" "Mozilla/5.0"
218.38.243.71 - - [18/Oct/2009:00:30:03 -0400] "GET /administrator/components/com_virtuemart/export.php?mosConfig_absolute_path=http://www.sangrokwon.or.kr/bbs/icon/private_icon/1.txt???? HTTP/1.1" 404 248 "-" "Mozilla/5.0"
218.38.243.71 - - [18/Oct/2009:00:30:03 -0400] "GET /logs/access_log.Q109091700/administrator/components/com_virtuemart/export.php?mosConfig_absolute_path=http://www.sangrokwon.or.kr/bbs/icon/private_icon/1.txt???? HTTP/1.1" 404 275 "-" "Mozilla/5.0"
218.38.243.71 - - [18/Oct/2009:00:30:03 -0400] "GET /logs/access_log.Q109052000/administrator/components/com_virtuemart/export.php?mosConfig_absolute_path=http://www.sangrokwon.or.kr/bbs/icon/private_icon/1.txt???? HTTP/1.1" 404 275 "-" "Mozilla/5.0"
218.38.243.71 - - [18/Oct/2009:00:30:05 -0400] "GET /logs/administrator/components/com_virtuemart/export.php?mosConfig_absolute_path=http://www.sangrokwon.or.kr/bbs/icon/private_icon/1.txt???? HTTP/1.1" 404 253 "-" "Mozilla/5.0"
222.73.17.7 - - [18/Oct/2009:00:30:06 -0400] "GET /?_zb_path=http://www.sangrokwon.or.kr/bbs/icon/private_icon/1.txt???? HTTP/1.1" 200 409 "-" "Mozilla/5.0"
222.73.17.7 - - [18/Oct/2009:00:30:06 -0400] "GET /logs/access_log.Q109052300/?_zb_path=http://www.sangrokwon.or.kr/bbs/icon/private_icon/1.txt???? HTTP/1.1" 404 225 "-" "Mozilla/5.0"
222.73.17.7 - - [18/Oct/2009:00:30:06 -0400] "GET /logs/access_log.Q109052100/?_zb_path=http://www.sangrokwon.or.kr/bbs/icon/private_icon/1.txt???? HTTP/1.1" 404 225 "-" "Mozilla/5.0"
222.73.17.7 - - [18/Oct/2009:00:30:06 -0400] "GET /logs/?_zb_path=http://www.sangrokwon.or.kr/bbs/icon/private_icon/1.txt???? HTTP/1.1" 200 22322 "-" "Mozilla/5.0"
75.32.38.202 - - [18/Oct/2009:00:30:07 -0400] "POST /CGI-BIN/LANSAWEB?WEBEVENT+L2172974C42394000E929089+M37+ENG HTTP/1.1" 200 36406 "https://www.aceonlinestore.com/CGI-BIN/LANSAWEB?WEBEVENT+L014289475F592500046909N+M37+ENG" "Mozilla/5.0 (Macintosh; U; Intel Mac OS X 10_6_1; en-us) AppleWebKit/531.9 (KHTML, like Gecko) Version/4.0.3 Safari/531.9"
222.73.17.7 - - [18/Oct/2009:00:30:08 -0400] "GET /?_zb_path=http://www.sangrokwon.or.kr/bbs/icon/private_icon/1.txt???? HTTP/1.1" 200 409 "-" "Mozilla/5.0"
222.73.17.7 - - [18/Oct/2009:00:30:08 -0400] "GET /logs/access_log.Q109052100/?_zb_path=http://www.sangrokwon.or.kr/bbs/icon/private_icon/1.txt???? HTTP/1.1" 404 225 "-" "Mozilla/5.0"
222.73.17.7 - - [18/Oct/2009:00:30:08 -0400] "GET /logs/access_log.Q109052300/?_zb_path=http://www.sangrokwon.or.kr/bbs/icon/private_icon/1.txt???? HTTP/1.1" 404 225 "-" "Mozilla/5.0"
222.73.17.7 - - [18/Oct/2009:00:30:08 -0400] "GET /logs/?_zb_path=http://www.sangrokwon.or.kr/bbs/icon/private_icon/1.txt???? HTTP/1.1" 200 22322 "-" "Mozilla/5.0"
218.38.243.71 - - [18/Oct/2009:00:30:10 -0400] "GET /administrator/components/com_virtuemart/export.php?mosConfig_absolute_path=http://www.sangrokwon.or.kr/bbs/icon/private_icon/1.txt???? HTTP/1.1" 404 248 "-" "Mozilla/5.0"
218.38.243.71 - - [18/Oct/2009:00:30:10 -0400] "GET /logs/administrator/components/com_virtuemart/export.php?mosConfig_absolute_path=http://www.sangrokwon.or.kr/bbs/icon/private_icon/1.txt???? HTTP/1.1" 404 253 "-" "Mozilla/5.0"
218.38.243.71 - - [18/Oct/2009:00:30:10 -0400] "GET /logs/access_log.Q109091700/administrator/components/com_virtuemart/export.php?mosConfig_absolute_path=http://www.sangrokwon.or.kr/bbs/icon/private_icon/1.txt???? HTTP/1.1" 404 275 "-" "Mozilla/5.0"
218.38.243.71 - - [18/Oct/2009:00:30:13 -0400] "GET /logs/access_log.Q109052000/administrator/components/com_virtuemart/export.php?mosConfig_absolute_path=http://www.sangrokwon.or.kr/bbs/icon/private_icon/1.txt???? HTTP/1.1" 404 275 "-" "Mozilla/5.0"
218.38.243.71 - - [18/Oct/2009:00:30:15 -0400] "GET /logs/administrator/components/com_virtuemart/export.php?mosConfig_absolute_path=http://www.sangrokwon.or.kr/bbs/icon/private_icon/1.txt???? HTTP/1.1" 404 253 "-" "Mozilla/5.0"
218.38.243.71 - - [18/Oct/2009:00:30:16 -0400] "GET /logs/access_log.Q109091700/administrator/components/com_virtuemart/export.php?mosConfig_absolute_path=http://www.sangrokwon.or.kr/bbs/icon/private_icon/1.txt???? HTTP/1.1" 404 275 "-" "Mozilla/5.0"
218.38.243.71 - - [18/Oct/2009:00:30:17 -0400] "GET /logs/access_log.Q109073100/administrator/components/com_virtuemart/export.php?mosConfig_absolute_path=http://www.sangrokwon.or.kr/bbs/icon/private_icon/1.txt???? HTTP/1.1" 404 275 "-" "Mozilla/5.0"
218.38.243.71 - - [18/Oct/2009:00:30:19 -0400] "GET /administrator/components/com_virtuemart/export.php?mosConfig_absolute_path=http://www.sangrokwon.or.kr/bbs/icon/private_icon/1.txt???? HTTP/1.1" 404 248 "-" "Mozilla/5.0"
75.32.38.202 - - [18/Oct/2009:00:30:23 -0400] "POST /CGI-BIN/LANSAWEB?WEBEVENT+L2172974F40696000F369089+M37+ENG HTTP/1.1" 200 35195 "https://www.aceonlinestore.com/CGI-BIN/LANSAWEB?WEBEVENT+L2172974C42394000E929089+M37+ENG" "Mozilla/5.0 (Macintosh; U; Intel Mac OS X 10_6_1; en-us) AppleWebKit/531.9 (KHTML, like Gecko) Version/4.0.3 Safari/531.9"
222.73.17.7 - - [18/Oct/2009:00:30:48 -0400] "GET /?_zb_path=http://www.sangrokwon.or.kr/bbs/icon/private_icon/1.txt???? HTTP/1.1" 200 409 "-" "Mozilla/5.0"
222.73.17.7 - - [18/Oct/2009:00:30:48 -0400] "GET /logs/access_log.Q109052300/?_zb_path=http://www.sangrokwon.or.kr/bbs/icon/private_icon/1.txt???? HTTP/1.1" 404 225 "-" "Mozilla/5.0"
222.73.17.7 - - [18/Oct/2009:00:30:48 -0400] "GET /logs/access_log.Q109052100/?_zb_path=http://www.sangrokwon.or.kr/bbs/icon/private_icon/1.txt???? HTTP/1.1" 404 225 "-" "Mozilla/5.0"
222.73.17.7 - - [18/Oct/2009:00:30:48 -0400] "GET /logs/?_zb_path=http://www.sangrokwon.or.kr/bbs/icon/private_icon/1.txt???? HTTP/1.1" 200 22322 "-" "Mozilla/5.0"
222.73.17.7 - - [18/Oct/2009:00:30:54 -0400] "GET /?_zb_path=http://www.sangrokwon.or.kr/bbs/icon/private_icon/1.txt???? HTTP/1.1" 200 409 "-" "Mozilla/5.0"
222.73.17.7 - - [18/Oct/2009:00:30:54 -0400] "GET /logs/access_log.Q109052300/?_zb_path=http://www.sangrokwon.or.kr/bbs/icon/private_icon/1.txt???? HTTP/1.1" 404 225 "-" "Mozilla/5.0"
222.73.17.7 - - [18/Oct/2009:00:30:54 -0400] "GET /logs/access_log.Q109052100/?_zb_path=http://www.sangrokwon.or.kr/bbs/icon/private_icon/1.txt???? HTTP/1.1" 404 225 "-" "Mozilla/5.0"
222.73.17.7 - - [18/Oct/2009:00:30:54 -0400] "GET /logs/?_zb_path=http://www.sangrokwon.or.kr/bbs/icon/private_icon/1.txt???? HTTP/1.1" 200 22322 "-" "Mozilla/5.0"
218.38.243.71 - - [18/Oct/2009:00:30:55 -0400] "GET /logs/administrator/components/com_virtuemart/export.php?mosConfig_absolute_path=http://www.sangrokwon.or.kr/bbs/icon/private_icon/1.txt???? HTTP/1.1" 404 253 "-" "Mozilla/5.0"
218.38.243.71 - - [18/Oct/2009:00:30:55 -0400] "GET /administrator/components/com_virtuemart/export.php?mosConfig_absolute_path=http://www.sangrokwon.or.kr/bbs/icon/private_icon/1.txt???? HTTP/1.1" 404 248 "-" "Mozilla/5.0"
218.38.243.71 - - [18/Oct/2009:00:30:55 -0400] "GET /logs/access_log.Q109062700/administrator/components/com_virtuemart/export.php?mosConfig_absolute_path=http://www.sangrokwon.or.kr/bbs/icon/private_icon/1.txt???? HTTP/1.1" 404 275 "-" "Mozilla/5.0"
218.38.243.71 - - [18/Oct/2009:00:30:55 -0400] "GET /logs/access_log.Q109052200/administrator/components/com_virtuemart/export.php?mosConfig_absolute_path=http://www.sangrokwon.or.kr/bbs/icon/private_icon/1.txt???? HTTP/1.1" 404 275 "-" "Mozilla/5.0"
222.73.17.7 - - [18/Oct/2009:00:30:59 -0400] "GET /?_zb_path=http://www.sangrokwon.or.kr/bbs/icon/private_icon/1.txt???? HTTP/1.1" 200 409 "-" "Mozilla/5.0"
209.59.12.99 - - [18/Oct/2009:00:30:59 -0400] "GET / HTTP/1.0" 200 409 "-" "check_http/1.81 (nagios-plugins 1.4)"
222.73.17.7 - - [18/Oct/2009:00:30:59 -0400] "GET /logs/?_zb_path=http://www.sangrokwon.or.kr/bbs/icon/private_icon/1.txt???? HTTP/1.1" 200 22322 "-" "Mozilla/5.0"
174.143.3.188 - - [18/Oct/2009:00:31:02 -0400] "GET /index.php?_REQUEST=&_REQUEST[option]=com_content&_REQUEST[Itemid=1&GLOBALS=&mosConfig_absolute_path=? HTTP/1.1" 404 207 "-" "Mozilla/5.0 (Windows; U; Windows NT 6.0; en-US; rv:1.8.0.1) Gecko/20060111 Firefox/1.5.0.1"
174.143.3.188 - - [18/Oct/2009:00:31:02 -0400] "GET /logs/index.php?_REQUEST=&_REQUEST[option]=com_content&_REQUEST[Itemid=1&GLOBALS=&mosConfig_absolute_path=? HTTP/1.1" 404 212 "-" "Mozilla/3.0 (OS/2; U)"
174.143.3.188 - - [18/Oct/2009:00:31:02 -0400] "GET /index.php?_REQUEST=&_REQUEST[option]=com_content&_REQUEST[Itemid=1&GLOBALS=&mosConfig_absolute_path=http://62.204.110.243/newscans.txt?? HTTP/1.1" 404 207 "-" "Mozilla/5.0 (Windows; U; Windows NT 5.1; en-GB; rv:1.8.0.1) Gecko/20060111 Firefox/1.5.0.1"
174.143.3.188 - - [18/Oct/2009:00:31:02 -0400] "GET /logs/index.php?_REQUEST=&_REQUEST[option]=com_content&_REQUEST[Itemid=1&GLOBALS=&mosConfig_absolute_path=http://62.204.110.243/newscans.txt?? HTTP/1.1" 404 212 "-" "Mozilla/4.8 [en] (Windows NT 5.0; U)"
222.73.17.7 - - [18/Oct/2009:00:31:03 -0400] "GET /?_zb_path=http://www.sangrokwon.or.kr/bbs/icon/private_icon/1.txt???? HTTP/1.1" 200 409 "-" "Mozilla/5.0"
222.73.17.7 - - [18/Oct/2009:00:31:03 -0400] "GET /logs/?_zb_path=http://www.sangrokwon.or.kr/bbs/icon/private_icon/1.txt???? HTTP/1.1" 200 22322 "-" "Mozilla/5.0"
218.38.243.71 - - [18/Oct/2009:00:32:12 -0400] "GET /logs/access_log.Q109091700/administrator/components/com_virtuemart/export.php?mosConfig_absolute_path=http://www.sangrokwon.or.kr/bbs/icon/private_icon/1.txt???? HTTP/1.1" 404 275 "-" "Mozilla/5.0"
218.38.243.71 - - [18/Oct/2009:00:32:12 -0400] "GET /logs/administrator/components/com_virtuemart/export.php?mosConfig_absolute_path=http://www.sangrokwon.or.kr/bbs/icon/private_icon/1.txt???? HTTP/1.1" 404 253 "-" "Mozilla/5.0"
218.38.243.71 - - [18/Oct/2009:00:32:22 -0400] "GET /administrator/components/com_virtuemart/export.php?mosConfig_absolute_path=http://www.sangrokwon.or.kr/bbs/icon/private_icon/1.txt???? HTTP/1.1" 404 248 "-" "Mozilla/5.0"
218.38.243.71 - - [18/Oct/2009:00:32:22 -0400] "GET /administrator/components/com_virtuemart/export.php?mosConfig_absolute_path=http://www.sangrokwon.or.kr/bbs/icon/private_icon/1.txt???? HTTP/1.1" 404 248 "-" "Mozilla/5.0"
218.38.243.71 - - [18/Oct/2009:00:32:22 -0400] "GET /logs/access_log.Q109051200/administrator/components/com_virtuemart/export.php?mosConfig_absolute_path=http://www.sangrokwon.or.kr/bbs/icon/private_icon/1.txt???? HTTP/1.1" 404 275 "-" "Mozilla/5.0"
218.38.243.71 - - [18/Oct/2009:00:32:22 -0400] "GET /logs/administrator/components/com_virtuemart/export.php?mosConfig_absolute_path=http://www.sangrokwon.or.kr/bbs/icon/private_icon/1.txt???? HTTP/1.1" 404 253 "-" "Mozilla/5.0"
222.73.17.7 - - [18/Oct/2009:00:32:25 -0400] "GET /?_zb_path=http://www.sangrokwon.or.kr/bbs/icon/private_icon/1.txt???? HTTP/1.1" 200 409 "-" "Mozilla/5.0"
222.73.17.7 - - [18/Oct/2009:00:32:25 -0400] "GET /logs/?_zb_path=http://www.sangrokwon.or.kr/bbs/icon/private_icon/1.txt???? HTTP/1.1" 200 22322 "-" "Mozilla/5.0"
218.38.243.71 - - [18/Oct/2009:00:32:35 -0400] "GET /administrator/components/com_virtuemart/export.php?mosConfig_absolute_path=http://www.sangrokwon.or.kr/bbs/icon/private_icon/1.txt???? HTTP/1.1" 404 248 "-" "Mozilla/5.0"
218.38.243.71 - - [18/Oct/2009:00:32:35 -0400] "GET /logs/administrator/components/com_virtuemart/export.php?mosConfig_absolute_path=http://www.sangrokwon.or.kr/bbs/icon/private_icon/1.txt???? HTTP/1.1" 404 253 "-" "Mozilla/5.0"
218.38.243.71 - - [18/Oct/2009:00:32:35 -0400] "GET /logs/access_log.Q109052000/administrator/components/com_virtuemart/export.php?mosConfig_absolute_path=http://www.sangrokwon.or.kr/bbs/icon/private_icon/1.txt???? HTTP/1.1" 404 275 "-" "Mozilla/5.0"
222.73.17.7 - - [18/Oct/2009:00:32:40 -0400] "GET /?_zb_path=http://www.sangrokwon.or.kr/bbs/icon/private_icon/1.txt???? HTTP/1.1" 200 409 "-" "Mozilla/5.0"
222.73.17.7 - - [18/Oct/2009:00:32:40 -0400] "GET /logs/?_zb_path=http://www.sangrokwon.or.kr/bbs/icon/private_icon/1.txt???? HTTP/1.1" 200 22322 "-" "Mozilla/5.0"
218.38.243.71 - - [18/Oct/2009:00:32:49 -0400] "GET /logs/access_log.Q109091700/administrator/components/com_virtuemart/export.php?mosConfig_absolute_path=http://www.sangrokwon.or.kr/bbs/icon/private_icon/1.txt???? HTTP/1.1" 404 275 "-" "Mozilla/5.0"
218.38.243.71 - - [18/Oct/2009:00:32:49 -0400] "GET /administrator/components/com_virtuemart/export.php?mosConfig_absolute_path=http://www.sangrokwon.or.kr/bbs/icon/private_icon/1.txt???? HTTP/1.1" 404 248 "-" "Mozilla/5.0"
218.38.243.71 - - [18/Oct/2009:00:32:55 -0400] "GET /logs/access_log.Q109091700/administrator/components/com_virtuemart/export.php?mosConfig_absolute_path=http://www.sangrokwon.or.kr/bbs/icon/private_icon/1.txt???? HTTP/1.1" 404 275 "-" "Mozilla/5.0"
218.38.243.71 - - [18/Oct/2009:00:32:55 -0400] "GET /administrator/components/com_virtuemart/export.php?mosConfig_absolute_path=http://www.sangrokwon.or.kr/bbs/icon/private_icon/1.txt???? HTTP/1.1" 404 248 "-" "Mozilla/5.0"
218.38.243.71 - - [18/Oct/2009:00:32:58 -0400] "GET /logs/access_log.Q109073100/administrator/components/com_virtuemart/export.php?mosConfig_absolute_path=http://www.sangrokwon.or.kr/bbs/icon/private_icon/1.txt???? HTTP/1.1" 404 275 "-" "Mozilla/5.0"
218.38.243.71 - - [18/Oct/2009:00:32:59 -0400] "GET /logs/administrator/components/com_virtuemart/export.php?mosConfig_absolute_path=http://www.sangrokwon.or.kr/bbs/icon/private_icon/1.txt???? HTTP/1.1" 404 253 "-" "Mozilla/5.0"
222.73.17.7 - - [18/Oct/2009:00:33:00 -0400] "GET /?_zb_path=http://www.sangrokwon.or.kr/bbs/icon/private_icon/1.txt???? HTTP/1.1" 200 409 "-" "Mozilla/5.0"
218.38.243.71 - - [18/Oct/2009:00:33:00 -0400] "GET /logs/access_log.Q109073100/administrator/components/com_virtuemart/export.php?mosConfig_absolute_path=http://www.sangrokwon.or.kr/bbs/icon/private_icon/1.txt???? HTTP/1.1" 404 275 "-" "Mozilla/5.0"
222.73.17.7 - - [18/Oct/2009:00:33:00 -0400] "GET /logs/?_zb_path=http://www.sangrokwon.or.kr/bbs/icon/private_icon/1.txt???? HTTP/1.1" 200 22322 "-" "Mozilla/5.0"
218.38.243.71 - - [18/Oct/2009:00:33:16 -0400] "GET /logs/access_log.Q109052000/administrator/components/com_virtuemart/export.php?mosConfig_absolute_path=http://www.sangrokwon.or.kr/bbs/icon/private_icon/1.txt???? HTTP/1.1" 404 275 "-" "Mozilla/5.0"
222.73.17.7 - - [18/Oct/2009:00:33:21 -0400] "GET /?_zb_path=http://www.sangrokwon.or.kr/bbs/icon/private_icon/1.txt???? HTTP/1.1" 200 409 "-" "Mozilla/5.0"
222.73.17.7 - - [18/Oct/2009:00:33:21 -0400] "GET /logs/?_zb_path=http://www.sangrokwon.or.kr/bbs/icon/private_icon/1.txt???? HTTP/1.1" 200 22322 "-" "Mozilla/5.0"
218.38.243.71 - - [18/Oct/2009:00:35:53 -0400] "GET /administrator/components/com_virtuemart/export.php?mosConfig_absolute_path=http://www.sangrokwon.or.kr/bbs/icon/private_icon/1.txt???? HTTP/1.1" 404 248 "-" "Mozilla/5.0"
218.38.243.71 - - [18/Oct/2009:00:35:56 -0400] "GET /logs/administrator/components/com_virtuemart/export.php?mosConfig_absolute_path=http://www.sangrokwon.or.kr/bbs/icon/private_icon/1.txt???? HTTP/1.1" 404 253 "-" "Mozilla/5.0"
209.59.12.99 - - [18/Oct/2009:00:35:58 -0400] "GET / HTTP/1.0" 200 409 "-" "check_http/1.81 (nagios-plugins 1.4)"
218.38.243.71 - - [18/Oct/2009:00:36:05 -0400] "GET /logs/access_log.Q109062700/administrator/components/com_virtuemart/export.php?mosConfig_absolute_path=http://www.sangrokwon.or.kr/bbs/icon/private_icon/1.txt???? HTTP/1.1" 404 275 "-" "Mozilla/5.0"
218.38.243.71 - - [18/Oct/2009:00:36:08 -0400] "GET /logs/access_log.Q109052200/administrator/components/com_virtuemart/export.php?mosConfig_absolute_path=http://www.sangrokwon.or.kr/bbs/icon/private_icon/1.txt???? HTTP/1.1" 404 275 "-" "Mozilla/5.0"
218.38.243.71 - - [18/Oct/2009:00:36:08 -0400] "GET /logs/administrator/components/com_virtuemart/export.php?mosConfig_absolute_path=http://www.sangrokwon.or.kr/bbs/icon/private_icon/1.txt???? HTTP/1.1" 404 253 "-" "Mozilla/5.0"
218.38.243.71 - - [18/Oct/2009:00:36:08 -0400] "GET /administrator/components/com_virtuemart/export.php?mosConfig_absolute_path=http://www.sangrokwon.or.kr/bbs/icon/private_icon/1.txt???? HTTP/1.1" 404 248 "-" "Mozilla/5.0"
218.38.243.71 - - [18/Oct/2009:00:36:13 -0400] "GET /logs/access_log.Q109073100/administrator/components/com_virtuemart/export.php?mosConfig_absolute_path=http://www.sangrokwon.or.kr/bbs/icon/private_icon/1.txt???? HTTP/1.1" 404 275 "-" "Mozilla/5.0"
89.96.242.204 - - [18/Oct/2009:00:36:54 -0400] "GET /logs/access_log.Q109081100//modules/My_eGallery/public/displayCategory.php?basepath=http://www.medisite.fr/id?? HTTP/1.1" 404 272 "-" "libwww-perl/5.822"
89.96.242.204 - - [18/Oct/2009:00:36:54 -0400] "GET //modules/My_eGallery/public/displayCategory.php?basepath=http://www.medisite.fr/id?? HTTP/1.1" 404 245 "-" "libwww-perl/5.822"
89.96.242.204 - - [18/Oct/2009:00:36:54 -0400] "GET /logs//modules/My_eGallery/public/displayCategory.php?basepath=http://www.medisite.fr/id?? HTTP/1.1" 404 250 "-" "libwww-perl/5.822"
89.96.242.204 - - [18/Oct/2009:00:36:56 -0400] "GET /logs/error_log.Q109081100//modules/My_eGallery/public/displayCategory.php?basepath=http://www.medisite.fr/id?? HTTP/1.1" 404 271 "-" "libwww-perl/5.822"
218.38.243.71 - - [18/Oct/2009:00:36:57 -0400] "GET /administrator/components/com_virtuemart/export.php?mosConfig_absolute_path=http://www.sangrokwon.or.kr/bbs/icon/private_icon/1.txt???? HTTP/1.1" 404 248 "-" "Mozilla/5.0"
218.38.243.71 - - [18/Oct/2009:00:37:00 -0400] "GET /logs/administrator/components/com_virtuemart/export.php?mosConfig_absolute_path=http://www.sangrokwon.or.kr/bbs/icon/private_icon/1.txt???? HTTP/1.1" 404 253 "-" "Mozilla/5.0"
218.38.243.71 - - [18/Oct/2009:00:37:25 -0400] "GET /logs/access_log.Q109073100/administrator/components/com_virtuemart/export.php?mosConfig_absolute_path=http://www.sangrokwon.or.kr/bbs/icon/private_icon/1.txt???? HTTP/1.1" 404 275 "-" "Mozilla/5.0"
89.96.242.204 - - [18/Oct/2009:00:38:32 -0400] "GET /logs/access_log.Q109081100//index/modules/My_eGallery/public/displayCategory.php?basepath=http://www.medisite.fr/id?? HTTP/1.1" 404 278 "-" "libwww-perl/5.822"
89.96.242.204 - - [18/Oct/2009:00:38:32 -0400] "GET //index/modules/My_eGallery/public/displayCategory.php?basepath=http://www.medisite.fr/id?? HTTP/1.1" 404 251 "-" "libwww-perl/5.822"
89.96.242.204 - - [18/Oct/2009:00:38:33 -0400] "GET /logs//index/modules/My_eGallery/public/displayCategory.php?basepath=http://www.medisite.fr/id?? HTTP/1.1" 404 256 "-" "libwww-perl/5.822"
89.96.242.204 - - [18/Oct/2009:00:38:36 -0400] "GET /logs/error_log.Q109081100//index/modules/My_eGallery/public/displayCategory.php?basepath=http://www.medisite.fr/id?? HTTP/1.1" 404 277 "-" "libwww-perl/5.822"
218.38.243.71 - - [18/Oct/2009:00:38:59 -0400] "GET /logs/administrator/components/com_virtuemart/export.php?mosConfig_absolute_path=http://www.sangrokwon.or.kr/bbs/icon/private_icon/1.txt???? HTTP/1.1" 404 253 "-" "Mozilla/5.0"
218.38.243.71 - - [18/Oct/2009:00:39:00 -0400] "GET /logs/access_log.Q109062700/administrator/components/com_virtuemart/export.php?mosConfig_absolute_path=http://www.sangrokwon.or.kr/bbs/icon/private_icon/1.txt???? HTTP/1.1" 404 275 "-" "Mozilla/5.0"
218.38.243.71 - - [18/Oct/2009:00:39:00 -0400] "GET /administrator/components/com_virtuemart/export.php?mosConfig_absolute_path=http://www.sangrokwon.or.kr/bbs/icon/private_icon/1.txt???? HTTP/1.1" 404 248 "-" "Mozilla/5.0"
218.38.243.71 - - [18/Oct/2009:00:39:04 -0400] "GET /logs/access_log.Q109052200/administrator/components/com_virtuemart/export.php?mosConfig_absolute_path=http://www.sangrokwon.or.kr/bbs/icon/private_icon/1.txt???? HTTP/1.1" 404 275 "-" "Mozilla/5.0"
218.38.243.71 - - [18/Oct/2009:00:39:31 -0400] "GET /logs/administrator/components/com_virtuemart/export.php?mosConfig_absolute_path=http://www.sangrokwon.or.kr/bbs/icon/private_icon/1.txt???? HTTP/1.1" 404 253 "-" "Mozilla/5.0"
218.38.243.71 - - [18/Oct/2009:00:39:31 -0400] "GET /logs/access_log.Q109052200/administrator/components/com_virtuemart/export.php?mosConfig_absolute_path=http://www.sangrokwon.or.kr/bbs/icon/private_icon/1.txt???? HTTP/1.1" 404 275 "-" "Mozilla/5.0"
218.38.243.71 - - [18/Oct/2009:00:39:32 -0400] "GET /administrator/components/com_virtuemart/export.php?mosConfig_absolute_path=http://www.sangrokwon.or.kr/bbs/icon/private_icon/1.txt???? HTTP/1.1" 404 248 "-" "Mozilla/5.0"
218.38.243.71 - - [18/Oct/2009:00:39:33 -0400] "GET /administrator/components/com_virtuemart/export.php?mosConfig_absolute_path=http://www.sangrokwon.or.kr/bbs/icon/private_icon/1.txt???? HTTP/1.1" 404 248 "-" "Mozilla/5.0"
218.38.243.71 - - [18/Oct/2009:00:39:33 -0400] "GET /logs/access_log.Q109062700/administrator/components/com_virtuemart/export.php?mosConfig_absolute_path=http://www.sangrokwon.or.kr/bbs/icon/private_icon/1.txt???? HTTP/1.1" 404 275 "-" "Mozilla/5.0"
218.38.243.71 - - [18/Oct/2009:00:39:36 -0400] "GET /logs/administrator/components/com_virtuemart/export.php?mosConfig_absolute_path=http://www.sangrokwon.or.kr/bbs/icon/private_icon/1.txt???? HTTP/1.1" 404 253 "-" "Mozilla/5.0"
218.38.243.71 - - [18/Oct/2009:00:39:49 -0400] "GET /logs/access_log.Q109073100/administrator/components/com_virtuemart/export.php?mosConfig_absolute_path=http://www.sangrokwon.or.kr/bbs/icon/private_icon/1.txt???? HTTP/1.1" 404 275 "-" "Mozilla/5.0"
218.38.243.71 - - [18/Oct/2009:00:39:53 -0400] "GET /administrator/components/com_virtuemart/export.php?mosConfig_absolute_path=http://www.sangrokwon.or.kr/bbs/icon/private_icon/1.txt???? HTTP/1.1" 404 248 "-" "Mozilla/5.0"
218.38.243.71 - - [18/Oct/2009:00:40:04 -0400] "GET /logs/administrator/components/com_virtuemart/export.php?mosConfig_absolute_path=http://www.sangrokwon.or.kr/bbs/icon/private_icon/1.txt???? HTTP/1.1" 404 253 "-" "Mozilla/5.0"
218.38.243.71 - - [18/Oct/2009:00:40:05 -0400] "GET /logs/access_log.Q109062700/administrator/components/com_virtuemart/export.php?mosConfig_absolute_path=http://www.sangrokwon.or.kr/bbs/icon/private_icon/1.txt???? HTTP/1.1" 404 275 "-" "Mozilla/5.0"
218.38.243.71 - - [18/Oct/2009:00:40:07 -0400] "GET /logs/access_log.Q109052200/administrator/components/com_virtuemart/export.php?mosConfig_absolute_path=http://www.sangrokwon.or.kr/bbs/icon/private_icon/1.txt???? HTTP/1.1" 404 275 "-" "Mozilla/5.0"
174.143.3.188 - - [18/Oct/2009:00:40:14 -0400] "GET /logs/index.php?_REQUEST=&_REQUEST[option]=com_content&_REQUEST[Itemid=1&GLOBALS=&mosConfig_absolute_path=? HTTP/1.1" 404 212 "-" "Mozilla/5.0 (X11; U; Linux i686; en-US; rv:1.7.8) Gecko/20050511"
174.143.3.188 - - [18/Oct/2009:00:40:14 -0400] "GET /index.php?_REQUEST=&_REQUEST[option]=com_content&_REQUEST[Itemid=1&GLOBALS=&mosConfig_absolute_path=? HTTP/1.1" 404 207 "-" "Mozilla/5.0 (Windows; U; Windows CE 4.21; rv:1.8b4) Gecko/20050720 Minimo/0.007"
174.143.3.188 - - [18/Oct/2009:00:40:15 -0400] "GET /index.php?_REQUEST=&_REQUEST[option]=com_content&_REQUEST[Itemid=1&GLOBALS=&mosConfig_absolute_path=http://62.204.110.243/newscans.txt?? HTTP/1.1" 404 207 "-" "Mozilla/5.0 (Windows; U; Windows NT 5.1; en-US; rv:1.7.12) Gecko/20050915 Firefox/1.0.7"
174.143.3.188 - - [18/Oct/2009:00:40:15 -0400] "GET /logs/index.php?_REQUEST=&_REQUEST[option]=com_content&_REQUEST[Itemid=1&GLOBALS=&mosConfig_absolute_path=http://62.204.110.243/newscans.txt?? HTTP/1.1" 404 212 "-" "Mozilla/4.0 (compatible; MSIE 5.0; SunOS 5.9 sun4u; X11)"
95.211.6.161 - - [18/Oct/2009:00:40:26 -0400] "GET /logs/access_log.Q109071400%20%20//?path%5Bdocroot%5D=http://banlat.ac.th/images/banner1.jpg?? HTTP/1.1" 404 228 "-" "Mozilla/5.0"
95.211.6.161 - - [18/Oct/2009:00:40:26 -0400] "GET //?path%5Bdocroot%5D=http://banlat.ac.th/images/banner1.jpg?? HTTP/1.1" 200 452 "-" "Mozilla/5.0"
95.211.6.161 - - [18/Oct/2009:00:40:26 -0400] "GET /logs//?path%5Bdocroot%5D=http://banlat.ac.th/images/banner1.jpg?? HTTP/1.1" 200 22327 "-" "Mozilla/5.0"
95.211.6.161 - - [18/Oct/2009:00:40:30 -0400] "GET //?path%5Bdocroot%5D=http://banlat.ac.th/images/banner1.jpg?? HTTP/1.1" 200 452 "-" "Mozilla/5.0"
95.211.6.161 - - [18/Oct/2009:00:40:30 -0400] "GET /logs/access_log.Q109071400%20%20//?path%5Bdocroot%5D=http://banlat.ac.th/images/banner1.jpg?? HTTP/1.1" 404 228 "-" "Mozilla/5.0"
95.211.6.161 - - [18/Oct/2009:00:40:30 -0400] "GET /logs/access_log.Q109063000%20%20//?path%5Bdocroot%5D=http://banlat.ac.th/images/banner1.jpg?? HTTP/1.1" 404 228 "-" "Mozilla/5.0"
95.211.6.161 - - [18/Oct/2009:00:40:30 -0400] "GET /logs/access_log.Q109063000%20%20//?path%5Bdocroot%5D=http://banlat.ac.th/images/banner1.jpg?? HTTP/1.1" 404 228 "-" "Mozilla/5.0"
95.211.6.161 - - [18/Oct/2009:00:40:30 -0400] "GET /logs//?path%5Bdocroot%5D=http://banlat.ac.th/images/banner1.jpg?? HTTP/1.1" 200 22327 "-" "Mozilla/5.0"
218.38.243.71 - - [18/Oct/2009:00:40:35 -0400] "GET /logs/access_log.Q109091700%20%20/administrator/components/com_virtuemart/export.php?mosConfig_absolute_path=http://www.sangrokwon.or.kr/bbs/icon/private_icon/1.txt???? HTTP/1.1" 404 277 "-" "Mozilla/5.0"
218.38.243.71 - - [18/Oct/2009:00:40:37 -0400] "GET /administrator/components/com_virtuemart/export.php?mosConfig_absolute_path=http://www.sangrokwon.or.kr/bbs/icon/private_icon/1.txt???? HTTP/1.1" 404 248 "-" "Mozilla/5.0"
218.38.243.71 - - [18/Oct/2009:00:40:37 -0400] "GET /logs/administrator/components/com_virtuemart/export.php?mosConfig_absolute_path=http://www.sangrokwon.or.kr/bbs/icon/private_icon/1.txt???? HTTP/1.1" 404 253 "-" "Mozilla/5.0"
218.38.243.71 - - [18/Oct/2009:00:40:54 -0400] "GET /logs/access_log.Q109052000%20%20/administrator/components/com_virtuemart/export.php?mosConfig_absolute_path=http://www.sangrokwon.or.kr/bbs/icon/private_icon/1.txt???? HTTP/1.1" 404 277 "-" "Mozilla/5.0"
209.59.12.99 - - [18/Oct/2009:00:40:58 -0400] "GET / HTTP/1.0" 200 409 "-" "check_http/1.81 (nagios-plugins 1.4)"
222.73.17.7 - - [18/Oct/2009:00:41:06 -0400] "GET /logs/access_log.Q109052300%20%20/?_zb_path=http://www.sangrokwon.or.kr/bbs/icon/private_icon/1.txt???? HTTP/1.1" 404 227 "-" "Mozilla/5.0"
222.73.17.7 - - [18/Oct/2009:00:41:06 -0400] "GET /?_zb_path=http://www.sangrokwon.or.kr/bbs/icon/private_icon/1.txt???? HTTP/1.1" 200 409 "-" "Mozilla/5.0"
222.73.17.7 - - [18/Oct/2009:00:41:06 -0400] "GET /?_zb_path=http://www.sangrokwon.or.kr/bbs/icon/private_icon/1.txt???? HTTP/1.1" 200 409 "-" "Mozilla/5.0"
222.73.17.7 - - [18/Oct/2009:00:41:06 -0400] "GET /logs/access_log.Q109052300%20%20/?_zb_path=http://www.sangrokwon.or.kr/bbs/icon/private_icon/1.txt???? HTTP/1.1" 404 227 "-" "Mozilla/5.0"
222.73.17.7 - - [18/Oct/2009:00:41:06 -0400] "GET /logs/?_zb_path=http://www.sangrokwon.or.kr/bbs/icon/private_icon/1.txt???? HTTP/1.1" 200 22322 "-" "Mozilla/5.0"
222.73.17.7 - - [18/Oct/2009:00:41:06 -0400] "GET /logs/?_zb_path=http://www.sangrokwon.or.kr/bbs/icon/private_icon/1.txt???? HTTP/1.1" 200 22322 "-" "Mozilla/5.0"
218.38.243.71 - - [18/Oct/2009:00:41:10 -0400] "GET /logs/access_log.Q109091700%20%20/administrator/components/com_virtuemart/export.php?mosConfig_absolute_path=http://www.sangrokwon.or.kr/bbs/icon/private_icon/1.txt???? HTTP/1.1" 404 277 "-" "Mozilla/5.0"
218.38.243.71 - - [18/Oct/2009:00:41:10 -0400] "GET /logs/administrator/components/com_virtuemart/export.php?mosConfig_absolute_path=http://www.sangrokwon.or.kr/bbs/icon/private_icon/1.txt???? HTTP/1.1" 404 253 "-" "Mozilla/5.0"
